191.95.55.147 - - [23/Mar/2024:14:04:32 -0500] "GET /sipse/faces/javax.faces.resource/layout/layout.css?ln=primefaces&v=4.0 HTTP/1.1" 304 -
191.95.55.147 - - [23/Mar/2024:14:04:32 -0500] "GET /sipse/faces/javax.faces.resource/primefaces.css?ln=primefaces&v=4.0 HTTP/1.1" 304 -
191.95.55.147 - - [23/Mar/2024:14:04:32 -0500] "GET /sipse/faces/javax.faces.resource/theme.css?ln=primefaces-sipse HTTP/1.1" 304 -
191.95.55.147 - - [23/Mar/2024:14:04:32 -0500] "GET /sipse/faces/javax.faces.resource/jquery/jquery.js?ln=primefaces&v=4.0 HTTP/1.1" 304 -
191.95.55.147 - - [23/Mar/2024:14:04:32 -0500] "GET /sipse/faces/javax.faces.resource/jquery/jquery-plugins.js?ln=primefaces&v=4.0 HTTP/1.1" 304 -
191.95.55.147 - - [23/Mar/2024:14:04:32 -0500] "GET /sipse/faces/javax.faces.resource/primefaces.js?ln=primefaces&v=4.0 HTTP/1.1" 304 -
191.95.55.147 - - [23/Mar/2024:14:04:33 -0500] "GET /sipse/faces/javax.faces.resource/layout/layout.js?ln=primefaces&v=4.0 HTTP/1.1" 304 -
191.95.55.147 - - [23/Mar/2024:14:04:33 -0500] "POST /sipse/faces/presentacion/financiero/solicitudProceso/listarSolicitudProceso.xhtml HTTP/1.1" 200 1560
191.95.55.147 - - [23/Mar/2024:14:04:35 -0500] "POST /sipse/faces/presentacion/financiero/solicitudProceso/listarSolicitudProceso.xhtml HTTP/1.1" 200 31937
191.95.55.147 - - [23/Mar/2024:14:04:38 -0500] "POST /sipse/faces/presentacion/financiero/solicitudProceso/listarSolicitudProceso.xhtml HTTP/1.1" 200 142856
191.95.55.147 - - [23/Mar/2024:14:04:39 -0500] "GET /sipse/faces/javax.faces.resource/theme.css?ln=primefaces-sipse HTTP/1.1" 304 -
191.95.55.147 - - [23/Mar/2024:14:04:39 -0500] "GET /sipse/faces/javax.faces.resource/primefaces.css?ln=primefaces&v=4.0 HTTP/1.1" 304 -
191.95.55.147 - - [23/Mar/2024:14:04:39 -0500] "GET /sipse/faces/javax.faces.resource/layout/layout.css?ln=primefaces&v=4.0 HTTP/1.1" 304 -
191.95.55.147 - - [23/Mar/2024:14:04:39 -0500] "GET /sipse/faces/javax.faces.resource/jquery/jquery.js?ln=primefaces&v=4.0 HTTP/1.1" 304 -
191.95.55.147 - - [23/Mar/2024:14:04:39 -0500] "GET /sipse/faces/javax.faces.resource/jquery/jquery-plugins.js?ln=primefaces&v=4.0 HTTP/1.1" 304 -
191.95.55.147 - - [23/Mar/2024:14:04:39 -0500] "GET /sipse/faces/javax.faces.resource/primefaces.js?ln=primefaces&v=4.0 HTTP/1.1" 304 -
191.95.55.147 - - [23/Mar/2024:14:04:39 -0500] "GET /sipse/faces/javax.faces.resource/layout/layout.js?ln=primefaces&v=4.0 HTTP/1.1" 304 -
191.95.55.147 - - [23/Mar/2024:14:04:41 -0500] "POST /sipse/faces/presentacion/financiero/solicitudProceso/consultarSolicitudProceso.xhtml HTTP/1.1" 200 65245
191.95.55.147 - - [23/Mar/2024:14:04:43 -0500] "GET /sipse/faces/javax.faces.resource/theme.css?ln=primefaces-sipse HTTP/1.1" 304 -
191.95.55.147 - - [23/Mar/2024:14:04:43 -0500] "GET /sipse/faces/javax.faces.resource/primefaces.css?ln=primefaces&v=4.0 HTTP/1.1" 304 -
191.95.55.147 - - [23/Mar/2024:14:04:43 -0500] "GET /sipse/faces/javax.faces.resource/layout/layout.css?ln=primefaces&v=4.0 HTTP/1.1" 304 -
191.95.55.147 - - [23/Mar/2024:14:04:43 -0500] "GET /sipse/faces/javax.faces.resource/jquery/jquery.js?ln=primefaces&v=4.0 HTTP/1.1" 304 -
191.95.55.147 - - [23/Mar/2024:14:04:43 -0500] "GET /sipse/faces/javax.faces.resource/jquery/jquery-plugins.js?ln=primefaces&v=4.0 HTTP/1.1" 304 -
191.95.55.147 - - [23/Mar/2024:14:04:43 -0500] "GET /sipse/faces/javax.faces.resource/primefaces.js?ln=primefaces&v=4.0 HTTP/1.1" 304 -
191.95.55.147 - - [23/Mar/2024:14:04:43 -0500] "GET /sipse/faces/javax.faces.resource/layout/layout.js?ln=primefaces&v=4.0 HTTP/1.1" 304 -
191.95.55.147 - - [23/Mar/2024:14:04:44 -0500] "POST /sipse/faces/presentacion/financiero/solicitudProceso/listarSolicitudProceso.xhtml HTTP/1.1" 200 1560
191.95.55.147 - - [23/Mar/2024:14:04:46 -0500] "POST /sipse/faces/presentacion/financiero/solicitudProceso/listarSolicitudProceso.xhtml HTTP/1.1" 200 31746
191.95.55.147 - - [23/Mar/2024:14:04:48 -0500] "POST /sipse/faces/presentacion/financiero/solicitudProceso/listarSolicitudProceso.xhtml HTTP/1.1" 200 146281
191.95.55.147 - - [23/Mar/2024:14:04:49 -0500] "GET /sipse/faces/javax.faces.resource/primefaces.css?ln=primefaces&v=4.0 HTTP/1.1" 304 -
191.95.55.147 - - [23/Mar/2024:14:04:49 -0500] "GET /sipse/faces/javax.faces.resource/theme.css?ln=primefaces-sipse HTTP/1.1" 304 -
191.95.55.147 - - [23/Mar/2024:14:04:49 -0500] "GET /sipse/faces/javax.faces.resource/layout/layout.css?ln=primefaces&v=4.0 HTTP/1.1" 304 -
191.95.55.147 - - [23/Mar/2024:14:04:49 -0500] "GET /sipse/faces/javax.faces.resource/jquery/jquery.js?ln=primefaces&v=4.0 HTTP/1.1" 304 -
191.95.55.147 - - [23/Mar/2024:14:04:49 -0500] "GET /sipse/faces/javax.faces.resource/jquery/jquery-plugins.js?ln=primefaces&v=4.0 HTTP/1.1" 304 -
191.95.55.147 - - [23/Mar/2024:14:04:49 -0500] "GET /sipse/faces/javax.faces.resource/primefaces.js?ln=primefaces&v=4.0 HTTP/1.1" 304 -
191.95.55.147 - - [23/Mar/2024:14:04:49 -0500] "GET /sipse/faces/javax.faces.resource/layout/layout.js?ln=primefaces&v=4.0 HTTP/1.1" 304 -
191.95.55.147 - - [23/Mar/2024:14:04:51 -0500] "POST /sipse/faces/presentacion/financiero/solicitudProceso/consultarSolicitudProceso.xhtml HTTP/1.1" 200 65245
191.95.55.147 - - [23/Mar/2024:14:04:53 -0500] "GET /sipse/faces/javax.faces.resource/theme.css?ln=primefaces-sipse HTTP/1.1" 304 -
191.95.55.147 - - [23/Mar/2024:14:04:53 -0500] "GET /sipse/faces/javax.faces.resource/primefaces.css?ln=primefaces&v=4.0 HTTP/1.1" 304 -
191.95.55.147 - - [23/Mar/2024:14:04:53 -0500] "GET /sipse/faces/javax.faces.resource/layout/layout.css?ln=primefaces&v=4.0 HTTP/1.1" 304 -
191.95.55.147 - - [23/Mar/2024:14:04:53 -0500] "GET /sipse/faces/javax.faces.resource/jquery/jquery.js?ln=primefaces&v=4.0 HTTP/1.1" 304 -
191.95.55.147 - - [23/Mar/2024:14:04:53 -0500] "GET /sipse/faces/javax.faces.resource/jquery/jquery-plugins.js?ln=primefaces&v=4.0 HTTP/1.1" 304 -
191.95.55.147 - - [23/Mar/2024:14:04:54 -0500] "GET /sipse/faces/javax.faces.resource/primefaces.js?ln=primefaces&v=4.0 HTTP/1.1" 304 -
191.95.55.147 - - [23/Mar/2024:14:04:54 -0500] "GET /sipse/faces/javax.faces.resource/layout/layout.js?ln=primefaces&v=4.0 HTTP/1.1" 304 -
191.95.55.147 - - [23/Mar/2024:14:04:54 -0500] "POST /sipse/faces/presentacion/financiero/solicitudProceso/listarSolicitudProceso.xhtml HTTP/1.1" 200 1560
191.95.55.147 - - [23/Mar/2024:14:04:56 -0500] "POST /sipse/faces/presentacion/financiero/solicitudProceso/listarSolicitudProceso.xhtml HTTP/1.1" 200 31745
191.95.55.147 - - [23/Mar/2024:14:04:58 -0500] "POST /sipse/faces/presentacion/financiero/solicitudProceso/listarSolicitudProceso.xhtml HTTP/1.1" 200 146968
191.95.55.147 - - [23/Mar/2024:14:04:59 -0500] "GET /sipse/faces/javax.faces.resource/theme.css?ln=primefaces-sipse HTTP/1.1" 304 -
191.95.55.147 - - [23/Mar/2024:14:04:59 -0500] "GET /sipse/faces/javax.faces.resource/primefaces.css?ln=primefaces&v=4.0 HTTP/1.1" 304 -
191.95.55.147 - - [23/Mar/2024:14:04:59 -0500] "GET /sipse/faces/javax.faces.resource/layout/layout.css?ln=primefaces&v=4.0 HTTP/1.1" 304 -
191.95.55.147 - - [23/Mar/2024:14:04:59 -0500] "GET /sipse/faces/javax.faces.resource/jquery/jquery.js?ln=primefaces&v=4.0 HTTP/1.1" 304 -
191.95.55.147 - - [23/Mar/2024:14:04:59 -0500] "GET /sipse/faces/javax.faces.resource/jquery/jquery-plugins.js?ln=primefaces&v=4.0 HTTP/1.1" 304 -
191.95.55.147 - - [23/Mar/2024:14:05:00 -0500] "GET /sipse/faces/javax.faces.resource/primefaces.js?ln=primefaces&v=4.0 HTTP/1.1" 304 -
191.95.55.147 - - [23/Mar/2024:14:05:00 -0500] "GET /sipse/faces/javax.faces.resource/layout/layout.js?ln=primefaces&v=4.0 HTTP/1.1" 304 -
172.22.2.4 - - [23/Mar/2024:14:03:24 -0500] "HEAD /BLA/boletinlegal/ HTTP/1.1" 200 -
191.95.55.147 - - [23/Mar/2024:14:05:03 -0500] "POST /sipse/faces/presentacion/financiero/solicitudProceso/consultarSolicitudProceso.xhtml HTTP/1.1" 200 65328
191.95.55.147 - - [23/Mar/2024:14:05:05 -0500] "GET /sipse/faces/javax.faces.resource/theme.css?ln=primefaces-sipse HTTP/1.1" 304 -
191.95.55.147 - - [23/Mar/2024:14:05:05 -0500] "GET /sipse/faces/javax.faces.resource/primefaces.css?ln=primefaces&v=4.0 HTTP/1.1" 304 -
191.95.55.147 - - [23/Mar/2024:14:05:05 -0500] "GET /sipse/faces/javax.faces.resource/layout/layout.css?ln=primefaces&v=4.0 HTTP/1.1" 304 -
191.95.55.147 - - [23/Mar/2024:14:05:05 -0500] "GET /sipse/faces/javax.faces.resource/jquery/jquery.js?ln=primefaces&v=4.0 HTTP/1.1" 304 -
191.95.55.147 - - [23/Mar/2024:14:05:05 -0500] "GET /sipse/faces/javax.faces.resource/jquery/jquery-plugins.js?ln=primefaces&v=4.0 HTTP/1.1" 304 -
191.95.55.147 - - [23/Mar/2024:14:05:05 -0500] "GET /sipse/faces/javax.faces.resource/primefaces.js?ln=primefaces&v=4.0 HTTP/1.1" 304 -
191.95.55.147 - - [23/Mar/2024:14:05:05 -0500] "GET /sipse/faces/javax.faces.resource/layout/layout.js?ln=primefaces&v=4.0 HTTP/1.1" 304 -
191.95.55.147 - - [23/Mar/2024:14:05:06 -0500] "POST /sipse/faces/presentacion/financiero/solicitudProceso/listarSolicitudProceso.xhtml HTTP/1.1" 200 1560
191.95.55.147 - - [23/Mar/2024:14:05:08 -0500] "POST /sipse/faces/presentacion/financiero/solicitudProceso/listarSolicitudProceso.xhtml HTTP/1.1" 200 31788
191.95.55.147 - - [23/Mar/2024:14:05:11 -0500] "POST /sipse/faces/presentacion/financiero/solicitudProceso/listarSolicitudProceso.xhtml HTTP/1.1" 200 139807
191.95.55.147 - - [23/Mar/2024:14:05:12 -0500] "GET /sipse/faces/javax.faces.resource/theme.css?ln=primefaces-sipse HTTP/1.1" 304 -
191.95.55.147 - - [23/Mar/2024:14:05:12 -0500] "GET /sipse/faces/javax.faces.resource/primefaces.css?ln=primefaces&v=4.0 HTTP/1.1" 304 -
191.95.55.147 - - [23/Mar/2024:14:05:12 -0500] "GET /sipse/faces/javax.faces.resource/layout/layout.css?ln=primefaces&v=4.0 HTTP/1.1" 304 -
191.95.55.147 - - [23/Mar/2024:14:05:13 -0500] "GET /sipse/faces/javax.faces.resource/jquery/jquery.js?ln=primefaces&v=4.0 HTTP/1.1" 304 -
191.95.55.147 - - [23/Mar/2024:14:05:13 -0500] "GET /sipse/faces/javax.faces.resource/jquery/jquery-plugins.js?ln=primefaces&v=4.0 HTTP/1.1" 304 -
191.95.55.147 - - [23/Mar/2024:14:05:13 -0500] "GET /sipse/faces/javax.faces.resource/primefaces.js?ln=primefaces&v=4.0 HTTP/1.1" 304 -
191.95.55.147 - - [23/Mar/2024:14:05:13 -0500] "GET /sipse/faces/javax.faces.resource/layout/layout.js?ln=primefaces&v=4.0 HTTP/1.1" 304 -
191.95.55.147 - - [23/Mar/2024:14:05:15 -0500] "POST /sipse/faces/presentacion/financiero/solicitudProceso/consultarSolicitudProceso.xhtml HTTP/1.1" 200 65294
191.95.55.147 - - [23/Mar/2024:14:05:17 -0500] "GET /sipse/faces/javax.faces.resource/primefaces.css?ln=primefaces&v=4.0 HTTP/1.1" 304 -
191.95.55.147 - - [23/Mar/2024:14:05:17 -0500] "GET /sipse/faces/javax.faces.resource/layout/layout.css?ln=primefaces&v=4.0 HTTP/1.1" 304 -
191.95.55.147 - - [23/Mar/2024:14:05:17 -0500] "GET /sipse/faces/javax.faces.resource/theme.css?ln=primefaces-sipse HTTP/1.1" 304 -
191.95.55.147 - - [23/Mar/2024:14:05:17 -0500] "GET /sipse/faces/javax.faces.resource/jquery/jquery.js?ln=primefaces&v=4.0 HTTP/1.1" 304 -
191.95.55.147 - - [23/Mar/2024:14:05:17 -0500] "GET /sipse/faces/javax.faces.resource/jquery/jquery-plugins.js?ln=primefaces&v=4.0 HTTP/1.1" 304 -
191.95.55.147 - - [23/Mar/2024:14:05:17 -0500] "GET /sipse/faces/javax.faces.resource/primefaces.js?ln=primefaces&v=4.0 HTTP/1.1" 304 -
191.95.55.147 - - [23/Mar/2024:14:05:17 -0500] "GET /sipse/faces/javax.faces.resource/layout/layout.js?ln=primefaces&v=4.0 HTTP/1.1" 304 -
191.95.55.147 - - [23/Mar/2024:14:05:18 -0500] "POST /sipse/faces/presentacion/financiero/solicitudProceso/listarSolicitudProceso.xhtml HTTP/1.1" 200 1560
172.22.2.4 - - [23/Mar/2024:14:05:19 -0500] "GET /BLA/boletinlegal/Directivas/2017/Directiva%20No.%2004%20del%2028%20de%20Abril%20de%202017.pdf HTTP/1.1" 304 -
216.245.221.92 - - [23/Mar/2024:14:05:39 -0500] "HEAD / HTTP/1.1" 200 -
191.95.55.147 - - [23/Mar/2024:14:05:42 -0500] "POST /sipse/faces/presentacion/financiero/solicitudProceso/listarSolicitudProceso.xhtml HTTP/1.1" 200 31807
191.95.55.147 - - [23/Mar/2024:14:05:44 -0500] "POST /sipse/faces/presentacion/financiero/solicitudProceso/listarSolicitudProceso.xhtml HTTP/1.1" 200 31901
191.95.55.147 - - [23/Mar/2024:14:05:45 -0500] "POST /sipse/faces/presentacion/financiero/solicitudProceso/listarSolicitudProceso.xhtml HTTP/1.1" 200 31987
191.95.55.147 - - [23/Mar/2024:14:05:46 -0500] "POST /sipse/faces/presentacion/financiero/solicitudProceso/listarSolicitudProceso.xhtml HTTP/1.1" 200 31886
172.22.2.4 - - [23/Mar/2024:14:04:15 -0500] "GET /BLA/boletinlegal/ HTTP/1.1" 200 53818
201.245.192.253 - - [23/Mar/2024:14:06:02 -0500] "POST /kwsrmcab/Wsrmcab  HTTP/1.1" 200 39660
191.95.55.147 - - [23/Mar/2024:14:06:22 -0500] "POST /sipse/faces/presentacion/financiero/solicitudProceso/listarSolicitudProceso.xhtml HTTP/1.1" 200 144499
191.95.55.147 - - [23/Mar/2024:14:06:23 -0500] "GET /sipse/faces/javax.faces.resource/theme.css?ln=primefaces-sipse HTTP/1.1" 304 -
191.95.55.147 - - [23/Mar/2024:14:06:23 -0500] "GET /sipse/faces/javax.faces.resource/layout/layout.css?ln=primefaces&v=4.0 HTTP/1.1" 304 -
191.95.55.147 - - [23/Mar/2024:14:06:23 -0500] "GET /sipse/faces/javax.faces.resource/primefaces.css?ln=primefaces&v=4.0 HTTP/1.1" 304 -
191.95.55.147 - - [23/Mar/2024:14:06:23 -0500] "GET /sipse/css/imagen/contrasena.png HTTP/1.1" 404 383
191.95.55.147 - - [23/Mar/2024:14:06:23 -0500] "GET /sipse/faces/javax.faces.resource/jquery/jquery.js?ln=primefaces&v=4.0 HTTP/1.1" 304 -
191.95.55.147 - - [23/Mar/2024:14:06:23 -0500] "GET /sipse/faces/javax.faces.resource/jquery/jquery-plugins.js?ln=primefaces&v=4.0 HTTP/1.1" 304 -
191.95.55.147 - - [23/Mar/2024:14:06:23 -0500] "GET /sipse/faces/javax.faces.resource/primefaces.js?ln=primefaces&v=4.0 HTTP/1.1" 304 -
191.95.55.147 - - [23/Mar/2024:14:06:23 -0500] "GET /sipse/faces/javax.faces.resource/layout/layout.js?ln=primefaces&v=4.0 HTTP/1.1" 304 -
191.95.55.147 - - [23/Mar/2024:14:06:26 -0500] "POST /sipse/faces/presentacion/financiero/solicitudProceso/consultarSolicitudProceso.xhtml HTTP/1.1" 200 65157
191.95.55.147 - - [23/Mar/2024:14:06:28 -0500] "GET /sipse/faces/javax.faces.resource/primefaces.css?ln=primefaces&v=4.0 HTTP/1.1" 304 -
191.95.55.147 - - [23/Mar/2024:14:06:28 -0500] "GET /sipse/faces/javax.faces.resource/layout/layout.css?ln=primefaces&v=4.0 HTTP/1.1" 304 -
191.95.55.147 - - [23/Mar/2024:14:06:28 -0500] "GET /sipse/faces/javax.faces.resource/theme.css?ln=primefaces-sipse HTTP/1.1" 304 -
191.95.55.147 - - [23/Mar/2024:14:06:28 -0500] "GET /sipse/faces/javax.faces.resource/jquery/jquery.js?ln=primefaces&v=4.0 HTTP/1.1" 304 -
191.95.55.147 - - [23/Mar/2024:14:06:28 -0500] "GET /sipse/faces/javax.faces.resource/jquery/jquery-plugins.js?ln=primefaces&v=4.0 HTTP/1.1" 304 -
191.95.55.147 - - [23/Mar/2024:14:06:28 -0500] "GET /sipse/faces/javax.faces.resource/primefaces.js?ln=primefaces&v=4.0 HTTP/1.1" 304 -
191.95.55.147 - - [23/Mar/2024:14:06:28 -0500] "GET /sipse/faces/javax.faces.resource/layout/layout.js?ln=primefaces&v=4.0 HTTP/1.1" 304 -
191.95.55.147 - - [23/Mar/2024:14:06:28 -0500] "POST /sipse/faces/presentacion/financiero/solicitudProceso/listarSolicitudProceso.xhtml HTTP/1.1" 200 1560
191.95.55.147 - - [23/Mar/2024:14:06:31 -0500] "POST /sipse/faces/presentacion/financiero/solicitudProceso/listarSolicitudProceso.xhtml HTTP/1.1" 200 31784
191.95.55.147 - - [23/Mar/2024:14:06:32 -0500] "POST /sipse/faces/presentacion/financiero/solicitudProceso/listarSolicitudProceso.xhtml HTTP/1.1" 200 31838
191.95.55.147 - - [23/Mar/2024:14:06:34 -0500] "POST /sipse/faces/presentacion/financiero/solicitudProceso/listarSolicitudProceso.xhtml HTTP/1.1" 200 148737
191.95.55.147 - - [23/Mar/2024:14:06:35 -0500] "GET /sipse/faces/javax.faces.resource/theme.css?ln=primefaces-sipse HTTP/1.1" 304 -
191.95.55.147 - - [23/Mar/2024:14:06:35 -0500] "GET /sipse/faces/javax.faces.resource/primefaces.css?ln=primefaces&v=4.0 HTTP/1.1" 304 -
191.95.55.147 - - [23/Mar/2024:14:06:35 -0500] "GET /sipse/faces/javax.faces.resource/layout/layout.css?ln=primefaces&v=4.0 HTTP/1.1" 304 -
191.95.55.147 - - [23/Mar/2024:14:06:35 -0500] "GET /sipse/faces/javax.faces.resource/jquery/jquery.js?ln=primefaces&v=4.0 HTTP/1.1" 304 -
191.95.55.147 - - [23/Mar/2024:14:06:35 -0500] "GET /sipse/faces/javax.faces.resource/jquery/jquery-plugins.js?ln=primefaces&v=4.0 HTTP/1.1" 304 -
191.95.55.147 - - [23/Mar/2024:14:06:35 -0500] "GET /sipse/faces/javax.faces.resource/primefaces.js?ln=primefaces&v=4.0 HTTP/1.1" 304 -
191.95.55.147 - - [23/Mar/2024:14:06:35 -0500] "GET /sipse/faces/javax.faces.resource/layout/layout.js?ln=primefaces&v=4.0 HTTP/1.1" 304 -
191.95.55.147 - - [23/Mar/2024:14:06:38 -0500] "POST /sipse/faces/presentacion/financiero/solicitudProceso/consultarSolicitudProceso.xhtml HTTP/1.1" 200 65209
191.95.55.147 - - [23/Mar/2024:14:06:40 -0500] "GET /sipse/faces/javax.faces.resource/theme.css?ln=primefaces-sipse HTTP/1.1" 304 -
191.95.55.147 - - [23/Mar/2024:14:06:40 -0500] "GET /sipse/faces/javax.faces.resource/primefaces.css?ln=primefaces&v=4.0 HTTP/1.1" 304 -
191.95.55.147 - - [23/Mar/2024:14:06:40 -0500] "GET /sipse/faces/javax.faces.resource/layout/layout.css?ln=primefaces&v=4.0 HTTP/1.1" 304 -
191.95.55.147 - - [23/Mar/2024:14:06:40 -0500] "GET /sipse/faces/javax.faces.resource/jquery/jquery.js?ln=primefaces&v=4.0 HTTP/1.1" 304 -
191.95.55.147 - - [23/Mar/2024:14:06:40 -0500] "GET /sipse/faces/javax.faces.resource/jquery/jquery-plugins.js?ln=primefaces&v=4.0 HTTP/1.1" 304 -
191.95.55.147 - - [23/Mar/2024:14:06:40 -0500] "GET /sipse/faces/javax.faces.resource/primefaces.js?ln=primefaces&v=4.0 HTTP/1.1" 304 -
191.95.55.147 - - [23/Mar/2024:14:06:40 -0500] "GET /sipse/faces/javax.faces.resource/layout/layout.js?ln=primefaces&v=4.0 HTTP/1.1" 304 -
191.95.55.147 - - [23/Mar/2024:14:06:41 -0500] "POST /sipse/faces/presentacion/financiero/solicitudProceso/listarSolicitudProceso.xhtml HTTP/1.1" 200 1560
191.95.55.147 - - [23/Mar/2024:14:06:43 -0500] "POST /sipse/faces/presentacion/financiero/solicitudProceso/listarSolicitudProceso.xhtml HTTP/1.1" 200 31716
216.244.66.195 - - [23/Mar/2024:14:06:44 -0500] "GET /BLA/resoluciones/AUTOS%202023/01765.pdf HTTP/1.1" 200 466683
191.95.55.147 - - [23/Mar/2024:14:06:48 -0500] "POST /sipse/faces/presentacion/financiero/solicitudProceso/listarSolicitudProceso.xhtml HTTP/1.1" 200 144600
191.95.55.147 - - [23/Mar/2024:14:06:49 -0500] "GET /sipse/faces/javax.faces.resource/theme.css?ln=primefaces-sipse HTTP/1.1" 304 -
191.95.55.147 - - [23/Mar/2024:14:06:49 -0500] "GET /sipse/faces/javax.faces.resource/layout/layout.css?ln=primefaces&v=4.0 HTTP/1.1" 304 -
191.95.55.147 - - [23/Mar/2024:14:06:49 -0500] "GET /sipse/faces/javax.faces.resource/primefaces.css?ln=primefaces&v=4.0 HTTP/1.1" 304 -
191.95.55.147 - - [23/Mar/2024:14:06:49 -0500] "GET /sipse/faces/javax.faces.resource/jquery/jquery.js?ln=primefaces&v=4.0 HTTP/1.1" 304 -
191.95.55.147 - - [23/Mar/2024:14:06:49 -0500] "GET /sipse/faces/javax.faces.resource/jquery/jquery-plugins.js?ln=primefaces&v=4.0 HTTP/1.1" 304 -
191.95.55.147 - - [23/Mar/2024:14:06:49 -0500] "GET /sipse/faces/javax.faces.resource/primefaces.js?ln=primefaces&v=4.0 HTTP/1.1" 304 -
191.95.55.147 - - [23/Mar/2024:14:06:49 -0500] "GET /sipse/faces/javax.faces.resource/layout/layout.js?ln=primefaces&v=4.0 HTTP/1.1" 304 -
191.95.55.147 - - [23/Mar/2024:14:06:51 -0500] "POST /sipse/faces/presentacion/financiero/solicitudProceso/consultarSolicitudProceso.xhtml HTTP/1.1" 200 65267
191.95.55.147 - - [23/Mar/2024:14:06:53 -0500] "GET /sipse/faces/javax.faces.resource/layout/layout.css?ln=primefaces&v=4.0 HTTP/1.1" 304 -
191.95.55.147 - - [23/Mar/2024:14:06:53 -0500] "GET /sipse/faces/javax.faces.resource/theme.css?ln=primefaces-sipse HTTP/1.1" 304 -
191.95.55.147 - - [23/Mar/2024:14:06:53 -0500] "GET /sipse/faces/javax.faces.resource/primefaces.css?ln=primefaces&v=4.0 HTTP/1.1" 304 -
191.95.55.147 - - [23/Mar/2024:14:06:53 -0500] "GET /sipse/faces/javax.faces.resource/jquery/jquery.js?ln=primefaces&v=4.0 HTTP/1.1" 304 -
191.95.55.147 - - [23/Mar/2024:14:06:53 -0500] "GET /sipse/faces/javax.faces.resource/jquery/jquery-plugins.js?ln=primefaces&v=4.0 HTTP/1.1" 304 -
191.95.55.147 - - [23/Mar/2024:14:06:54 -0500] "GET /sipse/faces/javax.faces.resource/primefaces.js?ln=primefaces&v=4.0 HTTP/1.1" 304 -
191.95.55.147 - - [23/Mar/2024:14:06:54 -0500] "GET /sipse/faces/javax.faces.resource/layout/layout.js?ln=primefaces&v=4.0 HTTP/1.1" 304 -
191.95.55.147 - - [23/Mar/2024:14:06:54 -0500] "POST /sipse/faces/presentacion/financiero/solicitudProceso/listarSolicitudProceso.xhtml HTTP/1.1" 200 1560
40.77.167.68 - - [23/Mar/2024:14:08:34 -0500] "GET /BLA/resoluciones/RESOLUCIONES%202022/2798.pdf HTTP/1.1" 200 869668
191.95.55.147 - - [23/Mar/2024:14:08:41 -0500] "POST /sipse/faces/presentacion/financiero/solicitudProceso/listarSolicitudProceso.xhtml HTTP/1.1" 200 31802
191.95.55.147 - - [23/Mar/2024:14:08:46 -0500] "POST /sipse/faces/presentacion/financiero/solicitudProceso/listarSolicitudProceso.xhtml HTTP/1.1" 200 155186
191.95.55.147 - - [23/Mar/2024:14:08:47 -0500] "GET /sipse/faces/javax.faces.resource/theme.css?ln=primefaces-sipse HTTP/1.1" 304 -
191.95.55.147 - - [23/Mar/2024:14:08:47 -0500] "GET /sipse/faces/javax.faces.resource/primefaces.css?ln=primefaces&v=4.0 HTTP/1.1" 304 -
191.95.55.147 - - [23/Mar/2024:14:08:47 -0500] "GET /sipse/faces/javax.faces.resource/layout/layout.css?ln=primefaces&v=4.0 HTTP/1.1" 304 -
191.95.55.147 - - [23/Mar/2024:14:08:47 -0500] "GET /sipse/faces/javax.faces.resource/jquery/jquery.js?ln=primefaces&v=4.0 HTTP/1.1" 304 -
191.95.55.147 - - [23/Mar/2024:14:08:47 -0500] "GET /sipse/faces/javax.faces.resource/jquery/jquery-plugins.js?ln=primefaces&v=4.0 HTTP/1.1" 304 -
191.95.55.147 - - [23/Mar/2024:14:08:47 -0500] "GET /sipse/faces/javax.faces.resource/primefaces.js?ln=primefaces&v=4.0 HTTP/1.1" 304 -
191.95.55.147 - - [23/Mar/2024:14:08:47 -0500] "GET /sipse/faces/javax.faces.resource/layout/layout.js?ln=primefaces&v=4.0 HTTP/1.1" 304 -
191.95.55.147 - - [23/Mar/2024:14:08:50 -0500] "POST /sipse/faces/presentacion/financiero/solicitudProceso/consultarSolicitudProceso.xhtml HTTP/1.1" 200 65495
191.95.55.147 - - [23/Mar/2024:14:08:52 -0500] "GET /sipse/faces/javax.faces.resource/theme.css?ln=primefaces-sipse HTTP/1.1" 304 -
191.95.55.147 - - [23/Mar/2024:14:08:52 -0500] "GET /sipse/faces/javax.faces.resource/primefaces.css?ln=primefaces&v=4.0 HTTP/1.1" 304 -
191.95.55.147 - - [23/Mar/2024:14:08:52 -0500] "GET /sipse/faces/javax.faces.resource/layout/layout.css?ln=primefaces&v=4.0 HTTP/1.1" 304 -
191.95.55.147 - - [23/Mar/2024:14:08:52 -0500] "GET /sipse/faces/javax.faces.resource/jquery/jquery.js?ln=primefaces&v=4.0 HTTP/1.1" 304 -
191.95.55.147 - - [23/Mar/2024:14:08:52 -0500] "GET /sipse/faces/javax.faces.resource/jquery/jquery-plugins.js?ln=primefaces&v=4.0 HTTP/1.1" 304 -
191.95.55.147 - - [23/Mar/2024:14:08:52 -0500] "GET /sipse/faces/javax.faces.resource/primefaces.js?ln=primefaces&v=4.0 HTTP/1.1" 304 -
191.95.55.147 - - [23/Mar/2024:14:08:52 -0500] "GET /sipse/faces/javax.faces.resource/layout/layout.js?ln=primefaces&v=4.0 HTTP/1.1" 304 -
191.95.55.147 - - [23/Mar/2024:14:08:52 -0500] "POST /sipse/faces/presentacion/financiero/solicitudProceso/listarSolicitudProceso.xhtml HTTP/1.1" 200 1560
191.95.55.147 - - [23/Mar/2024:14:08:54 -0500] "POST /sipse/faces/presentacion/financiero/solicitudProceso/listarSolicitudProceso.xhtml HTTP/1.1" 200 31966
191.95.55.147 - - [23/Mar/2024:14:08:56 -0500] "POST /sipse/faces/presentacion/financiero/solicitudProceso/listarSolicitudProceso.xhtml HTTP/1.1" 200 32025
191.95.55.147 - - [23/Mar/2024:14:08:58 -0500] "POST /sipse/faces/presentacion/financiero/solicitudProceso/listarSolicitudProceso.xhtml HTTP/1.1" 200 146281
191.95.55.147 - - [23/Mar/2024:14:08:59 -0500] "GET /sipse/faces/javax.faces.resource/primefaces.css?ln=primefaces&v=4.0 HTTP/1.1" 304 -
191.95.55.147 - - [23/Mar/2024:14:08:59 -0500] "GET /sipse/faces/javax.faces.resource/theme.css?ln=primefaces-sipse HTTP/1.1" 304 -
191.95.55.147 - - [23/Mar/2024:14:08:59 -0500] "GET /sipse/faces/javax.faces.resource/layout/layout.css?ln=primefaces&v=4.0 HTTP/1.1" 304 -
191.95.55.147 - - [23/Mar/2024:14:08:59 -0500] "GET /sipse/faces/javax.faces.resource/jquery/jquery.js?ln=primefaces&v=4.0 HTTP/1.1" 304 -
191.95.55.147 - - [23/Mar/2024:14:08:59 -0500] "GET /sipse/faces/javax.faces.resource/jquery/jquery-plugins.js?ln=primefaces&v=4.0 HTTP/1.1" 304 -
191.95.55.147 - - [23/Mar/2024:14:08:59 -0500] "GET /sipse/faces/javax.faces.resource/primefaces.js?ln=primefaces&v=4.0 HTTP/1.1" 304 -
191.95.55.147 - - [23/Mar/2024:14:08:59 -0500] "GET /sipse/faces/javax.faces.resource/layout/layout.js?ln=primefaces&v=4.0 HTTP/1.1" 304 -
191.95.55.147 - - [23/Mar/2024:14:09:02 -0500] "POST /sipse/faces/presentacion/financiero/solicitudProceso/consultarSolicitudProceso.xhtml HTTP/1.1" 200 65150
191.95.55.147 - - [23/Mar/2024:14:09:04 -0500] "GET /sipse/faces/javax.faces.resource/layout/layout.css?ln=primefaces&v=4.0 HTTP/1.1" 304 -
191.95.55.147 - - [23/Mar/2024:14:09:04 -0500] "GET /sipse/faces/javax.faces.resource/primefaces.css?ln=primefaces&v=4.0 HTTP/1.1" 304 -
191.95.55.147 - - [23/Mar/2024:14:09:04 -0500] "GET /sipse/faces/javax.faces.resource/theme.css?ln=primefaces-sipse HTTP/1.1" 304 -
191.95.55.147 - - [23/Mar/2024:14:09:04 -0500] "GET /sipse/faces/javax.faces.resource/jquery/jquery.js?ln=primefaces&v=4.0 HTTP/1.1" 304 -
191.95.55.147 - - [23/Mar/2024:14:09:04 -0500] "GET /sipse/faces/javax.faces.resource/jquery/jquery-plugins.js?ln=primefaces&v=4.0 HTTP/1.1" 304 -
191.95.55.147 - - [23/Mar/2024:14:09:04 -0500] "GET /sipse/faces/javax.faces.resource/primefaces.js?ln=primefaces&v=4.0 HTTP/1.1" 304 -
191.95.55.147 - - [23/Mar/2024:14:09:04 -0500] "GET /sipse/faces/javax.faces.resource/layout/layout.js?ln=primefaces&v=4.0 HTTP/1.1" 304 -
191.95.55.147 - - [23/Mar/2024:14:09:04 -0500] "POST /sipse/faces/presentacion/financiero/solicitudProceso/listarSolicitudProceso.xhtml HTTP/1.1" 200 1560
191.95.55.147 - - [23/Mar/2024:14:09:07 -0500] "POST /sipse/faces/presentacion/financiero/solicitudProceso/listarSolicitudProceso.xhtml HTTP/1.1" 200 31990
191.95.55.147 - - [23/Mar/2024:14:09:08 -0500] "POST /sipse/faces/presentacion/financiero/solicitudProceso/listarSolicitudProceso.xhtml HTTP/1.1" 200 31861
191.95.55.147 - - [23/Mar/2024:14:09:12 -0500] "POST /sipse/faces/presentacion/financiero/solicitudProceso/listarSolicitudProceso.xhtml HTTP/1.1" 200 32132
191.95.55.147 - - [23/Mar/2024:14:09:14 -0500] "POST /sipse/faces/presentacion/financiero/solicitudProceso/listarSolicitudProceso.xhtml HTTP/1.1" 200 32458
191.95.55.147 - - [23/Mar/2024:14:09:16 -0500] "POST /sipse/faces/presentacion/financiero/solicitudProceso/listarSolicitudProceso.xhtml HTTP/1.1" 200 32287
216.244.66.195 - - [23/Mar/2024:14:09:32 -0500] "GET /BLA/resoluciones/AUTOS%202023/2713.pdf HTTP/1.1" 200 413548
191.95.55.147 - - [23/Mar/2024:14:09:42 -0500] "POST /sipse/faces/presentacion/financiero/solicitudProceso/listarSolicitudProceso.xhtml HTTP/1.1" 200 146527
191.95.55.147 - - [23/Mar/2024:14:09:43 -0500] "GET /sipse/faces/javax.faces.resource/theme.css?ln=primefaces-sipse HTTP/1.1" 304 -
191.95.55.147 - - [23/Mar/2024:14:09:43 -0500] "GET /sipse/faces/javax.faces.resource/primefaces.css?ln=primefaces&v=4.0 HTTP/1.1" 304 -
191.95.55.147 - - [23/Mar/2024:14:09:43 -0500] "GET /sipse/faces/javax.faces.resource/layout/layout.css?ln=primefaces&v=4.0 HTTP/1.1" 304 -
191.95.55.147 - - [23/Mar/2024:14:09:43 -0500] "GET /sipse/faces/javax.faces.resource/jquery/jquery.js?ln=primefaces&v=4.0 HTTP/1.1" 304 -
191.95.55.147 - - [23/Mar/2024:14:09:43 -0500] "GET /sipse/faces/javax.faces.resource/jquery/jquery-plugins.js?ln=primefaces&v=4.0 HTTP/1.1" 304 -
191.95.55.147 - - [23/Mar/2024:14:09:43 -0500] "GET /sipse/faces/javax.faces.resource/primefaces.js?ln=primefaces&v=4.0 HTTP/1.1" 304 -
191.95.55.147 - - [23/Mar/2024:14:09:43 -0500] "GET /sipse/faces/javax.faces.resource/layout/layout.js?ln=primefaces&v=4.0 HTTP/1.1" 304 -
191.95.55.147 - - [23/Mar/2024:14:09:45 -0500] "POST /sipse/faces/presentacion/financiero/solicitudProceso/consultarSolicitudProceso.xhtml HTTP/1.1" 200 65046
191.95.55.147 - - [23/Mar/2024:14:09:48 -0500] "GET /sipse/faces/javax.faces.resource/primefaces.css?ln=primefaces&v=4.0 HTTP/1.1" 304 -
191.95.55.147 - - [23/Mar/2024:14:09:48 -0500] "GET /sipse/faces/javax.faces.resource/layout/layout.css?ln=primefaces&v=4.0 HTTP/1.1" 304 -
191.95.55.147 - - [23/Mar/2024:14:09:48 -0500] "GET /sipse/faces/javax.faces.resource/theme.css?ln=primefaces-sipse HTTP/1.1" 304 -
191.95.55.147 - - [23/Mar/2024:14:09:48 -0500] "GET /sipse/faces/javax.faces.resource/jquery/jquery.js?ln=primefaces&v=4.0 HTTP/1.1" 304 -
191.95.55.147 - - [23/Mar/2024:14:09:48 -0500] "GET /sipse/faces/javax.faces.resource/jquery/jquery-plugins.js?ln=primefaces&v=4.0 HTTP/1.1" 304 -
191.95.55.147 - - [23/Mar/2024:14:09:48 -0500] "GET /sipse/faces/javax.faces.resource/primefaces.js?ln=primefaces&v=4.0 HTTP/1.1" 304 -
191.95.55.147 - - [23/Mar/2024:14:09:48 -0500] "GET /sipse/faces/javax.faces.resource/layout/layout.js?ln=primefaces&v=4.0 HTTP/1.1" 304 -
191.95.55.147 - - [23/Mar/2024:14:09:48 -0500] "POST /sipse/faces/presentacion/financiero/solicitudProceso/listarSolicitudProceso.xhtml HTTP/1.1" 200 1560
191.95.55.147 - - [23/Mar/2024:14:10:00 -0500] "POST /sipse/faces/presentacion/financiero/solicitudProceso/listarSolicitudProceso.xhtml HTTP/1.1" 200 140904
191.95.55.147 - - [23/Mar/2024:14:10:02 -0500] "GET /sipse/faces/javax.faces.resource/theme.css?ln=primefaces-sipse HTTP/1.1" 304 -
191.95.55.147 - - [23/Mar/2024:14:10:02 -0500] "GET /sipse/faces/javax.faces.resource/primefaces.css?ln=primefaces&v=4.0 HTTP/1.1" 304 -
191.95.55.147 - - [23/Mar/2024:14:10:02 -0500] "GET /sipse/faces/javax.faces.resource/layout/layout.css?ln=primefaces&v=4.0 HTTP/1.1" 304 -
191.95.55.147 - - [23/Mar/2024:14:10:02 -0500] "GET /sipse/faces/javax.faces.resource/jquery/jquery.js?ln=primefaces&v=4.0 HTTP/1.1" 304 -
191.95.55.147 - - [23/Mar/2024:14:10:02 -0500] "GET /sipse/faces/javax.faces.resource/jquery/jquery-plugins.js?ln=primefaces&v=4.0 HTTP/1.1" 304 -
191.95.55.147 - - [23/Mar/2024:14:10:02 -0500] "GET /sipse/faces/javax.faces.resource/primefaces.js?ln=primefaces&v=4.0 HTTP/1.1" 304 -
191.95.55.147 - - [23/Mar/2024:14:10:02 -0500] "GET /sipse/faces/javax.faces.resource/layout/layout.js?ln=primefaces&v=4.0 HTTP/1.1" 304 -
216.244.66.195 - - [23/Mar/2024:14:10:02 -0500] "GET /BLA/resoluciones/AUTOS%202023/3022.pdf HTTP/1.1" 200 382704
191.95.55.147 - - [23/Mar/2024:14:10:05 -0500] "POST /sipse/faces/presentacion/financiero/solicitudProceso/consultarSolicitudProceso.xhtml HTTP/1.1" 200 64930
191.95.55.147 - - [23/Mar/2024:14:10:14 -0500] "GET /sipse/faces/javax.faces.resource/layout/layout.css?ln=primefaces&v=4.0 HTTP/1.1" 304 -
191.95.55.147 - - [23/Mar/2024:14:10:14 -0500] "GET /sipse/faces/javax.faces.resource/primefaces.css?ln=primefaces&v=4.0 HTTP/1.1" 304 -
191.95.55.147 - - [23/Mar/2024:14:10:14 -0500] "GET /sipse/faces/javax.faces.resource/theme.css?ln=primefaces-sipse HTTP/1.1" 304 -
191.95.55.147 - - [23/Mar/2024:14:10:14 -0500] "GET /sipse/faces/javax.faces.resource/jquery/jquery.js?ln=primefaces&v=4.0 HTTP/1.1" 304 -
191.95.55.147 - - [23/Mar/2024:14:10:14 -0500] "GET /sipse/faces/javax.faces.resource/jquery/jquery-plugins.js?ln=primefaces&v=4.0 HTTP/1.1" 304 -
191.95.55.147 - - [23/Mar/2024:14:10:14 -0500] "GET /sipse/faces/javax.faces.resource/primefaces.js?ln=primefaces&v=4.0 HTTP/1.1" 304 -
191.95.55.147 - - [23/Mar/2024:14:10:14 -0500] "GET /sipse/faces/javax.faces.resource/layout/layout.js?ln=primefaces&v=4.0 HTTP/1.1" 304 -
191.95.55.147 - - [23/Mar/2024:14:10:15 -0500] "POST /sipse/faces/presentacion/financiero/solicitudProceso/listarSolicitudProceso.xhtml HTTP/1.1" 200 1560
191.95.55.147 - - [23/Mar/2024:14:10:18 -0500] "POST /sipse/faces/presentacion/financiero/solicitudProceso/listarSolicitudProceso.xhtml HTTP/1.1" 200 149938
191.95.55.147 - - [23/Mar/2024:14:10:19 -0500] "GET /sipse/faces/javax.faces.resource/layout/layout.css?ln=primefaces&v=4.0 HTTP/1.1" 304 -
191.95.55.147 - - [23/Mar/2024:14:10:19 -0500] "GET /sipse/faces/javax.faces.resource/primefaces.css?ln=primefaces&v=4.0 HTTP/1.1" 304 -
191.95.55.147 - - [23/Mar/2024:14:10:19 -0500] "GET /sipse/faces/javax.faces.resource/theme.css?ln=primefaces-sipse HTTP/1.1" 304 -
191.95.55.147 - - [23/Mar/2024:14:10:19 -0500] "GET /sipse/faces/javax.faces.resource/jquery/jquery.js?ln=primefaces&v=4.0 HTTP/1.1" 304 -
191.95.55.147 - - [23/Mar/2024:14:10:19 -0500] "GET /sipse/faces/javax.faces.resource/jquery/jquery-plugins.js?ln=primefaces&v=4.0 HTTP/1.1" 304 -
191.95.55.147 - - [23/Mar/2024:14:10:19 -0500] "GET /sipse/faces/javax.faces.resource/primefaces.js?ln=primefaces&v=4.0 HTTP/1.1" 304 -
191.95.55.147 - - [23/Mar/2024:14:10:19 -0500] "GET /sipse/faces/javax.faces.resource/layout/layout.js?ln=primefaces&v=4.0 HTTP/1.1" 304 -
191.95.55.147 - - [23/Mar/2024:14:10:23 -0500] "POST /sipse/faces/presentacion/financiero/solicitudProceso/consultarSolicitudProceso.xhtml HTTP/1.1" 200 64959
191.95.55.147 - - [23/Mar/2024:14:10:30 -0500] "GET /sipse/faces/javax.faces.resource/theme.css?ln=primefaces-sipse HTTP/1.1" 304 -
191.95.55.147 - - [23/Mar/2024:14:10:30 -0500] "GET /sipse/faces/javax.faces.resource/primefaces.css?ln=primefaces&v=4.0 HTTP/1.1" 304 -
191.95.55.147 - - [23/Mar/2024:14:10:30 -0500] "GET /sipse/faces/javax.faces.resource/layout/layout.css?ln=primefaces&v=4.0 HTTP/1.1" 304 -
191.95.55.147 - - [23/Mar/2024:14:10:30 -0500] "GET /sipse/faces/javax.faces.resource/jquery/jquery.js?ln=primefaces&v=4.0 HTTP/1.1" 304 -
191.95.55.147 - - [23/Mar/2024:14:10:30 -0500] "GET /sipse/faces/javax.faces.resource/jquery/jquery-plugins.js?ln=primefaces&v=4.0 HTTP/1.1" 304 -
191.95.55.147 - - [23/Mar/2024:14:10:30 -0500] "GET /sipse/faces/javax.faces.resource/primefaces.js?ln=primefaces&v=4.0 HTTP/1.1" 304 -
191.95.55.147 - - [23/Mar/2024:14:10:30 -0500] "GET /sipse/faces/javax.faces.resource/layout/layout.js?ln=primefaces&v=4.0 HTTP/1.1" 304 -
191.95.55.147 - - [23/Mar/2024:14:10:30 -0500] "POST /sipse/faces/presentacion/financiero/solicitudProceso/listarSolicitudProceso.xhtml HTTP/1.1" 200 1560
191.95.55.147 - - [23/Mar/2024:14:10:32 -0500] "POST /sipse/faces/presentacion/financiero/solicitudProceso/listarSolicitudProceso.xhtml HTTP/1.1" 200 157115
191.95.55.147 - - [23/Mar/2024:14:10:33 -0500] "GET /sipse/faces/javax.faces.resource/theme.css?ln=primefaces-sipse HTTP/1.1" 304 -
191.95.55.147 - - [23/Mar/2024:14:10:33 -0500] "GET /sipse/faces/javax.faces.resource/primefaces.css?ln=primefaces&v=4.0 HTTP/1.1" 304 -
191.95.55.147 - - [23/Mar/2024:14:10:33 -0500] "GET /sipse/faces/javax.faces.resource/layout/layout.css?ln=primefaces&v=4.0 HTTP/1.1" 304 -
191.95.55.147 - - [23/Mar/2024:14:10:33 -0500] "GET /sipse/faces/javax.faces.resource/jquery/jquery.js?ln=primefaces&v=4.0 HTTP/1.1" 304 -
191.95.55.147 - - [23/Mar/2024:14:10:33 -0500] "GET /sipse/faces/javax.faces.resource/jquery/jquery-plugins.js?ln=primefaces&v=4.0 HTTP/1.1" 304 -
191.95.55.147 - - [23/Mar/2024:14:10:34 -0500] "GET /sipse/faces/javax.faces.resource/primefaces.js?ln=primefaces&v=4.0 HTTP/1.1" 304 -
191.95.55.147 - - [23/Mar/2024:14:10:34 -0500] "GET /sipse/faces/javax.faces.resource/layout/layout.js?ln=primefaces&v=4.0 HTTP/1.1" 304 -
216.245.221.92 - - [23/Mar/2024:14:10:39 -0500] "HEAD / HTTP/1.1" 200 -
216.244.66.195 - - [23/Mar/2024:14:10:45 -0500] "GET /BLA/resoluciones/RESOLUCIONES%202019/0077.pdf HTTP/1.1" 200 372422
172.22.2.4 - - [23/Mar/2024:14:09:14 -0500] "HEAD /BLA/boletinlegal/ HTTP/1.1" 200 -
201.245.192.253 - - [23/Mar/2024:14:11:01 -0500] "POST /kwsrmcab/Wsrmcab  HTTP/1.1" 200 39660
191.95.55.147 - - [23/Mar/2024:14:10:42 -0500] "POST /sipse/faces/presentacion/financiero/solicitudProceso/consultarSolicitudProceso.xhtml HTTP/1.1" 200 17781
216.244.66.195 - - [23/Mar/2024:14:11:16 -0500] "GET /BLA/resoluciones/RESOLUCIONES%202019/0221.pdf HTTP/1.1" 200 2174064
172.22.2.4 - - [23/Mar/2024:14:11:32 -0500] "GET /BLA/boletinlegal/robots.txt HTTP/1.1" 404 1037
172.22.2.4 - - [23/Mar/2024:14:11:33 -0500] "GET /BLA/boletinlegal/Circulares/2024/CIRCULAR%20No.%2000001%20DEL%2011%20DE%20ENERO%20DEL%202024.pdf HTTP/1.1" 200 298890
172.22.2.4 - - [23/Mar/2024:14:10:05 -0500] "GET /BLA/boletinlegal/ HTTP/1.1" 200 58273
216.244.66.195 - - [23/Mar/2024:14:12:06 -0500] "GET /BLA/resoluciones/RESOLUCIONES%202019/1045.pdf HTTP/1.1" 200 320537
216.244.66.195 - - [23/Mar/2024:14:12:40 -0500] "GET /BLA/resoluciones/RESOLUCIONES%202019/2075.pdf HTTP/1.1" 200 400765
66.249.66.166 - - [23/Mar/2024:14:13:02 -0500] "GET /portaldeninos/humedal-la-vaca-2/ HTTP/1.1" 200 87837
216.244.66.195 - - [23/Mar/2024:14:13:20 -0500] "GET /BLA/resoluciones/RESOLUCIONES%202019/2131.pdf HTTP/1.1" 200 291414
172.22.2.4 - - [23/Mar/2024:14:12:05 -0500] "HEAD /BLA/boletinlegal/ HTTP/1.1" 200 -
172.22.2.4 - - [23/Mar/2024:14:12:06 -0500] "HEAD /BLA/boletinlegal/ HTTP/1.1" 200 -
216.244.66.195 - - [23/Mar/2024:14:14:00 -0500] "GET /BLA/resoluciones/RESOLUCIONES%202019/2196.pdf HTTP/1.1" 200 443122
172.22.2.4 - - [23/Mar/2024:14:12:42 -0500] "GET /BLA/boletinlegal/ HTTP/1.1" 200 47256
200.118.16.147 - - [23/Mar/2024:14:14:22 -0500] "GET /sipse/css/custom_css_sg_prime.css HTTP/1.1" 200 5201
200.118.16.147 - - [23/Mar/2024:14:14:22 -0500] "GET /sipse/imagenes/cargando.gif HTTP/1.1" 200 36959
200.118.16.147 - - [23/Mar/2024:14:14:23 -0500] "GET /sipse/css/imagen/logoSDG.png HTTP/1.1" 200 15714
172.22.2.4 - - [23/Mar/2024:14:12:46 -0500] "GET /BLA/boletinlegal/ HTTP/1.1" 200 48027
216.244.66.195 - - [23/Mar/2024:14:14:39 -0500] "GET /BLA/resoluciones/RESOLUCIONES%202019/2686.pdf HTTP/1.1" 200 386159
47.128.43.178 - - [23/Mar/2024:14:14:55 -0500] "GET /BLA/resoluciones/AUTOS%202021/0245.php?act=d&d=E%3A%5Cnuevo%5Chtdocs%5CAutoliquidacion2020%5CAceites-Residuos-Estaciones- HTTP/1.1" 200 2810
146.19.24.28 - - [23/Mar/2024:14:14:57 -0500] "GET / HTTP/1.1" 200 319
47.128.48.175 - - [23/Mar/2024:14:15:19 -0500] "GET /BLA/resoluciones/AUTOS%202021/0245.php?act=encoder&d=E%3A%5Cnuevo%5Chtdocs%5Cdpsia%5C HTTP/1.1" 200 3069
216.244.66.195 - - [23/Mar/2024:14:15:22 -0500] "GET /BLA/resoluciones/RESOLUCIONES%202019/3376.pdf HTTP/1.1" 200 308646
216.245.221.92 - - [23/Mar/2024:14:15:39 -0500] "HEAD / HTTP/1.1" 200 -
40.77.167.143 - - [23/Mar/2024:14:15:41 -0500] "GET /Publicaciones/2024EE45190.pdf HTTP/1.1" 404 227
47.128.43.197 - - [23/Mar/2024:14:15:43 -0500] "GET /BLA/resoluciones/AUTOS%202021/0245.php?act=encoder&d=E%3A%5Cnuevo%5Chtdocs%5CNew+folder%5C HTTP/1.1" 200 3076
216.244.66.195 - - [23/Mar/2024:14:15:54 -0500] "GET /BLA/resoluciones/RESOLUCIONES%202019/3405.pdf HTTP/1.1" 200 294486
201.245.192.253 - - [23/Mar/2024:14:15:59 -0500] "POST /kwsrmcab/Wsrmcab  HTTP/1.1" 200 39660
47.128.43.242 - - [23/Mar/2024:14:16:07 -0500] "GET /BLA/resoluciones/AUTOS%202021/0245.php?act=encoder&d=E%3A%5Cnuevo%5Chtdocs%5CAutoliquidacion2020%5C HTTP/1.1" 200 3076
216.244.66.195 - - [23/Mar/2024:14:16:23 -0500] "GET /BLA/resoluciones/RESOLUCIONES%202019/3754.pdf HTTP/1.1" 200 528916
66.249.66.20 - - [23/Mar/2024:14:16:44 -0500] "GET /BLA/resoluciones/Notificaciones/AUTOS%202022/7627.pdf HTTP/1.1" 200 413272
172.22.2.4 - - [23/Mar/2024:14:15:04 -0500] "HEAD /BLA/boletinlegal/ HTTP/1.1" 200 -
66.249.66.19 - - [23/Mar/2024:14:17:04 -0500] "GET /BLA/resoluciones/Notificaciones/AUTOS%202022/7794.pdf HTTP/1.1" 200 378573
216.244.66.195 - - [23/Mar/2024:14:17:09 -0500] "GET /BLA/resoluciones/RESOLUCIONES%202019/3765.pdf HTTP/1.1" 200 373389
172.22.2.4 - - [23/Mar/2024:14:15:55 -0500] "GET /BLA/boletinlegal/ HTTP/1.1" 200 48425
216.244.66.195 - - [23/Mar/2024:14:17:44 -0500] "GET /BLA/resoluciones/RESOLUCIONES%202019/3769.pdf HTTP/1.1" 200 355849
216.244.66.195 - - [23/Mar/2024:14:18:13 -0500] "GET /BLA/resoluciones/RESOLUCIONES%202019/3831.pdf HTTP/1.1" 200 365367
172.22.2.4 - - [23/Mar/2024:14:16:45 -0500] "HEAD /BLA/boletinlegal/ HTTP/1.1" 200 -
172.22.2.4 - - [23/Mar/2024:14:16:47 -0500] "HEAD /BLA/boletinlegal/ HTTP/1.1" 200 -
216.244.66.195 - - [23/Mar/2024:14:18:42 -0500] "GET /BLA/resoluciones/AUTOS%202019/0182.pdf HTTP/1.1" 200 281290
172.22.2.4 - - [23/Mar/2024:14:17:21 -0500] "GET /BLA/boletinlegal/ HTTP/1.1" 200 37974
172.22.2.4 - - [23/Mar/2024:14:17:22 -0500] "GET /BLA/boletinlegal/ HTTP/1.1" 200 41060
172.22.2.4 - - [23/Mar/2024:14:19:11 -0500] "GET /BLA/boletinlegal/robots.txt HTTP/1.1" 404 1038
216.244.66.195 - - [23/Mar/2024:14:19:12 -0500] "GET /BLA/resoluciones/AUTOS%202019/1738.pdf HTTP/1.1" 200 256905
201.245.192.253 - - [23/Mar/2024:14:18:48 -0500] "POST /kwsrmcab/Wsrmcab HTTP/1.1" 200 38550
201.245.192.253 - - [23/Mar/2024:14:19:22 -0500] "POST /kwsrmcab/Wsrmcab HTTP/1.1" 200 39857
201.245.192.253 - - [23/Mar/2024:14:19:26 -0500] "POST /kwsrmcab/Wsrmcab HTTP/1.1" 200 38173
172.22.2.4 - - [23/Mar/2024:14:17:47 -0500] "HEAD /BLA/boletinlegal/ HTTP/1.1" 200 -
216.244.66.195 - - [23/Mar/2024:14:19:40 -0500] "GET /BLA/resoluciones/AUTOS%202019/2878.pdf HTTP/1.1" 200 272407
172.22.2.4 - - [23/Mar/2024:14:18:25 -0500] "GET /BLA/boletinlegal/ HTTP/1.1" 200 42478
216.244.66.195 - - [23/Mar/2024:14:20:05 -0500] "GET /BLA/resoluciones/AUTOS%202019/3021.pdf HTTP/1.1" 200 244653
172.22.2.4 - - [23/Mar/2024:14:18:34 -0500] "HEAD /BLA/boletinlegal/ HTTP/1.1" 200 -
201.245.192.253 - - [23/Mar/2024:14:20:20 -0500] "POST /kwsrmcab/Wsrmcab HTTP/1.1" 200 38173
216.244.66.195 - - [23/Mar/2024:14:20:31 -0500] "GET /BLA/resoluciones/AUTOS%202019/4273.pdf HTTP/1.1" 200 276181
216.245.221.92 - - [23/Mar/2024:14:20:39 -0500] "HEAD / HTTP/1.1" 200 -
172.22.2.4 - - [23/Mar/2024:14:19:11 -0500] "GET /BLA/boletinlegal/ HTTP/1.1" 200 43032
172.22.2.4 - - [23/Mar/2024:14:19:14 -0500] "GET /BLA/boletinlegal/ HTTP/1.1" 200 41968
216.244.66.195 - - [23/Mar/2024:14:20:58 -0500] "GET /BLA/resoluciones/AUTOS%202019/4396.pdf HTTP/1.1" 200 276668
201.245.192.253 - - [23/Mar/2024:14:20:58 -0500] "POST /kwsrmcab/Wsrmcab  HTTP/1.1" 200 39660
216.244.66.195 - - [23/Mar/2024:14:21:24 -0500] "GET /BLA/resoluciones/AUTOS%202019/4400.pdf HTTP/1.1" 200 270385
172.22.2.4 - - [23/Mar/2024:14:19:55 -0500] "HEAD /BLA/boletinlegal/ HTTP/1.1" 200 -
216.244.66.195 - - [23/Mar/2024:14:21:51 -0500] "GET /BLA/resoluciones/AUTOS%202019/4419.pdf HTTP/1.1" 200 284104
172.22.2.4 - - [23/Mar/2024:14:20:31 -0500] "GET /BLA/boletinlegal/ HTTP/1.1" 200 44355
216.244.66.195 - - [23/Mar/2024:14:22:13 -0500] "GET /BLA/resoluciones/AUTOS%202021/0069.pdf HTTP/1.1" 200 435390
172.22.2.4 - - [23/Mar/2024:14:20:54 -0500] "HEAD /BLA/boletinlegal/ HTTP/1.1" 200 -
216.244.66.195 - - [23/Mar/2024:14:22:35 -0500] "GET /BLA/resoluciones/AUTOS%202021/0449.pdf HTTP/1.1" 200 430106
216.244.66.195 - - [23/Mar/2024:14:23:14 -0500] "GET /BLA/resoluciones/AUTOS%202021/1871.pdf HTTP/1.1" 200 465137
172.22.2.4 - - [23/Mar/2024:14:21:45 -0500] "GET /BLA/boletinlegal/ HTTP/1.1" 200 53818
216.244.66.195 - - [23/Mar/2024:14:23:53 -0500] "GET /BLA/resoluciones/AUTOS%202021/2164.pdf HTTP/1.1" 200 912511
216.244.66.195 - - [23/Mar/2024:14:24:26 -0500] "GET /BLA/resoluciones/AUTOS%202021/3897.pdf HTTP/1.1" 200 902746
216.244.66.195 - - [23/Mar/2024:14:25:06 -0500] "GET /BLA/resoluciones/AUTOS%202021/4334.pdf HTTP/1.1" 200 406089
40.77.167.73 - - [23/Mar/2024:14:25:16 -0500] "GET /BLA/resoluciones/Notificaciones/RESOLUCIONES%202023/1423.pdf HTTP/1.1" 200 398367
216.244.66.195 - - [23/Mar/2024:14:25:37 -0500] "GET /BLA/resoluciones/AUTOS%202023/0005.pdf HTTP/1.1" 200 412414
216.245.221.92 - - [23/Mar/2024:14:25:39 -0500] "HEAD / HTTP/1.1" 200 -
201.245.192.253 - - [23/Mar/2024:14:25:56 -0500] "POST /kwsrmcab/Wsrmcab  HTTP/1.1" 200 39660
40.77.167.235 - - [23/Mar/2024:14:26:05 -0500] "GET /Publicaciones/2023EE255782.pdf HTTP/1.1" 404 228
216.244.66.195 - - [23/Mar/2024:14:26:07 -0500] "GET /BLA/resoluciones/AUTOS%202023/0968.pdf HTTP/1.1" 200 438044
216.244.66.195 - - [23/Mar/2024:14:26:39 -0500] "GET /BLA/resoluciones/AUTOS%202023/1520.pdf HTTP/1.1" 200 418021
216.244.66.195 - - [23/Mar/2024:14:27:06 -0500] "GET /BLA/resoluciones/AUTOS%202023/1587.pdf HTTP/1.1" 200 444434
216.244.66.195 - - [23/Mar/2024:14:27:34 -0500] "GET /BLA/resoluciones/AUTOS%202023/1909.pdf HTTP/1.1" 200 401377
173.252.87.2 - - [23/Mar/2024:14:27:50 -0500] "GET /secretaria-de-ambiente-lanza-convocatoria-para-el-programa-de-excelencia-ambiental-distrital-pread-2024.html HTTP/1.1" 200 958
173.252.87.3 - - [23/Mar/2024:14:27:50 -0500] "GET /secretaria-de-ambiente-lanza-convocatoria-para-el-programa-de-excelencia-ambiental-distrital-pread-2024.html HTTP/1.1" 200 958
47.128.27.5 - - [23/Mar/2024:14:27:56 -0500] "GET /BLA/resoluciones/AUTOS%202021/0245.php?act=f&d=E%3A%5Cnuevo%5Chtdocs%5Ccumbreclima&f=wp-signup.php&ft=info HTTP/1.1" 200 3706
52.70.240.171 - - [23/Mar/2024:14:27:57 -0500] "GET /semana-bogota-reverdece-politica-publica-de-accion-climatica-es-una-realidad.html HTTP/1.1" 200 891
47.128.27.5 - - [23/Mar/2024:14:27:57 -0500] "GET /BLA/resoluciones/AUTOS%202021/0245.php?act=img&img=ext_txt HTTP/1.1" 200 132
47.128.27.5 - - [23/Mar/2024:14:27:57 -0500] "GET /BLA/resoluciones/AUTOS%202021/0245.php?act=img&img=ext_exe HTTP/1.1" 200 118
47.128.27.5 - - [23/Mar/2024:14:27:57 -0500] "GET /BLA/resoluciones/AUTOS%202021/0245.php?act=img&img=ext_gif HTTP/1.1" 200 175
47.128.27.5 - - [23/Mar/2024:14:27:57 -0500] "GET /BLA/resoluciones/AUTOS%202021/0245.php?act=img&img=ext_diz HTTP/1.1" 200 1027
47.128.27.5 - - [23/Mar/2024:14:27:57 -0500] "GET /BLA/resoluciones/AUTOS%202021/0245.php?act=img&img=ext_php HTTP/1.1" 200 79
47.128.27.5 - - [23/Mar/2024:14:27:57 -0500] "GET /BLA/resoluciones/AUTOS%202021/0245.php?act=img&img=ext_html HTTP/1.1" 200 230
47.128.27.5 - - [23/Mar/2024:14:27:57 -0500] "GET /BLA/resoluciones/AUTOS%202021/0245.php?act=img&img=ext_ini HTTP/1.1" 200 134
47.128.27.5 - - [23/Mar/2024:14:27:57 -0500] "GET /BLA/resoluciones/AUTOS%202021/0245.php?act=img&img=ext_rtf HTTP/1.1" 200 164
47.128.27.5 - - [23/Mar/2024:14:27:57 -0500] "GET /BLA/resoluciones/AUTOS%202021/0245.php?act=img&img=download HTTP/1.1" 200 161
47.128.27.5 - - [23/Mar/2024:14:27:58 -0500] "GET /BLA/resoluciones/AUTOS%202021/0245.php?act=img&img=change HTTP/1.1" 200 290
216.244.66.195 - - [23/Mar/2024:14:28:00 -0500] "GET /BLA/resoluciones/AUTOS%202023/2776.pdf HTTP/1.1" 200 1172521
47.128.27.6 - - [23/Mar/2024:14:28:23 -0500] "GET /BLA/resoluciones/AUTOS%202021/0245.php?act=img&img=ext_pdf HTTP/1.1" 200 1034
47.128.27.6 - - [23/Mar/2024:14:28:23 -0500] "GET /BLA/resoluciones/AUTOS%202021/0245.php?act=img&img=ext_exe HTTP/1.1" 200 118
47.128.27.6 - - [23/Mar/2024:14:28:23 -0500] "GET /BLA/resoluciones/AUTOS%202021/0245.php?act=img&img=ext_gif HTTP/1.1" 200 175
47.128.27.6 - - [23/Mar/2024:14:28:23 -0500] "GET /BLA/resoluciones/AUTOS%202021/0245.php?act=img&img=ext_ini HTTP/1.1" 200 134
47.128.27.6 - - [23/Mar/2024:14:28:23 -0500] "GET /BLA/resoluciones/AUTOS%202021/0245.php?act=img&img=ext_diz HTTP/1.1" 200 1027
47.128.27.6 - - [23/Mar/2024:14:28:23 -0500] "GET /BLA/resoluciones/AUTOS%202021/0245.php?act=img&img=ext_html HTTP/1.1" 200 230
47.128.27.6 - - [23/Mar/2024:14:28:23 -0500] "GET /BLA/resoluciones/AUTOS%202021/0245.php?act=img&img=ext_txt HTTP/1.1" 200 132
47.128.27.6 - - [23/Mar/2024:14:28:23 -0500] "GET /BLA/resoluciones/AUTOS%202021/0245.php?act=img&img=ext_rtf HTTP/1.1" 200 164
47.128.27.6 - - [23/Mar/2024:14:28:23 -0500] "GET /BLA/resoluciones/AUTOS%202021/0245.php?act=img&img=change HTTP/1.1" 200 290
47.128.27.6 - - [23/Mar/2024:14:28:23 -0500] "GET /BLA/resoluciones/AUTOS%202021/0245.php?act=img&img=download HTTP/1.1" 200 161
47.128.27.6 - - [23/Mar/2024:14:28:22 -0500] "GET /BLA/resoluciones/AUTOS%202021/0245.php?act=f&d=E%3A%5Cnuevo%5Chtdocs%5CBLA%5Cresoluciones%5CAUTOS+2021%5C&f=0597.pdf&ft=html HTTP/1.1" 200 382255
172.22.2.4 - - [23/Mar/2024:14:26:44 -0500] "HEAD /BLA/boletinlegal/ HTTP/1.1" 200 -
216.244.66.195 - - [23/Mar/2024:14:28:26 -0500] "GET /BLA/resoluciones/AUTOS%202023/2848.pdf HTTP/1.1" 200 1079205
185.224.128.43 - - [23/Mar/2024:14:28:44 -0500] "GET / HTTP/1.1" 200 319
47.128.27.57 - - [23/Mar/2024:14:28:44 -0500] "GET /BLA/resoluciones/AUTOS%202021/0245.php?act=f&d=E%3A%5Cnuevo%5Chtdocs%5Ccumbredelclima%5Cwp-includes&f=category-template.php&ft=info HTTP/1.1" 200 3726
47.128.27.57 - - [23/Mar/2024:14:28:45 -0500] "GET /BLA/resoluciones/AUTOS%202021/0245.php?act=img&img=ext_ini HTTP/1.1" 200 134
47.128.27.57 - - [23/Mar/2024:14:28:45 -0500] "GET /BLA/resoluciones/AUTOS%202021/0245.php?act=img&img=ext_diz HTTP/1.1" 200 1027
47.128.27.57 - - [23/Mar/2024:14:28:45 -0500] "GET /BLA/resoluciones/AUTOS%202021/0245.php?act=img&img=ext_exe HTTP/1.1" 200 118
47.128.27.57 - - [23/Mar/2024:14:28:45 -0500] "GET /BLA/resoluciones/AUTOS%202021/0245.php?act=img&img=ext_html HTTP/1.1" 200 230
47.128.27.57 - - [23/Mar/2024:14:28:45 -0500] "GET /BLA/resoluciones/AUTOS%202021/0245.php?act=img&img=ext_php HTTP/1.1" 200 79
47.128.27.57 - - [23/Mar/2024:14:28:45 -0500] "GET /BLA/resoluciones/AUTOS%202021/0245.php?act=img&img=ext_gif HTTP/1.1" 200 175
47.128.27.57 - - [23/Mar/2024:14:28:45 -0500] "GET /BLA/resoluciones/AUTOS%202021/0245.php?act=img&img=download HTTP/1.1" 200 161
47.128.27.57 - - [23/Mar/2024:14:28:46 -0500] "GET /BLA/resoluciones/AUTOS%202021/0245.php?act=img&img=change HTTP/1.1" 200 290
47.128.27.57 - - [23/Mar/2024:14:28:46 -0500] "GET /BLA/resoluciones/AUTOS%202021/0245.php?act=img&img=ext_txt HTTP/1.1" 200 132
47.128.27.57 - - [23/Mar/2024:14:28:46 -0500] "GET /BLA/resoluciones/AUTOS%202021/0245.php?act=img&img=ext_rtf HTTP/1.1" 200 164
216.244.66.195 - - [23/Mar/2024:14:28:50 -0500] "GET /BLA/resoluciones/RESOLUCIONES%202011/0327%20.PDF HTTP/1.1" 200 25195
47.128.27.94 - - [23/Mar/2024:14:29:08 -0500] "GET /BLA/resoluciones/AUTOS%202021/0245.php?act=chmod&d=E%3A%5Cnuevo%5Chtdocs%5CBLA%5Cresoluciones%5CAUTOS+2021&f=4497.pdf HTTP/1.1" 200 2901
172.22.2.4 - - [23/Mar/2024:14:29:12 -0500] "GET /BLA/boletinlegal/static/admin/css/base.css HTTP/1.1" 404 1038
172.22.2.4 - - [23/Mar/2024:14:29:14 -0500] "GET /BLA/boletinlegal/style.css/admin/css/base.css HTTP/1.1" 404 1038
