186.102.96.175 - - [23/Mar/2024:12:24:45 -0500] "GET /sipse/faces/javax.faces.resource/layout/layout.js?ln=primefaces&v=4.0 HTTP/1.1" 304 -
172.22.2.4 - - [23/Mar/2024:12:23:09 -0500] "HEAD /BLA/boletinlegal/ HTTP/1.1" 200 -
172.22.2.4 - - [23/Mar/2024:12:23:39 -0500] "GET /BLA/boletinlegal/ HTTP/1.1" 200 42478
172.22.2.4 - - [23/Mar/2024:12:23:45 -0500] "GET /BLA/boletinlegal/ HTTP/1.1" 200 43032
3.224.220.101 - - [23/Mar/2024:12:25:34 -0500] "GET /portaldeninos/wp-json/oembed/1.0/embed?url=http://ambientic.ambientebogota.gov.co/portaldeninos/gestion-del-riesgo-incendios-forestales/ HTTP/1.1" 200 2536
52.70.240.171 - - [23/Mar/2024:12:25:34 -0500] "GET /portaldeninos/wp-json/oembed/1.0/embed?url=http://ambientic.ambientebogota.gov.co/portaldeninos/aulas-ambientales/aula-ambiental-sorotama/ HTTP/1.1" 200 2461
23.22.35.162 - - [23/Mar/2024:12:25:37 -0500] "GET /portaldeninos/wp-json/oembed/1.0/embed?url=http://ambientic.ambientebogota.gov.co/portaldeninos/agua-y-estructura-ecologica-principal/ HTTP/1.1" 200 2394
66.249.66.20 - - [23/Mar/2024:12:25:39 -0500] "GET /BLA/resoluciones/AUTOS%202013/2813.pdf HTTP/1.1" 200 259542
216.245.221.92 - - [23/Mar/2024:12:25:40 -0500] "HEAD / HTTP/1.1" 200 -
52.70.240.171 - - [23/Mar/2024:12:25:41 -0500] "GET /portaldeninos/wp-json/oembed/1.0/%22http:/ambientic.ambientebogota.gov.co/portaldeninos/gestion-del-riesgo-incendios-forestales/%22 HTTP/1.1" 404 147
23.22.35.162 - - [23/Mar/2024:12:25:41 -0500] "GET /portaldeninos/wp-json/oembed/1.0/%22http:/ambientic.ambientebogota.gov.co/portaldeninos/aulas-ambientales/aula-ambiental-sorotama/%22 HTTP/1.1" 404 147
52.70.240.171 - - [23/Mar/2024:12:25:42 -0500] "GET /portaldeninos/wp-json/oembed/1.0/%22http:/ambientic.ambientebogota.gov.co/portaldeninos/agua-y-estructura-ecologica-principal/%22 HTTP/1.1" 404 147
172.22.2.4 - - [23/Mar/2024:12:24:15 -0500] "HEAD /BLA/boletinlegal/ HTTP/1.1" 200 -
201.245.192.253 - - [23/Mar/2024:12:26:29 -0500] "POST /kwsrmcab/Wsrmcab  HTTP/1.1" 200 39660
172.22.2.4 - - [23/Mar/2024:12:25:05 -0500] "GET /BLA/boletinlegal/ HTTP/1.1" 200 52358
172.22.2.4 - - [23/Mar/2024:12:26:18 -0500] "HEAD /BLA/boletinlegal/ HTTP/1.1" 200 -
172.22.2.4 - - [23/Mar/2024:12:26:40 -0500] "HEAD /BLA/boletinlegal/ HTTP/1.1" 200 -
172.22.2.4 - - [23/Mar/2024:12:28:23 -0500] "GET /BLA/boletinlegal/Circulares/2023/CIRCULAR%20No.%2000005%20DEL%2013%20DE%20JUNIO%20DEL%202023.pdf HTTP/1.1" 304 -
66.249.66.19 - - [23/Mar/2024:12:28:27 -0500] "GET /portel_dama/libreria/php/2006/restauracion/22_proye/xtras_in/3a.pdf HTTP/1.1" 404 1018
172.22.2.4 - - [23/Mar/2024:12:26:53 -0500] "HEAD /BLA/boletinlegal/ HTTP/1.1" 200 -
172.22.2.4 - - [23/Mar/2024:12:26:54 -0500] "GET /BLA/boletinlegal/ HTTP/1.1" 200 34631
172.22.2.4 - - [23/Mar/2024:12:27:00 -0500] "HEAD /BLA/boletinlegal/ HTTP/1.1" 200 -
186.99.136.200 - - [23/Mar/2024:12:28:48 -0500] "GET /appsia/controlador HTTP/1.1" 200 4799
186.99.136.200 - - [23/Mar/2024:12:28:48 -0500] "GET /appsia/css/estilos.css HTTP/1.1" 200 4804
186.99.136.200 - - [23/Mar/2024:12:28:48 -0500] "GET /appsia/scripts/validarIngreso.js HTTP/1.1" 200 851
186.99.136.200 - - [23/Mar/2024:12:28:48 -0500] "GET /appsia/images/cabezoteHojaVida.png HTTP/1.1" 200 32493
186.99.136.200 - - [23/Mar/2024:12:28:48 -0500] "GET /appsia/images/logo_bogota_p.png HTTP/1.1" 200 14951
172.22.2.4 - - [23/Mar/2024:12:27:18 -0500] "GET /BLA/boletinlegal/ HTTP/1.1" 200 29125
186.99.136.200 - - [23/Mar/2024:12:28:58 -0500] "POST /appsia/controlador HTTP/1.1" 200 5437
186.99.136.200 - - [23/Mar/2024:12:29:02 -0500] "POST /appsia/controlador HTTP/1.1" 200 7731
186.99.136.200 - - [23/Mar/2024:12:29:02 -0500] "GET /appsia/images/logo_escudo.png HTTP/1.1" 200 36965
172.22.2.4 - - [23/Mar/2024:12:27:32 -0500] "GET /BLA/boletinlegal/ HTTP/1.1" 200 35001
172.22.2.4 - - [23/Mar/2024:12:27:37 -0500] "GET /BLA/boletinlegal/ HTTP/1.1" 200 37577
201.245.192.253 - - [23/Mar/2024:12:28:48 -0500] "POST /kwsrmcab/Wsrmcab HTTP/1.1" 200 37170
201.245.192.253 - - [23/Mar/2024:12:29:23 -0500] "POST /kwsrmcab/Wsrmcab HTTP/1.1" 200 40171
201.245.192.253 - - [23/Mar/2024:12:29:26 -0500] "POST /kwsrmcab/Wsrmcab HTTP/1.1" 200 33860
66.249.66.19 - - [23/Mar/2024:12:29:29 -0500] "GET /BLA/resoluciones/RESOLUCIONES%202007/RES%202007%201%20AL%20100/RESOLUCION%200041%20DE%202007.pdf HTTP/1.1" 200 445581
66.249.66.20 - - [23/Mar/2024:12:29:58 -0500] "GET /BLA/resoluciones/RESOLUCIONES%202007/RES%202007%203201%20AL%203300/RESOLUCION%203277%20DE%202007.pdf HTTP/1.1" 200 251872
172.22.2.4 - - [23/Mar/2024:12:28:18 -0500] "GET /BLA/boletinlegal/ HTTP/1.1" 200 40647
172.22.2.4 - - [23/Mar/2024:12:28:33 -0500] "GET /BLA/boletinlegal/ HTTP/1.1" 200 43983
201.245.192.253 - - [23/Mar/2024:12:30:14 -0500] "POST /kwsrmcab/Wsrmcab HTTP/1.1" 200 33860
216.245.221.92 - - [23/Mar/2024:12:30:40 -0500] "HEAD / HTTP/1.1" 200 -
40.77.167.5 - - [23/Mar/2024:12:31:01 -0500] "GET /Publicaciones/2024EE45200.pdf HTTP/1.1" 404 227
52.70.240.171 - - [23/Mar/2024:12:31:30 -0500] "GET /portaldeninos/wp-json/oembed/1.0/embed?url=http://ambientic.ambientebogota.gov.co/portaldeninos/aula-ambiental-artistica-itinerante-auambari/ HTTP/1.1" 200 2543
201.245.192.253 - - [23/Mar/2024:12:31:28 -0500] "POST /kwsrmcab/Wsrmcab  HTTP/1.1" 200 39660
3.224.220.101 - - [23/Mar/2024:12:31:33 -0500] "GET /portaldeninos/wp-json/oembed/1.0/embed?url=http://ambientic.ambientebogota.gov.co/portaldeninos/aulas-ambientales-2/parque-ecologico-distrital-de-montana-entrenubes/ HTTP/1.1" 200 2620
23.22.35.162 - - [23/Mar/2024:12:31:33 -0500] "GET /portaldeninos/wp-json/oembed/1.0/embed?url=http://ambientic.ambientebogota.gov.co/portaldeninos/relatos-urbanos-de-los-ecosistemas-bogotanos-2/ HTTP/1.1" 200 2538
23.22.35.162 - - [23/Mar/2024:12:31:35 -0500] "GET /portaldeninos/wp-json/oembed/1.0/embed?url=http://ambientic.ambientebogota.gov.co/portaldeninos/parque-ecologico-distrital-humedal-santa-maria-del-lago/ HTTP/1.1" 200 2613
23.22.35.162 - - [23/Mar/2024:12:31:36 -0500] "GET /portaldeninos/wp-json/oembed/1.0/%22http:/ambientic.ambientebogota.gov.co/portaldeninos/aula-ambiental-artistica-itinerante-auambari/%22 HTTP/1.1" 404 147
172.22.2.4 - - [23/Mar/2024:12:29:59 -0500] "HEAD /BLA/boletinlegal/ HTTP/1.1" 200 -
3.224.220.101 - - [23/Mar/2024:12:31:39 -0500] "GET /portaldeninos/wp-json/oembed/1.0/%22http:/ambientic.ambientebogota.gov.co/portaldeninos/relatos-urbanos-de-los-ecosistemas-bogotanos-2/%22 HTTP/1.1" 404 147
52.70.240.171 - - [23/Mar/2024:12:31:40 -0500] "GET /portaldeninos/wp-json/oembed/1.0/%22http:/ambientic.ambientebogota.gov.co/portaldeninos/parque-ecologico-distrital-humedal-santa-maria-del-lago/%22 HTTP/1.1" 404 147
52.70.240.171 - - [23/Mar/2024:12:31:40 -0500] "GET /portaldeninos/wp-json/oembed/1.0/%22http:/ambientic.ambientebogota.gov.co/portaldeninos/aulas-ambientales-2/parque-ecologico-distrital-de-montana-entrenubes/%22 HTTP/1.1" 404 147
172.22.2.4 - - [23/Mar/2024:12:30:05 -0500] "HEAD /BLA/boletinlegal/ HTTP/1.1" 200 -
172.22.2.4 - - [23/Mar/2024:12:30:36 -0500] "GET /BLA/boletinlegal/ HTTP/1.1" 200 44355
172.22.2.4 - - [23/Mar/2024:12:30:55 -0500] "GET /BLA/boletinlegal/ HTTP/1.1" 200 46633
52.167.144.181 - - [23/Mar/2024:12:33:25 -0500] "GET /Publicaciones/2024EE31877.pdf HTTP/1.1" 404 227
66.249.66.21 - - [23/Mar/2024:12:33:27 -0500] "GET /BLA/resoluciones/Notificaciones/AUTOS%202023/7748.pdf HTTP/1.1" 200 371024
216.245.221.92 - - [23/Mar/2024:12:35:40 -0500] "HEAD / HTTP/1.1" 200 -
173.252.107.119 - - [23/Mar/2024:12:36:00 -0500] "GET /images/Convocatoria%20Acercar%202024%20(1)%20(1).jpeg HTTP/1.1" 200 61100
201.245.192.253 - - [23/Mar/2024:12:36:26 -0500] "POST /kwsrmcab/Wsrmcab  HTTP/1.1" 200 39660
207.46.13.154 - - [23/Mar/2024:12:36:40 -0500] "GET /documents/10184/187335/conectores-1_optimized.jpeg/d0e884f7-c361-492b-b21c-5836b88032a3?t=1672267820883 HTTP/1.1" 404 1034
98.64.96.22 - - [23/Mar/2024:12:37:05 -0500] "GET /Publicaciones/2024EE48488.pdf HTTP/1.1" 404 227
172.22.2.4 - - [23/Mar/2024:12:35:55 -0500] "HEAD /BLA/boletinlegal/ HTTP/1.1" 200 -
47.128.19.181 - - [23/Mar/2024:12:37:40 -0500] "GET /BLA/resoluciones/AUTOS%202021/0245.php?act=encoder&d=E%3A%5Cnuevo%5Chtdocs%5Cnoticias%5C HTTP/1.1" 200 3068
186.102.60.236 - - [23/Mar/2024:12:37:43 -0500] "POST /sipse/faces/autenticacion.xhtml HTTP/1.1" 200 2179
186.102.60.236 - - [23/Mar/2024:12:37:43 -0500] "GET /sipse/faces/javax.faces.resource/messages/messages.png?ln=primefaces&v=4.0 HTTP/1.1" 304 -
186.102.60.236 - - [23/Mar/2024:12:37:50 -0500] "POST /sipse/faces/autenticacion.xhtml HTTP/1.1" 200 16822
186.102.60.236 - - [23/Mar/2024:12:37:50 -0500] "GET /sipse/faces/javax.faces.resource/primefaces.css?ln=primefaces&v=4.0 HTTP/1.1" 304 -
186.102.60.236 - - [23/Mar/2024:12:37:50 -0500] "GET /sipse/faces/javax.faces.resource/theme.css?ln=primefaces-sipse HTTP/1.1" 304 -
186.102.60.236 - - [23/Mar/2024:12:37:50 -0500] "GET /sipse/faces/javax.faces.resource/layout/layout.css?ln=primefaces&v=4.0 HTTP/1.1" 304 -
186.102.60.236 - - [23/Mar/2024:12:37:50 -0500] "GET /sipse/faces/javax.faces.resource/jquery/jquery.js?ln=primefaces&v=4.0 HTTP/1.1" 304 -
186.102.60.236 - - [23/Mar/2024:12:37:51 -0500] "GET /sipse/faces/javax.faces.resource/jquery/jquery-plugins.js?ln=primefaces&v=4.0 HTTP/1.1" 304 -
186.102.60.236 - - [23/Mar/2024:12:37:51 -0500] "GET /sipse/faces/javax.faces.resource/primefaces.js?ln=primefaces&v=4.0 HTTP/1.1" 304 -
186.102.60.236 - - [23/Mar/2024:12:37:51 -0500] "GET /sipse/faces/javax.faces.resource/layout/layout.js?ln=primefaces&v=4.0 HTTP/1.1" 304 -
186.102.60.236 - - [23/Mar/2024:12:37:51 -0500] "GET /sipse/css/imagen/contrasena.png HTTP/1.1" 404 383
186.102.60.236 - - [23/Mar/2024:12:37:53 -0500] "GET /sipse/faces/javax.faces.resource/images/ui-bg_flat_0_2d5972_40x100.png?ln=primefaces-aristo HTTP/1.1" 304 -
186.102.60.236 - - [23/Mar/2024:12:37:53 -0500] "POST /sipse/faces/bienvenido.xhtml HTTP/1.1" 200 9886
186.102.60.236 - - [23/Mar/2024:12:37:55 -0500] "POST /sipse/faces/bienvenido.xhtml HTTP/1.1" 200 9886
186.102.60.236 - - [23/Mar/2024:12:37:56 -0500] "POST /sipse/faces/bienvenido.xhtml HTTP/1.1" 200 9886
186.102.60.236 - - [23/Mar/2024:12:38:00 -0500] "POST /sipse/faces/bienvenido.xhtml HTTP/1.1" 200 2658
186.102.60.236 - - [23/Mar/2024:12:38:01 -0500] "POST /sipse/faces/bienvenido.xhtml HTTP/1.1" 200 33040
186.102.60.236 - - [23/Mar/2024:12:38:01 -0500] "GET /sipse/faces/javax.faces.resource/theme.css?ln=primefaces-sipse HTTP/1.1" 304 -
186.102.60.236 - - [23/Mar/2024:12:38:01 -0500] "GET /sipse/faces/javax.faces.resource/primefaces.css?ln=primefaces&v=4.0 HTTP/1.1" 304 -
186.102.60.236 - - [23/Mar/2024:12:38:01 -0500] "GET /sipse/faces/javax.faces.resource/layout/layout.css?ln=primefaces&v=4.0 HTTP/1.1" 304 -
186.102.60.236 - - [23/Mar/2024:12:38:01 -0500] "GET /sipse/faces/javax.faces.resource/jquery/jquery.js?ln=primefaces&v=4.0 HTTP/1.1" 304 -
186.102.60.236 - - [23/Mar/2024:12:38:01 -0500] "GET /sipse/faces/javax.faces.resource/jquery/jquery-plugins.js?ln=primefaces&v=4.0 HTTP/1.1" 304 -
186.102.60.236 - - [23/Mar/2024:12:38:01 -0500] "GET /sipse/faces/javax.faces.resource/primefaces.js?ln=primefaces&v=4.0 HTTP/1.1" 304 -
186.102.60.236 - - [23/Mar/2024:12:38:01 -0500] "GET /sipse/faces/javax.faces.resource/layout/layout.js?ln=primefaces&v=4.0 HTTP/1.1" 304 -
186.102.60.236 - - [23/Mar/2024:12:38:02 -0500] "POST /sipse/faces/presentacion/financiero/solicitudProceso/listarSolicitudProceso.xhtml HTTP/1.1" 200 1376
186.102.60.236 - - [23/Mar/2024:12:38:05 -0500] "POST /sipse/faces/presentacion/financiero/solicitudProceso/listarSolicitudProceso.xhtml HTTP/1.1" 200 2673
47.128.57.174 - - [23/Mar/2024:12:38:05 -0500] "GET /BLA/resoluciones/AUTOS%202021/0245.php?act=encoder&d=E%3A%5Cnuevo%5Chtdocs%5Cjs%5C HTTP/1.1" 200 3064
186.102.60.236 - - [23/Mar/2024:12:38:06 -0500] "POST /sipse/faces/presentacion/financiero/solicitudProceso/listarSolicitudProceso.xhtml HTTP/1.1" 200 40742
186.102.60.236 - - [23/Mar/2024:12:38:06 -0500] "GET /sipse/faces/javax.faces.resource/primefaces.css?ln=primefaces&v=4.0 HTTP/1.1" 304 -
186.102.60.236 - - [23/Mar/2024:12:38:06 -0500] "GET /sipse/faces/javax.faces.resource/theme.css?ln=primefaces-sipse HTTP/1.1" 304 -
186.102.60.236 - - [23/Mar/2024:12:38:06 -0500] "GET /sipse/faces/javax.faces.resource/layout/layout.css?ln=primefaces&v=4.0 HTTP/1.1" 304 -
186.102.60.236 - - [23/Mar/2024:12:38:06 -0500] "GET /sipse/faces/javax.faces.resource/jquery/jquery.js?ln=primefaces&v=4.0 HTTP/1.1" 304 -
186.102.60.236 - - [23/Mar/2024:12:38:06 -0500] "GET /sipse/faces/javax.faces.resource/jquery/jquery-plugins.js?ln=primefaces&v=4.0 HTTP/1.1" 304 -
186.102.60.236 - - [23/Mar/2024:12:38:06 -0500] "GET /sipse/faces/javax.faces.resource/primefaces.js?ln=primefaces&v=4.0 HTTP/1.1" 304 -
186.102.60.236 - - [23/Mar/2024:12:38:06 -0500] "GET /sipse/faces/javax.faces.resource/layout/layout.js?ln=primefaces&v=4.0 HTTP/1.1" 304 -
186.102.60.236 - - [23/Mar/2024:12:38:06 -0500] "POST /sipse/faces/presentacion/financiero/solicitudProceso/consultar.xhtml HTTP/1.1" 200 34149
186.102.60.236 - - [23/Mar/2024:12:38:16 -0500] "POST /sipse/faces/presentacion/financiero/solicitudProceso/consultar.xhtml HTTP/1.1" 200 12816
172.22.2.4 - - [23/Mar/2024:12:36:46 -0500] "GET /BLA/boletinlegal/ HTTP/1.1" 200 58273
47.128.34.92 - - [23/Mar/2024:12:38:28 -0500] "GET /BLA/resoluciones/AUTOS%202021/0245.php?act=encoder&d=E%3A%5Cnuevo%5Chtdocs%5CBLA%5C HTTP/1.1" 200 3069
186.102.60.236 - - [23/Mar/2024:12:38:30 -0500] "POST /sipse/faces/presentacion/financiero/solicitudProceso/consultar.xhtml HTTP/1.1" 200 12849
201.245.192.253 - - [23/Mar/2024:12:38:48 -0500] "POST /kwsrmcab/Wsrmcab HTTP/1.1" 200 37170
201.245.192.253 - - [23/Mar/2024:12:38:50 -0500] "POST /kwsrmcab/Wsrmcab HTTP/1.1" 200 33860
201.245.192.253 - - [23/Mar/2024:12:39:23 -0500] "POST /kwsrmcab/Wsrmcab HTTP/1.1" 200 40171
186.102.60.236 - - [23/Mar/2024:12:39:43 -0500] "POST /sipse/faces/presentacion/financiero/solicitudProceso/consultar.xhtml HTTP/1.1" 200 12857
186.102.60.236 - - [23/Mar/2024:12:39:53 -0500] "GET /sipse/faces/faces/faces/faces/faces/faces/autenticacion.xhtml HTTP/1.1" 200 12420
186.102.60.236 - - [23/Mar/2024:12:39:53 -0500] "GET /sipse/faces/javax.faces.resource/theme.css?ln=primefaces-sipse HTTP/1.1" 304 -
186.102.60.236 - - [23/Mar/2024:12:39:53 -0500] "GET /sipse/faces/javax.faces.resource/primefaces.css?ln=primefaces&v=4.0 HTTP/1.1" 304 -
186.102.60.236 - - [23/Mar/2024:12:39:53 -0500] "GET /sipse/faces/javax.faces.resource/layout/layout.css?ln=primefaces&v=4.0 HTTP/1.1" 304 -
186.102.60.236 - - [23/Mar/2024:12:39:53 -0500] "GET /sipse/faces/javax.faces.resource/layout/layout.js?ln=primefaces&v=4.0 HTTP/1.1" 304 -
186.102.60.236 - - [23/Mar/2024:12:39:53 -0500] "GET /sipse/faces/javax.faces.resource/jquery/jquery-plugins.js?ln=primefaces&v=4.0 HTTP/1.1" 304 -
186.102.60.236 - - [23/Mar/2024:12:39:53 -0500] "GET /sipse/faces/javax.faces.resource/jquery/jquery.js?ln=primefaces&v=4.0 HTTP/1.1" 304 -
186.102.60.236 - - [23/Mar/2024:12:39:53 -0500] "GET /sipse/faces/javax.faces.resource/primefaces.js?ln=primefaces&v=4.0 HTTP/1.1" 304 -
216.245.221.92 - - [23/Mar/2024:12:40:40 -0500] "HEAD / HTTP/1.1" 200 -
98.64.96.21 - - [23/Mar/2024:12:41:02 -0500] "GET /Publicaciones/2024EE31877.pdf HTTP/1.1" 404 227
201.245.192.253 - - [23/Mar/2024:12:40:17 -0500] "POST /kwsrmcab/Wsrmcab HTTP/1.1" 200 33860
201.245.192.253 - - [23/Mar/2024:12:41:25 -0500] "POST /kwsrmcab/Wsrmcab  HTTP/1.1" 200 39660
66.249.66.37 - - [23/Mar/2024:12:43:02 -0500] "GET /el-agua-recurso-vital-para-la-conservacion-de-los-ecosistemas.html HTTP/1.1" 200 870
172.22.2.4 - - [23/Mar/2024:12:41:45 -0500] "HEAD /BLA/boletinlegal/ HTTP/1.1" 200 -
172.22.2.4 - - [23/Mar/2024:12:42:35 -0500] "GET /BLA/boletinlegal/ HTTP/1.1" 200 58273
87.121.69.52 - - [23/Mar/2024:12:44:26 -0500] "CONNECT google.com:443 HTTP/1.1" 405 938
172.22.2.4 - - [23/Mar/2024:12:44:44 -0500] "GET /BLA/boletinlegal/jurisprudencia/analisis/Analisis%20jurisprudencial%20Sentencia%20C-366-11.doc HTTP/1.1" 304 -
40.77.167.57 - - [23/Mar/2024:12:45:05 -0500] "GET /Publicaciones/2024EE47665.pdf HTTP/1.1" 404 227
216.245.221.92 - - [23/Mar/2024:12:45:40 -0500] "HEAD / HTTP/1.1" 200 -
201.245.192.253 - - [23/Mar/2024:12:46:24 -0500] "POST /kwsrmcab/Wsrmcab  HTTP/1.1" 200 39660
66.249.66.19 - - [23/Mar/2024:12:47:41 -0500] "GET /BLA/resoluciones/RESOLUCIONES%202009/4082.pdf HTTP/1.1" 200 521211
190.24.184.223 - - [23/Mar/2024:12:47:43 -0500] "GET /catalogoisis/ HTTP/1.1" 200 8575
190.24.184.223 - - [23/Mar/2024:12:47:43 -0500] "GET /catalogoisis/Css/Busqueda.css HTTP/1.1" 200 1995
190.24.184.223 - - [23/Mar/2024:12:47:43 -0500] "GET /catalogoisis/Js/AceptarLimpiar.js HTTP/1.1" 200 331
190.24.184.223 - - [23/Mar/2024:12:47:43 -0500] "GET /catalogoisis/Js/CriterioCombinada.js HTTP/1.1" 200 1843
190.24.184.223 - - [23/Mar/2024:12:47:43 -0500] "GET /catalogoisis/Js/Cookies.js HTTP/1.1" 200 1369
190.24.184.223 - - [23/Mar/2024:12:47:43 -0500] "GET /catalogoisis/Js/LimpiarCombinada.js HTTP/1.1" 200 207
190.24.184.223 - - [23/Mar/2024:12:47:43 -0500] "GET /catalogoisis/Js/Go.js HTTP/1.1" 200 364
190.24.184.223 - - [23/Mar/2024:12:47:43 -0500] "GET /catalogoisis/Js/Remote.js HTTP/1.1" 200 436
190.24.184.223 - - [23/Mar/2024:12:47:43 -0500] "GET /catalogoisis/Js/Numero.js HTTP/1.1" 200 398
190.24.184.223 - - [23/Mar/2024:12:47:43 -0500] "GET /catalogoisis/Js/Enter.js HTTP/1.1" 200 1208
190.24.184.223 - - [23/Mar/2024:12:47:43 -0500] "GET /catalogoisis/imagenes/br1c1.gif HTTP/1.1" 200 172
190.24.184.223 - - [23/Mar/2024:12:47:43 -0500] "GET /catalogoisis/imagenes/Header.gif HTTP/1.1" 200 27040
190.24.184.223 - - [23/Mar/2024:12:47:43 -0500] "GET /catalogoisis/imagenes/br1c3.gif HTTP/1.1" 200 302
190.24.184.223 - - [23/Mar/2024:12:47:43 -0500] "GET /catalogoisis/imagenes/Turnbo1.gif HTTP/1.1" 200 227
190.24.184.223 - - [23/Mar/2024:12:47:43 -0500] "GET /catalogoisis/imagenes/aceptar1.gif HTTP/1.1" 200 604
190.24.184.223 - - [23/Mar/2024:12:47:43 -0500] "GET /catalogoisis/imagenes/br3c1.gif HTTP/1.1" 200 177
190.24.184.223 - - [23/Mar/2024:12:47:43 -0500] "GET /catalogoisis/imagenes/limpiar1.gif HTTP/1.1" 200 606
190.24.184.223 - - [23/Mar/2024:12:47:43 -0500] "GET /catalogoisis/imagenes/br3c2.gif HTTP/1.1" 200 285
190.24.184.223 - - [23/Mar/2024:12:47:43 -0500] "GET /catalogoisis/imagenes/br3c3.gif HTTP/1.1" 200 186
190.24.184.223 - - [23/Mar/2024:12:47:43 -0500] "GET /catalogoisis/imagenes/br1c2.gif HTTP/1.1" 200 297
190.24.184.223 - - [23/Mar/2024:12:47:43 -0500] "GET /catalogoisis/imagenes/br2c1.gif HTTP/1.1" 200 297
190.24.184.223 - - [23/Mar/2024:12:47:43 -0500] "GET /catalogoisis/imagenes/br2c2.gif HTTP/1.1" 200 302
190.24.184.223 - - [23/Mar/2024:12:47:43 -0500] "GET /catalogoisis/imagenes/br2c3.gif HTTP/1.1" 200 416
186.86.33.180 - - [23/Mar/2024:12:48:30 -0500] "GET /sipse/faces/faces/index.xhtml HTTP/1.1" 200 677
186.86.33.180 - - [23/Mar/2024:12:48:30 -0500] "GET /sipse/faces/javax.faces.resource/theme.css?ln=primefaces-sipse HTTP/1.1" 200 50058
186.86.33.180 - - [23/Mar/2024:12:48:30 -0500] "GET /favicon.ico HTTP/1.1" 200 7782
186.86.33.180 - - [23/Mar/2024:12:48:30 -0500] "GET /sipse/faces/faces/faces/autenticacion.xhtml HTTP/1.1" 200 12411
186.86.33.180 - - [23/Mar/2024:12:48:30 -0500] "GET /sipse/faces/javax.faces.resource/theme.css?ln=primefaces-sipse HTTP/1.1" 304 -
186.86.33.180 - - [23/Mar/2024:12:48:30 -0500] "GET /sipse/js/disable_browser_buttons.js HTTP/1.1" 200 3230
186.86.33.180 - - [23/Mar/2024:12:48:30 -0500] "GET /sipse/js/funciones.js HTTP/1.1" 200 12592
186.86.33.180 - - [23/Mar/2024:12:48:30 -0500] "GET /sipse/css/custom_css_sg_prime_login.css HTTP/1.1" 200 443
186.86.33.180 - - [23/Mar/2024:12:48:30 -0500] "GET /sipse/css/custom_css_sg.css HTTP/1.1" 200 9694
186.86.33.180 - - [23/Mar/2024:12:48:30 -0500] "GET /sipse/faces/javax.faces.resource/layout/layout.css?ln=primefaces&v=4.0 HTTP/1.1" 200 542
186.86.33.180 - - [23/Mar/2024:12:48:30 -0500] "GET /sipse/faces/javax.faces.resource/jquery/jquery.js?ln=primefaces&v=4.0 HTTP/1.1" 200 105384
186.86.33.180 - - [23/Mar/2024:12:48:30 -0500] "GET /sipse/faces/javax.faces.resource/primefaces.css?ln=primefaces&v=4.0 HTTP/1.1" 200 53295
186.86.33.180 - - [23/Mar/2024:12:48:30 -0500] "GET /sipse/faces/javax.faces.resource/layout/layout.js?ln=primefaces&v=4.0 HTTP/1.1" 200 87560
186.86.33.180 - - [23/Mar/2024:12:48:30 -0500] "GET /sipse/faces/javax.faces.resource/jquery/jquery-plugins.js?ln=primefaces&v=4.0 HTTP/1.1" 200 220526
186.86.33.180 - - [23/Mar/2024:12:48:30 -0500] "GET /sipse/faces/javax.faces.resource/primefaces.js?ln=primefaces&v=4.0 HTTP/1.1" 200 276924
186.86.33.180 - - [23/Mar/2024:12:48:31 -0500] "GET /sipse/faces/javax.faces.resource/images/ui-icons_898989_256x240.png?ln=primefaces-aristo HTTP/1.1" 200 5355
186.86.33.180 - - [23/Mar/2024:12:48:31 -0500] "GET /sipse/css/imagen/loginimg.png HTTP/1.1" 200 71635
186.86.33.180 - - [23/Mar/2024:12:48:31 -0500] "GET /sipse/css/imagen/logoSDG.png HTTP/1.1" 200 53064
186.86.33.180 - - [23/Mar/2024:12:48:32 -0500] "POST /sipse/faces/autenticacion.xhtml HTTP/1.1" 200 12112
186.86.33.180 - - [23/Mar/2024:12:48:32 -0500] "GET /sipse/css/custom_css_sg_prime.css HTTP/1.1" 200 5201
186.86.33.180 - - [23/Mar/2024:12:48:32 -0500] "GET /sipse/faces/javax.faces.resource/jquery/jquery.js?ln=primefaces&v=4.0 HTTP/1.1" 304 -
186.86.33.180 - - [23/Mar/2024:12:48:32 -0500] "GET /sipse/faces/javax.faces.resource/jquery/jquery-plugins.js?ln=primefaces&v=4.0 HTTP/1.1" 304 -
186.86.33.180 - - [23/Mar/2024:12:48:32 -0500] "GET /sipse/faces/javax.faces.resource/primefaces.js?ln=primefaces&v=4.0 HTTP/1.1" 304 -
186.86.33.180 - - [23/Mar/2024:12:48:32 -0500] "GET /sipse/faces/javax.faces.resource/layout/layout.js?ln=primefaces&v=4.0 HTTP/1.1" 304 -
186.86.33.180 - - [23/Mar/2024:12:48:32 -0500] "GET /sipse/faces/javax.faces.resource/messages/messages.png?ln=primefaces&v=4.0 HTTP/1.1" 200 27209
186.86.33.180 - - [23/Mar/2024:12:48:35 -0500] "POST /sipse/faces/presentacion/sistema/seguridad/seleccionRol.xhtml HTTP/1.1" 200 6545
186.86.33.180 - - [23/Mar/2024:12:48:35 -0500] "POST /sipse/faces/presentacion/sistema/seguridad/seleccionRol.xhtml HTTP/1.1" 200 18781
186.86.33.180 - - [23/Mar/2024:12:48:36 -0500] "GET /sipse/js/jquery.min.js HTTP/1.1" 200 85582
186.86.33.180 - - [23/Mar/2024:12:48:36 -0500] "GET /sipse/faces/javax.faces.resource/jquery/jquery.js?ln=primefaces&v=4.0 HTTP/1.1" 304 -
186.86.33.180 - - [23/Mar/2024:12:48:36 -0500] "GET /sipse/faces/javax.faces.resource/jquery/jquery-plugins.js?ln=primefaces&v=4.0 HTTP/1.1" 304 -
186.86.33.180 - - [23/Mar/2024:12:48:36 -0500] "GET /sipse/faces/javax.faces.resource/primefaces.js?ln=primefaces&v=4.0 HTTP/1.1" 304 -
186.86.33.180 - - [23/Mar/2024:12:48:36 -0500] "GET /sipse/faces/javax.faces.resource/layout/layout.js?ln=primefaces&v=4.0 HTTP/1.1" 304 -
186.86.33.180 - - [23/Mar/2024:12:48:36 -0500] "GET /sipse/css/v_mergente.css HTTP/1.1" 200 1505
186.86.33.180 - - [23/Mar/2024:12:48:36 -0500] "GET /sipse/imagenes/cargando.gif HTTP/1.1" 200 36959
186.86.33.180 - - [23/Mar/2024:12:48:36 -0500] "GET /sipse/css/imagen/contrasena.png HTTP/1.1" 404 383
186.86.33.180 - - [23/Mar/2024:12:48:36 -0500] "GET /sipse/imagenes/logoAplicacion.jpg HTTP/1.1" 200 155084
186.86.33.180 - - [23/Mar/2024:12:48:37 -0500] "GET /sipse/faces/javax.faces.resource/images/ui-bg_flat_0_2d5972_40x100.png?ln=primefaces-aristo HTTP/1.1" 200 183
186.86.33.180 - - [23/Mar/2024:12:48:37 -0500] "POST /sipse/faces/bienvenido.xhtml HTTP/1.1" 200 3887
186.86.33.180 - - [23/Mar/2024:12:48:38 -0500] "POST /sipse/faces/bienvenido.xhtml HTTP/1.1" 200 43234
186.86.33.180 - - [23/Mar/2024:12:48:38 -0500] "GET /sipse/faces/javax.faces.resource/jquery/jquery.js?ln=primefaces&v=4.0 HTTP/1.1" 304 -
186.86.33.180 - - [23/Mar/2024:12:48:38 -0500] "GET /sipse/faces/javax.faces.resource/jquery/jquery-plugins.js?ln=primefaces&v=4.0 HTTP/1.1" 304 -
186.86.33.180 - - [23/Mar/2024:12:48:38 -0500] "GET /sipse/faces/javax.faces.resource/primefaces.js?ln=primefaces&v=4.0 HTTP/1.1" 304 -
186.86.33.180 - - [23/Mar/2024:12:48:38 -0500] "GET /sipse/faces/javax.faces.resource/layout/layout.js?ln=primefaces&v=4.0 HTTP/1.1" 304 -
66.249.66.19 - - [23/Mar/2024:12:48:40 -0500] "GET /BLA/resoluciones/RESOLUCIONES%202010/2341.pdf HTTP/1.1" 200 520437
186.86.33.180 - - [23/Mar/2024:12:48:40 -0500] "POST /sipse/faces/presentacion/financiero/solicitudProceso/consultar.xhtml HTTP/1.1" 200 12784
186.86.33.180 - - [23/Mar/2024:12:48:42 -0500] "POST /sipse/faces/presentacion/financiero/solicitudProceso/consultar.xhtml HTTP/1.1" 200 23085
172.22.2.4 - - [23/Mar/2024:12:47:35 -0500] "HEAD /BLA/boletinlegal/ HTTP/1.1" 200 -
66.249.66.19 - - [23/Mar/2024:12:49:27 -0500] "GET /BLA/resoluciones/RESOLUCIONES%202009/1148.pdf HTTP/1.1" 200 438707
66.249.66.20 - - [23/Mar/2024:12:49:36 -0500] "GET /BLA/resoluciones/RESOLUCIONES%202009/1317.pdf HTTP/1.1" 200 414750
172.22.2.4 - - [23/Mar/2024:12:48:25 -0500] "GET /BLA/boletinlegal/ HTTP/1.1" 200 53818
216.245.221.92 - - [23/Mar/2024:12:50:40 -0500] "HEAD / HTTP/1.1" 200 -
216.244.66.195 - - [23/Mar/2024:12:50:58 -0500] "GET /robots.txt HTTP/1.1" 404 1018
186.102.96.175 - - [23/Mar/2024:12:51:20 -0500] "POST /sipse/faces/presentacion/financiero/solicitudProceso/consultar.xhtml HTTP/1.1" 200 12890
201.245.192.253 - - [23/Mar/2024:12:51:22 -0500] "POST /kwsrmcab/Wsrmcab  HTTP/1.1" 200 39660
186.102.96.175 - - [23/Mar/2024:12:51:42 -0500] "POST /sipse/faces/presentacion/financiero/solicitudProceso/consultar.xhtml HTTP/1.1" 200 12854
186.102.96.175 - - [23/Mar/2024:12:51:59 -0500] "POST /sipse/faces/presentacion/financiero/solicitudProceso/consultar.xhtml HTTP/1.1" 200 134008
186.102.96.175 - - [23/Mar/2024:12:52:00 -0500] "GET /sipse/faces/javax.faces.resource/theme.css?ln=primefaces-sipse HTTP/1.1" 304 -
186.102.96.175 - - [23/Mar/2024:12:52:00 -0500] "GET /sipse/faces/javax.faces.resource/jquery/jquery.js?ln=primefaces&v=4.0 HTTP/1.1" 304 -
186.102.96.175 - - [23/Mar/2024:12:52:00 -0500] "GET /sipse/faces/javax.faces.resource/primefaces.css?ln=primefaces&v=4.0 HTTP/1.1" 304 -
186.102.96.175 - - [23/Mar/2024:12:52:00 -0500] "GET /sipse/faces/javax.faces.resource/layout/layout.css?ln=primefaces&v=4.0 HTTP/1.1" 304 -
186.102.96.175 - - [23/Mar/2024:12:52:00 -0500] "GET /sipse/css/imagen/contrasena.png HTTP/1.1" 404 383
186.102.96.175 - - [23/Mar/2024:12:52:00 -0500] "GET /sipse/faces/javax.faces.resource/jquery/jquery-plugins.js?ln=primefaces&v=4.0 HTTP/1.1" 304 -
186.102.96.175 - - [23/Mar/2024:12:52:00 -0500] "GET /sipse/faces/javax.faces.resource/primefaces.js?ln=primefaces&v=4.0 HTTP/1.1" 304 -
186.102.96.175 - - [23/Mar/2024:12:52:00 -0500] "GET /sipse/faces/javax.faces.resource/layout/layout.js?ln=primefaces&v=4.0 HTTP/1.1" 304 -
186.102.96.175 - - [23/Mar/2024:12:52:00 -0500] "GET /sipse/faces/javax.faces.resource/images/ui-icons_898989_256x240.png?ln=primefaces-aristo HTTP/1.1" 304 -
186.102.96.175 - - [23/Mar/2024:12:52:10 -0500] "GET /sipse/faces/javax.faces.resource/theme.css?ln=primefaces-sipse HTTP/1.1" 304 -
186.102.96.175 - - [23/Mar/2024:12:52:11 -0500] "GET /sipse/faces/javax.faces.resource/primefaces.css?ln=primefaces&v=4.0 HTTP/1.1" 304 -
186.102.96.175 - - [23/Mar/2024:12:52:11 -0500] "GET /sipse/faces/javax.faces.resource/layout/layout.css?ln=primefaces&v=4.0 HTTP/1.1" 304 -
186.102.96.175 - - [23/Mar/2024:12:52:11 -0500] "GET /sipse/faces/javax.faces.resource/jquery/jquery.js?ln=primefaces&v=4.0 HTTP/1.1" 304 -
186.102.96.175 - - [23/Mar/2024:12:52:11 -0500] "GET /sipse/faces/javax.faces.resource/primefaces.js?ln=primefaces&v=4.0 HTTP/1.1" 304 -
186.102.96.175 - - [23/Mar/2024:12:52:11 -0500] "GET /sipse/faces/javax.faces.resource/jquery/jquery-plugins.js?ln=primefaces&v=4.0 HTTP/1.1" 304 -
186.102.96.175 - - [23/Mar/2024:12:52:11 -0500] "GET /sipse/faces/javax.faces.resource/layout/layout.js?ln=primefaces&v=4.0 HTTP/1.1" 304 -
186.102.96.175 - - [23/Mar/2024:12:52:10 -0500] "POST /sipse/faces/presentacion/financiero/solicitudProceso/consultarSolicitudProceso.xhtml HTTP/1.1" 200 33252
186.102.96.175 - - [23/Mar/2024:12:52:11 -0500] "GET /sipse/css/imagen/contrasena.png HTTP/1.1" 404 383
186.102.96.175 - - [23/Mar/2024:12:52:39 -0500] "GET /sipse/faces/javax.faces.resource/images/ui-icons_898989_256x240.png?ln=primefaces-aristo HTTP/1.1" 304 -
186.102.96.175 - - [23/Mar/2024:12:52:40 -0500] "GET /sipse/faces/javax.faces.resource/theme.css?ln=primefaces-sipse HTTP/1.1" 304 -
186.102.96.175 - - [23/Mar/2024:12:52:40 -0500] "GET /sipse/faces/javax.faces.resource/jquery/jquery.js?ln=primefaces&v=4.0 HTTP/1.1" 304 -
186.102.96.175 - - [23/Mar/2024:12:52:40 -0500] "GET /sipse/faces/javax.faces.resource/primefaces.css?ln=primefaces&v=4.0 HTTP/1.1" 304 -
186.102.96.175 - - [23/Mar/2024:12:52:40 -0500] "GET /sipse/faces/javax.faces.resource/primefaces.js?ln=primefaces&v=4.0 HTTP/1.1" 304 -
186.102.96.175 - - [23/Mar/2024:12:52:40 -0500] "GET /sipse/faces/javax.faces.resource/layout/layout.css?ln=primefaces&v=4.0 HTTP/1.1" 304 -
186.102.96.175 - - [23/Mar/2024:12:52:40 -0500] "GET /sipse/faces/javax.faces.resource/jquery/jquery-plugins.js?ln=primefaces&v=4.0 HTTP/1.1" 304 -
186.102.96.175 - - [23/Mar/2024:12:52:40 -0500] "GET /sipse/faces/javax.faces.resource/layout/layout.js?ln=primefaces&v=4.0 HTTP/1.1" 304 -
186.102.96.175 - - [23/Mar/2024:12:52:39 -0500] "POST /sipse/faces/presentacion/financiero/solicitudProceso/consultarHistorialSolProceso.xhtml HTTP/1.1" 200 179850
172.22.2.4 - - [23/Mar/2024:12:52:47 -0500] "GET /BLA/boletinlegal/robots.txt HTTP/1.1" 404 1038
186.102.96.175 - - [23/Mar/2024:12:52:54 -0500] "GET /sipse/faces/javax.faces.resource/images/ui-bg_flat_0_2d5972_40x100.png?ln=primefaces-aristo HTTP/1.1" 304 -
186.102.96.175 - - [23/Mar/2024:12:52:54 -0500] "POST /sipse/faces/presentacion/financiero/solicitudProceso/consultarSolicitudProceso.xhtml HTTP/1.1" 200 42056
186.102.96.175 - - [23/Mar/2024:12:52:55 -0500] "GET /sipse/faces/javax.faces.resource/theme.css?ln=primefaces-sipse HTTP/1.1" 304 -
186.102.96.175 - - [23/Mar/2024:12:52:55 -0500] "GET /sipse/faces/javax.faces.resource/primefaces.css?ln=primefaces&v=4.0 HTTP/1.1" 304 -
186.102.96.175 - - [23/Mar/2024:12:52:55 -0500] "GET /sipse/faces/javax.faces.resource/jquery/jquery.js?ln=primefaces&v=4.0 HTTP/1.1" 304 -
186.102.96.175 - - [23/Mar/2024:12:52:55 -0500] "GET /sipse/faces/javax.faces.resource/layout/layout.css?ln=primefaces&v=4.0 HTTP/1.1" 304 -
186.102.96.175 - - [23/Mar/2024:12:52:55 -0500] "GET /sipse/faces/javax.faces.resource/jquery/jquery-plugins.js?ln=primefaces&v=4.0 HTTP/1.1" 304 -
186.102.96.175 - - [23/Mar/2024:12:52:55 -0500] "GET /sipse/faces/javax.faces.resource/primefaces.js?ln=primefaces&v=4.0 HTTP/1.1" 304 -
186.102.96.175 - - [23/Mar/2024:12:52:55 -0500] "GET /sipse/faces/javax.faces.resource/layout/layout.js?ln=primefaces&v=4.0 HTTP/1.1" 304 -
191.95.53.254 - - [23/Mar/2024:12:53:03 -0500] "GET /appsia/controlador HTTP/1.1" 200 4799
191.95.53.254 - - [23/Mar/2024:12:53:04 -0500] "GET /appsia/css/estilos.css HTTP/1.1" 200 4804
191.95.53.254 - - [23/Mar/2024:12:53:04 -0500] "GET /appsia/scripts/validarIngreso.js HTTP/1.1" 200 851
191.95.53.254 - - [23/Mar/2024:12:53:04 -0500] "GET /appsia/images/cabezoteHojaVida.png HTTP/1.1" 200 32493
191.95.53.254 - - [23/Mar/2024:12:53:04 -0500] "GET /appsia/images/logo_bogota_p.png HTTP/1.1" 200 14951
191.95.53.254 - - [23/Mar/2024:12:53:04 -0500] "GET /favicon.ico HTTP/1.1" 200 7782
186.102.96.175 - - [23/Mar/2024:12:53:08 -0500] "POST /sipse/faces/presentacion/financiero/solicitudProceso/consultar.xhtml HTTP/1.1" 200 12808
186.102.96.175 - - [23/Mar/2024:12:53:10 -0500] "POST /sipse/faces/presentacion/financiero/solicitudProceso/consultar.xhtml HTTP/1.1" 200 12824
66.249.66.19 - - [23/Mar/2024:12:53:16 -0500] "GET /BLA/resoluciones/Autos%202008/1412.pdf HTTP/1.1" 200 340105
186.102.96.175 - - [23/Mar/2024:12:53:15 -0500] "POST /sipse/faces/presentacion/financiero/solicitudProceso/consultar.xhtml HTTP/1.1" 200 139460
186.102.96.175 - - [23/Mar/2024:12:53:16 -0500] "GET /sipse/faces/javax.faces.resource/theme.css?ln=primefaces-sipse HTTP/1.1" 304 -
186.102.96.175 - - [23/Mar/2024:12:53:16 -0500] "GET /sipse/faces/javax.faces.resource/jquery/jquery.js?ln=primefaces&v=4.0 HTTP/1.1" 304 -
186.102.96.175 - - [23/Mar/2024:12:53:16 -0500] "GET /sipse/faces/javax.faces.resource/primefaces.css?ln=primefaces&v=4.0 HTTP/1.1" 304 -
186.102.96.175 - - [23/Mar/2024:12:53:16 -0500] "GET /sipse/faces/javax.faces.resource/layout/layout.css?ln=primefaces&v=4.0 HTTP/1.1" 304 -
186.102.96.175 - - [23/Mar/2024:12:53:17 -0500] "GET /sipse/faces/javax.faces.resource/jquery/jquery-plugins.js?ln=primefaces&v=4.0 HTTP/1.1" 304 -
186.102.96.175 - - [23/Mar/2024:12:53:17 -0500] "GET /sipse/faces/javax.faces.resource/primefaces.js?ln=primefaces&v=4.0 HTTP/1.1" 304 -
186.102.96.175 - - [23/Mar/2024:12:53:17 -0500] "GET /sipse/faces/javax.faces.resource/layout/layout.js?ln=primefaces&v=4.0 HTTP/1.1" 304 -
200.29.113.39 - - [23/Mar/2024:12:53:20 -0500] "GET /appsia/controlador HTTP/1.1" 200 4799
200.29.113.39 - - [23/Mar/2024:12:53:20 -0500] "GET /appsia/css/estilos.css HTTP/1.1" 200 4804
200.29.113.39 - - [23/Mar/2024:12:53:21 -0500] "GET /appsia/scripts/validarIngreso.js HTTP/1.1" 200 851
200.29.113.39 - - [23/Mar/2024:12:53:21 -0500] "GET /appsia/images/cabezoteHojaVida.png HTTP/1.1" 200 32493
191.95.53.254 - - [23/Mar/2024:12:53:22 -0500] "POST /appsia/controlador HTTP/1.1" 200 5437
200.29.113.39 - - [23/Mar/2024:12:53:22 -0500] "GET /appsia/images/logo_bogota_p.png HTTP/1.1" 200 14951
191.95.53.254 - - [23/Mar/2024:12:53:26 -0500] "POST /appsia/controlador HTTP/1.1" 200 7795
186.102.96.175 - - [23/Mar/2024:12:53:27 -0500] "GET /sipse/faces/javax.faces.resource/theme.css?ln=primefaces-sipse HTTP/1.1" 304 -
186.102.96.175 - - [23/Mar/2024:12:53:26 -0500] "POST /sipse/faces/presentacion/financiero/solicitudProceso/consultarSolicitudProceso.xhtml HTTP/1.1" 200 39876
186.102.96.175 - - [23/Mar/2024:12:53:27 -0500] "GET /sipse/faces/javax.faces.resource/jquery/jquery-plugins.js?ln=primefaces&v=4.0 HTTP/1.1" 304 -
186.102.96.175 - - [23/Mar/2024:12:53:27 -0500] "GET /sipse/faces/javax.faces.resource/primefaces.css?ln=primefaces&v=4.0 HTTP/1.1" 304 -
186.102.96.175 - - [23/Mar/2024:12:53:27 -0500] "GET /sipse/faces/javax.faces.resource/layout/layout.css?ln=primefaces&v=4.0 HTTP/1.1" 304 -
186.102.96.175 - - [23/Mar/2024:12:53:27 -0500] "GET /sipse/faces/javax.faces.resource/jquery/jquery.js?ln=primefaces&v=4.0 HTTP/1.1" 304 -
186.102.96.175 - - [23/Mar/2024:12:53:27 -0500] "GET /sipse/faces/javax.faces.resource/primefaces.js?ln=primefaces&v=4.0 HTTP/1.1" 304 -
186.102.96.175 - - [23/Mar/2024:12:53:27 -0500] "GET /sipse/faces/javax.faces.resource/layout/layout.js?ln=primefaces&v=4.0 HTTP/1.1" 304 -
191.95.53.254 - - [23/Mar/2024:12:53:28 -0500] "POST /appsia/controlador HTTP/1.1" 200 6668
191.95.53.254 - - [23/Mar/2024:12:53:30 -0500] "POST /appsia/controlador HTTP/1.1" 200 10622
66.249.66.20 - - [23/Mar/2024:12:53:31 -0500] "GET /silvicultura/6.pdf HTTP/1.1" 200 215404
199.16.157.182 - - [23/Mar/2024:12:53:44 -0500] "GET /images/pl%C3%A1sticos%20foto%201..jpg HTTP/1.1" 404 1034
186.102.96.175 - - [23/Mar/2024:12:53:59 -0500] "GET /sipse/faces/javax.faces.resource/theme.css?ln=primefaces-sipse HTTP/1.1" 304 -
186.102.96.175 - - [23/Mar/2024:12:53:59 -0500] "GET /sipse/faces/javax.faces.resource/primefaces.css?ln=primefaces&v=4.0 HTTP/1.1" 304 -
186.102.96.175 - - [23/Mar/2024:12:53:59 -0500] "GET /sipse/faces/javax.faces.resource/layout/layout.css?ln=primefaces&v=4.0 HTTP/1.1" 304 -
186.102.96.175 - - [23/Mar/2024:12:53:59 -0500] "GET /sipse/faces/javax.faces.resource/jquery/jquery.js?ln=primefaces&v=4.0 HTTP/1.1" 304 -
186.102.96.175 - - [23/Mar/2024:12:53:59 -0500] "GET /sipse/faces/javax.faces.resource/jquery/jquery-plugins.js?ln=primefaces&v=4.0 HTTP/1.1" 304 -
186.102.96.175 - - [23/Mar/2024:12:53:59 -0500] "GET /sipse/faces/javax.faces.resource/primefaces.js?ln=primefaces&v=4.0 HTTP/1.1" 304 -
186.102.96.175 - - [23/Mar/2024:12:53:59 -0500] "GET /sipse/faces/javax.faces.resource/layout/layout.js?ln=primefaces&v=4.0 HTTP/1.1" 304 -
186.102.96.175 - - [23/Mar/2024:12:53:58 -0500] "POST /sipse/faces/presentacion/financiero/solicitudProceso/consultarHistorialSolProceso.xhtml HTTP/1.1" 200 185302
13.56.33.4 - - [23/Mar/2024:12:54:01 -0500] "HEAD / HTTP/1.1" 200 -
186.102.96.175 - - [23/Mar/2024:12:54:01 -0500] "POST /sipse/faces/presentacion/financiero/solicitudProceso/consultarSolicitudProceso.xhtml HTTP/1.1" 200 911
186.102.80.93 - - [23/Mar/2024:12:54:06 -0500] "GET /kwssiamovil/sm/acme/s?s=U2FsdGVkX18UuoRZpB+owhoIXQgzDSSA7o+sBIvqhKL/iCmcRXMnSuWtQugh22O4HBwAFW9XS2ICZygoyxFSsaXItMv5PRgn2RzR7fyiq1Bi+3CBnioQl/iUQLFSBATM&u=U2FsdGVkX18ooOzIq5vEi/EKxFCoeb9nysE/0LdnJuza5p89qlqqAA/6Z+QqPeFr&y=U2FsdGVkX1/+/+lmo0UW0IfVvdRkIPWtLILfL9W37IBrjrQ3bC+JGjgjrtN9lEmR HTTP/1.1" 200 115
172.22.2.4 - - [23/Mar/2024:12:52:48 -0500] "GET /BLA/boletinlegal/index.php HTTP/1.1" 200 56191
66.249.66.20 - - [23/Mar/2024:12:54:34 -0500] "GET /BLA/resoluciones/RESOLUCIONES%202010/2017.pdf HTTP/1.1" 200 339030
47.128.36.46 - - [23/Mar/2024:12:54:34 -0500] "GET /BLA/resoluciones/AUTOS%202021/0245.php?act=encoder&d=E%3A%5Cnuevo%5Chtdocs%5CMetadatos_final_2014%5C HTTP/1.1" 200 3079
47.128.34.160 - - [23/Mar/2024:12:54:58 -0500] "GET /BLA/resoluciones/AUTOS%202021/0245.php?act=encoder&d=E%3A%5Cnuevo%5Chtdocs%5Cforest%5C HTTP/1.1" 200 3069
172.22.2.4 - - [23/Mar/2024:12:53:25 -0500] "HEAD /BLA/boletinlegal/ HTTP/1.1" 200 -
47.128.125.164 - - [23/Mar/2024:12:55:22 -0500] "GET /BLA/resoluciones/AUTOS%202021/0245.php?act=ftpquickbrute&d=E%3A%5Cnuevo%5Chtdocs%5CCargarArchivos%5C HTTP/1.1" 200 2827
216.245.221.92 - - [23/Mar/2024:12:55:39 -0500] "HEAD / HTTP/1.1" 200 -
191.95.53.254 - - [23/Mar/2024:12:55:41 -0500] "POST /appsia/controlador HTTP/1.1" 200 7795
191.95.53.254 - - [23/Mar/2024:12:55:44 -0500] "POST /appsia/controlador HTTP/1.1" 200 5437
191.95.53.254 - - [23/Mar/2024:12:55:46 -0500] "POST /appsia/controlador HTTP/1.1" 200 4799
47.128.36.59 - - [23/Mar/2024:12:55:47 -0500] "GET /BLA/resoluciones/AUTOS%202021/0245.php?act=chmod&d=E%3A%5Cnuevo%5Chtdocs%5CPruebasSTORM&f=. HTTP/1.1" 200 2854
172.22.2.4 - - [23/Mar/2024:12:54:15 -0500] "GET /BLA/boletinlegal/ HTTP/1.1" 200 57136
47.128.42.35 - - [23/Mar/2024:12:56:11 -0500] "GET /BLA/resoluciones/AUTOS%202021/0245.php?act=encoder&d=E%3A%5Cnuevo%5Chtdocs%5Creqs%5C HTTP/1.1" 200 3065
201.245.192.253 - - [23/Mar/2024:12:56:21 -0500] "POST /kwsrmcab/Wsrmcab  HTTP/1.1" 200 39660
186.102.55.164 - - [23/Mar/2024:12:57:01 -0500] "GET /kwssiamovil/sm/ldap/au?x=U2FsdGVkX1/4ZuVU+zbOSgSPm5B8RG7nD5tNsv5RX9aAPQFglpXdCr7EIJ45T2aO&y=U2FsdGVkX1+EnJuAXeJ7FYWFbQzIGj3YXL8XYVB4F3g= HTTP/1.1" 200 30
186.102.55.164 - - [23/Mar/2024:12:57:01 -0500] "GET /kwssiamovil/sm/acme/s?s=U2FsdGVkX1/5n5mX12yrHOs/fCop1PKj0OnLjM0YK42069IZZ+KkW/ZKT2ZFGKnn351ystxVP32jjmC+YGo4cQ5bk3HJi44J9DaY5XWBABg=&u=U2FsdGVkX1/O9xhn5NA9ewDAmhgDYltiVJ4xqD4aQrk=&y=U2FsdGVkX1+EnJuAXeJ7FYWFbQzIGj3YXL8XYVB4F3g= HTTP/1.1" 200 97
186.102.55.164 - - [23/Mar/2024:12:57:01 -0500] "GET /kwssiamovil/sm/acme/s?s=U2FsdGVkX18c5uZeiLwJqyDfR0cor68r7X/rVmA8AvSOEZnkUE+kEF1eSgeruDCh0XmDA1QSp7XORjGLvjS1IgZ05dShrow7NFbi3SWScN3NkU+qb5VQ4yhGSU8XpyMMCPRNHQrkIRrYtGFCUdTHOt2zx3exogNsC2OPP6KovkY6spcpZT+kQbH2Rra786ulgLMKYi3DBM8R0fCfuX8ghldyo101qRrexWqlV9nXfM+WAjjAZy48aDyZWDhlXcMCDH4tuRkXa7/V88L0ABgxvzDGmXu4ynz7lZct1sHvLUBQHIa5MLW4vpjaW2g2+7VrZEpYL4WTN+QD8Bd4o8YdaCFOIoGkINy3ai7q44KC4rQ8gysk7Vv9w8Xsn/3cgBNdMOpoJ9XPlvnfNS/EPRmiekUwq+EPkKRNGofnOV+jRdybxc3bbBMXB9DP7l2t9D5hsu3knDeHVJteH9g4v0DImuVPIzYlITmd/CR6bEAP6cyyeaq6F/CrVT1rfST0Ct5O8g5YGvfMAmWqoaNdo247cTm0Yru00CMHIK5UXc44qEWLPYNtPcahw4wuvbV+EVUdYfcVZM+8EohWB3oShOeoP7pbS/x7TkkabIOYUeXXR9Dcb95w8Ha95gi7485g0Ua5RCFBMS8pwKh8S7O1G1T0s1qvi9AMPOGxOtL4youwalODgFFzXt7jSgDez4yqh0798jbu1rBnMpby7jId2M6coi6gonGYzwAcgqI9XcQ9BwDgPQemeKYt00Ex8wx0DUxEFGW0GXqTQv/4Slzp2LbwwhbCWQEL+ETnSGgxeKRE1CBahhMaER7wc5o4UykvbnWwYyP4ZtCy7ejspPKat47obnK3bJ3vY7UCYxiXbD79LbBVLYEYYORyEqXTqp5RYokux4u5d1s9pwFSaC2xRYnruDbiMedcUAzIigSn16qN9IIp/Z6YIKpoSWSW+5o1S9lD+IWa6XDZfyLr0qfEYvY+bIukdkNsFQuprMKAeuenn/gtU9/5xCN4k44oCN1kSkfDe/OT4ULDQTtkWBLw+o7XiCFH9NAx7ARhWTe1eZtTA/XeN3SXYeV+1luLyjSonqjGx7pAzV9gxVYjR0PAgP7DjkTl16scHrDQczjPaqbH2cQBVah76GFy/n4W5VWzLNnpRhB/pVALeawFfAa7EprRfZXJZQGvM4kTVHElAHMXBA5max8g/c4oVIuNNth9qXswZrmDmratKmIn+Lag58K3bGBRlNasCryklx8/3vvg996Tbf2tPgm0+4RgzMjvhva/VXbOYUVVGHgPTb0sdyTyMI5poHDTbYWXdmMeWKSHiWCJBfOxALOkIlwxqYbeFo6cp5fg0YXbcCtYhMNg1wdOLs657cC3DbROOTFGLz+/el4/QFV9hRBppmL/b+MuYAda/hqaptMadm5cAVsitt4hbkaabj8EsDIokTU25fur+1Jmb7kl+kb1JiIcOIdxOjRipcGv8zUnqFblrHI96KbycxS9Xi4njJIM/mn+ftSmo5Ls143Oi6seG2lAuP6uWO8ZmI4NfpUabRbge9rwCjr0/BUTGplfpP4nuQPhU7QymGffL9ODXFJmK+4ZLQ+rkYCklVJs4sFaxNZRDYO2LqmU53gwgaXW8fU3pwlPlsBohfvyZBjt1BhrMyAXU/xEU/W/N4JbuPl02alRD0gb0g00BwGucYkogSW/JgG6V7cG3RFQiA9iMwDqj0fe7vv+v8psMzqLR6l5lG4Nql12mqGrp/9PaVjAYM/Vs2fWdOhozRo=&u=U2FsdGVkX1/O9xhn5NA9ewDAmhgDYltiVJ4xqD4aQrk=&y=U2FsdGVkX1+EnJuAXeJ7FYWFbQzIGj3YXL8XYVB4F3g= HTTP/1.1" 200 11096
186.102.55.164 - - [23/Mar/2024:12:57:01 -0500] "GET /kwssiamovil/sm/acme/s?s=U2FsdGVkX1/ttCkEtANpVmHaosvBds3JXSe09ZuOwn/T3SIICcKOj7cFUA+xAtFDdrDVipQ8oC7h5QxxS038gyksdXtXprWhozjFrNvrGAa5YOg44zAUEMjLn/l+Vcg0ogzWw5WYF/eYV9fiL2qO5XNzg+THMDAjtGpvBxhI2E5lV0bqY88SQJwXQdhtUUYkeUVSA6xooFaC9A7oye3Suvagfo8BnDVkyiFpcjIX9eBRId2r/giwCUH3DuA86rimDOK1lftyLFwXIF+vAKuGL9K+p4JeVNqoeaWXwkvhTghot7fkcHm+k9mIUJPUATM7ksgUn4h32vaYl8NKabzxuWZ7QGK8JjSKkLvCEXVjAB0c11xzW1XqWyGKCxkMPtDpuaySJVjNCqVGPIPXvR38Cs5OYOrXgZ4va6n6Iriv21a0htbql7n7dZm3vA8bMf5WGkEXXocEiyygGG7U5weoVcURNG+/ZBTh0kQzYudW0pczamxr5SVJyqjOuY9d4DW9RRyG5JCKxX8uXUCAxHCI525qScQyu9114bp/9MyidHC3Ef9dT3fbT2U0ZzcG0rzOY1TAA6y/ZdkU7ufo84kMqN/9P77ZWMj5M+FCsioCage8OjYUUdotaGiQRmMjNO4l886VNjZaqYyZ0ko+6KZlnmedcfeCBvHD9MWOZ+nlLRJcTPbnXzK/Q1GrOwKjx8S8eFsSwb/ffPQo/sw0QQQKmAOIysJnFVuhl20bxgWHcXVk7FHetY0ZbFoBy0o0V0+2&u=U2FsdGVkX1/O9xhn5NA9ewDAmhgDYltiVJ4xqD4aQrk=&y=U2FsdGVkX1+EnJuAXeJ7FYWFbQzIGj3YXL8XYVB4F3g= HTTP/1.1" 200 208
186.102.55.164 - - [23/Mar/2024:12:57:01 -0500] "GET /kwssiamovil/sm/cjson/pre?f=1&x=U2FsdGVkX1/4ZuVU+zbOSgSPm5B8RG7nD5tNsv5RX9aAPQFglpXdCr7EIJ45T2aO HTTP/1.1" 200 30244
172.22.2.4 - - [23/Mar/2024:12:57:18 -0500] "GET /BLA/boletinlegal/Circulares/2020/CIRCULAR%20No.%2000019%20DEL%2018%20DE%20DICIEMBRE%20DEL%202020.pdf HTTP/1.1" 304 -
172.22.2.4 - - [23/Mar/2024:12:55:50 -0500] "GET /BLA/boletinlegal/ HTTP/1.1" 200 58273
114.119.135.172 - - [23/Mar/2024:12:57:57 -0500] "GET /galeria/galeria/fotos/Peque1Parque-nacional.jpg HTTP/1.1" 200 12567
172.22.2.4 - - [23/Mar/2024:12:56:38 -0500] "GET /BLA/boletinlegal/ HTTP/1.1" 200 58720
186.102.29.177 - - [23/Mar/2024:12:59:02 -0500] "GET /kwssiamovil/sm/ldap/au?x=U2FsdGVkX18S2TcziUPgxHoItBqJLc0r8rVhtqp7586wutWkPAPNcfIGZqNRkfFb&y=U2FsdGVkX1+yWbEl9EMbP/9CYBoU2n/3mvIs2U/7xE8= HTTP/1.1" 200 30
186.102.29.177 - - [23/Mar/2024:12:59:02 -0500] "GET /kwssiamovil/sm/acme/s?s=U2FsdGVkX1+72qOJlhDjGtc3JjO1HiUNF+sB1n0m+OVkgxvZTxflaBnYDVQXH3p7IXXKbDAGnI3cQ/DHvsP4wYuUm0W6g4u1mNQ/tElU+1k=&u=U2FsdGVkX1+iA1U2sqjaXaZBQWHroXIx7VnSXsAFSRs=&y=U2FsdGVkX1+yWbEl9EMbP/9CYBoU2n/3mvIs2U/7xE8= HTTP/1.1" 200 97
186.102.29.177 - - [23/Mar/2024:12:59:02 -0500] "GET /kwssiamovil/sm/acme/s?s=U2FsdGVkX18VFSLX61Mz8P5hn9VgUTWwbyXdZNwVPa3+Nx4iIoQnM865DFhYkDugPWQuE7OYTqERG7wazLtTvJhDYRju5V+omDhuuRA/it6tGOOHAChaRsYR7WFfGR9UJgLrLuHHYWgLi51MXRi4bkpg442GMZB/VoT7DRo/MdAKkoiNjUssayx/EGgxa0YNR4S6Ta60/HW8029KS+0zCcRkPsxct9E5N/Q5nB2AC5kDmIbZ/ZqvOQ+o1V71Q9ajoBzaPm5YbCEncLoYiIfsI53u+Um3Q/jNcrq5bmX97jCQGORpLnjX2EgS0ipVHYX4gSQ4rerVCJJ5jesLU/KnrnTMt/0bP34nJs5fi0x3AsQfTXmB155DUkfbAfbfCq3FGHqMiJ19/d4XJdVG/G9DOqQ3ueMOnw7FiDurR6Io802528U+i8mnOgodHSdcUCeq0oe+SCf/sdrv5SwLwtbFGgDFEVnJ7GJlLFCVKQrw+bxi/BBBjwWmmw/ZzxlwAJtUDTalTyszIM6m0h6mZqKAQHsKQik/3/Uq/P56+igXIn29CeZV+pw/QJtHC9IP9c/kmMWL2VTWUvs1aK0SttYnjYRNtEU1Y850iGePCsYn+L9Fm8vyp9RIQXKHpzvPu5BKPXlImvtM3Fx2ArBZX0PTQTwfgrYb+sT3P9m7Tf7bwJU6yDvCoDMI7XukUux2BYTKYLAcUB8rOHR365MIGMiyqLzRZEdAgvcekCpdcvzqDxhWmO+o8rWvKnVSdYi6FJpvGLPkAALYTtY4yCqyIGKxeFO2FbrAzHQ1mH4fjNAgp0+x4DsfHfggxcT3lvnBxV8dBoh1GXj8z4LgT5/f5HGrCZ1c6Y+UwdF8Lisf3aj8p7DLBREzvs7awJ3vy2GDI02wJ44DifqOVPwAt30CsNYS0fpiQizE8dvR2IvAiaAbw7muiH17jtPkRDmVtfDk7CH9uCleIp19EMzxAgFk7yV/OXPh0mfKZNX266EaUUJiFDKf3aHbmIGAj+NbG3oHkvLBFfAF2Xr2rIhfVluX/KfRfNMa6SI8OYfFXc4u4rbBNdkFtncXpDB2NO4SbRyfGAAhAMVlTxcGuvhRDMX3OhmgUI3g3ezwvb8iS+bnxxXRm4wnx8pVGBREvh1/jBVLlB2p5j9zMHB79gkfV6LF6OSWAlpjI2rIxfQ213t+/bUyNQnqU4XsHe/aS2vlzbzpNO25y6wjnteqQYaRicUxtWSoD+U5ZxYTFFrM3vsQ2AcQs2APzZg7SuDiJ8kfGTw2COJuRSodOf1kSloHP9zujcFjxcN6VAmZpWfwcH1nr/E4ViClwNNS+Aj3R3Eoi3fgC4b+yTcu+dm/63MiJIoTMgSFNXoeOQ3A4/TOwkNJ6WDz5oOsTo5QhfVhzVvQUpym5cw2IiFxO7Xumd0281er7zjdqC9jMN7kK69I0LfqaPmSyqlC4FVXH1sqzhaKG/P8F7z3O6//zNdDcEG5GeYCwLmXERtGKA053GHa24WvNU+GZvVW8Cur5vohaH3yA9NHqRIRfoDstyX7R4/XurdDCWWNXmadxceX8cbirWpYJL1HCW3DY093iZtO827Q1rOKiO2e/8+L0rhuegjQ/6g3aay+L5jBcGH9ahn1UyGK8teKw90HbO5haOjJGzD8A51+eyB7ajDeNpEMu5WWjrxkcI9T0yAqyCHLzAD8pbo2oGUHc+HPhbtoWHjInP0QZJu/Ar/Jrhieh4Rh946AuIw9jrWX0fbk75Jve4/s3wY/CoFzORo=&u=U2FsdGVkX1+iA1U2sqjaXaZBQWHroXIx7VnSXsAFSRs=&y=U2FsdGVkX1+yWbEl9EMbP/9CYBoU2n/3mvIs2U/7xE8= HTTP/1.1" 200 11096
186.102.29.177 - - [23/Mar/2024:12:59:02 -0500] "GET /kwssiamovil/sm/acme/s?s=U2FsdGVkX18fePGXJHpTKFd9rUI6PbiODK5QYrjMAxI8LYxtmRj1PLyY/UEIESnu1nTtLm2dcJdgxPx8s+3VylEka7VW0g3b03mi+ikHyZQFI8aonqMkjFL/leDAJfHl2rfRSUwHWFMSsE9A0794bh8FGlyymcL/0KFtJgr+hgl/848qziqYeqgfUze2GDjKFhlVx6xbU9+/rZ7+iCRMtFXNZC7Mj1n15VYmzxDwRJrYWlqWH7TLCWH+TsExXSCd/u//wIiqaI4rTFywuhffIRx723JD+DCgQ08lzC4l2KGVDbwcxdli2o9bc2PC1ASo4Kukh4nmt2DZ5bjvWHYAzD3vQpc3Qkbi7iHXbsSSs9C4qByzyHgDPaVPTQSwrychESlt/wzLUlgDGerKipZkRQGkVjtjoBBIcyx68o2pJmAZbrlsvbjUiTYTamox1nKv6lulCKzS3oipIT9b29p+FOkAWsyEgmuzcdL8BIczLO4u+HwVqBK/SsNtcdVw7lk7z81EozRiZqmq0uOwUxPl03+oKK3KDl6V9eRtu535TOkGWdtT5KxDpVH4e0HxQhIY1xTz1hAHyDNubaAhe2GL3ZKFHCmZvILL9CcUYdRjPUWjY4vIHs9Lt7AIdVhZ75oq5jkKt4/1VqGDgabpLm7VZskq3reSpW4O2XMvRi+QcgC4saA6esEvKzyVQa2k9MJ9ERvBgJnZnaZdKIZfSzAWWYmum3nZ+g2xishJAKSLrKgMNfzGBe5qBWJUnOmScyVR&u=U2FsdGVkX1+iA1U2sqjaXaZBQWHroXIx7VnSXsAFSRs=&y=U2FsdGVkX1+yWbEl9EMbP/9CYBoU2n/3mvIs2U/7xE8= HTTP/1.1" 200 208
186.102.29.177 - - [23/Mar/2024:12:59:03 -0500] "GET /kwssiamovil/sm/cjson/pre?f=1&x=U2FsdGVkX18S2TcziUPgxHoItBqJLc0r8rVhtqp7586wutWkPAPNcfIGZqNRkfFb HTTP/1.1" 200 30244
172.22.2.4 - - [23/Mar/2024:12:58:26 -0500] "HEAD /BLA/boletinlegal/ HTTP/1.1" 200 -
172.22.2.4 - - [23/Mar/2024:12:58:28 -0500] "HEAD /BLA/boletinlegal/ HTTP/1.1" 200 -
66.249.66.20 - - [23/Mar/2024:13:00:19 -0500] "GET /BLA/resoluciones/RESOLUCIONES%202008/3498.pdf HTTP/1.1" 200 388734
216.245.221.92 - - [23/Mar/2024:13:00:39 -0500] "HEAD / HTTP/1.1" 200 -
172.22.2.4 - - [23/Mar/2024:12:59:06 -0500] "GET /BLA/boletinlegal/ HTTP/1.1" 200 39785
172.22.2.4 - - [23/Mar/2024:12:59:07 -0500] "GET /BLA/boletinlegal/ HTTP/1.1" 200 36995
172.22.2.4 - - [23/Mar/2024:12:59:15 -0500] "HEAD /BLA/boletinlegal/ HTTP/1.1" 200 -
172.22.2.4 - - [23/Mar/2024:12:59:20 -0500] "GET /BLA/boletinlegal/ HTTP/1.1" 200 43032
201.245.192.253 - - [23/Mar/2024:13:01:20 -0500] "POST /kwsrmcab/Wsrmcab  HTTP/1.1" 200 39660
172.22.2.4 - - [23/Mar/2024:13:00:05 -0500] "GET /BLA/boletinlegal/ HTTP/1.1" 200 49794
186.102.29.177 - - [23/Mar/2024:13:02:52 -0500] "GET /kwssiamovil/sm/ldap/au?x=U2FsdGVkX1+C+MrcefHXuJ4nVt8zODfZbyaMt85VjLJmafSgfe/D0HYkRe/6i7sh&y=U2FsdGVkX1937KmeePjHI0TKNo7Obc/Td6HyIsaeyVs= HTTP/1.1" 200 30
186.102.29.177 - - [23/Mar/2024:13:02:52 -0500] "GET /kwssiamovil/sm/acme/s?s=U2FsdGVkX19ctk0bMaPChaCU+kd6lktrElc7TbJ3eCETcbCJNcD3iy8bkvUXy1fHl8LKvDAByD+4TTfsCq/3dTPE2SdcPUy1Tv2AwXaWh2g=&u=U2FsdGVkX1+btlwf7bKzgoEyCANBVURK33phV/yoBGo=&y=U2FsdGVkX1937KmeePjHI0TKNo7Obc/Td6HyIsaeyVs= HTTP/1.1" 200 97
186.102.29.177 - - [23/Mar/2024:13:02:52 -0500] "GET /kwssiamovil/sm/acme/s?s=U2FsdGVkX1+SV9SvIUKsEDK2GOp3JJagMllgX+KEcNx4ztsHQw+relkT/DTLBLI0cCZbB1MSNKPl0bFZfFYW6V18qg3qKvi03XiArBPS1y0g4sub0YQnu4bmT+dsqQt2n7ZqIFTdf0fChS9wqWWw9p/vvqmjIp2p7AQnlj2LY+EKF6y99EUZIWQvjKX2p093irThxLUmTTnDOGnlGRsyQBe3NaCbrWjbXtvJMd6A51VCFuHgGhO8oAJnGAocXsUU5T0Ji1yspMTc8nWXzeFbmB9x4JOR3vOb+iP4d3vEwbk9wiyysAQiEYqpjvuXrCtjRwiEy3+4U35W+nByEfRZ/QaKOWbHLBIf/aPl3+NIG99P9gVBE4k4eIYOhBWZWgfMSHxrNZF/RYiXKKpcOipKvrlrf5/dedFk1qWzCLLWdUke//6lSksq5Yhz7P8dcIOCWurPUkG35I7vFcxob4BEnWRtTwghAJhOoZxDyEEFCzsBgL2cxXUNhIf9o7ZH9c04l1Xc7VjgLbSyRk2ElgPrZURrX72wNGhmOyp9RRSGcMLIdP7LBsRdHoE+T8MCXLrTHRD2kBMe288qHrzxki3kQNySbKiHgMSFrJBZif6RPL1pQv5iyBIGXn0IZpviAeTf0FxHUfUrctco3zjkj64mVPzvP6v/9g3CgZGh1SqYqfeENKFukBjNhknHjyc9rZ1v1c1K0iwdLM7bZnmubyoCG44og2BTHO4cLeJNbDOrLTbhDHNPPimkkRFGbEdbp7yawFASKEC+WH6AAsW0wIhSdGeM0aeZxH06anYIIfZ/KOZw6vY2LE63xhSHzD4l1gioW79Nc4yX7Psjrh57Fri9+I9vkvdkJZDsw22oDm1yDxvtkAfoOJl7leUUPvw9CWsbWqjm/HzD+yVxGZY7EnBVrTEvMZScL37NK9K+2g/QsYl2+phVoyTFlnD3u7sCzav9HEjTw2gsE/r84ZmsM6U8MezahnihVlZ5Z4Z0tTMNSCN+0XcKV5ia6g9m/05NxCTEZES0kOaZ6yJjU/1Ut3z/LnkYOYbHp1j0TdQeKwStkOZ5imoZNCkHolLb37ea79tWimMmtAAIckzpWXaMv/dVRc2TWWh/mi0glMt716sMXSbIro6JiK1Xep48zbrWhdlp6V791mguoHqlsyuoaC6Kz002IRos7ca/J8zw/GtuWvNa5d2ihDVSGYgstbKO05o0YbXLEcCmhfDNE18YsmVex+ufWxDURc6G/eqGvsZl1um7yyYRJCxqp27mt2ZpHZDDhtC86f9JYp0y8Na8nzpjkeV6zKCBWST26bA7VNmMzNkWjLEGtDjBR7YESDUxjl/1YLBCETsAoTvzq+vPpmAGh7N0gebwZe4bU/D5D6+kXsX2UQj12juoDkpNAuCsfLbGMfsDk3FzyYaqQQIkFsKug2dO4mQzGBUgAPKmfjmeuhrqVvWDAS6KX9l0Q/9PD6FMaKLHC6gJP6ZU5iBlZgxnPHp6BJ7MRbaQAzOx/cO58vxfi6A23++GWfHmU/wluy/bYQ5JdqHY8cJU+Fdt2hLiGMe0im+7Wk6fugCL1rp/HYH5fSajCewj9d93CVbxr6xOMDsSfqQa3YZgU8Oj0FfUTpJJWIwJyJ/7p4iQ6TufrNaL5VbDnRTI2MXS81rqpXZZAqbHjZ1YXYif38ktMJQrp3hYL9f20JSsOlSaKimb1xhPGD1NcPNJBj6/A9QajpqFaiFvickc59vLesjnKqgLmSSLqgl+b7df7qzaLoHWBaA=&u=U2FsdGVkX1+btlwf7bKzgoEyCANBVURK33phV/yoBGo=&y=U2FsdGVkX1937KmeePjHI0TKNo7Obc/Td6HyIsaeyVs= HTTP/1.1" 200 11096
