172.22.2.4 - - [23/Mar/2024:14:27:35 -0500] "GET /BLA/boletinlegal/ HTTP/1.1" 200 52783
172.22.2.4 - - [23/Mar/2024:14:29:16 -0500] "GET /BLA/boletinlegal/static/wagtailadmin/css/core.css HTTP/1.1" 404 1038
172.22.2.4 - - [23/Mar/2024:14:29:19 -0500] "GET /BLA/boletinlegal/style.css/wagtailadmin/css/core.css HTTP/1.1" 404 1038
201.245.192.253 - - [23/Mar/2024:14:28:48 -0500] "POST /kwsrmcab/Wsrmcab HTTP/1.1" 200 38550
201.245.192.253 - - [23/Mar/2024:14:29:23 -0500] "POST /kwsrmcab/Wsrmcab HTTP/1.1" 200 39857
201.245.192.253 - - [23/Mar/2024:14:29:26 -0500] "POST /kwsrmcab/Wsrmcab HTTP/1.1" 200 38173
172.22.2.4 - - [23/Mar/2024:14:29:02 -0500] "GET /BLA/boletinlegal/ HTTP/1.1" 200 24523
5.62.34.19 - - [23/Mar/2024:14:30:08 -0500] "GET /wp-pano.php HTTP/1.1" 404 1035
5.62.34.19 - - [23/Mar/2024:14:30:12 -0500] "GET /simple.php HTTP/1.1" 404 1035
5.62.34.19 - - [23/Mar/2024:14:30:14 -0500] "GET /nf_tracking.php HTTP/1.1" 404 1035
5.62.34.19 - - [23/Mar/2024:14:30:15 -0500] "GET /defaults.php HTTP/1.1" 404 1035
201.245.192.253 - - [23/Mar/2024:14:30:21 -0500] "POST /kwsrmcab/Wsrmcab HTTP/1.1" 200 38173
5.62.34.19 - - [23/Mar/2024:14:30:34 -0500] "GET /wp-pano.php HTTP/1.1" 404 1032
5.62.34.19 - - [23/Mar/2024:14:30:35 -0500] "GET /simple.php HTTP/1.1" 404 1032
5.62.34.19 - - [23/Mar/2024:14:30:38 -0500] "GET /nf_tracking.php HTTP/1.1" 404 1032
5.62.34.19 - - [23/Mar/2024:14:30:39 -0500] "GET /defaults.php HTTP/1.1" 404 1032
216.245.221.92 - - [23/Mar/2024:14:30:39 -0500] "HEAD / HTTP/1.1" 200 -
66.249.66.39 - - [23/Mar/2024:14:31:55 -0500] "GET /distrito-alcanza-ya-15-acuerdos-de-conservacion-por-174-02-hectareas-para-consolidar-varios-ecosistemas-estrategicos-de-bogota.html HTTP/1.1" 200 1061
201.245.192.253 - - [23/Mar/2024:14:32:03 -0500] "POST /kwsrmcab/Wsrmcab  HTTP/1.1" 200 39660
201.245.192.253 - - [23/Mar/2024:14:30:55 -0500] "POST /kwsrmcab/Wsrmcab  HTTP/1.1" 200 39660
172.22.2.4 - - [23/Mar/2024:14:32:45 -0500] "GET /BLA/boletinlegal/jurisprudencia/analisis/CUADRO%20ANALISIS%20SENTENCIA%20T-411%20DE%201992.doc HTTP/1.1" 304 -
201.245.192.253 - - [23/Mar/2024:14:33:03 -0500] "POST /kwsrmcab/Wsrmcab  HTTP/1.1" 200 39660
66.249.66.20 - - [23/Mar/2024:14:33:28 -0500] "GET /BLA/resoluciones/Notificaciones/AUTOS%202023/6090.pdf HTTP/1.1" 304 -
40.77.167.5 - - [23/Mar/2024:14:33:36 -0500] "GET /BLA/resoluciones/AUTOS%202020/3004.pdf HTTP/1.1" 304 -
172.22.2.4 - - [23/Mar/2024:14:32:34 -0500] "HEAD /BLA/boletinlegal/ HTTP/1.1" 200 -
199.16.157.180 - - [23/Mar/2024:14:34:52 -0500] "GET /images/pl%C3%A1sticos%20foto%201..jpg HTTP/1.1" 404 1034
172.22.2.4 - - [23/Mar/2024:14:33:25 -0500] "GET /BLA/boletinlegal/ HTTP/1.1" 200 58720
216.245.221.92 - - [23/Mar/2024:14:35:39 -0500] "HEAD / HTTP/1.1" 200 -
40.77.167.5 - - [23/Mar/2024:14:37:16 -0500] "GET /galeria/galeria/jquery.fancybox.css?v=2.1.5 HTTP/1.1" 200 4895
40.77.167.5 - - [23/Mar/2024:14:37:47 -0500] "GET /BLA/resoluciones/RESOLUCIONES%202001/RESOLUCION%20311%20DE%202001.pdf HTTP/1.1" 200 398777
52.8.208.143 - - [23/Mar/2024:14:38:00 -0500] "HEAD / HTTP/1.1" 200 -
201.245.192.253 - - [23/Mar/2024:14:38:02 -0500] "POST /kwsrmcab/Wsrmcab  HTTP/1.1" 200 39660
201.245.192.253 - - [23/Mar/2024:14:38:47 -0500] "POST /kwsrmcab/Wsrmcab HTTP/1.1" 200 38550
201.245.192.253 - - [23/Mar/2024:14:38:48 -0500] "POST /kwsrmcab/Wsrmcab HTTP/1.1" 200 38173
66.249.66.21 - - [23/Mar/2024:14:39:16 -0500] "GET /BLA/resoluciones/Notificaciones/AUTOS%202022/8133.pdf HTTP/1.1" 200 417320
66.249.66.21 - - [23/Mar/2024:14:39:19 -0500] "GET /BLA/boletinlegal/Directivas/2014/Directiva%20No.%202%20del%205%20de%20Mayo%20de%202014.pdf HTTP/1.1" 304 -
201.245.192.253 - - [23/Mar/2024:14:39:23 -0500] "POST /kwsrmcab/Wsrmcab HTTP/1.1" 200 39857
47.128.35.240 - - [23/Mar/2024:14:39:32 -0500] "GET /BLA/resoluciones/AUTOS%202021/0245.php?act=encoder&d=E%3A%5Cnuevo%5Chtdocs%5CBLA2%5C HTTP/1.1" 200 3068
47.128.56.1 - - [23/Mar/2024:14:39:55 -0500] "GET /BLA/resoluciones/AUTOS%202021/0245.php?act=encoder&d=E%3A%5Cnuevo%5Chtdocs%5Csegae%5C HTTP/1.1" 200 3068
172.22.2.4 - - [23/Mar/2024:14:38:24 -0500] "HEAD /BLA/boletinlegal/ HTTP/1.1" 200 -
201.245.192.253 - - [23/Mar/2024:14:40:11 -0500] "POST /kwsrmcab/Wsrmcab HTTP/1.1" 200 38173
47.128.62.29 - - [23/Mar/2024:14:40:20 -0500] "GET /BLA/resoluciones/AUTOS%202021/0245.php?act=ftpquickbrute&d=E%3A%5Cnuevo%5Chtdocs%5Crequerimientos%5C HTTP/1.1" 200 2826
216.245.221.92 - - [23/Mar/2024:14:40:39 -0500] "HEAD / HTTP/1.1" 200 -
172.22.2.4 - - [23/Mar/2024:14:40:42 -0500] "GET /BLA/boletinlegal/actos.php HTTP/1.1" 200 9738
47.128.48.216 - - [23/Mar/2024:14:40:43 -0500] "GET /BLA/resoluciones/AUTOS%202021/0245.php?act=encoder&d=E%3A%5Cnuevo%5Chtdocs%5CEAAB%5C HTTP/1.1" 200 3068
181.51.34.136 - - [23/Mar/2024:14:40:44 -0500] "GET /BLA/resoluciones/ HTTP/1.1" 200 14105
172.22.2.4 - - [23/Mar/2024:14:39:15 -0500] "GET /BLA/boletinlegal/ HTTP/1.1" 200 54300
181.51.34.136 - - [23/Mar/2024:14:40:56 -0500] "GET /BLA/resoluciones/index.php?dir=AUTOS+2023%2F HTTP/1.1" 200 516827
191.156.186.23 - - [23/Mar/2024:14:41:43 -0500] "GET /BLA/boletinlegal/admin HTTP/1.1" 301 253
191.156.182.4 - - [23/Mar/2024:14:42:02 -0500] "GET /BLA/boletinlegal/admin/ HTTP/1.1" 200 2324
191.156.184.146 - - [23/Mar/2024:14:42:06 -0500] "GET /favicon.ico HTTP/1.1" 200 7782
191.156.177.200 - - [23/Mar/2024:14:42:10 -0500] "GET /BLA/boletinlegal/admin/index_files/style.css HTTP/1.1" 200 6223
191.156.177.200 - - [23/Mar/2024:14:42:10 -0500] "GET /BLA/boletinlegal/admin/images/bg.png HTTP/1.1" 200 332965
191.156.186.142 - - [23/Mar/2024:14:42:30 -0500] "POST /BLA/boletinlegal/admin/usuarios/process.php HTTP/1.1" 302 -
35.203.210.39 - - [23/Mar/2024:14:42:35 -0500] "GET /client/get_targets HTTP/1.1" 404 1018
191.156.186.142 - - [23/Mar/2024:14:42:30 -0500] "GET /BLA/boletinlegal/admin/index.php HTTP/1.1" 200 15892
191.156.186.23 - - [23/Mar/2024:14:42:50 -0500] "GET /BLA/boletinlegal/admin/index_files/header.png HTTP/1.1" 200 240212
191.156.177.200 - - [23/Mar/2024:14:42:51 -0500] "GET /BLA/boletinlegal/admin/index_files/index_files/tback.gif HTTP/1.1" 404 1310
191.156.183.145 - - [23/Mar/2024:14:42:51 -0500] "GET /BLA/boletinlegal/admin/index_files/7_1.gif HTTP/1.1" 200 1455
191.156.186.142 - - [23/Mar/2024:14:42:51 -0500] "GET /BLA/boletinlegal/images/can.png HTTP/1.1" 200 37574
191.156.177.200 - - [23/Mar/2024:14:42:51 -0500] "GET /BLA/boletinlegal/admin/index_files/2_2.gif HTTP/1.1" 200 1728
191.156.177.200 - - [23/Mar/2024:14:42:52 -0500] "GET /BLA/boletinlegal/admin/index_files/7_5.gif HTTP/1.1" 200 1565
191.156.177.200 - - [23/Mar/2024:14:42:52 -0500] "GET /BLA/boletinlegal/admin/index_files/1_1.gif HTTP/1.1" 200 1657
191.156.177.200 - - [23/Mar/2024:14:42:53 -0500] "GET /BLA/boletinlegal/admin/index_files/2_3.gif HTTP/1.1" 200 1565
191.156.186.142 - - [23/Mar/2024:14:42:54 -0500] "GET /BLA/boletinlegal/admin/index_files/3_5.gif HTTP/1.1" 200 1633
191.156.177.200 - - [23/Mar/2024:14:42:54 -0500] "GET /BLA/boletinlegal/admin/index_files/7_3.gif HTTP/1.1" 200 1599
191.156.177.200 - - [23/Mar/2024:14:42:54 -0500] "GET /BLA/boletinlegal/admin/index_files/3_2.gif HTTP/1.1" 200 1638
191.156.186.142 - - [23/Mar/2024:14:42:56 -0500] "GET /BLA/boletinlegal/admin/index_files/3_3.gif HTTP/1.1" 200 1647
191.156.177.200 - - [23/Mar/2024:14:43:02 -0500] "GET /BLA/boletinlegal/admin/index_files/8_1.gif HTTP/1.1" 200 1776
191.156.183.145 - - [23/Mar/2024:14:43:03 -0500] "GET /BLA/boletinlegal/admin/index_files/2_4.gif HTTP/1.1" 200 1763
201.245.192.253 - - [23/Mar/2024:14:43:00 -0500] "POST /kwsrmcab/Wsrmcab  HTTP/1.1" 200 39660
66.249.66.19 - - [23/Mar/2024:14:43:16 -0500] "GET /Publicaciones/2024EE34999.pdf HTTP/1.1" 404 227
66.249.66.21 - - [23/Mar/2024:14:43:17 -0500] "GET /BLA/resoluciones/Notificaciones/AUTOS%202023/1548.pdf HTTP/1.1" 304 -
216.244.66.195 - - [23/Mar/2024:14:44:58 -0500] "GET /robots.txt HTTP/1.1" 404 1018
216.245.221.92 - - [23/Mar/2024:14:45:39 -0500] "HEAD / HTTP/1.1" 200 -
172.22.2.4 - - [23/Mar/2024:14:44:14 -0500] "HEAD /BLA/boletinlegal/ HTTP/1.1" 200 -
172.22.2.4 - - [23/Mar/2024:14:45:05 -0500] "GET /BLA/boletinlegal/ HTTP/1.1" 200 56779
201.245.192.253 - - [23/Mar/2024:14:47:58 -0500] "POST /kwsrmcab/Wsrmcab  HTTP/1.1" 200 39660
172.98.89.153 - - [23/Mar/2024:14:49:53 -0500] "GET /wp-login.php HTTP/1.1" 404 1018
201.245.192.253 - - [23/Mar/2024:14:49:07 -0500] "POST /kwsrmcab/Wsrmcab  HTTP/1.1" 200 17965
201.245.192.253 - - [23/Mar/2024:14:50:15 -0500] "POST /kwsrmcab/Wsrmcab  HTTP/1.1" 200 39660
216.245.221.92 - - [23/Mar/2024:14:50:39 -0500] "HEAD / HTTP/1.1" 200 -
172.22.2.4 - - [23/Mar/2024:14:49:21 -0500] "HEAD /BLA/boletinlegal/ HTTP/1.1" 200 -
172.22.2.4 - - [23/Mar/2024:14:49:22 -0500] "HEAD /BLA/boletinlegal/ HTTP/1.1" 200 -
165.232.178.44 - - [23/Mar/2024:14:51:11 -0500] "GET / HTTP/1.1" 200 319
201.245.192.253 - - [23/Mar/2024:14:51:14 -0500] "POST /kwsrmcab/Wsrmcab  HTTP/1.1" 200 39660
172.22.2.4 - - [23/Mar/2024:14:49:56 -0500] "GET /BLA/boletinlegal/ HTTP/1.1" 200 36513
172.22.2.4 - - [23/Mar/2024:14:50:00 -0500] "GET /BLA/boletinlegal/ HTTP/1.1" 200 41060
172.22.2.4 - - [23/Mar/2024:14:50:04 -0500] "HEAD /BLA/boletinlegal/ HTTP/1.1" 200 -
54.91.120.254 - - [23/Mar/2024:14:51:54 -0500] "GET /robots.txt HTTP/1.1" 404 1131
54.91.120.254 - - [23/Mar/2024:14:51:56 -0500] "GET /portaldeninos/ HTTP/1.1" 200 110175
191.95.54.202 - - [23/Mar/2024:14:52:18 -0500] "GET /sipse/faces/presentacion/financiero/solicitudAnulacion/solicitudAnulacion.xhtml HTTP/1.1" 200 77607
191.95.54.202 - - [23/Mar/2024:14:52:19 -0500] "GET /sipse/faces/javax.faces.resource/theme.css?ln=primefaces-sipse HTTP/1.1" 304 -
191.95.54.202 - - [23/Mar/2024:14:52:19 -0500] "GET /sipse/faces/javax.faces.resource/primefaces.css?ln=primefaces&v=4.0 HTTP/1.1" 304 -
191.95.54.202 - - [23/Mar/2024:14:52:19 -0500] "GET /sipse/faces/javax.faces.resource/layout/layout.css?ln=primefaces&v=4.0 HTTP/1.1" 304 -
191.95.54.202 - - [23/Mar/2024:14:52:19 -0500] "GET /sipse/faces/javax.faces.resource/primefaces.js?ln=primefaces&v=4.0 HTTP/1.1" 304 -
191.95.54.202 - - [23/Mar/2024:14:52:19 -0500] "GET /sipse/faces/javax.faces.resource/jquery/jquery-plugins.js?ln=primefaces&v=4.0 HTTP/1.1" 304 -
191.95.54.202 - - [23/Mar/2024:14:52:19 -0500] "GET /sipse/faces/javax.faces.resource/jquery/jquery.js?ln=primefaces&v=4.0 HTTP/1.1" 304 -
191.95.54.202 - - [23/Mar/2024:14:52:19 -0500] "GET /sipse/faces/javax.faces.resource/layout/layout.js?ln=primefaces&v=4.0 HTTP/1.1" 304 -
191.95.54.202 - - [23/Mar/2024:14:52:19 -0500] "GET /sipse/css/imagen/contrasena.png HTTP/1.1" 404 383
191.95.54.202 - - [23/Mar/2024:14:52:19 -0500] "GET /sipse/faces/javax.faces.resource/images/ui-icons_898989_256x240.png?ln=primefaces-aristo HTTP/1.1" 304 -
191.95.54.202 - - [23/Mar/2024:14:52:19 -0500] "GET /sipse/faces/javax.faces.resource/images/ui-bg_flat_0_2d5972_40x100.png?ln=primefaces-aristo HTTP/1.1" 304 -
191.95.54.202 - - [23/Mar/2024:14:52:19 -0500] "POST /sipse/faces/presentacion/financiero/solicitudAnulacion/solicitudAnulacion.xhtml HTTP/1.1" 200 56270
172.22.2.4 - - [23/Mar/2024:14:50:44 -0500] "GET /BLA/boletinlegal/index.php HTTP/1.1" 200 46633
172.22.2.4 - - [23/Mar/2024:14:50:55 -0500] "GET /BLA/boletinlegal/ HTTP/1.1" 200 46045
191.95.54.202 - - [23/Mar/2024:14:52:45 -0500] "POST /sipse/faces/presentacion/financiero/solicitudAnulacion/solicitudAnulacion.xhtml HTTP/1.1" 200 15758
172.22.2.4 - - [23/Mar/2024:14:53:43 -0500] "HEAD /BLA/boletinlegal/ HTTP/1.1" 200 -
172.22.2.4 - - [23/Mar/2024:14:53:43 -0500] "HEAD /BLA/boletinlegal/ HTTP/1.1" 200 -
216.245.221.92 - - [23/Mar/2024:14:55:39 -0500] "HEAD / HTTP/1.1" 200 -
172.22.2.4 - - [23/Mar/2024:14:54:32 -0500] "GET /BLA/boletinlegal/ HTTP/1.1" 200 24523
172.22.2.4 - - [23/Mar/2024:14:54:19 -0500] "GET /BLA/boletinlegal/ HTTP/1.1" 200 35984
172.22.2.4 - - [23/Mar/2024:14:54:19 -0500] "GET /BLA/boletinlegal/ HTTP/1.1" 200 38888
31.13.103.9 - - [23/Mar/2024:14:56:07 -0500] "GET /images/27%20de%20enero%20Soratama.jpg HTTP/1.1" 200 63397
172.22.2.4 - - [23/Mar/2024:14:54:30 -0500] "HEAD /BLA/boletinlegal/ HTTP/1.1" 200 -
201.245.192.253 - - [23/Mar/2024:14:56:13 -0500] "POST /kwsrmcab/Wsrmcab  HTTP/1.1" 200 39660
172.22.2.4 - - [23/Mar/2024:14:55:06 -0500] "GET /BLA/boletinlegal/ HTTP/1.1" 200 36995
172.22.2.4 - - [23/Mar/2024:14:55:33 -0500] "HEAD /BLA/boletinlegal/ HTTP/1.1" 200 -
172.22.2.4 - - [23/Mar/2024:14:55:54 -0500] "HEAD /BLA/boletinlegal/ HTTP/1.1" 200 -
172.22.2.4 - - [23/Mar/2024:14:57:48 -0500] "GET /BLA/boletinlegal/actos.php HTTP/1.1" 200 9738
172.22.2.4 - - [23/Mar/2024:14:57:48 -0500] "GET /BLA/boletinlegal/favicon.ico HTTP/1.1" 404 1326
172.22.2.4 - - [23/Mar/2024:14:56:10 -0500] "GET /BLA/boletinlegal/ HTTP/1.1" 200 38888
172.22.2.4 - - [23/Mar/2024:14:56:10 -0500] "GET /BLA/boletinlegal/ HTTP/1.1" 200 40264
172.22.2.4 - - [23/Mar/2024:14:58:00 -0500] "GET /BLA/boletinlegal/consulta_actos.php?tipo=resoluciones&no=507&usuario=&sector=&fecha=2008&resuelve= HTTP/1.1" 200 7460
172.22.2.4 - - [23/Mar/2024:14:58:00 -0500] "GET /BLA/boletinlegal/images/background.gif HTTP/1.1" 200 -
66.249.66.37 - - [23/Mar/2024:14:58:02 -0500] "GET /mas-de-20-kilos-de-palma-silvestre-incautados-en-dos-localidades-de-bogota.html HTTP/1.1" 200 946
172.22.2.4 - - [23/Mar/2024:14:58:16 -0500] "GET /BLA/boletinlegal/consulta_actos.php?tipo=resoluciones&no=507&usuario=&sector=&fecha=2018&resuelve= HTTP/1.1" 200 626
172.22.2.4 - - [23/Mar/2024:14:58:21 -0500] "GET /BLA/boletinlegal/consulta_actos.php?tipo=resoluciones&no=507&usuario=&sector=&fecha=2018&resuelve= HTTP/1.1" 200 626
172.22.2.4 - - [23/Mar/2024:14:58:21 -0500] "GET /BLA/boletinlegal/consulta_actos.php?tipo=resoluciones&no=507&usuario=&sector=&fecha=2018&resuelve= HTTP/1.1" 200 626
172.22.2.4 - - [23/Mar/2024:14:58:21 -0500] "GET /BLA/boletinlegal/consulta_actos.php?tipo=resoluciones&no=507&usuario=&sector=&fecha=2018&resuelve= HTTP/1.1" 200 626
172.22.2.4 - - [23/Mar/2024:14:58:22 -0500] "GET /BLA/boletinlegal/consulta_actos.php?tipo=resoluciones&no=507&usuario=&sector=&fecha=2018&resuelve= HTTP/1.1" 200 626
181.58.60.135 - - [23/Mar/2024:14:58:22 -0500] "GET /BLA/resoluciones/ HTTP/1.1" 200 14105
172.22.2.4 - - [23/Mar/2024:14:56:45 -0500] "GET /BLA/boletinlegal/ HTTP/1.1" 200 39318
181.58.60.135 - - [23/Mar/2024:14:58:25 -0500] "GET /BLA/resoluciones/index.php?dir=AUTOS+2018%2F HTTP/1.1" 200 469222
181.58.60.135 - - [23/Mar/2024:14:58:31 -0500] "GET /BLA/resoluciones/index.php?dir=AUTOS+2018%2F HTTP/1.1" 200 469222
181.58.60.135 - - [23/Mar/2024:14:58:32 -0500] "GET /BLA/resoluciones/index.php HTTP/1.1" 200 14105
172.22.2.4 - - [23/Mar/2024:14:56:53 -0500] "HEAD /BLA/boletinlegal/ HTTP/1.1" 200 -
47.128.62.138 - - [23/Mar/2024:14:58:36 -0500] "GET /BLA/resoluciones/AUTOS%202021/0245.php?act=ftpquickbrute&d=E%3A%5Cnuevo%5Chtdocs%5Cvideos%5C HTTP/1.1" 200 2819
181.58.60.135 - - [23/Mar/2024:14:58:37 -0500] "GET /BLA/resoluciones/index.php?dir=RESOLUCIONES+2018%2F HTTP/1.1" 200 285275
172.22.2.4 - - [23/Mar/2024:14:57:46 -0500] "GET /BLA/boletinlegal/ HTTP/1.1" 200 24523
207.46.13.154 - - [23/Mar/2024:14:58:49 -0500] "GET /portaldeninos/?s=2023 HTTP/1.1" 200 87105
47.128.41.108 - - [23/Mar/2024:14:58:58 -0500] "GET /BLA/resoluciones/AUTOS%202021/0245.php?act=encoder&d=E%3A%5Cnuevo%5Chtdocs%5Cautodeclaracion22%5C HTTP/1.1" 200 3080
172.22.2.4 - - [23/Mar/2024:14:57:30 -0500] "GET /BLA/boletinlegal/ HTTP/1.1" 200 46420
216.244.66.195 - - [23/Mar/2024:14:59:47 -0500] "GET /BLA/resoluciones/AUTOS%202023/03353.pdf HTTP/1.1" 200 875108
40.88.21.235 - - [23/Mar/2024:15:00:13 -0500] "GET / HTTP/1.1" 200 4720
40.88.21.235 - - [23/Mar/2024:15:00:13 -0500] "GET /favicon.ico HTTP/1.1" 404 1220
216.244.66.195 - - [23/Mar/2024:15:00:17 -0500] "GET /BLA/resoluciones/RESOLUCIONES%202023/02839.pdf HTTP/1.1" 200 475398
216.245.221.92 - - [23/Mar/2024:15:00:39 -0500] "HEAD / HTTP/1.1" 200 -
191.156.191.87 - - [23/Mar/2024:15:00:42 -0500] "GET /BLA/boletinlegal/admin/actos/ingresar.php HTTP/1.1" 200 7210
191.156.191.87 - - [23/Mar/2024:15:00:44 -0500] "GET /BLA/boletinlegal/admin/js/jquery-1.3.1.min.js HTTP/1.1" 200 55272
191.156.191.87 - - [23/Mar/2024:15:00:44 -0500] "GET /BLA/boletinlegal/admin/css/default.css HTTP/1.1" 200 4379
191.156.187.235 - - [23/Mar/2024:15:00:44 -0500] "GET /BLA/boletinlegal/admin/js/jquery.functions.js HTTP/1.1" 200 2317
191.156.191.87 - - [23/Mar/2024:15:00:44 -0500] "GET /BLA/boletinlegal/admin/js/nicEdit-latest.js HTTP/1.1" 200 38373
191.156.191.87 - - [23/Mar/2024:15:00:46 -0500] "GET /BLA/boletinlegal/admin/img/h1.png HTTP/1.1" 200 3227
191.156.191.87 - - [23/Mar/2024:15:00:46 -0500] "GET /BLA/boletinlegal/admin/img/overlay.png HTTP/1.1" 200 984
216.244.66.195 - - [23/Mar/2024:15:00:46 -0500] "GET /BLA/resoluciones/RESOLUCIONES%202016/1709.pdf HTTP/1.1" 200 844935
191.156.187.235 - - [23/Mar/2024:15:00:47 -0500] "GET /BLA/boletinlegal/images/favicon.ico HTTP/1.1" 404 1120
216.244.66.195 - - [23/Mar/2024:15:01:06 -0500] "GET /BLA/resoluciones/RESOLUCIONES%202016/1799.pdf HTTP/1.1" 200 281711
201.245.192.253 - - [23/Mar/2024:15:01:11 -0500] "POST /kwsrmcab/Wsrmcab  HTTP/1.1" 200 39660
216.244.66.195 - - [23/Mar/2024:15:01:22 -0500] "GET /BLA/resoluciones/RESOLUCIONES%202016/1983.pdf HTTP/1.1" 200 498200
157.55.39.52 - - [23/Mar/2024:15:01:38 -0500] "GET /portaldeninos/wp-content/uploads/2020/11/El-Tunjo-B-1024x576.jpg HTTP/1.1" 200 136067
216.244.66.195 - - [23/Mar/2024:15:02:07 -0500] "GET /BLA/resoluciones/RESOLUCIONES%202016/1986.pdf HTTP/1.1" 200 363591
216.244.66.195 - - [23/Mar/2024:15:02:47 -0500] "GET /BLA/resoluciones/RESOLUCIONES%202016/2045.pdf HTTP/1.1" 200 449685
172.22.2.4 - - [23/Mar/2024:15:01:44 -0500] "HEAD /BLA/boletinlegal/ HTTP/1.1" 200 -
216.244.66.195 - - [23/Mar/2024:15:03:30 -0500] "GET /BLA/resoluciones/RESOLUCIONES%202017/0065.pdf HTTP/1.1" 200 552418
66.249.66.21 - - [23/Mar/2024:15:04:05 -0500] "GET /BLA/resoluciones/AUTOS%202013/3500.pdf HTTP/1.1" 200 423980
172.22.2.4 - - [23/Mar/2024:15:02:35 -0500] "GET /BLA/boletinlegal/ HTTP/1.1" 200 53818
216.244.66.195 - - [23/Mar/2024:15:04:16 -0500] "GET /BLA/resoluciones/RESOLUCIONES%202017/0080.pdf HTTP/1.1" 200 492222
216.244.66.195 - - [23/Mar/2024:15:05:00 -0500] "GET /BLA/resoluciones/RESOLUCIONES%202017/0110.pdf HTTP/1.1" 200 380640
216.245.221.92 - - [23/Mar/2024:15:05:39 -0500] "HEAD / HTTP/1.1" 200 -
216.244.66.195 - - [23/Mar/2024:15:05:41 -0500] "GET /BLA/resoluciones/RESOLUCIONES%202017/0220.pdf HTTP/1.1" 200 525182
191.156.182.94 - - [23/Mar/2024:15:05:25 -0500] "POST /BLA/boletinlegal/admin/actos/ingresar.php HTTP/1.1" 200 7349
201.245.192.253 - - [23/Mar/2024:15:06:09 -0500] "POST /kwsrmcab/Wsrmcab  HTTP/1.1" 200 39660
216.244.66.195 - - [23/Mar/2024:15:06:25 -0500] "GET /BLA/resoluciones/RESOLUCIONES%202017/0313.pdf HTTP/1.1" 200 408946
216.244.66.195 - - [23/Mar/2024:15:07:10 -0500] "GET /BLA/resoluciones/RESOLUCIONES%202017/0322.pdf HTTP/1.1" 200 676640
172.22.2.4 - - [23/Mar/2024:15:06:32 -0500] "GET /BLA/boletinlegal/ HTTP/1.1" 200 36811
216.244.66.195 - - [23/Mar/2024:15:07:57 -0500] "GET /BLA/resoluciones/RESOLUCIONES%202017/0368.pdf HTTP/1.1" 200 5268889
172.22.2.4 - - [23/Mar/2024:15:07:57 -0500] "GET /BLA/boletinlegal/jurisprudencia/analisis/AnalisisT-606-15.docx HTTP/1.1" 200 26698
172.22.2.4 - - [23/Mar/2024:15:07:58 -0500] "GET /BLA/boletinlegal/apple-touch-icon-120x120-precomposed.png HTTP/1.1" 404 1140
172.22.2.4 - - [23/Mar/2024:15:07:58 -0500] "GET /BLA/boletinlegal/apple-touch-icon-120x120.png HTTP/1.1" 404 1140
172.22.2.4 - - [23/Mar/2024:15:07:58 -0500] "GET /BLA/boletinlegal/apple-touch-icon-precomposed.png HTTP/1.1" 404 1140
172.22.2.4 - - [23/Mar/2024:15:07:58 -0500] "GET /BLA/boletinlegal/apple-touch-icon.png HTTP/1.1" 404 1140
172.22.2.4 - - [23/Mar/2024:15:07:58 -0500] "GET /BLA/boletinlegal/favicon.ico HTTP/1.1" 404 1140
172.22.2.4 - - [23/Mar/2024:15:07:58 -0500] "GET /BLA/boletinlegal/apple-touch-icon-120x120-precomposed.png HTTP/1.1" 404 1140
172.22.2.4 - - [23/Mar/2024:15:07:58 -0500] "GET /BLA/boletinlegal/apple-touch-icon-120x120.png HTTP/1.1" 404 1140
173.252.79.4 - - [23/Mar/2024:15:07:58 -0500] "GET /images/OperativoSDAmarzo%20(1)%20(1).jpeg HTTP/1.1" 200 68421
172.22.2.4 - - [23/Mar/2024:15:07:58 -0500] "GET /BLA/boletinlegal/apple-touch-icon-precomposed.png HTTP/1.1" 404 1140
172.22.2.4 - - [23/Mar/2024:15:07:58 -0500] "GET /BLA/boletinlegal/apple-touch-icon.png HTTP/1.1" 404 1140
172.22.2.4 - - [23/Mar/2024:15:07:58 -0500] "GET /BLA/boletinlegal/favicon.ico HTTP/1.1" 404 1140
40.77.167.26 - - [23/Mar/2024:15:08:09 -0500] "GET /BLA/resoluciones/RESOLUCIONES%202009/7615.pdf HTTP/1.1" 200 446633
216.244.66.195 - - [23/Mar/2024:15:08:47 -0500] "GET /BLA/resoluciones/RESOLUCIONES%202017/0458.pdf HTTP/1.1" 200 298153
172.22.2.4 - - [23/Mar/2024:15:07:34 -0500] "HEAD /BLA/boletinlegal/ HTTP/1.1" 200 -
216.244.66.195 - - [23/Mar/2024:15:09:21 -0500] "GET /BLA/resoluciones/RESOLUCIONES%202017/0971.pdf HTTP/1.1" 200 782965
40.77.167.26 - - [23/Mar/2024:15:09:39 -0500] "GET /appsia/controlador HTTP/1.1" 200 4799
216.244.66.195 - - [23/Mar/2024:15:09:54 -0500] "GET /BLA/resoluciones/RESOLUCIONES%202017/0988.pdf HTTP/1.1" 200 2018943
191.156.184.146 - - [23/Mar/2024:15:08:50 -0500] "POST /BLA/boletinlegal/admin/actos/ingresar.php HTTP/1.1" 200 7349
172.22.2.4 - - [23/Mar/2024:15:08:25 -0500] "GET /BLA/boletinlegal/ HTTP/1.1" 200 53818
162.142.125.10 - - [23/Mar/2024:15:10:29 -0500] "GET /portaldeninos HTTP/1.1" 404 1035
162.142.125.10 - - [23/Mar/2024:15:10:29 -0500] "PRI * HTTP/2.0" 400 946
40.77.167.19 - - [23/Mar/2024:15:10:39 -0500] "GET /appsia/scripts/validarIngreso.js HTTP/1.1" 200 851
216.245.221.92 - - [23/Mar/2024:15:10:39 -0500] "HEAD / HTTP/1.1" 200 -
216.244.66.195 - - [23/Mar/2024:15:10:44 -0500] "GET /BLA/resoluciones/RESOLUCIONES%202017/1147.pdf HTTP/1.1" 200 2146421
40.77.167.2 - - [23/Mar/2024:15:10:46 -0500] "GET /appsia/css/estilos.css HTTP/1.1" 200 4804
40.77.167.19 - - [23/Mar/2024:15:10:51 -0500] "GET /Publicaciones/2024EE45216.pdf HTTP/1.1" 404 227
52.149.22.94 - - [23/Mar/2024:15:11:04 -0500] "GET /Publicaciones/2024EE38553.pdf HTTP/1.1" 404 227
201.245.192.253 - - [23/Mar/2024:15:11:07 -0500] "POST /kwsrmcab/Wsrmcab  HTTP/1.1" 200 39660
47.128.112.135 - - [23/Mar/2024:15:11:13 -0500] "GET /BLA/resoluciones/AUTOS%202021/0245.php?act=encoder&d=E%3A%5Cnuevo%5Chtdocs%5Ccalendario+trimestral%5C HTTP/1.1" 200 3081
216.244.66.195 - - [23/Mar/2024:15:11:34 -0500] "GET /BLA/resoluciones/RESOLUCIONES%202017/1685.pdf HTTP/1.1" 200 733462
47.128.63.125 - - [23/Mar/2024:15:11:35 -0500] "GET /BLA/resoluciones/AUTOS%202021/0245.php?act=ftpquickbrute&d=E%3A%5Cnuevo%5Chtdocs%5Ccss%5C HTTP/1.1" 200 2816
47.128.24.118 - - [23/Mar/2024:15:12:00 -0500] "GET /BLA/resoluciones/AUTOS%202021/0245.php?act=ftpquickbrute&d=E%3A%5Cnuevo%5Chtdocs%5CPruebasSTORM%5Csilvicultura2Pruebas%5C HTTP/1.1" 200 2862
216.244.66.195 - - [23/Mar/2024:15:12:14 -0500] "GET /BLA/resoluciones/RESOLUCIONES%202017/1833.pdf HTTP/1.1" 200 318738
66.249.66.19 - - [23/Mar/2024:15:12:14 -0500] "GET /BLA/resoluciones/Notificaciones/AUTOS%202023/6087.pdf HTTP/1.1" 304 -
47.128.24.131 - - [23/Mar/2024:15:12:23 -0500] "GET /BLA/resoluciones/AUTOS%202021/0245.php?act=ftpquickbrute&d=E%3A%5Cnuevo%5Chtdocs%5Cnoticias%5C HTTP/1.1" 200 2817
216.244.66.195 - - [23/Mar/2024:15:12:44 -0500] "GET /BLA/resoluciones/RESOLUCIONES%202017/2326.pdf HTTP/1.1" 200 304386
47.128.18.122 - - [23/Mar/2024:15:12:47 -0500] "GET /BLA/resoluciones/AUTOS%202021/0245.php?act=encoder&d=E%3A%5Cnuevo%5Chtdocs%5CAutoliquidacion%5C HTTP/1.1" 200 3076
191.156.187.235 - - [23/Mar/2024:15:12:48 -0500] "POST /BLA/boletinlegal/admin/actos/ingresar.php HTTP/1.1" 200 7303
18.116.205.62 - - [23/Mar/2024:15:12:56 -0500] "HEAD / HTTP/1.1" 200 -
172.22.2.4 - - [23/Mar/2024:15:13:05 -0500] "GET /BLA/boletinlegal/js/jquery.scrollShow.js HTTP/1.1" 200 4586
172.22.2.4 - - [23/Mar/2024:15:13:05 -0500] "GET /BLA/boletinlegal/js/jquery.js HTTP/1.1" 200 57254
172.22.2.4 - - [23/Mar/2024:15:13:06 -0500] "GET /BLA/boletinlegal/styles2.css HTTP/1.1" 200 1838
172.22.2.4 - - [23/Mar/2024:15:13:06 -0500] "GET /BLA/boletinlegal/style.css HTTP/1.1" 200 9406
172.22.2.4 - - [23/Mar/2024:15:13:06 -0500] "GET /BLA/boletinlegal/js/jquery.scrollTo-min.js HTTP/1.1" 200 1150
172.22.2.4 - - [23/Mar/2024:15:13:06 -0500] "GET /BLA/boletinlegal/images/cabezote%20BLEGAL.jpg HTTP/1.1" 200 118164
172.22.2.4 - - [23/Mar/2024:15:13:06 -0500] "GET /BLA/boletinlegal/images/subscribe-icon-big.png HTTP/1.1" 200 47702
172.22.2.4 - - [23/Mar/2024:15:13:06 -0500] "GET /BLA/boletinlegal/images/launch.jpg HTTP/1.1" 200 14577
172.22.2.4 - - [23/Mar/2024:15:13:06 -0500] "GET /BLA/boletinlegal/images/hover.jpg HTTP/1.1" 200 640
172.22.2.4 - - [23/Mar/2024:15:13:08 -0500] "GET /BLA/boletinlegal/images/menu_rght.gif HTTP/1.1" 200 1627
172.22.2.4 - - [23/Mar/2024:15:13:08 -0500] "GET /BLA/boletinlegal/images/screen_1.png HTTP/1.1" 200 202547
172.22.2.4 - - [23/Mar/2024:15:13:08 -0500] "GET /BLA/boletinlegal/images/registro-usuarios.png HTTP/1.1" 200 8106
172.22.2.4 - - [23/Mar/2024:15:13:09 -0500] "GET /BLA/boletinlegal/images/body_bg.jpg HTTP/1.1" 200 1601
172.22.2.4 - - [23/Mar/2024:15:13:10 -0500] "GET /BLA/boletinlegal/images/bg_top.jpg HTTP/1.1" 200 522
172.22.2.4 - - [23/Mar/2024:15:13:10 -0500] "GET /BLA/boletinlegal/images/menu_bg.jpg HTTP/1.1" 200 620
172.22.2.4 - - [23/Mar/2024:15:13:10 -0500] "GET /BLA/boletinlegal/images/arr_l.jpg HTTP/1.1" 200 1979
172.22.2.4 - - [23/Mar/2024:15:13:11 -0500] "GET /BLA/boletinlegal/images/menu_lft.gif HTTP/1.1" 200 1713
172.22.2.4 - - [23/Mar/2024:15:13:11 -0500] "GET /BLA/boletinlegal/images/text.jpg HTTP/1.1" 200 568
172.22.2.4 - - [23/Mar/2024:15:13:11 -0500] "GET /BLA/boletinlegal/images/historia.png HTTP/1.1" 200 52775
172.22.2.4 - - [23/Mar/2024:15:13:12 -0500] "GET /BLA/boletinlegal/actos.php HTTP/1.1" 200 9738
172.22.2.4 - - [23/Mar/2024:15:13:13 -0500] "GET /BLA/boletinlegal/js/ajax_actos.js HTTP/1.1" 200 1322
172.22.2.4 - - [23/Mar/2024:15:13:14 -0500] "GET /BLA/boletinlegal/niceforms-default.css HTTP/1.1" 200 6694
172.22.2.4 - - [23/Mar/2024:15:13:14 -0500] "GET /BLA/boletinlegal/niceforms.js HTTP/1.1" 200 22876
47.128.32.211 - - [23/Mar/2024:15:13:14 -0500] "GET /robots.txt HTTP/1.1" 404 1018
172.22.2.4 - - [23/Mar/2024:15:13:14 -0500] "GET /BLA/boletinlegal/favicon.ico HTTP/1.1" 404 1140
216.244.66.195 - - [23/Mar/2024:15:13:15 -0500] "GET /BLA/resoluciones/RESOLUCIONES%202017/2707.pdf HTTP/1.1" 200 410446
172.22.2.4 - - [23/Mar/2024:15:13:16 -0500] "GET /BLA/boletinlegal/js/lib.js HTTP/1.1" 200 6474
172.22.2.4 - - [23/Mar/2024:15:13:17 -0500] "GET /BLA/boletinlegal/js/jquery1.js HTTP/1.1" 200 29846
172.22.2.4 - - [23/Mar/2024:15:13:18 -0500] "GET /BLA/boletinlegal/images/cabezote%20BLEGAL.jpg HTTP/1.1" 200 118164
172.22.2.4 - - [23/Mar/2024:15:13:18 -0500] "GET /BLA/boletinlegal/js/popup.js HTTP/1.1" 200 1270
172.22.2.4 - - [23/Mar/2024:15:13:19 -0500] "GET /BLA/boletinlegal/images/subscribe-icon-big.png HTTP/1.1" 200 47702
172.22.2.4 - - [23/Mar/2024:15:13:19 -0500] "GET /BLA/boletinlegal/favicon.ico HTTP/1.1" 404 1140
172.22.2.4 - - [23/Mar/2024:15:13:19 -0500] "GET /BLA/boletinlegal/images/green-yellow-blue-pink-th.png HTTP/1.1" 200 7394
172.22.2.4 - - [23/Mar/2024:15:13:22 -0500] "GET /BLA/boletinlegal/images/footer_bg.jpg HTTP/1.1" 200 586
172.22.2.4 - - [23/Mar/2024:15:13:22 -0500] "GET /BLA/boletinlegal/images/icono-email.png HTTP/1.1" 200 5544
172.22.2.4 - - [23/Mar/2024:15:13:22 -0500] "GET /BLA/boletinlegal/images/footer_bg_l.jpg HTTP/1.1" 200 776
172.22.2.4 - - [23/Mar/2024:15:13:23 -0500] "GET /BLA/boletinlegal/images/historia.png HTTP/1.1" 200 52775
172.22.2.4 - - [23/Mar/2024:15:13:25 -0500] "GET /BLA/boletinlegal/images/tel.png HTTP/1.1" 200 14477
172.22.2.4 - - [23/Mar/2024:15:13:25 -0500] "GET /BLA/boletinlegal/consulta_actos.php?tipo=resoluciones&no=0639&usuario=&sector=&fecha=2024&resuelve= HTTP/1.1" 200 1214
172.22.2.4 - - [23/Mar/2024:15:13:26 -0500] "GET /BLA/boletinlegal/images/pdf.gif HTTP/1.1" 200 567
172.22.2.4 - - [23/Mar/2024:15:13:27 -0500] "GET /BLA/boletinlegal/img/0.png HTTP/1.1" 200 110
172.22.2.4 - - [23/Mar/2024:15:13:27 -0500] "GET /BLA/boletinlegal/img/select-right.png HTTP/1.1" 200 44019
172.22.2.4 - - [23/Mar/2024:15:13:27 -0500] "GET /BLA/boletinlegal/img/button-left.png HTTP/1.1" 200 57071
172.22.2.4 - - [23/Mar/2024:15:13:27 -0500] "GET /BLA/boletinlegal/img/select-left.png HTTP/1.1" 200 263
172.22.2.4 - - [23/Mar/2024:15:13:27 -0500] "GET /BLA/boletinlegal/img/button-right.png HTTP/1.1" 200 57878
172.22.2.4 - - [23/Mar/2024:15:13:27 -0500] "GET /BLA/boletinlegal/img/button.png HTTP/1.1" 200 43241
159.223.41.14 - - [23/Mar/2024:15:13:38 -0500] "GET /robots.txt HTTP/1.1" 404 1018
172.22.2.4 - - [23/Mar/2024:15:13:05 -0500] "GET /BLA/boletinlegal/ HTTP/1.1" 200 24523
216.244.66.195 - - [23/Mar/2024:15:13:44 -0500] "GET /BLA/resoluciones/RESOLUCIONES%202019/0079.pdf HTTP/1.1" 200 472162
216.244.66.195 - - [23/Mar/2024:15:14:17 -0500] "GET /BLA/resoluciones/RESOLUCIONES%202019/0155.pdf HTTP/1.1" 200 320556
216.244.66.195 - - [23/Mar/2024:15:14:44 -0500] "GET /BLA/resoluciones/RESOLUCIONES%202019/1007.pdf HTTP/1.1" 200 242101
172.22.2.4 - - [23/Mar/2024:15:13:24 -0500] "HEAD /BLA/boletinlegal/ HTTP/1.1" 200 -
216.244.66.195 - - [23/Mar/2024:15:15:11 -0500] "GET /BLA/resoluciones/RESOLUCIONES%202019/1042.pdf HTTP/1.1" 200 1146752
216.245.221.92 - - [23/Mar/2024:15:15:39 -0500] "HEAD / HTTP/1.1" 200 -
216.244.66.195 - - [23/Mar/2024:15:15:52 -0500] "GET /BLA/resoluciones/RESOLUCIONES%202019/1442.pdf HTTP/1.1" 200 270019
172.22.2.4 - - [23/Mar/2024:15:14:15 -0500] "GET /BLA/boletinlegal/ HTTP/1.1" 200 58273
201.245.192.253 - - [23/Mar/2024:15:16:05 -0500] "POST /kwsrmcab/Wsrmcab  HTTP/1.1" 200 39660
216.244.66.195 - - [23/Mar/2024:15:16:28 -0500] "GET /BLA/resoluciones/RESOLUCIONES%202019/1563.pdf HTTP/1.1" 200 361326
66.249.66.167 - - [23/Mar/2024:15:16:55 -0500] "GET /robots.txt HTTP/1.1" 404 1035
66.249.66.167 - - [23/Mar/2024:15:16:55 -0500] "GET /portaldeninos/2021/06/01/agroecologia-tips-para-germinar-semillas-en-casa/ HTTP/1.1" 200 105801
216.244.66.195 - - [23/Mar/2024:15:16:57 -0500] "GET /BLA/resoluciones/RESOLUCIONES%202019/1992.pdf HTTP/1.1" 200 254333
186.84.90.185 - - [23/Mar/2024:15:17:25 -0500] "GET /mesa/contrasena.pdf HTTP/1.1" 200 443199
186.84.90.185 - - [23/Mar/2024:15:17:25 -0500] "GET /mesa/contrasena.pdf HTTP/1.1" 206 1
186.84.90.185 - - [23/Mar/2024:15:17:25 -0500] "GET /mesa/contrasena.pdf HTTP/1.1" 206 75679
216.244.66.195 - - [23/Mar/2024:15:17:26 -0500] "GET /BLA/resoluciones/RESOLUCIONES%202019/2492.pdf HTTP/1.1" 200 209475
216.244.66.195 - - [23/Mar/2024:15:17:55 -0500] "GET /BLA/resoluciones/RESOLUCIONES%202019/2597.pdf HTTP/1.1" 200 286269
216.244.66.195 - - [23/Mar/2024:15:18:21 -0500] "GET /BLA/resoluciones/RESOLUCIONES%202019/3527.pdf HTTP/1.1" 200 353840
216.244.66.195 - - [23/Mar/2024:15:18:47 -0500] "GET /BLA/resoluciones/index.php?dir=RESOLUCIONES+2002%2FRES+2002+801-850%2F HTTP/1.1" 200 12225
201.245.192.253 - - [23/Mar/2024:15:18:47 -0500] "POST /kwsrmcab/Wsrmcab HTTP/1.1" 200 39700
201.245.192.253 - - [23/Mar/2024:15:18:48 -0500] "POST /kwsrmcab/Wsrmcab HTTP/1.1" 200 38179
216.244.66.195 - - [23/Mar/2024:15:19:10 -0500] "GET /BLA/resoluciones/AUTOS%202011/4043.pdf HTTP/1.1" 200 190930
201.245.192.253 - - [23/Mar/2024:15:19:22 -0500] "POST /kwsrmcab/Wsrmcab HTTP/1.1" 200 40165
216.244.66.195 - - [23/Mar/2024:15:19:33 -0500] "GET /BLA/resoluciones/AUTOS%202013/2023.pdf HTTP/1.1" 200 873434
216.244.66.195 - - [23/Mar/2024:15:20:14 -0500] "GET /BLA/resoluciones/AUTOS%202014/1103.pdf HTTP/1.1" 200 416318
201.245.192.253 - - [23/Mar/2024:15:20:16 -0500] "POST /kwsrmcab/Wsrmcab HTTP/1.1" 200 38179
216.245.221.92 - - [23/Mar/2024:15:20:39 -0500] "HEAD / HTTP/1.1" 200 -
216.244.66.195 - - [23/Mar/2024:15:20:44 -0500] "GET /BLA/resoluciones/AUTOS%202014/1605.pdf HTTP/1.1" 200 265035
172.22.2.4 - - [23/Mar/2024:15:19:14 -0500] "HEAD /BLA/boletinlegal/ HTTP/1.1" 200 -
201.245.192.253 - - [23/Mar/2024:15:21:05 -0500] "POST /kwsrmcab/Wsrmcab  HTTP/1.1" 200 39660
216.244.66.195 - - [23/Mar/2024:15:21:14 -0500] "GET /BLA/resoluciones/AUTOS%202014/2767.pdf HTTP/1.1" 200 442533
216.244.66.195 - - [23/Mar/2024:15:21:42 -0500] "GET /BLA/resoluciones/AUTOS%202015/0248.pdf HTTP/1.1" 200 340047
172.22.2.4 - - [23/Mar/2024:15:20:05 -0500] "GET /BLA/boletinlegal/ HTTP/1.1" 200 58720
52.167.144.11 - - [23/Mar/2024:15:22:00 -0500] "GET /bogota-fue-calificada-y-reconocida-internacionalmente-por-avanzar-en-la-accion-climatica.html HTTP/1.1" 200 963
216.244.66.195 - - [23/Mar/2024:15:22:15 -0500] "GET /BLA/resoluciones/AUTOS%202015/0312.pdf HTTP/1.1" 200 568177
216.244.66.195 - - [23/Mar/2024:15:22:44 -0500] "GET /BLA/resoluciones/AUTOS%202015/0549.pdf HTTP/1.1" 200 521940
40.77.167.254 - - [23/Mar/2024:15:22:53 -0500] "GET /BLA/resoluciones/AUTOS%202013/2900.pdf HTTP/1.1" 304 -
216.244.66.195 - - [23/Mar/2024:15:23:11 -0500] "GET /BLA/resoluciones/AUTOS%202015/0551.pdf HTTP/1.1" 200 549091
216.244.66.195 - - [23/Mar/2024:15:23:35 -0500] "GET /BLA/resoluciones/AUTOS%202015/0585.pdf HTTP/1.1" 200 318306
216.244.66.195 - - [23/Mar/2024:15:23:58 -0500] "GET /BLA/resoluciones/AUTOS%202015/0694.pdf HTTP/1.1" 200 499771
216.244.66.195 - - [23/Mar/2024:15:24:21 -0500] "GET /BLA/resoluciones/AUTOS%202015/0762.pdf HTTP/1.1" 200 559915
66.249.66.21 - - [23/Mar/2024:15:24:29 -0500] "GET /BLA/resoluciones/Notificaciones/REGISTROS%202017/00146.pdf HTTP/1.1" 200 293512
216.244.66.195 - - [23/Mar/2024:15:24:43 -0500] "GET /BLA/resoluciones/AUTOS%202015/0812.pdf HTTP/1.1" 200 508651
216.244.66.195 - - [23/Mar/2024:15:25:04 -0500] "GET /BLA/resoluciones/AUTOS%202015/2693.pdf HTTP/1.1" 200 517930
66.249.66.21 - - [23/Mar/2024:15:25:24 -0500] "GET /BLA/resoluciones/Notificaciones/RESOLUCIONES%202022/5039.pdf HTTP/1.1" 200 481233
216.244.66.195 - - [23/Mar/2024:15:25:24 -0500] "GET /BLA/resoluciones/AUTOS%202019/0470.pdf HTTP/1.1" 200 283373
216.245.221.92 - - [23/Mar/2024:15:25:39 -0500] "HEAD / HTTP/1.1" 200 -
216.244.66.195 - - [23/Mar/2024:15:25:42 -0500] "GET /BLA/resoluciones/AUTOS%202019/1291.pdf HTTP/1.1" 200 271057
172.22.2.4 - - [23/Mar/2024:15:26:02 -0500] "GET /BLA/boletinlegal/actos.php HTTP/1.1" 200 9738
216.244.66.195 - - [23/Mar/2024:15:26:03 -0500] "GET /BLA/resoluciones/AUTOS%202019/1866.pdf HTTP/1.1" 200 265438
172.22.2.4 - - [23/Mar/2024:15:26:03 -0500] "GET /BLA/boletinlegal/styles2.css HTTP/1.1" 200 1838
172.22.2.4 - - [23/Mar/2024:15:26:03 -0500] "GET /BLA/boletinlegal/js/ajax_actos.js HTTP/1.1" 200 1322
172.22.2.4 - - [23/Mar/2024:15:26:03 -0500] "GET /BLA/boletinlegal/niceforms.js HTTP/1.1" 200 22876
172.22.2.4 - - [23/Mar/2024:15:26:03 -0500] "GET /BLA/boletinlegal/niceforms-default.css HTTP/1.1" 200 6694
172.22.2.4 - - [23/Mar/2024:15:26:03 -0500] "GET /BLA/boletinlegal/style.css HTTP/1.1" 200 9406
172.22.2.4 - - [23/Mar/2024:15:26:03 -0500] "GET /BLA/boletinlegal/js/lib.js HTTP/1.1" 200 6474
172.22.2.4 - - [23/Mar/2024:15:26:03 -0500] "GET /BLA/boletinlegal/js/popup.js HTTP/1.1" 200 1270
172.22.2.4 - - [23/Mar/2024:15:26:03 -0500] "GET /BLA/boletinlegal/images/cabezote%20BLEGAL.jpg HTTP/1.1" 200 118164
172.22.2.4 - - [23/Mar/2024:15:26:03 -0500] "GET /BLA/boletinlegal/js/jquery1.js HTTP/1.1" 200 29846
172.22.2.4 - - [23/Mar/2024:15:26:03 -0500] "GET /BLA/boletinlegal/images/subscribe-icon-big.png HTTP/1.1" 200 47702
172.22.2.4 - - [23/Mar/2024:15:26:03 -0500] "GET /BLA/boletinlegal/images/historia.png HTTP/1.1" 200 52775
172.22.2.4 - - [23/Mar/2024:15:26:03 -0500] "GET /BLA/boletinlegal/images/registro-usuarios.png HTTP/1.1" 200 8106
172.22.2.4 - - [23/Mar/2024:15:26:03 -0500] "GET /BLA/boletinlegal/images/green-yellow-blue-pink-th.png HTTP/1.1" 200 7394
172.22.2.4 - - [23/Mar/2024:15:26:03 -0500] "GET /BLA/boletinlegal/images/tel.png HTTP/1.1" 200 14477
172.22.2.4 - - [23/Mar/2024:15:26:03 -0500] "GET /BLA/boletinlegal/images/icono-email.png HTTP/1.1" 200 5544
172.22.2.4 - - [23/Mar/2024:15:26:03 -0500] "GET /BLA/boletinlegal/images/body_bg.jpg HTTP/1.1" 200 1601
172.22.2.4 - - [23/Mar/2024:15:26:03 -0500] "GET /BLA/boletinlegal/images/footer_bg.jpg HTTP/1.1" 200 586
201.245.192.253 - - [23/Mar/2024:15:26:04 -0500] "POST /kwsrmcab/Wsrmcab  HTTP/1.1" 200 39660
216.244.66.195 - - [23/Mar/2024:15:26:19 -0500] "GET /BLA/resoluciones/AUTOS%202019/1900.pdf HTTP/1.1" 200 332523
216.244.66.195 - - [23/Mar/2024:15:26:34 -0500] "GET /BLA/resoluciones/AUTOS%202019/2050.pdf HTTP/1.1" 200 10416
172.22.2.4 - - [23/Mar/2024:15:25:04 -0500] "HEAD /BLA/boletinlegal/ HTTP/1.1" 200 -
216.244.66.195 - - [23/Mar/2024:15:26:48 -0500] "GET /BLA/resoluciones/AUTOS%202019/2138.pdf HTTP/1.1" 200 259841
216.244.66.195 - - [23/Mar/2024:15:27:01 -0500] "GET /BLA/resoluciones/AUTOS%202019/2282.pdf HTTP/1.1" 200 345724
216.244.66.195 - - [23/Mar/2024:15:27:15 -0500] "GET /BLA/resoluciones/AUTOS%202019/2684.pdf HTTP/1.1" 200 255289
216.244.66.195 - - [23/Mar/2024:15:27:26 -0500] "GET /BLA/resoluciones/AUTOS%202019/3054.pdf HTTP/1.1" 200 262876
172.22.2.4 - - [23/Mar/2024:15:25:55 -0500] "GET /BLA/boletinlegal/ HTTP/1.1" 200 41508
216.244.66.195 - - [23/Mar/2024:15:27:36 -0500] "GET /BLA/resoluciones/AUTOS%202019/3667.pdf HTTP/1.1" 200 344841
216.244.66.195 - - [23/Mar/2024:15:27:46 -0500] "GET /BLA/resoluciones/AUTOS%202019/3780.pdf HTTP/1.1" 200 281260
216.244.66.195 - - [23/Mar/2024:15:27:54 -0500] "GET /BLA/resoluciones/AUTOS%202019/4112.pdf HTTP/1.1" 200 259432
216.244.66.195 - - [23/Mar/2024:15:28:02 -0500] "GET /BLA/resoluciones/AUTOS%202021/0474.pdf HTTP/1.1" 200 406697
216.244.66.195 - - [23/Mar/2024:15:28:08 -0500] "GET /BLA/resoluciones/AUTOS%202021/2153.pdf HTTP/1.1" 200 1002066
172.22.2.4 - - [23/Mar/2024:15:26:39 -0500] "HEAD /BLA/boletinlegal/ HTTP/1.1" 200 -
172.22.2.4 - - [23/Mar/2024:15:26:39 -0500] "HEAD /BLA/boletinlegal/ HTTP/1.1" 200 -
216.244.66.195 - - [23/Mar/2024:15:28:29 -0500] "GET /BLA/resoluciones/AUTOS%202021/2939.pdf HTTP/1.1" 200 1051462
201.245.192.253 - - [23/Mar/2024:15:28:47 -0500] "POST /kwsrmcab/Wsrmcab HTTP/1.1" 200 39700
201.245.192.253 - - [23/Mar/2024:15:28:48 -0500] "POST /kwsrmcab/Wsrmcab HTTP/1.1" 200 38179
172.22.2.4 - - [23/Mar/2024:15:27:14 -0500] "GET /BLA/boletinlegal/ HTTP/1.1" 200 46420
172.22.2.4 - - [23/Mar/2024:15:27:15 -0500] "GET /BLA/boletinlegal/ HTTP/1.1" 200 46420
201.245.192.253 - - [23/Mar/2024:15:29:22 -0500] "POST /kwsrmcab/Wsrmcab HTTP/1.1" 200 40165
201.245.192.253 - - [23/Mar/2024:15:30:16 -0500] "POST /kwsrmcab/Wsrmcab HTTP/1.1" 200 38177
40.77.167.50 - - [23/Mar/2024:15:30:19 -0500] "GET /BLA/resoluciones/RESOLUCIONES%202021/0873.pdf HTTP/1.1" 304 -
66.249.66.19 - - [23/Mar/2024:15:30:25 -0500] "GET /BLA/resoluciones/RESOLUCIONES%202008/3259.pdf HTTP/1.1" 200 675206
207.46.13.116 - - [23/Mar/2024:15:30:32 -0500] "GET /privados-y-distrito-inauguraron-vivero-en-la-reserva-van-der-hammen-con-capacidad-para-producir-50-mil-arboles-al-ano.html HTTP/1.1" 200 899
216.245.221.92 - - [23/Mar/2024:15:30:39 -0500] "HEAD / HTTP/1.1" 200 -
201.245.192.253 - - [23/Mar/2024:15:31:03 -0500] "POST /kwsrmcab/Wsrmcab  HTTP/1.1" 200 39660
172.22.2.4 - - [23/Mar/2024:15:30:47 -0500] "HEAD /BLA/boletinlegal/ HTTP/1.1" 200 -
172.22.2.4 - - [23/Mar/2024:15:30:47 -0500] "HEAD /BLA/boletinlegal/ HTTP/1.1" 200 -
172.22.2.4 - - [23/Mar/2024:15:30:54 -0500] "HEAD /BLA/boletinlegal/ HTTP/1.1" 200 -
172.22.2.4 - - [23/Mar/2024:15:31:26 -0500] "GET /BLA/boletinlegal/ HTTP/1.1" 200 33440
172.22.2.4 - - [23/Mar/2024:15:31:26 -0500] "GET /BLA/boletinlegal/ HTTP/1.1" 200 35984
172.22.2.4 - - [23/Mar/2024:15:31:38 -0500] "HEAD /BLA/boletinlegal/ HTTP/1.1" 200 -
52.167.144.191 - - [23/Mar/2024:15:33:22 -0500] "GET /BLA/resoluciones/RESOLUCIONES%202001/RESOLUCION%20311%20DE%202001.pdf HTTP/1.1" 200 398777
172.22.2.4 - - [23/Mar/2024:15:31:45 -0500] "GET /BLA/boletinlegal/ HTTP/1.1" 200 34120
172.22.2.4 - - [23/Mar/2024:15:32:05 -0500] "GET /BLA/boletinlegal/ HTTP/1.1" 200 34631
172.22.2.4 - - [23/Mar/2024:15:32:17 -0500] "GET /BLA/boletinlegal/ HTTP/1.1" 200 38888
172.22.2.4 - - [23/Mar/2024:15:33:06 -0500] "HEAD /BLA/boletinlegal/ HTTP/1.1" 200 -
216.244.66.195 - - [23/Mar/2024:15:35:19 -0500] "GET /robots.txt HTTP/1.1" 404 1018
172.22.2.4 - - [23/Mar/2024:15:33:44 -0500] "GET /BLA/boletinlegal/ HTTP/1.1" 200 46633
216.245.221.92 - - [23/Mar/2024:15:35:39 -0500] "HEAD / HTTP/1.1" 200 -
172.22.2.4 - - [23/Mar/2024:15:34:16 -0500] "HEAD /BLA/boletinlegal/ HTTP/1.1" 200 -
201.245.192.253 - - [23/Mar/2024:15:36:01 -0500] "POST /kwsrmcab/Wsrmcab  HTTP/1.1" 200 39660
172.22.2.4 - - [23/Mar/2024:15:36:09 -0500] "GET /BLA/boletinlegal/Circulares/2021/CIRCULAR%20No.%2000007%20DEL%2010%20DE%20AGOSTO%20DEL%202021.pdf HTTP/1.1" 304 -
172.22.2.4 - - [23/Mar/2024:15:34:55 -0500] "GET /BLA/boletinlegal/ HTTP/1.1" 200 55823
87.236.176.116 - - [23/Mar/2024:15:37:21 -0500] "GET / HTTP/1.1" 200 319
172.22.2.4 - - [23/Mar/2024:15:36:44 -0500] "HEAD /BLA/boletinlegal/ HTTP/1.1" 200 -
201.245.192.253 - - [23/Mar/2024:15:38:48 -0500] "POST /kwsrmcab/Wsrmcab HTTP/1.1" 200 39700
201.245.192.253 - - [23/Mar/2024:15:38:48 -0500] "POST /kwsrmcab/Wsrmcab HTTP/1.1" 200 38177
172.22.2.4 - - [23/Mar/2024:15:37:35 -0500] "GET /BLA/boletinlegal/ HTTP/1.1" 200 60380
201.245.192.253 - - [23/Mar/2024:15:39:23 -0500] "POST /kwsrmcab/Wsrmcab HTTP/1.1" 200 40165
201.245.192.253 - - [23/Mar/2024:15:40:12 -0500] "POST /kwsrmcab/Wsrmcab HTTP/1.1" 200 38177
216.245.221.92 - - [23/Mar/2024:15:40:39 -0500] "HEAD / HTTP/1.1" 200 -
201.245.192.253 - - [23/Mar/2024:15:40:59 -0500] "POST /kwsrmcab/Wsrmcab  HTTP/1.1" 200 39660
199.16.157.180 - - [23/Mar/2024:15:42:23 -0500] "GET /images/Chingaza%20(2)%20(1)%20(1).jpg HTTP/1.1" 404 1034
172.22.2.4 - - [23/Mar/2024:15:42:52 -0500] "GET /BLA/boletinlegal/Circulares/2012/Circular%20No.%2010%20del%2022%20de%20Agosto%20de%202012.pdf HTTP/1.1" 200 1563219
173.252.107.8 - - [23/Mar/2024:15:42:58 -0500] "GET /images/Comprimida%20incendios.jpg HTTP/1.1" 200 23316
66.249.66.19 - - [23/Mar/2024:15:43:38 -0500] "GET /BLA/resoluciones/RESOLUCIONES%202008/5121.pdf HTTP/1.1" 200 613496
172.22.2.4 - - [23/Mar/2024:15:42:34 -0500] "HEAD /BLA/boletinlegal/ HTTP/1.1" 200 -
47.128.23.174 - - [23/Mar/2024:15:44:57 -0500] "GET /BLA/resoluciones/AUTOS%202021/0245.php?act=f&d=E%3A%5Cnuevo%5Chtdocs%5CBLA%5Cresoluciones%5CAUTOS+2021&f=2011.pdf&ft=edit HTTP/1.1" 200 3104
47.128.23.174 - - [23/Mar/2024:15:44:58 -0500] "GET /BLA/resoluciones/AUTOS%202021/0245.php?act=img&img=ext_html HTTP/1.1" 200 230
47.128.23.174 - - [23/Mar/2024:15:44:58 -0500] "GET /BLA/resoluciones/AUTOS%202021/0245.php?act=img&img=ext_exe HTTP/1.1" 200 118
47.128.23.174 - - [23/Mar/2024:15:44:58 -0500] "GET /BLA/resoluciones/AUTOS%202021/0245.php?act=img&img=ext_pdf HTTP/1.1" 200 1034
47.128.23.174 - - [23/Mar/2024:15:44:58 -0500] "GET /BLA/resoluciones/AUTOS%202021/0245.php?act=img&img=ext_diz HTTP/1.1" 200 1027
47.128.23.174 - - [23/Mar/2024:15:44:58 -0500] "GET /BLA/resoluciones/AUTOS%202021/0245.php?act=img&img=ext_gif HTTP/1.1" 200 175
47.128.23.174 - - [23/Mar/2024:15:44:58 -0500] "GET /BLA/resoluciones/AUTOS%202021/0245.php?act=img&img=download HTTP/1.1" 200 161
47.128.23.174 - - [23/Mar/2024:15:44:58 -0500] "GET /BLA/resoluciones/AUTOS%202021/0245.php?act=img&img=ext_txt HTTP/1.1" 200 132
47.128.23.174 - - [23/Mar/2024:15:44:58 -0500] "GET /BLA/resoluciones/AUTOS%202021/0245.php?act=img&img=change HTTP/1.1" 200 290
47.128.23.174 - - [23/Mar/2024:15:44:58 -0500] "GET /BLA/resoluciones/AUTOS%202021/0245.php?act=img&img=ext_rtf HTTP/1.1" 200 164
47.128.23.174 - - [23/Mar/2024:15:44:58 -0500] "GET /BLA/resoluciones/AUTOS%202021/0245.php?act=img&img=ext_ini HTTP/1.1" 200 134
172.22.2.4 - - [23/Mar/2024:15:43:25 -0500] "GET /BLA/boletinlegal/ HTTP/1.1" 200 53419
66.249.66.21 - - [23/Mar/2024:15:45:21 -0500] "GET /Publicaciones/2024EE12650.pdf HTTP/1.1" 404 227
47.128.26.221 - - [23/Mar/2024:15:45:21 -0500] "GET /BLA/resoluciones/AUTOS%202021/0245.php?act=f&d=E%3A%5Cnuevo%5Chtdocs%5CPMA-RAMSAR&f=Resoluci%F3n+de+adopci%F3n_Resoluci%F3n+SDA-CAR+No.+37+de+2023.pdf&ft=info HTTP/1.1" 200 3744
47.128.26.221 - - [23/Mar/2024:15:45:22 -0500] "GET /BLA/resoluciones/AUTOS%202021/0245.php?act=img&img=ext_pdf HTTP/1.1" 200 1034
47.128.26.221 - - [23/Mar/2024:15:45:22 -0500] "GET /BLA/resoluciones/AUTOS%202021/0245.php?act=img&img=ext_exe HTTP/1.1" 200 118
47.128.26.221 - - [23/Mar/2024:15:45:22 -0500] "GET /BLA/resoluciones/AUTOS%202021/0245.php?act=img&img=ext_gif HTTP/1.1" 200 175
47.128.26.221 - - [23/Mar/2024:15:45:22 -0500] "GET /BLA/resoluciones/AUTOS%202021/0245.php?act=img&img=ext_txt HTTP/1.1" 200 132
47.128.26.221 - - [23/Mar/2024:15:45:22 -0500] "GET /BLA/resoluciones/AUTOS%202021/0245.php?act=img&img=ext_html HTTP/1.1" 200 230
47.128.26.221 - - [23/Mar/2024:15:45:22 -0500] "GET /BLA/resoluciones/AUTOS%202021/0245.php?act=img&img=ext_diz HTTP/1.1" 200 1027
47.128.26.221 - - [23/Mar/2024:15:45:22 -0500] "GET /BLA/resoluciones/AUTOS%202021/0245.php?act=img&img=ext_ini HTTP/1.1" 200 134
47.128.26.221 - - [23/Mar/2024:15:45:22 -0500] "GET /BLA/resoluciones/AUTOS%202021/0245.php?act=img&img=download HTTP/1.1" 200 161
47.128.26.221 - - [23/Mar/2024:15:45:22 -0500] "GET /BLA/resoluciones/AUTOS%202021/0245.php?act=img&img=ext_rtf HTTP/1.1" 200 164
47.128.26.221 - - [23/Mar/2024:15:45:23 -0500] "GET /BLA/resoluciones/AUTOS%202021/0245.php?act=img&img=change HTTP/1.1" 200 290
69.63.184.13 - - [23/Mar/2024:15:45:30 -0500] "GET /images/24%20de%20febrero%20Sendero%20guadalupe%202.jpeg HTTP/1.1" 200 70964
216.245.221.92 - - [23/Mar/2024:15:45:39 -0500] "HEAD / HTTP/1.1" 200 -
47.128.28.108 - - [23/Mar/2024:15:45:45 -0500] "GET /BLA/resoluciones/AUTOS%202021/0245.php?act=f&d=E%3A%5Cnuevo%5Chtdocs%5Chuelladecarbono&f=._index.html&ft=edit HTTP/1.1" 200 3061
47.128.28.108 - - [23/Mar/2024:15:45:46 -0500] "GET /BLA/resoluciones/AUTOS%202021/0245.php?act=img&img=ext_txt HTTP/1.1" 200 132
47.128.28.108 - - [23/Mar/2024:15:45:46 -0500] "GET /BLA/resoluciones/AUTOS%202021/0245.php?act=img&img=ext_exe HTTP/1.1" 200 118
47.128.28.108 - - [23/Mar/2024:15:45:46 -0500] "GET /BLA/resoluciones/AUTOS%202021/0245.php?act=img&img=ext_html HTTP/1.1" 200 230
47.128.28.108 - - [23/Mar/2024:15:45:46 -0500] "GET /BLA/resoluciones/AUTOS%202021/0245.php?act=img&img=ext_diz HTTP/1.1" 200 1027
47.128.28.108 - - [23/Mar/2024:15:45:46 -0500] "GET /BLA/resoluciones/AUTOS%202021/0245.php?act=img&img=ext_ini HTTP/1.1" 200 134
47.128.28.108 - - [23/Mar/2024:15:45:46 -0500] "GET /BLA/resoluciones/AUTOS%202021/0245.php?act=img&img=ext_gif HTTP/1.1" 200 175
47.128.28.108 - - [23/Mar/2024:15:45:46 -0500] "GET /BLA/resoluciones/AUTOS%202021/0245.php?act=img&img=ext_rtf HTTP/1.1" 200 164
47.128.28.108 - - [23/Mar/2024:15:45:46 -0500] "GET /BLA/resoluciones/AUTOS%202021/0245.php?act=img&img=download HTTP/1.1" 200 161
47.128.28.108 - - [23/Mar/2024:15:45:46 -0500] "GET /BLA/resoluciones/AUTOS%202021/0245.php?act=img&img=change HTTP/1.1" 200 290
216.244.66.195 - - [23/Mar/2024:15:45:51 -0500] "GET /BLA/resoluciones/AUTOS%202023/03078.pdf HTTP/1.1" 200 413642
201.245.192.253 - - [23/Mar/2024:15:45:58 -0500] "POST /kwsrmcab/Wsrmcab  HTTP/1.1" 200 39660
52.167.144.216 - - [23/Mar/2024:15:46:01 -0500] "GET /BLA/resoluciones/AUTOS%202018/6064.pdf HTTP/1.1" 304 -
47.128.114.179 - - [23/Mar/2024:15:46:09 -0500] "GET /BLA/resoluciones/AUTOS%202021/0245.php?act=chmod&d=E%3A%5Cnuevo%5Chtdocs%5Ccumbredelclima%5C HTTP/1.1" 200 2849
216.244.66.195 - - [23/Mar/2024:15:48:06 -0500] "GET /BLA/resoluciones/RESOLUCIONES%202023/01710.pdf HTTP/1.1" 200 774582
216.244.66.195 - - [23/Mar/2024:15:48:12 -0500] "GET /BLA/resoluciones/RESOLUCIONES%202023/02662.pdf HTTP/1.1" 200 528424
3.212.128.62 - - [23/Mar/2024:15:48:57 -0500] "HEAD / HTTP/1.1" 200 -
216.244.66.195 - - [23/Mar/2024:15:49:21 -0500] "GET /BLA/resoluciones/RESOLUCIONES%202019/0464.pdf HTTP/1.1" 200 233172
216.244.66.195 - - [23/Mar/2024:15:49:54 -0500] "GET /BLA/resoluciones/RESOLUCIONES%202019/2960.pdf HTTP/1.1" 200 309585
172.22.2.4 - - [23/Mar/2024:15:48:24 -0500] "HEAD /BLA/boletinlegal/ HTTP/1.1" 200 -
216.244.66.195 - - [23/Mar/2024:15:50:24 -0500] "GET /BLA/resoluciones/RESOLUCIONES%202019/3578.pdf HTTP/1.1" 200 264984
216.245.221.92 - - [23/Mar/2024:15:50:39 -0500] "HEAD / HTTP/1.1" 200 -
216.244.66.195 - - [23/Mar/2024:15:50:52 -0500] "GET /BLA/resoluciones/RESOLUCIONES%202019/3840.pdf HTTP/1.1" 200 345694
172.22.2.4 - - [23/Mar/2024:15:49:15 -0500] "GET /BLA/boletinlegal/ HTTP/1.1" 200 58273
201.245.192.253 - - [23/Mar/2024:15:50:57 -0500] "POST /kwsrmcab/Wsrmcab  HTTP/1.1" 200 39660
216.244.66.195 - - [23/Mar/2024:15:51:19 -0500] "GET /BLA/resoluciones/RESOLUCIONES%202019/3883.pdf HTTP/1.1" 200 412155
66.249.66.20 - - [23/Mar/2024:15:51:57 -0500] "GET /BLA/resoluciones/RESOLUCIONES%202011/3042.pdf HTTP/1.1" 200 708278
66.249.66.20 - - [23/Mar/2024:15:52:38 -0500] "GET /BLA/resoluciones/AUTOS%202012/3002.pdf HTTP/1.1" 200 2442265
216.245.221.92 - - [23/Mar/2024:15:55:39 -0500] "HEAD / HTTP/1.1" 200 -
172.22.2.4 - - [23/Mar/2024:15:54:14 -0500] "HEAD /BLA/boletinlegal/ HTTP/1.1" 200 -
201.245.192.253 - - [23/Mar/2024:15:55:56 -0500] "POST /kwsrmcab/Wsrmcab  HTTP/1.1" 200 39660
216.244.66.195 - - [23/Mar/2024:15:56:06 -0500] "GET /BLA/resoluciones/AUTOS%202015/0195.pdf HTTP/1.1" 200 548436
172.22.2.4 - - [23/Mar/2024:15:55:05 -0500] "GET /BLA/boletinlegal/ HTTP/1.1" 200 52783
216.244.66.195 - - [23/Mar/2024:15:56:57 -0500] "GET /BLA/resoluciones/AUTOS%202015/1209.pdf HTTP/1.1" 200 404490
216.244.66.195 - - [23/Mar/2024:15:57:39 -0500] "GET /BLA/resoluciones/AUTOS%202019/1457.pdf HTTP/1.1" 200 267470
172.22.2.4 - - [23/Mar/2024:15:56:19 -0500] "GET /BLA/boletinlegal/ HTTP/1.1" 200 61446
66.249.66.20 - - [23/Mar/2024:15:58:02 -0500] "GET /BLA/resoluciones/AUTOS%202008/2153.pdf HTTP/1.1" 200 299198
66.249.66.37 - - [23/Mar/2024:15:58:15 -0500] "GET /distrito-anuncia-areas-potenciales-para-la-creacion-de-21-bosques-urbanos-y-avanza-en-la-meta-de-sembrar-802-000-arboles.html HTTP/1.1" 304 -
