186.102.55.241 - - [23/Mar/2024:08:33:55 -0500] "GET /kwssiamovil/sm/acme/a?s=U2FsdGVkX1/ctWIxGbiHT1bnwIj4uRgQZdKJr/0uSVqsish+bRYwjpMeUR/t0saq+VNEPL7IPBR/XMnujcNfS1taBSxShQC2c9ASpADYIhWVkmmdOIR6gfOghfIOjLTwaON7i/mzcv3YGQf/XDBsc1bNXxjoBzyyLTp7T6sv7XsEpkH3BSkJNDauUVNOKbdRPblZ97WGASuz8gJtaz8PZHJF7k1rCLlfOLjTNeMLTYNMGgZ65xe8fSN+S6NTbD8wfBbdmEBYPOB9NtFsWRUsV6bSOvCZ7uc50Mv25l7h66bKOyGQ/RWaM1ZZne0D7KwBNCRzvq2KS3AybIECKUcg+E9xZPbkxnjQiNuvFjYZbZKeHIb/AfxWQWmKzptN1I9Z2jrTJfH98Mgks1PrLhllVpD9GlR9whfcEQjYUjHex+W9E34vQ3shD7hi/NOKI80xjwbIpG8JZeSStgDikMbaRJIO7KTlbqWA8xTOv7ipol9mw6FE3NdoiNCTpPGjCe6ah3csmzDySJd+P/E3lyxi/0HpPOyaHLNEJuwrimgpYsA=&u=U2FsdGVkX18PLkpAdnPhGh6b0CISOFH/zheTwWqpqU8=&y=U2FsdGVkX1+U/KKPwWUcwRJMoOTpFvfKfSzvOEF2NQd61WATjllYFRWpQYmP8uX5 HTTP/1.1" 200 26
186.102.55.241 - - [23/Mar/2024:08:33:55 -0500] "GET /kwssiamovil/sm/acme/a?s=U2FsdGVkX18bRJLx5HyWo4YzpSEI1Ne3xFa6af0ZNuwQMZW7c9zG12EY0a1vLt34fORcTlj+HuqAqQh4LF4FimoQDNdNixHVXP4/tT5++oAEUrNK9JBMurfkknb6icp+yfu3tkTiAlz9x+h9w/DeIHR5pTntlY+9//gFsJWZt4TJKC63I6uJex9EJmPcbGpNo+F/g+7w+sExXWJXqE0XqyU16O1416trX3faGjWmdPxPnvouSuCf3jt5IasioAuuE6tyZens60Esnd2brRD9DDKbWoabqhgx429q+sOipv0O137pGtVP6hx7NwfpylX04fHDntj356AU2814HcOXHK35czEVtWeUOWPLW77pXfYwsUiHDxEslC+opqMM/tTH9Oq53FPEGwcJ12En/fVoHbJUA+aLT/C50URHJI1YVfJasCI4yhXk9rz9Cz67vD7oZ9OyXslxWfYUPidtqCGUG6lA8Dx82yTLKm0/aOEjKk8vEzttdjnajc12nosa61uz&u=U2FsdGVkX18PLkpAdnPhGh6b0CISOFH/zheTwWqpqU8=&y=U2FsdGVkX1+U/KKPwWUcwRJMoOTpFvfKfSzvOEF2NQd61WATjllYFRWpQYmP8uX5 HTTP/1.1" 200 26
216.244.66.195 - - [23/Mar/2024:08:34:10 -0500] "GET /BLA/resoluciones/RESOLUCIONES%202019/2367.pdf HTTP/1.1" 200 292369
40.77.189.167 - - [23/Mar/2024:08:34:35 -0500] "GET /portaldeninos/wp-content/themes/betheme/fonts/mfn-icons.woff?93978679 HTTP/1.1" 200 80932
201.245.192.253 - - [23/Mar/2024:08:34:35 -0500] "POST /kwsrmcab/Wsrmcab  HTTP/1.1" 200 39660
216.244.66.195 - - [23/Mar/2024:08:34:51 -0500] "GET /BLA/resoluciones/RESOLUCIONES%202019/2682.pdf HTTP/1.1" 200 359415
216.244.66.195 - - [23/Mar/2024:08:35:22 -0500] "GET /BLA/resoluciones/RESOLUCIONES%202019/2684.pdf HTTP/1.1" 200 487375
216.245.221.92 - - [23/Mar/2024:08:35:40 -0500] "HEAD / HTTP/1.1" 200 -
216.244.66.195 - - [23/Mar/2024:08:36:06 -0500] "GET /BLA/resoluciones/RESOLUCIONES%202019/3362.pdf HTTP/1.1" 200 297473
216.244.66.195 - - [23/Mar/2024:08:36:48 -0500] "GET /BLA/resoluciones/AUTOS%202019/1054.pdf HTTP/1.1" 200 315450
216.244.66.195 - - [23/Mar/2024:08:37:23 -0500] "GET /BLA/resoluciones/AUTOS%202019/3016.pdf HTTP/1.1" 200 233551
216.244.66.195 - - [23/Mar/2024:08:37:57 -0500] "GET /BLA/resoluciones/AUTOS%202019/3913.pdf HTTP/1.1" 200 261072
172.22.2.4 - - [23/Mar/2024:08:36:45 -0500] "HEAD /BLA/boletinlegal/ HTTP/1.1" 200 -
207.46.13.141 - - [23/Mar/2024:08:38:25 -0500] "GET /portaldeninos/aula-ambiental-artistica-itinerante-auambari/ HTTP/1.1" 200 89306
216.244.66.195 - - [23/Mar/2024:08:38:32 -0500] "GET /BLA/resoluciones/AUTOS%202019/3914.pdf HTTP/1.1" 200 263975
201.245.192.253 - - [23/Mar/2024:08:38:48 -0500] "POST /kwsrmcab/Wsrmcab HTTP/1.1" 200 39070
201.245.192.253 - - [23/Mar/2024:08:38:50 -0500] "POST /kwsrmcab/Wsrmcab HTTP/1.1" 200 38114
216.244.66.195 - - [23/Mar/2024:08:39:01 -0500] "GET /BLA/resoluciones/AUTOS%202019/4485.pdf HTTP/1.1" 200 331220
172.22.2.4 - - [23/Mar/2024:08:37:36 -0500] "GET /BLA/boletinlegal/ HTTP/1.1" 200 58273
201.245.192.253 - - [23/Mar/2024:08:39:24 -0500] "POST /kwsrmcab/Wsrmcab HTTP/1.1" 200 39605
216.244.66.195 - - [23/Mar/2024:08:39:28 -0500] "GET /BLA/resoluciones/AUTOS%202023/3198.pdf HTTP/1.1" 200 885459
201.245.192.253 - - [23/Mar/2024:08:39:33 -0500] "POST /kwsrmcab/Wsrmcab  HTTP/1.1" 200 39660
216.244.66.195 - - [23/Mar/2024:08:40:18 -0500] "GET /BLA/resoluciones/AUTOS%202023/3793.pdf HTTP/1.1" 200 945841
201.245.192.253 - - [23/Mar/2024:08:40:19 -0500] "POST /kwsrmcab/Wsrmcab HTTP/1.1" 200 38114
216.245.221.92 - - [23/Mar/2024:08:40:40 -0500] "HEAD / HTTP/1.1" 200 -
52.167.144.21 - - [23/Mar/2024:08:41:01 -0500] "GET /BLA/resoluciones/AUTOS%202020/4093.pdf HTTP/1.1" 304 -
66.249.66.20 - - [23/Mar/2024:08:41:15 -0500] "GET /Publicaciones/2024EE09788.pdf HTTP/1.1" 404 227
66.249.66.20 - - [23/Mar/2024:08:41:16 -0500] "GET /BLA/resoluciones/AUTOS%202021/5320.pdf HTTP/1.1" 304 -
52.167.144.21 - - [23/Mar/2024:08:42:11 -0500] "GET /BLA/boletinlegal/images/signo-mas.gif HTTP/1.1" 200 13689
52.167.144.21 - - [23/Mar/2024:08:42:12 -0500] "GET /Publicaciones/2024EE41507.pdf HTTP/1.1" 404 227
172.22.2.4 - - [23/Mar/2024:08:42:35 -0500] "HEAD /BLA/boletinlegal/ HTTP/1.1" 200 -
66.249.66.20 - - [23/Mar/2024:08:44:16 -0500] "GET /BLA/resoluciones/Notificaciones/AUTOS%202023/5856.pdf HTTP/1.1" 304 -
201.245.192.253 - - [23/Mar/2024:08:44:32 -0500] "POST /kwsrmcab/Wsrmcab  HTTP/1.1" 200 39660
172.22.2.4 - - [23/Mar/2024:08:43:26 -0500] "GET /BLA/boletinlegal/ HTTP/1.1" 200 58720
216.245.221.92 - - [23/Mar/2024:08:45:40 -0500] "HEAD / HTTP/1.1" 200 -
181.32.162.244 - - [23/Mar/2024:08:45:50 -0500] "POST /sipse/faces/presentacion/financiero/solicitudProceso/consultarSolicitudProceso.xhtml HTTP/1.1" 200 37224
181.32.162.244 - - [23/Mar/2024:08:45:53 -0500] "GET /sipse/faces/javax.faces.resource/theme.css?ln=primefaces-sipse HTTP/1.1" 304 -
181.32.162.244 - - [23/Mar/2024:08:45:53 -0500] "GET /sipse/faces/javax.faces.resource/primefaces.css?ln=primefaces&v=4.0 HTTP/1.1" 304 -
181.32.162.244 - - [23/Mar/2024:08:45:53 -0500] "GET /sipse/faces/javax.faces.resource/layout/layout.css?ln=primefaces&v=4.0 HTTP/1.1" 304 -
181.32.162.244 - - [23/Mar/2024:08:45:53 -0500] "GET /sipse/faces/javax.faces.resource/jquery/jquery.js?ln=primefaces&v=4.0 HTTP/1.1" 304 -
181.32.162.244 - - [23/Mar/2024:08:45:53 -0500] "GET /sipse/faces/javax.faces.resource/jquery/jquery-plugins.js?ln=primefaces&v=4.0 HTTP/1.1" 304 -
181.32.162.244 - - [23/Mar/2024:08:45:53 -0500] "GET /sipse/css/imagen/contrasena.png HTTP/1.1" 404 383
181.32.162.244 - - [23/Mar/2024:08:45:53 -0500] "GET /sipse/faces/javax.faces.resource/primefaces.js?ln=primefaces&v=4.0 HTTP/1.1" 304 -
181.32.162.244 - - [23/Mar/2024:08:45:53 -0500] "GET /sipse/faces/javax.faces.resource/layout/layout.js?ln=primefaces&v=4.0 HTTP/1.1" 304 -
181.32.162.244 - - [23/Mar/2024:08:45:53 -0500] "GET /sipse/faces/javax.faces.resource/images/ui-icons_898989_256x240.png?ln=primefaces-aristo HTTP/1.1" 304 -
181.32.162.244 - - [23/Mar/2024:08:45:53 -0500] "GET /sipse/faces/javax.faces.resource/messages/messages.png?ln=primefaces&v=4.0 HTTP/1.1" 304 -
181.32.162.244 - - [23/Mar/2024:08:45:53 -0500] "GET /sipse/faces/javax.faces.resource/images/ui-bg_flat_0_2d5972_40x100.png?ln=primefaces-aristo HTTP/1.1" 304 -
181.32.162.244 - - [23/Mar/2024:08:45:53 -0500] "POST /sipse/faces/presentacion/financiero/solicitudProceso/listarSolicitudProceso.xhtml HTTP/1.1" 200 1400
181.32.162.244 - - [23/Mar/2024:08:45:57 -0500] "POST /sipse/faces/presentacion/financiero/solicitudProceso/listarSolicitudProceso.xhtml HTTP/1.1" 200 135097
181.32.162.244 - - [23/Mar/2024:08:45:58 -0500] "GET /sipse/faces/javax.faces.resource/theme.css?ln=primefaces-sipse HTTP/1.1" 304 -
181.32.162.244 - - [23/Mar/2024:08:45:58 -0500] "GET /sipse/faces/javax.faces.resource/primefaces.css?ln=primefaces&v=4.0 HTTP/1.1" 304 -
181.32.162.244 - - [23/Mar/2024:08:45:58 -0500] "GET /sipse/faces/javax.faces.resource/layout/layout.css?ln=primefaces&v=4.0 HTTP/1.1" 304 -
181.32.162.244 - - [23/Mar/2024:08:45:58 -0500] "GET /sipse/faces/javax.faces.resource/jquery/jquery.js?ln=primefaces&v=4.0 HTTP/1.1" 304 -
181.32.162.244 - - [23/Mar/2024:08:45:58 -0500] "GET /sipse/faces/javax.faces.resource/jquery/jquery-plugins.js?ln=primefaces&v=4.0 HTTP/1.1" 304 -
181.32.162.244 - - [23/Mar/2024:08:45:58 -0500] "GET /sipse/faces/javax.faces.resource/primefaces.js?ln=primefaces&v=4.0 HTTP/1.1" 304 -
181.32.162.244 - - [23/Mar/2024:08:45:58 -0500] "GET /sipse/faces/javax.faces.resource/layout/layout.js?ln=primefaces&v=4.0 HTTP/1.1" 304 -
181.32.162.244 - - [23/Mar/2024:08:45:58 -0500] "GET /sipse/css/imagen/contrasena.png HTTP/1.1" 404 383
181.32.162.244 - - [23/Mar/2024:08:46:01 -0500] "POST /sipse/faces/presentacion/financiero/solicitudProceso/consultarSolicitudProceso.xhtml HTTP/1.1" 200 36747
181.32.162.244 - - [23/Mar/2024:08:46:02 -0500] "GET /sipse/faces/javax.faces.resource/primefaces.css?ln=primefaces&v=4.0 HTTP/1.1" 304 -
181.32.162.244 - - [23/Mar/2024:08:46:02 -0500] "GET /sipse/faces/javax.faces.resource/theme.css?ln=primefaces-sipse HTTP/1.1" 304 -
181.32.162.244 - - [23/Mar/2024:08:46:02 -0500] "GET /sipse/faces/javax.faces.resource/layout/layout.css?ln=primefaces&v=4.0 HTTP/1.1" 304 -
181.32.162.244 - - [23/Mar/2024:08:46:02 -0500] "GET /sipse/faces/javax.faces.resource/jquery/jquery.js?ln=primefaces&v=4.0 HTTP/1.1" 304 -
181.32.162.244 - - [23/Mar/2024:08:46:02 -0500] "GET /sipse/faces/javax.faces.resource/jquery/jquery-plugins.js?ln=primefaces&v=4.0 HTTP/1.1" 304 -
181.32.162.244 - - [23/Mar/2024:08:46:02 -0500] "GET /sipse/faces/javax.faces.resource/primefaces.js?ln=primefaces&v=4.0 HTTP/1.1" 304 -
181.32.162.244 - - [23/Mar/2024:08:46:02 -0500] "GET /sipse/faces/javax.faces.resource/layout/layout.js?ln=primefaces&v=4.0 HTTP/1.1" 304 -
181.32.162.244 - - [23/Mar/2024:08:46:02 -0500] "POST /sipse/faces/presentacion/financiero/solicitudProceso/listarSolicitudProceso.xhtml HTTP/1.1" 200 30116
181.32.162.244 - - [23/Mar/2024:08:46:02 -0500] "POST /sipse/faces/presentacion/financiero/solicitudProceso/listarSolicitudProceso.xhtml HTTP/1.1" 200 30116
181.32.162.244 - - [23/Mar/2024:08:46:02 -0500] "POST /sipse/faces/presentacion/financiero/solicitudProceso/listarSolicitudProceso.xhtml HTTP/1.1" 200 1400
181.32.162.244 - - [23/Mar/2024:08:46:03 -0500] "POST /sipse/faces/presentacion/financiero/solicitudProceso/listarSolicitudProceso.xhtml HTTP/1.1" 200 1396
181.32.162.244 - - [23/Mar/2024:08:46:03 -0500] "POST /sipse/faces/presentacion/financiero/solicitudProceso/listarSolicitudProceso.xhtml HTTP/1.1" 200 1408
181.32.162.244 - - [23/Mar/2024:08:46:21 -0500] "POST /sipse/faces/presentacion/financiero/solicitudProceso/listarSolicitudProceso.xhtml HTTP/1.1" 200 5937
181.32.162.244 - - [23/Mar/2024:08:46:24 -0500] "POST /sipse/faces/presentacion/financiero/solicitudProceso/listarSolicitudProceso.xhtml HTTP/1.1" 200 134937
181.32.162.244 - - [23/Mar/2024:08:46:25 -0500] "GET /sipse/faces/javax.faces.resource/theme.css?ln=primefaces-sipse HTTP/1.1" 304 -
181.32.162.244 - - [23/Mar/2024:08:46:25 -0500] "GET /sipse/faces/javax.faces.resource/primefaces.css?ln=primefaces&v=4.0 HTTP/1.1" 304 -
181.32.162.244 - - [23/Mar/2024:08:46:25 -0500] "GET /sipse/faces/javax.faces.resource/layout/layout.css?ln=primefaces&v=4.0 HTTP/1.1" 304 -
181.32.162.244 - - [23/Mar/2024:08:46:25 -0500] "GET /sipse/faces/javax.faces.resource/jquery/jquery.js?ln=primefaces&v=4.0 HTTP/1.1" 304 -
181.32.162.244 - - [23/Mar/2024:08:46:25 -0500] "GET /sipse/faces/javax.faces.resource/jquery/jquery-plugins.js?ln=primefaces&v=4.0 HTTP/1.1" 304 -
181.32.162.244 - - [23/Mar/2024:08:46:25 -0500] "GET /sipse/faces/javax.faces.resource/primefaces.js?ln=primefaces&v=4.0 HTTP/1.1" 304 -
181.32.162.244 - - [23/Mar/2024:08:46:25 -0500] "GET /sipse/faces/javax.faces.resource/layout/layout.js?ln=primefaces&v=4.0 HTTP/1.1" 304 -
161.10.178.140 - - [23/Mar/2024:08:46:45 -0500] "GET /kwssiamovil/sm/ldap/au?x=U2FsdGVkX18mQUZDzdhhb2VMToodgfErLpW8c2ZH17Mr5hLMF2bhLmkM5Ry675JR&y=U2FsdGVkX1+PcNr7FPfZhIW/RIqS7NvCcxIJuNlCkCQ= HTTP/1.1" 200 30
161.10.178.140 - - [23/Mar/2024:08:46:46 -0500] "GET /kwssiamovil/sm/acme/s?s=U2FsdGVkX1/W1PyfhYPwbpHdrLpaD4gkhEABat2u9fG5b6dUGsdSLkT1q4KJiYOZi30ERWgoMG05jpGUlH9RS1A/z3tpnVagFImoVdIzv5Y=&u=U2FsdGVkX1/9jbA9NOM+WTP7n0mAgDovPgxnuEpWGSE=&y=U2FsdGVkX1+PcNr7FPfZhIW/RIqS7NvCcxIJuNlCkCQ= HTTP/1.1" 200 97
161.10.178.140 - - [23/Mar/2024:08:46:46 -0500] "GET /kwssiamovil/sm/acme/s?s=U2FsdGVkX1+SYBIkUL3EuBNl30s5uo+e6GDjnvX9CtpEIou0Se7sf5NMLaX1OuBStU1F6Uo0VMbHWcP41STTWKdGYHib76BcLfy8GP4MHIQjt3S+lgMvlYSNNbyHSgSRsRA58vZTbNPrE9t6b601xwAfTc2iTYB4qrk7zesI5wu3IeqCiVip8lgn0LwJlfKHAzPemtQUhBKuCOmpwILiACLcMEnv38OZYxi0gDnCh5uPmGvm/QyiaszKhEORME+D0xToa4Yt7IbOLZY/LYpzgSoyI7Nt0/YXvVhIckDnOYuU7TS5pyp/4RhRbF8zQS9fAyqcqvOEeLAVoVP2wUMdH5LBPRDA5B5rJ7C5u3S4j2dLTYPK9EY+wnJ0cjXi4sSqgytXwlGIdRur1cKJ7uJYb9gCXmgCJjJC4YWO2xxyFEtg/+VFqF1rozS093wDGko8Ap6Ks/OEW/Xss4yjkOTGh5mnpT16+Kb9e2Bz+HSoQV3/wpyjNC9fFZSgwQKf/h53bawkTQurzwf12Khyg8SLiRmF8XRAuR0m2ewBiC4XRFNIIs313NYlykTDOBGpzMUOGCsFFgS4UFCKDOifg5IKur6ajfpUBx4PquYjgwLRC7rn6OOedvSXyG1lMDxLvxdKZdl3wsoE7B+djG3Y7iC/wfG+quZkMnOdlhdXRcKH3ttOQvzjOHhUKRWB8RSyDWiCmLy6j+WQL6hSoZjnTWFkxm5u2jBQFh0eo9uHLvjpbs3xr8XrEhikjKlnxckOWUXq9SXiZJUCdwUR3LdePPQ3n+FSOFoxoKWsbwY9Og7TnMTY0O5Gc13zrPt7dtFrJJGkvwHL7xuf71HAfb1TbR2hRubG2VnNpfjRLpwPF5+BOUaGiTfvbY34mU7yqKXOIFM9kKi9W+QD6UysgcpbzBsOZZwyKBMElXI5eN/iEq6vDrYgAkzoH728SFjdWvziPn5tYNgkUSOdAs1HGiYCwGgLj0jIBDqkrattxnPlkZCTJZ0nc+WWReElhEZHGJYZ6Xn+SyLgeYJPTNGVhsqeSxLiPHVQd8NzoMskB9Iy8gBGMGZjXGASRAfSKFaIyEfeDL9vJRHTCbXXzRdoXEa74H9dZSjHXkdF9Wb1ET+OaB0UHCrXGp2kjVlECWSjlMO280bOgx2fxz/CfFPUlPqQO6gl6FrMxBalKHQpA2nino+9McA9kiALOXIjuBNfZBxYDE/ldTOpvNjWoKQONXQgv3hD+IM1RHS3FgNO0TZmH1XVob+CJcvRI8G3H+MoNPbKumxOfy5n0P4baIq7a/mRIEsN4n7K2+lrdzuMnkwZY0MEtu2q4UK4rm+n4rOdOHGEseEXGhl19WM6p25BByFIIKjh36g8b75Nb+8woRes+iieVhkSCnPhKGG1i+tVGS9ARAseQR0uCRQu6UgeDzm4JUenlf7k+APykXXdvlwm+QrB/lNNf9fqEtpSeJT99o3nHLuRH02faALnH+JZGdlq7BjR6Ft+40og6TO05BzGqYif7NQ/e2v+WqZPIztyMcKW5a76xvbE9lbngdZHWylI6TSUluLYTe3vo82lDNnUmqJz0RmNeLIZPUyuystKusPw8bgDJ0HcagT/lS6kwakFupLKxb94rw65jDWejdq3oOg4Fwvmr4x8GenrCSjZbEwZn1mwsp943PCUdZzXVofp+ArCCKQjcPBS7P8Wg2gj7u6UAbzTIM6bHebasQveannve05fulwMpQs0nVicYeoXkR3XvNhnlmR98nzmaChyB30iKCA=&u=U2FsdGVkX1/9jbA9NOM+WTP7n0mAgDovPgxnuEpWGSE=&y=U2FsdGVkX1+PcNr7FPfZhIW/RIqS7NvCcxIJuNlCkCQ= HTTP/1.1" 200 744
161.10.178.140 - - [23/Mar/2024:08:46:46 -0500] "GET /kwssiamovil/sm/acme/s?s=U2FsdGVkX1+rWvUdg4S4dT+QO5rxNJJ0qdd7sdGKGRa7jaJDfTyW8k+Kmrzmhm/0qbf5oW5Wi8i2jzsbg09xutHf7m4qzWmVOWjxyA9xvudbTbXtd9Moxg+bSKuuOuFrbWu2fBzGEXpH+SuEv0YykK/NmpIiA7cnpdaWm2fMQ/0v0S1Wqc82wyjEAnj2fP4nhsICRN8PXiAEyQpD2eS1QzIjduOnzZxQCbB6lEOsMIGGEG46rXIklde47dgwqv9AvPopV3w+M+6cNUKUeqmTqntR+RJZaYTh6fK0D2DsuJh40pxUEMRdLzmCFC2EP8kaenwIDfGQaUd1v2PdVeRpIX/Y2qh45hYa8jthstzRPUed+wFXP87MyINpIFVtF6TAmzYz/Y/GXeiA1qzHXlE/CZftME86E91Stfzi7wcLA8wUttlMZLFeU/bW8LspYIZeS55qac9BkxFV7yuUMTmOWwNMpvNxNt1C+PaUAfWYbb2Y6mL+EkmcgSU6ESbrO22yCqoZCNia2zMJsC2upgQ1kReSp9sFE8OmA7irNmjl2nHsyrOUfz/UDAlXrRCX4bwgzPeiUa7Sh98M+SxhNWF8kfLLSzKk8wbHsh8YEC1Mex9bOAAcwWMhXfJXhWlz3kwYFOcu512M/E0s6hKNx/nVQVpFnUEzfW7kSALfqSMBOy77p+pmcUWlfeVyDGjG0x89jPlfIV/GqgIiETjD+7hwiwkoISJdTw/7Ba9iQFOpeFzs/0K3hKxW8ceuX48ENnul&u=U2FsdGVkX1/9jbA9NOM+WTP7n0mAgDovPgxnuEpWGSE=&y=U2FsdGVkX1+PcNr7FPfZhIW/RIqS7NvCcxIJuNlCkCQ= HTTP/1.1" 200 208
161.10.178.140 - - [23/Mar/2024:08:46:46 -0500] "GET /kwssiamovil/sm/cjson/pre?f=1&x=U2FsdGVkX18mQUZDzdhhb2VMToodgfErLpW8c2ZH17Mr5hLMF2bhLmkM5Ry675JR HTTP/1.1" 200 30244
161.10.178.140 - - [23/Mar/2024:08:47:06 -0500] "GET /kwssiamovil/sm/acme/u?s=U2FsdGVkX19ViToWevWrqz5pqoR7bDH/L4gMwbIYTc0EP0W1iijnSb4vBcLlSkiroVj09VZZ28kbqSeURjZjMK5pG3SitPIpX1nBVH7YsNUnm9rMgWPG3VGgEF8a7Iu078tUg6jVmzoSr4nwN4Vq7Z7BgCuj4g5Mos2ice4znnM=&u=U2FsdGVkX1/9jbA9NOM+WTP7n0mAgDovPgxnuEpWGSE=&y=U2FsdGVkX1+PcNr7FPfZhIW/RIqS7NvCcxIJuNlCkCQ= HTTP/1.1" 200 60
172.22.2.4 - - [23/Mar/2024:08:45:39 -0500] "GET /BLA/boletinlegal/ HTTP/1.1" 200 57291
181.32.162.244 - - [23/Mar/2024:08:47:18 -0500] "POST /sipse/faces/presentacion/financiero/solicitudProceso/consultarSolicitudProceso.xhtml HTTP/1.1" 200 38707
181.32.162.244 - - [23/Mar/2024:08:47:18 -0500] "GET /sipse/faces/javax.faces.resource/primefaces.css?ln=primefaces&v=4.0 HTTP/1.1" 304 -
181.32.162.244 - - [23/Mar/2024:08:47:18 -0500] "GET /sipse/faces/javax.faces.resource/theme.css?ln=primefaces-sipse HTTP/1.1" 304 -
181.32.162.244 - - [23/Mar/2024:08:47:18 -0500] "GET /sipse/faces/javax.faces.resource/layout/layout.css?ln=primefaces&v=4.0 HTTP/1.1" 304 -
181.32.162.244 - - [23/Mar/2024:08:47:18 -0500] "GET /sipse/faces/javax.faces.resource/jquery/jquery.js?ln=primefaces&v=4.0 HTTP/1.1" 304 -
181.32.162.244 - - [23/Mar/2024:08:47:18 -0500] "GET /sipse/faces/javax.faces.resource/jquery/jquery-plugins.js?ln=primefaces&v=4.0 HTTP/1.1" 304 -
181.32.162.244 - - [23/Mar/2024:08:47:18 -0500] "GET /sipse/faces/javax.faces.resource/primefaces.js?ln=primefaces&v=4.0 HTTP/1.1" 304 -
181.32.162.244 - - [23/Mar/2024:08:47:18 -0500] "GET /sipse/faces/javax.faces.resource/layout/layout.js?ln=primefaces&v=4.0 HTTP/1.1" 304 -
35.203.210.89 - - [23/Mar/2024:08:48:36 -0500] "GET / HTTP/1.1" 200 319
201.245.192.253 - - [23/Mar/2024:08:49:30 -0500] "POST /kwsrmcab/Wsrmcab  HTTP/1.1" 200 39660
172.22.2.4 - - [23/Mar/2024:08:48:25 -0500] "HEAD /BLA/boletinlegal/ HTTP/1.1" 200 -
216.245.221.92 - - [23/Mar/2024:08:50:40 -0500] "HEAD / HTTP/1.1" 200 -
172.22.2.4 - - [23/Mar/2024:08:49:16 -0500] "GET /BLA/boletinlegal/ HTTP/1.1" 200 58273
181.32.162.244 - - [23/Mar/2024:08:50:58 -0500] "POST /sipse/faces/presentacion/financiero/solicitudProceso/consultarHistorialSolProceso.xhtml HTTP/1.1" 200 181067
181.32.162.244 - - [23/Mar/2024:08:50:58 -0500] "GET /sipse/faces/javax.faces.resource/theme.css?ln=primefaces-sipse HTTP/1.1" 304 -
181.32.162.244 - - [23/Mar/2024:08:50:58 -0500] "GET /sipse/faces/javax.faces.resource/primefaces.css?ln=primefaces&v=4.0 HTTP/1.1" 304 -
181.32.162.244 - - [23/Mar/2024:08:50:58 -0500] "GET /sipse/faces/javax.faces.resource/layout/layout.css?ln=primefaces&v=4.0 HTTP/1.1" 304 -
181.32.162.244 - - [23/Mar/2024:08:50:58 -0500] "GET /sipse/faces/javax.faces.resource/jquery/jquery-plugins.js?ln=primefaces&v=4.0 HTTP/1.1" 304 -
181.32.162.244 - - [23/Mar/2024:08:50:58 -0500] "GET /sipse/faces/javax.faces.resource/jquery/jquery.js?ln=primefaces&v=4.0 HTTP/1.1" 304 -
181.32.162.244 - - [23/Mar/2024:08:50:58 -0500] "GET /sipse/faces/javax.faces.resource/layout/layout.js?ln=primefaces&v=4.0 HTTP/1.1" 304 -
181.32.162.244 - - [23/Mar/2024:08:50:58 -0500] "GET /sipse/faces/javax.faces.resource/primefaces.js?ln=primefaces&v=4.0 HTTP/1.1" 304 -
52.70.240.171 - - [23/Mar/2024:08:51:14 -0500] "GET /robots.txt HTTP/1.1" 404 1018
181.32.162.244 - - [23/Mar/2024:08:51:57 -0500] "POST /sipse/faces/presentacion/financiero/solicitudProceso/consultarSolicitudProceso.xhtml HTTP/1.1" 200 38707
181.32.162.244 - - [23/Mar/2024:08:51:58 -0500] "GET /sipse/faces/javax.faces.resource/theme.css?ln=primefaces-sipse HTTP/1.1" 304 -
181.32.162.244 - - [23/Mar/2024:08:51:58 -0500] "GET /sipse/faces/javax.faces.resource/primefaces.css?ln=primefaces&v=4.0 HTTP/1.1" 304 -
181.32.162.244 - - [23/Mar/2024:08:51:58 -0500] "GET /sipse/faces/javax.faces.resource/layout/layout.css?ln=primefaces&v=4.0 HTTP/1.1" 304 -
181.32.162.244 - - [23/Mar/2024:08:51:58 -0500] "GET /sipse/faces/javax.faces.resource/layout/layout.js?ln=primefaces&v=4.0 HTTP/1.1" 304 -
181.32.162.244 - - [23/Mar/2024:08:51:58 -0500] "GET /sipse/faces/javax.faces.resource/jquery/jquery.js?ln=primefaces&v=4.0 HTTP/1.1" 304 -
181.32.162.244 - - [23/Mar/2024:08:51:58 -0500] "GET /sipse/faces/javax.faces.resource/primefaces.js?ln=primefaces&v=4.0 HTTP/1.1" 304 -
181.32.162.244 - - [23/Mar/2024:08:51:58 -0500] "GET /sipse/faces/javax.faces.resource/jquery/jquery-plugins.js?ln=primefaces&v=4.0 HTTP/1.1" 304 -
181.32.162.244 - - [23/Mar/2024:08:52:55 -0500] "GET /sipse/faces/javax.faces.resource/theme.css?ln=primefaces-sipse HTTP/1.1" 304 -
181.32.162.244 - - [23/Mar/2024:08:52:55 -0500] "GET /sipse/faces/javax.faces.resource/primefaces.css?ln=primefaces&v=4.0 HTTP/1.1" 304 -
181.32.162.244 - - [23/Mar/2024:08:52:55 -0500] "GET /sipse/faces/javax.faces.resource/jquery/jquery.js?ln=primefaces&v=4.0 HTTP/1.1" 304 -
181.32.162.244 - - [23/Mar/2024:08:52:55 -0500] "GET /sipse/faces/javax.faces.resource/layout/layout.css?ln=primefaces&v=4.0 HTTP/1.1" 304 -
181.32.162.244 - - [23/Mar/2024:08:52:55 -0500] "GET /sipse/faces/javax.faces.resource/jquery/jquery-plugins.js?ln=primefaces&v=4.0 HTTP/1.1" 304 -
181.32.162.244 - - [23/Mar/2024:08:52:55 -0500] "GET /sipse/faces/javax.faces.resource/primefaces.js?ln=primefaces&v=4.0 HTTP/1.1" 304 -
181.32.162.244 - - [23/Mar/2024:08:52:55 -0500] "POST /sipse/faces/presentacion/financiero/solicitudProceso/consultarHistorialSolProceso.xhtml HTTP/1.1" 200 181067
181.32.162.244 - - [23/Mar/2024:08:52:55 -0500] "GET /sipse/faces/javax.faces.resource/layout/layout.js?ln=primefaces&v=4.0 HTTP/1.1" 304 -
181.32.162.244 - - [23/Mar/2024:08:53:16 -0500] "POST /sipse/faces/presentacion/financiero/solicitudProceso/consultarSolicitudProceso.xhtml HTTP/1.1" 200 75140
201.245.192.253 - - [23/Mar/2024:08:54:29 -0500] "POST /kwsrmcab/Wsrmcab  HTTP/1.1" 200 39660
52.167.144.209 - - [23/Mar/2024:08:54:54 -0500] "GET /Publicaciones/2024EE48005.pdf HTTP/1.1" 404 227
216.245.221.92 - - [23/Mar/2024:08:55:40 -0500] "HEAD / HTTP/1.1" 200 -
172.22.2.4 - - [23/Mar/2024:08:54:15 -0500] "HEAD /BLA/boletinlegal/ HTTP/1.1" 200 -
216.244.66.195 - - [23/Mar/2024:08:56:06 -0500] "GET /robots.txt HTTP/1.1" 404 1018
172.22.2.4 - - [23/Mar/2024:08:54:44 -0500] "GET /BLA/boletinlegal/ HTTP/1.1" 200 46633
186.154.253.108 - - [23/Mar/2024:08:56:29 -0500] "GET /appsia/controlador HTTP/1.1" 200 4799
186.154.253.108 - - [23/Mar/2024:08:56:29 -0500] "GET /appsia/css/estilos.css HTTP/1.1" 200 4804
186.154.253.108 - - [23/Mar/2024:08:56:29 -0500] "GET /appsia/scripts/validarIngreso.js HTTP/1.1" 200 851
186.154.253.108 - - [23/Mar/2024:08:56:29 -0500] "GET /appsia/images/logo_bogota_p.png HTTP/1.1" 200 14951
186.154.253.108 - - [23/Mar/2024:08:56:29 -0500] "GET /appsia/images/cabezoteHojaVida.png HTTP/1.1" 200 32493
186.154.253.108 - - [23/Mar/2024:08:56:30 -0500] "GET /favicon.ico HTTP/1.1" 200 7782
172.22.2.4 - - [23/Mar/2024:08:55:06 -0500] "GET /BLA/boletinlegal/ HTTP/1.1" 200 48027
186.154.253.108 - - [23/Mar/2024:08:56:54 -0500] "POST /appsia/controlador HTTP/1.1" 200 4621
172.22.2.4 - - [23/Mar/2024:08:56:57 -0500] "GET /BLA/boletinlegal/robots.txt HTTP/1.1" 404 1038
186.154.253.108 - - [23/Mar/2024:08:56:57 -0500] "POST /appsia/controlador HTTP/1.1" 200 8671
186.154.253.108 - - [23/Mar/2024:08:56:57 -0500] "GET /appsia/images/logo_escudo.png HTTP/1.1" 200 36965
186.154.253.108 - - [23/Mar/2024:08:57:05 -0500] "POST /appsia/controlador HTTP/1.1" 200 4621
186.154.253.108 - - [23/Mar/2024:08:57:06 -0500] "POST /appsia/controlador HTTP/1.1" 200 4799
40.77.167.25 - - [23/Mar/2024:08:57:14 -0500] "GET /BLA/resoluciones/AUTOS%202013/0353.pdf HTTP/1.1" 304 -
161.10.178.140 - - [23/Mar/2024:08:57:16 -0500] "GET /kwssiamovil/sm/acme/a?s=U2FsdGVkX193Vxy4W6Tk5YhhbkxIEhiH7qFcGSVkMSpqoN2aFpTT6jOdL4oFrJmBwsqC5ob6QNRNuQtXdrEPltB5+78hbK+PzHgeeuluP9XtI6Mg8eLwtRhcjqZqJptRtS0E9QoxSJatu7R6R2o8VpOYWB8FiEkNJjTRosiVfElHBG2S2y48d+P7xrMnpAuxrcotH98ldUABb8SRGcqdIBexlB+8hhOsGnJZO45w+NSbUmPStz9PmrijHForYM7clhgaJJn6kNHxYBwmS9wjAQ==&u=U2FsdGVkX1/9jbA9NOM+WTP7n0mAgDovPgxnuEpWGSE=&y=U2FsdGVkX1+PcNr7FPfZhIW/RIqS7NvCcxIJuNlCkCQ= HTTP/1.1" 200 26
161.10.178.140 - - [23/Mar/2024:08:57:17 -0500] "GET /kwssiamovil/sm/acme/a?s=U2FsdGVkX184u4pJFFWiTBU7UFKD9jOBcyIkQue1klcPQrFENu9v1IvpryuhIty3Cigcz8vnDJoSmetzFiE9sWwPeuUxDQa91eLUhYY4hZ2iekI2LyqJ6C2ydjiFKRFwRTLRBUGQtFzbQZcmOt4+zA+wsCz6i7ujMzh4fOOXSVogjcPRt0DNKK8EcMV2svRaGPwwBFwwmQ6Mp0s0gamSpEKYm5rtRqgTWxvMibojSAHTx/hxMr14YQS4iuCouySl6GwSSRYzSxOqVMAJXF5HFYa8TkANjkOF2f3iUfEIZwnhYyCDatZ0DZuWMCUmAx8AWhuene3urX6dG1m0FDgJhqT2KT8S102PiBVm+8ipDHWBzj2Jn8n3hkX678CjVERuGELHSHoqHD0o6+0rrtJP6iyzp1BIAVeZLYZ8eQW42ogYa8VMbjwsy2iKrnncrssMSlGwoFH+T6Da1qfPjiAvZdI4GpLtBgSa8/GcR4PGlMyMQWqje9c/ULXcl5mplObh628r9Ie2Is50H4VXCZz2qjdaxmdQVbcn+3xZHUrESct4+No+O5VA3kG69YgwJNOrXnkIewzgikXlK0Ax3doqAUaA4aFaWNjADiyiBMwGJXYPN8YdjYxNUdKv60Pjf5z7AeOygQ+M+gueTpZLZrfmNTiFLOgX9LNHuVETr1njcyWugQYDOspnn3PsLOZ+lPPU1Zz8Vuog72k9KeSjw0I9sbqXaCCcgSs5BcX934UTCb/o2XGiwuZNiAhCOuGmCYLaTuUCued9UJ1JfYiwP9dOBTa04dJJ0kCW5IQP5Q8h4Qw+e2FclHk3xhqURluOQ/AfRM7Mw2NwOIlTr01XLfSROdhUmFUuquT+08t1M5mBiqs/iOTlkoYT/IkDBOQ73ALvXU3RZxSXVnnw3pxh6kwejfxS5zBH3Ui3RsRRWYW2xftzZdQq10A4SGPlxIaQvCBFHnB1wVoNbENdojEryD9ZXeF+7eXb4z3bnw0UfVlS86wrU4CuPFH3L8XnYr++lyzump8HPr/DtpKwp1aU65tg2FHJ+g9HdaWLO7eF+MR10+Ah++w9UHgxfgHH7wYSGFu3mVLJwr8cZu8lmGEXLL1WRXVzkUCi93DIsh7voJTXNEUQMN2PxCwU2oCYoeC3pHadmjCkV2I+RZxqCapHuR4DxlfG3AOmXsAFhbFuwsfJSDwxocEjxDke6kqQ0C+48lLmpkXXjHOJuCACNAv7HkqA9xRevbHv19hW4fnk+7tilN9IP3KxEZYsgsjb6eHwl6t6gBVzx/6MghTa/+jKp9lWHMNxq1Nk7TIYSiFtV/kx1cwfJsUMjmZy90c5Y0voSTkMEoc+r7HEvt7hc5diPhbVZC0rzYxEsp/5RVQz6iBsqKqi8nSKNjezfYFa9QJ+0y/HeR9Rd0+EH0UKaRIhyl7GdAyqJTSacJIZj6cRMBMztdDlW3CnITjanI/szCrOL3es/4YUe6dmxoqFAPhnUyorioHswJTY96G/ODtJMR27HsCbT0dIBYizMfqRApSya3RAh4QF91lUW9ETXyEPOm+zQngp9LK9xqhwvQZFgJIWwRY1mKxWDIpn0+Aa5O0G/XhE3rfIkjzrmQCRlPXdFbVCfH6zTeSW0/ttBWUIrRElk9k0HVTPmPtIe5RlzmqYGaGLEXYc1lbY4IPrHoQgkWWznSV62rLQBnM9PfGR5O26qc6mNkzv0oyNfTBMqUNf1zfqsGSTdJhHPESxgeYcRxcjKNFH1881JmPnSxAAIjUAAOgkyrIIrwj7nSRpmyoFc2V8OBuOhpFOkynd30OX+1K7F4uvXLXoBKxQQ677XFSNLCxLHXXg6PtL2I7NoKPw0VZUyBwiCac18jDNO/kzk6LpF+AThnc8givrcbiMgFbd+o+uZ0qN1vuiwYscDfFvSgeFaBWtaOtxw/tU7YC3LeckJtdfAjzZWk38DaBKIbBXFg0DL2Xzd8UXSWSOLvfGIWc8JvEjGNB5ymagJgFgzeYrNg++Y8xnn6KdwWJPdJ0te44mzX5vBwQYBQ/IAt9ExE0hXm+ojbqLw8rDzmQfZ/96p0+YX6hA9NRUZueHVaaOIvENRctS6pmtPg9x28eUkG+CToJ4RcdVSs7CXZ+uxcS45zu+A7i1+OIW8W2ZvG/IE+VQjbd0lbcfxejY7hzgxrHBOl7IRc3sjjFCVY6zLKPLFw==&u=U2FsdGVkX1/9jbA9NOM+WTP7n0mAgDovPgxnuEpWGSE=&y=U2FsdGVkX1+PcNr7FPfZhIW/RIqS7NvCcxIJuNlCkCQ= HTTP/1.1" 200 26
161.10.178.140 - - [23/Mar/2024:08:57:17 -0500] "GET /kwssiamovil/sm/acme/a?s=U2FsdGVkX1+Ik01TvXOJPGIx7NZ1dUE8BZHjhuIPvd8fDlGv33QqjWsXYQmC9gcvJKGKAvQ7ioIAs+qG6Jfb9fohMLJzsqCgzDA7kF1d/gBSJJSCQlovkn7qZ024GUK679Vwc2fA4bXsGCdAnDsWgoapwTArrRvyB1V8VFZqNvE=&u=U2FsdGVkX1/9jbA9NOM+WTP7n0mAgDovPgxnuEpWGSE=&y=U2FsdGVkX1+PcNr7FPfZhIW/RIqS7NvCcxIJuNlCkCQ= HTTP/1.1" 200 26
161.10.178.140 - - [23/Mar/2024:08:57:17 -0500] "GET /kwssiamovil/sm/acme/a?s=U2FsdGVkX18cYPZo+TF1j7xq/nPxWZnStySmXMEEG8FrdtwB4AyzmglQUEw2p/ZNn94ZkP/6YEQE/GFeHdEUq6jfADx4nh7RSFkfLH1bU09UXRCL0t7URDY+hc774N83b7pzRoGu80PXzFp/n0rqX1flrvEdZpMexkA/6sZpdRM=&u=U2FsdGVkX1/9jbA9NOM+WTP7n0mAgDovPgxnuEpWGSE=&y=U2FsdGVkX1+PcNr7FPfZhIW/RIqS7NvCcxIJuNlCkCQ= HTTP/1.1" 200 26
161.10.178.140 - - [23/Mar/2024:08:57:18 -0500] "GET /kwssiamovil/sm/acme/a?s=U2FsdGVkX1/7hVvPz4hpTSOAFk3i4eDHvgXAfOY0iEP7kGpwF6p4i8vIAA2O5M7c38md8TsmpamSB9ybQf1p1eJSQWqHTLzI/jQfKudPqdcEf58UxiYplZWG8ejXbsNLNNr2WN4zI+OX9tmhz3+0/46tLh0tG2L4+l9t89YjT1U=&u=U2FsdGVkX1/9jbA9NOM+WTP7n0mAgDovPgxnuEpWGSE=&y=U2FsdGVkX1+PcNr7FPfZhIW/RIqS7NvCcxIJuNlCkCQ= HTTP/1.1" 200 26
161.10.178.140 - - [23/Mar/2024:08:57:18 -0500] "GET /kwssiamovil/sm/acme/a?s=U2FsdGVkX183UyuJyrZikUQtcFQxiiUnaGZ4q3YOQNU/0Fv+LMGhXTLp8B7PukBll70aEg/5zAgxUd0fhjkRssYaVB3WGrwd/jVSuYM04OkJ8iTpO2Y44TIEwTH9YGI4NyWXQdocQ2AORV15w5YN/3kClULn+c7VQAcpJGotCPEcJpV2hWYesBhGphfSD2qo&u=U2FsdGVkX1/9jbA9NOM+WTP7n0mAgDovPgxnuEpWGSE=&y=U2FsdGVkX1+PcNr7FPfZhIW/RIqS7NvCcxIJuNlCkCQ= HTTP/1.1" 200 26
186.154.253.108 - - [23/Mar/2024:08:57:24 -0500] "POST /appsia/controlador HTTP/1.1" 200 4621
186.154.253.108 - - [23/Mar/2024:08:57:26 -0500] "POST /appsia/controlador HTTP/1.1" 200 7734
186.154.253.108 - - [23/Mar/2024:08:57:37 -0500] "POST /appsia/controlador HTTP/1.1" 200 4621
186.154.253.108 - - [23/Mar/2024:08:57:39 -0500] "POST /appsia/controlador HTTP/1.1" 200 4799
186.154.253.108 - - [23/Mar/2024:08:57:49 -0500] "GET /appsia/controlador HTTP/1.1" 200 4799
186.154.253.108 - - [23/Mar/2024:08:57:53 -0500] "GET /appsia/controlador HTTP/1.1" 200 4799
186.154.253.108 - - [23/Mar/2024:08:58:09 -0500] "POST /appsia/controlador HTTP/1.1" 200 4621
186.154.253.108 - - [23/Mar/2024:08:58:11 -0500] "POST /appsia/controlador HTTP/1.1" 200 7734
172.22.2.4 - - [23/Mar/2024:08:58:22 -0500] "GET /BLA/boletinlegal/robots.txt HTTP/1.1" 404 1038
172.22.2.4 - - [23/Mar/2024:08:57:30 -0500] "GET /BLA/boletinlegal/ HTTP/1.1" 200 40907
186.154.35.66 - - [23/Mar/2024:08:58:37 -0500] "GET /kwssiamovil/sm/acme/a?s=U2FsdGVkX19YOxbJDQTeamzxwwsg0eI04xYTSPEF3n95R/+zbZacTvWWdMTrjdgvnqvBMiaP6ouA9/t004+Jxyg5uZJkYZsyv3DD6tRbRHzg5Q2dmcFOKjxncjExzatntQZyKoNAxcmS7SUE9j+sexhBRWVGnmiYpJDEqLvBPoWsCYiFFyPUC/3SqrGBkXInGawBIEiTFsm4IJ8AQchZ8E3ZXTRk2bhKjy0FH/50KjNNVAtb4P2dynrNQe1taPhHWEJDD+T4cSZ4s1ywYeQTvA==&u=U2FsdGVkX1/pIPvYu2kl6jSOIYhiFz6YRWltDgYXi9s=&y=U2FsdGVkX1+vZNWxrcVgk0DQZZP0kHDObzp2yeSH3sA= HTTP/1.1" 200 26
186.154.35.66 - - [23/Mar/2024:08:58:37 -0500] "GET /kwssiamovil/sm/acme/a?s=U2FsdGVkX1+RogK+7L37g91Nu1S6XZ5n6Jw1aydptLZdO7KmEHcF2G96kahTOhnr53MensBxEnHAH5ucfUOF415ecWsjyFvNHujiHAS7zFyd7owuw7IXhhtT/ya6U+Znc2VLCDkHgejiVTXmU4xX805tEypj3vr89U+SOWcrxo+nIku3nCNQHyOulL2PKXQDsOvslGrLVxOyGWy6Ku4ov7zDZM83cPWnEzTlYQFCY+ayv2gkVcJWeq7cql2ETimDPJ3Ufxzv07yRYgelfTSDNQfEC41rk8BM4qMCx/wof8110Bk4B05DSZh+2JHQQnmiYWL/b7QNqskfPzJqA7VJnY/jetswLQsX40sxt6vlSt7pghVn9GUVC4SpLQwgO4gbMzkqqXPuQ6YX32CZ5U6dRy19JM2l8MjbT9l3/L71gg5hcd62jTA7A+7ZCivNur/zJM6cd3Vo93EXpyPWSdHDakdKE0Jid/Bx7I6LXzwCwD/VoQDkmQV7nGPCcLaMeXcaiy5AS84O8xTnZfFUbeLqntqoGyr9gYMNtuoucDxGt5NKh9DbQcy+cfs+Gyc+w89a1hP1LQWgzHcIWFfCGUTg6opE1CGXyEOoBjSg6QdMAZyiV+N5+TV9YNV3GohxB6OM4lRdC1VsOSrbKLDKycEm8EZARhnIH5+73fAAgJ+QTI5NPHOFwHVFd0HMDxgsQFluKIq8K45xshLBO9eDnIT8rkQ2dPsvL9S26fp3K4tTgOhrJ7tkTlgxTylpfabtxDa8+bIeV7/i8lqgcUJ7Vze0bgQr5noRr3+0FGegWxKWMpgHgNeu8j4lC5Eqe0PbVOHFvlhkNfyQ/rQj939U4W+8lDUEX49jkviMn4S04jVkrUeiLOy7mG0Q5C0QmrRRt3c9XWHYprWvrCX68eNcQhAckCT6EMqxDDvXB5tQ+4vkN0RaHzVyiQDXxu4+zFZ3ZG/0tAiPJzvlHH6om5PzFgD2qW4pk/Tj3YZcH73s68p/u8N1PGtGOOvdhwsStNLtKMPT8fCJHV1DKIb74cogzpvgkzmRVrMVWeUaKdqr9nQNb/QvI1nfVJN8bTG03oUE/KpkJLIjxmZQKBHT8wmu5czygtkjj4VR3HiYAsFswksf9QqYqs9ztAMEcgS9c1rECzt3iZxisUdXJgGkGu+9zGAD0b00rul4SKJylN1ibNw4HwMaVIPmuNn044wBeWIouaUKOO7p6aeiRGPOccWWZ6QDZYW990jDlEpnRG96OodZmXHzhcBJjoN6xrSZunVvI8l+lr4UOO4/DRmNujwuYC92hJHVJqHONQlBGE7xVNKULERLlmOAQdctRn+irrkVnw7xlS6H0oF4t0jFDHWaVKTOaO8M5K3rKLkHMEwErSNJFrQsB7HnYGvOwDl8Yh4/LxWB4LwaGZBHgziuNUXtNnwOnF/mHELFfFdoPIi/14e5lfDFVJ3/4ylUUkLgjnUWdPqMJhppXBTcRd0hlSEZYNXX/qqIIcdU6H0iF5vCYKYI+QpKzEAT14sctf8yWlgMkvaDKELFFMpliXsSh6DjaYGo4zwuDxI4nOhQneyKnkoIKYnYCj8PlRS4+TA3H+fAoj9XlhrPwRychOJz7OWksKWtVystb27PUH5gq8MktUGMS6Og0mddUI4EIINOtvalYM8s/tXxKFUXUYgnDSgvAnpUiBy+Bhu3QSUpJTkdhGDFQdfh3mt9JEGPnv9WSUBVUYDA3/MTckK3F1qZy3xU8DxIFFlPZtcjRZL9Vh5l5vUEoVrIuLWo4iXKDSaCzsiT3vf+BFe/j6CD4Gs2KFdoIE3yeqUjLlOfe61qbxyppMcTSQ38ZzqLlKWhZLpJh7JzypbMqkHoIlS6kUqFuN7QC3x38b/2NQ1CyTWgxRN1sdWeEdCBQXPLz6OqMBWk4U9INOe+QqLzI+mr520vzjRInKAFChiRTAmAzoWhQxFFb0VncudrnWsqgKueDWZasmzdhTuz+q8PXxtaXeemdZHetKCbar/lPDQa3fUkyygD4ERqSOrmo7i1+U7BNDJov4oak69OSzS2v2SGEfA4JRh7fDg92BoHogUAxsgeYnNNGvJSLBDOxcei90ufEjYr4gAb6fWrWJmIJ/kZ5tnhboWJEuRRJSckVy5zc/vvOagmoe7NhdhgeoFo/+I5FWzCr0w3LRYV4sJEJ9cwmxhP4ZR9aTVDZ4f39xg3qy9iMJXY7ar0RL0/95lW/3kaKnYPOOV+UmhZc0lagwj7fOFXQ1yy9xgZa5DznOpNQ6TDavfrYGGdvX4Dzg1FDDKvGMxR6SGgMt0/6l0Kt0hz8TfKe1Wu47MhciWbV8nf1ZbBCSAY27BpKgV/0hW3JhuoL7z2ruvByAT6/pvA2fe8ZeJhG4j9mf7u3lCO32hCwNKefLuUHtQzNvy030oesrUw8BKYm53ze9x4fP9uN4I8ghnVGA/8oz4vPVk2rsp7sJnrY6bVTLRXPDNGv93fX4ZqqjA0zRjLv3uh4XWdmVZa/o/UQCHEedtg8A==&u=U2FsdGVkX1/pIPvYu2kl6jSOIYhiFz6YRWltDgYXi9s=&y=U2FsdGVkX1+vZNWxrcVgk0DQZZP0kHDObzp2yeSH3sA= HTTP/1.1" 200 26
186.154.35.66 - - [23/Mar/2024:08:58:38 -0500] "GET /kwssiamovil/sm/acme/a?s=U2FsdGVkX18GHTNYlUakzUTLWJ8jmF1BHcybuy7q3giXaNETIzEt81Lp6RNXkdxrsLOt/6pk6c85N5IiXRl+3vomwypmFGWuI0pVXHgVIV+NqrGHttzG9uDPIempaB7K6c1+4qEfp3gbanDbYKC1LiSApuB2L/YyjRwq0dQqgLc=&u=U2FsdGVkX1/pIPvYu2kl6jSOIYhiFz6YRWltDgYXi9s=&y=U2FsdGVkX1+vZNWxrcVgk0DQZZP0kHDObzp2yeSH3sA= HTTP/1.1" 200 26
186.154.35.66 - - [23/Mar/2024:08:58:38 -0500] "GET /kwssiamovil/sm/acme/a?s=U2FsdGVkX1+M9qfHLqdkIiIMoTxQcGXV5O3eCpNPfyofrqLYfDL8Ahjxz5AAnFtI/1xnCmEwKeRjOMqMRoihDBxRsM4J1oKuaR85sfKTf71TmzdCSNVuxaxRPE5XVwH24uw1XQUfXMsmwvsC3DxENXels8tdIxpXNHdWlb6ExhY=&u=U2FsdGVkX1/pIPvYu2kl6jSOIYhiFz6YRWltDgYXi9s=&y=U2FsdGVkX1+vZNWxrcVgk0DQZZP0kHDObzp2yeSH3sA= HTTP/1.1" 200 26
186.154.35.66 - - [23/Mar/2024:08:58:38 -0500] "GET /kwssiamovil/sm/acme/a?s=U2FsdGVkX18mNYJ1010nRJW61PF3qWEhOl+1uQK28dZfoHOliQcrWW3CQQ4SItyKBho8vU4R3DgbeO+VJRzXtcr77dnkbZtWruzOsysGy0JeI0CA+ldUh+MNauKeYVPBTQYl0IJUFNE6WJLDGQJfDbvX6HXjTVlCLNWEW/mQEh8=&u=U2FsdGVkX1/pIPvYu2kl6jSOIYhiFz6YRWltDgYXi9s=&y=U2FsdGVkX1+vZNWxrcVgk0DQZZP0kHDObzp2yeSH3sA= HTTP/1.1" 200 26
186.154.35.66 - - [23/Mar/2024:08:58:38 -0500] "GET /kwssiamovil/sm/acme/a?s=U2FsdGVkX1+qb1vscKssvIgssJMIfKSgWlFRBZRv96Nschxg9rQWZXcfNiewQZiHkwQCg1H0ryqZqA23tTFoAjhHnsYAfBdW0EYZSSRIgNbu1jwcIL7ix6XmvrtBFjfsPbz6g4iWWRVkjwg3Yn9IOt6i2dGS9y9SC0WfazWctZ/duFYkNeGUCdzxDPNobmPp&u=U2FsdGVkX1/pIPvYu2kl6jSOIYhiFz6YRWltDgYXi9s=&y=U2FsdGVkX1+vZNWxrcVgk0DQZZP0kHDObzp2yeSH3sA= HTTP/1.1" 200 26
201.245.192.253 - - [23/Mar/2024:08:59:28 -0500] "POST /kwsrmcab/Wsrmcab  HTTP/1.1" 200 39660
23.22.35.162 - - [23/Mar/2024:09:00:31 -0500] "GET /webdav/x32.php&lt HTTP/1.1" 404 1018
216.245.221.92 - - [23/Mar/2024:09:00:40 -0500] "HEAD / HTTP/1.1" 200 -
186.28.136.245 - - [23/Mar/2024:09:01:37 -0500] "GET /sipse/faces/index.xhtml HTTP/1.1" 200 677
186.28.136.245 - - [23/Mar/2024:09:01:37 -0500] "GET /sipse/faces/javax.faces.resource/theme.css?ln=primefaces-sipse HTTP/1.1" 304 -
186.28.136.245 - - [23/Mar/2024:09:01:37 -0500] "GET /sipse/faces/faces/autenticacion.xhtml HTTP/1.1" 200 12411
186.28.136.245 - - [23/Mar/2024:09:01:37 -0500] "GET /sipse/js/disable_browser_buttons.js HTTP/1.1" 200 3230
186.28.136.245 - - [23/Mar/2024:09:01:37 -0500] "GET /sipse/js/funciones.js HTTP/1.1" 200 12592
186.28.136.245 - - [23/Mar/2024:09:01:37 -0500] "GET /sipse/css/custom_css_sg.css HTTP/1.1" 200 9694
186.28.136.245 - - [23/Mar/2024:09:01:37 -0500] "GET /sipse/faces/javax.faces.resource/primefaces.css?ln=primefaces&v=4.0 HTTP/1.1" 304 -
186.28.136.245 - - [23/Mar/2024:09:01:37 -0500] "GET /sipse/faces/javax.faces.resource/theme.css?ln=primefaces-sipse HTTP/1.1" 304 -
186.28.136.245 - - [23/Mar/2024:09:01:37 -0500] "GET /sipse/css/custom_css_sg_prime_login.css HTTP/1.1" 200 443
186.28.136.245 - - [23/Mar/2024:09:01:37 -0500] "GET /sipse/faces/javax.faces.resource/layout/layout.css?ln=primefaces&v=4.0 HTTP/1.1" 304 -
186.28.136.245 - - [23/Mar/2024:09:01:37 -0500] "GET /sipse/faces/javax.faces.resource/jquery/jquery-plugins.js?ln=primefaces&v=4.0 HTTP/1.1" 304 -
186.28.136.245 - - [23/Mar/2024:09:01:37 -0500] "GET /sipse/faces/javax.faces.resource/jquery/jquery.js?ln=primefaces&v=4.0 HTTP/1.1" 304 -
186.28.136.245 - - [23/Mar/2024:09:01:37 -0500] "GET /sipse/faces/javax.faces.resource/layout/layout.js?ln=primefaces&v=4.0 HTTP/1.1" 304 -
186.28.136.245 - - [23/Mar/2024:09:01:37 -0500] "GET /sipse/faces/javax.faces.resource/primefaces.js?ln=primefaces&v=4.0 HTTP/1.1" 304 -
186.28.136.245 - - [23/Mar/2024:09:01:38 -0500] "GET /sipse/css/imagen/logoSDG.png HTTP/1.1" 200 53064
186.28.136.245 - - [23/Mar/2024:09:01:38 -0500] "GET /sipse/css/imagen/loginimg.png HTTP/1.1" 200 71635
186.28.136.245 - - [23/Mar/2024:09:01:38 -0500] "GET /sipse/faces/javax.faces.resource/images/ui-icons_898989_256x240.png?ln=primefaces-aristo HTTP/1.1" 304 -
186.28.136.245 - - [23/Mar/2024:09:01:42 -0500] "POST /sipse/faces/autenticacion.xhtml HTTP/1.1" 200 2220
186.28.136.245 - - [23/Mar/2024:09:01:42 -0500] "GET /sipse/faces/javax.faces.resource/messages/messages.png?ln=primefaces&v=4.0 HTTP/1.1" 304 -
186.28.136.245 - - [23/Mar/2024:09:01:43 -0500] "POST /sipse/faces/autenticacion.xhtml HTTP/1.1" 200 16357
186.28.136.245 - - [23/Mar/2024:09:01:43 -0500] "GET /sipse/css/custom_css_sg_prime.css HTTP/1.1" 200 5201
186.28.136.245 - - [23/Mar/2024:09:01:43 -0500] "GET /sipse/faces/javax.faces.resource/primefaces.css?ln=primefaces&v=4.0 HTTP/1.1" 304 -
186.28.136.245 - - [23/Mar/2024:09:01:43 -0500] "GET /sipse/faces/javax.faces.resource/theme.css?ln=primefaces-sipse HTTP/1.1" 304 -
186.28.136.245 - - [23/Mar/2024:09:01:43 -0500] "GET /sipse/faces/javax.faces.resource/layout/layout.css?ln=primefaces&v=4.0 HTTP/1.1" 304 -
186.28.136.245 - - [23/Mar/2024:09:01:43 -0500] "GET /sipse/js/jquery.min.js HTTP/1.1" 200 85582
186.28.136.245 - - [23/Mar/2024:09:01:43 -0500] "GET /sipse/faces/javax.faces.resource/jquery/jquery.js?ln=primefaces&v=4.0 HTTP/1.1" 304 -
186.28.136.245 - - [23/Mar/2024:09:01:43 -0500] "GET /sipse/faces/javax.faces.resource/jquery/jquery-plugins.js?ln=primefaces&v=4.0 HTTP/1.1" 304 -
186.28.136.245 - - [23/Mar/2024:09:01:43 -0500] "GET /sipse/faces/javax.faces.resource/primefaces.js?ln=primefaces&v=4.0 HTTP/1.1" 304 -
186.28.136.245 - - [23/Mar/2024:09:01:43 -0500] "GET /sipse/faces/javax.faces.resource/layout/layout.js?ln=primefaces&v=4.0 HTTP/1.1" 304 -
186.28.136.245 - - [23/Mar/2024:09:01:43 -0500] "GET /sipse/css/v_mergente.css HTTP/1.1" 200 1505
186.28.136.245 - - [23/Mar/2024:09:01:43 -0500] "GET /sipse/imagenes/cargando.gif HTTP/1.1" 200 36959
186.28.136.245 - - [23/Mar/2024:09:01:43 -0500] "GET /sipse/imagenes/logoAplicacion.jpg HTTP/1.1" 200 155084
186.28.136.245 - - [23/Mar/2024:09:01:44 -0500] "GET /sipse/css/imagen/contrasena.png HTTP/1.1" 404 383
172.22.2.4 - - [23/Mar/2024:09:00:05 -0500] "HEAD /BLA/boletinlegal/ HTTP/1.1" 200 -
186.28.136.245 - - [23/Mar/2024:09:01:45 -0500] "GET /sipse/faces/javax.faces.resource/images/ui-bg_flat_0_2d5972_40x100.png?ln=primefaces-aristo HTTP/1.1" 304 -
186.28.136.245 - - [23/Mar/2024:09:01:45 -0500] "POST /sipse/faces/bienvenido.xhtml HTTP/1.1" 200 2073
186.28.136.245 - - [23/Mar/2024:09:01:47 -0500] "POST /sipse/faces/bienvenido.xhtml HTTP/1.1" 200 38996
186.28.136.245 - - [23/Mar/2024:09:01:47 -0500] "GET /sipse/faces/javax.faces.resource/primefaces.css?ln=primefaces&v=4.0 HTTP/1.1" 304 -
186.28.136.245 - - [23/Mar/2024:09:01:47 -0500] "GET /sipse/faces/javax.faces.resource/layout/layout.css?ln=primefaces&v=4.0 HTTP/1.1" 304 -
186.28.136.245 - - [23/Mar/2024:09:01:47 -0500] "GET /sipse/faces/javax.faces.resource/theme.css?ln=primefaces-sipse HTTP/1.1" 304 -
186.28.136.245 - - [23/Mar/2024:09:01:47 -0500] "GET /sipse/faces/javax.faces.resource/jquery/jquery.js?ln=primefaces&v=4.0 HTTP/1.1" 304 -
186.28.136.245 - - [23/Mar/2024:09:01:47 -0500] "GET /sipse/faces/javax.faces.resource/jquery/jquery-plugins.js?ln=primefaces&v=4.0 HTTP/1.1" 304 -
186.28.136.245 - - [23/Mar/2024:09:01:47 -0500] "GET /sipse/faces/javax.faces.resource/primefaces.js?ln=primefaces&v=4.0 HTTP/1.1" 304 -
186.28.136.245 - - [23/Mar/2024:09:01:47 -0500] "GET /sipse/faces/javax.faces.resource/layout/layout.js?ln=primefaces&v=4.0 HTTP/1.1" 304 -
186.28.136.245 - - [23/Mar/2024:09:01:55 -0500] "POST /sipse/faces/presentacion/financiero/solicitudProceso/consultar.xhtml HTTP/1.1" 200 12944
186.28.136.245 - - [23/Mar/2024:09:02:18 -0500] "POST /sipse/faces/presentacion/financiero/solicitudProceso/consultar.xhtml HTTP/1.1" 200 131039
186.28.136.245 - - [23/Mar/2024:09:02:19 -0500] "GET /sipse/faces/javax.faces.resource/theme.css?ln=primefaces-sipse HTTP/1.1" 304 -
186.28.136.245 - - [23/Mar/2024:09:02:19 -0500] "GET /sipse/faces/javax.faces.resource/layout/layout.css?ln=primefaces&v=4.0 HTTP/1.1" 304 -
186.28.136.245 - - [23/Mar/2024:09:02:19 -0500] "GET /sipse/faces/javax.faces.resource/primefaces.css?ln=primefaces&v=4.0 HTTP/1.1" 304 -
186.28.136.245 - - [23/Mar/2024:09:02:19 -0500] "GET /sipse/faces/javax.faces.resource/jquery/jquery.js?ln=primefaces&v=4.0 HTTP/1.1" 304 -
186.28.136.245 - - [23/Mar/2024:09:02:19 -0500] "GET /sipse/faces/javax.faces.resource/jquery/jquery-plugins.js?ln=primefaces&v=4.0 HTTP/1.1" 304 -
186.28.136.245 - - [23/Mar/2024:09:02:19 -0500] "GET /sipse/faces/javax.faces.resource/primefaces.js?ln=primefaces&v=4.0 HTTP/1.1" 304 -
186.28.136.245 - - [23/Mar/2024:09:02:19 -0500] "GET /sipse/faces/javax.faces.resource/layout/layout.js?ln=primefaces&v=4.0 HTTP/1.1" 304 -
172.22.2.4 - - [23/Mar/2024:09:00:56 -0500] "GET /BLA/boletinlegal/ HTTP/1.1" 200 60380
181.32.162.244 - - [23/Mar/2024:09:02:49 -0500] "POST /sipse/faces/presentacion/financiero/solicitudProceso/consultarSolicitudProceso.xhtml HTTP/1.1" 200 5542
186.28.136.245 - - [23/Mar/2024:09:03:20 -0500] "POST /sipse/faces/presentacion/financiero/solicitudProceso/consultarSolicitudProceso.xhtml HTTP/1.1" 200 36644
186.28.136.245 - - [23/Mar/2024:09:03:21 -0500] "GET /sipse/faces/javax.faces.resource/primefaces.css?ln=primefaces&v=4.0 HTTP/1.1" 304 -
186.28.136.245 - - [23/Mar/2024:09:03:21 -0500] "GET /sipse/faces/javax.faces.resource/theme.css?ln=primefaces-sipse HTTP/1.1" 304 -
186.28.136.245 - - [23/Mar/2024:09:03:21 -0500] "GET /sipse/faces/javax.faces.resource/layout/layout.css?ln=primefaces&v=4.0 HTTP/1.1" 304 -
186.28.136.245 - - [23/Mar/2024:09:03:21 -0500] "GET /sipse/faces/javax.faces.resource/jquery/jquery.js?ln=primefaces&v=4.0 HTTP/1.1" 304 -
186.28.136.245 - - [23/Mar/2024:09:03:21 -0500] "GET /sipse/faces/javax.faces.resource/primefaces.js?ln=primefaces&v=4.0 HTTP/1.1" 304 -
186.28.136.245 - - [23/Mar/2024:09:03:21 -0500] "GET /sipse/faces/javax.faces.resource/jquery/jquery-plugins.js?ln=primefaces&v=4.0 HTTP/1.1" 304 -
186.28.136.245 - - [23/Mar/2024:09:03:21 -0500] "GET /sipse/faces/javax.faces.resource/layout/layout.js?ln=primefaces&v=4.0 HTTP/1.1" 304 -
186.84.90.74 - - [23/Mar/2024:09:03:59 -0500] "OPTIONS /kwssiamovil/sm/setfile/f? HTTP/1.1" 200 13
186.84.90.74 - - [23/Mar/2024:09:03:59 -0500] "POST /kwssiamovil/sm/setfile/f? HTTP/1.1" 200 381
186.84.90.74 - - [23/Mar/2024:09:04:00 -0500] "POST /kwssiamovil/sm/setfile/f? HTTP/1.1" 200 381
186.84.90.74 - - [23/Mar/2024:09:04:21 -0500] "GET /kwssiamovil/sm/acme/a?s=U2FsdGVkX1+utYD2T1QxOLZv1T8AYKNr2b1ulvZCzjk9kZwsxrQNjw7NiMxmfImgW0Lhk0AYk2oSDimPDKVpCbo6KnxK9soMMGcCzTJOmHan0RAhSCgI+/z8TaSLv/cKylpPbQbfxBmJwQJRB6Y2peH/lPF2tBQUbnfpxECwSclLVsS734cArPfpxvoIz2SXhtYorduDHfcUGIEa0uZHlrRxiYj07NanubDVBM8C4eENOlcUUQGn/PY6bODYdDEaJRjYIu2wVcqRO1nL+S42ZA==&u=U2FsdGVkX19gvL98BAEmNX9gLZQoC3KSzcNWVFU+riA=&y=U2FsdGVkX1+Sfh/v8ujA4cPNHqVW9LejVLTd770awKOwS5OPiGBDY97MMSrCnf8r HTTP/1.1" 200 26
186.84.90.74 - - [23/Mar/2024:09:04:21 -0500] "GET /kwssiamovil/sm/acme/a?s=U2FsdGVkX1/DdcyDCYoa+AOzUcM2x/EzfFmBdNMHfT3Aopoboc6jZroKBUaAlaHiw3e2NdY1Q7xCMeN6RXkfHFgcXz4ld3ypB7XjaDfCILP12pCO4G8sBhvcnvomALtvNWayAzoF+nYuy3bebem+GSyZFYzYOmlY60+ISOWEZi/8FW04T8g2ElYJ/NAlJT3eg0Pt43zuvsSOyNxaKPOamzqWPBLs6aoV2z4XcoysmWrUigFvqbLlGV4tAy2O+qlp0ZwT3sWA3GfFsXeVRqtyUkw9PvnlvG5JSZpeUyjqn1CMMH3aUB0aaRPHTYkRyI3JxnuGKMImtGxkuCxk4POFPupSDl/kY31/07O3IET7axg1DHzACIcL93DiDbf168DG/fUv+AgetWj73ZqqDmz2Sjs4iHCKddKGLWdcxLpH1Nb6F52gNmPU7ADaI3jRGstn2tRl3LEMZWdnQP9yfIialF/d/X8QwKHrEsKvWsuXJwOfH11yxNsDFf1zXUXKdGP2FdS8NmIhPOH7po55F2tbA2SctDKg7avvHKJe3QG/myLsZv3dC+9t3Qp0Nbulfnu3akhbGL2DJEd7S9ob/BObUVwhn4/9IOy1+R6v5QXTO0thXgcxJWwHnfa4ZMFLOaKpYPFJdUUz1P5SjBolPfMweJbvCNtk1zk5/G9G8SfjzEvMsAY+pC52W/pw7ji8B4bL8oO880qPj//IMQhtrTN0IWDfy4PHvaSSeBmOTiOGJMmjqLx+vLAa1e07BbpBa/sWvX9E6dwQAX/ETnJ8/Ny3jly0AU++yV+CIO9XFGoSPK4OPwTR+oDKf2TdDNu98ycEY8Nz0syBleZpz/dX8Nj5/is4h0ut02Q6dP5+K2poPMYKjm3YWvz2pQv9zOJLCKtfZZSE/9QaMlLmdMFg04PlwJ+qj39Kh+Go3OOdN0yoMN9Qvd6nk3nSXBdIiSxCvMQD7EKZ55AR1Sr0MnHnlrWo/XtiGnPsao9yiXyDXtpDabVJr+6NX1CPfpRwrBDbbjVcRcSJPwdmowlTn4iKfK0PLGTI6+pwsxIea+t+qBcNA7yMVw/iRm1JK7Nk0s9QaCIJzhLLry0fWFyixKRC7AuKAiML5junLB/c8vz9hNckR2BhgkunU44jaPNT5ZDiNi26M8aOgotmmTs32nZBErVY77bmnbIaxK+uOl0t4/pFAXbAFMhhtANK1/5msB6iDOlG9YRz/4wcFeW6pDEdRt3Rn8rWMBSugZpPdOJSLcUpGTaOwOMbobmcSKo0Iam3D9nQg+bQFQq6fw41lsd3MuMVCYsohD8i+16hvtH95rKtNJgcN7dJBKDBjppqmtdNzfxMU8gNpTp/AoWOGYZEwtIrh6n7J6uHie9f+0ghCJh/S1Ml450MB9Hxnugb95sKgfRcBYRdRQu/Co6XzW1OWOaaE+BSSsijB/cSZ61VWuVJ9HQNWtN784VJ64C6KawrsxAWAK2qdjBx5LHyVghgtpLzYM4MXk/kxVEXDpPRUj6sXBK9TD0u3EH964libgesb2myVa06Ycw+G1jzZ51HkxWFpmgZqeQmkpC59z2vFjrlI48z8nkr5IEuP0YCRZ7+jImvwa9CSSkZLt+esyRztzCQ5KT3hnIcY8ErqcfCxhUDlHLDF+PpZFygyOgEq1hR9hRaTJRHL8cscAZgilY9oU/kxBaxWowvfIHznDLCBCLp7CaxIajGc5vpAWBJbjz1cCpx3Qdh0eQ2m1EDJ7E7XQy0y51ZrIQsR9F63mjTaps/G6eGc2G1sfWDvtQ5FicnM7tkLKxACK2yMZ1Z1d7Kk1HD/9bFQ7vBQ/4DImoQeAtO3Pg1K7+NlxIyYZSbbuArNk5c7fSYwUepX4itCaqBlZ4YQH4R1jdyUzhuKUddpIVijzV1E1sKfSb8DT21vq/BAMG+ye6PZe0wmC6QVS7Qs1CD3iycOhQz1BeHJWrexXtrwmTq9pjSBO14xe2T8dtAHy/URpOrbINoDw86W4YBAhEyp1n4u315fqt+cj4WqZc17h11Z1D7YwWfQ89nU/Nut1AH&u=U2FsdGVkX19gvL98BAEmNX9gLZQoC3KSzcNWVFU+riA=&y=U2FsdGVkX1+Sfh/v8ujA4cPNHqVW9LejVLTd770awKOwS5OPiGBDY97MMSrCnf8r HTTP/1.1" 200 26
186.84.90.74 - - [23/Mar/2024:09:04:22 -0500] "GET /kwssiamovil/sm/acme/a?s=U2FsdGVkX19Mf/FSVD617WvAO2V2ABwDW6R4u6EdD6B8yMYnt42yJb3XBMKv1+e5I4JPZvluDYTO8gjBDpu/s9u0kQ7uyVI/mW62EwOqAQ9IxRathD13C2nJzqY3r6eWG2iAXW/RJ3y28Aqb6C2zxuW8+2dV9X/btYQUxz+sH5Q=&u=U2FsdGVkX19gvL98BAEmNX9gLZQoC3KSzcNWVFU+riA=&y=U2FsdGVkX1+Sfh/v8ujA4cPNHqVW9LejVLTd770awKOwS5OPiGBDY97MMSrCnf8r HTTP/1.1" 200 26
186.84.90.74 - - [23/Mar/2024:09:04:22 -0500] "GET /kwssiamovil/sm/acme/a?s=U2FsdGVkX180DGlJPBF+VrZK7945guqOBAhU5+eaxQlHGBQDXnPGuMJcXf6kaxWkQDE5qetpi6gP86XbheTn4scZpcbwJnWmufb6ICHLpW5b+Rxe4Nf1kjT8Dt/8t0XNAuiwEV9byQpjeuMRCzP3ipzR/CJodz/N46tg1K/8bCc=&u=U2FsdGVkX19gvL98BAEmNX9gLZQoC3KSzcNWVFU+riA=&y=U2FsdGVkX1+Sfh/v8ujA4cPNHqVW9LejVLTd770awKOwS5OPiGBDY97MMSrCnf8r HTTP/1.1" 200 26
186.84.90.74 - - [23/Mar/2024:09:04:22 -0500] "GET /kwssiamovil/sm/acme/a?s=U2FsdGVkX183ZRrHDLs4ZuD5FXvRzLUPmSoHoHnNed2SCC4/iTlu372A6LPNYFmpfglQoRx9lNPbC3V4HEKqad5DcCySAiXa4AzSZ7BVPBjU2wYNFce4vE1M6kl0XC+DWrGuQKMTBdWDQOV4wQVdUYwv330fZ9+kxQi3vZWd9sM=&u=U2FsdGVkX19gvL98BAEmNX9gLZQoC3KSzcNWVFU+riA=&y=U2FsdGVkX1+Sfh/v8ujA4cPNHqVW9LejVLTd770awKOwS5OPiGBDY97MMSrCnf8r HTTP/1.1" 200 26
186.84.90.74 - - [23/Mar/2024:09:04:23 -0500] "GET /kwssiamovil/sm/acme/a?s=U2FsdGVkX1+vYc67wvXeENc8Z0ISK+W3l1yF098xvqK6KMqliia9zeuWSFW4LRDfeI1owMq+gX/KGf8+ThFVQ5lAmrsOr4KpDzRdKjkAu2XklBBkN5HFNV1E2VeZkzueaW2l5R/kPqxEmAH2h3WW3dKQEdPIXbvZtHLd82+/w2VoLMYKGWs+LSq3AnuMZr7hqSBAT7Yp3RZnzfWP62TVLQ==&u=U2FsdGVkX19gvL98BAEmNX9gLZQoC3KSzcNWVFU+riA=&y=U2FsdGVkX1+Sfh/v8ujA4cPNHqVW9LejVLTd770awKOwS5OPiGBDY97MMSrCnf8r HTTP/1.1" 200 26
186.84.90.74 - - [23/Mar/2024:09:04:23 -0500] "GET /kwssiamovil/sm/acme/a?s=U2FsdGVkX190RdqcQP/XWV51RGD6wcvAFl0ZuhK0fiJAoB5ys2Y7seBErDxnhKLTwPFhPlB4hjyQJNMdy3gYm4T5xfkYe9tfIB6aIRsU3B4r9fg+Kdl3GH362zUASLL0fxZddjNVIzf+lnBaD6yfh7Deu6jGw3sM+lmvFm67S6aCcwL0rIJ1VJ6W3N57QUb+2g/MjYdVQkjCOMJer/PzFblmM5pIaVLnqAgi90RMI9LkjOwns0XujSvt4Npyx2lRkA8bjP5Oetx8XYt9qSx7AIa0pM2I1CA6sjdWGl4U7LkiQhwYDughRZcHwgESvLReyFr5yYC5xqfZq7fLaydkNPw8/6TH3yVpZ6q9FCzuNXfZmR/4fB5lcJVtgdnVBLoTodTUi3f2s+1s5DyZ/j8qvROh5mtKgqTvv8ZZNb9rClRvsTmmZc9p67aUPtmO08dprxBaWQ3uSRhhltIV6ZyINlWWiLtZPfmt1x5OjK+JBOdvVGgQZ0CijkH5TX2x/P8fierdYVJ6hdoQ1NvFWslo7SKOJVAA+A6d2/tLcK5LzufNxDJzjSFKwUSFDrNWuKPpPhKpJH4iXkkTTD5DzKidjA==&u=U2FsdGVkX19gvL98BAEmNX9gLZQoC3KSzcNWVFU+riA=&y=U2FsdGVkX1+Sfh/v8ujA4cPNHqVW9LejVLTd770awKOwS5OPiGBDY97MMSrCnf8r HTTP/1.1" 200 26
186.84.90.74 - - [23/Mar/2024:09:04:23 -0500] "GET /kwssiamovil/sm/acme/a?s=U2FsdGVkX19M5WJSPMC4DO51+EZP7SstLJirtL/4qZJyLlfXFe1Ig4vE1ZkGTZmGl6NOhBrvoC8NKZOhThH74/VuhR4qawStzF0ssYBp9tWgXLZeOYyEdb/7OKZVs0iCRfuuF6oIHbrvsUH8WfmlxxdIaT2uG0LwgIKW3YPM2OQQpoKaIm/BIuA4dthL8olDkZNIUliMmhzppegO3gFwKduN8H7jNmaI+7IQ1EibLuPdpJi0LVygaLb6yvNAMsDT3GMxbA5KgBJSkCN2bzcRxNP22HPw615sHbNTR7bQOd12GNP1eMKS+yPE8yfcqQr7qqF2qgdznppJ9/SpZ8VUlaQKwKyZXYT3YbNHdofO51sGJ86cyCLH0NbZ5An6P6MFV8nWXo7h/w2dAKn/bZd67WAR44eMwW7qUvLn0cZDb3aXtGkyIho5vsXL3whFw52EnDsrS7Helw2ZRHBmbBxEg9pXf/votRcJvXuHx6gVHjmBp4wY/h5PIpfnRq8Uxpn0xygS2mqxK0tOHkZOtJX4Ri93BXCLgJVxc76UOoJAWclnj0xQns8IjJAJ6G7+HeyG&u=U2FsdGVkX19gvL98BAEmNX9gLZQoC3KSzcNWVFU+riA=&y=U2FsdGVkX1+Sfh/v8ujA4cPNHqVW9LejVLTd770awKOwS5OPiGBDY97MMSrCnf8r HTTP/1.1" 200 26
186.84.90.74 - - [23/Mar/2024:09:04:24 -0500] "GET /kwssiamovil/sm/acme/a?s=U2FsdGVkX19hyib1dAyv5BwV7GzjDtOlmSRej/87ITmvKSHpFqqSt3VyGdTQahLLzERSOfEgk4O4UsbI1tJZFrooamSgga86XoDNnffACN6/A1GQnUMzkfozVH5YcLXw1dNESj0n9kBVqBR1KjhjlOsfPqqBHxB8nPsGZVFYvD6fgKO+q1G/YtCRwl/7U+iDBWJ9ImWIhLSJw2h266K7BoUdtb9zcWG/0ixoE/xkt8GkdtkpEu6F9KD+JCRdj9DpvieH3+GDc2GzCT4pOkVdcC1GGH9U1x9qGpgKxeeRehVAZpNhBRr3IN18/e64fvN4zEjErTcnsrl+K26O6SDOtGVZijLACRNSXWAXsbtxAtLVIspjKQXr/gWV7dsg3dwdIDpzefX58Oz66iX7hm8+6eNX/GPKQrr7dnGazLL4Dp8onchTf43vkyHyIH7F61irJzeCD9zpo4H1tiU17DBHw0KIx5hPKMMs1ykM8xI2t+f5CZTqBWLvnIOrH+Wl+Qp1&u=U2FsdGVkX19gvL98BAEmNX9gLZQoC3KSzcNWVFU+riA=&y=U2FsdGVkX1+Sfh/v8ujA4cPNHqVW9LejVLTd770awKOwS5OPiGBDY97MMSrCnf8r HTTP/1.1" 200 26
186.84.90.74 - - [23/Mar/2024:09:04:24 -0500] "GET /kwssiamovil/sm/acme/a?s=U2FsdGVkX1+a/zH7T12KaibLI7QWRwFh+D2yksTZgvKzzSAYnLfnoFKyL9wqe2Zd7YYHhaVoLDL9h+ZHAAEvndzTb0dRSNXfmaAYpktaDdEGOiLfe5ZmeS6dczCXEdVxv1Ne1nekhs4Hf/+Hv+RjANTbXFhnJ0Azvg4eAkXQXc9+hlk1m1pXrNVppnDO+whvitaZzj5Sl55Z/CYbh6mpz9igAg542g79Qs+RK0NTru9ltp0e/zOSA6mVvTr0K2yvPM+UPrGiaZGSe9qu1avjYPiPVa806jy5AqWeeXurdUH6op+0adezVBAHaivoX4G5kjgnEcj54ko/K9mAriPJAKS+2M+wh75R30OzBs70sH7Xg2wC3VK/HRdum8T0sAfbT2azOdZOPIT5x+2FtuejStmj4/haeskcwKeIV2fDpBkDaNuO+94CR4CZX1w+YejPbbpeDPlh95AwuGuma8WODw==&u=U2FsdGVkX19gvL98BAEmNX9gLZQoC3KSzcNWVFU+riA=&y=U2FsdGVkX1+Sfh/v8ujA4cPNHqVW9LejVLTd770awKOwS5OPiGBDY97MMSrCnf8r HTTP/1.1" 200 26
201.245.192.253 - - [23/Mar/2024:09:04:27 -0500] "POST /kwsrmcab/Wsrmcab  HTTP/1.1" 200 39660
186.154.35.66 - - [23/Mar/2024:09:05:27 -0500] "GET /kwssiamovil/sm/acme/a?s=U2FsdGVkX19CSELyCii+Pybo/EElQu1ol3YeqyOw+4uJaFRaXjQeCw9h72XPiXPy3jLRLre0JLrR934PbUgWPLjprsbI1XWRe/VgQ+ZmLcoCH4bXV0iui9K5YkVifaI9W5fm5RKAETZ+7pgNVBG40XbSG251TIJMfO0//GAPute5KTQU7kLLXamh31bfZhXvUYtN868RCC78C0+PVBadDn1V+2jpb6Zh1yvtMx2OV1JczLvucffkrNvOLUVnPf3s/yaqE3FKi8tAHekXnrzq4Q==&u=U2FsdGVkX1/pIPvYu2kl6jSOIYhiFz6YRWltDgYXi9s=&y=U2FsdGVkX1+vZNWxrcVgk0DQZZP0kHDObzp2yeSH3sA= HTTP/1.1" 200 26
