!C99Shell v. 1.0 pre-release build #13!

Software: Apache. PHP/5.5.15 

uname -a: Windows NT SVR-DMZ 6.1 build 7600 (Windows Server 2008 R2 Enterprise Edition) i586 

SYSTEM 

Safe-mode: OFF (not secure)

E:\nuevo\apache\logs\   drwxrwxrwx
Free 8.02 GB of 239.26 GB (3.35%)
Detected drives: [ a ] [ c ] [ d ] [ e ] [ f ]
Home    Back    Forward    UPDIR    Refresh    Search    Buffer    Encoder    Tools    Proc.    FTP brute    Sec.    SQL    PHP-code    Update    Feedback    Self remove    Logout    


Viewing file:     access.2024.03.23.log (1.93 MB)      -rw-rw-rw-
Select action/file-type:
(+) | (+) | (+) | Code (+) | Session (+) | (+) | SDB (+) | (+) | (+) | (+) | (+) | (+) |
172.22.2.4 - - [22/Mar/2024:23:58:22 -0500] "GET /BLA/boletinlegal/ HTTP/1.1" 200 53419
38.242.149.77 - - [23/Mar/2024:00:00:03 -0500] "GET /sftp-config.json HTTP/1.1" 404 1035
38.242.149.77 - - [23/Mar/2024:00:00:03 -0500] "GET /.vscode/sftp.json HTTP/1.1" 404 1035
47.128.52.76 - - [23/Mar/2024:00:00:21 -0500] "GET /BLA/resoluciones/AUTOS%202021/0245.php?act=chmod&d=E%3A%5Cnuevo&f=webalizer HTTP/1.1" 200 2821
216.244.66.195 - - [23/Mar/2024:00:00:22 -0500] "GET /BLA/resoluciones/RESOLUCIONES%202019/3506.pdf HTTP/1.1" 200 297139
216.245.221.92 - - [23/Mar/2024:00:00:42 -0500] "HEAD / HTTP/1.1" 200 -
47.128.53.218 - - [23/Mar/2024:00:00:44 -0500] "GET /BLA/resoluciones/AUTOS%202021/0245.php?act=feedback&d=E%3A%5Cnuevo%5Chtdocs%5Ccumbreclima%5C HTTP/1.1" 200 2909
216.244.66.195 - - [23/Mar/2024:00:00:51 -0500] "GET /BLA/resoluciones/RESOLUCIONES%202019/3785.pdf HTTP/1.1" 200 606959
47.128.99.104 - - [23/Mar/2024:00:01:09 -0500] "GET /BLA/resoluciones/AUTOS%202021/0245.php?act=processes&d=E%3A%5Cnuevo%5Chtdocs%5Cportalsiaccapacitaciones%5C HTTP/1.1" 200 3629
66.249.66.20 - - [23/Mar/2024:00:01:12 -0500] "GET /BLA/resoluciones/RESOLUCIONES%202010/1604.pdf HTTP/1.1" 200 925039
47.128.31.43 - - [23/Mar/2024:00:01:35 -0500] "GET /BLA/resoluciones/AUTOS%202021/0245.php?act=d&d=E%3A%5Cnuevo%5Cmailtodisk HTTP/1.1" 200 2740
216.244.66.195 - - [23/Mar/2024:00:01:36 -0500] "GET /BLA/resoluciones/RESOLUCIONES%202019/3888.pdf HTTP/1.1" 200 386267
66.249.66.20 - - [23/Mar/2024:00:01:43 -0500] "GET /portel_dama/libreria/pdf/ecosistemas/restauracion/sitio/22_proye/xtras_in/3a.pdf HTTP/1.1" 404 1018
47.128.36.50 - - [23/Mar/2024:00:01:57 -0500] "GET /BLA/resoluciones/AUTOS%202021/0245.php?act=chmod&d=E%3A%5Cnuevo%5Chtdocs%5Ccumbreclima&f=wp-settings.php HTTP/1.1" 200 2866
201.245.192.253 - - [23/Mar/2024:00:01:58 -0500] "POST /kwsrmcab/Wsrmcab  HTTP/1.1" 200 39660
66.249.66.19 - - [23/Mar/2024:00:02:06 -0500] "GET /BLA/resoluciones/AUTOS%202008/3180.pdf HTTP/1.1" 200 205045
66.249.66.19 - - [23/Mar/2024:00:02:18 -0500] "GET /BLA/resoluciones/RESOLUCIONES%202009/4153.pdf HTTP/1.1" 200 780888
47.128.125.25 - - [23/Mar/2024:00:02:22 -0500] "GET /BLA/resoluciones/AUTOS%202021/0245.php?act=f&d=E%3A%5Cnuevo&f=xampp_start.exe HTTP/1.1" 200 118784
40.77.167.41 - - [23/Mar/2024:00:04:49 -0500] "GET /BLA/resoluciones/RESOLUCIONES%202021/2646.pdf HTTP/1.1" 200 543575
172.22.2.4 - - [23/Mar/2024:00:03:21 -0500] "HEAD /BLA/boletinlegal/ HTTP/1.1" 200 -
216.245.221.92 - - [23/Mar/2024:00:05:42 -0500] "HEAD / HTTP/1.1" 200 -
172.22.2.4 - - [23/Mar/2024:00:04:12 -0500] "GET /BLA/boletinlegal/ HTTP/1.1" 200 54913
201.245.192.253 - - [23/Mar/2024:00:06:57 -0500] "POST /kwsrmcab/Wsrmcab  HTTP/1.1" 200 39660
20.26.44.171 - - [23/Mar/2024:00:07:46 -0500] "GET /Publicaciones/2024EE45194.pdf HTTP/1.1" 404 227
172.22.2.4 - - [23/Mar/2024:00:10:20 -0500] "GET /BLA/boletinlegal/jurisprudencia/analisis/AnalisisT-606-15.docx HTTP/1.1" 200 26698
172.22.2.4 - - [23/Mar/2024:00:10:21 -0500] "GET /BLA/boletinlegal/apple-touch-icon-120x120-precomposed.png HTTP/1.1" 404 1140
172.22.2.4 - - [23/Mar/2024:00:10:21 -0500] "GET /BLA/boletinlegal/apple-touch-icon-120x120.png HTTP/1.1" 404 1140
172.22.2.4 - - [23/Mar/2024:00:10:21 -0500] "GET /BLA/boletinlegal/apple-touch-icon-precomposed.png HTTP/1.1" 404 1140
172.22.2.4 - - [23/Mar/2024:00:10:21 -0500] "GET /BLA/boletinlegal/apple-touch-icon.png HTTP/1.1" 404 1140
172.22.2.4 - - [23/Mar/2024:00:10:21 -0500] "GET /BLA/boletinlegal/favicon.ico HTTP/1.1" 404 1140
172.22.2.4 - - [23/Mar/2024:00:10:21 -0500] "GET /BLA/boletinlegal/apple-touch-icon-120x120-precomposed.png HTTP/1.1" 404 1140
172.22.2.4 - - [23/Mar/2024:00:10:21 -0500] "GET /BLA/boletinlegal/apple-touch-icon-120x120.png HTTP/1.1" 404 1140
172.22.2.4 - - [23/Mar/2024:00:10:21 -0500] "GET /BLA/boletinlegal/apple-touch-icon-precomposed.png HTTP/1.1" 404 1140
172.22.2.4 - - [23/Mar/2024:00:10:21 -0500] "GET /BLA/boletinlegal/apple-touch-icon.png HTTP/1.1" 404 1140
172.22.2.4 - - [23/Mar/2024:00:10:21 -0500] "GET /BLA/boletinlegal/favicon.ico HTTP/1.1" 404 1140
216.245.221.92 - - [23/Mar/2024:00:10:42 -0500] "HEAD / HTTP/1.1" 200 -
172.22.2.4 - - [23/Mar/2024:00:09:12 -0500] "HEAD /BLA/boletinlegal/ HTTP/1.1" 200 -
172.22.2.4 - - [23/Mar/2024:00:10:03 -0500] "GET /BLA/boletinlegal/ HTTP/1.1" 200 57136
201.245.192.253 - - [23/Mar/2024:00:11:56 -0500] "POST /kwsrmcab/Wsrmcab  HTTP/1.1" 200 39660
168.119.61.24 - - [23/Mar/2024:00:13:10 -0500] "GET / HTTP/1.1" 200 4720
66.249.66.21 - - [23/Mar/2024:00:13:35 -0500] "GET /PDC/actos/1731.pdf HTTP/1.1" 200 724138
66.249.66.19 - - [23/Mar/2024:00:13:49 -0500] "GET /BLA/resoluciones/RESOLUCIONES%202009/0853.pdf HTTP/1.1" 200 297902
186.113.66.143 - - [23/Mar/2024:00:15:24 -0500] "GET /BLA/resoluciones/dlf/styles.css HTTP/1.1" 200 3049
186.113.66.143 - - [23/Mar/2024:00:15:24 -0500] "GET /BLA/resoluciones/dlf/pdf.gif HTTP/1.1" 200 272
186.113.66.143 - - [23/Mar/2024:00:15:24 -0500] "GET /BLA/resoluciones/dlf/dirup.png HTTP/1.1" 200 644
186.113.66.143 - - [23/Mar/2024:00:15:24 -0500] "GET /BLA/resoluciones/dlf/archive.png HTTP/1.1" 200 632
186.113.66.143 - - [23/Mar/2024:00:15:24 -0500] "GET /BLA/resoluciones/dlf/bg.gif HTTP/1.1" 200 54
186.113.66.143 - - [23/Mar/2024:00:15:24 -0500] "GET /BLA/resoluciones/index.php?dir=RESOLUCIONES+2019%2F HTTP/1.1" 200 265203
186.113.66.143 - - [23/Mar/2024:00:15:24 -0500] "GET /favicon.ico HTTP/1.1" 200 7782
152.61.192.232 - - [23/Mar/2024:00:15:27 -0500] "GET / HTTP/1.1" 200 319
186.113.66.143 - - [23/Mar/2024:00:15:30 -0500] "GET /BLA/resoluciones/RESOLUCIONES%202019/0026.pdf HTTP/1.1" 200 601111
66.249.66.20 - - [23/Mar/2024:00:15:31 -0500] "GET /resoluciones/RESOLUCIONES%202010/0128.pdf HTTP/1.1" 404 1018
216.245.221.92 - - [23/Mar/2024:00:15:42 -0500] "HEAD / HTTP/1.1" 200 -
47.128.45.17 - - [23/Mar/2024:00:15:45 -0500] "GET /BLA/resoluciones/AUTOS%202021/0245.php?act=f&d=E%3A%5Cnuevo%5Chtdocs%5CBLA%5Cresoluciones%5CAUTOS+2021%5C&f=0715.pdf&ft=phpsess HTTP/1.1" 200 3938
47.128.45.17 - - [23/Mar/2024:00:15:46 -0500] "GET /BLA/resoluciones/AUTOS%202021/0245.php?act=img&img=download HTTP/1.1" 200 161
47.128.45.17 - - [23/Mar/2024:00:15:46 -0500] "GET /BLA/resoluciones/AUTOS%202021/0245.php?act=img&img=ext_gif HTTP/1.1" 200 175
47.128.45.17 - - [23/Mar/2024:00:15:46 -0500] "GET /BLA/resoluciones/AUTOS%202021/0245.php?act=img&img=ext_txt HTTP/1.1" 200 132
47.128.45.17 - - [23/Mar/2024:00:15:46 -0500] "GET /BLA/resoluciones/AUTOS%202021/0245.php?act=img&img=ext_exe HTTP/1.1" 200 118
47.128.45.17 - - [23/Mar/2024:00:15:46 -0500] "GET /BLA/resoluciones/AUTOS%202021/0245.php?act=img&img=ext_diz HTTP/1.1" 200 1027
47.128.45.17 - - [23/Mar/2024:00:15:46 -0500] "GET /BLA/resoluciones/AUTOS%202021/0245.php?act=img&img=ext_html HTTP/1.1" 200 230
47.128.45.17 - - [23/Mar/2024:00:15:47 -0500] "GET /BLA/resoluciones/AUTOS%202021/0245.php?act=img&img=ext_ini HTTP/1.1" 200 134
47.128.45.17 - - [23/Mar/2024:00:15:47 -0500] "GET /BLA/resoluciones/AUTOS%202021/0245.php?act=img&img=change HTTP/1.1" 200 290
47.128.45.17 - - [23/Mar/2024:00:15:47 -0500] "GET /BLA/resoluciones/AUTOS%202021/0245.php?act=img&img=ext_rtf HTTP/1.1" 200 164
47.128.45.17 - - [23/Mar/2024:00:15:47 -0500] "GET /BLA/resoluciones/AUTOS%202021/0245.php?act=img&img=ext_pdf HTTP/1.1" 200 1034
47.128.49.221 - - [23/Mar/2024:00:16:10 -0500] "GET /BLA/resoluciones/AUTOS%202021/0245.php?act=d&d=E%3A%5Cnuevo%5Clocale%5Cen HTTP/1.1" 200 2739
216.244.66.195 - - [23/Mar/2024:00:16:33 -0500] "GET /robots.txt HTTP/1.1" 404 1018
47.128.23.2 - - [23/Mar/2024:00:16:34 -0500] "GET /BLA/resoluciones/AUTOS%202021/0245.php?act=f&d=E%3A%5Cnuevo%5Chtdocs%5CBLA%5Cresoluciones%5CAUTOS+2021&f=2749.pdf&ft=info HTTP/1.1" 200 3844
47.128.23.2 - - [23/Mar/2024:00:16:34 -0500] "GET /BLA/resoluciones/AUTOS%202021/0245.php?act=img&img=ext_txt HTTP/1.1" 200 132
47.128.23.2 - - [23/Mar/2024:00:16:34 -0500] "GET /BLA/resoluciones/AUTOS%202021/0245.php?act=img&img=ext_pdf HTTP/1.1" 200 1034
47.128.23.2 - - [23/Mar/2024:00:16:34 -0500] "GET /BLA/resoluciones/AUTOS%202021/0245.php?act=img&img=ext_diz HTTP/1.1" 200 1027
47.128.23.2 - - [23/Mar/2024:00:16:34 -0500] "GET /BLA/resoluciones/AUTOS%202021/0245.php?act=img&img=ext_gif HTTP/1.1" 200 175
47.128.23.2 - - [23/Mar/2024:00:16:34 -0500] "GET /BLA/resoluciones/AUTOS%202021/0245.php?act=img&img=ext_html HTTP/1.1" 200 230
47.128.23.2 - - [23/Mar/2024:00:16:34 -0500] "GET /BLA/resoluciones/AUTOS%202021/0245.php?act=img&img=ext_exe HTTP/1.1" 200 118
47.128.23.2 - - [23/Mar/2024:00:16:35 -0500] "GET /BLA/resoluciones/AUTOS%202021/0245.php?act=img&img=ext_ini HTTP/1.1" 200 134
47.128.23.2 - - [23/Mar/2024:00:16:35 -0500] "GET /BLA/resoluciones/AUTOS%202021/0245.php?act=img&img=ext_rtf HTTP/1.1" 200 164
47.128.23.2 - - [23/Mar/2024:00:16:35 -0500] "GET /BLA/resoluciones/AUTOS%202021/0245.php?act=img&img=download HTTP/1.1" 200 161
47.128.23.2 - - [23/Mar/2024:00:16:35 -0500] "GET /BLA/resoluciones/AUTOS%202021/0245.php?act=img&img=change HTTP/1.1" 200 290
172.22.2.4 - - [23/Mar/2024:00:15:02 -0500] "HEAD /BLA/boletinlegal/ HTTP/1.1" 200 -
52.22.236.30 - - [23/Mar/2024:00:16:49 -0500] "HEAD / HTTP/1.1" 200 -
201.245.192.253 - - [23/Mar/2024:00:16:55 -0500] "POST /kwsrmcab/Wsrmcab  HTTP/1.1" 200 39660
47.128.49.182 - - [23/Mar/2024:00:16:58 -0500] "GET /BLA/resoluciones/AUTOS%202021/0245.php?act=f&d=E%3A%5Cnuevo%5Chtdocs%5CBLA%5Cresoluciones%5CAUTOS+2021%5C&f=6796.pdf&ft=sdb HTTP/1.1" 200 3015
47.128.49.182 - - [23/Mar/2024:00:16:58 -0500] "GET /BLA/resoluciones/AUTOS%202021/0245.php?act=img&img=ext_exe HTTP/1.1" 200 118
47.128.49.182 - - [23/Mar/2024:00:16:58 -0500] "GET /BLA/resoluciones/AUTOS%202021/0245.php?act=img&img=ext_diz HTTP/1.1" 200 1027
47.128.49.182 - - [23/Mar/2024:00:16:58 -0500] "GET /BLA/resoluciones/AUTOS%202021/0245.php?act=img&img=ext_gif HTTP/1.1" 200 175
47.128.49.182 - - [23/Mar/2024:00:16:58 -0500] "GET /BLA/resoluciones/AUTOS%202021/0245.php?act=img&img=ext_pdf HTTP/1.1" 200 1034
47.128.49.182 - - [23/Mar/2024:00:16:58 -0500] "GET /BLA/resoluciones/AUTOS%202021/0245.php?act=img&img=ext_txt HTTP/1.1" 200 132
47.128.49.182 - - [23/Mar/2024:00:16:58 -0500] "GET /BLA/resoluciones/AUTOS%202021/0245.php?act=img&img=ext_html HTTP/1.1" 200 230
47.128.49.182 - - [23/Mar/2024:00:16:59 -0500] "GET /BLA/resoluciones/AUTOS%202021/0245.php?act=img&img=download HTTP/1.1" 200 161
47.128.49.182 - - [23/Mar/2024:00:16:59 -0500] "GET /BLA/resoluciones/AUTOS%202021/0245.php?act=img&img=ext_rtf HTTP/1.1" 200 164
47.128.49.182 - - [23/Mar/2024:00:16:59 -0500] "GET /BLA/resoluciones/AUTOS%202021/0245.php?act=img&img=change HTTP/1.1" 200 290
47.128.49.182 - - [23/Mar/2024:00:16:59 -0500] "GET /BLA/resoluciones/AUTOS%202021/0245.php?act=img&img=ext_ini HTTP/1.1" 200 134
172.22.2.4 - - [23/Mar/2024:00:15:53 -0500] "GET /BLA/boletinlegal/ HTTP/1.1" 200 60380
201.245.192.253 - - [23/Mar/2024:00:18:50 -0500] "POST /kwsrmcab/Wsrmcab HTTP/1.1" 200 39014
201.245.192.253 - - [23/Mar/2024:00:18:52 -0500] "POST /kwsrmcab/Wsrmcab HTTP/1.1" 200 40221
52.167.144.211 - - [23/Mar/2024:00:19:07 -0500] "GET /BLA/resoluciones/AUTOS%202021/6508.pdf HTTP/1.1" 304 -
201.245.192.253 - - [23/Mar/2024:00:19:25 -0500] "POST /kwsrmcab/Wsrmcab HTTP/1.1" 200 39735
66.249.66.19 - - [23/Mar/2024:00:19:47 -0500] "GET /BLA/resoluciones/RESOLUCIONES%202012/1768.pdf HTTP/1.1" 200 773156
66.249.66.20 - - [23/Mar/2024:00:19:58 -0500] "GET /BLA/resoluciones/RESOLUCIONES%202009/3470.pdf HTTP/1.1" 200 335508
201.245.192.253 - - [23/Mar/2024:00:20:22 -0500] "POST /kwsrmcab/Wsrmcab HTTP/1.1" 200 40221
216.245.221.92 - - [23/Mar/2024:00:20:42 -0500] "HEAD / HTTP/1.1" 200 -
201.245.192.253 - - [23/Mar/2024:00:21:54 -0500] "POST /kwsrmcab/Wsrmcab  HTTP/1.1" 200 39660
172.22.2.4 - - [23/Mar/2024:00:20:43 -0500] "HEAD /BLA/boletinlegal/ HTTP/1.1" 200 -
172.22.2.4 - - [23/Mar/2024:00:20:53 -0500] "HEAD /BLA/boletinlegal/ HTTP/1.1" 200 -
172.22.2.4 - - [23/Mar/2024:00:21:22 -0500] "GET /BLA/boletinlegal/ HTTP/1.1" 200 49224
172.22.2.4 - - [23/Mar/2024:00:21:44 -0500] "GET /BLA/boletinlegal/ HTTP/1.1" 200 50303
152.61.128.50 - - [23/Mar/2024:00:24:53 -0500] "GET / HTTP/1.1" 200 319
172.22.2.4 - - [23/Mar/2024:00:23:35 -0500] "HEAD /BLA/boletinlegal/ HTTP/1.1" 200 -
172.22.2.4 - - [23/Mar/2024:00:25:34 -0500] "GET /BLA/boletinlegal/jurisprudencia/analisis/AnalisisT-606-15.docx HTTP/1.1" 200 26698
172.22.2.4 - - [23/Mar/2024:00:25:34 -0500] "GET /BLA/boletinlegal/apple-touch-icon-120x120-precomposed.png HTTP/1.1" 404 1140
172.22.2.4 - - [23/Mar/2024:00:25:34 -0500] "GET /BLA/boletinlegal/apple-touch-icon-120x120.png HTTP/1.1" 404 1140
172.22.2.4 - - [23/Mar/2024:00:25:34 -0500] "GET /BLA/boletinlegal/apple-touch-icon-precomposed.png HTTP/1.1" 404 1140
172.22.2.4 - - [23/Mar/2024:00:25:35 -0500] "GET /BLA/boletinlegal/apple-touch-icon.png HTTP/1.1" 404 1140
172.22.2.4 - - [23/Mar/2024:00:25:35 -0500] "GET /BLA/boletinlegal/favicon.ico HTTP/1.1" 404 1140
172.22.2.4 - - [23/Mar/2024:00:25:35 -0500] "GET /BLA/boletinlegal/apple-touch-icon-120x120-precomposed.png HTTP/1.1" 404 1140
172.22.2.4 - - [23/Mar/2024:00:25:35 -0500] "GET /BLA/boletinlegal/apple-touch-icon-120x120.png HTTP/1.1" 404 1140
172.22.2.4 - - [23/Mar/2024:00:25:35 -0500] "GET /BLA/boletinlegal/apple-touch-icon-precomposed.png HTTP/1.1" 404 1140
172.22.2.4 - - [23/Mar/2024:00:25:35 -0500] "GET /BLA/boletinlegal/apple-touch-icon.png HTTP/1.1" 404 1140
172.22.2.4 - - [23/Mar/2024:00:25:35 -0500] "GET /BLA/boletinlegal/favicon.ico HTTP/1.1" 404 1140
216.245.221.92 - - [23/Mar/2024:00:25:42 -0500] "HEAD / HTTP/1.1" 200 -
172.22.2.4 - - [23/Mar/2024:00:24:04 -0500] "HEAD /BLA/boletinlegal/ HTTP/1.1" 200 -
172.22.2.4 - - [23/Mar/2024:00:24:15 -0500] "GET /BLA/boletinlegal/ HTTP/1.1" 200 38434
172.22.2.4 - - [23/Mar/2024:00:24:43 -0500] "GET /BLA/boletinlegal/ HTTP/1.1" 200 35001
172.22.2.4 - - [23/Mar/2024:00:24:44 -0500] "HEAD /BLA/boletinlegal/ HTTP/1.1" 200 -
172.22.2.4 - - [23/Mar/2024:00:24:45 -0500] "HEAD /BLA/boletinlegal/ HTTP/1.1" 200 -
201.245.192.253 - - [23/Mar/2024:00:26:52 -0500] "POST /kwsrmcab/Wsrmcab  HTTP/1.1" 200 39660
172.22.2.4 - - [23/Mar/2024:00:27:01 -0500] "GET /BLA/boletinlegal/js/lib.js HTTP/1.1" 200 6474
172.22.2.4 - - [23/Mar/2024:00:27:01 -0500] "GET /BLA/boletinlegal/js/jquery1.js HTTP/1.1" 200 29846
172.22.2.4 - - [23/Mar/2024:00:27:01 -0500] "GET /BLA/boletinlegal/niceforms.js HTTP/1.1" 200 22876
172.22.2.4 - - [23/Mar/2024:00:27:01 -0500] "GET /BLA/boletinlegal/js/ajax_actos.js HTTP/1.1" 200 1322
172.22.2.4 - - [23/Mar/2024:00:27:01 -0500] "GET /BLA/boletinlegal/js/popup.js HTTP/1.1" 200 1270
172.22.2.4 - - [23/Mar/2024:00:27:02 -0500] "GET /BLA/boletinlegal/robots.txt HTTP/1.1" 404 1140
172.22.2.4 - - [23/Mar/2024:00:27:04 -0500] "GET /BLA/boletinlegal/consulta_actos.php?tipo=resoluciones&no=&usuario=&sector=&fecha=2024&resuelve= HTTP/1.1" 200 24812
172.22.2.4 - - [23/Mar/2024:00:27:05 -0500] "GET /BLA/boletinlegal/images/background.gif HTTP/1.1" 200 -
172.22.2.4 - - [23/Mar/2024:00:27:05 -0500] "GET /BLA/boletinlegal/images/pdf.gif HTTP/1.1" 200 567
172.22.2.4 - - [23/Mar/2024:00:25:25 -0500] "GET /BLA/boletinlegal/ HTTP/1.1" 200 38434
172.22.2.4 - - [23/Mar/2024:00:25:26 -0500] "GET /BLA/boletinlegal/ HTTP/1.1" 200 37974
172.22.2.4 - - [23/Mar/2024:00:26:07 -0500] "GET /BLA/boletinlegal/ HTTP/1.1" 200 44355
66.249.66.20 - - [23/Mar/2024:00:27:48 -0500] "GET /BLA/resoluciones/RESOLUCIONES%202010/6249.pdf HTTP/1.1" 200 611472
172.22.2.4 - - [23/Mar/2024:00:26:43 -0500] "HEAD /BLA/boletinlegal/ HTTP/1.1" 200 -
201.245.192.253 - - [23/Mar/2024:00:28:50 -0500] "POST /kwsrmcab/Wsrmcab HTTP/1.1" 200 39014
201.245.192.253 - - [23/Mar/2024:00:28:51 -0500] "POST /kwsrmcab/Wsrmcab HTTP/1.1" 200 40221
172.22.2.4 - - [23/Mar/2024:00:27:34 -0500] "GET /BLA/boletinlegal/ HTTP/1.1" 200 54300
40.77.167.20 - - [23/Mar/2024:00:29:19 -0500] "GET /BLA/resoluciones/AUTOS%202023/5664.pdf HTTP/1.1" 200 417393
201.245.192.253 - - [23/Mar/2024:00:29:25 -0500] "POST /kwsrmcab/Wsrmcab HTTP/1.1" 200 39735
66.249.66.19 - - [23/Mar/2024:00:29:55 -0500] "GET /BLA/resoluciones/RESOLUCIONES%202010/6043.pdf HTTP/1.1" 200 677303
201.245.192.253 - - [23/Mar/2024:00:30:19 -0500] "POST /kwsrmcab/Wsrmcab HTTP/1.1" 200 40221
216.245.221.92 - - [23/Mar/2024:00:30:42 -0500] "HEAD / HTTP/1.1" 200 -
201.245.192.253 - - [23/Mar/2024:00:31:51 -0500] "POST /kwsrmcab/Wsrmcab  HTTP/1.1" 200 39660
157.55.39.61 - - [23/Mar/2024:00:32:56 -0500] "GET /images/zuma_optimized.jpeg HTTP/1.1" 200 40030
66.249.66.21 - - [23/Mar/2024:00:33:53 -0500] "GET /phpold/AjaxPhpCode/PDFs/Ajax_Chat_and_JSON.pdf HTTP/1.1" 404 1018
172.22.2.4 - - [23/Mar/2024:00:32:34 -0500] "HEAD /BLA/boletinlegal/ HTTP/1.1" 200 -
66.249.66.20 - - [23/Mar/2024:00:34:33 -0500] "GET /BLA/resoluciones/RESOLUCIONES%202011/1089.pdf HTTP/1.1" 200 264008
172.22.2.4 - - [23/Mar/2024:00:33:25 -0500] "GET /BLA/boletinlegal/ HTTP/1.1" 200 59583
216.245.221.92 - - [23/Mar/2024:00:35:42 -0500] "HEAD / HTTP/1.1" 200 -
201.245.192.253 - - [23/Mar/2024:00:36:50 -0500] "POST /kwsrmcab/Wsrmcab  HTTP/1.1" 200 39660
172.22.2.4 - - [23/Mar/2024:00:37:27 -0500] "GET /BLA/boletinlegal/actos.php HTTP/1.1" 200 9738
172.22.2.4 - - [23/Mar/2024:00:37:28 -0500] "GET /BLA/boletinlegal/styles2.css HTTP/1.1" 200 1838
172.22.2.4 - - [23/Mar/2024:00:37:28 -0500] "GET /BLA/boletinlegal/niceforms-default.css HTTP/1.1" 200 6694
172.22.2.4 - - [23/Mar/2024:00:37:28 -0500] "GET /BLA/boletinlegal/style.css HTTP/1.1" 200 9406
172.22.2.4 - - [23/Mar/2024:00:37:28 -0500] "GET /BLA/boletinlegal/js/ajax_actos.js HTTP/1.1" 200 1322
172.22.2.4 - - [23/Mar/2024:00:37:28 -0500] "GET /BLA/boletinlegal/niceforms.js HTTP/1.1" 200 22876
172.22.2.4 - - [23/Mar/2024:00:37:28 -0500] "GET /BLA/boletinlegal/js/lib.js HTTP/1.1" 200 6474
172.22.2.4 - - [23/Mar/2024:00:37:28 -0500] "GET /BLA/boletinlegal/js/popup.js HTTP/1.1" 200 1270
172.22.2.4 - - [23/Mar/2024:00:37:28 -0500] "GET /BLA/boletinlegal/js/jquery1.js HTTP/1.1" 200 29846
172.22.2.4 - - [23/Mar/2024:00:37:28 -0500] "GET /BLA/boletinlegal/images/cabezote%20BLEGAL.jpg HTTP/1.1" 200 118164
172.22.2.4 - - [23/Mar/2024:00:37:28 -0500] "GET /BLA/boletinlegal/images/subscribe-icon-big.png HTTP/1.1" 200 47702
172.22.2.4 - - [23/Mar/2024:00:37:28 -0500] "GET /BLA/boletinlegal/images/registro-usuarios.png HTTP/1.1" 200 8106
172.22.2.4 - - [23/Mar/2024:00:37:28 -0500] "GET /BLA/boletinlegal/images/historia.png HTTP/1.1" 200 52775
172.22.2.4 - - [23/Mar/2024:00:37:28 -0500] "GET /BLA/boletinlegal/images/green-yellow-blue-pink-th.png HTTP/1.1" 200 7394
172.22.2.4 - - [23/Mar/2024:00:37:28 -0500] "GET /BLA/boletinlegal/images/tel.png HTTP/1.1" 200 14477
172.22.2.4 - - [23/Mar/2024:00:37:28 -0500] "GET /BLA/boletinlegal/images/body_bg.jpg HTTP/1.1" 200 1601
172.22.2.4 - - [23/Mar/2024:00:37:28 -0500] "GET /BLA/boletinlegal/images/icono-email.png HTTP/1.1" 200 5544
172.22.2.4 - - [23/Mar/2024:00:37:28 -0500] "GET /BLA/boletinlegal/images/menu_lft.gif HTTP/1.1" 200 1713
172.22.2.4 - - [23/Mar/2024:00:37:28 -0500] "GET /BLA/boletinlegal/images/menu_rght.gif HTTP/1.1" 200 1627
172.22.2.4 - - [23/Mar/2024:00:37:28 -0500] "GET /BLA/boletinlegal/images/bg_top.jpg HTTP/1.1" 200 522
172.22.2.4 - - [23/Mar/2024:00:37:28 -0500] "GET /BLA/boletinlegal/images/hover.jpg HTTP/1.1" 200 640
172.22.2.4 - - [23/Mar/2024:00:37:28 -0500] "GET /BLA/boletinlegal/images/menu_bg.jpg HTTP/1.1" 200 620
172.22.2.4 - - [23/Mar/2024:00:37:28 -0500] "GET /BLA/boletinlegal/images/text.jpg HTTP/1.1" 200 568
172.22.2.4 - - [23/Mar/2024:00:37:28 -0500] "GET /BLA/boletinlegal/images/footer_bg.jpg HTTP/1.1" 200 586
172.22.2.4 - - [23/Mar/2024:00:37:28 -0500] "GET /BLA/boletinlegal/images/footer_bg_l.jpg HTTP/1.1" 200 776
172.22.2.4 - - [23/Mar/2024:00:37:28 -0500] "GET /BLA/boletinlegal/img/0.png HTTP/1.1" 200 110
172.22.2.4 - - [23/Mar/2024:00:37:28 -0500] "GET /BLA/boletinlegal/img/select-left.png HTTP/1.1" 200 263
172.22.2.4 - - [23/Mar/2024:00:37:28 -0500] "GET /BLA/boletinlegal/img/select-right.png HTTP/1.1" 200 44019
172.22.2.4 - - [23/Mar/2024:00:37:28 -0500] "GET /BLA/boletinlegal/img/button.png HTTP/1.1" 200 43241
172.22.2.4 - - [23/Mar/2024:00:37:28 -0500] "GET /BLA/boletinlegal/img/button-left.png HTTP/1.1" 200 57071
172.22.2.4 - - [23/Mar/2024:00:37:28 -0500] "GET /BLA/boletinlegal/img/button-right.png HTTP/1.1" 200 57878
173.252.83.4 - - [23/Mar/2024:00:38:13 -0500] "GET /images/Red%20de%20Monitoreo%20de%20Calidad%20del%20Aire.jpg HTTP/1.1" 200 51986
201.245.192.253 - - [23/Mar/2024:00:38:50 -0500] "POST /kwsrmcab/Wsrmcab HTTP/1.1" 200 39014
201.245.192.253 - - [23/Mar/2024:00:38:51 -0500] "POST /kwsrmcab/Wsrmcab HTTP/1.1" 200 40221
201.245.192.253 - - [23/Mar/2024:00:39:25 -0500] "POST /kwsrmcab/Wsrmcab HTTP/1.1" 200 39735
172.22.2.4 - - [23/Mar/2024:00:39:25 -0500] "GET /BLA/boletinlegal/jurisprudencia.php HTTP/1.1" 200 17637
66.249.66.20 - - [23/Mar/2024:00:39:25 -0500] "GET /BLA/resoluciones/AUTOS%202011/6441.pdf HTTP/1.1" 200 102003
172.22.2.4 - - [23/Mar/2024:00:39:47 -0500] "GET /BLA/boletinlegal/js/lib.js HTTP/1.1" 200 6474
172.22.2.4 - - [23/Mar/2024:00:39:51 -0500] "GET /BLA/boletinlegal/js/jquery1.js HTTP/1.1" 200 29846
172.22.2.4 - - [23/Mar/2024:00:39:52 -0500] "GET /BLA/boletinlegal/js/popup.js HTTP/1.1" 200 1270
172.22.2.4 - - [23/Mar/2024:00:38:24 -0500] "HEAD /BLA/boletinlegal/ HTTP/1.1" 200 -
201.245.192.253 - - [23/Mar/2024:00:40:19 -0500] "POST /kwsrmcab/Wsrmcab HTTP/1.1" 200 40221
216.245.221.92 - - [23/Mar/2024:00:40:42 -0500] "HEAD / HTTP/1.1" 200 -
172.22.2.4 - - [23/Mar/2024:00:39:16 -0500] "GET /BLA/boletinlegal/ HTTP/1.1" 200 53818
66.249.66.20 - - [23/Mar/2024:00:41:14 -0500] "GET /Publicaciones/2024EE34657.pdf HTTP/1.1" 404 227
216.244.66.195 - - [23/Mar/2024:00:41:39 -0500] "GET /BLA/resoluciones/AUTOS%202023/01700.pdf HTTP/1.1" 200 391606
201.245.192.253 - - [23/Mar/2024:00:41:49 -0500] "POST /kwsrmcab/Wsrmcab  HTTP/1.1" 200 39660
66.249.66.21 - - [23/Mar/2024:00:42:14 -0500] "GET /BLA/resoluciones/RESOLUCIONES%202009/5748.pdf HTTP/1.1" 200 509847
66.249.66.20 - - [23/Mar/2024:00:44:06 -0500] "GET /BLA/resoluciones/Notificaciones/REGISTROS%202017/00158.pdf HTTP/1.1" 200 412108
216.245.221.92 - - [23/Mar/2024:00:45:42 -0500] "HEAD / HTTP/1.1" 200 -
216.244.66.195 - - [23/Mar/2024:00:45:52 -0500] "GET /BLA/resoluciones/RESOLUCIONES%202017/02968.pdf HTTP/1.1" 200 270464
172.22.2.4 - - [23/Mar/2024:00:44:15 -0500] "HEAD /BLA/boletinlegal/ HTTP/1.1" 200 -
186.102.7.139 - - [23/Mar/2024:00:46:01 -0500] "GET /kwssiamovil/sm/acme/a?s=U2FsdGVkX19WYsWznRgDl/xQ84PgGbWsRG6ujt6zHAQoRrBv3ynWLkjwTJEhdy7EiYCOoG7jTodtoKhk31pKDSA8fZYdIEIV6sXi87JLgbQv+/o6VyQLXBvQwe2XuPmftJlTGOrX/mSMUT7vZSE6lHd31pzeCzz//IwlfmI/QZvRrRPwb6ZLMjjQsJWuAmrSWE+bAA4kSr+p3s0ZCf7FxmTrSHyn6R6q5CjJMulr+G0XCqXgO8YC/DZeNc4K0u1DwS4sfdSWew/knPlpHEfBiQ==&u=U2FsdGVkX19vu5M00ehfCLF2J+M2tspOaV0oUPrhtmG42f8yF+H3iMTdUXJr6RJR&y=U2FsdGVkX19A5PfD03jCo2XIF3nlcm2m9gPLjBKgniCD6dqSPvQxZid1iUsF4ivW HTTP/1.1" 200 26
186.102.7.139 - - [23/Mar/2024:00:46:01 -0500] "GET /kwssiamovil/sm/acme/a?s=U2FsdGVkX18XMbXjWP//AdzqhJz5ZRwqJftzyr02mquA+kcjApEcFqgoIMUts1zhopw6u/h+33yO0xAP4td8fQfDIneYPTfPnJA4acxw0jFKEMxP6JbtD8BNDyD59U4v03Zywj50JJt2aKcYHdO/XaCJNRlrGs0DkNHT8fAgRY8CFwaZkaMyNrKmISnz5dCZaU7M/QQsHUESZD8u3+e6ikl5ocHUruknWrbv5HM8Jc+YGkctg02qzRDhxfsis/JYdwhwotp0ashk+32b6LwFKABB/x5xETvWukOatCIacm+gamcHHHNUtsuKHdBEYPfuO8ns0lnUDnm3pmhsDPeA09oxpubGRHpDBSMraNNIde0omZ8yNpjS3pGXOys7zYXVt5PJK+d9tk0mPmi+oI+WmLZmZ7GLjKSC+SxYiwbYunnXn5aqQ6uf7ncHPB8/XRoDg2BEkeLo7/LQ911XkT6gK2pse9OIF87AIfG0pqVhvujsBtkzoO/K18jJrOxDt7gqCwC8ZA8qRwL3c/uz72vV9/yehXQPK8c2UYJSEv1F2DUbaRtRhKtNHBQTAsf+ok9NGtv0QI+CLPnhIuUIKYTGVQAu8NVZAmEENLbhb8jPsjrpCaPbmzxWCO+PqYgIzP1m2W4qbCwudJGxQlHkQ8M1Iq82J2q/tCM3fVwuQCQKCudzABiGvZ7wc2Jxc3rMCyWFiXkL4gW3gPFE5ZE3Dv15tT3yIkCQ8wKzhPJte97e7Nekyo+yVfcz+0s3xWuCCSdRJ7sVpCg+cGfMUpS/uWZ4ZjPPiMJqggKtoX6ayNBE99oj6xJkll8FEcO/PKQG0kt9US3tBvOiHSA6PtQLen+Zl28+0K2W31JBN3Oce/Ml6QmCE9P1CVhE38PeQ0sgDrTji8mom7t7v4I6czSQ4T34N3skcPH3D/wFiLarvV/dZEo3oGf5wyttMnVl3Kc12vxqAO7kEd8RmgtLy25DHIyW6p1ieJdqM0fdUroWCUpZXeRcE6Te81i3gj2ozpjkGrXcfdq9EYi4uAujQXJx6IIrR5crIAC6sg0bGVehrlePpkkYFYY134M6VOSZtvvvGqYqSwImDLFgoju00eJh3eb3DIlD5952qUooKXDC/Hot8Z0jVXj/B/CiFiKHrLMvnybwU4LqgotOcq9IHTbka81O/4AXRjLfpRha9I0RSRLc883Nl7Cc55+F/1jM6T/zjJxyxyuIxpGKBIQzGQeE+Nb1rghFc7FQT+I88tnhLpWBQ6bI0H7WaL64tCEDxgR8x0QVrEw39xYD4J+kv4VqHFuBpoeeaedqdT7+IIeyDtVnfDp8mWLUk0tOHA+TiTP4ofUX7/nW3Nnvd7rhhSEZvxHoPHt4S20jmkv8VujNdkwLlWp33UYBSvAWkq7au5d6WHA3mD0VqNskVp8QSCDwibRkPNfjspStuplAKzgD4fEVzpcB9dUrAbnCJA12F+nU5pzV1+zWdp9lpxLTajpSc7DBPxEv2m4GtqTzBqebQQlpDhpSDWPWF175/PfR6jSk8tMmAmvqGDPHw7xzW7bgaZJgHKA81LuPZ8pOfVZgUYpOQQbxL/pOOixBkfCgmdl1NMelq97phuKIGAICkwO1CSNgja/jDIzkkKBC/qQ52Lrjr8AanAsaIKn+Il8hFvdauolFRXHQS7xAwNhaoMerizyzKJE3pNvzcm6ObkKtdlupQddUQp1xz+jFY19ISZbJNDBFfR8pVUss00hCI77f8AX8IiKYL1uFFOE0IhPJr5uqN3P4Fcx2zKuqwGtxjf1sgza5zXzC8F13yUxuoZIZmuhDjQ==&u=U2FsdGVkX19vu5M00ehfCLF2J+M2tspOaV0oUPrhtmG42f8yF+H3iMTdUXJr6RJR&y=U2FsdGVkX19A5PfD03jCo2XIF3nlcm2m9gPLjBKgniCD6dqSPvQxZid1iUsF4ivW HTTP/1.1" 200 26
186.102.7.139 - - [23/Mar/2024:00:46:02 -0500] "GET /kwssiamovil/sm/acme/a?s=U2FsdGVkX19lOQirTzUfWO0RIzKeSNiLl8tRjHGDFtaY+t5tCoaB2XFG2yQpcyZmur+R6o9/damgEnxpqQdPt+S8UKMnNVAeBHJ1ZNRK27ZpXcqTTvc/It2CT8TvD5OOrles4DFHJkOG9Hw9hNZS+Hm+Rr5q/MzvbxfkZh0U+0c=&u=U2FsdGVkX19vu5M00ehfCLF2J+M2tspOaV0oUPrhtmG42f8yF+H3iMTdUXJr6RJR&y=U2FsdGVkX19A5PfD03jCo2XIF3nlcm2m9gPLjBKgniCD6dqSPvQxZid1iUsF4ivW HTTP/1.1" 200 26
186.102.7.139 - - [23/Mar/2024:00:46:02 -0500] "GET /kwssiamovil/sm/acme/a?s=U2FsdGVkX19X7tsjPm4LJnfhS0alldQTuOdy4uiHWNM5gEWsdcKQE4kduoXSGSw8+Nrf79nLrM+E5xHObp1W6jChqhAtiOGlkZ5TkXgoW1b1tzEjHU+RfNvd3smPICHsdaiD/qWftesibKvqA83elEa6J0Tekaz6xoWdMZOQK44=&u=U2FsdGVkX19vu5M00ehfCLF2J+M2tspOaV0oUPrhtmG42f8yF+H3iMTdUXJr6RJR&y=U2FsdGVkX19A5PfD03jCo2XIF3nlcm2m9gPLjBKgniCD6dqSPvQxZid1iUsF4ivW HTTP/1.1" 200 26
186.102.7.139 - - [23/Mar/2024:00:46:02 -0500] "GET /kwssiamovil/sm/acme/a?s=U2FsdGVkX1+028Ir/zYO9sm0HqfTiVJJ7dFgLJlQXryCXjL/5k9nBsO5NEegcmza0Jh5xQJWLTL1eYnOK5D/6DmrmBH76qG+R0maDja0OdSBTurIgdsiTe9CdxRUGYln1BoUOr4j2Lnex8pH+fw15ho7v51yTlMli/CPXt1pt5w=&u=U2FsdGVkX19vu5M00ehfCLF2J+M2tspOaV0oUPrhtmG42f8yF+H3iMTdUXJr6RJR&y=U2FsdGVkX19A5PfD03jCo2XIF3nlcm2m9gPLjBKgniCD6dqSPvQxZid1iUsF4ivW HTTP/1.1" 200 26
186.102.7.139 - - [23/Mar/2024:00:46:02 -0500] "GET /kwssiamovil/sm/acme/a?s=U2FsdGVkX1/MdZldbeVmsilXk9muS0cqX6iN02+zlHECBeIOaX5XPYcqoATt8dmVASX7P8R1JjmbiV37K97OvwPG70jsURQhIc6et3p/7wyUdMN0mLvA9g9Jc9fR8FkQMravh4gVop+LNlUKQLfqFm0R01ThG7NyhsygEtBHxEcQMpi4Mk5thRM+sfVlf9hXCyVgJHcYyS+CAYittlUo5w==&u=U2FsdGVkX19vu5M00ehfCLF2J+M2tspOaV0oUPrhtmG42f8yF+H3iMTdUXJr6RJR&y=U2FsdGVkX19A5PfD03jCo2XIF3nlcm2m9gPLjBKgniCD6dqSPvQxZid1iUsF4ivW HTTP/1.1" 200 26
186.102.7.139 - - [23/Mar/2024:00:46:18 -0500] "GET /kwssiamovil/sm/acme/u?s=U2FsdGVkX18YK1B2cC2MVWwCAVv97ybahJnP+tzUwJOueMQURFFIqfrvO69sKODEmnG2Gb7g1FoMcmr/PUQutEteQOQHzUa5rKRCt8Ie2Unyr0N1sjdv3oMv0eErdVktw9ju2iE17ZTRxawAIo/M7pMhL0U974HVws0hNKmhKOw=&u=U2FsdGVkX19vu5M00ehfCLF2J+M2tspOaV0oUPrhtmG42f8yF+H3iMTdUXJr6RJR&y=U2FsdGVkX19A5PfD03jCo2XIF3nlcm2m9gPLjBKgniCD6dqSPvQxZid1iUsF4ivW HTTP/1.1" 200 60
172.22.2.4 - - [23/Mar/2024:00:45:06 -0500] "GET /BLA/boletinlegal/ HTTP/1.1" 200 60380
201.245.192.253 - - [23/Mar/2024:00:46:47 -0500] "POST /kwsrmcab/Wsrmcab  HTTP/1.1" 200 39660
152.61.192.232 - - [23/Mar/2024:00:47:44 -0500] "GET /arcgis/services/Calidad_del_Agua_WQI/MapServer/WMSServer?request=GetCapabilities&service=WMS HTTP/1.1" 503 1020
152.61.192.232 - - [23/Mar/2024:00:47:46 -0500] "GET /arcgis/services/Calidad_del_Agua_WQI/MapServer/WMSServer?SERVICE=WMS&REQUEST=GetCapabilities HTTP/1.1" 503 1020
152.61.192.232 - - [23/Mar/2024:00:47:46 -0500] "GET /arcgis/services/Calidad_del_Agua_WQI/MapServer/WMSServer?WMTVER=1.0.0&REQUEST=capabilities HTTP/1.1" 503 1020
162.55.167.166 - - [23/Mar/2024:00:47:48 -0500] "GET / HTTP/1.1" 200 4720
216.244.66.195 - - [23/Mar/2024:00:48:39 -0500] "GET /BLA/resoluciones/AUTOS%202010/0160.pdf HTTP/1.1" 200 342564
216.244.66.195 - - [23/Mar/2024:00:49:10 -0500] "GET /BLA/resoluciones/AUTOS%202010/1388.pdf HTTP/1.1" 200 253460
216.244.66.195 - - [23/Mar/2024:00:49:39 -0500] "GET /BLA/resoluciones/AUTOS%202010/1406.pdf HTTP/1.1" 200 246126
216.244.66.195 - - [23/Mar/2024:00:50:07 -0500] "GET /BLA/resoluciones/AUTOS%202010/1946.pdf HTTP/1.1" 200 140714
186.154.38.25 - - [23/Mar/2024:00:50:10 -0500] "GET /sipse/faces/index.xhtml HTTP/1.1" 200 677
186.154.38.25 - - [23/Mar/2024:00:50:10 -0500] "GET /sipse/faces/javax.faces.resource/theme.css?ln=primefaces-sipse HTTP/1.1" 304 -
186.154.38.25 - - [23/Mar/2024:00:50:11 -0500] "GET /sipse/faces/faces/autenticacion.xhtml HTTP/1.1" 200 12411
186.154.38.25 - - [23/Mar/2024:00:50:11 -0500] "GET /sipse/css/custom_css_sg.css HTTP/1.1" 200 9694
186.154.38.25 - - [23/Mar/2024:00:50:11 -0500] "GET /sipse/css/custom_css_sg_prime_login.css HTTP/1.1" 200 443
186.154.38.25 - - [23/Mar/2024:00:50:11 -0500] "GET /sipse/faces/javax.faces.resource/primefaces.css?ln=primefaces&v=4.0 HTTP/1.1" 304 -
186.154.38.25 - - [23/Mar/2024:00:50:11 -0500] "GET /sipse/faces/javax.faces.resource/theme.css?ln=primefaces-sipse HTTP/1.1" 304 -
186.154.38.25 - - [23/Mar/2024:00:50:11 -0500] "GET /sipse/faces/javax.faces.resource/layout/layout.css?ln=primefaces&v=4.0 HTTP/1.1" 304 -
186.154.38.25 - - [23/Mar/2024:00:50:11 -0500] "GET /sipse/js/disable_browser_buttons.js HTTP/1.1" 200 3230
186.154.38.25 - - [23/Mar/2024:00:50:11 -0500] "GET /sipse/faces/javax.faces.resource/jquery/jquery.js?ln=primefaces&v=4.0 HTTP/1.1" 304 -
186.154.38.25 - - [23/Mar/2024:00:50:11 -0500] "GET /sipse/faces/javax.faces.resource/layout/layout.js?ln=primefaces&v=4.0 HTTP/1.1" 304 -
186.154.38.25 - - [23/Mar/2024:00:50:11 -0500] "GET /sipse/faces/javax.faces.resource/jquery/jquery-plugins.js?ln=primefaces&v=4.0 HTTP/1.1" 200 220526
186.154.38.25 - - [23/Mar/2024:00:50:11 -0500] "GET /sipse/js/funciones.js HTTP/1.1" 200 12592
186.154.38.25 - - [23/Mar/2024:00:50:11 -0500] "GET /sipse/faces/javax.faces.resource/primefaces.js?ln=primefaces&v=4.0 HTTP/1.1" 200 276924
186.154.38.25 - - [23/Mar/2024:00:50:11 -0500] "GET /sipse/faces/javax.faces.resource/images/ui-icons_898989_256x240.png?ln=primefaces-aristo HTTP/1.1" 304 -
186.154.38.25 - - [23/Mar/2024:00:50:11 -0500] "GET /sipse/css/imagen/loginimg.png HTTP/1.1" 200 71635
186.154.38.25 - - [23/Mar/2024:00:50:11 -0500] "GET /sipse/css/imagen/logoSDG.png HTTP/1.1" 200 53064
186.154.38.25 - - [23/Mar/2024:00:50:15 -0500] "POST /sipse/faces/autenticacion.xhtml HTTP/1.1" 200 2219
186.154.38.25 - - [23/Mar/2024:00:50:15 -0500] "GET /sipse/faces/javax.faces.resource/messages/messages.png?ln=primefaces&v=4.0 HTTP/1.1" 304 -
186.154.38.25 - - [23/Mar/2024:00:50:18 -0500] "POST /sipse/faces/autenticacion.xhtml HTTP/1.1" 200 16342
186.154.38.25 - - [23/Mar/2024:00:50:18 -0500] "GET /sipse/faces/javax.faces.resource/theme.css?ln=primefaces-sipse HTTP/1.1" 304 -
186.154.38.25 - - [23/Mar/2024:00:50:18 -0500] "GET /sipse/faces/javax.faces.resource/primefaces.css?ln=primefaces&v=4.0 HTTP/1.1" 304 -
186.154.38.25 - - [23/Mar/2024:00:50:18 -0500] "GET /sipse/faces/javax.faces.resource/layout/layout.css?ln=primefaces&v=4.0 HTTP/1.1" 304 -
186.154.38.25 - - [23/Mar/2024:00:50:18 -0500] "GET /sipse/css/custom_css_sg_prime.css HTTP/1.1" 200 5201
186.154.38.25 - - [23/Mar/2024:00:50:18 -0500] "GET /sipse/js/jquery.min.js HTTP/1.1" 200 85582
186.154.38.25 - - [23/Mar/2024:00:50:18 -0500] "GET /sipse/faces/javax.faces.resource/jquery/jquery.js?ln=primefaces&v=4.0 HTTP/1.1" 304 -
186.154.38.25 - - [23/Mar/2024:00:50:18 -0500] "GET /sipse/faces/javax.faces.resource/jquery/jquery-plugins.js?ln=primefaces&v=4.0 HTTP/1.1" 304 -
186.154.38.25 - - [23/Mar/2024:00:50:18 -0500] "GET /sipse/faces/javax.faces.resource/primefaces.js?ln=primefaces&v=4.0 HTTP/1.1" 304 -
186.154.38.25 - - [23/Mar/2024:00:50:18 -0500] "GET /sipse/faces/javax.faces.resource/layout/layout.js?ln=primefaces&v=4.0 HTTP/1.1" 304 -
186.154.38.25 - - [23/Mar/2024:00:50:19 -0500] "GET /sipse/css/v_mergente.css HTTP/1.1" 200 1505
186.154.38.25 - - [23/Mar/2024:00:50:19 -0500] "GET /sipse/css/imagen/contrasena.png HTTP/1.1" 404 383
186.154.38.25 - - [23/Mar/2024:00:50:19 -0500] "GET /sipse/imagenes/cargando.gif HTTP/1.1" 200 36959
186.154.38.25 - - [23/Mar/2024:00:50:19 -0500] "GET /sipse/imagenes/logoAplicacion.jpg HTTP/1.1" 200 155084
186.154.38.25 - - [23/Mar/2024:00:50:23 -0500] "GET /sipse/faces/javax.faces.resource/images/ui-bg_flat_0_2d5972_40x100.png?ln=primefaces-aristo HTTP/1.1" 304 -
186.154.38.25 - - [23/Mar/2024:00:50:23 -0500] "POST /sipse/faces/bienvenido.xhtml HTTP/1.1" 200 2658
186.154.38.25 - - [23/Mar/2024:00:50:24 -0500] "POST /sipse/faces/bienvenido.xhtml HTTP/1.1" 200 64461
186.154.38.25 - - [23/Mar/2024:00:50:25 -0500] "GET /sipse/faces/javax.faces.resource/primefaces.css?ln=primefaces&v=4.0 HTTP/1.1" 304 -
186.154.38.25 - - [23/Mar/2024:00:50:25 -0500] "GET /sipse/faces/javax.faces.resource/theme.css?ln=primefaces-sipse HTTP/1.1" 304 -
186.154.38.25 - - [23/Mar/2024:00:50:25 -0500] "GET /sipse/faces/javax.faces.resource/layout/layout.css?ln=primefaces&v=4.0 HTTP/1.1" 304 -
186.154.38.25 - - [23/Mar/2024:00:50:25 -0500] "GET /sipse/faces/javax.faces.resource/jquery/jquery.js?ln=primefaces&v=4.0 HTTP/1.1" 304 -
186.154.38.25 - - [23/Mar/2024:00:50:25 -0500] "GET /sipse/faces/javax.faces.resource/jquery/jquery-plugins.js?ln=primefaces&v=4.0 HTTP/1.1" 304 -
186.154.38.25 - - [23/Mar/2024:00:50:25 -0500] "GET /sipse/faces/javax.faces.resource/primefaces.js?ln=primefaces&v=4.0 HTTP/1.1" 304 -
186.154.38.25 - - [23/Mar/2024:00:50:25 -0500] "GET /sipse/faces/javax.faces.resource/layout/layout.js?ln=primefaces&v=4.0 HTTP/1.1" 304 -
186.154.38.25 - - [23/Mar/2024:00:50:26 -0500] "POST /sipse/faces/presentacion/financiero/solicitudProceso/listarSolicitudProceso.xhtml HTTP/1.1" 200 1560
216.244.66.195 - - [23/Mar/2024:00:50:34 -0500] "GET /BLA/resoluciones/AUTOS%202010/2436.pdf HTTP/1.1" 200 139648
52.15.147.27 - - [23/Mar/2024:00:50:37 -0500] "HEAD / HTTP/1.1" 200 -
186.154.38.25 - - [23/Mar/2024:00:50:41 -0500] "POST /sipse/faces/presentacion/financiero/solicitudProceso/listarSolicitudProceso.xhtml HTTP/1.1" 200 37029
216.245.221.92 - - [23/Mar/2024:00:50:42 -0500] "HEAD / HTTP/1.1" 200 -
186.154.38.25 - - [23/Mar/2024:00:50:42 -0500] "POST /sipse/faces/presentacion/financiero/solicitudProceso/listarSolicitudProceso.xhtml HTTP/1.1" 200 37036
186.154.38.25 - - [23/Mar/2024:00:50:43 -0500] "POST /sipse/faces/presentacion/financiero/solicitudProceso/listarSolicitudProceso.xhtml HTTP/1.1" 200 37173
186.154.38.25 - - [23/Mar/2024:00:50:44 -0500] "POST /sipse/faces/presentacion/financiero/solicitudProceso/listarSolicitudProceso.xhtml HTTP/1.1" 200 37085
186.154.38.25 - - [23/Mar/2024:00:50:46 -0500] "POST /sipse/faces/presentacion/financiero/solicitudProceso/listarSolicitudProceso.xhtml HTTP/1.1" 200 10283
186.154.38.25 - - [23/Mar/2024:00:50:59 -0500] "POST /sipse/faces/presentacion/financiero/solicitudProceso/listarSolicitudProceso.xhtml HTTP/1.1" 200 126971
186.154.38.25 - - [23/Mar/2024:00:51:00 -0500] "GET /sipse/faces/javax.faces.resource/theme.css?ln=primefaces-sipse HTTP/1.1" 304 -
186.154.38.25 - - [23/Mar/2024:00:51:00 -0500] "GET /sipse/faces/javax.faces.resource/primefaces.css?ln=primefaces&v=4.0 HTTP/1.1" 304 -
186.154.38.25 - - [23/Mar/2024:00:51:00 -0500] "GET /sipse/faces/javax.faces.resource/layout/layout.css?ln=primefaces&v=4.0 HTTP/1.1" 304 -
186.154.38.25 - - [23/Mar/2024:00:51:00 -0500] "GET /sipse/faces/javax.faces.resource/jquery/jquery.js?ln=primefaces&v=4.0 HTTP/1.1" 304 -
186.154.38.25 - - [23/Mar/2024:00:51:00 -0500] "GET /sipse/faces/javax.faces.resource/jquery/jquery-plugins.js?ln=primefaces&v=4.0 HTTP/1.1" 304 -
186.154.38.25 - - [23/Mar/2024:00:51:00 -0500] "GET /sipse/faces/javax.faces.resource/primefaces.js?ln=primefaces&v=4.0 HTTP/1.1" 304 -
186.154.38.25 - - [23/Mar/2024:00:51:00 -0500] "GET /sipse/faces/javax.faces.resource/layout/layout.js?ln=primefaces&v=4.0 HTTP/1.1" 304 -
216.244.66.195 - - [23/Mar/2024:00:51:01 -0500] "GET /BLA/resoluciones/AUTOS%202010/3227.pdf HTTP/1.1" 200 199418
172.22.2.4 - - [23/Mar/2024:00:51:08 -0500] "GET /BLA/boletinlegal/robots.txt HTTP/1.1" 404 1018
172.22.2.4 - - [23/Mar/2024:00:51:09 -0500] "GET /BLA/boletinlegal/sitemap.xml HTTP/1.1" 404 1018
172.22.2.4 - - [23/Mar/2024:00:51:09 -0500] "GET /BLA/boletinlegal/.well-known/security.txt HTTP/1.1" 404 1018
172.22.2.4 - - [23/Mar/2024:00:51:10 -0500] "GET /BLA/boletinlegal/favicon.ico HTTP/1.1" 404 1018
172.22.2.4 - - [23/Mar/2024:00:51:12 -0500] "GET /BLA/boletinlegal/aaa9 HTTP/1.1" 404 1018
186.154.38.25 - - [23/Mar/2024:00:51:12 -0500] "POST /sipse/faces/presentacion/financiero/solicitudProceso/consultarSolicitudProceso.xhtml HTTP/1.1" 200 36525
186.154.38.25 - - [23/Mar/2024:00:51:12 -0500] "GET /sipse/faces/javax.faces.resource/theme.css?ln=primefaces-sipse HTTP/1.1" 304 -
172.22.2.4 - - [23/Mar/2024:00:51:12 -0500] "GET /BLA/boletinlegal/aad7 HTTP/1.1" 404 1018
186.154.38.25 - - [23/Mar/2024:00:51:12 -0500] "GET /sipse/faces/javax.faces.resource/primefaces.css?ln=primefaces&v=4.0 HTTP/1.1" 304 -
186.154.38.25 - - [23/Mar/2024:00:51:12 -0500] "GET /sipse/faces/javax.faces.resource/jquery/jquery.js?ln=primefaces&v=4.0 HTTP/1.1" 304 -
186.154.38.25 - - [23/Mar/2024:00:51:12 -0500] "GET /sipse/faces/javax.faces.resource/layout/layout.css?ln=primefaces&v=4.0 HTTP/1.1" 304 -
186.154.38.25 - - [23/Mar/2024:00:51:12 -0500] "GET /sipse/faces/javax.faces.resource/jquery/jquery-plugins.js?ln=primefaces&v=4.0 HTTP/1.1" 304 -
186.154.38.25 - - [23/Mar/2024:00:51:12 -0500] "GET /sipse/faces/javax.faces.resource/primefaces.js?ln=primefaces&v=4.0 HTTP/1.1" 304 -
186.154.38.25 - - [23/Mar/2024:00:51:12 -0500] "GET /sipse/faces/javax.faces.resource/layout/layout.js?ln=primefaces&v=4.0 HTTP/1.1" 304 -
216.244.66.195 - - [23/Mar/2024:00:51:25 -0500] "GET /BLA/resoluciones/AUTOS%202010/3259.pdf HTTP/1.1" 200 381333
186.154.38.25 - - [23/Mar/2024:00:51:34 -0500] "POST /sipse/faces/presentacion/financiero/solicitudProceso/consultarHistorialSolProceso.xhtml HTTP/1.1" 200 172813
186.154.38.25 - - [23/Mar/2024:00:51:34 -0500] "GET /sipse/faces/javax.faces.resource/primefaces.css?ln=primefaces&v=4.0 HTTP/1.1" 304 -
186.154.38.25 - - [23/Mar/2024:00:51:34 -0500] "GET /sipse/faces/javax.faces.resource/theme.css?ln=primefaces-sipse HTTP/1.1" 304 -
186.154.38.25 - - [23/Mar/2024:00:51:34 -0500] "GET /sipse/faces/javax.faces.resource/jquery/jquery.js?ln=primefaces&v=4.0 HTTP/1.1" 304 -
186.154.38.25 - - [23/Mar/2024:00:51:34 -0500] "GET /sipse/faces/javax.faces.resource/jquery/jquery-plugins.js?ln=primefaces&v=4.0 HTTP/1.1" 304 -
186.154.38.25 - - [23/Mar/2024:00:51:34 -0500] "GET /sipse/faces/javax.faces.resource/layout/layout.css?ln=primefaces&v=4.0 HTTP/1.1" 304 -
186.154.38.25 - - [23/Mar/2024:00:51:34 -0500] "GET /sipse/faces/javax.faces.resource/primefaces.js?ln=primefaces&v=4.0 HTTP/1.1" 304 -
186.154.38.25 - - [23/Mar/2024:00:51:34 -0500] "GET /sipse/faces/javax.faces.resource/layout/layout.js?ln=primefaces&v=4.0 HTTP/1.1" 304 -
186.154.38.25 - - [23/Mar/2024:00:51:41 -0500] "POST /sipse/faces/presentacion/financiero/solicitudProceso/consultarSolicitudProceso.xhtml HTTP/1.1" 200 84892
172.22.2.4 - - [23/Mar/2024:00:50:26 -0500] "GET /BLA/boletinlegal/ HTTP/1.1" 200 40907
172.22.2.4 - - [23/Mar/2024:00:50:06 -0500] "HEAD /BLA/boletinlegal/ HTTP/1.1" 200 -
201.245.192.253 - - [23/Mar/2024:00:51:45 -0500] "POST /kwsrmcab/Wsrmcab  HTTP/1.1" 200 39660
216.244.66.195 - - [23/Mar/2024:00:51:49 -0500] "GET /BLA/resoluciones/AUTOS%202010/3990.pdf HTTP/1.1" 200 110916
216.244.66.195 - - [23/Mar/2024:00:52:12 -0500] "GET /BLA/resoluciones/AUTOS%202010/4798.pdf HTTP/1.1" 200 173349
216.244.66.195 - - [23/Mar/2024:00:52:33 -0500] "GET /BLA/resoluciones/AUTOS%202010/5461.pdf HTTP/1.1" 200 357357
172.22.2.4 - - [23/Mar/2024:00:50:56 -0500] "GET /BLA/boletinlegal/ HTTP/1.1" 200 55442
216.244.66.195 - - [23/Mar/2024:00:52:54 -0500] "GET /BLA/resoluciones/AUTOS%202010/6689.pdf HTTP/1.1" 200 192109
216.244.66.195 - - [23/Mar/2024:00:53:14 -0500] "GET /BLA/resoluciones/AUTOS%202010/6910.pdf HTTP/1.1" 200 421198
216.244.66.195 - - [23/Mar/2024:00:53:35 -0500] "GET /BLA/resoluciones/AUTOS%202011/3314.pdf HTTP/1.1" 200 217595
216.244.66.195 - - [23/Mar/2024:00:53:55 -0500] "GET /BLA/resoluciones/AUTOS%202011/3442.pdf HTTP/1.1" 200 226821
216.244.66.195 - - [23/Mar/2024:00:54:11 -0500] "GET /BLA/resoluciones/AUTOS%202023/3210.pdf HTTP/1.1" 200 352913
172.22.2.4 - - [23/Mar/2024:00:52:48 -0500] "GET /BLA/boletinlegal/ HTTP/1.1" 200 62720
216.244.66.195 - - [23/Mar/2024:00:54:50 -0500] "GET /BLA/resoluciones/AUTOS%202023/3211.pdf HTTP/1.1" 200 355368
216.244.66.195 - - [23/Mar/2024:00:55:26 -0500] "GET /BLA/resoluciones/RESOLUCIONES%202016/1570.pdf HTTP/1.1" 200 555487
216.245.221.92 - - [23/Mar/2024:00:55:42 -0500] "HEAD / HTTP/1.1" 200 -
216.244.66.195 - - [23/Mar/2024:00:55:56 -0500] "GET /BLA/resoluciones/RESOLUCIONES%202017/0113.pdf HTTP/1.1" 200 379859
216.244.66.195 - - [23/Mar/2024:00:56:29 -0500] "GET /BLA/resoluciones/RESOLUCIONES%202017/0294.pdf HTTP/1.1" 200 288334
5.206.224.128 - - [23/Mar/2024:00:56:43 -0500] "GET / HTTP/1.1" 200 319
201.245.192.253 - - [23/Mar/2024:00:56:44 -0500] "POST /kwsrmcab/Wsrmcab  HTTP/1.1" 200 39660
216.244.66.195 - - [23/Mar/2024:00:56:57 -0500] "GET /BLA/resoluciones/RESOLUCIONES%202017/2614.pdf HTTP/1.1" 200 312180
35.203.210.40 - - [23/Mar/2024:00:56:59 -0500] "GET / HTTP/1.1" 200 319
52.167.144.233 - - [23/Mar/2024:00:57:21 -0500] "GET /Publicaciones/2024EE47576.pdf HTTP/1.1" 404 227
216.244.66.195 - - [23/Mar/2024:00:57:23 -0500] "GET /BLA/resoluciones/RESOLUCIONES%202017/2878.pdf HTTP/1.1" 200 707850
172.22.2.4 - - [23/Mar/2024:00:57:29 -0500] "GET /BLA/boletinlegal/jurisprudencia/analisis/CUADRO%20ANALISIS%20SENTENCIA%20T-411%20DE%201992.doc HTTP/1.1" 200 41984
172.22.2.4 - - [23/Mar/2024:00:55:57 -0500] "HEAD /BLA/boletinlegal/ HTTP/1.1" 200 -
216.244.66.195 - - [23/Mar/2024:00:57:53 -0500] "GET /BLA/resoluciones/RESOLUCIONES%202017/3506.pdf HTTP/1.1" 200 301537
216.244.66.195 - - [23/Mar/2024:00:58:17 -0500] "GET /BLA/resoluciones/RESOLUCIONES%202019/0555.pdf HTTP/1.1" 200 230899
172.22.2.4 - - [23/Mar/2024:00:56:47 -0500] "GET /BLA/boletinlegal/ HTTP/1.1" 200 51561
216.244.66.195 - - [23/Mar/2024:00:58:41 -0500] "GET /BLA/resoluciones/RESOLUCIONES%202019/0557.pdf HTTP/1.1" 200 231350
172.22.2.4 - - [23/Mar/2024:00:57:24 -0500] "HEAD /BLA/boletinlegal/ HTTP/1.1" 200 -
216.244.66.195 - - [23/Mar/2024:00:59:06 -0500] "GET /BLA/resoluciones/RESOLUCIONES%202019/2216.pdf HTTP/1.1" 200 466397
216.244.66.195 - - [23/Mar/2024:00:59:28 -0500] "GET /BLA/resoluciones/RESOLUCIONES%202019/2461.pdf HTTP/1.1" 200 282167
172.22.2.4 - - [23/Mar/2024:00:58:00 -0500] "GET /BLA/boletinlegal/ HTTP/1.1" 200 51986
216.244.66.195 - - [23/Mar/2024:00:59:48 -0500] "GET /BLA/resoluciones/RESOLUCIONES%202019/2963.pdf HTTP/1.1" 200 3452594
186.154.38.25 - - [23/Mar/2024:01:00:13 -0500] "POST /sipse/faces/presentacion/financiero/solicitudProceso/consultarSolicitudProceso.xhtml HTTP/1.1" 200 37214
186.154.38.25 - - [23/Mar/2024:01:00:14 -0500] "GET /sipse/faces/javax.faces.resource/layout/layout.css?ln=primefaces&v=4.0 HTTP/1.1" 304 -
186.154.38.25 - - [23/Mar/2024:01:00:14 -0500] "GET /sipse/faces/javax.faces.resource/primefaces.css?ln=primefaces&v=4.0 HTTP/1.1" 304 -
186.154.38.25 - - [23/Mar/2024:01:00:14 -0500] "GET /sipse/faces/javax.faces.resource/theme.css?ln=primefaces-sipse HTTP/1.1" 304 -
186.154.38.25 - - [23/Mar/2024:01:00:14 -0500] "GET /sipse/faces/javax.faces.resource/jquery/jquery.js?ln=primefaces&v=4.0 HTTP/1.1" 304 -
186.154.38.25 - - [23/Mar/2024:01:00:14 -0500] "GET /sipse/faces/javax.faces.resource/jquery/jquery-plugins.js?ln=primefaces&v=4.0 HTTP/1.1" 304 -
186.154.38.25 - - [23/Mar/2024:01:00:14 -0500] "GET /sipse/css/imagen/contrasena.png HTTP/1.1" 404 383
186.154.38.25 - - [23/Mar/2024:01:00:14 -0500] "GET /sipse/faces/javax.faces.resource/primefaces.js?ln=primefaces&v=4.0 HTTP/1.1" 304 -
186.154.38.25 - - [23/Mar/2024:01:00:14 -0500] "GET /sipse/faces/javax.faces.resource/layout/layout.js?ln=primefaces&v=4.0 HTTP/1.1" 304 -
186.154.38.25 - - [23/Mar/2024:01:00:14 -0500] "GET /sipse/faces/javax.faces.resource/images/ui-icons_898989_256x240.png?ln=primefaces-aristo HTTP/1.1" 304 -
186.154.38.25 - - [23/Mar/2024:01:00:14 -0500] "GET /sipse/faces/javax.faces.resource/images/ui-bg_flat_0_2d5972_40x100.png?ln=primefaces-aristo HTTP/1.1" 304 -
186.154.38.25 - - [23/Mar/2024:01:00:14 -0500] "POST /sipse/faces/presentacion/financiero/solicitudProceso/listarSolicitudProceso.xhtml HTTP/1.1" 200 1400
216.244.66.195 - - [23/Mar/2024:01:00:21 -0500] "GET /BLA/resoluciones/RESOLUCIONES%202019/3780.pdf HTTP/1.1" 200 369060
186.154.38.25 - - [23/Mar/2024:01:00:30 -0500] "POST /sipse/faces/presentacion/financiero/solicitudProceso/listarSolicitudProceso.xhtml HTTP/1.1" 200 37029
186.154.38.25 - - [23/Mar/2024:01:00:32 -0500] "POST /sipse/faces/presentacion/financiero/solicitudProceso/listarSolicitudProceso.xhtml HTTP/1.1" 200 37036
186.154.38.25 - - [23/Mar/2024:01:00:34 -0500] "POST /sipse/faces/presentacion/financiero/solicitudProceso/listarSolicitudProceso.xhtml HTTP/1.1" 200 37173
186.154.38.25 - - [23/Mar/2024:01:00:35 -0500] "POST /sipse/faces/presentacion/financiero/solicitudProceso/listarSolicitudProceso.xhtml HTTP/1.1" 200 37085
186.154.38.25 - - [23/Mar/2024:01:00:36 -0500] "POST /sipse/faces/presentacion/financiero/solicitudProceso/listarSolicitudProceso.xhtml HTTP/1.1" 200 10271
216.245.221.92 - - [23/Mar/2024:01:00:41 -0500] "HEAD / HTTP/1.1" 200 -
186.154.38.25 - - [23/Mar/2024:01:00:46 -0500] "POST /sipse/faces/presentacion/financiero/solicitudProceso/listarSolicitudProceso.xhtml HTTP/1.1" 200 133552
186.154.38.25 - - [23/Mar/2024:01:00:47 -0500] "GET /sipse/faces/javax.faces.resource/theme.css?ln=primefaces-sipse HTTP/1.1" 304 -
186.154.38.25 - - [23/Mar/2024:01:00:47 -0500] "GET /sipse/faces/javax.faces.resource/primefaces.css?ln=primefaces&v=4.0 HTTP/1.1" 304 -
186.154.38.25 - - [23/Mar/2024:01:00:47 -0500] "GET /sipse/faces/javax.faces.resource/layout/layout.css?ln=primefaces&v=4.0 HTTP/1.1" 304 -
186.154.38.25 - - [23/Mar/2024:01:00:47 -0500] "GET /sipse/faces/javax.faces.resource/jquery/jquery.js?ln=primefaces&v=4.0 HTTP/1.1" 304 -
186.154.38.25 - - [23/Mar/2024:01:00:47 -0500] "GET /sipse/faces/javax.faces.resource/jquery/jquery-plugins.js?ln=primefaces&v=4.0 HTTP/1.1" 304 -
186.154.38.25 - - [23/Mar/2024:01:00:47 -0500] "GET /sipse/faces/javax.faces.resource/primefaces.js?ln=primefaces&v=4.0 HTTP/1.1" 304 -
186.154.38.25 - - [23/Mar/2024:01:00:47 -0500] "GET /sipse/faces/javax.faces.resource/layout/layout.js?ln=primefaces&v=4.0 HTTP/1.1" 304 -
186.154.38.25 - - [23/Mar/2024:01:00:47 -0500] "GET /sipse/css/imagen/contrasena.png HTTP/1.1" 404 383
186.154.38.25 - - [23/Mar/2024:01:00:47 -0500] "GET /sipse/faces/javax.faces.resource/messages/messages.png?ln=primefaces&v=4.0 HTTP/1.1" 304 -
216.244.66.195 - - [23/Mar/2024:01:00:51 -0500] "GET /BLA/resoluciones/RESOLUCIONES%202019/3893.pdf HTTP/1.1" 200 1601000
186.154.38.25 - - [23/Mar/2024:01:00:56 -0500] "POST /sipse/faces/presentacion/financiero/solicitudProceso/consultarSolicitudProceso.xhtml HTTP/1.1" 200 84608
52.167.144.233 - - [23/Mar/2024:01:01:42 -0500] "GET /BLA/resoluciones/RESOLUCIONES%202022/1695.pdf HTTP/1.1" 200 589765
201.245.192.253 - - [23/Mar/2024:01:01:41 -0500] "POST /kwsrmcab/Wsrmcab  HTTP/1.1" 200 39660
172.22.2.4 - - [23/Mar/2024:01:01:47 -0500] "GET /BLA/boletinlegal/normativa.php HTTP/1.1" 200 8397
172.22.2.4 - - [23/Mar/2024:01:01:48 -0500] "GET /BLA/boletinlegal/niceforms-default.css HTTP/1.1" 200 6694
172.22.2.4 - - [23/Mar/2024:01:01:48 -0500] "GET /BLA/boletinlegal/niceforms.js HTTP/1.1" 200 22876
157.90.254.89 - - [23/Mar/2024:01:02:01 -0500] "GET / HTTP/1.1" 200 4720
172.22.2.4 - - [23/Mar/2024:01:00:23 -0500] "HEAD /BLA/boletinlegal/ HTTP/1.1" 200 -
172.22.2.4 - - [23/Mar/2024:01:01:04 -0500] "GET /BLA/boletinlegal/ HTTP/1.1" 200 42478
40.77.167.50 - - [23/Mar/2024:01:03:09 -0500] "GET /Publicaciones/2024EE42288.pdf HTTP/1.1" 404 227
172.22.2.4 - - [23/Mar/2024:01:01:34 -0500] "HEAD /BLA/boletinlegal/ HTTP/1.1" 200 -
172.22.2.4 - - [23/Mar/2024:01:01:34 -0500] "HEAD /BLA/boletinlegal/ HTTP/1.1" 200 -
172.22.2.4 - - [23/Mar/2024:01:01:47 -0500] "HEAD /BLA/boletinlegal/ HTTP/1.1" 200 -
172.22.2.4 - - [23/Mar/2024:01:02:07 -0500] "HEAD /BLA/boletinlegal/ HTTP/1.1" 200 -
172.22.2.4 - - [23/Mar/2024:01:02:14 -0500] "GET /BLA/boletinlegal/ HTTP/1.1" 200 31807
172.22.2.4 - - [23/Mar/2024:01:02:14 -0500] "GET /BLA/boletinlegal/ HTTP/1.1" 200 33440
172.22.2.4 - - [23/Mar/2024:01:02:14 -0500] "GET /BLA/boletinlegal/ HTTP/1.1" 200 32754
172.22.2.4 - - [23/Mar/2024:01:02:37 -0500] "GET /BLA/boletinlegal/ HTTP/1.1" 200 24523
172.22.2.4 - - [23/Mar/2024:01:02:46 -0500] "GET /BLA/boletinlegal/ HTTP/1.1" 200 35001
172.22.2.4 - - [23/Mar/2024:01:03:56 -0500] "GET /BLA/boletinlegal/ HTTP/1.1" 200 43593
172.22.2.4 - - [23/Mar/2024:01:03:57 -0500] "GET /BLA/boletinlegal/ HTTP/1.1" 200 43983
40.77.167.50 - - [23/Mar/2024:01:05:38 -0500] "GET /BLA/resoluciones/RESOLUCIONES%202023/2703.pdf HTTP/1.1" 304 -
216.245.221.92 - - [23/Mar/2024:01:05:41 -0500] "HEAD / HTTP/1.1" 200 -
201.245.192.253 - - [23/Mar/2024:01:06:40 -0500] "POST /kwsrmcab/Wsrmcab  HTTP/1.1" 200 39660
