186.102.55.241 - - [23/Mar/2024:07:31:24 -0500] "GET /kwssiamovil/sm/acme/a?s=U2FsdGVkX1/Pur9fdAXHBQNAfeyujUL+mDujNFAuzy9rOsey7x692H6girFT76tGEvJFyP65Fr3dw/uqaCYcA8NzFNz+y8uh4zzRbgJx+Lkv9JcilwHtDA26DuGspF4y8MOE2f1AZrVOeLJQJGK/SiSOtfBTcZcgY5CtgNLyQNU=&u=U2FsdGVkX18PLkpAdnPhGh6b0CISOFH/zheTwWqpqU8=&y=U2FsdGVkX1+U/KKPwWUcwRJMoOTpFvfKfSzvOEF2NQd61WATjllYFRWpQYmP8uX5 HTTP/1.1" 200 26
186.102.55.241 - - [23/Mar/2024:07:31:25 -0500] "GET /kwssiamovil/sm/acme/a?s=U2FsdGVkX1+oQR4OhLCQ/LgFeZD4ldrq77ltogWpF+3LgIA08MhmhKmGBsINkj7ByCTQdWYifNGC9aZrj37mQDuSGUz/YXqC/7RP3aVOVoYHqrbZcr0WOKZJ4osrOGpLw165sjZYMIkid2aA4483zvG6QP4h0OK+a4xc6fyf4II=&u=U2FsdGVkX18PLkpAdnPhGh6b0CISOFH/zheTwWqpqU8=&y=U2FsdGVkX1+U/KKPwWUcwRJMoOTpFvfKfSzvOEF2NQd61WATjllYFRWpQYmP8uX5 HTTP/1.1" 200 26
186.102.55.241 - - [23/Mar/2024:07:31:25 -0500] "GET /kwssiamovil/sm/acme/a?s=U2FsdGVkX182DUI+pAiHCbNKYWanU9MRCQH4FXTf6nlgv+zJL8FtVcxbWkODpeBlBW2j3auEuhR72hiVzdXBOugFxVn587QeJugNF+uxcH6ZwviKbgDDakBQNoiktzteeDairxcyPdaAcY1UhlVZmIG4Bn2mGHjUIqnHZmgnOf5+/VGndLbbZjuMBmlad9nBo+AAhuiQcL6hYSrkk3Y0jw==&u=U2FsdGVkX18PLkpAdnPhGh6b0CISOFH/zheTwWqpqU8=&y=U2FsdGVkX1+U/KKPwWUcwRJMoOTpFvfKfSzvOEF2NQd61WATjllYFRWpQYmP8uX5 HTTP/1.1" 200 26
200.118.60.184 - - [23/Mar/2024:07:31:38 -0500] "POST /sipse/faces/presentacion/financiero/solicitudProceso/consultar.xhtml HTTP/1.1" 200 130962
200.118.60.184 - - [23/Mar/2024:07:31:39 -0500] "GET /sipse/faces/javax.faces.resource/theme.css?ln=primefaces-sipse HTTP/1.1" 304 -
200.118.60.184 - - [23/Mar/2024:07:31:39 -0500] "GET /sipse/faces/javax.faces.resource/primefaces.css?ln=primefaces&v=4.0 HTTP/1.1" 304 -
200.118.60.184 - - [23/Mar/2024:07:31:39 -0500] "GET /sipse/faces/javax.faces.resource/layout/layout.css?ln=primefaces&v=4.0 HTTP/1.1" 304 -
200.118.60.184 - - [23/Mar/2024:07:31:39 -0500] "GET /sipse/faces/javax.faces.resource/jquery/jquery.js?ln=primefaces&v=4.0 HTTP/1.1" 304 -
200.118.60.184 - - [23/Mar/2024:07:31:39 -0500] "GET /sipse/faces/javax.faces.resource/jquery/jquery-plugins.js?ln=primefaces&v=4.0 HTTP/1.1" 304 -
200.118.60.184 - - [23/Mar/2024:07:31:39 -0500] "GET /sipse/faces/javax.faces.resource/primefaces.js?ln=primefaces&v=4.0 HTTP/1.1" 304 -
200.118.60.184 - - [23/Mar/2024:07:31:39 -0500] "GET /sipse/faces/javax.faces.resource/layout/layout.js?ln=primefaces&v=4.0 HTTP/1.1" 304 -
200.118.60.184 - - [23/Mar/2024:07:31:50 -0500] "GET /sipse/faces/javax.faces.resource/theme.css?ln=primefaces-sipse HTTP/1.1" 304 -
200.118.60.184 - - [23/Mar/2024:07:31:49 -0500] "POST /sipse/faces/presentacion/financiero/solicitudProceso/consultarSolicitudProceso.xhtml HTTP/1.1" 200 33262
200.118.60.184 - - [23/Mar/2024:07:31:50 -0500] "GET /sipse/faces/javax.faces.resource/primefaces.css?ln=primefaces&v=4.0 HTTP/1.1" 304 -
200.118.60.184 - - [23/Mar/2024:07:31:50 -0500] "GET /sipse/faces/javax.faces.resource/layout/layout.css?ln=primefaces&v=4.0 HTTP/1.1" 304 -
200.118.60.184 - - [23/Mar/2024:07:31:50 -0500] "GET /sipse/faces/javax.faces.resource/jquery/jquery.js?ln=primefaces&v=4.0 HTTP/1.1" 304 -
200.118.60.184 - - [23/Mar/2024:07:31:50 -0500] "GET /sipse/faces/javax.faces.resource/layout/layout.js?ln=primefaces&v=4.0 HTTP/1.1" 304 -
200.118.60.184 - - [23/Mar/2024:07:31:50 -0500] "GET /sipse/faces/javax.faces.resource/jquery/jquery-plugins.js?ln=primefaces&v=4.0 HTTP/1.1" 304 -
200.118.60.184 - - [23/Mar/2024:07:31:50 -0500] "GET /sipse/faces/javax.faces.resource/primefaces.js?ln=primefaces&v=4.0 HTTP/1.1" 304 -
200.118.60.184 - - [23/Mar/2024:07:32:35 -0500] "POST /sipse/faces/presentacion/financiero/solicitudProceso/consultarHistorialSolProceso.xhtml HTTP/1.1" 200 42053
200.118.60.184 - - [23/Mar/2024:07:32:35 -0500] "GET /sipse/faces/javax.faces.resource/theme.css?ln=primefaces-sipse HTTP/1.1" 304 -
200.118.60.184 - - [23/Mar/2024:07:32:35 -0500] "GET /sipse/faces/javax.faces.resource/primefaces.css?ln=primefaces&v=4.0 HTTP/1.1" 304 -
200.118.60.184 - - [23/Mar/2024:07:32:35 -0500] "GET /sipse/faces/javax.faces.resource/jquery/jquery.js?ln=primefaces&v=4.0 HTTP/1.1" 304 -
200.118.60.184 - - [23/Mar/2024:07:32:35 -0500] "GET /sipse/faces/javax.faces.resource/layout/layout.css?ln=primefaces&v=4.0 HTTP/1.1" 304 -
200.118.60.184 - - [23/Mar/2024:07:32:35 -0500] "GET /sipse/faces/javax.faces.resource/jquery/jquery-plugins.js?ln=primefaces&v=4.0 HTTP/1.1" 304 -
200.118.60.184 - - [23/Mar/2024:07:32:35 -0500] "GET /sipse/faces/javax.faces.resource/primefaces.js?ln=primefaces&v=4.0 HTTP/1.1" 304 -
200.118.60.184 - - [23/Mar/2024:07:32:35 -0500] "GET /sipse/faces/javax.faces.resource/layout/layout.js?ln=primefaces&v=4.0 HTTP/1.1" 304 -
216.244.66.195 - - [23/Mar/2024:07:32:37 -0500] "GET /BLA/resoluciones/RESOLUCIONES%202023/02481.pdf HTTP/1.1" 200 689923
200.118.60.184 - - [23/Mar/2024:07:32:37 -0500] "POST /sipse/faces/presentacion/financiero/solicitudProceso/consultar.xhtml HTTP/1.1" 200 23069
191.95.51.220 - - [23/Mar/2024:07:32:41 -0500] "GET /sipse/faces/index.xhtml HTTP/1.1" 200 677
191.95.51.220 - - [23/Mar/2024:07:32:41 -0500] "GET /sipse/faces/javax.faces.resource/theme.css?ln=primefaces-sipse HTTP/1.1" 200 50058
191.95.51.220 - - [23/Mar/2024:07:32:41 -0500] "GET /favicon.ico HTTP/1.1" 200 7782
216.244.66.195 - - [23/Mar/2024:07:32:42 -0500] "GET /BLA/resoluciones/RESOLUCIONES%202023/02523.pdf HTTP/1.1" 200 1253139
200.118.60.184 - - [23/Mar/2024:07:32:43 -0500] "POST /sipse/faces/presentacion/financiero/solicitudProceso/consultar.xhtml HTTP/1.1" 200 12865
200.118.60.184 - - [23/Mar/2024:07:32:47 -0500] "POST /sipse/faces/presentacion/financiero/solicitudProceso/consultar.xhtml HTTP/1.1" 200 130961
200.118.60.184 - - [23/Mar/2024:07:32:48 -0500] "GET /sipse/faces/javax.faces.resource/theme.css?ln=primefaces-sipse HTTP/1.1" 304 -
200.118.60.184 - - [23/Mar/2024:07:32:48 -0500] "GET /sipse/faces/javax.faces.resource/layout/layout.css?ln=primefaces&v=4.0 HTTP/1.1" 304 -
200.118.60.184 - - [23/Mar/2024:07:32:48 -0500] "GET /sipse/faces/javax.faces.resource/primefaces.css?ln=primefaces&v=4.0 HTTP/1.1" 304 -
200.118.60.184 - - [23/Mar/2024:07:32:48 -0500] "GET /sipse/faces/javax.faces.resource/jquery/jquery.js?ln=primefaces&v=4.0 HTTP/1.1" 304 -
200.118.60.184 - - [23/Mar/2024:07:32:48 -0500] "GET /sipse/faces/javax.faces.resource/jquery/jquery-plugins.js?ln=primefaces&v=4.0 HTTP/1.1" 304 -
200.118.60.184 - - [23/Mar/2024:07:32:48 -0500] "GET /sipse/faces/javax.faces.resource/primefaces.js?ln=primefaces&v=4.0 HTTP/1.1" 304 -
200.118.60.184 - - [23/Mar/2024:07:32:48 -0500] "GET /sipse/faces/javax.faces.resource/layout/layout.js?ln=primefaces&v=4.0 HTTP/1.1" 304 -
200.118.60.184 - - [23/Mar/2024:07:32:52 -0500] "POST /sipse/faces/presentacion/financiero/solicitudProceso/consultarSolicitudProceso.xhtml HTTP/1.1" 200 35232
200.118.60.184 - - [23/Mar/2024:07:32:52 -0500] "GET /sipse/faces/javax.faces.resource/theme.css?ln=primefaces-sipse HTTP/1.1" 304 -
200.118.60.184 - - [23/Mar/2024:07:32:52 -0500] "GET /sipse/faces/javax.faces.resource/layout/layout.css?ln=primefaces&v=4.0 HTTP/1.1" 304 -
200.118.60.184 - - [23/Mar/2024:07:32:52 -0500] "GET /sipse/faces/javax.faces.resource/primefaces.css?ln=primefaces&v=4.0 HTTP/1.1" 304 -
200.118.60.184 - - [23/Mar/2024:07:32:52 -0500] "GET /sipse/faces/javax.faces.resource/jquery/jquery.js?ln=primefaces&v=4.0 HTTP/1.1" 304 -
200.118.60.184 - - [23/Mar/2024:07:32:52 -0500] "GET /sipse/faces/javax.faces.resource/jquery/jquery-plugins.js?ln=primefaces&v=4.0 HTTP/1.1" 304 -
200.118.60.184 - - [23/Mar/2024:07:32:52 -0500] "GET /sipse/faces/javax.faces.resource/primefaces.js?ln=primefaces&v=4.0 HTTP/1.1" 304 -
200.118.60.184 - - [23/Mar/2024:07:32:52 -0500] "GET /sipse/faces/javax.faces.resource/layout/layout.js?ln=primefaces&v=4.0 HTTP/1.1" 304 -
18.171.144.89 - - [23/Mar/2024:07:33:03 -0500] "\x16\x03\x01" 400 226
47.128.36.168 - - [23/Mar/2024:07:33:10 -0500] "GET /BLA/resoluciones/AUTOS%202021/0245.php?act=feedback&d=E%3A%5Cnuevo%5Chtdocs%5Cdpsia%5C HTTP/1.1" 200 2904
200.118.60.184 - - [23/Mar/2024:07:33:32 -0500] "POST /sipse/faces/presentacion/financiero/solicitudProceso/consultarHistorialSolProceso.xhtml HTTP/1.1" 200 42070
200.118.60.184 - - [23/Mar/2024:07:33:33 -0500] "GET /sipse/faces/javax.faces.resource/theme.css?ln=primefaces-sipse HTTP/1.1" 304 -
200.118.60.184 - - [23/Mar/2024:07:33:33 -0500] "GET /sipse/faces/javax.faces.resource/jquery/jquery.js?ln=primefaces&v=4.0 HTTP/1.1" 304 -
200.118.60.184 - - [23/Mar/2024:07:33:33 -0500] "GET /sipse/faces/javax.faces.resource/primefaces.css?ln=primefaces&v=4.0 HTTP/1.1" 304 -
200.118.60.184 - - [23/Mar/2024:07:33:33 -0500] "GET /sipse/faces/javax.faces.resource/layout/layout.css?ln=primefaces&v=4.0 HTTP/1.1" 304 -
200.118.60.184 - - [23/Mar/2024:07:33:33 -0500] "GET /sipse/faces/javax.faces.resource/jquery/jquery-plugins.js?ln=primefaces&v=4.0 HTTP/1.1" 304 -
200.118.60.184 - - [23/Mar/2024:07:33:33 -0500] "GET /sipse/faces/javax.faces.resource/primefaces.js?ln=primefaces&v=4.0 HTTP/1.1" 304 -
200.118.60.184 - - [23/Mar/2024:07:33:33 -0500] "GET /sipse/faces/javax.faces.resource/layout/layout.js?ln=primefaces&v=4.0 HTTP/1.1" 304 -
47.128.36.197 - - [23/Mar/2024:07:33:33 -0500] "GET /BLA/resoluciones/AUTOS%202021/0245.php?act=chmod&d=C%3A%5C&f=ecodirectorio.rar HTTP/1.1" 200 2804
200.118.60.184 - - [23/Mar/2024:07:33:34 -0500] "POST /sipse/faces/presentacion/financiero/solicitudProceso/consultar.xhtml HTTP/1.1" 200 23069
200.118.60.184 - - [23/Mar/2024:07:33:41 -0500] "POST /sipse/faces/presentacion/financiero/solicitudProceso/consultar.xhtml HTTP/1.1" 200 12866
216.244.66.195 - - [23/Mar/2024:07:33:44 -0500] "GET /BLA/resoluciones/AUTOS%202023/3024.pdf HTTP/1.1" 200 390120
200.118.60.184 - - [23/Mar/2024:07:33:52 -0500] "POST /sipse/faces/presentacion/financiero/solicitudProceso/consultar.xhtml HTTP/1.1" 200 12858
200.118.60.184 - - [23/Mar/2024:07:33:56 -0500] "POST /sipse/faces/presentacion/financiero/solicitudProceso/consultar.xhtml HTTP/1.1" 200 130980
200.118.60.184 - - [23/Mar/2024:07:33:57 -0500] "GET /sipse/faces/javax.faces.resource/theme.css?ln=primefaces-sipse HTTP/1.1" 304 -
200.118.60.184 - - [23/Mar/2024:07:33:57 -0500] "GET /sipse/faces/javax.faces.resource/primefaces.css?ln=primefaces&v=4.0 HTTP/1.1" 304 -
200.118.60.184 - - [23/Mar/2024:07:33:57 -0500] "GET /sipse/faces/javax.faces.resource/layout/layout.css?ln=primefaces&v=4.0 HTTP/1.1" 304 -
200.118.60.184 - - [23/Mar/2024:07:33:57 -0500] "GET /sipse/faces/javax.faces.resource/jquery/jquery.js?ln=primefaces&v=4.0 HTTP/1.1" 304 -
200.118.60.184 - - [23/Mar/2024:07:33:57 -0500] "GET /sipse/faces/javax.faces.resource/jquery/jquery-plugins.js?ln=primefaces&v=4.0 HTTP/1.1" 304 -
200.118.60.184 - - [23/Mar/2024:07:33:57 -0500] "GET /sipse/faces/javax.faces.resource/primefaces.js?ln=primefaces&v=4.0 HTTP/1.1" 304 -
200.118.60.184 - - [23/Mar/2024:07:33:57 -0500] "GET /sipse/faces/javax.faces.resource/layout/layout.js?ln=primefaces&v=4.0 HTTP/1.1" 304 -
47.128.36.241 - - [23/Mar/2024:07:33:57 -0500] "GET /BLA/resoluciones/AUTOS%202021/0245.php?act=chmod&d=E%3A%5Cnuevo%5Chtdocs%5Ccumbreclima&f=wp-blog-header.php HTTP/1.1" 200 2867
200.118.60.184 - - [23/Mar/2024:07:34:02 -0500] "GET /sipse/faces/javax.faces.resource/primefaces.css?ln=primefaces&v=4.0 HTTP/1.1" 304 -
200.118.60.184 - - [23/Mar/2024:07:34:02 -0500] "GET /sipse/faces/javax.faces.resource/theme.css?ln=primefaces-sipse HTTP/1.1" 304 -
200.118.60.184 - - [23/Mar/2024:07:34:02 -0500] "GET /sipse/faces/javax.faces.resource/layout/layout.css?ln=primefaces&v=4.0 HTTP/1.1" 304 -
200.118.60.184 - - [23/Mar/2024:07:34:01 -0500] "POST /sipse/faces/presentacion/financiero/solicitudProceso/consultarSolicitudProceso.xhtml HTTP/1.1" 200 33259
200.118.60.184 - - [23/Mar/2024:07:34:02 -0500] "GET /sipse/faces/javax.faces.resource/jquery/jquery.js?ln=primefaces&v=4.0 HTTP/1.1" 304 -
200.118.60.184 - - [23/Mar/2024:07:34:02 -0500] "GET /sipse/faces/javax.faces.resource/primefaces.js?ln=primefaces&v=4.0 HTTP/1.1" 304 -
200.118.60.184 - - [23/Mar/2024:07:34:02 -0500] "GET /sipse/faces/javax.faces.resource/jquery/jquery-plugins.js?ln=primefaces&v=4.0 HTTP/1.1" 304 -
200.118.60.184 - - [23/Mar/2024:07:34:02 -0500] "GET /sipse/faces/javax.faces.resource/layout/layout.js?ln=primefaces&v=4.0 HTTP/1.1" 304 -
216.244.66.195 - - [23/Mar/2024:07:34:09 -0500] "GET /BLA/resoluciones/RESOLUCIONES%202019/0538.pdf HTTP/1.1" 200 316177
172.22.2.4 - - [23/Mar/2024:07:32:36 -0500] "HEAD /BLA/boletinlegal/ HTTP/1.1" 200 -
47.128.36.154 - - [23/Mar/2024:07:34:21 -0500] "GET /BLA/resoluciones/AUTOS%202021/0245.php?act=chmod&d=C%3A%5C&f=Intranet HTTP/1.1" 200 2792
52.167.144.203 - - [23/Mar/2024:07:34:26 -0500] "GET /Publicaciones/2024EE43089.pdf HTTP/1.1" 404 227
216.244.66.195 - - [23/Mar/2024:07:34:30 -0500] "GET /BLA/resoluciones/RESOLUCIONES%202019/1433.pdf HTTP/1.1" 200 308717
200.118.60.184 - - [23/Mar/2024:07:34:38 -0500] "POST /sipse/faces/presentacion/financiero/solicitudProceso/consultarHistorialSolProceso.xhtml HTTP/1.1" 200 42071
200.118.60.184 - - [23/Mar/2024:07:34:38 -0500] "GET /sipse/faces/javax.faces.resource/theme.css?ln=primefaces-sipse HTTP/1.1" 304 -
200.118.60.184 - - [23/Mar/2024:07:34:38 -0500] "GET /sipse/faces/javax.faces.resource/jquery/jquery.js?ln=primefaces&v=4.0 HTTP/1.1" 304 -
200.118.60.184 - - [23/Mar/2024:07:34:38 -0500] "GET /sipse/faces/javax.faces.resource/primefaces.css?ln=primefaces&v=4.0 HTTP/1.1" 304 -
200.118.60.184 - - [23/Mar/2024:07:34:38 -0500] "GET /sipse/faces/javax.faces.resource/layout/layout.css?ln=primefaces&v=4.0 HTTP/1.1" 304 -
200.118.60.184 - - [23/Mar/2024:07:34:38 -0500] "GET /sipse/faces/javax.faces.resource/jquery/jquery-plugins.js?ln=primefaces&v=4.0 HTTP/1.1" 304 -
200.118.60.184 - - [23/Mar/2024:07:34:39 -0500] "GET /sipse/faces/javax.faces.resource/primefaces.js?ln=primefaces&v=4.0 HTTP/1.1" 304 -
200.118.60.184 - - [23/Mar/2024:07:34:39 -0500] "GET /sipse/faces/javax.faces.resource/layout/layout.js?ln=primefaces&v=4.0 HTTP/1.1" 304 -
200.118.60.184 - - [23/Mar/2024:07:34:40 -0500] "POST /sipse/faces/presentacion/financiero/solicitudProceso/consultar.xhtml HTTP/1.1" 200 23069
200.118.60.184 - - [23/Mar/2024:07:34:45 -0500] "POST /sipse/faces/presentacion/financiero/solicitudProceso/consultar.xhtml HTTP/1.1" 200 12909
47.128.37.94 - - [23/Mar/2024:07:34:46 -0500] "GET /BLA/resoluciones/AUTOS%202021/0245.php?act=d&d=E%3A%5CSystem+Volume+Information HTTP/1.1" 200 2747
216.244.66.195 - - [23/Mar/2024:07:34:50 -0500] "GET /BLA/resoluciones/RESOLUCIONES%202019/1595.pdf HTTP/1.1" 200 788346
201.245.192.253 - - [23/Mar/2024:07:34:50 -0500] "POST /kwsrmcab/Wsrmcab  HTTP/1.1" 200 39660
200.118.60.184 - - [23/Mar/2024:07:34:53 -0500] "POST /sipse/faces/presentacion/financiero/solicitudProceso/consultar.xhtml HTTP/1.1" 200 132743
200.118.60.184 - - [23/Mar/2024:07:34:54 -0500] "GET /sipse/faces/javax.faces.resource/theme.css?ln=primefaces-sipse HTTP/1.1" 304 -
200.118.60.184 - - [23/Mar/2024:07:34:54 -0500] "GET /sipse/faces/javax.faces.resource/jquery/jquery.js?ln=primefaces&v=4.0 HTTP/1.1" 304 -
200.118.60.184 - - [23/Mar/2024:07:34:54 -0500] "GET /sipse/faces/javax.faces.resource/primefaces.css?ln=primefaces&v=4.0 HTTP/1.1" 304 -
200.118.60.184 - - [23/Mar/2024:07:34:54 -0500] "GET /sipse/faces/javax.faces.resource/layout/layout.css?ln=primefaces&v=4.0 HTTP/1.1" 304 -
200.118.60.184 - - [23/Mar/2024:07:34:54 -0500] "GET /sipse/faces/javax.faces.resource/jquery/jquery-plugins.js?ln=primefaces&v=4.0 HTTP/1.1" 304 -
200.118.60.184 - - [23/Mar/2024:07:34:54 -0500] "GET /sipse/faces/javax.faces.resource/primefaces.js?ln=primefaces&v=4.0 HTTP/1.1" 304 -
200.118.60.184 - - [23/Mar/2024:07:34:54 -0500] "GET /sipse/faces/javax.faces.resource/layout/layout.js?ln=primefaces&v=4.0 HTTP/1.1" 304 -
200.118.60.184 - - [23/Mar/2024:07:35:00 -0500] "GET /sipse/faces/javax.faces.resource/primefaces.css?ln=primefaces&v=4.0 HTTP/1.1" 304 -
200.118.60.184 - - [23/Mar/2024:07:35:00 -0500] "GET /sipse/faces/javax.faces.resource/theme.css?ln=primefaces-sipse HTTP/1.1" 304 -
200.118.60.184 - - [23/Mar/2024:07:35:00 -0500] "GET /sipse/faces/javax.faces.resource/jquery/jquery.js?ln=primefaces&v=4.0 HTTP/1.1" 304 -
200.118.60.184 - - [23/Mar/2024:07:35:00 -0500] "POST /sipse/faces/presentacion/financiero/solicitudProceso/consultarSolicitudProceso.xhtml HTTP/1.1" 200 34189
200.118.60.184 - - [23/Mar/2024:07:35:00 -0500] "GET /sipse/faces/javax.faces.resource/primefaces.js?ln=primefaces&v=4.0 HTTP/1.1" 304 -
200.118.60.184 - - [23/Mar/2024:07:35:00 -0500] "GET /sipse/faces/javax.faces.resource/layout/layout.css?ln=primefaces&v=4.0 HTTP/1.1" 304 -
200.118.60.184 - - [23/Mar/2024:07:35:00 -0500] "GET /sipse/faces/javax.faces.resource/jquery/jquery-plugins.js?ln=primefaces&v=4.0 HTTP/1.1" 304 -
200.118.60.184 - - [23/Mar/2024:07:35:00 -0500] "GET /sipse/faces/javax.faces.resource/layout/layout.js?ln=primefaces&v=4.0 HTTP/1.1" 304 -
172.22.2.4 - - [23/Mar/2024:07:33:26 -0500] "GET /BLA/boletinlegal/ HTTP/1.1" 200 54300
47.128.61.131 - - [23/Mar/2024:07:35:11 -0500] "GET /BLA/resoluciones/AUTOS%202021/0245.php?act=chmod&d=E%3A%5Cnuevo&f=filezilla_setup.bat HTTP/1.1" 200 2828
18.171.144.89 - - [23/Mar/2024:07:35:12 -0500] "GET / HTTP/1.1" 200 319
216.244.66.195 - - [23/Mar/2024:07:35:30 -0500] "GET /BLA/resoluciones/RESOLUCIONES%202019/1614.pdf HTTP/1.1" 200 269987
165.232.117.93 - - [23/Mar/2024:07:35:29 -0500] "GET /portaldeninos/ HTTP/1.1" 200 110175
165.232.117.93 - - [23/Mar/2024:07:35:31 -0500] "GET /portaldeninos/wp-content/uploads/2018/10/favicon-ambientic.jpg HTTP/1.1" 200 14837
47.128.61.130 - - [23/Mar/2024:07:35:35 -0500] "GET /BLA/resoluciones/AUTOS%202021/0245.php?act=d&d=E%3A%5Cnuevo%5Chtdocs%5Ccumbreclima%5Cdynamic HTTP/1.1" 200 2767
66.249.66.21 - - [23/Mar/2024:07:35:36 -0500] "GET /BLA/resoluciones/AUTOS%202010/6460.pdf HTTP/1.1" 304 -
114.119.132.170 - - [23/Mar/2024:07:35:39 -0500] "GET /BLA/resoluciones/index.php?dir=RESOLUCIONES%2B1993/&sort=size&order=asc HTTP/1.1" 200 14312
216.245.221.92 - - [23/Mar/2024:07:35:40 -0500] "HEAD / HTTP/1.1" 200 -
216.244.66.195 - - [23/Mar/2024:07:36:00 -0500] "GET /BLA/resoluciones/RESOLUCIONES%202019/1624.pdf HTTP/1.1" 200 619322
20.240.13.245 - - [23/Mar/2024:07:36:20 -0500] "GET /Publicaciones/2024EE42347.pdf HTTP/1.1" 404 227
66.249.66.19 - - [23/Mar/2024:07:36:29 -0500] "GET /BLA/resoluciones/Notificaciones/AUTOS%202023/5110.pdf HTTP/1.1" 200 403607
216.244.66.195 - - [23/Mar/2024:07:36:30 -0500] "GET /BLA/resoluciones/RESOLUCIONES%202019/2061.pdf HTTP/1.1" 200 302832
216.244.66.195 - - [23/Mar/2024:07:36:59 -0500] "GET /BLA/resoluciones/RESOLUCIONES%202019/2228.pdf HTTP/1.1" 200 390062
216.244.66.195 - - [23/Mar/2024:07:37:28 -0500] "GET /BLA/resoluciones/RESOLUCIONES%202019/2263.pdf HTTP/1.1" 200 255743
216.244.66.195 - - [23/Mar/2024:07:37:54 -0500] "GET /BLA/resoluciones/RESOLUCIONES%202019/2328.pdf HTTP/1.1" 200 279050
216.244.66.195 - - [23/Mar/2024:07:38:20 -0500] "GET /BLA/resoluciones/RESOLUCIONES%202019/2419.pdf HTTP/1.1" 200 358426
216.244.66.195 - - [23/Mar/2024:07:38:45 -0500] "GET /BLA/resoluciones/RESOLUCIONES%202019/3383.pdf HTTP/1.1" 200 3672504
201.245.192.253 - - [23/Mar/2024:07:38:49 -0500] "POST /kwsrmcab/Wsrmcab HTTP/1.1" 200 39053
201.245.192.253 - - [23/Mar/2024:07:38:50 -0500] "POST /kwsrmcab/Wsrmcab HTTP/1.1" 200 38110
201.245.192.253 - - [23/Mar/2024:07:39:24 -0500] "POST /kwsrmcab/Wsrmcab HTTP/1.1" 200 39605
216.244.66.195 - - [23/Mar/2024:07:39:30 -0500] "GET /BLA/resoluciones/RESOLUCIONES%202019/3636.pdf HTTP/1.1" 200 273567
201.245.192.253 - - [23/Mar/2024:07:39:50 -0500] "POST /kwsrmcab/Wsrmcab  HTTP/1.1" 200 39660
216.244.66.195 - - [23/Mar/2024:07:40:04 -0500] "GET /BLA/resoluciones/RESOLUCIONES%202019/3745.pdf HTTP/1.1" 200 338940
172.22.2.4 - - [23/Mar/2024:07:38:25 -0500] "HEAD /BLA/boletinlegal/ HTTP/1.1" 200 -
172.22.2.4 - - [23/Mar/2024:07:38:49 -0500] "HEAD /BLA/boletinlegal/ HTTP/1.1" 200 -
216.244.66.195 - - [23/Mar/2024:07:40:33 -0500] "GET /BLA/resoluciones/RESOLUCIONES%202019/3747.pdf HTTP/1.1" 200 316250
216.245.221.92 - - [23/Mar/2024:07:40:40 -0500] "HEAD / HTTP/1.1" 200 -
200.118.60.184 - - [23/Mar/2024:07:40:51 -0500] "POST /sipse/faces/presentacion/financiero/solicitudProceso/consultarHistorialSolProceso.xhtml HTTP/1.1" 200 42114
200.118.60.184 - - [23/Mar/2024:07:40:51 -0500] "GET /sipse/faces/javax.faces.resource/theme.css?ln=primefaces-sipse HTTP/1.1" 304 -
200.118.60.184 - - [23/Mar/2024:07:40:51 -0500] "GET /sipse/faces/javax.faces.resource/primefaces.css?ln=primefaces&v=4.0 HTTP/1.1" 304 -
200.118.60.184 - - [23/Mar/2024:07:40:51 -0500] "GET /sipse/faces/javax.faces.resource/jquery/jquery.js?ln=primefaces&v=4.0 HTTP/1.1" 304 -
200.118.60.184 - - [23/Mar/2024:07:40:51 -0500] "GET /sipse/faces/javax.faces.resource/layout/layout.css?ln=primefaces&v=4.0 HTTP/1.1" 304 -
200.118.60.184 - - [23/Mar/2024:07:40:52 -0500] "GET /sipse/faces/javax.faces.resource/jquery/jquery-plugins.js?ln=primefaces&v=4.0 HTTP/1.1" 304 -
200.118.60.184 - - [23/Mar/2024:07:40:52 -0500] "GET /sipse/faces/javax.faces.resource/primefaces.js?ln=primefaces&v=4.0 HTTP/1.1" 304 -
200.118.60.184 - - [23/Mar/2024:07:40:52 -0500] "GET /sipse/faces/javax.faces.resource/layout/layout.js?ln=primefaces&v=4.0 HTTP/1.1" 304 -
200.118.60.184 - - [23/Mar/2024:07:40:53 -0500] "POST /sipse/faces/presentacion/financiero/solicitudProceso/consultar.xhtml HTTP/1.1" 200 23069
172.22.2.4 - - [23/Mar/2024:07:39:16 -0500] "GET /BLA/boletinlegal/ HTTP/1.1" 200 45104
200.118.60.184 - - [23/Mar/2024:07:40:58 -0500] "POST /sipse/faces/presentacion/financiero/solicitudProceso/consultar.xhtml HTTP/1.1" 200 12908
216.244.66.195 - - [23/Mar/2024:07:41:02 -0500] "GET /BLA/resoluciones/RESOLUCIONES%202019/3909.pdf HTTP/1.1" 200 399292
200.118.60.184 - - [23/Mar/2024:07:41:02 -0500] "POST /sipse/faces/presentacion/financiero/solicitudProceso/consultar.xhtml HTTP/1.1" 200 132735
200.118.60.184 - - [23/Mar/2024:07:41:03 -0500] "GET /sipse/faces/javax.faces.resource/primefaces.css?ln=primefaces&v=4.0 HTTP/1.1" 304 -
200.118.60.184 - - [23/Mar/2024:07:41:03 -0500] "GET /sipse/faces/javax.faces.resource/theme.css?ln=primefaces-sipse HTTP/1.1" 304 -
200.118.60.184 - - [23/Mar/2024:07:41:03 -0500] "GET /sipse/faces/javax.faces.resource/layout/layout.css?ln=primefaces&v=4.0 HTTP/1.1" 304 -
200.118.60.184 - - [23/Mar/2024:07:41:03 -0500] "GET /sipse/faces/javax.faces.resource/jquery/jquery.js?ln=primefaces&v=4.0 HTTP/1.1" 304 -
200.118.60.184 - - [23/Mar/2024:07:41:03 -0500] "GET /sipse/faces/javax.faces.resource/jquery/jquery-plugins.js?ln=primefaces&v=4.0 HTTP/1.1" 304 -
200.118.60.184 - - [23/Mar/2024:07:41:03 -0500] "GET /sipse/faces/javax.faces.resource/primefaces.js?ln=primefaces&v=4.0 HTTP/1.1" 304 -
200.118.60.184 - - [23/Mar/2024:07:41:03 -0500] "GET /sipse/faces/javax.faces.resource/layout/layout.js?ln=primefaces&v=4.0 HTTP/1.1" 304 -
172.22.2.4 - - [23/Mar/2024:07:39:24 -0500] "GET /BLA/boletinlegal/ HTTP/1.1" 200 46045
200.118.60.184 - - [23/Mar/2024:07:41:12 -0500] "GET /sipse/faces/javax.faces.resource/primefaces.css?ln=primefaces&v=4.0 HTTP/1.1" 304 -
200.118.60.184 - - [23/Mar/2024:07:41:12 -0500] "GET /sipse/faces/javax.faces.resource/theme.css?ln=primefaces-sipse HTTP/1.1" 304 -
200.118.60.184 - - [23/Mar/2024:07:41:11 -0500] "POST /sipse/faces/presentacion/financiero/solicitudProceso/consultarSolicitudProceso.xhtml HTTP/1.1" 200 46845
200.118.60.184 - - [23/Mar/2024:07:41:12 -0500] "GET /sipse/faces/javax.faces.resource/layout/layout.css?ln=primefaces&v=4.0 HTTP/1.1" 304 -
200.118.60.184 - - [23/Mar/2024:07:41:12 -0500] "GET /sipse/faces/javax.faces.resource/jquery/jquery.js?ln=primefaces&v=4.0 HTTP/1.1" 304 -
200.118.60.184 - - [23/Mar/2024:07:41:12 -0500] "GET /sipse/faces/javax.faces.resource/jquery/jquery-plugins.js?ln=primefaces&v=4.0 HTTP/1.1" 304 -
200.118.60.184 - - [23/Mar/2024:07:41:12 -0500] "GET /sipse/faces/javax.faces.resource/primefaces.js?ln=primefaces&v=4.0 HTTP/1.1" 304 -
200.118.60.184 - - [23/Mar/2024:07:41:13 -0500] "GET /sipse/faces/javax.faces.resource/layout/layout.js?ln=primefaces&v=4.0 HTTP/1.1" 304 -
186.102.55.241 - - [23/Mar/2024:07:41:17 -0500] "GET /kwssiamovil/sm/acme/a?s=U2FsdGVkX1+rsjOG+/aRhrd6ZAyKeQ9vm2a+37mLqqnJooMWl1NcaFFD33Zw7e7bx1SEoUPcNkIX1Yt1tW0EnLjKugkiuRlr2kwzYXJqE554kDVTwnJehKLi5oHSliYQUjusv+2s1PblHkokGvnpmnDFNH1QCru21UiTV6V24tiegDDrkgzpLr/+oeW49JvMxOqELV/mDC4NXulITx2qK340cA2D5iEQko6L5B2/aF92efudnX6vZZVV5p2sD+XNz54XhmE73GxQyw/1CoWK1w==&u=U2FsdGVkX18PLkpAdnPhGh6b0CISOFH/zheTwWqpqU8=&y=U2FsdGVkX1+U/KKPwWUcwRJMoOTpFvfKfSzvOEF2NQd61WATjllYFRWpQYmP8uX5 HTTP/1.1" 200 26
186.102.55.241 - - [23/Mar/2024:07:41:18 -0500] "GET /kwssiamovil/sm/acme/a?s=U2FsdGVkX1/H1O+YDW7V4fJx9UIcN+r8ygjbO4pKqUwDA/CHXvbBwr15bps/a7F3eWSlZxmfk2TQfCC4rUa8h4xaSPUrLx0Z9EC7gM8RTrB0ogcjjkAU8ej+zL/b4soi72Pw2mabOtqigSB0ryhmRB1fvhakebJI2kovAcwT0JMECr8yvOvZ+Vr39Wlo/QIq0H51ggaBInH08qs904W0IMlfUc0aoVokiP2X/7N4/DWxw3wAh2zCk4/zW8dzIRA95o9WPbZbls+l2cRRtop3Md64nXX3aiUgpgsU/jxORO6qxYTryrih2eTddTci10sFncaxSsICTaYpEZtipvx/7cXAyX5xpMDyM48JuYWQNQmqmReLx70fvHIHVZnUgrvRizi7dZUPcaAynPiFAC/QSr5hUZeziAbhAUcELEDzWedATU9k8TvrJ1nOQxuIhGzMTgEX4/PmtAHBVI3wuvwNRaFlUA9lCazW/V9NzOdXamu6veTrhYTU8tjXtnxiJ39Ui5GXPqd8FbGI4T/8kYmTi7HXJJ4XH6Wrns8FRUvgrNHsxo9qjtuHkqHbymhrxARLop/UeGzhmhD04xHRwUB+vClATUglWm1VBjSnL+YhbACDXuLoLc1l5oKnFaR0EG45kzBO1P13PDDoTYkHbVwF/punUbGYJnGw9nm5nhyY8/quE4bAaNyBqwp+shz56GNxDoOszWRrG4HJzPj7JxLFs2u9IRqdGj948WK9KiPX39lfOIDZkqVS1kP+eMPNY8FvXieH9R1g/a9p8pau+1+Oz2gD6sNvy3p839AWx/gPuLhe5IRCOlQq401qVKVlNexH8BMCPHUd6+o+p2tsv81G/MH0QwH/iRv4Et6QYJSJBVuFn26CV0QuEAUkA1TMsDUQ+xQTcLXnEtmpyycBIYizOLqrSo4ZATXTjhtWe2q9o7T7n40lCiC5N0cLG3NORuRTcRdKVypLKZZ8Ju0zyKPUSVrFRCOoz0h+zju3TeVM2T2Nb22kuajk83S9tKSfQC0LE5wu9fKWdfMnM7EsSAzZBuzbTQ1LLVEKH+ZtszcRIRJ6GvX8a99NUmHRrmr0Bdfi7WVAaqs8MQ0pW/yvyljtXvnS7IckVaRFZY1xu2Cmjpfu3CFlT3WSExf8h6o5XkgKH1xpyFt3TQfvDpcskDXOxQ3aVb722aIE/JwuR2AStiDZTkzO4+0pwElLkWjafnFufjUMS+FwwFTMiobFEz3cPEvES2os6EZ8gODfdkAWfm0iJNrzvH7Yi1mofNcADbStU6f3psdhe/bni76LM4+Cic+g0mKS4ACnvY4BRmYOEiEJLxApeX1SgT5kcYMDyNqHlGbJUEGvG2TZq1F+1h5xnhr9VlSrVUV9bN7+DWzRiVteLOxFyzRt89BO1dE/iTbxLyx0GbBTRQTYlYq18g/RAzKfDzFZCU9m+BVLyuouUJt8U96OFRHHdf8B+NFdDRWtJcMyNO+aO2CmbAd8mG5h0b6mJFoFITfeQw6Z76fc2u/6zJd2vgKCPpx0zM2tPFe6Xz9cOelZKFuPFa+1ABcjdNQrgNVWn5oLdn9hyHHKy9h8CA+cd3hXpe1JNgQI6NshSLDaX+8TsmLYgAfODNHSFWIcYRpj4bx0wHYlXVpcVCJ2M4A0sCVCSTKR+2qmIvXcNJArY4lwFWO90R/xRZQvXm2FouFz89uy3ZJShkmaTWt7erT48XPRI42xr5v8O8+BeoYoWvSVm2iycJOc5FI+BGlbEerLUyloTRMd9kQE5zkGdODypbig/TfqCjP9xuzkDGlZ4G5glyZ3XiMVmQDuMj4cww+d5eCHeiCwtymtDblIzm0Z2nB2x2knEi9886/7oubrugQN1gXgtvudViznLUzYl4hisOlVe/+zo9cYMezeOjilPAaRtJX0G4C32bXzymwb0eWDNJVQ+WMpgIzhq+xKrmbKikwibnNhW7lVXm3ZpQ6Jh7q1BTSkZhWCATrJXOMOmEIcDeI3wU9iw23C8Uqn7NSI0Qh9nO/1y/O9+DSqUR/oxvGJoFNEQOGt8vAzomQU4iWoW+ujz4YyLYR6Qj3m9aNqOKgNPd9WpZxPcIoCwlW/yxFHPwDPdS8hdOWXfdEtkET+NOPmNfYVWcxv61jLlpMlx36NQM7SlwEBgJMwQtYp+ONAFjaorimx5yIkHt0T+GxxmEK81W10UaroTy3PT3/VcjVbhmNjyGhZkDYAu1LCAjhZXegOs24mX7/V6z0m1bcz4XmeRyOFVamsYKxWYxhU/1YTVFpb1t8JxdmFAa7VGoto1dhsyDIkUqVeS9h2ZAuEO0gSbn7ANdQHIgn4SSdVNnAMCsMB/6lcThSGlOVv6Vai0dmJ1bCuyRsEp52I4kOMEz+N+IxaNH3SXMZa+zoP69x2lxV6OnqnGxmwZPGq90kj5BTY6uUrvuoIvVXToa/+x6U+zt2bdAOCFhmYgxEDpsNMppe8Jj8FMbDctAUxUkPLiJAI43+8TDXcdvtjUG4+wMDoecLa4dupM37PQtB67v1lS6o/MYn/5Kycmy2hw8ymbQCkJ6wisdUC/kHeuyve/Caop7V+Oy6dpnWIxEaAx/8HgYd0mC0aJozxC0LkNPa5uLZN0b7NXr7Q9u/T0Dw6ewx/7cIVu/jyxz8ySp8qGVHdNqEQSJ3FiDdOwyp+GTZSZ7HFlPmPi+JdJuUZXbWMpJEwhXHeX6Gc6co82Q7DeBWmszITShAvaH/trfv7tVB01nUa/X/S7ybFJgvDB0piQT7/8X/bqWN8WeFx+W5VLojccEU4TV6knOp5yz3zVpGAJMINAMFY7SzGOStHhWN8ce4/itiEsTV6knDTMBvLFxKbSzgj6Y5JnSsLH3VZrz+PxnDgUvR3c9tqjnWcGwGWf82zkPMeug68Qp9NNQrqBT9ggHN9VIWOys5pYFnWW1h+p2x/k5nU0qq+03nnpwBTH3yV1BSy2T84DlWatdHeI4R65BPAbWkVo1WTllqgn0Kyd6WsYyOUWj0pVIGvkPKztjaPSn02HewcRH68QuEYf1Tg+FZsS+P8YpWzJW71s/q3MCauCplLfgdLIejCtFJjBBg5BEml8Z5rXK0L1PTZA4ygFAiIJ7N0uURb3gjVJYvmp/EFoUb3z5OZ+foNbozmIr8Y9XswkUaXSISBAKmrjlEdCeA+3uYx16xgTHhejw3SCNOJs7ADidw29IoSro+F8wUtZNHK5Me87MQifBIOeAvg6ChdQ+m3qEkd1QJU1D6VdT6Q78OG30Eq/JGGAeb9V8cdW/pbfPu2bKpGy8JkkxTDMMcH+ua6S4A=&u=U2FsdGVkX18PLkpAdnPhGh6b0CISOFH/zheTwWqpqU8=&y=U2FsdGVkX1+U/KKPwWUcwRJMoOTpFvfKfSzvOEF2NQd61WATjllYFRWpQYmP8uX5 HTTP/1.1" 200 26
186.102.55.241 - - [23/Mar/2024:07:41:19 -0500] "GET /kwssiamovil/sm/acme/a?s=U2FsdGVkX19bq+t/hfNsEWe73cg8pZ+DbxrknNnHNEPdPpojhWqfJ6crY7gnjWnC3O7n5gfyVCpjUFMtGVlOvZcW/VRvE2UAepWx8bSmXG+fDUhJK/bBm9WARvEfqfhnIRjuIJnkvCBLEq6PUnlmmNIIJHsHO4E1VtUEXsNYXFk=&u=U2FsdGVkX18PLkpAdnPhGh6b0CISOFH/zheTwWqpqU8=&y=U2FsdGVkX1+U/KKPwWUcwRJMoOTpFvfKfSzvOEF2NQd61WATjllYFRWpQYmP8uX5 HTTP/1.1" 200 26
186.102.55.241 - - [23/Mar/2024:07:41:19 -0500] "GET /kwssiamovil/sm/acme/a?s=U2FsdGVkX1/4yk3oIxmxd+A78IMKFAbujgh5c8R1KTie+gdkW43+75mTuTWXBTc1XSRQWBypAgKZQjdvVHzS1lV0T0EBE49RSS5CfKPbucBnPI1G2Dvmi/s887/m8WHo0zl2SnB1RkHScdzQdhxQmwlZrdhGF6Fq1gitFXPHQ/o=&u=U2FsdGVkX18PLkpAdnPhGh6b0CISOFH/zheTwWqpqU8=&y=U2FsdGVkX1+U/KKPwWUcwRJMoOTpFvfKfSzvOEF2NQd61WATjllYFRWpQYmP8uX5 HTTP/1.1" 200 26
186.102.55.241 - - [23/Mar/2024:07:41:19 -0500] "GET /kwssiamovil/sm/acme/a?s=U2FsdGVkX1/ql7ycVKGRr+l7Y3yNKSxglZAzNWZu0ZEWs7YvPh+e6vOGpnXq5KxvuRTo2HtVNhrYQ5zzEpAEmgnvc5zLybsdjqmRWR9Fkf0WMtTT2p6G7+egUDtyx5bXEr1vqqmG1IdL4bp5zbcHRdZLQR+yxbvcHhM1Jn63vzk=&u=U2FsdGVkX18PLkpAdnPhGh6b0CISOFH/zheTwWqpqU8=&y=U2FsdGVkX1+U/KKPwWUcwRJMoOTpFvfKfSzvOEF2NQd61WATjllYFRWpQYmP8uX5 HTTP/1.1" 200 26
186.102.55.241 - - [23/Mar/2024:07:41:20 -0500] "GET /kwssiamovil/sm/acme/a?s=U2FsdGVkX193IllEXJunP5o2hCX6q8L4FDQNDoX6aTbzF37pXn9TXpgq8qbaoInshYKY/7MFA0Ri1eseaDAq6tGQD7E2F0ZDIlT2LNcuxK7o4/g80dpPnuYSHARHZICMFVlQkihxBYK5PF6H35Mwf8etpbwCMu2grhgO2mKu5yP5XMGYTrxPXldBD3k2bEoKmQI5lYeqmUq7CGq75kVPYw==&u=U2FsdGVkX18PLkpAdnPhGh6b0CISOFH/zheTwWqpqU8=&y=U2FsdGVkX1+U/KKPwWUcwRJMoOTpFvfKfSzvOEF2NQd61WATjllYFRWpQYmP8uX5 HTTP/1.1" 200 26
40.77.167.75 - - [23/Mar/2024:07:41:30 -0500] "GET /reportes_sipse/ HTTP/1.1" 200 2935
216.244.66.195 - - [23/Mar/2024:07:41:34 -0500] "GET /BLA/resoluciones/RESOLUCIONES%201997/RESOLUCION%20245%20DE%201997.pdf HTTP/1.1" 200 702161
201.245.192.253 - - [23/Mar/2024:07:40:19 -0500] "POST /kwsrmcab/Wsrmcab HTTP/1.1" 200 38110
216.244.66.195 - - [23/Mar/2024:07:42:04 -0500] "GET /BLA/resoluciones/RESOLUCIONES%201997/RESOLUCION%20329%20DE%201997.pdf HTTP/1.1" 200 532098
216.244.66.195 - - [23/Mar/2024:07:42:31 -0500] "GET /BLA/resoluciones/RESOLUCIONES%201997/RESOLUCION%20897%20DE%201997.pdf HTTP/1.1" 200 123096
216.244.66.195 - - [23/Mar/2024:07:42:55 -0500] "GET /BLA/resoluciones/AUTOS%202007/0063.pdf HTTP/1.1" 200 47747
172.22.2.4 - - [23/Mar/2024:07:43:17 -0500] "GET /BLA/boletinlegal/.env.bk HTTP/1.1" 404 1018
216.244.66.195 - - [23/Mar/2024:07:43:18 -0500] "GET /BLA/resoluciones/AUTOS%202007/0367.pdf HTTP/1.1" 200 111146
172.22.2.4 - - [23/Mar/2024:07:41:52 -0500] "HEAD /BLA/boletinlegal/ HTTP/1.1" 200 -
216.244.66.195 - - [23/Mar/2024:07:43:40 -0500] "GET /BLA/resoluciones/AUTOS%202007/0453.pdf HTTP/1.1" 200 20894
216.244.66.195 - - [23/Mar/2024:07:44:01 -0500] "GET /BLA/resoluciones/AUTOS%202007/0506.pdf HTTP/1.1" 200 20530
200.118.60.184 - - [23/Mar/2024:07:44:06 -0500] "POST /sipse/faces/presentacion/financiero/solicitudProceso/consultarHistorialSolProceso.xhtml HTTP/1.1" 200 42113
200.118.60.184 - - [23/Mar/2024:07:44:06 -0500] "GET /sipse/faces/javax.faces.resource/theme.css?ln=primefaces-sipse HTTP/1.1" 304 -
200.118.60.184 - - [23/Mar/2024:07:44:06 -0500] "GET /sipse/faces/javax.faces.resource/primefaces.css?ln=primefaces&v=4.0 HTTP/1.1" 304 -
200.118.60.184 - - [23/Mar/2024:07:44:06 -0500] "GET /sipse/faces/javax.faces.resource/jquery/jquery.js?ln=primefaces&v=4.0 HTTP/1.1" 304 -
200.118.60.184 - - [23/Mar/2024:07:44:06 -0500] "GET /sipse/faces/javax.faces.resource/layout/layout.css?ln=primefaces&v=4.0 HTTP/1.1" 304 -
200.118.60.184 - - [23/Mar/2024:07:44:06 -0500] "GET /sipse/faces/javax.faces.resource/jquery/jquery-plugins.js?ln=primefaces&v=4.0 HTTP/1.1" 304 -
200.118.60.184 - - [23/Mar/2024:07:44:06 -0500] "GET /sipse/faces/javax.faces.resource/primefaces.js?ln=primefaces&v=4.0 HTTP/1.1" 304 -
200.118.60.184 - - [23/Mar/2024:07:44:06 -0500] "GET /sipse/faces/javax.faces.resource/layout/layout.js?ln=primefaces&v=4.0 HTTP/1.1" 304 -
172.22.2.4 - - [23/Mar/2024:07:42:28 -0500] "GET /BLA/boletinlegal/ HTTP/1.1" 200 57136
200.118.60.184 - - [23/Mar/2024:07:44:08 -0500] "POST /sipse/faces/presentacion/financiero/solicitudProceso/consultar.xhtml HTTP/1.1" 200 23069
200.118.60.184 - - [23/Mar/2024:07:44:13 -0500] "POST /sipse/faces/presentacion/financiero/solicitudProceso/consultar.xhtml HTTP/1.1" 200 12899
200.118.60.184 - - [23/Mar/2024:07:44:18 -0500] "POST /sipse/faces/presentacion/financiero/solicitudProceso/consultar.xhtml HTTP/1.1" 200 123589
200.118.60.184 - - [23/Mar/2024:07:44:19 -0500] "GET /sipse/faces/javax.faces.resource/theme.css?ln=primefaces-sipse HTTP/1.1" 304 -
200.118.60.184 - - [23/Mar/2024:07:44:19 -0500] "GET /sipse/faces/javax.faces.resource/primefaces.css?ln=primefaces&v=4.0 HTTP/1.1" 304 -
200.118.60.184 - - [23/Mar/2024:07:44:19 -0500] "GET /sipse/faces/javax.faces.resource/layout/layout.css?ln=primefaces&v=4.0 HTTP/1.1" 304 -
200.118.60.184 - - [23/Mar/2024:07:44:19 -0500] "GET /sipse/faces/javax.faces.resource/jquery/jquery.js?ln=primefaces&v=4.0 HTTP/1.1" 304 -
200.118.60.184 - - [23/Mar/2024:07:44:19 -0500] "GET /sipse/faces/javax.faces.resource/jquery/jquery-plugins.js?ln=primefaces&v=4.0 HTTP/1.1" 304 -
200.118.60.184 - - [23/Mar/2024:07:44:19 -0500] "GET /sipse/faces/javax.faces.resource/primefaces.js?ln=primefaces&v=4.0 HTTP/1.1" 304 -
200.118.60.184 - - [23/Mar/2024:07:44:19 -0500] "GET /sipse/faces/javax.faces.resource/layout/layout.js?ln=primefaces&v=4.0 HTTP/1.1" 304 -
216.244.66.195 - - [23/Mar/2024:07:44:21 -0500] "GET /BLA/resoluciones/AUTOS%202019/0412.pdf HTTP/1.1" 200 269376
200.118.60.184 - - [23/Mar/2024:07:44:28 -0500] "GET /sipse/faces/javax.faces.resource/theme.css?ln=primefaces-sipse HTTP/1.1" 304 -
200.118.60.184 - - [23/Mar/2024:07:44:28 -0500] "POST /sipse/faces/presentacion/financiero/solicitudProceso/consultarSolicitudProceso.xhtml HTTP/1.1" 200 27940
200.118.60.184 - - [23/Mar/2024:07:44:28 -0500] "GET /sipse/faces/javax.faces.resource/jquery/jquery.js?ln=primefaces&v=4.0 HTTP/1.1" 304 -
200.118.60.184 - - [23/Mar/2024:07:44:28 -0500] "GET /sipse/faces/javax.faces.resource/layout/layout.css?ln=primefaces&v=4.0 HTTP/1.1" 304 -
200.118.60.184 - - [23/Mar/2024:07:44:28 -0500] "GET /sipse/faces/javax.faces.resource/primefaces.css?ln=primefaces&v=4.0 HTTP/1.1" 304 -
200.118.60.184 - - [23/Mar/2024:07:44:28 -0500] "GET /sipse/faces/javax.faces.resource/jquery/jquery-plugins.js?ln=primefaces&v=4.0 HTTP/1.1" 304 -
200.118.60.184 - - [23/Mar/2024:07:44:28 -0500] "GET /sipse/faces/javax.faces.resource/primefaces.js?ln=primefaces&v=4.0 HTTP/1.1" 304 -
200.118.60.184 - - [23/Mar/2024:07:44:28 -0500] "GET /sipse/faces/javax.faces.resource/layout/layout.js?ln=primefaces&v=4.0 HTTP/1.1" 304 -
216.244.66.195 - - [23/Mar/2024:07:44:42 -0500] "GET /BLA/resoluciones/AUTOS%202019/3305.pdf HTTP/1.1" 200 315478
201.245.192.253 - - [23/Mar/2024:07:44:47 -0500] "POST /kwsrmcab/Wsrmcab  HTTP/1.1" 200 39660
200.118.60.184 - - [23/Mar/2024:07:44:56 -0500] "POST /sipse/faces/presentacion/financiero/solicitudProceso/consultarHistorialSolProceso.xhtml HTTP/1.1" 200 42104
200.118.60.184 - - [23/Mar/2024:07:44:57 -0500] "GET /sipse/faces/javax.faces.resource/theme.css?ln=primefaces-sipse HTTP/1.1" 304 -
200.118.60.184 - - [23/Mar/2024:07:44:57 -0500] "GET /sipse/faces/javax.faces.resource/primefaces.css?ln=primefaces&v=4.0 HTTP/1.1" 304 -
200.118.60.184 - - [23/Mar/2024:07:44:57 -0500] "GET /sipse/faces/javax.faces.resource/layout/layout.css?ln=primefaces&v=4.0 HTTP/1.1" 304 -
200.118.60.184 - - [23/Mar/2024:07:44:57 -0500] "GET /sipse/faces/javax.faces.resource/jquery/jquery.js?ln=primefaces&v=4.0 HTTP/1.1" 304 -
200.118.60.184 - - [23/Mar/2024:07:44:57 -0500] "GET /sipse/faces/javax.faces.resource/jquery/jquery-plugins.js?ln=primefaces&v=4.0 HTTP/1.1" 304 -
200.118.60.184 - - [23/Mar/2024:07:44:57 -0500] "GET /sipse/faces/javax.faces.resource/primefaces.js?ln=primefaces&v=4.0 HTTP/1.1" 304 -
200.118.60.184 - - [23/Mar/2024:07:44:57 -0500] "GET /sipse/faces/javax.faces.resource/layout/layout.js?ln=primefaces&v=4.0 HTTP/1.1" 304 -
200.118.60.184 - - [23/Mar/2024:07:44:58 -0500] "POST /sipse/faces/presentacion/financiero/solicitudProceso/consultar.xhtml HTTP/1.1" 200 23069
200.118.60.184 - - [23/Mar/2024:07:45:03 -0500] "POST /sipse/faces/presentacion/financiero/solicitudProceso/consultar.xhtml HTTP/1.1" 200 12899
200.118.60.184 - - [23/Mar/2024:07:45:10 -0500] "POST /sipse/faces/presentacion/financiero/solicitudProceso/consultar.xhtml HTTP/1.1" 200 12891
216.244.66.195 - - [23/Mar/2024:07:45:20 -0500] "GET /BLA/resoluciones/AUTOS%202019/3484.pdf HTTP/1.1" 200 425408
200.118.60.184 - - [23/Mar/2024:07:45:31 -0500] "POST /sipse/faces/presentacion/financiero/solicitudProceso/consultar.xhtml HTTP/1.1" 200 123591
200.118.60.184 - - [23/Mar/2024:07:45:32 -0500] "GET /sipse/faces/javax.faces.resource/theme.css?ln=primefaces-sipse HTTP/1.1" 304 -
200.118.60.184 - - [23/Mar/2024:07:45:32 -0500] "GET /sipse/faces/javax.faces.resource/primefaces.css?ln=primefaces&v=4.0 HTTP/1.1" 304 -
200.118.60.184 - - [23/Mar/2024:07:45:32 -0500] "GET /sipse/faces/javax.faces.resource/jquery/jquery.js?ln=primefaces&v=4.0 HTTP/1.1" 304 -
172.22.2.4 - - [23/Mar/2024:07:43:52 -0500] "HEAD /BLA/boletinlegal/ HTTP/1.1" 200 -
200.118.60.184 - - [23/Mar/2024:07:45:32 -0500] "GET /sipse/faces/javax.faces.resource/jquery/jquery-plugins.js?ln=primefaces&v=4.0 HTTP/1.1" 304 -
200.118.60.184 - - [23/Mar/2024:07:45:32 -0500] "GET /sipse/faces/javax.faces.resource/primefaces.js?ln=primefaces&v=4.0 HTTP/1.1" 304 -
200.118.60.184 - - [23/Mar/2024:07:45:32 -0500] "GET /sipse/faces/javax.faces.resource/layout/layout.css?ln=primefaces&v=4.0 HTTP/1.1" 304 -
200.118.60.184 - - [23/Mar/2024:07:45:32 -0500] "GET /sipse/faces/javax.faces.resource/layout/layout.js?ln=primefaces&v=4.0 HTTP/1.1" 304 -
216.245.221.92 - - [23/Mar/2024:07:45:40 -0500] "HEAD / HTTP/1.1" 200 -
200.118.60.184 - - [23/Mar/2024:07:45:41 -0500] "GET /sipse/faces/javax.faces.resource/theme.css?ln=primefaces-sipse HTTP/1.1" 304 -
200.118.60.184 - - [23/Mar/2024:07:45:41 -0500] "GET /sipse/faces/javax.faces.resource/primefaces.css?ln=primefaces&v=4.0 HTTP/1.1" 304 -
200.118.60.184 - - [23/Mar/2024:07:45:41 -0500] "GET /sipse/faces/javax.faces.resource/layout/layout.css?ln=primefaces&v=4.0 HTTP/1.1" 304 -
200.118.60.184 - - [23/Mar/2024:07:45:41 -0500] "GET /sipse/faces/javax.faces.resource/jquery/jquery.js?ln=primefaces&v=4.0 HTTP/1.1" 304 -
200.118.60.184 - - [23/Mar/2024:07:45:41 -0500] "GET /sipse/faces/javax.faces.resource/jquery/jquery-plugins.js?ln=primefaces&v=4.0 HTTP/1.1" 304 -
200.118.60.184 - - [23/Mar/2024:07:45:40 -0500] "POST /sipse/faces/presentacion/financiero/solicitudProceso/consultarSolicitudProceso.xhtml HTTP/1.1" 200 27940
200.118.60.184 - - [23/Mar/2024:07:45:41 -0500] "GET /sipse/faces/javax.faces.resource/primefaces.js?ln=primefaces&v=4.0 HTTP/1.1" 304 -
200.118.60.184 - - [23/Mar/2024:07:45:41 -0500] "GET /sipse/faces/javax.faces.resource/layout/layout.js?ln=primefaces&v=4.0 HTTP/1.1" 304 -
172.22.2.4 - - [23/Mar/2024:07:44:07 -0500] "HEAD /BLA/boletinlegal/ HTTP/1.1" 200 -
172.22.2.4 - - [23/Mar/2024:07:44:15 -0500] "HEAD /BLA/boletinlegal/ HTTP/1.1" 200 -
216.244.66.195 - - [23/Mar/2024:07:45:59 -0500] "GET /BLA/resoluciones/AUTOS%202023/3361.pdf HTTP/1.1" 200 1624713
200.118.60.184 - - [23/Mar/2024:07:46:07 -0500] "POST /sipse/faces/presentacion/financiero/solicitudProceso/consultarHistorialSolProceso.xhtml HTTP/1.1" 200 42104
200.118.60.184 - - [23/Mar/2024:07:46:07 -0500] "GET /sipse/faces/javax.faces.resource/theme.css?ln=primefaces-sipse HTTP/1.1" 304 -
200.118.60.184 - - [23/Mar/2024:07:46:07 -0500] "GET /sipse/faces/javax.faces.resource/jquery/jquery.js?ln=primefaces&v=4.0 HTTP/1.1" 304 -
200.118.60.184 - - [23/Mar/2024:07:46:07 -0500] "GET /sipse/faces/javax.faces.resource/layout/layout.css?ln=primefaces&v=4.0 HTTP/1.1" 304 -
200.118.60.184 - - [23/Mar/2024:07:46:07 -0500] "GET /sipse/faces/javax.faces.resource/primefaces.css?ln=primefaces&v=4.0 HTTP/1.1" 304 -
200.118.60.184 - - [23/Mar/2024:07:46:07 -0500] "GET /sipse/faces/javax.faces.resource/jquery/jquery-plugins.js?ln=primefaces&v=4.0 HTTP/1.1" 304 -
200.118.60.184 - - [23/Mar/2024:07:46:07 -0500] "GET /sipse/faces/javax.faces.resource/primefaces.js?ln=primefaces&v=4.0 HTTP/1.1" 304 -
200.118.60.184 - - [23/Mar/2024:07:46:07 -0500] "GET /sipse/faces/javax.faces.resource/layout/layout.js?ln=primefaces&v=4.0 HTTP/1.1" 304 -
200.118.60.184 - - [23/Mar/2024:07:46:09 -0500] "POST /sipse/faces/presentacion/financiero/solicitudProceso/consultar.xhtml HTTP/1.1" 200 23069
200.118.60.184 - - [23/Mar/2024:07:46:14 -0500] "POST /sipse/faces/presentacion/financiero/solicitudProceso/consultar.xhtml HTTP/1.1" 200 12899
172.22.2.4 - - [23/Mar/2024:07:44:37 -0500] "GET /BLA/boletinlegal/ HTTP/1.1" 200 40647
172.22.2.4 - - [23/Mar/2024:07:44:53 -0500] "HEAD /BLA/boletinlegal/ HTTP/1.1" 200 -
200.118.60.184 - - [23/Mar/2024:07:46:44 -0500] "POST /sipse/faces/presentacion/financiero/solicitudProceso/consultar.xhtml HTTP/1.1" 200 23077
172.22.2.4 - - [23/Mar/2024:07:45:06 -0500] "GET /BLA/boletinlegal/ HTTP/1.1" 200 42478
200.118.60.184 - - [23/Mar/2024:07:46:50 -0500] "POST /sipse/faces/presentacion/financiero/solicitudProceso/consultar.xhtml HTTP/1.1" 200 12899
216.244.66.195 - - [23/Mar/2024:07:46:50 -0500] "GET /BLA/resoluciones/AUTOS%202023/3690.pdf HTTP/1.1" 200 425081
172.22.2.4 - - [23/Mar/2024:07:45:29 -0500] "GET /BLA/boletinlegal/ HTTP/1.1" 200 41508
172.22.2.4 - - [23/Mar/2024:07:46:24 -0500] "GET /BLA/boletinlegal/ HTTP/1.1" 200 24523
200.118.60.184 - - [23/Mar/2024:07:47:25 -0500] "POST /sipse/faces/presentacion/financiero/solicitudProceso/consultar.xhtml HTTP/1.1" 200 35511
200.118.60.184 - - [23/Mar/2024:07:47:25 -0500] "POST /sipse/faces/presentacion/financiero/solicitudProceso/consultar.xhtml HTTP/1.1" 200 35511
200.118.60.184 - - [23/Mar/2024:07:47:29 -0500] "POST /sipse/faces/presentacion/financiero/solicitudProceso/consultarHistorialSolProceso.xhtml HTTP/1.1" 200 42104
200.118.60.184 - - [23/Mar/2024:07:47:29 -0500] "GET /sipse/faces/javax.faces.resource/theme.css?ln=primefaces-sipse HTTP/1.1" 304 -
200.118.60.184 - - [23/Mar/2024:07:47:29 -0500] "GET /sipse/faces/javax.faces.resource/primefaces.css?ln=primefaces&v=4.0 HTTP/1.1" 304 -
200.118.60.184 - - [23/Mar/2024:07:47:29 -0500] "GET /sipse/faces/javax.faces.resource/layout/layout.css?ln=primefaces&v=4.0 HTTP/1.1" 304 -
200.118.60.184 - - [23/Mar/2024:07:47:29 -0500] "GET /sipse/faces/javax.faces.resource/jquery/jquery.js?ln=primefaces&v=4.0 HTTP/1.1" 304 -
200.118.60.184 - - [23/Mar/2024:07:47:30 -0500] "GET /sipse/faces/javax.faces.resource/jquery/jquery-plugins.js?ln=primefaces&v=4.0 HTTP/1.1" 304 -
200.118.60.184 - - [23/Mar/2024:07:47:30 -0500] "GET /sipse/faces/javax.faces.resource/primefaces.js?ln=primefaces&v=4.0 HTTP/1.1" 304 -
200.118.60.184 - - [23/Mar/2024:07:47:30 -0500] "GET /sipse/faces/javax.faces.resource/layout/layout.js?ln=primefaces&v=4.0 HTTP/1.1" 304 -
200.118.60.184 - - [23/Mar/2024:07:47:31 -0500] "POST /sipse/faces/presentacion/financiero/solicitudProceso/consultar.xhtml HTTP/1.1" 200 23069
200.118.60.184 - - [23/Mar/2024:07:47:36 -0500] "POST /sipse/faces/presentacion/financiero/solicitudProceso/consultar.xhtml HTTP/1.1" 200 12863
200.118.60.184 - - [23/Mar/2024:07:47:48 -0500] "POST /sipse/faces/presentacion/financiero/solicitudProceso/consultar.xhtml HTTP/1.1" 200 132750
200.118.60.184 - - [23/Mar/2024:07:47:48 -0500] "GET /sipse/faces/javax.faces.resource/theme.css?ln=primefaces-sipse HTTP/1.1" 304 -
200.118.60.184 - - [23/Mar/2024:07:47:48 -0500] "GET /sipse/faces/javax.faces.resource/layout/layout.css?ln=primefaces&v=4.0 HTTP/1.1" 304 -
200.118.60.184 - - [23/Mar/2024:07:47:48 -0500] "GET /sipse/faces/javax.faces.resource/primefaces.css?ln=primefaces&v=4.0 HTTP/1.1" 304 -
200.118.60.184 - - [23/Mar/2024:07:47:48 -0500] "GET /sipse/faces/javax.faces.resource/jquery/jquery.js?ln=primefaces&v=4.0 HTTP/1.1" 304 -
200.118.60.184 - - [23/Mar/2024:07:47:49 -0500] "GET /sipse/faces/javax.faces.resource/jquery/jquery-plugins.js?ln=primefaces&v=4.0 HTTP/1.1" 304 -
200.118.60.184 - - [23/Mar/2024:07:47:49 -0500] "GET /sipse/faces/javax.faces.resource/primefaces.js?ln=primefaces&v=4.0 HTTP/1.1" 304 -
200.118.60.184 - - [23/Mar/2024:07:47:49 -0500] "GET /sipse/faces/javax.faces.resource/layout/layout.js?ln=primefaces&v=4.0 HTTP/1.1" 304 -
200.118.60.184 - - [23/Mar/2024:07:47:55 -0500] "POST /sipse/faces/presentacion/financiero/solicitudProceso/consultarSolicitudProceso.xhtml HTTP/1.1" 200 35026
200.118.60.184 - - [23/Mar/2024:07:47:56 -0500] "GET /sipse/faces/javax.faces.resource/theme.css?ln=primefaces-sipse HTTP/1.1" 304 -
200.118.60.184 - - [23/Mar/2024:07:47:56 -0500] "GET /sipse/faces/javax.faces.resource/layout/layout.css?ln=primefaces&v=4.0 HTTP/1.1" 304 -
200.118.60.184 - - [23/Mar/2024:07:47:56 -0500] "GET /sipse/faces/javax.faces.resource/primefaces.css?ln=primefaces&v=4.0 HTTP/1.1" 304 -
200.118.60.184 - - [23/Mar/2024:07:47:56 -0500] "GET /sipse/faces/javax.faces.resource/jquery/jquery.js?ln=primefaces&v=4.0 HTTP/1.1" 304 -
200.118.60.184 - - [23/Mar/2024:07:47:56 -0500] "GET /sipse/faces/javax.faces.resource/primefaces.js?ln=primefaces&v=4.0 HTTP/1.1" 304 -
200.118.60.184 - - [23/Mar/2024:07:47:56 -0500] "GET /sipse/faces/javax.faces.resource/jquery/jquery-plugins.js?ln=primefaces&v=4.0 HTTP/1.1" 304 -
200.118.60.184 - - [23/Mar/2024:07:47:56 -0500] "GET /sipse/faces/javax.faces.resource/layout/layout.js?ln=primefaces&v=4.0 HTTP/1.1" 304 -
172.22.2.4 - - [23/Mar/2024:07:46:40 -0500] "HEAD /BLA/boletinlegal/ HTTP/1.1" 200 -
172.22.2.4 - - [23/Mar/2024:07:47:25 -0500] "GET /BLA/boletinlegal/ HTTP/1.1" 200 59967
191.156.241.239 - - [23/Mar/2024:07:49:19 -0500] "GET /sipse/faces/index.xhtml HTTP/1.1" 200 677
191.156.241.239 - - [23/Mar/2024:07:49:19 -0500] "GET /sipse/faces/javax.faces.resource/theme.css?ln=primefaces-sipse HTTP/1.1" 200 50058
191.156.241.239 - - [23/Mar/2024:07:49:19 -0500] "GET /favicon.ico HTTP/1.1" 200 7782
191.156.241.239 - - [23/Mar/2024:07:49:20 -0500] "GET /sipse/js/disable_browser_buttons.js HTTP/1.1" 200 3230
191.156.241.239 - - [23/Mar/2024:07:49:19 -0500] "GET /sipse/faces/faces/autenticacion.xhtml HTTP/1.1" 200 12411
191.156.249.117 - - [23/Mar/2024:07:49:20 -0500] "GET /sipse/css/custom_css_sg.css HTTP/1.1" 200 9694
191.156.241.239 - - [23/Mar/2024:07:49:20 -0500] "GET /sipse/css/custom_css_sg_prime_login.css HTTP/1.1" 200 443
191.156.241.239 - - [23/Mar/2024:07:49:20 -0500] "GET /sipse/faces/javax.faces.resource/layout/layout.css?ln=primefaces&v=4.0 HTTP/1.1" 200 542
191.156.241.239 - - [23/Mar/2024:07:49:20 -0500] "GET /sipse/faces/javax.faces.resource/theme.css?ln=primefaces-sipse HTTP/1.1" 304 -
191.156.241.239 - - [23/Mar/2024:07:49:20 -0500] "GET /sipse/js/funciones.js HTTP/1.1" 200 12592
191.156.241.239 - - [23/Mar/2024:07:49:20 -0500] "GET /sipse/faces/javax.faces.resource/jquery/jquery.js?ln=primefaces&v=4.0 HTTP/1.1" 200 105384
191.156.241.239 - - [23/Mar/2024:07:49:20 -0500] "GET /sipse/faces/javax.faces.resource/layout/layout.js?ln=primefaces&v=4.0 HTTP/1.1" 200 87560
191.156.249.117 - - [23/Mar/2024:07:49:20 -0500] "GET /sipse/faces/javax.faces.resource/primefaces.css?ln=primefaces&v=4.0 HTTP/1.1" 200 53295
191.156.241.239 - - [23/Mar/2024:07:49:20 -0500] "GET /sipse/faces/javax.faces.resource/jquery/jquery-plugins.js?ln=primefaces&v=4.0 HTTP/1.1" 200 220526
191.156.241.239 - - [23/Mar/2024:07:49:20 -0500] "GET /sipse/faces/javax.faces.resource/primefaces.js?ln=primefaces&v=4.0 HTTP/1.1" 200 276924
191.156.249.117 - - [23/Mar/2024:07:49:21 -0500] "GET /sipse/faces/javax.faces.resource/images/ui-icons_898989_256x240.png?ln=primefaces-aristo HTTP/1.1" 200 5355
191.156.241.239 - - [23/Mar/2024:07:49:21 -0500] "GET /sipse/css/imagen/loginimg.png HTTP/1.1" 200 71635
191.156.241.239 - - [23/Mar/2024:07:49:21 -0500] "GET /sipse/css/imagen/logoSDG.png HTTP/1.1" 200 53064
191.156.241.239 - - [23/Mar/2024:07:49:25 -0500] "POST /sipse/faces/autenticacion.xhtml HTTP/1.1" 200 11189
191.156.241.239 - - [23/Mar/2024:07:49:25 -0500] "GET /sipse/css/custom_css_sg_prime.css HTTP/1.1" 200 5201
191.156.241.239 - - [23/Mar/2024:07:49:25 -0500] "GET /sipse/faces/javax.faces.resource/theme.css?ln=primefaces-sipse HTTP/1.1" 304 -
191.156.241.239 - - [23/Mar/2024:07:49:25 -0500] "GET /sipse/faces/javax.faces.resource/layout/layout.css?ln=primefaces&v=4.0 HTTP/1.1" 304 -
191.156.249.117 - - [23/Mar/2024:07:49:25 -0500] "GET /sipse/faces/javax.faces.resource/primefaces.css?ln=primefaces&v=4.0 HTTP/1.1" 304 -
191.156.241.239 - - [23/Mar/2024:07:49:25 -0500] "GET /sipse/faces/javax.faces.resource/jquery/jquery.js?ln=primefaces&v=4.0 HTTP/1.1" 304 -
191.156.241.239 - - [23/Mar/2024:07:49:25 -0500] "GET /sipse/faces/javax.faces.resource/jquery/jquery-plugins.js?ln=primefaces&v=4.0 HTTP/1.1" 304 -
191.156.241.239 - - [23/Mar/2024:07:49:25 -0500] "GET /sipse/faces/javax.faces.resource/primefaces.js?ln=primefaces&v=4.0 HTTP/1.1" 304 -
191.156.241.239 - - [23/Mar/2024:07:49:25 -0500] "GET /sipse/faces/javax.faces.resource/layout/layout.js?ln=primefaces&v=4.0 HTTP/1.1" 304 -
191.156.241.239 - - [23/Mar/2024:07:49:25 -0500] "GET /sipse/faces/javax.faces.resource/messages/messages.png?ln=primefaces&v=4.0 HTTP/1.1" 200 27209
191.156.241.239 - - [23/Mar/2024:07:49:28 -0500] "POST /sipse/faces/presentacion/sistema/seguridad/seleccionRol.xhtml HTTP/1.1" 200 911
191.156.241.239 - - [23/Mar/2024:07:49:30 -0500] "GET /sipse/faces/faces/faces/autenticacion HTTP/1.1" 302 -
191.156.241.239 - - [23/Mar/2024:07:49:30 -0500] "GET /sipse/faces/autenticacion.xhtml HTTP/1.1" 200 12411
191.156.241.239 - - [23/Mar/2024:07:49:30 -0500] "GET /sipse/faces/javax.faces.resource/theme.css?ln=primefaces-sipse HTTP/1.1" 304 -
191.156.249.117 - - [23/Mar/2024:07:49:30 -0500] "GET /sipse/faces/javax.faces.resource/primefaces.css?ln=primefaces&v=4.0 HTTP/1.1" 304 -
