216.244.66.195 - - [23/Mar/2024:22:14:07 -0500] "GET /BLA/resoluciones/RESOLUCIONES%202019/3262.pdf HTTP/1.1" 200 337625
216.244.66.195 - - [23/Mar/2024:22:14:24 -0500] "GET /BLA/resoluciones/RESOLUCIONES%202019/3651.pdf HTTP/1.1" 200 297209
172.22.2.4 - - [23/Mar/2024:22:12:48 -0500] "HEAD /BLA/boletinlegal/ HTTP/1.1" 200 -
172.22.2.4 - - [23/Mar/2024:22:12:53 -0500] "HEAD /BLA/boletinlegal/ HTTP/1.1" 200 -
172.22.2.4 - - [23/Mar/2024:22:13:07 -0500] "HEAD /BLA/boletinlegal/ HTTP/1.1" 200 -
172.22.2.4 - - [23/Mar/2024:22:13:24 -0500] "GET /BLA/boletinlegal/ HTTP/1.1" 200 36995
172.22.2.4 - - [23/Mar/2024:22:13:29 -0500] "GET /BLA/boletinlegal/ HTTP/1.1" 200 31807
172.22.2.4 - - [23/Mar/2024:22:13:31 -0500] "HEAD /BLA/boletinlegal/ HTTP/1.1" 200 -
172.22.2.4 - - [23/Mar/2024:22:13:44 -0500] "GET /BLA/boletinlegal/ HTTP/1.1" 200 32754
172.22.2.4 - - [23/Mar/2024:22:14:07 -0500] "GET /BLA/boletinlegal/ HTTP/1.1" 200 35984
172.22.2.4 - - [23/Mar/2024:22:14:10 -0500] "GET /BLA/boletinlegal/ HTTP/1.1" 200 35477
201.245.192.253 - - [23/Mar/2024:22:16:12 -0500] "POST /kwsrmcab/Wsrmcab  HTTP/1.1" 200 39660
172.22.2.4 - - [23/Mar/2024:22:15:50 -0500] "HEAD /BLA/boletinlegal/ HTTP/1.1" 200 -
172.22.2.4 - - [23/Mar/2024:22:16:13 -0500] "HEAD /BLA/boletinlegal/ HTTP/1.1" 200 -
172.22.2.4 - - [23/Mar/2024:22:16:13 -0500] "GET /BLA/boletinlegal/ HTTP/1.1" 200 32271
172.22.2.4 - - [23/Mar/2024:22:16:14 -0500] "HEAD /BLA/boletinlegal/ HTTP/1.1" 200 -
52.15.147.27 - - [23/Mar/2024:22:17:59 -0500] "HEAD / HTTP/1.1" 200 -
172.22.2.4 - - [23/Mar/2024:22:16:40 -0500] "HEAD /BLA/boletinlegal/ HTTP/1.1" 200 -
172.22.2.4 - - [23/Mar/2024:22:16:41 -0500] "GET /BLA/boletinlegal/ HTTP/1.1" 200 35477
172.22.2.4 - - [23/Mar/2024:22:16:50 -0500] "GET /BLA/boletinlegal/ HTTP/1.1" 200 35477
201.245.192.253 - - [23/Mar/2024:22:18:46 -0500] "POST /kwsrmcab/Wsrmcab HTTP/1.1" 200 39807
201.245.192.253 - - [23/Mar/2024:22:18:47 -0500] "POST /kwsrmcab/Wsrmcab HTTP/1.1" 200 38312
172.22.2.4 - - [23/Mar/2024:22:17:15 -0500] "GET /BLA/boletinlegal/ HTTP/1.1" 200 43593
216.245.221.92 - - [23/Mar/2024:22:19:05 -0500] "HEAD / HTTP/1.1" 200 -
201.245.192.253 - - [23/Mar/2024:22:19:21 -0500] "POST /kwsrmcab/Wsrmcab HTTP/1.1" 200 39830
216.244.66.195 - - [23/Mar/2024:22:20:05 -0500] "GET /robots.txt HTTP/1.1" 404 1018
201.245.192.253 - - [23/Mar/2024:22:20:16 -0500] "POST /kwsrmcab/Wsrmcab HTTP/1.1" 200 38312
201.245.192.253 - - [23/Mar/2024:22:21:11 -0500] "POST /kwsrmcab/Wsrmcab  HTTP/1.1" 200 39660
172.22.2.4 - - [23/Mar/2024:22:21:40 -0500] "HEAD /BLA/boletinlegal/ HTTP/1.1" 200 -
216.245.221.92 - - [23/Mar/2024:22:24:05 -0500] "HEAD / HTTP/1.1" 200 -
172.22.2.4 - - [23/Mar/2024:22:22:31 -0500] "GET /BLA/boletinlegal/ HTTP/1.1" 200 58273
18.216.35.64 - - [23/Mar/2024:22:24:23 -0500] "GET /ai.txt?t=1711242275.202088 HTTP/1.1" 404 1018
18.216.35.64 - - [23/Mar/2024:22:24:24 -0500] "GET /.well-known/ai.txt?t=1711242275.202088 HTTP/1.1" 404 1018
69.171.249.1 - - [23/Mar/2024:22:24:38 -0500] "GET /festival-estereo-picnic-la-secretaria-de-ambiente-emite-recomendaciones-a-organizadores-y-asistentes-para-que-sea-un-evento-ambientalmente-responsable.html HTTP/1.1" 206 1053
69.171.249.1 - - [23/Mar/2024:22:24:38 -0500] "GET /festival-estereo-picnic-la-secretaria-de-ambiente-emite-recomendaciones-a-organizadores-y-asistentes-para-que-sea-un-evento-ambientalmente-responsable.html HTTP/1.1" 206 1053
69.171.249.120 - - [23/Mar/2024:22:24:38 -0500] "GET /images/FEP%20SDA%20(1)%20(1).jpeg HTTP/1.1" 200 53469
69.171.249.7 - - [23/Mar/2024:22:24:40 -0500] "GET /images/FEP%20SDA%20(1)%20(1).jpeg HTTP/1.1" 200 53469
69.171.249.120 - - [23/Mar/2024:22:24:40 -0500] "GET /festival-estereo-picnic-la-secretaria-de-ambiente-emite-recomendaciones-a-organizadores-y-asistentes-para-que-sea-un-evento-ambientalmente-responsable.html HTTP/1.1" 200 1053
173.252.107.120 - - [23/Mar/2024:22:24:40 -0500] "GET /images/FEP%20SDA%20(1)%20(1).jpeg HTTP/1.1" 200 53469
69.171.249.120 - - [23/Mar/2024:22:24:41 -0500] "GET /festival-estereo-picnic-la-secretaria-de-ambiente-emite-recomendaciones-a-organizadores-y-asistentes-para-que-sea-un-evento-ambientalmente-responsable.html HTTP/1.1" 200 1053
69.171.231.116 - - [23/Mar/2024:22:24:41 -0500] "GET /festival-estereo-picnic-la-secretaria-de-ambiente-emite-recomendaciones-a-organizadores-y-asistentes-para-que-sea-un-evento-ambientalmente-responsable.html HTTP/1.1" 200 1053
201.245.192.253 - - [23/Mar/2024:22:26:10 -0500] "POST /kwsrmcab/Wsrmcab  HTTP/1.1" 200 39660
31.13.127.119 - - [23/Mar/2024:22:26:11 -0500] "GET /images/FEP HTTP/1.1" 404 1034
173.252.111.6 - - [23/Mar/2024:22:26:11 -0500] "GET /festival-estereo-picnic-la-secretaria-de-ambiente-emite-recomendaciones-a-organizadores-y-asistentes-para-que-sea-un-evento-ambientalmente-responsable.html HTTP/1.1" 200 1053
69.171.249.5 - - [23/Mar/2024:22:26:12 -0500] "GET /images/FEP%20SDA%20(1)%20(1).jpeg HTTP/1.1" 200 53469
69.171.249.2 - - [23/Mar/2024:22:26:21 -0500] "GET /festival-estereo-picnic-la-secretaria-de-ambiente-emite-recomendaciones-a-organizadores-y-asistentes-para-que-sea-un-evento-ambientalmente-responsable.html HTTP/1.1" 200 1053
173.252.83.3 - - [23/Mar/2024:22:27:17 -0500] "GET /images/FEP%20SDA%20(1)%20(1).jpeg HTTP/1.1" 200 53469
47.128.50.110 - - [23/Mar/2024:22:27:42 -0500] "GET /BLA/resoluciones/AUTOS%202021/0245.php?act=f&d=E%3A%5Cnuevo%5Chtdocs%5Ccumbreclima%5Cwp-admin&f=options-general.php HTTP/1.1" 200 10287
47.128.50.110 - - [23/Mar/2024:22:27:43 -0500] "GET /BLA/resoluciones/AUTOS%202021/0245.php?act=img&img=ext_php HTTP/1.1" 200 79
47.128.50.110 - - [23/Mar/2024:22:27:43 -0500] "GET /BLA/resoluciones/AUTOS%202021/0245.php?act=img&img=ext_txt HTTP/1.1" 200 132
47.128.50.110 - - [23/Mar/2024:22:27:43 -0500] "GET /BLA/resoluciones/AUTOS%202021/0245.php?act=img&img=ext_gif HTTP/1.1" 200 175
47.128.50.110 - - [23/Mar/2024:22:27:43 -0500] "GET /BLA/resoluciones/AUTOS%202021/0245.php?act=img&img=ext_diz HTTP/1.1" 200 1027
47.128.50.110 - - [23/Mar/2024:22:27:43 -0500] "GET /BLA/resoluciones/AUTOS%202021/0245.php?act=img&img=ext_html HTTP/1.1" 200 230
47.128.50.110 - - [23/Mar/2024:22:27:43 -0500] "GET /BLA/resoluciones/AUTOS%202021/0245.php?act=img&img=ext_exe HTTP/1.1" 200 118
47.128.50.110 - - [23/Mar/2024:22:27:43 -0500] "GET /BLA/resoluciones/AUTOS%202021/0245.php?act=img&img=download HTTP/1.1" 200 161
47.128.50.110 - - [23/Mar/2024:22:27:43 -0500] "GET /BLA/resoluciones/AUTOS%202021/0245.php?act=img&img=ext_ini HTTP/1.1" 200 134
47.128.50.110 - - [23/Mar/2024:22:27:43 -0500] "GET /BLA/resoluciones/AUTOS%202021/0245.php?act=img&img=ext_rtf HTTP/1.1" 200 164
47.128.50.110 - - [23/Mar/2024:22:27:43 -0500] "GET /BLA/resoluciones/AUTOS%202021/0245.php?act=img&img=change HTTP/1.1" 200 290
47.128.112.62 - - [23/Mar/2024:22:28:05 -0500] "GET /BLA/resoluciones/AUTOS%202021/0245.php?act=eval&d=E%3A%5Cnuevo%5Chtdocs%5Cpdc%5C HTTP/1.1" 200 2722
186.85.234.113 - - [23/Mar/2024:22:28:07 -0500] "POST /sipse/faces/presentacion/financiero/solicitudProceso/listarSolicitudProceso.xhtml HTTP/1.1" 200 31655
186.85.234.113 - - [23/Mar/2024:22:28:10 -0500] "POST /sipse/faces/presentacion/financiero/solicitudProceso/listarSolicitudProceso.xhtml HTTP/1.1" 200 31695
186.85.234.113 - - [23/Mar/2024:22:28:21 -0500] "POST /sipse/faces/presentacion/financiero/solicitudProceso/listarSolicitudProceso.xhtml HTTP/1.1" 200 32411
186.85.234.113 - - [23/Mar/2024:22:28:27 -0500] "POST /sipse/faces/presentacion/financiero/solicitudProceso/listarSolicitudProceso.xhtml HTTP/1.1" 200 132219
186.85.234.113 - - [23/Mar/2024:22:28:28 -0500] "GET /sipse/faces/javax.faces.resource/theme.css?ln=primefaces-sipse HTTP/1.1" 304 -
186.85.234.113 - - [23/Mar/2024:22:28:28 -0500] "GET /sipse/faces/javax.faces.resource/primefaces.css?ln=primefaces&v=4.0 HTTP/1.1" 304 -
186.85.234.113 - - [23/Mar/2024:22:28:28 -0500] "GET /sipse/faces/javax.faces.resource/layout/layout.css?ln=primefaces&v=4.0 HTTP/1.1" 304 -
186.85.234.113 - - [23/Mar/2024:22:28:28 -0500] "GET /sipse/css/imagen/contrasena.png HTTP/1.1" 404 383
186.85.234.113 - - [23/Mar/2024:22:28:28 -0500] "GET /sipse/faces/javax.faces.resource/jquery/jquery.js?ln=primefaces&v=4.0 HTTP/1.1" 304 -
186.85.234.113 - - [23/Mar/2024:22:28:28 -0500] "GET /sipse/faces/javax.faces.resource/jquery/jquery-plugins.js?ln=primefaces&v=4.0 HTTP/1.1" 304 -
186.85.234.113 - - [23/Mar/2024:22:28:28 -0500] "GET /sipse/faces/javax.faces.resource/primefaces.js?ln=primefaces&v=4.0 HTTP/1.1" 304 -
186.85.234.113 - - [23/Mar/2024:22:28:28 -0500] "GET /sipse/faces/javax.faces.resource/layout/layout.js?ln=primefaces&v=4.0 HTTP/1.1" 304 -
47.128.36.153 - - [23/Mar/2024:22:28:29 -0500] "GET /BLA/resoluciones/AUTOS%202021/0245.php?act=chmod&d=E%3A%5Cnuevo%5Chtdocs%5Caccesibilidad&f=tips.html HTTP/1.1" 200 2861
186.85.234.113 - - [23/Mar/2024:22:28:38 -0500] "POST /sipse/faces/presentacion/financiero/solicitudProceso/consultarSolicitudProceso.xhtml HTTP/1.1" 200 41790
186.85.234.113 - - [23/Mar/2024:22:28:39 -0500] "GET /sipse/faces/javax.faces.resource/theme.css?ln=primefaces-sipse HTTP/1.1" 304 -
186.85.234.113 - - [23/Mar/2024:22:28:39 -0500] "GET /sipse/faces/javax.faces.resource/layout/layout.css?ln=primefaces&v=4.0 HTTP/1.1" 304 -
186.85.234.113 - - [23/Mar/2024:22:28:39 -0500] "GET /sipse/faces/javax.faces.resource/primefaces.css?ln=primefaces&v=4.0 HTTP/1.1" 304 -
186.85.234.113 - - [23/Mar/2024:22:28:39 -0500] "GET /sipse/faces/javax.faces.resource/jquery/jquery.js?ln=primefaces&v=4.0 HTTP/1.1" 304 -
186.85.234.113 - - [23/Mar/2024:22:28:39 -0500] "GET /sipse/faces/javax.faces.resource/jquery/jquery-plugins.js?ln=primefaces&v=4.0 HTTP/1.1" 304 -
186.85.234.113 - - [23/Mar/2024:22:28:39 -0500] "GET /sipse/faces/javax.faces.resource/primefaces.js?ln=primefaces&v=4.0 HTTP/1.1" 304 -
186.85.234.113 - - [23/Mar/2024:22:28:39 -0500] "GET /sipse/faces/javax.faces.resource/layout/layout.js?ln=primefaces&v=4.0 HTTP/1.1" 304 -
186.85.234.113 - - [23/Mar/2024:22:28:39 -0500] "GET /sipse/css/imagen/contrasena.png HTTP/1.1" 404 383
201.245.192.253 - - [23/Mar/2024:22:28:46 -0500] "POST /kwsrmcab/Wsrmcab HTTP/1.1" 200 39807
201.245.192.253 - - [23/Mar/2024:22:28:47 -0500] "POST /kwsrmcab/Wsrmcab HTTP/1.1" 200 38312
47.128.115.139 - - [23/Mar/2024:22:28:53 -0500] "GET /BLA/resoluciones/AUTOS%202021/0245.php?act=security&d=E%3A%5Cnuevo%5Chtdocs%5Cnoticias%5C HTTP/1.1" 200 2752
216.245.221.92 - - [23/Mar/2024:22:29:05 -0500] "HEAD / HTTP/1.1" 200 -
172.22.2.4 - - [23/Mar/2024:22:27:30 -0500] "HEAD /BLA/boletinlegal/ HTTP/1.1" 200 -
201.245.192.253 - - [23/Mar/2024:22:29:22 -0500] "POST /kwsrmcab/Wsrmcab HTTP/1.1" 200 39830
172.22.2.4 - - [23/Mar/2024:22:29:29 -0500] "GET /BLA/boletinlegal/jurisprudencia/analisis/AnalisisT-606-15.docx HTTP/1.1" 200 26698
172.22.2.4 - - [23/Mar/2024:22:29:30 -0500] "GET /BLA/boletinlegal/apple-touch-icon-120x120-precomposed.png HTTP/1.1" 404 1140
172.22.2.4 - - [23/Mar/2024:22:29:30 -0500] "GET /BLA/boletinlegal/apple-touch-icon-120x120.png HTTP/1.1" 404 1140
172.22.2.4 - - [23/Mar/2024:22:29:30 -0500] "GET /BLA/boletinlegal/apple-touch-icon-precomposed.png HTTP/1.1" 404 1140
172.22.2.4 - - [23/Mar/2024:22:29:30 -0500] "GET /BLA/boletinlegal/apple-touch-icon.png HTTP/1.1" 404 1140
172.22.2.4 - - [23/Mar/2024:22:29:30 -0500] "GET /BLA/boletinlegal/favicon.ico HTTP/1.1" 404 1140
172.22.2.4 - - [23/Mar/2024:22:29:31 -0500] "GET /BLA/boletinlegal/apple-touch-icon-120x120-precomposed.png HTTP/1.1" 404 1140
172.22.2.4 - - [23/Mar/2024:22:29:31 -0500] "GET /BLA/boletinlegal/apple-touch-icon-120x120.png HTTP/1.1" 404 1140
172.22.2.4 - - [23/Mar/2024:22:29:31 -0500] "GET /BLA/boletinlegal/apple-touch-icon-precomposed.png HTTP/1.1" 404 1140
172.22.2.4 - - [23/Mar/2024:22:29:31 -0500] "GET /BLA/boletinlegal/apple-touch-icon.png HTTP/1.1" 404 1140
172.22.2.4 - - [23/Mar/2024:22:29:31 -0500] "GET /BLA/boletinlegal/favicon.ico HTTP/1.1" 404 1140
172.22.2.4 - - [23/Mar/2024:22:28:21 -0500] "GET /BLA/boletinlegal/ HTTP/1.1" 200 60380
186.85.234.113 - - [23/Mar/2024:22:30:04 -0500] "POST /sipse/faces/presentacion/financiero/estudioPrevio/personalSolicitado/expedirExperienciaIdoneidad.xhtml HTTP/1.1" 200 5681
186.85.234.113 - - [23/Mar/2024:22:30:04 -0500] "POST /sipse/faces/presentacion/financiero/estudioPrevio/personalSolicitado/expedirExperienciaIdoneidad.xhtml HTTP/1.1" 200 34469
186.85.234.113 - - [23/Mar/2024:22:30:04 -0500] "GET /sipse/faces/javax.faces.resource/theme.css?ln=primefaces-sipse HTTP/1.1" 304 -
186.85.234.113 - - [23/Mar/2024:22:30:04 -0500] "GET /sipse/faces/javax.faces.resource/primefaces.css?ln=primefaces&v=4.0 HTTP/1.1" 304 -
186.85.234.113 - - [23/Mar/2024:22:30:04 -0500] "GET /sipse/faces/javax.faces.resource/layout/layout.css?ln=primefaces&v=4.0 HTTP/1.1" 304 -
186.85.234.113 - - [23/Mar/2024:22:30:04 -0500] "GET /sipse/faces/javax.faces.resource/jquery/jquery-plugins.js?ln=primefaces&v=4.0 HTTP/1.1" 304 -
186.85.234.113 - - [23/Mar/2024:22:30:04 -0500] "GET /sipse/faces/javax.faces.resource/jquery/jquery.js?ln=primefaces&v=4.0 HTTP/1.1" 304 -
186.85.234.113 - - [23/Mar/2024:22:30:04 -0500] "GET /sipse/faces/javax.faces.resource/primefaces.js?ln=primefaces&v=4.0 HTTP/1.1" 304 -
186.85.234.113 - - [23/Mar/2024:22:30:04 -0500] "GET /sipse/faces/javax.faces.resource/layout/layout.js?ln=primefaces&v=4.0 HTTP/1.1" 304 -
186.85.234.113 - - [23/Mar/2024:22:30:05 -0500] "GET /sipse/imagenes/cargando.gif HTTP/1.1" 200 36959
186.85.234.113 - - [23/Mar/2024:22:30:05 -0500] "GET /sipse/css/imagen/contrasena.png HTTP/1.1" 404 383
186.85.234.113 - - [23/Mar/2024:22:30:05 -0500] "GET /sipse/faces/javax.faces.resource/images/ui-icons_898989_256x240.png?ln=primefaces-aristo HTTP/1.1" 304 -
186.85.234.113 - - [23/Mar/2024:22:30:08 -0500] "GET /sipse/faces/javax.faces.resource/images/ui-bg_flat_0_2d5972_40x100.png?ln=primefaces-aristo HTTP/1.1" 304 -
186.85.234.113 - - [23/Mar/2024:22:30:08 -0500] "POST /sipse/faces/presentacion/contratacion/procesoContractual/registrarInvitacionContratista.xhtml HTTP/1.1" 200 9697
186.85.234.113 - - [23/Mar/2024:22:30:14 -0500] "POST /sipse/faces/presentacion/contratacion/procesoContractual/registrarInvitacionContratista.xhtml HTTP/1.1" 200 9272
201.245.192.253 - - [23/Mar/2024:22:30:17 -0500] "POST /kwsrmcab/Wsrmcab HTTP/1.1" 200 38312
186.85.234.113 - - [23/Mar/2024:22:30:34 -0500] "POST /sipse/faces/presentacion/contratacion/procesoContractual/registrarInvitacionContratista.xhtml HTTP/1.1" 200 42875
186.85.234.113 - - [23/Mar/2024:22:30:34 -0500] "GET /sipse/faces/javax.faces.resource/theme.css?ln=primefaces-sipse HTTP/1.1" 304 -
186.85.234.113 - - [23/Mar/2024:22:30:34 -0500] "GET /sipse/faces/javax.faces.resource/primefaces.css?ln=primefaces&v=4.0 HTTP/1.1" 304 -
186.85.234.113 - - [23/Mar/2024:22:30:34 -0500] "GET /sipse/faces/javax.faces.resource/layout/layout.css?ln=primefaces&v=4.0 HTTP/1.1" 304 -
186.85.234.113 - - [23/Mar/2024:22:30:34 -0500] "GET /sipse/faces/javax.faces.resource/jquery/jquery.js?ln=primefaces&v=4.0 HTTP/1.1" 304 -
186.85.234.113 - - [23/Mar/2024:22:30:34 -0500] "GET /sipse/faces/javax.faces.resource/jquery/jquery-plugins.js?ln=primefaces&v=4.0 HTTP/1.1" 304 -
186.85.234.113 - - [23/Mar/2024:22:30:34 -0500] "GET /sipse/faces/javax.faces.resource/primefaces.js?ln=primefaces&v=4.0 HTTP/1.1" 304 -
186.85.234.113 - - [23/Mar/2024:22:30:34 -0500] "GET /sipse/faces/javax.faces.resource/layout/layout.js?ln=primefaces&v=4.0 HTTP/1.1" 304 -
186.85.234.113 - - [23/Mar/2024:22:30:43 -0500] "POST /sipse/faces/presentacion/financiero/estudioPrevio/personalSolicitado/expedirExperienciaIdoneidad.xhtml HTTP/1.1" 200 44720
186.85.234.113 - - [23/Mar/2024:22:30:43 -0500] "GET /sipse/faces/javax.faces.resource/theme.css?ln=primefaces-sipse HTTP/1.1" 304 -
186.85.234.113 - - [23/Mar/2024:22:30:43 -0500] "GET /sipse/faces/javax.faces.resource/primefaces.css?ln=primefaces&v=4.0 HTTP/1.1" 304 -
186.85.234.113 - - [23/Mar/2024:22:30:43 -0500] "GET /sipse/faces/javax.faces.resource/jquery/jquery.js?ln=primefaces&v=4.0 HTTP/1.1" 304 -
186.85.234.113 - - [23/Mar/2024:22:30:43 -0500] "GET /sipse/faces/javax.faces.resource/layout/layout.css?ln=primefaces&v=4.0 HTTP/1.1" 304 -
186.85.234.113 - - [23/Mar/2024:22:30:43 -0500] "GET /sipse/faces/javax.faces.resource/jquery/jquery-plugins.js?ln=primefaces&v=4.0 HTTP/1.1" 304 -
186.85.234.113 - - [23/Mar/2024:22:30:43 -0500] "GET /sipse/faces/javax.faces.resource/primefaces.js?ln=primefaces&v=4.0 HTTP/1.1" 304 -
186.85.234.113 - - [23/Mar/2024:22:30:43 -0500] "GET /sipse/faces/javax.faces.resource/layout/layout.js?ln=primefaces&v=4.0 HTTP/1.1" 304 -
186.85.234.113 - - [23/Mar/2024:22:30:50 -0500] "POST /sipse/faces/presentacion/contratacion/contrato/adicionarSupervisor.xhtml HTTP/1.1" 200 16829
186.85.234.113 - - [23/Mar/2024:22:30:57 -0500] "GET /sipse/faces/javax.faces.resource/images/ui-icons_898989_256x240.png?ln=primefaces-aristo HTTP/1.1" 304 -
186.85.234.113 - - [23/Mar/2024:22:30:57 -0500] "GET /sipse/faces/javax.faces.resource/theme.css?ln=primefaces-sipse HTTP/1.1" 304 -
186.85.234.113 - - [23/Mar/2024:22:30:57 -0500] "POST /sipse/faces/presentacion/contratacion/contrato/adicionarSupervisor.xhtml HTTP/1.1" 200 47015
186.85.234.113 - - [23/Mar/2024:22:30:57 -0500] "GET /sipse/faces/javax.faces.resource/primefaces.css?ln=primefaces&v=4.0 HTTP/1.1" 304 -
186.85.234.113 - - [23/Mar/2024:22:30:57 -0500] "GET /sipse/faces/javax.faces.resource/layout/layout.css?ln=primefaces&v=4.0 HTTP/1.1" 304 -
186.85.234.113 - - [23/Mar/2024:22:30:57 -0500] "GET /sipse/faces/javax.faces.resource/jquery/jquery-plugins.js?ln=primefaces&v=4.0 HTTP/1.1" 304 -
186.85.234.113 - - [23/Mar/2024:22:30:57 -0500] "GET /sipse/faces/javax.faces.resource/jquery/jquery.js?ln=primefaces&v=4.0 HTTP/1.1" 304 -
186.85.234.113 - - [23/Mar/2024:22:30:57 -0500] "GET /sipse/faces/javax.faces.resource/primefaces.js?ln=primefaces&v=4.0 HTTP/1.1" 304 -
186.85.234.113 - - [23/Mar/2024:22:30:57 -0500] "GET /sipse/faces/javax.faces.resource/layout/layout.js?ln=primefaces&v=4.0 HTTP/1.1" 304 -
186.85.234.113 - - [23/Mar/2024:22:31:05 -0500] "POST /sipse/faces/presentacion/financiero/estudioPrevio/personalSolicitado/expedirExperienciaIdoneidad.xhtml HTTP/1.1" 200 25012
186.85.234.113 - - [23/Mar/2024:22:31:05 -0500] "GET /sipse/faces/javax.faces.resource/theme.css?ln=primefaces-sipse HTTP/1.1" 304 -
186.85.234.113 - - [23/Mar/2024:22:31:05 -0500] "GET /sipse/faces/javax.faces.resource/primefaces.css?ln=primefaces&v=4.0 HTTP/1.1" 304 -
186.85.234.113 - - [23/Mar/2024:22:31:05 -0500] "GET /sipse/faces/javax.faces.resource/layout/layout.css?ln=primefaces&v=4.0 HTTP/1.1" 304 -
186.85.234.113 - - [23/Mar/2024:22:31:05 -0500] "GET /sipse/faces/javax.faces.resource/jquery/jquery.js?ln=primefaces&v=4.0 HTTP/1.1" 304 -
186.85.234.113 - - [23/Mar/2024:22:31:05 -0500] "GET /sipse/faces/javax.faces.resource/jquery/jquery-plugins.js?ln=primefaces&v=4.0 HTTP/1.1" 304 -
186.85.234.113 - - [23/Mar/2024:22:31:05 -0500] "GET /sipse/faces/javax.faces.resource/primefaces.js?ln=primefaces&v=4.0 HTTP/1.1" 304 -
186.85.234.113 - - [23/Mar/2024:22:31:05 -0500] "GET /sipse/faces/javax.faces.resource/layout/layout.js?ln=primefaces&v=4.0 HTTP/1.1" 304 -
201.245.192.253 - - [23/Mar/2024:22:31:09 -0500] "POST /kwsrmcab/Wsrmcab  HTTP/1.1" 200 39660
186.85.234.113 - - [23/Mar/2024:22:31:47 -0500] "GET /sipse/faces/javax.faces.resource/images/ui-icons_898989_256x240.png?ln=primefaces-aristo HTTP/1.1" 304 -
186.85.234.113 - - [23/Mar/2024:22:31:58 -0500] "GET /sipse/faces/javax.faces.resource/theme.css?ln=primefaces-sipse HTTP/1.1" 304 -
186.85.234.113 - - [23/Mar/2024:22:31:58 -0500] "GET /sipse/faces/javax.faces.resource/primefaces.css?ln=primefaces&v=4.0 HTTP/1.1" 304 -
186.85.234.113 - - [23/Mar/2024:22:31:58 -0500] "GET /sipse/faces/javax.faces.resource/layout/layout.css?ln=primefaces&v=4.0 HTTP/1.1" 304 -
186.85.234.113 - - [23/Mar/2024:22:31:58 -0500] "GET /sipse/faces/javax.faces.resource/jquery/jquery.js?ln=primefaces&v=4.0 HTTP/1.1" 304 -
186.85.234.113 - - [23/Mar/2024:22:31:58 -0500] "GET /sipse/faces/javax.faces.resource/jquery/jquery-plugins.js?ln=primefaces&v=4.0 HTTP/1.1" 304 -
186.85.234.113 - - [23/Mar/2024:22:31:57 -0500] "POST /sipse/faces/presentacion/financiero/estudioPrevio/personalSolicitado/asociarExperienciaContratista.xhtml HTTP/1.1" 200 49390
186.85.234.113 - - [23/Mar/2024:22:31:58 -0500] "GET /sipse/faces/javax.faces.resource/primefaces.js?ln=primefaces&v=4.0 HTTP/1.1" 304 -
186.85.234.113 - - [23/Mar/2024:22:31:58 -0500] "GET /sipse/faces/javax.faces.resource/layout/layout.js?ln=primefaces&v=4.0 HTTP/1.1" 304 -
186.85.234.113 - - [23/Mar/2024:22:32:06 -0500] "POST /sipse/faces/presentacion/financiero/estudioPrevio/personalSolicitado/expedirExperienciaIdoneidad.xhtml HTTP/1.1" 200 25012
186.85.234.113 - - [23/Mar/2024:22:32:06 -0500] "GET /sipse/faces/javax.faces.resource/theme.css?ln=primefaces-sipse HTTP/1.1" 304 -
186.85.234.113 - - [23/Mar/2024:22:32:06 -0500] "GET /sipse/faces/javax.faces.resource/primefaces.css?ln=primefaces&v=4.0 HTTP/1.1" 304 -
186.85.234.113 - - [23/Mar/2024:22:32:06 -0500] "GET /sipse/faces/javax.faces.resource/layout/layout.css?ln=primefaces&v=4.0 HTTP/1.1" 304 -
186.85.234.113 - - [23/Mar/2024:22:32:06 -0500] "GET /sipse/faces/javax.faces.resource/jquery/jquery.js?ln=primefaces&v=4.0 HTTP/1.1" 304 -
186.85.234.113 - - [23/Mar/2024:22:32:06 -0500] "GET /sipse/faces/javax.faces.resource/jquery/jquery-plugins.js?ln=primefaces&v=4.0 HTTP/1.1" 304 -
186.85.234.113 - - [23/Mar/2024:22:32:06 -0500] "GET /sipse/faces/javax.faces.resource/primefaces.js?ln=primefaces&v=4.0 HTTP/1.1" 304 -
186.85.234.113 - - [23/Mar/2024:22:32:06 -0500] "GET /sipse/faces/javax.faces.resource/layout/layout.js?ln=primefaces&v=4.0 HTTP/1.1" 304 -
186.85.234.113 - - [23/Mar/2024:22:33:09 -0500] "POST /sipse/faces/presentacion/financiero/estudioPrevio/personalSolicitado/asociarExperienciaContratista.xhtml HTTP/1.1" 200 51897
186.85.234.113 - - [23/Mar/2024:22:33:09 -0500] "GET /sipse/faces/javax.faces.resource/theme.css?ln=primefaces-sipse HTTP/1.1" 304 -
186.85.234.113 - - [23/Mar/2024:22:33:09 -0500] "GET /sipse/faces/javax.faces.resource/primefaces.css?ln=primefaces&v=4.0 HTTP/1.1" 304 -
186.85.234.113 - - [23/Mar/2024:22:33:09 -0500] "GET /sipse/faces/javax.faces.resource/jquery/jquery-plugins.js?ln=primefaces&v=4.0 HTTP/1.1" 304 -
186.85.234.113 - - [23/Mar/2024:22:33:09 -0500] "GET /sipse/faces/javax.faces.resource/jquery/jquery.js?ln=primefaces&v=4.0 HTTP/1.1" 304 -
186.85.234.113 - - [23/Mar/2024:22:33:09 -0500] "GET /sipse/faces/javax.faces.resource/layout/layout.css?ln=primefaces&v=4.0 HTTP/1.1" 304 -
186.85.234.113 - - [23/Mar/2024:22:33:09 -0500] "GET /sipse/faces/javax.faces.resource/primefaces.js?ln=primefaces&v=4.0 HTTP/1.1" 304 -
186.85.234.113 - - [23/Mar/2024:22:33:09 -0500] "GET /sipse/faces/javax.faces.resource/layout/layout.js?ln=primefaces&v=4.0 HTTP/1.1" 304 -
186.85.234.113 - - [23/Mar/2024:22:33:25 -0500] "POST /sipse/faces/presentacion/financiero/estudioPrevio/personalSolicitado/expedirExperienciaIdoneidad.xhtml HTTP/1.1" 200 25012
186.85.234.113 - - [23/Mar/2024:22:33:25 -0500] "GET /sipse/faces/javax.faces.resource/theme.css?ln=primefaces-sipse HTTP/1.1" 304 -
186.85.234.113 - - [23/Mar/2024:22:33:25 -0500] "GET /sipse/faces/javax.faces.resource/primefaces.css?ln=primefaces&v=4.0 HTTP/1.1" 304 -
186.85.234.113 - - [23/Mar/2024:22:33:25 -0500] "GET /sipse/faces/javax.faces.resource/layout/layout.css?ln=primefaces&v=4.0 HTTP/1.1" 304 -
186.85.234.113 - - [23/Mar/2024:22:33:25 -0500] "GET /sipse/faces/javax.faces.resource/jquery/jquery.js?ln=primefaces&v=4.0 HTTP/1.1" 304 -
186.85.234.113 - - [23/Mar/2024:22:33:25 -0500] "GET /sipse/faces/javax.faces.resource/jquery/jquery-plugins.js?ln=primefaces&v=4.0 HTTP/1.1" 304 -
186.85.234.113 - - [23/Mar/2024:22:33:25 -0500] "GET /sipse/faces/javax.faces.resource/primefaces.js?ln=primefaces&v=4.0 HTTP/1.1" 304 -
186.85.234.113 - - [23/Mar/2024:22:33:25 -0500] "GET /sipse/faces/javax.faces.resource/layout/layout.js?ln=primefaces&v=4.0 HTTP/1.1" 304 -
162.55.41.96 - - [23/Mar/2024:22:33:50 -0500] "GET / HTTP/1.1" 200 4720
172.22.2.4 - - [23/Mar/2024:22:32:12 -0500] "GET /BLA/boletinlegal/ HTTP/1.1" 200 61093
216.245.221.92 - - [23/Mar/2024:22:34:05 -0500] "HEAD / HTTP/1.1" 200 -
186.85.234.113 - - [23/Mar/2024:22:34:09 -0500] "GET /sipse/faces/javax.faces.resource/theme.css?ln=primefaces-sipse HTTP/1.1" 304 -
186.85.234.113 - - [23/Mar/2024:22:34:09 -0500] "GET /sipse/faces/javax.faces.resource/primefaces.css?ln=primefaces&v=4.0 HTTP/1.1" 304 -
186.85.234.113 - - [23/Mar/2024:22:34:09 -0500] "GET /sipse/faces/javax.faces.resource/layout/layout.css?ln=primefaces&v=4.0 HTTP/1.1" 304 -
186.85.234.113 - - [23/Mar/2024:22:34:09 -0500] "GET /sipse/faces/javax.faces.resource/jquery/jquery.js?ln=primefaces&v=4.0 HTTP/1.1" 304 -
186.85.234.113 - - [23/Mar/2024:22:34:09 -0500] "GET /sipse/faces/javax.faces.resource/primefaces.js?ln=primefaces&v=4.0 HTTP/1.1" 304 -
186.85.234.113 - - [23/Mar/2024:22:34:09 -0500] "GET /sipse/faces/javax.faces.resource/layout/layout.js?ln=primefaces&v=4.0 HTTP/1.1" 304 -
186.85.234.113 - - [23/Mar/2024:22:34:09 -0500] "GET /sipse/faces/javax.faces.resource/jquery/jquery-plugins.js?ln=primefaces&v=4.0 HTTP/1.1" 304 -
186.85.234.113 - - [23/Mar/2024:22:34:09 -0500] "POST /sipse/faces/presentacion/financiero/estudioPrevio/personalSolicitado/asociarExperienciaContratista.xhtml HTTP/1.1" 200 54400
186.85.234.113 - - [23/Mar/2024:22:34:18 -0500] "POST /sipse/faces/presentacion/financiero/estudioPrevio/personalSolicitado/expedirExperienciaIdoneidad.xhtml HTTP/1.1" 200 25012
186.85.234.113 - - [23/Mar/2024:22:34:18 -0500] "GET /sipse/faces/javax.faces.resource/theme.css?ln=primefaces-sipse HTTP/1.1" 304 -
186.85.234.113 - - [23/Mar/2024:22:34:19 -0500] "GET /sipse/faces/javax.faces.resource/primefaces.css?ln=primefaces&v=4.0 HTTP/1.1" 304 -
186.85.234.113 - - [23/Mar/2024:22:34:19 -0500] "GET /sipse/faces/javax.faces.resource/layout/layout.css?ln=primefaces&v=4.0 HTTP/1.1" 304 -
186.85.234.113 - - [23/Mar/2024:22:34:19 -0500] "GET /sipse/faces/javax.faces.resource/jquery/jquery.js?ln=primefaces&v=4.0 HTTP/1.1" 304 -
186.85.234.113 - - [23/Mar/2024:22:34:19 -0500] "GET /sipse/faces/javax.faces.resource/jquery/jquery-plugins.js?ln=primefaces&v=4.0 HTTP/1.1" 304 -
186.85.234.113 - - [23/Mar/2024:22:34:19 -0500] "GET /sipse/faces/javax.faces.resource/primefaces.js?ln=primefaces&v=4.0 HTTP/1.1" 304 -
186.85.234.113 - - [23/Mar/2024:22:34:19 -0500] "GET /sipse/faces/javax.faces.resource/layout/layout.js?ln=primefaces&v=4.0 HTTP/1.1" 304 -
172.22.2.4 - - [23/Mar/2024:22:33:20 -0500] "HEAD /BLA/boletinlegal/ HTTP/1.1" 200 -
172.22.2.4 - - [23/Mar/2024:22:34:11 -0500] "GET /BLA/boletinlegal/ HTTP/1.1" 200 58720
201.245.192.253 - - [23/Mar/2024:22:36:08 -0500] "POST /kwsrmcab/Wsrmcab  HTTP/1.1" 200 39660
172.22.2.4 - - [23/Mar/2024:22:36:12 -0500] "GET /BLA/boletinlegal/Circulares/2019/.pdf HTTP/1.1" 404 1218
186.85.234.113 - - [23/Mar/2024:22:36:51 -0500] "GET /sipse/faces/javax.faces.resource/theme.css?ln=primefaces-sipse HTTP/1.1" 304 -
186.85.234.113 - - [23/Mar/2024:22:36:51 -0500] "POST /sipse/faces/presentacion/financiero/estudioPrevio/personalSolicitado/asociarExperienciaContratista.xhtml HTTP/1.1" 200 56927
186.85.234.113 - - [23/Mar/2024:22:36:51 -0500] "GET /sipse/faces/javax.faces.resource/primefaces.css?ln=primefaces&v=4.0 HTTP/1.1" 304 -
186.85.234.113 - - [23/Mar/2024:22:36:51 -0500] "GET /sipse/faces/javax.faces.resource/layout/layout.css?ln=primefaces&v=4.0 HTTP/1.1" 304 -
186.85.234.113 - - [23/Mar/2024:22:36:51 -0500] "GET /sipse/faces/javax.faces.resource/jquery/jquery.js?ln=primefaces&v=4.0 HTTP/1.1" 304 -
186.85.234.113 - - [23/Mar/2024:22:36:51 -0500] "GET /sipse/faces/javax.faces.resource/jquery/jquery-plugins.js?ln=primefaces&v=4.0 HTTP/1.1" 304 -
186.85.234.113 - - [23/Mar/2024:22:36:51 -0500] "GET /sipse/faces/javax.faces.resource/primefaces.js?ln=primefaces&v=4.0 HTTP/1.1" 304 -
186.85.234.113 - - [23/Mar/2024:22:36:51 -0500] "GET /sipse/faces/javax.faces.resource/layout/layout.js?ln=primefaces&v=4.0 HTTP/1.1" 304 -
172.22.2.4 - - [23/Mar/2024:22:36:52 -0500] "GET /BLA/boletinlegal/Circulares/2021/CIRCULAR%20No.%2000006%20DEL%2005%20DE%20AGOSTO%20DEL%202021.pdf HTTP/1.1" 200 249615
186.85.234.113 - - [23/Mar/2024:22:37:29 -0500] "POST /sipse/faces/presentacion/financiero/estudioPrevio/personalSolicitado/expedirExperienciaIdoneidad.xhtml HTTP/1.1" 200 25012
186.85.234.113 - - [23/Mar/2024:22:37:29 -0500] "GET /sipse/faces/javax.faces.resource/theme.css?ln=primefaces-sipse HTTP/1.1" 304 -
186.85.234.113 - - [23/Mar/2024:22:37:29 -0500] "GET /sipse/faces/javax.faces.resource/layout/layout.css?ln=primefaces&v=4.0 HTTP/1.1" 304 -
186.85.234.113 - - [23/Mar/2024:22:37:29 -0500] "GET /sipse/faces/javax.faces.resource/primefaces.css?ln=primefaces&v=4.0 HTTP/1.1" 304 -
186.85.234.113 - - [23/Mar/2024:22:37:29 -0500] "GET /sipse/faces/javax.faces.resource/jquery/jquery.js?ln=primefaces&v=4.0 HTTP/1.1" 304 -
186.85.234.113 - - [23/Mar/2024:22:37:29 -0500] "GET /sipse/faces/javax.faces.resource/jquery/jquery-plugins.js?ln=primefaces&v=4.0 HTTP/1.1" 304 -
186.85.234.113 - - [23/Mar/2024:22:37:29 -0500] "GET /sipse/faces/javax.faces.resource/primefaces.js?ln=primefaces&v=4.0 HTTP/1.1" 304 -
186.85.234.113 - - [23/Mar/2024:22:37:29 -0500] "GET /sipse/faces/javax.faces.resource/layout/layout.js?ln=primefaces&v=4.0 HTTP/1.1" 304 -
172.22.2.4 - - [23/Mar/2024:22:36:38 -0500] "GET /BLA/boletinlegal/ HTTP/1.1" 200 40907
201.245.192.253 - - [23/Mar/2024:22:38:46 -0500] "POST /kwsrmcab/Wsrmcab HTTP/1.1" 200 39807
186.85.234.113 - - [23/Mar/2024:22:38:48 -0500] "GET /sipse/faces/javax.faces.resource/theme.css?ln=primefaces-sipse HTTP/1.1" 304 -
186.85.234.113 - - [23/Mar/2024:22:38:47 -0500] "POST /sipse/faces/presentacion/financiero/estudioPrevio/personalSolicitado/asociarExperienciaContratista.xhtml HTTP/1.1" 200 59454
186.85.234.113 - - [23/Mar/2024:22:38:48 -0500] "GET /sipse/faces/javax.faces.resource/primefaces.css?ln=primefaces&v=4.0 HTTP/1.1" 304 -
186.85.234.113 - - [23/Mar/2024:22:38:48 -0500] "GET /sipse/faces/javax.faces.resource/jquery/jquery-plugins.js?ln=primefaces&v=4.0 HTTP/1.1" 304 -
186.85.234.113 - - [23/Mar/2024:22:38:48 -0500] "GET /sipse/faces/javax.faces.resource/jquery/jquery.js?ln=primefaces&v=4.0 HTTP/1.1" 304 -
186.85.234.113 - - [23/Mar/2024:22:38:48 -0500] "GET /sipse/faces/javax.faces.resource/layout/layout.css?ln=primefaces&v=4.0 HTTP/1.1" 304 -
186.85.234.113 - - [23/Mar/2024:22:38:48 -0500] "GET /sipse/faces/javax.faces.resource/primefaces.js?ln=primefaces&v=4.0 HTTP/1.1" 304 -
186.85.234.113 - - [23/Mar/2024:22:38:48 -0500] "GET /sipse/faces/javax.faces.resource/layout/layout.js?ln=primefaces&v=4.0 HTTP/1.1" 304 -
201.245.192.253 - - [23/Mar/2024:22:38:47 -0500] "POST /kwsrmcab/Wsrmcab HTTP/1.1" 200 38312
186.85.234.113 - - [23/Mar/2024:22:38:56 -0500] "POST /sipse/faces/presentacion/financiero/estudioPrevio/personalSolicitado/expedirExperienciaIdoneidad.xhtml HTTP/1.1" 200 25012
186.85.234.113 - - [23/Mar/2024:22:38:56 -0500] "GET /sipse/faces/javax.faces.resource/primefaces.css?ln=primefaces&v=4.0 HTTP/1.1" 304 -
186.85.234.113 - - [23/Mar/2024:22:38:56 -0500] "GET /sipse/faces/javax.faces.resource/theme.css?ln=primefaces-sipse HTTP/1.1" 304 -
186.85.234.113 - - [23/Mar/2024:22:38:56 -0500] "GET /sipse/faces/javax.faces.resource/layout/layout.css?ln=primefaces&v=4.0 HTTP/1.1" 304 -
186.85.234.113 - - [23/Mar/2024:22:38:56 -0500] "GET /sipse/faces/javax.faces.resource/jquery/jquery.js?ln=primefaces&v=4.0 HTTP/1.1" 304 -
186.85.234.113 - - [23/Mar/2024:22:38:56 -0500] "GET /sipse/faces/javax.faces.resource/jquery/jquery-plugins.js?ln=primefaces&v=4.0 HTTP/1.1" 304 -
186.85.234.113 - - [23/Mar/2024:22:38:56 -0500] "GET /sipse/faces/javax.faces.resource/primefaces.js?ln=primefaces&v=4.0 HTTP/1.1" 304 -
186.85.234.113 - - [23/Mar/2024:22:38:56 -0500] "GET /sipse/faces/javax.faces.resource/layout/layout.js?ln=primefaces&v=4.0 HTTP/1.1" 304 -
216.245.221.92 - - [23/Mar/2024:22:39:05 -0500] "HEAD / HTTP/1.1" 200 -
201.245.192.253 - - [23/Mar/2024:22:39:22 -0500] "POST /kwsrmcab/Wsrmcab HTTP/1.1" 200 39830
201.245.192.253 - - [23/Mar/2024:22:40:12 -0500] "POST /kwsrmcab/Wsrmcab HTTP/1.1" 200 38312
172.22.2.4 - - [23/Mar/2024:22:39:10 -0500] "HEAD /BLA/boletinlegal/ HTTP/1.1" 200 -
201.245.192.253 - - [23/Mar/2024:22:41:07 -0500] "POST /kwsrmcab/Wsrmcab  HTTP/1.1" 200 39660
172.22.2.4 - - [23/Mar/2024:22:40:01 -0500] "GET /BLA/boletinlegal/ HTTP/1.1" 200 53818
186.85.234.113 - - [23/Mar/2024:22:41:44 -0500] "POST /sipse/faces/presentacion/financiero/estudioPrevio/personalSolicitado/asociarExperienciaContratista.xhtml HTTP/1.1" 200 61949
186.85.234.113 - - [23/Mar/2024:22:41:44 -0500] "GET /sipse/faces/javax.faces.resource/theme.css?ln=primefaces-sipse HTTP/1.1" 304 -
186.85.234.113 - - [23/Mar/2024:22:41:44 -0500] "GET /sipse/faces/javax.faces.resource/primefaces.css?ln=primefaces&v=4.0 HTTP/1.1" 304 -
186.85.234.113 - - [23/Mar/2024:22:41:44 -0500] "GET /sipse/faces/javax.faces.resource/jquery/jquery.js?ln=primefaces&v=4.0 HTTP/1.1" 304 -
186.85.234.113 - - [23/Mar/2024:22:41:44 -0500] "GET /sipse/faces/javax.faces.resource/layout/layout.css?ln=primefaces&v=4.0 HTTP/1.1" 304 -
186.85.234.113 - - [23/Mar/2024:22:41:44 -0500] "GET /sipse/faces/javax.faces.resource/layout/layout.js?ln=primefaces&v=4.0 HTTP/1.1" 304 -
186.85.234.113 - - [23/Mar/2024:22:41:44 -0500] "GET /sipse/faces/javax.faces.resource/primefaces.js?ln=primefaces&v=4.0 HTTP/1.1" 304 -
186.85.234.113 - - [23/Mar/2024:22:41:44 -0500] "GET /sipse/faces/javax.faces.resource/jquery/jquery-plugins.js?ln=primefaces&v=4.0 HTTP/1.1" 304 -
186.85.234.113 - - [23/Mar/2024:22:42:05 -0500] "POST /sipse/faces/presentacion/financiero/estudioPrevio/personalSolicitado/expedirExperienciaIdoneidad.xhtml HTTP/1.1" 200 25012
186.85.234.113 - - [23/Mar/2024:22:42:06 -0500] "GET /sipse/faces/javax.faces.resource/theme.css?ln=primefaces-sipse HTTP/1.1" 304 -
186.85.234.113 - - [23/Mar/2024:22:42:06 -0500] "GET /sipse/faces/javax.faces.resource/primefaces.css?ln=primefaces&v=4.0 HTTP/1.1" 304 -
186.85.234.113 - - [23/Mar/2024:22:42:06 -0500] "GET /sipse/faces/javax.faces.resource/layout/layout.css?ln=primefaces&v=4.0 HTTP/1.1" 304 -
186.85.234.113 - - [23/Mar/2024:22:42:06 -0500] "GET /sipse/faces/javax.faces.resource/jquery/jquery.js?ln=primefaces&v=4.0 HTTP/1.1" 304 -
186.85.234.113 - - [23/Mar/2024:22:42:06 -0500] "GET /sipse/faces/javax.faces.resource/jquery/jquery-plugins.js?ln=primefaces&v=4.0 HTTP/1.1" 304 -
186.85.234.113 - - [23/Mar/2024:22:42:06 -0500] "GET /sipse/faces/javax.faces.resource/primefaces.js?ln=primefaces&v=4.0 HTTP/1.1" 304 -
186.85.234.113 - - [23/Mar/2024:22:42:06 -0500] "GET /sipse/faces/javax.faces.resource/layout/layout.js?ln=primefaces&v=4.0 HTTP/1.1" 304 -
186.85.234.113 - - [23/Mar/2024:22:43:10 -0500] "GET /sipse/faces/javax.faces.resource/theme.css?ln=primefaces-sipse HTTP/1.1" 304 -
186.85.234.113 - - [23/Mar/2024:22:43:10 -0500] "GET /sipse/faces/javax.faces.resource/primefaces.css?ln=primefaces&v=4.0 HTTP/1.1" 304 -
186.85.234.113 - - [23/Mar/2024:22:43:10 -0500] "GET /sipse/faces/javax.faces.resource/layout/layout.css?ln=primefaces&v=4.0 HTTP/1.1" 304 -
186.85.234.113 - - [23/Mar/2024:22:43:10 -0500] "GET /sipse/faces/javax.faces.resource/jquery/jquery.js?ln=primefaces&v=4.0 HTTP/1.1" 304 -
186.85.234.113 - - [23/Mar/2024:22:43:10 -0500] "GET /sipse/faces/javax.faces.resource/jquery/jquery-plugins.js?ln=primefaces&v=4.0 HTTP/1.1" 304 -
186.85.234.113 - - [23/Mar/2024:22:43:10 -0500] "GET /sipse/faces/javax.faces.resource/primefaces.js?ln=primefaces&v=4.0 HTTP/1.1" 304 -
186.85.234.113 - - [23/Mar/2024:22:43:10 -0500] "POST /sipse/faces/presentacion/financiero/estudioPrevio/personalSolicitado/asociarExperienciaContratista.xhtml HTTP/1.1" 200 64393
186.85.234.113 - - [23/Mar/2024:22:43:10 -0500] "GET /sipse/faces/javax.faces.resource/layout/layout.js?ln=primefaces&v=4.0 HTTP/1.1" 304 -
66.249.66.21 - - [23/Mar/2024:22:44:04 -0500] "GET /sig/encuestas/Gestion%20Ambiental/Ficha%20tecnica%20encuesta%20de%20percepcion%20GAE.pdf HTTP/1.1" 404 1018
216.245.221.92 - - [23/Mar/2024:22:44:05 -0500] "HEAD / HTTP/1.1" 200 -
186.85.234.113 - - [23/Mar/2024:22:44:33 -0500] "POST /sipse/faces/presentacion/financiero/estudioPrevio/personalSolicitado/expedirExperienciaIdoneidad.xhtml HTTP/1.1" 200 25012
186.85.234.113 - - [23/Mar/2024:22:44:33 -0500] "GET /sipse/faces/javax.faces.resource/theme.css?ln=primefaces-sipse HTTP/1.1" 304 -
186.85.234.113 - - [23/Mar/2024:22:44:33 -0500] "GET /sipse/faces/javax.faces.resource/primefaces.css?ln=primefaces&v=4.0 HTTP/1.1" 304 -
186.85.234.113 - - [23/Mar/2024:22:44:33 -0500] "GET /sipse/faces/javax.faces.resource/layout/layout.css?ln=primefaces&v=4.0 HTTP/1.1" 304 -
186.85.234.113 - - [23/Mar/2024:22:44:33 -0500] "GET /sipse/faces/javax.faces.resource/jquery/jquery.js?ln=primefaces&v=4.0 HTTP/1.1" 304 -
186.85.234.113 - - [23/Mar/2024:22:44:33 -0500] "GET /sipse/faces/javax.faces.resource/jquery/jquery-plugins.js?ln=primefaces&v=4.0 HTTP/1.1" 304 -
186.85.234.113 - - [23/Mar/2024:22:44:33 -0500] "GET /sipse/faces/javax.faces.resource/primefaces.js?ln=primefaces&v=4.0 HTTP/1.1" 304 -
186.85.234.113 - - [23/Mar/2024:22:44:33 -0500] "GET /sipse/faces/javax.faces.resource/layout/layout.js?ln=primefaces&v=4.0 HTTP/1.1" 304 -
66.249.66.21 - - [23/Mar/2024:22:44:42 -0500] "GET /BLA/resoluciones/RESOLUCIONES%202011/4989.pdf HTTP/1.1" 200 349843
186.85.234.113 - - [23/Mar/2024:22:45:55 -0500] "GET /sipse/faces/javax.faces.resource/theme.css?ln=primefaces-sipse HTTP/1.1" 304 -
186.85.234.113 - - [23/Mar/2024:22:45:55 -0500] "GET /sipse/faces/javax.faces.resource/primefaces.css?ln=primefaces&v=4.0 HTTP/1.1" 304 -
186.85.234.113 - - [23/Mar/2024:22:45:55 -0500] "GET /sipse/faces/javax.faces.resource/layout/layout.css?ln=primefaces&v=4.0 HTTP/1.1" 304 -
186.85.234.113 - - [23/Mar/2024:22:45:55 -0500] "GET /sipse/faces/javax.faces.resource/jquery/jquery-plugins.js?ln=primefaces&v=4.0 HTTP/1.1" 304 -
186.85.234.113 - - [23/Mar/2024:22:45:55 -0500] "GET /sipse/faces/javax.faces.resource/jquery/jquery.js?ln=primefaces&v=4.0 HTTP/1.1" 304 -
186.85.234.113 - - [23/Mar/2024:22:45:55 -0500] "GET /sipse/faces/javax.faces.resource/primefaces.js?ln=primefaces&v=4.0 HTTP/1.1" 304 -
186.85.234.113 - - [23/Mar/2024:22:45:55 -0500] "GET /sipse/faces/javax.faces.resource/layout/layout.js?ln=primefaces&v=4.0 HTTP/1.1" 304 -
186.85.234.113 - - [23/Mar/2024:22:45:55 -0500] "POST /sipse/faces/presentacion/financiero/estudioPrevio/personalSolicitado/asociarExperienciaContratista.xhtml HTTP/1.1" 200 66865
201.245.192.253 - - [23/Mar/2024:22:46:05 -0500] "POST /kwsrmcab/Wsrmcab  HTTP/1.1" 200 39660
172.22.2.4 - - [23/Mar/2024:22:45:00 -0500] "HEAD /BLA/boletinlegal/ HTTP/1.1" 200 -
172.22.2.4 - - [23/Mar/2024:22:45:51 -0500] "GET /BLA/boletinlegal/ HTTP/1.1" 200 53818
40.77.167.22 - - [23/Mar/2024:22:49:03 -0500] "GET /BLA/resoluciones/index.php?dir=AUTOS+1997%2F HTTP/1.1" 200 2025
216.245.221.92 - - [23/Mar/2024:22:49:05 -0500] "HEAD / HTTP/1.1" 200 -
186.85.234.113 - - [23/Mar/2024:22:50:32 -0500] "POST /sipse/faces/presentacion/financiero/estudioPrevio/personalSolicitado/expedirExperienciaIdoneidad.xhtml HTTP/1.1" 200 137292
186.85.234.113 - - [23/Mar/2024:22:50:33 -0500] "GET /sipse/faces/javax.faces.resource/theme.css?ln=primefaces-sipse HTTP/1.1" 304 -
186.85.234.113 - - [23/Mar/2024:22:50:33 -0500] "GET /sipse/faces/javax.faces.resource/primefaces.css?ln=primefaces&v=4.0 HTTP/1.1" 304 -
186.85.234.113 - - [23/Mar/2024:22:50:33 -0500] "GET /sipse/faces/javax.faces.resource/layout/layout.css?ln=primefaces&v=4.0 HTTP/1.1" 304 -
186.85.234.113 - - [23/Mar/2024:22:50:34 -0500] "GET /sipse/faces/javax.faces.resource/jquery/jquery.js?ln=primefaces&v=4.0 HTTP/1.1" 304 -
186.85.234.113 - - [23/Mar/2024:22:50:34 -0500] "GET /sipse/faces/javax.faces.resource/jquery/jquery-plugins.js?ln=primefaces&v=4.0 HTTP/1.1" 304 -
186.85.234.113 - - [23/Mar/2024:22:50:34 -0500] "GET /sipse/faces/javax.faces.resource/primefaces.js?ln=primefaces&v=4.0 HTTP/1.1" 304 -
186.85.234.113 - - [23/Mar/2024:22:50:34 -0500] "GET /sipse/faces/javax.faces.resource/layout/layout.js?ln=primefaces&v=4.0 HTTP/1.1" 304 -
186.85.234.113 - - [23/Mar/2024:22:50:46 -0500] "POST /sipse/faces/presentacion/financiero/solicitudProceso/consultarSolicitudProceso.xhtml HTTP/1.1" 200 5614
201.245.192.253 - - [23/Mar/2024:22:51:04 -0500] "POST /kwsrmcab/Wsrmcab  HTTP/1.1" 200 39660
172.22.2.4 - - [23/Mar/2024:22:50:50 -0500] "HEAD /BLA/boletinlegal/ HTTP/1.1" 200 -
172.22.2.4 - - [23/Mar/2024:22:51:41 -0500] "GET /BLA/boletinlegal/ HTTP/1.1" 200 53818
216.245.221.92 - - [23/Mar/2024:22:54:05 -0500] "HEAD / HTTP/1.1" 200 -
40.77.167.143 - - [23/Mar/2024:22:54:54 -0500] "GET /BLA/resoluciones/RESOLUCIONES%202010/7189.pdf HTTP/1.1" 200 190667
190.25.97.241 - - [23/Mar/2024:22:55:40 -0500] "GET /si-tienes-ropa-y-calzado-que-ya-no-usas-aca-te-presentamos-seis-puntos-a-donde-los-puedes-llevar.html HTTP/1.1" 200 872
201.245.192.253 - - [23/Mar/2024:22:56:03 -0500] "POST /kwsrmcab/Wsrmcab  HTTP/1.1" 200 39660
172.22.2.4 - - [23/Mar/2024:22:56:40 -0500] "HEAD /BLA/boletinlegal/ HTTP/1.1" 200 -
172.22.2.4 - - [23/Mar/2024:22:57:23 -0500] "HEAD /BLA/boletinlegal/ HTTP/1.1" 200 -
216.245.221.92 - - [23/Mar/2024:22:59:05 -0500] "HEAD / HTTP/1.1" 200 -
172.22.2.4 - - [23/Mar/2024:22:57:31 -0500] "GET /BLA/boletinlegal/ HTTP/1.1" 200 46045
199.16.157.181 - - [23/Mar/2024:22:59:35 -0500] "GET /images/pl%C3%A1sticos%20foto%201..jpg HTTP/1.1" 404 1034
172.22.2.4 - - [23/Mar/2024:22:57:59 -0500] "GET /BLA/boletinlegal/ HTTP/1.1" 200 47256
172.22.2.4 - - [23/Mar/2024:22:58:05 -0500] "GET /BLA/boletinlegal/ HTTP/1.1" 200 47256
66.249.66.20 - - [23/Mar/2024:23:00:02 -0500] "GET /robots.txt HTTP/1.1" 404 1018
66.249.66.21 - - [23/Mar/2024:23:00:02 -0500] "GET /BLA/resoluciones/RESOLUCIONES%202009/6736.pdf HTTP/1.1" 200 451394
186.85.234.113 - - [23/Mar/2024:23:00:43 -0500] "POST /sipse/faces/presentacion/financiero/solicitudProceso/consultarSolicitudProceso.xhtml HTTP/1.1" 200 44972
186.85.234.113 - - [23/Mar/2024:23:00:43 -0500] "GET /sipse/faces/javax.faces.resource/theme.css?ln=primefaces-sipse HTTP/1.1" 304 -
186.85.234.113 - - [23/Mar/2024:23:00:43 -0500] "GET /sipse/faces/javax.faces.resource/primefaces.css?ln=primefaces&v=4.0 HTTP/1.1" 304 -
186.85.234.113 - - [23/Mar/2024:23:00:43 -0500] "GET /sipse/faces/javax.faces.resource/layout/layout.css?ln=primefaces&v=4.0 HTTP/1.1" 304 -
186.85.234.113 - - [23/Mar/2024:23:00:43 -0500] "GET /sipse/faces/javax.faces.resource/jquery/jquery.js?ln=primefaces&v=4.0 HTTP/1.1" 304 -
186.85.234.113 - - [23/Mar/2024:23:00:43 -0500] "GET /sipse/faces/javax.faces.resource/jquery/jquery-plugins.js?ln=primefaces&v=4.0 HTTP/1.1" 304 -
186.85.234.113 - - [23/Mar/2024:23:00:44 -0500] "GET /sipse/faces/javax.faces.resource/primefaces.js?ln=primefaces&v=4.0 HTTP/1.1" 304 -
186.85.234.113 - - [23/Mar/2024:23:00:44 -0500] "GET /sipse/faces/javax.faces.resource/layout/layout.js?ln=primefaces&v=4.0 HTTP/1.1" 304 -
186.85.234.113 - - [23/Mar/2024:23:00:44 -0500] "POST /sipse/faces/presentacion/financiero/solicitudProceso/consultar.xhtml HTTP/1.1" 200 38395
186.85.234.113 - - [23/Mar/2024:23:00:51 -0500] "POST /sipse/faces/presentacion/financiero/solicitudProceso/consultar.xhtml HTTP/1.1" 200 164357
186.85.234.113 - - [23/Mar/2024:23:00:53 -0500] "GET /sipse/faces/javax.faces.resource/theme.css?ln=primefaces-sipse HTTP/1.1" 304 -
186.85.234.113 - - [23/Mar/2024:23:00:53 -0500] "GET /sipse/faces/javax.faces.resource/primefaces.css?ln=primefaces&v=4.0 HTTP/1.1" 304 -
186.85.234.113 - - [23/Mar/2024:23:00:53 -0500] "GET /sipse/faces/javax.faces.resource/jquery/jquery.js?ln=primefaces&v=4.0 HTTP/1.1" 304 -
186.85.234.113 - - [23/Mar/2024:23:00:53 -0500] "GET /sipse/faces/javax.faces.resource/layout/layout.css?ln=primefaces&v=4.0 HTTP/1.1" 304 -
186.85.234.113 - - [23/Mar/2024:23:00:53 -0500] "GET /sipse/faces/javax.faces.resource/jquery/jquery-plugins.js?ln=primefaces&v=4.0 HTTP/1.1" 304 -
186.85.234.113 - - [23/Mar/2024:23:00:53 -0500] "GET /sipse/faces/javax.faces.resource/primefaces.js?ln=primefaces&v=4.0 HTTP/1.1" 304 -
186.85.234.113 - - [23/Mar/2024:23:00:53 -0500] "GET /sipse/faces/javax.faces.resource/layout/layout.js?ln=primefaces&v=4.0 HTTP/1.1" 304 -
172.22.2.4 - - [23/Mar/2024:22:59:15 -0500] "HEAD /BLA/boletinlegal/ HTTP/1.1" 200 -
186.85.234.113 - - [23/Mar/2024:23:01:00 -0500] "POST /sipse/faces/presentacion/financiero/solicitudProceso/consultarSolicitudProceso.xhtml HTTP/1.1" 200 5522
201.245.192.253 - - [23/Mar/2024:23:01:02 -0500] "POST /kwsrmcab/Wsrmcab  HTTP/1.1" 200 39660
172.22.2.4 - - [23/Mar/2024:22:59:51 -0500] "GET /BLA/boletinlegal/ HTTP/1.1" 200 59967
47.128.25.239 - - [23/Mar/2024:23:03:00 -0500] "GET /BLA/resoluciones/AUTOS%202021/0245.php?act=ftpquickbrute&d=E%3A%5Cnuevo%5Chtdocs%5CPORTAL_SIAC%5C HTTP/1.1" 200 2823
216.245.221.92 - - [23/Mar/2024:23:04:05 -0500] "HEAD / HTTP/1.1" 200 -
217.182.175.162 - - [23/Mar/2024:23:04:05 -0500] "HEAD /distrito-declara-alerta-fase-1-por-calidad-del-aire-en-toda-la-ciudad.html HTTP/1.1" 200 -
172.22.2.4 - - [23/Mar/2024:23:02:30 -0500] "HEAD /BLA/boletinlegal/ HTTP/1.1" 200 -
172.22.2.4 - - [23/Mar/2024:23:03:21 -0500] "GET /BLA/boletinlegal/ HTTP/1.1" 200 53419
172.22.2.4 - - [23/Mar/2024:23:04:07 -0500] "HEAD /BLA/boletinlegal/ HTTP/1.1" 200 -
201.245.192.253 - - [23/Mar/2024:23:06:00 -0500] "POST /kwsrmcab/Wsrmcab  HTTP/1.1" 200 39660
172.22.2.4 - - [23/Mar/2024:23:04:44 -0500] "GET /BLA/boletinlegal/ HTTP/1.1" 200 50303
216.244.66.195 - - [23/Mar/2024:23:06:44 -0500] "GET /BLA/resoluciones/AUTOS%202023/03380.pdf HTTP/1.1" 200 1503082
179.33.124.25 - - [23/Mar/2024:23:06:58 -0500] "GET /sipse/faces/index.xhtml HTTP/1.1" 200 677
179.33.124.25 - - [23/Mar/2024:23:06:58 -0500] "GET /sipse/faces/javax.faces.resource/theme.css?ln=primefaces-sipse HTTP/1.1" 304 -
179.33.124.25 - - [23/Mar/2024:23:06:58 -0500] "GET /sipse/faces/faces/autenticacion.xhtml HTTP/1.1" 200 12411
179.33.124.25 - - [23/Mar/2024:23:06:58 -0500] "GET /sipse/js/disable_browser_buttons.js HTTP/1.1" 200 3230
179.33.124.25 - - [23/Mar/2024:23:06:58 -0500] "GET /sipse/faces/javax.faces.resource/theme.css?ln=primefaces-sipse HTTP/1.1" 304 -
179.33.124.25 - - [23/Mar/2024:23:06:58 -0500] "GET /sipse/faces/javax.faces.resource/primefaces.css?ln=primefaces&v=4.0 HTTP/1.1" 304 -
179.33.124.25 - - [23/Mar/2024:23:06:58 -0500] "GET /sipse/css/custom_css_sg_prime_login.css HTTP/1.1" 200 443
179.33.124.25 - - [23/Mar/2024:23:06:58 -0500] "GET /sipse/css/custom_css_sg.css HTTP/1.1" 200 9694
179.33.124.25 - - [23/Mar/2024:23:06:58 -0500] "GET /sipse/faces/javax.faces.resource/layout/layout.css?ln=primefaces&v=4.0 HTTP/1.1" 304 -
179.33.124.25 - - [23/Mar/2024:23:06:58 -0500] "GET /sipse/js/funciones.js HTTP/1.1" 200 12592
179.33.124.25 - - [23/Mar/2024:23:06:58 -0500] "GET /sipse/faces/javax.faces.resource/jquery/jquery.js?ln=primefaces&v=4.0 HTTP/1.1" 304 -
179.33.124.25 - - [23/Mar/2024:23:06:58 -0500] "GET /sipse/faces/javax.faces.resource/jquery/jquery-plugins.js?ln=primefaces&v=4.0 HTTP/1.1" 304 -
179.33.124.25 - - [23/Mar/2024:23:06:58 -0500] "GET /sipse/faces/javax.faces.resource/primefaces.js?ln=primefaces&v=4.0 HTTP/1.1" 304 -
179.33.124.25 - - [23/Mar/2024:23:06:58 -0500] "GET /sipse/faces/javax.faces.resource/layout/layout.js?ln=primefaces&v=4.0 HTTP/1.1" 304 -
179.33.124.25 - - [23/Mar/2024:23:06:58 -0500] "GET /sipse/faces/javax.faces.resource/images/ui-icons_898989_256x240.png?ln=primefaces-aristo HTTP/1.1" 304 -
179.33.124.25 - - [23/Mar/2024:23:06:58 -0500] "GET /sipse/css/imagen/logoSDG.png HTTP/1.1" 200 53064
179.33.124.25 - - [23/Mar/2024:23:06:58 -0500] "GET /sipse/css/imagen/loginimg.png HTTP/1.1" 200 71635
179.33.124.25 - - [23/Mar/2024:23:07:03 -0500] "POST /sipse/faces/autenticacion.xhtml HTTP/1.1" 200 16793
179.33.124.25 - - [23/Mar/2024:23:07:03 -0500] "GET /sipse/css/custom_css_sg_prime.css HTTP/1.1" 200 5201
179.33.124.25 - - [23/Mar/2024:23:07:03 -0500] "GET /sipse/faces/javax.faces.resource/primefaces.css?ln=primefaces&v=4.0 HTTP/1.1" 304 -
179.33.124.25 - - [23/Mar/2024:23:07:03 -0500] "GET /sipse/faces/javax.faces.resource/theme.css?ln=primefaces-sipse HTTP/1.1" 304 -
179.33.124.25 - - [23/Mar/2024:23:07:03 -0500] "GET /sipse/faces/javax.faces.resource/layout/layout.css?ln=primefaces&v=4.0 HTTP/1.1" 304 -
179.33.124.25 - - [23/Mar/2024:23:07:03 -0500] "GET /sipse/js/jquery.min.js HTTP/1.1" 200 85582
179.33.124.25 - - [23/Mar/2024:23:07:03 -0500] "GET /sipse/faces/javax.faces.resource/jquery/jquery.js?ln=primefaces&v=4.0 HTTP/1.1" 304 -
179.33.124.25 - - [23/Mar/2024:23:07:04 -0500] "GET /sipse/faces/javax.faces.resource/jquery/jquery-plugins.js?ln=primefaces&v=4.0 HTTP/1.1" 304 -
179.33.124.25 - - [23/Mar/2024:23:07:04 -0500] "GET /sipse/faces/javax.faces.resource/primefaces.js?ln=primefaces&v=4.0 HTTP/1.1" 304 -
179.33.124.25 - - [23/Mar/2024:23:07:04 -0500] "GET /sipse/faces/javax.faces.resource/layout/layout.js?ln=primefaces&v=4.0 HTTP/1.1" 304 -
179.33.124.25 - - [23/Mar/2024:23:07:04 -0500] "GET /sipse/css/v_mergente.css HTTP/1.1" 200 1505
179.33.124.25 - - [23/Mar/2024:23:07:04 -0500] "GET /sipse/css/imagen/contrasena.png HTTP/1.1" 404 383
179.33.124.25 - - [23/Mar/2024:23:07:04 -0500] "GET /sipse/faces/javax.faces.resource/messages/messages.png?ln=primefaces&v=4.0 HTTP/1.1" 304 -
179.33.124.25 - - [23/Mar/2024:23:07:04 -0500] "GET /sipse/imagenes/cargando.gif HTTP/1.1" 200 36959
179.33.124.25 - - [23/Mar/2024:23:07:04 -0500] "GET /sipse/imagenes/logoAplicacion.jpg HTTP/1.1" 200 155084
179.33.124.25 - - [23/Mar/2024:23:07:06 -0500] "GET /sipse/faces/javax.faces.resource/images/ui-bg_flat_0_2d5972_40x100.png?ln=primefaces-aristo HTTP/1.1" 304 -
179.33.124.25 - - [23/Mar/2024:23:07:06 -0500] "POST /sipse/faces/bienvenido.xhtml HTTP/1.1" 200 9852
