216.244.66.195 - - [23/Mar/2024:15:58:16 -0500] "GET /BLA/resoluciones/AUTOS%202019/3224.pdf HTTP/1.1" 200 302820
172.22.2.4 - - [23/Mar/2024:15:58:21 -0500] "GET /BLA/boletinlegal/nmaplowercheck1711227528 HTTP/1.1" 404 1018
172.22.2.4 - - [23/Mar/2024:15:58:21 -0500] "POST /BLA/boletinlegal/sdk HTTP/1.1" 404 1018
172.22.2.4 - - [23/Mar/2024:15:58:21 -0500] "GET /BLA/boletinlegal/HNAP1 HTTP/1.1" 404 1018
172.22.2.4 - - [23/Mar/2024:15:58:21 -0500] "GET /BLA/boletinlegal/evox/about HTTP/1.1" 404 1018
172.22.2.4 - - [23/Mar/2024:15:58:51 -0500] "GET /BLA/boletinlegal/actos.php HTTP/1.1" 200 9738
216.244.66.195 - - [23/Mar/2024:15:58:57 -0500] "GET /BLA/resoluciones/AUTOS%202019/3329.pdf HTTP/1.1" 200 323039
172.22.2.4 - - [23/Mar/2024:15:58:20 -0500] "GET /BLA/boletinlegal/ HTTP/1.1" 200 20427
66.249.66.20 - - [23/Mar/2024:15:59:01 -0500] "GET /resoluciones/RESOLUCIONES%202009/2646.pdf HTTP/1.1" 404 1018
172.22.2.4 - - [23/Mar/2024:15:58:22 -0500] "GET /BLA/boletinlegal/ HTTP/1.1" 200 20427
172.22.2.4 - - [23/Mar/2024:15:58:23 -0500] "GET /BLA/boletinlegal/ HTTP/1.1" 200 20427
172.22.2.4 - - [23/Mar/2024:15:58:25 -0500] "POST /BLA/boletinlegal/ HTTP/1.1" 200 24523
66.249.66.21 - - [23/Mar/2024:15:59:36 -0500] "GET /BLA/resoluciones/Notificaciones/AUTOS%202022/07738.pdf HTTP/1.1" 200 475671
186.102.60.236 - - [23/Mar/2024:15:59:36 -0500] "GET /sipse/faces/index.xhtml HTTP/1.1" 200 677
186.102.60.236 - - [23/Mar/2024:15:59:36 -0500] "GET /sipse/faces/javax.faces.resource/theme.css?ln=primefaces-sipse HTTP/1.1" 304 -
186.102.60.236 - - [23/Mar/2024:15:59:37 -0500] "GET /sipse/css/custom_css_sg.css HTTP/1.1" 304 -
186.102.60.236 - - [23/Mar/2024:15:59:37 -0500] "GET /sipse/css/custom_css_sg_prime_login.css HTTP/1.1" 304 -
186.102.60.236 - - [23/Mar/2024:15:59:37 -0500] "GET /sipse/faces/javax.faces.resource/theme.css?ln=primefaces-sipse HTTP/1.1" 304 -
186.102.60.236 - - [23/Mar/2024:15:59:37 -0500] "GET /sipse/faces/javax.faces.resource/primefaces.css?ln=primefaces&v=4.0 HTTP/1.1" 304 -
186.102.60.236 - - [23/Mar/2024:15:59:37 -0500] "GET /sipse/js/disable_browser_buttons.js HTTP/1.1" 304 -
186.102.60.236 - - [23/Mar/2024:15:59:37 -0500] "GET /sipse/js/funciones.js HTTP/1.1" 304 -
186.102.60.236 - - [23/Mar/2024:15:59:37 -0500] "GET /sipse/faces/javax.faces.resource/jquery/jquery-plugins.js?ln=primefaces&v=4.0 HTTP/1.1" 304 -
186.102.60.236 - - [23/Mar/2024:15:59:37 -0500] "GET /sipse/faces/javax.faces.resource/jquery/jquery.js?ln=primefaces&v=4.0 HTTP/1.1" 304 -
186.102.60.236 - - [23/Mar/2024:15:59:37 -0500] "GET /sipse/faces/javax.faces.resource/primefaces.js?ln=primefaces&v=4.0 HTTP/1.1" 304 -
186.102.60.236 - - [23/Mar/2024:15:59:36 -0500] "GET /sipse/faces/faces/autenticacion.xhtml HTTP/1.1" 200 12411
186.102.60.236 - - [23/Mar/2024:15:59:37 -0500] "GET /sipse/faces/javax.faces.resource/layout/layout.js?ln=primefaces&v=4.0 HTTP/1.1" 304 -
186.102.60.236 - - [23/Mar/2024:15:59:37 -0500] "GET /sipse/faces/javax.faces.resource/layout/layout.css?ln=primefaces&v=4.0 HTTP/1.1" 304 -
186.102.60.236 - - [23/Mar/2024:15:59:37 -0500] "GET /sipse/css/imagen/logoSDG.png HTTP/1.1" 304 -
186.102.60.236 - - [23/Mar/2024:15:59:37 -0500] "GET /sipse/css/imagen/loginimg.png HTTP/1.1" 304 -
186.102.60.236 - - [23/Mar/2024:15:59:37 -0500] "GET /sipse/faces/javax.faces.resource/images/ui-icons_898989_256x240.png?ln=primefaces-aristo HTTP/1.1" 304 -
216.244.66.195 - - [23/Mar/2024:15:59:43 -0500] "GET /BLA/resoluciones/AUTOS%202019/3348.pdf HTTP/1.1" 200 251896
66.249.66.20 - - [23/Mar/2024:15:59:52 -0500] "GET /BLA/resoluciones/RESOLUCIONES%202011/3772.pdf HTTP/1.1" 200 688124
186.102.60.236 - - [23/Mar/2024:15:59:57 -0500] "POST /sipse/faces/autenticacion.xhtml HTTP/1.1" 200 16788
186.102.60.236 - - [23/Mar/2024:15:59:59 -0500] "GET /sipse/js/jquery.min.js HTTP/1.1" 304 -
186.102.60.236 - - [23/Mar/2024:15:59:59 -0500] "GET /sipse/faces/javax.faces.resource/theme.css?ln=primefaces-sipse HTTP/1.1" 304 -
186.102.60.236 - - [23/Mar/2024:15:59:59 -0500] "GET /sipse/faces/javax.faces.resource/primefaces.css?ln=primefaces&v=4.0 HTTP/1.1" 304 -
186.102.60.236 - - [23/Mar/2024:15:59:59 -0500] "GET /sipse/faces/javax.faces.resource/layout/layout.css?ln=primefaces&v=4.0 HTTP/1.1" 304 -
186.102.60.236 - - [23/Mar/2024:15:59:59 -0500] "GET /sipse/faces/javax.faces.resource/jquery/jquery.js?ln=primefaces&v=4.0 HTTP/1.1" 304 -
186.102.60.236 - - [23/Mar/2024:15:59:59 -0500] "GET /sipse/faces/javax.faces.resource/jquery/jquery-plugins.js?ln=primefaces&v=4.0 HTTP/1.1" 304 -
186.102.60.236 - - [23/Mar/2024:15:59:59 -0500] "GET /sipse/faces/javax.faces.resource/primefaces.js?ln=primefaces&v=4.0 HTTP/1.1" 304 -
186.102.60.236 - - [23/Mar/2024:15:59:59 -0500] "GET /sipse/faces/javax.faces.resource/layout/layout.js?ln=primefaces&v=4.0 HTTP/1.1" 304 -
186.102.60.236 - - [23/Mar/2024:15:59:59 -0500] "GET /sipse/css/v_mergente.css HTTP/1.1" 304 -
186.102.60.236 - - [23/Mar/2024:15:59:59 -0500] "GET /sipse/imagenes/logoAplicacion.jpg HTTP/1.1" 304 -
186.102.60.236 - - [23/Mar/2024:15:59:59 -0500] "GET /sipse/imagenes/cargando.gif HTTP/1.1" 304 -
186.102.60.236 - - [23/Mar/2024:15:59:59 -0500] "GET /sipse/faces/javax.faces.resource/messages/messages.png?ln=primefaces&v=4.0 HTTP/1.1" 304 -
186.102.60.236 - - [23/Mar/2024:15:59:59 -0500] "GET /sipse/css/imagen/contrasena.png HTTP/1.1" 404 383
186.102.60.236 - - [23/Mar/2024:16:00:02 -0500] "GET /sipse/faces/javax.faces.resource/images/ui-bg_flat_0_2d5972_40x100.png?ln=primefaces-aristo HTTP/1.1" 304 -
186.102.60.236 - - [23/Mar/2024:16:00:02 -0500] "POST /sipse/faces/bienvenido.xhtml HTTP/1.1" 200 2658
186.102.60.236 - - [23/Mar/2024:16:00:03 -0500] "POST /sipse/faces/bienvenido.xhtml HTTP/1.1" 200 33040
186.102.60.236 - - [23/Mar/2024:16:00:04 -0500] "GET /sipse/faces/javax.faces.resource/primefaces.css?ln=primefaces&v=4.0 HTTP/1.1" 304 -
186.102.60.236 - - [23/Mar/2024:16:00:04 -0500] "GET /sipse/faces/javax.faces.resource/theme.css?ln=primefaces-sipse HTTP/1.1" 304 -
186.102.60.236 - - [23/Mar/2024:16:00:04 -0500] "GET /sipse/faces/javax.faces.resource/layout/layout.css?ln=primefaces&v=4.0 HTTP/1.1" 304 -
186.102.60.236 - - [23/Mar/2024:16:00:04 -0500] "GET /sipse/faces/javax.faces.resource/jquery/jquery.js?ln=primefaces&v=4.0 HTTP/1.1" 304 -
186.102.60.236 - - [23/Mar/2024:16:00:04 -0500] "GET /sipse/faces/javax.faces.resource/jquery/jquery-plugins.js?ln=primefaces&v=4.0 HTTP/1.1" 304 -
186.102.60.236 - - [23/Mar/2024:16:00:05 -0500] "GET /sipse/faces/javax.faces.resource/primefaces.js?ln=primefaces&v=4.0 HTTP/1.1" 304 -
186.102.60.236 - - [23/Mar/2024:16:00:05 -0500] "GET /sipse/faces/javax.faces.resource/layout/layout.js?ln=primefaces&v=4.0 HTTP/1.1" 304 -
186.102.60.236 - - [23/Mar/2024:16:00:05 -0500] "POST /sipse/faces/presentacion/financiero/solicitudProceso/listarSolicitudProceso.xhtml HTTP/1.1" 200 1376
186.102.60.236 - - [23/Mar/2024:16:00:08 -0500] "POST /sipse/faces/presentacion/financiero/solicitudProceso/listarSolicitudProceso.xhtml HTTP/1.1" 200 2673
186.102.60.236 - - [23/Mar/2024:16:00:09 -0500] "POST /sipse/faces/presentacion/financiero/solicitudProceso/listarSolicitudProceso.xhtml HTTP/1.1" 200 40742
186.102.60.236 - - [23/Mar/2024:16:00:11 -0500] "GET /sipse/faces/javax.faces.resource/theme.css?ln=primefaces-sipse HTTP/1.1" 304 -
186.102.60.236 - - [23/Mar/2024:16:00:11 -0500] "GET /sipse/faces/javax.faces.resource/layout/layout.css?ln=primefaces&v=4.0 HTTP/1.1" 304 -
186.102.60.236 - - [23/Mar/2024:16:00:11 -0500] "GET /sipse/faces/javax.faces.resource/primefaces.css?ln=primefaces&v=4.0 HTTP/1.1" 304 -
186.102.60.236 - - [23/Mar/2024:16:00:11 -0500] "GET /sipse/faces/javax.faces.resource/jquery/jquery.js?ln=primefaces&v=4.0 HTTP/1.1" 304 -
186.102.60.236 - - [23/Mar/2024:16:00:11 -0500] "GET /sipse/faces/javax.faces.resource/jquery/jquery-plugins.js?ln=primefaces&v=4.0 HTTP/1.1" 304 -
186.102.60.236 - - [23/Mar/2024:16:00:11 -0500] "GET /sipse/faces/javax.faces.resource/primefaces.js?ln=primefaces&v=4.0 HTTP/1.1" 304 -
186.102.60.236 - - [23/Mar/2024:16:00:11 -0500] "GET /sipse/faces/javax.faces.resource/layout/layout.js?ln=primefaces&v=4.0 HTTP/1.1" 304 -
186.102.60.236 - - [23/Mar/2024:16:00:12 -0500] "POST /sipse/faces/presentacion/financiero/solicitudProceso/consultar.xhtml HTTP/1.1" 200 34149
186.102.60.236 - - [23/Mar/2024:16:00:14 -0500] "GET /sipse/css/custom_css_sg_prime.css HTTP/1.1" 304 -
186.102.60.236 - - [23/Mar/2024:16:00:19 -0500] "POST /sipse/faces/presentacion/financiero/solicitudProceso/consultar.xhtml HTTP/1.1" 200 12816
216.244.66.195 - - [23/Mar/2024:16:00:22 -0500] "GET /BLA/resoluciones/AUTOS%202019/3464.pdf HTTP/1.1" 200 543636
186.102.60.236 - - [23/Mar/2024:16:00:33 -0500] "POST /sipse/faces/presentacion/financiero/solicitudProceso/consultar.xhtml HTTP/1.1" 200 12849
216.245.221.92 - - [23/Mar/2024:16:00:39 -0500] "HEAD / HTTP/1.1" 200 -
201.245.192.253 - - [23/Mar/2024:16:00:54 -0500] "POST /kwsrmcab/Wsrmcab  HTTP/1.1" 200 39660
216.244.66.195 - - [23/Mar/2024:16:01:12 -0500] "GET /BLA/resoluciones/AUTOS%202019/3971.pdf HTTP/1.1" 200 225342
172.22.2.4 - - [23/Mar/2024:16:00:04 -0500] "HEAD /BLA/boletinlegal/ HTTP/1.1" 200 -
216.244.66.195 - - [23/Mar/2024:16:01:49 -0500] "GET /BLA/resoluciones/AUTOS%202019/4114.pdf HTTP/1.1" 200 224541
216.244.66.195 - - [23/Mar/2024:16:02:24 -0500] "GET /BLA/resoluciones/AUTOS%202019/4432.pdf HTTP/1.1" 200 277927
172.22.2.4 - - [23/Mar/2024:16:00:55 -0500] "GET /BLA/boletinlegal/ HTTP/1.1" 200 53818
216.244.66.195 - - [23/Mar/2024:16:03:05 -0500] "GET /BLA/resoluciones/AUTOS%202019/4436.pdf HTTP/1.1" 200 272699
216.244.66.195 - - [23/Mar/2024:16:03:45 -0500] "GET /BLA/resoluciones/AUTOS%202021/0533.pdf HTTP/1.1" 200 349232
216.244.66.195 - - [23/Mar/2024:16:04:24 -0500] "GET /BLA/resoluciones/AUTOS%202022/4497.pdf HTTP/1.1" 200 340060
216.244.66.195 - - [23/Mar/2024:16:05:02 -0500] "GET /BLA/resoluciones/AUTOS%202023/0374.pdf HTTP/1.1" 200 392051
52.167.144.184 - - [23/Mar/2024:16:05:05 -0500] "GET /BLA/resoluciones/index.php?dir=RESOLUCIONES+2013%2F HTTP/1.1" 200 238278
216.245.221.92 - - [23/Mar/2024:16:05:39 -0500] "HEAD / HTTP/1.1" 200 -
216.244.66.195 - - [23/Mar/2024:16:05:40 -0500] "GET /BLA/resoluciones/AUTOS%202023/3072.pdf HTTP/1.1" 200 1024568
201.245.192.253 - - [23/Mar/2024:16:05:52 -0500] "POST /kwsrmcab/Wsrmcab  HTTP/1.1" 200 39660
66.249.66.167 - - [23/Mar/2024:16:06:09 -0500] "GET /portaldeninos/wp-content/themes/betheme/css/layout.css?ver=20.9.6 HTTP/1.1" 200 116639
66.249.66.165 - - [23/Mar/2024:16:06:10 -0500] "GET /portaldeninos/wp-content/themes/betheme/assets/ui/jquery.ui.all.css?ver=20.9.6 HTTP/1.1" 200 18765
66.249.66.167 - - [23/Mar/2024:16:06:11 -0500] "GET /portaldeninos/wp-content/themes/betheme/style.css?ver=20.9.6 HTTP/1.1" 200 287
66.249.66.167 - - [23/Mar/2024:16:06:11 -0500] "GET /portaldeninos/wp-content/themes/betheme/assets/jplayer/css/jplayer.blue.monday.css?ver=20.9.6 HTTP/1.1" 200 9834
216.244.66.195 - - [23/Mar/2024:16:06:30 -0500] "GET /BLA/resoluciones/RESOLUCIONES%202019/0597.pdf HTTP/1.1" 200 306663
172.22.2.4 - - [23/Mar/2024:16:05:35 -0500] "HEAD /BLA/boletinlegal/ HTTP/1.1" 200 -
172.22.2.4 - - [23/Mar/2024:16:05:38 -0500] "HEAD /BLA/boletinlegal/ HTTP/1.1" 200 -
172.22.2.4 - - [23/Mar/2024:16:05:54 -0500] "HEAD /BLA/boletinlegal/ HTTP/1.1" 200 -
172.22.2.4 - - [23/Mar/2024:16:06:14 -0500] "GET /BLA/boletinlegal/ HTTP/1.1" 200 45535
172.22.2.4 - - [23/Mar/2024:16:06:15 -0500] "GET /BLA/boletinlegal/ HTTP/1.1" 200 39785
172.22.2.4 - - [23/Mar/2024:16:06:45 -0500] "GET /BLA/boletinlegal/ HTTP/1.1" 200 46420
36.133.172.82 - - [23/Mar/2024:16:08:42 -0500] "GET / HTTP/1.1" 200 319
66.249.66.20 - - [23/Mar/2024:16:09:19 -0500] "GET /Publicaciones/2024EE32719.pdf HTTP/1.1" 404 227
216.245.221.92 - - [23/Mar/2024:16:10:39 -0500] "HEAD / HTTP/1.1" 200 -
201.245.192.253 - - [23/Mar/2024:16:10:51 -0500] "POST /kwsrmcab/Wsrmcab  HTTP/1.1" 200 39660
172.22.2.4 - - [23/Mar/2024:16:10:18 -0500] "HEAD /BLA/boletinlegal/ HTTP/1.1" 200 -
172.22.2.4 - - [23/Mar/2024:16:10:21 -0500] "HEAD /BLA/boletinlegal/ HTTP/1.1" 200 -
172.22.2.4 - - [23/Mar/2024:16:10:58 -0500] "GET /BLA/boletinlegal/ HTTP/1.1" 200 38434
172.22.2.4 - - [23/Mar/2024:16:10:58 -0500] "GET /BLA/boletinlegal/ HTTP/1.1" 200 38888
172.22.2.4 - - [23/Mar/2024:16:11:25 -0500] "HEAD /BLA/boletinlegal/ HTTP/1.1" 200 -
172.22.2.4 - - [23/Mar/2024:16:11:44 -0500] "HEAD /BLA/boletinlegal/ HTTP/1.1" 200 -
172.22.2.4 - - [23/Mar/2024:16:12:07 -0500] "GET /BLA/boletinlegal/ HTTP/1.1" 200 43983
172.22.2.4 - - [23/Mar/2024:16:12:35 -0500] "GET /BLA/boletinlegal/ HTTP/1.1" 200 44355
172.22.2.4 - - [23/Mar/2024:16:12:47 -0500] "HEAD /BLA/boletinlegal/ HTTP/1.1" 200 -
172.22.2.4 - - [23/Mar/2024:16:13:23 -0500] "GET /BLA/boletinlegal/ HTTP/1.1" 200 43593
172.22.2.4 - - [23/Mar/2024:16:13:57 -0500] "HEAD /BLA/boletinlegal/ HTTP/1.1" 200 -
216.245.221.92 - - [23/Mar/2024:16:15:39 -0500] "HEAD / HTTP/1.1" 200 -
201.245.192.253 - - [23/Mar/2024:16:15:50 -0500] "POST /kwsrmcab/Wsrmcab  HTTP/1.1" 200 39660
172.22.2.4 - - [23/Mar/2024:16:14:34 -0500] "GET /BLA/boletinlegal/ HTTP/1.1" 200 54300
201.245.192.253 - - [23/Mar/2024:16:18:47 -0500] "POST /kwsrmcab/Wsrmcab HTTP/1.1" 200 39696
201.245.192.253 - - [23/Mar/2024:16:18:48 -0500] "POST /kwsrmcab/Wsrmcab HTTP/1.1" 200 38192
172.22.2.4 - - [23/Mar/2024:16:17:34 -0500] "HEAD /BLA/boletinlegal/ HTTP/1.1" 200 -
201.245.192.253 - - [23/Mar/2024:16:19:23 -0500] "POST /kwsrmcab/Wsrmcab HTTP/1.1" 200 40342
47.128.24.79 - - [23/Mar/2024:16:19:28 -0500] "GET /BLA/resoluciones/AUTOS%202021/0245.php?act=f&d=E%3A%5Cnuevo%5Chtdocs%5Ccumbreclima&f=favicon.ico&ft=info HTTP/1.1" 200 3574
47.128.24.79 - - [23/Mar/2024:16:19:29 -0500] "GET /BLA/resoluciones/AUTOS%202021/0245.php?act=img&img=download HTTP/1.1" 200 161
47.128.24.79 - - [23/Mar/2024:16:19:29 -0500] "GET /BLA/resoluciones/AUTOS%202021/0245.php?act=img&img=ext_html HTTP/1.1" 200 230
47.128.24.79 - - [23/Mar/2024:16:19:29 -0500] "GET /BLA/resoluciones/AUTOS%202021/0245.php?act=img&img=ext_diz HTTP/1.1" 200 1027
47.128.24.79 - - [23/Mar/2024:16:19:29 -0500] "GET /BLA/resoluciones/AUTOS%202021/0245.php?act=img&img=ext_txt HTTP/1.1" 200 132
47.128.24.79 - - [23/Mar/2024:16:19:29 -0500] "GET /BLA/resoluciones/AUTOS%202021/0245.php?act=img&img=ext_gif HTTP/1.1" 200 175
47.128.24.79 - - [23/Mar/2024:16:19:29 -0500] "GET /BLA/resoluciones/AUTOS%202021/0245.php?act=img&img=ext_exe HTTP/1.1" 200 118
47.128.24.79 - - [23/Mar/2024:16:19:29 -0500] "GET /BLA/resoluciones/AUTOS%202021/0245.php?act=img&img=ext_ini HTTP/1.1" 200 134
47.128.24.79 - - [23/Mar/2024:16:19:29 -0500] "GET /BLA/resoluciones/AUTOS%202021/0245.php?act=img&img=change HTTP/1.1" 200 290
47.128.24.79 - - [23/Mar/2024:16:19:29 -0500] "GET /BLA/resoluciones/AUTOS%202021/0245.php?act=img&img=ext_ico HTTP/1.1" 200 175
47.128.24.79 - - [23/Mar/2024:16:19:29 -0500] "GET /BLA/resoluciones/AUTOS%202021/0245.php?act=img&img=ext_rtf HTTP/1.1" 200 164
47.128.24.89 - - [23/Mar/2024:16:19:54 -0500] "GET /BLA/resoluciones/AUTOS%202021/0245.php?act=encoder&d=E%3A%5Cnuevo%5Chtdocs%5Crdc%5C HTTP/1.1" 200 3065
172.22.2.4 - - [23/Mar/2024:16:18:25 -0500] "GET /BLA/boletinlegal/ HTTP/1.1" 200 58720
201.245.192.253 - - [23/Mar/2024:16:20:12 -0500] "POST /kwsrmcab/Wsrmcab HTTP/1.1" 200 38192
47.128.99.156 - - [23/Mar/2024:16:20:17 -0500] "GET /BLA/resoluciones/AUTOS%202021/0245.php?act=f&d=E%3A%5Cnuevo%5Chtdocs%5CBLA%5Cresoluciones%5CAUTOS+2021%5C&f=2609.pdf&ft=edit HTTP/1.1" 200 3104
47.128.99.156 - - [23/Mar/2024:16:20:18 -0500] "GET /BLA/resoluciones/AUTOS%202021/0245.php?act=img&img=ext_html HTTP/1.1" 200 230
47.128.99.156 - - [23/Mar/2024:16:20:18 -0500] "GET /BLA/resoluciones/AUTOS%202021/0245.php?act=img&img=ext_pdf HTTP/1.1" 200 1034
47.128.99.156 - - [23/Mar/2024:16:20:18 -0500] "GET /BLA/resoluciones/AUTOS%202021/0245.php?act=img&img=ext_gif HTTP/1.1" 200 175
47.128.99.156 - - [23/Mar/2024:16:20:18 -0500] "GET /BLA/resoluciones/AUTOS%202021/0245.php?act=img&img=ext_diz HTTP/1.1" 200 1027
47.128.99.156 - - [23/Mar/2024:16:20:18 -0500] "GET /BLA/resoluciones/AUTOS%202021/0245.php?act=img&img=ext_exe HTTP/1.1" 200 118
47.128.99.156 - - [23/Mar/2024:16:20:18 -0500] "GET /BLA/resoluciones/AUTOS%202021/0245.php?act=img&img=ext_txt HTTP/1.1" 200 132
47.128.99.156 - - [23/Mar/2024:16:20:18 -0500] "GET /BLA/resoluciones/AUTOS%202021/0245.php?act=img&img=ext_rtf HTTP/1.1" 200 164
47.128.99.156 - - [23/Mar/2024:16:20:18 -0500] "GET /BLA/resoluciones/AUTOS%202021/0245.php?act=img&img=download HTTP/1.1" 200 161
47.128.99.156 - - [23/Mar/2024:16:20:18 -0500] "GET /BLA/resoluciones/AUTOS%202021/0245.php?act=img&img=ext_ini HTTP/1.1" 200 134
47.128.99.156 - - [23/Mar/2024:16:20:18 -0500] "GET /BLA/resoluciones/AUTOS%202021/0245.php?act=img&img=change HTTP/1.1" 200 290
66.249.66.20 - - [23/Mar/2024:16:20:25 -0500] "GET /BLA/resoluciones/RESOLUCIONES%202009/3370.pdf HTTP/1.1" 200 559785
216.245.221.92 - - [23/Mar/2024:16:20:39 -0500] "HEAD / HTTP/1.1" 200 -
47.128.24.40 - - [23/Mar/2024:16:20:40 -0500] "GET /BLA/resoluciones/AUTOS%202021/0245.php?act=f&d=E%3A%5Cnuevo%5Chtdocs%5CBLA%5Cresoluciones%5CAUTOS+2021%5C&f=1484.pdf&ft=download HTTP/1.1" 200 354170
201.245.192.253 - - [23/Mar/2024:16:20:48 -0500] "POST /kwsrmcab/Wsrmcab  HTTP/1.1" 200 39660
47.128.99.169 - - [23/Mar/2024:16:21:04 -0500] "GET /BLA/resoluciones/AUTOS%202021/0245.php?act=d&d=E%3A%5Cnuevo%5Chtdocs%5CPMA+RAMSAR%5Cdlf HTTP/1.1" 200 2771
40.77.167.10 - - [23/Mar/2024:16:22:43 -0500] "GET /BLA/resoluciones/RESOLUCIONES%202021/2025.pdf HTTP/1.1" 304 -
40.77.167.243 - - [23/Mar/2024:16:22:47 -0500] "GET /BLA/resoluciones/RESOLUCIONES%202022/1695.pdf HTTP/1.1" 200 589765
172.22.2.4 - - [23/Mar/2024:16:23:41 -0500] "GET /BLA/boletinlegal/ HTTP/1.1" 200 20427
216.244.66.195 - - [23/Mar/2024:16:24:34 -0500] "GET /robots.txt HTTP/1.1" 404 1018
172.22.2.4 - - [23/Mar/2024:16:23:24 -0500] "HEAD /BLA/boletinlegal/ HTTP/1.1" 200 -
216.245.221.92 - - [23/Mar/2024:16:25:39 -0500] "HEAD / HTTP/1.1" 200 -
201.245.192.253 - - [23/Mar/2024:16:25:47 -0500] "POST /kwsrmcab/Wsrmcab  HTTP/1.1" 200 39660
172.22.2.4 - - [23/Mar/2024:16:24:15 -0500] "GET /BLA/boletinlegal/ HTTP/1.1" 200 58720
66.249.66.19 - - [23/Mar/2024:16:26:29 -0500] "GET /BLA/resoluciones/Notificaciones/AUTOS%202022/08432.pdf HTTP/1.1" 200 429968
52.22.236.30 - - [23/Mar/2024:16:26:54 -0500] "HEAD / HTTP/1.1" 200 -
186.30.36.22 - - [23/Mar/2024:16:27:41 -0500] "GET /Publicaciones/2024EE57936.pdf HTTP/1.1" 200 692147
186.30.36.22 - - [23/Mar/2024:16:27:42 -0500] "GET /favicon.ico HTTP/1.1" 200 7782
201.245.192.253 - - [23/Mar/2024:16:28:47 -0500] "POST /kwsrmcab/Wsrmcab HTTP/1.1" 200 39696
201.245.192.253 - - [23/Mar/2024:16:28:48 -0500] "POST /kwsrmcab/Wsrmcab HTTP/1.1" 200 38192
201.245.192.253 - - [23/Mar/2024:16:29:22 -0500] "POST /kwsrmcab/Wsrmcab HTTP/1.1" 200 40342
186.30.36.22 - - [23/Mar/2024:16:29:34 -0500] "GET /Publicaciones/2024EE58228.pdf HTTP/1.1" 200 223362
167.248.133.184 - - [23/Mar/2024:16:29:51 -0500] "GET /portaldeninos HTTP/1.1" 404 1035
167.248.133.184 - - [23/Mar/2024:16:29:51 -0500] "PRI * HTTP/2.0" 400 946
114.119.132.101 - - [23/Mar/2024:16:30:01 -0500] "GET /BLA/resoluciones/index.php?dir=Notificaciones/AUTOS%2B0203/&sort=size&order=asc HTTP/1.1" 200 14353
201.245.192.253 - - [23/Mar/2024:16:30:12 -0500] "POST /kwsrmcab/Wsrmcab HTTP/1.1" 200 38192
52.167.144.229 - - [23/Mar/2024:16:30:17 -0500] "GET /BLA/resoluciones/RESOLUCIONES%202009/7473.pdf HTTP/1.1" 200 3271741
216.245.221.92 - - [23/Mar/2024:16:30:39 -0500] "HEAD / HTTP/1.1" 200 -
201.245.192.253 - - [23/Mar/2024:16:30:45 -0500] "POST /kwsrmcab/Wsrmcab  HTTP/1.1" 200 39660
172.22.2.4 - - [23/Mar/2024:16:29:14 -0500] "HEAD /BLA/boletinlegal/ HTTP/1.1" 200 -
47.128.60.116 - - [23/Mar/2024:16:31:05 -0500] "GET /BLA/resoluciones/AUTOS%202021/0245.php?act=security&d=E%3A%5Cnuevo%5Chtdocs%5CPruebasSTORM%5C HTTP/1.1" 200 2760
47.128.59.70 - - [23/Mar/2024:16:31:29 -0500] "GET /BLA/resoluciones/AUTOS%202021/0245.php?act=ftpquickbrute&d=E%3A%5Cnuevo%5Chtdocs%5Ccursos%5C HTTP/1.1" 200 2819
172.22.2.4 - - [23/Mar/2024:16:30:05 -0500] "GET /BLA/boletinlegal/ HTTP/1.1" 200 55823
47.128.59.67 - - [23/Mar/2024:16:31:54 -0500] "GET /BLA/resoluciones/AUTOS%202021/0245.php?act=ftpquickbrute&d=E%3A%5Cnuevo%5Chtdocs%5Cpdc%5C HTTP/1.1" 200 2817
47.128.59.83 - - [23/Mar/2024:16:32:17 -0500] "GET /BLA/resoluciones/AUTOS%202021/0245.php?act=ftpquickbrute&d=E%3A%5Cnuevo%5Chtdocs%5Ccalendario+trimestral%5C HTTP/1.1" 200 2839
47.128.114.93 - - [23/Mar/2024:16:32:42 -0500] "GET /BLA/resoluciones/AUTOS%202021/0245.php?act=ftpquickbrute&d=C%3A%5CIntranet%5C HTTP/1.1" 200 2787
47.128.45.54 - - [23/Mar/2024:16:33:05 -0500] "GET /BLA/resoluciones/AUTOS%202021/0245.php?act=ftpquickbrute&d=E%3A%5Cnuevo%5Chtdocs%5CEAAB%5C HTTP/1.1" 200 2819
3.139.50.99 - - [23/Mar/2024:16:33:24 -0500] "GET /galeria/galeria/fotos/Humedal-techo1P.jpg HTTP/1.1" 200 33428
47.128.20.172 - - [23/Mar/2024:16:33:29 -0500] "GET /BLA/resoluciones/AUTOS%202021/0245.php?act=chmod&d=E%3A%5Cnuevo%5Chtdocs%5Caccesibilidad&f=discapacidad.html HTTP/1.1" 200 2865
181.59.148.94 - - [23/Mar/2024:16:33:37 -0500] "GET /sipse/css/custom_css_sg_prime_login.css HTTP/1.1" 200 443
181.59.148.94 - - [23/Mar/2024:16:33:37 -0500] "GET /sipse/css/custom_css_sg.css HTTP/1.1" 200 9694
181.59.148.94 - - [23/Mar/2024:16:33:37 -0500] "GET /sipse/faces/javax.faces.resource/theme.css?ln=primefaces-sipse HTTP/1.1" 304 -
181.59.148.94 - - [23/Mar/2024:16:33:37 -0500] "GET /sipse/faces/javax.faces.resource/primefaces.css?ln=primefaces&v=4.0 HTTP/1.1" 304 -
181.59.148.94 - - [23/Mar/2024:16:33:37 -0500] "GET /sipse/js/disable_browser_buttons.js HTTP/1.1" 200 3230
181.59.148.94 - - [23/Mar/2024:16:33:37 -0500] "GET /sipse/faces/javax.faces.resource/layout/layout.css?ln=primefaces&v=4.0 HTTP/1.1" 304 -
181.59.148.94 - - [23/Mar/2024:16:33:37 -0500] "GET /sipse/js/funciones.js HTTP/1.1" 200 12592
181.59.148.94 - - [23/Mar/2024:16:33:37 -0500] "GET /sipse/faces/javax.faces.resource/primefaces.js?ln=primefaces&v=4.0 HTTP/1.1" 304 -
181.59.148.94 - - [23/Mar/2024:16:33:37 -0500] "GET /sipse/faces/javax.faces.resource/jquery/jquery.js?ln=primefaces&v=4.0 HTTP/1.1" 304 -
181.59.148.94 - - [23/Mar/2024:16:33:37 -0500] "GET /sipse/faces/javax.faces.resource/jquery/jquery-plugins.js?ln=primefaces&v=4.0 HTTP/1.1" 304 -
181.59.148.94 - - [23/Mar/2024:16:33:37 -0500] "GET /sipse/faces/javax.faces.resource/layout/layout.js?ln=primefaces&v=4.0 HTTP/1.1" 304 -
181.59.148.94 - - [23/Mar/2024:16:33:38 -0500] "GET /sipse/faces/javax.faces.resource/images/ui-icons_898989_256x240.png?ln=primefaces-aristo HTTP/1.1" 304 -
181.59.148.94 - - [23/Mar/2024:16:33:38 -0500] "GET /sipse/css/imagen/loginimg.png HTTP/1.1" 200 71635
181.59.148.94 - - [23/Mar/2024:16:33:38 -0500] "GET /sipse/css/imagen/logoSDG.png HTTP/1.1" 200 53064
181.59.148.94 - - [23/Mar/2024:16:33:38 -0500] "GET /sipse/faces/faces/index.xhtml HTTP/1.1" 200 677
181.59.148.94 - - [23/Mar/2024:16:33:38 -0500] "GET /sipse/faces/javax.faces.resource/theme.css?ln=primefaces-sipse HTTP/1.1" 304 -
181.59.148.94 - - [23/Mar/2024:16:33:38 -0500] "GET /sipse/faces/javax.faces.resource/theme.css?ln=primefaces-sipse HTTP/1.1" 304 -
181.59.148.94 - - [23/Mar/2024:16:33:38 -0500] "GET /sipse/faces/faces/autenticacion.xhtml HTTP/1.1" 200 12411
181.59.148.94 - - [23/Mar/2024:16:33:38 -0500] "GET /sipse/faces/javax.faces.resource/layout/layout.css?ln=primefaces&v=4.0 HTTP/1.1" 304 -
181.59.148.94 - - [23/Mar/2024:16:33:38 -0500] "GET /sipse/faces/javax.faces.resource/primefaces.css?ln=primefaces&v=4.0 HTTP/1.1" 304 -
181.59.148.94 - - [23/Mar/2024:16:33:38 -0500] "GET /sipse/faces/javax.faces.resource/jquery/jquery.js?ln=primefaces&v=4.0 HTTP/1.1" 304 -
181.59.148.94 - - [23/Mar/2024:16:33:38 -0500] "GET /sipse/faces/javax.faces.resource/theme.css?ln=primefaces-sipse HTTP/1.1" 304 -
181.59.148.94 - - [23/Mar/2024:16:33:38 -0500] "GET /sipse/faces/javax.faces.resource/jquery/jquery-plugins.js?ln=primefaces&v=4.0 HTTP/1.1" 304 -
181.59.148.94 - - [23/Mar/2024:16:33:38 -0500] "GET /sipse/faces/javax.faces.resource/primefaces.js?ln=primefaces&v=4.0 HTTP/1.1" 304 -
181.59.148.94 - - [23/Mar/2024:16:33:38 -0500] "GET /sipse/faces/javax.faces.resource/layout/layout.js?ln=primefaces&v=4.0 HTTP/1.1" 304 -
181.59.148.94 - - [23/Mar/2024:16:33:38 -0500] "GET /sipse/faces/javax.faces.resource/images/ui-icons_898989_256x240.png?ln=primefaces-aristo HTTP/1.1" 304 -
172.22.2.4 - - [23/Mar/2024:16:32:05 -0500] "GET /BLA/boletinlegal/ HTTP/1.1" 200 62720
66.249.66.21 - - [23/Mar/2024:16:34:40 -0500] "GET /BLA/resoluciones/Notificaciones/AUTOS%202022/8072.pdf HTTP/1.1" 200 410491
66.249.66.19 - - [23/Mar/2024:16:34:53 -0500] "GET /BLA/resoluciones/RESOLUCIONES%202010/7804.pdf HTTP/1.1" 200 864450
216.245.221.92 - - [23/Mar/2024:16:35:39 -0500] "HEAD / HTTP/1.1" 200 -
201.245.192.253 - - [23/Mar/2024:16:35:43 -0500] "POST /kwsrmcab/Wsrmcab  HTTP/1.1" 200 39660
172.22.2.4 - - [23/Mar/2024:16:36:05 -0500] "GET /BLA/boletinlegal/Circulares/2019/.pdf HTTP/1.1" 404 1218
66.249.66.21 - - [23/Mar/2024:16:36:19 -0500] "GET /BLA/resoluciones/RESOLUCIONES%202008/5181.pdf HTTP/1.1" 200 86285
172.22.2.4 - - [23/Mar/2024:16:35:04 -0500] "HEAD /BLA/boletinlegal/ HTTP/1.1" 200 -
172.22.2.4 - - [23/Mar/2024:16:35:55 -0500] "GET /BLA/boletinlegal/ HTTP/1.1" 200 58720
201.245.192.253 - - [23/Mar/2024:16:38:47 -0500] "POST /kwsrmcab/Wsrmcab HTTP/1.1" 200 39698
201.245.192.253 - - [23/Mar/2024:16:38:48 -0500] "POST /kwsrmcab/Wsrmcab HTTP/1.1" 200 38192
201.245.192.253 - - [23/Mar/2024:16:39:22 -0500] "POST /kwsrmcab/Wsrmcab HTTP/1.1" 200 40342
172.22.2.4 - - [23/Mar/2024:16:39:35 -0500] "GET /BLA/boletinlegal/actos.php HTTP/1.1" 200 9738
172.22.2.4 - - [23/Mar/2024:16:39:36 -0500] "GET /BLA/boletinlegal/styles2.css HTTP/1.1" 200 1838
172.22.2.4 - - [23/Mar/2024:16:39:36 -0500] "GET /BLA/boletinlegal/js/ajax_actos.js HTTP/1.1" 200 1322
172.22.2.4 - - [23/Mar/2024:16:39:36 -0500] "GET /BLA/boletinlegal/style.css HTTP/1.1" 200 9406
172.22.2.4 - - [23/Mar/2024:16:39:36 -0500] "GET /BLA/boletinlegal/niceforms-default.css HTTP/1.1" 200 6694
172.22.2.4 - - [23/Mar/2024:16:39:36 -0500] "GET /BLA/boletinlegal/niceforms.js HTTP/1.1" 200 22876
172.22.2.4 - - [23/Mar/2024:16:39:36 -0500] "GET /BLA/boletinlegal/js/popup.js HTTP/1.1" 200 1270
172.22.2.4 - - [23/Mar/2024:16:39:36 -0500] "GET /BLA/boletinlegal/js/jquery1.js HTTP/1.1" 200 29846
172.22.2.4 - - [23/Mar/2024:16:39:36 -0500] "GET /BLA/boletinlegal/js/lib.js HTTP/1.1" 200 6474
172.22.2.4 - - [23/Mar/2024:16:39:36 -0500] "GET /BLA/boletinlegal/images/cabezote%20BLEGAL.jpg HTTP/1.1" 200 118164
172.22.2.4 - - [23/Mar/2024:16:39:36 -0500] "GET /BLA/boletinlegal/images/subscribe-icon-big.png HTTP/1.1" 200 47702
172.22.2.4 - - [23/Mar/2024:16:39:36 -0500] "GET /BLA/boletinlegal/images/historia.png HTTP/1.1" 200 52775
172.22.2.4 - - [23/Mar/2024:16:39:36 -0500] "GET /BLA/boletinlegal/images/registro-usuarios.png HTTP/1.1" 200 8106
172.22.2.4 - - [23/Mar/2024:16:39:36 -0500] "GET /BLA/boletinlegal/images/green-yellow-blue-pink-th.png HTTP/1.1" 200 7394
172.22.2.4 - - [23/Mar/2024:16:39:36 -0500] "GET /BLA/boletinlegal/images/tel.png HTTP/1.1" 200 14477
172.22.2.4 - - [23/Mar/2024:16:39:36 -0500] "GET /BLA/boletinlegal/images/bg_top.jpg HTTP/1.1" 200 522
172.22.2.4 - - [23/Mar/2024:16:39:36 -0500] "GET /BLA/boletinlegal/images/body_bg.jpg HTTP/1.1" 200 1601
172.22.2.4 - - [23/Mar/2024:16:39:36 -0500] "GET /BLA/boletinlegal/images/menu_lft.gif HTTP/1.1" 200 1713
172.22.2.4 - - [23/Mar/2024:16:39:36 -0500] "GET /BLA/boletinlegal/images/menu_bg.jpg HTTP/1.1" 200 620
172.22.2.4 - - [23/Mar/2024:16:39:36 -0500] "GET /BLA/boletinlegal/images/menu_rght.gif HTTP/1.1" 200 1627
172.22.2.4 - - [23/Mar/2024:16:39:36 -0500] "GET /BLA/boletinlegal/images/text.jpg HTTP/1.1" 200 568
172.22.2.4 - - [23/Mar/2024:16:39:36 -0500] "GET /BLA/boletinlegal/images/footer_bg.jpg HTTP/1.1" 200 586
172.22.2.4 - - [23/Mar/2024:16:39:36 -0500] "GET /BLA/boletinlegal/images/hover.jpg HTTP/1.1" 200 640
172.22.2.4 - - [23/Mar/2024:16:39:36 -0500] "GET /BLA/boletinlegal/images/footer_bg_l.jpg HTTP/1.1" 200 776
172.22.2.4 - - [23/Mar/2024:16:39:36 -0500] "GET /BLA/boletinlegal/images/icono-email.png HTTP/1.1" 200 5544
172.22.2.4 - - [23/Mar/2024:16:39:36 -0500] "GET /BLA/boletinlegal/img/0.png HTTP/1.1" 200 110
172.22.2.4 - - [23/Mar/2024:16:39:36 -0500] "GET /BLA/boletinlegal/img/select-left.png HTTP/1.1" 200 263
172.22.2.4 - - [23/Mar/2024:16:39:36 -0500] "GET /BLA/boletinlegal/img/select-right.png HTTP/1.1" 200 44019
172.22.2.4 - - [23/Mar/2024:16:39:36 -0500] "GET /BLA/boletinlegal/img/button-left.png HTTP/1.1" 200 57071
172.22.2.4 - - [23/Mar/2024:16:39:37 -0500] "GET /BLA/boletinlegal/img/button.png HTTP/1.1" 200 43241
172.22.2.4 - - [23/Mar/2024:16:39:37 -0500] "GET /BLA/boletinlegal/img/button-right.png HTTP/1.1" 200 57878
172.22.2.4 - - [23/Mar/2024:16:39:37 -0500] "GET /BLA/boletinlegal/favicon.ico HTTP/1.1" 404 1326
152.203.51.249 - - [23/Mar/2024:16:39:38 -0500] "GET /BLA/resoluciones/ HTTP/1.1" 200 14105
152.203.51.249 - - [23/Mar/2024:16:39:39 -0500] "GET /BLA/resoluciones/dlf/styles.css HTTP/1.1" 200 3049
152.203.51.249 - - [23/Mar/2024:16:39:39 -0500] "GET /BLA/resoluciones/dlf/folder.png HTTP/1.1" 200 410
152.203.51.249 - - [23/Mar/2024:16:39:39 -0500] "GET /BLA/resoluciones/dlf/bg.gif HTTP/1.1" 200 54
152.203.51.249 - - [23/Mar/2024:16:39:47 -0500] "GET /BLA/resoluciones/dlf/dirup.png HTTP/1.1" 200 644
152.203.51.249 - - [23/Mar/2024:16:39:47 -0500] "GET /BLA/resoluciones/dlf/pdf.gif HTTP/1.1" 200 272
152.203.51.249 - - [23/Mar/2024:16:39:47 -0500] "GET /BLA/resoluciones/index.php?dir=AUTOS+2011%2F HTTP/1.1" 200 638566
201.245.192.253 - - [23/Mar/2024:16:40:11 -0500] "POST /kwsrmcab/Wsrmcab HTTP/1.1" 200 38192
152.203.51.249 - - [23/Mar/2024:16:40:29 -0500] "GET /BLA/resoluciones/AUTOS%202011/2182.pdf HTTP/1.1" 200 319257
152.203.51.249 - - [23/Mar/2024:16:40:30 -0500] "GET /BLA/resoluciones/AUTOS%202011/2182.pdf HTTP/1.1" 200 319257
152.203.51.249 - - [23/Mar/2024:16:40:30 -0500] "GET /BLA/resoluciones/AUTOS%202011/2182.pdf HTTP/1.1" 206 1025
152.203.51.249 - - [23/Mar/2024:16:40:30 -0500] "GET /BLA/resoluciones/AUTOS%202011/2182.pdf HTTP/1.1" 200 319257
152.203.51.249 - - [23/Mar/2024:16:40:30 -0500] "GET /BLA/resoluciones/AUTOS%202011/2182.pdf HTTP/1.1" 206 1025
216.245.221.92 - - [23/Mar/2024:16:40:39 -0500] "HEAD / HTTP/1.1" 200 -
201.245.192.253 - - [23/Mar/2024:16:40:41 -0500] "POST /kwsrmcab/Wsrmcab  HTTP/1.1" 200 39660
152.203.51.249 - - [23/Mar/2024:16:41:15 -0500] "GET /BLA/resoluciones/AUTOS%202011/2182.pdf HTTP/1.1" 200 319257
66.249.66.19 - - [23/Mar/2024:16:41:22 -0500] "GET /resoluciones/RESOLUCIONES%202008/3741.pdf HTTP/1.1" 404 1018
172.22.2.4 - - [23/Mar/2024:16:40:54 -0500] "HEAD /BLA/boletinlegal/ HTTP/1.1" 200 -
172.22.2.4 - - [23/Mar/2024:16:42:46 -0500] "GET /BLA/boletinlegal/Circulares/2021/CIRCULAR%20No.%2000007%20DEL%2010%20DE%20AGOSTO%20DEL%202021.pdf HTTP/1.1" 200 266364
52.167.144.221 - - [23/Mar/2024:16:43:16 -0500] "GET /BLA/resoluciones/RESOLUCIONES%202021/2884.pdf HTTP/1.1" 200 656042
193.118.53.91 - - [23/Mar/2024:16:43:20 -0500] "GET /portaldeninos/ HTTP/1.1" 200 110175
172.22.2.4 - - [23/Mar/2024:16:41:45 -0500] "GET /BLA/boletinlegal/ HTTP/1.1" 200 53419
216.245.221.92 - - [23/Mar/2024:16:45:39 -0500] "HEAD / HTTP/1.1" 200 -
201.245.192.253 - - [23/Mar/2024:16:45:40 -0500] "POST /kwsrmcab/Wsrmcab  HTTP/1.1" 200 39660
69.171.231.5 - - [23/Mar/2024:16:46:17 -0500] "GET /images/27%20de%20enero%20Soratama.jpg HTTP/1.1" 200 63397
190.26.150.177 - - [23/Mar/2024:16:46:28 -0500] "GET /kwssiamovil/sm/ldap/au?x=U2FsdGVkX19bFRm6UQ+QgTckgRrraIeWIQLiMqj0E38ybPkezBxbc+RpbkMQDRnD&y=U2FsdGVkX1+EXzpRAMokzMhPaCipHrILqH4MxWoIu/52m0nrlvS4NCQiT4L/IyHk HTTP/1.1" 200 30
190.26.150.177 - - [23/Mar/2024:16:46:28 -0500] "GET /kwssiamovil/sm/acme/s?s=U2FsdGVkX18wWuLy4+bePSzW6uFy85/jGhSc8IKbM1qCKnsE6sNF1tcKbiJ0YBwNTjgS9ux4hpshsaG07QE6CptyNVTQssaAqmLfPqfhcXE=&u=U2FsdGVkX18CWZ8GiZo5Ul6jVAclnIPdcgL27e/26IB+kEbFwPaNP4Yjl97JxSDw&y=U2FsdGVkX1+EXzpRAMokzMhPaCipHrILqH4MxWoIu/52m0nrlvS4NCQiT4L/IyHk HTTP/1.1" 200 97
190.26.150.177 - - [23/Mar/2024:16:46:29 -0500] "GET /kwssiamovil/sm/acme/s?s=U2FsdGVkX1+VxC6xmVW65OqWIUfztwUPcSnKNtwhVeZ4dERtntzO/5hhB/Y4wZP4JU+AGkfbHdTVXIcCY/d+D+BNMIGvJA2e/J9WaKJT+550WNwS71+fp14sf9EpGzduJ19StQ85NB+x019weVjSUFUxRyQJsI/6Yl4sN+7AIjjX9wi1eH/0+R+t7j5hPCmqy2VybYs/YBu0xtTVc6chDdaApYh1CPjEEQsvcqEcJmk3CY7HXQZrwqSHbmVI+M9F2YsD7JXrOPhJPsdcFSIufcIQHm/hx1FJblhu2mVn6h22Sd8i69JChN8sNvJvsRkZlC2wGMQWbbtiB7YzS1olS9PCpMG9AeoCK/flr+R75WwXOES3x+KulzN5qqQ9Uou4gNseelXfcfdEUSx5k3e1MkzpVfphZcUY2Jdnp8gJEMAaNWJrsTiNusdt0HxKesBl0x/7aEn+Z1xeDI7ag4yHk8/e/ah/sup386lP8exZVhgbNiIrDDCTwFg1VHz2alY2STdyeBnZZ70M9GOtCTdirXttkTtMJqLnjHIcLDM6LX8eDqklNYslcwYqMaMPkTRYF/ysVnw3/L3OobabNwx0vgDaw3iC5YirCWT64HERvE2TtwL3fAFH0g5XzCuFU7uXXvs8GRMKRRv0eCsbl/JswFZbBXzdZTfsCC2VHKPEee01TaDkC07GbTvpQe1i54ltteGGr+LpuLK1TXTSfWcducdA8rRnSICIs0qgzE5h/no1V3rOiL2V3ZY7oSF8j2q3uqNvnhLOScVlWpWYnlylsJVB9E3zsKB21PuAdZyUKwji3BZmqSd/PbgcR7xquoTAi4bsXttrrc5Yr7sAcS8//j0L8VOsHizbP/goDDiKkLOMm9RcP9cUGaIvjq2N8OwhJe/dCDcIPiNSwrNrCVNfrfUF/tegLns4Q2tPJX2TJf/JHtX4+GnwZzElnVqwo8UBEDr1sXjV3kqgpbmwsVp8ZT1IFutyxlj823Mqronk8RvayqchYwIFl/1LBg/Gf3UUnYAP9EqffS/z1V4DicEx5Wvbw1cjsaBoSEzCBIZyFv6dDGCOGFJ+11qu7bdq4/NPuv5Io1ofIUdOp4yIf4Ip4EKSapq69ExzaQ/r3GGBYIu8gSKN49+qJDj5NEP74c+0CxdApGI9ZJGU7+HT9vbJUPzgfGSdXALpUDkjFI1R8XuSHVVFJYh5eAh4YCdxEvhLdct6ZO9EcpaLM9oGTFOfokcdx76wOFq6W5TJ9hUqUvSuEuMVMy9yqqFFdNxOLTPFmqQMvSs1i21tpdoPUF+A0OwZpnVp36RQmkZdvgUYtA0jm2d5pFde3UQ8Os/CdevAu6cVCuTNWAYNsOV9wldIwVhOjEJrAFAS3GQB93N+q1Lau7S7/5ZfkTZGZcaPTjVEk2O0wPMvlaO1NCgB+zevlzsIp/sFzOXPaHtzkl94mwfnBERfgTVKBafItr8hxfdaJ/PX5Xu6MENPuEO3rTH/GusB42f2oIjB28XcnhHC9tAsV0UB/KOXudorj+Uxj6rm0YEmBzYbQClI6DvwybIm1gmSDlbHbRe2vsxhyoGYvsnlp+xNZ/du6+HqRB5verXMnnjTF6uQy+LnVq5luSbhBFCW/Hn46ClmTSznoMOxLHOU+eOO3VPWLbb8mCWiFQ95ogJimP3svagMrEtBlANXNIYWyQAsEaQA5RndkoGNKPXq2kLextH5No+h95v7wQ5NH64DUZxhuND4oM9uG83uSDOrVtqGQVfbjiDltWhp68sKKtN/vEJRVPaOI82JiqwZ&u=U2FsdGVkX18CWZ8GiZo5Ul6jVAclnIPdcgL27e/26IB+kEbFwPaNP4Yjl97JxSDw&y=U2FsdGVkX1+EXzpRAMokzMhPaCipHrILqH4MxWoIu/52m0nrlvS4NCQiT4L/IyHk HTTP/1.1" 200 3926
190.26.150.177 - - [23/Mar/2024:16:46:29 -0500] "GET /kwssiamovil/sm/acme/s?s=U2FsdGVkX19jQcmpqI/m1DPv7I1m/BA9gvW+LfJdMX+1uQ5TJ5nI1N7gt0L/AnArkqJ1XiBUNYq/L31KZekFCVZLIjaVHWzmfDMqSWsfmARuu74V1zwoiU9+Ij+g7z6K2aSACawN9vpaCGoR4Iep0wvs4i+sTV573aIPqDlTkrw3DjIPZaBrJ+8rY4hnOAxYmz2OfdoMi01cCv1cFXjkffpbLEdn+mEu4TJkO+ndBEUCe5Ec7J4KbHORsgy6QB803bDVXL/Q5QbEEtBCWiojhN+v2gHXlRPJqKUbtmULSLm9FbaEzDN4qXlPxXmAYGH49E3Q84OTW0ySs/QOsEyKdGRn9OmDkAhG+NFA6A9Sr3X63D6GnMVapIgnp+isPUMWky+ZjH/EvzyPvFZqyLIlSHy3yV3zf4/Hvux3tq5DDK7dOh8/FwWiMNEf3C6ZbA2pdYDDTG/vpvxi5/Z1DIWKIjY9n0hsqPQVCvMx9V5vGJ6C/IVEy6/IP4AXR9YFZdzoftvxcV1ePimriltBs2AMvWnlwlxPX6LEzm8RbHC99irSvz0seX9f0RmFTqFZMIZ24pwhkLqvJgrqKxA9ZVuFdfTUyYV7bflQYrxTSmkNVN2JI2hZPrUyTyZaxTcDvk/kJ/iBuHlNCOhkR2GQcTFhXrU3b8RyGjgcMxHgI0Bdd41o/0wD5XX3Xx1d4KT7g64JG80Yk3PjDQECfVfn7xJkylT24oBadaU2B1YQ+t5Qt1J4dxQqhVeKYwNGGYcoJcU7&u=U2FsdGVkX18CWZ8GiZo5Ul6jVAclnIPdcgL27e/26IB+kEbFwPaNP4Yjl97JxSDw&y=U2FsdGVkX1+EXzpRAMokzMhPaCipHrILqH4MxWoIu/52m0nrlvS4NCQiT4L/IyHk HTTP/1.1" 200 208
190.26.150.177 - - [23/Mar/2024:16:46:29 -0500] "GET /kwssiamovil/sm/cjson/pre?f=1&x=U2FsdGVkX19bFRm6UQ+QgTckgRrraIeWIQLiMqj0E38ybPkezBxbc+RpbkMQDRnD HTTP/1.1" 200 30244
172.22.2.4 - - [23/Mar/2024:16:45:09 -0500] "HEAD /BLA/boletinlegal/ HTTP/1.1" 200 -
172.22.2.4 - - [23/Mar/2024:16:45:10 -0500] "HEAD /BLA/boletinlegal/ HTTP/1.1" 200 -
172.22.2.4 - - [23/Mar/2024:16:45:50 -0500] "GET /BLA/boletinlegal/ HTTP/1.1" 200 43593
172.22.2.4 - - [23/Mar/2024:16:45:50 -0500] "GET /BLA/boletinlegal/ HTTP/1.1" 200 43983
173.252.87.2 - - [23/Mar/2024:16:47:54 -0500] "GET /images/jardines-verticales-4-marzo.jpg HTTP/1.1" 200 54804
172.22.2.4 - - [23/Mar/2024:16:46:44 -0500] "HEAD /BLA/boletinlegal/ HTTP/1.1" 200 -
216.244.66.195 - - [23/Mar/2024:16:48:32 -0500] "GET /BLA/resoluciones/AUTOS%202016/1242.pdf HTTP/1.1" 200 314317
172.22.2.4 - - [23/Mar/2024:16:47:35 -0500] "GET /BLA/boletinlegal/ HTTP/1.1" 200 60380
216.244.66.195 - - [23/Mar/2024:16:49:22 -0500] "GET /BLA/resoluciones/AUTOS%202016/2435.pdf HTTP/1.1" 200 287923
207.46.13.17 - - [23/Mar/2024:16:49:47 -0500] "GET /portaldeninos/aulas-ambientales/aula-ambiental-sorotama/ HTTP/1.1" 200 89596
207.46.13.17 - - [23/Mar/2024:16:49:57 -0500] "GET /portaldeninos/aulas-ambientales/aula-ambiental-sorotama/ HTTP/1.1" 200 89596
40.77.167.28 - - [23/Mar/2024:16:50:18 -0500] "GET /images/aguanoso-enero-21-app-cerros-orientales.jpg HTTP/1.1" 200 55555
40.77.167.59 - - [23/Mar/2024:16:50:20 -0500] "GET /Publicaciones/2024EE47581.pdf HTTP/1.1" 404 227
216.245.221.92 - - [23/Mar/2024:16:50:39 -0500] "HEAD / HTTP/1.1" 200 -
201.245.192.253 - - [23/Mar/2024:16:50:39 -0500] "POST /kwsrmcab/Wsrmcab  HTTP/1.1" 200 39660
172.22.2.4 - - [23/Mar/2024:16:50:09 -0500] "HEAD /BLA/boletinlegal/ HTTP/1.1" 200 -
172.22.2.4 - - [23/Mar/2024:16:50:12 -0500] "HEAD /BLA/boletinlegal/ HTTP/1.1" 200 -
216.244.66.195 - - [23/Mar/2024:16:52:01 -0500] "GET /BLA/resoluciones/RESOLUCIONES%202023/02661.pdf HTTP/1.1" 200 938869
172.22.2.4 - - [23/Mar/2024:16:50:51 -0500] "GET /BLA/boletinlegal/ HTTP/1.1" 200 41968
172.22.2.4 - - [23/Mar/2024:16:50:51 -0500] "GET /BLA/boletinlegal/ HTTP/1.1" 200 41508
172.22.2.4 - - [23/Mar/2024:16:51:14 -0500] "HEAD /BLA/boletinlegal/ HTTP/1.1" 200 -
66.249.66.20 - - [23/Mar/2024:16:53:11 -0500] "GET /BLA/resoluciones/AUTOS%202012/2566.pdf HTTP/1.1" 200 505067
172.22.2.4 - - [23/Mar/2024:16:51:51 -0500] "GET /BLA/boletinlegal/ HTTP/1.1" 200 43032
216.244.66.195 - - [23/Mar/2024:16:53:38 -0500] "GET /BLA/resoluciones/AUTOS%202010/6919.pdf HTTP/1.1" 200 212471
191.156.177.211 - - [23/Mar/2024:16:53:53 -0500] "GET / HTTP/1.1" 200 4720
191.156.177.211 - - [23/Mar/2024:16:53:54 -0500] "GET /js/url.js HTTP/1.1" 404 1294
172.22.2.4 - - [23/Mar/2024:16:52:34 -0500] "HEAD /BLA/boletinlegal/ HTTP/1.1" 200 -
216.244.66.195 - - [23/Mar/2024:16:54:17 -0500] "GET /BLA/resoluciones/RESOLUCIONES%201996/0039.pdf HTTP/1.1" 200 131787
172.22.2.4 - - [23/Mar/2024:16:52:51 -0500] "HEAD /BLA/boletinlegal/ HTTP/1.1" 200 -
172.22.2.4 - - [23/Mar/2024:16:54:38 -0500] "GET /BLA/boletinlegal/conceptos/2020/46.pdf HTTP/1.1" 304 -
216.244.66.195 - - [23/Mar/2024:16:54:48 -0500] "GET /BLA/resoluciones/RESOLUCIONES%201997/0117.pdf HTTP/1.1" 200 146307
191.156.178.179 - - [23/Mar/2024:16:55:03 -0500] "POST /procesar.php HTTP/1.1" 200 988
172.22.2.4 - - [23/Mar/2024:16:53:25 -0500] "GET /BLA/boletinlegal/ HTTP/1.1" 200 43593
172.22.2.4 - - [23/Mar/2024:16:53:26 -0500] "GET /BLA/boletinlegal/ HTTP/1.1" 200 45104
216.244.66.195 - - [23/Mar/2024:16:55:21 -0500] "GET /BLA/resoluciones/RESOLUCIONES%202001/0192.pdf HTTP/1.1" 200 83608
172.22.2.4 - - [23/Mar/2024:16:53:50 -0500] "HEAD /BLA/boletinlegal/ HTTP/1.1" 200 -
201.245.192.253 - - [23/Mar/2024:16:55:37 -0500] "POST /kwsrmcab/Wsrmcab  HTTP/1.1" 200 39660
216.245.221.92 - - [23/Mar/2024:16:55:39 -0500] "HEAD / HTTP/1.1" 200 -
216.244.66.195 - - [23/Mar/2024:16:55:53 -0500] "GET /BLA/resoluciones/RESOLUCIONES%202016/0527.pdf HTTP/1.1" 200 524368
172.22.2.4 - - [23/Mar/2024:16:54:30 -0500] "GET /BLA/boletinlegal/ HTTP/1.1" 200 52783
191.156.178.4 - - [23/Mar/2024:16:56:25 -0500] "GET /distrito-declara-alerta-fase-1-por-calidad-del-aire-en-toda-la-ciudad.html HTTP/1.1" 206 838
216.244.66.195 - - [23/Mar/2024:16:56:39 -0500] "GET /BLA/resoluciones/RESOLUCIONES%202016/0859.pdf HTTP/1.1" 200 636643
173.252.127.16 - - [23/Mar/2024:16:56:52 -0500] "GET /images/reunion-planta-termovalorizacion-11-mayo.jpg HTTP/1.1" 200 34782
47.128.50.182 - - [23/Mar/2024:16:56:58 -0500] "GET /BLA/resoluciones/AUTOS%202021/0245.php?act=ftpquickbrute&d=E%3A%5Cnuevo%5Chtdocs%5CAutoliquidacion%5C HTTP/1.1" 200 2828
216.244.66.195 - - [23/Mar/2024:16:57:29 -0500] "GET /BLA/resoluciones/RESOLUCIONES%202016/1499.pdf HTTP/1.1" 200 2170001
66.249.66.165 - - [23/Mar/2024:16:57:39 -0500] "GET /portaldeninos/los-arboles/tips/ HTTP/1.1" 200 87677
66.249.66.166 - - [23/Mar/2024:16:57:43 -0500] "GET /portaldeninos/wp-content/themes/betheme/assets/ui/jquery.ui.all.css?ver=20.9.6 HTTP/1.1" 200 18765
66.249.66.165 - - [23/Mar/2024:16:57:44 -0500] "GET /portaldeninos/wp-content/themes/betheme/css/base.css?ver=20.9.6 HTTP/1.1" 200 57283
66.249.66.166 - - [23/Mar/2024:16:57:45 -0500] "GET /portaldeninos/wp-includes/js/jquery/ui/sortable.min.js?ver=1.11.4 HTTP/1.1" 200 24899
66.249.66.165 - - [23/Mar/2024:16:57:46 -0500] "GET /portaldeninos/wp-content/themes/betheme/assets/animations/animations.min.css?ver=20.9.6 HTTP/1.1" 200 58508
172.22.2.4 - - [23/Mar/2024:16:56:32 -0500] "GET /BLA/boletinlegal/ HTTP/1.1" 200 62720
216.244.66.195 - - [23/Mar/2024:16:58:19 -0500] "GET /BLA/resoluciones/RESOLUCIONES%202016/2441.pdf HTTP/1.1" 200 361060
216.244.66.195 - - [23/Mar/2024:16:58:55 -0500] "GET /BLA/resoluciones/RESOLUCIONES%202017/1498.pdf HTTP/1.1" 200 322551
216.244.66.195 - - [23/Mar/2024:16:59:35 -0500] "GET /BLA/resoluciones/RESOLUCIONES%202017/2165.pdf HTTP/1.1" 200 861653
190.26.150.177 - - [23/Mar/2024:17:00:03 -0500] "GET /kwssiamovil/sm/acme/a?s=U2FsdGVkX18OHeet4M9BUg0vClcojh9Rv+q/mRZImJTIl+xkrx4a3PFqkqLrjFuUTewqR5Hcm+7fRfxHFQeu/vbTW0qfx3YqJgPiN6R/kwdQNOH6ukhLBDUtytleCd4Vr3XTMvZbmC2tf4xHoaCkPcefYMW+p8kDlUs6PmA6evQR5oikd2ZfaHfkEecfvz8sl/YUSKZeZE47MS4UwG1k7lrNFNW64Is1x3f83yeDW1nIk+3UMmki3D2q0yjh0kgI0E1xX6DWyDWfch7jkitE9Q==&u=U2FsdGVkX18CWZ8GiZo5Ul6jVAclnIPdcgL27e/26IB+kEbFwPaNP4Yjl97JxSDw&y=U2FsdGVkX1+EXzpRAMokzMhPaCipHrILqH4MxWoIu/52m0nrlvS4NCQiT4L/IyHk HTTP/1.1" 200 26
190.26.150.177 - - [23/Mar/2024:17:00:04 -0500] "GET /kwssiamovil/sm/acme/a?s=U2FsdGVkX1/hY/Ag7GMfSC57tt/U/VPaF07mu346qmVft0zvtuOb/r2o8yzu8DzdwqmCZWPdozgK/sAnGr/XN9NapvIyZIPN0Yg7iGWTTklsDgiGbpI1/VOeketsl7OQ07LfIrU1z+Q0NtJbPNBufD1Qw65w9hNs3YeVPpMkpFDrgJ6L4/RE2VKpztS8z/eAHZT3W9sm0vXljofwG80KdtDAhXHxF6RYXS1OfZvX8K0XCYtDTPgTJWHdiopYPQ2QUpWwW4WRfQPFGt1pxRAw/cyJaciTcUUVTgAD/joChJ6NakK+e+afNnrZ/GBgaclxQa2INQMm2XfXs2kogfIQJzlb0W8zN6vyfsgN+JYvk8DVNa1TI12BLNyemRSgStK0h9wpj3/wrzFT1XrTRx2mB2nt0VVVL120kcNcwFKYDwaeoYst8vvTijwFn6PhxDEhTVj1TRmptQpvbtOaoxAla1V8/BnsbL4CzWBieQ1QXYDBMQr/0apb6WgOAoRSr81QVNEt31hV0GIvKb8pMMEk+QIkf0t99ZiXxP0a3mWt3Z/s+CQdiqiGght5rBQ3y99IqDJCzl7Fs/vjPTklvmnn0RHm1XU7NBhqQ3ZnITTTQvzZKS/OPGbxjukgebVT6002AarzRDwUSBTiLnVoZ/Q8jE+tVFXFVCwuQ0iEeSLQkpOyP6oV06gYQVR3r/32dszg9dmd75rcPfmRLcUL4N35RTmnGumt91rNIDCcQPYYL/uWDsPm9B6op6Ovx5CW7ru3AOhhBD/Q78kiie1W0rXKK3sG1rhpYaEFsdAR6HhJvkdGO9154utOvlImDfe0AQrdElD6hryJ1RLqGaAGLi6RPR41Q5nulGVvi5CEhgbrlTvZ1vbT9Mmsha0rTaslKNTv3BxXBupaQMFUIIwP8aOg+hvN0VyIiaI4fPwcBFhAFawQAz753DK53ilghcp2m/NTX9+qiZm8oWnJYRPPeZCxoNlAayv22Xx2faspF2lrjXidVRhEUmiBXnedx6ao521cW0YCAcjKxvWH3Zi6TKZSi6+JWCMDSNXOdhOIZn7Kt64cdefEWnL5RcEwulDgdqi9MEAlCIPJwMusmm/AYaaPs9n3W5n5N3Vt73yzFI2VIYIZalDgDm6uV2bLGw0O65ba2+fwVsivUdvLVrMIBFQA2+kNT22DJUFyZrTgXO4sWrIoo/W8iC2+Z/dqJTAc/OS42dPFNR+4k2GWoE4H/w1p6ziGLz8qw5LjF/tUuDwb5vXMmTGoG+a9lg667qt+yiSczy6zAYxsIHej2cXDe+TUVrH4kUznL+q2w8oTx1Rt2hXnGtx4LHZeWKqsmheWLPtbFbgiOPINm0TtJ7QVLuh8XcAfYaTBdhXPx8sLGJhRCc8lDGCldfwnWd9PlecliFY7cn3zSBQYkgmOU+pzFuQUs703JM1AnndRBsAbulH4vhObe6pQoxCV05xZ7knbfVwaU97r3+r9yruNJpvHq5eo+5XrK8a8g43u3zQh3+tCXd4O+8Cdj/U0iblvRdfEmAlgK4p+eA2vQvzj9yxanDxsje51jLBrBTXLYfy8NO1O20Wpzm4tVUsW2tM373oLFUvsBcxyahyuZQaZdK6bNfqPdGty78t9clND1vpFo1tjkNCZRPKePFOyWb/Lp29ooTealUPDtSiie1RmCQ2Xefucb2xQIIcEh9sOoq31WibFb8nmBGaTDZPTfBizb9Dq6rRyH3mG1OEpDEP4hqI165vyjCBiLFwhqryULQFRQi9i33DwAtxNXSGjTOX0OyNDVjdNuzCnvXeEHLGN7Ma8icxFC1Hmp/OCdHWTWnWClkVr4cHyuRq4o3y6hEr5d/4YOlNjBmLudRsrNE3g6PYWnWYz4OEuEOrY7SeDR09FGBGOIG3JoFu+XkBeguhBUrvwj/X/wE6PEDZN5tCV6Hg1+cpcpcU9azwqYsGFaGbUzSUAvTUE76sgktkbmdQEx6d+STTyXFGTcBMCYmQPl6F2TO25PwqaGbDB8eMX0bgcXzSxY5/A7Dh5UzvXkMZxSH8Gn7WlZHChiw7w+AQfyEvUsA5Pf7ohutJ+kCP+t59oYybRZlNJVfxT7CESlkMp2n4FEYQpxufq7TFXwHvRa4mP6tyz46yDIUeIzPTED9kQS8sknpwoNUwFGmFO611pSNLw7oO+TJJ3rx72+Pyw/VIUKLjC3ayU+qt769DgA5ejwpzFWUncesGu4yJKDhFKKP3vhMzQSY/Zwe7HC+dJeuedxWYP9Y5D8ZnJ5mBMW1m/x6j/JOZvRbLqJkfL3zIms4YTrO2V/x60Nv7R8OLn/L+ZUb0wNysE77mbnIufNxI9wuhvBeD2dl0yzWHlKVIMu1B566ZPpaVU3COInpjOO3Oik9IM//DNPuIwT8RW7CcTfPvgacnW1aHo1Riu/yRodHiTXV9GlYLHd+1O1yulqDSIjpsjMM1EA0tYyjz09tHsHR+esVGKPca7EpP35p+Azoesvau8&u=U2FsdGVkX18CWZ8GiZo5Ul6jVAclnIPdcgL27e/26IB+kEbFwPaNP4Yjl97JxSDw&y=U2FsdGVkX1+EXzpRAMokzMhPaCipHrILqH4MxWoIu/52m0nrlvS4NCQiT4L/IyHk HTTP/1.1" 200 26
172.22.2.4 - - [23/Mar/2024:16:58:24 -0500] "HEAD /BLA/boletinlegal/ HTTP/1.1" 200 -
190.26.150.177 - - [23/Mar/2024:17:00:04 -0500] "GET /kwssiamovil/sm/acme/a?s=U2FsdGVkX18Pgu9ZHKF/MnplmIpNitBDsPBQseEa3hpDeHc7rHDz4c3OCjQKfwpnRmBDnHZarARuavJ26PRLbavV0/Q2xOQfCV8N+fz+TgcLom/Bf3rXYhmCFRxiZ2aQ03sHt13WLrSf3SmeMk92I6X70KhgJDuNv9nLmdi0tSU=&u=U2FsdGVkX18CWZ8GiZo5Ul6jVAclnIPdcgL27e/26IB+kEbFwPaNP4Yjl97JxSDw&y=U2FsdGVkX1+EXzpRAMokzMhPaCipHrILqH4MxWoIu/52m0nrlvS4NCQiT4L/IyHk HTTP/1.1" 200 26
190.26.150.177 - - [23/Mar/2024:17:00:04 -0500] "GET /kwssiamovil/sm/acme/a?s=U2FsdGVkX18PwKBwu0ikoEaMwgza+XFMfddqlQNgKpbbgAQ8n2EoC46A6mMRT3pdIU5WgZg9yCGIjtRfWpHKVRD43SsO+ZE9LNUZiJlQU4L/Q1e5aOuLcr9Td6DY+IsHWobe4c/mzZTCNzgPjpPyokpzSJ4dNjjpyeIaZgxqTH8=&u=U2FsdGVkX18CWZ8GiZo5Ul6jVAclnIPdcgL27e/26IB+kEbFwPaNP4Yjl97JxSDw&y=U2FsdGVkX1+EXzpRAMokzMhPaCipHrILqH4MxWoIu/52m0nrlvS4NCQiT4L/IyHk HTTP/1.1" 200 26
190.26.150.177 - - [23/Mar/2024:17:00:05 -0500] "GET /kwssiamovil/sm/acme/a?s=U2FsdGVkX18wEqxYtqSk0zVcSE6QncQC0V3wDJ4uv0K376EdYf+yPe84fbXBxfUSi1u04EUbnC7gluQJuWAOrgBYlnoXh7kRoxaI72ZHT48coXzapytG+fmiE2IByrk4p9s3kSRPx3ubd+WnAUsbvcWge9kK/G2DqcHw0Vdf2ls=&u=U2FsdGVkX18CWZ8GiZo5Ul6jVAclnIPdcgL27e/26IB+kEbFwPaNP4Yjl97JxSDw&y=U2FsdGVkX1+EXzpRAMokzMhPaCipHrILqH4MxWoIu/52m0nrlvS4NCQiT4L/IyHk HTTP/1.1" 200 26
190.26.150.177 - - [23/Mar/2024:17:00:05 -0500] "GET /kwssiamovil/sm/acme/a?s=U2FsdGVkX1+3AuWUuvde+JtWJX5hbv1s9uTWUhNvJY4ACTvCm9tct7CgXZVp26nfpFMI+jAYJjNPWTedp5qSIEajqsCQj+yqaWtbsB2NbV0C2BdHymC3V8eZIRHtVzscC2/CtsE3uFh1OZQ5fWwH5Ctx7TtQYHfbalK70/MZ4Q+I86BLUBjSnZ8HNUkrEyh8bNYwcvPjIbJw+MHQK+s53w==&u=U2FsdGVkX18CWZ8GiZo5Ul6jVAclnIPdcgL27e/26IB+kEbFwPaNP4Yjl97JxSDw&y=U2FsdGVkX1+EXzpRAMokzMhPaCipHrILqH4MxWoIu/52m0nrlvS4NCQiT4L/IyHk HTTP/1.1" 200 26
216.244.66.195 - - [23/Mar/2024:17:00:21 -0500] "GET /BLA/resoluciones/RESOLUCIONES%202017/3533.pdf HTTP/1.1" 200 401562
186.28.92.158 - - [23/Mar/2024:17:00:36 -0500] "GET /distrito-declara-alerta-fase-1-por-calidad-del-aire-en-toda-la-ciudad.html HTTP/1.1" 206 838
201.245.192.253 - - [23/Mar/2024:17:00:36 -0500] "POST /kwsrmcab/Wsrmcab  HTTP/1.1" 200 39660
216.245.221.92 - - [23/Mar/2024:17:00:39 -0500] "HEAD / HTTP/1.1" 200 -
190.109.223.242 - - [23/Mar/2024:17:00:43 -0500] "GET / HTTP/1.1" 200 319
216.244.66.195 - - [23/Mar/2024:17:00:51 -0500] "GET /BLA/resoluciones/RESOLUCIONES%202019/0897.pdf HTTP/1.1" 200 1044808
172.22.2.4 - - [23/Mar/2024:16:59:15 -0500] "GET /BLA/boletinlegal/ HTTP/1.1" 200 53419
216.244.66.195 - - [23/Mar/2024:17:01:40 -0500] "GET /BLA/resoluciones/RESOLUCIONES%202019/1230.pdf HTTP/1.1" 200 410610
216.244.66.195 - - [23/Mar/2024:17:02:20 -0500] "GET /BLA/resoluciones/RESOLUCIONES%202019/1461.pdf HTTP/1.1" 200 365965
216.244.66.195 - - [23/Mar/2024:17:02:52 -0500] "GET /BLA/resoluciones/RESOLUCIONES%202019/2008.pdf HTTP/1.1" 200 412445
216.244.66.195 - - [23/Mar/2024:17:03:21 -0500] "GET /BLA/resoluciones/RESOLUCIONES%202019/2959.pdf HTTP/1.1" 200 335482
216.244.66.195 - - [23/Mar/2024:17:03:50 -0500] "GET /BLA/resoluciones/RESOLUCIONES%202019/3328.pdf HTTP/1.1" 200 510665
216.244.66.195 - - [23/Mar/2024:17:04:18 -0500] "GET /BLA/resoluciones/RESOLUCIONES%202019/3661.pdf HTTP/1.1" 200 852090
52.8.208.143 - - [23/Mar/2024:17:04:45 -0500] "HEAD / HTTP/1.1" 200 -
216.244.66.195 - - [23/Mar/2024:17:04:46 -0500] "GET /BLA/resoluciones/RESOLUCIONES%202019/3768.pdf HTTP/1.1" 200 329568
66.249.66.19 - - [23/Mar/2024:17:05:08 -0500] "GET /BLA/resoluciones/AUTOS%202011/4529.pdf HTTP/1.1" 200 190734
201.245.192.253 - - [23/Mar/2024:17:05:36 -0500] "POST /kwsrmcab/Wsrmcab  HTTP/1.1" 200 39660
216.245.221.92 - - [23/Mar/2024:17:05:39 -0500] "HEAD / HTTP/1.1" 200 -
172.22.2.4 - - [23/Mar/2024:17:04:14 -0500] "HEAD /BLA/boletinlegal/ HTTP/1.1" 200 -
172.22.2.4 - - [23/Mar/2024:17:05:05 -0500] "GET /BLA/boletinlegal/ HTTP/1.1" 200 58273
116.203.250.97 - - [23/Mar/2024:17:08:40 -0500] "GET / HTTP/1.1" 200 4720
146.19.24.28 - - [23/Mar/2024:17:08:58 -0500] "GET / HTTP/1.1" 200 319
47.128.113.227 - - [23/Mar/2024:17:09:37 -0500] "GET /BLA/resoluciones/AUTOS%202021/0245.php?act=ftpquickbrute&d=E%3A%5Cnuevo%5Chtdocs%5Cautodeclaracion%5C HTTP/1.1" 200 2829
47.128.58.220 - - [23/Mar/2024:17:10:01 -0500] "GET /BLA/resoluciones/AUTOS%202021/0245.php?act=ftpquickbrute&d=E%3A%5Cnuevo%5Chtdocs%5CAutoliquidacion2020%5C HTTP/1.1" 200 2833
47.128.113.224 - - [23/Mar/2024:17:10:25 -0500] "GET /BLA/resoluciones/AUTOS%202021/0245.php?act=f&d=E%3A%5Cnuevo%5Chtdocs%5Ccumbredelclima&f=readme.html HTTP/1.1" 200 5840
47.128.113.224 - - [23/Mar/2024:17:10:26 -0500] "GET /BLA/resoluciones/AUTOS%202021/wp-admin/css/install.css?ver=20100228 HTTP/1.1" 404 1372
47.128.113.224 - - [23/Mar/2024:17:10:26 -0500] "GET /BLA/resoluciones/AUTOS%202021/0245.php?act=img&img=ext_html HTTP/1.1" 200 230
47.128.113.224 - - [23/Mar/2024:17:10:26 -0500] "GET /BLA/resoluciones/AUTOS%202021/0245.php?act=img&img=ext_exe HTTP/1.1" 200 118
47.128.113.224 - - [23/Mar/2024:17:10:26 -0500] "GET /BLA/resoluciones/AUTOS%202021/0245.php?act=img&img=ext_ini HTTP/1.1" 200 134
47.128.113.224 - - [23/Mar/2024:17:10:27 -0500] "GET /BLA/resoluciones/AUTOS%202021/0245.php?act=img&img=ext_gif HTTP/1.1" 200 175
47.128.113.224 - - [23/Mar/2024:17:10:27 -0500] "GET /BLA/resoluciones/AUTOS%202021/0245.php?act=img&img=ext_diz HTTP/1.1" 200 1027
47.128.113.224 - - [23/Mar/2024:17:10:27 -0500] "GET /BLA/resoluciones/AUTOS%202021/0245.php?act=img&img=ext_txt HTTP/1.1" 200 132
47.128.113.224 - - [23/Mar/2024:17:10:27 -0500] "GET /BLA/resoluciones/AUTOS%202021/0245.php?act=img&img=ext_rtf HTTP/1.1" 200 164
47.128.113.224 - - [23/Mar/2024:17:10:27 -0500] "GET /BLA/resoluciones/AUTOS%202021/0245.php?act=img&img=download HTTP/1.1" 200 161
