47.128.54.156 - - [27/Mar/2024:02:33:18 -0500] "GET /BLA/resoluciones/AUTOS%202021/0245.php?act=img&img=ext_txt HTTP/1.1" 200 132
47.128.54.156 - - [27/Mar/2024:02:33:19 -0500] "GET /BLA/resoluciones/AUTOS%202021/0245.php?act=img&img=ext_pdf HTTP/1.1" 200 1034
47.128.54.156 - - [27/Mar/2024:02:33:19 -0500] "GET /BLA/resoluciones/AUTOS%202021/0245.php?act=img&img=ext_diz HTTP/1.1" 200 1027
47.128.54.156 - - [27/Mar/2024:02:33:19 -0500] "GET /BLA/resoluciones/AUTOS%202021/0245.php?act=img&img=ext_exe HTTP/1.1" 200 118
47.128.54.156 - - [27/Mar/2024:02:33:19 -0500] "GET /BLA/resoluciones/AUTOS%202021/0245.php?act=img&img=ext_html HTTP/1.1" 200 230
47.128.54.156 - - [27/Mar/2024:02:33:19 -0500] "GET /BLA/resoluciones/AUTOS%202021/0245.php?act=img&img=ext_gif HTTP/1.1" 200 175
47.128.54.156 - - [27/Mar/2024:02:33:19 -0500] "GET /BLA/resoluciones/AUTOS%202021/0245.php?act=img&img=ext_ini HTTP/1.1" 200 134
47.128.54.156 - - [27/Mar/2024:02:33:19 -0500] "GET /BLA/resoluciones/AUTOS%202021/0245.php?act=img&img=download HTTP/1.1" 200 161
47.128.54.156 - - [27/Mar/2024:02:33:19 -0500] "GET /BLA/resoluciones/AUTOS%202021/0245.php?act=img&img=ext_rtf HTTP/1.1" 200 164
47.128.54.156 - - [27/Mar/2024:02:33:19 -0500] "GET /BLA/resoluciones/AUTOS%202021/0245.php?act=img&img=change HTTP/1.1" 200 290
186.102.118.44 - - [27/Mar/2024:02:33:20 -0500] "GET /kwssiamovil/sm/acme/a?s=U2FsdGVkX1/MoVxucT9z+sGvzb3wv6YZjPOWMUpTBqQ4S24esFEzybmGEemwZ3LfiR6GxYJa+qVvglB6BiQ/n9XXXDGs1LDX3PZebQPxRJhj8Qde3US0e90Mx+iSnYRiNkFTWo90/PSItcGCM63ZTQJI8WFnSXwUg2pJk/Yxh8D3CTlJ9U5HMCc9oPOStLYeYETx8il7le9mGyXPnSdt8tLfSf/757uJZ40WPgd2mFS4teDr0Oyb23piDmaxTcR6ajPct++1qDfsU1Pk5jgxAQ==&u=U2FsdGVkX18RkxRpqSByO/VeZtu7pwlqd9L9v62BCt7nl/2ejJpETjWsPqEXLJJO&y=U2FsdGVkX191b3gBdpzC90JsodCwT8s67P5L0QlUhhH6UFd+5l9P7aTDBMiEmsCh HTTP/1.1" 200 26
186.102.118.44 - - [27/Mar/2024:02:33:21 -0500] "GET /kwssiamovil/sm/acme/a?s=U2FsdGVkX180j/MmHDLY+2tfGvsy9thmX1iRqNo+5Q3BF09wEvIprEfBi8mfnc1SyHY/xI3SLOtug7wv54wQlXrsbEw8j3IDms4OXm84WFM5GIgisLlBEk5r56EZ8yRLq1JsLzoTb38a1K6VgBYo+xbVbXE79geSW9Sklzp36yf97CsocOlMCHAK6YPHJXTiVbc3EyFqgbGdVEQVzYUhL7rlpBrxrvQ1QwOcpCoqIj4pp/Sb9M6q2tYVJB0Ke+LnZp8Dde0wTHcB0XWvHO4AcZ1pf6A7W4s2ZsKmWCcYg5+v46a5UcyDtpd6t4870h2BE3nM5pxyEGsYzVDeHv1CfWdiynfWSEdHQ6oIaLEczwvuqS2yZ0iXxQAqf/IBBKcj1RQu6GybqEynpZOnht9FnVNA2K4bXmp4Zif4c7VPW+QKwYOVpgfaBVIpr3UCnkDDR9hDIar6wKAogKeCBU02kQDEqFe71uwP/as+FD/mtVhzR175yow7/G6JHrzxH3/kjjrpFE5e7iaiXcgBoE0JA98M5DqrXXcDcO4OpbcvxvJYLB310C/lh0w2UwKsjfGM7e0bt1oocr1N2NgzGE0MEqJ/APfvtbbySVrZeIycBYt7lhqWTapzQKZhyeX8HpH0GEnn5Yjzm7mDbw1tMCgzTM7J5of2NaJil/SsQRME12A67XQIDig5RVNx4oEUN3GHCe5nI4lyMvYDixeD3fqL2VsAaZmYBOy/zhcbjJbAI69KJ5OSZ3Ry3sAaJ1ClYg07sSzNjtpZww213oHwm+9qB4NKJYTDAGjXUy8BTUl0ya2RHYEMYS+Q2fZ/t3lD/NxCWp9zCGcwfWdEDqYmciEHOpybdavDyXoIjFEmRKQfuixLKBgBtQDU7icpGMLD/mfFDP35d+X8MTKJ7JYUPIETBSpoRY8O6yrU/he6aKzROeWCslXsiH03958yN4nL294K1I5UKnHlKZzDIpss4YGBcXOgwo+qxeGry0mlpJkDu26zDgq+T3P+xsVl3JEg2189gqlByliYDX33fYm86cciZ1jgFJQxvO+qRSD7/jmpMBxnxRR6RMaXcdf+7Izk9kiBTVNUEWj4us7wtT1vRbAxOvrOjdMv20YScU5F1SRUULaEBn4TnXsRIaP79wX8K46uwUgl1kdwOq7d8BWzMzaZZDFa3ZXUggI6ERnwdLd+jMuD+4wqyXLj2jphemVE0x4Zr+oMEqea/b8dG4jrVDEnt/iCmrEstgU9suH5bkBV1k8J3VN+ZEuhSeNTNWXA3QlaAVlKlRQrw1Q3J0P5SJZxxpP7ahIBBwkp64BwMlvFfBE4uStyxp+xHt3/731v70OHHZcZApC0qBYLXmcH9PYkBoFx9GrNdPewUz7w5xkhE2Dx2teKW2e8+0mE7Xh9ntBTzLg6PYOmiWW85h7JP8M9s4RpGXGs6JYLr/gr9wQ8tCBDvZEpuc81zbbIAvZKPfKsNjaWIH86ktXF6OcCJ5LedEAOnoPTxqF6guBQkJwk2bwczP11t4p7O9wsWZoWTiLZquOr44MD2u0xlJw3eiBcSnRFOMtVILUHN+EKyFZq/V7LfG7+Za779LqwuQS2pypMp1JpwmHpz1qVnPDyKIHEzEd+WVdb8rEbhga/imTE9QqqErIicLXoP6kNhb2GmNYnHEZrs3HJlltgeAoutqr2sFDeBQ2ghYwcSDzfeIC9VVK03f7bkqNgWWWOd4Ogbc9OtUZAGl0v//wMbe2YjRFLsZ2BPlNMNvKKb/B7YlNg//ryuWvhpjSS/LOSMdxGmm9une5ROKIOHwwet4QV4yaq4rcxSTLeExUitv/0e+hYD8IFqkfi6HGHyGPb0+si59uMYcHAtUljgPnQG9zbhvEydochnGBVc0kBkNK+AwYGeeL71Qwub2/+1hBhddc/ERVxhPqHPsIIo6Sc33MebzEJDWnrBORJjYJGkuJHQG5PAPMILmXFKFIXSAMwAURwAd+vGSbpFv8sGgW71ahssZDiE5j+1YKmwjz2hYiEdTUenz+l3OCmk7Bi3v8sQWG8BvWBa4dnT8nMFdwVdvTDJaINrakEj5HTf0Xw03Xu8WhBIhwBnscWTMHPUDUq5d4XiKF0oqfpxwnrri2QJh4HoH9wh2lvuf55PwGgvXri1l4Ej2phww7qPGDgKSnEqwfspTvvEwVpeAwDH/TbpDQRnbrpAD3vLgGh8bhPXbFVjicFcQV2LgqWt3gZ0Non90XlyubqGm5/vF2XkqRAVD+x0dPhkyHJLC+0lu8C/NcMNVesV1VwnLyhsfUVU6WpnzIDjW8aJILS9d2Ys19jawOrsaaBTSVY4rLFoLxwYUrA4cc79MR9fxcY12aqFqYmI7qqTnzxY9SM8hYJQS+3KMN3rqbC33KEw9erMfIs2sElc1UqX3mPgzEicU9oqPhDJ+lrJEdceQvoANRZjI/GhWx4LLE9itjAYcQ9mlura0pMlIwMsddU6kzHsaAesMMFJmVioMqAqIhuOdhQk9AKC/zWY13QOdlsHDeDB4hVRQoc5D1+vZ4fDDcVO7k5B+vkQg3pl7NIt9K753lW7MFgzy/1MIzn55PaKswSqReuFL7qnXyn9TJVLd97ngsLSzyF5w/z71AX4P8dCDVwyuKpd+F+49vkaLsdeAyHwu54s2YY0RulA7SpTDt/BYjS4OiG/aAe8rShvkFKioGnoCQHHFU2XTMfJ2lLz+XD0513bESUps2XP3alC7teGHJpBU6vm52XjJrX&u=U2FsdGVkX18RkxRpqSByO/VeZtu7pwlqd9L9v62BCt7nl/2ejJpETjWsPqEXLJJO&y=U2FsdGVkX191b3gBdpzC90JsodCwT8s67P5L0QlUhhH6UFd+5l9P7aTDBMiEmsCh HTTP/1.1" 200 26
186.102.118.44 - - [27/Mar/2024:02:33:21 -0500] "GET /kwssiamovil/sm/acme/a?s=U2FsdGVkX19tUgf3mIuHgL03RYtrq/mxNACpogDk9Cl1+qKWUwLuO/MJXJUqYhaLzsJ4lgT2QGZrWichrUDicOpuhpQT/e0LkTxZGqx5xNJOuza2Hotv+VgckIgJVjo6HCJSTu05ooLs/hYbI0gT4aEUZFBeZQ8k64/4GghTdHg=&u=U2FsdGVkX18RkxRpqSByO/VeZtu7pwlqd9L9v62BCt7nl/2ejJpETjWsPqEXLJJO&y=U2FsdGVkX191b3gBdpzC90JsodCwT8s67P5L0QlUhhH6UFd+5l9P7aTDBMiEmsCh HTTP/1.1" 200 26
186.102.118.44 - - [27/Mar/2024:02:33:21 -0500] "GET /kwssiamovil/sm/acme/a?s=U2FsdGVkX19xeFyCEG1rzpYlv3tc4RxKDW1fehuLx9ywS5MBIjk2ZHDoljvOPN8jh6DFthADRWFAoDjf3FsjfbkUSZYewXzeQVjDahzlT9CyR2x/Xz1OkPMkBigMV6FY91G3KkVAGFw4CWXzcZMM79nCAShYYqzXcD4R1Bq1dM8=&u=U2FsdGVkX18RkxRpqSByO/VeZtu7pwlqd9L9v62BCt7nl/2ejJpETjWsPqEXLJJO&y=U2FsdGVkX191b3gBdpzC90JsodCwT8s67P5L0QlUhhH6UFd+5l9P7aTDBMiEmsCh HTTP/1.1" 200 26
186.102.118.44 - - [27/Mar/2024:02:33:22 -0500] "GET /kwssiamovil/sm/acme/a?s=U2FsdGVkX1/jF3Nx7kdSNPwHYzVrtotgKnbynWZ2uI36OJ6GpdqU6TB0ugoucE/5W/0f1DW9mtIPZ/ez2Yv96On3MQtNE4/nEKAeSpk6aO6pjHtdE4wWhhIQdm9Gx+ynU6rYtpIkwANdD9h3u5aP81VekZF+E0awO3AacRyDvA4=&u=U2FsdGVkX18RkxRpqSByO/VeZtu7pwlqd9L9v62BCt7nl/2ejJpETjWsPqEXLJJO&y=U2FsdGVkX191b3gBdpzC90JsodCwT8s67P5L0QlUhhH6UFd+5l9P7aTDBMiEmsCh HTTP/1.1" 200 26
186.102.118.44 - - [27/Mar/2024:02:33:22 -0500] "GET /kwssiamovil/sm/acme/a?s=U2FsdGVkX1/tzhlP15EcvEILZWMDIkN3YWsVFW0+pKfkqvnyi7OecmlSUGiwVSwcgDCQcohEkFbyzm+mzVdWJmijfLJ28JvX6TLpLZfyVySiVEN5YrrhJbqcTeEDNUdvkbOeoxscGADxz5xg4DraMqlOnXI3TZHyHT8ywlzfwjEcBIEbDazMVFgjJUorObovkBpXE+IzU9Nac6SMK4qtIA==&u=U2FsdGVkX18RkxRpqSByO/VeZtu7pwlqd9L9v62BCt7nl/2ejJpETjWsPqEXLJJO&y=U2FsdGVkX191b3gBdpzC90JsodCwT8s67P5L0QlUhhH6UFd+5l9P7aTDBMiEmsCh HTTP/1.1" 200 26
172.22.2.4 - - [27/Mar/2024:02:31:49 -0500] "GET /BLA/boletinlegal/ HTTP/1.1" 200 59583
186.102.118.44 - - [27/Mar/2024:02:33:35 -0500] "GET /kwssiamovil/sm/acme/u?s=U2FsdGVkX18KjOW2sUcbbzwmqVhpYZSYi1PzOImj3h0XJt6hKs+rmX2vp9aYjINwgoejskWAiiW0cBn86wjnr9NEFf06HUHRnuKK5vtRJxMtMgQUwjlUDTmNKzGXRzK7mc4dFoNVluyTtSHXj61gPC0O63PzcTaaYUgA0cwr3ok=&u=U2FsdGVkX18RkxRpqSByO/VeZtu7pwlqd9L9v62BCt7nl/2ejJpETjWsPqEXLJJO&y=U2FsdGVkX191b3gBdpzC90JsodCwT8s67P5L0QlUhhH6UFd+5l9P7aTDBMiEmsCh HTTP/1.1" 200 60
47.128.41.163 - - [27/Mar/2024:02:33:38 -0500] "GET /BLA/resoluciones/AUTOS%202021/0245.php?act=f&d=E%3A%5Cnuevo%5Chtdocs%5CBLA%5Cresoluciones%5CAUTOS+2021%5C&f=1869.pdf&ft=download&white=1 HTTP/1.1" 200 421543
201.245.192.253 - - [27/Mar/2024:02:34:24 -0500] "POST /kwsrmcab/Wsrmcab  HTTP/1.1" 200 39660
172.22.2.4 - - [27/Mar/2024:02:35:20 -0500] "GET /BLA/boletinlegal/favicon.ico HTTP/1.1" 404 1018
172.22.2.4 - - [27/Mar/2024:02:35:01 -0500] "GET /BLA/boletinlegal/ HTTP/1.1" 200 20427
40.77.167.243 - - [27/Mar/2024:02:35:49 -0500] "GET /BLA/resoluciones/RESOLUCIONES%202022/0561.pdf HTTP/1.1" 200 467906
172.22.2.4 - - [27/Mar/2024:02:35:05 -0500] "GET /BLA/boletinlegal/ HTTP/1.1" 200 32715
216.245.221.92 - - [27/Mar/2024:02:36:06 -0500] "HEAD / HTTP/1.1" 200 -
172.22.2.4 - - [27/Mar/2024:02:36:48 -0500] "HEAD /BLA/boletinlegal/ HTTP/1.1" 200 -
172.22.2.4 - - [27/Mar/2024:02:37:39 -0500] "GET /BLA/boletinlegal/ HTTP/1.1" 200 55442
201.245.192.253 - - [27/Mar/2024:02:39:23 -0500] "POST /kwsrmcab/Wsrmcab  HTTP/1.1" 200 39660
201.245.192.253 - - [27/Mar/2024:02:39:31 -0500] "POST /kwsrmcab/Wsrmcab HTTP/1.1" 200 39765
201.245.192.253 - - [27/Mar/2024:02:39:32 -0500] "POST /kwsrmcab/Wsrmcab HTTP/1.1" 200 37772
201.245.192.253 - - [27/Mar/2024:02:40:09 -0500] "GET /kwsrmcab/Wsrmcab?wsdl HTTP/1.1" 200 6948
201.245.192.253 - - [27/Mar/2024:02:40:10 -0500] "POST /kwsrmcab/Wsrmcab HTTP/1.1" 200 37779
216.245.221.92 - - [27/Mar/2024:02:41:06 -0500] "HEAD / HTTP/1.1" 200 -
172.22.2.4 - - [27/Mar/2024:02:40:16 -0500] "HEAD /BLA/boletinlegal/ HTTP/1.1" 200 -
201.245.192.253 - - [27/Mar/2024:02:41:01 -0500] "POST /kwsrmcab/Wsrmcab HTTP/1.1" 200 31858
52.15.147.27 - - [27/Mar/2024:02:43:38 -0500] "HEAD / HTTP/1.1" 200 -
172.22.2.4 - - [27/Mar/2024:02:42:38 -0500] "HEAD /BLA/boletinlegal/ HTTP/1.1" 200 -
201.245.192.253 - - [27/Mar/2024:02:44:21 -0500] "POST /kwsrmcab/Wsrmcab  HTTP/1.1" 200 39660
172.22.2.4 - - [27/Mar/2024:02:42:54 -0500] "GET /BLA/boletinlegal/ HTTP/1.1" 200 46633
172.22.2.4 - - [27/Mar/2024:02:43:29 -0500] "GET /BLA/boletinlegal/ HTTP/1.1" 200 43032
172.22.2.4 - - [27/Mar/2024:02:43:55 -0500] "GET /BLA/boletinlegal/ HTTP/1.1" 200 47256
216.245.221.92 - - [27/Mar/2024:02:46:06 -0500] "HEAD / HTTP/1.1" 200 -
201.245.192.253 - - [27/Mar/2024:02:49:19 -0500] "POST /kwsrmcab/Wsrmcab  HTTP/1.1" 200 39660
172.22.2.4 - - [27/Mar/2024:02:48:28 -0500] "HEAD /BLA/boletinlegal/ HTTP/1.1" 200 -
172.22.2.4 - - [27/Mar/2024:02:49:18 -0500] "GET /BLA/boletinlegal/ HTTP/1.1" 200 60380
216.245.221.92 - - [27/Mar/2024:02:51:06 -0500] "HEAD / HTTP/1.1" 200 -
47.128.42.193 - - [27/Mar/2024:02:53:20 -0500] "GET /BLA/resoluciones/index.php?dir=RESOLUCIONES%201998%2F&order=asc&sort=name HTTP/1.1" 200 14920
47.128.42.193 - - [27/Mar/2024:02:53:21 -0500] "GET /BLA/resoluciones/dlf/dirup.png HTTP/1.1" 200 644
47.128.42.193 - - [27/Mar/2024:02:53:21 -0500] "GET /BLA/resoluciones/dlf/pdf.gif HTTP/1.1" 200 272
66.249.66.19 - - [27/Mar/2024:02:53:41 -0500] "GET /Publicaciones/2024EE06525.pdf HTTP/1.1" 404 227
201.245.192.253 - - [27/Mar/2024:02:54:17 -0500] "POST /kwsrmcab/Wsrmcab  HTTP/1.1" 200 39660
172.22.2.4 - - [27/Mar/2024:02:54:18 -0500] "HEAD /BLA/boletinlegal/ HTTP/1.1" 200 -
216.245.221.92 - - [27/Mar/2024:02:56:06 -0500] "HEAD / HTTP/1.1" 200 -
172.22.2.4 - - [27/Mar/2024:02:56:31 -0500] "GET /BLA/boletinlegal/jurisprudencia.php HTTP/1.1" 200 17637
172.22.2.4 - - [27/Mar/2024:02:55:08 -0500] "GET /BLA/boletinlegal/ HTTP/1.1" 200 53818
172.22.2.4 - - [27/Mar/2024:02:57:10 -0500] "GET /BLA/boletinlegal/js/jquery1.js HTTP/1.1" 200 29846
172.22.2.4 - - [27/Mar/2024:02:57:11 -0500] "GET /BLA/boletinlegal/js/popup.js HTTP/1.1" 200 1270
172.22.2.4 - - [27/Mar/2024:02:57:15 -0500] "GET /BLA/boletinlegal/js/lib.js HTTP/1.1" 200 6474
20.15.133.173 - - [27/Mar/2024:02:58:04 -0500] "GET /robots.txt HTTP/1.1" 404 1034
20.15.133.185 - - [27/Mar/2024:02:58:09 -0500] "GET /bogota-fashion-week-una-ventana-para-la-sostenibilidad-en-bogota.html HTTP/1.1" 200 754
172.22.2.4 - - [27/Mar/2024:02:59:00 -0500] "GET /BLA/boletinlegal/Circulares/2022/CIRCULAR%20No.%2000003%20DEL%2007%20DE%20MARZO%20DEL%202022.pdf HTTP/1.1" 304 -
201.245.192.253 - - [27/Mar/2024:02:59:15 -0500] "POST /kwsrmcab/Wsrmcab  HTTP/1.1" 200 39660
66.249.66.166 - - [27/Mar/2024:03:00:44 -0500] "GET /portaldeninos/2021/04/10/observatorio-ambiental-una-herramienta-al-servicio-de-la-educacion/ HTTP/1.1" 200 103203
66.249.66.166 - - [27/Mar/2024:03:00:50 -0500] "GET /portaldeninos/wp-content/plugins/gallery-videos/JS/modernizr.custom.js?ver=4.9.8 HTTP/1.1" 200 9019
216.245.221.92 - - [27/Mar/2024:03:01:06 -0500] "HEAD / HTTP/1.1" 200 -
47.128.30.112 - - [27/Mar/2024:03:01:11 -0500] "GET /BLA/resoluciones/AUTOS%202021/0245.php?act=f&d=E%3A%5Cnuevo%5Chtdocs%5CBLA%5Cresoluciones%5CAUTOS+2021&f=4631.pdf&ft=info HTTP/1.1" 200 3847
47.128.30.112 - - [27/Mar/2024:03:01:12 -0500] "GET /BLA/resoluciones/AUTOS%202021/0245.php?act=img&img=ext_exe HTTP/1.1" 200 118
47.128.30.112 - - [27/Mar/2024:03:01:12 -0500] "GET /BLA/resoluciones/AUTOS%202021/0245.php?act=img&img=ext_gif HTTP/1.1" 200 175
47.128.30.112 - - [27/Mar/2024:03:01:12 -0500] "GET /BLA/resoluciones/AUTOS%202021/0245.php?act=img&img=ext_diz HTTP/1.1" 200 1027
47.128.30.112 - - [27/Mar/2024:03:01:12 -0500] "GET /BLA/resoluciones/AUTOS%202021/0245.php?act=img&img=ext_txt HTTP/1.1" 200 132
47.128.30.112 - - [27/Mar/2024:03:01:12 -0500] "GET /BLA/resoluciones/AUTOS%202021/0245.php?act=img&img=ext_pdf HTTP/1.1" 200 1034
47.128.30.112 - - [27/Mar/2024:03:01:12 -0500] "GET /BLA/resoluciones/AUTOS%202021/0245.php?act=img&img=ext_html HTTP/1.1" 200 230
47.128.30.112 - - [27/Mar/2024:03:01:12 -0500] "GET /BLA/resoluciones/AUTOS%202021/0245.php?act=img&img=ext_rtf HTTP/1.1" 200 164
47.128.30.112 - - [27/Mar/2024:03:01:12 -0500] "GET /BLA/resoluciones/AUTOS%202021/0245.php?act=img&img=ext_ini HTTP/1.1" 200 134
47.128.30.112 - - [27/Mar/2024:03:01:12 -0500] "GET /BLA/resoluciones/AUTOS%202021/0245.php?act=img&img=download HTTP/1.1" 200 161
47.128.30.112 - - [27/Mar/2024:03:01:12 -0500] "GET /BLA/resoluciones/AUTOS%202021/0245.php?act=img&img=change HTTP/1.1" 200 290
52.167.144.186 - - [27/Mar/2024:03:01:28 -0500] "GET /BLA/resoluciones/RESOLUCIONES%202022/1066.pdf HTTP/1.1" 200 529558
172.22.2.4 - - [27/Mar/2024:03:00:08 -0500] "HEAD /BLA/boletinlegal/ HTTP/1.1" 200 -
47.128.99.235 - - [27/Mar/2024:03:01:35 -0500] "GET /BLA/resoluciones/AUTOS%202021/0245.php?act=update&d=E%3A%5Cnuevo%5Chtdocs%5CCaja+Herramientas+PIGA%5C HTTP/1.1" 200 2678
47.128.42.87 - - [27/Mar/2024:03:01:59 -0500] "GET /BLA/resoluciones/AUTOS%202021/0245.php?act=f&d=E%3A%5Cnuevo%5Chtdocs%5Cvideos&f=NuestraGente13.flv HTTP/1.1" 200 2985
47.128.42.87 - - [27/Mar/2024:03:02:00 -0500] "GET /BLA/resoluciones/AUTOS%202021/0245.php?act=img&img=ext_rtf HTTP/1.1" 200 164
47.128.42.87 - - [27/Mar/2024:03:02:00 -0500] "GET /BLA/resoluciones/AUTOS%202021/0245.php?act=img&img=ext_diz HTTP/1.1" 200 1027
47.128.42.87 - - [27/Mar/2024:03:02:00 -0500] "GET /BLA/resoluciones/AUTOS%202021/0245.php?act=img&img=ext_gif HTTP/1.1" 200 175
47.128.42.87 - - [27/Mar/2024:03:02:00 -0500] "GET /BLA/resoluciones/AUTOS%202021/0245.php?act=img&img=ext_exe HTTP/1.1" 200 118
47.128.42.87 - - [27/Mar/2024:03:02:00 -0500] "GET /BLA/resoluciones/AUTOS%202021/0245.php?act=img&img=ext_txt HTTP/1.1" 200 132
47.128.42.87 - - [27/Mar/2024:03:02:00 -0500] "GET /BLA/resoluciones/AUTOS%202021/0245.php?act=img&img=ext_html HTTP/1.1" 200 230
47.128.42.87 - - [27/Mar/2024:03:02:01 -0500] "GET /BLA/resoluciones/AUTOS%202021/0245.php?act=img&img=download HTTP/1.1" 200 161
47.128.42.87 - - [27/Mar/2024:03:02:01 -0500] "GET /BLA/resoluciones/AUTOS%202021/0245.php?act=img&img=change HTTP/1.1" 200 290
47.128.42.87 - - [27/Mar/2024:03:02:01 -0500] "GET /BLA/resoluciones/AUTOS%202021/0245.php?act=img&img=ext_ini HTTP/1.1" 200 134
47.128.42.87 - - [27/Mar/2024:03:02:01 -0500] "GET /BLA/resoluciones/AUTOS%202021/0245.php?act=img&img=ext_flv HTTP/1.1" 200 1034
172.22.2.4 - - [27/Mar/2024:03:00:58 -0500] "GET /BLA/boletinlegal/ HTTP/1.1" 200 53818
47.128.121.98 - - [27/Mar/2024:03:03:24 -0500] "GET /BLA/resoluciones/index.php?dir=RESOLUCIONES%202003%2FRES%202003%20151-200%2F&order=asc&sort=name HTTP/1.1" 200 12346
47.128.121.98 - - [27/Mar/2024:03:03:25 -0500] "GET /BLA/resoluciones/dlf/dirup.png HTTP/1.1" 200 644
47.128.121.98 - - [27/Mar/2024:03:03:25 -0500] "GET /BLA/resoluciones/dlf/unknown.png HTTP/1.1" 200 266
172.22.2.4 - - [27/Mar/2024:03:04:11 -0500] "GET /BLA/boletinlegal/wp-login.php HTTP/1.1" 404 1038
172.22.2.4 - - [27/Mar/2024:03:04:11 -0500] "GET /BLA/boletinlegal/Directivas/wp-login.php HTTP/1.1" 404 1038
201.245.192.253 - - [27/Mar/2024:03:04:14 -0500] "POST /kwsrmcab/Wsrmcab  HTTP/1.1" 200 39660
47.128.62.92 - - [27/Mar/2024:03:04:49 -0500] "GET /BLA/resoluciones/index.php?dir=RESOLUCIONES%202003%2FRES%202003%201351-1400%2F&order=asc&sort=date HTTP/1.1" 200 12157
47.128.62.92 - - [27/Mar/2024:03:04:50 -0500] "GET /BLA/resoluciones/dlf/dirup.png HTTP/1.1" 200 644
47.128.62.92 - - [27/Mar/2024:03:04:50 -0500] "GET /BLA/resoluciones/dlf/unknown.png HTTP/1.1" 200 266
216.245.221.92 - - [27/Mar/2024:03:06:06 -0500] "HEAD / HTTP/1.1" 200 -
172.22.2.4 - - [27/Mar/2024:03:05:58 -0500] "HEAD /BLA/boletinlegal/ HTTP/1.1" 200 -
172.22.2.4 - - [27/Mar/2024:03:06:48 -0500] "GET /BLA/boletinlegal/ HTTP/1.1" 200 55823
201.245.192.253 - - [27/Mar/2024:03:09:14 -0500] "POST /kwsrmcab/Wsrmcab  HTTP/1.1" 200 39660
69.63.184.7 - - [27/Mar/2024:03:09:37 -0500] "GET /images/Energias1.jpg HTTP/1.1" 200 139652
199.16.157.182 - - [27/Mar/2024:03:10:22 -0500] "GET /images/Chingaza%20(2)%20(1)%20(1).jpg HTTP/1.1" 404 1034
199.16.157.180 - - [27/Mar/2024:03:10:23 -0500] "GET /images/Chingaza%20(2)%20(1)%20(1).jpg HTTP/1.1" 404 1034
172.22.2.4 - - [27/Mar/2024:03:10:26 -0500] "GET /BLA/boletinlegal/vendor/phpunit/phpunit/src/Util/PHP/eval-stdin.php HTTP/1.1" 404 1018
172.22.2.4 - - [27/Mar/2024:03:10:26 -0500] "GET /BLA/boletinlegal/vendor/phpunit/phpunit/Util/PHP/eval-stdin.php HTTP/1.1" 404 1018
172.22.2.4 - - [27/Mar/2024:03:10:26 -0500] "GET /BLA/boletinlegal/vendor/phpunit/src/Util/PHP/eval-stdin.php HTTP/1.1" 404 1018
172.22.2.4 - - [27/Mar/2024:03:10:27 -0500] "GET /BLA/boletinlegal/vendor/phpunit/Util/PHP/eval-stdin.php HTTP/1.1" 404 1018
172.22.2.4 - - [27/Mar/2024:03:10:27 -0500] "GET /BLA/boletinlegal/vendor/phpunit/phpunit/LICENSE/eval-stdin.php HTTP/1.1" 404 1018
172.22.2.4 - - [27/Mar/2024:03:10:27 -0500] "GET /BLA/boletinlegal/vendor/vendor/phpunit/phpunit/src/Util/PHP/eval-stdin.php HTTP/1.1" 404 1018
172.22.2.4 - - [27/Mar/2024:03:10:27 -0500] "GET /BLA/boletinlegal/phpunit/phpunit/src/Util/PHP/eval-stdin.php HTTP/1.1" 404 1018
172.22.2.4 - - [27/Mar/2024:03:10:28 -0500] "GET /BLA/boletinlegal/phpunit/phpunit/Util/PHP/eval-stdin.php HTTP/1.1" 404 1018
172.22.2.4 - - [27/Mar/2024:03:10:28 -0500] "GET /BLA/boletinlegal/phpunit/src/Util/PHP/eval-stdin.php HTTP/1.1" 404 1018
172.22.2.4 - - [27/Mar/2024:03:10:28 -0500] "GET /BLA/boletinlegal/phpunit/Util/PHP/eval-stdin.php HTTP/1.1" 404 1018
172.22.2.4 - - [27/Mar/2024:03:10:29 -0500] "GET /BLA/boletinlegal/lib/phpunit/phpunit/src/Util/PHP/eval-stdin.php HTTP/1.1" 404 1018
172.22.2.4 - - [27/Mar/2024:03:10:29 -0500] "GET /BLA/boletinlegal/lib/phpunit/phpunit/Util/PHP/eval-stdin.php HTTP/1.1" 404 1018
172.22.2.4 - - [27/Mar/2024:03:10:29 -0500] "GET /BLA/boletinlegal/lib/phpunit/src/Util/PHP/eval-stdin.php HTTP/1.1" 404 1018
172.22.2.4 - - [27/Mar/2024:03:10:29 -0500] "GET /BLA/boletinlegal/lib/phpunit/Util/PHP/eval-stdin.php HTTP/1.1" 404 1018
172.22.2.4 - - [27/Mar/2024:03:10:30 -0500] "GET /BLA/boletinlegal/lib/vendor/phpunit/phpunit/src/Util/PHP/eval-stdin.php HTTP/1.1" 404 1018
172.22.2.4 - - [27/Mar/2024:03:10:30 -0500] "GET /BLA/boletinlegal/www/vendor/phpunit/phpunit/src/Util/PHP/eval-stdin.php HTTP/1.1" 404 1018
172.22.2.4 - - [27/Mar/2024:03:10:30 -0500] "GET /BLA/boletinlegal/ws/vendor/phpunit/phpunit/src/Util/PHP/eval-stdin.php HTTP/1.1" 404 1018
172.22.2.4 - - [27/Mar/2024:03:10:31 -0500] "GET /BLA/boletinlegal/yii/vendor/phpunit/phpunit/src/Util/PHP/eval-stdin.php HTTP/1.1" 404 1018
172.22.2.4 - - [27/Mar/2024:03:10:31 -0500] "GET /BLA/boletinlegal/zend/vendor/phpunit/phpunit/src/Util/PHP/eval-stdin.php HTTP/1.1" 404 1018
172.22.2.4 - - [27/Mar/2024:03:10:32 -0500] "GET /BLA/boletinlegal/ws/ec/vendor/phpunit/phpunit/src/Util/PHP/eval-stdin.php HTTP/1.1" 404 1018
172.22.2.4 - - [27/Mar/2024:03:10:33 -0500] "GET /BLA/boletinlegal/V2/vendor/phpunit/phpunit/src/Util/PHP/eval-stdin.php HTTP/1.1" 404 1018
172.22.2.4 - - [27/Mar/2024:03:10:33 -0500] "GET /BLA/boletinlegal/tests/vendor/phpunit/phpunit/src/Util/PHP/eval-stdin.php HTTP/1.1" 404 1018
172.22.2.4 - - [27/Mar/2024:03:10:34 -0500] "GET /BLA/boletinlegal/test/vendor/phpunit/phpunit/src/Util/PHP/eval-stdin.php HTTP/1.1" 404 1018
172.22.2.4 - - [27/Mar/2024:03:10:35 -0500] "GET /BLA/boletinlegal/testing/vendor/phpunit/phpunit/src/Util/PHP/eval-stdin.php HTTP/1.1" 404 1018
172.22.2.4 - - [27/Mar/2024:03:10:36 -0500] "GET /BLA/boletinlegal/api/vendor/phpunit/phpunit/src/Util/PHP/eval-stdin.php HTTP/1.1" 404 1018
172.22.2.4 - - [27/Mar/2024:03:10:36 -0500] "GET /BLA/boletinlegal/demo/vendor/phpunit/phpunit/src/Util/PHP/eval-stdin.php HTTP/1.1" 404 1018
172.22.2.4 - - [27/Mar/2024:03:10:36 -0500] "GET /BLA/boletinlegal/cms/vendor/phpunit/phpunit/src/Util/PHP/eval-stdin.php HTTP/1.1" 404 1018
172.22.2.4 - - [27/Mar/2024:03:10:36 -0500] "GET /BLA/boletinlegal/crm/vendor/phpunit/phpunit/src/Util/PHP/eval-stdin.php HTTP/1.1" 404 1018
172.22.2.4 - - [27/Mar/2024:03:10:37 -0500] "GET /BLA/boletinlegal/admin/vendor/phpunit/phpunit/src/Util/PHP/eval-stdin.php HTTP/1.1" 404 1018
172.22.2.4 - - [27/Mar/2024:03:10:38 -0500] "GET /BLA/boletinlegal/backup/vendor/phpunit/phpunit/src/Util/PHP/eval-stdin.php HTTP/1.1" 404 1018
172.22.2.4 - - [27/Mar/2024:03:10:38 -0500] "GET /BLA/boletinlegal/blog/vendor/phpunit/phpunit/src/Util/PHP/eval-stdin.php HTTP/1.1" 404 1018
172.22.2.4 - - [27/Mar/2024:03:10:38 -0500] "GET /BLA/boletinlegal/workspace/drupal/vendor/phpunit/phpunit/src/Util/PHP/eval-stdin.php HTTP/1.1" 404 1018
172.22.2.4 - - [27/Mar/2024:03:10:39 -0500] "GET /BLA/boletinlegal/panel/vendor/phpunit/phpunit/src/Util/PHP/eval-stdin.php HTTP/1.1" 404 1018
172.22.2.4 - - [27/Mar/2024:03:10:40 -0500] "GET /BLA/boletinlegal/public/vendor/phpunit/phpunit/src/Util/PHP/eval-stdin.php HTTP/1.1" 404 1018
172.22.2.4 - - [27/Mar/2024:03:10:40 -0500] "GET /BLA/boletinlegal/apps/vendor/phpunit/phpunit/src/Util/PHP/eval-stdin.php HTTP/1.1" 404 1018
172.22.2.4 - - [27/Mar/2024:03:10:40 -0500] "GET /BLA/boletinlegal/app/vendor/phpunit/phpunit/src/Util/PHP/eval-stdin.php HTTP/1.1" 404 1018
172.22.2.4 - - [27/Mar/2024:03:10:48 -0500] "GET /BLA/boletinlegal/.git/config HTTP/1.1" 404 1018
216.245.221.92 - - [27/Mar/2024:03:11:06 -0500] "HEAD / HTTP/1.1" 200 -
172.22.2.4 - - [27/Mar/2024:03:10:41 -0500] "GET /BLA/boletinlegal/index.php?s=/index/\\think\\app/invokefunction&function=call_user_func_array&vars[0]=md5&vars[1][]=Hello HTTP/1.1" 200 49099
172.22.2.4 - - [27/Mar/2024:03:11:48 -0500] "HEAD /BLA/boletinlegal/ HTTP/1.1" 200 -
201.245.192.253 - - [27/Mar/2024:03:14:12 -0500] "POST /kwsrmcab/Wsrmcab  HTTP/1.1" 200 39660
172.22.2.4 - - [27/Mar/2024:03:12:38 -0500] "GET /BLA/boletinlegal/ HTTP/1.1" 200 60380
47.128.31.39 - - [27/Mar/2024:03:15:19 -0500] "GET /BLA/resoluciones/dlf/dirup.png HTTP/1.1" 200 644
47.128.31.39 - - [27/Mar/2024:03:15:19 -0500] "GET /BLA/resoluciones/dlf/pdf.gif HTTP/1.1" 200 272
47.128.31.39 - - [27/Mar/2024:03:15:22 -0500] "GET /BLA/resoluciones/dlf/archive.png HTTP/1.1" 200 632
47.128.31.39 - - [27/Mar/2024:03:15:17 -0500] "GET /BLA/resoluciones/index.php?dir=AUTOS%202023%2F&order=desc&sort=date HTTP/1.1" 200 517490
66.249.66.20 - - [27/Mar/2024:03:15:41 -0500] "GET /BLA/resoluciones/AUTOS%202014/1118.pdf HTTP/1.1" 200 385887
216.245.221.92 - - [27/Mar/2024:03:16:06 -0500] "HEAD / HTTP/1.1" 200 -
66.249.66.19 - - [27/Mar/2024:03:16:35 -0500] "GET /BLA/resoluciones/RESOLUCIONES%202007/RES%202007%202301%20AL%202400/RESOLUCION%202368%20DE%202007.pdf HTTP/1.1" 200 218910
173.252.83.6 - - [27/Mar/2024:03:17:14 -0500] "GET /images/mercados-campesinos-5-mayo.jpg HTTP/1.1" 200 95848
47.128.25.78 - - [27/Mar/2024:03:18:40 -0500] "GET /BLA/resoluciones/AUTOS%202021/0245.php?act=f&d=E%3A%5Cnuevo%5Cmailoutput&f=mail-20141021-1417-958000.txt HTTP/1.1" 200 2961
47.128.25.78 - - [27/Mar/2024:03:18:41 -0500] "GET /BLA/resoluciones/AUTOS%202021/0245.php?act=img&img=ext_rtf HTTP/1.1" 200 164
47.128.25.78 - - [27/Mar/2024:03:18:41 -0500] "GET /BLA/resoluciones/AUTOS%202021/0245.php?act=img&img=ext_txt HTTP/1.1" 200 132
47.128.25.78 - - [27/Mar/2024:03:18:41 -0500] "GET /BLA/resoluciones/AUTOS%202021/0245.php?act=img&img=ext_diz HTTP/1.1" 200 1027
47.128.25.78 - - [27/Mar/2024:03:18:41 -0500] "GET /BLA/resoluciones/AUTOS%202021/0245.php?act=img&img=ext_html HTTP/1.1" 200 230
47.128.25.78 - - [27/Mar/2024:03:18:41 -0500] "GET /BLA/resoluciones/AUTOS%202021/0245.php?act=img&img=ext_gif HTTP/1.1" 200 175
47.128.25.78 - - [27/Mar/2024:03:18:41 -0500] "GET /BLA/resoluciones/AUTOS%202021/0245.php?act=img&img=ext_exe HTTP/1.1" 200 118
47.128.25.78 - - [27/Mar/2024:03:18:42 -0500] "GET /BLA/resoluciones/AUTOS%202021/0245.php?act=img&img=change HTTP/1.1" 200 290
47.128.25.78 - - [27/Mar/2024:03:18:42 -0500] "GET /BLA/resoluciones/AUTOS%202021/0245.php?act=img&img=download HTTP/1.1" 200 161
47.128.25.78 - - [27/Mar/2024:03:18:42 -0500] "GET /BLA/resoluciones/AUTOS%202021/0245.php?act=img&img=ext_ini HTTP/1.1" 200 134
47.128.118.42 - - [27/Mar/2024:03:19:04 -0500] "GET /BLA/resoluciones/AUTOS%202021/0245.php?act=security&d=E%3A%5Cnuevo%5Chtdocs%5Ccumbredelclima%5Cwp-content%5C HTTP/1.1" 200 2781
201.245.192.253 - - [27/Mar/2024:03:19:10 -0500] "POST /kwsrmcab/Wsrmcab  HTTP/1.1" 200 39660
172.22.2.4 - - [27/Mar/2024:03:17:38 -0500] "HEAD /BLA/boletinlegal/ HTTP/1.1" 200 -
123.187.240.242 - - [27/Mar/2024:03:19:23 -0500] "GET / HTTP/1.1" 200 319
47.128.114.18 - - [27/Mar/2024:03:19:30 -0500] "GET /BLA/resoluciones/AUTOS%202021/0245.php?act=ls&d=E%3A%5Cnuevo%5Chtdocs%5Ccumbredelclima&sort=2a HTTP/1.1" 200 4538
47.128.114.18 - - [27/Mar/2024:03:19:31 -0500] "GET /BLA/resoluciones/AUTOS%202021/0245.php?act=img&img=ext_php HTTP/1.1" 200 79
47.128.114.18 - - [27/Mar/2024:03:19:31 -0500] "GET /BLA/resoluciones/AUTOS%202021/0245.php?act=img&img=ext_html HTTP/1.1" 200 230
47.128.114.18 - - [27/Mar/2024:03:19:31 -0500] "GET /BLA/resoluciones/AUTOS%202021/0245.php?act=img&img=ext_txt HTTP/1.1" 200 132
47.128.114.18 - - [27/Mar/2024:03:19:31 -0500] "GET /BLA/resoluciones/AUTOS%202021/0245.php?act=img&img=ext_htaccess HTTP/1.1" 200 117
47.128.114.18 - - [27/Mar/2024:03:19:31 -0500] "GET /BLA/resoluciones/AUTOS%202021/0245.php?act=img&img=arrow_ltr HTTP/1.1" 200 88
185.224.128.43 - - [27/Mar/2024:03:19:46 -0500] "GET / HTTP/1.1" 200 319
66.249.66.20 - - [27/Mar/2024:03:19:50 -0500] "GET /BLA/resoluciones/RESOLUCIONES%202009/3460.pdf HTTP/1.1" 200 290517
172.22.2.4 - - [27/Mar/2024:03:18:28 -0500] "GET /BLA/boletinlegal/ HTTP/1.1" 200 60380
201.245.192.253 - - [27/Mar/2024:03:19:31 -0500] "POST /kwsrmcab/Wsrmcab HTTP/1.1" 200 39759
201.245.192.253 - - [27/Mar/2024:03:20:10 -0500] "POST /kwsrmcab/Wsrmcab HTTP/1.1" 200 37768
201.245.192.253 - - [27/Mar/2024:03:20:11 -0500] "POST /kwsrmcab/Wsrmcab HTTP/1.1" 200 37754
47.128.113.181 - - [27/Mar/2024:03:20:14 -0500] "GET /BLA/resoluciones/AUTOS%202021/0245.php?act=f&d=E%3A%5Cnuevo%5Chtdocs%5Ccumbreclima%5Cwp-admin%5C&f=import.php&ft=img&white=1 HTTP/1.1" 200 5215
216.245.221.92 - - [27/Mar/2024:03:21:05 -0500] "HEAD / HTTP/1.1" 200 -
201.245.192.253 - - [27/Mar/2024:03:21:07 -0500] "POST /kwsrmcab/Wsrmcab HTTP/1.1" 200 37754
66.249.66.19 - - [27/Mar/2024:03:22:27 -0500] "GET /BLA/resoluciones/RESOLUCIONES%202009/0297.pdf HTTP/1.1" 200 465269
172.22.2.4 - - [27/Mar/2024:03:23:28 -0500] "HEAD /BLA/boletinlegal/ HTTP/1.1" 200 -
201.245.192.253 - - [27/Mar/2024:03:25:18 -0500] "POST /kwsrmcab/Wsrmcab  HTTP/1.1" 200 39660
47.128.20.166 - - [27/Mar/2024:03:25:42 -0500] "GET /BLA/resoluciones/AUTOS%202021/0245.php?act=f&d=E%3A%5Cnuevo%5Chtdocs%5CBLA%5Cresoluciones%5CAUTOS+2021&f=1841.pdf HTTP/1.1" 200 3035
47.128.20.166 - - [27/Mar/2024:03:25:43 -0500] "GET /BLA/resoluciones/AUTOS%202021/0245.php?act=img&img=ext_pdf HTTP/1.1" 200 1034
47.128.20.166 - - [27/Mar/2024:03:25:43 -0500] "GET /BLA/resoluciones/AUTOS%202021/0245.php?act=img&img=ext_html HTTP/1.1" 200 230
47.128.20.166 - - [27/Mar/2024:03:25:43 -0500] "GET /BLA/resoluciones/AUTOS%202021/0245.php?act=img&img=ext_diz HTTP/1.1" 200 1027
47.128.20.166 - - [27/Mar/2024:03:25:43 -0500] "GET /BLA/resoluciones/AUTOS%202021/0245.php?act=img&img=ext_txt HTTP/1.1" 200 132
47.128.20.166 - - [27/Mar/2024:03:25:43 -0500] "GET /BLA/resoluciones/AUTOS%202021/0245.php?act=img&img=ext_gif HTTP/1.1" 200 175
47.128.20.166 - - [27/Mar/2024:03:25:43 -0500] "GET /BLA/resoluciones/AUTOS%202021/0245.php?act=img&img=ext_exe HTTP/1.1" 200 118
47.128.20.166 - - [27/Mar/2024:03:25:44 -0500] "GET /BLA/resoluciones/AUTOS%202021/0245.php?act=img&img=ext_rtf HTTP/1.1" 200 164
47.128.20.166 - - [27/Mar/2024:03:25:44 -0500] "GET /BLA/resoluciones/AUTOS%202021/0245.php?act=img&img=download HTTP/1.1" 200 161
47.128.20.166 - - [27/Mar/2024:03:25:44 -0500] "GET /BLA/resoluciones/AUTOS%202021/0245.php?act=img&img=ext_ini HTTP/1.1" 200 134
47.128.20.166 - - [27/Mar/2024:03:25:44 -0500] "GET /BLA/resoluciones/AUTOS%202021/0245.php?act=img&img=change HTTP/1.1" 200 290
172.22.2.4 - - [27/Mar/2024:03:24:18 -0500] "GET /BLA/boletinlegal/ HTTP/1.1" 200 53818
216.245.221.92 - - [27/Mar/2024:03:26:05 -0500] "HEAD / HTTP/1.1" 200 -
201.245.192.253 - - [27/Mar/2024:03:24:09 -0500] "POST /kwsrmcab/Wsrmcab  HTTP/1.1" 200 21429
201.245.192.253 - - [27/Mar/2024:03:26:17 -0500] "POST /kwsrmcab/Wsrmcab  HTTP/1.1" 200 39660
40.77.167.143 - - [27/Mar/2024:03:27:40 -0500] "GET /Publicaciones/2023EE202475.pdf HTTP/1.1" 404 228
47.128.42.167 - - [27/Mar/2024:03:27:45 -0500] "GET /BLA/resoluciones/index.php?dir=RESOLUCIONES%202002%2FRES%202002%20701-750%2F&order=asc&sort=name HTTP/1.1" 200 12223
47.128.42.167 - - [27/Mar/2024:03:27:46 -0500] "GET /BLA/resoluciones/dlf/dirup.png HTTP/1.1" 200 644
47.128.42.167 - - [27/Mar/2024:03:27:46 -0500] "GET /BLA/resoluciones/dlf/unknown.png HTTP/1.1" 200 266
47.128.38.78 - - [27/Mar/2024:03:29:02 -0500] "GET /BLA/resoluciones/AUTOS%202021/0245.php?act=encoder&d=E%3A%5Cxampp%5C HTTP/1.1" 200 3031
47.128.116.137 - - [27/Mar/2024:03:29:26 -0500] "GET /BLA/resoluciones/AUTOS%202021/0245.php?act=cmd&d=E%3A%5Cnuevo%5Csrc%5C HTTP/1.1" 200 2702
201.245.192.253 - - [27/Mar/2024:03:29:31 -0500] "POST /kwsrmcab/Wsrmcab HTTP/1.1" 200 39759
201.245.192.253 - - [27/Mar/2024:03:29:31 -0500] "POST /kwsrmcab/Wsrmcab HTTP/1.1" 200 37754
47.128.61.175 - - [27/Mar/2024:03:29:50 -0500] "GET /BLA/resoluciones/AUTOS%202021/0245.php?act=eval&d=C%3A%5Ccumbreclima%5C HTTP/1.1" 200 2691
66.249.66.21 - - [27/Mar/2024:03:30:11 -0500] "GET /BLA/resoluciones/RESOLUCIONES%202007/RES%202007%202301%20AL%202400/RESOLUCION%202375%20DE%202007.pdf HTTP/1.1" 200 311791
47.128.43.108 - - [27/Mar/2024:03:30:14 -0500] "GET /BLA/resoluciones/AUTOS%202021/0245.php?act=chmod&d=E%3A%5Cnuevo%5Cmysql&f=backup HTTP/1.1" 200 2830
65.21.55.75 - - [27/Mar/2024:03:30:19 -0500] "GET /isolucionsda/Scripts/jquery.js HTTP/1.1" 200 299461
172.22.2.4 - - [27/Mar/2024:03:29:18 -0500] "HEAD /BLA/boletinlegal/ HTTP/1.1" 200 -
216.245.221.92 - - [27/Mar/2024:03:31:05 -0500] "HEAD / HTTP/1.1" 200 -
201.245.192.253 - - [27/Mar/2024:03:31:10 -0500] "POST /kwsrmcab/Wsrmcab HTTP/1.1" 200 37754
201.245.192.253 - - [27/Mar/2024:03:30:10 -0500] "POST /kwsrmcab/Wsrmcab HTTP/1.1" 200 14506
40.77.167.14 - - [27/Mar/2024:03:31:13 -0500] "GET /BLA/resoluciones/RESOLUCIONES%202022/0185.pdf HTTP/1.1" 200 451553
201.245.192.253 - - [27/Mar/2024:03:31:15 -0500] "POST /kwsrmcab/Wsrmcab  HTTP/1.1" 200 39660
172.22.2.4 - - [27/Mar/2024:03:30:09 -0500] "GET /BLA/boletinlegal/ HTTP/1.1" 200 60380
216.245.221.92 - - [27/Mar/2024:03:36:05 -0500] "HEAD / HTTP/1.1" 200 -
201.245.192.253 - - [27/Mar/2024:03:36:13 -0500] "POST /kwsrmcab/Wsrmcab  HTTP/1.1" 200 39660
172.22.2.4 - - [27/Mar/2024:03:35:08 -0500] "HEAD /BLA/boletinlegal/ HTTP/1.1" 200 -
216.244.66.195 - - [27/Mar/2024:03:37:30 -0500] "GET /robots.txt HTTP/1.1" 404 1018
172.22.2.4 - - [27/Mar/2024:03:35:59 -0500] "GET /BLA/boletinlegal/ HTTP/1.1" 200 60380
66.249.66.21 - - [27/Mar/2024:03:38:42 -0500] "GET /galeria/nivo-slider/demo/images/banner-bolsas-plasticas.jpg HTTP/1.1" 200 317939
201.245.192.253 - - [27/Mar/2024:03:39:31 -0500] "GET /kwsrmcab/Wsrmcab?wsdl HTTP/1.1" 200 6948
201.245.192.253 - - [27/Mar/2024:03:39:31 -0500] "POST /kwsrmcab/Wsrmcab HTTP/1.1" 200 39759
201.245.192.253 - - [27/Mar/2024:03:39:33 -0500] "POST /kwsrmcab/Wsrmcab HTTP/1.1" 200 37754
40.77.167.71 - - [27/Mar/2024:03:39:34 -0500] "GET /BLA/resoluciones/RESOLUCIONES%202022/0145.pdf HTTP/1.1" 200 440988
201.245.192.253 - - [27/Mar/2024:03:40:09 -0500] "POST /kwsrmcab/Wsrmcab HTTP/1.1" 200 37768
66.249.66.19 - - [27/Mar/2024:03:40:41 -0500] "GET /residuos/textiles/files/guia_textiles.pdf HTTP/1.1" 200 12356716
47.128.60.92 - - [27/Mar/2024:03:40:46 -0500] "GET /BLA/resoluciones/AUTOS%202021/0245.php?act=f&d=E%3A%5Cnuevo%5Chtdocs%5CBLA%5Cresoluciones%5CRESOLUCIONES+2000&f=2000+250-299.tif&ft=info HTTP/1.1" 200 3874
47.128.60.92 - - [27/Mar/2024:03:40:47 -0500] "GET /BLA/resoluciones/AUTOS%202021/0245.php?act=img&img=ext_ini HTTP/1.1" 200 134
47.128.60.92 - - [27/Mar/2024:03:40:47 -0500] "GET /BLA/resoluciones/AUTOS%202021/0245.php?act=img&img=ext_diz HTTP/1.1" 200 1027
47.128.60.92 - - [27/Mar/2024:03:40:47 -0500] "GET /BLA/resoluciones/AUTOS%202021/0245.php?act=img&img=ext_txt HTTP/1.1" 200 132
47.128.60.92 - - [27/Mar/2024:03:40:47 -0500] "GET /BLA/resoluciones/AUTOS%202021/0245.php?act=img&img=ext_html HTTP/1.1" 200 230
47.128.60.92 - - [27/Mar/2024:03:40:47 -0500] "GET /BLA/resoluciones/AUTOS%202021/0245.php?act=img&img=ext_tif HTTP/1.1" 200 175
47.128.60.92 - - [27/Mar/2024:03:40:47 -0500] "GET /BLA/resoluciones/AUTOS%202021/0245.php?act=img&img=ext_exe HTTP/1.1" 200 118
47.128.60.92 - - [27/Mar/2024:03:40:48 -0500] "GET /BLA/resoluciones/AUTOS%202021/0245.php?act=img&img=ext_rtf HTTP/1.1" 200 164
47.128.60.92 - - [27/Mar/2024:03:40:48 -0500] "GET /BLA/resoluciones/AUTOS%202021/0245.php?act=img&img=download HTTP/1.1" 200 161
47.128.60.92 - - [27/Mar/2024:03:40:48 -0500] "GET /BLA/resoluciones/AUTOS%202021/0245.php?act=img&img=ext_gif HTTP/1.1" 200 175
47.128.60.92 - - [27/Mar/2024:03:40:48 -0500] "GET /BLA/resoluciones/AUTOS%202021/0245.php?act=img&img=change HTTP/1.1" 200 290
216.245.221.92 - - [27/Mar/2024:03:41:05 -0500] "HEAD / HTTP/1.1" 200 -
201.245.192.253 - - [27/Mar/2024:03:41:05 -0500] "POST /kwsrmcab/Wsrmcab HTTP/1.1" 200 37754
201.245.192.253 - - [27/Mar/2024:03:41:12 -0500] "POST /kwsrmcab/Wsrmcab  HTTP/1.1" 200 39660
66.249.66.21 - - [27/Mar/2024:03:42:36 -0500] "GET /BLA/resoluciones/RESOLUCIONES%202008/1031.pdf HTTP/1.1" 200 299816
172.22.2.4 - - [27/Mar/2024:03:40:58 -0500] "HEAD /BLA/boletinlegal/ HTTP/1.1" 200 -
66.249.66.19 - - [27/Mar/2024:03:42:50 -0500] "GET /portel_dama/libreria/php/2006/restauracion/22_proye/xtras_in/cni_3.pdf HTTP/1.1" 404 1018
66.249.66.19 - - [27/Mar/2024:03:43:03 -0500] "GET /BLA/resoluciones/RESOLUCIONES%202011/6680.pdf HTTP/1.1" 200 4943628
172.22.2.4 - - [27/Mar/2024:03:41:48 -0500] "GET /BLA/boletinlegal/ HTTP/1.1" 200 53419
172.22.2.4 - - [27/Mar/2024:03:44:01 -0500] "GET /BLA/boletinlegal/ HTTP/1.1" 200 51561
172.22.2.4 - - [27/Mar/2024:03:44:25 -0500] "GET /BLA/boletinlegal/ HTTP/1.1" 200 51561
216.245.221.92 - - [27/Mar/2024:03:46:05 -0500] "HEAD / HTTP/1.1" 200 -
201.245.192.253 - - [27/Mar/2024:03:46:11 -0500] "POST /kwsrmcab/Wsrmcab  HTTP/1.1" 200 14501
201.245.192.253 - - [27/Mar/2024:03:47:19 -0500] "POST /kwsrmcab/Wsrmcab  HTTP/1.1" 200 39660
201.245.192.253 - - [27/Mar/2024:03:48:19 -0500] "POST /kwsrmcab/Wsrmcab  HTTP/1.1" 200 39660
172.22.2.4 - - [27/Mar/2024:03:46:48 -0500] "HEAD /BLA/boletinlegal/ HTTP/1.1" 200 -
172.22.2.4 - - [27/Mar/2024:03:47:38 -0500] "GET /BLA/boletinlegal/ HTTP/1.1" 200 56779
40.77.167.1 - - [27/Mar/2024:03:50:24 -0500] "GET /BLA/resoluciones/RESOLUCIONES%202022/2373.pdf HTTP/1.1" 200 452864
216.245.221.92 - - [27/Mar/2024:03:51:05 -0500] "HEAD / HTTP/1.1" 200 -
201.245.192.253 - - [27/Mar/2024:03:53:17 -0500] "POST /kwsrmcab/Wsrmcab  HTTP/1.1" 200 39660
172.22.2.4 - - [27/Mar/2024:03:52:38 -0500] "HEAD /BLA/boletinlegal/ HTTP/1.1" 200 -
65.49.1.94 - - [27/Mar/2024:03:54:32 -0500] "GET / HTTP/1.1" 200 319
66.249.66.21 - - [27/Mar/2024:03:54:35 -0500] "GET /BLA/resoluciones/RESOLUCIONES%202009/8666.pdf HTTP/1.1" 200 582726
52.167.144.181 - - [27/Mar/2024:03:55:04 -0500] "GET /BLA/resoluciones/RESOLUCIONES%202022/3632.pdf HTTP/1.1" 200 463312
172.22.2.4 - - [27/Mar/2024:03:53:28 -0500] "GET /BLA/boletinlegal/ HTTP/1.1" 200 58720
52.167.144.236 - - [27/Mar/2024:03:55:09 -0500] "GET /BLA/resoluciones/RESOLUCIONES%202022/1405.pdf HTTP/1.1" 200 687327
216.245.221.92 - - [27/Mar/2024:03:56:05 -0500] "HEAD / HTTP/1.1" 200 -
65.49.1.105 - - [27/Mar/2024:03:56:18 -0500] "GET /favicon.ico HTTP/1.1" 200 7782
65.49.1.104 - - [27/Mar/2024:03:56:51 -0500] "GET /geoserver/web/ HTTP/1.1" 200 2422
52.167.144.235 - - [27/Mar/2024:03:56:57 -0500] "GET /BLA/resoluciones/RESOLUCIONES%202022/3938.pdf HTTP/1.1" 200 456737
47.128.33.142 - - [27/Mar/2024:03:57:09 -0500] "GET /BLA/resoluciones/AUTOS%202021/0245.php?act=tools&d=E%3A%5Cnuevo%5Chtdocs%5CBLA%5Cresoluciones%5Cdlf%5C HTTP/1.1" 200 3045
47.128.26.12 - - [27/Mar/2024:03:57:32 -0500] "GET /BLA/resoluciones/AUTOS%202021/0245.php?act=chmod&d=E%3A%5Cnuevo%5Chtdocs%5CBLA%5Cresoluciones%5CAUTOS+2021&f=1783.pdf HTTP/1.1" 200 2901
47.128.113.73 - - [27/Mar/2024:03:57:57 -0500] "GET /BLA/resoluciones/AUTOS%202021/0245.php?act=ls&d=E%3A%5Cnuevo%5Cmysql%5Cdocs&sort=0a HTTP/1.1" 200 3509
47.128.113.73 - - [27/Mar/2024:03:57:58 -0500] "GET /BLA/resoluciones/AUTOS%202021/0245.php?act=img&img=ext_changelog HTTP/1.1" 200 1034
47.128.113.73 - - [27/Mar/2024:03:57:58 -0500] "GET /BLA/resoluciones/AUTOS%202021/0245.php?act=img&img=ext_info_bin HTTP/1.1" 200 1034
47.128.113.73 - - [27/Mar/2024:03:57:58 -0500] "GET /BLA/resoluciones/AUTOS%202021/0245.php?act=img&img=arrow_ltr HTTP/1.1" 200 88
47.128.113.73 - - [27/Mar/2024:03:57:58 -0500] "GET /BLA/resoluciones/AUTOS%202021/0245.php?act=img&img=ext_info_src HTTP/1.1" 200 1034
66.249.66.21 - - [27/Mar/2024:03:58:06 -0500] "GET /BLA/resoluciones/RESOLUCIONES%202009/6741.pdf HTTP/1.1" 200 557141
47.128.25.91 - - [27/Mar/2024:03:58:20 -0500] "GET /BLA/resoluciones/AUTOS%202021/0245.php?act=chmod&d=E%3A%5Cnuevo%5Chtdocs%5CBLA%5Cresoluciones%5CAUTOS+2021&f=6521.pdf HTTP/1.1" 200 2901
201.245.192.253 - - [27/Mar/2024:03:58:16 -0500] "POST /kwsrmcab/Wsrmcab  HTTP/1.1" 200 14501
66.249.66.19 - - [27/Mar/2024:03:59:04 -0500] "GET /BLA/resoluciones/RESOLUCIONES%202008/3369.pdf HTTP/1.1" 200 842926
66.249.66.21 - - [27/Mar/2024:03:59:24 -0500] "GET /BLA/resoluciones/RESOLUCIONES%202011/5019.pdf HTTP/1.1" 200 781030
201.245.192.253 - - [27/Mar/2024:03:59:24 -0500] "POST /kwsrmcab/Wsrmcab  HTTP/1.1" 200 39660
172.22.2.4 - - [27/Mar/2024:03:58:28 -0500] "HEAD /BLA/boletinlegal/ HTTP/1.1" 200 -
201.245.192.253 - - [27/Mar/2024:04:00:23 -0500] "POST /kwsrmcab/Wsrmcab  HTTP/1.1" 200 39660
172.22.2.4 - - [27/Mar/2024:03:59:18 -0500] "GET /BLA/boletinlegal/ HTTP/1.1" 200 60380
216.245.221.92 - - [27/Mar/2024:04:01:05 -0500] "HEAD / HTTP/1.1" 200 -
47.128.43.65 - - [27/Mar/2024:04:02:16 -0500] "GET /BLA/resoluciones/index.php?dir=AUTOS%202006%2FAUTOS%202006%201501%20-%201600%2F&order=asc&sort=date HTTP/1.1" 200 22232
47.128.43.65 - - [27/Mar/2024:04:02:17 -0500] "GET /BLA/resoluciones/dlf/unknown.png HTTP/1.1" 200 266
47.128.43.65 - - [27/Mar/2024:04:02:17 -0500] "GET /BLA/resoluciones/dlf/dirup.png HTTP/1.1" 200 644
52.167.144.22 - - [27/Mar/2024:04:02:25 -0500] "GET /BLA/resoluciones/RESOLUCIONES%202022/0624.pdf HTTP/1.1" 200 616449
40.77.167.50 - - [27/Mar/2024:04:03:17 -0500] "GET /BLA/resoluciones/RESOLUCIONES%202022/0186.pdf HTTP/1.1" 200 1457748
66.249.66.19 - - [27/Mar/2024:04:03:57 -0500] "GET /BLA/resoluciones/Autos%202008/2002.pdf HTTP/1.1" 200 180049
172.22.2.4 - - [27/Mar/2024:04:02:28 -0500] "GET /BLA/boletinlegal/index.php HTTP/1.1" 200 62720
201.245.192.253 - - [27/Mar/2024:04:05:21 -0500] "POST /kwsrmcab/Wsrmcab  HTTP/1.1" 200 39660
172.22.2.4 - - [27/Mar/2024:04:04:18 -0500] "HEAD /BLA/boletinlegal/ HTTP/1.1" 200 -
216.245.221.92 - - [27/Mar/2024:04:06:05 -0500] "HEAD / HTTP/1.1" 200 -
172.22.2.4 - - [27/Mar/2024:04:05:08 -0500] "GET /BLA/boletinlegal/ HTTP/1.1" 200 59083
66.249.66.20 - - [27/Mar/2024:04:07:26 -0500] "GET /BLA/resoluciones/AUTOS%202009/2776.pdf HTTP/1.1" 200 137234
162.55.171.94 - - [27/Mar/2024:04:09:09 -0500] "GET / HTTP/1.1" 200 4720
201.245.192.253 - - [27/Mar/2024:04:10:20 -0500] "POST /kwsrmcab/Wsrmcab  HTTP/1.1" 200 39660
216.245.221.92 - - [27/Mar/2024:04:11:05 -0500] "HEAD / HTTP/1.1" 200 -
172.22.2.4 - - [27/Mar/2024:04:10:08 -0500] "HEAD /BLA/boletinlegal/ HTTP/1.1" 200 -
172.22.2.4 - - [27/Mar/2024:04:10:58 -0500] "GET /BLA/boletinlegal/ HTTP/1.1" 200 54300
47.128.61.144 - - [27/Mar/2024:04:12:58 -0500] "GET /BLA/resoluciones/AUTOS%202021/0245.php?act=f&d=E%3A%5Cnuevo%5Chtdocs%5CBLA%5Cresoluciones%5CAUTOS+2021&f=2085.pdf HTTP/1.1" 200 3033
47.128.61.144 - - [27/Mar/2024:04:12:59 -0500] "GET /BLA/resoluciones/AUTOS%202021/0245.php?act=img&img=ext_html HTTP/1.1" 200 230
47.128.61.144 - - [27/Mar/2024:04:12:59 -0500] "GET /BLA/resoluciones/AUTOS%202021/0245.php?act=img&img=ext_pdf HTTP/1.1" 200 1034
47.128.61.144 - - [27/Mar/2024:04:12:59 -0500] "GET /BLA/resoluciones/AUTOS%202021/0245.php?act=img&img=ext_diz HTTP/1.1" 200 1027
47.128.61.144 - - [27/Mar/2024:04:12:59 -0500] "GET /BLA/resoluciones/AUTOS%202021/0245.php?act=img&img=ext_gif HTTP/1.1" 200 175
47.128.61.144 - - [27/Mar/2024:04:12:59 -0500] "GET /BLA/resoluciones/AUTOS%202021/0245.php?act=img&img=ext_exe HTTP/1.1" 200 118
47.128.61.144 - - [27/Mar/2024:04:12:59 -0500] "GET /BLA/resoluciones/AUTOS%202021/0245.php?act=img&img=ext_txt HTTP/1.1" 200 132
47.128.61.144 - - [27/Mar/2024:04:13:00 -0500] "GET /BLA/resoluciones/AUTOS%202021/0245.php?act=img&img=ext_ini HTTP/1.1" 200 134
47.128.61.144 - - [27/Mar/2024:04:13:00 -0500] "GET /BLA/resoluciones/AUTOS%202021/0245.php?act=img&img=ext_rtf HTTP/1.1" 200 164
47.128.61.144 - - [27/Mar/2024:04:13:00 -0500] "GET /BLA/resoluciones/AUTOS%202021/0245.php?act=img&img=change HTTP/1.1" 200 290
47.128.61.144 - - [27/Mar/2024:04:13:00 -0500] "GET /BLA/resoluciones/AUTOS%202021/0245.php?act=img&img=download HTTP/1.1" 200 161
162.142.125.221 - - [27/Mar/2024:04:13:14 -0500] "GET / HTTP/1.1" 200 319
162.142.125.221 - - [27/Mar/2024:04:13:18 -0500] "GET / HTTP/1.1" 200 319
162.142.125.221 - - [27/Mar/2024:04:13:18 -0500] "PRI * HTTP/2.0" 400 946
162.142.125.221 - - [27/Mar/2024:04:13:19 -0500] "GET /favicon.ico HTTP/1.1" 200 7782
66.249.66.21 - - [27/Mar/2024:04:13:23 -0500] "GET /BLA/resoluciones/RESOLUCIONES%202007/RES%202007%20401%20AL%20500/RESOLUCION%200404%20DE%202007.pdf HTTP/1.1" 200 2014454
172.22.2.4 - - [27/Mar/2024:04:14:48 -0500] "GET /BLA/boletinlegal/jurisprudencia/analisis/Analisis%20Sentencia%20T-1077,%202%20corregida.doc HTTP/1.1" 304 -
201.245.192.253 - - [27/Mar/2024:04:15:18 -0500] "POST /kwsrmcab/Wsrmcab  HTTP/1.1" 200 39660
216.245.221.92 - - [27/Mar/2024:04:16:05 -0500] "HEAD / HTTP/1.1" 200 -
172.22.2.4 - - [27/Mar/2024:04:15:58 -0500] "HEAD /BLA/boletinlegal/ HTTP/1.1" 200 -
172.22.2.4 - - [27/Mar/2024:04:16:48 -0500] "GET /BLA/boletinlegal/ HTTP/1.1" 200 58273
201.245.192.253 - - [27/Mar/2024:04:19:31 -0500] "POST /kwsrmcab/Wsrmcab HTTP/1.1" 200 39765
201.245.192.253 - - [27/Mar/2024:04:19:32 -0500] "POST /kwsrmcab/Wsrmcab HTTP/1.1" 200 37748
172.22.2.4 - - [27/Mar/2024:04:20:04 -0500] "GET /BLA/boletinlegal/Circulares/2013/Circular%20No.%206%20del%2019%20de%20julio%20de%202013.pdf HTTP/1.1" 304 -
201.245.192.253 - - [27/Mar/2024:04:20:09 -0500] "POST /kwsrmcab/Wsrmcab HTTP/1.1" 200 37770
201.245.192.253 - - [27/Mar/2024:04:20:17 -0500] "POST /kwsrmcab/Wsrmcab  HTTP/1.1" 200 39660
66.249.66.20 - - [27/Mar/2024:04:20:22 -0500] "GET /BLA/resoluciones/RESOLUCIONES%202008/1409.pdf HTTP/1.1" 200 202954
152.203.51.249 - - [27/Mar/2024:04:21:01 -0500] "GET /BLA/resoluciones/AUTOS%202011/0750.pdf HTTP/1.1" 200 176539
152.203.51.249 - - [27/Mar/2024:04:21:02 -0500] "GET /BLA/resoluciones/AUTOS%202011/0750.pdf HTTP/1.1" 200 176539
152.203.51.249 - - [27/Mar/2024:04:21:03 -0500] "GET /BLA/resoluciones/AUTOS%202011/0750.pdf HTTP/1.1" 200 176539
201.245.192.253 - - [27/Mar/2024:04:21:04 -0500] "POST /kwsrmcab/Wsrmcab HTTP/1.1" 200 37748
216.245.221.92 - - [27/Mar/2024:04:21:05 -0500] "HEAD / HTTP/1.1" 200 -
152.203.51.249 - - [27/Mar/2024:04:21:06 -0500] "GET /BLA/resoluciones/AUTOS%202011/0750.pdf HTTP/1.1" 200 176539
152.203.51.249 - - [27/Mar/2024:04:21:06 -0500] "GET /BLA/resoluciones/AUTOS%202011/0750.pdf HTTP/1.1" 200 176539
172.22.2.4 - - [27/Mar/2024:04:21:11 -0500] "GET /BLA/boletinlegal/images/body_bg.jpg HTTP/1.1" 200 1601
172.22.2.4 - - [27/Mar/2024:04:21:11 -0500] "GET /BLA/boletinlegal/images/bg_top.jpg HTTP/1.1" 200 522
172.22.2.4 - - [27/Mar/2024:04:21:11 -0500] "GET /BLA/boletinlegal/images/menu_lft.gif HTTP/1.1" 200 1713
172.22.2.4 - - [27/Mar/2024:04:21:11 -0500] "GET /BLA/boletinlegal/images/menu_rght.gif HTTP/1.1" 200 1627
172.22.2.4 - - [27/Mar/2024:04:21:11 -0500] "GET /BLA/boletinlegal/images/menu_bg.jpg HTTP/1.1" 200 620
172.22.2.4 - - [27/Mar/2024:04:21:11 -0500] "GET /BLA/boletinlegal/images/text.jpg HTTP/1.1" 200 568
172.22.2.4 - - [27/Mar/2024:04:21:11 -0500] "GET /BLA/boletinlegal/images/hover.jpg HTTP/1.1" 200 640
172.22.2.4 - - [27/Mar/2024:04:21:11 -0500] "GET /BLA/boletinlegal/images/footer_bg.jpg HTTP/1.1" 200 586
172.22.2.4 - - [27/Mar/2024:04:21:11 -0500] "GET /BLA/boletinlegal/images/green-yellow-blue-pink-th.png HTTP/1.1" 200 7394
172.22.2.4 - - [27/Mar/2024:04:21:11 -0500] "GET /BLA/boletinlegal/images/registro-usuarios.png HTTP/1.1" 200 8106
172.22.2.4 - - [27/Mar/2024:04:21:11 -0500] "GET /BLA/boletinlegal/images/tel.png HTTP/1.1" 200 14477
172.22.2.4 - - [27/Mar/2024:04:21:11 -0500] "GET /BLA/boletinlegal/images/historia.png HTTP/1.1" 206 1
172.22.2.4 - - [27/Mar/2024:04:21:11 -0500] "GET /BLA/boletinlegal/images/cabezote%20BLEGAL.jpg HTTP/1.1" 206 1
172.22.2.4 - - [27/Mar/2024:04:21:11 -0500] "GET /BLA/boletinlegal/images/subscribe-icon-big.png HTTP/1.1" 206 1
172.22.2.4 - - [27/Mar/2024:04:21:11 -0500] "GET /BLA/boletinlegal/images/icono-email.png HTTP/1.1" 200 5544
172.22.2.4 - - [27/Mar/2024:04:21:12 -0500] "GET /BLA/boletinlegal/images/footer_bg_l.jpg HTTP/1.1" 200 776
172.22.2.4 - - [27/Mar/2024:04:21:12 -0500] "GET /BLA/boletinlegal/images/historia.png HTTP/1.1" 206 4303
172.22.2.4 - - [27/Mar/2024:04:21:12 -0500] "GET /BLA/boletinlegal/images/subscribe-icon-big.png HTTP/1.1" 206 6742
172.22.2.4 - - [27/Mar/2024:04:21:12 -0500] "GET /BLA/boletinlegal/images/cabezote%20BLEGAL.jpg HTTP/1.1" 206 44436
172.22.2.4 - - [27/Mar/2024:04:21:12 -0500] "GET /BLA/boletinlegal/img/0.png HTTP/1.1" 200 110
172.22.2.4 - - [27/Mar/2024:04:21:12 -0500] "GET /BLA/boletinlegal/img/select-left.png HTTP/1.1" 200 263
172.22.2.4 - - [27/Mar/2024:04:21:12 -0500] "GET /BLA/boletinlegal/img/select-right.png HTTP/1.1" 200 44019
172.22.2.4 - - [27/Mar/2024:04:21:12 -0500] "GET /BLA/boletinlegal/img/button-left.png HTTP/1.1" 200 57071
172.22.2.4 - - [27/Mar/2024:04:21:12 -0500] "GET /BLA/boletinlegal/img/button.png HTTP/1.1" 200 43241
172.22.2.4 - - [27/Mar/2024:04:21:12 -0500] "GET /BLA/boletinlegal/img/button-right.png HTTP/1.1" 200 57878
172.22.2.4 - - [27/Mar/2024:04:21:12 -0500] "GET /BLA/boletinlegal/favicon.ico HTTP/1.1" 404 1326
152.203.51.249 - - [27/Mar/2024:04:21:14 -0500] "GET /BLA/resoluciones/ HTTP/1.1" 200 14105
152.203.51.249 - - [27/Mar/2024:04:21:14 -0500] "GET /BLA/resoluciones/dlf/styles.css HTTP/1.1" 200 3049
152.203.51.249 - - [27/Mar/2024:04:21:14 -0500] "GET /BLA/resoluciones/dlf/folder.png HTTP/1.1" 200 410
152.203.51.249 - - [27/Mar/2024:04:21:14 -0500] "GET /BLA/resoluciones/dlf/bg.gif HTTP/1.1" 200 54
152.203.51.249 - - [27/Mar/2024:04:21:22 -0500] "GET /BLA/resoluciones/dlf/dirup.png HTTP/1.1" 200 644
152.203.51.249 - - [27/Mar/2024:04:21:22 -0500] "GET /BLA/resoluciones/dlf/pdf.gif HTTP/1.1" 200 272
152.203.51.249 - - [27/Mar/2024:04:21:22 -0500] "GET /BLA/resoluciones/index.php?dir=AUTOS+2012%2F HTTP/1.1" 200 277133
40.77.167.50 - - [27/Mar/2024:04:21:54 -0500] "GET /BLA/boletinlegal/js/ajax.js HTTP/1.1" 200 772
40.77.167.50 - - [27/Mar/2024:04:21:54 -0500] "GET /BLA/boletinlegal/js/jquery1.js HTTP/1.1" 200 29846
40.77.167.50 - - [27/Mar/2024:04:21:54 -0500] "GET /BLA/boletinlegal/js/popup.js HTTP/1.1" 200 1270
40.77.167.50 - - [27/Mar/2024:04:21:55 -0500] "GET /BLA/boletinlegal/style.css HTTP/1.1" 200 9406
52.167.144.216 - - [27/Mar/2024:04:21:58 -0500] "GET /BLA/boletinlegal/js/lib.js HTTP/1.1" 200 6474
52.167.144.216 - - [27/Mar/2024:04:21:58 -0500] "GET /BLA/boletinlegal/styles2.css HTTP/1.1" 200 1838
52.167.144.216 - - [27/Mar/2024:04:21:59 -0500] "GET /BLA/boletinlegal/swfobject.js HTTP/1.1" 200 9763
152.203.51.249 - - [27/Mar/2024:04:22:00 -0500] "GET /BLA/resoluciones/AUTOS%202012/0259.pdf HTTP/1.1" 200 244756
152.203.51.249 - - [27/Mar/2024:04:22:01 -0500] "GET /BLA/resoluciones/AUTOS%202012/0259.pdf HTTP/1.1" 200 244756
152.203.51.249 - - [27/Mar/2024:04:22:01 -0500] "GET /BLA/resoluciones/AUTOS%202012/0259.pdf HTTP/1.1" 206 1025
216.244.66.195 - - [27/Mar/2024:04:22:32 -0500] "GET /BLA/resoluciones/RESOLUCIONES%202019/2321.pdf HTTP/1.1" 200 292322
216.244.66.195 - - [27/Mar/2024:04:22:37 -0500] "GET /BLA/resoluciones/RESOLUCIONES%202019/2865.pdf HTTP/1.1" 200 511982
216.244.66.195 - - [27/Mar/2024:04:22:42 -0500] "GET /BLA/resoluciones/RESOLUCIONES%202019/3108.pdf HTTP/1.1" 200 845333
152.203.51.249 - - [27/Mar/2024:04:23:13 -0500] "GET /BLA/resoluciones/AUTOS%202012/0259.pdf HTTP/1.1" 206 1
152.203.51.249 - - [27/Mar/2024:04:23:13 -0500] "GET /BLA/resoluciones/AUTOS%202012/0259.pdf HTTP/1.1" 206 242148
152.203.51.249 - - [27/Mar/2024:04:23:13 -0500] "GET /BLA/resoluciones/AUTOS%202012/0259.pdf HTTP/1.1" 200 244756
114.119.132.101 - - [27/Mar/2024:04:23:21 -0500] "GET /galeria/galeria/fotos/Movilizacion10G.jpg HTTP/1.1" 200 132880
172.22.2.4 - - [27/Mar/2024:04:21:47 -0500] "HEAD /BLA/boletinlegal/ HTTP/1.1" 200 -
172.22.2.4 - - [27/Mar/2024:04:22:38 -0500] "GET /BLA/boletinlegal/ HTTP/1.1" 200 60380
52.167.144.13 - - [27/Mar/2024:04:24:31 -0500] "GET /distrito-declara-alerta-fase-i-en-suroccidente-de-bogota-por-altas-concentraciones-de-material-particulado.html HTTP/1.1" 200 883
201.245.192.253 - - [27/Mar/2024:04:25:15 -0500] "POST /kwsrmcab/Wsrmcab  HTTP/1.1" 200 39660
