47.128.44.204 - - [27/Mar/2024:00:24:07 -0500] "GET /BLA/resoluciones/AUTOS%202021/0245.php?act=img&img=ext_txt HTTP/1.1" 200 132
47.128.44.204 - - [27/Mar/2024:00:24:07 -0500] "GET /BLA/resoluciones/AUTOS%202021/0245.php?act=img&img=ext_gif HTTP/1.1" 200 175
47.128.44.204 - - [27/Mar/2024:00:24:08 -0500] "GET /BLA/resoluciones/AUTOS%202021/0245.php?act=img&img=download HTTP/1.1" 200 161
47.128.44.204 - - [27/Mar/2024:00:24:08 -0500] "GET /BLA/resoluciones/AUTOS%202021/0245.php?act=img&img=ext_rtf HTTP/1.1" 200 164
47.128.44.204 - - [27/Mar/2024:00:24:08 -0500] "GET /BLA/resoluciones/AUTOS%202021/0245.php?act=img&img=ext_ini HTTP/1.1" 200 134
47.128.44.204 - - [27/Mar/2024:00:24:08 -0500] "GET /BLA/resoluciones/AUTOS%202021/0245.php?act=img&img=change HTTP/1.1" 200 290
186.155.150.199 - - [27/Mar/2024:00:24:08 -0500] "POST /sipse/faces/presentacion/financiero/solicitudProceso/consultarSolicitudProceso.xhtml HTTP/1.1" 200 1013902
186.155.150.199 - - [27/Mar/2024:00:24:15 -0500] "POST /sipse/faces/presentacion/financiero/solicitudProceso/consultarSolicitudProceso.xhtml HTTP/1.1" 200 2141939
181.118.158.173 - - [27/Mar/2024:00:24:16 -0500] "POST /sipse/faces/presentacion/financiero/solicitudProceso/consultarSolicitudProceso.xhtml HTTP/1.1" 200 43060
181.118.158.173 - - [27/Mar/2024:00:24:18 -0500] "GET /sipse/faces/javax.faces.resource/jquery/jquery.js?ln=primefaces&v=4.0 HTTP/1.1" 304 -
181.118.158.173 - - [27/Mar/2024:00:24:18 -0500] "GET /sipse/faces/javax.faces.resource/jquery/jquery-plugins.js?ln=primefaces&v=4.0 HTTP/1.1" 304 -
181.118.158.173 - - [27/Mar/2024:00:24:18 -0500] "GET /sipse/faces/javax.faces.resource/primefaces.js?ln=primefaces&v=4.0 HTTP/1.1" 304 -
181.118.158.173 - - [27/Mar/2024:00:24:18 -0500] "GET /sipse/faces/javax.faces.resource/layout/layout.js?ln=primefaces&v=4.0 HTTP/1.1" 304 -
172.22.2.4 - - [27/Mar/2024:00:22:38 -0500] "HEAD /BLA/boletinlegal/ HTTP/1.1" 200 -
181.118.158.173 - - [27/Mar/2024:00:24:18 -0500] "POST /sipse/faces/presentacion/financiero/solicitudProceso/listarSolicitudProceso.xhtml HTTP/1.1" 200 1420
186.155.150.199 - - [27/Mar/2024:00:24:20 -0500] "POST /sipse/faces/presentacion/financiero/solicitudProceso/consultarSolicitudProceso.xhtml HTTP/1.1" 200 754467
186.155.150.199 - - [27/Mar/2024:00:24:26 -0500] "POST /sipse/faces/presentacion/financiero/solicitudProceso/consultarSolicitudProceso.xhtml HTTP/1.1" 200 87872
181.118.158.173 - - [27/Mar/2024:00:24:46 -0500] "POST /sipse/faces/presentacion/financiero/solicitudProceso/listarSolicitudProceso.xhtml HTTP/1.1" 200 149315
181.118.158.173 - - [27/Mar/2024:00:24:47 -0500] "GET /sipse/faces/javax.faces.resource/jquery/jquery.js?ln=primefaces&v=4.0 HTTP/1.1" 304 -
181.118.158.173 - - [27/Mar/2024:00:24:47 -0500] "GET /sipse/faces/javax.faces.resource/jquery/jquery-plugins.js?ln=primefaces&v=4.0 HTTP/1.1" 304 -
181.118.158.173 - - [27/Mar/2024:00:24:47 -0500] "GET /sipse/faces/javax.faces.resource/primefaces.js?ln=primefaces&v=4.0 HTTP/1.1" 304 -
181.118.158.173 - - [27/Mar/2024:00:24:47 -0500] "GET /sipse/faces/javax.faces.resource/layout/layout.js?ln=primefaces&v=4.0 HTTP/1.1" 304 -
181.118.158.173 - - [27/Mar/2024:00:24:47 -0500] "GET /sipse/faces/javax.faces.resource/dynamiccontent.properties?ln=primefaces&pfdrid=XjOR5%2F%2FfPAZAuY9TpWQeCiM0BhlXxYRBGKi%2FQcXXfeA%3D&pfdrid_c=false HTTP/1.1" 500 383
181.118.158.173 - - [27/Mar/2024:00:24:55 -0500] "POST /sipse/faces/presentacion/financiero/solicitudProceso/consultarSolicitudProceso.xhtml HTTP/1.1" 200 40102
181.118.158.173 - - [27/Mar/2024:00:24:57 -0500] "GET /sipse/faces/javax.faces.resource/jquery/jquery.js?ln=primefaces&v=4.0 HTTP/1.1" 304 -
181.118.158.173 - - [27/Mar/2024:00:24:57 -0500] "GET /sipse/faces/javax.faces.resource/jquery/jquery-plugins.js?ln=primefaces&v=4.0 HTTP/1.1" 304 -
181.118.158.173 - - [27/Mar/2024:00:24:57 -0500] "GET /sipse/faces/javax.faces.resource/primefaces.js?ln=primefaces&v=4.0 HTTP/1.1" 304 -
181.118.158.173 - - [27/Mar/2024:00:24:57 -0500] "GET /sipse/faces/javax.faces.resource/layout/layout.js?ln=primefaces&v=4.0 HTTP/1.1" 304 -
181.118.158.173 - - [27/Mar/2024:00:24:58 -0500] "POST /sipse/faces/presentacion/financiero/solicitudProceso/listarSolicitudProceso.xhtml HTTP/1.1" 200 1400
186.155.150.199 - - [27/Mar/2024:00:24:58 -0500] "POST /sipse/faces/presentacion/financiero/solicitudProceso/consultarSolicitudProceso.xhtml HTTP/1.1" 200 5522
201.245.192.253 - - [27/Mar/2024:00:25:03 -0500] "POST /kwsrmcab/Wsrmcab  HTTP/1.1" 200 39660
172.22.2.4 - - [27/Mar/2024:00:23:29 -0500] "GET /BLA/boletinlegal/ HTTP/1.1" 200 58273
181.118.158.173 - - [27/Mar/2024:00:25:13 -0500] "POST /sipse/faces/presentacion/financiero/solicitudProceso/listarSolicitudProceso.xhtml HTTP/1.1" 200 154208
181.118.158.173 - - [27/Mar/2024:00:25:15 -0500] "GET /sipse/faces/javax.faces.resource/jquery/jquery.js?ln=primefaces&v=4.0 HTTP/1.1" 304 -
181.118.158.173 - - [27/Mar/2024:00:25:15 -0500] "GET /sipse/faces/javax.faces.resource/jquery/jquery-plugins.js?ln=primefaces&v=4.0 HTTP/1.1" 304 -
181.118.158.173 - - [27/Mar/2024:00:25:15 -0500] "GET /sipse/faces/javax.faces.resource/primefaces.js?ln=primefaces&v=4.0 HTTP/1.1" 304 -
181.118.158.173 - - [27/Mar/2024:00:25:15 -0500] "GET /sipse/faces/javax.faces.resource/layout/layout.js?ln=primefaces&v=4.0 HTTP/1.1" 304 -
186.155.150.199 - - [27/Mar/2024:00:25:32 -0500] "POST /sipse/faces/presentacion/financiero/solicitudProceso/consultarSolicitudProceso.xhtml HTTP/1.1" 200 5537
186.155.150.199 - - [27/Mar/2024:00:25:32 -0500] "GET /sipse/faces/javax.faces.resource/dynamiccontent.properties?ln=primefaces&pfdrid=XjOR5%2F%2FfPAZAuY9TpWQeCiM0BhlXxYRBGKi%2FQcXXfeA%3D&pfdrid_c=false HTTP/1.1" 200 120585
186.155.150.199 - - [27/Mar/2024:00:25:35 -0500] "GET /sipse/faces/javax.faces.resource/dynamiccontent.properties?ln=primefaces&pfdrid=XjOR5%2F%2FfPAZAuY9TpWQeCiM0BhlXxYRBGKi%2FQcXXfeA%3D&pfdrid_c=false HTTP/1.1" 500 383
181.118.158.173 - - [27/Mar/2024:00:25:32 -0500] "POST /sipse/faces/presentacion/financiero/solicitudProceso/consultarSolicitudProceso.xhtml HTTP/1.1" 200 1823410
186.28.136.245 - - [27/Mar/2024:00:25:58 -0500] "POST /sipse/faces/presentacion/financiero/solicitudProceso/consultarSolicitudProceso.xhtml HTTP/1.1" 200 42129
186.28.136.245 - - [27/Mar/2024:00:25:58 -0500] "GET /sipse/faces/javax.faces.resource/theme.css?ln=primefaces-sipse HTTP/1.1" 304 -
186.28.136.245 - - [27/Mar/2024:00:25:58 -0500] "GET /sipse/faces/javax.faces.resource/layout/layout.css?ln=primefaces&v=4.0 HTTP/1.1" 304 -
186.28.136.245 - - [27/Mar/2024:00:25:58 -0500] "GET /sipse/faces/javax.faces.resource/primefaces.css?ln=primefaces&v=4.0 HTTP/1.1" 304 -
186.28.136.245 - - [27/Mar/2024:00:25:58 -0500] "GET /sipse/faces/javax.faces.resource/jquery/jquery.js?ln=primefaces&v=4.0 HTTP/1.1" 304 -
186.28.136.245 - - [27/Mar/2024:00:25:58 -0500] "GET /sipse/faces/javax.faces.resource/jquery/jquery-plugins.js?ln=primefaces&v=4.0 HTTP/1.1" 304 -
186.28.136.245 - - [27/Mar/2024:00:25:58 -0500] "GET /sipse/faces/javax.faces.resource/primefaces.js?ln=primefaces&v=4.0 HTTP/1.1" 304 -
186.28.136.245 - - [27/Mar/2024:00:25:58 -0500] "GET /sipse/faces/javax.faces.resource/layout/layout.js?ln=primefaces&v=4.0 HTTP/1.1" 304 -
186.28.136.245 - - [27/Mar/2024:00:25:58 -0500] "POST /sipse/faces/presentacion/financiero/solicitudProceso/consultar.xhtml HTTP/1.1" 200 35521
186.28.136.245 - - [27/Mar/2024:00:25:58 -0500] "POST /sipse/faces/presentacion/financiero/solicitudProceso/consultar.xhtml HTTP/1.1" 200 35521
186.28.136.245 - - [27/Mar/2024:00:26:01 -0500] "POST /sipse/faces/presentacion/financiero/solicitudProceso/consultar.xhtml HTTP/1.1" 200 12893
186.155.150.199 - - [27/Mar/2024:00:26:04 -0500] "GET /sipse/faces/javax.faces.resource/images/ui-bg_flat_0_2d5972_40x100.png?ln=primefaces-aristo HTTP/1.1" 200 183
186.155.150.199 - - [27/Mar/2024:00:26:04 -0500] "POST /sipse/faces/presentacion/sistema/reporte/ventanaVerReporteParametros.xhtml HTTP/1.1" 200 33046
186.155.150.199 - - [27/Mar/2024:00:26:05 -0500] "GET /sipse/faces/javax.faces.resource/jquery/jquery.js?ln=primefaces&v=4.0 HTTP/1.1" 304 -
186.155.150.199 - - [27/Mar/2024:00:26:05 -0500] "GET /sipse/faces/javax.faces.resource/jquery/jquery-plugins.js?ln=primefaces&v=4.0 HTTP/1.1" 304 -
186.155.150.199 - - [27/Mar/2024:00:26:05 -0500] "GET /sipse/faces/javax.faces.resource/primefaces.js?ln=primefaces&v=4.0 HTTP/1.1" 304 -
186.155.150.199 - - [27/Mar/2024:00:26:05 -0500] "GET /sipse/faces/javax.faces.resource/layout/layout.js?ln=primefaces&v=4.0 HTTP/1.1" 304 -
216.245.221.92 - - [27/Mar/2024:00:26:06 -0500] "HEAD / HTTP/1.1" 200 -
186.155.150.199 - - [27/Mar/2024:00:26:08 -0500] "POST /sipse/faces/presentacion/sistema/reporte/listarReportes.xhtml HTTP/1.1" 200 21674
186.155.150.199 - - [27/Mar/2024:00:26:08 -0500] "GET /sipse/faces/javax.faces.resource/theme.css?ln=primefaces-sipse HTTP/1.1" 304 -
186.155.150.199 - - [27/Mar/2024:00:26:08 -0500] "GET /sipse/faces/javax.faces.resource/layout/layout.css?ln=primefaces&v=4.0 HTTP/1.1" 200 542
186.155.150.199 - - [27/Mar/2024:00:26:08 -0500] "GET /sipse/faces/javax.faces.resource/jquery/jquery.js?ln=primefaces&v=4.0 HTTP/1.1" 304 -
186.155.150.199 - - [27/Mar/2024:00:26:08 -0500] "GET /sipse/faces/javax.faces.resource/jquery/jquery-plugins.js?ln=primefaces&v=4.0 HTTP/1.1" 304 -
186.155.150.199 - - [27/Mar/2024:00:26:08 -0500] "GET /sipse/faces/javax.faces.resource/primefaces.js?ln=primefaces&v=4.0 HTTP/1.1" 304 -
186.155.150.199 - - [27/Mar/2024:00:26:08 -0500] "GET /sipse/faces/javax.faces.resource/layout/layout.js?ln=primefaces&v=4.0 HTTP/1.1" 304 -
186.155.150.199 - - [27/Mar/2024:00:26:08 -0500] "GET /sipse/faces/javax.faces.resource/primefaces.css?ln=primefaces&v=4.0 HTTP/1.1" 200 53295
186.155.150.199 - - [27/Mar/2024:00:26:09 -0500] "GET /sipse/faces/javax.faces.resource/images/ui-icons_898989_256x240.png?ln=primefaces-aristo HTTP/1.1" 200 5355
186.28.136.245 - - [27/Mar/2024:00:26:31 -0500] "POST /sipse/faces/presentacion/financiero/solicitudProceso/consultar.xhtml HTTP/1.1" 200 35521
186.28.136.245 - - [27/Mar/2024:00:26:32 -0500] "POST /sipse/faces/presentacion/financiero/solicitudProceso/consultar.xhtml HTTP/1.1" 200 35521
186.28.136.245 - - [27/Mar/2024:00:26:32 -0500] "POST /sipse/faces/presentacion/financiero/solicitudProceso/consultar.xhtml HTTP/1.1" 200 35521
186.28.136.245 - - [27/Mar/2024:00:26:32 -0500] "POST /sipse/faces/presentacion/financiero/solicitudProceso/consultar.xhtml HTTP/1.1" 200 35521
181.118.158.173 - - [27/Mar/2024:00:26:37 -0500] "POST /sipse/faces/presentacion/financiero/solicitudProceso/consultarSolicitudProceso.xhtml HTTP/1.1" 200 6137
186.28.136.245 - - [27/Mar/2024:00:26:38 -0500] "POST /sipse/faces/presentacion/financiero/solicitudProceso/consultar.xhtml HTTP/1.1" 200 12850
181.118.158.173 - - [27/Mar/2024:00:26:39 -0500] "POST /sipse/faces/presentacion/financiero/solicitudProceso/consultarSolicitudProceso.xhtml HTTP/1.1" 200 39660
181.118.158.173 - - [27/Mar/2024:00:26:39 -0500] "GET /sipse/faces/javax.faces.resource/jquery/jquery.js?ln=primefaces&v=4.0 HTTP/1.1" 304 -
181.118.158.173 - - [27/Mar/2024:00:26:39 -0500] "GET /sipse/faces/javax.faces.resource/jquery/jquery-plugins.js?ln=primefaces&v=4.0 HTTP/1.1" 304 -
181.118.158.173 - - [27/Mar/2024:00:26:39 -0500] "GET /sipse/faces/javax.faces.resource/primefaces.js?ln=primefaces&v=4.0 HTTP/1.1" 304 -
181.118.158.173 - - [27/Mar/2024:00:26:39 -0500] "GET /sipse/faces/javax.faces.resource/layout/layout.js?ln=primefaces&v=4.0 HTTP/1.1" 304 -
181.118.158.173 - - [27/Mar/2024:00:26:39 -0500] "POST /sipse/faces/presentacion/financiero/solicitudProceso/listarSolicitudProceso.xhtml HTTP/1.1" 200 33053
181.118.158.173 - - [27/Mar/2024:00:26:40 -0500] "POST /sipse/faces/presentacion/financiero/solicitudProceso/listarSolicitudProceso.xhtml HTTP/1.1" 200 33053
181.118.158.173 - - [27/Mar/2024:00:26:40 -0500] "POST /sipse/faces/presentacion/financiero/solicitudProceso/listarSolicitudProceso.xhtml HTTP/1.1" 200 33053
181.118.158.173 - - [27/Mar/2024:00:26:41 -0500] "POST /sipse/faces/presentacion/financiero/solicitudProceso/listarSolicitudProceso.xhtml HTTP/1.1" 200 33053
181.118.158.173 - - [27/Mar/2024:00:26:41 -0500] "POST /sipse/faces/presentacion/financiero/solicitudProceso/listarSolicitudProceso.xhtml HTTP/1.1" 200 33053
181.118.158.173 - - [27/Mar/2024:00:26:41 -0500] "POST /sipse/faces/presentacion/financiero/solicitudProceso/listarSolicitudProceso.xhtml HTTP/1.1" 200 33053
181.118.158.173 - - [27/Mar/2024:00:26:42 -0500] "POST /sipse/faces/presentacion/financiero/solicitudProceso/listarSolicitudProceso.xhtml HTTP/1.1" 200 33053
181.118.158.173 - - [27/Mar/2024:00:26:42 -0500] "POST /sipse/faces/presentacion/financiero/solicitudProceso/listarSolicitudProceso.xhtml HTTP/1.1" 200 33053
181.118.158.173 - - [27/Mar/2024:00:26:42 -0500] "POST /sipse/faces/presentacion/financiero/solicitudProceso/listarSolicitudProceso.xhtml HTTP/1.1" 200 33053
181.118.158.173 - - [27/Mar/2024:00:26:43 -0500] "POST /sipse/faces/presentacion/financiero/solicitudProceso/listarSolicitudProceso.xhtml HTTP/1.1" 200 33053
181.118.158.173 - - [27/Mar/2024:00:26:43 -0500] "POST /sipse/faces/presentacion/financiero/solicitudProceso/listarSolicitudProceso.xhtml HTTP/1.1" 200 33053
181.118.158.173 - - [27/Mar/2024:00:26:43 -0500] "POST /sipse/faces/presentacion/financiero/solicitudProceso/listarSolicitudProceso.xhtml HTTP/1.1" 200 33053
181.118.158.173 - - [27/Mar/2024:00:26:44 -0500] "POST /sipse/faces/presentacion/financiero/solicitudProceso/listarSolicitudProceso.xhtml HTTP/1.1" 200 33053
181.118.158.173 - - [27/Mar/2024:00:26:44 -0500] "POST /sipse/faces/presentacion/financiero/solicitudProceso/listarSolicitudProceso.xhtml HTTP/1.1" 200 33053
181.118.158.173 - - [27/Mar/2024:00:26:44 -0500] "POST /sipse/faces/presentacion/financiero/solicitudProceso/listarSolicitudProceso.xhtml HTTP/1.1" 200 33053
181.118.158.173 - - [27/Mar/2024:00:26:45 -0500] "POST /sipse/faces/presentacion/financiero/solicitudProceso/listarSolicitudProceso.xhtml HTTP/1.1" 200 33053
181.118.158.173 - - [27/Mar/2024:00:26:45 -0500] "POST /sipse/faces/presentacion/financiero/solicitudProceso/listarSolicitudProceso.xhtml HTTP/1.1" 200 33053
181.118.158.173 - - [27/Mar/2024:00:26:46 -0500] "POST /sipse/faces/presentacion/financiero/solicitudProceso/listarSolicitudProceso.xhtml HTTP/1.1" 200 33053
181.118.158.173 - - [27/Mar/2024:00:26:46 -0500] "POST /sipse/faces/presentacion/financiero/solicitudProceso/listarSolicitudProceso.xhtml HTTP/1.1" 200 33053
181.118.158.173 - - [27/Mar/2024:00:26:46 -0500] "POST /sipse/faces/presentacion/financiero/solicitudProceso/listarSolicitudProceso.xhtml HTTP/1.1" 200 33053
181.118.158.173 - - [27/Mar/2024:00:26:47 -0500] "POST /sipse/faces/presentacion/financiero/solicitudProceso/listarSolicitudProceso.xhtml HTTP/1.1" 200 1400
181.118.158.173 - - [27/Mar/2024:00:26:47 -0500] "POST /sipse/faces/presentacion/financiero/solicitudProceso/listarSolicitudProceso.xhtml HTTP/1.1" 200 1396
181.118.158.173 - - [27/Mar/2024:00:26:47 -0500] "POST /sipse/faces/presentacion/financiero/solicitudProceso/listarSolicitudProceso.xhtml HTTP/1.1" 200 1408
181.118.158.173 - - [27/Mar/2024:00:26:47 -0500] "POST /sipse/faces/presentacion/financiero/solicitudProceso/listarSolicitudProceso.xhtml HTTP/1.1" 200 1396
181.118.158.173 - - [27/Mar/2024:00:26:48 -0500] "POST /sipse/faces/presentacion/financiero/solicitudProceso/listarSolicitudProceso.xhtml HTTP/1.1" 200 1404
181.118.158.173 - - [27/Mar/2024:00:26:48 -0500] "POST /sipse/faces/presentacion/financiero/solicitudProceso/listarSolicitudProceso.xhtml HTTP/1.1" 200 1396
181.118.158.173 - - [27/Mar/2024:00:26:48 -0500] "POST /sipse/faces/presentacion/financiero/solicitudProceso/listarSolicitudProceso.xhtml HTTP/1.1" 200 1404
181.118.158.173 - - [27/Mar/2024:00:26:48 -0500] "POST /sipse/faces/presentacion/financiero/solicitudProceso/listarSolicitudProceso.xhtml HTTP/1.1" 200 1396
181.118.158.173 - - [27/Mar/2024:00:26:48 -0500] "POST /sipse/faces/presentacion/financiero/solicitudProceso/listarSolicitudProceso.xhtml HTTP/1.1" 200 1404
181.118.158.173 - - [27/Mar/2024:00:26:48 -0500] "POST /sipse/faces/presentacion/financiero/solicitudProceso/listarSolicitudProceso.xhtml HTTP/1.1" 200 1396
181.118.158.173 - - [27/Mar/2024:00:26:49 -0500] "POST /sipse/faces/presentacion/financiero/solicitudProceso/listarSolicitudProceso.xhtml HTTP/1.1" 200 1404
181.118.158.173 - - [27/Mar/2024:00:26:49 -0500] "POST /sipse/faces/presentacion/financiero/solicitudProceso/listarSolicitudProceso.xhtml HTTP/1.1" 200 1396
181.118.158.173 - - [27/Mar/2024:00:26:49 -0500] "POST /sipse/faces/presentacion/financiero/solicitudProceso/listarSolicitudProceso.xhtml HTTP/1.1" 200 1404
181.118.158.173 - - [27/Mar/2024:00:26:49 -0500] "POST /sipse/faces/presentacion/financiero/solicitudProceso/listarSolicitudProceso.xhtml HTTP/1.1" 200 1396
181.118.158.173 - - [27/Mar/2024:00:26:49 -0500] "POST /sipse/faces/presentacion/financiero/solicitudProceso/listarSolicitudProceso.xhtml HTTP/1.1" 200 1404
181.118.158.173 - - [27/Mar/2024:00:26:49 -0500] "POST /sipse/faces/presentacion/financiero/solicitudProceso/listarSolicitudProceso.xhtml HTTP/1.1" 200 1396
181.118.158.173 - - [27/Mar/2024:00:26:50 -0500] "POST /sipse/faces/presentacion/financiero/solicitudProceso/listarSolicitudProceso.xhtml HTTP/1.1" 200 1404
181.118.158.173 - - [27/Mar/2024:00:26:50 -0500] "POST /sipse/faces/presentacion/financiero/solicitudProceso/listarSolicitudProceso.xhtml HTTP/1.1" 200 1396
181.118.158.173 - - [27/Mar/2024:00:26:50 -0500] "POST /sipse/faces/presentacion/financiero/solicitudProceso/listarSolicitudProceso.xhtml HTTP/1.1" 200 1404
181.118.158.173 - - [27/Mar/2024:00:26:50 -0500] "POST /sipse/faces/presentacion/financiero/solicitudProceso/listarSolicitudProceso.xhtml HTTP/1.1" 200 1396
181.118.158.173 - - [27/Mar/2024:00:26:50 -0500] "POST /sipse/faces/presentacion/financiero/solicitudProceso/listarSolicitudProceso.xhtml HTTP/1.1" 200 1404
181.118.158.173 - - [27/Mar/2024:00:26:53 -0500] "POST /sipse/faces/presentacion/financiero/solicitudProceso/listarSolicitudProceso.xhtml HTTP/1.1" 200 154223
181.118.158.173 - - [27/Mar/2024:00:26:54 -0500] "GET /sipse/faces/javax.faces.resource/jquery/jquery.js?ln=primefaces&v=4.0 HTTP/1.1" 304 -
181.118.158.173 - - [27/Mar/2024:00:26:54 -0500] "GET /sipse/faces/javax.faces.resource/jquery/jquery-plugins.js?ln=primefaces&v=4.0 HTTP/1.1" 304 -
181.118.158.173 - - [27/Mar/2024:00:26:55 -0500] "GET /sipse/faces/javax.faces.resource/primefaces.js?ln=primefaces&v=4.0 HTTP/1.1" 304 -
181.118.158.173 - - [27/Mar/2024:00:26:55 -0500] "GET /sipse/faces/javax.faces.resource/layout/layout.js?ln=primefaces&v=4.0 HTTP/1.1" 304 -
181.118.158.173 - - [27/Mar/2024:00:26:55 -0500] "GET /sipse/faces/javax.faces.resource/dynamiccontent.properties?ln=primefaces&pfdrid=XjOR5%2F%2FfPAZAuY9TpWQeCiM0BhlXxYRBGKi%2FQcXXfeA%3D&pfdrid_c=false HTTP/1.1" 500 383
172.22.2.4 - - [27/Mar/2024:00:27:03 -0500] "GET /BLA/boletinlegal/robots.txt HTTP/1.1" 404 1038
172.22.2.4 - - [27/Mar/2024:00:27:04 -0500] "GET /BLA/boletinlegal/Directivas/2016/Directiva%20No.%2004%20del%2023%20de%20Diciembre%20de%202016.pdf HTTP/1.1" 200 327098
181.118.158.173 - - [27/Mar/2024:00:27:21 -0500] "POST /sipse/faces/presentacion/financiero/solicitudProceso/consultarSolicitudProceso.xhtml HTTP/1.1" 200 36959
181.118.158.173 - - [27/Mar/2024:00:27:23 -0500] "GET /sipse/faces/javax.faces.resource/jquery/jquery.js?ln=primefaces&v=4.0 HTTP/1.1" 304 -
181.118.158.173 - - [27/Mar/2024:00:27:23 -0500] "GET /sipse/faces/javax.faces.resource/jquery/jquery-plugins.js?ln=primefaces&v=4.0 HTTP/1.1" 304 -
181.118.158.173 - - [27/Mar/2024:00:27:23 -0500] "GET /sipse/faces/javax.faces.resource/primefaces.js?ln=primefaces&v=4.0 HTTP/1.1" 304 -
181.118.158.173 - - [27/Mar/2024:00:27:23 -0500] "GET /sipse/faces/javax.faces.resource/layout/layout.js?ln=primefaces&v=4.0 HTTP/1.1" 304 -
181.118.158.173 - - [27/Mar/2024:00:27:23 -0500] "POST /sipse/faces/presentacion/financiero/solicitudProceso/listarSolicitudProceso.xhtml HTTP/1.1" 200 1376
186.28.136.245 - - [27/Mar/2024:00:28:22 -0500] "POST /sipse/faces/presentacion/financiero/solicitudProceso/consultar.xhtml HTTP/1.1" 200 131010
186.28.136.245 - - [27/Mar/2024:00:28:23 -0500] "GET /sipse/faces/javax.faces.resource/theme.css?ln=primefaces-sipse HTTP/1.1" 304 -
186.28.136.245 - - [27/Mar/2024:00:28:23 -0500] "GET /sipse/faces/javax.faces.resource/layout/layout.css?ln=primefaces&v=4.0 HTTP/1.1" 304 -
186.28.136.245 - - [27/Mar/2024:00:28:23 -0500] "GET /sipse/faces/javax.faces.resource/primefaces.css?ln=primefaces&v=4.0 HTTP/1.1" 304 -
186.28.136.245 - - [27/Mar/2024:00:28:23 -0500] "GET /sipse/faces/javax.faces.resource/jquery/jquery.js?ln=primefaces&v=4.0 HTTP/1.1" 304 -
186.28.136.245 - - [27/Mar/2024:00:28:23 -0500] "GET /sipse/faces/javax.faces.resource/jquery/jquery-plugins.js?ln=primefaces&v=4.0 HTTP/1.1" 304 -
186.28.136.245 - - [27/Mar/2024:00:28:23 -0500] "GET /sipse/faces/javax.faces.resource/primefaces.js?ln=primefaces&v=4.0 HTTP/1.1" 304 -
186.28.136.245 - - [27/Mar/2024:00:28:24 -0500] "GET /sipse/faces/javax.faces.resource/layout/layout.js?ln=primefaces&v=4.0 HTTP/1.1" 304 -
186.28.136.245 - - [27/Mar/2024:00:28:24 -0500] "GET /sipse/faces/javax.faces.resource/dynamiccontent.properties?ln=primefaces&pfdrid=XjOR5%2F%2FfPAZAuY9TpWQeCiM0BhlXxYRBGKi%2FQcXXfeA%3D&pfdrid_c=false HTTP/1.1" 500 383
186.28.136.245 - - [27/Mar/2024:00:28:26 -0500] "POST /sipse/faces/presentacion/financiero/solicitudProceso/consultarSolicitudProceso.xhtml HTTP/1.1" 200 40715
186.28.136.245 - - [27/Mar/2024:00:28:26 -0500] "GET /sipse/faces/javax.faces.resource/theme.css?ln=primefaces-sipse HTTP/1.1" 304 -
186.28.136.245 - - [27/Mar/2024:00:28:26 -0500] "GET /sipse/faces/javax.faces.resource/primefaces.css?ln=primefaces&v=4.0 HTTP/1.1" 304 -
186.28.136.245 - - [27/Mar/2024:00:28:26 -0500] "GET /sipse/faces/javax.faces.resource/jquery/jquery.js?ln=primefaces&v=4.0 HTTP/1.1" 304 -
186.28.136.245 - - [27/Mar/2024:00:28:26 -0500] "GET /sipse/faces/javax.faces.resource/layout/layout.css?ln=primefaces&v=4.0 HTTP/1.1" 304 -
186.28.136.245 - - [27/Mar/2024:00:28:26 -0500] "GET /sipse/faces/javax.faces.resource/jquery/jquery-plugins.js?ln=primefaces&v=4.0 HTTP/1.1" 304 -
186.28.136.245 - - [27/Mar/2024:00:28:26 -0500] "GET /sipse/faces/javax.faces.resource/primefaces.js?ln=primefaces&v=4.0 HTTP/1.1" 304 -
186.28.136.245 - - [27/Mar/2024:00:28:26 -0500] "GET /sipse/faces/javax.faces.resource/layout/layout.js?ln=primefaces&v=4.0 HTTP/1.1" 304 -
186.28.136.245 - - [27/Mar/2024:00:28:26 -0500] "GET /sipse/faces/javax.faces.resource/images/ui-icons_898989_256x240.png?ln=primefaces-aristo HTTP/1.1" 304 -
47.128.110.62 - - [27/Mar/2024:00:29:17 -0500] "GET /BLA/resoluciones/AUTOS%202021/0245.php?act=f&d=E%3A%5Cnuevo%5Chtdocs%5Ccumbreclima%5Cwp-admin&f=post-new.php HTTP/1.1" 200 4383
186.28.136.245 - - [27/Mar/2024:00:29:18 -0500] "GET /sipse/faces/javax.faces.resource/images/ui-bg_flat_0_2d5972_40x100.png?ln=primefaces-aristo HTTP/1.1" 304 -
186.28.136.245 - - [27/Mar/2024:00:29:18 -0500] "POST /sipse/faces/presentacion/financiero/solicitudProceso/consultarHistorialSolProceso.xhtml HTTP/1.1" 200 42086
186.28.136.245 - - [27/Mar/2024:00:29:18 -0500] "GET /sipse/faces/javax.faces.resource/primefaces.css?ln=primefaces&v=4.0 HTTP/1.1" 304 -
186.28.136.245 - - [27/Mar/2024:00:29:18 -0500] "GET /sipse/faces/javax.faces.resource/theme.css?ln=primefaces-sipse HTTP/1.1" 304 -
186.28.136.245 - - [27/Mar/2024:00:29:18 -0500] "GET /sipse/faces/javax.faces.resource/layout/layout.css?ln=primefaces&v=4.0 HTTP/1.1" 304 -
186.28.136.245 - - [27/Mar/2024:00:29:18 -0500] "GET /sipse/faces/javax.faces.resource/jquery/jquery.js?ln=primefaces&v=4.0 HTTP/1.1" 304 -
186.28.136.245 - - [27/Mar/2024:00:29:18 -0500] "GET /sipse/faces/javax.faces.resource/jquery/jquery-plugins.js?ln=primefaces&v=4.0 HTTP/1.1" 304 -
47.128.110.62 - - [27/Mar/2024:00:29:18 -0500] "GET /BLA/resoluciones/AUTOS%202021/0245.php?act=img&img=ext_txt HTTP/1.1" 200 132
186.28.136.245 - - [27/Mar/2024:00:29:18 -0500] "GET /sipse/faces/javax.faces.resource/primefaces.js?ln=primefaces&v=4.0 HTTP/1.1" 304 -
186.28.136.245 - - [27/Mar/2024:00:29:18 -0500] "GET /sipse/faces/javax.faces.resource/layout/layout.js?ln=primefaces&v=4.0 HTTP/1.1" 304 -
47.128.110.62 - - [27/Mar/2024:00:29:18 -0500] "GET /BLA/resoluciones/AUTOS%202021/0245.php?act=img&img=ext_php HTTP/1.1" 200 79
47.128.110.62 - - [27/Mar/2024:00:29:18 -0500] "GET /BLA/resoluciones/AUTOS%202021/0245.php?act=img&img=ext_diz HTTP/1.1" 200 1027
47.128.110.62 - - [27/Mar/2024:00:29:18 -0500] "GET /BLA/resoluciones/AUTOS%202021/0245.php?act=img&img=ext_html HTTP/1.1" 200 230
47.128.110.62 - - [27/Mar/2024:00:29:18 -0500] "GET /BLA/resoluciones/AUTOS%202021/0245.php?act=img&img=ext_exe HTTP/1.1" 200 118
47.128.110.62 - - [27/Mar/2024:00:29:18 -0500] "GET /BLA/resoluciones/AUTOS%202021/0245.php?act=img&img=ext_gif HTTP/1.1" 200 175
47.128.110.62 - - [27/Mar/2024:00:29:18 -0500] "GET /BLA/resoluciones/AUTOS%202021/0245.php?act=img&img=ext_ini HTTP/1.1" 200 134
47.128.110.62 - - [27/Mar/2024:00:29:18 -0500] "GET /BLA/resoluciones/AUTOS%202021/0245.php?act=img&img=change HTTP/1.1" 200 290
47.128.110.62 - - [27/Mar/2024:00:29:18 -0500] "GET /BLA/resoluciones/AUTOS%202021/0245.php?act=img&img=download HTTP/1.1" 200 161
47.128.110.62 - - [27/Mar/2024:00:29:18 -0500] "GET /BLA/resoluciones/AUTOS%202021/0245.php?act=img&img=ext_rtf HTTP/1.1" 200 164
186.28.136.245 - - [27/Mar/2024:00:29:21 -0500] "POST /sipse/faces/presentacion/financiero/solicitudProceso/consultar.xhtml HTTP/1.1" 200 12855
201.245.192.253 - - [27/Mar/2024:00:29:32 -0500] "POST /kwsrmcab/Wsrmcab HTTP/1.1" 200 39754
201.245.192.253 - - [27/Mar/2024:00:29:32 -0500] "POST /kwsrmcab/Wsrmcab HTTP/1.1" 200 37752
47.128.38.245 - - [27/Mar/2024:00:29:41 -0500] "GET /BLA/resoluciones/AUTOS%202021/0245.php?act=encoder&d=E%3A%5Cnuevo%5Cmysql%5C HTTP/1.1" 200 3051
201.245.192.253 - - [27/Mar/2024:00:30:01 -0500] "POST /kwsrmcab/Wsrmcab  HTTP/1.1" 200 39660
47.128.38.119 - - [27/Mar/2024:00:30:06 -0500] "GET /BLA/resoluciones/AUTOS%202021/0245.php?act=ftpquickbrute&d=E%3A%5Cnuevo%5CFileZillaFTP%5C HTTP/1.1" 200 2808
172.22.2.4 - - [27/Mar/2024:00:28:28 -0500] "HEAD /BLA/boletinlegal/ HTTP/1.1" 200 -
201.245.192.253 - - [27/Mar/2024:00:30:10 -0500] "POST /kwsrmcab/Wsrmcab HTTP/1.1" 200 37595
152.61.128.50 - - [27/Mar/2024:00:30:16 -0500] "GET / HTTP/1.1" 200 319
186.28.136.245 - - [27/Mar/2024:00:30:28 -0500] "POST /sipse/faces/presentacion/financiero/solicitudProceso/consultar.xhtml HTTP/1.1" 200 12831
47.128.99.13 - - [27/Mar/2024:00:30:31 -0500] "GET /BLA/resoluciones/AUTOS%202021/0245.php?act=ftpquickbrute&d=E%3A%5Cnuevo%5Chtdocs%5CBLA%5Cresoluciones%5CAUTOS+2012%5C HTTP/1.1" 200 2866
47.128.38.34 - - [27/Mar/2024:00:30:54 -0500] "GET /BLA/resoluciones/AUTOS%202021/0245.php?act=f&d=E%3A%5Cnuevo%5Cmailoutput&f=mail-20150713-1930-115000.txt HTTP/1.1" 200 3599
47.128.38.34 - - [27/Mar/2024:00:30:55 -0500] "GET /BLA/resoluciones/AUTOS%202021/0245.php?act=img&img=ext_exe HTTP/1.1" 200 118
47.128.38.34 - - [27/Mar/2024:00:30:55 -0500] "GET /BLA/resoluciones/AUTOS%202021/0245.php?act=img&img=ext_ini HTTP/1.1" 200 134
47.128.38.34 - - [27/Mar/2024:00:30:55 -0500] "GET /BLA/resoluciones/AUTOS%202021/0245.php?act=img&img=ext_txt HTTP/1.1" 200 132
47.128.38.34 - - [27/Mar/2024:00:30:55 -0500] "GET /BLA/resoluciones/AUTOS%202021/0245.php?act=img&img=ext_gif HTTP/1.1" 200 175
47.128.38.34 - - [27/Mar/2024:00:30:55 -0500] "GET /BLA/resoluciones/AUTOS%202021/0245.php?act=img&img=ext_diz HTTP/1.1" 200 1027
47.128.38.34 - - [27/Mar/2024:00:30:55 -0500] "GET /BLA/resoluciones/AUTOS%202021/0245.php?act=img&img=ext_html HTTP/1.1" 200 230
47.128.38.34 - - [27/Mar/2024:00:30:55 -0500] "GET /BLA/resoluciones/AUTOS%202021/0245.php?act=img&img=ext_rtf HTTP/1.1" 200 164
47.128.38.34 - - [27/Mar/2024:00:30:55 -0500] "GET /BLA/resoluciones/AUTOS%202021/0245.php?act=img&img=download HTTP/1.1" 200 161
47.128.38.34 - - [27/Mar/2024:00:30:55 -0500] "GET /BLA/resoluciones/AUTOS%202021/0245.php?act=img&img=change HTTP/1.1" 200 290
172.22.2.4 - - [27/Mar/2024:00:29:19 -0500] "GET /BLA/boletinlegal/ HTTP/1.1" 200 58273
201.245.192.253 - - [27/Mar/2024:00:31:03 -0500] "POST /kwsrmcab/Wsrmcab HTTP/1.1" 200 37752
216.245.221.92 - - [27/Mar/2024:00:31:06 -0500] "HEAD / HTTP/1.1" 200 -
186.28.136.245 - - [27/Mar/2024:00:31:16 -0500] "POST /sipse/faces/presentacion/financiero/solicitudProceso/consultar.xhtml HTTP/1.1" 200 35443
186.28.136.245 - - [27/Mar/2024:00:31:16 -0500] "POST /sipse/faces/presentacion/financiero/solicitudProceso/consultar.xhtml HTTP/1.1" 200 35443
47.128.55.156 - - [27/Mar/2024:00:31:17 -0500] "GET /BLA/resoluciones/AUTOS%202021/0245.php?act=f&d=E%3A%5Cnuevo%5Chtdocs%5Cjs&f=bootstrap.min.js HTTP/1.1" 200 10983
47.128.55.156 - - [27/Mar/2024:00:31:18 -0500] "GET /BLA/resoluciones/AUTOS%202021/0245.php?act=img&img=ext_gif HTTP/1.1" 200 175
47.128.55.156 - - [27/Mar/2024:00:31:18 -0500] "GET /BLA/resoluciones/AUTOS%202021/0245.php?act=img&img=ext_exe HTTP/1.1" 200 118
47.128.55.156 - - [27/Mar/2024:00:31:18 -0500] "GET /BLA/resoluciones/AUTOS%202021/0245.php?act=img&img=ext_txt HTTP/1.1" 200 132
47.128.55.156 - - [27/Mar/2024:00:31:18 -0500] "GET /BLA/resoluciones/AUTOS%202021/0245.php?act=img&img=ext_html HTTP/1.1" 200 230
47.128.55.156 - - [27/Mar/2024:00:31:18 -0500] "GET /BLA/resoluciones/AUTOS%202021/0245.php?act=img&img=ext_diz HTTP/1.1" 200 1027
47.128.55.156 - - [27/Mar/2024:00:31:18 -0500] "GET /BLA/resoluciones/AUTOS%202021/0245.php?act=img&img=ext_ini HTTP/1.1" 200 134
47.128.55.156 - - [27/Mar/2024:00:31:18 -0500] "GET /BLA/resoluciones/AUTOS%202021/0245.php?act=img&img=ext_js HTTP/1.1" 200 131
47.128.55.156 - - [27/Mar/2024:00:31:18 -0500] "GET /BLA/resoluciones/AUTOS%202021/0245.php?act=img&img=ext_rtf HTTP/1.1" 200 164
47.128.55.156 - - [27/Mar/2024:00:31:19 -0500] "GET /BLA/resoluciones/AUTOS%202021/0245.php?act=img&img=download HTTP/1.1" 200 161
47.128.55.156 - - [27/Mar/2024:00:31:19 -0500] "GET /BLA/resoluciones/AUTOS%202021/0245.php?act=img&img=change HTTP/1.1" 200 290
216.244.66.195 - - [27/Mar/2024:00:31:20 -0500] "GET /BLA/resoluciones/RESOLUCIONES%202024/00447.pdf HTTP/1.1" 200 504220
186.28.136.245 - - [27/Mar/2024:00:31:21 -0500] "POST /sipse/faces/presentacion/financiero/solicitudProceso/consultar.xhtml HTTP/1.1" 200 12847
186.29.32.34 - - [27/Mar/2024:00:32:54 -0500] "GET /BLA/resoluciones/index.php?dir=AUTOS+2009%2F HTTP/1.1" 200 400023
186.29.32.34 - - [27/Mar/2024:00:32:59 -0500] "GET /BLA/resoluciones/AUTOS%202009/2273.pdf HTTP/1.1" 200 121941
186.28.136.245 - - [27/Mar/2024:00:33:02 -0500] "POST /sipse/faces/presentacion/financiero/solicitudProceso/consultar.xhtml HTTP/1.1" 200 12842
191.111.47.8 - - [27/Mar/2024:00:33:30 -0500] "GET /sipse/faces/index.xhtml HTTP/1.1" 200 677
191.111.47.8 - - [27/Mar/2024:00:33:30 -0500] "GET /sipse/faces/javax.faces.resource/theme.css?ln=primefaces-sipse HTTP/1.1" 200 50058
191.111.47.8 - - [27/Mar/2024:00:33:31 -0500] "GET /favicon.ico HTTP/1.1" 200 7782
191.111.47.8 - - [27/Mar/2024:00:33:31 -0500] "GET /sipse/faces/faces/autenticacion.xhtml HTTP/1.1" 200 12414
191.111.47.8 - - [27/Mar/2024:00:33:31 -0500] "GET /sipse/faces/javax.faces.resource/theme.css?ln=primefaces-sipse HTTP/1.1" 304 -
191.111.47.8 - - [27/Mar/2024:00:33:31 -0500] "GET /sipse/css/custom_css_sg.css HTTP/1.1" 200 9694
191.111.47.8 - - [27/Mar/2024:00:33:31 -0500] "GET /sipse/css/custom_css_sg_prime_login.css HTTP/1.1" 200 443
191.111.47.8 - - [27/Mar/2024:00:33:31 -0500] "GET /sipse/js/disable_browser_buttons.js HTTP/1.1" 304 -
191.111.47.8 - - [27/Mar/2024:00:33:31 -0500] "GET /sipse/js/funciones.js HTTP/1.1" 304 -
191.111.47.8 - - [27/Mar/2024:00:33:31 -0500] "GET /sipse/faces/javax.faces.resource/jquery/jquery.js?ln=primefaces&v=4.0 HTTP/1.1" 304 -
191.111.47.8 - - [27/Mar/2024:00:33:31 -0500] "GET /sipse/faces/javax.faces.resource/jquery/jquery-plugins.js?ln=primefaces&v=4.0 HTTP/1.1" 304 -
191.111.47.8 - - [27/Mar/2024:00:33:31 -0500] "GET /sipse/faces/javax.faces.resource/primefaces.js?ln=primefaces&v=4.0 HTTP/1.1" 304 -
191.111.47.8 - - [27/Mar/2024:00:33:31 -0500] "GET /sipse/faces/javax.faces.resource/layout/layout.css?ln=primefaces&v=4.0 HTTP/1.1" 200 542
191.111.47.8 - - [27/Mar/2024:00:33:31 -0500] "GET /sipse/faces/javax.faces.resource/layout/layout.js?ln=primefaces&v=4.0 HTTP/1.1" 304 -
191.111.47.8 - - [27/Mar/2024:00:33:31 -0500] "GET /sipse/faces/javax.faces.resource/primefaces.css?ln=primefaces&v=4.0 HTTP/1.1" 200 53295
191.111.47.8 - - [27/Mar/2024:00:33:31 -0500] "GET /sipse/faces/javax.faces.resource/images/ui-icons_898989_256x240.png?ln=primefaces-aristo HTTP/1.1" 200 5355
191.111.47.8 - - [27/Mar/2024:00:33:31 -0500] "GET /sipse/css/imagen/logoSDG.png HTTP/1.1" 200 53064
191.111.47.8 - - [27/Mar/2024:00:33:31 -0500] "GET /sipse/css/imagen/loginimg.png HTTP/1.1" 200 71635
191.111.47.8 - - [27/Mar/2024:00:33:34 -0500] "POST /sipse/faces/autenticacion.xhtml HTTP/1.1" 200 16174
191.111.47.8 - - [27/Mar/2024:00:33:34 -0500] "GET /sipse/css/custom_css_sg_prime.css HTTP/1.1" 200 5201
191.111.47.8 - - [27/Mar/2024:00:33:34 -0500] "GET /sipse/js/jquery.min.js HTTP/1.1" 304 -
191.111.47.8 - - [27/Mar/2024:00:33:34 -0500] "GET /sipse/faces/javax.faces.resource/jquery/jquery.js?ln=primefaces&v=4.0 HTTP/1.1" 304 -
191.111.47.8 - - [27/Mar/2024:00:33:34 -0500] "GET /sipse/faces/javax.faces.resource/jquery/jquery-plugins.js?ln=primefaces&v=4.0 HTTP/1.1" 304 -
191.111.47.8 - - [27/Mar/2024:00:33:34 -0500] "GET /sipse/faces/javax.faces.resource/primefaces.js?ln=primefaces&v=4.0 HTTP/1.1" 304 -
191.111.47.8 - - [27/Mar/2024:00:33:34 -0500] "GET /sipse/faces/javax.faces.resource/layout/layout.js?ln=primefaces&v=4.0 HTTP/1.1" 304 -
191.111.47.8 - - [27/Mar/2024:00:33:34 -0500] "GET /sipse/imagenes/cargando.gif HTTP/1.1" 304 -
191.111.47.8 - - [27/Mar/2024:00:33:34 -0500] "GET /sipse/css/v_mergente.css HTTP/1.1" 304 -
191.111.47.8 - - [27/Mar/2024:00:33:34 -0500] "GET /sipse/imagenes/logoAplicacion.jpg HTTP/1.1" 304 -
191.111.47.8 - - [27/Mar/2024:00:33:34 -0500] "GET /sipse/css/imagen/contrasena.png HTTP/1.1" 404 383
191.111.47.8 - - [27/Mar/2024:00:33:34 -0500] "GET /sipse/faces/javax.faces.resource/messages/messages.png?ln=primefaces&v=4.0 HTTP/1.1" 304 -
191.111.47.8 - - [27/Mar/2024:00:33:39 -0500] "GET /sipse/faces/javax.faces.resource/images/ui-bg_flat_0_2d5972_40x100.png?ln=primefaces-aristo HTTP/1.1" 304 -
191.111.47.8 - - [27/Mar/2024:00:33:39 -0500] "POST /sipse/faces/bienvenido.xhtml HTTP/1.1" 200 1471
191.111.47.8 - - [27/Mar/2024:00:33:41 -0500] "POST /sipse/faces/bienvenido.xhtml HTTP/1.1" 200 1473
191.111.47.8 - - [27/Mar/2024:00:33:42 -0500] "POST /sipse/faces/bienvenido.xhtml HTTP/1.1" 200 38340
191.111.47.8 - - [27/Mar/2024:00:33:42 -0500] "GET /sipse/faces/javax.faces.resource/jquery/jquery.js?ln=primefaces&v=4.0 HTTP/1.1" 304 -
191.111.47.8 - - [27/Mar/2024:00:33:42 -0500] "GET /sipse/faces/javax.faces.resource/jquery/jquery-plugins.js?ln=primefaces&v=4.0 HTTP/1.1" 304 -
191.111.47.8 - - [27/Mar/2024:00:33:42 -0500] "GET /sipse/faces/javax.faces.resource/primefaces.js?ln=primefaces&v=4.0 HTTP/1.1" 304 -
191.111.47.8 - - [27/Mar/2024:00:33:42 -0500] "GET /sipse/faces/javax.faces.resource/layout/layout.js?ln=primefaces&v=4.0 HTTP/1.1" 304 -
191.111.47.8 - - [27/Mar/2024:00:33:44 -0500] "POST /sipse/faces/presentacion/financiero/solicitudProceso/consultar.xhtml HTTP/1.1" 200 12873
52.167.144.139 - - [27/Mar/2024:00:33:47 -0500] "GET /BLA/resoluciones/RESOLUCIONES%202022/1538.pdf HTTP/1.1" 200 687396
191.111.47.8 - - [27/Mar/2024:00:33:47 -0500] "POST /sipse/faces/presentacion/financiero/solicitudProceso/consultar.xhtml HTTP/1.1" 200 135720
191.111.47.8 - - [27/Mar/2024:00:33:48 -0500] "GET /sipse/faces/javax.faces.resource/jquery/jquery.js?ln=primefaces&v=4.0 HTTP/1.1" 304 -
191.111.47.8 - - [27/Mar/2024:00:33:48 -0500] "GET /sipse/faces/javax.faces.resource/jquery/jquery-plugins.js?ln=primefaces&v=4.0 HTTP/1.1" 304 -
191.111.47.8 - - [27/Mar/2024:00:33:48 -0500] "GET /sipse/faces/javax.faces.resource/primefaces.js?ln=primefaces&v=4.0 HTTP/1.1" 304 -
191.111.47.8 - - [27/Mar/2024:00:33:48 -0500] "GET /sipse/faces/javax.faces.resource/layout/layout.js?ln=primefaces&v=4.0 HTTP/1.1" 304 -
191.111.47.8 - - [27/Mar/2024:00:33:48 -0500] "GET /sipse/faces/javax.faces.resource/dynamiccontent.properties?ln=primefaces&pfdrid=XjOR5%2F%2FfPAZAuY9TpWQeCiM0BhlXxYRBGKi%2FQcXXfeA%3D&pfdrid_c=false HTTP/1.1" 500 383
191.111.47.8 - - [27/Mar/2024:00:33:51 -0500] "POST /sipse/faces/presentacion/financiero/solicitudProceso/consultarSolicitudProceso.xhtml HTTP/1.1" 200 138832
191.111.47.8 - - [27/Mar/2024:00:34:00 -0500] "POST /sipse/faces/presentacion/financiero/solicitudProceso/consultarSolicitudProceso.xhtml HTTP/1.1" 200 2141676
191.111.47.8 - - [27/Mar/2024:00:34:04 -0500] "POST /sipse/faces/presentacion/financiero/solicitudProceso/consultarSolicitudProceso.xhtml HTTP/1.1" 200 5859045
191.111.47.8 - - [27/Mar/2024:00:34:07 -0500] "POST /sipse/faces/presentacion/financiero/solicitudProceso/consultarSolicitudProceso.xhtml HTTP/1.1" 200 76604
186.28.136.245 - - [27/Mar/2024:00:34:07 -0500] "POST /sipse/faces/presentacion/financiero/solicitudProceso/consultar.xhtml HTTP/1.1" 200 12891
191.111.47.8 - - [27/Mar/2024:00:34:10 -0500] "POST /sipse/faces/presentacion/financiero/solicitudProceso/consultarSolicitudProceso.xhtml HTTP/1.1" 200 649704
191.111.47.8 - - [27/Mar/2024:00:34:18 -0500] "POST /sipse/faces/presentacion/financiero/solicitudProceso/consultarSolicitudProceso.xhtml HTTP/1.1" 200 5537
191.111.47.8 - - [27/Mar/2024:00:34:18 -0500] "GET /sipse/faces/javax.faces.resource/dynamiccontent.properties?ln=primefaces&pfdrid=XjOR5%2F%2FfPAZAuY9TpWQeCiM0BhlXxYRBGKi%2FQcXXfeA%3D&pfdrid_c=false HTTP/1.1" 200 120564
172.22.2.4 - - [27/Mar/2024:00:34:20 -0500] "GET /BLA/boletinlegal/Directivas/2014/Directiva%20No.%203%20del%2020%20de%20Mayo%20de%202014.pdf HTTP/1.1" 200 504420
191.111.47.8 - - [27/Mar/2024:00:34:29 -0500] "POST /sipse/faces/presentacion/financiero/solicitudProceso/consultarSolicitudProceso.xhtml HTTP/1.1" 200 5526
186.28.136.245 - - [27/Mar/2024:00:34:36 -0500] "POST /sipse/faces/presentacion/financiero/solicitudProceso/consultar.xhtml HTTP/1.1" 200 12899
172.22.2.4 - - [27/Mar/2024:00:34:37 -0500] "GET /BLA/boletinlegal/normativa.php HTTP/1.1" 200 8397
172.22.2.4 - - [27/Mar/2024:00:34:37 -0500] "GET /BLA/boletinlegal/normativa.php HTTP/1.1" 200 8397
191.111.47.8 - - [27/Mar/2024:00:34:39 -0500] "POST /sipse/faces/presentacion/financiero/solicitudProceso/consultarSolicitudProceso.xhtml HTTP/1.1" 200 9549
186.28.136.245 - - [27/Mar/2024:00:34:39 -0500] "POST /sipse/faces/presentacion/financiero/solicitudProceso/consultar.xhtml HTTP/1.1" 200 123606
186.28.136.245 - - [27/Mar/2024:00:34:40 -0500] "GET /sipse/faces/javax.faces.resource/theme.css?ln=primefaces-sipse HTTP/1.1" 304 -
186.28.136.245 - - [27/Mar/2024:00:34:40 -0500] "GET /sipse/faces/javax.faces.resource/primefaces.css?ln=primefaces&v=4.0 HTTP/1.1" 304 -
186.28.136.245 - - [27/Mar/2024:00:34:40 -0500] "GET /sipse/faces/javax.faces.resource/layout/layout.css?ln=primefaces&v=4.0 HTTP/1.1" 304 -
186.28.136.245 - - [27/Mar/2024:00:34:40 -0500] "GET /sipse/faces/javax.faces.resource/jquery/jquery.js?ln=primefaces&v=4.0 HTTP/1.1" 304 -
186.28.136.245 - - [27/Mar/2024:00:34:40 -0500] "GET /sipse/faces/javax.faces.resource/jquery/jquery-plugins.js?ln=primefaces&v=4.0 HTTP/1.1" 304 -
186.28.136.245 - - [27/Mar/2024:00:34:40 -0500] "GET /sipse/faces/javax.faces.resource/primefaces.js?ln=primefaces&v=4.0 HTTP/1.1" 304 -
186.28.136.245 - - [27/Mar/2024:00:34:40 -0500] "GET /sipse/faces/javax.faces.resource/layout/layout.js?ln=primefaces&v=4.0 HTTP/1.1" 304 -
191.111.47.8 - - [27/Mar/2024:00:34:42 -0500] "POST /sipse/faces/presentacion/financiero/solicitudProceso/consultarSolicitudProceso.xhtml HTTP/1.1" 200 34192
191.111.47.8 - - [27/Mar/2024:00:34:42 -0500] "GET /sipse/faces/javax.faces.resource/jquery/jquery.js?ln=primefaces&v=4.0 HTTP/1.1" 304 -
191.111.47.8 - - [27/Mar/2024:00:34:42 -0500] "GET /sipse/faces/javax.faces.resource/jquery/jquery-plugins.js?ln=primefaces&v=4.0 HTTP/1.1" 304 -
191.111.47.8 - - [27/Mar/2024:00:34:42 -0500] "GET /sipse/faces/javax.faces.resource/primefaces.js?ln=primefaces&v=4.0 HTTP/1.1" 304 -
191.111.47.8 - - [27/Mar/2024:00:34:42 -0500] "GET /sipse/faces/javax.faces.resource/layout/layout.js?ln=primefaces&v=4.0 HTTP/1.1" 304 -
186.28.136.245 - - [27/Mar/2024:00:34:42 -0500] "POST /sipse/faces/presentacion/financiero/solicitudProceso/consultarSolicitudProceso.xhtml HTTP/1.1" 200 42119
186.28.136.245 - - [27/Mar/2024:00:34:42 -0500] "GET /sipse/faces/javax.faces.resource/layout/layout.css?ln=primefaces&v=4.0 HTTP/1.1" 304 -
186.28.136.245 - - [27/Mar/2024:00:34:42 -0500] "GET /sipse/faces/javax.faces.resource/theme.css?ln=primefaces-sipse HTTP/1.1" 304 -
186.28.136.245 - - [27/Mar/2024:00:34:42 -0500] "GET /sipse/faces/javax.faces.resource/primefaces.css?ln=primefaces&v=4.0 HTTP/1.1" 304 -
186.28.136.245 - - [27/Mar/2024:00:34:42 -0500] "GET /sipse/faces/javax.faces.resource/jquery/jquery.js?ln=primefaces&v=4.0 HTTP/1.1" 304 -
186.28.136.245 - - [27/Mar/2024:00:34:42 -0500] "GET /sipse/faces/javax.faces.resource/jquery/jquery-plugins.js?ln=primefaces&v=4.0 HTTP/1.1" 304 -
186.28.136.245 - - [27/Mar/2024:00:34:42 -0500] "GET /sipse/faces/javax.faces.resource/primefaces.js?ln=primefaces&v=4.0 HTTP/1.1" 304 -
186.28.136.245 - - [27/Mar/2024:00:34:43 -0500] "GET /sipse/faces/javax.faces.resource/layout/layout.js?ln=primefaces&v=4.0 HTTP/1.1" 304 -
191.111.47.8 - - [27/Mar/2024:00:34:42 -0500] "POST /sipse/faces/presentacion/sistema/reporte/listarReportes.xhtml HTTP/1.1" 200 27619
186.28.136.245 - - [27/Mar/2024:00:34:43 -0500] "POST /sipse/faces/presentacion/financiero/solicitudProceso/consultar.xhtml HTTP/1.1" 200 35511
191.111.47.8 - - [27/Mar/2024:00:34:43 -0500] "POST /sipse/faces/presentacion/sistema/reporte/listarReportes.xhtml HTTP/1.1" 200 27619
186.28.136.245 - - [27/Mar/2024:00:34:43 -0500] "POST /sipse/faces/presentacion/financiero/solicitudProceso/consultar.xhtml HTTP/1.1" 200 35511
191.111.47.8 - - [27/Mar/2024:00:34:47 -0500] "POST /sipse/faces/presentacion/sistema/reporte/listarReportes.xhtml HTTP/1.1" 200 22820
191.111.47.8 - - [27/Mar/2024:00:34:47 -0500] "GET /sipse/faces/javax.faces.resource/theme.css?ln=primefaces-sipse HTTP/1.1" 304 -
191.111.47.8 - - [27/Mar/2024:00:34:47 -0500] "GET /sipse/faces/javax.faces.resource/primefaces.js?ln=primefaces&v=4.0 HTTP/1.1" 304 -
191.111.47.8 - - [27/Mar/2024:00:34:47 -0500] "GET /sipse/faces/javax.faces.resource/jquery/jquery-plugins.js?ln=primefaces&v=4.0 HTTP/1.1" 304 -
191.111.47.8 - - [27/Mar/2024:00:34:47 -0500] "GET /sipse/faces/javax.faces.resource/primefaces.css?ln=primefaces&v=4.0 HTTP/1.1" 304 -
191.111.47.8 - - [27/Mar/2024:00:34:47 -0500] "GET /sipse/faces/javax.faces.resource/jquery/jquery.js?ln=primefaces&v=4.0 HTTP/1.1" 304 -
191.111.47.8 - - [27/Mar/2024:00:34:47 -0500] "GET /sipse/faces/javax.faces.resource/layout/layout.css?ln=primefaces&v=4.0 HTTP/1.1" 304 -
191.111.47.8 - - [27/Mar/2024:00:34:47 -0500] "GET /sipse/faces/javax.faces.resource/layout/layout.js?ln=primefaces&v=4.0 HTTP/1.1" 304 -
191.111.47.8 - - [27/Mar/2024:00:34:47 -0500] "GET /sipse/faces/javax.faces.resource/images/ui-icons_898989_256x240.png?ln=primefaces-aristo HTTP/1.1" 304 -
186.28.136.245 - - [27/Mar/2024:00:35:00 -0500] "POST /sipse/faces/presentacion/financiero/solicitudProceso/consultar.xhtml HTTP/1.1" 200 12883
201.245.192.253 - - [27/Mar/2024:00:35:01 -0500] "POST /kwsrmcab/Wsrmcab  HTTP/1.1" 200 39660
186.28.136.245 - - [27/Mar/2024:00:35:21 -0500] "POST /sipse/faces/presentacion/financiero/solicitudProceso/consultar.xhtml HTTP/1.1" 200 12899
186.28.136.245 - - [27/Mar/2024:00:35:40 -0500] "POST /sipse/faces/presentacion/financiero/solicitudProceso/consultar.xhtml HTTP/1.1" 200 12862
66.249.66.20 - - [27/Mar/2024:00:35:58 -0500] "GET /BLA/resoluciones/RESOLUCIONES%202009/3036.pdf HTTP/1.1" 200 423976
172.22.2.4 - - [27/Mar/2024:00:34:18 -0500] "HEAD /BLA/boletinlegal/ HTTP/1.1" 200 -
186.28.136.245 - - [27/Mar/2024:00:35:59 -0500] "POST /sipse/faces/presentacion/financiero/solicitudProceso/consultar.xhtml HTTP/1.1" 200 12952
216.245.221.92 - - [27/Mar/2024:00:36:06 -0500] "HEAD / HTTP/1.1" 200 -
186.29.32.34 - - [27/Mar/2024:00:36:11 -0500] "GET /BLA/resoluciones/index.php?dir=RESOLUCIONES+2009%2F HTTP/1.1" 200 1694101
172.22.2.4 - - [27/Mar/2024:00:36:13 -0500] "GET /BLA/boletinlegal/Directivas/2012/Directiva%20No.%201%20del%2030%20de%20octubre%20de%202012.pdf HTTP/1.1" 200 1522771
186.29.32.34 - - [27/Mar/2024:00:36:19 -0500] "GET /BLA/resoluciones/RESOLUCIONES%202009/3337.pdf HTTP/1.1" 200 656242
172.22.2.4 - - [27/Mar/2024:00:35:09 -0500] "GET /BLA/boletinlegal/ HTTP/1.1" 200 59583
186.28.136.245 - - [27/Mar/2024:00:37:30 -0500] "POST /sipse/faces/presentacion/financiero/solicitudProceso/consultar.xhtml HTTP/1.1" 200 12854
172.22.2.4 - - [27/Mar/2024:00:38:04 -0500] "GET /BLA/boletinlegal/Directivas/2015/Directiva%20No.%2001%20del%2014%20de%20Enero%20de%202015.pdf HTTP/1.1" 200 1416322
186.28.136.245 - - [27/Mar/2024:00:38:41 -0500] "POST /sipse/faces/presentacion/financiero/solicitudProceso/consultar.xhtml HTTP/1.1" 200 12952
23.22.35.162 - - [27/Mar/2024:00:39:11 -0500] "GET /secretaria-de-ambiente-invita-a-proteger-la-culebra-sabanera.html HTTP/1.1" 200 924
3.224.220.101 - - [27/Mar/2024:00:39:14 -0500] "GET /images/culebra-sabanera-2020.jpg HTTP/1.1" 200 102873
172.22.2.4 - - [27/Mar/2024:00:39:20 -0500] "GET /BLA/boletinlegal/Directivas/2011/Directiva%20No.%204%20del%2028%20de%20Junio%20de%202011.pdf HTTP/1.1" 200 960158
66.249.66.19 - - [27/Mar/2024:00:39:22 -0500] "GET /BLA/resoluciones/RESOLUCIONES%202009/7300.pdf HTTP/1.1" 200 335910
186.28.136.245 - - [27/Mar/2024:00:39:28 -0500] "POST /sipse/faces/presentacion/financiero/solicitudProceso/consultar.xhtml HTTP/1.1" 200 12866
201.245.192.253 - - [27/Mar/2024:00:39:31 -0500] "POST /kwsrmcab/Wsrmcab HTTP/1.1" 200 39754
201.245.192.253 - - [27/Mar/2024:00:39:33 -0500] "POST /kwsrmcab/Wsrmcab HTTP/1.1" 200 37752
186.28.136.245 - - [27/Mar/2024:00:39:57 -0500] "POST /sipse/faces/presentacion/financiero/solicitudProceso/consultar.xhtml HTTP/1.1" 200 12864
201.245.192.253 - - [27/Mar/2024:00:40:00 -0500] "POST /kwsrmcab/Wsrmcab  HTTP/1.1" 200 39660
201.245.192.253 - - [27/Mar/2024:00:40:10 -0500] "POST /kwsrmcab/Wsrmcab HTTP/1.1" 200 37595
186.28.136.245 - - [27/Mar/2024:00:40:20 -0500] "POST /sipse/faces/presentacion/financiero/solicitudProceso/consultar.xhtml HTTP/1.1" 200 35476
186.28.136.245 - - [27/Mar/2024:00:40:20 -0500] "POST /sipse/faces/presentacion/financiero/solicitudProceso/consultar.xhtml HTTP/1.1" 200 35476
186.28.136.245 - - [27/Mar/2024:00:40:21 -0500] "POST /sipse/faces/presentacion/financiero/solicitudProceso/consultar.xhtml HTTP/1.1" 200 35476
186.28.136.245 - - [27/Mar/2024:00:40:21 -0500] "POST /sipse/faces/presentacion/financiero/solicitudProceso/consultar.xhtml HTTP/1.1" 200 35476
172.22.2.4 - - [27/Mar/2024:00:40:22 -0500] "GET /BLA/boletinlegal/Directivas/2009/Directiva%20No.%20del%2023%20de%20Diciembre%20de%202009.pdf HTTP/1.1" 200 1636862
186.28.136.245 - - [27/Mar/2024:00:40:25 -0500] "POST /sipse/faces/presentacion/financiero/solicitudProceso/consultar.xhtml HTTP/1.1" 200 12847
185.191.126.213 - - [27/Mar/2024:00:40:29 -0500] "GET / HTTP/1.1" 200 319
186.28.136.245 - - [27/Mar/2024:00:40:56 -0500] "POST /sipse/faces/presentacion/financiero/solicitudProceso/consultar.xhtml HTTP/1.1" 200 12894
66.249.66.20 - - [27/Mar/2024:00:41:03 -0500] "GET /resoluciones/RESOLUCIONES%202009/1148.pdf HTTP/1.1" 404 1018
87.121.69.52 - - [27/Mar/2024:00:41:03 -0500] "CONNECT google.com:443 HTTP/1.1" 405 938
216.245.221.92 - - [27/Mar/2024:00:41:06 -0500] "HEAD / HTTP/1.1" 200 -
201.245.192.253 - - [27/Mar/2024:00:41:09 -0500] "POST /kwsrmcab/Wsrmcab HTTP/1.1" 200 37752
172.22.2.4 - - [27/Mar/2024:00:41:20 -0500] "GET /BLA/boletinlegal/Circulares/2017/Circular%20No.%20011%20del%2005%20de%20julio%20de%202017.pdf HTTP/1.1" 200 965526
186.28.136.245 - - [27/Mar/2024:00:41:28 -0500] "POST /sipse/faces/presentacion/financiero/solicitudProceso/consultar.xhtml HTTP/1.1" 200 12886
186.28.136.245 - - [27/Mar/2024:00:41:31 -0500] "POST /sipse/faces/presentacion/financiero/solicitudProceso/consultar.xhtml HTTP/1.1" 200 131002
186.28.136.245 - - [27/Mar/2024:00:41:32 -0500] "GET /sipse/faces/javax.faces.resource/theme.css?ln=primefaces-sipse HTTP/1.1" 304 -
186.28.136.245 - - [27/Mar/2024:00:41:32 -0500] "GET /sipse/faces/javax.faces.resource/layout/layout.css?ln=primefaces&v=4.0 HTTP/1.1" 304 -
186.28.136.245 - - [27/Mar/2024:00:41:32 -0500] "GET /sipse/faces/javax.faces.resource/primefaces.css?ln=primefaces&v=4.0 HTTP/1.1" 304 -
186.28.136.245 - - [27/Mar/2024:00:41:33 -0500] "GET /sipse/faces/javax.faces.resource/jquery/jquery.js?ln=primefaces&v=4.0 HTTP/1.1" 304 -
186.28.136.245 - - [27/Mar/2024:00:41:33 -0500] "GET /sipse/faces/javax.faces.resource/jquery/jquery-plugins.js?ln=primefaces&v=4.0 HTTP/1.1" 304 -
186.28.136.245 - - [27/Mar/2024:00:41:33 -0500] "GET /sipse/faces/javax.faces.resource/primefaces.js?ln=primefaces&v=4.0 HTTP/1.1" 304 -
186.28.136.245 - - [27/Mar/2024:00:41:33 -0500] "GET /sipse/faces/javax.faces.resource/layout/layout.js?ln=primefaces&v=4.0 HTTP/1.1" 304 -
186.28.136.245 - - [27/Mar/2024:00:41:39 -0500] "POST /sipse/faces/presentacion/financiero/solicitudProceso/consultarSolicitudProceso.xhtml HTTP/1.1" 200 45833
186.28.136.245 - - [27/Mar/2024:00:41:40 -0500] "GET /sipse/faces/javax.faces.resource/primefaces.css?ln=primefaces&v=4.0 HTTP/1.1" 304 -
186.28.136.245 - - [27/Mar/2024:00:41:40 -0500] "GET /sipse/faces/javax.faces.resource/layout/layout.css?ln=primefaces&v=4.0 HTTP/1.1" 304 -
