186.28.136.245 - - [27/Mar/2024:01:41:48 -0500] "GET /sipse/faces/javax.faces.resource/primefaces.js?ln=primefaces&v=4.0 HTTP/1.1" 304 -
186.28.136.245 - - [27/Mar/2024:01:41:48 -0500] "GET /sipse/faces/javax.faces.resource/layout/layout.js?ln=primefaces&v=4.0 HTTP/1.1" 304 -
186.28.136.245 - - [27/Mar/2024:01:41:48 -0500] "POST /sipse/faces/presentacion/financiero/solicitudProceso/consultar.xhtml HTTP/1.1" 200 35526
186.28.136.245 - - [27/Mar/2024:01:41:48 -0500] "POST /sipse/faces/presentacion/financiero/solicitudProceso/consultar.xhtml HTTP/1.1" 200 35526
186.28.136.245 - - [27/Mar/2024:01:41:51 -0500] "POST /sipse/faces/presentacion/financiero/solicitudProceso/consultar.xhtml HTTP/1.1" 200 12893
216.244.66.195 - - [27/Mar/2024:01:41:56 -0500] "GET /BLA/resoluciones/RESOLUCIONES%202019/2355.pdf HTTP/1.1" 200 291399
186.28.136.245 - - [27/Mar/2024:01:41:57 -0500] "POST /sipse/faces/presentacion/financiero/solicitudProceso/consultar.xhtml HTTP/1.1" 200 132888
186.28.136.245 - - [27/Mar/2024:01:41:58 -0500] "GET /sipse/faces/javax.faces.resource/primefaces.css?ln=primefaces&v=4.0 HTTP/1.1" 304 -
186.28.136.245 - - [27/Mar/2024:01:41:58 -0500] "GET /sipse/faces/javax.faces.resource/layout/layout.css?ln=primefaces&v=4.0 HTTP/1.1" 304 -
186.28.136.245 - - [27/Mar/2024:01:41:58 -0500] "GET /sipse/faces/javax.faces.resource/theme.css?ln=primefaces-sipse HTTP/1.1" 304 -
186.28.136.245 - - [27/Mar/2024:01:41:58 -0500] "GET /sipse/faces/javax.faces.resource/jquery/jquery.js?ln=primefaces&v=4.0 HTTP/1.1" 304 -
186.28.136.245 - - [27/Mar/2024:01:41:58 -0500] "GET /sipse/faces/javax.faces.resource/jquery/jquery-plugins.js?ln=primefaces&v=4.0 HTTP/1.1" 304 -
186.28.136.245 - - [27/Mar/2024:01:41:58 -0500] "GET /sipse/faces/javax.faces.resource/primefaces.js?ln=primefaces&v=4.0 HTTP/1.1" 304 -
186.28.136.245 - - [27/Mar/2024:01:41:58 -0500] "GET /sipse/faces/javax.faces.resource/layout/layout.js?ln=primefaces&v=4.0 HTTP/1.1" 304 -
186.28.136.245 - - [27/Mar/2024:01:41:58 -0500] "GET /sipse/faces/javax.faces.resource/dynamiccontent.properties?ln=primefaces&pfdrid=XjOR5%2F%2FfPAZAuY9TpWQeCiM0BhlXxYRBGKi%2FQcXXfeA%3D&pfdrid_c=false HTTP/1.1" 500 383
186.28.136.245 - - [27/Mar/2024:01:42:03 -0500] "POST /sipse/faces/presentacion/financiero/solicitudProceso/consultarSolicitudProceso.xhtml HTTP/1.1" 200 43791
186.28.136.245 - - [27/Mar/2024:01:42:03 -0500] "GET /sipse/faces/javax.faces.resource/theme.css?ln=primefaces-sipse HTTP/1.1" 304 -
186.28.136.245 - - [27/Mar/2024:01:42:03 -0500] "GET /sipse/faces/javax.faces.resource/primefaces.css?ln=primefaces&v=4.0 HTTP/1.1" 304 -
186.28.136.245 - - [27/Mar/2024:01:42:03 -0500] "GET /sipse/faces/javax.faces.resource/layout/layout.css?ln=primefaces&v=4.0 HTTP/1.1" 304 -
186.28.136.245 - - [27/Mar/2024:01:42:03 -0500] "GET /sipse/faces/javax.faces.resource/jquery/jquery.js?ln=primefaces&v=4.0 HTTP/1.1" 304 -
186.28.136.245 - - [27/Mar/2024:01:42:03 -0500] "GET /sipse/faces/javax.faces.resource/primefaces.js?ln=primefaces&v=4.0 HTTP/1.1" 304 -
186.28.136.245 - - [27/Mar/2024:01:42:03 -0500] "GET /sipse/faces/javax.faces.resource/jquery/jquery-plugins.js?ln=primefaces&v=4.0 HTTP/1.1" 304 -
186.28.136.245 - - [27/Mar/2024:01:42:03 -0500] "GET /sipse/faces/javax.faces.resource/layout/layout.js?ln=primefaces&v=4.0 HTTP/1.1" 304 -
47.128.48.76 - - [27/Mar/2024:01:42:04 -0500] "GET /BLA/resoluciones/index.php?dir=RESOLUCIONES%202003/RES%202003%201751-1800/&sort=size&order=asc HTTP/1.1" 200 12151
47.128.48.76 - - [27/Mar/2024:01:42:05 -0500] "GET /BLA/resoluciones/dlf/dirup.png HTTP/1.1" 200 644
47.128.48.76 - - [27/Mar/2024:01:42:05 -0500] "GET /BLA/resoluciones/dlf/unknown.png HTTP/1.1" 200 266
172.22.2.4 - - [27/Mar/2024:01:41:54 -0500] "GET /BLA/boletinlegal/ HTTP/1.1" 200 24523
172.22.2.4 - - [27/Mar/2024:01:42:15 -0500] "HEAD /BLA/boletinlegal/ HTTP/1.1" 200 -
172.22.2.4 - - [27/Mar/2024:01:42:51 -0500] "GET /BLA/boletinlegal/ HTTP/1.1" 200 52783
201.245.192.253 - - [27/Mar/2024:01:44:39 -0500] "POST /kwsrmcab/Wsrmcab  HTTP/1.1" 200 39660
186.28.136.245 - - [27/Mar/2024:01:44:56 -0500] "POST /sipse/faces/presentacion/financiero/solicitudProceso/consultarHistorialSolProceso.xhtml HTTP/1.1" 200 179018
186.28.136.245 - - [27/Mar/2024:01:44:56 -0500] "GET /sipse/faces/javax.faces.resource/theme.css?ln=primefaces-sipse HTTP/1.1" 304 -
186.28.136.245 - - [27/Mar/2024:01:44:56 -0500] "GET /sipse/faces/javax.faces.resource/primefaces.css?ln=primefaces&v=4.0 HTTP/1.1" 304 -
186.28.136.245 - - [27/Mar/2024:01:44:56 -0500] "GET /sipse/faces/javax.faces.resource/jquery/jquery.js?ln=primefaces&v=4.0 HTTP/1.1" 304 -
186.28.136.245 - - [27/Mar/2024:01:44:56 -0500] "GET /sipse/faces/javax.faces.resource/layout/layout.css?ln=primefaces&v=4.0 HTTP/1.1" 304 -
186.28.136.245 - - [27/Mar/2024:01:44:56 -0500] "GET /sipse/faces/javax.faces.resource/jquery/jquery-plugins.js?ln=primefaces&v=4.0 HTTP/1.1" 304 -
186.28.136.245 - - [27/Mar/2024:01:44:56 -0500] "GET /sipse/faces/javax.faces.resource/primefaces.js?ln=primefaces&v=4.0 HTTP/1.1" 304 -
186.28.136.245 - - [27/Mar/2024:01:44:56 -0500] "GET /sipse/faces/javax.faces.resource/layout/layout.js?ln=primefaces&v=4.0 HTTP/1.1" 304 -
186.28.136.245 - - [27/Mar/2024:01:44:56 -0500] "GET /sipse/faces/javax.faces.resource/dynamiccontent.properties?ln=primefaces&pfdrid=XjOR5%2F%2FfPAZAuY9TpWQeCiM0BhlXxYRBGKi%2FQcXXfeA%3D&pfdrid_c=false HTTP/1.1" 500 383
186.28.136.245 - - [27/Mar/2024:01:44:58 -0500] "POST /sipse/faces/presentacion/financiero/solicitudProceso/consultarSolicitudProceso.xhtml HTTP/1.1" 200 42129
186.28.136.245 - - [27/Mar/2024:01:44:58 -0500] "GET /sipse/faces/javax.faces.resource/primefaces.css?ln=primefaces&v=4.0 HTTP/1.1" 304 -
186.28.136.245 - - [27/Mar/2024:01:44:58 -0500] "GET /sipse/faces/javax.faces.resource/theme.css?ln=primefaces-sipse HTTP/1.1" 304 -
186.28.136.245 - - [27/Mar/2024:01:44:58 -0500] "GET /sipse/faces/javax.faces.resource/layout/layout.css?ln=primefaces&v=4.0 HTTP/1.1" 304 -
186.28.136.245 - - [27/Mar/2024:01:44:58 -0500] "GET /sipse/faces/javax.faces.resource/jquery/jquery.js?ln=primefaces&v=4.0 HTTP/1.1" 304 -
186.28.136.245 - - [27/Mar/2024:01:44:59 -0500] "GET /sipse/faces/javax.faces.resource/jquery/jquery-plugins.js?ln=primefaces&v=4.0 HTTP/1.1" 304 -
186.28.136.245 - - [27/Mar/2024:01:44:59 -0500] "GET /sipse/faces/javax.faces.resource/primefaces.js?ln=primefaces&v=4.0 HTTP/1.1" 304 -
186.28.136.245 - - [27/Mar/2024:01:44:59 -0500] "GET /sipse/faces/javax.faces.resource/layout/layout.js?ln=primefaces&v=4.0 HTTP/1.1" 304 -
186.28.136.245 - - [27/Mar/2024:01:45:02 -0500] "POST /sipse/faces/presentacion/financiero/solicitudProceso/consultar.xhtml HTTP/1.1" 200 12878
186.28.136.245 - - [27/Mar/2024:01:45:05 -0500] "POST /sipse/faces/presentacion/financiero/solicitudProceso/consultar.xhtml HTTP/1.1" 200 131017
186.28.136.245 - - [27/Mar/2024:01:45:06 -0500] "GET /sipse/faces/javax.faces.resource/theme.css?ln=primefaces-sipse HTTP/1.1" 304 -
186.28.136.245 - - [27/Mar/2024:01:45:06 -0500] "GET /sipse/faces/javax.faces.resource/layout/layout.css?ln=primefaces&v=4.0 HTTP/1.1" 304 -
186.28.136.245 - - [27/Mar/2024:01:45:06 -0500] "GET /sipse/faces/javax.faces.resource/primefaces.css?ln=primefaces&v=4.0 HTTP/1.1" 304 -
186.28.136.245 - - [27/Mar/2024:01:45:06 -0500] "GET /sipse/faces/javax.faces.resource/jquery/jquery.js?ln=primefaces&v=4.0 HTTP/1.1" 304 -
186.28.136.245 - - [27/Mar/2024:01:45:06 -0500] "GET /sipse/faces/javax.faces.resource/jquery/jquery-plugins.js?ln=primefaces&v=4.0 HTTP/1.1" 304 -
186.28.136.245 - - [27/Mar/2024:01:45:06 -0500] "GET /sipse/faces/javax.faces.resource/primefaces.js?ln=primefaces&v=4.0 HTTP/1.1" 304 -
186.28.136.245 - - [27/Mar/2024:01:45:06 -0500] "GET /sipse/faces/javax.faces.resource/layout/layout.js?ln=primefaces&v=4.0 HTTP/1.1" 304 -
186.28.136.245 - - [27/Mar/2024:01:45:06 -0500] "GET /sipse/faces/javax.faces.resource/dynamiccontent.properties?ln=primefaces&pfdrid=XjOR5%2F%2FfPAZAuY9TpWQeCiM0BhlXxYRBGKi%2FQcXXfeA%3D&pfdrid_c=false HTTP/1.1" 500 383
186.28.136.245 - - [27/Mar/2024:01:45:09 -0500] "POST /sipse/faces/presentacion/financiero/solicitudProceso/consultarSolicitudProceso.xhtml HTTP/1.1" 200 45833
186.28.136.245 - - [27/Mar/2024:01:45:10 -0500] "GET /sipse/faces/javax.faces.resource/jquery/jquery.js?ln=primefaces&v=4.0 HTTP/1.1" 304 -
186.28.136.245 - - [27/Mar/2024:01:45:10 -0500] "GET /sipse/faces/javax.faces.resource/theme.css?ln=primefaces-sipse HTTP/1.1" 304 -
186.28.136.245 - - [27/Mar/2024:01:45:10 -0500] "GET /sipse/faces/javax.faces.resource/primefaces.css?ln=primefaces&v=4.0 HTTP/1.1" 304 -
186.28.136.245 - - [27/Mar/2024:01:45:10 -0500] "GET /sipse/faces/javax.faces.resource/jquery/jquery-plugins.js?ln=primefaces&v=4.0 HTTP/1.1" 304 -
186.28.136.245 - - [27/Mar/2024:01:45:10 -0500] "GET /sipse/faces/javax.faces.resource/primefaces.js?ln=primefaces&v=4.0 HTTP/1.1" 304 -
186.28.136.245 - - [27/Mar/2024:01:45:10 -0500] "GET /sipse/faces/javax.faces.resource/layout/layout.css?ln=primefaces&v=4.0 HTTP/1.1" 304 -
186.28.136.245 - - [27/Mar/2024:01:45:10 -0500] "GET /sipse/faces/javax.faces.resource/layout/layout.js?ln=primefaces&v=4.0 HTTP/1.1" 304 -
172.22.2.4 - - [27/Mar/2024:01:43:50 -0500] "GET /BLA/boletinlegal/ HTTP/1.1" 200 46633
172.22.2.4 - - [27/Mar/2024:01:44:18 -0500] "HEAD /BLA/boletinlegal/ HTTP/1.1" 200 -
3.212.128.62 - - [27/Mar/2024:01:46:04 -0500] "HEAD / HTTP/1.1" 200 -
216.245.221.92 - - [27/Mar/2024:01:46:06 -0500] "HEAD / HTTP/1.1" 200 -
172.22.2.4 - - [27/Mar/2024:01:45:09 -0500] "GET /BLA/boletinlegal/ HTTP/1.1" 200 57485
186.28.136.245 - - [27/Mar/2024:01:47:11 -0500] "POST /sipse/faces/presentacion/financiero/solicitudProceso/consultarHistorialSolProceso.xhtml HTTP/1.1" 200 42114
186.28.136.245 - - [27/Mar/2024:01:47:12 -0500] "GET /sipse/faces/javax.faces.resource/theme.css?ln=primefaces-sipse HTTP/1.1" 304 -
186.28.136.245 - - [27/Mar/2024:01:47:12 -0500] "GET /sipse/faces/javax.faces.resource/primefaces.css?ln=primefaces&v=4.0 HTTP/1.1" 304 -
186.28.136.245 - - [27/Mar/2024:01:47:12 -0500] "GET /sipse/faces/javax.faces.resource/layout/layout.css?ln=primefaces&v=4.0 HTTP/1.1" 304 -
186.28.136.245 - - [27/Mar/2024:01:47:12 -0500] "GET /sipse/faces/javax.faces.resource/jquery/jquery.js?ln=primefaces&v=4.0 HTTP/1.1" 304 -
186.28.136.245 - - [27/Mar/2024:01:47:12 -0500] "GET /sipse/faces/javax.faces.resource/jquery/jquery-plugins.js?ln=primefaces&v=4.0 HTTP/1.1" 304 -
186.28.136.245 - - [27/Mar/2024:01:47:12 -0500] "GET /sipse/faces/javax.faces.resource/primefaces.js?ln=primefaces&v=4.0 HTTP/1.1" 304 -
186.28.136.245 - - [27/Mar/2024:01:47:12 -0500] "GET /sipse/faces/javax.faces.resource/layout/layout.js?ln=primefaces&v=4.0 HTTP/1.1" 304 -
186.28.136.245 - - [27/Mar/2024:01:47:14 -0500] "POST /sipse/faces/presentacion/financiero/solicitudProceso/consultar.xhtml HTTP/1.1" 200 12819
186.28.136.245 - - [27/Mar/2024:01:47:35 -0500] "POST /sipse/faces/presentacion/financiero/solicitudProceso/consultar.xhtml HTTP/1.1" 200 12841
186.155.150.199 - - [27/Mar/2024:01:48:01 -0500] "POST /sipse/faces/presentacion/financiero/solicitudProceso/consultarSolicitudProceso.xhtml HTTP/1.1" 200 46370
186.155.150.199 - - [27/Mar/2024:01:48:05 -0500] "GET /sipse/faces/javax.faces.resource/theme.css?ln=primefaces-sipse HTTP/1.1" 304 -
186.155.150.199 - - [27/Mar/2024:01:48:05 -0500] "GET /sipse/faces/javax.faces.resource/layout/layout.css?ln=primefaces&v=4.0 HTTP/1.1" 304 -
186.155.150.199 - - [27/Mar/2024:01:48:05 -0500] "GET /sipse/faces/javax.faces.resource/primefaces.css?ln=primefaces&v=4.0 HTTP/1.1" 304 -
186.155.150.199 - - [27/Mar/2024:01:48:05 -0500] "GET /sipse/faces/javax.faces.resource/jquery/jquery.js?ln=primefaces&v=4.0 HTTP/1.1" 304 -
186.155.150.199 - - [27/Mar/2024:01:48:06 -0500] "GET /sipse/faces/javax.faces.resource/jquery/jquery-plugins.js?ln=primefaces&v=4.0 HTTP/1.1" 304 -
186.155.150.199 - - [27/Mar/2024:01:48:06 -0500] "GET /sipse/faces/javax.faces.resource/primefaces.js?ln=primefaces&v=4.0 HTTP/1.1" 304 -
186.155.150.199 - - [27/Mar/2024:01:48:06 -0500] "GET /sipse/faces/javax.faces.resource/layout/layout.js?ln=primefaces&v=4.0 HTTP/1.1" 304 -
186.155.150.199 - - [27/Mar/2024:01:48:06 -0500] "GET /sipse/css/imagen/contrasena.png HTTP/1.1" 404 383
186.155.150.199 - - [27/Mar/2024:01:48:06 -0500] "GET /sipse/faces/javax.faces.resource/messages/messages.png?ln=primefaces&v=4.0 HTTP/1.1" 304 -
186.155.150.199 - - [27/Mar/2024:01:48:07 -0500] "POST /sipse/faces/presentacion/financiero/solicitudProceso/listarSolicitudProceso.xhtml HTTP/1.1" 200 1440
186.28.136.245 - - [27/Mar/2024:01:48:08 -0500] "POST /sipse/faces/presentacion/financiero/solicitudProceso/consultar.xhtml HTTP/1.1" 200 139752
186.28.136.245 - - [27/Mar/2024:01:48:09 -0500] "GET /sipse/faces/javax.faces.resource/theme.css?ln=primefaces-sipse HTTP/1.1" 304 -
186.28.136.245 - - [27/Mar/2024:01:48:09 -0500] "GET /sipse/faces/javax.faces.resource/primefaces.css?ln=primefaces&v=4.0 HTTP/1.1" 304 -
186.28.136.245 - - [27/Mar/2024:01:48:09 -0500] "GET /sipse/faces/javax.faces.resource/layout/layout.css?ln=primefaces&v=4.0 HTTP/1.1" 304 -
186.28.136.245 - - [27/Mar/2024:01:48:09 -0500] "GET /sipse/faces/javax.faces.resource/jquery/jquery.js?ln=primefaces&v=4.0 HTTP/1.1" 304 -
186.28.136.245 - - [27/Mar/2024:01:48:09 -0500] "GET /sipse/faces/javax.faces.resource/jquery/jquery-plugins.js?ln=primefaces&v=4.0 HTTP/1.1" 304 -
186.28.136.245 - - [27/Mar/2024:01:48:09 -0500] "GET /sipse/faces/javax.faces.resource/primefaces.js?ln=primefaces&v=4.0 HTTP/1.1" 304 -
186.28.136.245 - - [27/Mar/2024:01:48:09 -0500] "GET /sipse/faces/javax.faces.resource/layout/layout.js?ln=primefaces&v=4.0 HTTP/1.1" 304 -
186.28.136.245 - - [27/Mar/2024:01:48:10 -0500] "GET /sipse/faces/javax.faces.resource/dynamiccontent.properties?ln=primefaces&pfdrid=XjOR5%2F%2FfPAZAuY9TpWQeCiM0BhlXxYRBGKi%2FQcXXfeA%3D&pfdrid_c=false HTTP/1.1" 500 383
186.28.136.245 - - [27/Mar/2024:01:48:14 -0500] "POST /sipse/faces/presentacion/financiero/solicitudProceso/consultarSolicitudProceso.xhtml HTTP/1.1" 200 50104
186.28.136.245 - - [27/Mar/2024:01:48:15 -0500] "GET /sipse/faces/javax.faces.resource/theme.css?ln=primefaces-sipse HTTP/1.1" 304 -
186.28.136.245 - - [27/Mar/2024:01:48:15 -0500] "GET /sipse/faces/javax.faces.resource/primefaces.css?ln=primefaces&v=4.0 HTTP/1.1" 304 -
186.28.136.245 - - [27/Mar/2024:01:48:15 -0500] "GET /sipse/faces/javax.faces.resource/layout/layout.css?ln=primefaces&v=4.0 HTTP/1.1" 304 -
186.28.136.245 - - [27/Mar/2024:01:48:15 -0500] "GET /sipse/faces/javax.faces.resource/primefaces.js?ln=primefaces&v=4.0 HTTP/1.1" 304 -
186.28.136.245 - - [27/Mar/2024:01:48:15 -0500] "GET /sipse/faces/javax.faces.resource/jquery/jquery.js?ln=primefaces&v=4.0 HTTP/1.1" 304 -
186.28.136.245 - - [27/Mar/2024:01:48:15 -0500] "GET /sipse/faces/javax.faces.resource/jquery/jquery-plugins.js?ln=primefaces&v=4.0 HTTP/1.1" 304 -
186.28.136.245 - - [27/Mar/2024:01:48:15 -0500] "GET /sipse/faces/javax.faces.resource/layout/layout.js?ln=primefaces&v=4.0 HTTP/1.1" 304 -
186.155.150.199 - - [27/Mar/2024:01:48:22 -0500] "POST /sipse/faces/presentacion/financiero/solicitudProceso/listarSolicitudProceso.xhtml HTTP/1.1" 200 16877
186.155.150.199 - - [27/Mar/2024:01:48:22 -0500] "POST /sipse/faces/presentacion/financiero/solicitudProceso/listarSolicitudProceso.xhtml HTTP/1.1" 200 28650
186.155.150.199 - - [27/Mar/2024:01:48:25 -0500] "POST /sipse/faces/presentacion/financiero/solicitudProceso/listarSolicitudProceso.xhtml HTTP/1.1" 200 7775
186.28.136.245 - - [27/Mar/2024:01:48:44 -0500] "GET /sipse/faces/javax.faces.resource/theme.css?ln=primefaces-sipse HTTP/1.1" 304 -
186.28.136.245 - - [27/Mar/2024:01:48:44 -0500] "GET /sipse/faces/javax.faces.resource/primefaces.css?ln=primefaces&v=4.0 HTTP/1.1" 304 -
186.28.136.245 - - [27/Mar/2024:01:48:44 -0500] "GET /sipse/faces/javax.faces.resource/layout/layout.css?ln=primefaces&v=4.0 HTTP/1.1" 304 -
186.28.136.245 - - [27/Mar/2024:01:48:44 -0500] "GET /sipse/faces/javax.faces.resource/jquery/jquery.js?ln=primefaces&v=4.0 HTTP/1.1" 304 -
186.28.136.245 - - [27/Mar/2024:01:48:44 -0500] "GET /sipse/faces/javax.faces.resource/jquery/jquery-plugins.js?ln=primefaces&v=4.0 HTTP/1.1" 304 -
186.28.136.245 - - [27/Mar/2024:01:48:44 -0500] "GET /sipse/faces/javax.faces.resource/primefaces.js?ln=primefaces&v=4.0 HTTP/1.1" 304 -
186.28.136.245 - - [27/Mar/2024:01:48:44 -0500] "GET /sipse/faces/javax.faces.resource/layout/layout.js?ln=primefaces&v=4.0 HTTP/1.1" 304 -
186.28.136.245 - - [27/Mar/2024:01:48:43 -0500] "POST /sipse/faces/presentacion/financiero/solicitudProceso/consultarHistorialSolProceso.xhtml HTTP/1.1" 200 185882
186.28.136.245 - - [27/Mar/2024:01:48:44 -0500] "GET /sipse/faces/javax.faces.resource/dynamiccontent.properties?ln=primefaces&pfdrid=XjOR5%2F%2FfPAZAuY9TpWQeCiM0BhlXxYRBGKi%2FQcXXfeA%3D&pfdrid_c=false HTTP/1.1" 500 383
186.28.136.245 - - [27/Mar/2024:01:48:45 -0500] "POST /sipse/faces/presentacion/financiero/solicitudProceso/consultarSolicitudProceso.xhtml HTTP/1.1" 200 42061
186.28.136.245 - - [27/Mar/2024:01:48:46 -0500] "GET /sipse/faces/javax.faces.resource/theme.css?ln=primefaces-sipse HTTP/1.1" 304 -
186.28.136.245 - - [27/Mar/2024:01:48:46 -0500] "GET /sipse/faces/javax.faces.resource/primefaces.css?ln=primefaces&v=4.0 HTTP/1.1" 304 -
186.28.136.245 - - [27/Mar/2024:01:48:46 -0500] "GET /sipse/faces/javax.faces.resource/layout/layout.css?ln=primefaces&v=4.0 HTTP/1.1" 304 -
186.28.136.245 - - [27/Mar/2024:01:48:46 -0500] "GET /sipse/faces/javax.faces.resource/jquery/jquery.js?ln=primefaces&v=4.0 HTTP/1.1" 304 -
186.28.136.245 - - [27/Mar/2024:01:48:46 -0500] "GET /sipse/faces/javax.faces.resource/jquery/jquery-plugins.js?ln=primefaces&v=4.0 HTTP/1.1" 304 -
186.28.136.245 - - [27/Mar/2024:01:48:46 -0500] "GET /sipse/faces/javax.faces.resource/primefaces.js?ln=primefaces&v=4.0 HTTP/1.1" 304 -
186.28.136.245 - - [27/Mar/2024:01:48:46 -0500] "GET /sipse/faces/javax.faces.resource/layout/layout.js?ln=primefaces&v=4.0 HTTP/1.1" 304 -
186.28.136.245 - - [27/Mar/2024:01:48:48 -0500] "POST /sipse/faces/presentacion/financiero/solicitudProceso/consultar.xhtml HTTP/1.1" 200 12799
186.155.150.199 - - [27/Mar/2024:01:48:56 -0500] "POST /sipse/faces/presentacion/financiero/solicitudProceso/listarSolicitudProceso.xhtml HTTP/1.1" 200 140431
186.155.150.199 - - [27/Mar/2024:01:48:57 -0500] "GET /sipse/faces/javax.faces.resource/theme.css?ln=primefaces-sipse HTTP/1.1" 304 -
186.155.150.199 - - [27/Mar/2024:01:48:57 -0500] "GET /sipse/faces/javax.faces.resource/jquery/jquery.js?ln=primefaces&v=4.0 HTTP/1.1" 304 -
186.155.150.199 - - [27/Mar/2024:01:48:57 -0500] "GET /sipse/faces/javax.faces.resource/layout/layout.css?ln=primefaces&v=4.0 HTTP/1.1" 304 -
186.155.150.199 - - [27/Mar/2024:01:48:57 -0500] "GET /sipse/faces/javax.faces.resource/primefaces.css?ln=primefaces&v=4.0 HTTP/1.1" 304 -
186.155.150.199 - - [27/Mar/2024:01:48:57 -0500] "GET /sipse/faces/javax.faces.resource/jquery/jquery-plugins.js?ln=primefaces&v=4.0 HTTP/1.1" 304 -
186.155.150.199 - - [27/Mar/2024:01:48:57 -0500] "GET /sipse/faces/javax.faces.resource/primefaces.js?ln=primefaces&v=4.0 HTTP/1.1" 304 -
186.155.150.199 - - [27/Mar/2024:01:48:57 -0500] "GET /sipse/faces/javax.faces.resource/layout/layout.js?ln=primefaces&v=4.0 HTTP/1.1" 304 -
186.155.150.199 - - [27/Mar/2024:01:48:57 -0500] "GET /sipse/css/imagen/contrasena.png HTTP/1.1" 404 383
186.155.150.199 - - [27/Mar/2024:01:48:58 -0500] "GET /sipse/faces/javax.faces.resource/dynamiccontent.properties?ln=primefaces&pfdrid=XjOR5%2F%2FfPAZAuY9TpWQeCiM0BhlXxYRBGKi%2FQcXXfeA%3D&pfdrid_c=false HTTP/1.1" 500 383
186.28.136.245 - - [27/Mar/2024:01:49:14 -0500] "POST /sipse/faces/presentacion/financiero/solicitudProceso/consultar.xhtml HTTP/1.1" 200 12787
186.155.150.199 - - [27/Mar/2024:01:49:14 -0500] "POST /sipse/faces/presentacion/financiero/solicitudProceso/consultarSolicitudProceso.xhtml HTTP/1.1" 200 5542
186.28.136.245 - - [27/Mar/2024:01:49:32 -0500] "POST /sipse/faces/presentacion/financiero/solicitudProceso/consultar.xhtml HTTP/1.1" 200 12779
66.249.66.20 - - [27/Mar/2024:01:49:38 -0500] "GET /BLA/resoluciones/AUTOS%202020/2247.pdf HTTP/1.1" 304 -
201.245.192.253 - - [27/Mar/2024:01:49:37 -0500] "POST /kwsrmcab/Wsrmcab  HTTP/1.1" 200 39660
186.28.136.245 - - [27/Mar/2024:01:50:23 -0500] "POST /sipse/faces/presentacion/financiero/solicitudProceso/consultar.xhtml HTTP/1.1" 200 12823
186.28.136.245 - - [27/Mar/2024:01:50:45 -0500] "POST /sipse/faces/presentacion/financiero/solicitudProceso/consultar.xhtml HTTP/1.1" 200 12815
47.128.30.87 - - [27/Mar/2024:01:50:56 -0500] "GET /robots.txt HTTP/1.1" 404 1034
216.245.221.92 - - [27/Mar/2024:01:51:06 -0500] "HEAD / HTTP/1.1" 200 -
186.28.136.245 - - [27/Mar/2024:01:51:09 -0500] "POST /sipse/faces/presentacion/financiero/solicitudProceso/consultar.xhtml HTTP/1.1" 200 12823
52.167.144.181 - - [27/Mar/2024:01:51:12 -0500] "GET /BLA/resoluciones/RESOLUCIONES%202022/3579.pdf HTTP/1.1" 200 456302
24.207.165.5 - - [27/Mar/2024:01:51:12 -0500] "GET /robots.txt HTTP/1.1" 404 1034
186.28.136.245 - - [27/Mar/2024:01:51:29 -0500] "POST /sipse/faces/presentacion/financiero/solicitudProceso/consultar.xhtml HTTP/1.1" 200 12815
172.22.2.4 - - [27/Mar/2024:01:50:08 -0500] "HEAD /BLA/boletinlegal/ HTTP/1.1" 200 -
47.128.127.217 - - [27/Mar/2024:01:51:50 -0500] "GET /BLA/resoluciones/AUTOS%202021/0245.php?act=f&d=E%3A%5Cnuevo%5Chtdocs%5CBLA%5Cresoluciones%5CAUTOS+2021%5C&f=4813.pdf&ft=phpsess&white=1 HTTP/1.1" 200 3942
47.128.127.217 - - [27/Mar/2024:01:51:51 -0500] "GET /BLA/resoluciones/AUTOS%202021/0245.php?act=img&img=ext_html HTTP/1.1" 200 230
47.128.127.217 - - [27/Mar/2024:01:51:51 -0500] "GET /BLA/resoluciones/AUTOS%202021/0245.php?act=img&img=ext_exe HTTP/1.1" 200 118
47.128.127.217 - - [27/Mar/2024:01:51:51 -0500] "GET /BLA/resoluciones/AUTOS%202021/0245.php?act=img&img=ext_pdf HTTP/1.1" 200 1034
47.128.127.217 - - [27/Mar/2024:01:51:51 -0500] "GET /BLA/resoluciones/AUTOS%202021/0245.php?act=img&img=ext_diz HTTP/1.1" 200 1027
47.128.127.217 - - [27/Mar/2024:01:51:51 -0500] "GET /BLA/resoluciones/AUTOS%202021/0245.php?act=img&img=ext_gif HTTP/1.1" 200 175
47.128.127.217 - - [27/Mar/2024:01:51:51 -0500] "GET /BLA/resoluciones/AUTOS%202021/0245.php?act=img&img=ext_txt HTTP/1.1" 200 132
47.128.127.217 - - [27/Mar/2024:01:51:51 -0500] "GET /BLA/resoluciones/AUTOS%202021/0245.php?act=img&img=download HTTP/1.1" 200 161
47.128.127.217 - - [27/Mar/2024:01:51:51 -0500] "GET /BLA/resoluciones/AUTOS%202021/0245.php?act=img&img=ext_ini HTTP/1.1" 200 134
47.128.127.217 - - [27/Mar/2024:01:51:51 -0500] "GET /BLA/resoluciones/AUTOS%202021/0245.php?act=img&img=ext_rtf HTTP/1.1" 200 164
47.128.127.217 - - [27/Mar/2024:01:51:51 -0500] "GET /BLA/resoluciones/AUTOS%202021/0245.php?act=img&img=change HTTP/1.1" 200 290
186.28.136.245 - - [27/Mar/2024:01:52:01 -0500] "POST /sipse/faces/presentacion/financiero/solicitudProceso/consultar.xhtml HTTP/1.1" 200 12823
186.28.136.245 - - [27/Mar/2024:01:52:29 -0500] "POST /sipse/faces/presentacion/financiero/solicitudProceso/consultar.xhtml HTTP/1.1" 200 12860
40.77.167.77 - - [27/Mar/2024:01:52:34 -0500] "GET /BLA/resoluciones/RESOLUCIONES%202022/0969.pdf HTTP/1.1" 200 483382
172.22.2.4 - - [27/Mar/2024:01:50:59 -0500] "GET /BLA/boletinlegal/ HTTP/1.1" 200 58273
186.28.136.245 - - [27/Mar/2024:01:52:53 -0500] "POST /sipse/faces/presentacion/financiero/solicitudProceso/consultar.xhtml HTTP/1.1" 200 12832
186.28.136.245 - - [27/Mar/2024:01:53:09 -0500] "POST /sipse/faces/presentacion/financiero/solicitudProceso/consultar.xhtml HTTP/1.1" 200 12858
201.245.192.253 - - [27/Mar/2024:01:54:36 -0500] "POST /kwsrmcab/Wsrmcab  HTTP/1.1" 200 39660
65.21.136.254 - - [27/Mar/2024:01:54:41 -0500] "GET /isolucionsda/Scripts/jsUtilities.js?fecha=20150217a HTTP/1.1" 200 136227
216.245.221.92 - - [27/Mar/2024:01:56:06 -0500] "HEAD / HTTP/1.1" 200 -
40.77.167.13 - - [27/Mar/2024:01:57:24 -0500] "GET /BLA/resoluciones/AUTOS%202023/04964.pdf HTTP/1.1" 200 350627
172.22.2.4 - - [27/Mar/2024:01:55:58 -0500] "HEAD /BLA/boletinlegal/ HTTP/1.1" 200 -
172.22.2.4 - - [27/Mar/2024:01:58:07 -0500] "GET /BLA/boletinlegal/jurisprudencia/analisis/AnalisisT-606-15.docx HTTP/1.1" 200 26698
172.22.2.4 - - [27/Mar/2024:01:58:09 -0500] "GET /BLA/boletinlegal/apple-touch-icon-120x120-precomposed.png HTTP/1.1" 404 1140
172.22.2.4 - - [27/Mar/2024:01:58:09 -0500] "GET /BLA/boletinlegal/apple-touch-icon-120x120.png HTTP/1.1" 404 1140
172.22.2.4 - - [27/Mar/2024:01:58:09 -0500] "GET /BLA/boletinlegal/apple-touch-icon-precomposed.png HTTP/1.1" 404 1140
172.22.2.4 - - [27/Mar/2024:01:58:09 -0500] "GET /BLA/boletinlegal/apple-touch-icon.png HTTP/1.1" 404 1140
172.22.2.4 - - [27/Mar/2024:01:58:09 -0500] "GET /BLA/boletinlegal/favicon.ico HTTP/1.1" 404 1140
172.22.2.4 - - [27/Mar/2024:01:58:09 -0500] "GET /BLA/boletinlegal/apple-touch-icon-120x120-precomposed.png HTTP/1.1" 404 1140
172.22.2.4 - - [27/Mar/2024:01:58:09 -0500] "GET /BLA/boletinlegal/apple-touch-icon-120x120.png HTTP/1.1" 404 1140
172.22.2.4 - - [27/Mar/2024:01:58:09 -0500] "GET /BLA/boletinlegal/apple-touch-icon-precomposed.png HTTP/1.1" 404 1140
172.22.2.4 - - [27/Mar/2024:01:58:09 -0500] "GET /BLA/boletinlegal/apple-touch-icon.png HTTP/1.1" 404 1140
172.22.2.4 - - [27/Mar/2024:01:58:09 -0500] "GET /BLA/boletinlegal/favicon.ico HTTP/1.1" 404 1140
172.22.2.4 - - [27/Mar/2024:01:56:49 -0500] "GET /BLA/boletinlegal/ HTTP/1.1" 200 54300
201.245.192.253 - - [27/Mar/2024:01:59:35 -0500] "POST /kwsrmcab/Wsrmcab  HTTP/1.1" 200 39660
216.245.221.92 - - [27/Mar/2024:02:01:06 -0500] "HEAD / HTTP/1.1" 200 -
40.77.167.13 - - [27/Mar/2024:02:01:35 -0500] "GET /BLA/resoluciones/RESOLUCIONES%202022/5019.pdf HTTP/1.1" 200 467389
186.155.150.199 - - [27/Mar/2024:02:02:53 -0500] "GET /sipse/faces/javax.faces.resource/theme.css?ln=primefaces-sipse HTTP/1.1" 304 -
186.155.150.199 - - [27/Mar/2024:02:02:53 -0500] "GET /sipse/faces/javax.faces.resource/primefaces.css?ln=primefaces&v=4.0 HTTP/1.1" 304 -
186.155.150.199 - - [27/Mar/2024:02:02:52 -0500] "POST /sipse/faces/presentacion/financiero/solicitudProceso/consultarSolicitudProceso.xhtml HTTP/1.1" 200 189062
186.155.150.199 - - [27/Mar/2024:02:02:53 -0500] "GET /sipse/faces/javax.faces.resource/layout/layout.css?ln=primefaces&v=4.0 HTTP/1.1" 304 -
186.155.150.199 - - [27/Mar/2024:02:02:53 -0500] "GET /sipse/faces/javax.faces.resource/jquery/jquery-plugins.js?ln=primefaces&v=4.0 HTTP/1.1" 304 -
186.155.150.199 - - [27/Mar/2024:02:02:53 -0500] "GET /sipse/faces/javax.faces.resource/jquery/jquery.js?ln=primefaces&v=4.0 HTTP/1.1" 304 -
186.155.150.199 - - [27/Mar/2024:02:02:53 -0500] "GET /sipse/faces/javax.faces.resource/layout/layout.js?ln=primefaces&v=4.0 HTTP/1.1" 304 -
186.155.150.199 - - [27/Mar/2024:02:02:53 -0500] "GET /sipse/faces/javax.faces.resource/primefaces.js?ln=primefaces&v=4.0 HTTP/1.1" 304 -
186.155.150.199 - - [27/Mar/2024:02:02:53 -0500] "GET /sipse/faces/javax.faces.resource/images/ui-icons_898989_256x240.png?ln=primefaces-aristo HTTP/1.1" 304 -
186.155.150.199 - - [27/Mar/2024:02:02:53 -0500] "GET /sipse/css/imagen/contrasena.png HTTP/1.1" 404 383
186.155.150.199 - - [27/Mar/2024:02:02:57 -0500] "GET /sipse/faces/javax.faces.resource/images/ui-bg_flat_0_2d5972_40x100.png?ln=primefaces-aristo HTTP/1.1" 304 -
186.155.150.199 - - [27/Mar/2024:02:02:57 -0500] "POST /sipse/faces/presentacion/financiero/solicitudProceso/consultarSolicitudProceso.xhtml HTTP/1.1" 200 43414
186.155.150.199 - - [27/Mar/2024:02:02:59 -0500] "GET /sipse/faces/javax.faces.resource/primefaces.css?ln=primefaces&v=4.0 HTTP/1.1" 304 -
186.155.150.199 - - [27/Mar/2024:02:02:59 -0500] "GET /sipse/faces/javax.faces.resource/layout/layout.css?ln=primefaces&v=4.0 HTTP/1.1" 304 -
186.155.150.199 - - [27/Mar/2024:02:02:59 -0500] "GET /sipse/faces/javax.faces.resource/theme.css?ln=primefaces-sipse HTTP/1.1" 304 -
186.155.150.199 - - [27/Mar/2024:02:02:59 -0500] "GET /sipse/faces/javax.faces.resource/jquery/jquery.js?ln=primefaces&v=4.0 HTTP/1.1" 304 -
186.155.150.199 - - [27/Mar/2024:02:02:59 -0500] "GET /sipse/faces/javax.faces.resource/jquery/jquery-plugins.js?ln=primefaces&v=4.0 HTTP/1.1" 304 -
186.155.150.199 - - [27/Mar/2024:02:02:59 -0500] "GET /sipse/faces/javax.faces.resource/primefaces.js?ln=primefaces&v=4.0 HTTP/1.1" 304 -
186.155.150.199 - - [27/Mar/2024:02:02:59 -0500] "GET /sipse/faces/javax.faces.resource/layout/layout.js?ln=primefaces&v=4.0 HTTP/1.1" 304 -
186.155.150.199 - - [27/Mar/2024:02:02:59 -0500] "GET /sipse/faces/javax.faces.resource/messages/messages.png?ln=primefaces&v=4.0 HTTP/1.1" 304 -
186.155.150.199 - - [27/Mar/2024:02:02:59 -0500] "POST /sipse/faces/presentacion/financiero/solicitudProceso/listarSolicitudProceso.xhtml HTTP/1.1" 200 1420
186.155.150.199 - - [27/Mar/2024:02:03:02 -0500] "POST /sipse/faces/presentacion/financiero/solicitudProceso/listarSolicitudProceso.xhtml HTTP/1.1" 200 4790
172.22.2.4 - - [27/Mar/2024:02:01:48 -0500] "HEAD /BLA/boletinlegal/ HTTP/1.1" 200 -
186.155.150.199 - - [27/Mar/2024:02:03:35 -0500] "POST /sipse/faces/presentacion/financiero/solicitudProceso/listarSolicitudProceso.xhtml HTTP/1.1" 200 152334
186.155.150.199 - - [27/Mar/2024:02:03:36 -0500] "GET /sipse/faces/javax.faces.resource/theme.css?ln=primefaces-sipse HTTP/1.1" 304 -
186.155.150.199 - - [27/Mar/2024:02:03:36 -0500] "GET /sipse/faces/javax.faces.resource/jquery/jquery.js?ln=primefaces&v=4.0 HTTP/1.1" 304 -
186.155.150.199 - - [27/Mar/2024:02:03:36 -0500] "GET /sipse/faces/javax.faces.resource/primefaces.css?ln=primefaces&v=4.0 HTTP/1.1" 304 -
186.155.150.199 - - [27/Mar/2024:02:03:36 -0500] "GET /sipse/faces/javax.faces.resource/layout/layout.css?ln=primefaces&v=4.0 HTTP/1.1" 304 -
186.155.150.199 - - [27/Mar/2024:02:03:37 -0500] "GET /sipse/faces/javax.faces.resource/jquery/jquery-plugins.js?ln=primefaces&v=4.0 HTTP/1.1" 304 -
186.155.150.199 - - [27/Mar/2024:02:03:37 -0500] "GET /sipse/faces/javax.faces.resource/primefaces.js?ln=primefaces&v=4.0 HTTP/1.1" 304 -
186.155.150.199 - - [27/Mar/2024:02:03:37 -0500] "GET /sipse/faces/javax.faces.resource/layout/layout.js?ln=primefaces&v=4.0 HTTP/1.1" 304 -
186.155.150.199 - - [27/Mar/2024:02:03:51 -0500] "POST /sipse/faces/presentacion/financiero/solicitudProceso/consultarSolicitudProceso.xhtml HTTP/1.1" 200 51012
186.155.150.199 - - [27/Mar/2024:02:03:52 -0500] "GET /sipse/faces/javax.faces.resource/theme.css?ln=primefaces-sipse HTTP/1.1" 304 -
186.155.150.199 - - [27/Mar/2024:02:03:52 -0500] "GET /sipse/faces/javax.faces.resource/primefaces.css?ln=primefaces&v=4.0 HTTP/1.1" 304 -
186.155.150.199 - - [27/Mar/2024:02:03:52 -0500] "GET /sipse/faces/javax.faces.resource/layout/layout.css?ln=primefaces&v=4.0 HTTP/1.1" 304 -
186.155.150.199 - - [27/Mar/2024:02:03:52 -0500] "GET /sipse/faces/javax.faces.resource/jquery/jquery.js?ln=primefaces&v=4.0 HTTP/1.1" 304 -
186.155.150.199 - - [27/Mar/2024:02:03:52 -0500] "GET /sipse/faces/javax.faces.resource/jquery/jquery-plugins.js?ln=primefaces&v=4.0 HTTP/1.1" 304 -
186.155.150.199 - - [27/Mar/2024:02:03:52 -0500] "GET /sipse/faces/javax.faces.resource/primefaces.js?ln=primefaces&v=4.0 HTTP/1.1" 304 -
186.155.150.199 - - [27/Mar/2024:02:03:52 -0500] "GET /sipse/faces/javax.faces.resource/layout/layout.js?ln=primefaces&v=4.0 HTTP/1.1" 304 -
172.22.2.4 - - [27/Mar/2024:02:02:39 -0500] "GET /BLA/boletinlegal/ HTTP/1.1" 200 58273
201.245.192.253 - - [27/Mar/2024:02:04:33 -0500] "POST /kwsrmcab/Wsrmcab  HTTP/1.1" 200 39660
186.102.118.44 - - [27/Mar/2024:02:05:24 -0500] "GET /kwssiamovil/sm/ldap/au?x=U2FsdGVkX19EIqCWSKMTZ6+uHOgerZxteBpwfeJdpTGZQ6sLaJCa2KnV+7jQT1Ql&y=U2FsdGVkX191b3gBdpzC90JsodCwT8s67P5L0QlUhhH6UFd+5l9P7aTDBMiEmsCh HTTP/1.1" 200 30
186.102.118.44 - - [27/Mar/2024:02:05:24 -0500] "GET /kwssiamovil/sm/acme/s?s=U2FsdGVkX1/1ts8eMwGnLoSQGuCeuqnLrjOzbgXVg+CN/6gLbAL1K4xh7w7Ks6wgoAaM16el9FCud+bxCYXomUAa6MWRBl+sy1gzpSVWHHw=&u=U2FsdGVkX18RkxRpqSByO/VeZtu7pwlqd9L9v62BCt7nl/2ejJpETjWsPqEXLJJO&y=U2FsdGVkX191b3gBdpzC90JsodCwT8s67P5L0QlUhhH6UFd+5l9P7aTDBMiEmsCh HTTP/1.1" 200 97
186.102.118.44 - - [27/Mar/2024:02:05:24 -0500] "GET /kwssiamovil/sm/acme/s?s=U2FsdGVkX1/m2lgqIgr4XeFHqdTj7GkVB+SOGLLMzof7mdJROU7+2MfierHKG72ddz1fyu6oleDx9bGepBQeFfSjNA1u0raHbOrIrafciBv+yvBIY1XCoXzxwuIxUMFJ8lKVkE+B4xZl5ZUJeJL1obWCdbmXmF17Ai6suwonmGeErziuYieUtEBlJFx95A0ucjyS7VESwpKLdGIylGIZldYk54CTMl6IOyTa3LNFnXQf39Y28avazjv7eV/pzlHRxQe1OotgXyVa+VAsrbh0H3VN1FEBzTSz9fFgPazeWRF54JCRuIkKC/Q4A0FHwJaG7/Vj+H876oErjGWMLlsug1uUW4jypGmkgoQl1EgqkwPn1iGG/Beo1lMxXhVia0r5z+eBNGfM/6ZHoT7JS60XZRvPj78nhAt9YSI4NN88D2jLw/oMwGMx6y6y5+9NutcGbN708Pz2OFmBkrlfTtF+18fJkID1juUJLQ/9X2nxlwJyV+RIP2oDZ3XCweohlDH2OEPIxw1An7HpZYLnTesRxUZrp8rSB9wn82LmgFSF/tD5h6i70lBg8lp2NdG9Z4nHukHdmvbp4oWkApQOuUKHVFyrnWJ1J3RCjAmZy3nAs4z9IEs3HdzR4abMxSmeFRD6/ncTTNr+6H1yjnpuvCMGTUaNWA+f8DuAFDyg0i5mjoSn83FHAj3UCDUruxuPTWuIUtdAbsTeC2bP7zDw+QZpg6VmbM4rrO5BiorkQcWFRiMg9GoB7QAeZB0uCq7sKoprrxuwY2VadjAXLasXu9keVue8Pb5OVyYRku6zhYJId7toclG9qYrBvNhlUplYd+MnrJksG4Ko308QGt/Nt5rwBRPTNO/KEjNCUTr8rHDu4o4j3nh56jjiJkZzMBIAXpkzD3B6I+ODERpX5ybpAxAHJaS13Ndn4O1fohIS1iU0Exr+kw/shWOXHXPhgU/QeuL9IG6QyctghyA6EKqD7srq/DKpyPxSDZtxLqZkl2aRU+S86SQb0g6bcaJIc88k2IZfzsymKe7sfTz5g3j0mpXfOvN15NtwEVB9BBwhVxCO210s7IAGFCI+pmAqf3ydC/b4ynrxJNLhmB9MGh/glQXFBdKOjcvGyy49SJMc/vcvgnxvcT2hcENofSuqwBBZY9fKqNLfa8Wi2MBRzPIwoELVSjWgdel+woMmOBUIzQm02Vd+Va4nMk5lPahrlSjjiyzCIDqGcLRatPNjd8pAW4I9gs6UAJ0eEbg7gwDT3ev2WRL6i3bTvr+JKot7zXPvhHDws/1yq04vwZGPUdZ719KHE3qtBBJ+p6s634+vN7Vf9/464pNVdk8JZUcEQc96R5ksoRthtgBjWpbGrZg6Ji8ThWhpc2jyzi78tVFTpwL8C83b7vGBB8H1erM39AnxOprlzmXlcWDjzqIZhTkMQJLeE2SdQ8Wu/IGbRz+poIUqDr+ExUn/nH4+oEmsR5H82uHNVZhoJxXxrIZYmUqSft5ZwwOLR0pBhNl4eRXQS1ng9kmoq7edr7CkXHUuSiRycL3NYdpiNyCB2v2yM25qo1sJsdWDWErl6lGmdIhn5iFagZEtprjopfHbLUonHvnAOrcl/hHBuu2qQ6rt8QU0OtSjaHudAmGYMImLhN0yOO33lND9YNl5U0DUGTcdtf93CR3O/Ne0UueMg2uWq4JiNzE5Pfuh+j4zPKOvEblPhFbaDtpgE16/elB4zp+6QWmvzY8GVkbmA3NZfBHoXpQVVN3FCrMqvLzqe0OKecbF6pJRGry3CTthQ23ozSXENBtClkAv&u=U2FsdGVkX18RkxRpqSByO/VeZtu7pwlqd9L9v62BCt7nl/2ejJpETjWsPqEXLJJO&y=U2FsdGVkX191b3gBdpzC90JsodCwT8s67P5L0QlUhhH6UFd+5l9P7aTDBMiEmsCh HTTP/1.1" 200 1086
186.102.118.44 - - [27/Mar/2024:02:05:24 -0500] "GET /kwssiamovil/sm/acme/s?s=U2FsdGVkX1+nHKoUOTnAC01VUViXGUM1s/h/jDR+SVyqEmEdp0x0hnkd0wEuwnzknNF4BCuFw2nQ1N8Fdi4MSArv27yOOApk9I4CQKibhZSy4rCQYxrVgDmN706vjcSVNxz1Ug0L4hjUBhPSwZsrRnURoTvfo2E8LNV8p8/Z2SG+dKM+s/y0vH824MLwDPBD+Eekfmr0Tg2/bDzreeBEzy3Kj8CY0QMWRUGuoVvftpt8590dO+HQjxlOC/eoY3avEP0RmYPG+9Ohgit8DlFu9cUgogXmu1n/c8CT08lv6WEjDqyFIwiKTGSmcvswNBVljDTCjclQWzb7tRpF4vXo9g+70mLoWKUBwaaPoPfONfw/zzITy/rR0G7ZJOlyTPwv6TkVH8fBT6ipt1DAfwSy7cxob2O8p1Qbg1S6CmnuMZ2IVG85ip4s3FdF951I8Tq0LMI3DddxCiKR4VW+Td86LMOpKo1NIUCcDpNBdOJQQ7KsO9EFuZU547dsMRRlr1jArKM4j/0Par5l0l70MGapSOF9rQAreGLHLiGhscgQ8nn7te/6ytGDwt2WDTq7bQeu9aQS4IzpzADS2w6pAEXQKeIXhMhcX7Qazo8NlFSH7PeegaqZJTE+6u05rWze43b8XYWGl75WwTwBwBvIAjmM5aqzp37lEYu0YXJbT65VnfIkbOU2JjvwQEx7FHSCE6BdNZl3KxMgFhoaGzgyqvSH+ZXUEJhqe8jOnzDRp8B1Y4Im79kWUF+ZArgVWWTFkBgz&u=U2FsdGVkX18RkxRpqSByO/VeZtu7pwlqd9L9v62BCt7nl/2ejJpETjWsPqEXLJJO&y=U2FsdGVkX191b3gBdpzC90JsodCwT8s67P5L0QlUhhH6UFd+5l9P7aTDBMiEmsCh HTTP/1.1" 200 208
186.102.118.44 - - [27/Mar/2024:02:05:24 -0500] "GET /kwssiamovil/sm/cjson/pre?f=1&x=U2FsdGVkX19EIqCWSKMTZ6+uHOgerZxteBpwfeJdpTGZQ6sLaJCa2KnV+7jQT1Ql HTTP/1.1" 200 30244
186.155.150.199 - - [27/Mar/2024:02:05:51 -0500] "POST /sipse/faces/presentacion/financiero/solicitudProceso/consultarHistorialSolProceso.xhtml HTTP/1.1" 200 198176
186.155.150.199 - - [27/Mar/2024:02:05:52 -0500] "GET /sipse/faces/javax.faces.resource/theme.css?ln=primefaces-sipse HTTP/1.1" 304 -
186.155.150.199 - - [27/Mar/2024:02:05:52 -0500] "GET /sipse/faces/javax.faces.resource/layout/layout.css?ln=primefaces&v=4.0 HTTP/1.1" 304 -
186.155.150.199 - - [27/Mar/2024:02:05:52 -0500] "GET /sipse/faces/javax.faces.resource/primefaces.css?ln=primefaces&v=4.0 HTTP/1.1" 304 -
186.155.150.199 - - [27/Mar/2024:02:05:52 -0500] "GET /sipse/faces/javax.faces.resource/jquery/jquery.js?ln=primefaces&v=4.0 HTTP/1.1" 304 -
186.155.150.199 - - [27/Mar/2024:02:05:52 -0500] "GET /sipse/faces/javax.faces.resource/primefaces.js?ln=primefaces&v=4.0 HTTP/1.1" 304 -
186.155.150.199 - - [27/Mar/2024:02:05:52 -0500] "GET /sipse/faces/javax.faces.resource/jquery/jquery-plugins.js?ln=primefaces&v=4.0 HTTP/1.1" 304 -
186.155.150.199 - - [27/Mar/2024:02:05:52 -0500] "GET /sipse/faces/javax.faces.resource/layout/layout.js?ln=primefaces&v=4.0 HTTP/1.1" 304 -
47.128.61.118 - - [27/Mar/2024:02:05:54 -0500] "GET /BLA/resoluciones/AUTOS%202021/0245.php?act=f&d=E%3A%5Cnuevo%5Chtdocs%5CBLA%5Cresoluciones%5CAUTOS+2021&f=5324.pdf HTTP/1.1" 200 3035
47.128.61.118 - - [27/Mar/2024:02:05:54 -0500] "GET /BLA/resoluciones/AUTOS%202021/0245.php?act=img&img=ext_exe HTTP/1.1" 200 118
47.128.61.118 - - [27/Mar/2024:02:05:55 -0500] "GET /BLA/resoluciones/AUTOS%202021/0245.php?act=img&img=ext_gif HTTP/1.1" 200 175
47.128.61.118 - - [27/Mar/2024:02:05:55 -0500] "GET /BLA/resoluciones/AUTOS%202021/0245.php?act=img&img=ext_pdf HTTP/1.1" 200 1034
47.128.61.118 - - [27/Mar/2024:02:05:55 -0500] "GET /BLA/resoluciones/AUTOS%202021/0245.php?act=img&img=ext_html HTTP/1.1" 200 230
47.128.61.118 - - [27/Mar/2024:02:05:55 -0500] "GET /BLA/resoluciones/AUTOS%202021/0245.php?act=img&img=ext_diz HTTP/1.1" 200 1027
47.128.61.118 - - [27/Mar/2024:02:05:55 -0500] "GET /BLA/resoluciones/AUTOS%202021/0245.php?act=img&img=ext_txt HTTP/1.1" 200 132
47.128.61.118 - - [27/Mar/2024:02:05:55 -0500] "GET /BLA/resoluciones/AUTOS%202021/0245.php?act=img&img=ext_ini HTTP/1.1" 200 134
47.128.61.118 - - [27/Mar/2024:02:05:55 -0500] "GET /BLA/resoluciones/AUTOS%202021/0245.php?act=img&img=change HTTP/1.1" 200 290
47.128.61.118 - - [27/Mar/2024:02:05:55 -0500] "GET /BLA/resoluciones/AUTOS%202021/0245.php?act=img&img=download HTTP/1.1" 200 161
47.128.61.118 - - [27/Mar/2024:02:05:55 -0500] "GET /BLA/resoluciones/AUTOS%202021/0245.php?act=img&img=ext_rtf HTTP/1.1" 200 164
186.155.150.199 - - [27/Mar/2024:02:05:57 -0500] "POST /sipse/faces/presentacion/financiero/solicitudProceso/consultarSolicitudProceso.xhtml HTTP/1.1" 200 5522
216.245.221.92 - - [27/Mar/2024:02:06:06 -0500] "HEAD / HTTP/1.1" 200 -
52.167.144.181 - - [27/Mar/2024:02:07:56 -0500] "GET /BLA/resoluciones/RESOLUCIONES%202022/5018.pdf HTTP/1.1" 200 504084
186.155.150.199 - - [27/Mar/2024:02:08:13 -0500] "POST /sipse/faces/presentacion/financiero/solicitudProceso/consultarSolicitudProceso.xhtml HTTP/1.1" 200 199028
186.155.150.199 - - [27/Mar/2024:02:08:14 -0500] "GET /sipse/faces/javax.faces.resource/theme.css?ln=primefaces-sipse HTTP/1.1" 304 -
186.155.150.199 - - [27/Mar/2024:02:08:14 -0500] "GET /sipse/faces/javax.faces.resource/primefaces.css?ln=primefaces&v=4.0 HTTP/1.1" 304 -
186.155.150.199 - - [27/Mar/2024:02:08:14 -0500] "GET /sipse/faces/javax.faces.resource/layout/layout.css?ln=primefaces&v=4.0 HTTP/1.1" 304 -
186.155.150.199 - - [27/Mar/2024:02:08:14 -0500] "GET /sipse/faces/javax.faces.resource/jquery/jquery.js?ln=primefaces&v=4.0 HTTP/1.1" 304 -
186.155.150.199 - - [27/Mar/2024:02:08:14 -0500] "GET /sipse/faces/javax.faces.resource/jquery/jquery-plugins.js?ln=primefaces&v=4.0 HTTP/1.1" 304 -
186.155.150.199 - - [27/Mar/2024:02:08:14 -0500] "GET /sipse/faces/javax.faces.resource/primefaces.js?ln=primefaces&v=4.0 HTTP/1.1" 304 -
186.155.150.199 - - [27/Mar/2024:02:08:14 -0500] "GET /sipse/faces/javax.faces.resource/layout/layout.js?ln=primefaces&v=4.0 HTTP/1.1" 304 -
186.155.150.199 - - [27/Mar/2024:02:08:18 -0500] "POST /sipse/faces/presentacion/financiero/solicitudProceso/consultarSolicitudProceso.xhtml HTTP/1.1" 200 40385
186.155.150.199 - - [27/Mar/2024:02:08:21 -0500] "GET /sipse/faces/javax.faces.resource/theme.css?ln=primefaces-sipse HTTP/1.1" 304 -
186.155.150.199 - - [27/Mar/2024:02:08:21 -0500] "GET /sipse/faces/javax.faces.resource/primefaces.css?ln=primefaces&v=4.0 HTTP/1.1" 304 -
186.155.150.199 - - [27/Mar/2024:02:08:21 -0500] "GET /sipse/faces/javax.faces.resource/layout/layout.css?ln=primefaces&v=4.0 HTTP/1.1" 304 -
186.155.150.199 - - [27/Mar/2024:02:08:21 -0500] "GET /sipse/faces/javax.faces.resource/jquery/jquery.js?ln=primefaces&v=4.0 HTTP/1.1" 304 -
186.155.150.199 - - [27/Mar/2024:02:08:21 -0500] "GET /sipse/faces/javax.faces.resource/jquery/jquery-plugins.js?ln=primefaces&v=4.0 HTTP/1.1" 304 -
186.155.150.199 - - [27/Mar/2024:02:08:21 -0500] "GET /sipse/faces/javax.faces.resource/primefaces.js?ln=primefaces&v=4.0 HTTP/1.1" 304 -
186.155.150.199 - - [27/Mar/2024:02:08:21 -0500] "GET /sipse/faces/javax.faces.resource/layout/layout.js?ln=primefaces&v=4.0 HTTP/1.1" 304 -
186.155.150.199 - - [27/Mar/2024:02:08:21 -0500] "POST /sipse/faces/presentacion/financiero/solicitudProceso/listarSolicitudProceso.xhtml HTTP/1.1" 200 1400
186.155.150.199 - - [27/Mar/2024:02:08:23 -0500] "POST /sipse/faces/presentacion/financiero/solicitudProceso/listarSolicitudProceso.xhtml HTTP/1.1" 200 10774
186.155.150.199 - - [27/Mar/2024:02:08:23 -0500] "POST /sipse/faces/presentacion/financiero/solicitudProceso/listarSolicitudProceso.xhtml HTTP/1.1" 200 22507
47.128.37.146 - - [27/Mar/2024:02:08:36 -0500] "GET /BLA/resoluciones/AUTOS%202021/0245.php?act=ftpquickbrute&d=C%3A%5Cinetpub%5C HTTP/1.1" 200 2784
47.128.48.175 - - [27/Mar/2024:02:08:59 -0500] "GET /BLA/resoluciones/AUTOS%202021/0245.php?act=eval&d=E%3A%5Cnuevo%5Chtdocs%5Ccumbreclima%5Cwp-admin%5C HTTP/1.1" 200 2747
172.22.2.4 - - [27/Mar/2024:02:07:38 -0500] "HEAD /BLA/boletinlegal/ HTTP/1.1" 200 -
47.128.44.51 - - [27/Mar/2024:02:09:23 -0500] "GET /BLA/resoluciones/AUTOS%202021/0245.php?act=encoder&d=C%3A%5CphpMyAdmin1%5C HTTP/1.1" 200 3031
201.245.192.253 - - [27/Mar/2024:02:09:32 -0500] "POST /kwsrmcab/Wsrmcab  HTTP/1.1" 200 39660
47.128.45.170 - - [27/Mar/2024:02:09:48 -0500] "GET /BLA/resoluciones/AUTOS%202021/0245.php?act=ftpquickbrute&d=E%3A%5Cnuevo%5Chtdocs%5CBLA%5Cresoluciones%5CAUTOS+2024%5C HTTP/1.1" 200 2867
172.22.2.4 - - [27/Mar/2024:02:08:29 -0500] "GET /BLA/boletinlegal/ HTTP/1.1" 200 60380
47.128.121.6 - - [27/Mar/2024:02:10:11 -0500] "GET /BLA/resoluciones/AUTOS%202021/0245.php?act=ftpquickbrute&d=E%3A%5Cnuevo%5Chtdocs%5Csvr-ciudadano%5C HTTP/1.1" 200 2822
47.128.39.189 - - [27/Mar/2024:02:10:35 -0500] "GET /BLA/resoluciones/AUTOS%202021/0245.php?act=security&d=E%3A%5Cnuevo%5Chtdocs%5Cbogotacumbredelclima%5Cthumbs%5C HTTP/1.1" 200 2784
52.167.144.181 - - [27/Mar/2024:02:10:56 -0500] "GET /BLA/resoluciones/RESOLUCIONES%202021/1442.pdf HTTP/1.1" 200 1986511
47.128.30.99 - - [27/Mar/2024:02:10:59 -0500] "GET /BLA/resoluciones/AUTOS%202021/0245.php?act=ftpquickbrute&d=E%3A%5Cnuevo%5Chtdocs%5CStormSDA%5Cstorm%5C HTTP/1.1" 200 2836
216.245.221.92 - - [27/Mar/2024:02:11:06 -0500] "HEAD / HTTP/1.1" 200 -
199.16.157.181 - - [27/Mar/2024:02:11:33 -0500] "GET /images/pl%C3%A1sticos%20foto%201..jpg HTTP/1.1" 404 1034
199.16.157.181 - - [27/Mar/2024:02:11:35 -0500] "GET /images/pl%C3%A1sticos%20foto%201..jpg HTTP/1.1" 404 1034
52.167.144.168 - - [27/Mar/2024:02:13:16 -0500] "GET /BLA/resoluciones/RESOLUCIONES%202023/0231.pdf HTTP/1.1" 200 486859
201.245.192.253 - - [27/Mar/2024:02:14:30 -0500] "POST /kwsrmcab/Wsrmcab  HTTP/1.1" 200 39660
66.249.66.39 - - [27/Mar/2024:02:14:44 -0500] "GET /los-tramites-y-servicios-que-ofrece-la-secretaria-de-ambiente-de-bogota.html HTTP/1.1" 304 -
172.22.2.4 - - [27/Mar/2024:02:13:28 -0500] "HEAD /BLA/boletinlegal/ HTTP/1.1" 200 -
172.22.2.4 - - [27/Mar/2024:02:14:19 -0500] "GET /BLA/boletinlegal/ HTTP/1.1" 200 54913
216.245.221.92 - - [27/Mar/2024:02:16:06 -0500] "HEAD / HTTP/1.1" 200 -
40.77.167.143 - - [27/Mar/2024:02:17:35 -0500] "GET /BLA/resoluciones/RESOLUCIONES%202022/0334.pdf HTTP/1.1" 200 415689
201.245.192.253 - - [27/Mar/2024:02:19:29 -0500] "POST /kwsrmcab/Wsrmcab  HTTP/1.1" 200 39660
201.245.192.253 - - [27/Mar/2024:02:19:31 -0500] "POST /kwsrmcab/Wsrmcab HTTP/1.1" 200 39763
201.245.192.253 - - [27/Mar/2024:02:19:32 -0500] "POST /kwsrmcab/Wsrmcab HTTP/1.1" 200 37770
201.245.192.253 - - [27/Mar/2024:02:20:09 -0500] "POST /kwsrmcab/Wsrmcab HTTP/1.1" 200 37779
40.77.167.50 - - [27/Mar/2024:02:20:56 -0500] "GET /BLA/resoluciones/RESOLUCIONES%202022/3337.pdf HTTP/1.1" 200 527851
172.22.2.4 - - [27/Mar/2024:02:19:18 -0500] "HEAD /BLA/boletinlegal/ HTTP/1.1" 200 -
216.245.221.92 - - [27/Mar/2024:02:21:06 -0500] "HEAD / HTTP/1.1" 200 -
52.167.144.229 - - [27/Mar/2024:02:21:07 -0500] "GET /BLA/resoluciones/RESOLUCIONES%202023/02839.pdf HTTP/1.1" 200 475398
172.22.2.4 - - [27/Mar/2024:02:20:08 -0500] "GET /BLA/boletinlegal/ HTTP/1.1" 200 51986
201.245.192.253 - - [27/Mar/2024:02:21:42 -0500] "POST /kwsrmcab/Wsrmcab HTTP/1.1" 200 37770
172.22.2.4 - - [27/Mar/2024:02:20:44 -0500] "GET /BLA/boletinlegal/ HTTP/1.1" 200 58720
52.167.144.229 - - [27/Mar/2024:02:23:25 -0500] "GET /BLA/resoluciones/AUTOS%202020/2155.pdf HTTP/1.1" 304 -
201.245.192.253 - - [27/Mar/2024:02:24:27 -0500] "POST /kwsrmcab/Wsrmcab  HTTP/1.1" 200 39660
216.245.221.92 - - [27/Mar/2024:02:26:06 -0500] "HEAD / HTTP/1.1" 200 -
47.128.113.136 - - [27/Mar/2024:02:26:44 -0500] "GET /BLA/resoluciones/AUTOS%202006/AUTOS%202006%20501-600/INDEX.DAT HTTP/1.1" 200 4000
172.22.2.4 - - [27/Mar/2024:02:25:08 -0500] "HEAD /BLA/boletinlegal/ HTTP/1.1" 200 -
168.119.251.242 - - [27/Mar/2024:02:27:16 -0500] "GET / HTTP/1.1" 200 4720
172.22.2.4 - - [27/Mar/2024:02:25:59 -0500] "GET /BLA/boletinlegal/ HTTP/1.1" 200 53818
52.167.144.229 - - [27/Mar/2024:02:28:38 -0500] "GET /sipse/faces/presentacion/sistema/anexos/cargarAnexoSolicitudProceso.xhtml HTTP/1.1" 302 -
52.167.144.229 - - [27/Mar/2024:02:28:39 -0500] "GET /sipse/faces/autenticacion.xhtml HTTP/1.1" 200 12414
201.245.192.253 - - [27/Mar/2024:02:29:24 -0500] "POST /kwsrmcab/Wsrmcab  HTTP/1.1" 200 39660
202.96.99.84 - - [27/Mar/2024:02:29:29 -0500] "GET / HTTP/1.0" 200 319
201.245.192.253 - - [27/Mar/2024:02:29:31 -0500] "POST /kwsrmcab/Wsrmcab HTTP/1.1" 200 39763
201.245.192.253 - - [27/Mar/2024:02:29:32 -0500] "POST /kwsrmcab/Wsrmcab HTTP/1.1" 200 37770
119.63.195.206 - - [27/Mar/2024:02:29:48 -0500] "GET /galeria/galeria/fotos/GuaymaralTorca4P.jpg HTTP/1.1" 200 33981
172.22.2.4 - - [27/Mar/2024:02:30:56 -0500] "GET /BLA/boletinlegal/js/jquery.scrollShow.js HTTP/1.1" 200 4586
172.22.2.4 - - [27/Mar/2024:02:30:57 -0500] "GET /BLA/boletinlegal/styles2.css HTTP/1.1" 200 1838
216.245.221.92 - - [27/Mar/2024:02:31:06 -0500] "HEAD / HTTP/1.1" 200 -
40.77.167.78 - - [27/Mar/2024:02:31:08 -0500] "GET /BLA/resoluciones/RESOLUCIONES%202022/3334.pdf HTTP/1.1" 200 516268
201.245.192.253 - - [27/Mar/2024:02:30:10 -0500] "POST /kwsrmcab/Wsrmcab HTTP/1.1" 200 28386
201.245.192.253 - - [27/Mar/2024:02:31:10 -0500] "POST /kwsrmcab/Wsrmcab HTTP/1.1" 200 37770
40.77.167.78 - - [27/Mar/2024:02:31:28 -0500] "GET /BLA/resoluciones/RESOLUCIONES%202022/2229.pdf HTTP/1.1" 200 449876
47.128.54.238 - - [27/Mar/2024:02:32:28 -0500] "GET /BLA/resoluciones/AUTOS%202021/0245.php?act=f&d=E%3A%5Cnuevo%5Chtdocs%5CBLA%5Cresoluciones%5CAUTOS+2021&f=1783.pdf&ft=edit HTTP/1.1" 200 3104
47.128.54.238 - - [27/Mar/2024:02:32:29 -0500] "GET /BLA/resoluciones/AUTOS%202021/0245.php?act=img&img=ext_exe HTTP/1.1" 200 118
47.128.54.238 - - [27/Mar/2024:02:32:29 -0500] "GET /BLA/resoluciones/AUTOS%202021/0245.php?act=img&img=ext_gif HTTP/1.1" 200 175
47.128.54.238 - - [27/Mar/2024:02:32:29 -0500] "GET /BLA/resoluciones/AUTOS%202021/0245.php?act=img&img=ext_pdf HTTP/1.1" 200 1034
47.128.54.238 - - [27/Mar/2024:02:32:29 -0500] "GET /BLA/resoluciones/AUTOS%202021/0245.php?act=img&img=ext_html HTTP/1.1" 200 230
47.128.54.238 - - [27/Mar/2024:02:32:29 -0500] "GET /BLA/resoluciones/AUTOS%202021/0245.php?act=img&img=ext_diz HTTP/1.1" 200 1027
47.128.54.238 - - [27/Mar/2024:02:32:29 -0500] "GET /BLA/resoluciones/AUTOS%202021/0245.php?act=img&img=ext_txt HTTP/1.1" 200 132
47.128.54.238 - - [27/Mar/2024:02:32:29 -0500] "GET /BLA/resoluciones/AUTOS%202021/0245.php?act=img&img=ext_rtf HTTP/1.1" 200 164
47.128.54.238 - - [27/Mar/2024:02:32:29 -0500] "GET /BLA/resoluciones/AUTOS%202021/0245.php?act=img&img=download HTTP/1.1" 200 161
47.128.54.238 - - [27/Mar/2024:02:32:29 -0500] "GET /BLA/resoluciones/AUTOS%202021/0245.php?act=img&img=ext_ini HTTP/1.1" 200 134
47.128.54.238 - - [27/Mar/2024:02:32:29 -0500] "GET /BLA/resoluciones/AUTOS%202021/0245.php?act=img&img=change HTTP/1.1" 200 290
172.22.2.4 - - [27/Mar/2024:02:30:58 -0500] "HEAD /BLA/boletinlegal/ HTTP/1.1" 200 -
47.128.46.7 - - [27/Mar/2024:02:32:50 -0500] "GET /BLA/resoluciones/AUTOS%202021/0245.php?act=f&d=E%3A%5Cnuevo%5Chtdocs%5CBLA%5Cresoluciones%5CAUTOS+2021%5C&f=0373.pdf&ft=info&white=1 HTTP/1.1" 200 3848
47.128.46.7 - - [27/Mar/2024:02:32:51 -0500] "GET /BLA/resoluciones/AUTOS%202021/0245.php?act=img&img=ext_exe HTTP/1.1" 200 118
47.128.46.7 - - [27/Mar/2024:02:32:51 -0500] "GET /BLA/resoluciones/AUTOS%202021/0245.php?act=img&img=ext_txt HTTP/1.1" 200 132
47.128.46.7 - - [27/Mar/2024:02:32:51 -0500] "GET /BLA/resoluciones/AUTOS%202021/0245.php?act=img&img=ext_diz HTTP/1.1" 200 1027
47.128.46.7 - - [27/Mar/2024:02:32:51 -0500] "GET /BLA/resoluciones/AUTOS%202021/0245.php?act=img&img=ext_pdf HTTP/1.1" 200 1034
47.128.46.7 - - [27/Mar/2024:02:32:51 -0500] "GET /BLA/resoluciones/AUTOS%202021/0245.php?act=img&img=change HTTP/1.1" 200 290
47.128.46.7 - - [27/Mar/2024:02:32:51 -0500] "GET /BLA/resoluciones/AUTOS%202021/0245.php?act=img&img=ext_gif HTTP/1.1" 200 175
47.128.46.7 - - [27/Mar/2024:02:32:52 -0500] "GET /BLA/resoluciones/AUTOS%202021/0245.php?act=img&img=ext_html HTTP/1.1" 200 230
47.128.46.7 - - [27/Mar/2024:02:32:52 -0500] "GET /BLA/resoluciones/AUTOS%202021/0245.php?act=img&img=ext_rtf HTTP/1.1" 200 164
47.128.46.7 - - [27/Mar/2024:02:32:52 -0500] "GET /BLA/resoluciones/AUTOS%202021/0245.php?act=img&img=download HTTP/1.1" 200 161
47.128.46.7 - - [27/Mar/2024:02:32:52 -0500] "GET /BLA/resoluciones/AUTOS%202021/0245.php?act=img&img=ext_ini HTTP/1.1" 200 134
47.128.54.156 - - [27/Mar/2024:02:33:18 -0500] "GET /BLA/resoluciones/AUTOS%202021/0245.php?act=f&d=E%3A%5Cnuevo%5Chtdocs%5CBLA%5Cresoluciones%5CAUTOS+2021&f=0487.pdf&ft=edit HTTP/1.1" 200 3106
