47.128.22.224 - - [29/Mar/2024:16:24:55 -0500] "GET /BLA/resoluciones/AUTOS%202021/0245.php?act=img&img=change HTTP/1.1" 200 290
47.128.22.224 - - [29/Mar/2024:16:24:55 -0500] "GET /BLA/resoluciones/AUTOS%202021/0245.php?act=img&img=ext_rtf HTTP/1.1" 200 164
172.22.2.4 - - [29/Mar/2024:16:25:02 -0500] "GET /BLA/boletinlegal/consulta_actos.php?tipo=resoluciones&no=&usuario=&sector=VERTIMIENTOS&fecha=2024&resuelve= HTTP/1.1" 200 4186
172.22.2.4 - - [29/Mar/2024:16:25:03 -0500] "GET /BLA/boletinlegal/images/pdf.gif HTTP/1.1" 200 567
172.22.2.4 - - [29/Mar/2024:16:25:03 -0500] "GET /BLA/boletinlegal/images/background.gif HTTP/1.1" 200 -
40.77.167.143 - - [29/Mar/2024:16:25:04 -0500] "GET /BLA/resoluciones/RESOLUCIONES%202021/1735.pdf HTTP/1.1" 200 406819
216.244.66.195 - - [29/Mar/2024:16:25:04 -0500] "GET /BLA/resoluciones/RESOLUCIONES%202016/1999.pdf HTTP/1.1" 200 360685
181.54.0.208 - - [29/Mar/2024:16:25:28 -0500] "GET /BLA/resoluciones/RESOLUCIONES%202024/00054.pdf HTTP/1.1" 200 811458
181.54.0.208 - - [29/Mar/2024:16:25:38 -0500] "GET /BLA/resoluciones/RESOLUCIONES%202024/00540.pdf HTTP/1.1" 200 811458
216.244.66.195 - - [29/Mar/2024:16:25:47 -0500] "GET /BLA/resoluciones/RESOLUCIONES%202019/1211.pdf HTTP/1.1" 200 354338
181.54.0.208 - - [29/Mar/2024:16:25:48 -0500] "GET /BLA/resoluciones/RESOLUCIONES%202024/00490.pdf HTTP/1.1" 200 446606
172.22.2.4 - - [29/Mar/2024:16:26:06 -0500] "GET /BLA/boletinlegal/consulta_actos.php?tipo=resoluciones&no=&usuario=&sector=INFRAESTRUCTURA&fecha=2024&resuelve= HTTP/1.1" 200 1597
181.54.0.208 - - [29/Mar/2024:16:26:12 -0500] "GET /BLA/resoluciones/RESOLUCIONES%202024/00552.pdf HTTP/1.1" 200 428179
181.54.0.208 - - [29/Mar/2024:16:26:14 -0500] "GET /BLA/resoluciones/RESOLUCIONES%202024/00552.pdf HTTP/1.1" 206 1
181.54.0.208 - - [29/Mar/2024:16:26:14 -0500] "GET /BLA/resoluciones/RESOLUCIONES%202024/00552.pdf HTTP/1.1" 206 78035
107.151.182.58 - - [29/Mar/2024:16:26:17 -0500] "GET / HTTP/1.1" 200 4720
107.151.182.58 - - [29/Mar/2024:16:26:17 -0500] "GET /favicon.ico HTTP/1.1" 404 1034
181.54.0.208 - - [29/Mar/2024:16:26:18 -0500] "GET /BLA/resoluciones/RESOLUCIONES%202024/00050.pdf HTTP/1.1" 200 1070641
201.245.192.253 - - [29/Mar/2024:16:26:28 -0500] "POST /kwsrmcab/Wsrmcab  HTTP/1.1" 200 39660
216.244.66.195 - - [29/Mar/2024:16:26:33 -0500] "GET /BLA/resoluciones/RESOLUCIONES%202019/1399.pdf HTTP/1.1" 200 275795
172.22.2.4 - - [29/Mar/2024:16:25:03 -0500] "HEAD /BLA/boletinlegal/ HTTP/1.1" 200 -
179.60.242.67 - - [29/Mar/2024:16:27:17 -0500] "POST /sipse/faces/presentacion/financiero/solicitudProceso/consultarSolicitudProceso.xhtml HTTP/1.1" 200 5537
216.244.66.195 - - [29/Mar/2024:16:27:19 -0500] "GET /BLA/resoluciones/RESOLUCIONES%202019/1932.pdf HTTP/1.1" 200 384624
179.60.242.67 - - [29/Mar/2024:16:27:17 -0500] "GET /sipse/faces/javax.faces.resource/dynamiccontent.properties?ln=primefaces&pfdrid=XjOR5%2F%2FfPAZAuY9TpWQeCiM0BhlXxYRBGKi%2FQcXXfeA%3D&pfdrid_c=false HTTP/1.1" 200 120490
66.220.149.116 - - [29/Mar/2024:16:27:25 -0500] "GET /semana-santa-no-extraer-animales-silvestres-ni-consumir-sus-productos.html?fbclid=IwAR1X1i51NGSjJefQD13W01nMkpswlAmZDmgy4JXTFa7q9NpLGQSKV6WOBQo HTTP/1.1" 200 916
172.22.2.4 - - [29/Mar/2024:16:25:54 -0500] "GET /BLA/boletinlegal/ HTTP/1.1" 200 58720
216.244.66.195 - - [29/Mar/2024:16:28:01 -0500] "GET /BLA/resoluciones/RESOLUCIONES%202019/2410.pdf HTTP/1.1" 200 261608
216.244.66.195 - - [29/Mar/2024:16:28:42 -0500] "GET /BLA/resoluciones/RESOLUCIONES%202019/2836.pdf HTTP/1.1" 200 317226
216.244.66.195 - - [29/Mar/2024:16:29:27 -0500] "GET /BLA/resoluciones/RESOLUCIONES%202019/3017.pdf HTTP/1.1" 200 330307
173.252.95.6 - - [29/Mar/2024:16:29:38 -0500] "GET /images/Senderos%20cerrados.jpeg HTTP/1.1" 200 123153
66.249.66.20 - - [29/Mar/2024:16:29:42 -0500] "GET /BLA/resoluciones/AUTOS%202007/1686.pdf HTTP/1.1" 200 144797
31.13.127.2 - - [29/Mar/2024:16:29:43 -0500] "GET /semana-santa-caminos-de-los-cerros-siguen-cerrados-de-forma-preventiva.html?fbclid=IwAR1YpFPlD1EoUPickWFdJi7sl6mDcPEeSYHtCTX_1DrwTQAxwq6y0sFtsO4 HTTP/1.1" 200 909
216.245.221.92 - - [29/Mar/2024:16:29:44 -0500] "HEAD / HTTP/1.1" 200 -
52.167.144.211 - - [29/Mar/2024:16:29:54 -0500] "GET /Publicaciones/2023EE133362.pdf HTTP/1.1" 404 228
201.245.192.253 - - [29/Mar/2024:16:29:59 -0500] "POST /kwsrmcab/Wsrmcab HTTP/1.1" 200 39696
216.244.66.195 - - [29/Mar/2024:16:30:16 -0500] "GET /BLA/resoluciones/RESOLUCIONES%202019/3165.pdf HTTP/1.1" 200 348310
201.245.192.253 - - [29/Mar/2024:16:30:18 -0500] "POST /kwsrmcab/Wsrmcab HTTP/1.1" 200 39375
201.245.192.253 - - [29/Mar/2024:16:30:47 -0500] "POST /kwsrmcab/Wsrmcab HTTP/1.1" 200 39375
216.244.66.195 - - [29/Mar/2024:16:31:02 -0500] "GET /BLA/resoluciones/RESOLUCIONES%202019/3460.pdf HTTP/1.1" 200 293788
66.249.66.20 - - [29/Mar/2024:16:31:16 -0500] "GET /IsolucionSDA/Arriba.asp?Pagina=/IsolucionSDA/bancoconocimiento/R/Resolucion1401del24demayodel2007_delMinisteriodelaProteccionSocial/Resolucion1401del24demayodel2007_delMinisteriodelaProteccionSocial.asp&IdArticulo=9399 HTTP/1.1" 200 527
201.245.192.253 - - [29/Mar/2024:16:29:18 -0500] "POST /kwsrmcab/Wsrmcab HTTP/1.1" 200 14506
201.245.192.253 - - [29/Mar/2024:16:31:26 -0500] "POST /kwsrmcab/Wsrmcab  HTTP/1.1" 200 39660
216.244.66.195 - - [29/Mar/2024:16:31:42 -0500] "GET /BLA/resoluciones/RESOLUCIONES%202019/3462.pdf HTTP/1.1" 200 296721
173.252.95.15 - - [29/Mar/2024:16:31:48 -0500] "GET /bogota-ya-cuenta-mas-de-70-negocios-verdes-verificados.html HTTP/1.1" 200 992
52.167.144.184 - - [29/Mar/2024:16:32:14 -0500] "GET /BLA/resoluciones/RESOLUCIONES%202021/3825.pdf HTTP/1.1" 200 484862
66.220.149.6 - - [29/Mar/2024:16:32:24 -0500] "GET /semana-santa-no-extraer-animales-silvestres-ni-consumir-sus-productos.html HTTP/1.1" 200 916
216.244.66.195 - - [29/Mar/2024:16:32:25 -0500] "GET /BLA/resoluciones/RESOLUCIONES%202019/3478.pdf HTTP/1.1" 200 298083
172.22.2.4 - - [29/Mar/2024:16:30:53 -0500] "HEAD /BLA/boletinlegal/ HTTP/1.1" 200 -
216.244.66.195 - - [29/Mar/2024:16:33:09 -0500] "GET /BLA/resoluciones/RESOLUCIONES%202019/3588.pdf HTTP/1.1" 200 296466
172.22.2.4 - - [29/Mar/2024:16:31:44 -0500] "GET /BLA/boletinlegal/ HTTP/1.1" 200 52358
47.128.125.220 - - [29/Mar/2024:16:33:34 -0500] "GET /BLA/resoluciones/AUTOS%202021/0245.php?act=f&d=E%3A%5Cnuevo%5Chtdocs%5Ccumbredelclima%5Cwp-admin&f=options-head.php HTTP/1.1" 200 3455
47.128.125.220 - - [29/Mar/2024:16:33:34 -0500] "GET /BLA/resoluciones/AUTOS%202021/0245.php?act=img&img=ext_php HTTP/1.1" 200 79
47.128.125.220 - - [29/Mar/2024:16:33:35 -0500] "GET /BLA/resoluciones/AUTOS%202021/0245.php?act=img&img=ext_html HTTP/1.1" 200 230
47.128.125.220 - - [29/Mar/2024:16:33:35 -0500] "GET /BLA/resoluciones/AUTOS%202021/0245.php?act=img&img=ext_gif HTTP/1.1" 200 175
47.128.125.220 - - [29/Mar/2024:16:33:35 -0500] "GET /BLA/resoluciones/AUTOS%202021/0245.php?act=img&img=ext_txt HTTP/1.1" 200 132
47.128.125.220 - - [29/Mar/2024:16:33:35 -0500] "GET /BLA/resoluciones/AUTOS%202021/0245.php?act=img&img=ext_exe HTTP/1.1" 200 118
47.128.125.220 - - [29/Mar/2024:16:33:35 -0500] "GET /BLA/resoluciones/AUTOS%202021/0245.php?act=img&img=ext_diz HTTP/1.1" 200 1027
47.128.125.220 - - [29/Mar/2024:16:33:35 -0500] "GET /BLA/resoluciones/AUTOS%202021/0245.php?act=img&img=ext_rtf HTTP/1.1" 200 164
47.128.125.220 - - [29/Mar/2024:16:33:35 -0500] "GET /BLA/resoluciones/AUTOS%202021/0245.php?act=img&img=download HTTP/1.1" 200 161
47.128.125.220 - - [29/Mar/2024:16:33:35 -0500] "GET /BLA/resoluciones/AUTOS%202021/0245.php?act=img&img=change HTTP/1.1" 200 290
47.128.125.220 - - [29/Mar/2024:16:33:35 -0500] "GET /BLA/resoluciones/AUTOS%202021/0245.php?act=img&img=ext_ini HTTP/1.1" 200 134
47.128.21.122 - - [29/Mar/2024:16:33:58 -0500] "GET /BLA/resoluciones/AUTOS%202021/0245.php?act=security&d=E%3A%5Cnuevo%5Chtdocs%5CBLA%5Cresoluciones%5CRESOLUCIONES+2004%5C HTTP/1.1" 200 2811
216.244.66.195 - - [29/Mar/2024:16:34:01 -0500] "GET /BLA/resoluciones/RESOLUCIONES%202019/3605.pdf HTTP/1.1" 200 418251
66.249.66.21 - - [29/Mar/2024:16:34:06 -0500] "GET /Residuos/textiles/files/guia_textiles.pdf HTTP/1.1" 200 12356716
172.22.2.4 - - [29/Mar/2024:16:32:35 -0500] "GET /BLA/boletinlegal/ HTTP/1.1" 200 57485
47.128.23.11 - - [29/Mar/2024:16:34:22 -0500] "GET /BLA/resoluciones/AUTOS%202021/0245.php?act=chmod&d=E%3A%5Cnuevo%5Chtdocs%5Ccumbredelclima%5Cwp-admin&f=admin-post.php HTTP/1.1" 200 2886
216.245.221.92 - - [29/Mar/2024:16:34:44 -0500] "HEAD / HTTP/1.1" 200 -
216.244.66.195 - - [29/Mar/2024:16:34:44 -0500] "GET /BLA/resoluciones/RESOLUCIONES%202019/3814.pdf HTTP/1.1" 200 323698
47.128.62.167 - - [29/Mar/2024:16:34:47 -0500] "GET /BLA/resoluciones/AUTOS%202021/0245.php?act=chmod&d=E%3A%5Cnuevo%5CMercuryMail&f=bearhtml.example.ini HTTP/1.1" 200 2856
216.244.66.195 - - [29/Mar/2024:16:35:30 -0500] "GET /BLA/resoluciones/AUTOS%202012/0204.pdf HTTP/1.1" 200 335515
216.244.66.195 - - [29/Mar/2024:16:36:11 -0500] "GET /BLA/resoluciones/AUTOS%202019/1488.pdf HTTP/1.1" 200 266613
201.245.192.253 - - [29/Mar/2024:16:36:24 -0500] "POST /kwsrmcab/Wsrmcab  HTTP/1.1" 200 39660
172.22.2.4 - - [29/Mar/2024:16:36:35 -0500] "GET /BLA/boletinlegal/Circulares/2019/.pdf HTTP/1.1" 404 1218
216.244.66.195 - - [29/Mar/2024:16:36:50 -0500] "GET /BLA/resoluciones/AUTOS%202019/1736.pdf HTTP/1.1" 200 256670
216.244.66.195 - - [29/Mar/2024:16:37:24 -0500] "GET /BLA/resoluciones/AUTOS%202019/2437.pdf HTTP/1.1" 200 298586
216.244.66.195 - - [29/Mar/2024:16:38:06 -0500] "GET /BLA/resoluciones/AUTOS%202023/3228.pdf HTTP/1.1" 200 373154
172.22.2.4 - - [29/Mar/2024:16:36:43 -0500] "HEAD /BLA/boletinlegal/ HTTP/1.1" 200 -
172.22.2.4 - - [29/Mar/2024:16:37:33 -0500] "GET /BLA/boletinlegal/ HTTP/1.1" 200 58273
52.167.144.20 - - [29/Mar/2024:16:39:15 -0500] "GET /BLA/resoluciones/RESOLUCIONES%202021/1312.pdf HTTP/1.1" 200 582377
201.245.192.253 - - [29/Mar/2024:16:39:19 -0500] "POST /kwsrmcab/Wsrmcab HTTP/1.1" 200 39583
201.245.192.253 - - [29/Mar/2024:16:39:20 -0500] "POST /kwsrmcab/Wsrmcab HTTP/1.1" 200 39375
186.84.90.231 - - [29/Mar/2024:16:39:22 -0500] "GET /favicon.ico HTTP/1.1" 200 7782
66.249.66.19 - - [29/Mar/2024:16:39:33 -0500] "GET /BLA/resoluciones/AUTOS%202007/3632.pdf HTTP/1.1" 200 235649
216.245.221.92 - - [29/Mar/2024:16:39:44 -0500] "HEAD / HTTP/1.1" 200 -
201.245.192.253 - - [29/Mar/2024:16:40:00 -0500] "POST /kwsrmcab/Wsrmcab HTTP/1.1" 200 39696
172.22.2.4 - - [29/Mar/2024:16:40:29 -0500] "GET /BLA/boletinlegal/robots.txt HTTP/1.1" 404 1037
172.22.2.4 - - [29/Mar/2024:16:40:29 -0500] "GET /BLA/boletinlegal/Directivas/2016/Directiva%20No.%2003%20del%2026%20de%20Julio%20de%202016.pdf HTTP/1.1" 304 -
201.245.192.253 - - [29/Mar/2024:16:40:47 -0500] "POST /kwsrmcab/Wsrmcab HTTP/1.1" 200 39375
40.77.167.20 - - [29/Mar/2024:16:41:36 -0500] "GET /BLA/resoluciones/RESOLUCIONES%202021/0826.pdf HTTP/1.1" 200 624196
201.245.192.253 - - [29/Mar/2024:16:42:32 -0500] "POST /kwsrmcab/Wsrmcab  HTTP/1.1" 200 39660
52.167.144.198 - - [29/Mar/2024:16:42:55 -0500] "GET /BLA/resoluciones/RESOLUCIONES%202021/1471.pdf HTTP/1.1" 200 494147
66.249.66.19 - - [29/Mar/2024:16:43:05 -0500] "GET /resoluciones/AUTOS%202007/2341.pdf HTTP/1.1" 404 1018
40.77.167.78 - - [29/Mar/2024:16:43:07 -0500] "GET /BLA/resoluciones/RESOLUCIONES%202021/0708.pdf HTTP/1.1" 200 500049
201.245.192.253 - - [29/Mar/2024:16:43:30 -0500] "POST /kwsrmcab/Wsrmcab  HTTP/1.1" 200 39660
201.245.192.253 - - [29/Mar/2024:16:41:24 -0500] "POST /kwsrmcab/Wsrmcab  HTTP/1.1" 200 17965
172.22.2.4 - - [29/Mar/2024:16:42:33 -0500] "HEAD /BLA/boletinlegal/ HTTP/1.1" 200 -
216.245.221.92 - - [29/Mar/2024:16:44:44 -0500] "HEAD / HTTP/1.1" 200 -
172.22.2.4 - - [29/Mar/2024:16:43:23 -0500] "GET /BLA/boletinlegal/ HTTP/1.1" 200 56191
69.171.231.120 - - [29/Mar/2024:16:45:19 -0500] "GET /semana-santa-no-extraer-animales-silvestres-ni-consumir-sus-productos.html HTTP/1.1" 200 916
172.22.2.4 - - [29/Mar/2024:16:45:08 -0500] "GET /BLA/boletinlegal/ HTTP/1.1" 200 62310
172.22.2.4 - - [29/Mar/2024:16:46:50 -0500] "GET /BLA/boletinlegal/style.css HTTP/1.1" 200 9406
47.128.43.161 - - [29/Mar/2024:16:46:58 -0500] "GET /BLA/resoluciones/AUTOS%202021/0245.php?act=chmod&d=E%3A%5Cnuevo%5Cmailoutput&f=mail-20141104-1422-893000.txt HTTP/1.1" 200 2863
47.128.120.17 - - [29/Mar/2024:16:47:21 -0500] "GET /BLA/resoluciones/AUTOS%202021/0245.php?act=chmod&d=E%3A%5Cnuevo%5Chtdocs%5CResiduos%5C HTTP/1.1" 200 2843
47.128.43.140 - - [29/Mar/2024:16:47:44 -0500] "GET /BLA/resoluciones/AUTOS%202021/0245.php?act=f&d=E%3A%5Cnuevo%5Chtdocs%5Ccumbreclima%5Cwp-admin&f=comment.php HTTP/1.1" 200 7645
47.128.43.140 - - [29/Mar/2024:16:47:45 -0500] "GET /BLA/resoluciones/AUTOS%202021/0245.php?act=img&img=ext_php HTTP/1.1" 200 79
47.128.43.140 - - [29/Mar/2024:16:47:45 -0500] "GET /BLA/resoluciones/AUTOS%202021/0245.php?act=img&img=ext_diz HTTP/1.1" 200 1027
47.128.43.140 - - [29/Mar/2024:16:47:45 -0500] "GET /BLA/resoluciones/AUTOS%202021/0245.php?act=img&img=ext_gif HTTP/1.1" 200 175
47.128.43.140 - - [29/Mar/2024:16:47:45 -0500] "GET /BLA/resoluciones/AUTOS%202021/0245.php?act=img&img=ext_html HTTP/1.1" 200 230
47.128.43.140 - - [29/Mar/2024:16:47:45 -0500] "GET /BLA/resoluciones/AUTOS%202021/0245.php?act=img&img=ext_txt HTTP/1.1" 200 132
47.128.43.140 - - [29/Mar/2024:16:47:46 -0500] "GET /BLA/resoluciones/AUTOS%202021/0245.php?act=img&img=ext_exe HTTP/1.1" 200 118
47.128.43.140 - - [29/Mar/2024:16:47:46 -0500] "GET /BLA/resoluciones/AUTOS%202021/0245.php?act=img&img=ext_ini HTTP/1.1" 200 134
47.128.43.140 - - [29/Mar/2024:16:47:46 -0500] "GET /BLA/resoluciones/AUTOS%202021/0245.php?act=img&img=ext_rtf HTTP/1.1" 200 164
47.128.43.140 - - [29/Mar/2024:16:47:46 -0500] "GET /BLA/resoluciones/AUTOS%202021/0245.php?act=img&img=change HTTP/1.1" 200 290
47.128.43.140 - - [29/Mar/2024:16:47:46 -0500] "GET /BLA/resoluciones/AUTOS%202021/0245.php?act=img&img=download HTTP/1.1" 200 161
40.77.167.143 - - [29/Mar/2024:16:48:26 -0500] "GET /BLA/resoluciones/RESOLUCIONES%202019/1589.pdf HTTP/1.1" 200 411888
40.77.167.143 - - [29/Mar/2024:16:48:27 -0500] "GET /BLA/resoluciones/RESOLUCIONES%202018/4183.pdf HTTP/1.1" 200 700939
201.245.192.253 - - [29/Mar/2024:16:48:29 -0500] "POST /kwsrmcab/Wsrmcab  HTTP/1.1" 200 39660
216.244.66.195 - - [29/Mar/2024:16:48:36 -0500] "GET /robots.txt HTTP/1.1" 404 1018
40.77.167.143 - - [29/Mar/2024:16:48:36 -0500] "GET /BLA/resoluciones/RESOLUCIONES%202021/2657.pdf HTTP/1.1" 200 583509
66.249.66.167 - - [29/Mar/2024:16:48:57 -0500] "GET /portaldeninos/2021/05/30/agua-3/ HTTP/1.1" 200 92909
216.245.221.92 - - [29/Mar/2024:16:49:44 -0500] "HEAD / HTTP/1.1" 200 -
172.22.2.4 - - [29/Mar/2024:16:48:23 -0500] "HEAD /BLA/boletinlegal/ HTTP/1.1" 200 -
172.22.2.4 - - [29/Mar/2024:16:50:35 -0500] "GET /BLA/boletinlegal/actos.php HTTP/1.1" 200 9738
172.22.2.4 - - [29/Mar/2024:16:50:36 -0500] "GET /BLA/boletinlegal/js/popup.js HTTP/1.1" 200 1270
172.22.2.4 - - [29/Mar/2024:16:50:36 -0500] "GET /BLA/boletinlegal/js/lib.js HTTP/1.1" 200 6474
172.22.2.4 - - [29/Mar/2024:16:50:37 -0500] "GET /BLA/boletinlegal/js/jquery1.js HTTP/1.1" 200 29846
172.22.2.4 - - [29/Mar/2024:16:50:37 -0500] "GET /BLA/boletinlegal/js/ajax_actos.js HTTP/1.1" 200 1322
172.22.2.4 - - [29/Mar/2024:16:49:14 -0500] "GET /BLA/boletinlegal/ HTTP/1.1" 200 58720
40.77.167.143 - - [29/Mar/2024:16:53:25 -0500] "GET /Publicaciones/2024EE55860.pdf HTTP/1.1" 404 227
201.245.192.253 - - [29/Mar/2024:16:53:28 -0500] "POST /kwsrmcab/Wsrmcab  HTTP/1.1" 200 39660
66.249.66.21 - - [29/Mar/2024:16:53:51 -0500] "GET /Publicaciones/2024EE64696.pdf HTTP/1.1" 200 223351
186.96.173.12 - - [29/Mar/2024:16:53:57 -0500] "GET / HTTP/1.1" 200 319
186.96.173.12 - - [29/Mar/2024:16:53:57 -0500] "GET / HTTP/1.1" 200 319
66.249.66.20 - - [29/Mar/2024:16:53:58 -0500] "GET /Residuos/cosmeticos/files/guia_cosmeticos-aseo.pdf HTTP/1.1" 200 13926317
66.249.66.2 - - [29/Mar/2024:16:54:06 -0500] "GET /BLA/resoluciones/AUTOS%202008/0368.pdf HTTP/1.1" 200 151967
216.245.221.92 - - [29/Mar/2024:16:54:44 -0500] "HEAD / HTTP/1.1" 200 -
172.22.2.4 - - [29/Mar/2024:16:54:56 -0500] "GET /BLA/boletinlegal/jurisprudencia/analisis/AnalisisT-606-15.docx HTTP/1.1" 200 26698
172.22.2.4 - - [29/Mar/2024:16:54:56 -0500] "GET /BLA/boletinlegal/apple-touch-icon-120x120-precomposed.png HTTP/1.1" 404 1140
172.22.2.4 - - [29/Mar/2024:16:54:56 -0500] "GET /BLA/boletinlegal/apple-touch-icon-120x120.png HTTP/1.1" 404 1140
172.22.2.4 - - [29/Mar/2024:16:54:56 -0500] "GET /BLA/boletinlegal/apple-touch-icon-precomposed.png HTTP/1.1" 404 1140
172.22.2.4 - - [29/Mar/2024:16:54:56 -0500] "GET /BLA/boletinlegal/apple-touch-icon.png HTTP/1.1" 404 1140
172.22.2.4 - - [29/Mar/2024:16:54:57 -0500] "GET /BLA/boletinlegal/favicon.ico HTTP/1.1" 404 1140
172.22.2.4 - - [29/Mar/2024:16:54:57 -0500] "GET /BLA/boletinlegal/apple-touch-icon-120x120-precomposed.png HTTP/1.1" 404 1140
172.22.2.4 - - [29/Mar/2024:16:54:57 -0500] "GET /BLA/boletinlegal/apple-touch-icon-120x120.png HTTP/1.1" 404 1140
172.22.2.4 - - [29/Mar/2024:16:54:57 -0500] "GET /BLA/boletinlegal/apple-touch-icon-precomposed.png HTTP/1.1" 404 1140
172.22.2.4 - - [29/Mar/2024:16:54:57 -0500] "GET /BLA/boletinlegal/apple-touch-icon.png HTTP/1.1" 404 1140
172.22.2.4 - - [29/Mar/2024:16:54:57 -0500] "GET /BLA/boletinlegal/favicon.ico HTTP/1.1" 404 1140
172.22.2.4 - - [29/Mar/2024:16:54:13 -0500] "HEAD /BLA/boletinlegal/ HTTP/1.1" 200 -
66.249.66.19 - - [29/Mar/2024:16:55:59 -0500] "GET /Publicaciones/2024EE64702.pdf HTTP/1.1" 200 223265
66.249.66.21 - - [29/Mar/2024:16:56:36 -0500] "GET /resoluciones/AUTOS%202007/3945.pdf HTTP/1.1" 404 1018
172.22.2.4 - - [29/Mar/2024:16:55:03 -0500] "GET /BLA/boletinlegal/ HTTP/1.1" 200 58273
52.167.144.219 - - [29/Mar/2024:16:57:48 -0500] "GET /BLA/resoluciones/RESOLUCIONES%202019/0495.pdf HTTP/1.1" 200 303564
201.245.192.253 - - [29/Mar/2024:16:58:26 -0500] "POST /kwsrmcab/Wsrmcab  HTTP/1.1" 200 39660
216.245.221.92 - - [29/Mar/2024:16:59:44 -0500] "HEAD / HTTP/1.1" 200 -
172.22.2.4 - - [29/Mar/2024:17:00:02 -0500] "GET /BLA/boletinlegal/jurisprudencia/analisis/AnalisisT-606-15.docx HTTP/1.1" 200 26698
172.22.2.4 - - [29/Mar/2024:17:00:03 -0500] "GET /BLA/boletinlegal/apple-touch-icon-120x120-precomposed.png HTTP/1.1" 404 1140
172.22.2.4 - - [29/Mar/2024:17:00:03 -0500] "GET /BLA/boletinlegal/apple-touch-icon-120x120.png HTTP/1.1" 404 1140
172.22.2.4 - - [29/Mar/2024:17:00:03 -0500] "GET /BLA/boletinlegal/apple-touch-icon-precomposed.png HTTP/1.1" 404 1140
172.22.2.4 - - [29/Mar/2024:17:00:03 -0500] "GET /BLA/boletinlegal/apple-touch-icon.png HTTP/1.1" 404 1140
172.22.2.4 - - [29/Mar/2024:17:00:03 -0500] "GET /BLA/boletinlegal/favicon.ico HTTP/1.1" 404 1140
172.22.2.4 - - [29/Mar/2024:17:00:03 -0500] "GET /BLA/boletinlegal/apple-touch-icon-120x120-precomposed.png HTTP/1.1" 404 1140
172.22.2.4 - - [29/Mar/2024:17:00:03 -0500] "GET /BLA/boletinlegal/apple-touch-icon-120x120.png HTTP/1.1" 404 1140
172.22.2.4 - - [29/Mar/2024:17:00:03 -0500] "GET /BLA/boletinlegal/apple-touch-icon-precomposed.png HTTP/1.1" 404 1140
172.22.2.4 - - [29/Mar/2024:17:00:03 -0500] "GET /BLA/boletinlegal/apple-touch-icon.png HTTP/1.1" 404 1140
172.22.2.4 - - [29/Mar/2024:17:00:03 -0500] "GET /BLA/boletinlegal/favicon.ico HTTP/1.1" 404 1140
47.128.96.163 - - [29/Mar/2024:17:00:22 -0500] "GET /BLA/resoluciones/index.php?dir=AUTOS%202006%2FAUTOS%202006%202901%20-%203000%2F&order=asc&sort=date HTTP/1.1" 200 22191
47.128.96.163 - - [29/Mar/2024:17:00:23 -0500] "GET /BLA/resoluciones/dlf/dirup.png HTTP/1.1" 200 644
47.128.96.163 - - [29/Mar/2024:17:00:23 -0500] "GET /BLA/resoluciones/dlf/unknown.png HTTP/1.1" 200 266
40.77.167.61 - - [29/Mar/2024:17:00:25 -0500] "GET /Publicaciones/2024EE57871.pdf HTTP/1.1" 404 227
172.22.2.4 - - [29/Mar/2024:17:00:03 -0500] "HEAD /BLA/boletinlegal/ HTTP/1.1" 200 -
172.22.2.4 - - [29/Mar/2024:17:01:46 -0500] "GET /BLA/boletinlegal/Directivas/2022/DIRECTIVA%20No.%2000002%20DEL%2022%20DE%20JUNIO%20DEL%202022.pdf HTTP/1.1" 304 -
40.77.167.14 - - [29/Mar/2024:17:02:08 -0500] "GET /BLA/resoluciones/RESOLUCIONES%202019/2077.pdf HTTP/1.1" 200 385140
172.22.2.4 - - [29/Mar/2024:17:00:53 -0500] "GET /BLA/boletinlegal/ HTTP/1.1" 200 56191
201.245.192.253 - - [29/Mar/2024:17:03:25 -0500] "POST /kwsrmcab/Wsrmcab  HTTP/1.1" 200 39660
172.22.2.4 - - [29/Mar/2024:17:03:25 -0500] "GET /BLA/boletinlegal/jurisprudencia/analisis/CUADRO%20ANALISIS%20SENTENCIA%20T-411%20DE%201992.doc HTTP/1.1" 200 41984
216.245.221.92 - - [29/Mar/2024:17:04:44 -0500] "HEAD / HTTP/1.1" 200 -
40.77.167.65 - - [29/Mar/2024:17:05:38 -0500] "GET /BLA/resoluciones/RESOLUCIONES%202021/1434.pdf HTTP/1.1" 200 552348
52.149.22.94 - - [29/Mar/2024:17:06:19 -0500] "GET /Publicaciones/2024EE53483.pdf HTTP/1.1" 404 227
172.22.2.4 - - [29/Mar/2024:17:05:53 -0500] "HEAD /BLA/boletinlegal/ HTTP/1.1" 200 -
172.22.2.4 - - [29/Mar/2024:17:06:43 -0500] "GET /BLA/boletinlegal/ HTTP/1.1" 200 58273
201.245.192.253 - - [29/Mar/2024:17:08:24 -0500] "POST /kwsrmcab/Wsrmcab  HTTP/1.1" 200 39660
216.244.66.195 - - [29/Mar/2024:17:09:26 -0500] "GET /BLA/resoluciones/RESOLUCIONES%202019/1030.pdf HTTP/1.1" 200 358641
216.245.221.92 - - [29/Mar/2024:17:09:44 -0500] "HEAD / HTTP/1.1" 200 -
216.244.66.195 - - [29/Mar/2024:17:10:14 -0500] "GET /BLA/resoluciones/RESOLUCIONES%202019/1289.pdf HTTP/1.1" 200 316567
216.244.66.195 - - [29/Mar/2024:17:10:59 -0500] "GET /BLA/resoluciones/RESOLUCIONES%202019/2837.pdf HTTP/1.1" 200 277489
216.244.66.195 - - [29/Mar/2024:17:11:40 -0500] "GET /BLA/resoluciones/RESOLUCIONES%202019/2845.pdf HTTP/1.1" 200 1778666
201.245.192.253 - - [29/Mar/2024:17:13:22 -0500] "POST /kwsrmcab/Wsrmcab  HTTP/1.1" 200 39660
172.22.2.4 - - [29/Mar/2024:17:11:43 -0500] "HEAD /BLA/boletinlegal/ HTTP/1.1" 200 -
66.249.66.21 - - [29/Mar/2024:17:13:37 -0500] "GET /Publicaciones/2024EE62503.pdf HTTP/1.1" 200 223410
52.167.144.17 - - [29/Mar/2024:17:13:50 -0500] "GET /BLA/resoluciones/RESOLUCIONES%202018/1135.pdf HTTP/1.1" 200 573908
172.22.2.4 - - [29/Mar/2024:17:12:34 -0500] "GET /BLA/boletinlegal/ HTTP/1.1" 200 53419
216.245.221.92 - - [29/Mar/2024:17:14:44 -0500] "HEAD / HTTP/1.1" 200 -
66.249.66.19 - - [29/Mar/2024:17:14:50 -0500] "GET /Publicaciones/2024EE53385.pdf HTTP/1.1" 404 227
172.22.2.4 - - [29/Mar/2024:17:16:35 -0500] "GET /BLA/boletinlegal/Circulares/2017/Circular%20No.%20011%20del%2005%20de%20julio%20de%202017.pdf HTTP/1.1" 304 -
52.167.144.184 - - [29/Mar/2024:17:16:38 -0500] "GET /BLA/resoluciones/AUTOS%202021/2690.pdf HTTP/1.1" 304 -
216.244.66.195 - - [29/Mar/2024:17:17:18 -0500] "GET /BLA/resoluciones/AUTOS%202019/1432.pdf HTTP/1.1" 200 262448
216.244.66.195 - - [29/Mar/2024:17:18:03 -0500] "GET /BLA/resoluciones/AUTOS%202019/1946.pdf HTTP/1.1" 200 257240
52.167.144.184 - - [29/Mar/2024:17:18:09 -0500] "GET /BLA/resoluciones/RESOLUCIONES%202021/4738.pdf HTTP/1.1" 200 564146
52.167.144.184 - - [29/Mar/2024:17:18:09 -0500] "GET /BLA/resoluciones/RESOLUCIONES%202020/1659.pdf HTTP/1.1" 200 451052
201.245.192.253 - - [29/Mar/2024:17:18:21 -0500] "POST /kwsrmcab/Wsrmcab  HTTP/1.1" 200 39660
216.244.66.195 - - [29/Mar/2024:17:18:47 -0500] "GET /BLA/resoluciones/AUTOS%202019/2102.pdf HTTP/1.1" 200 325708
52.167.144.20 - - [29/Mar/2024:17:18:47 -0500] "GET /secretaria-de-ambiente-abre-inscripciones-para-recorridos-gratuitos-en-aulas-ambientales-de-bogota.html HTTP/1.1" 200 916
52.167.144.191 - - [29/Mar/2024:17:18:58 -0500] "GET /BLA/resoluciones/RESOLUCIONES%202019/2713.pdf HTTP/1.1" 200 369626
172.22.2.4 - - [29/Mar/2024:17:17:33 -0500] "HEAD /BLA/boletinlegal/ HTTP/1.1" 200 -
216.244.66.195 - - [29/Mar/2024:17:19:33 -0500] "GET /BLA/resoluciones/AUTOS%202019/2482.pdf HTTP/1.1" 200 229150
216.245.221.92 - - [29/Mar/2024:17:19:44 -0500] "HEAD / HTTP/1.1" 200 -
201.245.192.253 - - [29/Mar/2024:17:19:59 -0500] "POST /kwsrmcab/Wsrmcab HTTP/1.1" 200 39695
172.22.2.4 - - [29/Mar/2024:17:18:23 -0500] "GET /BLA/boletinlegal/ HTTP/1.1" 200 60380
216.244.66.195 - - [29/Mar/2024:17:20:14 -0500] "GET /BLA/resoluciones/AUTOS%202019/2561.pdf HTTP/1.1" 200 258388
201.245.192.253 - - [29/Mar/2024:17:20:18 -0500] "POST /kwsrmcab/Wsrmcab HTTP/1.1" 200 39372
146.19.24.28 - - [29/Mar/2024:17:20:28 -0500] "GET / HTTP/1.1" 200 319
47.128.24.83 - - [29/Mar/2024:17:20:34 -0500] "GET /BLA/resoluciones/AUTOS%202021/0245.php?act=f&d=E%3A%5Cnuevo%5Chtdocs%5CBLA%5Cresoluciones%5CAUTOS+2021%5C&f=4316.pdf&ft=exe HTTP/1.1" 200 3062
47.128.24.83 - - [29/Mar/2024:17:20:35 -0500] "GET /BLA/resoluciones/AUTOS%202021/0245.php?act=img&img=ext_txt HTTP/1.1" 200 132
47.128.24.83 - - [29/Mar/2024:17:20:35 -0500] "GET /BLA/resoluciones/AUTOS%202021/0245.php?act=img&img=ext_pdf HTTP/1.1" 200 1034
47.128.24.83 - - [29/Mar/2024:17:20:35 -0500] "GET /BLA/resoluciones/AUTOS%202021/0245.php?act=img&img=ext_gif HTTP/1.1" 200 175
47.128.24.83 - - [29/Mar/2024:17:20:35 -0500] "GET /BLA/resoluciones/AUTOS%202021/0245.php?act=img&img=ext_diz HTTP/1.1" 200 1027
47.128.24.83 - - [29/Mar/2024:17:20:35 -0500] "GET /BLA/resoluciones/AUTOS%202021/0245.php?act=img&img=ext_html HTTP/1.1" 200 230
47.128.24.83 - - [29/Mar/2024:17:20:35 -0500] "GET /BLA/resoluciones/AUTOS%202021/0245.php?act=img&img=ext_exe HTTP/1.1" 200 118
47.128.24.83 - - [29/Mar/2024:17:20:36 -0500] "GET /BLA/resoluciones/AUTOS%202021/0245.php?act=img&img=ext_rtf HTTP/1.1" 200 164
47.128.24.83 - - [29/Mar/2024:17:20:36 -0500] "GET /BLA/resoluciones/AUTOS%202021/0245.php?act=img&img=change HTTP/1.1" 200 290
47.128.24.83 - - [29/Mar/2024:17:20:36 -0500] "GET /BLA/resoluciones/AUTOS%202021/0245.php?act=img&img=ext_ini HTTP/1.1" 200 134
47.128.24.83 - - [29/Mar/2024:17:20:36 -0500] "GET /BLA/resoluciones/AUTOS%202021/0245.php?act=img&img=download HTTP/1.1" 200 161
179.60.242.67 - - [29/Mar/2024:17:20:03 -0500] "POST /sipse/faces/presentacion/financiero/solicitudProceso/consultarSolicitudProceso.xhtml HTTP/1.1" 200 2141682
201.245.192.253 - - [29/Mar/2024:17:19:18 -0500] "POST /kwsrmcab/Wsrmcab HTTP/1.1" 200 28386
173.252.95.6 - - [29/Mar/2024:17:20:42 -0500] "GET /secretaria-de-ambiente-impone-sancion-por-puntos-de-obra-sin-permiso-en-el-humedal-tibabuyes.html HTTP/1.1" 200 990
173.252.95.120 - - [29/Mar/2024:17:20:42 -0500] "GET /secretaria-de-ambiente-impone-sancion-por-puntos-de-obra-sin-permiso-en-el-humedal-tibabuyes.html HTTP/1.1" 200 990
173.252.95.2 - - [29/Mar/2024:17:20:42 -0500] "GET /images/Sello%201%20JA-2.jpeg HTTP/1.1" 200 42236
69.171.249.112 - - [29/Mar/2024:17:20:43 -0500] "GET /images/Sello%201%20JA-2.jpeg HTTP/1.1" 200 42236
201.245.192.253 - - [29/Mar/2024:17:20:46 -0500] "POST /kwsrmcab/Wsrmcab HTTP/1.1" 200 39372
216.244.66.195 - - [29/Mar/2024:17:20:57 -0500] "GET /BLA/resoluciones/AUTOS%202019/2882.pdf HTTP/1.1" 200 273613
47.128.22.219 - - [29/Mar/2024:17:20:59 -0500] "GET /BLA/resoluciones/AUTOS%202021/0245.php?act=f&d=E%3A%5Cnuevo%5C&f=changes.txt&ft=ini&white=1 HTTP/1.1" 200 2926
47.128.22.219 - - [29/Mar/2024:17:21:00 -0500] "GET /BLA/resoluciones/AUTOS%202021/0245.php?act=img&img=ext_gif HTTP/1.1" 200 175
47.128.22.219 - - [29/Mar/2024:17:21:00 -0500] "GET /BLA/resoluciones/AUTOS%202021/0245.php?act=img&img=ext_html HTTP/1.1" 200 230
47.128.22.219 - - [29/Mar/2024:17:21:00 -0500] "GET /BLA/resoluciones/AUTOS%202021/0245.php?act=img&img=ext_exe HTTP/1.1" 200 118
47.128.22.219 - - [29/Mar/2024:17:21:00 -0500] "GET /BLA/resoluciones/AUTOS%202021/0245.php?act=img&img=ext_txt HTTP/1.1" 200 132
47.128.22.219 - - [29/Mar/2024:17:21:00 -0500] "GET /BLA/resoluciones/AUTOS%202021/0245.php?act=img&img=ext_diz HTTP/1.1" 200 1027
47.128.22.219 - - [29/Mar/2024:17:21:00 -0500] "GET /BLA/resoluciones/AUTOS%202021/0245.php?act=img&img=ext_ini HTTP/1.1" 200 134
47.128.22.219 - - [29/Mar/2024:17:21:00 -0500] "GET /BLA/resoluciones/AUTOS%202021/0245.php?act=img&img=download HTTP/1.1" 200 161
47.128.22.219 - - [29/Mar/2024:17:21:00 -0500] "GET /BLA/resoluciones/AUTOS%202021/0245.php?act=img&img=ext_rtf HTTP/1.1" 200 164
47.128.22.219 - - [29/Mar/2024:17:21:00 -0500] "GET /BLA/resoluciones/AUTOS%202021/0245.php?act=img&img=change HTTP/1.1" 200 290
47.128.58.239 - - [29/Mar/2024:17:21:23 -0500] "GET /BLA/resoluciones/AUTOS%202021/0245.php?act=f&d=E%3A%5Cnuevo%5Chtdocs%5CBLA%5Cresoluciones%5CAUTOS+2021&f=2099.pdf&ft=info HTTP/1.1" 200 3845
47.128.58.239 - - [29/Mar/2024:17:21:24 -0500] "GET /BLA/resoluciones/AUTOS%202021/0245.php?act=img&img=ext_gif HTTP/1.1" 200 175
47.128.58.239 - - [29/Mar/2024:17:21:24 -0500] "GET /BLA/resoluciones/AUTOS%202021/0245.php?act=img&img=ext_txt HTTP/1.1" 200 132
47.128.58.239 - - [29/Mar/2024:17:21:24 -0500] "GET /BLA/resoluciones/AUTOS%202021/0245.php?act=img&img=ext_pdf HTTP/1.1" 200 1034
47.128.58.239 - - [29/Mar/2024:17:21:24 -0500] "GET /BLA/resoluciones/AUTOS%202021/0245.php?act=img&img=ext_diz HTTP/1.1" 200 1027
47.128.58.239 - - [29/Mar/2024:17:21:24 -0500] "GET /BLA/resoluciones/AUTOS%202021/0245.php?act=img&img=ext_html HTTP/1.1" 200 230
47.128.58.239 - - [29/Mar/2024:17:21:24 -0500] "GET /BLA/resoluciones/AUTOS%202021/0245.php?act=img&img=ext_exe HTTP/1.1" 200 118
47.128.58.239 - - [29/Mar/2024:17:21:24 -0500] "GET /BLA/resoluciones/AUTOS%202021/0245.php?act=img&img=ext_rtf HTTP/1.1" 200 164
47.128.58.239 - - [29/Mar/2024:17:21:25 -0500] "GET /BLA/resoluciones/AUTOS%202021/0245.php?act=img&img=change HTTP/1.1" 200 290
47.128.58.239 - - [29/Mar/2024:17:21:25 -0500] "GET /BLA/resoluciones/AUTOS%202021/0245.php?act=img&img=download HTTP/1.1" 200 161
47.128.58.239 - - [29/Mar/2024:17:21:25 -0500] "GET /BLA/resoluciones/AUTOS%202021/0245.php?act=img&img=ext_ini HTTP/1.1" 200 134
179.60.242.67 - - [29/Mar/2024:17:21:23 -0500] "POST /sipse/faces/presentacion/financiero/solicitudProceso/consultarSolicitudProceso.xhtml HTTP/1.1" 200 100504
216.244.66.195 - - [29/Mar/2024:17:21:39 -0500] "GET /BLA/resoluciones/AUTOS%202019/3094.pdf HTTP/1.1" 200 254894
47.128.54.45 - - [29/Mar/2024:17:21:47 -0500] "GET /BLA/resoluciones/AUTOS%202021/0245.php?act=f&d=E%3A%5Cnuevo%5Chtdocs%5CBLA%5Cresoluciones%5CAUTOS+2021%5C&f=1646.pdf&ft=img&white=1 HTTP/1.1" 200 524047
47.128.19.244 - - [29/Mar/2024:17:22:10 -0500] "GET /BLA/resoluciones/AUTOS%202021/0245.php?act=encoder&d=C%3A%5Cautoliquidacion+13-03-2013%5C HTTP/1.1" 200 3052
216.244.66.195 - - [29/Mar/2024:17:22:20 -0500] "GET /BLA/resoluciones/AUTOS%202019/3397.pdf HTTP/1.1" 200 435207
179.60.242.67 - - [29/Mar/2024:17:22:56 -0500] "POST /sipse/faces/presentacion/financiero/solicitudProceso/consultarSolicitudProceso.xhtml HTTP/1.1" 200 9549
179.60.242.67 - - [29/Mar/2024:17:22:59 -0500] "POST /sipse/faces/presentacion/financiero/solicitudProceso/consultarSolicitudProceso.xhtml HTTP/1.1" 200 34183
179.60.242.67 - - [29/Mar/2024:17:23:00 -0500] "GET /sipse/faces/javax.faces.resource/jquery/jquery.js?ln=primefaces&v=4.0 HTTP/1.1" 304 -
179.60.242.67 - - [29/Mar/2024:17:23:00 -0500] "GET /sipse/faces/javax.faces.resource/jquery/jquery-plugins.js?ln=primefaces&v=4.0 HTTP/1.1" 304 -
179.60.242.67 - - [29/Mar/2024:17:23:00 -0500] "GET /sipse/faces/javax.faces.resource/primefaces.js?ln=primefaces&v=4.0 HTTP/1.1" 304 -
179.60.242.67 - - [29/Mar/2024:17:23:00 -0500] "GET /sipse/faces/javax.faces.resource/layout/layout.js?ln=primefaces&v=4.0 HTTP/1.1" 304 -
179.60.242.67 - - [29/Mar/2024:17:23:00 -0500] "POST /sipse/faces/presentacion/sistema/reporte/listarReportes.xhtml HTTP/1.1" 200 27619
179.60.242.67 - - [29/Mar/2024:17:23:00 -0500] "POST /sipse/faces/presentacion/sistema/reporte/listarReportes.xhtml HTTP/1.1" 200 27619
179.60.242.67 - - [29/Mar/2024:17:23:01 -0500] "POST /sipse/faces/presentacion/sistema/reporte/listarReportes.xhtml HTTP/1.1" 200 27619
179.60.242.67 - - [29/Mar/2024:17:23:01 -0500] "POST /sipse/faces/presentacion/sistema/reporte/listarReportes.xhtml HTTP/1.1" 200 27619
179.60.242.67 - - [29/Mar/2024:17:23:02 -0500] "POST /sipse/faces/presentacion/sistema/reporte/listarReportes.xhtml HTTP/1.1" 200 27619
216.244.66.195 - - [29/Mar/2024:17:23:05 -0500] "GET /BLA/resoluciones/AUTOS%202019/3931.pdf HTTP/1.1" 200 268095
179.60.242.67 - - [29/Mar/2024:17:23:14 -0500] "POST /sipse/faces/presentacion/sistema/reporte/listarReportes.xhtml HTTP/1.1" 200 22811
179.60.242.67 - - [29/Mar/2024:17:23:15 -0500] "GET /sipse/faces/javax.faces.resource/jquery/jquery-plugins.js?ln=primefaces&v=4.0 HTTP/1.1" 304 -
179.60.242.67 - - [29/Mar/2024:17:23:15 -0500] "GET /sipse/faces/javax.faces.resource/theme.css?ln=primefaces-sipse HTTP/1.1" 304 -
179.60.242.67 - - [29/Mar/2024:17:23:15 -0500] "GET /sipse/faces/javax.faces.resource/layout/layout.js?ln=primefaces&v=4.0 HTTP/1.1" 304 -
179.60.242.67 - - [29/Mar/2024:17:23:15 -0500] "GET /sipse/faces/javax.faces.resource/jquery/jquery.js?ln=primefaces&v=4.0 HTTP/1.1" 304 -
179.60.242.67 - - [29/Mar/2024:17:23:15 -0500] "GET /sipse/faces/javax.faces.resource/primefaces.js?ln=primefaces&v=4.0 HTTP/1.1" 304 -
179.60.242.67 - - [29/Mar/2024:17:23:15 -0500] "GET /sipse/faces/javax.faces.resource/primefaces.css?ln=primefaces&v=4.0 HTTP/1.1" 304 -
179.60.242.67 - - [29/Mar/2024:17:23:15 -0500] "GET /sipse/faces/javax.faces.resource/layout/layout.css?ln=primefaces&v=4.0 HTTP/1.1" 304 -
201.245.192.253 - - [29/Mar/2024:17:23:18 -0500] "POST /kwsrmcab/Wsrmcab  HTTP/1.1" 200 39660
179.60.242.67 - - [29/Mar/2024:17:23:24 -0500] "GET /sipse/faces/javax.faces.resource/images/ui-icons_898989_256x240.png?ln=primefaces-aristo HTTP/1.1" 304 -
216.244.66.195 - - [29/Mar/2024:17:23:49 -0500] "GET /BLA/resoluciones/AUTOS%202019/4098.pdf HTTP/1.1" 200 196180
52.167.144.200 - - [29/Mar/2024:17:23:50 -0500] "GET /BLA/resoluciones/RESOLUCIONES%202021/0357.pdf HTTP/1.1" 200 483808
173.252.107.3 - - [29/Mar/2024:17:23:51 -0500] "GET /mas-de-360-kilos-de-palmas-silvestres-fueron-incautados-en-bogota-durante-el-domingo-de-ramos.html HTTP/1.1" 200 1009
173.252.107.1 - - [29/Mar/2024:17:23:58 -0500] "GET /mas-de-360-kilos-de-palmas-silvestres-fueron-incautados-en-bogota-durante-el-domingo-de-ramos.html HTTP/1.1" 200 1009
173.252.107.120 - - [29/Mar/2024:17:23:58 -0500] "GET /mas-de-360-kilos-de-palmas-silvestres-fueron-incautados-en-bogota-durante-el-domingo-de-ramos.html HTTP/1.1" 200 1009
191.95.29.151 - - [29/Mar/2024:17:23:58 -0500] "GET /sipse/faces/index.xhtml HTTP/1.1" 200 677
191.95.29.151 - - [29/Mar/2024:17:24:00 -0500] "GET /sipse/faces/javax.faces.resource/theme.css?ln=primefaces-sipse HTTP/1.1" 304 -
191.95.29.151 - - [29/Mar/2024:17:24:01 -0500] "GET /sipse/faces/faces/autenticacion.xhtml HTTP/1.1" 200 12411
191.95.29.151 - - [29/Mar/2024:17:24:03 -0500] "GET /sipse/faces/javax.faces.resource/theme.css?ln=primefaces-sipse HTTP/1.1" 304 -
191.95.29.151 - - [29/Mar/2024:17:24:03 -0500] "GET /sipse/js/disable_browser_buttons.js HTTP/1.1" 304 -
191.95.29.151 - - [29/Mar/2024:17:24:03 -0500] "GET /sipse/css/custom_css_sg.css HTTP/1.1" 304 -
191.95.29.151 - - [29/Mar/2024:17:24:03 -0500] "GET /sipse/faces/javax.faces.resource/primefaces.css?ln=primefaces&v=4.0 HTTP/1.1" 304 -
191.95.29.151 - - [29/Mar/2024:17:24:03 -0500] "GET /sipse/faces/javax.faces.resource/layout/layout.css?ln=primefaces&v=4.0 HTTP/1.1" 304 -
191.95.29.151 - - [29/Mar/2024:17:24:03 -0500] "GET /sipse/css/custom_css_sg_prime_login.css HTTP/1.1" 304 -
191.95.29.151 - - [29/Mar/2024:17:24:03 -0500] "GET /sipse/js/funciones.js HTTP/1.1" 304 -
191.95.29.151 - - [29/Mar/2024:17:24:03 -0500] "GET /sipse/faces/javax.faces.resource/jquery/jquery.js?ln=primefaces&v=4.0 HTTP/1.1" 304 -
191.95.29.151 - - [29/Mar/2024:17:24:03 -0500] "GET /sipse/faces/javax.faces.resource/primefaces.js?ln=primefaces&v=4.0 HTTP/1.1" 304 -
191.95.29.151 - - [29/Mar/2024:17:24:03 -0500] "GET /sipse/faces/javax.faces.resource/layout/layout.js?ln=primefaces&v=4.0 HTTP/1.1" 304 -
191.95.29.151 - - [29/Mar/2024:17:24:03 -0500] "GET /sipse/faces/javax.faces.resource/jquery/jquery-plugins.js?ln=primefaces&v=4.0 HTTP/1.1" 304 -
172.22.2.4 - - [29/Mar/2024:17:24:04 -0500] "GET /BLA/boletinlegal/jurisprudencia/analisis/CUADRO%20ANALISIS%20SENTENCIA%20T-411%20DE%201992.doc HTTP/1.1" 200 41984
191.95.29.151 - - [29/Mar/2024:17:24:04 -0500] "GET /sipse/css/imagen/logoSDG.png HTTP/1.1" 304 -
191.95.29.151 - - [29/Mar/2024:17:24:04 -0500] "GET /sipse/css/imagen/loginimg.png HTTP/1.1" 304 -
191.95.29.151 - - [29/Mar/2024:17:24:04 -0500] "GET /sipse/faces/javax.faces.resource/images/ui-icons_898989_256x240.png?ln=primefaces-aristo HTTP/1.1" 304 -
216.244.66.195 - - [29/Mar/2024:17:24:29 -0500] "GET /BLA/resoluciones/AUTOS%202019/4474.pdf HTTP/1.1" 200 310065
216.245.221.92 - - [29/Mar/2024:17:24:44 -0500] "HEAD / HTTP/1.1" 200 -
172.22.2.4 - - [29/Mar/2024:17:23:23 -0500] "HEAD /BLA/boletinlegal/ HTTP/1.1" 200 -
216.244.66.195 - - [29/Mar/2024:17:25:12 -0500] "GET /BLA/resoluciones/AUTOS%202019/4476.pdf HTTP/1.1" 200 335594
152.203.115.80 - - [29/Mar/2024:17:25:45 -0500] "GET /BLA/resoluciones/RESOLUCIONES%202010/7772.pdf HTTP/1.1" 200 3272062
152.203.115.80 - - [29/Mar/2024:17:25:45 -0500] "GET /favicon.ico HTTP/1.1" 200 7782
152.203.115.80 - - [29/Mar/2024:17:25:48 -0500] "GET /BLA/resoluciones/RESOLUCIONES%202012/0295.pdf HTTP/1.1" 200 197186
172.22.2.4 - - [29/Mar/2024:17:24:14 -0500] "GET /BLA/boletinlegal/ HTTP/1.1" 200 59083
216.244.66.195 - - [29/Mar/2024:17:25:54 -0500] "GET /BLA/resoluciones/AUTOS%202023/3362.pdf HTTP/1.1" 200 2539444
52.167.144.214 - - [29/Mar/2024:17:26:08 -0500] "GET /Publicaciones/2023EE195688.pdf HTTP/1.1" 404 228
52.167.144.214 - - [29/Mar/2024:17:26:20 -0500] "GET /BLA/resoluciones/RESOLUCIONES%202021/0818.pdf HTTP/1.1" 200 584298
216.244.66.195 - - [29/Mar/2024:17:26:44 -0500] "GET /BLA/resoluciones/RESOLUCIONES%202019/2054.pdf HTTP/1.1" 200 317920
179.60.242.67 - - [29/Mar/2024:17:27:27 -0500] "GET /sipse/faces/javax.faces.resource/images/ui-bg_flat_0_2d5972_40x100.png?ln=primefaces-aristo HTTP/1.1" 304 -
179.60.242.67 - - [29/Mar/2024:17:27:26 -0500] "POST /sipse/faces/presentacion/sistema/reporte/ventanaVerReporteParametros.xhtml HTTP/1.1" 200 46751
179.60.242.67 - - [29/Mar/2024:17:27:27 -0500] "GET /sipse/faces/javax.faces.resource/jquery/jquery.js?ln=primefaces&v=4.0 HTTP/1.1" 304 -
179.60.242.67 - - [29/Mar/2024:17:27:28 -0500] "GET /sipse/faces/javax.faces.resource/jquery/jquery-plugins.js?ln=primefaces&v=4.0 HTTP/1.1" 304 -
179.60.242.67 - - [29/Mar/2024:17:27:28 -0500] "GET /sipse/faces/javax.faces.resource/primefaces.js?ln=primefaces&v=4.0 HTTP/1.1" 304 -
179.60.242.67 - - [29/Mar/2024:17:27:28 -0500] "GET /sipse/faces/javax.faces.resource/layout/layout.js?ln=primefaces&v=4.0 HTTP/1.1" 304 -
179.60.242.67 - - [29/Mar/2024:17:27:32 -0500] "POST /sipse/faces/presentacion/financiero/solicitudProceso/consultar.xhtml HTTP/1.1" 200 158111
179.60.242.67 - - [29/Mar/2024:17:27:34 -0500] "GET /sipse/faces/javax.faces.resource/jquery/jquery.js?ln=primefaces&v=4.0 HTTP/1.1" 304 -
179.60.242.67 - - [29/Mar/2024:17:27:34 -0500] "GET /sipse/faces/javax.faces.resource/jquery/jquery-plugins.js?ln=primefaces&v=4.0 HTTP/1.1" 304 -
179.60.242.67 - - [29/Mar/2024:17:27:34 -0500] "GET /sipse/faces/javax.faces.resource/primefaces.js?ln=primefaces&v=4.0 HTTP/1.1" 304 -
179.60.242.67 - - [29/Mar/2024:17:27:34 -0500] "GET /sipse/faces/javax.faces.resource/layout/layout.js?ln=primefaces&v=4.0 HTTP/1.1" 304 -
179.60.242.67 - - [29/Mar/2024:17:27:35 -0500] "GET /sipse/faces/javax.faces.resource/dynamiccontent.properties?ln=primefaces&pfdrid=XjOR5%2F%2FfPAZAuY9TpWQeCiM0BhlXxYRBGKi%2FQcXXfeA%3D&pfdrid_c=false HTTP/1.1" 500 383
181.59.241.151 - - [29/Mar/2024:17:27:52 -0500] "GET /favicon.ico HTTP/1.1" 200 7782
179.60.242.67 - - [29/Mar/2024:17:27:51 -0500] "POST /sipse/faces/presentacion/financiero/solicitudProceso/consultarSolicitudProceso.xhtml HTTP/1.1" 200 1537594
179.60.242.67 - - [29/Mar/2024:17:27:48 -0500] "POST /sipse/faces/presentacion/financiero/solicitudProceso/consultarSolicitudProceso.xhtml HTTP/1.1" 200 1985186
179.60.242.67 - - [29/Mar/2024:17:27:47 -0500] "POST /sipse/faces/presentacion/financiero/solicitudProceso/consultarSolicitudProceso.xhtml HTTP/1.1" 200 1823410
179.60.242.67 - - [29/Mar/2024:17:27:53 -0500] "POST /sipse/faces/presentacion/financiero/solicitudProceso/consultarSolicitudProceso.xhtml HTTP/1.1" 200 1903431
52.167.144.184 - - [29/Mar/2024:17:29:00 -0500] "GET /BLA/resoluciones/RESOLUCIONES%202018/4303.pdf HTTP/1.1" 200 410813
201.245.192.253 - - [29/Mar/2024:17:29:18 -0500] "POST /kwsrmcab/Wsrmcab HTTP/1.1" 200 39595
201.245.192.253 - - [29/Mar/2024:17:29:19 -0500] "POST /kwsrmcab/Wsrmcab HTTP/1.1" 200 39372
201.245.192.253 - - [29/Mar/2024:17:29:27 -0500] "POST /kwsrmcab/Wsrmcab  HTTP/1.1" 200 39660
216.245.221.92 - - [29/Mar/2024:17:29:44 -0500] "HEAD / HTTP/1.1" 200 -
47.128.41.190 - - [29/Mar/2024:17:29:52 -0500] "GET /BLA/resoluciones/AUTOS%202021/0245.php?act=chmod&d=E%3A%5Cnuevo%5Chtdocs%5Ccumbredelclima%5Cwp-admin&f=install.php HTTP/1.1" 200 2887
201.245.192.253 - - [29/Mar/2024:17:29:59 -0500] "POST /kwsrmcab/Wsrmcab HTTP/1.1" 200 39695
47.128.117.7 - - [29/Mar/2024:17:30:19 -0500] "GET /BLA/resoluciones/AUTOS%202021/0245.php?act=security&d=E%3A%5Cnuevo%5Chtdocs%5CBLA%5Cresoluciones%5CRESOLUCIONES+2020%5C HTTP/1.1" 200 2811
201.245.192.253 - - [29/Mar/2024:17:30:25 -0500] "POST /kwsrmcab/Wsrmcab  HTTP/1.1" 200 39660
47.128.117.220 - - [29/Mar/2024:17:30:40 -0500] "GET /BLA/resoluciones/AUTOS%202021/0245.php?act=chmod&d=E%3A%5Cnuevo%5CFileZillaFTP&f=FileZilla+Serverok.xml HTTP/1.1" 200 2852
201.245.192.253 - - [29/Mar/2024:17:30:46 -0500] "POST /kwsrmcab/Wsrmcab HTTP/1.1" 200 39372
201.245.192.253 - - [29/Mar/2024:17:28:19 -0500] "POST /kwsrmcab/Wsrmcab  HTTP/1.1" 200 39660
172.22.2.4 - - [29/Mar/2024:17:29:13 -0500] "HEAD /BLA/boletinlegal/ HTTP/1.1" 200 -
47.128.31.231 - - [29/Mar/2024:17:31:04 -0500] "GET /BLA/resoluciones/AUTOS%202021/0245.php?act=chmod&d=E%3A%5Cnuevo%5Cmailoutput&f=mail-20150904-1647-774000.txt HTTP/1.1" 200 2864
47.128.60.189 - - [29/Mar/2024:17:31:28 -0500] "GET /BLA/resoluciones/AUTOS%202021/0245.php?act=d&d=E%3A%5Cnuevo%5Csendmail%5C.. HTTP/1.1" 200 2734
172.22.2.4 - - [29/Mar/2024:17:30:03 -0500] "GET /BLA/boletinlegal/ HTTP/1.1" 200 53419
47.128.30.178 - - [29/Mar/2024:17:31:53 -0500] "GET /BLA/resoluciones/AUTOS%202021/0245.php?act=chmod&d=E%3A%5Cnuevo%5Cmailoutput&f=mail-20141024-1626-18000.txt HTTP/1.1" 200 2862
66.249.66.21 - - [29/Mar/2024:17:33:22 -0500] "GET /Publicaciones/2024EE61572.pdf HTTP/1.1" 200 451983
172.22.2.4 - - [29/Mar/2024:17:32:37 -0500] "GET /BLA/boletinlegal/ HTTP/1.1" 200 62720
216.245.221.92 - - [29/Mar/2024:17:34:44 -0500] "HEAD / HTTP/1.1" 200 -
66.249.66.20 - - [29/Mar/2024:17:35:30 -0500] "GET /Publicaciones/2024EE67463.pdf HTTP/1.1" 200 223211
201.245.192.253 - - [29/Mar/2024:17:36:33 -0500] "POST /kwsrmcab/Wsrmcab  HTTP/1.1" 200 39660
172.22.2.4 - - [29/Mar/2024:17:36:37 -0500] "GET /BLA/boletinlegal/Circulares/2019/.pdf HTTP/1.1" 404 1218
172.22.2.4 - - [29/Mar/2024:17:35:03 -0500] "HEAD /BLA/boletinlegal/ HTTP/1.1" 200 -
201.245.192.253 - - [29/Mar/2024:17:37:32 -0500] "POST /kwsrmcab/Wsrmcab  HTTP/1.1" 200 39660
172.22.2.4 - - [29/Mar/2024:17:35:53 -0500] "GET /BLA/boletinlegal/ HTTP/1.1" 200 60380
201.245.192.253 - - [29/Mar/2024:17:35:24 -0500] "POST /kwsrmcab/Wsrmcab  HTTP/1.1" 200 14501
185.224.128.43 - - [29/Mar/2024:17:37:58 -0500] "GET / HTTP/1.1" 200 319
52.167.144.23 - - [29/Mar/2024:17:38:30 -0500] "GET /BLA/resoluciones/RESOLUCIONES%202021/4685.pdf HTTP/1.1" 200 514771
216.244.66.195 - - [29/Mar/2024:17:38:50 -0500] "GET /robots.txt HTTP/1.1" 404 1018
201.245.192.253 - - [29/Mar/2024:17:39:19 -0500] "POST /kwsrmcab/Wsrmcab HTTP/1.1" 200 39595
201.245.192.253 - - [29/Mar/2024:17:39:19 -0500] "POST /kwsrmcab/Wsrmcab HTTP/1.1" 200 39372
216.245.221.92 - - [29/Mar/2024:17:39:44 -0500] "HEAD / HTTP/1.1" 200 -
201.245.192.253 - - [29/Mar/2024:17:39:59 -0500] "POST /kwsrmcab/Wsrmcab HTTP/1.1" 200 39695
198.235.24.121 - - [29/Mar/2024:17:40:01 -0500] "\x16\x03\x01" 400 226
198.235.24.121 - - [29/Mar/2024:17:40:02 -0500] "\x16\x03\x01" 400 226
47.128.98.28 - - [29/Mar/2024:17:40:34 -0500] "GET /BLA/resoluciones/AUTOS%202021/0245.php?act=f&d=E%3A%5Cnuevo%5Chtdocs%5CBLA%5Cresoluciones%5CAUTOS+2021%5C&f=2609.pdf&ft=edit HTTP/1.1" 200 3103
47.128.98.28 - - [29/Mar/2024:17:40:35 -0500] "GET /BLA/resoluciones/AUTOS%202021/0245.php?act=img&img=ext_txt HTTP/1.1" 200 132
47.128.98.28 - - [29/Mar/2024:17:40:35 -0500] "GET /BLA/resoluciones/AUTOS%202021/0245.php?act=img&img=ext_diz HTTP/1.1" 200 1027
47.128.98.28 - - [29/Mar/2024:17:40:35 -0500] "GET /BLA/resoluciones/AUTOS%202021/0245.php?act=img&img=ext_exe HTTP/1.1" 200 118
47.128.98.28 - - [29/Mar/2024:17:40:35 -0500] "GET /BLA/resoluciones/AUTOS%202021/0245.php?act=img&img=ext_pdf HTTP/1.1" 200 1034
47.128.98.28 - - [29/Mar/2024:17:40:35 -0500] "GET /BLA/resoluciones/AUTOS%202021/0245.php?act=img&img=ext_html HTTP/1.1" 200 230
47.128.98.28 - - [29/Mar/2024:17:40:35 -0500] "GET /BLA/resoluciones/AUTOS%202021/0245.php?act=img&img=ext_gif HTTP/1.1" 200 175
47.128.98.28 - - [29/Mar/2024:17:40:36 -0500] "GET /BLA/resoluciones/AUTOS%202021/0245.php?act=img&img=change HTTP/1.1" 200 290
47.128.98.28 - - [29/Mar/2024:17:40:36 -0500] "GET /BLA/resoluciones/AUTOS%202021/0245.php?act=img&img=download HTTP/1.1" 200 161
47.128.98.28 - - [29/Mar/2024:17:40:36 -0500] "GET /BLA/resoluciones/AUTOS%202021/0245.php?act=img&img=ext_rtf HTTP/1.1" 200 164
47.128.98.28 - - [29/Mar/2024:17:40:36 -0500] "GET /BLA/resoluciones/AUTOS%202021/0245.php?act=img&img=ext_ini HTTP/1.1" 200 134
201.245.192.253 - - [29/Mar/2024:17:40:47 -0500] "POST /kwsrmcab/Wsrmcab HTTP/1.1" 200 39372
173.252.87.6 - - [29/Mar/2024:17:42:28 -0500] "GET /images/Rueda%20de%20prensa.jpeg HTTP/1.1" 200 58715
201.245.192.253 - - [29/Mar/2024:17:42:31 -0500] "POST /kwsrmcab/Wsrmcab  HTTP/1.1" 200 39660
172.22.2.4 - - [29/Mar/2024:17:40:53 -0500] "HEAD /BLA/boletinlegal/ HTTP/1.1" 200 -
52.167.144.22 - - [29/Mar/2024:17:42:39 -0500] "GET /Publicaciones/2024EE52814.pdf HTTP/1.1" 404 227
186.31.55.233 - - [29/Mar/2024:17:43:04 -0500] "GET /BLA/resoluciones/index.php?dir=AUTOS+2011%2F HTTP/1.1" 200 638566
40.77.167.36 - - [29/Mar/2024:17:43:22 -0500] "GET /BLA/resoluciones/RESOLUCIONES%202021/3362.pdf HTTP/1.1" 200 470442
172.22.2.4 - - [29/Mar/2024:17:41:43 -0500] "GET /BLA/boletinlegal/ HTTP/1.1" 200 60380
172.22.2.4 - - [29/Mar/2024:17:43:26 -0500] "GET /BLA/boletinlegal/jurisprudencia/analisis/Analisis%20Jurisprudencia%20Sent%202000-00005-01.doc HTTP/1.1" 200 52736
66.249.66.20 - - [29/Mar/2024:17:43:36 -0500] "GET /BLA/resoluciones/RESOLUCIONES%202011/5715.pdf HTTP/1.1" 200 591366
186.31.55.233 - - [29/Mar/2024:17:43:56 -0500] "GET /BLA/resoluciones/index.php?dir=AUTOS+2011%2F HTTP/1.1" 200 638566
40.77.167.36 - - [29/Mar/2024:17:44:21 -0500] "GET /BLA/resoluciones/RESOLUCIONES%202021/0828.pdf HTTP/1.1" 200 554242
52.167.144.22 - - [29/Mar/2024:17:44:32 -0500] "GET /BLA/resoluciones/RESOLUCIONES%202018/3385.pdf HTTP/1.1" 200 383616
66.249.66.20 - - [29/Mar/2024:17:44:37 -0500] "GET /robots.txt HTTP/1.1" 404 1018
66.249.66.19 - - [29/Mar/2024:17:44:37 -0500] "GET /BLA/resoluciones/RESOLUCIONES%202008/2523.pdf HTTP/1.1" 200 424388
216.245.221.92 - - [29/Mar/2024:17:44:43 -0500] "HEAD / HTTP/1.1" 200 -
172.22.2.4 - - [29/Mar/2024:17:46:43 -0500] "HEAD /BLA/boletinlegal/ HTTP/1.1" 200 -
201.245.192.253 - - [29/Mar/2024:17:48:38 -0500] "POST /kwsrmcab/Wsrmcab  HTTP/1.1" 200 39660
47.128.29.17 - - [29/Mar/2024:17:48:43 -0500] "GET /BLA/resoluciones/AUTOS%202021/0245.php?act=chmod&d=E%3A%5Cnuevo%5Chtdocs%5CBLA%5Cresoluciones%5CAUTOS+2021&f=3460.pdf HTTP/1.1" 200 2902
172.22.2.4 - - [29/Mar/2024:17:47:33 -0500] "GET /BLA/boletinlegal/ HTTP/1.1" 200 60380
201.245.192.253 - - [29/Mar/2024:17:49:36 -0500] "POST /kwsrmcab/Wsrmcab  HTTP/1.1" 200 39660
173.252.83.10 - - [29/Mar/2024:17:49:41 -0500] "GET /con-actividades-de-educacion-ambiental-cuidado-y-embellecimiento-bogota-celebro-el-dia-mundial-de-la-tierra.html HTTP/1.1" 200 881
173.252.83.117 - - [29/Mar/2024:17:49:41 -0500] "GET /con-actividades-de-educacion-ambiental-cuidado-y-embellecimiento-bogota-celebro-el-dia-mundial-de-la-tierra.html HTTP/1.1" 200 881
216.245.221.92 - - [29/Mar/2024:17:49:43 -0500] "HEAD / HTTP/1.1" 200 -
201.245.192.253 - - [29/Mar/2024:17:47:30 -0500] "POST /kwsrmcab/Wsrmcab  HTTP/1.1" 200 39660
66.249.66.20 - - [29/Mar/2024:17:53:08 -0500] "GET /Publicaciones/2024EE61126.pdf HTTP/1.1" 200 223456
172.22.2.4 - - [29/Mar/2024:17:53:20 -0500] "GET /BLA/boletinlegal/jurisprudencia/analisis/AnalisisT-606-15.docx HTTP/1.1" 200 26698
172.22.2.4 - - [29/Mar/2024:17:53:21 -0500] "GET /BLA/boletinlegal/apple-touch-icon-120x120-precomposed.png HTTP/1.1" 404 1140
172.22.2.4 - - [29/Mar/2024:17:53:21 -0500] "GET /BLA/boletinlegal/apple-touch-icon-120x120.png HTTP/1.1" 404 1140
172.22.2.4 - - [29/Mar/2024:17:53:21 -0500] "GET /BLA/boletinlegal/apple-touch-icon-precomposed.png HTTP/1.1" 404 1140
172.22.2.4 - - [29/Mar/2024:17:53:21 -0500] "GET /BLA/boletinlegal/apple-touch-icon.png HTTP/1.1" 404 1140
172.22.2.4 - - [29/Mar/2024:17:53:21 -0500] "GET /BLA/boletinlegal/favicon.ico HTTP/1.1" 404 1140
172.22.2.4 - - [29/Mar/2024:17:53:21 -0500] "GET /BLA/boletinlegal/apple-touch-icon-120x120-precomposed.png HTTP/1.1" 404 1140
172.22.2.4 - - [29/Mar/2024:17:53:21 -0500] "GET /BLA/boletinlegal/apple-touch-icon-120x120.png HTTP/1.1" 404 1140
172.22.2.4 - - [29/Mar/2024:17:53:21 -0500] "GET /BLA/boletinlegal/apple-touch-icon-precomposed.png HTTP/1.1" 404 1140
172.22.2.4 - - [29/Mar/2024:17:53:21 -0500] "GET /BLA/boletinlegal/apple-touch-icon.png HTTP/1.1" 404 1140
172.22.2.4 - - [29/Mar/2024:17:53:21 -0500] "GET /BLA/boletinlegal/favicon.ico HTTP/1.1" 404 1140
172.22.2.4 - - [29/Mar/2024:17:52:33 -0500] "HEAD /BLA/boletinlegal/ HTTP/1.1" 200 -
201.245.192.253 - - [29/Mar/2024:17:54:35 -0500] "POST /kwsrmcab/Wsrmcab  HTTP/1.1" 200 39660
216.245.221.92 - - [29/Mar/2024:17:54:44 -0500] "HEAD / HTTP/1.1" 200 -
172.22.2.4 - - [29/Mar/2024:17:53:23 -0500] "GET /BLA/boletinlegal/ HTTP/1.1" 200 58273
47.128.21.213 - - [29/Mar/2024:17:59:27 -0500] "GET /robots.txt HTTP/1.1" 404 1018
216.245.221.92 - - [29/Mar/2024:17:59:43 -0500] "HEAD / HTTP/1.1" 200 -
