172.22.2.4 - - [29/Mar/2024:12:32:34 -0500] "GET /BLA/boletinlegal/ HTTP/1.1" 200 58273
52.167.144.208 - - [29/Mar/2024:12:34:24 -0500] "GET /BLA/resoluciones/RESOLUCIONES%202018/1449.pdf HTTP/1.1" 200 458919
191.156.51.69 - - [29/Mar/2024:12:34:17 -0500] "POST /sipse/faces/presentacion/financiero/solicitudProceso/listarSolicitudProceso.xhtml HTTP/1.1" 200 146929
191.156.51.69 - - [29/Mar/2024:12:34:29 -0500] "GET /sipse/faces/javax.faces.resource/jquery/jquery.js?ln=primefaces&v=4.0 HTTP/1.1" 304 -
191.156.51.69 - - [29/Mar/2024:12:34:30 -0500] "GET /sipse/faces/javax.faces.resource/jquery/jquery-plugins.js?ln=primefaces&v=4.0 HTTP/1.1" 304 -
191.156.51.69 - - [29/Mar/2024:12:34:30 -0500] "GET /sipse/faces/javax.faces.resource/primefaces.js?ln=primefaces&v=4.0 HTTP/1.1" 304 -
191.156.51.69 - - [29/Mar/2024:12:34:30 -0500] "GET /sipse/faces/javax.faces.resource/layout/layout.js?ln=primefaces&v=4.0 HTTP/1.1" 304 -
216.245.221.92 - - [29/Mar/2024:12:34:44 -0500] "HEAD / HTTP/1.1" 200 -
216.244.66.195 - - [29/Mar/2024:12:35:03 -0500] "GET /BLA/resoluciones/RESOLUCIONES%202017/2043.pdf HTTP/1.1" 200 260141
216.244.66.195 - - [29/Mar/2024:12:35:27 -0500] "GET /BLA/resoluciones/RESOLUCIONES%202017/2068.pdf HTTP/1.1" 200 304914
216.244.66.195 - - [29/Mar/2024:12:35:47 -0500] "GET /BLA/resoluciones/RESOLUCIONES%202017/2346.pdf HTTP/1.1" 200 394340
216.244.66.195 - - [29/Mar/2024:12:36:25 -0500] "GET /BLA/resoluciones/RESOLUCIONES%202017/2646.pdf HTTP/1.1" 200 305336
216.244.66.195 - - [29/Mar/2024:12:37:00 -0500] "GET /BLA/resoluciones/RESOLUCIONES%202017/2839.pdf HTTP/1.1" 200 279578
216.244.66.195 - - [29/Mar/2024:12:37:29 -0500] "GET /BLA/resoluciones/RESOLUCIONES%202017/3730.pdf HTTP/1.1" 200 294247
191.156.49.119 - - [29/Mar/2024:12:37:39 -0500] "GET /sipse/faces/javax.faces.resource/theme.css?ln=primefaces-sipse HTTP/1.1" 304 -
191.156.50.104 - - [29/Mar/2024:12:37:39 -0500] "GET /sipse/faces/javax.faces.resource/primefaces.css?ln=primefaces&v=4.0 HTTP/1.1" 304 -
191.156.56.81 - - [29/Mar/2024:12:37:39 -0500] "GET /sipse/faces/javax.faces.resource/jquery/jquery.js?ln=primefaces&v=4.0 HTTP/1.1" 304 -
191.156.50.113 - - [29/Mar/2024:12:37:39 -0500] "GET /sipse/faces/javax.faces.resource/primefaces.js?ln=primefaces&v=4.0 HTTP/1.1" 304 -
191.156.56.81 - - [29/Mar/2024:12:37:39 -0500] "GET /sipse/faces/javax.faces.resource/jquery/jquery-plugins.js?ln=primefaces&v=4.0 HTTP/1.1" 304 -
191.156.49.119 - - [29/Mar/2024:12:37:39 -0500] "GET /sipse/faces/javax.faces.resource/layout/layout.js?ln=primefaces&v=4.0 HTTP/1.1" 304 -
191.156.50.113 - - [29/Mar/2024:12:37:40 -0500] "GET /sipse/faces/javax.faces.resource/layout/layout.css?ln=primefaces&v=4.0 HTTP/1.1" 304 -
191.156.56.81 - - [29/Mar/2024:12:37:40 -0500] "GET /sipse/faces/javax.faces.resource/images/ui-icons_898989_256x240.png?ln=primefaces-aristo HTTP/1.1" 304 -
191.156.55.76 - - [29/Mar/2024:12:37:39 -0500] "POST /sipse/faces/presentacion/financiero/solicitudProceso/consultarSolicitudProceso.xhtml HTTP/1.1" 200 65143
191.156.50.104 - - [29/Mar/2024:12:37:47 -0500] "GET /sipse/faces/javax.faces.resource/images/ui-bg_flat_0_2d5972_40x100.png?ln=primefaces-aristo HTTP/1.1" 304 -
191.156.49.119 - - [29/Mar/2024:12:37:47 -0500] "POST /sipse/faces/presentacion/financiero/solicitudProceso/listarSolicitudProceso.xhtml HTTP/1.1" 200 1560
191.156.49.119 - - [29/Mar/2024:12:37:47 -0500] "POST /sipse/faces/presentacion/financiero/solicitudProceso/listarSolicitudProceso.xhtml HTTP/1.1" 200 1568
216.244.66.195 - - [29/Mar/2024:12:37:58 -0500] "GET /BLA/resoluciones/RESOLUCIONES%202019/1427.pdf HTTP/1.1" 200 258850
191.156.55.76 - - [29/Mar/2024:12:37:57 -0500] "POST /sipse/faces/presentacion/financiero/solicitudProceso/listarSolicitudProceso.xhtml HTTP/1.1" 200 150495
172.22.2.4 - - [29/Mar/2024:12:38:01 -0500] "GET /BLA/boletinlegal/Circulares/2022/CIRCULAR%20No.%2000003%20DEL%2007%20DE%20MARZO%20DEL%202022.pdf HTTP/1.1" 200 311468
172.22.2.4 - - [29/Mar/2024:12:38:01 -0500] "GET /BLA/boletinlegal/favicon.ico HTTP/1.1" 404 1498
191.156.49.119 - - [29/Mar/2024:12:38:01 -0500] "GET /sipse/faces/javax.faces.resource/jquery/jquery.js?ln=primefaces&v=4.0 HTTP/1.1" 304 -
191.156.49.119 - - [29/Mar/2024:12:38:01 -0500] "GET /sipse/faces/javax.faces.resource/jquery/jquery-plugins.js?ln=primefaces&v=4.0 HTTP/1.1" 304 -
191.156.49.119 - - [29/Mar/2024:12:38:01 -0500] "GET /sipse/faces/javax.faces.resource/primefaces.js?ln=primefaces&v=4.0 HTTP/1.1" 304 -
191.156.49.119 - - [29/Mar/2024:12:38:01 -0500] "GET /sipse/faces/javax.faces.resource/layout/layout.js?ln=primefaces&v=4.0 HTTP/1.1" 304 -
216.244.66.195 - - [29/Mar/2024:12:38:39 -0500] "GET /BLA/resoluciones/RESOLUCIONES%201996/RESOLUCION%2052%20DE%201996.pdf HTTP/1.1" 200 67958
173.252.107.2 - - [29/Mar/2024:12:38:47 -0500] "GET /guadalupe-aguanoso-y-otros-senderos-disponibles-para-el-disfrute-de-los-ciudadanos.html HTTP/1.1" 200 873
173.252.107.10 - - [29/Mar/2024:12:38:47 -0500] "GET /guadalupe-aguanoso-y-otros-senderos-disponibles-para-el-disfrute-de-los-ciudadanos.html HTTP/1.1" 200 873
201.245.192.253 - - [29/Mar/2024:12:39:01 -0500] "POST /kwsrmcab/Wsrmcab  HTTP/1.1" 200 39660
216.244.66.195 - - [29/Mar/2024:12:39:05 -0500] "GET /BLA/resoluciones/RESOLUCIONES%202001/RESOLUCION%20411%20DE%202001.pdf HTTP/1.1" 200 71238
172.22.2.4 - - [29/Mar/2024:12:37:33 -0500] "HEAD /BLA/boletinlegal/ HTTP/1.1" 200 -
40.77.167.25 - - [29/Mar/2024:12:39:13 -0500] "GET /BLA/resoluciones/RESOLUCIONES%202021/1948.pdf HTTP/1.1" 200 549221
201.245.192.253 - - [29/Mar/2024:12:39:19 -0500] "POST /kwsrmcab/Wsrmcab HTTP/1.1" 200 39889
201.245.192.253 - - [29/Mar/2024:12:39:20 -0500] "POST /kwsrmcab/Wsrmcab HTTP/1.1" 200 39372
216.245.221.92 - - [29/Mar/2024:12:39:44 -0500] "HEAD / HTTP/1.1" 200 -
201.245.192.253 - - [29/Mar/2024:12:40:00 -0500] "POST /kwsrmcab/Wsrmcab HTTP/1.1" 200 37950
172.22.2.4 - - [29/Mar/2024:12:38:24 -0500] "GET /BLA/boletinlegal/ HTTP/1.1" 200 54913
172.22.2.4 - - [29/Mar/2024:12:40:40 -0500] "GET /BLA/boletinlegal/styles2.css HTTP/1.1" 200 1838
66.249.66.20 - - [29/Mar/2024:12:40:42 -0500] "GET /BLA/resoluciones/RESOLUCIONES%202009/6975.pdf HTTP/1.1" 200 553271
201.245.192.253 - - [29/Mar/2024:12:40:45 -0500] "POST /kwsrmcab/Wsrmcab HTTP/1.1" 200 39372
40.77.167.136 - - [29/Mar/2024:12:41:02 -0500] "GET /BLA/resoluciones/RESOLUCIONES%202010/3681.pdf HTTP/1.1" 200 897646
40.77.167.136 - - [29/Mar/2024:12:43:02 -0500] "GET /Publicaciones/2023EE305221.pdf HTTP/1.1" 404 228
172.22.2.4 - - [29/Mar/2024:12:41:46 -0500] "GET /BLA/boletinlegal/ HTTP/1.1" 200 62310
216.244.66.195 - - [29/Mar/2024:12:43:57 -0500] "GET /BLA/resoluciones/AUTOS%202007/0295.pdf HTTP/1.1" 200 119709
201.245.192.253 - - [29/Mar/2024:12:44:00 -0500] "POST /kwsrmcab/Wsrmcab  HTTP/1.1" 200 39660
216.244.66.195 - - [29/Mar/2024:12:44:21 -0500] "GET /BLA/resoluciones/AUTOS%202007/0302.pdf HTTP/1.1" 200 47805
216.245.221.92 - - [29/Mar/2024:12:44:44 -0500] "HEAD / HTTP/1.1" 200 -
216.244.66.195 - - [29/Mar/2024:12:44:44 -0500] "GET /BLA/resoluciones/AUTOS%202007/0315.pdf HTTP/1.1" 200 50785
172.22.2.4 - - [29/Mar/2024:12:43:23 -0500] "HEAD /BLA/boletinlegal/ HTTP/1.1" 200 -
216.244.66.195 - - [29/Mar/2024:12:45:07 -0500] "GET /BLA/resoluciones/AUTOS%202007/0371.pdf HTTP/1.1" 200 109729
216.244.66.195 - - [29/Mar/2024:12:45:28 -0500] "GET /BLA/resoluciones/AUTOS%202007/0429.pdf HTTP/1.1" 200 35172
66.249.66.20 - - [29/Mar/2024:12:45:32 -0500] "GET /resoluciones/RESOLUCIONES%202008/5405.pdf HTTP/1.1" 404 1018
216.244.66.195 - - [29/Mar/2024:12:45:48 -0500] "GET /BLA/resoluciones/AUTOS%202007/0560.pdf HTTP/1.1" 200 247844
66.249.66.20 - - [29/Mar/2024:12:45:51 -0500] "GET /BLA/resoluciones/AUTOS%202008/1577.pdf HTTP/1.1" 200 132354
172.22.2.4 - - [29/Mar/2024:12:44:14 -0500] "GET /BLA/boletinlegal/ HTTP/1.1" 200 60380
216.244.66.195 - - [29/Mar/2024:12:46:07 -0500] "GET /BLA/resoluciones/AUTOS%202007/0755.pdf HTTP/1.1" 200 29616
216.244.66.195 - - [29/Mar/2024:12:46:26 -0500] "GET /BLA/resoluciones/AUTOS%202007/0956.pdf HTTP/1.1" 200 21759
52.167.144.168 - - [29/Mar/2024:12:46:52 -0500] "GET /galeria/galeria/jquery.fancybox.css?v=2.1.5 HTTP/1.1" 200 4895
52.167.144.229 - - [29/Mar/2024:12:47:05 -0500] "GET /BLA/resoluciones/RESOLUCIONES%202020/0279.pdf HTTP/1.1" 200 424996
40.77.167.136 - - [29/Mar/2024:12:47:23 -0500] "GET /BLA/resoluciones/RESOLUCIONES%202019/1563.pdf HTTP/1.1" 200 361326
186.102.21.158 - - [29/Mar/2024:12:48:04 -0500] "GET /kwssiamovil/sm/ldap/au?x=U2FsdGVkX1+bpSzxjrCgWxazMTEluhRXTGhPW/kiNZwfi0DtCFzwqhfpPBCaeM8a&y=U2FsdGVkX1/Ae2QxqYb8kRz4VQYMRUdu2AZetG/91mHasxEbuipe430fqNF82FZs HTTP/1.1" 200 30
186.102.21.158 - - [29/Mar/2024:12:48:05 -0500] "GET /kwssiamovil/sm/acme/s?s=U2FsdGVkX1/9puZT2l2Sjb4VAyYTtBOBuHiOX2GwKI2YLHZndIB4vdzp6U0yDVHgmQ6SZoLyEJ9zPbRkki2bl4pvriBu90AgJK6Cr10aIuA=&u=U2FsdGVkX19bliObkKupW8QhUSa5K7mlLwGkThz3riA=&y=U2FsdGVkX1/Ae2QxqYb8kRz4VQYMRUdu2AZetG/91mHasxEbuipe430fqNF82FZs HTTP/1.1" 200 97
186.102.21.158 - - [29/Mar/2024:12:48:05 -0500] "GET /kwssiamovil/sm/acme/s?s=U2FsdGVkX1/GBEGnVtAxD0FpEjosDqGjfoY8qaCURekBuA9Pv66mL61dbNsHXIhdVQ2abZaOAoyDM3p1eIz4O+L4Bj3RV8UeKp4CMi+AxGUvDxSARtATxqEwR/pK6L+qiyQ7lFMbflbYzAIlU1W08fPVZIFZzrGKQNfYKjvDHvqOSkDwUWC53vY7vRou2JBZ6WoQpgyGjbnInMmpJSpYK27lfkrTBiylqKAx9S6ZOLXjgLceoLb2G2HPBFCITJ5opkERXHKX0eGN2BGmKTBmgHdyiNB0TVuWdv1AW1LC0RAXBNsxFGYp3+oimWZ4geWtHqcQWQ57V1FQZws4tfc8bc8SiUK66zNtr660QAt4sTIJM/av4tL2+XxALZm9gaQWswW7nd8/ZQSCuA7k0UBqj5J86mRRnGYbo1Naiq/Qy8CvpLX4GRxFVqomqLV1vWSC50LFnXCeHUPe+WU/qpKFjuKkW1nd8amhrhcdv5cqalsmv4YkSpyjIP07lxXEIBJAzs4dYvIDjpBBNx+Veljzmy/QYxuhWhZF+nkeAANz/rKXSZugE27CDkN6LWkSya5r2KS7ZVJgjupGSzGfxLEEeNUap34P0yhx36ds9YB+GeYe5ZH/WEQso3Qec8WjIIjAHrjcyL1AOhjN4xobSIzFK72jK4cF8ZSPIkoSGiFK9F5J2orB8iDffiWYtnd/fFCtsVj76vLEyKaJNpykuCqoWSZZXDKjKu5NSSKxgjvTLRTP6hcv1H5K4CB4UR2n+cvljzjHM0AXVFgJTPEj9EKRxuadpeGTIBqIhUBqLt1UY2fy40uU/Bz6feSHSv0kysvK/ToACnHVKgkgOyioLZ6/PkEoHZCgP1SsbvFfdYQeTSL5zsv+GLfo52R30hcEW7dkeGNOtmeOYK1UgNZP3xk4asx2jPIIzMaRnecgwFV6jRGvSA0w8goE7PCGwGDLa70VtmqMtIeu0BPSal7eb8ETzN/Ii96bFQ4II31OQa/rhF2HrDxY9TX8UfPMijujXZMcLyHzhSCfWiHqEPjOiHj+DA7ad3AGbiO0iIdWZB9pw5Mq7HmE9SQqCMkZoxLp1yhhlXxjxu8GSoUh+VVSakCNALdPBZ7sJSYwcyavntlG9n9kHVa976LVZpn4yRHAA2XDQG6SJ0tO04AE9/XtVilnI+vwlLo1Fh/HDoxrhoJH/HKshIcpGfpA63Hf9A4RULEXGIsHTgtFHr3a8KzD6RNs+dOv0w9cmSJEhX9h/nD0iWEZLMCAlVZWfdFVIy1fPHhnJ/6CclJAC+8pzW986S2t9dVTnA/6OvBZQsVTunOoDOMdkTxjrJBbuKVzRTwwBfUBgv4NeLJ0Im2ApjsZPiXQlK9QDbNuLUybg0ni8nFO7HuB/rxYavq7hpl2WkT8MrgTAar76GypsbcTsn5CAv1x0KK5J8t4VUxerBZ9uE+bmUmZE3cqYmG5hP+P5NQNdEREL4Qfe0QmyLMtHljdklWpjxu1jjEqhE8hH+7jPdN5ISMTr9dwp/c5bLSiGx8+CwzKB3/PR2XdWyu31R/Z3emK/kvYGN8hXEzr73o1k1vHoQ3eKaF5EBK0x5uf3knzJcrQfFAoQrkjHTXeoYmclal3iGrhlgmfytcxIogPo9P+B4dHXCy8Q1+cW/Ve+Zaif5fdfl7pPqafchi0bCYR1NpCpx4xtbalPzzlbqnKzbHGemm0wVkiK75i7NK+/MWteGZpBjoy/FVCQoDaBfbwve6ydOLi1wbow4IvcJGbTzBFHys=&u=U2FsdGVkX19bliObkKupW8QhUSa5K7mlLwGkThz3riA=&y=U2FsdGVkX1/Ae2QxqYb8kRz4VQYMRUdu2AZetG/91mHasxEbuipe430fqNF82FZs HTTP/1.1" 200 1667
186.102.21.158 - - [29/Mar/2024:12:48:05 -0500] "GET /kwssiamovil/sm/acme/s?s=U2FsdGVkX19Ug+qz0Gdep3DT31dBjoE7G0qHE6N6oFw22TMlnMsVfN4hg88RpWi0Q/A2s9oGGRvyZkeLAWlAULsmIi728oc1Ii0q9EmzeFNTycC3xsa0m6SQHQ/HF5EjiNwvL0kccy6l0eX/FAkPfy+1RasdXwVD7InWicPS9jSyAiD6TqgPqvWaPeGYkh/cLawpORmCXgrrVyf5h4k5RUcsbhiPQvn6xrzZTRvU0lA+f1UlzAYjHNp9pQJfMNLfvdmBCUBreia5hpGsZDdCv1ZNdFYFvqw0L2WpAP6lrY3QyKNw8GE9uqCkCGS/Ef/LUUEXysXBWArKhiFZQEYA/QusvbxqFvHvrgOBDGt59+T7epuMP1AP91odKLvAibEaDfyx0EkVXhJ5Adb2kZPKb7VoSDamUjdYf6rk+M92Bz2iKBapR85uuoJEyGUSah1zDaBAde6e4nv/I0d8ih94VIsWWLNtpb2gkN/NJ4zmo5/OvsZPu+TGQoZVjH73vv6Slx5CMTDqphKlNSGvKezOOrSBiO9RS1ORnsF5MDq6OmnoWdi/GjZR/ebv3X/+HdbwRA6phZIJDQa9462ltHbq3RLvVrXKn52QlYHiZto8vuEFv8EGHfnSl+IFMjI7ve3B1idxo5nntJx3Ep0xod7l0LOscGdthojZ8LKE4d2qrBcMLejJKx5EPBd0BAPivHuPCf/t5z/AoZauJAbLquGTgU+hFoA9LmOl7MVsONyXuNQpOqzgEuuj/PIDe4MAgjnZ&u=U2FsdGVkX19bliObkKupW8QhUSa5K7mlLwGkThz3riA=&y=U2FsdGVkX1/Ae2QxqYb8kRz4VQYMRUdu2AZetG/91mHasxEbuipe430fqNF82FZs HTTP/1.1" 200 208
186.102.21.158 - - [29/Mar/2024:12:48:05 -0500] "GET /kwssiamovil/sm/cjson/pre?f=1&x=U2FsdGVkX1+bpSzxjrCgWxazMTEluhRXTGhPW/kiNZwfi0DtCFzwqhfpPBCaeM8a HTTP/1.1" 200 30244
52.167.144.229 - - [29/Mar/2024:12:48:34 -0500] "GET /BLA/resoluciones/RESOLUCIONES%202018/0469.pdf HTTP/1.1" 200 395724
201.245.192.253 - - [29/Mar/2024:12:48:59 -0500] "POST /kwsrmcab/Wsrmcab  HTTP/1.1" 200 39660
199.16.157.183 - - [29/Mar/2024:12:49:15 -0500] "GET /images/Chingaza%20(2)%20(1)%20(1).jpg HTTP/1.1" 404 1034
199.16.157.180 - - [29/Mar/2024:12:49:15 -0500] "GET /images/Chingaza%20(2)%20(1)%20(1).jpg HTTP/1.1" 404 1034
216.245.221.92 - - [29/Mar/2024:12:49:44 -0500] "HEAD / HTTP/1.1" 200 -
66.249.66.19 - - [29/Mar/2024:12:50:03 -0500] "GET /BLA/resoluciones/RESOLUCIONES%202009/7303.pdf HTTP/1.1" 200 354358
114.119.138.107 - - [29/Mar/2024:12:50:10 -0500] "GET /BLA/resoluciones/index.php?dir=RESOLUCIONES%2B2008/&sort=size&order=desc HTTP/1.1" 200 14311
172.22.2.4 - - [29/Mar/2024:12:49:13 -0500] "HEAD /BLA/boletinlegal/ HTTP/1.1" 200 -
52.167.144.0 - - [29/Mar/2024:12:51:14 -0500] "GET /BLA/resoluciones/RESOLUCIONES%202021/4073.pdf HTTP/1.1" 200 494941
66.249.66.19 - - [29/Mar/2024:12:51:29 -0500] "GET /BLA/resoluciones/RESOLUCIONES%202016/1141.pdf HTTP/1.1" 200 855636
172.22.2.4 - - [29/Mar/2024:12:50:04 -0500] "GET /BLA/boletinlegal/ HTTP/1.1" 200 58273
52.167.144.229 - - [29/Mar/2024:12:51:45 -0500] "GET /BLA/resoluciones/AUTOS%202021/3806.pdf HTTP/1.1" 304 -
40.77.167.132 - - [29/Mar/2024:12:52:14 -0500] "GET /BLA/resoluciones/RESOLUCIONES%202021/2622.pdf HTTP/1.1" 200 477422
201.245.192.253 - - [29/Mar/2024:12:53:58 -0500] "POST /kwsrmcab/Wsrmcab  HTTP/1.1" 200 39660
178.128.199.79 - - [29/Mar/2024:12:54:02 -0500] "\x16\x03\x01" 400 226
178.128.199.79 - - [29/Mar/2024:12:54:03 -0500] "\x16\x03\x01" 400 226
178.128.199.79 - - [29/Mar/2024:12:54:03 -0500] "GET / HTTP/1.1" 200 319
178.128.199.79 - - [29/Mar/2024:12:54:03 -0500] "GET /form.html HTTP/1.1" 404 1018
178.128.199.79 - - [29/Mar/2024:12:54:04 -0500] "GET /upl.php HTTP/1.1" 404 1018
178.128.199.79 - - [29/Mar/2024:12:54:04 -0500] "\x16\x03\x01" 400 226
178.128.199.79 - - [29/Mar/2024:12:54:04 -0500] "GET /geoip/ HTTP/1.1" 404 1018
178.128.199.79 - - [29/Mar/2024:12:54:05 -0500] "GET /favicon.ico HTTP/1.1" 200 7782
178.128.199.79 - - [29/Mar/2024:12:54:05 -0500] "GET /1.php HTTP/1.1" 404 1018
178.128.199.79 - - [29/Mar/2024:12:54:06 -0500] "GET /bundle.js HTTP/1.1" 404 1018
178.128.199.79 - - [29/Mar/2024:12:54:06 -0500] "GET /files/ HTTP/1.1" 404 1018
178.128.199.79 - - [29/Mar/2024:12:54:06 -0500] "GET /systembc/password.php HTTP/1.1" 404 1018
178.128.199.79 - - [29/Mar/2024:12:54:07 -0500] "GET /password.php HTTP/1.1" 404 1018
178.128.199.79 - - [29/Mar/2024:12:54:07 -0500] "GET /info.php HTTP/1.1" 404 1018
172.22.2.4 - - [29/Mar/2024:12:54:40 -0500] "POST /BLA/boletinlegal/sdk HTTP/1.1" 404 1043
172.22.2.4 - - [29/Mar/2024:12:54:40 -0500] "GET /BLA/boletinlegal/nmaplowercheck1711734867 HTTP/1.1" 404 1043
172.22.2.4 - - [29/Mar/2024:12:54:40 -0500] "GET /BLA/boletinlegal/HNAP1 HTTP/1.1" 404 1043
172.22.2.4 - - [29/Mar/2024:12:54:41 -0500] "GET /BLA/boletinlegal/evox/about HTTP/1.1" 404 1043
216.245.221.92 - - [29/Mar/2024:12:54:44 -0500] "HEAD / HTTP/1.1" 200 -
172.22.2.4 - - [29/Mar/2024:12:55:19 -0500] "GET /BLA/boletinlegal/jurisprudencia/analisis/CUADRO%20SENTENCIA%20C-222%20DE%202011.doc HTTP/1.1" 200 34816
172.22.2.4 - - [29/Mar/2024:12:54:40 -0500] "GET /BLA/boletinlegal/ HTTP/1.1" 200 20427
172.22.2.4 - - [29/Mar/2024:12:54:41 -0500] "GET /BLA/boletinlegal/ HTTP/1.1" 200 20427
172.22.2.4 - - [29/Mar/2024:12:54:41 -0500] "GET /BLA/boletinlegal/ HTTP/1.1" 200 20427
40.77.167.59 - - [29/Mar/2024:12:55:55 -0500] "GET /BLA/resoluciones/RESOLUCIONES%202018/0076.pdf HTTP/1.1" 200 382043
43.159.128.68 - - [29/Mar/2024:12:56:07 -0500] "GET / HTTP/1.1" 200 319
172.22.2.4 - - [29/Mar/2024:12:55:03 -0500] "HEAD /BLA/boletinlegal/ HTTP/1.1" 200 -
47.128.36.148 - - [29/Mar/2024:12:56:46 -0500] "GET /BLA/resoluciones/AUTOS%202021/0245.php?act=cmd&d=E%3A%5Cnuevo%5Chtdocs%5Ccumbreclima%5Cthumbs%5C HTTP/1.1" 200 2744
172.22.2.4 - - [29/Mar/2024:12:55:54 -0500] "GET /BLA/boletinlegal/ HTTP/1.1" 200 53419
172.22.2.4 - - [29/Mar/2024:12:57:46 -0500] "GET /BLA/boletinlegal/jurisprudencia.php HTTP/1.1" 200 17637
47.128.44.255 - - [29/Mar/2024:12:58:23 -0500] "GET /BLA/resoluciones/AUTOS%202021/0245.php?act=chmod&d=E%3A%5Cnuevo%5Chtdocs%5Ccumbredelclima%5Cwp-includes&f=feed-atom-comments.php HTTP/1.1" 200 2894
47.128.46.229 - - [29/Mar/2024:12:58:44 -0500] "GET /BLA/resoluciones/AUTOS%202021/0245.php?act=security&d=E%3A%5Cnuevo%5Chtdocs%5CPruebasSTORM%5CStormSDA_pruebas%5C HTTP/1.1" 200 2789
146.19.24.28 - - [29/Mar/2024:12:58:46 -0500] "GET / HTTP/1.1" 200 319
47.128.46.48 - - [29/Mar/2024:12:59:08 -0500] "GET /BLA/resoluciones/AUTOS%202021/0245.php?act=chmod&d=E%3A%5Cnuevo%5Cmailoutput&f=mail-20150902-1749-358000.txt HTTP/1.1" 200 2863
47.128.58.153 - - [29/Mar/2024:12:59:32 -0500] "GET /BLA/resoluciones/AUTOS%202021/0245.php?act=eval&d=E%3A%5Cnuevo%5Chtdocs%5CBLA%5Cresoluciones%5CRESOLUCIONES+2004%5C HTTP/1.1" 200 2778
216.245.221.92 - - [29/Mar/2024:12:59:44 -0500] "HEAD / HTTP/1.1" 200 -
40.77.167.59 - - [29/Mar/2024:12:59:56 -0500] "GET /BLA/resoluciones/RESOLUCIONES%202021/0029.pdf HTTP/1.1" 200 581242
47.128.44.211 - - [29/Mar/2024:12:59:57 -0500] "GET /BLA/resoluciones/AUTOS%202021/0245.php?act=f&d=E%3A%5Cnuevo%5Chtdocs%5Ccumbredelclima%5Cwp-admin&f=about.php HTTP/1.1" 200 7107
47.128.44.211 - - [29/Mar/2024:12:59:58 -0500] "GET /BLA/resoluciones/AUTOS%202021/0245.php?act=img&img=ext_html HTTP/1.1" 200 230
47.128.44.211 - - [29/Mar/2024:12:59:58 -0500] "GET /BLA/resoluciones/AUTOS%202021/0245.php?act=img&img=ext_diz HTTP/1.1" 200 1027
47.128.44.211 - - [29/Mar/2024:12:59:58 -0500] "GET /BLA/resoluciones/AUTOS%202021/0245.php?act=img&img=ext_gif HTTP/1.1" 200 175
47.128.44.211 - - [29/Mar/2024:12:59:58 -0500] "GET /BLA/resoluciones/AUTOS%202021/0245.php?act=img&img=ext_php HTTP/1.1" 200 79
47.128.44.211 - - [29/Mar/2024:12:59:58 -0500] "GET /BLA/resoluciones/AUTOS%202021/0245.php?act=img&img=ext_txt HTTP/1.1" 200 132
47.128.44.211 - - [29/Mar/2024:12:59:58 -0500] "GET /BLA/resoluciones/AUTOS%202021/0245.php?act=img&img=ext_exe HTTP/1.1" 200 118
47.128.44.211 - - [29/Mar/2024:12:59:58 -0500] "GET /BLA/resoluciones/AUTOS%202021/0245.php?act=img&img=ext_ini HTTP/1.1" 200 134
47.128.44.211 - - [29/Mar/2024:12:59:58 -0500] "GET /BLA/resoluciones/AUTOS%202021/0245.php?act=img&img=download HTTP/1.1" 200 161
47.128.44.211 - - [29/Mar/2024:12:59:58 -0500] "GET /BLA/resoluciones/AUTOS%202021/0245.php?act=img&img=ext_rtf HTTP/1.1" 200 164
47.128.44.211 - - [29/Mar/2024:12:59:58 -0500] "GET /BLA/resoluciones/AUTOS%202021/0245.php?act=img&img=change HTTP/1.1" 200 290
201.245.192.253 - - [29/Mar/2024:13:00:04 -0500] "POST /kwsrmcab/Wsrmcab  HTTP/1.1" 200 39660
47.128.97.11 - - [29/Mar/2024:13:00:21 -0500] "GET /BLA/resoluciones/AUTOS%202021/0245.php?act=chmod&d=E%3A%5Cnuevo%5Chtdocs%5Ccumbreclima%5Cwp-includes&f=post-template.php HTTP/1.1" 200 2889
47.128.97.108 - - [29/Mar/2024:13:00:45 -0500] "GET /BLA/resoluciones/AUTOS%202021/0245.php?act=img&img=ext_txt HTTP/1.1" 200 132
47.128.97.108 - - [29/Mar/2024:13:00:45 -0500] "GET /BLA/resoluciones/AUTOS%202021/0245.php?act=img&img=ext_html HTTP/1.1" 200 230
47.128.97.108 - - [29/Mar/2024:13:00:45 -0500] "GET /BLA/resoluciones/AUTOS%202021/0245.php?act=img&img=ext_php HTTP/1.1" 200 79
47.128.97.108 - - [29/Mar/2024:13:00:45 -0500] "GET /BLA/resoluciones/AUTOS%202021/0245.php?act=img&img=ext_exe HTTP/1.1" 200 118
47.128.97.108 - - [29/Mar/2024:13:00:45 -0500] "GET /BLA/resoluciones/AUTOS%202021/0245.php?act=img&img=ext_diz HTTP/1.1" 200 1027
47.128.97.108 - - [29/Mar/2024:13:00:46 -0500] "GET /BLA/resoluciones/AUTOS%202021/0245.php?act=img&img=ext_gif HTTP/1.1" 200 175
47.128.97.108 - - [29/Mar/2024:13:00:46 -0500] "GET /BLA/resoluciones/AUTOS%202021/0245.php?act=img&img=ext_rtf HTTP/1.1" 200 164
47.128.97.108 - - [29/Mar/2024:13:00:46 -0500] "GET /BLA/resoluciones/AUTOS%202021/0245.php?act=img&img=ext_ini HTTP/1.1" 200 134
47.128.97.108 - - [29/Mar/2024:13:00:46 -0500] "GET /BLA/resoluciones/AUTOS%202021/0245.php?act=img&img=change HTTP/1.1" 200 290
47.128.97.108 - - [29/Mar/2024:13:00:46 -0500] "GET /BLA/resoluciones/AUTOS%202021/0245.php?act=img&img=download HTTP/1.1" 200 161
47.128.97.108 - - [29/Mar/2024:13:00:44 -0500] "GET /BLA/resoluciones/AUTOS%202021/0245.php?act=f&d=E%3A%5Cnuevo%5Chtdocs%5Ccumbredelclima%5Cwp-includes&f=formatting.php HTTP/1.1" 200 62742
40.77.167.132 - - [29/Mar/2024:13:00:56 -0500] "GET /BLA/resoluciones/RESOLUCIONES%202021/3833.pdf HTTP/1.1" 200 463290
201.245.192.253 - - [29/Mar/2024:13:01:03 -0500] "POST /kwsrmcab/Wsrmcab  HTTP/1.1" 200 39660
201.245.192.253 - - [29/Mar/2024:12:58:55 -0500] "POST /kwsrmcab/Wsrmcab  HTTP/1.1" 200 14501
114.119.132.238 - - [29/Mar/2024:13:02:11 -0500] "GET /galeria/galeria/fotos/Jaboque1P.jpg HTTP/1.1" 200 29995
172.22.2.4 - - [29/Mar/2024:13:00:53 -0500] "HEAD /BLA/boletinlegal/ HTTP/1.1" 200 -
191.156.145.79 - - [29/Mar/2024:13:03:15 -0500] "GET /sipse/faces/index.xhtml HTTP/1.1" 200 677
191.156.145.79 - - [29/Mar/2024:13:03:16 -0500] "GET /sipse/faces/javax.faces.resource/theme.css?ln=primefaces-sipse HTTP/1.1" 304 -
191.156.145.127 - - [29/Mar/2024:13:03:16 -0500] "GET /sipse/faces/javax.faces.resource/theme.css?ln=primefaces-sipse HTTP/1.1" 304 -
191.156.145.79 - - [29/Mar/2024:13:03:16 -0500] "GET /sipse/css/custom_css_sg.css HTTP/1.1" 304 -
191.156.148.81 - - [29/Mar/2024:13:03:16 -0500] "GET /sipse/css/custom_css_sg_prime_login.css HTTP/1.1" 304 -
191.156.159.240 - - [29/Mar/2024:13:03:16 -0500] "GET /sipse/faces/javax.faces.resource/primefaces.css?ln=primefaces&v=4.0 HTTP/1.1" 304 -
191.156.145.79 - - [29/Mar/2024:13:03:16 -0500] "GET /sipse/faces/javax.faces.resource/layout/layout.css?ln=primefaces&v=4.0 HTTP/1.1" 304 -
191.156.145.127 - - [29/Mar/2024:13:03:16 -0500] "GET /sipse/js/disable_browser_buttons.js HTTP/1.1" 304 -
191.156.145.79 - - [29/Mar/2024:13:03:16 -0500] "GET /sipse/js/funciones.js HTTP/1.1" 304 -
191.156.148.81 - - [29/Mar/2024:13:03:16 -0500] "GET /sipse/faces/javax.faces.resource/primefaces.js?ln=primefaces&v=4.0 HTTP/1.1" 304 -
191.156.159.240 - - [29/Mar/2024:13:03:16 -0500] "GET /sipse/faces/javax.faces.resource/jquery/jquery.js?ln=primefaces&v=4.0 HTTP/1.1" 304 -
191.156.145.127 - - [29/Mar/2024:13:03:16 -0500] "GET /sipse/faces/javax.faces.resource/jquery/jquery-plugins.js?ln=primefaces&v=4.0 HTTP/1.1" 304 -
191.156.148.81 - - [29/Mar/2024:13:03:16 -0500] "GET /sipse/faces/javax.faces.resource/layout/layout.js?ln=primefaces&v=4.0 HTTP/1.1" 304 -
191.156.148.81 - - [29/Mar/2024:13:03:17 -0500] "GET /sipse/css/imagen/logoSDG.png HTTP/1.1" 304 -
191.156.145.79 - - [29/Mar/2024:13:03:17 -0500] "GET /sipse/css/imagen/loginimg.png HTTP/1.1" 304 -
191.156.145.79 - - [29/Mar/2024:13:03:16 -0500] "GET /sipse/faces/faces/autenticacion.xhtml HTTP/1.1" 200 12411
191.156.145.79 - - [29/Mar/2024:13:03:17 -0500] "GET /sipse/faces/javax.faces.resource/images/ui-icons_898989_256x240.png?ln=primefaces-aristo HTTP/1.1" 304 -
191.156.148.81 - - [29/Mar/2024:13:03:19 -0500] "POST /sipse/faces/autenticacion.xhtml HTTP/1.1" 200 2217
191.156.148.81 - - [29/Mar/2024:13:03:20 -0500] "GET /sipse/faces/javax.faces.resource/messages/messages.png?ln=primefaces&v=4.0 HTTP/1.1" 304 -
191.156.148.81 - - [29/Mar/2024:13:03:21 -0500] "POST /sipse/faces/autenticacion.xhtml HTTP/1.1" 200 16342
191.156.148.81 - - [29/Mar/2024:13:03:21 -0500] "GET /sipse/css/custom_css_sg_prime.css HTTP/1.1" 304 -
191.156.145.127 - - [29/Mar/2024:13:03:21 -0500] "GET /sipse/faces/javax.faces.resource/layout/layout.css?ln=primefaces&v=4.0 HTTP/1.1" 304 -
191.156.145.79 - - [29/Mar/2024:13:03:21 -0500] "GET /sipse/faces/javax.faces.resource/theme.css?ln=primefaces-sipse HTTP/1.1" 304 -
191.156.145.79 - - [29/Mar/2024:13:03:21 -0500] "GET /sipse/faces/javax.faces.resource/primefaces.css?ln=primefaces&v=4.0 HTTP/1.1" 304 -
191.156.145.79 - - [29/Mar/2024:13:03:21 -0500] "GET /sipse/js/jquery.min.js HTTP/1.1" 304 -
191.156.145.79 - - [29/Mar/2024:13:03:21 -0500] "GET /sipse/faces/javax.faces.resource/jquery/jquery.js?ln=primefaces&v=4.0 HTTP/1.1" 304 -
191.156.145.79 - - [29/Mar/2024:13:03:22 -0500] "GET /sipse/faces/javax.faces.resource/jquery/jquery-plugins.js?ln=primefaces&v=4.0 HTTP/1.1" 304 -
191.156.145.79 - - [29/Mar/2024:13:03:22 -0500] "GET /sipse/faces/javax.faces.resource/primefaces.js?ln=primefaces&v=4.0 HTTP/1.1" 304 -
191.156.145.79 - - [29/Mar/2024:13:03:22 -0500] "GET /sipse/faces/javax.faces.resource/layout/layout.js?ln=primefaces&v=4.0 HTTP/1.1" 304 -
191.156.145.79 - - [29/Mar/2024:13:03:22 -0500] "GET /sipse/css/imagen/contrasena.png HTTP/1.1" 404 383
191.156.145.79 - - [29/Mar/2024:13:03:22 -0500] "GET /sipse/css/v_mergente.css HTTP/1.1" 304 -
191.156.145.127 - - [29/Mar/2024:13:03:22 -0500] "GET /sipse/imagenes/logoAplicacion.jpg HTTP/1.1" 304 -
191.156.145.79 - - [29/Mar/2024:13:03:22 -0500] "GET /sipse/imagenes/cargando.gif HTTP/1.1" 304 -
172.22.2.4 - - [29/Mar/2024:13:01:44 -0500] "GET /BLA/boletinlegal/ HTTP/1.1" 200 58273
191.156.145.79 - - [29/Mar/2024:13:03:31 -0500] "GET /sipse/faces/index.xhtml HTTP/1.1" 200 677
191.156.145.79 - - [29/Mar/2024:13:03:32 -0500] "GET /sipse/faces/javax.faces.resource/theme.css?ln=primefaces-sipse HTTP/1.1" 304 -
191.156.145.127 - - [29/Mar/2024:13:03:32 -0500] "GET /sipse/faces/javax.faces.resource/layout/layout.css?ln=primefaces&v=4.0 HTTP/1.1" 304 -
191.156.145.79 - - [29/Mar/2024:13:03:32 -0500] "GET /sipse/faces/javax.faces.resource/theme.css?ln=primefaces-sipse HTTP/1.1" 304 -
191.156.145.79 - - [29/Mar/2024:13:03:32 -0500] "GET /sipse/faces/javax.faces.resource/primefaces.css?ln=primefaces&v=4.0 HTTP/1.1" 304 -
191.156.148.81 - - [29/Mar/2024:13:03:32 -0500] "GET /sipse/faces/javax.faces.resource/jquery/jquery.js?ln=primefaces&v=4.0 HTTP/1.1" 304 -
191.156.145.79 - - [29/Mar/2024:13:03:32 -0500] "GET /sipse/faces/javax.faces.resource/jquery/jquery-plugins.js?ln=primefaces&v=4.0 HTTP/1.1" 304 -
191.156.145.79 - - [29/Mar/2024:13:03:32 -0500] "GET /sipse/faces/javax.faces.resource/primefaces.js?ln=primefaces&v=4.0 HTTP/1.1" 304 -
191.156.148.81 - - [29/Mar/2024:13:03:32 -0500] "GET /sipse/faces/javax.faces.resource/layout/layout.js?ln=primefaces&v=4.0 HTTP/1.1" 304 -
191.156.145.79 - - [29/Mar/2024:13:03:32 -0500] "GET /sipse/faces/faces/autenticacion.xhtml HTTP/1.1" 200 12417
191.156.145.127 - - [29/Mar/2024:13:03:33 -0500] "GET /sipse/faces/javax.faces.resource/images/ui-icons_898989_256x240.png?ln=primefaces-aristo HTTP/1.1" 304 -
191.156.145.127 - - [29/Mar/2024:13:03:35 -0500] "POST /sipse/faces/autenticacion.xhtml HTTP/1.1" 200 2217
191.156.145.127 - - [29/Mar/2024:13:03:35 -0500] "GET /sipse/faces/javax.faces.resource/messages/messages.png?ln=primefaces&v=4.0 HTTP/1.1" 304 -
191.156.145.127 - - [29/Mar/2024:13:03:37 -0500] "POST /sipse/faces/autenticacion.xhtml HTTP/1.1" 200 16342
191.156.145.79 - - [29/Mar/2024:13:03:38 -0500] "GET /sipse/faces/javax.faces.resource/primefaces.css?ln=primefaces&v=4.0 HTTP/1.1" 304 -
191.156.145.127 - - [29/Mar/2024:13:03:38 -0500] "GET /sipse/faces/javax.faces.resource/theme.css?ln=primefaces-sipse HTTP/1.1" 304 -
191.156.145.79 - - [29/Mar/2024:13:03:38 -0500] "GET /sipse/faces/javax.faces.resource/layout/layout.css?ln=primefaces&v=4.0 HTTP/1.1" 304 -
191.156.148.81 - - [29/Mar/2024:13:03:38 -0500] "GET /sipse/faces/javax.faces.resource/jquery/jquery.js?ln=primefaces&v=4.0 HTTP/1.1" 304 -
191.156.148.81 - - [29/Mar/2024:13:03:39 -0500] "GET /sipse/faces/javax.faces.resource/jquery/jquery-plugins.js?ln=primefaces&v=4.0 HTTP/1.1" 304 -
191.156.148.81 - - [29/Mar/2024:13:03:40 -0500] "GET /sipse/faces/javax.faces.resource/primefaces.js?ln=primefaces&v=4.0 HTTP/1.1" 304 -
191.156.148.81 - - [29/Mar/2024:13:03:40 -0500] "GET /sipse/faces/javax.faces.resource/layout/layout.js?ln=primefaces&v=4.0 HTTP/1.1" 304 -
191.156.148.81 - - [29/Mar/2024:13:03:40 -0500] "GET /sipse/css/imagen/contrasena.png HTTP/1.1" 404 383
40.77.167.16 - - [29/Mar/2024:13:03:44 -0500] "GET /BLA/resoluciones/AUTOS%202013/0606.pdf HTTP/1.1" 304 -
191.156.145.79 - - [29/Mar/2024:13:03:53 -0500] "GET /sipse/faces/javax.faces.resource/images/ui-bg_flat_0_2d5972_40x100.png?ln=primefaces-aristo HTTP/1.1" 304 -
191.156.148.81 - - [29/Mar/2024:13:03:53 -0500] "POST /sipse/faces/bienvenido.xhtml HTTP/1.1" 200 9852
191.156.148.81 - - [29/Mar/2024:13:03:55 -0500] "POST /sipse/faces/bienvenido.xhtml HTTP/1.1" 200 2658
191.156.148.81 - - [29/Mar/2024:13:03:56 -0500] "POST /sipse/faces/bienvenido.xhtml HTTP/1.1" 200 64156
191.156.145.79 - - [29/Mar/2024:13:04:03 -0500] "GET /sipse/faces/javax.faces.resource/primefaces.css?ln=primefaces&v=4.0 HTTP/1.1" 304 -
191.156.148.81 - - [29/Mar/2024:13:04:03 -0500] "GET /sipse/faces/javax.faces.resource/theme.css?ln=primefaces-sipse HTTP/1.1" 304 -
191.156.149.218 - - [29/Mar/2024:13:04:03 -0500] "GET /sipse/faces/javax.faces.resource/jquery/jquery.js?ln=primefaces&v=4.0 HTTP/1.1" 304 -
191.156.148.81 - - [29/Mar/2024:13:04:03 -0500] "GET /sipse/faces/javax.faces.resource/layout/layout.css?ln=primefaces&v=4.0 HTTP/1.1" 304 -
191.156.148.81 - - [29/Mar/2024:13:04:03 -0500] "GET /sipse/faces/javax.faces.resource/jquery/jquery-plugins.js?ln=primefaces&v=4.0 HTTP/1.1" 304 -
191.156.148.81 - - [29/Mar/2024:13:04:03 -0500] "GET /sipse/faces/javax.faces.resource/primefaces.js?ln=primefaces&v=4.0 HTTP/1.1" 304 -
191.156.148.81 - - [29/Mar/2024:13:04:03 -0500] "GET /sipse/faces/javax.faces.resource/layout/layout.js?ln=primefaces&v=4.0 HTTP/1.1" 304 -
191.156.148.81 - - [29/Mar/2024:13:04:03 -0500] "POST /sipse/faces/presentacion/financiero/solicitudProceso/listarSolicitudProceso.xhtml HTTP/1.1" 200 1560
172.22.2.4 - - [29/Mar/2024:13:04:09 -0500] "GET /BLA/boletinlegal/actos.php HTTP/1.1" 200 9738
191.156.148.81 - - [29/Mar/2024:13:04:10 -0500] "POST /sipse/faces/presentacion/financiero/solicitudProceso/listarSolicitudProceso.xhtml HTTP/1.1" 200 48985
191.156.148.81 - - [29/Mar/2024:13:04:12 -0500] "POST /sipse/faces/presentacion/financiero/solicitudProceso/listarSolicitudProceso.xhtml HTTP/1.1" 200 48868
191.156.148.81 - - [29/Mar/2024:13:04:15 -0500] "POST /sipse/faces/presentacion/financiero/solicitudProceso/listarSolicitudProceso.xhtml HTTP/1.1" 200 23096
191.156.148.81 - - [29/Mar/2024:13:04:17 -0500] "POST /sipse/faces/presentacion/financiero/solicitudProceso/listarSolicitudProceso.xhtml HTTP/1.1" 200 23112
191.156.148.81 - - [29/Mar/2024:13:04:18 -0500] "POST /sipse/faces/presentacion/financiero/solicitudProceso/listarSolicitudProceso.xhtml HTTP/1.1" 200 23096
216.245.221.92 - - [29/Mar/2024:13:04:44 -0500] "HEAD / HTTP/1.1" 200 -
191.156.145.17 - - [29/Mar/2024:13:04:51 -0500] "GET /sipse/faces/index.xhtml HTTP/1.1" 200 677
172.22.2.4 - - [29/Mar/2024:13:05:05 -0500] "GET /BLA/boletinlegal/js/ajax_actos.js HTTP/1.1" 200 1322
40.77.167.16 - - [29/Mar/2024:13:05:47 -0500] "GET /BLA/resoluciones/RESOLUCIONES%202021/1131.pdf HTTP/1.1" 200 503536
191.156.159.240 - - [29/Mar/2024:13:05:51 -0500] "GET /sipse/faces/index.xhtml HTTP/1.1" 200 677
191.156.159.240 - - [29/Mar/2024:13:05:51 -0500] "GET /sipse/faces/javax.faces.resource/theme.css?ln=primefaces-sipse HTTP/1.1" 304 -
191.156.147.131 - - [29/Mar/2024:13:05:51 -0500] "GET /sipse/faces/javax.faces.resource/theme.css?ln=primefaces-sipse HTTP/1.1" 304 -
191.156.159.240 - - [29/Mar/2024:13:05:52 -0500] "GET /sipse/faces/javax.faces.resource/jquery/jquery.js?ln=primefaces&v=4.0 HTTP/1.1" 304 -
191.156.145.127 - - [29/Mar/2024:13:05:52 -0500] "GET /sipse/faces/javax.faces.resource/layout/layout.css?ln=primefaces&v=4.0 HTTP/1.1" 304 -
191.156.147.131 - - [29/Mar/2024:13:05:52 -0500] "GET /sipse/faces/javax.faces.resource/jquery/jquery-plugins.js?ln=primefaces&v=4.0 HTTP/1.1" 304 -
191.156.149.250 - - [29/Mar/2024:13:05:52 -0500] "GET /sipse/faces/javax.faces.resource/primefaces.css?ln=primefaces&v=4.0 HTTP/1.1" 304 -
191.156.159.240 - - [29/Mar/2024:13:05:51 -0500] "GET /sipse/faces/faces/autenticacion.xhtml HTTP/1.1" 200 12417
191.156.159.240 - - [29/Mar/2024:13:05:52 -0500] "GET /sipse/faces/javax.faces.resource/primefaces.js?ln=primefaces&v=4.0 HTTP/1.1" 304 -
191.156.149.250 - - [29/Mar/2024:13:05:52 -0500] "GET /sipse/faces/javax.faces.resource/layout/layout.js?ln=primefaces&v=4.0 HTTP/1.1" 304 -
191.156.159.240 - - [29/Mar/2024:13:05:52 -0500] "GET /sipse/faces/javax.faces.resource/images/ui-icons_898989_256x240.png?ln=primefaces-aristo HTTP/1.1" 304 -
191.156.159.240 - - [29/Mar/2024:13:05:55 -0500] "POST /sipse/faces/autenticacion.xhtml HTTP/1.1" 200 16827
191.156.159.240 - - [29/Mar/2024:13:05:57 -0500] "GET /sipse/faces/javax.faces.resource/theme.css?ln=primefaces-sipse HTTP/1.1" 304 -
191.156.145.127 - - [29/Mar/2024:13:05:57 -0500] "GET /sipse/faces/javax.faces.resource/primefaces.css?ln=primefaces&v=4.0 HTTP/1.1" 304 -
191.156.159.240 - - [29/Mar/2024:13:05:57 -0500] "GET /sipse/faces/javax.faces.resource/layout/layout.css?ln=primefaces&v=4.0 HTTP/1.1" 304 -
191.156.149.250 - - [29/Mar/2024:13:05:57 -0500] "GET /sipse/faces/javax.faces.resource/jquery/jquery.js?ln=primefaces&v=4.0 HTTP/1.1" 304 -
191.156.149.250 - - [29/Mar/2024:13:05:57 -0500] "GET /sipse/faces/javax.faces.resource/jquery/jquery-plugins.js?ln=primefaces&v=4.0 HTTP/1.1" 304 -
191.156.149.250 - - [29/Mar/2024:13:05:57 -0500] "GET /sipse/faces/javax.faces.resource/primefaces.js?ln=primefaces&v=4.0 HTTP/1.1" 304 -
191.156.149.250 - - [29/Mar/2024:13:05:57 -0500] "GET /sipse/faces/javax.faces.resource/layout/layout.js?ln=primefaces&v=4.0 HTTP/1.1" 304 -
191.156.159.240 - - [29/Mar/2024:13:05:57 -0500] "GET /sipse/css/imagen/contrasena.png HTTP/1.1" 404 383
191.156.145.127 - - [29/Mar/2024:13:05:57 -0500] "GET /sipse/faces/javax.faces.resource/messages/messages.png?ln=primefaces&v=4.0 HTTP/1.1" 304 -
191.156.149.250 - - [29/Mar/2024:13:05:57 -0500] "POST /sipse/faces/bienvenido.xhtml HTTP/1.1" 200 732
191.156.149.250 - - [29/Mar/2024:13:06:02 -0500] "GET /sipse/faces/javax.faces.resource/images/ui-bg_flat_0_2d5972_40x100.png?ln=primefaces-aristo HTTP/1.1" 304 -
191.156.159.240 - - [29/Mar/2024:13:06:02 -0500] "POST /sipse/faces/bienvenido.xhtml HTTP/1.1" 200 2658
201.245.192.253 - - [29/Mar/2024:13:06:02 -0500] "POST /kwsrmcab/Wsrmcab  HTTP/1.1" 200 39660
191.156.159.240 - - [29/Mar/2024:13:06:03 -0500] "POST /sipse/faces/bienvenido.xhtml HTTP/1.1" 200 39055
191.156.145.127 - - [29/Mar/2024:13:06:05 -0500] "GET /sipse/faces/javax.faces.resource/layout/layout.css?ln=primefaces&v=4.0 HTTP/1.1" 304 -
191.156.159.240 - - [29/Mar/2024:13:06:05 -0500] "GET /sipse/faces/javax.faces.resource/theme.css?ln=primefaces-sipse HTTP/1.1" 304 -
191.156.149.250 - - [29/Mar/2024:13:06:05 -0500] "GET /sipse/faces/javax.faces.resource/primefaces.css?ln=primefaces&v=4.0 HTTP/1.1" 304 -
191.156.159.240 - - [29/Mar/2024:13:06:05 -0500] "GET /sipse/faces/javax.faces.resource/jquery/jquery.js?ln=primefaces&v=4.0 HTTP/1.1" 304 -
191.156.159.240 - - [29/Mar/2024:13:06:05 -0500] "GET /sipse/faces/javax.faces.resource/jquery/jquery-plugins.js?ln=primefaces&v=4.0 HTTP/1.1" 304 -
191.156.159.240 - - [29/Mar/2024:13:06:05 -0500] "GET /sipse/faces/javax.faces.resource/primefaces.js?ln=primefaces&v=4.0 HTTP/1.1" 304 -
191.156.159.240 - - [29/Mar/2024:13:06:06 -0500] "GET /sipse/faces/javax.faces.resource/layout/layout.js?ln=primefaces&v=4.0 HTTP/1.1" 304 -
191.156.159.240 - - [29/Mar/2024:13:06:06 -0500] "POST /sipse/faces/presentacion/financiero/solicitudProceso/listarSolicitudProceso.xhtml HTTP/1.1" 200 1420
191.156.159.240 - - [29/Mar/2024:13:06:09 -0500] "POST /sipse/faces/presentacion/financiero/solicitudProceso/listarSolicitudProceso.xhtml HTTP/1.1" 200 140528
191.156.159.240 - - [29/Mar/2024:13:06:14 -0500] "GET /sipse/faces/javax.faces.resource/theme.css?ln=primefaces-sipse HTTP/1.1" 304 -
191.156.149.250 - - [29/Mar/2024:13:06:14 -0500] "GET /sipse/faces/javax.faces.resource/layout/layout.css?ln=primefaces&v=4.0 HTTP/1.1" 304 -
191.156.159.240 - - [29/Mar/2024:13:06:14 -0500] "GET /sipse/faces/javax.faces.resource/primefaces.css?ln=primefaces&v=4.0 HTTP/1.1" 304 -
191.156.145.127 - - [29/Mar/2024:13:06:14 -0500] "GET /sipse/faces/javax.faces.resource/jquery/jquery.js?ln=primefaces&v=4.0 HTTP/1.1" 304 -
191.156.145.127 - - [29/Mar/2024:13:06:14 -0500] "GET /sipse/faces/javax.faces.resource/jquery/jquery-plugins.js?ln=primefaces&v=4.0 HTTP/1.1" 304 -
191.156.145.127 - - [29/Mar/2024:13:06:14 -0500] "GET /sipse/faces/javax.faces.resource/primefaces.js?ln=primefaces&v=4.0 HTTP/1.1" 304 -
191.156.145.127 - - [29/Mar/2024:13:06:14 -0500] "GET /sipse/faces/javax.faces.resource/layout/layout.js?ln=primefaces&v=4.0 HTTP/1.1" 304 -
172.22.1.61 - - [29/Mar/2024:13:06:20 -0500] "GET /reportes_sipse/sdg/ServletFirma?solicitud=25006 HTTP/1.1" 200 -
191.156.145.127 - - [29/Mar/2024:13:06:20 -0500] "POST /sipse/faces/presentacion/financiero/solicitudProceso/consultarSolicitudProceso.xhtml HTTP/1.1" 200 36568
191.156.149.250 - - [29/Mar/2024:13:06:25 -0500] "GET /sipse/faces/javax.faces.resource/layout/layout.css?ln=primefaces&v=4.0 HTTP/1.1" 304 -
191.156.159.240 - - [29/Mar/2024:13:06:25 -0500] "GET /sipse/faces/javax.faces.resource/primefaces.css?ln=primefaces&v=4.0 HTTP/1.1" 304 -
191.156.145.127 - - [29/Mar/2024:13:06:25 -0500] "GET /sipse/faces/javax.faces.resource/theme.css?ln=primefaces-sipse HTTP/1.1" 304 -
191.156.159.240 - - [29/Mar/2024:13:06:25 -0500] "GET /sipse/faces/javax.faces.resource/jquery/jquery.js?ln=primefaces&v=4.0 HTTP/1.1" 304 -
191.156.159.240 - - [29/Mar/2024:13:06:25 -0500] "GET /sipse/faces/javax.faces.resource/jquery/jquery-plugins.js?ln=primefaces&v=4.0 HTTP/1.1" 304 -
191.156.159.240 - - [29/Mar/2024:13:06:25 -0500] "GET /sipse/faces/javax.faces.resource/primefaces.js?ln=primefaces&v=4.0 HTTP/1.1" 304 -
191.156.159.240 - - [29/Mar/2024:13:06:26 -0500] "GET /sipse/faces/javax.faces.resource/layout/layout.js?ln=primefaces&v=4.0 HTTP/1.1" 304 -
191.156.159.240 - - [29/Mar/2024:13:06:26 -0500] "POST /sipse/faces/presentacion/financiero/solicitudProceso/listarSolicitudProceso.xhtml HTTP/1.1" 200 1400
186.116.223.156 - - [29/Mar/2024:13:07:45 -0500] "GET /appsia/controlador HTTP/1.1" 200 4799
186.116.223.156 - - [29/Mar/2024:13:07:45 -0500] "GET /appsia/scripts/validarIngreso.js HTTP/1.1" 200 851
186.116.223.156 - - [29/Mar/2024:13:07:45 -0500] "GET /appsia/css/estilos.css HTTP/1.1" 200 4804
186.116.223.156 - - [29/Mar/2024:13:07:45 -0500] "GET /appsia/images/logo_bogota_p.png HTTP/1.1" 200 14951
186.116.223.156 - - [29/Mar/2024:13:07:45 -0500] "GET /appsia/images/cabezoteHojaVida.png HTTP/1.1" 200 32493
186.116.223.156 - - [29/Mar/2024:13:07:51 -0500] "POST /appsia/controlador HTTP/1.1" 200 3596
186.116.223.156 - - [29/Mar/2024:13:07:51 -0500] "GET /appsia/jscripts/validarSolicitud.js HTTP/1.1" 404 68
186.116.223.156 - - [29/Mar/2024:13:08:00 -0500] "POST /appsia/controlador HTTP/1.1" 200 4799
207.46.13.31 - - [29/Mar/2024:13:08:15 -0500] "GET /portaldeninos/parque-mirador-de-los-nevados/ HTTP/1.1" 200 89855
172.22.2.4 - - [29/Mar/2024:13:06:43 -0500] "HEAD /BLA/boletinlegal/ HTTP/1.1" 200 -
207.46.13.31 - - [29/Mar/2024:13:08:27 -0500] "GET /portaldeninos/parque-mirador-de-los-nevados/ HTTP/1.1" 200 89855
186.116.223.156 - - [29/Mar/2024:13:08:45 -0500] "POST /appsia/controlador HTTP/1.1" 200 3625
186.116.223.156 - - [29/Mar/2024:13:08:45 -0500] "GET /appsia/jscripts/validarSolicitud.js HTTP/1.1" 404 68
186.116.223.156 - - [29/Mar/2024:13:08:54 -0500] "POST /appsia/controlador HTTP/1.1" 200 4799
172.22.2.4 - - [29/Mar/2024:13:07:34 -0500] "GET /BLA/boletinlegal/ HTTP/1.1" 200 58720
186.116.223.156 - - [29/Mar/2024:13:09:29 -0500] "POST /appsia/controlador HTTP/1.1" 200 3625
186.116.223.156 - - [29/Mar/2024:13:09:29 -0500] "GET /appsia/jscripts/validarSolicitud.js HTTP/1.1" 404 68
186.116.223.156 - - [29/Mar/2024:13:09:35 -0500] "POST /appsia/controlador HTTP/1.1" 200 4799
216.245.221.92 - - [29/Mar/2024:13:09:44 -0500] "HEAD / HTTP/1.1" 200 -
181.48.255.70 - - [29/Mar/2024:13:09:52 -0500] "GET /appsia/controlador HTTP/1.1" 200 4799
181.48.255.70 - - [29/Mar/2024:13:09:52 -0500] "GET /appsia/css/estilos.css HTTP/1.1" 200 4804
181.48.255.70 - - [29/Mar/2024:13:09:52 -0500] "GET /appsia/scripts/validarIngreso.js HTTP/1.1" 200 851
186.116.223.156 - - [29/Mar/2024:13:09:52 -0500] "POST /appsia/controlador HTTP/1.1" 200 3625
181.48.255.70 - - [29/Mar/2024:13:09:52 -0500] "GET /appsia/images/logo_bogota_p.png HTTP/1.1" 200 14951
181.48.255.70 - - [29/Mar/2024:13:09:53 -0500] "GET /appsia/images/cabezoteHojaVida.png HTTP/1.1" 200 32493
186.116.223.156 - - [29/Mar/2024:13:09:53 -0500] "GET /appsia/jscripts/validarSolicitud.js HTTP/1.1" 404 68
186.116.223.156 - - [29/Mar/2024:13:09:56 -0500] "POST /appsia/controlador HTTP/1.1" 200 4799
40.77.167.16 - - [29/Mar/2024:13:10:06 -0500] "GET /BLA/resoluciones/RESOLUCIONES%202021/1941.pdf HTTP/1.1" 200 431222
47.128.54.151 - - [29/Mar/2024:13:10:17 -0500] "GET /BLA/resoluciones/AUTOS%202021/0245.php?act=f&d=E%3A%5Cnuevo%5CMercuryMail%5C&f=mercuryb.htm&ft=phpsess HTTP/1.1" 200 3404
47.128.54.151 - - [29/Mar/2024:13:10:18 -0500] "GET /BLA/resoluciones/AUTOS%202021/0245.php?act=img&img=ext_rtf HTTP/1.1" 200 164
47.128.54.151 - - [29/Mar/2024:13:10:18 -0500] "GET /BLA/resoluciones/AUTOS%202021/0245.php?act=img&img=ext_html HTTP/1.1" 200 230
47.128.54.151 - - [29/Mar/2024:13:10:18 -0500] "GET /BLA/resoluciones/AUTOS%202021/0245.php?act=img&img=ext_diz HTTP/1.1" 200 1027
47.128.54.151 - - [29/Mar/2024:13:10:18 -0500] "GET /BLA/resoluciones/AUTOS%202021/0245.php?act=img&img=ext_exe HTTP/1.1" 200 118
47.128.54.151 - - [29/Mar/2024:13:10:18 -0500] "GET /BLA/resoluciones/AUTOS%202021/0245.php?act=img&img=ext_gif HTTP/1.1" 200 175
47.128.54.151 - - [29/Mar/2024:13:10:18 -0500] "GET /BLA/resoluciones/AUTOS%202021/0245.php?act=img&img=ext_txt HTTP/1.1" 200 132
47.128.54.151 - - [29/Mar/2024:13:10:18 -0500] "GET /BLA/resoluciones/AUTOS%202021/0245.php?act=img&img=ext_ini HTTP/1.1" 200 134
47.128.54.151 - - [29/Mar/2024:13:10:19 -0500] "GET /BLA/resoluciones/AUTOS%202021/0245.php?act=img&img=download HTTP/1.1" 200 161
47.128.54.151 - - [29/Mar/2024:13:10:19 -0500] "GET /BLA/resoluciones/AUTOS%202021/0245.php?act=img&img=ext_htm HTTP/1.1" 200 79
47.128.54.151 - - [29/Mar/2024:13:10:19 -0500] "GET /BLA/resoluciones/AUTOS%202021/0245.php?act=img&img=change HTTP/1.1" 200 290
47.128.37.164 - - [29/Mar/2024:13:10:41 -0500] "GET /BLA/resoluciones/AUTOS%202021/0245.php?act=f&d=E%3A%5Cnuevo%5Chtdocs%5CBLA%5Cresoluciones%5CAUTOS+2021&f=0846.pdf&ft=edit HTTP/1.1" 200 3105
47.128.37.164 - - [29/Mar/2024:13:10:42 -0500] "GET /BLA/resoluciones/AUTOS%202021/0245.php?act=img&img=ext_rtf HTTP/1.1" 200 164
47.128.37.164 - - [29/Mar/2024:13:10:42 -0500] "GET /BLA/resoluciones/AUTOS%202021/0245.php?act=img&img=ext_txt HTTP/1.1" 200 132
47.128.37.164 - - [29/Mar/2024:13:10:42 -0500] "GET /BLA/resoluciones/AUTOS%202021/0245.php?act=img&img=ext_diz HTTP/1.1" 200 1027
47.128.37.164 - - [29/Mar/2024:13:10:42 -0500] "GET /BLA/resoluciones/AUTOS%202021/0245.php?act=img&img=ext_exe HTTP/1.1" 200 118
47.128.37.164 - - [29/Mar/2024:13:10:42 -0500] "GET /BLA/resoluciones/AUTOS%202021/0245.php?act=img&img=ext_gif HTTP/1.1" 200 175
47.128.37.164 - - [29/Mar/2024:13:10:42 -0500] "GET /BLA/resoluciones/AUTOS%202021/0245.php?act=img&img=ext_html HTTP/1.1" 200 230
47.128.37.164 - - [29/Mar/2024:13:10:42 -0500] "GET /BLA/resoluciones/AUTOS%202021/0245.php?act=img&img=ext_ini HTTP/1.1" 200 134
47.128.37.164 - - [29/Mar/2024:13:10:43 -0500] "GET /BLA/resoluciones/AUTOS%202021/0245.php?act=img&img=change HTTP/1.1" 200 290
47.128.37.164 - - [29/Mar/2024:13:10:43 -0500] "GET /BLA/resoluciones/AUTOS%202021/0245.php?act=img&img=download HTTP/1.1" 200 161
47.128.37.164 - - [29/Mar/2024:13:10:43 -0500] "GET /BLA/resoluciones/AUTOS%202021/0245.php?act=img&img=ext_pdf HTTP/1.1" 200 1034
201.245.192.253 - - [29/Mar/2024:13:10:59 -0500] "POST /kwsrmcab/Wsrmcab  HTTP/1.1" 200 39660
47.128.41.95 - - [29/Mar/2024:13:11:05 -0500] "GET /BLA/resoluciones/AUTOS%202021/0245.php?act=chmod&d=E%3A%5Cnuevo%5Chtdocs%5Cvideos&f=NuestraGente_CiudadBolivar.flv HTTP/1.1" 200 2874
173.252.127.5 - - [29/Mar/2024:13:11:10 -0500] "GET /images/mercados-campesinos-5-mayo.jpg HTTP/1.1" 200 95848
172.22.2.4 - - [29/Mar/2024:13:12:52 -0500] "GET /BLA/boletinlegal/actos.php HTTP/1.1" 200 9738
172.22.2.4 - - [29/Mar/2024:13:12:52 -0500] "GET /BLA/boletinlegal/styles2.css HTTP/1.1" 200 1838
172.22.2.4 - - [29/Mar/2024:13:12:52 -0500] "GET /BLA/boletinlegal/niceforms-default.css HTTP/1.1" 200 6694
172.22.2.4 - - [29/Mar/2024:13:12:52 -0500] "GET /BLA/boletinlegal/js/ajax_actos.js HTTP/1.1" 200 1322
172.22.2.4 - - [29/Mar/2024:13:12:52 -0500] "GET /BLA/boletinlegal/js/lib.js HTTP/1.1" 200 6474
172.22.2.4 - - [29/Mar/2024:13:12:52 -0500] "GET /BLA/boletinlegal/style.css HTTP/1.1" 200 9406
172.22.2.4 - - [29/Mar/2024:13:12:52 -0500] "GET /BLA/boletinlegal/js/popup.js HTTP/1.1" 200 1270
172.22.2.4 - - [29/Mar/2024:13:12:52 -0500] "GET /BLA/boletinlegal/niceforms.js HTTP/1.1" 200 22876
172.22.2.4 - - [29/Mar/2024:13:12:52 -0500] "GET /BLA/boletinlegal/js/jquery1.js HTTP/1.1" 200 29846
172.22.2.4 - - [29/Mar/2024:13:12:52 -0500] "GET /BLA/boletinlegal/images/cabezote%20BLEGAL.jpg HTTP/1.1" 200 118164
172.22.2.4 - - [29/Mar/2024:13:12:52 -0500] "GET /BLA/boletinlegal/images/subscribe-icon-big.png HTTP/1.1" 200 47702
172.22.2.4 - - [29/Mar/2024:13:12:52 -0500] "GET /BLA/boletinlegal/images/registro-usuarios.png HTTP/1.1" 200 8106
172.22.2.4 - - [29/Mar/2024:13:12:52 -0500] "GET /BLA/boletinlegal/images/green-yellow-blue-pink-th.png HTTP/1.1" 200 7394
172.22.2.4 - - [29/Mar/2024:13:12:52 -0500] "GET /BLA/boletinlegal/images/historia.png HTTP/1.1" 200 52775
172.22.2.4 - - [29/Mar/2024:13:12:52 -0500] "GET /BLA/boletinlegal/images/icono-email.png HTTP/1.1" 200 5544
172.22.2.4 - - [29/Mar/2024:13:12:52 -0500] "GET /BLA/boletinlegal/images/tel.png HTTP/1.1" 200 14477
172.22.2.4 - - [29/Mar/2024:13:12:52 -0500] "GET /BLA/boletinlegal/images/body_bg.jpg HTTP/1.1" 200 1601
172.22.2.4 - - [29/Mar/2024:13:12:52 -0500] "GET /BLA/boletinlegal/images/menu_lft.gif HTTP/1.1" 200 1713
172.22.2.4 - - [29/Mar/2024:13:12:52 -0500] "GET /BLA/boletinlegal/images/menu_rght.gif HTTP/1.1" 200 1627
172.22.2.4 - - [29/Mar/2024:13:12:52 -0500] "GET /BLA/boletinlegal/images/bg_top.jpg HTTP/1.1" 200 522
172.22.2.4 - - [29/Mar/2024:13:12:52 -0500] "GET /BLA/boletinlegal/images/menu_bg.jpg HTTP/1.1" 200 620
172.22.2.4 - - [29/Mar/2024:13:12:52 -0500] "GET /BLA/boletinlegal/images/text.jpg HTTP/1.1" 200 568
172.22.2.4 - - [29/Mar/2024:13:12:52 -0500] "GET /BLA/boletinlegal/images/footer_bg.jpg HTTP/1.1" 200 586
172.22.2.4 - - [29/Mar/2024:13:12:52 -0500] "GET /BLA/boletinlegal/images/footer_bg_l.jpg HTTP/1.1" 200 776
172.22.2.4 - - [29/Mar/2024:13:12:52 -0500] "GET /BLA/boletinlegal/images/hover.jpg HTTP/1.1" 200 640
172.22.2.4 - - [29/Mar/2024:13:12:52 -0500] "GET /BLA/boletinlegal/img/select-right.png HTTP/1.1" 200 44019
172.22.2.4 - - [29/Mar/2024:13:12:52 -0500] "GET /BLA/boletinlegal/img/0.png HTTP/1.1" 200 110
172.22.2.4 - - [29/Mar/2024:13:12:52 -0500] "GET /BLA/boletinlegal/img/select-left.png HTTP/1.1" 200 263
172.22.2.4 - - [29/Mar/2024:13:12:52 -0500] "GET /BLA/boletinlegal/img/button.png HTTP/1.1" 200 43241
172.22.2.4 - - [29/Mar/2024:13:12:52 -0500] "GET /BLA/boletinlegal/img/button-left.png HTTP/1.1" 200 57071
172.22.2.4 - - [29/Mar/2024:13:12:52 -0500] "GET /BLA/boletinlegal/img/button-right.png HTTP/1.1" 200 57878
172.22.2.4 - - [29/Mar/2024:13:12:52 -0500] "GET /BLA/boletinlegal/favicon.ico HTTP/1.1" 404 1326
173.252.79.4 - - [29/Mar/2024:13:13:10 -0500] "GET /images/Rueda%20de%20prensa.jpeg HTTP/1.1" 200 58715
40.77.167.254 - - [29/Mar/2024:13:14:07 -0500] "GET /BLA/resoluciones/RESOLUCIONES%202021/3832.pdf HTTP/1.1" 200 428236
172.22.2.4 - - [29/Mar/2024:13:12:33 -0500] "HEAD /BLA/boletinlegal/ HTTP/1.1" 200 -
216.245.221.92 - - [29/Mar/2024:13:14:44 -0500] "HEAD / HTTP/1.1" 200 -
172.22.2.4 - - [29/Mar/2024:13:13:24 -0500] "GET /BLA/boletinlegal/ HTTP/1.1" 200 56191
114.119.132.170 - - [29/Mar/2024:13:15:06 -0500] "GET /BLA/resoluciones/index.php?dir=AUTOS%2B2006/&sort=name&order=desc HTTP/1.1" 200 14290
157.55.39.9 - - [29/Mar/2024:13:15:56 -0500] "GET /distrito-exalto-a-246-empresas-de-bogota-por-su-alto-desempeno-y-responsabilidad-ambiental-durante-2023.html HTTP/1.1" 200 1039
201.245.192.253 - - [29/Mar/2024:13:15:58 -0500] "POST /kwsrmcab/Wsrmcab  HTTP/1.1" 200 39660
114.119.158.113 - - [29/Mar/2024:13:17:02 -0500] "GET /BLA/resoluciones/index.php?dir=RESOLUCIONES%2B2015/&sort=name&order=desc HTTP/1.1" 200 14311
172.22.2.4 - - [29/Mar/2024:13:17:50 -0500] "GET /BLA/boletinlegal/favicon.ico HTTP/1.1" 404 1018
172.22.2.4 - - [29/Mar/2024:13:17:31 -0500] "GET /BLA/boletinlegal/ HTTP/1.1" 200 20427
172.22.2.4 - - [29/Mar/2024:13:17:34 -0500] "GET /BLA/boletinlegal/ HTTP/1.1" 200 32715
216.245.221.92 - - [29/Mar/2024:13:19:44 -0500] "HEAD / HTTP/1.1" 200 -
201.245.192.253 - - [29/Mar/2024:13:20:01 -0500] "POST /kwsrmcab/Wsrmcab HTTP/1.1" 200 39361
172.22.2.4 - - [29/Mar/2024:13:18:23 -0500] "HEAD /BLA/boletinlegal/ HTTP/1.1" 200 -
201.245.192.253 - - [29/Mar/2024:13:20:20 -0500] "POST /kwsrmcab/Wsrmcab HTTP/1.1" 200 39360
201.245.192.253 - - [29/Mar/2024:13:19:20 -0500] "POST /kwsrmcab/Wsrmcab HTTP/1.1" 200 14506
98.64.96.31 - - [29/Mar/2024:13:20:46 -0500] "GET /Publicaciones/2023EE305221.pdf HTTP/1.1" 404 228
201.245.192.253 - - [29/Mar/2024:13:20:47 -0500] "POST /kwsrmcab/Wsrmcab HTTP/1.1" 200 39360
172.22.2.4 - - [29/Mar/2024:13:19:14 -0500] "GET /BLA/boletinlegal/ HTTP/1.1" 200 53818
201.245.192.253 - - [29/Mar/2024:13:20:57 -0500] "POST /kwsrmcab/Wsrmcab  HTTP/1.1" 200 39660
172.22.2.4 - - [29/Mar/2024:13:21:11 -0500] "GET /BLA/boletinlegal/consulta_actos.php?tipo=resoluciones&no=00794&usuario=&sector=&fecha=2021&resuelve= HTTP/1.1" 200 626
