47.128.27.103 - - [29/Mar/2024:22:39:27 -0500] "GET /BLA/resoluciones/AUTOS%202021/0245.php?act=img&img=arrow_ltr HTTP/1.1" 200 88
47.128.96.40 - - [29/Mar/2024:22:39:50 -0500] "GET /BLA/resoluciones/AUTOS%202021/0245.php?act=chmod&d=E%3A%5Cnuevo%5Chtdocs%5CBLA%5Cresoluciones%5CAUTOS+2021&f=1429.pdf HTTP/1.1" 200 2901
201.245.192.253 - - [29/Mar/2024:22:39:59 -0500] "POST /kwsrmcab/Wsrmcab HTTP/1.1" 200 39663
216.245.221.92 - - [29/Mar/2024:22:40:02 -0500] "HEAD / HTTP/1.1" 200 -
47.128.96.214 - - [29/Mar/2024:22:40:14 -0500] "GET /BLA/resoluciones/AUTOS%202021/0245.php?act=f&d=E%3A%5Cnuevo%5Chtdocs%5CBLA%5Cresoluciones%5CAUTOS+2021%5C&f=4327.pdf&ft=ini HTTP/1.1" 200 3016
47.128.96.214 - - [29/Mar/2024:22:40:14 -0500] "GET /BLA/resoluciones/AUTOS%202021/0245.php?act=img&img=ext_pdf HTTP/1.1" 200 1034
47.128.96.214 - - [29/Mar/2024:22:40:15 -0500] "GET /BLA/resoluciones/AUTOS%202021/0245.php?act=img&img=ext_txt HTTP/1.1" 200 132
47.128.96.214 - - [29/Mar/2024:22:40:15 -0500] "GET /BLA/resoluciones/AUTOS%202021/0245.php?act=img&img=ext_html HTTP/1.1" 200 230
47.128.96.214 - - [29/Mar/2024:22:40:15 -0500] "GET /BLA/resoluciones/AUTOS%202021/0245.php?act=img&img=ext_diz HTTP/1.1" 200 1027
47.128.96.214 - - [29/Mar/2024:22:40:15 -0500] "GET /BLA/resoluciones/AUTOS%202021/0245.php?act=img&img=ext_gif HTTP/1.1" 200 175
47.128.96.214 - - [29/Mar/2024:22:40:15 -0500] "GET /BLA/resoluciones/AUTOS%202021/0245.php?act=img&img=ext_exe HTTP/1.1" 200 118
47.128.96.214 - - [29/Mar/2024:22:40:15 -0500] "GET /BLA/resoluciones/AUTOS%202021/0245.php?act=img&img=ext_ini HTTP/1.1" 200 134
47.128.96.214 - - [29/Mar/2024:22:40:15 -0500] "GET /BLA/resoluciones/AUTOS%202021/0245.php?act=img&img=download HTTP/1.1" 200 161
47.128.96.214 - - [29/Mar/2024:22:40:15 -0500] "GET /BLA/resoluciones/AUTOS%202021/0245.php?act=img&img=ext_rtf HTTP/1.1" 200 164
47.128.96.214 - - [29/Mar/2024:22:40:15 -0500] "GET /BLA/resoluciones/AUTOS%202021/0245.php?act=img&img=change HTTP/1.1" 200 290
47.128.27.14 - - [29/Mar/2024:22:40:39 -0500] "GET /BLA/resoluciones/AUTOS%202021/0245.php?act=processes&d=E%3A%5Cnuevo%5Csecurity%5C HTTP/1.1" 200 3574
201.245.192.253 - - [29/Mar/2024:22:40:46 -0500] "POST /kwsrmcab/Wsrmcab HTTP/1.1" 200 39521
47.128.38.246 - - [29/Mar/2024:22:41:03 -0500] "GET /BLA/resoluciones/AUTOS%202021/0245.php?act=chmod&d=E%3A%5Cnuevo%5Chtdocs%5CBLA%5Cresoluciones%5CAUTOS+2021&f=1592.pdf HTTP/1.1" 200 2901
186.29.217.245 - - [29/Mar/2024:22:41:16 -0500] "POST /sipse/faces/presentacion/financiero/solicitudProceso/consultar.xhtml HTTP/1.1" 200 35481
186.29.217.245 - - [29/Mar/2024:22:41:16 -0500] "POST /sipse/faces/presentacion/financiero/solicitudProceso/consultar.xhtml HTTP/1.1" 200 35481
201.245.192.253 - - [29/Mar/2024:22:41:36 -0500] "POST /kwsrmcab/Wsrmcab  HTTP/1.1" 200 39660
186.29.217.245 - - [29/Mar/2024:22:41:37 -0500] "POST /sipse/faces/presentacion/financiero/solicitudProceso/consultar.xhtml HTTP/1.1" 200 12864
172.22.2.4 - - [29/Mar/2024:22:40:03 -0500] "HEAD /BLA/boletinlegal/ HTTP/1.1" 200 -
186.29.217.245 - - [29/Mar/2024:22:41:51 -0500] "POST /sipse/faces/presentacion/financiero/solicitudProceso/consultar.xhtml HTTP/1.1" 200 134542
186.29.217.245 - - [29/Mar/2024:22:41:52 -0500] "GET /sipse/faces/javax.faces.resource/theme.css?ln=primefaces-sipse HTTP/1.1" 304 -
186.29.217.245 - - [29/Mar/2024:22:41:52 -0500] "GET /sipse/faces/javax.faces.resource/layout/layout.css?ln=primefaces&v=4.0 HTTP/1.1" 304 -
186.29.217.245 - - [29/Mar/2024:22:41:52 -0500] "GET /sipse/faces/javax.faces.resource/primefaces.css?ln=primefaces&v=4.0 HTTP/1.1" 304 -
186.29.217.245 - - [29/Mar/2024:22:41:52 -0500] "GET /sipse/faces/javax.faces.resource/jquery/jquery.js?ln=primefaces&v=4.0 HTTP/1.1" 304 -
186.29.217.245 - - [29/Mar/2024:22:41:52 -0500] "GET /sipse/faces/javax.faces.resource/jquery/jquery-plugins.js?ln=primefaces&v=4.0 HTTP/1.1" 304 -
186.29.217.245 - - [29/Mar/2024:22:41:52 -0500] "GET /sipse/faces/javax.faces.resource/primefaces.js?ln=primefaces&v=4.0 HTTP/1.1" 304 -
186.29.217.245 - - [29/Mar/2024:22:41:52 -0500] "GET /sipse/faces/javax.faces.resource/layout/layout.js?ln=primefaces&v=4.0 HTTP/1.1" 304 -
186.29.217.245 - - [29/Mar/2024:22:41:52 -0500] "GET /sipse/css/imagen/contrasena.png HTTP/1.1" 404 383
186.29.217.245 - - [29/Mar/2024:22:41:52 -0500] "GET /sipse/faces/javax.faces.resource/dynamiccontent.properties?ln=primefaces&pfdrid=XjOR5%2F%2FfPAZAuY9TpWQeCiM0BhlXxYRBGKi%2FQcXXfeA%3D&pfdrid_c=false HTTP/1.1" 500 383
172.22.2.4 - - [29/Mar/2024:22:41:55 -0500] "GET /BLA/boletinlegal/jurisprudencia/analisis/AnalisisC-035-16.docx HTTP/1.1" 200 25011
172.22.2.4 - - [29/Mar/2024:22:41:56 -0500] "GET /BLA/boletinlegal/jurisprudencia/analisis/AnalisisC-035-16.docx HTTP/1.1" 200 25011
191.156.182.2 - - [29/Mar/2024:22:42:10 -0500] "GET /semana-santa-no-extraer-animales-silvestres-ni-consumir-sus-productos.html?fbclid=IwAR0LDNQQ_GYwkqWTVqDQZK49DlrYZnU0v5XKTD5gPIVGHMOEnT-DQoGYJWY HTTP/1.1" 200 916
172.22.2.4 - - [29/Mar/2024:22:40:53 -0500] "GET /BLA/boletinlegal/ HTTP/1.1" 200 58273
186.29.217.245 - - [29/Mar/2024:22:42:53 -0500] "POST /sipse/faces/presentacion/financiero/solicitudProceso/consultarSolicitudProceso.xhtml HTTP/1.1" 200 35927
186.29.217.245 - - [29/Mar/2024:22:42:53 -0500] "GET /sipse/faces/javax.faces.resource/theme.css?ln=primefaces-sipse HTTP/1.1" 304 -
186.29.217.245 - - [29/Mar/2024:22:42:53 -0500] "GET /sipse/faces/javax.faces.resource/primefaces.css?ln=primefaces&v=4.0 HTTP/1.1" 304 -
186.29.217.245 - - [29/Mar/2024:22:42:53 -0500] "GET /sipse/faces/javax.faces.resource/layout/layout.css?ln=primefaces&v=4.0 HTTP/1.1" 304 -
186.29.217.245 - - [29/Mar/2024:22:42:53 -0500] "GET /sipse/faces/javax.faces.resource/jquery/jquery.js?ln=primefaces&v=4.0 HTTP/1.1" 304 -
186.29.217.245 - - [29/Mar/2024:22:42:53 -0500] "GET /sipse/faces/javax.faces.resource/jquery/jquery-plugins.js?ln=primefaces&v=4.0 HTTP/1.1" 304 -
186.29.217.245 - - [29/Mar/2024:22:42:53 -0500] "GET /sipse/faces/javax.faces.resource/primefaces.js?ln=primefaces&v=4.0 HTTP/1.1" 304 -
186.29.217.245 - - [29/Mar/2024:22:42:53 -0500] "GET /sipse/faces/javax.faces.resource/layout/layout.js?ln=primefaces&v=4.0 HTTP/1.1" 304 -
186.29.217.245 - - [29/Mar/2024:22:42:54 -0500] "GET /sipse/faces/javax.faces.resource/images/ui-icons_898989_256x240.png?ln=primefaces-aristo HTTP/1.1" 304 -
186.29.217.245 - - [29/Mar/2024:22:42:54 -0500] "GET /sipse/css/imagen/contrasena.png HTTP/1.1" 404 383
216.245.221.92 - - [29/Mar/2024:22:45:02 -0500] "HEAD / HTTP/1.1" 200 -
186.85.234.113 - - [29/Mar/2024:22:45:31 -0500] "POST /sipse/faces/presentacion/financiero/solicitudProceso/listarSolicitudProceso.xhtml HTTP/1.1" 200 31564
186.85.234.113 - - [29/Mar/2024:22:45:39 -0500] "POST /sipse/faces/presentacion/financiero/solicitudProceso/listarSolicitudProceso.xhtml HTTP/1.1" 200 31948
186.29.217.245 - - [29/Mar/2024:22:45:43 -0500] "GET /sipse/faces/javax.faces.resource/images/ui-bg_flat_0_2d5972_40x100.png?ln=primefaces-aristo HTTP/1.1" 304 -
186.29.217.245 - - [29/Mar/2024:22:45:43 -0500] "POST /sipse/faces/presentacion/financiero/solicitudProceso/consultarHistorialSolProceso.xhtml HTTP/1.1" 200 42097
186.29.217.245 - - [29/Mar/2024:22:45:43 -0500] "GET /sipse/faces/javax.faces.resource/theme.css?ln=primefaces-sipse HTTP/1.1" 304 -
186.29.217.245 - - [29/Mar/2024:22:45:43 -0500] "GET /sipse/faces/javax.faces.resource/primefaces.css?ln=primefaces&v=4.0 HTTP/1.1" 304 -
186.29.217.245 - - [29/Mar/2024:22:45:43 -0500] "GET /sipse/faces/javax.faces.resource/layout/layout.css?ln=primefaces&v=4.0 HTTP/1.1" 304 -
186.29.217.245 - - [29/Mar/2024:22:45:43 -0500] "GET /sipse/faces/javax.faces.resource/jquery/jquery.js?ln=primefaces&v=4.0 HTTP/1.1" 304 -
186.29.217.245 - - [29/Mar/2024:22:45:43 -0500] "GET /sipse/faces/javax.faces.resource/jquery/jquery-plugins.js?ln=primefaces&v=4.0 HTTP/1.1" 304 -
186.29.217.245 - - [29/Mar/2024:22:45:43 -0500] "GET /sipse/faces/javax.faces.resource/primefaces.js?ln=primefaces&v=4.0 HTTP/1.1" 304 -
186.29.217.245 - - [29/Mar/2024:22:45:43 -0500] "GET /sipse/faces/javax.faces.resource/layout/layout.js?ln=primefaces&v=4.0 HTTP/1.1" 304 -
186.29.217.245 - - [29/Mar/2024:22:45:43 -0500] "GET /sipse/css/imagen/contrasena.png HTTP/1.1" 404 383
186.29.217.245 - - [29/Mar/2024:22:45:48 -0500] "POST /sipse/faces/presentacion/financiero/solicitudProceso/consultar.xhtml HTTP/1.1" 200 12892
40.77.167.60 - - [29/Mar/2024:22:46:11 -0500] "GET /BLA/resoluciones/RESOLUCIONES%202020/01144.pdf HTTP/1.1" 200 535181
186.29.217.245 - - [29/Mar/2024:22:46:15 -0500] "POST /sipse/faces/presentacion/financiero/solicitudProceso/consultar.xhtml HTTP/1.1" 200 12874
201.245.192.253 - - [29/Mar/2024:22:46:35 -0500] "POST /kwsrmcab/Wsrmcab  HTTP/1.1" 200 39660
172.22.2.4 - - [29/Mar/2024:22:46:43 -0500] "GET /BLA/boletinlegal/Circulares/2012/Circular%20No.%2014%20del%2011%20de%20Septiembre%20de%202012.pdf HTTP/1.1" 200 3427471
186.29.217.245 - - [29/Mar/2024:22:47:08 -0500] "POST /sipse/faces/presentacion/financiero/solicitudProceso/consultar.xhtml HTTP/1.1" 200 12812
172.22.2.4 - - [29/Mar/2024:22:45:53 -0500] "HEAD /BLA/boletinlegal/ HTTP/1.1" 200 -
186.29.217.245 - - [29/Mar/2024:22:48:18 -0500] "POST /sipse/faces/presentacion/financiero/solicitudProceso/consultar.xhtml HTTP/1.1" 200 12863
172.22.2.4 - - [29/Mar/2024:22:46:43 -0500] "GET /BLA/boletinlegal/ HTTP/1.1" 200 59967
186.29.217.245 - - [29/Mar/2024:22:48:49 -0500] "POST /sipse/faces/presentacion/financiero/solicitudProceso/consultar.xhtml HTTP/1.1" 200 12841
186.29.217.245 - - [29/Mar/2024:22:48:56 -0500] "POST /sipse/faces/presentacion/financiero/solicitudProceso/consultar.xhtml HTTP/1.1" 200 136291
186.29.217.245 - - [29/Mar/2024:22:48:57 -0500] "GET /sipse/faces/javax.faces.resource/theme.css?ln=primefaces-sipse HTTP/1.1" 304 -
186.29.217.245 - - [29/Mar/2024:22:48:57 -0500] "GET /sipse/faces/javax.faces.resource/primefaces.css?ln=primefaces&v=4.0 HTTP/1.1" 304 -
186.29.217.245 - - [29/Mar/2024:22:48:57 -0500] "GET /sipse/faces/javax.faces.resource/layout/layout.css?ln=primefaces&v=4.0 HTTP/1.1" 304 -
186.29.217.245 - - [29/Mar/2024:22:48:57 -0500] "GET /sipse/faces/javax.faces.resource/jquery/jquery.js?ln=primefaces&v=4.0 HTTP/1.1" 304 -
186.29.217.245 - - [29/Mar/2024:22:48:57 -0500] "GET /sipse/faces/javax.faces.resource/jquery/jquery-plugins.js?ln=primefaces&v=4.0 HTTP/1.1" 304 -
186.29.217.245 - - [29/Mar/2024:22:48:57 -0500] "GET /sipse/faces/javax.faces.resource/primefaces.js?ln=primefaces&v=4.0 HTTP/1.1" 304 -
186.29.217.245 - - [29/Mar/2024:22:48:57 -0500] "GET /sipse/faces/javax.faces.resource/layout/layout.js?ln=primefaces&v=4.0 HTTP/1.1" 304 -
186.29.217.245 - - [29/Mar/2024:22:48:57 -0500] "GET /sipse/css/imagen/contrasena.png HTTP/1.1" 404 383
186.29.217.245 - - [29/Mar/2024:22:48:58 -0500] "GET /sipse/faces/javax.faces.resource/dynamiccontent.properties?ln=primefaces&pfdrid=XjOR5%2F%2FfPAZAuY9TpWQeCiM0BhlXxYRBGKi%2FQcXXfeA%3D&pfdrid_c=false HTTP/1.1" 500 383
40.77.167.254 - - [29/Mar/2024:22:49:20 -0500] "GET /BLA/resoluciones/RESOLUCIONES%202020/3038.pdf HTTP/1.1" 200 518010
186.29.217.245 - - [29/Mar/2024:22:49:34 -0500] "POST /sipse/faces/presentacion/financiero/solicitudProceso/consultarSolicitudProceso.xhtml HTTP/1.1" 200 42066
186.29.217.245 - - [29/Mar/2024:22:49:34 -0500] "GET /sipse/faces/javax.faces.resource/theme.css?ln=primefaces-sipse HTTP/1.1" 304 -
186.29.217.245 - - [29/Mar/2024:22:49:34 -0500] "GET /sipse/faces/javax.faces.resource/jquery/jquery.js?ln=primefaces&v=4.0 HTTP/1.1" 304 -
186.29.217.245 - - [29/Mar/2024:22:49:34 -0500] "GET /sipse/faces/javax.faces.resource/layout/layout.css?ln=primefaces&v=4.0 HTTP/1.1" 304 -
186.29.217.245 - - [29/Mar/2024:22:49:34 -0500] "GET /sipse/faces/javax.faces.resource/primefaces.css?ln=primefaces&v=4.0 HTTP/1.1" 304 -
186.29.217.245 - - [29/Mar/2024:22:49:34 -0500] "GET /sipse/faces/javax.faces.resource/jquery/jquery-plugins.js?ln=primefaces&v=4.0 HTTP/1.1" 304 -
186.29.217.245 - - [29/Mar/2024:22:49:34 -0500] "GET /sipse/faces/javax.faces.resource/primefaces.js?ln=primefaces&v=4.0 HTTP/1.1" 304 -
186.29.217.245 - - [29/Mar/2024:22:49:34 -0500] "GET /sipse/faces/javax.faces.resource/layout/layout.js?ln=primefaces&v=4.0 HTTP/1.1" 304 -
186.29.217.245 - - [29/Mar/2024:22:49:34 -0500] "POST /sipse/faces/presentacion/financiero/solicitudProceso/consultar.xhtml HTTP/1.1" 200 35461
186.29.217.245 - - [29/Mar/2024:22:49:34 -0500] "POST /sipse/faces/presentacion/financiero/solicitudProceso/consultar.xhtml HTTP/1.1" 200 35461
186.102.21.158 - - [29/Mar/2024:22:49:36 -0500] "GET /kwssiamovil/sm/ldap/au?x=U2FsdGVkX1/yMEFdOhoCgdfQpo19z1rTd6sjT+DiJ061HaEgE3VFoe/QYgoWZlNk&y=U2FsdGVkX18X26A7pPy+5xfFqwONl2918hDHM1zCK1p1+PQ4dZ1yf1Rd8E8f+S/f HTTP/1.1" 200 30
186.102.21.158 - - [29/Mar/2024:22:49:36 -0500] "GET /kwssiamovil/sm/acme/s?s=U2FsdGVkX19fP1HeqWFvy/3XeGIK0U+ipjwBXns4Vh70+mKZ7NtMo2uzMOiXxx1u6JDIL8qcrtv4gBw6cP0+Y+1cxCdfRl+A/+Hpo7I3Q/o=&u=U2FsdGVkX19p3l3dSUOIHOpkQzpAO9rECOk/qWhm9O4=&y=U2FsdGVkX18X26A7pPy+5xfFqwONl2918hDHM1zCK1p1+PQ4dZ1yf1Rd8E8f+S/f HTTP/1.1" 200 97
186.102.21.158 - - [29/Mar/2024:22:49:36 -0500] "GET /kwssiamovil/sm/acme/s?s=U2FsdGVkX1+KYhrr0pJYjfL6S+evk/Kjv6hiDftgMO7qn15qKjbyrrjdy3ykoGLwP8VIvziQxWaQAdYt6visLQ3QXfQCXz6yCl/csK5jJU58JzIN5WkvCgHyI0WoTyNYlkRNpS0DukwUwBM/TPKSi8rVwmnpYqv8MMF9hKosWn9NtuInQusoy6UdPLuqHFuIqm8wxLUK1Ff8Ye7W/CBzY0pFEOrpIeUcDcnncOEzn1vFPVN75uvlajMH5YJgC6CYa5ElARSyN3Bu6o+qSuSacrgvOYcHSgT96hbpnPrSENjwI0ELVUtS0931Wv6hmlYciHfLNu9mozhVfhmI832fN9t7TIJjfszsiFLageElcGI/EJOoZ4+VKNMMqW1wQem/56wPM++aqPzAzL4nLdpOsCnEMdCUT6Mhx5CrcBATtPvCLTmw1XLdxskRgc+NxBX/fKf/urfNtkqrx0pxODV0mpK7eNdhLeAPVYf/E65g3CKAOZan5PmdKUK/U6+U9ginpRCG8ibm+ZSkAmEN9AXW/RhCDOSjrz2jsAl9TVY9Pl0/eoZZYfhZG02XsWpGj6c/2A9PyZfG0nPkObXRn48EtwneRiMofX7EwEX3GnvV25A8H84omU4+ey7eI7mkn6fmIveV1YnjSqfiiLeGzfUMNFD4RwExFixYnWF96R5iU/KUo6YnzZTtWnRn3aS+wLY/LsluW0V/CrH06rKEcOzW6sdfG9bcG4AThIY0eFRNU7K1wMJu9r9YEEVLu1fg9P/n3sK+vj8Q/DLB2pbaE9bvke5tP7zW55QiP/e7Fc0UicsvwpLHIfIlsQvLS9cZMDwOAbxPhMdHacuSw8ILRt61lyq05x2sMRwsbo+i3FOPD09Jg16Pft5NNk9twkCsnTO6/vjCEOrprJy7r79sOJB0NEQhI8m4n4hEpTe/tIZQES5waRNSU7+Y1UE0eJSRs+eaV+Gp8Za9P1gGjRIeezmDuY8ecMarIdSHarzDGEEkh/juYDIFlPVjHhy74DeQb4CagpOUH51zH2ke5F6CCFJEgxQBffYCKrjtaLmikV2h+74pwPBniQHV7sGJIcxkvVBZDfvQ8rIXSHPgdKUmywwB9NrcZ2oCb3MTcfjjckaUGsisTUloo6Ut9gvA4imTfOqLA0nRguV807ZOxrolNcZhohAUXeyGQkvCpv14e3GhPcA7RlZutggno8DV7ekjw8rUnOt+05U0tmdi0DIKLyg3uzP1hqeCeXfbaY5P5AGOj1fNozxHkTNby6f8LgoVn+JLs9Jo0ZCqxHtjvUVwe2agiboLS+AxTfGY27+7PChzfwrWQDFt90tpkj3ILJ18R0s3d9xUJiuUNzpdFdPcLEGR62Spx6tMq2OE3qzZKwDL9oVprXiP+PDuG89TVtk2zREetKP98yPvvsQFTCTytloFpIx0eCME5+H/U4/pxZHHH8DYNzU3SCUhpEn1z8xpMOS/h+0eg4jtN6k7kAv08aED1yqZMbG3ul+XIBauuoSsx4HADIKO9Swe1AtEEDDbDxn722e3DmHflVcgYuRn9a0w6qrG5AHp9h2e2sY++t8vW8DallTz/LANfOCLo+c3rJI5S1c8Q+Xar+1/12eKkOpeYH6AN0a2QLPcNyFPgf1v0pXtBs4PkOUjVDHz5tCqoIeMq5+bMk4dsMRmewwfO4rWssv8M4YauVI7tKRc6xSpMbeANjpdXX/QHt21zkGa4mQNfiYU9rgIpI2VYSi2JgTSMS+YGz2Ohs7XQd5ttaqO/OM=&u=U2FsdGVkX19p3l3dSUOIHOpkQzpAO9rECOk/qWhm9O4=&y=U2FsdGVkX18X26A7pPy+5xfFqwONl2918hDHM1zCK1p1+PQ4dZ1yf1Rd8E8f+S/f HTTP/1.1" 200 1667
186.102.21.158 - - [29/Mar/2024:22:49:36 -0500] "GET /kwssiamovil/sm/acme/s?s=U2FsdGVkX19pv6i15raKKtpeigxMFepcrPUv5hCKkz7cWt1FEhpycOvUNg+1bD7nAUBZ2U1hj5/0M/3ZNk1iU2EltVHhKwAGjUhxMAysEMWfvL2jzea3dSUHLIhAogMkX97W7MMdCm2HR9VWE+X+yMYR5hR55mxbACdEo1CufulSJw661N/9RFw75ZzoNxr1X9Kloo2ckDb+JymeO3QaNvx17MzF8b/J/XoH5nHN/flEqmHN9ZfEWSyNSWqPf+yB7Rb9/4CcEzey2mAg2Z26b3kHOjJ9p7yAUnQwOvqtgQlHZbvEYptLCBxBjEKBYBIbEVtvz01q0UDdZEVARPWA93aUjSn9j8FsQ7JBt/xyny67kWlX9zkgw4C1nsPQWxUyEdXqFT0GO383yvXj7kLHz1IubJJCulInl4FB9QgGH2/F8DTrEVrwhji7GWMDp+bbG8YuCHTcM8vQEy4Nzj4NuGeywU9RYYbHtx4hmscw5+PD2huSoI5eOmnbgeVoafbF1htf9h8/k+OnKOm5z+9aMUpa+LJ81k/zZ9H83MOlXpDy5/BXwLcG8iG6NUUE3MEZPoQk/QnBOeUmjRe7ZZTq9GFXovjIIvD2pTwvEOSR9NU47n5ZofxSECDlVYJns90rLOtoxDy9UaIgvrX+HJjJiwnTgpa1ePDWxOfPrKtuswPCFVtvgFRpZMczybelqK9H+ugOF4Peip1J9zQTwKt/lv5l5blmzztkbsC+VtHNEVVdb3nNuQbP/IUJ74Bs9eCx&u=U2FsdGVkX19p3l3dSUOIHOpkQzpAO9rECOk/qWhm9O4=&y=U2FsdGVkX18X26A7pPy+5xfFqwONl2918hDHM1zCK1p1+PQ4dZ1yf1Rd8E8f+S/f HTTP/1.1" 200 208
186.29.217.245 - - [29/Mar/2024:22:49:38 -0500] "POST /sipse/faces/presentacion/financiero/solicitudProceso/consultar.xhtml HTTP/1.1" 200 12900
186.102.21.158 - - [29/Mar/2024:22:49:36 -0500] "GET /kwssiamovil/sm/cjson/pre?f=1&x=U2FsdGVkX1/yMEFdOhoCgdfQpo19z1rTd6sjT+DiJ061HaEgE3VFoe/QYgoWZlNk HTTP/1.1" 200 30244
216.245.221.92 - - [29/Mar/2024:22:50:02 -0500] "HEAD / HTTP/1.1" 200 -
186.29.217.245 - - [29/Mar/2024:22:50:06 -0500] "POST /sipse/faces/presentacion/financiero/solicitudProceso/consultar.xhtml HTTP/1.1" 200 12916
66.249.66.21 - - [29/Mar/2024:22:50:29 -0500] "GET /BLA/resoluciones/RESOLUCIONES%20CONJUNTAS/Resolucion%20conjunta%20No.%20001-2017.pdf HTTP/1.1" 200 332456
186.29.217.245 - - [29/Mar/2024:22:50:36 -0500] "POST /sipse/faces/presentacion/financiero/solicitudProceso/consultar.xhtml HTTP/1.1" 200 12870
201.245.192.253 - - [29/Mar/2024:22:51:33 -0500] "POST /kwsrmcab/Wsrmcab  HTTP/1.1" 200 39660
8.242.188.130 - - [29/Mar/2024:22:51:44 -0500] "GET /sipse/faces/faces/autenticacion.xhtml HTTP/1.1" 200 12733
8.242.188.130 - - [29/Mar/2024:22:51:44 -0500] "GET /sipse/faces/javax.faces.resource/layout/layout.css;jsessionid=GjOqXp3sWzIoq4PZHkTxvds9.undefined?ln=primefaces&v=4.0 HTTP/1.1" 200 542
8.242.188.130 - - [29/Mar/2024:22:51:44 -0500] "GET /sipse/js/disable_browser_buttons.js HTTP/1.1" 304 -
8.242.188.130 - - [29/Mar/2024:22:51:44 -0500] "GET /sipse/js/funciones.js HTTP/1.1" 304 -
8.242.188.130 - - [29/Mar/2024:22:51:44 -0500] "GET /sipse/css/custom_css_sg_prime_login.css HTTP/1.1" 304 -
8.242.188.130 - - [29/Mar/2024:22:51:44 -0500] "GET /sipse/css/custom_css_sg.css HTTP/1.1" 304 -
8.242.188.130 - - [29/Mar/2024:22:51:44 -0500] "GET /sipse/faces/javax.faces.resource/theme.css?ln=primefaces-sipse HTTP/1.1" 304 -
8.242.188.130 - - [29/Mar/2024:22:51:44 -0500] "GET /sipse/faces/javax.faces.resource/primefaces.css;jsessionid=GjOqXp3sWzIoq4PZHkTxvds9.undefined?ln=primefaces&v=4.0 HTTP/1.1" 200 53295
8.242.188.130 - - [29/Mar/2024:22:51:44 -0500] "GET /sipse/faces/javax.faces.resource/layout/layout.js;jsessionid=GjOqXp3sWzIoq4PZHkTxvds9.undefined?ln=primefaces&v=4.0 HTTP/1.1" 200 87560
8.242.188.130 - - [29/Mar/2024:22:51:44 -0500] "GET /sipse/faces/javax.faces.resource/jquery/jquery.js;jsessionid=GjOqXp3sWzIoq4PZHkTxvds9.undefined?ln=primefaces&v=4.0 HTTP/1.1" 200 105384
8.242.188.130 - - [29/Mar/2024:22:51:44 -0500] "GET /sipse/faces/javax.faces.resource/primefaces.js;jsessionid=GjOqXp3sWzIoq4PZHkTxvds9.undefined?ln=primefaces&v=4.0 HTTP/1.1" 200 276924
8.242.188.130 - - [29/Mar/2024:22:51:44 -0500] "GET /sipse/faces/javax.faces.resource/jquery/jquery-plugins.js;jsessionid=GjOqXp3sWzIoq4PZHkTxvds9.undefined?ln=primefaces&v=4.0 HTTP/1.1" 200 220526
8.242.188.130 - - [29/Mar/2024:22:51:45 -0500] "GET /sipse/css/imagen/logoSDG.png HTTP/1.1" 304 -
8.242.188.130 - - [29/Mar/2024:22:51:45 -0500] "GET /sipse/css/imagen/loginimg.png HTTP/1.1" 304 -
8.242.188.130 - - [29/Mar/2024:22:51:46 -0500] "GET /sipse/faces/javax.faces.resource/images/ui-icons_898989_256x240.png?ln=primefaces-aristo HTTP/1.1" 200 5355
8.242.188.130 - - [29/Mar/2024:22:51:46 -0500] "GET /sipse/faces/faces/index.xhtml HTTP/1.1" 200 677
8.242.188.130 - - [29/Mar/2024:22:51:46 -0500] "GET /sipse/faces/javax.faces.resource/theme.css?ln=primefaces-sipse HTTP/1.1" 304 -
8.242.188.130 - - [29/Mar/2024:22:51:47 -0500] "GET /sipse/faces/faces/faces/autenticacion.xhtml HTTP/1.1" 200 12411
8.242.188.130 - - [29/Mar/2024:22:51:47 -0500] "GET /sipse/faces/javax.faces.resource/theme.css?ln=primefaces-sipse HTTP/1.1" 304 -
8.242.188.130 - - [29/Mar/2024:22:51:47 -0500] "GET /sipse/faces/javax.faces.resource/primefaces.css?ln=primefaces&v=4.0 HTTP/1.1" 304 -
8.242.188.130 - - [29/Mar/2024:22:51:47 -0500] "GET /sipse/faces/javax.faces.resource/layout/layout.css?ln=primefaces&v=4.0 HTTP/1.1" 304 -
8.242.188.130 - - [29/Mar/2024:22:51:47 -0500] "GET /sipse/faces/javax.faces.resource/jquery/jquery.js?ln=primefaces&v=4.0 HTTP/1.1" 304 -
8.242.188.130 - - [29/Mar/2024:22:51:47 -0500] "GET /sipse/faces/javax.faces.resource/jquery/jquery-plugins.js?ln=primefaces&v=4.0 HTTP/1.1" 304 -
8.242.188.130 - - [29/Mar/2024:22:51:47 -0500] "GET /sipse/faces/javax.faces.resource/primefaces.js?ln=primefaces&v=4.0 HTTP/1.1" 304 -
8.242.188.130 - - [29/Mar/2024:22:51:47 -0500] "GET /sipse/faces/javax.faces.resource/layout/layout.js?ln=primefaces&v=4.0 HTTP/1.1" 304 -
186.29.217.245 - - [29/Mar/2024:22:51:47 -0500] "POST /sipse/faces/presentacion/financiero/solicitudProceso/consultar.xhtml HTTP/1.1" 200 12956
8.242.188.130 - - [29/Mar/2024:22:51:47 -0500] "GET /sipse/faces/javax.faces.resource/images/ui-icons_898989_256x240.png?ln=primefaces-aristo HTTP/1.1" 304 -
8.242.188.130 - - [29/Mar/2024:22:51:49 -0500] "POST /sipse/faces/autenticacion.xhtml HTTP/1.1" 200 2220
8.242.188.130 - - [29/Mar/2024:22:51:49 -0500] "GET /sipse/faces/javax.faces.resource/messages/messages.png?ln=primefaces&v=4.0 HTTP/1.1" 200 27209
8.242.188.130 - - [29/Mar/2024:22:51:50 -0500] "POST /sipse/faces/autenticacion.xhtml HTTP/1.1" 200 16355
8.242.188.130 - - [29/Mar/2024:22:51:50 -0500] "GET /sipse/css/custom_css_sg_prime.css HTTP/1.1" 304 -
8.242.188.130 - - [29/Mar/2024:22:51:50 -0500] "GET /sipse/js/jquery.min.js HTTP/1.1" 304 -
8.242.188.130 - - [29/Mar/2024:22:51:50 -0500] "GET /sipse/faces/javax.faces.resource/jquery/jquery.js?ln=primefaces&v=4.0 HTTP/1.1" 304 -
8.242.188.130 - - [29/Mar/2024:22:51:50 -0500] "GET /sipse/faces/javax.faces.resource/jquery/jquery-plugins.js?ln=primefaces&v=4.0 HTTP/1.1" 304 -
8.242.188.130 - - [29/Mar/2024:22:51:50 -0500] "GET /sipse/faces/javax.faces.resource/primefaces.js?ln=primefaces&v=4.0 HTTP/1.1" 304 -
8.242.188.130 - - [29/Mar/2024:22:51:50 -0500] "GET /sipse/faces/javax.faces.resource/layout/layout.js?ln=primefaces&v=4.0 HTTP/1.1" 304 -
8.242.188.130 - - [29/Mar/2024:22:51:51 -0500] "GET /sipse/imagenes/cargando.gif HTTP/1.1" 304 -
8.242.188.130 - - [29/Mar/2024:22:51:51 -0500] "GET /sipse/imagenes/logoAplicacion.jpg HTTP/1.1" 304 -
8.242.188.130 - - [29/Mar/2024:22:51:51 -0500] "GET /sipse/css/v_mergente.css HTTP/1.1" 304 -
8.242.188.130 - - [29/Mar/2024:22:51:51 -0500] "GET /sipse/css/imagen/contrasena.png HTTP/1.1" 404 383
8.242.188.130 - - [29/Mar/2024:22:51:52 -0500] "GET /sipse/faces/javax.faces.resource/images/ui-bg_flat_0_2d5972_40x100.png?ln=primefaces-aristo HTTP/1.1" 304 -
8.242.188.130 - - [29/Mar/2024:22:51:52 -0500] "POST /sipse/faces/bienvenido.xhtml HTTP/1.1" 200 2073
66.249.66.39 - - [29/Mar/2024:22:51:53 -0500] "GET /robots.txt HTTP/1.1" 404 1034
66.249.66.39 - - [29/Mar/2024:22:51:53 -0500] "GET /distrito-declara-alerta-fase-1-por-calidad-del-aire-en-toda-la-ciudad.html HTTP/1.1" 200 838
8.242.188.130 - - [29/Mar/2024:22:51:53 -0500] "POST /sipse/faces/bienvenido.xhtml HTTP/1.1" 200 38994
8.242.188.130 - - [29/Mar/2024:22:51:53 -0500] "GET /sipse/faces/javax.faces.resource/jquery/jquery.js?ln=primefaces&v=4.0 HTTP/1.1" 304 -
8.242.188.130 - - [29/Mar/2024:22:51:53 -0500] "GET /sipse/faces/javax.faces.resource/jquery/jquery-plugins.js?ln=primefaces&v=4.0 HTTP/1.1" 304 -
8.242.188.130 - - [29/Mar/2024:22:51:53 -0500] "GET /sipse/faces/javax.faces.resource/primefaces.js?ln=primefaces&v=4.0 HTTP/1.1" 304 -
8.242.188.130 - - [29/Mar/2024:22:51:54 -0500] "GET /sipse/faces/javax.faces.resource/layout/layout.js?ln=primefaces&v=4.0 HTTP/1.1" 304 -
8.242.188.130 - - [29/Mar/2024:22:52:06 -0500] "POST /sipse/faces/presentacion/financiero/solicitudProceso/consultar.xhtml HTTP/1.1" 200 12872
8.242.188.130 - - [29/Mar/2024:22:52:11 -0500] "POST /sipse/faces/presentacion/financiero/solicitudProceso/consultar.xhtml HTTP/1.1" 200 144498
8.242.188.130 - - [29/Mar/2024:22:52:12 -0500] "GET /sipse/faces/javax.faces.resource/jquery/jquery.js?ln=primefaces&v=4.0 HTTP/1.1" 304 -
8.242.188.130 - - [29/Mar/2024:22:52:12 -0500] "GET /sipse/faces/javax.faces.resource/jquery/jquery-plugins.js?ln=primefaces&v=4.0 HTTP/1.1" 304 -
8.242.188.130 - - [29/Mar/2024:22:52:12 -0500] "GET /sipse/faces/javax.faces.resource/primefaces.js?ln=primefaces&v=4.0 HTTP/1.1" 304 -
8.242.188.130 - - [29/Mar/2024:22:52:13 -0500] "GET /sipse/faces/javax.faces.resource/layout/layout.js?ln=primefaces&v=4.0 HTTP/1.1" 304 -
8.242.188.130 - - [29/Mar/2024:22:52:13 -0500] "GET /sipse/faces/javax.faces.resource/dynamiccontent.properties?ln=primefaces&pfdrid=XjOR5%2F%2FfPAZAuY9TpWQeCiM0BhlXxYRBGKi%2FQcXXfeA%3D&pfdrid_c=false HTTP/1.1" 500 383
8.242.188.130 - - [29/Mar/2024:22:52:17 -0500] "GET /sipse/faces/javax.faces.resource/theme.css?ln=primefaces-sipse HTTP/1.1" 304 -
8.242.188.130 - - [29/Mar/2024:22:52:17 -0500] "GET /sipse/faces/javax.faces.resource/layout/layout.css?ln=primefaces&v=4.0 HTTP/1.1" 304 -
8.242.188.130 - - [29/Mar/2024:22:52:17 -0500] "GET /sipse/faces/javax.faces.resource/primefaces.css?ln=primefaces&v=4.0 HTTP/1.1" 304 -
8.242.188.130 - - [29/Mar/2024:22:52:17 -0500] "GET /sipse/faces/javax.faces.resource/jquery/jquery.js?ln=primefaces&v=4.0 HTTP/1.1" 304 -
8.242.188.130 - - [29/Mar/2024:22:52:17 -0500] "GET /sipse/faces/javax.faces.resource/jquery/jquery-plugins.js?ln=primefaces&v=4.0 HTTP/1.1" 304 -
8.242.188.130 - - [29/Mar/2024:22:52:17 -0500] "GET /sipse/faces/javax.faces.resource/primefaces.js?ln=primefaces&v=4.0 HTTP/1.1" 304 -
8.242.188.130 - - [29/Mar/2024:22:52:18 -0500] "GET /sipse/faces/javax.faces.resource/layout/layout.js?ln=primefaces&v=4.0 HTTP/1.1" 304 -
8.242.188.130 - - [29/Mar/2024:22:52:16 -0500] "POST /sipse/faces/presentacion/financiero/solicitudProceso/consultarSolicitudProceso.xhtml HTTP/1.1" 200 43238
8.242.188.130 - - [29/Mar/2024:22:52:18 -0500] "GET /sipse/faces/javax.faces.resource/images/ui-icons_898989_256x240.png?ln=primefaces-aristo HTTP/1.1" 304 -
186.29.217.245 - - [29/Mar/2024:22:52:29 -0500] "POST /sipse/faces/presentacion/financiero/solicitudProceso/consultar.xhtml HTTP/1.1" 200 12847
186.85.234.113 - - [29/Mar/2024:22:52:30 -0500] "POST /sipse/faces/presentacion/financiero/solicitudProceso/listarSolicitudProceso.xhtml HTTP/1.1" 200 5292
186.102.21.158 - - [29/Mar/2024:22:52:48 -0500] "GET /kwssiamovil/sm/acme/a?s=U2FsdGVkX189f4UfKXp7es/tENOSI3UaQT6H7knpyYcMGcTDyqiMFhsVyE+mzZ9v7XPXai7Q+/q0+14i5PJAgkQ94Epg1nuQJhYfIccO77p7+EmHxMabKHehxdQnck31cnxbecoWSLPNa7fTeEZNR0B3UTHsfdhg3oYLRTXvUNyAlaYUQaBv/LyIgDcnYv227ho+PXYgy5WeaULJ2fJ5guVZX9oJqSzW4+OtuyTpy10lTtQzWboiOOzUVcpf6yopOIKVfCUO7zN2IRccAV87lQ==&u=U2FsdGVkX19p3l3dSUOIHOpkQzpAO9rECOk/qWhm9O4=&y=U2FsdGVkX18X26A7pPy+5xfFqwONl2918hDHM1zCK1p1+PQ4dZ1yf1Rd8E8f+S/f HTTP/1.1" 200 26
186.102.21.158 - - [29/Mar/2024:22:52:48 -0500] "GET /kwssiamovil/sm/acme/a?s=U2FsdGVkX1/Mp11XVDHj4aK2Zm3RgKoRrd539WmbCiq+Y5wRm/KYNQg7UlBkWEA/DZwxrc04j+MnPMm+4RQarf1Rv8sYqFpuTvdkyPkMhBX9WSyFr6QQpWv5w9U5eQ1pzETiIyLx5cjc9cR6JpdLOx+u3EsjQA/YWbq3C1f9gvi3WnSUhZuJXDUnu729mn+0qXMeEvOj2omaEURK72nSID7826D5LDGKT6nn6JeFkV5YHb0sECuFna7lmBjkNIrn7682sCap2znluw9AuLLdChc1JKJ2OQlv9J7i0P70EsAEymtNE5X02vw9W0qJZA8F3yalOZIYPG7p/H4mkiJil5+VwM9r3ZAhaKM3+lhD9F81tX5dlPMCjG+xGLvJskdHj5zcfCZ3hoJj7WiHjyzUIjiJvdDUmyhg1415r9vG04251Z07ZJ99GhY639oNW7BPcPhKcKu88Byz4BgPRijhSsEzBgeF7ADl5CME09mIavOTTB+deT34CBLcrwJ6SEaIszpRv/lAVUQ4QSXZO8JhAupp4cPrPQVsE1Kw46wLCoBh+u4wgIez1sp3W/L+uDehqYMRT8SxV0qZ0Ozjo5U+D0Ssy82GeFHUlW3Cc6hlXQv7ItEhGd25bS6ec6lZGq9zC6VVYMtEIiHWKRCYAwM8ye0RQ4/e2SD4kAcRejybEiT3fboJ5OoCB8RSV5ip128tmGbf/jzg2o9NshU/t3HAOGxcPUkHz9FXn/oBCumjgqZl21ZPhVdXRjoWBYvIVHmvHeHHeh05LYgz/iFCSQk4cML/iQtxZ+qSZ6yGGJsF5LWwNL2sTlXsTVjykarhFT+yAkUtpzEuvK88F/4hkI/NByCrJAt1X0BRyYnXybe6WpR2Scd0t+pE8QeiQolCe4HfYgp3qjNGKyb00afhObt1o1/wYAH6rV5pKm69Vvod+t6PXXfnChkJr/pZ7gOUhFBTGekmbOOui+hA46I4Q7PI7TQlo70nGviexiS4yfOSokDOhs67KSEOQfpTW2ODd872fovPCHw25nKbeJH1M7AxHO6OkYECi3Si1tBpd4ZgZk1U1m7xWlL8OipDjhSDk9yh5v+FerRrZyFPpX67wrOWE2JZJ13EhQociiviez9HxsrhzjsbFVmPhRN1uzcsNBgkUsd4S4PZ0f9Sw+TT8jzB8W2E7m0ZitmvmLISJRggg5tvL6djLayV3Im6Fp4ttJdiLpBlykJbdrY3cYF3O5AqZQ81Yk+kTdM9lNPQhTpWedV7z5uKjoRVNFhjpJ59aJuK8eEkT59hPeBAiNWKiz4tIhE6mJcbyqmy7i7u4mWlNx7cKb9YQkRxjnlS4N0/9BdTqKsfRQVNtxpLqDA+Fyivg6kJhr2v6r793fjspKjiZs6uctV8cSQSQpJWqqtyp21omJPozMLkXV2Qqk4N2GbKGM4SAChfYeovPXxlQEkRL7FZx5/EajM4uAEP9f1TDKy92EmOa1s8kUsOduROrvDPaVn6ou6+1zVIdsLxv+Aeqq2wDkIyxUSrUiD5BxYfWizkg8OSGq6JWQvcuawnx9kJmEEUkxp5fPUhK9TAbT2OV1B1Fcb94Ar/zZ94wCUNHLg9JH+WqJZ9t3Jx/251Nh4+s+G0ruywRw7LZwMUu70hf7UQY0oU/AxUB5H0gqW+p8+t8DMdfnBUDCkaXWpnSAbe+I3bLjRcX+g0if01OokDtKJg8agZfODcZpYqLx/dgafgpdZXvOD0uMg3sM2poyvasqnvdgcxSJ/9NKu5P7R9mfpfXiWLC35cto0BR8Z4ELgIpdTOgpR7Ny8jnlkjO6I1Wl4ZCy/b4Mb6Fh7K1P+aiWiEusWvJyTri1YsWeEqUu3yDOhhKrj06gICeC6XlNj+tJ5/NJCONCO1s5CW/uNWBoSyE2tXKfO38XFrKyXoHtQva93194KVxGZoKpn6S/KLjH6wdIDHxNtSYtAAMpCkGbF5z9XAR4w4flIRrekcTRkXRg7SLdyIunAIlo5eh/+AU8SCjzD8dViEfG6rsKL3gbDEowNRp8eovArxgwxJ4G2sj5Fwuw3xo19guGktSAWmRCwEOhFkr9zmFN0pSJl2JIwf9PuUFuXvlG4cCWg8XmbivCG2zyRbHeN62dmTfawp+hqys6/dXSE3ieDXzq4sZTpA7kFvc01DqSNkn8m5YC57uH9MdhAX9VSl33Y8FzIzgXIyJo8Vk927WK/MXWG3yXA+Br4D0R2JXyYnpXARH/Q79u8J4M472fG5LD0XIT6ZZyoBw+58GEeAXiXqhjrcJ25CsJijGZ/DZn/kO/e9IGB9s8lo30nHJcnMqPg0gr//N1fnWCgYDmUXmbeykDFKl5PHMSl5SYz05xuqZenPR0paPH1+FiezCIKZQ1a5ZLYe4Kmc/vn6RCAXEwa5Bt3mNDvjkLpWQQHYs+iJZ0VoaW9XeRDYHoeBrwAwLBS2j0tn1C3ZyKRZcWI1Q152ZYtzcNqhFMQmkKge0oqAoydQHcMxcC8+IcuhXk33b0GcrdlUlgGksE8G06gnvUqDqOu5Wq5ItdHObtsuh/6fN9K3uPCwNxuDLfSd6puYcI+nvremayfl7++9Mtnn7BNdOsusJtKDtTiVJJ8ZMvItdGYsrsr0hSB736AlNThkNcA9jSkCiqmAMa7GJU3etkCG8g8HZK+m7UfS0rU17c7bvCETlqo5GDLmu0Tk5qTpl2CPUf/Tefhf+faDvMhgBjBijN/t3lErd6bQ+2+sNPf7f3c0u8SsYQPCnMOPz5CtqoSQxEei9nb9T2QHXT9db6MOLWLmtdyc7dEzMKbG9j3k6djKWvYh+8XOjoW9I+XddLV6kdm0yniXyEHMF+B6VRIhXrIz2sevOU3qPSK27i+/RKUAv+x4iP5BUCyuufmG9hcuYj0afTI8rNL2pXFXeF+4jC+ITWQ830jjpDuGvagepgyBG4CC7+QtEB3A8Hsb5xuSzRt6HqMp1cKkLcjUXd8ZjDeMe5tU0Z6luXGEA/5DRn8CiLXDcpK++BhEasjo/aKsJL8wk85jCjJ1RHWwUevKpdjqHfpWSaQP8m4YqDi3w1hCNMDbpJEYUmumCWKhSM4qKBngCEvXExz25JtolO5ZCxqr2HIlT5ikflQToL8U2fw4o3rQZFNgwJhvujQqDcrZNNw1UDxJsoqBTFtLw1AMPyk+LBytn12tHwXp2Bs/f4A2t/Aq82O4YgoBbT0AgTgLigQunG/VVTFvAObQhMYaj7ChYrgrVC7LQ9g15C2ikkV3hCdy02kjzeO/oYMG7KxeM7p740FbcRKBYhAPWrkFxQJ77kea4VLqbxlJ5nNkqT6rpSQY70DeVruRhN5J590DrTPCK6bcCUdVhEfYrKWSqh7zoKj6eKPR85FFJxjI7yxtdSJFfTHXNJ42eACQqWLq7PZHd+Rxyya30KAa/BG1DPNeAyk=&u=U2FsdGVkX19p3l3dSUOIHOpkQzpAO9rECOk/qWhm9O4=&y=U2FsdGVkX18X26A7pPy+5xfFqwONl2918hDHM1zCK1p1+PQ4dZ1yf1Rd8E8f+S/f HTTP/1.1" 200 26
186.102.21.158 - - [29/Mar/2024:22:52:49 -0500] "GET /kwssiamovil/sm/acme/a?s=U2FsdGVkX1+lh1AOj6mBvCYdVXE5J4bAxIV/HypYrikWt6XlyfBQZLyuEjxH//NdsMelYasN7Ctbi0lL9N1HcsMss6QILJSUfYRQwHiqDP4mktyG5qV9uyB58UXXRtHm/0jUQxWzVuRqRT1PPZnMOUWsfQpvtbV14PtbeyM+O78=&u=U2FsdGVkX19p3l3dSUOIHOpkQzpAO9rECOk/qWhm9O4=&y=U2FsdGVkX18X26A7pPy+5xfFqwONl2918hDHM1zCK1p1+PQ4dZ1yf1Rd8E8f+S/f HTTP/1.1" 200 26
186.102.21.158 - - [29/Mar/2024:22:52:49 -0500] "GET /kwssiamovil/sm/acme/a?s=U2FsdGVkX18ArrITFNmp1BB2/ndK3KW/Lfl9lXEKuQKiU/ILkkbh7TI1TQTXRUhl0R/N4aLSWpk4NeFfmhOfWWvRryw6mSHOYlvLkH4HiYIdEU0pvsgJRn7xj+TrS0mhRbAgnpPWypkfhaHbzW/Y/yCxsS94ZP/9q3PZ1T4xvSc=&u=U2FsdGVkX19p3l3dSUOIHOpkQzpAO9rECOk/qWhm9O4=&y=U2FsdGVkX18X26A7pPy+5xfFqwONl2918hDHM1zCK1p1+PQ4dZ1yf1Rd8E8f+S/f HTTP/1.1" 200 26
186.102.21.158 - - [29/Mar/2024:22:52:49 -0500] "GET /kwssiamovil/sm/acme/a?s=U2FsdGVkX1/wdyL4GlvQYPwmJDMVMfKcWFHF+0Um5MlmYy/XJG01kExn2bGwx8OY/HioDxQ1oufNBtzXCY9hfuDEV/lYWSVggt8Wj2O9MxSnWZ+ZR6LlSqT5jXB5VSvjDdJWEBUU02L6vVoM5F4caOrl2+XDCDR2l3YpHaGCN84=&u=U2FsdGVkX19p3l3dSUOIHOpkQzpAO9rECOk/qWhm9O4=&y=U2FsdGVkX18X26A7pPy+5xfFqwONl2918hDHM1zCK1p1+PQ4dZ1yf1Rd8E8f+S/f HTTP/1.1" 200 26
186.102.21.158 - - [29/Mar/2024:22:52:49 -0500] "GET /kwssiamovil/sm/acme/a?s=U2FsdGVkX18f5dNuzOpME6E148dIf7wMnUbYG2mh6JoappPB5IEOKzifwe1Jis0dAJIoAkhUD1rZsHHBQAxpODr2mDzlkmvU/bVNpkKP7esM/JjJOmMoYgGZBQswMLG87BUFULBMD86LKuQKxyUabFZGDIno1Fz/QL1h8KpbfEBWPvZxXeI9yx26lA4QvgMtyaaTtObx/3GlkBUqFmRP6g==&u=U2FsdGVkX19p3l3dSUOIHOpkQzpAO9rECOk/qWhm9O4=&y=U2FsdGVkX18X26A7pPy+5xfFqwONl2918hDHM1zCK1p1+PQ4dZ1yf1Rd8E8f+S/f HTTP/1.1" 200 26
181.53.12.229 - - [29/Mar/2024:22:52:58 -0500] "POST /sipse/faces/presentacion/financiero/solicitudProceso/listarSolicitudProceso.xhtml HTTP/1.1" 200 32476
40.77.167.60 - - [29/Mar/2024:22:53:01 -0500] "GET /BLA/resoluciones/AUTOS%202022/1349.pdf HTTP/1.1" 304 -
172.22.2.4 - - [29/Mar/2024:22:51:43 -0500] "HEAD /BLA/boletinlegal/ HTTP/1.1" 200 -
40.77.167.60 - - [29/Mar/2024:22:54:10 -0500] "GET /BLA/resoluciones/RESOLUCIONES%202019/0744.pdf HTTP/1.1" 200 1937313
40.77.167.60 - - [29/Mar/2024:22:54:11 -0500] "GET /BLA/resoluciones/RESOLUCIONES%202021/4343.pdf HTTP/1.1" 200 479214
172.22.2.4 - - [29/Mar/2024:22:52:34 -0500] "GET /BLA/boletinlegal/ HTTP/1.1" 200 58273
52.167.144.191 - - [29/Mar/2024:22:54:15 -0500] "GET /BLA/resoluciones/RESOLUCIONES%202021/1050.pdf HTTP/1.1" 200 427907
52.167.144.209 - - [29/Mar/2024:22:54:27 -0500] "GET /BLA/resoluciones/RESOLUCIONES%202023/0436.pdf HTTP/1.1" 304 -
185.224.128.43 - - [29/Mar/2024:22:54:40 -0500] "GET / HTTP/1.1" 200 319
216.245.221.92 - - [29/Mar/2024:22:55:02 -0500] "HEAD / HTTP/1.1" 200 -
186.29.217.245 - - [29/Mar/2024:22:55:11 -0500] "POST /sipse/faces/presentacion/financiero/solicitudProceso/consultar.xhtml HTTP/1.1" 200 138010
186.29.217.245 - - [29/Mar/2024:22:55:12 -0500] "GET /sipse/faces/javax.faces.resource/theme.css?ln=primefaces-sipse HTTP/1.1" 304 -
186.29.217.245 - - [29/Mar/2024:22:55:12 -0500] "GET /sipse/faces/javax.faces.resource/primefaces.css?ln=primefaces&v=4.0 HTTP/1.1" 304 -
186.29.217.245 - - [29/Mar/2024:22:55:12 -0500] "GET /sipse/faces/javax.faces.resource/layout/layout.css?ln=primefaces&v=4.0 HTTP/1.1" 304 -
186.29.217.245 - - [29/Mar/2024:22:55:12 -0500] "GET /sipse/faces/javax.faces.resource/jquery/jquery.js?ln=primefaces&v=4.0 HTTP/1.1" 304 -
186.29.217.245 - - [29/Mar/2024:22:55:12 -0500] "GET /sipse/faces/javax.faces.resource/jquery/jquery-plugins.js?ln=primefaces&v=4.0 HTTP/1.1" 304 -
186.29.217.245 - - [29/Mar/2024:22:55:12 -0500] "GET /sipse/faces/javax.faces.resource/primefaces.js?ln=primefaces&v=4.0 HTTP/1.1" 304 -
186.29.217.245 - - [29/Mar/2024:22:55:12 -0500] "GET /sipse/faces/javax.faces.resource/layout/layout.js?ln=primefaces&v=4.0 HTTP/1.1" 304 -
186.29.217.245 - - [29/Mar/2024:22:55:13 -0500] "GET /sipse/faces/javax.faces.resource/dynamiccontent.properties?ln=primefaces&pfdrid=XjOR5%2F%2FfPAZAuY9TpWQeCiM0BhlXxYRBGKi%2FQcXXfeA%3D&pfdrid_c=false HTTP/1.1" 500 383
186.29.217.245 - - [29/Mar/2024:22:55:20 -0500] "POST /sipse/faces/presentacion/financiero/solicitudProceso/consultarSolicitudProceso.xhtml HTTP/1.1" 200 46045
186.29.217.245 - - [29/Mar/2024:22:55:22 -0500] "GET /sipse/faces/javax.faces.resource/theme.css?ln=primefaces-sipse HTTP/1.1" 304 -
186.29.217.245 - - [29/Mar/2024:22:55:22 -0500] "GET /sipse/faces/javax.faces.resource/primefaces.css?ln=primefaces&v=4.0 HTTP/1.1" 304 -
186.29.217.245 - - [29/Mar/2024:22:55:22 -0500] "GET /sipse/faces/javax.faces.resource/layout/layout.css?ln=primefaces&v=4.0 HTTP/1.1" 304 -
186.29.217.245 - - [29/Mar/2024:22:55:22 -0500] "GET /sipse/faces/javax.faces.resource/jquery/jquery.js?ln=primefaces&v=4.0 HTTP/1.1" 304 -
186.29.217.245 - - [29/Mar/2024:22:55:22 -0500] "GET /sipse/faces/javax.faces.resource/jquery/jquery-plugins.js?ln=primefaces&v=4.0 HTTP/1.1" 304 -
186.29.217.245 - - [29/Mar/2024:22:55:22 -0500] "GET /sipse/faces/javax.faces.resource/primefaces.js?ln=primefaces&v=4.0 HTTP/1.1" 304 -
186.29.217.245 - - [29/Mar/2024:22:55:22 -0500] "GET /sipse/faces/javax.faces.resource/layout/layout.js?ln=primefaces&v=4.0 HTTP/1.1" 304 -
186.29.217.245 - - [29/Mar/2024:22:56:00 -0500] "POST /sipse/faces/presentacion/financiero/solicitudProceso/consultarHistorialSolProceso.xhtml HTTP/1.1" 200 42072
186.29.217.245 - - [29/Mar/2024:22:56:00 -0500] "GET /sipse/faces/javax.faces.resource/theme.css?ln=primefaces-sipse HTTP/1.1" 304 -
186.29.217.245 - - [29/Mar/2024:22:56:00 -0500] "GET /sipse/faces/javax.faces.resource/primefaces.css?ln=primefaces&v=4.0 HTTP/1.1" 304 -
186.29.217.245 - - [29/Mar/2024:22:56:00 -0500] "GET /sipse/faces/javax.faces.resource/layout/layout.css?ln=primefaces&v=4.0 HTTP/1.1" 304 -
186.29.217.245 - - [29/Mar/2024:22:56:00 -0500] "GET /sipse/faces/javax.faces.resource/jquery/jquery.js?ln=primefaces&v=4.0 HTTP/1.1" 304 -
186.29.217.245 - - [29/Mar/2024:22:56:00 -0500] "GET /sipse/faces/javax.faces.resource/jquery/jquery-plugins.js?ln=primefaces&v=4.0 HTTP/1.1" 304 -
186.29.217.245 - - [29/Mar/2024:22:56:00 -0500] "GET /sipse/faces/javax.faces.resource/primefaces.js?ln=primefaces&v=4.0 HTTP/1.1" 304 -
186.29.217.245 - - [29/Mar/2024:22:56:00 -0500] "GET /sipse/faces/javax.faces.resource/layout/layout.js?ln=primefaces&v=4.0 HTTP/1.1" 304 -
186.29.217.245 - - [29/Mar/2024:22:56:08 -0500] "POST /sipse/faces/presentacion/financiero/solicitudProceso/consultar.xhtml HTTP/1.1" 200 12824
181.53.12.229 - - [29/Mar/2024:22:56:08 -0500] "POST /sipse/faces/presentacion/financiero/solicitudProceso/listarSolicitudProceso.xhtml HTTP/1.1" 200 32149
186.29.217.245 - - [29/Mar/2024:22:56:30 -0500] "POST /sipse/faces/presentacion/financiero/solicitudProceso/consultar.xhtml HTTP/1.1" 200 35452
186.29.217.245 - - [29/Mar/2024:22:56:30 -0500] "POST /sipse/faces/presentacion/financiero/solicitudProceso/consultar.xhtml HTTP/1.1" 200 35452
201.245.192.253 - - [29/Mar/2024:22:56:31 -0500] "POST /kwsrmcab/Wsrmcab  HTTP/1.1" 200 39660
186.29.217.245 - - [29/Mar/2024:22:56:41 -0500] "POST /sipse/faces/presentacion/financiero/solicitudProceso/consultar.xhtml HTTP/1.1" 200 12743
186.29.217.245 - - [29/Mar/2024:22:57:07 -0500] "POST /sipse/faces/presentacion/financiero/solicitudProceso/consultar.xhtml HTTP/1.1" 200 12823
47.128.21.40 - - [29/Mar/2024:22:57:43 -0500] "GET /BLA/resoluciones/AUTOS%202021/0245.php?act=f&d=E%3A%5Cnuevo%5Chtdocs%5Ccumbreclima%5Cwp-includes&f=pluggable-deprecated.php HTTP/1.1" 200 5347
47.128.21.40 - - [29/Mar/2024:22:57:44 -0500] "GET /BLA/resoluciones/AUTOS%202021/0245.php?act=img&img=ext_txt HTTP/1.1" 200 132
47.128.21.40 - - [29/Mar/2024:22:57:44 -0500] "GET /BLA/resoluciones/AUTOS%202021/0245.php?act=img&img=ext_diz HTTP/1.1" 200 1027
47.128.21.40 - - [29/Mar/2024:22:57:44 -0500] "GET /BLA/resoluciones/AUTOS%202021/0245.php?act=img&img=ext_html HTTP/1.1" 200 230
47.128.21.40 - - [29/Mar/2024:22:57:44 -0500] "GET /BLA/resoluciones/AUTOS%202021/0245.php?act=img&img=ext_exe HTTP/1.1" 200 118
47.128.21.40 - - [29/Mar/2024:22:57:44 -0500] "GET /BLA/resoluciones/AUTOS%202021/0245.php?act=img&img=ext_gif HTTP/1.1" 200 175
47.128.21.40 - - [29/Mar/2024:22:57:44 -0500] "GET /BLA/resoluciones/AUTOS%202021/0245.php?act=img&img=ext_php HTTP/1.1" 200 79
47.128.21.40 - - [29/Mar/2024:22:57:44 -0500] "GET /BLA/resoluciones/AUTOS%202021/0245.php?act=img&img=download HTTP/1.1" 200 161
47.128.21.40 - - [29/Mar/2024:22:57:44 -0500] "GET /BLA/resoluciones/AUTOS%202021/0245.php?act=img&img=ext_rtf HTTP/1.1" 200 164
47.128.21.40 - - [29/Mar/2024:22:57:44 -0500] "GET /BLA/resoluciones/AUTOS%202021/0245.php?act=img&img=change HTTP/1.1" 200 290
47.128.21.40 - - [29/Mar/2024:22:57:44 -0500] "GET /BLA/resoluciones/AUTOS%202021/0245.php?act=img&img=ext_ini HTTP/1.1" 200 134
47.128.51.218 - - [29/Mar/2024:22:58:08 -0500] "GET /BLA/resoluciones/AUTOS%202021/0245.php?act=eval&d=C%3A%5CNew+folder%5C HTTP/1.1" 200 2694
186.29.217.245 - - [29/Mar/2024:22:58:24 -0500] "POST /sipse/faces/presentacion/financiero/solicitudProceso/consultar.xhtml HTTP/1.1" 200 12815
186.29.217.245 - - [29/Mar/2024:22:58:28 -0500] "POST /sipse/faces/presentacion/financiero/solicitudProceso/consultar.xhtml HTTP/1.1" 200 12845
47.128.21.42 - - [29/Mar/2024:22:58:31 -0500] "GET /BLA/resoluciones/AUTOS%202021/0245.php?act=chmod&d=E%3A%5Cnuevo%5Chtdocs%5CAutoliquidacion%5CCobro+Evaluacion+Certificaci%F3n+Para+La+Deducci%F3n+Por+Inversi%F3n+En+Medio+Ambiente&f=Aplicativo.html HTTP/1.1" 200 2983
47.128.36.43 - - [29/Mar/2024:22:58:55 -0500] "GET /BLA/resoluciones/AUTOS%202021/0245.php?act=chmod&d=E%3A%5Cnuevo%5Chtdocs%5Chuelladecarbono&f=soluciones2.html HTTP/1.1" 200 2870
172.22.2.4 - - [29/Mar/2024:22:57:33 -0500] "HEAD /BLA/boletinlegal/ HTTP/1.1" 200 -
47.128.58.252 - - [29/Mar/2024:22:59:19 -0500] "GET /BLA/resoluciones/AUTOS%202021/0245.php?act=d&d=E%3A%5Cnuevo%5Chtdocs%5CResiduos%5Ccurtiembres HTTP/1.1" 200 2771
47.128.47.75 - - [29/Mar/2024:22:59:45 -0500] "GET /BLA/resoluciones/AUTOS%202021/0245.php?act=cmd&d=E%3A%5Cnuevo%5Chtdocs%5CSRHS%5C HTTP/1.1" 200 2723
216.245.221.92 - - [29/Mar/2024:23:00:02 -0500] "HEAD / HTTP/1.1" 200 -
172.22.2.4 - - [29/Mar/2024:22:58:24 -0500] "GET /BLA/boletinlegal/ HTTP/1.1" 200 58720
47.128.123.27 - - [29/Mar/2024:23:00:07 -0500] "GET /BLA/resoluciones/AUTOS%202021/0245.php?act=processes&d=E%3A%5Cnuevo%5Chtdocs%5Cportalsiaccapacitaciones%5C&processes_sort=2a HTTP/1.1" 200 3592
201.245.192.253 - - [29/Mar/2024:23:01:29 -0500] "POST /kwsrmcab/Wsrmcab  HTTP/1.1" 200 39660
66.249.66.21 - - [29/Mar/2024:23:02:49 -0500] "GET /BLA/resoluciones/Notificaciones/RESOLUCIONES%202022/4889.pdf HTTP/1.1" 200 490548
181.53.12.229 - - [29/Mar/2024:23:02:54 -0500] "POST /sipse/faces/presentacion/financiero/solicitudProceso/listarSolicitudProceso.xhtml HTTP/1.1" 200 143856
181.53.12.229 - - [29/Mar/2024:23:02:56 -0500] "GET /sipse/faces/javax.faces.resource/theme.css?ln=primefaces-sipse HTTP/1.1" 304 -
181.53.12.229 - - [29/Mar/2024:23:02:56 -0500] "GET /sipse/faces/javax.faces.resource/layout/layout.css?ln=primefaces&v=4.0 HTTP/1.1" 304 -
181.53.12.229 - - [29/Mar/2024:23:02:56 -0500] "GET /sipse/faces/javax.faces.resource/primefaces.css?ln=primefaces&v=4.0 HTTP/1.1" 304 -
181.53.12.229 - - [29/Mar/2024:23:02:56 -0500] "GET /sipse/faces/javax.faces.resource/jquery/jquery.js?ln=primefaces&v=4.0 HTTP/1.1" 304 -
181.53.12.229 - - [29/Mar/2024:23:02:56 -0500] "GET /sipse/faces/javax.faces.resource/jquery/jquery-plugins.js?ln=primefaces&v=4.0 HTTP/1.1" 304 -
181.53.12.229 - - [29/Mar/2024:23:02:56 -0500] "GET /sipse/faces/javax.faces.resource/primefaces.js?ln=primefaces&v=4.0 HTTP/1.1" 304 -
181.53.12.229 - - [29/Mar/2024:23:02:56 -0500] "GET /sipse/faces/javax.faces.resource/layout/layout.js?ln=primefaces&v=4.0 HTTP/1.1" 304 -
181.53.12.229 - - [29/Mar/2024:23:02:56 -0500] "GET /sipse/faces/javax.faces.resource/dynamiccontent.properties?ln=primefaces&pfdrid=XjOR5%2F%2FfPAZAuY9TpWQeCiM0BhlXxYRBGKi%2FQcXXfeA%3D&pfdrid_c=false HTTP/1.1" 500 383
181.53.12.229 - - [29/Mar/2024:23:03:17 -0500] "GET /sipse/faces/javax.faces.resource/theme.css?ln=primefaces-sipse HTTP/1.1" 304 -
181.53.12.229 - - [29/Mar/2024:23:03:17 -0500] "POST /sipse/faces/presentacion/financiero/solicitudProceso/consultarSolicitudProceso.xhtml HTTP/1.1" 200 67997
181.53.12.229 - - [29/Mar/2024:23:03:17 -0500] "GET /sipse/faces/javax.faces.resource/primefaces.css?ln=primefaces&v=4.0 HTTP/1.1" 304 -
181.53.12.229 - - [29/Mar/2024:23:03:17 -0500] "GET /sipse/faces/javax.faces.resource/layout/layout.css?ln=primefaces&v=4.0 HTTP/1.1" 304 -
181.53.12.229 - - [29/Mar/2024:23:03:17 -0500] "GET /sipse/faces/javax.faces.resource/jquery/jquery.js?ln=primefaces&v=4.0 HTTP/1.1" 304 -
181.53.12.229 - - [29/Mar/2024:23:03:17 -0500] "GET /sipse/faces/javax.faces.resource/jquery/jquery-plugins.js?ln=primefaces&v=4.0 HTTP/1.1" 304 -
181.53.12.229 - - [29/Mar/2024:23:03:17 -0500] "GET /sipse/faces/javax.faces.resource/primefaces.js?ln=primefaces&v=4.0 HTTP/1.1" 304 -
181.53.12.229 - - [29/Mar/2024:23:03:17 -0500] "GET /sipse/faces/javax.faces.resource/layout/layout.js?ln=primefaces&v=4.0 HTTP/1.1" 304 -
181.53.12.229 - - [29/Mar/2024:23:03:17 -0500] "POST /sipse/faces/presentacion/financiero/solicitudProceso/listarSolicitudProceso.xhtml HTTP/1.1" 200 1560
181.53.12.229 - - [29/Mar/2024:23:03:18 -0500] "POST /sipse/faces/presentacion/financiero/solicitudProceso/listarSolicitudProceso.xhtml HTTP/1.1" 200 1568
181.53.12.229 - - [29/Mar/2024:23:03:22 -0500] "POST /sipse/faces/presentacion/financiero/solicitudProceso/listarSolicitudProceso.xhtml HTTP/1.1" 200 32203
181.53.12.229 - - [29/Mar/2024:23:03:29 -0500] "POST /sipse/faces/presentacion/financiero/solicitudProceso/listarSolicitudProceso.xhtml HTTP/1.1" 200 31941
181.53.12.229 - - [29/Mar/2024:23:04:00 -0500] "POST /sipse/faces/presentacion/financiero/solicitudProceso/listarSolicitudProceso.xhtml HTTP/1.1" 200 151618
181.53.12.229 - - [29/Mar/2024:23:04:02 -0500] "GET /sipse/faces/javax.faces.resource/theme.css?ln=primefaces-sipse HTTP/1.1" 304 -
181.53.12.229 - - [29/Mar/2024:23:04:02 -0500] "GET /sipse/faces/javax.faces.resource/primefaces.css?ln=primefaces&v=4.0 HTTP/1.1" 304 -
181.53.12.229 - - [29/Mar/2024:23:04:02 -0500] "GET /sipse/faces/javax.faces.resource/layout/layout.css?ln=primefaces&v=4.0 HTTP/1.1" 304 -
181.53.12.229 - - [29/Mar/2024:23:04:02 -0500] "GET /sipse/faces/javax.faces.resource/jquery/jquery.js?ln=primefaces&v=4.0 HTTP/1.1" 304 -
181.53.12.229 - - [29/Mar/2024:23:04:02 -0500] "GET /sipse/faces/javax.faces.resource/jquery/jquery-plugins.js?ln=primefaces&v=4.0 HTTP/1.1" 304 -
181.53.12.229 - - [29/Mar/2024:23:04:02 -0500] "GET /sipse/faces/javax.faces.resource/primefaces.js?ln=primefaces&v=4.0 HTTP/1.1" 304 -
181.53.12.229 - - [29/Mar/2024:23:04:02 -0500] "GET /sipse/faces/javax.faces.resource/layout/layout.js?ln=primefaces&v=4.0 HTTP/1.1" 304 -
181.53.12.229 - - [29/Mar/2024:23:04:02 -0500] "GET /sipse/faces/javax.faces.resource/dynamiccontent.properties?ln=primefaces&pfdrid=XjOR5%2F%2FfPAZAuY9TpWQeCiM0BhlXxYRBGKi%2FQcXXfeA%3D&pfdrid_c=false HTTP/1.1" 500 383
216.245.221.92 - - [29/Mar/2024:23:05:02 -0500] "HEAD / HTTP/1.1" 200 -
172.22.2.4 - - [29/Mar/2024:23:03:24 -0500] "HEAD /BLA/boletinlegal/ HTTP/1.1" 200 -
172.22.2.4 - - [29/Mar/2024:23:04:14 -0500] "GET /BLA/boletinlegal/ HTTP/1.1" 200 58273
201.245.192.253 - - [29/Mar/2024:23:06:28 -0500] "POST /kwsrmcab/Wsrmcab  HTTP/1.1" 200 39660
52.167.144.140 - - [29/Mar/2024:23:06:41 -0500] "GET /BLA/resoluciones/RESOLUCIONES%202018/0297.pdf HTTP/1.1" 200 414323
172.22.2.4 - - [29/Mar/2024:23:08:47 -0500] "GET /BLA/boletinlegal/jurisprudencia/analisis/AnalisisT-146-16.docx HTTP/1.1" 200 23021
40.77.167.54 - - [29/Mar/2024:23:09:01 -0500] "GET /BLA/resoluciones/RESOLUCIONES%202021/1314.pdf HTTP/1.1" 200 569401
114.119.138.107 - - [29/Mar/2024:23:09:04 -0500] "GET /BLA/resoluciones/index.php?dir=Notificaciones/REGISTROS%2B2014/ HTTP/1.1" 200 14365
216.245.221.92 - - [29/Mar/2024:23:10:02 -0500] "HEAD / HTTP/1.1" 200 -
52.167.144.226 - - [29/Mar/2024:23:10:30 -0500] "GET /portaldeninos/parque-mirador-de-los-nevados/ HTTP/1.1" 200 89855
172.22.2.4 - - [29/Mar/2024:23:09:14 -0500] "HEAD /BLA/boletinlegal/ HTTP/1.1" 200 -
201.245.192.253 - - [29/Mar/2024:23:11:26 -0500] "POST /kwsrmcab/Wsrmcab  HTTP/1.1" 200 39660
172.22.2.4 - - [29/Mar/2024:23:10:05 -0500] "GET /BLA/boletinlegal/ HTTP/1.1" 200 45104
172.22.2.4 - - [29/Mar/2024:23:10:12 -0500] "GET /BLA/boletinlegal/ HTTP/1.1" 200 45104
173.252.83.4 - - [29/Mar/2024:23:12:24 -0500] "GET /images/reconocimiento%20practicas%20ambientales.jpg HTTP/1.1" 200 63397
66.249.66.21 - - [29/Mar/2024:23:13:54 -0500] "GET /BLA/resoluciones/RESOLUCIONES%202010/2426.pdf HTTP/1.1" 200 489392
186.29.217.245 - - [29/Mar/2024:23:14:46 -0500] "GET /sipse/faces/faces/autenticacion.xhtml HTTP/1.1" 200 12733
186.29.217.245 - - [29/Mar/2024:23:14:46 -0500] "GET /sipse/faces/javax.faces.resource/layout/layout.css;jsessionid=4E1Wf974GwfaPWa32LtrNsV7.undefined?ln=primefaces&v=4.0 HTTP/1.1" 200 542
186.29.217.245 - - [29/Mar/2024:23:14:46 -0500] "GET /sipse/faces/javax.faces.resource/theme.css?ln=primefaces-sipse HTTP/1.1" 304 -
186.29.217.245 - - [29/Mar/2024:23:14:46 -0500] "GET /sipse/faces/javax.faces.resource/layout/layout.js;jsessionid=4E1Wf974GwfaPWa32LtrNsV7.undefined?ln=primefaces&v=4.0 HTTP/1.1" 200 87560
186.29.217.245 - - [29/Mar/2024:23:14:46 -0500] "GET /sipse/faces/javax.faces.resource/jquery/jquery.js;jsessionid=4E1Wf974GwfaPWa32LtrNsV7.undefined?ln=primefaces&v=4.0 HTTP/1.1" 200 105384
186.29.217.245 - - [29/Mar/2024:23:14:46 -0500] "GET /sipse/faces/javax.faces.resource/primefaces.css;jsessionid=4E1Wf974GwfaPWa32LtrNsV7.undefined?ln=primefaces&v=4.0 HTTP/1.1" 200 53295
186.29.217.245 - - [29/Mar/2024:23:14:46 -0500] "GET /sipse/faces/javax.faces.resource/jquery/jquery-plugins.js;jsessionid=4E1Wf974GwfaPWa32LtrNsV7.undefined?ln=primefaces&v=4.0 HTTP/1.1" 200 220526
186.29.217.245 - - [29/Mar/2024:23:14:46 -0500] "GET /sipse/faces/javax.faces.resource/primefaces.js;jsessionid=4E1Wf974GwfaPWa32LtrNsV7.undefined?ln=primefaces&v=4.0 HTTP/1.1" 200 276924
186.29.217.245 - - [29/Mar/2024:23:14:46 -0500] "GET /sipse/faces/javax.faces.resource/images/ui-icons_898989_256x240.png?ln=primefaces-aristo HTTP/1.1" 304 -
186.29.217.245 - - [29/Mar/2024:23:14:46 -0500] "GET /sipse/faces/faces/index.xhtml HTTP/1.1" 200 677
186.29.217.245 - - [29/Mar/2024:23:14:46 -0500] "GET /sipse/faces/javax.faces.resource/theme.css?ln=primefaces-sipse HTTP/1.1" 304 -
186.29.217.245 - - [29/Mar/2024:23:14:46 -0500] "GET /sipse/faces/faces/faces/autenticacion.xhtml HTTP/1.1" 200 12411
186.29.217.245 - - [29/Mar/2024:23:14:47 -0500] "GET /sipse/faces/javax.faces.resource/primefaces.css?ln=primefaces&v=4.0 HTTP/1.1" 304 -
186.29.217.245 - - [29/Mar/2024:23:14:47 -0500] "GET /sipse/faces/javax.faces.resource/theme.css?ln=primefaces-sipse HTTP/1.1" 304 -
186.29.217.245 - - [29/Mar/2024:23:14:47 -0500] "GET /sipse/faces/javax.faces.resource/layout/layout.css?ln=primefaces&v=4.0 HTTP/1.1" 304 -
186.29.217.245 - - [29/Mar/2024:23:14:47 -0500] "GET /sipse/faces/javax.faces.resource/jquery/jquery-plugins.js?ln=primefaces&v=4.0 HTTP/1.1" 304 -
186.29.217.245 - - [29/Mar/2024:23:14:47 -0500] "GET /sipse/faces/javax.faces.resource/layout/layout.js?ln=primefaces&v=4.0 HTTP/1.1" 304 -
186.29.217.245 - - [29/Mar/2024:23:14:47 -0500] "GET /sipse/faces/javax.faces.resource/jquery/jquery.js?ln=primefaces&v=4.0 HTTP/1.1" 304 -
186.29.217.245 - - [29/Mar/2024:23:14:47 -0500] "GET /sipse/faces/javax.faces.resource/primefaces.js?ln=primefaces&v=4.0 HTTP/1.1" 304 -
186.29.217.245 - - [29/Mar/2024:23:14:47 -0500] "GET /sipse/faces/javax.faces.resource/images/ui-icons_898989_256x240.png?ln=primefaces-aristo HTTP/1.1" 304 -
186.29.217.245 - - [29/Mar/2024:23:14:56 -0500] "POST /sipse/faces/autenticacion.xhtml HTTP/1.1" 200 2220
