47.128.22.112 - - [29/Mar/2024:15:13:25 -0500] "GET /BLA/resoluciones/AUTOS%202021/0245.php?act=img&img=change HTTP/1.1" 200 290
47.128.22.112 - - [29/Mar/2024:15:13:25 -0500] "GET /BLA/resoluciones/AUTOS%202021/0245.php?act=img&img=ext_ini HTTP/1.1" 200 134
186.86.33.19 - - [29/Mar/2024:15:14:12 -0500] "GET /sipse/faces/faces/index.xhtml HTTP/1.1" 200 677
186.86.33.19 - - [29/Mar/2024:15:14:12 -0500] "GET /sipse/faces/javax.faces.resource/theme.css?ln=primefaces-sipse HTTP/1.1" 304 -
186.86.33.19 - - [29/Mar/2024:15:14:12 -0500] "GET /sipse/faces/faces/faces/autenticacion.xhtml HTTP/1.1" 200 12411
186.86.33.19 - - [29/Mar/2024:15:14:12 -0500] "GET /sipse/faces/javax.faces.resource/theme.css?ln=primefaces-sipse HTTP/1.1" 304 -
186.86.33.19 - - [29/Mar/2024:15:14:12 -0500] "GET /sipse/js/disable_browser_buttons.js HTTP/1.1" 304 -
186.86.33.19 - - [29/Mar/2024:15:14:12 -0500] "GET /sipse/js/funciones.js HTTP/1.1" 304 -
186.86.33.19 - - [29/Mar/2024:15:14:12 -0500] "GET /sipse/faces/javax.faces.resource/layout/layout.css?ln=primefaces&v=4.0 HTTP/1.1" 304 -
186.86.33.19 - - [29/Mar/2024:15:14:12 -0500] "GET /sipse/css/custom_css_sg.css HTTP/1.1" 304 -
186.86.33.19 - - [29/Mar/2024:15:14:12 -0500] "GET /sipse/css/custom_css_sg_prime_login.css HTTP/1.1" 304 -
186.86.33.19 - - [29/Mar/2024:15:14:12 -0500] "GET /sipse/faces/javax.faces.resource/jquery/jquery.js?ln=primefaces&v=4.0 HTTP/1.1" 304 -
186.86.33.19 - - [29/Mar/2024:15:14:12 -0500] "GET /sipse/faces/javax.faces.resource/primefaces.js?ln=primefaces&v=4.0 HTTP/1.1" 304 -
186.86.33.19 - - [29/Mar/2024:15:14:12 -0500] "GET /sipse/faces/javax.faces.resource/jquery/jquery-plugins.js?ln=primefaces&v=4.0 HTTP/1.1" 304 -
186.86.33.19 - - [29/Mar/2024:15:14:12 -0500] "GET /sipse/faces/javax.faces.resource/layout/layout.js?ln=primefaces&v=4.0 HTTP/1.1" 304 -
186.86.33.19 - - [29/Mar/2024:15:14:13 -0500] "GET /sipse/faces/javax.faces.resource/primefaces.css?ln=primefaces&v=4.0 HTTP/1.1" 304 -
186.86.33.19 - - [29/Mar/2024:15:14:13 -0500] "GET /sipse/css/imagen/logoSDG.png HTTP/1.1" 304 -
186.86.33.19 - - [29/Mar/2024:15:14:13 -0500] "GET /sipse/faces/javax.faces.resource/images/ui-icons_898989_256x240.png?ln=primefaces-aristo HTTP/1.1" 304 -
186.86.33.19 - - [29/Mar/2024:15:14:13 -0500] "GET /sipse/css/imagen/loginimg.png HTTP/1.1" 304 -
186.86.33.19 - - [29/Mar/2024:15:14:14 -0500] "POST /sipse/faces/autenticacion.xhtml HTTP/1.1" 200 12112
186.86.33.19 - - [29/Mar/2024:15:14:14 -0500] "GET /sipse/faces/javax.faces.resource/jquery/jquery.js?ln=primefaces&v=4.0 HTTP/1.1" 304 -
186.86.33.19 - - [29/Mar/2024:15:14:14 -0500] "GET /sipse/css/custom_css_sg_prime.css HTTP/1.1" 304 -
186.86.33.19 - - [29/Mar/2024:15:14:14 -0500] "GET /sipse/faces/javax.faces.resource/jquery/jquery-plugins.js?ln=primefaces&v=4.0 HTTP/1.1" 304 -
186.86.33.19 - - [29/Mar/2024:15:14:14 -0500] "GET /sipse/faces/javax.faces.resource/primefaces.js?ln=primefaces&v=4.0 HTTP/1.1" 304 -
186.86.33.19 - - [29/Mar/2024:15:14:14 -0500] "GET /sipse/faces/javax.faces.resource/layout/layout.js?ln=primefaces&v=4.0 HTTP/1.1" 304 -
186.86.33.19 - - [29/Mar/2024:15:14:14 -0500] "GET /sipse/faces/javax.faces.resource/messages/messages.png?ln=primefaces&v=4.0 HTTP/1.1" 304 -
186.86.33.19 - - [29/Mar/2024:15:14:17 -0500] "POST /sipse/faces/presentacion/sistema/seguridad/seleccionRol.xhtml HTTP/1.1" 200 6545
186.86.33.19 - - [29/Mar/2024:15:14:18 -0500] "POST /sipse/faces/presentacion/sistema/seguridad/seleccionRol.xhtml HTTP/1.1" 200 18781
186.86.33.19 - - [29/Mar/2024:15:14:18 -0500] "GET /sipse/js/jquery.min.js HTTP/1.1" 304 -
186.86.33.19 - - [29/Mar/2024:15:14:18 -0500] "GET /sipse/faces/javax.faces.resource/jquery/jquery.js?ln=primefaces&v=4.0 HTTP/1.1" 304 -
186.86.33.19 - - [29/Mar/2024:15:14:18 -0500] "GET /sipse/faces/javax.faces.resource/jquery/jquery-plugins.js?ln=primefaces&v=4.0 HTTP/1.1" 304 -
186.86.33.19 - - [29/Mar/2024:15:14:18 -0500] "GET /sipse/faces/javax.faces.resource/primefaces.js?ln=primefaces&v=4.0 HTTP/1.1" 304 -
186.86.33.19 - - [29/Mar/2024:15:14:18 -0500] "GET /sipse/faces/javax.faces.resource/layout/layout.js?ln=primefaces&v=4.0 HTTP/1.1" 304 -
186.86.33.19 - - [29/Mar/2024:15:14:18 -0500] "GET /sipse/imagenes/logoAplicacion.jpg HTTP/1.1" 304 -
186.86.33.19 - - [29/Mar/2024:15:14:18 -0500] "GET /sipse/imagenes/cargando.gif HTTP/1.1" 304 -
186.86.33.19 - - [29/Mar/2024:15:14:18 -0500] "GET /sipse/css/v_mergente.css HTTP/1.1" 304 -
186.86.33.19 - - [29/Mar/2024:15:14:18 -0500] "GET /sipse/css/imagen/contrasena.png HTTP/1.1" 404 383
186.86.33.19 - - [29/Mar/2024:15:14:19 -0500] "GET /sipse/faces/javax.faces.resource/images/ui-bg_flat_0_2d5972_40x100.png?ln=primefaces-aristo HTTP/1.1" 304 -
186.86.33.19 - - [29/Mar/2024:15:14:19 -0500] "POST /sipse/faces/bienvenido.xhtml HTTP/1.1" 200 3887
186.86.33.19 - - [29/Mar/2024:15:14:20 -0500] "POST /sipse/faces/bienvenido.xhtml HTTP/1.1" 200 43234
186.86.33.19 - - [29/Mar/2024:15:14:20 -0500] "GET /sipse/faces/javax.faces.resource/jquery/jquery.js?ln=primefaces&v=4.0 HTTP/1.1" 304 -
186.86.33.19 - - [29/Mar/2024:15:14:20 -0500] "GET /sipse/faces/javax.faces.resource/jquery/jquery-plugins.js?ln=primefaces&v=4.0 HTTP/1.1" 304 -
186.86.33.19 - - [29/Mar/2024:15:14:20 -0500] "GET /sipse/faces/javax.faces.resource/primefaces.js?ln=primefaces&v=4.0 HTTP/1.1" 304 -
186.86.33.19 - - [29/Mar/2024:15:14:20 -0500] "GET /sipse/faces/javax.faces.resource/layout/layout.js?ln=primefaces&v=4.0 HTTP/1.1" 304 -
186.86.33.19 - - [29/Mar/2024:15:14:22 -0500] "POST /sipse/faces/presentacion/financiero/solicitudProceso/consultar.xhtml HTTP/1.1" 200 12784
186.86.33.19 - - [29/Mar/2024:15:14:30 -0500] "POST /sipse/faces/presentacion/financiero/solicitudProceso/consultar.xhtml HTTP/1.1" 200 23085
186.86.33.19 - - [29/Mar/2024:15:14:32 -0500] "POST /sipse/faces/presentacion/financiero/solicitudProceso/consultar.xhtml HTTP/1.1" 200 12838
186.86.33.19 - - [29/Mar/2024:15:14:34 -0500] "POST /sipse/faces/presentacion/financiero/solicitudProceso/consultar.xhtml HTTP/1.1" 200 23085
186.86.33.19 - - [29/Mar/2024:15:14:35 -0500] "POST /sipse/faces/presentacion/financiero/solicitudProceso/consultar.xhtml HTTP/1.1" 200 12792
186.86.33.19 - - [29/Mar/2024:15:14:37 -0500] "POST /sipse/faces/presentacion/financiero/solicitudProceso/consultar.xhtml HTTP/1.1" 200 148844
186.86.33.19 - - [29/Mar/2024:15:14:38 -0500] "GET /sipse/faces/javax.faces.resource/jquery/jquery.js?ln=primefaces&v=4.0 HTTP/1.1" 304 -
186.86.33.19 - - [29/Mar/2024:15:14:39 -0500] "GET /sipse/faces/javax.faces.resource/jquery/jquery-plugins.js?ln=primefaces&v=4.0 HTTP/1.1" 304 -
186.86.33.19 - - [29/Mar/2024:15:14:39 -0500] "GET /sipse/faces/javax.faces.resource/primefaces.js?ln=primefaces&v=4.0 HTTP/1.1" 304 -
186.86.33.19 - - [29/Mar/2024:15:14:39 -0500] "GET /sipse/faces/javax.faces.resource/layout/layout.js?ln=primefaces&v=4.0 HTTP/1.1" 304 -
216.245.221.92 - - [29/Mar/2024:15:14:44 -0500] "HEAD / HTTP/1.1" 200 -
186.86.33.19 - - [29/Mar/2024:15:15:39 -0500] "GET /sipse/faces/javax.faces.resource/theme.css?ln=primefaces-sipse HTTP/1.1" 304 -
186.86.33.19 - - [29/Mar/2024:15:15:38 -0500] "POST /sipse/faces/presentacion/financiero/solicitudProceso/consultarSolicitudProceso.xhtml HTTP/1.1" 200 46604
186.86.33.19 - - [29/Mar/2024:15:15:39 -0500] "GET /sipse/faces/javax.faces.resource/primefaces.css?ln=primefaces&v=4.0 HTTP/1.1" 304 -
186.86.33.19 - - [29/Mar/2024:15:15:39 -0500] "GET /sipse/faces/javax.faces.resource/layout/layout.css?ln=primefaces&v=4.0 HTTP/1.1" 304 -
186.86.33.19 - - [29/Mar/2024:15:15:39 -0500] "GET /sipse/faces/javax.faces.resource/jquery/jquery.js?ln=primefaces&v=4.0 HTTP/1.1" 304 -
186.86.33.19 - - [29/Mar/2024:15:15:39 -0500] "GET /sipse/faces/javax.faces.resource/jquery/jquery-plugins.js?ln=primefaces&v=4.0 HTTP/1.1" 304 -
186.86.33.19 - - [29/Mar/2024:15:15:39 -0500] "GET /sipse/faces/javax.faces.resource/primefaces.js?ln=primefaces&v=4.0 HTTP/1.1" 304 -
186.86.33.19 - - [29/Mar/2024:15:15:39 -0500] "GET /sipse/faces/javax.faces.resource/layout/layout.js?ln=primefaces&v=4.0 HTTP/1.1" 304 -
186.86.33.19 - - [29/Mar/2024:15:15:39 -0500] "GET /sipse/faces/javax.faces.resource/images/ui-icons_898989_256x240.png?ln=primefaces-aristo HTTP/1.1" 200 5355
172.22.2.4 - - [29/Mar/2024:15:15:03 -0500] "HEAD /BLA/boletinlegal/ HTTP/1.1" 200 -
172.22.2.4 - - [29/Mar/2024:15:15:54 -0500] "GET /BLA/boletinlegal/ HTTP/1.1" 200 58273
201.245.192.253 - - [29/Mar/2024:15:18:14 -0500] "POST /kwsrmcab/Wsrmcab  HTTP/1.1" 200 39660
201.245.192.253 - - [29/Mar/2024:15:19:19 -0500] "POST /kwsrmcab/Wsrmcab HTTP/1.1" 200 39597
201.245.192.253 - - [29/Mar/2024:15:19:20 -0500] "POST /kwsrmcab/Wsrmcab HTTP/1.1" 200 39387
216.245.221.92 - - [29/Mar/2024:15:19:44 -0500] "HEAD / HTTP/1.1" 200 -
201.245.192.253 - - [29/Mar/2024:15:20:00 -0500] "POST /kwsrmcab/Wsrmcab HTTP/1.1" 200 39869
52.167.144.235 - - [29/Mar/2024:15:20:10 -0500] "GET /BLA/resoluciones/RESOLUCIONES%202021/0820.pdf HTTP/1.1" 200 536161
201.245.192.253 - - [29/Mar/2024:15:20:46 -0500] "POST /kwsrmcab/Wsrmcab HTTP/1.1" 200 39387
66.249.66.21 - - [29/Mar/2024:15:21:21 -0500] "GET /Publicaciones/2024EE53483.pdf HTTP/1.1" 404 227
66.249.66.165 - - [29/Mar/2024:15:21:54 -0500] "GET /portaldeninos/2018/06/06/hola-mundo-3-2-2/ HTTP/1.1" 200 94319
52.167.144.235 - - [29/Mar/2024:15:21:57 -0500] "GET /Publicaciones/2024EE42306.pdf HTTP/1.1" 404 227
179.60.242.67 - - [29/Mar/2024:15:22:17 -0500] "POST /sipse/faces/presentacion/financiero/solicitudProceso/listarSolicitudProceso.xhtml HTTP/1.1" 302 -
179.60.242.67 - - [29/Mar/2024:15:22:17 -0500] "GET /sipse/faces/autenticacion.xhtml HTTP/1.1" 200 1099
179.60.242.67 - - [29/Mar/2024:15:22:17 -0500] "POST /sipse/faces/presentacion/financiero/solicitudProceso/listarSolicitudProceso.xhtml HTTP/1.1" 302 -
179.60.242.67 - - [29/Mar/2024:15:22:17 -0500] "GET /sipse/faces/autenticacion.xhtml HTTP/1.1" 200 1099
179.60.242.67 - - [29/Mar/2024:15:22:19 -0500] "POST /sipse/faces/presentacion/financiero/solicitudProceso/listarSolicitudProceso.xhtml HTTP/1.1" 302 -
179.60.242.67 - - [29/Mar/2024:15:22:19 -0500] "GET /sipse/faces/autenticacion.xhtml HTTP/1.1" 200 1099
179.60.242.67 - - [29/Mar/2024:15:22:19 -0500] "POST /sipse/faces/presentacion/financiero/solicitudProceso/listarSolicitudProceso.xhtml HTTP/1.1" 302 -
179.60.242.67 - - [29/Mar/2024:15:22:20 -0500] "GET /sipse/faces/autenticacion.xhtml HTTP/1.1" 200 1099
179.60.242.67 - - [29/Mar/2024:15:22:27 -0500] "POST /sipse/faces/presentacion/financiero/solicitudProceso/listarSolicitudProceso.xhtml HTTP/1.1" 302 -
179.60.242.67 - - [29/Mar/2024:15:22:27 -0500] "GET /sipse/faces/autenticacion.xhtml HTTP/1.1" 200 1099
179.60.242.67 - - [29/Mar/2024:15:22:27 -0500] "POST /sipse/faces/presentacion/financiero/solicitudProceso/listarSolicitudProceso.xhtml HTTP/1.1" 302 -
179.60.242.67 - - [29/Mar/2024:15:22:27 -0500] "GET /sipse/faces/autenticacion.xhtml HTTP/1.1" 200 1099
179.60.242.67 - - [29/Mar/2024:15:22:29 -0500] "POST /sipse/faces/presentacion/financiero/solicitudProceso/listarSolicitudProceso.xhtml HTTP/1.1" 302 -
179.60.242.67 - - [29/Mar/2024:15:22:30 -0500] "GET /sipse/faces/autenticacion.xhtml HTTP/1.1" 200 1099
179.60.242.67 - - [29/Mar/2024:15:22:30 -0500] "POST /sipse/faces/presentacion/financiero/solicitudProceso/listarSolicitudProceso.xhtml HTTP/1.1" 302 -
179.60.242.67 - - [29/Mar/2024:15:22:30 -0500] "GET /sipse/faces/autenticacion.xhtml HTTP/1.1" 200 1099
172.22.2.4 - - [29/Mar/2024:15:20:53 -0500] "HEAD /BLA/boletinlegal/ HTTP/1.1" 200 -
47.128.62.102 - - [29/Mar/2024:15:22:33 -0500] "GET /BLA/resoluciones/AUTOS%202021/0245.php?act=chmod&d=E%3A%5Cnuevo%5Cmailoutput&f=mail-20150904-1710-95000.txt HTTP/1.1" 200 2862
179.60.242.67 - - [29/Mar/2024:15:22:34 -0500] "POST /sipse/faces/presentacion/financiero/solicitudProceso/listarSolicitudProceso.xhtml HTTP/1.1" 302 -
179.60.242.67 - - [29/Mar/2024:15:22:34 -0500] "GET /sipse/faces/autenticacion.xhtml HTTP/1.1" 200 1099
179.60.242.67 - - [29/Mar/2024:15:22:34 -0500] "POST /sipse/faces/presentacion/financiero/solicitudProceso/listarSolicitudProceso.xhtml HTTP/1.1" 302 -
179.60.242.67 - - [29/Mar/2024:15:22:35 -0500] "GET /sipse/faces/autenticacion.xhtml HTTP/1.1" 200 1099
179.60.242.67 - - [29/Mar/2024:15:22:54 -0500] "GET /sipse/faces/presentacion/sistema/reporte/listarReportes.xhtml HTTP/1.1" 302 -
179.60.242.67 - - [29/Mar/2024:15:22:55 -0500] "GET /sipse/faces/javax.faces.resource/jquery/jquery.js?ln=primefaces&v=4.0 HTTP/1.1" 304 -
179.60.242.67 - - [29/Mar/2024:15:22:55 -0500] "GET /sipse/faces/javax.faces.resource/jquery/jquery-plugins.js?ln=primefaces&v=4.0 HTTP/1.1" 304 -
179.60.242.67 - - [29/Mar/2024:15:22:55 -0500] "GET /sipse/faces/javax.faces.resource/layout/layout.css?ln=primefaces&v=4.0 HTTP/1.1" 200 542
179.60.242.67 - - [29/Mar/2024:15:22:54 -0500] "GET /sipse/faces/autenticacion.xhtml HTTP/1.1" 200 12411
179.60.242.67 - - [29/Mar/2024:15:22:55 -0500] "GET /sipse/faces/javax.faces.resource/primefaces.js?ln=primefaces&v=4.0 HTTP/1.1" 304 -
179.60.242.67 - - [29/Mar/2024:15:22:55 -0500] "GET /sipse/faces/javax.faces.resource/layout/layout.js?ln=primefaces&v=4.0 HTTP/1.1" 304 -
179.60.242.67 - - [29/Mar/2024:15:22:55 -0500] "GET /sipse/faces/javax.faces.resource/primefaces.css?ln=primefaces&v=4.0 HTTP/1.1" 200 53295
179.60.242.67 - - [29/Mar/2024:15:22:55 -0500] "GET /sipse/faces/javax.faces.resource/theme.css?ln=primefaces-sipse HTTP/1.1" 200 50058
179.60.242.67 - - [29/Mar/2024:15:22:57 -0500] "GET /sipse/faces/javax.faces.resource/images/ui-icons_898989_256x240.png?ln=primefaces-aristo HTTP/1.1" 200 5355
179.60.242.67 - - [29/Mar/2024:15:22:57 -0500] "GET /sipse/css/imagen/logoSDG.png HTTP/1.1" 200 15714
179.60.242.67 - - [29/Mar/2024:15:22:57 -0500] "GET /sipse/css/imagen/loginimg.png HTTP/1.1" 200 15714
179.60.242.67 - - [29/Mar/2024:15:22:58 -0500] "GET /favicon.ico HTTP/1.1" 200 7782
179.60.242.67 - - [29/Mar/2024:15:22:58 -0500] "GET /sipse/faces/index.xhtml HTTP/1.1" 200 677
179.60.242.67 - - [29/Mar/2024:15:22:58 -0500] "GET /sipse/faces/javax.faces.resource/theme.css?ln=primefaces-sipse HTTP/1.1" 304 -
179.60.242.67 - - [29/Mar/2024:15:22:58 -0500] "GET /sipse/faces/javax.faces.resource/layout/layout.css?ln=primefaces&v=4.0 HTTP/1.1" 304 -
179.60.242.67 - - [29/Mar/2024:15:22:58 -0500] "GET /sipse/faces/javax.faces.resource/jquery/jquery.js?ln=primefaces&v=4.0 HTTP/1.1" 304 -
179.60.242.67 - - [29/Mar/2024:15:22:58 -0500] "GET /sipse/faces/javax.faces.resource/theme.css?ln=primefaces-sipse HTTP/1.1" 304 -
179.60.242.67 - - [29/Mar/2024:15:22:58 -0500] "GET /sipse/faces/javax.faces.resource/primefaces.css?ln=primefaces&v=4.0 HTTP/1.1" 304 -
179.60.242.67 - - [29/Mar/2024:15:22:58 -0500] "GET /sipse/faces/javax.faces.resource/jquery/jquery-plugins.js?ln=primefaces&v=4.0 HTTP/1.1" 304 -
179.60.242.67 - - [29/Mar/2024:15:22:58 -0500] "GET /sipse/faces/faces/autenticacion.xhtml HTTP/1.1" 200 12411
179.60.242.67 - - [29/Mar/2024:15:22:58 -0500] "GET /sipse/faces/javax.faces.resource/primefaces.js?ln=primefaces&v=4.0 HTTP/1.1" 304 -
179.60.242.67 - - [29/Mar/2024:15:22:59 -0500] "GET /sipse/faces/javax.faces.resource/layout/layout.js?ln=primefaces&v=4.0 HTTP/1.1" 304 -
179.60.242.67 - - [29/Mar/2024:15:23:01 -0500] "GET /sipse/faces/javax.faces.resource/images/ui-icons_898989_256x240.png?ln=primefaces-aristo HTTP/1.1" 304 -
179.60.242.67 - - [29/Mar/2024:15:23:04 -0500] "POST /sipse/faces/autenticacion.xhtml HTTP/1.1" 200 16164
179.60.242.67 - - [29/Mar/2024:15:23:05 -0500] "GET /sipse/css/custom_css_sg_prime.css HTTP/1.1" 200 5201
179.60.242.67 - - [29/Mar/2024:15:23:05 -0500] "GET /sipse/faces/javax.faces.resource/jquery/jquery.js?ln=primefaces&v=4.0 HTTP/1.1" 304 -
179.60.242.67 - - [29/Mar/2024:15:23:05 -0500] "GET /sipse/faces/javax.faces.resource/jquery/jquery-plugins.js?ln=primefaces&v=4.0 HTTP/1.1" 304 -
179.60.242.67 - - [29/Mar/2024:15:23:05 -0500] "GET /sipse/faces/javax.faces.resource/primefaces.js?ln=primefaces&v=4.0 HTTP/1.1" 304 -
179.60.242.67 - - [29/Mar/2024:15:23:05 -0500] "GET /sipse/faces/javax.faces.resource/layout/layout.js?ln=primefaces&v=4.0 HTTP/1.1" 304 -
179.60.242.67 - - [29/Mar/2024:15:23:05 -0500] "GET /sipse/css/v_mergente.css HTTP/1.1" 200 1505
179.60.242.67 - - [29/Mar/2024:15:23:05 -0500] "GET /sipse/css/imagen/contrasena.png HTTP/1.1" 404 383
179.60.242.67 - - [29/Mar/2024:15:23:05 -0500] "GET /sipse/imagenes/logoAplicacion.jpg HTTP/1.1" 200 15711
179.60.242.67 - - [29/Mar/2024:15:23:05 -0500] "GET /sipse/imagenes/cargando.gif HTTP/1.1" 200 21242
179.60.242.67 - - [29/Mar/2024:15:23:05 -0500] "GET /sipse/faces/javax.faces.resource/messages/messages.png?ln=primefaces&v=4.0 HTTP/1.1" 200 27209
47.128.121.175 - - [29/Mar/2024:15:23:07 -0500] "GET /BLA/resoluciones/AUTOS%202021/0245.php?act=f&d=E%3A%5Cnuevo%5Chtdocs%5Ccumbreclima%5Cwp-admin&f=post.php HTTP/1.1" 200 7082
47.128.121.175 - - [29/Mar/2024:15:23:09 -0500] "GET /BLA/resoluciones/AUTOS%202021/0245.php?act=img&img=ext_diz HTTP/1.1" 200 1027
47.128.121.175 - - [29/Mar/2024:15:23:09 -0500] "GET /BLA/resoluciones/AUTOS%202021/0245.php?act=img&img=ext_exe HTTP/1.1" 200 118
47.128.121.175 - - [29/Mar/2024:15:23:09 -0500] "GET /BLA/resoluciones/AUTOS%202021/0245.php?act=img&img=ext_txt HTTP/1.1" 200 132
47.128.121.175 - - [29/Mar/2024:15:23:09 -0500] "GET /BLA/resoluciones/AUTOS%202021/0245.php?act=img&img=ext_html HTTP/1.1" 200 230
47.128.121.175 - - [29/Mar/2024:15:23:09 -0500] "GET /BLA/resoluciones/AUTOS%202021/0245.php?act=img&img=ext_php HTTP/1.1" 200 79
47.128.121.175 - - [29/Mar/2024:15:23:09 -0500] "GET /BLA/resoluciones/AUTOS%202021/0245.php?act=img&img=ext_gif HTTP/1.1" 200 175
47.128.121.175 - - [29/Mar/2024:15:23:09 -0500] "GET /BLA/resoluciones/AUTOS%202021/0245.php?act=img&img=ext_rtf HTTP/1.1" 200 164
47.128.121.175 - - [29/Mar/2024:15:23:10 -0500] "GET /BLA/resoluciones/AUTOS%202021/0245.php?act=img&img=ext_ini HTTP/1.1" 200 134
47.128.121.175 - - [29/Mar/2024:15:23:10 -0500] "GET /BLA/resoluciones/AUTOS%202021/0245.php?act=img&img=change HTTP/1.1" 200 290
47.128.121.175 - - [29/Mar/2024:15:23:10 -0500] "GET /BLA/resoluciones/AUTOS%202021/0245.php?act=img&img=download HTTP/1.1" 200 161
179.60.242.67 - - [29/Mar/2024:15:23:10 -0500] "GET /sipse/faces/javax.faces.resource/images/ui-bg_flat_0_2d5972_40x100.png?ln=primefaces-aristo HTTP/1.1" 200 183
179.60.242.67 - - [29/Mar/2024:15:23:10 -0500] "POST /sipse/faces/bienvenido.xhtml HTTP/1.1" 200 9243
179.60.242.67 - - [29/Mar/2024:15:23:13 -0500] "POST /sipse/faces/bienvenido.xhtml HTTP/1.1" 200 1471
179.60.242.67 - - [29/Mar/2024:15:23:15 -0500] "POST /sipse/faces/bienvenido.xhtml HTTP/1.1" 200 31229
179.60.242.67 - - [29/Mar/2024:15:23:16 -0500] "GET /sipse/faces/javax.faces.resource/jquery/jquery.js?ln=primefaces&v=4.0 HTTP/1.1" 304 -
179.60.242.67 - - [29/Mar/2024:15:23:16 -0500] "GET /sipse/faces/javax.faces.resource/jquery/jquery-plugins.js?ln=primefaces&v=4.0 HTTP/1.1" 304 -
179.60.242.67 - - [29/Mar/2024:15:23:16 -0500] "GET /sipse/faces/javax.faces.resource/primefaces.js?ln=primefaces&v=4.0 HTTP/1.1" 304 -
179.60.242.67 - - [29/Mar/2024:15:23:16 -0500] "GET /sipse/faces/javax.faces.resource/layout/layout.js?ln=primefaces&v=4.0 HTTP/1.1" 304 -
179.60.242.67 - - [29/Mar/2024:15:23:17 -0500] "POST /sipse/faces/presentacion/financiero/solicitudProceso/listarSolicitudProceso.xhtml HTTP/1.1" 200 1376
179.60.242.67 - - [29/Mar/2024:15:23:19 -0500] "POST /sipse/faces/presentacion/financiero/solicitudProceso/listarSolicitudProceso.xhtml HTTP/1.1" 200 2073
201.245.192.253 - - [29/Mar/2024:15:23:13 -0500] "POST /kwsrmcab/Wsrmcab  HTTP/1.1" 200 39660
47.128.55.36 - - [29/Mar/2024:15:23:21 -0500] "GET /BLA/resoluciones/AUTOS%202021/0245.php?act=chmod&d=E%3A%5Cnuevo%5Chtdocs%5Ccumbredelclima%5Cwp-includes&f=template.php HTTP/1.1" 200 2890
179.60.242.67 - - [29/Mar/2024:15:23:21 -0500] "POST /sipse/faces/presentacion/financiero/solicitudProceso/listarSolicitudProceso.xhtml HTTP/1.1" 200 38331
179.60.242.67 - - [29/Mar/2024:15:23:22 -0500] "GET /sipse/faces/javax.faces.resource/jquery/jquery.js?ln=primefaces&v=4.0 HTTP/1.1" 304 -
179.60.242.67 - - [29/Mar/2024:15:23:22 -0500] "GET /sipse/faces/javax.faces.resource/jquery/jquery-plugins.js?ln=primefaces&v=4.0 HTTP/1.1" 304 -
179.60.242.67 - - [29/Mar/2024:15:23:22 -0500] "GET /sipse/faces/javax.faces.resource/primefaces.js?ln=primefaces&v=4.0 HTTP/1.1" 304 -
179.60.242.67 - - [29/Mar/2024:15:23:22 -0500] "GET /sipse/faces/javax.faces.resource/layout/layout.js?ln=primefaces&v=4.0 HTTP/1.1" 304 -
172.22.2.4 - - [29/Mar/2024:15:21:44 -0500] "GET /BLA/boletinlegal/ HTTP/1.1" 200 60380
179.60.242.67 - - [29/Mar/2024:15:23:23 -0500] "POST /sipse/faces/presentacion/financiero/solicitudProceso/consultar.xhtml HTTP/1.1" 200 31753
179.60.242.67 - - [29/Mar/2024:15:23:28 -0500] "POST /sipse/faces/presentacion/financiero/solicitudProceso/consultar.xhtml HTTP/1.1" 200 12860
179.60.242.67 - - [29/Mar/2024:15:23:31 -0500] "POST /sipse/faces/presentacion/financiero/solicitudProceso/consultar.xhtml HTTP/1.1" 200 139461
179.60.242.67 - - [29/Mar/2024:15:23:33 -0500] "GET /sipse/faces/javax.faces.resource/jquery/jquery.js?ln=primefaces&v=4.0 HTTP/1.1" 304 -
179.60.242.67 - - [29/Mar/2024:15:23:34 -0500] "GET /sipse/faces/javax.faces.resource/jquery/jquery-plugins.js?ln=primefaces&v=4.0 HTTP/1.1" 304 -
179.60.242.67 - - [29/Mar/2024:15:23:34 -0500] "GET /sipse/faces/javax.faces.resource/primefaces.js?ln=primefaces&v=4.0 HTTP/1.1" 304 -
179.60.242.67 - - [29/Mar/2024:15:23:34 -0500] "GET /sipse/faces/javax.faces.resource/layout/layout.js?ln=primefaces&v=4.0 HTTP/1.1" 304 -
47.128.29.233 - - [29/Mar/2024:15:23:48 -0500] "GET /BLA/resoluciones/AUTOS%202021/0245.php?act=img&img=ext_php HTTP/1.1" 200 79
47.128.29.233 - - [29/Mar/2024:15:23:48 -0500] "GET /BLA/resoluciones/AUTOS%202021/0245.php?act=img&img=ext_txt HTTP/1.1" 200 132
47.128.29.233 - - [29/Mar/2024:15:23:48 -0500] "GET /BLA/resoluciones/AUTOS%202021/0245.php?act=img&img=ext_diz HTTP/1.1" 200 1027
47.128.29.233 - - [29/Mar/2024:15:23:48 -0500] "GET /BLA/resoluciones/AUTOS%202021/0245.php?act=img&img=ext_html HTTP/1.1" 200 230
47.128.29.233 - - [29/Mar/2024:15:23:48 -0500] "GET /BLA/resoluciones/AUTOS%202021/0245.php?act=img&img=ext_exe HTTP/1.1" 200 118
47.128.29.233 - - [29/Mar/2024:15:23:47 -0500] "GET /BLA/resoluciones/AUTOS%202021/0245.php?act=f&d=E%3A%5Cnuevo%5Chtdocs%5Ccumbreclima%5Cwp-includes&f=general-template.php HTTP/1.1" 200 39635
47.128.29.233 - - [29/Mar/2024:15:23:48 -0500] "GET /BLA/resoluciones/AUTOS%202021/0245.php?act=img&img=ext_gif HTTP/1.1" 200 175
47.128.29.233 - - [29/Mar/2024:15:23:48 -0500] "GET /BLA/resoluciones/AUTOS%202021/0245.php?act=img&img=ext_ini HTTP/1.1" 200 134
47.128.29.233 - - [29/Mar/2024:15:23:48 -0500] "GET /BLA/resoluciones/AUTOS%202021/0245.php?act=img&img=download HTTP/1.1" 200 161
47.128.29.233 - - [29/Mar/2024:15:23:48 -0500] "GET /BLA/resoluciones/AUTOS%202021/0245.php?act=img&img=ext_rtf HTTP/1.1" 200 164
47.128.29.233 - - [29/Mar/2024:15:23:48 -0500] "GET /BLA/resoluciones/AUTOS%202021/0245.php?act=img&img=change HTTP/1.1" 200 290
47.128.124.198 - - [29/Mar/2024:15:24:09 -0500] "GET /BLA/resoluciones/AUTOS%202021/0245.php?act=chmod&d=E%3A%5Cnuevo%5Chtdocs%5Ccumbredelclima%5Cwp-includes&f=class-oembed.php HTTP/1.1" 200 2893
179.60.242.67 - - [29/Mar/2024:15:23:43 -0500] "POST /sipse/faces/presentacion/financiero/solicitudProceso/consultarSolicitudProceso.xhtml HTTP/1.1" 200 2536756
47.128.35.94 - - [29/Mar/2024:15:24:33 -0500] "GET /BLA/resoluciones/AUTOS%202021/0245.php?act=chmod&d=E%3A%5Cnuevo%5CFileZillaFTP&f=FileZilla+server.exe HTTP/1.1" 200 2849
216.245.221.92 - - [29/Mar/2024:15:24:44 -0500] "HEAD / HTTP/1.1" 200 -
47.128.59.36 - - [29/Mar/2024:15:24:57 -0500] "GET /BLA/resoluciones/AUTOS%202021/0245.php?act=eval&d=E%3A%5Cnuevo%5Chtdocs%5CStormSDA%5Cstorm%5C HTTP/1.1" 200 2740
47.128.51.85 - - [29/Mar/2024:15:25:21 -0500] "GET /BLA/resoluciones/AUTOS%202021/0245.php?act=chmod&d=E%3A%5Cnuevo%5Chtdocs%5Crdc&f=jquery.min.js HTTP/1.1" 200 2861
52.167.144.205 - - [29/Mar/2024:15:25:28 -0500] "GET /BLA/resoluciones/RESOLUCIONES%202021/3066.pdf HTTP/1.1" 200 500814
52.167.144.22 - - [29/Mar/2024:15:26:39 -0500] "GET /BLA/resoluciones/RESOLUCIONES%202018/0286.pdf HTTP/1.1" 200 391533
52.167.144.22 - - [29/Mar/2024:15:26:40 -0500] "GET /BLA/resoluciones/RESOLUCIONES%202020/2690.pdf HTTP/1.1" 304 -
172.22.2.4 - - [29/Mar/2024:15:26:43 -0500] "HEAD /BLA/boletinlegal/ HTTP/1.1" 200 -
172.22.2.4 - - [29/Mar/2024:15:27:34 -0500] "GET /BLA/boletinlegal/ HTTP/1.1" 200 58720
201.245.192.253 - - [29/Mar/2024:15:29:18 -0500] "POST /kwsrmcab/Wsrmcab HTTP/1.1" 200 39597
201.245.192.253 - - [29/Mar/2024:15:29:19 -0500] "POST /kwsrmcab/Wsrmcab HTTP/1.1" 200 39387
201.245.192.253 - - [29/Mar/2024:15:29:21 -0500] "POST /kwsrmcab/Wsrmcab  HTTP/1.1" 200 39660
216.245.221.92 - - [29/Mar/2024:15:29:44 -0500] "HEAD / HTTP/1.1" 200 -
201.245.192.253 - - [29/Mar/2024:15:29:59 -0500] "POST /kwsrmcab/Wsrmcab HTTP/1.1" 200 39869
201.245.192.253 - - [29/Mar/2024:15:30:19 -0500] "POST /kwsrmcab/Wsrmcab  HTTP/1.1" 200 39660
201.245.192.253 - - [29/Mar/2024:15:28:13 -0500] "POST /kwsrmcab/Wsrmcab  HTTP/1.1" 200 39660
201.245.192.253 - - [29/Mar/2024:15:30:47 -0500] "POST /kwsrmcab/Wsrmcab HTTP/1.1" 200 39387
52.167.144.205 - - [29/Mar/2024:15:30:51 -0500] "GET /BLA/resoluciones/RESOLUCIONES%202018/4164.pdf HTTP/1.1" 200 8395027
52.167.144.22 - - [29/Mar/2024:15:31:09 -0500] "GET /BLA/resoluciones/RESOLUCIONES%202021/0824.pdf HTTP/1.1" 200 610334
66.249.66.21 - - [29/Mar/2024:15:32:08 -0500] "GET /Publicaciones/2024EE68224.pdf HTTP/1.1" 200 223354
52.167.144.22 - - [29/Mar/2024:15:32:18 -0500] "GET /Publicaciones/2024EE58225.pdf HTTP/1.1" 404 227
172.22.2.4 - - [29/Mar/2024:15:32:33 -0500] "HEAD /BLA/boletinlegal/ HTTP/1.1" 200 -
172.22.2.4 - - [29/Mar/2024:15:32:45 -0500] "GET /BLA/boletinlegal/ HTTP/1.1" 200 44355
216.245.221.92 - - [29/Mar/2024:15:34:44 -0500] "HEAD / HTTP/1.1" 200 -
172.22.2.4 - - [29/Mar/2024:15:33:24 -0500] "GET /BLA/boletinlegal/ HTTP/1.1" 200 52783
40.77.167.60 - - [29/Mar/2024:15:35:57 -0500] "GET /Publicaciones/2024EE45199.pdf HTTP/1.1" 404 227
52.167.144.184 - - [29/Mar/2024:15:36:02 -0500] "GET /BLA/resoluciones/RESOLUCIONES%202018/2005.pdf HTTP/1.1" 200 588665
201.245.192.253 - - [29/Mar/2024:15:36:27 -0500] "POST /kwsrmcab/Wsrmcab  HTTP/1.1" 200 39660
201.245.192.253 - - [29/Mar/2024:15:37:26 -0500] "POST /kwsrmcab/Wsrmcab  HTTP/1.1" 200 39660
201.245.192.253 - - [29/Mar/2024:15:35:19 -0500] "POST /kwsrmcab/Wsrmcab  HTTP/1.1" 200 39660
40.77.167.26 - - [29/Mar/2024:15:38:01 -0500] "GET /BLA/resoluciones/RESOLUCIONES%202018/0278.pdf HTTP/1.1" 200 430056
199.16.157.180 - - [29/Mar/2024:15:38:38 -0500] "GET /images/cronica-amanda-rodriguez-30-abril.jpg HTTP/1.1" 200 26304
201.245.192.253 - - [29/Mar/2024:15:39:19 -0500] "POST /kwsrmcab/Wsrmcab HTTP/1.1" 200 39597
201.245.192.253 - - [29/Mar/2024:15:39:19 -0500] "POST /kwsrmcab/Wsrmcab HTTP/1.1" 200 39387
114.119.135.199 - - [29/Mar/2024:15:39:35 -0500] "GET /BLA/resoluciones/index.php?dir=AUTOS%2B2008/&sort=date&order=asc HTTP/1.1" 200 14291
216.245.221.92 - - [29/Mar/2024:15:39:44 -0500] "HEAD / HTTP/1.1" 200 -
201.245.192.253 - - [29/Mar/2024:15:40:00 -0500] "POST /kwsrmcab/Wsrmcab HTTP/1.1" 200 39869
172.22.2.4 - - [29/Mar/2024:15:38:23 -0500] "HEAD /BLA/boletinlegal/ HTTP/1.1" 200 -
172.22.2.4 - - [29/Mar/2024:15:39:14 -0500] "GET /BLA/boletinlegal/ HTTP/1.1" 200 53419
201.245.192.253 - - [29/Mar/2024:15:42:25 -0500] "POST /kwsrmcab/Wsrmcab  HTTP/1.1" 200 39660
87.236.176.190 - - [29/Mar/2024:15:42:23 -0500] "GET /portaldeninos/ HTTP/1.1" 200 110175
201.245.192.253 - - [29/Mar/2024:15:40:41 -0500] "POST /kwsrmcab/Wsrmcab HTTP/1.1" 200 14506
186.86.33.19 - - [29/Mar/2024:15:44:05 -0500] "GET /sipse/faces/javax.faces.resource/theme.css?ln=primefaces-sipse HTTP/1.1" 304 -
186.86.33.19 - - [29/Mar/2024:15:44:05 -0500] "GET /sipse/faces/javax.faces.resource/primefaces.css?ln=primefaces&v=4.0 HTTP/1.1" 304 -
186.86.33.19 - - [29/Mar/2024:15:44:05 -0500] "GET /sipse/faces/javax.faces.resource/layout/layout.css?ln=primefaces&v=4.0 HTTP/1.1" 304 -
186.86.33.19 - - [29/Mar/2024:15:44:05 -0500] "GET /sipse/faces/javax.faces.resource/primefaces.js?ln=primefaces&v=4.0 HTTP/1.1" 304 -
186.86.33.19 - - [29/Mar/2024:15:44:05 -0500] "GET /sipse/faces/javax.faces.resource/jquery/jquery.js?ln=primefaces&v=4.0 HTTP/1.1" 304 -
186.86.33.19 - - [29/Mar/2024:15:44:05 -0500] "GET /sipse/faces/javax.faces.resource/jquery/jquery-plugins.js?ln=primefaces&v=4.0 HTTP/1.1" 304 -
186.86.33.19 - - [29/Mar/2024:15:44:05 -0500] "GET /sipse/faces/javax.faces.resource/layout/layout.js?ln=primefaces&v=4.0 HTTP/1.1" 304 -
186.86.33.19 - - [29/Mar/2024:15:44:05 -0500] "GET /sipse/faces/javax.faces.resource/images/ui-icons_898989_256x240.png?ln=primefaces-aristo HTTP/1.1" 304 -
186.86.33.19 - - [29/Mar/2024:15:44:04 -0500] "POST /sipse/faces/presentacion/financiero/solicitudProceso/consultarHistorialSolProceso.xhtml HTTP/1.1" 200 194686
47.128.60.98 - - [29/Mar/2024:15:44:17 -0500] "GET /BLA/resoluciones/AUTOS%202021/0245.php?act=fsbuff&d=E%3A%5Cnuevo%5Chtdocs%5Cbogotacumbredelclima%5C HTTP/1.1" 200 2663
216.245.221.92 - - [29/Mar/2024:15:44:44 -0500] "HEAD / HTTP/1.1" 200 -
172.22.2.4 - - [29/Mar/2024:15:43:55 -0500] "GET /BLA/boletinlegal/ HTTP/1.1" 200 45535
172.22.2.4 - - [29/Mar/2024:15:44:13 -0500] "HEAD /BLA/boletinlegal/ HTTP/1.1" 200 -
172.22.2.4 - - [29/Mar/2024:15:44:17 -0500] "GET /BLA/boletinlegal/ HTTP/1.1" 200 45535
172.22.2.4 - - [29/Mar/2024:15:45:04 -0500] "GET /BLA/boletinlegal/ HTTP/1.1" 200 53818
66.249.66.19 - - [29/Mar/2024:15:47:07 -0500] "GET /BLA/resoluciones/AUTOS%202008/2310.pdf HTTP/1.1" 200 85070
47.128.58.15 - - [29/Mar/2024:15:47:16 -0500] "GET /BLA/resoluciones/index.php?dir=RESOLUCIONES%202006%2FRES%202006%201451-1500%2F&order=asc&sort=name HTTP/1.1" 200 12370
47.128.58.15 - - [29/Mar/2024:15:47:16 -0500] "GET /BLA/resoluciones/dlf/unknown.png HTTP/1.1" 200 266
47.128.58.15 - - [29/Mar/2024:15:47:16 -0500] "GET /BLA/resoluciones/dlf/dirup.png HTTP/1.1" 200 644
201.245.192.253 - - [29/Mar/2024:15:47:24 -0500] "POST /kwsrmcab/Wsrmcab  HTTP/1.1" 200 39660
52.167.144.224 - - [29/Mar/2024:15:47:50 -0500] "GET /BLA/resoluciones/RESOLUCIONES%202021/5567.pdf HTTP/1.1" 200 542651
185.180.143.48 - - [29/Mar/2024:15:48:43 -0500] "GET /portaldeninos/ HTTP/1.1" 200 110175
66.249.66.21 - - [29/Mar/2024:15:48:46 -0500] "GET /BLA/resoluciones/RESOLUCIONES%202008/0569.pdf HTTP/1.1" 200 115575
216.245.221.92 - - [29/Mar/2024:15:49:44 -0500] "HEAD / HTTP/1.1" 200 -
47.128.54.146 - - [29/Mar/2024:15:50:14 -0500] "GET /BLA/resoluciones/AUTOS%202021/0245.php?act=chmod&d=E%3A%5Cnuevo%5Chtdocs%5CBLA%5Cresoluciones&f=AUTOS+2006 HTTP/1.1" 200 2870
40.77.167.136 - - [29/Mar/2024:15:51:42 -0500] "GET /BLA/resoluciones/RESOLUCIONES%202021/1861.pdf HTTP/1.1" 200 454025
172.22.2.4 - - [29/Mar/2024:15:50:03 -0500] "HEAD /BLA/boletinlegal/ HTTP/1.1" 200 -
201.245.192.253 - - [29/Mar/2024:15:52:22 -0500] "POST /kwsrmcab/Wsrmcab  HTTP/1.1" 200 39660
172.22.2.4 - - [29/Mar/2024:15:50:54 -0500] "GET /BLA/boletinlegal/ HTTP/1.1" 200 53818
52.167.144.20 - - [29/Mar/2024:15:54:12 -0500] "GET /BLA/resoluciones/RESOLUCIONES%202021/2659.pdf HTTP/1.1" 200 506105
40.77.167.136 - - [29/Mar/2024:15:54:41 -0500] "GET /Publicaciones/2023EE212340.pdf HTTP/1.1" 404 228
216.245.221.92 - - [29/Mar/2024:15:54:44 -0500] "HEAD / HTTP/1.1" 200 -
216.244.66.195 - - [29/Mar/2024:15:55:38 -0500] "GET /robots.txt HTTP/1.1" 404 1018
40.77.167.126 - - [29/Mar/2024:15:56:01 -0500] "GET /BLA/resoluciones/RESOLUCIONES%202020/0913.pdf HTTP/1.1" 200 645938
40.77.167.73 - - [29/Mar/2024:15:56:22 -0500] "GET /BLA/resoluciones/RESOLUCIONES%202021/1862.pdf HTTP/1.1" 200 491877
201.245.192.253 - - [29/Mar/2024:15:57:21 -0500] "POST /kwsrmcab/Wsrmcab  HTTP/1.1" 200 39660
172.22.2.4 - - [29/Mar/2024:15:55:53 -0500] "HEAD /BLA/boletinlegal/ HTTP/1.1" 200 -
40.77.167.1 - - [29/Mar/2024:15:57:42 -0500] "GET /BLA/resoluciones/RESOLUCIONES%202019/0841.pdf HTTP/1.1" 200 387834
162.55.41.96 - - [29/Mar/2024:15:57:52 -0500] "GET / HTTP/1.1" 200 4720
40.77.167.1 - - [29/Mar/2024:15:58:02 -0500] "GET /BLA/resoluciones/RESOLUCIONES%202021/2624.pdf HTTP/1.1" 200 460540
172.22.2.4 - - [29/Mar/2024:15:56:44 -0500] "GET /BLA/boletinlegal/ HTTP/1.1" 200 58273
172.22.2.4 - - [29/Mar/2024:15:58:44 -0500] "GET /BLA/boletinlegal/robots.txt HTTP/1.1" 404 1038
216.245.221.92 - - [29/Mar/2024:15:59:44 -0500] "HEAD / HTTP/1.1" 200 -
40.77.167.235 - - [29/Mar/2024:16:00:12 -0500] "GET /BLA/resoluciones/RESOLUCIONES%202021/0774.pdf HTTP/1.1" 200 457361
172.22.2.4 - - [29/Mar/2024:15:58:44 -0500] "GET /BLA/boletinlegal/ HTTP/1.1" 200 62720
66.249.66.21 - - [29/Mar/2024:16:00:52 -0500] "GET /BLA/resoluciones/RESOLUCIONES%202010/0518.pdf HTTP/1.1" 200 687426
168.119.253.13 - - [29/Mar/2024:16:01:52 -0500] "GET / HTTP/1.1" 200 4720
201.245.192.253 - - [29/Mar/2024:16:02:19 -0500] "POST /kwsrmcab/Wsrmcab  HTTP/1.1" 200 39660
77.221.153.205 - - [29/Mar/2024:16:03:14 -0500] "GET /.env HTTP/1.1" 404 1018
77.221.153.205 - - [29/Mar/2024:16:03:14 -0500] "POST / HTTP/1.1" 200 319
172.22.2.4 - - [29/Mar/2024:16:01:43 -0500] "HEAD /BLA/boletinlegal/ HTTP/1.1" 200 -
172.22.2.4 - - [29/Mar/2024:16:03:38 -0500] "GET /BLA/boletinlegal/Circulares/2023/CIRCULAR%20No.%2000005%20DEL%2013%20DE%20JUNIO%20DEL%202023.pdf HTTP/1.1" 304 -
172.22.2.4 - - [29/Mar/2024:16:02:33 -0500] "GET /BLA/boletinlegal/ HTTP/1.1" 200 57889
216.245.221.92 - - [29/Mar/2024:16:04:44 -0500] "HEAD / HTTP/1.1" 200 -
66.249.66.21 - - [29/Mar/2024:16:05:58 -0500] "GET /BLA/resoluciones/RESOLUCIONES%202011/5311.pdf HTTP/1.1" 200 408600
66.249.66.20 - - [29/Mar/2024:16:06:31 -0500] "GET /BLA/resoluciones/RESOLUCIONES%202007/RES%202007%204201%20AL%204300/RESOLUCION%204209%20DE%202007.pdf HTTP/1.1" 200 113871
66.249.66.20 - - [29/Mar/2024:16:07:40 -0500] "GET /BLA/resoluciones/RESOLUCIONES%202009/3446.pdf HTTP/1.1" 200 346749
47.128.31.121 - - [29/Mar/2024:16:07:48 -0500] "GET /BLA/resoluciones/AUTOS%202021/0245.php?act=ls&d=E%3A%5C&sort=0a HTTP/1.1" 200 5828
47.128.31.121 - - [29/Mar/2024:16:07:48 -0500] "GET /BLA/resoluciones/AUTOS%202021/0245.php?act=img&img=ext_csv HTTP/1.1" 200 1034
47.128.31.121 - - [29/Mar/2024:16:07:49 -0500] "GET /BLA/resoluciones/AUTOS%202021/0245.php?act=img&img=ext_txt HTTP/1.1" 200 132
47.128.31.121 - - [29/Mar/2024:16:07:49 -0500] "GET /BLA/resoluciones/AUTOS%202021/0245.php?act=img&img=ext_cab HTTP/1.1" 200 577
47.128.31.121 - - [29/Mar/2024:16:07:49 -0500] "GET /BLA/resoluciones/AUTOS%202021/0245.php?act=img&img=ext_ini HTTP/1.1" 200 134
47.128.31.121 - - [29/Mar/2024:16:07:49 -0500] "GET /BLA/resoluciones/AUTOS%202021/0245.php?act=img&img=ext_p12 HTTP/1.1" 200 1034
47.128.31.121 - - [29/Mar/2024:16:07:49 -0500] "GET /BLA/resoluciones/AUTOS%202021/0245.php?act=img&img=ext_msi HTTP/1.1" 200 1034
47.128.31.121 - - [29/Mar/2024:16:07:49 -0500] "GET /BLA/resoluciones/AUTOS%202021/0245.php?act=img&img=ext_exe HTTP/1.1" 200 118
47.128.31.121 - - [29/Mar/2024:16:07:49 -0500] "GET /BLA/resoluciones/AUTOS%202021/0245.php?act=img&img=ext_dll HTTP/1.1" 200 1034
47.128.31.121 - - [29/Mar/2024:16:07:49 -0500] "GET /BLA/resoluciones/AUTOS%202021/0245.php?act=img&img=ext_sql HTTP/1.1" 200 1034
47.128.31.121 - - [29/Mar/2024:16:07:49 -0500] "GET /BLA/resoluciones/AUTOS%202021/0245.php?act=img&img=arrow_ltr HTTP/1.1" 200 88
47.128.31.121 - - [29/Mar/2024:16:07:49 -0500] "GET /BLA/resoluciones/AUTOS%202021/0245.php?act=img&img=ext_sys HTTP/1.1" 200 1034
47.128.31.121 - - [29/Mar/2024:16:07:49 -0500] "GET /BLA/resoluciones/AUTOS%202021/0245.php?act=img&img=ext_bmp HTTP/1.1" 200 175
157.55.39.58 - - [29/Mar/2024:16:07:50 -0500] "GET /portaldeninos/ HTTP/1.1" 200 110175
201.245.192.253 - - [29/Mar/2024:16:07:17 -0500] "POST /kwsrmcab/Wsrmcab  HTTP/1.1" 200 14501
201.245.192.253 - - [29/Mar/2024:16:08:26 -0500] "POST /kwsrmcab/Wsrmcab  HTTP/1.1" 200 39660
172.22.2.4 - - [29/Mar/2024:16:07:33 -0500] "HEAD /BLA/boletinlegal/ HTTP/1.1" 200 -
201.245.192.253 - - [29/Mar/2024:16:09:25 -0500] "POST /kwsrmcab/Wsrmcab  HTTP/1.1" 200 39660
216.245.221.92 - - [29/Mar/2024:16:09:44 -0500] "HEAD / HTTP/1.1" 200 -
172.22.2.4 - - [29/Mar/2024:16:08:24 -0500] "GET /BLA/boletinlegal/ HTTP/1.1" 200 53419
179.60.242.67 - - [29/Mar/2024:16:10:08 -0500] "POST /sipse/faces/presentacion/financiero/solicitudProceso/consultarSolicitudProceso.xhtml HTTP/1.1" 200 41428
179.60.242.67 - - [29/Mar/2024:16:10:08 -0500] "GET /sipse/faces/javax.faces.resource/jquery/jquery.js?ln=primefaces&v=4.0 HTTP/1.1" 304 -
179.60.242.67 - - [29/Mar/2024:16:10:09 -0500] "GET /sipse/faces/javax.faces.resource/jquery/jquery-plugins.js?ln=primefaces&v=4.0 HTTP/1.1" 304 -
179.60.242.67 - - [29/Mar/2024:16:10:09 -0500] "GET /sipse/faces/javax.faces.resource/primefaces.js?ln=primefaces&v=4.0 HTTP/1.1" 304 -
179.60.242.67 - - [29/Mar/2024:16:10:09 -0500] "GET /sipse/faces/javax.faces.resource/layout/layout.js?ln=primefaces&v=4.0 HTTP/1.1" 304 -
179.60.242.67 - - [29/Mar/2024:16:10:09 -0500] "POST /sipse/faces/presentacion/financiero/solicitudProceso/consultar.xhtml HTTP/1.1" 200 34850
179.60.242.67 - - [29/Mar/2024:16:10:09 -0500] "POST /sipse/faces/presentacion/financiero/solicitudProceso/consultar.xhtml HTTP/1.1" 200 34850
179.60.242.67 - - [29/Mar/2024:16:10:10 -0500] "POST /sipse/faces/presentacion/financiero/solicitudProceso/consultar.xhtml HTTP/1.1" 200 34850
179.60.242.67 - - [29/Mar/2024:16:10:28 -0500] "POST /sipse/faces/presentacion/financiero/solicitudProceso/consultar.xhtml HTTP/1.1" 200 12898
66.249.66.19 - - [29/Mar/2024:16:11:56 -0500] "GET /BLA/resoluciones/RESOLUCIONES%202021/5262.pdf HTTP/1.1" 200 370932
66.249.66.21 - - [29/Mar/2024:16:13:06 -0500] "GET /BLA/resoluciones/RESOLUCIONES%202008/3167.pdf HTTP/1.1" 200 251574
179.60.242.67 - - [29/Mar/2024:16:13:45 -0500] "POST /sipse/faces/presentacion/financiero/solicitudProceso/consultar.xhtml HTTP/1.1" 200 152811
179.60.242.67 - - [29/Mar/2024:16:13:48 -0500] "GET /sipse/faces/javax.faces.resource/jquery/jquery.js?ln=primefaces&v=4.0 HTTP/1.1" 304 -
179.60.242.67 - - [29/Mar/2024:16:13:48 -0500] "GET /sipse/faces/javax.faces.resource/jquery/jquery-plugins.js?ln=primefaces&v=4.0 HTTP/1.1" 304 -
179.60.242.67 - - [29/Mar/2024:16:13:48 -0500] "GET /sipse/faces/javax.faces.resource/primefaces.js?ln=primefaces&v=4.0 HTTP/1.1" 304 -
179.60.242.67 - - [29/Mar/2024:16:13:48 -0500] "GET /sipse/faces/javax.faces.resource/layout/layout.js?ln=primefaces&v=4.0 HTTP/1.1" 304 -
179.60.242.67 - - [29/Mar/2024:16:13:58 -0500] "POST /sipse/faces/presentacion/financiero/solicitudProceso/consultarSolicitudProceso.xhtml HTTP/1.1" 200 89224
216.245.221.92 - - [29/Mar/2024:16:14:44 -0500] "HEAD / HTTP/1.1" 200 -
172.22.2.4 - - [29/Mar/2024:16:13:23 -0500] "HEAD /BLA/boletinlegal/ HTTP/1.1" 200 -
179.60.242.67 - - [29/Mar/2024:16:15:28 -0500] "POST /sipse/faces/presentacion/financiero/solicitudProceso/consultarSolicitudProceso.xhtml HTTP/1.1" 200 589074
201.245.192.253 - - [29/Mar/2024:16:15:32 -0500] "POST /kwsrmcab/Wsrmcab  HTTP/1.1" 200 39660
47.128.20.75 - - [29/Mar/2024:16:15:51 -0500] "GET /BLA/resoluciones/dlf/dirup.png HTTP/1.1" 200 644
47.128.20.75 - - [29/Mar/2024:16:15:51 -0500] "GET /BLA/resoluciones/dlf/pdf.gif HTTP/1.1" 200 272
47.128.20.75 - - [29/Mar/2024:16:15:50 -0500] "GET /BLA/resoluciones/index.php?dir=RESOLUCIONES%202007%2FRES%202007%20101%20AL%20200%2F&order=asc&sort=name HTTP/1.1" 200 26931
172.22.2.4 - - [29/Mar/2024:16:14:14 -0500] "GET /BLA/boletinlegal/ HTTP/1.1" 200 53419
66.249.66.19 - - [29/Mar/2024:16:16:28 -0500] "GET /Publicaciones/2024EE64666.pdf HTTP/1.1" 200 223313
179.60.242.67 - - [29/Mar/2024:16:16:28 -0500] "POST /sipse/faces/presentacion/financiero/solicitudProceso/consultarSolicitudProceso.xhtml HTTP/1.1" 200 192920
201.245.192.253 - - [29/Mar/2024:16:16:31 -0500] "POST /kwsrmcab/Wsrmcab  HTTP/1.1" 200 39660
201.245.192.253 - - [29/Mar/2024:16:14:23 -0500] "POST /kwsrmcab/Wsrmcab  HTTP/1.1" 200 39660
52.167.144.203 - - [29/Mar/2024:16:17:04 -0500] "GET /BLA/resoluciones/RESOLUCIONES%202021/1921.pdf HTTP/1.1" 200 551042
179.60.242.67 - - [29/Mar/2024:16:17:37 -0500] "POST /sipse/faces/presentacion/financiero/solicitudProceso/consultarSolicitudProceso.xhtml HTTP/1.1" 200 89991
173.252.95.9 - - [29/Mar/2024:16:18:41 -0500] "GET /asi-fue-el-reverdecer-de-leandra-marulanda-mujer-resiliente-que-ahora-emprende-con-el-compostaje.html HTTP/1.1" 200 842
173.252.95.8 - - [29/Mar/2024:16:18:41 -0500] "GET /asi-fue-el-reverdecer-de-leandra-marulanda-mujer-resiliente-que-ahora-emprende-con-el-compostaje.html HTTP/1.1" 200 842
34.222.54.30 - - [29/Mar/2024:16:19:17 -0500] "GET /robots.txt HTTP/1.1" 404 1034
34.222.54.30 - - [29/Mar/2024:16:19:17 -0500] "GET /distrito-exalto-a-246-empresas-de-bogota-por-su-alto-desempeno-y-responsabilidad-ambiental-durante-2023.html HTTP/1.1" 200 1039
216.245.221.92 - - [29/Mar/2024:16:19:44 -0500] "HEAD / HTTP/1.1" 200 -
201.245.192.253 - - [29/Mar/2024:16:20:00 -0500] "POST /kwsrmcab/Wsrmcab HTTP/1.1" 200 39696
40.77.167.143 - - [29/Mar/2024:16:20:03 -0500] "GET /BLA/resoluciones/RESOLUCIONES%202021/1472.pdf HTTP/1.1" 200 499700
201.245.192.253 - - [29/Mar/2024:16:20:18 -0500] "POST /kwsrmcab/Wsrmcab HTTP/1.1" 200 39375
201.245.192.253 - - [29/Mar/2024:16:19:18 -0500] "POST /kwsrmcab/Wsrmcab HTTP/1.1" 200 14506
201.245.192.253 - - [29/Mar/2024:16:20:47 -0500] "POST /kwsrmcab/Wsrmcab HTTP/1.1" 200 39375
66.249.66.21 - - [29/Mar/2024:16:20:50 -0500] "GET /Publicaciones/2024EE56874.pdf HTTP/1.1" 404 227
172.22.2.4 - - [29/Mar/2024:16:19:13 -0500] "HEAD /BLA/boletinlegal/ HTTP/1.1" 200 -
186.85.88.126 - - [29/Mar/2024:16:20:57 -0500] "GET / HTTP/1.1" 200 319
172.226.172.2 - - [29/Mar/2024:16:20:57 -0500] "GET /apple-touch-icon-120x120-precomposed.png HTTP/1.1" 404 1120
172.226.172.2 - - [29/Mar/2024:16:20:57 -0500] "GET /apple-touch-icon-120x120.png HTTP/1.1" 404 1120
172.226.172.2 - - [29/Mar/2024:16:20:57 -0500] "GET /apple-touch-icon-precomposed.png HTTP/1.1" 404 1120
172.226.172.2 - - [29/Mar/2024:16:20:57 -0500] "GET /apple-touch-icon.png HTTP/1.1" 404 1120
172.226.172.2 - - [29/Mar/2024:16:20:58 -0500] "GET /favicon.ico HTTP/1.1" 200 7782
186.85.88.126 - - [29/Mar/2024:16:21:04 -0500] "GET / HTTP/1.1" 200 319
172.226.172.2 - - [29/Mar/2024:16:21:04 -0500] "GET /apple-touch-icon-120x120-precomposed.png HTTP/1.1" 404 1120
172.226.172.2 - - [29/Mar/2024:16:21:04 -0500] "GET /apple-touch-icon-120x120.png HTTP/1.1" 404 1120
172.226.172.2 - - [29/Mar/2024:16:21:04 -0500] "GET /apple-touch-icon-precomposed.png HTTP/1.1" 404 1120
172.226.172.2 - - [29/Mar/2024:16:21:04 -0500] "GET /apple-touch-icon.png HTTP/1.1" 404 1120
47.128.119.152 - - [29/Mar/2024:16:21:08 -0500] "GET /BLA/resoluciones/AUTOS%202021/0245.php?act=processes&d=E%3A%5Cnuevo%5Chtdocs%5CBLA%5Cresoluciones%5CRESOLUCIONES+2022%5C HTTP/1.1" 200 3649
201.245.192.253 - - [29/Mar/2024:16:21:29 -0500] "POST /kwsrmcab/Wsrmcab  HTTP/1.1" 200 39660
47.128.58.244 - - [29/Mar/2024:16:21:32 -0500] "GET /BLA/resoluciones/AUTOS%202021/0245.php?act=f&d=E%3A%5Cnuevo%5Chtdocs%5Cboletinlegal&f=consulta_doctrina.php&ft=download HTTP/1.1" 200 1521
172.22.2.4 - - [29/Mar/2024:16:20:04 -0500] "GET /BLA/boletinlegal/ HTTP/1.1" 200 58273
40.77.167.143 - - [29/Mar/2024:16:22:34 -0500] "GET /BLA/resoluciones/RESOLUCIONES%202021/4121.pdf HTTP/1.1" 200 479912
40.77.167.143 - - [29/Mar/2024:16:23:22 -0500] "GET /Publicaciones/2024EE04619.pdf HTTP/1.1" 200 2620626
216.244.66.195 - - [29/Mar/2024:16:24:03 -0500] "GET /BLA/resoluciones/RESOLUCIONES%201997/1587.pdf HTTP/1.1" 200 68019
216.244.66.195 - - [29/Mar/2024:16:24:27 -0500] "GET /BLA/resoluciones/RESOLUCIONES%202001/1532.pdf HTTP/1.1" 200 151024
47.128.118.243 - - [29/Mar/2024:16:24:29 -0500] "GET /BLA/resoluciones/AUTOS%202021/0245.php?act=f&d=E%3A%5Cnuevo%5Chtdocs%5CBLA%5Cresoluciones%5CAUTOS+2021%5C&f=4127.pdf&ft=exe&white=1 HTTP/1.1" 200 3062
47.128.118.243 - - [29/Mar/2024:16:24:30 -0500] "GET /BLA/resoluciones/AUTOS%202021/0245.php?act=img&img=ext_txt HTTP/1.1" 200 132
47.128.118.243 - - [29/Mar/2024:16:24:30 -0500] "GET /BLA/resoluciones/AUTOS%202021/0245.php?act=img&img=ext_diz HTTP/1.1" 200 1027
47.128.118.243 - - [29/Mar/2024:16:24:30 -0500] "GET /BLA/resoluciones/AUTOS%202021/0245.php?act=img&img=ext_gif HTTP/1.1" 200 175
47.128.118.243 - - [29/Mar/2024:16:24:30 -0500] "GET /BLA/resoluciones/AUTOS%202021/0245.php?act=img&img=ext_html HTTP/1.1" 200 230
47.128.118.243 - - [29/Mar/2024:16:24:30 -0500] "GET /BLA/resoluciones/AUTOS%202021/0245.php?act=img&img=ext_exe HTTP/1.1" 200 118
47.128.118.243 - - [29/Mar/2024:16:24:30 -0500] "GET /BLA/resoluciones/AUTOS%202021/0245.php?act=img&img=ext_pdf HTTP/1.1" 200 1034
47.128.118.243 - - [29/Mar/2024:16:24:31 -0500] "GET /BLA/resoluciones/AUTOS%202021/0245.php?act=img&img=ext_rtf HTTP/1.1" 200 164
47.128.118.243 - - [29/Mar/2024:16:24:31 -0500] "GET /BLA/resoluciones/AUTOS%202021/0245.php?act=img&img=ext_ini HTTP/1.1" 200 134
47.128.118.243 - - [29/Mar/2024:16:24:31 -0500] "GET /BLA/resoluciones/AUTOS%202021/0245.php?act=img&img=download HTTP/1.1" 200 161
47.128.118.243 - - [29/Mar/2024:16:24:31 -0500] "GET /BLA/resoluciones/AUTOS%202021/0245.php?act=img&img=change HTTP/1.1" 200 290
172.22.2.4 - - [29/Mar/2024:16:24:39 -0500] "GET /BLA/boletinlegal/actos.php HTTP/1.1" 200 9738
172.22.2.4 - - [29/Mar/2024:16:24:39 -0500] "GET /BLA/boletinlegal/styles2.css HTTP/1.1" 200 1838
172.22.2.4 - - [29/Mar/2024:16:24:39 -0500] "GET /BLA/boletinlegal/niceforms-default.css HTTP/1.1" 200 6694
172.22.2.4 - - [29/Mar/2024:16:24:39 -0500] "GET /BLA/boletinlegal/style.css HTTP/1.1" 200 9406
172.22.2.4 - - [29/Mar/2024:16:24:39 -0500] "GET /BLA/boletinlegal/js/ajax_actos.js HTTP/1.1" 200 1322
172.22.2.4 - - [29/Mar/2024:16:24:39 -0500] "GET /BLA/boletinlegal/niceforms.js HTTP/1.1" 200 22876
172.22.2.4 - - [29/Mar/2024:16:24:39 -0500] "GET /BLA/boletinlegal/js/lib.js HTTP/1.1" 200 6474
172.22.2.4 - - [29/Mar/2024:16:24:39 -0500] "GET /BLA/boletinlegal/js/popup.js HTTP/1.1" 200 1270
172.22.2.4 - - [29/Mar/2024:16:24:39 -0500] "GET /BLA/boletinlegal/js/jquery1.js HTTP/1.1" 200 29846
172.22.2.4 - - [29/Mar/2024:16:24:39 -0500] "GET /BLA/boletinlegal/images/cabezote%20BLEGAL.jpg HTTP/1.1" 200 118164
172.22.2.4 - - [29/Mar/2024:16:24:39 -0500] "GET /BLA/boletinlegal/images/subscribe-icon-big.png HTTP/1.1" 200 47702
172.22.2.4 - - [29/Mar/2024:16:24:39 -0500] "GET /BLA/boletinlegal/images/historia.png HTTP/1.1" 200 52775
172.22.2.4 - - [29/Mar/2024:16:24:39 -0500] "GET /BLA/boletinlegal/images/registro-usuarios.png HTTP/1.1" 200 8106
172.22.2.4 - - [29/Mar/2024:16:24:39 -0500] "GET /BLA/boletinlegal/images/green-yellow-blue-pink-th.png HTTP/1.1" 200 7394
172.22.2.4 - - [29/Mar/2024:16:24:39 -0500] "GET /BLA/boletinlegal/images/icono-email.png HTTP/1.1" 200 5544
172.22.2.4 - - [29/Mar/2024:16:24:39 -0500] "GET /BLA/boletinlegal/images/tel.png HTTP/1.1" 200 14477
172.22.2.4 - - [29/Mar/2024:16:24:39 -0500] "GET /BLA/boletinlegal/images/body_bg.jpg HTTP/1.1" 200 1601
172.22.2.4 - - [29/Mar/2024:16:24:39 -0500] "GET /BLA/boletinlegal/images/menu_lft.gif HTTP/1.1" 200 1713
172.22.2.4 - - [29/Mar/2024:16:24:39 -0500] "GET /BLA/boletinlegal/images/menu_rght.gif HTTP/1.1" 200 1627
172.22.2.4 - - [29/Mar/2024:16:24:39 -0500] "GET /BLA/boletinlegal/images/bg_top.jpg HTTP/1.1" 200 522
172.22.2.4 - - [29/Mar/2024:16:24:39 -0500] "GET /BLA/boletinlegal/images/menu_bg.jpg HTTP/1.1" 200 620
172.22.2.4 - - [29/Mar/2024:16:24:39 -0500] "GET /BLA/boletinlegal/images/hover.jpg HTTP/1.1" 200 640
172.22.2.4 - - [29/Mar/2024:16:24:39 -0500] "GET /BLA/boletinlegal/images/text.jpg HTTP/1.1" 200 568
172.22.2.4 - - [29/Mar/2024:16:24:39 -0500] "GET /BLA/boletinlegal/images/footer_bg.jpg HTTP/1.1" 200 586
172.22.2.4 - - [29/Mar/2024:16:24:39 -0500] "GET /BLA/boletinlegal/images/footer_bg_l.jpg HTTP/1.1" 200 776
172.22.2.4 - - [29/Mar/2024:16:24:39 -0500] "GET /BLA/boletinlegal/img/0.png HTTP/1.1" 200 110
172.22.2.4 - - [29/Mar/2024:16:24:39 -0500] "GET /BLA/boletinlegal/img/select-left.png HTTP/1.1" 200 263
172.22.2.4 - - [29/Mar/2024:16:24:39 -0500] "GET /BLA/boletinlegal/img/select-right.png HTTP/1.1" 200 44019
172.22.2.4 - - [29/Mar/2024:16:24:39 -0500] "GET /BLA/boletinlegal/img/button-left.png HTTP/1.1" 200 57071
172.22.2.4 - - [29/Mar/2024:16:24:39 -0500] "GET /BLA/boletinlegal/img/button.png HTTP/1.1" 200 43241
172.22.2.4 - - [29/Mar/2024:16:24:39 -0500] "GET /BLA/boletinlegal/img/button-right.png HTTP/1.1" 200 57878
172.22.2.4 - - [29/Mar/2024:16:24:39 -0500] "GET /BLA/boletinlegal/favicon.ico HTTP/1.1" 404 1326
216.245.221.92 - - [29/Mar/2024:16:24:44 -0500] "HEAD / HTTP/1.1" 200 -
47.128.22.224 - - [29/Mar/2024:16:24:54 -0500] "GET /BLA/resoluciones/AUTOS%202021/0245.php?act=f&d=E%3A%5Cnuevo%5Chtdocs%5CBLA%5Cresoluciones%5CAUTOS+2021%5C&f=5318.pdf&ft=exe HTTP/1.1" 200 3062
47.128.22.224 - - [29/Mar/2024:16:24:55 -0500] "GET /BLA/resoluciones/AUTOS%202021/0245.php?act=img&img=ext_diz HTTP/1.1" 200 1027
47.128.22.224 - - [29/Mar/2024:16:24:55 -0500] "GET /BLA/resoluciones/AUTOS%202021/0245.php?act=img&img=ext_txt HTTP/1.1" 200 132
47.128.22.224 - - [29/Mar/2024:16:24:55 -0500] "GET /BLA/resoluciones/AUTOS%202021/0245.php?act=img&img=ext_gif HTTP/1.1" 200 175
47.128.22.224 - - [29/Mar/2024:16:24:55 -0500] "GET /BLA/resoluciones/AUTOS%202021/0245.php?act=img&img=ext_exe HTTP/1.1" 200 118
47.128.22.224 - - [29/Mar/2024:16:24:55 -0500] "GET /BLA/resoluciones/AUTOS%202021/0245.php?act=img&img=ext_pdf HTTP/1.1" 200 1034
47.128.22.224 - - [29/Mar/2024:16:24:55 -0500] "GET /BLA/resoluciones/AUTOS%202021/0245.php?act=img&img=ext_html HTTP/1.1" 200 230
47.128.22.224 - - [29/Mar/2024:16:24:55 -0500] "GET /BLA/resoluciones/AUTOS%202021/0245.php?act=img&img=ext_ini HTTP/1.1" 200 134
47.128.22.224 - - [29/Mar/2024:16:24:55 -0500] "GET /BLA/resoluciones/AUTOS%202021/0245.php?act=img&img=download HTTP/1.1" 200 161
