186.28.136.245 - - [29/Mar/2024:00:55:49 -0500] "GET /sipse/faces/javax.faces.resource/jquery/jquery.js?ln=primefaces&v=4.0 HTTP/1.1" 304 -
186.28.136.245 - - [29/Mar/2024:00:55:49 -0500] "GET /sipse/faces/javax.faces.resource/jquery/jquery-plugins.js?ln=primefaces&v=4.0 HTTP/1.1" 304 -
186.28.136.245 - - [29/Mar/2024:00:55:50 -0500] "GET /sipse/faces/javax.faces.resource/primefaces.js?ln=primefaces&v=4.0 HTTP/1.1" 304 -
186.28.136.245 - - [29/Mar/2024:00:55:50 -0500] "GET /sipse/faces/javax.faces.resource/layout/layout.js?ln=primefaces&v=4.0 HTTP/1.1" 304 -
186.28.136.245 - - [29/Mar/2024:00:55:50 -0500] "GET /sipse/faces/javax.faces.resource/dynamiccontent.properties?ln=primefaces&pfdrid=XjOR5%2F%2FfPAZAuY9TpWQeCiM0BhlXxYRBGKi%2FQcXXfeA%3D&pfdrid_c=false HTTP/1.1" 500 383
186.28.136.245 - - [29/Mar/2024:00:55:53 -0500] "POST /sipse/faces/presentacion/financiero/solicitudProceso/consultarSolicitudProceso.xhtml HTTP/1.1" 200 45111
186.28.136.245 - - [29/Mar/2024:00:55:54 -0500] "GET /sipse/faces/javax.faces.resource/theme.css?ln=primefaces-sipse HTTP/1.1" 304 -
186.28.136.245 - - [29/Mar/2024:00:55:54 -0500] "GET /sipse/faces/javax.faces.resource/primefaces.css?ln=primefaces&v=4.0 HTTP/1.1" 304 -
186.28.136.245 - - [29/Mar/2024:00:55:54 -0500] "GET /sipse/faces/javax.faces.resource/jquery/jquery.js?ln=primefaces&v=4.0 HTTP/1.1" 304 -
186.28.136.245 - - [29/Mar/2024:00:55:54 -0500] "GET /sipse/faces/javax.faces.resource/jquery/jquery-plugins.js?ln=primefaces&v=4.0 HTTP/1.1" 304 -
186.28.136.245 - - [29/Mar/2024:00:55:54 -0500] "GET /sipse/faces/javax.faces.resource/layout/layout.css?ln=primefaces&v=4.0 HTTP/1.1" 304 -
186.28.136.245 - - [29/Mar/2024:00:55:54 -0500] "GET /sipse/faces/javax.faces.resource/primefaces.js?ln=primefaces&v=4.0 HTTP/1.1" 304 -
186.28.136.245 - - [29/Mar/2024:00:55:54 -0500] "GET /sipse/faces/javax.faces.resource/layout/layout.js?ln=primefaces&v=4.0 HTTP/1.1" 304 -
201.245.192.253 - - [29/Mar/2024:00:56:09 -0500] "POST /kwsrmcab/Wsrmcab  HTTP/1.1" 200 39660
186.28.136.245 - - [29/Mar/2024:00:56:59 -0500] "POST /sipse/faces/presentacion/financiero/solicitudProceso/consultarHistorialSolProceso.xhtml HTTP/1.1" 200 42091
186.28.136.245 - - [29/Mar/2024:00:57:00 -0500] "GET /sipse/faces/javax.faces.resource/theme.css?ln=primefaces-sipse HTTP/1.1" 304 -
186.28.136.245 - - [29/Mar/2024:00:57:00 -0500] "GET /sipse/faces/javax.faces.resource/primefaces.css?ln=primefaces&v=4.0 HTTP/1.1" 304 -
186.28.136.245 - - [29/Mar/2024:00:57:00 -0500] "GET /sipse/faces/javax.faces.resource/layout/layout.css?ln=primefaces&v=4.0 HTTP/1.1" 304 -
186.28.136.245 - - [29/Mar/2024:00:57:00 -0500] "GET /sipse/faces/javax.faces.resource/jquery/jquery.js?ln=primefaces&v=4.0 HTTP/1.1" 304 -
186.28.136.245 - - [29/Mar/2024:00:57:00 -0500] "GET /sipse/faces/javax.faces.resource/jquery/jquery-plugins.js?ln=primefaces&v=4.0 HTTP/1.1" 304 -
186.28.136.245 - - [29/Mar/2024:00:57:00 -0500] "GET /sipse/faces/javax.faces.resource/primefaces.js?ln=primefaces&v=4.0 HTTP/1.1" 304 -
186.28.136.245 - - [29/Mar/2024:00:57:00 -0500] "GET /sipse/faces/javax.faces.resource/layout/layout.js?ln=primefaces&v=4.0 HTTP/1.1" 304 -
186.28.136.245 - - [29/Mar/2024:00:57:03 -0500] "POST /sipse/faces/presentacion/financiero/solicitudProceso/consultar.xhtml HTTP/1.1" 200 12867
186.28.136.245 - - [29/Mar/2024:00:57:16 -0500] "POST /sipse/faces/presentacion/financiero/solicitudProceso/consultar.xhtml HTTP/1.1" 200 146973
186.28.136.245 - - [29/Mar/2024:00:57:18 -0500] "GET /sipse/faces/javax.faces.resource/theme.css?ln=primefaces-sipse HTTP/1.1" 304 -
186.28.136.245 - - [29/Mar/2024:00:57:18 -0500] "GET /sipse/faces/javax.faces.resource/primefaces.css?ln=primefaces&v=4.0 HTTP/1.1" 304 -
186.28.136.245 - - [29/Mar/2024:00:57:18 -0500] "GET /sipse/faces/javax.faces.resource/layout/layout.css?ln=primefaces&v=4.0 HTTP/1.1" 304 -
186.28.136.245 - - [29/Mar/2024:00:57:18 -0500] "GET /sipse/faces/javax.faces.resource/jquery/jquery.js?ln=primefaces&v=4.0 HTTP/1.1" 304 -
186.28.136.245 - - [29/Mar/2024:00:57:18 -0500] "GET /sipse/faces/javax.faces.resource/jquery/jquery-plugins.js?ln=primefaces&v=4.0 HTTP/1.1" 304 -
186.28.136.245 - - [29/Mar/2024:00:57:18 -0500] "GET /sipse/faces/javax.faces.resource/primefaces.js?ln=primefaces&v=4.0 HTTP/1.1" 304 -
186.28.136.245 - - [29/Mar/2024:00:57:18 -0500] "GET /sipse/faces/javax.faces.resource/layout/layout.js?ln=primefaces&v=4.0 HTTP/1.1" 304 -
186.28.136.245 - - [29/Mar/2024:00:57:18 -0500] "GET /sipse/faces/javax.faces.resource/dynamiccontent.properties?ln=primefaces&pfdrid=XjOR5%2F%2FfPAZAuY9TpWQeCiM0BhlXxYRBGKi%2FQcXXfeA%3D&pfdrid_c=false HTTP/1.1" 500 383
186.28.136.245 - - [29/Mar/2024:00:57:21 -0500] "POST /sipse/faces/presentacion/financiero/solicitudProceso/consultarSolicitudProceso.xhtml HTTP/1.1" 200 44513
186.28.136.245 - - [29/Mar/2024:00:57:22 -0500] "GET /sipse/faces/javax.faces.resource/primefaces.css?ln=primefaces&v=4.0 HTTP/1.1" 304 -
186.28.136.245 - - [29/Mar/2024:00:57:22 -0500] "GET /sipse/faces/javax.faces.resource/theme.css?ln=primefaces-sipse HTTP/1.1" 304 -
186.28.136.245 - - [29/Mar/2024:00:57:22 -0500] "GET /sipse/faces/javax.faces.resource/layout/layout.css?ln=primefaces&v=4.0 HTTP/1.1" 304 -
186.28.136.245 - - [29/Mar/2024:00:57:22 -0500] "GET /sipse/faces/javax.faces.resource/jquery/jquery.js?ln=primefaces&v=4.0 HTTP/1.1" 304 -
186.28.136.245 - - [29/Mar/2024:00:57:22 -0500] "GET /sipse/faces/javax.faces.resource/jquery/jquery-plugins.js?ln=primefaces&v=4.0 HTTP/1.1" 304 -
186.28.136.245 - - [29/Mar/2024:00:57:22 -0500] "GET /sipse/faces/javax.faces.resource/primefaces.js?ln=primefaces&v=4.0 HTTP/1.1" 304 -
186.28.136.245 - - [29/Mar/2024:00:57:22 -0500] "GET /sipse/faces/javax.faces.resource/layout/layout.js?ln=primefaces&v=4.0 HTTP/1.1" 304 -
52.167.144.216 - - [29/Mar/2024:00:58:29 -0500] "GET /BLA/resoluciones/RESOLUCIONES%202021/4076.pdf HTTP/1.1" 200 481020
52.167.144.216 - - [29/Mar/2024:00:58:47 -0500] "GET /BLA/resoluciones/RESOLUCIONES%202019/2582.pdf HTTP/1.1" 304 -
146.19.24.28 - - [29/Mar/2024:00:59:01 -0500] "GET / HTTP/1.1" 200 319
172.22.2.4 - - [29/Mar/2024:00:57:35 -0500] "HEAD /BLA/boletinlegal/ HTTP/1.1" 200 -
3.80.164.96 - - [29/Mar/2024:00:59:17 -0500] "GET /robots.txt HTTP/1.1" 404 1018
3.80.164.96 - - [29/Mar/2024:00:59:18 -0500] "GET /Publicaciones/2022EE245794.pdf HTTP/1.1" 404 228
172.22.2.4 - - [29/Mar/2024:00:59:41 -0500] "GET /BLA/boletinlegal/actos.php HTTP/1.1" 200 9738
216.245.221.92 - - [29/Mar/2024:00:59:46 -0500] "HEAD / HTTP/1.1" 200 -
172.22.2.4 - - [29/Mar/2024:00:58:26 -0500] "GET /BLA/boletinlegal/ HTTP/1.1" 200 58273
216.244.66.195 - - [29/Mar/2024:01:00:57 -0500] "GET /galeria/galeria/fotos/Entrenube2G.jpg HTTP/1.1" 200 111422
201.245.192.253 - - [29/Mar/2024:01:01:07 -0500] "POST /kwsrmcab/Wsrmcab  HTTP/1.1" 200 39660
191.111.47.8 - - [29/Mar/2024:01:01:17 -0500] "POST /sipse/faces/presentacion/financiero/solicitudProceso/consultarSolicitudProceso.xhtml HTTP/1.1" 200 46707
191.111.47.8 - - [29/Mar/2024:01:01:17 -0500] "GET /sipse/faces/javax.faces.resource/jquery/jquery.js?ln=primefaces&v=4.0 HTTP/1.1" 304 -
191.111.47.8 - - [29/Mar/2024:01:01:18 -0500] "GET /sipse/faces/javax.faces.resource/jquery/jquery-plugins.js?ln=primefaces&v=4.0 HTTP/1.1" 304 -
191.111.47.8 - - [29/Mar/2024:01:01:18 -0500] "GET /sipse/faces/javax.faces.resource/primefaces.js?ln=primefaces&v=4.0 HTTP/1.1" 304 -
191.111.47.8 - - [29/Mar/2024:01:01:18 -0500] "GET /sipse/faces/javax.faces.resource/layout/layout.js?ln=primefaces&v=4.0 HTTP/1.1" 304 -
191.111.47.8 - - [29/Mar/2024:01:01:18 -0500] "POST /sipse/faces/presentacion/financiero/solicitudProceso/consultar.xhtml HTTP/1.1" 200 40123
191.111.47.8 - - [29/Mar/2024:01:01:18 -0500] "POST /sipse/faces/presentacion/financiero/solicitudProceso/consultar.xhtml HTTP/1.1" 200 40123
191.111.47.8 - - [29/Mar/2024:01:01:20 -0500] "POST /sipse/faces/presentacion/financiero/solicitudProceso/consultar.xhtml HTTP/1.1" 200 12908
191.111.47.8 - - [29/Mar/2024:01:01:21 -0500] "POST /sipse/faces/presentacion/financiero/solicitudProceso/consultar.xhtml HTTP/1.1" 200 147411
191.111.47.8 - - [29/Mar/2024:01:01:22 -0500] "GET /sipse/faces/javax.faces.resource/jquery/jquery.js?ln=primefaces&v=4.0 HTTP/1.1" 304 -
191.111.47.8 - - [29/Mar/2024:01:01:22 -0500] "GET /sipse/faces/javax.faces.resource/jquery/jquery-plugins.js?ln=primefaces&v=4.0 HTTP/1.1" 304 -
191.111.47.8 - - [29/Mar/2024:01:01:22 -0500] "GET /sipse/faces/javax.faces.resource/primefaces.js?ln=primefaces&v=4.0 HTTP/1.1" 304 -
191.111.47.8 - - [29/Mar/2024:01:01:22 -0500] "GET /sipse/faces/javax.faces.resource/layout/layout.js?ln=primefaces&v=4.0 HTTP/1.1" 304 -
191.111.47.8 - - [29/Mar/2024:01:01:23 -0500] "GET /sipse/faces/javax.faces.resource/dynamiccontent.properties?ln=primefaces&pfdrid=XjOR5%2F%2FfPAZAuY9TpWQeCiM0BhlXxYRBGKi%2FQcXXfeA%3D&pfdrid_c=false HTTP/1.1" 500 383
191.111.47.8 - - [29/Mar/2024:01:01:25 -0500] "POST /sipse/faces/presentacion/financiero/solicitudProceso/consultarSolicitudProceso.xhtml HTTP/1.1" 200 100504
191.111.47.8 - - [29/Mar/2024:01:01:31 -0500] "POST /sipse/faces/presentacion/financiero/solicitudProceso/consultarSolicitudProceso.xhtml HTTP/1.1" 200 2530420
191.111.47.8 - - [29/Mar/2024:01:01:34 -0500] "POST /sipse/faces/presentacion/financiero/solicitudProceso/consultarSolicitudProceso.xhtml HTTP/1.1" 200 1816185
191.111.47.8 - - [29/Mar/2024:01:01:37 -0500] "POST /sipse/faces/presentacion/financiero/solicitudProceso/consultarSolicitudProceso.xhtml HTTP/1.1" 200 2357473
191.111.47.8 - - [29/Mar/2024:01:01:39 -0500] "POST /sipse/faces/presentacion/financiero/solicitudProceso/consultarSolicitudProceso.xhtml HTTP/1.1" 200 1466296
191.111.47.8 - - [29/Mar/2024:01:01:42 -0500] "POST /sipse/faces/presentacion/financiero/solicitudProceso/consultarSolicitudProceso.xhtml HTTP/1.1" 200 623578
191.111.47.8 - - [29/Mar/2024:01:01:46 -0500] "POST /sipse/faces/presentacion/financiero/solicitudProceso/consultarSolicitudProceso.xhtml HTTP/1.1" 200 2141682
191.111.47.8 - - [29/Mar/2024:01:01:52 -0500] "POST /sipse/faces/presentacion/financiero/solicitudProceso/consultarSolicitudProceso.xhtml HTTP/1.1" 200 89998
191.111.47.8 - - [29/Mar/2024:01:01:56 -0500] "POST /sipse/faces/presentacion/financiero/solicitudProceso/consultarSolicitudProceso.xhtml HTTP/1.1" 200 743905
191.111.47.8 - - [29/Mar/2024:01:02:01 -0500] "POST /sipse/faces/presentacion/financiero/solicitudProceso/consultarSolicitudProceso.xhtml HTTP/1.1" 200 832546
40.77.167.126 - - [29/Mar/2024:01:02:08 -0500] "GET /Publicaciones/2024EE57924.pdf HTTP/1.1" 404 227
191.111.47.8 - - [29/Mar/2024:01:02:08 -0500] "POST /sipse/faces/presentacion/financiero/solicitudProceso/consultarSolicitudProceso.xhtml HTTP/1.1" 200 5537
191.111.47.8 - - [29/Mar/2024:01:02:09 -0500] "GET /sipse/faces/javax.faces.resource/dynamiccontent.properties?ln=primefaces&pfdrid=XjOR5%2F%2FfPAZAuY9TpWQeCiM0BhlXxYRBGKi%2FQcXXfeA%3D&pfdrid_c=false HTTP/1.1" 200 120489
191.111.47.8 - - [29/Mar/2024:01:02:14 -0500] "POST /sipse/faces/presentacion/financiero/solicitudProceso/consultarSolicitudProceso.xhtml HTTP/1.1" 200 33955
191.111.47.8 - - [29/Mar/2024:01:02:14 -0500] "GET /sipse/faces/javax.faces.resource/jquery/jquery.js?ln=primefaces&v=4.0 HTTP/1.1" 304 -
191.111.47.8 - - [29/Mar/2024:01:02:14 -0500] "GET /sipse/faces/javax.faces.resource/jquery/jquery-plugins.js?ln=primefaces&v=4.0 HTTP/1.1" 304 -
191.111.47.8 - - [29/Mar/2024:01:02:14 -0500] "GET /sipse/faces/javax.faces.resource/primefaces.js?ln=primefaces&v=4.0 HTTP/1.1" 304 -
191.111.47.8 - - [29/Mar/2024:01:02:14 -0500] "GET /sipse/faces/javax.faces.resource/layout/layout.js?ln=primefaces&v=4.0 HTTP/1.1" 304 -
191.111.47.8 - - [29/Mar/2024:01:02:14 -0500] "POST /sipse/faces/presentacion/sistema/reporte/listarReportes.xhtml HTTP/1.1" 200 27385
191.111.47.8 - - [29/Mar/2024:01:02:14 -0500] "POST /sipse/faces/presentacion/sistema/reporte/listarReportes.xhtml HTTP/1.1" 200 27385
191.111.47.8 - - [29/Mar/2024:01:02:15 -0500] "POST /sipse/faces/presentacion/sistema/reporte/listarReportes.xhtml HTTP/1.1" 200 27385
191.111.47.8 - - [29/Mar/2024:01:02:15 -0500] "POST /sipse/faces/presentacion/sistema/reporte/listarReportes.xhtml HTTP/1.1" 200 27385
186.28.136.245 - - [29/Mar/2024:01:02:15 -0500] "POST /sipse/faces/presentacion/financiero/solicitudProceso/consultarHistorialSolProceso.xhtml HTTP/1.1" 200 193103
186.28.136.245 - - [29/Mar/2024:01:02:16 -0500] "GET /sipse/faces/javax.faces.resource/theme.css?ln=primefaces-sipse HTTP/1.1" 304 -
186.28.136.245 - - [29/Mar/2024:01:02:16 -0500] "GET /sipse/faces/javax.faces.resource/primefaces.css?ln=primefaces&v=4.0 HTTP/1.1" 304 -
186.28.136.245 - - [29/Mar/2024:01:02:16 -0500] "GET /sipse/faces/javax.faces.resource/layout/layout.js?ln=primefaces&v=4.0 HTTP/1.1" 304 -
186.28.136.245 - - [29/Mar/2024:01:02:16 -0500] "GET /sipse/faces/javax.faces.resource/layout/layout.css?ln=primefaces&v=4.0 HTTP/1.1" 304 -
186.28.136.245 - - [29/Mar/2024:01:02:16 -0500] "GET /sipse/faces/javax.faces.resource/jquery/jquery.js?ln=primefaces&v=4.0 HTTP/1.1" 304 -
186.28.136.245 - - [29/Mar/2024:01:02:16 -0500] "GET /sipse/faces/javax.faces.resource/primefaces.js?ln=primefaces&v=4.0 HTTP/1.1" 304 -
186.28.136.245 - - [29/Mar/2024:01:02:16 -0500] "GET /sipse/faces/javax.faces.resource/jquery/jquery-plugins.js?ln=primefaces&v=4.0 HTTP/1.1" 304 -
186.28.136.245 - - [29/Mar/2024:01:02:16 -0500] "GET /sipse/css/imagen/contrasena.png HTTP/1.1" 404 383
186.28.136.245 - - [29/Mar/2024:01:02:16 -0500] "GET /sipse/faces/javax.faces.resource/images/ui-icons_898989_256x240.png?ln=primefaces-aristo HTTP/1.1" 304 -
186.28.136.245 - - [29/Mar/2024:01:02:16 -0500] "GET /sipse/faces/javax.faces.resource/dynamiccontent.properties?ln=primefaces&pfdrid=XjOR5%2F%2FfPAZAuY9TpWQeCiM0BhlXxYRBGKi%2FQcXXfeA%3D&pfdrid_c=false HTTP/1.1" 500 383
191.111.47.8 - - [29/Mar/2024:01:02:17 -0500] "POST /sipse/faces/presentacion/sistema/reporte/listarReportes.xhtml HTTP/1.1" 200 27619
191.111.47.8 - - [29/Mar/2024:01:02:18 -0500] "POST /sipse/faces/presentacion/sistema/reporte/listarReportes.xhtml HTTP/1.1" 200 27619
191.111.47.8 - - [29/Mar/2024:01:02:18 -0500] "POST /sipse/faces/presentacion/sistema/reporte/listarReportes.xhtml HTTP/1.1" 200 27619
186.28.136.245 - - [29/Mar/2024:01:02:18 -0500] "GET /sipse/faces/javax.faces.resource/images/ui-bg_flat_0_2d5972_40x100.png?ln=primefaces-aristo HTTP/1.1" 304 -
191.111.47.8 - - [29/Mar/2024:01:02:18 -0500] "POST /sipse/faces/presentacion/sistema/reporte/listarReportes.xhtml HTTP/1.1" 200 27619
191.111.47.8 - - [29/Mar/2024:01:02:18 -0500] "POST /sipse/faces/presentacion/sistema/reporte/listarReportes.xhtml HTTP/1.1" 200 27619
186.28.136.245 - - [29/Mar/2024:01:02:18 -0500] "POST /sipse/faces/presentacion/financiero/solicitudProceso/consultarSolicitudProceso.xhtml HTTP/1.1" 200 42100
186.28.136.245 - - [29/Mar/2024:01:02:19 -0500] "GET /sipse/faces/javax.faces.resource/layout/layout.css?ln=primefaces&v=4.0 HTTP/1.1" 304 -
186.28.136.245 - - [29/Mar/2024:01:02:19 -0500] "GET /sipse/faces/javax.faces.resource/theme.css?ln=primefaces-sipse HTTP/1.1" 304 -
186.28.136.245 - - [29/Mar/2024:01:02:19 -0500] "GET /sipse/faces/javax.faces.resource/primefaces.css?ln=primefaces&v=4.0 HTTP/1.1" 304 -
186.28.136.245 - - [29/Mar/2024:01:02:19 -0500] "GET /sipse/faces/javax.faces.resource/jquery/jquery.js?ln=primefaces&v=4.0 HTTP/1.1" 304 -
186.28.136.245 - - [29/Mar/2024:01:02:19 -0500] "GET /sipse/faces/javax.faces.resource/jquery/jquery-plugins.js?ln=primefaces&v=4.0 HTTP/1.1" 304 -
186.28.136.245 - - [29/Mar/2024:01:02:19 -0500] "GET /sipse/faces/javax.faces.resource/primefaces.js?ln=primefaces&v=4.0 HTTP/1.1" 304 -
186.28.136.245 - - [29/Mar/2024:01:02:19 -0500] "GET /sipse/faces/javax.faces.resource/layout/layout.js?ln=primefaces&v=4.0 HTTP/1.1" 304 -
191.111.47.8 - - [29/Mar/2024:01:02:19 -0500] "POST /sipse/faces/presentacion/sistema/reporte/listarReportes.xhtml HTTP/1.1" 200 27619
191.111.47.8 - - [29/Mar/2024:01:02:20 -0500] "POST /sipse/faces/presentacion/sistema/reporte/listarReportes.xhtml HTTP/1.1" 200 22817
191.111.47.8 - - [29/Mar/2024:01:02:20 -0500] "GET /sipse/faces/javax.faces.resource/jquery/jquery.js?ln=primefaces&v=4.0 HTTP/1.1" 304 -
191.111.47.8 - - [29/Mar/2024:01:02:20 -0500] "GET /sipse/faces/javax.faces.resource/layout/layout.js?ln=primefaces&v=4.0 HTTP/1.1" 304 -
191.111.47.8 - - [29/Mar/2024:01:02:20 -0500] "GET /sipse/faces/javax.faces.resource/layout/layout.css?ln=primefaces&v=4.0 HTTP/1.1" 304 -
191.111.47.8 - - [29/Mar/2024:01:02:20 -0500] "GET /sipse/faces/javax.faces.resource/jquery/jquery-plugins.js?ln=primefaces&v=4.0 HTTP/1.1" 304 -
191.111.47.8 - - [29/Mar/2024:01:02:20 -0500] "GET /sipse/faces/javax.faces.resource/theme.css?ln=primefaces-sipse HTTP/1.1" 304 -
191.111.47.8 - - [29/Mar/2024:01:02:20 -0500] "GET /sipse/faces/javax.faces.resource/primefaces.css?ln=primefaces&v=4.0 HTTP/1.1" 304 -
191.111.47.8 - - [29/Mar/2024:01:02:20 -0500] "GET /sipse/faces/javax.faces.resource/primefaces.js?ln=primefaces&v=4.0 HTTP/1.1" 304 -
191.111.47.8 - - [29/Mar/2024:01:02:20 -0500] "GET /sipse/faces/javax.faces.resource/images/ui-icons_898989_256x240.png?ln=primefaces-aristo HTTP/1.1" 304 -
186.28.136.245 - - [29/Mar/2024:01:02:23 -0500] "POST /sipse/faces/presentacion/financiero/solicitudProceso/consultar.xhtml HTTP/1.1" 200 12858
216.244.66.195 - - [29/Mar/2024:01:03:03 -0500] "GET /BLA/resoluciones/AUTOS%202010/3737.pdf HTTP/1.1" 200 1095200
186.28.136.245 - - [29/Mar/2024:01:03:27 -0500] "POST /sipse/faces/presentacion/financiero/solicitudProceso/consultar.xhtml HTTP/1.1" 200 138053
186.28.136.245 - - [29/Mar/2024:01:03:28 -0500] "GET /sipse/faces/javax.faces.resource/theme.css?ln=primefaces-sipse HTTP/1.1" 304 -
186.28.136.245 - - [29/Mar/2024:01:03:28 -0500] "GET /sipse/faces/javax.faces.resource/primefaces.css?ln=primefaces&v=4.0 HTTP/1.1" 304 -
186.28.136.245 - - [29/Mar/2024:01:03:28 -0500] "GET /sipse/faces/javax.faces.resource/layout/layout.css?ln=primefaces&v=4.0 HTTP/1.1" 304 -
186.28.136.245 - - [29/Mar/2024:01:03:28 -0500] "GET /sipse/faces/javax.faces.resource/jquery/jquery.js?ln=primefaces&v=4.0 HTTP/1.1" 304 -
186.28.136.245 - - [29/Mar/2024:01:03:28 -0500] "GET /sipse/faces/javax.faces.resource/jquery/jquery-plugins.js?ln=primefaces&v=4.0 HTTP/1.1" 304 -
186.28.136.245 - - [29/Mar/2024:01:03:28 -0500] "GET /sipse/faces/javax.faces.resource/primefaces.js?ln=primefaces&v=4.0 HTTP/1.1" 304 -
186.28.136.245 - - [29/Mar/2024:01:03:28 -0500] "GET /sipse/faces/javax.faces.resource/layout/layout.js?ln=primefaces&v=4.0 HTTP/1.1" 304 -
186.28.136.245 - - [29/Mar/2024:01:03:28 -0500] "GET /sipse/faces/javax.faces.resource/dynamiccontent.properties?ln=primefaces&pfdrid=XjOR5%2F%2FfPAZAuY9TpWQeCiM0BhlXxYRBGKi%2FQcXXfeA%3D&pfdrid_c=false HTTP/1.1" 500 383
186.28.136.245 - - [29/Mar/2024:01:03:36 -0500] "POST /sipse/faces/presentacion/financiero/solicitudProceso/consultarSolicitudProceso.xhtml HTTP/1.1" 200 50595
186.28.136.245 - - [29/Mar/2024:01:03:37 -0500] "GET /sipse/faces/javax.faces.resource/theme.css?ln=primefaces-sipse HTTP/1.1" 304 -
186.28.136.245 - - [29/Mar/2024:01:03:37 -0500] "GET /sipse/faces/javax.faces.resource/primefaces.css?ln=primefaces&v=4.0 HTTP/1.1" 304 -
186.28.136.245 - - [29/Mar/2024:01:03:37 -0500] "GET /sipse/faces/javax.faces.resource/layout/layout.css?ln=primefaces&v=4.0 HTTP/1.1" 304 -
186.28.136.245 - - [29/Mar/2024:01:03:37 -0500] "GET /sipse/faces/javax.faces.resource/jquery/jquery.js?ln=primefaces&v=4.0 HTTP/1.1" 304 -
186.28.136.245 - - [29/Mar/2024:01:03:37 -0500] "GET /sipse/faces/javax.faces.resource/jquery/jquery-plugins.js?ln=primefaces&v=4.0 HTTP/1.1" 304 -
186.28.136.245 - - [29/Mar/2024:01:03:37 -0500] "GET /sipse/faces/javax.faces.resource/primefaces.js?ln=primefaces&v=4.0 HTTP/1.1" 304 -
186.28.136.245 - - [29/Mar/2024:01:03:37 -0500] "GET /sipse/faces/javax.faces.resource/layout/layout.js?ln=primefaces&v=4.0 HTTP/1.1" 304 -
216.244.66.195 - - [29/Mar/2024:01:03:42 -0500] "GET /BLA/resoluciones/AUTOS%202023/3236.pdf HTTP/1.1" 200 342713
216.244.66.195 - - [29/Mar/2024:01:04:24 -0500] "GET /BLA/resoluciones/Notificaciones/AUTOS%202016/02766.doc HTTP/1.1" 200 692672
216.245.221.92 - - [29/Mar/2024:01:04:46 -0500] "HEAD / HTTP/1.1" 200 -
40.77.167.71 - - [29/Mar/2024:01:04:49 -0500] "GET /BLA/resoluciones/RESOLUCIONES%202022/0563.pdf HTTP/1.1" 200 469262
172.22.2.4 - - [29/Mar/2024:01:03:25 -0500] "HEAD /BLA/boletinlegal/ HTTP/1.1" 200 -
216.244.66.195 - - [29/Mar/2024:01:05:14 -0500] "GET /BLA/resoluciones/RESOLUCIONES%202001/2001%20550-599.TIF HTTP/1.1" 200 9191456
172.22.2.4 - - [29/Mar/2024:01:03:58 -0500] "GET /BLA/boletinlegal/ HTTP/1.1" 200 46633
172.22.2.4 - - [29/Mar/2024:01:04:16 -0500] "GET /BLA/boletinlegal/ HTTP/1.1" 200 47256
216.244.66.195 - - [29/Mar/2024:01:06:04 -0500] "GET /BLA/resoluciones/RESOLUCIONES%202016/1992.pdf HTTP/1.1" 200 366324
201.245.192.253 - - [29/Mar/2024:01:06:05 -0500] "POST /kwsrmcab/Wsrmcab  HTTP/1.1" 200 39660
186.28.136.245 - - [29/Mar/2024:01:06:23 -0500] "POST /sipse/faces/presentacion/financiero/solicitudProceso/consultarHistorialSolProceso.xhtml HTTP/1.1" 200 184183
186.28.136.245 - - [29/Mar/2024:01:06:24 -0500] "GET /sipse/faces/javax.faces.resource/theme.css?ln=primefaces-sipse HTTP/1.1" 304 -
186.28.136.245 - - [29/Mar/2024:01:06:24 -0500] "GET /sipse/faces/javax.faces.resource/primefaces.css?ln=primefaces&v=4.0 HTTP/1.1" 304 -
186.28.136.245 - - [29/Mar/2024:01:06:24 -0500] "GET /sipse/faces/javax.faces.resource/primefaces.js?ln=primefaces&v=4.0 HTTP/1.1" 304 -
186.28.136.245 - - [29/Mar/2024:01:06:24 -0500] "GET /sipse/faces/javax.faces.resource/jquery/jquery.js?ln=primefaces&v=4.0 HTTP/1.1" 304 -
186.28.136.245 - - [29/Mar/2024:01:06:24 -0500] "GET /sipse/faces/javax.faces.resource/jquery/jquery-plugins.js?ln=primefaces&v=4.0 HTTP/1.1" 304 -
186.28.136.245 - - [29/Mar/2024:01:06:24 -0500] "GET /sipse/faces/javax.faces.resource/layout/layout.css?ln=primefaces&v=4.0 HTTP/1.1" 304 -
186.28.136.245 - - [29/Mar/2024:01:06:24 -0500] "GET /sipse/faces/javax.faces.resource/layout/layout.js?ln=primefaces&v=4.0 HTTP/1.1" 304 -
186.28.136.245 - - [29/Mar/2024:01:06:24 -0500] "GET /sipse/css/imagen/contrasena.png HTTP/1.1" 404 383
186.28.136.245 - - [29/Mar/2024:01:06:24 -0500] "GET /sipse/faces/javax.faces.resource/images/ui-icons_898989_256x240.png?ln=primefaces-aristo HTTP/1.1" 304 -
186.28.136.245 - - [29/Mar/2024:01:06:24 -0500] "GET /sipse/faces/javax.faces.resource/dynamiccontent.properties?ln=primefaces&pfdrid=XjOR5%2F%2FfPAZAuY9TpWQeCiM0BhlXxYRBGKi%2FQcXXfeA%3D&pfdrid_c=false HTTP/1.1" 500 383
186.28.136.245 - - [29/Mar/2024:01:06:26 -0500] "GET /sipse/faces/javax.faces.resource/images/ui-bg_flat_0_2d5972_40x100.png?ln=primefaces-aristo HTTP/1.1" 304 -
186.28.136.245 - - [29/Mar/2024:01:06:26 -0500] "POST /sipse/faces/presentacion/financiero/solicitudProceso/consultarSolicitudProceso.xhtml HTTP/1.1" 200 42091
186.28.136.245 - - [29/Mar/2024:01:06:26 -0500] "GET /sipse/faces/javax.faces.resource/primefaces.css?ln=primefaces&v=4.0 HTTP/1.1" 304 -
186.28.136.245 - - [29/Mar/2024:01:06:26 -0500] "GET /sipse/faces/javax.faces.resource/theme.css?ln=primefaces-sipse HTTP/1.1" 304 -
186.28.136.245 - - [29/Mar/2024:01:06:26 -0500] "GET /sipse/faces/javax.faces.resource/layout/layout.css?ln=primefaces&v=4.0 HTTP/1.1" 304 -
186.28.136.245 - - [29/Mar/2024:01:06:27 -0500] "GET /sipse/faces/javax.faces.resource/jquery/jquery.js?ln=primefaces&v=4.0 HTTP/1.1" 304 -
186.28.136.245 - - [29/Mar/2024:01:06:27 -0500] "GET /sipse/faces/javax.faces.resource/jquery/jquery-plugins.js?ln=primefaces&v=4.0 HTTP/1.1" 304 -
186.28.136.245 - - [29/Mar/2024:01:06:27 -0500] "GET /sipse/faces/javax.faces.resource/primefaces.js?ln=primefaces&v=4.0 HTTP/1.1" 304 -
186.28.136.245 - - [29/Mar/2024:01:06:27 -0500] "GET /sipse/faces/javax.faces.resource/layout/layout.js?ln=primefaces&v=4.0 HTTP/1.1" 304 -
186.28.136.245 - - [29/Mar/2024:01:06:30 -0500] "POST /sipse/faces/presentacion/financiero/solicitudProceso/consultar.xhtml HTTP/1.1" 200 12883
216.244.66.195 - - [29/Mar/2024:01:06:48 -0500] "GET /BLA/resoluciones/RESOLUCIONES%202017/0417.pdf HTTP/1.1" 200 378816
186.28.136.245 - - [29/Mar/2024:01:06:52 -0500] "POST /sipse/faces/presentacion/financiero/solicitudProceso/consultar.xhtml HTTP/1.1" 200 12899
186.28.136.245 - - [29/Mar/2024:01:07:16 -0500] "POST /sipse/faces/presentacion/financiero/solicitudProceso/consultar.xhtml HTTP/1.1" 200 12891
52.167.144.235 - - [29/Mar/2024:01:07:20 -0500] "GET /BLA/resoluciones/RESOLUCIONES%202022/3438.pdf HTTP/1.1" 200 442136
216.244.66.195 - - [29/Mar/2024:01:07:21 -0500] "GET /BLA/resoluciones/RESOLUCIONES%202017/0741.pdf HTTP/1.1" 200 305794
186.28.136.245 - - [29/Mar/2024:01:07:51 -0500] "POST /sipse/faces/presentacion/financiero/solicitudProceso/consultar.xhtml HTTP/1.1" 200 12899
216.244.66.195 - - [29/Mar/2024:01:07:59 -0500] "GET /BLA/resoluciones/RESOLUCIONES%202017/0897.pdf HTTP/1.1" 200 388870
186.28.136.245 - - [29/Mar/2024:01:08:24 -0500] "POST /sipse/faces/presentacion/financiero/solicitudProceso/consultar.xhtml HTTP/1.1" 200 12873
216.244.66.195 - - [29/Mar/2024:01:08:41 -0500] "GET /BLA/resoluciones/RESOLUCIONES%202017/0961.pdf HTTP/1.1" 200 885289
186.28.136.245 - - [29/Mar/2024:01:08:41 -0500] "POST /sipse/faces/presentacion/financiero/solicitudProceso/consultar.xhtml HTTP/1.1" 200 134523
186.28.136.245 - - [29/Mar/2024:01:08:42 -0500] "GET /sipse/faces/javax.faces.resource/theme.css?ln=primefaces-sipse HTTP/1.1" 304 -
186.28.136.245 - - [29/Mar/2024:01:08:42 -0500] "GET /sipse/faces/javax.faces.resource/layout/layout.css?ln=primefaces&v=4.0 HTTP/1.1" 304 -
186.28.136.245 - - [29/Mar/2024:01:08:42 -0500] "GET /sipse/faces/javax.faces.resource/primefaces.css?ln=primefaces&v=4.0 HTTP/1.1" 304 -
186.28.136.245 - - [29/Mar/2024:01:08:42 -0500] "GET /sipse/faces/javax.faces.resource/jquery/jquery.js?ln=primefaces&v=4.0 HTTP/1.1" 304 -
186.28.136.245 - - [29/Mar/2024:01:08:42 -0500] "GET /sipse/faces/javax.faces.resource/jquery/jquery-plugins.js?ln=primefaces&v=4.0 HTTP/1.1" 304 -
186.28.136.245 - - [29/Mar/2024:01:08:42 -0500] "GET /sipse/faces/javax.faces.resource/primefaces.js?ln=primefaces&v=4.0 HTTP/1.1" 304 -
186.28.136.245 - - [29/Mar/2024:01:08:42 -0500] "GET /sipse/faces/javax.faces.resource/layout/layout.js?ln=primefaces&v=4.0 HTTP/1.1" 304 -
186.28.136.245 - - [29/Mar/2024:01:08:42 -0500] "GET /sipse/faces/javax.faces.resource/dynamiccontent.properties?ln=primefaces&pfdrid=XjOR5%2F%2FfPAZAuY9TpWQeCiM0BhlXxYRBGKi%2FQcXXfeA%3D&pfdrid_c=false HTTP/1.1" 500 383
186.28.136.245 - - [29/Mar/2024:01:08:47 -0500] "POST /sipse/faces/presentacion/financiero/solicitudProceso/consultarSolicitudProceso.xhtml HTTP/1.1" 200 38550
186.28.136.245 - - [29/Mar/2024:01:08:47 -0500] "GET /sipse/faces/javax.faces.resource/theme.css?ln=primefaces-sipse HTTP/1.1" 304 -
186.28.136.245 - - [29/Mar/2024:01:08:47 -0500] "GET /sipse/faces/javax.faces.resource/primefaces.css?ln=primefaces&v=4.0 HTTP/1.1" 304 -
186.28.136.245 - - [29/Mar/2024:01:08:47 -0500] "GET /sipse/faces/javax.faces.resource/layout/layout.css?ln=primefaces&v=4.0 HTTP/1.1" 304 -
186.28.136.245 - - [29/Mar/2024:01:08:47 -0500] "GET /sipse/faces/javax.faces.resource/jquery/jquery.js?ln=primefaces&v=4.0 HTTP/1.1" 304 -
186.28.136.245 - - [29/Mar/2024:01:08:47 -0500] "GET /sipse/faces/javax.faces.resource/jquery/jquery-plugins.js?ln=primefaces&v=4.0 HTTP/1.1" 304 -
186.28.136.245 - - [29/Mar/2024:01:08:47 -0500] "GET /sipse/faces/javax.faces.resource/primefaces.js?ln=primefaces&v=4.0 HTTP/1.1" 304 -
186.28.136.245 - - [29/Mar/2024:01:08:47 -0500] "GET /sipse/faces/javax.faces.resource/layout/layout.js?ln=primefaces&v=4.0 HTTP/1.1" 304 -
186.28.136.245 - - [29/Mar/2024:01:09:07 -0500] "POST /sipse/faces/presentacion/financiero/solicitudProceso/consultarHistorialSolProceso.xhtml HTTP/1.1" 200 180653
186.28.136.245 - - [29/Mar/2024:01:09:08 -0500] "GET /sipse/faces/javax.faces.resource/theme.css?ln=primefaces-sipse HTTP/1.1" 304 -
186.28.136.245 - - [29/Mar/2024:01:09:08 -0500] "GET /sipse/faces/javax.faces.resource/primefaces.css?ln=primefaces&v=4.0 HTTP/1.1" 304 -
186.28.136.245 - - [29/Mar/2024:01:09:08 -0500] "GET /sipse/faces/javax.faces.resource/jquery/jquery-plugins.js?ln=primefaces&v=4.0 HTTP/1.1" 304 -
186.28.136.245 - - [29/Mar/2024:01:09:08 -0500] "GET /sipse/faces/javax.faces.resource/jquery/jquery.js?ln=primefaces&v=4.0 HTTP/1.1" 304 -
186.28.136.245 - - [29/Mar/2024:01:09:08 -0500] "GET /sipse/faces/javax.faces.resource/primefaces.js?ln=primefaces&v=4.0 HTTP/1.1" 304 -
186.28.136.245 - - [29/Mar/2024:01:09:08 -0500] "GET /sipse/faces/javax.faces.resource/layout/layout.css?ln=primefaces&v=4.0 HTTP/1.1" 304 -
186.28.136.245 - - [29/Mar/2024:01:09:08 -0500] "GET /sipse/faces/javax.faces.resource/layout/layout.js?ln=primefaces&v=4.0 HTTP/1.1" 304 -
186.28.136.245 - - [29/Mar/2024:01:09:08 -0500] "GET /sipse/faces/javax.faces.resource/dynamiccontent.properties?ln=primefaces&pfdrid=XjOR5%2F%2FfPAZAuY9TpWQeCiM0BhlXxYRBGKi%2FQcXXfeA%3D&pfdrid_c=false HTTP/1.1" 500 383
186.28.136.245 - - [29/Mar/2024:01:09:10 -0500] "POST /sipse/faces/presentacion/financiero/solicitudProceso/consultarSolicitudProceso.xhtml HTTP/1.1" 200 42098
186.28.136.245 - - [29/Mar/2024:01:09:11 -0500] "GET /sipse/faces/javax.faces.resource/theme.css?ln=primefaces-sipse HTTP/1.1" 304 -
186.28.136.245 - - [29/Mar/2024:01:09:11 -0500] "GET /sipse/faces/javax.faces.resource/primefaces.css?ln=primefaces&v=4.0 HTTP/1.1" 304 -
186.28.136.245 - - [29/Mar/2024:01:09:11 -0500] "GET /sipse/faces/javax.faces.resource/layout/layout.css?ln=primefaces&v=4.0 HTTP/1.1" 304 -
186.28.136.245 - - [29/Mar/2024:01:09:11 -0500] "GET /sipse/faces/javax.faces.resource/jquery/jquery.js?ln=primefaces&v=4.0 HTTP/1.1" 304 -
186.28.136.245 - - [29/Mar/2024:01:09:11 -0500] "GET /sipse/faces/javax.faces.resource/jquery/jquery-plugins.js?ln=primefaces&v=4.0 HTTP/1.1" 304 -
186.28.136.245 - - [29/Mar/2024:01:09:11 -0500] "GET /sipse/faces/javax.faces.resource/primefaces.js?ln=primefaces&v=4.0 HTTP/1.1" 304 -
186.28.136.245 - - [29/Mar/2024:01:09:11 -0500] "GET /sipse/faces/javax.faces.resource/layout/layout.js?ln=primefaces&v=4.0 HTTP/1.1" 304 -
186.28.136.245 - - [29/Mar/2024:01:09:14 -0500] "POST /sipse/faces/presentacion/financiero/solicitudProceso/consultar.xhtml HTTP/1.1" 200 12936
216.244.66.195 - - [29/Mar/2024:01:09:30 -0500] "GET /BLA/resoluciones/RESOLUCIONES%202017/1791.pdf HTTP/1.1" 200 531354
186.28.136.245 - - [29/Mar/2024:01:09:41 -0500] "POST /sipse/faces/presentacion/financiero/solicitudProceso/consultar.xhtml HTTP/1.1" 200 12952
216.245.221.92 - - [29/Mar/2024:01:09:46 -0500] "HEAD / HTTP/1.1" 200 -
186.28.136.245 - - [29/Mar/2024:01:10:08 -0500] "POST /sipse/faces/presentacion/financiero/solicitudProceso/consultar.xhtml HTTP/1.1" 200 12866
173.252.87.10 - - [29/Mar/2024:01:10:09 -0500] "GET /images/jardines-verticales-4-marzo.jpg HTTP/1.1" 200 54804
216.244.66.195 - - [29/Mar/2024:01:10:15 -0500] "GET /BLA/resoluciones/RESOLUCIONES%202017/1926.pdf HTTP/1.1" 200 289562
186.28.136.245 - - [29/Mar/2024:01:10:33 -0500] "POST /sipse/faces/presentacion/financiero/solicitudProceso/consultar.xhtml HTTP/1.1" 200 12952
173.252.111.11 - - [29/Mar/2024:01:10:48 -0500] "GET /images/pieza-arbolado-jbb-15-dic.jpg HTTP/1.1" 200 210305
216.244.66.195 - - [29/Mar/2024:01:10:49 -0500] "GET /BLA/resoluciones/RESOLUCIONES%202017/1976.pdf HTTP/1.1" 200 823000
47.128.62.180 - - [29/Mar/2024:01:10:51 -0500] "GET /BLA/resoluciones/AUTOS%202021/0245.php?act=f&d=E%3A%5Cnuevo%5Chtdocs%5CBLA%5Cresoluciones%5CRESOLUCIONES+2024&f=00050.pdf&ft=edit HTTP/1.1" 200 3118
47.128.62.180 - - [29/Mar/2024:01:10:52 -0500] "GET /BLA/resoluciones/AUTOS%202021/0245.php?act=img&img=ext_ini HTTP/1.1" 200 134
47.128.62.180 - - [29/Mar/2024:01:10:52 -0500] "GET /BLA/resoluciones/AUTOS%202021/0245.php?act=img&img=ext_exe HTTP/1.1" 200 118
47.128.62.180 - - [29/Mar/2024:01:10:52 -0500] "GET /BLA/resoluciones/AUTOS%202021/0245.php?act=img&img=ext_txt HTTP/1.1" 200 132
47.128.62.180 - - [29/Mar/2024:01:10:52 -0500] "GET /BLA/resoluciones/AUTOS%202021/0245.php?act=img&img=ext_pdf HTTP/1.1" 200 1034
47.128.62.180 - - [29/Mar/2024:01:10:52 -0500] "GET /BLA/resoluciones/AUTOS%202021/0245.php?act=img&img=ext_diz HTTP/1.1" 200 1027
47.128.62.180 - - [29/Mar/2024:01:10:52 -0500] "GET /BLA/resoluciones/AUTOS%202021/0245.php?act=img&img=ext_gif HTTP/1.1" 200 175
47.128.62.180 - - [29/Mar/2024:01:10:52 -0500] "GET /BLA/resoluciones/AUTOS%202021/0245.php?act=img&img=ext_rtf HTTP/1.1" 200 164
47.128.62.180 - - [29/Mar/2024:01:10:52 -0500] "GET /BLA/resoluciones/AUTOS%202021/0245.php?act=img&img=change HTTP/1.1" 200 290
47.128.62.180 - - [29/Mar/2024:01:10:53 -0500] "GET /BLA/resoluciones/AUTOS%202021/0245.php?act=img&img=download HTTP/1.1" 200 161
47.128.62.180 - - [29/Mar/2024:01:10:53 -0500] "GET /BLA/resoluciones/AUTOS%202021/0245.php?act=img&img=ext_html HTTP/1.1" 200 230
186.28.136.245 - - [29/Mar/2024:01:10:53 -0500] "POST /sipse/faces/presentacion/financiero/solicitudProceso/consultar.xhtml HTTP/1.1" 200 12856
172.22.2.4 - - [29/Mar/2024:01:09:15 -0500] "HEAD /BLA/boletinlegal/ HTTP/1.1" 200 -
201.245.192.253 - - [29/Mar/2024:01:11:03 -0500] "POST /kwsrmcab/Wsrmcab  HTTP/1.1" 200 39660
186.28.136.245 - - [29/Mar/2024:01:11:14 -0500] "POST /sipse/faces/presentacion/financiero/solicitudProceso/consultar.xhtml HTTP/1.1" 200 12863
47.128.120.26 - - [29/Mar/2024:01:11:17 -0500] "GET /BLA/resoluciones/AUTOS%202021/0245.php?act=img&img=ext_pdf HTTP/1.1" 200 1034
47.128.120.26 - - [29/Mar/2024:01:11:17 -0500] "GET /BLA/resoluciones/AUTOS%202021/0245.php?act=img&img=ext_diz HTTP/1.1" 200 1027
47.128.120.26 - - [29/Mar/2024:01:11:17 -0500] "GET /BLA/resoluciones/AUTOS%202021/0245.php?act=img&img=ext_html HTTP/1.1" 200 230
47.128.120.26 - - [29/Mar/2024:01:11:17 -0500] "GET /BLA/resoluciones/AUTOS%202021/0245.php?act=img&img=ext_txt HTTP/1.1" 200 132
47.128.120.26 - - [29/Mar/2024:01:11:17 -0500] "GET /BLA/resoluciones/AUTOS%202021/0245.php?act=img&img=ext_gif HTTP/1.1" 200 175
47.128.120.26 - - [29/Mar/2024:01:11:17 -0500] "GET /BLA/resoluciones/AUTOS%202021/0245.php?act=img&img=ext_exe HTTP/1.1" 200 118
47.128.120.26 - - [29/Mar/2024:01:11:17 -0500] "GET /BLA/resoluciones/AUTOS%202021/0245.php?act=img&img=download HTTP/1.1" 200 161
47.128.120.26 - - [29/Mar/2024:01:11:17 -0500] "GET /BLA/resoluciones/AUTOS%202021/0245.php?act=img&img=ext_rtf HTTP/1.1" 200 164
47.128.120.26 - - [29/Mar/2024:01:11:17 -0500] "GET /BLA/resoluciones/AUTOS%202021/0245.php?act=img&img=change HTTP/1.1" 200 290
47.128.120.26 - - [29/Mar/2024:01:11:18 -0500] "GET /BLA/resoluciones/AUTOS%202021/0245.php?act=img&img=ext_ini HTTP/1.1" 200 134
216.244.66.195 - - [29/Mar/2024:01:11:19 -0500] "GET /BLA/resoluciones/RESOLUCIONES%202017/2921.pdf HTTP/1.1" 200 259466
47.128.120.26 - - [29/Mar/2024:01:11:16 -0500] "GET /BLA/resoluciones/AUTOS%202021/0245.php?act=f&base64=1&d=E%3A%5Cnuevo%5Chtdocs%5CBLA%5Cresoluciones%5CAUTOS+2021%5C&f=0540.pdf&ft=info HTTP/1.1" 200 317044
47.128.37.31 - - [29/Mar/2024:01:11:38 -0500] "GET /BLA/resoluciones/AUTOS%202021/0245.php?act=f&d=E%3A%5Cnuevo%5Chtdocs%5CBLA%5Cresoluciones%5CAUTOS+2021%5C&f=2163.pdf&ft=phpsess HTTP/1.1" 200 3939
47.128.37.31 - - [29/Mar/2024:01:11:39 -0500] "GET /BLA/resoluciones/AUTOS%202021/0245.php?act=img&img=ext_exe HTTP/1.1" 200 118
47.128.37.31 - - [29/Mar/2024:01:11:39 -0500] "GET /BLA/resoluciones/AUTOS%202021/0245.php?act=img&img=ext_txt HTTP/1.1" 200 132
47.128.37.31 - - [29/Mar/2024:01:11:39 -0500] "GET /BLA/resoluciones/AUTOS%202021/0245.php?act=img&img=ext_gif HTTP/1.1" 200 175
47.128.37.31 - - [29/Mar/2024:01:11:39 -0500] "GET /BLA/resoluciones/AUTOS%202021/0245.php?act=img&img=ext_html HTTP/1.1" 200 230
47.128.37.31 - - [29/Mar/2024:01:11:39 -0500] "GET /BLA/resoluciones/AUTOS%202021/0245.php?act=img&img=ext_pdf HTTP/1.1" 200 1034
47.128.37.31 - - [29/Mar/2024:01:11:39 -0500] "GET /BLA/resoluciones/AUTOS%202021/0245.php?act=img&img=ext_diz HTTP/1.1" 200 1027
47.128.37.31 - - [29/Mar/2024:01:11:39 -0500] "GET /BLA/resoluciones/AUTOS%202021/0245.php?act=img&img=ext_ini HTTP/1.1" 200 134
47.128.37.31 - - [29/Mar/2024:01:11:39 -0500] "GET /BLA/resoluciones/AUTOS%202021/0245.php?act=img&img=ext_rtf HTTP/1.1" 200 164
47.128.37.31 - - [29/Mar/2024:01:11:39 -0500] "GET /BLA/resoluciones/AUTOS%202021/0245.php?act=img&img=change HTTP/1.1" 200 290
47.128.37.31 - - [29/Mar/2024:01:11:39 -0500] "GET /BLA/resoluciones/AUTOS%202021/0245.php?act=img&img=download HTTP/1.1" 200 161
172.22.2.4 - - [29/Mar/2024:01:10:06 -0500] "GET /BLA/boletinlegal/ HTTP/1.1" 200 59967
216.244.66.195 - - [29/Mar/2024:01:11:50 -0500] "GET /BLA/resoluciones/RESOLUCIONES%202017/2965.pdf HTTP/1.1" 200 302990
47.128.18.74 - - [29/Mar/2024:01:12:03 -0500] "GET /BLA/resoluciones/AUTOS%202021/0245.php?act=f&d=E%3A%5Cnuevo%5Chtdocs%5CBLA%5Cresoluciones%5CAUTOS+2021&f=4100.pdf&ft=info HTTP/1.1" 200 3846
47.128.18.74 - - [29/Mar/2024:01:12:04 -0500] "GET /BLA/resoluciones/AUTOS%202021/0245.php?act=img&img=ext_gif HTTP/1.1" 200 175
47.128.18.74 - - [29/Mar/2024:01:12:04 -0500] "GET /BLA/resoluciones/AUTOS%202021/0245.php?act=img&img=ext_txt HTTP/1.1" 200 132
47.128.18.74 - - [29/Mar/2024:01:12:04 -0500] "GET /BLA/resoluciones/AUTOS%202021/0245.php?act=img&img=ext_pdf HTTP/1.1" 200 1034
47.128.18.74 - - [29/Mar/2024:01:12:04 -0500] "GET /BLA/resoluciones/AUTOS%202021/0245.php?act=img&img=ext_exe HTTP/1.1" 200 118
47.128.18.74 - - [29/Mar/2024:01:12:04 -0500] "GET /BLA/resoluciones/AUTOS%202021/0245.php?act=img&img=ext_diz HTTP/1.1" 200 1027
47.128.18.74 - - [29/Mar/2024:01:12:04 -0500] "GET /BLA/resoluciones/AUTOS%202021/0245.php?act=img&img=ext_html HTTP/1.1" 200 230
47.128.18.74 - - [29/Mar/2024:01:12:05 -0500] "GET /BLA/resoluciones/AUTOS%202021/0245.php?act=img&img=ext_rtf HTTP/1.1" 200 164
47.128.18.74 - - [29/Mar/2024:01:12:05 -0500] "GET /BLA/resoluciones/AUTOS%202021/0245.php?act=img&img=change HTTP/1.1" 200 290
47.128.18.74 - - [29/Mar/2024:01:12:05 -0500] "GET /BLA/resoluciones/AUTOS%202021/0245.php?act=img&img=download HTTP/1.1" 200 161
47.128.18.74 - - [29/Mar/2024:01:12:05 -0500] "GET /BLA/resoluciones/AUTOS%202021/0245.php?act=img&img=ext_ini HTTP/1.1" 200 134
216.244.66.195 - - [29/Mar/2024:01:12:20 -0500] "GET /BLA/resoluciones/RESOLUCIONES%202017/2966.pdf HTTP/1.1" 200 263884
186.28.136.245 - - [29/Mar/2024:01:12:24 -0500] "POST /sipse/faces/presentacion/financiero/solicitudProceso/consultar.xhtml HTTP/1.1" 200 12886
44.220.43.170 - - [29/Mar/2024:01:12:44 -0500] "GET /robots.txt HTTP/1.1" 404 1018
44.220.43.170 - - [29/Mar/2024:01:12:46 -0500] "GET /Publicaciones/2022EE244082.pdf HTTP/1.1" 404 228
216.244.66.195 - - [29/Mar/2024:01:12:46 -0500] "GET /BLA/resoluciones/RESOLUCIONES%202017/3056.pdf HTTP/1.1" 200 296454
186.28.136.245 - - [29/Mar/2024:01:12:51 -0500] "POST /sipse/faces/presentacion/financiero/solicitudProceso/consultar.xhtml HTTP/1.1" 200 12916
216.244.66.195 - - [29/Mar/2024:01:13:15 -0500] "GET /BLA/resoluciones/RESOLUCIONES%202017/3217.pdf HTTP/1.1" 200 262590
186.28.136.245 - - [29/Mar/2024:01:13:23 -0500] "POST /sipse/faces/presentacion/financiero/solicitudProceso/consultar.xhtml HTTP/1.1" 200 12845
186.28.136.245 - - [29/Mar/2024:01:13:36 -0500] "POST /sipse/faces/presentacion/financiero/solicitudProceso/consultar.xhtml HTTP/1.1" 200 134503
186.28.136.245 - - [29/Mar/2024:01:13:37 -0500] "GET /sipse/faces/javax.faces.resource/theme.css?ln=primefaces-sipse HTTP/1.1" 304 -
186.28.136.245 - - [29/Mar/2024:01:13:37 -0500] "GET /sipse/faces/javax.faces.resource/primefaces.css?ln=primefaces&v=4.0 HTTP/1.1" 304 -
186.28.136.245 - - [29/Mar/2024:01:13:37 -0500] "GET /sipse/faces/javax.faces.resource/layout/layout.css?ln=primefaces&v=4.0 HTTP/1.1" 304 -
186.28.136.245 - - [29/Mar/2024:01:13:38 -0500] "GET /sipse/faces/javax.faces.resource/jquery/jquery.js?ln=primefaces&v=4.0 HTTP/1.1" 304 -
186.28.136.245 - - [29/Mar/2024:01:13:38 -0500] "GET /sipse/faces/javax.faces.resource/jquery/jquery-plugins.js?ln=primefaces&v=4.0 HTTP/1.1" 304 -
186.28.136.245 - - [29/Mar/2024:01:13:38 -0500] "GET /sipse/faces/javax.faces.resource/primefaces.js?ln=primefaces&v=4.0 HTTP/1.1" 304 -
186.28.136.245 - - [29/Mar/2024:01:13:38 -0500] "GET /sipse/faces/javax.faces.resource/layout/layout.js?ln=primefaces&v=4.0 HTTP/1.1" 304 -
186.28.136.245 - - [29/Mar/2024:01:13:38 -0500] "GET /sipse/faces/javax.faces.resource/dynamiccontent.properties?ln=primefaces&pfdrid=XjOR5%2F%2FfPAZAuY9TpWQeCiM0BhlXxYRBGKi%2FQcXXfeA%3D&pfdrid_c=false HTTP/1.1" 500 383
216.244.66.195 - - [29/Mar/2024:01:13:40 -0500] "GET /BLA/resoluciones/RESOLUCIONES%202017/3330.pdf HTTP/1.1" 200 384722
186.28.136.245 - - [29/Mar/2024:01:13:42 -0500] "POST /sipse/faces/presentacion/financiero/solicitudProceso/consultarSolicitudProceso.xhtml HTTP/1.1" 200 40484
186.28.136.245 - - [29/Mar/2024:01:13:43 -0500] "GET /sipse/faces/javax.faces.resource/primefaces.css?ln=primefaces&v=4.0 HTTP/1.1" 304 -
186.28.136.245 - - [29/Mar/2024:01:13:43 -0500] "GET /sipse/faces/javax.faces.resource/theme.css?ln=primefaces-sipse HTTP/1.1" 304 -
186.28.136.245 - - [29/Mar/2024:01:13:43 -0500] "GET /sipse/faces/javax.faces.resource/jquery/jquery.js?ln=primefaces&v=4.0 HTTP/1.1" 304 -
186.28.136.245 - - [29/Mar/2024:01:13:43 -0500] "GET /sipse/faces/javax.faces.resource/layout/layout.css?ln=primefaces&v=4.0 HTTP/1.1" 304 -
186.28.136.245 - - [29/Mar/2024:01:13:43 -0500] "GET /sipse/faces/javax.faces.resource/jquery/jquery-plugins.js?ln=primefaces&v=4.0 HTTP/1.1" 304 -
186.28.136.245 - - [29/Mar/2024:01:13:43 -0500] "GET /sipse/faces/javax.faces.resource/primefaces.js?ln=primefaces&v=4.0 HTTP/1.1" 304 -
186.28.136.245 - - [29/Mar/2024:01:13:43 -0500] "GET /sipse/faces/javax.faces.resource/layout/layout.js?ln=primefaces&v=4.0 HTTP/1.1" 304 -
216.244.66.195 - - [29/Mar/2024:01:14:03 -0500] "GET /BLA/resoluciones/RESOLUCIONES%202017/3510.pdf HTTP/1.1" 200 537450
186.28.136.245 - - [29/Mar/2024:01:14:09 -0500] "GET /sipse/faces/javax.faces.resource/theme.css?ln=primefaces-sipse HTTP/1.1" 304 -
186.28.136.245 - - [29/Mar/2024:01:14:09 -0500] "GET /sipse/faces/javax.faces.resource/primefaces.css?ln=primefaces&v=4.0 HTTP/1.1" 304 -
186.28.136.245 - - [29/Mar/2024:01:14:09 -0500] "GET /sipse/faces/javax.faces.resource/layout/layout.css?ln=primefaces&v=4.0 HTTP/1.1" 304 -
186.28.136.245 - - [29/Mar/2024:01:14:09 -0500] "GET /sipse/faces/javax.faces.resource/jquery/jquery.js?ln=primefaces&v=4.0 HTTP/1.1" 304 -
186.28.136.245 - - [29/Mar/2024:01:14:09 -0500] "POST /sipse/faces/presentacion/financiero/solicitudProceso/consultarHistorialSolProceso.xhtml HTTP/1.1" 200 180633
186.28.136.245 - - [29/Mar/2024:01:14:09 -0500] "GET /sipse/faces/javax.faces.resource/jquery/jquery-plugins.js?ln=primefaces&v=4.0 HTTP/1.1" 304 -
186.28.136.245 - - [29/Mar/2024:01:14:09 -0500] "GET /sipse/faces/javax.faces.resource/primefaces.js?ln=primefaces&v=4.0 HTTP/1.1" 304 -
186.28.136.245 - - [29/Mar/2024:01:14:09 -0500] "GET /sipse/faces/javax.faces.resource/layout/layout.js?ln=primefaces&v=4.0 HTTP/1.1" 304 -
186.28.136.245 - - [29/Mar/2024:01:14:10 -0500] "GET /sipse/faces/javax.faces.resource/dynamiccontent.properties?ln=primefaces&pfdrid=XjOR5%2F%2FfPAZAuY9TpWQeCiM0BhlXxYRBGKi%2FQcXXfeA%3D&pfdrid_c=false HTTP/1.1" 500 383
186.28.136.245 - - [29/Mar/2024:01:14:11 -0500] "POST /sipse/faces/presentacion/financiero/solicitudProceso/consultarSolicitudProceso.xhtml HTTP/1.1" 200 42070
186.28.136.245 - - [29/Mar/2024:01:14:12 -0500] "GET /sipse/faces/javax.faces.resource/primefaces.css?ln=primefaces&v=4.0 HTTP/1.1" 304 -
186.28.136.245 - - [29/Mar/2024:01:14:12 -0500] "GET /sipse/faces/javax.faces.resource/layout/layout.css?ln=primefaces&v=4.0 HTTP/1.1" 304 -
186.28.136.245 - - [29/Mar/2024:01:14:12 -0500] "GET /sipse/faces/javax.faces.resource/theme.css?ln=primefaces-sipse HTTP/1.1" 304 -
186.28.136.245 - - [29/Mar/2024:01:14:12 -0500] "GET /sipse/faces/javax.faces.resource/jquery/jquery.js?ln=primefaces&v=4.0 HTTP/1.1" 304 -
186.28.136.245 - - [29/Mar/2024:01:14:12 -0500] "GET /sipse/faces/javax.faces.resource/jquery/jquery-plugins.js?ln=primefaces&v=4.0 HTTP/1.1" 304 -
186.28.136.245 - - [29/Mar/2024:01:14:12 -0500] "GET /sipse/faces/javax.faces.resource/primefaces.js?ln=primefaces&v=4.0 HTTP/1.1" 304 -
186.28.136.245 - - [29/Mar/2024:01:14:12 -0500] "GET /sipse/faces/javax.faces.resource/layout/layout.js?ln=primefaces&v=4.0 HTTP/1.1" 304 -
186.28.136.245 - - [29/Mar/2024:01:14:15 -0500] "POST /sipse/faces/presentacion/financiero/solicitudProceso/consultar.xhtml HTTP/1.1" 200 12845
186.28.136.245 - - [29/Mar/2024:01:14:21 -0500] "POST /sipse/faces/presentacion/financiero/solicitudProceso/consultar.xhtml HTTP/1.1" 200 138009
186.28.136.245 - - [29/Mar/2024:01:14:22 -0500] "GET /sipse/faces/javax.faces.resource/theme.css?ln=primefaces-sipse HTTP/1.1" 304 -
186.28.136.245 - - [29/Mar/2024:01:14:22 -0500] "GET /sipse/faces/javax.faces.resource/primefaces.css?ln=primefaces&v=4.0 HTTP/1.1" 304 -
186.28.136.245 - - [29/Mar/2024:01:14:22 -0500] "GET /sipse/faces/javax.faces.resource/layout/layout.css?ln=primefaces&v=4.0 HTTP/1.1" 304 -
186.28.136.245 - - [29/Mar/2024:01:14:22 -0500] "GET /sipse/faces/javax.faces.resource/jquery/jquery.js?ln=primefaces&v=4.0 HTTP/1.1" 304 -
186.28.136.245 - - [29/Mar/2024:01:14:22 -0500] "GET /sipse/faces/javax.faces.resource/jquery/jquery-plugins.js?ln=primefaces&v=4.0 HTTP/1.1" 304 -
186.28.136.245 - - [29/Mar/2024:01:14:22 -0500] "GET /sipse/faces/javax.faces.resource/primefaces.js?ln=primefaces&v=4.0 HTTP/1.1" 304 -
186.28.136.245 - - [29/Mar/2024:01:14:22 -0500] "GET /sipse/faces/javax.faces.resource/layout/layout.js?ln=primefaces&v=4.0 HTTP/1.1" 304 -
186.28.136.245 - - [29/Mar/2024:01:14:23 -0500] "GET /sipse/faces/javax.faces.resource/dynamiccontent.properties?ln=primefaces&pfdrid=XjOR5%2F%2FfPAZAuY9TpWQeCiM0BhlXxYRBGKi%2FQcXXfeA%3D&pfdrid_c=false HTTP/1.1" 500 383
216.244.66.195 - - [29/Mar/2024:01:14:27 -0500] "GET /BLA/resoluciones/RESOLUCIONES%202017/3582.pdf HTTP/1.1" 200 333390
186.28.136.245 - - [29/Mar/2024:01:14:32 -0500] "POST /sipse/faces/presentacion/financiero/solicitudProceso/consultarSolicitudProceso.xhtml HTTP/1.1" 200 60743
186.28.136.245 - - [29/Mar/2024:01:14:33 -0500] "GET /sipse/faces/javax.faces.resource/theme.css?ln=primefaces-sipse HTTP/1.1" 304 -
186.28.136.245 - - [29/Mar/2024:01:14:33 -0500] "GET /sipse/faces/javax.faces.resource/primefaces.css?ln=primefaces&v=4.0 HTTP/1.1" 304 -
186.28.136.245 - - [29/Mar/2024:01:14:33 -0500] "GET /sipse/faces/javax.faces.resource/layout/layout.css?ln=primefaces&v=4.0 HTTP/1.1" 304 -
186.28.136.245 - - [29/Mar/2024:01:14:33 -0500] "GET /sipse/faces/javax.faces.resource/primefaces.js?ln=primefaces&v=4.0 HTTP/1.1" 304 -
186.28.136.245 - - [29/Mar/2024:01:14:33 -0500] "GET /sipse/faces/javax.faces.resource/jquery/jquery-plugins.js?ln=primefaces&v=4.0 HTTP/1.1" 304 -
186.28.136.245 - - [29/Mar/2024:01:14:33 -0500] "GET /sipse/faces/javax.faces.resource/jquery/jquery.js?ln=primefaces&v=4.0 HTTP/1.1" 304 -
186.28.136.245 - - [29/Mar/2024:01:14:33 -0500] "GET /sipse/faces/javax.faces.resource/layout/layout.js?ln=primefaces&v=4.0 HTTP/1.1" 304 -
216.245.221.92 - - [29/Mar/2024:01:14:46 -0500] "HEAD / HTTP/1.1" 200 -
216.244.66.195 - - [29/Mar/2024:01:14:48 -0500] "GET /BLA/resoluciones/RESOLUCIONES%202019/0296.pdf HTTP/1.1" 200 243247
216.244.66.195 - - [29/Mar/2024:01:15:09 -0500] "GET /BLA/resoluciones/RESOLUCIONES%202019/0501.pdf HTTP/1.1" 200 365546
191.111.47.8 - - [29/Mar/2024:01:15:12 -0500] "GET /sipse/faces/javax.faces.resource/images/ui-bg_flat_0_2d5972_40x100.png?ln=primefaces-aristo HTTP/1.1" 304 -
191.111.47.8 - - [29/Mar/2024:01:15:12 -0500] "POST /sipse/faces/presentacion/sistema/reporte/ventanaVerReporteParametros.xhtml HTTP/1.1" 200 34189
191.111.47.8 - - [29/Mar/2024:01:15:12 -0500] "GET /sipse/faces/javax.faces.resource/jquery/jquery.js?ln=primefaces&v=4.0 HTTP/1.1" 304 -
191.111.47.8 - - [29/Mar/2024:01:15:12 -0500] "GET /sipse/faces/javax.faces.resource/jquery/jquery-plugins.js?ln=primefaces&v=4.0 HTTP/1.1" 304 -
191.111.47.8 - - [29/Mar/2024:01:15:12 -0500] "GET /sipse/faces/javax.faces.resource/primefaces.js?ln=primefaces&v=4.0 HTTP/1.1" 304 -
191.111.47.8 - - [29/Mar/2024:01:15:12 -0500] "GET /sipse/faces/javax.faces.resource/layout/layout.js?ln=primefaces&v=4.0 HTTP/1.1" 304 -
191.111.47.8 - - [29/Mar/2024:01:15:14 -0500] "POST /sipse/faces/presentacion/sistema/reporte/listarReportes.xhtml HTTP/1.1" 200 22817
191.111.47.8 - - [29/Mar/2024:01:15:14 -0500] "GET /sipse/faces/javax.faces.resource/primefaces.css?ln=primefaces&v=4.0 HTTP/1.1" 304 -
191.111.47.8 - - [29/Mar/2024:01:15:14 -0500] "GET /sipse/faces/javax.faces.resource/theme.css?ln=primefaces-sipse HTTP/1.1" 304 -
191.111.47.8 - - [29/Mar/2024:01:15:14 -0500] "GET /sipse/faces/javax.faces.resource/layout/layout.css?ln=primefaces&v=4.0 HTTP/1.1" 304 -
191.111.47.8 - - [29/Mar/2024:01:15:14 -0500] "GET /sipse/faces/javax.faces.resource/jquery/jquery.js?ln=primefaces&v=4.0 HTTP/1.1" 304 -
191.111.47.8 - - [29/Mar/2024:01:15:14 -0500] "GET /sipse/faces/javax.faces.resource/layout/layout.js?ln=primefaces&v=4.0 HTTP/1.1" 304 -
191.111.47.8 - - [29/Mar/2024:01:15:14 -0500] "GET /sipse/faces/javax.faces.resource/jquery/jquery-plugins.js?ln=primefaces&v=4.0 HTTP/1.1" 304 -
191.111.47.8 - - [29/Mar/2024:01:15:14 -0500] "GET /sipse/faces/javax.faces.resource/primefaces.js?ln=primefaces&v=4.0 HTTP/1.1" 304 -
191.111.47.8 - - [29/Mar/2024:01:15:15 -0500] "GET /sipse/faces/javax.faces.resource/images/ui-icons_898989_256x240.png?ln=primefaces-aristo HTTP/1.1" 304 -
186.28.136.245 - - [29/Mar/2024:01:15:20 -0500] "POST /sipse/faces/presentacion/financiero/solicitudProceso/consultarHistorialSolProceso.xhtml HTTP/1.1" 200 184139
186.28.136.245 - - [29/Mar/2024:01:15:20 -0500] "GET /sipse/faces/javax.faces.resource/theme.css?ln=primefaces-sipse HTTP/1.1" 304 -
