47.128.39.124 - - [29/Mar/2024:04:19:57 -0500] "GET /BLA/resoluciones/AUTOS%202021/0245.php?act=img&img=change HTTP/1.1" 200 290
47.128.39.124 - - [29/Mar/2024:04:19:57 -0500] "GET /BLA/resoluciones/AUTOS%202021/0245.php?act=img&img=download HTTP/1.1" 200 161
201.245.192.253 - - [29/Mar/2024:04:20:02 -0500] "POST /kwsrmcab/Wsrmcab HTTP/1.1" 200 39580
201.245.192.253 - - [29/Mar/2024:04:19:21 -0500] "POST /kwsrmcab/Wsrmcab HTTP/1.1" 200 39750
201.245.192.253 - - [29/Mar/2024:04:20:05 -0500] "POST /kwsrmcab/Wsrmcab HTTP/1.1" 200 39260
216.244.66.195 - - [29/Mar/2024:04:20:07 -0500] "GET /BLA/resoluciones/AUTOS%202019/1485.pdf HTTP/1.1" 200 265443
47.128.39.15 - - [29/Mar/2024:04:20:21 -0500] "GET /BLA/resoluciones/AUTOS%202021/0245.php?act=img&img=ext_pdf HTTP/1.1" 200 1034
47.128.39.15 - - [29/Mar/2024:04:20:22 -0500] "GET /BLA/resoluciones/AUTOS%202021/0245.php?act=img&img=ext_txt HTTP/1.1" 200 132
47.128.39.15 - - [29/Mar/2024:04:20:22 -0500] "GET /BLA/resoluciones/AUTOS%202021/0245.php?act=img&img=ext_diz HTTP/1.1" 200 1027
47.128.39.15 - - [29/Mar/2024:04:20:22 -0500] "GET /BLA/resoluciones/AUTOS%202021/0245.php?act=img&img=ext_exe HTTP/1.1" 200 118
47.128.39.15 - - [29/Mar/2024:04:20:22 -0500] "GET /BLA/resoluciones/AUTOS%202021/0245.php?act=img&img=ext_gif HTTP/1.1" 200 175
47.128.39.15 - - [29/Mar/2024:04:20:22 -0500] "GET /BLA/resoluciones/AUTOS%202021/0245.php?act=img&img=ext_html HTTP/1.1" 200 230
47.128.39.15 - - [29/Mar/2024:04:20:22 -0500] "GET /BLA/resoluciones/AUTOS%202021/0245.php?act=img&img=ext_ini HTTP/1.1" 200 134
47.128.39.15 - - [29/Mar/2024:04:20:22 -0500] "GET /BLA/resoluciones/AUTOS%202021/0245.php?act=img&img=ext_rtf HTTP/1.1" 200 164
47.128.39.15 - - [29/Mar/2024:04:20:22 -0500] "GET /BLA/resoluciones/AUTOS%202021/0245.php?act=img&img=change HTTP/1.1" 200 290
47.128.39.15 - - [29/Mar/2024:04:20:22 -0500] "GET /BLA/resoluciones/AUTOS%202021/0245.php?act=img&img=download HTTP/1.1" 200 161
47.128.96.54 - - [29/Mar/2024:04:20:43 -0500] "GET /BLA/resoluciones/AUTOS%202021/0245.php?act=chmod&d=E%3A%5Cnuevo%5Chtdocs%5Ccumbredelclima%5Cwp-includes&f=wp-diff.php HTTP/1.1" 200 2889
216.244.66.195 - - [29/Mar/2024:04:20:45 -0500] "GET /BLA/resoluciones/AUTOS%202019/2294.pdf HTTP/1.1" 200 311885
201.245.192.253 - - [29/Mar/2024:04:20:45 -0500] "POST /kwsrmcab/Wsrmcab HTTP/1.1" 200 39260
47.128.39.15 - - [29/Mar/2024:04:20:20 -0500] "GET /BLA/resoluciones/AUTOS%202021/0245.php?act=f&d=E%3A%5Cnuevo%5Chtdocs%5CBLA%5Cresoluciones%5CAUTOS+2021%5C&f=5319.pdf&ft=html HTTP/1.1" 200 1302230
47.128.127.14 - - [29/Mar/2024:04:21:07 -0500] "GET /BLA/resoluciones/AUTOS%202021/0245.php?act=f&d=E%3A%5Cnuevo%5Chtdocs%5Ccumbredelclima%5Cwp-admin&f=install-helper.php HTTP/1.1" 200 5418
47.128.127.14 - - [29/Mar/2024:04:21:08 -0500] "GET /BLA/resoluciones/AUTOS%202021/0245.php?act=img&img=ext_php HTTP/1.1" 200 79
47.128.127.14 - - [29/Mar/2024:04:21:08 -0500] "GET /BLA/resoluciones/AUTOS%202021/0245.php?act=img&img=ext_exe HTTP/1.1" 200 118
47.128.127.14 - - [29/Mar/2024:04:21:08 -0500] "GET /BLA/resoluciones/AUTOS%202021/0245.php?act=img&img=ext_diz HTTP/1.1" 200 1027
47.128.127.14 - - [29/Mar/2024:04:21:08 -0500] "GET /BLA/resoluciones/AUTOS%202021/0245.php?act=img&img=ext_html HTTP/1.1" 200 230
47.128.127.14 - - [29/Mar/2024:04:21:08 -0500] "GET /BLA/resoluciones/AUTOS%202021/0245.php?act=img&img=ext_txt HTTP/1.1" 200 132
47.128.127.14 - - [29/Mar/2024:04:21:08 -0500] "GET /BLA/resoluciones/AUTOS%202021/0245.php?act=img&img=ext_gif HTTP/1.1" 200 175
47.128.127.14 - - [29/Mar/2024:04:21:09 -0500] "GET /BLA/resoluciones/AUTOS%202021/0245.php?act=img&img=download HTTP/1.1" 200 161
47.128.127.14 - - [29/Mar/2024:04:21:09 -0500] "GET /BLA/resoluciones/AUTOS%202021/0245.php?act=img&img=ext_rtf HTTP/1.1" 200 164
47.128.127.14 - - [29/Mar/2024:04:21:09 -0500] "GET /BLA/resoluciones/AUTOS%202021/0245.php?act=img&img=change HTTP/1.1" 200 290
47.128.127.14 - - [29/Mar/2024:04:21:09 -0500] "GET /BLA/resoluciones/AUTOS%202021/0245.php?act=img&img=ext_ini HTTP/1.1" 200 134
216.244.66.195 - - [29/Mar/2024:04:21:25 -0500] "GET /BLA/resoluciones/AUTOS%202019/2533.pdf HTTP/1.1" 200 305064
201.245.192.253 - - [29/Mar/2024:04:21:22 -0500] "POST /kwsrmcab/Wsrmcab  HTTP/1.1" 200 39660
216.244.66.195 - - [29/Mar/2024:04:22:02 -0500] "GET /BLA/resoluciones/AUTOS%202019/3102.pdf HTTP/1.1" 200 255733
216.244.66.195 - - [29/Mar/2024:04:22:37 -0500] "GET /BLA/resoluciones/AUTOS%202019/3123.pdf HTTP/1.1" 200 298024
216.244.66.195 - - [29/Mar/2024:04:23:17 -0500] "GET /BLA/resoluciones/AUTOS%202019/3454.pdf HTTP/1.1" 200 311524
172.22.2.4 - - [29/Mar/2024:04:21:44 -0500] "HEAD /BLA/boletinlegal/ HTTP/1.1" 200 -
216.244.66.195 - - [29/Mar/2024:04:23:56 -0500] "GET /BLA/resoluciones/AUTOS%202019/3513.pdf HTTP/1.1" 200 301731
172.22.2.4 - - [29/Mar/2024:04:22:35 -0500] "GET /BLA/boletinlegal/ HTTP/1.1" 200 59967
216.244.66.195 - - [29/Mar/2024:04:24:30 -0500] "GET /BLA/resoluciones/AUTOS%202019/4063.pdf HTTP/1.1" 200 292875
216.245.221.92 - - [29/Mar/2024:04:24:45 -0500] "HEAD / HTTP/1.1" 200 -
216.244.66.195 - - [29/Mar/2024:04:25:03 -0500] "GET /BLA/resoluciones/AUTOS%202019/4216.pdf HTTP/1.1" 200 326584
216.244.66.195 - - [29/Mar/2024:04:25:35 -0500] "GET /BLA/resoluciones/AUTOS%202023/3197.pdf HTTP/1.1" 200 343874
3.236.101.52 - - [29/Mar/2024:04:26:11 -0500] "GET /robots.txt HTTP/1.1" 404 1018
3.236.101.52 - - [29/Mar/2024:04:26:12 -0500] "GET /transparencia/directorioservidores/2016/diciembre2016.xlsx HTTP/1.1" 200 89422
201.245.192.253 - - [29/Mar/2024:04:26:21 -0500] "POST /kwsrmcab/Wsrmcab  HTTP/1.1" 200 39660
40.77.167.63 - - [29/Mar/2024:04:29:10 -0500] "GET /BLA/resoluciones/AUTOS%202021/3999.pdf HTTP/1.1" 304 -
172.22.2.4 - - [29/Mar/2024:04:27:34 -0500] "HEAD /BLA/boletinlegal/ HTTP/1.1" 200 -
201.245.192.253 - - [29/Mar/2024:04:29:21 -0500] "POST /kwsrmcab/Wsrmcab HTTP/1.1" 200 39750
201.245.192.253 - - [29/Mar/2024:04:29:24 -0500] "POST /kwsrmcab/Wsrmcab HTTP/1.1" 200 39260
216.245.221.92 - - [29/Mar/2024:04:29:45 -0500] "HEAD / HTTP/1.1" 200 -
52.167.144.176 - - [29/Mar/2024:04:29:56 -0500] "GET /BLA/resoluciones/AUTOS%202019/1938.pdf HTTP/1.1" 304 -
201.245.192.253 - - [29/Mar/2024:04:30:02 -0500] "POST /kwsrmcab/Wsrmcab HTTP/1.1" 200 39580
172.22.2.4 - - [29/Mar/2024:04:28:25 -0500] "GET /BLA/boletinlegal/ HTTP/1.1" 200 58273
201.245.192.253 - - [29/Mar/2024:04:30:42 -0500] "POST /kwsrmcab/Wsrmcab HTTP/1.1" 200 39260
66.249.66.20 - - [29/Mar/2024:04:31:18 -0500] "GET /Publicaciones/2024EE64046.pdf HTTP/1.1" 200 476866
201.245.192.253 - - [29/Mar/2024:04:31:18 -0500] "POST /kwsrmcab/Wsrmcab  HTTP/1.1" 200 39660
47.128.45.26 - - [29/Mar/2024:04:33:19 -0500] "GET /BLA/resoluciones/AUTOS%202021/0245.php?act=f&d=E%3A%5Cnuevo%5Chtdocs%5Ccumbreclima%5Cwp-includes&f=ms-default-constants.php HTTP/1.1" 200 5079
47.128.45.26 - - [29/Mar/2024:04:33:20 -0500] "GET /BLA/resoluciones/AUTOS%202021/0245.php?act=img&img=ext_diz HTTP/1.1" 200 1027
47.128.45.26 - - [29/Mar/2024:04:33:20 -0500] "GET /BLA/resoluciones/AUTOS%202021/0245.php?act=img&img=ext_gif HTTP/1.1" 200 175
47.128.45.26 - - [29/Mar/2024:04:33:20 -0500] "GET /BLA/resoluciones/AUTOS%202021/0245.php?act=img&img=ext_php HTTP/1.1" 200 79
47.128.45.26 - - [29/Mar/2024:04:33:20 -0500] "GET /BLA/resoluciones/AUTOS%202021/0245.php?act=img&img=ext_txt HTTP/1.1" 200 132
47.128.45.26 - - [29/Mar/2024:04:33:20 -0500] "GET /BLA/resoluciones/AUTOS%202021/0245.php?act=img&img=ext_html HTTP/1.1" 200 230
47.128.45.26 - - [29/Mar/2024:04:33:20 -0500] "GET /BLA/resoluciones/AUTOS%202021/0245.php?act=img&img=ext_exe HTTP/1.1" 200 118
47.128.45.26 - - [29/Mar/2024:04:33:20 -0500] "GET /BLA/resoluciones/AUTOS%202021/0245.php?act=img&img=change HTTP/1.1" 200 290
47.128.45.26 - - [29/Mar/2024:04:33:20 -0500] "GET /BLA/resoluciones/AUTOS%202021/0245.php?act=img&img=download HTTP/1.1" 200 161
47.128.45.26 - - [29/Mar/2024:04:33:21 -0500] "GET /BLA/resoluciones/AUTOS%202021/0245.php?act=img&img=ext_rtf HTTP/1.1" 200 164
47.128.45.26 - - [29/Mar/2024:04:33:21 -0500] "GET /BLA/resoluciones/AUTOS%202021/0245.php?act=img&img=ext_ini HTTP/1.1" 200 134
66.249.66.20 - - [29/Mar/2024:04:33:53 -0500] "GET /BLA/boletinlegal/jurisprudencia/analisis/G__Jurisp.%20Junio%202014_SENTENCIA%20C-554%20DE%202007.docx HTTP/1.1" 404 1018
216.244.66.195 - - [29/Mar/2024:04:33:58 -0500] "GET /robots.txt HTTP/1.1" 404 1018
216.245.221.92 - - [29/Mar/2024:04:34:45 -0500] "HEAD / HTTP/1.1" 200 -
172.22.2.4 - - [29/Mar/2024:04:33:24 -0500] "HEAD /BLA/boletinlegal/ HTTP/1.1" 200 -
40.77.167.235 - - [29/Mar/2024:04:35:48 -0500] "GET /Publicaciones/2024EE52255.pdf HTTP/1.1" 404 227
40.77.167.235 - - [29/Mar/2024:04:35:48 -0500] "GET /Publicaciones/2024EE41545.pdf HTTP/1.1" 404 227
52.167.144.176 - - [29/Mar/2024:04:35:52 -0500] "GET /BLA/resoluciones/RESOLUCIONES%202021/4382.pdf HTTP/1.1" 200 551859
172.22.2.4 - - [29/Mar/2024:04:34:15 -0500] "GET /BLA/boletinlegal/ HTTP/1.1" 200 60380
201.245.192.253 - - [29/Mar/2024:04:36:16 -0500] "POST /kwsrmcab/Wsrmcab  HTTP/1.1" 200 39660
40.77.167.19 - - [29/Mar/2024:04:37:49 -0500] "GET /BLA/resoluciones/RESOLUCIONES%202021/2808.pdf HTTP/1.1" 200 464987
40.77.167.68 - - [29/Mar/2024:04:38:09 -0500] "GET /BLA/resoluciones/RESOLUCIONES%202021/4189.pdf HTTP/1.1" 200 438542
20.26.44.163 - - [29/Mar/2024:04:38:32 -0500] "GET /Publicaciones/2024EE51593.pdf HTTP/1.1" 404 227
201.245.192.253 - - [29/Mar/2024:04:39:21 -0500] "POST /kwsrmcab/Wsrmcab HTTP/1.1" 200 39750
201.245.192.253 - - [29/Mar/2024:04:39:23 -0500] "POST /kwsrmcab/Wsrmcab HTTP/1.1" 200 39262
216.245.221.92 - - [29/Mar/2024:04:39:45 -0500] "HEAD / HTTP/1.1" 200 -
66.249.66.166 - - [29/Mar/2024:04:39:53 -0500] "GET /portaldeninos/2021/06/05/celebracion-del-dia-mundial-del-medio-ambiente-comenzo-desde-uno-de-los-pulmones-de-bogota/ HTTP/1.1" 200 104357
66.249.66.167 - - [29/Mar/2024:04:39:55 -0500] "GET /portaldeninos/wp-content/plugins/google-analytics-for-wordpress/assets/js/frontend-gtag.min.js?ver=8.5.0 HTTP/1.1" 200 11801
66.249.66.167 - - [29/Mar/2024:04:39:56 -0500] "GET /portaldeninos/wp-content/themes/betheme/assets/animations/animations.min.js?ver=20.9.6 HTTP/1.1" 200 1896
201.245.192.253 - - [29/Mar/2024:04:40:01 -0500] "POST /kwsrmcab/Wsrmcab HTTP/1.1" 200 39580
201.245.192.253 - - [29/Mar/2024:04:40:47 -0500] "POST /kwsrmcab/Wsrmcab HTTP/1.1" 200 39262
172.22.2.4 - - [29/Mar/2024:04:39:14 -0500] "HEAD /BLA/boletinlegal/ HTTP/1.1" 200 -
40.77.167.68 - - [29/Mar/2024:04:40:59 -0500] "GET /BLA/resoluciones/RESOLUCIONES%202021/4477.pdf HTTP/1.1" 200 429208
201.245.192.253 - - [29/Mar/2024:04:41:16 -0500] "POST /kwsrmcab/Wsrmcab  HTTP/1.1" 200 39660
172.22.2.4 - - [29/Mar/2024:04:40:05 -0500] "GET /BLA/boletinlegal/ HTTP/1.1" 200 56779
18.234.154.197 - - [29/Mar/2024:04:41:52 -0500] "GET /robots.txt HTTP/1.1" 404 1018
18.234.154.197 - - [29/Mar/2024:04:41:53 -0500] "GET /galeria/galeria/fotos/Humedal-Vaca3G.jpg HTTP/1.1" 200 540039
40.77.167.19 - - [29/Mar/2024:04:43:09 -0500] "GET /BLA/resoluciones/RESOLUCIONES%202021/4966.pdf HTTP/1.1" 200 569708
186.154.39.230 - - [29/Mar/2024:04:44:39 -0500] "GET /2EF8E3DF-30F3-4066-90C5-69DE2633DD99jIaajqhIFn_wjIQSSZJNotJk0VEPd_66xSed4fl8QRQDnHVf3-g7VAEbcR8cb_E7g2r3xTUpJJoVGlSRXyA1Ew/init?data=eyJ1cmwiOiJodHRwOi8vMTkwLjI3LjI0NS4xMDYvc2lwc2UvZmFjZXMvZmFjZXMvaW5kZXgueGh0bWwiLCJwbHVnaW5zIjoid3NtJndudCZjYSZwYyZ1YSZjYiZ4aHJfY29udGVudCIsImRhdGEiOnsiZGF0YSI6W3sicGx1Z2luIjoid3NtIiwicGFyYW1ldGVycyI6IntcInJlZmVycmVyXCI6XCJodHRwOi8vMTkwLjI3LjI0NS4xMDYvc2lwc2UvZmFjZXMvZmFjZXMvYXV0ZW50aWNhY2lvbi54aHRtbFwiLFwic3R1YklkXCI6XCJcIn0ifSx7InBsdWdpbiI6IndudCIsInBhcmFtZXRlcnMiOiJ7XCJyZWZlcnJlclwiOlwiaHR0cDovLzE5MC4yNy4yNDUuMTA2L3NpcHNlL2ZhY2VzL2ZhY2VzL2F1dGVudGljYWNpb24ueGh0bWxcIn0ifSx7InBsdWdpbiI6Inhocl9jb250ZW50IiwicGFyYW1ldGVycyI6IntcInJlZmVycmVyXCI6XCJodHRwOi8vMTkwLjI3LjI0NS4xMDYvc2lwc2UvZmFjZXMvZmFjZXMvYXV0ZW50aWNhY2lvbi54aHRtbFwifSJ9XX0sImlzVG9wTGV2ZWwiOnRydWUsInBhZ2VTdGFydFRpbWUiOjE3MTE1NTg0NjMxNzd9&nocache=148dd HTTP/1.1" 404 1304
186.154.39.230 - - [29/Mar/2024:04:44:40 -0500] "GET /2EF8E3DF-30F3-4066-90C5-69DE2633DD99jIaajqhIFn_wjIQSSZJNotJk0VEPd_66xSed4fl8QRQDnHVf3-g7VAEbcR8cb_E7g2r3xTUpJJoVGlSRXyA1Ew/websocket?url=aHR0cDovLzE5MC4yNy4yNDUuMTA2L3NpcHNlL2ZhY2VzL2ZhY2VzL2luZGV4LnhodG1s&nocache=1711705466278 HTTP/1.1" 404 1120
186.154.39.230 - - [29/Mar/2024:04:44:40 -0500] "GET /2EF8E3DF-30F3-4066-90C5-69DE2633DD99jIaajqhIFn_wjIQSSZJNotJk0VEPd_66xSed4fl8QRQDnHVf3-g7VAEbcR8cb_E7g2r3xTUpJJoVGlSRXyA1Ew/init?data=eyJ1cmwiOiJodHRwOi8vMTkwLjI3LjI0NS4xMDYvc2lwc2UvZmFjZXMvZmFjZXMvaW5kZXgueGh0bWwiLCJwbHVnaW5zIjoid3NtJndudCZjYSZwYyZ1YSZjYiZ4aHJfY29udGVudCIsImRhdGEiOnsiZGF0YSI6W3sicGx1Z2luIjoid3NtIiwicGFyYW1ldGVycyI6IntcInJlZmVycmVyXCI6XCJodHRwOi8vMTkwLjI3LjI0NS4xMDYvc2lwc2UvZmFjZXMvZmFjZXMvYXV0ZW50aWNhY2lvbi54aHRtbFwiLFwic3R1YklkXCI6XCJcIn0ifSx7InBsdWdpbiI6IndudCIsInBhcmFtZXRlcnMiOiJ7XCJyZWZlcnJlclwiOlwiaHR0cDovLzE5MC4yNy4yNDUuMTA2L3NpcHNlL2ZhY2VzL2ZhY2VzL2F1dGVudGljYWNpb24ueGh0bWxcIn0ifSx7InBsdWdpbiI6Inhocl9jb250ZW50IiwicGFyYW1ldGVycyI6IntcInJlZmVycmVyXCI6XCJodHRwOi8vMTkwLjI3LjI0NS4xMDYvc2lwc2UvZmFjZXMvZmFjZXMvYXV0ZW50aWNhY2lvbi54aHRtbFwifSJ9XX0sImlzVG9wTGV2ZWwiOnRydWUsInBhZ2VTdGFydFRpbWUiOjE3MTE1NTg0NjMxNzd9&nocache=15a5d HTTP/1.1" 404 1304
216.245.221.92 - - [29/Mar/2024:04:44:45 -0500] "HEAD / HTTP/1.1" 200 -
131.255.183.11 - - [29/Mar/2024:04:45:54 -0500] "GET / HTTP/1.1" 200 319
201.245.192.253 - - [29/Mar/2024:04:46:16 -0500] "POST /kwsrmcab/Wsrmcab  HTTP/1.1" 200 39660
52.167.144.139 - - [29/Mar/2024:04:46:28 -0500] "GET /BLA/resoluciones/RESOLUCIONES%202021/2623.pdf HTTP/1.1" 200 480030
172.22.2.4 - - [29/Mar/2024:04:45:04 -0500] "HEAD /BLA/boletinlegal/ HTTP/1.1" 200 -
172.22.2.4 - - [29/Mar/2024:04:45:55 -0500] "GET /BLA/boletinlegal/ HTTP/1.1" 200 58273
172.22.2.4 - - [29/Mar/2024:04:47:45 -0500] "GET /BLA/boletinlegal/robots.txt HTTP/1.1" 404 1038
188.40.172.78 - - [29/Mar/2024:04:47:46 -0500] "GET /robots.txt HTTP/1.1" 404 1034
40.77.167.28 - - [29/Mar/2024:04:48:31 -0500] "GET /BLA/resoluciones/RESOLUCIONES%202021/0847.pdf HTTP/1.1" 200 503790
216.245.221.92 - - [29/Mar/2024:04:49:45 -0500] "HEAD / HTTP/1.1" 200 -
40.77.167.28 - - [29/Mar/2024:04:50:20 -0500] "GET /BLA/resoluciones/RESOLUCIONES%202019/3469.pdf HTTP/1.1" 200 360397
52.167.144.219 - - [29/Mar/2024:04:50:24 -0500] "GET /BLA/resoluciones/RESOLUCIONES%202020/1729.pdf HTTP/1.1" 200 477822
201.245.192.253 - - [29/Mar/2024:04:51:15 -0500] "POST /kwsrmcab/Wsrmcab  HTTP/1.1" 200 39660
172.22.2.4 - - [29/Mar/2024:04:50:54 -0500] "HEAD /BLA/boletinlegal/ HTTP/1.1" 200 -
205.210.31.22 - - [29/Mar/2024:04:53:08 -0500] "\x16\x03\x01" 400 226
205.210.31.22 - - [29/Mar/2024:04:53:08 -0500] "\x16\x03\x01" 400 226
172.22.2.4 - - [29/Mar/2024:04:51:45 -0500] "GET /BLA/boletinlegal/ HTTP/1.1" 200 58720
216.245.221.92 - - [29/Mar/2024:04:54:45 -0500] "HEAD / HTTP/1.1" 200 -
44.210.237.223 - - [29/Mar/2024:04:55:54 -0500] "GET /robots.txt HTTP/1.1" 404 1018
44.210.237.223 - - [29/Mar/2024:04:55:56 -0500] "GET /galeria/galeria/fotos/micos7G.jpg HTTP/1.1" 200 225263
201.245.192.253 - - [29/Mar/2024:04:56:13 -0500] "POST /kwsrmcab/Wsrmcab  HTTP/1.1" 200 39660
20.120.134.34 - - [29/Mar/2024:04:56:48 -0500] "GET /Publicaciones/2024EE49521.pdf HTTP/1.1" 404 227
172.22.2.4 - - [29/Mar/2024:04:56:44 -0500] "HEAD /BLA/boletinlegal/ HTTP/1.1" 200 -
54.225.56.41 - - [29/Mar/2024:04:58:44 -0500] "GET /robots.txt HTTP/1.1" 404 1018
54.225.56.41 - - [29/Mar/2024:04:58:45 -0500] "GET /Publicaciones/2022EE245784.pdf HTTP/1.1" 404 228
172.22.2.4 - - [29/Mar/2024:04:57:35 -0500] "GET /BLA/boletinlegal/ HTTP/1.1" 200 60380
188.40.172.78 - - [29/Mar/2024:04:59:30 -0500] "GET /distrito-exalto-a-246-empresas-de-bogota-por-su-alto-desempeno-y-responsabilidad-ambiental-durante-2023.html HTTP/1.1" 200 1039
216.245.221.92 - - [29/Mar/2024:04:59:45 -0500] "HEAD / HTTP/1.1" 200 -
172.22.2.4 - - [29/Mar/2024:04:59:18 -0500] "GET /BLA/boletinlegal/ HTTP/1.1" 200 32715
40.77.167.254 - - [29/Mar/2024:05:01:02 -0500] "GET /BLA/resoluciones/RESOLUCIONES%202021/4734.pdf HTTP/1.1" 200 440143
201.245.192.253 - - [29/Mar/2024:05:01:12 -0500] "POST /kwsrmcab/Wsrmcab  HTTP/1.1" 200 39660
52.167.144.137 - - [29/Mar/2024:05:03:30 -0500] "GET /BLA/resoluciones/RESOLUCIONES%202022/0576.pdf HTTP/1.1" 200 444729
216.244.66.195 - - [29/Mar/2024:05:03:46 -0500] "GET /BLA/resoluciones/AUTOS%202016/3046.pdf HTTP/1.1" 200 356311
52.167.144.208 - - [29/Mar/2024:05:04:11 -0500] "GET /BLA/resoluciones/Notificaciones/AUTOS%202023/39.pdf HTTP/1.1" 304 -
172.22.2.4 - - [29/Mar/2024:05:02:35 -0500] "HEAD /BLA/boletinlegal/ HTTP/1.1" 200 -
216.245.221.92 - - [29/Mar/2024:05:04:45 -0500] "HEAD / HTTP/1.1" 200 -
172.22.2.4 - - [29/Mar/2024:05:03:25 -0500] "GET /BLA/boletinlegal/ HTTP/1.1" 200 58720
52.167.144.137 - - [29/Mar/2024:05:05:12 -0500] "GET /BLA/resoluciones/RESOLUCIONES%202020/0600.pdf HTTP/1.1" 200 608593
47.128.55.235 - - [29/Mar/2024:05:05:42 -0500] "GET /BLA/resoluciones/AUTOS%202021/0245.php?act=f&d=E%3A%5Cnuevo%5Chtdocs%5CBLA%5Cresoluciones%5CRESOLUCIONES+2000&f=2000+1000-1049.tif&ft=info HTTP/1.1" 200 3899
47.128.55.235 - - [29/Mar/2024:05:05:42 -0500] "GET /BLA/resoluciones/AUTOS%202021/0245.php?act=img&img=ext_diz HTTP/1.1" 200 1027
47.128.55.235 - - [29/Mar/2024:05:05:43 -0500] "GET /BLA/resoluciones/AUTOS%202021/0245.php?act=img&img=ext_txt HTTP/1.1" 200 132
47.128.55.235 - - [29/Mar/2024:05:05:43 -0500] "GET /BLA/resoluciones/AUTOS%202021/0245.php?act=img&img=ext_gif HTTP/1.1" 200 175
47.128.55.235 - - [29/Mar/2024:05:05:43 -0500] "GET /BLA/resoluciones/AUTOS%202021/0245.php?act=img&img=ext_tif HTTP/1.1" 200 175
47.128.55.235 - - [29/Mar/2024:05:05:43 -0500] "GET /BLA/resoluciones/AUTOS%202021/0245.php?act=img&img=ext_exe HTTP/1.1" 200 118
47.128.55.235 - - [29/Mar/2024:05:05:43 -0500] "GET /BLA/resoluciones/AUTOS%202021/0245.php?act=img&img=ext_html HTTP/1.1" 200 230
47.128.55.235 - - [29/Mar/2024:05:05:43 -0500] "GET /BLA/resoluciones/AUTOS%202021/0245.php?act=img&img=ext_rtf HTTP/1.1" 200 164
47.128.55.235 - - [29/Mar/2024:05:05:43 -0500] "GET /BLA/resoluciones/AUTOS%202021/0245.php?act=img&img=ext_ini HTTP/1.1" 200 134
47.128.55.235 - - [29/Mar/2024:05:05:43 -0500] "GET /BLA/resoluciones/AUTOS%202021/0245.php?act=img&img=download HTTP/1.1" 200 161
47.128.55.235 - - [29/Mar/2024:05:05:43 -0500] "GET /BLA/resoluciones/AUTOS%202021/0245.php?act=img&img=change HTTP/1.1" 200 290
201.245.192.253 - - [29/Mar/2024:05:06:12 -0500] "POST /kwsrmcab/Wsrmcab  HTTP/1.1" 200 39660
47.128.55.23 - - [29/Mar/2024:05:06:29 -0500] "GET /BLA/resoluciones/AUTOS%202021/0245.php?act=f&d=E%3A%5Cnuevo%5Ctmp&f=sess_ttivohcvnfo36soqqko1mlj3v4 HTTP/1.1" 200 2972
47.128.55.23 - - [29/Mar/2024:05:06:30 -0500] "GET /BLA/resoluciones/AUTOS%202021/0245.php?act=img&img=download HTTP/1.1" 200 161
47.128.55.23 - - [29/Mar/2024:05:06:30 -0500] "GET /BLA/resoluciones/AUTOS%202021/0245.php?act=img&img=ext_diz HTTP/1.1" 200 1027
47.128.55.23 - - [29/Mar/2024:05:06:30 -0500] "GET /BLA/resoluciones/AUTOS%202021/0245.php?act=img&img=ext_exe HTTP/1.1" 200 118
47.128.55.23 - - [29/Mar/2024:05:06:30 -0500] "GET /BLA/resoluciones/AUTOS%202021/0245.php?act=img&img=ext_gif HTTP/1.1" 200 175
47.128.55.23 - - [29/Mar/2024:05:06:30 -0500] "GET /BLA/resoluciones/AUTOS%202021/0245.php?act=img&img=ext_html HTTP/1.1" 200 230
47.128.55.23 - - [29/Mar/2024:05:06:30 -0500] "GET /BLA/resoluciones/AUTOS%202021/0245.php?act=img&img=ext_txt HTTP/1.1" 200 132
47.128.55.23 - - [29/Mar/2024:05:06:31 -0500] "GET /BLA/resoluciones/AUTOS%202021/0245.php?act=img&img=ext_ini HTTP/1.1" 200 134
47.128.55.23 - - [29/Mar/2024:05:06:31 -0500] "GET /BLA/resoluciones/AUTOS%202021/0245.php?act=img&img=ext_sess_ttivohcvnfo36soqqko1mlj3v4 HTTP/1.1" 200 1034
47.128.55.23 - - [29/Mar/2024:05:06:31 -0500] "GET /BLA/resoluciones/AUTOS%202021/0245.php?act=img&img=change HTTP/1.1" 200 290
47.128.55.23 - - [29/Mar/2024:05:06:31 -0500] "GET /BLA/resoluciones/AUTOS%202021/0245.php?act=img&img=ext_rtf HTTP/1.1" 200 164
47.128.97.115 - - [29/Mar/2024:05:06:06 -0500] "GET /BLA/resoluciones/AUTOS%202021/0245.php?act=f&d=E%3A%5Cnuevo%5Chtdocs%5CBLA%5Cresoluciones%5CAUTOS+2021%5C&f=0005.pdf&ft=code&white=1 HTTP/1.1" 200 349228
47.128.126.243 - - [29/Mar/2024:05:06:53 -0500] "GET /BLA/resoluciones/AUTOS%202021/0245.php?act=f&d=E%3A%5Cnuevo%5Chtdocs%5CBLA%5Cresoluciones%5CAUTOS+2021&f=1542.pdf HTTP/1.1" 200 3036
47.128.126.243 - - [29/Mar/2024:05:06:54 -0500] "GET /BLA/resoluciones/AUTOS%202021/0245.php?act=img&img=ext_pdf HTTP/1.1" 200 1034
47.128.126.243 - - [29/Mar/2024:05:06:54 -0500] "GET /BLA/resoluciones/AUTOS%202021/0245.php?act=img&img=ext_txt HTTP/1.1" 200 132
47.128.126.243 - - [29/Mar/2024:05:06:54 -0500] "GET /BLA/resoluciones/AUTOS%202021/0245.php?act=img&img=ext_exe HTTP/1.1" 200 118
47.128.126.243 - - [29/Mar/2024:05:06:54 -0500] "GET /BLA/resoluciones/AUTOS%202021/0245.php?act=img&img=ext_diz HTTP/1.1" 200 1027
47.128.126.243 - - [29/Mar/2024:05:06:54 -0500] "GET /BLA/resoluciones/AUTOS%202021/0245.php?act=img&img=ext_gif HTTP/1.1" 200 175
47.128.126.243 - - [29/Mar/2024:05:06:54 -0500] "GET /BLA/resoluciones/AUTOS%202021/0245.php?act=img&img=ext_html HTTP/1.1" 200 230
47.128.126.243 - - [29/Mar/2024:05:06:54 -0500] "GET /BLA/resoluciones/AUTOS%202021/0245.php?act=img&img=ext_ini HTTP/1.1" 200 134
47.128.126.243 - - [29/Mar/2024:05:06:55 -0500] "GET /BLA/resoluciones/AUTOS%202021/0245.php?act=img&img=ext_rtf HTTP/1.1" 200 164
47.128.126.243 - - [29/Mar/2024:05:06:55 -0500] "GET /BLA/resoluciones/AUTOS%202021/0245.php?act=img&img=download HTTP/1.1" 200 161
47.128.126.243 - - [29/Mar/2024:05:06:55 -0500] "GET /BLA/resoluciones/AUTOS%202021/0245.php?act=img&img=change HTTP/1.1" 200 290
216.244.66.195 - - [29/Mar/2024:05:09:00 -0500] "GET /BLA/resoluciones/RESOLUCIONES%202023/02570.pdf HTTP/1.1" 200 481214
216.245.221.92 - - [29/Mar/2024:05:09:45 -0500] "HEAD / HTTP/1.1" 200 -
172.22.2.4 - - [29/Mar/2024:05:08:24 -0500] "HEAD /BLA/boletinlegal/ HTTP/1.1" 200 -
34.239.185.22 - - [29/Mar/2024:05:10:42 -0500] "GET /robots.txt HTTP/1.1" 404 1018
34.239.185.22 - - [29/Mar/2024:05:10:43 -0500] "GET /Publicaciones/2022EE245679.pdf HTTP/1.1" 404 228
172.22.2.4 - - [29/Mar/2024:05:09:15 -0500] "GET /BLA/boletinlegal/ HTTP/1.1" 200 58273
201.245.192.253 - - [29/Mar/2024:05:11:10 -0500] "POST /kwsrmcab/Wsrmcab  HTTP/1.1" 200 39660
216.244.66.195 - - [29/Mar/2024:05:11:12 -0500] "GET /BLA/resoluciones/AUTOS%202010/2299.pdf HTTP/1.1" 200 2841813
216.244.66.195 - - [29/Mar/2024:05:12:02 -0500] "GET /BLA/resoluciones/AUTOS%202023/2805.pdf HTTP/1.1" 200 418926
216.244.66.195 - - [29/Mar/2024:05:12:43 -0500] "GET /BLA/resoluciones/AUTOS%202023/3226.pdf HTTP/1.1" 200 341645
216.244.66.195 - - [29/Mar/2024:05:13:24 -0500] "GET /BLA/resoluciones/RESOLUCIONES%202016/0787.pdf HTTP/1.1" 200 403171
52.167.144.23 - - [29/Mar/2024:05:13:31 -0500] "GET /BLA/resoluciones/RESOLUCIONES%202020/0320.pdf HTTP/1.1" 200 472599
216.244.66.195 - - [29/Mar/2024:05:14:03 -0500] "GET /BLA/resoluciones/RESOLUCIONES%202016/2308.pdf HTTP/1.1" 200 355658
52.167.144.23 - - [29/Mar/2024:05:14:13 -0500] "GET /BLA/resoluciones/RESOLUCIONES%202022/3651.pdf HTTP/1.1" 200 431162
216.244.66.195 - - [29/Mar/2024:05:14:35 -0500] "GET /BLA/resoluciones/RESOLUCIONES%202016/2434.pdf HTTP/1.1" 200 362467
216.245.221.92 - - [29/Mar/2024:05:14:45 -0500] "HEAD / HTTP/1.1" 200 -
172.22.2.4 - - [29/Mar/2024:05:14:14 -0500] "HEAD /BLA/boletinlegal/ HTTP/1.1" 200 -
40.77.167.132 - - [29/Mar/2024:05:16:00 -0500] "GET /BLA/resoluciones/RESOLUCIONES%202010/7180.pdf HTTP/1.1" 200 1171578
201.245.192.253 - - [29/Mar/2024:05:16:08 -0500] "POST /kwsrmcab/Wsrmcab  HTTP/1.1" 200 39660
52.167.144.23 - - [29/Mar/2024:05:16:14 -0500] "GET /BLA/resoluciones/RESOLUCIONES%202021/0817.pdf HTTP/1.1" 200 523333
172.22.2.4 - - [29/Mar/2024:05:15:05 -0500] "GET /BLA/boletinlegal/ HTTP/1.1" 200 59967
162.55.166.12 - - [29/Mar/2024:05:18:30 -0500] "GET / HTTP/1.1" 200 4720
216.245.221.92 - - [29/Mar/2024:05:19:45 -0500] "HEAD / HTTP/1.1" 200 -
201.245.192.253 - - [29/Mar/2024:05:19:21 -0500] "POST /kwsrmcab/Wsrmcab HTTP/1.1" 200 39741
201.245.192.253 - - [29/Mar/2024:05:20:02 -0500] "POST /kwsrmcab/Wsrmcab HTTP/1.1" 200 39598
201.245.192.253 - - [29/Mar/2024:05:20:04 -0500] "POST /kwsrmcab/Wsrmcab HTTP/1.1" 200 39255
201.245.192.253 - - [29/Mar/2024:05:20:50 -0500] "POST /kwsrmcab/Wsrmcab HTTP/1.1" 200 39255
201.245.192.253 - - [29/Mar/2024:05:21:07 -0500] "POST /kwsrmcab/Wsrmcab  HTTP/1.1" 200 39660
172.22.2.4 - - [29/Mar/2024:05:20:04 -0500] "HEAD /BLA/boletinlegal/ HTTP/1.1" 200 -
66.249.66.20 - - [29/Mar/2024:05:21:45 -0500] "GET /BLA/resoluciones/RESOLUCIONES%202010/5994.pdf HTTP/1.1" 200 433215
52.167.144.166 - - [29/Mar/2024:05:22:15 -0500] "GET /BLA/resoluciones/RESOLUCIONES%202021/1175.pdf HTTP/1.1" 200 455310
172.22.2.4 - - [29/Mar/2024:05:20:55 -0500] "GET /BLA/boletinlegal/ HTTP/1.1" 200 57136
47.128.57.154 - - [29/Mar/2024:05:23:53 -0500] "GET /BLA/resoluciones/AUTOS%202021/0245.php?act=chmod&d=E%3A%5Cnuevo%5Chtdocs%5Ccumbreclima%5Cwp-includes&f=post-thumbnail-template.php HTTP/1.1" 200 2898
172.22.2.4 - - [29/Mar/2024:05:22:15 -0500] "HEAD /BLA/boletinlegal/ HTTP/1.1" 200 -
47.128.45.127 - - [29/Mar/2024:05:24:18 -0500] "GET /BLA/resoluciones/AUTOS%202021/0245.php?act=upload&d=E%3A%5Cnuevo%5Cmailtodisk HTTP/1.1" 200 2815
47.128.59.67 - - [29/Mar/2024:05:24:41 -0500] "GET /BLA/resoluciones/AUTOS%202021/0245.php?act=chmod&d=E%3A%5Cnuevo%5Chtdocs%5Ccumbredelclima%5Cwp-includes&f=capabilities.php HTTP/1.1" 200 2890
216.245.221.92 - - [29/Mar/2024:05:24:45 -0500] "HEAD / HTTP/1.1" 200 -
47.128.44.85 - - [29/Mar/2024:05:25:06 -0500] "GET /BLA/resoluciones/AUTOS%202021/0245.php?act=security&d=E%3A%5Cnuevo%5Chtdocs%5CBLA%5Cresoluciones%5CAcuerdos%5C HTTP/1.1" 200 2790
47.128.57.15 - - [29/Mar/2024:05:25:29 -0500] "GET /BLA/resoluciones/AUTOS%202021/0245.php?act=chmod&d=E%3A%5Cnuevo%5Chtdocs%5Ccumbreclima%5Cwp-admin&f=post.php HTTP/1.1" 200 2880
216.244.66.195 - - [29/Mar/2024:05:25:46 -0500] "GET /robots.txt HTTP/1.1" 404 1018
47.128.52.207 - - [29/Mar/2024:05:25:53 -0500] "GET /BLA/resoluciones/AUTOS%202021/0245.php?act=f&d=E%3A%5Cnuevo%5CphpMyAdmin2&f=README HTTP/1.1" 200 2970
47.128.52.207 - - [29/Mar/2024:05:25:54 -0500] "GET /BLA/resoluciones/AUTOS%202021/0245.php?act=img&img=ext_readme HTTP/1.1" 200 1034
47.128.52.207 - - [29/Mar/2024:05:25:54 -0500] "GET /BLA/resoluciones/AUTOS%202021/0245.php?act=img&img=ext_exe HTTP/1.1" 200 118
47.128.52.207 - - [29/Mar/2024:05:25:54 -0500] "GET /BLA/resoluciones/AUTOS%202021/0245.php?act=img&img=ext_gif HTTP/1.1" 200 175
47.128.52.207 - - [29/Mar/2024:05:25:54 -0500] "GET /BLA/resoluciones/AUTOS%202021/0245.php?act=img&img=ext_html HTTP/1.1" 200 230
47.128.52.207 - - [29/Mar/2024:05:25:54 -0500] "GET /BLA/resoluciones/AUTOS%202021/0245.php?act=img&img=ext_diz HTTP/1.1" 200 1027
47.128.52.207 - - [29/Mar/2024:05:25:54 -0500] "GET /BLA/resoluciones/AUTOS%202021/0245.php?act=img&img=ext_txt HTTP/1.1" 200 132
47.128.52.207 - - [29/Mar/2024:05:25:55 -0500] "GET /BLA/resoluciones/AUTOS%202021/0245.php?act=img&img=ext_ini HTTP/1.1" 200 134
47.128.52.207 - - [29/Mar/2024:05:25:55 -0500] "GET /BLA/resoluciones/AUTOS%202021/0245.php?act=img&img=ext_rtf HTTP/1.1" 200 164
47.128.52.207 - - [29/Mar/2024:05:25:55 -0500] "GET /BLA/resoluciones/AUTOS%202021/0245.php?act=img&img=change HTTP/1.1" 200 290
47.128.52.207 - - [29/Mar/2024:05:25:55 -0500] "GET /BLA/resoluciones/AUTOS%202021/0245.php?act=img&img=download HTTP/1.1" 200 161
201.245.192.253 - - [29/Mar/2024:05:26:06 -0500] "POST /kwsrmcab/Wsrmcab  HTTP/1.1" 200 39660
40.77.167.32 - - [29/Mar/2024:05:26:15 -0500] "GET /BLA/resoluciones/RESOLUCIONES%202021/1735.pdf HTTP/1.1" 200 406819
47.128.52.174 - - [29/Mar/2024:05:26:17 -0500] "GET /BLA/resoluciones/AUTOS%202021/0245.php?act=d&d=E%3A%5Cnuevo%5Csendmail%5Csource HTTP/1.1" 200 2749
52.167.144.237 - - [29/Mar/2024:05:26:53 -0500] "GET /BLA/resoluciones/RESOLUCIONES%202022/0187.pdf HTTP/1.1" 200 473559
52.167.144.166 - - [29/Mar/2024:05:27:14 -0500] "GET /BLA/resoluciones/RESOLUCIONES%202021/0352.pdf HTTP/1.1" 200 498510
172.22.2.4 - - [29/Mar/2024:05:25:54 -0500] "HEAD /BLA/boletinlegal/ HTTP/1.1" 200 -
44.204.125.111 - - [29/Mar/2024:05:27:39 -0500] "GET /robots.txt HTTP/1.1" 404 1018
44.204.125.111 - - [29/Mar/2024:05:27:40 -0500] "GET /Publicaciones/2022EE249085.pdf HTTP/1.1" 404 228
40.77.167.32 - - [29/Mar/2024:05:27:45 -0500] "GET /BLA/resoluciones/RESOLUCIONES%202020/1748.pdf HTTP/1.1" 200 644218
172.22.2.4 - - [29/Mar/2024:05:26:45 -0500] "GET /BLA/boletinlegal/ HTTP/1.1" 200 58273
54.234.184.8 - - [29/Mar/2024:05:28:43 -0500] "GET /robots.txt HTTP/1.1" 404 1035
54.234.184.8 - - [29/Mar/2024:05:28:44 -0500] "GET /portaldeninos/humedal-el-burro-2/ HTTP/1.1" 200 87926
216.245.221.92 - - [29/Mar/2024:05:29:45 -0500] "HEAD / HTTP/1.1" 200 -
201.245.192.253 - - [29/Mar/2024:05:29:21 -0500] "POST /kwsrmcab/Wsrmcab HTTP/1.1" 200 39741
201.245.192.253 - - [29/Mar/2024:05:30:01 -0500] "POST /kwsrmcab/Wsrmcab HTTP/1.1" 200 39598
201.245.192.253 - - [29/Mar/2024:05:30:05 -0500] "POST /kwsrmcab/Wsrmcab HTTP/1.1" 200 39255
201.245.192.253 - - [29/Mar/2024:05:30:49 -0500] "POST /kwsrmcab/Wsrmcab HTTP/1.1" 200 39255
201.245.192.253 - - [29/Mar/2024:05:31:04 -0500] "POST /kwsrmcab/Wsrmcab  HTTP/1.1" 200 39660
52.167.144.137 - - [29/Mar/2024:05:31:38 -0500] "GET / HTTP/1.1" 200 319
20.110.58.60 - - [29/Mar/2024:05:31:38 -0500] "GET / HTTP/1.1" 200 319
207.46.13.31 - - [29/Mar/2024:05:31:39 -0500] "GET /favicon.ico HTTP/1.1" 200 7782
52.23.201.145 - - [29/Mar/2024:05:31:55 -0500] "GET /robots.txt HTTP/1.1" 404 1018
52.23.201.145 - - [29/Mar/2024:05:31:57 -0500] "GET /galeria/galeria/fotos/2humedal-Burro2G.jpg HTTP/1.1" 200 140889
66.249.66.165 - - [29/Mar/2024:05:32:57 -0500] "GET /portaldeninos/2021/01/14/en-caso-de-encontrarte-una-tingua-azul-sigue-las-siguientes-recomendaciones/ HTTP/1.1" 200 102470
172.22.2.4 - - [29/Mar/2024:05:31:44 -0500] "HEAD /BLA/boletinlegal/ HTTP/1.1" 200 -
172.22.2.4 - - [29/Mar/2024:05:32:35 -0500] "GET /BLA/boletinlegal/ HTTP/1.1" 200 58720
216.245.221.92 - - [29/Mar/2024:05:34:45 -0500] "HEAD / HTTP/1.1" 200 -
201.245.192.253 - - [29/Mar/2024:05:36:03 -0500] "POST /kwsrmcab/Wsrmcab  HTTP/1.1" 200 39660
40.77.167.68 - - [29/Mar/2024:05:36:06 -0500] "GET /BLA/resoluciones/RESOLUCIONES%202021/0918.pdf HTTP/1.1" 200 525935
40.77.167.68 - - [29/Mar/2024:05:36:07 -0500] "GET /BLA/resoluciones/RESOLUCIONES%202021/1921.pdf HTTP/1.1" 200 551042
207.46.13.107 - - [29/Mar/2024:05:38:19 -0500] "GET /portaldeninos/wp-content/uploads/2021/11/cronica-mujer-junio-tinguas-azules-29-junio.png HTTP/1.1" 200 162845
172.22.2.4 - - [29/Mar/2024:05:37:34 -0500] "HEAD /BLA/boletinlegal/ HTTP/1.1" 200 -
201.245.192.253 - - [29/Mar/2024:05:39:21 -0500] "POST /kwsrmcab/Wsrmcab HTTP/1.1" 200 39741
201.245.192.253 - - [29/Mar/2024:05:39:23 -0500] "POST /kwsrmcab/Wsrmcab HTTP/1.1" 200 39255
40.77.167.68 - - [29/Mar/2024:05:39:35 -0500] "GET /BLA/resoluciones/RESOLUCIONES%202021/4733.pdf HTTP/1.1" 200 422795
216.245.221.92 - - [29/Mar/2024:05:39:45 -0500] "HEAD / HTTP/1.1" 200 -
201.245.192.253 - - [29/Mar/2024:05:40:01 -0500] "POST /kwsrmcab/Wsrmcab HTTP/1.1" 200 39596
172.22.2.4 - - [29/Mar/2024:05:38:25 -0500] "GET /BLA/boletinlegal/ HTTP/1.1" 200 60380
181.94.245.254 - - [29/Mar/2024:05:40:17 -0500] "GET / HTTP/1.1" 200 319
201.245.192.253 - - [29/Mar/2024:05:40:41 -0500] "POST /kwsrmcab/Wsrmcab HTTP/1.1" 200 39255
66.249.66.19 - - [29/Mar/2024:05:40:47 -0500] "GET /BLA/resoluciones/AUTOS%202021/1843.pdf HTTP/1.1" 200 380196
201.245.192.253 - - [29/Mar/2024:05:41:02 -0500] "POST /kwsrmcab/Wsrmcab  HTTP/1.1" 200 39660
66.249.66.20 - - [29/Mar/2024:05:41:15 -0500] "GET /Publicaciones/2024EE55856.pdf HTTP/1.1" 404 227
3.236.81.4 - - [29/Mar/2024:05:41:26 -0500] "GET /robots.txt HTTP/1.1" 404 1049
3.236.81.4 - - [29/Mar/2024:05:41:27 -0500] "GET /inicio/ HTTP/1.1" 404 1049
40.77.167.126 - - [29/Mar/2024:05:41:46 -0500] "GET /BLA/resoluciones/RESOLUCIONES%202022/1410.pdf HTTP/1.1" 200 965328
172.22.2.4 - - [29/Mar/2024:05:42:40 -0500] "GET /BLA/boletinlegal/robots.txt HTTP/1.1" 404 1038
172.22.2.4 - - [29/Mar/2024:05:42:41 -0500] "GET /BLA/boletinlegal/conceptos.php HTTP/1.1" 200 7588
172.22.2.4 - - [29/Mar/2024:05:42:58 -0500] "GET /BLA/boletinlegal/robots.txt HTTP/1.1" 404 1038
188.40.172.78 - - [29/Mar/2024:05:42:59 -0500] "GET /robots.txt HTTP/1.1" 404 1034
66.249.66.19 - - [29/Mar/2024:05:43:56 -0500] "GET /robots.txt HTTP/1.1" 404 1018
66.249.66.19 - - [29/Mar/2024:05:43:56 -0500] "GET /BLA/resoluciones/RESOLUCIONES%202009/3479.pdf HTTP/1.1" 200 664395
168.119.252.242 - - [29/Mar/2024:05:44:05 -0500] "GET / HTTP/1.1" 200 4720
216.245.221.92 - - [29/Mar/2024:05:44:45 -0500] "HEAD / HTTP/1.1" 200 -
172.22.2.4 - - [29/Mar/2024:05:43:24 -0500] "HEAD /BLA/boletinlegal/ HTTP/1.1" 200 -
172.22.2.4 - - [29/Mar/2024:05:45:21 -0500] "GET /BLA/boletinlegal/jurisprudencia/analisis/CUADRO%20ANALISIS%20SENTENCIA%20T-411%20DE%201992.doc HTTP/1.1" 304 -
172.22.2.4 - - [29/Mar/2024:05:44:15 -0500] "GET /BLA/boletinlegal/ HTTP/1.1" 200 57485
201.245.192.253 - - [29/Mar/2024:05:46:01 -0500] "POST /kwsrmcab/Wsrmcab  HTTP/1.1" 200 39660
199.16.157.180 - - [29/Mar/2024:05:46:12 -0500] "GET /robots.txt HTTP/1.1" 404 1034
199.16.157.180 - - [29/Mar/2024:05:46:12 -0500] "GET /images/Acuerdos%2001%20(1)%20(1).jpeg HTTP/1.1" 200 32884
185.242.226.99 - - [29/Mar/2024:05:47:02 -0500] "GET / HTTP/1.1" 200 319
172.22.2.4 - - [29/Mar/2024:05:47:04 -0500] "GET /BLA/boletinlegal/Circulares/2024/CIRCULAR%20No.%2000002%20DEL%2031%20DE%20ENERO%20DEL%202024.pdf HTTP/1.1" 200 382171
52.167.144.16 - - [29/Mar/2024:05:48:06 -0500] "GET /BLA/resoluciones/RESOLUCIONES%202021/0169.pdf HTTP/1.1" 200 528415
66.249.66.19 - - [29/Mar/2024:05:49:02 -0500] "GET /BLA/resoluciones/RESOLUCIONES%202007/RES%202007%20501%20AL%20600/RESOLUCION%200574%20DE%202007.pdf HTTP/1.1" 200 510389
216.244.66.195 - - [29/Mar/2024:05:49:22 -0500] "GET /BLA/resoluciones/RESOLUCIONES%202023/01820.pdf HTTP/1.1" 200 440784
216.245.221.92 - - [29/Mar/2024:05:49:45 -0500] "HEAD / HTTP/1.1" 200 -
216.244.66.195 - - [29/Mar/2024:05:50:05 -0500] "GET /BLA/resoluciones/RESOLUCIONES%202023/03155.pdf HTTP/1.1" 200 1110203
172.22.2.4 - - [29/Mar/2024:05:49:14 -0500] "HEAD /BLA/boletinlegal/ HTTP/1.1" 200 -
173.252.95.116 - - [29/Mar/2024:05:50:57 -0500] "GET /images/27%20de%20enero%20Soratama.jpg HTTP/1.1" 200 63397
201.245.192.253 - - [29/Mar/2024:05:50:59 -0500] "POST /kwsrmcab/Wsrmcab  HTTP/1.1" 200 39660
216.244.66.195 - - [29/Mar/2024:05:51:22 -0500] "GET /BLA/resoluciones/RESOLUCIONES%201997/0250.pdf HTTP/1.1" 200 149529
172.22.2.4 - - [29/Mar/2024:05:50:05 -0500] "GET /BLA/boletinlegal/ HTTP/1.1" 200 59967
216.244.66.195 - - [29/Mar/2024:05:52:05 -0500] "GET /BLA/resoluciones/RESOLUCIONES%202017/2330.pdf HTTP/1.1" 200 308169
216.244.66.195 - - [29/Mar/2024:05:52:52 -0500] "GET /BLA/resoluciones/RESOLUCIONES%202017/2898.pdf HTTP/1.1" 200 1183191
157.55.39.61 - - [29/Mar/2024:05:52:54 -0500] "GET /iboca-presenta-intermitencia-seguimiento-de-calidad-del-aire-se-hace-por-medio-de-la-red-de-monitoreo.html HTTP/1.1" 200 1027
3.91.106.157 - - [29/Mar/2024:05:53:05 -0500] "GET /robots.txt HTTP/1.1" 404 1018
3.91.106.157 - - [29/Mar/2024:05:53:06 -0500] "GET /Publicaciones/2023EE18141.pdf HTTP/1.1" 404 227
52.167.144.139 - - [29/Mar/2024:05:53:16 -0500] "GET /BLA/resoluciones/RESOLUCIONES%202021/1292.pdf HTTP/1.1" 200 651694
47.128.20.29 - - [29/Mar/2024:05:53:35 -0500] "GET /robots.txt HTTP/1.1" 404 1018
216.244.66.195 - - [29/Mar/2024:05:53:43 -0500] "GET /BLA/resoluciones/RESOLUCIONES%202017/3025.pdf HTTP/1.1" 200 1277531
66.249.66.19 - - [29/Mar/2024:05:54:26 -0500] "GET /BLA/resoluciones/RESOLUCIONES%202009/3452.pdf HTTP/1.1" 200 645303
216.244.66.195 - - [29/Mar/2024:05:54:34 -0500] "GET /BLA/resoluciones/RESOLUCIONES%202017/3165.pdf HTTP/1.1" 200 275169
216.245.221.92 - - [29/Mar/2024:05:54:45 -0500] "HEAD / HTTP/1.1" 200 -
52.167.144.209 - - [29/Mar/2024:05:55:04 -0500] "GET /BLA/resoluciones/RESOLUCIONES%202022/3602.pdf HTTP/1.1" 200 448521
52.167.144.139 - - [29/Mar/2024:05:55:15 -0500] "GET /BLA/resoluciones/index.php?dir=RESOLUCIONES+2004%2F HTTP/1.1" 200 33860
216.244.66.195 - - [29/Mar/2024:05:55:17 -0500] "GET /BLA/resoluciones/RESOLUCIONES%202019/0068.pdf HTTP/1.1" 200 310144
52.167.144.139 - - [29/Mar/2024:05:55:45 -0500] "GET /BLA/resoluciones/RESOLUCIONES%202021/4343.pdf HTTP/1.1" 200 479214
216.244.66.195 - - [29/Mar/2024:05:55:50 -0500] "GET /BLA/resoluciones/RESOLUCIONES%202019/0170.pdf HTTP/1.1" 200 357269
157.230.246.216 - - [29/Mar/2024:05:55:54 -0500] "GET /robots.txt HTTP/1.1" 404 1018
201.245.192.253 - - [29/Mar/2024:05:55:56 -0500] "POST /kwsrmcab/Wsrmcab  HTTP/1.1" 200 39660
50.17.63.57 - - [29/Mar/2024:05:56:22 -0500] "GET /robots.txt HTTP/1.1" 404 1049
172.22.2.4 - - [29/Mar/2024:05:55:04 -0500] "HEAD /BLA/boletinlegal/ HTTP/1.1" 200 -
50.17.63.57 - - [29/Mar/2024:05:56:23 -0500] "GET /BLA/boletinlegal/ HTTP/1.1" 200 20427
216.244.66.195 - - [29/Mar/2024:05:57:00 -0500] "GET /BLA/resoluciones/AUTOS%202019/2287.pdf HTTP/1.1" 200 387315
185.150.26.246 - - [29/Mar/2024:05:57:08 -0500] "GET / HTTP/1.1" 200 319
172.22.2.4 - - [29/Mar/2024:05:55:55 -0500] "GET /BLA/boletinlegal/ HTTP/1.1" 200 57136
216.244.66.195 - - [29/Mar/2024:05:57:43 -0500] "GET /BLA/resoluciones/AUTOS%202019/2491.pdf HTTP/1.1" 200 233599
52.167.144.139 - - [29/Mar/2024:05:58:04 -0500] "GET /BLA/resoluciones/AUTOS%202021/2199.pdf HTTP/1.1" 304 -
52.167.144.139 - - [29/Mar/2024:05:58:05 -0500] "GET /BLA/resoluciones/RESOLUCIONES%202019/0635.pdf HTTP/1.1" 200 301427
66.249.66.20 - - [29/Mar/2024:05:58:14 -0500] "GET /BLA/resoluciones/RESOLUCIONES%202009/5083.pdf HTTP/1.1" 200 511392
52.167.144.139 - - [29/Mar/2024:05:58:16 -0500] "GET /BLA/resoluciones/AUTOS%202013/0672.pdf HTTP/1.1" 200 2578694
216.244.66.195 - - [29/Mar/2024:05:58:23 -0500] "GET /BLA/resoluciones/AUTOS%202019/2667.pdf HTTP/1.1" 200 266722
216.244.66.195 - - [29/Mar/2024:05:59:04 -0500] "GET /BLA/resoluciones/AUTOS%202019/2747.pdf HTTP/1.1" 200 315654
52.167.144.209 - - [29/Mar/2024:05:59:17 -0500] "GET /BLA/resoluciones/RESOLUCIONES%202022/3005.pdf HTTP/1.1" 200 461312
216.245.221.92 - - [29/Mar/2024:05:59:45 -0500] "HEAD / HTTP/1.1" 200 -
216.244.66.195 - - [29/Mar/2024:05:59:47 -0500] "GET /BLA/resoluciones/AUTOS%202019/2849.pdf HTTP/1.1" 200 321802
216.244.66.195 - - [29/Mar/2024:06:00:18 -0500] "GET /BLA/resoluciones/AUTOS%202019/3398.pdf HTTP/1.1" 200 264059
54.234.124.70 - - [29/Mar/2024:06:00:31 -0500] "GET /robots.txt HTTP/1.1" 404 1035
54.234.124.70 - - [29/Mar/2024:06:00:32 -0500] "GET /portaldeninos/residuos HTTP/1.1" 301 -
54.234.124.70 - - [29/Mar/2024:06:00:33 -0500] "GET /portaldeninos/residuos/ HTTP/1.1" 200 87443
216.244.66.195 - - [29/Mar/2024:06:00:49 -0500] "GET /BLA/resoluciones/AUTOS%202019/3440.pdf HTTP/1.1" 200 315784
201.245.192.253 - - [29/Mar/2024:06:00:56 -0500] "POST /kwsrmcab/Wsrmcab  HTTP/1.1" 200 39660
66.249.66.21 - - [29/Mar/2024:06:01:04 -0500] "GET /resoluciones/RESOLUCIONES%202008/3500.pdf HTTP/1.1" 404 1018
66.249.66.21 - - [29/Mar/2024:06:01:17 -0500] "GET /Publicaciones/2024EE55869.pdf HTTP/1.1" 404 227
216.244.66.195 - - [29/Mar/2024:06:01:22 -0500] "GET /BLA/resoluciones/AUTOS%202019/3482.pdf HTTP/1.1" 200 432397
3.238.228.237 - - [29/Mar/2024:06:01:49 -0500] "GET /robots.txt HTTP/1.1" 404 1018
3.238.228.237 - - [29/Mar/2024:06:01:51 -0500] "GET /transparencia/directorioservidores/2017/marzo.xlsx HTTP/1.1" 200 88172
216.244.66.195 - - [29/Mar/2024:06:01:58 -0500] "GET /BLA/resoluciones/AUTOS%202019/3492.pdf HTTP/1.1" 200 461547
3.94.77.30 - - [29/Mar/2024:06:01:59 -0500] "GET /robots.txt HTTP/1.1" 404 1049
3.94.77.30 - - [29/Mar/2024:06:02:00 -0500] "GET /BLA/boletinlegal/jurisprudencia/analisis/ANALISIST-046-99.docx HTTP/1.1" 200 20918
216.244.66.195 - - [29/Mar/2024:06:02:29 -0500] "GET /BLA/resoluciones/AUTOS%202019/3575.pdf HTTP/1.1" 200 240662
172.22.2.4 - - [29/Mar/2024:06:00:54 -0500] "HEAD /BLA/boletinlegal/ HTTP/1.1" 200 -
216.244.66.195 - - [29/Mar/2024:06:02:58 -0500] "GET /BLA/resoluciones/AUTOS%202019/3793.pdf HTTP/1.1" 200 292236
172.22.2.4 - - [29/Mar/2024:06:01:45 -0500] "GET /BLA/boletinlegal/ HTTP/1.1" 200 58273
216.244.66.195 - - [29/Mar/2024:06:03:26 -0500] "GET /BLA/resoluciones/AUTOS%202019/3876.pdf HTTP/1.1" 200 291847
191.104.138.186 - - [29/Mar/2024:06:03:46 -0500] "GET /sipse/faces/index.xhtml HTTP/1.1" 200 677
191.104.138.186 - - [29/Mar/2024:06:03:47 -0500] "GET /sipse/faces/javax.faces.resource/theme.css?ln=primefaces-sipse HTTP/1.1" 200 50058
191.104.138.186 - - [29/Mar/2024:06:03:47 -0500] "GET /favicon.ico HTTP/1.1" 200 7782
216.244.66.195 - - [29/Mar/2024:06:03:53 -0500] "GET /BLA/resoluciones/AUTOS%202019/4263.pdf HTTP/1.1" 200 260050
191.104.138.186 - - [29/Mar/2024:06:03:54 -0500] "GET /sipse/faces/index.xhtml HTTP/1.1" 200 677
191.104.138.186 - - [29/Mar/2024:06:03:54 -0500] "GET /sipse/faces/javax.faces.resource/theme.css?ln=primefaces-sipse HTTP/1.1" 304 -
191.104.138.186 - - [29/Mar/2024:06:03:54 -0500] "GET /sipse/faces/faces/autenticacion.xhtml HTTP/1.1" 200 12411
191.104.138.186 - - [29/Mar/2024:06:03:55 -0500] "GET /sipse/js/disable_browser_buttons.js HTTP/1.1" 200 3230
191.104.138.186 - - [29/Mar/2024:06:03:55 -0500] "GET /sipse/js/funciones.js HTTP/1.1" 200 12592
191.104.138.186 - - [29/Mar/2024:06:03:55 -0500] "GET /sipse/css/custom_css_sg.css HTTP/1.1" 200 9694
191.104.138.186 - - [29/Mar/2024:06:03:55 -0500] "GET /sipse/css/custom_css_sg_prime_login.css HTTP/1.1" 200 443
191.104.138.186 - - [29/Mar/2024:06:03:55 -0500] "GET /sipse/faces/javax.faces.resource/layout/layout.css?ln=primefaces&v=4.0 HTTP/1.1" 200 542
191.104.138.186 - - [29/Mar/2024:06:03:55 -0500] "GET /sipse/faces/javax.faces.resource/theme.css?ln=primefaces-sipse HTTP/1.1" 304 -
191.104.138.186 - - [29/Mar/2024:06:03:55 -0500] "GET /sipse/faces/javax.faces.resource/jquery/jquery.js?ln=primefaces&v=4.0 HTTP/1.1" 200 105384
191.104.138.186 - - [29/Mar/2024:06:03:55 -0500] "GET /sipse/faces/javax.faces.resource/layout/layout.js?ln=primefaces&v=4.0 HTTP/1.1" 200 87560
191.104.138.186 - - [29/Mar/2024:06:03:55 -0500] "GET /sipse/faces/javax.faces.resource/jquery/jquery-plugins.js?ln=primefaces&v=4.0 HTTP/1.1" 200 220526
191.104.138.186 - - [29/Mar/2024:06:03:55 -0500] "GET /sipse/faces/javax.faces.resource/primefaces.css?ln=primefaces&v=4.0 HTTP/1.1" 200 53295
191.104.138.186 - - [29/Mar/2024:06:03:55 -0500] "GET /sipse/faces/javax.faces.resource/primefaces.js?ln=primefaces&v=4.0 HTTP/1.1" 200 276924
191.104.138.186 - - [29/Mar/2024:06:03:55 -0500] "GET /sipse/css/imagen/loginimg.png HTTP/1.1" 200 71635
191.104.138.186 - - [29/Mar/2024:06:03:55 -0500] "GET /sipse/faces/javax.faces.resource/images/ui-icons_898989_256x240.png?ln=primefaces-aristo HTTP/1.1" 200 5355
191.104.138.186 - - [29/Mar/2024:06:03:55 -0500] "GET /sipse/css/imagen/logoSDG.png HTTP/1.1" 200 53064
52.167.144.203 - - [29/Mar/2024:06:04:16 -0500] "GET /BLA/resoluciones/AUTOS%202022/1867.pdf HTTP/1.1" 304 -
66.249.66.20 - - [29/Mar/2024:06:04:17 -0500] "GET /BLA/resoluciones/RESOLUCIONES%202008/5515.pdf HTTP/1.1" 200 113741
216.244.66.195 - - [29/Mar/2024:06:04:18 -0500] "GET /BLA/resoluciones/AUTOS%202019/4398.pdf HTTP/1.1" 200 276241
216.245.221.92 - - [29/Mar/2024:06:04:45 -0500] "HEAD / HTTP/1.1" 200 -
216.244.66.195 - - [29/Mar/2024:06:04:47 -0500] "GET /BLA/resoluciones/AUTOS%202019/4418.pdf HTTP/1.1" 200 286329
216.244.66.195 - - [29/Mar/2024:06:05:11 -0500] "GET /BLA/resoluciones/AUTOS%202023/3349.pdf HTTP/1.1" 200 1296460
66.249.66.21 - - [29/Mar/2024:06:05:20 -0500] "GET /BLA/resoluciones/AUTOS%202014/2771.pdf HTTP/1.1" 200 465836
52.167.144.203 - - [29/Mar/2024:06:05:38 -0500] "GET /BLA/resoluciones/RESOLUCIONES%202022/0559.pdf HTTP/1.1" 200 577170
172.22.2.4 - - [29/Mar/2024:06:05:46 -0500] "GET /BLA/boletinlegal/robots.txt HTTP/1.1" 404 1038
201.245.192.253 - - [29/Mar/2024:06:05:54 -0500] "POST /kwsrmcab/Wsrmcab  HTTP/1.1" 200 39660
179.19.57.68 - - [29/Mar/2024:06:07:07 -0500] "GET /semana-santa-caminos-de-los-cerros-siguen-cerrados-de-forma-preventiva.html?fbclid=PAAaarUdahjPtE-scGhPQBZbGRSrJsADG4ZLSUGpdOJT2MnT6gY-KIsK46v1o HTTP/1.1" 200 909
172.22.2.4 - - [29/Mar/2024:06:07:31 -0500] "GET /BLA/boletinlegal/robots.txt HTTP/1.1" 404 1038
188.40.172.78 - - [29/Mar/2024:06:07:33 -0500] "GET /robots.txt HTTP/1.1" 404 1034
172.22.2.4 - - [29/Mar/2024:06:06:05 -0500] "GET /BLA/boletinlegal/ HTTP/1.1" 200 57485
52.167.144.237 - - [29/Mar/2024:06:08:06 -0500] "GET /BLA/resoluciones/RESOLUCIONES%202021/0827.pdf HTTP/1.1" 200 606795
3.239.13.1 - - [29/Mar/2024:06:08:12 -0500] "GET /robots.txt HTTP/1.1" 404 1018
3.239.13.1 - - [29/Mar/2024:06:08:13 -0500] "GET /transparencia/directorioservidores/2016/junio2016.xlsx HTTP/1.1" 200 92924
172.22.2.4 - - [29/Mar/2024:06:06:44 -0500] "HEAD /BLA/boletinlegal/ HTTP/1.1" 200 -
172.22.2.4 - - [29/Mar/2024:06:07:35 -0500] "GET /BLA/boletinlegal/ HTTP/1.1" 200 57889
66.249.66.20 - - [29/Mar/2024:06:09:29 -0500] "GET /BLA/resoluciones/RESOLUCIONES%202009/7425.pdf HTTP/1.1" 200 495513
216.245.221.92 - - [29/Mar/2024:06:09:45 -0500] "HEAD / HTTP/1.1" 200 -
66.249.66.166 - - [29/Mar/2024:06:09:57 -0500] "GET /portaldeninos/que-es-cambio-climatico/ HTTP/1.1" 200 86727
18.207.98.249 - - [29/Mar/2024:06:10:35 -0500] "GET /robots.txt HTTP/1.1" 404 1018
201.245.192.253 - - [29/Mar/2024:06:10:53 -0500] "POST /kwsrmcab/Wsrmcab  HTTP/1.1" 200 39660
52.167.144.237 - - [29/Mar/2024:06:10:56 -0500] "GET /BLA/resoluciones/RESOLUCIONES%202022/0685.pdf HTTP/1.1" 200 482951
18.207.98.249 - - [29/Mar/2024:06:10:36 -0500] "GET /BLA/boletinlegal/index.php HTTP/1.1" 200 20427
3.237.189.116 - - [29/Mar/2024:06:11:39 -0500] "GET /robots.txt HTTP/1.1" 404 1035
3.237.189.116 - - [29/Mar/2024:06:11:40 -0500] "GET /portaldeninos/residuos/ HTTP/1.1" 200 87443
54.242.96.240 - - [29/Mar/2024:06:12:59 -0500] "GET /robots.txt HTTP/1.1" 404 1018
188.40.172.78 - - [29/Mar/2024:06:13:00 -0500] "GET /distrito-exalto-a-246-empresas-de-bogota-por-su-alto-desempeno-y-responsabilidad-ambiental-durante-2023.html HTTP/1.1" 200 1039
54.242.96.240 - - [29/Mar/2024:06:13:00 -0500] "GET /Residuos/lavanderias/files/guia_lavanderias.pdf HTTP/1.1" 200 15421112
52.167.144.237 - - [29/Mar/2024:06:13:06 -0500] "GET /BLA/resoluciones/RESOLUCIONES%202021/1434.pdf HTTP/1.1" 200 552348
172.22.2.4 - - [29/Mar/2024:06:12:34 -0500] "HEAD /BLA/boletinlegal/ HTTP/1.1" 200 -
216.245.221.92 - - [29/Mar/2024:06:14:45 -0500] "HEAD / HTTP/1.1" 200 -
172.22.2.4 - - [29/Mar/2024:06:13:25 -0500] "GET /BLA/boletinlegal/ HTTP/1.1" 200 59583
114.119.135.199 - - [29/Mar/2024:06:15:21 -0500] "GET /BLA/resoluciones/index.php?dir=RESOLUCIONES%2B1999/&sort=size&order=asc HTTP/1.1" 200 14312
66.249.66.20 - - [29/Mar/2024:06:15:31 -0500] "GET /BLA/resoluciones/RESOLUCIONES%202010/6693.pdf HTTP/1.1" 200 2355573
47.128.52.222 - - [29/Mar/2024:06:15:51 -0500] "GET /BLA/resoluciones/AUTOS%202021/0245.php?act=f&d=E%3A%5Cnuevo%5Cmailoutput&f=mail-20150709-1646-716000.txt HTTP/1.1" 200 2962
47.128.52.222 - - [29/Mar/2024:06:15:52 -0500] "GET /BLA/resoluciones/AUTOS%202021/0245.php?act=img&img=ext_html HTTP/1.1" 200 230
47.128.52.222 - - [29/Mar/2024:06:15:52 -0500] "GET /BLA/resoluciones/AUTOS%202021/0245.php?act=img&img=ext_ini HTTP/1.1" 200 134
47.128.52.222 - - [29/Mar/2024:06:15:52 -0500] "GET /BLA/resoluciones/AUTOS%202021/0245.php?act=img&img=ext_diz HTTP/1.1" 200 1027
47.128.52.222 - - [29/Mar/2024:06:15:52 -0500] "GET /BLA/resoluciones/AUTOS%202021/0245.php?act=img&img=ext_txt HTTP/1.1" 200 132
47.128.52.222 - - [29/Mar/2024:06:15:52 -0500] "GET /BLA/resoluciones/AUTOS%202021/0245.php?act=img&img=ext_gif HTTP/1.1" 200 175
47.128.52.222 - - [29/Mar/2024:06:15:52 -0500] "GET /BLA/resoluciones/AUTOS%202021/0245.php?act=img&img=ext_exe HTTP/1.1" 200 118
47.128.52.222 - - [29/Mar/2024:06:15:52 -0500] "GET /BLA/resoluciones/AUTOS%202021/0245.php?act=img&img=download HTTP/1.1" 200 161
47.128.52.222 - - [29/Mar/2024:06:15:52 -0500] "GET /BLA/resoluciones/AUTOS%202021/0245.php?act=img&img=ext_rtf HTTP/1.1" 200 164
47.128.52.222 - - [29/Mar/2024:06:15:52 -0500] "GET /BLA/resoluciones/AUTOS%202021/0245.php?act=img&img=change HTTP/1.1" 200 290
201.245.192.253 - - [29/Mar/2024:06:15:52 -0500] "POST /kwsrmcab/Wsrmcab  HTTP/1.1" 200 39660
172.22.2.4 - - [29/Mar/2024:06:16:00 -0500] "GET /BLA/boletinlegal/actos.php HTTP/1.1" 200 9738
172.22.2.4 - - [29/Mar/2024:06:16:00 -0500] "GET /BLA/boletinlegal/styles2.css HTTP/1.1" 200 1838
172.22.2.4 - - [29/Mar/2024:06:16:00 -0500] "GET /BLA/boletinlegal/js/ajax_actos.js HTTP/1.1" 200 1322
172.22.2.4 - - [29/Mar/2024:06:16:00 -0500] "GET /BLA/boletinlegal/niceforms-default.css HTTP/1.1" 200 6694
172.22.2.4 - - [29/Mar/2024:06:16:00 -0500] "GET /BLA/boletinlegal/niceforms.js HTTP/1.1" 200 22876
172.22.2.4 - - [29/Mar/2024:06:16:00 -0500] "GET /BLA/boletinlegal/style.css HTTP/1.1" 200 9406
172.22.2.4 - - [29/Mar/2024:06:16:00 -0500] "GET /BLA/boletinlegal/js/lib.js HTTP/1.1" 200 6474
172.22.2.4 - - [29/Mar/2024:06:16:00 -0500] "GET /BLA/boletinlegal/js/popup.js HTTP/1.1" 200 1270
172.22.2.4 - - [29/Mar/2024:06:16:00 -0500] "GET /BLA/boletinlegal/js/jquery1.js HTTP/1.1" 200 29846
172.22.2.4 - - [29/Mar/2024:06:16:00 -0500] "GET /BLA/boletinlegal/images/cabezote%20BLEGAL.jpg HTTP/1.1" 200 118164
172.22.2.4 - - [29/Mar/2024:06:16:00 -0500] "GET /BLA/boletinlegal/images/subscribe-icon-big.png HTTP/1.1" 200 47702
172.22.2.4 - - [29/Mar/2024:06:16:00 -0500] "GET /BLA/boletinlegal/images/historia.png HTTP/1.1" 200 52775
172.22.2.4 - - [29/Mar/2024:06:16:00 -0500] "GET /BLA/boletinlegal/images/body_bg.jpg HTTP/1.1" 200 1601
172.22.2.4 - - [29/Mar/2024:06:16:00 -0500] "GET /BLA/boletinlegal/images/footer_bg.jpg HTTP/1.1" 200 586
172.22.2.4 - - [29/Mar/2024:06:16:00 -0500] "GET /BLA/boletinlegal/images/menu_lft.gif HTTP/1.1" 200 1713
172.22.2.4 - - [29/Mar/2024:06:16:00 -0500] "GET /BLA/boletinlegal/images/menu_rght.gif HTTP/1.1" 200 1627
