181.53.12.229 - - [30/Mar/2024:21:10:04 -0500] "GET /sipse/faces/javax.faces.resource/layout/layout.js?ln=primefaces&v=4.0 HTTP/1.1" 304 -
181.53.12.229 - - [30/Mar/2024:21:10:15 -0500] "POST /sipse/faces/presentacion/financiero/estudioPrevio/personalSolicitado/asociarProfesionPersonalSolicitado.xhtml HTTP/1.1" 200 1423
181.53.12.229 - - [30/Mar/2024:21:10:17 -0500] "POST /sipse/faces/presentacion/financiero/estudioPrevio/personalSolicitado/asociarProfesionPersonalSolicitado.xhtml HTTP/1.1" 200 21296
66.249.66.20 - - [30/Mar/2024:21:10:19 -0500] "GET /BLA/resoluciones/Notificaciones/AUTOS%202023/2512.pdf HTTP/1.1" 304 -
181.53.12.229 - - [30/Mar/2024:21:10:31 -0500] "POST /sipse/faces/presentacion/financiero/estudioPrevio/personalSolicitado/asociarProfesionPersonalSolicitado.xhtml HTTP/1.1" 200 50346
181.53.12.229 - - [30/Mar/2024:21:10:32 -0500] "GET /sipse/faces/javax.faces.resource/theme.css?ln=primefaces-sipse HTTP/1.1" 304 -
181.53.12.229 - - [30/Mar/2024:21:10:32 -0500] "GET /sipse/faces/javax.faces.resource/primefaces.css?ln=primefaces&v=4.0 HTTP/1.1" 304 -
181.53.12.229 - - [30/Mar/2024:21:10:32 -0500] "GET /sipse/faces/javax.faces.resource/layout/layout.css?ln=primefaces&v=4.0 HTTP/1.1" 304 -
181.53.12.229 - - [30/Mar/2024:21:10:32 -0500] "GET /sipse/faces/javax.faces.resource/jquery/jquery-plugins.js?ln=primefaces&v=4.0 HTTP/1.1" 304 -
181.53.12.229 - - [30/Mar/2024:21:10:32 -0500] "GET /sipse/faces/javax.faces.resource/jquery/jquery.js?ln=primefaces&v=4.0 HTTP/1.1" 304 -
181.53.12.229 - - [30/Mar/2024:21:10:32 -0500] "GET /sipse/faces/javax.faces.resource/layout/layout.js?ln=primefaces&v=4.0 HTTP/1.1" 304 -
181.53.12.229 - - [30/Mar/2024:21:10:32 -0500] "GET /sipse/faces/javax.faces.resource/primefaces.js?ln=primefaces&v=4.0 HTTP/1.1" 304 -
201.245.192.253 - - [30/Mar/2024:21:10:49 -0500] "POST /kwsrmcab/Wsrmcab  HTTP/1.1" 200 39660
181.53.12.229 - - [30/Mar/2024:21:10:53 -0500] "POST /sipse/faces/presentacion/financiero/estudioPrevio/personalSolicitado/personalSolicitadoSolicitudProceso.xhtml HTTP/1.1" 200 36787
181.53.12.229 - - [30/Mar/2024:21:10:54 -0500] "GET /sipse/faces/javax.faces.resource/theme.css?ln=primefaces-sipse HTTP/1.1" 304 -
181.53.12.229 - - [30/Mar/2024:21:10:54 -0500] "GET /sipse/faces/javax.faces.resource/primefaces.css?ln=primefaces&v=4.0 HTTP/1.1" 304 -
181.53.12.229 - - [30/Mar/2024:21:10:54 -0500] "GET /sipse/faces/javax.faces.resource/jquery/jquery.js?ln=primefaces&v=4.0 HTTP/1.1" 304 -
181.53.12.229 - - [30/Mar/2024:21:10:54 -0500] "GET /sipse/faces/javax.faces.resource/layout/layout.css?ln=primefaces&v=4.0 HTTP/1.1" 304 -
181.53.12.229 - - [30/Mar/2024:21:10:54 -0500] "GET /sipse/faces/javax.faces.resource/jquery/jquery-plugins.js?ln=primefaces&v=4.0 HTTP/1.1" 304 -
181.53.12.229 - - [30/Mar/2024:21:10:54 -0500] "GET /sipse/faces/javax.faces.resource/primefaces.js?ln=primefaces&v=4.0 HTTP/1.1" 304 -
181.53.12.229 - - [30/Mar/2024:21:10:54 -0500] "GET /sipse/faces/javax.faces.resource/layout/layout.js?ln=primefaces&v=4.0 HTTP/1.1" 304 -
181.53.12.229 - - [30/Mar/2024:21:10:56 -0500] "POST /sipse/faces/presentacion/financiero/estudioPrevio/personalSolicitado/asociarProfesionPersonalSolicitado.xhtml HTTP/1.1" 200 1423
181.53.12.229 - - [30/Mar/2024:21:10:58 -0500] "POST /sipse/faces/presentacion/financiero/estudioPrevio/personalSolicitado/asociarProfesionPersonalSolicitado.xhtml HTTP/1.1" 200 21332
181.53.12.229 - - [30/Mar/2024:21:11:01 -0500] "POST /sipse/faces/presentacion/financiero/estudioPrevio/personalSolicitado/asociarProfesionPersonalSolicitado.xhtml HTTP/1.1" 200 51622
181.53.12.229 - - [30/Mar/2024:21:11:01 -0500] "GET /sipse/faces/javax.faces.resource/primefaces.css?ln=primefaces&v=4.0 HTTP/1.1" 304 -
181.53.12.229 - - [30/Mar/2024:21:11:01 -0500] "GET /sipse/faces/javax.faces.resource/theme.css?ln=primefaces-sipse HTTP/1.1" 304 -
181.53.12.229 - - [30/Mar/2024:21:11:01 -0500] "GET /sipse/faces/javax.faces.resource/layout/layout.css?ln=primefaces&v=4.0 HTTP/1.1" 304 -
181.53.12.229 - - [30/Mar/2024:21:11:01 -0500] "GET /sipse/faces/javax.faces.resource/jquery/jquery.js?ln=primefaces&v=4.0 HTTP/1.1" 304 -
181.53.12.229 - - [30/Mar/2024:21:11:01 -0500] "GET /sipse/faces/javax.faces.resource/jquery/jquery-plugins.js?ln=primefaces&v=4.0 HTTP/1.1" 304 -
181.53.12.229 - - [30/Mar/2024:21:11:02 -0500] "GET /sipse/faces/javax.faces.resource/primefaces.js?ln=primefaces&v=4.0 HTTP/1.1" 304 -
181.53.12.229 - - [30/Mar/2024:21:11:02 -0500] "GET /sipse/faces/javax.faces.resource/layout/layout.js?ln=primefaces&v=4.0 HTTP/1.1" 304 -
181.53.12.229 - - [30/Mar/2024:21:11:11 -0500] "GET /sipse/faces/javax.faces.resource/theme.css?ln=primefaces-sipse HTTP/1.1" 304 -
181.53.12.229 - - [30/Mar/2024:21:11:11 -0500] "GET /sipse/faces/javax.faces.resource/primefaces.css?ln=primefaces&v=4.0 HTTP/1.1" 304 -
181.53.12.229 - - [30/Mar/2024:21:11:11 -0500] "GET /sipse/faces/javax.faces.resource/jquery/jquery-plugins.js?ln=primefaces&v=4.0 HTTP/1.1" 304 -
181.53.12.229 - - [30/Mar/2024:21:11:11 -0500] "GET /sipse/faces/javax.faces.resource/layout/layout.css?ln=primefaces&v=4.0 HTTP/1.1" 304 -
181.53.12.229 - - [30/Mar/2024:21:11:11 -0500] "GET /sipse/faces/javax.faces.resource/jquery/jquery.js?ln=primefaces&v=4.0 HTTP/1.1" 304 -
181.53.12.229 - - [30/Mar/2024:21:11:11 -0500] "GET /sipse/faces/javax.faces.resource/primefaces.js?ln=primefaces&v=4.0 HTTP/1.1" 304 -
181.53.12.229 - - [30/Mar/2024:21:11:11 -0500] "GET /sipse/faces/javax.faces.resource/layout/layout.js?ln=primefaces&v=4.0 HTTP/1.1" 304 -
181.53.12.229 - - [30/Mar/2024:21:11:10 -0500] "POST /sipse/faces/presentacion/financiero/estudioPrevio/personalSolicitado/personalSolicitadoSolicitudProceso.xhtml HTTP/1.1" 200 177255
66.249.66.21 - - [30/Mar/2024:21:11:19 -0500] "GET /BLA/resoluciones/RESOLUCIONES%202010/3411.pdf HTTP/1.1" 200 317124
181.53.12.229 - - [30/Mar/2024:21:11:33 -0500] "POST /sipse/faces/presentacion/financiero/solicitudProceso/consultarSolicitudProceso.xhtml HTTP/1.1" 200 64537
181.53.12.229 - - [30/Mar/2024:21:11:36 -0500] "GET /sipse/faces/javax.faces.resource/theme.css?ln=primefaces-sipse HTTP/1.1" 304 -
181.53.12.229 - - [30/Mar/2024:21:11:36 -0500] "GET /sipse/faces/javax.faces.resource/jquery/jquery.js?ln=primefaces&v=4.0 HTTP/1.1" 304 -
181.53.12.229 - - [30/Mar/2024:21:11:36 -0500] "GET /sipse/faces/javax.faces.resource/layout/layout.css?ln=primefaces&v=4.0 HTTP/1.1" 304 -
181.53.12.229 - - [30/Mar/2024:21:11:36 -0500] "GET /sipse/faces/javax.faces.resource/primefaces.css?ln=primefaces&v=4.0 HTTP/1.1" 304 -
181.53.12.229 - - [30/Mar/2024:21:11:36 -0500] "GET /sipse/faces/javax.faces.resource/jquery/jquery-plugins.js?ln=primefaces&v=4.0 HTTP/1.1" 304 -
181.53.12.229 - - [30/Mar/2024:21:11:36 -0500] "GET /sipse/faces/javax.faces.resource/primefaces.js?ln=primefaces&v=4.0 HTTP/1.1" 304 -
181.53.12.229 - - [30/Mar/2024:21:11:36 -0500] "GET /sipse/faces/javax.faces.resource/layout/layout.js?ln=primefaces&v=4.0 HTTP/1.1" 304 -
181.53.12.229 - - [30/Mar/2024:21:11:36 -0500] "POST /sipse/faces/presentacion/financiero/solicitudProceso/listarSolicitudProceso.xhtml HTTP/1.1" 200 1560
181.53.12.229 - - [30/Mar/2024:21:11:40 -0500] "POST /sipse/faces/presentacion/financiero/solicitudProceso/listarSolicitudProceso.xhtml HTTP/1.1" 200 7919
52.167.144.137 - - [30/Mar/2024:21:11:42 -0500] "GET /dos-mamiferos-y-63-aves-volvieron-a-la-libertad-en-el-humedal-la-conejera.html HTTP/1.1" 200 877
66.249.66.165 - - [30/Mar/2024:21:11:43 -0500] "GET /portaldeninos/aulas-ambientales/aula-ambiental-sorotama/ HTTP/1.1" 200 89596
66.249.66.20 - - [30/Mar/2024:21:12:29 -0500] "GET /BLA/resoluciones/Notificaciones/RESOLUCIONES%202020/1388.pdf HTTP/1.1" 304 -
216.245.221.92 - - [30/Mar/2024:21:13:00 -0500] "HEAD / HTTP/1.1" 200 -
172.22.2.4 - - [30/Mar/2024:21:11:35 -0500] "HEAD /BLA/boletinlegal/ HTTP/1.1" 200 -
49.77.185.173 - - [30/Mar/2024:21:13:31 -0500] "GET /boaform/admin/formLogin?username=adminisp&psd=adminisp HTTP/1.0" 404 1019
216.244.66.195 - - [30/Mar/2024:21:13:53 -0500] "GET /BLA/resoluciones/AUTOS%202019/0211.pdf HTTP/1.1" 200 247172
216.244.66.195 - - [30/Mar/2024:21:14:02 -0500] "GET /BLA/resoluciones/AUTOS%202019/0338.pdf HTTP/1.1" 200 270875
172.22.2.4 - - [30/Mar/2024:21:12:26 -0500] "GET /BLA/boletinlegal/ HTTP/1.1" 200 58720
216.244.66.195 - - [30/Mar/2024:21:14:09 -0500] "GET /BLA/resoluciones/AUTOS%202019/0688.pdf HTTP/1.1" 200 536704
40.77.167.71 - - [30/Mar/2024:21:14:22 -0500] "GET /BLA/resoluciones/RESOLUCIONES%202021/4074.pdf HTTP/1.1" 200 436490
66.249.66.20 - - [30/Mar/2024:21:14:46 -0500] "GET /resoluciones/RESOLUCIONES%202009/0582.pdf HTTP/1.1" 404 1018
216.244.66.195 - - [30/Mar/2024:21:14:50 -0500] "GET /BLA/resoluciones/AUTOS%202019/1130.pdf HTTP/1.1" 200 269861
216.244.66.195 - - [30/Mar/2024:21:15:20 -0500] "GET /BLA/resoluciones/AUTOS%202019/1587.pdf HTTP/1.1" 200 265508
40.77.167.71 - - [30/Mar/2024:21:15:30 -0500] "GET /Publicaciones/2024EE41905.pdf HTTP/1.1" 404 227
201.245.192.253 - - [30/Mar/2024:21:15:48 -0500] "POST /kwsrmcab/Wsrmcab  HTTP/1.1" 200 39660
216.244.66.195 - - [30/Mar/2024:21:15:54 -0500] "GET /BLA/resoluciones/AUTOS%202019/1867.pdf HTTP/1.1" 200 266869
40.77.167.26 - - [30/Mar/2024:21:16:17 -0500] "GET /BLA/resoluciones/RESOLUCIONES%202017/0087.pdf HTTP/1.1" 200 397993
40.77.167.26 - - [30/Mar/2024:21:16:18 -0500] "GET /BLA/resoluciones/RESOLUCIONES%202018/2228.pdf HTTP/1.1" 200 398313
216.244.66.195 - - [30/Mar/2024:21:16:24 -0500] "GET /BLA/resoluciones/AUTOS%202019/1910.pdf HTTP/1.1" 200 377245
216.244.66.195 - - [30/Mar/2024:21:17:09 -0500] "GET /BLA/resoluciones/AUTOS%202019/2676.pdf HTTP/1.1" 200 256314
216.244.66.195 - - [30/Mar/2024:21:17:52 -0500] "GET /BLA/resoluciones/AUTOS%202019/2888.pdf HTTP/1.1" 200 273106
216.245.221.92 - - [30/Mar/2024:21:18:01 -0500] "HEAD / HTTP/1.1" 200 -
165.154.173.35 - - [30/Mar/2024:21:18:28 -0500] "GET / HTTP/1.1" 200 319
165.154.173.35 - - [30/Mar/2024:21:18:29 -0500] "\x16\x03\x01" 400 226
165.154.173.35 - - [30/Mar/2024:21:18:29 -0500] "t3 12.1.2" 400 946
216.244.66.195 - - [30/Mar/2024:21:18:35 -0500] "GET /BLA/resoluciones/AUTOS%202019/2908.pdf HTTP/1.1" 200 343714
172.22.2.4 - - [30/Mar/2024:21:17:25 -0500] "HEAD /BLA/boletinlegal/ HTTP/1.1" 200 -
216.244.66.195 - - [30/Mar/2024:21:19:19 -0500] "GET /BLA/resoluciones/AUTOS%202019/3087.pdf HTTP/1.1" 200 254055
172.22.2.4 - - [30/Mar/2024:21:18:17 -0500] "GET /BLA/boletinlegal/ HTTP/1.1" 200 60380
216.244.66.195 - - [30/Mar/2024:21:19:57 -0500] "GET /BLA/resoluciones/AUTOS%202019/3134.pdf HTTP/1.1" 200 275597
201.245.192.253 - - [30/Mar/2024:21:19:55 -0500] "POST /kwsrmcab/Wsrmcab HTTP/1.1" 200 39527
201.245.192.253 - - [30/Mar/2024:21:19:13 -0500] "POST /kwsrmcab/Wsrmcab HTTP/1.1" 200 40161
201.245.192.253 - - [30/Mar/2024:21:19:59 -0500] "POST /kwsrmcab/Wsrmcab HTTP/1.1" 200 39514
20.120.134.32 - - [30/Mar/2024:21:20:37 -0500] "GET /Publicaciones/2024EE55505.pdf HTTP/1.1" 404 227
216.244.66.195 - - [30/Mar/2024:21:20:38 -0500] "GET /BLA/resoluciones/AUTOS%202019/4165.pdf HTTP/1.1" 200 278380
201.245.192.253 - - [30/Mar/2024:21:20:39 -0500] "POST /kwsrmcab/Wsrmcab HTTP/1.1" 200 39514
47.128.44.56 - - [30/Mar/2024:21:20:43 -0500] "GET /BLA/resoluciones/AUTOS%202021/0245.php?act=d&d=E%3A%5Cnuevo%5CMercuryMail%5CRESOURCE HTTP/1.1" 200 2760
66.249.66.20 - - [30/Mar/2024:21:20:46 -0500] "GET /BLA/resoluciones/AUTOS%202013/2203.pdf HTTP/1.1" 200 573228
201.245.192.253 - - [30/Mar/2024:21:20:48 -0500] "POST /kwsrmcab/Wsrmcab  HTTP/1.1" 200 39660
66.249.66.20 - - [30/Mar/2024:21:21:06 -0500] "GET /BLA/resoluciones/RESOLUCIONES%202008/0935.pdf HTTP/1.1" 200 70010
47.128.119.208 - - [30/Mar/2024:21:21:07 -0500] "GET /BLA/resoluciones/AUTOS%202021/0245.php?act=upload&d=E%3A%5Cnuevo%5Chtdocs%5Ccalculadora2 HTTP/1.1" 200 2832
216.244.66.195 - - [30/Mar/2024:21:21:22 -0500] "GET /BLA/resoluciones/AUTOS%202019/4374.pdf HTTP/1.1" 200 271136
47.128.26.253 - - [30/Mar/2024:21:21:31 -0500] "GET /BLA/resoluciones/AUTOS%202021/0245.php?act=chmod&d=E%3A%5Cnuevo%5Chtdocs%5Ccumbreclima%5Cwp-includes&f=comment-template.php HTTP/1.1" 200 2893
47.128.32.207 - - [30/Mar/2024:21:21:55 -0500] "GET /BLA/resoluciones/AUTOS%202021/0245.php?act=upload&d=E%3A%5Cnuevo%5Chtdocs%5Ccumbredelclima%5Cwp-content HTTP/1.1" 200 2856
66.249.66.19 - - [30/Mar/2024:21:21:55 -0500] "GET /sig/Manual%20de%20Procesos%20y%20Procedimientos/126PM04%20Evaluaci%C3%B3n%20Control%20y%20Seguimiento/126PM04-PR17%20Atenci%C3%B3n%20solicitud%20Salvoconducto%20Flora.pdf HTTP/1.1" 404 1018
216.244.66.195 - - [30/Mar/2024:21:22:08 -0500] "GET /BLA/resoluciones/AUTOS%202019/4455.pdf HTTP/1.1" 200 267653
47.128.96.102 - - [30/Mar/2024:21:22:21 -0500] "GET /BLA/resoluciones/AUTOS%202021/0245.php?act=chmod&d=E%3A%5Cnuevo%5Chtdocs%5Ccumbredelclima%5Cwp-includes&f=compat.php HTTP/1.1" 200 2888
47.128.116.171 - - [30/Mar/2024:21:22:43 -0500] "GET /BLA/resoluciones/AUTOS%202021/0245.php?act=f&d=E%3A%5Cnuevo%5CFileZillaFTP&f=FileZillaServer.xml HTTP/1.1" 200 2964
47.128.116.171 - - [30/Mar/2024:21:22:44 -0500] "GET /BLA/resoluciones/AUTOS%202021/0245.php?act=img&img=ext_rtf HTTP/1.1" 200 164
47.128.116.171 - - [30/Mar/2024:21:22:44 -0500] "GET /BLA/resoluciones/AUTOS%202021/0245.php?act=img&img=ext_diz HTTP/1.1" 200 1027
47.128.116.171 - - [30/Mar/2024:21:22:44 -0500] "GET /BLA/resoluciones/AUTOS%202021/0245.php?act=img&img=ext_exe HTTP/1.1" 200 118
47.128.116.171 - - [30/Mar/2024:21:22:44 -0500] "GET /BLA/resoluciones/AUTOS%202021/0245.php?act=img&img=ext_html HTTP/1.1" 200 230
47.128.116.171 - - [30/Mar/2024:21:22:44 -0500] "GET /BLA/resoluciones/AUTOS%202021/0245.php?act=img&img=ext_xml HTTP/1.1" 200 231
47.128.116.171 - - [30/Mar/2024:21:22:44 -0500] "GET /BLA/resoluciones/AUTOS%202021/0245.php?act=img&img=ext_txt HTTP/1.1" 200 132
47.128.116.171 - - [30/Mar/2024:21:22:45 -0500] "GET /BLA/resoluciones/AUTOS%202021/0245.php?act=img&img=ext_ini HTTP/1.1" 200 134
47.128.116.171 - - [30/Mar/2024:21:22:45 -0500] "GET /BLA/resoluciones/AUTOS%202021/0245.php?act=img&img=ext_gif HTTP/1.1" 200 175
47.128.116.171 - - [30/Mar/2024:21:22:45 -0500] "GET /BLA/resoluciones/AUTOS%202021/0245.php?act=img&img=change HTTP/1.1" 200 290
47.128.116.171 - - [30/Mar/2024:21:22:45 -0500] "GET /BLA/resoluciones/AUTOS%202021/0245.php?act=img&img=download HTTP/1.1" 200 161
216.244.66.195 - - [30/Mar/2024:21:22:51 -0500] "GET /BLA/resoluciones/AUTOS%202021/0216.pdf HTTP/1.1" 200 297434
216.245.221.92 - - [30/Mar/2024:21:23:00 -0500] "HEAD / HTTP/1.1" 200 -
47.128.17.76 - - [30/Mar/2024:21:23:07 -0500] "GET /BLA/resoluciones/AUTOS%202021/0245.php?act=upload&d=E%3A%5Cnuevo%5Chtdocs%5Cbogotacumbredelclima%5Cdynamic HTTP/1.1" 200 2862
47.128.116.166 - - [30/Mar/2024:21:23:32 -0500] "GET /BLA/resoluciones/AUTOS%202021/0245.php?act=security&d=E%3A%5Cnuevo%5Chtdocs%5CAutoliquidacion%5C HTTP/1.1" 200 2761
216.244.66.195 - - [30/Mar/2024:21:23:35 -0500] "GET /BLA/resoluciones/AUTOS%202021/4624.pdf HTTP/1.1" 200 345492
40.77.167.50 - - [30/Mar/2024:21:24:14 -0500] "GET /BLA/resoluciones/RESOLUCIONES%202018/0711.pdf HTTP/1.1" 200 419049
216.244.66.195 - - [30/Mar/2024:21:24:19 -0500] "GET /BLA/resoluciones/AUTOS%202021/5579.pdf HTTP/1.1" 200 633684
52.167.144.235 - - [30/Mar/2024:21:24:44 -0500] "GET /BLA/resoluciones/RESOLUCIONES%202019/2990.pdf HTTP/1.1" 200 449774
172.22.2.4 - - [30/Mar/2024:21:23:16 -0500] "HEAD /BLA/boletinlegal/ HTTP/1.1" 200 -
52.167.144.198 - - [30/Mar/2024:21:25:06 -0500] "GET /Publicaciones/2024EE49371.pdf HTTP/1.1" 404 227
216.244.66.195 - - [30/Mar/2024:21:25:09 -0500] "GET /BLA/resoluciones/AUTOS%202023/0618.pdf HTTP/1.1" 200 445279
172.22.2.4 - - [30/Mar/2024:21:24:07 -0500] "GET /BLA/boletinlegal/ HTTP/1.1" 200 58720
201.245.192.253 - - [30/Mar/2024:21:25:47 -0500] "POST /kwsrmcab/Wsrmcab  HTTP/1.1" 200 39660
52.167.144.237 - - [30/Mar/2024:21:25:51 -0500] "GET /dia-nacional-del-arbol-atributos-y-caracteristicas-de-las-especies-representativas-de-bogota.html HTTP/1.1" 200 697
216.244.66.195 - - [30/Mar/2024:21:26:00 -0500] "GET /BLA/resoluciones/AUTOS%202023/2301.pdf HTTP/1.1" 200 2891735
216.244.66.195 - - [30/Mar/2024:21:26:50 -0500] "GET /BLA/resoluciones/AUTOS%202023/3282.pdf HTTP/1.1" 200 441546
216.244.66.195 - - [30/Mar/2024:21:27:38 -0500] "GET /BLA/resoluciones/AUTOS%202023/3634.pdf HTTP/1.1" 200 499651
172.22.2.4 - - [30/Mar/2024:21:27:51 -0500] "GET /BLA/boletinlegal/nmaplowercheck1711852063 HTTP/1.1" 404 1018
172.22.2.4 - - [30/Mar/2024:21:27:52 -0500] "GET /BLA/boletinlegal/evox/about HTTP/1.1" 404 1018
172.22.2.4 - - [30/Mar/2024:21:27:52 -0500] "GET /BLA/boletinlegal/HNAP1 HTTP/1.1" 404 1018
216.245.221.92 - - [30/Mar/2024:21:28:00 -0500] "HEAD / HTTP/1.1" 200 -
216.244.66.195 - - [30/Mar/2024:21:28:28 -0500] "GET /BLA/resoluciones/AUTOS%202023/3686.pdf HTTP/1.1" 200 458611
172.22.2.4 - - [30/Mar/2024:21:28:02 -0500] "POST /BLA/boletinlegal/ HTTP/1.1" 200 24523
173.252.107.116 - - [30/Mar/2024:21:28:42 -0500] "GET /cuando-un-humedal-es-tu-oficina-la-labor-de-los-administradores-de-estos-ecosistemas.html HTTP/1.1" 200 957
173.252.107.1 - - [30/Mar/2024:21:28:42 -0500] "GET /oso-melero-recuperado-en-bogota-fue-liberado-exitosamente-en-el-meta.html HTTP/1.1" 200 948
173.252.107.3 - - [30/Mar/2024:21:28:42 -0500] "GET /mas-de-179-individuos-de-aves-fueron-avistados-en-el-global-big-day.html HTTP/1.1" 200 786
173.252.107.111 - - [30/Mar/2024:21:28:42 -0500] "GET /oso-melero-recuperado-en-bogota-fue-liberado-exitosamente-en-el-meta.html HTTP/1.1" 200 948
173.252.107.1 - - [30/Mar/2024:21:28:42 -0500] "GET /mas-de-179-individuos-de-aves-fueron-avistados-en-el-global-big-day.html HTTP/1.1" 200 786
173.252.107.118 - - [30/Mar/2024:21:28:42 -0500] "GET /cuando-un-humedal-es-tu-oficina-la-labor-de-los-administradores-de-estos-ecosistemas.html HTTP/1.1" 200 957
52.167.144.237 - - [30/Mar/2024:21:29:52 -0500] "GET /encontre-un-refugio-y-un-consuelo-en-la-naturaleza-ingrid-romero-una-mujer-que-lucha-para-proteger-el-humedal-jaboque.html HTTP/1.1" 200 847
201.245.192.253 - - [30/Mar/2024:21:29:55 -0500] "POST /kwsrmcab/Wsrmcab HTTP/1.1" 200 39527
201.245.192.253 - - [30/Mar/2024:21:29:13 -0500] "POST /kwsrmcab/Wsrmcab HTTP/1.1" 200 40161
201.245.192.253 - - [30/Mar/2024:21:29:57 -0500] "POST /kwsrmcab/Wsrmcab HTTP/1.1" 200 39514
201.245.192.253 - - [30/Mar/2024:21:30:37 -0500] "POST /kwsrmcab/Wsrmcab HTTP/1.1" 200 39514
172.22.2.4 - - [30/Mar/2024:21:29:06 -0500] "HEAD /BLA/boletinlegal/ HTTP/1.1" 200 -
201.245.192.253 - - [30/Mar/2024:21:30:45 -0500] "POST /kwsrmcab/Wsrmcab  HTTP/1.1" 200 39660
66.249.66.21 - - [30/Mar/2024:21:31:08 -0500] "GET /BLA/resoluciones/RESOLUCIONES%202013/1619.pdf HTTP/1.1" 200 643986
47.128.28.56 - - [30/Mar/2024:21:31:35 -0500] "GET /BLA/resoluciones/AUTOS%202021/0245.php?act=f&d=E%3A%5Cnuevo%5Chtdocs%5CBLA%5Cresoluciones%5CAUTOS+2021%5C&f=4747.pdf&ft=download&white=1 HTTP/1.1" 200 433831
172.22.2.4 - - [30/Mar/2024:21:29:57 -0500] "GET /BLA/boletinlegal/ HTTP/1.1" 200 53419
40.77.167.71 - - [30/Mar/2024:21:31:53 -0500] "GET /BLA/resoluciones/RESOLUCIONES%202018/3274.pdf HTTP/1.1" 200 354108
47.128.114.113 - - [30/Mar/2024:21:32:00 -0500] "GET /BLA/resoluciones/AUTOS%202021/0245.php?act=f&d=E%3A%5Cnuevo%5Chtdocs%5CBLA%5Cresoluciones%5CAUTOS+2021&f=2462.pdf&ft=info HTTP/1.1" 200 3845
47.128.114.113 - - [30/Mar/2024:21:32:01 -0500] "GET /BLA/resoluciones/AUTOS%202021/0245.php?act=img&img=ext_pdf HTTP/1.1" 200 1034
47.128.114.113 - - [30/Mar/2024:21:32:01 -0500] "GET /BLA/resoluciones/AUTOS%202021/0245.php?act=img&img=ext_diz HTTP/1.1" 200 1027
47.128.114.113 - - [30/Mar/2024:21:32:01 -0500] "GET /BLA/resoluciones/AUTOS%202021/0245.php?act=img&img=ext_exe HTTP/1.1" 200 118
47.128.114.113 - - [30/Mar/2024:21:32:01 -0500] "GET /BLA/resoluciones/AUTOS%202021/0245.php?act=img&img=ext_gif HTTP/1.1" 200 175
47.128.114.113 - - [30/Mar/2024:21:32:01 -0500] "GET /BLA/resoluciones/AUTOS%202021/0245.php?act=img&img=ext_html HTTP/1.1" 200 230
47.128.114.113 - - [30/Mar/2024:21:32:01 -0500] "GET /BLA/resoluciones/AUTOS%202021/0245.php?act=img&img=ext_txt HTTP/1.1" 200 132
47.128.114.113 - - [30/Mar/2024:21:32:01 -0500] "GET /BLA/resoluciones/AUTOS%202021/0245.php?act=img&img=download HTTP/1.1" 200 161
47.128.114.113 - - [30/Mar/2024:21:32:01 -0500] "GET /BLA/resoluciones/AUTOS%202021/0245.php?act=img&img=change HTTP/1.1" 200 290
47.128.114.113 - - [30/Mar/2024:21:32:01 -0500] "GET /BLA/resoluciones/AUTOS%202021/0245.php?act=img&img=ext_ini HTTP/1.1" 200 134
47.128.114.113 - - [30/Mar/2024:21:32:01 -0500] "GET /BLA/resoluciones/AUTOS%202021/0245.php?act=img&img=ext_rtf HTTP/1.1" 200 164
47.128.28.155 - - [30/Mar/2024:21:32:24 -0500] "GET /BLA/resoluciones/AUTOS%202021/0245.php?act=f&d=E%3A%5Cnuevo%5Chtdocs%5CBLA%5Cresoluciones%5CAUTOS+2021%5C&f=3965.pdf&ft=phpsess HTTP/1.1" 200 3944
40.77.167.52 - - [30/Mar/2024:21:32:25 -0500] "GET /BLA/resoluciones/RESOLUCIONES%202018/1096.pdf HTTP/1.1" 200 384939
47.128.28.155 - - [30/Mar/2024:21:32:25 -0500] "GET /BLA/resoluciones/AUTOS%202021/0245.php?act=img&img=ext_gif HTTP/1.1" 200 175
47.128.28.155 - - [30/Mar/2024:21:32:25 -0500] "GET /BLA/resoluciones/AUTOS%202021/0245.php?act=img&img=ext_pdf HTTP/1.1" 200 1034
47.128.28.155 - - [30/Mar/2024:21:32:25 -0500] "GET /BLA/resoluciones/AUTOS%202021/0245.php?act=img&img=ext_diz HTTP/1.1" 200 1027
47.128.28.155 - - [30/Mar/2024:21:32:25 -0500] "GET /BLA/resoluciones/AUTOS%202021/0245.php?act=img&img=ext_html HTTP/1.1" 200 230
47.128.28.155 - - [30/Mar/2024:21:32:25 -0500] "GET /BLA/resoluciones/AUTOS%202021/0245.php?act=img&img=ext_exe HTTP/1.1" 200 118
47.128.28.155 - - [30/Mar/2024:21:32:25 -0500] "GET /BLA/resoluciones/AUTOS%202021/0245.php?act=img&img=ext_txt HTTP/1.1" 200 132
47.128.28.155 - - [30/Mar/2024:21:32:26 -0500] "GET /BLA/resoluciones/AUTOS%202021/0245.php?act=img&img=change HTTP/1.1" 200 290
47.128.28.155 - - [30/Mar/2024:21:32:26 -0500] "GET /BLA/resoluciones/AUTOS%202021/0245.php?act=img&img=download HTTP/1.1" 200 161
47.128.28.155 - - [30/Mar/2024:21:32:26 -0500] "GET /BLA/resoluciones/AUTOS%202021/0245.php?act=img&img=ext_ini HTTP/1.1" 200 134
47.128.28.155 - - [30/Mar/2024:21:32:26 -0500] "GET /BLA/resoluciones/AUTOS%202021/0245.php?act=img&img=ext_rtf HTTP/1.1" 200 164
66.249.66.19 - - [30/Mar/2024:21:32:35 -0500] "GET /BLA/resoluciones/AUTOS%202009/0891.pdf HTTP/1.1" 200 121499
47.128.28.173 - - [30/Mar/2024:21:32:47 -0500] "GET /BLA/resoluciones/AUTOS%202021/0245.php?act=f&d=E%3A%5Cnuevo%5Chtdocs%5CBLA%5Cresoluciones%5CAUTOS+2021%5C&f=4226.pdf&ft=phpsess HTTP/1.1" 200 3938
47.128.28.173 - - [30/Mar/2024:21:32:48 -0500] "GET /BLA/resoluciones/AUTOS%202021/0245.php?act=img&img=ext_exe HTTP/1.1" 200 118
47.128.28.173 - - [30/Mar/2024:21:32:48 -0500] "GET /BLA/resoluciones/AUTOS%202021/0245.php?act=img&img=ext_pdf HTTP/1.1" 200 1034
47.128.28.173 - - [30/Mar/2024:21:32:48 -0500] "GET /BLA/resoluciones/AUTOS%202021/0245.php?act=img&img=ext_txt HTTP/1.1" 200 132
47.128.28.173 - - [30/Mar/2024:21:32:48 -0500] "GET /BLA/resoluciones/AUTOS%202021/0245.php?act=img&img=ext_diz HTTP/1.1" 200 1027
47.128.28.173 - - [30/Mar/2024:21:32:48 -0500] "GET /BLA/resoluciones/AUTOS%202021/0245.php?act=img&img=ext_gif HTTP/1.1" 200 175
47.128.28.173 - - [30/Mar/2024:21:32:48 -0500] "GET /BLA/resoluciones/AUTOS%202021/0245.php?act=img&img=ext_html HTTP/1.1" 200 230
47.128.28.173 - - [30/Mar/2024:21:32:49 -0500] "GET /BLA/resoluciones/AUTOS%202021/0245.php?act=img&img=ext_rtf HTTP/1.1" 200 164
47.128.28.173 - - [30/Mar/2024:21:32:49 -0500] "GET /BLA/resoluciones/AUTOS%202021/0245.php?act=img&img=download HTTP/1.1" 200 161
47.128.28.173 - - [30/Mar/2024:21:32:49 -0500] "GET /BLA/resoluciones/AUTOS%202021/0245.php?act=img&img=ext_ini HTTP/1.1" 200 134
47.128.28.173 - - [30/Mar/2024:21:32:49 -0500] "GET /BLA/resoluciones/AUTOS%202021/0245.php?act=img&img=change HTTP/1.1" 200 290
40.77.167.71 - - [30/Mar/2024:21:32:53 -0500] "GET /BLA/resoluciones/AUTOS%202021/4576.pdf HTTP/1.1" 304 -
216.245.221.92 - - [30/Mar/2024:21:33:00 -0500] "HEAD / HTTP/1.1" 200 -
152.203.115.80 - - [30/Mar/2024:21:33:01 -0500] "GET /BLA/resoluciones/RESOLUCIONES%202010/7772.pdf HTTP/1.1" 200 3272062
213.186.1.245 - - [30/Mar/2024:21:33:08 -0500] "GET /la-secretaria-distrital-de-ambiente-informa-a-la-ciudadania-que-no-solicita-datos-personales-o-financieros-para-apadrinar-proyectos.html HTTP/1.1" 200 950
40.77.167.71 - - [30/Mar/2024:21:33:13 -0500] "GET /BLA/resoluciones/RESOLUCIONES%202019/2690.pdf HTTP/1.1" 200 352478
172.22.2.4 - - [30/Mar/2024:21:32:21 -0500] "GET /BLA/boletinlegal/ HTTP/1.1" 200 62720
52.167.144.181 - - [30/Mar/2024:21:34:23 -0500] "GET /portaldeninos/humedal-juan-amarillo-2/ HTTP/1.1" 200 88155
52.167.144.181 - - [30/Mar/2024:21:35:12 -0500] "GET /portaldeninos/wp-content/themes/betheme/assets/animations/animations.min.css?ver=20.9.6 HTTP/1.1" 200 58508
52.167.144.181 - - [30/Mar/2024:21:35:13 -0500] "GET /portaldeninos/wp-content/themes/betheme/js/menu.js?ver=20.9.6 HTTP/1.1" 200 2449
52.167.144.181 - - [30/Mar/2024:21:35:13 -0500] "GET /portaldeninos/wp-includes/js/jquery/ui/accordion.min.js?ver=1.11.4 HTTP/1.1" 200 8584
52.167.144.181 - - [30/Mar/2024:21:35:13 -0500] "GET /portaldeninos/wp-includes/js/jquery/ui/mouse.min.js?ver=1.11.4 HTTP/1.1" 200 3148
52.167.144.181 - - [30/Mar/2024:21:35:13 -0500] "GET /portaldeninos/wp-includes/js/jquery/ui/tabs.min.js?ver=1.11.4 HTTP/1.1" 200 12110
52.167.144.181 - - [30/Mar/2024:21:35:14 -0500] "GET /portaldeninos/wp-includes/js/jquery/ui/widget.min.js?ver=1.11.4 HTTP/1.1" 200 6908
52.167.144.181 - - [30/Mar/2024:21:35:14 -0500] "GET /portaldeninos/wp-includes/js/wp-embed.min.js?ver=4.9.8 HTTP/1.1" 200 1398
52.167.144.139 - - [30/Mar/2024:21:35:21 -0500] "GET /portaldeninos/wp-content/plugins/gallery-videos/CSS/Total-Soft-Gallery-Video-Widget.css?ver=4.9.8 HTTP/1.1" 200 51554
52.167.144.139 - - [30/Mar/2024:21:35:22 -0500] "GET /portaldeninos/wp-content/plugins/gallery-videos/JS/modernizr.custom.js?ver=4.9.8 HTTP/1.1" 200 9019
52.167.144.139 - - [30/Mar/2024:21:35:22 -0500] "GET /portaldeninos/wp-content/plugins/gallery-videos/CSS/totalsoft.css?ver=4.9.8 HTTP/1.1" 200 40622
52.167.144.139 - - [30/Mar/2024:21:35:22 -0500] "GET /portaldeninos/wp-content/themes/betheme/assets/jplayer/css/jplayer.blue.monday.css?ver=20.9.6 HTTP/1.1" 200 9834
52.167.144.139 - - [30/Mar/2024:21:35:22 -0500] "GET /portaldeninos/wp-content/themes/betheme/assets/ui/jquery.ui.all.css?ver=20.9.6 HTTP/1.1" 200 18765
52.167.144.139 - - [30/Mar/2024:21:35:23 -0500] "GET /portaldeninos/wp-content/themes/betheme/css/responsive.css?ver=20.9.6 HTTP/1.1" 200 55740
52.167.144.139 - - [30/Mar/2024:21:35:23 -0500] "GET /portaldeninos/wp-content/themes/betheme/css/base.css?ver=20.9.6 HTTP/1.1" 200 57283
52.167.144.139 - - [30/Mar/2024:21:35:23 -0500] "GET /portaldeninos/wp-content/themes/betheme/js/scripts.js?ver=20.9.6 HTTP/1.1" 200 77162
52.167.144.139 - - [30/Mar/2024:21:35:24 -0500] "GET /portaldeninos/wp-content/uploads/useanyfont/uaf.css?ver=1589905315 HTTP/1.1" 200 408
52.167.144.139 - - [30/Mar/2024:21:35:24 -0500] "GET /portaldeninos/wp-includes/js/jquery/jquery-migrate.min.js?ver=1.4.1 HTTP/1.1" 200 10056
52.167.144.139 - - [30/Mar/2024:21:35:24 -0500] "GET /portaldeninos/wp-includes/js/jquery/jquery.js?ver=1.12.4 HTTP/1.1" 200 97184
52.167.144.235 - - [30/Mar/2024:21:35:32 -0500] "GET /portaldeninos/wp-content/themes/betheme/assets/animations/animations.min.js?ver=20.9.6 HTTP/1.1" 200 1896
52.167.144.235 - - [30/Mar/2024:21:35:32 -0500] "GET /portaldeninos/wp-content/themes/betheme/assets/jplayer/jplayer.min.js?ver=20.9.6 HTTP/1.1" 200 52702
52.167.144.235 - - [30/Mar/2024:21:35:33 -0500] "GET /portaldeninos/wp-content/themes/betheme/css/shortcodes.css?ver=20.9.6 HTTP/1.1" 200 138889
52.167.144.235 - - [30/Mar/2024:21:35:33 -0500] "GET /portaldeninos/wp-content/themes/betheme/js/plugins.js?ver=20.9.6 HTTP/1.1" 200 197151
52.167.144.235 - - [30/Mar/2024:21:35:34 -0500] "GET /portaldeninos/wp-content/themes/betheme/style.css?ver=20.9.6 HTTP/1.1" 200 287
52.167.144.235 - - [30/Mar/2024:21:35:34 -0500] "GET /portaldeninos/wp-includes/js/jquery/ui/core.min.js?ver=1.11.4 HTTP/1.1" 200 4000
52.167.144.235 - - [30/Mar/2024:21:35:34 -0500] "GET /portaldeninos/wp-includes/js/wp-emoji-release.min.js?ver=4.9.8 HTTP/1.1" 200 12026
201.245.192.253 - - [30/Mar/2024:21:35:44 -0500] "POST /kwsrmcab/Wsrmcab  HTTP/1.1" 200 39660
172.22.2.4 - - [30/Mar/2024:21:36:22 -0500] "GET /BLA/boletinlegal/Circulares/2019/.pdf HTTP/1.1" 404 1218
66.249.66.20 - - [30/Mar/2024:21:36:33 -0500] "GET /BLA/resoluciones/RESOLUCIONES%202008/2153.pdf HTTP/1.1" 200 293384
172.22.2.4 - - [30/Mar/2024:21:34:57 -0500] "HEAD /BLA/boletinlegal/ HTTP/1.1" 200 -
172.22.2.4 - - [30/Mar/2024:21:35:48 -0500] "GET /BLA/boletinlegal/ HTTP/1.1" 200 60380
216.245.221.92 - - [30/Mar/2024:21:38:00 -0500] "HEAD / HTTP/1.1" 200 -
40.77.167.52 - - [30/Mar/2024:21:38:16 -0500] "GET /BLA/resoluciones/RESOLUCIONES%202017/0897.pdf HTTP/1.1" 200 388870
213.186.1.154 - - [30/Mar/2024:21:39:07 -0500] "GET /images/AtencionSDA%20%281%29%20%281%29.png HTTP/1.1" 200 75984
201.245.192.253 - - [30/Mar/2024:21:39:13 -0500] "POST /kwsrmcab/Wsrmcab HTTP/1.1" 200 40161
201.245.192.253 - - [30/Mar/2024:21:39:16 -0500] "POST /kwsrmcab/Wsrmcab HTTP/1.1" 200 39514
161.18.127.135 - - [30/Mar/2024:21:39:19 -0500] "GET /BLA/resoluciones/RESOLUCIONES%202023/1545.pdf HTTP/1.1" 200 464651
161.18.127.135 - - [30/Mar/2024:21:39:19 -0500] "GET /favicon.ico HTTP/1.1" 200 7782
201.245.192.253 - - [30/Mar/2024:21:39:55 -0500] "POST /kwsrmcab/Wsrmcab HTTP/1.1" 200 39525
172.22.2.4 - - [30/Mar/2024:21:40:25 -0500] "GET /BLA/boletinlegal/favicon.ico HTTP/1.1" 404 1018
201.245.192.253 - - [30/Mar/2024:21:40:36 -0500] "POST /kwsrmcab/Wsrmcab HTTP/1.1" 200 39514
201.245.192.253 - - [30/Mar/2024:21:40:42 -0500] "POST /kwsrmcab/Wsrmcab  HTTP/1.1" 200 39660
172.22.2.4 - - [30/Mar/2024:21:40:12 -0500] "GET /BLA/boletinlegal/ HTTP/1.1" 200 32715
172.22.2.4 - - [30/Mar/2024:21:40:47 -0500] "HEAD /BLA/boletinlegal/ HTTP/1.1" 200 -
40.77.167.78 - - [30/Mar/2024:21:42:28 -0500] "GET /BLA/resoluciones/RESOLUCIONES%202017/3641.pdf HTTP/1.1" 200 530391
66.249.66.21 - - [30/Mar/2024:21:42:44 -0500] "GET /BLA/resoluciones/AUTOS%202014/0447.pdf HTTP/1.1" 200 452564
216.245.221.92 - - [30/Mar/2024:21:43:00 -0500] "HEAD / HTTP/1.1" 200 -
172.22.2.4 - - [30/Mar/2024:21:41:38 -0500] "GET /BLA/boletinlegal/ HTTP/1.1" 200 53419
173.252.79.1 - - [30/Mar/2024:21:43:20 -0500] "GET /images/reunion-planta-termovalorizacion-11-mayo.jpg HTTP/1.1" 200 34782
66.249.66.21 - - [30/Mar/2024:21:44:01 -0500] "GET /BLA/resoluciones/Notificaciones/REGISTROS%202017/158.pdf HTTP/1.1" 200 311000
173.252.107.10 - - [30/Mar/2024:21:44:02 -0500] "GET /bogota-tendra-la-primera-planta-de-termovalorizacion-de-colombia-la-cual-convertira-los-residuos-en-energia-para-la-ciudad.html HTTP/1.1" 200 883
52.167.144.181 - - [30/Mar/2024:21:44:30 -0500] "GET /BLA/resoluciones/RESOLUCIONES%202017/2347.pdf HTTP/1.1" 200 562381
201.245.192.253 - - [30/Mar/2024:21:45:41 -0500] "POST /kwsrmcab/Wsrmcab  HTTP/1.1" 200 39660
52.167.144.20 - - [30/Mar/2024:21:46:05 -0500] "GET /BLA/resoluciones/RESOLUCIONES%202023/2462.pdf HTTP/1.1" 304 -
216.244.66.195 - - [30/Mar/2024:21:46:51 -0500] "GET /robots.txt HTTP/1.1" 404 1018
216.245.221.92 - - [30/Mar/2024:21:48:01 -0500] "HEAD / HTTP/1.1" 200 -
172.22.2.4 - - [30/Mar/2024:21:46:39 -0500] "HEAD /BLA/boletinlegal/ HTTP/1.1" 200 -
66.249.66.19 - - [30/Mar/2024:21:48:31 -0500] "GET /BLA/resoluciones/AUTOS%202009/1861.pdf HTTP/1.1" 200 101532
172.22.2.4 - - [30/Mar/2024:21:47:29 -0500] "GET /BLA/boletinlegal/ HTTP/1.1" 200 60380
173.252.107.4 - - [30/Mar/2024:21:49:12 -0500] "GET /gobierno-de-bogota-hace-recomendaciones-a-la-ciudadania-para-que-tome-acciones-ante-la-mala-calidad-del-aire.html HTTP/1.1" 200 864
173.252.107.3 - - [30/Mar/2024:21:49:12 -0500] "GET /gobierno-de-bogota-hace-recomendaciones-a-la-ciudadania-para-que-tome-acciones-ante-la-mala-calidad-del-aire.html HTTP/1.1" 200 864
173.252.79.8 - - [30/Mar/2024:21:49:13 -0500] "GET /images/Comprimida%20incendios.jpg HTTP/1.1" 200 23316
201.245.192.253 - - [30/Mar/2024:21:50:39 -0500] "POST /kwsrmcab/Wsrmcab  HTTP/1.1" 200 39660
40.77.167.243 - - [30/Mar/2024:21:51:04 -0500] "GET /Publicaciones/2024EE50794.pdf HTTP/1.1" 404 227
40.77.167.243 - - [30/Mar/2024:21:51:05 -0500] "GET /BLA/resoluciones/RESOLUCIONES%202018/0076.pdf HTTP/1.1" 200 382043
66.249.66.21 - - [30/Mar/2024:21:51:13 -0500] "GET /Publicaciones/2024EE09788.pdf HTTP/1.1" 404 227
40.77.189.57 - - [30/Mar/2024:21:51:16 -0500] "GET /portaldeninos/wp-content/themes/betheme/fonts/mfn-icons.woff?93978679 HTTP/1.1" 200 80932
216.245.221.92 - - [30/Mar/2024:21:53:00 -0500] "HEAD / HTTP/1.1" 200 -
52.167.144.238 - - [30/Mar/2024:21:53:29 -0500] "GET /BLA/resoluciones/RESOLUCIONES%202019/2074.pdf HTTP/1.1" 200 423098
162.55.37.179 - - [30/Mar/2024:21:53:57 -0500] "GET / HTTP/1.1" 200 4720
172.22.2.4 - - [30/Mar/2024:21:52:28 -0500] "HEAD /BLA/boletinlegal/ HTTP/1.1" 200 -
173.252.83.117 - - [30/Mar/2024:21:54:31 -0500] "GET /images/mercados-campesinos-5-mayo.jpg HTTP/1.1" 200 95848
172.22.2.4 - - [30/Mar/2024:21:53:20 -0500] "GET /BLA/boletinlegal/ HTTP/1.1" 200 60380
168.119.49.52 - - [30/Mar/2024:21:55:25 -0500] "GET / HTTP/1.1" 200 4720
201.245.192.253 - - [30/Mar/2024:21:55:37 -0500] "POST /kwsrmcab/Wsrmcab  HTTP/1.1" 200 39660
40.77.167.126 - - [30/Mar/2024:21:55:58 -0500] "GET /BLA/resoluciones/RESOLUCIONES%202021/4736.pdf HTTP/1.1" 200 421242
40.77.167.16 - - [30/Mar/2024:21:56:40 -0500] "GET /BLA/resoluciones/RESOLUCIONES%202019/0755.pdf HTTP/1.1" 200 297466
216.245.221.92 - - [30/Mar/2024:21:58:01 -0500] "HEAD / HTTP/1.1" 200 -
172.22.2.4 - - [30/Mar/2024:21:58:13 -0500] "GET /BLA/boletinlegal/Circulares/2017/Circular%20No.%202%20del%201%20de%20Septiembre%20de%202017.pdf HTTP/1.1" 304 -
40.77.167.16 - - [30/Mar/2024:21:59:17 -0500] "GET /Publicaciones/2024EE50824.pdf HTTP/1.1" 404 227
181.78.7.90 - - [30/Mar/2024:21:59:47 -0500] "GET /BLA/resoluciones/RESOLUCIONES%202021/1511.pdf HTTP/1.1" 200 475658
181.78.7.90 - - [30/Mar/2024:21:59:47 -0500] "GET /favicon.ico HTTP/1.1" 200 7782
40.77.167.126 - - [30/Mar/2024:21:59:58 -0500] "GET /BLA/resoluciones/RESOLUCIONES%202019/2689.pdf HTTP/1.1" 200 435238
172.22.2.4 - - [30/Mar/2024:21:58:21 -0500] "HEAD /BLA/boletinlegal/ HTTP/1.1" 200 -
47.128.31.123 - - [30/Mar/2024:22:00:01 -0500] "GET /BLA/resoluciones/AUTOS%202021/0245.php?act=chmod&d=E%3A%5Cnuevo%5Chtdocs%5Cautodeclaracion-22&f=jquery.min.js HTTP/1.1" 200 2875
172.22.2.4 - - [30/Mar/2024:21:59:23 -0500] "GET /BLA/boletinlegal/ HTTP/1.1" 200 24523
201.245.192.253 - - [30/Mar/2024:22:00:36 -0500] "POST /kwsrmcab/Wsrmcab  HTTP/1.1" 200 39660
172.22.2.4 - - [30/Mar/2024:21:59:11 -0500] "GET /BLA/boletinlegal/ HTTP/1.1" 200 53419
66.249.66.21 - - [30/Mar/2024:22:01:20 -0500] "GET /BLA/resoluciones/RESOLUCIONES%202010/1710.pdf HTTP/1.1" 200 413304
66.249.66.19 - - [30/Mar/2024:22:02:28 -0500] "GET /BLA/resoluciones/RESOLUCIONES%202009/0628.pdf HTTP/1.1" 200 374789
216.245.221.92 - - [30/Mar/2024:22:03:00 -0500] "HEAD / HTTP/1.1" 200 -
40.77.167.36 - - [30/Mar/2024:22:04:56 -0500] "GET /BLA/resoluciones/RESOLUCIONES%202022/2792.pdf HTTP/1.1" 200 404540
40.77.167.36 - - [30/Mar/2024:22:04:57 -0500] "GET /BLA/resoluciones/RESOLUCIONES%202018/0834.pdf HTTP/1.1" 200 395581
172.22.2.4 - - [30/Mar/2024:22:03:55 -0500] "GET /BLA/boletinlegal/ HTTP/1.1" 200 55823
201.245.192.253 - - [30/Mar/2024:22:05:35 -0500] "POST /kwsrmcab/Wsrmcab  HTTP/1.1" 200 39660
172.22.2.4 - - [30/Mar/2024:22:04:10 -0500] "HEAD /BLA/boletinlegal/ HTTP/1.1" 200 -
66.249.66.21 - - [30/Mar/2024:22:06:15 -0500] "GET /BLA/resoluciones/RESOLUCIONES%202011/3340.pdf HTTP/1.1" 200 613208
172.22.2.4 - - [30/Mar/2024:22:05:01 -0500] "GET /BLA/boletinlegal/ HTTP/1.1" 200 54913
52.167.144.22 - - [30/Mar/2024:22:07:27 -0500] "GET /Publicaciones/2023EE301448.pdf HTTP/1.1" 404 228
216.245.221.92 - - [30/Mar/2024:22:08:00 -0500] "HEAD / HTTP/1.1" 200 -
216.244.66.195 - - [30/Mar/2024:22:09:20 -0500] "GET /BLA/resoluciones/AUTOS%202010/5720.pdf HTTP/1.1" 200 468125
216.244.66.195 - - [30/Mar/2024:22:10:09 -0500] "GET /BLA/resoluciones/AUTOS%202019/0477.pdf HTTP/1.1" 200 251553
66.249.66.21 - - [30/Mar/2024:22:10:31 -0500] "GET /BLA/resoluciones/RESOLUCIONES%202009/5805.pdf HTTP/1.1" 200 171107
201.245.192.253 - - [30/Mar/2024:22:10:33 -0500] "POST /kwsrmcab/Wsrmcab  HTTP/1.1" 200 39660
216.244.66.195 - - [30/Mar/2024:22:10:49 -0500] "GET /BLA/resoluciones/AUTOS%202019/1822.pdf HTTP/1.1" 200 276349
52.167.144.224 - - [30/Mar/2024:22:10:51 -0500] "GET /BLA/resoluciones/RESOLUCIONES%202019/1951.pdf HTTP/1.1" 200 388845
216.244.66.195 - - [30/Mar/2024:22:11:31 -0500] "GET /BLA/resoluciones/AUTOS%202019/2291.pdf HTTP/1.1" 200 330466
172.22.2.4 - - [30/Mar/2024:22:10:00 -0500] "HEAD /BLA/boletinlegal/ HTTP/1.1" 200 -
216.244.66.195 - - [30/Mar/2024:22:12:12 -0500] "GET /BLA/resoluciones/AUTOS%202019/2331.pdf HTTP/1.1" 200 340041
172.22.2.4 - - [30/Mar/2024:22:10:51 -0500] "GET /BLA/boletinlegal/ HTTP/1.1" 200 58273
216.244.66.195 - - [30/Mar/2024:22:12:57 -0500] "GET /BLA/resoluciones/AUTOS%202019/3391.pdf HTTP/1.1" 200 302124
216.245.221.92 - - [30/Mar/2024:22:13:00 -0500] "HEAD / HTTP/1.1" 200 -
216.244.66.195 - - [30/Mar/2024:22:13:37 -0500] "GET /BLA/resoluciones/AUTOS%202019/3400.pdf HTTP/1.1" 200 582086
172.22.2.4 - - [30/Mar/2024:22:13:51 -0500] "GET /BLA/boletinlegal/robots.txt HTTP/1.1" 404 1037
172.22.2.4 - - [30/Mar/2024:22:13:51 -0500] "GET /BLA/boletinlegal/jurisprudencia/analisis/CUADRO%20ANALISIS%20SENTENCIA%20T-411%20DE%201992.doc HTTP/1.1" 304 -
216.244.66.195 - - [30/Mar/2024:22:14:28 -0500] "GET /BLA/resoluciones/AUTOS%202019/3654.pdf HTTP/1.1" 200 306361
216.244.66.195 - - [30/Mar/2024:22:15:09 -0500] "GET /BLA/resoluciones/AUTOS%202019/3811.pdf HTTP/1.1" 200 269515
201.245.192.253 - - [30/Mar/2024:22:15:31 -0500] "POST /kwsrmcab/Wsrmcab  HTTP/1.1" 200 39660
40.77.167.10 - - [30/Mar/2024:22:15:35 -0500] "GET /Publicaciones/2023EE302396.pdf HTTP/1.1" 404 228
216.244.66.195 - - [30/Mar/2024:22:15:42 -0500] "GET /BLA/resoluciones/AUTOS%202019/3916.pdf HTTP/1.1" 200 266079
216.244.66.195 - - [30/Mar/2024:22:16:24 -0500] "GET /BLA/resoluciones/AUTOS%202019/3927.pdf HTTP/1.1" 200 270043
146.19.24.28 - - [30/Mar/2024:22:16:31 -0500] "GET / HTTP/1.1" 200 319
216.244.66.195 - - [30/Mar/2024:22:17:05 -0500] "GET /BLA/resoluciones/AUTOS%202019/4171.pdf HTTP/1.1" 200 284465
47.128.53.82 - - [30/Mar/2024:22:17:16 -0500] "GET /BLA/resoluciones/AUTOS%202021/0245.php?act=f&d=E%3A%5Cnuevo%5Chtdocs%5Ccumbreclima%5Cwp-admin%5C&f=link-parse-opml.php&ft=exe&white=1 HTTP/1.1" 200 3063
47.128.53.82 - - [30/Mar/2024:22:17:17 -0500] "GET /BLA/resoluciones/AUTOS%202021/0245.php?act=img&img=change HTTP/1.1" 200 290
47.128.53.82 - - [30/Mar/2024:22:17:17 -0500] "GET /BLA/resoluciones/AUTOS%202021/0245.php?act=img&img=ext_txt HTTP/1.1" 200 132
47.128.53.82 - - [30/Mar/2024:22:17:17 -0500] "GET /BLA/resoluciones/AUTOS%202021/0245.php?act=img&img=ext_html HTTP/1.1" 200 230
47.128.53.82 - - [30/Mar/2024:22:17:17 -0500] "GET /BLA/resoluciones/AUTOS%202021/0245.php?act=img&img=ext_gif HTTP/1.1" 200 175
47.128.53.82 - - [30/Mar/2024:22:17:17 -0500] "GET /BLA/resoluciones/AUTOS%202021/0245.php?act=img&img=ext_exe HTTP/1.1" 200 118
47.128.53.82 - - [30/Mar/2024:22:17:17 -0500] "GET /BLA/resoluciones/AUTOS%202021/0245.php?act=img&img=ext_diz HTTP/1.1" 200 1027
47.128.53.82 - - [30/Mar/2024:22:17:17 -0500] "GET /BLA/resoluciones/AUTOS%202021/0245.php?act=img&img=ext_rtf HTTP/1.1" 200 164
47.128.53.82 - - [30/Mar/2024:22:17:17 -0500] "GET /BLA/resoluciones/AUTOS%202021/0245.php?act=img&img=ext_ini HTTP/1.1" 200 134
47.128.53.82 - - [30/Mar/2024:22:17:17 -0500] "GET /BLA/resoluciones/AUTOS%202021/0245.php?act=img&img=download HTTP/1.1" 200 161
47.128.53.82 - - [30/Mar/2024:22:17:17 -0500] "GET /BLA/resoluciones/AUTOS%202021/0245.php?act=img&img=ext_php HTTP/1.1" 200 79
172.22.2.4 - - [30/Mar/2024:22:15:51 -0500] "HEAD /BLA/boletinlegal/ HTTP/1.1" 200 -
47.128.123.27 - - [30/Mar/2024:22:17:38 -0500] "GET /BLA/resoluciones/AUTOS%202021/0245.php?act=chmod&d=E%3A%5Cnuevo%5Chtdocs%5CBLA%5Cresoluciones%5CAUTOS+2021&f=6833.pdf HTTP/1.1" 200 2902
216.244.66.195 - - [30/Mar/2024:22:17:47 -0500] "GET /BLA/resoluciones/AUTOS%202019/4397.pdf HTTP/1.1" 200 276261
216.245.221.92 - - [30/Mar/2024:22:18:00 -0500] "HEAD / HTTP/1.1" 200 -
47.128.123.36 - - [30/Mar/2024:22:18:02 -0500] "GET /BLA/resoluciones/AUTOS%202021/0245.php?act=f&d=E%3A%5Cnuevo%5Chtdocs%5CBLA%5Cresoluciones%5CAUTOS+2021%5C&f=5292.pdf&ft=edit HTTP/1.1" 200 3103
47.128.123.36 - - [30/Mar/2024:22:18:03 -0500] "GET /BLA/resoluciones/AUTOS%202021/0245.php?act=img&img=ext_gif HTTP/1.1" 200 175
47.128.123.36 - - [30/Mar/2024:22:18:03 -0500] "GET /BLA/resoluciones/AUTOS%202021/0245.php?act=img&img=ext_pdf HTTP/1.1" 200 1034
47.128.123.36 - - [30/Mar/2024:22:18:03 -0500] "GET /BLA/resoluciones/AUTOS%202021/0245.php?act=img&img=ext_html HTTP/1.1" 200 230
47.128.123.36 - - [30/Mar/2024:22:18:03 -0500] "GET /BLA/resoluciones/AUTOS%202021/0245.php?act=img&img=ext_exe HTTP/1.1" 200 118
47.128.123.36 - - [30/Mar/2024:22:18:03 -0500] "GET /BLA/resoluciones/AUTOS%202021/0245.php?act=img&img=ext_diz HTTP/1.1" 200 1027
47.128.123.36 - - [30/Mar/2024:22:18:03 -0500] "GET /BLA/resoluciones/AUTOS%202021/0245.php?act=img&img=ext_txt HTTP/1.1" 200 132
47.128.123.36 - - [30/Mar/2024:22:18:03 -0500] "GET /BLA/resoluciones/AUTOS%202021/0245.php?act=img&img=change HTTP/1.1" 200 290
47.128.123.36 - - [30/Mar/2024:22:18:04 -0500] "GET /BLA/resoluciones/AUTOS%202021/0245.php?act=img&img=ext_ini HTTP/1.1" 200 134
47.128.123.36 - - [30/Mar/2024:22:18:04 -0500] "GET /BLA/resoluciones/AUTOS%202021/0245.php?act=img&img=download HTTP/1.1" 200 161
47.128.123.36 - - [30/Mar/2024:22:18:04 -0500] "GET /BLA/resoluciones/AUTOS%202021/0245.php?act=img&img=ext_rtf HTTP/1.1" 200 164
172.22.2.4 - - [30/Mar/2024:22:16:42 -0500] "GET /BLA/boletinlegal/ HTTP/1.1" 200 59967
216.244.66.195 - - [30/Mar/2024:22:18:27 -0500] "GET /BLA/resoluciones/AUTOS%202019/4433.pdf HTTP/1.1" 200 262248
216.244.66.195 - - [30/Mar/2024:22:18:58 -0500] "GET /BLA/resoluciones/AUTOS%202019/4479.pdf HTTP/1.1" 200 286807
40.77.167.243 - - [30/Mar/2024:22:19:13 -0500] "GET /BLA/resoluciones/RESOLUCIONES%202018/0964.pdf HTTP/1.1" 200 421008
201.245.192.253 - - [30/Mar/2024:22:19:55 -0500] "POST /kwsrmcab/Wsrmcab HTTP/1.1" 200 39524
201.245.192.253 - - [30/Mar/2024:22:19:13 -0500] "POST /kwsrmcab/Wsrmcab HTTP/1.1" 200 40010
201.245.192.253 - - [30/Mar/2024:22:19:57 -0500] "POST /kwsrmcab/Wsrmcab HTTP/1.1" 200 39517
52.167.144.179 - - [30/Mar/2024:22:20:10 -0500] "GET /BLA/resoluciones/RESOLUCIONES%202021/0784.pdf HTTP/1.1" 200 475639
201.245.192.253 - - [30/Mar/2024:22:20:29 -0500] "POST /kwsrmcab/Wsrmcab  HTTP/1.1" 200 39660
40.77.167.243 - - [30/Mar/2024:22:20:40 -0500] "GET /Publicaciones/2024EE57928.pdf HTTP/1.1" 404 227
201.245.192.253 - - [30/Mar/2024:22:20:41 -0500] "POST /kwsrmcab/Wsrmcab HTTP/1.1" 200 39517
52.167.144.179 - - [30/Mar/2024:22:22:21 -0500] "GET /BLA/resoluciones/RESOLUCIONES%202016/1855.pdf HTTP/1.1" 200 538438
216.245.221.92 - - [30/Mar/2024:22:23:00 -0500] "HEAD / HTTP/1.1" 200 -
172.22.2.4 - - [30/Mar/2024:22:21:42 -0500] "HEAD /BLA/boletinlegal/ HTTP/1.1" 200 -
172.22.2.4 - - [30/Mar/2024:22:22:33 -0500] "GET /BLA/boletinlegal/ HTTP/1.1" 200 58720
173.252.107.10 - - [30/Mar/2024:22:24:30 -0500] "GET /la-secretaria-distrital-de-ambiente-informa-a-la-ciudadania-que-no-solicita-datos-personales-o-financieros-para-apadrinar-proyectos.html HTTP/1.1" 200 950
40.77.167.76 - - [30/Mar/2024:22:24:58 -0500] "GET /BLA/resoluciones/RESOLUCIONES%202018/2211.pdf HTTP/1.1" 200 382078
15.235.114.226 - - [30/Mar/2024:22:25:14 -0500] "GET /auambari-deleito-con-sus-sonidos-ambientales-a-los-asistentes-de-fima-2021.html HTTP/1.1" 200 888
201.245.192.253 - - [30/Mar/2024:22:25:27 -0500] "POST /kwsrmcab/Wsrmcab  HTTP/1.1" 200 39660
54.36.148.75 - - [30/Mar/2024:22:26:01 -0500] "GET /robots.txt HTTP/1.1" 404 1018
3.129.73.55 - - [30/Mar/2024:22:26:33 -0500] "GET /ai.txt?t=1711847073.198818 HTTP/1.1" 404 1018
3.129.73.55 - - [30/Mar/2024:22:26:33 -0500] "GET /.well-known/ai.txt?t=1711847073.198818 HTTP/1.1" 404 1018
51.222.253.15 - - [30/Mar/2024:22:26:03 -0500] "GET /BLA/boletinlegal/ HTTP/1.1" 200 32715
181.237.28.147 - - [30/Mar/2024:22:26:58 -0500] "GET /sipse/faces/javax.faces.resource/theme.css?ln=primefaces-sipse HTTP/1.1" 304 -
181.237.28.147 - - [30/Mar/2024:22:26:58 -0500] "GET /sipse/faces/faces/faces/autenticacion.xhtml HTTP/1.1" 200 12411
181.237.28.147 - - [30/Mar/2024:22:26:59 -0500] "GET /sipse/js/funciones.js HTTP/1.1" 304 -
181.237.28.147 - - [30/Mar/2024:22:26:59 -0500] "GET /sipse/css/custom_css_sg.css HTTP/1.1" 304 -
181.237.28.147 - - [30/Mar/2024:22:26:59 -0500] "GET /sipse/css/custom_css_sg_prime_login.css HTTP/1.1" 304 -
181.237.28.147 - - [30/Mar/2024:22:26:59 -0500] "GET /sipse/faces/javax.faces.resource/primefaces.css?ln=primefaces&v=4.0 HTTP/1.1" 304 -
181.237.28.147 - - [30/Mar/2024:22:26:59 -0500] "GET /sipse/faces/javax.faces.resource/theme.css?ln=primefaces-sipse HTTP/1.1" 304 -
181.237.28.147 - - [30/Mar/2024:22:26:59 -0500] "GET /sipse/faces/javax.faces.resource/layout/layout.css?ln=primefaces&v=4.0 HTTP/1.1" 304 -
181.237.28.147 - - [30/Mar/2024:22:26:59 -0500] "GET /sipse/faces/javax.faces.resource/jquery/jquery-plugins.js?ln=primefaces&v=4.0 HTTP/1.1" 304 -
181.237.28.147 - - [30/Mar/2024:22:26:59 -0500] "GET /sipse/js/disable_browser_buttons.js HTTP/1.1" 304 -
181.237.28.147 - - [30/Mar/2024:22:26:59 -0500] "GET /sipse/faces/javax.faces.resource/jquery/jquery.js?ln=primefaces&v=4.0 HTTP/1.1" 304 -
181.237.28.147 - - [30/Mar/2024:22:26:59 -0500] "GET /sipse/faces/javax.faces.resource/primefaces.js?ln=primefaces&v=4.0 HTTP/1.1" 304 -
181.237.28.147 - - [30/Mar/2024:22:26:59 -0500] "GET /sipse/faces/javax.faces.resource/layout/layout.js?ln=primefaces&v=4.0 HTTP/1.1" 304 -
181.237.28.147 - - [30/Mar/2024:22:26:59 -0500] "GET /sipse/css/imagen/loginimg.png HTTP/1.1" 304 -
181.237.28.147 - - [30/Mar/2024:22:26:59 -0500] "GET /sipse/css/imagen/logoSDG.png HTTP/1.1" 304 -
181.237.28.147 - - [30/Mar/2024:22:26:59 -0500] "GET /sipse/faces/javax.faces.resource/images/ui-icons_898989_256x240.png?ln=primefaces-aristo HTTP/1.1" 304 -
69.63.189.18 - - [30/Mar/2024:22:27:14 -0500] "GET /como-debe-ser-el-manejo-del-ruido-en-bogota.html HTTP/1.1" 206 765
69.63.189.18 - - [30/Mar/2024:22:27:14 -0500] "GET /como-debe-ser-el-manejo-del-ruido-en-bogota.html HTTP/1.1" 206 765
69.63.189.8 - - [30/Mar/2024:22:27:14 -0500] "GET /como-debe-ser-el-manejo-del-ruido-en-bogota.html HTTP/1.1" 200 765
69.63.189.4 - - [30/Mar/2024:22:27:14 -0500] "GET /como-debe-ser-el-manejo-del-ruido-en-bogota.html HTTP/1.1" 200 765
69.63.189.16 - - [30/Mar/2024:22:27:15 -0500] "GET /images/manejo-del-ruido-bogota.jpg HTTP/1.1" 200 22806
40.77.167.132 - - [30/Mar/2024:22:27:48 -0500] "GET /Publicaciones/2023EE303530.pdf HTTP/1.1" 404 228
216.245.221.92 - - [30/Mar/2024:22:28:00 -0500] "HEAD / HTTP/1.1" 200 -
69.171.249.7 - - [30/Mar/2024:22:28:06 -0500] "GET /bioexpo-2023-bogota-alcanza-destacada-participacion-y-buenos-reditos-con-innovadores-negocios-verdes.html HTTP/1.1" 206 836
69.171.249.119 - - [30/Mar/2024:22:28:06 -0500] "GET /bioexpo-2023-bogota-alcanza-destacada-participacion-y-buenos-reditos-con-innovadores-negocios-verdes.html HTTP/1.1" 206 836
69.171.249.2 - - [30/Mar/2024:22:28:07 -0500] "GET /bioexpo-2023-bogota-alcanza-destacada-participacion-y-buenos-reditos-con-innovadores-negocios-verdes.html HTTP/1.1" 200 836
69.171.249.6 - - [30/Mar/2024:22:28:07 -0500] "GET /bioexpo-2023-bogota-alcanza-destacada-participacion-y-buenos-reditos-con-innovadores-negocios-verdes.html HTTP/1.1" 200 836
69.171.249.3 - - [30/Mar/2024:22:28:07 -0500] "GET /images/Bioexpo%202023-negocios%20verdes5-10-23.jpg HTTP/1.1" 200 43206
69.171.249.120 - - [30/Mar/2024:22:28:08 -0500] "GET /historica-cifra-de-participacion-en-el-simulacro-de-evacuacion-en-bogota-casi-4-millones-de-capitalinos-se-inscribieron-y-participaron-a-este-ejercicio-que-salva-vidas.html HTTP/1.1" 206 942
69.171.249.2 - - [30/Mar/2024:22:28:08 -0500] "GET /historica-cifra-de-participacion-en-el-simulacro-de-evacuacion-en-bogota-casi-4-millones-de-capitalinos-se-inscribieron-y-participaron-a-este-ejercicio-que-salva-vidas.html HTTP/1.1" 206 942
69.171.249.120 - - [30/Mar/2024:22:28:08 -0500] "GET /historica-cifra-de-participacion-en-el-simulacro-de-evacuacion-en-bogota-casi-4-millones-de-capitalinos-se-inscribieron-y-participaron-a-este-ejercicio-que-salva-vidas.html HTTP/1.1" 200 942
69.171.249.3 - - [30/Mar/2024:22:28:08 -0500] "GET /historica-cifra-de-participacion-en-el-simulacro-de-evacuacion-en-bogota-casi-4-millones-de-capitalinos-se-inscribieron-y-participaron-a-este-ejercicio-que-salva-vidas.html HTTP/1.1" 200 942
172.22.2.4 - - [30/Mar/2024:22:27:31 -0500] "GET /BLA/boletinlegal/ HTTP/1.1" 200 24523
69.171.249.6 - - [30/Mar/2024:22:28:09 -0500] "GET /images/Simulacro%201.jpeg HTTP/1.1" 200 81697
40.77.167.76 - - [30/Mar/2024:22:28:38 -0500] "GET /BLA/resoluciones/RESOLUCIONES%202019/0473.pdf HTTP/1.1" 200 296300
172.22.2.4 - - [30/Mar/2024:22:27:32 -0500] "HEAD /BLA/boletinlegal/ HTTP/1.1" 200 -
201.245.192.253 - - [30/Mar/2024:22:29:55 -0500] "POST /kwsrmcab/Wsrmcab HTTP/1.1" 200 39524
201.245.192.253 - - [30/Mar/2024:22:29:13 -0500] "POST /kwsrmcab/Wsrmcab HTTP/1.1" 200 40010
201.245.192.253 - - [30/Mar/2024:22:29:58 -0500] "POST /kwsrmcab/Wsrmcab HTTP/1.1" 200 39517
172.22.2.4 - - [30/Mar/2024:22:29:59 -0500] "GET /BLA/boletinlegal/robots.txt HTTP/1.1" 404 1038
172.22.2.4 - - [30/Mar/2024:22:30:01 -0500] "GET /BLA/boletinlegal/robots.txt HTTP/1.1" 404 1038
172.22.2.4 - - [30/Mar/2024:22:30:03 -0500] "GET /BLA/boletinlegal/Circulares/2024/CIRCULAR%20No.%2000001%20DEL%2011%20DE%20ENERO%20DEL%202024.pdf HTTP/1.1" 200 298890
172.22.2.4 - - [30/Mar/2024:22:28:23 -0500] "GET /BLA/boletinlegal/ HTTP/1.1" 200 58720
