172.22.2.4 - - [30/Mar/2024:22:30:06 -0500] "GET /BLA/boletinlegal/Circulares/2024/CIRCULAR%20No.%2000001%20DEL%2011%20DE%20ENERO%20DEL%202024.pdf HTTP/1.1" 200 298890
172.22.2.4 - - [30/Mar/2024:22:30:06 -0500] "GET /BLA/boletinlegal/Circulares/2024/CIRCULAR%20No.%2000001%20DEL%2011%20DE%20ENERO%20DEL%202024.pdf HTTP/1.1" 200 298890
172.22.2.4 - - [30/Mar/2024:22:30:07 -0500] "GET /BLA/boletinlegal/Circulares/2024/CIRCULAR%20No.%2000001%20DEL%2011%20DE%20ENERO%20DEL%202024.pdf HTTP/1.1" 200 298890
201.245.192.253 - - [30/Mar/2024:22:30:25 -0500] "POST /kwsrmcab/Wsrmcab  HTTP/1.1" 200 39660
201.245.192.253 - - [30/Mar/2024:22:30:43 -0500] "POST /kwsrmcab/Wsrmcab HTTP/1.1" 200 39517
173.252.79.113 - - [30/Mar/2024:22:32:34 -0500] "GET /la-secretaria-distrital-de-ambiente-informa-a-la-ciudadania-que-no-solicita-datos-personales-o-financieros-para-apadrinar-proyectos.html HTTP/1.1" 200 950
216.245.221.92 - - [30/Mar/2024:22:33:00 -0500] "HEAD / HTTP/1.1" 200 -
66.249.66.21 - - [30/Mar/2024:22:33:15 -0500] "GET /BLA/resoluciones/Notificaciones/AUTOS%202022/1431.pdf HTTP/1.1" 304 -
66.249.66.21 - - [30/Mar/2024:22:33:16 -0500] "GET /BLA/resoluciones/Notificaciones/AUTOS%202023/6087.pdf HTTP/1.1" 304 -
66.249.66.19 - - [30/Mar/2024:22:33:17 -0500] "GET /Publicaciones/2024EE29042.pdf HTTP/1.1" 404 227
172.22.2.4 - - [30/Mar/2024:22:32:36 -0500] "GET /BLA/boletinlegal/ HTTP/1.1" 200 57889
40.77.167.61 - - [30/Mar/2024:22:34:49 -0500] "GET /BLA/resoluciones/RESOLUCIONES%202019/0668.pdf HTTP/1.1" 200 300878
172.22.2.4 - - [30/Mar/2024:22:33:23 -0500] "HEAD /BLA/boletinlegal/ HTTP/1.1" 200 -
201.245.192.253 - - [30/Mar/2024:22:35:24 -0500] "POST /kwsrmcab/Wsrmcab  HTTP/1.1" 200 39660
172.22.2.4 - - [30/Mar/2024:22:34:13 -0500] "GET /BLA/boletinlegal/ HTTP/1.1" 200 60380
216.244.66.195 - - [30/Mar/2024:22:35:53 -0500] "GET /robots.txt HTTP/1.1" 404 1018
40.77.167.132 - - [30/Mar/2024:22:36:11 -0500] "GET /BLA/resoluciones/RESOLUCIONES%202021/3980.pdf HTTP/1.1" 200 417342
66.249.66.19 - - [30/Mar/2024:22:36:13 -0500] "GET /BLA/resoluciones/RESOLUCIONES%202019/0953.pdf HTTP/1.1" 304 -
172.22.2.4 - - [30/Mar/2024:22:36:36 -0500] "GET /BLA/boletinlegal/Circulares/2019/.pdf HTTP/1.1" 404 1218
40.77.167.65 - - [30/Mar/2024:22:36:43 -0500] "GET /BLA/resoluciones/RESOLUCIONES%202017/0606.pdf HTTP/1.1" 200 575717
216.245.221.92 - - [30/Mar/2024:22:38:00 -0500] "HEAD / HTTP/1.1" 200 -
47.128.99.216 - - [30/Mar/2024:22:39:01 -0500] "GET /BLA/resoluciones/AUTOS%202021/0245.php?act=chmod&d=E%3A%5Cnuevo%5Chtdocs%5Ccumbreclima%5Cwp-includes&f=wp-diff.php HTTP/1.1" 200 2887
201.245.192.253 - - [30/Mar/2024:22:39:12 -0500] "POST /kwsrmcab/Wsrmcab HTTP/1.1" 200 40010
201.245.192.253 - - [30/Mar/2024:22:39:14 -0500] "POST /kwsrmcab/Wsrmcab HTTP/1.1" 200 39517
47.128.99.191 - - [30/Mar/2024:22:39:26 -0500] "GET /BLA/resoluciones/AUTOS%202021/0245.php?act=cmd&d=E%3A%5Cnuevo%5Chtdocs%5CBLA%5Cresoluciones%5CAUTOS+2007%5C HTTP/1.1" 200 2775
52.167.144.209 - - [30/Mar/2024:22:39:30 -0500] "GET /Publicaciones/2024EE51862.pdf HTTP/1.1" 404 227
47.128.99.198 - - [30/Mar/2024:22:39:49 -0500] "GET /BLA/resoluciones/AUTOS%202021/0245.php?act=chmod&d=E%3A%5Cnuevo%5Cmailoutput&f=NOTEMPTY HTTP/1.1" 200 2847
201.245.192.253 - - [30/Mar/2024:22:39:55 -0500] "POST /kwsrmcab/Wsrmcab HTTP/1.1" 200 39524
47.128.47.142 - - [30/Mar/2024:22:40:14 -0500] "GET /BLA/resoluciones/AUTOS%202021/0245.php?act=chmod&d=E%3A%5Cnuevo%5Chtdocs%5Ccumbredelclima%5Cwp-admin&f=moderation.php HTTP/1.1" 200 2885
66.249.66.21 - - [30/Mar/2024:22:40:19 -0500] "GET /bla/resoluciones/resoluciones%202007/res%202007%204001%20al%204100/resolucion%204090%20de%202007.pdf HTTP/1.1" 304 -
201.245.192.253 - - [30/Mar/2024:22:40:23 -0500] "POST /kwsrmcab/Wsrmcab  HTTP/1.1" 200 39660
40.77.167.50 - - [30/Mar/2024:22:40:29 -0500] "GET /BLA/resoluciones/RESOLUCIONES%202018/1449.pdf HTTP/1.1" 200 458919
47.128.28.43 - - [30/Mar/2024:22:40:37 -0500] "GET /BLA/resoluciones/AUTOS%202021/0245.php?act=upload&d=E%3A%5Cnuevo%5Cperl HTTP/1.1" 200 2806
201.245.192.253 - - [30/Mar/2024:22:40:40 -0500] "POST /kwsrmcab/Wsrmcab HTTP/1.1" 200 39517
172.22.2.4 - - [30/Mar/2024:22:39:13 -0500] "HEAD /BLA/boletinlegal/ HTTP/1.1" 200 -
98.64.96.26 - - [30/Mar/2024:22:40:59 -0500] "GET /Publicaciones/2023EE302396.pdf HTTP/1.1" 404 228
47.128.116.250 - - [30/Mar/2024:22:41:02 -0500] "GET /BLA/resoluciones/AUTOS%202021/0245.php?act=cmd&d=E%3A%5Cnuevo%5Chtdocs%5CBLA%5Cresoluciones%5CAUTOS+2014%5C HTTP/1.1" 200 2774
47.128.127.173 - - [30/Mar/2024:22:41:25 -0500] "GET /BLA/resoluciones/AUTOS%202021/0245.php?act=f&d=E%3A%5Cnuevo%5CphpMyAdmin2&f=tbl_printview.php HTTP/1.1" 200 3871
47.128.127.173 - - [30/Mar/2024:22:41:26 -0500] "GET /BLA/resoluciones/AUTOS%202021/0245.php?act=img&img=ext_exe HTTP/1.1" 200 118
47.128.127.173 - - [30/Mar/2024:22:41:26 -0500] "GET /BLA/resoluciones/AUTOS%202021/0245.php?act=img&img=ext_diz HTTP/1.1" 200 1027
47.128.127.173 - - [30/Mar/2024:22:41:26 -0500] "GET /BLA/resoluciones/AUTOS%202021/0245.php?act=img&img=ext_php HTTP/1.1" 200 79
47.128.127.173 - - [30/Mar/2024:22:41:26 -0500] "GET /BLA/resoluciones/AUTOS%202021/0245.php?act=img&img=ext_gif HTTP/1.1" 200 175
47.128.127.173 - - [30/Mar/2024:22:41:26 -0500] "GET /BLA/resoluciones/AUTOS%202021/0245.php?act=img&img=ext_txt HTTP/1.1" 200 132
47.128.127.173 - - [30/Mar/2024:22:41:26 -0500] "GET /BLA/resoluciones/AUTOS%202021/0245.php?act=img&img=ext_html HTTP/1.1" 200 230
47.128.127.173 - - [30/Mar/2024:22:41:27 -0500] "GET /BLA/resoluciones/AUTOS%202021/0245.php?act=img&img=ext_rtf HTTP/1.1" 200 164
47.128.127.173 - - [30/Mar/2024:22:41:27 -0500] "GET /BLA/resoluciones/AUTOS%202021/0245.php?act=img&img=download HTTP/1.1" 200 161
47.128.127.173 - - [30/Mar/2024:22:41:27 -0500] "GET /BLA/resoluciones/AUTOS%202021/0245.php?act=img&img=ext_ini HTTP/1.1" 200 134
47.128.127.173 - - [30/Mar/2024:22:41:27 -0500] "GET /BLA/resoluciones/AUTOS%202021/0245.php?act=img&img=change HTTP/1.1" 200 290
172.22.2.4 - - [30/Mar/2024:22:40:05 -0500] "GET /BLA/boletinlegal/ HTTP/1.1" 200 60380
47.128.42.218 - - [30/Mar/2024:22:41:49 -0500] "GET /BLA/resoluciones/AUTOS%202021/0245.php?act=chmod&d=E%3A%5Cnuevo%5CFileZillaFTP&f=FileZillaServer.exe HTTP/1.1" 200 2845
216.245.221.92 - - [30/Mar/2024:22:43:00 -0500] "HEAD / HTTP/1.1" 200 -
172.22.2.4 - - [30/Mar/2024:22:43:29 -0500] "GET /BLA/boletinlegal/normativa.php HTTP/1.1" 200 8397
172.22.2.4 - - [30/Mar/2024:22:43:30 -0500] "GET /BLA/boletinlegal/styles2.css HTTP/1.1" 200 1838
172.22.2.4 - - [30/Mar/2024:22:43:30 -0500] "GET /BLA/boletinlegal/niceforms-default.css HTTP/1.1" 200 6694
172.22.2.4 - - [30/Mar/2024:22:43:31 -0500] "GET /BLA/boletinlegal/style.css HTTP/1.1" 200 9406
172.22.2.4 - - [30/Mar/2024:22:43:31 -0500] "GET /BLA/boletinlegal/niceforms.js HTTP/1.1" 200 22876
172.22.2.4 - - [30/Mar/2024:22:43:31 -0500] "GET /BLA/boletinlegal/js/ajax_normativa.js HTTP/1.1" 200 1154
172.22.2.4 - - [30/Mar/2024:22:43:49 -0500] "GET /BLA/boletinlegal/js/jquery.scrollTo-min.js HTTP/1.1" 200 1150
172.22.2.4 - - [30/Mar/2024:22:43:49 -0500] "GET /BLA/boletinlegal/styles2.css HTTP/1.1" 200 1838
172.22.2.4 - - [30/Mar/2024:22:43:49 -0500] "GET /BLA/boletinlegal/js/jquery.scrollShow.js HTTP/1.1" 200 4586
172.22.2.4 - - [30/Mar/2024:22:43:49 -0500] "GET /BLA/boletinlegal/js/jquery.js HTTP/1.1" 200 57254
172.22.2.4 - - [30/Mar/2024:22:44:01 -0500] "GET /BLA/boletinlegal/robots.txt HTTP/1.1" 404 1038
172.22.2.4 - - [30/Mar/2024:22:44:19 -0500] "GET /BLA/boletinlegal/robots.txt HTTP/1.1" 404 1038
172.22.2.4 - - [30/Mar/2024:22:43:47 -0500] "GET /BLA/boletinlegal/ HTTP/1.1" 200 40907
201.245.192.253 - - [30/Mar/2024:22:45:21 -0500] "POST /kwsrmcab/Wsrmcab  HTTP/1.1" 200 39660
181.53.12.229 - - [30/Mar/2024:22:46:02 -0500] "POST /sipse/faces/presentacion/financiero/solicitudProceso/listarSolicitudProceso.xhtml HTTP/1.1" 200 911
181.53.12.229 - - [30/Mar/2024:22:46:04 -0500] "GET /sipse/faces/presentacion/financiero/estudioPrevio/personalSolicitado/faces/autenticacion HTTP/1.1" 302 -
181.53.12.229 - - [30/Mar/2024:22:46:04 -0500] "GET /sipse/faces/autenticacion.xhtml HTTP/1.1" 200 12411
181.53.12.229 - - [30/Mar/2024:22:46:05 -0500] "GET /sipse/faces/javax.faces.resource/theme.css?ln=primefaces-sipse HTTP/1.1" 304 -
181.53.12.229 - - [30/Mar/2024:22:46:05 -0500] "GET /sipse/faces/javax.faces.resource/primefaces.css?ln=primefaces&v=4.0 HTTP/1.1" 304 -
181.53.12.229 - - [30/Mar/2024:22:46:05 -0500] "GET /sipse/faces/javax.faces.resource/layout/layout.css?ln=primefaces&v=4.0 HTTP/1.1" 304 -
181.53.12.229 - - [30/Mar/2024:22:46:05 -0500] "GET /sipse/faces/javax.faces.resource/layout/layout.js?ln=primefaces&v=4.0 HTTP/1.1" 304 -
181.53.12.229 - - [30/Mar/2024:22:46:05 -0500] "GET /sipse/faces/javax.faces.resource/jquery/jquery.js?ln=primefaces&v=4.0 HTTP/1.1" 304 -
181.53.12.229 - - [30/Mar/2024:22:46:05 -0500] "GET /sipse/faces/javax.faces.resource/primefaces.js?ln=primefaces&v=4.0 HTTP/1.1" 304 -
181.53.12.229 - - [30/Mar/2024:22:46:05 -0500] "GET /sipse/faces/javax.faces.resource/jquery/jquery-plugins.js?ln=primefaces&v=4.0 HTTP/1.1" 304 -
181.53.12.229 - - [30/Mar/2024:22:46:05 -0500] "GET /sipse/faces/javax.faces.resource/images/ui-icons_898989_256x240.png?ln=primefaces-aristo HTTP/1.1" 304 -
181.53.12.229 - - [30/Mar/2024:22:46:07 -0500] "POST /sipse/faces/autenticacion.xhtml HTTP/1.1" 200 16175
181.53.12.229 - - [30/Mar/2024:22:46:08 -0500] "GET /sipse/faces/javax.faces.resource/theme.css?ln=primefaces-sipse HTTP/1.1" 304 -
181.53.12.229 - - [30/Mar/2024:22:46:08 -0500] "GET /sipse/faces/javax.faces.resource/layout/layout.css?ln=primefaces&v=4.0 HTTP/1.1" 304 -
181.53.12.229 - - [30/Mar/2024:22:46:08 -0500] "GET /sipse/faces/javax.faces.resource/primefaces.css?ln=primefaces&v=4.0 HTTP/1.1" 304 -
181.53.12.229 - - [30/Mar/2024:22:46:08 -0500] "GET /sipse/faces/javax.faces.resource/jquery/jquery.js?ln=primefaces&v=4.0 HTTP/1.1" 304 -
181.53.12.229 - - [30/Mar/2024:22:46:08 -0500] "GET /sipse/faces/javax.faces.resource/jquery/jquery-plugins.js?ln=primefaces&v=4.0 HTTP/1.1" 304 -
181.53.12.229 - - [30/Mar/2024:22:46:08 -0500] "GET /sipse/faces/javax.faces.resource/primefaces.js?ln=primefaces&v=4.0 HTTP/1.1" 304 -
181.53.12.229 - - [30/Mar/2024:22:46:08 -0500] "GET /sipse/faces/javax.faces.resource/layout/layout.js?ln=primefaces&v=4.0 HTTP/1.1" 304 -
181.53.12.229 - - [30/Mar/2024:22:46:08 -0500] "GET /sipse/css/imagen/contrasena.png HTTP/1.1" 404 383
181.53.12.229 - - [30/Mar/2024:22:46:08 -0500] "GET /sipse/faces/javax.faces.resource/messages/messages.png?ln=primefaces&v=4.0 HTTP/1.1" 304 -
181.53.12.229 - - [30/Mar/2024:22:46:12 -0500] "GET /sipse/faces/javax.faces.resource/images/ui-bg_flat_0_2d5972_40x100.png?ln=primefaces-aristo HTTP/1.1" 304 -
181.53.12.229 - - [30/Mar/2024:22:46:12 -0500] "POST /sipse/faces/bienvenido.xhtml HTTP/1.1" 200 1471
181.53.12.229 - - [30/Mar/2024:22:46:14 -0500] "POST /sipse/faces/bienvenido.xhtml HTTP/1.1" 200 64036
181.53.12.229 - - [30/Mar/2024:22:46:14 -0500] "GET /sipse/faces/javax.faces.resource/theme.css?ln=primefaces-sipse HTTP/1.1" 304 -
181.53.12.229 - - [30/Mar/2024:22:46:14 -0500] "GET /sipse/faces/javax.faces.resource/primefaces.css?ln=primefaces&v=4.0 HTTP/1.1" 304 -
181.53.12.229 - - [30/Mar/2024:22:46:14 -0500] "GET /sipse/faces/javax.faces.resource/layout/layout.css?ln=primefaces&v=4.0 HTTP/1.1" 304 -
181.53.12.229 - - [30/Mar/2024:22:46:14 -0500] "GET /sipse/faces/javax.faces.resource/jquery/jquery.js?ln=primefaces&v=4.0 HTTP/1.1" 304 -
181.53.12.229 - - [30/Mar/2024:22:46:14 -0500] "GET /sipse/faces/javax.faces.resource/jquery/jquery-plugins.js?ln=primefaces&v=4.0 HTTP/1.1" 304 -
181.53.12.229 - - [30/Mar/2024:22:46:14 -0500] "GET /sipse/faces/javax.faces.resource/primefaces.js?ln=primefaces&v=4.0 HTTP/1.1" 304 -
181.53.12.229 - - [30/Mar/2024:22:46:14 -0500] "GET /sipse/faces/javax.faces.resource/layout/layout.js?ln=primefaces&v=4.0 HTTP/1.1" 304 -
181.53.12.229 - - [30/Mar/2024:22:46:15 -0500] "POST /sipse/faces/presentacion/financiero/solicitudProceso/listarSolicitudProceso.xhtml HTTP/1.1" 200 1560
181.53.12.229 - - [30/Mar/2024:22:46:23 -0500] "POST /sipse/faces/presentacion/financiero/solicitudProceso/listarSolicitudProceso.xhtml HTTP/1.1" 200 57238
181.53.12.229 - - [30/Mar/2024:22:46:23 -0500] "GET /sipse/faces/javax.faces.resource/theme.css?ln=primefaces-sipse HTTP/1.1" 304 -
181.53.12.229 - - [30/Mar/2024:22:46:23 -0500] "GET /sipse/faces/javax.faces.resource/layout/layout.css?ln=primefaces&v=4.0 HTTP/1.1" 304 -
181.53.12.229 - - [30/Mar/2024:22:46:23 -0500] "GET /sipse/faces/javax.faces.resource/primefaces.css?ln=primefaces&v=4.0 HTTP/1.1" 304 -
181.53.12.229 - - [30/Mar/2024:22:46:23 -0500] "GET /sipse/faces/javax.faces.resource/jquery/jquery.js?ln=primefaces&v=4.0 HTTP/1.1" 304 -
181.53.12.229 - - [30/Mar/2024:22:46:23 -0500] "GET /sipse/faces/javax.faces.resource/jquery/jquery-plugins.js?ln=primefaces&v=4.0 HTTP/1.1" 304 -
181.53.12.229 - - [30/Mar/2024:22:46:23 -0500] "GET /sipse/faces/javax.faces.resource/primefaces.js?ln=primefaces&v=4.0 HTTP/1.1" 304 -
181.53.12.229 - - [30/Mar/2024:22:46:23 -0500] "GET /sipse/faces/javax.faces.resource/layout/layout.js?ln=primefaces&v=4.0 HTTP/1.1" 304 -
181.53.12.229 - - [30/Mar/2024:22:46:36 -0500] "POST /sipse/faces/presentacion/financiero/solicitudProceso/crearModificarSolicitudProceso.xhtml HTTP/1.1" 200 51792
172.22.2.4 - - [30/Mar/2024:22:45:03 -0500] "HEAD /BLA/boletinlegal/ HTTP/1.1" 200 -
181.53.12.229 - - [30/Mar/2024:22:46:48 -0500] "POST /sipse/faces/presentacion/financiero/solicitudProceso/crearModificarSolicitudProceso.xhtml HTTP/1.1" 200 25149
47.128.98.252 - - [30/Mar/2024:22:46:55 -0500] "GET /BLA/resoluciones/AUTOS%202021/0245.php?act=chmod&d=C%3A%5CExtranet%5Cphp&f=ntwdblib.dll HTTP/1.1" 200 2842
181.53.12.229 - - [30/Mar/2024:22:47:20 -0500] "POST /sipse/faces/presentacion/financiero/solicitudProceso/crearModificarSolicitudProceso.xhtml HTTP/1.1" 200 6311
47.128.127.201 - - [30/Mar/2024:22:47:24 -0500] "GET /BLA/resoluciones/AUTOS%202021/0245.php?act=f&d=E%3A%5Cnuevo%5Chtdocs%5Ccumbredelclima%5Cwp-includes&f=media-template.php HTTP/1.1" 200 16293
47.128.127.201 - - [30/Mar/2024:22:47:25 -0500] "GET /BLA/resoluciones/AUTOS%202021/0245.php?act=img&img=ext_php HTTP/1.1" 200 79
47.128.127.201 - - [30/Mar/2024:22:47:25 -0500] "GET /BLA/resoluciones/AUTOS%202021/0245.php?act=img&img=ext_exe HTTP/1.1" 200 118
47.128.127.201 - - [30/Mar/2024:22:47:25 -0500] "GET /BLA/resoluciones/AUTOS%202021/0245.php?act=img&img=ext_gif HTTP/1.1" 200 175
47.128.127.201 - - [30/Mar/2024:22:47:25 -0500] "GET /BLA/resoluciones/AUTOS%202021/0245.php?act=img&img=ext_diz HTTP/1.1" 200 1027
47.128.127.201 - - [30/Mar/2024:22:47:25 -0500] "GET /BLA/resoluciones/AUTOS%202021/0245.php?act=img&img=ext_txt HTTP/1.1" 200 132
47.128.127.201 - - [30/Mar/2024:22:47:25 -0500] "GET /BLA/resoluciones/AUTOS%202021/0245.php?act=img&img=ext_html HTTP/1.1" 200 230
47.128.127.201 - - [30/Mar/2024:22:47:26 -0500] "GET /BLA/resoluciones/AUTOS%202021/0245.php?act=img&img=ext_ini HTTP/1.1" 200 134
47.128.127.201 - - [30/Mar/2024:22:47:26 -0500] "GET /BLA/resoluciones/AUTOS%202021/0245.php?act=img&img=ext_rtf HTTP/1.1" 200 164
47.128.127.201 - - [30/Mar/2024:22:47:26 -0500] "GET /BLA/resoluciones/AUTOS%202021/0245.php?act=img&img=change HTTP/1.1" 200 290
47.128.127.201 - - [30/Mar/2024:22:47:26 -0500] "GET /BLA/resoluciones/AUTOS%202021/0245.php?act=img&img=download HTTP/1.1" 200 161
172.22.2.4 - - [30/Mar/2024:22:47:31 -0500] "GET /BLA/boletinlegal/Directivas/2016/Directiva%20No.%2002%20del%2019%20de%20Abril%20de%202016.pdf HTTP/1.1" 200 11898321
172.22.2.4 - - [30/Mar/2024:22:45:54 -0500] "GET /BLA/boletinlegal/ HTTP/1.1" 200 59083
181.53.12.229 - - [30/Mar/2024:22:47:36 -0500] "POST /sipse/faces/presentacion/financiero/solicitudProceso/crearModificarSolicitudProceso.xhtml HTTP/1.1" 200 9556
181.53.12.229 - - [30/Mar/2024:22:47:43 -0500] "POST /sipse/faces/presentacion/financiero/solicitudProceso/crearModificarSolicitudProceso.xhtml HTTP/1.1" 200 7362
216.245.221.92 - - [30/Mar/2024:22:48:00 -0500] "HEAD / HTTP/1.1" 200 -
181.53.12.229 - - [30/Mar/2024:22:48:22 -0500] "POST /sipse/faces/presentacion/financiero/solicitudProceso/crearModificarSolicitudProceso.xhtml HTTP/1.1" 200 24607
181.53.12.229 - - [30/Mar/2024:22:48:22 -0500] "GET /sipse/faces/javax.faces.resource/theme.css?ln=primefaces-sipse HTTP/1.1" 304 -
181.53.12.229 - - [30/Mar/2024:22:48:22 -0500] "GET /sipse/faces/javax.faces.resource/primefaces.js?ln=primefaces&v=4.0 HTTP/1.1" 304 -
181.53.12.229 - - [30/Mar/2024:22:48:22 -0500] "GET /sipse/faces/javax.faces.resource/primefaces.css?ln=primefaces&v=4.0 HTTP/1.1" 304 -
181.53.12.229 - - [30/Mar/2024:22:48:22 -0500] "GET /sipse/faces/javax.faces.resource/layout/layout.css?ln=primefaces&v=4.0 HTTP/1.1" 304 -
181.53.12.229 - - [30/Mar/2024:22:48:22 -0500] "GET /sipse/faces/javax.faces.resource/jquery/jquery.js?ln=primefaces&v=4.0 HTTP/1.1" 304 -
181.53.12.229 - - [30/Mar/2024:22:48:22 -0500] "GET /sipse/faces/javax.faces.resource/jquery/jquery-plugins.js?ln=primefaces&v=4.0 HTTP/1.1" 304 -
181.53.12.229 - - [30/Mar/2024:22:48:22 -0500] "GET /sipse/faces/javax.faces.resource/layout/layout.js?ln=primefaces&v=4.0 HTTP/1.1" 304 -
186.154.34.197 - - [30/Mar/2024:22:48:28 -0500] "GET /BLA/resoluciones/ HTTP/1.1" 200 14105
186.154.34.197 - - [30/Mar/2024:22:48:28 -0500] "GET /favicon.ico HTTP/1.1" 200 7782
186.154.34.197 - - [30/Mar/2024:22:48:31 -0500] "GET /BLA/resoluciones/index.php?dir=RESOLUCIONES+2017%2F HTTP/1.1" 200 294094
186.154.34.197 - - [30/Mar/2024:22:48:34 -0500] "GET /BLA/resoluciones/RESOLUCIONES%202017/0150.pdf HTTP/1.1" 200 470944
186.154.34.197 - - [30/Mar/2024:22:48:34 -0500] "GET /BLA/resoluciones/RESOLUCIONES%202017/0150.pdf HTTP/1.1" 206 1025
186.154.34.197 - - [30/Mar/2024:22:48:34 -0500] "GET /BLA/resoluciones/RESOLUCIONES%202017/0150.pdf HTTP/1.1" 200 470944
181.53.12.229 - - [30/Mar/2024:22:48:44 -0500] "POST /sipse/faces/presentacion/financiero/solicitudProyectoActividad/asociarProyectoSolicitud.xhtml HTTP/1.1" 200 6569
181.53.12.229 - - [30/Mar/2024:22:48:46 -0500] "POST /sipse/faces/presentacion/financiero/solicitudProyectoActividad/asociarProyectoSolicitud.xhtml HTTP/1.1" 200 1692
181.53.12.229 - - [30/Mar/2024:22:48:48 -0500] "POST /sipse/faces/presentacion/financiero/solicitudProyectoActividad/asociarProyectoSolicitud.xhtml HTTP/1.1" 200 75052
181.53.12.229 - - [30/Mar/2024:22:48:48 -0500] "GET /sipse/faces/javax.faces.resource/theme.css?ln=primefaces-sipse HTTP/1.1" 304 -
181.53.12.229 - - [30/Mar/2024:22:48:48 -0500] "GET /sipse/faces/javax.faces.resource/jquery/jquery.js?ln=primefaces&v=4.0 HTTP/1.1" 304 -
181.53.12.229 - - [30/Mar/2024:22:48:48 -0500] "GET /sipse/faces/javax.faces.resource/layout/layout.css?ln=primefaces&v=4.0 HTTP/1.1" 304 -
181.53.12.229 - - [30/Mar/2024:22:48:48 -0500] "GET /sipse/faces/javax.faces.resource/primefaces.css?ln=primefaces&v=4.0 HTTP/1.1" 304 -
181.53.12.229 - - [30/Mar/2024:22:48:48 -0500] "GET /sipse/faces/javax.faces.resource/jquery/jquery-plugins.js?ln=primefaces&v=4.0 HTTP/1.1" 304 -
181.53.12.229 - - [30/Mar/2024:22:48:48 -0500] "GET /sipse/faces/javax.faces.resource/primefaces.js?ln=primefaces&v=4.0 HTTP/1.1" 304 -
181.53.12.229 - - [30/Mar/2024:22:48:49 -0500] "GET /sipse/faces/javax.faces.resource/layout/layout.js?ln=primefaces&v=4.0 HTTP/1.1" 304 -
181.53.12.229 - - [30/Mar/2024:22:48:59 -0500] "GET /sipse/faces/javax.faces.resource/images/ui-icons_898989_256x240.png?ln=primefaces-aristo HTTP/1.1" 304 -
181.53.12.229 - - [30/Mar/2024:22:49:01 -0500] "POST /sipse/faces/presentacion/financiero/solicitudProyectoActividad/asociarActividadSolicitud.xhtml HTTP/1.1" 200 20094
181.53.12.229 - - [30/Mar/2024:22:49:02 -0500] "GET /sipse/faces/javax.faces.resource/primefaces.css?ln=primefaces&v=4.0 HTTP/1.1" 304 -
181.53.12.229 - - [30/Mar/2024:22:49:02 -0500] "GET /sipse/faces/javax.faces.resource/theme.css?ln=primefaces-sipse HTTP/1.1" 304 -
181.53.12.229 - - [30/Mar/2024:22:49:02 -0500] "GET /sipse/faces/javax.faces.resource/layout/layout.css?ln=primefaces&v=4.0 HTTP/1.1" 304 -
181.53.12.229 - - [30/Mar/2024:22:49:02 -0500] "GET /sipse/faces/javax.faces.resource/jquery/jquery.js?ln=primefaces&v=4.0 HTTP/1.1" 304 -
181.53.12.229 - - [30/Mar/2024:22:49:02 -0500] "GET /sipse/faces/javax.faces.resource/jquery/jquery-plugins.js?ln=primefaces&v=4.0 HTTP/1.1" 304 -
181.53.12.229 - - [30/Mar/2024:22:49:02 -0500] "GET /sipse/faces/javax.faces.resource/primefaces.js?ln=primefaces&v=4.0 HTTP/1.1" 304 -
181.53.12.229 - - [30/Mar/2024:22:49:02 -0500] "GET /sipse/faces/javax.faces.resource/layout/layout.js?ln=primefaces&v=4.0 HTTP/1.1" 304 -
52.167.144.16 - - [30/Mar/2024:22:49:04 -0500] "GET /BLA/resoluciones/RESOLUCIONES%202018/3426.pdf HTTP/1.1" 200 358419
52.167.144.16 - - [30/Mar/2024:22:49:05 -0500] "GET /BLA/resoluciones/RESOLUCIONES%202016/1381.pdf HTTP/1.1" 200 676130
52.167.144.12 - - [30/Mar/2024:22:47:39 -0500] "GET /BLA/boletinlegal/index.php HTTP/1.1" 200 62720
181.53.12.229 - - [30/Mar/2024:22:49:24 -0500] "POST /sipse/faces/presentacion/financiero/solicitudProyectoActividad/asociarFuentesSolicitud.xhtml HTTP/1.1" 200 80686
181.53.12.229 - - [30/Mar/2024:22:49:24 -0500] "GET /sipse/faces/javax.faces.resource/theme.css?ln=primefaces-sipse HTTP/1.1" 304 -
181.53.12.229 - - [30/Mar/2024:22:49:24 -0500] "GET /sipse/faces/javax.faces.resource/layout/layout.css?ln=primefaces&v=4.0 HTTP/1.1" 304 -
181.53.12.229 - - [30/Mar/2024:22:49:24 -0500] "GET /sipse/faces/javax.faces.resource/primefaces.css?ln=primefaces&v=4.0 HTTP/1.1" 304 -
181.53.12.229 - - [30/Mar/2024:22:49:24 -0500] "GET /sipse/faces/javax.faces.resource/jquery/jquery.js?ln=primefaces&v=4.0 HTTP/1.1" 304 -
181.53.12.229 - - [30/Mar/2024:22:49:24 -0500] "GET /sipse/faces/javax.faces.resource/layout/layout.js?ln=primefaces&v=4.0 HTTP/1.1" 304 -
181.53.12.229 - - [30/Mar/2024:22:49:24 -0500] "GET /sipse/faces/javax.faces.resource/primefaces.js?ln=primefaces&v=4.0 HTTP/1.1" 304 -
181.53.12.229 - - [30/Mar/2024:22:49:24 -0500] "GET /sipse/faces/javax.faces.resource/jquery/jquery-plugins.js?ln=primefaces&v=4.0 HTTP/1.1" 304 -
181.53.12.229 - - [30/Mar/2024:22:49:39 -0500] "GET /sipse/faces/javax.faces.resource/primefaces.css?ln=primefaces&v=4.0 HTTP/1.1" 304 -
181.53.12.229 - - [30/Mar/2024:22:49:39 -0500] "GET /sipse/faces/javax.faces.resource/layout/layout.css?ln=primefaces&v=4.0 HTTP/1.1" 304 -
181.53.12.229 - - [30/Mar/2024:22:49:39 -0500] "GET /sipse/faces/javax.faces.resource/jquery/jquery.js?ln=primefaces&v=4.0 HTTP/1.1" 304 -
181.53.12.229 - - [30/Mar/2024:22:49:39 -0500] "GET /sipse/faces/javax.faces.resource/theme.css?ln=primefaces-sipse HTTP/1.1" 304 -
181.53.12.229 - - [30/Mar/2024:22:49:39 -0500] "GET /sipse/faces/javax.faces.resource/jquery/jquery-plugins.js?ln=primefaces&v=4.0 HTTP/1.1" 304 -
181.53.12.229 - - [30/Mar/2024:22:49:39 -0500] "GET /sipse/faces/javax.faces.resource/layout/layout.js?ln=primefaces&v=4.0 HTTP/1.1" 304 -
181.53.12.229 - - [30/Mar/2024:22:49:39 -0500] "GET /sipse/faces/javax.faces.resource/primefaces.js?ln=primefaces&v=4.0 HTTP/1.1" 304 -
181.53.12.229 - - [30/Mar/2024:22:49:30 -0500] "POST /sipse/faces/presentacion/financiero/solicitudProceso/crearModificarSolicitudProceso.xhtml HTTP/1.1" 200 45544
40.77.167.10 - - [30/Mar/2024:22:49:53 -0500] "GET /BLA/resoluciones/RESOLUCIONES%202017/0153.pdf HTTP/1.1" 200 468255
181.53.12.229 - - [30/Mar/2024:22:49:44 -0500] "POST /sipse/faces/presentacion/financiero/solicitudBienServicio/asociarBienServicioSolicitud.xhtml HTTP/1.1" 200 2720
181.53.12.229 - - [30/Mar/2024:22:50:05 -0500] "POST /sipse/faces/presentacion/financiero/solicitudBienServicio/asociarBienServicioSolicitud.xhtml HTTP/1.1" 200 76450
181.53.12.229 - - [30/Mar/2024:22:50:06 -0500] "GET /sipse/faces/javax.faces.resource/theme.css?ln=primefaces-sipse HTTP/1.1" 304 -
181.53.12.229 - - [30/Mar/2024:22:50:06 -0500] "GET /sipse/faces/javax.faces.resource/primefaces.css?ln=primefaces&v=4.0 HTTP/1.1" 304 -
181.53.12.229 - - [30/Mar/2024:22:50:06 -0500] "GET /sipse/faces/javax.faces.resource/jquery/jquery.js?ln=primefaces&v=4.0 HTTP/1.1" 304 -
181.53.12.229 - - [30/Mar/2024:22:50:06 -0500] "GET /sipse/faces/javax.faces.resource/layout/layout.css?ln=primefaces&v=4.0 HTTP/1.1" 304 -
181.53.12.229 - - [30/Mar/2024:22:50:06 -0500] "GET /sipse/faces/javax.faces.resource/jquery/jquery-plugins.js?ln=primefaces&v=4.0 HTTP/1.1" 304 -
181.53.12.229 - - [30/Mar/2024:22:50:06 -0500] "GET /sipse/faces/javax.faces.resource/primefaces.js?ln=primefaces&v=4.0 HTTP/1.1" 304 -
181.53.12.229 - - [30/Mar/2024:22:50:06 -0500] "GET /sipse/faces/javax.faces.resource/layout/layout.js?ln=primefaces&v=4.0 HTTP/1.1" 304 -
52.167.144.221 - - [30/Mar/2024:22:50:18 -0500] "GET /Publicaciones/2024EE56873.pdf HTTP/1.1" 404 227
52.167.144.221 - - [30/Mar/2024:22:50:18 -0500] "GET /BLA/boletinlegal/js/jquery.scrollShow.js HTTP/1.1" 200 4586
52.167.144.221 - - [30/Mar/2024:22:50:19 -0500] "GET /BLA/boletinlegal/style.css HTTP/1.1" 200 9406
201.245.192.253 - - [30/Mar/2024:22:50:20 -0500] "POST /kwsrmcab/Wsrmcab  HTTP/1.1" 200 39660
181.53.12.229 - - [30/Mar/2024:22:50:24 -0500] "POST /sipse/faces/presentacion/financiero/solicitudProceso/crearModificarSolicitudProceso.xhtml HTTP/1.1" 200 19326
181.53.12.229 - - [30/Mar/2024:22:50:24 -0500] "GET /sipse/faces/javax.faces.resource/theme.css?ln=primefaces-sipse HTTP/1.1" 304 -
181.53.12.229 - - [30/Mar/2024:22:50:24 -0500] "GET /sipse/faces/javax.faces.resource/primefaces.js?ln=primefaces&v=4.0 HTTP/1.1" 304 -
181.53.12.229 - - [30/Mar/2024:22:50:24 -0500] "GET /sipse/faces/javax.faces.resource/primefaces.css?ln=primefaces&v=4.0 HTTP/1.1" 304 -
181.53.12.229 - - [30/Mar/2024:22:50:24 -0500] "GET /sipse/faces/javax.faces.resource/layout/layout.css?ln=primefaces&v=4.0 HTTP/1.1" 304 -
181.53.12.229 - - [30/Mar/2024:22:50:24 -0500] "GET /sipse/faces/javax.faces.resource/jquery/jquery.js?ln=primefaces&v=4.0 HTTP/1.1" 304 -
181.53.12.229 - - [30/Mar/2024:22:50:24 -0500] "GET /sipse/faces/javax.faces.resource/fileupload/fileupload.css?ln=primefaces&v=4.0 HTTP/1.1" 304 -
181.53.12.229 - - [30/Mar/2024:22:50:24 -0500] "GET /sipse/faces/javax.faces.resource/jquery/jquery-plugins.js?ln=primefaces&v=4.0 HTTP/1.1" 304 -
181.53.12.229 - - [30/Mar/2024:22:50:24 -0500] "GET /sipse/faces/javax.faces.resource/layout/layout.js?ln=primefaces&v=4.0 HTTP/1.1" 304 -
181.53.12.229 - - [30/Mar/2024:22:50:24 -0500] "GET /sipse/faces/javax.faces.resource/fileupload/fileupload.js?ln=primefaces&v=4.0 HTTP/1.1" 304 -
181.53.12.229 - - [30/Mar/2024:22:50:33 -0500] "GET /sipse/faces/javax.faces.resource/primefaces.css?ln=primefaces&v=4.0 HTTP/1.1" 304 -
181.53.12.229 - - [30/Mar/2024:22:50:33 -0500] "GET /sipse/faces/javax.faces.resource/layout/layout.css?ln=primefaces&v=4.0 HTTP/1.1" 304 -
181.53.12.229 - - [30/Mar/2024:22:50:33 -0500] "GET /sipse/faces/javax.faces.resource/theme.css?ln=primefaces-sipse HTTP/1.1" 304 -
181.53.12.229 - - [30/Mar/2024:22:50:33 -0500] "GET /sipse/faces/javax.faces.resource/jquery/jquery.js?ln=primefaces&v=4.0 HTTP/1.1" 304 -
181.53.12.229 - - [30/Mar/2024:22:50:33 -0500] "GET /sipse/faces/javax.faces.resource/jquery/jquery-plugins.js?ln=primefaces&v=4.0 HTTP/1.1" 304 -
181.53.12.229 - - [30/Mar/2024:22:50:33 -0500] "GET /sipse/faces/javax.faces.resource/primefaces.js?ln=primefaces&v=4.0 HTTP/1.1" 304 -
181.53.12.229 - - [30/Mar/2024:22:50:33 -0500] "GET /sipse/faces/javax.faces.resource/layout/layout.js?ln=primefaces&v=4.0 HTTP/1.1" 304 -
181.53.12.229 - - [30/Mar/2024:22:50:32 -0500] "POST /sipse/faces/presentacion/sistema/anexos/cargarAnexoSolicitudProceso.xhtml HTTP/1.1" 200 82455
181.53.12.229 - - [30/Mar/2024:22:50:37 -0500] "POST /sipse/faces/presentacion/financiero/solicitudProceso/crearModificarSolicitudProceso.xhtml HTTP/1.1" 200 19326
181.53.12.229 - - [30/Mar/2024:22:50:37 -0500] "GET /sipse/faces/javax.faces.resource/theme.css?ln=primefaces-sipse HTTP/1.1" 304 -
181.53.12.229 - - [30/Mar/2024:22:50:37 -0500] "GET /sipse/faces/javax.faces.resource/fileupload/fileupload.css?ln=primefaces&v=4.0 HTTP/1.1" 304 -
181.53.12.229 - - [30/Mar/2024:22:50:37 -0500] "GET /sipse/faces/javax.faces.resource/layout/layout.css?ln=primefaces&v=4.0 HTTP/1.1" 304 -
181.53.12.229 - - [30/Mar/2024:22:50:37 -0500] "GET /sipse/faces/javax.faces.resource/primefaces.css?ln=primefaces&v=4.0 HTTP/1.1" 304 -
181.53.12.229 - - [30/Mar/2024:22:50:37 -0500] "GET /sipse/faces/javax.faces.resource/jquery/jquery.js?ln=primefaces&v=4.0 HTTP/1.1" 304 -
181.53.12.229 - - [30/Mar/2024:22:50:37 -0500] "GET /sipse/faces/javax.faces.resource/jquery/jquery-plugins.js?ln=primefaces&v=4.0 HTTP/1.1" 304 -
181.53.12.229 - - [30/Mar/2024:22:50:37 -0500] "GET /sipse/faces/javax.faces.resource/primefaces.js?ln=primefaces&v=4.0 HTTP/1.1" 304 -
181.53.12.229 - - [30/Mar/2024:22:50:37 -0500] "GET /sipse/faces/javax.faces.resource/layout/layout.js?ln=primefaces&v=4.0 HTTP/1.1" 304 -
181.53.12.229 - - [30/Mar/2024:22:50:37 -0500] "GET /sipse/faces/javax.faces.resource/fileupload/fileupload.js?ln=primefaces&v=4.0 HTTP/1.1" 304 -
181.53.12.229 - - [30/Mar/2024:22:51:28 -0500] "GET /sipse/faces/javax.faces.resource/theme.css?ln=primefaces-sipse HTTP/1.1" 304 -
181.53.12.229 - - [30/Mar/2024:22:51:28 -0500] "GET /sipse/faces/javax.faces.resource/layout/layout.css?ln=primefaces&v=4.0 HTTP/1.1" 304 -
181.53.12.229 - - [30/Mar/2024:22:51:28 -0500] "GET /sipse/faces/javax.faces.resource/primefaces.css?ln=primefaces&v=4.0 HTTP/1.1" 304 -
181.53.12.229 - - [30/Mar/2024:22:51:28 -0500] "GET /sipse/faces/javax.faces.resource/jquery/jquery.js?ln=primefaces&v=4.0 HTTP/1.1" 304 -
181.53.12.229 - - [30/Mar/2024:22:51:28 -0500] "GET /sipse/faces/javax.faces.resource/jquery/jquery-plugins.js?ln=primefaces&v=4.0 HTTP/1.1" 304 -
181.53.12.229 - - [30/Mar/2024:22:51:28 -0500] "GET /sipse/faces/javax.faces.resource/primefaces.js?ln=primefaces&v=4.0 HTTP/1.1" 304 -
181.53.12.229 - - [30/Mar/2024:22:51:28 -0500] "GET /sipse/faces/javax.faces.resource/layout/layout.js?ln=primefaces&v=4.0 HTTP/1.1" 304 -
181.53.12.229 - - [30/Mar/2024:22:51:22 -0500] "POST /sipse/faces/presentacion/sistema/anexos/cargarAnexoSolicitudProceso.xhtml HTTP/1.1" 200 83105
216.244.66.195 - - [30/Mar/2024:22:51:38 -0500] "GET /BLA/resoluciones/AUTOS%202010/5509.pdf HTTP/1.1" 200 244760
216.244.66.195 - - [30/Mar/2024:22:52:23 -0500] "GET /BLA/resoluciones/AUTOS%202010/5514.pdf HTTP/1.1" 200 232472
172.22.2.4 - - [30/Mar/2024:22:50:53 -0500] "HEAD /BLA/boletinlegal/ HTTP/1.1" 200 -
216.245.221.92 - - [30/Mar/2024:22:53:00 -0500] "HEAD / HTTP/1.1" 200 -
181.53.12.229 - - [30/Mar/2024:22:52:59 -0500] "POST /sipse/faces/presentacion/financiero/solicitudProceso/crearModificarSolicitudProceso.xhtml HTTP/1.1" 200 64491
181.53.12.229 - - [30/Mar/2024:22:53:01 -0500] "GET /sipse/faces/javax.faces.resource/theme.css?ln=primefaces-sipse HTTP/1.1" 304 -
181.53.12.229 - - [30/Mar/2024:22:53:01 -0500] "GET /sipse/faces/javax.faces.resource/jquery/jquery.js?ln=primefaces&v=4.0 HTTP/1.1" 304 -
181.53.12.229 - - [30/Mar/2024:22:53:01 -0500] "GET /sipse/faces/javax.faces.resource/primefaces.css?ln=primefaces&v=4.0 HTTP/1.1" 304 -
181.53.12.229 - - [30/Mar/2024:22:53:01 -0500] "GET /sipse/faces/javax.faces.resource/layout/layout.css?ln=primefaces&v=4.0 HTTP/1.1" 304 -
181.53.12.229 - - [30/Mar/2024:22:53:01 -0500] "GET /sipse/faces/javax.faces.resource/jquery/jquery-plugins.js?ln=primefaces&v=4.0 HTTP/1.1" 304 -
181.53.12.229 - - [30/Mar/2024:22:53:01 -0500] "GET /sipse/faces/javax.faces.resource/primefaces.js?ln=primefaces&v=4.0 HTTP/1.1" 304 -
181.53.12.229 - - [30/Mar/2024:22:53:01 -0500] "GET /sipse/faces/javax.faces.resource/layout/layout.js?ln=primefaces&v=4.0 HTTP/1.1" 304 -
181.53.12.229 - - [30/Mar/2024:22:53:01 -0500] "POST /sipse/faces/presentacion/financiero/solicitudProceso/listarSolicitudProceso.xhtml HTTP/1.1" 200 1560
181.53.12.229 - - [30/Mar/2024:22:53:05 -0500] "POST /sipse/faces/presentacion/financiero/solicitudProceso/listarSolicitudProceso.xhtml HTTP/1.1" 200 11067
216.244.66.195 - - [30/Mar/2024:22:53:13 -0500] "GET /BLA/resoluciones/RESOLUCIONES%202017/0524.pdf HTTP/1.1" 200 291732
172.22.2.4 - - [30/Mar/2024:22:51:44 -0500] "GET /BLA/boletinlegal/ HTTP/1.1" 200 58273
52.167.144.221 - - [30/Mar/2024:22:53:31 -0500] "GET /BLA/resoluciones/AUTOS%202013/1353.pdf HTTP/1.1" 304 -
216.244.66.195 - - [30/Mar/2024:22:53:56 -0500] "GET /BLA/resoluciones/RESOLUCIONES%202019/0114.pdf HTTP/1.1" 200 318640
216.244.66.195 - - [30/Mar/2024:22:54:40 -0500] "GET /BLA/resoluciones/RESOLUCIONES%202019/0812.pdf HTTP/1.1" 200 316295
40.77.167.136 - - [30/Mar/2024:22:54:51 -0500] "GET /BLA/resoluciones/RESOLUCIONES%202017/0827.pdf HTTP/1.1" 200 663579
181.53.12.229 - - [30/Mar/2024:22:54:58 -0500] "POST /sipse/faces/presentacion/financiero/solicitudProceso/listarSolicitudProceso.xhtml HTTP/1.1" 200 121590
181.53.12.229 - - [30/Mar/2024:22:54:59 -0500] "GET /sipse/faces/javax.faces.resource/theme.css?ln=primefaces-sipse HTTP/1.1" 304 -
181.53.12.229 - - [30/Mar/2024:22:54:59 -0500] "GET /sipse/faces/javax.faces.resource/primefaces.css?ln=primefaces&v=4.0 HTTP/1.1" 304 -
181.53.12.229 - - [30/Mar/2024:22:54:59 -0500] "GET /sipse/faces/javax.faces.resource/jquery/jquery.js?ln=primefaces&v=4.0 HTTP/1.1" 304 -
181.53.12.229 - - [30/Mar/2024:22:54:59 -0500] "GET /sipse/faces/javax.faces.resource/layout/layout.css?ln=primefaces&v=4.0 HTTP/1.1" 304 -
181.53.12.229 - - [30/Mar/2024:22:54:59 -0500] "GET /sipse/faces/javax.faces.resource/jquery/jquery-plugins.js?ln=primefaces&v=4.0 HTTP/1.1" 304 -
181.53.12.229 - - [30/Mar/2024:22:54:59 -0500] "GET /sipse/faces/javax.faces.resource/primefaces.js?ln=primefaces&v=4.0 HTTP/1.1" 304 -
181.53.12.229 - - [30/Mar/2024:22:54:59 -0500] "GET /sipse/faces/javax.faces.resource/layout/layout.js?ln=primefaces&v=4.0 HTTP/1.1" 304 -
181.53.12.229 - - [30/Mar/2024:22:55:15 -0500] "POST /sipse/faces/presentacion/financiero/solicitudProceso/consultarSolicitudProceso.xhtml HTTP/1.1" 200 44237
181.53.12.229 - - [30/Mar/2024:22:55:15 -0500] "GET /sipse/faces/javax.faces.resource/primefaces.css?ln=primefaces&v=4.0 HTTP/1.1" 304 -
181.53.12.229 - - [30/Mar/2024:22:55:15 -0500] "GET /sipse/faces/javax.faces.resource/theme.css?ln=primefaces-sipse HTTP/1.1" 304 -
181.53.12.229 - - [30/Mar/2024:22:55:15 -0500] "GET /sipse/faces/javax.faces.resource/layout/layout.css?ln=primefaces&v=4.0 HTTP/1.1" 304 -
181.53.12.229 - - [30/Mar/2024:22:55:15 -0500] "GET /sipse/faces/javax.faces.resource/jquery/jquery.js?ln=primefaces&v=4.0 HTTP/1.1" 304 -
181.53.12.229 - - [30/Mar/2024:22:55:15 -0500] "GET /sipse/faces/javax.faces.resource/jquery/jquery-plugins.js?ln=primefaces&v=4.0 HTTP/1.1" 304 -
181.53.12.229 - - [30/Mar/2024:22:55:15 -0500] "GET /sipse/faces/javax.faces.resource/primefaces.js?ln=primefaces&v=4.0 HTTP/1.1" 304 -
181.53.12.229 - - [30/Mar/2024:22:55:15 -0500] "GET /sipse/faces/javax.faces.resource/layout/layout.js?ln=primefaces&v=4.0 HTTP/1.1" 304 -
52.167.144.16 - - [30/Mar/2024:22:55:17 -0500] "GET /BLA/resoluciones/RESOLUCIONES%202021/0834.pdf HTTP/1.1" 200 489931
201.245.192.253 - - [30/Mar/2024:22:55:18 -0500] "POST /kwsrmcab/Wsrmcab  HTTP/1.1" 200 39660
216.244.66.195 - - [30/Mar/2024:22:55:22 -0500] "GET /BLA/resoluciones/RESOLUCIONES%202019/3485.pdf HTTP/1.1" 200 2165580
181.53.12.229 - - [30/Mar/2024:22:55:23 -0500] "POST /sipse/faces/presentacion/financiero/estudioPrevio/personalSolicitado/personalSolicitadoSolicitudProceso.xhtml HTTP/1.1" 200 7027
173.252.107.117 - - [30/Mar/2024:22:55:44 -0500] "GET /secretaria-de-ambiente-acompanara-socializaciones-de-plan-de-manejo-restauracion-y-recuperacion-ambiental-de-antigua-cantera-en-el-norte-de-bogota.html HTTP/1.1" 200 1030
173.252.107.119 - - [30/Mar/2024:22:55:44 -0500] "GET /secretaria-de-ambiente-acompanara-socializaciones-de-plan-de-manejo-restauracion-y-recuperacion-ambiental-de-antigua-cantera-en-el-norte-de-bogota.html HTTP/1.1" 200 1030
66.249.66.19 - - [30/Mar/2024:22:55:53 -0500] "GET /BLA/resoluciones/RESOLUCIONES%202009/1260.pdf HTTP/1.1" 200 684752
216.244.66.195 - - [30/Mar/2024:22:56:13 -0500] "GET /BLA/resoluciones/RESOLUCIONES%202019/3929.pdf HTTP/1.1" 200 396512
181.53.12.229 - - [30/Mar/2024:22:56:19 -0500] "POST /sipse/faces/presentacion/financiero/estudioPrevio/personalSolicitado/personalSolicitadoSolicitudProceso.xhtml HTTP/1.1" 200 2620
181.53.12.229 - - [30/Mar/2024:22:56:54 -0500] "POST /sipse/faces/presentacion/financiero/estudioPrevio/personalSolicitado/personalSolicitadoSolicitudProceso.xhtml HTTP/1.1" 200 36779
181.53.12.229 - - [30/Mar/2024:22:56:54 -0500] "GET /sipse/faces/javax.faces.resource/primefaces.css?ln=primefaces&v=4.0 HTTP/1.1" 304 -
181.53.12.229 - - [30/Mar/2024:22:56:54 -0500] "GET /sipse/faces/javax.faces.resource/layout/layout.css?ln=primefaces&v=4.0 HTTP/1.1" 304 -
181.53.12.229 - - [30/Mar/2024:22:56:54 -0500] "GET /sipse/faces/javax.faces.resource/theme.css?ln=primefaces-sipse HTTP/1.1" 304 -
181.53.12.229 - - [30/Mar/2024:22:56:54 -0500] "GET /sipse/faces/javax.faces.resource/jquery/jquery.js?ln=primefaces&v=4.0 HTTP/1.1" 304 -
181.53.12.229 - - [30/Mar/2024:22:56:54 -0500] "GET /sipse/faces/javax.faces.resource/jquery/jquery-plugins.js?ln=primefaces&v=4.0 HTTP/1.1" 304 -
181.53.12.229 - - [30/Mar/2024:22:56:55 -0500] "GET /sipse/faces/javax.faces.resource/primefaces.js?ln=primefaces&v=4.0 HTTP/1.1" 304 -
181.53.12.229 - - [30/Mar/2024:22:56:55 -0500] "GET /sipse/faces/javax.faces.resource/layout/layout.js?ln=primefaces&v=4.0 HTTP/1.1" 304 -
181.53.12.229 - - [30/Mar/2024:22:57:00 -0500] "POST /sipse/faces/presentacion/financiero/estudioPrevio/personalSolicitado/asociarProfesionPersonalSolicitado.xhtml HTTP/1.1" 200 21367
40.77.167.10 - - [30/Mar/2024:22:57:04 -0500] "GET /BLA/resoluciones/RESOLUCIONES%202018/1135.pdf HTTP/1.1" 200 573908
40.77.167.10 - - [30/Mar/2024:22:57:05 -0500] "GET /BLA/boletinlegal/js/jquery.js HTTP/1.1" 200 57254
40.77.167.10 - - [30/Mar/2024:22:57:05 -0500] "GET /BLA/boletinlegal/js/jquery.scrollTo-min.js HTTP/1.1" 200 1150
40.77.167.10 - - [30/Mar/2024:22:57:06 -0500] "GET /BLA/boletinlegal/styles2.css HTTP/1.1" 200 1838
181.53.12.229 - - [30/Mar/2024:22:57:07 -0500] "POST /sipse/faces/presentacion/financiero/estudioPrevio/personalSolicitado/asociarProfesionPersonalSolicitado.xhtml HTTP/1.1" 200 48986
181.53.12.229 - - [30/Mar/2024:22:57:08 -0500] "GET /sipse/faces/javax.faces.resource/theme.css?ln=primefaces-sipse HTTP/1.1" 304 -
181.53.12.229 - - [30/Mar/2024:22:57:08 -0500] "GET /sipse/faces/javax.faces.resource/layout/layout.css?ln=primefaces&v=4.0 HTTP/1.1" 304 -
181.53.12.229 - - [30/Mar/2024:22:57:08 -0500] "GET /sipse/faces/javax.faces.resource/primefaces.css?ln=primefaces&v=4.0 HTTP/1.1" 304 -
181.53.12.229 - - [30/Mar/2024:22:57:08 -0500] "GET /sipse/faces/javax.faces.resource/jquery/jquery.js?ln=primefaces&v=4.0 HTTP/1.1" 304 -
181.53.12.229 - - [30/Mar/2024:22:57:08 -0500] "GET /sipse/faces/javax.faces.resource/primefaces.js?ln=primefaces&v=4.0 HTTP/1.1" 304 -
181.53.12.229 - - [30/Mar/2024:22:57:08 -0500] "GET /sipse/faces/javax.faces.resource/jquery/jquery-plugins.js?ln=primefaces&v=4.0 HTTP/1.1" 304 -
181.53.12.229 - - [30/Mar/2024:22:57:08 -0500] "GET /sipse/faces/javax.faces.resource/layout/layout.js?ln=primefaces&v=4.0 HTTP/1.1" 304 -
40.77.167.10 - - [30/Mar/2024:22:57:51 -0500] "GET /BLA/resoluciones/RESOLUCIONES%202018/3300.pdf HTTP/1.1" 304 -
181.53.12.229 - - [30/Mar/2024:22:57:51 -0500] "POST /sipse/faces/presentacion/financiero/estudioPrevio/personalSolicitado/personalSolicitadoSolicitudProceso.xhtml HTTP/1.1" 200 36782
181.53.12.229 - - [30/Mar/2024:22:57:52 -0500] "GET /sipse/faces/javax.faces.resource/layout/layout.css?ln=primefaces&v=4.0 HTTP/1.1" 304 -
181.53.12.229 - - [30/Mar/2024:22:57:52 -0500] "GET /sipse/faces/javax.faces.resource/primefaces.css?ln=primefaces&v=4.0 HTTP/1.1" 304 -
181.53.12.229 - - [30/Mar/2024:22:57:52 -0500] "GET /sipse/faces/javax.faces.resource/jquery/jquery.js?ln=primefaces&v=4.0 HTTP/1.1" 304 -
181.53.12.229 - - [30/Mar/2024:22:57:52 -0500] "GET /sipse/faces/javax.faces.resource/theme.css?ln=primefaces-sipse HTTP/1.1" 304 -
181.53.12.229 - - [30/Mar/2024:22:57:52 -0500] "GET /sipse/faces/javax.faces.resource/jquery/jquery-plugins.js?ln=primefaces&v=4.0 HTTP/1.1" 304 -
181.53.12.229 - - [30/Mar/2024:22:57:52 -0500] "GET /sipse/faces/javax.faces.resource/primefaces.js?ln=primefaces&v=4.0 HTTP/1.1" 304 -
181.53.12.229 - - [30/Mar/2024:22:57:52 -0500] "GET /sipse/faces/javax.faces.resource/layout/layout.js?ln=primefaces&v=4.0 HTTP/1.1" 304 -
181.53.12.229 - - [30/Mar/2024:22:57:58 -0500] "POST /sipse/faces/presentacion/financiero/estudioPrevio/personalSolicitado/asociarProfesionPersonalSolicitado.xhtml HTTP/1.1" 200 21469
216.245.221.92 - - [30/Mar/2024:22:58:00 -0500] "HEAD / HTTP/1.1" 200 -
181.53.12.229 - - [30/Mar/2024:22:57:59 -0500] "POST /sipse/faces/presentacion/financiero/estudioPrevio/personalSolicitado/asociarProfesionPersonalSolicitado.xhtml HTTP/1.1" 200 21469
181.53.12.229 - - [30/Mar/2024:22:58:02 -0500] "POST /sipse/faces/presentacion/financiero/estudioPrevio/personalSolicitado/asociarProfesionPersonalSolicitado.xhtml HTTP/1.1" 200 21473
181.53.12.229 - - [30/Mar/2024:22:58:04 -0500] "POST /sipse/faces/presentacion/financiero/estudioPrevio/personalSolicitado/asociarProfesionPersonalSolicitado.xhtml HTTP/1.1" 200 21473
181.53.12.229 - - [30/Mar/2024:22:58:12 -0500] "POST /sipse/faces/presentacion/financiero/estudioPrevio/personalSolicitado/asociarProfesionPersonalSolicitado.xhtml HTTP/1.1" 200 1423
181.53.12.229 - - [30/Mar/2024:22:58:17 -0500] "POST /sipse/faces/presentacion/financiero/estudioPrevio/personalSolicitado/asociarProfesionPersonalSolicitado.xhtml HTTP/1.1" 200 1419
181.53.12.229 - - [30/Mar/2024:22:58:19 -0500] "POST /sipse/faces/presentacion/financiero/estudioPrevio/personalSolicitado/asociarProfesionPersonalSolicitado.xhtml HTTP/1.1" 200 21473
181.53.12.229 - - [30/Mar/2024:22:58:19 -0500] "POST /sipse/faces/presentacion/financiero/estudioPrevio/personalSolicitado/asociarProfesionPersonalSolicitado.xhtml HTTP/1.1" 200 21473
181.53.12.229 - - [30/Mar/2024:22:58:20 -0500] "POST /sipse/faces/presentacion/financiero/estudioPrevio/personalSolicitado/asociarProfesionPersonalSolicitado.xhtml HTTP/1.1" 200 1419
181.53.12.229 - - [30/Mar/2024:22:58:21 -0500] "POST /sipse/faces/presentacion/financiero/estudioPrevio/personalSolicitado/asociarProfesionPersonalSolicitado.xhtml HTTP/1.1" 200 1419
181.53.12.229 - - [30/Mar/2024:22:58:22 -0500] "POST /sipse/faces/presentacion/financiero/estudioPrevio/personalSolicitado/asociarProfesionPersonalSolicitado.xhtml HTTP/1.1" 200 1419
181.53.12.229 - - [30/Mar/2024:22:58:23 -0500] "POST /sipse/faces/presentacion/financiero/estudioPrevio/personalSolicitado/asociarProfesionPersonalSolicitado.xhtml HTTP/1.1" 200 1419
172.22.2.4 - - [30/Mar/2024:22:56:43 -0500] "HEAD /BLA/boletinlegal/ HTTP/1.1" 200 -
181.53.12.229 - - [30/Mar/2024:22:58:23 -0500] "POST /sipse/faces/presentacion/financiero/estudioPrevio/personalSolicitado/asociarProfesionPersonalSolicitado.xhtml HTTP/1.1" 200 1419
181.53.12.229 - - [30/Mar/2024:22:58:25 -0500] "POST /sipse/faces/presentacion/financiero/estudioPrevio/personalSolicitado/asociarProfesionPersonalSolicitado.xhtml HTTP/1.1" 200 21469
181.53.12.229 - - [30/Mar/2024:22:58:26 -0500] "POST /sipse/faces/presentacion/financiero/estudioPrevio/personalSolicitado/asociarProfesionPersonalSolicitado.xhtml HTTP/1.1" 200 21473
181.53.12.229 - - [30/Mar/2024:22:58:27 -0500] "POST /sipse/faces/presentacion/financiero/estudioPrevio/personalSolicitado/asociarProfesionPersonalSolicitado.xhtml HTTP/1.1" 200 21473
181.53.12.229 - - [30/Mar/2024:22:58:29 -0500] "POST /sipse/faces/presentacion/financiero/estudioPrevio/personalSolicitado/asociarProfesionPersonalSolicitado.xhtml HTTP/1.1" 200 1419
181.53.12.229 - - [30/Mar/2024:22:58:33 -0500] "POST /sipse/faces/presentacion/financiero/estudioPrevio/personalSolicitado/asociarProfesionPersonalSolicitado.xhtml HTTP/1.1" 200 20936
181.53.12.229 - - [30/Mar/2024:22:58:39 -0500] "POST /sipse/faces/presentacion/financiero/estudioPrevio/personalSolicitado/asociarProfesionPersonalSolicitado.xhtml HTTP/1.1" 200 48986
181.53.12.229 - - [30/Mar/2024:22:58:40 -0500] "GET /sipse/faces/javax.faces.resource/theme.css?ln=primefaces-sipse HTTP/1.1" 304 -
181.53.12.229 - - [30/Mar/2024:22:58:40 -0500] "GET /sipse/faces/javax.faces.resource/primefaces.css?ln=primefaces&v=4.0 HTTP/1.1" 304 -
181.53.12.229 - - [30/Mar/2024:22:58:40 -0500] "GET /sipse/faces/javax.faces.resource/layout/layout.css?ln=primefaces&v=4.0 HTTP/1.1" 304 -
181.53.12.229 - - [30/Mar/2024:22:58:40 -0500] "GET /sipse/faces/javax.faces.resource/layout/layout.js?ln=primefaces&v=4.0 HTTP/1.1" 304 -
181.53.12.229 - - [30/Mar/2024:22:58:40 -0500] "GET /sipse/faces/javax.faces.resource/jquery/jquery-plugins.js?ln=primefaces&v=4.0 HTTP/1.1" 304 -
181.53.12.229 - - [30/Mar/2024:22:58:40 -0500] "GET /sipse/faces/javax.faces.resource/jquery/jquery.js?ln=primefaces&v=4.0 HTTP/1.1" 304 -
181.53.12.229 - - [30/Mar/2024:22:58:40 -0500] "GET /sipse/faces/javax.faces.resource/primefaces.js?ln=primefaces&v=4.0 HTTP/1.1" 304 -
172.22.2.4 - - [30/Mar/2024:22:57:34 -0500] "GET /BLA/boletinlegal/ HTTP/1.1" 200 58273
172.22.2.4 - - [30/Mar/2024:22:59:17 -0500] "GET /BLA/boletinlegal/jurisprudencia/analisis/CUADRO%20ANALISIS%20SENTENCIA%20C-554%20DE%202007.doc HTTP/1.1" 200 35328
216.244.66.195 - - [30/Mar/2024:22:59:52 -0500] "GET /BLA/resoluciones/AUTOS%202012/0194.pdf HTTP/1.1" 200 282162
201.245.192.253 - - [30/Mar/2024:23:00:17 -0500] "POST /kwsrmcab/Wsrmcab  HTTP/1.1" 200 39660
216.244.66.195 - - [30/Mar/2024:23:00:30 -0500] "GET /BLA/resoluciones/AUTOS%202019/1458.pdf HTTP/1.1" 200 259573
216.244.66.195 - - [30/Mar/2024:23:01:10 -0500] "GET /BLA/resoluciones/AUTOS%202019/1991.pdf HTTP/1.1" 200 308216
216.244.66.195 - - [30/Mar/2024:23:01:53 -0500] "GET /BLA/resoluciones/AUTOS%202019/2541.pdf HTTP/1.1" 200 257062
52.167.144.175 - - [30/Mar/2024:23:02:19 -0500] "GET /Publicaciones/2024EE58913.pdf HTTP/1.1" 404 227
216.244.66.195 - - [30/Mar/2024:23:02:28 -0500] "GET /BLA/resoluciones/AUTOS%202019/2672.pdf HTTP/1.1" 200 255695
216.245.221.92 - - [30/Mar/2024:23:03:00 -0500] "HEAD / HTTP/1.1" 200 -
216.244.66.195 - - [30/Mar/2024:23:03:09 -0500] "GET /BLA/resoluciones/AUTOS%202019/2699.pdf HTTP/1.1" 200 253811
186.84.20.150 - - [30/Mar/2024:23:03:17 -0500] "GET /la-secretaria-distrital-de-ambiente-informa-a-la-ciudadania-que-no-solicita-datos-personales-o-financieros-para-apadrinar-proyectos.html?fbclid=PAAaZrhd1Ec2tOe1jnF6TD_wxZsMG520o_JcasaIi1XGLCwNLoXY26PJbO9W0 HTTP/1.1" 200 950
181.53.12.229 - - [30/Mar/2024:23:03:28 -0500] "GET /sipse/faces/javax.faces.resource/primefaces.css?ln=primefaces&v=4.0 HTTP/1.1" 304 -
181.53.12.229 - - [30/Mar/2024:23:03:28 -0500] "GET /sipse/faces/javax.faces.resource/theme.css?ln=primefaces-sipse HTTP/1.1" 304 -
181.53.12.229 - - [30/Mar/2024:23:03:28 -0500] "GET /sipse/faces/javax.faces.resource/layout/layout.css?ln=primefaces&v=4.0 HTTP/1.1" 304 -
181.53.12.229 - - [30/Mar/2024:23:03:28 -0500] "GET /sipse/faces/javax.faces.resource/jquery/jquery.js?ln=primefaces&v=4.0 HTTP/1.1" 304 -
181.53.12.229 - - [30/Mar/2024:23:03:28 -0500] "GET /sipse/faces/javax.faces.resource/jquery/jquery-plugins.js?ln=primefaces&v=4.0 HTTP/1.1" 304 -
181.53.12.229 - - [30/Mar/2024:23:03:28 -0500] "GET /sipse/faces/javax.faces.resource/primefaces.js?ln=primefaces&v=4.0 HTTP/1.1" 304 -
181.53.12.229 - - [30/Mar/2024:23:03:28 -0500] "GET /sipse/faces/javax.faces.resource/layout/layout.js?ln=primefaces&v=4.0 HTTP/1.1" 304 -
181.53.12.229 - - [30/Mar/2024:23:03:27 -0500] "POST /sipse/faces/presentacion/financiero/estudioPrevio/personalSolicitado/personalSolicitadoSolicitudProceso.xhtml HTTP/1.1" 200 177229
216.244.66.195 - - [30/Mar/2024:23:03:50 -0500] "GET /BLA/resoluciones/AUTOS%202019/2855.pdf HTTP/1.1" 200 269791
181.53.12.229 - - [30/Mar/2024:23:04:03 -0500] "POST /sipse/faces/presentacion/financiero/solicitudProceso/consultarSolicitudProceso.xhtml HTTP/1.1" 200 64537
181.53.12.229 - - [30/Mar/2024:23:04:06 -0500] "GET /sipse/faces/javax.faces.resource/layout/layout.css?ln=primefaces&v=4.0 HTTP/1.1" 304 -
181.53.12.229 - - [30/Mar/2024:23:04:06 -0500] "GET /sipse/faces/javax.faces.resource/jquery/jquery.js?ln=primefaces&v=4.0 HTTP/1.1" 304 -
181.53.12.229 - - [30/Mar/2024:23:04:06 -0500] "GET /sipse/faces/javax.faces.resource/primefaces.css?ln=primefaces&v=4.0 HTTP/1.1" 304 -
181.53.12.229 - - [30/Mar/2024:23:04:06 -0500] "GET /sipse/faces/javax.faces.resource/theme.css?ln=primefaces-sipse HTTP/1.1" 304 -
181.53.12.229 - - [30/Mar/2024:23:04:06 -0500] "GET /sipse/faces/javax.faces.resource/jquery/jquery-plugins.js?ln=primefaces&v=4.0 HTTP/1.1" 304 -
181.53.12.229 - - [30/Mar/2024:23:04:06 -0500] "GET /sipse/faces/javax.faces.resource/primefaces.js?ln=primefaces&v=4.0 HTTP/1.1" 304 -
181.53.12.229 - - [30/Mar/2024:23:04:06 -0500] "GET /sipse/faces/javax.faces.resource/layout/layout.js?ln=primefaces&v=4.0 HTTP/1.1" 304 -
181.53.12.229 - - [30/Mar/2024:23:04:06 -0500] "POST /sipse/faces/presentacion/financiero/solicitudProceso/listarSolicitudProceso.xhtml HTTP/1.1" 200 1560
181.53.12.229 - - [30/Mar/2024:23:04:09 -0500] "POST /sipse/faces/presentacion/financiero/solicitudProceso/listarSolicitudProceso.xhtml HTTP/1.1" 200 11064
172.22.2.4 - - [30/Mar/2024:23:02:33 -0500] "HEAD /BLA/boletinlegal/ HTTP/1.1" 200 -
181.53.12.229 - - [30/Mar/2024:23:04:33 -0500] "POST /sipse/faces/presentacion/financiero/solicitudProceso/listarSolicitudProceso.xhtml HTTP/1.1" 200 911
216.244.66.195 - - [30/Mar/2024:23:04:34 -0500] "GET /BLA/resoluciones/AUTOS%202019/3900.pdf HTTP/1.1" 200 263359
181.53.12.229 - - [30/Mar/2024:23:04:34 -0500] "GET /sipse/faces/presentacion/financiero/estudioPrevio/personalSolicitado/faces/autenticacion HTTP/1.1" 302 -
181.53.12.229 - - [30/Mar/2024:23:04:34 -0500] "GET /sipse/faces/autenticacion.xhtml HTTP/1.1" 200 12411
