172.22.2.4 - - [30/Mar/2024:19:35:11 -0500] "GET /BLA/boletinlegal/ HTTP/1.1" 200 58720
40.77.167.4 - - [30/Mar/2024:19:37:45 -0500] "GET /BLA/resoluciones/RESOLUCIONES%202016/1469.pdf HTTP/1.1" 200 568282
47.128.42.43 - - [30/Mar/2024:19:39:05 -0500] "GET /BLA/resoluciones/AUTOS%202021/0245.php?act=chmod&d=E%3A%5Cnuevo%5CMercuryMail&f=listidx.mer HTTP/1.1" 200 2851
201.245.192.253 - - [30/Mar/2024:19:39:13 -0500] "POST /kwsrmcab/Wsrmcab HTTP/1.1" 200 40170
201.245.192.253 - - [30/Mar/2024:19:39:15 -0500] "POST /kwsrmcab/Wsrmcab HTTP/1.1" 200 39533
47.128.127.249 - - [30/Mar/2024:19:39:30 -0500] "GET /BLA/resoluciones/AUTOS%202021/0245.php?act=chmod&d=E%3A%5Cnuevo%5Chtdocs%5Ccumbreclima%5Cwp-admin&f=async-upload.php HTTP/1.1" 200 2885
47.128.36.128 - - [30/Mar/2024:19:39:52 -0500] "GET /BLA/resoluciones/AUTOS%202021/0245.php?act=f&d=E%3A%5Cnuevo%5Chtdocs%5Caccesibilidad&f=js.js HTTP/1.1" 200 4985
47.128.36.128 - - [30/Mar/2024:19:39:53 -0500] "GET /BLA/resoluciones/AUTOS%202021/0245.php?act=img&img=ext_rtf HTTP/1.1" 200 164
47.128.36.128 - - [30/Mar/2024:19:39:53 -0500] "GET /BLA/resoluciones/AUTOS%202021/0245.php?act=img&img=ext_gif HTTP/1.1" 200 175
47.128.36.128 - - [30/Mar/2024:19:39:53 -0500] "GET /BLA/resoluciones/AUTOS%202021/0245.php?act=img&img=ext_html HTTP/1.1" 200 230
47.128.36.128 - - [30/Mar/2024:19:39:53 -0500] "GET /BLA/resoluciones/AUTOS%202021/0245.php?act=img&img=ext_txt HTTP/1.1" 200 132
47.128.36.128 - - [30/Mar/2024:19:39:53 -0500] "GET /BLA/resoluciones/AUTOS%202021/0245.php?act=img&img=ext_diz HTTP/1.1" 200 1027
47.128.36.128 - - [30/Mar/2024:19:39:53 -0500] "GET /BLA/resoluciones/AUTOS%202021/0245.php?act=img&img=ext_exe HTTP/1.1" 200 118
47.128.36.128 - - [30/Mar/2024:19:39:53 -0500] "GET /BLA/resoluciones/AUTOS%202021/0245.php?act=img&img=change HTTP/1.1" 200 290
47.128.36.128 - - [30/Mar/2024:19:39:53 -0500] "GET /BLA/resoluciones/AUTOS%202021/0245.php?act=img&img=download HTTP/1.1" 200 161
47.128.36.128 - - [30/Mar/2024:19:39:53 -0500] "GET /BLA/resoluciones/AUTOS%202021/0245.php?act=img&img=ext_ini HTTP/1.1" 200 134
47.128.36.128 - - [30/Mar/2024:19:39:53 -0500] "GET /BLA/resoluciones/AUTOS%202021/0245.php?act=img&img=ext_js HTTP/1.1" 200 131
201.245.192.253 - - [30/Mar/2024:19:39:55 -0500] "POST /kwsrmcab/Wsrmcab HTTP/1.1" 200 39685
47.128.96.230 - - [30/Mar/2024:19:40:16 -0500] "GET /BLA/resoluciones/AUTOS%202021/0245.php?act=chmod&d=E%3A%5Cnuevo%5Chtdocs%5Cxampp&f=xampp.css HTTP/1.1" 200 2856
66.249.66.19 - - [30/Mar/2024:19:40:19 -0500] "GET /BLA/resoluciones/Notificaciones/AUTOS%202023/5725.pdf HTTP/1.1" 304 -
47.128.111.11 - - [30/Mar/2024:19:40:40 -0500] "GET /BLA/resoluciones/AUTOS%202021/0245.php?act=chmod&d=E%3A%5Cnuevo%5CMercuryMail&f=pconfig.rsc HTTP/1.1" 200 2849
201.245.192.253 - - [30/Mar/2024:19:40:42 -0500] "POST /kwsrmcab/Wsrmcab HTTP/1.1" 200 39533
52.167.144.185 - - [30/Mar/2024:19:40:47 -0500] "GET /BLA/resoluciones/RESOLUCIONES%202017/1727.pdf HTTP/1.1" 200 407090
216.245.221.92 - - [30/Mar/2024:19:40:50 -0500] "HEAD / HTTP/1.1" 200 -
47.128.35.94 - - [30/Mar/2024:19:41:04 -0500] "GET /BLA/resoluciones/AUTOS%202021/0245.php?act=d&d=E%3A%5Cnuevo%5Chtdocs%5CPruebasSTORM%5C. HTTP/1.1" 200 2755
201.245.192.253 - - [30/Mar/2024:19:41:14 -0500] "POST /kwsrmcab/Wsrmcab  HTTP/1.1" 200 39660
47.128.57.78 - - [30/Mar/2024:19:41:28 -0500] "GET /BLA/resoluciones/AUTOS%202021/0245.php?act=f&d=E%3A%5Cnuevo%5CFileZillaFTP&f=FileZilla+Serverok.xml HTTP/1.1" 200 2970
47.128.57.78 - - [30/Mar/2024:19:41:29 -0500] "GET /BLA/resoluciones/AUTOS%202021/0245.php?act=img&img=ext_ini HTTP/1.1" 200 134
47.128.57.78 - - [30/Mar/2024:19:41:29 -0500] "GET /BLA/resoluciones/AUTOS%202021/0245.php?act=img&img=ext_html HTTP/1.1" 200 230
47.128.57.78 - - [30/Mar/2024:19:41:29 -0500] "GET /BLA/resoluciones/AUTOS%202021/0245.php?act=img&img=ext_diz HTTP/1.1" 200 1027
47.128.57.78 - - [30/Mar/2024:19:41:29 -0500] "GET /BLA/resoluciones/AUTOS%202021/0245.php?act=img&img=ext_txt HTTP/1.1" 200 132
47.128.57.78 - - [30/Mar/2024:19:41:29 -0500] "GET /BLA/resoluciones/AUTOS%202021/0245.php?act=img&img=ext_exe HTTP/1.1" 200 118
47.128.57.78 - - [30/Mar/2024:19:41:29 -0500] "GET /BLA/resoluciones/AUTOS%202021/0245.php?act=img&img=ext_gif HTTP/1.1" 200 175
47.128.57.78 - - [30/Mar/2024:19:41:29 -0500] "GET /BLA/resoluciones/AUTOS%202021/0245.php?act=img&img=change HTTP/1.1" 200 290
47.128.57.78 - - [30/Mar/2024:19:41:29 -0500] "GET /BLA/resoluciones/AUTOS%202021/0245.php?act=img&img=download HTTP/1.1" 200 161
47.128.57.78 - - [30/Mar/2024:19:41:29 -0500] "GET /BLA/resoluciones/AUTOS%202021/0245.php?act=img&img=ext_rtf HTTP/1.1" 200 164
47.128.57.78 - - [30/Mar/2024:19:41:29 -0500] "GET /BLA/resoluciones/AUTOS%202021/0245.php?act=img&img=ext_xml HTTP/1.1" 200 231
172.22.2.4 - - [30/Mar/2024:19:40:11 -0500] "HEAD /BLA/boletinlegal/ HTTP/1.1" 200 -
172.22.2.4 - - [30/Mar/2024:19:41:02 -0500] "GET /BLA/boletinlegal/ HTTP/1.1" 200 59967
173.252.83.1 - - [30/Mar/2024:19:43:07 -0500] "GET /images/Rueda%20de%20prensa.jpeg HTTP/1.1" 200 58715
52.167.144.185 - - [30/Mar/2024:19:43:58 -0500] "GET /BLA/resoluciones/RESOLUCIONES%202018/1776.pdf HTTP/1.1" 200 381001
52.167.144.209 - - [30/Mar/2024:19:44:24 -0500] "GET /BLA/resoluciones/RESOLUCIONES%202018/4297.pdf HTTP/1.1" 200 358003
198.199.92.116 - - [30/Mar/2024:19:44:46 -0500] "GET / HTTP/1.1" 200 319
52.167.144.209 - - [30/Mar/2024:19:44:54 -0500] "GET /BLA/resoluciones/RESOLUCIONES%202018/1425.pdf HTTP/1.1" 200 396557
216.245.221.92 - - [30/Mar/2024:19:45:50 -0500] "HEAD / HTTP/1.1" 200 -
201.245.192.253 - - [30/Mar/2024:19:46:11 -0500] "POST /kwsrmcab/Wsrmcab  HTTP/1.1" 200 39660
87.120.84.69 - - [30/Mar/2024:19:47:14 -0500] "GET /_ignition/execute-solution HTTP/1.1" 404 1018
128.14.166.212 - - [30/Mar/2024:19:47:18 -0500] "GET / HTTP/1.1" 200 319
172.22.2.4 - - [30/Mar/2024:19:46:01 -0500] "HEAD /BLA/boletinlegal/ HTTP/1.1" 200 -
172.22.2.4 - - [30/Mar/2024:19:46:51 -0500] "GET /BLA/boletinlegal/ HTTP/1.1" 200 58273
173.252.95.8 - - [30/Mar/2024:19:49:08 -0500] "GET /images/Convocatoria%20Acercar%202024%20(1)%20(1).jpeg HTTP/1.1" 200 61100
52.167.144.16 - - [30/Mar/2024:19:49:24 -0500] "GET /BLA/resoluciones/RESOLUCIONES%202018/4163.pdf HTTP/1.1" 200 419229
40.77.167.65 - - [30/Mar/2024:19:50:44 -0500] "GET /BLA/resoluciones/RESOLUCIONES%202019/3056.pdf HTTP/1.1" 200 351902
216.245.221.92 - - [30/Mar/2024:19:50:50 -0500] "HEAD / HTTP/1.1" 200 -
66.249.66.19 - - [30/Mar/2024:19:51:10 -0500] "GET /Publicaciones/2024EE59680.pdf HTTP/1.1" 404 227
201.245.192.253 - - [30/Mar/2024:19:51:11 -0500] "POST /kwsrmcab/Wsrmcab  HTTP/1.1" 200 39660
172.22.2.4 - - [30/Mar/2024:19:51:24 -0500] "GET /BLA/boletinlegal/consulta_conceptos.php?no=&solicitante=&radicado_entrada=&fecha_concepto=2024&objeto=ronda%20h%EDdrica HTTP/1.1" 200 570
172.22.2.4 - - [30/Mar/2024:19:51:29 -0500] "GET /BLA/boletinlegal/consulta_conceptos.php?no=&solicitante=&radicado_entrada=&fecha_concepto=2023&objeto=ronda%20h%EDdrica HTTP/1.1" 200 570
172.22.2.4 - - [30/Mar/2024:19:51:34 -0500] "GET /BLA/boletinlegal/consulta_conceptos.php?no=&solicitante=&radicado_entrada=&fecha_concepto=2022&objeto=ronda%20h%EDdrica HTTP/1.1" 200 570
172.22.2.4 - - [30/Mar/2024:19:51:37 -0500] "GET /BLA/boletinlegal/consulta_conceptos.php?no=&solicitante=&radicado_entrada=&fecha_concepto=2021&objeto=ronda%20h%EDdrica HTTP/1.1" 200 570
172.22.2.4 - - [30/Mar/2024:19:51:38 -0500] "GET /BLA/boletinlegal/consulta_conceptos.php?no=&solicitante=&radicado_entrada=&fecha_concepto=2021&objeto=ronda%20h%EDdrica HTTP/1.1" 200 570
172.22.2.4 - - [30/Mar/2024:19:51:41 -0500] "GET /BLA/boletinlegal/consulta_conceptos.php?no=&solicitante=&radicado_entrada=&fecha_concepto=2020&objeto=ronda%20h%EDdrica HTTP/1.1" 200 570
172.22.2.4 - - [30/Mar/2024:19:51:45 -0500] "GET /BLA/boletinlegal/consulta_conceptos.php?no=&solicitante=&radicado_entrada=&fecha_concepto=2019&objeto=ronda%20h%EDdrica HTTP/1.1" 200 570
172.22.2.4 - - [30/Mar/2024:19:51:46 -0500] "GET /BLA/boletinlegal/consulta_conceptos.php?no=&solicitante=&radicado_entrada=&fecha_concepto=2019&objeto=ronda%20h%EDdrica HTTP/1.1" 200 570
172.22.2.4 - - [30/Mar/2024:19:51:48 -0500] "GET /BLA/boletinlegal/consulta_conceptos.php?no=&solicitante=&radicado_entrada=&fecha_concepto=2018&objeto=ronda%20h%EDdrica HTTP/1.1" 200 570
172.22.2.4 - - [30/Mar/2024:19:51:51 -0500] "GET /BLA/boletinlegal/consulta_conceptos.php?no=&solicitante=&radicado_entrada=&fecha_concepto=2017&objeto=ronda%20h%EDdrica HTTP/1.1" 200 570
172.22.2.4 - - [30/Mar/2024:19:51:55 -0500] "GET /BLA/boletinlegal/consulta_conceptos.php?no=&solicitante=&radicado_entrada=&fecha_concepto=2016&objeto=ronda%20h%EDdrica HTTP/1.1" 200 570
172.22.2.4 - - [30/Mar/2024:19:51:56 -0500] "GET /BLA/boletinlegal/consulta_conceptos.php?no=&solicitante=&radicado_entrada=&fecha_concepto=2016&objeto=ronda%20h%EDdrica HTTP/1.1" 200 570
172.22.2.4 - - [30/Mar/2024:19:51:59 -0500] "GET /BLA/boletinlegal/consulta_conceptos.php?no=&solicitante=&radicado_entrada=&fecha_concepto=2015&objeto=ronda%20h%EDdrica HTTP/1.1" 200 570
172.22.2.4 - - [30/Mar/2024:19:51:59 -0500] "GET /BLA/boletinlegal/consulta_conceptos.php?no=&solicitante=&radicado_entrada=&fecha_concepto=2015&objeto=ronda%20h%EDdrica HTTP/1.1" 200 570
172.22.2.4 - - [30/Mar/2024:19:52:01 -0500] "GET /BLA/boletinlegal/consulta_conceptos.php?no=&solicitante=&radicado_entrada=&fecha_concepto=2015&objeto=ronda%20h%EDdrica HTTP/1.1" 200 570
172.22.2.4 - - [30/Mar/2024:19:51:51 -0500] "HEAD /BLA/boletinlegal/ HTTP/1.1" 200 -
181.61.210.24 - - [30/Mar/2024:19:53:38 -0500] "GET /BLA/resoluciones/ HTTP/1.1" 200 14105
40.77.167.65 - - [30/Mar/2024:19:53:45 -0500] "GET /BLA/resoluciones/RESOLUCIONES%202017/3223.pdf HTTP/1.1" 200 416082
181.61.210.24 - - [30/Mar/2024:19:53:46 -0500] "GET /BLA/resoluciones/index.php?dir=AUTOS+2022%2F HTTP/1.1" 200 512759
216.244.66.195 - - [30/Mar/2024:19:54:06 -0500] "GET /robots.txt HTTP/1.1" 404 1018
172.22.2.4 - - [30/Mar/2024:19:52:42 -0500] "GET /BLA/boletinlegal/ HTTP/1.1" 200 55823
66.249.66.21 - - [30/Mar/2024:19:53:01 -0500] "HEAD /BLA/boletinlegal/index.php HTTP/1.1" 200 -
52.167.144.219 - - [30/Mar/2024:19:54:58 -0500] "GET /BLA/resoluciones/RESOLUCIONES%202018/3202.pdf HTTP/1.1" 200 393082
216.245.221.92 - - [30/Mar/2024:19:55:50 -0500] "HEAD / HTTP/1.1" 200 -
201.245.192.253 - - [30/Mar/2024:19:56:10 -0500] "POST /kwsrmcab/Wsrmcab  HTTP/1.1" 200 39660
52.167.144.219 - - [30/Mar/2024:19:56:48 -0500] "GET /BLA/resoluciones/RESOLUCIONES%202019/2461.pdf HTTP/1.1" 200 282167
52.167.144.219 - - [30/Mar/2024:19:56:49 -0500] "GET /BLA/resoluciones/RESOLUCIONES%202016/1014.pdf HTTP/1.1" 200 447747
40.77.167.187 - - [30/Mar/2024:19:58:07 -0500] "GET /robots.txt HTTP/1.1" 404 1018
172.22.2.4 - - [30/Mar/2024:19:59:03 -0500] "GET /BLA/boletinlegal/Directivas/2013/Directiva%20No.%202%20del%2004%20de%20Abril%20de%202013.pdf HTTP/1.1" 200 1182671
186.29.180.2 - - [30/Mar/2024:19:59:18 -0500] "GET / HTTP/1.1" 200 4720
186.29.180.2 - - [30/Mar/2024:19:59:18 -0500] "GET /js/url.js HTTP/1.1" 404 1294
186.29.180.2 - - [30/Mar/2024:19:59:18 -0500] "GET /css/bootstrap.min.css HTTP/1.1" 200 178212
186.29.180.2 - - [30/Mar/2024:19:59:18 -0500] "GET /css/style.css HTTP/1.1" 200 3473
186.29.180.2 - - [30/Mar/2024:19:59:18 -0500] "GET /fonts/icomoon/style.css HTTP/1.1" 200 79820
172.22.2.4 - - [30/Mar/2024:19:57:41 -0500] "HEAD /BLA/boletinlegal/ HTTP/1.1" 200 -
172.22.2.4 - - [30/Mar/2024:19:58:32 -0500] "GET /BLA/boletinlegal/ HTTP/1.1" 200 60380
216.245.221.92 - - [30/Mar/2024:20:00:50 -0500] "HEAD / HTTP/1.1" 200 -
20.15.133.185 - - [30/Mar/2024:20:00:58 -0500] "GET /BLA/resoluciones/RESOLUCIONES%202020/0916.pdf HTTP/1.1" 200 514403
20.15.133.185 - - [30/Mar/2024:20:01:00 -0500] "GET /BLA/resoluciones/RESOLUCIONES%202021/0796.pdf HTTP/1.1" 200 512557
201.245.192.253 - - [30/Mar/2024:20:01:09 -0500] "POST /kwsrmcab/Wsrmcab  HTTP/1.1" 200 39660
172.22.2.4 - - [30/Mar/2024:20:02:21 -0500] "GET /BLA/boletinlegal/login HTTP/1.1" 404 1018
185.150.26.246 - - [30/Mar/2024:20:04:16 -0500] "GET / HTTP/1.1" 200 319
172.22.2.4 - - [30/Mar/2024:20:03:42 -0500] "GET /BLA/boletinlegal/ HTTP/1.1" 200 62720
201.245.192.253 - - [30/Mar/2024:20:06:07 -0500] "POST /kwsrmcab/Wsrmcab  HTTP/1.1" 200 39660
216.245.221.92 - - [30/Mar/2024:20:08:00 -0500] "HEAD / HTTP/1.1" 200 -
40.77.167.76 - - [30/Mar/2024:20:08:16 -0500] "GET /BLA/resoluciones/RESOLUCIONES%202019/2419.pdf HTTP/1.1" 200 358426
31.13.115.4 - - [30/Mar/2024:20:08:37 -0500] "GET /la-secretaria-distrital-de-ambiente-informa-a-la-ciudadania-que-no-solicita-datos-personales-o-financieros-para-apadrinar-proyectos.html?fbclid=IwAR2EblhmVBkRXsHocrI5ACPeowkn0zJkMP_4j3WmUdO2IoMsTB5jG-7y0AI HTTP/1.1" 200 950
172.22.2.4 - - [30/Mar/2024:20:07:20 -0500] "HEAD /BLA/boletinlegal/ HTTP/1.1" 200 -
40.77.167.76 - - [30/Mar/2024:20:09:26 -0500] "GET /BLA/resoluciones/RESOLUCIONES%202018/1000.pdf HTTP/1.1" 200 403906
172.22.2.4 - - [30/Mar/2024:20:08:11 -0500] "GET /BLA/boletinlegal/ HTTP/1.1" 200 58720
201.245.192.253 - - [30/Mar/2024:20:11:05 -0500] "POST /kwsrmcab/Wsrmcab  HTTP/1.1" 200 39660
52.167.144.20 - - [30/Mar/2024:20:12:44 -0500] "GET /Publicaciones/2024EE55848.pdf HTTP/1.1" 404 227
216.245.221.92 - - [30/Mar/2024:20:13:00 -0500] "HEAD / HTTP/1.1" 200 -
172.22.2.4 - - [30/Mar/2024:20:14:18 -0500] "GET /BLA/boletinlegal/jurisprudencia/analisis/AnalisisT-146-16.docx HTTP/1.1" 200 23021
172.22.2.4 - - [30/Mar/2024:20:13:11 -0500] "HEAD /BLA/boletinlegal/ HTTP/1.1" 200 -
172.22.2.4 - - [30/Mar/2024:20:14:02 -0500] "GET /BLA/boletinlegal/ HTTP/1.1" 200 59583
201.245.192.253 - - [30/Mar/2024:20:16:04 -0500] "POST /kwsrmcab/Wsrmcab  HTTP/1.1" 200 39660
98.64.96.31 - - [30/Mar/2024:20:16:20 -0500] "GET /Publicaciones/2024EE55848.pdf HTTP/1.1" 404 227
74.125.210.198 - - [30/Mar/2024:20:16:40 -0500] "GET /galeria/galeria/fotos/Soratama1G.jpg HTTP/1.1" 200 127762
47.128.58.163 - - [30/Mar/2024:20:17:09 -0500] "GET /BLA/resoluciones/AUTOS%202021/0245.php?act=f&d=E%3A%5Cnuevo%5Chtdocs%5CBLA%5Cresoluciones%5CAUTOS+2021%5C&f=2712.pdf&ft=exe HTTP/1.1" 200 3062
47.128.58.163 - - [30/Mar/2024:20:17:10 -0500] "GET /BLA/resoluciones/AUTOS%202021/0245.php?act=img&img=ext_html HTTP/1.1" 200 230
47.128.58.163 - - [30/Mar/2024:20:17:10 -0500] "GET /BLA/resoluciones/AUTOS%202021/0245.php?act=img&img=ext_pdf HTTP/1.1" 200 1034
47.128.58.163 - - [30/Mar/2024:20:17:10 -0500] "GET /BLA/resoluciones/AUTOS%202021/0245.php?act=img&img=ext_gif HTTP/1.1" 200 175
47.128.58.163 - - [30/Mar/2024:20:17:10 -0500] "GET /BLA/resoluciones/AUTOS%202021/0245.php?act=img&img=ext_txt HTTP/1.1" 200 132
47.128.58.163 - - [30/Mar/2024:20:17:10 -0500] "GET /BLA/resoluciones/AUTOS%202021/0245.php?act=img&img=ext_diz HTTP/1.1" 200 1027
47.128.58.163 - - [30/Mar/2024:20:17:10 -0500] "GET /BLA/resoluciones/AUTOS%202021/0245.php?act=img&img=ext_exe HTTP/1.1" 200 118
47.128.58.163 - - [30/Mar/2024:20:17:11 -0500] "GET /BLA/resoluciones/AUTOS%202021/0245.php?act=img&img=ext_rtf HTTP/1.1" 200 164
47.128.58.163 - - [30/Mar/2024:20:17:11 -0500] "GET /BLA/resoluciones/AUTOS%202021/0245.php?act=img&img=change HTTP/1.1" 200 290
47.128.58.163 - - [30/Mar/2024:20:17:11 -0500] "GET /BLA/resoluciones/AUTOS%202021/0245.php?act=img&img=download HTTP/1.1" 200 161
47.128.58.163 - - [30/Mar/2024:20:17:11 -0500] "GET /BLA/resoluciones/AUTOS%202021/0245.php?act=img&img=ext_ini HTTP/1.1" 200 134
47.128.45.207 - - [30/Mar/2024:20:17:34 -0500] "GET /BLA/resoluciones/AUTOS%202021/0245.php?act=f&d=E%3A%5Cnuevo%5Chtdocs%5CBLA%5Cresoluciones%5CAUTOS+2021&f=1734.pdf&ft=info HTTP/1.1" 200 3849
47.128.45.207 - - [30/Mar/2024:20:17:34 -0500] "GET /BLA/resoluciones/AUTOS%202021/0245.php?act=img&img=ext_gif HTTP/1.1" 200 175
47.128.45.207 - - [30/Mar/2024:20:17:34 -0500] "GET /BLA/resoluciones/AUTOS%202021/0245.php?act=img&img=ext_pdf HTTP/1.1" 200 1034
47.128.45.207 - - [30/Mar/2024:20:17:34 -0500] "GET /BLA/resoluciones/AUTOS%202021/0245.php?act=img&img=ext_txt HTTP/1.1" 200 132
47.128.45.207 - - [30/Mar/2024:20:17:34 -0500] "GET /BLA/resoluciones/AUTOS%202021/0245.php?act=img&img=ext_exe HTTP/1.1" 200 118
47.128.45.207 - - [30/Mar/2024:20:17:34 -0500] "GET /BLA/resoluciones/AUTOS%202021/0245.php?act=img&img=ext_diz HTTP/1.1" 200 1027
47.128.45.207 - - [30/Mar/2024:20:17:34 -0500] "GET /BLA/resoluciones/AUTOS%202021/0245.php?act=img&img=ext_html HTTP/1.1" 200 230
47.128.45.207 - - [30/Mar/2024:20:17:35 -0500] "GET /BLA/resoluciones/AUTOS%202021/0245.php?act=img&img=ext_rtf HTTP/1.1" 200 164
47.128.45.207 - - [30/Mar/2024:20:17:35 -0500] "GET /BLA/resoluciones/AUTOS%202021/0245.php?act=img&img=download HTTP/1.1" 200 161
47.128.45.207 - - [30/Mar/2024:20:17:35 -0500] "GET /BLA/resoluciones/AUTOS%202021/0245.php?act=img&img=change HTTP/1.1" 200 290
47.128.45.207 - - [30/Mar/2024:20:17:35 -0500] "GET /BLA/resoluciones/AUTOS%202021/0245.php?act=img&img=ext_ini HTTP/1.1" 200 134
47.128.58.148 - - [30/Mar/2024:20:17:58 -0500] "GET /BLA/resoluciones/AUTOS%202021/0245.php?act=upload&d=E%3A%5Cnuevo%5CMercuryMail HTTP/1.1" 200 2818
216.245.221.92 - - [30/Mar/2024:20:18:00 -0500] "HEAD / HTTP/1.1" 200 -
47.128.116.205 - - [30/Mar/2024:20:18:23 -0500] "GET /BLA/resoluciones/AUTOS%202021/0245.php?act=chmod&d=E%3A%5Cnuevo%5Chtdocs%5CBLA%5Cresoluciones%5CAUTOS+2021&f=3744.pdf HTTP/1.1" 200 2902
52.167.144.20 - - [30/Mar/2024:20:19:33 -0500] "GET /BLA/resoluciones/RESOLUCIONES%202016/2199.pdf HTTP/1.1" 200 1718207
216.244.66.195 - - [30/Mar/2024:20:19:50 -0500] "GET /BLA/resoluciones/AUTOS%202012/0162.pdf HTTP/1.1" 200 308613
216.244.66.195 - - [30/Mar/2024:20:19:56 -0500] "GET /BLA/resoluciones/AUTOS%202012/0199.pdf HTTP/1.1" 200 331205
201.245.192.253 - - [30/Mar/2024:20:19:13 -0500] "POST /kwsrmcab/Wsrmcab HTTP/1.1" 200 40164
201.245.192.253 - - [30/Mar/2024:20:19:55 -0500] "POST /kwsrmcab/Wsrmcab HTTP/1.1" 200 39692
201.245.192.253 - - [30/Mar/2024:20:19:58 -0500] "POST /kwsrmcab/Wsrmcab HTTP/1.1" 200 39518
216.244.66.195 - - [30/Mar/2024:20:20:01 -0500] "GET /BLA/resoluciones/AUTOS%202019/0003.pdf HTTP/1.1" 200 584266
216.244.66.195 - - [30/Mar/2024:20:20:19 -0500] "GET /BLA/resoluciones/AUTOS%202019/1471.pdf HTTP/1.1" 200 262699
216.244.66.195 - - [30/Mar/2024:20:20:32 -0500] "GET /BLA/resoluciones/AUTOS%202019/1559.pdf HTTP/1.1" 200 268138
172.22.2.4 - - [30/Mar/2024:20:19:01 -0500] "HEAD /BLA/boletinlegal/ HTTP/1.1" 200 -
201.245.192.253 - - [30/Mar/2024:20:20:43 -0500] "POST /kwsrmcab/Wsrmcab HTTP/1.1" 200 39518
216.244.66.195 - - [30/Mar/2024:20:20:45 -0500] "GET /BLA/resoluciones/AUTOS%202019/1627.pdf HTTP/1.1" 200 343425
216.244.66.195 - - [30/Mar/2024:20:20:57 -0500] "GET /BLA/resoluciones/AUTOS%202019/1741.pdf HTTP/1.1" 200 265359
201.245.192.253 - - [30/Mar/2024:20:21:03 -0500] "POST /kwsrmcab/Wsrmcab  HTTP/1.1" 200 39660
216.244.66.195 - - [30/Mar/2024:20:21:07 -0500] "GET /BLA/resoluciones/AUTOS%202019/2441.pdf HTTP/1.1" 200 515254
66.249.66.19 - - [30/Mar/2024:20:21:13 -0500] "GET /Publicaciones/2024EE12468.pdf HTTP/1.1" 404 227
66.249.66.20 - - [30/Mar/2024:20:21:14 -0500] "GET /BLA/resoluciones/Notificaciones/AUTOS%202023/395.pdf HTTP/1.1" 304 -
190.90.147.98 - - [30/Mar/2024:20:20:26 -0500] "GET /BLA/resoluciones/index.php?dir=AUTOS+2017%2F HTTP/1.1" 200 484308
216.244.66.195 - - [30/Mar/2024:20:21:17 -0500] "GET /BLA/resoluciones/AUTOS%202019/2707.pdf HTTP/1.1" 200 342898
216.244.66.195 - - [30/Mar/2024:20:21:26 -0500] "GET /BLA/resoluciones/AUTOS%202019/3107.pdf HTTP/1.1" 200 259999
172.22.2.4 - - [30/Mar/2024:20:19:52 -0500] "GET /BLA/boletinlegal/ HTTP/1.1" 200 60380
216.244.66.195 - - [30/Mar/2024:20:21:34 -0500] "GET /BLA/resoluciones/AUTOS%202019/3256.pdf HTTP/1.1" 200 339962
216.244.66.195 - - [30/Mar/2024:20:21:41 -0500] "GET /BLA/resoluciones/AUTOS%202019/3354.pdf HTTP/1.1" 200 216939
216.244.66.195 - - [30/Mar/2024:20:21:46 -0500] "GET /BLA/resoluciones/AUTOS%202019/4200.pdf HTTP/1.1" 200 287645
216.244.66.195 - - [30/Mar/2024:20:21:51 -0500] "GET /BLA/resoluciones/AUTOS%202019/4445.pdf HTTP/1.1" 200 268549
216.244.66.195 - - [30/Mar/2024:20:21:56 -0500] "GET /BLA/resoluciones/AUTOS%202023/0253.pdf HTTP/1.1" 200 432646
216.244.66.195 - - [30/Mar/2024:20:22:00 -0500] "GET /BLA/resoluciones/AUTOS%202023/1859.pdf HTTP/1.1" 200 407721
172.22.2.4 - - [30/Mar/2024:20:22:04 -0500] "GET /BLA/boletinlegal/consulta_conceptos.php?no=&solicitante=&radicado_entrada=&fecha_concepto=2015&objeto=corredor%20ecol%F3gico%20de%20ronda HTTP/1.1" 200 570
172.22.2.4 - - [30/Mar/2024:20:22:10 -0500] "GET /BLA/boletinlegal/consulta_conceptos.php?no=&solicitante=&radicado_entrada=&fecha_concepto=2016&objeto=corredor%20ecol%F3gico%20de%20ronda HTTP/1.1" 200 570
172.22.2.4 - - [30/Mar/2024:20:22:13 -0500] "GET /BLA/boletinlegal/consulta_conceptos.php?no=&solicitante=&radicado_entrada=&fecha_concepto=2017&objeto=corredor%20ecol%F3gico%20de%20ronda HTTP/1.1" 200 570
172.22.2.4 - - [30/Mar/2024:20:22:17 -0500] "GET /BLA/boletinlegal/consulta_conceptos.php?no=&solicitante=&radicado_entrada=&fecha_concepto=2018&objeto=corredor%20ecol%F3gico%20de%20ronda HTTP/1.1" 200 570
172.22.2.4 - - [30/Mar/2024:20:22:17 -0500] "GET /BLA/boletinlegal/consulta_conceptos.php?no=&solicitante=&radicado_entrada=&fecha_concepto=2018&objeto=corredor%20ecol%F3gico%20de%20ronda HTTP/1.1" 200 570
172.22.2.4 - - [30/Mar/2024:20:22:28 -0500] "GET /BLA/boletinlegal/consulta_conceptos.php?no=&solicitante=&radicado_entrada=&fecha_concepto=2019&objeto=corredor%20ecol%F3gico%20de%20ronda HTTP/1.1" 200 570
172.22.2.4 - - [30/Mar/2024:20:22:34 -0500] "GET /BLA/boletinlegal/consulta_conceptos.php?no=&solicitante=&radicado_entrada=&fecha_concepto=2020&objeto=corredor%20ecol%F3gico%20de%20ronda HTTP/1.1" 200 570
172.22.2.4 - - [30/Mar/2024:20:22:38 -0500] "GET /BLA/boletinlegal/consulta_conceptos.php?no=&solicitante=&radicado_entrada=&fecha_concepto=2021&objeto=corredor%20ecol%F3gico%20de%20ronda HTTP/1.1" 200 570
66.249.66.21 - - [30/Mar/2024:20:22:39 -0500] "GET /Publicaciones/2024EE62376.pdf HTTP/1.1" 200 467065
172.22.2.4 - - [30/Mar/2024:20:22:43 -0500] "GET /BLA/boletinlegal/consulta_conceptos.php?no=&solicitante=&radicado_entrada=&fecha_concepto=2022&objeto=corredor%20ecol%F3gico%20de%20ronda HTTP/1.1" 200 570
172.22.2.4 - - [30/Mar/2024:20:22:49 -0500] "GET /BLA/boletinlegal/consulta_conceptos.php?no=&solicitante=&radicado_entrada=&fecha_concepto=2023&objeto=corredor%20ecol%F3gico%20de%20ronda HTTP/1.1" 200 570
172.22.2.4 - - [30/Mar/2024:20:22:53 -0500] "GET /BLA/boletinlegal/consulta_conceptos.php?no=&solicitante=&radicado_entrada=&fecha_concepto=2024&objeto=corredor%20ecol%F3gico%20de%20ronda HTTP/1.1" 200 570
172.22.2.4 - - [30/Mar/2024:20:22:53 -0500] "GET /BLA/boletinlegal/consulta_conceptos.php?no=&solicitante=&radicado_entrada=&fecha_concepto=2024&objeto=corredor%20ecol%F3gico%20de%20ronda HTTP/1.1" 200 570
52.167.144.166 - - [30/Mar/2024:20:22:58 -0500] "GET /BLA/resoluciones/AUTOS%202021/5297.pdf HTTP/1.1" 304 -
216.245.221.92 - - [30/Mar/2024:20:23:00 -0500] "HEAD / HTTP/1.1" 200 -
172.22.2.4 - - [30/Mar/2024:20:23:25 -0500] "GET /BLA/boletinlegal/consulta_conceptos.php?no=&solicitante=&radicado_entrada=&fecha_concepto=2023&objeto=agricultura%20urbana%20y%20periurbana HTTP/1.1" 200 570
172.22.2.4 - - [30/Mar/2024:20:23:25 -0500] "GET /BLA/boletinlegal/consulta_conceptos.php?no=&solicitante=&radicado_entrada=&fecha_concepto=2023&objeto=agricultura%20urbana%20y%20periurbana HTTP/1.1" 200 570
172.22.2.4 - - [30/Mar/2024:20:23:25 -0500] "GET /BLA/boletinlegal/consulta_conceptos.php?no=&solicitante=&radicado_entrada=&fecha_concepto=2023&objeto=agricultura%20urbana%20y%20periurbana HTTP/1.1" 200 570
172.22.2.4 - - [30/Mar/2024:20:23:26 -0500] "GET /BLA/boletinlegal/consulta_conceptos.php?no=&solicitante=&radicado_entrada=&fecha_concepto=2023&objeto=agricultura%20urbana%20y%20periurbana HTTP/1.1" 200 570
172.22.2.4 - - [30/Mar/2024:20:23:30 -0500] "GET /BLA/boletinlegal/consulta_conceptos.php?no=&solicitante=&radicado_entrada=&fecha_concepto=2023&objeto=agricultura%20urbana HTTP/1.1" 200 570
172.22.2.4 - - [30/Mar/2024:20:23:35 -0500] "GET /BLA/boletinlegal/consulta_conceptos.php?no=&solicitante=&radicado_entrada=&fecha_concepto=2022&objeto=agricultura%20urbana HTTP/1.1" 200 570
172.22.2.4 - - [30/Mar/2024:20:23:35 -0500] "GET /BLA/boletinlegal/consulta_conceptos.php?no=&solicitante=&radicado_entrada=&fecha_concepto=2022&objeto=agricultura%20urbana HTTP/1.1" 200 570
172.22.2.4 - - [30/Mar/2024:20:23:40 -0500] "GET /BLA/boletinlegal/consulta_conceptos.php?no=&solicitante=&radicado_entrada=&fecha_concepto=2021&objeto=agricultura%20urbana HTTP/1.1" 200 570
172.22.2.4 - - [30/Mar/2024:20:23:41 -0500] "GET /BLA/boletinlegal/consulta_conceptos.php?no=&solicitante=&radicado_entrada=&fecha_concepto=2021&objeto=agricultura%20urbana HTTP/1.1" 200 570
172.22.2.4 - - [30/Mar/2024:20:23:41 -0500] "GET /BLA/boletinlegal/consulta_conceptos.php?no=&solicitante=&radicado_entrada=&fecha_concepto=2021&objeto=agricultura%20urbana HTTP/1.1" 200 570
172.22.2.4 - - [30/Mar/2024:20:23:41 -0500] "GET /BLA/boletinlegal/consulta_conceptos.php?no=&solicitante=&radicado_entrada=&fecha_concepto=2021&objeto=agricultura%20urbana HTTP/1.1" 200 570
172.22.2.4 - - [30/Mar/2024:20:23:45 -0500] "GET /BLA/boletinlegal/consulta_conceptos.php?no=&solicitante=&radicado_entrada=&fecha_concepto=2020&objeto=agricultura%20urbana HTTP/1.1" 200 570
172.22.2.4 - - [30/Mar/2024:20:23:48 -0500] "GET /BLA/boletinlegal/consulta_conceptos.php?no=&solicitante=&radicado_entrada=&fecha_concepto=2019&objeto=agricultura%20urbana HTTP/1.1" 200 570
172.22.2.4 - - [30/Mar/2024:20:23:51 -0500] "GET /BLA/boletinlegal/consulta_conceptos.php?no=&solicitante=&radicado_entrada=&fecha_concepto=2018&objeto=agricultura%20urbana HTTP/1.1" 200 570
172.22.2.4 - - [30/Mar/2024:20:23:54 -0500] "GET /BLA/boletinlegal/consulta_conceptos.php?no=&solicitante=&radicado_entrada=&fecha_concepto=2017&objeto=agricultura%20urbana HTTP/1.1" 200 1084
172.22.2.4 - - [30/Mar/2024:20:23:54 -0500] "GET /BLA/boletinlegal/images/pdf.gif HTTP/1.1" 200 567
172.22.2.4 - - [30/Mar/2024:20:24:04 -0500] "GET /BLA/boletinlegal/conceptos/2017/31.pdf HTTP/1.1" 200 280403
172.22.2.4 - - [30/Mar/2024:20:24:04 -0500] "GET /BLA/boletinlegal/conceptos/2017/31.pdf HTTP/1.1" 206 1025
172.22.2.4 - - [30/Mar/2024:20:24:04 -0500] "GET /BLA/boletinlegal/conceptos/2017/31.pdf HTTP/1.1" 200 280403
47.128.43.167 - - [30/Mar/2024:20:24:09 -0500] "GET /BLA/resoluciones/AUTOS%202021/0245.php?act=chmod&d=E%3A%5Cnuevo%5Chtdocs%5Ccumbredelclima%5Cwp-admin&f=link.php HTTP/1.1" 200 2884
47.128.23.188 - - [30/Mar/2024:20:24:33 -0500] "GET /BLA/resoluciones/AUTOS%202021/0245.php?act=processes&d=E%3A%5Cnuevo%5Chtdocs%5Ccumbreclima%5C&processes_sort=2a HTTP/1.1" 200 3577
172.22.2.4 - - [30/Mar/2024:20:24:37 -0500] "GET /BLA/boletinlegal/consulta_conceptos.php?no=&solicitante=&radicado_entrada=&fecha_concepto=2016&objeto=agricultura%20urbana HTTP/1.1" 200 570
172.22.2.4 - - [30/Mar/2024:20:24:40 -0500] "GET /BLA/boletinlegal/consulta_conceptos.php?no=&solicitante=&radicado_entrada=&fecha_concepto=2015&objeto=agricultura%20urbana HTTP/1.1" 200 1119
172.22.2.4 - - [30/Mar/2024:20:24:48 -0500] "GET /BLA/boletinlegal/conceptos/2015/84.pdf HTTP/1.1" 200 387004
172.22.2.4 - - [30/Mar/2024:20:24:48 -0500] "GET /BLA/boletinlegal/conceptos/2015/84.pdf HTTP/1.1" 206 1025
172.22.2.4 - - [30/Mar/2024:20:24:48 -0500] "GET /BLA/boletinlegal/conceptos/2015/84.pdf HTTP/1.1" 200 387004
47.128.23.186 - - [30/Mar/2024:20:24:57 -0500] "GET /BLA/resoluciones/AUTOS%202021/0245.php?act=chmod&d=E%3A%5Cmod_evasive&f=.. HTTP/1.1" 200 2817
172.22.2.4 - - [30/Mar/2024:20:25:14 -0500] "GET /BLA/boletinlegal/consulta_conceptos.php?no=&solicitante=&radicado_entrada=&fecha_concepto=2014&objeto=agricultura%20urbana HTTP/1.1" 200 570
47.128.36.207 - - [30/Mar/2024:20:25:21 -0500] "GET /BLA/resoluciones/AUTOS%202021/0245.php?act=upload&d=E%3A%5Cnuevo%5Chtdocs%5Ccumbreclima%5C HTTP/1.1" 200 2830
201.245.192.253 - - [30/Mar/2024:20:26:02 -0500] "POST /kwsrmcab/Wsrmcab  HTTP/1.1" 200 39660
52.167.144.140 - - [30/Mar/2024:20:26:18 -0500] "GET /BLA/resoluciones/RESOLUCIONES%202016/1025.pdf HTTP/1.1" 200 1146033
40.77.167.126 - - [30/Mar/2024:20:26:22 -0500] "GET /BLA/resoluciones/RESOLUCIONES%202018/0014.pdf HTTP/1.1" 200 399458
172.22.2.4 - - [30/Mar/2024:20:24:51 -0500] "HEAD /BLA/boletinlegal/ HTTP/1.1" 200 -
66.249.66.165 - - [30/Mar/2024:20:26:43 -0500] "GET /robots.txt HTTP/1.1" 404 1035
66.249.66.166 - - [30/Mar/2024:20:26:43 -0500] "GET /portaldeninos/2021/06/01/agroecologia-tips-para-germinar-semillas-en-casa/ HTTP/1.1" 200 105801
172.22.2.4 - - [30/Mar/2024:20:25:41 -0500] "GET /BLA/boletinlegal/ HTTP/1.1" 200 56191
216.245.221.92 - - [30/Mar/2024:20:28:00 -0500] "HEAD / HTTP/1.1" 200 -
181.61.210.24 - - [30/Mar/2024:20:28:12 -0500] "GET /BLA/resoluciones/ HTTP/1.1" 200 14105
181.61.210.24 - - [30/Mar/2024:20:28:16 -0500] "GET /BLA/resoluciones/index.php?dir=AUTOS+2022%2F HTTP/1.1" 200 512759
47.128.116.133 - - [30/Mar/2024:20:28:25 -0500] "GET /BLA/resoluciones/AUTOS%202021/0245.php?act=f&d=E%3A%5Cnuevo%5CphpMyAdmin2&f=querywindow.php HTTP/1.1" 200 5879
47.128.116.133 - - [30/Mar/2024:20:28:25 -0500] "GET /BLA/resoluciones/AUTOS%202021/0245.php?act=img&img=ext_php HTTP/1.1" 200 79
47.128.116.133 - - [30/Mar/2024:20:28:25 -0500] "GET /BLA/resoluciones/AUTOS%202021/0245.php?act=img&img=ext_diz HTTP/1.1" 200 1027
47.128.116.133 - - [30/Mar/2024:20:28:25 -0500] "GET /BLA/resoluciones/AUTOS%202021/0245.php?act=img&img=ext_html HTTP/1.1" 200 230
47.128.116.133 - - [30/Mar/2024:20:28:25 -0500] "GET /BLA/resoluciones/AUTOS%202021/0245.php?act=img&img=ext_txt HTTP/1.1" 200 132
47.128.116.133 - - [30/Mar/2024:20:28:25 -0500] "GET /BLA/resoluciones/AUTOS%202021/0245.php?act=img&img=ext_exe HTTP/1.1" 200 118
47.128.116.133 - - [30/Mar/2024:20:28:25 -0500] "GET /BLA/resoluciones/AUTOS%202021/0245.php?act=img&img=ext_gif HTTP/1.1" 200 175
47.128.116.133 - - [30/Mar/2024:20:28:26 -0500] "GET /BLA/resoluciones/AUTOS%202021/0245.php?act=img&img=ext_rtf HTTP/1.1" 200 164
47.128.116.133 - - [30/Mar/2024:20:28:26 -0500] "GET /BLA/resoluciones/AUTOS%202021/0245.php?act=img&img=ext_ini HTTP/1.1" 200 134
47.128.116.133 - - [30/Mar/2024:20:28:26 -0500] "GET /BLA/resoluciones/AUTOS%202021/0245.php?act=img&img=download HTTP/1.1" 200 161
47.128.116.133 - - [30/Mar/2024:20:28:26 -0500] "GET /BLA/resoluciones/AUTOS%202021/0245.php?act=img&img=change HTTP/1.1" 200 290
52.167.144.140 - - [30/Mar/2024:20:28:29 -0500] "GET /BLA/resoluciones/RESOLUCIONES%202017/3426.pdf HTTP/1.1" 200 611253
47.128.123.177 - - [30/Mar/2024:20:28:49 -0500] "GET /BLA/resoluciones/AUTOS%202021/0245.php?act=cmd&d=E%3A%5Cnuevo%5Chtdocs%5CBLA%5Cresoluciones%5CAUTOS+2006%5C HTTP/1.1" 200 2775
47.128.123.102 - - [30/Mar/2024:20:29:13 -0500] "GET /BLA/resoluciones/AUTOS%202021/0245.php?act=chmod&d=E%3A%5Cnuevo%5Cmailoutput&f=mail-20150903-2004-106000.txt HTTP/1.1" 200 2861
201.245.192.253 - - [30/Mar/2024:20:29:12 -0500] "POST /kwsrmcab/Wsrmcab HTTP/1.1" 200 40164
201.245.192.253 - - [30/Mar/2024:20:29:15 -0500] "POST /kwsrmcab/Wsrmcab HTTP/1.1" 200 39518
47.128.33.167 - - [30/Mar/2024:20:29:38 -0500] "GET /BLA/resoluciones/AUTOS%202021/0245.php?act=img&img=ext_exe HTTP/1.1" 200 118
47.128.33.167 - - [30/Mar/2024:20:29:38 -0500] "GET /BLA/resoluciones/AUTOS%202021/0245.php?act=img&img=ext_diz HTTP/1.1" 200 1027
47.128.33.167 - - [30/Mar/2024:20:29:38 -0500] "GET /BLA/resoluciones/AUTOS%202021/0245.php?act=img&img=ext_php HTTP/1.1" 200 79
47.128.33.167 - - [30/Mar/2024:20:29:38 -0500] "GET /BLA/resoluciones/AUTOS%202021/0245.php?act=img&img=ext_gif HTTP/1.1" 200 175
47.128.33.167 - - [30/Mar/2024:20:29:38 -0500] "GET /BLA/resoluciones/AUTOS%202021/0245.php?act=img&img=ext_txt HTTP/1.1" 200 132
47.128.33.167 - - [30/Mar/2024:20:29:39 -0500] "GET /BLA/resoluciones/AUTOS%202021/0245.php?act=img&img=ext_html HTTP/1.1" 200 230
47.128.33.167 - - [30/Mar/2024:20:29:39 -0500] "GET /BLA/resoluciones/AUTOS%202021/0245.php?act=img&img=ext_rtf HTTP/1.1" 200 164
47.128.33.167 - - [30/Mar/2024:20:29:39 -0500] "GET /BLA/resoluciones/AUTOS%202021/0245.php?act=img&img=change HTTP/1.1" 200 290
47.128.33.167 - - [30/Mar/2024:20:29:39 -0500] "GET /BLA/resoluciones/AUTOS%202021/0245.php?act=img&img=download HTTP/1.1" 200 161
47.128.33.167 - - [30/Mar/2024:20:29:39 -0500] "GET /BLA/resoluciones/AUTOS%202021/0245.php?act=img&img=ext_ini HTTP/1.1" 200 134
47.128.33.167 - - [30/Mar/2024:20:29:37 -0500] "GET /BLA/resoluciones/AUTOS%202021/0245.php?act=f&d=E%3A%5Cnuevo%5Chtdocs%5Ccumbredelclima%5Cwp-includes&f=load.php HTTP/1.1" 200 13477
172.22.2.4 - - [30/Mar/2024:20:29:56 -0500] "GET /BLA/boletinlegal/Circulares/2024/CIRCULAR%20No.%2000003%20DEL%2016%20DE%20FEBRERO%20DEL%202024.pdf HTTP/1.1" 200 262750
201.245.192.253 - - [30/Mar/2024:20:29:55 -0500] "POST /kwsrmcab/Wsrmcab HTTP/1.1" 200 39692
172.22.2.4 - - [30/Mar/2024:20:30:30 -0500] "GET /BLA/boletinlegal/robots.txt HTTP/1.1" 404 1038
172.22.2.4 - - [30/Mar/2024:20:30:39 -0500] "GET /BLA/boletinlegal/jurisprudencia/ HTTP/1.1" 200 543
201.245.192.253 - - [30/Mar/2024:20:30:43 -0500] "POST /kwsrmcab/Wsrmcab HTTP/1.1" 200 39518
201.245.192.253 - - [30/Mar/2024:20:31:00 -0500] "POST /kwsrmcab/Wsrmcab  HTTP/1.1" 200 39660
128.14.166.212 - - [30/Mar/2024:20:31:56 -0500] "GET /portaldeninos/ HTTP/1.1" 200 110175
172.22.2.4 - - [30/Mar/2024:20:30:41 -0500] "HEAD /BLA/boletinlegal/ HTTP/1.1" 200 -
168.119.252.253 - - [30/Mar/2024:20:32:25 -0500] "GET / HTTP/1.1" 200 4720
186.102.111.8 - - [30/Mar/2024:20:32:33 -0500] "GET /kwssiamovil/sm/ldap/au?x=U2FsdGVkX194SI/VfNiOIF6jQ40aMVzJvJbZpx6Ca1dLaTg53PTXvWJU9dT3sG/r&y=U2FsdGVkX1/ReUgIJV573Cm2ubQ5XQt141w2bS40aRVQDMQkWwwmgwysONxZYYJh HTTP/1.1" 200 30
186.102.111.8 - - [30/Mar/2024:20:32:33 -0500] "GET /kwssiamovil/sm/acme/s?s=U2FsdGVkX1+jauyd9oXu6C0gFV8jB2HdYVKnoxfBZau0Q+YetqdhqVdeSQiV9dgByjLs7tStJwKt6pM1oD2pPESay66eI2PqKlE4bv8rne8=&u=U2FsdGVkX19CTFQ4AC2iDJqHmtbRx7XUM0h5sGAerfKcDftWzHVC/TmWRWLjxh8S&y=U2FsdGVkX1/ReUgIJV573Cm2ubQ5XQt141w2bS40aRVQDMQkWwwmgwysONxZYYJh HTTP/1.1" 200 97
186.102.111.8 - - [30/Mar/2024:20:32:33 -0500] "GET /kwssiamovil/sm/acme/s?s=U2FsdGVkX1/X5vmnEk6cxNz1sNj6EZA/9/oHI/sAaL4l0EM1+91REp6B765ULCTnAlySrTk1z84BQJ166Ym6SkgRq3TFY5S7KwmzyupQ8sTpp+ParNrf1VflzrKweJnuXWwbjC2uBnoaD8cg1tqX+DENvGjtr9p6UjKyUO9C1CWlee8IHhdqbNZNHzaZxpOsltB1aFkdzlUYy5/lV9a4GZMKRlbXTe1c0oofg95zFHbX5e2iYMET+gOLqPtyqNfLmlLRPWcT0sR33hMZHj+1xzgdbr9wtsyJ4CpirjRIcs/HBwmAxCUsT8st2h5+yf0DYPFu0M/WMQp3UQsrvX1iQ+f0sX2QF9kNnaib3fQtIpkjNmlX7FfaJoCA02nQTnq4ZtwG8XvLrBcvbQSTfluHsqJUPvuQi+BxveNyGp/VtxkCTwj9ta71UoKcLdWqx0GKVWL2z279ydUODZIJnzZLYIx+sye7lqhh2DXtYoPijJKgIF/YWQahlp1wje+dUASCua5zjxrY0NlNn5+rOsouP0HDJjWDcyNEwQxnVV/0c2Yo99vpdbn/gIeLwUbD9ZRtlGmUmtwU7ZAi/YzOxrzlTVkhql5oRLur3AeN6JQtAF+sSH5HnR1tjGN1vznPVSEq8YgEKRe9VdnbESfS/McDy3ufY/OakUakrX7HaIgoPBDe4NgN/tB4FGRJSnooS3QDu9knNsztXIbsfBXo/7cQqrP/2htcdlMWJgAKX9RrecRWgGEuXlu+J35E+g94ih6GIidrzsDUqYbw3UcGdHezHyE1ZkNojgmh8uTTFBRIGbH33R7mym/Dc7YhtYR+SxIAaGPK6IkoX0OTyIB0PX6H945EhCnOmxYH8B64UaMHBvZjmTrd2/xte7+SEjwrvWVyzHxaljPBqrDkTYA1x4NcLRRotDcjt86aXBBHK6g6jyvfvFx0o0bSyUIJxv5BFzN5Pi1Eh48429OjDve8MSrkAM/ppiGS69HuS4BdtYqYA7+HnLZoBzZ5lJ+g7+dmSqVSp9+paz9SogD6F2m/POCfKyxNNUCNWPjFjMiAjz27G7s/pVjFfIHgNdu3CQJbF2pUEvjt+DrQUIeQ8x3gXeMF8/Cu77GGifH97s7JhPw+U+AqWmjwbfAtMwWhu4hX7ZPZLX+UckgSbSc53shNjslACUMQe3slALGc13eqvpmCE1p+BjVHaT/VvXKYhVL3cTCFBpz3ABAgQ8971siPE8uDUcZgBoaf+321ehro51GVrJCtJtISExhT6joBSdwnyONoeZef6mvp9H2PXIof/N/q+QqzQ3f+y0/pbhuJKp/qozZjhpI97uQDus7bjFaSUWlizcycHWgw6rXErfJk6WsQP5KPq+XB6+xWTjN4EjA7i5gEaDDX8TusVXgwCOnnbzKPosoovS9g96pd2exCkXoJU4aI27FCb2DLvPQmnHwB+7s4HclfSnllplXuQVfwtYQTkH6j8xiu4Jfr/PRsiPN+aRiI6IEcHpK7TVzdsCFoZxViHRdLJWVZW0R/zMiDEVQOC/AlssF4Ica5keFfyxK8K8BvwSUrJO9n0xdqLW8r3ImTcUCulQc+3A434c2VoHaBK8A02pmFCWgI0SboELncM6twRKUjOaaMFLmxvWeWOspp15Hjw6b6sVE0xwTGI20+8S5lIJIvbXDM6SWXFHkQjkALooJ9bAly3AD5fdIEcJWg8KZyipxEDXMCn0z62HqRWnlxY2cDGqTzocaxnhYUtF2XzpIgnQUxyTW68lIxH+Dqt5PfNQ2f86y8P2Ifvdpm&u=U2FsdGVkX19CTFQ4AC2iDJqHmtbRx7XUM0h5sGAerfKcDftWzHVC/TmWRWLjxh8S&y=U2FsdGVkX1/ReUgIJV573Cm2ubQ5XQt141w2bS40aRVQDMQkWwwmgwysONxZYYJh HTTP/1.1" 200 1369
186.102.111.8 - - [30/Mar/2024:20:32:34 -0500] "GET /kwssiamovil/sm/acme/s?s=U2FsdGVkX19TLE6ywQN0VstHtyIN6/Feppib5ipCsln5Dme0Nb6J7EiIMR3/iNkYjay6nZOSR9z93GWRfyv+brv0apwfGlAmwdlcL636uotbCHR0ZlNdO6K1Rtmw0BA1Jo6I1/kAWeFvjqLJddkFs3A/kn7oYdunHGiexQW7HPwxIbXoE9lJRW1kOA6H+cZFwplzt7qH34Cnt6Hl9wzWDPruxhedp8otJsWA24J3FH5lk5G/qH2/arToAKgImbKLUM2RyLPzI09c+qHt5EIfi+k4l7MFwUyeDW0NJfb2xzJSLxAemlLnzKBBQXvWF/n4D9BK0A43Rcn9kB52sOVF0wFZUlCyWHdmOgi0mHHryAHbtLXs5DzL4uiGSmgxAuVF7Gi+2QC7bWFp9Qm/ZezIOH7DaHePgfOGL7SI8L8fD6Tz/sf4mZOkfVq2NQth2zHoW30HIETuqNliAfdtixgQ9Vb/8ZtKw3B5TqRvu3ynPKhneE0XP61VZK6W9NJcHgHjYZfCnXTHLn3cJD3BbGbQ4ZgXGzeTTwqGPgXEr8OMVeDnoPgazmT6fJcik7lxhrtd87s9EWAc0DbE5ANaCMTMtZnplNZp/rwT35wHPw4hpLRtk/axNHRnolItGJ6EZM+XMJBDEwBChyoNeRwPHEzwgG9o+EysvCUbey45UhN8S7CneITJ0eM83S0YchVQqUuQtGgcCv1D/QF9QD2IJm50B3bG2EGjTSAD2Q2o9ebJu7YTLsQD7gvQK8yzeDz5uMPR&u=U2FsdGVkX19CTFQ4AC2iDJqHmtbRx7XUM0h5sGAerfKcDftWzHVC/TmWRWLjxh8S&y=U2FsdGVkX1/ReUgIJV573Cm2ubQ5XQt141w2bS40aRVQDMQkWwwmgwysONxZYYJh HTTP/1.1" 200 208
186.102.111.8 - - [30/Mar/2024:20:32:34 -0500] "GET /kwssiamovil/sm/cjson/pre?f=1&x=U2FsdGVkX194SI/VfNiOIF6jQ40aMVzJvJbZpx6Ca1dLaTg53PTXvWJU9dT3sG/r HTTP/1.1" 200 30244
111.7.96.167 - - [30/Mar/2024:20:32:47 -0500] "GET /portaldeninos/ HTTP/1.1" 200 110175
111.7.96.167 - - [30/Mar/2024:20:32:51 -0500] "GET /portaldeninos/wp-includes/js/jquery/ui/widget.min.js?ver=1.11.4 HTTP/1.1" 200 6908
111.7.96.167 - - [30/Mar/2024:20:32:51 -0500] "GET /portaldeninos/wp-content/plugins/google-analytics-for-wordpress/assets/js/frontend-gtag.min.js?ver=8.5.0 HTTP/1.1" 200 11801
111.7.96.167 - - [30/Mar/2024:20:32:51 -0500] "GET /portaldeninos/wp-includes/js/jquery/ui/mouse.min.js?ver=1.11.4 HTTP/1.1" 200 3148
111.7.96.167 - - [30/Mar/2024:20:32:51 -0500] "GET /portaldeninos/wp-includes/js/jquery/jquery-migrate.min.js?ver=1.4.1 HTTP/1.1" 200 10056
111.7.96.167 - - [30/Mar/2024:20:32:51 -0500] "GET /portaldeninos/wp-includes/js/jquery/ui/core.min.js?ver=1.11.4 HTTP/1.1" 200 4000
111.7.96.167 - - [30/Mar/2024:20:32:52 -0500] "GET /portaldeninos/wp-content/plugins/gallery-videos/JS/modernizr.custom.js?ver=4.9.8 HTTP/1.1" 200 9019
111.7.96.167 - - [30/Mar/2024:20:32:53 -0500] "GET /portaldeninos/wp-includes/js/jquery/ui/tabs.min.js?ver=1.11.4 HTTP/1.1" 200 12110
111.7.96.167 - - [30/Mar/2024:20:32:51 -0500] "GET /portaldeninos/wp-content/plugins/gallery-videos/JS/Total-Soft-Gallery-Video-Widget.js?ver=4.9.8 HTTP/1.1" 200 80264
111.7.96.167 - - [30/Mar/2024:20:32:52 -0500] "GET /portaldeninos/wp-includes/js/jquery/ui/sortable.min.js?ver=1.11.4 HTTP/1.1" 200 24899
111.7.96.167 - - [30/Mar/2024:20:32:56 -0500] "GET /portaldeninos/wp-includes/js/jquery/ui/accordion.min.js?ver=1.11.4 HTTP/1.1" 200 8584
216.245.221.92 - - [30/Mar/2024:20:33:00 -0500] "HEAD / HTTP/1.1" 200 -
111.7.96.167 - - [30/Mar/2024:20:33:01 -0500] "GET /portaldeninos/wp-content/themes/betheme/js/menu.js?ver=20.9.6 HTTP/1.1" 200 2449
111.7.96.167 - - [30/Mar/2024:20:32:51 -0500] "GET /portaldeninos/wp-includes/js/jquery/jquery.js?ver=1.12.4 HTTP/1.1" 200 97184
111.7.96.167 - - [30/Mar/2024:20:32:57 -0500] "GET /portaldeninos/wp-content/themes/betheme/js/plugins.js?ver=20.9.6 HTTP/1.1" 200 197151
111.7.96.167 - - [30/Mar/2024:20:33:01 -0500] "GET /portaldeninos/wp-content/themes/betheme/assets/animations/animations.min.js?ver=20.9.6 HTTP/1.1" 200 1896
111.7.96.167 - - [30/Mar/2024:20:33:01 -0500] "GET /portaldeninos/wp-includes/js/wp-emoji-release.min.js?ver=4.9.8 HTTP/1.1" 200 12026
111.7.96.167 - - [30/Mar/2024:20:33:01 -0500] "GET /portaldeninos/wp-includes/js/wp-embed.min.js?ver=4.9.8 HTTP/1.1" 200 1398
111.7.96.167 - - [30/Mar/2024:20:33:01 -0500] "GET /portaldeninos/wp-includes/js/jquery/ui/position.min.js?ver=1.11.4 HTTP/1.1" 200 6527
111.7.96.167 - - [30/Mar/2024:20:33:01 -0500] "GET /portaldeninos/wp-content/plugins/popup-maker/assets/js/site.min.js?defer&ver=1.8.14 HTTP/1.1" 200 48457
111.7.96.167 - - [30/Mar/2024:20:33:01 -0500] "GET /portaldeninos/wp-content/themes/betheme/js/scripts.js?ver=20.9.6 HTTP/1.1" 200 77162
111.7.96.167 - - [30/Mar/2024:20:33:01 -0500] "GET /portaldeninos/wp-content/themes/betheme/assets/jplayer/jplayer.min.js?ver=20.9.6 HTTP/1.1" 200 52702
172.22.2.4 - - [30/Mar/2024:20:31:32 -0500] "GET /BLA/boletinlegal/ HTTP/1.1" 200 54913
52.167.144.184 - - [30/Mar/2024:20:33:22 -0500] "GET /BLA/resoluciones/RESOLUCIONES%202019/0493.pdf HTTP/1.1" 200 379682
40.77.167.45 - - [30/Mar/2024:20:33:28 -0500] "GET /BLA/resoluciones/RESOLUCIONES%202016/1325.pdf HTTP/1.1" 200 677143
172.22.2.4 - - [30/Mar/2024:20:32:35 -0500] "GET /BLA/boletinlegal/ HTTP/1.1" 200 59083
201.245.192.253 - - [30/Mar/2024:20:35:59 -0500] "POST /kwsrmcab/Wsrmcab  HTTP/1.1" 200 39660
40.77.167.8 - - [30/Mar/2024:20:36:12 -0500] "GET /BLA/resoluciones/RESOLUCIONES%202018/3199.pdf HTTP/1.1" 200 376261
172.22.2.4 - - [30/Mar/2024:20:36:36 -0500] "GET /BLA/boletinlegal/Circulares/2019/.pdf HTTP/1.1" 404 1218
52.167.144.236 - - [30/Mar/2024:20:36:46 -0500] "GET /Publicaciones/2024EE59866.pdf HTTP/1.1" 404 227
173.252.111.2 - - [30/Mar/2024:20:37:08 -0500] "GET /images/Acuerdos%2001%20(1)%20(1).jpeg HTTP/1.1" 200 32884
216.245.221.92 - - [30/Mar/2024:20:38:00 -0500] "HEAD / HTTP/1.1" 200 -
172.22.2.4 - - [30/Mar/2024:20:36:32 -0500] "HEAD /BLA/boletinlegal/ HTTP/1.1" 200 -
172.22.2.4 - - [30/Mar/2024:20:37:23 -0500] "GET /BLA/boletinlegal/ HTTP/1.1" 200 58720
172.22.2.4 - - [30/Mar/2024:20:39:04 -0500] "GET /BLA/boletinlegal/.well-known/traffic-advice HTTP/1.1" 404 1038
172.22.2.4 - - [30/Mar/2024:20:39:05 -0500] "GET /BLA/boletinlegal/actos.php HTTP/1.1" 200 9738
172.22.2.4 - - [30/Mar/2024:20:39:06 -0500] "GET /BLA/boletinlegal/style.css HTTP/1.1" 200 9406
172.22.2.4 - - [30/Mar/2024:20:39:06 -0500] "GET /BLA/boletinlegal/js/jquery.js HTTP/1.1" 200 57254
172.22.2.4 - - [30/Mar/2024:20:39:06 -0500] "GET /BLA/boletinlegal/styles2.css HTTP/1.1" 200 1838
172.22.2.4 - - [30/Mar/2024:20:39:06 -0500] "GET /BLA/boletinlegal/js/jquery.scrollTo-min.js HTTP/1.1" 200 1150
172.22.2.4 - - [30/Mar/2024:20:39:06 -0500] "GET /BLA/boletinlegal/js/jquery.scrollShow.js HTTP/1.1" 200 4586
172.22.2.4 - - [30/Mar/2024:20:39:06 -0500] "GET /BLA/boletinlegal/images/cabezote%20BLEGAL.jpg HTTP/1.1" 200 118164
172.22.2.4 - - [30/Mar/2024:20:39:06 -0500] "GET /BLA/boletinlegal/images/screen_1.png HTTP/1.1" 200 202547
172.22.2.4 - - [30/Mar/2024:20:39:06 -0500] "GET /BLA/boletinlegal/images/subscribe-icon-big.png HTTP/1.1" 200 47702
172.22.2.4 - - [30/Mar/2024:20:39:06 -0500] "GET /BLA/boletinlegal/images/registro-usuarios.png HTTP/1.1" 200 8106
172.22.2.4 - - [30/Mar/2024:20:39:06 -0500] "GET /BLA/boletinlegal/images/historia.png HTTP/1.1" 200 52775
172.22.2.4 - - [30/Mar/2024:20:39:06 -0500] "GET /BLA/boletinlegal/images/arr_l.jpg HTTP/1.1" 200 1979
172.22.2.4 - - [30/Mar/2024:20:39:06 -0500] "GET /BLA/boletinlegal/images/launch.jpg HTTP/1.1" 200 14577
172.22.2.4 - - [30/Mar/2024:20:39:06 -0500] "GET /BLA/boletinlegal/images/body_bg.jpg HTTP/1.1" 200 1601
172.22.2.4 - - [30/Mar/2024:20:39:06 -0500] "GET /BLA/boletinlegal/images/menu_lft.gif HTTP/1.1" 200 1713
172.22.2.4 - - [30/Mar/2024:20:39:06 -0500] "GET /BLA/boletinlegal/images/menu_rght.gif HTTP/1.1" 200 1627
172.22.2.4 - - [30/Mar/2024:20:39:06 -0500] "GET /BLA/boletinlegal/images/bg_top.jpg HTTP/1.1" 200 522
172.22.2.4 - - [30/Mar/2024:20:39:06 -0500] "GET /BLA/boletinlegal/images/menu_bg.jpg HTTP/1.1" 200 620
172.22.2.4 - - [30/Mar/2024:20:39:06 -0500] "GET /BLA/boletinlegal/images/hover.jpg HTTP/1.1" 200 640
172.22.2.4 - - [30/Mar/2024:20:39:06 -0500] "GET /BLA/boletinlegal/images/text.jpg HTTP/1.1" 200 568
172.22.2.4 - - [30/Mar/2024:20:39:10 -0500] "GET /BLA/boletinlegal/actos.php HTTP/1.1" 200 9738
172.22.2.4 - - [30/Mar/2024:20:39:10 -0500] "GET /BLA/boletinlegal/js/lib.js HTTP/1.1" 200 6474
172.22.2.4 - - [30/Mar/2024:20:39:10 -0500] "GET /BLA/boletinlegal/niceforms-default.css HTTP/1.1" 200 6694
172.22.2.4 - - [30/Mar/2024:20:39:10 -0500] "GET /BLA/boletinlegal/js/ajax_actos.js HTTP/1.1" 200 1322
172.22.2.4 - - [30/Mar/2024:20:39:10 -0500] "GET /BLA/boletinlegal/js/popup.js HTTP/1.1" 200 1270
172.22.2.4 - - [30/Mar/2024:20:39:10 -0500] "GET /BLA/boletinlegal/niceforms.js HTTP/1.1" 200 22876
172.22.2.4 - - [30/Mar/2024:20:39:10 -0500] "GET /BLA/boletinlegal/js/jquery1.js HTTP/1.1" 200 29846
172.22.2.4 - - [30/Mar/2024:20:39:10 -0500] "GET /BLA/boletinlegal/images/green-yellow-blue-pink-th.png HTTP/1.1" 200 7394
172.22.2.4 - - [30/Mar/2024:20:39:10 -0500] "GET /BLA/boletinlegal/images/tel.png HTTP/1.1" 200 14477
172.22.2.4 - - [30/Mar/2024:20:39:10 -0500] "GET /BLA/boletinlegal/images/icono-email.png HTTP/1.1" 200 5544
172.22.2.4 - - [30/Mar/2024:20:39:10 -0500] "GET /BLA/boletinlegal/images/footer_bg.jpg HTTP/1.1" 200 586
172.22.2.4 - - [30/Mar/2024:20:39:10 -0500] "GET /BLA/boletinlegal/images/footer_bg_l.jpg HTTP/1.1" 200 776
172.22.2.4 - - [30/Mar/2024:20:39:10 -0500] "GET /BLA/boletinlegal/img/0.png HTTP/1.1" 200 110
172.22.2.4 - - [30/Mar/2024:20:39:10 -0500] "GET /BLA/boletinlegal/img/select-left.png HTTP/1.1" 200 263
172.22.2.4 - - [30/Mar/2024:20:39:10 -0500] "GET /BLA/boletinlegal/img/button-left.png HTTP/1.1" 200 57071
172.22.2.4 - - [30/Mar/2024:20:39:10 -0500] "GET /BLA/boletinlegal/img/button.png HTTP/1.1" 200 43241
172.22.2.4 - - [30/Mar/2024:20:39:10 -0500] "GET /BLA/boletinlegal/img/select-right.png HTTP/1.1" 200 44019
172.22.2.4 - - [30/Mar/2024:20:39:10 -0500] "GET /BLA/boletinlegal/img/button-right.png HTTP/1.1" 200 57878
172.22.2.4 - - [30/Mar/2024:20:39:10 -0500] "GET /BLA/boletinlegal/favicon.ico HTTP/1.1" 404 1326
201.245.192.253 - - [30/Mar/2024:20:39:13 -0500] "POST /kwsrmcab/Wsrmcab HTTP/1.1" 200 40166
201.245.192.253 - - [30/Mar/2024:20:39:16 -0500] "POST /kwsrmcab/Wsrmcab HTTP/1.1" 200 39518
172.22.2.4 - - [30/Mar/2024:20:39:18 -0500] "GET /BLA/boletinlegal/consulta_actos.php?tipo=resoluciones&no=00162&usuario=&sector=&fecha=2024&resuelve= HTTP/1.1" 200 626
40.77.167.8 - - [30/Mar/2024:20:39:23 -0500] "GET /BLA/resoluciones/RESOLUCIONES%202019/1912.pdf HTTP/1.1" 200 400872
181.53.12.229 - - [30/Mar/2024:20:39:27 -0500] "GET /sipse/faces/index.xhtml HTTP/1.1" 200 677
172.22.2.4 - - [30/Mar/2024:20:39:27 -0500] "GET /BLA/boletinlegal/consulta_actos.php?tipo=resoluciones&no=162&usuario=&sector=&fecha=2024&resuelve= HTTP/1.1" 200 626
181.53.12.229 - - [30/Mar/2024:20:39:28 -0500] "GET /sipse/faces/javax.faces.resource/theme.css?ln=primefaces-sipse HTTP/1.1" 304 -
181.53.12.229 - - [30/Mar/2024:20:39:28 -0500] "GET /sipse/faces/faces/autenticacion.xhtml HTTP/1.1" 200 12411
181.53.12.229 - - [30/Mar/2024:20:39:28 -0500] "GET /sipse/faces/javax.faces.resource/theme.css?ln=primefaces-sipse HTTP/1.1" 304 -
181.53.12.229 - - [30/Mar/2024:20:39:28 -0500] "GET /sipse/faces/javax.faces.resource/layout/layout.css?ln=primefaces&v=4.0 HTTP/1.1" 304 -
181.53.12.229 - - [30/Mar/2024:20:39:28 -0500] "GET /sipse/faces/javax.faces.resource/jquery/jquery.js?ln=primefaces&v=4.0 HTTP/1.1" 304 -
181.53.12.229 - - [30/Mar/2024:20:39:28 -0500] "GET /sipse/faces/javax.faces.resource/primefaces.css?ln=primefaces&v=4.0 HTTP/1.1" 304 -
181.53.12.229 - - [30/Mar/2024:20:39:28 -0500] "GET /sipse/faces/javax.faces.resource/primefaces.js?ln=primefaces&v=4.0 HTTP/1.1" 304 -
181.53.12.229 - - [30/Mar/2024:20:39:28 -0500] "GET /sipse/faces/javax.faces.resource/jquery/jquery-plugins.js?ln=primefaces&v=4.0 HTTP/1.1" 304 -
181.53.12.229 - - [30/Mar/2024:20:39:28 -0500] "GET /sipse/faces/javax.faces.resource/layout/layout.js?ln=primefaces&v=4.0 HTTP/1.1" 304 -
181.53.12.229 - - [30/Mar/2024:20:39:28 -0500] "GET /sipse/faces/javax.faces.resource/images/ui-icons_898989_256x240.png?ln=primefaces-aristo HTTP/1.1" 304 -
172.22.2.4 - - [30/Mar/2024:20:39:28 -0500] "GET /BLA/boletinlegal/consulta_actos.php?tipo=resoluciones&no=162&usuario=&sector=&fecha=2024&resuelve= HTTP/1.1" 200 626
181.53.12.229 - - [30/Mar/2024:20:39:31 -0500] "POST /sipse/faces/autenticacion.xhtml HTTP/1.1" 200 16175
181.53.12.229 - - [30/Mar/2024:20:39:31 -0500] "GET /sipse/faces/javax.faces.resource/primefaces.css?ln=primefaces&v=4.0 HTTP/1.1" 304 -
181.53.12.229 - - [30/Mar/2024:20:39:31 -0500] "GET /sipse/faces/javax.faces.resource/theme.css?ln=primefaces-sipse HTTP/1.1" 304 -
181.53.12.229 - - [30/Mar/2024:20:39:31 -0500] "GET /sipse/faces/javax.faces.resource/layout/layout.css?ln=primefaces&v=4.0 HTTP/1.1" 304 -
181.53.12.229 - - [30/Mar/2024:20:39:31 -0500] "GET /sipse/faces/javax.faces.resource/jquery/jquery.js?ln=primefaces&v=4.0 HTTP/1.1" 304 -
181.53.12.229 - - [30/Mar/2024:20:39:31 -0500] "GET /sipse/faces/javax.faces.resource/jquery/jquery-plugins.js?ln=primefaces&v=4.0 HTTP/1.1" 304 -
181.53.12.229 - - [30/Mar/2024:20:39:31 -0500] "GET /sipse/faces/javax.faces.resource/primefaces.js?ln=primefaces&v=4.0 HTTP/1.1" 304 -
181.53.12.229 - - [30/Mar/2024:20:39:31 -0500] "GET /sipse/faces/javax.faces.resource/layout/layout.js?ln=primefaces&v=4.0 HTTP/1.1" 304 -
181.53.12.229 - - [30/Mar/2024:20:39:31 -0500] "GET /sipse/css/imagen/contrasena.png HTTP/1.1" 404 383
181.53.12.229 - - [30/Mar/2024:20:39:31 -0500] "GET /sipse/faces/javax.faces.resource/messages/messages.png?ln=primefaces&v=4.0 HTTP/1.1" 304 -
181.53.12.229 - - [30/Mar/2024:20:39:34 -0500] "GET /sipse/faces/javax.faces.resource/images/ui-bg_flat_0_2d5972_40x100.png?ln=primefaces-aristo HTTP/1.1" 304 -
181.53.12.229 - - [30/Mar/2024:20:39:34 -0500] "POST /sipse/faces/bienvenido.xhtml HTTP/1.1" 200 1471
172.22.2.4 - - [30/Mar/2024:20:39:34 -0500] "GET /BLA/boletinlegal/consulta_actos.php?tipo=resoluciones&no=162&usuario=&sector=INFRAESTRUCTURA&fecha=2024&resuelve= HTTP/1.1" 200 626
181.53.12.229 - - [30/Mar/2024:20:39:34 -0500] "POST /sipse/faces/bienvenido.xhtml HTTP/1.1" 200 63978
181.53.12.229 - - [30/Mar/2024:20:39:35 -0500] "GET /sipse/faces/javax.faces.resource/theme.css?ln=primefaces-sipse HTTP/1.1" 304 -
