186.85.234.113 - - [30/Mar/2024:17:31:59 -0500] "GET /sipse/faces/javax.faces.resource/primefaces.js?ln=primefaces&v=4.0 HTTP/1.1" 304 -
186.85.234.113 - - [30/Mar/2024:17:31:59 -0500] "GET /sipse/faces/javax.faces.resource/layout/layout.js?ln=primefaces&v=4.0 HTTP/1.1" 304 -
186.85.234.113 - - [30/Mar/2024:17:32:28 -0500] "POST /sipse/faces/presentacion/financiero/solicitudProceso/consultarSolicitudProceso.xhtml HTTP/1.1" 200 6868
186.85.234.113 - - [30/Mar/2024:17:32:32 -0500] "POST /sipse/faces/presentacion/financiero/solicitudProceso/consultarSolicitudProceso.xhtml HTTP/1.1" 200 66348
186.85.234.113 - - [30/Mar/2024:17:32:35 -0500] "GET /sipse/faces/javax.faces.resource/theme.css?ln=primefaces-sipse HTTP/1.1" 304 -
186.85.234.113 - - [30/Mar/2024:17:32:35 -0500] "GET /sipse/faces/javax.faces.resource/primefaces.css?ln=primefaces&v=4.0 HTTP/1.1" 304 -
186.85.234.113 - - [30/Mar/2024:17:32:35 -0500] "GET /sipse/faces/javax.faces.resource/layout/layout.css?ln=primefaces&v=4.0 HTTP/1.1" 304 -
186.85.234.113 - - [30/Mar/2024:17:32:35 -0500] "GET /sipse/faces/javax.faces.resource/jquery/jquery.js?ln=primefaces&v=4.0 HTTP/1.1" 304 -
186.85.234.113 - - [30/Mar/2024:17:32:35 -0500] "GET /sipse/faces/javax.faces.resource/jquery/jquery-plugins.js?ln=primefaces&v=4.0 HTTP/1.1" 304 -
186.85.234.113 - - [30/Mar/2024:17:32:35 -0500] "GET /sipse/faces/javax.faces.resource/primefaces.js?ln=primefaces&v=4.0 HTTP/1.1" 304 -
186.85.234.113 - - [30/Mar/2024:17:32:35 -0500] "GET /sipse/faces/javax.faces.resource/layout/layout.js?ln=primefaces&v=4.0 HTTP/1.1" 304 -
186.85.234.113 - - [30/Mar/2024:17:32:35 -0500] "POST /sipse/faces/presentacion/financiero/solicitudProceso/listarSolicitudProceso.xhtml HTTP/1.1" 200 1560
186.85.234.113 - - [30/Mar/2024:17:32:39 -0500] "POST /sipse/faces/presentacion/financiero/solicitudProceso/listarSolicitudProceso.xhtml HTTP/1.1" 200 4713
186.85.234.113 - - [30/Mar/2024:17:32:43 -0500] "POST /sipse/faces/presentacion/financiero/solicitudProceso/listarSolicitudProceso.xhtml HTTP/1.1" 200 31825
186.85.234.113 - - [30/Mar/2024:17:32:49 -0500] "POST /sipse/faces/presentacion/financiero/solicitudProceso/listarSolicitudProceso.xhtml HTTP/1.1" 200 4917
186.85.234.113 - - [30/Mar/2024:17:32:53 -0500] "POST /sipse/faces/presentacion/financiero/solicitudProceso/listarSolicitudProceso.xhtml HTTP/1.1" 200 31825
172.22.2.4 - - [30/Mar/2024:17:31:42 -0500] "HEAD /BLA/boletinlegal/ HTTP/1.1" 200 -
186.85.234.113 - - [30/Mar/2024:17:33:47 -0500] "POST /sipse/faces/presentacion/financiero/solicitudProceso/listarSolicitudProceso.xhtml HTTP/1.1" 200 32359
186.85.234.113 - - [30/Mar/2024:17:33:51 -0500] "POST /sipse/faces/presentacion/financiero/solicitudProceso/listarSolicitudProceso.xhtml HTTP/1.1" 200 154658
186.85.234.113 - - [30/Mar/2024:17:33:53 -0500] "GET /sipse/faces/javax.faces.resource/theme.css?ln=primefaces-sipse HTTP/1.1" 304 -
186.85.234.113 - - [30/Mar/2024:17:33:53 -0500] "GET /sipse/faces/javax.faces.resource/primefaces.css?ln=primefaces&v=4.0 HTTP/1.1" 304 -
186.85.234.113 - - [30/Mar/2024:17:33:53 -0500] "GET /sipse/faces/javax.faces.resource/layout/layout.css?ln=primefaces&v=4.0 HTTP/1.1" 304 -
186.85.234.113 - - [30/Mar/2024:17:33:53 -0500] "GET /sipse/faces/javax.faces.resource/jquery/jquery.js?ln=primefaces&v=4.0 HTTP/1.1" 304 -
186.85.234.113 - - [30/Mar/2024:17:33:53 -0500] "GET /sipse/faces/javax.faces.resource/jquery/jquery-plugins.js?ln=primefaces&v=4.0 HTTP/1.1" 304 -
186.85.234.113 - - [30/Mar/2024:17:33:53 -0500] "GET /sipse/faces/javax.faces.resource/primefaces.js?ln=primefaces&v=4.0 HTTP/1.1" 304 -
186.85.234.113 - - [30/Mar/2024:17:33:53 -0500] "GET /sipse/faces/javax.faces.resource/layout/layout.js?ln=primefaces&v=4.0 HTTP/1.1" 304 -
172.22.2.4 - - [30/Mar/2024:17:32:33 -0500] "GET /BLA/boletinlegal/ HTTP/1.1" 200 44355
40.77.167.73 - - [30/Mar/2024:17:34:15 -0500] "GET /BLA/resoluciones/RESOLUCIONES%202018/2161.pdf HTTP/1.1" 200 375318
186.85.234.113 - - [30/Mar/2024:17:34:17 -0500] "POST /sipse/faces/presentacion/financiero/solicitudProceso/consultarSolicitudProceso.xhtml HTTP/1.1" 200 6868
172.22.2.4 - - [30/Mar/2024:17:32:40 -0500] "GET /BLA/boletinlegal/ HTTP/1.1" 200 45104
186.85.234.113 - - [30/Mar/2024:17:34:21 -0500] "POST /sipse/faces/presentacion/financiero/solicitudProceso/consultarSolicitudProceso.xhtml HTTP/1.1" 200 66348
186.85.234.113 - - [30/Mar/2024:17:34:23 -0500] "GET /sipse/faces/javax.faces.resource/theme.css?ln=primefaces-sipse HTTP/1.1" 304 -
186.85.234.113 - - [30/Mar/2024:17:34:23 -0500] "GET /sipse/faces/javax.faces.resource/jquery/jquery.js?ln=primefaces&v=4.0 HTTP/1.1" 304 -
186.85.234.113 - - [30/Mar/2024:17:34:23 -0500] "GET /sipse/faces/javax.faces.resource/primefaces.css?ln=primefaces&v=4.0 HTTP/1.1" 304 -
186.85.234.113 - - [30/Mar/2024:17:34:24 -0500] "GET /sipse/faces/javax.faces.resource/jquery/jquery-plugins.js?ln=primefaces&v=4.0 HTTP/1.1" 304 -
186.85.234.113 - - [30/Mar/2024:17:34:24 -0500] "GET /sipse/faces/javax.faces.resource/primefaces.js?ln=primefaces&v=4.0 HTTP/1.1" 304 -
186.85.234.113 - - [30/Mar/2024:17:34:24 -0500] "GET /sipse/faces/javax.faces.resource/layout/layout.js?ln=primefaces&v=4.0 HTTP/1.1" 304 -
186.85.234.113 - - [30/Mar/2024:17:34:24 -0500] "GET /sipse/faces/javax.faces.resource/layout/layout.css?ln=primefaces&v=4.0 HTTP/1.1" 304 -
186.85.234.113 - - [30/Mar/2024:17:34:24 -0500] "POST /sipse/faces/presentacion/financiero/solicitudProceso/listarSolicitudProceso.xhtml HTTP/1.1" 200 1560
186.85.234.113 - - [30/Mar/2024:17:34:31 -0500] "POST /sipse/faces/presentacion/financiero/solicitudProceso/listarSolicitudProceso.xhtml HTTP/1.1" 200 4698
186.85.234.113 - - [30/Mar/2024:17:34:36 -0500] "POST /sipse/faces/presentacion/financiero/solicitudProceso/listarSolicitudProceso.xhtml HTTP/1.1" 200 31694
172.22.2.4 - - [30/Mar/2024:17:34:48 -0500] "GET /BLA/boletinlegal/Circulares/2018/CIRCULAR%20COJUNTA%20042%20DE%202018.pdf HTTP/1.1" 304 -
186.85.234.113 - - [30/Mar/2024:17:34:47 -0500] "POST /sipse/faces/presentacion/financiero/solicitudProceso/listarSolicitudProceso.xhtml HTTP/1.1" 200 151014
186.85.234.113 - - [30/Mar/2024:17:34:49 -0500] "GET /sipse/faces/javax.faces.resource/theme.css?ln=primefaces-sipse HTTP/1.1" 304 -
186.85.234.113 - - [30/Mar/2024:17:34:49 -0500] "GET /sipse/faces/javax.faces.resource/primefaces.css?ln=primefaces&v=4.0 HTTP/1.1" 304 -
186.85.234.113 - - [30/Mar/2024:17:34:49 -0500] "GET /sipse/faces/javax.faces.resource/jquery/jquery.js?ln=primefaces&v=4.0 HTTP/1.1" 304 -
186.85.234.113 - - [30/Mar/2024:17:34:49 -0500] "GET /sipse/faces/javax.faces.resource/layout/layout.css?ln=primefaces&v=4.0 HTTP/1.1" 304 -
186.85.234.113 - - [30/Mar/2024:17:34:49 -0500] "GET /sipse/faces/javax.faces.resource/jquery/jquery-plugins.js?ln=primefaces&v=4.0 HTTP/1.1" 304 -
186.85.234.113 - - [30/Mar/2024:17:34:49 -0500] "GET /sipse/faces/javax.faces.resource/primefaces.js?ln=primefaces&v=4.0 HTTP/1.1" 304 -
186.85.234.113 - - [30/Mar/2024:17:34:49 -0500] "GET /sipse/faces/javax.faces.resource/layout/layout.js?ln=primefaces&v=4.0 HTTP/1.1" 304 -
186.85.234.113 - - [30/Mar/2024:17:35:29 -0500] "POST /sipse/faces/presentacion/financiero/solicitudProceso/consultarSolicitudProceso.xhtml HTTP/1.1" 200 6868
186.85.234.113 - - [30/Mar/2024:17:35:32 -0500] "POST /sipse/faces/presentacion/financiero/solicitudProceso/consultarSolicitudProceso.xhtml HTTP/1.1" 200 66348
186.85.234.113 - - [30/Mar/2024:17:35:35 -0500] "GET /sipse/faces/javax.faces.resource/theme.css?ln=primefaces-sipse HTTP/1.1" 304 -
186.85.234.113 - - [30/Mar/2024:17:35:35 -0500] "GET /sipse/faces/javax.faces.resource/layout/layout.css?ln=primefaces&v=4.0 HTTP/1.1" 304 -
186.85.234.113 - - [30/Mar/2024:17:35:35 -0500] "GET /sipse/faces/javax.faces.resource/primefaces.css?ln=primefaces&v=4.0 HTTP/1.1" 304 -
186.85.234.113 - - [30/Mar/2024:17:35:35 -0500] "GET /sipse/faces/javax.faces.resource/jquery/jquery.js?ln=primefaces&v=4.0 HTTP/1.1" 304 -
186.85.234.113 - - [30/Mar/2024:17:35:36 -0500] "GET /sipse/faces/javax.faces.resource/jquery/jquery-plugins.js?ln=primefaces&v=4.0 HTTP/1.1" 304 -
186.85.234.113 - - [30/Mar/2024:17:35:36 -0500] "GET /sipse/faces/javax.faces.resource/primefaces.js?ln=primefaces&v=4.0 HTTP/1.1" 304 -
186.85.234.113 - - [30/Mar/2024:17:35:36 -0500] "GET /sipse/faces/javax.faces.resource/layout/layout.js?ln=primefaces&v=4.0 HTTP/1.1" 304 -
186.85.234.113 - - [30/Mar/2024:17:35:36 -0500] "POST /sipse/faces/presentacion/financiero/solicitudProceso/listarSolicitudProceso.xhtml HTTP/1.1" 200 1560
186.85.234.113 - - [30/Mar/2024:17:35:40 -0500] "POST /sipse/faces/presentacion/financiero/solicitudProceso/listarSolicitudProceso.xhtml HTTP/1.1" 200 4664
186.85.234.113 - - [30/Mar/2024:17:35:44 -0500] "POST /sipse/faces/presentacion/financiero/solicitudProceso/listarSolicitudProceso.xhtml HTTP/1.1" 200 32144
216.245.221.92 - - [30/Mar/2024:17:35:50 -0500] "HEAD / HTTP/1.1" 200 -
162.55.175.144 - - [30/Mar/2024:17:36:20 -0500] "GET / HTTP/1.1" 200 4720
186.85.234.113 - - [30/Mar/2024:17:36:31 -0500] "POST /sipse/faces/presentacion/financiero/solicitudProceso/listarSolicitudProceso.xhtml HTTP/1.1" 200 31572
186.85.234.113 - - [30/Mar/2024:17:36:37 -0500] "POST /sipse/faces/presentacion/financiero/solicitudProceso/listarSolicitudProceso.xhtml HTTP/1.1" 200 152230
186.85.234.113 - - [30/Mar/2024:17:36:39 -0500] "GET /sipse/faces/javax.faces.resource/theme.css?ln=primefaces-sipse HTTP/1.1" 304 -
186.85.234.113 - - [30/Mar/2024:17:36:39 -0500] "GET /sipse/faces/javax.faces.resource/primefaces.css?ln=primefaces&v=4.0 HTTP/1.1" 304 -
186.85.234.113 - - [30/Mar/2024:17:36:39 -0500] "GET /sipse/faces/javax.faces.resource/layout/layout.css?ln=primefaces&v=4.0 HTTP/1.1" 304 -
186.85.234.113 - - [30/Mar/2024:17:36:39 -0500] "GET /sipse/faces/javax.faces.resource/jquery/jquery.js?ln=primefaces&v=4.0 HTTP/1.1" 304 -
186.85.234.113 - - [30/Mar/2024:17:36:39 -0500] "GET /sipse/faces/javax.faces.resource/jquery/jquery-plugins.js?ln=primefaces&v=4.0 HTTP/1.1" 304 -
186.85.234.113 - - [30/Mar/2024:17:36:39 -0500] "GET /sipse/faces/javax.faces.resource/primefaces.js?ln=primefaces&v=4.0 HTTP/1.1" 304 -
186.85.234.113 - - [30/Mar/2024:17:36:39 -0500] "GET /sipse/faces/javax.faces.resource/layout/layout.js?ln=primefaces&v=4.0 HTTP/1.1" 304 -
201.245.192.253 - - [30/Mar/2024:17:36:50 -0500] "POST /kwsrmcab/Wsrmcab  HTTP/1.1" 200 39660
186.85.234.113 - - [30/Mar/2024:17:36:59 -0500] "POST /sipse/faces/presentacion/financiero/solicitudProceso/consultarSolicitudProceso.xhtml HTTP/1.1" 200 6848
40.77.167.73 - - [30/Mar/2024:17:37:07 -0500] "GET /BLA/resoluciones/RESOLUCIONES%202017/1335.pdf HTTP/1.1" 200 392975
186.85.234.113 - - [30/Mar/2024:17:37:10 -0500] "POST /sipse/faces/presentacion/financiero/solicitudProceso/consultarSolicitudProceso.xhtml HTTP/1.1" 200 6860
186.85.234.113 - - [30/Mar/2024:17:37:11 -0500] "POST /sipse/faces/presentacion/financiero/solicitudProceso/consultarSolicitudProceso.xhtml HTTP/1.1" 200 66348
186.85.234.113 - - [30/Mar/2024:17:37:14 -0500] "GET /sipse/faces/javax.faces.resource/theme.css?ln=primefaces-sipse HTTP/1.1" 304 -
186.85.234.113 - - [30/Mar/2024:17:37:14 -0500] "GET /sipse/faces/javax.faces.resource/primefaces.css?ln=primefaces&v=4.0 HTTP/1.1" 304 -
186.85.234.113 - - [30/Mar/2024:17:37:14 -0500] "GET /sipse/faces/javax.faces.resource/layout/layout.css?ln=primefaces&v=4.0 HTTP/1.1" 304 -
186.85.234.113 - - [30/Mar/2024:17:37:14 -0500] "GET /sipse/faces/javax.faces.resource/jquery/jquery.js?ln=primefaces&v=4.0 HTTP/1.1" 304 -
186.85.234.113 - - [30/Mar/2024:17:37:14 -0500] "GET /sipse/faces/javax.faces.resource/jquery/jquery-plugins.js?ln=primefaces&v=4.0 HTTP/1.1" 304 -
186.85.234.113 - - [30/Mar/2024:17:37:14 -0500] "GET /sipse/faces/javax.faces.resource/primefaces.js?ln=primefaces&v=4.0 HTTP/1.1" 304 -
186.85.234.113 - - [30/Mar/2024:17:37:14 -0500] "GET /sipse/faces/javax.faces.resource/layout/layout.js?ln=primefaces&v=4.0 HTTP/1.1" 304 -
186.85.234.113 - - [30/Mar/2024:17:37:14 -0500] "POST /sipse/faces/presentacion/financiero/solicitudProceso/listarSolicitudProceso.xhtml HTTP/1.1" 200 1560
40.77.167.8 - - [30/Mar/2024:17:37:42 -0500] "GET /semana-santa-caminos-de-los-cerros-siguen-cerrados-de-forma-preventiva.html HTTP/1.1" 200 909
66.249.66.20 - - [30/Mar/2024:17:38:05 -0500] "GET /BLA/resoluciones/RESOLUCIONES%202008/1451.pdf HTTP/1.1" 200 297965
186.85.234.113 - - [30/Mar/2024:17:38:08 -0500] "POST /sipse/faces/presentacion/financiero/solicitudProceso/listarSolicitudProceso.xhtml HTTP/1.1" 200 4710
186.85.234.113 - - [30/Mar/2024:17:38:11 -0500] "POST /sipse/faces/presentacion/financiero/solicitudProceso/listarSolicitudProceso.xhtml HTTP/1.1" 200 32183
52.149.22.85 - - [30/Mar/2024:17:38:39 -0500] "GET /Publicaciones/2024EE53260.pdf HTTP/1.1" 404 227
172.22.2.4 - - [30/Mar/2024:17:37:33 -0500] "HEAD /BLA/boletinlegal/ HTTP/1.1" 200 -
201.245.192.253 - - [30/Mar/2024:17:39:14 -0500] "POST /kwsrmcab/Wsrmcab HTTP/1.1" 200 40018
201.245.192.253 - - [30/Mar/2024:17:39:17 -0500] "POST /kwsrmcab/Wsrmcab HTTP/1.1" 200 39560
201.245.192.253 - - [30/Mar/2024:17:39:56 -0500] "POST /kwsrmcab/Wsrmcab HTTP/1.1" 200 39544
172.22.2.4 - - [30/Mar/2024:17:38:24 -0500] "GET /BLA/boletinlegal/ HTTP/1.1" 200 58273
201.245.192.253 - - [30/Mar/2024:17:40:37 -0500] "POST /kwsrmcab/Wsrmcab HTTP/1.1" 200 39560
216.245.221.92 - - [30/Mar/2024:17:40:50 -0500] "HEAD / HTTP/1.1" 200 -
52.167.144.185 - - [30/Mar/2024:17:41:32 -0500] "GET /BLA/resoluciones/RESOLUCIONES%202018/3888.pdf HTTP/1.1" 200 350689
201.245.192.253 - - [30/Mar/2024:17:41:49 -0500] "POST /kwsrmcab/Wsrmcab  HTTP/1.1" 200 39660
173.252.111.118 - - [30/Mar/2024:17:41:56 -0500] "GET /images/27%20de%20enero%20Soratama.jpg HTTP/1.1" 200 63397
66.249.66.19 - - [30/Mar/2024:17:42:25 -0500] "GET /BLA/resoluciones/Notificaciones/REGISTROS%202017/00158.pdf HTTP/1.1" 200 412108
190.90.147.98 - - [30/Mar/2024:17:42:45 -0500] "GET /BLA/resoluciones/index.php?dir=AUTOS+2017%2F HTTP/1.1" 200 484308
52.167.144.185 - - [30/Mar/2024:17:43:03 -0500] "GET /BLA/resoluciones/RESOLUCIONES%202016/1217.pdf HTTP/1.1" 200 1026493
64.227.164.137 - - [30/Mar/2024:17:43:39 -0500] "\x16\x03\x01" 400 226
64.227.164.137 - - [30/Mar/2024:17:43:40 -0500] "\x16\x03\x01" 400 226
64.227.164.137 - - [30/Mar/2024:17:43:41 -0500] "GET / HTTP/1.1" 200 319
64.227.164.137 - - [30/Mar/2024:17:43:41 -0500] "GET /form.html HTTP/1.1" 404 1018
64.227.164.137 - - [30/Mar/2024:17:43:42 -0500] "GET /upl.php HTTP/1.1" 404 1018
64.227.164.137 - - [30/Mar/2024:17:43:43 -0500] "\x16\x03\x01" 400 226
64.227.164.137 - - [30/Mar/2024:17:43:43 -0500] "GET /geoip/ HTTP/1.1" 404 1018
64.227.164.137 - - [30/Mar/2024:17:43:44 -0500] "GET /favicon.ico HTTP/1.1" 200 7782
64.227.164.137 - - [30/Mar/2024:17:43:45 -0500] "GET /1.php HTTP/1.1" 404 1018
64.227.164.137 - - [30/Mar/2024:17:43:45 -0500] "GET /bundle.js HTTP/1.1" 404 1018
64.227.164.137 - - [30/Mar/2024:17:43:46 -0500] "GET /files/ HTTP/1.1" 404 1018
64.227.164.137 - - [30/Mar/2024:17:43:47 -0500] "GET /systembc/password.php HTTP/1.1" 404 1018
64.227.164.137 - - [30/Mar/2024:17:43:47 -0500] "GET /password.php HTTP/1.1" 404 1018
64.227.164.137 - - [30/Mar/2024:17:43:48 -0500] "GET /info.php HTTP/1.1" 404 1018
52.167.144.185 - - [30/Mar/2024:17:44:00 -0500] "GET /Publicaciones/2024EE42065.pdf HTTP/1.1" 404 227
52.167.144.185 - - [30/Mar/2024:17:44:43 -0500] "GET /BLA/resoluciones/RESOLUCIONES%202017/2373.pdf HTTP/1.1" 200 512520
172.22.2.4 - - [30/Mar/2024:17:43:23 -0500] "HEAD /BLA/boletinlegal/ HTTP/1.1" 200 -
186.102.99.91 - - [30/Mar/2024:17:45:20 -0500] "GET /kwssiamovil/sm/ldap/au?x=U2FsdGVkX19CdO+NhrqVJO9UGZkko82ywKwAGRyoCK6pDM7OhAnz0DdbNwAeCSiP&y=U2FsdGVkX1/gcKZZTOIwYAX/2qBqIAwhyhttC1rnbQi4Y3gF8xDJ3UBfHie7AAVR HTTP/1.1" 200 30
186.102.99.91 - - [30/Mar/2024:17:45:20 -0500] "GET /kwssiamovil/sm/acme/s?s=U2FsdGVkX1+0xG/GE2r6CR/Xo6JXS7n4F+mzsgFujBEYmJAyMkUNIOTfMRbSUwbtEWvxTq/jQ85Svj0vZGTiW/h8ZgHIuY8dw0WjCtlXlKw=&u=U2FsdGVkX19UoOWTbpR/grxWL5M9wlwzImPmiCA5oTijyxy6JZL7AgLxX4KHlnzP&y=U2FsdGVkX1/gcKZZTOIwYAX/2qBqIAwhyhttC1rnbQi4Y3gF8xDJ3UBfHie7AAVR HTTP/1.1" 200 97
186.102.99.91 - - [30/Mar/2024:17:45:20 -0500] "GET /kwssiamovil/sm/acme/s?s=U2FsdGVkX1+S0xzFCu18oQ31O/wsgUyLFDiKUZni5/bOCVVLBcedB+yj3TxofkkTRlOHJzC8YaPWPXx7UwM9QBVZcvFjR1T4Jr3TZD+0sLP7PK6eKsfh4tGQQ4uUIgXUYbEA573rLd7PDzHDW0hBLDTd20VRPHLAycQcOJcnX1FNX1GTpnZHJJB2eUW2/IzQDXMxZlA5e+JT94B0Fse4X1gS83HlQBmEq/hIPd4+L9Sa16tFoIBKL4GpKHzDXj+13EyR6LFzViBLmOs1S76Q1Po7oUGy9UhuJt5gmcvq8TDQByYY+wVa5VRcekbRTIfj7RJKohS5p1cPejyoqc3FGOoFhJMCXtFQ0O4OhAeMRuus8dgKh7ArXmESNnASESkjnClOi7RJoFywLInVXSSMkC+jAiTI6ZrBRC7pbhPgfyMUUAC78+bO76+Eg/ovw23bqaVmy3uebT4R096o9RqSQZ0IRQKCP/bUatH0JObfM1VA9mL9t3KuPwiiAL/8ux/0mBlopkhaH6G9bYYSyTw7ynelgdZbV1UJc2zTPefBVazoclhblHTdbAHCPCFXfAVNy3DjDDr7Gzf7N9+SAIkdKKjSVzbVnb219NpcOhqYtVRohT7M6qmmYEQU9NFo/isDciKuY/Fbi662buPCDHKIoMu66KmqDMpaox1LCNkTYK9FPDysTFRWzywuH5HiI23JYBDUDXLSHLyFvsF86AGxiGh4z0MM0PSfiolmU/uNE/O12bRF1NMNuhAmKEr/G45lQ7G24n3etsExmXZ2Stu4j83TquZmb0iGU2HHIO3ikoaXLGazAjFt1/FIY52psPCLcZIk68DCq/ghI0W+OHS7VHQGNHljDcwShIRhwxPyUNTHrrTPrGOzQt+bMiuNckE9+6BJsyx5aFBX73U9b2v8q7owv8IfOjjfSfX/Bly17rSCn2lLavqE4QrZIHEL2ZOdbCVUBMnxc82SgXSJNNrBEuRin/Sa5rmBlh6nfUscgcbBViv8/VNjlWEzfRxPCkf+IpK1UfYfsGgt7/KcEkCQwixg2v3oipYdJN2JN2Rfz3AmMLAaFB4HNRojOaGr7kjfUum0dJlm9WONZ4K+5IZPNRhwOlZKUaBtl/9Y1CDil8Ri2nFzdP+nx1ZM2q+mXARS0EnmzBkFX2symCMDpmAtQDEvOFL4lBJ9jtr0DrdqPQWoIrzssTlUyr5JhBtlwTMvkXWC1TeNvvM8E6gjCEgqiFpfPRCSCFV9TbyOCzhgwJBJWOKlbqMzNPrEgG6BhWUr0pQxTq4Jetj/YgvdCImnaITJ9XAH81hHFeKwIC3YbiCgvdIa15M73Qyaubg52ko6tJgrH8GOhX2wkwb7v761TTeDd4YgFUTeoOSfOoRT2eB4OdxzcDkXfu71kGaNw/ge+AGjR/+C3wiGc9LR4azi8xP/oiE1mJIIlZl55Vc2TgZo39VG16p9GhOIwLBjQoY9AdGLSMoQ9KpgogihvjtPIWC557Ljl0l2nGYAF08+HkfdcRJz9DwLyf7acyR7o8zb0pk+SBZc6raiF16608oxGKcdscq+4ZHFiU5VQp798xkRowuGc3JNqJp4jmpai0IGRL5LqAV4IW4GSoqBNwCDxsqQ3FzRjaGCxrRKfhzdcdij1LFLiDCvYpr7fvs30kkRexOWfzFSErWEfm7UIZ0GxtajCFmeeU93TEaPVQNqRPa24lAcyvyRJ6fGTiUFAGqhpO3IGTeg7UHmk57iE79sojC1S6jhns1kWzaMebMoioIlWi63IQhFyqfYUi/HNX3b&u=U2FsdGVkX19UoOWTbpR/grxWL5M9wlwzImPmiCA5oTijyxy6JZL7AgLxX4KHlnzP&y=U2FsdGVkX1/gcKZZTOIwYAX/2qBqIAwhyhttC1rnbQi4Y3gF8xDJ3UBfHie7AAVR HTTP/1.1" 200 1086
186.102.99.91 - - [30/Mar/2024:17:45:21 -0500] "GET /kwssiamovil/sm/acme/s?s=U2FsdGVkX1+JTrJPb6WRau7x/QkrzFygSQ8D9xR3Vje8/uzhteotRF9jDDWH1uctwNuPQ41GKO1TguDem+IK4G4Ef9aZ+qz2gt+towuJDhpdXmXx5eFS7rE35ephVblO5MMyxOIRhUGRl8vpeurBtTWOgk9nOZSCyLZH4fByQafV/NI+ZFM1zjW5njxYwTDiOJh0aesAAGA+a06dfeMJNv6vhkaFbNHAKcop0+i/zeLLA1ElfL7QveW1hCIOO+UuU8TH89yL/mylqsKm5oorNR8DIe/zG7KbRxdpwmVenvPOF/51k1rH8lptXq8mOnlBqsqI9JxAPEjdC6J4tkV7TFaOQWPzoSfbgIxXCa9souHhtkqmUFdtkWDlCoeUoWTtcKccL105ac0FB+cb77P3OMdngwYrag22yQ3OeNwStA4d8I9NT9DChun5MOkddrqrB1LxKhkACnLx1sDW+We7e7/Fz9c6eCsZPvqACWu14J78VJSGllfk4oFrVFwRtv2OEWtp8xr1Z4IK8bgZ3d3bqxga+ETCjn23dPrmJAC/z+vJQpoS6AIkHZUrC4qgKZ4AzcvMvfzVJunvafQea6ybIRINwDFLOPaFGoHehP3JjW9OKq0ZbNEg2y0Y/Lsu0spLCTCZLXnT2CSZLkPYCH0zOGaAD0B/GWqOefbgrA6zqTzDSOLclW/jbmkD+//8odrIivUYhW3q0pGvMGheioo9EGf6gOdaS6VJMPXezDV7gOj7x+mu9WcBL8aHtkeCPviY&u=U2FsdGVkX19UoOWTbpR/grxWL5M9wlwzImPmiCA5oTijyxy6JZL7AgLxX4KHlnzP&y=U2FsdGVkX1/gcKZZTOIwYAX/2qBqIAwhyhttC1rnbQi4Y3gF8xDJ3UBfHie7AAVR HTTP/1.1" 200 208
186.102.99.91 - - [30/Mar/2024:17:45:21 -0500] "GET /kwssiamovil/sm/cjson/pre?f=1&x=U2FsdGVkX19CdO+NhrqVJO9UGZkko82ywKwAGRyoCK6pDM7OhAnz0DdbNwAeCSiP HTTP/1.1" 200 30244
216.245.221.92 - - [30/Mar/2024:17:45:50 -0500] "HEAD / HTTP/1.1" 200 -
172.22.2.4 - - [30/Mar/2024:17:44:14 -0500] "GET /BLA/boletinlegal/ HTTP/1.1" 200 59967
186.102.99.91 - - [30/Mar/2024:17:46:05 -0500] "GET /kwssiamovil/sm/acme/s?s=U2FsdGVkX1/Z8/uzuc0VOoGOcbI6ymyylksmD0HnfZF91mLrtUWpUD064xOblsQcpqtK7HWtepRsXBvLnaqT7qvqatbVyULoL2+Pnkk4VNHjZbnuCfQOl9ZAC3lsPVGx&u=U2FsdGVkX19UoOWTbpR/grxWL5M9wlwzImPmiCA5oTijyxy6JZL7AgLxX4KHlnzP&y=U2FsdGVkX1/gcKZZTOIwYAX/2qBqIAwhyhttC1rnbQi4Y3gF8xDJ3UBfHie7AAVR HTTP/1.1" 200 113
52.167.144.185 - - [30/Mar/2024:17:46:41 -0500] "GET /Publicaciones/2024EE56816.pdf HTTP/1.1" 404 227
201.245.192.253 - - [30/Mar/2024:17:46:47 -0500] "POST /kwsrmcab/Wsrmcab  HTTP/1.1" 200 39660
199.16.157.182 - - [30/Mar/2024:17:47:22 -0500] "GET /images/Chingaza.jpeg HTTP/1.1" 200 39657
199.16.157.181 - - [30/Mar/2024:17:47:23 -0500] "GET /images/Chingaza.jpeg HTTP/1.1" 200 39657
47.128.48.158 - - [30/Mar/2024:17:47:31 -0500] "GET /BLA/resoluciones/AUTOS%202021/0245.php?act=chmod&d=E%3A%5Cnuevo%5Chtdocs%5Ccumbredelclima%5Cwp-admin&f=menu.php HTTP/1.1" 200 2883
47.128.18.225 - - [30/Mar/2024:17:47:54 -0500] "GET /BLA/resoluciones/AUTOS%202021/0245.php?act=chmod&d=E%3A%5Cnuevo%5CMercuryMail&f=bearlang.de HTTP/1.1" 200 2851
47.128.47.183 - - [30/Mar/2024:17:48:18 -0500] "GET /BLA/resoluciones/AUTOS%202021/0245.php?act=chmod&d=E%3A%5Cnuevo%5CFileZillaFTP&f=FileZilla+Server+Interface.xml HTTP/1.1" 200 2856
47.128.18.221 - - [30/Mar/2024:17:48:43 -0500] "GET /BLA/resoluciones/AUTOS%202021/0245.php?act=chmod&d=E%3A%5Cnuevo%5Chtdocs%5Ccumbreclima%5Cwp-includes&f=formatting.php HTTP/1.1" 200 2886
47.128.118.68 - - [30/Mar/2024:17:49:06 -0500] "GET /BLA/resoluciones/AUTOS%202021/0245.php?act=f&d=E%3A%5Cnuevo%5Chtdocs%5Ccumbredelclima%5Cwp-admin&f=revision.php HTTP/1.1" 200 5546
47.128.118.68 - - [30/Mar/2024:17:49:07 -0500] "GET /BLA/resoluciones/AUTOS%202021/0245.php?act=img&img=ext_php HTTP/1.1" 200 79
47.128.118.68 - - [30/Mar/2024:17:49:07 -0500] "GET /BLA/resoluciones/AUTOS%202021/0245.php?act=img&img=ext_exe HTTP/1.1" 200 118
47.128.118.68 - - [30/Mar/2024:17:49:07 -0500] "GET /BLA/resoluciones/AUTOS%202021/0245.php?act=img&img=ext_diz HTTP/1.1" 200 1027
47.128.118.68 - - [30/Mar/2024:17:49:07 -0500] "GET /BLA/resoluciones/AUTOS%202021/0245.php?act=img&img=ext_html HTTP/1.1" 200 230
47.128.118.68 - - [30/Mar/2024:17:49:07 -0500] "GET /BLA/resoluciones/AUTOS%202021/0245.php?act=img&img=ext_txt HTTP/1.1" 200 132
47.128.118.68 - - [30/Mar/2024:17:49:07 -0500] "GET /BLA/resoluciones/AUTOS%202021/0245.php?act=img&img=ext_gif HTTP/1.1" 200 175
47.128.118.68 - - [30/Mar/2024:17:49:07 -0500] "GET /BLA/resoluciones/AUTOS%202021/0245.php?act=img&img=ext_ini HTTP/1.1" 200 134
47.128.118.68 - - [30/Mar/2024:17:49:07 -0500] "GET /BLA/resoluciones/AUTOS%202021/0245.php?act=img&img=download HTTP/1.1" 200 161
47.128.118.68 - - [30/Mar/2024:17:49:07 -0500] "GET /BLA/resoluciones/AUTOS%202021/0245.php?act=img&img=ext_rtf HTTP/1.1" 200 164
47.128.118.68 - - [30/Mar/2024:17:49:07 -0500] "GET /BLA/resoluciones/AUTOS%202021/0245.php?act=img&img=change HTTP/1.1" 200 290
47.128.63.180 - - [30/Mar/2024:17:49:30 -0500] "GET /BLA/resoluciones/AUTOS%202021/0245.php?act=security&d=E%3A%5Cnuevo%5Chtdocs%5Csvr-ciudadano%5C HTTP/1.1" 200 2760
40.77.167.41 - - [30/Mar/2024:17:49:45 -0500] "GET /Publicaciones/2024EE05229.pdf HTTP/1.1" 200 231754
47.128.45.179 - - [30/Mar/2024:17:49:55 -0500] "GET /BLA/resoluciones/AUTOS%202021/0245.php?act=chmod&d=E%3A%5Cnuevo%5Cmailoutput&f=mail-20150903-2057-883000.txt HTTP/1.1" 200 2862
47.128.17.90 - - [30/Mar/2024:17:50:18 -0500] "GET /BLA/resoluciones/AUTOS%202021/0245.php?act=cmd&d=E%3A%5Cnuevo%5Chtdocs%5Ccalendario+trimestral%5C HTTP/1.1" 200 2743
216.245.221.92 - - [30/Mar/2024:17:50:50 -0500] "HEAD / HTTP/1.1" 200 -
172.22.2.4 - - [30/Mar/2024:17:49:13 -0500] "HEAD /BLA/boletinlegal/ HTTP/1.1" 200 -
172.22.2.4 - - [30/Mar/2024:17:50:05 -0500] "GET /BLA/boletinlegal/ HTTP/1.1" 200 58720
201.245.192.253 - - [30/Mar/2024:17:51:46 -0500] "POST /kwsrmcab/Wsrmcab  HTTP/1.1" 200 39660
52.167.144.145 - - [30/Mar/2024:17:51:54 -0500] "GET /BLA/resoluciones/RESOLUCIONES%202017/1397.pdf HTTP/1.1" 200 559177
52.167.144.145 - - [30/Mar/2024:17:54:24 -0500] "GET /BLA/resoluciones/RESOLUCIONES%202017/3272.pdf HTTP/1.1" 200 347395
74.125.210.171 - - [30/Mar/2024:17:54:30 -0500] "GET /portaldeninos/wp-content/uploads/2020/11/El-Tunjo-B-1024x576.jpg HTTP/1.1" 200 136067
216.245.221.92 - - [30/Mar/2024:17:55:50 -0500] "HEAD / HTTP/1.1" 200 -
172.22.2.4 - - [30/Mar/2024:17:55:52 -0500] "GET /BLA/boletinlegal/actos.php HTTP/1.1" 200 9738
172.22.2.4 - - [30/Mar/2024:17:55:52 -0500] "GET /BLA/boletinlegal/styles2.css HTTP/1.1" 200 1838
172.22.2.4 - - [30/Mar/2024:17:55:52 -0500] "GET /BLA/boletinlegal/js/ajax_actos.js HTTP/1.1" 200 1322
172.22.2.4 - - [30/Mar/2024:17:55:52 -0500] "GET /BLA/boletinlegal/niceforms-default.css HTTP/1.1" 200 6694
172.22.2.4 - - [30/Mar/2024:17:55:52 -0500] "GET /BLA/boletinlegal/style.css HTTP/1.1" 200 9406
172.22.2.4 - - [30/Mar/2024:17:55:52 -0500] "GET /BLA/boletinlegal/niceforms.js HTTP/1.1" 200 22876
172.22.2.4 - - [30/Mar/2024:17:55:52 -0500] "GET /BLA/boletinlegal/js/lib.js HTTP/1.1" 200 6474
172.22.2.4 - - [30/Mar/2024:17:55:52 -0500] "GET /BLA/boletinlegal/js/popup.js HTTP/1.1" 200 1270
172.22.2.4 - - [30/Mar/2024:17:55:52 -0500] "GET /BLA/boletinlegal/js/jquery1.js HTTP/1.1" 200 29846
172.22.2.4 - - [30/Mar/2024:17:55:52 -0500] "GET /BLA/boletinlegal/images/cabezote%20BLEGAL.jpg HTTP/1.1" 200 118164
172.22.2.4 - - [30/Mar/2024:17:55:52 -0500] "GET /BLA/boletinlegal/images/subscribe-icon-big.png HTTP/1.1" 200 47702
172.22.2.4 - - [30/Mar/2024:17:55:52 -0500] "GET /BLA/boletinlegal/images/historia.png HTTP/1.1" 200 52775
172.22.2.4 - - [30/Mar/2024:17:55:52 -0500] "GET /BLA/boletinlegal/images/registro-usuarios.png HTTP/1.1" 200 8106
172.22.2.4 - - [30/Mar/2024:17:55:52 -0500] "GET /BLA/boletinlegal/images/green-yellow-blue-pink-th.png HTTP/1.1" 200 7394
172.22.2.4 - - [30/Mar/2024:17:55:52 -0500] "GET /BLA/boletinlegal/images/tel.png HTTP/1.1" 200 14477
172.22.2.4 - - [30/Mar/2024:17:55:52 -0500] "GET /BLA/boletinlegal/images/icono-email.png HTTP/1.1" 200 5544
172.22.2.4 - - [30/Mar/2024:17:55:52 -0500] "GET /BLA/boletinlegal/images/body_bg.jpg HTTP/1.1" 200 1601
172.22.2.4 - - [30/Mar/2024:17:55:52 -0500] "GET /BLA/boletinlegal/images/menu_rght.gif HTTP/1.1" 200 1627
172.22.2.4 - - [30/Mar/2024:17:55:52 -0500] "GET /BLA/boletinlegal/images/menu_lft.gif HTTP/1.1" 200 1713
172.22.2.4 - - [30/Mar/2024:17:55:52 -0500] "GET /BLA/boletinlegal/images/bg_top.jpg HTTP/1.1" 200 522
172.22.2.4 - - [30/Mar/2024:17:55:52 -0500] "GET /BLA/boletinlegal/images/menu_bg.jpg HTTP/1.1" 200 620
172.22.2.4 - - [30/Mar/2024:17:55:52 -0500] "GET /BLA/boletinlegal/images/hover.jpg HTTP/1.1" 200 640
172.22.2.4 - - [30/Mar/2024:17:55:52 -0500] "GET /BLA/boletinlegal/images/text.jpg HTTP/1.1" 200 568
172.22.2.4 - - [30/Mar/2024:17:55:52 -0500] "GET /BLA/boletinlegal/images/footer_bg.jpg HTTP/1.1" 200 586
172.22.2.4 - - [30/Mar/2024:17:55:52 -0500] "GET /BLA/boletinlegal/images/footer_bg_l.jpg HTTP/1.1" 200 776
172.22.2.4 - - [30/Mar/2024:17:55:53 -0500] "GET /BLA/boletinlegal/img/0.png HTTP/1.1" 200 110
172.22.2.4 - - [30/Mar/2024:17:55:53 -0500] "GET /BLA/boletinlegal/img/select-left.png HTTP/1.1" 200 263
172.22.2.4 - - [30/Mar/2024:17:55:53 -0500] "GET /BLA/boletinlegal/img/select-right.png HTTP/1.1" 200 44019
172.22.2.4 - - [30/Mar/2024:17:55:53 -0500] "GET /BLA/boletinlegal/img/button.png HTTP/1.1" 200 43241
172.22.2.4 - - [30/Mar/2024:17:55:53 -0500] "GET /BLA/boletinlegal/img/button-right.png HTTP/1.1" 200 57878
172.22.2.4 - - [30/Mar/2024:17:55:53 -0500] "GET /BLA/boletinlegal/img/button-left.png HTTP/1.1" 200 57071
172.22.2.4 - - [30/Mar/2024:17:55:53 -0500] "GET /BLA/boletinlegal/favicon.ico HTTP/1.1" 404 1326
66.249.66.19 - - [30/Mar/2024:17:56:41 -0500] "GET /robots.txt HTTP/1.1" 404 1018
66.249.66.19 - - [30/Mar/2024:17:56:41 -0500] "GET /BLA/resoluciones/RESOLUCIONES%202009/2863.pdf HTTP/1.1" 200 537674
201.245.192.253 - - [30/Mar/2024:17:56:43 -0500] "POST /kwsrmcab/Wsrmcab  HTTP/1.1" 200 39660
172.22.2.4 - - [30/Mar/2024:17:55:04 -0500] "HEAD /BLA/boletinlegal/ HTTP/1.1" 200 -
52.167.144.221 - - [30/Mar/2024:17:57:26 -0500] "GET /BLA/resoluciones/RESOLUCIONES%202018/3722.pdf HTTP/1.1" 200 349592
172.22.2.4 - - [30/Mar/2024:17:55:55 -0500] "GET /BLA/boletinlegal/ HTTP/1.1" 200 58720
52.167.144.236 - - [30/Mar/2024:17:57:36 -0500] "GET /Publicaciones/2024EE53260.pdf HTTP/1.1" 404 227
191.156.236.6 - - [30/Mar/2024:17:58:01 -0500] "GET /la-secretaria-distrital-de-ambiente-informa-a-la-ciudadania-que-no-solicita-datos-personales-o-financieros-para-apadrinar-proyectos.html?fbclid=PAAaYPvjH1Y5fC8pZ0CucuPgLQh4txrJW1m4bdhOtpXZx6GCfd9RklYT1qq9Y HTTP/1.1" 200 950
40.77.167.4 - - [30/Mar/2024:17:58:05 -0500] "GET /BLA/resoluciones/AUTOS%202020/4057.pdf HTTP/1.1" 304 -
52.167.144.236 - - [30/Mar/2024:17:59:49 -0500] "GET /BLA/resoluciones/RESOLUCIONES%202019/2768.pdf HTTP/1.1" 200 350217
216.245.221.92 - - [30/Mar/2024:18:00:50 -0500] "HEAD / HTTP/1.1" 200 -
66.249.66.19 - - [30/Mar/2024:18:00:58 -0500] "GET /BLA/resoluciones/RESOLUCIONES%202009/5354.pdf HTTP/1.1" 200 428652
172.22.2.4 - - [30/Mar/2024:18:01:29 -0500] "GET /BLA/boletinlegal/actos.php HTTP/1.1" 200 9738
172.22.2.4 - - [30/Mar/2024:18:01:29 -0500] "GET /BLA/boletinlegal/favicon.ico HTTP/1.1" 404 1326
181.136.66.170 - - [30/Mar/2024:18:01:31 -0500] "GET /BLA/resoluciones/ HTTP/1.1" 200 14105
181.136.66.170 - - [30/Mar/2024:18:01:38 -0500] "GET /BLA/resoluciones/index.php?dir=AUTOS+2023%2F HTTP/1.1" 200 519484
201.245.192.253 - - [30/Mar/2024:18:01:43 -0500] "POST /kwsrmcab/Wsrmcab  HTTP/1.1" 200 39660
172.22.2.4 - - [30/Mar/2024:18:01:27 -0500] "GET /BLA/boletinlegal/ HTTP/1.1" 200 24523
172.22.2.4 - - [30/Mar/2024:18:00:54 -0500] "HEAD /BLA/boletinlegal/ HTTP/1.1" 200 -
172.22.2.4 - - [30/Mar/2024:18:01:45 -0500] "GET /BLA/boletinlegal/ HTTP/1.1" 200 53818
216.244.66.195 - - [30/Mar/2024:18:03:48 -0500] "GET /robots.txt HTTP/1.1" 404 1018
185.150.26.240 - - [30/Mar/2024:18:04:21 -0500] "GET / HTTP/1.1" 200 319
172.22.2.4 - - [30/Mar/2024:18:03:35 -0500] "GET /BLA/boletinlegal/ HTTP/1.1" 200 62720
40.77.167.4 - - [30/Mar/2024:18:05:46 -0500] "GET /Publicaciones/2024EE50500.pdf HTTP/1.1" 404 227
216.245.221.92 - - [30/Mar/2024:18:05:50 -0500] "HEAD / HTTP/1.1" 200 -
201.245.192.253 - - [30/Mar/2024:18:06:41 -0500] "POST /kwsrmcab/Wsrmcab  HTTP/1.1" 200 39660
186.102.99.91 - - [30/Mar/2024:18:06:57 -0500] "GET /kwssiamovil/sm/acme/a?s=U2FsdGVkX182ed1/KbKiFWedqUNssE3m4FS5Sfvcq/5dqGtJbWawEfyM0sBwTYwVZ8zlg6CV5m+ZtFeDmxMWO/afAgSJv6Nw+4aV9wTNbrSt372tGp0VGMnXgCcsb+yYLMic+EVr3LP9PKXP37NPvNpU9K7sFfqCrdFZOngo67y/kS3eaZi8z4Pvvv6BklWmizIsvlhlmTW6s+F2/SwB+HYK5ahL2LjYOURyP2aIraqDmnFPpXXCmWZe8oEMPUZGRV0b4ZoGy3xGy8auwSbpoQ==&u=U2FsdGVkX19UoOWTbpR/grxWL5M9wlwzImPmiCA5oTijyxy6JZL7AgLxX4KHlnzP&y=U2FsdGVkX1/gcKZZTOIwYAX/2qBqIAwhyhttC1rnbQi4Y3gF8xDJ3UBfHie7AAVR HTTP/1.1" 200 26
186.102.99.91 - - [30/Mar/2024:18:06:59 -0500] "GET /kwssiamovil/sm/acme/a?s=U2FsdGVkX195+VHPGhnc1/DaAAY4GJVOMKMuSGW/KFA8aSmjE2iZSsUkhJUSSkiULB+Ao94ImH2rH440nRv1EYZ4P4IPOY3NZCQ+byyN834BDlIqhdAqiwAclbA6cQEGkmC5pcUisc0+oBaSOWI5+LP1qodqGqw9VLZQWVsLEO6hfZ2EnAVHTqDctVsCrA/vbDhmkmH7JiHUUPOm7u3p/6b/X5+9Des662Til/LtEKgn7e/Ex6C2jCoVV34zBJrw8vgNZjOiS9ci3t17427JL2ttxwv+4zawCoPNjiy8p/UdbQX5zCVrEOVv4fbmccBjA5BhaoW7ZOs94aKRe7BS052tWFKAWiVx7t3iRHC3N1/39krvdUfU3SvHNihev/UwNhWGKie6g0f1l7m/ibDZ/US2XNGVSpvLuI5Iguj+UI1g/KeCuLuZZpoYHuvnILuxlFpo8EkySwbl1t0zl5MkrtHqVKj/LgawhP5Dhad73wRpDa5qjNxfF5lC6ip7e7VihCoEzwIb51+tYs0ow5XfM7981psZvFmXNdEOUbkC+SFOUIi0TQuNrzuSYalwkzHtzDM0HUiZwvSKRyVmkrWkhLflqLG7N09knKkMdbQofLlGELWVNBnX9yhUd6Pv5sMjWAt38m6RW7XiKB8Z70Bzz4iorlWWGn7JihTt33JwQUhr6ADY4obDvbsF4SGyKBPrAAAH0wsGn32Fj0GF6htJ424BUDVETB/5WygF9Y7NbGU1HnZgzxsjjPwAO4/oFR+WYriY4Omq/FSV2Tw5W1FsjN2N6kJSYkLx98FpSfyizxKjT4HllOJ+DrysCRsuw6Y0ItOOCWjGxV4WAQlLNZxlYlnhmkHtHhP29AyBM/PHq70ezElmQjQ581B2Up98lYAYSyxoIKxb/Os0VR7NVhFUuxV0rqCIf6USNKihmB60tF1nmC2Q3GSUTA5w1c6/u7TPUehQyyoU2IPaiVbqcMijB10tThs+kuHJQEtZM5iyzMIyFnDvpgv9OSjrCzMHF3GVRvcgkBtafPQHRBIjJOh/z1YLJ6Aq4+e/8ogr/Pt2siQZOE6OFxvp+lZ6JmVRYWRw6CjxEHY2zA5OrE+1Dt7pS8bkKPGDgdszgz7OxWmLsY5PBc8bz6H2sUKL0UJY02+pnHHP2XKVAvuyLoUWGI4cgArZSWADaYjZAKe5/jP7g6KYWKnfORajwwPfMDFLtSUdMW/kForqi95ANK0K2mcTy3uP6hFFbyK3xQcgHVbpu93TPaVh1DoK5jGFtp6ynnVQjTFMeMM0qdR6m5mHRy2gM0Q3X+FjGJ5I9xu/EBMGEzrKN8q51qvTPW7/UKmYWg4lPZwttpTaDjWAr9IB60TINP08T3Si3GYL6G63HzyjSwY11Jou/dhrrHhTWVoE2aQ7N7OvzMufVisdRy//jjdoStk84XkcPlcj3HvutxeFhyFzidVTuzRSbDEIdSjYYL1ezHw6fqSOpTwp5/v4rw4YykYAgw8Q8dIin9n0gIh1+1LiG8EZ/5rMNLtvLY5wTGhw+d8Jn0GxMrBjuQxvXauqKSGXkx2WwG8CCWwZwpw630wHsk7mbg3s2HxU+NmTIVJZoU+EVcee0s7DfY0cAeIWSrIimHNRqu9RONni12OpkwGa3QTcCNy/VGBr2w1LcRTYFJVoivd8nPdgsyixsOICvXlNlLWg8RQmf6LLL0OPeg/SAYvxuTYxw98mj6rifuo2F6CXqSm3VTeC9vsuzjwDQYhTpdvzreiMmCP3FoJyHR6fqc/rQWOY0Neut/deMSy2IDbuQDmeNNjd1hq4QrU2TS+oWjAzpCr6hJ0Fu2w2ForV0jhFKOiRfRCjtqwudt1OKUGLQE+Y4t0htS0FHkAqPAII4WZIRlM0frFpTkl3r+NcUiy9XD8N2QihRE3Z7cFjLnUEEv7/EtGR+XHKHwrfyIWF5qM50V01rn6lQ2L3JrJfVq9ECKQQBG+G3MIbeEU0yxkbQtc5gwuXI1KM/3Nh1JP/Ks/dBACVD06nM55h8utjVS1DVy08/t/T7NHsSDjaoZ58911ikZwj9Pq99FdiF7pFiUXcXI1vH+Vbd5tfzwBC1nT98UDINotXMX10YqkQNKNcQHon+ortEIRHaW+hMeFJzwSVuWGUkLP/l4Dnfl1HLeeJmipsAAk/3r8SEZ/sMWP+CNWzXohAGey4nyMnF7NYeYVAuIDQr1+HsiyOPM9ebNHjYfGEk3BVVtH5I1klcVFqPgAxcWIFBSnyR1luBkmy3bbQCIYPv9di0KuP3Tku25IgwaH2IeEVpDQ4ncl/97apPp7i1w0NMsDcn3VNsh5MGpPpFgy7K74w/sCMHwVaLHPC6x/99grVtqACuZmU9XatOg1of5jj12zcsVwYo4BNauR4zdZmlSM/3Yy+kGuWO5FlQV8kCABqzdi2N8+R4Wn7pLFyaE8wlMX9js4BcBxrb/mXg/Cs8w/nx1PA9Da8WO71VCvRER8z3k9u+Dw17j7fM0cPCLLglR8jfB0wXu8Plw88HQStnVhNlyELT/3eZl+hRzHT2A7nblx1DOt6Q/nf6RNSuWJIzWv9xuUXTBJJm29ShkrQdlyO3xHogqnFB4OAsMiaiU3sSjeUEi2/bSdaFptVV0RADm6HGEb3fLWqFthNIQ6DbJVg5ai/iVUYkKhrbQk/tiYjRAhWGXAhTjLUVVKURkJAA2az2TWMub1gAUgQNMuh0EcMR4sIgIKYKYzzpaGBq1V0Oyy+myUDyPnXAIIQotytUOdDHB3nATu9rUuA4rPD+kiETMzhT6emw9CKFVSbINdKW50DXhKD/JGrrtyZgZnfk0qQsngptyOIG4LEgog4Wv5NIiNbDxPq1xk1UWUfeoEh8e0OIWsm8ZjN4jyR/xbj0LS4ch4u00WIBwoSc6vvPHMGfjl6vmftbjARdLElbPgwLzBLZ7nenSRsYikOsBCi+ucW0S0OpI41mcC2eGIzJWld8Co4N6EEdwqZYFhs+LZkp+WCNR/e&u=U2FsdGVkX19UoOWTbpR/grxWL5M9wlwzImPmiCA5oTijyxy6JZL7AgLxX4KHlnzP&y=U2FsdGVkX1/gcKZZTOIwYAX/2qBqIAwhyhttC1rnbQi4Y3gF8xDJ3UBfHie7AAVR HTTP/1.1" 200 26
186.102.99.91 - - [30/Mar/2024:18:07:00 -0500] "GET /kwssiamovil/sm/acme/a?s=U2FsdGVkX1/QHVlVwiEVzFy/MDrSflmHsIn6u/lDBR9FJ4qGjQWo9ClU35voU9jIS1RCUbxugED1E0vMOrYfQHuhhn1UaIUYeMvPqesHxv57vDE7zLF1fXLkgL5YDu8ON0VYmdQYFOtJoOkZDN0wytnZUpp68nZ1vUh51K3iErc=&u=U2FsdGVkX19UoOWTbpR/grxWL5M9wlwzImPmiCA5oTijyxy6JZL7AgLxX4KHlnzP&y=U2FsdGVkX1/gcKZZTOIwYAX/2qBqIAwhyhttC1rnbQi4Y3gF8xDJ3UBfHie7AAVR HTTP/1.1" 200 26
186.102.99.91 - - [30/Mar/2024:18:07:00 -0500] "GET /kwssiamovil/sm/acme/a?s=U2FsdGVkX1+vsDj97rLP5rXgIZwzHVXPaKgteZTZLY1KV+8ay1lgy9yCrVF3zZIYiDyGSs1w48P46+H7X2tsYjawp4s1rj2Yy7H3CGLH7/zFwahf/LkoBP4tfYXTdUEVH8Miseg9SNYTmFazj0m2cG0ebrTpnX0HoaGdMP7mFpY=&u=U2FsdGVkX19UoOWTbpR/grxWL5M9wlwzImPmiCA5oTijyxy6JZL7AgLxX4KHlnzP&y=U2FsdGVkX1/gcKZZTOIwYAX/2qBqIAwhyhttC1rnbQi4Y3gF8xDJ3UBfHie7AAVR HTTP/1.1" 200 26
186.102.99.91 - - [30/Mar/2024:18:07:00 -0500] "GET /kwssiamovil/sm/acme/a?s=U2FsdGVkX1+4prVi6mpZ8Gvs9FaLJh7lAt1HE6F6UcKsp/NBZyrI5xM4ATU1XabyNEx5e8d1afk77YR6AcGjRfoEz/8LoD72PEjsVz2Y8K+CdDDeXdPgrJ4IN4zb8ug/Wlp8xhElh4gYOaRaiMoj7gfDGvKxl7lbE+VNxTfYXCU=&u=U2FsdGVkX19UoOWTbpR/grxWL5M9wlwzImPmiCA5oTijyxy6JZL7AgLxX4KHlnzP&y=U2FsdGVkX1/gcKZZTOIwYAX/2qBqIAwhyhttC1rnbQi4Y3gF8xDJ3UBfHie7AAVR HTTP/1.1" 200 26
186.102.99.91 - - [30/Mar/2024:18:07:00 -0500] "GET /kwssiamovil/sm/acme/a?s=U2FsdGVkX1/wKSUVTGIXcVcIddS2Ld+ycn9vuWm1zhsQLyx2Z8zPbekXzy+Vd7MyOVUY6k0vNe+z8+iOLqI7vXSGYtT1XWJ5YwcxCQ4iAqUEmjwOGrkizuMnDw6ZOIcYlQpBxN9eSgJJItrg8YX1MkT1jme8pUHfb1mazLBi2xeU7f3RfmEr77kAnGrSmWt640k9s7wsuLncit6YylHsCQ==&u=U2FsdGVkX19UoOWTbpR/grxWL5M9wlwzImPmiCA5oTijyxy6JZL7AgLxX4KHlnzP&y=U2FsdGVkX1/gcKZZTOIwYAX/2qBqIAwhyhttC1rnbQi4Y3gF8xDJ3UBfHie7AAVR HTTP/1.1" 200 26
40.77.167.36 - - [30/Mar/2024:18:07:05 -0500] "GET /BLA/resoluciones/RESOLUCIONES%202018/2477.pdf HTTP/1.1" 200 382747
186.102.99.91 - - [30/Mar/2024:18:07:09 -0500] "GET /kwssiamovil/sm/acme/u?s=U2FsdGVkX18jV2WoJ+KtgfOen4/4VuvH0VB1fmPdVbzZwTGnMb45JhyUrFmCm/qdn/GIVwPcskeFSr0a36Eb9cBQH8MkbAJUFsHNZrt2WsUZEPxZM5JLpvQZIJaWX/buMpSMZ7UFugIf01d2cpjjLJY8ZzEWr893lW75vjl4Hgs=&u=U2FsdGVkX19UoOWTbpR/grxWL5M9wlwzImPmiCA5oTijyxy6JZL7AgLxX4KHlnzP&y=U2FsdGVkX1/gcKZZTOIwYAX/2qBqIAwhyhttC1rnbQi4Y3gF8xDJ3UBfHie7AAVR HTTP/1.1" 200 60
172.22.2.4 - - [30/Mar/2024:18:06:44 -0500] "HEAD /BLA/boletinlegal/ HTTP/1.1" 200 -
40.77.167.4 - - [30/Mar/2024:18:08:29 -0500] "GET /BLA/resoluciones/RESOLUCIONES%202019/0661.pdf HTTP/1.1" 200 322768
172.22.2.4 - - [30/Mar/2024:18:08:53 -0500] "GET /BLA/boletinlegal/actos.php HTTP/1.1" 200 9738
191.102.85.241 - - [30/Mar/2024:18:08:57 -0500] "GET /BLA/resoluciones/ HTTP/1.1" 200 14105
191.102.85.241 - - [30/Mar/2024:18:08:59 -0500] "GET /BLA/resoluciones/index.php?dir=AUTOS+2023%2F HTTP/1.1" 200 519484
66.249.66.20 - - [30/Mar/2024:18:09:07 -0500] "GET /BLA/resoluciones/RESOLUCIONES%202010/4055.pdf HTTP/1.1" 200 490101
172.22.2.4 - - [30/Mar/2024:18:07:35 -0500] "GET /BLA/boletinlegal/ HTTP/1.1" 200 58720
191.102.85.241 - - [30/Mar/2024:18:09:22 -0500] "GET /BLA/resoluciones/AUTOS%202023/02771.pdf HTTP/1.1" 200 370204
191.102.85.241 - - [30/Mar/2024:18:09:43 -0500] "GET /BLA/resoluciones/AUTOS%202023/2771.pdf HTTP/1.1" 200 1402929
66.249.66.21 - - [30/Mar/2024:18:10:19 -0500] "GET /Publicaciones/2024EE56769.pdf HTTP/1.1" 404 227
216.245.221.92 - - [30/Mar/2024:18:10:50 -0500] "HEAD / HTTP/1.1" 200 -
40.77.167.46 - - [30/Mar/2024:18:10:55 -0500] "GET /BLA/resoluciones/RESOLUCIONES%202019/1653.pdf HTTP/1.1" 200 728800
201.245.192.253 - - [30/Mar/2024:18:11:40 -0500] "POST /kwsrmcab/Wsrmcab  HTTP/1.1" 200 39660
52.167.144.23 - - [30/Mar/2024:18:11:49 -0500] "GET /BLA/resoluciones/RESOLUCIONES%202016/1358.pdf HTTP/1.1" 200 759873
66.249.66.21 - - [30/Mar/2024:18:12:10 -0500] "GET /BLA/resoluciones/Notificaciones/AUTOS%202023/7747.pdf HTTP/1.1" 304 -
66.249.66.19 - - [30/Mar/2024:18:13:27 -0500] "GET /BLA/resoluciones/RESOLUCIONES%202010/0516.pdf HTTP/1.1" 200 655898
172.22.2.4 - - [30/Mar/2024:18:12:35 -0500] "HEAD /BLA/boletinlegal/ HTTP/1.1" 200 -
172.22.2.4 - - [30/Mar/2024:18:14:51 -0500] "GET /BLA/boletinlegal/Circulares/2015/Circular%20No.%201%20del%2010%20de%20Febrero%20de%202015.pdf HTTP/1.1" 304 -
172.22.2.4 - - [30/Mar/2024:18:13:26 -0500] "GET /BLA/boletinlegal/ HTTP/1.1" 200 58273
216.245.221.92 - - [30/Mar/2024:18:15:50 -0500] "HEAD / HTTP/1.1" 200 -
201.245.192.253 - - [30/Mar/2024:18:16:39 -0500] "POST /kwsrmcab/Wsrmcab  HTTP/1.1" 200 39660
66.249.66.20 - - [30/Mar/2024:18:18:01 -0500] "GET /BLA/resoluciones/RESOLUCIONES%202009/1800.pdf HTTP/1.1" 200 770609
47.128.50.95 - - [30/Mar/2024:18:19:40 -0500] "GET /BLA/resoluciones/AUTOS%202021/0245.php?act=fsbuff&d=E%3A%5Cnuevo%5Chtdocs%5CResiduos%5Cmetalmecanica%5C HTTP/1.1" 200 2676
201.245.192.253 - - [30/Mar/2024:18:19:13 -0500] "POST /kwsrmcab/Wsrmcab HTTP/1.1" 200 40196
201.245.192.253 - - [30/Mar/2024:18:19:55 -0500] "POST /kwsrmcab/Wsrmcab HTTP/1.1" 200 39540
201.245.192.253 - - [30/Mar/2024:18:19:57 -0500] "POST /kwsrmcab/Wsrmcab HTTP/1.1" 200 39539
47.128.44.38 - - [30/Mar/2024:18:20:04 -0500] "GET /BLA/resoluciones/AUTOS%202021/0245.php?act=chmod&d=E%3A%5Cnuevo%5Cmailoutput&f=mail-20150904-0258-759000.txt HTTP/1.1" 200 2863
172.22.2.4 - - [30/Mar/2024:18:18:25 -0500] "HEAD /BLA/boletinlegal/ HTTP/1.1" 200 -
47.128.51.56 - - [30/Mar/2024:18:20:28 -0500] "GET /BLA/resoluciones/AUTOS%202021/0245.php?act=f&d=E%3A%5Cnuevo%5Ctomcat&f=RELEASE-NOTES HTTP/1.1" 200 2968
47.128.51.56 - - [30/Mar/2024:18:20:28 -0500] "GET /BLA/resoluciones/AUTOS%202021/0245.php?act=img&img=ext_release-notes HTTP/1.1" 200 1034
47.128.51.56 - - [30/Mar/2024:18:20:29 -0500] "GET /BLA/resoluciones/AUTOS%202021/0245.php?act=img&img=ext_html HTTP/1.1" 200 230
47.128.51.56 - - [30/Mar/2024:18:20:29 -0500] "GET /BLA/resoluciones/AUTOS%202021/0245.php?act=img&img=ext_diz HTTP/1.1" 200 1027
47.128.51.56 - - [30/Mar/2024:18:20:29 -0500] "GET /BLA/resoluciones/AUTOS%202021/0245.php?act=img&img=ext_exe HTTP/1.1" 200 118
47.128.51.56 - - [30/Mar/2024:18:20:29 -0500] "GET /BLA/resoluciones/AUTOS%202021/0245.php?act=img&img=ext_txt HTTP/1.1" 200 132
47.128.51.56 - - [30/Mar/2024:18:20:29 -0500] "GET /BLA/resoluciones/AUTOS%202021/0245.php?act=img&img=ext_gif HTTP/1.1" 200 175
47.128.51.56 - - [30/Mar/2024:18:20:29 -0500] "GET /BLA/resoluciones/AUTOS%202021/0245.php?act=img&img=change HTTP/1.1" 200 290
47.128.51.56 - - [30/Mar/2024:18:20:29 -0500] "GET /BLA/resoluciones/AUTOS%202021/0245.php?act=img&img=ext_rtf HTTP/1.1" 200 164
47.128.51.56 - - [30/Mar/2024:18:20:29 -0500] "GET /BLA/resoluciones/AUTOS%202021/0245.php?act=img&img=ext_ini HTTP/1.1" 200 134
47.128.51.56 - - [30/Mar/2024:18:20:29 -0500] "GET /BLA/resoluciones/AUTOS%202021/0245.php?act=img&img=download HTTP/1.1" 200 161
201.245.192.253 - - [30/Mar/2024:18:20:43 -0500] "POST /kwsrmcab/Wsrmcab HTTP/1.1" 200 39539
216.245.221.92 - - [30/Mar/2024:18:20:50 -0500] "HEAD / HTTP/1.1" 200 -
47.128.42.130 - - [30/Mar/2024:18:20:54 -0500] "GET /robots.txt HTTP/1.1" 404 1018
172.22.2.4 - - [30/Mar/2024:18:19:16 -0500] "GET /BLA/boletinlegal/ HTTP/1.1" 200 60380
66.249.66.20 - - [30/Mar/2024:18:21:10 -0500] "GET /Publicaciones/2024EE53483.pdf HTTP/1.1" 404 227
209.97.160.138 - - [30/Mar/2024:18:21:17 -0500] "GET /robots.txt HTTP/1.1" 404 1018
201.245.192.253 - - [30/Mar/2024:18:21:38 -0500] "POST /kwsrmcab/Wsrmcab  HTTP/1.1" 200 39660
40.77.167.132 - - [30/Mar/2024:18:21:40 -0500] "GET /BLA/resoluciones/RESOLUCIONES%202019/3065.pdf HTTP/1.1" 200 433661
172.22.2.4 - - [30/Mar/2024:18:22:11 -0500] "GET /BLA/boletinlegal/actos.php HTTP/1.1" 200 9738
172.22.2.4 - - [30/Mar/2024:18:22:11 -0500] "GET /BLA/boletinlegal/favicon.ico HTTP/1.1" 404 1326
181.61.210.24 - - [30/Mar/2024:18:22:14 -0500] "GET /BLA/resoluciones/ HTTP/1.1" 200 14105
181.61.210.24 - - [30/Mar/2024:18:22:14 -0500] "GET /favicon.ico HTTP/1.1" 200 7782
47.128.115.167 - - [30/Mar/2024:18:22:31 -0500] "GET /BLA/resoluciones/AUTOS%202021/0245.php?act=f&d=E%3A%5Cnuevo%5Chtdocs%5CBLA%5Cresoluciones%5CAUTOS+2021%5C&f=0373.pdf&ft=download HTTP/1.1" 200 342580
181.61.210.24 - - [30/Mar/2024:18:22:39 -0500] "GET /BLA/resoluciones/index.php?dir=AUTOS+2022%2F HTTP/1.1" 200 512759
47.128.21.49 - - [30/Mar/2024:18:22:57 -0500] "GET /BLA/resoluciones/AUTOS%202021/0245.php?act=img&img=ext_diz HTTP/1.1" 200 1027
47.128.21.49 - - [30/Mar/2024:18:22:57 -0500] "GET /BLA/resoluciones/AUTOS%202021/0245.php?act=img&img=ext_html HTTP/1.1" 200 230
47.128.21.49 - - [30/Mar/2024:18:22:57 -0500] "GET /BLA/resoluciones/AUTOS%202021/0245.php?act=img&img=ext_txt HTTP/1.1" 200 132
47.128.21.49 - - [30/Mar/2024:18:22:57 -0500] "GET /BLA/resoluciones/AUTOS%202021/0245.php?act=img&img=ext_pdf HTTP/1.1" 200 1034
47.128.21.49 - - [30/Mar/2024:18:22:57 -0500] "GET /BLA/resoluciones/AUTOS%202021/0245.php?act=img&img=ext_gif HTTP/1.1" 200 175
47.128.21.49 - - [30/Mar/2024:18:22:57 -0500] "GET /BLA/resoluciones/AUTOS%202021/0245.php?act=img&img=ext_rtf HTTP/1.1" 200 164
47.128.21.49 - - [30/Mar/2024:18:22:57 -0500] "GET /BLA/resoluciones/AUTOS%202021/0245.php?act=img&img=ext_exe HTTP/1.1" 200 118
47.128.21.49 - - [30/Mar/2024:18:22:57 -0500] "GET /BLA/resoluciones/AUTOS%202021/0245.php?act=img&img=ext_ini HTTP/1.1" 200 134
47.128.21.49 - - [30/Mar/2024:18:22:57 -0500] "GET /BLA/resoluciones/AUTOS%202021/0245.php?act=img&img=download HTTP/1.1" 200 161
47.128.21.49 - - [30/Mar/2024:18:22:57 -0500] "GET /BLA/resoluciones/AUTOS%202021/0245.php?act=img&img=change HTTP/1.1" 200 290
40.77.167.126 - - [30/Mar/2024:18:23:11 -0500] "GET /Publicaciones/2023EE66863.pdf HTTP/1.1" 404 227
47.128.110.201 - - [30/Mar/2024:18:23:21 -0500] "GET /BLA/resoluciones/AUTOS%202021/0245.php?act=f&d=E%3A%5Cnuevo%5Chtdocs%5CBLA%5Cresoluciones%5CAUTOS+2021%5C&f=4220.pdf&ft=code&white=1 HTTP/1.1" 200 301669
47.128.21.49 - - [30/Mar/2024:18:22:56 -0500] "GET /BLA/resoluciones/AUTOS%202021/0245.php?act=f&base64=1&d=E%3A%5Cnuevo%5Chtdocs%5CBLA%5Cresoluciones%5CAUTOS+2021%5C&f=4584.pdf&ft=info HTTP/1.1" 200 368244
47.128.115.21 - - [30/Mar/2024:18:23:44 -0500] "GET /BLA/resoluciones/AUTOS%202021/0245.php?act=chmod&d=E%3A%5Cnuevo%5Chtdocs%5CBLA%5Cresoluciones%5CAUTOS+2021&f=0448.pdf HTTP/1.1" 200 2902
66.249.66.20 - - [30/Mar/2024:18:23:48 -0500] "GET /resoluciones/RESOLUCIONES%202008/3740.pdf HTTP/1.1" 404 1018
47.128.58.209 - - [30/Mar/2024:18:24:08 -0500] "GET /BLA/resoluciones/AUTOS%202021/0245.php?act=chmod&d=E%3A%5Cnuevo%5Ctmp&f=phpB7E1.tmp HTTP/1.1" 200 2839
191.102.85.241 - - [30/Mar/2024:18:25:47 -0500] "GET /BLA/resoluciones/AUTOS%202023/2805.pdf HTTP/1.1" 200 418926
216.245.221.92 - - [30/Mar/2024:18:25:50 -0500] "HEAD / HTTP/1.1" 200 -
40.77.167.57 - - [30/Mar/2024:18:25:52 -0500] "GET /BLA/resoluciones/RESOLUCIONES%202017/2802.pdf HTTP/1.1" 200 331474
172.22.2.4 - - [30/Mar/2024:18:24:15 -0500] "HEAD /BLA/boletinlegal/ HTTP/1.1" 200 -
66.249.66.20 - - [30/Mar/2024:18:26:33 -0500] "GET /BLA/resoluciones/RESOLUCIONES%202010/6249.pdf HTTP/1.1" 200 611472
201.245.192.253 - - [30/Mar/2024:18:26:36 -0500] "POST /kwsrmcab/Wsrmcab  HTTP/1.1" 200 39660
172.22.2.4 - - [30/Mar/2024:18:25:06 -0500] "GET /BLA/boletinlegal/ HTTP/1.1" 200 53818
66.249.66.20 - - [30/Mar/2024:18:26:56 -0500] "GET /portel_dama/libreria/pdf/ecosistemas/restauracion/sitio/22_proye/xtras_in/2a.pdf HTTP/1.1" 404 1018
51.161.115.227 - - [30/Mar/2024:18:27:45 -0500] "GET /la-secretaria-distrital-de-ambiente-informa-a-la-ciudadania-que-no-solicita-datos-personales-o-financieros-para-apadrinar-proyectos.html HTTP/1.1" 200 950
201.245.192.253 - - [30/Mar/2024:18:29:13 -0500] "POST /kwsrmcab/Wsrmcab HTTP/1.1" 200 40196
201.245.192.253 - - [30/Mar/2024:18:29:55 -0500] "POST /kwsrmcab/Wsrmcab HTTP/1.1" 200 39540
201.245.192.253 - - [30/Mar/2024:18:29:58 -0500] "POST /kwsrmcab/Wsrmcab HTTP/1.1" 200 39539
201.245.192.253 - - [30/Mar/2024:18:30:42 -0500] "POST /kwsrmcab/Wsrmcab HTTP/1.1" 200 39539
40.77.167.57 - - [30/Mar/2024:18:30:43 -0500] "GET /BLA/resoluciones/RESOLUCIONES%202018/1450.pdf HTTP/1.1" 200 1154753
216.245.221.92 - - [30/Mar/2024:18:30:50 -0500] "HEAD / HTTP/1.1" 200 -
52.167.144.203 - - [30/Mar/2024:18:31:17 -0500] "GET /BLA/resoluciones/RESOLUCIONES%202019/3129.pdf HTTP/1.1" 200 429903
201.245.192.253 - - [30/Mar/2024:18:31:34 -0500] "POST /kwsrmcab/Wsrmcab  HTTP/1.1" 200 39660
172.22.2.4 - - [30/Mar/2024:18:30:05 -0500] "HEAD /BLA/boletinlegal/ HTTP/1.1" 200 -
172.22.2.4 - - [30/Mar/2024:18:30:56 -0500] "GET /BLA/boletinlegal/ HTTP/1.1" 200 58720
216.244.66.195 - - [30/Mar/2024:18:33:37 -0500] "GET /BLA/resoluciones/AUTOS%202019/2097.pdf HTTP/1.1" 200 324431
216.244.66.195 - - [30/Mar/2024:18:33:58 -0500] "GET /BLA/resoluciones/RESOLUCIONES%202018/0721.pdf HTTP/1.1" 200 287299
172.22.2.4 - - [30/Mar/2024:18:32:45 -0500] "GET /BLA/boletinlegal/ HTTP/1.1" 200 62720
216.245.221.92 - - [30/Mar/2024:18:35:50 -0500] "HEAD / HTTP/1.1" 200 -
66.249.66.19 - - [30/Mar/2024:18:36:25 -0500] "GET /ial/presentaciones/pte1/1.pdf HTTP/1.1" 404 1018
66.249.66.19 - - [30/Mar/2024:18:36:26 -0500] "GET /portel_dama/libreria/pdf/ecosistemas/restauracion/sitio/22_proye/xtras_in/3a.pdf HTTP/1.1" 404 1018
172.22.2.4 - - [30/Mar/2024:18:36:27 -0500] "GET /BLA/boletinlegal/images/screen_2.png HTTP/1.1" 200 362502
172.22.2.4 - - [30/Mar/2024:18:36:27 -0500] "GET /BLA/boletinlegal/images/screen_3.png HTTP/1.1" 200 210620
172.22.2.4 - - [30/Mar/2024:18:36:27 -0500] "GET /BLA/boletinlegal/images/screen_5.png HTTP/1.1" 200 368876
172.22.2.4 - - [30/Mar/2024:18:36:27 -0500] "GET /BLA/boletinlegal/images/arr_r.jpg HTTP/1.1" 200 1998
172.22.2.4 - - [30/Mar/2024:18:36:28 -0500] "GET /BLA/boletinlegal/images/footer_bg.jpg HTTP/1.1" 200 586
201.245.192.253 - - [30/Mar/2024:18:36:32 -0500] "POST /kwsrmcab/Wsrmcab  HTTP/1.1" 200 39660
66.249.66.19 - - [30/Mar/2024:18:36:44 -0500] "GET /BLA/resoluciones/RESOLUCIONES%202009/3509.pdf HTTP/1.1" 200 716238
172.22.2.4 - - [30/Mar/2024:18:36:44 -0500] "GET /BLA/boletinlegal/Circulares/2019/.pdf HTTP/1.1" 404 1218
172.22.2.4 - - [30/Mar/2024:18:36:15 -0500] "GET /BLA/boletinlegal/ HTTP/1.1" 200 32715
66.249.66.20 - - [30/Mar/2024:18:37:34 -0500] "GET /BLA/resoluciones/AUTOS%202008/1818.pdf HTTP/1.1" 200 144095
172.22.2.4 - - [30/Mar/2024:18:35:56 -0500] "HEAD /BLA/boletinlegal/ HTTP/1.1" 200 -
52.167.144.22 - - [30/Mar/2024:18:38:12 -0500] "GET /bogota-empieza-la-consolidacion-de-la-estrategia-de-bosques-urbanos-con-el-brazo-salitre-en-barrios-unidos.html HTTP/1.1" 200 892
172.22.2.4 - - [30/Mar/2024:18:36:48 -0500] "GET /BLA/boletinlegal/ HTTP/1.1" 200 53818
66.249.66.20 - - [30/Mar/2024:18:38:34 -0500] "GET /BLA/resoluciones/RESOLUCIONES%202011/1089.pdf HTTP/1.1" 200 264008
201.245.192.253 - - [30/Mar/2024:18:39:14 -0500] "POST /kwsrmcab/Wsrmcab HTTP/1.1" 200 40196
201.245.192.253 - - [30/Mar/2024:18:39:15 -0500] "POST /kwsrmcab/Wsrmcab HTTP/1.1" 200 39539
52.167.144.229 - - [30/Mar/2024:18:39:32 -0500] "GET /BLA/resoluciones/RESOLUCIONES%202017/0544.pdf HTTP/1.1" 200 535025
104.238.220.138 - - [30/Mar/2024:18:39:44 -0500] "GET /static/yuandong-ec9eec26.ico HTTP/1.1" 404 1020
201.245.192.253 - - [30/Mar/2024:18:39:55 -0500] "POST /kwsrmcab/Wsrmcab HTTP/1.1" 200 39540
35.203.210.211 - - [30/Mar/2024:18:39:57 -0500] "GET / HTTP/1.1" 200 319
40.77.167.60 - - [30/Mar/2024:18:40:33 -0500] "GET /encontre-un-refugio-y-un-consuelo-en-la-naturaleza-ingrid-romero-una-mujer-que-lucha-para-proteger-el-humedal-jaboque.html HTTP/1.1" 200 847
201.245.192.253 - - [30/Mar/2024:18:40:41 -0500] "POST /kwsrmcab/Wsrmcab HTTP/1.1" 200 39539
216.245.221.92 - - [30/Mar/2024:18:40:50 -0500] "HEAD / HTTP/1.1" 200 -
201.245.192.253 - - [30/Mar/2024:18:41:32 -0500] "POST /kwsrmcab/Wsrmcab  HTTP/1.1" 200 39660
40.77.167.46 - - [30/Mar/2024:18:42:26 -0500] "GET /BLA/resoluciones/AUTOS%202018/0954.pdf HTTP/1.1" 304 -
66.249.66.21 - - [30/Mar/2024:18:42:28 -0500] "GET /PDC/actos/1731.pdf HTTP/1.1" 200 724138
47.128.49.238 - - [30/Mar/2024:18:42:33 -0500] "GET /BLA/resoluciones/AUTOS%202021/0245.php?act=f&d=E%3A%5Cnuevo%5Chtdocs%5Ccumbredelclima%5Cwp-admin&f=link-manager.php HTTP/1.1" 200 5096
47.128.49.238 - - [30/Mar/2024:18:42:34 -0500] "GET /BLA/resoluciones/AUTOS%202021/0245.php?act=img&img=ext_exe HTTP/1.1" 200 118
47.128.49.238 - - [30/Mar/2024:18:42:34 -0500] "GET /BLA/resoluciones/AUTOS%202021/0245.php?act=img&img=ext_php HTTP/1.1" 200 79
47.128.49.238 - - [30/Mar/2024:18:42:34 -0500] "GET /BLA/resoluciones/AUTOS%202021/0245.php?act=img&img=ext_txt HTTP/1.1" 200 132
