69.63.189.18 - - [31/Mar/2024:03:34:11 -0500] "GET /ingresar-a-los-cuerpos-de-agua-de-los-humedales-esta-prohibido-no-arriesgues-tu-vida-por-unos-me-gusta.html HTTP/1.1" 206 894
69.63.189.29 - - [31/Mar/2024:03:34:11 -0500] "GET /ingresar-a-los-cuerpos-de-agua-de-los-humedales-esta-prohibido-no-arriesgues-tu-vida-por-unos-me-gusta.html HTTP/1.1" 206 894
69.63.189.17 - - [31/Mar/2024:03:34:11 -0500] "GET /ingresar-a-los-cuerpos-de-agua-de-los-humedales-esta-prohibido-no-arriesgues-tu-vida-por-unos-me-gusta.html HTTP/1.1" 200 894
66.249.66.21 - - [31/Mar/2024:03:34:46 -0500] "GET /BLA/resoluciones/RESOLUCIONES%202011/3285.pdf HTTP/1.1" 200 283898
40.77.167.45 - - [31/Mar/2024:03:35:17 -0500] "GET /BLA/resoluciones/RESOLUCIONES%202018/1095.pdf HTTP/1.1" 200 382727
47.128.59.195 - - [31/Mar/2024:03:35:19 -0500] "GET /BLA/resoluciones/AUTOS%202021/0245.php?act=f&d=E%3A%5Cnuevo%5Chtdocs%5CBLA%5Cresoluciones%5CAUTOS+2021%5C&f=5824.pdf&ft=phpsess HTTP/1.1" 200 3942
47.128.59.195 - - [31/Mar/2024:03:35:20 -0500] "GET /BLA/resoluciones/AUTOS%202021/0245.php?act=img&img=ext_gif HTTP/1.1" 200 175
47.128.59.195 - - [31/Mar/2024:03:35:20 -0500] "GET /BLA/resoluciones/AUTOS%202021/0245.php?act=img&img=ext_txt HTTP/1.1" 200 132
47.128.59.195 - - [31/Mar/2024:03:35:20 -0500] "GET /BLA/resoluciones/AUTOS%202021/0245.php?act=img&img=ext_html HTTP/1.1" 200 230
47.128.59.195 - - [31/Mar/2024:03:35:20 -0500] "GET /BLA/resoluciones/AUTOS%202021/0245.php?act=img&img=ext_diz HTTP/1.1" 200 1027
47.128.59.195 - - [31/Mar/2024:03:35:20 -0500] "GET /BLA/resoluciones/AUTOS%202021/0245.php?act=img&img=ext_pdf HTTP/1.1" 200 1034
47.128.59.195 - - [31/Mar/2024:03:35:20 -0500] "GET /BLA/resoluciones/AUTOS%202021/0245.php?act=img&img=ext_exe HTTP/1.1" 200 118
47.128.59.195 - - [31/Mar/2024:03:35:21 -0500] "GET /BLA/resoluciones/AUTOS%202021/0245.php?act=img&img=change HTTP/1.1" 200 290
47.128.59.195 - - [31/Mar/2024:03:35:21 -0500] "GET /BLA/resoluciones/AUTOS%202021/0245.php?act=img&img=ext_rtf HTTP/1.1" 200 164
47.128.59.195 - - [31/Mar/2024:03:35:21 -0500] "GET /BLA/resoluciones/AUTOS%202021/0245.php?act=img&img=download HTTP/1.1" 200 161
47.128.59.195 - - [31/Mar/2024:03:35:21 -0500] "GET /BLA/resoluciones/AUTOS%202021/0245.php?act=img&img=ext_ini HTTP/1.1" 200 134
47.128.43.101 - - [31/Mar/2024:03:35:43 -0500] "GET /BLA/resoluciones/AUTOS%202021/0245.php?act=f&d=E%3A%5Cnuevo%5Chtdocs%5CBLA%5Cresoluciones%5CAUTOS+2021%5C&f=4595.pdf&ft=txt HTTP/1.1" 200 3007
47.128.43.101 - - [31/Mar/2024:03:35:44 -0500] "GET /BLA/resoluciones/AUTOS%202021/0245.php?act=img&img=ext_exe HTTP/1.1" 200 118
47.128.43.101 - - [31/Mar/2024:03:35:44 -0500] "GET /BLA/resoluciones/AUTOS%202021/0245.php?act=img&img=ext_html HTTP/1.1" 200 230
47.128.43.101 - - [31/Mar/2024:03:35:44 -0500] "GET /BLA/resoluciones/AUTOS%202021/0245.php?act=img&img=ext_pdf HTTP/1.1" 200 1034
47.128.43.101 - - [31/Mar/2024:03:35:44 -0500] "GET /BLA/resoluciones/AUTOS%202021/0245.php?act=img&img=ext_gif HTTP/1.1" 200 175
47.128.43.101 - - [31/Mar/2024:03:35:44 -0500] "GET /BLA/resoluciones/AUTOS%202021/0245.php?act=img&img=ext_txt HTTP/1.1" 200 132
47.128.43.101 - - [31/Mar/2024:03:35:44 -0500] "GET /BLA/resoluciones/AUTOS%202021/0245.php?act=img&img=ext_diz HTTP/1.1" 200 1027
47.128.43.101 - - [31/Mar/2024:03:35:45 -0500] "GET /BLA/resoluciones/AUTOS%202021/0245.php?act=img&img=download HTTP/1.1" 200 161
47.128.43.101 - - [31/Mar/2024:03:35:45 -0500] "GET /BLA/resoluciones/AUTOS%202021/0245.php?act=img&img=ext_ini HTTP/1.1" 200 134
47.128.43.101 - - [31/Mar/2024:03:35:45 -0500] "GET /BLA/resoluciones/AUTOS%202021/0245.php?act=img&img=ext_rtf HTTP/1.1" 200 164
47.128.43.101 - - [31/Mar/2024:03:35:45 -0500] "GET /BLA/resoluciones/AUTOS%202021/0245.php?act=img&img=change HTTP/1.1" 200 290
201.245.192.253 - - [31/Mar/2024:03:36:13 -0500] "POST /kwsrmcab/Wsrmcab  HTTP/1.1" 200 39660
66.249.66.21 - - [31/Mar/2024:03:37:12 -0500] "GET /BLA/resoluciones/AUTOS%202014/5786.pdf HTTP/1.1" 200 201202
216.244.66.195 - - [31/Mar/2024:03:37:21 -0500] "GET /BLA/resoluciones/RESOLUCIONES%201997/RESOLUCION%20191%20DE%201997.pdf HTTP/1.1" 200 45028
216.245.221.92 - - [31/Mar/2024:03:37:58 -0500] "HEAD / HTTP/1.1" 200 -
66.249.66.19 - - [31/Mar/2024:03:38:16 -0500] "GET /BLA/resoluciones/RESOLUCIONES%202011/3472.pdf HTTP/1.1" 200 538644
172.22.2.4 - - [31/Mar/2024:03:36:49 -0500] "HEAD /BLA/boletinlegal/ HTTP/1.1" 200 -
42.236.101.235 - - [31/Mar/2024:03:38:55 -0500] "GET /portaldeninos/ HTTP/1.1" 200 110175
201.245.192.253 - - [31/Mar/2024:03:39:12 -0500] "POST /kwsrmcab/Wsrmcab HTTP/1.1" 200 39578
201.245.192.253 - - [31/Mar/2024:03:39:15 -0500] "POST /kwsrmcab/Wsrmcab HTTP/1.1" 200 39097
172.22.2.4 - - [31/Mar/2024:03:37:39 -0500] "GET /BLA/boletinlegal/ HTTP/1.1" 200 60380
201.245.192.253 - - [31/Mar/2024:03:39:54 -0500] "POST /kwsrmcab/Wsrmcab HTTP/1.1" 200 39254
201.245.192.253 - - [31/Mar/2024:03:41:12 -0500] "POST /kwsrmcab/Wsrmcab  HTTP/1.1" 200 39660
201.245.192.253 - - [31/Mar/2024:03:40:35 -0500] "POST /kwsrmcab/Wsrmcab HTTP/1.1" 200 39097
216.244.66.195 - - [31/Mar/2024:03:41:53 -0500] "GET /BLA/resoluciones/AUTOS%202007/0206.pdf HTTP/1.1" 200 15635
172.22.2.4 - - [31/Mar/2024:03:42:11 -0500] "GET /BLA/boletinlegal/favicon.ico HTTP/1.1" 404 1018
216.244.66.195 - - [31/Mar/2024:03:42:20 -0500] "GET /BLA/resoluciones/AUTOS%202007/0257.pdf HTTP/1.1" 200 212561
172.22.2.4 - - [31/Mar/2024:03:41:59 -0500] "GET /BLA/boletinlegal/ HTTP/1.1" 200 32715
216.245.221.92 - - [31/Mar/2024:03:42:58 -0500] "HEAD / HTTP/1.1" 200 -
216.244.66.195 - - [31/Mar/2024:03:42:59 -0500] "GET /BLA/resoluciones/AUTOS%202007/0285.pdf HTTP/1.1" 200 163958
216.244.66.195 - - [31/Mar/2024:03:43:42 -0500] "GET /BLA/resoluciones/AUTOS%202007/0396.pdf HTTP/1.1" 200 150350
172.22.2.4 - - [31/Mar/2024:03:42:38 -0500] "HEAD /BLA/boletinlegal/ HTTP/1.1" 200 -
216.244.66.195 - - [31/Mar/2024:03:44:19 -0500] "GET /BLA/resoluciones/AUTOS%202007/0424.pdf HTTP/1.1" 200 67512
216.244.66.195 - - [31/Mar/2024:03:44:51 -0500] "GET /BLA/resoluciones/AUTOS%202007/0530.pdf HTTP/1.1" 200 46406
172.22.2.4 - - [31/Mar/2024:03:43:29 -0500] "GET /BLA/boletinlegal/ HTTP/1.1" 200 58720
216.244.66.195 - - [31/Mar/2024:03:45:20 -0500] "GET /BLA/resoluciones/AUTOS%202007/0566.pdf HTTP/1.1" 200 145341
216.244.66.195 - - [31/Mar/2024:03:45:53 -0500] "GET /BLA/resoluciones/AUTOS%202007/1030.pdf HTTP/1.1" 200 50481
66.249.66.20 - - [31/Mar/2024:03:46:05 -0500] "GET /BLA/resoluciones/RESOLUCIONES%202008/2939.pdf HTTP/1.1" 200 228608
40.77.167.5 - - [31/Mar/2024:03:46:12 -0500] "GET /BLA/resoluciones/RESOLUCIONES%202019/3527.pdf HTTP/1.1" 200 353840
40.77.167.5 - - [31/Mar/2024:03:46:12 -0500] "GET /BLA/resoluciones/RESOLUCIONES%202018/3826.pdf HTTP/1.1" 200 406165
201.245.192.253 - - [31/Mar/2024:03:46:12 -0500] "POST /kwsrmcab/Wsrmcab  HTTP/1.1" 200 39660
216.244.66.195 - - [31/Mar/2024:03:46:22 -0500] "GET /BLA/resoluciones/AUTOS%202007/1232.pdf HTTP/1.1" 200 280495
216.244.66.195 - - [31/Mar/2024:03:46:52 -0500] "GET /BLA/resoluciones/AUTOS%202007/1360.pdf HTTP/1.1" 200 44030
216.244.66.195 - - [31/Mar/2024:03:47:17 -0500] "GET /BLA/resoluciones/AUTOS%202007/1684.pdf HTTP/1.1" 200 74201
40.77.167.5 - - [31/Mar/2024:03:47:30 -0500] "GET /Publicaciones/2024EE55872.pdf HTTP/1.1" 404 227
40.77.167.5 - - [31/Mar/2024:03:47:31 -0500] "GET /BLA/resoluciones/AUTOS%202013/0159.pdf HTTP/1.1" 304 -
216.244.66.195 - - [31/Mar/2024:03:47:44 -0500] "GET /BLA/resoluciones/AUTOS%202012/0179.pdf HTTP/1.1" 200 379156
216.245.221.92 - - [31/Mar/2024:03:47:58 -0500] "HEAD / HTTP/1.1" 200 -
216.244.66.195 - - [31/Mar/2024:03:48:28 -0500] "GET /BLA/resoluciones/AUTOS%202019/0145.pdf HTTP/1.1" 200 278148
172.22.2.4 - - [31/Mar/2024:03:48:29 -0500] "GET /BLA/boletinlegal/robots.txt HTTP/1.1" 404 1038
66.249.66.20 - - [31/Mar/2024:03:48:38 -0500] "GET /resoluciones/RESOLUCIONES%202008/1601.pdf HTTP/1.1" 404 1018
66.249.66.20 - - [31/Mar/2024:03:48:45 -0500] "GET /BLA/resoluciones/RESOLUCIONES%202010/4900.pdf HTTP/1.1" 200 753573
216.244.66.195 - - [31/Mar/2024:03:49:08 -0500] "GET /BLA/resoluciones/AUTOS%202019/0880.pdf HTTP/1.1" 200 265725
216.244.66.195 - - [31/Mar/2024:03:49:41 -0500] "GET /BLA/resoluciones/AUTOS%202019/1748.pdf HTTP/1.1" 200 257343
172.22.2.4 - - [31/Mar/2024:03:48:29 -0500] "HEAD /BLA/boletinlegal/ HTTP/1.1" 200 -
172.22.2.4 - - [31/Mar/2024:03:48:29 -0500] "GET /BLA/boletinlegal/ HTTP/1.1" 200 43593
216.244.66.195 - - [31/Mar/2024:03:50:20 -0500] "GET /BLA/resoluciones/AUTOS%202019/1817.pdf HTTP/1.1" 200 263782
216.244.66.195 - - [31/Mar/2024:03:50:50 -0500] "GET /BLA/resoluciones/AUTOS%202019/1876.pdf HTTP/1.1" 200 323069
172.22.2.4 - - [31/Mar/2024:03:49:19 -0500] "GET /BLA/boletinlegal/ HTTP/1.1" 200 53818
201.245.192.253 - - [31/Mar/2024:03:51:10 -0500] "POST /kwsrmcab/Wsrmcab  HTTP/1.1" 200 39660
66.249.66.20 - - [31/Mar/2024:03:51:16 -0500] "GET /BLA/resoluciones/RESOLUCIONES%202007/RES%202007%202101%20AL%202200/RESOLUCION%202118%20DE%202007.pdf HTTP/1.1" 200 339756
216.244.66.195 - - [31/Mar/2024:03:51:19 -0500] "GET /BLA/resoluciones/AUTOS%202019/2005.pdf HTTP/1.1" 200 334147
69.63.189.10 - - [31/Mar/2024:03:51:34 -0500] "GET /distrito-formaliza-el-ultimo-acuerdo-de-la-actual-administracion-con-las-organizaciones-sindicales.html HTTP/1.1" 206 1000
69.63.189.22 - - [31/Mar/2024:03:51:34 -0500] "GET /distrito-formaliza-el-ultimo-acuerdo-de-la-actual-administracion-con-las-organizaciones-sindicales.html HTTP/1.1" 206 1000
69.63.189.23 - - [31/Mar/2024:03:51:35 -0500] "GET /distrito-formaliza-el-ultimo-acuerdo-de-la-actual-administracion-con-las-organizaciones-sindicales.html HTTP/1.1" 200 1000
69.63.189.24 - - [31/Mar/2024:03:51:35 -0500] "GET /distrito-formaliza-el-ultimo-acuerdo-de-la-actual-administracion-con-las-organizaciones-sindicales.html HTTP/1.1" 200 1000
69.63.189.113 - - [31/Mar/2024:03:51:35 -0500] "GET /images/firma%20sindical.jpg HTTP/1.1" 200 46167
69.63.189.37 - - [31/Mar/2024:03:51:36 -0500] "GET /entidades-publicas-en-bogota-participen-en-la-sexta-version-del-concurso-de-buenas-practicas-ambientales.html HTTP/1.1" 206 810
69.63.189.35 - - [31/Mar/2024:03:51:36 -0500] "GET /entidades-publicas-en-bogota-participen-en-la-sexta-version-del-concurso-de-buenas-practicas-ambientales.html HTTP/1.1" 206 810
69.63.189.30 - - [31/Mar/2024:03:51:36 -0500] "GET /entidades-publicas-en-bogota-participen-en-la-sexta-version-del-concurso-de-buenas-practicas-ambientales.html HTTP/1.1" 200 810
69.63.189.5 - - [31/Mar/2024:03:51:36 -0500] "GET /entidades-publicas-en-bogota-participen-en-la-sexta-version-del-concurso-de-buenas-practicas-ambientales.html HTTP/1.1" 200 810
69.63.189.28 - - [31/Mar/2024:03:51:36 -0500] "GET /images/concurso%20de%20Buenas%20Pr\xc3\xa1cticas%20Ambientales.jpeg HTTP/1.1" 404 1034
69.63.189.11 - - [31/Mar/2024:03:51:37 -0500] "GET /images/concurso%20de%20Buenas%20Pr\xc3\xa1cticas%20Ambientales.jpeg HTTP/1.1" 404 1034
40.77.167.28 - - [31/Mar/2024:03:51:41 -0500] "GET /portaldeninos/humedal-el-tunjo/ HTTP/1.1" 200 87661
216.244.66.195 - - [31/Mar/2024:03:51:48 -0500] "GET /BLA/resoluciones/AUTOS%202019/2006.pdf HTTP/1.1" 200 555623
40.77.167.4 - - [31/Mar/2024:03:51:56 -0500] "GET /portaldeninos/wp-content/themes/betheme/assets/animations/animations.min.js?ver=20.9.6 HTTP/1.1" 200 1896
40.77.167.4 - - [31/Mar/2024:03:51:56 -0500] "GET /portaldeninos/wp-content/themes/betheme/assets/jplayer/jplayer.min.js?ver=20.9.6 HTTP/1.1" 200 52702
40.77.167.4 - - [31/Mar/2024:03:51:56 -0500] "GET /portaldeninos/wp-content/themes/betheme/css/shortcodes.css?ver=20.9.6 HTTP/1.1" 200 138889
40.77.167.4 - - [31/Mar/2024:03:51:57 -0500] "GET /portaldeninos/wp-content/themes/betheme/js/plugins.js?ver=20.9.6 HTTP/1.1" 200 197151
40.77.167.4 - - [31/Mar/2024:03:51:57 -0500] "GET /portaldeninos/wp-content/themes/betheme/style.css?ver=20.9.6 HTTP/1.1" 200 287
40.77.167.4 - - [31/Mar/2024:03:51:58 -0500] "GET /portaldeninos/wp-includes/js/jquery/ui/core.min.js?ver=1.11.4 HTTP/1.1" 200 4000
40.77.167.4 - - [31/Mar/2024:03:51:58 -0500] "GET /portaldeninos/wp-includes/js/jquery/ui/sortable.min.js?ver=1.11.4 HTTP/1.1" 200 24899
40.77.167.4 - - [31/Mar/2024:03:51:58 -0500] "GET /portaldeninos/wp-includes/js/wp-emoji-release.min.js?ver=4.9.8 HTTP/1.1" 200 12026
40.77.167.20 - - [31/Mar/2024:03:52:03 -0500] "GET /portaldeninos/wp-content/themes/betheme/assets/animations/animations.min.css?ver=20.9.6 HTTP/1.1" 200 58508
40.77.167.20 - - [31/Mar/2024:03:52:03 -0500] "GET /portaldeninos/wp-content/plugins/gallery-videos/JS/Total-Soft-Gallery-Video-Widget.js?ver=4.9.8 HTTP/1.1" 200 80264
40.77.167.20 - - [31/Mar/2024:03:52:03 -0500] "GET /portaldeninos/wp-content/themes/betheme/js/menu.js?ver=20.9.6 HTTP/1.1" 200 2449
40.77.167.20 - - [31/Mar/2024:03:52:03 -0500] "GET /portaldeninos/wp-includes/js/jquery/ui/accordion.min.js?ver=1.11.4 HTTP/1.1" 200 8584
40.77.167.20 - - [31/Mar/2024:03:52:04 -0500] "GET /portaldeninos/wp-includes/js/jquery/ui/tabs.min.js?ver=1.11.4 HTTP/1.1" 200 12110
40.77.167.20 - - [31/Mar/2024:03:52:04 -0500] "GET /portaldeninos/wp-includes/js/jquery/ui/widget.min.js?ver=1.11.4 HTTP/1.1" 200 6908
40.77.167.20 - - [31/Mar/2024:03:52:04 -0500] "GET /portaldeninos/wp-includes/js/wp-embed.min.js?ver=4.9.8 HTTP/1.1" 200 1398
52.167.144.168 - - [31/Mar/2024:03:52:16 -0500] "GET /portalsiaccapacitaciones/Listas%20de%20Asistencia%202017/Lista%20de%20asistencia-Vertimientos%2030%2006%202017.pdf HTTP/1.1" 200 2810576
216.244.66.195 - - [31/Mar/2024:03:52:30 -0500] "GET /BLA/resoluciones/AUTOS%202019/3504.pdf HTTP/1.1" 200 323746
69.63.189.22 - - [31/Mar/2024:03:52:31 -0500] "GET /nata-de-contaminacion-fenomeno-de-inversion-termica-que-se-presenta-en-bogota.html HTTP/1.1" 206 751
69.63.189.22 - - [31/Mar/2024:03:52:31 -0500] "GET /nata-de-contaminacion-fenomeno-de-inversion-termica-que-se-presenta-en-bogota.html HTTP/1.1" 206 751
69.63.189.1 - - [31/Mar/2024:03:52:31 -0500] "GET /nata-de-contaminacion-fenomeno-de-inversion-termica-que-se-presenta-en-bogota.html HTTP/1.1" 200 751
69.63.189.15 - - [31/Mar/2024:03:52:31 -0500] "GET /nata-de-contaminacion-fenomeno-de-inversion-termica-que-se-presenta-en-bogota.html HTTP/1.1" 200 751
69.63.189.22 - - [31/Mar/2024:03:52:32 -0500] "GET /images/Nata%20de%20contaminaci\xc3\xb3n.jpeg HTTP/1.1" 404 1034
69.63.189.26 - - [31/Mar/2024:03:52:32 -0500] "GET /images/Nata%20de%20contaminaci\xc3\xb3n.jpeg HTTP/1.1" 404 1034
66.249.66.21 - - [31/Mar/2024:03:52:42 -0500] "GET /BLA/resoluciones/Autos%202008/2854.pdf HTTP/1.1" 200 80132
216.245.221.92 - - [31/Mar/2024:03:52:59 -0500] "HEAD / HTTP/1.1" 200 -
216.244.66.195 - - [31/Mar/2024:03:53:06 -0500] "GET /BLA/resoluciones/AUTOS%202019/3906.pdf HTTP/1.1" 200 263796
216.244.66.195 - - [31/Mar/2024:03:53:35 -0500] "GET /BLA/resoluciones/AUTOS%202019/4426.pdf HTTP/1.1" 200 272733
216.244.66.195 - - [31/Mar/2024:03:54:04 -0500] "GET /BLA/resoluciones/AUTOS%202023/2786.pdf HTTP/1.1" 200 893488
40.77.167.63 - - [31/Mar/2024:03:55:07 -0500] "GET /Publicaciones/2024EE52750.pdf HTTP/1.1" 404 227
66.249.66.20 - - [31/Mar/2024:03:55:15 -0500] "GET /Publicaciones/2024EE06525.pdf HTTP/1.1" 404 227
66.249.66.20 - - [31/Mar/2024:03:55:16 -0500] "GET /BLA/boletinlegal/Circulares/2018/CIRCULAR%20COJUNTA%20042%20DE%202018.pdf HTTP/1.1" 304 -
172.22.2.4 - - [31/Mar/2024:03:54:19 -0500] "HEAD /BLA/boletinlegal/ HTTP/1.1" 200 -
201.245.192.253 - - [31/Mar/2024:03:56:09 -0500] "POST /kwsrmcab/Wsrmcab  HTTP/1.1" 200 39660
66.249.66.20 - - [31/Mar/2024:03:56:14 -0500] "GET /BLA/resoluciones/RESOLUCIONES%202009/4311.pdf HTTP/1.1" 200 518741
52.167.144.17 - - [31/Mar/2024:03:56:32 -0500] "GET /BLA/resoluciones/RESOLUCIONES%202020/0278.pdf HTTP/1.1" 200 597872
40.77.167.63 - - [31/Mar/2024:03:56:49 -0500] "GET /BLA/resoluciones/RESOLUCIONES%202017/3233.pdf HTTP/1.1" 200 334572
172.22.2.4 - - [31/Mar/2024:03:55:09 -0500] "GET /BLA/boletinlegal/ HTTP/1.1" 200 58720
66.249.66.20 - - [31/Mar/2024:03:56:54 -0500] "GET /BLA/resoluciones/RESOLUCIONES%202010/2017.pdf HTTP/1.1" 200 339030
216.245.221.92 - - [31/Mar/2024:03:57:58 -0500] "HEAD / HTTP/1.1" 200 -
52.167.144.17 - - [31/Mar/2024:03:59:14 -0500] "GET /BLA/resoluciones/RESOLUCIONES%202018/0297.pdf HTTP/1.1" 200 414323
52.167.144.137 - - [31/Mar/2024:04:00:00 -0500] "GET /Publicaciones/2024EE58232.pdf HTTP/1.1" 404 227
66.249.66.20 - - [31/Mar/2024:04:00:19 -0500] "GET /BLA/resoluciones/Autos%202008/1412.pdf HTTP/1.1" 200 340105
201.245.192.253 - - [31/Mar/2024:04:01:08 -0500] "POST /kwsrmcab/Wsrmcab  HTTP/1.1" 200 39660
52.167.144.137 - - [31/Mar/2024:04:01:22 -0500] "GET /BLA/resoluciones/RESOLUCIONES%202018/1426.pdf HTTP/1.1" 200 381435
34.223.222.149 - - [31/Mar/2024:04:01:37 -0500] "GET /robots.txt HTTP/1.1" 404 1034
34.223.222.149 - - [31/Mar/2024:04:01:38 -0500] "GET /distrito-exalto-a-246-empresas-de-bogota-por-su-alto-desempeno-y-responsabilidad-ambiental-durante-2023.html HTTP/1.1" 200 1039
66.249.66.20 - - [31/Mar/2024:04:01:47 -0500] "GET /BLA/resoluciones/Autos%202008/0393.pdf HTTP/1.1" 200 80304
172.22.2.4 - - [31/Mar/2024:04:00:08 -0500] "HEAD /BLA/boletinlegal/ HTTP/1.1" 200 -
66.249.66.19 - - [31/Mar/2024:04:02:01 -0500] "GET /portel_dama/libreria/php/2006/restauracion/22_proye/xtras_in/3a.pdf HTTP/1.1" 404 1018
52.167.144.17 - - [31/Mar/2024:04:02:03 -0500] "GET /BLA/resoluciones/RESOLUCIONES%202016/0843.pdf HTTP/1.1" 200 666894
52.149.22.84 - - [31/Mar/2024:04:02:32 -0500] "GET /Publicaciones/2024EE41545.pdf HTTP/1.1" 404 227
172.22.2.4 - - [31/Mar/2024:04:00:59 -0500] "GET /BLA/boletinlegal/ HTTP/1.1" 200 60380
216.245.221.92 - - [31/Mar/2024:04:02:58 -0500] "HEAD / HTTP/1.1" 200 -
66.249.66.19 - - [31/Mar/2024:04:03:09 -0500] "GET /BLA/resoluciones/RESOLUCIONES%202010/2341.pdf HTTP/1.1" 200 520437
66.249.66.19 - - [31/Mar/2024:04:03:51 -0500] "GET /BLA/resoluciones/RESOLUCIONES%202009/4082.pdf HTTP/1.1" 200 521211
66.249.66.20 - - [31/Mar/2024:04:04:58 -0500] "GET /BLA/resoluciones/RESOLUCIONES%202009/1734.pdf HTTP/1.1" 200 238398
54.149.254.232 - - [31/Mar/2024:04:05:37 -0500] "GET /robots.txt HTTP/1.1" 404 1018
201.245.192.253 - - [31/Mar/2024:04:06:05 -0500] "POST /kwsrmcab/Wsrmcab  HTTP/1.1" 200 39660
52.167.144.211 - - [31/Mar/2024:04:06:18 -0500] "GET /BLA/resoluciones/RESOLUCIONES%202018/1163.pdf HTTP/1.1" 200 393319
52.167.144.137 - - [31/Mar/2024:04:06:31 -0500] "GET /BLA/resoluciones/RESOLUCIONES%202018/1094.pdf HTTP/1.1" 200 372899
54.149.254.232 - - [31/Mar/2024:04:05:37 -0500] "GET /BLA/boletinlegal/ HTTP/1.1" 200 55823
172.22.2.4 - - [31/Mar/2024:04:05:58 -0500] "HEAD /BLA/boletinlegal/ HTTP/1.1" 200 -
40.77.202.115 - - [31/Mar/2024:04:07:52 -0500] "GET /portaldeninos/wp-content/uploads/useanyfont/uaf.css?ver=1589905315 HTTP/1.1" 200 408
40.77.202.115 - - [31/Mar/2024:04:07:52 -0500] "GET /portaldeninos/wp-content/themes/betheme/assets/jplayer/css/jplayer.blue.monday.css?ver=20.9.6 HTTP/1.1" 200 9834
40.77.202.115 - - [31/Mar/2024:04:07:52 -0500] "GET /portaldeninos/wp-content/themes/betheme/assets/ui/jquery.ui.all.css?ver=20.9.6 HTTP/1.1" 200 18765
40.77.202.115 - - [31/Mar/2024:04:07:52 -0500] "GET /portaldeninos/wp-content/plugins/gallery-videos/JS/modernizr.custom.js?ver=4.9.8 HTTP/1.1" 200 9019
40.77.202.115 - - [31/Mar/2024:04:07:52 -0500] "GET /portaldeninos/wp-includes/js/jquery/jquery-migrate.min.js?ver=1.4.1 HTTP/1.1" 200 10056
40.77.202.115 - - [31/Mar/2024:04:07:52 -0500] "GET /portaldeninos/wp-content/themes/betheme/css/base.css?ver=20.9.6 HTTP/1.1" 200 57283
40.77.202.115 - - [31/Mar/2024:04:07:52 -0500] "GET /portaldeninos/wp-content/plugins/gallery-videos/CSS/Total-Soft-Gallery-Video-Widget.css?ver=4.9.8 HTTP/1.1" 200 51554
40.77.202.115 - - [31/Mar/2024:04:07:52 -0500] "GET /portaldeninos/wp-content/themes/betheme/css/responsive.css?ver=20.9.6 HTTP/1.1" 200 55740
40.77.202.115 - - [31/Mar/2024:04:07:52 -0500] "GET /portaldeninos/wp-includes/js/jquery/jquery.js?ver=1.12.4 HTTP/1.1" 200 97184
40.77.202.115 - - [31/Mar/2024:04:07:52 -0500] "GET /portaldeninos/wp-content/themes/betheme/css/layout.css?ver=20.9.6 HTTP/1.1" 200 116639
40.77.202.115 - - [31/Mar/2024:04:07:53 -0500] "GET /portaldeninos/wp-content/themes/betheme/js/scripts.js?ver=20.9.6 HTTP/1.1" 200 77162
40.77.202.115 - - [31/Mar/2024:04:07:53 -0500] "GET /portaldeninos/wp-content/themes/betheme/fonts/mfn-icons.woff?93978679 HTTP/1.1" 200 80932
216.245.221.92 - - [31/Mar/2024:04:07:58 -0500] "HEAD / HTTP/1.1" 200 -
172.22.2.4 - - [31/Mar/2024:04:06:49 -0500] "GET /BLA/boletinlegal/ HTTP/1.1" 200 53419
52.167.144.230 - - [31/Mar/2024:04:08:52 -0500] "GET /BLA/resoluciones/RESOLUCIONES%202019/2073.pdf HTTP/1.1" 200 458898
52.167.144.5 - - [31/Mar/2024:04:09:39 -0500] "GET /Publicaciones/2024EE17638.pdf HTTP/1.1" 200 232146
201.245.192.253 - - [31/Mar/2024:04:11:04 -0500] "POST /kwsrmcab/Wsrmcab  HTTP/1.1" 200 39660
216.245.221.92 - - [31/Mar/2024:04:12:58 -0500] "HEAD / HTTP/1.1" 200 -
172.22.2.4 - - [31/Mar/2024:04:11:48 -0500] "HEAD /BLA/boletinlegal/ HTTP/1.1" 200 -
146.19.24.28 - - [31/Mar/2024:04:14:05 -0500] "GET / HTTP/1.1" 200 319
172.22.2.4 - - [31/Mar/2024:04:12:39 -0500] "GET /BLA/boletinlegal/ HTTP/1.1" 200 53818
173.252.107.1 - - [31/Mar/2024:04:14:53 -0500] "GET /primer-festival-de-la-papa-nativa-en-el-jardin-botanico-conozca-pruebe-y-disfrute-estos-manjares-criollos-y-saludables.html HTTP/1.1" 200 1116
173.252.107.8 - - [31/Mar/2024:04:14:53 -0500] "GET /primer-festival-de-la-papa-nativa-en-el-jardin-botanico-conozca-pruebe-y-disfrute-estos-manjares-criollos-y-saludables.html HTTP/1.1" 200 1116
52.167.144.230 - - [31/Mar/2024:04:15:13 -0500] "GET /BLA/resoluciones/RESOLUCIONES%202019/0467.pdf HTTP/1.1" 200 379096
201.245.192.253 - - [31/Mar/2024:04:16:02 -0500] "POST /kwsrmcab/Wsrmcab  HTTP/1.1" 200 39660
216.245.221.92 - - [31/Mar/2024:04:17:58 -0500] "HEAD / HTTP/1.1" 200 -
40.77.167.254 - - [31/Mar/2024:04:19:01 -0500] "GET /BLA/resoluciones/RESOLUCIONES%202021/3596.pdf HTTP/1.1" 200 458256
172.22.2.4 - - [31/Mar/2024:04:17:38 -0500] "HEAD /BLA/boletinlegal/ HTTP/1.1" 200 -
52.167.144.20 - - [31/Mar/2024:04:19:25 -0500] "GET /BLA/resoluciones/RESOLUCIONES%202018/4299.pdf HTTP/1.1" 200 363001
54.149.254.232 - - [31/Mar/2024:04:19:25 -0500] "GET /catalogoisis/ HTTP/1.1" 200 8575
201.245.192.253 - - [31/Mar/2024:04:19:11 -0500] "POST /kwsrmcab/Wsrmcab HTTP/1.1" 200 39580
201.245.192.253 - - [31/Mar/2024:04:19:47 -0500] "POST /kwsrmcab/Wsrmcab HTTP/1.1" 200 39266
201.245.192.253 - - [31/Mar/2024:04:19:54 -0500] "POST /kwsrmcab/Wsrmcab HTTP/1.1" 200 39260
172.22.2.4 - - [31/Mar/2024:04:18:29 -0500] "GET /BLA/boletinlegal/ HTTP/1.1" 200 58720
201.245.192.253 - - [31/Mar/2024:04:20:37 -0500] "POST /kwsrmcab/Wsrmcab HTTP/1.1" 200 39266
172.22.2.4 - - [31/Mar/2024:04:20:14 -0500] "GET /BLA/boletinlegal/ HTTP/1.1" 200 24523
201.245.192.253 - - [31/Mar/2024:04:21:02 -0500] "POST /kwsrmcab/Wsrmcab  HTTP/1.1" 200 39660
52.167.144.229 - - [31/Mar/2024:04:21:34 -0500] "GET /BLA/resoluciones/RESOLUCIONES%202017/0951.pdf HTTP/1.1" 200 405405
216.245.221.92 - - [31/Mar/2024:04:22:58 -0500] "HEAD / HTTP/1.1" 200 -
52.167.144.20 - - [31/Mar/2024:04:24:06 -0500] "GET /BLA/resoluciones/RESOLUCIONES%202019/3290.pdf HTTP/1.1" 304 -
172.22.2.4 - - [31/Mar/2024:04:23:28 -0500] "HEAD /BLA/boletinlegal/ HTTP/1.1" 200 -
47.128.59.15 - - [31/Mar/2024:04:25:23 -0500] "GET /BLA/resoluciones/AUTOS%202021/0245.php?act=cmd&d=E%3A%5Cnuevo%5Chtdocs%5CBLA%5Cresoluciones%5CAUTOS+2012%5C HTTP/1.1" 200 2774
47.128.59.147 - - [31/Mar/2024:04:25:46 -0500] "GET /BLA/resoluciones/AUTOS%202021/0245.php?act=chmod&d=E%3A%5Cnuevo%5Chtdocs%5Ccumbreclima%5Cwp-admin&f=widgets.php HTTP/1.1" 200 2882
172.22.2.4 - - [31/Mar/2024:04:24:19 -0500] "GET /BLA/boletinlegal/ HTTP/1.1" 200 60380
201.245.192.253 - - [31/Mar/2024:04:26:00 -0500] "POST /kwsrmcab/Wsrmcab  HTTP/1.1" 200 39660
47.128.36.194 - - [31/Mar/2024:04:26:10 -0500] "GET /BLA/resoluciones/AUTOS%202021/0245.php?act=eval&d=C%3A%5Cdmz%5C HTTP/1.1" 200 2683
47.128.127.31 - - [31/Mar/2024:04:26:35 -0500] "GET /BLA/resoluciones/AUTOS%202021/0245.php?act=chmod&d=E%3A%5Cnuevo%5Chtdocs%5Ccumbredelclima%5Cwp-includes&f=template-loader.php HTTP/1.1" 200 2895
47.128.28.240 - - [31/Mar/2024:04:26:58 -0500] "GET /BLA/resoluciones/AUTOS%202021/0245.php?act=chmod&d=E%3A%5Cnuevo%5Chtdocs%5Ccumbredelclima%5Cwp-includes&f=class-wp-image-editor-imagick.php HTTP/1.1" 200 2902
47.128.46.85 - - [31/Mar/2024:04:27:23 -0500] "GET /BLA/resoluciones/AUTOS%202021/0245.php?act=f&d=E%3A%5Cnuevo%5Chtdocs%5Ccumbreclima%5Cwp-admin&f=edit-form-comment.php HTTP/1.1" 200 6423
47.128.46.85 - - [31/Mar/2024:04:27:24 -0500] "GET /BLA/resoluciones/AUTOS%202021/0245.php?act=img&img=ext_exe HTTP/1.1" 200 118
47.128.46.85 - - [31/Mar/2024:04:27:25 -0500] "GET /BLA/resoluciones/AUTOS%202021/0245.php?act=img&img=ext_txt HTTP/1.1" 200 132
47.128.46.85 - - [31/Mar/2024:04:27:25 -0500] "GET /BLA/resoluciones/AUTOS%202021/0245.php?act=img&img=ext_diz HTTP/1.1" 200 1027
47.128.46.85 - - [31/Mar/2024:04:27:25 -0500] "GET /BLA/resoluciones/AUTOS%202021/0245.php?act=img&img=ext_gif HTTP/1.1" 200 175
47.128.46.85 - - [31/Mar/2024:04:27:25 -0500] "GET /BLA/resoluciones/AUTOS%202021/0245.php?act=img&img=ext_html HTTP/1.1" 200 230
47.128.46.85 - - [31/Mar/2024:04:27:25 -0500] "GET /BLA/resoluciones/AUTOS%202021/0245.php?act=img&img=ext_php HTTP/1.1" 200 79
47.128.46.85 - - [31/Mar/2024:04:27:25 -0500] "GET /BLA/resoluciones/AUTOS%202021/0245.php?act=img&img=download HTTP/1.1" 200 161
47.128.46.85 - - [31/Mar/2024:04:27:25 -0500] "GET /BLA/resoluciones/AUTOS%202021/0245.php?act=img&img=ext_rtf HTTP/1.1" 200 164
47.128.46.85 - - [31/Mar/2024:04:27:25 -0500] "GET /BLA/resoluciones/AUTOS%202021/0245.php?act=img&img=change HTTP/1.1" 200 290
47.128.46.85 - - [31/Mar/2024:04:27:25 -0500] "GET /BLA/resoluciones/AUTOS%202021/0245.php?act=img&img=ext_ini HTTP/1.1" 200 134
66.249.66.21 - - [31/Mar/2024:04:27:58 -0500] "GET /BLA/resoluciones/AUTOS%202009/3399.pdf HTTP/1.1" 200 98068
216.245.221.92 - - [31/Mar/2024:04:27:58 -0500] "HEAD / HTTP/1.1" 200 -
40.77.167.143 - - [31/Mar/2024:04:28:32 -0500] "GET /Publicaciones/2024EE60116.pdf HTTP/1.1" 404 227
201.245.192.253 - - [31/Mar/2024:04:29:11 -0500] "GET /kwsrmcab/Wsrmcab?wsdl HTTP/1.1" 200 6948
201.245.192.253 - - [31/Mar/2024:04:29:12 -0500] "POST /kwsrmcab/Wsrmcab HTTP/1.1" 200 39580
201.245.192.253 - - [31/Mar/2024:04:29:54 -0500] "POST /kwsrmcab/Wsrmcab HTTP/1.1" 200 39260
201.245.192.253 - - [31/Mar/2024:04:29:56 -0500] "POST /kwsrmcab/Wsrmcab HTTP/1.1" 200 39266
47.128.18.68 - - [31/Mar/2024:04:30:15 -0500] "GET /BLA/resoluciones/AUTOS%202021/0245.php?act=f&d=E%3A%5Cnuevo%5CphpMyAdmin2&f=server_sql.php&ft=download HTTP/1.1" 200 577
40.77.167.32 - - [31/Mar/2024:04:30:20 -0500] "GET /BLA/resoluciones/RESOLUCIONES%202017/2114.pdf HTTP/1.1" 200 696394
47.128.120.84 - - [31/Mar/2024:04:30:38 -0500] "GET /BLA/resoluciones/AUTOS%202021/0245.php?act=f&d=E%3A%5Cnuevo%5Chtdocs%5CBLA%5Cresoluciones%5CAUTOS+2021&f=3786.pdf&ft=download HTTP/1.1" 200 420776
172.22.2.4 - - [31/Mar/2024:04:29:18 -0500] "HEAD /BLA/boletinlegal/ HTTP/1.1" 200 -
40.77.167.32 - - [31/Mar/2024:04:31:00 -0500] "GET /Publicaciones/2024EE62938.pdf HTTP/1.1" 200 223445
201.245.192.253 - - [31/Mar/2024:04:30:36 -0500] "POST /kwsrmcab/Wsrmcab HTTP/1.1" 200 39266
201.245.192.253 - - [31/Mar/2024:04:30:59 -0500] "POST /kwsrmcab/Wsrmcab  HTTP/1.1" 200 39660
47.128.40.16 - - [31/Mar/2024:04:31:02 -0500] "GET /BLA/resoluciones/AUTOS%202021/0245.php?act=f&d=E%3A%5Cnuevo%5Chtdocs%5CBLA%5Cresoluciones%5CAUTOS+2021&f=3816.pdf&ft=download HTTP/1.1" 200 339623
47.128.40.177 - - [31/Mar/2024:04:31:28 -0500] "GET /BLA/resoluciones/AUTOS%202021/0245.php?act=chmod&d=E%3A%5Cnuevo%5Chtdocs%5CBLA%5Cresoluciones%5CAUTOS+2021&f=3524.pdf HTTP/1.1" 200 2902
40.77.167.54 - - [31/Mar/2024:04:31:35 -0500] "GET /BLA/resoluciones/RESOLUCIONES%202019/1315.pdf HTTP/1.1" 200 313106
172.22.2.4 - - [31/Mar/2024:04:30:09 -0500] "GET /BLA/boletinlegal/ HTTP/1.1" 200 59583
40.77.167.54 - - [31/Mar/2024:04:32:14 -0500] "GET /BLA/resoluciones/RESOLUCIONES%202017/1938.pdf HTTP/1.1" 200 585929
52.167.144.16 - - [31/Mar/2024:04:32:42 -0500] "GET /portaldeninos/humedal-juan-amarillo-2/ HTTP/1.1" 200 88155
216.245.221.92 - - [31/Mar/2024:04:32:58 -0500] "HEAD / HTTP/1.1" 200 -
172.22.2.4 - - [31/Mar/2024:04:34:02 -0500] "GET /BLA/boletinlegal/js/jquery.js HTTP/1.1" 200 57254
172.22.2.4 - - [31/Mar/2024:04:34:02 -0500] "GET /BLA/boletinlegal/js/jquery.scrollTo-min.js HTTP/1.1" 200 1150
172.22.2.4 - - [31/Mar/2024:04:34:02 -0500] "GET /BLA/boletinlegal/js/jquery.scrollShow.js HTTP/1.1" 200 4586
180.110.242.160 - - [31/Mar/2024:04:34:21 -0500] "GET /BLA/boletinlegal/actos.php HTTP/1.0" 200 9738
172.22.2.4 - - [31/Mar/2024:04:34:01 -0500] "GET /BLA/boletinlegal/ HTTP/1.1" 200 32715
180.110.242.160 - - [31/Mar/2024:04:34:47 -0500] "GET / HTTP/1.0" 200 319
201.245.192.253 - - [31/Mar/2024:04:35:58 -0500] "POST /kwsrmcab/Wsrmcab  HTTP/1.1" 200 39660
172.22.2.4 - - [31/Mar/2024:04:35:08 -0500] "HEAD /BLA/boletinlegal/ HTTP/1.1" 200 -
172.22.2.4 - - [31/Mar/2024:04:35:59 -0500] "GET /BLA/boletinlegal/ HTTP/1.1" 200 58273
216.245.221.92 - - [31/Mar/2024:04:37:58 -0500] "HEAD / HTTP/1.1" 200 -
52.167.144.219 - - [31/Mar/2024:04:38:31 -0500] "GET /BLA/resoluciones/RESOLUCIONES%202018/2280.pdf HTTP/1.1" 200 995728
201.245.192.253 - - [31/Mar/2024:04:39:11 -0500] "POST /kwsrmcab/Wsrmcab HTTP/1.1" 200 39580
201.245.192.253 - - [31/Mar/2024:04:39:13 -0500] "POST /kwsrmcab/Wsrmcab HTTP/1.1" 200 39266
201.245.192.253 - - [31/Mar/2024:04:39:53 -0500] "POST /kwsrmcab/Wsrmcab HTTP/1.1" 200 39262
201.245.192.253 - - [31/Mar/2024:04:40:39 -0500] "POST /kwsrmcab/Wsrmcab HTTP/1.1" 200 39266
201.245.192.253 - - [31/Mar/2024:04:40:56 -0500] "POST /kwsrmcab/Wsrmcab  HTTP/1.1" 200 39660
65.49.1.27 - - [31/Mar/2024:04:41:35 -0500] "GET / HTTP/1.1" 200 319
172.22.2.4 - - [31/Mar/2024:04:40:58 -0500] "HEAD /BLA/boletinlegal/ HTTP/1.1" 200 -
216.245.221.92 - - [31/Mar/2024:04:42:58 -0500] "HEAD / HTTP/1.1" 200 -
65.49.1.28 - - [31/Mar/2024:04:43:19 -0500] "GET /favicon.ico HTTP/1.1" 200 7782
172.22.2.4 - - [31/Mar/2024:04:41:49 -0500] "GET /BLA/boletinlegal/ HTTP/1.1" 200 60380
65.49.1.29 - - [31/Mar/2024:04:43:57 -0500] "GET /geoserver/web/ HTTP/1.1" 200 2422
47.128.46.195 - - [31/Mar/2024:04:45:29 -0500] "GET /BLA/resoluciones/AUTOS%202021/0245.php?act=chmod&d=E%3A%5Cnuevo%5Chtdocs%5CMetadatos_final_2014&f=Punto_Capt_Agua_Subte.xml HTTP/1.1" 200 2888
47.128.20.160 - - [31/Mar/2024:04:45:53 -0500] "GET /BLA/resoluciones/AUTOS%202021/0245.php?act=img&img=ext_php HTTP/1.1" 200 79
47.128.20.160 - - [31/Mar/2024:04:45:53 -0500] "GET /BLA/resoluciones/AUTOS%202021/0245.php?act=img&img=ext_html HTTP/1.1" 200 230
47.128.20.160 - - [31/Mar/2024:04:45:53 -0500] "GET /BLA/resoluciones/AUTOS%202021/0245.php?act=img&img=ext_txt HTTP/1.1" 200 132
47.128.20.160 - - [31/Mar/2024:04:45:53 -0500] "GET /BLA/resoluciones/AUTOS%202021/0245.php?act=img&img=ext_diz HTTP/1.1" 200 1027
47.128.20.160 - - [31/Mar/2024:04:45:53 -0500] "GET /BLA/resoluciones/AUTOS%202021/0245.php?act=img&img=ext_exe HTTP/1.1" 200 118
47.128.20.160 - - [31/Mar/2024:04:45:54 -0500] "GET /BLA/resoluciones/AUTOS%202021/0245.php?act=img&img=ext_ini HTTP/1.1" 200 134
47.128.20.160 - - [31/Mar/2024:04:45:54 -0500] "GET /BLA/resoluciones/AUTOS%202021/0245.php?act=img&img=download HTTP/1.1" 200 161
47.128.20.160 - - [31/Mar/2024:04:45:54 -0500] "GET /BLA/resoluciones/AUTOS%202021/0245.php?act=img&img=ext_gif HTTP/1.1" 200 175
47.128.20.160 - - [31/Mar/2024:04:45:54 -0500] "GET /BLA/resoluciones/AUTOS%202021/0245.php?act=img&img=change HTTP/1.1" 200 290
47.128.20.160 - - [31/Mar/2024:04:45:54 -0500] "GET /BLA/resoluciones/AUTOS%202021/0245.php?act=img&img=ext_rtf HTTP/1.1" 200 164
201.245.192.253 - - [31/Mar/2024:04:45:55 -0500] "POST /kwsrmcab/Wsrmcab  HTTP/1.1" 200 39660
47.128.20.160 - - [31/Mar/2024:04:45:52 -0500] "GET /BLA/resoluciones/AUTOS%202021/0245.php?act=f&d=E%3A%5Cnuevo%5Chtdocs%5Ccumbredelclima%5Cwp-includes&f=widgets.php HTTP/1.1" 200 21274
47.128.20.120 - - [31/Mar/2024:04:46:17 -0500] "GET /BLA/resoluciones/AUTOS%202021/0245.php?act=upload&d=E%3A%5Cnuevo%5Chtdocs%5CAutoliquidacion2020%5CLicencia+Ambiental HTTP/1.1" 200 2879
40.77.167.4 - - [31/Mar/2024:04:47:37 -0500] "GET /BLA/resoluciones/RESOLUCIONES%202019/1952.pdf HTTP/1.1" 200 390937
216.245.221.92 - - [31/Mar/2024:04:47:58 -0500] "HEAD / HTTP/1.1" 200 -
172.22.2.4 - - [31/Mar/2024:04:46:48 -0500] "HEAD /BLA/boletinlegal/ HTTP/1.1" 200 -
172.22.2.4 - - [31/Mar/2024:04:47:39 -0500] "GET /BLA/boletinlegal/ HTTP/1.1" 200 58273
52.167.144.203 - - [31/Mar/2024:04:49:36 -0500] "GET /BLA/resoluciones/AUTOS%202013/2651.pdf HTTP/1.1" 304 -
201.245.192.253 - - [31/Mar/2024:04:50:53 -0500] "POST /kwsrmcab/Wsrmcab  HTTP/1.1" 200 39660
64.62.197.216 - - [31/Mar/2024:04:51:17 -0500] "\x16\x03\x01" 400 226
40.77.167.32 - - [31/Mar/2024:04:52:57 -0500] "GET /BLA/resoluciones/RESOLUCIONES%202017/0109.pdf HTTP/1.1" 200 768972
216.245.221.92 - - [31/Mar/2024:04:52:58 -0500] "HEAD / HTTP/1.1" 200 -
172.22.2.4 - - [31/Mar/2024:04:53:18 -0500] "GET /BLA/boletinlegal/js/jquery.js HTTP/1.1" 200 57254
172.22.2.4 - - [31/Mar/2024:04:53:18 -0500] "GET /BLA/boletinlegal/js/jquery.scrollTo-min.js HTTP/1.1" 200 1150
172.22.2.4 - - [31/Mar/2024:04:53:18 -0500] "GET /BLA/boletinlegal/js/jquery.scrollShow.js HTTP/1.1" 200 4586
172.22.2.4 - - [31/Mar/2024:04:52:38 -0500] "HEAD /BLA/boletinlegal/ HTTP/1.1" 200 -
172.22.2.4 - - [31/Mar/2024:04:53:17 -0500] "GET /BLA/boletinlegal/ HTTP/1.1" 200 32715
172.22.2.4 - - [31/Mar/2024:04:53:29 -0500] "GET /BLA/boletinlegal/ HTTP/1.1" 200 53818
201.245.192.253 - - [31/Mar/2024:04:55:53 -0500] "POST /kwsrmcab/Wsrmcab  HTTP/1.1" 200 39660
40.77.167.32 - - [31/Mar/2024:04:56:12 -0500] "GET /portaldeninos/wp-content/uploads/2022/08/HUmedalConejera03-1.jpg HTTP/1.1" 200 12388495
40.77.167.50 - - [31/Mar/2024:04:56:44 -0500] "GET /BLA/resoluciones/RESOLUCIONES%202017/1745.pdf HTTP/1.1" 200 420998
216.245.221.92 - - [31/Mar/2024:04:57:58 -0500] "HEAD / HTTP/1.1" 200 -
172.22.2.4 - - [31/Mar/2024:04:58:28 -0500] "HEAD /BLA/boletinlegal/ HTTP/1.1" 200 -
201.245.192.253 - - [31/Mar/2024:05:00:51 -0500] "POST /kwsrmcab/Wsrmcab  HTTP/1.1" 200 39660
172.22.2.4 - - [31/Mar/2024:04:59:19 -0500] "GET /BLA/boletinlegal/ HTTP/1.1" 200 58720
216.245.221.92 - - [31/Mar/2024:05:02:58 -0500] "HEAD / HTTP/1.1" 200 -
201.245.192.253 - - [31/Mar/2024:05:05:50 -0500] "POST /kwsrmcab/Wsrmcab  HTTP/1.1" 200 39660
172.22.2.4 - - [31/Mar/2024:05:04:18 -0500] "HEAD /BLA/boletinlegal/ HTTP/1.1" 200 -
216.244.66.195 - - [31/Mar/2024:05:06:14 -0500] "GET /robots.txt HTTP/1.1" 404 1018
172.22.2.4 - - [31/Mar/2024:05:05:09 -0500] "GET /BLA/boletinlegal/ HTTP/1.1" 200 58273
40.77.167.126 - - [31/Mar/2024:05:07:37 -0500] "GET /BLA/resoluciones/RESOLUCIONES%202016/1797.pdf HTTP/1.1" 200 687637
216.245.221.92 - - [31/Mar/2024:05:07:58 -0500] "HEAD / HTTP/1.1" 200 -
40.77.167.13 - - [31/Mar/2024:05:08:29 -0500] "GET /BLA/resoluciones/RESOLUCIONES%202019/2216.pdf HTTP/1.1" 200 466397
152.89.198.67 - - [31/Mar/2024:05:09:30 -0500] "GET /.git/config HTTP/1.1" 404 1018
201.245.192.253 - - [31/Mar/2024:05:10:49 -0500] "POST /kwsrmcab/Wsrmcab  HTTP/1.1" 200 39660
91.92.250.63 - - [31/Mar/2024:05:11:14 -0500] "GET /appsia/controlador HTTP/1.1" 200 4799
172.22.2.4 - - [31/Mar/2024:05:11:23 -0500] "GET /BLA/boletinlegal/robots.txt HTTP/1.1" 404 1038
172.22.2.4 - - [31/Mar/2024:05:10:08 -0500] "HEAD /BLA/boletinlegal/ HTTP/1.1" 200 -
172.22.2.4 - - [31/Mar/2024:05:10:59 -0500] "GET /BLA/boletinlegal/ HTTP/1.1" 200 59967
216.245.221.92 - - [31/Mar/2024:05:12:58 -0500] "HEAD / HTTP/1.1" 200 -
52.167.144.170 - - [31/Mar/2024:05:14:39 -0500] "GET /BLA/resoluciones/RESOLUCIONES%202018/1928.pdf HTTP/1.1" 200 403789
201.245.192.253 - - [31/Mar/2024:05:15:48 -0500] "POST /kwsrmcab/Wsrmcab  HTTP/1.1" 200 39660
40.77.167.136 - - [31/Mar/2024:05:17:06 -0500] "GET /BLA/resoluciones/RESOLUCIONES%202017/2709.pdf HTTP/1.1" 200 421368
172.22.2.4 - - [31/Mar/2024:05:15:58 -0500] "HEAD /BLA/boletinlegal/ HTTP/1.1" 200 -
172.22.2.4 - - [31/Mar/2024:05:17:40 -0500] "GET /BLA/boletinlegal/Circulares/2023/CIRCULAR%20No.%2000009%20DEL%2010%20DE%20OCTUBRE%20DEL%202023.pdf HTTP/1.1" 200 529599
216.245.221.92 - - [31/Mar/2024:05:17:58 -0500] "HEAD / HTTP/1.1" 200 -
172.22.2.4 - - [31/Mar/2024:05:16:49 -0500] "GET /BLA/boletinlegal/ HTTP/1.1" 200 60380
172.22.2.4 - - [31/Mar/2024:05:18:42 -0500] "GET /BLA/boletinlegal/actuator/health HTTP/1.1" 404 1018
52.167.144.181 - - [31/Mar/2024:05:19:10 -0500] "GET /BLA/resoluciones/RESOLUCIONES%202019/2196.pdf HTTP/1.1" 200 443122
201.245.192.253 - - [31/Mar/2024:05:19:11 -0500] "POST /kwsrmcab/Wsrmcab HTTP/1.1" 200 39596
201.245.192.253 - - [31/Mar/2024:05:19:14 -0500] "POST /kwsrmcab/Wsrmcab HTTP/1.1" 200 39260
201.245.192.253 - - [31/Mar/2024:05:19:54 -0500] "POST /kwsrmcab/Wsrmcab HTTP/1.1" 200 39255
201.245.192.253 - - [31/Mar/2024:05:20:37 -0500] "POST /kwsrmcab/Wsrmcab HTTP/1.1" 200 39260
201.245.192.253 - - [31/Mar/2024:05:20:45 -0500] "POST /kwsrmcab/Wsrmcab  HTTP/1.1" 200 39660
47.128.29.2 - - [31/Mar/2024:05:20:50 -0500] "GET /BLA/resoluciones/AUTOS%202021/0245.php?act=chmod&d=E%3A%5Cnuevo%5CFileZillaFTP&f=. HTTP/1.1" 200 2835
66.249.66.21 - - [31/Mar/2024:05:21:12 -0500] "GET /Publicaciones/2024EE12566.pdf HTTP/1.1" 404 227
47.128.29.195 - - [31/Mar/2024:05:21:15 -0500] "GET /BLA/resoluciones/AUTOS%202021/0245.php?act=chmod&d=E%3A%5Cnuevo%5CMercuryMail&f=mlmrge32.fff HTTP/1.1" 200 2852
47.128.29.223 - - [31/Mar/2024:05:21:39 -0500] "GET /BLA/resoluciones/AUTOS%202021/0245.php?act=f&d=E%3A%5Cnuevo%5Ccgi-bin&f=cgi.cgi HTTP/1.1" 200 3039
47.128.29.223 - - [31/Mar/2024:05:21:40 -0500] "GET /BLA/resoluciones/AUTOS%202021/0245.php?act=img&img=ext_cgi HTTP/1.1" 200 577
47.128.29.223 - - [31/Mar/2024:05:21:40 -0500] "GET /BLA/resoluciones/AUTOS%202021/0245.php?act=img&img=ext_rtf HTTP/1.1" 200 164
47.128.29.223 - - [31/Mar/2024:05:21:40 -0500] "GET /BLA/resoluciones/AUTOS%202021/0245.php?act=img&img=ext_txt HTTP/1.1" 200 132
47.128.29.223 - - [31/Mar/2024:05:21:40 -0500] "GET /BLA/resoluciones/AUTOS%202021/0245.php?act=img&img=ext_html HTTP/1.1" 200 230
47.128.29.223 - - [31/Mar/2024:05:21:40 -0500] "GET /BLA/resoluciones/AUTOS%202021/0245.php?act=img&img=ext_gif HTTP/1.1" 200 175
47.128.29.223 - - [31/Mar/2024:05:21:40 -0500] "GET /BLA/resoluciones/AUTOS%202021/0245.php?act=img&img=ext_exe HTTP/1.1" 200 118
47.128.29.223 - - [31/Mar/2024:05:21:40 -0500] "GET /BLA/resoluciones/AUTOS%202021/0245.php?act=img&img=change HTTP/1.1" 200 290
47.128.29.223 - - [31/Mar/2024:05:21:40 -0500] "GET /BLA/resoluciones/AUTOS%202021/0245.php?act=img&img=ext_ini HTTP/1.1" 200 134
47.128.29.223 - - [31/Mar/2024:05:21:41 -0500] "GET /BLA/resoluciones/AUTOS%202021/0245.php?act=img&img=download HTTP/1.1" 200 161
47.128.29.223 - - [31/Mar/2024:05:21:41 -0500] "GET /BLA/resoluciones/AUTOS%202021/0245.php?act=img&img=ext_diz HTTP/1.1" 200 1027
47.128.29.174 - - [31/Mar/2024:05:22:02 -0500] "GET /BLA/resoluciones/AUTOS%202021/0245.php?act=eval&d=E%3A%5Cnuevo%5Chtdocs%5Csig%5CGesti%F3n+de+Recursos+Inform%E1ticos+y+Tecnol%F3gicos%5C HTTP/1.1" 200 2758
40.77.167.143 - - [31/Mar/2024:05:22:18 -0500] "GET /BLA/resoluciones/RESOLUCIONES%202023/2700.pdf HTTP/1.1" 304 -
47.128.29.204 - - [31/Mar/2024:05:22:27 -0500] "GET /BLA/resoluciones/AUTOS%202021/0245.php?act=d&d=E%3A%5Cnuevo%5Chtdocs%5Ccalculadora%5Cvendor%5Cjquery HTTP/1.1" 200 2786
47.128.115.118 - - [31/Mar/2024:05:22:52 -0500] "GET /BLA/resoluciones/AUTOS%202021/0245.php?act=eval&d=E%3A%5Cnuevo%5Chtdocs%5CAutoliquidacion2020%5CCobro+Evaluacion+Certificaci%F3n+Para+La+Deducci%F3n+Por+Inversi%F3n+En+Medio+Ambiente%5C HTTP/1.1" 200 2803
216.245.221.92 - - [31/Mar/2024:05:22:58 -0500] "HEAD / HTTP/1.1" 200 -
47.128.114.5 - - [31/Mar/2024:05:23:14 -0500] "GET /BLA/resoluciones/AUTOS%202021/0245.php?act=cmd&d=E%3A%5Cnuevo%5Chtdocs%5CBLA%5Cresoluciones%5CAUTOS+2003%5C HTTP/1.1" 200 2775
52.167.144.200 - - [31/Mar/2024:05:23:16 -0500] "GET /BLA/resoluciones/RESOLUCIONES%202017/0154.pdf HTTP/1.1" 200 402591
172.22.2.4 - - [31/Mar/2024:05:21:48 -0500] "HEAD /BLA/boletinlegal/ HTTP/1.1" 200 -
47.128.29.249 - - [31/Mar/2024:05:23:38 -0500] "GET /BLA/resoluciones/AUTOS%202021/0245.php?act=eval&d=E%3A%5Cnuevo%5Chtdocs%5Cecodirectorio%5C HTTP/1.1" 200 2727
172.22.2.4 - - [31/Mar/2024:05:22:39 -0500] "GET /BLA/boletinlegal/ HTTP/1.1" 200 60380
52.167.144.237 - - [31/Mar/2024:05:24:28 -0500] "GET /Publicaciones/2024EE50820.pdf HTTP/1.1" 404 227
52.167.144.22 - - [31/Mar/2024:05:24:32 -0500] "GET /BLA/resoluciones/RESOLUCIONES%202019/0139.pdf HTTP/1.1" 200 402894
52.167.144.22 - - [31/Mar/2024:05:25:09 -0500] "GET /BLA/resoluciones/RESOLUCIONES%202018/1443.pdf HTTP/1.1" 200 337490
66.249.66.19 - - [31/Mar/2024:05:25:15 -0500] "GET /Publicaciones/2024EE64670.pdf HTTP/1.1" 200 223301
201.245.192.253 - - [31/Mar/2024:05:25:45 -0500] "POST /kwsrmcab/Wsrmcab  HTTP/1.1" 200 39660
216.244.66.195 - - [31/Mar/2024:05:26:39 -0500] "GET /BLA/resoluciones/AUTOS%202007/0849.pdf HTTP/1.1" 200 89570
216.244.66.195 - - [31/Mar/2024:05:26:45 -0500] "GET /BLA/resoluciones/AUTOS%202007/0881.pdf HTTP/1.1" 200 159501
216.244.66.195 - - [31/Mar/2024:05:26:50 -0500] "GET /BLA/resoluciones/AUTOS%202007/0888.pdf HTTP/1.1" 200 161785
216.244.66.195 - - [31/Mar/2024:05:26:54 -0500] "GET /BLA/resoluciones/AUTOS%202007/0891.pdf HTTP/1.1" 200 210392
216.244.66.195 - - [31/Mar/2024:05:26:59 -0500] "GET /BLA/resoluciones/AUTOS%202007/1094.pdf HTTP/1.1" 200 28005
216.244.66.195 - - [31/Mar/2024:05:27:02 -0500] "GET /BLA/resoluciones/AUTOS%202007/1168.pdf HTTP/1.1" 200 100590
216.244.66.195 - - [31/Mar/2024:05:27:05 -0500] "GET /BLA/resoluciones/AUTOS%202007/1324.pdf HTTP/1.1" 200 59141
216.244.66.195 - - [31/Mar/2024:05:27:07 -0500] "GET /BLA/resoluciones/AUTOS%202007/1563.pdf HTTP/1.1" 200 28122
216.244.66.195 - - [31/Mar/2024:05:27:10 -0500] "GET /BLA/resoluciones/AUTOS%202009/0893.pdf HTTP/1.1" 200 121023
216.244.66.195 - - [31/Mar/2024:05:27:12 -0500] "GET /BLA/resoluciones/AUTOS%202019/0436.pdf HTTP/1.1" 200 283086
52.167.144.237 - - [31/Mar/2024:05:27:23 -0500] "GET /BLA/resoluciones/RESOLUCIONES%202016/1711.pdf HTTP/1.1" 200 885130
52.167.144.237 - - [31/Mar/2024:05:27:25 -0500] "GET /BLA/resoluciones/RESOLUCIONES%202018/3618.pdf HTTP/1.1" 200 385373
216.244.66.195 - - [31/Mar/2024:05:27:34 -0500] "GET /BLA/resoluciones/AUTOS%202019/1038.pdf HTTP/1.1" 200 250820
216.244.66.195 - - [31/Mar/2024:05:27:50 -0500] "GET /BLA/resoluciones/AUTOS%202019/2011.pdf HTTP/1.1" 200 341829
52.167.144.205 - - [31/Mar/2024:05:27:55 -0500] "GET /Publicaciones/2024EE23983.pdf HTTP/1.1" 200 232182
216.245.221.92 - - [31/Mar/2024:05:27:58 -0500] "HEAD / HTTP/1.1" 200 -
216.244.66.195 - - [31/Mar/2024:05:28:06 -0500] "GET /BLA/resoluciones/AUTOS%202019/2661.pdf HTTP/1.1" 200 318836
216.244.66.195 - - [31/Mar/2024:05:28:21 -0500] "GET /BLA/resoluciones/AUTOS%202019/3222.pdf HTTP/1.1" 200 262322
216.244.66.195 - - [31/Mar/2024:05:28:35 -0500] "GET /BLA/resoluciones/AUTOS%202019/3840.pdf HTTP/1.1" 200 265734
216.244.66.195 - - [31/Mar/2024:05:28:48 -0500] "GET /BLA/resoluciones/AUTOS%202019/3841.pdf HTTP/1.1" 200 264254
216.244.66.195 - - [31/Mar/2024:05:29:00 -0500] "GET /BLA/resoluciones/AUTOS%202019/4430.pdf HTTP/1.1" 200 277359
201.245.192.253 - - [31/Mar/2024:05:29:11 -0500] "POST /kwsrmcab/Wsrmcab HTTP/1.1" 200 39596
201.245.192.253 - - [31/Mar/2024:05:29:15 -0500] "POST /kwsrmcab/Wsrmcab HTTP/1.1" 200 39260
172.22.2.4 - - [31/Mar/2024:05:27:38 -0500] "HEAD /BLA/boletinlegal/ HTTP/1.1" 200 -
185.224.128.43 - - [31/Mar/2024:05:29:53 -0500] "GET / HTTP/1.1" 200 319
201.245.192.253 - - [31/Mar/2024:05:29:53 -0500] "POST /kwsrmcab/Wsrmcab HTTP/1.1" 200 39255
172.22.2.4 - - [31/Mar/2024:05:28:29 -0500] "GET /BLA/boletinlegal/ HTTP/1.1" 200 59583
201.245.192.253 - - [31/Mar/2024:05:30:37 -0500] "POST /kwsrmcab/Wsrmcab HTTP/1.1" 200 39260
201.245.192.253 - - [31/Mar/2024:05:30:43 -0500] "POST /kwsrmcab/Wsrmcab  HTTP/1.1" 200 39660
66.249.66.21 - - [31/Mar/2024:05:30:49 -0500] "GET /BLA/resoluciones/AUTOS%202014/0832.pdf HTTP/1.1" 200 309898
47.128.61.99 - - [31/Mar/2024:05:31:04 -0500] "GET /BLA/resoluciones/AUTOS%202021/0245.php?act=f&d=E%3A%5Cnuevo%5Chtdocs%5Cvideos%5C&f=Bici_003.flv&ft=html&white=1 HTTP/1.1" 200 2139956
47.128.60.246 - - [31/Mar/2024:05:31:29 -0500] "GET /BLA/resoluciones/AUTOS%202021/0245.php?act=f&d=E%3A%5Cnuevo%5Chtdocs%5Ccumbredelclima%5Cwp-includes%5C&f=wp-diff.php&ft=ini&white=1 HTTP/1.1" 200 3007
47.128.60.246 - - [31/Mar/2024:05:31:30 -0500] "GET /BLA/resoluciones/AUTOS%202021/0245.php?act=img&img=ext_diz HTTP/1.1" 200 1027
47.128.60.246 - - [31/Mar/2024:05:31:30 -0500] "GET /BLA/resoluciones/AUTOS%202021/0245.php?act=img&img=ext_html HTTP/1.1" 200 230
47.128.60.246 - - [31/Mar/2024:05:31:30 -0500] "GET /BLA/resoluciones/AUTOS%202021/0245.php?act=img&img=ext_txt HTTP/1.1" 200 132
47.128.60.246 - - [31/Mar/2024:05:31:30 -0500] "GET /BLA/resoluciones/AUTOS%202021/0245.php?act=img&img=ext_gif HTTP/1.1" 200 175
47.128.60.246 - - [31/Mar/2024:05:31:30 -0500] "GET /BLA/resoluciones/AUTOS%202021/0245.php?act=img&img=ext_php HTTP/1.1" 200 79
47.128.60.246 - - [31/Mar/2024:05:31:30 -0500] "GET /BLA/resoluciones/AUTOS%202021/0245.php?act=img&img=ext_exe HTTP/1.1" 200 118
47.128.60.246 - - [31/Mar/2024:05:31:30 -0500] "GET /BLA/resoluciones/AUTOS%202021/0245.php?act=img&img=download HTTP/1.1" 200 161
47.128.60.246 - - [31/Mar/2024:05:31:31 -0500] "GET /BLA/resoluciones/AUTOS%202021/0245.php?act=img&img=ext_rtf HTTP/1.1" 200 164
47.128.60.246 - - [31/Mar/2024:05:31:31 -0500] "GET /BLA/resoluciones/AUTOS%202021/0245.php?act=img&img=change HTTP/1.1" 200 290
47.128.60.246 - - [31/Mar/2024:05:31:31 -0500] "GET /BLA/resoluciones/AUTOS%202021/0245.php?act=img&img=ext_ini HTTP/1.1" 200 134
47.128.63.179 - - [31/Mar/2024:05:31:52 -0500] "GET /BLA/resoluciones/AUTOS%202021/0245.php?act=f&d=E%3A%5Cnuevo%5Chtdocs%5Cvideos&f=ServidordelMes_Equidad.flv&ft=edit HTTP/1.1" 200 3063
47.128.63.179 - - [31/Mar/2024:05:31:54 -0500] "GET /BLA/resoluciones/AUTOS%202021/0245.php?act=img&img=ext_flv HTTP/1.1" 200 1034
47.128.63.179 - - [31/Mar/2024:05:31:54 -0500] "GET /BLA/resoluciones/AUTOS%202021/0245.php?act=img&img=ext_diz HTTP/1.1" 200 1027
47.128.63.179 - - [31/Mar/2024:05:31:54 -0500] "GET /BLA/resoluciones/AUTOS%202021/0245.php?act=img&img=ext_txt HTTP/1.1" 200 132
47.128.63.179 - - [31/Mar/2024:05:31:54 -0500] "GET /BLA/resoluciones/AUTOS%202021/0245.php?act=img&img=ext_exe HTTP/1.1" 200 118
47.128.63.179 - - [31/Mar/2024:05:31:54 -0500] "GET /BLA/resoluciones/AUTOS%202021/0245.php?act=img&img=ext_gif HTTP/1.1" 200 175
47.128.63.179 - - [31/Mar/2024:05:31:54 -0500] "GET /BLA/resoluciones/AUTOS%202021/0245.php?act=img&img=ext_html HTTP/1.1" 200 230
47.128.63.179 - - [31/Mar/2024:05:31:54 -0500] "GET /BLA/resoluciones/AUTOS%202021/0245.php?act=img&img=download HTTP/1.1" 200 161
47.128.63.179 - - [31/Mar/2024:05:31:54 -0500] "GET /BLA/resoluciones/AUTOS%202021/0245.php?act=img&img=ext_ini HTTP/1.1" 200 134
47.128.63.179 - - [31/Mar/2024:05:31:54 -0500] "GET /BLA/resoluciones/AUTOS%202021/0245.php?act=img&img=ext_rtf HTTP/1.1" 200 164
47.128.63.179 - - [31/Mar/2024:05:31:54 -0500] "GET /BLA/resoluciones/AUTOS%202021/0245.php?act=img&img=change HTTP/1.1" 200 290
47.128.60.51 - - [31/Mar/2024:05:32:16 -0500] "GET /BLA/resoluciones/AUTOS%202021/0245.php?act=f&d=E%3A%5Cnuevo%5Ctmp&f=sess_l7ks9bt3d3qpv4t907e0rg5m52&ft=info HTTP/1.1" 200 3441
47.128.60.51 - - [31/Mar/2024:05:32:17 -0500] "GET /BLA/resoluciones/AUTOS%202021/0245.php?act=img&img=change HTTP/1.1" 200 290
47.128.60.51 - - [31/Mar/2024:05:32:17 -0500] "GET /BLA/resoluciones/AUTOS%202021/0245.php?act=img&img=ext_txt HTTP/1.1" 200 132
47.128.60.51 - - [31/Mar/2024:05:32:17 -0500] "GET /BLA/resoluciones/AUTOS%202021/0245.php?act=img&img=ext_diz HTTP/1.1" 200 1027
47.128.60.51 - - [31/Mar/2024:05:32:17 -0500] "GET /BLA/resoluciones/AUTOS%202021/0245.php?act=img&img=ext_html HTTP/1.1" 200 230
47.128.60.51 - - [31/Mar/2024:05:32:17 -0500] "GET /BLA/resoluciones/AUTOS%202021/0245.php?act=img&img=ext_gif HTTP/1.1" 200 175
47.128.60.51 - - [31/Mar/2024:05:32:17 -0500] "GET /BLA/resoluciones/AUTOS%202021/0245.php?act=img&img=ext_exe HTTP/1.1" 200 118
47.128.60.51 - - [31/Mar/2024:05:32:17 -0500] "GET /BLA/resoluciones/AUTOS%202021/0245.php?act=img&img=download HTTP/1.1" 200 161
47.128.60.51 - - [31/Mar/2024:05:32:17 -0500] "GET /BLA/resoluciones/AUTOS%202021/0245.php?act=img&img=ext_rtf HTTP/1.1" 200 164
47.128.60.51 - - [31/Mar/2024:05:32:17 -0500] "GET /BLA/resoluciones/AUTOS%202021/0245.php?act=img&img=ext_ini HTTP/1.1" 200 134
47.128.60.51 - - [31/Mar/2024:05:32:17 -0500] "GET /BLA/resoluciones/AUTOS%202021/0245.php?act=img&img=ext_sess_l7ks9bt3d3qpv4t907e0rg5m52 HTTP/1.1" 200 1034
47.128.61.99 - - [31/Mar/2024:05:31:50 -0500] "GET /BLA/resoluciones/AUTOS%202021/0245.php?act=f&d=E%3A%5Cnuevo%5Chtdocs%5Cvideos%5C&f=Bici_003.flv&ft=html&white=1 HTTP/1.1" 200 2137814
216.245.221.92 - - [31/Mar/2024:05:32:58 -0500] "HEAD / HTTP/1.1" 200 -
172.22.2.4 - - [31/Mar/2024:05:33:02 -0500] "GET /BLA/boletinlegal/js/jquery.js HTTP/1.1" 200 57254
172.22.2.4 - - [31/Mar/2024:05:33:02 -0500] "GET /BLA/boletinlegal/js/jquery.scrollTo-min.js HTTP/1.1" 200 1150
172.22.2.4 - - [31/Mar/2024:05:33:02 -0500] "GET /BLA/boletinlegal/js/jquery.scrollShow.js HTTP/1.1" 200 4586
172.22.2.4 - - [31/Mar/2024:05:33:02 -0500] "GET /BLA/boletinlegal/ HTTP/1.1" 200 32715
52.167.144.140 - - [31/Mar/2024:05:33:58 -0500] "GET /BLA/resoluciones/RESOLUCIONES%202016/1445.pdf HTTP/1.1" 200 563173
52.167.144.184 - - [31/Mar/2024:05:34:52 -0500] "GET /BLA/resoluciones/RESOLUCIONES%202018/2693.pdf HTTP/1.1" 200 350512
172.22.2.4 - - [31/Mar/2024:05:33:28 -0500] "HEAD /BLA/boletinlegal/ HTTP/1.1" 200 -
201.245.192.253 - - [31/Mar/2024:05:35:42 -0500] "POST /kwsrmcab/Wsrmcab  HTTP/1.1" 200 39660
172.22.2.4 - - [31/Mar/2024:05:34:19 -0500] "GET /BLA/boletinlegal/ HTTP/1.1" 200 58273
