!C99Shell v. 1.0 pre-release build #13!

Software: Apache. PHP/5.5.15 

uname -a: Windows NT SVR-DMZ 6.1 build 7600 (Windows Server 2008 R2 Enterprise Edition) i586 

SYSTEM 

Safe-mode: OFF (not secure)

E:\nuevo\apache\logs\   drwxrwxrwx
Free 9.41 GB of 239.26 GB (3.93%)
Detected drives: [ a ] [ c ] [ d ] [ e ] [ f ]
Home    Back    Forward    UPDIR    Refresh    Search    Buffer    Encoder    Tools    Proc.    FTP brute    Sec.    SQL    PHP-code    Update    Feedback    Self remove    Logout    


Viewing file:     access.2024.03.31.log (1.36 MB)      -rw-rw-rw-
Select action/file-type:
(+) | (+) | (+) | Code (+) | Session (+) | (+) | SDB (+) | (+) | (+) | (+) | (+) | (+) |
216.244.66.195 - - [31/Mar/2024:00:00:02 -0500] "GET /BLA/resoluciones/AUTOS%202021/3044.pdf HTTP/1.1" 200 410241
201.245.192.253 - - [31/Mar/2024:00:00:02 -0500] "POST /kwsrmcab/Wsrmcab  HTTP/1.1" 200 39660
40.77.167.4 - - [31/Mar/2024:00:00:06 -0500] "GET /Publicaciones/2024EE47670.pdf HTTP/1.1" 404 227
216.244.66.195 - - [31/Mar/2024:00:00:28 -0500] "GET /BLA/resoluciones/AUTOS%202023/0270.pdf HTTP/1.1" 200 387841
216.244.66.195 - - [31/Mar/2024:00:00:50 -0500] "GET /BLA/resoluciones/AUTOS%202023/0943.pdf HTTP/1.1" 200 462485
216.244.66.195 - - [31/Mar/2024:00:01:10 -0500] "GET /BLA/resoluciones/AUTOS%202023/1239.pdf HTTP/1.1" 200 626369
66.249.66.20 - - [31/Mar/2024:00:01:14 -0500] "GET /resoluciones/RESOLUCIONES%202008/2978.pdf HTTP/1.1" 404 1018
216.244.66.195 - - [31/Mar/2024:00:01:30 -0500] "GET /BLA/resoluciones/AUTOS%202023/1521.pdf HTTP/1.1" 200 255847
216.244.66.195 - - [31/Mar/2024:00:01:49 -0500] "GET /BLA/resoluciones/AUTOS%202023/1582.pdf HTTP/1.1" 200 425816
216.244.66.195 - - [31/Mar/2024:00:02:13 -0500] "GET /BLA/resoluciones/AUTOS%202023/1626.pdf HTTP/1.1" 200 436227
216.244.66.195 - - [31/Mar/2024:00:02:33 -0500] "GET /BLA/resoluciones/AUTOS%202023/1714.pdf HTTP/1.1" 200 403337
172.22.2.4 - - [31/Mar/2024:00:00:57 -0500] "HEAD /BLA/boletinlegal/ HTTP/1.1" 200 -
66.249.66.20 - - [31/Mar/2024:00:02:51 -0500] "GET /BLA/resoluciones/RESOLUCIONES%202009/7991.pdf HTTP/1.1" 200 514162
216.244.66.195 - - [31/Mar/2024:00:02:52 -0500] "GET /BLA/resoluciones/AUTOS%202023/1749.pdf HTTP/1.1" 200 425976
216.245.221.92 - - [31/Mar/2024:00:02:59 -0500] "HEAD / HTTP/1.1" 200 -
216.244.66.195 - - [31/Mar/2024:00:03:09 -0500] "GET /BLA/resoluciones/AUTOS%202023/1782.pdf HTTP/1.1" 200 386004
66.249.66.21 - - [31/Mar/2024:00:03:15 -0500] "GET /silvicultura/6.pdf HTTP/1.1" 304 -
66.249.66.21 - - [31/Mar/2024:00:03:15 -0500] "GET /Publicaciones/2023EE303534.pdf HTTP/1.1" 404 228
216.244.66.195 - - [31/Mar/2024:00:03:26 -0500] "GET /BLA/resoluciones/AUTOS%202023/1846.pdf HTTP/1.1" 200 332273
172.22.2.4 - - [31/Mar/2024:00:01:47 -0500] "GET /BLA/boletinlegal/ HTTP/1.1" 200 60380
66.249.66.19 - - [31/Mar/2024:00:03:37 -0500] "GET /BLA/resoluciones/RESOLUCIONES%202009/6603.pdf HTTP/1.1" 200 503889
216.244.66.195 - - [31/Mar/2024:00:03:41 -0500] "GET /BLA/resoluciones/AUTOS%202023/1899.pdf HTTP/1.1" 200 558859
216.244.66.195 - - [31/Mar/2024:00:03:56 -0500] "GET /BLA/resoluciones/AUTOS%202023/1914.pdf HTTP/1.1" 200 420228
216.244.66.195 - - [31/Mar/2024:00:04:09 -0500] "GET /BLA/resoluciones/AUTOS%202023/2294.pdf HTTP/1.1" 200 2803943
40.77.167.46 - - [31/Mar/2024:00:04:19 -0500] "GET /BLA/resoluciones/RESOLUCIONES%202017/1731.pdf HTTP/1.1" 200 498186
173.252.111.1 - - [31/Mar/2024:00:04:31 -0500] "GET /images/27%20de%20enero%20Soratama.jpg HTTP/1.1" 200 63397
216.244.66.195 - - [31/Mar/2024:00:04:36 -0500] "GET /BLA/resoluciones/AUTOS%202023/2582.pdf HTTP/1.1" 200 956763
216.244.66.195 - - [31/Mar/2024:00:05:00 -0500] "GET /BLA/resoluciones/AUTOS%202023/2739.pdf HTTP/1.1" 200 871517
201.245.192.253 - - [31/Mar/2024:00:05:01 -0500] "POST /kwsrmcab/Wsrmcab  HTTP/1.1" 200 39660
186.102.111.8 - - [31/Mar/2024:00:05:06 -0500] "GET /kwssiamovil/sm/acme/a?s=U2FsdGVkX18gDxEWCtYBzlMAZKLf8tqUIoEto0+W03+tEBWgQqsaWMqjKmWtcxG7e8PgkUxw2rYKIWuC+/LEvLnakCD2Rf/woNc4pfCCvWrN6EoOvM5SF5GX7NTnv6aZC1byCfkLnxt50vcbEo8kHtdeqHPjLmAURPiwXV0jKFLnZ6hrB4Jx1Kjk1j5lt0PJk3axvZflSBsjX9/DiTD6XYNceh9gZhaihjpuVR5aYQ1PPFVCI07ic0Mi343tDXpXvonVvC6t8ZffgzomXNvCvw==&u=U2FsdGVkX19CTFQ4AC2iDJqHmtbRx7XUM0h5sGAerfKcDftWzHVC/TmWRWLjxh8S&y=U2FsdGVkX1/ReUgIJV573Cm2ubQ5XQt141w2bS40aRVQDMQkWwwmgwysONxZYYJh HTTP/1.1" 200 26
186.102.111.8 - - [31/Mar/2024:00:05:07 -0500] "GET /kwssiamovil/sm/acme/a?s=U2FsdGVkX18IxQOmQ5FOy7hhPutWCf9vYHgqkq9Qbgp1yqPobrrncostuRaBJdpONUfz979so4seuIUy1n/hEK/JqePe5dus5M4/Az3dawkXZYN5zNAtpy9+qF9k/KOnKP4mXZk/fqq6K4Wu7P9i40ySqMV1Ltynl+cUmkG4C92bslWcUELSZwAZJgkmx9TOAI9/xTmDG0ozX6wEQ/OfSKvtDfMKc8mK2ErgXsgQcGmUOw4QuqXzP29QEQ7kuap/gVfjdLtwgfBrXqMB1v8YcvuJOhk2grSU80VvuZrcaIUY8ggDmLS2IqZg5e3AYDJb2O/I7jftdeT9RO62wRBs9epPPdOWbF3v8jb4kMEC6c4K569/rRjmIEslJD3flDLrRA+vPfHBr04dK2SGvLjvrHBIrXHQIZocWGREtvHN+SrG3t/s6+0oH9C9I3iiYxbs3AZor4Y82e1/B/i0stV6LjnnvPStLARV9MvCraFp8uiRKAsJr6agzQ5SscQixHh+5dKzh1085ZZ9Kl9I7muTOCSIpwRjtxQMCUwd7StB6mS3hNXveSpVWtFnZpl7GzHb7yQFSKUzVS1vaAmqvHPJw9AnuT+H9WU1VmLbQh7y1a0ZGq6FBkzOTNU/7++C4kDIWKcVizfoHOl2P4r4RYraKxxhpQ50ENtnjr8927sZWrPxpIBp7fHOjOmsABtUI4B559FvHkwIzd3GcqV3Jz8tsUvKlUXB5zWALJ8QSa/FjJL3jUXrB7I58Fo7ya1sRiLlEGu8qswT2UYe3nIaahTWXx1s32Y6lhvJKBSGQsjIQhj2rdet3BDzlmfdpM5K2VYizSastvT/tBYubT6IghaDskNKkgmioPok1YTt22GW5ItmqavfiRbWDHmPhhcTmmuqzubCWjlkC6Sn34LWHRTiTajzBBbEJl8KQQQfb+sf+Ju2t7g/hQK/m/A4IeRYBf2Ei1WtLm3+u76hGBxnpABws0tWrMYeldKyPplYXn6NZxIM7rh9GXShjMcXhcYSgMZr0w1IngdEuwX4tXPzz/kkBhIgxaz0QTlWh2EhGrzYRo0J9msiSkItTYpCfM4/Nt9ldiXAe/l4zKszAw6N04tiqNJHGiseC7tLGRWhSMWeALygKLo4owwxoDbr4c8IsgZkB6hhl/xHqGq/X4uRq6xNZZQ4L6TpmzDROmwkziQjDmg6dB6X20DgyeSQ8PfsbIzlAw8B9VOm7N9vALQeIN3cpB4pMtwWMTYYcfJHQz8WacvW7af7kNeYwV5vfVUMZjlvUtnHdVT9beMoURS4Gmjm5+ndCiDVLKWJPgq0Q1X1r1X5UJ7OMOAeAV7n+ZeLy2ns76zv9lPeu65/AJH4P8TipWKDPynof4haEKpOUB7YWZJ4732M7mBrAbgMzKq4MDVlfkO8o+GJuzRwly0Rs32ZVv3Co130aoHck+w9Guuwhn0uAevwW420pq0C9EJ17X8b1We+DYYCwZOkBcjSRDHbbAas+JySftnfKtWe6fI22xsz8+sEpZ8aJOKrKoj+hP4HZPNUlJUD5QALk9uJJTIdT6oKKgRoh82CqkEQVYys7IBqVe50p3lsbN0i2OwmsoN60yR9/wSTOqOamAaQUubuxi2RI5VPzQiPICvpSnppkggQvL2iME1azWuSTJU3Axv3OsftchzkBO6Rb9YbfUSuJbtjhh6XPign3A7SxKi6cxDstPC5N2E6fuunQB+ppMlPb9elYhVXfdc+g+45vM/nBKMzTysJd61uGdFGC3uKzNdbJ28z4j92ogac3UdiZ74fk/o593oGclsQ2NuRjfKanLjdCdIUXLpVYFGt+0AzeseEKCGzcEh8pXDGSrYRDGyP+F+q3vbRli/9JfuyADavIvIz+i+E5+sj4rVIiZHnTY4V1+hZfIgjzIQpFxji4NdymGovscG8MMiFI9ReSyTGGQ/pqQXDHiBC+SGunvp0zicZBuTMS+HwiKIyVNlfDVVftwJW8kiiilnErwVuohBTjKNEA7u6N47gqaJbsKaU84Ob8uKWeiljCVH50WJDATdX7RpEXJ2E+/V4i/3Svl7gj43350reEstMW6JwmPWTp9AHjVGC8v/a7op1zkWOurp59E4kyj8Nv0h1OB5TDQYavSdcAl0svsqNnnsIhEHinvhU+ERFwmdj08t7fl8vYkNzVnznI2SRW/ziCMcpCsVPoSSWr/oZnfURvn4B4KqAsB8CIvK3VGROKqetkE2JcbMGzhErpMGfSyfD4gSlqsBBLjCXAHq0lA7CTfgos29A9+K+/Glnmp6xJZ/INcHuqUok06EpqptXcYPffuI/mVke/Co/uBzuk6aGzv9cldZWfCSTDf6KxoKG8W/x66wGdhdVlWELJSoBe1YpfZCuNUBBK36hD81eOYjW0ZfR3bmCEeQjS3sG5es0/Dbl3/1txnhPhs6Uf+3aTH4UrjxRdoIyO09it96uAdNK95LhbsRJUNm7wwWKSf+wA9N7Gm3PQDj4by46hj8kdOM9/DzvqsazYkeaGnF/f+G7iOThIxURINggHGuYaz9+dbsGTty6ZN2S2Oqq/IKoO0WCtaXY0rAc4UxlgIB5S4ETvP7hSWUrEiz8Sog3SczmJo4FZOIU/DTq&u=U2FsdGVkX19CTFQ4AC2iDJqHmtbRx7XUM0h5sGAerfKcDftWzHVC/TmWRWLjxh8S&y=U2FsdGVkX1/ReUgIJV573Cm2ubQ5XQt141w2bS40aRVQDMQkWwwmgwysONxZYYJh HTTP/1.1" 200 26
186.102.111.8 - - [31/Mar/2024:00:05:07 -0500] "GET /kwssiamovil/sm/acme/a?s=U2FsdGVkX1/k3Mx6sMKl57x5cDhP2mHYnten0Igp12sHDN917tVSX0CyaJEpkqcYU/WhUDhqKEuHLam5VAfRmDkcMFoRUa2deGemrKj9Eq6+RS3xCCfJ/u+fK2vPGgNtwRWH2YwhXsSI5L+dBwMOneQO8atVCjenbKyFuuEx9OA=&u=U2FsdGVkX19CTFQ4AC2iDJqHmtbRx7XUM0h5sGAerfKcDftWzHVC/TmWRWLjxh8S&y=U2FsdGVkX1/ReUgIJV573Cm2ubQ5XQt141w2bS40aRVQDMQkWwwmgwysONxZYYJh HTTP/1.1" 200 26
186.102.111.8 - - [31/Mar/2024:00:05:07 -0500] "GET /kwssiamovil/sm/acme/a?s=U2FsdGVkX1/WzvrGG7bpnoYCUnstcboT0UFqJ132eKfQVP6IvPUAGguS4dt3dWLsyj+I0PsHuLGfupbtK0B30HluT0TYah0sfMgd++68NlB7ZbQFUHmoGgpFzz4w+s4MISuuv1MulsPSCghOjUb5rcfqIlaYaoVMm4Lk7iObXVs=&u=U2FsdGVkX19CTFQ4AC2iDJqHmtbRx7XUM0h5sGAerfKcDftWzHVC/TmWRWLjxh8S&y=U2FsdGVkX1/ReUgIJV573Cm2ubQ5XQt141w2bS40aRVQDMQkWwwmgwysONxZYYJh HTTP/1.1" 200 26
186.102.111.8 - - [31/Mar/2024:00:05:07 -0500] "GET /kwssiamovil/sm/acme/a?s=U2FsdGVkX1/g3wgyJ097M8MMdWyl6uX5Cg+U30kcBJG5/DI8JRHAuQols/Sz0myPgY05FGmLIgrrSm/bQvzwFMEymKC+arbcKpW6P6c4dFxFbndxqSA+1eW25PzXYRtfsKSZ/Fj4dzbTMNnYocamypFz3I86zpKQRrBSd5OAJMU=&u=U2FsdGVkX19CTFQ4AC2iDJqHmtbRx7XUM0h5sGAerfKcDftWzHVC/TmWRWLjxh8S&y=U2FsdGVkX1/ReUgIJV573Cm2ubQ5XQt141w2bS40aRVQDMQkWwwmgwysONxZYYJh HTTP/1.1" 200 26
186.102.111.8 - - [31/Mar/2024:00:05:08 -0500] "GET /kwssiamovil/sm/acme/a?s=U2FsdGVkX1/oaLeByDboG6R2eKFUq6YNNlcwqpLgUAZKcQJ+jTcavxCnQuBlGYQBVHDZQrezmS1wRqXujbE9Q4+XrvFHV17JimtTcIIRKki5I+1Ok/qYQqnJL4VLZgGsgXpA0yJ+9m1sPFIEnfVeYHp2DHal/fbZCbSh1bl8W7RSewqW20yefxMdddW1k4bMSBHXbougF+muCMSN+fRpDA==&u=U2FsdGVkX19CTFQ4AC2iDJqHmtbRx7XUM0h5sGAerfKcDftWzHVC/TmWRWLjxh8S&y=U2FsdGVkX1/ReUgIJV573Cm2ubQ5XQt141w2bS40aRVQDMQkWwwmgwysONxZYYJh HTTP/1.1" 200 26
216.244.66.195 - - [31/Mar/2024:00:05:23 -0500] "GET /BLA/resoluciones/AUTOS%202023/3203.pdf HTTP/1.1" 200 770294
216.244.66.195 - - [31/Mar/2024:00:05:45 -0500] "GET /BLA/resoluciones/AUTOS%202023/3693.pdf HTTP/1.1" 200 454530
172.22.2.4 - - [31/Mar/2024:00:04:10 -0500] "GET /BLA/boletinlegal/ HTTP/1.1" 200 62720
66.249.66.20 - - [31/Mar/2024:00:06:13 -0500] "GET /Publicaciones/2024EE04158.pdf HTTP/1.1" 404 227
40.77.167.60 - - [31/Mar/2024:00:07:07 -0500] "GET /BLA/resoluciones/RESOLUCIONES%202022/2783.pdf HTTP/1.1" 200 408225
216.245.221.92 - - [31/Mar/2024:00:07:59 -0500] "HEAD / HTTP/1.1" 200 -
172.22.2.4 - - [31/Mar/2024:00:06:47 -0500] "HEAD /BLA/boletinlegal/ HTTP/1.1" 200 -
172.22.2.4 - - [31/Mar/2024:00:07:38 -0500] "GET /BLA/boletinlegal/ HTTP/1.1" 200 60380
66.249.66.20 - - [31/Mar/2024:00:09:50 -0500] "GET /BLA/resoluciones/RESOLUCIONES%202010/1451.pdf HTTP/1.1" 200 356600
201.245.192.253 - - [31/Mar/2024:00:09:59 -0500] "POST /kwsrmcab/Wsrmcab  HTTP/1.1" 200 39660
40.77.167.60 - - [31/Mar/2024:00:10:07 -0500] "GET /BLA/resoluciones/RESOLUCIONES%202019/0640.pdf HTTP/1.1" 200 361312
66.249.66.21 - - [31/Mar/2024:00:10:18 -0500] "GET /Publicaciones/2024EE52937.pdf HTTP/1.1" 404 227
66.249.66.20 - - [31/Mar/2024:00:11:16 -0500] "GET /portel_dama/libreria/php/2006/ECOSISTEMAS%20FINAL%20web_mz27/restauracion/sitio/22_proye/xtras_in/3a.pdf HTTP/1.1" 404 1018
66.249.66.19 - - [31/Mar/2024:00:11:48 -0500] "GET /BLA/resoluciones/RESOLUCIONES%202010/5876.pdf HTTP/1.1" 200 142306
216.244.66.195 - - [31/Mar/2024:00:11:55 -0500] "GET /robots.txt HTTP/1.1" 404 1018
66.249.66.19 - - [31/Mar/2024:00:12:09 -0500] "GET /BLA/resoluciones/RESOLUCIONES%202009/3475.pdf HTTP/1.1" 200 479349
40.77.167.75 - - [31/Mar/2024:00:12:28 -0500] "GET /BLA/resoluciones/RESOLUCIONES%202018/2474.pdf HTTP/1.1" 200 559201
172.22.2.4 - - [31/Mar/2024:00:12:40 -0500] "GET /BLA/boletinlegal/img/0.png HTTP/1.1" 200 110
216.245.221.92 - - [31/Mar/2024:00:12:59 -0500] "HEAD / HTTP/1.1" 200 -
40.77.167.75 - - [31/Mar/2024:00:13:09 -0500] "GET /BLA/resoluciones/RESOLUCIONES%202017/0833.pdf HTTP/1.1" 200 303864
66.249.66.21 - - [31/Mar/2024:00:13:12 -0500] "GET /BLA/resoluciones/RESOLUCIONES%202009/5643.pdf HTTP/1.1" 200 675432
40.77.167.61 - - [31/Mar/2024:00:13:13 -0500] "GET /BLA/resoluciones/RESOLUCIONES%202018/0469.pdf HTTP/1.1" 200 395724
172.22.2.4 - - [31/Mar/2024:00:12:18 -0500] "HEAD /BLA/boletinlegal/ HTTP/1.1" 200 -
172.22.2.4 - - [31/Mar/2024:00:12:38 -0500] "HEAD /BLA/boletinlegal/ HTTP/1.1" 200 -
52.167.144.16 - - [31/Mar/2024:00:14:54 -0500] "GET /BLA/resoluciones/RESOLUCIONES%202017/3270.pdf HTTP/1.1" 200 391178
201.245.192.253 - - [31/Mar/2024:00:14:58 -0500] "POST /kwsrmcab/Wsrmcab  HTTP/1.1" 200 39660
172.22.2.4 - - [31/Mar/2024:00:13:29 -0500] "GET /BLA/boletinlegal/ HTTP/1.1" 200 54913
66.249.66.21 - - [31/Mar/2024:00:16:21 -0500] "GET /BLA/resoluciones/RESOLUCIONES%202010/6869.pdf HTTP/1.1" 200 188608
152.61.192.232 - - [31/Mar/2024:00:16:26 -0500] "GET / HTTP/1.1" 200 319
40.77.167.52 - - [31/Mar/2024:00:16:58 -0500] "GET /BLA/resoluciones/RESOLUCIONES%202017/1758.pdf HTTP/1.1" 200 488259
66.249.66.21 - - [31/Mar/2024:00:17:15 -0500] "GET /resoluciones/RESOLUCIONES%202007/RES%202007%20201%20AL%20300/RESOLUCION%200202%20DE%202007.pdf HTTP/1.1" 404 1018
216.245.221.92 - - [31/Mar/2024:00:17:59 -0500] "HEAD / HTTP/1.1" 200 -
40.77.167.71 - - [31/Mar/2024:00:19:42 -0500] "GET /BLA/resoluciones/RESOLUCIONES%202017/0940.pdf HTTP/1.1" 200 403154
201.245.192.253 - - [31/Mar/2024:00:19:12 -0500] "POST /kwsrmcab/Wsrmcab HTTP/1.1" 200 39741
201.245.192.253 - - [31/Mar/2024:00:19:44 -0500] "POST /kwsrmcab/Wsrmcab HTTP/1.1" 200 39266
201.245.192.253 - - [31/Mar/2024:00:19:54 -0500] "POST /kwsrmcab/Wsrmcab HTTP/1.1" 200 39428
201.245.192.253 - - [31/Mar/2024:00:19:56 -0500] "POST /kwsrmcab/Wsrmcab  HTTP/1.1" 200 39660
172.22.2.4 - - [31/Mar/2024:00:18:28 -0500] "HEAD /BLA/boletinlegal/ HTTP/1.1" 200 -
52.167.144.16 - - [31/Mar/2024:00:20:23 -0500] "GET /BLA/resoluciones/RESOLUCIONES%202017/1336.pdf HTTP/1.1" 200 387411
201.245.192.253 - - [31/Mar/2024:00:20:40 -0500] "POST /kwsrmcab/Wsrmcab HTTP/1.1" 200 39266
173.252.83.1 - - [31/Mar/2024:00:20:57 -0500] "GET /images/27%20de%20enero%20Soratama.jpg HTTP/1.1" 200 63397
172.22.2.4 - - [31/Mar/2024:00:19:19 -0500] "GET /BLA/boletinlegal/ HTTP/1.1" 200 53419
40.77.167.52 - - [31/Mar/2024:00:21:09 -0500] "GET /BLA/resoluciones/RESOLUCIONES%202016/1327.pdf HTTP/1.1" 200 1037346
66.249.66.19 - - [31/Mar/2024:00:21:16 -0500] "GET /resoluciones/RESOLUCIONES%202009/7800.pdf HTTP/1.1" 404 1018
52.167.144.16 - - [31/Mar/2024:00:22:03 -0500] "GET /BLA/resoluciones/RESOLUCIONES%202016/1645.pdf HTTP/1.1" 200 1394955
52.167.144.16 - - [31/Mar/2024:00:22:14 -0500] "GET /BLA/resoluciones/RESOLUCIONES%202018/1636.pdf HTTP/1.1" 200 353389
185.242.226.99 - - [31/Mar/2024:00:22:22 -0500] "GET / HTTP/1.1" 200 319
52.167.144.16 - - [31/Mar/2024:00:22:33 -0500] "GET /BLA/resoluciones/RESOLUCIONES%202019/0635.pdf HTTP/1.1" 200 301427
40.77.167.59 - - [31/Mar/2024:00:22:39 -0500] "GET /BLA/resoluciones/RESOLUCIONES%202016/2222.pdf HTTP/1.1" 200 593622
87.121.69.52 - - [31/Mar/2024:00:22:48 -0500] "CONNECT google.com:443 HTTP/1.1" 405 938
216.245.221.92 - - [31/Mar/2024:00:22:59 -0500] "HEAD / HTTP/1.1" 200 -
66.249.66.19 - - [31/Mar/2024:00:23:05 -0500] "GET /BLA/resoluciones/RESOLUCIONES%202008/2121.pdf HTTP/1.1" 200 579017
40.77.167.71 - - [31/Mar/2024:00:23:31 -0500] "GET /BLA/resoluciones/RESOLUCIONES%202018/0470.pdf HTTP/1.1" 200 401664
40.77.167.136 - - [31/Mar/2024:00:24:00 -0500] "GET /BLA/resoluciones/RESOLUCIONES%202016/2267.pdf HTTP/1.1" 200 446931
173.252.95.118 - - [31/Mar/2024:00:24:05 -0500] "GET /images/FEP%20SDA%20(1)%20(1).jpeg HTTP/1.1" 200 53469
52.167.144.16 - - [31/Mar/2024:00:24:11 -0500] "GET /BLA/resoluciones/AUTOS%202021/4973.pdf HTTP/1.1" 304 -
52.167.144.16 - - [31/Mar/2024:00:24:12 -0500] "GET /BLA/resoluciones/RESOLUCIONES%202021/4343.pdf HTTP/1.1" 200 479214
173.252.83.6 - - [31/Mar/2024:00:24:25 -0500] "GET /festival-estereo-picnic-la-secretaria-de-ambiente-emite-recomendaciones-a-organizadores-y-asistentes-para-que-sea-un-evento-ambientalmente-responsable.html HTTP/1.1" 200 1053
47.128.125.157 - - [31/Mar/2024:00:24:25 -0500] "GET /BLA/resoluciones/AUTOS%202021/0245.php?act=f&base64=4&d=E%3A%5Cnuevo%5Chtdocs%5CBLA%5Cresoluciones%5CAUTOS+2021%5C&f=2473.pdf&ft=info HTTP/1.1" 200 3876
47.128.125.157 - - [31/Mar/2024:00:24:26 -0500] "GET /BLA/resoluciones/AUTOS%202021/0245.php?act=img&img=ext_ini HTTP/1.1" 200 134
47.128.125.157 - - [31/Mar/2024:00:24:26 -0500] "GET /BLA/resoluciones/AUTOS%202021/0245.php?act=img&img=ext_exe HTTP/1.1" 200 118
47.128.125.157 - - [31/Mar/2024:00:24:26 -0500] "GET /BLA/resoluciones/AUTOS%202021/0245.php?act=img&img=ext_html HTTP/1.1" 200 230
47.128.125.157 - - [31/Mar/2024:00:24:26 -0500] "GET /BLA/resoluciones/AUTOS%202021/0245.php?act=img&img=ext_txt HTTP/1.1" 200 132
47.128.125.157 - - [31/Mar/2024:00:24:26 -0500] "GET /BLA/resoluciones/AUTOS%202021/0245.php?act=img&img=ext_diz HTTP/1.1" 200 1027
47.128.125.157 - - [31/Mar/2024:00:24:26 -0500] "GET /BLA/resoluciones/AUTOS%202021/0245.php?act=img&img=ext_gif HTTP/1.1" 200 175
47.128.125.157 - - [31/Mar/2024:00:24:27 -0500] "GET /BLA/resoluciones/AUTOS%202021/0245.php?act=img&img=ext_rtf HTTP/1.1" 200 164
47.128.125.157 - - [31/Mar/2024:00:24:27 -0500] "GET /BLA/resoluciones/AUTOS%202021/0245.php?act=img&img=ext_pdf HTTP/1.1" 200 1034
47.128.125.157 - - [31/Mar/2024:00:24:27 -0500] "GET /BLA/resoluciones/AUTOS%202021/0245.php?act=img&img=download HTTP/1.1" 200 161
47.128.125.157 - - [31/Mar/2024:00:24:27 -0500] "GET /BLA/resoluciones/AUTOS%202021/0245.php?act=img&img=change HTTP/1.1" 200 290
173.252.127.119 - - [31/Mar/2024:00:24:28 -0500] "GET /festival-estereo-picnic-la-secretaria-de-ambiente-emite-recomendaciones-a-organizadores-y-asistentes-para-que-sea-un-evento-ambientalmente-responsable.html HTTP/1.1" 200 1053
18.188.58.35 - - [31/Mar/2024:00:24:50 -0500] "GET /ai.txt?t=1711847074.35325 HTTP/1.1" 404 1035
47.128.32.190 - - [31/Mar/2024:00:24:50 -0500] "GET /BLA/resoluciones/AUTOS%202021/0245.php?act=f&d=E%3A%5Cnuevo%5Chtdocs%5Ccumbreclima%5Cwp-admin%5C&f=ms-options.php&ft=html&white=1 HTTP/1.1" 200 186
18.188.58.35 - - [31/Mar/2024:00:24:50 -0500] "GET /.well-known/ai.txt?t=1711847074.35325 HTTP/1.1" 404 1035
201.245.192.253 - - [31/Mar/2024:00:24:55 -0500] "POST /kwsrmcab/Wsrmcab  HTTP/1.1" 200 39660
66.249.66.20 - - [31/Mar/2024:00:24:55 -0500] "GET /BLA/resoluciones/RESOLUCIONES%202010/2653.pdf HTTP/1.1" 200 337860
47.128.39.79 - - [31/Mar/2024:00:25:14 -0500] "GET /BLA/resoluciones/AUTOS%202021/0245.php?act=f&d=E%3A%5Cnuevo%5Chtdocs%5Chuelladecarbono&f=logo-camiseta.html HTTP/1.1" 200 3203
47.128.39.79 - - [31/Mar/2024:00:25:15 -0500] "GET /BLA/resoluciones/AUTOS%202021/0245.php?act=img&img=ext_txt HTTP/1.1" 200 132
47.128.39.79 - - [31/Mar/2024:00:25:15 -0500] "GET /BLA/resoluciones/AUTOS%202021/0245.php?act=img&img=ext_diz HTTP/1.1" 200 1027
47.128.39.79 - - [31/Mar/2024:00:25:15 -0500] "GET /BLA/resoluciones/AUTOS%202021/0245.php?act=img&img=ext_gif HTTP/1.1" 200 175
47.128.39.79 - - [31/Mar/2024:00:25:15 -0500] "GET /BLA/resoluciones/AUTOS%202021/0245.php?act=img&img=ext_html HTTP/1.1" 200 230
47.128.39.79 - - [31/Mar/2024:00:25:15 -0500] "GET /BLA/resoluciones/AUTOS%202021/0245.php?act=img&img=ext_ini HTTP/1.1" 200 134
47.128.39.79 - - [31/Mar/2024:00:25:15 -0500] "GET /BLA/resoluciones/AUTOS%202021/0245.php?act=img&img=ext_exe HTTP/1.1" 200 118
47.128.39.79 - - [31/Mar/2024:00:25:15 -0500] "GET /BLA/resoluciones/AUTOS%202021/0245.php?act=img&img=ext_rtf HTTP/1.1" 200 164
47.128.39.79 - - [31/Mar/2024:00:25:15 -0500] "GET /BLA/resoluciones/AUTOS%202021/0245.php?act=img&img=download HTTP/1.1" 200 161
47.128.39.79 - - [31/Mar/2024:00:25:15 -0500] "GET /BLA/resoluciones/AUTOS%202021/0245.php?act=img&img=change HTTP/1.1" 200 290
40.77.167.71 - - [31/Mar/2024:00:25:42 -0500] "GET /BLA/resoluciones/RESOLUCIONES%202019/0641.pdf HTTP/1.1" 200 353018
172.22.2.4 - - [31/Mar/2024:00:24:19 -0500] "HEAD /BLA/boletinlegal/ HTTP/1.1" 200 -
146.19.24.28 - - [31/Mar/2024:00:26:11 -0500] "GET / HTTP/1.1" 200 319
172.22.2.4 - - [31/Mar/2024:00:25:09 -0500] "GET /BLA/boletinlegal/ HTTP/1.1" 200 58720
216.245.221.92 - - [31/Mar/2024:00:27:59 -0500] "HEAD / HTTP/1.1" 200 -
185.224.128.43 - - [31/Mar/2024:00:28:00 -0500] "GET / HTTP/1.1" 200 319
152.203.115.80 - - [31/Mar/2024:00:28:00 -0500] "GET /BLA/resoluciones/RESOLUCIONES%202012/0295.pdf HTTP/1.1" 200 197186
52.167.144.21 - - [31/Mar/2024:00:28:02 -0500] "GET /BLA/resoluciones/RESOLUCIONES%202018/1424.pdf HTTP/1.1" 200 393362
69.63.189.2 - - [31/Mar/2024:00:28:15 -0500] "GET /festival-estereo-picnic-la-secretaria-de-ambiente-emite-recomendaciones-a-organizadores-y-asistentes-para-que-sea-un-evento-ambientalmente-responsable.html HTTP/1.1" 200 1053
69.63.189.17 - - [31/Mar/2024:00:28:15 -0500] "GET /festival-estereo-picnic-la-secretaria-de-ambiente-emite-recomendaciones-a-organizadores-y-asistentes-para-que-sea-un-evento-ambientalmente-responsable.html HTTP/1.1" 200 1053
186.102.111.8 - - [31/Mar/2024:00:28:44 -0500] "GET /kwssiamovil/sm/acme/a?s=U2FsdGVkX1/c1ngQQrqnW8GMb69sEM/AnTuV6AYpojUVxyEOI/jajt+IyrsdhWx12Tp8xV8zcwkyRiHkQ2q3eSjPRKn3lfIfODaV9SoEnoSHV3VcbKXnlQIqYBRhiht4HC5+l3dRflMMTVKbBatCDZkZYG4STMCCkkzMocCQ3HFC0WCqD9I5+7IuxD4045bjeh3q5lxxwqBUes+9oeI0NHqqNCABXIP/AV7CyNhHoHjMpa3OkQ5eM3gY6EyOhp0o+yQkvwDwNUD6CwomASI3iA==&u=U2FsdGVkX19CTFQ4AC2iDJqHmtbRx7XUM0h5sGAerfKcDftWzHVC/TmWRWLjxh8S&y=U2FsdGVkX1/ReUgIJV573Cm2ubQ5XQt141w2bS40aRVQDMQkWwwmgwysONxZYYJh HTTP/1.1" 200 26
186.102.111.8 - - [31/Mar/2024:00:28:45 -0500] "GET /kwssiamovil/sm/acme/a?s=U2FsdGVkX18jVw5L40umP+Bg7RNLY0ubdNqlNYMEyf8YOLMB7ADbUAqguu2enJnfvmdnp0si0mmrx3Av7YU+XG5w471AiFNYud70zpx46fio9puxc4SkNTS+4XBFMXKTnjZOgTb9KmO/IQk0u3Hoqt3Lj2ns9yoKXtaUd+YdyVBaixUf1C/Q3QZVRZxaXvnWbGLAbEp4b3hja0peUfieyehXcgCykykoBS5b8TbsV+MC9OsPYIioPewyN7BJAl5MiRMJZQvchd5ngDScUndgkhL4NQVFeaqJv083B8thZAMCbwVhPb7IBbUsS9vZjBCG3ZSeXEmWR9eaUy/YMKwgNHGQ/gFMA8nucJBO/w7Wr8eDrfwUfhAHrsKyYWw+hxi1P2JUFI6LCqqe/0CHI3ySQHeHTu3Z7EwdtiTJCHlOBrj/eZbcBgOQlK+I2n009MFPXtg+bR3CrmVBJMUNDNSTKL0JjOWtZym0C4D0EdIsAGMl3KOxlJbwCstSnN8LCvggBhh3cGcM9SlSFvMFhXeCvVyfRA3CAwPj5qfnsmtjqMx3Ly2PSfP3NvcCx6zDcpG1yGABxJrq99TNcp1EaO8WXNib9cVHCY3dr/IGH2KpjMO83msKbLOt7MCvGN1yOBspJQxiXtzXaBgI3hID9PKjieuJWpFUJFQG/C4SkO+LwcghFTbaaPq0S6e4ivUMb5yIKX2cOcYwjQM6WWhAcyyaX0lYwSXJhO9voXbA277a+N+MYdn/NJ80WQEKk0/eG2hRnUB2YqSSY8OOb3rcghOpsj0mPfuko5Cs7ShtJHfBSi+EXcnV5YRKR7XDwZdOl8J0AvA4bDrLsR4RkFSMWWGIVdb1J7q0DtJd+AvzWZfO7nxw8PLmVckv6tWlGnhA2fpC+8h2H5xqdhKctcFTw0NJxdV2ocXbm76NEumQCLCrd+8HYjLKLCjKZK2SiO+eYQtLCJyt9I+NABEZ4QwW3dogshMHmpONgdzVuqRkjhT7szjbeaPwLrSlRyw6BcPCfXkurLsfJqqj9jS319vMEBOPObhY5DgNUaGPlXbpg7mOqZM+C+pFUSFr7ayVjga6wVPTNoCsZlon3fnB88pqBXEDnovEUZHDhgBQAQ5C6jyEc/aj88pmMvIUaRFIeaPDD1FU74hS0xH6/tpIhlH/lt1aZu2SKNL6mYNX/f7oBui0wGkGjL+7+gtsZsvZ4zBKm4IGIDzJDq7VlUBjAMmMIrpu27IT38kYvutnvcjnTl3oNgvZ/AHvB3r/mEolFZ/8oXLmWnw1YKYlVFCVD5WgtuX1RucUow8N3ooRLgTF7bqqQGZKxX/g31O5B6g2NBihUCzVxFX1JEh13rXvTNibaiR4RoGm1dxNxs6bpLqcLRMKVpkClvWblbZdnAbSFEwLgRtzMDpo54Gkr2WE3oJDy6lIndGJGZX9I4YwaMOxW4tvFu/XRe5XoS5q9qU6HNF6ssvs8vvmz1oPnPFTL1yYXP72N4Qtbitk9/vD3A6xOwRfQLByWTT/fYhT3+h27DD91BsInBpXpnt671az9Q7fIIcmC93CZwPBYU/+7CTKoJSSVDcvCfMwEbcLJEiz0JewZ7lXBHTvcGpIjj1AYMZYj78A3yn1AB2vgV2kNySsxmQn3nX+N+PSp6/ZS3RBJPbqlxBMQCguhbz44UUhNyEhpxsSfrPmKvAC07OM8aMGSVtP2dpz/agxvDHdEbzhaBBY1XTTfL62X96+igt31aCn+GJ8YUVq2Cv/XtXWuRz9Z9SlDRcYSvXUbxFH7OjdM0sHw9lZVIG9voL2vwR+fC4vfju2muXivhKTqU25vGTEf38IePMXoohnS+BQwLnPPLa6SVmDaH06yuz8dirCUZPHY50X09PPP9sNJ4zvXFKTPbP87/Q6Yff/Y7nWDu3lR0f9dMvvwHjCZ3H20swL2lVp5OjcgaUNfB7KERAjoSfNTK4DS8kwhbz8UaLJkcDAEfipzueZw2VzHl0rRhIKCCjJs6rwa5npspy7uykPzYwjiSFiCK2QJvrvYUj/EsOQfNdfIkBOIkgFQzFloZbJFxEL5RWSEkxo72N7LbjBxAZPGk7MnWEtD2VPdjSA7KMAD1LVCYIB4w3LvnC5Qsu8IrwNj8fCBlTQ3YaYS7vRyqRjE4Jl6jr7ZiAheHp58L3ELNuQhmgu1BI+1kRXniEgQJVl9MivXZWcfcE+VxyfWOImTG+XS+FyIzNpyRKwThhDmwzQwQ04njcUNm1s9gFQNWnRRy7fCijsnkELGfVzXl/g56WJTm41mgELsMvUJJxEmSH+USJMxn74wX+wilQGuyW46u+UjmaB41+0RdCRnCeOscw3pY8p8271+NrWNuJlHwbIHcJntmTpetjn8XyayhEewNI9ILaSgC/gd0I5lo5ws5z9gZGI9C+PygJ6tWrCJkAxfXdAA3oAiP1p2iCPx0WoleFFqNDxppPvloD+pW89GlwXRfhHfiC5lfXv8SSog1zhy8tIK8zQA4clQxc/phhs+lleLy11Uuz0sJLas0y4+RLjO6auvAQkvHhP8iix59Qok6kf&u=U2FsdGVkX19CTFQ4AC2iDJqHmtbRx7XUM0h5sGAerfKcDftWzHVC/TmWRWLjxh8S&y=U2FsdGVkX1/ReUgIJV573Cm2ubQ5XQt141w2bS40aRVQDMQkWwwmgwysONxZYYJh HTTP/1.1" 200 26
186.102.111.8 - - [31/Mar/2024:00:28:45 -0500] "GET /kwssiamovil/sm/acme/a?s=U2FsdGVkX19PlQiSMkgzcJcIoYuFBrL6OZNn0iGzQXNsx5HaFQ36Xp0Ep+AJV5ziremDoraMrGtdqMgb1M6fhgQVKZ+5MM+/PU1UCtHYKPEH8fT/B9cLELnqkLemhiH6CBCrnSRyUfq/e5AuuGRJfIOn6Tr+HAhcwssgzMcEblo=&u=U2FsdGVkX19CTFQ4AC2iDJqHmtbRx7XUM0h5sGAerfKcDftWzHVC/TmWRWLjxh8S&y=U2FsdGVkX1/ReUgIJV573Cm2ubQ5XQt141w2bS40aRVQDMQkWwwmgwysONxZYYJh HTTP/1.1" 200 26
186.102.111.8 - - [31/Mar/2024:00:28:45 -0500] "GET /kwssiamovil/sm/acme/a?s=U2FsdGVkX1/o2W3L37UBBDFE398VwBb5UWwU7p3K5FKjVGfr2ReYQAgfbGKj+2LfjKfu6DmpEW+6Unahu/SoyMJiN0cUdzsKmjWQT6xquhbHUxB3mNjfc8IVherCaBJHX1sCjZVsx0MpkdOb1w0RA/CJ1ZFKPa1F5IFG/H5i8f8=&u=U2FsdGVkX19CTFQ4AC2iDJqHmtbRx7XUM0h5sGAerfKcDftWzHVC/TmWRWLjxh8S&y=U2FsdGVkX1/ReUgIJV573Cm2ubQ5XQt141w2bS40aRVQDMQkWwwmgwysONxZYYJh HTTP/1.1" 200 26
186.102.111.8 - - [31/Mar/2024:00:28:46 -0500] "GET /kwssiamovil/sm/acme/a?s=U2FsdGVkX18j5Nutf322/N2jQqeuzC78qE4Xk5bMa8hF+rNV24oYjAbDw/lO734NvNsPd9tqI02fgerFLCbYBssAegCHrLWQOccnx8XzkiUb3c0itLshrJknYugfA7nr0ZztKSS6Fi+wdK9WbCtdYYhVLuNMH7Id6WrHXKKELAQ=&u=U2FsdGVkX19CTFQ4AC2iDJqHmtbRx7XUM0h5sGAerfKcDftWzHVC/TmWRWLjxh8S&y=U2FsdGVkX1/ReUgIJV573Cm2ubQ5XQt141w2bS40aRVQDMQkWwwmgwysONxZYYJh HTTP/1.1" 200 26
186.102.111.8 - - [31/Mar/2024:00:28:46 -0500] "GET /kwssiamovil/sm/acme/a?s=U2FsdGVkX1/ajJqkXLoy1M1wmY18tuBlttUg9+hTyoBpREBCg7EhBs+O7k/ydyqhAeu6+27z95hOb2DV9M2CwtSk4t9iFoFBUcblGqD9W6b7MvsyXZ/t7xpjnTDkqEA29ke06K+3Pd8iTlDbNkqAcJekndEsnwCv2C1yeOAY50Oohp7mOrguk5QdD7OduSz0cVGkR4urMwm0qIUt+ZAhbQ==&u=U2FsdGVkX19CTFQ4AC2iDJqHmtbRx7XUM0h5sGAerfKcDftWzHVC/TmWRWLjxh8S&y=U2FsdGVkX1/ReUgIJV573Cm2ubQ5XQt141w2bS40aRVQDMQkWwwmgwysONxZYYJh HTTP/1.1" 200 26
152.61.128.50 - - [31/Mar/2024:00:29:12 -0500] "GET / HTTP/1.1" 200 319
201.245.192.253 - - [31/Mar/2024:00:29:12 -0500] "POST /kwsrmcab/Wsrmcab HTTP/1.1" 200 39741
201.245.192.253 - - [31/Mar/2024:00:29:13 -0500] "POST /kwsrmcab/Wsrmcab HTTP/1.1" 200 39266
172.22.2.4 - - [31/Mar/2024:00:29:51 -0500] "GET /BLA/boletinlegal/Circulares/2013/Circular%20No.%206%20del%2019%20de%20julio%20de%202013.pdf HTTP/1.1" 304 -
201.245.192.253 - - [31/Mar/2024:00:29:53 -0500] "POST /kwsrmcab/Wsrmcab  HTTP/1.1" 200 39660
201.245.192.253 - - [31/Mar/2024:00:29:55 -0500] "POST /kwsrmcab/Wsrmcab HTTP/1.1" 200 39428
52.167.144.221 - - [31/Mar/2024:00:30:23 -0500] "GET /BLA/resoluciones/RESOLUCIONES%202019/2703.pdf HTTP/1.1" 200 355923
172.22.2.4 - - [31/Mar/2024:00:30:09 -0500] "HEAD /BLA/boletinlegal/ HTTP/1.1" 200 -
201.245.192.253 - - [31/Mar/2024:00:30:37 -0500] "POST /kwsrmcab/Wsrmcab HTTP/1.1" 200 36046
216.244.66.195 - - [31/Mar/2024:00:32:31 -0500] "GET /BLA/resoluciones/AUTOS%202010/3106.pdf HTTP/1.1" 200 420467
172.22.2.4 - - [31/Mar/2024:00:31:00 -0500] "GET /BLA/boletinlegal/ HTTP/1.1" 200 60380
52.167.144.221 - - [31/Mar/2024:00:32:54 -0500] "GET /BLA/resoluciones/RESOLUCIONES%202018/1887.pdf HTTP/1.1" 200 437438
216.245.221.92 - - [31/Mar/2024:00:32:59 -0500] "HEAD / HTTP/1.1" 200 -
52.167.144.145 - - [31/Mar/2024:00:33:18 -0500] "GET /BLA/resoluciones/RESOLUCIONES%202021/5262.pdf HTTP/1.1" 304 -
216.244.66.195 - - [31/Mar/2024:00:33:18 -0500] "GET /BLA/resoluciones/AUTOS%202019/0099.pdf HTTP/1.1" 200 319524
52.167.144.145 - - [31/Mar/2024:00:34:00 -0500] "GET /BLA/resoluciones/RESOLUCIONES%202021/0909.pdf HTTP/1.1" 200 507342
216.244.66.195 - - [31/Mar/2024:00:34:00 -0500] "GET /BLA/resoluciones/AUTOS%202019/0100.pdf HTTP/1.1" 200 252122
216.244.66.195 - - [31/Mar/2024:00:34:36 -0500] "GET /BLA/resoluciones/AUTOS%202019/1745.pdf HTTP/1.1" 200 256347
216.244.66.195 - - [31/Mar/2024:00:35:07 -0500] "GET /BLA/resoluciones/AUTOS%202019/1756.pdf HTTP/1.1" 200 255298
216.244.66.195 - - [31/Mar/2024:00:35:46 -0500] "GET /BLA/resoluciones/AUTOS%202019/2051.pdf HTTP/1.1" 200 257157
201.245.192.253 - - [31/Mar/2024:00:36:01 -0500] "POST /kwsrmcab/Wsrmcab  HTTP/1.1" 200 39660
199.45.154.23 - - [31/Mar/2024:00:36:24 -0500] "GET /portaldeninos HTTP/1.1" 404 1035
199.45.154.23 - - [31/Mar/2024:00:36:26 -0500] "PRI * HTTP/2.0" 400 946
201.245.192.253 - - [31/Mar/2024:00:34:52 -0500] "POST /kwsrmcab/Wsrmcab  HTTP/1.1" 200 24901
216.244.66.195 - - [31/Mar/2024:00:36:31 -0500] "GET /BLA/resoluciones/AUTOS%202019/2637.pdf HTTP/1.1" 200 269938
201.245.192.253 - - [31/Mar/2024:00:37:04 -0500] "POST /kwsrmcab/Wsrmcab  HTTP/1.1" 200 39660
216.244.66.195 - - [31/Mar/2024:00:37:13 -0500] "GET /BLA/resoluciones/AUTOS%202019/2843.pdf HTTP/1.1" 200 342140
172.22.2.4 - - [31/Mar/2024:00:35:59 -0500] "HEAD /BLA/boletinlegal/ HTTP/1.1" 200 -
47.128.26.59 - - [31/Mar/2024:00:37:42 -0500] "GET /BLA/resoluciones/AUTOS%202021/0245.php?act=chmod&d=E%3A%5Cnuevo%5CMercuryMail&f=DAEMONS HTTP/1.1" 200 2844
216.244.66.195 - - [31/Mar/2024:00:37:57 -0500] "GET /BLA/resoluciones/AUTOS%202019/2873.pdf HTTP/1.1" 200 340571
216.245.221.92 - - [31/Mar/2024:00:37:59 -0500] "HEAD / HTTP/1.1" 200 -
47.128.22.138 - - [31/Mar/2024:00:38:06 -0500] "GET /BLA/resoluciones/AUTOS%202021/0245.php?act=f&d=E%3A%5Cnuevo%5Cmailoutput&f=mail-20150714-2013-377000.txt HTTP/1.1" 200 3396
47.128.22.138 - - [31/Mar/2024:00:38:07 -0500] "GET /BLA/resoluciones/AUTOS%202021/0245.php?act=img&img=download HTTP/1.1" 200 161
47.128.22.138 - - [31/Mar/2024:00:38:07 -0500] "GET /BLA/resoluciones/AUTOS%202021/0245.php?act=img&img=ext_diz HTTP/1.1" 200 1027
47.128.22.138 - - [31/Mar/2024:00:38:07 -0500] "GET /BLA/resoluciones/AUTOS%202021/0245.php?act=img&img=ext_exe HTTP/1.1" 200 118
47.128.22.138 - - [31/Mar/2024:00:38:07 -0500] "GET /BLA/resoluciones/AUTOS%202021/0245.php?act=img&img=ext_gif HTTP/1.1" 200 175
47.128.22.138 - - [31/Mar/2024:00:38:07 -0500] "GET /BLA/resoluciones/AUTOS%202021/0245.php?act=img&img=ext_txt HTTP/1.1" 200 132
47.128.22.138 - - [31/Mar/2024:00:38:07 -0500] "GET /BLA/resoluciones/AUTOS%202021/0245.php?act=img&img=ext_html HTTP/1.1" 200 230
47.128.22.138 - - [31/Mar/2024:00:38:07 -0500] "GET /BLA/resoluciones/AUTOS%202021/0245.php?act=img&img=change HTTP/1.1" 200 290
47.128.22.138 - - [31/Mar/2024:00:38:07 -0500] "GET /BLA/resoluciones/AUTOS%202021/0245.php?act=img&img=ext_rtf HTTP/1.1" 200 164
47.128.22.138 - - [31/Mar/2024:00:38:07 -0500] "GET /BLA/resoluciones/AUTOS%202021/0245.php?act=img&img=ext_ini HTTP/1.1" 200 134
47.128.21.95 - - [31/Mar/2024:00:38:30 -0500] "GET /BLA/resoluciones/AUTOS%202021/0245.php?act=cmd&d=E%3A%5Cnuevo%5Chtdocs%5CBLA%5Cresoluciones%5CAUTOS+2010%5C HTTP/1.1" 200 2773
172.22.2.4 - - [31/Mar/2024:00:36:50 -0500] "GET /BLA/boletinlegal/ HTTP/1.1" 200 58273
216.244.66.195 - - [31/Mar/2024:00:38:42 -0500] "GET /BLA/resoluciones/AUTOS%202019/3518.pdf HTTP/1.1" 200 332833
47.128.112.105 - - [31/Mar/2024:00:38:54 -0500] "GET /BLA/resoluciones/AUTOS%202021/0245.php?act=ls&d=E%3A%5Cnuevo%5Chtdocs%5CAnexos+estudio+Organizacional+SDA%5C&sort=2a HTTP/1.1" 200 4405
47.128.112.105 - - [31/Mar/2024:00:38:55 -0500] "GET /BLA/resoluciones/AUTOS%202021/0245.php?act=img&img=ext_php HTTP/1.1" 200 79
47.128.112.105 - - [31/Mar/2024:00:38:55 -0500] "GET /BLA/resoluciones/AUTOS%202021/0245.php?act=img&img=arrow_ltr HTTP/1.1" 200 88
201.245.192.253 - - [31/Mar/2024:00:39:12 -0500] "POST /kwsrmcab/Wsrmcab HTTP/1.1" 200 39745
201.245.192.253 - - [31/Mar/2024:00:39:16 -0500] "POST /kwsrmcab/Wsrmcab HTTP/1.1" 200 39266
47.128.22.106 - - [31/Mar/2024:00:39:19 -0500] "GET /BLA/resoluciones/AUTOS%202021/0245.php?act=f&d=E%3A%5Cmod_evasive&f=CHANGELOG HTTP/1.1" 200 2949
47.128.22.106 - - [31/Mar/2024:00:39:19 -0500] "GET /BLA/resoluciones/AUTOS%202021/0245.php?act=img&img=ext_rtf HTTP/1.1" 200 164
47.128.22.106 - - [31/Mar/2024:00:39:20 -0500] "GET /BLA/resoluciones/AUTOS%202021/0245.php?act=img&img=ext_gif HTTP/1.1" 200 175
47.128.22.106 - - [31/Mar/2024:00:39:20 -0500] "GET /BLA/resoluciones/AUTOS%202021/0245.php?act=img&img=ext_exe HTTP/1.1" 200 118
47.128.22.106 - - [31/Mar/2024:00:39:20 -0500] "GET /BLA/resoluciones/AUTOS%202021/0245.php?act=img&img=ext_diz HTTP/1.1" 200 1027
47.128.22.106 - - [31/Mar/2024:00:39:20 -0500] "GET /BLA/resoluciones/AUTOS%202021/0245.php?act=img&img=ext_html HTTP/1.1" 200 230
47.128.22.106 - - [31/Mar/2024:00:39:20 -0500] "GET /BLA/resoluciones/AUTOS%202021/0245.php?act=img&img=ext_txt HTTP/1.1" 200 132
47.128.22.106 - - [31/Mar/2024:00:39:20 -0500] "GET /BLA/resoluciones/AUTOS%202021/0245.php?act=img&img=ext_ini HTTP/1.1" 200 134
47.128.22.106 - - [31/Mar/2024:00:39:20 -0500] "GET /BLA/resoluciones/AUTOS%202021/0245.php?act=img&img=download HTTP/1.1" 200 161
47.128.22.106 - - [31/Mar/2024:00:39:20 -0500] "GET /BLA/resoluciones/AUTOS%202021/0245.php?act=img&img=ext_changelog HTTP/1.1" 200 1034
47.128.22.106 - - [31/Mar/2024:00:39:20 -0500] "GET /BLA/resoluciones/AUTOS%202021/0245.php?act=img&img=change HTTP/1.1" 200 290
216.244.66.195 - - [31/Mar/2024:00:39:23 -0500] "GET /BLA/resoluciones/AUTOS%202019/3756.pdf HTTP/1.1" 200 268490
47.128.22.28 - - [31/Mar/2024:00:39:43 -0500] "GET /BLA/resoluciones/AUTOS%202021/0245.php?act=chmod&d=E%3A%5Cnuevo%5Cmailoutput&f=mail-20150716-0022-315000.txt HTTP/1.1" 200 2862
201.245.192.253 - - [31/Mar/2024:00:39:54 -0500] "POST /kwsrmcab/Wsrmcab HTTP/1.1" 200 39428
216.244.66.195 - - [31/Mar/2024:00:40:01 -0500] "GET /BLA/resoluciones/AUTOS%202019/4147.pdf HTTP/1.1" 200 286227
47.128.39.40 - - [31/Mar/2024:00:40:08 -0500] "GET /BLA/resoluciones/AUTOS%202021/0245.php?act=f&d=E%3A%5Cnuevo%5Chtdocs%5Ccumbreclima%5Cwp-includes&f=revision.php HTTP/1.1" 200 10989
47.128.39.40 - - [31/Mar/2024:00:40:09 -0500] "GET /BLA/resoluciones/AUTOS%202021/0245.php?act=img&img=ext_gif HTTP/1.1" 200 175
47.128.39.40 - - [31/Mar/2024:00:40:09 -0500] "GET /BLA/resoluciones/AUTOS%202021/0245.php?act=img&img=ext_html HTTP/1.1" 200 230
47.128.39.40 - - [31/Mar/2024:00:40:09 -0500] "GET /BLA/resoluciones/AUTOS%202021/0245.php?act=img&img=ext_txt HTTP/1.1" 200 132
47.128.39.40 - - [31/Mar/2024:00:40:09 -0500] "GET /BLA/resoluciones/AUTOS%202021/0245.php?act=img&img=ext_php HTTP/1.1" 200 79
47.128.39.40 - - [31/Mar/2024:00:40:09 -0500] "GET /BLA/resoluciones/AUTOS%202021/0245.php?act=img&img=ext_diz HTTP/1.1" 200 1027
47.128.39.40 - - [31/Mar/2024:00:40:09 -0500] "GET /BLA/resoluciones/AUTOS%202021/0245.php?act=img&img=ext_exe HTTP/1.1" 200 118
47.128.39.40 - - [31/Mar/2024:00:40:10 -0500] "GET /BLA/resoluciones/AUTOS%202021/0245.php?act=img&img=ext_rtf HTTP/1.1" 200 164
47.128.39.40 - - [31/Mar/2024:00:40:10 -0500] "GET /BLA/resoluciones/AUTOS%202021/0245.php?act=img&img=change HTTP/1.1" 200 290
47.128.39.40 - - [31/Mar/2024:00:40:10 -0500] "GET /BLA/resoluciones/AUTOS%202021/0245.php?act=img&img=download HTTP/1.1" 200 161
47.128.39.40 - - [31/Mar/2024:00:40:10 -0500] "GET /BLA/resoluciones/AUTOS%202021/0245.php?act=img&img=ext_ini HTTP/1.1" 200 134
47.128.18.134 - - [31/Mar/2024:00:40:30 -0500] "GET /BLA/resoluciones/AUTOS%202021/0245.php?act=eval&d=E%3A%5Cnuevo%5Chtdocs%5Cautodeclaracion%5C HTTP/1.1" 200 2733
52.167.144.214 - - [31/Mar/2024:00:40:34 -0500] "GET /BLA/resoluciones/RESOLUCIONES%202019/1787.pdf HTTP/1.1" 200 376562
216.244.66.195 - - [31/Mar/2024:00:40:39 -0500] "GET /BLA/resoluciones/AUTOS%202021/0109.pdf HTTP/1.1" 200 402085
216.244.66.195 - - [31/Mar/2024:00:41:18 -0500] "GET /BLA/resoluciones/AUTOS%202021/0214.pdf HTTP/1.1" 200 428451
52.167.144.214 - - [31/Mar/2024:00:41:34 -0500] "GET /BLA/resoluciones/RESOLUCIONES%202018/1448.pdf HTTP/1.1" 200 366917
216.244.66.195 - - [31/Mar/2024:00:41:52 -0500] "GET /BLA/resoluciones/AUTOS%202021/0537.pdf HTTP/1.1" 200 343910
201.245.192.253 - - [31/Mar/2024:00:40:37 -0500] "POST /kwsrmcab/Wsrmcab HTTP/1.1" 200 14506
201.245.192.253 - - [31/Mar/2024:00:42:03 -0500] "POST /kwsrmcab/Wsrmcab  HTTP/1.1" 200 39660
216.244.66.195 - - [31/Mar/2024:00:42:23 -0500] "GET /BLA/resoluciones/AUTOS%202021/0670.pdf HTTP/1.1" 200 338556
40.77.167.50 - - [31/Mar/2024:00:42:40 -0500] "GET /bla/resoluciones/notificaciones/registros%202021/0892.pdf HTTP/1.1" 304 -
40.77.167.50 - - [31/Mar/2024:00:42:41 -0500] "GET /BLA/resoluciones/RESOLUCIONES%202018/1751.pdf HTTP/1.1" 200 376812
173.252.111.117 - - [31/Mar/2024:00:42:41 -0500] "GET /festival-estereo-picnic-la-secretaria-de-ambiente-emite-recomendaciones-a-organizadores-y-asistentes-para-que-sea-un-evento-ambientalmente-responsable.html HTTP/1.1" 200 1053
216.244.66.195 - - [31/Mar/2024:00:42:56 -0500] "GET /BLA/resoluciones/AUTOS%202021/1345.pdf HTTP/1.1" 200 325359
216.245.221.92 - - [31/Mar/2024:00:42:59 -0500] "HEAD / HTTP/1.1" 200 -
216.244.66.195 - - [31/Mar/2024:00:43:28 -0500] "GET /BLA/resoluciones/AUTOS%202021/1498.pdf HTTP/1.1" 200 981549
172.22.2.4 - - [31/Mar/2024:00:41:49 -0500] "HEAD /BLA/boletinlegal/ HTTP/1.1" 200 -
216.244.66.195 - - [31/Mar/2024:00:44:08 -0500] "GET /BLA/resoluciones/AUTOS%202021/4407.pdf HTTP/1.1" 200 812177
172.22.2.4 - - [31/Mar/2024:00:42:40 -0500] "GET /BLA/boletinlegal/ HTTP/1.1" 200 53818
216.244.66.195 - - [31/Mar/2024:00:44:48 -0500] "GET /BLA/resoluciones/AUTOS%202021/4735.pdf HTTP/1.1" 200 1269240
216.244.66.195 - - [31/Mar/2024:00:45:29 -0500] "GET /BLA/resoluciones/AUTOS%202021/4790.pdf HTTP/1.1" 200 624536
52.167.144.200 - - [31/Mar/2024:00:45:54 -0500] "GET /BLA/resoluciones/RESOLUCIONES%202019/2188.pdf HTTP/1.1" 200 397648
216.244.66.195 - - [31/Mar/2024:00:46:00 -0500] "GET /BLA/resoluciones/AUTOS%202021/5304.pdf HTTP/1.1" 200 902100
216.244.66.195 - - [31/Mar/2024:00:46:31 -0500] "GET /BLA/resoluciones/AUTOS%202023/0048.pdf HTTP/1.1" 200 397946
216.244.66.195 - - [31/Mar/2024:00:46:59 -0500] "GET /BLA/resoluciones/AUTOS%202023/0550.pdf HTTP/1.1" 200 438404
201.245.192.253 - - [31/Mar/2024:00:47:01 -0500] "POST /kwsrmcab/Wsrmcab  HTTP/1.1" 200 39660
216.244.66.195 - - [31/Mar/2024:00:47:27 -0500] "GET /BLA/resoluciones/AUTOS%202023/0682.pdf HTTP/1.1" 200 413103
172.22.2.4 - - [31/Mar/2024:00:47:35 -0500] "GET /BLA/boletinlegal/jurisprudencia/analisis/Analisis%20Sentencia%20T-1077,%202%20corregida.doc HTTP/1.1" 200 47616
172.22.2.4 - - [31/Mar/2024:00:47:36 -0500] "GET /BLA/boletinlegal/Circulares/2019/Circular%20No.%200015%20del%2003%20de%20Octubre%20de%202019.pdf HTTP/1.1" 200 165608
216.244.66.195 - - [31/Mar/2024:00:47:57 -0500] "GET /BLA/resoluciones/AUTOS%202023/1025.pdf HTTP/1.1" 200 423824
216.245.221.92 - - [31/Mar/2024:00:47:59 -0500] "HEAD / HTTP/1.1" 200 -
216.244.66.195 - - [31/Mar/2024:00:48:23 -0500] "GET /BLA/resoluciones/AUTOS%202023/1436.pdf HTTP/1.1" 200 513682
216.244.66.195 - - [31/Mar/2024:00:48:47 -0500] "GET /BLA/resoluciones/AUTOS%202023/1702.pdf HTTP/1.1" 200 427076
216.244.66.195 - - [31/Mar/2024:00:49:13 -0500] "GET /BLA/resoluciones/AUTOS%202023/2241.pdf HTTP/1.1" 200 1727899
172.22.2.4 - - [31/Mar/2024:00:47:39 -0500] "HEAD /BLA/boletinlegal/ HTTP/1.1" 200 -
216.244.66.195 - - [31/Mar/2024:00:49:55 -0500] "GET /BLA/resoluciones/AUTOS%202023/2772.pdf HTTP/1.1" 200 776776
172.22.2.4 - - [31/Mar/2024:00:48:30 -0500] "GET /BLA/boletinlegal/ HTTP/1.1" 200 58273
216.244.66.195 - - [31/Mar/2024:00:50:26 -0500] "GET /BLA/resoluciones/AUTOS%202023/2824.pdf HTTP/1.1" 200 891343
40.77.167.71 - - [31/Mar/2024:00:50:32 -0500] "GET /BLA/resoluciones/RESOLUCIONES%202018/2005.pdf HTTP/1.1" 200 588665
216.244.66.195 - - [31/Mar/2024:00:50:55 -0500] "GET /BLA/resoluciones/AUTOS%202023/3102.pdf HTTP/1.1" 200 1404415
216.244.66.195 - - [31/Mar/2024:00:51:25 -0500] "GET /BLA/resoluciones/AUTOS%202023/3103.pdf HTTP/1.1" 200 2134973
216.244.66.195 - - [31/Mar/2024:00:52:00 -0500] "GET /BLA/resoluciones/AUTOS%202023/3118.pdf HTTP/1.1" 200 2702815
201.245.192.253 - - [31/Mar/2024:00:51:59 -0500] "POST /kwsrmcab/Wsrmcab  HTTP/1.1" 200 39660
216.244.66.195 - - [31/Mar/2024:00:52:32 -0500] "GET /BLA/resoluciones/AUTOS%202023/3307.pdf HTTP/1.1" 200 588443
216.245.221.92 - - [31/Mar/2024:00:52:59 -0500] "HEAD / HTTP/1.1" 200 -
216.244.66.195 - - [31/Mar/2024:00:53:03 -0500] "GET /BLA/resoluciones/AUTOS%202023/3499.pdf HTTP/1.1" 200 757620
152.61.192.232 - - [31/Mar/2024:00:53:22 -0500] "GET /arcgis/services/Calidad_del_Agua_WQI/MapServer/WMSServer?request=GetCapabilities&service=WMS HTTP/1.1" 503 1020
152.61.192.232 - - [31/Mar/2024:00:53:23 -0500] "GET /arcgis/services/Calidad_del_Agua_WQI/MapServer/WMSServer?SERVICE=WMS&REQUEST=GetCapabilities HTTP/1.1" 503 1020
152.61.192.232 - - [31/Mar/2024:00:53:23 -0500] "GET /arcgis/services/Calidad_del_Agua_WQI/MapServer/WMSServer?WMTVER=1.0.0&REQUEST=capabilities HTTP/1.1" 503 1020
216.244.66.195 - - [31/Mar/2024:00:53:33 -0500] "GET /BLA/resoluciones/AUTOS%202023/3539.pdf HTTP/1.1" 200 733426
172.22.2.4 - - [31/Mar/2024:00:52:29 -0500] "GET /BLA/boletinlegal/ HTTP/1.1" 200 60730
162.55.165.184 - - [31/Mar/2024:00:54:22 -0500] "GET / HTTP/1.1" 200 4720
172.22.2.4 - - [31/Mar/2024:00:53:29 -0500] "HEAD /BLA/boletinlegal/ HTTP/1.1" 200 -
40.77.167.132 - - [31/Mar/2024:00:55:17 -0500] "GET /BLA/resoluciones/RESOLUCIONES%202019/3284.pdf HTTP/1.1" 200 318139
40.77.167.52 - - [31/Mar/2024:00:55:24 -0500] "GET /BLA/resoluciones/RESOLUCIONES%202016/0858.pdf HTTP/1.1" 200 680942
40.77.167.52 - - [31/Mar/2024:00:55:26 -0500] "GET /BLA/resoluciones/RESOLUCIONES%202018/1134.pdf HTTP/1.1" 200 385938
172.22.2.4 - - [31/Mar/2024:00:54:20 -0500] "GET /BLA/boletinlegal/ HTTP/1.1" 200 53818
201.245.192.253 - - [31/Mar/2024:00:56:58 -0500] "POST /kwsrmcab/Wsrmcab  HTTP/1.1" 200 39660
216.245.221.92 - - [31/Mar/2024:00:57:59 -0500] "HEAD / HTTP/1.1" 200 -
216.244.66.195 - - [31/Mar/2024:00:58:08 -0500] "GET /robots.txt HTTP/1.1" 404 1018
40.77.167.52 - - [31/Mar/2024:00:59:15 -0500] "GET /BLA/resoluciones/RESOLUCIONES%202016/0193.pdf HTTP/1.1" 200 981497
40.77.167.76 - - [31/Mar/2024:01:00:30 -0500] "GET /Publicaciones/2024EE55505.pdf HTTP/1.1" 404 227
40.77.167.16 - - [31/Mar/2024:01:00:35 -0500] "GET /BLA/resoluciones/RESOLUCIONES%202019/1589.pdf HTTP/1.1" 200 411888
172.22.2.4 - - [31/Mar/2024:00:59:19 -0500] "HEAD /BLA/boletinlegal/ HTTP/1.1" 200 -
20.99.210.65 - - [31/Mar/2024:01:01:30 -0500] "GET /Publicaciones/2024EE52255.pdf HTTP/1.1" 404 227
172.22.2.4 - - [31/Mar/2024:01:00:10 -0500] "GET /BLA/boletinlegal/ HTTP/1.1" 200 57485
40.77.167.76 - - [31/Mar/2024:01:01:53 -0500] "GET /BLA/resoluciones/RESOLUCIONES%202018/3167.pdf HTTP/1.1" 200 427231
201.245.192.253 - - [31/Mar/2024:01:01:57 -0500] "POST /kwsrmcab/Wsrmcab  HTTP/1.1" 200 39660
40.77.167.77 - - [31/Mar/2024:01:02:05 -0500] "GET /BLA/resoluciones/RESOLUCIONES%202019/1741.pdf HTTP/1.1" 200 365545
216.245.221.92 - - [31/Mar/2024:01:02:59 -0500] "HEAD / HTTP/1.1" 200 -
172.22.2.4 - - [31/Mar/2024:01:05:09 -0500] "HEAD /BLA/boletinlegal/ HTTP/1.1" 200 -
201.245.192.253 - - [31/Mar/2024:01:06:54 -0500] "POST /kwsrmcab/Wsrmcab  HTTP/1.1" 200 39660
172.22.2.4 - - [31/Mar/2024:01:06:00 -0500] "GET /BLA/boletinlegal/ HTTP/1.1" 200 58273
52.167.144.22 - - [31/Mar/2024:01:07:42 -0500] "GET /BLA/resoluciones/RESOLUCIONES%202017/2116.pdf HTTP/1.1" 200 401032
216.245.221.92 - - [31/Mar/2024:01:07:59 -0500] "HEAD / HTTP/1.1" 200 -
47.128.62.200 - - [31/Mar/2024:01:09:34 -0500] "GET /BLA/resoluciones/AUTOS%202021/0245.php?act=cmd&d=E%3A%5Cnuevo%5Chtdocs%5Csig%5CControl+y+mejora%5C HTTP/1.1" 200 2753
47.128.62.26 - - [31/Mar/2024:01:09:41 -0500] "GET /BLA/resoluciones/AUTOS%202021/0245.php?act=chmod&d=E%3A%5Cnuevo%5Chtdocs%5Ccumbreclima%5Cwp-includes&f=general-template.php HTTP/1.1" 200 2893
20.240.13.240 - - [31/Mar/2024:01:09:45 -0500] "GET /Publicaciones/2024EE55671.pdf HTTP/1.1" 404 227
47.128.62.32 - - [31/Mar/2024:01:10:06 -0500] "GET /BLA/resoluciones/AUTOS%202021/0245.php?act=chmod&d=E%3A%5Cnuevo%5Chtdocs%5CResiduos&f=lavanderias HTTP/1.1" 200 2855
47.128.62.25 - - [31/Mar/2024:01:10:30 -0500] "GET /BLA/resoluciones/AUTOS%202021/0245.php?act=eval&d=E%3A%5Cnuevo%5Chtdocs%5CPMA-RAMSAR%5C7.+Capitulo+VI.+Lineamientos+y+recomendaciones%5C HTTP/1.1" 200 2805
47.128.62.219 - - [31/Mar/2024:01:10:54 -0500] "GET /BLA/resoluciones/AUTOS%202021/0245.php?act=chmod&d=E%3A%5Cnuevo%5CMercuryMail&f=me_ts.mer HTTP/1.1" 200 2849
52.167.144.238 - - [31/Mar/2024:01:11:36 -0500] "GET /BLA/resoluciones/RESOLUCIONES%202018/0280.pdf HTTP/1.1" 200 386934
40.77.167.22 - - [31/Mar/2024:01:11:56 -0500] "GET /Publicaciones/2024EE56868.pdf HTTP/1.1" 404 227
201.245.192.253 - - [31/Mar/2024:01:11:53 -0500] "POST /kwsrmcab/Wsrmcab  HTTP/1.1" 200 39660
172.22.2.4 - - [31/Mar/2024:01:10:59 -0500] "HEAD /BLA/boletinlegal/ HTTP/1.1" 200 -
40.77.167.22 - - [31/Mar/2024:01:12:46 -0500] "GET /Publicaciones/2024EE52001.pdf HTTP/1.1" 404 227
216.245.221.92 - - [31/Mar/2024:01:12:59 -0500] "HEAD / HTTP/1.1" 200 -
172.22.2.4 - - [31/Mar/2024:01:11:50 -0500] "GET /BLA/boletinlegal/ HTTP/1.1" 200 58273
52.167.144.216 - - [31/Mar/2024:01:13:57 -0500] "GET /BLA/resoluciones/RESOLUCIONES%202017/0814.pdf HTTP/1.1" 200 499324
216.244.66.195 - - [31/Mar/2024:01:16:02 -0500] "GET /BLA/resoluciones/index.php?dir=RESOLUCIONES+2005%2FRES+2005+2351-2400%2F HTTP/1.1" 200 12366
201.245.192.253 - - [31/Mar/2024:01:16:52 -0500] "POST /kwsrmcab/Wsrmcab  HTTP/1.1" 200 39660
40.77.167.22 - - [31/Mar/2024:01:17:08 -0500] "GET /BLA/resoluciones/RESOLUCIONES%202018/1866.pdf HTTP/1.1" 200 378704
216.245.221.92 - - [31/Mar/2024:01:17:59 -0500] "HEAD / HTTP/1.1" 200 -
172.22.2.4 - - [31/Mar/2024:01:16:49 -0500] "HEAD /BLA/boletinlegal/ HTTP/1.1" 200 -
172.22.2.4 - - [31/Mar/2024:01:17:40 -0500] "GET /BLA/boletinlegal/ HTTP/1.1" 200 58273
172.22.2.4 - - [31/Mar/2024:01:19:52 -0500] "GET /BLA/boletinlegal/jurisprudencia/analisis/SENTENCIA%20C-703%20DE%202010.xls HTTP/1.1" 304 -
201.245.192.253 - - [31/Mar/2024:01:19:12 -0500] "POST /kwsrmcab/Wsrmcab HTTP/1.1" 200 39581
201.245.192.253 - - [31/Mar/2024:01:19:54 -0500] "POST /kwsrmcab/Wsrmcab HTTP/1.1" 200 39408
201.245.192.253 - - [31/Mar/2024:01:19:57 -0500] "POST /kwsrmcab/Wsrmcab HTTP/1.1" 200 39269
40.77.167.77 - - [31/Mar/2024:01:20:35 -0500] "GET /BLA/resoluciones/RESOLUCIONES%202016/1651.pdf HTTP/1.1" 200 745938
201.245.192.253 - - [31/Mar/2024:01:20:42 -0500] "POST /kwsrmcab/Wsrmcab HTTP/1.1" 200 39269
216.244.66.195 - - [31/Mar/2024:01:21:35 -0500] "GET /BLA/resoluciones/AUTOS%202012/1869.pdf HTTP/1.1" 200 235762
201.245.192.253 - - [31/Mar/2024:01:21:51 -0500] "POST /kwsrmcab/Wsrmcab  HTTP/1.1" 200 39660
47.128.38.78 - - [31/Mar/2024:01:22:12 -0500] "GET /BLA/resoluciones/AUTOS%202021/0245.php?act=f&d=E%3A%5Cnuevo%5Chtdocs%5CBLA%5Cresoluciones%5CAUTOS+2021&f=4256.pdf&ft=edit HTTP/1.1" 200 3105
47.128.38.78 - - [31/Mar/2024:01:22:13 -0500] "GET /BLA/resoluciones/AUTOS%202021/0245.php?act=img&img=ext_diz HTTP/1.1" 200 1027
47.128.38.78 - - [31/Mar/2024:01:22:13 -0500] "GET /BLA/resoluciones/AUTOS%202021/0245.php?act=img&img=ext_pdf HTTP/1.1" 200 1034
47.128.38.78 - - [31/Mar/2024:01:22:13 -0500] "GET /BLA/resoluciones/AUTOS%202021/0245.php?act=img&img=ext_html HTTP/1.1" 200 230
47.128.38.78 - - [31/Mar/2024:01:22:13 -0500] "GET /BLA/resoluciones/AUTOS%202021/0245.php?act=img&img=ext_txt HTTP/1.1" 200 132
47.128.38.78 - - [31/Mar/2024:01:22:13 -0500] "GET /BLA/resoluciones/AUTOS%202021/0245.php?act=img&img=ext_exe HTTP/1.1" 200 118
47.128.38.78 - - [31/Mar/2024:01:22:13 -0500] "GET /BLA/resoluciones/AUTOS%202021/0245.php?act=img&img=ext_gif HTTP/1.1" 200 175
47.128.38.78 - - [31/Mar/2024:01:22:14 -0500] "GET /BLA/resoluciones/AUTOS%202021/0245.php?act=img&img=ext_rtf HTTP/1.1" 200 164
47.128.38.78 - - [31/Mar/2024:01:22:14 -0500] "GET /BLA/resoluciones/AUTOS%202021/0245.php?act=img&img=change HTTP/1.1" 200 290
47.128.38.78 - - [31/Mar/2024:01:22:14 -0500] "GET /BLA/resoluciones/AUTOS%202021/0245.php?act=img&img=download HTTP/1.1" 200 161
47.128.38.78 - - [31/Mar/2024:01:22:14 -0500] "GET /BLA/resoluciones/AUTOS%202021/0245.php?act=img&img=ext_ini HTTP/1.1" 200 134
216.244.66.195 - - [31/Mar/2024:01:22:14 -0500] "GET /BLA/resoluciones/AUTOS%202012/2875.pdf HTTP/1.1" 200 323484
152.61.128.50 - - [31/Mar/2024:01:22:22 -0500] "GET /arcgis/services/Calidad_del_Agua_WQI/MapServer/WMSServer?request=GetCapabilities&service=WMS HTTP/1.1" 503 1020
152.61.128.50 - - [31/Mar/2024:01:22:23 -0500] "GET /arcgis/services/Calidad_del_Agua_WQI/MapServer/WMSServer?SERVICE=WMS&REQUEST=GetCapabilities HTTP/1.1" 503 1020
152.61.128.50 - - [31/Mar/2024:01:22:23 -0500] "GET /arcgis/services/Calidad_del_Agua_WQI/MapServer/WMSServer?WMTVER=1.0.0&REQUEST=capabilities HTTP/1.1" 503 1020
47.128.26.95 - - [31/Mar/2024:01:22:38 -0500] "GET /BLA/resoluciones/AUTOS%202021/0245.php?act=f&d=E%3A%5Cnuevo%5Chtdocs%5Crdc&f=bootstrap.min.css HTTP/1.1" 200 2982
47.128.26.95 - - [31/Mar/2024:01:22:39 -0500] "GET /BLA/resoluciones/AUTOS%202021/0245.php?act=img&img=ext_css HTTP/1.1" 200 134
47.128.26.95 - - [31/Mar/2024:01:22:39 -0500] "GET /BLA/resoluciones/AUTOS%202021/0245.php?act=img&img=ext_txt HTTP/1.1" 200 132
47.128.26.95 - - [31/Mar/2024:01:22:39 -0500] "GET /BLA/resoluciones/AUTOS%202021/0245.php?act=img&img=ext_html HTTP/1.1" 200 230
47.128.26.95 - - [31/Mar/2024:01:22:39 -0500] "GET /BLA/resoluciones/AUTOS%202021/0245.php?act=img&img=ext_gif HTTP/1.1" 200 175
47.128.26.95 - - [31/Mar/2024:01:22:39 -0500] "GET /BLA/resoluciones/AUTOS%202021/0245.php?act=img&img=ext_exe HTTP/1.1" 200 118
47.128.26.95 - - [31/Mar/2024:01:22:39 -0500] "GET /BLA/resoluciones/AUTOS%202021/0245.php?act=img&img=ext_diz HTTP/1.1" 200 1027
47.128.26.95 - - [31/Mar/2024:01:22:39 -0500] "GET /BLA/resoluciones/AUTOS%202021/0245.php?act=img&img=ext_rtf HTTP/1.1" 200 164
47.128.26.95 - - [31/Mar/2024:01:22:39 -0500] "GET /BLA/resoluciones/AUTOS%202021/0245.php?act=img&img=download HTTP/1.1" 200 161
47.128.26.95 - - [31/Mar/2024:01:22:39 -0500] "GET /BLA/resoluciones/AUTOS%202021/0245.php?act=img&img=change HTTP/1.1" 200 290
47.128.26.95 - - [31/Mar/2024:01:22:39 -0500] "GET /BLA/resoluciones/AUTOS%202021/0245.php?act=img&img=ext_ini HTTP/1.1" 200 134
172.22.2.4 - - [31/Mar/2024:01:22:44 -0500] "GET /BLA/boletinlegal/version HTTP/1.1" 404 1018
216.244.66.195 - - [31/Mar/2024:01:22:52 -0500] "GET /BLA/resoluciones/AUTOS%202015/0196.pdf HTTP/1.1" 200 564305
216.245.221.92 - - [31/Mar/2024:01:22:59 -0500] "HEAD / HTTP/1.1" 200 -
47.128.19.30 - - [31/Mar/2024:01:23:00 -0500] "GET /BLA/resoluciones/AUTOS%202021/0245.php?act=f&d=E%3A%5Cnuevo%5Chtdocs%5CBLA%5Cresoluciones%5CAUTOS+2021%5C&f=6267.pdf&ft=phpsess&white=1 HTTP/1.1" 200 3939
47.128.19.30 - - [31/Mar/2024:01:23:01 -0500] "GET /BLA/resoluciones/AUTOS%202021/0245.php?act=img&img=ext_exe HTTP/1.1" 200 118
47.128.19.30 - - [31/Mar/2024:01:23:01 -0500] "GET /BLA/resoluciones/AUTOS%202021/0245.php?act=img&img=ext_diz HTTP/1.1" 200 1027
47.128.19.30 - - [31/Mar/2024:01:23:01 -0500] "GET /BLA/resoluciones/AUTOS%202021/0245.php?act=img&img=ext_pdf HTTP/1.1" 200 1034
47.128.19.30 - - [31/Mar/2024:01:23:01 -0500] "GET /BLA/resoluciones/AUTOS%202021/0245.php?act=img&img=ext_html HTTP/1.1" 200 230
47.128.19.30 - - [31/Mar/2024:01:23:01 -0500] "GET /BLA/resoluciones/AUTOS%202021/0245.php?act=img&img=ext_txt HTTP/1.1" 200 132
