179.19.69.115 - - [31/Mar/2024:09:22:18 -0500] "GET /catalogoisis/imagenes/Turnbo1.gif HTTP/1.1" 200 227
179.19.69.115 - - [31/Mar/2024:09:22:18 -0500] "GET /catalogoisis/imagenes/br1c3.gif HTTP/1.1" 200 302
179.19.69.115 - - [31/Mar/2024:09:22:18 -0500] "GET /catalogoisis/imagenes/aceptar1.gif HTTP/1.1" 200 604
179.19.69.115 - - [31/Mar/2024:09:22:18 -0500] "GET /catalogoisis/imagenes/limpiar1.gif HTTP/1.1" 200 606
179.19.69.115 - - [31/Mar/2024:09:22:18 -0500] "GET /catalogoisis/imagenes/br3c1.gif HTTP/1.1" 200 177
179.19.69.115 - - [31/Mar/2024:09:22:18 -0500] "GET /catalogoisis/imagenes/br3c2.gif HTTP/1.1" 200 285
179.19.69.115 - - [31/Mar/2024:09:22:18 -0500] "GET /catalogoisis/imagenes/br3c3.gif HTTP/1.1" 200 186
179.19.69.115 - - [31/Mar/2024:09:22:18 -0500] "GET /catalogoisis/imagenes/br1c2.gif HTTP/1.1" 200 297
179.19.69.115 - - [31/Mar/2024:09:22:19 -0500] "GET /catalogoisis/imagenes/br2c2.gif HTTP/1.1" 200 302
179.19.69.115 - - [31/Mar/2024:09:22:19 -0500] "GET /catalogoisis/imagenes/br2c1.gif HTTP/1.1" 200 297
179.19.69.115 - - [31/Mar/2024:09:22:19 -0500] "GET /catalogoisis/imagenes/br2c3.gif HTTP/1.1" 200 416
179.19.69.115 - - [31/Mar/2024:09:22:19 -0500] "GET /favicon.ico HTTP/1.1" 200 7782
179.19.69.115 - - [31/Mar/2024:09:22:32 -0500] "GET /catalogoisis/imagenes/aceptar2.gif HTTP/1.1" 200 586
179.19.69.115 - - [31/Mar/2024:09:22:32 -0500] "GET /catalogoisis/imagenes/aceptar2.gif HTTP/1.1" 200 586
216.244.66.195 - - [31/Mar/2024:09:22:36 -0500] "GET /BLA/resoluciones/AUTOS%202023/0905.pdf HTTP/1.1" 200 666545
179.19.69.115 - - [31/Mar/2024:09:22:38 -0500] "GET /catalogoisis/imagenes/aceptar2.gif HTTP/1.1" 200 586
172.22.2.4 - - [31/Mar/2024:09:20:58 -0500] "HEAD /BLA/boletinlegal/ HTTP/1.1" 200 -
179.19.69.115 - - [31/Mar/2024:09:22:40 -0500] "GET /catalogoisis/imagenes/limpiar2.gif HTTP/1.1" 200 589
31.13.103.120 - - [31/Mar/2024:09:22:40 -0500] "GET /bogota-lista-para-ser-la-sede-de-la-ii-convencion-internacional-de-emergencia-climatica.html HTTP/1.1" 200 934
31.13.103.5 - - [31/Mar/2024:09:22:40 -0500] "GET /bogota-lista-para-ser-la-sede-de-la-ii-convencion-internacional-de-emergencia-climatica.html HTTP/1.1" 200 934
179.19.69.115 - - [31/Mar/2024:09:22:43 -0500] "GET /catalogoisis/imagenes/limpiar2.gif HTTP/1.1" 200 589
216.244.66.195 - - [31/Mar/2024:09:22:54 -0500] "GET /BLA/resoluciones/AUTOS%202023/0975.pdf HTTP/1.1" 200 385424
216.245.221.92 - - [31/Mar/2024:09:22:57 -0500] "HEAD / HTTP/1.1" 200 -
216.244.66.195 - - [31/Mar/2024:09:23:11 -0500] "GET /BLA/resoluciones/AUTOS%202023/1281.pdf HTTP/1.1" 200 628030
216.244.66.195 - - [31/Mar/2024:09:23:27 -0500] "GET /BLA/resoluciones/AUTOS%202023/1411.pdf HTTP/1.1" 200 396991
172.22.2.4 - - [31/Mar/2024:09:21:48 -0500] "GET /BLA/boletinlegal/ HTTP/1.1" 200 54913
216.244.66.195 - - [31/Mar/2024:09:23:42 -0500] "GET /BLA/resoluciones/AUTOS%202023/1778.pdf HTTP/1.1" 200 421237
216.244.66.195 - - [31/Mar/2024:09:23:55 -0500] "GET /BLA/resoluciones/AUTOS%202023/2263.pdf HTTP/1.1" 200 695377
216.244.66.195 - - [31/Mar/2024:09:24:11 -0500] "GET /BLA/resoluciones/AUTOS%202023/3403.pdf HTTP/1.1" 200 1265306
201.245.192.253 - - [31/Mar/2024:09:24:38 -0500] "POST /kwsrmcab/Wsrmcab  HTTP/1.1" 200 39660
51.254.59.113 - - [31/Mar/2024:09:24:56 -0500] "GET / HTTP/1.1" 200 319
186.29.217.245 - - [31/Mar/2024:09:26:39 -0500] "GET /sipse/faces/javax.faces.resource/images/ui-bg_flat_0_2d5972_40x100.png?ln=primefaces-aristo HTTP/1.1" 304 -
186.29.217.245 - - [31/Mar/2024:09:26:39 -0500] "POST /sipse/faces/presentacion/financiero/solicitudProceso/consultarSolicitudProceso.xhtml HTTP/1.1" 200 42169
186.29.217.245 - - [31/Mar/2024:09:26:40 -0500] "GET /sipse/faces/javax.faces.resource/primefaces.css?ln=primefaces&v=4.0 HTTP/1.1" 304 -
186.29.217.245 - - [31/Mar/2024:09:26:40 -0500] "GET /sipse/faces/javax.faces.resource/theme.css?ln=primefaces-sipse HTTP/1.1" 304 -
186.29.217.245 - - [31/Mar/2024:09:26:40 -0500] "GET /sipse/faces/javax.faces.resource/layout/layout.css?ln=primefaces&v=4.0 HTTP/1.1" 304 -
186.29.217.245 - - [31/Mar/2024:09:26:40 -0500] "GET /sipse/faces/javax.faces.resource/jquery/jquery.js?ln=primefaces&v=4.0 HTTP/1.1" 304 -
186.29.217.245 - - [31/Mar/2024:09:26:40 -0500] "GET /sipse/faces/javax.faces.resource/jquery/jquery-plugins.js?ln=primefaces&v=4.0 HTTP/1.1" 304 -
186.29.217.245 - - [31/Mar/2024:09:26:40 -0500] "GET /sipse/faces/javax.faces.resource/primefaces.js?ln=primefaces&v=4.0 HTTP/1.1" 304 -
186.29.217.245 - - [31/Mar/2024:09:26:40 -0500] "GET /sipse/faces/javax.faces.resource/layout/layout.js?ln=primefaces&v=4.0 HTTP/1.1" 304 -
186.29.217.245 - - [31/Mar/2024:09:26:40 -0500] "GET /sipse/css/imagen/contrasena.png HTTP/1.1" 404 383
186.29.217.245 - - [31/Mar/2024:09:26:40 -0500] "POST /sipse/faces/presentacion/financiero/solicitudProceso/consultar.xhtml HTTP/1.1" 200 35564
186.29.217.245 - - [31/Mar/2024:09:26:40 -0500] "POST /sipse/faces/presentacion/financiero/solicitudProceso/consultar.xhtml HTTP/1.1" 200 35564
186.29.217.245 - - [31/Mar/2024:09:26:43 -0500] "POST /sipse/faces/presentacion/financiero/solicitudProceso/consultar.xhtml HTTP/1.1" 200 12936
186.29.217.245 - - [31/Mar/2024:09:26:46 -0500] "POST /sipse/faces/presentacion/financiero/solicitudProceso/consultar.xhtml HTTP/1.1" 200 122528
186.29.217.245 - - [31/Mar/2024:09:26:47 -0500] "GET /sipse/faces/javax.faces.resource/primefaces.css?ln=primefaces&v=4.0 HTTP/1.1" 304 -
186.29.217.245 - - [31/Mar/2024:09:26:47 -0500] "GET /sipse/faces/javax.faces.resource/theme.css?ln=primefaces-sipse HTTP/1.1" 304 -
186.29.217.245 - - [31/Mar/2024:09:26:47 -0500] "GET /sipse/faces/javax.faces.resource/layout/layout.css?ln=primefaces&v=4.0 HTTP/1.1" 304 -
186.29.217.245 - - [31/Mar/2024:09:26:47 -0500] "GET /sipse/faces/javax.faces.resource/jquery/jquery.js?ln=primefaces&v=4.0 HTTP/1.1" 304 -
186.29.217.245 - - [31/Mar/2024:09:26:47 -0500] "GET /sipse/faces/javax.faces.resource/jquery/jquery-plugins.js?ln=primefaces&v=4.0 HTTP/1.1" 304 -
186.29.217.245 - - [31/Mar/2024:09:26:47 -0500] "GET /sipse/faces/javax.faces.resource/primefaces.js?ln=primefaces&v=4.0 HTTP/1.1" 304 -
186.29.217.245 - - [31/Mar/2024:09:26:47 -0500] "GET /sipse/faces/javax.faces.resource/layout/layout.js?ln=primefaces&v=4.0 HTTP/1.1" 304 -
186.29.217.245 - - [31/Mar/2024:09:26:47 -0500] "GET /sipse/css/imagen/contrasena.png HTTP/1.1" 404 383
216.245.221.92 - - [31/Mar/2024:09:27:57 -0500] "HEAD / HTTP/1.1" 200 -
40.77.167.65 - - [31/Mar/2024:09:28:21 -0500] "GET /Publicaciones/2024EE53483.pdf HTTP/1.1" 404 227
172.22.2.4 - - [31/Mar/2024:09:26:48 -0500] "HEAD /BLA/boletinlegal/ HTTP/1.1" 200 -
40.77.167.65 - - [31/Mar/2024:09:28:33 -0500] "GET /BLA/resoluciones/RESOLUCIONES%202018/2161.pdf HTTP/1.1" 200 375318
201.245.192.253 - - [31/Mar/2024:09:29:10 -0500] "POST /kwsrmcab/Wsrmcab HTTP/1.1" 200 37211
201.245.192.253 - - [31/Mar/2024:09:29:11 -0500] "POST /kwsrmcab/Wsrmcab HTTP/1.1" 200 39306
172.22.2.4 - - [31/Mar/2024:09:27:39 -0500] "GET /BLA/boletinlegal/ HTTP/1.1" 200 53818
201.245.192.253 - - [31/Mar/2024:09:29:37 -0500] "POST /kwsrmcab/Wsrmcab  HTTP/1.1" 200 39660
181.53.12.168 - - [31/Mar/2024:09:29:49 -0500] "POST /sipse/faces/presentacion/financiero/solicitudProceso/consultarSolicitudProceso.xhtml HTTP/1.1" 200 43803
181.53.12.168 - - [31/Mar/2024:09:29:49 -0500] "GET /sipse/faces/javax.faces.resource/theme.css?ln=primefaces-sipse HTTP/1.1" 304 -
181.53.12.168 - - [31/Mar/2024:09:29:50 -0500] "GET /sipse/faces/javax.faces.resource/layout/layout.css?ln=primefaces&v=4.0 HTTP/1.1" 304 -
181.53.12.168 - - [31/Mar/2024:09:29:50 -0500] "GET /sipse/faces/javax.faces.resource/jquery/jquery.js?ln=primefaces&v=4.0 HTTP/1.1" 304 -
181.53.12.168 - - [31/Mar/2024:09:29:50 -0500] "GET /sipse/faces/javax.faces.resource/primefaces.css?ln=primefaces&v=4.0 HTTP/1.1" 304 -
181.53.12.168 - - [31/Mar/2024:09:29:50 -0500] "GET /sipse/faces/javax.faces.resource/jquery/jquery-plugins.js?ln=primefaces&v=4.0 HTTP/1.1" 304 -
181.53.12.168 - - [31/Mar/2024:09:29:50 -0500] "GET /sipse/faces/javax.faces.resource/primefaces.js?ln=primefaces&v=4.0 HTTP/1.1" 304 -
181.53.12.168 - - [31/Mar/2024:09:29:50 -0500] "GET /sipse/faces/javax.faces.resource/layout/layout.js?ln=primefaces&v=4.0 HTTP/1.1" 304 -
181.53.12.168 - - [31/Mar/2024:09:29:50 -0500] "GET /sipse/css/imagen/contrasena.png HTTP/1.1" 404 383
181.53.12.168 - - [31/Mar/2024:09:29:50 -0500] "POST /sipse/faces/presentacion/financiero/solicitudProceso/consultar.xhtml HTTP/1.1" 200 37202
181.53.12.168 - - [31/Mar/2024:09:29:50 -0500] "POST /sipse/faces/presentacion/financiero/solicitudProceso/consultar.xhtml HTTP/1.1" 200 37202
181.53.12.168 - - [31/Mar/2024:09:29:50 -0500] "POST /sipse/faces/presentacion/financiero/solicitudProceso/consultar.xhtml HTTP/1.1" 200 37202
181.53.12.168 - - [31/Mar/2024:09:29:50 -0500] "POST /sipse/faces/presentacion/financiero/solicitudProceso/consultar.xhtml HTTP/1.1" 200 37202
181.53.12.168 - - [31/Mar/2024:09:29:52 -0500] "POST /sipse/faces/presentacion/financiero/solicitudProceso/consultar.xhtml HTTP/1.1" 200 12816
201.245.192.253 - - [31/Mar/2024:09:29:53 -0500] "POST /kwsrmcab/Wsrmcab HTTP/1.1" 200 39132
181.53.12.168 - - [31/Mar/2024:09:29:56 -0500] "POST /sipse/faces/presentacion/financiero/solicitudProceso/consultar.xhtml HTTP/1.1" 200 154534
181.53.12.168 - - [31/Mar/2024:09:29:57 -0500] "GET /sipse/faces/javax.faces.resource/theme.css?ln=primefaces-sipse HTTP/1.1" 304 -
181.53.12.168 - - [31/Mar/2024:09:29:57 -0500] "GET /sipse/faces/javax.faces.resource/layout/layout.css?ln=primefaces&v=4.0 HTTP/1.1" 304 -
181.53.12.168 - - [31/Mar/2024:09:29:57 -0500] "GET /sipse/faces/javax.faces.resource/primefaces.css?ln=primefaces&v=4.0 HTTP/1.1" 304 -
181.53.12.168 - - [31/Mar/2024:09:29:57 -0500] "GET /sipse/faces/javax.faces.resource/jquery/jquery.js?ln=primefaces&v=4.0 HTTP/1.1" 304 -
181.53.12.168 - - [31/Mar/2024:09:29:57 -0500] "GET /sipse/faces/javax.faces.resource/jquery/jquery-plugins.js?ln=primefaces&v=4.0 HTTP/1.1" 304 -
181.53.12.168 - - [31/Mar/2024:09:29:57 -0500] "GET /sipse/faces/javax.faces.resource/primefaces.js?ln=primefaces&v=4.0 HTTP/1.1" 304 -
181.53.12.168 - - [31/Mar/2024:09:29:57 -0500] "GET /sipse/faces/javax.faces.resource/layout/layout.js?ln=primefaces&v=4.0 HTTP/1.1" 304 -
181.53.12.168 - - [31/Mar/2024:09:29:57 -0500] "GET /sipse/css/imagen/contrasena.png HTTP/1.1" 404 383
181.53.12.168 - - [31/Mar/2024:09:30:10 -0500] "POST /sipse/faces/presentacion/financiero/solicitudProceso/consultarSolicitudProceso.xhtml HTTP/1.1" 200 5522
201.245.192.253 - - [31/Mar/2024:09:30:36 -0500] "POST /kwsrmcab/Wsrmcab HTTP/1.1" 200 39306
172.22.2.4 - - [31/Mar/2024:09:30:39 -0500] "GET /BLA/boletinlegal/Circulares/2012/Circular%20No.%2014%20del%2011%20de%20Septiembre%20de%202012.pdf HTTP/1.1" 304 -
216.244.66.195 - - [31/Mar/2024:09:31:10 -0500] "GET /robots.txt HTTP/1.1" 404 1018
186.29.217.245 - - [31/Mar/2024:09:31:44 -0500] "GET /sipse/faces/javax.faces.resource/images/ui-bg_flat_0_2d5972_40x100.png?ln=primefaces-aristo HTTP/1.1" 304 -
186.29.217.245 - - [31/Mar/2024:09:31:44 -0500] "POST /sipse/faces/presentacion/financiero/solicitudProceso/consultarSolicitudProceso.xhtml HTTP/1.1" 200 42169
186.29.217.245 - - [31/Mar/2024:09:31:44 -0500] "GET /sipse/faces/javax.faces.resource/theme.css?ln=primefaces-sipse HTTP/1.1" 304 -
186.29.217.245 - - [31/Mar/2024:09:31:44 -0500] "GET /sipse/faces/javax.faces.resource/primefaces.css?ln=primefaces&v=4.0 HTTP/1.1" 304 -
186.29.217.245 - - [31/Mar/2024:09:31:44 -0500] "GET /sipse/faces/javax.faces.resource/layout/layout.css?ln=primefaces&v=4.0 HTTP/1.1" 304 -
186.29.217.245 - - [31/Mar/2024:09:31:44 -0500] "GET /sipse/faces/javax.faces.resource/jquery/jquery.js?ln=primefaces&v=4.0 HTTP/1.1" 304 -
186.29.217.245 - - [31/Mar/2024:09:31:44 -0500] "GET /sipse/faces/javax.faces.resource/jquery/jquery-plugins.js?ln=primefaces&v=4.0 HTTP/1.1" 304 -
186.29.217.245 - - [31/Mar/2024:09:31:44 -0500] "GET /sipse/faces/javax.faces.resource/primefaces.js?ln=primefaces&v=4.0 HTTP/1.1" 304 -
186.29.217.245 - - [31/Mar/2024:09:31:44 -0500] "GET /sipse/faces/javax.faces.resource/layout/layout.js?ln=primefaces&v=4.0 HTTP/1.1" 304 -
186.29.217.245 - - [31/Mar/2024:09:31:45 -0500] "GET /sipse/css/imagen/contrasena.png HTTP/1.1" 404 383
186.29.217.245 - - [31/Mar/2024:09:31:44 -0500] "POST /sipse/faces/presentacion/financiero/solicitudProceso/consultar.xhtml HTTP/1.1" 200 35564
186.29.217.245 - - [31/Mar/2024:09:31:45 -0500] "POST /sipse/faces/presentacion/financiero/solicitudProceso/consultar.xhtml HTTP/1.1" 200 35564
186.29.217.245 - - [31/Mar/2024:09:31:45 -0500] "POST /sipse/faces/presentacion/financiero/solicitudProceso/consultar.xhtml HTTP/1.1" 200 35564
186.29.217.245 - - [31/Mar/2024:09:31:45 -0500] "POST /sipse/faces/presentacion/financiero/solicitudProceso/consultar.xhtml HTTP/1.1" 200 35564
186.29.217.245 - - [31/Mar/2024:09:31:49 -0500] "POST /sipse/faces/presentacion/financiero/solicitudProceso/consultar.xhtml HTTP/1.1" 200 12804
185.224.128.43 - - [31/Mar/2024:09:31:54 -0500] "GET / HTTP/1.1" 200 319
40.77.167.65 - - [31/Mar/2024:09:32:21 -0500] "GET /Publicaciones/2024EE54919.pdf HTTP/1.1" 404 227
186.29.217.245 - - [31/Mar/2024:09:32:29 -0500] "POST /sipse/faces/presentacion/financiero/solicitudProceso/consultar.xhtml HTTP/1.1" 200 136250
186.29.217.245 - - [31/Mar/2024:09:32:31 -0500] "GET /sipse/faces/javax.faces.resource/theme.css?ln=primefaces-sipse HTTP/1.1" 304 -
186.29.217.245 - - [31/Mar/2024:09:32:31 -0500] "GET /sipse/faces/javax.faces.resource/primefaces.css?ln=primefaces&v=4.0 HTTP/1.1" 304 -
186.29.217.245 - - [31/Mar/2024:09:32:31 -0500] "GET /sipse/faces/javax.faces.resource/layout/layout.css?ln=primefaces&v=4.0 HTTP/1.1" 304 -
186.29.217.245 - - [31/Mar/2024:09:32:31 -0500] "GET /sipse/faces/javax.faces.resource/jquery/jquery.js?ln=primefaces&v=4.0 HTTP/1.1" 304 -
186.29.217.245 - - [31/Mar/2024:09:32:31 -0500] "GET /sipse/faces/javax.faces.resource/jquery/jquery-plugins.js?ln=primefaces&v=4.0 HTTP/1.1" 304 -
186.29.217.245 - - [31/Mar/2024:09:32:31 -0500] "GET /sipse/faces/javax.faces.resource/primefaces.js?ln=primefaces&v=4.0 HTTP/1.1" 304 -
186.29.217.245 - - [31/Mar/2024:09:32:31 -0500] "GET /sipse/faces/javax.faces.resource/layout/layout.js?ln=primefaces&v=4.0 HTTP/1.1" 304 -
186.29.217.245 - - [31/Mar/2024:09:32:31 -0500] "GET /sipse/css/imagen/contrasena.png HTTP/1.1" 404 383
186.29.217.245 - - [31/Mar/2024:09:32:38 -0500] "POST /sipse/faces/presentacion/financiero/solicitudProceso/consultarSolicitudProceso.xhtml HTTP/1.1" 200 7504521
216.245.221.92 - - [31/Mar/2024:09:32:57 -0500] "HEAD / HTTP/1.1" 200 -
172.22.2.4 - - [31/Mar/2024:09:32:38 -0500] "HEAD /BLA/boletinlegal/ HTTP/1.1" 200 -
173.252.83.3 - - [31/Mar/2024:09:34:29 -0500] "GET /images/foto%202.jpg HTTP/1.1" 200 63300
201.245.192.253 - - [31/Mar/2024:09:34:35 -0500] "POST /kwsrmcab/Wsrmcab  HTTP/1.1" 200 39660
172.22.2.4 - - [31/Mar/2024:09:33:28 -0500] "GET /BLA/boletinlegal/ HTTP/1.1" 200 58273
186.29.217.245 - - [31/Mar/2024:09:35:19 -0500] "POST /sipse/faces/presentacion/financiero/solicitudProceso/consultarSolicitudProceso.xhtml HTTP/1.1" 200 44596
186.29.217.245 - - [31/Mar/2024:09:35:20 -0500] "GET /sipse/faces/javax.faces.resource/theme.css?ln=primefaces-sipse HTTP/1.1" 304 -
186.29.217.245 - - [31/Mar/2024:09:35:20 -0500] "GET /sipse/faces/javax.faces.resource/primefaces.css?ln=primefaces&v=4.0 HTTP/1.1" 304 -
186.29.217.245 - - [31/Mar/2024:09:35:20 -0500] "GET /sipse/faces/javax.faces.resource/layout/layout.css?ln=primefaces&v=4.0 HTTP/1.1" 304 -
186.29.217.245 - - [31/Mar/2024:09:35:20 -0500] "GET /sipse/faces/javax.faces.resource/primefaces.js?ln=primefaces&v=4.0 HTTP/1.1" 304 -
186.29.217.245 - - [31/Mar/2024:09:35:20 -0500] "GET /sipse/faces/javax.faces.resource/jquery/jquery.js?ln=primefaces&v=4.0 HTTP/1.1" 304 -
186.29.217.245 - - [31/Mar/2024:09:35:20 -0500] "GET /sipse/faces/javax.faces.resource/layout/layout.js?ln=primefaces&v=4.0 HTTP/1.1" 304 -
186.29.217.245 - - [31/Mar/2024:09:35:20 -0500] "GET /sipse/faces/javax.faces.resource/jquery/jquery-plugins.js?ln=primefaces&v=4.0 HTTP/1.1" 304 -
186.29.217.245 - - [31/Mar/2024:09:35:20 -0500] "GET /sipse/css/imagen/contrasena.png HTTP/1.1" 404 383
186.29.217.245 - - [31/Mar/2024:09:35:20 -0500] "GET /sipse/faces/javax.faces.resource/images/ui-icons_898989_256x240.png?ln=primefaces-aristo HTTP/1.1" 304 -
40.77.167.243 - - [31/Mar/2024:09:35:23 -0500] "GET /BLA/resoluciones/RESOLUCIONES%202017/2348.pdf HTTP/1.1" 200 574452
31.220.1.83 - - [31/Mar/2024:09:36:33 -0500] "GET / HTTP/1.1" 200 319
40.77.167.63 - - [31/Mar/2024:09:36:54 -0500] "GET /BLA/resoluciones/RESOLUCIONES%202017/1336.pdf HTTP/1.1" 200 387411
173.252.127.119 - - [31/Mar/2024:09:37:19 -0500] "GET /images/mercados-campesinos-5-mayo.jpg HTTP/1.1" 200 95848
216.245.221.92 - - [31/Mar/2024:09:37:57 -0500] "HEAD / HTTP/1.1" 200 -
52.167.144.236 - - [31/Mar/2024:09:38:03 -0500] "GET /BLA/resoluciones/RESOLUCIONES%202016/1948.pdf HTTP/1.1" 200 710184
47.128.96.113 - - [31/Mar/2024:09:38:24 -0500] "GET /BLA/resoluciones/AUTOS%202021/0245.php?act=f&d=E%3A%5Cnuevo%5Chtdocs%5CBLA%5Cresoluciones%5CAUTOS+2021%5C&f=4342.pdf&ft=info&white=1 HTTP/1.1" 200 3846
40.77.167.63 - - [31/Mar/2024:09:38:24 -0500] "GET /BLA/resoluciones/RESOLUCIONES%202018/0929.pdf HTTP/1.1" 200 366291
47.128.96.113 - - [31/Mar/2024:09:38:24 -0500] "GET /BLA/resoluciones/AUTOS%202021/0245.php?act=img&img=ext_ini HTTP/1.1" 200 134
47.128.96.113 - - [31/Mar/2024:09:38:25 -0500] "GET /BLA/resoluciones/AUTOS%202021/0245.php?act=img&img=ext_gif HTTP/1.1" 200 175
47.128.96.113 - - [31/Mar/2024:09:38:25 -0500] "GET /BLA/resoluciones/AUTOS%202021/0245.php?act=img&img=ext_txt HTTP/1.1" 200 132
47.128.96.113 - - [31/Mar/2024:09:38:25 -0500] "GET /BLA/resoluciones/AUTOS%202021/0245.php?act=img&img=ext_diz HTTP/1.1" 200 1027
47.128.96.113 - - [31/Mar/2024:09:38:25 -0500] "GET /BLA/resoluciones/AUTOS%202021/0245.php?act=img&img=ext_exe HTTP/1.1" 200 118
47.128.96.113 - - [31/Mar/2024:09:38:25 -0500] "GET /BLA/resoluciones/AUTOS%202021/0245.php?act=img&img=ext_html HTTP/1.1" 200 230
47.128.96.113 - - [31/Mar/2024:09:38:25 -0500] "GET /BLA/resoluciones/AUTOS%202021/0245.php?act=img&img=change HTTP/1.1" 200 290
47.128.96.113 - - [31/Mar/2024:09:38:25 -0500] "GET /BLA/resoluciones/AUTOS%202021/0245.php?act=img&img=download HTTP/1.1" 200 161
47.128.96.113 - - [31/Mar/2024:09:38:25 -0500] "GET /BLA/resoluciones/AUTOS%202021/0245.php?act=img&img=ext_rtf HTTP/1.1" 200 164
47.128.96.113 - - [31/Mar/2024:09:38:25 -0500] "GET /BLA/resoluciones/AUTOS%202021/0245.php?act=img&img=ext_pdf HTTP/1.1" 200 1034
47.128.63.20 - - [31/Mar/2024:09:38:47 -0500] "GET /BLA/resoluciones/AUTOS%202021/0245.php?act=f&d=E%3A%5Cnuevo%5Chtdocs%5Chuelladecarbono%5C&f=._index.html&ft=edit&white=1 HTTP/1.1" 200 3062
47.128.63.20 - - [31/Mar/2024:09:38:47 -0500] "GET /BLA/resoluciones/AUTOS%202021/0245.php?act=img&img=ext_html HTTP/1.1" 200 230
47.128.63.20 - - [31/Mar/2024:09:38:48 -0500] "GET /BLA/resoluciones/AUTOS%202021/0245.php?act=img&img=ext_diz HTTP/1.1" 200 1027
47.128.63.20 - - [31/Mar/2024:09:38:48 -0500] "GET /BLA/resoluciones/AUTOS%202021/0245.php?act=img&img=ext_txt HTTP/1.1" 200 132
47.128.63.20 - - [31/Mar/2024:09:38:48 -0500] "GET /BLA/resoluciones/AUTOS%202021/0245.php?act=img&img=ext_gif HTTP/1.1" 200 175
47.128.63.20 - - [31/Mar/2024:09:38:48 -0500] "GET /BLA/resoluciones/AUTOS%202021/0245.php?act=img&img=ext_exe HTTP/1.1" 200 118
47.128.63.20 - - [31/Mar/2024:09:38:48 -0500] "GET /BLA/resoluciones/AUTOS%202021/0245.php?act=img&img=ext_ini HTTP/1.1" 200 134
47.128.63.20 - - [31/Mar/2024:09:38:48 -0500] "GET /BLA/resoluciones/AUTOS%202021/0245.php?act=img&img=ext_rtf HTTP/1.1" 200 164
47.128.63.20 - - [31/Mar/2024:09:38:48 -0500] "GET /BLA/resoluciones/AUTOS%202021/0245.php?act=img&img=download HTTP/1.1" 200 161
47.128.63.20 - - [31/Mar/2024:09:38:48 -0500] "GET /BLA/resoluciones/AUTOS%202021/0245.php?act=img&img=change HTTP/1.1" 200 290
201.245.192.253 - - [31/Mar/2024:09:39:10 -0500] "POST /kwsrmcab/Wsrmcab HTTP/1.1" 200 37213
201.245.192.253 - - [31/Mar/2024:09:39:11 -0500] "POST /kwsrmcab/Wsrmcab HTTP/1.1" 200 39306
47.128.127.227 - - [31/Mar/2024:09:39:11 -0500] "GET /BLA/resoluciones/AUTOS%202021/0245.php?act=f&d=E%3A%5Cnuevo%5Chtdocs%5CBLA%5Cresoluciones%5CAUTOS+2021&f=1653.pdf&ft=download HTTP/1.1" 200 401072
201.245.192.253 - - [31/Mar/2024:09:39:33 -0500] "POST /kwsrmcab/Wsrmcab  HTTP/1.1" 200 39660
201.245.192.253 - - [31/Mar/2024:09:39:53 -0500] "POST /kwsrmcab/Wsrmcab HTTP/1.1" 200 39132
172.22.2.4 - - [31/Mar/2024:09:38:28 -0500] "HEAD /BLA/boletinlegal/ HTTP/1.1" 200 -
201.245.192.253 - - [31/Mar/2024:09:40:41 -0500] "POST /kwsrmcab/Wsrmcab HTTP/1.1" 200 39306
172.22.2.4 - - [31/Mar/2024:09:39:18 -0500] "GET /BLA/boletinlegal/ HTTP/1.1" 200 55442
40.77.167.63 - - [31/Mar/2024:09:41:24 -0500] "GET /BLA/resoluciones/RESOLUCIONES%202018/1462.pdf HTTP/1.1" 200 378459
40.77.167.63 - - [31/Mar/2024:09:42:46 -0500] "GET /BLA/resoluciones/RESOLUCIONES%202016/1393.pdf HTTP/1.1" 200 946225
216.245.221.92 - - [31/Mar/2024:09:42:57 -0500] "HEAD / HTTP/1.1" 200 -
40.77.167.132 - - [31/Mar/2024:09:43:44 -0500] "GET /BLA/resoluciones/AUTOS%202020/0038.pdf HTTP/1.1" 304 -
201.245.192.253 - - [31/Mar/2024:09:44:32 -0500] "POST /kwsrmcab/Wsrmcab  HTTP/1.1" 200 39660
40.77.167.132 - - [31/Mar/2024:09:45:12 -0500] "GET /Publicaciones/2023EE302485.pdf HTTP/1.1" 404 228
172.22.2.4 - - [31/Mar/2024:09:44:18 -0500] "HEAD /BLA/boletinlegal/ HTTP/1.1" 200 -
172.22.2.4 - - [31/Mar/2024:09:45:08 -0500] "GET /BLA/boletinlegal/ HTTP/1.1" 200 58720
80.66.83.49 - - [31/Mar/2024:09:47:16 -0500] "CONNECT 80.66.83.49:80 HTTP/1.1" 405 939
216.245.221.92 - - [31/Mar/2024:09:47:57 -0500] "HEAD / HTTP/1.1" 200 -
173.252.127.3 - - [31/Mar/2024:09:47:59 -0500] "GET /images/reconocimiento%20practicas%20ambientales.jpg HTTP/1.1" 200 63397
216.244.66.195 - - [31/Mar/2024:09:48:04 -0500] "GET /BLA/resoluciones/RESOLUCIONES%202024/00409.pdf HTTP/1.1" 200 377700
52.167.144.181 - - [31/Mar/2024:09:49:03 -0500] "GET /BLA/resoluciones/RESOLUCIONES%202016/1015.pdf HTTP/1.1" 200 430250
201.245.192.253 - - [31/Mar/2024:09:49:31 -0500] "POST /kwsrmcab/Wsrmcab  HTTP/1.1" 200 39660
40.77.167.54 - - [31/Mar/2024:09:50:16 -0500] "GET /BLA/resoluciones/RESOLUCIONES%202017/0543.pdf HTTP/1.1" 200 646188
172.22.2.4 - - [31/Mar/2024:09:50:08 -0500] "HEAD /BLA/boletinlegal/ HTTP/1.1" 200 -
172.22.2.4 - - [31/Mar/2024:09:50:59 -0500] "GET /BLA/boletinlegal/ HTTP/1.1" 200 54300
216.245.221.92 - - [31/Mar/2024:09:52:57 -0500] "HEAD / HTTP/1.1" 200 -
201.245.192.253 - - [31/Mar/2024:09:54:30 -0500] "POST /kwsrmcab/Wsrmcab  HTTP/1.1" 200 39660
173.252.83.4 - - [31/Mar/2024:09:54:58 -0500] "GET /images/Rueda%20de%20prensa.jpeg HTTP/1.1" 200 58715
52.167.144.233 - - [31/Mar/2024:09:56:53 -0500] "GET /BLA/resoluciones/RESOLUCIONES%202021/1933.pdf HTTP/1.1" 304 -
172.22.2.4 - - [31/Mar/2024:09:55:58 -0500] "HEAD /BLA/boletinlegal/ HTTP/1.1" 200 -
216.245.221.92 - - [31/Mar/2024:09:57:57 -0500] "HEAD / HTTP/1.1" 200 -
172.22.2.4 - - [31/Mar/2024:09:56:48 -0500] "GET /BLA/boletinlegal/ HTTP/1.1" 200 58273
201.245.192.253 - - [31/Mar/2024:09:59:28 -0500] "POST /kwsrmcab/Wsrmcab  HTTP/1.1" 200 39660
40.77.167.20 - - [31/Mar/2024:10:00:34 -0500] "GET /Publicaciones/2024EE58238.pdf HTTP/1.1" 404 227
172.22.2.4 - - [31/Mar/2024:10:00:39 -0500] "GET /BLA/boletinlegal/Circulares/2023/CIRCULAR%20No.%2000006%20DEL%2013%20DE%20JULIO%20DEL%202023.pdf HTTP/1.1" 304 -
173.252.83.117 - - [31/Mar/2024:10:02:31 -0500] "GET /images/FEP%20SDA%20(1)%20(1).jpeg HTTP/1.1" 200 53469
216.245.221.92 - - [31/Mar/2024:10:02:57 -0500] "HEAD / HTTP/1.1" 200 -
172.22.2.4 - - [31/Mar/2024:10:01:48 -0500] "HEAD /BLA/boletinlegal/ HTTP/1.1" 200 -
40.77.167.20 - - [31/Mar/2024:10:03:46 -0500] "GET /BLA/resoluciones/RESOLUCIONES%202018/0806.pdf HTTP/1.1" 200 455723
172.22.2.4 - - [31/Mar/2024:10:02:38 -0500] "GET /BLA/boletinlegal/ HTTP/1.1" 200 58273
201.245.192.253 - - [31/Mar/2024:10:04:26 -0500] "POST /kwsrmcab/Wsrmcab  HTTP/1.1" 200 39660
40.77.167.20 - - [31/Mar/2024:10:05:56 -0500] "GET /BLA/resoluciones/RESOLUCIONES%202017/0544.pdf HTTP/1.1" 200 535025
194.165.16.10 - - [31/Mar/2024:10:06:55 -0500] "\x03" 400 226
216.245.221.92 - - [31/Mar/2024:10:07:57 -0500] "HEAD / HTTP/1.1" 200 -
172.22.2.4 - - [31/Mar/2024:10:07:38 -0500] "HEAD /BLA/boletinlegal/ HTTP/1.1" 200 -
201.245.192.253 - - [31/Mar/2024:10:09:24 -0500] "POST /kwsrmcab/Wsrmcab  HTTP/1.1" 200 39660
172.22.2.4 - - [31/Mar/2024:10:08:29 -0500] "GET /BLA/boletinlegal/ HTTP/1.1" 200 54913
146.19.24.28 - - [31/Mar/2024:10:10:24 -0500] "GET / HTTP/1.1" 200 319
52.167.144.181 - - [31/Mar/2024:10:11:15 -0500] "GET /Publicaciones/2024EE59657.pdf HTTP/1.1" 404 227
52.167.144.181 - - [31/Mar/2024:10:12:39 -0500] "GET /BLA/resoluciones/RESOLUCIONES%202018/2103.pdf HTTP/1.1" 200 438583
216.245.221.92 - - [31/Mar/2024:10:12:57 -0500] "HEAD / HTTP/1.1" 200 -
201.245.192.253 - - [31/Mar/2024:10:14:23 -0500] "POST /kwsrmcab/Wsrmcab  HTTP/1.1" 200 39660
52.167.144.237 - - [31/Mar/2024:10:14:53 -0500] "GET /portaldeninos/aula-ambiental-artistica-itinerante-auambari/ HTTP/1.1" 200 89306
172.22.2.4 - - [31/Mar/2024:10:13:28 -0500] "HEAD /BLA/boletinlegal/ HTTP/1.1" 200 -
172.22.2.4 - - [31/Mar/2024:10:14:19 -0500] "GET /BLA/boletinlegal/ HTTP/1.1" 200 55823
172.22.2.4 - - [31/Mar/2024:10:15:06 -0500] "GET /BLA/boletinlegal/ HTTP/1.1" 200 53195
186.84.108.35 - - [31/Mar/2024:10:16:57 -0500] "GET /appsia/controlador HTTP/1.1" 200 4799
186.84.108.35 - - [31/Mar/2024:10:16:57 -0500] "GET /appsia/css/estilos.css HTTP/1.1" 200 4804
186.84.108.35 - - [31/Mar/2024:10:16:57 -0500] "GET /appsia/scripts/validarIngreso.js HTTP/1.1" 200 851
186.84.108.35 - - [31/Mar/2024:10:16:57 -0500] "GET /appsia/images/logo_bogota_p.png HTTP/1.1" 200 14951
186.84.108.35 - - [31/Mar/2024:10:16:57 -0500] "GET /appsia/images/cabezoteHojaVida.png HTTP/1.1" 200 32493
186.84.108.35 - - [31/Mar/2024:10:16:58 -0500] "GET /favicon.ico HTTP/1.1" 200 7782
186.84.108.35 - - [31/Mar/2024:10:17:08 -0500] "POST /appsia/controlador HTTP/1.1" 200 4621
186.84.108.35 - - [31/Mar/2024:10:17:09 -0500] "POST /appsia/controlador HTTP/1.1" 200 7730
186.84.108.35 - - [31/Mar/2024:10:17:09 -0500] "GET /appsia/images/logo_escudo.png HTTP/1.1" 200 36965
52.167.144.181 - - [31/Mar/2024:10:17:28 -0500] "GET /BLA/resoluciones/RESOLUCIONES%202018/2349.pdf HTTP/1.1" 200 427998
172.22.2.4 - - [31/Mar/2024:10:17:49 -0500] "GET /BLA/boletinlegal/Circulares/2018/CIRCULAR%20COJUNTA%20042%20DE%202018.pdf HTTP/1.1" 200 515008
216.245.221.92 - - [31/Mar/2024:10:17:57 -0500] "HEAD / HTTP/1.1" 200 -
47.128.55.97 - - [31/Mar/2024:10:18:48 -0500] "GET /BLA/resoluciones/AUTOS%202021/0245.php?act=chmod&d=E%3A%5Cnuevo%5Chtdocs%5Csilvicultura&f=12.pdf HTTP/1.1" 200 2863
201.245.192.253 - - [31/Mar/2024:10:19:10 -0500] "POST /kwsrmcab/Wsrmcab HTTP/1.1" 200 35394
201.245.192.253 - - [31/Mar/2024:10:19:11 -0500] "POST /kwsrmcab/Wsrmcab HTTP/1.1" 200 39549
47.128.56.122 - - [31/Mar/2024:10:19:12 -0500] "GET /BLA/resoluciones/AUTOS%202021/0245.php?act=f&d=E%3A%5Cnuevo%5Chtdocs%5CBLA%5Cresoluciones%5CAUTOS+2021%5C&f=2603.pdf&ft=txt HTTP/1.1" 200 3007
47.128.56.122 - - [31/Mar/2024:10:19:13 -0500] "GET /BLA/resoluciones/AUTOS%202021/0245.php?act=img&img=ext_txt HTTP/1.1" 200 132
47.128.56.122 - - [31/Mar/2024:10:19:13 -0500] "GET /BLA/resoluciones/AUTOS%202021/0245.php?act=img&img=ext_gif HTTP/1.1" 200 175
47.128.56.122 - - [31/Mar/2024:10:19:13 -0500] "GET /BLA/resoluciones/AUTOS%202021/0245.php?act=img&img=ext_pdf HTTP/1.1" 200 1034
47.128.56.122 - - [31/Mar/2024:10:19:13 -0500] "GET /BLA/resoluciones/AUTOS%202021/0245.php?act=img&img=ext_html HTTP/1.1" 200 230
47.128.56.122 - - [31/Mar/2024:10:19:13 -0500] "GET /BLA/resoluciones/AUTOS%202021/0245.php?act=img&img=ext_diz HTTP/1.1" 200 1027
47.128.56.122 - - [31/Mar/2024:10:19:13 -0500] "GET /BLA/resoluciones/AUTOS%202021/0245.php?act=img&img=ext_exe HTTP/1.1" 200 118
47.128.56.122 - - [31/Mar/2024:10:19:14 -0500] "GET /BLA/resoluciones/AUTOS%202021/0245.php?act=img&img=ext_rtf HTTP/1.1" 200 164
47.128.56.122 - - [31/Mar/2024:10:19:14 -0500] "GET /BLA/resoluciones/AUTOS%202021/0245.php?act=img&img=change HTTP/1.1" 200 290
47.128.56.122 - - [31/Mar/2024:10:19:14 -0500] "GET /BLA/resoluciones/AUTOS%202021/0245.php?act=img&img=ext_ini HTTP/1.1" 200 134
47.128.56.122 - - [31/Mar/2024:10:19:14 -0500] "GET /BLA/resoluciones/AUTOS%202021/0245.php?act=img&img=download HTTP/1.1" 200 161
201.245.192.253 - - [31/Mar/2024:10:19:22 -0500] "POST /kwsrmcab/Wsrmcab  HTTP/1.1" 200 39660
47.128.55.76 - - [31/Mar/2024:10:19:36 -0500] "GET /BLA/resoluciones/AUTOS%202021/0245.php?act=f&d=E%3A%5Cnuevo%5Chtdocs%5CBLA%5Cresoluciones%5CAUTOS+2021&f=1836.pdf&ft=download HTTP/1.1" 200 402149
201.245.192.253 - - [31/Mar/2024:10:19:53 -0500] "POST /kwsrmcab/Wsrmcab HTTP/1.1" 200 39380
47.128.20.34 - - [31/Mar/2024:10:20:01 -0500] "GET /BLA/resoluciones/AUTOS%202021/0245.php?act=f&d=E%3A%5Cnuevo%5Chtdocs%5CBLA%5Cresoluciones%5CAUTOS+2021%5C&f=1477.pdf&ft=phpsess HTTP/1.1" 200 3943
47.128.20.34 - - [31/Mar/2024:10:20:02 -0500] "GET /BLA/resoluciones/AUTOS%202021/0245.php?act=img&img=ext_gif HTTP/1.1" 200 175
47.128.20.34 - - [31/Mar/2024:10:20:02 -0500] "GET /BLA/resoluciones/AUTOS%202021/0245.php?act=img&img=ext_html HTTP/1.1" 200 230
47.128.20.34 - - [31/Mar/2024:10:20:02 -0500] "GET /BLA/resoluciones/AUTOS%202021/0245.php?act=img&img=ext_pdf HTTP/1.1" 200 1034
47.128.20.34 - - [31/Mar/2024:10:20:02 -0500] "GET /BLA/resoluciones/AUTOS%202021/0245.php?act=img&img=ext_txt HTTP/1.1" 200 132
47.128.20.34 - - [31/Mar/2024:10:20:02 -0500] "GET /BLA/resoluciones/AUTOS%202021/0245.php?act=img&img=ext_diz HTTP/1.1" 200 1027
47.128.20.34 - - [31/Mar/2024:10:20:02 -0500] "GET /BLA/resoluciones/AUTOS%202021/0245.php?act=img&img=ext_exe HTTP/1.1" 200 118
47.128.20.34 - - [31/Mar/2024:10:20:02 -0500] "GET /BLA/resoluciones/AUTOS%202021/0245.php?act=img&img=download HTTP/1.1" 200 161
47.128.20.34 - - [31/Mar/2024:10:20:02 -0500] "GET /BLA/resoluciones/AUTOS%202021/0245.php?act=img&img=ext_rtf HTTP/1.1" 200 164
47.128.20.34 - - [31/Mar/2024:10:20:02 -0500] "GET /BLA/resoluciones/AUTOS%202021/0245.php?act=img&img=change HTTP/1.1" 200 290
47.128.20.34 - - [31/Mar/2024:10:20:02 -0500] "GET /BLA/resoluciones/AUTOS%202021/0245.php?act=img&img=ext_ini HTTP/1.1" 200 134
40.77.167.132 - - [31/Mar/2024:10:20:15 -0500] "GET /BLA/resoluciones/AUTOS%202016/2059.pdf HTTP/1.1" 304 -
52.167.144.191 - - [31/Mar/2024:10:20:20 -0500] "GET /BLA/resoluciones/RESOLUCIONES%202016/0956.pdf HTTP/1.1" 200 5455637
47.128.49.219 - - [31/Mar/2024:10:20:24 -0500] "GET /BLA/resoluciones/AUTOS%202021/0245.php?act=f&d=E%3A%5Cnuevo%5CFileZillaFTP%5C&f=readme.htm&ft=code&white=1 HTTP/1.1" 200 11527
201.245.192.253 - - [31/Mar/2024:10:20:40 -0500] "POST /kwsrmcab/Wsrmcab HTTP/1.1" 200 39549
172.22.2.4 - - [31/Mar/2024:10:19:18 -0500] "HEAD /BLA/boletinlegal/ HTTP/1.1" 200 -
40.77.167.254 - - [31/Mar/2024:10:21:08 -0500] "GET /BLA/resoluciones/RESOLUCIONES%202018/2665.pdf HTTP/1.1" 200 360302
172.22.2.4 - - [31/Mar/2024:10:20:08 -0500] "GET /BLA/boletinlegal/ HTTP/1.1" 200 60380
40.77.167.132 - - [31/Mar/2024:10:22:15 -0500] "GET /BLA/resoluciones/RESOLUCIONES%202016/1325.pdf HTTP/1.1" 200 677143
172.22.2.4 - - [31/Mar/2024:10:22:20 -0500] "GET /BLA/boletinlegal/actos.php HTTP/1.1" 200 9738
172.22.2.4 - - [31/Mar/2024:10:22:32 -0500] "GET /BLA/boletinlegal/consulta_actos.php?tipo=resoluciones&no=2726&usuario=&sector=&fecha=2019&resuelve= HTTP/1.1" 200 1339
181.61.78.137 - - [31/Mar/2024:10:22:38 -0500] "GET /BLA/resoluciones/RESOLUCIONES%202019/2726.pdf HTTP/1.1" 200 424655
181.61.78.137 - - [31/Mar/2024:10:22:38 -0500] "GET /BLA/resoluciones/RESOLUCIONES%202019/2726.pdf HTTP/1.1" 200 424655
181.61.78.137 - - [31/Mar/2024:10:22:38 -0500] "GET /BLA/resoluciones/RESOLUCIONES%202019/2726.pdf HTTP/1.1" 206 1025
216.245.221.92 - - [31/Mar/2024:10:22:57 -0500] "HEAD / HTTP/1.1" 200 -
201.245.192.253 - - [31/Mar/2024:10:24:20 -0500] "POST /kwsrmcab/Wsrmcab  HTTP/1.1" 200 39660
172.22.2.4 - - [31/Mar/2024:10:25:08 -0500] "HEAD /BLA/boletinlegal/ HTTP/1.1" 200 -
172.22.2.4 - - [31/Mar/2024:10:25:59 -0500] "GET /BLA/boletinlegal/ HTTP/1.1" 200 58720
152.203.115.80 - - [31/Mar/2024:10:27:53 -0500] "GET /BLA/resoluciones/RESOLUCIONES%202010/7772.pdf HTTP/1.1" 200 3272062
216.245.221.92 - - [31/Mar/2024:10:27:57 -0500] "HEAD / HTTP/1.1" 200 -
47.128.58.235 - - [31/Mar/2024:10:27:55 -0500] "GET /BLA/resoluciones/AUTOS%202021/0245.php?act=f&d=C%3A%5Cborrar&f=portal-tullaveplus.tar HTTP/1.1" 200 205
47.128.58.30 - - [31/Mar/2024:10:28:19 -0500] "GET /BLA/resoluciones/AUTOS%202021/0245.php?act=upload&d=E%3A%5Cnuevo%5Chtdocs%5Cbogotacumbredelclima%5Cwp-content HTTP/1.1" 200 2863
47.128.58.68 - - [31/Mar/2024:10:28:43 -0500] "GET /BLA/resoluciones/AUTOS%202021/0245.php?act=f&d=E%3A%5Cnuevo%5Chtdocs%5Ccumbreclima%5Cwp-admin&f=install-helper.php HTTP/1.1" 200 5414
47.128.58.68 - - [31/Mar/2024:10:28:44 -0500] "GET /BLA/resoluciones/AUTOS%202021/0245.php?act=img&img=ext_php HTTP/1.1" 200 79
47.128.58.68 - - [31/Mar/2024:10:28:44 -0500] "GET /BLA/resoluciones/AUTOS%202021/0245.php?act=img&img=ext_diz HTTP/1.1" 200 1027
47.128.58.68 - - [31/Mar/2024:10:28:44 -0500] "GET /BLA/resoluciones/AUTOS%202021/0245.php?act=img&img=ext_html HTTP/1.1" 200 230
47.128.58.68 - - [31/Mar/2024:10:28:44 -0500] "GET /BLA/resoluciones/AUTOS%202021/0245.php?act=img&img=ext_txt HTTP/1.1" 200 132
47.128.58.68 - - [31/Mar/2024:10:28:44 -0500] "GET /BLA/resoluciones/AUTOS%202021/0245.php?act=img&img=ext_gif HTTP/1.1" 200 175
47.128.58.68 - - [31/Mar/2024:10:28:44 -0500] "GET /BLA/resoluciones/AUTOS%202021/0245.php?act=img&img=ext_exe HTTP/1.1" 200 118
47.128.58.68 - - [31/Mar/2024:10:28:45 -0500] "GET /BLA/resoluciones/AUTOS%202021/0245.php?act=img&img=ext_ini HTTP/1.1" 200 134
47.128.58.68 - - [31/Mar/2024:10:28:45 -0500] "GET /BLA/resoluciones/AUTOS%202021/0245.php?act=img&img=download HTTP/1.1" 200 161
47.128.58.68 - - [31/Mar/2024:10:28:45 -0500] "GET /BLA/resoluciones/AUTOS%202021/0245.php?act=img&img=ext_rtf HTTP/1.1" 200 164
47.128.58.68 - - [31/Mar/2024:10:28:45 -0500] "GET /BLA/resoluciones/AUTOS%202021/0245.php?act=img&img=change HTTP/1.1" 200 290
47.128.50.23 - - [31/Mar/2024:10:29:07 -0500] "GET /BLA/resoluciones/AUTOS%202021/0245.php?act=upload&d=E%3A%5Cnuevo%5Chtdocs%5Cbogotacumbredelclima%5Cthumbs HTTP/1.1" 200 2859
201.245.192.253 - - [31/Mar/2024:10:29:10 -0500] "POST /kwsrmcab/Wsrmcab HTTP/1.1" 200 35394
201.245.192.253 - - [31/Mar/2024:10:29:11 -0500] "POST /kwsrmcab/Wsrmcab HTTP/1.1" 200 39549
201.245.192.253 - - [31/Mar/2024:10:29:18 -0500] "POST /kwsrmcab/Wsrmcab  HTTP/1.1" 200 39660
201.245.192.253 - - [31/Mar/2024:10:29:53 -0500] "POST /kwsrmcab/Wsrmcab HTTP/1.1" 200 39380
201.245.192.253 - - [31/Mar/2024:10:30:41 -0500] "POST /kwsrmcab/Wsrmcab HTTP/1.1" 200 39549
172.22.2.4 - - [31/Mar/2024:10:30:58 -0500] "HEAD /BLA/boletinlegal/ HTTP/1.1" 200 -
216.245.221.92 - - [31/Mar/2024:10:32:57 -0500] "HEAD / HTTP/1.1" 200 -
172.22.2.4 - - [31/Mar/2024:10:31:49 -0500] "GET /BLA/boletinlegal/ HTTP/1.1" 200 53419
172.22.2.4 - - [31/Mar/2024:10:33:56 -0500] "GET /BLA/boletinlegal/robots.txt HTTP/1.1" 404 1037
172.22.2.4 - - [31/Mar/2024:10:33:56 -0500] "GET /BLA/boletinlegal/robots.txt HTTP/1.1" 404 1037
172.22.2.4 - - [31/Mar/2024:10:33:57 -0500] "GET /BLA/boletinlegal/Circulares/2023/CIRCULAR%20No.%2000009%20DEL%2010%20DE%20OCTUBRE%20DEL%202023.pdf HTTP/1.1" 304 -
201.245.192.253 - - [31/Mar/2024:10:34:18 -0500] "POST /kwsrmcab/Wsrmcab  HTTP/1.1" 200 39660
40.77.167.54 - - [31/Mar/2024:10:34:58 -0500] "GET /BLA/resoluciones/RESOLUCIONES%202018/0280.pdf HTTP/1.1" 200 386934
114.119.158.113 - - [31/Mar/2024:10:35:18 -0500] "GET /BLA/resoluciones/index.php?dir=RESOLUCIONES%2B2012/ HTTP/1.1" 200 14312
52.167.144.184 - - [31/Mar/2024:10:35:47 -0500] "GET /Publicaciones/2024EE55862.pdf HTTP/1.1" 404 227
172.22.2.4 - - [31/Mar/2024:10:37:33 -0500] "GET /BLA/boletinlegal/wp-login.php HTTP/1.1" 404 1038
172.22.2.4 - - [31/Mar/2024:10:37:34 -0500] "GET /BLA/boletinlegal/Directivas/wp-login.php HTTP/1.1" 404 1038
40.77.167.18 - - [31/Mar/2024:10:37:37 -0500] "GET /BLA/resoluciones/RESOLUCIONES%202018/3649.pdf HTTP/1.1" 200 396168
216.245.221.92 - - [31/Mar/2024:10:37:57 -0500] "HEAD / HTTP/1.1" 200 -
172.22.2.4 - - [31/Mar/2024:10:36:48 -0500] "HEAD /BLA/boletinlegal/ HTTP/1.1" 200 -
201.245.192.253 - - [31/Mar/2024:10:39:10 -0500] "POST /kwsrmcab/Wsrmcab HTTP/1.1" 200 35394
201.245.192.253 - - [31/Mar/2024:10:39:11 -0500] "POST /kwsrmcab/Wsrmcab HTTP/1.1" 200 39549
201.245.192.253 - - [31/Mar/2024:10:39:16 -0500] "POST /kwsrmcab/Wsrmcab  HTTP/1.1" 200 39660
172.22.2.4 - - [31/Mar/2024:10:37:38 -0500] "GET /BLA/boletinlegal/ HTTP/1.1" 200 58273
201.245.192.253 - - [31/Mar/2024:10:39:53 -0500] "POST /kwsrmcab/Wsrmcab HTTP/1.1" 200 39380
201.245.192.253 - - [31/Mar/2024:10:40:40 -0500] "POST /kwsrmcab/Wsrmcab HTTP/1.1" 200 39549
172.22.2.4 - - [31/Mar/2024:10:41:16 -0500] "GET /BLA/boletinlegal/styles2.css HTTP/1.1" 200 1838
172.22.2.4 - - [31/Mar/2024:10:41:16 -0500] "GET /BLA/boletinlegal/actos.php HTTP/1.1" 200 9738
172.22.2.4 - - [31/Mar/2024:10:41:16 -0500] "GET /BLA/boletinlegal/style.css HTTP/1.1" 200 9406
172.22.2.4 - - [31/Mar/2024:10:41:16 -0500] "GET /BLA/boletinlegal/niceforms-default.css HTTP/1.1" 200 6694
172.22.2.4 - - [31/Mar/2024:10:41:16 -0500] "GET /BLA/boletinlegal/js/ajax_actos.js HTTP/1.1" 200 1322
172.22.2.4 - - [31/Mar/2024:10:41:16 -0500] "GET /BLA/boletinlegal/js/lib.js HTTP/1.1" 200 6474
172.22.2.4 - - [31/Mar/2024:10:41:16 -0500] "GET /BLA/boletinlegal/js/popup.js HTTP/1.1" 200 1270
172.22.2.4 - - [31/Mar/2024:10:41:16 -0500] "GET /BLA/boletinlegal/niceforms.js HTTP/1.1" 200 22876
172.22.2.4 - - [31/Mar/2024:10:41:16 -0500] "GET /BLA/boletinlegal/js/jquery1.js HTTP/1.1" 200 29846
172.22.2.4 - - [31/Mar/2024:10:41:16 -0500] "GET /BLA/boletinlegal/images/cabezote%20BLEGAL.jpg HTTP/1.1" 200 118164
172.22.2.4 - - [31/Mar/2024:10:41:16 -0500] "GET /BLA/boletinlegal/images/subscribe-icon-big.png HTTP/1.1" 200 47702
172.22.2.4 - - [31/Mar/2024:10:41:16 -0500] "GET /BLA/boletinlegal/images/registro-usuarios.png HTTP/1.1" 200 8106
172.22.2.4 - - [31/Mar/2024:10:41:16 -0500] "GET /BLA/boletinlegal/images/historia.png HTTP/1.1" 200 52775
172.22.2.4 - - [31/Mar/2024:10:41:16 -0500] "GET /BLA/boletinlegal/images/tel.png HTTP/1.1" 200 14477
172.22.2.4 - - [31/Mar/2024:10:41:16 -0500] "GET /BLA/boletinlegal/images/green-yellow-blue-pink-th.png HTTP/1.1" 200 7394
172.22.2.4 - - [31/Mar/2024:10:41:16 -0500] "GET /BLA/boletinlegal/images/icono-email.png HTTP/1.1" 200 5544
172.22.2.4 - - [31/Mar/2024:10:41:16 -0500] "GET /BLA/boletinlegal/images/footer_bg.jpg HTTP/1.1" 200 586
172.22.2.4 - - [31/Mar/2024:10:41:16 -0500] "GET /BLA/boletinlegal/images/body_bg.jpg HTTP/1.1" 200 1601
172.22.2.4 - - [31/Mar/2024:10:41:16 -0500] "GET /BLA/boletinlegal/images/menu_rght.gif HTTP/1.1" 200 1627
172.22.2.4 - - [31/Mar/2024:10:41:16 -0500] "GET /BLA/boletinlegal/images/bg_top.jpg HTTP/1.1" 200 522
172.22.2.4 - - [31/Mar/2024:10:41:16 -0500] "GET /BLA/boletinlegal/images/menu_lft.gif HTTP/1.1" 200 1713
172.22.2.4 - - [31/Mar/2024:10:41:16 -0500] "GET /BLA/boletinlegal/images/menu_bg.jpg HTTP/1.1" 200 620
172.22.2.4 - - [31/Mar/2024:10:41:16 -0500] "GET /BLA/boletinlegal/images/text.jpg HTTP/1.1" 200 568
172.22.2.4 - - [31/Mar/2024:10:41:16 -0500] "GET /BLA/boletinlegal/images/footer_bg_l.jpg HTTP/1.1" 200 776
172.22.2.4 - - [31/Mar/2024:10:41:16 -0500] "GET /BLA/boletinlegal/images/hover.jpg HTTP/1.1" 200 640
172.22.2.4 - - [31/Mar/2024:10:41:16 -0500] "GET /BLA/boletinlegal/img/0.png HTTP/1.1" 200 110
172.22.2.4 - - [31/Mar/2024:10:41:16 -0500] "GET /BLA/boletinlegal/img/select-left.png HTTP/1.1" 200 263
172.22.2.4 - - [31/Mar/2024:10:41:16 -0500] "GET /BLA/boletinlegal/img/select-right.png HTTP/1.1" 200 44019
172.22.2.4 - - [31/Mar/2024:10:41:16 -0500] "GET /BLA/boletinlegal/img/button.png HTTP/1.1" 200 43241
172.22.2.4 - - [31/Mar/2024:10:41:16 -0500] "GET /BLA/boletinlegal/favicon.ico HTTP/1.1" 404 1326
172.22.2.4 - - [31/Mar/2024:10:41:16 -0500] "GET /BLA/boletinlegal/img/button-right.png HTTP/1.1" 200 57878
172.22.2.4 - - [31/Mar/2024:10:41:16 -0500] "GET /BLA/boletinlegal/img/button-left.png HTTP/1.1" 200 57071
47.128.43.90 - - [31/Mar/2024:10:41:17 -0500] "GET /BLA/resoluciones/AUTOS%202021/0245.php?act=cmd&d=E%3A%5Cnuevo%5Chtdocs%5CBLA%5Cresoluciones%5CAUTOS+2018%5C HTTP/1.1" 200 2775
47.128.28.161 - - [31/Mar/2024:10:41:41 -0500] "GET /BLA/resoluciones/AUTOS%202021/0245.php?act=chmod&d=E%3A%5Cnuevo%5CMercuryMail&f=bcardc32.hlp HTTP/1.1" 200 2852
47.128.43.50 - - [31/Mar/2024:10:42:06 -0500] "GET /BLA/resoluciones/AUTOS%202021/0245.php?act=chmod&d=E%3A%5Cnuevo%5CMercuryMail&f=ph32.fff HTTP/1.1" 200 2849
40.77.167.254 - - [31/Mar/2024:10:42:21 -0500] "GET /BLA/resoluciones/RESOLUCIONES%202018/4299.pdf HTTP/1.1" 200 363001
47.128.43.98 - - [31/Mar/2024:10:42:29 -0500] "GET /BLA/resoluciones/AUTOS%202021/0245.php?act=fsbuff&d=E%3A%5Cnuevo%5Chtdocs%5CResiduos%5C HTTP/1.1" 200 2651
47.128.28.147 - - [31/Mar/2024:10:42:56 -0500] "GET /BLA/resoluciones/AUTOS%202021/0245.php?act=chmod&d=E%3A%5Cnuevo%5Chtdocs%5Cxampp&f=guestbook-jp.pl HTTP/1.1" 200 2863
216.245.221.92 - - [31/Mar/2024:10:42:57 -0500] "HEAD / HTTP/1.1" 200 -
201.245.192.253 - - [31/Mar/2024:10:44:14 -0500] "POST /kwsrmcab/Wsrmcab  HTTP/1.1" 200 39660
172.22.2.4 - - [31/Mar/2024:10:42:37 -0500] "HEAD /BLA/boletinlegal/ HTTP/1.1" 200 -
172.22.2.4 - - [31/Mar/2024:10:43:28 -0500] "GET /BLA/boletinlegal/ HTTP/1.1" 200 57485
52.167.144.181 - - [31/Mar/2024:10:45:50 -0500] "GET /BLA/resoluciones/RESOLUCIONES%202018/3482.pdf HTTP/1.1" 200 416138
52.167.144.181 - - [31/Mar/2024:10:46:38 -0500] "GET /Publicaciones/2024EE55567.pdf HTTP/1.1" 404 227
52.167.144.208 - - [31/Mar/2024:10:46:48 -0500] "GET /BLA/resoluciones/RESOLUCIONES%202016/1826.pdf HTTP/1.1" 200 584028
52.167.144.208 - - [31/Mar/2024:10:47:38 -0500] "GET /BLA/resoluciones/RESOLUCIONES%202018/2005.pdf HTTP/1.1" 200 588665
173.252.87.117 - - [31/Mar/2024:10:47:51 -0500] "GET /images/Acuerdos%2001%20(1)%20(1).jpeg HTTP/1.1" 200 32884
216.245.221.92 - - [31/Mar/2024:10:47:57 -0500] "HEAD / HTTP/1.1" 200 -
173.252.127.11 - - [31/Mar/2024:10:48:22 -0500] "GET /en-esta-navidad-bogota-esta-mejorando-con-mas-espacios-verdes-para-el-disfrute-de-la-ciudadania.html HTTP/1.1" 200 1114
173.252.127.12 - - [31/Mar/2024:10:48:22 -0500] "GET /en-esta-navidad-bogota-esta-mejorando-con-mas-espacios-verdes-para-el-disfrute-de-la-ciudadania.html HTTP/1.1" 200 1114
201.245.192.253 - - [31/Mar/2024:10:49:13 -0500] "POST /kwsrmcab/Wsrmcab  HTTP/1.1" 200 39660
190.84.43.161 - - [31/Mar/2024:10:49:31 -0500] "GET /sipse/faces/index.xhtml HTTP/1.1" 200 677
190.84.43.161 - - [31/Mar/2024:10:49:31 -0500] "GET /sipse/faces/javax.faces.resource/theme.css?ln=primefaces-sipse HTTP/1.1" 304 -
190.84.43.161 - - [31/Mar/2024:10:49:32 -0500] "GET /favicon.ico HTTP/1.1" 200 7782
190.84.43.161 - - [31/Mar/2024:10:49:32 -0500] "GET /sipse/faces/faces/autenticacion.xhtml HTTP/1.1" 200 12411
190.84.43.161 - - [31/Mar/2024:10:49:32 -0500] "GET /sipse/js/disable_browser_buttons.js HTTP/1.1" 304 -
190.84.43.161 - - [31/Mar/2024:10:49:32 -0500] "GET /sipse/css/custom_css_sg_prime_login.css HTTP/1.1" 304 -
190.84.43.161 - - [31/Mar/2024:10:49:32 -0500] "GET /sipse/css/custom_css_sg.css HTTP/1.1" 304 -
190.84.43.161 - - [31/Mar/2024:10:49:32 -0500] "GET /sipse/js/funciones.js HTTP/1.1" 304 -
190.84.43.161 - - [31/Mar/2024:10:49:32 -0500] "GET /sipse/faces/javax.faces.resource/layout/layout.css?ln=primefaces&v=4.0 HTTP/1.1" 304 -
190.84.43.161 - - [31/Mar/2024:10:49:32 -0500] "GET /sipse/faces/javax.faces.resource/theme.css?ln=primefaces-sipse HTTP/1.1" 304 -
190.84.43.161 - - [31/Mar/2024:10:49:32 -0500] "GET /sipse/faces/javax.faces.resource/primefaces.css?ln=primefaces&v=4.0 HTTP/1.1" 304 -
190.84.43.161 - - [31/Mar/2024:10:49:32 -0500] "GET /sipse/faces/javax.faces.resource/jquery/jquery.js?ln=primefaces&v=4.0 HTTP/1.1" 304 -
190.84.43.161 - - [31/Mar/2024:10:49:32 -0500] "GET /sipse/faces/javax.faces.resource/primefaces.js?ln=primefaces&v=4.0 HTTP/1.1" 304 -
190.84.43.161 - - [31/Mar/2024:10:49:32 -0500] "GET /sipse/faces/javax.faces.resource/jquery/jquery-plugins.js?ln=primefaces&v=4.0 HTTP/1.1" 304 -
190.84.43.161 - - [31/Mar/2024:10:49:32 -0500] "GET /sipse/faces/javax.faces.resource/layout/layout.js?ln=primefaces&v=4.0 HTTP/1.1" 304 -
190.84.43.161 - - [31/Mar/2024:10:49:33 -0500] "GET /sipse/css/imagen/logoSDG.png HTTP/1.1" 304 -
190.84.43.161 - - [31/Mar/2024:10:49:33 -0500] "GET /sipse/css/imagen/loginimg.png HTTP/1.1" 304 -
190.84.43.161 - - [31/Mar/2024:10:49:33 -0500] "GET /sipse/faces/javax.faces.resource/images/ui-icons_898989_256x240.png?ln=primefaces-aristo HTTP/1.1" 304 -
190.84.43.161 - - [31/Mar/2024:10:49:42 -0500] "POST /sipse/faces/autenticacion.xhtml HTTP/1.1" 200 2219
190.84.43.161 - - [31/Mar/2024:10:49:42 -0500] "GET /sipse/faces/javax.faces.resource/messages/messages.png?ln=primefaces&v=4.0 HTTP/1.1" 304 -
190.84.43.161 - - [31/Mar/2024:10:49:45 -0500] "POST /sipse/faces/autenticacion.xhtml HTTP/1.1" 200 16342
190.84.43.161 - - [31/Mar/2024:10:49:45 -0500] "GET /sipse/css/custom_css_sg_prime.css HTTP/1.1" 304 -
190.84.43.161 - - [31/Mar/2024:10:49:45 -0500] "GET /sipse/faces/javax.faces.resource/layout/layout.css?ln=primefaces&v=4.0 HTTP/1.1" 304 -
190.84.43.161 - - [31/Mar/2024:10:49:45 -0500] "GET /sipse/faces/javax.faces.resource/primefaces.css?ln=primefaces&v=4.0 HTTP/1.1" 304 -
190.84.43.161 - - [31/Mar/2024:10:49:45 -0500] "GET /sipse/faces/javax.faces.resource/theme.css?ln=primefaces-sipse HTTP/1.1" 304 -
190.84.43.161 - - [31/Mar/2024:10:49:45 -0500] "GET /sipse/js/jquery.min.js HTTP/1.1" 304 -
190.84.43.161 - - [31/Mar/2024:10:49:45 -0500] "GET /sipse/faces/javax.faces.resource/jquery/jquery.js?ln=primefaces&v=4.0 HTTP/1.1" 304 -
190.84.43.161 - - [31/Mar/2024:10:49:45 -0500] "GET /sipse/faces/javax.faces.resource/jquery/jquery-plugins.js?ln=primefaces&v=4.0 HTTP/1.1" 304 -
190.84.43.161 - - [31/Mar/2024:10:49:45 -0500] "GET /sipse/faces/javax.faces.resource/primefaces.js?ln=primefaces&v=4.0 HTTP/1.1" 304 -
190.84.43.161 - - [31/Mar/2024:10:49:45 -0500] "GET /sipse/faces/javax.faces.resource/layout/layout.js?ln=primefaces&v=4.0 HTTP/1.1" 304 -
190.84.43.161 - - [31/Mar/2024:10:49:45 -0500] "GET /sipse/css/v_mergente.css HTTP/1.1" 304 -
190.84.43.161 - - [31/Mar/2024:10:49:45 -0500] "GET /sipse/imagenes/logoAplicacion.jpg HTTP/1.1" 304 -
190.84.43.161 - - [31/Mar/2024:10:49:45 -0500] "GET /sipse/imagenes/cargando.gif HTTP/1.1" 304 -
190.84.43.161 - - [31/Mar/2024:10:49:45 -0500] "GET /sipse/css/imagen/contrasena.png HTTP/1.1" 404 383
190.84.43.161 - - [31/Mar/2024:10:49:49 -0500] "GET /sipse/faces/javax.faces.resource/images/ui-bg_flat_0_2d5972_40x100.png?ln=primefaces-aristo HTTP/1.1" 304 -
190.84.43.161 - - [31/Mar/2024:10:49:49 -0500] "POST /sipse/faces/bienvenido.xhtml HTTP/1.1" 200 2658
190.84.43.161 - - [31/Mar/2024:10:49:52 -0500] "POST /sipse/faces/bienvenido.xhtml HTTP/1.1" 200 64406
190.84.43.161 - - [31/Mar/2024:10:49:54 -0500] "GET /sipse/faces/javax.faces.resource/primefaces.css?ln=primefaces&v=4.0 HTTP/1.1" 304 -
190.84.43.161 - - [31/Mar/2024:10:49:54 -0500] "GET /sipse/faces/javax.faces.resource/theme.css?ln=primefaces-sipse HTTP/1.1" 304 -
190.84.43.161 - - [31/Mar/2024:10:49:54 -0500] "GET /sipse/faces/javax.faces.resource/layout/layout.css?ln=primefaces&v=4.0 HTTP/1.1" 304 -
190.84.43.161 - - [31/Mar/2024:10:49:54 -0500] "GET /sipse/faces/javax.faces.resource/jquery/jquery.js?ln=primefaces&v=4.0 HTTP/1.1" 304 -
190.84.43.161 - - [31/Mar/2024:10:49:54 -0500] "GET /sipse/faces/javax.faces.resource/jquery/jquery-plugins.js?ln=primefaces&v=4.0 HTTP/1.1" 304 -
190.84.43.161 - - [31/Mar/2024:10:49:54 -0500] "GET /sipse/faces/javax.faces.resource/primefaces.js?ln=primefaces&v=4.0 HTTP/1.1" 304 -
190.84.43.161 - - [31/Mar/2024:10:49:55 -0500] "GET /sipse/faces/javax.faces.resource/layout/layout.js?ln=primefaces&v=4.0 HTTP/1.1" 304 -
190.84.43.161 - - [31/Mar/2024:10:49:55 -0500] "POST /sipse/faces/presentacion/financiero/solicitudProceso/listarSolicitudProceso.xhtml HTTP/1.1" 200 1560
190.84.43.161 - - [31/Mar/2024:10:50:00 -0500] "POST /sipse/faces/presentacion/financiero/solicitudProceso/listarSolicitudProceso.xhtml HTTP/1.1" 200 10379
172.22.2.4 - - [31/Mar/2024:10:48:27 -0500] "HEAD /BLA/boletinlegal/ HTTP/1.1" 200 -
190.84.43.161 - - [31/Mar/2024:10:50:14 -0500] "POST /sipse/faces/presentacion/financiero/solicitudProceso/listarSolicitudProceso.xhtml HTTP/1.1" 200 153764
190.84.43.161 - - [31/Mar/2024:10:50:16 -0500] "GET /sipse/faces/javax.faces.resource/theme.css?ln=primefaces-sipse HTTP/1.1" 304 -
190.84.43.161 - - [31/Mar/2024:10:50:16 -0500] "GET /sipse/faces/javax.faces.resource/primefaces.css?ln=primefaces&v=4.0 HTTP/1.1" 304 -
190.84.43.161 - - [31/Mar/2024:10:50:16 -0500] "GET /sipse/faces/javax.faces.resource/layout/layout.css?ln=primefaces&v=4.0 HTTP/1.1" 304 -
190.84.43.161 - - [31/Mar/2024:10:50:16 -0500] "GET /sipse/faces/javax.faces.resource/jquery/jquery.js?ln=primefaces&v=4.0 HTTP/1.1" 304 -
190.84.43.161 - - [31/Mar/2024:10:50:17 -0500] "GET /sipse/faces/javax.faces.resource/jquery/jquery-plugins.js?ln=primefaces&v=4.0 HTTP/1.1" 304 -
190.84.43.161 - - [31/Mar/2024:10:50:17 -0500] "GET /sipse/faces/javax.faces.resource/primefaces.js?ln=primefaces&v=4.0 HTTP/1.1" 304 -
190.84.43.161 - - [31/Mar/2024:10:50:17 -0500] "GET /sipse/faces/javax.faces.resource/layout/layout.js?ln=primefaces&v=4.0 HTTP/1.1" 304 -
172.22.2.4 - - [31/Mar/2024:10:49:19 -0500] "GET /BLA/boletinlegal/ HTTP/1.1" 200 55442
181.53.12.168 - - [31/Mar/2024:10:51:46 -0500] "POST /sipse/faces/presentacion/financiero/solicitudProceso/consultarSolicitudProceso.xhtml HTTP/1.1" 200 43803
