190.84.43.161 - - [31/Mar/2024:12:34:56 -0500] "GET /sipse/faces/javax.faces.resource/theme.css?ln=primefaces-sipse HTTP/1.1" 304 -
190.84.43.161 - - [31/Mar/2024:12:34:56 -0500] "GET /sipse/faces/javax.faces.resource/layout/layout.css?ln=primefaces&v=4.0 HTTP/1.1" 304 -
190.84.43.161 - - [31/Mar/2024:12:34:56 -0500] "GET /sipse/faces/javax.faces.resource/jquery/jquery.js?ln=primefaces&v=4.0 HTTP/1.1" 304 -
190.84.43.161 - - [31/Mar/2024:12:32:06 -0500] "POST /sipse/faces/presentacion/financiero/solicitudProceso/consultarSolicitudProceso.xhtml HTTP/1.1" 200 2116500
190.84.43.161 - - [31/Mar/2024:12:34:56 -0500] "GET /sipse/faces/javax.faces.resource/jquery/jquery-plugins.js?ln=primefaces&v=4.0 HTTP/1.1" 304 -
190.84.43.161 - - [31/Mar/2024:12:34:56 -0500] "GET /sipse/faces/javax.faces.resource/primefaces.js?ln=primefaces&v=4.0 HTTP/1.1" 304 -
190.84.43.161 - - [31/Mar/2024:12:34:56 -0500] "GET /sipse/faces/javax.faces.resource/layout/layout.js?ln=primefaces&v=4.0 HTTP/1.1" 304 -
190.84.43.161 - - [31/Mar/2024:12:34:56 -0500] "POST /sipse/faces/presentacion/financiero/solicitudProceso/listarSolicitudProceso.xhtml HTTP/1.1" 200 1560
190.84.43.161 - - [31/Mar/2024:12:35:07 -0500] "POST /sipse/faces/presentacion/financiero/solicitudProceso/listarSolicitudProceso.xhtml HTTP/1.1" 200 10300
172.22.2.4 - - [31/Mar/2024:12:33:34 -0500] "HEAD /BLA/boletinlegal/ HTTP/1.1" 200 -
52.167.144.184 - - [31/Mar/2024:12:35:19 -0500] "GET /BLA/resoluciones/RESOLUCIONES%202017/2798.pdf HTTP/1.1" 200 333199
186.29.13.227 - - [31/Mar/2024:12:35:27 -0500] "POST /sipse/faces/presentacion/financiero/solicitudProceso/consultar.xhtml HTTP/1.1" 200 35169
186.29.13.227 - - [31/Mar/2024:12:35:28 -0500] "GET /sipse/faces/javax.faces.resource/jquery/jquery.js?ln=primefaces&v=4.0 HTTP/1.1" 304 -
186.29.13.227 - - [31/Mar/2024:12:35:28 -0500] "GET /sipse/faces/javax.faces.resource/jquery/jquery-plugins.js?ln=primefaces&v=4.0 HTTP/1.1" 304 -
186.29.13.227 - - [31/Mar/2024:12:35:28 -0500] "GET /sipse/faces/javax.faces.resource/primefaces.js?ln=primefaces&v=4.0 HTTP/1.1" 304 -
186.29.13.227 - - [31/Mar/2024:12:35:28 -0500] "GET /sipse/faces/javax.faces.resource/layout/layout.js?ln=primefaces&v=4.0 HTTP/1.1" 304 -
186.29.13.227 - - [31/Mar/2024:12:35:28 -0500] "POST /sipse/faces/presentacion/financiero/solicitudProceso/listarSolicitudProceso.xhtml HTTP/1.1" 200 28561
186.29.13.227 - - [31/Mar/2024:12:35:29 -0500] "POST /sipse/faces/presentacion/financiero/solicitudProceso/listarSolicitudProceso.xhtml HTTP/1.1" 200 28561
186.29.13.227 - - [31/Mar/2024:12:35:29 -0500] "POST /sipse/faces/presentacion/financiero/solicitudProceso/listarSolicitudProceso.xhtml HTTP/1.1" 200 1400
186.29.13.227 - - [31/Mar/2024:12:35:29 -0500] "POST /sipse/faces/presentacion/financiero/solicitudProceso/listarSolicitudProceso.xhtml HTTP/1.1" 200 1396
186.29.13.227 - - [31/Mar/2024:12:35:29 -0500] "POST /sipse/faces/presentacion/financiero/solicitudProceso/listarSolicitudProceso.xhtml HTTP/1.1" 200 1408
186.29.13.227 - - [31/Mar/2024:12:35:35 -0500] "POST /sipse/faces/presentacion/financiero/solicitudProceso/listarSolicitudProceso.xhtml HTTP/1.1" 200 13753
190.84.43.161 - - [31/Mar/2024:12:35:32 -0500] "POST /sipse/faces/presentacion/financiero/solicitudProceso/listarSolicitudProceso.xhtml HTTP/1.1" 200 151794
190.84.43.161 - - [31/Mar/2024:12:35:36 -0500] "GET /sipse/faces/javax.faces.resource/theme.css?ln=primefaces-sipse HTTP/1.1" 304 -
190.84.43.161 - - [31/Mar/2024:12:35:36 -0500] "GET /sipse/faces/javax.faces.resource/layout/layout.css?ln=primefaces&v=4.0 HTTP/1.1" 304 -
190.84.43.161 - - [31/Mar/2024:12:35:36 -0500] "GET /sipse/faces/javax.faces.resource/primefaces.css?ln=primefaces&v=4.0 HTTP/1.1" 304 -
190.84.43.161 - - [31/Mar/2024:12:35:36 -0500] "GET /sipse/faces/javax.faces.resource/jquery/jquery.js?ln=primefaces&v=4.0 HTTP/1.1" 304 -
190.84.43.161 - - [31/Mar/2024:12:35:36 -0500] "GET /sipse/faces/javax.faces.resource/jquery/jquery-plugins.js?ln=primefaces&v=4.0 HTTP/1.1" 304 -
190.84.43.161 - - [31/Mar/2024:12:35:36 -0500] "GET /sipse/faces/javax.faces.resource/primefaces.js?ln=primefaces&v=4.0 HTTP/1.1" 304 -
190.84.43.161 - - [31/Mar/2024:12:35:36 -0500] "GET /sipse/faces/javax.faces.resource/layout/layout.js?ln=primefaces&v=4.0 HTTP/1.1" 304 -
186.29.13.227 - - [31/Mar/2024:12:35:47 -0500] "POST /sipse/faces/presentacion/financiero/solicitudProceso/listarSolicitudProceso.xhtml HTTP/1.1" 200 156724
186.29.13.227 - - [31/Mar/2024:12:35:49 -0500] "GET /sipse/faces/javax.faces.resource/jquery/jquery.js?ln=primefaces&v=4.0 HTTP/1.1" 304 -
186.29.13.227 - - [31/Mar/2024:12:35:49 -0500] "GET /sipse/faces/javax.faces.resource/jquery/jquery-plugins.js?ln=primefaces&v=4.0 HTTP/1.1" 304 -
186.29.13.227 - - [31/Mar/2024:12:35:49 -0500] "GET /sipse/faces/javax.faces.resource/primefaces.js?ln=primefaces&v=4.0 HTTP/1.1" 304 -
186.29.13.227 - - [31/Mar/2024:12:35:49 -0500] "GET /sipse/faces/javax.faces.resource/layout/layout.js?ln=primefaces&v=4.0 HTTP/1.1" 304 -
172.22.2.4 - - [31/Mar/2024:12:34:26 -0500] "GET /BLA/boletinlegal/ HTTP/1.1" 200 60380
190.84.43.161 - - [31/Mar/2024:12:36:05 -0500] "POST /sipse/faces/presentacion/financiero/solicitudProceso/consultarSolicitudProceso.xhtml HTTP/1.1" 200 2116500
47.128.96.210 - - [31/Mar/2024:12:36:30 -0500] "GET /BLA/resoluciones/AUTOS%202021/0245.php?act=security&d=E%3A%5Cnuevo%5Chtdocs%5Cportalsiaccapacitaciones%5CListas+de+Asistencia+2015%5C HTTP/1.1" 200 2819
47.128.18.81 - - [31/Mar/2024:12:36:53 -0500] "GET /BLA/resoluciones/AUTOS%202021/0245.php?act=ftpquickbrute&d=E%3A%5Cnuevo%5Chtdocs%5CBLA%5Ccirculares%5C HTTP/1.1" 200 2837
47.128.97.116 - - [31/Mar/2024:12:37:17 -0500] "GET /BLA/resoluciones/AUTOS%202021/0245.php?act=cmd&d=E%3A%5Cnuevo%5Cmysql%5Cdocs%5C HTTP/1.1" 200 2723
216.245.221.92 - - [31/Mar/2024:12:37:57 -0500] "HEAD / HTTP/1.1" 200 -
186.155.123.38 - - [31/Mar/2024:12:37:58 -0500] "GET /appsia/controlador HTTP/1.1" 200 4799
186.155.123.38 - - [31/Mar/2024:12:38:04 -0500] "GET /favicon.ico HTTP/1.1" 200 7782
186.155.123.38 - - [31/Mar/2024:12:38:13 -0500] "POST /appsia/controlador HTTP/1.1" 200 4621
190.84.43.161 - - [31/Mar/2024:12:36:03 -0500] "POST /sipse/faces/presentacion/financiero/solicitudProceso/consultarSolicitudProceso.xhtml HTTP/1.1" 200 15639
201.245.192.253 - - [31/Mar/2024:12:38:39 -0500] "POST /kwsrmcab/Wsrmcab  HTTP/1.1" 200 39660
172.22.2.4 - - [31/Mar/2024:12:38:41 -0500] "GET /BLA/boletinlegal/Directivas/2016/Directiva%20No.%2003%20del%2026%20de%20Julio%20de%202016.pdf HTTP/1.1" 304 -
52.167.144.238 - - [31/Mar/2024:12:39:00 -0500] "GET /BLA/resoluciones/RESOLUCIONES%202016/1358.pdf HTTP/1.1" 200 759873
201.245.192.253 - - [31/Mar/2024:12:39:09 -0500] "POST /kwsrmcab/Wsrmcab HTTP/1.1" 200 37950
201.245.192.253 - - [31/Mar/2024:12:39:10 -0500] "POST /kwsrmcab/Wsrmcab HTTP/1.1" 200 39544
186.155.14.69 - - [31/Mar/2024:12:39:12 -0500] "GET /BLA/resoluciones/index.php HTTP/1.1" 200 14105
186.155.14.69 - - [31/Mar/2024:12:39:17 -0500] "GET /BLA/resoluciones/index.php?dir=AUTOS+2015%2F HTTP/1.1" 200 233419
186.155.14.69 - - [31/Mar/2024:12:39:18 -0500] "GET /BLA/resoluciones/AUTOS%202015/0021.pdf HTTP/1.1" 200 447293
186.155.14.69 - - [31/Mar/2024:12:39:33 -0500] "GET /BLA/resoluciones/index.php?dir=AUTOS+2015%2F HTTP/1.1" 200 585318
201.245.192.253 - - [31/Mar/2024:12:39:52 -0500] "POST /kwsrmcab/Wsrmcab HTTP/1.1" 200 39372
201.245.192.253 - - [31/Mar/2024:12:40:39 -0500] "POST /kwsrmcab/Wsrmcab HTTP/1.1" 200 39544
52.167.144.238 - - [31/Mar/2024:12:40:41 -0500] "GET /BLA/resoluciones/RESOLUCIONES%202017/2973.pdf HTTP/1.1" 200 333418
172.22.2.4 - - [31/Mar/2024:12:39:24 -0500] "HEAD /BLA/boletinlegal/ HTTP/1.1" 200 -
172.22.2.4 - - [31/Mar/2024:12:40:16 -0500] "GET /BLA/boletinlegal/ HTTP/1.1" 200 58273
47.128.48.152 - - [31/Mar/2024:12:42:33 -0500] "GET /BLA/resoluciones/AUTOS%202021/0245.php?act=f&d=E%3A%5Cnuevo%5Chtdocs%5CBLA%5Cresoluciones%5CAUTOS+2021%5C&f=2462.pdf&ft=info HTTP/1.1" 200 3844
47.128.48.152 - - [31/Mar/2024:12:42:34 -0500] "GET /BLA/resoluciones/AUTOS%202021/0245.php?act=img&img=ext_txt HTTP/1.1" 200 132
47.128.48.152 - - [31/Mar/2024:12:42:34 -0500] "GET /BLA/resoluciones/AUTOS%202021/0245.php?act=img&img=ext_diz HTTP/1.1" 200 1027
47.128.48.152 - - [31/Mar/2024:12:42:34 -0500] "GET /BLA/resoluciones/AUTOS%202021/0245.php?act=img&img=ext_pdf HTTP/1.1" 200 1034
47.128.48.152 - - [31/Mar/2024:12:42:34 -0500] "GET /BLA/resoluciones/AUTOS%202021/0245.php?act=img&img=ext_exe HTTP/1.1" 200 118
47.128.48.152 - - [31/Mar/2024:12:42:34 -0500] "GET /BLA/resoluciones/AUTOS%202021/0245.php?act=img&img=ext_gif HTTP/1.1" 200 175
47.128.48.152 - - [31/Mar/2024:12:42:34 -0500] "GET /BLA/resoluciones/AUTOS%202021/0245.php?act=img&img=ext_html HTTP/1.1" 200 230
47.128.48.152 - - [31/Mar/2024:12:42:34 -0500] "GET /BLA/resoluciones/AUTOS%202021/0245.php?act=img&img=download HTTP/1.1" 200 161
47.128.48.152 - - [31/Mar/2024:12:42:34 -0500] "GET /BLA/resoluciones/AUTOS%202021/0245.php?act=img&img=ext_rtf HTTP/1.1" 200 164
47.128.48.152 - - [31/Mar/2024:12:42:34 -0500] "GET /BLA/resoluciones/AUTOS%202021/0245.php?act=img&img=change HTTP/1.1" 200 290
47.128.48.152 - - [31/Mar/2024:12:42:34 -0500] "GET /BLA/resoluciones/AUTOS%202021/0245.php?act=img&img=ext_ini HTTP/1.1" 200 134
216.245.221.92 - - [31/Mar/2024:12:42:57 -0500] "HEAD / HTTP/1.1" 200 -
47.128.112.1 - - [31/Mar/2024:12:42:57 -0500] "GET /BLA/resoluciones/AUTOS%202021/0245.php?act=f&d=E%3A%5Cnuevo%5Chtdocs%5CBLA%5Cresoluciones%5CAUTOS+2021&f=2124.pdf&ft=info HTTP/1.1" 200 3846
47.128.112.1 - - [31/Mar/2024:12:42:58 -0500] "GET /BLA/resoluciones/AUTOS%202021/0245.php?act=img&img=ext_gif HTTP/1.1" 200 175
47.128.112.1 - - [31/Mar/2024:12:42:58 -0500] "GET /BLA/resoluciones/AUTOS%202021/0245.php?act=img&img=ext_exe HTTP/1.1" 200 118
47.128.112.1 - - [31/Mar/2024:12:42:58 -0500] "GET /BLA/resoluciones/AUTOS%202021/0245.php?act=img&img=ext_txt HTTP/1.1" 200 132
47.128.112.1 - - [31/Mar/2024:12:42:58 -0500] "GET /BLA/resoluciones/AUTOS%202021/0245.php?act=img&img=ext_pdf HTTP/1.1" 200 1034
47.128.112.1 - - [31/Mar/2024:12:42:58 -0500] "GET /BLA/resoluciones/AUTOS%202021/0245.php?act=img&img=ext_diz HTTP/1.1" 200 1027
47.128.112.1 - - [31/Mar/2024:12:42:58 -0500] "GET /BLA/resoluciones/AUTOS%202021/0245.php?act=img&img=ext_html HTTP/1.1" 200 230
47.128.112.1 - - [31/Mar/2024:12:42:59 -0500] "GET /BLA/resoluciones/AUTOS%202021/0245.php?act=img&img=ext_rtf HTTP/1.1" 200 164
47.128.112.1 - - [31/Mar/2024:12:42:59 -0500] "GET /BLA/resoluciones/AUTOS%202021/0245.php?act=img&img=ext_ini HTTP/1.1" 200 134
47.128.112.1 - - [31/Mar/2024:12:42:59 -0500] "GET /BLA/resoluciones/AUTOS%202021/0245.php?act=img&img=download HTTP/1.1" 200 161
47.128.112.1 - - [31/Mar/2024:12:42:59 -0500] "GET /BLA/resoluciones/AUTOS%202021/0245.php?act=img&img=change HTTP/1.1" 200 290
47.128.16.199 - - [31/Mar/2024:12:43:20 -0500] "GET /BLA/resoluciones/AUTOS%202021/0245.php?act=ls&d=E%3A%5Cnuevo%5Chtdocs%5Cimg&sort=0d HTTP/1.1" 200 3443
47.128.16.199 - - [31/Mar/2024:12:43:21 -0500] "GET /BLA/resoluciones/AUTOS%202021/0245.php?act=img&img=arrow_ltr HTTP/1.1" 200 88
47.128.16.199 - - [31/Mar/2024:12:43:21 -0500] "GET /BLA/resoluciones/AUTOS%202021/0245.php?act=img&img=ext_png HTTP/1.1" 200 175
201.245.192.253 - - [31/Mar/2024:12:43:36 -0500] "POST /kwsrmcab/Wsrmcab  HTTP/1.1" 200 39660
47.128.38.101 - - [31/Mar/2024:12:43:45 -0500] "GET /BLA/resoluciones/AUTOS%202021/0245.php?act=upload&d=E%3A%5C%24RECYCLE.BIN%5C HTTP/1.1" 200 2806
52.167.144.209 - - [31/Mar/2024:12:44:11 -0500] "GET /BLA/resoluciones/RESOLUCIONES%202017/2351.pdf HTTP/1.1" 200 375058
190.84.43.161 - - [31/Mar/2024:12:44:43 -0500] "POST /sipse/faces/presentacion/financiero/solicitudProceso/consultarSolicitudProceso.xhtml HTTP/1.1" 200 37249
190.84.43.161 - - [31/Mar/2024:12:44:43 -0500] "GET /sipse/faces/javax.faces.resource/theme.css?ln=primefaces-sipse HTTP/1.1" 304 -
190.84.43.161 - - [31/Mar/2024:12:44:43 -0500] "GET /sipse/faces/javax.faces.resource/primefaces.css?ln=primefaces&v=4.0 HTTP/1.1" 304 -
190.84.43.161 - - [31/Mar/2024:12:44:43 -0500] "GET /sipse/faces/javax.faces.resource/layout/layout.css?ln=primefaces&v=4.0 HTTP/1.1" 304 -
190.84.43.161 - - [31/Mar/2024:12:44:43 -0500] "GET /sipse/faces/javax.faces.resource/jquery/jquery.js?ln=primefaces&v=4.0 HTTP/1.1" 304 -
190.84.43.161 - - [31/Mar/2024:12:44:43 -0500] "GET /sipse/faces/javax.faces.resource/jquery/jquery-plugins.js?ln=primefaces&v=4.0 HTTP/1.1" 304 -
190.84.43.161 - - [31/Mar/2024:12:44:43 -0500] "GET /sipse/css/imagen/contrasena.png HTTP/1.1" 404 383
190.84.43.161 - - [31/Mar/2024:12:44:43 -0500] "GET /sipse/faces/javax.faces.resource/primefaces.js?ln=primefaces&v=4.0 HTTP/1.1" 304 -
190.84.43.161 - - [31/Mar/2024:12:44:43 -0500] "GET /sipse/faces/javax.faces.resource/layout/layout.js?ln=primefaces&v=4.0 HTTP/1.1" 304 -
190.84.43.161 - - [31/Mar/2024:12:44:43 -0500] "POST /sipse/faces/presentacion/financiero/solicitudProceso/listarSolicitudProceso.xhtml HTTP/1.1" 200 30633
190.84.43.161 - - [31/Mar/2024:12:44:44 -0500] "POST /sipse/faces/presentacion/financiero/solicitudProceso/listarSolicitudProceso.xhtml HTTP/1.1" 200 30633
190.84.43.161 - - [31/Mar/2024:12:44:44 -0500] "POST /sipse/faces/presentacion/financiero/solicitudProceso/listarSolicitudProceso.xhtml HTTP/1.1" 200 1400
190.84.43.161 - - [31/Mar/2024:12:44:46 -0500] "POST /sipse/faces/presentacion/financiero/solicitudProceso/listarSolicitudProceso.xhtml HTTP/1.1" 200 1396
190.84.43.161 - - [31/Mar/2024:12:44:47 -0500] "POST /sipse/faces/presentacion/financiero/solicitudProceso/listarSolicitudProceso.xhtml HTTP/1.1" 200 1408
190.84.43.161 - - [31/Mar/2024:12:44:51 -0500] "POST /sipse/faces/presentacion/financiero/solicitudProceso/listarSolicitudProceso.xhtml HTTP/1.1" 200 10300
190.84.43.161 - - [31/Mar/2024:12:45:00 -0500] "POST /sipse/faces/presentacion/financiero/solicitudProceso/listarSolicitudProceso.xhtml HTTP/1.1" 200 145070
190.84.43.161 - - [31/Mar/2024:12:45:01 -0500] "GET /sipse/faces/javax.faces.resource/theme.css?ln=primefaces-sipse HTTP/1.1" 304 -
190.84.43.161 - - [31/Mar/2024:12:45:01 -0500] "GET /sipse/faces/javax.faces.resource/layout/layout.css?ln=primefaces&v=4.0 HTTP/1.1" 304 -
190.84.43.161 - - [31/Mar/2024:12:45:01 -0500] "GET /sipse/faces/javax.faces.resource/primefaces.css?ln=primefaces&v=4.0 HTTP/1.1" 304 -
190.84.43.161 - - [31/Mar/2024:12:45:01 -0500] "GET /sipse/faces/javax.faces.resource/jquery/jquery.js?ln=primefaces&v=4.0 HTTP/1.1" 304 -
190.84.43.161 - - [31/Mar/2024:12:45:01 -0500] "GET /sipse/faces/javax.faces.resource/jquery/jquery-plugins.js?ln=primefaces&v=4.0 HTTP/1.1" 304 -
190.84.43.161 - - [31/Mar/2024:12:45:01 -0500] "GET /sipse/faces/javax.faces.resource/primefaces.js?ln=primefaces&v=4.0 HTTP/1.1" 304 -
190.84.43.161 - - [31/Mar/2024:12:45:01 -0500] "GET /sipse/faces/javax.faces.resource/layout/layout.js?ln=primefaces&v=4.0 HTTP/1.1" 304 -
190.84.43.161 - - [31/Mar/2024:12:45:01 -0500] "GET /sipse/css/imagen/contrasena.png HTTP/1.1" 404 383
190.84.43.161 - - [31/Mar/2024:12:45:11 -0500] "POST /sipse/faces/presentacion/financiero/solicitudProceso/consultarSolicitudProceso.xhtml HTTP/1.1" 200 38355
190.84.43.161 - - [31/Mar/2024:12:45:12 -0500] "GET /sipse/faces/javax.faces.resource/primefaces.css?ln=primefaces&v=4.0 HTTP/1.1" 304 -
190.84.43.161 - - [31/Mar/2024:12:45:12 -0500] "GET /sipse/faces/javax.faces.resource/theme.css?ln=primefaces-sipse HTTP/1.1" 304 -
190.84.43.161 - - [31/Mar/2024:12:45:12 -0500] "GET /sipse/faces/javax.faces.resource/layout/layout.css?ln=primefaces&v=4.0 HTTP/1.1" 304 -
190.84.43.161 - - [31/Mar/2024:12:45:12 -0500] "GET /sipse/faces/javax.faces.resource/jquery/jquery.js?ln=primefaces&v=4.0 HTTP/1.1" 304 -
190.84.43.161 - - [31/Mar/2024:12:45:12 -0500] "GET /sipse/faces/javax.faces.resource/jquery/jquery-plugins.js?ln=primefaces&v=4.0 HTTP/1.1" 304 -
190.84.43.161 - - [31/Mar/2024:12:45:12 -0500] "GET /sipse/faces/javax.faces.resource/primefaces.js?ln=primefaces&v=4.0 HTTP/1.1" 304 -
190.84.43.161 - - [31/Mar/2024:12:45:12 -0500] "GET /sipse/faces/javax.faces.resource/layout/layout.js?ln=primefaces&v=4.0 HTTP/1.1" 304 -
190.84.43.161 - - [31/Mar/2024:12:45:12 -0500] "GET /sipse/css/imagen/contrasena.png HTTP/1.1" 404 383
190.84.43.161 - - [31/Mar/2024:12:45:12 -0500] "GET /sipse/faces/javax.faces.resource/images/ui-icons_898989_256x240.png?ln=primefaces-aristo HTTP/1.1" 304 -
40.77.167.25 - - [31/Mar/2024:12:45:20 -0500] "GET /BLA/resoluciones/RESOLUCIONES%202017/0192.pdf HTTP/1.1" 200 555095
172.22.2.4 - - [31/Mar/2024:12:45:46 -0500] "GET /BLA/boletinlegal/.well-known/traffic-advice HTTP/1.1" 404 1038
172.22.2.4 - - [31/Mar/2024:12:45:46 -0500] "GET /BLA/boletinlegal/actos.php HTTP/1.1" 200 9738
172.22.2.4 - - [31/Mar/2024:12:45:46 -0500] "GET /BLA/boletinlegal/niceforms.js HTTP/1.1" 200 22876
172.22.2.4 - - [31/Mar/2024:12:45:46 -0500] "GET /BLA/boletinlegal/style.css HTTP/1.1" 200 9406
172.22.2.4 - - [31/Mar/2024:12:45:46 -0500] "GET /BLA/boletinlegal/js/lib.js HTTP/1.1" 200 6474
172.22.2.4 - - [31/Mar/2024:12:45:46 -0500] "GET /BLA/boletinlegal/js/jquery1.js HTTP/1.1" 200 29846
172.22.2.4 - - [31/Mar/2024:12:45:47 -0500] "GET /BLA/boletinlegal/images/cabezote%20BLEGAL.jpg HTTP/1.1" 200 118164
172.22.2.4 - - [31/Mar/2024:12:45:47 -0500] "GET /BLA/boletinlegal/images/subscribe-icon-big.png HTTP/1.1" 200 47702
172.22.2.4 - - [31/Mar/2024:12:45:47 -0500] "GET /BLA/boletinlegal/images/historia.png HTTP/1.1" 200 52775
172.22.2.4 - - [31/Mar/2024:12:45:47 -0500] "GET /BLA/boletinlegal/images/registro-usuarios.png HTTP/1.1" 200 8106
172.22.2.4 - - [31/Mar/2024:12:45:47 -0500] "GET /BLA/boletinlegal/images/green-yellow-blue-pink-th.png HTTP/1.1" 200 7394
172.22.2.4 - - [31/Mar/2024:12:45:47 -0500] "GET /BLA/boletinlegal/images/tel.png HTTP/1.1" 200 14477
172.22.2.4 - - [31/Mar/2024:12:45:47 -0500] "GET /BLA/boletinlegal/images/icono-email.png HTTP/1.1" 200 5544
172.22.2.4 - - [31/Mar/2024:12:45:47 -0500] "GET /BLA/boletinlegal/img/button.png HTTP/1.1" 200 43241
172.22.2.4 - - [31/Mar/2024:12:45:47 -0500] "GET /BLA/boletinlegal/img/select-right.png HTTP/1.1" 200 44019
172.22.2.4 - - [31/Mar/2024:12:45:47 -0500] "GET /BLA/boletinlegal/img/button-left.png HTTP/1.1" 200 57071
172.22.2.4 - - [31/Mar/2024:12:45:47 -0500] "GET /BLA/boletinlegal/img/button-right.png HTTP/1.1" 200 57878
172.22.2.4 - - [31/Mar/2024:12:45:47 -0500] "GET /BLA/boletinlegal/favicon.ico HTTP/1.1" 404 1326
172.22.2.4 - - [31/Mar/2024:12:45:53 -0500] "GET /BLA/boletinlegal/consulta_actos.php?tipo=autos&no=&usuario=&sector=&fecha=2024&resuelve= HTTP/1.1" 200 29817
172.22.2.4 - - [31/Mar/2024:12:45:55 -0500] "GET /BLA/boletinlegal/robots.txt HTTP/1.1" 404 1140
172.22.2.4 - - [31/Mar/2024:12:46:23 -0500] "GET /BLA/boletinlegal/actos.php HTTP/1.1" 200 9738
66.220.149.119 - - [31/Mar/2024:12:46:30 -0500] "GET /images/27%20de%20enero%20Soratama.jpg HTTP/1.1" 200 63397
172.22.2.4 - - [31/Mar/2024:12:45:14 -0500] "HEAD /BLA/boletinlegal/ HTTP/1.1" 200 -
172.22.2.4 - - [31/Mar/2024:12:46:24 -0500] "GET /BLA/boletinlegal/ HTTP/1.1" 200 24523
114.119.132.101 - - [31/Mar/2024:12:47:09 -0500] "GET /BLA/resoluciones/index.php?dir=Notificaciones/REGISTROS%2B0216/&sort=name&order=asc HTTP/1.1" 200 14365
40.77.167.25 - - [31/Mar/2024:12:47:17 -0500] "GET /Publicaciones/2024EE56229.pdf HTTP/1.1" 404 227
52.167.144.170 - - [31/Mar/2024:12:47:21 -0500] "GET /BLA/resoluciones/RESOLUCIONES%202018/2371.pdf HTTP/1.1" 200 400911
172.22.2.4 - - [31/Mar/2024:12:46:06 -0500] "GET /BLA/boletinlegal/ HTTP/1.1" 200 55823
216.245.221.92 - - [31/Mar/2024:12:47:57 -0500] "HEAD / HTTP/1.1" 200 -
186.155.123.38 - - [31/Mar/2024:12:48:11 -0500] "GET /appsia/controlador HTTP/1.1" 200 4621
201.245.192.253 - - [31/Mar/2024:12:48:34 -0500] "POST /kwsrmcab/Wsrmcab  HTTP/1.1" 200 39660
40.77.167.22 - - [31/Mar/2024:12:49:01 -0500] "GET /BLA/resoluciones/RESOLUCIONES%202018/2084.pdf HTTP/1.1" 200 624835
52.167.144.233 - - [31/Mar/2024:12:50:28 -0500] "GET /BLA/resoluciones/AUTOS%202021/4856.pdf HTTP/1.1" 304 -
216.244.66.195 - - [31/Mar/2024:12:50:30 -0500] "GET /BLA/resoluciones/RESOLUCIONES%202019/0743.pdf HTTP/1.1" 200 358755
172.22.2.4 - - [31/Mar/2024:12:50:44 -0500] "GET /BLA/boletinlegal/Circulares/2024/CIRCULAR%20No.%2000002%20DEL%2031%20DE%20ENERO%20DEL%202024.pdf HTTP/1.1" 200 382171
216.244.66.195 - - [31/Mar/2024:12:50:47 -0500] "GET /BLA/resoluciones/RESOLUCIONES%202019/1499.pdf HTTP/1.1" 200 399069
190.26.150.177 - - [31/Mar/2024:12:51:11 -0500] "GET /kwssiamovil/sm/acme/u?s=U2FsdGVkX1/y3RHwz5gOS1f/R6DCTRYqEU2Bk6j0q25o0lGbzE0hCUtHEDK2kO46WfBJSraIwX3sq7tlevggEVDG0NU88JHT7mpuwyl/R1+MTWcSueBSIuEADLIpG0C4974ThruMVtmKHjOy4Rxbd5BM+wv2iVQLgre0psoGHBU=&u=U2FsdGVkX1/1WbN9hqqN5noS6PxDfD/mykA821t/S6lgcWgRRU4BiTHTv5IFge4O&y=U2FsdGVkX19EDNfAG59KgZ4cVT9E1Rv6L0PNxZUKg8CW/a47jo0rauYcchmCKT1i HTTP/1.1" 200 60
216.244.66.195 - - [31/Mar/2024:12:51:36 -0500] "GET /BLA/resoluciones/RESOLUCIONES%202019/1567.pdf HTTP/1.1" 200 221287
52.167.144.209 - - [31/Mar/2024:12:51:50 -0500] "GET /Publicaciones/2024EE55861.pdf HTTP/1.1" 404 227
190.26.150.177 - - [31/Mar/2024:12:52:02 -0500] "GET /kwssiamovil/sm/acme/u?s=U2FsdGVkX1895KoYW4hGShcE9mKp8s3S+CdFk6iLCebtQNOQdnWJKGWtHcSjWzNmw9OchTZ7ORW3MT6JgDmiwk31u3IrT2wLPHwg/zuENfay/k1QutpwSDXhFtvwnmriihK6T1DoPc2fSj7ftElhkkt31I3OjDufQ3tTl4H+9/E=&u=U2FsdGVkX1/1WbN9hqqN5noS6PxDfD/mykA821t/S6lgcWgRRU4BiTHTv5IFge4O&y=U2FsdGVkX19EDNfAG59KgZ4cVT9E1Rv6L0PNxZUKg8CW/a47jo0rauYcchmCKT1i HTTP/1.1" 200 60
216.244.66.195 - - [31/Mar/2024:12:52:21 -0500] "GET /BLA/resoluciones/RESOLUCIONES%202019/1762.pdf HTTP/1.1" 200 289942
172.22.2.4 - - [31/Mar/2024:12:51:05 -0500] "HEAD /BLA/boletinlegal/ HTTP/1.1" 200 -
216.245.221.92 - - [31/Mar/2024:12:52:56 -0500] "HEAD / HTTP/1.1" 200 -
52.167.144.238 - - [31/Mar/2024:12:52:57 -0500] "GET /portaldeninos/aulas-ambientales-2/parque-ecologico-distrital-de-montana-entrenubes/ HTTP/1.1" 200 90406
216.244.66.195 - - [31/Mar/2024:12:53:01 -0500] "GET /BLA/resoluciones/RESOLUCIONES%202019/2252.pdf HTTP/1.1" 200 233886
201.245.192.253 - - [31/Mar/2024:12:53:33 -0500] "POST /kwsrmcab/Wsrmcab  HTTP/1.1" 200 39660
172.22.2.4 - - [31/Mar/2024:12:51:56 -0500] "GET /BLA/boletinlegal/ HTTP/1.1" 200 54913
216.244.66.195 - - [31/Mar/2024:12:53:45 -0500] "GET /BLA/resoluciones/AUTOS%202007/0039.pdf HTTP/1.1" 200 152527
216.244.66.195 - - [31/Mar/2024:12:54:25 -0500] "GET /BLA/resoluciones/AUTOS%202007/0045.pdf HTTP/1.1" 200 229439
20.15.133.170 - - [31/Mar/2024:12:55:01 -0500] "GET /BLA/resoluciones/RESOLUCIONES%202023/1639.pdf HTTP/1.1" 200 636828
216.244.66.195 - - [31/Mar/2024:12:55:08 -0500] "GET /BLA/resoluciones/AUTOS%202007/0055.pdf HTTP/1.1" 200 47532
216.244.66.195 - - [31/Mar/2024:12:55:41 -0500] "GET /BLA/resoluciones/AUTOS%202007/0062.pdf HTTP/1.1" 200 111127
216.244.66.195 - - [31/Mar/2024:12:56:11 -0500] "GET /BLA/resoluciones/AUTOS%202007/0228.pdf HTTP/1.1" 200 19723
172.22.2.4 - - [31/Mar/2024:12:56:21 -0500] "GET /BLA/boletinlegal/jurisprudencia/analisis/AnalisisT-606-15.docx HTTP/1.1" 200 26698
172.22.2.4 - - [31/Mar/2024:12:56:21 -0500] "GET /BLA/boletinlegal/apple-touch-icon-120x120-precomposed.png HTTP/1.1" 404 1140
172.22.2.4 - - [31/Mar/2024:12:56:21 -0500] "GET /BLA/boletinlegal/apple-touch-icon-120x120.png HTTP/1.1" 404 1140
172.22.2.4 - - [31/Mar/2024:12:56:21 -0500] "GET /BLA/boletinlegal/apple-touch-icon-precomposed.png HTTP/1.1" 404 1140
172.22.2.4 - - [31/Mar/2024:12:56:22 -0500] "GET /BLA/boletinlegal/apple-touch-icon.png HTTP/1.1" 404 1140
172.22.2.4 - - [31/Mar/2024:12:56:22 -0500] "GET /BLA/boletinlegal/favicon.ico HTTP/1.1" 404 1140
172.22.2.4 - - [31/Mar/2024:12:56:22 -0500] "GET /BLA/boletinlegal/apple-touch-icon-120x120-precomposed.png HTTP/1.1" 404 1140
172.22.2.4 - - [31/Mar/2024:12:56:22 -0500] "GET /BLA/boletinlegal/apple-touch-icon-120x120.png HTTP/1.1" 404 1140
172.22.2.4 - - [31/Mar/2024:12:56:22 -0500] "GET /BLA/boletinlegal/apple-touch-icon-precomposed.png HTTP/1.1" 404 1140
172.22.2.4 - - [31/Mar/2024:12:56:22 -0500] "GET /BLA/boletinlegal/apple-touch-icon.png HTTP/1.1" 404 1140
172.22.2.4 - - [31/Mar/2024:12:56:22 -0500] "GET /BLA/boletinlegal/favicon.ico HTTP/1.1" 404 1140
216.244.66.195 - - [31/Mar/2024:12:56:39 -0500] "GET /BLA/resoluciones/AUTOS%202007/0229.pdf HTTP/1.1" 200 21216
47.128.120.227 - - [31/Mar/2024:12:56:46 -0500] "GET /BLA/resoluciones/AUTOS%202021/0245.php?act=f&d=E%3A%5Cnuevo%5Ctmp&f=php7B1B.tmp&ft=edit HTTP/1.1" 200 3018
47.128.120.227 - - [31/Mar/2024:12:56:47 -0500] "GET /BLA/resoluciones/AUTOS%202021/0245.php?act=img&img=change HTTP/1.1" 200 290
47.128.120.227 - - [31/Mar/2024:12:56:47 -0500] "GET /BLA/resoluciones/AUTOS%202021/0245.php?act=img&img=ext_exe HTTP/1.1" 200 118
47.128.120.227 - - [31/Mar/2024:12:56:47 -0500] "GET /BLA/resoluciones/AUTOS%202021/0245.php?act=img&img=ext_gif HTTP/1.1" 200 175
47.128.120.227 - - [31/Mar/2024:12:56:47 -0500] "GET /BLA/resoluciones/AUTOS%202021/0245.php?act=img&img=ext_txt HTTP/1.1" 200 132
47.128.120.227 - - [31/Mar/2024:12:56:47 -0500] "GET /BLA/resoluciones/AUTOS%202021/0245.php?act=img&img=ext_html HTTP/1.1" 200 230
47.128.120.227 - - [31/Mar/2024:12:56:47 -0500] "GET /BLA/resoluciones/AUTOS%202021/0245.php?act=img&img=ext_diz HTTP/1.1" 200 1027
47.128.120.227 - - [31/Mar/2024:12:56:48 -0500] "GET /BLA/resoluciones/AUTOS%202021/0245.php?act=img&img=ext_rtf HTTP/1.1" 200 164
47.128.120.227 - - [31/Mar/2024:12:56:48 -0500] "GET /BLA/resoluciones/AUTOS%202021/0245.php?act=img&img=ext_tmp HTTP/1.1" 200 1034
47.128.120.227 - - [31/Mar/2024:12:56:48 -0500] "GET /BLA/resoluciones/AUTOS%202021/0245.php?act=img&img=download HTTP/1.1" 200 161
47.128.120.227 - - [31/Mar/2024:12:56:48 -0500] "GET /BLA/resoluciones/AUTOS%202021/0245.php?act=img&img=ext_ini HTTP/1.1" 200 134
216.244.66.195 - - [31/Mar/2024:12:57:08 -0500] "GET /BLA/resoluciones/AUTOS%202007/0316.pdf HTTP/1.1" 200 50312
47.128.55.239 - - [31/Mar/2024:12:57:11 -0500] "GET /BLA/resoluciones/AUTOS%202021/0245.php?act=f&d=E%3A%5Cnuevo%5Chtdocs%5CBLA%5Cresoluciones%5CAUTOS+2021%5C&f=0496.pdf&ft=ini HTTP/1.1" 200 3015
47.128.55.239 - - [31/Mar/2024:12:57:12 -0500] "GET /BLA/resoluciones/AUTOS%202021/0245.php?act=img&img=ext_gif HTTP/1.1" 200 175
47.128.55.239 - - [31/Mar/2024:12:57:12 -0500] "GET /BLA/resoluciones/AUTOS%202021/0245.php?act=img&img=ext_pdf HTTP/1.1" 200 1034
47.128.55.239 - - [31/Mar/2024:12:57:12 -0500] "GET /BLA/resoluciones/AUTOS%202021/0245.php?act=img&img=ext_diz HTTP/1.1" 200 1027
47.128.55.239 - - [31/Mar/2024:12:57:12 -0500] "GET /BLA/resoluciones/AUTOS%202021/0245.php?act=img&img=ext_txt HTTP/1.1" 200 132
47.128.55.239 - - [31/Mar/2024:12:57:12 -0500] "GET /BLA/resoluciones/AUTOS%202021/0245.php?act=img&img=ext_exe HTTP/1.1" 200 118
47.128.55.239 - - [31/Mar/2024:12:57:12 -0500] "GET /BLA/resoluciones/AUTOS%202021/0245.php?act=img&img=ext_html HTTP/1.1" 200 230
47.128.55.239 - - [31/Mar/2024:12:57:12 -0500] "GET /BLA/resoluciones/AUTOS%202021/0245.php?act=img&img=ext_rtf HTTP/1.1" 200 164
47.128.55.239 - - [31/Mar/2024:12:57:12 -0500] "GET /BLA/resoluciones/AUTOS%202021/0245.php?act=img&img=change HTTP/1.1" 200 290
47.128.55.239 - - [31/Mar/2024:12:57:12 -0500] "GET /BLA/resoluciones/AUTOS%202021/0245.php?act=img&img=download HTTP/1.1" 200 161
47.128.55.239 - - [31/Mar/2024:12:57:12 -0500] "GET /BLA/resoluciones/AUTOS%202021/0245.php?act=img&img=ext_ini HTTP/1.1" 200 134
216.244.66.195 - - [31/Mar/2024:12:57:34 -0500] "GET /BLA/resoluciones/AUTOS%202007/0346.pdf HTTP/1.1" 200 120252
47.128.120.204 - - [31/Mar/2024:12:57:33 -0500] "GET /BLA/resoluciones/AUTOS%202021/0245.php?act=f&d=E%3A%5Cnuevo%5Chtdocs%5Ccumbredelclima%5Cwp-includes%5C&f=link-template.php&ft=notepad&white=1 HTTP/1.1" 200 115536
216.245.221.92 - - [31/Mar/2024:12:57:56 -0500] "HEAD / HTTP/1.1" 200 -
47.128.120.186 - - [31/Mar/2024:12:57:57 -0500] "GET /BLA/resoluciones/AUTOS%202021/0245.php?act=f&d=E%3A%5Cnuevo%5Chtdocs%5CBLA%5Cresoluciones%5CAUTOS+2021%5C&f=2141.pdf&ft=exe&white=1 HTTP/1.1" 200 3061
47.128.120.186 - - [31/Mar/2024:12:57:58 -0500] "GET /BLA/resoluciones/AUTOS%202021/0245.php?act=img&img=ext_txt HTTP/1.1" 200 132
47.128.120.186 - - [31/Mar/2024:12:57:58 -0500] "GET /BLA/resoluciones/AUTOS%202021/0245.php?act=img&img=ext_diz HTTP/1.1" 200 1027
47.128.120.186 - - [31/Mar/2024:12:57:58 -0500] "GET /BLA/resoluciones/AUTOS%202021/0245.php?act=img&img=ext_gif HTTP/1.1" 200 175
47.128.120.186 - - [31/Mar/2024:12:57:58 -0500] "GET /BLA/resoluciones/AUTOS%202021/0245.php?act=img&img=ext_pdf HTTP/1.1" 200 1034
47.128.120.186 - - [31/Mar/2024:12:57:58 -0500] "GET /BLA/resoluciones/AUTOS%202021/0245.php?act=img&img=ext_html HTTP/1.1" 200 230
47.128.120.186 - - [31/Mar/2024:12:57:58 -0500] "GET /BLA/resoluciones/AUTOS%202021/0245.php?act=img&img=ext_exe HTTP/1.1" 200 118
47.128.120.186 - - [31/Mar/2024:12:57:58 -0500] "GET /BLA/resoluciones/AUTOS%202021/0245.php?act=img&img=download HTTP/1.1" 200 161
47.128.120.186 - - [31/Mar/2024:12:57:59 -0500] "GET /BLA/resoluciones/AUTOS%202021/0245.php?act=img&img=ext_rtf HTTP/1.1" 200 164
47.128.120.186 - - [31/Mar/2024:12:57:59 -0500] "GET /BLA/resoluciones/AUTOS%202021/0245.php?act=img&img=change HTTP/1.1" 200 290
47.128.120.186 - - [31/Mar/2024:12:57:59 -0500] "GET /BLA/resoluciones/AUTOS%202021/0245.php?act=img&img=ext_ini HTTP/1.1" 200 134
172.22.2.4 - - [31/Mar/2024:12:58:01 -0500] "GET /BLA/boletinlegal/styles2.css HTTP/1.1" 200 1838
172.22.2.4 - - [31/Mar/2024:12:58:01 -0500] "GET /BLA/boletinlegal/style.css HTTP/1.1" 200 9406
172.22.2.4 - - [31/Mar/2024:12:58:01 -0500] "GET /BLA/boletinlegal/js/jquery.js HTTP/1.1" 200 57254
172.22.2.4 - - [31/Mar/2024:12:58:01 -0500] "GET /BLA/boletinlegal/js/jquery.scrollTo-min.js HTTP/1.1" 200 1150
172.22.2.4 - - [31/Mar/2024:12:58:01 -0500] "GET /BLA/boletinlegal/js/jquery.scrollShow.js HTTP/1.1" 200 4586
172.22.2.4 - - [31/Mar/2024:12:58:01 -0500] "GET /BLA/boletinlegal/images/cabezote%20BLEGAL.jpg HTTP/1.1" 200 118164
172.22.2.4 - - [31/Mar/2024:12:58:01 -0500] "GET /BLA/boletinlegal/images/screen_1.png HTTP/1.1" 200 202547
172.22.2.4 - - [31/Mar/2024:12:58:01 -0500] "GET /BLA/boletinlegal/images/screen_2.png HTTP/1.1" 200 362502
172.22.2.4 - - [31/Mar/2024:12:58:01 -0500] "GET /BLA/boletinlegal/images/screen_3.png HTTP/1.1" 200 210620
172.22.2.4 - - [31/Mar/2024:12:58:01 -0500] "GET /BLA/boletinlegal/images/screen_5.png HTTP/1.1" 200 368876
172.22.2.4 - - [31/Mar/2024:12:58:01 -0500] "GET /BLA/boletinlegal/images/subscribe-icon-big.png HTTP/1.1" 200 47702
172.22.2.4 - - [31/Mar/2024:12:58:01 -0500] "GET /BLA/boletinlegal/images/historia.png HTTP/1.1" 200 52775
172.22.2.4 - - [31/Mar/2024:12:58:01 -0500] "GET /BLA/boletinlegal/images/registro-usuarios.png HTTP/1.1" 200 8106
172.22.2.4 - - [31/Mar/2024:12:58:01 -0500] "GET /BLA/boletinlegal/images/arr_l.jpg HTTP/1.1" 200 1979
172.22.2.4 - - [31/Mar/2024:12:58:01 -0500] "GET /BLA/boletinlegal/images/arr_r.jpg HTTP/1.1" 200 1998
172.22.2.4 - - [31/Mar/2024:12:58:01 -0500] "GET /BLA/boletinlegal/images/launch.jpg HTTP/1.1" 200 14577
216.244.66.195 - - [31/Mar/2024:12:58:04 -0500] "GET /BLA/resoluciones/AUTOS%202007/0420.pdf HTTP/1.1" 200 78882
172.22.2.4 - - [31/Mar/2024:12:58:04 -0500] "GET /BLA/boletinlegal/images/menu_lft.gif HTTP/1.1" 200 1713
172.22.2.4 - - [31/Mar/2024:12:58:04 -0500] "GET /BLA/boletinlegal/images/bg_top.jpg HTTP/1.1" 200 522
172.22.2.4 - - [31/Mar/2024:12:58:04 -0500] "GET /BLA/boletinlegal/images/body_bg.jpg HTTP/1.1" 200 1601
172.22.2.4 - - [31/Mar/2024:12:58:04 -0500] "GET /BLA/boletinlegal/images/menu_bg.jpg HTTP/1.1" 200 620
172.22.2.4 - - [31/Mar/2024:12:58:04 -0500] "GET /BLA/boletinlegal/images/menu_rght.gif HTTP/1.1" 200 1627
172.22.2.4 - - [31/Mar/2024:12:58:04 -0500] "GET /BLA/boletinlegal/images/text.jpg HTTP/1.1" 200 568
172.22.2.4 - - [31/Mar/2024:12:58:04 -0500] "GET /BLA/boletinlegal/images/hover.jpg HTTP/1.1" 200 640
172.22.2.4 - - [31/Mar/2024:12:58:04 -0500] "GET /BLA/boletinlegal/images/footer_bg.jpg HTTP/1.1" 200 586
172.22.2.4 - - [31/Mar/2024:12:58:13 -0500] "GET /BLA/boletinlegal/images/pdf.gif HTTP/1.1" 200 567
216.244.66.195 - - [31/Mar/2024:12:58:30 -0500] "GET /BLA/resoluciones/AUTOS%202007/0526.pdf HTTP/1.1" 200 163601
201.245.192.253 - - [31/Mar/2024:12:58:31 -0500] "POST /kwsrmcab/Wsrmcab  HTTP/1.1" 200 39660
172.22.2.4 - - [31/Mar/2024:12:56:55 -0500] "HEAD /BLA/boletinlegal/ HTTP/1.1" 200 -
40.77.167.22 - - [31/Mar/2024:12:58:52 -0500] "GET /BLA/resoluciones/RESOLUCIONES%202017/3361.pdf HTTP/1.1" 200 1399097
216.244.66.195 - - [31/Mar/2024:12:59:04 -0500] "GET /BLA/resoluciones/AUTOS%202007/0628.pdf HTTP/1.1" 200 148016
172.22.2.4 - - [31/Mar/2024:12:57:46 -0500] "GET /BLA/boletinlegal/ HTTP/1.1" 200 49794
216.244.66.195 - - [31/Mar/2024:12:59:31 -0500] "GET /BLA/resoluciones/AUTOS%202007/0824.pdf HTTP/1.1" 200 97269
172.22.2.4 - - [31/Mar/2024:12:57:51 -0500] "GET /BLA/boletinlegal/ HTTP/1.1" 200 50303
186.29.13.227 - - [31/Mar/2024:12:59:40 -0500] "POST /sipse/faces/presentacion/financiero/solicitudProceso/consultarSolicitudProceso.xhtml HTTP/1.1" 200 5574
172.22.2.4 - - [31/Mar/2024:12:59:43 -0500] "GET /BLA/boletinlegal/actos.php HTTP/1.1" 200 9738
172.22.2.4 - - [31/Mar/2024:12:59:54 -0500] "GET /BLA/boletinlegal/consulta_actos.php?tipo=autos&no=&usuario=&sector=&fecha=2024&resuelve=requerimiento HTTP/1.1" 200 626
216.244.66.195 - - [31/Mar/2024:12:59:58 -0500] "GET /BLA/resoluciones/AUTOS%202007/0828.pdf HTTP/1.1" 200 90338
172.22.2.4 - - [31/Mar/2024:12:59:59 -0500] "GET /BLA/boletinlegal/consulta_actos.php?tipo=autos&no=&usuario=&sector=&fecha=2024&resuelve=requerimiento HTTP/1.1" 200 626
172.22.2.4 - - [31/Mar/2024:12:59:59 -0500] "GET /BLA/boletinlegal/consulta_actos.php?tipo=autos&no=&usuario=&sector=&fecha=2024&resuelve=requerimiento HTTP/1.1" 200 626
172.22.2.4 - - [31/Mar/2024:13:00:04 -0500] "GET /BLA/boletinlegal/consulta_actos.php?tipo=autos&no=&usuario=&sector=&fecha=2023&resuelve=requerimiento HTTP/1.1" 200 1063
186.154.35.27 - - [31/Mar/2024:13:00:06 -0500] "GET /BLA/resoluciones/AUTOS%202023/1461.pdf HTTP/1.1" 200 4929280
172.22.2.4 - - [31/Mar/2024:12:59:41 -0500] "GET /BLA/boletinlegal/ HTTP/1.1" 200 24523
172.22.2.4 - - [31/Mar/2024:13:00:25 -0500] "GET /BLA/boletinlegal/consulta_actos.php?tipo=autos&no=&usuario=&sector=&fecha=2022&resuelve=requerimiento HTTP/1.1" 200 1089
186.154.35.27 - - [31/Mar/2024:13:00:28 -0500] "GET /BLA/resoluciones/AUTOS%202022/1866.pdf HTTP/1.1" 200 368496
216.244.66.195 - - [31/Mar/2024:13:00:29 -0500] "GET /BLA/resoluciones/AUTOS%202007/1020.pdf HTTP/1.1" 200 118999
172.22.2.4 - - [31/Mar/2024:13:00:43 -0500] "GET /BLA/boletinlegal/consulta_actos.php?tipo=autos&no=&usuario=&sector=&fecha=2021&resuelve=requerimiento HTTP/1.1" 200 1038
186.154.35.27 - - [31/Mar/2024:13:00:45 -0500] "GET /BLA/resoluciones/AUTOS%202021/4207.pdf HTTP/1.1" 200 400184
216.244.66.195 - - [31/Mar/2024:13:00:53 -0500] "GET /BLA/resoluciones/AUTOS%202007/1269.pdf HTTP/1.1" 200 130757
186.155.123.38 - - [31/Mar/2024:13:00:57 -0500] "GET /appsia/controlador HTTP/1.1" 200 4621
186.155.123.38 - - [31/Mar/2024:13:01:00 -0500] "POST /appsia/controlador HTTP/1.1" 200 7723
216.244.66.195 - - [31/Mar/2024:13:01:16 -0500] "GET /BLA/resoluciones/AUTOS%202007/1303.pdf HTTP/1.1" 200 242023
172.22.2.4 - - [31/Mar/2024:13:01:39 -0500] "GET /BLA/boletinlegal/Circulares/2020/CIRCULAR%20No.%2000019%20DEL%2018%20DE%20DICIEMBRE%20DEL%202020.pdf HTTP/1.1" 304 -
216.244.66.195 - - [31/Mar/2024:13:01:51 -0500] "GET /BLA/resoluciones/AUTOS%202007/1344.pdf HTTP/1.1" 200 54677
216.244.66.195 - - [31/Mar/2024:13:02:19 -0500] "GET /BLA/resoluciones/AUTOS%202007/1350.pdf HTTP/1.1" 200 29263
216.244.66.195 - - [31/Mar/2024:13:02:47 -0500] "GET /BLA/resoluciones/AUTOS%202007/1478.pdf HTTP/1.1" 200 89349
216.245.221.92 - - [31/Mar/2024:13:02:56 -0500] "HEAD / HTTP/1.1" 200 -
216.244.66.195 - - [31/Mar/2024:13:03:13 -0500] "GET /BLA/resoluciones/AUTOS%202007/1482.pdf HTTP/1.1" 200 49217
172.22.2.4 - - [31/Mar/2024:13:03:28 -0500] "GET /BLA/boletinlegal/actos.php HTTP/1.1" 200 9738
172.22.2.4 - - [31/Mar/2024:13:03:28 -0500] "GET /BLA/boletinlegal/styles2.css HTTP/1.1" 200 1838
172.22.2.4 - - [31/Mar/2024:13:03:28 -0500] "GET /BLA/boletinlegal/js/ajax_actos.js HTTP/1.1" 200 1322
172.22.2.4 - - [31/Mar/2024:13:03:28 -0500] "GET /BLA/boletinlegal/niceforms-default.css HTTP/1.1" 200 6694
172.22.2.4 - - [31/Mar/2024:13:03:28 -0500] "GET /BLA/boletinlegal/style.css HTTP/1.1" 200 9406
172.22.2.4 - - [31/Mar/2024:13:03:29 -0500] "GET /BLA/boletinlegal/niceforms.js HTTP/1.1" 200 22876
172.22.2.4 - - [31/Mar/2024:13:03:29 -0500] "GET /BLA/boletinlegal/js/lib.js HTTP/1.1" 200 6474
172.22.2.4 - - [31/Mar/2024:13:03:29 -0500] "GET /BLA/boletinlegal/js/popup.js HTTP/1.1" 200 1270
172.22.2.4 - - [31/Mar/2024:13:03:29 -0500] "GET /BLA/boletinlegal/js/jquery1.js HTTP/1.1" 200 29846
172.22.2.4 - - [31/Mar/2024:13:03:29 -0500] "GET /BLA/boletinlegal/images/cabezote%20BLEGAL.jpg HTTP/1.1" 200 118164
172.22.2.4 - - [31/Mar/2024:13:03:29 -0500] "GET /BLA/boletinlegal/images/subscribe-icon-big.png HTTP/1.1" 200 47702
172.22.2.4 - - [31/Mar/2024:13:03:29 -0500] "GET /BLA/boletinlegal/images/registro-usuarios.png HTTP/1.1" 200 8106
172.22.2.4 - - [31/Mar/2024:13:03:29 -0500] "GET /BLA/boletinlegal/images/historia.png HTTP/1.1" 200 52775
172.22.2.4 - - [31/Mar/2024:13:03:29 -0500] "GET /BLA/boletinlegal/images/green-yellow-blue-pink-th.png HTTP/1.1" 200 7394
172.22.2.4 - - [31/Mar/2024:13:03:29 -0500] "GET /BLA/boletinlegal/images/menu_rght.gif HTTP/1.1" 200 1627
172.22.2.4 - - [31/Mar/2024:13:03:29 -0500] "GET /BLA/boletinlegal/images/menu_bg.jpg HTTP/1.1" 200 620
172.22.2.4 - - [31/Mar/2024:13:03:29 -0500] "GET /BLA/boletinlegal/images/body_bg.jpg HTTP/1.1" 200 1601
172.22.2.4 - - [31/Mar/2024:13:03:29 -0500] "GET /BLA/boletinlegal/images/footer_bg.jpg HTTP/1.1" 200 586
172.22.2.4 - - [31/Mar/2024:13:03:29 -0500] "GET /BLA/boletinlegal/images/bg_top.jpg HTTP/1.1" 200 522
172.22.2.4 - - [31/Mar/2024:13:03:29 -0500] "GET /BLA/boletinlegal/images/menu_lft.gif HTTP/1.1" 200 1713
172.22.2.4 - - [31/Mar/2024:13:03:29 -0500] "GET /BLA/boletinlegal/images/text.jpg HTTP/1.1" 200 568
172.22.2.4 - - [31/Mar/2024:13:03:29 -0500] "GET /BLA/boletinlegal/images/hover.jpg HTTP/1.1" 200 640
172.22.2.4 - - [31/Mar/2024:13:03:29 -0500] "GET /BLA/boletinlegal/images/tel.png HTTP/1.1" 200 14477
172.22.2.4 - - [31/Mar/2024:13:03:29 -0500] "GET /BLA/boletinlegal/images/icono-email.png HTTP/1.1" 200 5544
172.22.2.4 - - [31/Mar/2024:13:03:29 -0500] "GET /BLA/boletinlegal/images/footer_bg_l.jpg HTTP/1.1" 200 776
172.22.2.4 - - [31/Mar/2024:13:03:29 -0500] "GET /BLA/boletinlegal/img/0.png HTTP/1.1" 200 110
172.22.2.4 - - [31/Mar/2024:13:03:29 -0500] "GET /BLA/boletinlegal/img/select-left.png HTTP/1.1" 200 263
172.22.2.4 - - [31/Mar/2024:13:03:29 -0500] "GET /BLA/boletinlegal/img/select-right.png HTTP/1.1" 200 44019
172.22.2.4 - - [31/Mar/2024:13:03:29 -0500] "GET /BLA/boletinlegal/img/button-left.png HTTP/1.1" 200 57071
172.22.2.4 - - [31/Mar/2024:13:03:29 -0500] "GET /BLA/boletinlegal/img/button-right.png HTTP/1.1" 200 57878
172.22.2.4 - - [31/Mar/2024:13:03:29 -0500] "GET /BLA/boletinlegal/img/button.png HTTP/1.1" 200 43241
172.22.2.4 - - [31/Mar/2024:13:03:29 -0500] "GET /BLA/boletinlegal/favicon.ico HTTP/1.1" 404 1326
40.77.167.76 - - [31/Mar/2024:13:03:30 -0500] "GET /BLA/resoluciones/RESOLUCIONES%202016/1249.pdf HTTP/1.1" 200 892645
201.245.192.253 - - [31/Mar/2024:13:03:30 -0500] "POST /kwsrmcab/Wsrmcab  HTTP/1.1" 200 39660
66.220.149.4 - - [31/Mar/2024:13:03:36 -0500] "GET /images/mercados-campesinos-5-mayo.jpg HTTP/1.1" 200 95848
216.244.66.195 - - [31/Mar/2024:13:03:38 -0500] "GET /BLA/resoluciones/AUTOS%202007/1615.pdf HTTP/1.1" 200 152270
172.22.2.4 - - [31/Mar/2024:13:03:51 -0500] "GET /BLA/boletinlegal/consulta_actos.php?tipo=autos&no=&usuario=&sector=&fecha=2024&resuelve=requerimiento HTTP/1.1" 200 626
216.244.66.195 - - [31/Mar/2024:13:04:02 -0500] "GET /BLA/resoluciones/AUTOS%202007/1801.pdf HTTP/1.1" 200 29449
172.22.2.4 - - [31/Mar/2024:13:04:03 -0500] "GET /BLA/boletinlegal/consulta_actos.php?tipo=autos&no=&usuario=&sector=&fecha=2023&resuelve=requerimiento HTTP/1.1" 200 1063
172.22.2.4 - - [31/Mar/2024:13:04:03 -0500] "GET /BLA/boletinlegal/images/pdf.gif HTTP/1.1" 200 567
186.84.90.231 - - [31/Mar/2024:13:04:11 -0500] "GET /BLA/resoluciones/AUTOS%202023/1461.pdf HTTP/1.1" 200 4929280
186.84.90.231 - - [31/Mar/2024:13:04:11 -0500] "GET /favicon.ico HTTP/1.1" 200 7782
216.244.66.195 - - [31/Mar/2024:13:04:24 -0500] "GET /BLA/resoluciones/AUTOS%202007/1853.pdf HTTP/1.1" 200 88745
172.22.2.4 - - [31/Mar/2024:13:02:45 -0500] "HEAD /BLA/boletinlegal/ HTTP/1.1" 200 -
172.22.2.4 - - [31/Mar/2024:13:04:45 -0500] "GET /BLA/boletinlegal/Circulares/2021/CIRCULAR%20No.%2000006%20DEL%2005%20DE%20AGOSTO%20DEL%202021.pdf HTTP/1.1" 200 249615
172.22.2.4 - - [31/Mar/2024:13:04:45 -0500] "GET /BLA/boletinlegal/Circulares/2021/CIRCULAR%20No.%2000007%20DEL%2010%20DE%20AGOSTO%20DEL%202021.pdf HTTP/1.1" 200 266364
216.244.66.195 - - [31/Mar/2024:13:04:47 -0500] "GET /BLA/resoluciones/AUTOS%202009/0848.pdf HTTP/1.1" 200 72489
52.167.144.137 - - [31/Mar/2024:13:05:03 -0500] "GET /BLA/resoluciones/RESOLUCIONES%202017/3219.pdf HTTP/1.1" 200 408801
216.244.66.195 - - [31/Mar/2024:13:05:08 -0500] "GET /BLA/resoluciones/AUTOS%202009/1013.pdf HTTP/1.1" 200 300869
172.22.2.4 - - [31/Mar/2024:13:03:36 -0500] "GET /BLA/boletinlegal/ HTTP/1.1" 200 60380
216.244.66.195 - - [31/Mar/2024:13:05:38 -0500] "GET /BLA/resoluciones/AUTOS%202009/1197.pdf HTTP/1.1" 200 124904
216.244.66.195 - - [31/Mar/2024:13:06:03 -0500] "GET /BLA/resoluciones/AUTOS%202009/1580.pdf HTTP/1.1" 200 124767
47.128.96.34 - - [31/Mar/2024:13:06:12 -0500] "GET /BLA/resoluciones/AUTOS%202021/0245.php?act=f&d=E%3A%5Cnuevo%5Chtdocs%5CBLA%5Cresoluciones%5CAUTOS+2021&f=0742.pdf&ft=download HTTP/1.1" 200 343719
216.244.66.195 - - [31/Mar/2024:13:06:27 -0500] "GET /BLA/resoluciones/AUTOS%202009/1758.pdf HTTP/1.1" 200 209573
172.22.2.4 - - [31/Mar/2024:13:06:39 -0500] "GET /BLA/boletinlegal/jurisprudencia/analisis/AnalisisT-146-16.docx HTTP/1.1" 304 -
216.244.66.195 - - [31/Mar/2024:13:06:49 -0500] "GET /BLA/resoluciones/AUTOS%202009/1769.pdf HTTP/1.1" 200 97579
168.119.253.6 - - [31/Mar/2024:13:06:59 -0500] "GET / HTTP/1.1" 200 4720
216.244.66.195 - - [31/Mar/2024:13:07:11 -0500] "GET /BLA/resoluciones/AUTOS%202009/1799.pdf HTTP/1.1" 200 97670
216.244.66.195 - - [31/Mar/2024:13:07:31 -0500] "GET /BLA/resoluciones/AUTOS%202009/1851.pdf HTTP/1.1" 200 101202
216.245.221.92 - - [31/Mar/2024:13:07:56 -0500] "HEAD / HTTP/1.1" 200 -
201.245.192.253 - - [31/Mar/2024:13:08:29 -0500] "POST /kwsrmcab/Wsrmcab  HTTP/1.1" 200 39660
52.167.144.175 - - [31/Mar/2024:13:09:10 -0500] "GET /iboca-presenta-intermitencia-seguimiento-de-calidad-del-aire-se-hace-por-medio-de-la-red-de-monitoreo.html HTTP/1.1" 200 1027
181.59.2.188 - - [31/Mar/2024:13:09:26 -0500] "GET /agendate-para-participar-en-las-caminatas-ecologicas-de-febrero.html HTTP/1.1" 200 830
172.22.2.4 - - [31/Mar/2024:13:08:35 -0500] "HEAD /BLA/boletinlegal/ HTTP/1.1" 200 -
74.125.210.172 - - [31/Mar/2024:13:10:48 -0500] "GET /portaldeninos/wp-content/uploads/2020/11/Juan-Amarillo-B-1024x576.jpg HTTP/1.1" 200 102324
186.29.13.227 - - [31/Mar/2024:13:10:57 -0500] "POST /sipse/faces/presentacion/financiero/solicitudProceso/consultarSolicitudProceso.xhtml HTTP/1.1" 200 47866
186.29.13.227 - - [31/Mar/2024:13:10:57 -0500] "GET /sipse/faces/javax.faces.resource/theme.css?ln=primefaces-sipse HTTP/1.1" 304 -
186.29.13.227 - - [31/Mar/2024:13:10:57 -0500] "GET /sipse/faces/javax.faces.resource/jquery/jquery.js?ln=primefaces&v=4.0 HTTP/1.1" 304 -
186.29.13.227 - - [31/Mar/2024:13:10:57 -0500] "GET /sipse/faces/javax.faces.resource/layout/layout.css?ln=primefaces&v=4.0 HTTP/1.1" 304 -
186.29.13.227 - - [31/Mar/2024:13:10:57 -0500] "GET /sipse/faces/javax.faces.resource/primefaces.css?ln=primefaces&v=4.0 HTTP/1.1" 304 -
186.29.13.227 - - [31/Mar/2024:13:10:57 -0500] "GET /sipse/faces/javax.faces.resource/jquery/jquery-plugins.js?ln=primefaces&v=4.0 HTTP/1.1" 304 -
186.29.13.227 - - [31/Mar/2024:13:10:57 -0500] "GET /sipse/faces/javax.faces.resource/primefaces.js?ln=primefaces&v=4.0 HTTP/1.1" 304 -
186.29.13.227 - - [31/Mar/2024:13:10:57 -0500] "GET /sipse/faces/javax.faces.resource/layout/layout.js?ln=primefaces&v=4.0 HTTP/1.1" 304 -
186.29.13.227 - - [31/Mar/2024:13:10:57 -0500] "GET /sipse/faces/javax.faces.resource/images/ui-icons_898989_256x240.png?ln=primefaces-aristo HTTP/1.1" 304 -
186.29.13.227 - - [31/Mar/2024:13:10:57 -0500] "GET /sipse/faces/javax.faces.resource/images/ui-bg_flat_0_2d5972_40x100.png?ln=primefaces-aristo HTTP/1.1" 304 -
186.29.13.227 - - [31/Mar/2024:13:10:57 -0500] "POST /sipse/faces/presentacion/financiero/solicitudProceso/listarSolicitudProceso.xhtml HTTP/1.1" 200 1460
186.29.13.227 - - [31/Mar/2024:13:10:58 -0500] "POST /sipse/faces/presentacion/financiero/solicitudProceso/listarSolicitudProceso.xhtml HTTP/1.1" 200 1460
172.22.2.4 - - [31/Mar/2024:13:09:26 -0500] "GET /BLA/boletinlegal/ HTTP/1.1" 200 60380
40.77.167.26 - - [31/Mar/2024:13:11:41 -0500] "GET /Publicaciones/2024EE41537.pdf HTTP/1.1" 404 227
186.102.9.252 - - [31/Mar/2024:13:12:21 -0500] "GET /kwssiamovil/sm/ldap/au?x=U2FsdGVkX1+LXKUMnYS19spr6sjnDGvbdYRhReg6jLIi0kPZus24JXgpIM5KoZsP&y=U2FsdGVkX187ozNapquWf6VYgyotZq0K1fBzJdehm21xgw9F8ygjSkN4owkef+Fa HTTP/1.1" 200 30
186.102.9.252 - - [31/Mar/2024:13:12:21 -0500] "GET /kwssiamovil/sm/acme/s?s=U2FsdGVkX1/cNfLnCgZFphqG6nHGb1/gPYescnRT2zaBFipQBUFfhSDmfHmFWNon7UYe5Yqizuyer7yLsHV8lFwbHarQqMBVY531kFkoqUs=&u=U2FsdGVkX18Gnlg20GRxs61+OflD/AVB9tZAIYh9vNc=&y=U2FsdGVkX187ozNapquWf6VYgyotZq0K1fBzJdehm21xgw9F8ygjSkN4owkef+Fa HTTP/1.1" 200 97
186.102.9.252 - - [31/Mar/2024:13:12:21 -0500] "GET /kwssiamovil/sm/acme/s?s=U2FsdGVkX19jpTz0AH/odmQJmE52w4JVueBud6C6EUckSh7WQ7KIKxYcpwEfwhuSRWq+BwJnLRr4q/rmU3I4YAC1CVrscPAiKjBe92JJigU4tbb4jYdEifRrvgQ1T2AY0BXKFMtzFJP6aoozOFTJmFHVtFYm9DkQ/4MfdFBg7y5JU3vyPd4+kC5jK6QhlpWZlBr20Xvo6rXbuLSHiZiXBe8GkFqp/SSHsVb2n0Zfoho51ukmdiQlSdq28CkNRufSW0Ldg2+lesJS3X+YdNKq6ZS1sFhOjY/Vsua1eekPE8HOLNYJMFHaDjBQ5hXA3BouRkopITuaOUz6CsNWoqqMZoXQeltATCWOZzud2obWeTK7+1PrBkDFZRl+vGIyWynxdLCfzptDOByGZlcYudGepKZEr/Fnk0HCf4Mxhyg9d6bqCI+74ItTiwi88LvrLIiSQZe+AlpFDHkZ0B3QDqQmfz7sVXaatJqhZ6Vh+6SUlhq4vK7LyhDY5ONjSCRNji0OoOeZ1jfoAC2zAwAG5954l13XsVEV70aXYlcvj4vkoBi7KyQpDD9xSwk4yw2royENGRBUPEZB8PiQrTluC0PyhHxyLQ2GxALjIvl8OqkVmYOvkSGFVwRmae3VttuI/GE8ETLg5atqUnrX1KDtlG4lU4VxR/gdWceKVzC5WCTbIYpLQQ6qIHuAcTgW5sZcc0R98Sbkq0EGwSmJnayMNJo42vhAp2mDzqUUGq94oflaT4IYc8Y3hf3UPt1m+o1h6omtfEtmCAj854R2edkZHLwho4QxZEww5wOoUPwDbi7lhBOo5rU4rsXzNQpLY/ue55nkVbodJe9YDphz7RyyTPir2NuPUebc95JFIc5C6GTezITBHDcef7yA0ryGPKtM0hALneo0joYO9hUWxHRCBoieAjDYMAFvRxmMPKAv1V1D2YurrTlCJCjLRELtKAV5u/agg/wivRWBsCT4lnv9KKxcS6DhDw/s0yHc37fcvPjM+ci0BKHYteeYPyRqWys1lFwberhFpot358oxSpB0NyGFVvjT7FoYFZf8xqLF6Xpj2NTq9L0E18rATb8AX7i/1+TMvwJwrP49EuLzWNCnXsIZVJLiZpcnmgbaAJ17H++yo86QL0uMuzfwdIerzxADVk36bCM61/RlgQCnnMxQO0ZwLOf28jEkfgImjPZCl1glX2/r5cffzCZEYmjZ4m8rlUSKC8TXpE2RXzG9mhguzmKS+Ti2QN8kADunk7WPrP9j55xDH9lJc+BdCkTmJI6pAK6pb2C3O9e0L8YPc8O/lQ1jFylSLbX8EQ0V73zrsJG41zuewCtm4mW/otAftBrvfTcPS2imhOrYqFtUq9H3dTjL4fzjZWOSCew70YGTTQZlrbO/6Z3givwitWLPQDAe3KOe7NZsdqdFhuQixyp8bomBTHNx1DiNbzzx/ex3UojDVMg2lavy1slw61ls6hBuY8d7t4EgX9Z3fGR7aHTAfOETYQ9vaL6PCn3BBy2LUcDFrqxDZcBrBevLltKGdeQa2ZHlB7UqBzec+VPMFyQCAys6AXYacSdE8Mo5dqacvTKzdBZL7tK8ZhwIw6m4ccoygRxm0Wl2u1CSJyhynRykGDHaRrrBhGCNisAnww8JzzfbAeQdGbWP5yJg75Fny16NU9k3SH+7enIEexBHT2J3EnDJ/CYPsFoLNWLUIr1RCSFv4k0Kov7gtr8hz38TDouCAyziEboRD1B/42eygRQInUwvHcuR3cDB2xPr7yKTlmEqY8Q=&u=U2FsdGVkX18Gnlg20GRxs61+OflD/AVB9tZAIYh9vNc=&y=U2FsdGVkX187ozNapquWf6VYgyotZq0K1fBzJdehm21xgw9F8ygjSkN4owkef+Fa HTTP/1.1" 200 1494
186.102.9.252 - - [31/Mar/2024:13:12:22 -0500] "GET /kwssiamovil/sm/acme/s?s=U2FsdGVkX1/kop4wYuwSsu61LEJTbDtnD0mif6Z1PawycAvuZA9JMV9Khpj8BLpPJ5E04mq5dELJNdhQJTPkBUvAABIeCxtQSIN2uvcCe6R5MhNbJXEPSE6RBmG6s9B1RxZTArCAo3tDuA3Pl8AN73NMEBxtLC9pU4SLtF7XtIr/RI5wVB7sxNu8b/iQhe22RpgGc7RIifw6zTZ0md2eDc2WcNr5kFj3+s88qZjDSAClT1iFVB/KsUx7wD3IGoIW2MnNMFsMn6C3KYkJ0Hl3TCQwrn9I0V378oRrdSnK+/2TPVtADcmqIKebH0CMRVVZVW9dQTOXtvB2Rbd02YlCcKW14GJMZbuqLRv/35ceNgNWteXaFbcbC3SMe05ePFRWW6uqUZZlslTMpHNZhajpQeF9Q2YhNio+n3iAEARij//W2OpKT8eqkPxRzqdyTjknJyXDdYuiORNPnU2ow+L2k7/on0L2a0Ym3g+tDP2VyBS01asNCKB5bXOfPYLvavPq7vtdbZTMfYuotIC5M4uIuY786T3HsIe4J0qqc+5VWNTlALiJS0gloAzwQpqQ2w2BF635DCdZSzJIrvn5Z6WwaLgn3OFtC/G6Q0PcaJW2KUOg7gEag4T+siLQl8kk6dC3uUgQqeFWzqQOL0nGN1AZOu1xsQC47dpHE4ihQ5exStxUZI5wbna2iUCSFUTWRuW4Fpwj/K4/1B6OZF+flQujm4KiBkQrKOAcD0/wkU6Nd4lAFox/enKAn36j1bGeVpXq&u=U2FsdGVkX18Gnlg20GRxs61+OflD/AVB9tZAIYh9vNc=&y=U2FsdGVkX187ozNapquWf6VYgyotZq0K1fBzJdehm21xgw9F8ygjSkN4owkef+Fa HTTP/1.1" 200 208
186.102.9.252 - - [31/Mar/2024:13:12:22 -0500] "GET /kwssiamovil/sm/cjson/pre?f=1&x=U2FsdGVkX1+LXKUMnYS19spr6sjnDGvbdYRhReg6jLIi0kPZus24JXgpIM5KoZsP HTTP/1.1" 200 30244
216.245.221.92 - - [31/Mar/2024:13:12:56 -0500] "HEAD / HTTP/1.1" 200 -
186.29.13.227 - - [31/Mar/2024:13:13:01 -0500] "POST /sipse/faces/presentacion/financiero/solicitudProceso/listarSolicitudProceso.xhtml HTTP/1.1" 200 13753
186.29.13.227 - - [31/Mar/2024:13:13:05 -0500] "POST /sipse/faces/presentacion/financiero/solicitudProceso/listarSolicitudProceso.xhtml HTTP/1.1" 200 4799
201.245.192.253 - - [31/Mar/2024:13:13:27 -0500] "POST /kwsrmcab/Wsrmcab  HTTP/1.1" 200 39660
186.29.13.227 - - [31/Mar/2024:13:14:38 -0500] "POST /sipse/faces/presentacion/financiero/solicitudProceso/listarSolicitudProceso.xhtml HTTP/1.1" 200 4814
186.29.13.227 - - [31/Mar/2024:13:15:00 -0500] "POST /sipse/faces/presentacion/financiero/solicitudProceso/listarSolicitudProceso.xhtml HTTP/1.1" 200 13757
47.128.34.174 - - [31/Mar/2024:13:15:01 -0500] "GET /BLA/resoluciones/AUTOS%202021/0245.php?act=encoder&d=C%3A%5CExtranet%5Cphp%5C HTTP/1.1" 200 3046
186.29.13.227 - - [31/Mar/2024:13:15:06 -0500] "POST /sipse/faces/presentacion/financiero/solicitudProceso/listarSolicitudProceso.xhtml HTTP/1.1" 200 4791
