181.55.46.207 - - [31/Mar/2024:21:12:51 -0500] "POST /sipse/faces/presentacion/financiero/solicitudProceso/consultar.xhtml HTTP/1.1" 200 12871
172.22.2.4 - - [31/Mar/2024:21:11:40 -0500] "GET /BLA/boletinlegal/ HTTP/1.1" 200 54913
181.55.46.207 - - [31/Mar/2024:21:13:27 -0500] "POST /sipse/faces/presentacion/financiero/solicitudProceso/consultar.xhtml HTTP/1.1" 200 133882
181.55.46.207 - - [31/Mar/2024:21:13:28 -0500] "GET /sipse/faces/javax.faces.resource/theme.css?ln=primefaces-sipse HTTP/1.1" 304 -
181.55.46.207 - - [31/Mar/2024:21:13:29 -0500] "GET /sipse/faces/javax.faces.resource/primefaces.css?ln=primefaces&v=4.0 HTTP/1.1" 304 -
181.55.46.207 - - [31/Mar/2024:21:13:29 -0500] "GET /sipse/faces/javax.faces.resource/layout/layout.css?ln=primefaces&v=4.0 HTTP/1.1" 304 -
181.55.46.207 - - [31/Mar/2024:21:13:29 -0500] "GET /sipse/faces/javax.faces.resource/jquery/jquery.js?ln=primefaces&v=4.0 HTTP/1.1" 304 -
181.55.46.207 - - [31/Mar/2024:21:13:29 -0500] "GET /sipse/faces/javax.faces.resource/jquery/jquery-plugins.js?ln=primefaces&v=4.0 HTTP/1.1" 304 -
181.55.46.207 - - [31/Mar/2024:21:13:29 -0500] "GET /sipse/faces/javax.faces.resource/primefaces.js?ln=primefaces&v=4.0 HTTP/1.1" 304 -
181.55.46.207 - - [31/Mar/2024:21:13:29 -0500] "GET /sipse/faces/javax.faces.resource/layout/layout.js?ln=primefaces&v=4.0 HTTP/1.1" 304 -
181.55.46.207 - - [31/Mar/2024:21:13:34 -0500] "GET /sipse/faces/javax.faces.resource/theme.css?ln=primefaces-sipse HTTP/1.1" 304 -
181.55.46.207 - - [31/Mar/2024:21:13:34 -0500] "GET /sipse/faces/javax.faces.resource/primefaces.css?ln=primefaces&v=4.0 HTTP/1.1" 304 -
181.55.46.207 - - [31/Mar/2024:21:13:34 -0500] "GET /sipse/faces/javax.faces.resource/primefaces.js?ln=primefaces&v=4.0 HTTP/1.1" 304 -
181.55.46.207 - - [31/Mar/2024:21:13:34 -0500] "GET /sipse/faces/javax.faces.resource/jquery/jquery.js?ln=primefaces&v=4.0 HTTP/1.1" 304 -
181.55.46.207 - - [31/Mar/2024:21:13:34 -0500] "GET /sipse/faces/javax.faces.resource/layout/layout.css?ln=primefaces&v=4.0 HTTP/1.1" 304 -
181.55.46.207 - - [31/Mar/2024:21:13:34 -0500] "GET /sipse/faces/javax.faces.resource/jquery/jquery-plugins.js?ln=primefaces&v=4.0 HTTP/1.1" 304 -
181.55.46.207 - - [31/Mar/2024:21:13:33 -0500] "POST /sipse/faces/presentacion/financiero/solicitudProceso/consultarSolicitudProceso.xhtml HTTP/1.1" 200 41558
181.55.46.207 - - [31/Mar/2024:21:13:34 -0500] "GET /sipse/faces/javax.faces.resource/layout/layout.js?ln=primefaces&v=4.0 HTTP/1.1" 304 -
216.245.221.92 - - [31/Mar/2024:21:13:42 -0500] "HEAD / HTTP/1.1" 200 -
69.63.184.111 - - [31/Mar/2024:21:13:46 -0500] "GET /operativo-de-control-y-sensibilizacion-para-verificar-la-correcta-disposicion-de-residuos-peligrosos-en-el-7-de-agosto.html HTTP/1.1" 200 1042
69.63.184.7 - - [31/Mar/2024:21:13:46 -0500] "GET /operativo-de-control-y-sensibilizacion-para-verificar-la-correcta-disposicion-de-residuos-peligrosos-en-el-7-de-agosto.html HTTP/1.1" 200 1042
40.77.167.22 - - [31/Mar/2024:21:13:48 -0500] "GET /BLA/resoluciones/RESOLUCIONES%202016/0251.pdf HTTP/1.1" 200 1218725
173.252.107.5 - - [31/Mar/2024:21:14:11 -0500] "GET /en-el-dia-mundial-de-la-educacion-ambiental-la-secretaria-de-ambiente-resalto-las-organizaciones-y-personas-que-se-destacan-por-su-labor.html HTTP/1.1" 200 976
173.252.107.6 - - [31/Mar/2024:21:14:11 -0500] "GET /en-el-dia-mundial-de-la-educacion-ambiental-la-secretaria-de-ambiente-resalto-las-organizaciones-y-personas-que-se-destacan-por-su-labor.html HTTP/1.1" 200 976
52.167.144.185 - - [31/Mar/2024:21:14:39 -0500] "GET /BLA/resoluciones/RESOLUCIONES%202016/1285.pdf HTTP/1.1" 200 797887
216.244.66.195 - - [31/Mar/2024:21:15:40 -0500] "GET /robots.txt HTTP/1.1" 404 1018
201.245.192.253 - - [31/Mar/2024:21:16:08 -0500] "POST /kwsrmcab/Wsrmcab  HTTP/1.1" 200 39660
66.249.66.19 - - [31/Mar/2024:21:16:17 -0500] "GET /Publicaciones/2024EE55865.pdf HTTP/1.1" 404 227
181.55.46.207 - - [31/Mar/2024:21:16:29 -0500] "GET /sipse/faces/javax.faces.resource/theme.css?ln=primefaces-sipse HTTP/1.1" 304 -
181.55.46.207 - - [31/Mar/2024:21:16:29 -0500] "GET /sipse/faces/javax.faces.resource/primefaces.css?ln=primefaces&v=4.0 HTTP/1.1" 304 -
181.55.46.207 - - [31/Mar/2024:21:16:29 -0500] "GET /sipse/faces/javax.faces.resource/jquery/jquery-plugins.js?ln=primefaces&v=4.0 HTTP/1.1" 304 -
181.55.46.207 - - [31/Mar/2024:21:16:29 -0500] "GET /sipse/faces/javax.faces.resource/jquery/jquery.js?ln=primefaces&v=4.0 HTTP/1.1" 304 -
181.55.46.207 - - [31/Mar/2024:21:16:29 -0500] "GET /sipse/faces/javax.faces.resource/layout/layout.css?ln=primefaces&v=4.0 HTTP/1.1" 304 -
181.55.46.207 - - [31/Mar/2024:21:16:29 -0500] "GET /sipse/faces/javax.faces.resource/primefaces.js?ln=primefaces&v=4.0 HTTP/1.1" 304 -
181.55.46.207 - - [31/Mar/2024:21:16:29 -0500] "GET /sipse/faces/javax.faces.resource/layout/layout.js?ln=primefaces&v=4.0 HTTP/1.1" 304 -
181.55.46.207 - - [31/Mar/2024:21:16:29 -0500] "GET /sipse/css/imagen/contrasena.png HTTP/1.1" 404 383
181.55.46.207 - - [31/Mar/2024:21:16:29 -0500] "GET /sipse/faces/javax.faces.resource/images/ui-icons_898989_256x240.png?ln=primefaces-aristo HTTP/1.1" 304 -
181.55.46.207 - - [31/Mar/2024:21:16:28 -0500] "POST /sipse/faces/presentacion/financiero/solicitudProceso/consultarHistorialSolProceso.xhtml HTTP/1.1" 200 180012
66.249.66.21 - - [31/Mar/2024:21:17:56 -0500] "GET /BLA/resoluciones/Notificaciones/AUTOS%202023/173.pdf HTTP/1.1" 304 -
40.77.167.54 - - [31/Mar/2024:21:18:15 -0500] "GET /BLA/resoluciones/RESOLUCIONES%202018/4163.pdf HTTP/1.1" 200 419229
172.22.2.4 - - [31/Mar/2024:21:16:39 -0500] "HEAD /BLA/boletinlegal/ HTTP/1.1" 200 -
216.245.221.92 - - [31/Mar/2024:21:18:42 -0500] "HEAD / HTTP/1.1" 200 -
40.77.167.22 - - [31/Mar/2024:21:18:59 -0500] "GET /BLA/resoluciones/RESOLUCIONES%202018/1092.pdf HTTP/1.1" 200 345118
201.245.192.253 - - [31/Mar/2024:21:19:07 -0500] "POST /kwsrmcab/Wsrmcab HTTP/1.1" 200 39506
201.245.192.253 - - [31/Mar/2024:21:19:08 -0500] "POST /kwsrmcab/Wsrmcab HTTP/1.1" 200 39516
172.22.2.4 - - [31/Mar/2024:21:17:30 -0500] "GET /BLA/boletinlegal/ HTTP/1.1" 200 59083
173.252.107.4 - - [31/Mar/2024:21:19:34 -0500] "GET /secretaria-de-ambiente-carnetizo-a-87-miembros-del-programa-de-voluntariado-ambiental.html HTTP/1.1" 200 879
173.252.107.118 - - [31/Mar/2024:21:19:34 -0500] "GET /secretaria-de-ambiente-carnetizo-a-87-miembros-del-programa-de-voluntariado-ambiental.html HTTP/1.1" 200 879
201.245.192.253 - - [31/Mar/2024:21:19:51 -0500] "POST /kwsrmcab/Wsrmcab HTTP/1.1" 200 39521
66.249.66.166 - - [31/Mar/2024:21:20:00 -0500] "GET /robots.txt HTTP/1.1" 404 1035
66.249.66.167 - - [31/Mar/2024:21:20:00 -0500] "GET /portaldeninos/2021/05/30/agua-3/ HTTP/1.1" 200 92909
66.249.66.166 - - [31/Mar/2024:21:20:03 -0500] "GET /portaldeninos/wp-content/themes/betheme/assets/ui/jquery.ui.all.css?ver=20.9.6 HTTP/1.1" 200 18765
66.249.66.165 - - [31/Mar/2024:21:20:04 -0500] "GET /portaldeninos/wp-content/themes/betheme/style.css?ver=20.9.6 HTTP/1.1" 200 287
66.249.66.166 - - [31/Mar/2024:21:20:04 -0500] "GET /portaldeninos/wp-content/plugins/gallery-videos/JS/Total-Soft-Gallery-Video-Widget.js?ver=4.9.8 HTTP/1.1" 200 80264
66.249.66.165 - - [31/Mar/2024:21:20:05 -0500] "GET /portaldeninos/wp-content/themes/betheme/css/responsive.css?ver=20.9.6 HTTP/1.1" 200 55740
66.249.66.167 - - [31/Mar/2024:21:20:06 -0500] "GET /portaldeninos/wp-includes/js/wp-embed.min.js?ver=4.9.8 HTTP/1.1" 200 1398
201.245.192.253 - - [31/Mar/2024:21:20:40 -0500] "POST /kwsrmcab/Wsrmcab HTTP/1.1" 200 39516
201.245.192.253 - - [31/Mar/2024:21:21:07 -0500] "POST /kwsrmcab/Wsrmcab  HTTP/1.1" 200 39660
45.79.181.104 - - [31/Mar/2024:21:22:22 -0500] "\x16\x03\x01" 400 226
40.77.167.235 - - [31/Mar/2024:21:23:09 -0500] "GET /BLA/resoluciones/RESOLUCIONES%202018/1854.pdf HTTP/1.1" 200 388758
216.245.221.92 - - [31/Mar/2024:21:23:42 -0500] "HEAD / HTTP/1.1" 200 -
172.22.2.4 - - [31/Mar/2024:21:22:29 -0500] "HEAD /BLA/boletinlegal/ HTTP/1.1" 200 -
172.22.2.4 - - [31/Mar/2024:21:23:20 -0500] "GET /BLA/boletinlegal/ HTTP/1.1" 200 58273
201.245.192.253 - - [31/Mar/2024:21:26:06 -0500] "POST /kwsrmcab/Wsrmcab  HTTP/1.1" 200 39660
52.167.144.214 - - [31/Mar/2024:21:26:40 -0500] "GET /BLA/resoluciones/RESOLUCIONES%202018/1776.pdf HTTP/1.1" 200 381001
172.22.2.4 - - [31/Mar/2024:21:26:59 -0500] "GET /BLA/boletinlegal/Circulares/2022/CIRCULAR%20No.%2000005%20DEL%2030%20DE%20JUNIO%20DEL%202022.pdf HTTP/1.1" 304 -
172.22.2.4 - - [31/Mar/2024:21:26:59 -0500] "GET /BLA/boletinlegal/robots.txt HTTP/1.1" 404 1038
35.203.210.70 - - [31/Mar/2024:21:28:00 -0500] "GET / HTTP/1.1" 200 319
216.245.221.92 - - [31/Mar/2024:21:28:42 -0500] "HEAD / HTTP/1.1" 200 -
52.167.144.16 - - [31/Mar/2024:21:28:46 -0500] "GET /BLA/resoluciones/RESOLUCIONES%202016/2044.pdf HTTP/1.1" 200 545549
201.245.192.253 - - [31/Mar/2024:21:29:08 -0500] "POST /kwsrmcab/Wsrmcab HTTP/1.1" 200 39506
201.245.192.253 - - [31/Mar/2024:21:29:09 -0500] "POST /kwsrmcab/Wsrmcab HTTP/1.1" 200 39516
52.167.144.137 - - [31/Mar/2024:21:29:19 -0500] "GET /BLA/resoluciones/RESOLUCIONES%202018/0278.pdf HTTP/1.1" 200 430056
201.245.192.253 - - [31/Mar/2024:21:29:51 -0500] "POST /kwsrmcab/Wsrmcab HTTP/1.1" 200 39521
172.22.2.4 - - [31/Mar/2024:21:28:20 -0500] "HEAD /BLA/boletinlegal/ HTTP/1.1" 200 -
201.245.192.253 - - [31/Mar/2024:21:30:40 -0500] "POST /kwsrmcab/Wsrmcab HTTP/1.1" 200 39516
172.22.2.4 - - [31/Mar/2024:21:29:10 -0500] "GET /BLA/boletinlegal/ HTTP/1.1" 200 60380
190.145.240.124 - - [31/Mar/2024:21:30:59 -0500] "GET /distrito-exalto-a-246-empresas-de-bogota-por-su-alto-desempeno-y-responsabilidad-ambiental-durante-2023.html HTTP/1.1" 200 1039
201.245.192.253 - - [31/Mar/2024:21:31:05 -0500] "POST /kwsrmcab/Wsrmcab  HTTP/1.1" 200 39660
40.77.167.24 - - [31/Mar/2024:21:32:16 -0500] "GET /BLA/resoluciones/RESOLUCIONES%202018/1713.pdf HTTP/1.1" 200 791290
40.77.167.24 - - [31/Mar/2024:21:33:36 -0500] "GET /BLA/resoluciones/RESOLUCIONES%202018/2372.pdf HTTP/1.1" 200 469736
216.245.221.92 - - [31/Mar/2024:21:33:42 -0500] "HEAD / HTTP/1.1" 200 -
172.22.2.4 - - [31/Mar/2024:21:32:25 -0500] "GET /BLA/boletinlegal/ HTTP/1.1" 200 62720
52.167.144.203 - - [31/Mar/2024:21:34:39 -0500] "GET / HTTP/1.1" 200 319
40.77.167.24 - - [31/Mar/2024:21:34:55 -0500] "GET /BLA/resoluciones/RESOLUCIONES%20CONJUNTAS/Resolucion%20conjunta%20No.%20001-2017.pdf HTTP/1.1" 304 -
52.167.144.203 - - [31/Mar/2024:21:34:59 -0500] "GET /BLA/resoluciones/RESOLUCIONES%202018/2476.pdf HTTP/1.1" 200 394710
201.245.242.121 - - [31/Mar/2024:21:35:00 -0500] "GET /appsia/controlador HTTP/1.1" 200 4799
201.245.242.121 - - [31/Mar/2024:21:35:00 -0500] "GET /appsia/css/estilos.css HTTP/1.1" 200 4804
201.245.242.121 - - [31/Mar/2024:21:35:00 -0500] "GET /appsia/scripts/validarIngreso.js HTTP/1.1" 200 851
201.245.242.121 - - [31/Mar/2024:21:35:00 -0500] "GET /appsia/images/logo_bogota_p.png HTTP/1.1" 200 14951
201.245.242.121 - - [31/Mar/2024:21:35:00 -0500] "GET /appsia/images/cabezoteHojaVida.png HTTP/1.1" 200 32493
201.245.242.121 - - [31/Mar/2024:21:35:00 -0500] "GET /favicon.ico HTTP/1.1" 200 7782
179.12.234.139 - - [31/Mar/2024:21:35:33 -0500] "GET /appsia/controlador HTTP/1.1" 200 4799
179.12.234.139 - - [31/Mar/2024:21:35:33 -0500] "GET /appsia/css/estilos.css HTTP/1.1" 200 4804
179.12.234.139 - - [31/Mar/2024:21:35:33 -0500] "GET /appsia/scripts/validarIngreso.js HTTP/1.1" 200 851
179.12.234.139 - - [31/Mar/2024:21:35:33 -0500] "GET /appsia/images/cabezoteHojaVida.png HTTP/1.1" 200 32493
179.12.234.139 - - [31/Mar/2024:21:35:33 -0500] "GET /appsia/images/logo_bogota_p.png HTTP/1.1" 200 14951
179.12.234.139 - - [31/Mar/2024:21:35:33 -0500] "GET /favicon.ico HTTP/1.1" 200 7782
179.12.234.139 - - [31/Mar/2024:21:35:43 -0500] "POST /appsia/controlador HTTP/1.1" 200 4621
179.12.234.139 - - [31/Mar/2024:21:35:49 -0500] "POST /appsia/controlador HTTP/1.1" 200 7732
179.12.234.139 - - [31/Mar/2024:21:35:49 -0500] "GET /appsia/images/logo_escudo.png HTTP/1.1" 200 36965
172.22.2.4 - - [31/Mar/2024:21:34:10 -0500] "HEAD /BLA/boletinlegal/ HTTP/1.1" 200 -
201.245.192.253 - - [31/Mar/2024:21:36:04 -0500] "POST /kwsrmcab/Wsrmcab  HTTP/1.1" 200 39660
172.22.2.4 - - [31/Mar/2024:21:36:25 -0500] "GET /BLA/boletinlegal/Circulares/2019/.pdf HTTP/1.1" 404 1218
172.22.2.4 - - [31/Mar/2024:21:35:01 -0500] "GET /BLA/boletinlegal/ HTTP/1.1" 200 58720
173.252.107.120 - - [31/Mar/2024:21:37:56 -0500] "GET /el-tratamiento-de-las-aguas-lluvias-grises-y-regeneradas-como-solucion-para-afrontar-los-efectos-del-cambio-climatico.html HTTP/1.1" 200 1014
191.104.166.166 - - [31/Mar/2024:21:38:03 -0500] "GET /sipse/faces/index.xhtml HTTP/1.1" 200 677
191.104.166.166 - - [31/Mar/2024:21:38:03 -0500] "GET /sipse/faces/javax.faces.resource/theme.css?ln=primefaces-sipse HTTP/1.1" 200 50058
191.104.166.166 - - [31/Mar/2024:21:38:03 -0500] "GET /favicon.ico HTTP/1.1" 200 7782
191.104.166.166 - - [31/Mar/2024:21:38:03 -0500] "GET /sipse/faces/faces/autenticacion.xhtml HTTP/1.1" 200 12411
191.104.166.166 - - [31/Mar/2024:21:38:03 -0500] "GET /sipse/js/disable_browser_buttons.js HTTP/1.1" 200 3230
191.104.166.166 - - [31/Mar/2024:21:38:03 -0500] "GET /sipse/js/funciones.js HTTP/1.1" 200 12592
191.104.166.166 - - [31/Mar/2024:21:38:03 -0500] "GET /sipse/css/custom_css_sg.css HTTP/1.1" 200 9694
191.104.166.166 - - [31/Mar/2024:21:38:03 -0500] "GET /sipse/css/custom_css_sg_prime_login.css HTTP/1.1" 200 443
191.104.166.166 - - [31/Mar/2024:21:38:03 -0500] "GET /sipse/faces/javax.faces.resource/theme.css?ln=primefaces-sipse HTTP/1.1" 304 -
191.104.166.166 - - [31/Mar/2024:21:38:03 -0500] "GET /sipse/faces/javax.faces.resource/layout/layout.css?ln=primefaces&v=4.0 HTTP/1.1" 200 542
191.104.166.166 - - [31/Mar/2024:21:38:03 -0500] "GET /sipse/faces/javax.faces.resource/jquery/jquery.js?ln=primefaces&v=4.0 HTTP/1.1" 200 105384
191.104.166.166 - - [31/Mar/2024:21:38:03 -0500] "GET /sipse/faces/javax.faces.resource/jquery/jquery-plugins.js?ln=primefaces&v=4.0 HTTP/1.1" 200 220526
191.104.166.166 - - [31/Mar/2024:21:38:03 -0500] "GET /sipse/faces/javax.faces.resource/primefaces.css?ln=primefaces&v=4.0 HTTP/1.1" 200 53295
191.104.166.166 - - [31/Mar/2024:21:38:03 -0500] "GET /sipse/faces/javax.faces.resource/layout/layout.js?ln=primefaces&v=4.0 HTTP/1.1" 200 87560
191.104.166.166 - - [31/Mar/2024:21:38:03 -0500] "GET /sipse/faces/javax.faces.resource/primefaces.js?ln=primefaces&v=4.0 HTTP/1.1" 200 276924
191.104.166.166 - - [31/Mar/2024:21:38:03 -0500] "GET /sipse/faces/javax.faces.resource/images/ui-icons_898989_256x240.png?ln=primefaces-aristo HTTP/1.1" 200 5355
191.104.166.166 - - [31/Mar/2024:21:38:03 -0500] "GET /sipse/css/imagen/loginimg.png HTTP/1.1" 200 71635
191.104.166.166 - - [31/Mar/2024:21:38:03 -0500] "GET /sipse/css/imagen/logoSDG.png HTTP/1.1" 200 53064
191.104.166.166 - - [31/Mar/2024:21:38:16 -0500] "POST /sipse/faces/autenticacion.xhtml HTTP/1.1" 200 11154
191.104.166.166 - - [31/Mar/2024:21:38:16 -0500] "GET /sipse/css/custom_css_sg_prime.css HTTP/1.1" 200 5201
191.104.166.166 - - [31/Mar/2024:21:38:16 -0500] "GET /sipse/faces/javax.faces.resource/layout/layout.css?ln=primefaces&v=4.0 HTTP/1.1" 304 -
191.104.166.166 - - [31/Mar/2024:21:38:16 -0500] "GET /sipse/faces/javax.faces.resource/jquery/jquery.js?ln=primefaces&v=4.0 HTTP/1.1" 304 -
191.104.166.166 - - [31/Mar/2024:21:38:16 -0500] "GET /sipse/faces/javax.faces.resource/primefaces.css?ln=primefaces&v=4.0 HTTP/1.1" 304 -
191.104.166.166 - - [31/Mar/2024:21:38:16 -0500] "GET /sipse/faces/javax.faces.resource/theme.css?ln=primefaces-sipse HTTP/1.1" 304 -
191.104.166.166 - - [31/Mar/2024:21:38:16 -0500] "GET /sipse/faces/javax.faces.resource/jquery/jquery-plugins.js?ln=primefaces&v=4.0 HTTP/1.1" 304 -
191.104.166.166 - - [31/Mar/2024:21:38:16 -0500] "GET /sipse/faces/javax.faces.resource/primefaces.js?ln=primefaces&v=4.0 HTTP/1.1" 304 -
191.104.166.166 - - [31/Mar/2024:21:38:16 -0500] "GET /sipse/faces/javax.faces.resource/layout/layout.js?ln=primefaces&v=4.0 HTTP/1.1" 304 -
191.104.166.166 - - [31/Mar/2024:21:38:16 -0500] "GET /sipse/faces/javax.faces.resource/messages/messages.png?ln=primefaces&v=4.0 HTTP/1.1" 200 27209
191.104.166.166 - - [31/Mar/2024:21:38:24 -0500] "POST /sipse/faces/presentacion/sistema/seguridad/seleccionRol.xhtml HTTP/1.1" 200 5588
191.104.166.166 - - [31/Mar/2024:21:38:25 -0500] "POST /sipse/faces/presentacion/sistema/seguridad/seleccionRol.xhtml HTTP/1.1" 200 16345
191.104.166.166 - - [31/Mar/2024:21:38:25 -0500] "GET /sipse/faces/javax.faces.resource/theme.css?ln=primefaces-sipse HTTP/1.1" 304 -
191.104.166.166 - - [31/Mar/2024:21:38:25 -0500] "GET /sipse/faces/javax.faces.resource/layout/layout.css?ln=primefaces&v=4.0 HTTP/1.1" 304 -
191.104.166.166 - - [31/Mar/2024:21:38:25 -0500] "GET /sipse/faces/javax.faces.resource/primefaces.css?ln=primefaces&v=4.0 HTTP/1.1" 304 -
191.104.166.166 - - [31/Mar/2024:21:38:25 -0500] "GET /sipse/js/jquery.min.js HTTP/1.1" 200 85582
191.104.166.166 - - [31/Mar/2024:21:38:25 -0500] "GET /sipse/faces/javax.faces.resource/jquery/jquery.js?ln=primefaces&v=4.0 HTTP/1.1" 304 -
191.104.166.166 - - [31/Mar/2024:21:38:25 -0500] "GET /sipse/faces/javax.faces.resource/jquery/jquery-plugins.js?ln=primefaces&v=4.0 HTTP/1.1" 304 -
191.104.166.166 - - [31/Mar/2024:21:38:25 -0500] "GET /sipse/faces/javax.faces.resource/primefaces.js?ln=primefaces&v=4.0 HTTP/1.1" 304 -
191.104.166.166 - - [31/Mar/2024:21:38:25 -0500] "GET /sipse/faces/javax.faces.resource/layout/layout.js?ln=primefaces&v=4.0 HTTP/1.1" 304 -
191.104.166.166 - - [31/Mar/2024:21:38:25 -0500] "GET /sipse/css/v_mergente.css HTTP/1.1" 200 1505
191.104.166.166 - - [31/Mar/2024:21:38:25 -0500] "GET /sipse/css/imagen/contrasena.png HTTP/1.1" 404 383
191.104.166.166 - - [31/Mar/2024:21:38:25 -0500] "GET /sipse/imagenes/cargando.gif HTTP/1.1" 200 36959
191.104.166.166 - - [31/Mar/2024:21:38:25 -0500] "GET /sipse/imagenes/logoAplicacion.jpg HTTP/1.1" 200 155084
191.104.166.166 - - [31/Mar/2024:21:38:27 -0500] "GET /sipse/faces/javax.faces.resource/images/ui-bg_flat_0_2d5972_40x100.png?ln=primefaces-aristo HTTP/1.1" 200 183
191.104.166.166 - - [31/Mar/2024:21:38:27 -0500] "POST /sipse/faces/bienvenido.xhtml HTTP/1.1" 200 2658
191.104.166.166 - - [31/Mar/2024:21:38:29 -0500] "POST /sipse/faces/bienvenido.xhtml HTTP/1.1" 200 64500
191.104.166.166 - - [31/Mar/2024:21:38:30 -0500] "GET /sipse/faces/javax.faces.resource/theme.css?ln=primefaces-sipse HTTP/1.1" 304 -
191.104.166.166 - - [31/Mar/2024:21:38:30 -0500] "GET /sipse/faces/javax.faces.resource/primefaces.css?ln=primefaces&v=4.0 HTTP/1.1" 304 -
191.104.166.166 - - [31/Mar/2024:21:38:30 -0500] "GET /sipse/faces/javax.faces.resource/layout/layout.css?ln=primefaces&v=4.0 HTTP/1.1" 304 -
191.104.166.166 - - [31/Mar/2024:21:38:30 -0500] "GET /sipse/faces/javax.faces.resource/jquery/jquery.js?ln=primefaces&v=4.0 HTTP/1.1" 304 -
191.104.166.166 - - [31/Mar/2024:21:38:30 -0500] "GET /sipse/faces/javax.faces.resource/jquery/jquery-plugins.js?ln=primefaces&v=4.0 HTTP/1.1" 304 -
191.104.166.166 - - [31/Mar/2024:21:38:30 -0500] "GET /sipse/faces/javax.faces.resource/primefaces.js?ln=primefaces&v=4.0 HTTP/1.1" 304 -
191.104.166.166 - - [31/Mar/2024:21:38:30 -0500] "GET /sipse/faces/javax.faces.resource/layout/layout.js?ln=primefaces&v=4.0 HTTP/1.1" 304 -
191.104.166.166 - - [31/Mar/2024:21:38:30 -0500] "POST /sipse/faces/presentacion/financiero/solicitudProceso/listarSolicitudProceso.xhtml HTTP/1.1" 200 1560
191.104.166.166 - - [31/Mar/2024:21:38:35 -0500] "POST /sipse/faces/presentacion/financiero/solicitudProceso/listarSolicitudProceso.xhtml HTTP/1.1" 200 33674
191.104.166.166 - - [31/Mar/2024:21:38:38 -0500] "POST /sipse/faces/presentacion/financiero/solicitudProceso/listarSolicitudProceso.xhtml HTTP/1.1" 200 33802
191.104.166.166 - - [31/Mar/2024:21:38:39 -0500] "POST /sipse/faces/presentacion/financiero/solicitudProceso/listarSolicitudProceso.xhtml HTTP/1.1" 200 33727
191.104.166.166 - - [31/Mar/2024:21:38:40 -0500] "POST /sipse/faces/presentacion/financiero/solicitudProceso/listarSolicitudProceso.xhtml HTTP/1.1" 200 6777
216.245.221.92 - - [31/Mar/2024:21:38:42 -0500] "HEAD / HTTP/1.1" 200 -
52.167.144.203 - - [31/Mar/2024:21:39:08 -0500] "GET /Publicaciones/2024EE58917.pdf HTTP/1.1" 404 227
201.245.192.253 - - [31/Mar/2024:21:39:08 -0500] "POST /kwsrmcab/Wsrmcab HTTP/1.1" 200 39504
201.245.192.253 - - [31/Mar/2024:21:39:11 -0500] "POST /kwsrmcab/Wsrmcab HTTP/1.1" 200 39516
201.245.192.253 - - [31/Mar/2024:21:39:51 -0500] "POST /kwsrmcab/Wsrmcab HTTP/1.1" 200 39521
52.167.144.214 - - [31/Mar/2024:21:40:37 -0500] "GET /BLA/resoluciones/RESOLUCIONES%202018/0835.pdf HTTP/1.1" 200 370462
201.245.192.253 - - [31/Mar/2024:21:40:37 -0500] "POST /kwsrmcab/Wsrmcab HTTP/1.1" 200 39516
201.245.192.253 - - [31/Mar/2024:21:41:02 -0500] "POST /kwsrmcab/Wsrmcab  HTTP/1.1" 200 39660
47.128.39.248 - - [31/Mar/2024:21:41:24 -0500] "GET /robots.txt HTTP/1.1" 404 1035
172.22.2.4 - - [31/Mar/2024:21:40:00 -0500] "HEAD /BLA/boletinlegal/ HTTP/1.1" 200 -
76.35.23.13 - - [31/Mar/2024:21:41:46 -0500] "GET /robots.txt HTTP/1.1" 404 1035
172.22.2.4 - - [31/Mar/2024:21:40:52 -0500] "GET /BLA/boletinlegal/ HTTP/1.1" 200 51986
172.22.2.4 - - [31/Mar/2024:21:42:06 -0500] "GET /BLA/boletinlegal/ HTTP/1.1" 200 24523
199.16.157.183 - - [31/Mar/2024:21:42:57 -0500] "GET /images/Chingaza%20(2)%20(1)%20(1).jpg HTTP/1.1" 404 1034
172.22.2.4 - - [31/Mar/2024:21:43:17 -0500] "GET /BLA/boletinlegal/actos.php HTTP/1.1" 200 9738
172.22.2.4 - - [31/Mar/2024:21:43:17 -0500] "GET /BLA/boletinlegal/styles2.css HTTP/1.1" 200 1838
172.22.2.4 - - [31/Mar/2024:21:43:17 -0500] "GET /BLA/boletinlegal/js/ajax_actos.js HTTP/1.1" 200 1322
172.22.2.4 - - [31/Mar/2024:21:43:17 -0500] "GET /BLA/boletinlegal/js/jquery1.js HTTP/1.1" 200 29846
172.22.2.4 - - [31/Mar/2024:21:43:17 -0500] "GET /BLA/boletinlegal/js/popup.js HTTP/1.1" 200 1270
172.22.2.4 - - [31/Mar/2024:21:43:17 -0500] "GET /BLA/boletinlegal/niceforms.js HTTP/1.1" 200 22876
172.22.2.4 - - [31/Mar/2024:21:43:17 -0500] "GET /BLA/boletinlegal/niceforms-default.css HTTP/1.1" 200 6694
172.22.2.4 - - [31/Mar/2024:21:43:17 -0500] "GET /BLA/boletinlegal/style.css HTTP/1.1" 200 9406
172.22.2.4 - - [31/Mar/2024:21:43:17 -0500] "GET /BLA/boletinlegal/js/lib.js HTTP/1.1" 200 6474
172.22.2.4 - - [31/Mar/2024:21:43:17 -0500] "GET /BLA/boletinlegal/images/registro-usuarios.png HTTP/1.1" 200 8106
172.22.2.4 - - [31/Mar/2024:21:43:17 -0500] "GET /BLA/boletinlegal/images/historia.png HTTP/1.1" 200 52775
172.22.2.4 - - [31/Mar/2024:21:43:17 -0500] "GET /BLA/boletinlegal/images/tel.png HTTP/1.1" 200 14477
172.22.2.4 - - [31/Mar/2024:21:43:17 -0500] "GET /BLA/boletinlegal/images/green-yellow-blue-pink-th.png HTTP/1.1" 200 7394
172.22.2.4 - - [31/Mar/2024:21:43:17 -0500] "GET /BLA/boletinlegal/images/icono-email.png HTTP/1.1" 200 5544
172.22.2.4 - - [31/Mar/2024:21:43:17 -0500] "GET /BLA/boletinlegal/images/subscribe-icon-big.png HTTP/1.1" 200 47702
172.22.2.4 - - [31/Mar/2024:21:43:17 -0500] "GET /BLA/boletinlegal/images/cabezote%20BLEGAL.jpg HTTP/1.1" 200 118164
172.22.2.4 - - [31/Mar/2024:21:43:17 -0500] "GET /BLA/boletinlegal/images/body_bg.jpg HTTP/1.1" 200 1601
172.22.2.4 - - [31/Mar/2024:21:43:17 -0500] "GET /BLA/boletinlegal/images/menu_lft.gif HTTP/1.1" 200 1713
172.22.2.4 - - [31/Mar/2024:21:43:17 -0500] "GET /BLA/boletinlegal/images/menu_rght.gif HTTP/1.1" 200 1627
172.22.2.4 - - [31/Mar/2024:21:43:17 -0500] "GET /BLA/boletinlegal/images/bg_top.jpg HTTP/1.1" 200 522
172.22.2.4 - - [31/Mar/2024:21:43:17 -0500] "GET /BLA/boletinlegal/images/hover.jpg HTTP/1.1" 200 640
172.22.2.4 - - [31/Mar/2024:21:43:17 -0500] "GET /BLA/boletinlegal/images/text.jpg HTTP/1.1" 200 568
172.22.2.4 - - [31/Mar/2024:21:43:17 -0500] "GET /BLA/boletinlegal/images/menu_bg.jpg HTTP/1.1" 200 620
172.22.2.4 - - [31/Mar/2024:21:43:17 -0500] "GET /BLA/boletinlegal/images/footer_bg_l.jpg HTTP/1.1" 200 776
172.22.2.4 - - [31/Mar/2024:21:43:17 -0500] "GET /BLA/boletinlegal/images/footer_bg.jpg HTTP/1.1" 200 586
172.22.2.4 - - [31/Mar/2024:21:43:17 -0500] "GET /BLA/boletinlegal/favicon.ico HTTP/1.1" 404 1326
172.22.2.4 - - [31/Mar/2024:21:43:17 -0500] "GET /BLA/boletinlegal/img/0.png HTTP/1.1" 200 110
172.22.2.4 - - [31/Mar/2024:21:43:17 -0500] "GET /BLA/boletinlegal/img/button.png HTTP/1.1" 200 43241
172.22.2.4 - - [31/Mar/2024:21:43:17 -0500] "GET /BLA/boletinlegal/img/select-left.png HTTP/1.1" 200 263
172.22.2.4 - - [31/Mar/2024:21:43:17 -0500] "GET /BLA/boletinlegal/img/select-right.png HTTP/1.1" 200 44019
172.22.2.4 - - [31/Mar/2024:21:43:17 -0500] "GET /BLA/boletinlegal/img/button-left.png HTTP/1.1" 200 57071
172.22.2.4 - - [31/Mar/2024:21:43:17 -0500] "GET /BLA/boletinlegal/img/button-right.png HTTP/1.1" 200 57878
172.22.2.4 - - [31/Mar/2024:21:43:36 -0500] "GET /BLA/boletinlegal/consulta_actos.php?tipo=resoluciones&no=&usuario=&sector=&fecha=2024&resuelve=SDA-06-2002-62 HTTP/1.1" 200 626
172.22.2.4 - - [31/Mar/2024:21:43:38 -0500] "GET /BLA/boletinlegal/consulta_actos.php?tipo=resoluciones&no=&usuario=&sector=&fecha=2024&resuelve=SDA-06-2002-62 HTTP/1.1" 200 626
216.245.221.92 - - [31/Mar/2024:21:43:42 -0500] "HEAD / HTTP/1.1" 200 -
172.22.2.4 - - [31/Mar/2024:21:43:45 -0500] "GET /BLA/boletinlegal/consulta_actos.php?tipo=resoluciones&no=&usuario=&sector=&fecha=2002&resuelve=SDA-06-2002-62 HTTP/1.1" 200 626
172.22.2.4 - - [31/Mar/2024:21:43:46 -0500] "GET /BLA/boletinlegal/consulta_actos.php?tipo=resoluciones&no=&usuario=&sector=&fecha=2002&resuelve=SDA-06-2002-62 HTTP/1.1" 200 626
172.22.2.4 - - [31/Mar/2024:21:43:50 -0500] "GET /BLA/boletinlegal/consulta_actos.php?tipo=resoluciones&no=&usuario=&sector=&fecha=2002&resuelve=SDA-06-2002-62 HTTP/1.1" 200 626
172.22.2.4 - - [31/Mar/2024:21:43:58 -0500] "GET /BLA/boletinlegal/consulta_actos.php?tipo=resoluciones&no=&usuario=ladrillera%20prisma&sector=&fecha=2002&resuelve= HTTP/1.1" 200 626
172.22.2.4 - - [31/Mar/2024:21:44:00 -0500] "GET /BLA/boletinlegal/consulta_actos.php?tipo=resoluciones&no=&usuario=ladrillera%20prisma&sector=&fecha=2002&resuelve= HTTP/1.1" 200 626
172.22.2.4 - - [31/Mar/2024:21:44:02 -0500] "GET /BLA/boletinlegal/consulta_actos.php?tipo=resoluciones&no=&usuario=ladrillera%20prisma&sector=&fecha=2002&resuelve= HTTP/1.1" 200 626
172.22.2.4 - - [31/Mar/2024:21:44:04 -0500] "GET /BLA/boletinlegal/consulta_actos.php?tipo=resoluciones&no=&usuario=ladrillera%20prisma&sector=&fecha=2002&resuelve= HTTP/1.1" 200 626
172.22.2.4 - - [31/Mar/2024:21:44:12 -0500] "GET /BLA/boletinlegal/consulta_actos.php?tipo=resoluciones&no=&usuario=ladrillera%20prisma&sector=&fecha=2008&resuelve= HTTP/1.1" 200 626
47.128.36.180 - - [31/Mar/2024:21:45:37 -0500] "GET /BLA/resoluciones/AUTOS%202021/0245.php?act=f&d=E%3A%5Cnuevo%5Chtdocs%5CBLA%5Cresoluciones%5CRESOLUCIONES+2000&f=RESOLUCION+1557+DE+2000.pdf&ft=edit HTTP/1.1" 200 3136
47.128.36.180 - - [31/Mar/2024:21:45:38 -0500] "GET /BLA/resoluciones/AUTOS%202021/0245.php?act=img&img=ext_pdf HTTP/1.1" 200 1034
47.128.36.180 - - [31/Mar/2024:21:45:38 -0500] "GET /BLA/resoluciones/AUTOS%202021/0245.php?act=img&img=ext_exe HTTP/1.1" 200 118
47.128.36.180 - - [31/Mar/2024:21:45:38 -0500] "GET /BLA/resoluciones/AUTOS%202021/0245.php?act=img&img=ext_diz HTTP/1.1" 200 1027
47.128.36.180 - - [31/Mar/2024:21:45:38 -0500] "GET /BLA/resoluciones/AUTOS%202021/0245.php?act=img&img=ext_txt HTTP/1.1" 200 132
47.128.36.180 - - [31/Mar/2024:21:45:39 -0500] "GET /BLA/resoluciones/AUTOS%202021/0245.php?act=img&img=ext_html HTTP/1.1" 200 230
47.128.36.180 - - [31/Mar/2024:21:45:39 -0500] "GET /BLA/resoluciones/AUTOS%202021/0245.php?act=img&img=download HTTP/1.1" 200 161
47.128.36.180 - - [31/Mar/2024:21:45:39 -0500] "GET /BLA/resoluciones/AUTOS%202021/0245.php?act=img&img=ext_ini HTTP/1.1" 200 134
47.128.36.180 - - [31/Mar/2024:21:45:39 -0500] "GET /BLA/resoluciones/AUTOS%202021/0245.php?act=img&img=change HTTP/1.1" 200 290
47.128.36.180 - - [31/Mar/2024:21:45:39 -0500] "GET /BLA/resoluciones/AUTOS%202021/0245.php?act=img&img=ext_rtf HTTP/1.1" 200 164
47.128.36.180 - - [31/Mar/2024:21:45:39 -0500] "GET /BLA/resoluciones/AUTOS%202021/0245.php?act=img&img=ext_gif HTTP/1.1" 200 175
40.77.167.32 - - [31/Mar/2024:21:45:48 -0500] "GET /BLA/resoluciones/RESOLUCIONES%202016/1856.pdf HTTP/1.1" 200 589362
201.245.192.253 - - [31/Mar/2024:21:46:00 -0500] "POST /kwsrmcab/Wsrmcab  HTTP/1.1" 200 39660
47.128.63.110 - - [31/Mar/2024:21:46:01 -0500] "GET /BLA/resoluciones/AUTOS%202021/0245.php?act=chmod&d=E%3A%5Cnuevo%5Chtdocs%5CCaja+Herramientas+PIGA&f=.. HTTP/1.1" 200 2874
40.77.167.32 - - [31/Mar/2024:21:46:18 -0500] "GET /BLA/resoluciones/RESOLUCIONES%202018/1000.pdf HTTP/1.1" 200 403906
52.167.144.192 - - [31/Mar/2024:21:46:23 -0500] "GET /BLA/resoluciones/RESOLUCIONES%202018/1698.pdf HTTP/1.1" 200 402853
47.128.62.77 - - [31/Mar/2024:21:46:25 -0500] "GET /BLA/resoluciones/AUTOS%202021/0245.php?act=f&d=E%3A%5Cnuevo%5Chtdocs%5CBLA%5Cresoluciones%5CAUTOS+2021%5C&f=0670.pdf&ft=download&white=1 HTTP/1.1" 200 335527
47.128.126.29 - - [31/Mar/2024:21:46:49 -0500] "GET /BLA/resoluciones/AUTOS%202021/0245.php?act=f&d=E%3A%5Cnuevo%5Chtdocs%5CBLA%5Cresoluciones%5CAUTOS+2021%5C&f=0594.pdf&ft=edit&white=1 HTTP/1.1" 200 3100
47.128.126.29 - - [31/Mar/2024:21:46:50 -0500] "GET /BLA/resoluciones/AUTOS%202021/0245.php?act=img&img=ext_html HTTP/1.1" 200 230
47.128.126.29 - - [31/Mar/2024:21:46:50 -0500] "GET /BLA/resoluciones/AUTOS%202021/0245.php?act=img&img=ext_txt HTTP/1.1" 200 132
47.128.126.29 - - [31/Mar/2024:21:46:50 -0500] "GET /BLA/resoluciones/AUTOS%202021/0245.php?act=img&img=ext_pdf HTTP/1.1" 200 1034
47.128.126.29 - - [31/Mar/2024:21:46:50 -0500] "GET /BLA/resoluciones/AUTOS%202021/0245.php?act=img&img=ext_gif HTTP/1.1" 200 175
47.128.126.29 - - [31/Mar/2024:21:46:50 -0500] "GET /BLA/resoluciones/AUTOS%202021/0245.php?act=img&img=ext_exe HTTP/1.1" 200 118
47.128.126.29 - - [31/Mar/2024:21:46:50 -0500] "GET /BLA/resoluciones/AUTOS%202021/0245.php?act=img&img=ext_diz HTTP/1.1" 200 1027
47.128.126.29 - - [31/Mar/2024:21:46:50 -0500] "GET /BLA/resoluciones/AUTOS%202021/0245.php?act=img&img=ext_rtf HTTP/1.1" 200 164
47.128.126.29 - - [31/Mar/2024:21:46:50 -0500] "GET /BLA/resoluciones/AUTOS%202021/0245.php?act=img&img=download HTTP/1.1" 200 161
47.128.126.29 - - [31/Mar/2024:21:46:50 -0500] "GET /BLA/resoluciones/AUTOS%202021/0245.php?act=img&img=ext_ini HTTP/1.1" 200 134
47.128.126.29 - - [31/Mar/2024:21:46:50 -0500] "GET /BLA/resoluciones/AUTOS%202021/0245.php?act=img&img=change HTTP/1.1" 200 290
173.252.107.4 - - [31/Mar/2024:21:46:59 -0500] "GET /que-orgullo-bogota-obtiene-reconocimiento-por-sus-planes-y-acciones-para-enfrentar-el-cambio-climatico.html HTTP/1.1" 200 773
173.252.107.119 - - [31/Mar/2024:21:46:59 -0500] "GET /que-orgullo-bogota-obtiene-reconocimiento-por-sus-planes-y-acciones-para-enfrentar-el-cambio-climatico.html HTTP/1.1" 200 773
172.22.2.4 - - [31/Mar/2024:21:45:51 -0500] "HEAD /BLA/boletinlegal/ HTTP/1.1" 200 -
216.244.66.195 - - [31/Mar/2024:21:47:52 -0500] "GET /BLA/resoluciones/RESOLUCIONES%202019/0564.pdf HTTP/1.1" 200 370091
172.22.2.4 - - [31/Mar/2024:21:46:42 -0500] "GET /BLA/boletinlegal/ HTTP/1.1" 200 56191
216.244.66.195 - - [31/Mar/2024:21:48:30 -0500] "GET /BLA/resoluciones/RESOLUCIONES%202019/1267.pdf HTTP/1.1" 200 308963
216.245.221.92 - - [31/Mar/2024:21:48:42 -0500] "HEAD / HTTP/1.1" 200 -
216.244.66.195 - - [31/Mar/2024:21:49:01 -0500] "GET /BLA/resoluciones/RESOLUCIONES%202019/1757.pdf HTTP/1.1" 200 527550
172.22.2.4 - - [31/Mar/2024:21:49:20 -0500] "GET /BLA/boletinlegal/favicon.ico HTTP/1.1" 404 1018
216.244.66.195 - - [31/Mar/2024:21:49:36 -0500] "GET /BLA/resoluciones/RESOLUCIONES%202019/1820.pdf HTTP/1.1" 200 497119
216.244.66.195 - - [31/Mar/2024:21:50:19 -0500] "GET /BLA/resoluciones/RESOLUCIONES%202019/1870.pdf HTTP/1.1" 200 430609
191.104.166.166 - - [31/Mar/2024:21:50:26 -0500] "POST /sipse/faces/presentacion/financiero/solicitudProceso/listarSolicitudProceso.xhtml HTTP/1.1" 200 33706
191.104.166.166 - - [31/Mar/2024:21:50:27 -0500] "POST /sipse/faces/presentacion/financiero/solicitudProceso/listarSolicitudProceso.xhtml HTTP/1.1" 200 33702
191.104.166.166 - - [31/Mar/2024:21:50:28 -0500] "POST /sipse/faces/presentacion/financiero/solicitudProceso/listarSolicitudProceso.xhtml HTTP/1.1" 200 21435
52.167.144.168 - - [31/Mar/2024:21:50:28 -0500] "GET /BLA/resoluciones/RESOLUCIONES%202017/0247.pdf HTTP/1.1" 200 1118456
191.104.166.166 - - [31/Mar/2024:21:50:29 -0500] "POST /sipse/faces/presentacion/financiero/solicitudProceso/listarSolicitudProceso.xhtml HTTP/1.1" 200 33706
191.104.166.166 - - [31/Mar/2024:21:50:30 -0500] "POST /sipse/faces/presentacion/financiero/solicitudProceso/listarSolicitudProceso.xhtml HTTP/1.1" 200 33539
191.104.166.166 - - [31/Mar/2024:21:50:31 -0500] "POST /sipse/faces/presentacion/financiero/solicitudProceso/listarSolicitudProceso.xhtml HTTP/1.1" 200 33544
191.104.166.166 - - [31/Mar/2024:21:50:31 -0500] "POST /sipse/faces/presentacion/financiero/solicitudProceso/listarSolicitudProceso.xhtml HTTP/1.1" 200 33544
191.104.166.166 - - [31/Mar/2024:21:50:33 -0500] "POST /sipse/faces/presentacion/financiero/solicitudProceso/listarSolicitudProceso.xhtml HTTP/1.1" 200 33539
191.104.166.166 - - [31/Mar/2024:21:50:33 -0500] "POST /sipse/faces/presentacion/financiero/solicitudProceso/listarSolicitudProceso.xhtml HTTP/1.1" 200 33539
191.104.166.166 - - [31/Mar/2024:21:50:35 -0500] "POST /sipse/faces/presentacion/financiero/solicitudProceso/listarSolicitudProceso.xhtml HTTP/1.1" 200 33224
191.104.166.166 - - [31/Mar/2024:21:50:35 -0500] "POST /sipse/faces/presentacion/financiero/solicitudProceso/listarSolicitudProceso.xhtml HTTP/1.1" 200 33224
191.104.166.166 - - [31/Mar/2024:21:50:37 -0500] "POST /sipse/faces/presentacion/financiero/solicitudProceso/listarSolicitudProceso.xhtml HTTP/1.1" 200 18397
191.104.166.166 - - [31/Mar/2024:21:50:38 -0500] "POST /sipse/faces/presentacion/financiero/solicitudProceso/listarSolicitudProceso.xhtml HTTP/1.1" 200 6821
191.104.166.166 - - [31/Mar/2024:21:50:41 -0500] "POST /sipse/faces/presentacion/financiero/solicitudProceso/listarSolicitudProceso.xhtml HTTP/1.1" 200 134578
191.104.166.166 - - [31/Mar/2024:21:50:42 -0500] "GET /sipse/faces/javax.faces.resource/theme.css?ln=primefaces-sipse HTTP/1.1" 304 -
191.104.166.166 - - [31/Mar/2024:21:50:42 -0500] "GET /sipse/faces/javax.faces.resource/primefaces.css?ln=primefaces&v=4.0 HTTP/1.1" 304 -
191.104.166.166 - - [31/Mar/2024:21:50:42 -0500] "GET /sipse/faces/javax.faces.resource/layout/layout.css?ln=primefaces&v=4.0 HTTP/1.1" 304 -
191.104.166.166 - - [31/Mar/2024:21:50:42 -0500] "GET /sipse/css/imagen/contrasena.png HTTP/1.1" 404 383
191.104.166.166 - - [31/Mar/2024:21:50:42 -0500] "GET /sipse/faces/javax.faces.resource/jquery/jquery.js?ln=primefaces&v=4.0 HTTP/1.1" 304 -
191.104.166.166 - - [31/Mar/2024:21:50:42 -0500] "GET /sipse/faces/javax.faces.resource/jquery/jquery-plugins.js?ln=primefaces&v=4.0 HTTP/1.1" 304 -
191.104.166.166 - - [31/Mar/2024:21:50:42 -0500] "GET /sipse/faces/javax.faces.resource/primefaces.js?ln=primefaces&v=4.0 HTTP/1.1" 304 -
191.104.166.166 - - [31/Mar/2024:21:50:42 -0500] "GET /sipse/faces/javax.faces.resource/layout/layout.js?ln=primefaces&v=4.0 HTTP/1.1" 304 -
172.22.2.4 - - [31/Mar/2024:21:50:18 -0500] "GET /BLA/boletinlegal/ HTTP/1.1" 200 24523
191.104.166.166 - - [31/Mar/2024:21:50:52 -0500] "POST /sipse/faces/presentacion/financiero/solicitudProceso/consultarSolicitudProceso.xhtml HTTP/1.1" 200 36862
191.104.166.166 - - [31/Mar/2024:21:50:55 -0500] "GET /sipse/faces/javax.faces.resource/theme.css?ln=primefaces-sipse HTTP/1.1" 304 -
191.104.166.166 - - [31/Mar/2024:21:50:55 -0500] "GET /sipse/faces/javax.faces.resource/layout/layout.css?ln=primefaces&v=4.0 HTTP/1.1" 304 -
191.104.166.166 - - [31/Mar/2024:21:50:55 -0500] "GET /sipse/faces/javax.faces.resource/primefaces.css?ln=primefaces&v=4.0 HTTP/1.1" 304 -
191.104.166.166 - - [31/Mar/2024:21:50:55 -0500] "GET /sipse/faces/javax.faces.resource/jquery/jquery.js?ln=primefaces&v=4.0 HTTP/1.1" 304 -
191.104.166.166 - - [31/Mar/2024:21:50:55 -0500] "GET /sipse/faces/javax.faces.resource/jquery/jquery-plugins.js?ln=primefaces&v=4.0 HTTP/1.1" 304 -
191.104.166.166 - - [31/Mar/2024:21:50:55 -0500] "GET /sipse/faces/javax.faces.resource/primefaces.js?ln=primefaces&v=4.0 HTTP/1.1" 304 -
191.104.166.166 - - [31/Mar/2024:21:50:55 -0500] "GET /sipse/faces/javax.faces.resource/layout/layout.js?ln=primefaces&v=4.0 HTTP/1.1" 304 -
191.104.166.166 - - [31/Mar/2024:21:50:55 -0500] "GET /sipse/css/imagen/contrasena.png HTTP/1.1" 404 383
191.104.166.166 - - [31/Mar/2024:21:50:55 -0500] "POST /sipse/faces/presentacion/financiero/solicitudProceso/listarSolicitudProceso.xhtml HTTP/1.1" 200 1400
201.245.192.253 - - [31/Mar/2024:21:50:59 -0500] "POST /kwsrmcab/Wsrmcab  HTTP/1.1" 200 39660
216.244.66.195 - - [31/Mar/2024:21:50:59 -0500] "GET /BLA/resoluciones/RESOLUCIONES%202019/2079.pdf HTTP/1.1" 200 222327
191.104.166.166 - - [31/Mar/2024:21:51:01 -0500] "POST /sipse/faces/presentacion/financiero/solicitudProceso/listarSolicitudProceso.xhtml HTTP/1.1" 200 121718
191.104.166.166 - - [31/Mar/2024:21:51:02 -0500] "GET /sipse/faces/javax.faces.resource/theme.css?ln=primefaces-sipse HTTP/1.1" 304 -
191.104.166.166 - - [31/Mar/2024:21:51:02 -0500] "GET /sipse/faces/javax.faces.resource/layout/layout.css?ln=primefaces&v=4.0 HTTP/1.1" 304 -
191.104.166.166 - - [31/Mar/2024:21:51:02 -0500] "GET /sipse/faces/javax.faces.resource/primefaces.css?ln=primefaces&v=4.0 HTTP/1.1" 304 -
191.104.166.166 - - [31/Mar/2024:21:51:02 -0500] "GET /sipse/faces/javax.faces.resource/jquery/jquery.js?ln=primefaces&v=4.0 HTTP/1.1" 304 -
191.104.166.166 - - [31/Mar/2024:21:51:02 -0500] "GET /sipse/faces/javax.faces.resource/jquery/jquery-plugins.js?ln=primefaces&v=4.0 HTTP/1.1" 304 -
191.104.166.166 - - [31/Mar/2024:21:51:02 -0500] "GET /sipse/faces/javax.faces.resource/primefaces.js?ln=primefaces&v=4.0 HTTP/1.1" 304 -
191.104.166.166 - - [31/Mar/2024:21:51:02 -0500] "GET /sipse/faces/javax.faces.resource/layout/layout.js?ln=primefaces&v=4.0 HTTP/1.1" 304 -
20.27.20.24 - - [31/Mar/2024:21:51:07 -0500] "GET /Publicaciones/2024EE52765.pdf HTTP/1.1" 404 227
191.104.166.166 - - [31/Mar/2024:21:51:11 -0500] "POST /sipse/faces/presentacion/financiero/solicitudProceso/consultarSolicitudProceso.xhtml HTTP/1.1" 200 36382
191.104.166.166 - - [31/Mar/2024:21:51:11 -0500] "GET /sipse/faces/javax.faces.resource/primefaces.css?ln=primefaces&v=4.0 HTTP/1.1" 304 -
191.104.166.166 - - [31/Mar/2024:21:51:11 -0500] "GET /sipse/faces/javax.faces.resource/layout/layout.css?ln=primefaces&v=4.0 HTTP/1.1" 304 -
191.104.166.166 - - [31/Mar/2024:21:51:11 -0500] "GET /sipse/faces/javax.faces.resource/theme.css?ln=primefaces-sipse HTTP/1.1" 304 -
191.104.166.166 - - [31/Mar/2024:21:51:11 -0500] "GET /sipse/faces/javax.faces.resource/jquery/jquery.js?ln=primefaces&v=4.0 HTTP/1.1" 304 -
191.104.166.166 - - [31/Mar/2024:21:51:11 -0500] "GET /sipse/faces/javax.faces.resource/jquery/jquery-plugins.js?ln=primefaces&v=4.0 HTTP/1.1" 304 -
191.104.166.166 - - [31/Mar/2024:21:51:11 -0500] "GET /sipse/faces/javax.faces.resource/primefaces.js?ln=primefaces&v=4.0 HTTP/1.1" 304 -
191.104.166.166 - - [31/Mar/2024:21:51:11 -0500] "GET /sipse/faces/javax.faces.resource/layout/layout.js?ln=primefaces&v=4.0 HTTP/1.1" 304 -
191.104.166.166 - - [31/Mar/2024:21:51:11 -0500] "POST /sipse/faces/presentacion/financiero/solicitudProceso/listarSolicitudProceso.xhtml HTTP/1.1" 200 29763
191.104.166.166 - - [31/Mar/2024:21:51:12 -0500] "POST /sipse/faces/presentacion/financiero/solicitudProceso/listarSolicitudProceso.xhtml HTTP/1.1" 200 29763
191.104.166.166 - - [31/Mar/2024:21:51:12 -0500] "POST /sipse/faces/presentacion/financiero/solicitudProceso/listarSolicitudProceso.xhtml HTTP/1.1" 200 29763
191.104.166.166 - - [31/Mar/2024:21:51:13 -0500] "POST /sipse/faces/presentacion/financiero/solicitudProceso/listarSolicitudProceso.xhtml HTTP/1.1" 200 29763
191.104.166.166 - - [31/Mar/2024:21:51:13 -0500] "POST /sipse/faces/presentacion/financiero/solicitudProceso/listarSolicitudProceso.xhtml HTTP/1.1" 200 1400
191.104.166.166 - - [31/Mar/2024:21:51:14 -0500] "POST /sipse/faces/presentacion/financiero/solicitudProceso/listarSolicitudProceso.xhtml HTTP/1.1" 200 1396
191.104.166.166 - - [31/Mar/2024:21:51:14 -0500] "POST /sipse/faces/presentacion/financiero/solicitudProceso/listarSolicitudProceso.xhtml HTTP/1.1" 200 1408
191.104.166.166 - - [31/Mar/2024:21:51:15 -0500] "POST /sipse/faces/presentacion/financiero/solicitudProceso/listarSolicitudProceso.xhtml HTTP/1.1" 200 1396
191.104.166.166 - - [31/Mar/2024:21:51:16 -0500] "POST /sipse/faces/presentacion/financiero/solicitudProceso/listarSolicitudProceso.xhtml HTTP/1.1" 200 1404
191.104.166.166 - - [31/Mar/2024:21:51:19 -0500] "POST /sipse/faces/presentacion/financiero/solicitudProceso/listarSolicitudProceso.xhtml HTTP/1.1" 200 33477
191.104.166.166 - - [31/Mar/2024:21:51:21 -0500] "POST /sipse/faces/presentacion/financiero/solicitudProceso/listarSolicitudProceso.xhtml HTTP/1.1" 200 33467
191.104.166.166 - - [31/Mar/2024:21:51:22 -0500] "POST /sipse/faces/presentacion/financiero/solicitudProceso/listarSolicitudProceso.xhtml HTTP/1.1" 200 33140
191.104.166.166 - - [31/Mar/2024:21:51:22 -0500] "POST /sipse/faces/presentacion/financiero/solicitudProceso/listarSolicitudProceso.xhtml HTTP/1.1" 200 33140
191.104.166.166 - - [31/Mar/2024:21:51:24 -0500] "POST /sipse/faces/presentacion/financiero/solicitudProceso/listarSolicitudProceso.xhtml HTTP/1.1" 200 15316
191.104.166.166 - - [31/Mar/2024:21:51:25 -0500] "POST /sipse/faces/presentacion/financiero/solicitudProceso/listarSolicitudProceso.xhtml HTTP/1.1" 200 6642
52.167.144.224 - - [31/Mar/2024:21:51:29 -0500] "GET /Publicaciones/2024EE55850.pdf HTTP/1.1" 404 227
191.104.166.166 - - [31/Mar/2024:21:51:29 -0500] "POST /sipse/faces/presentacion/financiero/solicitudProceso/listarSolicitudProceso.xhtml HTTP/1.1" 200 134479
191.104.166.166 - - [31/Mar/2024:21:51:30 -0500] "GET /sipse/faces/javax.faces.resource/theme.css?ln=primefaces-sipse HTTP/1.1" 304 -
191.104.166.166 - - [31/Mar/2024:21:51:30 -0500] "GET /sipse/faces/javax.faces.resource/primefaces.css?ln=primefaces&v=4.0 HTTP/1.1" 304 -
191.104.166.166 - - [31/Mar/2024:21:51:30 -0500] "GET /sipse/faces/javax.faces.resource/layout/layout.css?ln=primefaces&v=4.0 HTTP/1.1" 304 -
191.104.166.166 - - [31/Mar/2024:21:51:30 -0500] "GET /sipse/faces/javax.faces.resource/jquery/jquery.js?ln=primefaces&v=4.0 HTTP/1.1" 304 -
191.104.166.166 - - [31/Mar/2024:21:51:30 -0500] "GET /sipse/faces/javax.faces.resource/jquery/jquery-plugins.js?ln=primefaces&v=4.0 HTTP/1.1" 304 -
191.104.166.166 - - [31/Mar/2024:21:51:30 -0500] "GET /sipse/faces/javax.faces.resource/primefaces.js?ln=primefaces&v=4.0 HTTP/1.1" 304 -
191.104.166.166 - - [31/Mar/2024:21:51:30 -0500] "GET /sipse/faces/javax.faces.resource/layout/layout.js?ln=primefaces&v=4.0 HTTP/1.1" 304 -
216.244.66.195 - - [31/Mar/2024:21:51:34 -0500] "GET /BLA/resoluciones/RESOLUCIONES%202019/2254.pdf HTTP/1.1" 200 323992
191.104.166.166 - - [31/Mar/2024:21:51:42 -0500] "POST /sipse/faces/presentacion/financiero/solicitudProceso/consultarSolicitudProceso.xhtml HTTP/1.1" 200 36763
191.104.166.166 - - [31/Mar/2024:21:51:44 -0500] "GET /sipse/faces/javax.faces.resource/theme.css?ln=primefaces-sipse HTTP/1.1" 304 -
191.104.166.166 - - [31/Mar/2024:21:51:44 -0500] "GET /sipse/faces/javax.faces.resource/primefaces.css?ln=primefaces&v=4.0 HTTP/1.1" 304 -
191.104.166.166 - - [31/Mar/2024:21:51:44 -0500] "GET /sipse/faces/javax.faces.resource/layout/layout.css?ln=primefaces&v=4.0 HTTP/1.1" 304 -
191.104.166.166 - - [31/Mar/2024:21:51:44 -0500] "GET /sipse/faces/javax.faces.resource/jquery/jquery.js?ln=primefaces&v=4.0 HTTP/1.1" 304 -
191.104.166.166 - - [31/Mar/2024:21:51:44 -0500] "GET /sipse/faces/javax.faces.resource/jquery/jquery-plugins.js?ln=primefaces&v=4.0 HTTP/1.1" 304 -
191.104.166.166 - - [31/Mar/2024:21:51:44 -0500] "GET /sipse/faces/javax.faces.resource/primefaces.js?ln=primefaces&v=4.0 HTTP/1.1" 304 -
191.104.166.166 - - [31/Mar/2024:21:51:44 -0500] "GET /sipse/faces/javax.faces.resource/layout/layout.js?ln=primefaces&v=4.0 HTTP/1.1" 304 -
191.104.166.166 - - [31/Mar/2024:21:51:45 -0500] "POST /sipse/faces/presentacion/financiero/solicitudProceso/listarSolicitudProceso.xhtml HTTP/1.1" 200 1400
191.104.166.166 - - [31/Mar/2024:21:51:51 -0500] "POST /sipse/faces/presentacion/financiero/solicitudProceso/listarSolicitudProceso.xhtml HTTP/1.1" 200 33457
191.104.166.166 - - [31/Mar/2024:21:51:52 -0500] "POST /sipse/faces/presentacion/financiero/solicitudProceso/listarSolicitudProceso.xhtml HTTP/1.1" 200 33451
191.104.166.166 - - [31/Mar/2024:21:51:53 -0500] "POST /sipse/faces/presentacion/financiero/solicitudProceso/listarSolicitudProceso.xhtml HTTP/1.1" 200 33451
191.104.166.166 - - [31/Mar/2024:21:51:54 -0500] "POST /sipse/faces/presentacion/financiero/solicitudProceso/listarSolicitudProceso.xhtml HTTP/1.1" 200 33124
191.104.166.166 - - [31/Mar/2024:21:51:55 -0500] "POST /sipse/faces/presentacion/financiero/solicitudProceso/listarSolicitudProceso.xhtml HTTP/1.1" 200 9629
191.104.166.166 - - [31/Mar/2024:21:51:56 -0500] "POST /sipse/faces/presentacion/financiero/solicitudProceso/listarSolicitudProceso.xhtml HTTP/1.1" 200 6770
191.104.166.166 - - [31/Mar/2024:21:52:00 -0500] "POST /sipse/faces/presentacion/financiero/solicitudProceso/listarSolicitudProceso.xhtml HTTP/1.1" 200 134654
191.104.166.166 - - [31/Mar/2024:21:52:00 -0500] "GET /sipse/faces/javax.faces.resource/theme.css?ln=primefaces-sipse HTTP/1.1" 304 -
191.104.166.166 - - [31/Mar/2024:21:52:00 -0500] "GET /sipse/faces/javax.faces.resource/primefaces.css?ln=primefaces&v=4.0 HTTP/1.1" 304 -
191.104.166.166 - - [31/Mar/2024:21:52:00 -0500] "GET /sipse/faces/javax.faces.resource/layout/layout.css?ln=primefaces&v=4.0 HTTP/1.1" 304 -
191.104.166.166 - - [31/Mar/2024:21:52:01 -0500] "GET /sipse/faces/javax.faces.resource/jquery/jquery.js?ln=primefaces&v=4.0 HTTP/1.1" 304 -
191.104.166.166 - - [31/Mar/2024:21:52:01 -0500] "GET /sipse/faces/javax.faces.resource/jquery/jquery-plugins.js?ln=primefaces&v=4.0 HTTP/1.1" 304 -
191.104.166.166 - - [31/Mar/2024:21:52:01 -0500] "GET /sipse/faces/javax.faces.resource/primefaces.js?ln=primefaces&v=4.0 HTTP/1.1" 304 -
191.104.166.166 - - [31/Mar/2024:21:52:01 -0500] "GET /sipse/faces/javax.faces.resource/layout/layout.js?ln=primefaces&v=4.0 HTTP/1.1" 304 -
216.244.66.195 - - [31/Mar/2024:21:52:07 -0500] "GET /BLA/resoluciones/RESOLUCIONES%202019/2322.pdf HTTP/1.1" 200 264591
216.244.66.195 - - [31/Mar/2024:21:52:36 -0500] "GET /BLA/resoluciones/RESOLUCIONES%202019/2405.pdf HTTP/1.1" 200 287989
20.27.20.28 - - [31/Mar/2024:21:52:44 -0500] "GET /Publicaciones/2023EE301456.pdf HTTP/1.1" 404 228
216.244.66.195 - - [31/Mar/2024:21:53:08 -0500] "GET /BLA/resoluciones/RESOLUCIONES%202019/2768.pdf HTTP/1.1" 200 350217
172.22.2.4 - - [31/Mar/2024:21:51:41 -0500] "HEAD /BLA/boletinlegal/ HTTP/1.1" 200 -
20.27.20.28 - - [31/Mar/2024:21:53:27 -0500] "GET /Publicaciones/2024EE49415.pdf HTTP/1.1" 404 227
216.245.221.92 - - [31/Mar/2024:21:53:42 -0500] "HEAD / HTTP/1.1" 200 -
216.244.66.195 - - [31/Mar/2024:21:53:51 -0500] "GET /BLA/resoluciones/RESOLUCIONES%202019/2838.pdf HTTP/1.1" 200 556426
52.167.144.181 - - [31/Mar/2024:21:53:52 -0500] "GET /BLA/resoluciones/RESOLUCIONES%202017/1600.pdf HTTP/1.1" 200 599335
172.22.2.4 - - [31/Mar/2024:21:52:32 -0500] "GET /BLA/boletinlegal/ HTTP/1.1" 200 60380
216.244.66.195 - - [31/Mar/2024:21:54:37 -0500] "GET /BLA/resoluciones/RESOLUCIONES%202019/3372.pdf HTTP/1.1" 200 707306
40.77.167.187 - - [31/Mar/2024:21:54:42 -0500] "GET /robots.txt HTTP/1.1" 404 1018
52.167.144.16 - - [31/Mar/2024:21:54:59 -0500] "GET /BLA/resoluciones/RESOLUCIONES%202018/2477.pdf HTTP/1.1" 200 382747
172.22.2.4 - - [31/Mar/2024:21:55:24 -0500] "GET /BLA/boletinlegal/geoserver/web/ HTTP/1.1" 404 1018
216.244.66.195 - - [31/Mar/2024:21:55:28 -0500] "GET /BLA/resoluciones/RESOLUCIONES%202019/3498.pdf HTTP/1.1" 200 346587
52.167.144.17 - - [31/Mar/2024:21:55:51 -0500] "GET /BLA/resoluciones/RESOLUCIONES%202017/2680.pdf HTTP/1.1" 200 406284
201.245.192.253 - - [31/Mar/2024:21:55:58 -0500] "POST /kwsrmcab/Wsrmcab  HTTP/1.1" 200 39660
20.26.80.129 - - [31/Mar/2024:21:56:06 -0500] "GET /Publicaciones/2023EE301459.pdf HTTP/1.1" 404 228
216.244.66.195 - - [31/Mar/2024:21:56:09 -0500] "GET /BLA/resoluciones/RESOLUCIONES%202019/3566.pdf HTTP/1.1" 200 470290
172.22.2.4 - - [31/Mar/2024:21:56:49 -0500] "GET /BLA/boletinlegal/.git/config HTTP/1.1" 404 1018
216.244.66.195 - - [31/Mar/2024:21:56:53 -0500] "GET /BLA/resoluciones/RESOLUCIONES%202019/3632.pdf HTTP/1.1" 200 794871
52.167.144.181 - - [31/Mar/2024:21:57:11 -0500] "GET /BLA/resoluciones/RESOLUCIONES%202018/3618.pdf HTTP/1.1" 200 385373
52.167.144.17 - - [31/Mar/2024:21:57:21 -0500] "GET /BLA/resoluciones/RESOLUCIONES%202019/2074.pdf HTTP/1.1" 200 423098
216.244.66.195 - - [31/Mar/2024:21:57:43 -0500] "GET /BLA/resoluciones/RESOLUCIONES%202019/3808.pdf HTTP/1.1" 200 954142
216.244.66.195 - - [31/Mar/2024:21:58:42 -0500] "GET /BLA/resoluciones/RESOLUCIONES%202001/RESOLUCION%20940%20DE%202001.pdf HTTP/1.1" 200 79907
216.245.221.92 - - [31/Mar/2024:21:58:42 -0500] "HEAD / HTTP/1.1" 200 -
172.22.2.4 - - [31/Mar/2024:21:58:56 -0500] "GET /BLA/boletinlegal/owa/auth/logon.aspx HTTP/1.1" 404 1018
52.167.144.168 - - [31/Mar/2024:21:59:02 -0500] "GET /BLA/resoluciones/RESOLUCIONES%202016/0858.pdf HTTP/1.1" 200 680942
172.22.2.4 - - [31/Mar/2024:21:57:31 -0500] "HEAD /BLA/boletinlegal/ HTTP/1.1" 200 -
216.244.66.195 - - [31/Mar/2024:21:59:16 -0500] "GET /BLA/resoluciones/AUTOS%202007/0002.pdf HTTP/1.1" 200 164979
34.133.164.253 - - [31/Mar/2024:21:59:51 -0500] "GET / HTTP/1.1" 200 319
216.244.66.195 - - [31/Mar/2024:21:59:55 -0500] "GET /BLA/resoluciones/AUTOS%202007/0075.pdf HTTP/1.1" 200 113553
172.22.2.4 - - [31/Mar/2024:21:58:23 -0500] "GET /BLA/boletinlegal/ HTTP/1.1" 200 58720
201.245.192.253 - - [31/Mar/2024:22:00:57 -0500] "POST /kwsrmcab/Wsrmcab  HTTP/1.1" 200 39660
