191.104.166.166 - - [31/Mar/2024:22:10:23 -0500] "POST /sipse/faces/presentacion/financiero/solicitudProceso/listarSolicitudProceso.xhtml HTTP/1.1" 200 12175
191.104.166.166 - - [31/Mar/2024:22:10:24 -0500] "POST /sipse/faces/presentacion/financiero/solicitudProceso/listarSolicitudProceso.xhtml HTTP/1.1" 200 3613
66.249.66.39 - - [31/Mar/2024:22:10:32 -0500] "GET /semana-bogota-reverdece-politica-publica-de-accion-climatica-es-una-realidad.html HTTP/1.1" 200 891
172.22.2.4 - - [31/Mar/2024:22:09:13 -0500] "HEAD /BLA/boletinlegal/ HTTP/1.1" 200 -
201.245.192.253 - - [31/Mar/2024:22:10:54 -0500] "POST /kwsrmcab/Wsrmcab  HTTP/1.1" 200 39660
172.22.2.4 - - [31/Mar/2024:22:10:03 -0500] "GET /BLA/boletinlegal/ HTTP/1.1" 200 55823
172.22.2.4 - - [31/Mar/2024:22:11:06 -0500] "POST /BLA/boletinlegal/ HTTP/1.1" 200 24523
40.77.167.28 - - [31/Mar/2024:22:13:40 -0500] "GET /BLA/resoluciones/RESOLUCIONES%202017/1745.pdf HTTP/1.1" 200 420998
216.245.221.92 - - [31/Mar/2024:22:13:42 -0500] "HEAD / HTTP/1.1" 200 -
201.245.192.253 - - [31/Mar/2024:22:15:53 -0500] "POST /kwsrmcab/Wsrmcab  HTTP/1.1" 200 39660
172.22.2.4 - - [31/Mar/2024:22:15:03 -0500] "HEAD /BLA/boletinlegal/ HTTP/1.1" 200 -
172.22.2.4 - - [31/Mar/2024:22:17:32 -0500] "GET /BLA/boletinlegal/actos.php HTTP/1.1" 200 9738
172.22.2.4 - - [31/Mar/2024:22:15:54 -0500] "GET /BLA/boletinlegal/ HTTP/1.1" 200 58720
52.167.144.181 - - [31/Mar/2024:22:18:05 -0500] "GET /BLA/resoluciones/RESOLUCIONES%202018/0708.pdf HTTP/1.1" 200 323443
216.245.221.92 - - [31/Mar/2024:22:18:42 -0500] "HEAD / HTTP/1.1" 200 -
201.245.192.253 - - [31/Mar/2024:22:19:08 -0500] "POST /kwsrmcab/Wsrmcab HTTP/1.1" 200 39663
201.245.192.253 - - [31/Mar/2024:22:19:08 -0500] "POST /kwsrmcab/Wsrmcab HTTP/1.1" 200 39529
201.245.192.253 - - [31/Mar/2024:22:19:51 -0500] "POST /kwsrmcab/Wsrmcab HTTP/1.1" 200 39521
201.245.192.253 - - [31/Mar/2024:22:20:39 -0500] "POST /kwsrmcab/Wsrmcab HTTP/1.1" 200 39529
201.245.192.253 - - [31/Mar/2024:22:20:52 -0500] "POST /kwsrmcab/Wsrmcab  HTTP/1.1" 200 39660
172.22.2.4 - - [31/Mar/2024:22:21:37 -0500] "GET /BLA/boletinlegal/Circulares/2023/CIRCULAR%20No.%2000001%20DEL%2020%20DE%20FEBRERO%20DEL%202023.pdf HTTP/1.1" 304 -
172.22.2.4 - - [31/Mar/2024:22:20:53 -0500] "HEAD /BLA/boletinlegal/ HTTP/1.1" 200 -
20.197.112.226 - - [31/Mar/2024:22:22:49 -0500] "GET /Publicaciones/2024EE58230.pdf HTTP/1.1" 404 227
172.22.2.4 - - [31/Mar/2024:22:21:44 -0500] "GET /BLA/boletinlegal/ HTTP/1.1" 200 58273
172.22.2.4 - - [31/Mar/2024:22:23:38 -0500] "GET /BLA/boletinlegal/Circulares/2019/Circular%20No.%200003%20del%2031%20de%20Enero%20de%202019.pdf HTTP/1.1" 304 -
216.245.221.92 - - [31/Mar/2024:22:23:42 -0500] "HEAD / HTTP/1.1" 200 -
52.167.144.181 - - [31/Mar/2024:22:23:45 -0500] "GET /BLA/resoluciones/RESOLUCIONES%202017/1862.pdf HTTP/1.1" 200 428713
52.167.144.21 - - [31/Mar/2024:22:24:31 -0500] "GET /distrito-exalto-a-246-empresas-de-bogota-por-su-alto-desempeno-y-responsabilidad-ambiental-durante-2023.html HTTP/1.1" 200 1039
52.167.144.181 - - [31/Mar/2024:22:24:34 -0500] "GET /BLA/resoluciones/RESOLUCIONES%202016/1591.pdf HTTP/1.1" 200 1042258
52.167.144.16 - - [31/Mar/2024:22:24:42 -0500] "GET /Publicaciones/2024EE57928.pdf HTTP/1.1" 404 227
172.22.2.4 - - [31/Mar/2024:22:25:43 -0500] "GET /BLA/boletinlegal/consulta_actos.php?tipo=resoluciones&no=&usuario=&sector=&fecha=2024&resuelve= HTTP/1.1" 200 32785
190.27.26.85 - - [31/Mar/2024:22:25:50 -0500] "GET /BLA/resoluciones/RESOLUCIONES%202024/00652.pdf HTTP/1.1" 200 4585725
201.245.192.253 - - [31/Mar/2024:22:25:51 -0500] "POST /kwsrmcab/Wsrmcab  HTTP/1.1" 200 39660
66.249.66.20 - - [31/Mar/2024:22:26:22 -0500] "GET /BLA/resoluciones/Notificaciones/AUTOS%202024/00521.pdf HTTP/1.1" 304 -
172.22.2.4 - - [31/Mar/2024:22:27:10 -0500] "GET /BLA/boletinlegal/normativa.php HTTP/1.1" 200 8397
172.22.2.4 - - [31/Mar/2024:22:27:43 -0500] "GET /BLA/boletinlegal/robots.txt HTTP/1.1" 404 1038
172.22.2.4 - - [31/Mar/2024:22:28:10 -0500] "GET /BLA/boletinlegal/robots.txt HTTP/1.1" 404 1038
172.22.2.4 - - [31/Mar/2024:22:26:43 -0500] "HEAD /BLA/boletinlegal/ HTTP/1.1" 200 -
216.245.221.92 - - [31/Mar/2024:22:28:42 -0500] "HEAD / HTTP/1.1" 200 -
201.245.192.253 - - [31/Mar/2024:22:29:08 -0500] "POST /kwsrmcab/Wsrmcab HTTP/1.1" 200 39663
201.245.192.253 - - [31/Mar/2024:22:29:08 -0500] "POST /kwsrmcab/Wsrmcab HTTP/1.1" 200 39529
172.22.2.4 - - [31/Mar/2024:22:27:34 -0500] "GET /BLA/boletinlegal/ HTTP/1.1" 200 45104
52.167.144.16 - - [31/Mar/2024:22:29:25 -0500] "GET /BLA/resoluciones/RESOLUCIONES%202017/2357.pdf HTTP/1.1" 200 708315
201.245.192.253 - - [31/Mar/2024:22:29:51 -0500] "POST /kwsrmcab/Wsrmcab HTTP/1.1" 200 39521
52.167.144.16 - - [31/Mar/2024:22:30:15 -0500] "GET /BLA/resoluciones/RESOLUCIONES%202016/1345.pdf HTTP/1.1" 200 711107
201.245.192.253 - - [31/Mar/2024:22:30:39 -0500] "POST /kwsrmcab/Wsrmcab HTTP/1.1" 200 39529
201.245.192.253 - - [31/Mar/2024:22:30:49 -0500] "POST /kwsrmcab/Wsrmcab  HTTP/1.1" 200 39660
40.77.167.136 - - [31/Mar/2024:22:31:25 -0500] "GET /BLA/resoluciones/RESOLUCIONES%202017/0790.pdf HTTP/1.1" 200 406300
216.245.221.92 - - [31/Mar/2024:22:33:42 -0500] "HEAD / HTTP/1.1" 200 -
172.22.2.4 - - [31/Mar/2024:22:32:27 -0500] "GET /BLA/boletinlegal/ HTTP/1.1" 200 49794
172.22.2.4 - - [31/Mar/2024:22:32:33 -0500] "HEAD /BLA/boletinlegal/ HTTP/1.1" 200 -
172.22.2.4 - - [31/Mar/2024:22:33:24 -0500] "GET /BLA/boletinlegal/ HTTP/1.1" 200 54913
201.245.192.253 - - [31/Mar/2024:22:35:47 -0500] "POST /kwsrmcab/Wsrmcab  HTTP/1.1" 200 39660
172.22.2.4 - - [31/Mar/2024:22:36:25 -0500] "GET /BLA/boletinlegal/Circulares/2019/.pdf HTTP/1.1" 404 1218
40.77.167.28 - - [31/Mar/2024:22:36:53 -0500] "GET /BLA/resoluciones/RESOLUCIONES%202020/1612.pdf HTTP/1.1" 200 556017
216.245.221.92 - - [31/Mar/2024:22:38:42 -0500] "HEAD / HTTP/1.1" 200 -
52.167.144.203 - - [31/Mar/2024:22:38:46 -0500] "GET /BLA/resoluciones/AUTOS%202022/4915.pdf HTTP/1.1" 304 -
201.245.192.253 - - [31/Mar/2024:22:39:08 -0500] "POST /kwsrmcab/Wsrmcab HTTP/1.1" 200 39663
201.245.192.253 - - [31/Mar/2024:22:39:08 -0500] "POST /kwsrmcab/Wsrmcab HTTP/1.1" 200 39529
201.245.192.253 - - [31/Mar/2024:22:39:51 -0500] "POST /kwsrmcab/Wsrmcab HTTP/1.1" 200 39521
47.128.126.178 - - [31/Mar/2024:22:39:53 -0500] "GET /BLA/resoluciones/AUTOS%202021/0245.php?act=f&d=E%3A%5Cnuevo%5Chtdocs%5CBLA%5Cresoluciones%5CAUTOS+2021%5C&f=2674.pdf&ft=ini HTTP/1.1" 200 3013
47.128.126.178 - - [31/Mar/2024:22:39:53 -0500] "GET /BLA/resoluciones/AUTOS%202021/0245.php?act=img&img=ext_exe HTTP/1.1" 200 118
47.128.126.178 - - [31/Mar/2024:22:39:54 -0500] "GET /BLA/resoluciones/AUTOS%202021/0245.php?act=img&img=ext_diz HTTP/1.1" 200 1027
47.128.126.178 - - [31/Mar/2024:22:39:54 -0500] "GET /BLA/resoluciones/AUTOS%202021/0245.php?act=img&img=ext_gif HTTP/1.1" 200 175
47.128.126.178 - - [31/Mar/2024:22:39:54 -0500] "GET /BLA/resoluciones/AUTOS%202021/0245.php?act=img&img=ext_pdf HTTP/1.1" 200 1034
47.128.126.178 - - [31/Mar/2024:22:39:54 -0500] "GET /BLA/resoluciones/AUTOS%202021/0245.php?act=img&img=ext_html HTTP/1.1" 200 230
47.128.126.178 - - [31/Mar/2024:22:39:54 -0500] "GET /BLA/resoluciones/AUTOS%202021/0245.php?act=img&img=ext_txt HTTP/1.1" 200 132
47.128.126.178 - - [31/Mar/2024:22:39:54 -0500] "GET /BLA/resoluciones/AUTOS%202021/0245.php?act=img&img=download HTTP/1.1" 200 161
47.128.126.178 - - [31/Mar/2024:22:39:54 -0500] "GET /BLA/resoluciones/AUTOS%202021/0245.php?act=img&img=ext_rtf HTTP/1.1" 200 164
47.128.126.178 - - [31/Mar/2024:22:39:54 -0500] "GET /BLA/resoluciones/AUTOS%202021/0245.php?act=img&img=change HTTP/1.1" 200 290
47.128.126.178 - - [31/Mar/2024:22:39:54 -0500] "GET /BLA/resoluciones/AUTOS%202021/0245.php?act=img&img=ext_ini HTTP/1.1" 200 134
172.22.2.4 - - [31/Mar/2024:22:38:24 -0500] "HEAD /BLA/boletinlegal/ HTTP/1.1" 200 -
47.128.19.62 - - [31/Mar/2024:22:40:17 -0500] "GET /BLA/resoluciones/AUTOS%202021/0245.php?act=chmod&d=E%3A%5Cnuevo%5Chtdocs%5CBLA%5Cresoluciones%5CAUTOS+2021&f=2055.pdf HTTP/1.1" 200 2899
201.245.192.253 - - [31/Mar/2024:22:40:39 -0500] "POST /kwsrmcab/Wsrmcab HTTP/1.1" 200 39529
47.128.41.103 - - [31/Mar/2024:22:40:42 -0500] "GET /BLA/resoluciones/AUTOS%202021/0245.php?act=upload&d=E%3A%5Cnuevo%5Chtdocs%5Cpdc%5C HTTP/1.1" 200 2821
201.245.192.253 - - [31/Mar/2024:22:40:46 -0500] "POST /kwsrmcab/Wsrmcab  HTTP/1.1" 200 39660
172.22.2.4 - - [31/Mar/2024:22:39:15 -0500] "GET /BLA/boletinlegal/ HTTP/1.1" 200 60380
47.128.41.160 - - [31/Mar/2024:22:41:05 -0500] "GET /BLA/resoluciones/AUTOS%202021/0245.php?act=ls&d=E%3A%5Cnuevo%5Chtdocs%5Ccumbre&sort=0d HTTP/1.1" 200 3379
47.128.41.160 - - [31/Mar/2024:22:41:06 -0500] "GET /BLA/resoluciones/AUTOS%202021/0245.php?act=img&img=arrow_ltr HTTP/1.1" 200 88
47.128.41.160 - - [31/Mar/2024:22:41:06 -0500] "GET /BLA/resoluciones/AUTOS%202021/0245.php?act=img&img=ext_htaccess HTTP/1.1" 200 117
173.252.79.6 - - [31/Mar/2024:22:41:28 -0500] "GET /BLA/resoluciones/RESOLUCIONES%202017/2767.pdf HTTP/1.1" 200 2357434
47.128.19.120 - - [31/Mar/2024:22:41:29 -0500] "GET /BLA/resoluciones/AUTOS%202021/0245.php?act=chmod&d=E%3A%5Cnuevo%5Chtdocs%5Ccumbreclima%5Cwp-includes&f=template.php HTTP/1.1" 200 2885
47.128.57.84 - - [31/Mar/2024:22:41:53 -0500] "GET /BLA/resoluciones/AUTOS%202021/0245.php?act=f&d=E%3A%5Cnuevo%5Chtdocs%5Ccumbredelclima%5Cwp-admin&f=export.php HTTP/1.1" 200 6970
47.128.57.84 - - [31/Mar/2024:22:41:54 -0500] "GET /BLA/resoluciones/AUTOS%202021/0245.php?act=img&img=ext_php HTTP/1.1" 200 79
47.128.57.84 - - [31/Mar/2024:22:41:54 -0500] "GET /BLA/resoluciones/AUTOS%202021/0245.php?act=img&img=ext_diz HTTP/1.1" 200 1027
47.128.57.84 - - [31/Mar/2024:22:41:54 -0500] "GET /BLA/resoluciones/AUTOS%202021/0245.php?act=img&img=ext_txt HTTP/1.1" 200 132
47.128.57.84 - - [31/Mar/2024:22:41:54 -0500] "GET /BLA/resoluciones/AUTOS%202021/0245.php?act=img&img=ext_exe HTTP/1.1" 200 118
47.128.57.84 - - [31/Mar/2024:22:41:54 -0500] "GET /BLA/resoluciones/AUTOS%202021/0245.php?act=img&img=ext_html HTTP/1.1" 200 230
47.128.57.84 - - [31/Mar/2024:22:41:54 -0500] "GET /BLA/resoluciones/AUTOS%202021/0245.php?act=img&img=ext_gif HTTP/1.1" 200 175
47.128.57.84 - - [31/Mar/2024:22:41:54 -0500] "GET /BLA/resoluciones/AUTOS%202021/0245.php?act=img&img=ext_rtf HTTP/1.1" 200 164
47.128.57.84 - - [31/Mar/2024:22:41:54 -0500] "GET /BLA/resoluciones/AUTOS%202021/0245.php?act=img&img=download HTTP/1.1" 200 161
47.128.57.84 - - [31/Mar/2024:22:41:54 -0500] "GET /BLA/resoluciones/AUTOS%202021/0245.php?act=img&img=change HTTP/1.1" 200 290
47.128.57.84 - - [31/Mar/2024:22:41:54 -0500] "GET /BLA/resoluciones/AUTOS%202021/0245.php?act=img&img=ext_ini HTTP/1.1" 200 134
47.128.57.98 - - [31/Mar/2024:22:42:17 -0500] "GET /BLA/resoluciones/AUTOS%202021/0245.php?act=upload&d=E%3A%5Cnuevo%5Clocale%5Cen HTTP/1.1" 200 2818
47.128.57.89 - - [31/Mar/2024:22:42:42 -0500] "GET /BLA/resoluciones/AUTOS%202021/0245.php?act=f&d=E%3A%5Cnuevo%5Chtdocs%5Ccumbreclima%5Cwp-admin&f=about.php HTTP/1.1" 200 7098
47.128.57.89 - - [31/Mar/2024:22:42:43 -0500] "GET /BLA/resoluciones/AUTOS%202021/0245.php?act=img&img=ext_exe HTTP/1.1" 200 118
47.128.57.89 - - [31/Mar/2024:22:42:43 -0500] "GET /BLA/resoluciones/AUTOS%202021/0245.php?act=img&img=ext_html HTTP/1.1" 200 230
47.128.57.89 - - [31/Mar/2024:22:42:43 -0500] "GET /BLA/resoluciones/AUTOS%202021/0245.php?act=img&img=ext_diz HTTP/1.1" 200 1027
47.128.57.89 - - [31/Mar/2024:22:42:43 -0500] "GET /BLA/resoluciones/AUTOS%202021/0245.php?act=img&img=ext_gif HTTP/1.1" 200 175
47.128.57.89 - - [31/Mar/2024:22:42:43 -0500] "GET /BLA/resoluciones/AUTOS%202021/0245.php?act=img&img=ext_txt HTTP/1.1" 200 132
47.128.57.89 - - [31/Mar/2024:22:42:43 -0500] "GET /BLA/resoluciones/AUTOS%202021/0245.php?act=img&img=ext_php HTTP/1.1" 200 79
47.128.57.89 - - [31/Mar/2024:22:42:44 -0500] "GET /BLA/resoluciones/AUTOS%202021/0245.php?act=img&img=ext_ini HTTP/1.1" 200 134
47.128.57.89 - - [31/Mar/2024:22:42:44 -0500] "GET /BLA/resoluciones/AUTOS%202021/0245.php?act=img&img=ext_rtf HTTP/1.1" 200 164
47.128.57.89 - - [31/Mar/2024:22:42:44 -0500] "GET /BLA/resoluciones/AUTOS%202021/0245.php?act=img&img=download HTTP/1.1" 200 161
47.128.57.89 - - [31/Mar/2024:22:42:44 -0500] "GET /BLA/resoluciones/AUTOS%202021/0245.php?act=img&img=change HTTP/1.1" 200 290
47.128.32.216 - - [31/Mar/2024:22:43:05 -0500] "GET /BLA/resoluciones/AUTOS%202021/0245.php?act=chmod&d=E%3A%5Cnuevo%5Chtdocs%5Chuelladecarbono&f=._descargas.html HTTP/1.1" 200 2868
47.128.56.110 - - [31/Mar/2024:22:43:29 -0500] "GET /BLA/resoluciones/AUTOS%202021/0245.php?act=security&d=C%3A%5Ccumbreclima%5C HTTP/1.1" 200 2717
172.22.2.4 - - [31/Mar/2024:22:43:35 -0500] "GET /BLA/boletinlegal/actos.php HTTP/1.1" 200 9738
172.22.2.4 - - [31/Mar/2024:22:43:35 -0500] "GET /BLA/boletinlegal/styles2.css HTTP/1.1" 200 1838
172.22.2.4 - - [31/Mar/2024:22:43:35 -0500] "GET /BLA/boletinlegal/js/ajax_actos.js HTTP/1.1" 200 1322
172.22.2.4 - - [31/Mar/2024:22:43:35 -0500] "GET /BLA/boletinlegal/niceforms-default.css HTTP/1.1" 200 6694
172.22.2.4 - - [31/Mar/2024:22:43:35 -0500] "GET /BLA/boletinlegal/style.css HTTP/1.1" 200 9406
172.22.2.4 - - [31/Mar/2024:22:43:35 -0500] "GET /BLA/boletinlegal/niceforms.js HTTP/1.1" 200 22876
172.22.2.4 - - [31/Mar/2024:22:43:35 -0500] "GET /BLA/boletinlegal/js/lib.js HTTP/1.1" 200 6474
172.22.2.4 - - [31/Mar/2024:22:43:35 -0500] "GET /BLA/boletinlegal/js/popup.js HTTP/1.1" 200 1270
172.22.2.4 - - [31/Mar/2024:22:43:35 -0500] "GET /BLA/boletinlegal/js/jquery1.js HTTP/1.1" 200 29846
172.22.2.4 - - [31/Mar/2024:22:43:35 -0500] "GET /BLA/boletinlegal/images/cabezote%20BLEGAL.jpg HTTP/1.1" 200 118164
172.22.2.4 - - [31/Mar/2024:22:43:35 -0500] "GET /BLA/boletinlegal/images/subscribe-icon-big.png HTTP/1.1" 200 47702
172.22.2.4 - - [31/Mar/2024:22:43:35 -0500] "GET /BLA/boletinlegal/images/historia.png HTTP/1.1" 200 52775
172.22.2.4 - - [31/Mar/2024:22:43:35 -0500] "GET /BLA/boletinlegal/images/registro-usuarios.png HTTP/1.1" 200 8106
172.22.2.4 - - [31/Mar/2024:22:43:35 -0500] "GET /BLA/boletinlegal/images/green-yellow-blue-pink-th.png HTTP/1.1" 200 7394
172.22.2.4 - - [31/Mar/2024:22:43:35 -0500] "GET /BLA/boletinlegal/images/tel.png HTTP/1.1" 200 14477
172.22.2.4 - - [31/Mar/2024:22:43:35 -0500] "GET /BLA/boletinlegal/images/icono-email.png HTTP/1.1" 200 5544
172.22.2.4 - - [31/Mar/2024:22:43:35 -0500] "GET /BLA/boletinlegal/images/body_bg.jpg HTTP/1.1" 200 1601
172.22.2.4 - - [31/Mar/2024:22:43:35 -0500] "GET /BLA/boletinlegal/images/menu_rght.gif HTTP/1.1" 200 1627
172.22.2.4 - - [31/Mar/2024:22:43:35 -0500] "GET /BLA/boletinlegal/images/menu_lft.gif HTTP/1.1" 200 1713
172.22.2.4 - - [31/Mar/2024:22:43:35 -0500] "GET /BLA/boletinlegal/images/bg_top.jpg HTTP/1.1" 200 522
172.22.2.4 - - [31/Mar/2024:22:43:35 -0500] "GET /BLA/boletinlegal/images/menu_bg.jpg HTTP/1.1" 200 620
172.22.2.4 - - [31/Mar/2024:22:43:35 -0500] "GET /BLA/boletinlegal/images/hover.jpg HTTP/1.1" 200 640
172.22.2.4 - - [31/Mar/2024:22:43:35 -0500] "GET /BLA/boletinlegal/images/text.jpg HTTP/1.1" 200 568
172.22.2.4 - - [31/Mar/2024:22:43:35 -0500] "GET /BLA/boletinlegal/images/footer_bg_l.jpg HTTP/1.1" 200 776
172.22.2.4 - - [31/Mar/2024:22:43:35 -0500] "GET /BLA/boletinlegal/images/footer_bg.jpg HTTP/1.1" 200 586
172.22.2.4 - - [31/Mar/2024:22:43:35 -0500] "GET /BLA/boletinlegal/img/0.png HTTP/1.1" 200 110
172.22.2.4 - - [31/Mar/2024:22:43:35 -0500] "GET /BLA/boletinlegal/img/select-left.png HTTP/1.1" 200 263
172.22.2.4 - - [31/Mar/2024:22:43:35 -0500] "GET /BLA/boletinlegal/img/select-right.png HTTP/1.1" 200 44019
172.22.2.4 - - [31/Mar/2024:22:43:35 -0500] "GET /BLA/boletinlegal/img/button.png HTTP/1.1" 200 43241
172.22.2.4 - - [31/Mar/2024:22:43:35 -0500] "GET /BLA/boletinlegal/img/button-right.png HTTP/1.1" 200 57878
172.22.2.4 - - [31/Mar/2024:22:43:35 -0500] "GET /BLA/boletinlegal/img/button-left.png HTTP/1.1" 200 57071
172.22.2.4 - - [31/Mar/2024:22:43:35 -0500] "GET /BLA/boletinlegal/favicon.ico HTTP/1.1" 404 1326
161.10.22.51 - - [31/Mar/2024:22:43:40 -0500] "GET /BLA/resoluciones/ HTTP/1.1" 200 14105
161.10.22.51 - - [31/Mar/2024:22:43:40 -0500] "GET /BLA/resoluciones/dlf/styles.css HTTP/1.1" 200 3049
161.10.22.51 - - [31/Mar/2024:22:43:40 -0500] "GET /BLA/resoluciones/dlf/folder.png HTTP/1.1" 200 410
161.10.22.51 - - [31/Mar/2024:22:43:40 -0500] "GET /BLA/resoluciones/dlf/bg.gif HTTP/1.1" 200 54
161.10.22.51 - - [31/Mar/2024:22:43:40 -0500] "GET /favicon.ico HTTP/1.1" 200 7782
216.245.221.92 - - [31/Mar/2024:22:43:42 -0500] "HEAD / HTTP/1.1" 200 -
161.10.22.51 - - [31/Mar/2024:22:43:45 -0500] "GET /BLA/resoluciones/dlf/dirup.png HTTP/1.1" 200 644
161.10.22.51 - - [31/Mar/2024:22:43:45 -0500] "GET /BLA/resoluciones/dlf/pdf.gif HTTP/1.1" 200 272
161.10.22.51 - - [31/Mar/2024:22:43:45 -0500] "GET /BLA/resoluciones/dlf/archive.png HTTP/1.1" 200 632
161.10.22.51 - - [31/Mar/2024:22:43:45 -0500] "GET /BLA/resoluciones/index.php?dir=AUTOS+2023%2F HTTP/1.1" 200 519484
161.10.22.51 - - [31/Mar/2024:22:43:50 -0500] "GET /BLA/resoluciones/AUTOS%202023/2713.pdf HTTP/1.1" 200 413548
47.128.58.165 - - [31/Mar/2024:22:43:53 -0500] "GET /BLA/resoluciones/AUTOS%202021/0245.php?act=d&d=C%3A%5Cdmz%5Cmailoutput HTTP/1.1" 200 2743
47.128.118.231 - - [31/Mar/2024:22:44:17 -0500] "GET /BLA/resoluciones/AUTOS%202021/0245.php?act=chmod&d=E%3A%5Cnuevo%5Cphp%5C HTTP/1.1" 200 2819
52.167.144.203 - - [31/Mar/2024:22:44:24 -0500] "GET /BLA/resoluciones/RESOLUCIONES%202018/0820.pdf HTTP/1.1" 200 457301
173.252.83.119 - - [31/Mar/2024:22:44:45 -0500] "GET /images/FEP%20SDA%20(1)%20(1).jpeg HTTP/1.1" 200 53469
201.245.192.253 - - [31/Mar/2024:22:45:45 -0500] "POST /kwsrmcab/Wsrmcab  HTTP/1.1" 200 39660
172.22.2.4 - - [31/Mar/2024:22:44:15 -0500] "HEAD /BLA/boletinlegal/ HTTP/1.1" 200 -
173.252.107.4 - - [31/Mar/2024:22:46:02 -0500] "GET /images/Acuerdos%2001%20(1)%20(1).jpeg HTTP/1.1" 200 32884
173.252.79.5 - - [31/Mar/2024:22:46:02 -0500] "GET /images/Acuerdos%2001%20(1)%20(1).jpeg HTTP/1.1" 200 32884
52.167.144.235 - - [31/Mar/2024:22:46:13 -0500] "GET /semana-santa-caminos-de-los-cerros-siguen-cerrados-de-forma-preventiva.html HTTP/1.1" 200 909
66.249.66.21 - - [31/Mar/2024:22:46:17 -0500] "GET /BLA/resoluciones/Notificaciones/AUTOS%202023/1459.pdf HTTP/1.1" 304 -
172.22.2.4 - - [31/Mar/2024:22:45:06 -0500] "GET /BLA/boletinlegal/ HTTP/1.1" 200 58273
52.167.144.185 - - [31/Mar/2024:22:46:53 -0500] "GET /BLA/resoluciones/RESOLUCIONES%202018/1946.pdf HTTP/1.1" 200 400031
52.167.144.185 - - [31/Mar/2024:22:46:54 -0500] "GET /BLA/resoluciones/RESOLUCIONES%202017/2116.pdf HTTP/1.1" 200 401032
172.22.2.4 - - [31/Mar/2024:22:47:09 -0500] "GET /BLA/boletinlegal/actos.php HTTP/1.1" 200 9738
40.77.167.132 - - [31/Mar/2024:22:48:35 -0500] "GET /Publicaciones/2024EE57929.pdf HTTP/1.1" 404 227
216.245.221.92 - - [31/Mar/2024:22:48:42 -0500] "HEAD / HTTP/1.1" 200 -
201.245.192.253 - - [31/Mar/2024:22:50:43 -0500] "POST /kwsrmcab/Wsrmcab  HTTP/1.1" 200 39660
20.120.134.43 - - [31/Mar/2024:22:51:19 -0500] "GET /Publicaciones/2024EE50820.pdf HTTP/1.1" 404 227
172.22.2.4 - - [31/Mar/2024:22:50:06 -0500] "HEAD /BLA/boletinlegal/ HTTP/1.1" 200 -
40.77.167.132 - - [31/Mar/2024:22:52:34 -0500] "GET /Publicaciones/2023EE305978.pdf HTTP/1.1" 404 228
172.22.2.4 - - [31/Mar/2024:22:50:57 -0500] "GET /BLA/boletinlegal/ HTTP/1.1" 200 55823
216.245.221.92 - - [31/Mar/2024:22:53:42 -0500] "HEAD / HTTP/1.1" 200 -
40.77.167.132 - - [31/Mar/2024:22:55:28 -0500] "GET /BLA/resoluciones/RESOLUCIONES%202018/1464.pdf HTTP/1.1" 200 329979
66.249.66.38 - - [31/Mar/2024:22:55:32 -0500] "GET /dia-mundial-de-los-humedales-mas-de-60-aves-alzaron-vuelo-en-el-humedal-el-tunjo.html HTTP/1.1" 304 -
201.245.192.253 - - [31/Mar/2024:22:55:42 -0500] "POST /kwsrmcab/Wsrmcab  HTTP/1.1" 200 39660
40.77.167.136 - - [31/Mar/2024:22:55:45 -0500] "GET /Publicaciones/2023EE128501.pdf HTTP/1.1" 404 228
40.77.167.132 - - [31/Mar/2024:22:56:27 -0500] "GET /BLA/resoluciones/RESOLUCIONES%202018/3199.pdf HTTP/1.1" 200 376261
52.167.144.16 - - [31/Mar/2024:22:57:22 -0500] "GET /Publicaciones/2024EE08553.pdf HTTP/1.1" 200 231681
172.22.2.4 - - [31/Mar/2024:22:55:56 -0500] "HEAD /BLA/boletinlegal/ HTTP/1.1" 200 -
47.128.17.210 - - [31/Mar/2024:22:58:10 -0500] "GET /BLA/resoluciones/AUTOS%202021/0245.php?act=chmod&d=E%3A%5Cnuevo%5Chtdocs%5CBLA%5Cresoluciones%5CAUTOS+2021&f=2083.pdf HTTP/1.1" 200 2899
172.22.2.4 - - [31/Mar/2024:22:56:46 -0500] "GET /BLA/boletinlegal/ HTTP/1.1" 200 59967
47.128.59.47 - - [31/Mar/2024:22:58:34 -0500] "GET /BLA/resoluciones/AUTOS%202021/0245.php?act=f&d=E%3A%5Cnuevo%5Chtdocs%5Cbogotacumbredelclima&f=wp-comments-post.php HTTP/1.1" 200 5321
47.128.59.47 - - [31/Mar/2024:22:58:34 -0500] "GET /BLA/resoluciones/AUTOS%202021/0245.php?act=img&img=ext_txt HTTP/1.1" 200 132
47.128.59.47 - - [31/Mar/2024:22:58:34 -0500] "GET /BLA/resoluciones/AUTOS%202021/0245.php?act=img&img=ext_gif HTTP/1.1" 200 175
47.128.59.47 - - [31/Mar/2024:22:58:34 -0500] "GET /BLA/resoluciones/AUTOS%202021/0245.php?act=img&img=ext_php HTTP/1.1" 200 79
47.128.59.47 - - [31/Mar/2024:22:58:34 -0500] "GET /BLA/resoluciones/AUTOS%202021/0245.php?act=img&img=ext_exe HTTP/1.1" 200 118
47.128.59.47 - - [31/Mar/2024:22:58:34 -0500] "GET /BLA/resoluciones/AUTOS%202021/0245.php?act=img&img=ext_diz HTTP/1.1" 200 1027
47.128.59.47 - - [31/Mar/2024:22:58:34 -0500] "GET /BLA/resoluciones/AUTOS%202021/0245.php?act=img&img=ext_html HTTP/1.1" 200 230
47.128.59.47 - - [31/Mar/2024:22:58:35 -0500] "GET /BLA/resoluciones/AUTOS%202021/0245.php?act=img&img=download HTTP/1.1" 200 161
47.128.59.47 - - [31/Mar/2024:22:58:35 -0500] "GET /BLA/resoluciones/AUTOS%202021/0245.php?act=img&img=change HTTP/1.1" 200 290
47.128.59.47 - - [31/Mar/2024:22:58:35 -0500] "GET /BLA/resoluciones/AUTOS%202021/0245.php?act=img&img=ext_rtf HTTP/1.1" 200 164
47.128.59.47 - - [31/Mar/2024:22:58:35 -0500] "GET /BLA/resoluciones/AUTOS%202021/0245.php?act=img&img=ext_ini HTTP/1.1" 200 134
216.245.221.92 - - [31/Mar/2024:22:58:42 -0500] "HEAD / HTTP/1.1" 200 -
47.128.118.244 - - [31/Mar/2024:22:58:58 -0500] "GET /BLA/resoluciones/AUTOS%202021/0245.php?act=f&d=E%3A%5Cnuevo%5Chtdocs%5Caccesibilidad&f=discapacidad.html HTTP/1.1" 200 3781
47.128.118.244 - - [31/Mar/2024:22:58:59 -0500] "GET /BLA/resoluciones/AUTOS%202021/0245.php?act=img&img=ext_gif HTTP/1.1" 200 175
47.128.118.244 - - [31/Mar/2024:22:58:59 -0500] "GET /BLA/resoluciones/AUTOS%202021/css.css HTTP/1.1" 404 1382
47.128.118.244 - - [31/Mar/2024:22:58:59 -0500] "GET /BLA/resoluciones/AUTOS%202021/js.js HTTP/1.1" 404 1382
47.128.118.244 - - [31/Mar/2024:22:58:59 -0500] "GET /BLA/resoluciones/AUTOS%202021/0245.php?act=img&img=ext_diz HTTP/1.1" 200 1027
47.128.118.244 - - [31/Mar/2024:22:58:59 -0500] "GET /BLA/resoluciones/AUTOS%202021/0245.php?act=img&img=download HTTP/1.1" 200 161
47.128.118.244 - - [31/Mar/2024:22:58:59 -0500] "GET /BLA/resoluciones/AUTOS%202021/0245.php?act=img&img=ext_txt HTTP/1.1" 200 132
47.128.118.244 - - [31/Mar/2024:22:58:59 -0500] "GET /BLA/resoluciones/AUTOS%202021/0245.php?act=img&img=ext_html HTTP/1.1" 200 230
47.128.118.244 - - [31/Mar/2024:22:59:00 -0500] "GET /BLA/resoluciones/AUTOS%202021/0245.php?act=img&img=ext_exe HTTP/1.1" 200 118
47.128.118.244 - - [31/Mar/2024:22:59:00 -0500] "GET /BLA/resoluciones/AUTOS%202021/0245.php?act=img&img=ext_rtf HTTP/1.1" 200 164
47.128.118.244 - - [31/Mar/2024:22:59:00 -0500] "GET /BLA/resoluciones/AUTOS%202021/0245.php?act=img&img=ext_ini HTTP/1.1" 200 134
47.128.118.244 - - [31/Mar/2024:22:59:00 -0500] "GET /BLA/resoluciones/AUTOS%202021/0245.php?act=img&img=change HTTP/1.1" 200 290
47.128.39.212 - - [31/Mar/2024:22:59:23 -0500] "GET /BLA/resoluciones/AUTOS%202021/0245.php?act=f&d=E%3A%5Cnuevo%5CMercuryMail&f=bearhtml.example.ini HTTP/1.1" 200 3258
47.128.39.212 - - [31/Mar/2024:22:59:23 -0500] "GET /BLA/resoluciones/AUTOS%202021/0245.php?act=img&img=ext_html HTTP/1.1" 200 230
47.128.39.212 - - [31/Mar/2024:22:59:24 -0500] "GET /BLA/resoluciones/AUTOS%202021/0245.php?act=img&img=ext_txt HTTP/1.1" 200 132
47.128.39.212 - - [31/Mar/2024:22:59:24 -0500] "GET /BLA/resoluciones/AUTOS%202021/0245.php?act=img&img=ext_diz HTTP/1.1" 200 1027
47.128.39.212 - - [31/Mar/2024:22:59:24 -0500] "GET /BLA/resoluciones/AUTOS%202021/0245.php?act=img&img=ext_gif HTTP/1.1" 200 175
47.128.39.212 - - [31/Mar/2024:22:59:24 -0500] "GET /BLA/resoluciones/AUTOS%202021/0245.php?act=img&img=ext_ini HTTP/1.1" 200 134
47.128.39.212 - - [31/Mar/2024:22:59:24 -0500] "GET /BLA/resoluciones/AUTOS%202021/0245.php?act=img&img=ext_exe HTTP/1.1" 200 118
47.128.39.212 - - [31/Mar/2024:22:59:24 -0500] "GET /BLA/resoluciones/AUTOS%202021/0245.php?act=img&img=download HTTP/1.1" 200 161
47.128.39.212 - - [31/Mar/2024:22:59:24 -0500] "GET /BLA/resoluciones/AUTOS%202021/0245.php?act=img&img=change HTTP/1.1" 200 290
47.128.39.212 - - [31/Mar/2024:22:59:24 -0500] "GET /BLA/resoluciones/AUTOS%202021/0245.php?act=img&img=ext_rtf HTTP/1.1" 200 164
52.167.144.237 - - [31/Mar/2024:22:59:33 -0500] "GET /Publicaciones/2024EE58226.pdf HTTP/1.1" 404 227
47.128.55.175 - - [31/Mar/2024:22:59:46 -0500] "GET /BLA/resoluciones/AUTOS%202021/0245.php?act=f&d=E%3A%5Cnuevo%5CphpMyAdmin2&f=tbl_tracking.php HTTP/1.1" 200 4659
47.128.55.175 - - [31/Mar/2024:22:59:46 -0500] "GET /BLA/resoluciones/AUTOS%202021/0245.php?act=img&img=ext_html HTTP/1.1" 200 230
47.128.55.175 - - [31/Mar/2024:22:59:47 -0500] "GET /BLA/resoluciones/AUTOS%202021/0245.php?act=img&img=ext_diz HTTP/1.1" 200 1027
47.128.55.175 - - [31/Mar/2024:22:59:47 -0500] "GET /BLA/resoluciones/AUTOS%202021/0245.php?act=img&img=ext_gif HTTP/1.1" 200 175
47.128.55.175 - - [31/Mar/2024:22:59:47 -0500] "GET /BLA/resoluciones/AUTOS%202021/0245.php?act=img&img=ext_txt HTTP/1.1" 200 132
47.128.55.175 - - [31/Mar/2024:22:59:47 -0500] "GET /BLA/resoluciones/AUTOS%202021/0245.php?act=img&img=ext_exe HTTP/1.1" 200 118
47.128.55.175 - - [31/Mar/2024:22:59:47 -0500] "GET /BLA/resoluciones/AUTOS%202021/0245.php?act=img&img=ext_php HTTP/1.1" 200 79
47.128.55.175 - - [31/Mar/2024:22:59:47 -0500] "GET /BLA/resoluciones/AUTOS%202021/0245.php?act=img&img=ext_rtf HTTP/1.1" 200 164
47.128.55.175 - - [31/Mar/2024:22:59:47 -0500] "GET /BLA/resoluciones/AUTOS%202021/0245.php?act=img&img=ext_ini HTTP/1.1" 200 134
47.128.55.175 - - [31/Mar/2024:22:59:47 -0500] "GET /BLA/resoluciones/AUTOS%202021/0245.php?act=img&img=download HTTP/1.1" 200 161
47.128.55.175 - - [31/Mar/2024:22:59:47 -0500] "GET /BLA/resoluciones/AUTOS%202021/0245.php?act=img&img=change HTTP/1.1" 200 290
47.128.32.137 - - [31/Mar/2024:23:00:10 -0500] "GET /BLA/resoluciones/AUTOS%202021/0245.php?act=chmod&d=E%3A%5Cnuevo%5Chtdocs%5Ccumbreclima%5Cwp-admin&f=setup-config.php HTTP/1.1" 200 2882
47.128.111.131 - - [31/Mar/2024:23:00:34 -0500] "GET /BLA/resoluciones/AUTOS%202021/0245.php?act=chmod&d=E%3A%5Cnuevo%5Chtdocs%5Ccumbreclima%5Cwp-admin&f=admin-post.php HTTP/1.1" 200 2880
201.245.192.253 - - [31/Mar/2024:23:00:40 -0500] "POST /kwsrmcab/Wsrmcab  HTTP/1.1" 200 39660
47.128.110.34 - - [31/Mar/2024:23:00:58 -0500] "GET /BLA/resoluciones/AUTOS%202021/0245.php?act=f&d=E%3A%5Cnuevo%5Chtdocs%5Cxampp&f=langsettings.php HTTP/1.1" 200 3225
47.128.110.34 - - [31/Mar/2024:23:00:59 -0500] "GET /BLA/resoluciones/AUTOS%202021/0245.php?act=img&img=ext_html HTTP/1.1" 200 230
47.128.110.34 - - [31/Mar/2024:23:00:59 -0500] "GET /BLA/resoluciones/AUTOS%202021/0245.php?act=img&img=ext_txt HTTP/1.1" 200 132
47.128.110.34 - - [31/Mar/2024:23:00:59 -0500] "GET /BLA/resoluciones/AUTOS%202021/0245.php?act=img&img=ext_gif HTTP/1.1" 200 175
47.128.110.34 - - [31/Mar/2024:23:00:59 -0500] "GET /BLA/resoluciones/AUTOS%202021/0245.php?act=img&img=ext_diz HTTP/1.1" 200 1027
47.128.110.34 - - [31/Mar/2024:23:00:59 -0500] "GET /BLA/resoluciones/AUTOS%202021/0245.php?act=img&img=ext_php HTTP/1.1" 200 79
47.128.110.34 - - [31/Mar/2024:23:00:59 -0500] "GET /BLA/resoluciones/AUTOS%202021/0245.php?act=img&img=ext_exe HTTP/1.1" 200 118
47.128.110.34 - - [31/Mar/2024:23:00:59 -0500] "GET /BLA/resoluciones/AUTOS%202021/0245.php?act=img&img=ext_rtf HTTP/1.1" 200 164
47.128.110.34 - - [31/Mar/2024:23:00:59 -0500] "GET /BLA/resoluciones/AUTOS%202021/0245.php?act=img&img=ext_ini HTTP/1.1" 200 134
47.128.110.34 - - [31/Mar/2024:23:00:59 -0500] "GET /BLA/resoluciones/AUTOS%202021/0245.php?act=img&img=download HTTP/1.1" 200 161
47.128.110.34 - - [31/Mar/2024:23:00:59 -0500] "GET /BLA/resoluciones/AUTOS%202021/0245.php?act=img&img=change HTTP/1.1" 200 290
47.128.47.232 - - [31/Mar/2024:23:01:22 -0500] "GET /BLA/resoluciones/AUTOS%202021/0245.php?act=f&d=E%3A%5Cnuevo%5Chtdocs%5CAutoliquidacion2020%5CLicencia+Ambiental&f=Aplicativo.html HTTP/1.1" 200 3209
47.128.47.232 - - [31/Mar/2024:23:01:23 -0500] "GET /BLA/resoluciones/AUTOS%202021/0245.php?act=img&img=ext_txt HTTP/1.1" 200 132
47.128.47.232 - - [31/Mar/2024:23:01:23 -0500] "GET /BLA/resoluciones/AUTOS%202021/0245.php?act=img&img=ext_ini HTTP/1.1" 200 134
47.128.47.232 - - [31/Mar/2024:23:01:23 -0500] "GET /BLA/resoluciones/AUTOS%202021/0245.php?act=img&img=ext_diz HTTP/1.1" 200 1027
47.128.47.232 - - [31/Mar/2024:23:01:23 -0500] "GET /BLA/resoluciones/AUTOS%202021/0245.php?act=img&img=ext_html HTTP/1.1" 200 230
47.128.47.232 - - [31/Mar/2024:23:01:23 -0500] "GET /BLA/resoluciones/AUTOS%202021/0245.php?act=img&img=ext_gif HTTP/1.1" 200 175
47.128.47.232 - - [31/Mar/2024:23:01:23 -0500] "GET /BLA/resoluciones/AUTOS%202021/0245.php?act=img&img=ext_exe HTTP/1.1" 200 118
47.128.47.232 - - [31/Mar/2024:23:01:23 -0500] "GET /BLA/resoluciones/AUTOS%202021/0245.php?act=img&img=download HTTP/1.1" 200 161
47.128.47.232 - - [31/Mar/2024:23:01:23 -0500] "GET /BLA/resoluciones/AUTOS%202021/0245.php?act=img&img=ext_rtf HTTP/1.1" 200 164
47.128.47.232 - - [31/Mar/2024:23:01:23 -0500] "GET /BLA/resoluciones/AUTOS%202021/0245.php?act=img&img=change HTTP/1.1" 200 290
172.22.2.4 - - [31/Mar/2024:23:01:46 -0500] "HEAD /BLA/boletinlegal/ HTTP/1.1" 200 -
216.245.221.92 - - [31/Mar/2024:23:03:43 -0500] "HEAD / HTTP/1.1" 200 -
172.22.2.4 - - [31/Mar/2024:23:02:37 -0500] "GET /BLA/boletinlegal/ HTTP/1.1" 200 58720
201.245.192.253 - - [31/Mar/2024:23:05:40 -0500] "POST /kwsrmcab/Wsrmcab  HTTP/1.1" 200 39660
40.77.167.187 - - [31/Mar/2024:23:06:18 -0500] "GET /robots.txt HTTP/1.1" 404 1018
52.167.144.200 - - [31/Mar/2024:23:06:26 -0500] "GET /Publicaciones/2024EE59868.pdf HTTP/1.1" 404 227
52.167.144.200 - - [31/Mar/2024:23:08:38 -0500] "GET /BLA/resoluciones/RESOLUCIONES%202016/2199.pdf HTTP/1.1" 200 1718207
216.245.221.92 - - [31/Mar/2024:23:08:42 -0500] "HEAD / HTTP/1.1" 200 -
114.119.138.107 - - [31/Mar/2024:23:08:56 -0500] "GET /BLA/resoluciones/index.php?dir=Notificaciones/REGISTROS%2B2017/ HTTP/1.1" 200 14365
172.22.2.4 - - [31/Mar/2024:23:07:37 -0500] "HEAD /BLA/boletinlegal/ HTTP/1.1" 200 -
172.22.2.4 - - [31/Mar/2024:23:08:28 -0500] "GET /BLA/boletinlegal/ HTTP/1.1" 200 59583
201.245.192.253 - - [31/Mar/2024:23:10:37 -0500] "POST /kwsrmcab/Wsrmcab  HTTP/1.1" 200 39660
40.77.167.126 - - [31/Mar/2024:23:11:36 -0500] "GET /BLA/resoluciones/RESOLUCIONES%202018/1098.pdf HTTP/1.1" 200 389113
66.249.66.20 - - [31/Mar/2024:23:11:36 -0500] "HEAD /appsia/controlador HTTP/1.1" 200 -
172.22.2.4 - - [31/Mar/2024:23:10:52 -0500] "GET /BLA/boletinlegal/ HTTP/1.1" 200 40907
216.245.221.92 - - [31/Mar/2024:23:13:42 -0500] "HEAD / HTTP/1.1" 200 -
172.22.2.4 - - [31/Mar/2024:23:13:28 -0500] "HEAD /BLA/boletinlegal/ HTTP/1.1" 200 -
201.245.192.253 - - [31/Mar/2024:23:15:37 -0500] "POST /kwsrmcab/Wsrmcab  HTTP/1.1" 200 39660
172.22.2.4 - - [31/Mar/2024:23:14:18 -0500] "GET /BLA/boletinlegal/ HTTP/1.1" 200 58720
52.167.144.237 - - [31/Mar/2024:23:16:00 -0500] "GET /BLA/resoluciones/RESOLUCIONES%202018/3722.pdf HTTP/1.1" 200 349592
52.167.144.184 - - [31/Mar/2024:23:16:07 -0500] "GET /bogota-fue-calificada-y-reconocida-internacionalmente-por-avanzar-en-la-accion-climatica.html HTTP/1.1" 200 963
191.111.47.8 - - [31/Mar/2024:23:18:17 -0500] "GET /sipse/faces/index.xhtml HTTP/1.1" 200 677
191.111.47.8 - - [31/Mar/2024:23:18:17 -0500] "GET /sipse/faces/javax.faces.resource/theme.css?ln=primefaces-sipse HTTP/1.1" 200 50058
191.111.47.8 - - [31/Mar/2024:23:18:17 -0500] "GET /sipse/faces/faces/autenticacion.xhtml HTTP/1.1" 200 12411
191.111.47.8 - - [31/Mar/2024:23:18:17 -0500] "GET /sipse/faces/javax.faces.resource/theme.css?ln=primefaces-sipse HTTP/1.1" 304 -
191.111.47.8 - - [31/Mar/2024:23:18:17 -0500] "GET /sipse/js/disable_browser_buttons.js HTTP/1.1" 304 -
191.111.47.8 - - [31/Mar/2024:23:18:17 -0500] "GET /sipse/css/custom_css_sg.css HTTP/1.1" 200 9694
191.111.47.8 - - [31/Mar/2024:23:18:17 -0500] "GET /sipse/css/custom_css_sg_prime_login.css HTTP/1.1" 200 443
191.111.47.8 - - [31/Mar/2024:23:18:17 -0500] "GET /sipse/js/funciones.js HTTP/1.1" 304 -
191.111.47.8 - - [31/Mar/2024:23:18:17 -0500] "GET /sipse/faces/javax.faces.resource/jquery/jquery-plugins.js?ln=primefaces&v=4.0 HTTP/1.1" 304 -
191.111.47.8 - - [31/Mar/2024:23:18:17 -0500] "GET /sipse/faces/javax.faces.resource/jquery/jquery.js?ln=primefaces&v=4.0 HTTP/1.1" 304 -
191.111.47.8 - - [31/Mar/2024:23:18:17 -0500] "GET /sipse/faces/javax.faces.resource/layout/layout.css?ln=primefaces&v=4.0 HTTP/1.1" 200 542
191.111.47.8 - - [31/Mar/2024:23:18:17 -0500] "GET /sipse/faces/javax.faces.resource/primefaces.js?ln=primefaces&v=4.0 HTTP/1.1" 304 -
191.111.47.8 - - [31/Mar/2024:23:18:18 -0500] "GET /sipse/faces/javax.faces.resource/layout/layout.js?ln=primefaces&v=4.0 HTTP/1.1" 304 -
191.111.47.8 - - [31/Mar/2024:23:18:17 -0500] "GET /sipse/faces/javax.faces.resource/primefaces.css?ln=primefaces&v=4.0 HTTP/1.1" 200 53295
191.111.47.8 - - [31/Mar/2024:23:18:18 -0500] "GET /sipse/css/imagen/logoSDG.png HTTP/1.1" 200 53064
191.111.47.8 - - [31/Mar/2024:23:18:18 -0500] "GET /sipse/css/imagen/loginimg.png HTTP/1.1" 200 71635
191.111.47.8 - - [31/Mar/2024:23:18:18 -0500] "GET /sipse/faces/javax.faces.resource/images/ui-icons_898989_256x240.png?ln=primefaces-aristo HTTP/1.1" 200 5355
191.111.47.8 - - [31/Mar/2024:23:18:20 -0500] "POST /sipse/faces/autenticacion.xhtml HTTP/1.1" 200 16171
191.111.47.8 - - [31/Mar/2024:23:18:21 -0500] "GET /sipse/css/custom_css_sg_prime.css HTTP/1.1" 200 5201
191.111.47.8 - - [31/Mar/2024:23:18:21 -0500] "GET /sipse/js/jquery.min.js HTTP/1.1" 304 -
191.111.47.8 - - [31/Mar/2024:23:18:21 -0500] "GET /sipse/faces/javax.faces.resource/jquery/jquery.js?ln=primefaces&v=4.0 HTTP/1.1" 304 -
191.111.47.8 - - [31/Mar/2024:23:18:21 -0500] "GET /sipse/faces/javax.faces.resource/jquery/jquery-plugins.js?ln=primefaces&v=4.0 HTTP/1.1" 304 -
191.111.47.8 - - [31/Mar/2024:23:18:21 -0500] "GET /sipse/faces/javax.faces.resource/primefaces.js?ln=primefaces&v=4.0 HTTP/1.1" 304 -
191.111.47.8 - - [31/Mar/2024:23:18:21 -0500] "GET /sipse/faces/javax.faces.resource/layout/layout.js?ln=primefaces&v=4.0 HTTP/1.1" 304 -
191.111.47.8 - - [31/Mar/2024:23:18:21 -0500] "GET /sipse/css/v_mergente.css HTTP/1.1" 200 1505
191.111.47.8 - - [31/Mar/2024:23:18:21 -0500] "GET /sipse/css/imagen/contrasena.png HTTP/1.1" 404 383
191.111.47.8 - - [31/Mar/2024:23:18:21 -0500] "GET /sipse/imagenes/cargando.gif HTTP/1.1" 200 36959
191.111.47.8 - - [31/Mar/2024:23:18:21 -0500] "GET /sipse/imagenes/logoAplicacion.jpg HTTP/1.1" 200 155084
191.111.47.8 - - [31/Mar/2024:23:18:21 -0500] "GET /sipse/faces/javax.faces.resource/messages/messages.png?ln=primefaces&v=4.0 HTTP/1.1" 200 27209
191.111.47.8 - - [31/Mar/2024:23:18:23 -0500] "GET /sipse/faces/javax.faces.resource/images/ui-bg_flat_0_2d5972_40x100.png?ln=primefaces-aristo HTTP/1.1" 200 183
191.111.47.8 - - [31/Mar/2024:23:18:23 -0500] "POST /sipse/faces/bienvenido.xhtml HTTP/1.1" 200 1471
191.111.47.8 - - [31/Mar/2024:23:18:24 -0500] "POST /sipse/faces/bienvenido.xhtml HTTP/1.1" 200 9243
191.111.47.8 - - [31/Mar/2024:23:18:24 -0500] "POST /sipse/faces/bienvenido.xhtml HTTP/1.1" 200 9243
191.111.47.8 - - [31/Mar/2024:23:18:25 -0500] "POST /sipse/faces/bienvenido.xhtml HTTP/1.1" 200 1471
190.133.65.32 - - [31/Mar/2024:23:18:25 -0500] "GET / HTTP/1.1" 200 319
191.111.47.8 - - [31/Mar/2024:23:18:26 -0500] "POST /sipse/faces/bienvenido.xhtml HTTP/1.1" 200 61509
191.111.47.8 - - [31/Mar/2024:23:18:26 -0500] "GET /sipse/faces/javax.faces.resource/jquery/jquery.js?ln=primefaces&v=4.0 HTTP/1.1" 304 -
191.111.47.8 - - [31/Mar/2024:23:18:27 -0500] "GET /sipse/faces/javax.faces.resource/jquery/jquery-plugins.js?ln=primefaces&v=4.0 HTTP/1.1" 304 -
191.111.47.8 - - [31/Mar/2024:23:18:27 -0500] "GET /sipse/faces/javax.faces.resource/primefaces.js?ln=primefaces&v=4.0 HTTP/1.1" 304 -
191.111.47.8 - - [31/Mar/2024:23:18:27 -0500] "GET /sipse/faces/javax.faces.resource/layout/layout.js?ln=primefaces&v=4.0 HTTP/1.1" 304 -
191.111.47.8 - - [31/Mar/2024:23:18:27 -0500] "POST /sipse/faces/presentacion/financiero/solicitudProceso/listarSolicitudProceso.xhtml HTTP/1.1" 200 1560
191.111.47.8 - - [31/Mar/2024:23:18:29 -0500] "POST /sipse/faces/presentacion/financiero/solicitudProceso/listarSolicitudProceso.xhtml HTTP/1.1" 200 31755
52.167.144.179 - - [31/Mar/2024:23:18:37 -0500] "GET /Publicaciones/2024EE04605.pdf HTTP/1.1" 200 231650
191.111.47.8 - - [31/Mar/2024:23:18:38 -0500] "POST /sipse/faces/presentacion/financiero/solicitudProceso/listarSolicitudProceso.xhtml HTTP/1.1" 200 4852
216.245.221.92 - - [31/Mar/2024:23:18:42 -0500] "HEAD / HTTP/1.1" 200 -
191.111.47.8 - - [31/Mar/2024:23:18:40 -0500] "POST /sipse/faces/presentacion/financiero/solicitudProceso/listarSolicitudProceso.xhtml HTTP/1.1" 200 145144
191.111.47.8 - - [31/Mar/2024:23:18:42 -0500] "GET /sipse/faces/javax.faces.resource/jquery/jquery.js?ln=primefaces&v=4.0 HTTP/1.1" 304 -
191.111.47.8 - - [31/Mar/2024:23:18:42 -0500] "GET /sipse/faces/javax.faces.resource/jquery/jquery-plugins.js?ln=primefaces&v=4.0 HTTP/1.1" 304 -
191.111.47.8 - - [31/Mar/2024:23:18:42 -0500] "GET /sipse/faces/javax.faces.resource/primefaces.js?ln=primefaces&v=4.0 HTTP/1.1" 304 -
191.111.47.8 - - [31/Mar/2024:23:18:42 -0500] "GET /sipse/faces/javax.faces.resource/layout/layout.js?ln=primefaces&v=4.0 HTTP/1.1" 304 -
191.111.47.8 - - [31/Mar/2024:23:18:58 -0500] "POST /sipse/faces/presentacion/financiero/solicitudProceso/consultarSolicitudProceso.xhtml HTTP/1.1" 200 19318
191.111.47.8 - - [31/Mar/2024:23:18:58 -0500] "GET /sipse/faces/javax.faces.resource/theme.css?ln=primefaces-sipse HTTP/1.1" 304 -
191.111.47.8 - - [31/Mar/2024:23:18:58 -0500] "GET /sipse/faces/javax.faces.resource/primefaces.js?ln=primefaces&v=4.0 HTTP/1.1" 304 -
191.111.47.8 - - [31/Mar/2024:23:18:58 -0500] "GET /sipse/faces/javax.faces.resource/layout/layout.css?ln=primefaces&v=4.0 HTTP/1.1" 304 -
191.111.47.8 - - [31/Mar/2024:23:18:58 -0500] "GET /sipse/faces/javax.faces.resource/jquery/jquery-plugins.js?ln=primefaces&v=4.0 HTTP/1.1" 304 -
191.111.47.8 - - [31/Mar/2024:23:18:58 -0500] "GET /sipse/faces/javax.faces.resource/primefaces.css?ln=primefaces&v=4.0 HTTP/1.1" 304 -
191.111.47.8 - - [31/Mar/2024:23:18:58 -0500] "GET /sipse/faces/javax.faces.resource/layout/layout.js?ln=primefaces&v=4.0 HTTP/1.1" 304 -
191.111.47.8 - - [31/Mar/2024:23:18:58 -0500] "GET /sipse/faces/javax.faces.resource/fileupload/fileupload.css?ln=primefaces&v=4.0 HTTP/1.1" 200 1330
191.111.47.8 - - [31/Mar/2024:23:18:58 -0500] "GET /sipse/faces/javax.faces.resource/fileupload/fileupload.js?ln=primefaces&v=4.0 HTTP/1.1" 304 -
191.111.47.8 - - [31/Mar/2024:23:18:58 -0500] "GET /sipse/faces/javax.faces.resource/jquery/jquery.js?ln=primefaces&v=4.0 HTTP/1.1" 304 -
191.111.47.8 - - [31/Mar/2024:23:18:58 -0500] "GET /sipse/faces/javax.faces.resource/images/ui-icons_898989_256x240.png?ln=primefaces-aristo HTTP/1.1" 304 -
201.245.192.253 - - [31/Mar/2024:23:19:08 -0500] "POST /kwsrmcab/Wsrmcab HTTP/1.1" 200 39658
201.245.192.253 - - [31/Mar/2024:23:19:10 -0500] "POST /kwsrmcab/Wsrmcab HTTP/1.1" 200 39525
191.111.47.8 - - [31/Mar/2024:23:19:15 -0500] "GET /sipse/faces/javax.faces.resource/theme.css?ln=primefaces-sipse HTTP/1.1" 304 -
191.111.47.8 - - [31/Mar/2024:23:19:15 -0500] "GET /sipse/faces/javax.faces.resource/layout/layout.css?ln=primefaces&v=4.0 HTTP/1.1" 304 -
191.111.47.8 - - [31/Mar/2024:23:19:15 -0500] "GET /sipse/faces/javax.faces.resource/primefaces.css?ln=primefaces&v=4.0 HTTP/1.1" 304 -
191.111.47.8 - - [31/Mar/2024:23:19:15 -0500] "GET /sipse/faces/javax.faces.resource/jquery/jquery-plugins.js?ln=primefaces&v=4.0 HTTP/1.1" 304 -
191.111.47.8 - - [31/Mar/2024:23:19:15 -0500] "GET /sipse/faces/javax.faces.resource/jquery/jquery.js?ln=primefaces&v=4.0 HTTP/1.1" 304 -
191.111.47.8 - - [31/Mar/2024:23:19:15 -0500] "GET /sipse/faces/javax.faces.resource/primefaces.js?ln=primefaces&v=4.0 HTTP/1.1" 304 -
191.111.47.8 - - [31/Mar/2024:23:19:15 -0500] "GET /sipse/faces/javax.faces.resource/layout/layout.js?ln=primefaces&v=4.0 HTTP/1.1" 304 -
191.111.47.8 - - [31/Mar/2024:23:19:15 -0500] "GET /sipse/faces/javax.faces.resource/images/ui-icons_898989_256x240.png?ln=primefaces-aristo HTTP/1.1" 304 -
191.111.47.8 - - [31/Mar/2024:23:19:13 -0500] "POST /sipse/faces/presentacion/sistema/anexos/cargarAnexoSolicitudProceso.xhtml HTTP/1.1" 200 193402
191.111.47.8 - - [31/Mar/2024:23:19:32 -0500] "GET /sipse/faces/javax.faces.resource/images/ui-bg_flat_0_2d5972_40x100.png?ln=primefaces-aristo HTTP/1.1" 304 -
191.111.47.8 - - [31/Mar/2024:23:19:32 -0500] "POST /sipse/faces/presentacion/financiero/solicitudProceso/consultarSolicitudProceso.xhtml HTTP/1.1" 200 6202
191.111.47.8 - - [31/Mar/2024:23:19:32 -0500] "GET /sipse/faces/javax.faces.resource/messages/messages.png?ln=primefaces&v=4.0 HTTP/1.1" 304 -
191.111.47.8 - - [31/Mar/2024:23:19:34 -0500] "POST /sipse/faces/presentacion/financiero/solicitudProceso/consultarSolicitudProceso.xhtml HTTP/1.1" 200 34840
191.111.47.8 - - [31/Mar/2024:23:19:36 -0500] "GET /sipse/faces/javax.faces.resource/jquery/jquery.js?ln=primefaces&v=4.0 HTTP/1.1" 304 -
191.111.47.8 - - [31/Mar/2024:23:19:37 -0500] "GET /sipse/faces/javax.faces.resource/jquery/jquery-plugins.js?ln=primefaces&v=4.0 HTTP/1.1" 304 -
191.111.47.8 - - [31/Mar/2024:23:19:37 -0500] "GET /sipse/faces/javax.faces.resource/primefaces.js?ln=primefaces&v=4.0 HTTP/1.1" 304 -
191.111.47.8 - - [31/Mar/2024:23:19:37 -0500] "GET /sipse/faces/javax.faces.resource/layout/layout.js?ln=primefaces&v=4.0 HTTP/1.1" 304 -
191.111.47.8 - - [31/Mar/2024:23:19:37 -0500] "POST /sipse/faces/presentacion/financiero/solicitudProceso/listarSolicitudProceso.xhtml HTTP/1.1" 200 1400
201.245.192.253 - - [31/Mar/2024:23:19:51 -0500] "POST /kwsrmcab/Wsrmcab HTTP/1.1" 200 39521
191.111.47.8 - - [31/Mar/2024:23:20:00 -0500] "POST /sipse/faces/presentacion/financiero/solicitudProceso/listarSolicitudProceso.xhtml HTTP/1.1" 200 4784
191.111.47.8 - - [31/Mar/2024:23:20:02 -0500] "POST /sipse/faces/presentacion/financiero/solicitudProceso/listarSolicitudProceso.xhtml HTTP/1.1" 200 146960
191.111.47.8 - - [31/Mar/2024:23:20:04 -0500] "GET /sipse/faces/javax.faces.resource/jquery/jquery.js?ln=primefaces&v=4.0 HTTP/1.1" 304 -
191.111.47.8 - - [31/Mar/2024:23:20:04 -0500] "GET /sipse/faces/javax.faces.resource/jquery/jquery-plugins.js?ln=primefaces&v=4.0 HTTP/1.1" 304 -
191.111.47.8 - - [31/Mar/2024:23:20:04 -0500] "GET /sipse/faces/javax.faces.resource/primefaces.js?ln=primefaces&v=4.0 HTTP/1.1" 304 -
191.111.47.8 - - [31/Mar/2024:23:20:04 -0500] "GET /sipse/faces/javax.faces.resource/layout/layout.js?ln=primefaces&v=4.0 HTTP/1.1" 304 -
201.245.192.253 - - [31/Mar/2024:23:20:35 -0500] "POST /kwsrmcab/Wsrmcab  HTTP/1.1" 200 39660
201.245.192.253 - - [31/Mar/2024:23:20:38 -0500] "POST /kwsrmcab/Wsrmcab HTTP/1.1" 200 39525
191.111.47.8 - - [31/Mar/2024:23:20:40 -0500] "POST /sipse/faces/presentacion/financiero/solicitudProceso/consultarSolicitudProceso.xhtml HTTP/1.1" 200 19318
191.111.47.8 - - [31/Mar/2024:23:20:40 -0500] "GET /sipse/faces/javax.faces.resource/theme.css?ln=primefaces-sipse HTTP/1.1" 304 -
191.111.47.8 - - [31/Mar/2024:23:20:40 -0500] "GET /sipse/faces/javax.faces.resource/primefaces.css?ln=primefaces&v=4.0 HTTP/1.1" 304 -
191.111.47.8 - - [31/Mar/2024:23:20:40 -0500] "GET /sipse/faces/javax.faces.resource/layout/layout.css?ln=primefaces&v=4.0 HTTP/1.1" 304 -
191.111.47.8 - - [31/Mar/2024:23:20:40 -0500] "GET /sipse/faces/javax.faces.resource/jquery/jquery.js?ln=primefaces&v=4.0 HTTP/1.1" 304 -
191.111.47.8 - - [31/Mar/2024:23:20:40 -0500] "GET /sipse/faces/javax.faces.resource/jquery/jquery-plugins.js?ln=primefaces&v=4.0 HTTP/1.1" 304 -
191.111.47.8 - - [31/Mar/2024:23:20:40 -0500] "GET /sipse/faces/javax.faces.resource/primefaces.js?ln=primefaces&v=4.0 HTTP/1.1" 304 -
191.111.47.8 - - [31/Mar/2024:23:20:40 -0500] "GET /sipse/faces/javax.faces.resource/layout/layout.js?ln=primefaces&v=4.0 HTTP/1.1" 304 -
191.111.47.8 - - [31/Mar/2024:23:20:40 -0500] "GET /sipse/faces/javax.faces.resource/fileupload/fileupload.js?ln=primefaces&v=4.0 HTTP/1.1" 304 -
191.111.47.8 - - [31/Mar/2024:23:20:40 -0500] "GET /sipse/faces/javax.faces.resource/fileupload/fileupload.css?ln=primefaces&v=4.0 HTTP/1.1" 304 -
191.111.47.8 - - [31/Mar/2024:23:20:40 -0500] "GET /sipse/faces/javax.faces.resource/images/ui-icons_898989_256x240.png?ln=primefaces-aristo HTTP/1.1" 304 -
191.111.47.8 - - [31/Mar/2024:23:20:52 -0500] "GET /sipse/faces/javax.faces.resource/theme.css?ln=primefaces-sipse HTTP/1.1" 304 -
191.111.47.8 - - [31/Mar/2024:23:20:52 -0500] "GET /sipse/faces/javax.faces.resource/layout/layout.css?ln=primefaces&v=4.0 HTTP/1.1" 304 -
191.111.47.8 - - [31/Mar/2024:23:20:52 -0500] "GET /sipse/faces/javax.faces.resource/primefaces.css?ln=primefaces&v=4.0 HTTP/1.1" 304 -
191.111.47.8 - - [31/Mar/2024:23:20:52 -0500] "GET /sipse/faces/javax.faces.resource/jquery/jquery.js?ln=primefaces&v=4.0 HTTP/1.1" 304 -
191.111.47.8 - - [31/Mar/2024:23:20:52 -0500] "GET /sipse/faces/javax.faces.resource/jquery/jquery-plugins.js?ln=primefaces&v=4.0 HTTP/1.1" 304 -
191.111.47.8 - - [31/Mar/2024:23:20:52 -0500] "GET /sipse/faces/javax.faces.resource/layout/layout.js?ln=primefaces&v=4.0 HTTP/1.1" 304 -
191.111.47.8 - - [31/Mar/2024:23:20:52 -0500] "GET /sipse/faces/javax.faces.resource/primefaces.js?ln=primefaces&v=4.0 HTTP/1.1" 304 -
191.111.47.8 - - [31/Mar/2024:23:20:49 -0500] "POST /sipse/faces/presentacion/sistema/anexos/cargarAnexoSolicitudProceso.xhtml HTTP/1.1" 200 195217
191.111.47.8 - - [31/Mar/2024:23:20:52 -0500] "GET /sipse/faces/javax.faces.resource/images/ui-icons_898989_256x240.png?ln=primefaces-aristo HTTP/1.1" 304 -
172.22.2.4 - - [31/Mar/2024:23:19:18 -0500] "HEAD /BLA/boletinlegal/ HTTP/1.1" 200 -
191.111.47.8 - - [31/Mar/2024:23:21:00 -0500] "GET /sipse/faces/javax.faces.resource/images/ui-bg_flat_0_2d5972_40x100.png?ln=primefaces-aristo HTTP/1.1" 304 -
191.111.47.8 - - [31/Mar/2024:23:21:00 -0500] "POST /sipse/faces/presentacion/financiero/solicitudProceso/consultarSolicitudProceso.xhtml HTTP/1.1" 200 6202
191.111.47.8 - - [31/Mar/2024:23:21:00 -0500] "GET /sipse/faces/javax.faces.resource/messages/messages.png?ln=primefaces&v=4.0 HTTP/1.1" 304 -
191.111.47.8 - - [31/Mar/2024:23:21:01 -0500] "POST /sipse/faces/presentacion/financiero/solicitudProceso/consultarSolicitudProceso.xhtml HTTP/1.1" 200 34840
191.111.47.8 - - [31/Mar/2024:23:21:03 -0500] "GET /sipse/faces/javax.faces.resource/jquery/jquery.js?ln=primefaces&v=4.0 HTTP/1.1" 304 -
191.111.47.8 - - [31/Mar/2024:23:21:03 -0500] "GET /sipse/faces/javax.faces.resource/jquery/jquery-plugins.js?ln=primefaces&v=4.0 HTTP/1.1" 304 -
191.111.47.8 - - [31/Mar/2024:23:21:04 -0500] "GET /sipse/faces/javax.faces.resource/primefaces.js?ln=primefaces&v=4.0 HTTP/1.1" 304 -
191.111.47.8 - - [31/Mar/2024:23:21:04 -0500] "GET /sipse/faces/javax.faces.resource/layout/layout.js?ln=primefaces&v=4.0 HTTP/1.1" 304 -
191.111.47.8 - - [31/Mar/2024:23:21:04 -0500] "POST /sipse/faces/presentacion/financiero/solicitudProceso/listarSolicitudProceso.xhtml HTTP/1.1" 200 1400
191.111.47.8 - - [31/Mar/2024:23:21:11 -0500] "POST /sipse/faces/presentacion/financiero/solicitudProceso/listarSolicitudProceso.xhtml HTTP/1.1" 200 4868
191.111.47.8 - - [31/Mar/2024:23:21:12 -0500] "POST /sipse/faces/presentacion/financiero/solicitudProceso/listarSolicitudProceso.xhtml HTTP/1.1" 200 152596
191.111.47.8 - - [31/Mar/2024:23:21:14 -0500] "GET /sipse/faces/javax.faces.resource/jquery/jquery.js?ln=primefaces&v=4.0 HTTP/1.1" 304 -
191.111.47.8 - - [31/Mar/2024:23:21:14 -0500] "GET /sipse/faces/javax.faces.resource/jquery/jquery-plugins.js?ln=primefaces&v=4.0 HTTP/1.1" 304 -
191.111.47.8 - - [31/Mar/2024:23:21:14 -0500] "GET /sipse/faces/javax.faces.resource/primefaces.js?ln=primefaces&v=4.0 HTTP/1.1" 304 -
191.111.47.8 - - [31/Mar/2024:23:21:14 -0500] "GET /sipse/faces/javax.faces.resource/layout/layout.js?ln=primefaces&v=4.0 HTTP/1.1" 304 -
191.111.47.8 - - [31/Mar/2024:23:21:39 -0500] "POST /sipse/faces/presentacion/financiero/solicitudProceso/consultarSolicitudProceso.xhtml HTTP/1.1" 200 19318
191.111.47.8 - - [31/Mar/2024:23:21:41 -0500] "GET /sipse/faces/javax.faces.resource/theme.css?ln=primefaces-sipse HTTP/1.1" 304 -
191.111.47.8 - - [31/Mar/2024:23:21:41 -0500] "GET /sipse/faces/javax.faces.resource/primefaces.css?ln=primefaces&v=4.0 HTTP/1.1" 304 -
191.111.47.8 - - [31/Mar/2024:23:21:41 -0500] "GET /sipse/faces/javax.faces.resource/primefaces.js?ln=primefaces&v=4.0 HTTP/1.1" 304 -
191.111.47.8 - - [31/Mar/2024:23:21:41 -0500] "GET /sipse/faces/javax.faces.resource/jquery/jquery.js?ln=primefaces&v=4.0 HTTP/1.1" 304 -
191.111.47.8 - - [31/Mar/2024:23:21:41 -0500] "GET /sipse/faces/javax.faces.resource/jquery/jquery-plugins.js?ln=primefaces&v=4.0 HTTP/1.1" 304 -
191.111.47.8 - - [31/Mar/2024:23:21:41 -0500] "GET /sipse/faces/javax.faces.resource/layout/layout.css?ln=primefaces&v=4.0 HTTP/1.1" 304 -
191.111.47.8 - - [31/Mar/2024:23:21:41 -0500] "GET /sipse/faces/javax.faces.resource/layout/layout.js?ln=primefaces&v=4.0 HTTP/1.1" 304 -
191.111.47.8 - - [31/Mar/2024:23:21:41 -0500] "GET /sipse/faces/javax.faces.resource/fileupload/fileupload.css?ln=primefaces&v=4.0 HTTP/1.1" 304 -
191.111.47.8 - - [31/Mar/2024:23:21:41 -0500] "GET /sipse/faces/javax.faces.resource/fileupload/fileupload.js?ln=primefaces&v=4.0 HTTP/1.1" 304 -
