186.29.13.227 - - [31/Mar/2024:11:33:39 -0500] "POST /sipse/faces/presentacion/financiero/solicitudProceso/listarSolicitudProceso.xhtml HTTP/1.1" 200 16686
181.78.209.202 - - [31/Mar/2024:11:33:42 -0500] "POST /sipse/faces/presentacion/financiero/solicitudProceso/listarSolicitudProceso.xhtml HTTP/1.1" 200 4710
181.78.209.202 - - [31/Mar/2024:11:33:46 -0500] "POST /sipse/faces/presentacion/financiero/solicitudProceso/listarSolicitudProceso.xhtml HTTP/1.1" 200 32183
186.29.13.227 - - [31/Mar/2024:11:33:47 -0500] "POST /sipse/faces/presentacion/financiero/solicitudProceso/listarSolicitudProceso.xhtml HTTP/1.1" 200 154600
186.29.13.227 - - [31/Mar/2024:11:33:48 -0500] "GET /sipse/faces/javax.faces.resource/jquery/jquery.js?ln=primefaces&v=4.0 HTTP/1.1" 304 -
186.29.13.227 - - [31/Mar/2024:11:33:48 -0500] "GET /sipse/faces/javax.faces.resource/jquery/jquery-plugins.js?ln=primefaces&v=4.0 HTTP/1.1" 304 -
186.29.13.227 - - [31/Mar/2024:11:33:48 -0500] "GET /sipse/faces/javax.faces.resource/primefaces.js?ln=primefaces&v=4.0 HTTP/1.1" 304 -
186.29.13.227 - - [31/Mar/2024:11:33:48 -0500] "GET /sipse/faces/javax.faces.resource/layout/layout.js?ln=primefaces&v=4.0 HTTP/1.1" 304 -
186.29.13.227 - - [31/Mar/2024:11:33:58 -0500] "POST /sipse/faces/presentacion/financiero/solicitudProceso/consultarSolicitudProceso.xhtml HTTP/1.1" 200 6202
201.245.192.253 - - [31/Mar/2024:11:33:59 -0500] "POST /kwsrmcab/Wsrmcab  HTTP/1.1" 200 39660
190.26.150.177 - - [31/Mar/2024:11:34:27 -0500] "OPTIONS /kwssiamovil/sm/setfile/f? HTTP/1.1" 200 13
190.26.150.177 - - [31/Mar/2024:11:34:27 -0500] "POST /kwssiamovil/sm/setfile/f? HTTP/1.1" 200 381
190.26.150.177 - - [31/Mar/2024:11:34:28 -0500] "POST /kwssiamovil/sm/setfile/f? HTTP/1.1" 200 381
52.167.144.170 - - [31/Mar/2024:11:34:35 -0500] "GET /BLA/resoluciones/RESOLUCIONES%202018/0014.pdf HTTP/1.1" 200 399458
190.26.150.177 - - [31/Mar/2024:11:34:36 -0500] "GET /kwssiamovil/sm/acme/a?s=U2FsdGVkX19JEn+V+rXRO8JCNtsN19HUB6PTHYYc+wjGqsEoX+9L0DaFfbK+QVjZ3dbJXNFZBmGZ4DDc7kbQ8LyMMUwwh+psWXrxh/AqicxgW5UR45DsIOWCIQ1BztteV+SITQj9UI7OLsN6k2icWGohHj8kYK5Hyng0FJyNZ7l4wSzHnNKqkjXiLE2SXKxefq1ZajW2N94uMxhFRFhHtquwF8Ba20Ihc4lV3ra63sMzA4jVoWx9Tji11Vg9/RA3KIanENN9MH+kTB/n+PMZaw==&u=U2FsdGVkX182D6COjYD5tO+YNxX5/H4E5Snq7tEgPCJfVqI47tStn1K7XeXXKMoI&y=U2FsdGVkX1+ZH6kN5fhi9OBHI9mB/McusYwrcDe4qwKagqiRQpCAorJKZ4pYxRl9 HTTP/1.1" 200 26
190.26.150.177 - - [31/Mar/2024:11:34:37 -0500] "GET /kwssiamovil/sm/acme/a?s=U2FsdGVkX188LdYdW9G/s3rZX3Kvv52gJ2UbjYiCanU+iGp9MXKx3CRtdsV8eAz4oU2rtCIWy1X6hUpFAvAQqbEy/dWLYKoPhTryaQzWOwkui8OAMb20/BS+5VLQPQYO3ilYbdOV0p51hKeZWC9DKrto0y2zaQHKoI20GES5DAYmFejB0SgKAw8OtX4k1fQRrulUkONZDZBsVs5Ye+rv0ifDLrnaMbZhY1OVWZz0vTN/YmZ8QDmRdVudTD7dvESwMLTn4rUPZasj16XUJaTWjlzdHPHlG+3BhzGJluVzMW2qfkMJO4iUo7wMsEwSRS/JIapxWEWWr6p1JYrETOni+oeDokIGgpkXuyDJqCjn3kN4YT3NH0cXV5/4kQxmmKSlOXfDudc6yU9NdUkzl0ccSP+0Ixn+CqJz0o5qRPtTBQEnMLki+7w+oQLl7Np3htGXs23T3Qft5i1TO/YwFvIpxc9Jx0RxEFYxJvd0uFnADFcsP94XulAhRkUAfc3hbT8LyaOhPJMZZFQB/G+64mBZAUPuIrhN/Z8dYP2vnzBDNYlR2fKFWhHK3R2iF0YCnz+6cF1uXMncWBaggEEe7QDb5dTC6kSrT28AFFDqvfz2PqAn8ppLNeFM+14pQVuKrinjOzPxdcbTtNrNQasdG0J5QAfTsgpAdy3/oA3PMWZ2C2+PH8cB90Gsa405wr3sgtQOXP6IpNqTrlffnLyPWGILBhSy+S3J8Mz1ojIqDxwCKqctJwZxKn8ZJvgqzTuw4ZPzr+9sVtT0WRI8gGjjCf+jyB3bReZZMK5NBHaAXTm0EvX64ktHwU/4ybkEPrX9r0AVhV2iFSRo4WzBxmTGvRwW+DDEpFNII8BR5KtsKTl/aeP+xZ08jozpnxNC+amgEOqTxRP6AGKrauvzvR3iEhKRUnkwDhHfhJsKAPQUZFf1J/595t40IDTADWHtp/Mp0hW25rCpaAZnf34wrA57FoUpXZ8r+iFw9o8CudePjZgubDwfD50Zevw5I80udlKx6tBrOt4W1xj4F/Zew+bNQErMrv+QRD51WOGRUNZakZggcs3avtD5llNKKujGW88z97JTdWpkKn27NTdnbQ9tweNCn5EDdBS9dWe7RpGTAg7AAgO9UNkqZylKtwxjbvQ+zYXUT8xhoru9HkJuSEWjf0NoOKdPN1woyF9uiEA2jL+6nb0k89O9GqJNW7PTdkFaPwo/52sCTaIRj+vdeWEPu1joiU5sU7EgziIS4KnYxNsG9R0eLoK3lsmXclEPLbVg3rThX0PVsrepzFjMNAUyiY0wyRF8PveCamM0qNW9WstXdEvKI3tanT6UpJppP4GgW9P7kZvv00td+MiZ9PjnP1V+ySCiTkbipZGQ7a89ju5IdH9CgjIK1hXPkRp3CxHhIOQPTKTZCV4H8GqyyPZoBR0yGS0WSphdF9mbXJeZmds8vp90nZhW1bsg4AqypY8OAZpyEmrTJHtNHwjoZIYCqCtkaGDg9nMK6T8A6x/+XEJuPrB4YI3Z5DyhIlFVON/CP2X4LVhdgOGFrlkkDmJDdkPeXtQLPkKcbIX5ePEo7PkjSh/FZyZG29zGYuBzWeZRmdEITxVjbmnR3MMHrjGNzNAsELbbofVTOIBpsx5IxHyulGOKs+sWclEkPq2aJ1JapRAdorgWVtwRJ0jpOxqSZxwJhcD5r/jYfr3QNeNbrHz+LSnEWhqPx75iFG9q30ULgOK41Q0cEbtlM9iDrMVkZiSECybFeSvPpLLN2T9czNKic5QFtItRCMwKJGMRPMtAAnTTyE2Re1qVN/sAYKDrsnOzCgcOk4pVQr3QCmCjpA/ahL1p7XrB8EWDyUFmhcMGVtUqVBk+aebVSkSnwf3c9KS+9GbwwMZHHv/7NueQsUT/kFMGlDW0UEBwWJQ8/pzESbPDA0T5/1I8zEL6HQU0ieNInSSYrvdNuUuQcrdHePAgjqEapnOjAogNHgLTZPMiqjrW5Hi0lg96bNYXd/0mm+0FkzMEkaGBXWe1TvYe3UnhGjpD8itw5xRL1S3TC4EtXUNvJ0uz3rBKZo6SnubGyZ0OPhoz4BXPhGuaHGFyh4AQambrPFy3FN/UK+fP4YFt2Tp+YI2UhaIWlJqZrSOt/XOZ2IUlOdzSfFtNK7vVTi4Rnr8Q2isoztjVpxmdfN65Tff79vGDuX7CyC1yUDKon1pJd4GDhmOgG8gFtPqVdM6zYF3SIpdvzkJuKER0eJfc7uNgPY55jNJmniPlbacn2GScxUYYYOn0jrmW94arjCQIB8KT9yTIbm1WOBeTXvf1ZHzoOOmmjtsW9U5k383GojV725cZcgvnHcjcLPM0iKOOgwymEsoGX0OKkGLBpuP0Ni7VDIjEybfjYiHw4n+XQLiOxAIErj49YVqf9B3NypS2T1Bqci2ZNxfNoAjfp457yx7KdqsOFh0NwpWlwAOwMHnIhzDRfqFjWwfnldkHz6BnhGMo33+bsZtv5aZFG3WmVWYtXEKc5tPtqwdkqvtAv/mMa+QwUYZynwtMK8xJq8WdV+4=&u=U2FsdGVkX182D6COjYD5tO+YNxX5/H4E5Snq7tEgPCJfVqI47tStn1K7XeXXKMoI&y=U2FsdGVkX1+ZH6kN5fhi9OBHI9mB/McusYwrcDe4qwKagqiRQpCAorJKZ4pYxRl9 HTTP/1.1" 200 26
190.26.150.177 - - [31/Mar/2024:11:34:38 -0500] "GET /kwssiamovil/sm/acme/a?s=U2FsdGVkX18He+A7QWDkwrugHV0Kn5zQdijtX9oiQKtALGVHjVOxZ6KQ6cAAG6F2rTQ7Brl/PKAG+d53n7rPNsUBuWuXeddatNOm+4QVkx9yRHGnLta5S7wHSXoY86jwBBVk6S7HZ29GMcyovZ25xMNzLGdGX4R/0VbNDkPqTnk=&u=U2FsdGVkX182D6COjYD5tO+YNxX5/H4E5Snq7tEgPCJfVqI47tStn1K7XeXXKMoI&y=U2FsdGVkX1+ZH6kN5fhi9OBHI9mB/McusYwrcDe4qwKagqiRQpCAorJKZ4pYxRl9 HTTP/1.1" 200 26
190.26.150.177 - - [31/Mar/2024:11:34:38 -0500] "GET /kwssiamovil/sm/acme/a?s=U2FsdGVkX1+BaGa3+01a4zU5bT34GprZtmX/MB1xu84GPtxI8Xkw1G6ZHVcYTHrc51nHPp2QIfocwKsKq8OkMSdzMZT1SCMo12Ux6QQpCzyI/Q9ibEKAIqHpLsochwbQZ/xxMxci6M1aaGz0zQX2Bo1OP/EpKIzcLE9uyx6bumE=&u=U2FsdGVkX182D6COjYD5tO+YNxX5/H4E5Snq7tEgPCJfVqI47tStn1K7XeXXKMoI&y=U2FsdGVkX1+ZH6kN5fhi9OBHI9mB/McusYwrcDe4qwKagqiRQpCAorJKZ4pYxRl9 HTTP/1.1" 200 26
190.26.150.177 - - [31/Mar/2024:11:34:38 -0500] "GET /kwssiamovil/sm/acme/a?s=U2FsdGVkX18wPi34uw21f7wFrSSiYSyjtqJQNylvor6nENmAOigT+06d4WqP8Q8vCEmJDy6VQMxvjZ/voTh57IEdCZw8FezPbuPO+Xk6R85EqrGo2QQCZVuDOQl9GNM1G8lPwB62t8w3/DpF0NXPLDXc6Zco5rwwXeo40dlndWM=&u=U2FsdGVkX182D6COjYD5tO+YNxX5/H4E5Snq7tEgPCJfVqI47tStn1K7XeXXKMoI&y=U2FsdGVkX1+ZH6kN5fhi9OBHI9mB/McusYwrcDe4qwKagqiRQpCAorJKZ4pYxRl9 HTTP/1.1" 200 26
190.26.150.177 - - [31/Mar/2024:11:34:38 -0500] "GET /kwssiamovil/sm/acme/a?s=U2FsdGVkX19+Wxw49JY2Eem+vxRNrtUwVdGEcESJiYxMMK6Xfdeafwa+vgzgzUgLlUd5RJxV1BibuwqAkyX8ZnvlDg11UlCxvsIyY5Saw7vwekvKbvRQfH1xeXwmRc3G2wTMUl9ghMQfgTWQ7DWLUmqDmIbUBW6xpf7XctzibNorh/SWhdDheWuwkXMDy+kIp/FJdTKSxQNSWT/3XYSDmA==&u=U2FsdGVkX182D6COjYD5tO+YNxX5/H4E5Snq7tEgPCJfVqI47tStn1K7XeXXKMoI&y=U2FsdGVkX1+ZH6kN5fhi9OBHI9mB/McusYwrcDe4qwKagqiRQpCAorJKZ4pYxRl9 HTTP/1.1" 200 26
190.26.150.177 - - [31/Mar/2024:11:34:39 -0500] "GET /kwssiamovil/sm/acme/a?s=U2FsdGVkX1/OqMB5o25p/yGNQWTO/u1fSLH9aFKFIFAbDCdK65sVZiDRWka8lrinHsJceECa3fetTcUFAlu30yq4AGcD7YUUDsyLOooXC4cZW7CV969iwcHIUoed32grWuJHotgrohyD9eHeduErd55tZigx81mzJvOXs9p3vKeWN3i3B3oyo43mTLue1Gs+hGqRViDGKkdopo7jq/eE9RMCqNiY7AGlQ4oBcJnb43YrpNW4gXnS2n8nOjSPcKrNJMx6/bUWSEgCAsFxVZFmOkFf456tVb832tLM0U2HaYO6WauJ/RRSaqZ1t9sgPno7dlXSkS0mg88WjtF/CgtOZXTKttCbXE6hCgThkuzPQYvLursICaBK/ES0vKS2kw9+6PSPc0BnlMP48BEyRjlMiComAsLJhRNJ+QmQ6it+k6c0hFdjtqURm0uRvdDRsKsR8MP0iElzlR/OGOspOGUh6RtqH4XqG9PxN4KvGmKoxNQ=&u=U2FsdGVkX182D6COjYD5tO+YNxX5/H4E5Snq7tEgPCJfVqI47tStn1K7XeXXKMoI&y=U2FsdGVkX1+ZH6kN5fhi9OBHI9mB/McusYwrcDe4qwKagqiRQpCAorJKZ4pYxRl9 HTTP/1.1" 200 26
190.26.150.177 - - [31/Mar/2024:11:34:39 -0500] "GET /kwssiamovil/sm/acme/a?s=U2FsdGVkX1+jvYD73I64tL14z40aRoQicfuE1fqww34rHyCiXFcd4Fb54WNNCxAbaLttb469drKTOHkYkGRntVk6abP1gFbdG/6LhZwCVArOLqkvyYDftefMUMW5YLwCOQIckuvmd56eDk1AkbnbOwfB2DiF4+xYDfFtPfSCbT3tsd2u7up5HQZx4sK67ShSVQ5gjMnGTKfwQ5E81AgX281IpoRpZqGDDZUR0ZEt6riNy6QoNt/g14QforclrJB8uXG+X86Op9URa3gO5W7WsZx3y0NFcuYEATQJI+ZgEmNoW94z39MKlEQW70sKnF7DOg3s/oOXKlxAy2hNp9Pt2rWrNjK3c/Lw5btBQO0CiHNxLLz8q1vfZoKpKAW8aWstqhNcjbGwSacOshVE47fR5nWFYKc+S2s8a6VkAUN8ZuWS2Fqi+aGiko/2TWlGbBuD&u=U2FsdGVkX182D6COjYD5tO+YNxX5/H4E5Snq7tEgPCJfVqI47tStn1K7XeXXKMoI&y=U2FsdGVkX1+ZH6kN5fhi9OBHI9mB/McusYwrcDe4qwKagqiRQpCAorJKZ4pYxRl9 HTTP/1.1" 200 26
190.26.150.177 - - [31/Mar/2024:11:34:39 -0500] "GET /kwssiamovil/sm/acme/a?s=U2FsdGVkX19PTx40xK7UtLqwYnPLpSL2dkQrx2IYN7426PLYBeNlNj9L3bepzSX+RM5NHCkhWcci/pMwRmQdljJmoCI4fCPdoV5/ahhJ+1cpWCHOET1OYBz72cbEF6KIboCMP1PcB6yLAPQuJy2+eCYrjfcqaryVW9xw794SK856WoOZ+ul9Dc9bY19fDIlg15wvNO5asxLkj568kdfGfkLB+ipZMPqpjNPqZ5lsGUIA2GT4xFDWGGp0ngqW0WTCma3/TvPK7rwO+FcNVQSD3WhZ/D8ihIOOPcT/JognWget3BUjgpAIYswxRJEPmKzvmW/07mauzAllG9LaU2BALKvn+JRYMI/IbMmMvz/MTfQNmUSgsiUR1/TqVrw2Z6BKvEXJtxRPoCZ2V/m6wj8IUAm28vY/OIOv6ic1r23am6mhTHieFKpYFhkMBcF3GvTaxCaaOZFOmEirOVEOSWeLvA==&u=U2FsdGVkX182D6COjYD5tO+YNxX5/H4E5Snq7tEgPCJfVqI47tStn1K7XeXXKMoI&y=U2FsdGVkX1+ZH6kN5fhi9OBHI9mB/McusYwrcDe4qwKagqiRQpCAorJKZ4pYxRl9 HTTP/1.1" 200 26
190.26.150.177 - - [31/Mar/2024:11:34:40 -0500] "GET /kwssiamovil/sm/acme/a?s=U2FsdGVkX1/cDF1JL9+FHBGzlW171CdAAwePvBlREJ/mg5c/A1bpX5d3ba4h+PfNZiep/eNav4+3QmQHNXgN/J99L0VWckH1Aw8RLE+ZHBrJbbdHj0nZp8UwAk5HMmJpsP4rTIwvLZEI+Ycxao+xnZw/3WCpJMg/Ex7XtOPLj41QMaZOpDz3Gjeg6iFfbt1aefV6A6UFAgyt+VNJENbH9PK8rG/l/GQPr75lvrbXdJIn8vPhwP5W55vg0I5hz9UKEIObklmyaGsOLVkNOYfGJOTsPTbeCAXeo5r/jMmi+7JFmnG7K9Y3Ndjc3hTbv51OFeXoZ7W2IwYUylgs4gpXDR1G2EGekpljO0mt5iWfHzXu0f2ACrJllwnXbsYNuxuoutlYxIR9VrVrUm5QgiFPVhriKtNS9mJe/5G7N0P8KLjB0tOQR0Nahw/gHHiRKuZx&u=U2FsdGVkX182D6COjYD5tO+YNxX5/H4E5Snq7tEgPCJfVqI47tStn1K7XeXXKMoI&y=U2FsdGVkX1+ZH6kN5fhi9OBHI9mB/McusYwrcDe4qwKagqiRQpCAorJKZ4pYxRl9 HTTP/1.1" 200 26
186.29.13.227 - - [31/Mar/2024:11:35:09 -0500] "POST /sipse/faces/presentacion/financiero/solicitudProceso/consultarSolicitudProceso.xhtml HTTP/1.1" 200 19889
186.29.13.227 - - [31/Mar/2024:11:35:09 -0500] "GET /sipse/faces/javax.faces.resource/theme.css?ln=primefaces-sipse HTTP/1.1" 304 -
186.29.13.227 - - [31/Mar/2024:11:35:09 -0500] "GET /sipse/faces/javax.faces.resource/layout/layout.css?ln=primefaces&v=4.0 HTTP/1.1" 304 -
186.29.13.227 - - [31/Mar/2024:11:35:09 -0500] "GET /sipse/faces/javax.faces.resource/primefaces.css?ln=primefaces&v=4.0 HTTP/1.1" 304 -
186.29.13.227 - - [31/Mar/2024:11:35:09 -0500] "GET /sipse/faces/javax.faces.resource/jquery/jquery.js?ln=primefaces&v=4.0 HTTP/1.1" 304 -
186.29.13.227 - - [31/Mar/2024:11:35:09 -0500] "GET /sipse/faces/javax.faces.resource/jquery/jquery-plugins.js?ln=primefaces&v=4.0 HTTP/1.1" 304 -
186.29.13.227 - - [31/Mar/2024:11:35:09 -0500] "GET /sipse/faces/javax.faces.resource/primefaces.js?ln=primefaces&v=4.0 HTTP/1.1" 304 -
186.29.13.227 - - [31/Mar/2024:11:35:09 -0500] "GET /sipse/faces/javax.faces.resource/layout/layout.js?ln=primefaces&v=4.0 HTTP/1.1" 304 -
186.29.13.227 - - [31/Mar/2024:11:35:09 -0500] "GET /sipse/faces/javax.faces.resource/fileupload/fileupload.css?ln=primefaces&v=4.0 HTTP/1.1" 304 -
186.29.13.227 - - [31/Mar/2024:11:35:09 -0500] "GET /sipse/faces/javax.faces.resource/fileupload/fileupload.js?ln=primefaces&v=4.0 HTTP/1.1" 304 -
186.29.13.227 - - [31/Mar/2024:11:35:10 -0500] "GET /sipse/faces/javax.faces.resource/images/ui-icons_898989_256x240.png?ln=primefaces-aristo HTTP/1.1" 304 -
186.29.13.227 - - [31/Mar/2024:11:35:18 -0500] "GET /sipse/faces/javax.faces.resource/theme.css?ln=primefaces-sipse HTTP/1.1" 304 -
186.29.13.227 - - [31/Mar/2024:11:35:18 -0500] "GET /sipse/faces/javax.faces.resource/primefaces.css?ln=primefaces&v=4.0 HTTP/1.1" 304 -
186.29.13.227 - - [31/Mar/2024:11:35:18 -0500] "GET /sipse/faces/javax.faces.resource/layout/layout.css?ln=primefaces&v=4.0 HTTP/1.1" 304 -
186.29.13.227 - - [31/Mar/2024:11:35:18 -0500] "GET /sipse/faces/javax.faces.resource/jquery/jquery.js?ln=primefaces&v=4.0 HTTP/1.1" 304 -
186.29.13.227 - - [31/Mar/2024:11:35:18 -0500] "GET /sipse/faces/javax.faces.resource/jquery/jquery-plugins.js?ln=primefaces&v=4.0 HTTP/1.1" 304 -
186.29.13.227 - - [31/Mar/2024:11:35:18 -0500] "GET /sipse/faces/javax.faces.resource/primefaces.js?ln=primefaces&v=4.0 HTTP/1.1" 304 -
186.29.13.227 - - [31/Mar/2024:11:35:18 -0500] "GET /sipse/faces/javax.faces.resource/layout/layout.js?ln=primefaces&v=4.0 HTTP/1.1" 304 -
186.29.13.227 - - [31/Mar/2024:11:35:18 -0500] "GET /sipse/faces/javax.faces.resource/images/ui-icons_898989_256x240.png?ln=primefaces-aristo HTTP/1.1" 304 -
186.29.13.227 - - [31/Mar/2024:11:35:17 -0500] "POST /sipse/faces/presentacion/sistema/anexos/cargarAnexoSolicitudProceso.xhtml HTTP/1.1" 200 202899
186.29.13.227 - - [31/Mar/2024:11:35:23 -0500] "GET /sipse/faces/javax.faces.resource/images/ui-bg_flat_0_2d5972_40x100.png?ln=primefaces-aristo HTTP/1.1" 304 -
186.29.13.227 - - [31/Mar/2024:11:35:23 -0500] "POST /sipse/faces/presentacion/financiero/solicitudProceso/consultarSolicitudProceso.xhtml HTTP/1.1" 200 6202
186.29.13.227 - - [31/Mar/2024:11:35:24 -0500] "GET /sipse/faces/javax.faces.resource/messages/messages.png?ln=primefaces&v=4.0 HTTP/1.1" 304 -
186.29.13.227 - - [31/Mar/2024:11:35:31 -0500] "POST /sipse/faces/presentacion/financiero/solicitudProceso/consultarSolicitudProceso.xhtml HTTP/1.1" 200 47616
186.29.13.227 - - [31/Mar/2024:11:35:34 -0500] "GET /sipse/faces/javax.faces.resource/jquery/jquery.js?ln=primefaces&v=4.0 HTTP/1.1" 304 -
186.29.13.227 - - [31/Mar/2024:11:35:34 -0500] "GET /sipse/faces/javax.faces.resource/jquery/jquery-plugins.js?ln=primefaces&v=4.0 HTTP/1.1" 304 -
186.29.13.227 - - [31/Mar/2024:11:35:34 -0500] "GET /sipse/faces/javax.faces.resource/primefaces.js?ln=primefaces&v=4.0 HTTP/1.1" 304 -
186.29.13.227 - - [31/Mar/2024:11:35:34 -0500] "GET /sipse/faces/javax.faces.resource/layout/layout.js?ln=primefaces&v=4.0 HTTP/1.1" 304 -
186.29.13.227 - - [31/Mar/2024:11:35:34 -0500] "POST /sipse/faces/presentacion/financiero/solicitudProceso/listarSolicitudProceso.xhtml HTTP/1.1" 200 1476
186.29.13.227 - - [31/Mar/2024:11:35:34 -0500] "POST /sipse/faces/presentacion/financiero/solicitudProceso/listarSolicitudProceso.xhtml HTTP/1.1" 200 1492
186.29.13.227 - - [31/Mar/2024:11:35:35 -0500] "POST /sipse/faces/presentacion/financiero/solicitudProceso/listarSolicitudProceso.xhtml HTTP/1.1" 200 41406
186.29.13.227 - - [31/Mar/2024:11:35:35 -0500] "GET /sipse/faces/javax.faces.resource/jquery/jquery.js?ln=primefaces&v=4.0 HTTP/1.1" 304 -
186.29.13.227 - - [31/Mar/2024:11:35:35 -0500] "GET /sipse/faces/javax.faces.resource/jquery/jquery-plugins.js?ln=primefaces&v=4.0 HTTP/1.1" 304 -
186.29.13.227 - - [31/Mar/2024:11:35:35 -0500] "GET /sipse/faces/javax.faces.resource/primefaces.js?ln=primefaces&v=4.0 HTTP/1.1" 304 -
186.29.13.227 - - [31/Mar/2024:11:35:36 -0500] "GET /sipse/faces/javax.faces.resource/layout/layout.js?ln=primefaces&v=4.0 HTTP/1.1" 304 -
186.29.13.227 - - [31/Mar/2024:11:35:36 -0500] "POST /sipse/faces/presentacion/financiero/solicitudProceso/consultar.xhtml HTTP/1.1" 200 34824
186.29.13.227 - - [31/Mar/2024:11:35:38 -0500] "POST /sipse/faces/presentacion/financiero/solicitudProceso/consultar.xhtml HTTP/1.1" 200 12829
186.29.13.227 - - [31/Mar/2024:11:35:44 -0500] "POST /sipse/faces/presentacion/financiero/solicitudProceso/consultar.xhtml HTTP/1.1" 200 47120
186.29.13.227 - - [31/Mar/2024:11:35:44 -0500] "GET /sipse/faces/javax.faces.resource/jquery/jquery.js?ln=primefaces&v=4.0 HTTP/1.1" 304 -
186.29.13.227 - - [31/Mar/2024:11:35:44 -0500] "GET /sipse/faces/javax.faces.resource/jquery/jquery-plugins.js?ln=primefaces&v=4.0 HTTP/1.1" 304 -
186.29.13.227 - - [31/Mar/2024:11:35:44 -0500] "GET /sipse/faces/javax.faces.resource/primefaces.js?ln=primefaces&v=4.0 HTTP/1.1" 304 -
186.29.13.227 - - [31/Mar/2024:11:35:44 -0500] "GET /sipse/faces/javax.faces.resource/layout/layout.js?ln=primefaces&v=4.0 HTTP/1.1" 304 -
186.29.13.227 - - [31/Mar/2024:11:35:44 -0500] "POST /sipse/faces/presentacion/financiero/solicitudProceso/listarSolicitudProceso.xhtml HTTP/1.1" 200 40512
186.29.13.227 - - [31/Mar/2024:11:35:45 -0500] "POST /sipse/faces/presentacion/financiero/solicitudProceso/listarSolicitudProceso.xhtml HTTP/1.1" 200 40512
186.29.13.227 - - [31/Mar/2024:11:35:45 -0500] "POST /sipse/faces/presentacion/financiero/solicitudProceso/listarSolicitudProceso.xhtml HTTP/1.1" 200 1476
186.29.13.227 - - [31/Mar/2024:11:35:45 -0500] "POST /sipse/faces/presentacion/financiero/solicitudProceso/listarSolicitudProceso.xhtml HTTP/1.1" 200 1492
186.29.13.227 - - [31/Mar/2024:11:35:46 -0500] "POST /sipse/faces/presentacion/financiero/solicitudProceso/listarSolicitudProceso.xhtml HTTP/1.1" 200 1488
186.29.13.227 - - [31/Mar/2024:11:35:50 -0500] "POST /sipse/faces/presentacion/financiero/solicitudProceso/listarSolicitudProceso.xhtml HTTP/1.1" 200 13753
52.167.144.170 - - [31/Mar/2024:11:35:54 -0500] "GET /BLA/resoluciones/index.php?dir=AUTOS+2024%2F HTTP/1.1" 200 10947
186.29.13.227 - - [31/Mar/2024:11:35:57 -0500] "POST /sipse/faces/presentacion/financiero/solicitudProceso/listarSolicitudProceso.xhtml HTTP/1.1" 200 156724
186.29.13.227 - - [31/Mar/2024:11:35:58 -0500] "GET /sipse/faces/javax.faces.resource/jquery/jquery.js?ln=primefaces&v=4.0 HTTP/1.1" 304 -
186.29.13.227 - - [31/Mar/2024:11:35:58 -0500] "GET /sipse/faces/javax.faces.resource/jquery/jquery-plugins.js?ln=primefaces&v=4.0 HTTP/1.1" 304 -
186.29.13.227 - - [31/Mar/2024:11:35:58 -0500] "GET /sipse/faces/javax.faces.resource/primefaces.js?ln=primefaces&v=4.0 HTTP/1.1" 304 -
186.29.13.227 - - [31/Mar/2024:11:35:58 -0500] "GET /sipse/faces/javax.faces.resource/layout/layout.js?ln=primefaces&v=4.0 HTTP/1.1" 304 -
186.102.109.154 - - [31/Mar/2024:11:36:07 -0500] "GET /kwssiamovil/sm/ldap/au?x=U2FsdGVkX1+L49LapPz63vPVLZp/GKWKELpjo9WoGhHXNamh5rVwb3Ptil+RMveF&y=U2FsdGVkX19g9t6bBkmrdBmSTUALkxMss3JtqNWyw/AvpMHeAnFTqIc/JX9w5jTL HTTP/1.1" 200 30
186.102.109.154 - - [31/Mar/2024:11:36:07 -0500] "GET /kwssiamovil/sm/acme/s?s=U2FsdGVkX19lbp3VukK+jNbvbEyJzn1CzG199KKgOIz1EjAHOzjasupyXwp90XoIvEzK2VqjXjvXnVjkg+D9mrnt1a0T/J1Q8OyTD6+1Zys=&u=U2FsdGVkX19XCRLjreNryuYu1vWufhH90sor3JWAN44=&y=U2FsdGVkX19g9t6bBkmrdBmSTUALkxMss3JtqNWyw/AvpMHeAnFTqIc/JX9w5jTL HTTP/1.1" 200 97
186.102.109.154 - - [31/Mar/2024:11:36:07 -0500] "GET /kwssiamovil/sm/acme/s?s=U2FsdGVkX196qtkhJJiG1B2SsdZ1r86I5ayUKgs4ahMFKTrzZ5fAC1SAtUdZ6d0mQYIjkiFOHgVXeClE4FA9hXm/mXwWZsk3csuEFw3diOSkHMj4Jz5qn/YrSlB5IvDVGRioahn7LOuWw+S8Y8Alndnj+xbQBjY0yHKrnuj5vNhkZiOEvGe6CTzxkM+E8bO0KuMKusX9kQHZ7LnGEZqYYcDO4wKTmu+SYtF5j69BLGbiq+rdqJJMHbg2ahRsyjnDmfPNswNO5+PelFeUA47WF8TUJHvHFm6w8POjomOVfVTtp83NQ4xdU/TGDBEJhiLAuVHNt9LHC8To3aQgDa4w9SCFMlfhBABhFtpqijhJkAtkmwNSmMeLL0x7bxU2FagM5XlT+yL/XoXIeI/0HMZSQILq5jOHB9kTwIFHlXVTwozyTxnRSUdklFDwE7S/iz9B4lA8XDxid6qBHuFvTpKbKrMpxtp7vqxhp29g4+nr9yqaAWZCaBsBvDOzXhVTnJr/EeMi2unIAaYq5NgsE0hn54bIMkUe16Ifapr/KJm0L/zMJIzwwVCxFMQp9tjsV9Uem6FXLniQS8kpmtP0vRoYI2xRvwYYZnYDslSqOxP0IZXyW8yWGXVCUU5vtxoUyaNEi9kTOt8D0kLSG5+Hknhx31QDcRWXL6mAPcl5EyB41XeRFgiSJmtEU3YL5S8+KYYBQJA5FUQHG0kXbcIkQkYSy3UzoQ24KzThTwwSYnDZqQ1hlb/I9OSX+omAaOpVv46cpORRx7maebL1lngGROV9dnY4eGo4knnMYayhhh7MQO3lNOhfXSEz5T85KJFVaWSPkJZVrmc0xmc5mk0U3tIOosWxC0fw8RCCGbb5f1j+vSD7lRjKZahUT8JMDKhhsouW9u8ouTlX7gW4NBG1K/udcQf/eC/kwYZPoV72K35eppSu9Hx9ouIxFyXr1PT6Jh4Yiz1Tvb6/K/T3QaQZFAA3ZRSmAQz3UWBcTPvMe0sOuznsOHSd11e4KJGk77ZJrVmKrEBiJURSnaX5QF3IVTT/LtolpUjMGZseGd1W1oAhwOdDKELDUKe8/UVrKIfYRpEbDFtcnRayfdcGQA/ekwc5wLOw032MnsTFaG9gAzilQp888GvfP2701tby1J/FrNC5rGD1KsalVd7HNZnbk7QGYbJ1gIYSIIHunFW0yHzs/2HCBxis36F5s160d8cd1OzZhGHqv9mNxyof7k4p4kQgGnBlK4PM/xhHYksIIwUsHBAGTPI1x434tHsaFXx2i34Rp12C60e+NeFdEmoVUQoR99WeCrWCReZkSzOrjEqOLRp/mQ2ME+Cnce7xW/YjDHmCiy5H/ke6N/p8QPs7rs6slnXQfcd55pZjAGn3UAu9ntj/DW0mRzDXmnsNLPP2PNHFbLwg/AGGydoeu2mpEAUXHNnlfS/dbKFS+DG6+ernDF10lTPyN7lHBZkiW4oU9hKSDSY2AYrqkF2x0V0/0oj5hDT/7PSzFXBJPVv6W4w0VsRJKpCyuTfa6L1JTsL87acghd/1FU6KwXRwyPJtTFe9IzJbRj2R/BLyyTeWxFKotATfj0y1vuTq2wv5jqri+9iVGRLDv1wMiyd/zFfPBLS524SMtRJvQtDsOYF4oyTslETZcbP+OCnQCh+g5xciyCbWQCh9FoY67kvoxyFQ0mFlm7FVCsBVnDs9HveDI53WnCSbrW6VLVFjAoIBXsps+2T7Wn4KwUyQ2rmnHvIRMh0qgx0lyZ3I2oq/ZCuIydjCi48=&u=U2FsdGVkX19XCRLjreNryuYu1vWufhH90sor3JWAN44=&y=U2FsdGVkX19g9t6bBkmrdBmSTUALkxMss3JtqNWyw/AvpMHeAnFTqIc/JX9w5jTL HTTP/1.1" 200 2258
186.102.109.154 - - [31/Mar/2024:11:36:07 -0500] "GET /kwssiamovil/sm/acme/s?s=U2FsdGVkX1/eBHeG5tY1v7Ag7H9YVVUCCCIroJyE1Y1nhhQOhYJaCQpH7jHKz8Ess2jE1Hf3qQ/f6/sFQrqdoIqZnq1Nu1ioFG9MVl+AkFJkNq7ONIkftSZwJNOQwINcsWRR7l9V1m1ekmeAzcWTw9nOtOTxdoJkOacuL4qslbbHTeIOrfB/HKCQcS/yMKafwxVXUYk0s4uOCc4DdqXmrPP8tJ1sSDmj1VGcLdnyxfjuHMP/BMMXB/oATypZRgilfTAAo0fWT4OtFPaxRQmYGD1bLMi4JUYK8yo8CyMh1stwHozAELR99UgASe7NpTMWjZe1jTbaaHO8JuOdhM5CwR2SldxKrn5KJ28WEtIfwc4LvxgwlWeXP75ZOCeNSQ8OhRvy8f/esyqYuAwlJHLXz3Sl3oOoJWqWow+0kzcxHeDZSQfXDIF6pMxizh1w6OGORwck5ygP5ftARQFlH5WDC1533DUSKFfwZQBhsr04dH2arTa4g3Czkkt3z8B0gfkEncE7O1oj/R5pBZzbNsXWwa/9f3dQrZwaX7D0hr24vYVZVMlkDc4W7IhdCSh8cezMTYQr40T0+NgZ4IvqwQslXX2knt61SjMpXIXNpMT7q/1wepUTTFnhCG8eOY2foyvHQTdhvgV1BvmwBvzPLKxnMsNQoBG7Hzppiz9BZziSYuurXyTtJ4iysDvJQS3db+Y0QJt94wU/5vF8GJFEGIPTwWiY7uPzVDqXt0GXX2RtwfgCiV0foY+AoZEyYSLEzCwl&u=U2FsdGVkX19XCRLjreNryuYu1vWufhH90sor3JWAN44=&y=U2FsdGVkX19g9t6bBkmrdBmSTUALkxMss3JtqNWyw/AvpMHeAnFTqIc/JX9w5jTL HTTP/1.1" 200 208
186.102.109.154 - - [31/Mar/2024:11:36:07 -0500] "GET /kwssiamovil/sm/cjson/pre?f=1&x=U2FsdGVkX1+L49LapPz63vPVLZp/GKWKELpjo9WoGhHXNamh5rVwb3Ptil+RMveF HTTP/1.1" 200 30244
186.29.13.227 - - [31/Mar/2024:11:36:16 -0500] "POST /sipse/faces/presentacion/financiero/solicitudProceso/consultarSolicitudProceso.xhtml HTTP/1.1" 200 47866
186.29.13.227 - - [31/Mar/2024:11:36:16 -0500] "GET /sipse/faces/javax.faces.resource/theme.css?ln=primefaces-sipse HTTP/1.1" 304 -
186.29.13.227 - - [31/Mar/2024:11:36:16 -0500] "GET /sipse/faces/javax.faces.resource/primefaces.css?ln=primefaces&v=4.0 HTTP/1.1" 304 -
186.29.13.227 - - [31/Mar/2024:11:36:16 -0500] "GET /sipse/faces/javax.faces.resource/layout/layout.css?ln=primefaces&v=4.0 HTTP/1.1" 304 -
186.29.13.227 - - [31/Mar/2024:11:36:16 -0500] "GET /sipse/faces/javax.faces.resource/jquery/jquery.js?ln=primefaces&v=4.0 HTTP/1.1" 304 -
186.29.13.227 - - [31/Mar/2024:11:36:16 -0500] "GET /sipse/faces/javax.faces.resource/jquery/jquery-plugins.js?ln=primefaces&v=4.0 HTTP/1.1" 304 -
186.29.13.227 - - [31/Mar/2024:11:36:16 -0500] "GET /sipse/faces/javax.faces.resource/primefaces.js?ln=primefaces&v=4.0 HTTP/1.1" 304 -
186.29.13.227 - - [31/Mar/2024:11:36:16 -0500] "GET /sipse/faces/javax.faces.resource/layout/layout.js?ln=primefaces&v=4.0 HTTP/1.1" 304 -
186.29.13.227 - - [31/Mar/2024:11:36:17 -0500] "GET /sipse/faces/javax.faces.resource/images/ui-icons_898989_256x240.png?ln=primefaces-aristo HTTP/1.1" 304 -
186.29.13.227 - - [31/Mar/2024:11:36:17 -0500] "GET /sipse/faces/javax.faces.resource/images/ui-bg_flat_0_2d5972_40x100.png?ln=primefaces-aristo HTTP/1.1" 304 -
186.29.13.227 - - [31/Mar/2024:11:36:17 -0500] "POST /sipse/faces/presentacion/financiero/solicitudProceso/listarSolicitudProceso.xhtml HTTP/1.1" 200 1460
186.29.13.227 - - [31/Mar/2024:11:36:17 -0500] "POST /sipse/faces/presentacion/financiero/solicitudProceso/listarSolicitudProceso.xhtml HTTP/1.1" 200 1460
186.29.13.227 - - [31/Mar/2024:11:36:20 -0500] "POST /sipse/faces/presentacion/financiero/solicitudProceso/listarSolicitudProceso.xhtml HTTP/1.1" 200 147477
186.29.13.227 - - [31/Mar/2024:11:36:21 -0500] "GET /sipse/faces/javax.faces.resource/jquery/jquery.js?ln=primefaces&v=4.0 HTTP/1.1" 304 -
186.29.13.227 - - [31/Mar/2024:11:36:21 -0500] "GET /sipse/faces/javax.faces.resource/jquery/jquery-plugins.js?ln=primefaces&v=4.0 HTTP/1.1" 304 -
186.29.13.227 - - [31/Mar/2024:11:36:21 -0500] "GET /sipse/faces/javax.faces.resource/primefaces.js?ln=primefaces&v=4.0 HTTP/1.1" 304 -
186.29.13.227 - - [31/Mar/2024:11:36:21 -0500] "GET /sipse/faces/javax.faces.resource/layout/layout.js?ln=primefaces&v=4.0 HTTP/1.1" 304 -
186.29.13.227 - - [31/Mar/2024:11:36:42 -0500] "POST /sipse/faces/presentacion/financiero/solicitudProceso/consultarSolicitudProceso.xhtml HTTP/1.1" 200 47866
186.29.13.227 - - [31/Mar/2024:11:36:42 -0500] "GET /sipse/faces/javax.faces.resource/theme.css?ln=primefaces-sipse HTTP/1.1" 304 -
186.29.13.227 - - [31/Mar/2024:11:36:42 -0500] "GET /sipse/faces/javax.faces.resource/primefaces.css?ln=primefaces&v=4.0 HTTP/1.1" 304 -
186.29.13.227 - - [31/Mar/2024:11:36:42 -0500] "GET /sipse/faces/javax.faces.resource/layout/layout.css?ln=primefaces&v=4.0 HTTP/1.1" 304 -
186.29.13.227 - - [31/Mar/2024:11:36:42 -0500] "GET /sipse/faces/javax.faces.resource/jquery/jquery.js?ln=primefaces&v=4.0 HTTP/1.1" 304 -
186.29.13.227 - - [31/Mar/2024:11:36:42 -0500] "GET /sipse/faces/javax.faces.resource/jquery/jquery-plugins.js?ln=primefaces&v=4.0 HTTP/1.1" 304 -
186.29.13.227 - - [31/Mar/2024:11:36:42 -0500] "GET /sipse/faces/javax.faces.resource/layout/layout.js?ln=primefaces&v=4.0 HTTP/1.1" 304 -
186.29.13.227 - - [31/Mar/2024:11:36:42 -0500] "GET /sipse/faces/javax.faces.resource/primefaces.js?ln=primefaces&v=4.0 HTTP/1.1" 304 -
186.29.13.227 - - [31/Mar/2024:11:36:43 -0500] "GET /sipse/faces/javax.faces.resource/images/ui-icons_898989_256x240.png?ln=primefaces-aristo HTTP/1.1" 304 -
186.29.13.227 - - [31/Mar/2024:11:36:43 -0500] "GET /sipse/faces/javax.faces.resource/images/ui-bg_flat_0_2d5972_40x100.png?ln=primefaces-aristo HTTP/1.1" 304 -
186.29.13.227 - - [31/Mar/2024:11:36:43 -0500] "POST /sipse/faces/presentacion/financiero/solicitudProceso/listarSolicitudProceso.xhtml HTTP/1.1" 200 1460
186.29.13.227 - - [31/Mar/2024:11:36:43 -0500] "POST /sipse/faces/presentacion/financiero/solicitudProceso/listarSolicitudProceso.xhtml HTTP/1.1" 200 1460
172.22.2.4 - - [31/Mar/2024:11:35:11 -0500] "HEAD /BLA/boletinlegal/ HTTP/1.1" 200 -
190.84.43.161 - - [31/Mar/2024:11:37:01 -0500] "POST /sipse/faces/presentacion/financiero/solicitudProceso/consultarSolicitudProceso.xhtml HTTP/1.1" 200 37181
190.84.43.161 - - [31/Mar/2024:11:37:04 -0500] "GET /sipse/faces/javax.faces.resource/theme.css?ln=primefaces-sipse HTTP/1.1" 304 -
190.84.43.161 - - [31/Mar/2024:11:37:04 -0500] "GET /sipse/faces/javax.faces.resource/primefaces.css?ln=primefaces&v=4.0 HTTP/1.1" 304 -
190.84.43.161 - - [31/Mar/2024:11:37:04 -0500] "GET /sipse/faces/javax.faces.resource/layout/layout.css?ln=primefaces&v=4.0 HTTP/1.1" 304 -
190.84.43.161 - - [31/Mar/2024:11:37:04 -0500] "GET /sipse/faces/javax.faces.resource/jquery/jquery.js?ln=primefaces&v=4.0 HTTP/1.1" 304 -
190.84.43.161 - - [31/Mar/2024:11:37:04 -0500] "GET /sipse/faces/javax.faces.resource/jquery/jquery-plugins.js?ln=primefaces&v=4.0 HTTP/1.1" 304 -
190.84.43.161 - - [31/Mar/2024:11:37:04 -0500] "GET /sipse/css/imagen/contrasena.png HTTP/1.1" 404 383
190.84.43.161 - - [31/Mar/2024:11:37:04 -0500] "GET /sipse/faces/javax.faces.resource/primefaces.js?ln=primefaces&v=4.0 HTTP/1.1" 304 -
190.84.43.161 - - [31/Mar/2024:11:37:05 -0500] "GET /sipse/faces/javax.faces.resource/layout/layout.js?ln=primefaces&v=4.0 HTTP/1.1" 304 -
190.84.43.161 - - [31/Mar/2024:11:37:05 -0500] "GET /sipse/faces/javax.faces.resource/images/ui-icons_898989_256x240.png?ln=primefaces-aristo HTTP/1.1" 304 -
190.84.43.161 - - [31/Mar/2024:11:37:05 -0500] "GET /sipse/faces/javax.faces.resource/images/ui-bg_flat_0_2d5972_40x100.png?ln=primefaces-aristo HTTP/1.1" 304 -
190.84.43.161 - - [31/Mar/2024:11:37:05 -0500] "POST /sipse/faces/presentacion/financiero/solicitudProceso/listarSolicitudProceso.xhtml HTTP/1.1" 200 1400
190.84.43.161 - - [31/Mar/2024:11:37:10 -0500] "POST /sipse/faces/presentacion/financiero/solicitudProceso/listarSolicitudProceso.xhtml HTTP/1.1" 200 10295
186.29.13.227 - - [31/Mar/2024:11:37:14 -0500] "POST /sipse/faces/presentacion/financiero/solicitudProceso/listarSolicitudProceso.xhtml HTTP/1.1" 200 41401
186.29.13.227 - - [31/Mar/2024:11:37:14 -0500] "GET /sipse/faces/javax.faces.resource/jquery/jquery.js?ln=primefaces&v=4.0 HTTP/1.1" 304 -
186.29.13.227 - - [31/Mar/2024:11:37:14 -0500] "GET /sipse/faces/javax.faces.resource/jquery/jquery-plugins.js?ln=primefaces&v=4.0 HTTP/1.1" 304 -
186.29.13.227 - - [31/Mar/2024:11:37:14 -0500] "GET /sipse/faces/javax.faces.resource/primefaces.js?ln=primefaces&v=4.0 HTTP/1.1" 304 -
186.29.13.227 - - [31/Mar/2024:11:37:14 -0500] "GET /sipse/faces/javax.faces.resource/layout/layout.js?ln=primefaces&v=4.0 HTTP/1.1" 304 -
186.29.13.227 - - [31/Mar/2024:11:37:19 -0500] "POST /sipse/faces/presentacion/financiero/solicitudProceso/consultar.xhtml HTTP/1.1" 200 12824
186.29.13.227 - - [31/Mar/2024:11:37:22 -0500] "POST /sipse/faces/presentacion/financiero/solicitudProceso/consultar.xhtml HTTP/1.1" 200 44183
186.29.13.227 - - [31/Mar/2024:11:37:23 -0500] "GET /sipse/faces/javax.faces.resource/jquery/jquery.js?ln=primefaces&v=4.0 HTTP/1.1" 304 -
186.29.13.227 - - [31/Mar/2024:11:37:23 -0500] "GET /sipse/faces/javax.faces.resource/jquery/jquery-plugins.js?ln=primefaces&v=4.0 HTTP/1.1" 304 -
186.29.13.227 - - [31/Mar/2024:11:37:23 -0500] "GET /sipse/faces/javax.faces.resource/primefaces.js?ln=primefaces&v=4.0 HTTP/1.1" 304 -
186.29.13.227 - - [31/Mar/2024:11:37:23 -0500] "GET /sipse/faces/javax.faces.resource/layout/layout.js?ln=primefaces&v=4.0 HTTP/1.1" 304 -
186.29.13.227 - - [31/Mar/2024:11:37:23 -0500] "POST /sipse/faces/presentacion/financiero/solicitudProceso/listarSolicitudProceso.xhtml HTTP/1.1" 200 37575
186.29.13.227 - - [31/Mar/2024:11:37:24 -0500] "POST /sipse/faces/presentacion/financiero/solicitudProceso/listarSolicitudProceso.xhtml HTTP/1.1" 200 1460
186.29.13.227 - - [31/Mar/2024:11:37:24 -0500] "POST /sipse/faces/presentacion/financiero/solicitudProceso/listarSolicitudProceso.xhtml HTTP/1.1" 200 1460
172.22.2.4 - - [31/Mar/2024:11:36:03 -0500] "GET /BLA/boletinlegal/ HTTP/1.1" 200 58273
190.84.43.161 - - [31/Mar/2024:11:37:47 -0500] "POST /sipse/faces/presentacion/financiero/solicitudProceso/listarSolicitudProceso.xhtml HTTP/1.1" 200 10295
190.84.43.161 - - [31/Mar/2024:11:37:48 -0500] "POST /sipse/faces/presentacion/financiero/solicitudProceso/listarSolicitudProceso.xhtml HTTP/1.1" 200 10295
190.84.43.161 - - [31/Mar/2024:11:37:51 -0500] "POST /sipse/faces/presentacion/financiero/solicitudProceso/listarSolicitudProceso.xhtml HTTP/1.1" 200 36128
190.84.43.161 - - [31/Mar/2024:11:37:52 -0500] "POST /sipse/faces/presentacion/financiero/solicitudProceso/listarSolicitudProceso.xhtml HTTP/1.1" 200 36136
190.84.43.161 - - [31/Mar/2024:11:37:55 -0500] "POST /sipse/faces/presentacion/financiero/solicitudProceso/listarSolicitudProceso.xhtml HTTP/1.1" 200 10291
216.245.221.92 - - [31/Mar/2024:11:37:57 -0500] "HEAD / HTTP/1.1" 200 -
216.244.66.195 - - [31/Mar/2024:11:38:07 -0500] "GET /robots.txt HTTP/1.1" 404 1018
201.245.192.253 - - [31/Mar/2024:11:38:57 -0500] "POST /kwsrmcab/Wsrmcab  HTTP/1.1" 200 39660
201.245.192.253 - - [31/Mar/2024:11:39:10 -0500] "POST /kwsrmcab/Wsrmcab HTTP/1.1" 200 36471
201.245.192.253 - - [31/Mar/2024:11:39:10 -0500] "POST /kwsrmcab/Wsrmcab HTTP/1.1" 200 39553
201.245.192.253 - - [31/Mar/2024:11:39:53 -0500] "POST /kwsrmcab/Wsrmcab HTTP/1.1" 200 39371
201.245.192.253 - - [31/Mar/2024:11:40:35 -0500] "POST /kwsrmcab/Wsrmcab HTTP/1.1" 200 39553
40.77.167.57 - - [31/Mar/2024:11:41:55 -0500] "GET /BLA/resoluciones/RESOLUCIONES%202021/1314.pdf HTTP/1.1" 200 569401
172.22.2.4 - - [31/Mar/2024:11:41:02 -0500] "HEAD /BLA/boletinlegal/ HTTP/1.1" 200 -
216.245.221.92 - - [31/Mar/2024:11:42:57 -0500] "HEAD / HTTP/1.1" 200 -
172.22.2.4 - - [31/Mar/2024:11:41:53 -0500] "GET /BLA/boletinlegal/ HTTP/1.1" 200 59967
186.29.13.227 - - [31/Mar/2024:11:43:32 -0500] "POST /sipse/faces/presentacion/financiero/solicitudProceso/listarSolicitudProceso.xhtml HTTP/1.1" 200 147477
186.29.13.227 - - [31/Mar/2024:11:43:33 -0500] "GET /sipse/faces/javax.faces.resource/jquery/jquery.js?ln=primefaces&v=4.0 HTTP/1.1" 304 -
186.29.13.227 - - [31/Mar/2024:11:43:33 -0500] "GET /sipse/faces/javax.faces.resource/jquery/jquery-plugins.js?ln=primefaces&v=4.0 HTTP/1.1" 304 -
186.29.13.227 - - [31/Mar/2024:11:43:34 -0500] "GET /sipse/faces/javax.faces.resource/primefaces.js?ln=primefaces&v=4.0 HTTP/1.1" 304 -
186.29.13.227 - - [31/Mar/2024:11:43:34 -0500] "GET /sipse/faces/javax.faces.resource/layout/layout.js?ln=primefaces&v=4.0 HTTP/1.1" 304 -
190.26.150.177 - - [31/Mar/2024:11:43:38 -0500] "GET /kwssiamovil/sm/acme/u?s=U2FsdGVkX1/Covaqzg4lWremwc3Ga/AZ0X+QX8X4ANq65/ODLZlaEzCnPtyE9jkDD2aXeB4keyF+cVe/aZlRWF8Uzh9wsrq6+16u9dn+1FbFdwhcPLec9ujsDNHI9+0BJsZ3WENKGw7De9jcRWp7Pd9mzMzav4SX9UCV21wyA5g=&u=U2FsdGVkX182D6COjYD5tO+YNxX5/H4E5Snq7tEgPCJfVqI47tStn1K7XeXXKMoI&y=U2FsdGVkX1+ZH6kN5fhi9OBHI9mB/McusYwrcDe4qwKagqiRQpCAorJKZ4pYxRl9 HTTP/1.1" 200 60
201.245.192.253 - - [31/Mar/2024:11:43:56 -0500] "POST /kwsrmcab/Wsrmcab  HTTP/1.1" 200 39660
190.84.43.161 - - [31/Mar/2024:11:44:11 -0500] "POST /sipse/faces/presentacion/financiero/solicitudProceso/listarSolicitudProceso.xhtml HTTP/1.1" 200 10295
190.84.43.161 - - [31/Mar/2024:11:44:12 -0500] "POST /sipse/faces/presentacion/financiero/solicitudProceso/listarSolicitudProceso.xhtml HTTP/1.1" 200 10291
190.84.43.161 - - [31/Mar/2024:11:44:14 -0500] "POST /sipse/faces/presentacion/financiero/solicitudProceso/listarSolicitudProceso.xhtml HTTP/1.1" 200 10358
190.84.43.161 - - [31/Mar/2024:11:44:19 -0500] "POST /sipse/faces/presentacion/financiero/solicitudProceso/listarSolicitudProceso.xhtml HTTP/1.1" 200 153642
190.84.43.161 - - [31/Mar/2024:11:44:23 -0500] "GET /sipse/faces/javax.faces.resource/theme.css?ln=primefaces-sipse HTTP/1.1" 304 -
190.84.43.161 - - [31/Mar/2024:11:44:24 -0500] "GET /sipse/faces/javax.faces.resource/primefaces.css?ln=primefaces&v=4.0 HTTP/1.1" 304 -
190.84.43.161 - - [31/Mar/2024:11:44:24 -0500] "GET /sipse/faces/javax.faces.resource/layout/layout.css?ln=primefaces&v=4.0 HTTP/1.1" 304 -
190.84.43.161 - - [31/Mar/2024:11:44:24 -0500] "GET /sipse/faces/javax.faces.resource/jquery/jquery.js?ln=primefaces&v=4.0 HTTP/1.1" 304 -
190.84.43.161 - - [31/Mar/2024:11:44:24 -0500] "GET /sipse/faces/javax.faces.resource/jquery/jquery-plugins.js?ln=primefaces&v=4.0 HTTP/1.1" 304 -
190.84.43.161 - - [31/Mar/2024:11:44:24 -0500] "GET /sipse/faces/javax.faces.resource/primefaces.js?ln=primefaces&v=4.0 HTTP/1.1" 304 -
190.84.43.161 - - [31/Mar/2024:11:44:24 -0500] "GET /sipse/faces/javax.faces.resource/layout/layout.js?ln=primefaces&v=4.0 HTTP/1.1" 304 -
190.84.43.161 - - [31/Mar/2024:11:44:24 -0500] "GET /sipse/css/imagen/contrasena.png HTTP/1.1" 404 383
190.84.43.161 - - [31/Mar/2024:11:44:45 -0500] "POST /sipse/faces/presentacion/financiero/solicitudProceso/consultarSolicitudProceso.xhtml HTTP/1.1" 200 21120
190.84.43.161 - - [31/Mar/2024:11:44:45 -0500] "GET /sipse/faces/javax.faces.resource/theme.css?ln=primefaces-sipse HTTP/1.1" 304 -
190.84.43.161 - - [31/Mar/2024:11:44:45 -0500] "GET /sipse/faces/javax.faces.resource/primefaces.css?ln=primefaces&v=4.0 HTTP/1.1" 304 -
190.84.43.161 - - [31/Mar/2024:11:44:45 -0500] "GET /sipse/faces/javax.faces.resource/layout/layout.css?ln=primefaces&v=4.0 HTTP/1.1" 304 -
190.84.43.161 - - [31/Mar/2024:11:44:45 -0500] "GET /sipse/faces/javax.faces.resource/jquery/jquery.js?ln=primefaces&v=4.0 HTTP/1.1" 304 -
190.84.43.161 - - [31/Mar/2024:11:44:45 -0500] "GET /sipse/faces/javax.faces.resource/fileupload/fileupload.css?ln=primefaces&v=4.0 HTTP/1.1" 304 -
190.84.43.161 - - [31/Mar/2024:11:44:45 -0500] "GET /sipse/faces/javax.faces.resource/primefaces.js?ln=primefaces&v=4.0 HTTP/1.1" 304 -
190.84.43.161 - - [31/Mar/2024:11:44:45 -0500] "GET /sipse/faces/javax.faces.resource/jquery/jquery-plugins.js?ln=primefaces&v=4.0 HTTP/1.1" 304 -
190.84.43.161 - - [31/Mar/2024:11:44:45 -0500] "GET /sipse/faces/javax.faces.resource/layout/layout.js?ln=primefaces&v=4.0 HTTP/1.1" 304 -
190.84.43.161 - - [31/Mar/2024:11:44:45 -0500] "GET /sipse/faces/javax.faces.resource/fileupload/fileupload.js?ln=primefaces&v=4.0 HTTP/1.1" 304 -
190.84.43.161 - - [31/Mar/2024:11:44:46 -0500] "GET /sipse/faces/javax.faces.resource/images/ui-icons_898989_256x240.png?ln=primefaces-aristo HTTP/1.1" 304 -
168.119.252.253 - - [31/Mar/2024:11:44:51 -0500] "GET / HTTP/1.1" 200 4720
190.84.43.161 - - [31/Mar/2024:11:45:06 -0500] "GET /sipse/faces/javax.faces.resource/primefaces.css?ln=primefaces&v=4.0 HTTP/1.1" 304 -
190.84.43.161 - - [31/Mar/2024:11:45:06 -0500] "GET /sipse/faces/javax.faces.resource/theme.css?ln=primefaces-sipse HTTP/1.1" 304 -
190.84.43.161 - - [31/Mar/2024:11:45:06 -0500] "GET /sipse/faces/javax.faces.resource/layout/layout.css?ln=primefaces&v=4.0 HTTP/1.1" 304 -
190.84.43.161 - - [31/Mar/2024:11:45:06 -0500] "GET /sipse/faces/javax.faces.resource/jquery/jquery.js?ln=primefaces&v=4.0 HTTP/1.1" 304 -
190.84.43.161 - - [31/Mar/2024:11:45:06 -0500] "GET /sipse/faces/javax.faces.resource/layout/layout.js?ln=primefaces&v=4.0 HTTP/1.1" 304 -
190.84.43.161 - - [31/Mar/2024:11:45:06 -0500] "GET /sipse/faces/javax.faces.resource/jquery/jquery-plugins.js?ln=primefaces&v=4.0 HTTP/1.1" 304 -
190.84.43.161 - - [31/Mar/2024:11:45:06 -0500] "GET /sipse/faces/javax.faces.resource/primefaces.js?ln=primefaces&v=4.0 HTTP/1.1" 304 -
190.84.43.161 - - [31/Mar/2024:11:45:05 -0500] "POST /sipse/faces/presentacion/sistema/anexos/cargarAnexoSolicitudProceso.xhtml HTTP/1.1" 200 201908
190.84.43.161 - - [31/Mar/2024:11:45:07 -0500] "GET /sipse/faces/javax.faces.resource/images/ui-icons_898989_256x240.png?ln=primefaces-aristo HTTP/1.1" 304 -
40.77.167.57 - - [31/Mar/2024:11:45:35 -0500] "GET /BLA/resoluciones/RESOLUCIONES%202016/1854.pdf HTTP/1.1" 200 1231804
190.84.43.161 - - [31/Mar/2024:11:46:35 -0500] "POST /sipse/faces/presentacion/financiero/solicitudProceso/consultarSolicitudProceso.xhtml HTTP/1.1" 200 100304
52.167.144.184 - - [31/Mar/2024:11:46:47 -0500] "GET /BLA/resoluciones/index.php?dir=AUTOS+2024%2F HTTP/1.1" 200 10947
216.245.221.92 - - [31/Mar/2024:11:47:56 -0500] "HEAD / HTTP/1.1" 200 -
172.22.2.4 - - [31/Mar/2024:11:46:52 -0500] "HEAD /BLA/boletinlegal/ HTTP/1.1" 200 -
201.245.192.253 - - [31/Mar/2024:11:48:54 -0500] "POST /kwsrmcab/Wsrmcab  HTTP/1.1" 200 39660
172.22.2.4 - - [31/Mar/2024:11:47:44 -0500] "GET /BLA/boletinlegal/ HTTP/1.1" 200 58273
47.128.127.22 - - [31/Mar/2024:11:50:31 -0500] "GET /BLA/resoluciones/AUTOS%202021/0245.php?act=f&d=E%3A%5Cnuevo%5Chtdocs%5CBLA%5Cresoluciones%5CAUTOS+2021%5C&f=6644.pdf&ft=edit&white=1 HTTP/1.1" 200 3104
47.128.127.22 - - [31/Mar/2024:11:50:32 -0500] "GET /BLA/resoluciones/AUTOS%202021/0245.php?act=img&img=ext_txt HTTP/1.1" 200 132
47.128.127.22 - - [31/Mar/2024:11:50:32 -0500] "GET /BLA/resoluciones/AUTOS%202021/0245.php?act=img&img=ext_pdf HTTP/1.1" 200 1034
47.128.127.22 - - [31/Mar/2024:11:50:32 -0500] "GET /BLA/resoluciones/AUTOS%202021/0245.php?act=img&img=ext_exe HTTP/1.1" 200 118
47.128.127.22 - - [31/Mar/2024:11:50:32 -0500] "GET /BLA/resoluciones/AUTOS%202021/0245.php?act=img&img=ext_gif HTTP/1.1" 200 175
47.128.127.22 - - [31/Mar/2024:11:50:32 -0500] "GET /BLA/resoluciones/AUTOS%202021/0245.php?act=img&img=ext_diz HTTP/1.1" 200 1027
47.128.127.22 - - [31/Mar/2024:11:50:32 -0500] "GET /BLA/resoluciones/AUTOS%202021/0245.php?act=img&img=ext_html HTTP/1.1" 200 230
47.128.127.22 - - [31/Mar/2024:11:50:33 -0500] "GET /BLA/resoluciones/AUTOS%202021/0245.php?act=img&img=download HTTP/1.1" 200 161
47.128.127.22 - - [31/Mar/2024:11:50:33 -0500] "GET /BLA/resoluciones/AUTOS%202021/0245.php?act=img&img=ext_ini HTTP/1.1" 200 134
47.128.127.22 - - [31/Mar/2024:11:50:33 -0500] "GET /BLA/resoluciones/AUTOS%202021/0245.php?act=img&img=change HTTP/1.1" 200 290
47.128.127.22 - - [31/Mar/2024:11:50:33 -0500] "GET /BLA/resoluciones/AUTOS%202021/0245.php?act=img&img=ext_rtf HTTP/1.1" 200 164
40.77.167.52 - - [31/Mar/2024:11:51:16 -0500] "GET /portaldeninos/?s=2024 HTTP/1.1" 200 85855
40.77.167.73 - - [31/Mar/2024:11:52:46 -0500] "GET /BLA/resoluciones/RESOLUCIONES%202017/0814.pdf HTTP/1.1" 200 499324
172.22.2.4 - - [31/Mar/2024:11:52:14 -0500] "GET /BLA/boletinlegal/ HTTP/1.1" 200 24523
216.245.221.92 - - [31/Mar/2024:11:52:57 -0500] "HEAD / HTTP/1.1" 200 -
201.245.192.253 - - [31/Mar/2024:11:53:45 -0500] "POST /kwsrmcab/Wsrmcab HTTP/1.1" 200 39306
201.245.192.253 - - [31/Mar/2024:11:53:52 -0500] "POST /kwsrmcab/Wsrmcab HTTP/1.1" 200 39549
201.245.192.253 - - [31/Mar/2024:11:53:53 -0500] "POST /kwsrmcab/Wsrmcab  HTTP/1.1" 200 39660
201.245.192.253 - - [31/Mar/2024:11:53:57 -0500] "POST /kwsrmcab/Wsrmcab HTTP/1.1" 200 39553
201.245.192.253 - - [31/Mar/2024:11:54:02 -0500] "POST /kwsrmcab/Wsrmcab HTTP/1.1" 200 213
172.22.2.4 - - [31/Mar/2024:11:52:43 -0500] "HEAD /BLA/boletinlegal/ HTTP/1.1" 200 -
172.22.2.4 - - [31/Mar/2024:11:53:33 -0500] "GET /BLA/boletinlegal/ HTTP/1.1" 200 59967
181.78.209.196 - - [31/Mar/2024:11:56:02 -0500] "POST /sipse/faces/presentacion/financiero/solicitudProceso/listarSolicitudProceso.xhtml HTTP/1.1" 200 3149
181.78.209.196 - - [31/Mar/2024:11:56:03 -0500] "POST /sipse/faces/presentacion/financiero/solicitudProceso/listarSolicitudProceso.xhtml HTTP/1.1" 200 40726
181.78.209.196 - - [31/Mar/2024:11:56:04 -0500] "GET /sipse/faces/javax.faces.resource/theme.css?ln=primefaces-sipse HTTP/1.1" 304 -
181.78.209.196 - - [31/Mar/2024:11:56:04 -0500] "GET /sipse/faces/javax.faces.resource/primefaces.css?ln=primefaces&v=4.0 HTTP/1.1" 304 -
181.78.209.196 - - [31/Mar/2024:11:56:04 -0500] "GET /sipse/faces/javax.faces.resource/layout/layout.css?ln=primefaces&v=4.0 HTTP/1.1" 304 -
181.78.209.196 - - [31/Mar/2024:11:56:04 -0500] "GET /sipse/css/imagen/contrasena.png HTTP/1.1" 404 383
181.78.209.196 - - [31/Mar/2024:11:56:04 -0500] "GET /sipse/faces/javax.faces.resource/jquery/jquery.js?ln=primefaces&v=4.0 HTTP/1.1" 304 -
181.78.209.196 - - [31/Mar/2024:11:56:04 -0500] "GET /sipse/faces/javax.faces.resource/jquery/jquery-plugins.js?ln=primefaces&v=4.0 HTTP/1.1" 304 -
181.78.209.196 - - [31/Mar/2024:11:56:04 -0500] "GET /sipse/faces/javax.faces.resource/primefaces.js?ln=primefaces&v=4.0 HTTP/1.1" 304 -
181.78.209.196 - - [31/Mar/2024:11:56:05 -0500] "GET /sipse/faces/javax.faces.resource/layout/layout.js?ln=primefaces&v=4.0 HTTP/1.1" 304 -
181.78.209.196 - - [31/Mar/2024:11:56:05 -0500] "POST /sipse/faces/presentacion/financiero/solicitudProceso/consultar.xhtml HTTP/1.1" 200 34149
181.78.209.196 - - [31/Mar/2024:11:56:09 -0500] "POST /sipse/faces/presentacion/financiero/solicitudProceso/consultar.xhtml HTTP/1.1" 200 13086
181.78.209.196 - - [31/Mar/2024:11:56:11 -0500] "POST /sipse/faces/presentacion/financiero/solicitudProceso/consultar.xhtml HTTP/1.1" 200 152884
181.78.209.196 - - [31/Mar/2024:11:56:12 -0500] "GET /sipse/faces/javax.faces.resource/theme.css?ln=primefaces-sipse HTTP/1.1" 304 -
181.78.209.196 - - [31/Mar/2024:11:56:12 -0500] "GET /sipse/faces/javax.faces.resource/primefaces.css?ln=primefaces&v=4.0 HTTP/1.1" 304 -
181.78.209.196 - - [31/Mar/2024:11:56:13 -0500] "GET /sipse/faces/javax.faces.resource/layout/layout.css?ln=primefaces&v=4.0 HTTP/1.1" 304 -
181.78.209.196 - - [31/Mar/2024:11:56:13 -0500] "GET /sipse/faces/javax.faces.resource/jquery/jquery.js?ln=primefaces&v=4.0 HTTP/1.1" 304 -
181.78.209.196 - - [31/Mar/2024:11:56:13 -0500] "GET /sipse/faces/javax.faces.resource/jquery/jquery-plugins.js?ln=primefaces&v=4.0 HTTP/1.1" 304 -
181.78.209.196 - - [31/Mar/2024:11:56:13 -0500] "GET /sipse/faces/javax.faces.resource/primefaces.js?ln=primefaces&v=4.0 HTTP/1.1" 304 -
181.78.209.196 - - [31/Mar/2024:11:56:13 -0500] "GET /sipse/faces/javax.faces.resource/layout/layout.js?ln=primefaces&v=4.0 HTTP/1.1" 304 -
181.78.209.196 - - [31/Mar/2024:11:56:13 -0500] "GET /sipse/css/imagen/contrasena.png HTTP/1.1" 404 383
181.78.209.196 - - [31/Mar/2024:11:56:25 -0500] "POST /sipse/faces/presentacion/financiero/solicitudProceso/consultarSolicitudProceso.xhtml HTTP/1.1" 200 2116755
216.245.221.92 - - [31/Mar/2024:11:57:57 -0500] "HEAD / HTTP/1.1" 200 -
201.245.192.253 - - [31/Mar/2024:11:58:52 -0500] "POST /kwsrmcab/Wsrmcab  HTTP/1.1" 200 39660
186.29.13.227 - - [31/Mar/2024:11:58:55 -0500] "POST /sipse/faces/presentacion/financiero/solicitudProceso/consultarSolicitudProceso.xhtml HTTP/1.1" 200 5574
172.22.2.4 - - [31/Mar/2024:11:58:34 -0500] "HEAD /BLA/boletinlegal/ HTTP/1.1" 200 -
173.252.107.3 - - [31/Mar/2024:12:00:27 -0500] "GET /robots.txt HTTP/1.1" 404 1034
173.252.107.7 - - [31/Mar/2024:12:00:27 -0500] "GET /robots.txt HTTP/1.1" 404 1034
173.252.107.9 - - [31/Mar/2024:12:00:27 -0500] "GET /recuperados-en-la-terminal-el-salitre-102-peces-que-eran-movilizados-ilegalmente-desde-el-caribe-colombiano.html HTTP/1.1" 200 773
173.252.107.7 - - [31/Mar/2024:12:00:27 -0500] "GET /recuperados-en-la-terminal-el-salitre-102-peces-que-eran-movilizados-ilegalmente-desde-el-caribe-colombiano.html HTTP/1.1" 200 773
172.22.2.4 - - [31/Mar/2024:11:59:25 -0500] "GET /BLA/boletinlegal/ HTTP/1.1" 200 58273
52.167.144.184 - - [31/Mar/2024:12:01:46 -0500] "GET /BLA/resoluciones/RESOLUCIONES%202022/2787.pdf HTTP/1.1" 200 407333
40.77.167.16 - - [31/Mar/2024:12:02:44 -0500] "GET / HTTP/1.1" 200 4720
20.110.58.60 - - [31/Mar/2024:12:02:45 -0500] "GET / HTTP/1.1" 200 4720
40.77.167.132 - - [31/Mar/2024:12:02:45 -0500] "GET /favicon.ico HTTP/1.1" 404 1034
20.110.58.60 - - [31/Mar/2024:12:02:45 -0500] "GET /favicon.ico HTTP/1.1" 404 1034
40.77.167.16 - - [31/Mar/2024:12:02:46 -0500] "GET / HTTP/1.1" 200 4720
20.110.58.60 - - [31/Mar/2024:12:02:47 -0500] "GET / HTTP/1.1" 200 4720
40.77.167.132 - - [31/Mar/2024:12:02:47 -0500] "GET /favicon.ico HTTP/1.1" 404 1034
216.245.221.92 - - [31/Mar/2024:12:02:57 -0500] "HEAD / HTTP/1.1" 200 -
47.128.96.186 - - [31/Mar/2024:12:03:32 -0500] "GET /BLA/resoluciones/AUTOS%202021/0245.php?act=chmod&d=E%3A%5Cnuevo%5Chtdocs%5CBLA%5Cresoluciones%5CAUTOS+2021&f=6151.pdf HTTP/1.1" 200 2901
201.245.192.253 - - [31/Mar/2024:12:03:50 -0500] "POST /kwsrmcab/Wsrmcab  HTTP/1.1" 200 39660
52.167.144.184 - - [31/Mar/2024:12:04:06 -0500] "GET /BLA/resoluciones/RESOLUCIONES%202018/2908.pdf HTTP/1.1" 200 351003
40.77.167.57 - - [31/Mar/2024:12:04:53 -0500] "GET /Publicaciones/2024EE58240.pdf HTTP/1.1" 404 227
172.22.2.4 - - [31/Mar/2024:12:04:23 -0500] "HEAD /BLA/boletinlegal/ HTTP/1.1" 200 -
216.244.66.195 - - [31/Mar/2024:12:06:51 -0500] "GET /BLA/resoluciones/RESOLUCIONES%202011/0317.pdf HTTP/1.1" 200 197872
172.22.2.4 - - [31/Mar/2024:12:05:14 -0500] "GET /BLA/boletinlegal/ HTTP/1.1" 200 59967
40.77.167.78 - - [31/Mar/2024:12:07:18 -0500] "GET /BLA/resoluciones/RESOLUCIONES%202016/1938.pdf HTTP/1.1" 200 640234
216.244.66.195 - - [31/Mar/2024:12:07:31 -0500] "GET /BLA/resoluciones/RESOLUCIONES%202011/0484.pdf HTTP/1.1" 200 68393
216.245.221.92 - - [31/Mar/2024:12:07:57 -0500] "HEAD / HTTP/1.1" 200 -
216.244.66.195 - - [31/Mar/2024:12:08:05 -0500] "GET /BLA/resoluciones/RESOLUCIONES%202011/0497.pdf HTTP/1.1" 200 92861
40.77.167.78 - - [31/Mar/2024:12:08:07 -0500] "GET /Publicaciones/2024EE49410.pdf HTTP/1.1" 404 227
216.244.66.195 - - [31/Mar/2024:12:08:40 -0500] "GET /BLA/resoluciones/RESOLUCIONES%202011/0736.pdf HTTP/1.1" 200 247000
201.245.192.253 - - [31/Mar/2024:12:08:49 -0500] "POST /kwsrmcab/Wsrmcab  HTTP/1.1" 200 39660
40.77.167.143 - - [31/Mar/2024:12:08:55 -0500] "GET /BLA/resoluciones/RESOLUCIONES%202018/1751.pdf HTTP/1.1" 200 376812
216.244.66.195 - - [31/Mar/2024:12:09:23 -0500] "GET /BLA/resoluciones/RESOLUCIONES%202011/0902.pdf HTTP/1.1" 200 77127
181.78.209.196 - - [31/Mar/2024:12:09:42 -0500] "POST /sipse/faces/presentacion/financiero/solicitudProceso/consultarSolicitudProceso.xhtml HTTP/1.1" 200 91098
216.244.66.195 - - [31/Mar/2024:12:09:57 -0500] "GET /BLA/resoluciones/RESOLUCIONES%202011/0928.pdf HTTP/1.1" 200 69139
216.244.66.195 - - [31/Mar/2024:12:10:28 -0500] "GET /BLA/resoluciones/RESOLUCIONES%202011/0975.pdf HTTP/1.1" 200 72897
40.77.167.57 - - [31/Mar/2024:12:10:49 -0500] "GET /BLA/resoluciones/RESOLUCIONES%202017/1339.pdf HTTP/1.1" 200 406464
216.244.66.195 - - [31/Mar/2024:12:11:00 -0500] "GET /BLA/resoluciones/RESOLUCIONES%202011/0983.pdf HTTP/1.1" 200 80737
146.19.24.28 - - [31/Mar/2024:12:11:00 -0500] "GET / HTTP/1.1" 200 319
69.171.231.118 - - [31/Mar/2024:12:11:34 -0500] "GET /images/WhatsApp%20Image%202023-04-26%20at%2011.09.07%20AM.jpeg HTTP/1.1" 200 152382
216.244.66.195 - - [31/Mar/2024:12:11:39 -0500] "GET /BLA/resoluciones/RESOLUCIONES%202011/1015.pdf HTTP/1.1" 200 77069
172.22.2.4 - - [31/Mar/2024:12:10:13 -0500] "HEAD /BLA/boletinlegal/ HTTP/1.1" 200 -
216.244.66.195 - - [31/Mar/2024:12:12:10 -0500] "GET /BLA/resoluciones/RESOLUCIONES%202011/1028.pdf HTTP/1.1" 200 68417
172.22.2.4 - - [31/Mar/2024:12:11:04 -0500] "GET /BLA/boletinlegal/ HTTP/1.1" 200 59967
216.244.66.195 - - [31/Mar/2024:12:12:45 -0500] "GET /BLA/resoluciones/RESOLUCIONES%202011/1212.pdf HTTP/1.1" 200 355391
52.167.144.238 - - [31/Mar/2024:12:12:55 -0500] "GET /BLA/resoluciones/RESOLUCIONES%202021/4074.pdf HTTP/1.1" 200 436490
216.245.221.92 - - [31/Mar/2024:12:12:57 -0500] "HEAD / HTTP/1.1" 200 -
216.244.66.195 - - [31/Mar/2024:12:13:29 -0500] "GET /BLA/resoluciones/RESOLUCIONES%202011/1347.pdf HTTP/1.1" 200 69723
173.252.83.7 - - [31/Mar/2024:12:13:31 -0500] "GET /images/24%20de%20febrero%20Sendero%20guadalupe%202.jpeg HTTP/1.1" 200 70964
201.245.192.253 - - [31/Mar/2024:12:13:48 -0500] "POST /kwsrmcab/Wsrmcab  HTTP/1.1" 200 39660
216.244.66.195 - - [31/Mar/2024:12:14:02 -0500] "GET /BLA/resoluciones/RESOLUCIONES%202011/1394.pdf HTTP/1.1" 200 73079
216.244.66.195 - - [31/Mar/2024:12:14:35 -0500] "GET /BLA/resoluciones/RESOLUCIONES%202011/1545.pdf HTTP/1.1" 200 69707
40.77.167.57 - - [31/Mar/2024:12:15:09 -0500] "GET /BLA/resoluciones/RESOLUCIONES%202016/2327.pdf HTTP/1.1" 200 596438
172.22.2.4 - - [31/Mar/2024:12:15:34 -0500] "GET /BLA/boletinlegal/robots.txt HTTP/1.1" 404 1139
40.77.167.57 - - [31/Mar/2024:12:16:06 -0500] "GET /BLA/resoluciones/AUTOS%202013/3208.pdf HTTP/1.1" 304 -
40.77.167.57 - - [31/Mar/2024:12:16:40 -0500] "GET /BLA/resoluciones/RESOLUCIONES%202017/0826.pdf HTTP/1.1" 200 663579
190.84.43.161 - - [31/Mar/2024:12:17:03 -0500] "GET /sipse/faces/javax.faces.resource/images/ui-bg_flat_0_2d5972_40x100.png?ln=primefaces-aristo HTTP/1.1" 304 -
190.84.43.161 - - [31/Mar/2024:12:17:03 -0500] "POST /sipse/faces/presentacion/financiero/solicitudProceso/consultarSolicitudProceso.xhtml HTTP/1.1" 200 37307
190.84.43.161 - - [31/Mar/2024:12:17:05 -0500] "GET /sipse/faces/javax.faces.resource/primefaces.css?ln=primefaces&v=4.0 HTTP/1.1" 304 -
