52.167.144.140 - - [31/Mar/2024:05:36:17 -0500] "GET /BLA/resoluciones/RESOLUCIONES%202018/2373.pdf HTTP/1.1" 200 451618
216.245.221.92 - - [31/Mar/2024:05:37:58 -0500] "HEAD / HTTP/1.1" 200 -
52.167.144.184 - - [31/Mar/2024:05:38:12 -0500] "GET /BLA/resoluciones/RESOLUCIONES%202016/2223.pdf HTTP/1.1" 200 564948
66.249.66.21 - - [31/Mar/2024:05:38:41 -0500] "GET /BLA/resoluciones/AUTOS%202007/1919.pdf HTTP/1.1" 200 90400
201.245.192.253 - - [31/Mar/2024:05:39:11 -0500] "POST /kwsrmcab/Wsrmcab HTTP/1.1" 200 39598
201.245.192.253 - - [31/Mar/2024:05:39:13 -0500] "POST /kwsrmcab/Wsrmcab HTTP/1.1" 200 39260
201.245.192.253 - - [31/Mar/2024:05:39:54 -0500] "POST /kwsrmcab/Wsrmcab HTTP/1.1" 200 39255
52.167.144.171 - - [31/Mar/2024:05:40:09 -0500] "GET /Publicaciones/2024EE09768.pdf HTTP/1.1" 200 3379696
201.245.192.253 - - [31/Mar/2024:05:40:39 -0500] "POST /kwsrmcab/Wsrmcab  HTTP/1.1" 200 39660
201.245.192.253 - - [31/Mar/2024:05:40:40 -0500] "POST /kwsrmcab/Wsrmcab HTTP/1.1" 200 39260
172.22.2.4 - - [31/Mar/2024:05:39:18 -0500] "HEAD /BLA/boletinlegal/ HTTP/1.1" 200 -
172.22.2.4 - - [31/Mar/2024:05:40:09 -0500] "GET /BLA/boletinlegal/ HTTP/1.1" 200 53818
216.245.221.92 - - [31/Mar/2024:05:42:58 -0500] "HEAD / HTTP/1.1" 200 -
52.167.144.171 - - [31/Mar/2024:05:45:14 -0500] "GET /BLA/resoluciones/RESOLUCIONES%202021/1314.pdf HTTP/1.1" 200 569401
52.167.144.171 - - [31/Mar/2024:05:45:16 -0500] "GET /BLA/resoluciones/RESOLUCIONES%202018/1739.pdf HTTP/1.1" 200 422846
201.245.192.253 - - [31/Mar/2024:05:45:39 -0500] "POST /kwsrmcab/Wsrmcab  HTTP/1.1" 200 39660
66.249.66.19 - - [31/Mar/2024:05:46:39 -0500] "GET /BLA/resoluciones/AUTOS%202008/2573.pdf HTTP/1.1" 200 99682
172.22.2.4 - - [31/Mar/2024:05:45:08 -0500] "HEAD /BLA/boletinlegal/ HTTP/1.1" 200 -
172.22.2.4 - - [31/Mar/2024:05:45:59 -0500] "GET /BLA/boletinlegal/ HTTP/1.1" 200 58720
52.167.144.237 - - [31/Mar/2024:05:47:51 -0500] "GET /BLA/resoluciones/RESOLUCIONES%202021/3826.pdf HTTP/1.1" 200 453126
216.245.221.92 - - [31/Mar/2024:05:47:58 -0500] "HEAD / HTTP/1.1" 200 -
20.240.13.248 - - [31/Mar/2024:05:48:49 -0500] "GET /Publicaciones/2023EE301448.pdf HTTP/1.1" 404 228
40.77.167.143 - - [31/Mar/2024:05:48:52 -0500] "GET /BLA/resoluciones/AUTOS%202013/3208.pdf HTTP/1.1" 304 -
201.245.192.253 - - [31/Mar/2024:05:50:37 -0500] "POST /kwsrmcab/Wsrmcab  HTTP/1.1" 200 39660
172.22.2.4 - - [31/Mar/2024:05:50:58 -0500] "HEAD /BLA/boletinlegal/ HTTP/1.1" 200 -
172.22.2.4 - - [31/Mar/2024:05:52:49 -0500] "GET /BLA/boletinlegal/js/jquery.js HTTP/1.1" 200 57254
172.22.2.4 - - [31/Mar/2024:05:52:50 -0500] "GET /BLA/boletinlegal/js/jquery.scrollTo-min.js HTTP/1.1" 200 1150
172.22.2.4 - - [31/Mar/2024:05:52:50 -0500] "GET /BLA/boletinlegal/js/jquery.scrollShow.js HTTP/1.1" 200 4586
216.245.221.92 - - [31/Mar/2024:05:52:58 -0500] "HEAD / HTTP/1.1" 200 -
52.167.144.171 - - [31/Mar/2024:05:53:20 -0500] "GET /BLA/resoluciones/RESOLUCIONES%202016/0859.pdf HTTP/1.1" 200 636643
172.22.2.4 - - [31/Mar/2024:05:51:49 -0500] "GET /BLA/boletinlegal/ HTTP/1.1" 200 56779
172.22.2.4 - - [31/Mar/2024:05:52:49 -0500] "GET /BLA/boletinlegal/ HTTP/1.1" 200 32715
40.77.167.143 - - [31/Mar/2024:05:53:51 -0500] "GET /bla/resoluciones/notificaciones/registros%202020/0055.pdf HTTP/1.1" 304 -
40.77.167.143 - - [31/Mar/2024:05:53:52 -0500] "GET /BLA/resoluciones/AUTOS%202013/0672.pdf HTTP/1.1" 200 2578694
172.22.2.4 - - [31/Mar/2024:05:54:34 -0500] "GET /BLA/boletinlegal/js/jquery.js HTTP/1.1" 200 57254
172.22.2.4 - - [31/Mar/2024:05:54:34 -0500] "GET /BLA/boletinlegal/js/jquery.scrollTo-min.js HTTP/1.1" 200 1150
172.22.2.4 - - [31/Mar/2024:05:54:34 -0500] "GET /BLA/boletinlegal/js/jquery.scrollShow.js HTTP/1.1" 200 4586
172.22.2.4 - - [31/Mar/2024:05:55:07 -0500] "GET /BLA/boletinlegal/Directivas/2019/Directiva%20No.%200001%20del%2011%20de%20junio%20de%202019.pdf HTTP/1.1" 304 -
172.22.2.4 - - [31/Mar/2024:05:54:33 -0500] "GET /BLA/boletinlegal/ HTTP/1.1" 200 32715
40.77.167.132 - - [31/Mar/2024:05:55:18 -0500] "GET /Publicaciones/2024EE54609.pdf HTTP/1.1" 404 227
40.77.167.132 - - [31/Mar/2024:05:55:30 -0500] "GET /BLA/resoluciones/RESOLUCIONES%202019/2694.pdf HTTP/1.1" 200 384988
201.245.192.253 - - [31/Mar/2024:05:55:36 -0500] "POST /kwsrmcab/Wsrmcab  HTTP/1.1" 200 39660
52.167.144.237 - - [31/Mar/2024:05:56:03 -0500] "GET /BLA/resoluciones/RESOLUCIONES%202018/3834.pdf HTTP/1.1" 200 489573
52.167.144.237 - - [31/Mar/2024:05:56:04 -0500] "GET /BLA/resoluciones/RESOLUCIONES%202018/3386.pdf HTTP/1.1" 200 290750
40.77.167.132 - - [31/Mar/2024:05:57:09 -0500] "GET /BLA/resoluciones/RESOLUCIONES%202019/2307.pdf HTTP/1.1" 200 689405
216.245.221.92 - - [31/Mar/2024:05:57:58 -0500] "HEAD / HTTP/1.1" 200 -
40.77.167.132 - - [31/Mar/2024:05:58:00 -0500] "GET /BLA/resoluciones/RESOLUCIONES%202018/2372.pdf HTTP/1.1" 200 469736
52.167.144.236 - - [31/Mar/2024:05:58:04 -0500] "GET /Publicaciones/2024EE59705.pdf HTTP/1.1" 404 227
172.22.2.4 - - [31/Mar/2024:05:56:48 -0500] "HEAD /BLA/boletinlegal/ HTTP/1.1" 200 -
66.249.66.19 - - [31/Mar/2024:05:58:34 -0500] "GET /robots.txt HTTP/1.1" 404 1018
66.249.66.19 - - [31/Mar/2024:05:58:34 -0500] "GET /BLA/resoluciones/RESOLUCIONES%202010/5234.pdf HTTP/1.1" 200 778733
66.249.66.19 - - [31/Mar/2024:05:59:03 -0500] "GET /BLA/resoluciones/AUTOS%202013/2294.pdf HTTP/1.1" 200 701595
172.22.2.4 - - [31/Mar/2024:05:57:39 -0500] "GET /BLA/boletinlegal/ HTTP/1.1" 200 53818
66.249.66.20 - - [31/Mar/2024:06:00:33 -0500] "GET /BLA/resoluciones/RESOLUCIONES%202007/RES%202007%203201%20AL%203300/RESOLUCION%203277%20DE%202007.pdf HTTP/1.1" 200 251872
201.245.192.253 - - [31/Mar/2024:06:00:34 -0500] "POST /kwsrmcab/Wsrmcab  HTTP/1.1" 200 39660
66.249.66.19 - - [31/Mar/2024:06:00:54 -0500] "GET /BLA/resoluciones/RESOLUCIONES%202010/5943.pdf HTTP/1.1" 200 101425
137.184.128.167 - - [31/Mar/2024:06:02:19 -0500] "GET / HTTP/1.1" 200 319
216.245.221.92 - - [31/Mar/2024:06:02:58 -0500] "HEAD / HTTP/1.1" 200 -
172.22.2.4 - - [31/Mar/2024:06:02:38 -0500] "HEAD /BLA/boletinlegal/ HTTP/1.1" 200 -
172.22.2.4 - - [31/Mar/2024:06:03:29 -0500] "GET /BLA/boletinlegal/ HTTP/1.1" 200 58720
201.245.192.253 - - [31/Mar/2024:06:05:33 -0500] "POST /kwsrmcab/Wsrmcab  HTTP/1.1" 200 39660
173.252.95.2 - - [31/Mar/2024:06:06:29 -0500] "GET /tinguas-azules-secretaria-de-ambiente-atiende-alto-numero-de-reportes-de-aves-migratorias.html HTTP/1.1" 200 923
173.252.95.13 - - [31/Mar/2024:06:06:29 -0500] "GET /tinguas-azules-secretaria-de-ambiente-atiende-alto-numero-de-reportes-de-aves-migratorias.html HTTP/1.1" 200 923
173.252.107.111 - - [31/Mar/2024:06:06:29 -0500] "GET /images/foto%202.jpg HTTP/1.1" 200 63300
47.128.54.122 - - [31/Mar/2024:06:07:50 -0500] "GET /BLA/resoluciones/AUTOS%202021/0245.php?act=f&d=E%3A%5Cnuevo%5Chtdocs%5CBLA%5Cresoluciones%5CAUTOS+2021%5C&f=2153.pdf&ft=txt HTTP/1.1" 200 3009
47.128.54.122 - - [31/Mar/2024:06:07:51 -0500] "GET /BLA/resoluciones/AUTOS%202021/0245.php?act=img&img=ext_ini HTTP/1.1" 200 134
47.128.54.122 - - [31/Mar/2024:06:07:51 -0500] "GET /BLA/resoluciones/AUTOS%202021/0245.php?act=img&img=ext_txt HTTP/1.1" 200 132
47.128.54.122 - - [31/Mar/2024:06:07:51 -0500] "GET /BLA/resoluciones/AUTOS%202021/0245.php?act=img&img=ext_diz HTTP/1.1" 200 1027
47.128.54.122 - - [31/Mar/2024:06:07:51 -0500] "GET /BLA/resoluciones/AUTOS%202021/0245.php?act=img&img=ext_exe HTTP/1.1" 200 118
47.128.54.122 - - [31/Mar/2024:06:07:51 -0500] "GET /BLA/resoluciones/AUTOS%202021/0245.php?act=img&img=ext_html HTTP/1.1" 200 230
47.128.54.122 - - [31/Mar/2024:06:07:51 -0500] "GET /BLA/resoluciones/AUTOS%202021/0245.php?act=img&img=ext_gif HTTP/1.1" 200 175
47.128.54.122 - - [31/Mar/2024:06:07:51 -0500] "GET /BLA/resoluciones/AUTOS%202021/0245.php?act=img&img=ext_rtf HTTP/1.1" 200 164
47.128.54.122 - - [31/Mar/2024:06:07:51 -0500] "GET /BLA/resoluciones/AUTOS%202021/0245.php?act=img&img=download HTTP/1.1" 200 161
47.128.54.122 - - [31/Mar/2024:06:07:51 -0500] "GET /BLA/resoluciones/AUTOS%202021/0245.php?act=img&img=change HTTP/1.1" 200 290
47.128.54.122 - - [31/Mar/2024:06:07:51 -0500] "GET /BLA/resoluciones/AUTOS%202021/0245.php?act=img&img=ext_pdf HTTP/1.1" 200 1034
47.128.53.96 - - [31/Mar/2024:06:07:27 -0500] "GET /BLA/resoluciones/AUTOS%202021/0245.php?act=f&d=E%3A%5Cnuevo%5Chtdocs%5CBLA%5Cresoluciones%5CAUTOS+2021%5C&f=4112.pdf&ft=code&white=1 HTTP/1.1" 200 343766
216.245.221.92 - - [31/Mar/2024:06:07:58 -0500] "HEAD / HTTP/1.1" 200 -
23.26.220.31 - - [31/Mar/2024:06:08:09 -0500] "GET /wp-login.php HTTP/1.1" 404 1018
47.128.60.4 - - [31/Mar/2024:06:08:14 -0500] "GET /BLA/resoluciones/AUTOS%202021/0245.php?act=f&d=E%3A%5Cnuevo%5Chtdocs%5CBLA%5Cresoluciones%5CAUTOS+2021&f=2201.pdf&ft=info HTTP/1.1" 200 3843
47.128.60.4 - - [31/Mar/2024:06:08:15 -0500] "GET /BLA/resoluciones/AUTOS%202021/0245.php?act=img&img=ext_html HTTP/1.1" 200 230
47.128.60.4 - - [31/Mar/2024:06:08:15 -0500] "GET /BLA/resoluciones/AUTOS%202021/0245.php?act=img&img=ext_diz HTTP/1.1" 200 1027
47.128.60.4 - - [31/Mar/2024:06:08:15 -0500] "GET /BLA/resoluciones/AUTOS%202021/0245.php?act=img&img=ext_exe HTTP/1.1" 200 118
47.128.60.4 - - [31/Mar/2024:06:08:15 -0500] "GET /BLA/resoluciones/AUTOS%202021/0245.php?act=img&img=ext_pdf HTTP/1.1" 200 1034
47.128.60.4 - - [31/Mar/2024:06:08:15 -0500] "GET /BLA/resoluciones/AUTOS%202021/0245.php?act=img&img=ext_txt HTTP/1.1" 200 132
47.128.60.4 - - [31/Mar/2024:06:08:15 -0500] "GET /BLA/resoluciones/AUTOS%202021/0245.php?act=img&img=ext_gif HTTP/1.1" 200 175
47.128.60.4 - - [31/Mar/2024:06:08:15 -0500] "GET /BLA/resoluciones/AUTOS%202021/0245.php?act=img&img=change HTTP/1.1" 200 290
47.128.60.4 - - [31/Mar/2024:06:08:15 -0500] "GET /BLA/resoluciones/AUTOS%202021/0245.php?act=img&img=ext_rtf HTTP/1.1" 200 164
47.128.60.4 - - [31/Mar/2024:06:08:15 -0500] "GET /BLA/resoluciones/AUTOS%202021/0245.php?act=img&img=download HTTP/1.1" 200 161
47.128.60.4 - - [31/Mar/2024:06:08:15 -0500] "GET /BLA/resoluciones/AUTOS%202021/0245.php?act=img&img=ext_ini HTTP/1.1" 200 134
40.77.167.8 - - [31/Mar/2024:06:08:16 -0500] "GET /BLA/resoluciones/RESOLUCIONES%202016/0267.pdf HTTP/1.1" 200 1637745
40.77.167.8 - - [31/Mar/2024:06:08:17 -0500] "GET /BLA/resoluciones/RESOLUCIONES%202017/2274.pdf HTTP/1.1" 200 1089779
47.128.49.103 - - [31/Mar/2024:06:08:38 -0500] "GET /BLA/resoluciones/AUTOS%202021/0245.php?act=f&d=E%3A%5Cnuevo%5Chtdocs%5CBLA%5Cresoluciones%5CAUTOS+2021%5C&f=1847.pdf&ft=ini HTTP/1.1" 200 3012
47.128.49.103 - - [31/Mar/2024:06:08:39 -0500] "GET /BLA/resoluciones/AUTOS%202021/0245.php?act=img&img=ext_html HTTP/1.1" 200 230
47.128.49.103 - - [31/Mar/2024:06:08:39 -0500] "GET /BLA/resoluciones/AUTOS%202021/0245.php?act=img&img=ext_diz HTTP/1.1" 200 1027
47.128.49.103 - - [31/Mar/2024:06:08:39 -0500] "GET /BLA/resoluciones/AUTOS%202021/0245.php?act=img&img=ext_exe HTTP/1.1" 200 118
47.128.49.103 - - [31/Mar/2024:06:08:39 -0500] "GET /BLA/resoluciones/AUTOS%202021/0245.php?act=img&img=ext_gif HTTP/1.1" 200 175
47.128.49.103 - - [31/Mar/2024:06:08:39 -0500] "GET /BLA/resoluciones/AUTOS%202021/0245.php?act=img&img=ext_pdf HTTP/1.1" 200 1034
47.128.49.103 - - [31/Mar/2024:06:08:39 -0500] "GET /BLA/resoluciones/AUTOS%202021/0245.php?act=img&img=ext_txt HTTP/1.1" 200 132
47.128.49.103 - - [31/Mar/2024:06:08:39 -0500] "GET /BLA/resoluciones/AUTOS%202021/0245.php?act=img&img=ext_rtf HTTP/1.1" 200 164
47.128.49.103 - - [31/Mar/2024:06:08:39 -0500] "GET /BLA/resoluciones/AUTOS%202021/0245.php?act=img&img=change HTTP/1.1" 200 290
47.128.49.103 - - [31/Mar/2024:06:08:39 -0500] "GET /BLA/resoluciones/AUTOS%202021/0245.php?act=img&img=download HTTP/1.1" 200 161
47.128.49.103 - - [31/Mar/2024:06:08:39 -0500] "GET /BLA/resoluciones/AUTOS%202021/0245.php?act=img&img=ext_ini HTTP/1.1" 200 134
66.249.66.21 - - [31/Mar/2024:06:08:56 -0500] "GET /BLA/resoluciones/RESOLUCIONES%202009/5987.pdf HTTP/1.1" 200 676602
40.77.167.126 - - [31/Mar/2024:06:08:59 -0500] "GET /Publicaciones/2024EE57924.pdf HTTP/1.1" 404 227
47.128.55.196 - - [31/Mar/2024:06:09:04 -0500] "GET /BLA/resoluciones/AUTOS%202021/0245.php?act=f&d=E%3A%5Cnuevo%5Chtdocs%5CBLA%5Cresoluciones%5CAUTOS+2021%5C&f=0496.pdf&ft=html&white=1 HTTP/1.1" 200 519986
40.77.167.126 - - [31/Mar/2024:06:09:49 -0500] "GET /Publicaciones/2024EE59680.pdf HTTP/1.1" 404 227
66.249.66.21 - - [31/Mar/2024:06:10:05 -0500] "GET /BLA/resoluciones/RESOLUCIONES%202009/1317.pdf HTTP/1.1" 200 414750
172.22.2.4 - - [31/Mar/2024:06:08:28 -0500] "HEAD /BLA/boletinlegal/ HTTP/1.1" 200 -
201.245.192.253 - - [31/Mar/2024:06:10:32 -0500] "POST /kwsrmcab/Wsrmcab  HTTP/1.1" 200 39660
172.22.2.4 - - [31/Mar/2024:06:09:19 -0500] "GET /BLA/boletinlegal/ HTTP/1.1" 200 58720
216.245.221.92 - - [31/Mar/2024:06:12:58 -0500] "HEAD / HTTP/1.1" 200 -
66.249.66.21 - - [31/Mar/2024:06:13:14 -0500] "GET /BLA/resoluciones/RESOLUCIONES%202007/RES%202007%201%20AL%20100/RESOLUCION%200041%20DE%202007.pdf HTTP/1.1" 200 445581
168.119.253.21 - - [31/Mar/2024:06:13:30 -0500] "GET / HTTP/1.1" 200 4720
186.29.149.73 - - [31/Mar/2024:06:13:39 -0500] "GET /distrito-firmo-resolucion-de-etiquetado-vehicular-ambiental-herramienta-para-clasificar-vehiculos-segun-sus-niveles-de-emisiones.html HTTP/1.1" 200 841
201.245.192.253 - - [31/Mar/2024:06:15:31 -0500] "POST /kwsrmcab/Wsrmcab  HTTP/1.1" 200 39660
172.22.2.4 - - [31/Mar/2024:06:14:18 -0500] "HEAD /BLA/boletinlegal/ HTTP/1.1" 200 -
172.22.2.4 - - [31/Mar/2024:06:15:09 -0500] "GET /BLA/boletinlegal/ HTTP/1.1" 200 58273
216.244.66.195 - - [31/Mar/2024:06:16:59 -0500] "GET /robots.txt HTTP/1.1" 404 1018
216.245.221.92 - - [31/Mar/2024:06:17:58 -0500] "HEAD / HTTP/1.1" 200 -
52.167.144.235 - - [31/Mar/2024:06:18:52 -0500] "GET /BLA/resoluciones/RESOLUCIONES%202019/2417.pdf HTTP/1.1" 200 425541
201.245.192.253 - - [31/Mar/2024:06:19:53 -0500] "POST /kwsrmcab/Wsrmcab HTTP/1.1" 200 39272
201.245.192.253 - - [31/Mar/2024:06:19:11 -0500] "POST /kwsrmcab/Wsrmcab HTTP/1.1" 200 39759
201.245.192.253 - - [31/Mar/2024:06:19:54 -0500] "POST /kwsrmcab/Wsrmcab HTTP/1.1" 200 39119
201.245.192.253 - - [31/Mar/2024:06:20:29 -0500] "POST /kwsrmcab/Wsrmcab  HTTP/1.1" 200 39660
40.77.167.254 - - [31/Mar/2024:06:21:20 -0500] "GET /BLA/resoluciones/RESOLUCIONES%202018/0819.pdf HTTP/1.1" 200 399245
172.22.2.4 - - [31/Mar/2024:06:20:08 -0500] "HEAD /BLA/boletinlegal/ HTTP/1.1" 200 -
201.245.192.253 - - [31/Mar/2024:06:20:39 -0500] "POST /kwsrmcab/Wsrmcab HTTP/1.1" 200 21442
172.22.2.4 - - [31/Mar/2024:06:20:59 -0500] "GET /BLA/boletinlegal/ HTTP/1.1" 200 58273
216.245.221.92 - - [31/Mar/2024:06:22:58 -0500] "HEAD / HTTP/1.1" 200 -
52.167.144.233 - - [31/Mar/2024:06:24:36 -0500] "GET /BLA/resoluciones/RESOLUCIONES%202017/3643.pdf HTTP/1.1" 200 374275
52.167.144.235 - - [31/Mar/2024:06:24:43 -0500] "GET /BLA/resoluciones/RESOLUCIONES%202017/0065.pdf HTTP/1.1" 200 552418
66.249.66.20 - - [31/Mar/2024:06:25:07 -0500] "GET /BLA/resoluciones/RESOLUCIONES%202012/1914.pdf HTTP/1.1" 200 319834
201.245.192.253 - - [31/Mar/2024:06:25:28 -0500] "POST /kwsrmcab/Wsrmcab  HTTP/1.1" 200 39660
40.77.167.65 - - [31/Mar/2024:06:25:55 -0500] "GET /BLA/resoluciones/AUTOS%202020/4553.pdf HTTP/1.1" 304 -
40.77.167.254 - - [31/Mar/2024:06:26:14 -0500] "GET /Publicaciones/2024EE59657.pdf HTTP/1.1" 404 227
66.249.66.19 - - [31/Mar/2024:06:27:17 -0500] "GET /Publicaciones/2024EE35420.pdf HTTP/1.1" 404 227
66.249.66.20 - - [31/Mar/2024:06:27:18 -0500] "GET /bla/resoluciones/resoluciones%202007/res%202007%204001%20al%204100/resolucion%204090%20de%202007.pdf HTTP/1.1" 200 13950935
66.249.66.2 - - [31/Mar/2024:06:27:33 -0500] "GET /BLA/resoluciones/RESOLUCIONES%202009/4718.pdf HTTP/1.1" 200 359298
172.22.2.4 - - [31/Mar/2024:06:25:58 -0500] "HEAD /BLA/boletinlegal/ HTTP/1.1" 200 -
216.245.221.92 - - [31/Mar/2024:06:27:58 -0500] "HEAD / HTTP/1.1" 200 -
40.77.167.54 - - [31/Mar/2024:06:27:59 -0500] "GET /BLA/resoluciones/AUTOS%202021/4633.pdf HTTP/1.1" 304 -
172.22.2.4 - - [31/Mar/2024:06:26:49 -0500] "GET /BLA/boletinlegal/ HTTP/1.1" 200 58720
47.128.35.230 - - [31/Mar/2024:06:28:58 -0500] "GET /robots.txt HTTP/1.1" 404 1018
47.128.38.104 - - [31/Mar/2024:06:29:24 -0500] "GET /BLA/resoluciones/AUTOS%202021/0245.php?act=chmod&d=E%3A%5Cnuevo%5Chtdocs%5Ccumbredelclima%5Cwp-admin&f=edit-comments.php HTTP/1.1" 200 2890
47.128.114.72 - - [31/Mar/2024:06:29:46 -0500] "GET /BLA/resoluciones/AUTOS%202021/0245.php?act=chmod&d=E%3A%5Cnuevo%5Chtdocs%5Cxampp&f=guestbook-pt.pl HTTP/1.1" 200 2862
201.245.192.253 - - [31/Mar/2024:06:29:10 -0500] "POST /kwsrmcab/Wsrmcab HTTP/1.1" 200 39759
201.245.192.253 - - [31/Mar/2024:06:29:53 -0500] "POST /kwsrmcab/Wsrmcab HTTP/1.1" 200 39272
201.245.192.253 - - [31/Mar/2024:06:29:55 -0500] "POST /kwsrmcab/Wsrmcab HTTP/1.1" 200 39119
52.167.144.219 - - [31/Mar/2024:06:30:02 -0500] "GET /Publicaciones/2023EE301456.pdf HTTP/1.1" 404 228
52.167.144.219 - - [31/Mar/2024:06:30:02 -0500] "GET /BLA/resoluciones/RESOLUCIONES%202019/1808.pdf HTTP/1.1" 200 353921
47.128.28.253 - - [31/Mar/2024:06:30:10 -0500] "GET /BLA/resoluciones/AUTOS%202021/0245.php?act=d&d=E%3A%5Cnuevo%5Chtdocs%5CResiduos%5Cmaderas HTTP/1.1" 200 2763
52.167.144.184 - - [31/Mar/2024:06:30:18 -0500] "GET /BLA/resoluciones/RESOLUCIONES%202018/0296.pdf HTTP/1.1" 200 391607
201.245.192.253 - - [31/Mar/2024:06:30:26 -0500] "POST /kwsrmcab/Wsrmcab  HTTP/1.1" 200 39660
134.209.111.9 - - [31/Mar/2024:06:30:34 -0500] "GET /robots.txt HTTP/1.1" 404 1018
47.128.28.189 - - [31/Mar/2024:06:31:44 -0500] "GET /BLA/resoluciones/AUTOS%202021/0245.php?act=f&d=E%3A%5Cnuevo%5CMercuryMail&f=transflt.mer HTTP/1.1" 200 2970
47.128.28.189 - - [31/Mar/2024:06:31:45 -0500] "GET /BLA/resoluciones/AUTOS%202021/0245.php?act=img&img=ext_ini HTTP/1.1" 200 134
47.128.28.189 - - [31/Mar/2024:06:31:45 -0500] "GET /BLA/resoluciones/AUTOS%202021/0245.php?act=img&img=ext_html HTTP/1.1" 200 230
47.128.28.189 - - [31/Mar/2024:06:31:45 -0500] "GET /BLA/resoluciones/AUTOS%202021/0245.php?act=img&img=ext_gif HTTP/1.1" 200 175
47.128.28.189 - - [31/Mar/2024:06:31:45 -0500] "GET /BLA/resoluciones/AUTOS%202021/0245.php?act=img&img=ext_exe HTTP/1.1" 200 118
47.128.28.189 - - [31/Mar/2024:06:31:45 -0500] "GET /BLA/resoluciones/AUTOS%202021/0245.php?act=img&img=ext_diz HTTP/1.1" 200 1027
47.128.28.189 - - [31/Mar/2024:06:31:45 -0500] "GET /BLA/resoluciones/AUTOS%202021/0245.php?act=img&img=ext_txt HTTP/1.1" 200 132
173.252.107.9 - - [31/Mar/2024:06:31:45 -0500] "GET /el-agua-recurso-vital-para-la-conservacion-de-los-ecosistemas.html HTTP/1.1" 206 870
173.252.107.4 - - [31/Mar/2024:06:31:45 -0500] "GET /el-agua-recurso-vital-para-la-conservacion-de-los-ecosistemas.html HTTP/1.1" 206 870
47.128.28.189 - - [31/Mar/2024:06:31:46 -0500] "GET /BLA/resoluciones/AUTOS%202021/0245.php?act=img&img=download HTTP/1.1" 200 161
47.128.28.189 - - [31/Mar/2024:06:31:46 -0500] "GET /BLA/resoluciones/AUTOS%202021/0245.php?act=img&img=ext_rtf HTTP/1.1" 200 164
47.128.28.189 - - [31/Mar/2024:06:31:46 -0500] "GET /BLA/resoluciones/AUTOS%202021/0245.php?act=img&img=change HTTP/1.1" 200 290
47.128.28.189 - - [31/Mar/2024:06:31:46 -0500] "GET /BLA/resoluciones/AUTOS%202021/0245.php?act=img&img=ext_mer HTTP/1.1" 200 1034
173.252.107.8 - - [31/Mar/2024:06:31:46 -0500] "GET /el-agua-recurso-vital-para-la-conservacion-de-los-ecosistemas.html HTTP/1.1" 200 870
173.252.107.5 - - [31/Mar/2024:06:31:46 -0500] "GET /el-agua-recurso-vital-para-la-conservacion-de-los-ecosistemas.html HTTP/1.1" 200 870
173.252.107.7 - - [31/Mar/2024:06:31:46 -0500] "GET /images/panel%20u%20la%20salle.jpg HTTP/1.1" 200 56131
173.252.107.3 - - [31/Mar/2024:06:31:46 -0500] "GET /bogota-reverdece-100-nuevos-arboles-para-el-humedal-capellania.html HTTP/1.1" 206 807
173.252.107.116 - - [31/Mar/2024:06:31:46 -0500] "GET /bogota-reverdece-100-nuevos-arboles-para-el-humedal-capellania.html HTTP/1.1" 206 807
173.252.107.1 - - [31/Mar/2024:06:31:47 -0500] "GET /bogota-reverdece-100-nuevos-arboles-para-el-humedal-capellania.html HTTP/1.1" 200 807
173.252.107.5 - - [31/Mar/2024:06:31:47 -0500] "GET /images/plantaci\xc3\xb3n%20humedal%20capellania.jpeg HTTP/1.1" 404 1034
173.252.107.6 - - [31/Mar/2024:06:31:47 -0500] "GET /bogota-reverdece-100-nuevos-arboles-para-el-humedal-capellania.html HTTP/1.1" 200 807
173.252.107.8 - - [31/Mar/2024:06:31:48 -0500] "GET /images/plantaci\xc3\xb3n%20humedal%20capellania.jpeg HTTP/1.1" 404 1034
201.245.192.253 - - [31/Mar/2024:06:30:39 -0500] "POST /kwsrmcab/Wsrmcab HTTP/1.1" 200 14506
52.167.144.184 - - [31/Mar/2024:06:31:57 -0500] "GET /BLA/resoluciones/RESOLUCIONES%202017/1252.pdf HTTP/1.1" 200 388045
173.252.107.8 - - [31/Mar/2024:06:31:58 -0500] "GET /distrito-y-mujeres-que-reverdecen-plantaron-128-arboles-en-el-bosque-urbano-santa-helena.html HTTP/1.1" 206 828
173.252.107.10 - - [31/Mar/2024:06:31:58 -0500] "GET /distrito-y-mujeres-que-reverdecen-plantaron-128-arboles-en-el-bosque-urbano-santa-helena.html HTTP/1.1" 206 828
173.252.107.6 - - [31/Mar/2024:06:31:59 -0500] "GET /distrito-y-mujeres-que-reverdecen-plantaron-128-arboles-en-el-bosque-urbano-santa-helena.html HTTP/1.1" 200 828
173.252.107.7 - - [31/Mar/2024:06:31:59 -0500] "GET /distrito-y-mujeres-que-reverdecen-plantaron-128-arboles-en-el-bosque-urbano-santa-helena.html HTTP/1.1" 200 828
173.252.107.7 - - [31/Mar/2024:06:31:59 -0500] "GET /images/plantacion%20mujeres%20reverdecen.jpg HTTP/1.1" 200 66437
172.22.2.4 - - [31/Mar/2024:06:32:01 -0500] "GET /BLA/boletinlegal/js/jquery.js HTTP/1.1" 200 57254
172.22.2.4 - - [31/Mar/2024:06:32:01 -0500] "GET /BLA/boletinlegal/js/jquery.scrollTo-min.js HTTP/1.1" 200 1150
172.22.2.4 - - [31/Mar/2024:06:32:01 -0500] "GET /BLA/boletinlegal/js/jquery.scrollShow.js HTTP/1.1" 200 4586
47.128.22.163 - - [31/Mar/2024:06:32:08 -0500] "GET /BLA/resoluciones/AUTOS%202021/0245.php?act=chmod&d=E%3A%5Cnuevo%5Chtdocs%5Ccumbreclima%5Cwp-includes&f=link-template.php HTTP/1.1" 200 2891
47.128.125.214 - - [31/Mar/2024:06:32:32 -0500] "GET /BLA/resoluciones/AUTOS%202021/0245.php?act=chmod&d=E%3A%5Cnuevo%5CMercuryMail&f=mbxmaint_ui.exe HTTP/1.1" 200 2852
172.22.2.4 - - [31/Mar/2024:06:32:00 -0500] "GET /BLA/boletinlegal/ HTTP/1.1" 200 32715
47.128.20.21 - - [31/Mar/2024:06:32:58 -0500] "GET /BLA/resoluciones/AUTOS%202021/0245.php?act=chmod&d=E%3A%5Cnuevo%5Cmailoutput&f=mail-20150722-1614-287000.txt HTTP/1.1" 200 2863
216.245.221.92 - - [31/Mar/2024:06:32:58 -0500] "HEAD / HTTP/1.1" 200 -
47.128.20.250 - - [31/Mar/2024:06:33:21 -0500] "GET /BLA/resoluciones/AUTOS%202021/0245.php?act=f&d=E%3A%5Cnuevo%5Chtdocs%5Ccumbreclima%5Cwp-admin&f=options-head.php HTTP/1.1" 200 3451
47.128.20.250 - - [31/Mar/2024:06:33:22 -0500] "GET /BLA/resoluciones/AUTOS%202021/0245.php?act=img&img=ext_ini HTTP/1.1" 200 134
47.128.20.250 - - [31/Mar/2024:06:33:22 -0500] "GET /BLA/resoluciones/AUTOS%202021/0245.php?act=img&img=ext_exe HTTP/1.1" 200 118
47.128.20.250 - - [31/Mar/2024:06:33:22 -0500] "GET /BLA/resoluciones/AUTOS%202021/0245.php?act=img&img=ext_gif HTTP/1.1" 200 175
47.128.20.250 - - [31/Mar/2024:06:33:22 -0500] "GET /BLA/resoluciones/AUTOS%202021/0245.php?act=img&img=ext_html HTTP/1.1" 200 230
47.128.20.250 - - [31/Mar/2024:06:33:22 -0500] "GET /BLA/resoluciones/AUTOS%202021/0245.php?act=img&img=ext_txt HTTP/1.1" 200 132
47.128.20.250 - - [31/Mar/2024:06:33:22 -0500] "GET /BLA/resoluciones/AUTOS%202021/0245.php?act=img&img=ext_diz HTTP/1.1" 200 1027
47.128.20.250 - - [31/Mar/2024:06:33:22 -0500] "GET /BLA/resoluciones/AUTOS%202021/0245.php?act=img&img=ext_rtf HTTP/1.1" 200 164
47.128.20.250 - - [31/Mar/2024:06:33:23 -0500] "GET /BLA/resoluciones/AUTOS%202021/0245.php?act=img&img=download HTTP/1.1" 200 161
47.128.20.250 - - [31/Mar/2024:06:33:23 -0500] "GET /BLA/resoluciones/AUTOS%202021/0245.php?act=img&img=ext_php HTTP/1.1" 200 79
47.128.20.250 - - [31/Mar/2024:06:33:23 -0500] "GET /BLA/resoluciones/AUTOS%202021/0245.php?act=img&img=change HTTP/1.1" 200 290
172.22.2.4 - - [31/Mar/2024:06:31:48 -0500] "HEAD /BLA/boletinlegal/ HTTP/1.1" 200 -
66.249.66.19 - - [31/Mar/2024:06:33:47 -0500] "GET /BLA/resoluciones/AUTOS%202017/4179.pdf HTTP/1.1" 200 3154196
66.249.66.20 - - [31/Mar/2024:06:34:01 -0500] "GET /portel_dama/libreria/php/2006/restauracion/22_proye/xtras_in/3a.pdf HTTP/1.1" 404 1018
52.167.144.219 - - [31/Mar/2024:06:34:13 -0500] "GET /BLA/resoluciones/AUTOS%202022/6093.pdf HTTP/1.1" 304 -
172.22.2.4 - - [31/Mar/2024:06:32:39 -0500] "GET /BLA/boletinlegal/ HTTP/1.1" 200 56191
52.167.144.219 - - [31/Mar/2024:06:34:55 -0500] "GET /BLA/resoluciones/RESOLUCIONES%202016/0788.pdf HTTP/1.1" 200 563879
52.167.144.184 - - [31/Mar/2024:06:35:23 -0500] "GET /BLA/resoluciones/RESOLUCIONES%202018/0929.pdf HTTP/1.1" 200 366291
201.245.192.253 - - [31/Mar/2024:06:35:25 -0500] "POST /kwsrmcab/Wsrmcab  HTTP/1.1" 200 39660
216.244.66.195 - - [31/Mar/2024:06:36:03 -0500] "GET /BLA/resoluciones/AUTOS%202019/0506.pdf HTTP/1.1" 200 269123
216.244.66.195 - - [31/Mar/2024:06:36:43 -0500] "GET /BLA/resoluciones/AUTOS%202019/1565.pdf HTTP/1.1" 200 266556
66.249.66.21 - - [31/Mar/2024:06:36:49 -0500] "GET /BLA/resoluciones/RESOLUCIONES%202009/1148.pdf HTTP/1.1" 200 438707
52.167.144.184 - - [31/Mar/2024:06:37:08 -0500] "GET /BLA/resoluciones/RESOLUCIONES%202017/2117.pdf HTTP/1.1" 200 477568
216.244.66.195 - - [31/Mar/2024:06:37:23 -0500] "GET /BLA/resoluciones/AUTOS%202019/2174.pdf HTTP/1.1" 200 253954
40.77.167.73 - - [31/Mar/2024:06:37:36 -0500] "GET /BLA/resoluciones/RESOLUCIONES%202018/2824.pdf HTTP/1.1" 200 350950
216.245.221.92 - - [31/Mar/2024:06:37:58 -0500] "HEAD / HTTP/1.1" 200 -
216.244.66.195 - - [31/Mar/2024:06:37:59 -0500] "GET /BLA/resoluciones/AUTOS%202019/3049.pdf HTTP/1.1" 200 271411
172.22.2.4 - - [31/Mar/2024:06:38:05 -0500] "GET /BLA/boletinlegal/ HTTP/1.1" 200 20427
216.244.66.195 - - [31/Mar/2024:06:38:44 -0500] "GET /BLA/resoluciones/AUTOS%202019/3125.pdf HTTP/1.1" 200 311494
201.245.192.253 - - [31/Mar/2024:06:39:11 -0500] "POST /kwsrmcab/Wsrmcab HTTP/1.1" 200 39759
201.245.192.253 - - [31/Mar/2024:06:39:13 -0500] "POST /kwsrmcab/Wsrmcab HTTP/1.1" 200 39119
172.22.2.4 - - [31/Mar/2024:06:37:38 -0500] "HEAD /BLA/boletinlegal/ HTTP/1.1" 200 -
52.70.240.171 - - [31/Mar/2024:06:39:49 -0500] "GET /robots.txt HTTP/1.1" 404 1018
201.245.192.253 - - [31/Mar/2024:06:39:54 -0500] "POST /kwsrmcab/Wsrmcab HTTP/1.1" 200 39272
3.224.220.101 - - [31/Mar/2024:06:39:57 -0500] "GET /BLA/resolu HTTP/1.1" 404 1018
52.167.144.145 - - [31/Mar/2024:06:40:05 -0500] "GET /BLA/resoluciones/RESOLUCIONES%202018/1098.pdf HTTP/1.1" 200 389113
172.22.2.4 - - [31/Mar/2024:06:38:29 -0500] "GET /BLA/boletinlegal/ HTTP/1.1" 200 58273
201.245.192.253 - - [31/Mar/2024:06:40:24 -0500] "POST /kwsrmcab/Wsrmcab  HTTP/1.1" 200 39660
172.22.2.4 - - [31/Mar/2024:06:41:08 -0500] "GET /BLA/boletinlegal/ HTTP/1.1" 200 20427
201.245.192.253 - - [31/Mar/2024:06:40:39 -0500] "POST /kwsrmcab/Wsrmcab HTTP/1.1" 200 14506
216.245.221.92 - - [31/Mar/2024:06:42:58 -0500] "HEAD / HTTP/1.1" 200 -
66.249.66.19 - - [31/Mar/2024:06:43:29 -0500] "GET /BLA/resoluciones/AUTOS%202013/2813.pdf HTTP/1.1" 200 259542
190.202.250.29 - - [31/Mar/2024:06:43:58 -0500] "GET / HTTP/1.1" 200 319
52.167.144.16 - - [31/Mar/2024:06:44:47 -0500] "GET /BLA/resoluciones/RESOLUCIONES%202018/3241.pdf HTTP/1.1" 200 357291
172.22.2.4 - - [31/Mar/2024:06:44:50 -0500] "GET /BLA/boletinlegal/jurisprudencia/analisis/SENTENCIA%20C-703%20DE%202010.xls HTTP/1.1" 200 38912
172.22.2.4 - - [31/Mar/2024:06:43:28 -0500] "HEAD /BLA/boletinlegal/ HTTP/1.1" 200 -
66.249.66.19 - - [31/Mar/2024:06:45:19 -0500] "GET /BLA/resoluciones/RESOLUCIONES%202009/8152.pdf HTTP/1.1" 200 497543
201.245.192.253 - - [31/Mar/2024:06:45:23 -0500] "POST /kwsrmcab/Wsrmcab  HTTP/1.1" 200 39660
172.22.2.4 - - [31/Mar/2024:06:44:19 -0500] "GET /BLA/boletinlegal/ HTTP/1.1" 200 58273
172.22.2.4 - - [31/Mar/2024:06:46:13 -0500] "GET /BLA/boletinlegal/ HTTP/1.1" 200 62720
216.245.221.92 - - [31/Mar/2024:06:47:58 -0500] "HEAD / HTTP/1.1" 200 -
201.245.192.253 - - [31/Mar/2024:06:50:21 -0500] "POST /kwsrmcab/Wsrmcab  HTTP/1.1" 200 39660
172.22.2.4 - - [31/Mar/2024:06:50:44 -0500] "GET /BLA/boletinlegal/js/jquery.js HTTP/1.1" 200 57254
172.22.2.4 - - [31/Mar/2024:06:50:44 -0500] "GET /BLA/boletinlegal/js/jquery.scrollTo-min.js HTTP/1.1" 200 1150
172.22.2.4 - - [31/Mar/2024:06:50:44 -0500] "GET /BLA/boletinlegal/js/jquery.scrollShow.js HTTP/1.1" 200 4586
172.22.2.4 - - [31/Mar/2024:06:49:18 -0500] "HEAD /BLA/boletinlegal/ HTTP/1.1" 200 -
172.22.2.4 - - [31/Mar/2024:06:50:43 -0500] "GET /BLA/boletinlegal/ HTTP/1.1" 200 24523
172.22.2.4 - - [31/Mar/2024:06:50:09 -0500] "GET /BLA/boletinlegal/ HTTP/1.1" 200 54913
52.167.144.166 - - [31/Mar/2024:06:51:57 -0500] "GET /Publicaciones/2023EE213214.pdf HTTP/1.1" 404 228
114.119.135.172 - - [31/Mar/2024:06:52:56 -0500] "GET /portalsiaccapacitaciones/Soportes%20Capacitaciones%202017/Presentacin%20sda%20Manejo%20y%20Gestin%20de%20Vertimientos.pdf HTTP/1.1" 404 1272
216.245.221.92 - - [31/Mar/2024:06:52:58 -0500] "HEAD / HTTP/1.1" 200 -
172.22.2.4 - - [31/Mar/2024:06:54:58 -0500] "GET /BLA/boletinlegal/style.css HTTP/1.1" 200 9406
172.22.2.4 - - [31/Mar/2024:06:54:58 -0500] "GET /BLA/boletinlegal/styles2.css HTTP/1.1" 200 1838
172.22.2.4 - - [31/Mar/2024:06:54:58 -0500] "GET /BLA/boletinlegal/js/jquery.js HTTP/1.1" 200 57254
172.22.2.4 - - [31/Mar/2024:06:54:58 -0500] "GET /BLA/boletinlegal/js/jquery.scrollShow.js HTTP/1.1" 200 4586
172.22.2.4 - - [31/Mar/2024:06:54:58 -0500] "GET /BLA/boletinlegal/js/jquery.scrollTo-min.js HTTP/1.1" 200 1150
172.22.2.4 - - [31/Mar/2024:06:54:58 -0500] "GET /BLA/boletinlegal/images/cabezote%20BLEGAL.jpg HTTP/1.1" 200 118164
172.22.2.4 - - [31/Mar/2024:06:54:58 -0500] "GET /BLA/boletinlegal/images/screen_1.png HTTP/1.1" 200 202547
172.22.2.4 - - [31/Mar/2024:06:54:58 -0500] "GET /BLA/boletinlegal/images/subscribe-icon-big.png HTTP/1.1" 200 47702
172.22.2.4 - - [31/Mar/2024:06:54:58 -0500] "GET /BLA/boletinlegal/images/registro-usuarios.png HTTP/1.1" 200 8106
172.22.2.4 - - [31/Mar/2024:06:54:58 -0500] "GET /BLA/boletinlegal/images/historia.png HTTP/1.1" 200 52775
172.22.2.4 - - [31/Mar/2024:06:54:58 -0500] "GET /BLA/boletinlegal/images/arr_l.jpg HTTP/1.1" 200 1979
172.22.2.4 - - [31/Mar/2024:06:54:58 -0500] "GET /BLA/boletinlegal/images/launch.jpg HTTP/1.1" 200 14577
172.22.2.4 - - [31/Mar/2024:06:54:58 -0500] "GET /BLA/boletinlegal/images/body_bg.jpg HTTP/1.1" 200 1601
172.22.2.4 - - [31/Mar/2024:06:54:58 -0500] "GET /BLA/boletinlegal/images/menu_lft.gif HTTP/1.1" 200 1713
172.22.2.4 - - [31/Mar/2024:06:54:58 -0500] "GET /BLA/boletinlegal/images/menu_rght.gif HTTP/1.1" 200 1627
172.22.2.4 - - [31/Mar/2024:06:54:58 -0500] "GET /BLA/boletinlegal/images/bg_top.jpg HTTP/1.1" 200 522
172.22.2.4 - - [31/Mar/2024:06:54:58 -0500] "GET /BLA/boletinlegal/images/menu_bg.jpg HTTP/1.1" 200 620
172.22.2.4 - - [31/Mar/2024:06:54:58 -0500] "GET /BLA/boletinlegal/images/hover.jpg HTTP/1.1" 200 640
172.22.2.4 - - [31/Mar/2024:06:54:58 -0500] "GET /BLA/boletinlegal/images/text.jpg HTTP/1.1" 200 568
172.22.2.4 - - [31/Mar/2024:06:55:05 -0500] "GET /BLA/boletinlegal/images/screen_2.png HTTP/1.1" 200 362502
172.22.2.4 - - [31/Mar/2024:06:55:05 -0500] "GET /BLA/boletinlegal/images/screen_5.png HTTP/1.1" 200 368876
172.22.2.4 - - [31/Mar/2024:06:55:05 -0500] "GET /BLA/boletinlegal/images/arr_r.jpg HTTP/1.1" 200 1998
172.22.2.4 - - [31/Mar/2024:06:55:05 -0500] "GET /BLA/boletinlegal/images/screen_3.png HTTP/1.1" 200 210620
172.22.2.4 - - [31/Mar/2024:06:55:05 -0500] "GET /BLA/boletinlegal/images/footer_bg.jpg HTTP/1.1" 200 586
172.22.2.4 - - [31/Mar/2024:06:55:07 -0500] "GET /BLA/boletinlegal/actos.php HTTP/1.1" 200 9738
172.22.2.4 - - [31/Mar/2024:06:55:08 -0500] "GET /BLA/boletinlegal/niceforms.js HTTP/1.1" 200 22876
172.22.2.4 - - [31/Mar/2024:06:55:08 -0500] "GET /BLA/boletinlegal/niceforms-default.css HTTP/1.1" 200 6694
172.22.2.4 - - [31/Mar/2024:06:55:08 -0500] "GET /BLA/boletinlegal/js/lib.js HTTP/1.1" 200 6474
172.22.2.4 - - [31/Mar/2024:06:55:08 -0500] "GET /BLA/boletinlegal/js/popup.js HTTP/1.1" 200 1270
172.22.2.4 - - [31/Mar/2024:06:55:08 -0500] "GET /BLA/boletinlegal/js/jquery1.js HTTP/1.1" 200 29846
172.22.2.4 - - [31/Mar/2024:06:55:08 -0500] "GET /BLA/boletinlegal/js/ajax_actos.js HTTP/1.1" 200 1322
172.22.2.4 - - [31/Mar/2024:06:55:08 -0500] "GET /BLA/boletinlegal/images/green-yellow-blue-pink-th.png HTTP/1.1" 200 7394
172.22.2.4 - - [31/Mar/2024:06:55:08 -0500] "GET /BLA/boletinlegal/images/tel.png HTTP/1.1" 200 14477
172.22.2.4 - - [31/Mar/2024:06:55:08 -0500] "GET /BLA/boletinlegal/images/icono-email.png HTTP/1.1" 200 5544
172.22.2.4 - - [31/Mar/2024:06:55:08 -0500] "GET /BLA/boletinlegal/images/footer_bg_l.jpg HTTP/1.1" 200 776
172.22.2.4 - - [31/Mar/2024:06:55:08 -0500] "GET /BLA/boletinlegal/img/0.png HTTP/1.1" 200 110
172.22.2.4 - - [31/Mar/2024:06:55:08 -0500] "GET /BLA/boletinlegal/img/select-left.png HTTP/1.1" 200 263
172.22.2.4 - - [31/Mar/2024:06:55:08 -0500] "GET /BLA/boletinlegal/img/select-right.png HTTP/1.1" 200 44019
172.22.2.4 - - [31/Mar/2024:06:55:08 -0500] "GET /BLA/boletinlegal/img/button-left.png HTTP/1.1" 200 57071
172.22.2.4 - - [31/Mar/2024:06:55:08 -0500] "GET /BLA/boletinlegal/img/button.png HTTP/1.1" 200 43241
172.22.2.4 - - [31/Mar/2024:06:55:08 -0500] "GET /BLA/boletinlegal/img/button-right.png HTTP/1.1" 200 57878
172.22.2.4 - - [31/Mar/2024:06:55:08 -0500] "GET /BLA/boletinlegal/favicon.ico HTTP/1.1" 404 1326
172.22.2.4 - - [31/Mar/2024:06:55:20 -0500] "GET /BLA/boletinlegal/consulta_actos.php?tipo=autos&no=&usuario=&sector=RUIDO&fecha=2024&resuelve= HTTP/1.1" 200 626
201.245.192.253 - - [31/Mar/2024:06:55:19 -0500] "POST /kwsrmcab/Wsrmcab  HTTP/1.1" 200 39660
172.22.2.4 - - [31/Mar/2024:06:55:31 -0500] "GET /BLA/boletinlegal/consulta_actos.php?tipo=autos&no=&usuario=&sector=RUIDO&fecha=2023&resuelve= HTTP/1.1" 200 22947
172.22.2.4 - - [31/Mar/2024:06:55:31 -0500] "GET /BLA/boletinlegal/images/background.gif HTTP/1.1" 200 -
172.22.2.4 - - [31/Mar/2024:06:55:31 -0500] "GET /BLA/boletinlegal/images/pdf.gif HTTP/1.1" 200 567
40.77.167.57 - - [31/Mar/2024:06:55:40 -0500] "GET /BLA/resoluciones/RESOLUCIONES%202016/1644.pdf HTTP/1.1" 200 893205
172.22.2.4 - - [31/Mar/2024:06:54:58 -0500] "GET /BLA/boletinlegal/ HTTP/1.1" 200 32715
186.29.166.141 - - [31/Mar/2024:06:55:50 -0500] "GET /BLA/resoluciones/AUTOS%202023/5498.pdf HTTP/1.1" 200 2349681
186.29.166.141 - - [31/Mar/2024:06:55:51 -0500] "GET /BLA/resoluciones/AUTOS%202023/5498.pdf HTTP/1.1" 200 2349681
186.29.166.141 - - [31/Mar/2024:06:55:51 -0500] "GET /favicon.ico HTTP/1.1" 200 7782
114.119.132.238 - - [31/Mar/2024:06:56:08 -0500] "GET /portalsiaccapacitaciones/Soportes%20Capacitaciones%202017/PRESENTACIN%20GESTIN%20DE%20RIESGOS%20SDA%2020.10.2017.pdf HTTP/1.1" 404 1272
40.77.167.132 - - [31/Mar/2024:06:56:19 -0500] "GET /BLA/resoluciones/RESOLUCIONES%202018/2628.pdf HTTP/1.1" 200 381145
172.22.2.4 - - [31/Mar/2024:06:55:08 -0500] "HEAD /BLA/boletinlegal/ HTTP/1.1" 200 -
128.14.209.26 - - [31/Mar/2024:06:56:47 -0500] "GET /portaldeninos/ HTTP/1.1" 200 110175
172.22.2.4 - - [31/Mar/2024:06:55:59 -0500] "GET /BLA/boletinlegal/ HTTP/1.1" 200 54300
216.245.221.92 - - [31/Mar/2024:06:57:58 -0500] "HEAD / HTTP/1.1" 200 -
40.77.167.54 - - [31/Mar/2024:06:58:27 -0500] "GET /BLA/resoluciones/RESOLUCIONES%202018/2926.pdf HTTP/1.1" 200 364214
40.77.167.57 - - [31/Mar/2024:06:58:50 -0500] "GET /BLA/resoluciones/RESOLUCIONES%202016/0111.pdf HTTP/1.1" 200 1194885
40.77.167.54 - - [31/Mar/2024:06:59:17 -0500] "GET /BLA/resoluciones/RESOLUCIONES%202021/1940.pdf HTTP/1.1" 200 567705
40.77.167.54 - - [31/Mar/2024:06:59:18 -0500] "GET /BLA/resoluciones/index.php?dir=RESOLUCIONES+2006%2F HTTP/1.1" 200 40916
201.245.192.253 - - [31/Mar/2024:07:00:20 -0500] "POST /kwsrmcab/Wsrmcab  HTTP/1.1" 200 39660
186.29.166.141 - - [31/Mar/2024:07:00:32 -0500] "GET /BLA/resoluciones/AUTOS%202023/5463.pdf HTTP/1.1" 200 487985
52.167.144.191 - - [31/Mar/2024:07:01:39 -0500] "GET /Publicaciones/2024EE51582.pdf HTTP/1.1" 404 227
172.22.2.4 - - [31/Mar/2024:07:00:58 -0500] "HEAD /BLA/boletinlegal/ HTTP/1.1" 200 -
216.245.221.92 - - [31/Mar/2024:07:02:58 -0500] "HEAD / HTTP/1.1" 200 -
186.29.166.141 - - [31/Mar/2024:07:03:22 -0500] "GET /BLA/resoluciones/AUTOS%202023/5186.pdf HTTP/1.1" 200 466642
172.22.2.4 - - [31/Mar/2024:07:01:49 -0500] "GET /BLA/boletinlegal/ HTTP/1.1" 200 53419
146.19.24.28 - - [31/Mar/2024:07:04:20 -0500] "GET / HTTP/1.1" 200 319
186.29.166.141 - - [31/Mar/2024:07:05:10 -0500] "GET /BLA/resoluciones/AUTOS%202023/6477.pdf HTTP/1.1" 200 364632
201.245.192.253 - - [31/Mar/2024:07:05:19 -0500] "POST /kwsrmcab/Wsrmcab  HTTP/1.1" 200 39660
47.128.18.218 - - [31/Mar/2024:07:05:45 -0500] "GET /BLA/resoluciones/AUTOS%202021/0245.php?act=f&d=C%3A%5CAmbienteBogota%5Canti&f=tit.gif&ft=download HTTP/1.1" 200 2984
186.29.166.141 - - [31/Mar/2024:07:06:10 -0500] "GET /BLA/resoluciones/AUTOS%202023/6473.pdf HTTP/1.1" 200 371186
47.128.119.63 - - [31/Mar/2024:07:07:00 -0500] "GET /BLA/resoluciones/AUTOS%202021/0245.php?act=f&d=E%3A%5Cnuevo%5Ctmp&f=sess_ntbj05665k3n4qfdcteadr41j1 HTTP/1.1" 200 2970
47.128.119.63 - - [31/Mar/2024:07:07:01 -0500] "GET /BLA/resoluciones/AUTOS%202021/0245.php?act=img&img=ext_sess_ntbj05665k3n4qfdcteadr41j1 HTTP/1.1" 200 1034
47.128.119.63 - - [31/Mar/2024:07:07:01 -0500] "GET /BLA/resoluciones/AUTOS%202021/0245.php?act=img&img=ext_diz HTTP/1.1" 200 1027
47.128.119.63 - - [31/Mar/2024:07:07:01 -0500] "GET /BLA/resoluciones/AUTOS%202021/0245.php?act=img&img=ext_txt HTTP/1.1" 200 132
47.128.119.63 - - [31/Mar/2024:07:07:01 -0500] "GET /BLA/resoluciones/AUTOS%202021/0245.php?act=img&img=ext_gif HTTP/1.1" 200 175
47.128.119.63 - - [31/Mar/2024:07:07:01 -0500] "GET /BLA/resoluciones/AUTOS%202021/0245.php?act=img&img=ext_html HTTP/1.1" 200 230
47.128.119.63 - - [31/Mar/2024:07:07:01 -0500] "GET /BLA/resoluciones/AUTOS%202021/0245.php?act=img&img=ext_exe HTTP/1.1" 200 118
47.128.119.63 - - [31/Mar/2024:07:07:01 -0500] "GET /BLA/resoluciones/AUTOS%202021/0245.php?act=img&img=ext_ini HTTP/1.1" 200 134
47.128.119.63 - - [31/Mar/2024:07:07:02 -0500] "GET /BLA/resoluciones/AUTOS%202021/0245.php?act=img&img=ext_rtf HTTP/1.1" 200 164
47.128.119.63 - - [31/Mar/2024:07:07:02 -0500] "GET /BLA/resoluciones/AUTOS%202021/0245.php?act=img&img=download HTTP/1.1" 200 161
47.128.119.63 - - [31/Mar/2024:07:07:02 -0500] "GET /BLA/resoluciones/AUTOS%202021/0245.php?act=img&img=change HTTP/1.1" 200 290
40.77.167.45 - - [31/Mar/2024:07:07:08 -0500] "GET /forest/ HTTP/1.1" 200 12041
47.128.120.129 - - [31/Mar/2024:07:07:24 -0500] "GET /BLA/resoluciones/AUTOS%202021/0245.php?act=f&d=E%3A%5Cnuevo%5Chtdocs%5CBLA%5Cresoluciones%5CAUTOS+2021%5C&f=4211.pdf&ft=download HTTP/1.1" 200 347815
47.128.59.171 - - [31/Mar/2024:07:07:48 -0500] "GET /BLA/resoluciones/AUTOS%202021/0245.php?act=processes&d=E%3A%5Cnuevo%5Chtdocs%5CResiduos%5Cfarmaceutica%5C HTTP/1.1" 200 3622
216.245.221.92 - - [31/Mar/2024:07:07:58 -0500] "HEAD / HTTP/1.1" 200 -
172.22.2.4 - - [31/Mar/2024:07:08:07 -0500] "GET /BLA/boletinlegal/consulta_actos.php?tipo=resoluciones&no=&usuario=&sector=RUIDO&fecha=2024&resuelve= HTTP/1.1" 200 626
172.22.2.4 - - [31/Mar/2024:07:08:17 -0500] "GET /BLA/boletinlegal/consulta_actos.php?tipo=resoluciones&no=&usuario=&sector=RUIDO&fecha=2023&resuelve= HTTP/1.1" 200 7040
172.22.2.4 - - [31/Mar/2024:07:07:31 -0500] "GET /BLA/boletinlegal/ HTTP/1.1" 200 24523
172.22.2.4 - - [31/Mar/2024:07:06:48 -0500] "HEAD /BLA/boletinlegal/ HTTP/1.1" 200 -
186.29.166.141 - - [31/Mar/2024:07:08:51 -0500] "GET /BLA/resoluciones/RESOLUCIONES%202023/0188.pdf HTTP/1.1" 200 559926
172.22.2.4 - - [31/Mar/2024:07:07:39 -0500] "GET /BLA/boletinlegal/ HTTP/1.1" 200 56191
201.245.192.253 - - [31/Mar/2024:07:10:17 -0500] "POST /kwsrmcab/Wsrmcab  HTTP/1.1" 200 39660
40.77.167.45 - - [31/Mar/2024:07:10:38 -0500] "GET /BLA/resoluciones/RESOLUCIONES%202017/1724.pdf HTTP/1.1" 200 500093
199.16.157.181 - - [31/Mar/2024:07:11:49 -0500] "GET /robots.txt HTTP/1.1" 404 1034
199.16.157.181 - - [31/Mar/2024:07:11:49 -0500] "GET /images/Rueda%20de%20Prensa%20Semana%20Santa%20(1)%20(1).jpeg HTTP/1.1" 200 74401
52.167.144.208 - - [31/Mar/2024:07:11:50 -0500] "GET /BLA/resoluciones/RESOLUCIONES%202018/2593.pdf HTTP/1.1" 200 355443
216.245.221.92 - - [31/Mar/2024:07:12:58 -0500] "HEAD / HTTP/1.1" 200 -
172.22.2.4 - - [31/Mar/2024:07:13:18 -0500] "GET /BLA/boletinlegal/favicon.ico HTTP/1.1" 404 1018
52.167.144.222 - - [31/Mar/2024:07:13:25 -0500] "GET /BLA/resoluciones/RESOLUCIONES%202009/9684.pdf HTTP/1.1" 200 619328
191.156.148.178 - - [31/Mar/2024:07:13:39 -0500] "GET /sipse/faces/presentacion/financiero/solicitudAnulacion/solicitudAnulacion.xhtml HTTP/1.1" 302 -
191.156.148.178 - - [31/Mar/2024:07:13:39 -0500] "GET /sipse/faces/autenticacion.xhtml HTTP/1.1" 200 12411
191.156.146.163 - - [31/Mar/2024:07:13:40 -0500] "GET /sipse/faces/javax.faces.resource/primefaces.css?ln=primefaces&v=4.0 HTTP/1.1" 304 -
191.156.146.163 - - [31/Mar/2024:07:13:40 -0500] "GET /sipse/faces/javax.faces.resource/layout/layout.css?ln=primefaces&v=4.0 HTTP/1.1" 304 -
191.156.151.28 - - [31/Mar/2024:07:13:40 -0500] "GET /sipse/faces/javax.faces.resource/jquery/jquery.js?ln=primefaces&v=4.0 HTTP/1.1" 304 -
191.156.146.163 - - [31/Mar/2024:07:13:40 -0500] "GET /sipse/faces/javax.faces.resource/jquery/jquery-plugins.js?ln=primefaces&v=4.0 HTTP/1.1" 304 -
191.156.146.163 - - [31/Mar/2024:07:13:40 -0500] "GET /sipse/faces/javax.faces.resource/primefaces.js?ln=primefaces&v=4.0 HTTP/1.1" 304 -
191.156.151.28 - - [31/Mar/2024:07:13:40 -0500] "GET /sipse/faces/javax.faces.resource/layout/layout.js?ln=primefaces&v=4.0 HTTP/1.1" 304 -
191.156.148.178 - - [31/Mar/2024:07:13:40 -0500] "GET /sipse/faces/javax.faces.resource/theme.css?ln=primefaces-sipse HTTP/1.1" 304 -
191.156.148.178 - - [31/Mar/2024:07:13:41 -0500] "GET /sipse/faces/javax.faces.resource/images/ui-icons_898989_256x240.png?ln=primefaces-aristo HTTP/1.1" 304 -
191.156.148.178 - - [31/Mar/2024:07:13:41 -0500] "GET /sipse/faces/index.xhtml HTTP/1.1" 200 677
191.156.148.178 - - [31/Mar/2024:07:13:41 -0500] "GET /sipse/faces/javax.faces.resource/theme.css?ln=primefaces-sipse HTTP/1.1" 304 -
191.156.148.178 - - [31/Mar/2024:07:13:42 -0500] "GET /sipse/faces/faces/autenticacion.xhtml HTTP/1.1" 200 12411
191.156.148.178 - - [31/Mar/2024:07:13:42 -0500] "GET /sipse/faces/javax.faces.resource/theme.css?ln=primefaces-sipse HTTP/1.1" 304 -
191.156.151.28 - - [31/Mar/2024:07:13:42 -0500] "GET /sipse/faces/javax.faces.resource/primefaces.css?ln=primefaces&v=4.0 HTTP/1.1" 304 -
191.156.146.163 - - [31/Mar/2024:07:13:42 -0500] "GET /sipse/faces/javax.faces.resource/layout/layout.css?ln=primefaces&v=4.0 HTTP/1.1" 304 -
191.156.148.178 - - [31/Mar/2024:07:13:42 -0500] "GET /sipse/faces/javax.faces.resource/jquery/jquery.js?ln=primefaces&v=4.0 HTTP/1.1" 304 -
191.156.155.61 - - [31/Mar/2024:07:13:42 -0500] "GET /sipse/faces/javax.faces.resource/jquery/jquery-plugins.js?ln=primefaces&v=4.0 HTTP/1.1" 304 -
191.156.148.178 - - [31/Mar/2024:07:13:42 -0500] "GET /sipse/faces/javax.faces.resource/primefaces.js?ln=primefaces&v=4.0 HTTP/1.1" 304 -
191.156.151.28 - - [31/Mar/2024:07:13:42 -0500] "GET /sipse/faces/javax.faces.resource/layout/layout.js?ln=primefaces&v=4.0 HTTP/1.1" 304 -
172.22.2.4 - - [31/Mar/2024:07:12:38 -0500] "HEAD /BLA/boletinlegal/ HTTP/1.1" 200 -
31.148.131.237 - - [31/Mar/2024:07:14:58 -0500] "GET /BLA/resoluciones/Notificaciones/AUTOS%202024/00521.pdf HTTP/1.1" 200 841123
31.148.130.90 - - [31/Mar/2024:07:15:03 -0500] "GET /BLA/resoluciones/Notificaciones/AUTOS%202024/00521.pdf HTTP/1.1" 200 841123
172.22.2.4 - - [31/Mar/2024:07:13:29 -0500] "GET /BLA/boletinlegal/ HTTP/1.1" 200 57485
66.249.66.21 - - [31/Mar/2024:07:15:17 -0500] "GET /BLA/boletinlegal/Directivas/2016/Directiva%20No.%2003%20del%2026%20de%20Julio%20de%202016.pdf HTTP/1.1" 304 -
201.245.192.253 - - [31/Mar/2024:07:15:15 -0500] "POST /kwsrmcab/Wsrmcab  HTTP/1.1" 200 39660
172.22.2.4 - - [31/Mar/2024:07:14:38 -0500] "GET /BLA/boletinlegal/ HTTP/1.1" 200 24523
40.77.167.20 - - [31/Mar/2024:07:15:42 -0500] "GET /BLA/resoluciones/index.php?dir=AUTOS+2024%2F HTTP/1.1" 200 10947
186.29.166.141 - - [31/Mar/2024:07:15:48 -0500] "GET /BLA/resoluciones/RESOLUCIONES%202023/0414.pdf HTTP/1.1" 200 535699
40.77.167.20 - - [31/Mar/2024:07:15:49 -0500] "GET /BLA/resoluciones/AUTOS%202008/0064.pdf HTTP/1.1" 304 -
172.22.2.4 - - [31/Mar/2024:07:17:17 -0500] "GET /BLA/boletinlegal/geoserver/web/ HTTP/1.1" 404 1018
20.240.13.245 - - [31/Mar/2024:07:17:32 -0500] "GET /Publicaciones/2024EE52001.pdf HTTP/1.1" 404 227
172.22.2.4 - - [31/Mar/2024:07:17:38 -0500] "GET /BLA/boletinlegal/Circulares/2012/Circular%20No.%2014%20del%2011%20de%20Septiembre%20de%202012.pdf HTTP/1.1" 200 3427471
172.22.2.4 - - [31/Mar/2024:07:17:57 -0500] "GET /BLA/boletinlegal/.git/config HTTP/1.1" 404 1018
216.245.221.92 - - [31/Mar/2024:07:17:58 -0500] "HEAD / HTTP/1.1" 200 -
40.77.167.41 - - [31/Mar/2024:07:18:01 -0500] "GET /BLA/resoluciones/RESOLUCIONES%202018/4183.pdf HTTP/1.1" 200 700939
186.29.166.141 - - [31/Mar/2024:07:18:07 -0500] "GET /BLA/resoluciones/RESOLUCIONES%202023/0532.pdf HTTP/1.1" 200 424200
52.167.144.222 - - [31/Mar/2024:07:18:49 -0500] "GET /BLA/resoluciones/RESOLUCIONES%202017/0446.pdf HTTP/1.1" 200 696401
40.77.167.20 - - [31/Mar/2024:07:19:32 -0500] "GET /BLA/resoluciones/RESOLUCIONES%202018/1010.pdf HTTP/1.1" 200 346236
201.245.192.253 - - [31/Mar/2024:07:19:10 -0500] "POST /kwsrmcab/Wsrmcab HTTP/1.1" 200 39766
201.245.192.253 - - [31/Mar/2024:07:19:53 -0500] "POST /kwsrmcab/Wsrmcab HTTP/1.1" 200 39290
201.245.192.253 - - [31/Mar/2024:07:19:57 -0500] "POST /kwsrmcab/Wsrmcab HTTP/1.1" 200 39310
172.22.2.4 - - [31/Mar/2024:07:18:28 -0500] "HEAD /BLA/boletinlegal/ HTTP/1.1" 200 -
201.245.192.253 - - [31/Mar/2024:07:20:13 -0500] "POST /kwsrmcab/Wsrmcab  HTTP/1.1" 200 39660
201.245.192.253 - - [31/Mar/2024:07:20:43 -0500] "POST /kwsrmcab/Wsrmcab HTTP/1.1" 200 39310
172.22.2.4 - - [31/Mar/2024:07:19:19 -0500] "GET /BLA/boletinlegal/ HTTP/1.1" 200 58273
186.29.166.141 - - [31/Mar/2024:07:21:58 -0500] "GET /BLA/resoluciones/RESOLUCIONES%202023/01768.pdf HTTP/1.1" 200 414936
52.167.144.184 - - [31/Mar/2024:07:22:30 -0500] "GET /BLA/resoluciones/RESOLUCIONES%202021/3550.pdf HTTP/1.1" 200 553961
216.245.221.92 - - [31/Mar/2024:07:22:58 -0500] "HEAD / HTTP/1.1" 200 -
20.99.210.65 - - [31/Mar/2024:07:23:20 -0500] "GET /Publicaciones/2024EE56769.pdf HTTP/1.1" 404 227
40.77.167.41 - - [31/Mar/2024:07:23:29 -0500] "GET /Publicaciones/2024EE49415.pdf HTTP/1.1" 404 227
40.77.167.41 - - [31/Mar/2024:07:24:12 -0500] "GET /BLA/resoluciones/RESOLUCIONES%202019/0432.pdf HTTP/1.1" 200 370236
201.245.192.253 - - [31/Mar/2024:07:25:12 -0500] "POST /kwsrmcab/Wsrmcab  HTTP/1.1" 200 39660
52.167.144.214 - - [31/Mar/2024:07:25:24 -0500] "GET /BLA/resoluciones/AUTOS%202018/0385.pdf HTTP/1.1" 304 -
172.22.2.4 - - [31/Mar/2024:07:24:18 -0500] "HEAD /BLA/boletinlegal/ HTTP/1.1" 200 -
172.22.2.4 - - [31/Mar/2024:07:25:09 -0500] "GET /BLA/boletinlegal/ HTTP/1.1" 200 57485
172.22.2.4 - - [31/Mar/2024:07:26:19 -0500] "GET /BLA/boletinlegal/ HTTP/1.1" 200 20427
47.128.111.93 - - [31/Mar/2024:07:27:25 -0500] "GET /BLA/resoluciones/AUTOS%202021/0245.php?act=f&d=E%3A%5Cnuevo%5Chtdocs%5Ccumbreclima%5Cwp-admin&f=setup-config.php HTTP/1.1" 200 9598
47.128.111.93 - - [31/Mar/2024:07:27:26 -0500] "GET /BLA/resoluciones/AUTOS%202021/0245.php?act=img&img=ext_php HTTP/1.1" 200 79
47.128.111.93 - - [31/Mar/2024:07:27:26 -0500] "GET /BLA/resoluciones/AUTOS%202021/0245.php?act=img&img=ext_exe HTTP/1.1" 200 118
47.128.111.93 - - [31/Mar/2024:07:27:26 -0500] "GET /BLA/resoluciones/AUTOS%202021/0245.php?act=img&img=ext_diz HTTP/1.1" 200 1027
47.128.111.93 - - [31/Mar/2024:07:27:26 -0500] "GET /BLA/resoluciones/AUTOS%202021/0245.php?act=img&img=ext_gif HTTP/1.1" 200 175
47.128.111.93 - - [31/Mar/2024:07:27:26 -0500] "GET /BLA/resoluciones/AUTOS%202021/0245.php?act=img&img=ext_txt HTTP/1.1" 200 132
47.128.111.93 - - [31/Mar/2024:07:27:26 -0500] "GET /BLA/resoluciones/AUTOS%202021/0245.php?act=img&img=ext_html HTTP/1.1" 200 230
47.128.111.93 - - [31/Mar/2024:07:27:26 -0500] "GET /BLA/resoluciones/AUTOS%202021/0245.php?act=img&img=download HTTP/1.1" 200 161
47.128.111.93 - - [31/Mar/2024:07:27:26 -0500] "GET /BLA/resoluciones/AUTOS%202021/0245.php?act=img&img=ext_rtf HTTP/1.1" 200 164
47.128.111.93 - - [31/Mar/2024:07:27:26 -0500] "GET /BLA/resoluciones/AUTOS%202021/0245.php?act=img&img=change HTTP/1.1" 200 290
47.128.111.93 - - [31/Mar/2024:07:27:27 -0500] "GET /BLA/resoluciones/AUTOS%202021/0245.php?act=img&img=ext_ini HTTP/1.1" 200 134
47.128.60.201 - - [31/Mar/2024:07:27:48 -0500] "GET /BLA/resoluciones/AUTOS%202021/0245.php?act=f&d=E%3A%5Cnuevo%5Chtdocs%5Ccumbreclima%5Cwp-admin&f=profile.php HTTP/1.1" 200 3308
47.128.60.201 - - [31/Mar/2024:07:27:49 -0500] "GET /BLA/resoluciones/AUTOS%202021/0245.php?act=img&img=ext_txt HTTP/1.1" 200 132
47.128.60.201 - - [31/Mar/2024:07:27:49 -0500] "GET /BLA/resoluciones/AUTOS%202021/0245.php?act=img&img=ext_html HTTP/1.1" 200 230
47.128.60.201 - - [31/Mar/2024:07:27:49 -0500] "GET /BLA/resoluciones/AUTOS%202021/0245.php?act=img&img=ext_php HTTP/1.1" 200 79
47.128.60.201 - - [31/Mar/2024:07:27:49 -0500] "GET /BLA/resoluciones/AUTOS%202021/0245.php?act=img&img=ext_exe HTTP/1.1" 200 118
47.128.60.201 - - [31/Mar/2024:07:27:49 -0500] "GET /BLA/resoluciones/AUTOS%202021/0245.php?act=img&img=ext_diz HTTP/1.1" 200 1027
47.128.60.201 - - [31/Mar/2024:07:27:49 -0500] "GET /BLA/resoluciones/AUTOS%202021/0245.php?act=img&img=ext_gif HTTP/1.1" 200 175
47.128.60.201 - - [31/Mar/2024:07:27:49 -0500] "GET /BLA/resoluciones/AUTOS%202021/0245.php?act=img&img=ext_ini HTTP/1.1" 200 134
47.128.60.201 - - [31/Mar/2024:07:27:50 -0500] "GET /BLA/resoluciones/AUTOS%202021/0245.php?act=img&img=ext_rtf HTTP/1.1" 200 164
47.128.60.201 - - [31/Mar/2024:07:27:50 -0500] "GET /BLA/resoluciones/AUTOS%202021/0245.php?act=img&img=change HTTP/1.1" 200 290
47.128.60.201 - - [31/Mar/2024:07:27:50 -0500] "GET /BLA/resoluciones/AUTOS%202021/0245.php?act=img&img=download HTTP/1.1" 200 161
