181.53.13.222 - - [02/Apr/2024:06:08:01 -0500] "GET /sipse/faces/javax.faces.resource/images/ui-icons_898989_256x240.png?ln=primefaces-aristo HTTP/1.1" 304 -
66.249.66.19 - - [02/Apr/2024:06:08:10 -0500] "GET /BLA/resoluciones/AUTOS%202009/2019.pdf HTTP/1.1" 200 100465
181.53.13.222 - - [02/Apr/2024:06:08:16 -0500] "POST /sipse/faces/presentacion/financiero/solicitudProceso/consultarSolicitudProceso.xhtml HTTP/1.1" 200 259437
201.245.192.253 - - [02/Apr/2024:06:08:25 -0500] "POST /forms/lservlet;jsessionid=ac16012b30d61766ad30c9f04634b024bcbfec2f3322.e3iSbxaKaheRe3iNc3uNbNmQay1ynknvrkLOlQzNp65In0 HTTP/1.1" 200 2
172.22.2.4 - - [02/Apr/2024:06:06:45 -0500] "HEAD /BLA/boletinlegal/ HTTP/1.1" 200 -
216.245.221.92 - - [02/Apr/2024:06:09:14 -0500] "HEAD / HTTP/1.1" 200 -
172.22.2.4 - - [02/Apr/2024:06:07:36 -0500] "GET /BLA/boletinlegal/ HTTP/1.1" 200 58273
66.249.66.20 - - [02/Apr/2024:06:09:39 -0500] "GET /BLA/resoluciones/Autos%202008/0368.pdf HTTP/1.1" 200 151967
201.245.192.253 - - [02/Apr/2024:06:09:40 -0500] "POST /forms/lservlet;jsessionid=ac16012b30d66283f9f7cd6643a8a475d9d260a43f7c.e3iSbxaKaheRe3iNc3uNbNmQay1ynknvrkLOlQzNp65In0 HTTP/1.1" 200 2
66.249.66.19 - - [02/Apr/2024:06:09:57 -0500] "GET /BLA/resoluciones/RESOLUCIONES%202009/8168.pdf HTTP/1.1" 200 499085
201.245.192.253 - - [02/Apr/2024:06:10:25 -0500] "POST /forms/lservlet;jsessionid=ac16012b30d61766ad30c9f04634b024bcbfec2f3322.e3iSbxaKaheRe3iNc3uNbNmQay1ynknvrkLOlQzNp65In0 HTTP/1.1" 200 2
172.22.2.4 - - [02/Apr/2024:06:10:25 -0500] "GET /BLA/boletinlegal/favicon.ico HTTP/1.1" 404 1018
172.22.2.4 - - [02/Apr/2024:06:10:06 -0500] "GET /BLA/boletinlegal/ HTTP/1.1" 200 20427
201.245.192.253 - - [02/Apr/2024:06:10:40 -0500] "POST /kwsrmcab/Wsrmcab  HTTP/1.1" 200 213
172.22.2.4 - - [02/Apr/2024:06:10:09 -0500] "GET /BLA/boletinlegal/ HTTP/1.1" 200 32715
216.244.66.195 - - [02/Apr/2024:06:11:27 -0500] "GET /robots.txt HTTP/1.1" 404 1018
201.245.192.253 - - [02/Apr/2024:06:11:40 -0500] "POST /forms/lservlet;jsessionid=ac16012b30d66283f9f7cd6643a8a475d9d260a43f7c.e3iSbxaKaheRe3iNc3uNbNmQay1ynknvrkLOlQzNp65In0 HTTP/1.1" 200 2
173.252.107.117 - - [02/Apr/2024:06:12:20 -0500] "GET /ciudad-bolivar-y-puente-aranda-se-alistan-para-una-nueva-llantaton.html HTTP/1.1" 200 991
173.252.107.8 - - [02/Apr/2024:06:12:20 -0500] "GET /ciudad-bolivar-y-puente-aranda-se-alistan-para-una-nueva-llantaton.html HTTP/1.1" 200 991
201.245.192.253 - - [02/Apr/2024:06:12:25 -0500] "POST /forms/lservlet;jsessionid=ac16012b30d61766ad30c9f04634b024bcbfec2f3322.e3iSbxaKaheRe3iNc3uNbNmQay1ynknvrkLOlQzNp65In0 HTTP/1.1" 200 2
66.249.66.21 - - [02/Apr/2024:06:12:28 -0500] "GET /BLA/resoluciones/RESOLUCIONES%202010/5769.pdf HTTP/1.1" 200 106229
66.249.66.19 - - [02/Apr/2024:06:13:12 -0500] "GET /BLA/resoluciones/RESOLUCIONES%202011/5014.pdf HTTP/1.1" 200 594866
201.245.192.253 - - [02/Apr/2024:06:13:40 -0500] "POST /forms/lservlet;jsessionid=ac16012b30d66283f9f7cd6643a8a475d9d260a43f7c.e3iSbxaKaheRe3iNc3uNbNmQay1ynknvrkLOlQzNp65In0 HTTP/1.1" 200 2
216.245.221.92 - - [02/Apr/2024:06:14:14 -0500] "HEAD / HTTP/1.1" 200 -
172.22.2.4 - - [02/Apr/2024:06:12:35 -0500] "HEAD /BLA/boletinlegal/ HTTP/1.1" 200 -
201.245.192.253 - - [02/Apr/2024:06:14:25 -0500] "POST /forms/lservlet;jsessionid=ac16012b30d61766ad30c9f04634b024bcbfec2f3322.e3iSbxaKaheRe3iNc3uNbNmQay1ynknvrkLOlQzNp65In0 HTTP/1.1" 200 2
38.51.233.100 - - [02/Apr/2024:06:14:54 -0500] "GET /catalogoisis/ HTTP/1.1" 200 8575
38.51.233.100 - - [02/Apr/2024:06:14:55 -0500] "GET /catalogoisis/Css/Busqueda.css HTTP/1.1" 200 1995
38.51.233.100 - - [02/Apr/2024:06:14:55 -0500] "GET /catalogoisis/Js/AceptarLimpiar.js HTTP/1.1" 200 331
38.51.233.100 - - [02/Apr/2024:06:14:55 -0500] "GET /catalogoisis/Js/CriterioCombinada.js HTTP/1.1" 200 1843
38.51.233.100 - - [02/Apr/2024:06:14:55 -0500] "GET /catalogoisis/Js/Remote.js HTTP/1.1" 200 436
38.51.233.100 - - [02/Apr/2024:06:14:55 -0500] "GET /catalogoisis/Js/LimpiarCombinada.js HTTP/1.1" 200 207
38.51.233.100 - - [02/Apr/2024:06:14:55 -0500] "GET /catalogoisis/Js/Cookies.js HTTP/1.1" 200 1369
38.51.233.100 - - [02/Apr/2024:06:14:55 -0500] "GET /catalogoisis/Js/Go.js HTTP/1.1" 200 364
38.51.233.100 - - [02/Apr/2024:06:14:55 -0500] "GET /catalogoisis/Js/Numero.js HTTP/1.1" 200 398
38.51.233.100 - - [02/Apr/2024:06:14:55 -0500] "GET /catalogoisis/Js/Enter.js HTTP/1.1" 200 1208
38.51.233.100 - - [02/Apr/2024:06:14:55 -0500] "GET /catalogoisis/imagenes/br1c1.gif HTTP/1.1" 200 172
38.51.233.100 - - [02/Apr/2024:06:14:55 -0500] "GET /catalogoisis/imagenes/aceptar1.gif HTTP/1.1" 200 604
38.51.233.100 - - [02/Apr/2024:06:14:55 -0500] "GET /catalogoisis/imagenes/limpiar1.gif HTTP/1.1" 200 606
38.51.233.100 - - [02/Apr/2024:06:14:55 -0500] "GET /catalogoisis/imagenes/br1c3.gif HTTP/1.1" 200 302
38.51.233.100 - - [02/Apr/2024:06:14:55 -0500] "GET /catalogoisis/imagenes/br3c1.gif HTTP/1.1" 200 177
38.51.233.100 - - [02/Apr/2024:06:14:55 -0500] "GET /catalogoisis/imagenes/Turnbo1.gif HTTP/1.1" 200 227
38.51.233.100 - - [02/Apr/2024:06:14:55 -0500] "GET /catalogoisis/imagenes/Header.gif HTTP/1.1" 200 27040
38.51.233.100 - - [02/Apr/2024:06:14:55 -0500] "GET /catalogoisis/imagenes/br2c2.gif HTTP/1.1" 200 302
38.51.233.100 - - [02/Apr/2024:06:14:55 -0500] "GET /catalogoisis/imagenes/br1c2.gif HTTP/1.1" 200 297
38.51.233.100 - - [02/Apr/2024:06:14:55 -0500] "GET /catalogoisis/imagenes/br3c3.gif HTTP/1.1" 200 186
38.51.233.100 - - [02/Apr/2024:06:14:55 -0500] "GET /catalogoisis/imagenes/br2c3.gif HTTP/1.1" 200 416
38.51.233.100 - - [02/Apr/2024:06:14:55 -0500] "GET /catalogoisis/imagenes/br2c1.gif HTTP/1.1" 200 297
38.51.233.100 - - [02/Apr/2024:06:14:55 -0500] "GET /catalogoisis/imagenes/br3c2.gif HTTP/1.1" 200 285
38.51.233.100 - - [02/Apr/2024:06:14:55 -0500] "GET /favicon.ico HTTP/1.1" 200 7782
52.167.144.235 - - [02/Apr/2024:06:14:55 -0500] "GET /BLA/resoluciones/RESOLUCIONES%202022/2792.pdf HTTP/1.1" 200 404540
172.22.2.4 - - [02/Apr/2024:06:13:26 -0500] "GET /BLA/boletinlegal/ HTTP/1.1" 200 59583
201.245.192.253 - - [02/Apr/2024:06:15:38 -0500] "POST /kwsrmcab/Wsrmcab  HTTP/1.1" 200 213
201.245.192.253 - - [02/Apr/2024:06:15:40 -0500] "POST /forms/lservlet;jsessionid=ac16012b30d66283f9f7cd6643a8a475d9d260a43f7c.e3iSbxaKaheRe3iNc3uNbNmQay1ynknvrkLOlQzNp65In0 HTTP/1.1" 200 2
66.249.66.20 - - [02/Apr/2024:06:15:55 -0500] "GET /BLA/resoluciones/RESOLUCIONES%202009/5767.pdf HTTP/1.1" 200 715997
201.245.192.253 - - [02/Apr/2024:06:16:25 -0500] "POST /forms/lservlet;jsessionid=ac16012b30d61766ad30c9f04634b024bcbfec2f3322.e3iSbxaKaheRe3iNc3uNbNmQay1ynknvrkLOlQzNp65In0 HTTP/1.1" 200 2
181.53.13.222 - - [02/Apr/2024:06:16:26 -0500] "POST /sipse/faces/presentacion/financiero/solicitudProceso/consultarSolicitudProceso.xhtml HTTP/1.1" 200 21129
181.53.13.222 - - [02/Apr/2024:06:16:27 -0500] "GET /sipse/faces/javax.faces.resource/theme.css?ln=primefaces-sipse HTTP/1.1" 304 -
181.53.13.222 - - [02/Apr/2024:06:16:27 -0500] "GET /sipse/faces/javax.faces.resource/primefaces.css?ln=primefaces&v=4.0 HTTP/1.1" 304 -
181.53.13.222 - - [02/Apr/2024:06:16:27 -0500] "GET /sipse/faces/javax.faces.resource/layout/layout.css?ln=primefaces&v=4.0 HTTP/1.1" 304 -
181.53.13.222 - - [02/Apr/2024:06:16:27 -0500] "GET /sipse/faces/javax.faces.resource/fileupload/fileupload.css?ln=primefaces&v=4.0 HTTP/1.1" 304 -
181.53.13.222 - - [02/Apr/2024:06:16:27 -0500] "GET /sipse/faces/javax.faces.resource/jquery/jquery-plugins.js?ln=primefaces&v=4.0 HTTP/1.1" 304 -
181.53.13.222 - - [02/Apr/2024:06:16:27 -0500] "GET /sipse/faces/javax.faces.resource/primefaces.js?ln=primefaces&v=4.0 HTTP/1.1" 304 -
181.53.13.222 - - [02/Apr/2024:06:16:27 -0500] "GET /sipse/faces/javax.faces.resource/layout/layout.js?ln=primefaces&v=4.0 HTTP/1.1" 304 -
181.53.13.222 - - [02/Apr/2024:06:16:27 -0500] "GET /sipse/faces/javax.faces.resource/fileupload/fileupload.js?ln=primefaces&v=4.0 HTTP/1.1" 304 -
181.53.13.222 - - [02/Apr/2024:06:16:27 -0500] "GET /sipse/faces/javax.faces.resource/jquery/jquery.js?ln=primefaces&v=4.0 HTTP/1.1" 304 -
66.249.66.20 - - [02/Apr/2024:06:16:27 -0500] "GET /resoluciones/RESOLUCIONES%202010/1690.pdf HTTP/1.1" 404 1018
181.53.13.222 - - [02/Apr/2024:06:16:27 -0500] "GET /sipse/css/imagen/contrasena.png HTTP/1.1" 404 383
181.53.13.222 - - [02/Apr/2024:06:16:27 -0500] "GET /sipse/faces/javax.faces.resource/images/ui-icons_898989_256x240.png?ln=primefaces-aristo HTTP/1.1" 304 -
47.128.26.49 - - [02/Apr/2024:06:17:00 -0500] "GET /BLA/resoluciones/AUTOS%202021/0245.php?act=chmod&d=E%3A%5Cnuevo%5Chtdocs%5Cvideos&f=Mesa-Servicios.flv HTTP/1.1" 200 2863
47.128.26.233 - - [02/Apr/2024:06:17:25 -0500] "GET /BLA/resoluciones/AUTOS%202021/0245.php?act=chmod&d=E%3A%5Cnuevo%5Chtdocs%5CResiduos&f=. HTTP/1.1" 200 2845
201.245.192.253 - - [02/Apr/2024:06:17:40 -0500] "POST /forms/lservlet;jsessionid=ac16012b30d66283f9f7cd6643a8a475d9d260a43f7c.e3iSbxaKaheRe3iNc3uNbNmQay1ynknvrkLOlQzNp65In0 HTTP/1.1" 200 2
47.128.59.8 - - [02/Apr/2024:06:17:50 -0500] "GET /BLA/resoluciones/AUTOS%202021/0245.php?act=chmod&d=E%3A%5Cnuevo%5Chtdocs%5Ccumbredelclima%5Cwp-includes&f=load.php HTTP/1.1" 200 2885
47.128.26.255 - - [02/Apr/2024:06:18:13 -0500] "GET /BLA/resoluciones/AUTOS%202021/0245.php?act=d&d=E%3A%5Cnuevo%5Ccgi-bin%5C. HTTP/1.1" 200 2736
201.245.192.253 - - [02/Apr/2024:06:18:25 -0500] "POST /forms/lservlet;jsessionid=ac16012b30d61766ad30c9f04634b024bcbfec2f3322.e3iSbxaKaheRe3iNc3uNbNmQay1ynknvrkLOlQzNp65In0 HTTP/1.1" 200 2
47.128.26.53 - - [02/Apr/2024:06:18:36 -0500] "GET /BLA/resoluciones/AUTOS%202021/0245.php?act=f&d=E%3A%5Cnuevo%5Chtdocs%5Cbogotacumbredelclima&f=wp-config-sample.php HTTP/1.1" 200 4461
47.128.26.53 - - [02/Apr/2024:06:18:37 -0500] "GET /BLA/resoluciones/AUTOS%202021/0245.php?act=img&img=ext_ini HTTP/1.1" 200 134
47.128.26.53 - - [02/Apr/2024:06:18:37 -0500] "GET /BLA/resoluciones/AUTOS%202021/0245.php?act=img&img=ext_html HTTP/1.1" 200 230
47.128.26.53 - - [02/Apr/2024:06:18:37 -0500] "GET /BLA/resoluciones/AUTOS%202021/0245.php?act=img&img=ext_gif HTTP/1.1" 200 175
47.128.26.53 - - [02/Apr/2024:06:18:37 -0500] "GET /BLA/resoluciones/AUTOS%202021/0245.php?act=img&img=ext_txt HTTP/1.1" 200 132
47.128.26.53 - - [02/Apr/2024:06:18:37 -0500] "GET /BLA/resoluciones/AUTOS%202021/0245.php?act=img&img=ext_diz HTTP/1.1" 200 1027
47.128.26.53 - - [02/Apr/2024:06:18:37 -0500] "GET /BLA/resoluciones/AUTOS%202021/0245.php?act=img&img=ext_exe HTTP/1.1" 200 118
47.128.26.53 - - [02/Apr/2024:06:18:37 -0500] "GET /BLA/resoluciones/AUTOS%202021/0245.php?act=img&img=ext_php HTTP/1.1" 200 79
47.128.26.53 - - [02/Apr/2024:06:18:37 -0500] "GET /BLA/resoluciones/AUTOS%202021/0245.php?act=img&img=change HTTP/1.1" 200 290
47.128.26.53 - - [02/Apr/2024:06:18:37 -0500] "GET /BLA/resoluciones/AUTOS%202021/0245.php?act=img&img=ext_rtf HTTP/1.1" 200 164
47.128.26.53 - - [02/Apr/2024:06:18:37 -0500] "GET /BLA/resoluciones/AUTOS%202021/0245.php?act=img&img=download HTTP/1.1" 200 161
47.128.41.0 - - [02/Apr/2024:06:19:00 -0500] "GET /BLA/resoluciones/AUTOS%202021/0245.php?act=d&d=E%3A%5Cnuevo%5Ccgi-bin%5C.. HTTP/1.1" 200 2733
201.245.192.253 - - [02/Apr/2024:06:19:01 -0500] "POST /kwsrmcab/Wsrmcab HTTP/1.1" 200 39268
201.245.192.253 - - [02/Apr/2024:06:19:02 -0500] "POST /kwsrmcab/Wsrmcab HTTP/1.1" 200 37481
216.245.221.92 - - [02/Apr/2024:06:19:14 -0500] "HEAD / HTTP/1.1" 200 -
181.53.13.222 - - [02/Apr/2024:06:16:54 -0500] "POST /sipse/faces/presentacion/sistema/anexos/cargarAnexoSolicitudProceso.xhtml HTTP/1.1" 200 21526
181.53.13.222 - - [02/Apr/2024:06:19:24 -0500] "GET /sipse/faces/javax.faces.resource/theme.css?ln=primefaces-sipse HTTP/1.1" 304 -
181.53.13.222 - - [02/Apr/2024:06:19:24 -0500] "GET /sipse/faces/javax.faces.resource/fileupload/fileupload.css?ln=primefaces&v=4.0 HTTP/1.1" 304 -
181.53.13.222 - - [02/Apr/2024:06:19:24 -0500] "GET /sipse/faces/javax.faces.resource/primefaces.css?ln=primefaces&v=4.0 HTTP/1.1" 304 -
181.53.13.222 - - [02/Apr/2024:06:19:24 -0500] "GET /sipse/faces/javax.faces.resource/jquery/jquery.js?ln=primefaces&v=4.0 HTTP/1.1" 304 -
181.53.13.222 - - [02/Apr/2024:06:19:24 -0500] "GET /sipse/faces/javax.faces.resource/layout/layout.js?ln=primefaces&v=4.0 HTTP/1.1" 304 -
181.53.13.222 - - [02/Apr/2024:06:19:24 -0500] "GET /sipse/faces/javax.faces.resource/fileupload/fileupload.js?ln=primefaces&v=4.0 HTTP/1.1" 304 -
181.53.13.222 - - [02/Apr/2024:06:19:24 -0500] "GET /sipse/faces/javax.faces.resource/layout/layout.css?ln=primefaces&v=4.0 HTTP/1.1" 304 -
181.53.13.222 - - [02/Apr/2024:06:19:24 -0500] "GET /sipse/faces/javax.faces.resource/jquery/jquery-plugins.js?ln=primefaces&v=4.0 HTTP/1.1" 304 -
181.53.13.222 - - [02/Apr/2024:06:19:24 -0500] "GET /sipse/faces/javax.faces.resource/primefaces.js?ln=primefaces&v=4.0 HTTP/1.1" 304 -
181.53.13.222 - - [02/Apr/2024:06:19:24 -0500] "GET /sipse/css/imagen/contrasena.png HTTP/1.1" 404 383
181.53.13.222 - - [02/Apr/2024:06:19:24 -0500] "GET /sipse/faces/javax.faces.resource/images/ui-icons_898989_256x240.png?ln=primefaces-aristo HTTP/1.1" 304 -
181.53.13.222 - - [02/Apr/2024:06:19:24 -0500] "GET /sipse/faces/javax.faces.resource/messages/messages.png?ln=primefaces&v=4.0 HTTP/1.1" 304 -
47.128.19.220 - - [02/Apr/2024:06:19:24 -0500] "GET /BLA/resoluciones/AUTOS%202021/0245.php?act=eval&d=E%3A%5Cnuevo%5Chtdocs%5CAutoliquidacion%5CCobro+Evaluacion+Certificaci%F3n+Para+La+Deducci%F3n+Por+Inversi%F3n+En+Medio+Ambiente%5C HTTP/1.1" 200 2798
181.53.13.222 - - [02/Apr/2024:06:19:37 -0500] "GET /sipse/faces/javax.faces.resource/images/ui-bg_flat_0_2d5972_40x100.png?ln=primefaces-aristo HTTP/1.1" 304 -
181.53.13.222 - - [02/Apr/2024:06:19:37 -0500] "POST /sipse/faces/presentacion/sistema/anexos/cargarAnexoSolicitudProceso.xhtml HTTP/1.1" 200 124354
181.53.13.222 - - [02/Apr/2024:06:19:37 -0500] "GET /sipse/faces/javax.faces.resource/theme.css?ln=primefaces-sipse HTTP/1.1" 304 -
181.53.13.222 - - [02/Apr/2024:06:19:37 -0500] "GET /sipse/faces/javax.faces.resource/primefaces.css?ln=primefaces&v=4.0 HTTP/1.1" 304 -
181.53.13.222 - - [02/Apr/2024:06:19:37 -0500] "GET /sipse/faces/javax.faces.resource/layout/layout.css?ln=primefaces&v=4.0 HTTP/1.1" 304 -
181.53.13.222 - - [02/Apr/2024:06:19:37 -0500] "GET /sipse/faces/javax.faces.resource/jquery/jquery.js?ln=primefaces&v=4.0 HTTP/1.1" 304 -
181.53.13.222 - - [02/Apr/2024:06:19:37 -0500] "GET /sipse/faces/javax.faces.resource/jquery/jquery-plugins.js?ln=primefaces&v=4.0 HTTP/1.1" 304 -
181.53.13.222 - - [02/Apr/2024:06:19:38 -0500] "GET /sipse/faces/javax.faces.resource/primefaces.js?ln=primefaces&v=4.0 HTTP/1.1" 304 -
181.53.13.222 - - [02/Apr/2024:06:19:38 -0500] "GET /sipse/faces/javax.faces.resource/layout/layout.js?ln=primefaces&v=4.0 HTTP/1.1" 304 -
201.245.192.253 - - [02/Apr/2024:06:19:40 -0500] "POST /forms/lservlet;jsessionid=ac16012b30d66283f9f7cd6643a8a475d9d260a43f7c.e3iSbxaKaheRe3iNc3uNbNmQay1ynknvrkLOlQzNp65In0 HTTP/1.1" 200 2
201.245.192.253 - - [02/Apr/2024:06:19:46 -0500] "POST /kwsrmcab/Wsrmcab HTTP/1.1" 200 38783
172.22.2.4 - - [02/Apr/2024:06:18:25 -0500] "HEAD /BLA/boletinlegal/ HTTP/1.1" 200 -
201.245.192.253 - - [02/Apr/2024:06:20:25 -0500] "POST /forms/lservlet;jsessionid=ac16012b30d61766ad30c9f04634b024bcbfec2f3322.e3iSbxaKaheRe3iNc3uNbNmQay1ynknvrkLOlQzNp65In0 HTTP/1.1" 200 2
201.245.192.253 - - [02/Apr/2024:06:20:32 -0500] "POST /kwsrmcab/Wsrmcab HTTP/1.1" 200 37481
201.245.192.253 - - [02/Apr/2024:06:20:36 -0500] "POST /kwsrmcab/Wsrmcab  HTTP/1.1" 200 213
172.22.2.4 - - [02/Apr/2024:06:19:16 -0500] "GET /BLA/boletinlegal/ HTTP/1.1" 200 57485
201.245.192.253 - - [02/Apr/2024:06:21:40 -0500] "POST /forms/lservlet;jsessionid=ac16012b30d66283f9f7cd6643a8a475d9d260a43f7c.e3iSbxaKaheRe3iNc3uNbNmQay1ynknvrkLOlQzNp65In0 HTTP/1.1" 200 2
201.245.192.253 - - [02/Apr/2024:06:22:25 -0500] "POST /forms/lservlet;jsessionid=ac16012b30d61766ad30c9f04634b024bcbfec2f3322.e3iSbxaKaheRe3iNc3uNbNmQay1ynknvrkLOlQzNp65In0 HTTP/1.1" 200 2
40.77.167.132 - - [02/Apr/2024:06:23:30 -0500] "GET /BLA/resoluciones/RESOLUCIONES%202016/1348.pdf HTTP/1.1" 200 1003359
201.245.192.253 - - [02/Apr/2024:06:23:40 -0500] "POST /forms/lservlet;jsessionid=ac16012b30d66283f9f7cd6643a8a475d9d260a43f7c.e3iSbxaKaheRe3iNc3uNbNmQay1ynknvrkLOlQzNp65In0 HTTP/1.1" 200 2
216.245.221.92 - - [02/Apr/2024:06:24:14 -0500] "HEAD / HTTP/1.1" 200 -
201.245.192.253 - - [02/Apr/2024:06:24:25 -0500] "POST /forms/lservlet;jsessionid=ac16012b30d61766ad30c9f04634b024bcbfec2f3322.e3iSbxaKaheRe3iNc3uNbNmQay1ynknvrkLOlQzNp65In0 HTTP/1.1" 200 2
198.235.24.215 - - [02/Apr/2024:06:25:08 -0500] "GET / HTTP/1.1" 200 4720
20.26.44.164 - - [02/Apr/2024:06:25:19 -0500] "GET /Publicaciones/2023EE305975.pdf HTTP/1.1" 404 228
201.245.192.253 - - [02/Apr/2024:06:25:34 -0500] "POST /kwsrmcab/Wsrmcab  HTTP/1.1" 200 213
201.245.192.253 - - [02/Apr/2024:06:25:40 -0500] "POST /forms/lservlet;jsessionid=ac16012b30d66283f9f7cd6643a8a475d9d260a43f7c.e3iSbxaKaheRe3iNc3uNbNmQay1ynknvrkLOlQzNp65In0 HTTP/1.1" 200 2
172.22.2.4 - - [02/Apr/2024:06:24:15 -0500] "HEAD /BLA/boletinlegal/ HTTP/1.1" 200 -
173.252.79.6 - - [02/Apr/2024:06:26:03 -0500] "GET /images/Comprimida%20incendios.jpg HTTP/1.1" 200 23316
66.249.66.20 - - [02/Apr/2024:06:26:10 -0500] "GET /resoluciones/RESOLUCIONES%202009/3864.pdf HTTP/1.1" 404 1018
181.53.13.222 - - [02/Apr/2024:06:26:17 -0500] "POST /sipse/faces/presentacion/financiero/solicitudProceso/consultarSolicitudProceso.xhtml HTTP/1.1" 200 21129
181.53.13.222 - - [02/Apr/2024:06:26:18 -0500] "GET /sipse/faces/javax.faces.resource/theme.css?ln=primefaces-sipse HTTP/1.1" 304 -
181.53.13.222 - - [02/Apr/2024:06:26:19 -0500] "GET /sipse/faces/javax.faces.resource/jquery/jquery.js?ln=primefaces&v=4.0 HTTP/1.1" 304 -
181.53.13.222 - - [02/Apr/2024:06:26:19 -0500] "GET /sipse/faces/javax.faces.resource/primefaces.css?ln=primefaces&v=4.0 HTTP/1.1" 304 -
181.53.13.222 - - [02/Apr/2024:06:26:19 -0500] "GET /sipse/faces/javax.faces.resource/layout/layout.css?ln=primefaces&v=4.0 HTTP/1.1" 304 -
181.53.13.222 - - [02/Apr/2024:06:26:19 -0500] "GET /sipse/faces/javax.faces.resource/fileupload/fileupload.css?ln=primefaces&v=4.0 HTTP/1.1" 304 -
181.53.13.222 - - [02/Apr/2024:06:26:19 -0500] "GET /sipse/faces/javax.faces.resource/jquery/jquery-plugins.js?ln=primefaces&v=4.0 HTTP/1.1" 304 -
181.53.13.222 - - [02/Apr/2024:06:26:19 -0500] "GET /sipse/faces/javax.faces.resource/primefaces.js?ln=primefaces&v=4.0 HTTP/1.1" 304 -
181.53.13.222 - - [02/Apr/2024:06:26:19 -0500] "GET /sipse/faces/javax.faces.resource/fileupload/fileupload.js?ln=primefaces&v=4.0 HTTP/1.1" 304 -
181.53.13.222 - - [02/Apr/2024:06:26:19 -0500] "GET /sipse/faces/javax.faces.resource/layout/layout.js?ln=primefaces&v=4.0 HTTP/1.1" 304 -
181.53.13.222 - - [02/Apr/2024:06:26:19 -0500] "GET /sipse/css/imagen/contrasena.png HTTP/1.1" 404 383
181.53.13.222 - - [02/Apr/2024:06:26:19 -0500] "GET /sipse/faces/javax.faces.resource/images/ui-icons_898989_256x240.png?ln=primefaces-aristo HTTP/1.1" 304 -
201.245.192.253 - - [02/Apr/2024:06:26:25 -0500] "POST /forms/lservlet;jsessionid=ac16012b30d61766ad30c9f04634b024bcbfec2f3322.e3iSbxaKaheRe3iNc3uNbNmQay1ynknvrkLOlQzNp65In0 HTTP/1.1" 200 2
172.22.2.4 - - [02/Apr/2024:06:25:06 -0500] "GET /BLA/boletinlegal/ HTTP/1.1" 200 60380
181.53.13.222 - - [02/Apr/2024:06:27:10 -0500] "GET /sipse/faces/javax.faces.resource/primefaces.css?ln=primefaces&v=4.0 HTTP/1.1" 304 -
181.53.13.222 - - [02/Apr/2024:06:27:10 -0500] "GET /sipse/faces/javax.faces.resource/theme.css?ln=primefaces-sipse HTTP/1.1" 304 -
181.53.13.222 - - [02/Apr/2024:06:27:09 -0500] "POST /sipse/faces/presentacion/sistema/anexos/cargarAnexoSolicitudProceso.xhtml HTTP/1.1" 200 170342
181.53.13.222 - - [02/Apr/2024:06:27:10 -0500] "GET /sipse/faces/javax.faces.resource/layout/layout.css?ln=primefaces&v=4.0 HTTP/1.1" 304 -
181.53.13.222 - - [02/Apr/2024:06:27:10 -0500] "GET /sipse/faces/javax.faces.resource/jquery/jquery-plugins.js?ln=primefaces&v=4.0 HTTP/1.1" 304 -
181.53.13.222 - - [02/Apr/2024:06:27:10 -0500] "GET /sipse/faces/javax.faces.resource/jquery/jquery.js?ln=primefaces&v=4.0 HTTP/1.1" 304 -
181.53.13.222 - - [02/Apr/2024:06:27:10 -0500] "GET /sipse/faces/javax.faces.resource/primefaces.js?ln=primefaces&v=4.0 HTTP/1.1" 304 -
181.53.13.222 - - [02/Apr/2024:06:27:10 -0500] "GET /sipse/faces/javax.faces.resource/layout/layout.js?ln=primefaces&v=4.0 HTTP/1.1" 304 -
181.53.13.222 - - [02/Apr/2024:06:27:11 -0500] "GET /sipse/faces/javax.faces.resource/images/ui-icons_898989_256x240.png?ln=primefaces-aristo HTTP/1.1" 304 -
201.245.192.253 - - [02/Apr/2024:06:27:40 -0500] "POST /forms/lservlet;jsessionid=ac16012b30d66283f9f7cd6643a8a475d9d260a43f7c.e3iSbxaKaheRe3iNc3uNbNmQay1ynknvrkLOlQzNp65In0 HTTP/1.1" 200 2
181.53.13.222 - - [02/Apr/2024:06:28:17 -0500] "POST /sipse/faces/presentacion/financiero/solicitudProceso/consultarSolicitudProceso.xhtml HTTP/1.1" 200 21129
181.53.13.222 - - [02/Apr/2024:06:28:18 -0500] "GET /sipse/faces/javax.faces.resource/theme.css?ln=primefaces-sipse HTTP/1.1" 304 -
181.53.13.222 - - [02/Apr/2024:06:28:18 -0500] "GET /sipse/faces/javax.faces.resource/primefaces.css?ln=primefaces&v=4.0 HTTP/1.1" 304 -
181.53.13.222 - - [02/Apr/2024:06:28:18 -0500] "GET /sipse/faces/javax.faces.resource/layout/layout.css?ln=primefaces&v=4.0 HTTP/1.1" 304 -
181.53.13.222 - - [02/Apr/2024:06:28:18 -0500] "GET /sipse/faces/javax.faces.resource/fileupload/fileupload.css?ln=primefaces&v=4.0 HTTP/1.1" 304 -
181.53.13.222 - - [02/Apr/2024:06:28:18 -0500] "GET /sipse/faces/javax.faces.resource/jquery/jquery.js?ln=primefaces&v=4.0 HTTP/1.1" 304 -
181.53.13.222 - - [02/Apr/2024:06:28:18 -0500] "GET /sipse/faces/javax.faces.resource/layout/layout.js?ln=primefaces&v=4.0 HTTP/1.1" 304 -
181.53.13.222 - - [02/Apr/2024:06:28:18 -0500] "GET /sipse/faces/javax.faces.resource/primefaces.js?ln=primefaces&v=4.0 HTTP/1.1" 304 -
181.53.13.222 - - [02/Apr/2024:06:28:18 -0500] "GET /sipse/faces/javax.faces.resource/jquery/jquery-plugins.js?ln=primefaces&v=4.0 HTTP/1.1" 304 -
181.53.13.222 - - [02/Apr/2024:06:28:18 -0500] "GET /sipse/faces/javax.faces.resource/fileupload/fileupload.js?ln=primefaces&v=4.0 HTTP/1.1" 304 -
201.245.192.253 - - [02/Apr/2024:06:28:25 -0500] "POST /forms/lservlet;jsessionid=ac16012b30d61766ad30c9f04634b024bcbfec2f3322.e3iSbxaKaheRe3iNc3uNbNmQay1ynknvrkLOlQzNp65In0 HTTP/1.1" 200 2
66.249.66.20 - - [02/Apr/2024:06:29:00 -0500] "GET /BLA/resoluciones/RESOLUCIONES%202009/8035.pdf HTTP/1.1" 200 419672
201.245.192.253 - - [02/Apr/2024:06:29:02 -0500] "POST /kwsrmcab/Wsrmcab HTTP/1.1" 200 39268
201.245.192.253 - - [02/Apr/2024:06:29:02 -0500] "POST /kwsrmcab/Wsrmcab HTTP/1.1" 200 37481
216.245.221.92 - - [02/Apr/2024:06:29:14 -0500] "HEAD / HTTP/1.1" 200 -
201.245.192.253 - - [02/Apr/2024:06:29:40 -0500] "POST /forms/lservlet;jsessionid=ac16012b30d66283f9f7cd6643a8a475d9d260a43f7c.e3iSbxaKaheRe3iNc3uNbNmQay1ynknvrkLOlQzNp65In0 HTTP/1.1" 200 2
201.245.192.253 - - [02/Apr/2024:06:29:46 -0500] "POST /kwsrmcab/Wsrmcab HTTP/1.1" 200 38783
47.128.22.227 - - [02/Apr/2024:06:30:15 -0500] "GET /BLA/resoluciones/AUTOS%202021/0245.php?act=cmd&d=E%3A%5Cnuevo%5Chtdocs%5CBLA%5Cresoluciones%5CRESOLUCIONES+2016%5C HTTP/1.1" 200 2779
201.245.192.253 - - [02/Apr/2024:06:30:25 -0500] "POST /forms/lservlet;jsessionid=ac16012b30d61766ad30c9f04634b024bcbfec2f3322.e3iSbxaKaheRe3iNc3uNbNmQay1ynknvrkLOlQzNp65In0 HTTP/1.1" 200 2
201.245.192.253 - - [02/Apr/2024:06:30:32 -0500] "POST /kwsrmcab/Wsrmcab  HTTP/1.1" 200 213
201.245.192.253 - - [02/Apr/2024:06:30:32 -0500] "POST /kwsrmcab/Wsrmcab HTTP/1.1" 200 37481
181.53.13.222 - - [02/Apr/2024:06:28:26 -0500] "POST /sipse/faces/presentacion/sistema/anexos/cargarAnexoSolicitudProceso.xhtml HTTP/1.1" 200 21521
181.53.13.222 - - [02/Apr/2024:06:30:53 -0500] "GET /sipse/faces/javax.faces.resource/theme.css?ln=primefaces-sipse HTTP/1.1" 304 -
181.53.13.222 - - [02/Apr/2024:06:30:53 -0500] "GET /sipse/faces/javax.faces.resource/primefaces.css?ln=primefaces&v=4.0 HTTP/1.1" 304 -
181.53.13.222 - - [02/Apr/2024:06:30:53 -0500] "GET /sipse/faces/javax.faces.resource/fileupload/fileupload.css?ln=primefaces&v=4.0 HTTP/1.1" 304 -
181.53.13.222 - - [02/Apr/2024:06:30:53 -0500] "GET /sipse/faces/javax.faces.resource/layout/layout.css?ln=primefaces&v=4.0 HTTP/1.1" 304 -
181.53.13.222 - - [02/Apr/2024:06:30:53 -0500] "GET /sipse/faces/javax.faces.resource/jquery/jquery.js?ln=primefaces&v=4.0 HTTP/1.1" 304 -
181.53.13.222 - - [02/Apr/2024:06:30:53 -0500] "GET /sipse/faces/javax.faces.resource/jquery/jquery-plugins.js?ln=primefaces&v=4.0 HTTP/1.1" 304 -
181.53.13.222 - - [02/Apr/2024:06:30:53 -0500] "GET /sipse/faces/javax.faces.resource/primefaces.js?ln=primefaces&v=4.0 HTTP/1.1" 304 -
181.53.13.222 - - [02/Apr/2024:06:30:53 -0500] "GET /sipse/faces/javax.faces.resource/layout/layout.js?ln=primefaces&v=4.0 HTTP/1.1" 304 -
181.53.13.222 - - [02/Apr/2024:06:30:53 -0500] "GET /sipse/faces/javax.faces.resource/fileupload/fileupload.js?ln=primefaces&v=4.0 HTTP/1.1" 304 -
181.53.13.222 - - [02/Apr/2024:06:30:53 -0500] "GET /sipse/faces/javax.faces.resource/messages/messages.png?ln=primefaces&v=4.0 HTTP/1.1" 304 -
201.245.192.253 - - [02/Apr/2024:06:31:40 -0500] "POST /forms/lservlet;jsessionid=ac16012b30d66283f9f7cd6643a8a475d9d260a43f7c.e3iSbxaKaheRe3iNc3uNbNmQay1ynknvrkLOlQzNp65In0 HTTP/1.1" 200 2
172.22.2.4 - - [02/Apr/2024:06:30:05 -0500] "HEAD /BLA/boletinlegal/ HTTP/1.1" 200 -
52.149.22.80 - - [02/Apr/2024:06:31:49 -0500] "GET /Publicaciones/2024EE54611.pdf HTTP/1.1" 404 227
52.167.144.145 - - [02/Apr/2024:06:32:05 -0500] "GET /Publicaciones/2024EE48643.pdf HTTP/1.1" 404 227
201.245.192.253 - - [02/Apr/2024:06:32:25 -0500] "POST /forms/lservlet;jsessionid=ac16012b30d61766ad30c9f04634b024bcbfec2f3322.e3iSbxaKaheRe3iNc3uNbNmQay1ynknvrkLOlQzNp65In0 HTTP/1.1" 200 2
172.22.2.4 - - [02/Apr/2024:06:30:56 -0500] "GET /BLA/boletinlegal/ HTTP/1.1" 200 58720
69.63.189.118 - - [02/Apr/2024:06:32:38 -0500] "GET /escenarios-ambientales-humedales-y-parques-de-alta-montana-cerrados-preventivamente-por-incendios-forestales-en-bogota.html HTTP/1.1" 200 913
69.63.189.4 - - [02/Apr/2024:06:32:39 -0500] "GET /escenarios-ambientales-humedales-y-parques-de-alta-montana-cerrados-preventivamente-por-incendios-forestales-en-bogota.html HTTP/1.1" 200 913
173.252.79.6 - - [02/Apr/2024:06:32:39 -0500] "GET /images/27%20de%20enero%20Soratama.jpg HTTP/1.1" 200 63397
98.64.96.30 - - [02/Apr/2024:06:33:01 -0500] "GET /Publicaciones/2024EE48643.pdf HTTP/1.1" 404 227
66.249.66.21 - - [02/Apr/2024:06:33:24 -0500] "GET /BLA/resoluciones/RESOLUCIONES%202010/7788.pdf HTTP/1.1" 200 99697
201.245.192.253 - - [02/Apr/2024:06:33:40 -0500] "POST /forms/lservlet;jsessionid=ac16012b30d66283f9f7cd6643a8a475d9d260a43f7c.e3iSbxaKaheRe3iNc3uNbNmQay1ynknvrkLOlQzNp65In0 HTTP/1.1" 200 2
216.245.221.92 - - [02/Apr/2024:06:34:14 -0500] "HEAD / HTTP/1.1" 200 -
201.245.192.253 - - [02/Apr/2024:06:34:25 -0500] "POST /forms/lservlet;jsessionid=ac16012b30d61766ad30c9f04634b024bcbfec2f3322.e3iSbxaKaheRe3iNc3uNbNmQay1ynknvrkLOlQzNp65In0 HTTP/1.1" 200 2
47.128.22.222 - - [02/Apr/2024:06:34:41 -0500] "GET /BLA/resoluciones/AUTOS%202021/0245.php?act=cmd&d=E%3A%5Cnuevo%5Chtdocs%5CBLA%5Cresoluciones%5CAUTOS+2023%5C HTTP/1.1" 200 2774
47.128.22.222 - - [02/Apr/2024:06:34:44 -0500] "GET /BLA/resoluciones/AUTOS%202021/0245.php?act=cmd&d=E%3A%5Cnuevo%5Chtdocs%5CBLA%5Cresoluciones%5CAUTOS+2023%5C HTTP/1.1" 200 2774
66.249.66.20 - - [02/Apr/2024:06:35:04 -0500] "GET /Publicaciones/2024EE12566.pdf HTTP/1.1" 404 227
66.249.66.20 - - [02/Apr/2024:06:35:18 -0500] "GET /portel_dama/libreria/php/2006/ECOSISTEMAS%20FINAL%20web_mz27/restauracion/sitio/22_proye/xtras_in/4.pdf HTTP/1.1" 404 1018
66.249.66.19 - - [02/Apr/2024:06:35:20 -0500] "GET /Publicaciones/2024EE33794.pdf HTTP/1.1" 404 227
87.121.69.52 - - [02/Apr/2024:06:35:22 -0500] "CONNECT google.com:443 HTTP/1.1" 405 938
201.245.192.253 - - [02/Apr/2024:06:35:32 -0500] "POST /kwsrmcab/Wsrmcab  HTTP/1.1" 200 213
201.245.192.253 - - [02/Apr/2024:06:35:40 -0500] "POST /forms/lservlet;jsessionid=ac16012b30d66283f9f7cd6643a8a475d9d260a43f7c.e3iSbxaKaheRe3iNc3uNbNmQay1ynknvrkLOlQzNp65In0 HTTP/1.1" 200 2
17.241.219.120 - - [02/Apr/2024:06:35:49 -0500] "GET /el-renacer-la-huerta-de-28-reclusos-de-la-carcel-la-picota.html HTTP/1.1" 200 744
66.249.66.20 - - [02/Apr/2024:06:36:22 -0500] "GET /BLA/resoluciones/RESOLUCIONES%202008/1699.pdf HTTP/1.1" 200 300531
201.245.192.253 - - [02/Apr/2024:06:36:25 -0500] "POST /forms/lservlet;jsessionid=ac16012b30d61766ad30c9f04634b024bcbfec2f3322.e3iSbxaKaheRe3iNc3uNbNmQay1ynknvrkLOlQzNp65In0 HTTP/1.1" 200 2
172.22.2.4 - - [02/Apr/2024:06:35:55 -0500] "HEAD /BLA/boletinlegal/ HTTP/1.1" 200 -
201.245.192.253 - - [02/Apr/2024:06:37:40 -0500] "POST /forms/lservlet;jsessionid=ac16012b30d66283f9f7cd6643a8a475d9d260a43f7c.e3iSbxaKaheRe3iNc3uNbNmQay1ynknvrkLOlQzNp65In0 HTTP/1.1" 200 2
201.245.192.253 - - [02/Apr/2024:06:38:25 -0500] "POST /forms/lservlet;jsessionid=ac16012b30d61766ad30c9f04634b024bcbfec2f3322.e3iSbxaKaheRe3iNc3uNbNmQay1ynknvrkLOlQzNp65In0 HTTP/1.1" 200 2
172.22.2.4 - - [02/Apr/2024:06:36:46 -0500] "GET /BLA/boletinlegal/ HTTP/1.1" 200 58273
186.30.24.26 - - [02/Apr/2024:06:38:31 -0500] "GET /kwssiamovil/sm/ldap/au?x=U2FsdGVkX1+xBuOle3vuSy+cnT99atswIjrHU9zBAmJSSW7lWXWcgccWbG4hHJYm&y=U2FsdGVkX1/nKg0+YWoEkAzx+giJAnhUKklsj1pP5o/GTHHINB4KirhSKeafhcDv HTTP/1.1" 200 30
186.30.24.26 - - [02/Apr/2024:06:38:32 -0500] "GET /kwssiamovil/sm/acme/s?s=U2FsdGVkX18+/x6tjmx5p5BbYp0GK5y4nfP7AgYxTuUO9M19Iduf7rKHQ1L9ezuadnNUR68dpsD7NSqfAhK2BjqHAZ/NlhzzYkeNOUuvH4Y=&u=U2FsdGVkX1/Zl1X9mb6oik1AuGBOnvF0VTrm4j5wI+8=&y=U2FsdGVkX1/nKg0+YWoEkAzx+giJAnhUKklsj1pP5o/GTHHINB4KirhSKeafhcDv HTTP/1.1" 200 97
186.30.24.26 - - [02/Apr/2024:06:38:32 -0500] "GET /kwssiamovil/sm/acme/s?s=U2FsdGVkX1+EVtSI7WJXzoCfo9DO5CqIZNZepS9OqrnspXfrxmmkNjgMUYYqQ/nIH28/0PpQ4gR/fHzJS3LN9Yr9crL4HbKg3vfw2j9kfQQ2BrVLtJEAY2q0aNR0qDdu8BWXoee+IN+QePECZGuYizBDSB0zL+H6J1rKBlWCv+q7tU01Z6Quft6+eJ83rRWyy6ph3CoJ3O2CGq+YrOIU8JJWfLeQthjgeW6M/a1QDJx+oVvHwEKa1xUomM9v8N+ktawUbZZk2hCcjPkbbwgw0jCrtuvKU7mqVSL3fc8tdsbuOitblYf7bKmsZcbfQa/EtGZg3k0WixI/Pz4XKBqKEKwVmqntXsO/DG6FNXxdA2aHsEPPWfTe35brWFte+XrqHTu/7X0azeNplKblf99Obbcdm9DY7J76gDENcoEpX0jZE7nAc7eFOrxqSX3fVecljasklrwt2pxlT+0N+B2WBplq00GB8i7YnMLlxuceFcIntNAYwn4gfSR0f03aE/OY2P8RjzLeiWEpWg/47UHjoI5mdTWriwzKEXLSJfSXlQpjWJKT5rQ/ExGt/HRREOnjqTPG4PiFsgwqwEDa6XbOqUqQ+FBg2OStt8niJdxMob+1u+xZFeejwEvaBDKfC+ufXDYn6ryGSu62oThxQuMjisO/hQoefp3EVG7CW+D03vrVk/2/rfqQ1GPkGS4UiNtq30UhjHw2EYKySAJUPQrAT9SK7kmn/yNtJ5SDE70O/jqXwpxo0Aq5ggyMMrPdPZGM+SfeqZ1P+E8NXHWUR8Kr2D6Dp75iVC8RzPYLtbsV6BW98odOXJfSCv1L8GV45McDcaebiky5ZV+kTP5ot0IyKk5l8bPRyV0b70w9Ly/tJAp7Y5u38TG6JMuDGIQlMIZFfCvOr0LCrX7WjbhjZygGan58E5WNTLt1hmBx5Jt4vaTQl++YAnfhngVP87QbiVMQ2hE1pGjWaguFQcMBIkOvNBLyZ69lWQnxHyDZ8A6PBsTOkB+HU91huQiy9YbHYKWqxlD/dv8Qc//79wfgrrbHqDc87fMyYaPdrerDIpMWqC4acFlF/AP0suX12bZwgxdl8mx23iGsxgNnhQZxE171d4hmxTKrqR0iNS4U8xSrgGoq7tfFHrQGWYENKbfZFzRS9rvdMZdC+fPHjtfCxp4fv4bOekTA1wxYTSj3wngACRdSYdBcpW4eD9ASMMyKeAeBqDyHlOV1VdZUReJKtowTekpNx9HC+HJvuWFA5YWn57ozNTuv37L28fOdMFq1WsRk4+UuwlaBZwYnL54tuCx8mcbYQX3nl7Gt6wA/F97pBeNNL1/XCxTdTBHdFlgI3L4LgOaHb+K3i5q9l+BImCxK27QujU8y8ERS2yrZrgL1Rb2yJmgdi4jF61irAa9BYqabYBAGm9j3P+tVLnGSxRUrY4XGwc2XmrGO3e2W1i8BICd88q8NuPMMdfoOYCPCBOGiL0RUcE+yfwU2q9jV56D3P9MN6GIv5vd71ze/AJHzfLRCjHH3+jNjVaP/P+y8/FJ+CS0w0bM6cgNkunhgiMYguoyceGXAol6l+N21pgQve55YG5VljGAkxwYp3TwsX7YtjC8MBlwj1sU+6etVi6MoTgev09MMrnVRuRXCXyIFICGQb3qnp5LbYIFoz0JGGWvMoVA8lNawK2zrC6WcIREP9HDW8CIi913ui8EfD2u6FWojyH9bZDtaRYWKiqzzjHiU8tEzjeBTJnpqKiG7IH1hfhMp2lu7pxo3F/Ca/1Xrx0E=&u=U2FsdGVkX1/Zl1X9mb6oik1AuGBOnvF0VTrm4j5wI+8=&y=U2FsdGVkX1/nKg0+YWoEkAzx+giJAnhUKklsj1pP5o/GTHHINB4KirhSKeafhcDv HTTP/1.1" 200 676
186.30.24.26 - - [02/Apr/2024:06:38:32 -0500] "GET /kwssiamovil/sm/acme/s?s=U2FsdGVkX1+K87x6NmTlXh+POmNyY0khldgj+TeywsJZ2B4l8FweTPT9mo7mpfMKt7GR14IkOCgbc1qW+tzvGvllaT9KAMQ7I+kjTEFl5/ORAS+DCEiZWk9+9bhAGeDt+6jgcOBwPk2CETdUSdfNh0Bx6EwYndDaDKioSuq7nV7lXNQc3lznulkrMpGE9rPTcrFKLsklrl0YMQWjN0hY7HsXCwOI18z1we4RZ3AsYd80Edu3medlQ8hVSY1Vfi2GNtVszTD0mYnxXm2Gs5HpinrV4mTEd9Bu4JeXE5JyVXN2ttDq8H7F4xo66j4YdcAQNrv1gvqpHLWv5KkiqhflFXw21BxxYk4zRfPY/pVjfJMaZIvovtKdc1rNZqHwLbJ+q7teWKcmJGgsxhUUELxI2Ap+O9IymWRclRm6W4lIqVdRYR+djR5/YWPac0lv/vNsu+yQSDHGQWNTaGH8ouEhR3os/1pGWE/mr+R7qUePoJnguww/gfvw8gJnAazGg70YSO48YTaD4pqJEWAhs3LR5iqhPov6lMzubsHFevvNYZ1CF7mNhW8JsAE1YNCPzLdH2hdhpg/78ZcBbRJwsDiz+1vShbZRXfYnUZMb+6XGxbQbxBJnCCP8yjZp6glRl7kMThAwePj9Wkt6Zp6WwH8xmcl2p2e7tqDbJcOuDWJCj0s7MezyTy+2wgRfh+SCcJfDYODR/9Q4/EKZTRz4qrZTHxmYgVXMKfgigmUEBxP/SEf+6J5jHCE7D25G+6ev5TUM&u=U2FsdGVkX1/Zl1X9mb6oik1AuGBOnvF0VTrm4j5wI+8=&y=U2FsdGVkX1/nKg0+YWoEkAzx+giJAnhUKklsj1pP5o/GTHHINB4KirhSKeafhcDv HTTP/1.1" 200 208
186.30.24.26 - - [02/Apr/2024:06:38:32 -0500] "GET /kwssiamovil/sm/cjson/pre?f=1&x=U2FsdGVkX1+xBuOle3vuSy+cnT99atswIjrHU9zBAmJSSW7lWXWcgccWbG4hHJYm HTTP/1.1" 200 30244
201.245.192.253 - - [02/Apr/2024:06:39:01 -0500] "POST /kwsrmcab/Wsrmcab HTTP/1.1" 200 39268
201.245.192.253 - - [02/Apr/2024:06:39:01 -0500] "POST /kwsrmcab/Wsrmcab HTTP/1.1" 200 37481
216.245.221.92 - - [02/Apr/2024:06:39:14 -0500] "HEAD / HTTP/1.1" 200 -
201.245.192.253 - - [02/Apr/2024:06:39:40 -0500] "POST /forms/lservlet;jsessionid=ac16012b30d66283f9f7cd6643a8a475d9d260a43f7c.e3iSbxaKaheRe3iNc3uNbNmQay1ynknvrkLOlQzNp65In0 HTTP/1.1" 200 2
201.245.192.253 - - [02/Apr/2024:06:39:45 -0500] "POST /kwsrmcab/Wsrmcab HTTP/1.1" 200 38783
201.245.192.253 - - [02/Apr/2024:06:40:25 -0500] "POST /forms/lservlet;jsessionid=ac16012b30d61766ad30c9f04634b024bcbfec2f3322.e3iSbxaKaheRe3iNc3uNbNmQay1ynknvrkLOlQzNp65In0 HTTP/1.1" 200 2
201.245.192.253 - - [02/Apr/2024:06:40:30 -0500] "POST /kwsrmcab/Wsrmcab  HTTP/1.1" 200 213
201.245.192.253 - - [02/Apr/2024:06:40:37 -0500] "POST /kwsrmcab/Wsrmcab HTTP/1.1" 200 37481
172.22.2.4 - - [02/Apr/2024:06:40:45 -0500] "GET /BLA/boletinlegal/actos.php HTTP/1.1" 200 9738
172.22.2.4 - - [02/Apr/2024:06:40:54 -0500] "GET /BLA/boletinlegal/robots.txt HTTP/1.1" 404 1038
201.245.192.253 - - [02/Apr/2024:06:41:40 -0500] "POST /forms/lservlet;jsessionid=ac16012b30d66283f9f7cd6643a8a475d9d260a43f7c.e3iSbxaKaheRe3iNc3uNbNmQay1ynknvrkLOlQzNp65In0 HTTP/1.1" 200 2
52.167.144.170 - - [02/Apr/2024:06:42:02 -0500] "GET /BLA/resoluciones/RESOLUCIONES%202016/0858.pdf HTTP/1.1" 200 680942
201.245.192.253 - - [02/Apr/2024:06:42:25 -0500] "POST /forms/lservlet;jsessionid=ac16012b30d61766ad30c9f04634b024bcbfec2f3322.e3iSbxaKaheRe3iNc3uNbNmQay1ynknvrkLOlQzNp65In0 HTTP/1.1" 200 2
172.22.2.4 - - [02/Apr/2024:06:41:53 -0500] "GET /BLA/boletinlegal/ HTTP/1.1" 200 20427
181.53.13.222 - - [02/Apr/2024:06:42:57 -0500] "GET /sipse/faces/javax.faces.resource/images/ui-bg_flat_0_2d5972_40x100.png?ln=primefaces-aristo HTTP/1.1" 304 -
181.53.13.222 - - [02/Apr/2024:06:42:57 -0500] "POST /sipse/faces/presentacion/sistema/anexos/cargarAnexoSolicitudProceso.xhtml HTTP/1.1" 200 126180
181.53.13.222 - - [02/Apr/2024:06:42:58 -0500] "GET /sipse/faces/javax.faces.resource/theme.css?ln=primefaces-sipse HTTP/1.1" 304 -
181.53.13.222 - - [02/Apr/2024:06:42:58 -0500] "GET /sipse/faces/javax.faces.resource/primefaces.css?ln=primefaces&v=4.0 HTTP/1.1" 304 -
181.53.13.222 - - [02/Apr/2024:06:42:58 -0500] "GET /sipse/faces/javax.faces.resource/layout/layout.css?ln=primefaces&v=4.0 HTTP/1.1" 304 -
181.53.13.222 - - [02/Apr/2024:06:42:58 -0500] "GET /sipse/faces/javax.faces.resource/jquery/jquery.js?ln=primefaces&v=4.0 HTTP/1.1" 304 -
181.53.13.222 - - [02/Apr/2024:06:42:58 -0500] "GET /sipse/faces/javax.faces.resource/jquery/jquery-plugins.js?ln=primefaces&v=4.0 HTTP/1.1" 304 -
181.53.13.222 - - [02/Apr/2024:06:42:58 -0500] "GET /sipse/css/imagen/contrasena.png HTTP/1.1" 404 383
181.53.13.222 - - [02/Apr/2024:06:42:58 -0500] "GET /sipse/faces/javax.faces.resource/primefaces.js?ln=primefaces&v=4.0 HTTP/1.1" 304 -
181.53.13.222 - - [02/Apr/2024:06:42:58 -0500] "GET /sipse/faces/javax.faces.resource/layout/layout.js?ln=primefaces&v=4.0 HTTP/1.1" 304 -
181.53.13.222 - - [02/Apr/2024:06:42:58 -0500] "GET /sipse/faces/javax.faces.resource/images/ui-icons_898989_256x240.png?ln=primefaces-aristo HTTP/1.1" 304 -
181.53.13.222 - - [02/Apr/2024:06:43:04 -0500] "POST /sipse/faces/presentacion/financiero/solicitudProceso/consultarSolicitudProceso.xhtml HTTP/1.1" 200 29435
181.53.13.222 - - [02/Apr/2024:06:43:05 -0500] "GET /sipse/faces/javax.faces.resource/layout/layout.js?ln=primefaces&v=4.0 HTTP/1.1" 304 -
181.53.13.222 - - [02/Apr/2024:06:43:05 -0500] "GET /sipse/faces/javax.faces.resource/primefaces.css?ln=primefaces&v=4.0 HTTP/1.1" 304 -
181.53.13.222 - - [02/Apr/2024:06:43:05 -0500] "GET /sipse/faces/javax.faces.resource/theme.css?ln=primefaces-sipse HTTP/1.1" 304 -
181.53.13.222 - - [02/Apr/2024:06:43:05 -0500] "GET /sipse/faces/javax.faces.resource/jquery/jquery-plugins.js?ln=primefaces&v=4.0 HTTP/1.1" 304 -
181.53.13.222 - - [02/Apr/2024:06:43:05 -0500] "GET /sipse/faces/javax.faces.resource/primefaces.js?ln=primefaces&v=4.0 HTTP/1.1" 304 -
181.53.13.222 - - [02/Apr/2024:06:43:05 -0500] "GET /sipse/faces/javax.faces.resource/layout/layout.css?ln=primefaces&v=4.0 HTTP/1.1" 304 -
181.53.13.222 - - [02/Apr/2024:06:43:05 -0500] "GET /sipse/faces/javax.faces.resource/jquery/jquery.js?ln=primefaces&v=4.0 HTTP/1.1" 304 -
181.53.13.222 - - [02/Apr/2024:06:43:05 -0500] "GET /sipse/faces/javax.faces.resource/images/ui-icons_898989_256x240.png?ln=primefaces-aristo HTTP/1.1" 304 -
181.53.13.222 - - [02/Apr/2024:06:43:05 -0500] "GET /sipse/css/imagen/contrasena.png HTTP/1.1" 404 383
172.22.2.4 - - [02/Apr/2024:06:41:45 -0500] "HEAD /BLA/boletinlegal/ HTTP/1.1" 200 -
172.22.2.4 - - [02/Apr/2024:06:43:26 -0500] "GET /BLA/boletinlegal/robots.txt HTTP/1.1" 404 1038
201.245.192.253 - - [02/Apr/2024:06:43:40 -0500] "POST /forms/lservlet;jsessionid=ac16012b30d66283f9f7cd6643a8a475d9d260a43f7c.e3iSbxaKaheRe3iNc3uNbNmQay1ynknvrkLOlQzNp65In0 HTTP/1.1" 200 2
181.53.13.222 - - [02/Apr/2024:06:43:47 -0500] "GET /sipse/faces/javax.faces.resource/theme.css?ln=primefaces-sipse HTTP/1.1" 304 -
181.53.13.222 - - [02/Apr/2024:06:43:47 -0500] "GET /sipse/faces/javax.faces.resource/primefaces.css?ln=primefaces&v=4.0 HTTP/1.1" 304 -
181.53.13.222 - - [02/Apr/2024:06:43:47 -0500] "GET /sipse/faces/javax.faces.resource/jquery/jquery-plugins.js?ln=primefaces&v=4.0 HTTP/1.1" 304 -
181.53.13.222 - - [02/Apr/2024:06:43:47 -0500] "GET /sipse/faces/javax.faces.resource/jquery/jquery.js?ln=primefaces&v=4.0 HTTP/1.1" 304 -
181.53.13.222 - - [02/Apr/2024:06:43:47 -0500] "GET /sipse/faces/javax.faces.resource/layout/layout.css?ln=primefaces&v=4.0 HTTP/1.1" 304 -
181.53.13.222 - - [02/Apr/2024:06:43:47 -0500] "GET /sipse/faces/javax.faces.resource/primefaces.js?ln=primefaces&v=4.0 HTTP/1.1" 304 -
181.53.13.222 - - [02/Apr/2024:06:43:47 -0500] "GET /sipse/faces/javax.faces.resource/layout/layout.js?ln=primefaces&v=4.0 HTTP/1.1" 304 -
181.53.13.222 - - [02/Apr/2024:06:43:48 -0500] "GET /sipse/css/imagen/contrasena.png HTTP/1.1" 404 383
181.53.13.222 - - [02/Apr/2024:06:43:47 -0500] "POST /sipse/faces/presentacion/financiero/solicitudProceso/consultarHistorialSolProceso.xhtml HTTP/1.1" 200 170342
181.53.13.222 - - [02/Apr/2024:06:43:48 -0500] "GET /sipse/faces/javax.faces.resource/images/ui-icons_898989_256x240.png?ln=primefaces-aristo HTTP/1.1" 304 -
216.245.221.92 - - [02/Apr/2024:06:44:14 -0500] "HEAD / HTTP/1.1" 200 -
172.22.2.4 - - [02/Apr/2024:06:42:36 -0500] "GET /BLA/boletinlegal/ HTTP/1.1" 200 58273
201.245.192.253 - - [02/Apr/2024:06:44:25 -0500] "POST /forms/lservlet;jsessionid=ac16012b30d61766ad30c9f04634b024bcbfec2f3322.e3iSbxaKaheRe3iNc3uNbNmQay1ynknvrkLOlQzNp65In0 HTTP/1.1" 200 2
66.249.66.21 - - [02/Apr/2024:06:44:43 -0500] "GET /BLA/resoluciones/AUTOS%202009/2551.pdf HTTP/1.1" 200 101256
66.249.66.20 - - [02/Apr/2024:06:45:17 -0500] "GET /pdc/actos/1789.pdf HTTP/1.1" 200 1121404
201.245.192.253 - - [02/Apr/2024:06:45:28 -0500] "POST /kwsrmcab/Wsrmcab  HTTP/1.1" 200 213
185.180.143.49 - - [02/Apr/2024:06:45:29 -0500] "GET /portaldeninos/ HTTP/1.1" 200 110175
201.245.192.253 - - [02/Apr/2024:06:45:40 -0500] "POST /forms/lservlet;jsessionid=ac16012b30d66283f9f7cd6643a8a475d9d260a43f7c.e3iSbxaKaheRe3iNc3uNbNmQay1ynknvrkLOlQzNp65In0 HTTP/1.1" 200 2
52.167.144.184 - - [02/Apr/2024:06:45:53 -0500] "GET /BLA/resoluciones/RESOLUCIONES%202022/2786.pdf HTTP/1.1" 200 431503
201.245.192.253 - - [02/Apr/2024:06:46:25 -0500] "POST /forms/lservlet;jsessionid=ac16012b30d61766ad30c9f04634b024bcbfec2f3322.e3iSbxaKaheRe3iNc3uNbNmQay1ynknvrkLOlQzNp65In0 HTTP/1.1" 200 2
181.53.13.222 - - [02/Apr/2024:06:46:27 -0500] "GET /sipse/faces/javax.faces.resource/images/ui-bg_flat_0_2d5972_40x100.png?ln=primefaces-aristo HTTP/1.1" 304 -
181.53.13.222 - - [02/Apr/2024:06:46:27 -0500] "POST /sipse/faces/presentacion/financiero/solicitudProceso/consultarSolicitudProceso.xhtml HTTP/1.1" 200 37144
181.53.13.222 - - [02/Apr/2024:06:46:28 -0500] "GET /sipse/faces/javax.faces.resource/theme.css?ln=primefaces-sipse HTTP/1.1" 304 -
181.53.13.222 - - [02/Apr/2024:06:46:28 -0500] "GET /sipse/faces/javax.faces.resource/primefaces.css?ln=primefaces&v=4.0 HTTP/1.1" 304 -
181.53.13.222 - - [02/Apr/2024:06:46:28 -0500] "GET /sipse/faces/javax.faces.resource/layout/layout.css?ln=primefaces&v=4.0 HTTP/1.1" 304 -
181.53.13.222 - - [02/Apr/2024:06:46:29 -0500] "GET /sipse/faces/javax.faces.resource/jquery/jquery.js?ln=primefaces&v=4.0 HTTP/1.1" 304 -
181.53.13.222 - - [02/Apr/2024:06:46:29 -0500] "GET /sipse/faces/javax.faces.resource/jquery/jquery-plugins.js?ln=primefaces&v=4.0 HTTP/1.1" 304 -
181.53.13.222 - - [02/Apr/2024:06:46:29 -0500] "GET /sipse/faces/javax.faces.resource/primefaces.js?ln=primefaces&v=4.0 HTTP/1.1" 304 -
181.53.13.222 - - [02/Apr/2024:06:46:29 -0500] "GET /sipse/faces/javax.faces.resource/layout/layout.js?ln=primefaces&v=4.0 HTTP/1.1" 304 -
181.53.13.222 - - [02/Apr/2024:06:46:29 -0500] "GET /sipse/css/imagen/contrasena.png HTTP/1.1" 404 383
181.53.13.222 - - [02/Apr/2024:06:46:29 -0500] "POST /sipse/faces/presentacion/financiero/solicitudProceso/listarSolicitudProceso.xhtml HTTP/1.1" 200 1400
181.53.13.222 - - [02/Apr/2024:06:46:35 -0500] "POST /sipse/faces/presentacion/financiero/solicitudProceso/listarSolicitudProceso.xhtml HTTP/1.1" 200 21793
52.167.144.184 - - [02/Apr/2024:06:46:41 -0500] "GET /Publicaciones/2023EE201522.pdf HTTP/1.1" 404 228
66.249.66.21 - - [02/Apr/2024:06:46:57 -0500] "GET /portel_dama/libreria/php/2006/restauracion/22_proye/xtras_in/2a.pdf HTTP/1.1" 404 1018
185.224.128.43 - - [02/Apr/2024:06:47:21 -0500] "GET / HTTP/1.1" 200 319
128.14.166.212 - - [02/Apr/2024:06:47:30 -0500] "GET /portaldeninos/ HTTP/1.1" 200 110175
181.53.13.222 - - [02/Apr/2024:06:47:32 -0500] "POST /sipse/faces/presentacion/financiero/solicitudProceso/listarSolicitudProceso.xhtml HTTP/1.1" 200 116541
181.53.13.222 - - [02/Apr/2024:06:47:33 -0500] "GET /sipse/faces/javax.faces.resource/theme.css?ln=primefaces-sipse HTTP/1.1" 304 -
181.53.13.222 - - [02/Apr/2024:06:47:34 -0500] "GET /sipse/faces/javax.faces.resource/layout/layout.css?ln=primefaces&v=4.0 HTTP/1.1" 304 -
181.53.13.222 - - [02/Apr/2024:06:47:34 -0500] "GET /sipse/faces/javax.faces.resource/primefaces.css?ln=primefaces&v=4.0 HTTP/1.1" 304 -
181.53.13.222 - - [02/Apr/2024:06:47:34 -0500] "GET /sipse/faces/javax.faces.resource/jquery/jquery.js?ln=primefaces&v=4.0 HTTP/1.1" 304 -
181.53.13.222 - - [02/Apr/2024:06:47:34 -0500] "GET /sipse/faces/javax.faces.resource/jquery/jquery-plugins.js?ln=primefaces&v=4.0 HTTP/1.1" 304 -
181.53.13.222 - - [02/Apr/2024:06:47:35 -0500] "GET /sipse/faces/javax.faces.resource/primefaces.js?ln=primefaces&v=4.0 HTTP/1.1" 304 -
181.53.13.222 - - [02/Apr/2024:06:47:36 -0500] "GET /sipse/faces/javax.faces.resource/layout/layout.js?ln=primefaces&v=4.0 HTTP/1.1" 304 -
181.53.13.222 - - [02/Apr/2024:06:47:36 -0500] "GET /sipse/css/imagen/contrasena.png HTTP/1.1" 404 383
201.245.192.253 - - [02/Apr/2024:06:47:40 -0500] "POST /forms/lservlet;jsessionid=ac16012b30d66283f9f7cd6643a8a475d9d260a43f7c.e3iSbxaKaheRe3iNc3uNbNmQay1ynknvrkLOlQzNp65In0 HTTP/1.1" 200 2
201.245.192.253 - - [02/Apr/2024:06:48:25 -0500] "POST /forms/lservlet;jsessionid=ac16012b30d61766ad30c9f04634b024bcbfec2f3322.e3iSbxaKaheRe3iNc3uNbNmQay1ynknvrkLOlQzNp65In0 HTTP/1.1" 200 2
216.245.221.92 - - [02/Apr/2024:06:49:14 -0500] "HEAD / HTTP/1.1" 200 -
172.22.2.4 - - [02/Apr/2024:06:47:35 -0500] "HEAD /BLA/boletinlegal/ HTTP/1.1" 200 -
66.249.66.21 - - [02/Apr/2024:06:49:17 -0500] "GET /Publicaciones/2024EE55870.pdf HTTP/1.1" 404 227
201.245.192.253 - - [02/Apr/2024:06:49:40 -0500] "POST /forms/lservlet;jsessionid=ac16012b30d66283f9f7cd6643a8a475d9d260a43f7c.e3iSbxaKaheRe3iNc3uNbNmQay1ynknvrkLOlQzNp65In0 HTTP/1.1" 200 2
172.22.2.4 - - [02/Apr/2024:06:48:26 -0500] "GET /BLA/boletinlegal/ HTTP/1.1" 200 58720
201.245.192.253 - - [02/Apr/2024:06:50:25 -0500] "POST /forms/lservlet;jsessionid=ac16012b30d61766ad30c9f04634b024bcbfec2f3322.e3iSbxaKaheRe3iNc3uNbNmQay1ynknvrkLOlQzNp65In0 HTTP/1.1" 200 2
201.245.192.253 - - [02/Apr/2024:06:50:27 -0500] "POST /kwsrmcab/Wsrmcab  HTTP/1.1" 200 213
52.167.144.11 - - [02/Apr/2024:06:50:29 -0500] "GET /iboca-presenta-intermitencia-seguimiento-de-calidad-del-aire-se-hace-por-medio-de-la-red-de-monitoreo.html HTTP/1.1" 200 1027
190.84.43.161 - - [02/Apr/2024:06:50:58 -0500] "GET /sipse/faces/index.xhtml HTTP/1.1" 200 677
190.84.43.161 - - [02/Apr/2024:06:50:58 -0500] "GET /sipse/faces/javax.faces.resource/theme.css?ln=primefaces-sipse HTTP/1.1" 304 -
190.84.43.161 - - [02/Apr/2024:06:50:59 -0500] "GET /sipse/faces/faces/autenticacion.xhtml HTTP/1.1" 200 12409
190.84.43.161 - - [02/Apr/2024:06:50:59 -0500] "GET /sipse/faces/javax.faces.resource/theme.css?ln=primefaces-sipse HTTP/1.1" 304 -
190.84.43.161 - - [02/Apr/2024:06:50:59 -0500] "GET /sipse/css/custom_css_sg.css HTTP/1.1" 304 -
190.84.43.161 - - [02/Apr/2024:06:50:59 -0500] "GET /sipse/js/disable_browser_buttons.js HTTP/1.1" 304 -
190.84.43.161 - - [02/Apr/2024:06:50:59 -0500] "GET /sipse/faces/javax.faces.resource/layout/layout.css?ln=primefaces&v=4.0 HTTP/1.1" 304 -
190.84.43.161 - - [02/Apr/2024:06:50:59 -0500] "GET /sipse/css/custom_css_sg_prime_login.css HTTP/1.1" 304 -
190.84.43.161 - - [02/Apr/2024:06:50:59 -0500] "GET /sipse/faces/javax.faces.resource/jquery/jquery.js?ln=primefaces&v=4.0 HTTP/1.1" 304 -
190.84.43.161 - - [02/Apr/2024:06:50:59 -0500] "GET /sipse/faces/javax.faces.resource/primefaces.css?ln=primefaces&v=4.0 HTTP/1.1" 304 -
190.84.43.161 - - [02/Apr/2024:06:50:59 -0500] "GET /sipse/js/funciones.js HTTP/1.1" 304 -
190.84.43.161 - - [02/Apr/2024:06:50:59 -0500] "GET /sipse/faces/javax.faces.resource/jquery/jquery-plugins.js?ln=primefaces&v=4.0 HTTP/1.1" 304 -
190.84.43.161 - - [02/Apr/2024:06:50:59 -0500] "GET /sipse/faces/javax.faces.resource/primefaces.js?ln=primefaces&v=4.0 HTTP/1.1" 304 -
190.84.43.161 - - [02/Apr/2024:06:50:59 -0500] "GET /sipse/faces/javax.faces.resource/layout/layout.js?ln=primefaces&v=4.0 HTTP/1.1" 304 -
190.84.43.161 - - [02/Apr/2024:06:50:59 -0500] "GET /sipse/css/imagen/logoSDG.png HTTP/1.1" 304 -
190.84.43.161 - - [02/Apr/2024:06:50:59 -0500] "GET /sipse/css/imagen/loginimg.png HTTP/1.1" 304 -
190.84.43.161 - - [02/Apr/2024:06:50:59 -0500] "GET /sipse/faces/javax.faces.resource/images/ui-icons_898989_256x240.png?ln=primefaces-aristo HTTP/1.1" 304 -
190.84.43.161 - - [02/Apr/2024:06:51:06 -0500] "POST /sipse/faces/autenticacion.xhtml HTTP/1.1" 200 2219
190.84.43.161 - - [02/Apr/2024:06:51:06 -0500] "GET /sipse/faces/javax.faces.resource/messages/messages.png?ln=primefaces&v=4.0 HTTP/1.1" 304 -
190.84.43.161 - - [02/Apr/2024:06:51:08 -0500] "POST /sipse/faces/autenticacion.xhtml HTTP/1.1" 200 16340
190.84.43.161 - - [02/Apr/2024:06:51:08 -0500] "GET /sipse/css/custom_css_sg_prime.css HTTP/1.1" 304 -
190.84.43.161 - - [02/Apr/2024:06:51:08 -0500] "GET /sipse/faces/javax.faces.resource/theme.css?ln=primefaces-sipse HTTP/1.1" 304 -
190.84.43.161 - - [02/Apr/2024:06:51:08 -0500] "GET /sipse/faces/javax.faces.resource/primefaces.css?ln=primefaces&v=4.0 HTTP/1.1" 304 -
190.84.43.161 - - [02/Apr/2024:06:51:08 -0500] "GET /sipse/faces/javax.faces.resource/layout/layout.css?ln=primefaces&v=4.0 HTTP/1.1" 304 -
190.84.43.161 - - [02/Apr/2024:06:51:08 -0500] "GET /sipse/js/jquery.min.js HTTP/1.1" 304 -
190.84.43.161 - - [02/Apr/2024:06:51:09 -0500] "GET /sipse/faces/javax.faces.resource/jquery/jquery.js?ln=primefaces&v=4.0 HTTP/1.1" 304 -
190.84.43.161 - - [02/Apr/2024:06:51:09 -0500] "GET /sipse/faces/javax.faces.resource/jquery/jquery-plugins.js?ln=primefaces&v=4.0 HTTP/1.1" 304 -
190.84.43.161 - - [02/Apr/2024:06:51:09 -0500] "GET /sipse/faces/javax.faces.resource/primefaces.js?ln=primefaces&v=4.0 HTTP/1.1" 304 -
190.84.43.161 - - [02/Apr/2024:06:51:09 -0500] "GET /sipse/faces/javax.faces.resource/layout/layout.js?ln=primefaces&v=4.0 HTTP/1.1" 304 -
190.84.43.161 - - [02/Apr/2024:06:51:09 -0500] "GET /sipse/css/v_mergente.css HTTP/1.1" 304 -
190.84.43.161 - - [02/Apr/2024:06:51:09 -0500] "GET /sipse/imagenes/cargando.gif HTTP/1.1" 304 -
190.84.43.161 - - [02/Apr/2024:06:51:09 -0500] "GET /sipse/imagenes/logoAplicacion.jpg HTTP/1.1" 304 -
190.84.43.161 - - [02/Apr/2024:06:51:09 -0500] "GET /sipse/css/imagen/contrasena.png HTTP/1.1" 404 383
190.84.43.161 - - [02/Apr/2024:06:51:11 -0500] "GET /sipse/faces/javax.faces.resource/images/ui-bg_flat_0_2d5972_40x100.png?ln=primefaces-aristo HTTP/1.1" 304 -
190.84.43.161 - - [02/Apr/2024:06:51:11 -0500] "POST /sipse/faces/bienvenido.xhtml HTTP/1.1" 200 2658
190.84.43.161 - - [02/Apr/2024:06:51:16 -0500] "POST /sipse/faces/bienvenido.xhtml HTTP/1.1" 200 64403
190.84.43.161 - - [02/Apr/2024:06:51:19 -0500] "GET /sipse/faces/javax.faces.resource/primefaces.css?ln=primefaces&v=4.0 HTTP/1.1" 304 -
190.84.43.161 - - [02/Apr/2024:06:51:19 -0500] "GET /sipse/faces/javax.faces.resource/theme.css?ln=primefaces-sipse HTTP/1.1" 304 -
190.84.43.161 - - [02/Apr/2024:06:51:19 -0500] "GET /sipse/faces/javax.faces.resource/layout/layout.css?ln=primefaces&v=4.0 HTTP/1.1" 304 -
190.84.43.161 - - [02/Apr/2024:06:51:19 -0500] "GET /sipse/faces/javax.faces.resource/jquery/jquery.js?ln=primefaces&v=4.0 HTTP/1.1" 304 -
