40.77.167.132 - - [02/Apr/2024:01:23:14 -0500] "GET /BLA/resoluciones/RESOLUCIONES%202016/1644.pdf HTTP/1.1" 200 893205
172.22.2.4 - - [02/Apr/2024:01:21:47 -0500] "GET /BLA/boletinlegal/ HTTP/1.1" 200 55442
201.245.192.253 - - [02/Apr/2024:01:23:39 -0500] "POST /forms/lservlet;jsessionid=ac16012b30d66283f9f7cd6643a8a475d9d260a43f7c.e3iSbxaKaheRe3iNc3uNbNmQay1ynknvrkLOlQzNp65In0 HTTP/1.1" 200 2
40.77.167.132 - - [02/Apr/2024:01:24:03 -0500] "GET /BLA/resoluciones/AUTOS%202021/2867.pdf HTTP/1.1" 304 -
40.77.167.132 - - [02/Apr/2024:01:24:03 -0500] "GET /BLA/resoluciones/RESOLUCIONES%202017/0604.pdf HTTP/1.1" 200 514632
216.245.221.92 - - [02/Apr/2024:01:24:15 -0500] "HEAD / HTTP/1.1" 200 -
201.245.192.253 - - [02/Apr/2024:01:24:24 -0500] "POST /forms/lservlet;jsessionid=ac16012b30d61766ad30c9f04634b024bcbfec2f3322.e3iSbxaKaheRe3iNc3uNbNmQay1ynknvrkLOlQzNp65In0 HTTP/1.1" 200 2
201.245.192.253 - - [02/Apr/2024:01:25:39 -0500] "POST /forms/lservlet;jsessionid=ac16012b30d66283f9f7cd6643a8a475d9d260a43f7c.e3iSbxaKaheRe3iNc3uNbNmQay1ynknvrkLOlQzNp65In0 HTTP/1.1" 200 2
201.245.192.253 - - [02/Apr/2024:01:26:24 -0500] "POST /forms/lservlet;jsessionid=ac16012b30d61766ad30c9f04634b024bcbfec2f3322.e3iSbxaKaheRe3iNc3uNbNmQay1ynknvrkLOlQzNp65In0 HTTP/1.1" 200 2
52.167.144.229 - - [02/Apr/2024:01:26:28 -0500] "GET /Publicaciones/2024EE42230.pdf HTTP/1.1" 404 227
201.245.192.253 - - [02/Apr/2024:01:27:01 -0500] "POST /kwsrmcab/Wsrmcab  HTTP/1.1" 200 213
216.244.66.195 - - [02/Apr/2024:01:27:33 -0500] "GET /BLA/resoluciones/RESOLUCIONES%202017/1727.pdf HTTP/1.1" 200 407090
216.244.66.195 - - [02/Apr/2024:01:27:39 -0500] "GET /BLA/resoluciones/RESOLUCIONES%202017/2468.pdf HTTP/1.1" 200 285792
201.245.192.253 - - [02/Apr/2024:01:27:39 -0500] "POST /forms/lservlet;jsessionid=ac16012b30d66283f9f7cd6643a8a475d9d260a43f7c.e3iSbxaKaheRe3iNc3uNbNmQay1ynknvrkLOlQzNp65In0 HTTP/1.1" 200 2
216.244.66.195 - - [02/Apr/2024:01:27:54 -0500] "GET /BLA/resoluciones/RESOLUCIONES%202017/2837.pdf HTTP/1.1" 200 302773
216.244.66.195 - - [02/Apr/2024:01:28:04 -0500] "GET /BLA/resoluciones/RESOLUCIONES%202019/1281.pdf HTTP/1.1" 200 562927
216.244.66.195 - - [02/Apr/2024:01:28:14 -0500] "GET /BLA/resoluciones/RESOLUCIONES%202019/1333.pdf HTTP/1.1" 200 276110
216.244.66.195 - - [02/Apr/2024:01:28:23 -0500] "GET /BLA/resoluciones/RESOLUCIONES%202019/1535.pdf HTTP/1.1" 200 1045101
201.245.192.253 - - [02/Apr/2024:01:28:24 -0500] "POST /forms/lservlet;jsessionid=ac16012b30d61766ad30c9f04634b024bcbfec2f3322.e3iSbxaKaheRe3iNc3uNbNmQay1ynknvrkLOlQzNp65In0 HTTP/1.1" 200 2
172.22.2.4 - - [02/Apr/2024:01:26:46 -0500] "HEAD /BLA/boletinlegal/ HTTP/1.1" 200 -
216.244.66.195 - - [02/Apr/2024:01:28:31 -0500] "GET /BLA/resoluciones/RESOLUCIONES%202019/3232.pdf HTTP/1.1" 200 379253
216.244.66.195 - - [02/Apr/2024:01:28:38 -0500] "GET /BLA/resoluciones/RESOLUCIONES%202019/3279.pdf HTTP/1.1" 200 286884
216.244.66.195 - - [02/Apr/2024:01:28:45 -0500] "GET /BLA/resoluciones/RESOLUCIONES%202019/3562.pdf HTTP/1.1" 200 287289
216.244.66.195 - - [02/Apr/2024:01:28:50 -0500] "GET /BLA/resoluciones/RESOLUCIONES%202019/3574.pdf HTTP/1.1" 200 353143
216.244.66.195 - - [02/Apr/2024:01:28:55 -0500] "GET /BLA/resoluciones/RESOLUCIONES%202019/3629.pdf HTTP/1.1" 200 545282
201.245.192.253 - - [02/Apr/2024:01:29:02 -0500] "POST /kwsrmcab/Wsrmcab HTTP/1.1" 200 39238
201.245.192.253 - - [02/Apr/2024:01:29:05 -0500] "POST /kwsrmcab/Wsrmcab HTTP/1.1" 200 37477
216.245.221.92 - - [02/Apr/2024:01:29:15 -0500] "HEAD / HTTP/1.1" 200 -
172.22.2.4 - - [02/Apr/2024:01:27:37 -0500] "GET /BLA/boletinlegal/ HTTP/1.1" 200 55442
216.244.66.195 - - [02/Apr/2024:01:29:18 -0500] "GET /BLA/resoluciones/RESOLUCIONES%202019/3656.pdf HTTP/1.1" 200 573989
20.197.112.235 - - [02/Apr/2024:01:29:26 -0500] "GET /Publicaciones/2024EE42230.pdf HTTP/1.1" 404 227
201.245.192.253 - - [02/Apr/2024:01:29:39 -0500] "POST /forms/lservlet;jsessionid=ac16012b30d66283f9f7cd6643a8a475d9d260a43f7c.e3iSbxaKaheRe3iNc3uNbNmQay1ynknvrkLOlQzNp65In0 HTTP/1.1" 200 2
201.245.192.253 - - [02/Apr/2024:01:29:46 -0500] "POST /kwsrmcab/Wsrmcab HTTP/1.1" 200 39093
40.77.167.132 - - [02/Apr/2024:01:30:01 -0500] "GET /Publicaciones/2024EE58241.pdf HTTP/1.1" 404 227
201.245.192.253 - - [02/Apr/2024:01:30:24 -0500] "POST /forms/lservlet;jsessionid=ac16012b30d61766ad30c9f04634b024bcbfec2f3322.e3iSbxaKaheRe3iNc3uNbNmQay1ynknvrkLOlQzNp65In0 HTTP/1.1" 200 2
201.245.192.253 - - [02/Apr/2024:01:30:34 -0500] "POST /kwsrmcab/Wsrmcab HTTP/1.1" 200 37477
201.245.192.253 - - [02/Apr/2024:01:31:39 -0500] "POST /forms/lservlet;jsessionid=ac16012b30d66283f9f7cd6643a8a475d9d260a43f7c.e3iSbxaKaheRe3iNc3uNbNmQay1ynknvrkLOlQzNp65In0 HTTP/1.1" 200 2
201.245.192.253 - - [02/Apr/2024:01:31:59 -0500] "POST /kwsrmcab/Wsrmcab  HTTP/1.1" 200 213
40.77.167.132 - - [02/Apr/2024:01:32:13 -0500] "GET /BLA/resoluciones/RESOLUCIONES%202017/0195.pdf HTTP/1.1" 200 714822
201.245.192.253 - - [02/Apr/2024:01:32:24 -0500] "POST /forms/lservlet;jsessionid=ac16012b30d61766ad30c9f04634b024bcbfec2f3322.e3iSbxaKaheRe3iNc3uNbNmQay1ynknvrkLOlQzNp65In0 HTTP/1.1" 200 2
199.16.157.181 - - [02/Apr/2024:01:32:57 -0500] "GET /images/cr%C3%B3nica-29-nov-1_optimized.jpeg HTTP/1.1" 404 1034
201.245.192.253 - - [02/Apr/2024:01:33:39 -0500] "POST /forms/lservlet;jsessionid=ac16012b30d66283f9f7cd6643a8a475d9d260a43f7c.e3iSbxaKaheRe3iNc3uNbNmQay1ynknvrkLOlQzNp65In0 HTTP/1.1" 200 2
52.167.144.168 - - [02/Apr/2024:01:33:48 -0500] "GET /BLA/resoluciones/RESOLUCIONES%202016/0956.pdf HTTP/1.1" 200 5455637
216.245.221.92 - - [02/Apr/2024:01:34:15 -0500] "HEAD / HTTP/1.1" 200 -
172.22.2.4 - - [02/Apr/2024:01:32:36 -0500] "HEAD /BLA/boletinlegal/ HTTP/1.1" 200 -
201.245.192.253 - - [02/Apr/2024:01:34:24 -0500] "POST /forms/lservlet;jsessionid=ac16012b30d61766ad30c9f04634b024bcbfec2f3322.e3iSbxaKaheRe3iNc3uNbNmQay1ynknvrkLOlQzNp65In0 HTTP/1.1" 200 2
173.252.79.6 - - [02/Apr/2024:01:34:26 -0500] "GET /images/mercados-campesinos-5-mayo.jpg HTTP/1.1" 200 95848
172.22.2.4 - - [02/Apr/2024:01:33:27 -0500] "GET /BLA/boletinlegal/ HTTP/1.1" 200 53419
201.245.192.253 - - [02/Apr/2024:01:35:39 -0500] "POST /forms/lservlet;jsessionid=ac16012b30d66283f9f7cd6643a8a475d9d260a43f7c.e3iSbxaKaheRe3iNc3uNbNmQay1ynknvrkLOlQzNp65In0 HTTP/1.1" 200 2
201.245.192.253 - - [02/Apr/2024:01:36:24 -0500] "POST /forms/lservlet;jsessionid=ac16012b30d61766ad30c9f04634b024bcbfec2f3322.e3iSbxaKaheRe3iNc3uNbNmQay1ynknvrkLOlQzNp65In0 HTTP/1.1" 200 2
201.245.192.253 - - [02/Apr/2024:01:36:58 -0500] "POST /kwsrmcab/Wsrmcab  HTTP/1.1" 200 213
201.245.192.253 - - [02/Apr/2024:01:37:39 -0500] "POST /forms/lservlet;jsessionid=ac16012b30d66283f9f7cd6643a8a475d9d260a43f7c.e3iSbxaKaheRe3iNc3uNbNmQay1ynknvrkLOlQzNp65In0 HTTP/1.1" 200 2
201.245.192.253 - - [02/Apr/2024:01:38:24 -0500] "POST /forms/lservlet;jsessionid=ac16012b30d61766ad30c9f04634b024bcbfec2f3322.e3iSbxaKaheRe3iNc3uNbNmQay1ynknvrkLOlQzNp65In0 HTTP/1.1" 200 2
216.244.66.195 - - [02/Apr/2024:01:38:40 -0500] "GET /robots.txt HTTP/1.1" 404 1018
201.245.192.253 - - [02/Apr/2024:01:39:03 -0500] "POST /kwsrmcab/Wsrmcab HTTP/1.1" 200 39238
201.245.192.253 - - [02/Apr/2024:01:39:04 -0500] "POST /kwsrmcab/Wsrmcab HTTP/1.1" 200 37477
216.245.221.92 - - [02/Apr/2024:01:39:15 -0500] "HEAD / HTTP/1.1" 200 -
52.167.144.191 - - [02/Apr/2024:01:39:29 -0500] "GET /BLA/resoluciones/RESOLUCIONES%202017/0247.pdf HTTP/1.1" 200 1118456
201.245.192.253 - - [02/Apr/2024:01:39:39 -0500] "POST /forms/lservlet;jsessionid=ac16012b30d66283f9f7cd6643a8a475d9d260a43f7c.e3iSbxaKaheRe3iNc3uNbNmQay1ynknvrkLOlQzNp65In0 HTTP/1.1" 200 2
66.249.66.20 - - [02/Apr/2024:01:39:44 -0500] "GET /BLA/resoluciones/Notificaciones/AUTOS%202022/1431.pdf HTTP/1.1" 200 665773
66.249.66.20 - - [02/Apr/2024:01:39:45 -0500] "GET /Publicaciones/2024EE57936.pdf HTTP/1.1" 404 227
201.245.192.253 - - [02/Apr/2024:01:39:46 -0500] "POST /kwsrmcab/Wsrmcab HTTP/1.1" 200 39093
172.22.2.4 - - [02/Apr/2024:01:38:26 -0500] "HEAD /BLA/boletinlegal/ HTTP/1.1" 200 -
201.245.192.253 - - [02/Apr/2024:01:40:24 -0500] "POST /forms/lservlet;jsessionid=ac16012b30d61766ad30c9f04634b024bcbfec2f3322.e3iSbxaKaheRe3iNc3uNbNmQay1ynknvrkLOlQzNp65In0 HTTP/1.1" 200 2
201.245.192.253 - - [02/Apr/2024:01:40:36 -0500] "POST /kwsrmcab/Wsrmcab HTTP/1.1" 200 37477
52.167.144.236 - - [02/Apr/2024:01:40:44 -0500] "GET /BLA/resoluciones/RESOLUCIONES%202016/1645.pdf HTTP/1.1" 200 1394955
52.167.144.236 - - [02/Apr/2024:01:40:45 -0500] "GET /BLA/resoluciones/RESOLUCIONES%202017/0489.pdf HTTP/1.1" 200 443279
172.22.2.4 - - [02/Apr/2024:01:39:17 -0500] "GET /BLA/boletinlegal/ HTTP/1.1" 200 46633
64.62.197.215 - - [02/Apr/2024:01:41:31 -0500] "\x16\x03\x01" 400 226
172.22.2.4 - - [02/Apr/2024:01:39:51 -0500] "GET /BLA/boletinlegal/ HTTP/1.1" 200 51133
201.245.192.253 - - [02/Apr/2024:01:41:39 -0500] "POST /forms/lservlet;jsessionid=ac16012b30d66283f9f7cd6643a8a475d9d260a43f7c.e3iSbxaKaheRe3iNc3uNbNmQay1ynknvrkLOlQzNp65In0 HTTP/1.1" 200 2
20.240.13.241 - - [02/Apr/2024:01:41:57 -0500] "GET /Publicaciones/2024EE51590.pdf HTTP/1.1" 404 227
201.245.192.253 - - [02/Apr/2024:01:41:57 -0500] "POST /kwsrmcab/Wsrmcab  HTTP/1.1" 200 213
201.245.192.253 - - [02/Apr/2024:01:42:24 -0500] "POST /forms/lservlet;jsessionid=ac16012b30d61766ad30c9f04634b024bcbfec2f3322.e3iSbxaKaheRe3iNc3uNbNmQay1ynknvrkLOlQzNp65In0 HTTP/1.1" 200 2
172.22.2.4 - - [02/Apr/2024:01:43:30 -0500] "GET /BLA/boletinlegal/jurisprudencia/analisis/CUADRO%20ANALISIS%20SENTENCIA%20T-411%20DE%201992.doc HTTP/1.1" 304 -
201.245.192.253 - - [02/Apr/2024:01:43:39 -0500] "POST /forms/lservlet;jsessionid=ac16012b30d66283f9f7cd6643a8a475d9d260a43f7c.e3iSbxaKaheRe3iNc3uNbNmQay1ynknvrkLOlQzNp65In0 HTTP/1.1" 200 2
216.245.221.92 - - [02/Apr/2024:01:44:15 -0500] "HEAD / HTTP/1.1" 200 -
201.245.192.253 - - [02/Apr/2024:01:44:24 -0500] "POST /forms/lservlet;jsessionid=ac16012b30d61766ad30c9f04634b024bcbfec2f3322.e3iSbxaKaheRe3iNc3uNbNmQay1ynknvrkLOlQzNp65In0 HTTP/1.1" 200 2
52.167.144.191 - - [02/Apr/2024:01:44:38 -0500] "GET /isolucionsda/FrameSetArticulo.asp?Pagina=/isolucionsda/bancoconocimiento/A/Anexo9_InstructivoPlandeImplantacion_v4_0/Anexo9_InstructivoPlandeImplantacion_v4_0.asp?IdArticulo=5464 HTTP/1.1" 200 527
201.245.192.253 - - [02/Apr/2024:01:45:39 -0500] "POST /forms/lservlet;jsessionid=ac16012b30d66283f9f7cd6643a8a475d9d260a43f7c.e3iSbxaKaheRe3iNc3uNbNmQay1ynknvrkLOlQzNp65In0 HTTP/1.1" 200 2
52.167.144.214 - - [02/Apr/2024:01:45:50 -0500] "GET /BLA/resoluciones/RESOLUCIONES%202022/2787.pdf HTTP/1.1" 200 407333
172.22.2.4 - - [02/Apr/2024:01:44:16 -0500] "HEAD /BLA/boletinlegal/ HTTP/1.1" 200 -
40.77.167.65 - - [02/Apr/2024:01:45:58 -0500] "GET /Publicaciones/2023EE305272.pdf HTTP/1.1" 404 228
40.77.167.65 - - [02/Apr/2024:01:46:19 -0500] "GET /Publicaciones/2023EE304694.pdf HTTP/1.1" 404 228
201.245.192.253 - - [02/Apr/2024:01:46:24 -0500] "POST /forms/lservlet;jsessionid=ac16012b30d61766ad30c9f04634b024bcbfec2f3322.e3iSbxaKaheRe3iNc3uNbNmQay1ynknvrkLOlQzNp65In0 HTTP/1.1" 200 2
172.22.2.4 - - [02/Apr/2024:01:45:07 -0500] "GET /BLA/boletinlegal/ HTTP/1.1" 200 55823
201.245.192.253 - - [02/Apr/2024:01:46:55 -0500] "POST /kwsrmcab/Wsrmcab  HTTP/1.1" 200 213
201.245.192.253 - - [02/Apr/2024:01:47:39 -0500] "POST /forms/lservlet;jsessionid=ac16012b30d66283f9f7cd6643a8a475d9d260a43f7c.e3iSbxaKaheRe3iNc3uNbNmQay1ynknvrkLOlQzNp65In0 HTTP/1.1" 200 2
201.245.192.253 - - [02/Apr/2024:01:48:24 -0500] "POST /forms/lservlet;jsessionid=ac16012b30d61766ad30c9f04634b024bcbfec2f3322.e3iSbxaKaheRe3iNc3uNbNmQay1ynknvrkLOlQzNp65In0 HTTP/1.1" 200 2
20.99.210.78 - - [02/Apr/2024:01:48:27 -0500] "GET /Publicaciones/2024EE53464.pdf HTTP/1.1" 404 227
216.245.221.92 - - [02/Apr/2024:01:49:15 -0500] "HEAD / HTTP/1.1" 200 -
201.245.192.253 - - [02/Apr/2024:01:49:39 -0500] "POST /forms/lservlet;jsessionid=ac16012b30d66283f9f7cd6643a8a475d9d260a43f7c.e3iSbxaKaheRe3iNc3uNbNmQay1ynknvrkLOlQzNp65In0 HTTP/1.1" 200 2
201.245.192.253 - - [02/Apr/2024:01:50:24 -0500] "POST /forms/lservlet;jsessionid=ac16012b30d61766ad30c9f04634b024bcbfec2f3322.e3iSbxaKaheRe3iNc3uNbNmQay1ynknvrkLOlQzNp65In0 HTTP/1.1" 200 2
103.43.18.250 - - [02/Apr/2024:01:51:12 -0500] "GET / HTTP/1.1" 200 319
103.43.18.250 - - [02/Apr/2024:01:51:12 -0500] "GET /favicon.ico HTTP/1.1" 200 7782
201.245.192.253 - - [02/Apr/2024:01:51:39 -0500] "POST /forms/lservlet;jsessionid=ac16012b30d66283f9f7cd6643a8a475d9d260a43f7c.e3iSbxaKaheRe3iNc3uNbNmQay1ynknvrkLOlQzNp65In0 HTTP/1.1" 200 2
40.77.167.65 - - [02/Apr/2024:01:51:42 -0500] "GET /BLA/resoluciones/RESOLUCIONES%202017/3533.pdf HTTP/1.1" 200 401562
172.22.2.4 - - [02/Apr/2024:01:50:06 -0500] "HEAD /BLA/boletinlegal/ HTTP/1.1" 200 -
201.245.192.253 - - [02/Apr/2024:01:51:54 -0500] "POST /kwsrmcab/Wsrmcab  HTTP/1.1" 200 213
201.245.192.253 - - [02/Apr/2024:01:52:24 -0500] "POST /forms/lservlet;jsessionid=ac16012b30d61766ad30c9f04634b024bcbfec2f3322.e3iSbxaKaheRe3iNc3uNbNmQay1ynknvrkLOlQzNp65In0 HTTP/1.1" 200 2
172.22.2.4 - - [02/Apr/2024:01:50:57 -0500] "GET /BLA/boletinlegal/ HTTP/1.1" 200 54300
52.167.144.224 - - [02/Apr/2024:01:53:16 -0500] "GET /BLA/resoluciones/RESOLUCIONES%202016/1285.pdf HTTP/1.1" 200 797887
201.245.192.253 - - [02/Apr/2024:01:53:39 -0500] "POST /forms/lservlet;jsessionid=ac16012b30d66283f9f7cd6643a8a475d9d260a43f7c.e3iSbxaKaheRe3iNc3uNbNmQay1ynknvrkLOlQzNp65In0 HTTP/1.1" 200 2
216.245.221.92 - - [02/Apr/2024:01:54:15 -0500] "HEAD / HTTP/1.1" 200 -
201.245.192.253 - - [02/Apr/2024:01:54:24 -0500] "POST /forms/lservlet;jsessionid=ac16012b30d61766ad30c9f04634b024bcbfec2f3322.e3iSbxaKaheRe3iNc3uNbNmQay1ynknvrkLOlQzNp65In0 HTTP/1.1" 200 2
185.224.128.43 - - [02/Apr/2024:01:55:01 -0500] "GET / HTTP/1.1" 200 319
201.245.192.253 - - [02/Apr/2024:01:55:39 -0500] "POST /forms/lservlet;jsessionid=ac16012b30d66283f9f7cd6643a8a475d9d260a43f7c.e3iSbxaKaheRe3iNc3uNbNmQay1ynknvrkLOlQzNp65In0 HTTP/1.1" 200 2
201.245.192.253 - - [02/Apr/2024:01:56:24 -0500] "POST /forms/lservlet;jsessionid=ac16012b30d61766ad30c9f04634b024bcbfec2f3322.e3iSbxaKaheRe3iNc3uNbNmQay1ynknvrkLOlQzNp65In0 HTTP/1.1" 200 2
201.245.192.253 - - [02/Apr/2024:01:56:52 -0500] "POST /kwsrmcab/Wsrmcab  HTTP/1.1" 200 213
20.27.20.21 - - [02/Apr/2024:01:57:14 -0500] "GET /Publicaciones/2024EE59870.pdf HTTP/1.1" 404 227
172.22.2.4 - - [02/Apr/2024:01:55:56 -0500] "HEAD /BLA/boletinlegal/ HTTP/1.1" 200 -
201.245.192.253 - - [02/Apr/2024:01:57:39 -0500] "POST /forms/lservlet;jsessionid=ac16012b30d66283f9f7cd6643a8a475d9d260a43f7c.e3iSbxaKaheRe3iNc3uNbNmQay1ynknvrkLOlQzNp65In0 HTTP/1.1" 200 2
201.245.192.253 - - [02/Apr/2024:01:58:24 -0500] "POST /forms/lservlet;jsessionid=ac16012b30d61766ad30c9f04634b024bcbfec2f3322.e3iSbxaKaheRe3iNc3uNbNmQay1ynknvrkLOlQzNp65In0 HTTP/1.1" 200 2
172.22.2.4 - - [02/Apr/2024:01:56:46 -0500] "GET /BLA/boletinlegal/ HTTP/1.1" 200 53419
172.22.2.4 - - [02/Apr/2024:01:58:42 -0500] "GET /BLA/boletinlegal/Directivas/2014/Directiva%20No.%203%20del%2020%20de%20Mayo%20de%202014.pdf HTTP/1.1" 200 504420
216.245.221.92 - - [02/Apr/2024:01:59:15 -0500] "HEAD / HTTP/1.1" 200 -
201.245.192.253 - - [02/Apr/2024:01:59:39 -0500] "POST /forms/lservlet;jsessionid=ac16012b30d66283f9f7cd6643a8a475d9d260a43f7c.e3iSbxaKaheRe3iNc3uNbNmQay1ynknvrkLOlQzNp65In0 HTTP/1.1" 200 2
201.245.192.253 - - [02/Apr/2024:02:00:24 -0500] "POST /forms/lservlet;jsessionid=ac16012b30d61766ad30c9f04634b024bcbfec2f3322.e3iSbxaKaheRe3iNc3uNbNmQay1ynknvrkLOlQzNp65In0 HTTP/1.1" 200 2
52.167.144.224 - - [02/Apr/2024:02:00:33 -0500] "GET /BLA/resoluciones/RESOLUCIONES%202021/5379.pdf HTTP/1.1" 304 -
35.93.231.41 - - [02/Apr/2024:02:01:18 -0500] "GET /robots.txt HTTP/1.1" 404 1018
35.93.231.41 - - [02/Apr/2024:02:01:18 -0500] "GET /BLA/boletinlegal/actos.php HTTP/1.1" 200 9738
201.245.192.253 - - [02/Apr/2024:02:01:39 -0500] "POST /forms/lservlet;jsessionid=ac16012b30d66283f9f7cd6643a8a475d9d260a43f7c.e3iSbxaKaheRe3iNc3uNbNmQay1ynknvrkLOlQzNp65In0 HTTP/1.1" 200 2
201.245.192.253 - - [02/Apr/2024:02:01:51 -0500] "POST /kwsrmcab/Wsrmcab  HTTP/1.1" 200 213
201.245.192.253 - - [02/Apr/2024:02:02:24 -0500] "POST /forms/lservlet;jsessionid=ac16012b30d61766ad30c9f04634b024bcbfec2f3322.e3iSbxaKaheRe3iNc3uNbNmQay1ynknvrkLOlQzNp65In0 HTTP/1.1" 200 2
172.22.2.4 - - [02/Apr/2024:02:01:46 -0500] "HEAD /BLA/boletinlegal/ HTTP/1.1" 200 -
66.249.66.19 - - [02/Apr/2024:02:03:26 -0500] "GET /Publicaciones/2024EE04158.pdf HTTP/1.1" 404 227
52.167.144.224 - - [02/Apr/2024:02:03:33 -0500] "GET /BLA/resoluciones/RESOLUCIONES%202017/1758.pdf HTTP/1.1" 200 488259
201.245.192.253 - - [02/Apr/2024:02:03:39 -0500] "POST /forms/lservlet;jsessionid=ac16012b30d66283f9f7cd6643a8a475d9d260a43f7c.e3iSbxaKaheRe3iNc3uNbNmQay1ynknvrkLOlQzNp65In0 HTTP/1.1" 200 2
216.245.221.92 - - [02/Apr/2024:02:04:15 -0500] "HEAD / HTTP/1.1" 200 -
172.22.2.4 - - [02/Apr/2024:02:02:36 -0500] "GET /BLA/boletinlegal/ HTTP/1.1" 200 58273
201.245.192.253 - - [02/Apr/2024:02:04:24 -0500] "POST /forms/lservlet;jsessionid=ac16012b30d61766ad30c9f04634b024bcbfec2f3322.e3iSbxaKaheRe3iNc3uNbNmQay1ynknvrkLOlQzNp65In0 HTTP/1.1" 200 2
52.167.144.20 - - [02/Apr/2024:02:04:52 -0500] "GET /Publicaciones/2023EE247964.pdf HTTP/1.1" 404 228
201.245.192.253 - - [02/Apr/2024:02:05:39 -0500] "POST /forms/lservlet;jsessionid=ac16012b30d66283f9f7cd6643a8a475d9d260a43f7c.e3iSbxaKaheRe3iNc3uNbNmQay1ynknvrkLOlQzNp65In0 HTTP/1.1" 200 2
35.93.231.41 - - [02/Apr/2024:02:05:46 -0500] "GET /BLA/boletinlegal/Circulares/2022/CIRCULAR%20No.%2000007%20DEL%2025%20DE%20JULIO%20DEL%202022.pdf HTTP/1.1" 200 277953
201.245.192.253 - - [02/Apr/2024:02:06:24 -0500] "POST /forms/lservlet;jsessionid=ac16012b30d61766ad30c9f04634b024bcbfec2f3322.e3iSbxaKaheRe3iNc3uNbNmQay1ynknvrkLOlQzNp65In0 HTTP/1.1" 200 2
52.167.144.20 - - [02/Apr/2024:02:07:04 -0500] "GET /BLA/resoluciones/RESOLUCIONES%202017/3643.pdf HTTP/1.1" 200 374275
201.245.192.253 - - [02/Apr/2024:02:06:49 -0500] "POST /kwsrmcab/Wsrmcab  HTTP/1.1" 200 213
201.245.192.253 - - [02/Apr/2024:02:07:39 -0500] "POST /forms/lservlet;jsessionid=ac16012b30d66283f9f7cd6643a8a475d9d260a43f7c.e3iSbxaKaheRe3iNc3uNbNmQay1ynknvrkLOlQzNp65In0 HTTP/1.1" 200 2
35.93.231.41 - - [02/Apr/2024:02:08:20 -0500] "GET /BLA/boletinlegal/Directivas/2011/Directiva%20No.%205%20del%2029%20de%20Agosto%20de%202011.pdf HTTP/1.1" 200 444404
201.245.192.253 - - [02/Apr/2024:02:08:24 -0500] "POST /forms/lservlet;jsessionid=ac16012b30d61766ad30c9f04634b024bcbfec2f3322.e3iSbxaKaheRe3iNc3uNbNmQay1ynknvrkLOlQzNp65In0 HTTP/1.1" 200 2
216.245.221.92 - - [02/Apr/2024:02:09:15 -0500] "HEAD / HTTP/1.1" 200 -
172.22.2.4 - - [02/Apr/2024:02:07:36 -0500] "HEAD /BLA/boletinlegal/ HTTP/1.1" 200 -
201.245.192.253 - - [02/Apr/2024:02:09:39 -0500] "POST /forms/lservlet;jsessionid=ac16012b30d66283f9f7cd6643a8a475d9d260a43f7c.e3iSbxaKaheRe3iNc3uNbNmQay1ynknvrkLOlQzNp65In0 HTTP/1.1" 200 2
172.22.2.4 - - [02/Apr/2024:02:08:26 -0500] "GET /BLA/boletinlegal/ HTTP/1.1" 200 59083
201.245.192.253 - - [02/Apr/2024:02:10:24 -0500] "POST /forms/lservlet;jsessionid=ac16012b30d61766ad30c9f04634b024bcbfec2f3322.e3iSbxaKaheRe3iNc3uNbNmQay1ynknvrkLOlQzNp65In0 HTTP/1.1" 200 2
35.93.231.41 - - [02/Apr/2024:02:10:25 -0500] "GET /BLA/boletinlegal/sugerencias.php HTTP/1.1" 200 8615
52.167.144.235 - - [02/Apr/2024:02:11:15 -0500] "GET /BLA/resoluciones/RESOLUCIONES%202017/2348.pdf HTTP/1.1" 200 574452
201.245.192.253 - - [02/Apr/2024:02:11:39 -0500] "POST /forms/lservlet;jsessionid=ac16012b30d66283f9f7cd6643a8a475d9d260a43f7c.e3iSbxaKaheRe3iNc3uNbNmQay1ynknvrkLOlQzNp65In0 HTTP/1.1" 200 2
201.245.192.253 - - [02/Apr/2024:02:11:48 -0500] "POST /kwsrmcab/Wsrmcab  HTTP/1.1" 200 213
35.93.231.41 - - [02/Apr/2024:02:12:11 -0500] "GET /BLA/boletinlegal/Circulares/2014/Circular%20No.%202%20del%2021%20de%20septiembre%20de%202014.pdf HTTP/1.1" 200 143376
201.245.192.253 - - [02/Apr/2024:02:12:24 -0500] "POST /forms/lservlet;jsessionid=ac16012b30d61766ad30c9f04634b024bcbfec2f3322.e3iSbxaKaheRe3iNc3uNbNmQay1ynknvrkLOlQzNp65In0 HTTP/1.1" 200 2
66.249.66.19 - - [02/Apr/2024:02:12:50 -0500] "GET /Publicaciones/2024EE56870.pdf HTTP/1.1" 404 227
106.75.174.148 - - [02/Apr/2024:02:13:01 -0500] "GET /.git/config HTTP/1.1" 404 1035
201.245.192.253 - - [02/Apr/2024:02:13:39 -0500] "POST /forms/lservlet;jsessionid=ac16012b30d66283f9f7cd6643a8a475d9d260a43f7c.e3iSbxaKaheRe3iNc3uNbNmQay1ynknvrkLOlQzNp65In0 HTTP/1.1" 200 2
35.93.231.41 - - [02/Apr/2024:02:13:45 -0500] "GET /BLA/boletinlegal/Circulares/2024/CIRCULAR%20No.%2000003%20DEL%2016%20DE%20FEBRERO%20DEL%202024.pdf HTTP/1.1" 200 262750
216.245.221.92 - - [02/Apr/2024:02:14:15 -0500] "HEAD / HTTP/1.1" 200 -
201.245.192.253 - - [02/Apr/2024:02:14:24 -0500] "POST /forms/lservlet;jsessionid=ac16012b30d61766ad30c9f04634b024bcbfec2f3322.e3iSbxaKaheRe3iNc3uNbNmQay1ynknvrkLOlQzNp65In0 HTTP/1.1" 200 2
168.119.253.61 - - [02/Apr/2024:02:14:43 -0500] "GET / HTTP/1.1" 200 4720
35.93.231.41 - - [02/Apr/2024:02:15:02 -0500] "GET /BLA/boletinlegal/Circulares/2022/CIRCULAR%20No.%2000004%20DEL%2019%20DE%20MAYO%20DEL%202022.pdf HTTP/1.1" 200 252981
172.22.2.4 - - [02/Apr/2024:02:13:26 -0500] "HEAD /BLA/boletinlegal/ HTTP/1.1" 200 -
17.241.219.18 - - [02/Apr/2024:02:15:36 -0500] "GET /regresa-la-exposicion-nacional-de-orquideas-en-su-vigesima-edicion-y-primera-version-internacional.html HTTP/1.1" 200 848
201.245.192.253 - - [02/Apr/2024:02:15:39 -0500] "POST /forms/lservlet;jsessionid=ac16012b30d66283f9f7cd6643a8a475d9d260a43f7c.e3iSbxaKaheRe3iNc3uNbNmQay1ynknvrkLOlQzNp65In0 HTTP/1.1" 200 2
172.22.2.4 - - [02/Apr/2024:02:14:16 -0500] "GET /BLA/boletinlegal/ HTTP/1.1" 200 56191
35.93.231.41 - - [02/Apr/2024:02:16:13 -0500] "GET /BLA/boletinlegal/Circulares/2022/CIRCULAR%20No.%2000009%20DEL%2010%20DE%20OCTUBRE%20DEL%202022.pdf HTTP/1.1" 200 292772
201.245.192.253 - - [02/Apr/2024:02:16:24 -0500] "POST /forms/lservlet;jsessionid=ac16012b30d61766ad30c9f04634b024bcbfec2f3322.e3iSbxaKaheRe3iNc3uNbNmQay1ynknvrkLOlQzNp65In0 HTTP/1.1" 200 2
40.77.167.16 - - [02/Apr/2024:02:16:34 -0500] "GET /Publicaciones/2023EE205024.pdf HTTP/1.1" 404 228
35.93.231.41 - - [02/Apr/2024:02:17:07 -0500] "GET /BLA/boletinlegal/Circulares/2022/CIRCULAR%20No.%2000005%20DEL%2030%20DE%20JUNIO%20DEL%202022.pdf HTTP/1.1" 200 370015
47.128.19.189 - - [02/Apr/2024:02:17:10 -0500] "GET /BLA/resoluciones/AUTOS%202021/0245.php?act=f&d=E%3A%5Cnuevo%5Chtdocs%5Cboletinlegal&f=swfobject.js HTTP/1.1" 200 6950
47.128.19.189 - - [02/Apr/2024:02:17:11 -0500] "GET /BLA/resoluciones/AUTOS%202021/0245.php?act=img&img=ext_gif HTTP/1.1" 200 175
47.128.19.189 - - [02/Apr/2024:02:17:11 -0500] "GET /BLA/resoluciones/AUTOS%202021/0245.php?act=img&img=ext_diz HTTP/1.1" 200 1027
47.128.19.189 - - [02/Apr/2024:02:17:11 -0500] "GET /BLA/resoluciones/AUTOS%202021/0245.php?act=img&img=ext_txt HTTP/1.1" 200 132
47.128.19.189 - - [02/Apr/2024:02:17:11 -0500] "GET /BLA/resoluciones/AUTOS%202021/0245.php?act=img&img=ext_js HTTP/1.1" 200 131
47.128.19.189 - - [02/Apr/2024:02:17:11 -0500] "GET /BLA/resoluciones/AUTOS%202021/0245.php?act=img&img=ext_exe HTTP/1.1" 200 118
47.128.19.189 - - [02/Apr/2024:02:17:11 -0500] "GET /BLA/resoluciones/AUTOS%202021/0245.php?act=img&img=ext_html HTTP/1.1" 200 230
47.128.19.189 - - [02/Apr/2024:02:17:11 -0500] "GET /BLA/resoluciones/AUTOS%202021/0245.php?act=img&img=download HTTP/1.1" 200 161
47.128.19.189 - - [02/Apr/2024:02:17:11 -0500] "GET /BLA/resoluciones/AUTOS%202021/0245.php?act=img&img=change HTTP/1.1" 200 290
47.128.19.189 - - [02/Apr/2024:02:17:11 -0500] "GET /BLA/resoluciones/AUTOS%202021/0245.php?act=img&img=ext_ini HTTP/1.1" 200 134
47.128.19.189 - - [02/Apr/2024:02:17:11 -0500] "GET /BLA/resoluciones/AUTOS%202021/0245.php?act=img&img=ext_rtf HTTP/1.1" 200 164
201.245.192.253 - - [02/Apr/2024:02:16:46 -0500] "POST /kwsrmcab/Wsrmcab  HTTP/1.1" 200 213
47.128.19.202 - - [02/Apr/2024:02:17:32 -0500] "GET /BLA/resoluciones/AUTOS%202021/0245.php?act=img&img=ext_gif HTTP/1.1" 200 175
47.128.19.202 - - [02/Apr/2024:02:17:32 -0500] "GET /BLA/resoluciones/AUTOS%202021/0245.php?act=img&img=ext_exe HTTP/1.1" 200 118
47.128.19.202 - - [02/Apr/2024:02:17:32 -0500] "GET /BLA/resoluciones/AUTOS%202021/0245.php?act=img&img=ext_diz HTTP/1.1" 200 1027
47.128.19.202 - - [02/Apr/2024:02:17:32 -0500] "GET /BLA/resoluciones/AUTOS%202021/0245.php?act=img&img=ext_html HTTP/1.1" 200 230
47.128.19.202 - - [02/Apr/2024:02:17:32 -0500] "GET /BLA/resoluciones/AUTOS%202021/0245.php?act=img&img=ext_txt HTTP/1.1" 200 132
47.128.19.202 - - [02/Apr/2024:02:17:33 -0500] "GET /BLA/resoluciones/AUTOS%202021/0245.php?act=img&img=ext_ini HTTP/1.1" 200 134
47.128.19.202 - - [02/Apr/2024:02:17:33 -0500] "GET /BLA/resoluciones/AUTOS%202021/0245.php?act=img&img=ext_php HTTP/1.1" 200 79
47.128.19.202 - - [02/Apr/2024:02:17:33 -0500] "GET /BLA/resoluciones/AUTOS%202021/0245.php?act=img&img=ext_rtf HTTP/1.1" 200 164
47.128.19.202 - - [02/Apr/2024:02:17:33 -0500] "GET /BLA/resoluciones/AUTOS%202021/0245.php?act=img&img=change HTTP/1.1" 200 290
47.128.19.202 - - [02/Apr/2024:02:17:33 -0500] "GET /BLA/resoluciones/AUTOS%202021/0245.php?act=img&img=download HTTP/1.1" 200 161
47.128.19.202 - - [02/Apr/2024:02:17:31 -0500] "GET /BLA/resoluciones/AUTOS%202021/0245.php?act=f&d=E%3A%5Cnuevo%5Chtdocs%5Ccumbredelclima%5Cwp-admin&f=widgets.php HTTP/1.1" 200 10510
201.245.192.253 - - [02/Apr/2024:02:17:39 -0500] "POST /forms/lservlet;jsessionid=ac16012b30d66283f9f7cd6643a8a475d9d260a43f7c.e3iSbxaKaheRe3iNc3uNbNmQay1ynknvrkLOlQzNp65In0 HTTP/1.1" 200 2
35.93.231.41 - - [02/Apr/2024:02:17:50 -0500] "GET /BLA/boletinlegal/documentos-importantes.php HTTP/1.1" 200 4883
47.128.19.135 - - [02/Apr/2024:02:17:55 -0500] "GET /BLA/resoluciones/AUTOS%202021/0245.php?act=d&d=E%3A%5Cnuevo%5Chtdocs%5CAutoliquidacion2020%5CAceites-Residuos-Estaciones-%5CTr%E1mite+de+registro+de+movilizaci%F3n+de+aceites+usados+en+el+%E1rea+urbana+del+Distrito+Capital%5C.. HTTP/1.1" 200 2882
47.128.19.202 - - [02/Apr/2024:02:18:19 -0500] "GET /BLA/resoluciones/AUTOS%202021/0245.php?act=chmod&d=E%3A%5Cnuevo%5Chtdocs%5Ccumbredelclima%5Cwp-includes&f=class-pop3.php HTTP/1.1" 200 2890
201.245.192.253 - - [02/Apr/2024:02:18:24 -0500] "POST /forms/lservlet;jsessionid=ac16012b30d61766ad30c9f04634b024bcbfec2f3322.e3iSbxaKaheRe3iNc3uNbNmQay1ynknvrkLOlQzNp65In0 HTTP/1.1" 200 2
35.93.231.41 - - [02/Apr/2024:02:18:37 -0500] "GET /BLA/boletinlegal/Directivas/2016/Directiva%20No.%2003%20del%2026%20de%20Julio%20de%202016.pdf HTTP/1.1" 200 370200
216.244.66.195 - - [02/Apr/2024:02:18:43 -0500] "GET /BLA/resoluciones/RESOLUCIONES%202017/2932.pdf HTTP/1.1" 200 950808
47.128.39.89 - - [02/Apr/2024:02:18:44 -0500] "GET /BLA/resoluciones/AUTOS%202021/0245.php?act=chmod&d=E%3A%5Cnuevo%5Chtdocs%5Cxampp&f=guestbook-de.pl HTTP/1.1" 200 2863
216.244.66.195 - - [02/Apr/2024:02:18:56 -0500] "GET /BLA/resoluciones/RESOLUCIONES%202019/3322.pdf HTTP/1.1" 200 293478
216.244.66.195 - - [02/Apr/2024:02:19:06 -0500] "GET /BLA/resoluciones/RESOLUCIONES%202019/3522.pdf HTTP/1.1" 200 306465
216.245.221.92 - - [02/Apr/2024:02:19:15 -0500] "HEAD / HTTP/1.1" 200 -
35.93.231.41 - - [02/Apr/2024:02:19:20 -0500] "GET /BLA/boletinlegal/Directivas/2011/Directiva%20No.%206%20del%208%20de%20Septiembre%20de%202011.pdf HTTP/1.1" 200 996625
201.245.192.253 - - [02/Apr/2024:02:19:39 -0500] "POST /forms/lservlet;jsessionid=ac16012b30d66283f9f7cd6643a8a475d9d260a43f7c.e3iSbxaKaheRe3iNc3uNbNmQay1ynknvrkLOlQzNp65In0 HTTP/1.1" 200 2
201.245.192.253 - - [02/Apr/2024:02:19:02 -0500] "POST /kwsrmcab/Wsrmcab HTTP/1.1" 200 39416
201.245.192.253 - - [02/Apr/2024:02:19:46 -0500] "POST /kwsrmcab/Wsrmcab HTTP/1.1" 200 38951
201.245.192.253 - - [02/Apr/2024:02:19:47 -0500] "POST /kwsrmcab/Wsrmcab HTTP/1.1" 200 37324
47.128.31.100 - - [02/Apr/2024:02:19:50 -0500] "GET /BLA/resoluciones/AUTOS%202021/0245.php?act=upload&d=E%3A%5Cnuevo%5Chtdocs%5CBLA%5Cresoluciones%5CAcuerdos%5C HTTP/1.1" 200 2868
35.93.231.41 - - [02/Apr/2024:02:20:02 -0500] "GET /BLA/boletinlegal/Circulares/2020/Circular%2000010%20del%2027%20de%20julio%20de%202020.pdf HTTP/1.1" 200 422655
201.245.192.253 - - [02/Apr/2024:02:20:24 -0500] "POST /forms/lservlet;jsessionid=ac16012b30d61766ad30c9f04634b024bcbfec2f3322.e3iSbxaKaheRe3iNc3uNbNmQay1ynknvrkLOlQzNp65In0 HTTP/1.1" 200 2
201.245.192.253 - - [02/Apr/2024:02:20:36 -0500] "POST /kwsrmcab/Wsrmcab HTTP/1.1" 200 37324
35.93.231.41 - - [02/Apr/2024:02:20:39 -0500] "GET /BLA/boletinlegal/Directivas/2011/Directiva%20No.%201%20del%205%20de%20Abril%20de%202011.pdf HTTP/1.1" 200 971292
172.22.2.4 - - [02/Apr/2024:02:19:16 -0500] "HEAD /BLA/boletinlegal/ HTTP/1.1" 200 -
35.93.231.41 - - [02/Apr/2024:02:21:12 -0500] "GET /BLA/boletinlegal/Directivas/2014/Directiva%20No.%204%20del%2006%20de%20Junio%20de%202014.pdf HTTP/1.1" 200 236794
201.245.192.253 - - [02/Apr/2024:02:21:39 -0500] "POST /forms/lservlet;jsessionid=ac16012b30d66283f9f7cd6643a8a475d9d260a43f7c.e3iSbxaKaheRe3iNc3uNbNmQay1ynknvrkLOlQzNp65In0 HTTP/1.1" 200 2
35.93.231.41 - - [02/Apr/2024:02:21:45 -0500] "GET /BLA/boletinlegal/Circulares/2021/CIRCULAR%20No.%2000009%20DEL%2001%20DE%20OCTUBRE%20DEL%202021.pdf HTTP/1.1" 200 320793
172.22.2.4 - - [02/Apr/2024:02:20:06 -0500] "GET /BLA/boletinlegal/ HTTP/1.1" 200 56191
201.245.192.253 - - [02/Apr/2024:02:21:45 -0500] "POST /kwsrmcab/Wsrmcab  HTTP/1.1" 200 213
35.93.231.41 - - [02/Apr/2024:02:22:21 -0500] "GET /BLA/boletinlegal/Directivas/2017/Directiva%20No.%2002%20del%2017%20de%20Enero%20de%202017.pdf HTTP/1.1" 200 3521427
201.245.192.253 - - [02/Apr/2024:02:22:24 -0500] "POST /forms/lservlet;jsessionid=ac16012b30d61766ad30c9f04634b024bcbfec2f3322.e3iSbxaKaheRe3iNc3uNbNmQay1ynknvrkLOlQzNp65In0 HTTP/1.1" 200 2
35.93.231.41 - - [02/Apr/2024:02:22:49 -0500] "GET /BLA/boletinlegal/doctrina.php HTTP/1.1" 200 5667
35.93.231.41 - - [02/Apr/2024:02:23:14 -0500] "GET /BLA/boletinlegal/Directivas/2015/Directiva%20No.%2001%20del%2014%20de%20Enero%20de%202015.pdf HTTP/1.1" 200 1416322
35.93.231.41 - - [02/Apr/2024:02:23:38 -0500] "GET /BLA/boletinlegal/Directivas/2016/Directiva%20No.%2004%20del%2023%20de%20Diciembre%20de%202016.pdf HTTP/1.1" 200 327098
201.245.192.253 - - [02/Apr/2024:02:23:39 -0500] "POST /forms/lservlet;jsessionid=ac16012b30d66283f9f7cd6643a8a475d9d260a43f7c.e3iSbxaKaheRe3iNc3uNbNmQay1ynknvrkLOlQzNp65In0 HTTP/1.1" 200 2
35.93.231.41 - - [02/Apr/2024:02:23:59 -0500] "GET /BLA/boletinlegal/Circulares/2015/Circular%20No.%202%20del%201%20de%20julio%20de%202015.pdf HTTP/1.1" 200 752890
216.245.221.92 - - [02/Apr/2024:02:24:15 -0500] "HEAD / HTTP/1.1" 200 -
35.93.231.41 - - [02/Apr/2024:02:24:21 -0500] "GET /BLA/boletinlegal/Directivas/2009/Directiva%20No.%20del%2023%20de%20Diciembre%20de%202009.pdf HTTP/1.1" 200 1636862
201.245.192.253 - - [02/Apr/2024:02:24:24 -0500] "POST /forms/lservlet;jsessionid=ac16012b30d61766ad30c9f04634b024bcbfec2f3322.e3iSbxaKaheRe3iNc3uNbNmQay1ynknvrkLOlQzNp65In0 HTTP/1.1" 200 2
35.93.231.41 - - [02/Apr/2024:02:24:42 -0500] "GET /BLA/boletinlegal/Directivas/2011/Directiva%20No.%2011%20del%2027%20de%20Diciembre%20de%202011.pdf HTTP/1.1" 200 303527
66.249.66.19 - - [02/Apr/2024:02:24:44 -0500] "GET /Publicaciones/2023EE303534.pdf HTTP/1.1" 404 228
66.249.66.20 - - [02/Apr/2024:02:24:45 -0500] "GET /siipev/Diseno%20de%20Elementos%20de%20Mobiliario%20Urbano/Otros%20Elementos/PARTE%20B/Dise%C3%B1o%20de%20Elementos%20M-131.pdf HTTP/1.1" 304 -
35.93.231.41 - - [02/Apr/2024:02:25:03 -0500] "GET /BLA/boletinlegal/Directivas/2011/Directiva%20No.%204%20del%2028%20de%20Junio%20de%202011.pdf HTTP/1.1" 200 960158
35.93.231.41 - - [02/Apr/2024:02:25:25 -0500] "GET /BLA/boletinlegal/conceptos.php HTTP/1.1" 200 7588
201.245.192.253 - - [02/Apr/2024:02:25:39 -0500] "POST /forms/lservlet;jsessionid=ac16012b30d66283f9f7cd6643a8a475d9d260a43f7c.e3iSbxaKaheRe3iNc3uNbNmQay1ynknvrkLOlQzNp65In0 HTTP/1.1" 200 2
35.93.231.41 - - [02/Apr/2024:02:25:46 -0500] "GET /BLA/boletinlegal/Circulares/2018/Circular%20No.%2010%20del%2021%20de%20Septiembre%20de%202018.pdf HTTP/1.1" 200 163426
35.93.231.41 - - [02/Apr/2024:02:26:08 -0500] "GET /BLA/boletinlegal/Circulares/2018/Circular%20No.%2011%20del%2024%20de%20Septiembre%20de%202018.pdf HTTP/1.1" 200 169541
201.245.192.253 - - [02/Apr/2024:02:26:24 -0500] "POST /forms/lservlet;jsessionid=ac16012b30d61766ad30c9f04634b024bcbfec2f3322.e3iSbxaKaheRe3iNc3uNbNmQay1ynknvrkLOlQzNp65In0 HTTP/1.1" 200 2
35.93.231.41 - - [02/Apr/2024:02:26:26 -0500] "GET /BLA/boletinlegal/Circulares/2023/CIRCULAR%20No.%2000013%20DEL%2012%20DE%20DICIEMBRE%20DEL%202023.pdf HTTP/1.1" 200 1237263
40.77.167.54 - - [02/Apr/2024:02:26:36 -0500] "GET /Publicaciones/2024EE55855.pdf HTTP/1.1" 404 227
35.93.231.41 - - [02/Apr/2024:02:26:40 -0500] "GET /BLA/boletinlegal/Circulares/2020/CIRCULAR%20No.%2000019%20DEL%2018%20DE%20DICIEMBRE%20DEL%202020.pdf HTTP/1.1" 200 307959
201.245.192.253 - - [02/Apr/2024:02:26:44 -0500] "POST /kwsrmcab/Wsrmcab  HTTP/1.1" 200 213
172.22.2.4 - - [02/Apr/2024:02:25:06 -0500] "HEAD /BLA/boletinlegal/ HTTP/1.1" 200 -
35.93.231.41 - - [02/Apr/2024:02:26:58 -0500] "GET /BLA/boletinlegal/Circulares/2019/Circular%2000018%20del%2020%20de%20noviembre%20de%202019.pdf HTTP/1.1" 200 158030
216.244.66.195 - - [02/Apr/2024:02:27:07 -0500] "GET /robots.txt HTTP/1.1" 404 1018
35.93.231.41 - - [02/Apr/2024:02:27:15 -0500] "GET /BLA/boletinlegal/Circulares/2018/Circular%20No.%200015%20del%207%20de%20Diciembre%20de%202018.pdf HTTP/1.1" 200 165305
35.93.231.41 - - [02/Apr/2024:02:27:33 -0500] "GET /BLA/boletinlegal/Circulares/2023/CIRCULAR%20No.%2000001%20DEL%2020%20DE%20FEBRERO%20DEL%202023.pdf HTTP/1.1" 200 317520
172.22.2.4 - - [02/Apr/2024:02:25:56 -0500] "GET /BLA/boletinlegal/ HTTP/1.1" 200 55442
201.245.192.253 - - [02/Apr/2024:02:27:39 -0500] "POST /forms/lservlet;jsessionid=ac16012b30d66283f9f7cd6643a8a475d9d260a43f7c.e3iSbxaKaheRe3iNc3uNbNmQay1ynknvrkLOlQzNp65In0 HTTP/1.1" 200 2
35.93.231.41 - - [02/Apr/2024:02:27:49 -0500] "GET /BLA/boletinlegal/Directivas/2013/Directiva%20No.%201%20del%2004%20de%20Abril%20de%202013.pdf HTTP/1.1" 200 472003
35.93.231.41 - - [02/Apr/2024:02:28:02 -0500] "GET /BLA/boletinlegal/Directivas/2019/Directiva%20No.%200001%20del%2011%20de%20junio%20de%202019.pdf HTTP/1.1" 200 228190
35.93.231.41 - - [02/Apr/2024:02:28:15 -0500] "GET /BLA/boletinlegal/Circulares/2019/Circular%2000020%20del%2020%20de%20diciembre%20de%202019.pdf HTTP/1.1" 200 145170
201.245.192.253 - - [02/Apr/2024:02:28:24 -0500] "POST /forms/lservlet;jsessionid=ac16012b30d61766ad30c9f04634b024bcbfec2f3322.e3iSbxaKaheRe3iNc3uNbNmQay1ynknvrkLOlQzNp65In0 HTTP/1.1" 200 2
35.93.231.41 - - [02/Apr/2024:02:28:28 -0500] "GET /BLA/boletinlegal/Circulares/2019/Circular%20No.%20006%20del%2008%20de%20Febrero%20de%202019.pdf HTTP/1.1" 200 674401
35.93.231.41 - - [02/Apr/2024:02:28:39 -0500] "GET /BLA/boletinlegal/Directivas/2013/Directiva%20No.%203%20del%2016%20de%20julio%20de%202013.pdf HTTP/1.1" 200 127414
35.93.231.41 - - [02/Apr/2024:02:28:49 -0500] "GET /BLA/boletinlegal/Directivas/2022/DIRECTIVA%20No.%2000001%20DEL%2015%20DE%20JUNIO%20DEL%202022.pdf HTTP/1.1" 200 290944
35.93.231.41 - - [02/Apr/2024:02:28:58 -0500] "GET /BLA/boletinlegal/Directivas/2012/Directiva%20No.%201%20del%2030%20de%20octubre%20de%202012.pdf HTTP/1.1" 200 1522771
35.93.231.41 - - [02/Apr/2024:02:29:08 -0500] "GET /BLA/boletinlegal/Circulares/2024/CIRCULAR%20No.%2000002%20DEL%2031%20DE%20ENERO%20DEL%202024.pdf HTTP/1.1" 200 382171
216.245.221.92 - - [02/Apr/2024:02:29:15 -0500] "HEAD / HTTP/1.1" 200 -
35.93.231.41 - - [02/Apr/2024:02:29:17 -0500] "GET /BLA/boletinlegal/Circulares/2018/CIRCULAR%20COJUNTA%20042%20DE%202018.pdf HTTP/1.1" 200 515008
35.93.231.41 - - [02/Apr/2024:02:29:27 -0500] "GET /BLA/boletinlegal/Circulares/2019/Circular%20No.%2012%20del%2014%20de%20Marzo%20de%202019.pdf HTTP/1.1" 200 344384
35.93.231.41 - - [02/Apr/2024:02:29:36 -0500] "GET /BLA/boletinlegal/Circulares/2023/CIRCULAR%20No.%2000002%20DEL%2020%20DE%20FEBRERO%20DEL%202023.pdf HTTP/1.1" 200 333231
201.245.192.253 - - [02/Apr/2024:02:29:02 -0500] "POST /kwsrmcab/Wsrmcab HTTP/1.1" 200 39416
201.245.192.253 - - [02/Apr/2024:02:29:39 -0500] "POST /kwsrmcab/Wsrmcab HTTP/1.1" 200 37324
201.245.192.253 - - [02/Apr/2024:02:29:39 -0500] "POST /forms/lservlet;jsessionid=ac16012b30d66283f9f7cd6643a8a475d9d260a43f7c.e3iSbxaKaheRe3iNc3uNbNmQay1ynknvrkLOlQzNp65In0 HTTP/1.1" 200 2
35.93.231.41 - - [02/Apr/2024:02:29:46 -0500] "GET /BLA/boletinlegal/Circulares/2023/CIRCULAR%20No.%2000003%20DEL%2021%20DE%20FEBRERO%20DEL%202023.pdf HTTP/1.1" 200 355302
201.245.192.253 - - [02/Apr/2024:02:29:46 -0500] "POST /kwsrmcab/Wsrmcab HTTP/1.1" 200 38951
35.93.231.41 - - [02/Apr/2024:02:29:55 -0500] "GET /BLA/boletinlegal/Directivas/2011/Directiva%20No.%208%20del%2020%20de%20Septiembre%20de%202011.pdf HTTP/1.1" 200 727150
35.93.231.41 - - [02/Apr/2024:02:30:05 -0500] "GET /BLA/boletinlegal/Directivas/2017/Directiva%20No.%2004%20del%2028%20de%20Abril%20de%202017.pdf HTTP/1.1" 200 8194919
35.93.231.41 - - [02/Apr/2024:02:30:14 -0500] "GET /BLA/boletinlegal/Circulares/2017/Circular%20No.%202%20del%201%20de%20Septiembre%20de%202017.pdf HTTP/1.1" 200 152575
35.93.231.41 - - [02/Apr/2024:02:30:23 -0500] "GET /BLA/boletinlegal/Directivas/2011/Directiva%20No.%209%20del%2023%20de%20Septiembre%20de%202011.pdf HTTP/1.1" 200 326687
201.245.192.253 - - [02/Apr/2024:02:30:24 -0500] "POST /forms/lservlet;jsessionid=ac16012b30d61766ad30c9f04634b024bcbfec2f3322.e3iSbxaKaheRe3iNc3uNbNmQay1ynknvrkLOlQzNp65In0 HTTP/1.1" 200 2
35.93.231.41 - - [02/Apr/2024:02:30:32 -0500] "GET /BLA/boletinlegal/normativa.php HTTP/1.1" 200 8397
35.93.231.41 - - [02/Apr/2024:02:30:41 -0500] "GET /BLA/boletinlegal/Circulares/2024/CIRCULAR%20No.%2000001%20DEL%2011%20DE%20ENERO%20DEL%202024.pdf HTTP/1.1" 200 298890
35.93.231.41 - - [02/Apr/2024:02:30:50 -0500] "GET /BLA/boletinlegal/Directivas/2013/Directiva%20No.%202%20del%2004%20de%20Abril%20de%202013.pdf HTTP/1.1" 200 1182671
35.93.231.41 - - [02/Apr/2024:02:30:58 -0500] "GET /BLA/boletinlegal/Circulares/2023/CIRCULAR%20No.%2000009%20DEL%2010%20DE%20OCTUBRE%20DEL%202023.pdf HTTP/1.1" 200 529599
35.93.231.41 - - [02/Apr/2024:02:31:06 -0500] "GET /BLA/boletinlegal/Directivas/2018/Directiva%20No.%2026%20del%2028%20de%20diciembre%20de%202018.pdf HTTP/1.1" 200 332220
35.93.231.41 - - [02/Apr/2024:02:31:15 -0500] "GET /BLA/boletinlegal/Directivas/2011/Directiva%20No.%203%20del%2027%20de%20Mayo%20de%202011.pdf HTTP/1.1" 200 910420
35.93.231.41 - - [02/Apr/2024:02:31:23 -0500] "GET /BLA/boletinlegal/Circulares/2014/Circular%20No.%201%20del%2008%20de%20Mayo%20de%202014.pdf HTTP/1.1" 200 180124
35.93.231.41 - - [02/Apr/2024:02:31:31 -0500] "GET /BLA/boletinlegal/Circulares/2019/Circular%20No.%200005%20del%2020%20de%20Marzo%20de%202019.pdf HTTP/1.1" 200 159877
35.93.231.41 - - [02/Apr/2024:02:31:38 -0500] "GET /BLA/boletinlegal/Circulares/2021/CIRCULAR%20No.%2000007%20DEL%2010%20DE%20AGOSTO%20DEL%202021.pdf HTTP/1.1" 200 266364
201.245.192.253 - - [02/Apr/2024:02:31:39 -0500] "POST /forms/lservlet;jsessionid=ac16012b30d66283f9f7cd6643a8a475d9d260a43f7c.e3iSbxaKaheRe3iNc3uNbNmQay1ynknvrkLOlQzNp65In0 HTTP/1.1" 200 2
201.245.192.253 - - [02/Apr/2024:02:31:42 -0500] "POST /kwsrmcab/Wsrmcab  HTTP/1.1" 200 213
201.245.192.253 - - [02/Apr/2024:02:30:37 -0500] "POST /kwsrmcab/Wsrmcab HTTP/1.1" 200 37324
35.93.231.41 - - [02/Apr/2024:02:31:45 -0500] "GET /BLA/boletinlegal/Directivas/2019/Directiva%20008%20del%2001%20de%20noviembre%20de%202019.pdf HTTP/1.1" 200 1382642
35.93.231.41 - - [02/Apr/2024:02:31:52 -0500] "GET /BLA/boletinlegal/Circulares/2014/Circular%20No.%203%20del%2014%20de%20Noviembre%20de%202014.pdf HTTP/1.1" 200 104132
35.93.231.41 - - [02/Apr/2024:02:31:59 -0500] "GET /BLA/boletinlegal/Circulares/2017/Circular%20No.%2007%20del%2028%20de%20Abril%20de%202017.pdf HTTP/1.1" 200 309906
35.93.231.41 - - [02/Apr/2024:02:32:06 -0500] "GET /BLA/boletinlegal/Circulares/2023/CIRCULAR%20No.%2000006%20DEL%2013%20DE%20JULIO%20DEL%202023.pdf HTTP/1.1" 200 375301
35.93.231.41 - - [02/Apr/2024:02:32:13 -0500] "GET /BLA/boletinlegal/Directivas/2017/Directiva%20No.%2006%20del%2016%20de%20Agosto%20de%202017.pdf HTTP/1.1" 200 310598
35.93.231.41 - - [02/Apr/2024:02:32:20 -0500] "GET /BLA/boletinlegal/Circulares/2017/Circular%20No.%201%20del%2030%20de%20Marzo%20de%202017.pdf HTTP/1.1" 200 668532
201.245.192.253 - - [02/Apr/2024:02:32:24 -0500] "POST /forms/lservlet;jsessionid=ac16012b30d61766ad30c9f04634b024bcbfec2f3322.e3iSbxaKaheRe3iNc3uNbNmQay1ynknvrkLOlQzNp65In0 HTTP/1.1" 200 2
35.93.231.41 - - [02/Apr/2024:02:32:27 -0500] "GET /BLA/boletinlegal/Directivas/2018/Directiva%20No.%2024%20del%2027%20de%20diciembre%20de%202018.pdf HTTP/1.1" 200 575948
35.93.231.41 - - [02/Apr/2024:02:32:33 -0500] "GET /BLA/boletinlegal/Circulares/2023/CIRCULAR%20No.%2000012%20DEL%2030%20DE%20OCTUBRE%20DEL%202023.pdf HTTP/1.1" 200 402860
172.22.2.4 - - [02/Apr/2024:02:30:56 -0500] "HEAD /BLA/boletinlegal/ HTTP/1.1" 200 -
35.93.231.41 - - [02/Apr/2024:02:32:39 -0500] "GET /BLA/boletinlegal/Directivas/2022/DIRECTIVA%20No.%2000002%20DEL%2022%20DE%20JUNIO%20DEL%202022.pdf HTTP/1.1" 200 384175
35.93.231.41 - - [02/Apr/2024:02:32:45 -0500] "GET /BLA/boletinlegal/Circulares/2021/CIRCULAR%20No.%2000006%20DEL%2005%20DE%20AGOSTO%20DEL%202021.pdf HTTP/1.1" 200 249615
35.93.231.41 - - [02/Apr/2024:02:32:50 -0500] "GET /BLA/boletinlegal/Directivas/2016/Directiva%20No.%2001%20del%2012%20de%20Abril%20de%202016.pdf HTTP/1.1" 200 868354
35.93.231.41 - - [02/Apr/2024:02:32:56 -0500] "GET /BLA/boletinlegal/Directivas/2011/Directiva%20No.%202%20del%2017%20de%20Mayo%20de%202011.pdf HTTP/1.1" 200 495382
35.93.231.41 - - [02/Apr/2024:02:33:20 -0500] "GET /BLA/boletinlegal/Circulares/2023/CIRCULAR%20No.%2000010%20DEL%2010%20DE%20OCTUBRE%20DEL%202023.pdf HTTP/1.1" 200 341821
172.22.2.4 - - [02/Apr/2024:02:31:46 -0500] "GET /BLA/boletinlegal/ HTTP/1.1" 200 60380
201.245.192.253 - - [02/Apr/2024:02:33:39 -0500] "POST /forms/lservlet;jsessionid=ac16012b30d66283f9f7cd6643a8a475d9d260a43f7c.e3iSbxaKaheRe3iNc3uNbNmQay1ynknvrkLOlQzNp65In0 HTTP/1.1" 200 2
35.93.231.41 - - [02/Apr/2024:02:33:57 -0500] "GET /BLA/boletinlegal/Circulares/2019/Circular%20No.%200003%20del%2031%20de%20Enero%20de%202019.pdf HTTP/1.1" 200 164676
216.245.221.92 - - [02/Apr/2024:02:34:15 -0500] "HEAD / HTTP/1.1" 200 -
172.22.2.4 - - [02/Apr/2024:02:34:23 -0500] "GET /BLA/boletinlegal/favicon.ico HTTP/1.1" 404 1038
20.197.112.224 - - [02/Apr/2024:02:34:24 -0500] "GET /Publicaciones/2024EE58232.pdf HTTP/1.1" 404 227
201.245.192.253 - - [02/Apr/2024:02:34:24 -0500] "POST /forms/lservlet;jsessionid=ac16012b30d61766ad30c9f04634b024bcbfec2f3322.e3iSbxaKaheRe3iNc3uNbNmQay1ynknvrkLOlQzNp65In0 HTTP/1.1" 200 2
47.128.120.87 - - [02/Apr/2024:02:34:32 -0500] "GET /BLA/resoluciones/AUTOS%202021/0245.php?act=f&d=E%3A%5Cnuevo%5Chtdocs%5CBLA%5Cresoluciones%5CAUTOS+2021%5C&f=6636.pdf&ft=txt&white=1 HTTP/1.1" 200 3009
47.128.120.87 - - [02/Apr/2024:02:34:33 -0500] "GET /BLA/resoluciones/AUTOS%202021/0245.php?act=img&img=ext_pdf HTTP/1.1" 200 1034
47.128.120.87 - - [02/Apr/2024:02:34:33 -0500] "GET /BLA/resoluciones/AUTOS%202021/0245.php?act=img&img=ext_gif HTTP/1.1" 200 175
47.128.120.87 - - [02/Apr/2024:02:34:33 -0500] "GET /BLA/resoluciones/AUTOS%202021/0245.php?act=img&img=ext_diz HTTP/1.1" 200 1027
47.128.120.87 - - [02/Apr/2024:02:34:33 -0500] "GET /BLA/resoluciones/AUTOS%202021/0245.php?act=img&img=ext_txt HTTP/1.1" 200 132
47.128.120.87 - - [02/Apr/2024:02:34:33 -0500] "GET /BLA/resoluciones/AUTOS%202021/0245.php?act=img&img=ext_exe HTTP/1.1" 200 118
47.128.120.87 - - [02/Apr/2024:02:34:33 -0500] "GET /BLA/resoluciones/AUTOS%202021/0245.php?act=img&img=ext_html HTTP/1.1" 200 230
47.128.120.87 - - [02/Apr/2024:02:34:33 -0500] "GET /BLA/resoluciones/AUTOS%202021/0245.php?act=img&img=download HTTP/1.1" 200 161
47.128.120.87 - - [02/Apr/2024:02:34:34 -0500] "GET /BLA/resoluciones/AUTOS%202021/0245.php?act=img&img=ext_ini HTTP/1.1" 200 134
47.128.120.87 - - [02/Apr/2024:02:34:34 -0500] "GET /BLA/resoluciones/AUTOS%202021/0245.php?act=img&img=ext_rtf HTTP/1.1" 200 164
47.128.120.87 - - [02/Apr/2024:02:34:34 -0500] "GET /BLA/resoluciones/AUTOS%202021/0245.php?act=img&img=change HTTP/1.1" 200 290
35.93.231.41 - - [02/Apr/2024:02:34:35 -0500] "GET /BLA/boletinlegal/jurisprudencia.php HTTP/1.1" 200 17637
47.128.120.255 - - [02/Apr/2024:02:34:56 -0500] "GET /BLA/resoluciones/AUTOS%202021/0245.php?act=f&d=E%3A%5Cnuevo%5Chtdocs%5CBLA%5Cresoluciones%5CAUTOS+2021%5C&f=0482.pdf&ft=ini&white=1 HTTP/1.1" 200 3015
47.128.120.255 - - [02/Apr/2024:02:34:57 -0500] "GET /BLA/resoluciones/AUTOS%202021/0245.php?act=img&img=ext_html HTTP/1.1" 200 230
47.128.120.255 - - [02/Apr/2024:02:34:57 -0500] "GET /BLA/resoluciones/AUTOS%202021/0245.php?act=img&img=ext_txt HTTP/1.1" 200 132
47.128.120.255 - - [02/Apr/2024:02:34:57 -0500] "GET /BLA/resoluciones/AUTOS%202021/0245.php?act=img&img=ext_diz HTTP/1.1" 200 1027
47.128.120.255 - - [02/Apr/2024:02:34:57 -0500] "GET /BLA/resoluciones/AUTOS%202021/0245.php?act=img&img=ext_pdf HTTP/1.1" 200 1034
47.128.120.255 - - [02/Apr/2024:02:34:57 -0500] "GET /BLA/resoluciones/AUTOS%202021/0245.php?act=img&img=ext_exe HTTP/1.1" 200 118
47.128.120.255 - - [02/Apr/2024:02:34:57 -0500] "GET /BLA/resoluciones/AUTOS%202021/0245.php?act=img&img=ext_gif HTTP/1.1" 200 175
47.128.120.255 - - [02/Apr/2024:02:34:57 -0500] "GET /BLA/resoluciones/AUTOS%202021/0245.php?act=img&img=ext_ini HTTP/1.1" 200 134
47.128.120.255 - - [02/Apr/2024:02:34:57 -0500] "GET /BLA/resoluciones/AUTOS%202021/0245.php?act=img&img=ext_rtf HTTP/1.1" 200 164
47.128.120.255 - - [02/Apr/2024:02:34:57 -0500] "GET /BLA/resoluciones/AUTOS%202021/0245.php?act=img&img=change HTTP/1.1" 200 290
47.128.120.255 - - [02/Apr/2024:02:34:57 -0500] "GET /BLA/resoluciones/AUTOS%202021/0245.php?act=img&img=download HTTP/1.1" 200 161
47.128.120.56 - - [02/Apr/2024:02:35:20 -0500] "GET /BLA/resoluciones/AUTOS%202021/0245.php?act=f&d=E%3A%5Cnuevo%5Chtdocs%5CBLA%5Cresoluciones%5CAUTOS+2021%5C&f=4138.pdf&ft=phpsess&white=1 HTTP/1.1" 200 3943
47.128.120.56 - - [02/Apr/2024:02:35:21 -0500] "GET /BLA/resoluciones/AUTOS%202021/0245.php?act=img&img=ext_gif HTTP/1.1" 200 175
47.128.120.56 - - [02/Apr/2024:02:35:21 -0500] "GET /BLA/resoluciones/AUTOS%202021/0245.php?act=img&img=ext_html HTTP/1.1" 200 230
47.128.120.56 - - [02/Apr/2024:02:35:21 -0500] "GET /BLA/resoluciones/AUTOS%202021/0245.php?act=img&img=ext_pdf HTTP/1.1" 200 1034
47.128.120.56 - - [02/Apr/2024:02:35:21 -0500] "GET /BLA/resoluciones/AUTOS%202021/0245.php?act=img&img=ext_diz HTTP/1.1" 200 1027
47.128.120.56 - - [02/Apr/2024:02:35:21 -0500] "GET /BLA/resoluciones/AUTOS%202021/0245.php?act=img&img=ext_exe HTTP/1.1" 200 118
47.128.120.56 - - [02/Apr/2024:02:35:21 -0500] "GET /BLA/resoluciones/AUTOS%202021/0245.php?act=img&img=ext_txt HTTP/1.1" 200 132
47.128.120.56 - - [02/Apr/2024:02:35:21 -0500] "GET /BLA/resoluciones/AUTOS%202021/0245.php?act=img&img=ext_rtf HTTP/1.1" 200 164
47.128.120.56 - - [02/Apr/2024:02:35:21 -0500] "GET /BLA/resoluciones/AUTOS%202021/0245.php?act=img&img=change HTTP/1.1" 200 290
47.128.120.56 - - [02/Apr/2024:02:35:21 -0500] "GET /BLA/resoluciones/AUTOS%202021/0245.php?act=img&img=ext_ini HTTP/1.1" 200 134
47.128.120.56 - - [02/Apr/2024:02:35:22 -0500] "GET /BLA/resoluciones/AUTOS%202021/0245.php?act=img&img=download HTTP/1.1" 200 161
201.245.192.253 - - [02/Apr/2024:02:35:39 -0500] "POST /forms/lservlet;jsessionid=ac16012b30d66283f9f7cd6643a8a475d9d260a43f7c.e3iSbxaKaheRe3iNc3uNbNmQay1ynknvrkLOlQzNp65In0 HTTP/1.1" 200 2
35.93.231.41 - - [02/Apr/2024:02:35:44 -0500] "GET /BLA/boletinlegal/Circulares/2020/Circular%20No.%2000018%20del%2002%20de%20diciembre%20del%202020.pdf HTTP/1.1" 200 276868
47.128.60.240 - - [02/Apr/2024:02:35:44 -0500] "GET /BLA/resoluciones/AUTOS%202021/0245.php?act=chmod&d=E%3A%5Cnuevo%5Chtdocs%5CAutoliquidacion2020&f=Cobro+Clasificacion+Uso+De+Vivenda+En+Suelo+Restringido HTTP/1.1" 200 2898
35.93.231.41 - - [02/Apr/2024:02:36:02 -0500] "GET /BLA/boletinlegal/Circulares/2015/Circular%20No.%201%20del%2010%20de%20Febrero%20de%202015.pdf HTTP/1.1" 200 660637
47.128.126.230 - - [02/Apr/2024:02:36:08 -0500] "GET /BLA/resoluciones/AUTOS%202021/0245.php?act=f&d=E%3A%5Cnuevo%5Chtdocs%5CBLA%5Cresoluciones%5CAUTOS+2021%5C&f=2746.pdf&ft=download HTTP/1.1" 200 1240742
201.245.192.253 - - [02/Apr/2024:02:36:24 -0500] "POST /forms/lservlet;jsessionid=ac16012b30d61766ad30c9f04634b024bcbfec2f3322.e3iSbxaKaheRe3iNc3uNbNmQay1ynknvrkLOlQzNp65In0 HTTP/1.1" 200 2
35.93.231.41 - - [02/Apr/2024:02:36:27 -0500] "GET /BLA/boletinlegal/Circulares/2017/Circular%20No.%20011%20del%2005%20de%20julio%20de%202017.pdf HTTP/1.1" 200 965526
201.245.192.253 - - [02/Apr/2024:02:36:41 -0500] "POST /kwsrmcab/Wsrmcab  HTTP/1.1" 200 213
35.93.231.41 - - [02/Apr/2024:02:36:51 -0500] "GET /BLA/boletinlegal/Circulares/2019/Circular%20No.%200015%20del%2003%20de%20Octubre%20de%202019.pdf HTTP/1.1" 200 165608
47.128.98.167 - - [02/Apr/2024:02:37:08 -0500] "GET /BLA/resoluciones/AUTOS%202021/0245.php?act=chmod&d=E%3A%5Cnuevo%5Chtdocs%5Ccumbreclima%5Cwp-includes&f=version.php HTTP/1.1" 200 2886
47.128.120.12 - - [02/Apr/2024:02:37:33 -0500] "GET /BLA/resoluciones/AUTOS%202021/0245.php?act=chmod&d=E%3A%5Cnuevo%5Chtdocs%5Cxampp&f=langsettings.php HTTP/1.1" 200 2863
201.245.192.253 - - [02/Apr/2024:02:37:39 -0500] "POST /forms/lservlet;jsessionid=ac16012b30d66283f9f7cd6643a8a475d9d260a43f7c.e3iSbxaKaheRe3iNc3uNbNmQay1ynknvrkLOlQzNp65In0 HTTP/1.1" 200 2
172.22.2.4 - - [02/Apr/2024:02:37:48 -0500] "GET /BLA/boletinlegal/favicon.ico HTTP/1.1" 404 1018
47.128.120.150 - - [02/Apr/2024:02:37:58 -0500] "GET /BLA/resoluciones/AUTOS%202021/0245.php?act=chmod&d=E%3A%5Cnuevo%5CMercuryMail&f=winpm-32.exe HTTP/1.1" 200 2849
201.245.192.253 - - [02/Apr/2024:02:38:24 -0500] "POST /forms/lservlet;jsessionid=ac16012b30d61766ad30c9f04634b024bcbfec2f3322.e3iSbxaKaheRe3iNc3uNbNmQay1ynknvrkLOlQzNp65In0 HTTP/1.1" 200 2
172.22.2.4 - - [02/Apr/2024:02:36:46 -0500] "HEAD /BLA/boletinlegal/ HTTP/1.1" 200 -
172.22.2.4 - - [02/Apr/2024:02:37:27 -0500] "GET /BLA/boletinlegal/ HTTP/1.1" 200 32715
201.245.192.253 - - [02/Apr/2024:02:39:02 -0500] "POST /kwsrmcab/Wsrmcab HTTP/1.1" 200 39416
