186.102.89.54 - - [02/Apr/2024:07:16:13 -0500] "GET /kwssiamovil/sm/acme/s?s=U2FsdGVkX199I0X4edePIsTx7/d6O3MMLSoRyMv9fD0cnKl2XZVCE2eSmP8NhvO+N8xNNJAuu6cRpDSbTb0i/HN+UoHW4puY0bwi6u7Jw37HPnTFsTOiSb4vVQN4UWq9B7NuMXP/EP2dsXsYaM3EQ82F4lLdFfOeV0Y73i6ogjW1uEmtdymiVywZPvSPuy/LPCFodT2BRgct6Cy6QP30g/6zojvhgnDoBOu42y4ArNuw7iJpPOQsCOLgTuGqe2Krnz9xF6LeF8tjoA4Z/DRPwAuy2FF+KfF7SQy0Af+iLPnchdVe/5xa2L3i3Rdx4DxlvUqaw4Lc7ZdWYga3CqGak5Tyao9X0Ev+y2WK+NGCMAGHbxHNygwlz0rOEYh5CNhAbxhTzSUlLq5/LEnF/GrSv+JQJrGkds+FN7THF+A0d4srtEXCU3ifOKsG2n2+/z3Rl/Z8t2yXVKPWsp4OhVGyee6Z0UKi/w5QG6N35q8NprpmfRk18UBAJNvc7VtWpX23VbxgqLxKxzzfWFyBkGoJ5886QKboeWUsBuICBAOvL4EgfJqvGmBwVIGx4K5P+qLU58sSvc19gXZWuDUZZ0UrU/SpgU9tavxNIq/A6+0TAhynd83MC8qyAZ2GFES5uuyqbAsnwmhnGH5JKL4roNbNl0XQKP851CeHF8fG1UIsCcnovGhJvL/7WRcXtC2juEZxxPshAknGBhcRHgADw3IkGZ/MHNcup5DwAcki1a9OJhYymekvHhIOT8UvRq8ApWVff/vdKj8LA+6e+sefHnW0C+UCppavULRFMstQLC9qWJI9vsJpfUac7w9r1p3biCjOWt7d8EJn3LI8iue+ivBe1TmKmCfbkgI0sS6P5pssssh7bpIt+OcYK9o4iXhrBkooqKpuwvtJ3c/tvbIloFurO4Ust5U/C6E6NO3R+/QQTYDurdqjkqPGsv72E7Jijzpyj60k1VIlYKsa3G2eDayG/fCODJs8BeYR7grqxJ6K9CIggqHeD1c5i16eF+8fnGZScZ8L4V5BDn4DQ6BWJJT+KRXChIaY0QMCM6O7F7X0MWBX055zI9UQN0KruMaf/oN6tB9mF8dSIAhlGnahMr6r52UIP3vW8ULlfRXZMo+zszwlU2KifIIFLwO8mh5KQe3OmDk49GyHT+F/9V5DaytJwKSyhyA/gH6BHz14lbQmUfrGULnCCsRKqrvR7rwVfj4OG5YJF/YYJTmVWbLfJQzNtkYgarO6VrRdw4Y+Sln4kaLthZGCfC0Yf7pDZ2zQx5HE07LUEnwKvb3MsgzWnPPsuRVyBmxMgc7tvR5fEjEVG5LycjQhIfDlHOSIyO9439/xdrjS1R7AmC26I8CaRXot4jXxz3SDudhBTYyi8DMr/hEqn6+Scib0baBaV72jhS/+xwA76sEr0tgCT/vWm/c1s9Q4zs9QsFkry33OkK8XA9zjW7OvQ84eY5aASxN9wwQBgfwieAN5jf2E3UVObvR3k8g07C8l8Dvyf/0nbVCbgDtX0tPanzCufcmpFIXG+UnHTH44gcemssPUGaOlBiCvNZ92JMhzsyOjpwrkXchk5Svb7F2NjfSRRtw48JSgXgmxy0TFxa8+aN2sFsW2Eny0wChLjkQ5dudfIkrjaSrVQqeA1leMKL+R/0r+Gv67RRicInKrOKLt/secG2URUcevIZuwv0Vgt/ZJWJJX73L36vf41T8LSfa7yf/Uh4MfkIzCakfhyDEEtsRGx98rLVXL1MVg0YqHDdrur5w8+E63n/o=&u=U2FsdGVkX199PnKPqj6Pd/r5XBLhQkjBzkKuaYH8RN4=&y=U2FsdGVkX19Pp3F0kWexlpeq6dHbbcPenaW+K9ayblo= HTTP/1.1" 200 519
186.102.89.54 - - [02/Apr/2024:07:16:13 -0500] "GET /kwssiamovil/sm/acme/s?s=U2FsdGVkX1/wNy7LG9s5xjuXcKb/zz2CVC/e4X3qDOlzBYwbEiOx0H59dI4yhA9BnfAiHqrr9RrZ0o7vkQWrIn6GYv7gwUSVrRgeMEgDKKV9ebK7J1X6yDTdPtpD2gdvWGNIyuNpSYx7d8FQMlOrELSk8KUaRSmkWz3d30kl6c0ocThfqFXEfGnU7uS+qbHTrJQHIxr0hSP0edxw/Pr/nvJlwWANcxi7smNRfm92+VxKH9wEDQJPE/+A59t5voT4EOjYrdtw4JleKsrcIkZ2j2Sprn7aXqkGu299eyGPVZ1l7+FAjTYtS38QOExs43ElZjPWhZwffL/dRRicxgK2NbzzqObJyQy3tAGG/WY0LSCCo8Y9iL/EhTzOggt0YTZ7o4YoCDHnTqEhh0sQWxU+2T157K3TNruv3LviTf5XX6tttmRimQyUjJbWzWXejTQ4Nqm587hqWPSVfrdwamASH+Jq4XguLwC5QxsneDjzH+/hG1v/YpPUciVNVkiD6+n625YGrOcXYYNOj0g2M1MZcquRAifWvwDODyLG0H2NLW3TRpjMyHUC7NxuYOLeJuYjKZsoTME2U8FwIXDmtbvrIy7SbEqKFWneoQ4ODvZRKgrduHrmzzoXJ1O1DposPTNUQLAXit9zB6j7q5cj9dSksKFUE8gRUKi5zBw1SqnboEIlmxgOQseNAAQH8HLZ38uZ+DBbS5qim7+6WtaAK94V7U/AxKKIktntFzP5D+SOmaMtoUQiIeqZVQMcnxEUGEWs&u=U2FsdGVkX199PnKPqj6Pd/r5XBLhQkjBzkKuaYH8RN4=&y=U2FsdGVkX19Pp3F0kWexlpeq6dHbbcPenaW+K9ayblo= HTTP/1.1" 200 352
186.102.89.54 - - [02/Apr/2024:07:16:14 -0500] "GET /kwssiamovil/sm/cjson/pre?f=9&x=U2FsdGVkX1/WlPPCb1PaPdvj1TTsxcFyMeKV5BYGAoUV5JTWJsAFRDt9fCTNjfXZ HTTP/1.1" 200 23812
186.102.89.54 - - [02/Apr/2024:07:16:14 -0500] "GET /kwssiamovil/sm/cjson/pre?f=18&x=U2FsdGVkX1/WlPPCb1PaPdvj1TTsxcFyMeKV5BYGAoUV5JTWJsAFRDt9fCTNjfXZ HTTP/1.1" 200 32013
201.245.192.253 - - [02/Apr/2024:07:16:19 -0500] "POST /forms/lservlet;jsessionid=ac16012b30d662c41b008f2848f8812f805002413222.e3iSbxaKaheRe3iNc3uNbNmQay1ynknvrkLOlQzNp65In0 HTTP/1.1" 200 2
201.245.192.253 - - [02/Apr/2024:07:16:22 -0500] "POST /forms/lservlet;jsessionid=ac16012b30d662c41b008f2848f8812f805002413222.e3iSbxaKaheRe3iNc3uNbNmQay1ynknvrkLOlQzNp65In0 HTTP/1.1" 200 21
201.245.192.253 - - [02/Apr/2024:07:16:24 -0500] "POST /forms/lservlet;jsessionid=ac16012b30d662c41b008f2848f8812f805002413222.e3iSbxaKaheRe3iNc3uNbNmQay1ynknvrkLOlQzNp65In0 HTTP/1.1" 200 875
191.102.207.216 - - [02/Apr/2024:07:16:31 -0500] "GET /appsia/controlador HTTP/1.1" 200 4799
172.22.2.4 - - [02/Apr/2024:07:16:38 -0500] "GET /BLA/boletinlegal/favicon.ico HTTP/1.1" 404 1018
172.22.2.4 - - [02/Apr/2024:07:16:19 -0500] "GET /BLA/boletinlegal/ HTTP/1.1" 200 20427
201.245.192.253 - - [02/Apr/2024:07:17:05 -0500] "POST /forms/lservlet;jsessionid=ac16012b30d662c41b008f2848f8812f805002413222.e3iSbxaKaheRe3iNc3uNbNmQay1ynknvrkLOlQzNp65In0 HTTP/1.1" 200 745
201.245.192.253 - - [02/Apr/2024:07:17:06 -0500] "POST /forms/lservlet;jsessionid=ac16012b30d662c41b008f2848f8812f805002413222.e3iSbxaKaheRe3iNc3uNbNmQay1ynknvrkLOlQzNp65In0 HTTP/1.1" 200 13
201.245.192.253 - - [02/Apr/2024:07:17:07 -0500] "POST /forms/lservlet;jsessionid=ac16012b30d662c41b008f2848f8812f805002413222.e3iSbxaKaheRe3iNc3uNbNmQay1ynknvrkLOlQzNp65In0 HTTP/1.1" 200 732
172.22.2.4 - - [02/Apr/2024:07:16:23 -0500] "GET /BLA/boletinlegal/ HTTP/1.1" 200 32715
201.245.192.253 - - [02/Apr/2024:07:17:13 -0500] "POST /forms/lservlet;jsessionid=ac16012b30d662c41b008f2848f8812f805002413222.e3iSbxaKaheRe3iNc3uNbNmQay1ynknvrkLOlQzNp65In0 HTTP/1.1" 200 13522
201.245.192.253 - - [02/Apr/2024:07:17:14 -0500] "POST /forms/lservlet;jsessionid=ac16012b30d662c41b008f2848f8812f805002413222.e3iSbxaKaheRe3iNc3uNbNmQay1ynknvrkLOlQzNp65In0 HTTP/1.1" 200 10
201.245.192.253 - - [02/Apr/2024:07:17:16 -0500] "POST /forms/lservlet;jsessionid=ac16012b30d662c41b008f2848f8812f805002413222.e3iSbxaKaheRe3iNc3uNbNmQay1ynknvrkLOlQzNp65In0 HTTP/1.1" 200 39
201.245.192.253 - - [02/Apr/2024:07:17:16 -0500] "POST /forms/lservlet;jsessionid=ac16012b30d662c41b008f2848f8812f805002413222.e3iSbxaKaheRe3iNc3uNbNmQay1ynknvrkLOlQzNp65In0 HTTP/1.1" 200 8
201.245.192.253 - - [02/Apr/2024:07:17:16 -0500] "POST /forms/lservlet;jsessionid=ac16012b30d662c41b008f2848f8812f805002413222.e3iSbxaKaheRe3iNc3uNbNmQay1ynknvrkLOlQzNp65In0 HTTP/1.1" 200 2
201.245.192.253 - - [02/Apr/2024:07:17:20 -0500] "POST /forms/lservlet;jsessionid=ac16012b30d662c41b008f2848f8812f805002413222.e3iSbxaKaheRe3iNc3uNbNmQay1ynknvrkLOlQzNp65In0 HTTP/1.1" 200 1735
201.245.192.253 - - [02/Apr/2024:07:17:40 -0500] "POST /forms/lservlet;jsessionid=ac16012b30d66283f9f7cd6643a8a475d9d260a43f7c.e3iSbxaKaheRe3iNc3uNbNmQay1ynknvrkLOlQzNp65In0 HTTP/1.1" 200 2
190.84.43.161 - - [02/Apr/2024:07:17:39 -0500] "POST /sipse/faces/presentacion/financiero/solicitudProceso/listarSolicitudProceso.xhtml HTTP/1.1" 200 153133
190.84.43.161 - - [02/Apr/2024:07:17:42 -0500] "GET /sipse/faces/javax.faces.resource/theme.css?ln=primefaces-sipse HTTP/1.1" 304 -
190.84.43.161 - - [02/Apr/2024:07:17:42 -0500] "GET /sipse/faces/javax.faces.resource/primefaces.css?ln=primefaces&v=4.0 HTTP/1.1" 304 -
190.84.43.161 - - [02/Apr/2024:07:17:42 -0500] "GET /sipse/faces/javax.faces.resource/layout/layout.css?ln=primefaces&v=4.0 HTTP/1.1" 304 -
190.84.43.161 - - [02/Apr/2024:07:17:42 -0500] "GET /sipse/faces/javax.faces.resource/jquery/jquery.js?ln=primefaces&v=4.0 HTTP/1.1" 304 -
190.84.43.161 - - [02/Apr/2024:07:17:42 -0500] "GET /sipse/faces/javax.faces.resource/jquery/jquery-plugins.js?ln=primefaces&v=4.0 HTTP/1.1" 304 -
190.84.43.161 - - [02/Apr/2024:07:17:43 -0500] "GET /sipse/faces/javax.faces.resource/primefaces.js?ln=primefaces&v=4.0 HTTP/1.1" 304 -
190.84.43.161 - - [02/Apr/2024:07:17:43 -0500] "GET /sipse/faces/javax.faces.resource/layout/layout.js?ln=primefaces&v=4.0 HTTP/1.1" 304 -
201.245.192.253 - - [02/Apr/2024:07:17:45 -0500] "POST /forms/lservlet;jsessionid=ac16012b30d66283f9f7cd6643a8a475d9d260a43f7c.e3iSbxaKaheRe3iNc3uNbNmQay1ynknvrkLOlQzNp65In0 HTTP/1.1" 200 952
201.245.192.253 - - [02/Apr/2024:07:17:45 -0500] "POST /forms/lservlet;jsessionid=ac16012b30d66283f9f7cd6643a8a475d9d260a43f7c.e3iSbxaKaheRe3iNc3uNbNmQay1ynknvrkLOlQzNp65In0 HTTP/1.1" 200 2
201.245.192.253 - - [02/Apr/2024:07:17:45 -0500] "POST /forms/lservlet;jsessionid=ac16012b30d66283f9f7cd6643a8a475d9d260a43f7c.e3iSbxaKaheRe3iNc3uNbNmQay1ynknvrkLOlQzNp65In0 HTTP/1.1" 200 2
201.245.192.253 - - [02/Apr/2024:07:17:45 -0500] "POST /forms/lservlet;jsessionid=ac16012b30d66283f9f7cd6643a8a475d9d260a43f7c.e3iSbxaKaheRe3iNc3uNbNmQay1ynknvrkLOlQzNp65In0 HTTP/1.1" 200 -
190.84.43.161 - - [02/Apr/2024:07:17:50 -0500] "GET /sipse/faces/javax.faces.resource/primefaces.css?ln=primefaces&v=4.0 HTTP/1.1" 304 -
190.84.43.161 - - [02/Apr/2024:07:17:50 -0500] "GET /sipse/faces/javax.faces.resource/theme.css?ln=primefaces-sipse HTTP/1.1" 304 -
190.84.43.161 - - [02/Apr/2024:07:17:50 -0500] "GET /sipse/faces/javax.faces.resource/jquery/jquery-plugins.js?ln=primefaces&v=4.0 HTTP/1.1" 304 -
190.84.43.161 - - [02/Apr/2024:07:17:50 -0500] "GET /sipse/faces/javax.faces.resource/layout/layout.css?ln=primefaces&v=4.0 HTTP/1.1" 304 -
190.84.43.161 - - [02/Apr/2024:07:17:50 -0500] "GET /sipse/faces/javax.faces.resource/primefaces.js?ln=primefaces&v=4.0 HTTP/1.1" 304 -
190.84.43.161 - - [02/Apr/2024:07:17:50 -0500] "GET /sipse/faces/javax.faces.resource/jquery/jquery.js?ln=primefaces&v=4.0 HTTP/1.1" 304 -
190.84.43.161 - - [02/Apr/2024:07:17:49 -0500] "POST /sipse/faces/presentacion/financiero/solicitudProceso/consultarSolicitudProceso.xhtml HTTP/1.1" 200 41458
190.84.43.161 - - [02/Apr/2024:07:17:50 -0500] "GET /sipse/faces/javax.faces.resource/layout/layout.js?ln=primefaces&v=4.0 HTTP/1.1" 304 -
190.84.43.161 - - [02/Apr/2024:07:17:50 -0500] "GET /sipse/css/imagen/contrasena.png HTTP/1.1" 404 383
190.84.43.161 - - [02/Apr/2024:07:17:50 -0500] "GET /sipse/faces/javax.faces.resource/images/ui-icons_898989_256x240.png?ln=primefaces-aristo HTTP/1.1" 304 -
201.245.192.253 - - [02/Apr/2024:07:18:06 -0500] "POST /forms/lservlet;jsessionid=ac16012b30d662c41b008f2848f8812f805002413222.e3iSbxaKaheRe3iNc3uNbNmQay1ynknvrkLOlQzNp65In0 HTTP/1.1" 200 108
201.245.192.253 - - [02/Apr/2024:07:18:07 -0500] "POST /forms/lservlet;jsessionid=ac16012b30d662c41b008f2848f8812f805002413222.e3iSbxaKaheRe3iNc3uNbNmQay1ynknvrkLOlQzNp65In0 HTTP/1.1" 200 689
201.245.192.253 - - [02/Apr/2024:07:18:07 -0500] "POST /forms/lservlet;jsessionid=ac16012b30d662c41b008f2848f8812f805002413222.e3iSbxaKaheRe3iNc3uNbNmQay1ynknvrkLOlQzNp65In0 HTTP/1.1" 200 10
201.245.192.253 - - [02/Apr/2024:07:18:07 -0500] "POST /forms/lservlet;jsessionid=ac16012b30d662c41b008f2848f8812f805002413222.e3iSbxaKaheRe3iNc3uNbNmQay1ynknvrkLOlQzNp65In0 HTTP/1.1" 200 13
201.245.192.253 - - [02/Apr/2024:07:18:08 -0500] "POST /forms/lservlet;jsessionid=ac16012b30d662c41b008f2848f8812f805002413222.e3iSbxaKaheRe3iNc3uNbNmQay1ynknvrkLOlQzNp65In0 HTTP/1.1" 200 554
201.245.192.253 - - [02/Apr/2024:07:18:19 -0500] "POST /forms/lservlet;jsessionid=ac16012b30d662c41b008f2848f8812f805002413222.e3iSbxaKaheRe3iNc3uNbNmQay1ynknvrkLOlQzNp65In0 HTTP/1.1" 200 2
172.22.2.4 - - [02/Apr/2024:07:16:45 -0500] "HEAD /BLA/boletinlegal/ HTTP/1.1" 200 -
190.158.100.67 - - [02/Apr/2024:07:18:35 -0500] "POST /sipse/faces/presentacion/contratacion/procesoContractual/registrarInvitacionContratista.xhtml HTTP/1.1" 302 -
190.158.100.67 - - [02/Apr/2024:07:18:35 -0500] "GET /sipse/faces/autenticacion.xhtml HTTP/1.1" 200 1099
190.158.100.67 - - [02/Apr/2024:07:18:38 -0500] "POST /sipse/faces/presentacion/contratacion/procesoContractual/registrarInvitacionContratista.xhtml HTTP/1.1" 302 -
190.158.100.67 - - [02/Apr/2024:07:18:38 -0500] "GET /sipse/faces/autenticacion.xhtml HTTP/1.1" 200 1099
190.158.100.67 - - [02/Apr/2024:07:18:39 -0500] "POST /sipse/faces/presentacion/contratacion/procesoContractual/registrarInvitacionContratista.xhtml HTTP/1.1" 302 -
190.158.100.67 - - [02/Apr/2024:07:18:39 -0500] "GET /sipse/faces/autenticacion.xhtml HTTP/1.1" 200 1099
190.158.100.67 - - [02/Apr/2024:07:18:39 -0500] "POST /sipse/faces/presentacion/contratacion/procesoContractual/registrarInvitacionContratista.xhtml HTTP/1.1" 302 -
190.158.100.67 - - [02/Apr/2024:07:18:40 -0500] "GET /sipse/faces/autenticacion.xhtml HTTP/1.1" 200 1099
190.158.100.67 - - [02/Apr/2024:07:18:40 -0500] "POST /sipse/faces/presentacion/contratacion/procesoContractual/registrarInvitacionContratista.xhtml HTTP/1.1" 302 -
190.158.100.67 - - [02/Apr/2024:07:18:40 -0500] "GET /sipse/faces/autenticacion.xhtml HTTP/1.1" 200 1099
190.158.100.67 - - [02/Apr/2024:07:18:40 -0500] "POST /sipse/faces/presentacion/contratacion/procesoContractual/registrarInvitacionContratista.xhtml HTTP/1.1" 302 -
190.158.100.67 - - [02/Apr/2024:07:18:40 -0500] "GET /sipse/faces/autenticacion.xhtml HTTP/1.1" 200 1099
190.158.100.67 - - [02/Apr/2024:07:18:40 -0500] "POST /sipse/faces/presentacion/contratacion/procesoContractual/registrarInvitacionContratista.xhtml HTTP/1.1" 302 -
190.158.100.67 - - [02/Apr/2024:07:18:40 -0500] "GET /sipse/faces/autenticacion.xhtml HTTP/1.1" 200 1099
190.158.100.67 - - [02/Apr/2024:07:18:50 -0500] "POST /sipse/faces/presentacion/contratacion/procesoContractual/registrarInvitacionContratista.xhtml HTTP/1.1" 302 -
190.158.100.67 - - [02/Apr/2024:07:18:50 -0500] "GET /sipse/faces/autenticacion.xhtml HTTP/1.1" 200 1099
190.158.100.67 - - [02/Apr/2024:07:18:51 -0500] "POST /sipse/faces/presentacion/contratacion/procesoContractual/registrarInvitacionContratista.xhtml HTTP/1.1" 302 -
190.158.100.67 - - [02/Apr/2024:07:18:51 -0500] "GET /sipse/faces/autenticacion.xhtml HTTP/1.1" 200 1099
190.158.100.67 - - [02/Apr/2024:07:18:53 -0500] "POST /sipse/faces/presentacion/contratacion/procesoContractual/registrarInvitacionContratista.xhtml HTTP/1.1" 302 -
190.158.100.67 - - [02/Apr/2024:07:18:53 -0500] "GET /sipse/faces/autenticacion.xhtml HTTP/1.1" 200 1099
190.158.100.67 - - [02/Apr/2024:07:18:53 -0500] "POST /sipse/faces/presentacion/contratacion/procesoContractual/registrarInvitacionContratista.xhtml HTTP/1.1" 302 -
190.158.100.67 - - [02/Apr/2024:07:18:53 -0500] "GET /sipse/faces/autenticacion.xhtml HTTP/1.1" 200 1099
190.158.100.67 - - [02/Apr/2024:07:18:55 -0500] "POST /sipse/faces/presentacion/contratacion/procesoContractual/registrarInvitacionContratista.xhtml HTTP/1.1" 302 -
190.158.100.67 - - [02/Apr/2024:07:18:55 -0500] "GET /sipse/faces/autenticacion.xhtml HTTP/1.1" 200 1099
190.158.100.67 - - [02/Apr/2024:07:18:55 -0500] "POST /sipse/faces/presentacion/contratacion/procesoContractual/registrarInvitacionContratista.xhtml HTTP/1.1" 302 -
190.158.100.67 - - [02/Apr/2024:07:18:55 -0500] "GET /sipse/faces/autenticacion.xhtml HTTP/1.1" 200 1099
190.158.100.67 - - [02/Apr/2024:07:18:56 -0500] "POST /sipse/faces/presentacion/contratacion/procesoContractual/registrarInvitacionContratista.xhtml HTTP/1.1" 302 -
190.158.100.67 - - [02/Apr/2024:07:18:56 -0500] "GET /sipse/faces/autenticacion.xhtml HTTP/1.1" 200 1099
190.158.100.67 - - [02/Apr/2024:07:18:56 -0500] "POST /sipse/faces/presentacion/contratacion/procesoContractual/registrarInvitacionContratista.xhtml HTTP/1.1" 302 -
190.158.100.67 - - [02/Apr/2024:07:18:56 -0500] "GET /sipse/faces/autenticacion.xhtml HTTP/1.1" 200 1099
190.158.100.67 - - [02/Apr/2024:07:18:56 -0500] "POST /sipse/faces/presentacion/contratacion/procesoContractual/registrarInvitacionContratista.xhtml HTTP/1.1" 302 -
190.158.100.67 - - [02/Apr/2024:07:18:56 -0500] "GET /sipse/faces/autenticacion.xhtml HTTP/1.1" 200 1099
190.158.100.67 - - [02/Apr/2024:07:18:59 -0500] "GET /sipse/faces/presentacion/financiero/estudioPrevio/personalSolicitado/expedirExperienciaIdoneidad.xhtml HTTP/1.1" 302 -
190.158.100.67 - - [02/Apr/2024:07:18:59 -0500] "GET /sipse/faces/autenticacion.xhtml HTTP/1.1" 200 12409
190.158.100.67 - - [02/Apr/2024:07:18:59 -0500] "GET /sipse/faces/javax.faces.resource/primefaces.css?ln=primefaces&v=4.0 HTTP/1.1" 304 -
190.158.100.67 - - [02/Apr/2024:07:18:59 -0500] "GET /sipse/faces/javax.faces.resource/theme.css?ln=primefaces-sipse HTTP/1.1" 304 -
190.158.100.67 - - [02/Apr/2024:07:18:59 -0500] "GET /sipse/faces/javax.faces.resource/layout/layout.css?ln=primefaces&v=4.0 HTTP/1.1" 304 -
190.158.100.67 - - [02/Apr/2024:07:18:59 -0500] "GET /sipse/faces/javax.faces.resource/jquery/jquery.js?ln=primefaces&v=4.0 HTTP/1.1" 304 -
190.158.100.67 - - [02/Apr/2024:07:18:59 -0500] "GET /sipse/faces/javax.faces.resource/jquery/jquery-plugins.js?ln=primefaces&v=4.0 HTTP/1.1" 304 -
190.158.100.67 - - [02/Apr/2024:07:18:59 -0500] "GET /sipse/faces/javax.faces.resource/primefaces.js?ln=primefaces&v=4.0 HTTP/1.1" 304 -
190.158.100.67 - - [02/Apr/2024:07:18:59 -0500] "GET /sipse/faces/javax.faces.resource/layout/layout.js?ln=primefaces&v=4.0 HTTP/1.1" 304 -
190.158.100.67 - - [02/Apr/2024:07:18:59 -0500] "GET /sipse/faces/javax.faces.resource/images/ui-icons_898989_256x240.png?ln=primefaces-aristo HTTP/1.1" 304 -
201.245.192.253 - - [02/Apr/2024:07:19:01 -0500] "POST /forms/lservlet;jsessionid=ac16012b30d662c41b008f2848f8812f805002413222.e3iSbxaKaheRe3iNc3uNbNmQay1ynknvrkLOlQzNp65In0 HTTP/1.1" 200 21
201.245.192.253 - - [02/Apr/2024:07:19:01 -0500] "POST /kwsrmcab/Wsrmcab HTTP/1.1" 200 39286
190.158.100.67 - - [02/Apr/2024:07:19:01 -0500] "POST /sipse/faces/autenticacion.xhtml HTTP/1.1" 200 11153
190.158.100.67 - - [02/Apr/2024:07:19:02 -0500] "GET /sipse/faces/javax.faces.resource/theme.css?ln=primefaces-sipse HTTP/1.1" 304 -
190.158.100.67 - - [02/Apr/2024:07:19:02 -0500] "GET /sipse/faces/javax.faces.resource/layout/layout.css?ln=primefaces&v=4.0 HTTP/1.1" 304 -
190.158.100.67 - - [02/Apr/2024:07:19:02 -0500] "GET /sipse/faces/javax.faces.resource/primefaces.css?ln=primefaces&v=4.0 HTTP/1.1" 304 -
190.158.100.67 - - [02/Apr/2024:07:19:02 -0500] "GET /sipse/faces/javax.faces.resource/jquery/jquery.js?ln=primefaces&v=4.0 HTTP/1.1" 304 -
190.158.100.67 - - [02/Apr/2024:07:19:02 -0500] "GET /sipse/faces/javax.faces.resource/jquery/jquery-plugins.js?ln=primefaces&v=4.0 HTTP/1.1" 304 -
190.158.100.67 - - [02/Apr/2024:07:19:02 -0500] "GET /sipse/faces/javax.faces.resource/primefaces.js?ln=primefaces&v=4.0 HTTP/1.1" 304 -
190.158.100.67 - - [02/Apr/2024:07:19:02 -0500] "GET /sipse/faces/javax.faces.resource/layout/layout.js?ln=primefaces&v=4.0 HTTP/1.1" 304 -
201.245.192.253 - - [02/Apr/2024:07:19:02 -0500] "POST /kwsrmcab/Wsrmcab HTTP/1.1" 200 37490
190.158.100.67 - - [02/Apr/2024:07:19:02 -0500] "GET /sipse/faces/javax.faces.resource/messages/messages.png?ln=primefaces&v=4.0 HTTP/1.1" 304 -
190.158.100.67 - - [02/Apr/2024:07:19:04 -0500] "POST /sipse/faces/presentacion/sistema/seguridad/seleccionRol.xhtml HTTP/1.1" 200 5863
190.158.100.67 - - [02/Apr/2024:07:19:05 -0500] "GET /sipse/faces/javax.faces.resource/images/ui-bg_flat_0_2d5972_40x100.png?ln=primefaces-aristo HTTP/1.1" 304 -
190.158.100.67 - - [02/Apr/2024:07:19:06 -0500] "POST /sipse/faces/presentacion/sistema/seguridad/seleccionRol.xhtml HTTP/1.1" 200 16343
190.158.100.67 - - [02/Apr/2024:07:19:06 -0500] "GET /sipse/faces/javax.faces.resource/theme.css?ln=primefaces-sipse HTTP/1.1" 304 -
190.158.100.67 - - [02/Apr/2024:07:19:06 -0500] "GET /sipse/faces/javax.faces.resource/primefaces.css?ln=primefaces&v=4.0 HTTP/1.1" 304 -
190.158.100.67 - - [02/Apr/2024:07:19:06 -0500] "GET /sipse/faces/javax.faces.resource/layout/layout.css?ln=primefaces&v=4.0 HTTP/1.1" 304 -
190.158.100.67 - - [02/Apr/2024:07:19:06 -0500] "GET /sipse/faces/javax.faces.resource/jquery/jquery.js?ln=primefaces&v=4.0 HTTP/1.1" 304 -
190.158.100.67 - - [02/Apr/2024:07:19:06 -0500] "GET /sipse/faces/javax.faces.resource/jquery/jquery-plugins.js?ln=primefaces&v=4.0 HTTP/1.1" 304 -
190.158.100.67 - - [02/Apr/2024:07:19:06 -0500] "GET /sipse/faces/javax.faces.resource/primefaces.js?ln=primefaces&v=4.0 HTTP/1.1" 304 -
190.158.100.67 - - [02/Apr/2024:07:19:06 -0500] "GET /sipse/faces/javax.faces.resource/layout/layout.js?ln=primefaces&v=4.0 HTTP/1.1" 304 -
190.158.100.67 - - [02/Apr/2024:07:19:06 -0500] "GET /sipse/css/imagen/contrasena.png HTTP/1.1" 404 383
190.158.100.67 - - [02/Apr/2024:07:19:08 -0500] "POST /sipse/faces/bienvenido.xhtml HTTP/1.1" 200 2658
190.158.100.67 - - [02/Apr/2024:07:19:09 -0500] "POST /sipse/faces/bienvenido.xhtml HTTP/1.1" 200 64864
190.158.100.67 - - [02/Apr/2024:07:19:09 -0500] "GET /sipse/faces/javax.faces.resource/theme.css?ln=primefaces-sipse HTTP/1.1" 304 -
190.158.100.67 - - [02/Apr/2024:07:19:09 -0500] "GET /sipse/faces/javax.faces.resource/primefaces.css?ln=primefaces&v=4.0 HTTP/1.1" 304 -
190.158.100.67 - - [02/Apr/2024:07:19:09 -0500] "GET /sipse/faces/javax.faces.resource/layout/layout.css?ln=primefaces&v=4.0 HTTP/1.1" 304 -
190.158.100.67 - - [02/Apr/2024:07:19:09 -0500] "GET /sipse/faces/javax.faces.resource/jquery/jquery.js?ln=primefaces&v=4.0 HTTP/1.1" 304 -
190.158.100.67 - - [02/Apr/2024:07:19:10 -0500] "GET /sipse/faces/javax.faces.resource/jquery/jquery-plugins.js?ln=primefaces&v=4.0 HTTP/1.1" 304 -
190.158.100.67 - - [02/Apr/2024:07:19:10 -0500] "GET /sipse/faces/javax.faces.resource/primefaces.js?ln=primefaces&v=4.0 HTTP/1.1" 304 -
190.158.100.67 - - [02/Apr/2024:07:19:10 -0500] "GET /sipse/faces/javax.faces.resource/layout/layout.js?ln=primefaces&v=4.0 HTTP/1.1" 304 -
190.158.100.67 - - [02/Apr/2024:07:19:10 -0500] "POST /sipse/faces/presentacion/financiero/solicitudProceso/listarSolicitudProceso.xhtml HTTP/1.1" 200 1560
201.245.192.253 - - [02/Apr/2024:07:19:11 -0500] "POST /forms/lservlet;jsessionid=ac16012b30d662c41b008f2848f8812f805002413222.e3iSbxaKaheRe3iNc3uNbNmQay1ynknvrkLOlQzNp65In0 HTTP/1.1" 200 735
190.158.100.67 - - [02/Apr/2024:07:19:12 -0500] "POST /sipse/faces/presentacion/financiero/solicitudProceso/listarSolicitudProceso.xhtml HTTP/1.1" 200 2832
190.158.100.67 - - [02/Apr/2024:07:19:13 -0500] "POST /sipse/faces/presentacion/financiero/solicitudProceso/listarSolicitudProceso.xhtml HTTP/1.1" 200 28173
201.245.192.253 - - [02/Apr/2024:07:19:13 -0500] "POST /forms/lservlet;jsessionid=ac16012b30d662c41b008f2848f8812f805002413222.e3iSbxaKaheRe3iNc3uNbNmQay1ynknvrkLOlQzNp65In0 HTTP/1.1" 200 108
190.158.100.67 - - [02/Apr/2024:07:19:13 -0500] "GET /sipse/faces/javax.faces.resource/theme.css?ln=primefaces-sipse HTTP/1.1" 304 -
190.158.100.67 - - [02/Apr/2024:07:19:13 -0500] "GET /sipse/faces/javax.faces.resource/primefaces.css?ln=primefaces&v=4.0 HTTP/1.1" 304 -
190.158.100.67 - - [02/Apr/2024:07:19:13 -0500] "GET /sipse/faces/javax.faces.resource/layout/layout.css?ln=primefaces&v=4.0 HTTP/1.1" 304 -
190.158.100.67 - - [02/Apr/2024:07:19:13 -0500] "GET /sipse/faces/javax.faces.resource/jquery/jquery.js?ln=primefaces&v=4.0 HTTP/1.1" 304 -
190.158.100.67 - - [02/Apr/2024:07:19:13 -0500] "GET /sipse/faces/javax.faces.resource/jquery/jquery-plugins.js?ln=primefaces&v=4.0 HTTP/1.1" 304 -
190.158.100.67 - - [02/Apr/2024:07:19:13 -0500] "GET /sipse/faces/javax.faces.resource/primefaces.js?ln=primefaces&v=4.0 HTTP/1.1" 304 -
190.158.100.67 - - [02/Apr/2024:07:19:13 -0500] "GET /sipse/faces/javax.faces.resource/layout/layout.js?ln=primefaces&v=4.0 HTTP/1.1" 304 -
190.158.100.67 - - [02/Apr/2024:07:19:13 -0500] "POST /sipse/faces/presentacion/contratacion/contratista/listarContratista.xhtml HTTP/1.1" 200 21572
201.245.192.253 - - [02/Apr/2024:07:19:13 -0500] "POST /forms/lservlet;jsessionid=ac16012b30d662c41b008f2848f8812f805002413222.e3iSbxaKaheRe3iNc3uNbNmQay1ynknvrkLOlQzNp65In0 HTTP/1.1" 200 940
201.245.192.253 - - [02/Apr/2024:07:19:13 -0500] "POST /forms/lservlet;jsessionid=ac16012b30d662c41b008f2848f8812f805002413222.e3iSbxaKaheRe3iNc3uNbNmQay1ynknvrkLOlQzNp65In0 HTTP/1.1" 200 10
216.245.221.92 - - [02/Apr/2024:07:19:14 -0500] "HEAD / HTTP/1.1" 200 -
201.245.192.253 - - [02/Apr/2024:07:19:15 -0500] "POST /forms/lservlet;jsessionid=ac16012b30d662c41b008f2848f8812f805002413222.e3iSbxaKaheRe3iNc3uNbNmQay1ynknvrkLOlQzNp65In0 HTTP/1.1" 200 19
190.158.100.67 - - [02/Apr/2024:07:19:15 -0500] "POST /sipse/faces/presentacion/contratacion/contratista/listarContratista.xhtml HTTP/1.1" 200 7818
201.245.192.253 - - [02/Apr/2024:07:19:15 -0500] "POST /forms/lservlet;jsessionid=ac16012b30d662c41b008f2848f8812f805002413222.e3iSbxaKaheRe3iNc3uNbNmQay1ynknvrkLOlQzNp65In0 HTTP/1.1" 200 8
201.245.192.253 - - [02/Apr/2024:07:19:15 -0500] "POST /forms/lservlet;jsessionid=ac16012b30d662c41b008f2848f8812f805002413222.e3iSbxaKaheRe3iNc3uNbNmQay1ynknvrkLOlQzNp65In0 HTTP/1.1" 200 2
172.22.2.4 - - [02/Apr/2024:07:17:36 -0500] "GET /BLA/boletinlegal/ HTTP/1.1" 200 58720
190.158.100.67 - - [02/Apr/2024:07:19:18 -0500] "POST /sipse/faces/presentacion/contratacion/contratista/listarContratista.xhtml HTTP/1.1" 200 7040
201.245.192.253 - - [02/Apr/2024:07:19:19 -0500] "POST /forms/lservlet;jsessionid=ac16012b30d662c41b008f2848f8812f805002413222.e3iSbxaKaheRe3iNc3uNbNmQay1ynknvrkLOlQzNp65In0 HTTP/1.1" 200 467
201.245.192.253 - - [02/Apr/2024:07:19:21 -0500] "POST /forms/lservlet;jsessionid=ac16012b30d662c41b008f2848f8812f805002413222.e3iSbxaKaheRe3iNc3uNbNmQay1ynknvrkLOlQzNp65In0 HTTP/1.1" 200 27
201.245.192.253 - - [02/Apr/2024:07:19:21 -0500] "POST /forms/lservlet;jsessionid=ac16012b30d662c41b008f2848f8812f805002413222.e3iSbxaKaheRe3iNc3uNbNmQay1ynknvrkLOlQzNp65In0 HTTP/1.1" 200 8
201.245.192.253 - - [02/Apr/2024:07:19:21 -0500] "POST /forms/lservlet;jsessionid=ac16012b30d662c41b008f2848f8812f805002413222.e3iSbxaKaheRe3iNc3uNbNmQay1ynknvrkLOlQzNp65In0 HTTP/1.1" 200 2
190.158.100.67 - - [02/Apr/2024:07:19:19 -0500] "POST /sipse/faces/presentacion/contratacion/contratista/listarContratista.xhtml HTTP/1.1" 200 66809
190.158.100.67 - - [02/Apr/2024:07:19:21 -0500] "GET /sipse/faces/javax.faces.resource/theme.css?ln=primefaces-sipse HTTP/1.1" 304 -
190.158.100.67 - - [02/Apr/2024:07:19:21 -0500] "GET /sipse/faces/javax.faces.resource/primefaces.css?ln=primefaces&v=4.0 HTTP/1.1" 304 -
190.158.100.67 - - [02/Apr/2024:07:19:21 -0500] "GET /sipse/faces/javax.faces.resource/layout/layout.css?ln=primefaces&v=4.0 HTTP/1.1" 304 -
190.158.100.67 - - [02/Apr/2024:07:19:21 -0500] "GET /sipse/faces/javax.faces.resource/jquery/jquery.js?ln=primefaces&v=4.0 HTTP/1.1" 304 -
190.158.100.67 - - [02/Apr/2024:07:19:21 -0500] "GET /sipse/faces/javax.faces.resource/jquery/jquery-plugins.js?ln=primefaces&v=4.0 HTTP/1.1" 304 -
190.158.100.67 - - [02/Apr/2024:07:19:21 -0500] "GET /sipse/faces/javax.faces.resource/primefaces.js?ln=primefaces&v=4.0 HTTP/1.1" 304 -
190.158.100.67 - - [02/Apr/2024:07:19:21 -0500] "GET /sipse/faces/javax.faces.resource/layout/layout.js?ln=primefaces&v=4.0 HTTP/1.1" 304 -
190.158.100.67 - - [02/Apr/2024:07:19:21 -0500] "GET /sipse/faces/javax.faces.resource/spacer/dot_clear.gif?ln=primefaces&v=4.0 HTTP/1.1" 200 42
190.84.43.161 - - [02/Apr/2024:07:19:21 -0500] "GET /sipse/faces/javax.faces.resource/theme.css?ln=primefaces-sipse HTTP/1.1" 304 -
190.84.43.161 - - [02/Apr/2024:07:19:21 -0500] "GET /sipse/faces/javax.faces.resource/primefaces.css?ln=primefaces&v=4.0 HTTP/1.1" 304 -
190.84.43.161 - - [02/Apr/2024:07:19:21 -0500] "GET /sipse/faces/javax.faces.resource/layout/layout.css?ln=primefaces&v=4.0 HTTP/1.1" 304 -
190.84.43.161 - - [02/Apr/2024:07:19:21 -0500] "GET /sipse/faces/javax.faces.resource/jquery/jquery.js?ln=primefaces&v=4.0 HTTP/1.1" 304 -
190.84.43.161 - - [02/Apr/2024:07:19:21 -0500] "GET /sipse/faces/javax.faces.resource/layout/layout.js?ln=primefaces&v=4.0 HTTP/1.1" 304 -
190.84.43.161 - - [02/Apr/2024:07:19:21 -0500] "GET /sipse/faces/javax.faces.resource/jquery/jquery-plugins.js?ln=primefaces&v=4.0 HTTP/1.1" 304 -
190.84.43.161 - - [02/Apr/2024:07:19:21 -0500] "GET /sipse/faces/javax.faces.resource/primefaces.js?ln=primefaces&v=4.0 HTTP/1.1" 304 -
190.84.43.161 - - [02/Apr/2024:07:19:22 -0500] "GET /sipse/css/imagen/contrasena.png HTTP/1.1" 404 383
190.84.43.161 - - [02/Apr/2024:07:19:22 -0500] "GET /sipse/faces/javax.faces.resource/images/ui-icons_898989_256x240.png?ln=primefaces-aristo HTTP/1.1" 304 -
190.84.43.161 - - [02/Apr/2024:07:19:20 -0500] "POST /sipse/faces/presentacion/financiero/solicitudProceso/consultarHistorialSolProceso.xhtml HTTP/1.1" 200 200031
201.245.192.253 - - [02/Apr/2024:07:19:23 -0500] "POST /forms/lservlet;jsessionid=ac16012b30d662c41b008f2848f8812f805002413222.e3iSbxaKaheRe3iNc3uNbNmQay1ynknvrkLOlQzNp65In0 HTTP/1.1" 200 17
201.245.192.253 - - [02/Apr/2024:07:19:24 -0500] "POST /forms/lservlet;jsessionid=ac16012b30d662c41b008f2848f8812f805002413222.e3iSbxaKaheRe3iNc3uNbNmQay1ynknvrkLOlQzNp65In0 HTTP/1.1" 200 467
201.245.192.253 - - [02/Apr/2024:07:19:26 -0500] "POST /forms/lservlet;jsessionid=ac16012b30d662c41b008f2848f8812f805002413222.e3iSbxaKaheRe3iNc3uNbNmQay1ynknvrkLOlQzNp65In0 HTTP/1.1" 200 32
201.245.192.253 - - [02/Apr/2024:07:19:32 -0500] "POST /forms/lservlet;jsessionid=ac16012b30d662c41b008f2848f8812f805002413222.e3iSbxaKaheRe3iNc3uNbNmQay1ynknvrkLOlQzNp65In0 HTTP/1.1" 200 462
201.245.192.253 - - [02/Apr/2024:07:19:33 -0500] "POST /forms/lservlet;jsessionid=ac16012b30d662c41b008f2848f8812f805002413222.e3iSbxaKaheRe3iNc3uNbNmQay1ynknvrkLOlQzNp65In0 HTTP/1.1" 200 32
190.84.43.161 - - [02/Apr/2024:07:19:31 -0500] "POST /sipse/faces/presentacion/financiero/solicitudProceso/consultarSolicitudProceso.xhtml HTTP/1.1" 200 181105
40.77.167.235 - - [02/Apr/2024:07:19:34 -0500] "GET /BLA/resoluciones/AUTOS%202020/1238.pdf HTTP/1.1" 304 -
201.245.192.253 - - [02/Apr/2024:07:19:35 -0500] "POST /forms/lservlet;jsessionid=ac16012b30d662c41b008f2848f8812f805002413222.e3iSbxaKaheRe3iNc3uNbNmQay1ynknvrkLOlQzNp65In0 HTTP/1.1" 200 1515
172.22.2.4 - - [02/Apr/2024:07:19:10 -0500] "GET /BLA/boletinlegal/ HTTP/1.1" 200 20427
201.245.192.253 - - [02/Apr/2024:07:19:46 -0500] "POST /kwsrmcab/Wsrmcab HTTP/1.1" 200 39134
52.167.144.22 - - [02/Apr/2024:07:19:48 -0500] "GET /portaldeninos/humedal-tibanica-2/ HTTP/1.1" 200 87771
66.249.66.19 - - [02/Apr/2024:07:20:03 -0500] "GET /Publicaciones/2024EE04606.pdf HTTP/1.1" 404 227
201.245.192.253 - - [02/Apr/2024:07:20:06 -0500] "POST /forms/lservlet;jsessionid=ac16012b30d662c41b008f2848f8812f805002413222.e3iSbxaKaheRe3iNc3uNbNmQay1ynknvrkLOlQzNp65In0 HTTP/1.1" 200 132
201.245.192.253 - - [02/Apr/2024:07:20:06 -0500] "POST /forms/lservlet;jsessionid=ac16012b30d662c41b008f2848f8812f805002413222.e3iSbxaKaheRe3iNc3uNbNmQay1ynknvrkLOlQzNp65In0 HTTP/1.1" 200 7
201.245.192.253 - - [02/Apr/2024:07:20:06 -0500] "POST /forms/lservlet;jsessionid=ac16012b30d662c41b008f2848f8812f805002413222.e3iSbxaKaheRe3iNc3uNbNmQay1ynknvrkLOlQzNp65In0 HTTP/1.1" 200 673
201.245.192.253 - - [02/Apr/2024:07:20:07 -0500] "POST /forms/lservlet;jsessionid=ac16012b30d662c41b008f2848f8812f805002413222.e3iSbxaKaheRe3iNc3uNbNmQay1ynknvrkLOlQzNp65In0 HTTP/1.1" 200 13
201.245.192.253 - - [02/Apr/2024:07:20:08 -0500] "POST /forms/lservlet;jsessionid=ac16012b30d662c41b008f2848f8812f805002413222.e3iSbxaKaheRe3iNc3uNbNmQay1ynknvrkLOlQzNp65In0 HTTP/1.1" 200 724
201.245.192.253 - - [02/Apr/2024:07:20:10 -0500] "POST /forms/lservlet;jsessionid=ac16012b30d662c41b008f2848f8812f805002413222.e3iSbxaKaheRe3iNc3uNbNmQay1ynknvrkLOlQzNp65In0 HTTP/1.1" 200 108
201.245.192.253 - - [02/Apr/2024:07:20:10 -0500] "POST /forms/lservlet;jsessionid=ac16012b30d662c41b008f2848f8812f805002413222.e3iSbxaKaheRe3iNc3uNbNmQay1ynknvrkLOlQzNp65In0 HTTP/1.1" 200 944
201.245.192.253 - - [02/Apr/2024:07:20:10 -0500] "POST /forms/lservlet;jsessionid=ac16012b30d662c41b008f2848f8812f805002413222.e3iSbxaKaheRe3iNc3uNbNmQay1ynknvrkLOlQzNp65In0 HTTP/1.1" 200 10
201.245.192.253 - - [02/Apr/2024:07:20:10 -0500] "POST /forms/lservlet;jsessionid=ac16012b30d662c41b008f2848f8812f805002413222.e3iSbxaKaheRe3iNc3uNbNmQay1ynknvrkLOlQzNp65In0 HTTP/1.1" 200 24
201.245.192.253 - - [02/Apr/2024:07:20:15 -0500] "POST /forms/lservlet;jsessionid=ac16012b30d662c41b008f2848f8812f805002413222.e3iSbxaKaheRe3iNc3uNbNmQay1ynknvrkLOlQzNp65In0 HTTP/1.1" 200 1451
201.245.192.253 - - [02/Apr/2024:07:20:17 -0500] "POST /kwsrmcab/Wsrmcab  HTTP/1.1" 200 213
201.245.192.253 - - [02/Apr/2024:07:20:18 -0500] "POST /forms/lservlet;jsessionid=ac16012b30d662c41b008f2848f8812f805002413222.e3iSbxaKaheRe3iNc3uNbNmQay1ynknvrkLOlQzNp65In0 HTTP/1.1" 200 13
201.245.192.253 - - [02/Apr/2024:07:20:19 -0500] "POST /forms/lservlet;jsessionid=ac16012b30d662c41b008f2848f8812f805002413222.e3iSbxaKaheRe3iNc3uNbNmQay1ynknvrkLOlQzNp65In0 HTTP/1.1" 200 940
201.245.192.253 - - [02/Apr/2024:07:20:19 -0500] "POST /forms/lservlet;jsessionid=ac16012b30d662c41b008f2848f8812f805002413222.e3iSbxaKaheRe3iNc3uNbNmQay1ynknvrkLOlQzNp65In0 HTTP/1.1" 200 10
201.245.192.253 - - [02/Apr/2024:07:20:20 -0500] "POST /forms/lservlet;jsessionid=ac16012b30d662c41b008f2848f8812f805002413222.e3iSbxaKaheRe3iNc3uNbNmQay1ynknvrkLOlQzNp65In0 HTTP/1.1" 200 19
201.245.192.253 - - [02/Apr/2024:07:20:20 -0500] "POST /forms/lservlet;jsessionid=ac16012b30d662c41b008f2848f8812f805002413222.e3iSbxaKaheRe3iNc3uNbNmQay1ynknvrkLOlQzNp65In0 HTTP/1.1" 200 8
201.245.192.253 - - [02/Apr/2024:07:20:20 -0500] "POST /forms/lservlet;jsessionid=ac16012b30d662c41b008f2848f8812f805002413222.e3iSbxaKaheRe3iNc3uNbNmQay1ynknvrkLOlQzNp65In0 HTTP/1.1" 200 2
201.245.192.253 - - [02/Apr/2024:07:20:21 -0500] "POST /forms/lservlet;jsessionid=ac16012b30d662c41b008f2848f8812f805002413222.e3iSbxaKaheRe3iNc3uNbNmQay1ynknvrkLOlQzNp65In0 HTTP/1.1" 200 1205
66.249.66.19 - - [02/Apr/2024:07:20:24 -0500] "GET /BLA/resoluciones/Notificaciones/AUTOS%202023/6087.pdf HTTP/1.1" 304 -
201.245.192.253 - - [02/Apr/2024:07:20:38 -0500] "POST /kwsrmcab/Wsrmcab HTTP/1.1" 200 37490
190.84.43.161 - - [02/Apr/2024:07:20:41 -0500] "GET /sipse/faces/javax.faces.resource/theme.css?ln=primefaces-sipse HTTP/1.1" 304 -
190.84.43.161 - - [02/Apr/2024:07:20:41 -0500] "GET /sipse/faces/javax.faces.resource/primefaces.css?ln=primefaces&v=4.0 HTTP/1.1" 304 -
190.84.43.161 - - [02/Apr/2024:07:20:41 -0500] "GET /sipse/faces/javax.faces.resource/jquery/jquery.js?ln=primefaces&v=4.0 HTTP/1.1" 304 -
190.84.43.161 - - [02/Apr/2024:07:20:41 -0500] "GET /sipse/faces/javax.faces.resource/primefaces.js?ln=primefaces&v=4.0 HTTP/1.1" 304 -
190.84.43.161 - - [02/Apr/2024:07:20:41 -0500] "GET /sipse/faces/javax.faces.resource/jquery/jquery-plugins.js?ln=primefaces&v=4.0 HTTP/1.1" 304 -
190.84.43.161 - - [02/Apr/2024:07:20:41 -0500] "GET /sipse/faces/javax.faces.resource/layout/layout.css?ln=primefaces&v=4.0 HTTP/1.1" 304 -
190.84.43.161 - - [02/Apr/2024:07:20:41 -0500] "GET /sipse/faces/javax.faces.resource/layout/layout.js?ln=primefaces&v=4.0 HTTP/1.1" 304 -
190.84.43.161 - - [02/Apr/2024:07:20:40 -0500] "POST /sipse/faces/presentacion/financiero/solicitudProceso/consultarSolicitudProceso.xhtml HTTP/1.1" 200 41458
190.84.43.161 - - [02/Apr/2024:07:20:41 -0500] "GET /sipse/css/imagen/contrasena.png HTTP/1.1" 404 383
190.84.43.161 - - [02/Apr/2024:07:20:41 -0500] "GET /sipse/faces/javax.faces.resource/images/ui-icons_898989_256x240.png?ln=primefaces-aristo HTTP/1.1" 304 -
201.245.192.253 - - [02/Apr/2024:07:20:46 -0500] "POST /forms/lservlet;jsessionid=ac16012b30d662c41b008f2848f8812f805002413222.e3iSbxaKaheRe3iNc3uNbNmQay1ynknvrkLOlQzNp65In0 HTTP/1.1" 200 21534
201.245.192.253 - - [02/Apr/2024:07:20:47 -0500] "POST /forms/lservlet;jsessionid=ac16012b30d662c41b008f2848f8812f805002413222.e3iSbxaKaheRe3iNc3uNbNmQay1ynknvrkLOlQzNp65In0 HTTP/1.1" 200 10
201.245.192.253 - - [02/Apr/2024:07:20:48 -0500] "POST /forms/lservlet;jsessionid=ac16012b30d662c41b008f2848f8812f805002413222.e3iSbxaKaheRe3iNc3uNbNmQay1ynknvrkLOlQzNp65In0 HTTP/1.1" 200 24
201.245.192.253 - - [02/Apr/2024:07:20:49 -0500] "POST /forms/lservlet;jsessionid=ac16012b30d662c41b008f2848f8812f805002413222.e3iSbxaKaheRe3iNc3uNbNmQay1ynknvrkLOlQzNp65In0 HTTP/1.1" 200 250
201.245.192.253 - - [02/Apr/2024:07:20:50 -0500] "POST /forms/lservlet;jsessionid=ac16012b30d662c41b008f2848f8812f805002413222.e3iSbxaKaheRe3iNc3uNbNmQay1ynknvrkLOlQzNp65In0 HTTP/1.1" 200 32
201.245.192.253 - - [02/Apr/2024:07:20:51 -0500] "POST /forms/lservlet;jsessionid=ac16012b30d662c41b008f2848f8812f805002413222.e3iSbxaKaheRe3iNc3uNbNmQay1ynknvrkLOlQzNp65In0 HTTP/1.1" 200 2565
47.128.22.90 - - [02/Apr/2024:07:20:56 -0500] "GET /BLA/resoluciones/AUTOS%202021/0245.php?act=search&d=C%3A%5Ccumbreclima%5C HTTP/1.1" 200 2818
190.84.43.161 - - [02/Apr/2024:07:21:26 -0500] "GET /sipse/faces/javax.faces.resource/theme.css?ln=primefaces-sipse HTTP/1.1" 304 -
190.84.43.161 - - [02/Apr/2024:07:21:26 -0500] "GET /sipse/faces/javax.faces.resource/primefaces.css?ln=primefaces&v=4.0 HTTP/1.1" 304 -
190.84.43.161 - - [02/Apr/2024:07:21:26 -0500] "GET /sipse/faces/javax.faces.resource/layout/layout.css?ln=primefaces&v=4.0 HTTP/1.1" 304 -
190.84.43.161 - - [02/Apr/2024:07:21:26 -0500] "GET /sipse/faces/javax.faces.resource/jquery/jquery-plugins.js?ln=primefaces&v=4.0 HTTP/1.1" 304 -
190.84.43.161 - - [02/Apr/2024:07:21:26 -0500] "GET /sipse/faces/javax.faces.resource/primefaces.js?ln=primefaces&v=4.0 HTTP/1.1" 304 -
190.84.43.161 - - [02/Apr/2024:07:21:26 -0500] "GET /sipse/faces/javax.faces.resource/jquery/jquery.js?ln=primefaces&v=4.0 HTTP/1.1" 304 -
190.84.43.161 - - [02/Apr/2024:07:21:26 -0500] "GET /sipse/faces/javax.faces.resource/layout/layout.js?ln=primefaces&v=4.0 HTTP/1.1" 304 -
190.84.43.161 - - [02/Apr/2024:07:21:26 -0500] "GET /sipse/css/imagen/contrasena.png HTTP/1.1" 404 383
190.84.43.161 - - [02/Apr/2024:07:21:26 -0500] "GET /sipse/faces/javax.faces.resource/images/ui-icons_898989_256x240.png?ln=primefaces-aristo HTTP/1.1" 304 -
190.84.43.161 - - [02/Apr/2024:07:21:25 -0500] "POST /sipse/faces/presentacion/financiero/solicitudProceso/consultarHistorialSolProceso.xhtml HTTP/1.1" 200 200031
201.245.192.253 - - [02/Apr/2024:07:21:48 -0500] "POST /forms/lservlet;jsessionid=ac16012b30d662c41b008f2848f8812f805002413222.e3iSbxaKaheRe3iNc3uNbNmQay1ynknvrkLOlQzNp65In0 HTTP/1.1" 200 132
201.245.192.253 - - [02/Apr/2024:07:21:48 -0500] "POST /forms/lservlet;jsessionid=ac16012b30d662c41b008f2848f8812f805002413222.e3iSbxaKaheRe3iNc3uNbNmQay1ynknvrkLOlQzNp65In0 HTTP/1.1" 200 7
201.245.192.253 - - [02/Apr/2024:07:21:49 -0500] "POST /forms/lservlet;jsessionid=ac16012b30d662c41b008f2848f8812f805002413222.e3iSbxaKaheRe3iNc3uNbNmQay1ynknvrkLOlQzNp65In0 HTTP/1.1" 200 691
201.245.192.253 - - [02/Apr/2024:07:21:49 -0500] "POST /forms/lservlet;jsessionid=ac16012b30d662c41b008f2848f8812f805002413222.e3iSbxaKaheRe3iNc3uNbNmQay1ynknvrkLOlQzNp65In0 HTTP/1.1" 200 13
201.245.192.253 - - [02/Apr/2024:07:21:50 -0500] "POST /forms/lservlet;jsessionid=ac16012b30d662c41b008f2848f8812f805002413222.e3iSbxaKaheRe3iNc3uNbNmQay1ynknvrkLOlQzNp65In0 HTTP/1.1" 200 730
52.167.144.185 - - [02/Apr/2024:07:21:52 -0500] "GET /BLA/resoluciones/RESOLUCIONES%202021/2960.pdf HTTP/1.1" 200 488735
201.245.192.253 - - [02/Apr/2024:07:21:52 -0500] "POST /forms/lservlet;jsessionid=ac16012b30d662c41b008f2848f8812f805002413222.e3iSbxaKaheRe3iNc3uNbNmQay1ynknvrkLOlQzNp65In0 HTTP/1.1" 200 114
201.245.192.253 - - [02/Apr/2024:07:21:53 -0500] "POST /forms/lservlet;jsessionid=ac16012b30d662c41b008f2848f8812f805002413222.e3iSbxaKaheRe3iNc3uNbNmQay1ynknvrkLOlQzNp65In0 HTTP/1.1" 200 1813
201.245.192.253 - - [02/Apr/2024:07:21:53 -0500] "POST /forms/lservlet;jsessionid=ac16012b30d662c41b008f2848f8812f805002413222.e3iSbxaKaheRe3iNc3uNbNmQay1ynknvrkLOlQzNp65In0 HTTP/1.1" 200 10
201.245.192.253 - - [02/Apr/2024:07:21:53 -0500] "POST /forms/lservlet;jsessionid=ac16012b30d662c41b008f2848f8812f805002413222.e3iSbxaKaheRe3iNc3uNbNmQay1ynknvrkLOlQzNp65In0 HTTP/1.1" 200 24
201.245.192.253 - - [02/Apr/2024:07:21:54 -0500] "POST /forms/lservlet;jsessionid=ac16012b30d662c41b008f2848f8812f805002413222.e3iSbxaKaheRe3iNc3uNbNmQay1ynknvrkLOlQzNp65In0 HTTP/1.1" 200 188
201.245.192.253 - - [02/Apr/2024:07:21:55 -0500] "POST /forms/lservlet;jsessionid=ac16012b30d662c41b008f2848f8812f805002413222.e3iSbxaKaheRe3iNc3uNbNmQay1ynknvrkLOlQzNp65In0 HTTP/1.1" 200 32
201.245.192.253 - - [02/Apr/2024:07:21:56 -0500] "POST /forms/lservlet;jsessionid=ac16012b30d662c41b008f2848f8812f805002413222.e3iSbxaKaheRe3iNc3uNbNmQay1ynknvrkLOlQzNp65In0 HTTP/1.1" 200 2008
201.245.192.253 - - [02/Apr/2024:07:21:57 -0500] "POST /forms/lservlet;jsessionid=ac16012b30d662c41b008f2848f8812f805002413222.e3iSbxaKaheRe3iNc3uNbNmQay1ynknvrkLOlQzNp65In0 HTTP/1.1" 200 117
201.245.192.253 - - [02/Apr/2024:07:21:57 -0500] "POST /forms/lservlet;jsessionid=ac16012b30d662c41b008f2848f8812f805002413222.e3iSbxaKaheRe3iNc3uNbNmQay1ynknvrkLOlQzNp65In0 HTTP/1.1" 200 2
201.245.192.253 - - [02/Apr/2024:07:21:58 -0500] "POST /forms/lservlet;jsessionid=ac16012b30d662c41b008f2848f8812f805002413222.e3iSbxaKaheRe3iNc3uNbNmQay1ynknvrkLOlQzNp65In0 HTTP/1.1" 200 940
201.245.192.253 - - [02/Apr/2024:07:21:58 -0500] "POST /forms/lservlet;jsessionid=ac16012b30d662c41b008f2848f8812f805002413222.e3iSbxaKaheRe3iNc3uNbNmQay1ynknvrkLOlQzNp65In0 HTTP/1.1" 200 19
201.245.192.253 - - [02/Apr/2024:07:21:58 -0500] "POST /forms/lservlet;jsessionid=ac16012b30d662c41b008f2848f8812f805002413222.e3iSbxaKaheRe3iNc3uNbNmQay1ynknvrkLOlQzNp65In0 HTTP/1.1" 200 8
201.245.192.253 - - [02/Apr/2024:07:21:58 -0500] "POST /forms/lservlet;jsessionid=ac16012b30d662c41b008f2848f8812f805002413222.e3iSbxaKaheRe3iNc3uNbNmQay1ynknvrkLOlQzNp65In0 HTTP/1.1" 200 2
201.245.192.253 - - [02/Apr/2024:07:22:02 -0500] "POST /forms/lservlet;jsessionid=ac16012b30d662c41b008f2848f8812f805002413222.e3iSbxaKaheRe3iNc3uNbNmQay1ynknvrkLOlQzNp65In0 HTTP/1.1" 200 1354
190.158.100.67 - - [02/Apr/2024:07:22:03 -0500] "POST /sipse/faces/presentacion/contratacion/contratista/consultarContratista.xhtml HTTP/1.1" 200 8140
190.158.100.67 - - [02/Apr/2024:07:22:09 -0500] "POST /sipse/faces/presentacion/contratacion/contratista/consultarContratista.xhtml HTTP/1.1" 200 9743
201.245.192.253 - - [02/Apr/2024:07:22:19 -0500] "POST /forms/lservlet;jsessionid=ac16012b30d662c41b008f2848f8812f805002413222.e3iSbxaKaheRe3iNc3uNbNmQay1ynknvrkLOlQzNp65In0 HTTP/1.1" 200 2
190.84.43.161 - - [02/Apr/2024:07:22:20 -0500] "POST /sipse/faces/presentacion/financiero/solicitudProceso/consultarSolicitudProceso.xhtml HTTP/1.1" 200 1586774
186.102.89.54 - - [02/Apr/2024:07:22:53 -0500] "GET /kwssiamovil/sm/acme/s?s=U2FsdGVkX1+jDg+iUfEcSnSUNtBGqdH15ziqY+Xa8gkwX+pcozhfquHTPrEfWzTrLrEShXEQDcqyz5+ivr/tuUk/9IezkJudyCIa+Hx8gAjDmlmynZ/heRa9wk1LsQpK8eecqjnegDdMMYATkjFirx6kwJnePLwzjaYe2jqMUUikUqBEai2iijxQH8VGJ3YOuFye7Fel1XF9JxUe81nMYQstNBsvyKiPoDYv16Myp2Xu/zw8+KgP3n0DsMomnQa/G1Y6Zi5aRKzNYAcF4P+jzjhmH8lZMeRNPfA40wmVsDGmTNtwqDHbXcL7GzPHuCN2xI+gT7+c8D/8laZtRAchMHFfI6ApSDi4Adm3T3C5rSFlWHMgQutP17/UiCvTkawf&u=U2FsdGVkX199PnKPqj6Pd/r5XBLhQkjBzkKuaYH8RN4=&y=U2FsdGVkX19Pp3F0kWexlpeq6dHbbcPenaW+K9ayblo= HTTP/1.1" 200 91
186.102.89.54 - - [02/Apr/2024:07:22:53 -0500] "GET /kwssiamovil/sm/acme/s?s=U2FsdGVkX19sSUVC57YeZR92nB7NhhYhtToUgMsj5Qrq0EbOm9+32fwHO4DXWh2LlHmUWfiSqfe3PfjzZJWFP5rzUoBgql+KnEKv4lrhPunG+ZyK/QRLJuzYosRI68Tkj3+v/NoM9VdJGQ8xey7e1L5RiFnTn2ZCfMnlIkM02UIdaOqdmrUp/2JGe7VR5aJ3T5yMcoJeI48nqDpcH/165834PeIlxFQ16fL8EV5lUaQCvBwSRTdasLY8llKOmkRCNqBwRRTHuzc8QrOxWiEhh8dtMjpmjbclZOweStww+rfhSqQgWHntPpoXyJuI4ITqhg+4KkCVgopeWHejEJg40/kvilWtezMCia40HBRiRux73kHFvJWrdZ5uTDyhfROSLq5/q3/bBQ925D1C+opvFSWAX00d53/YIcPJbtb8I+7mKEkUmt7AqYyADzB0/VHibA46eSW/paJz4LzGlzUacw==&u=U2FsdGVkX199PnKPqj6Pd/r5XBLhQkjBzkKuaYH8RN4=&y=U2FsdGVkX19Pp3F0kWexlpeq6dHbbcPenaW+K9ayblo= HTTP/1.1" 200 91
186.102.89.54 - - [02/Apr/2024:07:22:53 -0500] "GET /kwssiamovil/sm/acme/s?s=U2FsdGVkX19pinc3bm6/pWo7lWK3tnYHU6eWlljTaSetgdA0EtONQABe5KrYeCTeHq8LnbFkxsfuo6Mbz0H0jBZHB3hFsf8WO9zgjmYGUvQtrfPFRuHebaRRebd24YkjE9mTfqSuYAcgGJBcmA5E2srzaxl4WP/DOLPdU0igRK/NOh5QvCLkUQcxe8MLMjC3DJEEfrxSMR0GHSNWz2IwHNGya/SYhBRVaxFHPLTEamIdysi+1JxJZZLIpZDjPVLmlYsEiEXkDl8UvdVJHR93i8V0xGfOtRQ6jNlWIf6tmLvailxq8CuQdRpGnhZBzMJAb6rhkSDzN1BsdbzfWySonuoAoUBAj8qKbEm4mSPw5iy1xNqnd7NdXaqT9QNQhBBw&u=U2FsdGVkX199PnKPqj6Pd/r5XBLhQkjBzkKuaYH8RN4=&y=U2FsdGVkX19Pp3F0kWexlpeq6dHbbcPenaW+K9ayblo= HTTP/1.1" 200 91
186.102.89.54 - - [02/Apr/2024:07:22:54 -0500] "GET /kwssiamovil/sm/acme/s?s=U2FsdGVkX1+8HgLTX0Ta1aI67q5vwTQECB4QgFT44SenPFaGhjYGZ4ULCcoxniy/HuvMLv3FPI7+Zcrb1k1yQV1SRJfq2PslVh84ZRrpI/N+zNVC4ur20/8o8kxDbvBx3TmlN7F6XLN3rGlq1hRDYZhfdndSZZI4A1KwtyWKMNRneULrZm436h4Iz3Dlx3pCpulVRIcEH5UYC4AVHJCKbu7Ojkzi/XnPgiqoFklc9qxriTal3sgMl2q9Jx8MZuIQQNZvT2i9gotD//qCXt38vJ7+swSNSP6xztXO9v3gck0W+vrG75UaAUTUJKQ/rRigfDPVvjLY8K8Idy33OKOdS55nFyN+G+JlGkbkANoy88wja+hxqV/UYoIzx3cGSipYdPqKj+cdjbtiZn6Ok6bNPwfTSSIK6U/1MRK10Msom3F2MTlS5+yUcE/GmSjlyYB0L0NWiDw321nOJXguP/QSSA==&u=U2FsdGVkX199PnKPqj6Pd/r5XBLhQkjBzkKuaYH8RN4=&y=U2FsdGVkX19Pp3F0kWexlpeq6dHbbcPenaW+K9ayblo= HTTP/1.1" 200 91
201.245.192.253 - - [02/Apr/2024:07:22:54 -0500] "POST /forms/lservlet;jsessionid=ac16012b30d662c41b008f2848f8812f805002413222.e3iSbxaKaheRe3iNc3uNbNmQay1ynknvrkLOlQzNp65In0 HTTP/1.1" 200 132
201.245.192.253 - - [02/Apr/2024:07:22:54 -0500] "POST /forms/lservlet;jsessionid=ac16012b30d662c41b008f2848f8812f805002413222.e3iSbxaKaheRe3iNc3uNbNmQay1ynknvrkLOlQzNp65In0 HTTP/1.1" 200 7
201.245.192.253 - - [02/Apr/2024:07:22:55 -0500] "POST /forms/lservlet;jsessionid=ac16012b30d662c41b008f2848f8812f805002413222.e3iSbxaKaheRe3iNc3uNbNmQay1ynknvrkLOlQzNp65In0 HTTP/1.1" 200 673
201.245.192.253 - - [02/Apr/2024:07:22:55 -0500] "POST /forms/lservlet;jsessionid=ac16012b30d662c41b008f2848f8812f805002413222.e3iSbxaKaheRe3iNc3uNbNmQay1ynknvrkLOlQzNp65In0 HTTP/1.1" 200 13
201.245.192.253 - - [02/Apr/2024:07:22:56 -0500] "POST /forms/lservlet;jsessionid=ac16012b30d662c41b008f2848f8812f805002413222.e3iSbxaKaheRe3iNc3uNbNmQay1ynknvrkLOlQzNp65In0 HTTP/1.1" 200 726
201.245.192.253 - - [02/Apr/2024:07:22:57 -0500] "POST /forms/lservlet;jsessionid=ac16012b30d662c41b008f2848f8812f805002413222.e3iSbxaKaheRe3iNc3uNbNmQay1ynknvrkLOlQzNp65In0 HTTP/1.1" 200 123
201.245.192.253 - - [02/Apr/2024:07:22:57 -0500] "POST /forms/lservlet;jsessionid=ac16012b30d662c41b008f2848f8812f805002413222.e3iSbxaKaheRe3iNc3uNbNmQay1ynknvrkLOlQzNp65In0 HTTP/1.1" 200 2
201.245.192.253 - - [02/Apr/2024:07:22:58 -0500] "POST /forms/lservlet;jsessionid=ac16012b30d662c41b008f2848f8812f805002413222.e3iSbxaKaheRe3iNc3uNbNmQay1ynknvrkLOlQzNp65In0 HTTP/1.1" 200 1813
201.245.192.253 - - [02/Apr/2024:07:22:58 -0500] "POST /forms/lservlet;jsessionid=ac16012b30d662c41b008f2848f8812f805002413222.e3iSbxaKaheRe3iNc3uNbNmQay1ynknvrkLOlQzNp65In0 HTTP/1.1" 200 24
201.245.192.253 - - [02/Apr/2024:07:23:00 -0500] "POST /forms/lservlet;jsessionid=ac16012b30d662c41b008f2848f8812f805002413222.e3iSbxaKaheRe3iNc3uNbNmQay1ynknvrkLOlQzNp65In0 HTTP/1.1" 200 188
201.245.192.253 - - [02/Apr/2024:07:23:00 -0500] "POST /forms/lservlet;jsessionid=ac16012b30d662c41b008f2848f8812f805002413222.e3iSbxaKaheRe3iNc3uNbNmQay1ynknvrkLOlQzNp65In0 HTTP/1.1" 200 32
186.102.89.54 - - [02/Apr/2024:07:23:00 -0500] "GET /kwssiamovil/sm/acme/a?s=U2FsdGVkX1/guOe2ggpQVI3PKxgLGUTlXZC8/JCTP2PTxGLx2RRPXyTLCLNoWFyXQhNODQW5O0fV5Eh2Bpi9YIw2Li4lAGIaFk5QERXTZWdHdPSN2Mfuigqn3eai3QFaCGjBhMNPwMHEwZx5oPkLp3TL+zh3GHufh59H7OgykrtUYb0EU4fygCCTL4oG6vp9SGt722+qcQFhcVTDI7uLTdYLoPaZNOBy7iH0k1pg6rrDB1NYYi5FAkHQJbC3oGk6qZxJpiCMk8s6dERGWHwgjQ==&u=U2FsdGVkX199PnKPqj6Pd/r5XBLhQkjBzkKuaYH8RN4=&y=U2FsdGVkX19Pp3F0kWexlpeq6dHbbcPenaW+K9ayblo= HTTP/1.1" 200 26
186.102.89.54 - - [02/Apr/2024:07:23:01 -0500] "GET /kwssiamovil/sm/acme/u?s=U2FsdGVkX1/BejNhN3bs3C1P0kZrOkC7ZWQjKL+lhZtRdnnuqx4XA5/FuLiBOpcI5b9KNq/UhuVRqzdKMRfAMIU2jcws5PoeCXgpezbH3lhw+HSLKbVGJKaGtptmUw+9JUh8u3wwlratWwGQV/CDKQ==&u=U2FsdGVkX199PnKPqj6Pd/r5XBLhQkjBzkKuaYH8RN4=&y=U2FsdGVkX19Pp3F0kWexlpeq6dHbbcPenaW+K9ayblo= HTTP/1.1" 200 60
186.102.89.54 - - [02/Apr/2024:07:23:01 -0500] "GET /kwssiamovil/sm/acme/u?s=U2FsdGVkX1/e1Mfwj+7WCMMfpJrfST4e2k+PDM76TaNPYwCx1xe/INhA4zNExw3qIzMeL7zqhYt6biGtjbeNnYGRXNLmZm/bUi/3mj1V9+a0KQRofGg0uKV2w2gNUwhytCk2rPseO/Xss5Zm69eu6zuLi96WsaTFPlbC++2plQgkFI95WDrtE9XBTN3lCILDfL72scGNrmYSoFtWMgUGqc2lVBo3KAOkiIgJxnzCsc47uDRFvDQgv7G/hR8CaBu0vzjjL/GcEFdxQj41AW1AfiQle5DKy7oiF0LfnFAQwHPrOeY3htmMK4wDaQGuK+Qg5NAiNfWB3r/TDGsAvEYW7AF6C5+FFfYW5xMC36TIhBsQQ8lEMUGr/XsOeDAzFCLYT9jjgJjF+QqKAMUG+TGIE0S4rKcTeWYG9Rb/GUmJrGmjvYvq04861VRaZEVy+Zy18XzL4pjDJ2UD1noT+MAqaECenmxHhj5mQsaoTjLf74qm02/rvtvOB1dt1q+7SmohdoDCfsUFkC0tJrMzoRGjW+OF0tD3wMAwZeQb25VNhDfoA8OhPwo+aVxdEKYzkrdjF618pDzsir3p1pvidPO9tAyJJyEH6Mkb/EhsXlrdA7pHL/8UI9qyZZfOE2TyQRQ5R8Yds7vz1GOycH/ShJMHXSjGaDJvcsyo73Vcq9VrSxoTyPYKSZiV6BoC8gLfTIgu5Pz5l/vMPNbJwUITmzZX+2GsOeiCYN6xABXUg1ecXMerRqO4Z6V7zNXzH+gVcHlMbEVGjYzoJXLEITyDb4OwV60docynmYOkIb9Ym70eJ5V/iLfHU9DIhVsNiviGSgeQSEU9qz+ju+nkdl+f34FGInbzNUqJ/IbHOmGXSvX5++RQsmrghARQehtl6SaKbcf/XaME7vqNzy3P42xA05oNGdSaUdpj3u/59zWQNb+DYouT9h0Vlank0c+dE1p8Rj4SD2Sessn2q5Z2USq7b0T06P008zv7fhZhz8dN/IyFujgPBefoRv7BYilLm+8oeFBAhCOSS6Rx2XskxFzmy3j+7Dcabz/9rMBymNkATLiiko5zLQp/hwmb4DRdxXjUvWTsO7218LZz3f4AzRNuGH5Ef+Q3EoBIpzcsL3nHtkd1P2Xvjws2fK0z9JNYBGEyJlJ8uKo5o64rkGxyC4IHZbLniuWO+nxzqh7uhURKGfpJTy3Ed4BA9nNWHRcgKylfkXMNu9QVlZ1oUpNYqiEfOpbPkWS1ooX0TXoACUzKStZ+Iyw8zAqLcOo4iHG9JsVSqtVVvQ0vREeJ7yav/lxf91MjDX/9aGR6Ya0lP/W+ZU40fK3FodX/3e6g23ijmG1HOv5/qohrGLrtUpfwyhk9ktH3YJ/DMMgaZOFizo/fh6ZaIKCkVkeivLsw9Iox90Z04nzO6I0R+h98FmqB5wcOngCkfi5/V3kWCXINw+WmYx9DQg6cP2k8C9xS5tRH4R0hCzyM&u=U2FsdGVkX199PnKPqj6Pd/r5XBLhQkjBzkKuaYH8RN4=&y=U2FsdGVkX19Pp3F0kWexlpeq6dHbbcPenaW+K9ayblo= HTTP/1.1" 200 60
186.102.89.54 - - [02/Apr/2024:07:23:02 -0500] "GET /kwssiamovil/sm/acme/a?s=U2FsdGVkX19hEn0/u7GOpnVSVt5C484b29rsQuqP2KXCWPdFA29PA1so2U2Cww7ysORp3jfsuf9UULkUfxQ1kAAhthOpwkzHjCbscQVpCR8nUxFtYbulWU5x7akToEpAXBeYj0wlQf+sbPHABEyZEsOwStOwHqM4+ISrdcDA+tE=&u=U2FsdGVkX199PnKPqj6Pd/r5XBLhQkjBzkKuaYH8RN4=&y=U2FsdGVkX19Pp3F0kWexlpeq6dHbbcPenaW+K9ayblo= HTTP/1.1" 200 26
201.245.192.253 - - [02/Apr/2024:07:23:02 -0500] "POST /forms/lservlet;jsessionid=ac16012b30d662c41b008f2848f8812f805002413222.e3iSbxaKaheRe3iNc3uNbNmQay1ynknvrkLOlQzNp65In0 HTTP/1.1" 200 2008
186.102.89.54 - - [02/Apr/2024:07:23:02 -0500] "GET /kwssiamovil/sm/acme/a?s=U2FsdGVkX1+8yxjQhKCbOwhh+mTXtu5ZJZMOHpwKOxea+MPSDrfzF0uKdliHWaGOaLvs1D1vAB66eXSojvTUfIHUigRxK9ebVi+HZz1oYyywxDmZsdM9YDNfbSTdfYya0+CBxTWZtfC8XNW9lVB0pTgytARpyJfOWcRORyzIrRxDE3sJB2x6Q8p8jFbxejfN&u=U2FsdGVkX199PnKPqj6Pd/r5XBLhQkjBzkKuaYH8RN4=&y=U2FsdGVkX19Pp3F0kWexlpeq6dHbbcPenaW+K9ayblo= HTTP/1.1" 200 25
201.245.192.253 - - [02/Apr/2024:07:23:03 -0500] "POST /forms/lservlet;jsessionid=ac16012b30d662c41b008f2848f8812f805002413222.e3iSbxaKaheRe3iNc3uNbNmQay1ynknvrkLOlQzNp65In0 HTTP/1.1" 200 117
201.245.192.253 - - [02/Apr/2024:07:23:03 -0500] "POST /forms/lservlet;jsessionid=ac16012b30d662c41b008f2848f8812f805002413222.e3iSbxaKaheRe3iNc3uNbNmQay1ynknvrkLOlQzNp65In0 HTTP/1.1" 200 2
201.245.192.253 - - [02/Apr/2024:07:23:04 -0500] "POST /forms/lservlet;jsessionid=ac16012b30d662c41b008f2848f8812f805002413222.e3iSbxaKaheRe3iNc3uNbNmQay1ynknvrkLOlQzNp65In0 HTTP/1.1" 200 916
