47.128.25.25 - - [03/Apr/2024:01:57:29 -0500] "GET /BLA/resoluciones/AUTOS%202021/0245.php?act=f&d=E%3A%5Cnuevo%5CphpMyAdmin2&f=config.sample.inc.php&ft=download HTTP/1.1" 200 4437
47.128.62.113 - - [03/Apr/2024:01:57:53 -0500] "GET /BLA/resoluciones/AUTOS%202021/0245.php?act=f&d=E%3A%5Cnuevo%5Chtdocs%5CBLA%5Cresoluciones%5CAUTOS+2021&f=0305.pdf&ft=edit HTTP/1.1" 200 3105
47.128.62.113 - - [03/Apr/2024:01:57:54 -0500] "GET /BLA/resoluciones/AUTOS%202021/0245.php?act=img&img=ext_exe HTTP/1.1" 200 118
47.128.62.113 - - [03/Apr/2024:01:57:54 -0500] "GET /BLA/resoluciones/AUTOS%202021/0245.php?act=img&img=ext_txt HTTP/1.1" 200 132
47.128.62.113 - - [03/Apr/2024:01:57:54 -0500] "GET /BLA/resoluciones/AUTOS%202021/0245.php?act=img&img=ext_pdf HTTP/1.1" 200 1034
47.128.62.113 - - [03/Apr/2024:01:57:54 -0500] "GET /BLA/resoluciones/AUTOS%202021/0245.php?act=img&img=ext_gif HTTP/1.1" 200 175
47.128.62.113 - - [03/Apr/2024:01:57:54 -0500] "GET /BLA/resoluciones/AUTOS%202021/0245.php?act=img&img=ext_html HTTP/1.1" 200 230
47.128.62.113 - - [03/Apr/2024:01:57:54 -0500] "GET /BLA/resoluciones/AUTOS%202021/0245.php?act=img&img=ext_diz HTTP/1.1" 200 1027
47.128.62.113 - - [03/Apr/2024:01:57:55 -0500] "GET /BLA/resoluciones/AUTOS%202021/0245.php?act=img&img=change HTTP/1.1" 200 290
47.128.62.113 - - [03/Apr/2024:01:57:55 -0500] "GET /BLA/resoluciones/AUTOS%202021/0245.php?act=img&img=ext_ini HTTP/1.1" 200 134
47.128.62.113 - - [03/Apr/2024:01:57:55 -0500] "GET /BLA/resoluciones/AUTOS%202021/0245.php?act=img&img=download HTTP/1.1" 200 161
47.128.62.113 - - [03/Apr/2024:01:57:55 -0500] "GET /BLA/resoluciones/AUTOS%202021/0245.php?act=img&img=ext_rtf HTTP/1.1" 200 164
47.128.62.147 - - [03/Apr/2024:01:58:18 -0500] "GET /BLA/resoluciones/AUTOS%202021/0245.php?act=f&d=E%3A%5Cnuevo%5Chtdocs%5CBLA%5Cresoluciones%5CAUTOS+2021%5C&f=5891.pdf&ft=notepad&white=1 HTTP/1.1" 200 401097
201.245.192.253 - - [03/Apr/2024:01:58:30 -0500] "POST /forms/lservlet;jsessionid=ac16012b30d66189f0c22d6a4c589cd0fb03154225f8.e3iSbxaKaheRe3iNc3uNbNmQay1ynknvrkLOlQzNp65In0 HTTP/1.1" 200 2
47.128.62.165 - - [03/Apr/2024:01:58:41 -0500] "GET /BLA/resoluciones/AUTOS%202021/0245.php?act=f&d=E%3A%5Cnuevo%5Chtdocs%5CBLA%5Cresoluciones%5CAUTOS+2021%5C&f=4974.pdf&ft=sdb HTTP/1.1" 200 3015
47.128.62.165 - - [03/Apr/2024:01:58:42 -0500] "GET /BLA/resoluciones/AUTOS%202021/0245.php?act=img&img=ext_ini HTTP/1.1" 200 134
47.128.62.165 - - [03/Apr/2024:01:58:42 -0500] "GET /BLA/resoluciones/AUTOS%202021/0245.php?act=img&img=ext_html HTTP/1.1" 200 230
47.128.62.165 - - [03/Apr/2024:01:58:42 -0500] "GET /BLA/resoluciones/AUTOS%202021/0245.php?act=img&img=ext_exe HTTP/1.1" 200 118
47.128.62.165 - - [03/Apr/2024:01:58:42 -0500] "GET /BLA/resoluciones/AUTOS%202021/0245.php?act=img&img=ext_txt HTTP/1.1" 200 132
47.128.62.165 - - [03/Apr/2024:01:58:42 -0500] "GET /BLA/resoluciones/AUTOS%202021/0245.php?act=img&img=ext_gif HTTP/1.1" 200 175
47.128.62.165 - - [03/Apr/2024:01:58:42 -0500] "GET /BLA/resoluciones/AUTOS%202021/0245.php?act=img&img=ext_diz HTTP/1.1" 200 1027
47.128.62.165 - - [03/Apr/2024:01:58:43 -0500] "GET /BLA/resoluciones/AUTOS%202021/0245.php?act=img&img=ext_rtf HTTP/1.1" 200 164
47.128.62.165 - - [03/Apr/2024:01:58:43 -0500] "GET /BLA/resoluciones/AUTOS%202021/0245.php?act=img&img=download HTTP/1.1" 200 161
47.128.62.165 - - [03/Apr/2024:01:58:43 -0500] "GET /BLA/resoluciones/AUTOS%202021/0245.php?act=img&img=ext_pdf HTTP/1.1" 200 1034
47.128.62.165 - - [03/Apr/2024:01:58:43 -0500] "GET /BLA/resoluciones/AUTOS%202021/0245.php?act=img&img=change HTTP/1.1" 200 290
201.245.192.253 - - [03/Apr/2024:01:58:48 -0500] "POST /forms/lservlet;jsessionid=ac16012b30d662c41b008f2848f8812f805002413222.e3iSbxaKaheRe3iNc3uNbNmQay1ynknvrkLOlQzNp65In0 HTTP/1.1" 200 2
47.128.62.175 - - [03/Apr/2024:01:59:06 -0500] "GET /BLA/resoluciones/AUTOS%202021/0245.php?act=chmod&d=E%3A%5Cnuevo%5Chtdocs%5Ccumbredelclima%5Cwp-includes&f=media.php HTTP/1.1" 200 2885
201.245.192.253 - - [03/Apr/2024:01:59:52 -0500] "POST /kwsrmcab/Wsrmcab  HTTP/1.1" 200 213
201.245.192.253 - - [03/Apr/2024:02:00:30 -0500] "POST /forms/lservlet;jsessionid=ac16012b30d66189f0c22d6a4c589cd0fb03154225f8.e3iSbxaKaheRe3iNc3uNbNmQay1ynknvrkLOlQzNp65In0 HTTP/1.1" 200 2
172.22.2.4 - - [03/Apr/2024:01:58:58 -0500] "HEAD /BLA/boletinlegal/ HTTP/1.1" 200 -
201.245.192.253 - - [03/Apr/2024:02:00:48 -0500] "POST /forms/lservlet;jsessionid=ac16012b30d662c41b008f2848f8812f805002413222.e3iSbxaKaheRe3iNc3uNbNmQay1ynknvrkLOlQzNp65In0 HTTP/1.1" 200 2
66.249.66.20 - - [03/Apr/2024:02:01:25 -0500] "GET /BLA/boletinlegal/images/screen_2.png HTTP/1.1" 200 362502
172.22.2.4 - - [03/Apr/2024:01:59:49 -0500] "GET /BLA/boletinlegal/ HTTP/1.1" 200 58720
216.244.66.195 - - [03/Apr/2024:02:02:11 -0500] "GET /BLA/resoluciones/RESOLUCIONES%202019/2086.pdf HTTP/1.1" 200 1245635
216.245.221.92 - - [03/Apr/2024:02:02:13 -0500] "HEAD / HTTP/1.1" 200 -
201.245.192.253 - - [03/Apr/2024:02:02:30 -0500] "POST /forms/lservlet;jsessionid=ac16012b30d66189f0c22d6a4c589cd0fb03154225f8.e3iSbxaKaheRe3iNc3uNbNmQay1ynknvrkLOlQzNp65In0 HTTP/1.1" 200 2
216.244.66.195 - - [03/Apr/2024:02:02:41 -0500] "GET /BLA/resoluciones/RESOLUCIONES%202019/2105.pdf HTTP/1.1" 200 392394
201.245.192.253 - - [03/Apr/2024:02:02:48 -0500] "POST /forms/lservlet;jsessionid=ac16012b30d662c41b008f2848f8812f805002413222.e3iSbxaKaheRe3iNc3uNbNmQay1ynknvrkLOlQzNp65In0 HTTP/1.1" 200 2
216.244.66.195 - - [03/Apr/2024:02:02:56 -0500] "GET /BLA/resoluciones/RESOLUCIONES%202019/2249.pdf HTTP/1.1" 200 251658
216.244.66.195 - - [03/Apr/2024:02:03:10 -0500] "GET /BLA/resoluciones/RESOLUCIONES%202019/2826.pdf HTTP/1.1" 200 411118
216.244.66.195 - - [03/Apr/2024:02:03:48 -0500] "GET /BLA/resoluciones/RESOLUCIONES%202019/2971.pdf HTTP/1.1" 200 294797
216.244.66.195 - - [03/Apr/2024:02:04:26 -0500] "GET /BLA/resoluciones/RESOLUCIONES%202019/3009.pdf HTTP/1.1" 200 327611
201.245.192.253 - - [03/Apr/2024:02:04:30 -0500] "POST /forms/lservlet;jsessionid=ac16012b30d66189f0c22d6a4c589cd0fb03154225f8.e3iSbxaKaheRe3iNc3uNbNmQay1ynknvrkLOlQzNp65In0 HTTP/1.1" 200 2
172.22.2.4 - - [03/Apr/2024:02:04:35 -0500] "GET /BLA/boletinlegal/actos.php HTTP/1.1" 200 9738
172.22.2.4 - - [03/Apr/2024:02:04:35 -0500] "GET /BLA/boletinlegal/js/lib.js HTTP/1.1" 200 6474
172.22.2.4 - - [03/Apr/2024:02:04:36 -0500] "GET /BLA/boletinlegal/js/ajax_actos.js HTTP/1.1" 200 1322
172.22.2.4 - - [03/Apr/2024:02:04:36 -0500] "GET /BLA/boletinlegal/js/popup.js HTTP/1.1" 200 1270
172.22.2.4 - - [03/Apr/2024:02:04:37 -0500] "GET /BLA/boletinlegal/js/jquery1.js HTTP/1.1" 200 29846
201.245.192.253 - - [03/Apr/2024:02:04:48 -0500] "POST /forms/lservlet;jsessionid=ac16012b30d662c41b008f2848f8812f805002413222.e3iSbxaKaheRe3iNc3uNbNmQay1ynknvrkLOlQzNp65In0 HTTP/1.1" 200 2
173.252.107.6 - - [03/Apr/2024:02:04:49 -0500] "GET /calidad-del-aire-en-bogota-afectada-de-nuevo-por-incendios-forestales-se-decreta-alerta-fase-1.html HTTP/1.1" 200 1057
173.252.107.116 - - [03/Apr/2024:02:04:49 -0500] "GET /calidad-del-aire-en-bogota-afectada-de-nuevo-por-incendios-forestales-se-decreta-alerta-fase-1.html HTTP/1.1" 200 1057
216.244.66.195 - - [03/Apr/2024:02:05:08 -0500] "GET /BLA/resoluciones/RESOLUCIONES%202019/3153.pdf HTTP/1.1" 200 291184
201.245.192.253 - - [03/Apr/2024:02:04:51 -0500] "POST /kwsrmcab/Wsrmcab  HTTP/1.1" 200 213
216.244.66.195 - - [03/Apr/2024:02:05:46 -0500] "GET /BLA/resoluciones/RESOLUCIONES%202019/3224.pdf HTTP/1.1" 200 426387
172.22.2.4 - - [03/Apr/2024:02:04:48 -0500] "HEAD /BLA/boletinlegal/ HTTP/1.1" 200 -
201.245.192.253 - - [03/Apr/2024:02:06:30 -0500] "POST /forms/lservlet;jsessionid=ac16012b30d66189f0c22d6a4c589cd0fb03154225f8.e3iSbxaKaheRe3iNc3uNbNmQay1ynknvrkLOlQzNp65In0 HTTP/1.1" 200 2
216.244.66.195 - - [03/Apr/2024:02:06:30 -0500] "GET /BLA/resoluciones/RESOLUCIONES%202019/3298.pdf HTTP/1.1" 200 1733302
172.22.2.4 - - [03/Apr/2024:02:06:38 -0500] "GET /BLA/boletinlegal/lui/ HTTP/1.1" 404 1038
172.22.2.4 - - [03/Apr/2024:02:06:38 -0500] "POST /BLA/boletinlegal/seeyon/htmlofficeservlet HTTP/1.1" 404 1038
172.22.2.4 - - [03/Apr/2024:02:06:38 -0500] "POST /BLA/boletinlegal/uapjs/jsinvoke/?action=invoke HTTP/1.1" 404 1038
172.22.2.4 - - [03/Apr/2024:02:06:39 -0500] "POST /BLA/boletinlegal/servlet/~ic/bsh.servlet.BshServlet HTTP/1.1" 404 1038
172.22.2.4 - - [03/Apr/2024:02:06:39 -0500] "PUT /BLA/boletinlegal/poc.jsp/ HTTP/1.1" 405 958
172.22.2.4 - - [03/Apr/2024:02:06:39 -0500] "POST /BLA/boletinlegal/general/index/UploadFile.php?m=uploadPicture&uploadType=eoffice_logo&userId HTTP/1.1" 404 1038
172.22.2.4 - - [03/Apr/2024:02:06:39 -0500] "PUT /BLA/boletinlegal/2eU5fjknuY88HWNtWTvIdB3WNg5.jsp/ HTTP/1.1" 405 958
172.22.2.4 - - [03/Apr/2024:02:06:39 -0500] "GET /BLA/boletinlegal/hub/ HTTP/1.1" 404 1038
172.22.2.4 - - [03/Apr/2024:02:06:39 -0500] "GET /BLA/boletinlegal/seeyon/test123456.jsp?pwd=asasd3344&2eU5fldul0vk6PYhYqANy0A2qko=ipconfig HTTP/1.1" 404 1038
172.22.2.4 - - [03/Apr/2024:02:06:39 -0500] "GET /BLA/boletinlegal/2eU5fsQA7aGn13pgR7MDeHHL1Fl.jsp HTTP/1.1" 404 1038
172.22.2.4 - - [03/Apr/2024:02:06:39 -0500] "POST /BLA/boletinlegal/servlet/~ic/bsh.servlet.BshServlet HTTP/1.1" 404 1038
172.22.2.4 - - [03/Apr/2024:02:06:39 -0500] "GET /BLA/boletinlegal/poc.jsp?cmd=cat+%2Fetc%2Fpasswd HTTP/1.1" 404 1038
172.22.2.4 - - [03/Apr/2024:02:06:39 -0500] "GET /BLA/boletinlegal/images/logo/logo-eoffice.php HTTP/1.1" 404 1038
172.22.2.4 - - [03/Apr/2024:02:06:40 -0500] "GET /BLA/boletinlegal/2eU5fjknuY88HWNtWTvIdB3WNg5.jsp HTTP/1.1" 404 1038
162.55.175.143 - - [03/Apr/2024:02:06:42 -0500] "GET / HTTP/1.1" 200 4720
201.245.192.253 - - [03/Apr/2024:02:06:48 -0500] "POST /forms/lservlet;jsessionid=ac16012b30d662c41b008f2848f8812f805002413222.e3iSbxaKaheRe3iNc3uNbNmQay1ynknvrkLOlQzNp65In0 HTTP/1.1" 200 2
216.245.221.92 - - [03/Apr/2024:02:07:13 -0500] "HEAD / HTTP/1.1" 200 -
172.22.2.4 - - [03/Apr/2024:02:05:39 -0500] "GET /BLA/boletinlegal/ HTTP/1.1" 200 58273
216.244.66.195 - - [03/Apr/2024:02:07:20 -0500] "GET /BLA/resoluciones/RESOLUCIONES%202019/3484.pdf HTTP/1.1" 200 2134866
91.92.242.52 - - [03/Apr/2024:02:07:36 -0500] "GET /.git/config HTTP/1.1" 404 1018
91.92.242.52 - - [03/Apr/2024:02:07:37 -0500] "GET /app/.env HTTP/1.1" 404 1018
91.92.242.52 - - [03/Apr/2024:02:07:37 -0500] "POST /app/.env HTTP/1.1" 404 1018
91.92.242.52 - - [03/Apr/2024:02:07:38 -0500] "GET /admin-app/.env HTTP/1.1" 404 1018
91.92.242.52 - - [03/Apr/2024:02:07:38 -0500] "POST /admin-app/.env HTTP/1.1" 404 1018
91.92.242.52 - - [03/Apr/2024:02:07:38 -0500] "GET /cms/.env HTTP/1.1" 404 1018
91.92.242.52 - - [03/Apr/2024:02:07:39 -0500] "POST /cms/.env HTTP/1.1" 404 1018
91.92.242.52 - - [03/Apr/2024:02:07:39 -0500] "GET /.env.production HTTP/1.1" 404 1018
91.92.242.52 - - [03/Apr/2024:02:07:39 -0500] "POST /.env.production HTTP/1.1" 404 1018
91.92.242.52 - - [03/Apr/2024:02:07:40 -0500] "GET /back/.env HTTP/1.1" 404 1018
91.92.242.52 - - [03/Apr/2024:02:07:40 -0500] "POST /back/.env HTTP/1.1" 404 1018
91.92.242.52 - - [03/Apr/2024:02:07:40 -0500] "GET /rest/.env HTTP/1.1" 404 1018
91.92.242.52 - - [03/Apr/2024:02:07:41 -0500] "POST /rest/.env HTTP/1.1" 404 1018
91.92.242.52 - - [03/Apr/2024:02:07:41 -0500] "GET /core/.env HTTP/1.1" 404 1018
91.92.242.52 - - [03/Apr/2024:02:07:41 -0500] "POST /core/.env HTTP/1.1" 404 1018
91.92.242.52 - - [03/Apr/2024:02:07:42 -0500] "GET /development/.env HTTP/1.1" 404 1018
91.92.242.52 - - [03/Apr/2024:02:07:42 -0500] "POST /development/.env HTTP/1.1" 404 1018
91.92.242.52 - - [03/Apr/2024:02:07:43 -0500] "GET /.env.old HTTP/1.1" 404 1018
91.92.242.52 - - [03/Apr/2024:02:07:43 -0500] "POST /.env.old HTTP/1.1" 404 1018
91.92.242.52 - - [03/Apr/2024:02:07:44 -0500] "GET /laravel/.env HTTP/1.1" 404 1018
91.92.242.52 - - [03/Apr/2024:02:07:44 -0500] "POST /laravel/.env HTTP/1.1" 404 1018
91.92.242.52 - - [03/Apr/2024:02:07:44 -0500] "GET /enviroments/.env.production HTTP/1.1" 404 1018
91.92.242.52 - - [03/Apr/2024:02:07:45 -0500] "POST /enviroments/.env.production HTTP/1.1" 404 1018
91.92.242.52 - - [03/Apr/2024:02:07:45 -0500] "GET /enviroments/.env HTTP/1.1" 404 1018
91.92.242.52 - - [03/Apr/2024:02:07:46 -0500] "POST /enviroments/.env HTTP/1.1" 404 1018
91.92.242.52 - - [03/Apr/2024:02:07:46 -0500] "GET /local/.env HTTP/1.1" 404 1018
91.92.242.52 - - [03/Apr/2024:02:07:47 -0500] "POST /local/.env HTTP/1.1" 404 1018
91.92.242.52 - - [03/Apr/2024:02:07:47 -0500] "GET /.env.project HTTP/1.1" 404 1018
91.92.242.52 - - [03/Apr/2024:02:07:48 -0500] "POST /.env.project HTTP/1.1" 404 1018
91.92.242.52 - - [03/Apr/2024:02:07:48 -0500] "GET /sources/.env HTTP/1.1" 404 1018
91.92.242.52 - - [03/Apr/2024:02:07:48 -0500] "POST /sources/.env HTTP/1.1" 404 1018
91.92.242.52 - - [03/Apr/2024:02:07:49 -0500] "GET /fedex/.env HTTP/1.1" 404 1018
91.92.242.52 - - [03/Apr/2024:02:07:49 -0500] "POST /fedex/.env HTTP/1.1" 404 1018
91.92.242.52 - - [03/Apr/2024:02:07:49 -0500] "GET /shared/.env HTTP/1.1" 404 1018
91.92.242.52 - - [03/Apr/2024:02:07:50 -0500] "POST /shared/.env HTTP/1.1" 404 1018
91.92.242.52 - - [03/Apr/2024:02:07:50 -0500] "GET /api/.env HTTP/1.1" 404 1018
91.92.242.52 - - [03/Apr/2024:02:07:50 -0500] "POST /api/.env HTTP/1.1" 404 1018
91.92.242.52 - - [03/Apr/2024:02:07:51 -0500] "GET /private/.env HTTP/1.1" 404 1018
91.92.242.52 - - [03/Apr/2024:02:07:51 -0500] "POST /private/.env HTTP/1.1" 404 1018
91.92.242.52 - - [03/Apr/2024:02:07:52 -0500] "GET /.env.save HTTP/1.1" 404 1018
91.92.242.52 - - [03/Apr/2024:02:07:52 -0500] "POST /.env.save HTTP/1.1" 404 1018
91.92.242.52 - - [03/Apr/2024:02:07:52 -0500] "GET /.env.prod HTTP/1.1" 404 1018
91.92.242.52 - - [03/Apr/2024:02:07:53 -0500] "POST /.env.prod HTTP/1.1" 404 1018
91.92.242.52 - - [03/Apr/2024:02:07:53 -0500] "GET /cp/.env HTTP/1.1" 404 1018
91.92.242.52 - - [03/Apr/2024:02:07:53 -0500] "POST /cp/.env HTTP/1.1" 404 1018
91.92.242.52 - - [03/Apr/2024:02:07:54 -0500] "GET /.env.dist HTTP/1.1" 404 1018
91.92.242.52 - - [03/Apr/2024:02:07:54 -0500] "POST /.env.dist HTTP/1.1" 404 1018
91.92.242.52 - - [03/Apr/2024:02:07:54 -0500] "GET /.env.development HTTP/1.1" 404 1018
91.92.242.52 - - [03/Apr/2024:02:07:55 -0500] "POST /.env.development HTTP/1.1" 404 1018
91.92.242.52 - - [03/Apr/2024:02:07:55 -0500] "GET /live_env HTTP/1.1" 404 1018
91.92.242.52 - - [03/Apr/2024:02:07:55 -0500] "POST /live_env HTTP/1.1" 404 1018
91.92.242.52 - - [03/Apr/2024:02:07:56 -0500] "GET /application/.env HTTP/1.1" 404 1018
91.92.242.52 - - [03/Apr/2024:02:07:56 -0500] "POST /application/.env HTTP/1.1" 404 1018
91.92.242.52 - - [03/Apr/2024:02:07:57 -0500] "GET /script/.env HTTP/1.1" 404 1018
91.92.242.52 - - [03/Apr/2024:02:07:57 -0500] "POST /script/.env HTTP/1.1" 404 1018
91.92.242.52 - - [03/Apr/2024:02:07:57 -0500] "GET /docker/.env HTTP/1.1" 404 1018
91.92.242.52 - - [03/Apr/2024:02:07:58 -0500] "POST /docker/.env HTTP/1.1" 404 1018
91.92.242.52 - - [03/Apr/2024:02:07:59 -0500] "GET /system/.env HTTP/1.1" 404 1018
91.92.242.52 - - [03/Apr/2024:02:07:59 -0500] "POST /system/.env HTTP/1.1" 404 1018
91.92.242.52 - - [03/Apr/2024:02:07:59 -0500] "GET /.env HTTP/1.1" 404 1018
91.92.242.52 - - [03/Apr/2024:02:08:00 -0500] "POST /.env HTTP/1.1" 404 1018
91.92.242.52 - - [03/Apr/2024:02:08:00 -0500] "GET /apps/.env HTTP/1.1" 404 1018
91.92.242.52 - - [03/Apr/2024:02:08:00 -0500] "POST /apps/.env HTTP/1.1" 404 1018
91.92.242.52 - - [03/Apr/2024:02:08:01 -0500] "GET /frontend_dev.php/$ HTTP/1.1" 404 1018
91.92.242.52 - - [03/Apr/2024:02:08:01 -0500] "GET /debug/default/view?panel=config HTTP/1.1" 404 1018
91.92.242.52 - - [03/Apr/2024:02:08:02 -0500] "GET /config.json HTTP/1.1" 404 1018
91.92.242.52 - - [03/Apr/2024:02:08:02 -0500] "GET /.json HTTP/1.1" 404 1018
91.92.242.52 - - [03/Apr/2024:02:08:02 -0500] "GET /?phpinfo=1 HTTP/1.1" 200 319
91.92.242.52 - - [03/Apr/2024:02:08:03 -0500] "GET /_profiler/phpinfo HTTP/1.1" 404 1018
91.92.242.52 - - [03/Apr/2024:02:08:03 -0500] "GET /phpinfo.php HTTP/1.1" 404 1018
91.92.242.52 - - [03/Apr/2024:02:08:03 -0500] "GET /info.php HTTP/1.1" 404 1018
216.244.66.195 - - [03/Apr/2024:02:08:10 -0500] "GET /BLA/resoluciones/RESOLUCIONES%202019/3495.pdf HTTP/1.1" 200 274845
201.245.192.253 - - [03/Apr/2024:02:08:30 -0500] "POST /forms/lservlet;jsessionid=ac16012b30d66189f0c22d6a4c589cd0fb03154225f8.e3iSbxaKaheRe3iNc3uNbNmQay1ynknvrkLOlQzNp65In0 HTTP/1.1" 200 2
201.245.192.253 - - [03/Apr/2024:02:08:48 -0500] "POST /forms/lservlet;jsessionid=ac16012b30d662c41b008f2848f8812f805002413222.e3iSbxaKaheRe3iNc3uNbNmQay1ynknvrkLOlQzNp65In0 HTTP/1.1" 200 2
216.244.66.195 - - [03/Apr/2024:02:08:49 -0500] "GET /BLA/resoluciones/RESOLUCIONES%202019/3834.pdf HTTP/1.1" 200 346343
216.244.66.195 - - [03/Apr/2024:02:09:31 -0500] "GET /BLA/resoluciones/RESOLUCIONES%202019/3887.pdf HTTP/1.1" 200 302021
201.245.192.253 - - [03/Apr/2024:02:09:50 -0500] "POST /kwsrmcab/Wsrmcab  HTTP/1.1" 200 213
216.244.66.195 - - [03/Apr/2024:02:10:01 -0500] "GET /BLA/resoluciones/AUTOS%202012/3048.pdf HTTP/1.1" 200 271872
201.245.192.253 - - [03/Apr/2024:02:10:30 -0500] "POST /forms/lservlet;jsessionid=ac16012b30d66189f0c22d6a4c589cd0fb03154225f8.e3iSbxaKaheRe3iNc3uNbNmQay1ynknvrkLOlQzNp65In0 HTTP/1.1" 200 2
216.244.66.195 - - [03/Apr/2024:02:10:44 -0500] "GET /BLA/resoluciones/AUTOS%202019/0411.pdf HTTP/1.1" 200 279175
201.245.192.253 - - [03/Apr/2024:02:10:48 -0500] "POST /forms/lservlet;jsessionid=ac16012b30d662c41b008f2848f8812f805002413222.e3iSbxaKaheRe3iNc3uNbNmQay1ynknvrkLOlQzNp65In0 HTTP/1.1" 200 2
216.244.66.195 - - [03/Apr/2024:02:11:23 -0500] "GET /BLA/resoluciones/AUTOS%202019/0557.pdf HTTP/1.1" 200 257205
216.244.66.195 - - [03/Apr/2024:02:12:02 -0500] "GET /BLA/resoluciones/AUTOS%202019/2483.pdf HTTP/1.1" 200 413668
216.245.221.92 - - [03/Apr/2024:02:12:13 -0500] "HEAD / HTTP/1.1" 200 -
172.22.2.4 - - [03/Apr/2024:02:10:38 -0500] "HEAD /BLA/boletinlegal/ HTTP/1.1" 200 -
201.245.192.253 - - [03/Apr/2024:02:12:30 -0500] "POST /forms/lservlet;jsessionid=ac16012b30d66189f0c22d6a4c589cd0fb03154225f8.e3iSbxaKaheRe3iNc3uNbNmQay1ynknvrkLOlQzNp65In0 HTTP/1.1" 200 2
201.245.192.253 - - [03/Apr/2024:02:12:48 -0500] "POST /forms/lservlet;jsessionid=ac16012b30d662c41b008f2848f8812f805002413222.e3iSbxaKaheRe3iNc3uNbNmQay1ynknvrkLOlQzNp65In0 HTTP/1.1" 200 2
216.244.66.195 - - [03/Apr/2024:02:12:48 -0500] "GET /BLA/resoluciones/AUTOS%202019/2841.pdf HTTP/1.1" 200 328342
52.167.144.191 - - [03/Apr/2024:02:13:00 -0500] "GET /BLA/resoluciones/RESOLUCIONES%202022/0186.pdf HTTP/1.1" 200 1457748
40.77.167.75 - - [03/Apr/2024:02:13:07 -0500] "GET /BLA/resoluciones/AUTOS%202023/5664.pdf HTTP/1.1" 200 417393
172.22.2.4 - - [03/Apr/2024:02:11:29 -0500] "GET /BLA/boletinlegal/ HTTP/1.1" 200 59083
216.244.66.195 - - [03/Apr/2024:02:13:28 -0500] "GET /BLA/resoluciones/AUTOS%202019/2859.pdf HTTP/1.1" 200 264347
20.26.44.173 - - [03/Apr/2024:02:13:51 -0500] "GET /Publicaciones/2023EE63710.pdf HTTP/1.1" 404 227
216.244.66.195 - - [03/Apr/2024:02:14:07 -0500] "GET /BLA/resoluciones/AUTOS%202019/2907.pdf HTTP/1.1" 200 338812
52.167.144.191 - - [03/Apr/2024:02:14:11 -0500] "GET /BLA/resoluciones/RESOLUCIONES%202019/2073.pdf HTTP/1.1" 200 458898
201.245.192.253 - - [03/Apr/2024:02:14:30 -0500] "POST /forms/lservlet;jsessionid=ac16012b30d66189f0c22d6a4c589cd0fb03154225f8.e3iSbxaKaheRe3iNc3uNbNmQay1ynknvrkLOlQzNp65In0 HTTP/1.1" 200 2
201.245.192.253 - - [03/Apr/2024:02:14:48 -0500] "POST /forms/lservlet;jsessionid=ac16012b30d662c41b008f2848f8812f805002413222.e3iSbxaKaheRe3iNc3uNbNmQay1ynknvrkLOlQzNp65In0 HTTP/1.1" 200 2
216.244.66.195 - - [03/Apr/2024:02:14:50 -0500] "GET /BLA/resoluciones/AUTOS%202019/3497.pdf HTTP/1.1" 200 216371
47.128.96.169 - - [03/Apr/2024:02:15:17 -0500] "GET /BLA/resoluciones/AUTOS%202021/0245.php?act=chmod&d=E%3A%5Cnuevo%5Chtdocs%5Ccumbredelclima%5Cwp-admin&f=options.php HTTP/1.1" 200 2883
201.245.192.253 - - [03/Apr/2024:02:14:48 -0500] "POST /kwsrmcab/Wsrmcab  HTTP/1.1" 200 213
216.244.66.195 - - [03/Apr/2024:02:15:29 -0500] "GET /BLA/resoluciones/AUTOS%202019/3595.pdf HTTP/1.1" 200 424280
47.128.47.181 - - [03/Apr/2024:02:15:41 -0500] "GET /BLA/resoluciones/AUTOS%202021/0245.php?act=chmod&d=E%3A%5Cnuevo%5Chtdocs%5Ccumbredelclima%5Cwp-includes&f=feed-rss2.php HTTP/1.1" 200 2888
47.128.47.197 - - [03/Apr/2024:02:16:06 -0500] "GET /BLA/resoluciones/AUTOS%202021/0245.php?act=d&d=E%3A%5Cnuevo%5Chtdocs%5CPMA-RAMSAR%5C2.+Capitulo+I.+Descripcion HTTP/1.1" 200 2808
216.244.66.195 - - [03/Apr/2024:02:16:08 -0500] "GET /BLA/resoluciones/AUTOS%202019/3677.pdf HTTP/1.1" 200 267414
47.128.114.67 - - [03/Apr/2024:02:16:29 -0500] "GET /BLA/resoluciones/AUTOS%202021/0245.php?act=f&d=E%3A%5Cnuevo%5Chtdocs%5Cxampp&f=AnkeCalligraph.fdb HTTP/1.1" 200 2982
201.245.192.253 - - [03/Apr/2024:02:16:30 -0500] "POST /forms/lservlet;jsessionid=ac16012b30d66189f0c22d6a4c589cd0fb03154225f8.e3iSbxaKaheRe3iNc3uNbNmQay1ynknvrkLOlQzNp65In0 HTTP/1.1" 200 2
47.128.114.67 - - [03/Apr/2024:02:16:30 -0500] "GET /BLA/resoluciones/AUTOS%202021/0245.php?act=img&img=ext_diz HTTP/1.1" 200 1027
47.128.114.67 - - [03/Apr/2024:02:16:30 -0500] "GET /BLA/resoluciones/AUTOS%202021/0245.php?act=img&img=ext_exe HTTP/1.1" 200 118
47.128.114.67 - - [03/Apr/2024:02:16:30 -0500] "GET /BLA/resoluciones/AUTOS%202021/0245.php?act=img&img=ext_fdb HTTP/1.1" 200 1034
47.128.114.67 - - [03/Apr/2024:02:16:30 -0500] "GET /BLA/resoluciones/AUTOS%202021/0245.php?act=img&img=ext_txt HTTP/1.1" 200 132
47.128.114.67 - - [03/Apr/2024:02:16:30 -0500] "GET /BLA/resoluciones/AUTOS%202021/0245.php?act=img&img=ext_gif HTTP/1.1" 200 175
47.128.114.67 - - [03/Apr/2024:02:16:30 -0500] "GET /BLA/resoluciones/AUTOS%202021/0245.php?act=img&img=ext_html HTTP/1.1" 200 230
47.128.114.67 - - [03/Apr/2024:02:16:31 -0500] "GET /BLA/resoluciones/AUTOS%202021/0245.php?act=img&img=ext_ini HTTP/1.1" 200 134
47.128.114.67 - - [03/Apr/2024:02:16:31 -0500] "GET /BLA/resoluciones/AUTOS%202021/0245.php?act=img&img=ext_rtf HTTP/1.1" 200 164
47.128.114.67 - - [03/Apr/2024:02:16:31 -0500] "GET /BLA/resoluciones/AUTOS%202021/0245.php?act=img&img=download HTTP/1.1" 200 161
47.128.114.67 - - [03/Apr/2024:02:16:31 -0500] "GET /BLA/resoluciones/AUTOS%202021/0245.php?act=img&img=change HTTP/1.1" 200 290
216.244.66.195 - - [03/Apr/2024:02:16:44 -0500] "GET /BLA/resoluciones/AUTOS%202019/4261.pdf HTTP/1.1" 200 249793
201.245.192.253 - - [03/Apr/2024:02:16:48 -0500] "POST /forms/lservlet;jsessionid=ac16012b30d662c41b008f2848f8812f805002413222.e3iSbxaKaheRe3iNc3uNbNmQay1ynknvrkLOlQzNp65In0 HTTP/1.1" 200 2
216.245.221.92 - - [03/Apr/2024:02:17:13 -0500] "HEAD / HTTP/1.1" 200 -
216.244.66.195 - - [03/Apr/2024:02:17:16 -0500] "GET /BLA/resoluciones/AUTOS%202019/4268.pdf HTTP/1.1" 200 266972
216.244.66.195 - - [03/Apr/2024:02:17:56 -0500] "GET /BLA/resoluciones/AUTOS%202019/4368.pdf HTTP/1.1" 200 288774
172.22.2.4 - - [03/Apr/2024:02:16:28 -0500] "HEAD /BLA/boletinlegal/ HTTP/1.1" 200 -
201.245.192.253 - - [03/Apr/2024:02:18:30 -0500] "POST /forms/lservlet;jsessionid=ac16012b30d66189f0c22d6a4c589cd0fb03154225f8.e3iSbxaKaheRe3iNc3uNbNmQay1ynknvrkLOlQzNp65In0 HTTP/1.1" 200 2
216.244.66.195 - - [03/Apr/2024:02:18:38 -0500] "GET /BLA/resoluciones/AUTOS%202019/4510.pdf HTTP/1.1" 200 339319
201.245.192.253 - - [03/Apr/2024:02:18:48 -0500] "POST /forms/lservlet;jsessionid=ac16012b30d662c41b008f2848f8812f805002413222.e3iSbxaKaheRe3iNc3uNbNmQay1ynknvrkLOlQzNp65In0 HTTP/1.1" 200 2
172.22.2.4 - - [03/Apr/2024:02:17:19 -0500] "GET /BLA/boletinlegal/ HTTP/1.1" 200 58720
216.244.66.195 - - [03/Apr/2024:02:19:14 -0500] "GET /BLA/resoluciones/AUTOS%202023/3393.pdf HTTP/1.1" 200 2752484
201.245.192.253 - - [03/Apr/2024:02:18:57 -0500] "POST /kwsrmcab/Wsrmcab HTTP/1.1" 200 39103
201.245.192.253 - - [03/Apr/2024:02:19:42 -0500] "POST /kwsrmcab/Wsrmcab HTTP/1.1" 200 39100
201.245.192.253 - - [03/Apr/2024:02:19:44 -0500] "POST /kwsrmcab/Wsrmcab HTTP/1.1" 200 39853
51.222.253.11 - - [03/Apr/2024:02:19:45 -0500] "GET /robots.txt HTTP/1.1" 404 1034
51.222.253.3 - - [03/Apr/2024:02:19:47 -0500] "GET /inscribete-y-participa-en-la-convencion-internacional-de-emergencia-climatica-bogota-2023.html HTTP/1.1" 200 895
201.245.192.253 - - [03/Apr/2024:02:19:47 -0500] "POST /kwsrmcab/Wsrmcab  HTTP/1.1" 200 213
216.244.66.195 - - [03/Apr/2024:02:20:04 -0500] "GET /BLA/resoluciones/RESOLUCIONES%202019/1975.pdf HTTP/1.1" 200 713715
172.22.2.4 - - [03/Apr/2024:02:20:07 -0500] "GET /BLA/boletinlegal/robots.txt HTTP/1.1" 404 1038
172.22.2.4 - - [03/Apr/2024:02:20:09 -0500] "GET /BLA/boletinlegal/doctrina.php HTTP/1.1" 200 5667
172.22.2.4 - - [03/Apr/2024:02:20:11 -0500] "GET /BLA/boletinlegal/conceptos.php HTTP/1.1" 200 7588
172.22.2.4 - - [03/Apr/2024:02:20:14 -0500] "GET /BLA/boletinlegal/sugerencias.php HTTP/1.1" 200 8615
201.245.192.253 - - [03/Apr/2024:02:20:30 -0500] "POST /forms/lservlet;jsessionid=ac16012b30d66189f0c22d6a4c589cd0fb03154225f8.e3iSbxaKaheRe3iNc3uNbNmQay1ynknvrkLOlQzNp65In0 HTTP/1.1" 200 2
201.245.192.253 - - [03/Apr/2024:02:20:31 -0500] "POST /kwsrmcab/Wsrmcab HTTP/1.1" 200 39853
201.245.192.253 - - [03/Apr/2024:02:20:48 -0500] "POST /forms/lservlet;jsessionid=ac16012b30d662c41b008f2848f8812f805002413222.e3iSbxaKaheRe3iNc3uNbNmQay1ynknvrkLOlQzNp65In0 HTTP/1.1" 200 2
186.29.217.245 - - [03/Apr/2024:02:21:25 -0500] "GET /sipse/faces/faces/autenticacion.xhtml HTTP/1.1" 200 12735
186.29.217.245 - - [03/Apr/2024:02:21:25 -0500] "GET /sipse/faces/javax.faces.resource/layout/layout.css;jsessionid=8z3rZkcaUfb8iCxb1WBAxFLx.undefined?ln=primefaces&v=4.0 HTTP/1.1" 200 542
186.29.217.245 - - [03/Apr/2024:02:21:25 -0500] "GET /sipse/faces/javax.faces.resource/theme.css?ln=primefaces-sipse HTTP/1.1" 304 -
186.29.217.245 - - [03/Apr/2024:02:21:25 -0500] "GET /sipse/faces/javax.faces.resource/primefaces.css;jsessionid=8z3rZkcaUfb8iCxb1WBAxFLx.undefined?ln=primefaces&v=4.0 HTTP/1.1" 200 53295
186.29.217.245 - - [03/Apr/2024:02:21:25 -0500] "GET /sipse/faces/javax.faces.resource/jquery/jquery.js;jsessionid=8z3rZkcaUfb8iCxb1WBAxFLx.undefined?ln=primefaces&v=4.0 HTTP/1.1" 200 105384
186.29.217.245 - - [03/Apr/2024:02:21:25 -0500] "GET /sipse/faces/javax.faces.resource/jquery/jquery-plugins.js;jsessionid=8z3rZkcaUfb8iCxb1WBAxFLx.undefined?ln=primefaces&v=4.0 HTTP/1.1" 200 220526
186.29.217.245 - - [03/Apr/2024:02:21:25 -0500] "GET /sipse/faces/javax.faces.resource/layout/layout.js;jsessionid=8z3rZkcaUfb8iCxb1WBAxFLx.undefined?ln=primefaces&v=4.0 HTTP/1.1" 200 87560
186.29.217.245 - - [03/Apr/2024:02:21:25 -0500] "GET /sipse/faces/javax.faces.resource/primefaces.js;jsessionid=8z3rZkcaUfb8iCxb1WBAxFLx.undefined?ln=primefaces&v=4.0 HTTP/1.1" 200 276924
186.29.217.245 - - [03/Apr/2024:02:21:26 -0500] "GET /sipse/faces/javax.faces.resource/images/ui-icons_898989_256x240.png?ln=primefaces-aristo HTTP/1.1" 304 -
186.29.217.245 - - [03/Apr/2024:02:21:26 -0500] "GET /sipse/faces/faces/index.xhtml HTTP/1.1" 200 677
186.29.217.245 - - [03/Apr/2024:02:21:26 -0500] "GET /sipse/faces/javax.faces.resource/theme.css?ln=primefaces-sipse HTTP/1.1" 304 -
186.29.217.245 - - [03/Apr/2024:02:21:40 -0500] "GET /sipse/faces/index.xhtml HTTP/1.1" 200 677
186.29.217.245 - - [03/Apr/2024:02:21:40 -0500] "GET /sipse/faces/javax.faces.resource/theme.css?ln=primefaces-sipse HTTP/1.1" 304 -
186.29.217.245 - - [03/Apr/2024:02:21:40 -0500] "GET /sipse/faces/faces/autenticacion.xhtml HTTP/1.1" 200 12413
186.29.217.245 - - [03/Apr/2024:02:21:40 -0500] "GET /sipse/faces/javax.faces.resource/theme.css?ln=primefaces-sipse HTTP/1.1" 304 -
186.29.217.245 - - [03/Apr/2024:02:21:40 -0500] "GET /sipse/faces/javax.faces.resource/primefaces.css?ln=primefaces&v=4.0 HTTP/1.1" 304 -
186.29.217.245 - - [03/Apr/2024:02:21:40 -0500] "GET /sipse/faces/javax.faces.resource/jquery/jquery.js?ln=primefaces&v=4.0 HTTP/1.1" 304 -
186.29.217.245 - - [03/Apr/2024:02:21:40 -0500] "GET /sipse/faces/javax.faces.resource/layout/layout.css?ln=primefaces&v=4.0 HTTP/1.1" 304 -
186.29.217.245 - - [03/Apr/2024:02:21:40 -0500] "GET /sipse/faces/javax.faces.resource/jquery/jquery-plugins.js?ln=primefaces&v=4.0 HTTP/1.1" 304 -
186.29.217.245 - - [03/Apr/2024:02:21:40 -0500] "GET /sipse/faces/javax.faces.resource/layout/layout.js?ln=primefaces&v=4.0 HTTP/1.1" 304 -
186.29.217.245 - - [03/Apr/2024:02:21:40 -0500] "GET /sipse/faces/javax.faces.resource/primefaces.js?ln=primefaces&v=4.0 HTTP/1.1" 304 -
186.29.217.245 - - [03/Apr/2024:02:21:41 -0500] "GET /sipse/faces/javax.faces.resource/images/ui-icons_898989_256x240.png?ln=primefaces-aristo HTTP/1.1" 304 -
186.29.217.245 - - [03/Apr/2024:02:21:46 -0500] "POST /sipse/faces/autenticacion.xhtml HTTP/1.1" 200 2220
186.29.217.245 - - [03/Apr/2024:02:21:46 -0500] "GET /sipse/faces/javax.faces.resource/messages/messages.png?ln=primefaces&v=4.0 HTTP/1.1" 304 -
186.29.217.245 - - [03/Apr/2024:02:21:48 -0500] "POST /sipse/faces/autenticacion.xhtml HTTP/1.1" 200 16359
186.29.217.245 - - [03/Apr/2024:02:21:48 -0500] "GET /sipse/faces/javax.faces.resource/theme.css?ln=primefaces-sipse HTTP/1.1" 304 -
186.29.217.245 - - [03/Apr/2024:02:21:48 -0500] "GET /sipse/faces/javax.faces.resource/primefaces.css?ln=primefaces&v=4.0 HTTP/1.1" 304 -
186.29.217.245 - - [03/Apr/2024:02:21:48 -0500] "GET /sipse/faces/javax.faces.resource/layout/layout.css?ln=primefaces&v=4.0 HTTP/1.1" 304 -
186.29.217.245 - - [03/Apr/2024:02:21:48 -0500] "GET /sipse/faces/javax.faces.resource/jquery/jquery.js?ln=primefaces&v=4.0 HTTP/1.1" 304 -
186.29.217.245 - - [03/Apr/2024:02:21:48 -0500] "GET /sipse/faces/javax.faces.resource/jquery/jquery-plugins.js?ln=primefaces&v=4.0 HTTP/1.1" 304 -
186.29.217.245 - - [03/Apr/2024:02:21:48 -0500] "GET /sipse/faces/javax.faces.resource/primefaces.js?ln=primefaces&v=4.0 HTTP/1.1" 304 -
186.29.217.245 - - [03/Apr/2024:02:21:48 -0500] "GET /sipse/faces/javax.faces.resource/layout/layout.js?ln=primefaces&v=4.0 HTTP/1.1" 304 -
186.29.217.245 - - [03/Apr/2024:02:21:48 -0500] "GET /sipse/css/imagen/contrasena.png HTTP/1.1" 404 383
186.29.217.245 - - [03/Apr/2024:02:21:50 -0500] "GET /sipse/faces/javax.faces.resource/images/ui-bg_flat_0_2d5972_40x100.png?ln=primefaces-aristo HTTP/1.1" 304 -
186.29.217.245 - - [03/Apr/2024:02:21:50 -0500] "POST /sipse/faces/bienvenido.xhtml HTTP/1.1" 200 2073
186.29.217.245 - - [03/Apr/2024:02:21:53 -0500] "POST /sipse/faces/bienvenido.xhtml HTTP/1.1" 200 38998
186.29.217.245 - - [03/Apr/2024:02:21:54 -0500] "GET /sipse/faces/javax.faces.resource/theme.css?ln=primefaces-sipse HTTP/1.1" 304 -
186.29.217.245 - - [03/Apr/2024:02:21:54 -0500] "GET /sipse/faces/javax.faces.resource/layout/layout.css?ln=primefaces&v=4.0 HTTP/1.1" 304 -
186.29.217.245 - - [03/Apr/2024:02:21:54 -0500] "GET /sipse/faces/javax.faces.resource/primefaces.css?ln=primefaces&v=4.0 HTTP/1.1" 304 -
186.29.217.245 - - [03/Apr/2024:02:21:54 -0500] "GET /sipse/faces/javax.faces.resource/jquery/jquery.js?ln=primefaces&v=4.0 HTTP/1.1" 304 -
186.29.217.245 - - [03/Apr/2024:02:21:54 -0500] "GET /sipse/faces/javax.faces.resource/jquery/jquery-plugins.js?ln=primefaces&v=4.0 HTTP/1.1" 304 -
186.29.217.245 - - [03/Apr/2024:02:21:54 -0500] "GET /sipse/faces/javax.faces.resource/primefaces.js?ln=primefaces&v=4.0 HTTP/1.1" 304 -
186.29.217.245 - - [03/Apr/2024:02:21:54 -0500] "GET /sipse/faces/javax.faces.resource/layout/layout.js?ln=primefaces&v=4.0 HTTP/1.1" 304 -
186.29.217.245 - - [03/Apr/2024:02:21:58 -0500] "POST /sipse/faces/presentacion/financiero/solicitudProceso/consultar.xhtml HTTP/1.1" 200 12848
216.245.221.92 - - [03/Apr/2024:02:22:13 -0500] "HEAD / HTTP/1.1" 200 -
201.245.192.253 - - [03/Apr/2024:02:22:30 -0500] "POST /forms/lservlet;jsessionid=ac16012b30d66189f0c22d6a4c589cd0fb03154225f8.e3iSbxaKaheRe3iNc3uNbNmQay1ynknvrkLOlQzNp65In0 HTTP/1.1" 200 2
186.29.217.245 - - [03/Apr/2024:02:22:40 -0500] "POST /sipse/faces/presentacion/financiero/solicitudProceso/consultar.xhtml HTTP/1.1" 200 12865
201.245.192.253 - - [03/Apr/2024:02:22:48 -0500] "POST /forms/lservlet;jsessionid=ac16012b30d662c41b008f2848f8812f805002413222.e3iSbxaKaheRe3iNc3uNbNmQay1ynknvrkLOlQzNp65In0 HTTP/1.1" 200 2
172.22.2.4 - - [03/Apr/2024:02:22:18 -0500] "HEAD /BLA/boletinlegal/ HTTP/1.1" 200 -
201.245.192.253 - - [03/Apr/2024:02:24:30 -0500] "POST /forms/lservlet;jsessionid=ac16012b30d66189f0c22d6a4c589cd0fb03154225f8.e3iSbxaKaheRe3iNc3uNbNmQay1ynknvrkLOlQzNp65In0 HTTP/1.1" 200 2
201.245.192.253 - - [03/Apr/2024:02:24:48 -0500] "POST /forms/lservlet;jsessionid=ac16012b30d662c41b008f2848f8812f805002413222.e3iSbxaKaheRe3iNc3uNbNmQay1ynknvrkLOlQzNp65In0 HTTP/1.1" 200 2
172.22.2.4 - - [03/Apr/2024:02:23:09 -0500] "GET /BLA/boletinlegal/ HTTP/1.1" 200 60730
201.245.192.253 - - [03/Apr/2024:02:24:46 -0500] "POST /kwsrmcab/Wsrmcab  HTTP/1.1" 200 213
66.249.66.19 - - [03/Apr/2024:02:25:31 -0500] "GET /autoliquidacion/index.php?dir=&sort=name&order=asc HTTP/1.1" 200 7098
201.245.192.253 - - [03/Apr/2024:02:26:30 -0500] "POST /forms/lservlet;jsessionid=ac16012b30d66189f0c22d6a4c589cd0fb03154225f8.e3iSbxaKaheRe3iNc3uNbNmQay1ynknvrkLOlQzNp65In0 HTTP/1.1" 200 2
201.245.192.253 - - [03/Apr/2024:02:26:48 -0500] "POST /forms/lservlet;jsessionid=ac16012b30d662c41b008f2848f8812f805002413222.e3iSbxaKaheRe3iNc3uNbNmQay1ynknvrkLOlQzNp65In0 HTTP/1.1" 200 2
186.29.217.245 - - [03/Apr/2024:02:26:49 -0500] "POST /sipse/faces/presentacion/financiero/solicitudProceso/consultar.xhtml HTTP/1.1" 200 12923
186.29.217.245 - - [03/Apr/2024:02:27:12 -0500] "POST /sipse/faces/presentacion/financiero/solicitudProceso/consultar.xhtml HTTP/1.1" 200 12930
216.245.221.92 - - [03/Apr/2024:02:27:13 -0500] "HEAD / HTTP/1.1" 200 -
186.29.217.245 - - [03/Apr/2024:02:27:30 -0500] "POST /sipse/faces/presentacion/financiero/solicitudProceso/consultar.xhtml HTTP/1.1" 200 12874
186.29.217.245 - - [03/Apr/2024:02:28:16 -0500] "POST /sipse/faces/presentacion/financiero/solicitudProceso/consultar.xhtml HTTP/1.1" 200 136249
186.29.217.245 - - [03/Apr/2024:02:28:17 -0500] "GET /sipse/faces/javax.faces.resource/theme.css?ln=primefaces-sipse HTTP/1.1" 304 -
186.29.217.245 - - [03/Apr/2024:02:28:17 -0500] "GET /sipse/faces/javax.faces.resource/primefaces.css?ln=primefaces&v=4.0 HTTP/1.1" 304 -
186.29.217.245 - - [03/Apr/2024:02:28:17 -0500] "GET /sipse/faces/javax.faces.resource/layout/layout.css?ln=primefaces&v=4.0 HTTP/1.1" 304 -
186.29.217.245 - - [03/Apr/2024:02:28:17 -0500] "GET /sipse/css/imagen/contrasena.png HTTP/1.1" 404 383
186.29.217.245 - - [03/Apr/2024:02:28:17 -0500] "GET /sipse/faces/javax.faces.resource/jquery/jquery.js?ln=primefaces&v=4.0 HTTP/1.1" 304 -
186.29.217.245 - - [03/Apr/2024:02:28:17 -0500] "GET /sipse/faces/javax.faces.resource/jquery/jquery-plugins.js?ln=primefaces&v=4.0 HTTP/1.1" 304 -
186.29.217.245 - - [03/Apr/2024:02:28:17 -0500] "GET /sipse/faces/javax.faces.resource/primefaces.js?ln=primefaces&v=4.0 HTTP/1.1" 304 -
186.29.217.245 - - [03/Apr/2024:02:28:17 -0500] "GET /sipse/faces/javax.faces.resource/layout/layout.js?ln=primefaces&v=4.0 HTTP/1.1" 304 -
201.245.192.253 - - [03/Apr/2024:02:28:30 -0500] "POST /forms/lservlet;jsessionid=ac16012b30d66189f0c22d6a4c589cd0fb03154225f8.e3iSbxaKaheRe3iNc3uNbNmQay1ynknvrkLOlQzNp65In0 HTTP/1.1" 200 2
52.167.144.208 - - [03/Apr/2024:02:28:45 -0500] "GET /BLA/resoluciones/RESOLUCIONES%202022/3551.pdf HTTP/1.1" 200 507993
201.245.192.253 - - [03/Apr/2024:02:28:48 -0500] "POST /forms/lservlet;jsessionid=ac16012b30d662c41b008f2848f8812f805002413222.e3iSbxaKaheRe3iNc3uNbNmQay1ynknvrkLOlQzNp65In0 HTTP/1.1" 200 2
186.29.217.245 - - [03/Apr/2024:02:28:53 -0500] "POST /sipse/faces/presentacion/financiero/solicitudProceso/consultarSolicitudProceso.xhtml HTTP/1.1" 200 45999
186.29.217.245 - - [03/Apr/2024:02:28:54 -0500] "GET /sipse/faces/javax.faces.resource/theme.css?ln=primefaces-sipse HTTP/1.1" 304 -
186.29.217.245 - - [03/Apr/2024:02:28:54 -0500] "GET /sipse/faces/javax.faces.resource/primefaces.css?ln=primefaces&v=4.0 HTTP/1.1" 304 -
186.29.217.245 - - [03/Apr/2024:02:28:54 -0500] "GET /sipse/faces/javax.faces.resource/jquery/jquery.js?ln=primefaces&v=4.0 HTTP/1.1" 304 -
186.29.217.245 - - [03/Apr/2024:02:28:54 -0500] "GET /sipse/faces/javax.faces.resource/layout/layout.css?ln=primefaces&v=4.0 HTTP/1.1" 304 -
186.29.217.245 - - [03/Apr/2024:02:28:54 -0500] "GET /sipse/faces/javax.faces.resource/primefaces.js?ln=primefaces&v=4.0 HTTP/1.1" 304 -
186.29.217.245 - - [03/Apr/2024:02:28:54 -0500] "GET /sipse/faces/javax.faces.resource/jquery/jquery-plugins.js?ln=primefaces&v=4.0 HTTP/1.1" 304 -
186.29.217.245 - - [03/Apr/2024:02:28:54 -0500] "GET /sipse/faces/javax.faces.resource/layout/layout.js?ln=primefaces&v=4.0 HTTP/1.1" 304 -
186.29.217.245 - - [03/Apr/2024:02:28:55 -0500] "GET /sipse/css/imagen/contrasena.png HTTP/1.1" 404 383
186.29.217.245 - - [03/Apr/2024:02:28:58 -0500] "GET /sipse/faces/javax.faces.resource/images/ui-icons_898989_256x240.png?ln=primefaces-aristo HTTP/1.1" 304 -
186.29.217.245 - - [03/Apr/2024:02:28:59 -0500] "GET /sipse/faces/javax.faces.resource/images/ui-bg_flat_0_2d5972_40x100.png?ln=primefaces-aristo HTTP/1.1" 304 -
186.29.217.245 - - [03/Apr/2024:02:28:59 -0500] "POST /sipse/faces/presentacion/financiero/solicitudProceso/consultarHistorialSolProceso.xhtml HTTP/1.1" 200 42101
186.29.217.245 - - [03/Apr/2024:02:28:59 -0500] "GET /sipse/faces/javax.faces.resource/theme.css?ln=primefaces-sipse HTTP/1.1" 304 -
186.29.217.245 - - [03/Apr/2024:02:28:59 -0500] "GET /sipse/faces/javax.faces.resource/layout/layout.css?ln=primefaces&v=4.0 HTTP/1.1" 304 -
186.29.217.245 - - [03/Apr/2024:02:28:59 -0500] "GET /sipse/faces/javax.faces.resource/primefaces.css?ln=primefaces&v=4.0 HTTP/1.1" 304 -
186.29.217.245 - - [03/Apr/2024:02:28:59 -0500] "GET /sipse/faces/javax.faces.resource/jquery/jquery.js?ln=primefaces&v=4.0 HTTP/1.1" 304 -
186.29.217.245 - - [03/Apr/2024:02:28:59 -0500] "GET /sipse/faces/javax.faces.resource/jquery/jquery-plugins.js?ln=primefaces&v=4.0 HTTP/1.1" 304 -
186.29.217.245 - - [03/Apr/2024:02:28:59 -0500] "GET /sipse/faces/javax.faces.resource/primefaces.js?ln=primefaces&v=4.0 HTTP/1.1" 304 -
186.29.217.245 - - [03/Apr/2024:02:28:59 -0500] "GET /sipse/faces/javax.faces.resource/layout/layout.js?ln=primefaces&v=4.0 HTTP/1.1" 304 -
186.29.217.245 - - [03/Apr/2024:02:29:43 -0500] "POST /sipse/faces/presentacion/financiero/solicitudProceso/consultar.xhtml HTTP/1.1" 200 12893
201.245.192.253 - - [03/Apr/2024:02:28:57 -0500] "POST /kwsrmcab/Wsrmcab HTTP/1.1" 200 39103
201.245.192.253 - - [03/Apr/2024:02:29:42 -0500] "POST /kwsrmcab/Wsrmcab HTTP/1.1" 200 39100
201.245.192.253 - - [03/Apr/2024:02:29:44 -0500] "POST /kwsrmcab/Wsrmcab HTTP/1.1" 200 39853
201.245.192.253 - - [03/Apr/2024:02:29:46 -0500] "POST /kwsrmcab/Wsrmcab  HTTP/1.1" 200 213
172.22.2.4 - - [03/Apr/2024:02:28:08 -0500] "HEAD /BLA/boletinlegal/ HTTP/1.1" 200 -
201.245.192.253 - - [03/Apr/2024:02:30:30 -0500] "POST /forms/lservlet;jsessionid=ac16012b30d66189f0c22d6a4c589cd0fb03154225f8.e3iSbxaKaheRe3iNc3uNbNmQay1ynknvrkLOlQzNp65In0 HTTP/1.1" 200 2
172.22.2.4 - - [03/Apr/2024:02:28:59 -0500] "GET /BLA/boletinlegal/ HTTP/1.1" 200 58273
201.245.192.253 - - [03/Apr/2024:02:30:48 -0500] "POST /forms/lservlet;jsessionid=ac16012b30d662c41b008f2848f8812f805002413222.e3iSbxaKaheRe3iNc3uNbNmQay1ynknvrkLOlQzNp65In0 HTTP/1.1" 200 2
52.167.144.230 - - [03/Apr/2024:02:31:18 -0500] "GET /BLA/resoluciones/RESOLUCIONES%202020/0916.pdf HTTP/1.1" 200 514403
186.29.217.245 - - [03/Apr/2024:02:31:36 -0500] "POST /sipse/faces/presentacion/financiero/solicitudProceso/consultar.xhtml HTTP/1.1" 200 12881
201.245.192.253 - - [03/Apr/2024:02:30:31 -0500] "POST /kwsrmcab/Wsrmcab HTTP/1.1" 200 39853
186.29.217.245 - - [03/Apr/2024:02:31:59 -0500] "POST /sipse/faces/presentacion/financiero/solicitudProceso/consultar.xhtml HTTP/1.1" 200 12823
216.245.221.92 - - [03/Apr/2024:02:32:13 -0500] "HEAD / HTTP/1.1" 200 -
201.245.192.253 - - [03/Apr/2024:02:32:30 -0500] "POST /forms/lservlet;jsessionid=ac16012b30d66189f0c22d6a4c589cd0fb03154225f8.e3iSbxaKaheRe3iNc3uNbNmQay1ynknvrkLOlQzNp65In0 HTTP/1.1" 200 2
201.245.192.253 - - [03/Apr/2024:02:32:48 -0500] "POST /forms/lservlet;jsessionid=ac16012b30d662c41b008f2848f8812f805002413222.e3iSbxaKaheRe3iNc3uNbNmQay1ynknvrkLOlQzNp65In0 HTTP/1.1" 200 2
216.244.66.195 - - [03/Apr/2024:02:33:40 -0500] "GET /robots.txt HTTP/1.1" 404 1018
201.245.192.253 - - [03/Apr/2024:02:34:30 -0500] "POST /forms/lservlet;jsessionid=ac16012b30d66189f0c22d6a4c589cd0fb03154225f8.e3iSbxaKaheRe3iNc3uNbNmQay1ynknvrkLOlQzNp65In0 HTTP/1.1" 200 2
201.245.192.253 - - [03/Apr/2024:02:34:48 -0500] "POST /forms/lservlet;jsessionid=ac16012b30d662c41b008f2848f8812f805002413222.e3iSbxaKaheRe3iNc3uNbNmQay1ynknvrkLOlQzNp65In0 HTTP/1.1" 200 2
172.22.2.4 - - [03/Apr/2024:02:33:58 -0500] "HEAD /BLA/boletinlegal/ HTTP/1.1" 200 -
172.22.2.4 - - [03/Apr/2024:02:34:49 -0500] "GET /BLA/boletinlegal/ HTTP/1.1" 200 60380
201.245.192.253 - - [03/Apr/2024:02:36:30 -0500] "POST /forms/lservlet;jsessionid=ac16012b30d66189f0c22d6a4c589cd0fb03154225f8.e3iSbxaKaheRe3iNc3uNbNmQay1ynknvrkLOlQzNp65In0 HTTP/1.1" 200 2
52.149.22.94 - - [03/Apr/2024:02:36:47 -0500] "GET /Publicaciones/2024EE54014.pdf HTTP/1.1" 404 227
201.245.192.253 - - [03/Apr/2024:02:36:48 -0500] "POST /forms/lservlet;jsessionid=ac16012b30d662c41b008f2848f8812f805002413222.e3iSbxaKaheRe3iNc3uNbNmQay1ynknvrkLOlQzNp65In0 HTTP/1.1" 200 2
201.245.192.253 - - [03/Apr/2024:02:34:44 -0500] "POST /kwsrmcab/Wsrmcab  HTTP/1.1" 200 213
216.245.221.92 - - [03/Apr/2024:02:37:13 -0500] "HEAD / HTTP/1.1" 200 -
201.245.192.253 - - [03/Apr/2024:02:38:30 -0500] "POST /forms/lservlet;jsessionid=ac16012b30d66189f0c22d6a4c589cd0fb03154225f8.e3iSbxaKaheRe3iNc3uNbNmQay1ynknvrkLOlQzNp65In0 HTTP/1.1" 200 2
172.22.2.4 - - [03/Apr/2024:02:38:35 -0500] "GET /BLA/boletinlegal/Circulares/023%09/CIRCULAR%20No.%2000013%20DEL%2012%20DE%20DICIEMBRE%20DEL%202023%09.pdf HTTP/1.1" 403 1026
201.245.192.253 - - [03/Apr/2024:02:38:48 -0500] "POST /forms/lservlet;jsessionid=ac16012b30d662c41b008f2848f8812f805002413222.e3iSbxaKaheRe3iNc3uNbNmQay1ynknvrkLOlQzNp65In0 HTTP/1.1" 200 2
201.245.192.253 - - [03/Apr/2024:02:38:57 -0500] "POST /kwsrmcab/Wsrmcab HTTP/1.1" 200 39103
201.245.192.253 - - [03/Apr/2024:02:38:58 -0500] "POST /kwsrmcab/Wsrmcab HTTP/1.1" 200 39853
201.245.192.253 - - [03/Apr/2024:02:39:42 -0500] "POST /kwsrmcab/Wsrmcab HTTP/1.1" 200 39100
201.245.192.253 - - [03/Apr/2024:02:39:43 -0500] "POST /kwsrmcab/Wsrmcab  HTTP/1.1" 200 213
20.197.112.227 - - [03/Apr/2024:02:39:48 -0500] "GET /Publicaciones/2023EE133314.pdf HTTP/1.1" 404 228
201.245.192.253 - - [03/Apr/2024:02:40:29 -0500] "POST /kwsrmcab/Wsrmcab HTTP/1.1" 200 39853
201.245.192.253 - - [03/Apr/2024:02:40:30 -0500] "POST /forms/lservlet;jsessionid=ac16012b30d66189f0c22d6a4c589cd0fb03154225f8.e3iSbxaKaheRe3iNc3uNbNmQay1ynknvrkLOlQzNp65In0 HTTP/1.1" 200 2
186.29.217.245 - - [03/Apr/2024:02:40:33 -0500] "POST /sipse/faces/presentacion/financiero/solicitudProceso/consultar.xhtml HTTP/1.1" 200 12899
201.245.192.253 - - [03/Apr/2024:02:40:48 -0500] "POST /forms/lservlet;jsessionid=ac16012b30d662c41b008f2848f8812f805002413222.e3iSbxaKaheRe3iNc3uNbNmQay1ynknvrkLOlQzNp65In0 HTTP/1.1" 200 2
186.29.217.245 - - [03/Apr/2024:02:40:49 -0500] "POST /sipse/faces/presentacion/financiero/solicitudProceso/consultar.xhtml HTTP/1.1" 200 12891
172.22.2.4 - - [03/Apr/2024:02:39:48 -0500] "HEAD /BLA/boletinlegal/ HTTP/1.1" 200 -
216.245.221.92 - - [03/Apr/2024:02:42:13 -0500] "HEAD / HTTP/1.1" 200 -
172.22.2.4 - - [03/Apr/2024:02:40:39 -0500] "GET /BLA/boletinlegal/ HTTP/1.1" 200 57136
201.245.192.253 - - [03/Apr/2024:02:42:30 -0500] "POST /forms/lservlet;jsessionid=ac16012b30d66189f0c22d6a4c589cd0fb03154225f8.e3iSbxaKaheRe3iNc3uNbNmQay1ynknvrkLOlQzNp65In0 HTTP/1.1" 200 2
201.245.192.253 - - [03/Apr/2024:02:42:48 -0500] "POST /forms/lservlet;jsessionid=ac16012b30d662c41b008f2848f8812f805002413222.e3iSbxaKaheRe3iNc3uNbNmQay1ynknvrkLOlQzNp65In0 HTTP/1.1" 200 2
201.245.192.253 - - [03/Apr/2024:02:44:30 -0500] "POST /forms/lservlet;jsessionid=ac16012b30d66189f0c22d6a4c589cd0fb03154225f8.e3iSbxaKaheRe3iNc3uNbNmQay1ynknvrkLOlQzNp65In0 HTTP/1.1" 200 2
167.94.146.60 - - [03/Apr/2024:02:44:37 -0500] "GET / HTTP/1.1" 200 319
167.94.146.60 - - [03/Apr/2024:02:44:40 -0500] "GET / HTTP/1.1" 200 319
167.94.146.60 - - [03/Apr/2024:02:44:41 -0500] "PRI * HTTP/2.0" 400 946
201.245.192.253 - - [03/Apr/2024:02:44:41 -0500] "POST /kwsrmcab/Wsrmcab  HTTP/1.1" 200 213
167.94.146.60 - - [03/Apr/2024:02:44:41 -0500] "GET /favicon.ico HTTP/1.1" 200 7782
201.245.192.253 - - [03/Apr/2024:02:44:48 -0500] "POST /forms/lservlet;jsessionid=ac16012b30d662c41b008f2848f8812f805002413222.e3iSbxaKaheRe3iNc3uNbNmQay1ynknvrkLOlQzNp65In0 HTTP/1.1" 200 2
186.29.217.245 - - [03/Apr/2024:02:45:10 -0500] "POST /sipse/faces/presentacion/financiero/solicitudProceso/consultar.xhtml HTTP/1.1" 200 12899
186.29.217.245 - - [03/Apr/2024:02:45:29 -0500] "POST /sipse/faces/presentacion/financiero/solicitudProceso/consultar.xhtml HTTP/1.1" 200 12891
186.29.217.245 - - [03/Apr/2024:02:45:56 -0500] "POST /sipse/faces/presentacion/financiero/solicitudProceso/consultar.xhtml HTTP/1.1" 200 12881
186.29.217.245 - - [03/Apr/2024:02:46:08 -0500] "POST /sipse/faces/presentacion/financiero/solicitudProceso/consultar.xhtml HTTP/1.1" 200 134510
186.29.217.245 - - [03/Apr/2024:02:46:09 -0500] "GET /sipse/faces/javax.faces.resource/theme.css?ln=primefaces-sipse HTTP/1.1" 304 -
186.29.217.245 - - [03/Apr/2024:02:46:09 -0500] "GET /sipse/faces/javax.faces.resource/primefaces.css?ln=primefaces&v=4.0 HTTP/1.1" 304 -
186.29.217.245 - - [03/Apr/2024:02:46:09 -0500] "GET /sipse/faces/javax.faces.resource/layout/layout.css?ln=primefaces&v=4.0 HTTP/1.1" 304 -
186.29.217.245 - - [03/Apr/2024:02:46:09 -0500] "GET /sipse/css/imagen/contrasena.png HTTP/1.1" 404 383
186.29.217.245 - - [03/Apr/2024:02:46:09 -0500] "GET /sipse/faces/javax.faces.resource/jquery/jquery.js?ln=primefaces&v=4.0 HTTP/1.1" 304 -
186.29.217.245 - - [03/Apr/2024:02:46:09 -0500] "GET /sipse/faces/javax.faces.resource/jquery/jquery-plugins.js?ln=primefaces&v=4.0 HTTP/1.1" 304 -
186.29.217.245 - - [03/Apr/2024:02:46:09 -0500] "GET /sipse/faces/javax.faces.resource/primefaces.js?ln=primefaces&v=4.0 HTTP/1.1" 304 -
186.29.217.245 - - [03/Apr/2024:02:46:09 -0500] "GET /sipse/faces/javax.faces.resource/layout/layout.js?ln=primefaces&v=4.0 HTTP/1.1" 304 -
186.29.217.245 - - [03/Apr/2024:02:46:12 -0500] "POST /sipse/faces/presentacion/financiero/solicitudProceso/consultarSolicitudProceso.xhtml HTTP/1.1" 200 38552
186.29.217.245 - - [03/Apr/2024:02:46:13 -0500] "GET /sipse/faces/javax.faces.resource/theme.css?ln=primefaces-sipse HTTP/1.1" 304 -
186.29.217.245 - - [03/Apr/2024:02:46:13 -0500] "GET /sipse/faces/javax.faces.resource/layout/layout.css?ln=primefaces&v=4.0 HTTP/1.1" 304 -
186.29.217.245 - - [03/Apr/2024:02:46:13 -0500] "GET /sipse/faces/javax.faces.resource/primefaces.css?ln=primefaces&v=4.0 HTTP/1.1" 304 -
186.29.217.245 - - [03/Apr/2024:02:46:13 -0500] "GET /sipse/faces/javax.faces.resource/jquery/jquery-plugins.js?ln=primefaces&v=4.0 HTTP/1.1" 304 -
186.29.217.245 - - [03/Apr/2024:02:46:13 -0500] "GET /sipse/faces/javax.faces.resource/jquery/jquery.js?ln=primefaces&v=4.0 HTTP/1.1" 304 -
186.29.217.245 - - [03/Apr/2024:02:46:13 -0500] "GET /sipse/faces/javax.faces.resource/primefaces.js?ln=primefaces&v=4.0 HTTP/1.1" 304 -
186.29.217.245 - - [03/Apr/2024:02:46:13 -0500] "GET /sipse/faces/javax.faces.resource/layout/layout.js?ln=primefaces&v=4.0 HTTP/1.1" 304 -
186.29.217.245 - - [03/Apr/2024:02:46:13 -0500] "GET /sipse/css/imagen/contrasena.png HTTP/1.1" 404 383
186.29.217.245 - - [03/Apr/2024:02:46:13 -0500] "GET /sipse/faces/javax.faces.resource/images/ui-icons_898989_256x240.png?ln=primefaces-aristo HTTP/1.1" 304 -
186.29.217.245 - - [03/Apr/2024:02:46:17 -0500] "GET /sipse/faces/javax.faces.resource/images/ui-bg_flat_0_2d5972_40x100.png?ln=primefaces-aristo HTTP/1.1" 304 -
186.29.217.245 - - [03/Apr/2024:02:46:17 -0500] "POST /sipse/faces/presentacion/financiero/solicitudProceso/consultarHistorialSolProceso.xhtml HTTP/1.1" 200 42100
186.29.217.245 - - [03/Apr/2024:02:46:17 -0500] "GET /sipse/faces/javax.faces.resource/theme.css?ln=primefaces-sipse HTTP/1.1" 304 -
186.29.217.245 - - [03/Apr/2024:02:46:17 -0500] "GET /sipse/faces/javax.faces.resource/layout/layout.css?ln=primefaces&v=4.0 HTTP/1.1" 304 -
186.29.217.245 - - [03/Apr/2024:02:46:17 -0500] "GET /sipse/faces/javax.faces.resource/primefaces.css?ln=primefaces&v=4.0 HTTP/1.1" 304 -
186.29.217.245 - - [03/Apr/2024:02:46:17 -0500] "GET /sipse/faces/javax.faces.resource/jquery/jquery.js?ln=primefaces&v=4.0 HTTP/1.1" 304 -
186.29.217.245 - - [03/Apr/2024:02:46:17 -0500] "GET /sipse/faces/javax.faces.resource/jquery/jquery-plugins.js?ln=primefaces&v=4.0 HTTP/1.1" 304 -
186.29.217.245 - - [03/Apr/2024:02:46:17 -0500] "GET /sipse/faces/javax.faces.resource/primefaces.js?ln=primefaces&v=4.0 HTTP/1.1" 304 -
186.29.217.245 - - [03/Apr/2024:02:46:17 -0500] "GET /sipse/faces/javax.faces.resource/layout/layout.js?ln=primefaces&v=4.0 HTTP/1.1" 304 -
201.245.192.253 - - [03/Apr/2024:02:46:30 -0500] "POST /forms/lservlet;jsessionid=ac16012b30d66189f0c22d6a4c589cd0fb03154225f8.e3iSbxaKaheRe3iNc3uNbNmQay1ynknvrkLOlQzNp65In0 HTTP/1.1" 200 2
186.29.217.245 - - [03/Apr/2024:02:46:32 -0500] "POST /sipse/faces/presentacion/financiero/solicitudProceso/consultar.xhtml HTTP/1.1" 200 12936
201.245.192.253 - - [03/Apr/2024:02:46:48 -0500] "POST /forms/lservlet;jsessionid=ac16012b30d662c41b008f2848f8812f805002413222.e3iSbxaKaheRe3iNc3uNbNmQay1ynknvrkLOlQzNp65In0 HTTP/1.1" 200 2
216.245.221.92 - - [03/Apr/2024:02:47:13 -0500] "HEAD / HTTP/1.1" 200 -
172.22.2.4 - - [03/Apr/2024:02:45:38 -0500] "HEAD /BLA/boletinlegal/ HTTP/1.1" 200 -
186.29.217.245 - - [03/Apr/2024:02:47:23 -0500] "POST /sipse/faces/presentacion/financiero/solicitudProceso/consultar.xhtml HTTP/1.1" 200 12952
216.244.66.195 - - [03/Apr/2024:02:47:27 -0500] "GET /BLA/resoluciones/AUTOS%202016/2701.pdf HTTP/1.1" 200 696175
186.29.217.245 - - [03/Apr/2024:02:47:53 -0500] "POST /sipse/faces/presentacion/financiero/solicitudProceso/consultar.xhtml HTTP/1.1" 200 12944
