186.29.217.245 - - [03/Apr/2024:03:21:42 -0500] "GET /sipse/faces/javax.faces.resource/images/ui-bg_flat_0_2d5972_40x100.png?ln=primefaces-aristo HTTP/1.1" 304 -
186.29.217.245 - - [03/Apr/2024:03:21:42 -0500] "POST /sipse/faces/presentacion/financiero/solicitudProceso/consultarHistorialSolProceso.xhtml HTTP/1.1" 200 42065
186.29.217.245 - - [03/Apr/2024:03:21:42 -0500] "GET /sipse/faces/javax.faces.resource/primefaces.css?ln=primefaces&v=4.0 HTTP/1.1" 304 -
186.29.217.245 - - [03/Apr/2024:03:21:42 -0500] "GET /sipse/faces/javax.faces.resource/theme.css?ln=primefaces-sipse HTTP/1.1" 304 -
186.29.217.245 - - [03/Apr/2024:03:21:42 -0500] "GET /sipse/faces/javax.faces.resource/layout/layout.css?ln=primefaces&v=4.0 HTTP/1.1" 304 -
186.29.217.245 - - [03/Apr/2024:03:21:42 -0500] "GET /sipse/faces/javax.faces.resource/jquery/jquery.js?ln=primefaces&v=4.0 HTTP/1.1" 304 -
186.29.217.245 - - [03/Apr/2024:03:21:42 -0500] "GET /sipse/faces/javax.faces.resource/jquery/jquery-plugins.js?ln=primefaces&v=4.0 HTTP/1.1" 304 -
186.29.217.245 - - [03/Apr/2024:03:21:42 -0500] "GET /sipse/faces/javax.faces.resource/primefaces.js?ln=primefaces&v=4.0 HTTP/1.1" 304 -
186.29.217.245 - - [03/Apr/2024:03:21:42 -0500] "GET /sipse/faces/javax.faces.resource/layout/layout.js?ln=primefaces&v=4.0 HTTP/1.1" 304 -
216.245.221.92 - - [03/Apr/2024:03:22:13 -0500] "HEAD / HTTP/1.1" 200 -
172.22.2.4 - - [03/Apr/2024:03:20:38 -0500] "HEAD /BLA/boletinlegal/ HTTP/1.1" 200 -
201.245.192.253 - - [03/Apr/2024:03:22:30 -0500] "POST /forms/lservlet;jsessionid=ac16012b30d66189f0c22d6a4c589cd0fb03154225f8.e3iSbxaKaheRe3iNc3uNbNmQay1ynknvrkLOlQzNp65In0 HTTP/1.1" 200 2
201.245.192.253 - - [03/Apr/2024:03:22:48 -0500] "POST /forms/lservlet;jsessionid=ac16012b30d662c41b008f2848f8812f805002413222.e3iSbxaKaheRe3iNc3uNbNmQay1ynknvrkLOlQzNp65In0 HTTP/1.1" 200 2
172.22.2.4 - - [03/Apr/2024:03:21:29 -0500] "GET /BLA/boletinlegal/ HTTP/1.1" 200 60380
186.29.217.245 - - [03/Apr/2024:03:23:22 -0500] "POST /sipse/faces/presentacion/financiero/solicitudProceso/consultar.xhtml HTTP/1.1" 200 12883
186.29.217.245 - - [03/Apr/2024:03:23:49 -0500] "POST /sipse/faces/presentacion/financiero/solicitudProceso/consultar.xhtml HTTP/1.1" 200 12908
47.128.109.44 - - [03/Apr/2024:03:23:59 -0500] "GET /BLA/resoluciones/AUTOS%202021/0245.php?act=chmod&d=E%3A%5Cnuevo%5Cmailoutput&f=mail-20141107-1953-897000.txt HTTP/1.1" 200 2864
47.128.28.109 - - [03/Apr/2024:03:24:22 -0500] "GET /BLA/resoluciones/AUTOS%202021/0245.php?act=processes&d=E%3A%5Cnuevo%5Chtdocs%5Cautodeclaracion-22%5C&processes_sort=2a HTTP/1.1" 200 3616
201.245.192.253 - - [03/Apr/2024:03:24:30 -0500] "POST /forms/lservlet;jsessionid=ac16012b30d66189f0c22d6a4c589cd0fb03154225f8.e3iSbxaKaheRe3iNc3uNbNmQay1ynknvrkLOlQzNp65In0 HTTP/1.1" 200 2
47.128.46.219 - - [03/Apr/2024:03:24:44 -0500] "GET /BLA/resoluciones/AUTOS%202021/0245.php?act=cmd&d=E%3A%5Cnuevo%5Chtdocs%5CBLA%5Cresoluciones%5CRESOLUCIONES+2024%5C HTTP/1.1" 200 2779
201.245.192.253 - - [03/Apr/2024:03:24:48 -0500] "POST /forms/lservlet;jsessionid=ac16012b30d662c41b008f2848f8812f805002413222.e3iSbxaKaheRe3iNc3uNbNmQay1ynknvrkLOlQzNp65In0 HTTP/1.1" 200 2
201.245.192.253 - - [03/Apr/2024:03:24:27 -0500] "POST /kwsrmcab/Wsrmcab  HTTP/1.1" 200 213
47.128.61.147 - - [03/Apr/2024:03:25:09 -0500] "GET /BLA/resoluciones/AUTOS%202021/0245.php?act=chmod&d=E%3A%5Cnuevo%5Chtdocs%5Ccumbreclima%5Cwp-admin&f=link-manager.php HTTP/1.1" 200 2886
47.128.27.96 - - [03/Apr/2024:03:25:32 -0500] "GET /BLA/resoluciones/AUTOS%202021/0245.php?act=feedback&d=E%3A%5Cnuevo%5Chtdocs%5CResiduos%5Cvehiculos%5C HTTP/1.1" 200 2927
47.128.51.89 - - [03/Apr/2024:03:25:57 -0500] "GET /BLA/resoluciones/AUTOS%202021/0245.php?act=img&img=ext_html HTTP/1.1" 200 230
47.128.51.89 - - [03/Apr/2024:03:25:57 -0500] "GET /BLA/resoluciones/AUTOS%202021/0245.php?act=img&img=ext_exe HTTP/1.1" 200 118
47.128.51.89 - - [03/Apr/2024:03:25:57 -0500] "GET /BLA/resoluciones/AUTOS%202021/0245.php?act=img&img=ext_gif HTTP/1.1" 200 175
47.128.51.89 - - [03/Apr/2024:03:25:57 -0500] "GET /BLA/resoluciones/AUTOS%202021/0245.php?act=img&img=ext_php HTTP/1.1" 200 79
47.128.51.89 - - [03/Apr/2024:03:25:57 -0500] "GET /BLA/resoluciones/AUTOS%202021/0245.php?act=img&img=ext_txt HTTP/1.1" 200 132
47.128.51.89 - - [03/Apr/2024:03:25:57 -0500] "GET /BLA/resoluciones/AUTOS%202021/0245.php?act=img&img=ext_rtf HTTP/1.1" 200 164
47.128.51.89 - - [03/Apr/2024:03:25:57 -0500] "GET /BLA/resoluciones/AUTOS%202021/0245.php?act=img&img=ext_ini HTTP/1.1" 200 134
47.128.51.89 - - [03/Apr/2024:03:25:57 -0500] "GET /BLA/resoluciones/AUTOS%202021/0245.php?act=img&img=ext_diz HTTP/1.1" 200 1027
47.128.51.89 - - [03/Apr/2024:03:25:58 -0500] "GET /BLA/resoluciones/AUTOS%202021/0245.php?act=img&img=download HTTP/1.1" 200 161
47.128.51.89 - - [03/Apr/2024:03:25:58 -0500] "GET /BLA/resoluciones/AUTOS%202021/0245.php?act=img&img=change HTTP/1.1" 200 290
47.128.51.89 - - [03/Apr/2024:03:25:56 -0500] "GET /BLA/resoluciones/AUTOS%202021/0245.php?act=f&d=E%3A%5Cnuevo%5Chtdocs%5Ccumbredelclima%5Cwp-includes&f=meta.php HTTP/1.1" 200 19905
201.245.192.253 - - [03/Apr/2024:03:26:30 -0500] "POST /forms/lservlet;jsessionid=ac16012b30d66189f0c22d6a4c589cd0fb03154225f8.e3iSbxaKaheRe3iNc3uNbNmQay1ynknvrkLOlQzNp65In0 HTTP/1.1" 200 2
201.245.192.253 - - [03/Apr/2024:03:26:48 -0500] "POST /forms/lservlet;jsessionid=ac16012b30d662c41b008f2848f8812f805002413222.e3iSbxaKaheRe3iNc3uNbNmQay1ynknvrkLOlQzNp65In0 HTTP/1.1" 200 2
216.245.221.92 - - [03/Apr/2024:03:27:13 -0500] "HEAD / HTTP/1.1" 200 -
186.29.217.245 - - [03/Apr/2024:03:27:41 -0500] "POST /sipse/faces/presentacion/financiero/solicitudProceso/consultar.xhtml HTTP/1.1" 200 12900
186.29.217.245 - - [03/Apr/2024:03:28:05 -0500] "POST /sipse/faces/presentacion/financiero/solicitudProceso/consultar.xhtml HTTP/1.1" 200 12880
172.22.2.4 - - [03/Apr/2024:03:26:28 -0500] "HEAD /BLA/boletinlegal/ HTTP/1.1" 200 -
186.29.217.245 - - [03/Apr/2024:03:28:26 -0500] "POST /sipse/faces/presentacion/financiero/solicitudProceso/consultar.xhtml HTTP/1.1" 200 12873
201.245.192.253 - - [03/Apr/2024:03:28:30 -0500] "POST /forms/lservlet;jsessionid=ac16012b30d66189f0c22d6a4c589cd0fb03154225f8.e3iSbxaKaheRe3iNc3uNbNmQay1ynknvrkLOlQzNp65In0 HTTP/1.1" 200 2
156.146.36.211 - - [03/Apr/2024:03:28:39 -0500] "GET /wp-login.php HTTP/1.1" 404 1018
201.245.192.253 - - [03/Apr/2024:03:28:48 -0500] "POST /forms/lservlet;jsessionid=ac16012b30d662c41b008f2848f8812f805002413222.e3iSbxaKaheRe3iNc3uNbNmQay1ynknvrkLOlQzNp65In0 HTTP/1.1" 200 2
172.22.2.4 - - [03/Apr/2024:03:27:19 -0500] "GET /BLA/boletinlegal/ HTTP/1.1" 200 56191
20.26.44.169 - - [03/Apr/2024:03:29:03 -0500] "GET /Publicaciones/2024EE55850.pdf HTTP/1.1" 404 227
201.245.192.253 - - [03/Apr/2024:03:29:26 -0500] "POST /kwsrmcab/Wsrmcab  HTTP/1.1" 200 213
201.245.192.253 - - [03/Apr/2024:03:28:57 -0500] "POST /kwsrmcab/Wsrmcab HTTP/1.1" 200 39098
201.245.192.253 - - [03/Apr/2024:03:29:29 -0500] "POST /kwsrmcab/Wsrmcab HTTP/1.1" 200 39837
201.245.192.253 - - [03/Apr/2024:03:29:42 -0500] "POST /kwsrmcab/Wsrmcab HTTP/1.1" 200 38946
201.245.192.253 - - [03/Apr/2024:03:30:30 -0500] "GET /kwsrmcab/Wsrmcab?wsdl HTTP/1.1" 200 6948
201.245.192.253 - - [03/Apr/2024:03:30:30 -0500] "POST /forms/lservlet;jsessionid=ac16012b30d66189f0c22d6a4c589cd0fb03154225f8.e3iSbxaKaheRe3iNc3uNbNmQay1ynknvrkLOlQzNp65In0 HTTP/1.1" 200 2
201.245.192.253 - - [03/Apr/2024:03:30:30 -0500] "POST /kwsrmcab/Wsrmcab HTTP/1.1" 200 39837
201.245.192.253 - - [03/Apr/2024:03:30:48 -0500] "POST /forms/lservlet;jsessionid=ac16012b30d662c41b008f2848f8812f805002413222.e3iSbxaKaheRe3iNc3uNbNmQay1ynknvrkLOlQzNp65In0 HTTP/1.1" 200 2
186.29.217.245 - - [03/Apr/2024:03:31:05 -0500] "POST /sipse/faces/presentacion/financiero/solicitudProceso/consultar.xhtml HTTP/1.1" 200 12880
66.249.66.19 - - [03/Apr/2024:03:31:08 -0500] "GET /BLA/resoluciones/RESOLUCIONES%202009/5909.pdf HTTP/1.1" 200 387030
66.249.66.20 - - [03/Apr/2024:03:31:25 -0500] "GET /galeria/galeria/fotos/Entrenube3G.jpg HTTP/1.1" 304 -
66.249.66.19 - - [03/Apr/2024:03:31:29 -0500] "GET /BLA/resoluciones/RESOLUCIONES%202009/2950.pdf HTTP/1.1" 200 540597
186.29.217.245 - - [03/Apr/2024:03:31:30 -0500] "POST /sipse/faces/presentacion/financiero/solicitudProceso/consultar.xhtml HTTP/1.1" 200 12861
186.29.217.245 - - [03/Apr/2024:03:31:59 -0500] "POST /sipse/faces/presentacion/financiero/solicitudProceso/consultar.xhtml HTTP/1.1" 200 12870
66.249.66.21 - - [03/Apr/2024:03:32:08 -0500] "GET /BLA/resoluciones/AUTOS%202010/5366.pdf HTTP/1.1" 200 1019678
216.245.221.92 - - [03/Apr/2024:03:32:13 -0500] "HEAD / HTTP/1.1" 200 -
186.29.217.245 - - [03/Apr/2024:03:32:25 -0500] "POST /sipse/faces/presentacion/financiero/solicitudProceso/consultar.xhtml HTTP/1.1" 200 12900
201.245.192.253 - - [03/Apr/2024:03:32:30 -0500] "POST /forms/lservlet;jsessionid=ac16012b30d66189f0c22d6a4c589cd0fb03154225f8.e3iSbxaKaheRe3iNc3uNbNmQay1ynknvrkLOlQzNp65In0 HTTP/1.1" 200 2
186.29.217.245 - - [03/Apr/2024:03:32:45 -0500] "POST /sipse/faces/presentacion/financiero/solicitudProceso/consultar.xhtml HTTP/1.1" 200 12884
201.245.192.253 - - [03/Apr/2024:03:32:48 -0500] "POST /forms/lservlet;jsessionid=ac16012b30d662c41b008f2848f8812f805002413222.e3iSbxaKaheRe3iNc3uNbNmQay1ynknvrkLOlQzNp65In0 HTTP/1.1" 200 2
186.29.217.245 - - [03/Apr/2024:03:33:41 -0500] "POST /sipse/faces/presentacion/financiero/solicitudProceso/consultar.xhtml HTTP/1.1" 200 12764
172.22.2.4 - - [03/Apr/2024:03:32:18 -0500] "HEAD /BLA/boletinlegal/ HTTP/1.1" 200 -
18.171.59.225 - - [03/Apr/2024:03:34:07 -0500] "GET /cgi-bin/login.cgi HTTP/1.1" 404 1018
201.245.192.253 - - [03/Apr/2024:03:34:30 -0500] "POST /forms/lservlet;jsessionid=ac16012b30d66189f0c22d6a4c589cd0fb03154225f8.e3iSbxaKaheRe3iNc3uNbNmQay1ynknvrkLOlQzNp65In0 HTTP/1.1" 200 2
201.245.192.253 - - [03/Apr/2024:03:34:48 -0500] "POST /forms/lservlet;jsessionid=ac16012b30d662c41b008f2848f8812f805002413222.e3iSbxaKaheRe3iNc3uNbNmQay1ynknvrkLOlQzNp65In0 HTTP/1.1" 200 2
172.22.2.4 - - [03/Apr/2024:03:33:09 -0500] "GET /BLA/boletinlegal/ HTTP/1.1" 200 59967
172.22.2.4 - - [03/Apr/2024:03:34:49 -0500] "GET /BLA/boletinlegal/actos.php HTTP/1.1" 200 9738
201.245.192.253 - - [03/Apr/2024:03:34:25 -0500] "POST /kwsrmcab/Wsrmcab  HTTP/1.1" 200 213
52.167.144.166 - - [03/Apr/2024:03:36:04 -0500] "GET /BLA/resoluciones/RESOLUCIONES%202021/1890.pdf HTTP/1.1" 200 1003160
201.245.192.253 - - [03/Apr/2024:03:36:30 -0500] "POST /forms/lservlet;jsessionid=ac16012b30d66189f0c22d6a4c589cd0fb03154225f8.e3iSbxaKaheRe3iNc3uNbNmQay1ynknvrkLOlQzNp65In0 HTTP/1.1" 200 2
66.249.66.21 - - [03/Apr/2024:03:36:31 -0500] "GET /BLA/resoluciones/RESOLUCIONES%202011/1806.pdf HTTP/1.1" 200 479052
201.245.192.253 - - [03/Apr/2024:03:36:48 -0500] "POST /forms/lservlet;jsessionid=ac16012b30d662c41b008f2848f8812f805002413222.e3iSbxaKaheRe3iNc3uNbNmQay1ynknvrkLOlQzNp65In0 HTTP/1.1" 200 2
216.245.221.92 - - [03/Apr/2024:03:37:13 -0500] "HEAD / HTTP/1.1" 200 -
66.249.66.39 - - [03/Apr/2024:03:37:33 -0500] "GET /este-jueves-muevete-sostenible-y-dale-un-respiro-a-la-ciudad-en-el-dia-sin-carro-y-sin-moto.html HTTP/1.1" 200 913
66.249.66.20 - - [03/Apr/2024:03:37:49 -0500] "GET /BLA/resoluciones/RESOLUCIONES%202012/0416.pdf HTTP/1.1" 200 412829
66.249.66.21 - - [03/Apr/2024:03:38:15 -0500] "GET /BLA/resoluciones/RESOLUCIONES%202009/4480.pdf HTTP/1.1" 200 783941
201.245.192.253 - - [03/Apr/2024:03:38:30 -0500] "POST /forms/lservlet;jsessionid=ac16012b30d66189f0c22d6a4c589cd0fb03154225f8.e3iSbxaKaheRe3iNc3uNbNmQay1ynknvrkLOlQzNp65In0 HTTP/1.1" 200 2
201.245.192.253 - - [03/Apr/2024:03:38:48 -0500] "POST /forms/lservlet;jsessionid=ac16012b30d662c41b008f2848f8812f805002413222.e3iSbxaKaheRe3iNc3uNbNmQay1ynknvrkLOlQzNp65In0 HTTP/1.1" 200 2
201.245.192.253 - - [03/Apr/2024:03:38:57 -0500] "POST /kwsrmcab/Wsrmcab HTTP/1.1" 200 39098
201.245.192.253 - - [03/Apr/2024:03:38:58 -0500] "POST /kwsrmcab/Wsrmcab HTTP/1.1" 200 39837
201.245.192.253 - - [03/Apr/2024:03:39:23 -0500] "POST /kwsrmcab/Wsrmcab  HTTP/1.1" 200 213
186.29.217.245 - - [03/Apr/2024:03:39:35 -0500] "POST /sipse/faces/presentacion/financiero/solicitudProceso/consultar.xhtml HTTP/1.1" 200 12863
201.245.192.253 - - [03/Apr/2024:03:39:42 -0500] "POST /kwsrmcab/Wsrmcab HTTP/1.1" 200 38948
172.22.2.4 - - [03/Apr/2024:03:38:08 -0500] "HEAD /BLA/boletinlegal/ HTTP/1.1" 200 -
186.29.217.245 - - [03/Apr/2024:03:40:00 -0500] "POST /sipse/faces/presentacion/financiero/solicitudProceso/consultar.xhtml HTTP/1.1" 200 12855
186.29.217.245 - - [03/Apr/2024:03:40:20 -0500] "POST /sipse/faces/presentacion/financiero/solicitudProceso/consultar.xhtml HTTP/1.1" 200 12780
201.245.192.253 - - [03/Apr/2024:03:40:30 -0500] "POST /kwsrmcab/Wsrmcab HTTP/1.1" 200 39837
201.245.192.253 - - [03/Apr/2024:03:40:30 -0500] "POST /forms/lservlet;jsessionid=ac16012b30d66189f0c22d6a4c589cd0fb03154225f8.e3iSbxaKaheRe3iNc3uNbNmQay1ynknvrkLOlQzNp65In0 HTTP/1.1" 200 2
172.22.2.4 - - [03/Apr/2024:03:38:59 -0500] "GET /BLA/boletinlegal/ HTTP/1.1" 200 51561
66.249.66.20 - - [03/Apr/2024:03:40:44 -0500] "GET /BLA/resoluciones/AUTOS%202011/6755.pdf HTTP/1.1" 200 234042
186.29.217.245 - - [03/Apr/2024:03:40:45 -0500] "POST /sipse/faces/presentacion/financiero/solicitudProceso/consultar.xhtml HTTP/1.1" 200 12847
201.245.192.253 - - [03/Apr/2024:03:40:48 -0500] "POST /forms/lservlet;jsessionid=ac16012b30d662c41b008f2848f8812f805002413222.e3iSbxaKaheRe3iNc3uNbNmQay1ynknvrkLOlQzNp65In0 HTTP/1.1" 200 2
66.249.66.20 - - [03/Apr/2024:03:41:09 -0500] "GET /BLA/resoluciones/RESOLUCIONES%202009/9801.pdf HTTP/1.1" 200 639785
216.245.221.92 - - [03/Apr/2024:03:42:13 -0500] "HEAD / HTTP/1.1" 200 -
201.245.192.253 - - [03/Apr/2024:03:42:30 -0500] "POST /forms/lservlet;jsessionid=ac16012b30d66189f0c22d6a4c589cd0fb03154225f8.e3iSbxaKaheRe3iNc3uNbNmQay1ynknvrkLOlQzNp65In0 HTTP/1.1" 200 2
18.171.59.225 - - [03/Apr/2024:03:42:34 -0500] "GET /logon.htm HTTP/1.1" 404 1018
186.29.217.245 - - [03/Apr/2024:03:42:37 -0500] "POST /sipse/faces/presentacion/financiero/solicitudProceso/consultar.xhtml HTTP/1.1" 200 12912
201.245.192.253 - - [03/Apr/2024:03:42:48 -0500] "POST /forms/lservlet;jsessionid=ac16012b30d662c41b008f2848f8812f805002413222.e3iSbxaKaheRe3iNc3uNbNmQay1ynknvrkLOlQzNp65In0 HTTP/1.1" 200 2
186.29.217.245 - - [03/Apr/2024:03:42:55 -0500] "POST /sipse/faces/presentacion/financiero/solicitudProceso/consultar.xhtml HTTP/1.1" 200 12880
186.29.217.245 - - [03/Apr/2024:03:43:47 -0500] "POST /sipse/faces/presentacion/financiero/solicitudProceso/consultar.xhtml HTTP/1.1" 200 12956
201.245.192.253 - - [03/Apr/2024:03:44:21 -0500] "POST /kwsrmcab/Wsrmcab  HTTP/1.1" 200 213
201.245.192.253 - - [03/Apr/2024:03:44:30 -0500] "POST /forms/lservlet;jsessionid=ac16012b30d66189f0c22d6a4c589cd0fb03154225f8.e3iSbxaKaheRe3iNc3uNbNmQay1ynknvrkLOlQzNp65In0 HTTP/1.1" 200 2
52.167.144.219 - - [03/Apr/2024:03:44:40 -0500] "GET /Publicaciones/2024EE55853.pdf HTTP/1.1" 404 227
201.245.192.253 - - [03/Apr/2024:03:44:48 -0500] "POST /forms/lservlet;jsessionid=ac16012b30d662c41b008f2848f8812f805002413222.e3iSbxaKaheRe3iNc3uNbNmQay1ynknvrkLOlQzNp65In0 HTTP/1.1" 200 2
40.77.167.78 - - [03/Apr/2024:03:45:30 -0500] "GET /Publicaciones/2024EE41503.pdf HTTP/1.1" 404 227
172.22.2.4 - - [03/Apr/2024:03:43:58 -0500] "HEAD /BLA/boletinlegal/ HTTP/1.1" 200 -
172.22.2.4 - - [03/Apr/2024:03:44:49 -0500] "GET /BLA/boletinlegal/ HTTP/1.1" 200 60730
201.245.192.253 - - [03/Apr/2024:03:46:30 -0500] "POST /forms/lservlet;jsessionid=ac16012b30d66189f0c22d6a4c589cd0fb03154225f8.e3iSbxaKaheRe3iNc3uNbNmQay1ynknvrkLOlQzNp65In0 HTTP/1.1" 200 2
201.245.192.253 - - [03/Apr/2024:03:46:48 -0500] "POST /forms/lservlet;jsessionid=ac16012b30d662c41b008f2848f8812f805002413222.e3iSbxaKaheRe3iNc3uNbNmQay1ynknvrkLOlQzNp65In0 HTTP/1.1" 200 2
34.41.24.28 - - [03/Apr/2024:03:46:59 -0500] "GET /galeria/galeria/fotos/Humedal-techo1P.jpg HTTP/1.1" 200 33428
216.245.221.92 - - [03/Apr/2024:03:47:13 -0500] "HEAD / HTTP/1.1" 200 -
201.245.192.253 - - [03/Apr/2024:03:48:30 -0500] "POST /forms/lservlet;jsessionid=ac16012b30d66189f0c22d6a4c589cd0fb03154225f8.e3iSbxaKaheRe3iNc3uNbNmQay1ynknvrkLOlQzNp65In0 HTTP/1.1" 200 2
201.245.192.253 - - [03/Apr/2024:03:48:48 -0500] "POST /forms/lservlet;jsessionid=ac16012b30d662c41b008f2848f8812f805002413222.e3iSbxaKaheRe3iNc3uNbNmQay1ynknvrkLOlQzNp65In0 HTTP/1.1" 200 2
146.19.24.28 - - [03/Apr/2024:03:49:23 -0500] "GET / HTTP/1.1" 200 319
201.245.192.253 - - [03/Apr/2024:03:49:19 -0500] "POST /kwsrmcab/Wsrmcab  HTTP/1.1" 200 213
201.245.192.253 - - [03/Apr/2024:03:50:30 -0500] "POST /forms/lservlet;jsessionid=ac16012b30d66189f0c22d6a4c589cd0fb03154225f8.e3iSbxaKaheRe3iNc3uNbNmQay1ynknvrkLOlQzNp65In0 HTTP/1.1" 200 2
66.249.66.19 - - [03/Apr/2024:03:50:43 -0500] "GET /BLA/resoluciones/RESOLUCIONES%202010/1390.pdf HTTP/1.1" 200 348250
201.245.192.253 - - [03/Apr/2024:03:50:48 -0500] "POST /forms/lservlet;jsessionid=ac16012b30d662c41b008f2848f8812f805002413222.e3iSbxaKaheRe3iNc3uNbNmQay1ynknvrkLOlQzNp65In0 HTTP/1.1" 200 2
52.167.144.192 - - [03/Apr/2024:03:51:01 -0500] "GET /BLA/resoluciones/RESOLUCIONES%202021/5517.pdf HTTP/1.1" 304 -
186.29.217.245 - - [03/Apr/2024:03:51:13 -0500] "POST /sipse/faces/presentacion/financiero/solicitudProceso/consultar.xhtml HTTP/1.1" 200 12869
172.22.2.4 - - [03/Apr/2024:03:49:48 -0500] "HEAD /BLA/boletinlegal/ HTTP/1.1" 200 -
186.29.217.245 - - [03/Apr/2024:03:51:34 -0500] "POST /sipse/faces/presentacion/financiero/solicitudProceso/consultar.xhtml HTTP/1.1" 200 12874
172.22.2.4 - - [03/Apr/2024:03:51:40 -0500] "GET /BLA/boletinlegal/Circulares/2010/Circular%2005%20de%208%20de%20septiembre%20de%202010.pdf HTTP/1.1" 200 2146608
20.120.134.43 - - [03/Apr/2024:03:51:46 -0500] "GET /Publicaciones/2023EE189079.pdf HTTP/1.1" 404 228
216.245.221.92 - - [03/Apr/2024:03:52:13 -0500] "HEAD / HTTP/1.1" 200 -
186.29.217.245 - - [03/Apr/2024:03:52:17 -0500] "POST /sipse/faces/presentacion/financiero/solicitudProceso/consultar.xhtml HTTP/1.1" 200 12751
172.22.2.4 - - [03/Apr/2024:03:50:39 -0500] "GET /BLA/boletinlegal/ HTTP/1.1" 200 58273
201.245.192.253 - - [03/Apr/2024:03:52:30 -0500] "POST /forms/lservlet;jsessionid=ac16012b30d66189f0c22d6a4c589cd0fb03154225f8.e3iSbxaKaheRe3iNc3uNbNmQay1ynknvrkLOlQzNp65In0 HTTP/1.1" 200 2
186.29.217.245 - - [03/Apr/2024:03:52:41 -0500] "POST /sipse/faces/presentacion/financiero/solicitudProceso/consultar.xhtml HTTP/1.1" 200 12931
201.245.192.253 - - [03/Apr/2024:03:52:48 -0500] "POST /forms/lservlet;jsessionid=ac16012b30d662c41b008f2848f8812f805002413222.e3iSbxaKaheRe3iNc3uNbNmQay1ynknvrkLOlQzNp65In0 HTTP/1.1" 200 2
186.29.217.245 - - [03/Apr/2024:03:52:52 -0500] "POST /sipse/faces/presentacion/financiero/solicitudProceso/consultar.xhtml HTTP/1.1" 200 138164
186.29.217.245 - - [03/Apr/2024:03:52:53 -0500] "GET /sipse/faces/javax.faces.resource/theme.css?ln=primefaces-sipse HTTP/1.1" 304 -
186.29.217.245 - - [03/Apr/2024:03:52:53 -0500] "GET /sipse/faces/javax.faces.resource/primefaces.css?ln=primefaces&v=4.0 HTTP/1.1" 304 -
186.29.217.245 - - [03/Apr/2024:03:52:53 -0500] "GET /sipse/faces/javax.faces.resource/layout/layout.css?ln=primefaces&v=4.0 HTTP/1.1" 304 -
186.29.217.245 - - [03/Apr/2024:03:52:53 -0500] "GET /sipse/faces/javax.faces.resource/jquery/jquery.js?ln=primefaces&v=4.0 HTTP/1.1" 304 -
186.29.217.245 - - [03/Apr/2024:03:52:53 -0500] "GET /sipse/faces/javax.faces.resource/jquery/jquery-plugins.js?ln=primefaces&v=4.0 HTTP/1.1" 304 -
186.29.217.245 - - [03/Apr/2024:03:52:53 -0500] "GET /sipse/faces/javax.faces.resource/primefaces.js?ln=primefaces&v=4.0 HTTP/1.1" 304 -
186.29.217.245 - - [03/Apr/2024:03:52:53 -0500] "GET /sipse/faces/javax.faces.resource/layout/layout.js?ln=primefaces&v=4.0 HTTP/1.1" 304 -
186.29.217.245 - - [03/Apr/2024:03:52:53 -0500] "GET /sipse/css/imagen/contrasena.png HTTP/1.1" 404 383
186.29.217.245 - - [03/Apr/2024:03:52:57 -0500] "POST /sipse/faces/presentacion/financiero/solicitudProceso/consultarSolicitudProceso.xhtml HTTP/1.1" 200 46394
186.29.217.245 - - [03/Apr/2024:03:52:58 -0500] "GET /sipse/faces/javax.faces.resource/theme.css?ln=primefaces-sipse HTTP/1.1" 304 -
186.29.217.245 - - [03/Apr/2024:03:52:58 -0500] "GET /sipse/faces/javax.faces.resource/layout/layout.css?ln=primefaces&v=4.0 HTTP/1.1" 304 -
186.29.217.245 - - [03/Apr/2024:03:52:58 -0500] "GET /sipse/faces/javax.faces.resource/primefaces.css?ln=primefaces&v=4.0 HTTP/1.1" 304 -
186.29.217.245 - - [03/Apr/2024:03:52:58 -0500] "GET /sipse/faces/javax.faces.resource/jquery/jquery.js?ln=primefaces&v=4.0 HTTP/1.1" 304 -
186.29.217.245 - - [03/Apr/2024:03:52:58 -0500] "GET /sipse/faces/javax.faces.resource/jquery/jquery-plugins.js?ln=primefaces&v=4.0 HTTP/1.1" 304 -
186.29.217.245 - - [03/Apr/2024:03:52:58 -0500] "GET /sipse/faces/javax.faces.resource/layout/layout.js?ln=primefaces&v=4.0 HTTP/1.1" 304 -
186.29.217.245 - - [03/Apr/2024:03:52:58 -0500] "GET /sipse/faces/javax.faces.resource/primefaces.js?ln=primefaces&v=4.0 HTTP/1.1" 304 -
186.29.217.245 - - [03/Apr/2024:03:52:58 -0500] "GET /sipse/css/imagen/contrasena.png HTTP/1.1" 404 383
186.29.217.245 - - [03/Apr/2024:03:52:58 -0500] "GET /sipse/faces/javax.faces.resource/images/ui-icons_898989_256x240.png?ln=primefaces-aristo HTTP/1.1" 304 -
201.245.192.253 - - [03/Apr/2024:03:54:17 -0500] "POST /kwsrmcab/Wsrmcab  HTTP/1.1" 200 213
201.245.192.253 - - [03/Apr/2024:03:54:30 -0500] "POST /forms/lservlet;jsessionid=ac16012b30d66189f0c22d6a4c589cd0fb03154225f8.e3iSbxaKaheRe3iNc3uNbNmQay1ynknvrkLOlQzNp65In0 HTTP/1.1" 200 2
201.245.192.253 - - [03/Apr/2024:03:54:48 -0500] "POST /forms/lservlet;jsessionid=ac16012b30d662c41b008f2848f8812f805002413222.e3iSbxaKaheRe3iNc3uNbNmQay1ynknvrkLOlQzNp65In0 HTTP/1.1" 200 2
18.171.59.225 - - [03/Apr/2024:03:55:14 -0500] "\x16\x03\x01" 400 226
52.167.144.20 - - [03/Apr/2024:03:55:24 -0500] "GET /BLA/resoluciones/RESOLUCIONES%202021/3356.pdf HTTP/1.1" 304 -
201.245.192.253 - - [03/Apr/2024:03:56:30 -0500] "POST /forms/lservlet;jsessionid=ac16012b30d66189f0c22d6a4c589cd0fb03154225f8.e3iSbxaKaheRe3iNc3uNbNmQay1ynknvrkLOlQzNp65In0 HTTP/1.1" 200 2
201.245.192.253 - - [03/Apr/2024:03:56:48 -0500] "POST /forms/lservlet;jsessionid=ac16012b30d662c41b008f2848f8812f805002413222.e3iSbxaKaheRe3iNc3uNbNmQay1ynknvrkLOlQzNp65In0 HTTP/1.1" 200 2
66.249.66.19 - - [03/Apr/2024:03:57:06 -0500] "GET /BLA/resoluciones/AUTOS%202008/1949.pdf HTTP/1.1" 200 100174
52.167.144.20 - - [03/Apr/2024:03:57:07 -0500] "GET /BLA/resoluciones/RESOLUCIONES%202019/2712.pdf HTTP/1.1" 200 368506
216.245.221.92 - - [03/Apr/2024:03:57:13 -0500] "HEAD / HTTP/1.1" 200 -
172.22.2.4 - - [03/Apr/2024:03:55:38 -0500] "HEAD /BLA/boletinlegal/ HTTP/1.1" 200 -
186.29.217.245 - - [03/Apr/2024:03:57:53 -0500] "GET /sipse/faces/javax.faces.resource/images/ui-bg_flat_0_2d5972_40x100.png?ln=primefaces-aristo HTTP/1.1" 304 -
186.29.217.245 - - [03/Apr/2024:03:57:53 -0500] "POST /sipse/faces/presentacion/financiero/solicitudProceso/consultarHistorialSolProceso.xhtml HTTP/1.1" 200 42150
186.29.217.245 - - [03/Apr/2024:03:57:53 -0500] "GET /sipse/faces/javax.faces.resource/theme.css?ln=primefaces-sipse HTTP/1.1" 304 -
186.29.217.245 - - [03/Apr/2024:03:57:53 -0500] "GET /sipse/faces/javax.faces.resource/primefaces.css?ln=primefaces&v=4.0 HTTP/1.1" 304 -
186.29.217.245 - - [03/Apr/2024:03:57:53 -0500] "GET /sipse/faces/javax.faces.resource/layout/layout.css?ln=primefaces&v=4.0 HTTP/1.1" 304 -
186.29.217.245 - - [03/Apr/2024:03:57:53 -0500] "GET /sipse/faces/javax.faces.resource/jquery/jquery.js?ln=primefaces&v=4.0 HTTP/1.1" 304 -
186.29.217.245 - - [03/Apr/2024:03:57:53 -0500] "GET /sipse/faces/javax.faces.resource/jquery/jquery-plugins.js?ln=primefaces&v=4.0 HTTP/1.1" 304 -
186.29.217.245 - - [03/Apr/2024:03:57:53 -0500] "GET /sipse/faces/javax.faces.resource/primefaces.js?ln=primefaces&v=4.0 HTTP/1.1" 304 -
186.29.217.245 - - [03/Apr/2024:03:57:53 -0500] "GET /sipse/faces/javax.faces.resource/layout/layout.js?ln=primefaces&v=4.0 HTTP/1.1" 304 -
186.29.217.245 - - [03/Apr/2024:03:57:54 -0500] "GET /sipse/css/imagen/contrasena.png HTTP/1.1" 404 383
186.29.217.245 - - [03/Apr/2024:03:57:57 -0500] "POST /sipse/faces/presentacion/financiero/solicitudProceso/consultar.xhtml HTTP/1.1" 200 12898
172.22.2.4 - - [03/Apr/2024:03:56:29 -0500] "GET /BLA/boletinlegal/ HTTP/1.1" 200 60380
186.29.217.245 - - [03/Apr/2024:03:58:11 -0500] "POST /sipse/faces/presentacion/financiero/solicitudProceso/consultar.xhtml HTTP/1.1" 200 12914
201.245.192.253 - - [03/Apr/2024:03:58:30 -0500] "POST /forms/lservlet;jsessionid=ac16012b30d66189f0c22d6a4c589cd0fb03154225f8.e3iSbxaKaheRe3iNc3uNbNmQay1ynknvrkLOlQzNp65In0 HTTP/1.1" 200 2
186.29.217.245 - - [03/Apr/2024:03:58:35 -0500] "POST /sipse/faces/presentacion/financiero/solicitudProceso/consultar.xhtml HTTP/1.1" 200 12857
186.29.217.245 - - [03/Apr/2024:03:58:45 -0500] "POST /sipse/faces/presentacion/financiero/solicitudProceso/consultar.xhtml HTTP/1.1" 200 134583
186.29.217.245 - - [03/Apr/2024:03:58:46 -0500] "GET /sipse/faces/javax.faces.resource/theme.css?ln=primefaces-sipse HTTP/1.1" 304 -
186.29.217.245 - - [03/Apr/2024:03:58:46 -0500] "GET /sipse/faces/javax.faces.resource/primefaces.css?ln=primefaces&v=4.0 HTTP/1.1" 304 -
186.29.217.245 - - [03/Apr/2024:03:58:46 -0500] "GET /sipse/faces/javax.faces.resource/layout/layout.css?ln=primefaces&v=4.0 HTTP/1.1" 304 -
186.29.217.245 - - [03/Apr/2024:03:58:46 -0500] "GET /sipse/faces/javax.faces.resource/jquery/jquery.js?ln=primefaces&v=4.0 HTTP/1.1" 304 -
186.29.217.245 - - [03/Apr/2024:03:58:46 -0500] "GET /sipse/faces/javax.faces.resource/jquery/jquery-plugins.js?ln=primefaces&v=4.0 HTTP/1.1" 304 -
186.29.217.245 - - [03/Apr/2024:03:58:46 -0500] "GET /sipse/faces/javax.faces.resource/primefaces.js?ln=primefaces&v=4.0 HTTP/1.1" 304 -
186.29.217.245 - - [03/Apr/2024:03:58:46 -0500] "GET /sipse/faces/javax.faces.resource/layout/layout.js?ln=primefaces&v=4.0 HTTP/1.1" 304 -
186.29.217.245 - - [03/Apr/2024:03:58:47 -0500] "GET /sipse/css/imagen/contrasena.png HTTP/1.1" 404 383
201.245.192.253 - - [03/Apr/2024:03:58:48 -0500] "POST /forms/lservlet;jsessionid=ac16012b30d662c41b008f2848f8812f805002413222.e3iSbxaKaheRe3iNc3uNbNmQay1ynknvrkLOlQzNp65In0 HTTP/1.1" 200 2
186.29.217.245 - - [03/Apr/2024:03:58:49 -0500] "POST /sipse/faces/presentacion/financiero/solicitudProceso/consultarSolicitudProceso.xhtml HTTP/1.1" 200 46960
186.29.217.245 - - [03/Apr/2024:03:58:50 -0500] "GET /sipse/faces/javax.faces.resource/primefaces.css?ln=primefaces&v=4.0 HTTP/1.1" 304 -
186.29.217.245 - - [03/Apr/2024:03:58:50 -0500] "GET /sipse/faces/javax.faces.resource/theme.css?ln=primefaces-sipse HTTP/1.1" 304 -
186.29.217.245 - - [03/Apr/2024:03:58:50 -0500] "GET /sipse/faces/javax.faces.resource/layout/layout.css?ln=primefaces&v=4.0 HTTP/1.1" 304 -
186.29.217.245 - - [03/Apr/2024:03:58:50 -0500] "GET /sipse/faces/javax.faces.resource/jquery/jquery-plugins.js?ln=primefaces&v=4.0 HTTP/1.1" 304 -
186.29.217.245 - - [03/Apr/2024:03:58:50 -0500] "GET /sipse/faces/javax.faces.resource/jquery/jquery.js?ln=primefaces&v=4.0 HTTP/1.1" 304 -
186.29.217.245 - - [03/Apr/2024:03:58:50 -0500] "GET /sipse/faces/javax.faces.resource/primefaces.js?ln=primefaces&v=4.0 HTTP/1.1" 304 -
186.29.217.245 - - [03/Apr/2024:03:58:50 -0500] "GET /sipse/faces/javax.faces.resource/layout/layout.js?ln=primefaces&v=4.0 HTTP/1.1" 304 -
201.245.192.253 - - [03/Apr/2024:03:59:16 -0500] "POST /kwsrmcab/Wsrmcab  HTTP/1.1" 200 213
66.249.66.19 - - [03/Apr/2024:03:59:34 -0500] "GET /BLA/resoluciones/Notificaciones/RESOLUCIONES%202023/00081.pdf HTTP/1.1" 200 6647886
201.245.192.253 - - [03/Apr/2024:04:00:30 -0500] "POST /forms/lservlet;jsessionid=ac16012b30d66189f0c22d6a4c589cd0fb03154225f8.e3iSbxaKaheRe3iNc3uNbNmQay1ynknvrkLOlQzNp65In0 HTTP/1.1" 200 2
201.245.192.253 - - [03/Apr/2024:04:00:48 -0500] "POST /forms/lservlet;jsessionid=ac16012b30d662c41b008f2848f8812f805002413222.e3iSbxaKaheRe3iNc3uNbNmQay1ynknvrkLOlQzNp65In0 HTTP/1.1" 200 2
66.249.66.20 - - [03/Apr/2024:04:00:49 -0500] "GET /resoluciones/RESOLUCIONES%202008/2514.pdf HTTP/1.1" 404 1018
186.29.217.245 - - [03/Apr/2024:04:00:56 -0500] "GET /sipse/faces/javax.faces.resource/images/ui-bg_flat_0_2d5972_40x100.png?ln=primefaces-aristo HTTP/1.1" 304 -
186.29.217.245 - - [03/Apr/2024:04:00:56 -0500] "POST /sipse/faces/presentacion/financiero/solicitudProceso/consultarHistorialSolProceso.xhtml HTTP/1.1" 200 42084
186.29.217.245 - - [03/Apr/2024:04:00:56 -0500] "GET /sipse/faces/javax.faces.resource/theme.css?ln=primefaces-sipse HTTP/1.1" 304 -
186.29.217.245 - - [03/Apr/2024:04:00:56 -0500] "GET /sipse/faces/javax.faces.resource/primefaces.css?ln=primefaces&v=4.0 HTTP/1.1" 304 -
186.29.217.245 - - [03/Apr/2024:04:00:56 -0500] "GET /sipse/faces/javax.faces.resource/layout/layout.css?ln=primefaces&v=4.0 HTTP/1.1" 304 -
186.29.217.245 - - [03/Apr/2024:04:00:56 -0500] "GET /sipse/faces/javax.faces.resource/jquery/jquery.js?ln=primefaces&v=4.0 HTTP/1.1" 304 -
186.29.217.245 - - [03/Apr/2024:04:00:56 -0500] "GET /sipse/faces/javax.faces.resource/jquery/jquery-plugins.js?ln=primefaces&v=4.0 HTTP/1.1" 304 -
186.29.217.245 - - [03/Apr/2024:04:00:56 -0500] "GET /sipse/faces/javax.faces.resource/primefaces.js?ln=primefaces&v=4.0 HTTP/1.1" 304 -
186.29.217.245 - - [03/Apr/2024:04:00:56 -0500] "GET /sipse/faces/javax.faces.resource/layout/layout.js?ln=primefaces&v=4.0 HTTP/1.1" 304 -
216.245.221.92 - - [03/Apr/2024:04:02:13 -0500] "HEAD / HTTP/1.1" 200 -
201.245.192.253 - - [03/Apr/2024:04:02:30 -0500] "POST /forms/lservlet;jsessionid=ac16012b30d66189f0c22d6a4c589cd0fb03154225f8.e3iSbxaKaheRe3iNc3uNbNmQay1ynknvrkLOlQzNp65In0 HTTP/1.1" 200 2
201.245.192.253 - - [03/Apr/2024:04:02:48 -0500] "POST /forms/lservlet;jsessionid=ac16012b30d662c41b008f2848f8812f805002413222.e3iSbxaKaheRe3iNc3uNbNmQay1ynknvrkLOlQzNp65In0 HTTP/1.1" 200 2
172.22.2.4 - - [03/Apr/2024:04:01:28 -0500] "HEAD /BLA/boletinlegal/ HTTP/1.1" 200 -
85.208.96.195 - - [03/Apr/2024:04:03:16 -0500] "GET /robots.txt HTTP/1.1" 404 1035
185.191.171.4 - - [03/Apr/2024:04:03:16 -0500] "GET /portaldeninos/ruido/ HTTP/1.1" 200 88494
172.22.2.4 - - [03/Apr/2024:04:02:19 -0500] "GET /BLA/boletinlegal/ HTTP/1.1" 200 58720
47.128.54.129 - - [03/Apr/2024:04:04:10 -0500] "GET /BLA/resoluciones/AUTOS%202021/0245.php?act=f&d=E%3A%5Cnuevo%5Chtdocs%5CBLA%5Cresoluciones%5CAUTOS+2021%5C&f=1906.pdf&ft=sdb&white=1 HTTP/1.1" 200 3015
47.128.54.129 - - [03/Apr/2024:04:04:11 -0500] "GET /BLA/resoluciones/AUTOS%202021/0245.php?act=img&img=ext_pdf HTTP/1.1" 200 1034
47.128.54.129 - - [03/Apr/2024:04:04:11 -0500] "GET /BLA/resoluciones/AUTOS%202021/0245.php?act=img&img=ext_gif HTTP/1.1" 200 175
47.128.54.129 - - [03/Apr/2024:04:04:11 -0500] "GET /BLA/resoluciones/AUTOS%202021/0245.php?act=img&img=ext_exe HTTP/1.1" 200 118
47.128.54.129 - - [03/Apr/2024:04:04:11 -0500] "GET /BLA/resoluciones/AUTOS%202021/0245.php?act=img&img=ext_diz HTTP/1.1" 200 1027
47.128.54.129 - - [03/Apr/2024:04:04:11 -0500] "GET /BLA/resoluciones/AUTOS%202021/0245.php?act=img&img=ext_html HTTP/1.1" 200 230
47.128.54.129 - - [03/Apr/2024:04:04:11 -0500] "GET /BLA/resoluciones/AUTOS%202021/0245.php?act=img&img=ext_txt HTTP/1.1" 200 132
47.128.54.129 - - [03/Apr/2024:04:04:11 -0500] "GET /BLA/resoluciones/AUTOS%202021/0245.php?act=img&img=change HTTP/1.1" 200 290
47.128.54.129 - - [03/Apr/2024:04:04:12 -0500] "GET /BLA/resoluciones/AUTOS%202021/0245.php?act=img&img=ext_ini HTTP/1.1" 200 134
47.128.54.129 - - [03/Apr/2024:04:04:12 -0500] "GET /BLA/resoluciones/AUTOS%202021/0245.php?act=img&img=ext_rtf HTTP/1.1" 200 164
47.128.54.129 - - [03/Apr/2024:04:04:12 -0500] "GET /BLA/resoluciones/AUTOS%202021/0245.php?act=img&img=download HTTP/1.1" 200 161
98.64.96.22 - - [03/Apr/2024:04:04:13 -0500] "GET /Publicaciones/2024EE58913.pdf HTTP/1.1" 404 227
201.245.192.253 - - [03/Apr/2024:04:04:30 -0500] "POST /forms/lservlet;jsessionid=ac16012b30d66189f0c22d6a4c589cd0fb03154225f8.e3iSbxaKaheRe3iNc3uNbNmQay1ynknvrkLOlQzNp65In0 HTTP/1.1" 200 2
201.245.192.253 - - [03/Apr/2024:04:04:48 -0500] "POST /forms/lservlet;jsessionid=ac16012b30d662c41b008f2848f8812f805002413222.e3iSbxaKaheRe3iNc3uNbNmQay1ynknvrkLOlQzNp65In0 HTTP/1.1" 200 2
66.249.66.21 - - [03/Apr/2024:04:04:49 -0500] "GET /BLA/resoluciones/RESOLUCIONES%202007/RES%202007%20301%20AL%20400/RESOLUCION%200328%20DE%202007.pdf HTTP/1.1" 200 485487
201.245.192.253 - - [03/Apr/2024:04:04:15 -0500] "POST /kwsrmcab/Wsrmcab  HTTP/1.1" 200 213
173.252.127.2 - - [03/Apr/2024:04:05:46 -0500] "GET /distrito-declara-alerta-fase-1-por-calidad-del-aire-en-toda-la-ciudad.html HTTP/1.1" 200 838
173.252.127.3 - - [03/Apr/2024:04:05:46 -0500] "GET /distrito-declara-alerta-fase-1-por-calidad-del-aire-en-toda-la-ciudad.html HTTP/1.1" 200 838
201.245.192.253 - - [03/Apr/2024:04:06:30 -0500] "POST /forms/lservlet;jsessionid=ac16012b30d66189f0c22d6a4c589cd0fb03154225f8.e3iSbxaKaheRe3iNc3uNbNmQay1ynknvrkLOlQzNp65In0 HTTP/1.1" 200 2
201.245.192.253 - - [03/Apr/2024:04:06:48 -0500] "POST /forms/lservlet;jsessionid=ac16012b30d662c41b008f2848f8812f805002413222.e3iSbxaKaheRe3iNc3uNbNmQay1ynknvrkLOlQzNp65In0 HTTP/1.1" 200 2
216.245.221.92 - - [03/Apr/2024:04:07:13 -0500] "HEAD / HTTP/1.1" 200 -
172.22.2.4 - - [03/Apr/2024:04:08:14 -0500] "GET /BLA/boletinlegal/sitemap_index.xml HTTP/1.1" 404 1037
95.108.213.170 - - [03/Apr/2024:04:08:15 -0500] "GET /robots.txt HTTP/1.1" 404 1018
5.255.231.9 - - [03/Apr/2024:04:08:16 -0500] "GET / HTTP/1.1" 200 319
186.29.217.245 - - [03/Apr/2024:04:08:28 -0500] "POST /sipse/faces/presentacion/financiero/solicitudProceso/consultar.xhtml HTTP/1.1" 200 12835
201.245.192.253 - - [03/Apr/2024:04:08:30 -0500] "POST /forms/lservlet;jsessionid=ac16012b30d66189f0c22d6a4c589cd0fb03154225f8.e3iSbxaKaheRe3iNc3uNbNmQay1ynknvrkLOlQzNp65In0 HTTP/1.1" 200 2
201.245.192.253 - - [03/Apr/2024:04:08:48 -0500] "POST /forms/lservlet;jsessionid=ac16012b30d662c41b008f2848f8812f805002413222.e3iSbxaKaheRe3iNc3uNbNmQay1ynknvrkLOlQzNp65In0 HTTP/1.1" 200 2
186.29.217.245 - - [03/Apr/2024:04:08:58 -0500] "POST /sipse/faces/presentacion/financiero/solicitudProceso/consultar.xhtml HTTP/1.1" 200 12879
172.22.2.4 - - [03/Apr/2024:04:07:18 -0500] "HEAD /BLA/boletinlegal/ HTTP/1.1" 200 -
201.245.192.253 - - [03/Apr/2024:04:09:14 -0500] "POST /kwsrmcab/Wsrmcab  HTTP/1.1" 200 213
186.29.217.245 - - [03/Apr/2024:04:09:20 -0500] "POST /sipse/faces/presentacion/financiero/solicitudProceso/consultar.xhtml HTTP/1.1" 200 12807
186.29.217.245 - - [03/Apr/2024:04:09:40 -0500] "POST /sipse/faces/presentacion/financiero/solicitudProceso/consultar.xhtml HTTP/1.1" 200 12823
172.22.2.4 - - [03/Apr/2024:04:08:09 -0500] "GET /BLA/boletinlegal/ HTTP/1.1" 200 58273
186.29.217.245 - - [03/Apr/2024:04:09:57 -0500] "POST /sipse/faces/presentacion/financiero/solicitudProceso/consultar.xhtml HTTP/1.1" 200 12815
186.29.217.245 - - [03/Apr/2024:04:10:15 -0500] "POST /sipse/faces/presentacion/financiero/solicitudProceso/consultar.xhtml HTTP/1.1" 200 12823
201.245.192.253 - - [03/Apr/2024:04:10:30 -0500] "POST /forms/lservlet;jsessionid=ac16012b30d66189f0c22d6a4c589cd0fb03154225f8.e3iSbxaKaheRe3iNc3uNbNmQay1ynknvrkLOlQzNp65In0 HTTP/1.1" 200 2
186.29.217.245 - - [03/Apr/2024:04:10:32 -0500] "POST /sipse/faces/presentacion/financiero/solicitudProceso/consultar.xhtml HTTP/1.1" 200 12815
201.245.192.253 - - [03/Apr/2024:04:10:48 -0500] "POST /forms/lservlet;jsessionid=ac16012b30d662c41b008f2848f8812f805002413222.e3iSbxaKaheRe3iNc3uNbNmQay1ynknvrkLOlQzNp65In0 HTTP/1.1" 200 2
186.29.217.245 - - [03/Apr/2024:04:10:52 -0500] "POST /sipse/faces/presentacion/financiero/solicitudProceso/consultar.xhtml HTTP/1.1" 200 12823
186.29.217.245 - - [03/Apr/2024:04:11:07 -0500] "POST /sipse/faces/presentacion/financiero/solicitudProceso/consultar.xhtml HTTP/1.1" 200 12855
47.128.121.170 - - [03/Apr/2024:04:11:10 -0500] "GET /BLA/resoluciones/AUTOS%202021/0245.php?act=cmd&d=E%3A%5Cnuevo%5Chtdocs%5CBLA%5Cresoluciones%5CRESOLUCIONES+2003%5C HTTP/1.1" 200 2779
186.29.217.245 - - [03/Apr/2024:04:11:25 -0500] "POST /sipse/faces/presentacion/financiero/solicitudProceso/consultar.xhtml HTTP/1.1" 200 12868
47.128.21.221 - - [03/Apr/2024:04:11:33 -0500] "GET /BLA/resoluciones/AUTOS%202021/0245.php?act=security&d=E%3A%5Cnuevo%5Chtdocs%5CBLA%5Cresoluciones%5CAUTOS+2003%5C HTTP/1.1" 200 2799
66.249.66.20 - - [03/Apr/2024:04:11:43 -0500] "GET /BLA/resoluciones/RESOLUCIONES%202009/9804.pdf HTTP/1.1" 200 550225
186.29.217.245 - - [03/Apr/2024:04:11:52 -0500] "POST /sipse/faces/presentacion/financiero/solicitudProceso/consultar.xhtml HTTP/1.1" 200 12824
47.128.21.209 - - [03/Apr/2024:04:11:58 -0500] "GET /BLA/resoluciones/AUTOS%202021/0245.php?act=upload&d=C%3A%5Cinventory HTTP/1.1" 200 2795
186.29.217.245 - - [03/Apr/2024:04:12:11 -0500] "POST /sipse/faces/presentacion/financiero/solicitudProceso/consultar.xhtml HTTP/1.1" 200 12866
216.245.221.92 - - [03/Apr/2024:04:12:13 -0500] "HEAD / HTTP/1.1" 200 -
201.245.192.253 - - [03/Apr/2024:04:12:30 -0500] "POST /forms/lservlet;jsessionid=ac16012b30d66189f0c22d6a4c589cd0fb03154225f8.e3iSbxaKaheRe3iNc3uNbNmQay1ynknvrkLOlQzNp65In0 HTTP/1.1" 200 2
201.245.192.253 - - [03/Apr/2024:04:12:48 -0500] "POST /forms/lservlet;jsessionid=ac16012b30d662c41b008f2848f8812f805002413222.e3iSbxaKaheRe3iNc3uNbNmQay1ynknvrkLOlQzNp65In0 HTTP/1.1" 200 2
47.128.20.211 - - [03/Apr/2024:04:13:46 -0500] "GET /BLA/resoluciones/AUTOS%202021/0245.php?act=f&d=E%3A%5Cnuevo%5Chtdocs%5CBLA%5Cresoluciones%5CAUTOS+2021%5C&f=2354.pdf&ft=download HTTP/1.1" 200 392871
47.128.57.197 - - [03/Apr/2024:04:14:10 -0500] "GET /BLA/resoluciones/AUTOS%202021/0245.php?act=f&d=E%3A%5Cnuevo%5Chtdocs%5CBLA%5Cresoluciones%5CAUTOS+2021&f=5770.pdf&ft=edit HTTP/1.1" 200 3105
47.128.57.197 - - [03/Apr/2024:04:14:11 -0500] "GET /BLA/resoluciones/AUTOS%202021/0245.php?act=img&img=ext_diz HTTP/1.1" 200 1027
47.128.57.197 - - [03/Apr/2024:04:14:11 -0500] "GET /BLA/resoluciones/AUTOS%202021/0245.php?act=img&img=ext_txt HTTP/1.1" 200 132
47.128.57.197 - - [03/Apr/2024:04:14:11 -0500] "GET /BLA/resoluciones/AUTOS%202021/0245.php?act=img&img=ext_pdf HTTP/1.1" 200 1034
47.128.57.197 - - [03/Apr/2024:04:14:11 -0500] "GET /BLA/resoluciones/AUTOS%202021/0245.php?act=img&img=ext_exe HTTP/1.1" 200 118
47.128.57.197 - - [03/Apr/2024:04:14:11 -0500] "GET /BLA/resoluciones/AUTOS%202021/0245.php?act=img&img=ext_gif HTTP/1.1" 200 175
47.128.57.197 - - [03/Apr/2024:04:14:11 -0500] "GET /BLA/resoluciones/AUTOS%202021/0245.php?act=img&img=ext_html HTTP/1.1" 200 230
47.128.57.197 - - [03/Apr/2024:04:14:11 -0500] "GET /BLA/resoluciones/AUTOS%202021/0245.php?act=img&img=ext_rtf HTTP/1.1" 200 164
47.128.57.197 - - [03/Apr/2024:04:14:11 -0500] "GET /BLA/resoluciones/AUTOS%202021/0245.php?act=img&img=change HTTP/1.1" 200 290
47.128.57.197 - - [03/Apr/2024:04:14:11 -0500] "GET /BLA/resoluciones/AUTOS%202021/0245.php?act=img&img=download HTTP/1.1" 200 161
47.128.57.197 - - [03/Apr/2024:04:14:11 -0500] "GET /BLA/resoluciones/AUTOS%202021/0245.php?act=img&img=ext_ini HTTP/1.1" 200 134
66.249.66.20 - - [03/Apr/2024:04:14:30 -0500] "GET /BLA/resoluciones/AUTOS%202008/0491.pdf HTTP/1.1" 200 117941
201.245.192.253 - - [03/Apr/2024:04:14:30 -0500] "POST /forms/lservlet;jsessionid=ac16012b30d66189f0c22d6a4c589cd0fb03154225f8.e3iSbxaKaheRe3iNc3uNbNmQay1ynknvrkLOlQzNp65In0 HTTP/1.1" 200 2
47.128.57.24 - - [03/Apr/2024:04:14:34 -0500] "GET /BLA/resoluciones/AUTOS%202021/0245.php?act=f&d=E%3A%5Cnuevo%5Chtdocs%5Ccumbredelclima%5Cwp-admin%5C&f=nav-menus.php&ft=phpsess&white=1 HTTP/1.1" 200 4244
47.128.57.24 - - [03/Apr/2024:04:14:35 -0500] "GET /BLA/resoluciones/AUTOS%202021/0245.php?act=img&img=ext_diz HTTP/1.1" 200 1027
47.128.57.24 - - [03/Apr/2024:04:14:35 -0500] "GET /BLA/resoluciones/AUTOS%202021/0245.php?act=img&img=ext_php HTTP/1.1" 200 79
47.128.57.24 - - [03/Apr/2024:04:14:35 -0500] "GET /BLA/resoluciones/AUTOS%202021/0245.php?act=img&img=ext_exe HTTP/1.1" 200 118
47.128.57.24 - - [03/Apr/2024:04:14:35 -0500] "GET /BLA/resoluciones/AUTOS%202021/0245.php?act=img&img=ext_txt HTTP/1.1" 200 132
47.128.57.24 - - [03/Apr/2024:04:14:35 -0500] "GET /BLA/resoluciones/AUTOS%202021/0245.php?act=img&img=ext_html HTTP/1.1" 200 230
47.128.57.24 - - [03/Apr/2024:04:14:35 -0500] "GET /BLA/resoluciones/AUTOS%202021/0245.php?act=img&img=ext_gif HTTP/1.1" 200 175
47.128.57.24 - - [03/Apr/2024:04:14:35 -0500] "GET /BLA/resoluciones/AUTOS%202021/0245.php?act=img&img=download HTTP/1.1" 200 161
47.128.57.24 - - [03/Apr/2024:04:14:35 -0500] "GET /BLA/resoluciones/AUTOS%202021/0245.php?act=img&img=ext_rtf HTTP/1.1" 200 164
47.128.57.24 - - [03/Apr/2024:04:14:35 -0500] "GET /BLA/resoluciones/AUTOS%202021/0245.php?act=img&img=ext_ini HTTP/1.1" 200 134
47.128.57.24 - - [03/Apr/2024:04:14:35 -0500] "GET /BLA/resoluciones/AUTOS%202021/0245.php?act=img&img=change HTTP/1.1" 200 290
201.245.192.253 - - [03/Apr/2024:04:14:12 -0500] "POST /kwsrmcab/Wsrmcab  HTTP/1.1" 200 213
172.22.2.4 - - [03/Apr/2024:04:13:08 -0500] "HEAD /BLA/boletinlegal/ HTTP/1.1" 200 -
201.245.192.253 - - [03/Apr/2024:04:14:48 -0500] "POST /forms/lservlet;jsessionid=ac16012b30d662c41b008f2848f8812f805002413222.e3iSbxaKaheRe3iNc3uNbNmQay1ynknvrkLOlQzNp65In0 HTTP/1.1" 200 2
172.22.2.4 - - [03/Apr/2024:04:13:59 -0500] "GET /BLA/boletinlegal/ HTTP/1.1" 200 58273
201.245.192.253 - - [03/Apr/2024:04:16:30 -0500] "POST /forms/lservlet;jsessionid=ac16012b30d66189f0c22d6a4c589cd0fb03154225f8.e3iSbxaKaheRe3iNc3uNbNmQay1ynknvrkLOlQzNp65In0 HTTP/1.1" 200 2
201.245.192.253 - - [03/Apr/2024:04:16:48 -0500] "POST /forms/lservlet;jsessionid=ac16012b30d662c41b008f2848f8812f805002413222.e3iSbxaKaheRe3iNc3uNbNmQay1ynknvrkLOlQzNp65In0 HTTP/1.1" 200 2
216.245.221.92 - - [03/Apr/2024:04:17:12 -0500] "HEAD / HTTP/1.1" 200 -
47.128.51.194 - - [03/Apr/2024:04:17:25 -0500] "GET /BLA/resoluciones/AUTOS%202021/0245.php?act=f&d=E%3A%5Cnuevo%5Chtdocs%5Ccumbredelclima%5Cwp-admin&f=upgrade.php HTTP/1.1" 200 5218
47.128.51.194 - - [03/Apr/2024:04:17:26 -0500] "GET /BLA/resoluciones/AUTOS%202021/0245.php?act=img&img=ext_php HTTP/1.1" 200 79
47.128.51.194 - - [03/Apr/2024:04:17:26 -0500] "GET /BLA/resoluciones/AUTOS%202021/0245.php?act=img&img=ext_gif HTTP/1.1" 200 175
47.128.51.194 - - [03/Apr/2024:04:17:26 -0500] "GET /BLA/resoluciones/AUTOS%202021/0245.php?act=img&img=ext_exe HTTP/1.1" 200 118
47.128.51.194 - - [03/Apr/2024:04:17:26 -0500] "GET /BLA/resoluciones/AUTOS%202021/0245.php?act=img&img=ext_html HTTP/1.1" 200 230
47.128.51.194 - - [03/Apr/2024:04:17:26 -0500] "GET /BLA/resoluciones/AUTOS%202021/0245.php?act=img&img=ext_diz HTTP/1.1" 200 1027
47.128.51.194 - - [03/Apr/2024:04:17:26 -0500] "GET /BLA/resoluciones/AUTOS%202021/0245.php?act=img&img=ext_txt HTTP/1.1" 200 132
47.128.51.194 - - [03/Apr/2024:04:17:27 -0500] "GET /BLA/resoluciones/AUTOS%202021/0245.php?act=img&img=ext_rtf HTTP/1.1" 200 164
47.128.51.194 - - [03/Apr/2024:04:17:27 -0500] "GET /BLA/resoluciones/AUTOS%202021/0245.php?act=img&img=download HTTP/1.1" 200 161
47.128.51.194 - - [03/Apr/2024:04:17:27 -0500] "GET /BLA/resoluciones/AUTOS%202021/0245.php?act=img&img=change HTTP/1.1" 200 290
47.128.51.194 - - [03/Apr/2024:04:17:27 -0500] "GET /BLA/resoluciones/AUTOS%202021/0245.php?act=img&img=ext_ini HTTP/1.1" 200 134
52.167.144.16 - - [03/Apr/2024:04:17:34 -0500] "GET /galeria/galeria/jquery.fancybox.css?v=2.1.5 HTTP/1.1" 200 4895
40.77.167.54 - - [03/Apr/2024:04:17:39 -0500] "GET /galeria/galeria/jquery.fancybox.js?v=2.1.5 HTTP/1.1" 200 48706
47.128.48.228 - - [03/Apr/2024:04:17:48 -0500] "GET /BLA/resoluciones/AUTOS%202021/0245.php?act=ls&d=E%3A%5Cnuevo%5Chtdocs%5CResiduos%5C&sort=2a HTTP/1.1" 200 3900
47.128.48.228 - - [03/Apr/2024:04:17:49 -0500] "GET /BLA/resoluciones/AUTOS%202021/0245.php?act=img&img=ext_html HTTP/1.1" 200 230
47.128.48.228 - - [03/Apr/2024:04:17:49 -0500] "GET /BLA/resoluciones/AUTOS%202021/0245.php?act=img&img=arrow_ltr HTTP/1.1" 200 88
47.128.118.43 - - [03/Apr/2024:04:18:18 -0500] "GET /BLA/resoluciones/AUTOS%202021/0245.php?act=chmod&d=E%3A%5Cnuevo%5Chtdocs%5Ccumbreclima%5C&f=favicon.ico HTTP/1.1" 200 2862
201.245.192.253 - - [03/Apr/2024:04:18:30 -0500] "POST /forms/lservlet;jsessionid=ac16012b30d66189f0c22d6a4c589cd0fb03154225f8.e3iSbxaKaheRe3iNc3uNbNmQay1ynknvrkLOlQzNp65In0 HTTP/1.1" 200 2
47.128.118.66 - - [03/Apr/2024:04:18:38 -0500] "GET /BLA/resoluciones/AUTOS%202021/0245.php?act=upload&d=E%3A%5Cnuevo%5Chtdocs%5CAutoliquidacion2020%5CCobro+Evaluacion+Certificaci%F3n+Para+La+Deducci%F3n+Por+Inversi%F3n+En+Medio+Ambiente%5C HTTP/1.1" 200 2906
201.245.192.253 - - [03/Apr/2024:04:18:48 -0500] "POST /forms/lservlet;jsessionid=ac16012b30d662c41b008f2848f8812f805002413222.e3iSbxaKaheRe3iNc3uNbNmQay1ynknvrkLOlQzNp65In0 HTTP/1.1" 200 2
47.128.48.224 - - [03/Apr/2024:04:19:00 -0500] "GET /BLA/resoluciones/AUTOS%202021/0245.php?act=chmod&d=E%3A%5Cnuevo%5CphpMyAdmin2&f=chk_rel.php HTTP/1.1" 200 2851
201.245.192.253 - - [03/Apr/2024:04:19:10 -0500] "POST /kwsrmcab/Wsrmcab  HTTP/1.1" 200 213
201.245.192.253 - - [03/Apr/2024:04:18:57 -0500] "POST /kwsrmcab/Wsrmcab HTTP/1.1" 200 39092
201.245.192.253 - - [03/Apr/2024:04:19:14 -0500] "POST /kwsrmcab/Wsrmcab HTTP/1.1" 200 39858
201.245.192.253 - - [03/Apr/2024:04:19:42 -0500] "POST /kwsrmcab/Wsrmcab HTTP/1.1" 200 39079
114.119.135.172 - - [03/Apr/2024:04:20:02 -0500] "GET /galeria/galeria/fotos/Caminando-la-tierra2G.jpg HTTP/1.1" 200 116148
201.245.192.253 - - [03/Apr/2024:04:20:30 -0500] "POST /forms/lservlet;jsessionid=ac16012b30d66189f0c22d6a4c589cd0fb03154225f8.e3iSbxaKaheRe3iNc3uNbNmQay1ynknvrkLOlQzNp65In0 HTTP/1.1" 200 2
172.22.2.4 - - [03/Apr/2024:04:18:58 -0500] "HEAD /BLA/boletinlegal/ HTTP/1.1" 200 -
40.77.167.28 - - [03/Apr/2024:04:20:46 -0500] "GET /BLA/resoluciones/AUTOS%202013/3684.pdf HTTP/1.1" 304 -
201.245.192.253 - - [03/Apr/2024:04:20:48 -0500] "POST /forms/lservlet;jsessionid=ac16012b30d662c41b008f2848f8812f805002413222.e3iSbxaKaheRe3iNc3uNbNmQay1ynknvrkLOlQzNp65In0 HTTP/1.1" 200 2
172.22.2.4 - - [03/Apr/2024:04:19:49 -0500] "GET /BLA/boletinlegal/ HTTP/1.1" 200 48027
172.22.2.4 - - [03/Apr/2024:04:19:52 -0500] "GET /BLA/boletinlegal/ HTTP/1.1" 200 48425
201.245.192.253 - - [03/Apr/2024:04:20:29 -0500] "POST /kwsrmcab/Wsrmcab HTTP/1.1" 200 14506
216.245.221.92 - - [03/Apr/2024:04:22:12 -0500] "HEAD / HTTP/1.1" 200 -
201.245.192.253 - - [03/Apr/2024:04:22:30 -0500] "POST /forms/lservlet;jsessionid=ac16012b30d66189f0c22d6a4c589cd0fb03154225f8.e3iSbxaKaheRe3iNc3uNbNmQay1ynknvrkLOlQzNp65In0 HTTP/1.1" 200 2
201.245.192.253 - - [03/Apr/2024:04:22:48 -0500] "POST /forms/lservlet;jsessionid=ac16012b30d662c41b008f2848f8812f805002413222.e3iSbxaKaheRe3iNc3uNbNmQay1ynknvrkLOlQzNp65In0 HTTP/1.1" 200 2
40.77.167.54 - - [03/Apr/2024:04:24:09 -0500] "GET /BLA/resoluciones/RESOLUCIONES%202022/3846.pdf HTTP/1.1" 200 764862
172.22.2.4 - - [03/Apr/2024:04:24:21 -0500] "GET /BLA/boletinlegal/Circulares/2011/Circular%20No.%201%20del%2012%20de%20Abril%20de%202011.pdf HTTP/1.1" 200 366269
201.245.192.253 - - [03/Apr/2024:04:24:30 -0500] "POST /forms/lservlet;jsessionid=ac16012b30d66189f0c22d6a4c589cd0fb03154225f8.e3iSbxaKaheRe3iNc3uNbNmQay1ynknvrkLOlQzNp65In0 HTTP/1.1" 200 2
66.249.66.162 - - [03/Apr/2024:04:24:33 -0500] "GET /robots.txt HTTP/1.1" 404 1043
66.249.66.162 - - [03/Apr/2024:04:24:33 -0500] "GET /BLA/boletinlegal/Directivas/2017/Directiva%20No.%2006%20del%2016%20de%20Agosto%20de%202017.pdf HTTP/1.1" 200 310598
201.245.192.253 - - [03/Apr/2024:04:24:08 -0500] "POST /kwsrmcab/Wsrmcab  HTTP/1.1" 200 213
201.245.192.253 - - [03/Apr/2024:04:24:48 -0500] "POST /forms/lservlet;jsessionid=ac16012b30d662c41b008f2848f8812f805002413222.e3iSbxaKaheRe3iNc3uNbNmQay1ynknvrkLOlQzNp65In0 HTTP/1.1" 200 2
66.249.66.20 - - [03/Apr/2024:04:25:31 -0500] "GET /BLA/resoluciones/RESOLUCIONES%202011/3325.pdf HTTP/1.1" 200 767058
172.22.2.4 - - [03/Apr/2024:04:24:48 -0500] "HEAD /BLA/boletinlegal/ HTTP/1.1" 200 -
201.245.192.253 - - [03/Apr/2024:04:26:30 -0500] "POST /forms/lservlet;jsessionid=ac16012b30d66189f0c22d6a4c589cd0fb03154225f8.e3iSbxaKaheRe3iNc3uNbNmQay1ynknvrkLOlQzNp65In0 HTTP/1.1" 200 2
201.245.192.253 - - [03/Apr/2024:04:26:48 -0500] "POST /forms/lservlet;jsessionid=ac16012b30d662c41b008f2848f8812f805002413222.e3iSbxaKaheRe3iNc3uNbNmQay1ynknvrkLOlQzNp65In0 HTTP/1.1" 200 2
216.245.221.92 - - [03/Apr/2024:04:27:12 -0500] "HEAD / HTTP/1.1" 200 -
172.22.2.4 - - [03/Apr/2024:04:25:39 -0500] "GET /BLA/boletinlegal/ HTTP/1.1" 200 59083
66.249.66.20 - - [03/Apr/2024:04:27:24 -0500] "GET /Publicaciones/2023EE292836.pdf HTTP/1.1" 404 228
66.249.66.20 - - [03/Apr/2024:04:27:25 -0500] "GET /index.html HTTP/1.1" 304 -
172.22.2.4 - - [03/Apr/2024:04:28:11 -0500] "GET /BLA/boletinlegal/Directivas/2018/Directiva%20No.%2024%20del%2027%20de%20diciembre%20de%202018.pdf HTTP/1.1" 200 575948
201.245.192.253 - - [03/Apr/2024:04:28:30 -0500] "POST /forms/lservlet;jsessionid=ac16012b30d66189f0c22d6a4c589cd0fb03154225f8.e3iSbxaKaheRe3iNc3uNbNmQay1ynknvrkLOlQzNp65In0 HTTP/1.1" 200 2
66.249.66.39 - - [03/Apr/2024:04:28:34 -0500] "GET /bogota-finaliza-alerta-por-calidad-del-aire.html HTTP/1.1" 200 893
201.245.192.253 - - [03/Apr/2024:04:28:48 -0500] "POST /forms/lservlet;jsessionid=ac16012b30d662c41b008f2848f8812f805002413222.e3iSbxaKaheRe3iNc3uNbNmQay1ynknvrkLOlQzNp65In0 HTTP/1.1" 200 2
201.245.192.253 - - [03/Apr/2024:04:29:07 -0500] "POST /kwsrmcab/Wsrmcab  HTTP/1.1" 200 213
201.245.192.253 - - [03/Apr/2024:04:28:57 -0500] "POST /kwsrmcab/Wsrmcab HTTP/1.1" 200 39092
201.245.192.253 - - [03/Apr/2024:04:29:08 -0500] "GET /kwsrmcab/Wsrmcab?wsdl HTTP/1.1" 200 6948
201.245.192.253 - - [03/Apr/2024:04:29:08 -0500] "POST /kwsrmcab/Wsrmcab HTTP/1.1" 200 39858
201.245.192.253 - - [03/Apr/2024:04:29:43 -0500] "POST /kwsrmcab/Wsrmcab HTTP/1.1" 200 39079
52.167.144.137 - - [03/Apr/2024:04:30:25 -0500] "GET /Publicaciones/2023EE66882.pdf HTTP/1.1" 404 227
201.245.192.253 - - [03/Apr/2024:04:30:30 -0500] "POST /forms/lservlet;jsessionid=ac16012b30d66189f0c22d6a4c589cd0fb03154225f8.e3iSbxaKaheRe3iNc3uNbNmQay1ynknvrkLOlQzNp65In0 HTTP/1.1" 200 2
