191.156.48.239 - - [09/Apr/2024:06:28:51 -0500] "POST /sipse/faces/presentacion/financiero/solicitudProceso/listarSolicitudProceso.xhtml HTTP/1.1" 200 1536
191.156.48.239 - - [09/Apr/2024:06:28:51 -0500] "POST /sipse/faces/presentacion/financiero/solicitudProceso/listarSolicitudProceso.xhtml HTTP/1.1" 200 1540
191.156.48.239 - - [09/Apr/2024:06:28:52 -0500] "POST /sipse/faces/presentacion/financiero/solicitudProceso/listarSolicitudProceso.xhtml HTTP/1.1" 200 1536
191.156.48.239 - - [09/Apr/2024:06:28:52 -0500] "POST /sipse/faces/presentacion/financiero/solicitudProceso/listarSolicitudProceso.xhtml HTTP/1.1" 200 1540
191.156.48.239 - - [09/Apr/2024:06:28:52 -0500] "POST /sipse/faces/presentacion/financiero/solicitudProceso/listarSolicitudProceso.xhtml HTTP/1.1" 200 1536
191.156.48.239 - - [09/Apr/2024:06:28:52 -0500] "POST /sipse/faces/presentacion/financiero/solicitudProceso/listarSolicitudProceso.xhtml HTTP/1.1" 200 1540
191.156.48.239 - - [09/Apr/2024:06:28:52 -0500] "POST /sipse/faces/presentacion/financiero/solicitudProceso/listarSolicitudProceso.xhtml HTTP/1.1" 200 1536
191.156.48.239 - - [09/Apr/2024:06:28:53 -0500] "POST /sipse/faces/presentacion/financiero/solicitudProceso/listarSolicitudProceso.xhtml HTTP/1.1" 200 1540
191.156.48.239 - - [09/Apr/2024:06:28:53 -0500] "POST /sipse/faces/presentacion/financiero/solicitudProceso/listarSolicitudProceso.xhtml HTTP/1.1" 200 1536
191.156.48.239 - - [09/Apr/2024:06:28:53 -0500] "POST /sipse/faces/presentacion/financiero/solicitudProceso/listarSolicitudProceso.xhtml HTTP/1.1" 200 1540
191.156.48.239 - - [09/Apr/2024:06:28:53 -0500] "POST /sipse/faces/presentacion/financiero/solicitudProceso/listarSolicitudProceso.xhtml HTTP/1.1" 200 1536
191.156.48.239 - - [09/Apr/2024:06:28:53 -0500] "POST /sipse/faces/presentacion/financiero/solicitudProceso/listarSolicitudProceso.xhtml HTTP/1.1" 200 1540
191.156.48.239 - - [09/Apr/2024:06:28:53 -0500] "POST /sipse/faces/presentacion/financiero/solicitudProceso/listarSolicitudProceso.xhtml HTTP/1.1" 200 1536
191.156.48.239 - - [09/Apr/2024:06:28:54 -0500] "POST /sipse/faces/presentacion/financiero/solicitudProceso/listarSolicitudProceso.xhtml HTTP/1.1" 200 1540
191.156.48.239 - - [09/Apr/2024:06:28:54 -0500] "POST /sipse/faces/presentacion/financiero/solicitudProceso/listarSolicitudProceso.xhtml HTTP/1.1" 200 1536
191.156.48.239 - - [09/Apr/2024:06:29:07 -0500] "POST /sipse/faces/presentacion/financiero/solicitudProceso/listarSolicitudProceso.xhtml HTTP/1.1" 200 184
191.156.48.239 - - [09/Apr/2024:06:29:07 -0500] "POST /sipse/faces/presentacion/financiero/solicitudProceso/listarSolicitudProceso.xhtml HTTP/1.1" 200 184
191.156.48.239 - - [09/Apr/2024:06:29:07 -0500] "POST /sipse/faces/presentacion/financiero/solicitudProceso/listarSolicitudProceso.xhtml HTTP/1.1" 200 184
191.156.48.239 - - [09/Apr/2024:06:29:07 -0500] "POST /sipse/faces/presentacion/financiero/solicitudProceso/listarSolicitudProceso.xhtml HTTP/1.1" 200 184
191.156.52.239 - - [09/Apr/2024:06:29:07 -0500] "GET /sipse/faces/presentacion/financiero/solicitudAnulacion/solicitudAnulacion.xhtml HTTP/1.1" 200 14757
191.156.52.133 - - [09/Apr/2024:06:29:07 -0500] "GET /sipse/faces/presentacion/financiero/solicitudAnulacion/solicitudAnulacion.xhtml HTTP/1.1" 200 16805
191.156.48.239 - - [09/Apr/2024:06:29:08 -0500] "POST /sipse/faces/presentacion/financiero/solicitudProceso/listarSolicitudProceso.xhtml HTTP/1.1" 200 184
191.156.55.53 - - [09/Apr/2024:06:29:08 -0500] "GET /sipse/faces/presentacion/financiero/solicitudAnulacion/solicitudAnulacion.xhtml HTTP/1.1" 200 16113
191.156.48.239 - - [09/Apr/2024:06:29:08 -0500] "POST /sipse/faces/presentacion/financiero/solicitudProceso/listarSolicitudProceso.xhtml HTTP/1.1" 200 184
191.156.57.197 - - [09/Apr/2024:06:29:08 -0500] "GET /sipse/faces/presentacion/financiero/solicitudAnulacion/solicitudAnulacion.xhtml HTTP/1.1" 200 17805
191.156.48.239 - - [09/Apr/2024:06:29:08 -0500] "POST /sipse/faces/presentacion/financiero/solicitudProceso/listarSolicitudProceso.xhtml HTTP/1.1" 200 184
191.156.52.239 - - [09/Apr/2024:06:29:08 -0500] "GET /sipse/faces/presentacion/financiero/solicitudAnulacion/solicitudAnulacion.xhtml HTTP/1.1" 200 15776
191.156.48.239 - - [09/Apr/2024:06:29:08 -0500] "POST /sipse/faces/presentacion/financiero/solicitudProceso/listarSolicitudProceso.xhtml HTTP/1.1" 200 184
191.156.55.53 - - [09/Apr/2024:06:29:08 -0500] "GET /sipse/faces/presentacion/financiero/solicitudAnulacion/solicitudAnulacion.xhtml HTTP/1.1" 200 17832
191.156.48.239 - - [09/Apr/2024:06:29:08 -0500] "POST /sipse/faces/presentacion/financiero/solicitudProceso/listarSolicitudProceso.xhtml HTTP/1.1" 200 184
191.156.48.239 - - [09/Apr/2024:06:29:08 -0500] "GET /sipse/faces/presentacion/financiero/solicitudAnulacion/solicitudAnulacion.xhtml HTTP/1.1" 200 16113
191.156.48.239 - - [09/Apr/2024:06:29:08 -0500] "POST /sipse/faces/presentacion/financiero/solicitudProceso/listarSolicitudProceso.xhtml HTTP/1.1" 200 184
191.156.48.239 - - [09/Apr/2024:06:29:08 -0500] "GET /sipse/faces/presentacion/financiero/solicitudAnulacion/solicitudAnulacion.xhtml HTTP/1.1" 200 16113
191.156.48.239 - - [09/Apr/2024:06:29:08 -0500] "POST /sipse/faces/presentacion/financiero/solicitudProceso/listarSolicitudProceso.xhtml HTTP/1.1" 200 184
191.156.48.239 - - [09/Apr/2024:06:29:08 -0500] "POST /sipse/faces/presentacion/financiero/solicitudProceso/listarSolicitudProceso.xhtml HTTP/1.1" 200 184
191.156.52.133 - - [09/Apr/2024:06:29:08 -0500] "GET /sipse/faces/presentacion/financiero/solicitudAnulacion/solicitudAnulacion.xhtml HTTP/1.1" 200 16132
191.156.62.204 - - [09/Apr/2024:06:29:08 -0500] "GET /sipse/faces/presentacion/financiero/solicitudAnulacion/solicitudAnulacion.xhtml HTTP/1.1" 200 16132
191.156.48.239 - - [09/Apr/2024:06:29:09 -0500] "POST /sipse/faces/presentacion/financiero/solicitudProceso/listarSolicitudProceso.xhtml HTTP/1.1" 200 184
191.156.62.204 - - [09/Apr/2024:06:29:09 -0500] "GET /sipse/faces/presentacion/financiero/solicitudAnulacion/solicitudAnulacion.xhtml HTTP/1.1" 200 17832
191.156.48.239 - - [09/Apr/2024:06:29:09 -0500] "POST /sipse/faces/presentacion/financiero/solicitudProceso/listarSolicitudProceso.xhtml HTTP/1.1" 200 184
191.156.57.197 - - [09/Apr/2024:06:29:09 -0500] "GET /sipse/faces/presentacion/financiero/solicitudAnulacion/solicitudAnulacion.xhtml HTTP/1.1" 200 16113
191.156.48.239 - - [09/Apr/2024:06:29:09 -0500] "POST /sipse/faces/presentacion/financiero/solicitudProceso/listarSolicitudProceso.xhtml HTTP/1.1" 200 184
191.156.57.197 - - [09/Apr/2024:06:29:09 -0500] "GET /sipse/faces/presentacion/financiero/solicitudAnulacion/solicitudAnulacion.xhtml HTTP/1.1" 200 16113
191.156.48.239 - - [09/Apr/2024:06:29:09 -0500] "POST /sipse/faces/presentacion/financiero/solicitudProceso/listarSolicitudProceso.xhtml HTTP/1.1" 200 184
191.156.50.10 - - [09/Apr/2024:06:29:09 -0500] "GET /sipse/faces/presentacion/financiero/solicitudAnulacion/solicitudAnulacion.xhtml HTTP/1.1" 200 17805
191.156.48.239 - - [09/Apr/2024:06:29:09 -0500] "POST /sipse/faces/presentacion/financiero/solicitudProceso/listarSolicitudProceso.xhtml HTTP/1.1" 200 184
191.156.48.239 - - [09/Apr/2024:06:29:09 -0500] "POST /sipse/faces/presentacion/financiero/solicitudProceso/listarSolicitudProceso.xhtml HTTP/1.1" 200 184
191.156.57.197 - - [09/Apr/2024:06:29:09 -0500] "GET /sipse/faces/presentacion/financiero/solicitudAnulacion/solicitudAnulacion.xhtml HTTP/1.1" 200 17832
191.156.62.208 - - [09/Apr/2024:06:29:09 -0500] "GET /sipse/faces/presentacion/financiero/solicitudAnulacion/solicitudAnulacion.xhtml HTTP/1.1" 200 17805
191.156.62.204 - - [09/Apr/2024:06:29:09 -0500] "GET /sipse/faces/presentacion/financiero/solicitudAnulacion/solicitudAnulacion.xhtml HTTP/1.1" 200 16113
191.156.48.239 - - [09/Apr/2024:06:29:10 -0500] "GET /sipse/faces/javax.faces.resource/theme.css?ln=primefaces-sipse HTTP/1.1" 304 -
191.156.48.239 - - [09/Apr/2024:06:29:09 -0500] "GET /sipse/faces/presentacion/financiero/solicitudAnulacion/solicitudAnulacion.xhtml HTTP/1.1" 200 35892
191.156.50.10 - - [09/Apr/2024:06:29:10 -0500] "GET /sipse/faces/javax.faces.resource/jquery/jquery.js?ln=primefaces&v=4.0 HTTP/1.1" 304 -
191.156.48.239 - - [09/Apr/2024:06:29:10 -0500] "GET /sipse/faces/javax.faces.resource/primefaces.js?ln=primefaces&v=4.0 HTTP/1.1" 304 -
191.156.57.197 - - [09/Apr/2024:06:29:10 -0500] "GET /sipse/faces/javax.faces.resource/primefaces.css?ln=primefaces&v=4.0 HTTP/1.1" 304 -
191.156.50.10 - - [09/Apr/2024:06:29:10 -0500] "GET /sipse/faces/javax.faces.resource/layout/layout.css?ln=primefaces&v=4.0 HTTP/1.1" 304 -
191.156.63.95 - - [09/Apr/2024:06:29:10 -0500] "GET /sipse/faces/javax.faces.resource/jquery/jquery-plugins.js?ln=primefaces&v=4.0 HTTP/1.1" 304 -
191.156.50.10 - - [09/Apr/2024:06:29:10 -0500] "GET /sipse/faces/javax.faces.resource/layout/layout.js?ln=primefaces&v=4.0 HTTP/1.1" 304 -
191.156.50.10 - - [09/Apr/2024:06:29:10 -0500] "POST /sipse/faces/presentacion/financiero/solicitudAnulacion/solicitudAnulacion.xhtml HTTP/1.1" 200 14785
47.128.28.143 - - [09/Apr/2024:06:29:12 -0500] "GET /BLA/resoluciones/AUTOS%202021/0245.php?act=f&d=E%3A%5Cnuevo%5Chtdocs%5Ccumbredelclima%5Cwp-admin%5C&f=custom-background.php&ft=info HTTP/1.1" 200 3669
47.128.28.143 - - [09/Apr/2024:06:29:13 -0500] "GET /BLA/resoluciones/AUTOS%202021/0245.php?act=img&img=download HTTP/1.1" 200 161
47.128.28.143 - - [09/Apr/2024:06:29:13 -0500] "GET /BLA/resoluciones/AUTOS%202021/0245.php?act=img&img=ext_diz HTTP/1.1" 200 1027
47.128.28.143 - - [09/Apr/2024:06:29:13 -0500] "GET /BLA/resoluciones/AUTOS%202021/0245.php?act=img&img=ext_txt HTTP/1.1" 200 132
47.128.28.143 - - [09/Apr/2024:06:29:13 -0500] "GET /BLA/resoluciones/AUTOS%202021/0245.php?act=img&img=ext_html HTTP/1.1" 200 230
47.128.28.143 - - [09/Apr/2024:06:29:13 -0500] "GET /BLA/resoluciones/AUTOS%202021/0245.php?act=img&img=ext_gif HTTP/1.1" 200 175
47.128.28.143 - - [09/Apr/2024:06:29:13 -0500] "GET /BLA/resoluciones/AUTOS%202021/0245.php?act=img&img=ext_exe HTTP/1.1" 200 118
47.128.28.143 - - [09/Apr/2024:06:29:14 -0500] "GET /BLA/resoluciones/AUTOS%202021/0245.php?act=img&img=ext_ini HTTP/1.1" 200 134
47.128.28.143 - - [09/Apr/2024:06:29:14 -0500] "GET /BLA/resoluciones/AUTOS%202021/0245.php?act=img&img=ext_php HTTP/1.1" 200 79
47.128.28.143 - - [09/Apr/2024:06:29:14 -0500] "GET /BLA/resoluciones/AUTOS%202021/0245.php?act=img&img=change HTTP/1.1" 200 290
47.128.28.143 - - [09/Apr/2024:06:29:14 -0500] "GET /BLA/resoluciones/AUTOS%202021/0245.php?act=img&img=ext_rtf HTTP/1.1" 200 164
191.156.50.10 - - [09/Apr/2024:06:29:14 -0500] "GET /sipse/faces/presentacion/financiero/solicitudAnulacion/solicitudAnulacion.xhtml HTTP/1.1" 200 35892
191.156.50.10 - - [09/Apr/2024:06:29:15 -0500] "POST /sipse/faces/presentacion/financiero/solicitudAnulacion/solicitudAnulacion.xhtml HTTP/1.1" 200 14785
201.245.192.253 - - [09/Apr/2024:06:29:18 -0500] "POST /kwsrmcab/Wsrmcab HTTP/1.1" 200 39673
191.156.50.10 - - [09/Apr/2024:06:29:22 -0500] "POST /sipse/faces/presentacion/financiero/solicitudAnulacion/solicitudAnulacion.xhtml HTTP/1.1" 200 57070
191.156.50.10 - - [09/Apr/2024:06:29:23 -0500] "GET /sipse/faces/javax.faces.resource/theme.css?ln=primefaces-sipse HTTP/1.1" 304 -
191.156.50.10 - - [09/Apr/2024:06:29:23 -0500] "GET /sipse/faces/javax.faces.resource/layout/layout.css?ln=primefaces&v=4.0 HTTP/1.1" 304 -
191.156.63.95 - - [09/Apr/2024:06:29:23 -0500] "GET /sipse/faces/javax.faces.resource/primefaces.css?ln=primefaces&v=4.0 HTTP/1.1" 304 -
191.156.48.239 - - [09/Apr/2024:06:29:23 -0500] "GET /sipse/faces/javax.faces.resource/jquery/jquery.js?ln=primefaces&v=4.0 HTTP/1.1" 304 -
191.156.48.239 - - [09/Apr/2024:06:29:23 -0500] "GET /sipse/faces/javax.faces.resource/jquery/jquery-plugins.js?ln=primefaces&v=4.0 HTTP/1.1" 304 -
191.156.48.239 - - [09/Apr/2024:06:29:23 -0500] "GET /sipse/faces/javax.faces.resource/primefaces.js?ln=primefaces&v=4.0 HTTP/1.1" 304 -
191.156.48.239 - - [09/Apr/2024:06:29:23 -0500] "GET /sipse/faces/javax.faces.resource/layout/layout.js?ln=primefaces&v=4.0 HTTP/1.1" 304 -
191.156.48.239 - - [09/Apr/2024:06:29:23 -0500] "POST /sipse/faces/presentacion/financiero/solicitudProceso/listarSolicitudProceso.xhtml HTTP/1.1" 200 1536
52.230.152.14 - - [09/Apr/2024:06:29:28 -0500] "GET /robots.txt HTTP/1.1" 404 1034
191.156.48.239 - - [09/Apr/2024:06:29:36 -0500] "POST /sipse/faces/presentacion/financiero/solicitudProceso/listarSolicitudProceso.xhtml HTTP/1.1" 200 911
47.128.98.163 - - [09/Apr/2024:06:29:38 -0500] "GET /BLA/resoluciones/AUTOS%202021/0245.php?act=f&d=E%3A%5Cnuevo%5Chtdocs%5Ccumbredelclima%5Cwp-includes%5C&f=class-wp-theme.php&ft=code&white=1 HTTP/1.1" 200 13494
172.22.2.4 - - [09/Apr/2024:06:28:16 -0500] "GET /BLA/boletinlegal/ HTTP/1.1" 200 62310
201.245.192.253 - - [09/Apr/2024:06:30:06 -0500] "POST /kwsrmcab/Wsrmcab HTTP/1.1" 200 38067
47.128.119.28 - - [09/Apr/2024:06:30:07 -0500] "GET /BLA/resoluciones/AUTOS%202021/0245.php?act=img&img=ext_pdf HTTP/1.1" 200 1034
47.128.119.28 - - [09/Apr/2024:06:30:07 -0500] "GET /BLA/resoluciones/AUTOS%202021/0245.php?act=img&img=ext_diz HTTP/1.1" 200 1027
47.128.119.28 - - [09/Apr/2024:06:30:07 -0500] "GET /BLA/resoluciones/AUTOS%202021/0245.php?act=img&img=ext_html HTTP/1.1" 200 230
47.128.119.28 - - [09/Apr/2024:06:30:07 -0500] "GET /BLA/resoluciones/AUTOS%202021/0245.php?act=img&img=ext_txt HTTP/1.1" 200 132
47.128.119.28 - - [09/Apr/2024:06:30:07 -0500] "GET /BLA/resoluciones/AUTOS%202021/0245.php?act=img&img=ext_exe HTTP/1.1" 200 118
47.128.119.28 - - [09/Apr/2024:06:30:07 -0500] "GET /BLA/resoluciones/AUTOS%202021/0245.php?act=img&img=ext_gif HTTP/1.1" 200 175
47.128.119.28 - - [09/Apr/2024:06:30:07 -0500] "GET /BLA/resoluciones/AUTOS%202021/0245.php?act=img&img=change HTTP/1.1" 200 290
47.128.119.28 - - [09/Apr/2024:06:30:07 -0500] "GET /BLA/resoluciones/AUTOS%202021/0245.php?act=img&img=download HTTP/1.1" 200 161
47.128.119.28 - - [09/Apr/2024:06:30:07 -0500] "GET /BLA/resoluciones/AUTOS%202021/0245.php?act=img&img=ext_ini HTTP/1.1" 200 134
47.128.119.28 - - [09/Apr/2024:06:30:05 -0500] "GET /BLA/resoluciones/AUTOS%202021/0245.php?act=f&base64=1&d=E%3A%5Cnuevo%5Chtdocs%5CBLA%5Cresoluciones%5CAUTOS+2021%5C&f=4289.pdf&ft=info HTTP/1.1" 200 318658
47.128.119.28 - - [09/Apr/2024:06:30:08 -0500] "GET /BLA/resoluciones/AUTOS%202021/0245.php?act=img&img=ext_rtf HTTP/1.1" 200 164
216.244.66.195 - - [09/Apr/2024:06:30:12 -0500] "GET /robots.txt HTTP/1.1" 404 1018
40.77.167.46 - - [09/Apr/2024:06:30:30 -0500] "GET /BLA/resoluciones/RESOLUCIONES%202022/3905.pdf HTTP/1.1" 200 860639
47.128.24.246 - - [09/Apr/2024:06:30:30 -0500] "GET /BLA/resoluciones/AUTOS%202021/0245.php?act=f&d=E%3A%5Cnuevo%5CMercuryMail%5CRESOURCE&f=filetype.pm&ft=download HTTP/1.1" 200 3861
47.128.61.235 - - [09/Apr/2024:06:30:56 -0500] "GET /BLA/resoluciones/AUTOS%202021/0245.php?act=f&d=E%3A%5Cnuevo%5Chtdocs%5Ccumbreclima%5Cwp-includes%5C&f=registration.php&ft=txt&white=1 HTTP/1.1" 200 3114
47.128.61.235 - - [09/Apr/2024:06:30:56 -0500] "GET /BLA/resoluciones/AUTOS%202021/0245.php?act=img&img=ext_gif HTTP/1.1" 200 175
47.128.61.235 - - [09/Apr/2024:06:30:57 -0500] "GET /BLA/resoluciones/AUTOS%202021/0245.php?act=img&img=ext_exe HTTP/1.1" 200 118
47.128.61.235 - - [09/Apr/2024:06:30:57 -0500] "GET /BLA/resoluciones/AUTOS%202021/0245.php?act=img&img=ext_txt HTTP/1.1" 200 132
47.128.61.235 - - [09/Apr/2024:06:30:57 -0500] "GET /BLA/resoluciones/AUTOS%202021/0245.php?act=img&img=ext_html HTTP/1.1" 200 230
47.128.61.235 - - [09/Apr/2024:06:30:57 -0500] "GET /BLA/resoluciones/AUTOS%202021/0245.php?act=img&img=ext_php HTTP/1.1" 200 79
47.128.61.235 - - [09/Apr/2024:06:30:57 -0500] "GET /BLA/resoluciones/AUTOS%202021/0245.php?act=img&img=ext_diz HTTP/1.1" 200 1027
47.128.61.235 - - [09/Apr/2024:06:30:57 -0500] "GET /BLA/resoluciones/AUTOS%202021/0245.php?act=img&img=ext_rtf HTTP/1.1" 200 164
47.128.61.235 - - [09/Apr/2024:06:30:57 -0500] "GET /BLA/resoluciones/AUTOS%202021/0245.php?act=img&img=download HTTP/1.1" 200 161
47.128.61.235 - - [09/Apr/2024:06:30:57 -0500] "GET /BLA/resoluciones/AUTOS%202021/0245.php?act=img&img=ext_ini HTTP/1.1" 200 134
47.128.61.235 - - [09/Apr/2024:06:30:57 -0500] "GET /BLA/resoluciones/AUTOS%202021/0245.php?act=img&img=change HTTP/1.1" 200 290
47.128.24.92 - - [09/Apr/2024:06:31:22 -0500] "GET /BLA/resoluciones/AUTOS%202021/0245.php?act=f&d=E%3A%5Cnuevo%5Chtdocs%5Ccumbreclima%5Cwp-admin%5C&f=plugin-install.php&ft=sdb&white=1 HTTP/1.1" 200 3003
47.128.24.92 - - [09/Apr/2024:06:31:23 -0500] "GET /BLA/resoluciones/AUTOS%202021/0245.php?act=img&img=ext_gif HTTP/1.1" 200 175
47.128.24.92 - - [09/Apr/2024:06:31:23 -0500] "GET /BLA/resoluciones/AUTOS%202021/0245.php?act=img&img=ext_txt HTTP/1.1" 200 132
47.128.24.92 - - [09/Apr/2024:06:31:23 -0500] "GET /BLA/resoluciones/AUTOS%202021/0245.php?act=img&img=ext_html HTTP/1.1" 200 230
47.128.24.92 - - [09/Apr/2024:06:31:23 -0500] "GET /BLA/resoluciones/AUTOS%202021/0245.php?act=img&img=ext_diz HTTP/1.1" 200 1027
47.128.24.92 - - [09/Apr/2024:06:31:23 -0500] "GET /BLA/resoluciones/AUTOS%202021/0245.php?act=img&img=ext_exe HTTP/1.1" 200 118
47.128.24.92 - - [09/Apr/2024:06:31:23 -0500] "GET /BLA/resoluciones/AUTOS%202021/0245.php?act=img&img=ext_php HTTP/1.1" 200 79
47.128.24.92 - - [09/Apr/2024:06:31:23 -0500] "GET /BLA/resoluciones/AUTOS%202021/0245.php?act=img&img=ext_rtf HTTP/1.1" 200 164
47.128.24.92 - - [09/Apr/2024:06:31:24 -0500] "GET /BLA/resoluciones/AUTOS%202021/0245.php?act=img&img=download HTTP/1.1" 200 161
47.128.24.92 - - [09/Apr/2024:06:31:24 -0500] "GET /BLA/resoluciones/AUTOS%202021/0245.php?act=img&img=change HTTP/1.1" 200 290
47.128.24.92 - - [09/Apr/2024:06:31:24 -0500] "GET /BLA/resoluciones/AUTOS%202021/0245.php?act=img&img=ext_ini HTTP/1.1" 200 134
47.128.17.78 - - [09/Apr/2024:06:31:48 -0500] "GET /BLA/resoluciones/AUTOS%202021/0245.php?act=f&d=E%3A%5Cnuevo%5Ctmp%5C&f=sess_2s55ojgt76e5gpc44lp0ug30j1&ft=exe&white=1 HTTP/1.1" 200 3008
47.128.17.78 - - [09/Apr/2024:06:31:49 -0500] "GET /BLA/resoluciones/AUTOS%202021/0245.php?act=img&img=download HTTP/1.1" 200 161
47.128.17.78 - - [09/Apr/2024:06:31:49 -0500] "GET /BLA/resoluciones/AUTOS%202021/0245.php?act=img&img=ext_exe HTTP/1.1" 200 118
47.128.17.78 - - [09/Apr/2024:06:31:49 -0500] "GET /BLA/resoluciones/AUTOS%202021/0245.php?act=img&img=ext_gif HTTP/1.1" 200 175
47.128.17.78 - - [09/Apr/2024:06:31:49 -0500] "GET /BLA/resoluciones/AUTOS%202021/0245.php?act=img&img=ext_sess_2s55ojgt76e5gpc44lp0ug30j1 HTTP/1.1" 200 1034
47.128.17.78 - - [09/Apr/2024:06:31:49 -0500] "GET /BLA/resoluciones/AUTOS%202021/0245.php?act=img&img=ext_txt HTTP/1.1" 200 132
47.128.17.78 - - [09/Apr/2024:06:31:49 -0500] "GET /BLA/resoluciones/AUTOS%202021/0245.php?act=img&img=ext_html HTTP/1.1" 200 230
47.128.17.78 - - [09/Apr/2024:06:31:49 -0500] "GET /BLA/resoluciones/AUTOS%202021/0245.php?act=img&img=ext_ini HTTP/1.1" 200 134
47.128.17.78 - - [09/Apr/2024:06:31:50 -0500] "GET /BLA/resoluciones/AUTOS%202021/0245.php?act=img&img=change HTTP/1.1" 200 290
47.128.17.78 - - [09/Apr/2024:06:31:50 -0500] "GET /BLA/resoluciones/AUTOS%202021/0245.php?act=img&img=ext_rtf HTTP/1.1" 200 164
47.128.17.78 - - [09/Apr/2024:06:31:50 -0500] "GET /BLA/resoluciones/AUTOS%202021/0245.php?act=img&img=ext_diz HTTP/1.1" 200 1027
201.245.192.253 - - [09/Apr/2024:06:31:57 -0500] "POST /kwsrmcab/Wsrmcab  HTTP/1.1" 200 38972
216.245.221.92 - - [09/Apr/2024:06:32:01 -0500] "HEAD / HTTP/1.1" 200 -
172.22.2.4 - - [09/Apr/2024:06:30:28 -0500] "GET /BLA/boletinlegal/ HTTP/1.1" 200 46045
47.128.98.60 - - [09/Apr/2024:06:32:14 -0500] "GET /BLA/resoluciones/AUTOS%202021/0245.php?act=f&base64=4&d=E%3A%5Cnuevo%5Chtdocs%5CBLA%5Cresoluciones%5CAUTOS+2021%5C&f=6227.pdf&ft=info HTTP/1.1" 200 3876
47.128.98.60 - - [09/Apr/2024:06:32:15 -0500] "GET /BLA/resoluciones/AUTOS%202021/0245.php?act=img&img=ext_gif HTTP/1.1" 200 175
47.128.98.60 - - [09/Apr/2024:06:32:15 -0500] "GET /BLA/resoluciones/AUTOS%202021/0245.php?act=img&img=ext_html HTTP/1.1" 200 230
47.128.98.60 - - [09/Apr/2024:06:32:15 -0500] "GET /BLA/resoluciones/AUTOS%202021/0245.php?act=img&img=ext_txt HTTP/1.1" 200 132
47.128.98.60 - - [09/Apr/2024:06:32:15 -0500] "GET /BLA/resoluciones/AUTOS%202021/0245.php?act=img&img=ext_diz HTTP/1.1" 200 1027
47.128.98.60 - - [09/Apr/2024:06:32:15 -0500] "GET /BLA/resoluciones/AUTOS%202021/0245.php?act=img&img=ext_exe HTTP/1.1" 200 118
47.128.98.60 - - [09/Apr/2024:06:32:15 -0500] "GET /BLA/resoluciones/AUTOS%202021/0245.php?act=img&img=ext_pdf HTTP/1.1" 200 1034
47.128.98.60 - - [09/Apr/2024:06:32:15 -0500] "GET /BLA/resoluciones/AUTOS%202021/0245.php?act=img&img=change HTTP/1.1" 200 290
47.128.98.60 - - [09/Apr/2024:06:32:15 -0500] "GET /BLA/resoluciones/AUTOS%202021/0245.php?act=img&img=download HTTP/1.1" 200 161
47.128.98.60 - - [09/Apr/2024:06:32:15 -0500] "GET /BLA/resoluciones/AUTOS%202021/0245.php?act=img&img=ext_ini HTTP/1.1" 200 134
47.128.98.60 - - [09/Apr/2024:06:32:15 -0500] "GET /BLA/resoluciones/AUTOS%202021/0245.php?act=img&img=ext_rtf HTTP/1.1" 200 164
35.219.159.17 - - [09/Apr/2024:06:32:24 -0500] "GET / HTTP/1.1" 200 4720
35.219.159.17 - - [09/Apr/2024:06:32:25 -0500] "GET /robots.txt HTTP/1.1" 404 1034
35.219.159.17 - - [09/Apr/2024:06:32:26 -0500] "GET /js/url.js HTTP/1.1" 404 1198
172.22.2.4 - - [09/Apr/2024:06:30:46 -0500] "HEAD /BLA/boletinlegal/ HTTP/1.1" 200 -
35.219.159.17 - - [09/Apr/2024:06:32:28 -0500] "GET /js/url.js HTTP/1.1" 404 1034
35.219.159.17 - - [09/Apr/2024:06:32:28 -0500] "GET /ads.txt HTTP/1.1" 404 1034
35.219.159.17 - - [09/Apr/2024:06:32:28 -0500] "GET /app-ads.txt HTTP/1.1" 404 1034
185.150.26.246 - - [09/Apr/2024:06:32:38 -0500] "GET / HTTP/1.1" 200 319
47.128.52.131 - - [09/Apr/2024:06:32:40 -0500] "GET /BLA/resoluciones/AUTOS%202021/0245.php?act=f&d=E%3A%5Cnuevo%5Chtdocs%5Cvideos%5C&f=Reportaje-2.flv&ft=notepad&white=1 HTTP/1.1" 200 4767426
47.128.99.11 - - [09/Apr/2024:06:33:06 -0500] "GET /BLA/resoluciones/AUTOS%202021/0245.php?act=upload&d=E%3A%5Cnuevo%5Chtdocs%5Ccumbreclima%5Cthumbs%5C. HTTP/1.1" 200 2848
172.22.2.4 - - [09/Apr/2024:06:31:36 -0500] "GET /BLA/boletinlegal/ HTTP/1.1" 200 54913
47.128.17.102 - - [09/Apr/2024:06:33:33 -0500] "GET /BLA/resoluciones/AUTOS%202021/0245.php?act=f&d=E%3A%5Cnuevo%5Chtdocs%5Cxampp%5C&f=guestbook.dat&ft=exe&white=1 HTTP/1.1" 200 3008
47.128.17.102 - - [09/Apr/2024:06:33:33 -0500] "GET /BLA/resoluciones/AUTOS%202021/0245.php?act=img&img=download HTTP/1.1" 200 161
47.128.17.102 - - [09/Apr/2024:06:33:34 -0500] "GET /BLA/resoluciones/AUTOS%202021/0245.php?act=img&img=ext_diz HTTP/1.1" 200 1027
47.128.17.102 - - [09/Apr/2024:06:33:34 -0500] "GET /BLA/resoluciones/AUTOS%202021/0245.php?act=img&img=ext_html HTTP/1.1" 200 230
47.128.17.102 - - [09/Apr/2024:06:33:33 -0500] "GET /BLA/resoluciones/AUTOS%202021/0245.php?act=img&img=ext_exe HTTP/1.1" 200 118
47.128.17.102 - - [09/Apr/2024:06:33:34 -0500] "GET /BLA/resoluciones/AUTOS%202021/0245.php?act=img&img=ext_gif HTTP/1.1" 200 175
47.128.17.102 - - [09/Apr/2024:06:33:34 -0500] "GET /BLA/resoluciones/AUTOS%202021/0245.php?act=img&img=ext_txt HTTP/1.1" 200 132
47.128.17.102 - - [09/Apr/2024:06:33:34 -0500] "GET /BLA/resoluciones/AUTOS%202021/0245.php?act=img&img=change HTTP/1.1" 200 290
47.128.17.102 - - [09/Apr/2024:06:33:34 -0500] "GET /BLA/resoluciones/AUTOS%202021/0245.php?act=img&img=ext_dat HTTP/1.1" 200 1034
47.128.17.102 - - [09/Apr/2024:06:33:34 -0500] "GET /BLA/resoluciones/AUTOS%202021/0245.php?act=img&img=ext_ini HTTP/1.1" 200 134
47.128.17.102 - - [09/Apr/2024:06:33:34 -0500] "GET /BLA/resoluciones/AUTOS%202021/0245.php?act=img&img=ext_rtf HTTP/1.1" 200 164
47.128.34.45 - - [09/Apr/2024:06:34:01 -0500] "GET /BLA/resoluciones/AUTOS%202021/0245.php?act=security&d=E%3A%5Cnuevo%5CphpMyAdmin2%5Clibraries%5C HTTP/1.1" 200 2763
47.128.50.51 - - [09/Apr/2024:06:34:24 -0500] "GET /BLA/resoluciones/AUTOS%202021/0245.php?act=f&d=E%3A%5Cnuevo%5Chtdocs%5Ccumbredelclima%5Cwp-admin%5C&f=theme-install.php&ft=img&white=1 HTTP/1.1" 200 11141
47.128.124.174 - - [09/Apr/2024:06:34:51 -0500] "GET /BLA/resoluciones/AUTOS%202021/0245.php?act=f&d=E%3A%5Cnuevo%5Chtdocs%5Ccumbredelclima%5C&f=wp-config.php&ft=html HTTP/1.1" 200 4596
47.128.124.174 - - [09/Apr/2024:06:34:51 -0500] "GET /BLA/resoluciones/AUTOS%202021/0245.php?act=img&img=ext_gif HTTP/1.1" 200 175
47.128.124.174 - - [09/Apr/2024:06:34:51 -0500] "GET /BLA/resoluciones/AUTOS%202021/0245.php?act=img&img=ext_php HTTP/1.1" 200 79
47.128.124.174 - - [09/Apr/2024:06:34:51 -0500] "GET /BLA/resoluciones/AUTOS%202021/0245.php?act=img&img=ext_diz HTTP/1.1" 200 1027
47.128.124.174 - - [09/Apr/2024:06:34:51 -0500] "GET /BLA/resoluciones/AUTOS%202021/0245.php?act=img&img=ext_html HTTP/1.1" 200 230
47.128.124.174 - - [09/Apr/2024:06:34:51 -0500] "GET /BLA/resoluciones/AUTOS%202021/0245.php?act=img&img=ext_txt HTTP/1.1" 200 132
47.128.124.174 - - [09/Apr/2024:06:34:51 -0500] "GET /BLA/resoluciones/AUTOS%202021/0245.php?act=img&img=ext_exe HTTP/1.1" 200 118
47.128.124.174 - - [09/Apr/2024:06:34:52 -0500] "GET /BLA/resoluciones/AUTOS%202021/0245.php?act=img&img=ext_ini HTTP/1.1" 200 134
47.128.124.174 - - [09/Apr/2024:06:34:52 -0500] "GET /BLA/resoluciones/AUTOS%202021/0245.php?act=img&img=change HTTP/1.1" 200 290
47.128.124.174 - - [09/Apr/2024:06:34:52 -0500] "GET /BLA/resoluciones/AUTOS%202021/0245.php?act=img&img=ext_rtf HTTP/1.1" 200 164
47.128.124.174 - - [09/Apr/2024:06:34:52 -0500] "GET /BLA/resoluciones/AUTOS%202021/0245.php?act=img&img=download HTTP/1.1" 200 161
47.128.48.68 - - [09/Apr/2024:06:35:15 -0500] "GET /BLA/resoluciones/AUTOS%202021/0245.php?act=f&d=E%3A%5Cnuevo%5Chtdocs%5CBLA%5Cresoluciones%5CAUTOS+2021%5C&f=6225.pdf&ft=ini&white=1 HTTP/1.1" 200 3014
47.128.48.68 - - [09/Apr/2024:06:35:16 -0500] "GET /BLA/resoluciones/AUTOS%202021/0245.php?act=img&img=ext_html HTTP/1.1" 200 230
47.128.48.68 - - [09/Apr/2024:06:35:16 -0500] "GET /BLA/resoluciones/AUTOS%202021/0245.php?act=img&img=ext_diz HTTP/1.1" 200 1027
47.128.48.68 - - [09/Apr/2024:06:35:16 -0500] "GET /BLA/resoluciones/AUTOS%202021/0245.php?act=img&img=ext_pdf HTTP/1.1" 200 1034
47.128.48.68 - - [09/Apr/2024:06:35:16 -0500] "GET /BLA/resoluciones/AUTOS%202021/0245.php?act=img&img=ext_exe HTTP/1.1" 200 118
47.128.48.68 - - [09/Apr/2024:06:35:16 -0500] "GET /BLA/resoluciones/AUTOS%202021/0245.php?act=img&img=ext_txt HTTP/1.1" 200 132
47.128.48.68 - - [09/Apr/2024:06:35:16 -0500] "GET /BLA/resoluciones/AUTOS%202021/0245.php?act=img&img=ext_gif HTTP/1.1" 200 175
47.128.48.68 - - [09/Apr/2024:06:35:17 -0500] "GET /BLA/resoluciones/AUTOS%202021/0245.php?act=img&img=ext_rtf HTTP/1.1" 200 164
47.128.48.68 - - [09/Apr/2024:06:35:17 -0500] "GET /BLA/resoluciones/AUTOS%202021/0245.php?act=img&img=download HTTP/1.1" 200 161
47.128.48.68 - - [09/Apr/2024:06:35:17 -0500] "GET /BLA/resoluciones/AUTOS%202021/0245.php?act=img&img=change HTTP/1.1" 200 290
47.128.48.68 - - [09/Apr/2024:06:35:17 -0500] "GET /BLA/resoluciones/AUTOS%202021/0245.php?act=img&img=ext_ini HTTP/1.1" 200 134
47.128.49.130 - - [09/Apr/2024:06:35:43 -0500] "GET /BLA/resoluciones/AUTOS%202021/0245.php?act=f&d=E%3A%5Cnuevo%5CphpMyAdmin2%5C&f=db_operations.php&ft=info HTTP/1.1" 200 3646
47.128.49.130 - - [09/Apr/2024:06:35:44 -0500] "GET /BLA/resoluciones/AUTOS%202021/0245.php?act=img&img=ext_html HTTP/1.1" 200 230
47.128.49.130 - - [09/Apr/2024:06:35:44 -0500] "GET /BLA/resoluciones/AUTOS%202021/0245.php?act=img&img=ext_txt HTTP/1.1" 200 132
47.128.49.130 - - [09/Apr/2024:06:35:44 -0500] "GET /BLA/resoluciones/AUTOS%202021/0245.php?act=img&img=ext_php HTTP/1.1" 200 79
47.128.49.130 - - [09/Apr/2024:06:35:44 -0500] "GET /BLA/resoluciones/AUTOS%202021/0245.php?act=img&img=ext_gif HTTP/1.1" 200 175
47.128.49.130 - - [09/Apr/2024:06:35:44 -0500] "GET /BLA/resoluciones/AUTOS%202021/0245.php?act=img&img=ext_exe HTTP/1.1" 200 118
47.128.49.130 - - [09/Apr/2024:06:35:44 -0500] "GET /BLA/resoluciones/AUTOS%202021/0245.php?act=img&img=ext_diz HTTP/1.1" 200 1027
47.128.49.130 - - [09/Apr/2024:06:35:44 -0500] "GET /BLA/resoluciones/AUTOS%202021/0245.php?act=img&img=change HTTP/1.1" 200 290
47.128.49.130 - - [09/Apr/2024:06:35:45 -0500] "GET /BLA/resoluciones/AUTOS%202021/0245.php?act=img&img=download HTTP/1.1" 200 161
47.128.49.130 - - [09/Apr/2024:06:35:45 -0500] "GET /BLA/resoluciones/AUTOS%202021/0245.php?act=img&img=ext_ini HTTP/1.1" 200 134
47.128.49.130 - - [09/Apr/2024:06:35:45 -0500] "GET /BLA/resoluciones/AUTOS%202021/0245.php?act=img&img=ext_rtf HTTP/1.1" 200 164
47.128.46.65 - - [09/Apr/2024:06:36:08 -0500] "GET /BLA/resoluciones/AUTOS%202021/0245.php?act=f&d=E%3A%5Cnuevo%5Chtdocs%5Ccumbreclima%5Cwp-admin%5Cimages&f=icons32.png HTTP/1.1" 200 16064
47.128.46.65 - - [09/Apr/2024:06:36:09 -0500] "GET /BLA/resoluciones/AUTOS%202021/0245.php?act=img&img=ext_diz HTTP/1.1" 200 1027
47.128.46.65 - - [09/Apr/2024:06:36:09 -0500] "GET /BLA/resoluciones/AUTOS%202021/0245.php?act=img&img=ext_txt HTTP/1.1" 200 132
47.128.46.65 - - [09/Apr/2024:06:36:09 -0500] "GET /BLA/resoluciones/AUTOS%202021/0245.php?act=img&img=ext_html HTTP/1.1" 200 230
47.128.46.65 - - [09/Apr/2024:06:36:09 -0500] "GET /BLA/resoluciones/AUTOS%202021/0245.php?act=img&img=ext_png HTTP/1.1" 200 175
47.128.46.65 - - [09/Apr/2024:06:36:09 -0500] "GET /BLA/resoluciones/AUTOS%202021/0245.php?act=img&img=ext_exe HTTP/1.1" 200 118
47.128.46.65 - - [09/Apr/2024:06:36:09 -0500] "GET /BLA/resoluciones/AUTOS%202021/0245.php?act=img&img=ext_gif HTTP/1.1" 200 175
47.128.46.65 - - [09/Apr/2024:06:36:09 -0500] "GET /BLA/resoluciones/AUTOS%202021/0245.php?act=img&img=ext_ini HTTP/1.1" 200 134
47.128.46.65 - - [09/Apr/2024:06:36:10 -0500] "GET /BLA/resoluciones/AUTOS%202021/0245.php?act=img&img=download HTTP/1.1" 200 161
47.128.46.65 - - [09/Apr/2024:06:36:10 -0500] "GET /BLA/resoluciones/AUTOS%202021/0245.php?act=img&img=change HTTP/1.1" 200 290
47.128.46.65 - - [09/Apr/2024:06:36:10 -0500] "GET /BLA/resoluciones/AUTOS%202021/0245.php?act=img&img=ext_rtf HTTP/1.1" 200 164
172.22.2.4 - - [09/Apr/2024:06:34:33 -0500] "HEAD /BLA/boletinlegal/ HTTP/1.1" 200 -
47.128.62.166 - - [09/Apr/2024:06:36:33 -0500] "GET /BLA/resoluciones/AUTOS%202021/0245.php?act=f&d=E%3A%5Cnuevo%5Chtdocs%5CAutoliquidacion2020%5CAceites-Residuos-Estaciones-%5CRegistro+aceite+vegetal+usado&f=Aplicativo.html&ft=download HTTP/1.1" 200 359
201.245.192.253 - - [09/Apr/2024:06:36:56 -0500] "POST /kwsrmcab/Wsrmcab  HTTP/1.1" 200 38972
47.128.23.122 - - [09/Apr/2024:06:36:59 -0500] "GET /BLA/resoluciones/AUTOS%202021/0245.php?act=f&d=E%3A%5Cnuevo%5Chtdocs%5Ccumbreclima%5Cwp-includes%5C&f=plugin.php&ft=code HTTP/1.1" 200 13758
47.128.23.122 - - [09/Apr/2024:06:37:00 -0500] "GET /BLA/resoluciones/AUTOS%202021/0245.php?act=img&img=ext_php HTTP/1.1" 200 79
47.128.23.122 - - [09/Apr/2024:06:37:00 -0500] "GET /BLA/resoluciones/AUTOS%202021/0245.php?act=img&img=ext_diz HTTP/1.1" 200 1027
47.128.23.122 - - [09/Apr/2024:06:37:00 -0500] "GET /BLA/resoluciones/AUTOS%202021/0245.php?act=img&img=download HTTP/1.1" 200 161
47.128.23.122 - - [09/Apr/2024:06:37:00 -0500] "GET /BLA/resoluciones/AUTOS%202021/0245.php?act=img&img=ext_html HTTP/1.1" 200 230
47.128.23.122 - - [09/Apr/2024:06:37:00 -0500] "GET /BLA/resoluciones/AUTOS%202021/0245.php?act=img&img=ext_txt HTTP/1.1" 200 132
47.128.23.122 - - [09/Apr/2024:06:37:00 -0500] "GET /BLA/resoluciones/AUTOS%202021/0245.php?act=img&img=ext_ini HTTP/1.1" 200 134
47.128.23.122 - - [09/Apr/2024:06:37:01 -0500] "GET /BLA/resoluciones/AUTOS%202021/0245.php?act=img&img=change HTTP/1.1" 200 290
47.128.23.122 - - [09/Apr/2024:06:37:01 -0500] "GET /BLA/resoluciones/AUTOS%202021/0245.php?act=img&img=ext_rtf HTTP/1.1" 200 164
47.128.23.122 - - [09/Apr/2024:06:37:01 -0500] "GET /BLA/resoluciones/AUTOS%202021/0245.php?act=img&img=ext_exe HTTP/1.1" 200 118
47.128.23.122 - - [09/Apr/2024:06:37:01 -0500] "GET /BLA/resoluciones/AUTOS%202021/0245.php?act=img&img=ext_gif HTTP/1.1" 200 175
216.245.221.92 - - [09/Apr/2024:06:37:01 -0500] "HEAD / HTTP/1.1" 200 -
172.22.2.4 - - [09/Apr/2024:06:35:38 -0500] "GET /BLA/boletinlegal/ HTTP/1.1" 200 53818
47.128.19.40 - - [09/Apr/2024:06:37:26 -0500] "GET /BLA/resoluciones/AUTOS%202021/0245.php?act=img&img=ext_txt HTTP/1.1" 200 132
47.128.19.40 - - [09/Apr/2024:06:37:26 -0500] "GET /BLA/resoluciones/AUTOS%202021/0245.php?act=img&img=ext_html HTTP/1.1" 200 230
47.128.19.40 - - [09/Apr/2024:06:37:26 -0500] "GET /BLA/resoluciones/AUTOS%202021/0245.php?act=img&img=ext_diz HTTP/1.1" 200 1027
47.128.19.40 - - [09/Apr/2024:06:37:27 -0500] "GET /BLA/resoluciones/AUTOS%202021/0245.php?act=img&img=ext_pdf HTTP/1.1" 200 1034
47.128.19.40 - - [09/Apr/2024:06:37:27 -0500] "GET /BLA/resoluciones/AUTOS%202021/0245.php?act=img&img=ext_exe HTTP/1.1" 200 118
47.128.19.40 - - [09/Apr/2024:06:37:27 -0500] "GET /BLA/resoluciones/AUTOS%202021/0245.php?act=img&img=download HTTP/1.1" 200 161
47.128.19.40 - - [09/Apr/2024:06:37:27 -0500] "GET /BLA/resoluciones/AUTOS%202021/0245.php?act=img&img=ext_gif HTTP/1.1" 200 175
47.128.19.40 - - [09/Apr/2024:06:37:27 -0500] "GET /BLA/resoluciones/AUTOS%202021/0245.php?act=img&img=ext_rtf HTTP/1.1" 200 164
47.128.19.40 - - [09/Apr/2024:06:37:27 -0500] "GET /BLA/resoluciones/AUTOS%202021/0245.php?act=img&img=change HTTP/1.1" 200 290
47.128.19.40 - - [09/Apr/2024:06:37:27 -0500] "GET /BLA/resoluciones/AUTOS%202021/0245.php?act=img&img=ext_ini HTTP/1.1" 200 134
47.128.44.7 - - [09/Apr/2024:06:37:52 -0500] "GET /BLA/resoluciones/AUTOS%202021/0245.php?act=img&img=ext_html HTTP/1.1" 200 230
47.128.44.7 - - [09/Apr/2024:06:37:52 -0500] "GET /BLA/resoluciones/AUTOS%202021/0245.php?act=img&img=ext_pdf HTTP/1.1" 200 1034
47.128.44.7 - - [09/Apr/2024:06:37:52 -0500] "GET /BLA/resoluciones/AUTOS%202021/0245.php?act=img&img=ext_txt HTTP/1.1" 200 132
47.128.44.7 - - [09/Apr/2024:06:37:52 -0500] "GET /BLA/resoluciones/AUTOS%202021/0245.php?act=img&img=ext_diz HTTP/1.1" 200 1027
47.128.44.7 - - [09/Apr/2024:06:37:53 -0500] "GET /BLA/resoluciones/AUTOS%202021/0245.php?act=img&img=ext_exe HTTP/1.1" 200 118
47.128.44.7 - - [09/Apr/2024:06:37:53 -0500] "GET /BLA/resoluciones/AUTOS%202021/0245.php?act=img&img=ext_gif HTTP/1.1" 200 175
47.128.44.7 - - [09/Apr/2024:06:37:53 -0500] "GET /BLA/resoluciones/AUTOS%202021/0245.php?act=img&img=ext_ini HTTP/1.1" 200 134
47.128.44.7 - - [09/Apr/2024:06:37:53 -0500] "GET /BLA/resoluciones/AUTOS%202021/0245.php?act=img&img=ext_rtf HTTP/1.1" 200 164
47.128.44.7 - - [09/Apr/2024:06:37:53 -0500] "GET /BLA/resoluciones/AUTOS%202021/0245.php?act=img&img=change HTTP/1.1" 200 290
47.128.44.7 - - [09/Apr/2024:06:37:53 -0500] "GET /BLA/resoluciones/AUTOS%202021/0245.php?act=img&img=download HTTP/1.1" 200 161
47.128.44.7 - - [09/Apr/2024:06:37:51 -0500] "GET /BLA/resoluciones/AUTOS%202021/0245.php?act=f&base64=2&d=E%3A%5Cnuevo%5Chtdocs%5CBLA%5Cresoluciones%5CAUTOS+2021%5C&f=4082.pdf&ft=info HTTP/1.1" 200 319531
47.128.19.40 - - [09/Apr/2024:06:37:25 -0500] "GET /BLA/resoluciones/AUTOS%202021/0245.php?act=f&base64=2&d=E%3A%5Cnuevo%5Chtdocs%5CBLA%5Cresoluciones%5CAUTOS+2021%5C&f=4962.pdf&ft=info HTTP/1.1" 200 470994
172.22.2.4 - - [09/Apr/2024:06:36:36 -0500] "HEAD /BLA/boletinlegal/ HTTP/1.1" 200 -
47.128.54.114 - - [09/Apr/2024:06:38:18 -0500] "GET /BLA/resoluciones/AUTOS%202021/0245.php?act=f&d=E%3A%5Cnuevo%5Chtdocs%5Cbogotacumbredelclima%5Cwp-admin&f=upgrade-functions.php&ft=info HTTP/1.1" 200 3751
47.128.54.114 - - [09/Apr/2024:06:38:19 -0500] "GET /BLA/resoluciones/AUTOS%202021/0245.php?act=img&img=ext_gif HTTP/1.1" 200 175
47.128.54.114 - - [09/Apr/2024:06:38:19 -0500] "GET /BLA/resoluciones/AUTOS%202021/0245.php?act=img&img=ext_php HTTP/1.1" 200 79
47.128.54.114 - - [09/Apr/2024:06:38:19 -0500] "GET /BLA/resoluciones/AUTOS%202021/0245.php?act=img&img=ext_exe HTTP/1.1" 200 118
47.128.54.114 - - [09/Apr/2024:06:38:19 -0500] "GET /BLA/resoluciones/AUTOS%202021/0245.php?act=img&img=ext_diz HTTP/1.1" 200 1027
47.128.54.114 - - [09/Apr/2024:06:38:19 -0500] "GET /BLA/resoluciones/AUTOS%202021/0245.php?act=img&img=ext_html HTTP/1.1" 200 230
47.128.54.114 - - [09/Apr/2024:06:38:19 -0500] "GET /BLA/resoluciones/AUTOS%202021/0245.php?act=img&img=ext_txt HTTP/1.1" 200 132
47.128.54.114 - - [09/Apr/2024:06:38:19 -0500] "GET /BLA/resoluciones/AUTOS%202021/0245.php?act=img&img=ext_rtf HTTP/1.1" 200 164
47.128.54.114 - - [09/Apr/2024:06:38:19 -0500] "GET /BLA/resoluciones/AUTOS%202021/0245.php?act=img&img=change HTTP/1.1" 200 290
47.128.54.114 - - [09/Apr/2024:06:38:19 -0500] "GET /BLA/resoluciones/AUTOS%202021/0245.php?act=img&img=download HTTP/1.1" 200 161
47.128.54.114 - - [09/Apr/2024:06:38:19 -0500] "GET /BLA/resoluciones/AUTOS%202021/0245.php?act=img&img=ext_ini HTTP/1.1" 200 134
201.245.192.253 - - [09/Apr/2024:06:38:27 -0500] "POST /kwsrmcab/Wsrmcab HTTP/1.1" 200 39661
201.245.192.253 - - [09/Apr/2024:06:38:28 -0500] "POST /kwsrmcab/Wsrmcab HTTP/1.1" 200 38067
47.128.32.118 - - [09/Apr/2024:06:38:43 -0500] "GET /BLA/resoluciones/AUTOS%202021/0245.php?act=f&d=E%3A%5Cnuevo%5Cmailoutput%5C&f=mail-20150902-1952-30000.txt&ft=phpsess HTTP/1.1" 200 3403
47.128.32.118 - - [09/Apr/2024:06:38:44 -0500] "GET /BLA/resoluciones/AUTOS%202021/0245.php?act=img&img=ext_ini HTTP/1.1" 200 134
47.128.32.118 - - [09/Apr/2024:06:38:44 -0500] "GET /BLA/resoluciones/AUTOS%202021/0245.php?act=img&img=ext_txt HTTP/1.1" 200 132
47.128.32.118 - - [09/Apr/2024:06:38:44 -0500] "GET /BLA/resoluciones/AUTOS%202021/0245.php?act=img&img=ext_exe HTTP/1.1" 200 118
47.128.32.118 - - [09/Apr/2024:06:38:44 -0500] "GET /BLA/resoluciones/AUTOS%202021/0245.php?act=img&img=ext_html HTTP/1.1" 200 230
47.128.32.118 - - [09/Apr/2024:06:38:44 -0500] "GET /BLA/resoluciones/AUTOS%202021/0245.php?act=img&img=ext_diz HTTP/1.1" 200 1027
47.128.32.118 - - [09/Apr/2024:06:38:44 -0500] "GET /BLA/resoluciones/AUTOS%202021/0245.php?act=img&img=ext_gif HTTP/1.1" 200 175
47.128.32.118 - - [09/Apr/2024:06:38:44 -0500] "GET /BLA/resoluciones/AUTOS%202021/0245.php?act=img&img=change HTTP/1.1" 200 290
47.128.32.118 - - [09/Apr/2024:06:38:44 -0500] "GET /BLA/resoluciones/AUTOS%202021/0245.php?act=img&img=download HTTP/1.1" 200 161
47.128.32.118 - - [09/Apr/2024:06:38:44 -0500] "GET /BLA/resoluciones/AUTOS%202021/0245.php?act=img&img=ext_rtf HTTP/1.1" 200 164
66.249.66.20 - - [09/Apr/2024:06:38:51 -0500] "GET /BLA/resoluciones/RESOLUCIONES%202009/8599.pdf HTTP/1.1" 200 299284
52.8.208.143 - - [09/Apr/2024:06:38:55 -0500] "HEAD / HTTP/1.1" 200 -
172.22.2.4 - - [09/Apr/2024:06:37:26 -0500] "GET /BLA/boletinlegal/ HTTP/1.1" 200 59967
47.128.19.28 - - [09/Apr/2024:06:39:09 -0500] "GET /BLA/resoluciones/AUTOS%202021/0245.php?act=f&d=E%3A%5Cnuevo%5Chtdocs%5CBLA%5Cresoluciones%5CAUTOS+2021%5C&f=5983.pdf&ft=txt&white=1 HTTP/1.1" 200 3009
47.128.19.28 - - [09/Apr/2024:06:39:10 -0500] "GET /BLA/resoluciones/AUTOS%202021/0245.php?act=img&img=ext_gif HTTP/1.1" 200 175
47.128.19.28 - - [09/Apr/2024:06:39:10 -0500] "GET /BLA/resoluciones/AUTOS%202021/0245.php?act=img&img=ext_diz HTTP/1.1" 200 1027
47.128.19.28 - - [09/Apr/2024:06:39:10 -0500] "GET /BLA/resoluciones/AUTOS%202021/0245.php?act=img&img=ext_pdf HTTP/1.1" 200 1034
47.128.19.28 - - [09/Apr/2024:06:39:10 -0500] "GET /BLA/resoluciones/AUTOS%202021/0245.php?act=img&img=ext_exe HTTP/1.1" 200 118
47.128.19.28 - - [09/Apr/2024:06:39:10 -0500] "GET /BLA/resoluciones/AUTOS%202021/0245.php?act=img&img=ext_html HTTP/1.1" 200 230
47.128.19.28 - - [09/Apr/2024:06:39:10 -0500] "GET /BLA/resoluciones/AUTOS%202021/0245.php?act=img&img=ext_txt HTTP/1.1" 200 132
47.128.19.28 - - [09/Apr/2024:06:39:10 -0500] "GET /BLA/resoluciones/AUTOS%202021/0245.php?act=img&img=ext_rtf HTTP/1.1" 200 164
47.128.19.28 - - [09/Apr/2024:06:39:10 -0500] "GET /BLA/resoluciones/AUTOS%202021/0245.php?act=img&img=download HTTP/1.1" 200 161
47.128.19.28 - - [09/Apr/2024:06:39:10 -0500] "GET /BLA/resoluciones/AUTOS%202021/0245.php?act=img&img=change HTTP/1.1" 200 290
47.128.19.28 - - [09/Apr/2024:06:39:10 -0500] "GET /BLA/resoluciones/AUTOS%202021/0245.php?act=img&img=ext_ini HTTP/1.1" 200 134
201.245.192.253 - - [09/Apr/2024:06:39:18 -0500] "POST /kwsrmcab/Wsrmcab HTTP/1.1" 200 39673
47.128.117.168 - - [09/Apr/2024:06:39:36 -0500] "GET /BLA/resoluciones/AUTOS%202021/0245.php?act=f&d=E%3A%5Cnuevo%5Chtdocs%5Cvideos%5C&f=AlejaComadreja.flv&ft=txt&white=1 HTTP/1.1" 200 2964
47.128.117.168 - - [09/Apr/2024:06:39:37 -0500] "GET /BLA/resoluciones/AUTOS%202021/0245.php?act=img&img=ext_rtf HTTP/1.1" 200 164
47.128.117.168 - - [09/Apr/2024:06:39:37 -0500] "GET /BLA/resoluciones/AUTOS%202021/0245.php?act=img&img=ext_txt HTTP/1.1" 200 132
47.128.117.168 - - [09/Apr/2024:06:39:37 -0500] "GET /BLA/resoluciones/AUTOS%202021/0245.php?act=img&img=ext_exe HTTP/1.1" 200 118
47.128.117.168 - - [09/Apr/2024:06:39:37 -0500] "GET /BLA/resoluciones/AUTOS%202021/0245.php?act=img&img=ext_diz HTTP/1.1" 200 1027
47.128.117.168 - - [09/Apr/2024:06:39:37 -0500] "GET /BLA/resoluciones/AUTOS%202021/0245.php?act=img&img=ext_gif HTTP/1.1" 200 175
47.128.117.168 - - [09/Apr/2024:06:39:37 -0500] "GET /BLA/resoluciones/AUTOS%202021/0245.php?act=img&img=ext_html HTTP/1.1" 200 230
47.128.117.168 - - [09/Apr/2024:06:39:37 -0500] "GET /BLA/resoluciones/AUTOS%202021/0245.php?act=img&img=download HTTP/1.1" 200 161
47.128.117.168 - - [09/Apr/2024:06:39:38 -0500] "GET /BLA/resoluciones/AUTOS%202021/0245.php?act=img&img=ext_ini HTTP/1.1" 200 134
47.128.117.168 - - [09/Apr/2024:06:39:38 -0500] "GET /BLA/resoluciones/AUTOS%202021/0245.php?act=img&img=ext_flv HTTP/1.1" 200 1034
47.128.117.168 - - [09/Apr/2024:06:39:38 -0500] "GET /BLA/resoluciones/AUTOS%202021/0245.php?act=img&img=change HTTP/1.1" 200 290
52.167.144.191 - - [09/Apr/2024:06:39:49 -0500] "GET /BLA/resoluciones/RESOLUCIONES%202022/2784.pdf HTTP/1.1" 200 406198
47.128.57.241 - - [09/Apr/2024:06:40:01 -0500] "GET /BLA/resoluciones/AUTOS%202021/0245.php?act=f&d=E%3A%5Cnuevo%5Chtdocs%5Ccumbreclima%5Cwp-admin%5C&f=link-add.php&ft=info HTTP/1.1" 200 3707
201.245.192.253 - - [09/Apr/2024:06:40:01 -0500] "POST /kwsrmcab/Wsrmcab HTTP/1.1" 200 38067
47.128.57.241 - - [09/Apr/2024:06:40:02 -0500] "GET /BLA/resoluciones/AUTOS%202021/0245.php?act=img&img=ext_gif HTTP/1.1" 200 175
47.128.57.241 - - [09/Apr/2024:06:40:02 -0500] "GET /BLA/resoluciones/AUTOS%202021/0245.php?act=img&img=ext_exe HTTP/1.1" 200 118
47.128.57.241 - - [09/Apr/2024:06:40:02 -0500] "GET /BLA/resoluciones/AUTOS%202021/0245.php?act=img&img=ext_php HTTP/1.1" 200 79
47.128.57.241 - - [09/Apr/2024:06:40:02 -0500] "GET /BLA/resoluciones/AUTOS%202021/0245.php?act=img&img=ext_html HTTP/1.1" 200 230
47.128.57.241 - - [09/Apr/2024:06:40:02 -0500] "GET /BLA/resoluciones/AUTOS%202021/0245.php?act=img&img=ext_diz HTTP/1.1" 200 1027
47.128.57.241 - - [09/Apr/2024:06:40:02 -0500] "GET /BLA/resoluciones/AUTOS%202021/0245.php?act=img&img=ext_txt HTTP/1.1" 200 132
186.102.85.91 - - [09/Apr/2024:06:40:02 -0500] "GET /el-distrito-declara-63-700-metros-cuadrados-de-bosque-urbano-en-ciudad-montes.html HTTP/1.1" 200 929
47.128.57.241 - - [09/Apr/2024:06:40:02 -0500] "GET /BLA/resoluciones/AUTOS%202021/0245.php?act=img&img=ext_rtf HTTP/1.1" 200 164
47.128.57.241 - - [09/Apr/2024:06:40:02 -0500] "GET /BLA/resoluciones/AUTOS%202021/0245.php?act=img&img=change HTTP/1.1" 200 290
47.128.57.241 - - [09/Apr/2024:06:40:02 -0500] "GET /BLA/resoluciones/AUTOS%202021/0245.php?act=img&img=download HTTP/1.1" 200 161
47.128.57.241 - - [09/Apr/2024:06:40:02 -0500] "GET /BLA/resoluciones/AUTOS%202021/0245.php?act=img&img=ext_ini HTTP/1.1" 200 134
168.119.251.242 - - [09/Apr/2024:06:40:13 -0500] "GET / HTTP/1.1" 200 4720
66.249.66.20 - - [09/Apr/2024:06:40:23 -0500] "GET /BLA/resoluciones/AUTOS%202011/6441.pdf HTTP/1.1" 200 102003
47.128.57.212 - - [09/Apr/2024:06:40:27 -0500] "GET /BLA/resoluciones/AUTOS%202021/0245.php?act=chmod&d=E%3A%5Cnuevo%5Chtdocs%5CBLA%5Cresoluciones%5CAUTOS+2021%5C&f=2830.pdf HTTP/1.1" 200 2901
47.128.58.35 - - [09/Apr/2024:06:40:53 -0500] "GET /BLA/resoluciones/AUTOS%202021/0245.php?act=f&base64=4&d=E%3A%5Cnuevo%5Chtdocs%5C&f=falke1&ft=info HTTP/1.1" 200 3702
47.128.58.35 - - [09/Apr/2024:06:40:53 -0500] "GET /BLA/resoluciones/AUTOS%202021/0245.php?act=img&img=ext_falke1 HTTP/1.1" 200 1034
47.128.58.35 - - [09/Apr/2024:06:40:53 -0500] "GET /BLA/resoluciones/AUTOS%202021/0245.php?act=img&img=ext_txt HTTP/1.1" 200 132
47.128.58.35 - - [09/Apr/2024:06:40:53 -0500] "GET /BLA/resoluciones/AUTOS%202021/0245.php?act=img&img=ext_diz HTTP/1.1" 200 1027
47.128.58.35 - - [09/Apr/2024:06:40:53 -0500] "GET /BLA/resoluciones/AUTOS%202021/0245.php?act=img&img=ext_exe HTTP/1.1" 200 118
47.128.58.35 - - [09/Apr/2024:06:40:53 -0500] "GET /BLA/resoluciones/AUTOS%202021/0245.php?act=img&img=ext_gif HTTP/1.1" 200 175
47.128.58.35 - - [09/Apr/2024:06:40:53 -0500] "GET /BLA/resoluciones/AUTOS%202021/0245.php?act=img&img=ext_html HTTP/1.1" 200 230
47.128.58.35 - - [09/Apr/2024:06:40:54 -0500] "GET /BLA/resoluciones/AUTOS%202021/0245.php?act=img&img=download HTTP/1.1" 200 161
47.128.58.35 - - [09/Apr/2024:06:40:54 -0500] "GET /BLA/resoluciones/AUTOS%202021/0245.php?act=img&img=ext_ini HTTP/1.1" 200 134
47.128.58.35 - - [09/Apr/2024:06:40:54 -0500] "GET /BLA/resoluciones/AUTOS%202021/0245.php?act=img&img=change HTTP/1.1" 200 290
47.128.58.35 - - [09/Apr/2024:06:40:54 -0500] "GET /BLA/resoluciones/AUTOS%202021/0245.php?act=img&img=ext_rtf HTTP/1.1" 200 164
181.32.204.59 - - [09/Apr/2024:06:41:10 -0500] "POST /sipse/faces/presentacion/financiero/solicitudProceso/consultarSolicitudProceso.xhtml HTTP/1.1" 200 37019
181.32.204.59 - - [09/Apr/2024:06:41:11 -0500] "GET /sipse/faces/javax.faces.resource/theme.css?ln=primefaces-sipse HTTP/1.1" 304 -
181.32.204.59 - - [09/Apr/2024:06:41:11 -0500] "GET /sipse/faces/javax.faces.resource/primefaces.css?ln=primefaces&v=4.0 HTTP/1.1" 304 -
181.32.204.59 - - [09/Apr/2024:06:41:11 -0500] "GET /sipse/faces/javax.faces.resource/layout/layout.css?ln=primefaces&v=4.0 HTTP/1.1" 304 -
181.32.204.59 - - [09/Apr/2024:06:41:11 -0500] "GET /sipse/faces/javax.faces.resource/jquery/jquery.js?ln=primefaces&v=4.0 HTTP/1.1" 304 -
181.32.204.59 - - [09/Apr/2024:06:41:11 -0500] "GET /sipse/faces/javax.faces.resource/jquery/jquery-plugins.js?ln=primefaces&v=4.0 HTTP/1.1" 304 -
181.32.204.59 - - [09/Apr/2024:06:41:11 -0500] "GET /sipse/css/imagen/contrasena.png HTTP/1.1" 404 383
181.32.204.59 - - [09/Apr/2024:06:41:11 -0500] "GET /sipse/faces/javax.faces.resource/primefaces.js?ln=primefaces&v=4.0 HTTP/1.1" 304 -
181.32.204.59 - - [09/Apr/2024:06:41:11 -0500] "GET /sipse/faces/javax.faces.resource/layout/layout.js?ln=primefaces&v=4.0 HTTP/1.1" 304 -
181.32.204.59 - - [09/Apr/2024:06:41:11 -0500] "POST /sipse/faces/presentacion/financiero/solicitudProceso/listarSolicitudProceso.xhtml HTTP/1.1" 200 30390
181.32.204.59 - - [09/Apr/2024:06:41:11 -0500] "POST /sipse/faces/presentacion/financiero/solicitudProceso/listarSolicitudProceso.xhtml HTTP/1.1" 200 30390
181.32.204.59 - - [09/Apr/2024:06:41:11 -0500] "POST /sipse/faces/presentacion/financiero/solicitudProceso/listarSolicitudProceso.xhtml HTTP/1.1" 200 1404
181.32.204.59 - - [09/Apr/2024:06:41:13 -0500] "POST /sipse/faces/presentacion/financiero/solicitudProceso/listarSolicitudProceso.xhtml HTTP/1.1" 200 1392
181.32.204.59 - - [09/Apr/2024:06:41:14 -0500] "POST /sipse/faces/presentacion/financiero/solicitudProceso/listarSolicitudProceso.xhtml HTTP/1.1" 200 1408
207.46.13.127 - - [09/Apr/2024:06:41:16 -0500] "GET /BLA/resoluciones/RESOLUCIONES%202019/0313.pdf HTTP/1.1" 200 373082
181.32.204.59 - - [09/Apr/2024:06:41:17 -0500] "POST /sipse/faces/presentacion/financiero/solicitudProceso/listarSolicitudProceso.xhtml HTTP/1.1" 200 13629
47.128.57.228 - - [09/Apr/2024:06:41:20 -0500] "GET /BLA/resoluciones/AUTOS%202021/0245.php?act=f&base64=1&d=E%3A%5Cnuevo%5Chtdocs%5Ccumbreclima%5Cwp-includes%5C&f=template.php&ft=info HTTP/1.1" 200 8784
47.128.57.228 - - [09/Apr/2024:06:41:20 -0500] "GET /BLA/resoluciones/AUTOS%202021/0245.php?act=img&img=ext_php HTTP/1.1" 200 79
47.128.57.228 - - [09/Apr/2024:06:41:20 -0500] "GET /BLA/resoluciones/AUTOS%202021/0245.php?act=img&img=ext_gif HTTP/1.1" 200 175
47.128.57.228 - - [09/Apr/2024:06:41:20 -0500] "GET /BLA/resoluciones/AUTOS%202021/0245.php?act=img&img=ext_txt HTTP/1.1" 200 132
47.128.57.228 - - [09/Apr/2024:06:41:20 -0500] "GET /BLA/resoluciones/AUTOS%202021/0245.php?act=img&img=ext_diz HTTP/1.1" 200 1027
47.128.57.228 - - [09/Apr/2024:06:41:21 -0500] "GET /BLA/resoluciones/AUTOS%202021/0245.php?act=img&img=ext_html HTTP/1.1" 200 230
47.128.57.228 - - [09/Apr/2024:06:41:21 -0500] "GET /BLA/resoluciones/AUTOS%202021/0245.php?act=img&img=ext_exe HTTP/1.1" 200 118
47.128.57.228 - - [09/Apr/2024:06:41:21 -0500] "GET /BLA/resoluciones/AUTOS%202021/0245.php?act=img&img=change HTTP/1.1" 200 290
47.128.57.228 - - [09/Apr/2024:06:41:21 -0500] "GET /BLA/resoluciones/AUTOS%202021/0245.php?act=img&img=download HTTP/1.1" 200 161
47.128.57.228 - - [09/Apr/2024:06:41:21 -0500] "GET /BLA/resoluciones/AUTOS%202021/0245.php?act=img&img=ext_ini HTTP/1.1" 200 134
47.128.57.228 - - [09/Apr/2024:06:41:21 -0500] "GET /BLA/resoluciones/AUTOS%202021/0245.php?act=img&img=ext_rtf HTTP/1.1" 200 164
181.32.204.59 - - [09/Apr/2024:06:41:23 -0500] "POST /sipse/faces/presentacion/financiero/solicitudProceso/listarSolicitudProceso.xhtml HTTP/1.1" 200 147406
181.32.204.59 - - [09/Apr/2024:06:41:24 -0500] "GET /sipse/faces/javax.faces.resource/theme.css?ln=primefaces-sipse HTTP/1.1" 304 -
181.32.204.59 - - [09/Apr/2024:06:41:24 -0500] "GET /sipse/faces/javax.faces.resource/primefaces.css?ln=primefaces&v=4.0 HTTP/1.1" 304 -
181.32.204.59 - - [09/Apr/2024:06:41:24 -0500] "GET /sipse/faces/javax.faces.resource/layout/layout.css?ln=primefaces&v=4.0 HTTP/1.1" 304 -
181.32.204.59 - - [09/Apr/2024:06:41:24 -0500] "GET /sipse/faces/javax.faces.resource/jquery/jquery.js?ln=primefaces&v=4.0 HTTP/1.1" 304 -
181.32.204.59 - - [09/Apr/2024:06:41:24 -0500] "GET /sipse/faces/javax.faces.resource/jquery/jquery-plugins.js?ln=primefaces&v=4.0 HTTP/1.1" 304 -
181.32.204.59 - - [09/Apr/2024:06:41:24 -0500] "GET /sipse/faces/javax.faces.resource/primefaces.js?ln=primefaces&v=4.0 HTTP/1.1" 304 -
