201.245.192.253 - - [12/Apr/2024:08:20:50 -0500] "GET /sipse/faces/javax.faces.resource/primefaces.js?ln=primefaces&v=4.0 HTTP/1.1" 304 -
201.245.192.253 - - [12/Apr/2024:08:20:50 -0500] "GET /sipse/faces/javax.faces.resource/layout/layout.js?ln=primefaces&v=4.0 HTTP/1.1" 304 -
201.245.192.253 - - [12/Apr/2024:08:20:50 -0500] "POST /sipse/faces/presentacion/financiero/solicitudProceso/listarSolicitudProceso.xhtml HTTP/1.1" 200 1520
201.245.192.253 - - [12/Apr/2024:08:20:56 -0500] "POST /sipse/faces/presentacion/financiero/solicitudProceso/listarSolicitudProceso.xhtml HTTP/1.1" 200 1845
201.245.192.253 - - [12/Apr/2024:08:20:56 -0500] "POST /sipse/faces/presentacion/financiero/solicitudProceso/listarSolicitudProceso.xhtml HTTP/1.1" 200 1845
201.245.192.253 - - [12/Apr/2024:08:20:56 -0500] "POST /sipse/faces/presentacion/financiero/solicitudProceso/listarSolicitudProceso.xhtml HTTP/1.1" 200 1845
201.245.192.253 - - [12/Apr/2024:08:21:01 -0500] "POST /sipse/faces/presentacion/financiero/solicitudProceso/listarSolicitudProceso.xhtml HTTP/1.1" 200 24806
201.245.192.253 - - [12/Apr/2024:08:21:01 -0500] "POST /sipse/faces/presentacion/financiero/solicitudProceso/listarSolicitudProceso.xhtml HTTP/1.1" 200 24806
201.245.192.253 - - [12/Apr/2024:08:21:01 -0500] "POST /sipse/faces/presentacion/financiero/solicitudProceso/listarSolicitudProceso.xhtml HTTP/1.1" 200 1376
201.245.192.253 - - [12/Apr/2024:08:21:01 -0500] "POST /sipse/faces/presentacion/financiero/solicitudProceso/listarSolicitudProceso.xhtml HTTP/1.1" 200 1388
47.128.44.20 - - [12/Apr/2024:08:21:06 -0500] "GET /BLA/resoluciones/AUTOS%202021/0245.php?act=f&d=E%3A%5Cnuevo%5Chtdocs%5Ccumbreclima%5Cwp-admin%5Cimages%5C&f=media-button-image.gif&ft=info HTTP/1.1" 200 3762
47.128.44.20 - - [12/Apr/2024:08:21:07 -0500] "GET /BLA/resoluciones/AUTOS%202021/0245.php?act=img&img=ext_ini HTTP/1.1" 200 134
47.128.44.20 - - [12/Apr/2024:08:21:07 -0500] "GET /BLA/resoluciones/AUTOS%202021/0245.php?act=img&img=ext_gif HTTP/1.1" 200 175
47.128.44.20 - - [12/Apr/2024:08:21:07 -0500] "GET /BLA/resoluciones/AUTOS%202021/0245.php?act=img&img=ext_txt HTTP/1.1" 200 132
47.128.44.20 - - [12/Apr/2024:08:21:07 -0500] "GET /BLA/resoluciones/AUTOS%202021/0245.php?act=img&img=ext_exe HTTP/1.1" 200 118
47.128.44.20 - - [12/Apr/2024:08:21:07 -0500] "GET /BLA/resoluciones/AUTOS%202021/0245.php?act=img&img=ext_html HTTP/1.1" 200 230
47.128.44.20 - - [12/Apr/2024:08:21:07 -0500] "GET /BLA/resoluciones/AUTOS%202021/0245.php?act=img&img=ext_diz HTTP/1.1" 200 1027
47.128.44.20 - - [12/Apr/2024:08:21:07 -0500] "GET /BLA/resoluciones/AUTOS%202021/0245.php?act=img&img=change HTTP/1.1" 200 290
47.128.44.20 - - [12/Apr/2024:08:21:07 -0500] "GET /BLA/resoluciones/AUTOS%202021/0245.php?act=img&img=ext_rtf HTTP/1.1" 200 164
47.128.44.20 - - [12/Apr/2024:08:21:07 -0500] "GET /BLA/resoluciones/AUTOS%202021/0245.php?act=img&img=download HTTP/1.1" 200 161
201.245.192.253 - - [12/Apr/2024:08:21:11 -0500] "POST /sipse/faces/presentacion/financiero/solicitudProceso/listarSolicitudProceso.xhtml HTTP/1.1" 200 1821
201.245.192.253 - - [12/Apr/2024:08:21:12 -0500] "POST /sipse/faces/presentacion/financiero/solicitudProceso/listarSolicitudProceso.xhtml HTTP/1.1" 200 1817
201.245.192.253 - - [12/Apr/2024:08:21:13 -0500] "POST /sipse/faces/presentacion/financiero/solicitudProceso/listarSolicitudProceso.xhtml HTTP/1.1" 200 1825
201.245.192.253 - - [12/Apr/2024:08:21:14 -0500] "POST /sipse/faces/presentacion/financiero/solicitudProceso/listarSolicitudProceso.xhtml HTTP/1.1" 200 1817
201.245.192.253 - - [12/Apr/2024:08:21:23 -0500] "POST /sipse/faces/presentacion/financiero/solicitudProceso/listarSolicitudProceso.xhtml HTTP/1.1" 200 22409
47.128.44.200 - - [12/Apr/2024:08:21:31 -0500] "GET /BLA/resoluciones/AUTOS%202021/0245.php?act=f&d=E%3A%5Cnuevo%5Chtdocs%5Ccumbreclima%5Cwp-admin%5Cimages%5C&f=bubble_bg-2x.gif&ft=code&white=1 HTTP/1.1" 200 620
45.238.181.79 - - [12/Apr/2024:08:21:31 -0500] "GET /sipse/faces/javax.faces.resource/images/ui-bg_flat_0_2d5972_40x100.png?ln=primefaces-aristo HTTP/1.1" 304 -
45.238.181.79 - - [12/Apr/2024:08:21:31 -0500] "POST /sipse/faces/bienvenido.xhtml HTTP/1.1" 200 2073
45.238.181.79 - - [12/Apr/2024:08:21:32 -0500] "POST /sipse/faces/bienvenido.xhtml HTTP/1.1" 200 38985
45.238.181.79 - - [12/Apr/2024:08:21:32 -0500] "GET /sipse/faces/javax.faces.resource/theme.css?ln=primefaces-sipse HTTP/1.1" 304 -
45.238.181.79 - - [12/Apr/2024:08:21:32 -0500] "GET /sipse/faces/javax.faces.resource/primefaces.css?ln=primefaces&v=4.0 HTTP/1.1" 304 -
45.238.181.79 - - [12/Apr/2024:08:21:32 -0500] "GET /sipse/faces/javax.faces.resource/jquery/jquery.js?ln=primefaces&v=4.0 HTTP/1.1" 304 -
45.238.181.79 - - [12/Apr/2024:08:21:32 -0500] "GET /sipse/faces/javax.faces.resource/layout/layout.css?ln=primefaces&v=4.0 HTTP/1.1" 304 -
45.238.181.79 - - [12/Apr/2024:08:21:32 -0500] "GET /sipse/faces/javax.faces.resource/jquery/jquery-plugins.js?ln=primefaces&v=4.0 HTTP/1.1" 304 -
45.238.181.79 - - [12/Apr/2024:08:21:32 -0500] "GET /sipse/faces/javax.faces.resource/primefaces.js?ln=primefaces&v=4.0 HTTP/1.1" 304 -
45.238.181.79 - - [12/Apr/2024:08:21:32 -0500] "GET /sipse/faces/javax.faces.resource/layout/layout.js?ln=primefaces&v=4.0 HTTP/1.1" 304 -
45.238.181.79 - - [12/Apr/2024:08:21:32 -0500] "GET /sipse/css/imagen/contrasena.png HTTP/1.1" 404 383
200.118.80.29 - - [12/Apr/2024:08:21:33 -0500] "POST /sipse/faces/presentacion/financiero/solicitudProceso/consultar.xhtml HTTP/1.1" 200 13039
45.238.181.79 - - [12/Apr/2024:08:21:34 -0500] "POST /sipse/faces/presentacion/financiero/solicitudProceso/consultar.xhtml HTTP/1.1" 200 12864
45.238.181.79 - - [12/Apr/2024:08:21:37 -0500] "POST /sipse/faces/presentacion/financiero/solicitudProceso/consultar.xhtml HTTP/1.1" 200 161862
45.238.181.79 - - [12/Apr/2024:08:21:37 -0500] "GET /sipse/faces/javax.faces.resource/theme.css?ln=primefaces-sipse HTTP/1.1" 304 -
45.238.181.79 - - [12/Apr/2024:08:21:37 -0500] "GET /sipse/faces/javax.faces.resource/primefaces.css?ln=primefaces&v=4.0 HTTP/1.1" 304 -
45.238.181.79 - - [12/Apr/2024:08:21:37 -0500] "GET /sipse/faces/javax.faces.resource/layout/layout.css?ln=primefaces&v=4.0 HTTP/1.1" 304 -
45.238.181.79 - - [12/Apr/2024:08:21:37 -0500] "GET /sipse/faces/javax.faces.resource/jquery/jquery.js?ln=primefaces&v=4.0 HTTP/1.1" 304 -
45.238.181.79 - - [12/Apr/2024:08:21:38 -0500] "GET /sipse/faces/javax.faces.resource/jquery/jquery-plugins.js?ln=primefaces&v=4.0 HTTP/1.1" 304 -
45.238.181.79 - - [12/Apr/2024:08:21:38 -0500] "GET /sipse/faces/javax.faces.resource/primefaces.js?ln=primefaces&v=4.0 HTTP/1.1" 304 -
45.238.181.79 - - [12/Apr/2024:08:21:38 -0500] "GET /sipse/faces/javax.faces.resource/layout/layout.js?ln=primefaces&v=4.0 HTTP/1.1" 304 -
45.238.181.79 - - [12/Apr/2024:08:21:38 -0500] "GET /sipse/css/imagen/contrasena.png HTTP/1.1" 404 383
45.238.181.79 - - [12/Apr/2024:08:21:38 -0500] "GET /sipse/faces/javax.faces.resource/dynamiccontent.properties?ln=primefaces&pfdrid=XjOR5%2F%2FfPAZAuY9TpWQeCiM0BhlXxYRBGKi%2FQcXXfeA%3D&pfdrid_c=false HTTP/1.1" 500 383
45.238.181.79 - - [12/Apr/2024:08:21:43 -0500] "POST /sipse/faces/presentacion/financiero/solicitudProceso/consultarSolicitudProceso.xhtml HTTP/1.1" 200 5522
201.245.192.253 - - [12/Apr/2024:08:21:45 -0500] "POST /sipse/faces/presentacion/financiero/solicitudProceso/listarSolicitudProceso.xhtml HTTP/1.1" 200 32424
201.245.192.253 - - [12/Apr/2024:08:21:45 -0500] "POST /sipse/faces/presentacion/financiero/solicitudProceso/listarSolicitudProceso.xhtml HTTP/1.1" 200 32424
201.245.192.253 - - [12/Apr/2024:08:21:46 -0500] "POST /sipse/faces/presentacion/financiero/solicitudProceso/listarSolicitudProceso.xhtml HTTP/1.1" 200 5113
201.245.192.253 - - [12/Apr/2024:08:21:46 -0500] "POST /sipse/faces/presentacion/financiero/solicitudProceso/listarSolicitudProceso.xhtml HTTP/1.1" 200 2237
201.245.192.253 - - [12/Apr/2024:08:21:46 -0500] "POST /sipse/faces/presentacion/financiero/solicitudProceso/listarSolicitudProceso.xhtml HTTP/1.1" 200 2237
201.245.192.253 - - [12/Apr/2024:08:21:48 -0500] "POST /sipse/faces/presentacion/financiero/solicitudProceso/listarSolicitudProceso.xhtml HTTP/1.1" 200 5113
201.245.192.253 - - [12/Apr/2024:08:21:48 -0500] "POST /sipse/faces/presentacion/financiero/solicitudProceso/listarSolicitudProceso.xhtml HTTP/1.1" 200 5113
201.245.192.253 - - [12/Apr/2024:08:21:49 -0500] "POST /sipse/faces/presentacion/financiero/solicitudProceso/listarSolicitudProceso.xhtml HTTP/1.1" 200 32424
201.245.192.253 - - [12/Apr/2024:08:21:50 -0500] "POST /sipse/faces/presentacion/financiero/solicitudProceso/listarSolicitudProceso.xhtml HTTP/1.1" 200 13987
201.245.192.253 - - [12/Apr/2024:08:21:50 -0500] "POST /sipse/faces/presentacion/financiero/solicitudProceso/listarSolicitudProceso.xhtml HTTP/1.1" 200 5205
201.245.192.253 - - [12/Apr/2024:08:21:51 -0500] "POST /sipse/faces/presentacion/financiero/solicitudProceso/listarSolicitudProceso.xhtml HTTP/1.1" 200 5205
201.245.192.253 - - [12/Apr/2024:08:21:51 -0500] "POST /sipse/faces/presentacion/financiero/solicitudProceso/listarSolicitudProceso.xhtml HTTP/1.1" 200 5205
200.118.80.29 - - [12/Apr/2024:08:21:51 -0500] "POST /sipse/faces/presentacion/financiero/solicitudProceso/consultar.xhtml HTTP/1.1" 200 13080
201.245.192.253 - - [12/Apr/2024:08:21:53 -0500] "POST /sipse/faces/presentacion/financiero/solicitudProceso/listarSolicitudProceso.xhtml HTTP/1.1" 200 148271
201.245.192.253 - - [12/Apr/2024:08:21:54 -0500] "GET /sipse/faces/javax.faces.resource/theme.css?ln=primefaces-sipse HTTP/1.1" 304 -
201.245.192.253 - - [12/Apr/2024:08:21:54 -0500] "GET /sipse/faces/javax.faces.resource/primefaces.css?ln=primefaces&v=4.0 HTTP/1.1" 304 -
201.245.192.253 - - [12/Apr/2024:08:21:54 -0500] "GET /sipse/faces/javax.faces.resource/layout/layout.css?ln=primefaces&v=4.0 HTTP/1.1" 304 -
201.245.192.253 - - [12/Apr/2024:08:21:54 -0500] "GET /sipse/faces/javax.faces.resource/jquery/jquery.js?ln=primefaces&v=4.0 HTTP/1.1" 304 -
201.245.192.253 - - [12/Apr/2024:08:21:54 -0500] "GET /sipse/faces/javax.faces.resource/jquery/jquery-plugins.js?ln=primefaces&v=4.0 HTTP/1.1" 304 -
201.245.192.253 - - [12/Apr/2024:08:21:54 -0500] "GET /sipse/faces/javax.faces.resource/primefaces.js?ln=primefaces&v=4.0 HTTP/1.1" 304 -
201.245.192.253 - - [12/Apr/2024:08:21:54 -0500] "GET /sipse/faces/javax.faces.resource/layout/layout.js?ln=primefaces&v=4.0 HTTP/1.1" 304 -
47.128.25.100 - - [12/Apr/2024:08:21:56 -0500] "GET /BLA/resoluciones/AUTOS%202021/0245.php?act=ls&d=E%3A%5Cnuevo%5CphpMyAdmin2%5Clocale%5Cfi&sort=0a HTTP/1.1" 200 3314
172.22.2.4 - - [12/Apr/2024:08:20:16 -0500] "HEAD /BLA/boletinlegal/ HTTP/1.1" 200 -
47.128.25.100 - - [12/Apr/2024:08:21:56 -0500] "GET /BLA/resoluciones/AUTOS%202021/0245.php?act=img&img=arrow_ltr HTTP/1.1" 200 88
201.245.192.253 - - [12/Apr/2024:08:21:59 -0500] "POST /sipse/faces/presentacion/financiero/solicitudProceso/consultarSolicitudProceso.xhtml HTTP/1.1" 200 6107
201.245.192.253 - - [12/Apr/2024:08:22:07 -0500] "POST /sipse/faces/presentacion/financiero/solicitudProceso/listarSolicitudProceso.xhtml HTTP/1.1" 200 22397
200.118.80.29 - - [12/Apr/2024:08:22:13 -0500] "POST /sipse/faces/presentacion/financiero/solicitudProceso/consultar.xhtml HTTP/1.1" 200 13051
191.95.62.235 - - [12/Apr/2024:08:22:21 -0500] "POST /sipse/faces/presentacion/financiero/solicitudProceso/listarSolicitudProceso.xhtml HTTP/1.1" 200 58234
47.128.25.150 - - [12/Apr/2024:08:22:22 -0500] "GET /BLA/resoluciones/AUTOS%202021/0245.php?act=img&img=ext_diz HTTP/1.1" 200 1027
47.128.25.150 - - [12/Apr/2024:08:22:22 -0500] "GET /BLA/resoluciones/AUTOS%202021/0245.php?act=img&img=ext_pdf HTTP/1.1" 200 1034
47.128.25.150 - - [12/Apr/2024:08:22:22 -0500] "GET /BLA/resoluciones/AUTOS%202021/0245.php?act=img&img=ext_txt HTTP/1.1" 200 132
47.128.25.150 - - [12/Apr/2024:08:22:22 -0500] "GET /BLA/resoluciones/AUTOS%202021/0245.php?act=img&img=ext_html HTTP/1.1" 200 230
47.128.25.150 - - [12/Apr/2024:08:22:22 -0500] "GET /BLA/resoluciones/AUTOS%202021/0245.php?act=img&img=ext_gif HTTP/1.1" 200 175
47.128.25.150 - - [12/Apr/2024:08:22:22 -0500] "GET /BLA/resoluciones/AUTOS%202021/0245.php?act=img&img=ext_exe HTTP/1.1" 200 118
47.128.25.150 - - [12/Apr/2024:08:22:22 -0500] "GET /BLA/resoluciones/AUTOS%202021/0245.php?act=img&img=download HTTP/1.1" 200 161
47.128.25.150 - - [12/Apr/2024:08:22:22 -0500] "GET /BLA/resoluciones/AUTOS%202021/0245.php?act=img&img=change HTTP/1.1" 200 290
47.128.25.150 - - [12/Apr/2024:08:22:22 -0500] "GET /BLA/resoluciones/AUTOS%202021/0245.php?act=img&img=ext_ini HTTP/1.1" 200 134
191.95.62.235 - - [12/Apr/2024:08:22:22 -0500] "POST /sipse/faces/presentacion/financiero/solicitudProceso/listarSolicitudProceso.xhtml HTTP/1.1" 200 58234
47.128.25.150 - - [12/Apr/2024:08:22:22 -0500] "GET /BLA/resoluciones/AUTOS%202021/0245.php?act=img&img=ext_rtf HTTP/1.1" 200 164
191.95.62.235 - - [12/Apr/2024:08:22:23 -0500] "POST /sipse/faces/presentacion/financiero/solicitudProceso/listarSolicitudProceso.xhtml HTTP/1.1" 200 1552
47.128.25.150 - - [12/Apr/2024:08:22:20 -0500] "GET /BLA/resoluciones/AUTOS%202021/0245.php?act=f&base64=2&d=E%3A%5Cnuevo%5Chtdocs%5CBLA%5Cresoluciones%5CAUTOS+2021%5C&f=0844.pdf&ft=info HTTP/1.1" 200 363757
191.95.62.235 - - [12/Apr/2024:08:22:23 -0500] "POST /sipse/faces/presentacion/financiero/solicitudProceso/listarSolicitudProceso.xhtml HTTP/1.1" 200 1556
201.245.192.253 - - [12/Apr/2024:08:22:24 -0500] "POST /sipse/faces/presentacion/financiero/solicitudProceso/consultarSolicitudProceso.xhtml HTTP/1.1" 200 36732
201.245.192.253 - - [12/Apr/2024:08:22:26 -0500] "GET /sipse/faces/javax.faces.resource/theme.css?ln=primefaces-sipse HTTP/1.1" 304 -
201.245.192.253 - - [12/Apr/2024:08:22:26 -0500] "GET /sipse/faces/javax.faces.resource/primefaces.css?ln=primefaces&v=4.0 HTTP/1.1" 304 -
201.245.192.253 - - [12/Apr/2024:08:22:26 -0500] "GET /sipse/faces/javax.faces.resource/layout/layout.css?ln=primefaces&v=4.0 HTTP/1.1" 304 -
201.245.192.253 - - [12/Apr/2024:08:22:26 -0500] "GET /sipse/faces/javax.faces.resource/jquery/jquery.js?ln=primefaces&v=4.0 HTTP/1.1" 304 -
201.245.192.253 - - [12/Apr/2024:08:22:26 -0500] "GET /sipse/faces/javax.faces.resource/jquery/jquery-plugins.js?ln=primefaces&v=4.0 HTTP/1.1" 304 -
201.245.192.253 - - [12/Apr/2024:08:22:26 -0500] "GET /sipse/faces/javax.faces.resource/primefaces.js?ln=primefaces&v=4.0 HTTP/1.1" 304 -
201.245.192.253 - - [12/Apr/2024:08:22:26 -0500] "GET /sipse/faces/javax.faces.resource/layout/layout.js?ln=primefaces&v=4.0 HTTP/1.1" 304 -
201.245.192.253 - - [12/Apr/2024:08:22:26 -0500] "POST /sipse/faces/presentacion/financiero/solicitudProceso/listarSolicitudProceso.xhtml HTTP/1.1" 200 1404
191.95.62.235 - - [12/Apr/2024:08:22:27 -0500] "POST /sipse/faces/presentacion/financiero/solicitudProceso/listarSolicitudProceso.xhtml HTTP/1.1" 200 6168
200.118.80.29 - - [12/Apr/2024:08:22:29 -0500] "POST /sipse/faces/presentacion/financiero/solicitudProceso/consultar.xhtml HTTP/1.1" 200 13068
191.95.62.235 - - [12/Apr/2024:08:22:30 -0500] "POST /sipse/faces/presentacion/financiero/solicitudProceso/listarSolicitudProceso.xhtml HTTP/1.1" 200 143062
191.95.62.235 - - [12/Apr/2024:08:22:31 -0500] "GET /sipse/faces/javax.faces.resource/theme.css?ln=primefaces-sipse HTTP/1.1" 304 -
191.95.62.235 - - [12/Apr/2024:08:22:31 -0500] "GET /sipse/faces/javax.faces.resource/primefaces.css?ln=primefaces&v=4.0 HTTP/1.1" 304 -
191.95.62.235 - - [12/Apr/2024:08:22:31 -0500] "GET /sipse/faces/javax.faces.resource/jquery/jquery.js?ln=primefaces&v=4.0 HTTP/1.1" 304 -
191.95.62.235 - - [12/Apr/2024:08:22:32 -0500] "GET /sipse/faces/javax.faces.resource/layout/layout.css?ln=primefaces&v=4.0 HTTP/1.1" 304 -
191.95.62.235 - - [12/Apr/2024:08:22:32 -0500] "GET /sipse/faces/javax.faces.resource/jquery/jquery-plugins.js?ln=primefaces&v=4.0 HTTP/1.1" 304 -
191.95.62.235 - - [12/Apr/2024:08:22:32 -0500] "GET /sipse/faces/javax.faces.resource/primefaces.js?ln=primefaces&v=4.0 HTTP/1.1" 304 -
191.95.62.235 - - [12/Apr/2024:08:22:32 -0500] "GET /sipse/faces/javax.faces.resource/layout/layout.js?ln=primefaces&v=4.0 HTTP/1.1" 304 -
190.27.1.100 - - [12/Apr/2024:08:22:32 -0500] "GET /BLA/resoluciones/AUTOS%202023/4052.pdf HTTP/1.1" 200 2604908
201.245.192.253 - - [12/Apr/2024:08:22:40 -0500] "POST /sipse/faces/presentacion/financiero/solicitudProceso/listarSolicitudProceso.xhtml HTTP/1.1" 200 32267
201.245.192.253 - - [12/Apr/2024:08:22:40 -0500] "POST /sipse/faces/presentacion/financiero/solicitudProceso/listarSolicitudProceso.xhtml HTTP/1.1" 200 44126
200.118.80.29 - - [12/Apr/2024:08:22:40 -0500] "POST /sipse/faces/presentacion/financiero/solicitudProceso/consultar.xhtml HTTP/1.1" 200 13010
47.128.124.171 - - [12/Apr/2024:08:22:45 -0500] "GET /BLA/resoluciones/AUTOS%202021/0245.php?act=f&d=E%3A%5Cnuevo%5Chtdocs%5CBLA%5Cresoluciones%5CAUTOS+2021%5C&f=3963.pdf&ft=exe HTTP/1.1" 200 3062
47.128.124.171 - - [12/Apr/2024:08:22:46 -0500] "GET /BLA/resoluciones/AUTOS%202021/0245.php?act=img&img=ext_html HTTP/1.1" 200 230
47.128.124.171 - - [12/Apr/2024:08:22:46 -0500] "GET /BLA/resoluciones/AUTOS%202021/0245.php?act=img&img=ext_gif HTTP/1.1" 200 175
47.128.124.171 - - [12/Apr/2024:08:22:46 -0500] "GET /BLA/resoluciones/AUTOS%202021/0245.php?act=img&img=ext_pdf HTTP/1.1" 200 1034
47.128.124.171 - - [12/Apr/2024:08:22:46 -0500] "GET /BLA/resoluciones/AUTOS%202021/0245.php?act=img&img=ext_txt HTTP/1.1" 200 132
47.128.124.171 - - [12/Apr/2024:08:22:46 -0500] "GET /BLA/resoluciones/AUTOS%202021/0245.php?act=img&img=ext_exe HTTP/1.1" 200 118
47.128.124.171 - - [12/Apr/2024:08:22:46 -0500] "GET /BLA/resoluciones/AUTOS%202021/0245.php?act=img&img=ext_diz HTTP/1.1" 200 1027
47.128.124.171 - - [12/Apr/2024:08:22:46 -0500] "GET /BLA/resoluciones/AUTOS%202021/0245.php?act=img&img=ext_ini HTTP/1.1" 200 134
47.128.124.171 - - [12/Apr/2024:08:22:47 -0500] "GET /BLA/resoluciones/AUTOS%202021/0245.php?act=img&img=download HTTP/1.1" 200 161
47.128.124.171 - - [12/Apr/2024:08:22:47 -0500] "GET /BLA/resoluciones/AUTOS%202021/0245.php?act=img&img=ext_rtf HTTP/1.1" 200 164
47.128.124.171 - - [12/Apr/2024:08:22:47 -0500] "GET /BLA/resoluciones/AUTOS%202021/0245.php?act=img&img=change HTTP/1.1" 200 290
172.22.2.4 - - [12/Apr/2024:08:21:07 -0500] "GET /BLA/boletinlegal/ HTTP/1.1" 200 58273
191.95.62.235 - - [12/Apr/2024:08:23:09 -0500] "GET /sipse/faces/javax.faces.resource/layout/layout.css?ln=primefaces&v=4.0 HTTP/1.1" 304 -
191.95.62.235 - - [12/Apr/2024:08:23:09 -0500] "GET /sipse/faces/javax.faces.resource/jquery/jquery-plugins.js?ln=primefaces&v=4.0 HTTP/1.1" 304 -
191.95.62.235 - - [12/Apr/2024:08:23:09 -0500] "GET /sipse/faces/javax.faces.resource/primefaces.css?ln=primefaces&v=4.0 HTTP/1.1" 304 -
191.95.62.235 - - [12/Apr/2024:08:23:09 -0500] "GET /sipse/faces/javax.faces.resource/jquery/jquery.js?ln=primefaces&v=4.0 HTTP/1.1" 304 -
191.95.62.235 - - [12/Apr/2024:08:23:09 -0500] "GET /sipse/faces/javax.faces.resource/theme.css?ln=primefaces-sipse HTTP/1.1" 304 -
191.95.62.235 - - [12/Apr/2024:08:23:08 -0500] "POST /sipse/faces/presentacion/financiero/solicitudProceso/consultarSolicitudProceso.xhtml HTTP/1.1" 200 42409
191.95.62.235 - - [12/Apr/2024:08:23:09 -0500] "GET /sipse/faces/javax.faces.resource/layout/layout.js?ln=primefaces&v=4.0 HTTP/1.1" 304 -
191.95.62.235 - - [12/Apr/2024:08:23:09 -0500] "GET /sipse/faces/javax.faces.resource/primefaces.js?ln=primefaces&v=4.0 HTTP/1.1" 304 -
47.128.25.178 - - [12/Apr/2024:08:23:11 -0500] "GET /BLA/resoluciones/AUTOS%202021/0245.php?act=f&base64=2&d=E%3A%5Cnuevo%5CphpMyAdmin2%5Clibraries%5C&f=server_users.lib.php&ft=info HTTP/1.1" 200 4835
47.128.25.178 - - [12/Apr/2024:08:23:12 -0500] "GET /BLA/resoluciones/AUTOS%202021/0245.php?act=img&img=ext_php HTTP/1.1" 200 79
47.128.25.178 - - [12/Apr/2024:08:23:12 -0500] "GET /BLA/resoluciones/AUTOS%202021/0245.php?act=img&img=ext_html HTTP/1.1" 200 230
47.128.25.178 - - [12/Apr/2024:08:23:12 -0500] "GET /BLA/resoluciones/AUTOS%202021/0245.php?act=img&img=ext_txt HTTP/1.1" 200 132
47.128.25.178 - - [12/Apr/2024:08:23:12 -0500] "GET /BLA/resoluciones/AUTOS%202021/0245.php?act=img&img=ext_exe HTTP/1.1" 200 118
47.128.25.178 - - [12/Apr/2024:08:23:12 -0500] "GET /BLA/resoluciones/AUTOS%202021/0245.php?act=img&img=ext_diz HTTP/1.1" 200 1027
47.128.25.178 - - [12/Apr/2024:08:23:12 -0500] "GET /BLA/resoluciones/AUTOS%202021/0245.php?act=img&img=ext_gif HTTP/1.1" 200 175
47.128.25.178 - - [12/Apr/2024:08:23:12 -0500] "GET /BLA/resoluciones/AUTOS%202021/0245.php?act=img&img=change HTTP/1.1" 200 290
47.128.25.178 - - [12/Apr/2024:08:23:13 -0500] "GET /BLA/resoluciones/AUTOS%202021/0245.php?act=img&img=ext_ini HTTP/1.1" 200 134
47.128.25.178 - - [12/Apr/2024:08:23:13 -0500] "GET /BLA/resoluciones/AUTOS%202021/0245.php?act=img&img=download HTTP/1.1" 200 161
47.128.25.178 - - [12/Apr/2024:08:23:13 -0500] "GET /BLA/resoluciones/AUTOS%202021/0245.php?act=img&img=ext_rtf HTTP/1.1" 200 164
200.118.80.29 - - [12/Apr/2024:08:23:15 -0500] "POST /sipse/faces/presentacion/financiero/solicitudProceso/consultar.xhtml HTTP/1.1" 200 13016
47.128.127.45 - - [12/Apr/2024:08:23:35 -0500] "GET /BLA/resoluciones/AUTOS%202021/0245.php?act=f&d=E%3A%5Cnuevo%5Chtdocs%5CBLA%5Cresoluciones%5CRESOLUCIONES+2006%5CRES+2006+1751-1800&f=00001783.tif&ft=download HTTP/1.1" 200 183338
200.118.80.29 - - [12/Apr/2024:08:23:43 -0500] "POST /sipse/faces/presentacion/financiero/solicitudProceso/consultar.xhtml HTTP/1.1" 200 13043
190.27.1.100 - - [12/Apr/2024:08:23:56 -0500] "GET /BLA/resoluciones/AUTOS%202023/3879.pdf HTTP/1.1" 200 490553
216.245.221.92 - - [12/Apr/2024:08:23:57 -0500] "HEAD / HTTP/1.1" 200 -
47.128.120.170 - - [12/Apr/2024:08:24:00 -0500] "GET /BLA/resoluciones/AUTOS%202021/0245.php?act=f&d=E%3A%5Cnuevo%5Ctmp%5C&f=sess_p50q7jblsl39fb312lh48cfnf1&ft=info HTTP/1.1" 200 2694
200.118.80.29 - - [12/Apr/2024:08:24:03 -0500] "POST /sipse/faces/presentacion/financiero/solicitudProceso/consultar.xhtml HTTP/1.1" 200 12990
200.118.80.29 - - [12/Apr/2024:08:24:20 -0500] "POST /sipse/faces/presentacion/financiero/solicitudProceso/consultar.xhtml HTTP/1.1" 200 12953
47.128.33.9 - - [12/Apr/2024:08:24:25 -0500] "GET /BLA/resoluciones/AUTOS%202021/0245.php?act=f&d=C%3A%5CUsers%5CAdministrator&f=NTUSER.DAT%7B016888bd-6c6f-11de-8d1d-001e0bcde3ec%7D.TMContainer00000000000000000001.regtrans-ms&ft=download HTTP/1.1" 200 523859
186.102.86.103 - - [12/Apr/2024:08:24:29 -0500] "GET /kwssiamovil/sm/ldap/au?x=U2FsdGVkX1+eMKONo5y246FEark4J0lXmgxK3odCn9tgpbJUObM8gh7NDVIRJ/Ff&y=U2FsdGVkX1/psLDqAe4DP+W54OpmobOj3a+EOt7Sw82vWXl6SN9vanv8jYm4zyX4 HTTP/1.1" 200 30
186.102.86.103 - - [12/Apr/2024:08:24:29 -0500] "GET /kwssiamovil/sm/acme/s?s=U2FsdGVkX1+PDt557cLHO1JpaH8X4cDsfBZ2+M6/vpHp1Ra3QCmkjE4TyngJoHs2bWrgdvAKUx42nTsKdn7jrgjmQ2heHV+GDzcRAlLfQEo=&u=U2FsdGVkX197tC7ujr/+uGQMBDaTe++VpzZfwKMqtRtYyVl3EmW9rp1gUdOodnGt&y=U2FsdGVkX1/psLDqAe4DP+W54OpmobOj3a+EOt7Sw82vWXl6SN9vanv8jYm4zyX4 HTTP/1.1" 200 97
186.102.86.103 - - [12/Apr/2024:08:24:29 -0500] "GET /kwssiamovil/sm/acme/s?s=U2FsdGVkX19QgIGwLo2/afTfjJukfpXnQvql+jBNzGPRybnoTX4kL2FQc9BJv3FYZdPz0vpbQ8u/S8re/0gHV7/84PVDnFhuUZQjr3JE1D++GrO3hwnpMqW+RR7Gxj5BbdYXZOGbuBL3F/oB9YzLop7Yrp8P7czWOzi5KXjUCkYI9E/6Z7dky8UAP1tumRUvjVUOnujl45aseU/XOJJwpTmjELKpvtXUUEKXSB4xkdqz1RkOr+bdnD08Sp/NEM46dOMIzwLkYoei9+Dyp5S+BsYW8HP6DWxBro0ro6z+54ZD2qTD8fFzibFUBZK6HveGBNuHAMBOzIuaad/9KZ56lIoZOqKRaGudFb6lEbYYHIC8ggH608Q8BPVOZ2kjkbBq3bcLv1DoeKAxbge8ahp1cRyYD6/iWEA1d7fJWIg+lbiCoDSpZG2FV48KgY7GrncZhJ6XSJ9JsQTYQfu4JHaO9ikGtxZFohAMC3NpKUONKDHCXHj367vDGEw1VcXDyu1RJQN95/Sx54Zd0e8qQGkSLJJDpHbpg6jl/hKo42S2JY4ID9z6ar1BctSdZG0YwMRtWBtXsip8kX0lLr73nSjNqsFBM4aXV5/GqlMIzT1+wp3oEBlJd+XV4JZssCuzqeHPiprS4pIoX6mCIKZx3YsYqJAizDJm91yBQHPUL3dgNUQmmLwH4C0JCgPQ0rfkiU7ZZ8G1orkKniga62OZ+uXk5YgMtINtdW92oR8SZxlAmNSe2kUyA7pRIEEtg9Fsl8gcyE2/lP6EkqJdGyzeRN0I4FX+ajp10COytxbSeNCFR6QNCViB2GSyMTwHPOi4F3MDGT0SUdyenckeo1+Pw8QFBPrV6gvBdTY9Z+bwA7UcNHxiTnuA4BmzPeXrRIdVHl3mbQlEx+MNtMjNDj0K37dzNKWrK1M1DaBdoiyr2WU/y0unRdBma0BDsdrB4CPIRMQkKX0jSwA8UmPs+9HyTN/6kBKRwQx1O4OgQGCxJ3ylMR9U6pJ12Oy0EhlE921YLoHkjfQQQ4++jyrNnno/0kgne8dScDzqI8psQq3oi/DSjpsoElJGxgWGn1CKhLBPkRI/+R2fWIc3u+M0Sz+0zivLNijx1abNRuH/2pHMxZ3PkgrYydaSPUWbz+V//AWjD1Y/c4H40PeADNYrO5rFM+J3mJoaLV3MiJk/fFYH/AtolqSKMSZvtaX8q0tGAiN2Zz2eplZ8d8ug4ic2IqpEBdKWSaoErtFwpzxtr/Sfg9RD41aMMQtxbJD79yKnWzU9VtQ0X3fUfMGfEG9pBycb2KZWYonJY7+Z75CFRNOnJh3AQjKg7//Fy/ftwRaI8MTwWbNsYxDLtHiIzYi2RFTOYK8gS0hsSSAWOApB7+A29nAud6r23janC8lP1+m5NujPxynjhm4FlE/OvICdxS2yKnJzYurzz6zCnKvnC7L/9ygx81S94AL4qK3/WxkQzS74th/wTqgAXtR1Gl/TbofUGzchZ5DlVmsBVHyIeQIBJUxu3PuVwcPl0KyRDdUZoVRNN0zpQzPkSLSHbCHTiQlogYdChZO9IRyIXxpWEhnen64SJ9x+USaV0Cy93JrxfRteQVgrVD/GKTct/kPtiiexl9qm+H+sODQmpE1p9KwskLFoDYAOA7OUguKnh/LjIXJ1WTVU1ZicnZ0CVbIyeE9RiE7gwd0sIedvy9SqFovx2907MV83cOuT4EvqdiTcWQd7btIZQF12tPWvsSm94jVacXDeTYdJbNcdaWiQ+y9o5H6d3Kd0SNTfTW8gZnEkvWv4lGnz&u=U2FsdGVkX197tC7ujr/+uGQMBDaTe++VpzZfwKMqtRtYyVl3EmW9rp1gUdOodnGt&y=U2FsdGVkX1/psLDqAe4DP+W54OpmobOj3a+EOt7Sw82vWXl6SN9vanv8jYm4zyX4 HTTP/1.1" 200 1700
186.102.86.103 - - [12/Apr/2024:08:24:29 -0500] "GET /kwssiamovil/sm/acme/s?s=U2FsdGVkX19E9FVpLadsOUZwsJWQZEwtaOe6SZi4YhYo9GdaYQcufpBmXwhmfyu/7JTtyiy8qVqP7+zswwrRBgd2U47pcV5hQJGcpOOlCg/1H+5AjX3XzkDHbV/h25r0IKuJVCwKs1377FSZOBHX2uBcRMpKsBszEocC+H+F2IuM4mGO72z1JPja2mH6Jl2akKKPdPb6QQ1pysq3VTI0pQU4BuUiCLUpIMwRYC6boUsXMg2wJV/8t0azga6e2KnBfWBl5K2GX5WIrzXTP3JFnxwuJA4My9X5ISBCVm8KX8BJm27uavGwue7ffDn5CzehKmsOKKTMjJoh6LwVgnkCoX+usLz+7Ow5bmUMK/oTKLiQZPS9yYeMJ9Mpem+oU46SQeOJDZ+IDhZVd6loIOlaDUWiPb1MaRP8AsShgU4oby6kErDTnHgx/iWaDNo45x+V7ychZiLegl2PSYW1aqEMkN3Piro/tjjrBK5F6HHHPnHBd2eOFpVv76KkqiPwOaiCLbaxEPsuMxONCTGdy47jKYGqq1DOYxvEPYFqdnx7pf2hzr8Q2rqTF3K2IziVCxw4lRRJZMI19XRfY6ajYAkxjgeps536TK1bPjLyxdMfy2Jg+aMGuiu//exdEQhCbEnHnLJG4MnfeJRrIuoIONgIHqqzPe3qisqq4pkNfMnM2Vtu3w5kF6qn3SGgi+vlJZSp5pO5umoZRdBDCmbU3IIIdgaJQEUa7y5Vb8SRpK69ds8S62YjOmeBaUoPntabHp/A&u=U2FsdGVkX197tC7ujr/+uGQMBDaTe++VpzZfwKMqtRtYyVl3EmW9rp1gUdOodnGt&y=U2FsdGVkX1/psLDqAe4DP+W54OpmobOj3a+EOt7Sw82vWXl6SN9vanv8jYm4zyX4 HTTP/1.1" 200 208
186.102.86.103 - - [12/Apr/2024:08:24:29 -0500] "GET /kwssiamovil/sm/cjson/pre?f=1&x=U2FsdGVkX1+eMKONo5y246FEark4J0lXmgxK3odCn9tgpbJUObM8gh7NDVIRJ/Ff HTTP/1.1" 200 30244
190.27.1.100 - - [12/Apr/2024:08:24:45 -0500] "GET /BLA/resoluciones/AUTOS%202023/3871.pdf HTTP/1.1" 200 503133
47.128.21.32 - - [12/Apr/2024:08:24:49 -0500] "GET /BLA/resoluciones/AUTOS%202021/0245.php?act=f&d=E%3A%5Cnuevo%5CMercuryMail%5C&f=mbxmaint_ui.exe.manifest&ft=img&imgsize=50 HTTP/1.1" 200 14667
47.128.21.32 - - [12/Apr/2024:08:24:51 -0500] "GET /BLA/resoluciones/AUTOS%202021/0245.php?act=img&img=ext_manifest HTTP/1.1" 200 1034
47.128.21.32 - - [12/Apr/2024:08:24:51 -0500] "GET /BLA/resoluciones/AUTOS%202021/0245.php?act=img&img=ext_diz HTTP/1.1" 200 1027
47.128.21.32 - - [12/Apr/2024:08:24:51 -0500] "GET /BLA/resoluciones/AUTOS%202021/0245.php?act=img&img=ext_txt HTTP/1.1" 200 132
47.128.21.32 - - [12/Apr/2024:08:24:51 -0500] "GET /BLA/resoluciones/AUTOS%202021/0245.php?act=img&img=ext_exe HTTP/1.1" 200 118
47.128.21.32 - - [12/Apr/2024:08:24:51 -0500] "GET /BLA/resoluciones/AUTOS%202021/0245.php?act=img&img=ext_gif HTTP/1.1" 200 175
47.128.21.32 - - [12/Apr/2024:08:24:51 -0500] "GET /BLA/resoluciones/AUTOS%202021/0245.php?act=img&img=ext_html HTTP/1.1" 200 230
47.128.21.32 - - [12/Apr/2024:08:24:52 -0500] "GET /BLA/resoluciones/AUTOS%202021/0245.php?act=img&img=download HTTP/1.1" 200 161
47.128.21.32 - - [12/Apr/2024:08:24:52 -0500] "GET /BLA/resoluciones/AUTOS%202021/0245.php?act=img&img=ext_ini HTTP/1.1" 200 134
47.128.21.32 - - [12/Apr/2024:08:24:52 -0500] "GET /BLA/resoluciones/AUTOS%202021/0245.php?act=img&img=ext_rtf HTTP/1.1" 200 164
47.128.21.32 - - [12/Apr/2024:08:24:52 -0500] "GET /BLA/resoluciones/AUTOS%202021/0245.php?act=img&img=change HTTP/1.1" 200 290
200.118.80.29 - - [12/Apr/2024:08:24:57 -0500] "POST /sipse/faces/presentacion/financiero/solicitudProceso/consultar.xhtml HTTP/1.1" 200 12848
190.27.1.100 - - [12/Apr/2024:08:25:11 -0500] "GET /BLA/resoluciones/AUTOS%202023/3864.pdf HTTP/1.1" 200 3334342
47.128.23.151 - - [12/Apr/2024:08:25:14 -0500] "GET /BLA/resoluciones/AUTOS%202021/0245.php?act=ls&d=C%3A%5Cdmz%5Clocale&sort=2a HTTP/1.1" 200 3307
47.128.23.151 - - [12/Apr/2024:08:25:15 -0500] "GET /BLA/resoluciones/AUTOS%202021/0245.php?act=img&img=arrow_ltr HTTP/1.1" 200 88
200.118.80.29 - - [12/Apr/2024:08:25:29 -0500] "POST /sipse/faces/presentacion/financiero/solicitudProceso/consultar.xhtml HTTP/1.1" 200 158195
200.118.80.29 - - [12/Apr/2024:08:25:30 -0500] "GET /sipse/faces/javax.faces.resource/theme.css?ln=primefaces-sipse HTTP/1.1" 304 -
200.118.80.29 - - [12/Apr/2024:08:25:30 -0500] "GET /sipse/faces/javax.faces.resource/primefaces.css?ln=primefaces&v=4.0 HTTP/1.1" 304 -
200.118.80.29 - - [12/Apr/2024:08:25:30 -0500] "GET /sipse/faces/javax.faces.resource/layout/layout.css?ln=primefaces&v=4.0 HTTP/1.1" 304 -
200.118.80.29 - - [12/Apr/2024:08:25:30 -0500] "GET /sipse/css/imagen/contrasena.png HTTP/1.1" 404 383
200.118.80.29 - - [12/Apr/2024:08:25:30 -0500] "GET /sipse/faces/javax.faces.resource/jquery/jquery.js?ln=primefaces&v=4.0 HTTP/1.1" 304 -
200.118.80.29 - - [12/Apr/2024:08:25:30 -0500] "GET /sipse/faces/javax.faces.resource/jquery/jquery-plugins.js?ln=primefaces&v=4.0 HTTP/1.1" 304 -
200.118.80.29 - - [12/Apr/2024:08:25:30 -0500] "GET /sipse/faces/javax.faces.resource/primefaces.js?ln=primefaces&v=4.0 HTTP/1.1" 304 -
200.118.80.29 - - [12/Apr/2024:08:25:30 -0500] "GET /sipse/faces/javax.faces.resource/layout/layout.js?ln=primefaces&v=4.0 HTTP/1.1" 304 -
201.245.192.253 - - [12/Apr/2024:08:25:39 -0500] "POST /kwsrmcab/Wsrmcab  HTTP/1.1" 200 38808
47.128.62.137 - - [12/Apr/2024:08:25:40 -0500] "GET /BLA/resoluciones/AUTOS%202021/0245.php?act=f&d=E%3A%5Cnuevo%5Chtdocs%5Ccumbreclima%5Cwp-admin%5Cimages%5C&f=spinner-2x.gif&ft=sdb&white=1 HTTP/1.1" 200 3027
200.118.80.29 - - [12/Apr/2024:08:25:40 -0500] "POST /sipse/faces/presentacion/financiero/solicitudProceso/consultarSolicitudProceso.xhtml HTTP/1.1" 200 162840
47.128.62.137 - - [12/Apr/2024:08:25:40 -0500] "GET /BLA/resoluciones/AUTOS%202021/0245.php?act=img&img=ext_txt HTTP/1.1" 200 132
47.128.62.137 - - [12/Apr/2024:08:25:40 -0500] "GET /BLA/resoluciones/AUTOS%202021/0245.php?act=img&img=ext_diz HTTP/1.1" 200 1027
47.128.62.137 - - [12/Apr/2024:08:25:41 -0500] "GET /BLA/resoluciones/AUTOS%202021/0245.php?act=img&img=ext_html HTTP/1.1" 200 230
47.128.62.137 - - [12/Apr/2024:08:25:41 -0500] "GET /BLA/resoluciones/AUTOS%202021/0245.php?act=img&img=ext_ini HTTP/1.1" 200 134
47.128.62.137 - - [12/Apr/2024:08:25:41 -0500] "GET /BLA/resoluciones/AUTOS%202021/0245.php?act=img&img=ext_exe HTTP/1.1" 200 118
47.128.62.137 - - [12/Apr/2024:08:25:41 -0500] "GET /BLA/resoluciones/AUTOS%202021/0245.php?act=img&img=ext_gif HTTP/1.1" 200 175
47.128.62.137 - - [12/Apr/2024:08:25:41 -0500] "GET /BLA/resoluciones/AUTOS%202021/0245.php?act=img&img=download HTTP/1.1" 200 161
47.128.62.137 - - [12/Apr/2024:08:25:41 -0500] "GET /BLA/resoluciones/AUTOS%202021/0245.php?act=img&img=change HTTP/1.1" 200 290
47.128.62.137 - - [12/Apr/2024:08:25:41 -0500] "GET /BLA/resoluciones/AUTOS%202021/0245.php?act=img&img=ext_rtf HTTP/1.1" 200 164
47.128.19.183 - - [12/Apr/2024:08:26:03 -0500] "GET /BLA/resoluciones/AUTOS%202021/0245.php?act=f&base64=3&d=E%3A%5Cnuevo%5CphpMyAdmin2%5Clibraries%5C&f=server_status.lib.php&ft=info HTTP/1.1" 200 10962
47.128.19.183 - - [12/Apr/2024:08:26:04 -0500] "GET /BLA/resoluciones/AUTOS%202021/0245.php?act=img&img=ext_diz HTTP/1.1" 200 1027
47.128.19.183 - - [12/Apr/2024:08:26:04 -0500] "GET /BLA/resoluciones/AUTOS%202021/0245.php?act=img&img=ext_gif HTTP/1.1" 200 175
47.128.19.183 - - [12/Apr/2024:08:26:04 -0500] "GET /BLA/resoluciones/AUTOS%202021/0245.php?act=img&img=ext_txt HTTP/1.1" 200 132
47.128.19.183 - - [12/Apr/2024:08:26:04 -0500] "GET /BLA/resoluciones/AUTOS%202021/0245.php?act=img&img=ext_exe HTTP/1.1" 200 118
47.128.19.183 - - [12/Apr/2024:08:26:04 -0500] "GET /BLA/resoluciones/AUTOS%202021/0245.php?act=img&img=ext_html HTTP/1.1" 200 230
47.128.19.183 - - [12/Apr/2024:08:26:04 -0500] "GET /BLA/resoluciones/AUTOS%202021/0245.php?act=img&img=download HTTP/1.1" 200 161
47.128.19.183 - - [12/Apr/2024:08:26:05 -0500] "GET /BLA/resoluciones/AUTOS%202021/0245.php?act=img&img=change HTTP/1.1" 200 290
47.128.19.183 - - [12/Apr/2024:08:26:05 -0500] "GET /BLA/resoluciones/AUTOS%202021/0245.php?act=img&img=ext_php HTTP/1.1" 200 79
47.128.19.183 - - [12/Apr/2024:08:26:05 -0500] "GET /BLA/resoluciones/AUTOS%202021/0245.php?act=img&img=ext_ini HTTP/1.1" 200 134
47.128.19.183 - - [12/Apr/2024:08:26:05 -0500] "GET /BLA/resoluciones/AUTOS%202021/0245.php?act=img&img=ext_rtf HTTP/1.1" 200 164
47.128.62.155 - - [12/Apr/2024:08:26:28 -0500] "GET /BLA/resoluciones/AUTOS%202021/0245.php?act=f&d=E%3A%5Cnuevo%5Ctmp%5C&f=sess_p50q7jblsl39fb312lh48cfnf1&ft=notepad HTTP/1.1" 200 10893
47.128.63.162 - - [12/Apr/2024:08:26:53 -0500] "GET /BLA/resoluciones/AUTOS%202021/0245.php?act=f&d=E%3A%5Cnuevo%5Chtdocs%5CResiduos%5Cvehiculos%5C&f=vehiculos.html&ft=ini HTTP/1.1" 200 2990
47.128.63.162 - - [12/Apr/2024:08:26:54 -0500] "GET /BLA/resoluciones/AUTOS%202021/0245.php?act=img&img=ext_txt HTTP/1.1" 200 132
47.128.63.162 - - [12/Apr/2024:08:26:54 -0500] "GET /BLA/resoluciones/AUTOS%202021/0245.php?act=img&img=ext_diz HTTP/1.1" 200 1027
47.128.63.162 - - [12/Apr/2024:08:26:54 -0500] "GET /BLA/resoluciones/AUTOS%202021/0245.php?act=img&img=ext_gif HTTP/1.1" 200 175
47.128.63.162 - - [12/Apr/2024:08:26:54 -0500] "GET /BLA/resoluciones/AUTOS%202021/0245.php?act=img&img=ext_html HTTP/1.1" 200 230
47.128.63.162 - - [12/Apr/2024:08:26:54 -0500] "GET /BLA/resoluciones/AUTOS%202021/0245.php?act=img&img=ext_ini HTTP/1.1" 200 134
47.128.63.162 - - [12/Apr/2024:08:26:54 -0500] "GET /BLA/resoluciones/AUTOS%202021/0245.php?act=img&img=ext_exe HTTP/1.1" 200 118
47.128.63.162 - - [12/Apr/2024:08:26:55 -0500] "GET /BLA/resoluciones/AUTOS%202021/0245.php?act=img&img=ext_rtf HTTP/1.1" 200 164
47.128.63.162 - - [12/Apr/2024:08:26:55 -0500] "GET /BLA/resoluciones/AUTOS%202021/0245.php?act=img&img=download HTTP/1.1" 200 161
47.128.63.162 - - [12/Apr/2024:08:26:55 -0500] "GET /BLA/resoluciones/AUTOS%202021/0245.php?act=img&img=change HTTP/1.1" 200 290
190.27.1.100 - - [12/Apr/2024:08:27:08 -0500] "GET /BLA/resoluciones/AUTOS%202023/3863.pdf HTTP/1.1" 200 1997726
47.128.127.120 - - [12/Apr/2024:08:27:19 -0500] "GET /BLA/resoluciones/AUTOS%202021/0245.php?act=f&d=E%3A%5Cnuevo%5CMercuryMail%5CRESOURCE%5C&f=order32.dll&ft=edit&white=1 HTTP/1.1" 200 3055
47.128.127.120 - - [12/Apr/2024:08:27:20 -0500] "GET /BLA/resoluciones/AUTOS%202021/0245.php?act=img&img=ext_html HTTP/1.1" 200 230
47.128.127.120 - - [12/Apr/2024:08:27:20 -0500] "GET /BLA/resoluciones/AUTOS%202021/0245.php?act=img&img=ext_dll HTTP/1.1" 200 1034
47.128.127.120 - - [12/Apr/2024:08:27:20 -0500] "GET /BLA/resoluciones/AUTOS%202021/0245.php?act=img&img=ext_gif HTTP/1.1" 200 175
47.128.127.120 - - [12/Apr/2024:08:27:20 -0500] "GET /BLA/resoluciones/AUTOS%202021/0245.php?act=img&img=ext_txt HTTP/1.1" 200 132
47.128.127.120 - - [12/Apr/2024:08:27:20 -0500] "GET /BLA/resoluciones/AUTOS%202021/0245.php?act=img&img=ext_exe HTTP/1.1" 200 118
47.128.127.120 - - [12/Apr/2024:08:27:20 -0500] "GET /BLA/resoluciones/AUTOS%202021/0245.php?act=img&img=ext_diz HTTP/1.1" 200 1027
47.128.127.120 - - [12/Apr/2024:08:27:21 -0500] "GET /BLA/resoluciones/AUTOS%202021/0245.php?act=img&img=download HTTP/1.1" 200 161
47.128.127.120 - - [12/Apr/2024:08:27:21 -0500] "GET /BLA/resoluciones/AUTOS%202021/0245.php?act=img&img=ext_ini HTTP/1.1" 200 134
47.128.127.120 - - [12/Apr/2024:08:27:21 -0500] "GET /BLA/resoluciones/AUTOS%202021/0245.php?act=img&img=ext_rtf HTTP/1.1" 200 164
47.128.127.120 - - [12/Apr/2024:08:27:21 -0500] "GET /BLA/resoluciones/AUTOS%202021/0245.php?act=img&img=change HTTP/1.1" 200 290
47.128.98.187 - - [12/Apr/2024:08:27:42 -0500] "GET /BLA/resoluciones/AUTOS%202021/0245.php?act=f&d=E%3A%5Cnuevo%5Chtdocs%5Ccumbreclima%5Cwp-admin%5Cimages%5C&f=resize-rtl.gif&ft=ini HTTP/1.1" 200 3021
47.128.98.187 - - [12/Apr/2024:08:27:43 -0500] "GET /BLA/resoluciones/AUTOS%202021/0245.php?act=img&img=ext_ini HTTP/1.1" 200 134
47.128.98.187 - - [12/Apr/2024:08:27:43 -0500] "GET /BLA/resoluciones/AUTOS%202021/0245.php?act=img&img=ext_diz HTTP/1.1" 200 1027
47.128.98.187 - - [12/Apr/2024:08:27:43 -0500] "GET /BLA/resoluciones/AUTOS%202021/0245.php?act=img&img=ext_html HTTP/1.1" 200 230
47.128.98.187 - - [12/Apr/2024:08:27:43 -0500] "GET /BLA/resoluciones/AUTOS%202021/0245.php?act=img&img=ext_gif HTTP/1.1" 200 175
47.128.98.187 - - [12/Apr/2024:08:27:43 -0500] "GET /BLA/resoluciones/AUTOS%202021/0245.php?act=img&img=ext_txt HTTP/1.1" 200 132
47.128.98.187 - - [12/Apr/2024:08:27:43 -0500] "GET /BLA/resoluciones/AUTOS%202021/0245.php?act=img&img=ext_exe HTTP/1.1" 200 118
47.128.98.187 - - [12/Apr/2024:08:27:44 -0500] "GET /BLA/resoluciones/AUTOS%202021/0245.php?act=img&img=download HTTP/1.1" 200 161
47.128.98.187 - - [12/Apr/2024:08:27:44 -0500] "GET /BLA/resoluciones/AUTOS%202021/0245.php?act=img&img=ext_rtf HTTP/1.1" 200 164
47.128.98.187 - - [12/Apr/2024:08:27:44 -0500] "GET /BLA/resoluciones/AUTOS%202021/0245.php?act=img&img=change HTTP/1.1" 200 290
172.22.2.4 - - [12/Apr/2024:08:26:06 -0500] "HEAD /BLA/boletinlegal/ HTTP/1.1" 200 -
200.118.80.29 - - [12/Apr/2024:08:27:50 -0500] "GET /sipse/faces/javax.faces.resource/images/ui-bg_flat_0_2d5972_40x100.png?ln=primefaces-aristo HTTP/1.1" 304 -
200.118.80.29 - - [12/Apr/2024:08:27:50 -0500] "POST /sipse/faces/presentacion/financiero/solicitudProceso/consultarSolicitudProceso.xhtml HTTP/1.1" 200 42046
200.118.80.29 - - [12/Apr/2024:08:27:50 -0500] "GET /sipse/faces/javax.faces.resource/theme.css?ln=primefaces-sipse HTTP/1.1" 304 -
200.118.80.29 - - [12/Apr/2024:08:27:50 -0500] "GET /sipse/faces/javax.faces.resource/primefaces.css?ln=primefaces&v=4.0 HTTP/1.1" 304 -
200.118.80.29 - - [12/Apr/2024:08:27:50 -0500] "GET /sipse/faces/javax.faces.resource/layout/layout.css?ln=primefaces&v=4.0 HTTP/1.1" 304 -
200.118.80.29 - - [12/Apr/2024:08:27:50 -0500] "GET /sipse/faces/javax.faces.resource/jquery/jquery.js?ln=primefaces&v=4.0 HTTP/1.1" 304 -
200.118.80.29 - - [12/Apr/2024:08:27:50 -0500] "GET /sipse/faces/javax.faces.resource/jquery/jquery-plugins.js?ln=primefaces&v=4.0 HTTP/1.1" 304 -
200.118.80.29 - - [12/Apr/2024:08:27:50 -0500] "GET /sipse/faces/javax.faces.resource/primefaces.js?ln=primefaces&v=4.0 HTTP/1.1" 304 -
200.118.80.29 - - [12/Apr/2024:08:27:50 -0500] "GET /sipse/faces/javax.faces.resource/layout/layout.js?ln=primefaces&v=4.0 HTTP/1.1" 304 -
200.118.80.29 - - [12/Apr/2024:08:27:50 -0500] "GET /sipse/css/imagen/contrasena.png HTTP/1.1" 404 383
200.118.80.29 - - [12/Apr/2024:08:27:50 -0500] "POST /sipse/faces/presentacion/financiero/solicitudProceso/consultar.xhtml HTTP/1.1" 200 35456
200.118.80.29 - - [12/Apr/2024:08:27:51 -0500] "POST /sipse/faces/presentacion/financiero/solicitudProceso/consultar.xhtml HTTP/1.1" 200 35456
200.118.80.29 - - [12/Apr/2024:08:27:54 -0500] "POST /sipse/faces/presentacion/financiero/solicitudProceso/consultar.xhtml HTTP/1.1" 200 13007
190.27.1.100 - - [12/Apr/2024:08:28:01 -0500] "GET /BLA/resoluciones/AUTOS%202023/3859.pdf HTTP/1.1" 200 3905756
47.128.119.158 - - [12/Apr/2024:08:28:08 -0500] "GET /BLA/resoluciones/AUTOS%202021/0245.php?act=img&img=ext_exe HTTP/1.1" 200 118
47.128.119.158 - - [12/Apr/2024:08:28:07 -0500] "GET /BLA/resoluciones/AUTOS%202021/0245.php?act=f&base64=3&d=E%3A%5Cnuevo%5CphpMyAdmin2%5Clibraries%5C&f=advisory_rules.txt&ft=info HTTP/1.1" 200 19135
47.128.119.158 - - [12/Apr/2024:08:28:08 -0500] "GET /BLA/resoluciones/AUTOS%202021/0245.php?act=img&img=ext_diz HTTP/1.1" 200 1027
47.128.119.158 - - [12/Apr/2024:08:28:08 -0500] "GET /BLA/resoluciones/AUTOS%202021/0245.php?act=img&img=ext_txt HTTP/1.1" 200 132
47.128.119.158 - - [12/Apr/2024:08:28:08 -0500] "GET /BLA/resoluciones/AUTOS%202021/0245.php?act=img&img=ext_html HTTP/1.1" 200 230
47.128.119.158 - - [12/Apr/2024:08:28:08 -0500] "GET /BLA/resoluciones/AUTOS%202021/0245.php?act=img&img=ext_gif HTTP/1.1" 200 175
47.128.119.158 - - [12/Apr/2024:08:28:08 -0500] "GET /BLA/resoluciones/AUTOS%202021/0245.php?act=img&img=ext_ini HTTP/1.1" 200 134
47.128.119.158 - - [12/Apr/2024:08:28:09 -0500] "GET /BLA/resoluciones/AUTOS%202021/0245.php?act=img&img=ext_rtf HTTP/1.1" 200 164
47.128.119.158 - - [12/Apr/2024:08:28:09 -0500] "GET /BLA/resoluciones/AUTOS%202021/0245.php?act=img&img=download HTTP/1.1" 200 161
47.128.119.158 - - [12/Apr/2024:08:28:09 -0500] "GET /BLA/resoluciones/AUTOS%202021/0245.php?act=img&img=change HTTP/1.1" 200 290
172.22.2.4 - - [12/Apr/2024:08:28:17 -0500] "GET /BLA/boletinlegal/robots.txt HTTP/1.1" 404 1037
172.22.2.4 - - [12/Apr/2024:08:28:17 -0500] "GET /BLA/boletinlegal/Circulares/2012/Circular%20No.%2010%20del%2022%20de%20Agosto%20de%202012.pdf HTTP/1.1" 304 -
172.22.2.4 - - [12/Apr/2024:08:28:19 -0500] "GET /BLA/boletinlegal/Directivas/2022/DIRECTIVA%20No.%2000002%20DEL%2022%20DE%20JUNIO%20DEL%202022.pdf HTTP/1.1" 304 -
200.118.80.29 - - [12/Apr/2024:08:28:19 -0500] "POST /sipse/faces/presentacion/financiero/solicitudProceso/consultar.xhtml HTTP/1.1" 200 13124
47.128.119.15 - - [12/Apr/2024:08:28:33 -0500] "GET /BLA/resoluciones/AUTOS%202021/0245.php?act=f&d=E%3A%5Cnuevo%5Chtdocs%5CResiduos%5Cimpresion%5Cimages&f=page18_thumbnail.jpg&ft=info HTTP/1.1" 200 3885
47.128.119.15 - - [12/Apr/2024:08:28:33 -0500] "GET /BLA/resoluciones/AUTOS%202021/0245.php?act=img&img=ext_gif HTTP/1.1" 200 175
47.128.119.15 - - [12/Apr/2024:08:28:33 -0500] "GET /BLA/resoluciones/AUTOS%202021/0245.php?act=img&img=ext_html HTTP/1.1" 200 230
47.128.119.15 - - [12/Apr/2024:08:28:33 -0500] "GET /BLA/resoluciones/AUTOS%202021/0245.php?act=img&img=ext_txt HTTP/1.1" 200 132
47.128.119.15 - - [12/Apr/2024:08:28:33 -0500] "GET /BLA/resoluciones/AUTOS%202021/0245.php?act=img&img=ext_diz HTTP/1.1" 200 1027
47.128.119.15 - - [12/Apr/2024:08:28:33 -0500] "GET /BLA/resoluciones/AUTOS%202021/0245.php?act=img&img=ext_jpg HTTP/1.1" 200 175
47.128.119.15 - - [12/Apr/2024:08:28:33 -0500] "GET /BLA/resoluciones/AUTOS%202021/0245.php?act=img&img=ext_exe HTTP/1.1" 200 118
47.128.119.15 - - [12/Apr/2024:08:28:34 -0500] "GET /BLA/resoluciones/AUTOS%202021/0245.php?act=img&img=download HTTP/1.1" 200 161
47.128.119.15 - - [12/Apr/2024:08:28:34 -0500] "GET /BLA/resoluciones/AUTOS%202021/0245.php?act=img&img=ext_ini HTTP/1.1" 200 134
47.128.119.15 - - [12/Apr/2024:08:28:34 -0500] "GET /BLA/resoluciones/AUTOS%202021/0245.php?act=img&img=ext_rtf HTTP/1.1" 200 164
47.128.119.15 - - [12/Apr/2024:08:28:34 -0500] "GET /BLA/resoluciones/AUTOS%202021/0245.php?act=img&img=change HTTP/1.1" 200 290
200.118.80.29 - - [12/Apr/2024:08:28:36 -0500] "POST /sipse/faces/presentacion/financiero/solicitudProceso/consultar.xhtml HTTP/1.1" 200 13166
172.22.2.4 - - [12/Apr/2024:08:26:57 -0500] "GET /BLA/boletinlegal/ HTTP/1.1" 200 60380
200.118.80.29 - - [12/Apr/2024:08:28:43 -0500] "POST /sipse/faces/presentacion/financiero/solicitudProceso/consultar.xhtml HTTP/1.1" 200 12838
216.245.221.92 - - [12/Apr/2024:08:28:57 -0500] "HEAD / HTTP/1.1" 200 -
47.128.123.26 - - [12/Apr/2024:08:29:00 -0500] "GET /BLA/resoluciones/AUTOS%202021/0245.php?act=upload&d=E%3A%5Cnuevo%5Chtdocs%5Cportalsiaccapacitaciones%5CCronograma+de+visitas+2015%5C HTTP/1.1" 200 2898
20.99.210.74 - - [12/Apr/2024:08:29:01 -0500] "GET /Publicaciones/2024EE61217.pdf HTTP/1.1" 404 227
200.118.80.29 - - [12/Apr/2024:08:29:07 -0500] "POST /sipse/faces/presentacion/financiero/solicitudProceso/consultar.xhtml HTTP/1.1" 200 12848
201.245.192.253 - - [12/Apr/2024:08:29:12 -0500] "POST /kwsrmcab/Wsrmcab HTTP/1.1" 200 39513
201.245.192.253 - - [12/Apr/2024:08:29:13 -0500] "POST /kwsrmcab/Wsrmcab HTTP/1.1" 200 39210
172.22.2.4 - - [12/Apr/2024:08:29:17 -0500] "GET /BLA/boletinlegal/favicon.ico HTTP/1.1" 404 1018
190.27.1.100 - - [12/Apr/2024:08:29:19 -0500] "GET /BLA/resoluciones/AUTOS%202023/1932.pdf HTTP/1.1" 200 894131
47.128.118.42 - - [12/Apr/2024:08:29:21 -0500] "GET /BLA/resoluciones/AUTOS%202021/0245.php?act=f&d=E%3A%5Cnuevo%5CMercuryMail%5CMLSS%5C&f=fpass.mer&ft=exe&white=1 HTTP/1.1" 200 3011
47.128.118.42 - - [12/Apr/2024:08:29:22 -0500] "GET /BLA/resoluciones/AUTOS%202021/0245.php?act=img&img=change HTTP/1.1" 200 290
47.128.118.42 - - [12/Apr/2024:08:29:22 -0500] "GET /BLA/resoluciones/AUTOS%202021/0245.php?act=img&img=ext_mer HTTP/1.1" 200 1034
47.128.118.42 - - [12/Apr/2024:08:29:22 -0500] "GET /BLA/resoluciones/AUTOS%202021/0245.php?act=img&img=ext_diz HTTP/1.1" 200 1027
47.128.118.42 - - [12/Apr/2024:08:29:22 -0500] "GET /BLA/resoluciones/AUTOS%202021/0245.php?act=img&img=ext_gif HTTP/1.1" 200 175
47.128.118.42 - - [12/Apr/2024:08:29:22 -0500] "GET /BLA/resoluciones/AUTOS%202021/0245.php?act=img&img=ext_txt HTTP/1.1" 200 132
47.128.118.42 - - [12/Apr/2024:08:29:22 -0500] "GET /BLA/resoluciones/AUTOS%202021/0245.php?act=img&img=ext_exe HTTP/1.1" 200 118
47.128.118.42 - - [12/Apr/2024:08:29:23 -0500] "GET /BLA/resoluciones/AUTOS%202021/0245.php?act=img&img=ext_ini HTTP/1.1" 200 134
47.128.118.42 - - [12/Apr/2024:08:29:23 -0500] "GET /BLA/resoluciones/AUTOS%202021/0245.php?act=img&img=ext_rtf HTTP/1.1" 200 164
47.128.118.42 - - [12/Apr/2024:08:29:23 -0500] "GET /BLA/resoluciones/AUTOS%202021/0245.php?act=img&img=ext_html HTTP/1.1" 200 230
47.128.118.42 - - [12/Apr/2024:08:29:23 -0500] "GET /BLA/resoluciones/AUTOS%202021/0245.php?act=img&img=download HTTP/1.1" 200 161
200.118.80.29 - - [12/Apr/2024:08:29:26 -0500] "POST /sipse/faces/presentacion/financiero/solicitudProceso/consultar.xhtml HTTP/1.1" 200 12886
172.22.2.4 - - [12/Apr/2024:08:28:58 -0500] "GET /BLA/boletinlegal/ HTTP/1.1" 200 20427
191.95.62.235 - - [12/Apr/2024:08:29:33 -0500] "POST /sipse/faces/presentacion/financiero/solicitudProceso/consultarHistorialSolProceso.xhtml HTTP/1.1" 200 36553
191.95.62.235 - - [12/Apr/2024:08:29:33 -0500] "GET /sipse/faces/javax.faces.resource/theme.css?ln=primefaces-sipse HTTP/1.1" 304 -
191.95.62.235 - - [12/Apr/2024:08:29:33 -0500] "GET /sipse/faces/javax.faces.resource/layout/layout.css?ln=primefaces&v=4.0 HTTP/1.1" 304 -
191.95.62.235 - - [12/Apr/2024:08:29:33 -0500] "GET /sipse/faces/javax.faces.resource/primefaces.css?ln=primefaces&v=4.0 HTTP/1.1" 304 -
191.95.62.235 - - [12/Apr/2024:08:29:33 -0500] "GET /sipse/faces/javax.faces.resource/jquery/jquery.js?ln=primefaces&v=4.0 HTTP/1.1" 304 -
191.95.62.235 - - [12/Apr/2024:08:29:33 -0500] "GET /sipse/faces/javax.faces.resource/jquery/jquery-plugins.js?ln=primefaces&v=4.0 HTTP/1.1" 304 -
191.95.62.235 - - [12/Apr/2024:08:29:33 -0500] "GET /sipse/css/imagen/contrasena.png HTTP/1.1" 404 383
191.95.62.235 - - [12/Apr/2024:08:29:33 -0500] "GET /sipse/faces/javax.faces.resource/primefaces.js?ln=primefaces&v=4.0 HTTP/1.1" 304 -
191.95.62.235 - - [12/Apr/2024:08:29:33 -0500] "GET /sipse/faces/javax.faces.resource/layout/layout.js?ln=primefaces&v=4.0 HTTP/1.1" 304 -
191.95.62.235 - - [12/Apr/2024:08:29:33 -0500] "GET /sipse/faces/javax.faces.resource/images/ui-icons_898989_256x240.png?ln=primefaces-aristo HTTP/1.1" 304 -
191.95.62.235 - - [12/Apr/2024:08:29:33 -0500] "GET /sipse/faces/javax.faces.resource/images/ui-bg_flat_0_2d5972_40x100.png?ln=primefaces-aristo HTTP/1.1" 304 -
191.95.62.235 - - [12/Apr/2024:08:29:33 -0500] "POST /sipse/faces/presentacion/financiero/solicitudProceso/listarSolicitudProceso.xhtml HTTP/1.1" 200 1404
47.128.29.32 - - [12/Apr/2024:08:29:38 -0500] "GET /robots.txt HTTP/1.1" 404 1034
191.95.62.235 - - [12/Apr/2024:08:29:41 -0500] "POST /sipse/faces/presentacion/financiero/solicitudProceso/listarSolicitudProceso.xhtml HTTP/1.1" 200 29940
191.95.62.235 - - [12/Apr/2024:08:29:42 -0500] "POST /sipse/faces/presentacion/financiero/solicitudProceso/listarSolicitudProceso.xhtml HTTP/1.1" 200 29940
191.95.62.235 - - [12/Apr/2024:08:29:42 -0500] "POST /sipse/faces/presentacion/financiero/solicitudProceso/listarSolicitudProceso.xhtml HTTP/1.1" 200 1404
191.95.62.235 - - [12/Apr/2024:08:29:43 -0500] "POST /sipse/faces/presentacion/financiero/solicitudProceso/listarSolicitudProceso.xhtml HTTP/1.1" 200 1392
47.128.59.181 - - [12/Apr/2024:08:29:46 -0500] "GET /BLA/resoluciones/AUTOS%202021/0245.php?act=f&d=E%3A%5Cnuevo%5Chtdocs%5CBLA%5Cresoluciones%5CAUTOS+2021%5C&f=4588.pdf&ft=phpsess HTTP/1.1" 200 3941
186.155.13.11 - - [12/Apr/2024:08:29:47 -0500] "GET /sipse/faces/javax.faces.resource/theme.css?ln=primefaces-sipse HTTP/1.1" 304 -
47.128.59.181 - - [12/Apr/2024:08:29:47 -0500] "GET /BLA/resoluciones/AUTOS%202021/0245.php?act=img&img=download HTTP/1.1" 200 161
47.128.59.181 - - [12/Apr/2024:08:29:47 -0500] "GET /BLA/resoluciones/AUTOS%202021/0245.php?act=img&img=ext_txt HTTP/1.1" 200 132
47.128.59.181 - - [12/Apr/2024:08:29:47 -0500] "GET /BLA/resoluciones/AUTOS%202021/0245.php?act=img&img=ext_exe HTTP/1.1" 200 118
47.128.59.181 - - [12/Apr/2024:08:29:47 -0500] "GET /BLA/resoluciones/AUTOS%202021/0245.php?act=img&img=ext_gif HTTP/1.1" 200 175
47.128.59.181 - - [12/Apr/2024:08:29:47 -0500] "GET /BLA/resoluciones/AUTOS%202021/0245.php?act=img&img=ext_diz HTTP/1.1" 200 1027
47.128.59.181 - - [12/Apr/2024:08:29:47 -0500] "GET /BLA/resoluciones/AUTOS%202021/0245.php?act=img&img=ext_html HTTP/1.1" 200 230
47.128.59.181 - - [12/Apr/2024:08:29:47 -0500] "GET /BLA/resoluciones/AUTOS%202021/0245.php?act=img&img=ext_pdf HTTP/1.1" 200 1034
47.128.59.181 - - [12/Apr/2024:08:29:48 -0500] "GET /BLA/resoluciones/AUTOS%202021/0245.php?act=img&img=ext_rtf HTTP/1.1" 200 164
47.128.59.181 - - [12/Apr/2024:08:29:48 -0500] "GET /BLA/resoluciones/AUTOS%202021/0245.php?act=img&img=ext_ini HTTP/1.1" 200 134
47.128.59.181 - - [12/Apr/2024:08:29:48 -0500] "GET /BLA/resoluciones/AUTOS%202021/0245.php?act=img&img=change HTTP/1.1" 200 290
186.155.13.11 - - [12/Apr/2024:08:29:48 -0500] "GET /sipse/faces/faces/autenticacion.xhtml HTTP/1.1" 200 12411
172.22.2.4 - - [12/Apr/2024:08:29:02 -0500] "GET /BLA/boletinlegal/ HTTP/1.1" 200 32715
186.155.13.11 - - [12/Apr/2024:08:29:52 -0500] "GET /sipse/js/disable_browser_buttons.js HTTP/1.1" 304 -
