173.252.107.119 - - [13/Apr/2024:08:54:23 -0500] "GET /images/Acuerdos%2001%20(1)%20(1).jpeg HTTP/1.1" 200 32884
216.244.66.195 - - [13/Apr/2024:08:54:26 -0500] "GET /BLA/resoluciones/AUTOS%202009/1917.pdf HTTP/1.1" 200 352485
172.22.2.4 - - [13/Apr/2024:08:54:30 -0500] "GET /BLA/boletinlegal/consulta_conceptos.php?no=&solicitante=&radicado_entrada=&fecha_concepto=2023&objeto= HTTP/1.1" 200 29450
47.128.112.175 - - [13/Apr/2024:08:54:31 -0500] "GET /BLA/resoluciones/AUTOS%202021/0245.php?act=f&d=E%3A%5Cnuevo%5CMercuryMail%5CMLSS%5C&f=mlss_e8.htm&ft=notepad&white=1 HTTP/1.1" 200 1777
216.245.221.92 - - [13/Apr/2024:08:54:40 -0500] "HEAD / HTTP/1.1" 200 -
186.86.34.55 - - [13/Apr/2024:08:54:40 -0500] "POST /sipse/faces/presentacion/financiero/solicitudProceso/consultarSolicitudProceso.xhtml HTTP/1.1" 200 132804
216.244.66.195 - - [13/Apr/2024:08:54:41 -0500] "GET /BLA/resoluciones/AUTOS%202009/2225.pdf HTTP/1.1" 200 125160
172.22.2.4 - - [13/Apr/2024:08:53:59 -0500] "GET /BLA/boletinlegal/ HTTP/1.1" 200 32715
172.22.2.4 - - [13/Apr/2024:08:54:46 -0500] "GET /BLA/boletinlegal/conceptos/2023/55.pdf HTTP/1.1" 200 447259
216.244.66.195 - - [13/Apr/2024:08:54:54 -0500] "GET /BLA/resoluciones/AUTOS%202009/2284.pdf HTTP/1.1" 200 104832
47.128.126.88 - - [13/Apr/2024:08:54:55 -0500] "GET /BLA/resoluciones/AUTOS%202021/0245.php?act=cmd&d=E%3A%5Cnuevo%5Chtdocs%5Ccumbredelclima%5Cwp-includes%5Cjs%5Cplupload%5C HTTP/1.1" 200 2784
172.22.2.4 - - [13/Apr/2024:08:55:01 -0500] "GET /BLA/boletinlegal/conceptos/2023/13.pdf HTTP/1.1" 200 470673
186.86.34.55 - - [13/Apr/2024:08:55:03 -0500] "POST /sipse/faces/presentacion/financiero/solicitudProceso/consultarSolicitudProceso.xhtml HTTP/1.1" 200 16006
216.244.66.195 - - [13/Apr/2024:08:55:07 -0500] "GET /BLA/resoluciones/AUTOS%202009/2635.pdf HTTP/1.1" 200 98599
186.86.34.55 - - [13/Apr/2024:08:55:03 -0500] "POST /sipse/faces/presentacion/financiero/solicitudProceso/consultarSolicitudProceso.xhtml HTTP/1.1" 200 6800494
216.244.66.195 - - [13/Apr/2024:08:55:20 -0500] "GET /BLA/resoluciones/AUTOS%202009/2792.pdf HTTP/1.1" 200 73450
47.128.56.174 - - [13/Apr/2024:08:55:20 -0500] "GET /BLA/resoluciones/AUTOS%202021/0245.php?act=chmod&d=E%3A%5Cnuevo%5CphpMyAdmin2%5Clibraries%5Cplugins%5Cexport&f=.. HTTP/1.1" 200 2889
216.244.66.195 - - [13/Apr/2024:08:55:30 -0500] "GET /BLA/resoluciones/AUTOS%202009/2865.pdf HTTP/1.1" 200 118079
216.244.66.195 - - [13/Apr/2024:08:55:44 -0500] "GET /BLA/resoluciones/AUTOS%202009/2868.pdf HTTP/1.1" 200 129051
47.128.28.205 - - [13/Apr/2024:08:55:45 -0500] "GET /BLA/resoluciones/AUTOS%202021/0245.php?act=f&d=E%3A%5Cnuevo%5Chtdocs%5CSIIPEV%5CDiseno+de+Elementos+de+Mobiliario+Urbano%5C&f=Parte2.html&ft=txt HTTP/1.1" 200 5956
47.128.28.205 - - [13/Apr/2024:08:55:46 -0500] "GET /BLA/resoluciones/AUTOS%202021/0245.php?act=img&img=change HTTP/1.1" 200 290
47.128.28.205 - - [13/Apr/2024:08:55:46 -0500] "GET /BLA/resoluciones/AUTOS%202021/0245.php?act=img&img=ext_gif HTTP/1.1" 200 175
47.128.28.205 - - [13/Apr/2024:08:55:46 -0500] "GET /BLA/resoluciones/AUTOS%202021/0245.php?act=img&img=ext_diz HTTP/1.1" 200 1027
47.128.28.205 - - [13/Apr/2024:08:55:46 -0500] "GET /BLA/resoluciones/AUTOS%202021/0245.php?act=img&img=download HTTP/1.1" 200 161
47.128.28.205 - - [13/Apr/2024:08:55:46 -0500] "GET /BLA/resoluciones/AUTOS%202021/0245.php?act=img&img=ext_exe HTTP/1.1" 200 118
47.128.28.205 - - [13/Apr/2024:08:55:46 -0500] "GET /BLA/resoluciones/AUTOS%202021/0245.php?act=img&img=ext_ini HTTP/1.1" 200 134
47.128.28.205 - - [13/Apr/2024:08:55:47 -0500] "GET /BLA/resoluciones/AUTOS%202021/0245.php?act=img&img=ext_rtf HTTP/1.1" 200 164
47.128.28.205 - - [13/Apr/2024:08:55:47 -0500] "GET /BLA/resoluciones/AUTOS%202021/0245.php?act=img&img=ext_html HTTP/1.1" 200 230
47.128.28.205 - - [13/Apr/2024:08:55:47 -0500] "GET /BLA/resoluciones/AUTOS%202021/0245.php?act=img&img=ext_txt HTTP/1.1" 200 132
172.22.2.4 - - [13/Apr/2024:08:55:52 -0500] "GET /BLA/boletinlegal/consulta_conceptos.php?no=&solicitante=&radicado_entrada=&fecha_concepto=2023&objeto= HTTP/1.1" 200 29450
216.244.66.195 - - [13/Apr/2024:08:55:54 -0500] "GET /BLA/resoluciones/AUTOS%202011/0026.pdf HTTP/1.1" 200 134077
216.244.66.195 - - [13/Apr/2024:08:56:04 -0500] "GET /BLA/resoluciones/AUTOS%202011/0105.pdf HTTP/1.1" 200 182021
172.22.2.4 - - [13/Apr/2024:08:56:08 -0500] "GET /BLA/boletinlegal/consulta_conceptos.php?no=&solicitante=&radicado_entrada=&fecha_concepto=2022&objeto= HTTP/1.1" 200 34640
47.128.26.225 - - [13/Apr/2024:08:56:08 -0500] "GET /BLA/resoluciones/AUTOS%202021/0245.php?act=chmod&d=E%3A%5Cnuevo%5Chtdocs%5CResiduos%5Ctextiles%5Cimages&f=page83_thumbnail.jpg HTTP/1.1" 200 2900
186.86.34.55 - - [13/Apr/2024:08:56:12 -0500] "POST /sipse/faces/presentacion/financiero/solicitudProceso/consultarSolicitudProceso.xhtml HTTP/1.1" 200 31365
186.86.34.55 - - [13/Apr/2024:08:56:13 -0500] "GET /sipse/faces/javax.faces.resource/theme.css?ln=primefaces-sipse HTTP/1.1" 304 -
186.86.34.55 - - [13/Apr/2024:08:56:13 -0500] "GET /sipse/faces/javax.faces.resource/jquery/jquery.js?ln=primefaces&v=4.0 HTTP/1.1" 304 -
186.86.34.55 - - [13/Apr/2024:08:56:13 -0500] "GET /sipse/faces/javax.faces.resource/primefaces.css?ln=primefaces&v=4.0 HTTP/1.1" 304 -
186.86.34.55 - - [13/Apr/2024:08:56:13 -0500] "GET /sipse/faces/javax.faces.resource/jquery/jquery-plugins.js?ln=primefaces&v=4.0 HTTP/1.1" 304 -
186.86.34.55 - - [13/Apr/2024:08:56:13 -0500] "GET /sipse/faces/javax.faces.resource/primefaces.js?ln=primefaces&v=4.0 HTTP/1.1" 304 -
186.86.34.55 - - [13/Apr/2024:08:56:13 -0500] "GET /sipse/faces/javax.faces.resource/layout/layout.js?ln=primefaces&v=4.0 HTTP/1.1" 304 -
186.86.34.55 - - [13/Apr/2024:08:56:14 -0500] "GET /sipse/faces/javax.faces.resource/layout/layout.css?ln=primefaces&v=4.0 HTTP/1.1" 304 -
172.22.2.4 - - [13/Apr/2024:08:56:15 -0500] "GET /BLA/boletinlegal/conceptos/2022/16.pdf HTTP/1.1" 200 407920
186.86.34.55 - - [13/Apr/2024:08:56:17 -0500] "POST /sipse/faces/presentacion/financiero/solicitudProceso/asignarContratacion.xhtml HTTP/1.1" 200 7461
216.244.66.195 - - [13/Apr/2024:08:56:21 -0500] "GET /BLA/resoluciones/AUTOS%202011/0153.pdf HTTP/1.1" 200 178087
186.86.34.55 - - [13/Apr/2024:08:56:23 -0500] "POST /sipse/faces/presentacion/financiero/solicitudProceso/asignarContratacion.xhtml HTTP/1.1" 200 36593
186.86.34.55 - - [13/Apr/2024:08:56:25 -0500] "GET /sipse/faces/javax.faces.resource/jquery/jquery.js?ln=primefaces&v=4.0 HTTP/1.1" 304 -
186.86.34.55 - - [13/Apr/2024:08:56:25 -0500] "GET /sipse/faces/javax.faces.resource/jquery/jquery-plugins.js?ln=primefaces&v=4.0 HTTP/1.1" 304 -
186.86.34.55 - - [13/Apr/2024:08:56:25 -0500] "GET /sipse/faces/javax.faces.resource/theme.css?ln=primefaces-sipse HTTP/1.1" 304 -
186.86.34.55 - - [13/Apr/2024:08:56:25 -0500] "GET /sipse/faces/javax.faces.resource/primefaces.js?ln=primefaces&v=4.0 HTTP/1.1" 304 -
186.86.34.55 - - [13/Apr/2024:08:56:25 -0500] "GET /sipse/faces/javax.faces.resource/primefaces.css?ln=primefaces&v=4.0 HTTP/1.1" 304 -
186.86.34.55 - - [13/Apr/2024:08:56:25 -0500] "GET /sipse/faces/javax.faces.resource/layout/layout.css?ln=primefaces&v=4.0 HTTP/1.1" 304 -
186.86.34.55 - - [13/Apr/2024:08:56:25 -0500] "GET /sipse/faces/javax.faces.resource/layout/layout.js?ln=primefaces&v=4.0 HTTP/1.1" 304 -
186.86.34.55 - - [13/Apr/2024:08:56:25 -0500] "POST /sipse/faces/presentacion/financiero/solicitudProceso/listarSolicitudProceso.xhtml HTTP/1.1" 200 1404
172.22.2.4 - - [13/Apr/2024:08:56:30 -0500] "GET /BLA/boletinlegal/conceptos/2022/31.pdf HTTP/1.1" 200 418140
216.244.66.195 - - [13/Apr/2024:08:56:34 -0500] "GET /BLA/resoluciones/AUTOS%202011/0905.pdf HTTP/1.1" 200 148855
47.128.58.80 - - [13/Apr/2024:08:56:35 -0500] "GET /BLA/resoluciones/AUTOS%202021/0245.php?act=img&img=ext_html HTTP/1.1" 200 230
47.128.58.80 - - [13/Apr/2024:08:56:35 -0500] "GET /BLA/resoluciones/AUTOS%202021/0245.php?act=img&img=ext_gif HTTP/1.1" 200 175
47.128.58.80 - - [13/Apr/2024:08:56:35 -0500] "GET /BLA/resoluciones/AUTOS%202021/0245.php?act=img&img=ext_exe HTTP/1.1" 200 118
47.128.58.80 - - [13/Apr/2024:08:56:35 -0500] "GET /BLA/resoluciones/AUTOS%202021/0245.php?act=img&img=ext_diz HTTP/1.1" 200 1027
47.128.58.80 - - [13/Apr/2024:08:56:35 -0500] "GET /BLA/resoluciones/AUTOS%202021/0245.php?act=img&img=ext_xml HTTP/1.1" 200 231
47.128.58.80 - - [13/Apr/2024:08:56:35 -0500] "GET /BLA/resoluciones/AUTOS%202021/0245.php?act=img&img=ext_ini HTTP/1.1" 200 134
47.128.58.80 - - [13/Apr/2024:08:56:35 -0500] "GET /BLA/resoluciones/AUTOS%202021/0245.php?act=img&img=ext_txt HTTP/1.1" 200 132
47.128.58.80 - - [13/Apr/2024:08:56:35 -0500] "GET /BLA/resoluciones/AUTOS%202021/0245.php?act=img&img=change HTTP/1.1" 200 290
47.128.58.80 - - [13/Apr/2024:08:56:35 -0500] "GET /BLA/resoluciones/AUTOS%202021/0245.php?act=img&img=download HTTP/1.1" 200 161
47.128.58.80 - - [13/Apr/2024:08:56:35 -0500] "GET /BLA/resoluciones/AUTOS%202021/0245.php?act=img&img=ext_rtf HTTP/1.1" 200 164
47.128.58.80 - - [13/Apr/2024:08:56:34 -0500] "GET /BLA/resoluciones/AUTOS%202021/0245.php?act=f&d=E%3A%5Cnuevo%5Chtdocs%5CResiduos%5Cfarmaceutica%5Cfiles%5Csearch&f=search53.xml&ft=edit HTTP/1.1" 200 8734
216.244.66.195 - - [13/Apr/2024:08:56:49 -0500] "GET /BLA/resoluciones/AUTOS%202011/0952.pdf HTTP/1.1" 200 155387
172.22.2.4 - - [13/Apr/2024:08:56:54 -0500] "GET /BLA/boletinlegal/consulta_conceptos.php?no=&solicitante=&radicado_entrada=&fecha_concepto=2021&objeto= HTTP/1.1" 200 36487
47.128.63.250 - - [13/Apr/2024:08:56:57 -0500] "GET /BLA/resoluciones/AUTOS%202021/0245.php?act=f&d=E%3A%5Cnuevo%5Chtdocs%5Ccumbreclima%5Cwp-admin%5Cincludes&f=misc.php&ft=download HTTP/1.1" 200 25645
186.86.34.55 - - [13/Apr/2024:08:57:01 -0500] "POST /sipse/faces/presentacion/financiero/solicitudProceso/listarSolicitudProceso.xhtml HTTP/1.1" 200 2329
216.244.66.195 - - [13/Apr/2024:08:57:01 -0500] "GET /BLA/resoluciones/AUTOS%202011/0984.pdf HTTP/1.1" 200 349601
186.86.34.55 - - [13/Apr/2024:08:57:04 -0500] "POST /sipse/faces/presentacion/financiero/solicitudProceso/listarSolicitudProceso.xhtml HTTP/1.1" 200 26428
186.86.34.55 - - [13/Apr/2024:08:57:05 -0500] "POST /sipse/faces/presentacion/financiero/solicitudProceso/listarSolicitudProceso.xhtml HTTP/1.1" 200 26428
186.86.34.55 - - [13/Apr/2024:08:57:05 -0500] "POST /sipse/faces/presentacion/financiero/solicitudProceso/listarSolicitudProceso.xhtml HTTP/1.1" 200 26428
186.86.34.55 - - [13/Apr/2024:08:57:06 -0500] "POST /sipse/faces/presentacion/financiero/solicitudProceso/listarSolicitudProceso.xhtml HTTP/1.1" 200 26428
186.86.34.55 - - [13/Apr/2024:08:57:06 -0500] "POST /sipse/faces/presentacion/financiero/solicitudProceso/listarSolicitudProceso.xhtml HTTP/1.1" 200 26428
186.86.34.55 - - [13/Apr/2024:08:57:06 -0500] "POST /sipse/faces/presentacion/financiero/solicitudProceso/listarSolicitudProceso.xhtml HTTP/1.1" 200 26428
186.86.34.55 - - [13/Apr/2024:08:57:07 -0500] "POST /sipse/faces/presentacion/financiero/solicitudProceso/listarSolicitudProceso.xhtml HTTP/1.1" 200 26428
186.86.34.55 - - [13/Apr/2024:08:57:07 -0500] "POST /sipse/faces/presentacion/financiero/solicitudProceso/listarSolicitudProceso.xhtml HTTP/1.1" 200 26428
186.86.34.55 - - [13/Apr/2024:08:57:07 -0500] "POST /sipse/faces/presentacion/financiero/solicitudProceso/listarSolicitudProceso.xhtml HTTP/1.1" 200 26428
186.86.34.55 - - [13/Apr/2024:08:57:08 -0500] "POST /sipse/faces/presentacion/financiero/solicitudProceso/listarSolicitudProceso.xhtml HTTP/1.1" 200 26428
186.86.34.55 - - [13/Apr/2024:08:57:08 -0500] "POST /sipse/faces/presentacion/financiero/solicitudProceso/listarSolicitudProceso.xhtml HTTP/1.1" 200 26428
186.86.34.55 - - [13/Apr/2024:08:57:08 -0500] "POST /sipse/faces/presentacion/financiero/solicitudProceso/listarSolicitudProceso.xhtml HTTP/1.1" 200 26428
186.86.34.55 - - [13/Apr/2024:08:57:09 -0500] "POST /sipse/faces/presentacion/financiero/solicitudProceso/listarSolicitudProceso.xhtml HTTP/1.1" 200 26428
186.86.34.55 - - [13/Apr/2024:08:57:09 -0500] "POST /sipse/faces/presentacion/financiero/solicitudProceso/listarSolicitudProceso.xhtml HTTP/1.1" 200 26428
186.86.34.55 - - [13/Apr/2024:08:57:09 -0500] "POST /sipse/faces/presentacion/financiero/solicitudProceso/listarSolicitudProceso.xhtml HTTP/1.1" 200 26428
186.86.34.55 - - [13/Apr/2024:08:57:09 -0500] "POST /sipse/faces/presentacion/financiero/solicitudProceso/listarSolicitudProceso.xhtml HTTP/1.1" 200 26428
186.86.34.55 - - [13/Apr/2024:08:57:10 -0500] "POST /sipse/faces/presentacion/financiero/solicitudProceso/listarSolicitudProceso.xhtml HTTP/1.1" 200 26428
186.86.34.55 - - [13/Apr/2024:08:57:10 -0500] "POST /sipse/faces/presentacion/financiero/solicitudProceso/listarSolicitudProceso.xhtml HTTP/1.1" 200 26428
186.86.34.55 - - [13/Apr/2024:08:57:10 -0500] "POST /sipse/faces/presentacion/financiero/solicitudProceso/listarSolicitudProceso.xhtml HTTP/1.1" 200 26428
186.86.34.55 - - [13/Apr/2024:08:57:11 -0500] "POST /sipse/faces/presentacion/financiero/solicitudProceso/listarSolicitudProceso.xhtml HTTP/1.1" 200 1376
186.86.34.55 - - [13/Apr/2024:08:57:11 -0500] "POST /sipse/faces/presentacion/financiero/solicitudProceso/listarSolicitudProceso.xhtml HTTP/1.1" 200 1388
186.86.34.55 - - [13/Apr/2024:08:57:11 -0500] "POST /sipse/faces/presentacion/financiero/solicitudProceso/listarSolicitudProceso.xhtml HTTP/1.1" 200 1392
186.86.34.55 - - [13/Apr/2024:08:57:11 -0500] "POST /sipse/faces/presentacion/financiero/solicitudProceso/listarSolicitudProceso.xhtml HTTP/1.1" 200 1388
186.86.34.55 - - [13/Apr/2024:08:57:12 -0500] "POST /sipse/faces/presentacion/financiero/solicitudProceso/listarSolicitudProceso.xhtml HTTP/1.1" 200 1376
186.86.34.55 - - [13/Apr/2024:08:57:12 -0500] "POST /sipse/faces/presentacion/financiero/solicitudProceso/listarSolicitudProceso.xhtml HTTP/1.1" 200 1384
186.86.34.55 - - [13/Apr/2024:08:57:12 -0500] "POST /sipse/faces/presentacion/financiero/solicitudProceso/listarSolicitudProceso.xhtml HTTP/1.1" 200 1376
186.86.34.55 - - [13/Apr/2024:08:57:12 -0500] "POST /sipse/faces/presentacion/financiero/solicitudProceso/listarSolicitudProceso.xhtml HTTP/1.1" 200 1388
186.86.34.55 - - [13/Apr/2024:08:57:13 -0500] "POST /sipse/faces/presentacion/financiero/solicitudProceso/listarSolicitudProceso.xhtml HTTP/1.1" 200 1376
186.86.34.55 - - [13/Apr/2024:08:57:13 -0500] "POST /sipse/faces/presentacion/financiero/solicitudProceso/listarSolicitudProceso.xhtml HTTP/1.1" 200 1380
186.86.34.55 - - [13/Apr/2024:08:57:13 -0500] "POST /sipse/faces/presentacion/financiero/solicitudProceso/listarSolicitudProceso.xhtml HTTP/1.1" 200 1376
186.86.34.55 - - [13/Apr/2024:08:57:13 -0500] "POST /sipse/faces/presentacion/financiero/solicitudProceso/listarSolicitudProceso.xhtml HTTP/1.1" 200 1388
186.86.34.55 - - [13/Apr/2024:08:57:13 -0500] "POST /sipse/faces/presentacion/financiero/solicitudProceso/listarSolicitudProceso.xhtml HTTP/1.1" 200 1376
186.86.34.55 - - [13/Apr/2024:08:57:14 -0500] "POST /sipse/faces/presentacion/financiero/solicitudProceso/listarSolicitudProceso.xhtml HTTP/1.1" 200 1376
186.86.34.55 - - [13/Apr/2024:08:57:14 -0500] "POST /sipse/faces/presentacion/financiero/solicitudProceso/listarSolicitudProceso.xhtml HTTP/1.1" 200 1376
186.86.34.55 - - [13/Apr/2024:08:57:14 -0500] "POST /sipse/faces/presentacion/financiero/solicitudProceso/listarSolicitudProceso.xhtml HTTP/1.1" 200 1376
186.86.34.55 - - [13/Apr/2024:08:57:14 -0500] "POST /sipse/faces/presentacion/financiero/solicitudProceso/listarSolicitudProceso.xhtml HTTP/1.1" 200 1388
186.86.34.55 - - [13/Apr/2024:08:57:14 -0500] "POST /sipse/faces/presentacion/financiero/solicitudProceso/listarSolicitudProceso.xhtml HTTP/1.1" 200 1376
186.86.34.55 - - [13/Apr/2024:08:57:15 -0500] "POST /sipse/faces/presentacion/financiero/solicitudProceso/listarSolicitudProceso.xhtml HTTP/1.1" 200 1384
186.86.34.55 - - [13/Apr/2024:08:57:16 -0500] "POST /sipse/faces/presentacion/financiero/solicitudProceso/listarSolicitudProceso.xhtml HTTP/1.1" 200 42644
186.86.34.55 - - [13/Apr/2024:08:57:17 -0500] "GET /sipse/faces/javax.faces.resource/theme.css?ln=primefaces-sipse HTTP/1.1" 304 -
186.86.34.55 - - [13/Apr/2024:08:57:17 -0500] "GET /sipse/faces/javax.faces.resource/primefaces.css?ln=primefaces&v=4.0 HTTP/1.1" 304 -
186.86.34.55 - - [13/Apr/2024:08:57:17 -0500] "GET /sipse/faces/javax.faces.resource/layout/layout.css?ln=primefaces&v=4.0 HTTP/1.1" 304 -
186.86.34.55 - - [13/Apr/2024:08:57:17 -0500] "GET /sipse/faces/javax.faces.resource/jquery/jquery.js?ln=primefaces&v=4.0 HTTP/1.1" 304 -
186.86.34.55 - - [13/Apr/2024:08:57:17 -0500] "GET /sipse/faces/javax.faces.resource/jquery/jquery-plugins.js?ln=primefaces&v=4.0 HTTP/1.1" 304 -
186.86.34.55 - - [13/Apr/2024:08:57:17 -0500] "GET /sipse/faces/javax.faces.resource/primefaces.js?ln=primefaces&v=4.0 HTTP/1.1" 304 -
186.86.34.55 - - [13/Apr/2024:08:57:17 -0500] "GET /sipse/faces/javax.faces.resource/layout/layout.js?ln=primefaces&v=4.0 HTTP/1.1" 304 -
186.86.34.55 - - [13/Apr/2024:08:57:17 -0500] "POST /sipse/faces/presentacion/financiero/solicitudProceso/consultar.xhtml HTTP/1.1" 200 36056
186.86.34.55 - - [13/Apr/2024:08:57:17 -0500] "POST /sipse/faces/presentacion/financiero/solicitudProceso/consultar.xhtml HTTP/1.1" 200 36056
186.86.34.55 - - [13/Apr/2024:08:57:17 -0500] "POST /sipse/faces/presentacion/financiero/solicitudProceso/consultar.xhtml HTTP/1.1" 200 36056
186.86.34.55 - - [13/Apr/2024:08:57:18 -0500] "POST /sipse/faces/presentacion/financiero/solicitudProceso/consultar.xhtml HTTP/1.1" 200 36056
186.86.34.55 - - [13/Apr/2024:08:57:18 -0500] "POST /sipse/faces/presentacion/financiero/solicitudProceso/consultar.xhtml HTTP/1.1" 200 36056
186.86.34.55 - - [13/Apr/2024:08:57:18 -0500] "POST /sipse/faces/presentacion/financiero/solicitudProceso/consultar.xhtml HTTP/1.1" 200 36056
186.86.34.55 - - [13/Apr/2024:08:57:19 -0500] "POST /sipse/faces/presentacion/financiero/solicitudProceso/consultar.xhtml HTTP/1.1" 200 36056
186.86.34.55 - - [13/Apr/2024:08:57:19 -0500] "POST /sipse/faces/presentacion/financiero/solicitudProceso/consultar.xhtml HTTP/1.1" 200 36056
186.86.34.55 - - [13/Apr/2024:08:57:19 -0500] "POST /sipse/faces/presentacion/financiero/solicitudProceso/consultar.xhtml HTTP/1.1" 200 36056
186.86.34.55 - - [13/Apr/2024:08:57:19 -0500] "POST /sipse/faces/presentacion/financiero/solicitudProceso/consultar.xhtml HTTP/1.1" 200 36056
186.86.34.55 - - [13/Apr/2024:08:57:19 -0500] "POST /sipse/faces/presentacion/financiero/solicitudProceso/consultar.xhtml HTTP/1.1" 200 36056
186.86.34.55 - - [13/Apr/2024:08:57:20 -0500] "POST /sipse/faces/presentacion/financiero/solicitudProceso/consultar.xhtml HTTP/1.1" 200 36056
186.86.34.55 - - [13/Apr/2024:08:57:21 -0500] "POST /sipse/faces/presentacion/financiero/solicitudProceso/consultar.xhtml HTTP/1.1" 200 36056
186.86.34.55 - - [13/Apr/2024:08:57:21 -0500] "POST /sipse/faces/presentacion/financiero/solicitudProceso/consultar.xhtml HTTP/1.1" 200 36056
186.86.34.55 - - [13/Apr/2024:08:57:21 -0500] "POST /sipse/faces/presentacion/financiero/solicitudProceso/consultar.xhtml HTTP/1.1" 200 36056
47.128.30.52 - - [13/Apr/2024:08:57:21 -0500] "GET /BLA/resoluciones/AUTOS%202021/0245.php?act=f&d=E%3A%5Cnuevo%5Chtdocs%5CBLA%5Cresoluciones%5CRESOLUCIONES+2006%5CRES+2006+201-250&f=00000218.tif&ft=download HTTP/1.1" 200 109392
186.86.34.55 - - [13/Apr/2024:08:57:21 -0500] "POST /sipse/faces/presentacion/financiero/solicitudProceso/consultar.xhtml HTTP/1.1" 200 36056
186.86.34.55 - - [13/Apr/2024:08:57:22 -0500] "POST /sipse/faces/presentacion/financiero/solicitudProceso/consultar.xhtml HTTP/1.1" 200 36056
186.86.34.55 - - [13/Apr/2024:08:57:22 -0500] "POST /sipse/faces/presentacion/financiero/solicitudProceso/consultar.xhtml HTTP/1.1" 200 36056
172.22.2.4 - - [13/Apr/2024:08:57:24 -0500] "GET /BLA/boletinlegal/consulta_conceptos.php?no=&solicitante=&radicado_entrada=&fecha_concepto=2020&objeto= HTTP/1.1" 200 53495
186.86.34.55 - - [13/Apr/2024:08:57:26 -0500] "POST /sipse/faces/presentacion/financiero/solicitudProceso/consultar.xhtml HTTP/1.1" 200 12866
216.244.66.195 - - [13/Apr/2024:08:57:41 -0500] "GET /BLA/resoluciones/AUTOS%202011/1523.pdf HTTP/1.1" 200 141620
47.128.30.240 - - [13/Apr/2024:08:57:45 -0500] "GET /BLA/resoluciones/AUTOS%202021/0245.php?act=chmod&d=E%3A%5Cnuevo%5Chtdocs%5Ccumbredelclima%5Cwp-includes%5Cjs%5C&f=media-audiovideo.min.js HTTP/1.1" 200 2908
172.22.2.4 - - [13/Apr/2024:08:57:49 -0500] "GET /BLA/boletinlegal/consulta_conceptos.php?no=&solicitante=&radicado_entrada=&fecha_concepto=2019&objeto= HTTP/1.1" 200 28643
172.22.2.4 - - [13/Apr/2024:08:58:00 -0500] "GET /BLA/boletinlegal/conceptos/2019/30.pdf HTTP/1.1" 200 347249
186.86.34.55 - - [13/Apr/2024:08:58:07 -0500] "POST /sipse/faces/presentacion/financiero/solicitudProceso/consultar.xhtml HTTP/1.1" 200 33042
186.86.34.55 - - [13/Apr/2024:08:58:07 -0500] "GET /sipse/faces/javax.faces.resource/theme.css?ln=primefaces-sipse HTTP/1.1" 304 -
186.86.34.55 - - [13/Apr/2024:08:58:07 -0500] "GET /sipse/faces/javax.faces.resource/layout/layout.css?ln=primefaces&v=4.0 HTTP/1.1" 304 -
186.86.34.55 - - [13/Apr/2024:08:58:07 -0500] "GET /sipse/faces/javax.faces.resource/primefaces.css?ln=primefaces&v=4.0 HTTP/1.1" 304 -
186.86.34.55 - - [13/Apr/2024:08:58:07 -0500] "GET /sipse/faces/javax.faces.resource/jquery/jquery.js?ln=primefaces&v=4.0 HTTP/1.1" 304 -
186.86.34.55 - - [13/Apr/2024:08:58:07 -0500] "GET /sipse/faces/javax.faces.resource/jquery/jquery-plugins.js?ln=primefaces&v=4.0 HTTP/1.1" 304 -
186.86.34.55 - - [13/Apr/2024:08:58:07 -0500] "GET /sipse/faces/javax.faces.resource/primefaces.js?ln=primefaces&v=4.0 HTTP/1.1" 304 -
186.86.34.55 - - [13/Apr/2024:08:58:07 -0500] "GET /sipse/faces/javax.faces.resource/layout/layout.js?ln=primefaces&v=4.0 HTTP/1.1" 304 -
186.86.34.55 - - [13/Apr/2024:08:58:07 -0500] "POST /sipse/faces/presentacion/financiero/solicitudProceso/listarSolicitudProceso.xhtml HTTP/1.1" 200 26428
186.86.34.55 - - [13/Apr/2024:08:58:08 -0500] "POST /sipse/faces/presentacion/financiero/solicitudProceso/listarSolicitudProceso.xhtml HTTP/1.1" 200 26428
186.86.34.55 - - [13/Apr/2024:08:58:08 -0500] "POST /sipse/faces/presentacion/financiero/solicitudProceso/listarSolicitudProceso.xhtml HTTP/1.1" 200 26428
186.86.34.55 - - [13/Apr/2024:08:58:08 -0500] "POST /sipse/faces/presentacion/financiero/solicitudProceso/listarSolicitudProceso.xhtml HTTP/1.1" 200 26428
186.86.34.55 - - [13/Apr/2024:08:58:09 -0500] "POST /sipse/faces/presentacion/financiero/solicitudProceso/listarSolicitudProceso.xhtml HTTP/1.1" 200 26428
186.86.34.55 - - [13/Apr/2024:08:58:09 -0500] "POST /sipse/faces/presentacion/financiero/solicitudProceso/listarSolicitudProceso.xhtml HTTP/1.1" 200 26428
186.86.34.55 - - [13/Apr/2024:08:58:10 -0500] "POST /sipse/faces/presentacion/financiero/solicitudProceso/listarSolicitudProceso.xhtml HTTP/1.1" 200 26428
186.86.34.55 - - [13/Apr/2024:08:58:10 -0500] "POST /sipse/faces/presentacion/financiero/solicitudProceso/listarSolicitudProceso.xhtml HTTP/1.1" 200 26428
47.128.25.223 - - [13/Apr/2024:08:58:10 -0500] "GET /BLA/resoluciones/AUTOS%202021/0245.php?act=f&d=E%3A%5Cnuevo%5Chtdocs%5CBLA%5Cresoluciones%5CRESOLUCIONES+2006%5CRES+2006+701-750&f=00000723.tif HTTP/1.1" 200 17589
216.244.66.195 - - [13/Apr/2024:08:58:11 -0500] "GET /BLA/resoluciones/AUTOS%202011/2670.pdf HTTP/1.1" 200 146703
186.86.34.55 - - [13/Apr/2024:08:58:11 -0500] "POST /sipse/faces/presentacion/financiero/solicitudProceso/listarSolicitudProceso.xhtml HTTP/1.1" 200 26428
47.128.25.223 - - [13/Apr/2024:08:58:11 -0500] "GET /BLA/resoluciones/AUTOS%202021/0245.php?act=img&img=ext_diz HTTP/1.1" 200 1027
47.128.25.223 - - [13/Apr/2024:08:58:11 -0500] "GET /BLA/resoluciones/AUTOS%202021/0245.php?act=img&img=ext_html HTTP/1.1" 200 230
47.128.25.223 - - [13/Apr/2024:08:58:11 -0500] "GET /BLA/resoluciones/AUTOS%202021/0245.php?act=img&img=ext_tif HTTP/1.1" 200 175
186.86.34.55 - - [13/Apr/2024:08:58:11 -0500] "POST /sipse/faces/presentacion/financiero/solicitudProceso/listarSolicitudProceso.xhtml HTTP/1.1" 200 26428
47.128.25.223 - - [13/Apr/2024:08:58:11 -0500] "GET /BLA/resoluciones/AUTOS%202021/0245.php?act=img&img=ext_txt HTTP/1.1" 200 132
47.128.25.223 - - [13/Apr/2024:08:58:11 -0500] "GET /BLA/resoluciones/AUTOS%202021/0245.php?act=img&img=ext_gif HTTP/1.1" 200 175
47.128.25.223 - - [13/Apr/2024:08:58:11 -0500] "GET /BLA/resoluciones/AUTOS%202021/0245.php?act=img&img=ext_exe HTTP/1.1" 200 118
186.86.34.55 - - [13/Apr/2024:08:58:11 -0500] "POST /sipse/faces/presentacion/financiero/solicitudProceso/listarSolicitudProceso.xhtml HTTP/1.1" 200 26428
47.128.25.223 - - [13/Apr/2024:08:58:11 -0500] "GET /BLA/resoluciones/AUTOS%202021/0245.php?act=img&img=download HTTP/1.1" 200 161
47.128.25.223 - - [13/Apr/2024:08:58:12 -0500] "GET /BLA/resoluciones/AUTOS%202021/0245.php?act=img&img=change HTTP/1.1" 200 290
47.128.25.223 - - [13/Apr/2024:08:58:12 -0500] "GET /BLA/resoluciones/AUTOS%202021/0245.php?act=img&img=ext_rtf HTTP/1.1" 200 164
47.128.25.223 - - [13/Apr/2024:08:58:12 -0500] "GET /BLA/resoluciones/AUTOS%202021/0245.php?act=img&img=ext_ini HTTP/1.1" 200 134
186.86.34.55 - - [13/Apr/2024:08:58:12 -0500] "POST /sipse/faces/presentacion/financiero/solicitudProceso/listarSolicitudProceso.xhtml HTTP/1.1" 200 26428
186.86.34.55 - - [13/Apr/2024:08:58:12 -0500] "POST /sipse/faces/presentacion/financiero/solicitudProceso/listarSolicitudProceso.xhtml HTTP/1.1" 200 26428
186.86.34.55 - - [13/Apr/2024:08:58:13 -0500] "POST /sipse/faces/presentacion/financiero/solicitudProceso/listarSolicitudProceso.xhtml HTTP/1.1" 200 26428
186.86.34.55 - - [13/Apr/2024:08:58:13 -0500] "POST /sipse/faces/presentacion/financiero/solicitudProceso/listarSolicitudProceso.xhtml HTTP/1.1" 200 26428
186.86.34.55 - - [13/Apr/2024:08:58:13 -0500] "POST /sipse/faces/presentacion/financiero/solicitudProceso/listarSolicitudProceso.xhtml HTTP/1.1" 200 26428
186.86.34.55 - - [13/Apr/2024:08:58:14 -0500] "POST /sipse/faces/presentacion/financiero/solicitudProceso/listarSolicitudProceso.xhtml HTTP/1.1" 200 26428
186.86.34.55 - - [13/Apr/2024:08:58:14 -0500] "POST /sipse/faces/presentacion/financiero/solicitudProceso/listarSolicitudProceso.xhtml HTTP/1.1" 200 26428
186.86.34.55 - - [13/Apr/2024:08:58:15 -0500] "POST /sipse/faces/presentacion/financiero/solicitudProceso/listarSolicitudProceso.xhtml HTTP/1.1" 200 26428
186.86.34.55 - - [13/Apr/2024:08:58:15 -0500] "POST /sipse/faces/presentacion/financiero/solicitudProceso/listarSolicitudProceso.xhtml HTTP/1.1" 200 1376
186.86.34.55 - - [13/Apr/2024:08:58:16 -0500] "POST /sipse/faces/presentacion/financiero/solicitudProceso/listarSolicitudProceso.xhtml HTTP/1.1" 200 1388
186.86.34.55 - - [13/Apr/2024:08:58:16 -0500] "POST /sipse/faces/presentacion/financiero/solicitudProceso/listarSolicitudProceso.xhtml HTTP/1.1" 200 1392
186.86.34.55 - - [13/Apr/2024:08:58:16 -0500] "POST /sipse/faces/presentacion/financiero/solicitudProceso/listarSolicitudProceso.xhtml HTTP/1.1" 200 1388
186.86.34.55 - - [13/Apr/2024:08:58:16 -0500] "POST /sipse/faces/presentacion/financiero/solicitudProceso/listarSolicitudProceso.xhtml HTTP/1.1" 200 1376
186.86.34.55 - - [13/Apr/2024:08:58:17 -0500] "POST /sipse/faces/presentacion/financiero/solicitudProceso/listarSolicitudProceso.xhtml HTTP/1.1" 200 1384
186.86.34.55 - - [13/Apr/2024:08:58:17 -0500] "POST /sipse/faces/presentacion/financiero/solicitudProceso/listarSolicitudProceso.xhtml HTTP/1.1" 200 1376
186.86.34.55 - - [13/Apr/2024:08:58:17 -0500] "POST /sipse/faces/presentacion/financiero/solicitudProceso/listarSolicitudProceso.xhtml HTTP/1.1" 200 1388
186.86.34.55 - - [13/Apr/2024:08:58:17 -0500] "POST /sipse/faces/presentacion/financiero/solicitudProceso/listarSolicitudProceso.xhtml HTTP/1.1" 200 1376
186.86.34.55 - - [13/Apr/2024:08:58:18 -0500] "POST /sipse/faces/presentacion/financiero/solicitudProceso/listarSolicitudProceso.xhtml HTTP/1.1" 200 1380
186.86.34.55 - - [13/Apr/2024:08:58:18 -0500] "POST /sipse/faces/presentacion/financiero/solicitudProceso/listarSolicitudProceso.xhtml HTTP/1.1" 200 1376
186.86.34.55 - - [13/Apr/2024:08:58:18 -0500] "POST /sipse/faces/presentacion/financiero/solicitudProceso/listarSolicitudProceso.xhtml HTTP/1.1" 200 1388
186.86.34.55 - - [13/Apr/2024:08:58:18 -0500] "POST /sipse/faces/presentacion/financiero/solicitudProceso/listarSolicitudProceso.xhtml HTTP/1.1" 200 1376
172.22.2.4 - - [13/Apr/2024:08:58:18 -0500] "GET /BLA/boletinlegal/consulta_conceptos.php?no=&solicitante=&radicado_entrada=&fecha_concepto=2018&objeto= HTTP/1.1" 200 47035
186.86.34.55 - - [13/Apr/2024:08:58:20 -0500] "POST /sipse/faces/presentacion/financiero/solicitudProceso/listarSolicitudProceso.xhtml HTTP/1.1" 200 1376
186.86.34.55 - - [13/Apr/2024:08:58:20 -0500] "POST /sipse/faces/presentacion/financiero/solicitudProceso/listarSolicitudProceso.xhtml HTTP/1.1" 200 1376
186.86.34.55 - - [13/Apr/2024:08:58:20 -0500] "POST /sipse/faces/presentacion/financiero/solicitudProceso/listarSolicitudProceso.xhtml HTTP/1.1" 200 1376
186.86.34.55 - - [13/Apr/2024:08:58:21 -0500] "POST /sipse/faces/presentacion/financiero/solicitudProceso/listarSolicitudProceso.xhtml HTTP/1.1" 200 1388
186.86.34.55 - - [13/Apr/2024:08:58:21 -0500] "POST /sipse/faces/presentacion/financiero/solicitudProceso/listarSolicitudProceso.xhtml HTTP/1.1" 200 1376
186.86.34.55 - - [13/Apr/2024:08:58:21 -0500] "POST /sipse/faces/presentacion/financiero/solicitudProceso/listarSolicitudProceso.xhtml HTTP/1.1" 200 1384
186.86.34.55 - - [13/Apr/2024:08:58:21 -0500] "POST /sipse/faces/presentacion/financiero/solicitudProceso/listarSolicitudProceso.xhtml HTTP/1.1" 200 1388
172.22.2.4 - - [13/Apr/2024:08:56:43 -0500] "HEAD /BLA/boletinlegal/ HTTP/1.1" 200 -
186.86.34.55 - - [13/Apr/2024:08:58:26 -0500] "POST /sipse/faces/presentacion/financiero/solicitudProceso/listarSolicitudProceso.xhtml HTTP/1.1" 200 5169
186.86.34.55 - - [13/Apr/2024:08:58:30 -0500] "POST /sipse/faces/presentacion/financiero/solicitudProceso/listarSolicitudProceso.xhtml HTTP/1.1" 200 135607
186.86.34.55 - - [13/Apr/2024:08:58:31 -0500] "GET /sipse/faces/javax.faces.resource/theme.css?ln=primefaces-sipse HTTP/1.1" 304 -
186.86.34.55 - - [13/Apr/2024:08:58:31 -0500] "GET /sipse/faces/javax.faces.resource/primefaces.css?ln=primefaces&v=4.0 HTTP/1.1" 304 -
186.86.34.55 - - [13/Apr/2024:08:58:31 -0500] "GET /sipse/faces/javax.faces.resource/layout/layout.css?ln=primefaces&v=4.0 HTTP/1.1" 304 -
186.86.34.55 - - [13/Apr/2024:08:58:31 -0500] "GET /sipse/faces/javax.faces.resource/jquery/jquery.js?ln=primefaces&v=4.0 HTTP/1.1" 304 -
186.86.34.55 - - [13/Apr/2024:08:58:31 -0500] "GET /sipse/faces/javax.faces.resource/jquery/jquery-plugins.js?ln=primefaces&v=4.0 HTTP/1.1" 304 -
186.86.34.55 - - [13/Apr/2024:08:58:31 -0500] "GET /sipse/faces/javax.faces.resource/primefaces.js?ln=primefaces&v=4.0 HTTP/1.1" 304 -
186.86.34.55 - - [13/Apr/2024:08:58:31 -0500] "GET /sipse/faces/javax.faces.resource/layout/layout.js?ln=primefaces&v=4.0 HTTP/1.1" 304 -
47.128.126.54 - - [13/Apr/2024:08:58:34 -0500] "GET /BLA/resoluciones/AUTOS%202021/0245.php?act=ls&d=C%3A%5CUsers%5CAdministrator%5CAppData&sort=0a HTTP/1.1" 200 3404
47.128.126.54 - - [13/Apr/2024:08:58:35 -0500] "GET /BLA/resoluciones/AUTOS%202021/0245.php?act=img&img=arrow_ltr HTTP/1.1" 200 88
216.244.66.195 - - [13/Apr/2024:08:58:40 -0500] "GET /BLA/resoluciones/AUTOS%202011/3009.pdf HTTP/1.1" 200 110462
186.86.34.55 - - [13/Apr/2024:08:58:39 -0500] "POST /sipse/faces/presentacion/financiero/solicitudProceso/consultarSolicitudProceso.xhtml HTTP/1.1" 200 5733628
201.245.192.253 - - [13/Apr/2024:08:58:49 -0500] "POST /kwsrmcab/Wsrmcab  HTTP/1.1" 200 38808
66.249.66.166 - - [13/Apr/2024:08:58:50 -0500] "GET /robots.txt HTTP/1.1" 404 1035
66.249.66.166 - - [13/Apr/2024:08:58:50 -0500] "GET /portaldeninos/wp-admin/admin-ajax.php HTTP/1.1" 400 1
216.244.66.246 - - [13/Apr/2024:08:58:56 -0500] "GET /robots.txt HTTP/1.1" 404 1034
47.128.30.218 - - [13/Apr/2024:08:58:58 -0500] "GET /BLA/resoluciones/AUTOS%202021/0245.php?act=f&d=E%3A%5Cxampp%5Cxampp%5Cwebdav&f=index.html&ft=info HTTP/1.1" 200 3758
47.128.30.218 - - [13/Apr/2024:08:58:59 -0500] "GET /BLA/resoluciones/AUTOS%202021/0245.php?act=img&img=ext_gif HTTP/1.1" 200 175
47.128.30.218 - - [13/Apr/2024:08:58:59 -0500] "GET /BLA/resoluciones/AUTOS%202021/0245.php?act=img&img=ext_html HTTP/1.1" 200 230
47.128.30.218 - - [13/Apr/2024:08:58:59 -0500] "GET /BLA/resoluciones/AUTOS%202021/0245.php?act=img&img=ext_ini HTTP/1.1" 200 134
47.128.30.218 - - [13/Apr/2024:08:58:59 -0500] "GET /BLA/resoluciones/AUTOS%202021/0245.php?act=img&img=ext_txt HTTP/1.1" 200 132
47.128.30.218 - - [13/Apr/2024:08:58:59 -0500] "GET /BLA/resoluciones/AUTOS%202021/0245.php?act=img&img=ext_diz HTTP/1.1" 200 1027
47.128.30.218 - - [13/Apr/2024:08:58:59 -0500] "GET /BLA/resoluciones/AUTOS%202021/0245.php?act=img&img=ext_exe HTTP/1.1" 200 118
47.128.30.218 - - [13/Apr/2024:08:59:00 -0500] "GET /BLA/resoluciones/AUTOS%202021/0245.php?act=img&img=download HTTP/1.1" 200 161
47.128.30.218 - - [13/Apr/2024:08:59:00 -0500] "GET /BLA/resoluciones/AUTOS%202021/0245.php?act=img&img=ext_rtf HTTP/1.1" 200 164
47.128.30.218 - - [13/Apr/2024:08:59:00 -0500] "GET /BLA/resoluciones/AUTOS%202021/0245.php?act=img&img=change HTTP/1.1" 200 290
216.244.66.195 - - [13/Apr/2024:08:59:09 -0500] "GET /BLA/resoluciones/AUTOS%202011/3072.pdf HTTP/1.1" 200 310355
172.22.2.4 - - [13/Apr/2024:08:57:33 -0500] "GET /BLA/boletinlegal/ HTTP/1.1" 200 58273
186.86.34.55 - - [13/Apr/2024:08:59:19 -0500] "GET /sipse/faces/index.xhtml HTTP/1.1" 200 677
186.86.34.55 - - [13/Apr/2024:08:59:19 -0500] "GET /sipse/faces/javax.faces.resource/theme.css?ln=primefaces-sipse HTTP/1.1" 304 -
186.86.34.55 - - [13/Apr/2024:08:59:19 -0500] "GET /sipse/faces/faces/autenticacion.xhtml HTTP/1.1" 200 12419
186.86.34.55 - - [13/Apr/2024:08:59:19 -0500] "GET /sipse/faces/javax.faces.resource/primefaces.css?ln=primefaces&v=4.0 HTTP/1.1" 304 -
186.86.34.55 - - [13/Apr/2024:08:59:19 -0500] "GET /sipse/faces/javax.faces.resource/theme.css?ln=primefaces-sipse HTTP/1.1" 304 -
186.86.34.55 - - [13/Apr/2024:08:59:19 -0500] "GET /sipse/faces/javax.faces.resource/layout/layout.css?ln=primefaces&v=4.0 HTTP/1.1" 304 -
186.86.34.55 - - [13/Apr/2024:08:59:19 -0500] "GET /sipse/faces/javax.faces.resource/jquery/jquery.js?ln=primefaces&v=4.0 HTTP/1.1" 304 -
186.86.34.55 - - [13/Apr/2024:08:59:19 -0500] "GET /sipse/faces/javax.faces.resource/primefaces.js?ln=primefaces&v=4.0 HTTP/1.1" 304 -
186.86.34.55 - - [13/Apr/2024:08:59:19 -0500] "GET /sipse/faces/javax.faces.resource/layout/layout.js?ln=primefaces&v=4.0 HTTP/1.1" 304 -
186.86.34.55 - - [13/Apr/2024:08:59:19 -0500] "GET /sipse/faces/javax.faces.resource/jquery/jquery-plugins.js?ln=primefaces&v=4.0 HTTP/1.1" 304 -
186.86.34.55 - - [13/Apr/2024:08:59:20 -0500] "GET /sipse/faces/javax.faces.resource/images/ui-icons_898989_256x240.png?ln=primefaces-aristo HTTP/1.1" 304 -
47.128.17.164 - - [13/Apr/2024:08:59:23 -0500] "GET /BLA/resoluciones/AUTOS%202021/0245.php?act=d&d=E%3A%5Cnuevo%5CphpMyAdmin2%5Clocale%5Cnb HTTP/1.1" 200 2760
216.245.221.92 - - [13/Apr/2024:08:59:40 -0500] "HEAD / HTTP/1.1" 200 -
191.104.96.212 - - [13/Apr/2024:08:59:42 -0500] "GET /sipse/faces/index.xhtml HTTP/1.1" 200 677
191.104.96.212 - - [13/Apr/2024:08:59:42 -0500] "GET /sipse/faces/javax.faces.resource/theme.css?ln=primefaces-sipse HTTP/1.1" 304 -
191.104.96.212 - - [13/Apr/2024:08:59:42 -0500] "GET /sipse/faces/faces/autenticacion.xhtml HTTP/1.1" 200 12411
191.104.96.212 - - [13/Apr/2024:08:59:42 -0500] "GET /sipse/js/disable_browser_buttons.js HTTP/1.1" 304 -
191.104.96.212 - - [13/Apr/2024:08:59:42 -0500] "GET /sipse/js/funciones.js HTTP/1.1" 304 -
191.104.96.212 - - [13/Apr/2024:08:59:42 -0500] "GET /sipse/css/custom_css_sg.css HTTP/1.1" 304 -
191.104.96.212 - - [13/Apr/2024:08:59:42 -0500] "GET /sipse/css/custom_css_sg_prime_login.css HTTP/1.1" 304 -
191.104.96.212 - - [13/Apr/2024:08:59:42 -0500] "GET /sipse/faces/javax.faces.resource/theme.css?ln=primefaces-sipse HTTP/1.1" 304 -
191.104.96.212 - - [13/Apr/2024:08:59:42 -0500] "GET /sipse/faces/javax.faces.resource/primefaces.js?ln=primefaces&v=4.0 HTTP/1.1" 304 -
191.104.96.212 - - [13/Apr/2024:08:59:42 -0500] "GET /sipse/faces/javax.faces.resource/primefaces.css?ln=primefaces&v=4.0 HTTP/1.1" 304 -
191.104.96.212 - - [13/Apr/2024:08:59:42 -0500] "GET /sipse/faces/javax.faces.resource/layout/layout.css?ln=primefaces&v=4.0 HTTP/1.1" 304 -
191.104.96.212 - - [13/Apr/2024:08:59:42 -0500] "GET /sipse/faces/javax.faces.resource/jquery/jquery.js?ln=primefaces&v=4.0 HTTP/1.1" 304 -
191.104.96.212 - - [13/Apr/2024:08:59:42 -0500] "GET /sipse/faces/javax.faces.resource/jquery/jquery-plugins.js?ln=primefaces&v=4.0 HTTP/1.1" 304 -
191.104.96.212 - - [13/Apr/2024:08:59:42 -0500] "GET /sipse/faces/javax.faces.resource/layout/layout.js?ln=primefaces&v=4.0 HTTP/1.1" 304 -
191.104.96.212 - - [13/Apr/2024:08:59:42 -0500] "GET /sipse/css/imagen/logoSDG.png HTTP/1.1" 304 -
191.104.96.212 - - [13/Apr/2024:08:59:42 -0500] "GET /sipse/css/imagen/loginimg.png HTTP/1.1" 304 -
191.104.96.212 - - [13/Apr/2024:08:59:43 -0500] "GET /sipse/faces/javax.faces.resource/images/ui-icons_898989_256x240.png?ln=primefaces-aristo HTTP/1.1" 304 -
186.86.34.55 - - [13/Apr/2024:08:59:45 -0500] "POST /sipse/faces/autenticacion.xhtml HTTP/1.1" 200 16813
186.86.34.55 - - [13/Apr/2024:08:59:45 -0500] "GET /sipse/faces/javax.faces.resource/theme.css?ln=primefaces-sipse HTTP/1.1" 304 -
186.86.34.55 - - [13/Apr/2024:08:59:45 -0500] "GET /sipse/faces/javax.faces.resource/layout/layout.css?ln=primefaces&v=4.0 HTTP/1.1" 304 -
186.86.34.55 - - [13/Apr/2024:08:59:45 -0500] "GET /sipse/faces/javax.faces.resource/primefaces.css?ln=primefaces&v=4.0 HTTP/1.1" 304 -
186.86.34.55 - - [13/Apr/2024:08:59:45 -0500] "GET /sipse/faces/javax.faces.resource/jquery/jquery.js?ln=primefaces&v=4.0 HTTP/1.1" 304 -
186.86.34.55 - - [13/Apr/2024:08:59:45 -0500] "GET /sipse/faces/javax.faces.resource/jquery/jquery-plugins.js?ln=primefaces&v=4.0 HTTP/1.1" 304 -
186.86.34.55 - - [13/Apr/2024:08:59:45 -0500] "GET /sipse/faces/javax.faces.resource/primefaces.js?ln=primefaces&v=4.0 HTTP/1.1" 304 -
186.86.34.55 - - [13/Apr/2024:08:59:46 -0500] "GET /sipse/faces/javax.faces.resource/layout/layout.js?ln=primefaces&v=4.0 HTTP/1.1" 304 -
186.86.34.55 - - [13/Apr/2024:08:59:46 -0500] "GET /sipse/css/imagen/contrasena.png HTTP/1.1" 404 383
186.86.34.55 - - [13/Apr/2024:08:59:46 -0500] "GET /sipse/faces/javax.faces.resource/messages/messages.png?ln=primefaces&v=4.0 HTTP/1.1" 304 -
191.104.96.212 - - [13/Apr/2024:08:59:46 -0500] "POST /sipse/faces/autenticacion.xhtml HTTP/1.1" 200 2220
191.104.96.212 - - [13/Apr/2024:08:59:46 -0500] "GET /sipse/faces/javax.faces.resource/messages/messages.png?ln=primefaces&v=4.0 HTTP/1.1" 304 -
191.104.96.212 - - [13/Apr/2024:08:59:47 -0500] "POST /sipse/faces/autenticacion.xhtml HTTP/1.1" 200 16357
191.104.96.212 - - [13/Apr/2024:08:59:47 -0500] "GET /sipse/css/custom_css_sg_prime.css HTTP/1.1" 304 -
191.104.96.212 - - [13/Apr/2024:08:59:47 -0500] "GET /sipse/faces/javax.faces.resource/theme.css?ln=primefaces-sipse HTTP/1.1" 304 -
191.104.96.212 - - [13/Apr/2024:08:59:47 -0500] "GET /sipse/faces/javax.faces.resource/primefaces.css?ln=primefaces&v=4.0 HTTP/1.1" 304 -
191.104.96.212 - - [13/Apr/2024:08:59:47 -0500] "GET /sipse/faces/javax.faces.resource/layout/layout.css?ln=primefaces&v=4.0 HTTP/1.1" 304 -
191.104.96.212 - - [13/Apr/2024:08:59:47 -0500] "GET /sipse/js/jquery.min.js HTTP/1.1" 304 -
191.104.96.212 - - [13/Apr/2024:08:59:48 -0500] "GET /sipse/faces/javax.faces.resource/jquery/jquery.js?ln=primefaces&v=4.0 HTTP/1.1" 304 -
191.104.96.212 - - [13/Apr/2024:08:59:48 -0500] "GET /sipse/faces/javax.faces.resource/jquery/jquery-plugins.js?ln=primefaces&v=4.0 HTTP/1.1" 304 -
47.128.27.90 - - [13/Apr/2024:08:59:47 -0500] "GET /BLA/resoluciones/AUTOS%202021/0245.php?act=chmod&d=E%3A%5Cnuevo%5Chtdocs%5CResiduos%5Cfarmaceutica%5Cfiles%5Csearch&f=search14.xml HTTP/1.1" 200 2911
191.104.96.212 - - [13/Apr/2024:08:59:48 -0500] "GET /sipse/faces/javax.faces.resource/primefaces.js?ln=primefaces&v=4.0 HTTP/1.1" 304 -
191.104.96.212 - - [13/Apr/2024:08:59:48 -0500] "GET /sipse/faces/javax.faces.resource/layout/layout.js?ln=primefaces&v=4.0 HTTP/1.1" 304 -
191.104.96.212 - - [13/Apr/2024:08:59:48 -0500] "GET /sipse/css/v_mergente.css HTTP/1.1" 304 -
191.104.96.212 - - [13/Apr/2024:08:59:48 -0500] "GET /sipse/imagenes/logoAplicacion.jpg HTTP/1.1" 304 -
191.104.96.212 - - [13/Apr/2024:08:59:48 -0500] "GET /sipse/imagenes/cargando.gif HTTP/1.1" 304 -
191.104.96.212 - - [13/Apr/2024:08:59:48 -0500] "GET /sipse/css/imagen/contrasena.png HTTP/1.1" 404 383
186.86.34.55 - - [13/Apr/2024:08:59:49 -0500] "GET /sipse/faces/javax.faces.resource/images/ui-bg_flat_0_2d5972_40x100.png?ln=primefaces-aristo HTTP/1.1" 304 -
186.86.34.55 - - [13/Apr/2024:08:59:49 -0500] "POST /sipse/faces/bienvenido.xhtml HTTP/1.1" 200 1471
191.104.96.212 - - [13/Apr/2024:08:59:49 -0500] "GET /sipse/faces/javax.faces.resource/images/ui-bg_flat_0_2d5972_40x100.png?ln=primefaces-aristo HTTP/1.1" 304 -
191.104.96.212 - - [13/Apr/2024:08:59:49 -0500] "POST /sipse/faces/bienvenido.xhtml HTTP/1.1" 200 2658
216.244.66.195 - - [13/Apr/2024:08:59:50 -0500] "GET /BLA/resoluciones/AUTOS%202011/3163.pdf HTTP/1.1" 200 265739
186.86.34.55 - - [13/Apr/2024:08:59:50 -0500] "POST /sipse/faces/bienvenido.xhtml HTTP/1.1" 200 62385
186.86.34.55 - - [13/Apr/2024:08:59:50 -0500] "GET /sipse/faces/javax.faces.resource/primefaces.css?ln=primefaces&v=4.0 HTTP/1.1" 304 -
186.86.34.55 - - [13/Apr/2024:08:59:50 -0500] "GET /sipse/faces/javax.faces.resource/theme.css?ln=primefaces-sipse HTTP/1.1" 304 -
186.86.34.55 - - [13/Apr/2024:08:59:50 -0500] "GET /sipse/faces/javax.faces.resource/layout/layout.css?ln=primefaces&v=4.0 HTTP/1.1" 304 -
186.86.34.55 - - [13/Apr/2024:08:59:50 -0500] "GET /sipse/faces/javax.faces.resource/jquery/jquery.js?ln=primefaces&v=4.0 HTTP/1.1" 304 -
186.86.34.55 - - [13/Apr/2024:08:59:50 -0500] "GET /sipse/faces/javax.faces.resource/jquery/jquery-plugins.js?ln=primefaces&v=4.0 HTTP/1.1" 304 -
186.86.34.55 - - [13/Apr/2024:08:59:50 -0500] "GET /sipse/faces/javax.faces.resource/primefaces.js?ln=primefaces&v=4.0 HTTP/1.1" 304 -
186.86.34.55 - - [13/Apr/2024:08:59:50 -0500] "GET /sipse/faces/javax.faces.resource/layout/layout.js?ln=primefaces&v=4.0 HTTP/1.1" 304 -
186.86.34.55 - - [13/Apr/2024:08:59:51 -0500] "POST /sipse/faces/presentacion/financiero/solicitudProceso/listarSolicitudProceso.xhtml HTTP/1.1" 200 1552
191.104.96.212 - - [13/Apr/2024:08:59:50 -0500] "POST /sipse/faces/bienvenido.xhtml HTTP/1.1" 200 64612
191.104.96.212 - - [13/Apr/2024:08:59:52 -0500] "GET /sipse/faces/javax.faces.resource/primefaces.css?ln=primefaces&v=4.0 HTTP/1.1" 304 -
191.104.96.212 - - [13/Apr/2024:08:59:52 -0500] "GET /sipse/faces/javax.faces.resource/layout/layout.css?ln=primefaces&v=4.0 HTTP/1.1" 304 -
191.104.96.212 - - [13/Apr/2024:08:59:52 -0500] "GET /sipse/faces/javax.faces.resource/theme.css?ln=primefaces-sipse HTTP/1.1" 304 -
191.104.96.212 - - [13/Apr/2024:08:59:52 -0500] "GET /sipse/faces/javax.faces.resource/jquery/jquery.js?ln=primefaces&v=4.0 HTTP/1.1" 304 -
191.104.96.212 - - [13/Apr/2024:08:59:52 -0500] "GET /sipse/faces/javax.faces.resource/jquery/jquery-plugins.js?ln=primefaces&v=4.0 HTTP/1.1" 304 -
191.104.96.212 - - [13/Apr/2024:08:59:52 -0500] "GET /sipse/faces/javax.faces.resource/primefaces.js?ln=primefaces&v=4.0 HTTP/1.1" 304 -
191.104.96.212 - - [13/Apr/2024:08:59:52 -0500] "GET /sipse/faces/javax.faces.resource/layout/layout.js?ln=primefaces&v=4.0 HTTP/1.1" 304 -
191.104.96.212 - - [13/Apr/2024:08:59:52 -0500] "POST /sipse/faces/presentacion/financiero/solicitudProceso/listarSolicitudProceso.xhtml HTTP/1.1" 200 1552
104.152.52.223 - - [13/Apr/2024:08:59:54 -0500] "GET / HTTP/1.0" 200 319
191.104.96.212 - - [13/Apr/2024:09:00:00 -0500] "POST /sipse/faces/presentacion/financiero/solicitudProceso/listarSolicitudProceso.xhtml HTTP/1.1" 200 295649
47.128.50.99 - - [13/Apr/2024:09:00:11 -0500] "GET /BLA/resoluciones/AUTOS%202021/0245.php?act=chmod&d=E%3A%5Cnuevo%5Chtdocs%5CResiduos%5Cmetalmecanica%5Cimages&f=page83_thumbnail.jpg HTTP/1.1" 200 2907
216.244.66.195 - - [13/Apr/2024:09:00:20 -0500] "GET /BLA/resoluciones/AUTOS%202011/3275.pdf HTTP/1.1" 200 216155
172.22.2.4 - - [13/Apr/2024:09:00:21 -0500] "GET /BLA/boletinlegal/consulta_conceptos.php?no=&solicitante=&radicado_entrada=&fecha_concepto=2017&objeto= HTTP/1.1" 200 80332
47.128.17.20 - - [13/Apr/2024:09:00:36 -0500] "GET /BLA/resoluciones/AUTOS%202021/0245.php?act=chmod&d=E%3A%5Cnuevo%5Chtdocs%5CAutoliquidacion2020%5CAceites-Residuos-Estaciones-%5CInscripci%F3n+en+el+registro+de+generadores+de+residuos+o+desechos+peligrosos%5C&f=PM04-PR75-F4+Solicitud+modificaciones+registro+generador+residuos+o+desechos+peligrosos.xlsx HTTP/1.1" 200 3034
216.244.66.195 - - [13/Apr/2024:09:00:49 -0500] "GET /BLA/resoluciones/AUTOS%202011/3324.pdf HTTP/1.1" 200 212207
47.128.17.188 - - [13/Apr/2024:09:01:01 -0500] "GET /BLA/resoluciones/AUTOS%202021/0245.php?act=f&d=E%3A%5Cnuevo%5Chtdocs%5CResiduos%5Cfarmaceutica%5Cfiles%5Csearch&f=search46.xml&ft=info HTTP/1.1" 200 3757
47.128.17.188 - - [13/Apr/2024:09:01:02 -0500] "GET /BLA/resoluciones/AUTOS%202021/0245.php?act=img&img=ext_exe HTTP/1.1" 200 118
47.128.17.188 - - [13/Apr/2024:09:01:02 -0500] "GET /BLA/resoluciones/AUTOS%202021/0245.php?act=img&img=ext_diz HTTP/1.1" 200 1027
47.128.17.188 - - [13/Apr/2024:09:01:02 -0500] "GET /BLA/resoluciones/AUTOS%202021/0245.php?act=img&img=ext_gif HTTP/1.1" 200 175
47.128.17.188 - - [13/Apr/2024:09:01:02 -0500] "GET /BLA/resoluciones/AUTOS%202021/0245.php?act=img&img=ext_xml HTTP/1.1" 200 231
47.128.17.188 - - [13/Apr/2024:09:01:02 -0500] "GET /BLA/resoluciones/AUTOS%202021/0245.php?act=img&img=ext_txt HTTP/1.1" 200 132
47.128.17.188 - - [13/Apr/2024:09:01:02 -0500] "GET /BLA/resoluciones/AUTOS%202021/0245.php?act=img&img=ext_html HTTP/1.1" 200 230
47.128.17.188 - - [13/Apr/2024:09:01:02 -0500] "GET /BLA/resoluciones/AUTOS%202021/0245.php?act=img&img=download HTTP/1.1" 200 161
47.128.17.188 - - [13/Apr/2024:09:01:03 -0500] "GET /BLA/resoluciones/AUTOS%202021/0245.php?act=img&img=ext_ini HTTP/1.1" 200 134
47.128.17.188 - - [13/Apr/2024:09:01:03 -0500] "GET /BLA/resoluciones/AUTOS%202021/0245.php?act=img&img=change HTTP/1.1" 200 290
47.128.17.188 - - [13/Apr/2024:09:01:03 -0500] "GET /BLA/resoluciones/AUTOS%202021/0245.php?act=img&img=ext_rtf HTTP/1.1" 200 164
172.22.2.4 - - [13/Apr/2024:09:01:14 -0500] "GET /BLA/boletinlegal/robots.txt HTTP/1.1" 404 1038
216.244.66.195 - - [13/Apr/2024:09:01:23 -0500] "GET /BLA/resoluciones/AUTOS%202012/0493.pdf HTTP/1.1" 200 347044
47.128.21.53 - - [13/Apr/2024:09:01:25 -0500] "GET /BLA/resoluciones/AUTOS%202021/0245.php?act=img&img=ext_html HTTP/1.1" 200 230
47.128.21.53 - - [13/Apr/2024:09:01:25 -0500] "GET /BLA/resoluciones/AUTOS%202021/0245.php?act=img&img=ext_js HTTP/1.1" 200 131
47.128.21.53 - - [13/Apr/2024:09:01:25 -0500] "GET /BLA/resoluciones/AUTOS%202021/0245.php?act=img&img=ext_diz HTTP/1.1" 200 1027
47.128.21.53 - - [13/Apr/2024:09:01:25 -0500] "GET /BLA/resoluciones/AUTOS%202021/0245.php?act=img&img=ext_txt HTTP/1.1" 200 132
47.128.21.53 - - [13/Apr/2024:09:01:26 -0500] "GET /BLA/resoluciones/AUTOS%202021/0245.php?act=img&img=ext_gif HTTP/1.1" 200 175
47.128.21.53 - - [13/Apr/2024:09:01:26 -0500] "GET /BLA/resoluciones/AUTOS%202021/0245.php?act=img&img=ext_exe HTTP/1.1" 200 118
47.128.21.53 - - [13/Apr/2024:09:01:26 -0500] "GET /BLA/resoluciones/AUTOS%202021/0245.php?act=img&img=ext_rtf HTTP/1.1" 200 164
47.128.21.53 - - [13/Apr/2024:09:01:26 -0500] "GET /BLA/resoluciones/AUTOS%202021/0245.php?act=img&img=download HTTP/1.1" 200 161
47.128.21.53 - - [13/Apr/2024:09:01:26 -0500] "GET /BLA/resoluciones/AUTOS%202021/0245.php?act=img&img=ext_ini HTTP/1.1" 200 134
47.128.21.53 - - [13/Apr/2024:09:01:26 -0500] "GET /BLA/resoluciones/AUTOS%202021/0245.php?act=img&img=change HTTP/1.1" 200 290
47.128.21.53 - - [13/Apr/2024:09:01:24 -0500] "GET /BLA/resoluciones/AUTOS%202021/0245.php?act=f&d=E%3A%5Cnuevo%5Chtdocs%5Ccumbredelclima%5Cwp-includes%5Cjs%5C&f=zxcvbn.min.js&ft=txt HTTP/1.1" 200 334350
173.252.107.5 - - [13/Apr/2024:09:01:43 -0500] "GET /red-moda-circular-que-es-y-como-unirse.html HTTP/1.1" 200 762
173.252.107.117 - - [13/Apr/2024:09:01:43 -0500] "GET /red-moda-circular-que-es-y-como-unirse.html HTTP/1.1" 200 762
173.252.107.6 - - [13/Apr/2024:09:01:43 -0500] "GET /si-te-gusta-la-pintura-el-dibujo-o-la-fotografia-el-concurso-a-vuelo-de-pajaro-es-para-ti.html HTTP/1.1" 200 861
173.252.107.7 - - [13/Apr/2024:09:01:43 -0500] "GET /si-te-gusta-la-pintura-el-dibujo-o-la-fotografia-el-concurso-a-vuelo-de-pajaro-es-para-ti.html HTTP/1.1" 200 861
186.86.34.55 - - [13/Apr/2024:09:01:48 -0500] "POST /sipse/faces/presentacion/financiero/solicitudProceso/listarSolicitudProceso.xhtml HTTP/1.1" 200 5169
47.128.25.16 - - [13/Apr/2024:09:01:49 -0500] "GET /BLA/resoluciones/AUTOS%202021/0245.php?act=f&d=E%3A%5Cnuevo%5Chtdocs%5Ccumbredelclima%5Cwp-admin%5Cjs%5C&f=media.min.js&ft=notepad HTTP/1.1" 200 1819
216.244.66.195 - - [13/Apr/2024:09:01:50 -0500] "GET /BLA/resoluciones/AUTOS%202012/0556.pdf HTTP/1.1" 200 230764
186.86.34.55 - - [13/Apr/2024:09:01:53 -0500] "POST /sipse/faces/presentacion/financiero/solicitudProceso/listarSolicitudProceso.xhtml HTTP/1.1" 200 134462
186.86.34.55 - - [13/Apr/2024:09:01:54 -0500] "GET /sipse/faces/javax.faces.resource/theme.css?ln=primefaces-sipse HTTP/1.1" 304 -
186.86.34.55 - - [13/Apr/2024:09:01:54 -0500] "GET /sipse/faces/javax.faces.resource/primefaces.css?ln=primefaces&v=4.0 HTTP/1.1" 304 -
186.86.34.55 - - [13/Apr/2024:09:01:54 -0500] "GET /sipse/faces/javax.faces.resource/layout/layout.css?ln=primefaces&v=4.0 HTTP/1.1" 304 -
186.86.34.55 - - [13/Apr/2024:09:01:54 -0500] "GET /sipse/faces/javax.faces.resource/jquery/jquery.js?ln=primefaces&v=4.0 HTTP/1.1" 304 -
