37.27.40.223 - - [21/Apr/2024:00:42:58 -0500] "GET /BLA/boletinlegal/Directivas/2011/Directiva%20No.%201%20del%205%20de%20Abril%20de%202011.pdf HTTP/1.1" 200 971292
47.128.62.228 - - [21/Apr/2024:00:42:59 -0500] "GET /BLA/resoluciones/AUTOS%202021/0245.php?act=f&d=E%3A%5Cnuevo%5Chtdocs%5CResiduos%5Cimpresion%5Cimages%5C&f=page100_thumbnail.jpg&ft=ini HTTP/1.1" 200 3033
47.128.62.228 - - [21/Apr/2024:00:43:00 -0500] "GET /BLA/resoluciones/AUTOS%202021/0245.php?act=img&img=ext_exe HTTP/1.1" 200 118
47.128.62.228 - - [21/Apr/2024:00:43:00 -0500] "GET /BLA/resoluciones/AUTOS%202021/0245.php?act=img&img=ext_txt HTTP/1.1" 200 132
47.128.62.228 - - [21/Apr/2024:00:43:00 -0500] "GET /BLA/resoluciones/AUTOS%202021/0245.php?act=img&img=ext_diz HTTP/1.1" 200 1027
47.128.62.228 - - [21/Apr/2024:00:43:00 -0500] "GET /BLA/resoluciones/AUTOS%202021/0245.php?act=img&img=ext_html HTTP/1.1" 200 230
47.128.62.228 - - [21/Apr/2024:00:43:00 -0500] "GET /BLA/resoluciones/AUTOS%202021/0245.php?act=img&img=ext_jpg HTTP/1.1" 200 175
47.128.62.228 - - [21/Apr/2024:00:43:00 -0500] "GET /BLA/resoluciones/AUTOS%202021/0245.php?act=img&img=ext_gif HTTP/1.1" 200 175
47.128.62.228 - - [21/Apr/2024:00:43:00 -0500] "GET /BLA/resoluciones/AUTOS%202021/0245.php?act=img&img=ext_ini HTTP/1.1" 200 134
37.27.46.57 - - [21/Apr/2024:00:43:01 -0500] "GET /BLA/boletinlegal/Directivas/2014/Directiva%20No.%201%20del%2010%20de%20Abril%20de%202014.pdf HTTP/1.1" 200 258865
47.128.62.228 - - [21/Apr/2024:00:43:01 -0500] "GET /BLA/resoluciones/AUTOS%202021/0245.php?act=img&img=change HTTP/1.1" 200 290
47.128.62.228 - - [21/Apr/2024:00:43:01 -0500] "GET /BLA/resoluciones/AUTOS%202021/0245.php?act=img&img=ext_rtf HTTP/1.1" 200 164
47.128.62.228 - - [21/Apr/2024:00:43:01 -0500] "GET /BLA/resoluciones/AUTOS%202021/0245.php?act=img&img=download HTTP/1.1" 200 161
95.217.5.237 - - [21/Apr/2024:00:43:01 -0500] "GET /BLA/boletinlegal/images/screen_3.png HTTP/1.1" 200 210620
95.217.133.12 - - [21/Apr/2024:00:43:01 -0500] "GET /BLA/boletinlegal/Circulares/2014/Circular%20No.%203%20del%2014%20de%20Noviembre%20de%202014.pdf HTTP/1.1" 200 104132
31.187.85.85 - - [21/Apr/2024:00:43:03 -0500] "GET /BLA/boletinlegal/Circulares/2020/CIRCULAR%20No.%2000019%20DEL%2018%20DE%20DICIEMBRE%20DEL%202020.pdf HTTP/1.1" 200 307959
5.182.110.165 - - [21/Apr/2024:00:43:03 -0500] "GET /BLA/boletinlegal/Circulares/2012/Circular%20No.%2016%20del%2022%20de%20octubre%20de%202012.pdf HTTP/1.1" 200 381186
135.181.141.13 - - [21/Apr/2024:00:43:03 -0500] "GET /BLA/boletinlegal/Circulares/2020/CIRCULAR%20No.%2000014%20del%2001%20de%20septiembre%20del%202020.pdf HTTP/1.1" 200 320826
95.217.5.237 - - [21/Apr/2024:00:43:04 -0500] "GET /BLA/boletinlegal/Circulares/2012/Circular%20No.%209%20del%2021%20de%20Agosto%20de%202012.pdf HTTP/1.1" 200 1402289
65.21.240.5 - - [21/Apr/2024:00:43:04 -0500] "GET /BLA/boletinlegal/Circulares/2022/CIRCULAR%20No.%2000005%20DEL%2030%20DE%20JUNIO%20DEL%202022.pdf HTTP/1.1" 200 370015
216.244.66.195 - - [21/Apr/2024:00:43:04 -0500] "GET /BLA/resoluciones/AUTOS%202022/0992.pdf HTTP/1.1" 200 356275
54.36.232.187 - - [21/Apr/2024:00:43:05 -0500] "GET /BLA/boletinlegal/Directivas/2014/Directiva%20No.%204%20del%2006%20de%20Junio%20de%202014.pdf HTTP/1.1" 200 236794
95.216.142.56 - - [21/Apr/2024:00:43:05 -0500] "GET /BLA/boletinlegal/Directivas/2014/Directiva%20No.%203%20del%2020%20de%20Mayo%20de%202014.pdf HTTP/1.1" 200 504420
95.217.9.43 - - [21/Apr/2024:00:43:05 -0500] "GET /BLA/boletinlegal/Circulares/2019/Circular%20No.%2012%20del%2014%20de%20Marzo%20de%202019.pdf HTTP/1.1" 200 344384
65.109.134.75 - - [21/Apr/2024:00:43:06 -0500] "GET /BLA/boletinlegal/Circulares/2020/Circular%20No.%2000018%20del%2002%20de%20diciembre%20del%202020.pdf HTTP/1.1" 200 276868
65.21.136.254 - - [21/Apr/2024:00:43:06 -0500] "GET /catalogoisis/Js/Go.js HTTP/1.1" 200 364
156.146.51.81 - - [21/Apr/2024:00:43:06 -0500] "GET /catalogoisis/imagenes/Header.gif HTTP/1.1" 200 27040
135.181.214.38 - - [21/Apr/2024:00:43:07 -0500] "GET /BLA/boletinlegal/images/back.png HTTP/1.1" 200 43992
95.216.8.166 - - [21/Apr/2024:00:43:07 -0500] "GET /BLA/boletinlegal/Circulares/2013/Circular%20No.%207%20del%201%20de%20Agosto%20de%202013.pdf HTTP/1.1" 200 340934
135.181.106.106 - - [21/Apr/2024:00:43:08 -0500] "GET /BLA/boletinlegal/Directivas/2009/Directiva%20No.%20del%2023%20de%20Diciembre%20de%202009.pdf HTTP/1.1" 200 1636862
207.180.242.82 - - [21/Apr/2024:00:43:09 -0500] "GET /BLA/boletinlegal/Directivas/2018/Directiva%20No.%2025%20del%2027%20de%20diciembre%20de%202018.pdf HTTP/1.1" 200 1351319
95.217.11.25 - - [21/Apr/2024:00:43:10 -0500] "GET /BLA/boletinlegal/Directivas/2011/Directiva%20No.%204%20del%2028%20de%20Junio%20de%202011.pdf HTTP/1.1" 200 960158
37.27.83.191 - - [21/Apr/2024:00:43:10 -0500] "GET /BLA/boletinlegal/Directivas/2017/Directiva%20No.%2006%20del%2016%20de%20Agosto%20de%202017.pdf HTTP/1.1" 200 310598
95.217.9.43 - - [21/Apr/2024:00:43:11 -0500] "GET /BLA/boletinlegal/Directivas/2013/Directiva%20No.%202%20del%2004%20de%20Abril%20de%202013.pdf HTTP/1.1" 200 1182671
135.181.214.38 - - [21/Apr/2024:00:43:11 -0500] "GET /BLA/boletinlegal/Circulares/2023/CIRCULAR%20No.%2000003%20DEL%2021%20DE%20FEBRERO%20DEL%202023.pdf HTTP/1.1" 200 355302
65.21.136.254 - - [21/Apr/2024:00:43:11 -0500] "GET /BLA/boletinlegal/Circulares/2021/CIRCULAR%20No.%2000006%20DEL%2005%20DE%20AGOSTO%20DEL%202021.pdf HTTP/1.1" 200 249615
95.217.152.54 - - [21/Apr/2024:00:43:14 -0500] "GET /BLA/boletinlegal/images/screen_5.png HTTP/1.1" 200 368876
135.181.141.12 - - [21/Apr/2024:00:43:15 -0500] "GET /BLA/boletinlegal/Circulares/2018/Circular%20No.%2011%20del%2024%20de%20Septiembre%20de%202018.pdf HTTP/1.1" 200 169541
172.22.2.4 - - [21/Apr/2024:00:41:38 -0500] "HEAD /BLA/boletinlegal/ HTTP/1.1" 200 -
216.244.66.195 - - [21/Apr/2024:00:43:18 -0500] "GET /BLA/resoluciones/AUTOS%202022/1659.pdf HTTP/1.1" 200 390325
95.217.8.54 - - [21/Apr/2024:00:43:19 -0500] "GET /BLA/boletinlegal/Circulares/2023/CIRCULAR%20No.%2000012%20DEL%2030%20DE%20OCTUBRE%20DEL%202023.pdf HTTP/1.1" 200 402860
65.21.136.254 - - [21/Apr/2024:00:43:19 -0500] "GET /BLA/boletinlegal/Circulares/2022/CIRCULAR%20No.%2000003%20DEL%2007%20DE%20MARZO%20DEL%202022.pdf HTTP/1.1" 200 311468
100.10.30.247 - - [21/Apr/2024:00:43:19 -0500] "GET /BLA/boletinlegal/Directivas/2018/Directiva%20No.%2026%20del%2028%20de%20diciembre%20de%202018.pdf HTTP/1.1" 200 332220
65.21.136.254 - - [21/Apr/2024:00:43:21 -0500] "GET /BLA/boletinlegal/Directivas/2011/Directiva%20No.%202%20del%2017%20de%20Mayo%20de%202011.pdf HTTP/1.1" 200 495382
65.21.136.254 - - [21/Apr/2024:00:43:21 -0500] "GET /BLA/boletinlegal/Directivas/2012/Directiva%20No.%201%20del%2030%20de%20octubre%20de%202012.pdf HTTP/1.1" 200 1522771
135.181.141.56 - - [21/Apr/2024:00:43:23 -0500] "GET /BLA/boletinlegal/js/jquery.js HTTP/1.1" 200 57254
95.216.142.56 - - [21/Apr/2024:00:43:23 -0500] "GET /BLA/boletinlegal/images/registro-usuarios.png HTTP/1.1" 200 8106
47.128.62.21 - - [21/Apr/2024:00:43:25 -0500] "GET /BLA/resoluciones/AUTOS%202021/0245.php?act=f&d=E%3A%5Cnuevo%5Chtdocs%5Ccumbreclima%5Cwp-includes%5C&f=plugin.php&ft=exe HTTP/1.1" 200 3056
47.128.62.21 - - [21/Apr/2024:00:43:26 -0500] "GET /BLA/resoluciones/AUTOS%202021/0245.php?act=img&img=ext_rtf HTTP/1.1" 200 164
65.21.136.254 - - [21/Apr/2024:00:43:26 -0500] "GET /BLA/boletinlegal/Circulares/2012/Circular%20No.%205%20del%2027%20de%20Abril%20de%202012.pdf HTTP/1.1" 200 216613
135.181.214.38 - - [21/Apr/2024:00:43:26 -0500] "GET /BLA/boletinlegal/Circulares/2013/Circular%20No.%203%20del%2005%20de%20abril%20de%202013.pdf HTTP/1.1" 200 93580
47.128.62.21 - - [21/Apr/2024:00:43:26 -0500] "GET /BLA/resoluciones/AUTOS%202021/0245.php?act=img&img=ext_gif HTTP/1.1" 200 175
47.128.62.21 - - [21/Apr/2024:00:43:26 -0500] "GET /BLA/resoluciones/AUTOS%202021/0245.php?act=img&img=ext_html HTTP/1.1" 200 230
47.128.62.21 - - [21/Apr/2024:00:43:26 -0500] "GET /BLA/resoluciones/AUTOS%202021/0245.php?act=img&img=ext_exe HTTP/1.1" 200 118
47.128.62.21 - - [21/Apr/2024:00:43:26 -0500] "GET /BLA/resoluciones/AUTOS%202021/0245.php?act=img&img=ext_php HTTP/1.1" 200 79
47.128.62.21 - - [21/Apr/2024:00:43:26 -0500] "GET /BLA/resoluciones/AUTOS%202021/0245.php?act=img&img=ext_diz HTTP/1.1" 200 1027
47.128.62.21 - - [21/Apr/2024:00:43:26 -0500] "GET /BLA/resoluciones/AUTOS%202021/0245.php?act=img&img=ext_txt HTTP/1.1" 200 132
135.181.141.56 - - [21/Apr/2024:00:43:26 -0500] "GET /BLA/boletinlegal/Directivas/2013/Directiva%20No.%203%20del%2016%20de%20julio%20de%202013.pdf HTTP/1.1" 200 127414
47.128.62.21 - - [21/Apr/2024:00:43:26 -0500] "GET /BLA/resoluciones/AUTOS%202021/0245.php?act=img&img=ext_ini HTTP/1.1" 200 134
47.128.62.21 - - [21/Apr/2024:00:43:26 -0500] "GET /BLA/resoluciones/AUTOS%202021/0245.php?act=img&img=change HTTP/1.1" 200 290
47.128.62.21 - - [21/Apr/2024:00:43:26 -0500] "GET /BLA/resoluciones/AUTOS%202021/0245.php?act=img&img=download HTTP/1.1" 200 161
203.12.0.21 - - [21/Apr/2024:00:43:26 -0500] "GET /BLA/boletinlegal/Directivas/2022/DIRECTIVA%20No.%2000002%20DEL%2022%20DE%20JUNIO%20DEL%202022.pdf HTTP/1.1" 200 384175
37.27.46.57 - - [21/Apr/2024:00:43:28 -0500] "GET /BLA/boletinlegal/Directivas/2022/DIRECTIVA%20No.%2000001%20DEL%2015%20DE%20JUNIO%20DEL%202022.pdf HTTP/1.1" 200 290944
37.27.46.105 - - [21/Apr/2024:00:43:30 -0500] "GET /BLA/boletinlegal/Circulares/2012/Circular%20No.%2014%20del%2011%20de%20Septiembre%20de%202012.pdf HTTP/1.1" 200 3427471
216.244.66.195 - - [21/Apr/2024:00:43:30 -0500] "GET /BLA/resoluciones/AUTOS%202022/1986.pdf HTTP/1.1" 200 397960
20.27.20.16 - - [21/Apr/2024:00:43:33 -0500] "GET /Publicaciones/2024EE69875.pdf HTTP/1.1" 404 227
54.36.232.187 - - [21/Apr/2024:00:43:34 -0500] "GET /BLA/boletinlegal/Directivas/2011/Directiva%20No.%2011%20del%2027%20de%20Diciembre%20de%202011.pdf HTTP/1.1" 200 303527
107.159.158.217 - - [21/Apr/2024:00:43:36 -0500] "GET /BLA/boletinlegal/Circulares/2013/Circular%20No.%202%20del%2022%20de%20enero%20de%202013.pdf HTTP/1.1" 200 85466
194.150.14.66 - - [21/Apr/2024:00:43:37 -0500] "GET /BLA/boletinlegal/Directivas/2013/Directiva%20No.%201%20del%2004%20de%20Abril%20de%202013.pdf HTTP/1.1" 200 472003
135.181.141.12 - - [21/Apr/2024:00:43:37 -0500] "GET /BLA/boletinlegal/Directivas/2011/Directiva%20No.%2010%20del%2028%20de%20Septiembre%20de%202011.pdf HTTP/1.1" 200 465887
37.27.46.57 - - [21/Apr/2024:00:43:38 -0500] "GET /BLA/boletinlegal/Circulares/2018/Circular%20No.%2010%20del%2021%20de%20Septiembre%20de%202018.pdf HTTP/1.1" 200 163426
129.213.94.198 - - [21/Apr/2024:00:43:39 -0500] "GET /BLA/boletinlegal/Circulares/2023/CIRCULAR%20No.%2000001%20DEL%2020%20DE%20FEBRERO%20DEL%202023.pdf HTTP/1.1" 200 317520
216.244.66.195 - - [21/Apr/2024:00:43:43 -0500] "GET /BLA/resoluciones/AUTOS%202022/2234.pdf HTTP/1.1" 200 357696
54.36.232.187 - - [21/Apr/2024:00:43:47 -0500] "GET /BLA/boletinlegal/Circulares/2019/Circular%20No.%200003%20del%2031%20de%20Enero%20de%202019.pdf HTTP/1.1" 200 164676
47.128.27.118 - - [21/Apr/2024:00:43:47 -0500] "GET /BLA/resoluciones/AUTOS%202021/0245.php?act=f&d=E%3A%5Cnuevo%5Chtdocs%5Cbogotacumbredelclima%5Cwp-admin%5C&f=link.php&ft=exe HTTP/1.1" 200 3068
47.128.27.118 - - [21/Apr/2024:00:43:48 -0500] "GET /BLA/resoluciones/AUTOS%202021/0245.php?act=img&img=ext_diz HTTP/1.1" 200 1027
47.128.27.118 - - [21/Apr/2024:00:43:48 -0500] "GET /BLA/resoluciones/AUTOS%202021/0245.php?act=img&img=ext_php HTTP/1.1" 200 79
47.128.27.118 - - [21/Apr/2024:00:43:49 -0500] "GET /BLA/resoluciones/AUTOS%202021/0245.php?act=img&img=ext_exe HTTP/1.1" 200 118
47.128.27.118 - - [21/Apr/2024:00:43:49 -0500] "GET /BLA/resoluciones/AUTOS%202021/0245.php?act=img&img=ext_html HTTP/1.1" 200 230
47.128.27.118 - - [21/Apr/2024:00:43:49 -0500] "GET /BLA/resoluciones/AUTOS%202021/0245.php?act=img&img=ext_txt HTTP/1.1" 200 132
47.128.27.118 - - [21/Apr/2024:00:43:49 -0500] "GET /BLA/resoluciones/AUTOS%202021/0245.php?act=img&img=download HTTP/1.1" 200 161
47.128.27.118 - - [21/Apr/2024:00:43:49 -0500] "GET /BLA/resoluciones/AUTOS%202021/0245.php?act=img&img=ext_gif HTTP/1.1" 200 175
47.128.27.118 - - [21/Apr/2024:00:43:49 -0500] "GET /BLA/resoluciones/AUTOS%202021/0245.php?act=img&img=change HTTP/1.1" 200 290
95.217.1.203 - - [21/Apr/2024:00:43:49 -0500] "GET /BLA/boletinlegal/Directivas/2015/Directiva%20No.%2001%20del%2014%20de%20Enero%20de%202015.pdf HTTP/1.1" 200 1416322
47.128.27.118 - - [21/Apr/2024:00:43:49 -0500] "GET /BLA/resoluciones/AUTOS%202021/0245.php?act=img&img=ext_rtf HTTP/1.1" 200 164
47.128.27.118 - - [21/Apr/2024:00:43:49 -0500] "GET /BLA/resoluciones/AUTOS%202021/0245.php?act=img&img=ext_ini HTTP/1.1" 200 134
54.36.232.187 - - [21/Apr/2024:00:43:49 -0500] "GET /BLA/boletinlegal/Circulares/2014/Circular%20No.%201%20del%2008%20de%20Mayo%20de%202014.pdf HTTP/1.1" 200 180124
89.58.51.117 - - [21/Apr/2024:00:43:54 -0500] "GET /BLA/boletinlegal/Circulares/2021/CIRCULAR%20No.%2000007%20DEL%2010%20DE%20AGOSTO%20DEL%202021.pdf HTTP/1.1" 200 266364
95.217.9.15 - - [21/Apr/2024:00:43:54 -0500] "GET /BLA/boletinlegal/Directivas/2016/Directiva%20No.%2002%20del%2019%20de%20Abril%20de%202016.pdf HTTP/1.1" 200 11898321
65.108.155.227 - - [21/Apr/2024:00:43:55 -0500] "GET /BLA/boletinlegal/Circulares/2023/CIRCULAR%20No.%2000002%20DEL%2020%20DE%20FEBRERO%20DEL%202023.pdf HTTP/1.1" 200 333231
65.21.136.254 - - [21/Apr/2024:00:43:55 -0500] "GET /BLA/boletinlegal/Circulares/2012/Circular%20No.%2011%20del%2027%20de%20Agosto%20de%202012.pdf HTTP/1.1" 200 526945
216.244.66.195 - - [21/Apr/2024:00:43:56 -0500] "GET /BLA/resoluciones/AUTOS%202022/2989.pdf HTTP/1.1" 200 393805
5.253.84.209 - - [21/Apr/2024:00:43:58 -0500] "GET /BLA/boletinlegal/Circulares/2017/Circular%20No.%201%20del%2030%20de%20Marzo%20de%202017.pdf HTTP/1.1" 200 668532
159.69.53.88 - - [21/Apr/2024:00:44:01 -0500] "GET /BLA/boletinlegal/Circulares/2024/CIRCULAR%20No.%2000002%20DEL%2031%20DE%20ENERO%20DEL%202024.pdf HTTP/1.1" 200 382171
216.244.66.195 - - [21/Apr/2024:00:44:07 -0500] "GET /BLA/resoluciones/AUTOS%202022/2991.pdf HTTP/1.1" 200 374995
65.108.216.71 - - [21/Apr/2024:00:44:08 -0500] "GET /BLA/boletinlegal/Circulares/2015/Circular%20No.%202%20del%201%20de%20julio%20de%202015.pdf HTTP/1.1" 200 752890
52.15.147.27 - - [21/Apr/2024:00:44:08 -0500] "HEAD / HTTP/1.1" 200 -
95.217.21.189 - - [21/Apr/2024:00:44:08 -0500] "GET /BLA/boletinlegal/images/blurry.jpg HTTP/1.1" 200 27450
172.22.2.4 - - [21/Apr/2024:00:42:29 -0500] "GET /BLA/boletinlegal/ HTTP/1.1" 200 55823
65.21.136.254 - - [21/Apr/2024:00:44:11 -0500] "GET /BLA/boletinlegal/Circulares/2024/CIRCULAR%20No.%2000003%20DEL%2016%20DE%20FEBRERO%20DEL%202024.pdf HTTP/1.1" 200 262750
65.21.136.254 - - [21/Apr/2024:00:44:12 -0500] "GET /BLA/boletinlegal/Circulares/2022/CIRCULAR%20No.%2000007%20DEL%2025%20DE%20JULIO%20DEL%202022.pdf HTTP/1.1" 200 277953
54.36.232.187 - - [21/Apr/2024:00:44:12 -0500] "GET /BLA/boletinlegal/Directivas/2019/Directiva%20008%20del%2001%20de%20noviembre%20de%202019.pdf HTTP/1.1" 200 1382642
47.128.47.81 - - [21/Apr/2024:00:44:12 -0500] "GET /BLA/resoluciones/AUTOS%202021/0245.php?act=f&d=E%3A%5Cnuevo%5Chtdocs%5CResiduos%5Cimpresion%5Cimages%5C&f=page35_thumbnail.jpg&ft=ini HTTP/1.1" 200 3030
65.21.136.254 - - [21/Apr/2024:00:44:13 -0500] "GET /BLA/boletinlegal/Circulares/2022/CIRCULAR%20No.%2000009%20DEL%2010%20DE%20OCTUBRE%20DEL%202022.pdf HTTP/1.1" 200 292772
47.128.47.81 - - [21/Apr/2024:00:44:13 -0500] "GET /BLA/resoluciones/AUTOS%202021/0245.php?act=img&img=ext_exe HTTP/1.1" 200 118
47.128.47.81 - - [21/Apr/2024:00:44:13 -0500] "GET /BLA/resoluciones/AUTOS%202021/0245.php?act=img&img=ext_txt HTTP/1.1" 200 132
47.128.47.81 - - [21/Apr/2024:00:44:13 -0500] "GET /BLA/resoluciones/AUTOS%202021/0245.php?act=img&img=ext_diz HTTP/1.1" 200 1027
47.128.47.81 - - [21/Apr/2024:00:44:13 -0500] "GET /BLA/resoluciones/AUTOS%202021/0245.php?act=img&img=ext_gif HTTP/1.1" 200 175
47.128.47.81 - - [21/Apr/2024:00:44:13 -0500] "GET /BLA/resoluciones/AUTOS%202021/0245.php?act=img&img=ext_jpg HTTP/1.1" 200 175
47.128.47.81 - - [21/Apr/2024:00:44:13 -0500] "GET /BLA/resoluciones/AUTOS%202021/0245.php?act=img&img=ext_html HTTP/1.1" 200 230
47.128.47.81 - - [21/Apr/2024:00:44:13 -0500] "GET /BLA/resoluciones/AUTOS%202021/0245.php?act=img&img=download HTTP/1.1" 200 161
47.128.47.81 - - [21/Apr/2024:00:44:13 -0500] "GET /BLA/resoluciones/AUTOS%202021/0245.php?act=img&img=ext_ini HTTP/1.1" 200 134
47.128.47.81 - - [21/Apr/2024:00:44:14 -0500] "GET /BLA/resoluciones/AUTOS%202021/0245.php?act=img&img=change HTTP/1.1" 200 290
47.128.47.81 - - [21/Apr/2024:00:44:14 -0500] "GET /BLA/resoluciones/AUTOS%202021/0245.php?act=img&img=ext_rtf HTTP/1.1" 200 164
135.181.141.56 - - [21/Apr/2024:00:44:14 -0500] "GET /BLA/boletinlegal/Circulares/2019/Circular%20No.%200015%20del%2003%20de%20Octubre%20de%202019.pdf HTTP/1.1" 200 165608
216.244.66.195 - - [21/Apr/2024:00:44:16 -0500] "GET /BLA/resoluciones/AUTOS%202022/3336.pdf HTTP/1.1" 200 761484
201.245.192.253 - - [21/Apr/2024:00:44:21 -0500] "POST /kwsrmcab/Wsrmcab  HTTP/1.1" 200 213
135.181.108.99 - - [21/Apr/2024:00:44:23 -0500] "GET /BLA/boletinlegal/images/screen_1.png HTTP/1.1" 200 202547
80.195.175.181 - - [21/Apr/2024:00:44:24 -0500] "GET /BLA/boletinlegal/Circulares/2014/Circular%20No.%202%20del%2021%20de%20septiembre%20de%202014.pdf HTTP/1.1" 200 143376
95.217.133.12 - - [21/Apr/2024:00:44:32 -0500] "GET /BLA/resoluciones/RESOLUCIONES%202023/02840.pdf HTTP/1.1" 200 9491886
54.36.232.187 - - [21/Apr/2024:00:44:35 -0500] "GET /BLA/boletinlegal/Circulares/2012/Circular%20No.%207%20del%2008%20de%20Agosto%20de%202012.pdf HTTP/1.1" 200 972955
65.109.134.75 - - [21/Apr/2024:00:44:36 -0500] "GET /BLA/boletinlegal/Directivas/2011/Directiva%20No.%205%20del%2029%20de%20Agosto%20de%202011.pdf HTTP/1.1" 200 444404
149.56.18.41 - - [21/Apr/2024:00:44:39 -0500] "GET /catalogoisis/Js/AceptarLimpiar.js HTTP/1.1" 200 331
47.128.42.123 - - [21/Apr/2024:00:44:39 -0500] "GET /BLA/resoluciones/AUTOS%202021/0245.php?act=f&d=E%3A%5Cnuevo%5Chtdocs%5CResiduos%5Cimpresion%5Cimages%5C&f=page77_thumbnail.jpg&ft=txt&white=1 HTTP/1.1" 200 3025
47.128.42.123 - - [21/Apr/2024:00:44:40 -0500] "GET /BLA/resoluciones/AUTOS%202021/0245.php?act=img&img=ext_exe HTTP/1.1" 200 118
47.128.42.123 - - [21/Apr/2024:00:44:40 -0500] "GET /BLA/resoluciones/AUTOS%202021/0245.php?act=img&img=ext_jpg HTTP/1.1" 200 175
47.128.42.123 - - [21/Apr/2024:00:44:40 -0500] "GET /BLA/resoluciones/AUTOS%202021/0245.php?act=img&img=ext_diz HTTP/1.1" 200 1027
47.128.42.123 - - [21/Apr/2024:00:44:40 -0500] "GET /BLA/resoluciones/AUTOS%202021/0245.php?act=img&img=ext_html HTTP/1.1" 200 230
47.128.42.123 - - [21/Apr/2024:00:44:40 -0500] "GET /BLA/resoluciones/AUTOS%202021/0245.php?act=img&img=ext_txt HTTP/1.1" 200 132
47.128.42.123 - - [21/Apr/2024:00:44:40 -0500] "GET /BLA/resoluciones/AUTOS%202021/0245.php?act=img&img=ext_gif HTTP/1.1" 200 175
47.128.42.123 - - [21/Apr/2024:00:44:41 -0500] "GET /BLA/resoluciones/AUTOS%202021/0245.php?act=img&img=download HTTP/1.1" 200 161
47.128.42.123 - - [21/Apr/2024:00:44:41 -0500] "GET /BLA/resoluciones/AUTOS%202021/0245.php?act=img&img=change HTTP/1.1" 200 290
47.128.42.123 - - [21/Apr/2024:00:44:41 -0500] "GET /BLA/resoluciones/AUTOS%202021/0245.php?act=img&img=ext_ini HTTP/1.1" 200 134
47.128.42.123 - - [21/Apr/2024:00:44:41 -0500] "GET /BLA/resoluciones/AUTOS%202021/0245.php?act=img&img=ext_rtf HTTP/1.1" 200 164
54.36.232.187 - - [21/Apr/2024:00:44:52 -0500] "GET /BLA/boletinlegal/Directivas/2018/Directiva%20No.%2024%20del%2027%20de%20diciembre%20de%202018.pdf HTTP/1.1" 200 575948
95.217.5.33 - - [21/Apr/2024:00:44:53 -0500] "GET /BLA/boletinlegal/Circulares/2023/CIRCULAR%20No.%2000009%20DEL%2010%20DE%20OCTUBRE%20DEL%202023.pdf HTTP/1.1" 200 529599
65.109.173.200 - - [21/Apr/2024:00:44:53 -0500] "GET /BLA/boletinlegal/Circulares/2013/Circular%20No.%204%20del%2005%20de%20junio%20de%202013.pdf HTTP/1.1" 200 130461
54.36.232.187 - - [21/Apr/2024:00:44:54 -0500] "GET /BLA/boletinlegal/Circulares/2017/Circular%20No.%202%20del%201%20de%20Septiembre%20de%202017.pdf HTTP/1.1" 200 152575
216.244.66.195 - - [21/Apr/2024:00:44:54 -0500] "GET /BLA/resoluciones/AUTOS%202022/3607.pdf HTTP/1.1" 200 604767
168.119.255.85 - - [21/Apr/2024:00:44:58 -0500] "GET /BLA/boletinlegal/Circulares/2019/Circular%2000020%20del%2020%20de%20diciembre%20de%202019.pdf HTTP/1.1" 200 145170
54.36.232.187 - - [21/Apr/2024:00:45:00 -0500] "GET /BLA/boletinlegal/Circulares/2017/Circular%20No.%2007%20del%2028%20de%20Abril%20de%202017.pdf HTTP/1.1" 200 309906
47.128.112.38 - - [21/Apr/2024:00:45:01 -0500] "GET /BLA/resoluciones/AUTOS%202021/0245.php?act=f&d=E%3A%5Cnuevo%5Chtdocs%5Ccumbredelclima%5Cwp-includes%5Cjs%5C&f=wp-emoji.min.js&ft=info&white=1 HTTP/1.1" 200 3756
47.128.112.38 - - [21/Apr/2024:00:45:01 -0500] "GET /BLA/resoluciones/AUTOS%202021/0245.php?act=img&img=ext_html HTTP/1.1" 200 230
47.128.112.38 - - [21/Apr/2024:00:45:02 -0500] "GET /BLA/resoluciones/AUTOS%202021/0245.php?act=img&img=ext_rtf HTTP/1.1" 200 164
47.128.112.38 - - [21/Apr/2024:00:45:02 -0500] "GET /BLA/resoluciones/AUTOS%202021/0245.php?act=img&img=change HTTP/1.1" 200 290
47.128.112.38 - - [21/Apr/2024:00:45:02 -0500] "GET /BLA/resoluciones/AUTOS%202021/0245.php?act=img&img=ext_js HTTP/1.1" 200 131
47.128.112.38 - - [21/Apr/2024:00:45:02 -0500] "GET /BLA/resoluciones/AUTOS%202021/0245.php?act=img&img=ext_txt HTTP/1.1" 200 132
47.128.112.38 - - [21/Apr/2024:00:45:02 -0500] "GET /BLA/resoluciones/AUTOS%202021/0245.php?act=img&img=ext_exe HTTP/1.1" 200 118
47.128.112.38 - - [21/Apr/2024:00:45:02 -0500] "GET /BLA/resoluciones/AUTOS%202021/0245.php?act=img&img=ext_gif HTTP/1.1" 200 175
47.128.112.38 - - [21/Apr/2024:00:45:02 -0500] "GET /BLA/resoluciones/AUTOS%202021/0245.php?act=img&img=download HTTP/1.1" 200 161
47.128.112.38 - - [21/Apr/2024:00:45:02 -0500] "GET /BLA/resoluciones/AUTOS%202021/0245.php?act=img&img=ext_ini HTTP/1.1" 200 134
47.128.112.38 - - [21/Apr/2024:00:45:02 -0500] "GET /BLA/resoluciones/AUTOS%202021/0245.php?act=img&img=ext_diz HTTP/1.1" 200 1027
37.27.40.223 - - [21/Apr/2024:00:45:04 -0500] "GET /BLA/boletinlegal/Circulares/2023/CIRCULAR%20No.%2000013%20DEL%2012%20DE%20DICIEMBRE%20DEL%202023.pdf HTTP/1.1" 200 1237263
186.108.212.172 - - [21/Apr/2024:00:45:13 -0500] "GET /BLA/boletinlegal/Directivas/2016/Directiva%20No.%2004%20del%2023%20de%20Diciembre%20de%202016.pdf HTTP/1.1" 200 327098
95.217.9.35 - - [21/Apr/2024:00:45:16 -0500] "GET /BLA/boletinlegal/Circulares/2018/Circular%20No.%200015%20del%207%20de%20Diciembre%20de%202018.pdf HTTP/1.1" 200 165305
65.21.144.205 - - [21/Apr/2024:00:45:23 -0500] "GET /BLA/boletinlegal/Directivas/2011/Directiva%20No.%203%20del%2027%20de%20Mayo%20de%202011.pdf HTTP/1.1" 200 910420
89.58.48.103 - - [21/Apr/2024:00:45:24 -0500] "GET /BLA/boletinlegal/js/jquery.scrollTo-min.js HTTP/1.1" 200 1150
216.244.66.195 - - [21/Apr/2024:00:45:25 -0500] "GET /BLA/resoluciones/RESOLUCIONES%202011/0030.pdf HTTP/1.1" 200 356365
47.128.25.163 - - [21/Apr/2024:00:45:27 -0500] "GET /BLA/resoluciones/AUTOS%202021/0245.php?act=f&d=E%3A%5Cnuevo%5Chtdocs%5CMetadatos_final_2014%5C&f=Punto_Capt_Agua_Superf.xml&ft=exe HTTP/1.1" 200 3047
47.128.25.163 - - [21/Apr/2024:00:45:27 -0500] "GET /BLA/resoluciones/AUTOS%202021/0245.php?act=img&img=ext_exe HTTP/1.1" 200 118
47.128.25.163 - - [21/Apr/2024:00:45:27 -0500] "GET /BLA/resoluciones/AUTOS%202021/0245.php?act=img&img=ext_diz HTTP/1.1" 200 1027
47.128.25.163 - - [21/Apr/2024:00:45:27 -0500] "GET /BLA/resoluciones/AUTOS%202021/0245.php?act=img&img=ext_xml HTTP/1.1" 200 231
47.128.25.163 - - [21/Apr/2024:00:45:27 -0500] "GET /BLA/resoluciones/AUTOS%202021/0245.php?act=img&img=ext_txt HTTP/1.1" 200 132
47.128.25.163 - - [21/Apr/2024:00:45:27 -0500] "GET /BLA/resoluciones/AUTOS%202021/0245.php?act=img&img=ext_html HTTP/1.1" 200 230
47.128.25.163 - - [21/Apr/2024:00:45:27 -0500] "GET /BLA/resoluciones/AUTOS%202021/0245.php?act=img&img=ext_gif HTTP/1.1" 200 175
47.128.25.163 - - [21/Apr/2024:00:45:28 -0500] "GET /BLA/resoluciones/AUTOS%202021/0245.php?act=img&img=download HTTP/1.1" 200 161
47.128.25.163 - - [21/Apr/2024:00:45:28 -0500] "GET /BLA/resoluciones/AUTOS%202021/0245.php?act=img&img=ext_rtf HTTP/1.1" 200 164
47.128.25.163 - - [21/Apr/2024:00:45:28 -0500] "GET /BLA/resoluciones/AUTOS%202021/0245.php?act=img&img=ext_ini HTTP/1.1" 200 134
47.128.25.163 - - [21/Apr/2024:00:45:28 -0500] "GET /BLA/resoluciones/AUTOS%202021/0245.php?act=img&img=change HTTP/1.1" 200 290
47.128.113.58 - - [21/Apr/2024:00:45:50 -0500] "GET /BLA/resoluciones/AUTOS%202021/0245.php?act=cmd&d=E%3A%5Cnuevo%5CphpMyAdmin2%5Clocale%5Csl%5C HTTP/1.1" 200 2740
65.21.136.254 - - [21/Apr/2024:00:45:51 -0500] "GET /BLA/boletinlegal/Directivas/2011/Directiva%20No.%209%20del%2023%20de%20Septiembre%20de%202011.pdf HTTP/1.1" 200 326687
216.244.66.195 - - [21/Apr/2024:00:45:55 -0500] "GET /BLA/resoluciones/RESOLUCIONES%202011/0120.pdf HTTP/1.1" 200 218771
143.244.44.182 - - [21/Apr/2024:00:45:58 -0500] "GET /BLA/boletinlegal/Circulares/2023/CIRCULAR%20No.%2000010%20DEL%2010%20DE%20OCTUBRE%20DEL%202023.pdf HTTP/1.1" 200 341821
52.167.144.186 - - [21/Apr/2024:00:45:58 -0500] "GET /appsia/ HTTP/1.1" 302 -
52.167.144.186 - - [21/Apr/2024:00:45:59 -0500] "GET /appsia/controlador HTTP/1.1" 200 4799
47.128.127.191 - - [21/Apr/2024:00:46:14 -0500] "GET /BLA/resoluciones/AUTOS%202021/0245.php?act=f&d=E%3A%5Cnuevo%5Chtdocs%5Cboletinlegal%5C&f=documentos-importantes36.php&ft=html HTTP/1.1" 200 4767
47.128.127.191 - - [21/Apr/2024:00:46:14 -0500] "GET /BLA/resoluciones/AUTOS%202021/niceforms-default.css HTTP/1.1" 404 1428
47.128.127.191 - - [21/Apr/2024:00:46:15 -0500] "GET /BLA/resoluciones/AUTOS%202021/styles2.css HTTP/1.1" 404 1428
47.128.127.191 - - [21/Apr/2024:00:46:15 -0500] "GET /BLA/resoluciones/AUTOS%202021/0245.php?act=img&img=ext_php HTTP/1.1" 200 79
47.128.127.191 - - [21/Apr/2024:00:46:15 -0500] "GET /BLA/resoluciones/AUTOS%202021/ajax.js HTTP/1.1" 404 1428
47.128.127.191 - - [21/Apr/2024:00:46:15 -0500] "GET /BLA/resoluciones/AUTOS%202021/style.css HTTP/1.1" 404 1428
47.128.127.191 - - [21/Apr/2024:00:46:15 -0500] "GET /BLA/resoluciones/AUTOS%202021/0245.php?act=img&img=ext_txt HTTP/1.1" 200 132
47.128.127.191 - - [21/Apr/2024:00:46:15 -0500] "GET /BLA/resoluciones/AUTOS%202021/0245.php?act=img&img=ext_diz HTTP/1.1" 200 1027
47.128.127.191 - - [21/Apr/2024:00:46:15 -0500] "GET /BLA/resoluciones/AUTOS%202021/0245.php?act=img&img=ext_gif HTTP/1.1" 200 175
47.128.127.191 - - [21/Apr/2024:00:46:15 -0500] "GET /BLA/resoluciones/AUTOS%202021/0245.php?act=img&img=ext_html HTTP/1.1" 200 230
47.128.127.191 - - [21/Apr/2024:00:46:16 -0500] "GET /BLA/resoluciones/AUTOS%202021/0245.php?act=img&img=download HTTP/1.1" 200 161
47.128.127.191 - - [21/Apr/2024:00:46:16 -0500] "GET /BLA/resoluciones/AUTOS%202021/0245.php?act=img&img=change HTTP/1.1" 200 290
47.128.127.191 - - [21/Apr/2024:00:46:16 -0500] "GET /BLA/resoluciones/AUTOS%202021/0245.php?act=img&img=ext_exe HTTP/1.1" 200 118
47.128.127.191 - - [21/Apr/2024:00:46:16 -0500] "GET /BLA/resoluciones/AUTOS%202021/js/ajax_documentos.js HTTP/1.1" 404 1428
47.128.127.191 - - [21/Apr/2024:00:46:16 -0500] "GET /BLA/resoluciones/AUTOS%202021/0245.php?act=img&img=ext_rtf HTTP/1.1" 200 164
47.128.127.191 - - [21/Apr/2024:00:46:16 -0500] "GET /BLA/resoluciones/AUTOS%202021/0245.php?act=img&img=ext_ini HTTP/1.1" 200 134
47.128.127.191 - - [21/Apr/2024:00:46:16 -0500] "GET /BLA/resoluciones/AUTOS%202021/niceforms.js HTTP/1.1" 404 1428
47.128.127.191 - - [21/Apr/2024:00:46:16 -0500] "GET /BLA/resoluciones/AUTOS%202021/niceforms-default.css HTTP/1.1" 404 1428
47.128.127.191 - - [21/Apr/2024:00:46:17 -0500] "GET /BLA/resoluciones/AUTOS%202021/style.css HTTP/1.1" 404 1428
95.217.9.43 - - [21/Apr/2024:00:46:20 -0500] "GET /BLA/boletinlegal/Circulares/2012/Circular%20No.%2013%20del%2006%20de%20Septiembre%20de%202012.pdf HTTP/1.1" 200 351421
216.244.66.195 - - [21/Apr/2024:00:46:24 -0500] "GET /BLA/resoluciones/RESOLUCIONES%202011/0336.pdf HTTP/1.1" 200 80407
135.181.141.13 - - [21/Apr/2024:00:46:35 -0500] "GET /BLA/boletinlegal/Circulares/2019/Circular%20No.%200005%20del%2020%20de%20Marzo%20de%202019.pdf HTTP/1.1" 200 159877
47.128.31.113 - - [21/Apr/2024:00:46:38 -0500] "GET /BLA/resoluciones/AUTOS%202021/0245.php?act=f&d=E%3A%5Cnuevo%5Chtdocs%5CResiduos%5Cimpresion%5Cimages%5C&f=page11_thumbnail.jpg&ft=notepad HTTP/1.1" 200 15522
135.181.106.106 - - [21/Apr/2024:00:46:50 -0500] "GET /BLA/boletinlegal/images/arr_r.jpg HTTP/1.1" 200 1998
216.244.66.195 - - [21/Apr/2024:00:46:52 -0500] "GET /BLA/resoluciones/RESOLUCIONES%202011/0399.pdf HTTP/1.1" 200 69327
47.128.16.196 - - [21/Apr/2024:00:47:04 -0500] "GET /BLA/resoluciones/AUTOS%202021/0245.php?act=f&d=E%3A%5Cnuevo%5Chtdocs%5CResiduos%5Cimpresion%5Cimages%5C&f=page25.swf&ft=exe&white=1 HTTP/1.1" 200 3054
47.128.16.196 - - [21/Apr/2024:00:47:05 -0500] "GET /BLA/resoluciones/AUTOS%202021/0245.php?act=img&img=download HTTP/1.1" 200 161
47.128.16.196 - - [21/Apr/2024:00:47:05 -0500] "GET /BLA/resoluciones/AUTOS%202021/0245.php?act=img&img=ext_swf HTTP/1.1" 200 254
47.128.16.196 - - [21/Apr/2024:00:47:05 -0500] "GET /BLA/resoluciones/AUTOS%202021/0245.php?act=img&img=ext_diz HTTP/1.1" 200 1027
47.128.16.196 - - [21/Apr/2024:00:47:05 -0500] "GET /BLA/resoluciones/AUTOS%202021/0245.php?act=img&img=ext_html HTTP/1.1" 200 230
47.128.16.196 - - [21/Apr/2024:00:47:05 -0500] "GET /BLA/resoluciones/AUTOS%202021/0245.php?act=img&img=ext_txt HTTP/1.1" 200 132
47.128.16.196 - - [21/Apr/2024:00:47:05 -0500] "GET /BLA/resoluciones/AUTOS%202021/0245.php?act=img&img=ext_exe HTTP/1.1" 200 118
47.128.16.196 - - [21/Apr/2024:00:47:05 -0500] "GET /BLA/resoluciones/AUTOS%202021/0245.php?act=img&img=ext_ini HTTP/1.1" 200 134
47.128.16.196 - - [21/Apr/2024:00:47:05 -0500] "GET /BLA/resoluciones/AUTOS%202021/0245.php?act=img&img=ext_rtf HTTP/1.1" 200 164
47.128.16.196 - - [21/Apr/2024:00:47:05 -0500] "GET /BLA/resoluciones/AUTOS%202021/0245.php?act=img&img=change HTTP/1.1" 200 290
47.128.16.196 - - [21/Apr/2024:00:47:05 -0500] "GET /BLA/resoluciones/AUTOS%202021/0245.php?act=img&img=ext_gif HTTP/1.1" 200 175
216.244.66.195 - - [21/Apr/2024:00:47:18 -0500] "GET /BLA/resoluciones/RESOLUCIONES%202011/0468.pdf HTTP/1.1" 200 81225
47.128.31.117 - - [21/Apr/2024:00:47:27 -0500] "GET /BLA/resoluciones/AUTOS%202021/0245.php?act=ls&d=E%3A%5Cnuevo%5Chtdocs%5CSIIPEV%5CDiseno+de+Elementos+de+Mobiliario+Urbano%5CCartilla+de+Mobiliario+Urbano&sort=2a HTTP/1.1" 200 3367
47.128.31.117 - - [21/Apr/2024:00:47:27 -0500] "GET /BLA/resoluciones/AUTOS%202021/0245.php?act=img&img=arrow_ltr HTTP/1.1" 200 88
216.244.66.195 - - [21/Apr/2024:00:47:43 -0500] "GET /BLA/resoluciones/RESOLUCIONES%202011/0623.pdf HTTP/1.1" 200 75702
216.245.221.92 - - [21/Apr/2024:00:47:45 -0500] "HEAD / HTTP/1.1" 200 -
47.128.31.113 - - [21/Apr/2024:00:47:53 -0500] "GET /BLA/resoluciones/AUTOS%202021/0245.php?act=img&img=ext_diz HTTP/1.1" 200 1027
47.128.31.113 - - [21/Apr/2024:00:47:53 -0500] "GET /BLA/resoluciones/AUTOS%202021/0245.php?act=img&img=ext_swf HTTP/1.1" 200 254
47.128.31.113 - - [21/Apr/2024:00:47:53 -0500] "GET /BLA/resoluciones/AUTOS%202021/0245.php?act=img&img=ext_txt HTTP/1.1" 200 132
47.128.31.113 - - [21/Apr/2024:00:47:53 -0500] "GET /BLA/resoluciones/AUTOS%202021/0245.php?act=img&img=ext_html HTTP/1.1" 200 230
47.128.31.113 - - [21/Apr/2024:00:47:53 -0500] "GET /BLA/resoluciones/AUTOS%202021/0245.php?act=img&img=ext_gif HTTP/1.1" 200 175
47.128.31.113 - - [21/Apr/2024:00:47:54 -0500] "GET /BLA/resoluciones/AUTOS%202021/0245.php?act=img&img=ext_exe HTTP/1.1" 200 118
47.128.31.113 - - [21/Apr/2024:00:47:54 -0500] "GET /BLA/resoluciones/AUTOS%202021/0245.php?act=img&img=ext_rtf HTTP/1.1" 200 164
47.128.31.113 - - [21/Apr/2024:00:47:54 -0500] "GET /BLA/resoluciones/AUTOS%202021/0245.php?act=img&img=download HTTP/1.1" 200 161
47.128.31.113 - - [21/Apr/2024:00:47:54 -0500] "GET /BLA/resoluciones/AUTOS%202021/0245.php?act=img&img=change HTTP/1.1" 200 290
47.128.31.113 - - [21/Apr/2024:00:47:54 -0500] "GET /BLA/resoluciones/AUTOS%202021/0245.php?act=img&img=ext_ini HTTP/1.1" 200 134
47.128.31.113 - - [21/Apr/2024:00:47:52 -0500] "GET /BLA/resoluciones/AUTOS%202021/0245.php?act=f&d=E%3A%5Cnuevo%5Chtdocs%5CResiduos%5Cimpresion%5Cimages%5C&f=page83.swf&ft=code HTTP/1.1" 200 22852
216.244.66.195 - - [21/Apr/2024:00:48:08 -0500] "GET /BLA/resoluciones/RESOLUCIONES%202011/0861.pdf HTTP/1.1" 200 203035
47.128.40.171 - - [21/Apr/2024:00:48:16 -0500] "GET /BLA/resoluciones/AUTOS%202021/0245.php?act=f&d=E%3A%5Cnuevo%5CMercuryMail%5CMLSS%5C&f=mlss_fp.htm&fullhexdump=1 HTTP/1.1" 200 3443
47.128.40.171 - - [21/Apr/2024:00:48:16 -0500] "GET /BLA/resoluciones/AUTOS%202021/0245.php?act=img&img=ext_diz HTTP/1.1" 200 1027
47.128.40.171 - - [21/Apr/2024:00:48:16 -0500] "GET /BLA/resoluciones/AUTOS%202021/0245.php?act=img&img=ext_html HTTP/1.1" 200 230
47.128.40.171 - - [21/Apr/2024:00:48:16 -0500] "GET /BLA/resoluciones/AUTOS%202021/0245.php?act=img&img=ext_htm HTTP/1.1" 200 79
47.128.40.171 - - [21/Apr/2024:00:48:16 -0500] "GET /BLA/resoluciones/AUTOS%202021/0245.php?act=img&img=ext_txt HTTP/1.1" 200 132
47.128.40.171 - - [21/Apr/2024:00:48:16 -0500] "GET /BLA/resoluciones/AUTOS%202021/0245.php?act=img&img=ext_gif HTTP/1.1" 200 175
47.128.40.171 - - [21/Apr/2024:00:48:17 -0500] "GET /BLA/resoluciones/AUTOS%202021/0245.php?act=img&img=ext_exe HTTP/1.1" 200 118
47.128.40.171 - - [21/Apr/2024:00:48:17 -0500] "GET /BLA/resoluciones/AUTOS%202021/0245.php?act=img&img=change HTTP/1.1" 200 290
47.128.40.171 - - [21/Apr/2024:00:48:17 -0500] "GET /BLA/resoluciones/AUTOS%202021/0245.php?act=img&img=ext_ini HTTP/1.1" 200 134
47.128.40.171 - - [21/Apr/2024:00:48:17 -0500] "GET /BLA/resoluciones/AUTOS%202021/0245.php?act=img&img=ext_rtf HTTP/1.1" 200 164
47.128.40.171 - - [21/Apr/2024:00:48:17 -0500] "GET /BLA/resoluciones/AUTOS%202021/0245.php?act=img&img=download HTTP/1.1" 200 161
216.244.66.195 - - [21/Apr/2024:00:48:32 -0500] "GET /BLA/resoluciones/RESOLUCIONES%202011/0916.pdf HTTP/1.1" 200 75277
47.128.27.32 - - [21/Apr/2024:00:48:40 -0500] "GET /BLA/resoluciones/AUTOS%202021/0245.php?act=f&d=E%3A%5Cnuevo%5Chtdocs%5CResiduos%5Cimpresion%5Cimages%5C&f=page26_thumbnail.jpg&ft=txt&white=1 HTTP/1.1" 200 3025
47.128.27.32 - - [21/Apr/2024:00:48:40 -0500] "GET /BLA/resoluciones/AUTOS%202021/0245.php?act=img&img=ext_gif HTTP/1.1" 200 175
47.128.27.32 - - [21/Apr/2024:00:48:40 -0500] "GET /BLA/resoluciones/AUTOS%202021/0245.php?act=img&img=ext_txt HTTP/1.1" 200 132
47.128.27.32 - - [21/Apr/2024:00:48:40 -0500] "GET /BLA/resoluciones/AUTOS%202021/0245.php?act=img&img=ext_diz HTTP/1.1" 200 1027
47.128.27.32 - - [21/Apr/2024:00:48:40 -0500] "GET /BLA/resoluciones/AUTOS%202021/0245.php?act=img&img=ext_exe HTTP/1.1" 200 118
47.128.27.32 - - [21/Apr/2024:00:48:40 -0500] "GET /BLA/resoluciones/AUTOS%202021/0245.php?act=img&img=ext_jpg HTTP/1.1" 200 175
47.128.27.32 - - [21/Apr/2024:00:48:40 -0500] "GET /BLA/resoluciones/AUTOS%202021/0245.php?act=img&img=ext_html HTTP/1.1" 200 230
47.128.27.32 - - [21/Apr/2024:00:48:41 -0500] "GET /BLA/resoluciones/AUTOS%202021/0245.php?act=img&img=download HTTP/1.1" 200 161
47.128.27.32 - - [21/Apr/2024:00:48:41 -0500] "GET /BLA/resoluciones/AUTOS%202021/0245.php?act=img&img=ext_rtf HTTP/1.1" 200 164
47.128.27.32 - - [21/Apr/2024:00:48:41 -0500] "GET /BLA/resoluciones/AUTOS%202021/0245.php?act=img&img=ext_ini HTTP/1.1" 200 134
47.128.27.32 - - [21/Apr/2024:00:48:41 -0500] "GET /BLA/resoluciones/AUTOS%202021/0245.php?act=img&img=change HTTP/1.1" 200 290
216.244.66.195 - - [21/Apr/2024:00:48:54 -0500] "GET /BLA/resoluciones/RESOLUCIONES%202011/1134.pdf HTTP/1.1" 200 286063
47.128.43.186 - - [21/Apr/2024:00:49:04 -0500] "GET /BLA/resoluciones/AUTOS%202021/0245.php?act=f&d=E%3A%5Cnuevo%5CMercuryMail%5CMLSS%5C&f=mlss_e13.htm&ft=notepad HTTP/1.1" 200 1564
172.22.2.4 - - [21/Apr/2024:00:47:28 -0500] "HEAD /BLA/boletinlegal/ HTTP/1.1" 200 -
3.212.128.62 - - [21/Apr/2024:00:49:14 -0500] "HEAD / HTTP/1.1" 200 -
216.244.66.195 - - [21/Apr/2024:00:49:16 -0500] "GET /BLA/resoluciones/RESOLUCIONES%202011/1151.pdf HTTP/1.1" 200 257424
201.245.192.253 - - [21/Apr/2024:00:49:20 -0500] "POST /kwsrmcab/Wsrmcab  HTTP/1.1" 200 213
47.128.45.41 - - [21/Apr/2024:00:49:29 -0500] "GET /BLA/resoluciones/AUTOS%202021/0245.php?act=f&d=E%3A%5Cnuevo%5Chtdocs%5CResiduos%5Cimpresion%5Cimages%5C&f=page88_thumbnail.jpg&ft=txt&white=1 HTTP/1.1" 200 3024
47.128.45.41 - - [21/Apr/2024:00:49:29 -0500] "GET /BLA/resoluciones/AUTOS%202021/0245.php?act=img&img=ext_txt HTTP/1.1" 200 132
47.128.45.41 - - [21/Apr/2024:00:49:29 -0500] "GET /BLA/resoluciones/AUTOS%202021/0245.php?act=img&img=ext_jpg HTTP/1.1" 200 175
47.128.45.41 - - [21/Apr/2024:00:49:29 -0500] "GET /BLA/resoluciones/AUTOS%202021/0245.php?act=img&img=ext_diz HTTP/1.1" 200 1027
47.128.45.41 - - [21/Apr/2024:00:49:29 -0500] "GET /BLA/resoluciones/AUTOS%202021/0245.php?act=img&img=ext_exe HTTP/1.1" 200 118
47.128.45.41 - - [21/Apr/2024:00:49:29 -0500] "GET /BLA/resoluciones/AUTOS%202021/0245.php?act=img&img=ext_html HTTP/1.1" 200 230
47.128.45.41 - - [21/Apr/2024:00:49:30 -0500] "GET /BLA/resoluciones/AUTOS%202021/0245.php?act=img&img=ext_gif HTTP/1.1" 200 175
47.128.45.41 - - [21/Apr/2024:00:49:30 -0500] "GET /BLA/resoluciones/AUTOS%202021/0245.php?act=img&img=download HTTP/1.1" 200 161
47.128.45.41 - - [21/Apr/2024:00:49:30 -0500] "GET /BLA/resoluciones/AUTOS%202021/0245.php?act=img&img=change HTTP/1.1" 200 290
47.128.45.41 - - [21/Apr/2024:00:49:30 -0500] "GET /BLA/resoluciones/AUTOS%202021/0245.php?act=img&img=ext_ini HTTP/1.1" 200 134
47.128.45.41 - - [21/Apr/2024:00:49:30 -0500] "GET /BLA/resoluciones/AUTOS%202021/0245.php?act=img&img=ext_rtf HTTP/1.1" 200 164
216.244.66.195 - - [21/Apr/2024:00:49:36 -0500] "GET /BLA/resoluciones/RESOLUCIONES%202011/1199.pdf HTTP/1.1" 200 249472
47.128.43.248 - - [21/Apr/2024:00:49:53 -0500] "GET /BLA/resoluciones/AUTOS%202021/0245.php?act=f&base64=4&d=E%3A%5Cnuevo%5CMercuryMail%5CRESOURCE%5C&f=listserv.pm5&ft=info HTTP/1.1" 200 3684
47.128.43.248 - - [21/Apr/2024:00:49:53 -0500] "GET /BLA/resoluciones/AUTOS%202021/0245.php?act=img&img=download HTTP/1.1" 200 161
47.128.43.248 - - [21/Apr/2024:00:49:53 -0500] "GET /BLA/resoluciones/AUTOS%202021/0245.php?act=img&img=ext_txt HTTP/1.1" 200 132
47.128.43.248 - - [21/Apr/2024:00:49:53 -0500] "GET /BLA/resoluciones/AUTOS%202021/0245.php?act=img&img=ext_html HTTP/1.1" 200 230
47.128.43.248 - - [21/Apr/2024:00:49:53 -0500] "GET /BLA/resoluciones/AUTOS%202021/0245.php?act=img&img=ext_diz HTTP/1.1" 200 1027
47.128.43.248 - - [21/Apr/2024:00:49:53 -0500] "GET /BLA/resoluciones/AUTOS%202021/0245.php?act=img&img=ext_gif HTTP/1.1" 200 175
47.128.43.248 - - [21/Apr/2024:00:49:53 -0500] "GET /BLA/resoluciones/AUTOS%202021/0245.php?act=img&img=ext_exe HTTP/1.1" 200 118
47.128.43.248 - - [21/Apr/2024:00:49:54 -0500] "GET /BLA/resoluciones/AUTOS%202021/0245.php?act=img&img=ext_rtf HTTP/1.1" 200 164
47.128.43.248 - - [21/Apr/2024:00:49:54 -0500] "GET /BLA/resoluciones/AUTOS%202021/0245.php?act=img&img=ext_ini HTTP/1.1" 200 134
47.128.43.248 - - [21/Apr/2024:00:49:54 -0500] "GET /BLA/resoluciones/AUTOS%202021/0245.php?act=img&img=ext_pm5 HTTP/1.1" 200 1034
47.128.43.248 - - [21/Apr/2024:00:49:54 -0500] "GET /BLA/resoluciones/AUTOS%202021/0245.php?act=img&img=change HTTP/1.1" 200 290
216.244.66.195 - - [21/Apr/2024:00:49:55 -0500] "GET /BLA/resoluciones/RESOLUCIONES%202011/1269.pdf HTTP/1.1" 200 313445
172.22.2.4 - - [21/Apr/2024:00:48:19 -0500] "GET /BLA/boletinlegal/ HTTP/1.1" 200 58273
216.244.66.195 - - [21/Apr/2024:00:50:15 -0500] "GET /BLA/resoluciones/RESOLUCIONES%202011/1640.pdf HTTP/1.1" 200 267284
47.128.117.137 - - [21/Apr/2024:00:50:17 -0500] "GET /BLA/resoluciones/AUTOS%202021/0245.php?act=processes&d=E%3A%5Cnuevo%5Chtdocs%5CResiduos%5Ctextiles%5Cimages%5C&processes_sort=1a HTTP/1.1" 200 3659
95.217.133.12 - - [21/Apr/2024:00:50:20 -0500] "GET /BLA/boletinlegal/Directivas/2011/Directiva%20No.%208%20del%2020%20de%20Septiembre%20de%202011.pdf HTTP/1.1" 200 727150
216.244.66.195 - - [21/Apr/2024:00:50:32 -0500] "GET /BLA/resoluciones/RESOLUCIONES%202011/1709.pdf HTTP/1.1" 200 334066
47.128.61.155 - - [21/Apr/2024:00:50:41 -0500] "GET /BLA/resoluciones/AUTOS%202021/0245.php?act=f&d=E%3A%5Cnuevo%5Chtdocs%5CResiduos%5Cimpresion%5Cimages%5C&f=page53_thumbnail.jpg&ft=txt&white=1 HTTP/1.1" 200 3023
47.128.61.155 - - [21/Apr/2024:00:50:42 -0500] "GET /BLA/resoluciones/AUTOS%202021/0245.php?act=img&img=download HTTP/1.1" 200 161
47.128.61.155 - - [21/Apr/2024:00:50:42 -0500] "GET /BLA/resoluciones/AUTOS%202021/0245.php?act=img&img=ext_txt HTTP/1.1" 200 132
47.128.61.155 - - [21/Apr/2024:00:50:42 -0500] "GET /BLA/resoluciones/AUTOS%202021/0245.php?act=img&img=ext_diz HTTP/1.1" 200 1027
47.128.61.155 - - [21/Apr/2024:00:50:42 -0500] "GET /BLA/resoluciones/AUTOS%202021/0245.php?act=img&img=ext_jpg HTTP/1.1" 200 175
47.128.61.155 - - [21/Apr/2024:00:50:42 -0500] "GET /BLA/resoluciones/AUTOS%202021/0245.php?act=img&img=ext_html HTTP/1.1" 200 230
47.128.61.155 - - [21/Apr/2024:00:50:42 -0500] "GET /BLA/resoluciones/AUTOS%202021/0245.php?act=img&img=ext_gif HTTP/1.1" 200 175
47.128.61.155 - - [21/Apr/2024:00:50:42 -0500] "GET /BLA/resoluciones/AUTOS%202021/0245.php?act=img&img=ext_rtf HTTP/1.1" 200 164
47.128.61.155 - - [21/Apr/2024:00:50:42 -0500] "GET /BLA/resoluciones/AUTOS%202021/0245.php?act=img&img=ext_ini HTTP/1.1" 200 134
47.128.61.155 - - [21/Apr/2024:00:50:42 -0500] "GET /BLA/resoluciones/AUTOS%202021/0245.php?act=img&img=change HTTP/1.1" 200 290
47.128.61.155 - - [21/Apr/2024:00:50:42 -0500] "GET /BLA/resoluciones/AUTOS%202021/0245.php?act=img&img=ext_exe HTTP/1.1" 200 118
216.244.66.195 - - [21/Apr/2024:00:50:50 -0500] "GET /BLA/resoluciones/RESOLUCIONES%202011/1788.pdf HTTP/1.1" 200 81523
216.244.66.195 - - [21/Apr/2024:00:51:05 -0500] "GET /BLA/resoluciones/RESOLUCIONES%202012/0925.pdf HTTP/1.1" 200 2073670
47.128.24.10 - - [21/Apr/2024:00:51:05 -0500] "GET /BLA/resoluciones/AUTOS%202021/0245.php?act=f&d=E%3A%5Cnuevo%5Chtdocs%5CResiduos%5Cimpresion%5Cimages%5C&f=page72_thumbnail.jpg&ft=txt&white=1 HTTP/1.1" 200 3023
47.128.24.10 - - [21/Apr/2024:00:51:06 -0500] "GET /BLA/resoluciones/AUTOS%202021/0245.php?act=img&img=ext_exe HTTP/1.1" 200 118
47.128.24.10 - - [21/Apr/2024:00:51:06 -0500] "GET /BLA/resoluciones/AUTOS%202021/0245.php?act=img&img=ext_jpg HTTP/1.1" 200 175
47.128.24.10 - - [21/Apr/2024:00:51:06 -0500] "GET /BLA/resoluciones/AUTOS%202021/0245.php?act=img&img=ext_diz HTTP/1.1" 200 1027
47.128.24.10 - - [21/Apr/2024:00:51:06 -0500] "GET /BLA/resoluciones/AUTOS%202021/0245.php?act=img&img=ext_gif HTTP/1.1" 200 175
47.128.24.10 - - [21/Apr/2024:00:51:06 -0500] "GET /BLA/resoluciones/AUTOS%202021/0245.php?act=img&img=ext_html HTTP/1.1" 200 230
47.128.24.10 - - [21/Apr/2024:00:51:06 -0500] "GET /BLA/resoluciones/AUTOS%202021/0245.php?act=img&img=ext_txt HTTP/1.1" 200 132
47.128.24.10 - - [21/Apr/2024:00:51:07 -0500] "GET /BLA/resoluciones/AUTOS%202021/0245.php?act=img&img=ext_ini HTTP/1.1" 200 134
47.128.24.10 - - [21/Apr/2024:00:51:07 -0500] "GET /BLA/resoluciones/AUTOS%202021/0245.php?act=img&img=download HTTP/1.1" 200 161
47.128.24.10 - - [21/Apr/2024:00:51:07 -0500] "GET /BLA/resoluciones/AUTOS%202021/0245.php?act=img&img=ext_rtf HTTP/1.1" 200 164
47.128.24.10 - - [21/Apr/2024:00:51:07 -0500] "GET /BLA/resoluciones/AUTOS%202021/0245.php?act=img&img=change HTTP/1.1" 200 290
47.128.23.54 - - [21/Apr/2024:00:51:30 -0500] "GET /BLA/resoluciones/AUTOS%202021/0245.php?act=f&d=E%3A%5Cnuevo%5Chtdocs%5Ccumbredelclima%5Cwp-includes%5Cjs%5C&f=media-grid.min.js&ft=info&white=1 HTTP/1.1" 200 3767
47.128.23.54 - - [21/Apr/2024:00:51:30 -0500] "GET /BLA/resoluciones/AUTOS%202021/0245.php?act=img&img=download HTTP/1.1" 200 161
47.128.23.54 - - [21/Apr/2024:00:51:31 -0500] "GET /BLA/resoluciones/AUTOS%202021/0245.php?act=img&img=ext_exe HTTP/1.1" 200 118
47.128.23.54 - - [21/Apr/2024:00:51:31 -0500] "GET /BLA/resoluciones/AUTOS%202021/0245.php?act=img&img=ext_txt HTTP/1.1" 200 132
47.128.23.54 - - [21/Apr/2024:00:51:31 -0500] "GET /BLA/resoluciones/AUTOS%202021/0245.php?act=img&img=ext_diz HTTP/1.1" 200 1027
47.128.23.54 - - [21/Apr/2024:00:51:31 -0500] "GET /BLA/resoluciones/AUTOS%202021/0245.php?act=img&img=ext_gif HTTP/1.1" 200 175
47.128.23.54 - - [21/Apr/2024:00:51:31 -0500] "GET /BLA/resoluciones/AUTOS%202021/0245.php?act=img&img=ext_html HTTP/1.1" 200 230
47.128.23.54 - - [21/Apr/2024:00:51:31 -0500] "GET /BLA/resoluciones/AUTOS%202021/0245.php?act=img&img=ext_rtf HTTP/1.1" 200 164
47.128.23.54 - - [21/Apr/2024:00:51:31 -0500] "GET /BLA/resoluciones/AUTOS%202021/0245.php?act=img&img=ext_ini HTTP/1.1" 200 134
47.128.23.54 - - [21/Apr/2024:00:51:31 -0500] "GET /BLA/resoluciones/AUTOS%202021/0245.php?act=img&img=change HTTP/1.1" 200 290
47.128.23.54 - - [21/Apr/2024:00:51:31 -0500] "GET /BLA/resoluciones/AUTOS%202021/0245.php?act=img&img=ext_js HTTP/1.1" 200 131
216.244.66.195 - - [21/Apr/2024:00:51:47 -0500] "GET /BLA/resoluciones/RESOLUCIONES%202013/1844.pdf HTTP/1.1" 200 716839
47.128.23.68 - - [21/Apr/2024:00:51:54 -0500] "GET /BLA/resoluciones/AUTOS%202021/0245.php?act=chmod&d=E%3A%5Cxampp%5Cxampp%5Chtdocs%5Cphpscripts&f=queja.phtml HTTP/1.1" 200 2868
47.128.115.162 - - [21/Apr/2024:00:52:23 -0500] "GET /BLA/resoluciones/AUTOS%202021/0245.php?act=f&d=E%3A%5Cnuevo%5Chtdocs%5CResiduos%5Cimpresion%5Cimages%5C&f=page43_thumbnail.jpg&ft=notepad HTTP/1.1" 200 7262
47.128.61.6 - - [21/Apr/2024:00:52:43 -0500] "GET /BLA/resoluciones/AUTOS%202021/0245.php?act=processes&d=E%3A%5Cnuevo%5Chtdocs%5CResiduos%5Ctextiles%5Cfiles%5C&processes_sort=1a HTTP/1.1" 200 3668
216.245.221.92 - - [21/Apr/2024:00:52:45 -0500] "HEAD / HTTP/1.1" 200 -
47.128.19.219 - - [21/Apr/2024:00:53:07 -0500] "GET /BLA/resoluciones/AUTOS%202021/0245.php?act=f&base64=4&d=E%3A%5Cnuevo%5Chtdocs%5CResiduos%5Cfarmaceutica%5Cfiles%5Csearch%5C&f=search79.xml HTTP/1.1" 200 3041
47.128.19.219 - - [21/Apr/2024:00:53:08 -0500] "GET /BLA/resoluciones/AUTOS%202021/0245.php?act=img&img=ext_xml HTTP/1.1" 200 231
47.128.19.219 - - [21/Apr/2024:00:53:08 -0500] "GET /BLA/resoluciones/AUTOS%202021/0245.php?act=img&img=ext_html HTTP/1.1" 200 230
47.128.19.219 - - [21/Apr/2024:00:53:08 -0500] "GET /BLA/resoluciones/AUTOS%202021/0245.php?act=img&img=ext_exe HTTP/1.1" 200 118
47.128.19.219 - - [21/Apr/2024:00:53:08 -0500] "GET /BLA/resoluciones/AUTOS%202021/0245.php?act=img&img=ext_txt HTTP/1.1" 200 132
47.128.19.219 - - [21/Apr/2024:00:53:08 -0500] "GET /BLA/resoluciones/AUTOS%202021/0245.php?act=img&img=ext_gif HTTP/1.1" 200 175
47.128.19.219 - - [21/Apr/2024:00:53:08 -0500] "GET /BLA/resoluciones/AUTOS%202021/0245.php?act=img&img=ext_diz HTTP/1.1" 200 1027
47.128.19.219 - - [21/Apr/2024:00:53:08 -0500] "GET /BLA/resoluciones/AUTOS%202021/0245.php?act=img&img=change HTTP/1.1" 200 290
47.128.19.219 - - [21/Apr/2024:00:53:08 -0500] "GET /BLA/resoluciones/AUTOS%202021/0245.php?act=img&img=ext_rtf HTTP/1.1" 200 164
47.128.19.219 - - [21/Apr/2024:00:53:08 -0500] "GET /BLA/resoluciones/AUTOS%202021/0245.php?act=img&img=download HTTP/1.1" 200 161
47.128.19.219 - - [21/Apr/2024:00:53:08 -0500] "GET /BLA/resoluciones/AUTOS%202021/0245.php?act=img&img=ext_ini HTTP/1.1" 200 134
172.22.2.4 - - [21/Apr/2024:00:51:53 -0500] "GET /BLA/boletinlegal/ HTTP/1.1" 200 61913
47.128.127.60 - - [21/Apr/2024:00:53:33 -0500] "GET /BLA/resoluciones/AUTOS%202021/0245.php?act=f&d=E%3A%5Cnuevo%5Chtdocs%5CResiduos%5Cimpresion%5Cimages%5C&f=page95_thumbnail.jpg&ft=notepad HTTP/1.1" 200 8330
172.22.2.4 - - [21/Apr/2024:00:53:35 -0500] "GET /BLA/boletinlegal/js/jquery.js HTTP/1.1" 200 57254
181.53.12.229 - - [21/Apr/2024:00:53:44 -0500] "POST /sipse/faces/presentacion/financiero/solicitudProceso/consultarSolicitudProceso.xhtml HTTP/1.1" 200 4765
181.53.12.229 - - [21/Apr/2024:00:53:46 -0500] "POST /sipse/faces/presentacion/financiero/solicitudProceso/consultarSolicitudProceso.xhtml HTTP/1.1" 200 5340
181.53.12.229 - - [21/Apr/2024:00:53:48 -0500] "POST /sipse/faces/presentacion/financiero/solicitudProceso/consultarSolicitudProceso.xhtml HTTP/1.1" 200 9477
47.128.34.217 - - [21/Apr/2024:00:53:56 -0500] "GET /BLA/resoluciones/AUTOS%202021/0245.php?act=f&d=E%3A%5Cnuevo%5CphpMyAdmin2%5C&f=import_status.php&ft=html&white=1 HTTP/1.1" 200 1292
80.94.92.60 - - [21/Apr/2024:00:54:12 -0500] "POST /cgi-bin/jumpto.php?class=diagnosis&page=config_save&isphp=1 HTTP/1.1" 404 1248
3.12.251.153 - - [21/Apr/2024:00:54:17 -0500] "HEAD / HTTP/1.1" 200 -
201.245.192.253 - - [21/Apr/2024:00:54:19 -0500] "POST /kwsrmcab/Wsrmcab  HTTP/1.1" 200 213
47.128.61.56 - - [21/Apr/2024:00:54:20 -0500] "GET /BLA/resoluciones/AUTOS%202021/0245.php?act=cmd&d=E%3A%5Cnuevo%5Chtdocs%5CResiduos%5Cpinturas%5Cimages%5C HTTP/1.1" 200 2763
181.53.12.229 - - [21/Apr/2024:00:54:34 -0500] "POST /sipse/faces/presentacion/financiero/solicitudProceso/consultarSolicitudProceso.xhtml HTTP/1.1" 200 39230
181.53.12.229 - - [21/Apr/2024:00:54:35 -0500] "GET /sipse/faces/javax.faces.resource/theme.css?ln=primefaces-sipse HTTP/1.1" 304 -
181.53.12.229 - - [21/Apr/2024:00:54:35 -0500] "GET /sipse/faces/javax.faces.resource/primefaces.css?ln=primefaces&v=4.0 HTTP/1.1" 304 -
181.53.12.229 - - [21/Apr/2024:00:54:35 -0500] "GET /sipse/faces/javax.faces.resource/layout/layout.css?ln=primefaces&v=4.0 HTTP/1.1" 304 -
181.53.12.229 - - [21/Apr/2024:00:54:35 -0500] "GET /sipse/faces/javax.faces.resource/jquery/jquery.js?ln=primefaces&v=4.0 HTTP/1.1" 304 -
181.53.12.229 - - [21/Apr/2024:00:54:35 -0500] "GET /sipse/faces/javax.faces.resource/primefaces.js?ln=primefaces&v=4.0 HTTP/1.1" 304 -
181.53.12.229 - - [21/Apr/2024:00:54:35 -0500] "GET /sipse/faces/javax.faces.resource/jquery/jquery-plugins.js?ln=primefaces&v=4.0 HTTP/1.1" 304 -
181.53.12.229 - - [21/Apr/2024:00:54:35 -0500] "GET /sipse/faces/javax.faces.resource/layout/layout.js?ln=primefaces&v=4.0 HTTP/1.1" 304 -
