179.60.150.123 - - [22/Apr/2024:08:26:12 -0500] "POST /procesar.php HTTP/1.1" 200 891
201.245.192.253 - - [22/Apr/2024:08:26:12 -0500] "GET /sipse/faces/javax.faces.resource/images/ui-bg_flat_0_2d5972_40x100.png?ln=primefaces-aristo HTTP/1.1" 304 -
201.245.192.253 - - [22/Apr/2024:08:26:12 -0500] "POST /sipse/faces/bienvenido.xhtml HTTP/1.1" 200 2073
179.60.150.123 - - [22/Apr/2024:08:26:12 -0500] "POST /procesar.php HTTP/1.1" 200 891
179.60.150.123 - - [22/Apr/2024:08:26:12 -0500] "POST /procesar.php HTTP/1.1" 200 891
179.60.150.123 - - [22/Apr/2024:08:26:12 -0500] "POST /procesar.php HTTP/1.1" 200 891
179.60.150.123 - - [22/Apr/2024:08:26:13 -0500] "POST /procesar.php HTTP/1.1" 200 891
179.60.150.123 - - [22/Apr/2024:08:26:13 -0500] "POST /procesar.php HTTP/1.1" 200 891
201.245.192.253 - - [22/Apr/2024:08:26:13 -0500] "POST /sipse/faces/bienvenido.xhtml HTTP/1.1" 200 39078
179.60.150.123 - - [22/Apr/2024:08:26:13 -0500] "POST /procesar.php HTTP/1.1" 200 891
186.30.41.252 - - [22/Apr/2024:08:26:13 -0500] "GET /mujeres-que-reverdecen-secretaria-de-ambiente-anuncia-300-cupos-para-la-tercera-fase-del-programa.html?fbclid=IwZXh0bgNhZW0CMTEAAR36ET1Kkk2bgnaczbiojiVXaPzhMDGdnyEb2-v1jY_Gf1bpGv2IXsXTQhw_aem_ATqALxZve8zqjRts9Rfu9BV1-vt7ZeQpPZKPgl9yC4z_5tDrZ96Ezv-IkIB62JTJ3A6yrW-e31898kS-tgvD4MiS HTTP/1.1" 200 823
3.224.220.101 - - [22/Apr/2024:08:26:13 -0500] "GET /BLA/resoluciones/AUTOS%202023/05909.pdf HTTP/1.1" 200 1031842
179.60.150.123 - - [22/Apr/2024:08:26:13 -0500] "POST /procesar.php HTTP/1.1" 200 891
201.245.192.253 - - [22/Apr/2024:08:26:13 -0500] "GET /sipse/faces/javax.faces.resource/theme.css?ln=primefaces-sipse HTTP/1.1" 304 -
201.245.192.253 - - [22/Apr/2024:08:26:13 -0500] "GET /sipse/faces/javax.faces.resource/primefaces.css?ln=primefaces&v=4.0 HTTP/1.1" 304 -
201.245.192.253 - - [22/Apr/2024:08:26:13 -0500] "GET /sipse/faces/javax.faces.resource/layout/layout.css?ln=primefaces&v=4.0 HTTP/1.1" 304 -
201.245.192.253 - - [22/Apr/2024:08:26:14 -0500] "GET /sipse/faces/javax.faces.resource/jquery/jquery.js?ln=primefaces&v=4.0 HTTP/1.1" 304 -
201.245.192.253 - - [22/Apr/2024:08:26:14 -0500] "GET /sipse/faces/javax.faces.resource/jquery/jquery-plugins.js?ln=primefaces&v=4.0 HTTP/1.1" 304 -
179.60.150.123 - - [22/Apr/2024:08:26:14 -0500] "POST /procesar.php HTTP/1.1" 200 891
201.245.192.253 - - [22/Apr/2024:08:26:14 -0500] "GET /sipse/faces/javax.faces.resource/primefaces.js?ln=primefaces&v=4.0 HTTP/1.1" 304 -
201.245.192.253 - - [22/Apr/2024:08:26:14 -0500] "GET /sipse/faces/javax.faces.resource/layout/layout.js?ln=primefaces&v=4.0 HTTP/1.1" 304 -
179.60.150.123 - - [22/Apr/2024:08:26:14 -0500] "POST /procesar.php HTTP/1.1" 200 891
179.60.150.123 - - [22/Apr/2024:08:26:14 -0500] "POST /procesar.php HTTP/1.1" 200 891
179.60.150.123 - - [22/Apr/2024:08:26:14 -0500] "POST /procesar.php HTTP/1.1" 200 891
179.60.150.123 - - [22/Apr/2024:08:26:15 -0500] "POST /procesar.php HTTP/1.1" 200 891
179.60.150.123 - - [22/Apr/2024:08:26:15 -0500] "POST /procesar.php HTTP/1.1" 200 891
47.128.32.227 - - [22/Apr/2024:08:26:15 -0500] "GET /BLA/resoluciones/AUTOS%202021/0245.php?act=f&d=E%3A%5Cnuevo%5Chtdocs%5Ccumbredelclima%5Cwp-includes%5Cjs%5C&f=customize-loader.js&ft=code HTTP/1.1" 200 5920
179.60.150.123 - - [22/Apr/2024:08:26:15 -0500] "POST /procesar.php HTTP/1.1" 200 891
179.60.150.123 - - [22/Apr/2024:08:26:15 -0500] "POST /procesar.php HTTP/1.1" 200 891
179.60.150.123 - - [22/Apr/2024:08:26:16 -0500] "POST /procesar.php HTTP/1.1" 200 891
179.60.150.123 - - [22/Apr/2024:08:26:16 -0500] "POST /procesar.php HTTP/1.1" 200 891
47.128.32.227 - - [22/Apr/2024:08:26:16 -0500] "GET /BLA/resoluciones/AUTOS%202021/0245.php?act=img&img=ext_js HTTP/1.1" 200 131
47.128.32.227 - - [22/Apr/2024:08:26:16 -0500] "GET /BLA/resoluciones/AUTOS%202021/0245.php?act=img&img=ext_exe HTTP/1.1" 200 118
47.128.32.227 - - [22/Apr/2024:08:26:16 -0500] "GET /BLA/resoluciones/AUTOS%202021/0245.php?act=img&img=ext_gif HTTP/1.1" 200 175
47.128.32.227 - - [22/Apr/2024:08:26:16 -0500] "GET /BLA/resoluciones/AUTOS%202021/0245.php?act=img&img=ext_diz HTTP/1.1" 200 1027
201.245.192.253 - - [22/Apr/2024:08:26:16 -0500] "POST /sipse/faces/presentacion/financiero/solicitudProceso/consultarSolicitudProceso.xhtml HTTP/1.1" 200 5549
201.245.192.253 - - [22/Apr/2024:08:26:16 -0500] "POST /sipse/faces/presentacion/financiero/solicitudProceso/consultar.xhtml HTTP/1.1" 200 12796
47.128.32.227 - - [22/Apr/2024:08:26:16 -0500] "GET /BLA/resoluciones/AUTOS%202021/0245.php?act=img&img=ext_txt HTTP/1.1" 200 132
47.128.32.227 - - [22/Apr/2024:08:26:16 -0500] "GET /BLA/resoluciones/AUTOS%202021/0245.php?act=img&img=ext_html HTTP/1.1" 200 230
201.245.192.253 - - [22/Apr/2024:08:26:16 -0500] "GET /sipse/faces/javax.faces.resource/dynamiccontent.properties?ln=primefaces&pfdrid=XjOR5%2F%2FfPAZAuY9TpWQeCiM0BhlXxYRBGKi%2FQcXXfeA%3D&pfdrid_c=false HTTP/1.1" 200 110025
179.60.150.123 - - [22/Apr/2024:08:26:16 -0500] "POST /procesar.php HTTP/1.1" 200 891
179.60.150.123 - - [22/Apr/2024:08:26:16 -0500] "POST /procesar.php HTTP/1.1" 200 891
47.128.32.227 - - [22/Apr/2024:08:26:16 -0500] "GET /BLA/resoluciones/AUTOS%202021/0245.php?act=img&img=download HTTP/1.1" 200 161
47.128.32.227 - - [22/Apr/2024:08:26:16 -0500] "GET /BLA/resoluciones/AUTOS%202021/0245.php?act=img&img=ext_rtf HTTP/1.1" 200 164
47.128.32.227 - - [22/Apr/2024:08:26:16 -0500] "GET /BLA/resoluciones/AUTOS%202021/0245.php?act=img&img=change HTTP/1.1" 200 290
47.128.32.227 - - [22/Apr/2024:08:26:16 -0500] "GET /BLA/resoluciones/AUTOS%202021/0245.php?act=img&img=ext_ini HTTP/1.1" 200 134
179.60.150.123 - - [22/Apr/2024:08:26:17 -0500] "POST /procesar.php HTTP/1.1" 200 891
179.60.150.123 - - [22/Apr/2024:08:26:17 -0500] "POST /procesar.php HTTP/1.1" 200 891
179.60.150.123 - - [22/Apr/2024:08:26:17 -0500] "POST /procesar.php HTTP/1.1" 200 891
3.224.220.101 - - [22/Apr/2024:08:26:17 -0500] "GET /BLA/resoluciones/AUTOS%202023/05897.pdf HTTP/1.1" 200 884447
179.60.150.123 - - [22/Apr/2024:08:26:17 -0500] "POST /procesar.php HTTP/1.1" 200 891
179.60.150.123 - - [22/Apr/2024:08:26:18 -0500] "POST /procesar.php HTTP/1.1" 200 891
179.60.150.123 - - [22/Apr/2024:08:26:18 -0500] "POST /procesar.php HTTP/1.1" 200 891
179.60.150.123 - - [22/Apr/2024:08:26:18 -0500] "POST /procesar.php HTTP/1.1" 200 891
179.60.150.123 - - [22/Apr/2024:08:26:18 -0500] "POST /procesar.php HTTP/1.1" 200 891
179.60.150.123 - - [22/Apr/2024:08:26:19 -0500] "POST /procesar.php HTTP/1.1" 200 891
179.60.150.123 - - [22/Apr/2024:08:26:19 -0500] "POST /procesar.php HTTP/1.1" 200 891
179.60.150.123 - - [22/Apr/2024:08:26:19 -0500] "POST /procesar.php HTTP/1.1" 200 891
179.60.150.123 - - [22/Apr/2024:08:26:19 -0500] "POST /procesar.php HTTP/1.1" 200 891
179.60.150.123 - - [22/Apr/2024:08:26:20 -0500] "POST /procesar.php HTTP/1.1" 200 891
179.60.150.123 - - [22/Apr/2024:08:26:20 -0500] "POST /procesar.php HTTP/1.1" 200 891
179.60.150.123 - - [22/Apr/2024:08:26:20 -0500] "POST /procesar.php HTTP/1.1" 200 891
179.60.150.123 - - [22/Apr/2024:08:26:20 -0500] "POST /procesar.php HTTP/1.1" 200 891
179.60.150.123 - - [22/Apr/2024:08:26:21 -0500] "POST /procesar.php HTTP/1.1" 200 891
216.244.66.195 - - [22/Apr/2024:08:26:21 -0500] "GET /BLA/resoluciones/AUTOS%202018/3371.pdf HTTP/1.1" 200 2266930
179.60.150.123 - - [22/Apr/2024:08:26:21 -0500] "POST /procesar.php HTTP/1.1" 200 891
179.60.150.123 - - [22/Apr/2024:08:26:21 -0500] "POST /procesar.php HTTP/1.1" 200 891
3.224.220.101 - - [22/Apr/2024:08:26:21 -0500] "GET /BLA/resoluciones/AUTOS%202023/05896.pdf HTTP/1.1" 200 968015
179.60.150.123 - - [22/Apr/2024:08:26:21 -0500] "POST /procesar.php HTTP/1.1" 200 891
179.60.150.123 - - [22/Apr/2024:08:26:21 -0500] "POST /procesar.php HTTP/1.1" 200 891
179.60.150.123 - - [22/Apr/2024:08:26:22 -0500] "POST /procesar.php HTTP/1.1" 200 891
179.60.150.123 - - [22/Apr/2024:08:26:22 -0500] "POST /procesar.php HTTP/1.1" 200 891
179.60.150.123 - - [22/Apr/2024:08:26:22 -0500] "POST /procesar.php HTTP/1.1" 200 891
179.60.150.123 - - [22/Apr/2024:08:26:22 -0500] "POST /procesar.php HTTP/1.1" 200 891
179.60.150.123 - - [22/Apr/2024:08:26:23 -0500] "POST /procesar.php HTTP/1.1" 200 891
179.60.150.123 - - [22/Apr/2024:08:26:23 -0500] "POST /procesar.php HTTP/1.1" 200 891
179.60.150.123 - - [22/Apr/2024:08:26:23 -0500] "POST /procesar.php HTTP/1.1" 200 891
179.60.150.123 - - [22/Apr/2024:08:26:23 -0500] "POST /procesar.php HTTP/1.1" 200 891
179.60.150.123 - - [22/Apr/2024:08:26:24 -0500] "POST /procesar.php HTTP/1.1" 200 891
179.60.150.123 - - [22/Apr/2024:08:26:24 -0500] "POST /procesar.php HTTP/1.1" 200 891
179.60.150.123 - - [22/Apr/2024:08:26:24 -0500] "POST /procesar.php HTTP/1.1" 200 891
179.60.150.123 - - [22/Apr/2024:08:26:24 -0500] "POST /procesar.php HTTP/1.1" 200 891
179.60.150.123 - - [22/Apr/2024:08:26:25 -0500] "POST /procesar.php HTTP/1.1" 200 891
179.60.150.123 - - [22/Apr/2024:08:26:25 -0500] "POST /procesar.php HTTP/1.1" 200 891
201.245.192.253 - - [22/Apr/2024:08:26:25 -0500] "POST /sipse/faces/presentacion/financiero/solicitudProceso/consultar.xhtml HTTP/1.1" 200 135774
3.224.220.101 - - [22/Apr/2024:08:26:25 -0500] "GET /BLA/resoluciones/AUTOS%202023/05893.pdf HTTP/1.1" 200 981643
179.60.150.123 - - [22/Apr/2024:08:26:25 -0500] "POST /procesar.php HTTP/1.1" 200 891
179.60.150.123 - - [22/Apr/2024:08:26:25 -0500] "POST /procesar.php HTTP/1.1" 200 891
179.60.150.123 - - [22/Apr/2024:08:26:26 -0500] "POST /procesar.php HTTP/1.1" 200 891
179.60.150.123 - - [22/Apr/2024:08:26:26 -0500] "POST /procesar.php HTTP/1.1" 200 891
179.60.150.123 - - [22/Apr/2024:08:26:26 -0500] "POST /procesar.php HTTP/1.1" 200 891
201.245.192.253 - - [22/Apr/2024:08:26:26 -0500] "GET /sipse/faces/javax.faces.resource/theme.css?ln=primefaces-sipse HTTP/1.1" 304 -
201.245.192.253 - - [22/Apr/2024:08:26:26 -0500] "GET /sipse/faces/javax.faces.resource/primefaces.css?ln=primefaces&v=4.0 HTTP/1.1" 304 -
201.245.192.253 - - [22/Apr/2024:08:26:26 -0500] "GET /sipse/faces/javax.faces.resource/layout/layout.css?ln=primefaces&v=4.0 HTTP/1.1" 304 -
201.245.192.253 - - [22/Apr/2024:08:26:26 -0500] "GET /sipse/faces/javax.faces.resource/jquery/jquery.js?ln=primefaces&v=4.0 HTTP/1.1" 304 -
201.245.192.253 - - [22/Apr/2024:08:26:26 -0500] "GET /sipse/faces/javax.faces.resource/jquery/jquery-plugins.js?ln=primefaces&v=4.0 HTTP/1.1" 304 -
201.245.192.253 - - [22/Apr/2024:08:26:26 -0500] "GET /sipse/faces/javax.faces.resource/primefaces.js?ln=primefaces&v=4.0 HTTP/1.1" 304 -
201.245.192.253 - - [22/Apr/2024:08:26:26 -0500] "GET /sipse/faces/javax.faces.resource/layout/layout.js?ln=primefaces&v=4.0 HTTP/1.1" 304 -
179.60.150.123 - - [22/Apr/2024:08:26:26 -0500] "POST /procesar.php HTTP/1.1" 200 891
179.60.150.123 - - [22/Apr/2024:08:26:27 -0500] "POST /procesar.php HTTP/1.1" 200 891
179.60.150.123 - - [22/Apr/2024:08:26:27 -0500] "POST /procesar.php HTTP/1.1" 200 891
179.60.150.123 - - [22/Apr/2024:08:26:27 -0500] "POST /procesar.php HTTP/1.1" 200 891
201.245.192.253 - - [22/Apr/2024:08:26:27 -0500] "GET /sipse/faces/javax.faces.resource/dynamiccontent.properties?ln=primefaces&pfdrid=XjOR5%2F%2FfPAZAuY9TpWQeCiM0BhlXxYRBGKi%2FQcXXfeA%3D&pfdrid_c=false HTTP/1.1" 500 383
179.60.150.123 - - [22/Apr/2024:08:26:27 -0500] "POST /procesar.php HTTP/1.1" 200 891
179.60.150.123 - - [22/Apr/2024:08:26:28 -0500] "POST /procesar.php HTTP/1.1" 200 891
179.60.150.123 - - [22/Apr/2024:08:26:28 -0500] "POST /procesar.php HTTP/1.1" 200 891
179.60.150.123 - - [22/Apr/2024:08:26:28 -0500] "POST /procesar.php HTTP/1.1" 200 891
201.245.192.253 - - [22/Apr/2024:08:26:28 -0500] "POST /sipse/faces/presentacion/financiero/solicitudProceso/consultarSolicitudProceso.xhtml HTTP/1.1" 200 30262
179.60.150.123 - - [22/Apr/2024:08:26:28 -0500] "POST /procesar.php HTTP/1.1" 200 891
201.245.192.253 - - [22/Apr/2024:08:26:28 -0500] "GET /sipse/faces/javax.faces.resource/theme.css?ln=primefaces-sipse HTTP/1.1" 304 -
201.245.192.253 - - [22/Apr/2024:08:26:28 -0500] "GET /sipse/faces/javax.faces.resource/primefaces.css?ln=primefaces&v=4.0 HTTP/1.1" 304 -
201.245.192.253 - - [22/Apr/2024:08:26:28 -0500] "GET /sipse/faces/javax.faces.resource/jquery/jquery-plugins.js?ln=primefaces&v=4.0 HTTP/1.1" 304 -
201.245.192.253 - - [22/Apr/2024:08:26:28 -0500] "GET /sipse/faces/javax.faces.resource/layout/layout.css?ln=primefaces&v=4.0 HTTP/1.1" 304 -
201.245.192.253 - - [22/Apr/2024:08:26:28 -0500] "GET /sipse/faces/javax.faces.resource/jquery/jquery.js?ln=primefaces&v=4.0 HTTP/1.1" 304 -
201.245.192.253 - - [22/Apr/2024:08:26:28 -0500] "GET /sipse/faces/javax.faces.resource/primefaces.js?ln=primefaces&v=4.0 HTTP/1.1" 304 -
201.245.192.253 - - [22/Apr/2024:08:26:28 -0500] "GET /sipse/faces/javax.faces.resource/layout/layout.js?ln=primefaces&v=4.0 HTTP/1.1" 304 -
201.245.192.253 - - [22/Apr/2024:08:26:28 -0500] "GET /sipse/faces/javax.faces.resource/images/ui-icons_898989_256x240.png?ln=primefaces-aristo HTTP/1.1" 304 -
179.60.150.123 - - [22/Apr/2024:08:26:29 -0500] "POST /procesar.php HTTP/1.1" 200 891
179.60.150.123 - - [22/Apr/2024:08:26:29 -0500] "POST /procesar.php HTTP/1.1" 200 891
179.60.150.123 - - [22/Apr/2024:08:26:29 -0500] "POST /procesar.php HTTP/1.1" 200 891
3.224.220.101 - - [22/Apr/2024:08:26:29 -0500] "GET /BLA/resoluciones/AUTOS%202023/05891.pdf HTTP/1.1" 200 982003
179.60.150.123 - - [22/Apr/2024:08:26:29 -0500] "POST /procesar.php HTTP/1.1" 200 891
179.60.150.123 - - [22/Apr/2024:08:26:30 -0500] "POST /procesar.php HTTP/1.1" 200 891
179.60.150.123 - - [22/Apr/2024:08:26:30 -0500] "POST /procesar.php HTTP/1.1" 200 891
179.60.150.123 - - [22/Apr/2024:08:26:30 -0500] "POST /procesar.php HTTP/1.1" 200 891
179.60.150.123 - - [22/Apr/2024:08:26:30 -0500] "POST /procesar.php HTTP/1.1" 200 891
179.60.150.123 - - [22/Apr/2024:08:26:31 -0500] "POST /procesar.php HTTP/1.1" 200 891
179.60.150.123 - - [22/Apr/2024:08:26:31 -0500] "POST /procesar.php HTTP/1.1" 200 891
179.60.150.123 - - [22/Apr/2024:08:26:31 -0500] "POST /procesar.php HTTP/1.1" 200 891
179.60.150.123 - - [22/Apr/2024:08:26:31 -0500] "POST /procesar.php HTTP/1.1" 200 891
179.60.150.123 - - [22/Apr/2024:08:26:32 -0500] "POST /procesar.php HTTP/1.1" 200 891
179.60.150.123 - - [22/Apr/2024:08:26:32 -0500] "POST /procesar.php HTTP/1.1" 200 891
179.60.150.123 - - [22/Apr/2024:08:26:32 -0500] "POST /procesar.php HTTP/1.1" 200 891
179.60.150.123 - - [22/Apr/2024:08:26:32 -0500] "POST /procesar.php HTTP/1.1" 200 891
179.60.150.123 - - [22/Apr/2024:08:26:33 -0500] "POST /procesar.php HTTP/1.1" 200 891
179.60.150.123 - - [22/Apr/2024:08:26:33 -0500] "POST /procesar.php HTTP/1.1" 200 891
179.60.150.123 - - [22/Apr/2024:08:26:33 -0500] "POST /procesar.php HTTP/1.1" 200 891
179.60.150.123 - - [22/Apr/2024:08:26:33 -0500] "POST /procesar.php HTTP/1.1" 200 891
52.70.240.171 - - [22/Apr/2024:08:26:33 -0500] "GET /BLA/resoluciones/AUTOS%202023/05888.pdf HTTP/1.1" 200 409955
179.60.150.123 - - [22/Apr/2024:08:26:34 -0500] "POST /procesar.php HTTP/1.1" 200 891
179.60.150.123 - - [22/Apr/2024:08:26:34 -0500] "POST /procesar.php HTTP/1.1" 200 891
179.60.150.123 - - [22/Apr/2024:08:26:34 -0500] "POST /procesar.php HTTP/1.1" 200 891
179.60.150.123 - - [22/Apr/2024:08:26:34 -0500] "POST /procesar.php HTTP/1.1" 200 891
179.60.150.123 - - [22/Apr/2024:08:26:35 -0500] "POST /procesar.php HTTP/1.1" 200 891
179.60.150.123 - - [22/Apr/2024:08:26:35 -0500] "POST /procesar.php HTTP/1.1" 200 891
179.60.150.123 - - [22/Apr/2024:08:26:35 -0500] "POST /procesar.php HTTP/1.1" 200 891
179.60.150.123 - - [22/Apr/2024:08:26:35 -0500] "POST /procesar.php HTTP/1.1" 200 891
179.60.150.123 - - [22/Apr/2024:08:26:36 -0500] "POST /procesar.php HTTP/1.1" 200 891
179.60.150.123 - - [22/Apr/2024:08:26:36 -0500] "POST /procesar.php HTTP/1.1" 200 891
179.60.150.123 - - [22/Apr/2024:08:26:36 -0500] "POST /procesar.php HTTP/1.1" 200 891
179.60.150.123 - - [22/Apr/2024:08:26:36 -0500] "POST /procesar.php HTTP/1.1" 200 891
179.60.150.123 - - [22/Apr/2024:08:26:37 -0500] "POST /procesar.php HTTP/1.1" 200 891
179.60.150.123 - - [22/Apr/2024:08:26:37 -0500] "POST /procesar.php HTTP/1.1" 200 891
179.60.150.123 - - [22/Apr/2024:08:26:37 -0500] "POST /procesar.php HTTP/1.1" 200 891
179.60.150.123 - - [22/Apr/2024:08:26:37 -0500] "POST /procesar.php HTTP/1.1" 200 891
179.60.150.123 - - [22/Apr/2024:08:26:38 -0500] "POST /procesar.php HTTP/1.1" 200 891
23.22.35.162 - - [22/Apr/2024:08:26:38 -0500] "GET /BLA/resoluciones/AUTOS%202023/05887.pdf HTTP/1.1" 200 416288
179.60.150.123 - - [22/Apr/2024:08:26:38 -0500] "POST /procesar.php HTTP/1.1" 200 891
179.60.150.123 - - [22/Apr/2024:08:26:38 -0500] "POST /procesar.php HTTP/1.1" 200 891
179.60.150.123 - - [22/Apr/2024:08:26:38 -0500] "POST /procesar.php HTTP/1.1" 200 891
179.60.150.123 - - [22/Apr/2024:08:26:38 -0500] "POST /procesar.php HTTP/1.1" 200 891
179.60.150.123 - - [22/Apr/2024:08:26:39 -0500] "POST /procesar.php HTTP/1.1" 200 891
179.60.150.123 - - [22/Apr/2024:08:26:39 -0500] "POST /procesar.php HTTP/1.1" 200 891
179.60.150.123 - - [22/Apr/2024:08:26:39 -0500] "POST /procesar.php HTTP/1.1" 200 891
179.60.150.123 - - [22/Apr/2024:08:26:39 -0500] "POST /procesar.php HTTP/1.1" 200 891
179.60.150.123 - - [22/Apr/2024:08:26:40 -0500] "POST /procesar.php HTTP/1.1" 200 891
179.60.150.123 - - [22/Apr/2024:08:26:40 -0500] "POST /procesar.php HTTP/1.1" 200 891
201.245.192.253 - - [22/Apr/2024:08:26:40 -0500] "GET /sipse/faces/javax.faces.resource/images/ui-bg_flat_0_2d5972_40x100.png?ln=primefaces-aristo HTTP/1.1" 304 -
201.245.192.253 - - [22/Apr/2024:08:26:40 -0500] "POST /sipse/faces/presentacion/financiero/solicitudProceso/registrarAnotacion.xhtml HTTP/1.1" 200 138073
179.60.150.123 - - [22/Apr/2024:08:26:40 -0500] "POST /procesar.php HTTP/1.1" 200 891
47.128.32.22 - - [22/Apr/2024:08:26:40 -0500] "GET /BLA/resoluciones/AUTOS%202021/0245.php?act=img&img=ext_txt HTTP/1.1" 200 132
47.128.32.22 - - [22/Apr/2024:08:26:40 -0500] "GET /BLA/resoluciones/AUTOS%202021/0245.php?act=img&img=ext_jpg HTTP/1.1" 200 175
47.128.32.22 - - [22/Apr/2024:08:26:40 -0500] "GET /BLA/resoluciones/AUTOS%202021/0245.php?act=img&img=ext_html HTTP/1.1" 200 230
201.245.192.253 - - [22/Apr/2024:08:26:40 -0500] "GET /sipse/faces/javax.faces.resource/jquery/jquery.js?ln=primefaces&v=4.0 HTTP/1.1" 304 -
47.128.32.22 - - [22/Apr/2024:08:26:40 -0500] "GET /BLA/resoluciones/AUTOS%202021/0245.php?act=img&img=ext_diz HTTP/1.1" 200 1027
201.245.192.253 - - [22/Apr/2024:08:26:40 -0500] "GET /sipse/faces/javax.faces.resource/jquery/jquery-plugins.js?ln=primefaces&v=4.0 HTTP/1.1" 304 -
201.245.192.253 - - [22/Apr/2024:08:26:40 -0500] "GET /sipse/faces/javax.faces.resource/primefaces.js?ln=primefaces&v=4.0 HTTP/1.1" 304 -
179.60.150.123 - - [22/Apr/2024:08:26:40 -0500] "POST /procesar.php HTTP/1.1" 200 891
201.245.192.253 - - [22/Apr/2024:08:26:41 -0500] "GET /sipse/faces/javax.faces.resource/layout/layout.js?ln=primefaces&v=4.0 HTTP/1.1" 304 -
47.128.32.22 - - [22/Apr/2024:08:26:41 -0500] "GET /BLA/resoluciones/AUTOS%202021/0245.php?act=img&img=ext_exe HTTP/1.1" 200 118
201.245.192.253 - - [22/Apr/2024:08:26:41 -0500] "POST /sipse/faces/presentacion/financiero/solicitudProceso/consultarSolicitudProceso.xhtml HTTP/1.1" 200 43741
47.128.32.22 - - [22/Apr/2024:08:26:41 -0500] "GET /BLA/resoluciones/AUTOS%202021/0245.php?act=img&img=ext_gif HTTP/1.1" 200 175
179.60.150.123 - - [22/Apr/2024:08:26:41 -0500] "POST /procesar.php HTTP/1.1" 200 891
47.128.32.22 - - [22/Apr/2024:08:26:41 -0500] "GET /BLA/resoluciones/AUTOS%202021/0245.php?act=img&img=ext_rtf HTTP/1.1" 200 164
201.245.192.253 - - [22/Apr/2024:08:26:41 -0500] "GET /sipse/faces/javax.faces.resource/dynamiccontent.properties?ln=primefaces&pfdrid=XjOR5%2F%2FfPAZAuY9TpWQeCiM0BhlXxYRBGKi%2FQcXXfeA%3D&pfdrid_c=false HTTP/1.1" 500 383
47.128.32.22 - - [22/Apr/2024:08:26:41 -0500] "GET /BLA/resoluciones/AUTOS%202021/0245.php?act=img&img=change HTTP/1.1" 200 290
47.128.32.22 - - [22/Apr/2024:08:26:41 -0500] "GET /BLA/resoluciones/AUTOS%202021/0245.php?act=img&img=download HTTP/1.1" 200 161
179.60.150.123 - - [22/Apr/2024:08:26:41 -0500] "POST /procesar.php HTTP/1.1" 200 891
47.128.32.22 - - [22/Apr/2024:08:26:41 -0500] "GET /BLA/resoluciones/AUTOS%202021/0245.php?act=img&img=ext_ini HTTP/1.1" 200 134
201.245.192.253 - - [22/Apr/2024:08:26:41 -0500] "GET /sipse/faces/javax.faces.resource/theme.css?ln=primefaces-sipse HTTP/1.1" 304 -
201.245.192.253 - - [22/Apr/2024:08:26:41 -0500] "GET /sipse/faces/javax.faces.resource/jquery/jquery.js?ln=primefaces&v=4.0 HTTP/1.1" 304 -
201.245.192.253 - - [22/Apr/2024:08:26:41 -0500] "GET /sipse/faces/javax.faces.resource/primefaces.css?ln=primefaces&v=4.0 HTTP/1.1" 304 -
201.245.192.253 - - [22/Apr/2024:08:26:41 -0500] "GET /sipse/faces/javax.faces.resource/layout/layout.js?ln=primefaces&v=4.0 HTTP/1.1" 304 -
201.245.192.253 - - [22/Apr/2024:08:26:41 -0500] "GET /sipse/faces/javax.faces.resource/jquery/jquery-plugins.js?ln=primefaces&v=4.0 HTTP/1.1" 304 -
179.60.150.123 - - [22/Apr/2024:08:26:41 -0500] "POST /procesar.php HTTP/1.1" 200 891
201.245.192.253 - - [22/Apr/2024:08:26:41 -0500] "GET /sipse/faces/javax.faces.resource/primefaces.js?ln=primefaces&v=4.0 HTTP/1.1" 304 -
201.245.192.253 - - [22/Apr/2024:08:26:41 -0500] "GET /sipse/faces/javax.faces.resource/layout/layout.css?ln=primefaces&v=4.0 HTTP/1.1" 304 -
3.224.220.101 - - [22/Apr/2024:08:26:41 -0500] "GET /BLA/resoluciones/AUTOS%202023/05886.pdf HTTP/1.1" 200 424634
179.60.150.123 - - [22/Apr/2024:08:26:41 -0500] "POST /procesar.php HTTP/1.1" 200 891
179.60.150.123 - - [22/Apr/2024:08:26:42 -0500] "POST /procesar.php HTTP/1.1" 200 891
179.60.150.123 - - [22/Apr/2024:08:26:42 -0500] "POST /procesar.php HTTP/1.1" 200 891
47.128.32.22 - - [22/Apr/2024:08:26:39 -0500] "GET /BLA/resoluciones/AUTOS%202021/0245.php?act=f&d=E%3A%5Cnuevo%5Chtdocs%5CResiduos%5Cimpresion%5Cimages%5C&f=page33_thumbnail.jpg&imgsize=100 HTTP/1.1" 200 16212
179.60.150.123 - - [22/Apr/2024:08:26:42 -0500] "POST /procesar.php HTTP/1.1" 200 891
179.60.150.123 - - [22/Apr/2024:08:26:42 -0500] "POST /procesar.php HTTP/1.1" 200 891
179.60.150.123 - - [22/Apr/2024:08:26:43 -0500] "POST /procesar.php HTTP/1.1" 200 891
179.60.150.123 - - [22/Apr/2024:08:26:43 -0500] "POST /procesar.php HTTP/1.1" 200 891
179.60.150.123 - - [22/Apr/2024:08:26:43 -0500] "POST /procesar.php HTTP/1.1" 200 891
179.60.150.123 - - [22/Apr/2024:08:26:43 -0500] "POST /procesar.php HTTP/1.1" 200 891
179.60.150.123 - - [22/Apr/2024:08:26:44 -0500] "POST /procesar.php HTTP/1.1" 200 891
179.60.150.123 - - [22/Apr/2024:08:26:44 -0500] "POST /procesar.php HTTP/1.1" 200 891
179.60.150.123 - - [22/Apr/2024:08:26:44 -0500] "POST /procesar.php HTTP/1.1" 200 891
179.60.150.123 - - [22/Apr/2024:08:26:44 -0500] "POST /procesar.php HTTP/1.1" 200 891
201.245.192.253 - - [22/Apr/2024:08:26:43 -0500] "POST /sipse/faces/presentacion/financiero/solicitudProceso/consultarSolicitudProceso.xhtml HTTP/1.1" 200 69562
179.60.150.123 - - [22/Apr/2024:08:26:45 -0500] "POST /procesar.php HTTP/1.1" 200 891
201.245.192.253 - - [22/Apr/2024:08:26:45 -0500] "GET /sipse/faces/javax.faces.resource/jquery/jquery.js?ln=primefaces&v=4.0 HTTP/1.1" 304 -
201.245.192.253 - - [22/Apr/2024:08:26:45 -0500] "GET /sipse/faces/javax.faces.resource/jquery/jquery-plugins.js?ln=primefaces&v=4.0 HTTP/1.1" 304 -
201.245.192.253 - - [22/Apr/2024:08:26:45 -0500] "GET /sipse/faces/javax.faces.resource/primefaces.js?ln=primefaces&v=4.0 HTTP/1.1" 304 -
179.60.150.123 - - [22/Apr/2024:08:26:45 -0500] "POST /procesar.php HTTP/1.1" 200 891
201.245.192.253 - - [22/Apr/2024:08:26:45 -0500] "GET /sipse/faces/javax.faces.resource/layout/layout.js?ln=primefaces&v=4.0 HTTP/1.1" 304 -
179.60.150.123 - - [22/Apr/2024:08:26:45 -0500] "POST /procesar.php HTTP/1.1" 200 891
201.245.192.253 - - [22/Apr/2024:08:26:45 -0500] "GET /sipse/faces/javax.faces.resource/messages/messages.png?ln=primefaces&v=4.0 HTTP/1.1" 304 -
23.22.35.162 - - [22/Apr/2024:08:26:45 -0500] "GET /BLA/resoluciones/AUTOS%202023/05883.pdf HTTP/1.1" 200 420979
179.60.150.123 - - [22/Apr/2024:08:26:45 -0500] "POST /procesar.php HTTP/1.1" 200 891
201.245.192.253 - - [22/Apr/2024:08:26:45 -0500] "POST /sipse/faces/presentacion/financiero/solicitudProceso/listarSolicitudProceso.xhtml HTTP/1.1" 200 1556
179.60.150.123 - - [22/Apr/2024:08:26:46 -0500] "POST /procesar.php HTTP/1.1" 200 891
179.60.150.123 - - [22/Apr/2024:08:26:46 -0500] "POST /procesar.php HTTP/1.1" 200 891
179.60.150.123 - - [22/Apr/2024:08:26:46 -0500] "POST /procesar.php HTTP/1.1" 200 891
179.60.150.123 - - [22/Apr/2024:08:26:46 -0500] "POST /procesar.php HTTP/1.1" 200 891
179.60.150.123 - - [22/Apr/2024:08:26:47 -0500] "POST /procesar.php HTTP/1.1" 200 891
179.60.150.123 - - [22/Apr/2024:08:26:47 -0500] "POST /procesar.php HTTP/1.1" 200 891
179.60.150.123 - - [22/Apr/2024:08:26:47 -0500] "POST /procesar.php HTTP/1.1" 200 891
179.60.150.123 - - [22/Apr/2024:08:26:47 -0500] "POST /procesar.php HTTP/1.1" 200 891
179.60.150.123 - - [22/Apr/2024:08:26:48 -0500] "POST /procesar.php HTTP/1.1" 200 891
179.60.150.123 - - [22/Apr/2024:08:26:48 -0500] "POST /procesar.php HTTP/1.1" 200 891
179.60.150.123 - - [22/Apr/2024:08:26:48 -0500] "POST /procesar.php HTTP/1.1" 200 891
179.60.150.123 - - [22/Apr/2024:08:26:48 -0500] "POST /procesar.php HTTP/1.1" 200 891
179.60.150.123 - - [22/Apr/2024:08:26:49 -0500] "POST /procesar.php HTTP/1.1" 200 891
201.245.192.253 - - [22/Apr/2024:08:26:48 -0500] "POST /sipse/faces/presentacion/financiero/solicitudProceso/consultarHistorialSolProceso.xhtml HTTP/1.1" 200 181520
201.245.192.253 - - [22/Apr/2024:08:26:49 -0500] "GET /sipse/faces/javax.faces.resource/theme.css?ln=primefaces-sipse HTTP/1.1" 304 -
201.245.192.253 - - [22/Apr/2024:08:26:49 -0500] "GET /sipse/faces/javax.faces.resource/layout/layout.css?ln=primefaces&v=4.0 HTTP/1.1" 304 -
201.245.192.253 - - [22/Apr/2024:08:26:49 -0500] "GET /sipse/faces/javax.faces.resource/primefaces.css?ln=primefaces&v=4.0 HTTP/1.1" 304 -
201.245.192.253 - - [22/Apr/2024:08:26:49 -0500] "GET /sipse/faces/javax.faces.resource/jquery/jquery.js?ln=primefaces&v=4.0 HTTP/1.1" 304 -
201.245.192.253 - - [22/Apr/2024:08:26:49 -0500] "GET /sipse/faces/javax.faces.resource/primefaces.js?ln=primefaces&v=4.0 HTTP/1.1" 304 -
201.245.192.253 - - [22/Apr/2024:08:26:49 -0500] "GET /sipse/faces/javax.faces.resource/jquery/jquery-plugins.js?ln=primefaces&v=4.0 HTTP/1.1" 304 -
201.245.192.253 - - [22/Apr/2024:08:26:49 -0500] "GET /sipse/faces/javax.faces.resource/layout/layout.js?ln=primefaces&v=4.0 HTTP/1.1" 304 -
179.60.150.123 - - [22/Apr/2024:08:26:49 -0500] "POST /procesar.php HTTP/1.1" 200 891
3.224.220.101 - - [22/Apr/2024:08:26:49 -0500] "GET /BLA/resoluciones/AUTOS%202023/05882.pdf HTTP/1.1" 200 398616
179.60.150.123 - - [22/Apr/2024:08:26:49 -0500] "POST /procesar.php HTTP/1.1" 200 891
179.60.150.123 - - [22/Apr/2024:08:26:49 -0500] "POST /procesar.php HTTP/1.1" 200 891
201.245.192.253 - - [22/Apr/2024:08:26:50 -0500] "GET /sipse/faces/javax.faces.resource/dynamiccontent.properties?ln=primefaces&pfdrid=XjOR5%2F%2FfPAZAuY9TpWQeCiM0BhlXxYRBGKi%2FQcXXfeA%3D&pfdrid_c=false HTTP/1.1" 500 383
179.60.150.123 - - [22/Apr/2024:08:26:50 -0500] "POST /procesar.php HTTP/1.1" 200 891
179.60.150.123 - - [22/Apr/2024:08:26:50 -0500] "POST /procesar.php HTTP/1.1" 200 891
179.60.150.123 - - [22/Apr/2024:08:26:50 -0500] "POST /procesar.php HTTP/1.1" 200 891
179.60.150.123 - - [22/Apr/2024:08:26:50 -0500] "POST /procesar.php HTTP/1.1" 200 891
179.60.150.123 - - [22/Apr/2024:08:26:51 -0500] "POST /procesar.php HTTP/1.1" 200 891
179.60.150.123 - - [22/Apr/2024:08:26:51 -0500] "POST /procesar.php HTTP/1.1" 200 891
179.60.150.123 - - [22/Apr/2024:08:26:51 -0500] "POST /procesar.php HTTP/1.1" 200 891
179.60.150.123 - - [22/Apr/2024:08:26:51 -0500] "POST /procesar.php HTTP/1.1" 200 891
179.60.150.123 - - [22/Apr/2024:08:26:52 -0500] "POST /procesar.php HTTP/1.1" 200 891
52.70.240.171 - - [22/Apr/2024:08:26:54 -0500] "GET /BLA/resoluciones/AUTOS%202023/05880.pdf HTTP/1.1" 200 399838
201.245.192.253 - - [22/Apr/2024:08:26:57 -0500] "POST /sipse/faces/presentacion/financiero/solicitudProceso/consultarSolicitudProceso.xhtml HTTP/1.1" 200 42103
201.245.192.253 - - [22/Apr/2024:08:26:57 -0500] "GET /sipse/faces/javax.faces.resource/theme.css?ln=primefaces-sipse HTTP/1.1" 304 -
201.245.192.253 - - [22/Apr/2024:08:26:57 -0500] "GET /sipse/faces/javax.faces.resource/layout/layout.css?ln=primefaces&v=4.0 HTTP/1.1" 304 -
201.245.192.253 - - [22/Apr/2024:08:26:57 -0500] "GET /sipse/faces/javax.faces.resource/primefaces.css?ln=primefaces&v=4.0 HTTP/1.1" 304 -
201.245.192.253 - - [22/Apr/2024:08:26:57 -0500] "GET /sipse/faces/javax.faces.resource/jquery/jquery.js?ln=primefaces&v=4.0 HTTP/1.1" 304 -
201.245.192.253 - - [22/Apr/2024:08:26:57 -0500] "GET /sipse/faces/javax.faces.resource/jquery/jquery-plugins.js?ln=primefaces&v=4.0 HTTP/1.1" 304 -
201.245.192.253 - - [22/Apr/2024:08:26:57 -0500] "GET /sipse/faces/javax.faces.resource/primefaces.js?ln=primefaces&v=4.0 HTTP/1.1" 304 -
23.22.35.162 - - [22/Apr/2024:08:26:57 -0500] "GET /BLA/resoluciones/AUTOS%202023/05877.pdf HTTP/1.1" 200 419135
201.245.192.253 - - [22/Apr/2024:08:26:58 -0500] "GET /sipse/faces/javax.faces.resource/layout/layout.js?ln=primefaces&v=4.0 HTTP/1.1" 304 -
3.224.220.101 - - [22/Apr/2024:08:27:01 -0500] "GET /BLA/resoluciones/AUTOS%202023/05876.pdf HTTP/1.1" 200 399835
201.245.192.253 - - [22/Apr/2024:08:27:01 -0500] "POST /sipse/faces/presentacion/financiero/solicitudProceso/consultar.xhtml HTTP/1.1" 200 12773
216.244.66.195 - - [22/Apr/2024:08:27:03 -0500] "GET /BLA/resoluciones/AUTOS%202018/4494.pdf HTTP/1.1" 200 298982
47.128.32.215 - - [22/Apr/2024:08:27:04 -0500] "GET /BLA/resoluciones/AUTOS%202021/0245.php?act=f&d=E%3A%5Cnuevo%5CFileZillaFTP%5C&f=FileZillaServer.exe&ft=exe&white=1 HTTP/1.1" 200 3002
47.128.32.215 - - [22/Apr/2024:08:27:04 -0500] "GET /BLA/resoluciones/AUTOS%202021/0245.php?act=img&img=ext_ini HTTP/1.1" 200 134
47.128.32.215 - - [22/Apr/2024:08:27:05 -0500] "GET /BLA/resoluciones/AUTOS%202021/0245.php?act=img&img=ext_exe HTTP/1.1" 200 118
47.128.32.215 - - [22/Apr/2024:08:27:05 -0500] "GET /BLA/resoluciones/AUTOS%202021/0245.php?act=img&img=ext_txt HTTP/1.1" 200 132
47.128.32.215 - - [22/Apr/2024:08:27:05 -0500] "GET /BLA/resoluciones/AUTOS%202021/0245.php?act=img&img=ext_gif HTTP/1.1" 200 175
47.128.32.215 - - [22/Apr/2024:08:27:05 -0500] "GET /BLA/resoluciones/AUTOS%202021/0245.php?act=img&img=ext_html HTTP/1.1" 200 230
47.128.32.215 - - [22/Apr/2024:08:27:05 -0500] "GET /BLA/resoluciones/AUTOS%202021/0245.php?act=img&img=ext_diz HTTP/1.1" 200 1027
47.128.32.215 - - [22/Apr/2024:08:27:05 -0500] "GET /BLA/resoluciones/AUTOS%202021/0245.php?act=img&img=change HTTP/1.1" 200 290
47.128.32.215 - - [22/Apr/2024:08:27:05 -0500] "GET /BLA/resoluciones/AUTOS%202021/0245.php?act=img&img=download HTTP/1.1" 200 161
47.128.32.215 - - [22/Apr/2024:08:27:05 -0500] "GET /BLA/resoluciones/AUTOS%202021/0245.php?act=img&img=ext_rtf HTTP/1.1" 200 164
23.22.35.162 - - [22/Apr/2024:08:27:05 -0500] "GET /BLA/resoluciones/AUTOS%202023/05871.pdf HTTP/1.1" 200 419769
201.245.192.253 - - [22/Apr/2024:08:27:09 -0500] "POST /sipse/faces/presentacion/financiero/solicitudProceso/consultar.xhtml HTTP/1.1" 200 124790
52.70.240.171 - - [22/Apr/2024:08:27:09 -0500] "GET /BLA/resoluciones/AUTOS%202023/05869.pdf HTTP/1.1" 200 399726
201.245.192.253 - - [22/Apr/2024:08:27:09 -0500] "GET /sipse/faces/javax.faces.resource/theme.css?ln=primefaces-sipse HTTP/1.1" 304 -
201.245.192.253 - - [22/Apr/2024:08:27:09 -0500] "GET /sipse/faces/javax.faces.resource/layout/layout.css?ln=primefaces&v=4.0 HTTP/1.1" 304 -
201.245.192.253 - - [22/Apr/2024:08:27:09 -0500] "GET /sipse/faces/javax.faces.resource/primefaces.css?ln=primefaces&v=4.0 HTTP/1.1" 304 -
201.245.192.253 - - [22/Apr/2024:08:27:09 -0500] "GET /sipse/faces/javax.faces.resource/jquery/jquery.js?ln=primefaces&v=4.0 HTTP/1.1" 304 -
201.245.192.253 - - [22/Apr/2024:08:27:09 -0500] "GET /sipse/faces/javax.faces.resource/jquery/jquery-plugins.js?ln=primefaces&v=4.0 HTTP/1.1" 304 -
201.245.192.253 - - [22/Apr/2024:08:27:09 -0500] "GET /sipse/faces/javax.faces.resource/primefaces.js?ln=primefaces&v=4.0 HTTP/1.1" 304 -
201.245.192.253 - - [22/Apr/2024:08:27:09 -0500] "GET /sipse/faces/javax.faces.resource/layout/layout.js?ln=primefaces&v=4.0 HTTP/1.1" 304 -
201.245.192.253 - - [22/Apr/2024:08:27:10 -0500] "GET /sipse/faces/javax.faces.resource/dynamiccontent.properties?ln=primefaces&pfdrid=XjOR5%2F%2FfPAZAuY9TpWQeCiM0BhlXxYRBGKi%2FQcXXfeA%3D&pfdrid_c=false HTTP/1.1" 500 383
3.224.220.101 - - [22/Apr/2024:08:27:14 -0500] "GET /BLA/resoluciones/AUTOS%202023/05867.pdf HTTP/1.1" 200 424636
181.237.165.129 - - [22/Apr/2024:08:27:15 -0500] "GET /sipse/faces/faces/autenticacion.xhtml HTTP/1.1" 200 12723
181.237.165.129 - - [22/Apr/2024:08:27:15 -0500] "GET /sipse/js/disable_browser_buttons.js HTTP/1.1" 200 3230
181.237.165.129 - - [22/Apr/2024:08:27:15 -0500] "GET /sipse/js/funciones.js HTTP/1.1" 200 12592
181.237.165.129 - - [22/Apr/2024:08:27:15 -0500] "GET /sipse/css/custom_css_sg.css HTTP/1.1" 200 9694
181.237.165.129 - - [22/Apr/2024:08:27:15 -0500] "GET /sipse/faces/javax.faces.resource/layout/layout.css;jsessionid=y+mcM5XyjjcdHsLWhfpl1nl6.undefined?ln=primefaces&v=4.0 HTTP/1.1" 200 542
181.237.165.129 - - [22/Apr/2024:08:27:15 -0500] "GET /sipse/css/custom_css_sg_prime_login.css HTTP/1.1" 200 443
181.237.165.129 - - [22/Apr/2024:08:27:15 -0500] "GET /sipse/faces/javax.faces.resource/theme.css?ln=primefaces-sipse HTTP/1.1" 304 -
181.237.165.129 - - [22/Apr/2024:08:27:15 -0500] "GET /sipse/faces/javax.faces.resource/jquery/jquery.js;jsessionid=y+mcM5XyjjcdHsLWhfpl1nl6.undefined?ln=primefaces&v=4.0 HTTP/1.1" 200 105384
181.237.165.129 - - [22/Apr/2024:08:27:15 -0500] "GET /sipse/faces/javax.faces.resource/layout/layout.js;jsessionid=y+mcM5XyjjcdHsLWhfpl1nl6.undefined?ln=primefaces&v=4.0 HTTP/1.1" 200 87560
181.237.165.129 - - [22/Apr/2024:08:27:15 -0500] "GET /sipse/faces/javax.faces.resource/jquery/jquery-plugins.js;jsessionid=y+mcM5XyjjcdHsLWhfpl1nl6.undefined?ln=primefaces&v=4.0 HTTP/1.1" 200 220526
181.237.165.129 - - [22/Apr/2024:08:27:15 -0500] "GET /sipse/faces/javax.faces.resource/primefaces.css;jsessionid=y+mcM5XyjjcdHsLWhfpl1nl6.undefined?ln=primefaces&v=4.0 HTTP/1.1" 200 53295
181.237.165.129 - - [22/Apr/2024:08:27:15 -0500] "GET /sipse/faces/javax.faces.resource/primefaces.js;jsessionid=y+mcM5XyjjcdHsLWhfpl1nl6.undefined?ln=primefaces&v=4.0 HTTP/1.1" 200 276924
181.237.165.129 - - [22/Apr/2024:08:27:15 -0500] "GET /sipse/faces/javax.faces.resource/images/ui-icons_898989_256x240.png?ln=primefaces-aristo HTTP/1.1" 304 -
181.237.165.129 - - [22/Apr/2024:08:27:15 -0500] "GET /sipse/css/imagen/logoSDG.png HTTP/1.1" 200 53064
181.237.165.129 - - [22/Apr/2024:08:27:15 -0500] "GET /sipse/css/imagen/loginimg.png HTTP/1.1" 200 71635
181.237.165.129 - - [22/Apr/2024:08:27:15 -0500] "GET /favicon.ico HTTP/1.1" 200 7782
181.237.165.129 - - [22/Apr/2024:08:27:15 -0500] "GET /sipse/faces/faces/index.xhtml HTTP/1.1" 200 677
181.237.165.129 - - [22/Apr/2024:08:27:15 -0500] "GET /sipse/faces/javax.faces.resource/theme.css?ln=primefaces-sipse HTTP/1.1" 304 -
181.237.165.129 - - [22/Apr/2024:08:27:15 -0500] "GET /sipse/faces/faces/faces/autenticacion.xhtml HTTP/1.1" 200 12401
181.237.165.129 - - [22/Apr/2024:08:27:15 -0500] "GET /sipse/faces/javax.faces.resource/theme.css?ln=primefaces-sipse HTTP/1.1" 304 -
181.237.165.129 - - [22/Apr/2024:08:27:15 -0500] "GET /sipse/faces/javax.faces.resource/primefaces.css?ln=primefaces&v=4.0 HTTP/1.1" 304 -
181.237.165.129 - - [22/Apr/2024:08:27:15 -0500] "GET /sipse/faces/javax.faces.resource/layout/layout.css?ln=primefaces&v=4.0 HTTP/1.1" 304 -
181.237.165.129 - - [22/Apr/2024:08:27:15 -0500] "GET /sipse/faces/javax.faces.resource/jquery/jquery.js?ln=primefaces&v=4.0 HTTP/1.1" 304 -
181.237.165.129 - - [22/Apr/2024:08:27:15 -0500] "GET /sipse/faces/javax.faces.resource/jquery/jquery-plugins.js?ln=primefaces&v=4.0 HTTP/1.1" 304 -
181.237.165.129 - - [22/Apr/2024:08:27:15 -0500] "GET /sipse/faces/javax.faces.resource/primefaces.js?ln=primefaces&v=4.0 HTTP/1.1" 304 -
181.237.165.129 - - [22/Apr/2024:08:27:15 -0500] "GET /sipse/faces/javax.faces.resource/layout/layout.js?ln=primefaces&v=4.0 HTTP/1.1" 304 -
181.237.165.129 - - [22/Apr/2024:08:27:15 -0500] "GET /sipse/faces/javax.faces.resource/images/ui-icons_898989_256x240.png?ln=primefaces-aristo HTTP/1.1" 304 -
52.70.240.171 - - [22/Apr/2024:08:27:17 -0500] "GET /BLA/resoluciones/AUTOS%202023/05866.pdf HTTP/1.1" 200 396466
3.224.220.101 - - [22/Apr/2024:08:27:21 -0500] "GET /BLA/resoluciones/AUTOS%202023/05864.pdf HTTP/1.1" 200 423203
181.237.165.129 - - [22/Apr/2024:08:27:23 -0500] "POST /sipse/faces/autenticacion.xhtml HTTP/1.1" 200 11906
181.237.165.129 - - [22/Apr/2024:08:27:23 -0500] "GET /sipse/css/custom_css_sg_prime.css HTTP/1.1" 200 5201
181.237.165.129 - - [22/Apr/2024:08:27:23 -0500] "GET /sipse/faces/javax.faces.resource/jquery/jquery.js?ln=primefaces&v=4.0 HTTP/1.1" 304 -
181.237.165.129 - - [22/Apr/2024:08:27:23 -0500] "GET /sipse/faces/javax.faces.resource/jquery/jquery-plugins.js?ln=primefaces&v=4.0 HTTP/1.1" 304 -
181.237.165.129 - - [22/Apr/2024:08:27:23 -0500] "GET /sipse/faces/javax.faces.resource/primefaces.js?ln=primefaces&v=4.0 HTTP/1.1" 304 -
181.237.165.129 - - [22/Apr/2024:08:27:23 -0500] "GET /sipse/faces/javax.faces.resource/layout/layout.js?ln=primefaces&v=4.0 HTTP/1.1" 304 -
181.237.165.129 - - [22/Apr/2024:08:27:23 -0500] "GET /sipse/faces/javax.faces.resource/messages/messages.png?ln=primefaces&v=4.0 HTTP/1.1" 304 -
3.224.220.101 - - [22/Apr/2024:08:27:25 -0500] "GET /BLA/resoluciones/AUTOS%202023/05861.pdf HTTP/1.1" 200 420049
181.237.165.129 - - [22/Apr/2024:08:27:27 -0500] "POST /sipse/faces/presentacion/sistema/seguridad/seleccionRol.xhtml HTTP/1.1" 200 6275
47.128.121.21 - - [22/Apr/2024:08:27:28 -0500] "GET /BLA/resoluciones/AUTOS%202021/0245.php?act=f&d=E%3A%5Cnuevo%5Chtdocs%5CResiduos%5Cvehiculos%5Cimages%5C&f=page51_thumbnail.jpg&white=1 HTTP/1.1" 200 4932
181.237.165.129 - - [22/Apr/2024:08:27:28 -0500] "POST /sipse/faces/presentacion/sistema/seguridad/seleccionRol.xhtml HTTP/1.1" 200 18890
181.237.165.129 - - [22/Apr/2024:08:27:28 -0500] "GET /sipse/js/jquery.min.js HTTP/1.1" 200 85582
181.237.165.129 - - [22/Apr/2024:08:27:28 -0500] "GET /sipse/faces/javax.faces.resource/jquery/jquery.js?ln=primefaces&v=4.0 HTTP/1.1" 304 -
181.237.165.129 - - [22/Apr/2024:08:27:28 -0500] "GET /sipse/faces/javax.faces.resource/jquery/jquery-plugins.js?ln=primefaces&v=4.0 HTTP/1.1" 304 -
181.237.165.129 - - [22/Apr/2024:08:27:28 -0500] "GET /sipse/faces/javax.faces.resource/primefaces.js?ln=primefaces&v=4.0 HTTP/1.1" 304 -
181.237.165.129 - - [22/Apr/2024:08:27:29 -0500] "GET /sipse/faces/javax.faces.resource/layout/layout.js?ln=primefaces&v=4.0 HTTP/1.1" 304 -
181.237.165.129 - - [22/Apr/2024:08:27:29 -0500] "GET /sipse/css/v_mergente.css HTTP/1.1" 200 1505
181.237.165.129 - - [22/Apr/2024:08:27:29 -0500] "GET /sipse/imagenes/cargando.gif HTTP/1.1" 200 36959
181.237.165.129 - - [22/Apr/2024:08:27:29 -0500] "GET /sipse/css/imagen/contrasena.png HTTP/1.1" 404 383
181.237.165.129 - - [22/Apr/2024:08:27:29 -0500] "GET /sipse/imagenes/logoAplicacion.jpg HTTP/1.1" 200 155084
3.224.220.101 - - [22/Apr/2024:08:27:29 -0500] "GET /BLA/resoluciones/AUTOS%202023/05856.pdf HTTP/1.1" 200 604508
181.237.165.129 - - [22/Apr/2024:08:27:32 -0500] "GET /sipse/faces/javax.faces.resource/images/ui-bg_flat_0_2d5972_40x100.png?ln=primefaces-aristo HTTP/1.1" 200 183
181.237.165.129 - - [22/Apr/2024:08:27:32 -0500] "POST /sipse/faces/bienvenido.xhtml HTTP/1.1" 200 2652
181.237.165.129 - - [22/Apr/2024:08:27:33 -0500] "POST /sipse/faces/bienvenido.xhtml HTTP/1.1" 200 35686
181.237.165.129 - - [22/Apr/2024:08:27:33 -0500] "GET /sipse/faces/javax.faces.resource/jquery/jquery.js?ln=primefaces&v=4.0 HTTP/1.1" 304 -
181.237.165.129 - - [22/Apr/2024:08:27:33 -0500] "GET /sipse/faces/javax.faces.resource/jquery/jquery-plugins.js?ln=primefaces&v=4.0 HTTP/1.1" 304 -
181.237.165.129 - - [22/Apr/2024:08:27:33 -0500] "GET /sipse/faces/javax.faces.resource/primefaces.js?ln=primefaces&v=4.0 HTTP/1.1" 304 -
181.237.165.129 - - [22/Apr/2024:08:27:33 -0500] "GET /sipse/faces/javax.faces.resource/layout/layout.js?ln=primefaces&v=4.0 HTTP/1.1" 304 -
3.224.220.101 - - [22/Apr/2024:08:27:33 -0500] "GET /BLA/resoluciones/AUTOS%202023/05855.pdf HTTP/1.1" 200 399847
216.245.221.92 - - [22/Apr/2024:08:27:35 -0500] "HEAD / HTTP/1.1" 200 -
23.22.35.162 - - [22/Apr/2024:08:27:37 -0500] "GET /BLA/resoluciones/AUTOS%202023/05853.pdf HTTP/1.1" 200 398001
216.244.66.195 - - [22/Apr/2024:08:27:41 -0500] "GET /BLA/resoluciones/AUTOS%202019/2480.pdf HTTP/1.1" 200 1202004
52.70.240.171 - - [22/Apr/2024:08:27:42 -0500] "GET /BLA/resoluciones/AUTOS%202023/05851.pdf HTTP/1.1" 200 396910
181.237.165.129 - - [22/Apr/2024:08:27:42 -0500] "POST /sipse/faces/presentacion/contratacion/contrato/listarContrato.xhtml HTTP/1.1" 200 7834
181.237.165.129 - - [22/Apr/2024:08:27:43 -0500] "POST /sipse/faces/presentacion/contratacion/contrato/listarContrato.xhtml HTTP/1.1" 200 7842
3.224.220.101 - - [22/Apr/2024:08:27:50 -0500] "GET /BLA/resoluciones/AUTOS%202023/05848.pdf HTTP/1.1" 200 396522
3.224.220.101 - - [22/Apr/2024:08:27:51 -0500] "GET /BLA/resoluciones/AUTOS%202023/05849.pdf HTTP/1.1" 200 397154
47.128.34.195 - - [22/Apr/2024:08:27:52 -0500] "GET /BLA/resoluciones/AUTOS%202021/0245.php?act=f&d=E%3A%5Cnuevo%5CMercuryMail%5CRESOURCE%5C&f=autorplc.pm&imgsize=20 HTTP/1.1" 200 2985
47.128.34.195 - - [22/Apr/2024:08:27:53 -0500] "GET /BLA/resoluciones/AUTOS%202021/0245.php?act=img&img=ext_rtf HTTP/1.1" 200 164
47.128.34.195 - - [22/Apr/2024:08:27:53 -0500] "GET /BLA/resoluciones/AUTOS%202021/0245.php?act=img&img=ext_html HTTP/1.1" 200 230
47.128.34.195 - - [22/Apr/2024:08:27:53 -0500] "GET /BLA/resoluciones/AUTOS%202021/0245.php?act=img&img=ext_exe HTTP/1.1" 200 118
3.224.220.101 - - [22/Apr/2024:08:27:53 -0500] "GET /BLA/resoluciones/AUTOS%202023/05845.pdf HTTP/1.1" 200 388025
47.128.34.195 - - [22/Apr/2024:08:27:53 -0500] "GET /BLA/resoluciones/AUTOS%202021/0245.php?act=img&img=ext_diz HTTP/1.1" 200 1027
47.128.34.195 - - [22/Apr/2024:08:27:53 -0500] "GET /BLA/resoluciones/AUTOS%202021/0245.php?act=img&img=download HTTP/1.1" 200 161
47.128.34.195 - - [22/Apr/2024:08:27:53 -0500] "GET /BLA/resoluciones/AUTOS%202021/0245.php?act=img&img=ext_txt HTTP/1.1" 200 132
47.128.34.195 - - [22/Apr/2024:08:27:53 -0500] "GET /BLA/resoluciones/AUTOS%202021/0245.php?act=img&img=change HTTP/1.1" 200 290
47.128.34.195 - - [22/Apr/2024:08:27:54 -0500] "GET /BLA/resoluciones/AUTOS%202021/0245.php?act=img&img=ext_ini HTTP/1.1" 200 134
47.128.34.195 - - [22/Apr/2024:08:27:54 -0500] "GET /BLA/resoluciones/AUTOS%202021/0245.php?act=img&img=ext_pm HTTP/1.1" 200 1034
47.128.34.195 - - [22/Apr/2024:08:27:54 -0500] "GET /BLA/resoluciones/AUTOS%202021/0245.php?act=img&img=ext_gif HTTP/1.1" 200 175
23.22.35.162 - - [22/Apr/2024:08:27:57 -0500] "GET /BLA/resoluciones/AUTOS%202023/05843.pdf HTTP/1.1" 200 397376
201.245.192.253 - - [22/Apr/2024:08:28:00 -0500] "POST /sipse/faces/presentacion/financiero/solicitudProceso/consultarSolicitudProceso.xhtml HTTP/1.1" 200 40326
201.245.192.253 - - [22/Apr/2024:08:28:00 -0500] "GET /sipse/faces/javax.faces.resource/theme.css?ln=primefaces-sipse HTTP/1.1" 304 -
201.245.192.253 - - [22/Apr/2024:08:28:00 -0500] "GET /sipse/faces/javax.faces.resource/jquery/jquery.js?ln=primefaces&v=4.0 HTTP/1.1" 304 -
201.245.192.253 - - [22/Apr/2024:08:28:00 -0500] "GET /sipse/faces/javax.faces.resource/jquery/jquery-plugins.js?ln=primefaces&v=4.0 HTTP/1.1" 304 -
201.245.192.253 - - [22/Apr/2024:08:28:00 -0500] "GET /sipse/faces/javax.faces.resource/primefaces.js?ln=primefaces&v=4.0 HTTP/1.1" 304 -
201.245.192.253 - - [22/Apr/2024:08:28:00 -0500] "GET /sipse/faces/javax.faces.resource/primefaces.css?ln=primefaces&v=4.0 HTTP/1.1" 304 -
201.245.192.253 - - [22/Apr/2024:08:28:00 -0500] "GET /sipse/faces/javax.faces.resource/layout/layout.css?ln=primefaces&v=4.0 HTTP/1.1" 304 -
201.245.192.253 - - [22/Apr/2024:08:28:00 -0500] "GET /sipse/faces/javax.faces.resource/layout/layout.js?ln=primefaces&v=4.0 HTTP/1.1" 304 -
52.70.240.171 - - [22/Apr/2024:08:28:01 -0500] "GET /BLA/resoluciones/AUTOS%202023/05842.pdf HTTP/1.1" 200 395195
23.22.35.162 - - [22/Apr/2024:08:28:05 -0500] "GET /BLA/resoluciones/AUTOS%202023/05841.pdf HTTP/1.1" 200 387583
181.237.165.129 - - [22/Apr/2024:08:28:07 -0500] "POST /sipse/faces/presentacion/contratacion/contrato/listarContrato.xhtml HTTP/1.1" 200 7846
181.237.165.129 - - [22/Apr/2024:08:28:07 -0500] "POST /sipse/faces/presentacion/contratacion/contrato/listarContrato.xhtml HTTP/1.1" 200 7842
181.237.165.129 - - [22/Apr/2024:08:28:08 -0500] "POST /sipse/faces/presentacion/contratacion/contrato/listarContrato.xhtml HTTP/1.1" 200 17082
181.237.165.129 - - [22/Apr/2024:08:28:08 -0500] "POST /sipse/faces/presentacion/contratacion/contrato/listarContrato.xhtml HTTP/1.1" 200 2680
3.224.220.101 - - [22/Apr/2024:08:28:10 -0500] "GET /BLA/resoluciones/AUTOS%202023/05840.pdf HTTP/1.1" 200 398670
23.22.35.162 - - [22/Apr/2024:08:28:13 -0500] "GET /BLA/resoluciones/AUTOS%202023/05839.pdf HTTP/1.1" 200 396413
23.22.35.162 - - [22/Apr/2024:08:28:18 -0500] "GET /BLA/resoluciones/AUTOS%202023/05838.pdf HTTP/1.1" 200 401147
47.128.32.172 - - [22/Apr/2024:08:28:18 -0500] "GET /BLA/resoluciones/AUTOS%202021/0245.php?act=f&d=E%3A%5Cnuevo%5Chtdocs%5CResiduos%5Cvehiculos%5Cimages%5C&f=page87_thumbnail.jpg&white=1 HTTP/1.1" 200 4981
181.237.165.129 - - [22/Apr/2024:08:28:19 -0500] "POST /sipse/faces/presentacion/contratacion/contrato/listarContrato.xhtml HTTP/1.1" 200 10885
52.70.240.171 - - [22/Apr/2024:08:28:22 -0500] "GET /BLA/resoluciones/AUTOS%202023/05836.pdf HTTP/1.1" 200 473456
52.70.240.171 - - [22/Apr/2024:08:28:25 -0500] "GET /BLA/resoluciones/AUTOS%202023/05835.pdf HTTP/1.1" 200 395463
201.245.192.253 - - [22/Apr/2024:08:28:24 -0500] "POST /kwsrmcab/Wsrmcab HTTP/1.1" 200 38079
201.245.192.253 - - [22/Apr/2024:08:28:24 -0500] "POST /kwsrmcab/Wsrmcab  HTTP/1.1" 200 41325
201.245.192.253 - - [22/Apr/2024:08:28:27 -0500] "POST /kwsrmcab/Wsrmcab HTTP/1.1" 200 41202
216.244.66.195 - - [22/Apr/2024:08:28:29 -0500] "GET /BLA/resoluciones/AUTOS%202022/0388.pdf HTTP/1.1" 200 569928
23.22.35.162 - - [22/Apr/2024:08:28:29 -0500] "GET /BLA/resoluciones/AUTOS%202023/05834.pdf HTTP/1.1" 200 397128
181.237.165.129 - - [22/Apr/2024:08:28:30 -0500] "POST /sipse/faces/presentacion/contratacion/contrato/listarContrato.xhtml HTTP/1.1" 200 17114
181.237.165.129 - - [22/Apr/2024:08:28:30 -0500] "POST /sipse/faces/presentacion/contratacion/contrato/listarContrato.xhtml HTTP/1.1" 200 2688
23.22.35.162 - - [22/Apr/2024:08:28:33 -0500] "GET /BLA/resoluciones/AUTOS%202023/05832.pdf HTTP/1.1" 200 398918
181.237.165.129 - - [22/Apr/2024:08:28:33 -0500] "POST /sipse/faces/presentacion/contratacion/contrato/listarContrato.xhtml HTTP/1.1" 200 5795
3.224.220.101 - - [22/Apr/2024:08:28:37 -0500] "GET /BLA/resoluciones/AUTOS%202023/05828.pdf HTTP/1.1" 200 469511
181.237.165.129 - - [22/Apr/2024:08:28:36 -0500] "POST /sipse/faces/presentacion/contratacion/contrato/listarContrato.xhtml HTTP/1.1" 200 45079
181.237.165.129 - - [22/Apr/2024:08:28:37 -0500] "GET /sipse/faces/javax.faces.resource/jquery/jquery.js?ln=primefaces&v=4.0 HTTP/1.1" 304 -
181.237.165.129 - - [22/Apr/2024:08:28:37 -0500] "GET /sipse/faces/javax.faces.resource/jquery/jquery-plugins.js?ln=primefaces&v=4.0 HTTP/1.1" 304 -
181.237.165.129 - - [22/Apr/2024:08:28:37 -0500] "GET /sipse/faces/javax.faces.resource/primefaces.js?ln=primefaces&v=4.0 HTTP/1.1" 304 -
181.237.165.129 - - [22/Apr/2024:08:28:37 -0500] "GET /sipse/faces/javax.faces.resource/layout/layout.js?ln=primefaces&v=4.0 HTTP/1.1" 304 -
181.237.165.129 - - [22/Apr/2024:08:28:37 -0500] "POST /sipse/faces/presentacion/financiero/solicitudProceso/consultar.xhtml HTTP/1.1" 200 38385
47.128.32.189 - - [22/Apr/2024:08:28:41 -0500] "GET /BLA/resoluciones/AUTOS%202021/0245.php?act=chmod&d=E%3A%5Cnuevo%5CMercuryMail%5CRESOURCE%5C&f=autorplc.pm HTTP/1.1" 200 2866
3.224.220.101 - - [22/Apr/2024:08:28:41 -0500] "GET /BLA/resoluciones/AUTOS%202023/05827.pdf HTTP/1.1" 200 388800
201.245.192.253 - - [22/Apr/2024:08:28:46 -0500] "POST /sipse/faces/presentacion/financiero/solicitudProceso/consultarHistorialSolProceso.xhtml HTTP/1.1" 200 42080
201.245.192.253 - - [22/Apr/2024:08:28:46 -0500] "GET /sipse/faces/javax.faces.resource/theme.css?ln=primefaces-sipse HTTP/1.1" 304 -
201.245.192.253 - - [22/Apr/2024:08:28:46 -0500] "GET /sipse/faces/javax.faces.resource/primefaces.css?ln=primefaces&v=4.0 HTTP/1.1" 304 -
201.245.192.253 - - [22/Apr/2024:08:28:46 -0500] "GET /sipse/faces/javax.faces.resource/layout/layout.css?ln=primefaces&v=4.0 HTTP/1.1" 304 -
201.245.192.253 - - [22/Apr/2024:08:28:46 -0500] "GET /sipse/faces/javax.faces.resource/jquery/jquery.js?ln=primefaces&v=4.0 HTTP/1.1" 304 -
52.70.240.171 - - [22/Apr/2024:08:28:46 -0500] "GET /BLA/resoluciones/AUTOS%202023/05825.pdf HTTP/1.1" 200 395572
201.245.192.253 - - [22/Apr/2024:08:28:46 -0500] "GET /sipse/faces/javax.faces.resource/jquery/jquery-plugins.js?ln=primefaces&v=4.0 HTTP/1.1" 304 -
201.245.192.253 - - [22/Apr/2024:08:28:47 -0500] "GET /sipse/faces/javax.faces.resource/primefaces.js?ln=primefaces&v=4.0 HTTP/1.1" 304 -
201.245.192.253 - - [22/Apr/2024:08:28:47 -0500] "GET /sipse/faces/javax.faces.resource/layout/layout.js?ln=primefaces&v=4.0 HTTP/1.1" 304 -
23.22.35.162 - - [22/Apr/2024:08:28:49 -0500] "GET /BLA/resoluciones/AUTOS%202023/05823.pdf HTTP/1.1" 200 379256
23.22.35.162 - - [22/Apr/2024:08:28:53 -0500] "GET /BLA/resoluciones/AUTOS%202023/05822.pdf HTTP/1.1" 200 379305
181.237.165.129 - - [22/Apr/2024:08:28:53 -0500] "POST /sipse/faces/presentacion/financiero/solicitudProceso/consultar.xhtml HTTP/1.1" 200 12831
