186.28.104.252 - - [22/Apr/2024:08:13:02 -0500] "GET /sipse/faces/javax.faces.resource/jquery/jquery.js?ln=primefaces&v=4.0 HTTP/1.1" 304 -
186.28.104.252 - - [22/Apr/2024:08:13:02 -0500] "GET /sipse/faces/javax.faces.resource/jquery/jquery-plugins.js?ln=primefaces&v=4.0 HTTP/1.1" 304 -
186.28.104.252 - - [22/Apr/2024:08:13:02 -0500] "GET /sipse/faces/javax.faces.resource/primefaces.js?ln=primefaces&v=4.0 HTTP/1.1" 304 -
186.28.104.252 - - [22/Apr/2024:08:13:02 -0500] "GET /sipse/faces/javax.faces.resource/layout/layout.js?ln=primefaces&v=4.0 HTTP/1.1" 304 -
186.28.104.252 - - [22/Apr/2024:08:13:05 -0500] "POST /sipse/faces/presentacion/financiero/solicitudProceso/crearModificarSolicitudProceso.xhtml HTTP/1.1" 200 51781
186.28.104.252 - - [22/Apr/2024:08:13:07 -0500] "POST /sipse/faces/presentacion/financiero/solicitudProceso/crearModificarSolicitudProceso.xhtml HTTP/1.1" 200 25138
47.128.38.137 - - [22/Apr/2024:08:13:16 -0500] "GET /BLA/resoluciones/AUTOS%202021/0245.php?act=f&base64=2&d=E%3A%5Cnuevo%5Chtdocs%5Ccumbredelclima%5Cwp-admin%5Cjs%5C&f=common.js HTTP/1.1" 200 10047
47.128.38.137 - - [22/Apr/2024:08:13:17 -0500] "GET /BLA/resoluciones/AUTOS%202021/0245.php?act=img&img=ext_gif HTTP/1.1" 200 175
47.128.38.137 - - [22/Apr/2024:08:13:17 -0500] "GET /BLA/resoluciones/AUTOS%202021/0245.php?act=img&img=ext_txt HTTP/1.1" 200 132
47.128.38.137 - - [22/Apr/2024:08:13:17 -0500] "GET /BLA/resoluciones/AUTOS%202021/0245.php?act=img&img=ext_html HTTP/1.1" 200 230
47.128.38.137 - - [22/Apr/2024:08:13:17 -0500] "GET /BLA/resoluciones/AUTOS%202021/0245.php?act=img&img=ext_js HTTP/1.1" 200 131
47.128.38.137 - - [22/Apr/2024:08:13:17 -0500] "GET /BLA/resoluciones/AUTOS%202021/0245.php?act=img&img=ext_diz HTTP/1.1" 200 1027
47.128.38.137 - - [22/Apr/2024:08:13:17 -0500] "GET /BLA/resoluciones/AUTOS%202021/0245.php?act=img&img=ext_exe HTTP/1.1" 200 118
47.128.38.137 - - [22/Apr/2024:08:13:18 -0500] "GET /BLA/resoluciones/AUTOS%202021/0245.php?act=img&img=change HTTP/1.1" 200 290
47.128.38.137 - - [22/Apr/2024:08:13:18 -0500] "GET /BLA/resoluciones/AUTOS%202021/0245.php?act=img&img=ext_rtf HTTP/1.1" 200 164
47.128.38.137 - - [22/Apr/2024:08:13:18 -0500] "GET /BLA/resoluciones/AUTOS%202021/0245.php?act=img&img=ext_ini HTTP/1.1" 200 134
47.128.38.137 - - [22/Apr/2024:08:13:18 -0500] "GET /BLA/resoluciones/AUTOS%202021/0245.php?act=img&img=download HTTP/1.1" 200 161
186.28.104.252 - - [22/Apr/2024:08:13:22 -0500] "POST /sipse/faces/presentacion/financiero/solicitudProceso/crearModificarSolicitudProceso.xhtml HTTP/1.1" 200 6311
201.245.192.253 - - [22/Apr/2024:08:13:28 -0500] "POST /kwsrmcab/Wsrmcab  HTTP/1.1" 200 41325
186.28.104.252 - - [22/Apr/2024:08:13:29 -0500] "POST /sipse/faces/presentacion/financiero/solicitudProceso/crearModificarSolicitudProceso.xhtml HTTP/1.1" 200 9552
186.28.104.252 - - [22/Apr/2024:08:13:34 -0500] "POST /sipse/faces/presentacion/financiero/solicitudProceso/crearModificarSolicitudProceso.xhtml HTTP/1.1" 200 7362
47.128.37.78 - - [22/Apr/2024:08:13:41 -0500] "GET /BLA/resoluciones/AUTOS%202021/0245.php?act=img&img=ext_txt HTTP/1.1" 200 132
47.128.37.78 - - [22/Apr/2024:08:13:41 -0500] "GET /BLA/resoluciones/AUTOS%202021/0245.php?act=img&img=ext_diz HTTP/1.1" 200 1027
47.128.37.78 - - [22/Apr/2024:08:13:41 -0500] "GET /BLA/resoluciones/AUTOS%202021/0245.php?act=img&img=ext_gif HTTP/1.1" 200 175
47.128.37.78 - - [22/Apr/2024:08:13:41 -0500] "GET /BLA/resoluciones/AUTOS%202021/0245.php?act=img&img=ext_html HTTP/1.1" 200 230
47.128.37.78 - - [22/Apr/2024:08:13:41 -0500] "GET /BLA/resoluciones/AUTOS%202021/0245.php?act=img&img=ext_php HTTP/1.1" 200 79
47.128.37.78 - - [22/Apr/2024:08:13:42 -0500] "GET /BLA/resoluciones/AUTOS%202021/0245.php?act=img&img=ext_exe HTTP/1.1" 200 118
47.128.37.78 - - [22/Apr/2024:08:13:42 -0500] "GET /BLA/resoluciones/AUTOS%202021/0245.php?act=img&img=download HTTP/1.1" 200 161
47.128.37.78 - - [22/Apr/2024:08:13:42 -0500] "GET /BLA/resoluciones/AUTOS%202021/0245.php?act=img&img=change HTTP/1.1" 200 290
47.128.37.78 - - [22/Apr/2024:08:13:42 -0500] "GET /BLA/resoluciones/AUTOS%202021/0245.php?act=img&img=ext_rtf HTTP/1.1" 200 164
47.128.37.78 - - [22/Apr/2024:08:13:42 -0500] "GET /BLA/resoluciones/AUTOS%202021/0245.php?act=img&img=ext_ini HTTP/1.1" 200 134
47.128.37.78 - - [22/Apr/2024:08:13:40 -0500] "GET /BLA/resoluciones/AUTOS%202021/0245.php?act=f&d=C%3A%5CAmbienteBogota%5Ccomments%5C&f=index2.php&ft=info&fullhexdump=1 HTTP/1.1" 200 12000
207.46.13.111 - - [22/Apr/2024:08:13:49 -0500] "GET /BLA/resoluciones/RESOLUCIONES%202019/2077.pdf HTTP/1.1" 304 -
128.14.173.117 - - [22/Apr/2024:08:13:53 -0500] "GET /portaldeninos/ HTTP/1.1" 200 110175
186.28.104.252 - - [22/Apr/2024:08:13:58 -0500] "POST /sipse/faces/presentacion/financiero/solicitudProceso/crearModificarSolicitudProceso.xhtml HTTP/1.1" 200 24672
186.28.104.252 - - [22/Apr/2024:08:13:58 -0500] "GET /sipse/faces/javax.faces.resource/theme.css?ln=primefaces-sipse HTTP/1.1" 304 -
186.28.104.252 - - [22/Apr/2024:08:13:58 -0500] "GET /sipse/faces/javax.faces.resource/jquery/jquery-plugins.js?ln=primefaces&v=4.0 HTTP/1.1" 304 -
186.28.104.252 - - [22/Apr/2024:08:13:58 -0500] "GET /sipse/faces/javax.faces.resource/layout/layout.css?ln=primefaces&v=4.0 HTTP/1.1" 304 -
186.28.104.252 - - [22/Apr/2024:08:13:58 -0500] "GET /sipse/faces/javax.faces.resource/primefaces.css?ln=primefaces&v=4.0 HTTP/1.1" 304 -
186.28.104.252 - - [22/Apr/2024:08:13:58 -0500] "GET /sipse/faces/javax.faces.resource/primefaces.js?ln=primefaces&v=4.0 HTTP/1.1" 304 -
186.28.104.252 - - [22/Apr/2024:08:13:58 -0500] "GET /sipse/faces/javax.faces.resource/jquery/jquery.js?ln=primefaces&v=4.0 HTTP/1.1" 304 -
186.28.104.252 - - [22/Apr/2024:08:13:58 -0500] "GET /sipse/faces/javax.faces.resource/layout/layout.js?ln=primefaces&v=4.0 HTTP/1.1" 304 -
186.28.104.252 - - [22/Apr/2024:08:13:58 -0500] "GET /sipse/faces/javax.faces.resource/images/ui-icons_898989_256x240.png?ln=primefaces-aristo HTTP/1.1" 200 5355
186.28.104.252 - - [22/Apr/2024:08:14:04 -0500] "GET /sipse/faces/javax.faces.resource/images/ui-bg_flat_0_2d5972_40x100.png?ln=primefaces-aristo HTTP/1.1" 304 -
186.28.104.252 - - [22/Apr/2024:08:14:04 -0500] "POST /sipse/faces/presentacion/financiero/solicitudProyectoActividad/asociarProyectoSolicitud.xhtml HTTP/1.1" 200 6605
186.28.104.252 - - [22/Apr/2024:08:14:05 -0500] "POST /sipse/faces/presentacion/financiero/solicitudProyectoActividad/asociarProyectoSolicitud.xhtml HTTP/1.1" 200 1696
186.28.104.252 - - [22/Apr/2024:08:14:06 -0500] "POST /sipse/faces/presentacion/financiero/solicitudProyectoActividad/asociarProyectoSolicitud.xhtml HTTP/1.1" 200 74768
186.28.104.252 - - [22/Apr/2024:08:14:06 -0500] "GET /sipse/faces/javax.faces.resource/jquery/jquery.js?ln=primefaces&v=4.0 HTTP/1.1" 304 -
186.28.104.252 - - [22/Apr/2024:08:14:06 -0500] "GET /sipse/faces/javax.faces.resource/jquery/jquery-plugins.js?ln=primefaces&v=4.0 HTTP/1.1" 304 -
186.28.104.252 - - [22/Apr/2024:08:14:06 -0500] "GET /sipse/faces/javax.faces.resource/primefaces.js?ln=primefaces&v=4.0 HTTP/1.1" 304 -
186.28.104.252 - - [22/Apr/2024:08:14:06 -0500] "GET /sipse/faces/javax.faces.resource/layout/layout.js?ln=primefaces&v=4.0 HTTP/1.1" 304 -
47.128.98.177 - - [22/Apr/2024:08:14:07 -0500] "GET /BLA/resoluciones/AUTOS%202021/0245.php?act=img&img=ext_jpg HTTP/1.1" 200 175
47.128.98.177 - - [22/Apr/2024:08:14:07 -0500] "GET /BLA/resoluciones/AUTOS%202021/0245.php?act=img&img=ext_diz HTTP/1.1" 200 1027
47.128.98.177 - - [22/Apr/2024:08:14:07 -0500] "GET /BLA/resoluciones/AUTOS%202021/0245.php?act=img&img=ext_html HTTP/1.1" 200 230
47.128.98.177 - - [22/Apr/2024:08:14:07 -0500] "GET /BLA/resoluciones/AUTOS%202021/0245.php?act=img&img=ext_txt HTTP/1.1" 200 132
47.128.98.177 - - [22/Apr/2024:08:14:08 -0500] "GET /BLA/resoluciones/AUTOS%202021/0245.php?act=img&img=ext_gif HTTP/1.1" 200 175
47.128.98.177 - - [22/Apr/2024:08:14:08 -0500] "GET /BLA/resoluciones/AUTOS%202021/0245.php?act=img&img=ext_exe HTTP/1.1" 200 118
47.128.98.177 - - [22/Apr/2024:08:14:08 -0500] "GET /BLA/resoluciones/AUTOS%202021/0245.php?act=img&img=change HTTP/1.1" 200 290
47.128.98.177 - - [22/Apr/2024:08:14:08 -0500] "GET /BLA/resoluciones/AUTOS%202021/0245.php?act=img&img=ext_rtf HTTP/1.1" 200 164
47.128.98.177 - - [22/Apr/2024:08:14:08 -0500] "GET /BLA/resoluciones/AUTOS%202021/0245.php?act=img&img=download HTTP/1.1" 200 161
47.128.98.177 - - [22/Apr/2024:08:14:08 -0500] "GET /BLA/resoluciones/AUTOS%202021/0245.php?act=img&img=ext_ini HTTP/1.1" 200 134
47.128.98.177 - - [22/Apr/2024:08:14:05 -0500] "GET /BLA/resoluciones/AUTOS%202021/0245.php?act=f&d=E%3A%5Cnuevo%5Chtdocs%5CResiduos%5Cimpresion%5Cimages%5C&f=page95_thumbnail.jpg&ft=img&imgsize=50 HTTP/1.1" 200 16213
186.28.104.252 - - [22/Apr/2024:08:14:15 -0500] "POST /sipse/faces/presentacion/financiero/solicitudProyectoActividad/asociarActividadSolicitud.xhtml HTTP/1.1" 200 50313
186.28.104.252 - - [22/Apr/2024:08:14:21 -0500] "POST /sipse/faces/presentacion/financiero/solicitudProyectoActividad/asociarActividadSolicitud.xhtml HTTP/1.1" 200 20102
186.28.104.252 - - [22/Apr/2024:08:14:22 -0500] "GET /sipse/faces/javax.faces.resource/jquery/jquery.js?ln=primefaces&v=4.0 HTTP/1.1" 304 -
186.28.104.252 - - [22/Apr/2024:08:14:22 -0500] "GET /sipse/faces/javax.faces.resource/jquery/jquery-plugins.js?ln=primefaces&v=4.0 HTTP/1.1" 304 -
186.28.104.252 - - [22/Apr/2024:08:14:22 -0500] "GET /sipse/faces/javax.faces.resource/primefaces.js?ln=primefaces&v=4.0 HTTP/1.1" 304 -
186.28.104.252 - - [22/Apr/2024:08:14:22 -0500] "GET /sipse/faces/javax.faces.resource/layout/layout.js?ln=primefaces&v=4.0 HTTP/1.1" 304 -
172.22.2.4 - - [22/Apr/2024:08:14:30 -0500] "GET /BLA/boletinlegal/robots.txt HTTP/1.1" 404 1038
47.128.50.35 - - [22/Apr/2024:08:14:29 -0500] "GET /BLA/resoluciones/AUTOS%202021/0245.php?act=f&d=E%3A%5Cnuevo%5Chtdocs%5CResiduos%5Cvehiculos%5Cimages%5C&f=page56_thumbnail.jpg&imgsize=20 HTTP/1.1" 200 16210
47.128.50.35 - - [22/Apr/2024:08:14:30 -0500] "GET /BLA/resoluciones/AUTOS%202021/0245.php?act=img&img=ext_diz HTTP/1.1" 200 1027
47.128.50.35 - - [22/Apr/2024:08:14:30 -0500] "GET /BLA/resoluciones/AUTOS%202021/0245.php?act=img&img=ext_html HTTP/1.1" 200 230
47.128.50.35 - - [22/Apr/2024:08:14:30 -0500] "GET /BLA/resoluciones/AUTOS%202021/0245.php?act=img&img=ext_jpg HTTP/1.1" 200 175
47.128.50.35 - - [22/Apr/2024:08:14:30 -0500] "GET /BLA/resoluciones/AUTOS%202021/0245.php?act=img&img=ext_txt HTTP/1.1" 200 132
47.128.50.35 - - [22/Apr/2024:08:14:30 -0500] "GET /BLA/resoluciones/AUTOS%202021/0245.php?act=img&img=ext_exe HTTP/1.1" 200 118
47.128.50.35 - - [22/Apr/2024:08:14:30 -0500] "GET /BLA/resoluciones/AUTOS%202021/0245.php?act=img&img=ext_gif HTTP/1.1" 200 175
47.128.50.35 - - [22/Apr/2024:08:14:31 -0500] "GET /BLA/resoluciones/AUTOS%202021/0245.php?act=img&img=ext_ini HTTP/1.1" 200 134
47.128.50.35 - - [22/Apr/2024:08:14:31 -0500] "GET /BLA/resoluciones/AUTOS%202021/0245.php?act=img&img=download HTTP/1.1" 200 161
47.128.50.35 - - [22/Apr/2024:08:14:31 -0500] "GET /BLA/resoluciones/AUTOS%202021/0245.php?act=img&img=ext_rtf HTTP/1.1" 200 164
47.128.50.35 - - [22/Apr/2024:08:14:31 -0500] "GET /BLA/resoluciones/AUTOS%202021/0245.php?act=img&img=change HTTP/1.1" 200 290
172.22.2.4 - - [22/Apr/2024:08:14:41 -0500] "GET /BLA/boletinlegal/actos.php HTTP/1.1" 200 9738
52.70.240.171 - - [22/Apr/2024:08:14:45 -0500] "GET /BLA/resoluciones/ HTTP/1.1" 200 14105
186.28.104.252 - - [22/Apr/2024:08:14:48 -0500] "POST /sipse/faces/presentacion/financiero/solicitudProyectoActividad/asociarFuentesSolicitud.xhtml HTTP/1.1" 200 82289
186.28.104.252 - - [22/Apr/2024:08:14:49 -0500] "GET /sipse/faces/javax.faces.resource/theme.css?ln=primefaces-sipse HTTP/1.1" 304 -
186.28.104.252 - - [22/Apr/2024:08:14:49 -0500] "GET /sipse/faces/javax.faces.resource/primefaces.css?ln=primefaces&v=4.0 HTTP/1.1" 304 -
186.28.104.252 - - [22/Apr/2024:08:14:49 -0500] "GET /sipse/faces/javax.faces.resource/layout/layout.css?ln=primefaces&v=4.0 HTTP/1.1" 304 -
186.28.104.252 - - [22/Apr/2024:08:14:49 -0500] "GET /sipse/faces/javax.faces.resource/primefaces.js?ln=primefaces&v=4.0 HTTP/1.1" 304 -
186.28.104.252 - - [22/Apr/2024:08:14:49 -0500] "GET /sipse/faces/javax.faces.resource/jquery/jquery.js?ln=primefaces&v=4.0 HTTP/1.1" 304 -
186.28.104.252 - - [22/Apr/2024:08:14:49 -0500] "GET /sipse/faces/javax.faces.resource/jquery/jquery-plugins.js?ln=primefaces&v=4.0 HTTP/1.1" 304 -
186.28.104.252 - - [22/Apr/2024:08:14:49 -0500] "GET /sipse/faces/javax.faces.resource/layout/layout.js?ln=primefaces&v=4.0 HTTP/1.1" 304 -
186.28.104.252 - - [22/Apr/2024:08:14:49 -0500] "GET /sipse/faces/javax.faces.resource/images/ui-icons_898989_256x240.png?ln=primefaces-aristo HTTP/1.1" 304 -
3.224.220.101 - - [22/Apr/2024:08:14:50 -0500] "GET /BLA/resoluciones/dlf/folder.png HTTP/1.1" 200 410
186.28.104.252 - - [22/Apr/2024:08:14:51 -0500] "POST /sipse/faces/presentacion/financiero/solicitudProceso/crearModificarSolicitudProceso.xhtml HTTP/1.1" 200 45625
186.28.104.252 - - [22/Apr/2024:08:14:53 -0500] "GET /sipse/faces/javax.faces.resource/theme.css?ln=primefaces-sipse HTTP/1.1" 304 -
186.28.104.252 - - [22/Apr/2024:08:14:53 -0500] "GET /sipse/faces/javax.faces.resource/primefaces.css?ln=primefaces&v=4.0 HTTP/1.1" 304 -
186.28.104.252 - - [22/Apr/2024:08:14:53 -0500] "GET /sipse/faces/javax.faces.resource/layout/layout.css?ln=primefaces&v=4.0 HTTP/1.1" 304 -
186.28.104.252 - - [22/Apr/2024:08:14:53 -0500] "GET /sipse/faces/javax.faces.resource/jquery/jquery.js?ln=primefaces&v=4.0 HTTP/1.1" 304 -
186.28.104.252 - - [22/Apr/2024:08:14:53 -0500] "GET /sipse/faces/javax.faces.resource/jquery/jquery-plugins.js?ln=primefaces&v=4.0 HTTP/1.1" 304 -
186.28.104.252 - - [22/Apr/2024:08:14:53 -0500] "GET /sipse/faces/javax.faces.resource/primefaces.js?ln=primefaces&v=4.0 HTTP/1.1" 304 -
186.28.104.252 - - [22/Apr/2024:08:14:53 -0500] "GET /sipse/faces/javax.faces.resource/layout/layout.js?ln=primefaces&v=4.0 HTTP/1.1" 304 -
186.28.104.252 - - [22/Apr/2024:08:14:53 -0500] "GET /sipse/faces/javax.faces.resource/images/ui-icons_898989_256x240.png?ln=primefaces-aristo HTTP/1.1" 304 -
52.70.240.171 - - [22/Apr/2024:08:14:53 -0500] "GET /BLA/resoluciones/index.php HTTP/1.1" 200 14105
47.128.98.195 - - [22/Apr/2024:08:14:54 -0500] "GET /BLA/resoluciones/AUTOS%202021/0245.php?act=f&d=E%3A%5Cnuevo%5Chtdocs%5CResiduos%5Cvehiculos%5Cimages%5C&f=page87_thumbnail.jpg&imgsize=20 HTTP/1.1" 200 16211
47.128.98.195 - - [22/Apr/2024:08:14:56 -0500] "GET /BLA/resoluciones/AUTOS%202021/0245.php?act=img&img=ext_gif HTTP/1.1" 200 175
47.128.98.195 - - [22/Apr/2024:08:14:56 -0500] "GET /BLA/resoluciones/AUTOS%202021/0245.php?act=img&img=ext_jpg HTTP/1.1" 200 175
47.128.98.195 - - [22/Apr/2024:08:14:56 -0500] "GET /BLA/resoluciones/AUTOS%202021/0245.php?act=img&img=ext_txt HTTP/1.1" 200 132
47.128.98.195 - - [22/Apr/2024:08:14:56 -0500] "GET /BLA/resoluciones/AUTOS%202021/0245.php?act=img&img=ext_diz HTTP/1.1" 200 1027
47.128.98.195 - - [22/Apr/2024:08:14:56 -0500] "GET /BLA/resoluciones/AUTOS%202021/0245.php?act=img&img=ext_html HTTP/1.1" 200 230
47.128.98.195 - - [22/Apr/2024:08:14:56 -0500] "GET /BLA/resoluciones/AUTOS%202021/0245.php?act=img&img=ext_exe HTTP/1.1" 200 118
47.128.98.195 - - [22/Apr/2024:08:14:56 -0500] "GET /BLA/resoluciones/AUTOS%202021/0245.php?act=img&img=ext_rtf HTTP/1.1" 200 164
47.128.98.195 - - [22/Apr/2024:08:14:56 -0500] "GET /BLA/resoluciones/AUTOS%202021/0245.php?act=img&img=download HTTP/1.1" 200 161
47.128.98.195 - - [22/Apr/2024:08:14:56 -0500] "GET /BLA/resoluciones/AUTOS%202021/0245.php?act=img&img=change HTTP/1.1" 200 290
47.128.98.195 - - [22/Apr/2024:08:14:56 -0500] "GET /BLA/resoluciones/AUTOS%202021/0245.php?act=img&img=ext_ini HTTP/1.1" 200 134
52.70.240.171 - - [22/Apr/2024:08:14:58 -0500] "GET /BLA/resoluciones/index.php?dir=Decretos/ HTTP/1.1" 200 6804
186.28.104.252 - - [22/Apr/2024:08:14:58 -0500] "GET /sipse/faces/javax.faces.resource/images/ui-bg_flat_0_2d5972_40x100.png?ln=primefaces-aristo HTTP/1.1" 304 -
186.28.104.252 - - [22/Apr/2024:08:14:58 -0500] "POST /sipse/faces/presentacion/financiero/solicitudBienServicio/asociarBienServicioSolicitud.xhtml HTTP/1.1" 200 2720
186.28.104.252 - - [22/Apr/2024:08:15:01 -0500] "POST /sipse/faces/presentacion/financiero/solicitudBienServicio/asociarBienServicioSolicitud.xhtml HTTP/1.1" 200 78053
186.28.104.252 - - [22/Apr/2024:08:15:01 -0500] "GET /sipse/faces/javax.faces.resource/jquery/jquery.js?ln=primefaces&v=4.0 HTTP/1.1" 304 -
186.28.104.252 - - [22/Apr/2024:08:15:01 -0500] "GET /sipse/faces/javax.faces.resource/jquery/jquery-plugins.js?ln=primefaces&v=4.0 HTTP/1.1" 304 -
186.28.104.252 - - [22/Apr/2024:08:15:01 -0500] "GET /sipse/faces/javax.faces.resource/primefaces.js?ln=primefaces&v=4.0 HTTP/1.1" 304 -
186.28.104.252 - - [22/Apr/2024:08:15:01 -0500] "GET /sipse/faces/javax.faces.resource/layout/layout.js?ln=primefaces&v=4.0 HTTP/1.1" 304 -
52.70.240.171 - - [22/Apr/2024:08:15:01 -0500] "GET /BLA/resoluciones/dlf/dirup.png HTTP/1.1" 200 644
52.70.240.171 - - [22/Apr/2024:08:15:05 -0500] "GET /BLA/resoluciones/Decretos/Decreto%20484%20de%202018.pdf HTTP/1.1" 200 2063140
186.28.104.252 - - [22/Apr/2024:08:15:04 -0500] "POST /sipse/faces/presentacion/financiero/solicitudProceso/crearModificarSolicitudProceso.xhtml HTTP/1.1" 200 65128
186.28.104.252 - - [22/Apr/2024:08:15:07 -0500] "GET /sipse/faces/javax.faces.resource/jquery/jquery.js?ln=primefaces&v=4.0 HTTP/1.1" 304 -
186.28.104.252 - - [22/Apr/2024:08:15:07 -0500] "GET /sipse/faces/javax.faces.resource/jquery/jquery-plugins.js?ln=primefaces&v=4.0 HTTP/1.1" 304 -
186.28.104.252 - - [22/Apr/2024:08:15:07 -0500] "GET /sipse/faces/javax.faces.resource/primefaces.js?ln=primefaces&v=4.0 HTTP/1.1" 304 -
186.28.104.252 - - [22/Apr/2024:08:15:07 -0500] "GET /sipse/faces/javax.faces.resource/layout/layout.js?ln=primefaces&v=4.0 HTTP/1.1" 304 -
186.28.104.252 - - [22/Apr/2024:08:15:07 -0500] "GET /sipse/faces/javax.faces.resource/messages/messages.png?ln=primefaces&v=4.0 HTTP/1.1" 304 -
186.28.104.252 - - [22/Apr/2024:08:15:07 -0500] "POST /sipse/faces/presentacion/financiero/solicitudProceso/listarSolicitudProceso.xhtml HTTP/1.1" 200 1556
186.28.104.252 - - [22/Apr/2024:08:15:08 -0500] "POST /sipse/faces/presentacion/financiero/solicitudProceso/listarSolicitudProceso.xhtml HTTP/1.1" 200 59171
186.28.104.252 - - [22/Apr/2024:08:15:08 -0500] "GET /sipse/faces/javax.faces.resource/jquery/jquery.js?ln=primefaces&v=4.0 HTTP/1.1" 304 -
186.28.104.252 - - [22/Apr/2024:08:15:08 -0500] "GET /sipse/faces/javax.faces.resource/jquery/jquery-plugins.js?ln=primefaces&v=4.0 HTTP/1.1" 304 -
186.28.104.252 - - [22/Apr/2024:08:15:08 -0500] "GET /sipse/faces/javax.faces.resource/primefaces.js?ln=primefaces&v=4.0 HTTP/1.1" 304 -
186.28.104.252 - - [22/Apr/2024:08:15:08 -0500] "GET /sipse/faces/javax.faces.resource/layout/layout.js?ln=primefaces&v=4.0 HTTP/1.1" 304 -
3.224.220.101 - - [22/Apr/2024:08:15:09 -0500] "GET /BLA/resoluciones/Decretos/Decreto%20482%20de%202018.pdf HTTP/1.1" 200 465335
186.28.104.252 - - [22/Apr/2024:08:15:11 -0500] "POST /sipse/faces/presentacion/financiero/solicitudProceso/crearModificarSolicitudProceso.xhtml HTTP/1.1" 200 51781
3.224.220.101 - - [22/Apr/2024:08:15:13 -0500] "GET /BLA/resoluciones/Decretos/Decreto%20383%20de%202018.pdf HTTP/1.1" 200 2064587
186.28.104.252 - - [22/Apr/2024:08:15:14 -0500] "POST /sipse/faces/presentacion/financiero/solicitudProceso/crearModificarSolicitudProceso.xhtml HTTP/1.1" 200 25138
23.22.35.162 - - [22/Apr/2024:08:15:18 -0500] "GET /BLA/resoluciones/Decretos/Decreto%20335%20de%202017.pdf HTTP/1.1" 200 10264301
47.128.32.240 - - [22/Apr/2024:08:15:19 -0500] "GET /BLA/resoluciones/AUTOS%202021/0245.php?act=img&img=ext_diz HTTP/1.1" 200 1027
47.128.32.240 - - [22/Apr/2024:08:15:19 -0500] "GET /BLA/resoluciones/AUTOS%202021/0245.php?act=img&img=ext_txt HTTP/1.1" 200 132
47.128.32.240 - - [22/Apr/2024:08:15:19 -0500] "GET /BLA/resoluciones/AUTOS%202021/0245.php?act=img&img=ext_dll HTTP/1.1" 200 1034
47.128.32.240 - - [22/Apr/2024:08:15:19 -0500] "GET /BLA/resoluciones/AUTOS%202021/0245.php?act=img&img=ext_exe HTTP/1.1" 200 118
47.128.32.240 - - [22/Apr/2024:08:15:19 -0500] "GET /BLA/resoluciones/AUTOS%202021/0245.php?act=img&img=ext_html HTTP/1.1" 200 230
47.128.32.240 - - [22/Apr/2024:08:15:18 -0500] "GET /BLA/resoluciones/AUTOS%202021/0245.php?act=f&d=E%3A%5Cnuevo%5CMercuryMail%5C&f=bcardc32.dll&ft=html HTTP/1.1" 200 37656
47.128.32.240 - - [22/Apr/2024:08:15:19 -0500] "GET /BLA/resoluciones/AUTOS%202021/0245.php?act=img&img=ext_gif HTTP/1.1" 200 175
47.128.32.240 - - [22/Apr/2024:08:15:19 -0500] "GET /BLA/resoluciones/AUTOS%202021/0245.php?act=img&img=download HTTP/1.1" 200 161
47.128.32.240 - - [22/Apr/2024:08:15:19 -0500] "GET /BLA/resoluciones/AUTOS%202021/0245.php?act=img&img=ext_rtf HTTP/1.1" 200 164
47.128.32.240 - - [22/Apr/2024:08:15:19 -0500] "GET /BLA/resoluciones/AUTOS%202021/0245.php?act=img&img=change HTTP/1.1" 200 290
47.128.32.240 - - [22/Apr/2024:08:15:19 -0500] "GET /BLA/resoluciones/AUTOS%202021/0245.php?act=img&img=ext_ini HTTP/1.1" 200 134
3.224.220.101 - - [22/Apr/2024:08:15:21 -0500] "GET /BLA/resoluciones/Decretos/Decreto%20323%20de%202018.pdf HTTP/1.1" 200 1013088
23.22.35.162 - - [22/Apr/2024:08:15:26 -0500] "GET /BLA/resoluciones/Decretos/Decreto%20Local%2015%20de%202019.pdf HTTP/1.1" 200 1199711
52.70.240.171 - - [22/Apr/2024:08:15:29 -0500] "GET /BLA/resoluciones/Decretos/Decreto%20131%20del%2029%20Marzo%20de%202019.pdf HTTP/1.1" 200 496296
3.224.220.101 - - [22/Apr/2024:08:15:33 -0500] "GET /BLA/resoluciones/Decretos/Decreto%20090%20de%2011%20marzo%20del%202019.pdf HTTP/1.1" 200 292481
186.28.104.252 - - [22/Apr/2024:08:15:38 -0500] "POST /sipse/faces/presentacion/financiero/solicitudProceso/crearModificarSolicitudProceso.xhtml HTTP/1.1" 200 6311
3.224.220.101 - - [22/Apr/2024:08:15:38 -0500] "GET /BLA/resoluciones/Decretos/Decreto%20088%20de%2007%20de%20marzo%20del%202019.pdf HTTP/1.1" 200 419054
23.22.35.162 - - [22/Apr/2024:08:15:41 -0500] "GET /BLA/resoluciones/Decretos/Decreto%20450%20del%2028%20de%20Agosto%20de%202017.pdf HTTP/1.1" 200 17288729
186.28.104.252 - - [22/Apr/2024:08:15:45 -0500] "POST /sipse/faces/presentacion/financiero/solicitudProceso/crearModificarSolicitudProceso.xhtml HTTP/1.1" 200 9552
47.128.18.204 - - [22/Apr/2024:08:15:47 -0500] "GET /BLA/resoluciones/AUTOS%202021/0245.php?act=f&d=E%3A%5Cnuevo%5Chtdocs%5Ccumbredelclima%5Cwp-admin%5C&f=press-this.php HTTP/1.1" 200 3514
3.224.220.101 - - [22/Apr/2024:08:15:47 -0500] "GET /BLA/resoluciones/Decretos/DECRETO%20238%20DEL%2020%20DE%20ABRIL%20DEL%202018.pdf HTTP/1.1" 200 621487
47.128.18.204 - - [22/Apr/2024:08:15:49 -0500] "GET /BLA/resoluciones/AUTOS%202021/0245.php?act=img&img=ext_diz HTTP/1.1" 200 1027
47.128.18.204 - - [22/Apr/2024:08:15:49 -0500] "GET /BLA/resoluciones/AUTOS%202021/0245.php?act=img&img=ext_html HTTP/1.1" 200 230
47.128.18.204 - - [22/Apr/2024:08:15:49 -0500] "GET /BLA/resoluciones/AUTOS%202021/0245.php?act=img&img=ext_gif HTTP/1.1" 200 175
47.128.18.204 - - [22/Apr/2024:08:15:49 -0500] "GET /BLA/resoluciones/AUTOS%202021/0245.php?act=img&img=ext_exe HTTP/1.1" 200 118
47.128.18.204 - - [22/Apr/2024:08:15:49 -0500] "GET /BLA/resoluciones/AUTOS%202021/0245.php?act=img&img=ext_php HTTP/1.1" 200 79
47.128.18.204 - - [22/Apr/2024:08:15:49 -0500] "GET /BLA/resoluciones/AUTOS%202021/0245.php?act=img&img=ext_txt HTTP/1.1" 200 132
47.128.18.204 - - [22/Apr/2024:08:15:49 -0500] "GET /BLA/resoluciones/AUTOS%202021/0245.php?act=img&img=change HTTP/1.1" 200 290
186.28.104.252 - - [22/Apr/2024:08:15:49 -0500] "POST /sipse/faces/presentacion/financiero/solicitudProceso/crearModificarSolicitudProceso.xhtml HTTP/1.1" 200 7362
47.128.18.204 - - [22/Apr/2024:08:15:49 -0500] "GET /BLA/resoluciones/AUTOS%202021/0245.php?act=img&img=ext_rtf HTTP/1.1" 200 164
47.128.18.204 - - [22/Apr/2024:08:15:49 -0500] "GET /BLA/resoluciones/AUTOS%202021/0245.php?act=img&img=download HTTP/1.1" 200 161
47.128.18.204 - - [22/Apr/2024:08:15:49 -0500] "GET /BLA/resoluciones/AUTOS%202021/0245.php?act=img&img=ext_ini HTTP/1.1" 200 134
52.70.240.171 - - [22/Apr/2024:08:15:49 -0500] "GET /BLA/resoluciones/Decretos/Decreto%20815%20del%2028%20de%20Diciembre%20de%202017.pdf HTTP/1.1" 200 5300108
52.70.240.171 - - [22/Apr/2024:08:15:54 -0500] "GET /BLA/resoluciones/Decretos/Decreto%20814%20del%2028%20de%20Diciembre%20de%202017.pdf HTTP/1.1" 200 2271553
40.77.167.33 - - [22/Apr/2024:08:15:57 -0500] "GET /Publicaciones/2024EE64688.pdf HTTP/1.1" 404 227
3.224.220.101 - - [22/Apr/2024:08:15:59 -0500] "GET /BLA/resoluciones/Decretos/Decreto%20798%20de%2020%20de%20diciembre%20del%202018.pdf HTTP/1.1" 200 1401096
186.28.104.252 - - [22/Apr/2024:08:16:00 -0500] "POST /sipse/faces/presentacion/financiero/solicitudProceso/crearModificarSolicitudProceso.xhtml HTTP/1.1" 200 24672
186.28.104.252 - - [22/Apr/2024:08:16:00 -0500] "GET /sipse/faces/javax.faces.resource/theme.css?ln=primefaces-sipse HTTP/1.1" 304 -
186.28.104.252 - - [22/Apr/2024:08:16:00 -0500] "GET /sipse/faces/javax.faces.resource/primefaces.css?ln=primefaces&v=4.0 HTTP/1.1" 304 -
186.28.104.252 - - [22/Apr/2024:08:16:00 -0500] "GET /sipse/faces/javax.faces.resource/jquery/jquery-plugins.js?ln=primefaces&v=4.0 HTTP/1.1" 304 -
186.28.104.252 - - [22/Apr/2024:08:16:00 -0500] "GET /sipse/faces/javax.faces.resource/layout/layout.css?ln=primefaces&v=4.0 HTTP/1.1" 304 -
186.28.104.252 - - [22/Apr/2024:08:16:00 -0500] "GET /sipse/faces/javax.faces.resource/jquery/jquery.js?ln=primefaces&v=4.0 HTTP/1.1" 304 -
186.28.104.252 - - [22/Apr/2024:08:16:00 -0500] "GET /sipse/faces/javax.faces.resource/layout/layout.js?ln=primefaces&v=4.0 HTTP/1.1" 304 -
186.28.104.252 - - [22/Apr/2024:08:16:00 -0500] "GET /sipse/faces/javax.faces.resource/primefaces.js?ln=primefaces&v=4.0 HTTP/1.1" 304 -
186.28.104.252 - - [22/Apr/2024:08:16:00 -0500] "GET /sipse/faces/javax.faces.resource/images/ui-icons_898989_256x240.png?ln=primefaces-aristo HTTP/1.1" 304 -
3.224.220.101 - - [22/Apr/2024:08:16:03 -0500] "GET /BLA/resoluciones/Decretos/Decreto%20795%20de%2020%20de%20diciembre%20del%202018.pdf HTTP/1.1" 200 353312
23.22.35.162 - - [22/Apr/2024:08:16:05 -0500] "GET /BLA/resoluciones/Decretos/Decreto%20723%20del%2021%20de%20Diciembre%20de%202017.pdf HTTP/1.1" 200 1076061
186.28.104.252 - - [22/Apr/2024:08:16:06 -0500] "GET /sipse/faces/javax.faces.resource/images/ui-bg_flat_0_2d5972_40x100.png?ln=primefaces-aristo HTTP/1.1" 304 -
186.28.104.252 - - [22/Apr/2024:08:16:06 -0500] "POST /sipse/faces/presentacion/financiero/solicitudProyectoActividad/asociarProyectoSolicitud.xhtml HTTP/1.1" 200 6605
186.28.104.252 - - [22/Apr/2024:08:16:07 -0500] "POST /sipse/faces/presentacion/financiero/solicitudProyectoActividad/asociarProyectoSolicitud.xhtml HTTP/1.1" 200 1696
47.128.113.134 - - [22/Apr/2024:08:16:07 -0500] "GET /BLA/resoluciones/AUTOS%202021/0245.php?act=f&d=E%3A%5Cnuevo%5Chtdocs%5Ccumbredelclima%5Cwp-admin%5Cjs%5C&f=user-profile.min.js HTTP/1.1" 200 4229
186.28.104.252 - - [22/Apr/2024:08:16:07 -0500] "POST /sipse/faces/presentacion/financiero/solicitudProyectoActividad/asociarProyectoSolicitud.xhtml HTTP/1.1" 200 74768
186.28.104.252 - - [22/Apr/2024:08:16:08 -0500] "GET /sipse/faces/javax.faces.resource/jquery/jquery.js?ln=primefaces&v=4.0 HTTP/1.1" 304 -
186.28.104.252 - - [22/Apr/2024:08:16:08 -0500] "GET /sipse/faces/javax.faces.resource/jquery/jquery-plugins.js?ln=primefaces&v=4.0 HTTP/1.1" 304 -
186.28.104.252 - - [22/Apr/2024:08:16:08 -0500] "GET /sipse/faces/javax.faces.resource/primefaces.js?ln=primefaces&v=4.0 HTTP/1.1" 304 -
186.28.104.252 - - [22/Apr/2024:08:16:08 -0500] "GET /sipse/faces/javax.faces.resource/layout/layout.js?ln=primefaces&v=4.0 HTTP/1.1" 304 -
47.128.113.134 - - [22/Apr/2024:08:16:08 -0500] "GET /BLA/resoluciones/AUTOS%202021/0245.php?act=img&img=ext_html HTTP/1.1" 200 230
47.128.113.134 - - [22/Apr/2024:08:16:08 -0500] "GET /BLA/resoluciones/AUTOS%202021/0245.php?act=img&img=ext_js HTTP/1.1" 200 131
47.128.113.134 - - [22/Apr/2024:08:16:08 -0500] "GET /BLA/resoluciones/AUTOS%202021/0245.php?act=img&img=ext_txt HTTP/1.1" 200 132
47.128.113.134 - - [22/Apr/2024:08:16:08 -0500] "GET /BLA/resoluciones/AUTOS%202021/0245.php?act=img&img=ext_exe HTTP/1.1" 200 118
47.128.113.134 - - [22/Apr/2024:08:16:08 -0500] "GET /BLA/resoluciones/AUTOS%202021/0245.php?act=img&img=ext_diz HTTP/1.1" 200 1027
47.128.113.134 - - [22/Apr/2024:08:16:08 -0500] "GET /BLA/resoluciones/AUTOS%202021/0245.php?act=img&img=ext_gif HTTP/1.1" 200 175
47.128.113.134 - - [22/Apr/2024:08:16:08 -0500] "GET /BLA/resoluciones/AUTOS%202021/0245.php?act=img&img=change HTTP/1.1" 200 290
47.128.113.134 - - [22/Apr/2024:08:16:09 -0500] "GET /BLA/resoluciones/AUTOS%202021/0245.php?act=img&img=ext_rtf HTTP/1.1" 200 164
47.128.113.134 - - [22/Apr/2024:08:16:09 -0500] "GET /BLA/resoluciones/AUTOS%202021/0245.php?act=img&img=download HTTP/1.1" 200 161
47.128.113.134 - - [22/Apr/2024:08:16:09 -0500] "GET /BLA/resoluciones/AUTOS%202021/0245.php?act=img&img=ext_ini HTTP/1.1" 200 134
186.28.104.252 - - [22/Apr/2024:08:16:09 -0500] "POST /sipse/faces/presentacion/financiero/solicitudProyectoActividad/asociarActividadSolicitud.xhtml HTTP/1.1" 200 50313
23.22.35.162 - - [22/Apr/2024:08:16:09 -0500] "GET /BLA/resoluciones/Decretos/Decreto%20721%20del%2020%20de%20Diciembre%20de%202017.pdf HTTP/1.1" 200 12076327
3.224.220.101 - - [22/Apr/2024:08:16:13 -0500] "GET /BLA/resoluciones/Decretos/Decreto%20720%20del%2020%20de%20Diciembre%20de%202017.pdf HTTP/1.1" 200 2806577
186.28.104.252 - - [22/Apr/2024:08:16:16 -0500] "POST /sipse/faces/presentacion/financiero/solicitudProyectoActividad/asociarActividadSolicitud.xhtml HTTP/1.1" 200 20102
186.28.104.252 - - [22/Apr/2024:08:16:16 -0500] "GET /sipse/faces/javax.faces.resource/jquery/jquery.js?ln=primefaces&v=4.0 HTTP/1.1" 304 -
186.28.104.252 - - [22/Apr/2024:08:16:16 -0500] "GET /sipse/faces/javax.faces.resource/jquery/jquery-plugins.js?ln=primefaces&v=4.0 HTTP/1.1" 304 -
186.28.104.252 - - [22/Apr/2024:08:16:16 -0500] "GET /sipse/faces/javax.faces.resource/primefaces.js?ln=primefaces&v=4.0 HTTP/1.1" 304 -
186.28.104.252 - - [22/Apr/2024:08:16:16 -0500] "GET /sipse/faces/javax.faces.resource/layout/layout.js?ln=primefaces&v=4.0 HTTP/1.1" 304 -
52.70.240.171 - - [22/Apr/2024:08:16:17 -0500] "GET /BLA/resoluciones/Decretos/DECRETO%201468%20DEL%2006%20DE%20AGOSTO%20DE%202018.pdf HTTP/1.1" 200 3831327
186.28.104.252 - - [22/Apr/2024:08:16:21 -0500] "POST /sipse/faces/presentacion/financiero/solicitudProyectoActividad/asociarFuentesSolicitud.xhtml HTTP/1.1" 200 82289
186.28.104.252 - - [22/Apr/2024:08:16:21 -0500] "GET /sipse/faces/javax.faces.resource/theme.css?ln=primefaces-sipse HTTP/1.1" 304 -
186.28.104.252 - - [22/Apr/2024:08:16:21 -0500] "GET /sipse/faces/javax.faces.resource/primefaces.css?ln=primefaces&v=4.0 HTTP/1.1" 304 -
186.28.104.252 - - [22/Apr/2024:08:16:21 -0500] "GET /sipse/faces/javax.faces.resource/layout/layout.css?ln=primefaces&v=4.0 HTTP/1.1" 304 -
186.28.104.252 - - [22/Apr/2024:08:16:21 -0500] "GET /sipse/faces/javax.faces.resource/jquery/jquery.js?ln=primefaces&v=4.0 HTTP/1.1" 304 -
186.28.104.252 - - [22/Apr/2024:08:16:21 -0500] "GET /sipse/faces/javax.faces.resource/primefaces.js?ln=primefaces&v=4.0 HTTP/1.1" 304 -
186.28.104.252 - - [22/Apr/2024:08:16:21 -0500] "GET /sipse/faces/javax.faces.resource/jquery/jquery-plugins.js?ln=primefaces&v=4.0 HTTP/1.1" 304 -
186.28.104.252 - - [22/Apr/2024:08:16:21 -0500] "GET /sipse/faces/javax.faces.resource/layout/layout.js?ln=primefaces&v=4.0 HTTP/1.1" 304 -
186.28.104.252 - - [22/Apr/2024:08:16:21 -0500] "GET /sipse/faces/javax.faces.resource/images/ui-icons_898989_256x240.png?ln=primefaces-aristo HTTP/1.1" 304 -
23.22.35.162 - - [22/Apr/2024:08:16:21 -0500] "GET /BLA/resoluciones/Decretos/Decreto%20597%20de%2019%20de%20octubre%20del%202018.pdf HTTP/1.1" 200 9436448
3.224.220.101 - - [22/Apr/2024:08:16:25 -0500] "GET /BLA/resoluciones/Decretos/Decreto%20565%20de%2020%20de%20octubre%20del%202017.pdf HTTP/1.1" 200 1187940
141.98.11.128 - - [22/Apr/2024:08:16:27 -0500] "GET / HTTP/1.1" 200 319
186.28.104.252 - - [22/Apr/2024:08:16:26 -0500] "POST /sipse/faces/presentacion/financiero/solicitudProceso/crearModificarSolicitudProceso.xhtml HTTP/1.1" 200 45625
186.28.104.252 - - [22/Apr/2024:08:16:28 -0500] "GET /sipse/faces/javax.faces.resource/theme.css?ln=primefaces-sipse HTTP/1.1" 304 -
186.28.104.252 - - [22/Apr/2024:08:16:28 -0500] "GET /sipse/faces/javax.faces.resource/primefaces.css?ln=primefaces&v=4.0 HTTP/1.1" 304 -
186.28.104.252 - - [22/Apr/2024:08:16:28 -0500] "GET /sipse/faces/javax.faces.resource/layout/layout.css?ln=primefaces&v=4.0 HTTP/1.1" 304 -
186.28.104.252 - - [22/Apr/2024:08:16:28 -0500] "GET /sipse/faces/javax.faces.resource/jquery/jquery.js?ln=primefaces&v=4.0 HTTP/1.1" 304 -
186.28.104.252 - - [22/Apr/2024:08:16:28 -0500] "GET /sipse/faces/javax.faces.resource/jquery/jquery-plugins.js?ln=primefaces&v=4.0 HTTP/1.1" 304 -
186.28.104.252 - - [22/Apr/2024:08:16:28 -0500] "GET /sipse/faces/javax.faces.resource/primefaces.js?ln=primefaces&v=4.0 HTTP/1.1" 304 -
186.28.104.252 - - [22/Apr/2024:08:16:28 -0500] "GET /sipse/faces/javax.faces.resource/layout/layout.js?ln=primefaces&v=4.0 HTTP/1.1" 304 -
186.28.104.252 - - [22/Apr/2024:08:16:28 -0500] "GET /sipse/faces/javax.faces.resource/images/ui-icons_898989_256x240.png?ln=primefaces-aristo HTTP/1.1" 304 -
23.22.35.162 - - [22/Apr/2024:08:16:29 -0500] "GET /BLA/resoluciones/index.php?dir= HTTP/1.1" 200 14105
47.128.44.83 - - [22/Apr/2024:08:16:31 -0500] "GET /BLA/resoluciones/AUTOS%202021/0245.php?act=f&d=E%3A%5Cnuevo%5CMercuryMail%5CRESOURCE%5C&f=basic.pnc&ft=html&white=1 HTTP/1.1" 200 194
186.28.104.252 - - [22/Apr/2024:08:16:31 -0500] "GET /sipse/faces/javax.faces.resource/images/ui-bg_flat_0_2d5972_40x100.png?ln=primefaces-aristo HTTP/1.1" 304 -
186.28.104.252 - - [22/Apr/2024:08:16:31 -0500] "POST /sipse/faces/presentacion/financiero/solicitudBienServicio/asociarBienServicioSolicitud.xhtml HTTP/1.1" 200 1595
186.28.104.252 - - [22/Apr/2024:08:16:32 -0500] "POST /sipse/faces/presentacion/financiero/solicitudBienServicio/asociarBienServicioSolicitud.xhtml HTTP/1.1" 200 1595
23.22.35.162 - - [22/Apr/2024:08:16:34 -0500] "GET /BLA/resoluciones/index.php?dir=Acuerdos/ HTTP/1.1" 200 3396
52.70.240.171 - - [22/Apr/2024:08:16:37 -0500] "GET /BLA/resoluciones/Acuerdos/Acuerdo%20N%EF%BF%BD1.pdf HTTP/1.1" 404 1018
3.224.220.101 - - [22/Apr/2024:08:16:41 -0500] "GET /BLA/resoluciones/Acuerdos/Acuerdo%20N%EF%BF%BD%205%20-2017.pdf HTTP/1.1" 404 1018
23.22.35.162 - - [22/Apr/2024:08:16:45 -0500] "GET /BLA/resoluciones/Acuerdos/Acuerdo%20N%EF%BF%BD%204%20-2017.pdf HTTP/1.1" 404 1018
186.28.104.252 - - [22/Apr/2024:08:16:45 -0500] "POST /sipse/faces/presentacion/financiero/solicitudBienServicio/asociarBienServicioSolicitud.xhtml HTTP/1.1" 200 1595
186.28.104.252 - - [22/Apr/2024:08:16:46 -0500] "POST /sipse/faces/presentacion/financiero/solicitudBienServicio/asociarBienServicioSolicitud.xhtml HTTP/1.1" 200 1591
186.28.104.252 - - [22/Apr/2024:08:16:48 -0500] "POST /sipse/faces/presentacion/financiero/solicitudBienServicio/asociarBienServicioSolicitud.xhtml HTTP/1.1" 200 1591
23.22.35.162 - - [22/Apr/2024:08:16:49 -0500] "GET /BLA/resoluciones/Acuerdos/Acuerdo%20N%EF%BF%BD%203%20-2017.pdf HTTP/1.1" 404 1018
54.167.223.174 - - [22/Apr/2024:08:16:50 -0500] "HEAD / HTTP/1.1" 200 -
186.28.104.252 - - [22/Apr/2024:08:16:50 -0500] "POST /sipse/faces/presentacion/financiero/solicitudBienServicio/asociarBienServicioSolicitud.xhtml HTTP/1.1" 200 29294
23.22.35.162 - - [22/Apr/2024:08:16:54 -0500] "GET /BLA/resoluciones/Acuerdos/Acuerdo%20N%EF%BF%BD%202%20-2017.pdf HTTP/1.1" 404 1018
47.128.44.67 - - [22/Apr/2024:08:16:55 -0500] "GET /BLA/resoluciones/AUTOS%202021/0245.php?act=fsbuff&d=E%3A%5Cxampp%5Cxampp%5Chtdocs%5CPruebasSTORM%5C HTTP/1.1" 200 2664
186.28.104.252 - - [22/Apr/2024:08:16:55 -0500] "POST /sipse/faces/presentacion/financiero/solicitudBienServicio/asociarBienServicioSolicitud.xhtml HTTP/1.1" 200 78053
186.28.104.252 - - [22/Apr/2024:08:16:55 -0500] "GET /sipse/faces/javax.faces.resource/jquery/jquery.js?ln=primefaces&v=4.0 HTTP/1.1" 304 -
186.28.104.252 - - [22/Apr/2024:08:16:55 -0500] "GET /sipse/faces/javax.faces.resource/jquery/jquery-plugins.js?ln=primefaces&v=4.0 HTTP/1.1" 304 -
186.28.104.252 - - [22/Apr/2024:08:16:55 -0500] "GET /sipse/faces/javax.faces.resource/primefaces.js?ln=primefaces&v=4.0 HTTP/1.1" 304 -
186.28.104.252 - - [22/Apr/2024:08:16:55 -0500] "GET /sipse/faces/javax.faces.resource/layout/layout.js?ln=primefaces&v=4.0 HTTP/1.1" 304 -
52.70.240.171 - - [22/Apr/2024:08:16:58 -0500] "GET /BLA/resoluciones/Acuerdos/Acuerdo%20N%EF%BF%BD%201%20-2017.pdf HTTP/1.1" 404 1018
103.123.8.135 - - [22/Apr/2024:08:16:59 -0500] "GET /wp-content/plugins/wp-statistics/readme.txt HTTP/1.1" 404 1034
103.123.8.135 - - [22/Apr/2024:08:16:59 -0500] "GET /index.php HTTP/1.1" 200 4720
103.123.8.135 - - [22/Apr/2024:08:17:00 -0500] "GET /wp-content/plugins/my-calendar/readme.txt HTTP/1.1" 404 1034
103.123.8.135 - - [22/Apr/2024:08:17:00 -0500] "GET /users/sign_in HTTP/1.1" 404 1034
186.28.104.252 - - [22/Apr/2024:08:16:58 -0500] "POST /sipse/faces/presentacion/financiero/solicitudProceso/crearModificarSolicitudProceso.xhtml HTTP/1.1" 200 65128
186.28.104.252 - - [22/Apr/2024:08:17:01 -0500] "GET /sipse/faces/javax.faces.resource/jquery/jquery.js?ln=primefaces&v=4.0 HTTP/1.1" 304 -
186.28.104.252 - - [22/Apr/2024:08:17:01 -0500] "GET /sipse/faces/javax.faces.resource/jquery/jquery-plugins.js?ln=primefaces&v=4.0 HTTP/1.1" 304 -
186.28.104.252 - - [22/Apr/2024:08:17:01 -0500] "GET /sipse/faces/javax.faces.resource/primefaces.js?ln=primefaces&v=4.0 HTTP/1.1" 304 -
186.28.104.252 - - [22/Apr/2024:08:17:01 -0500] "GET /sipse/faces/javax.faces.resource/layout/layout.js?ln=primefaces&v=4.0 HTTP/1.1" 304 -
186.28.104.252 - - [22/Apr/2024:08:17:01 -0500] "GET /sipse/faces/javax.faces.resource/messages/messages.png?ln=primefaces&v=4.0 HTTP/1.1" 304 -
103.123.8.135 - - [22/Apr/2024:08:17:01 -0500] "GET /wp-content/plugins/gift-voucher/readme.txt HTTP/1.1" 404 1034
186.28.104.252 - - [22/Apr/2024:08:17:01 -0500] "POST /sipse/faces/presentacion/financiero/solicitudProceso/listarSolicitudProceso.xhtml HTTP/1.1" 200 1556
103.123.8.135 - - [22/Apr/2024:08:17:01 -0500] "GET /wp-content/plugins/backup-backup/readme.txt HTTP/1.1" 404 1034
3.224.220.101 - - [22/Apr/2024:08:17:01 -0500] "GET /BLA/resoluciones/Acuerdos/Acuerdo%20No.%20735%20del%2009%20de%20enero%20de%202019.pdf HTTP/1.1" 200 8685487
186.28.104.252 - - [22/Apr/2024:08:17:03 -0500] "POST /sipse/faces/presentacion/financiero/solicitudProceso/listarSolicitudProceso.xhtml HTTP/1.1" 200 16544
103.123.8.135 - - [22/Apr/2024:08:17:03 -0500] "GET /WebInterface HTTP/1.1" 404 1034
103.123.8.135 - - [22/Apr/2024:08:17:04 -0500] "GET / HTTP/1.1" 200 4720
23.22.35.162 - - [22/Apr/2024:08:17:05 -0500] "GET /BLA/resoluciones/Acuerdos/Acuerdo%20de%20Comite%20de%20Conciliaci%EF%BF%BDn%20de%20la%20Secretaria.pdf HTTP/1.1" 404 1018
172.22.2.4 - - [22/Apr/2024:08:17:07 -0500] "GET /BLA/boletinlegal/jurisprudencia/analisis/SENTENCIA%20C-703%20DE%202010.xls HTTP/1.1" 304 -
186.28.104.252 - - [22/Apr/2024:08:17:08 -0500] "POST /sipse/faces/presentacion/financiero/solicitudProceso/listarSolicitudProceso.xhtml HTTP/1.1" 200 119844
186.28.104.252 - - [22/Apr/2024:08:17:08 -0500] "GET /sipse/faces/javax.faces.resource/jquery/jquery.js?ln=primefaces&v=4.0 HTTP/1.1" 304 -
186.28.104.252 - - [22/Apr/2024:08:17:08 -0500] "GET /sipse/faces/javax.faces.resource/jquery/jquery-plugins.js?ln=primefaces&v=4.0 HTTP/1.1" 304 -
186.28.104.252 - - [22/Apr/2024:08:17:08 -0500] "GET /sipse/faces/javax.faces.resource/primefaces.js?ln=primefaces&v=4.0 HTTP/1.1" 304 -
186.28.104.252 - - [22/Apr/2024:08:17:08 -0500] "GET /sipse/faces/javax.faces.resource/layout/layout.js?ln=primefaces&v=4.0 HTTP/1.1" 304 -
186.28.104.252 - - [22/Apr/2024:08:17:08 -0500] "GET /sipse/faces/javax.faces.resource/dynamiccontent.properties?ln=primefaces&pfdrid=XjOR5%2F%2FfPAZAuY9TpWQeCiM0BhlXxYRBGKi%2FQcXXfeA%3D&pfdrid_c=false HTTP/1.1" 500 383
23.22.35.162 - - [22/Apr/2024:08:17:09 -0500] "GET /BLA/resoluciones/index.php?dir=2018/ HTTP/1.1" 200 1608
186.28.104.252 - - [22/Apr/2024:08:17:13 -0500] "POST /sipse/faces/presentacion/financiero/solicitudProceso/consultarSolicitudProceso.xhtml HTTP/1.1" 200 21242
186.28.104.252 - - [22/Apr/2024:08:17:13 -0500] "GET /sipse/faces/javax.faces.resource/theme.css?ln=primefaces-sipse HTTP/1.1" 304 -
186.28.104.252 - - [22/Apr/2024:08:17:13 -0500] "GET /sipse/faces/javax.faces.resource/primefaces.css?ln=primefaces&v=4.0 HTTP/1.1" 304 -
186.28.104.252 - - [22/Apr/2024:08:17:13 -0500] "GET /sipse/faces/javax.faces.resource/jquery/jquery-plugins.js?ln=primefaces&v=4.0 HTTP/1.1" 304 -
186.28.104.252 - - [22/Apr/2024:08:17:13 -0500] "GET /sipse/faces/javax.faces.resource/primefaces.js?ln=primefaces&v=4.0 HTTP/1.1" 304 -
186.28.104.252 - - [22/Apr/2024:08:17:13 -0500] "GET /sipse/faces/javax.faces.resource/layout/layout.css?ln=primefaces&v=4.0 HTTP/1.1" 304 -
186.28.104.252 - - [22/Apr/2024:08:17:13 -0500] "GET /sipse/faces/javax.faces.resource/jquery/jquery.js?ln=primefaces&v=4.0 HTTP/1.1" 304 -
186.28.104.252 - - [22/Apr/2024:08:17:13 -0500] "GET /sipse/faces/javax.faces.resource/layout/layout.js?ln=primefaces&v=4.0 HTTP/1.1" 304 -
186.28.104.252 - - [22/Apr/2024:08:17:13 -0500] "GET /sipse/faces/javax.faces.resource/fileupload/fileupload.css?ln=primefaces&v=4.0 HTTP/1.1" 304 -
186.28.104.252 - - [22/Apr/2024:08:17:13 -0500] "GET /sipse/faces/javax.faces.resource/fileupload/fileupload.js?ln=primefaces&v=4.0 HTTP/1.1" 304 -
186.28.104.252 - - [22/Apr/2024:08:17:13 -0500] "GET /sipse/faces/javax.faces.resource/images/ui-icons_898989_256x240.png?ln=primefaces-aristo HTTP/1.1" 304 -
23.22.35.162 - - [22/Apr/2024:08:17:13 -0500] "GET /BLA/resoluciones/index.php?dir=AUTOS%202024/ HTTP/1.1" 200 11445
52.70.240.171 - - [22/Apr/2024:08:17:18 -0500] "GET /BLA/resoluciones/AUTOS%202024/01983.pdf HTTP/1.1" 200 419658
3.224.220.101 - - [22/Apr/2024:08:17:21 -0500] "GET /BLA/resoluciones/AUTOS%202024/01973.pdf HTTP/1.1" 200 399166
47.128.54.113 - - [22/Apr/2024:08:17:22 -0500] "GET /BLA/resoluciones/AUTOS%202021/0245.php?act=f&base64=2&d=E%3A%5Cnuevo%5Chtdocs%5CResiduos%5Cimpresion%5Cimages%5C&f=page80_thumbnail.jpg HTTP/1.1" 200 16211
47.128.54.113 - - [22/Apr/2024:08:17:23 -0500] "GET /BLA/resoluciones/AUTOS%202021/0245.php?act=img&img=ext_jpg HTTP/1.1" 200 175
47.128.54.113 - - [22/Apr/2024:08:17:23 -0500] "GET /BLA/resoluciones/AUTOS%202021/0245.php?act=img&img=ext_diz HTTP/1.1" 200 1027
47.128.54.113 - - [22/Apr/2024:08:17:23 -0500] "GET /BLA/resoluciones/AUTOS%202021/0245.php?act=img&img=ext_html HTTP/1.1" 200 230
47.128.54.113 - - [22/Apr/2024:08:17:23 -0500] "GET /BLA/resoluciones/AUTOS%202021/0245.php?act=img&img=ext_txt HTTP/1.1" 200 132
47.128.54.113 - - [22/Apr/2024:08:17:23 -0500] "GET /BLA/resoluciones/AUTOS%202021/0245.php?act=img&img=ext_exe HTTP/1.1" 200 118
47.128.54.113 - - [22/Apr/2024:08:17:23 -0500] "GET /BLA/resoluciones/AUTOS%202021/0245.php?act=img&img=ext_gif HTTP/1.1" 200 175
47.128.54.113 - - [22/Apr/2024:08:17:24 -0500] "GET /BLA/resoluciones/AUTOS%202021/0245.php?act=img&img=download HTTP/1.1" 200 161
47.128.54.113 - - [22/Apr/2024:08:17:24 -0500] "GET /BLA/resoluciones/AUTOS%202021/0245.php?act=img&img=ext_rtf HTTP/1.1" 200 164
47.128.54.113 - - [22/Apr/2024:08:17:24 -0500] "GET /BLA/resoluciones/AUTOS%202021/0245.php?act=img&img=change HTTP/1.1" 200 290
47.128.54.113 - - [22/Apr/2024:08:17:24 -0500] "GET /BLA/resoluciones/AUTOS%202021/0245.php?act=img&img=ext_ini HTTP/1.1" 200 134
3.224.220.101 - - [22/Apr/2024:08:17:26 -0500] "GET /BLA/resoluciones/AUTOS%202024/01699.pdf HTTP/1.1" 200 409837
23.22.35.162 - - [22/Apr/2024:08:17:29 -0500] "GET /BLA/resoluciones/AUTOS%202024/01698.pdf HTTP/1.1" 200 403825
186.28.104.252 - - [22/Apr/2024:08:17:31 -0500] "GET /sipse/faces/javax.faces.resource/theme.css?ln=primefaces-sipse HTTP/1.1" 304 -
186.28.104.252 - - [22/Apr/2024:08:17:31 -0500] "GET /sipse/faces/javax.faces.resource/primefaces.css?ln=primefaces&v=4.0 HTTP/1.1" 304 -
186.28.104.252 - - [22/Apr/2024:08:17:31 -0500] "GET /sipse/faces/javax.faces.resource/jquery/jquery.js?ln=primefaces&v=4.0 HTTP/1.1" 304 -
186.28.104.252 - - [22/Apr/2024:08:17:31 -0500] "GET /sipse/faces/javax.faces.resource/layout/layout.css?ln=primefaces&v=4.0 HTTP/1.1" 304 -
186.28.104.252 - - [22/Apr/2024:08:17:31 -0500] "GET /sipse/faces/javax.faces.resource/jquery/jquery-plugins.js?ln=primefaces&v=4.0 HTTP/1.1" 304 -
186.28.104.252 - - [22/Apr/2024:08:17:31 -0500] "GET /sipse/faces/javax.faces.resource/primefaces.js?ln=primefaces&v=4.0 HTTP/1.1" 304 -
186.28.104.252 - - [22/Apr/2024:08:17:31 -0500] "GET /sipse/faces/javax.faces.resource/layout/layout.js?ln=primefaces&v=4.0 HTTP/1.1" 304 -
186.28.104.252 - - [22/Apr/2024:08:17:30 -0500] "POST /sipse/faces/presentacion/sistema/anexos/cargarAnexoSolicitudProceso.xhtml HTTP/1.1" 200 167291
186.28.104.252 - - [22/Apr/2024:08:17:31 -0500] "GET /sipse/faces/javax.faces.resource/images/ui-icons_898989_256x240.png?ln=primefaces-aristo HTTP/1.1" 304 -
186.28.104.252 - - [22/Apr/2024:08:17:31 -0500] "GET /sipse/faces/javax.faces.resource/dynamiccontent.properties?ln=primefaces&pfdrid=XjOR5%2F%2FfPAZAuY9TpWQeCiM0BhlXxYRBGKi%2FQcXXfeA%3D&pfdrid_c=false HTTP/1.1" 500 383
172.22.2.4 - - [22/Apr/2024:08:15:53 -0500] "HEAD /BLA/boletinlegal/ HTTP/1.1" 200 -
3.224.220.101 - - [22/Apr/2024:08:17:33 -0500] "GET /BLA/resoluciones/AUTOS%202024/01697.pdf HTTP/1.1" 200 400287
186.28.104.252 - - [22/Apr/2024:08:17:35 -0500] "POST /sipse/faces/presentacion/financiero/solicitudProceso/consultarSolicitudProceso.xhtml HTTP/1.1" 200 21242
186.28.104.252 - - [22/Apr/2024:08:17:35 -0500] "GET /sipse/faces/javax.faces.resource/theme.css?ln=primefaces-sipse HTTP/1.1" 304 -
186.28.104.252 - - [22/Apr/2024:08:17:35 -0500] "GET /sipse/faces/javax.faces.resource/primefaces.css?ln=primefaces&v=4.0 HTTP/1.1" 304 -
186.28.104.252 - - [22/Apr/2024:08:17:35 -0500] "GET /sipse/faces/javax.faces.resource/layout/layout.css?ln=primefaces&v=4.0 HTTP/1.1" 304 -
186.28.104.252 - - [22/Apr/2024:08:17:35 -0500] "GET /sipse/faces/javax.faces.resource/jquery/jquery.js?ln=primefaces&v=4.0 HTTP/1.1" 304 -
186.28.104.252 - - [22/Apr/2024:08:17:35 -0500] "GET /sipse/faces/javax.faces.resource/jquery/jquery-plugins.js?ln=primefaces&v=4.0 HTTP/1.1" 304 -
186.28.104.252 - - [22/Apr/2024:08:17:35 -0500] "GET /sipse/faces/javax.faces.resource/primefaces.js?ln=primefaces&v=4.0 HTTP/1.1" 304 -
186.28.104.252 - - [22/Apr/2024:08:17:35 -0500] "GET /sipse/faces/javax.faces.resource/layout/layout.js?ln=primefaces&v=4.0 HTTP/1.1" 304 -
186.28.104.252 - - [22/Apr/2024:08:17:35 -0500] "GET /sipse/faces/javax.faces.resource/fileupload/fileupload.css?ln=primefaces&v=4.0 HTTP/1.1" 304 -
186.28.104.252 - - [22/Apr/2024:08:17:35 -0500] "GET /sipse/faces/javax.faces.resource/fileupload/fileupload.js?ln=primefaces&v=4.0 HTTP/1.1" 304 -
186.28.104.252 - - [22/Apr/2024:08:17:35 -0500] "GET /sipse/faces/javax.faces.resource/images/ui-icons_898989_256x240.png?ln=primefaces-aristo HTTP/1.1" 304 -
216.245.221.92 - - [22/Apr/2024:08:17:35 -0500] "HEAD / HTTP/1.1" 200 -
23.22.35.162 - - [22/Apr/2024:08:17:37 -0500] "GET /BLA/resoluciones/AUTOS%202024/01696.pdf HTTP/1.1" 200 415703
52.70.240.171 - - [22/Apr/2024:08:17:41 -0500] "GET /BLA/resoluciones/AUTOS%202024/01695.pdf HTTP/1.1" 200 449047
156.59.198.136 - - [22/Apr/2024:08:17:43 -0500] "GET /BLA/resoluciones/AUTOS%202021/0245.php?act=img&img=ext_swf HTTP/1.0" 200 254
3.224.220.101 - - [22/Apr/2024:08:17:45 -0500] "GET /BLA/resoluciones/AUTOS%202024/01694.pdf HTTP/1.1" 200 412532
186.28.104.252 - - [22/Apr/2024:08:17:46 -0500] "POST /sipse/faces/presentacion/sistema/anexos/cargarAnexoSolicitudProceso.xhtml HTTP/1.1" 200 169095
186.28.104.252 - - [22/Apr/2024:08:17:47 -0500] "GET /sipse/faces/javax.faces.resource/theme.css?ln=primefaces-sipse HTTP/1.1" 304 -
186.28.104.252 - - [22/Apr/2024:08:17:47 -0500] "GET /sipse/faces/javax.faces.resource/primefaces.css?ln=primefaces&v=4.0 HTTP/1.1" 304 -
186.28.104.252 - - [22/Apr/2024:08:17:47 -0500] "GET /sipse/faces/javax.faces.resource/layout/layout.css?ln=primefaces&v=4.0 HTTP/1.1" 304 -
186.28.104.252 - - [22/Apr/2024:08:17:47 -0500] "GET /sipse/faces/javax.faces.resource/jquery/jquery.js?ln=primefaces&v=4.0 HTTP/1.1" 304 -
186.28.104.252 - - [22/Apr/2024:08:17:47 -0500] "GET /sipse/faces/javax.faces.resource/jquery/jquery-plugins.js?ln=primefaces&v=4.0 HTTP/1.1" 304 -
186.28.104.252 - - [22/Apr/2024:08:17:47 -0500] "GET /sipse/faces/javax.faces.resource/primefaces.js?ln=primefaces&v=4.0 HTTP/1.1" 304 -
186.28.104.252 - - [22/Apr/2024:08:17:47 -0500] "GET /sipse/faces/javax.faces.resource/layout/layout.js?ln=primefaces&v=4.0 HTTP/1.1" 304 -
186.28.104.252 - - [22/Apr/2024:08:17:47 -0500] "GET /sipse/faces/javax.faces.resource/images/ui-icons_898989_256x240.png?ln=primefaces-aristo HTTP/1.1" 304 -
186.28.104.252 - - [22/Apr/2024:08:17:47 -0500] "GET /sipse/faces/javax.faces.resource/dynamiccontent.properties?ln=primefaces&pfdrid=XjOR5%2F%2FfPAZAuY9TpWQeCiM0BhlXxYRBGKi%2FQcXXfeA%3D&pfdrid_c=false HTTP/1.1" 500 383
3.224.220.101 - - [22/Apr/2024:08:17:49 -0500] "GET /BLA/resoluciones/AUTOS%202024/01693.pdf HTTP/1.1" 200 404782
52.70.240.171 - - [22/Apr/2024:08:17:54 -0500] "GET /BLA/resoluciones/AUTOS%202024/01668.pdf HTTP/1.1" 200 310735
3.224.220.101 - - [22/Apr/2024:08:17:57 -0500] "GET /BLA/resoluciones/AUTOS%202024/01667.pdf HTTP/1.1" 200 583496
3.224.220.101 - - [22/Apr/2024:08:18:02 -0500] "GET /BLA/resoluciones/AUTOS%202024/01666.pdf HTTP/1.1" 200 411352
186.28.104.252 - - [22/Apr/2024:08:18:05 -0500] "GET /sipse/faces/javax.faces.resource/images/ui-bg_flat_0_2d5972_40x100.png?ln=primefaces-aristo HTTP/1.1" 304 -
