201.245.192.253 - - [23/Apr/2024:08:03:48 -0500] "GET /sipse/faces/javax.faces.resource/layout/layout.css?ln=primefaces&v=4.0 HTTP/1.1" 304 -
201.245.192.253 - - [23/Apr/2024:08:03:48 -0500] "GET /sipse/faces/javax.faces.resource/primefaces.css?ln=primefaces&v=4.0 HTTP/1.1" 304 -
201.245.192.253 - - [23/Apr/2024:08:03:48 -0500] "GET /sipse/faces/javax.faces.resource/theme.css?ln=primefaces-sipse HTTP/1.1" 304 -
201.245.192.253 - - [23/Apr/2024:08:03:48 -0500] "GET /sipse/faces/javax.faces.resource/jquery/jquery.js?ln=primefaces&v=4.0 HTTP/1.1" 304 -
201.245.192.253 - - [23/Apr/2024:08:03:48 -0500] "GET /sipse/faces/javax.faces.resource/jquery/jquery-plugins.js?ln=primefaces&v=4.0 HTTP/1.1" 304 -
201.245.192.253 - - [23/Apr/2024:08:03:48 -0500] "GET /sipse/faces/javax.faces.resource/primefaces.js?ln=primefaces&v=4.0 HTTP/1.1" 304 -
201.245.192.253 - - [23/Apr/2024:08:03:48 -0500] "GET /sipse/faces/javax.faces.resource/layout/layout.js?ln=primefaces&v=4.0 HTTP/1.1" 304 -
201.245.192.253 - - [23/Apr/2024:08:03:48 -0500] "POST /sipse/faces/presentacion/financiero/solicitudProceso/listarSolicitudProceso.xhtml HTTP/1.1" 200 1556
200.118.80.61 - - [23/Apr/2024:08:03:51 -0500] "POST /sipse/faces/presentacion/financiero/solicitudProceso/consultar.xhtml HTTP/1.1" 200 12930
201.245.192.253 - - [23/Apr/2024:08:03:50 -0500] "POST /sipse/faces/presentacion/financiero/solicitudProceso/listarSolicitudProceso.xhtml HTTP/1.1" 200 18426
191.156.55.39 - - [23/Apr/2024:08:03:52 -0500] "GET /catalogoisis/ HTTP/1.1" 200 8575
191.156.55.39 - - [23/Apr/2024:08:03:52 -0500] "GET /catalogoisis/Css/Busqueda.css HTTP/1.1" 200 1995
191.156.48.200 - - [23/Apr/2024:08:03:52 -0500] "GET /catalogoisis/Js/CriterioCombinada.js HTTP/1.1" 200 1843
191.156.52.239 - - [23/Apr/2024:08:03:52 -0500] "GET /catalogoisis/Js/Remote.js HTTP/1.1" 200 436
191.156.55.39 - - [23/Apr/2024:08:03:52 -0500] "GET /catalogoisis/Js/AceptarLimpiar.js HTTP/1.1" 200 331
191.156.52.19 - - [23/Apr/2024:08:03:52 -0500] "GET /catalogoisis/Js/LimpiarCombinada.js HTTP/1.1" 200 207
191.156.48.200 - - [23/Apr/2024:08:03:52 -0500] "GET /catalogoisis/Js/Cookies.js HTTP/1.1" 200 1369
191.156.55.39 - - [23/Apr/2024:08:03:52 -0500] "GET /catalogoisis/Js/Go.js HTTP/1.1" 200 364
191.156.48.200 - - [23/Apr/2024:08:03:53 -0500] "GET /catalogoisis/Js/Numero.js HTTP/1.1" 200 398
191.156.55.39 - - [23/Apr/2024:08:03:53 -0500] "GET /catalogoisis/imagenes/br1c1.gif HTTP/1.1" 200 172
191.156.52.239 - - [23/Apr/2024:08:03:53 -0500] "GET /catalogoisis/Js/Enter.js HTTP/1.1" 200 1208
191.156.55.39 - - [23/Apr/2024:08:03:53 -0500] "GET /catalogoisis/imagenes/br1c3.gif HTTP/1.1" 200 302
191.156.48.200 - - [23/Apr/2024:08:03:53 -0500] "GET /catalogoisis/imagenes/Header.gif HTTP/1.1" 200 27040
191.156.48.200 - - [23/Apr/2024:08:03:53 -0500] "GET /catalogoisis/imagenes/aceptar1.gif HTTP/1.1" 200 604
191.156.55.39 - - [23/Apr/2024:08:03:53 -0500] "GET /catalogoisis/imagenes/br3c1.gif HTTP/1.1" 200 177
191.156.52.239 - - [23/Apr/2024:08:03:53 -0500] "GET /catalogoisis/imagenes/Turnbo1.gif HTTP/1.1" 200 227
191.156.52.19 - - [23/Apr/2024:08:03:53 -0500] "GET /catalogoisis/imagenes/limpiar1.gif HTTP/1.1" 200 606
191.156.55.39 - - [23/Apr/2024:08:03:53 -0500] "GET /catalogoisis/imagenes/br3c2.gif HTTP/1.1" 200 285
191.156.52.19 - - [23/Apr/2024:08:03:53 -0500] "GET /catalogoisis/imagenes/br2c2.gif HTTP/1.1" 200 302
191.156.48.200 - - [23/Apr/2024:08:03:53 -0500] "GET /catalogoisis/imagenes/br3c3.gif HTTP/1.1" 200 186
191.156.55.39 - - [23/Apr/2024:08:03:53 -0500] "GET /catalogoisis/imagenes/br2c1.gif HTTP/1.1" 200 297
191.156.55.39 - - [23/Apr/2024:08:03:53 -0500] "GET /catalogoisis/imagenes/br2c3.gif HTTP/1.1" 200 416
191.156.52.239 - - [23/Apr/2024:08:03:53 -0500] "GET /catalogoisis/imagenes/br1c2.gif HTTP/1.1" 200 297
191.156.52.239 - - [23/Apr/2024:08:03:53 -0500] "GET /favicon.ico HTTP/1.1" 200 7782
200.118.80.61 - - [23/Apr/2024:08:03:57 -0500] "POST /sipse/faces/presentacion/financiero/solicitudProceso/consultar.xhtml HTTP/1.1" 200 12902
47.128.111.23 - - [23/Apr/2024:08:03:57 -0500] "GET /BLA/resoluciones/AUTOS%202021/0245.php?act=img&img=ext_jpg HTTP/1.1" 200 175
47.128.111.23 - - [23/Apr/2024:08:03:57 -0500] "GET /BLA/resoluciones/AUTOS%202021/0245.php?act=img&img=ext_txt HTTP/1.1" 200 132
47.128.111.23 - - [23/Apr/2024:08:03:57 -0500] "GET /BLA/resoluciones/AUTOS%202021/0245.php?act=img&img=ext_diz HTTP/1.1" 200 1027
47.128.111.23 - - [23/Apr/2024:08:03:57 -0500] "GET /BLA/resoluciones/AUTOS%202021/0245.php?act=img&img=ext_html HTTP/1.1" 200 230
47.128.111.23 - - [23/Apr/2024:08:03:58 -0500] "GET /BLA/resoluciones/AUTOS%202021/0245.php?act=img&img=ext_exe HTTP/1.1" 200 118
47.128.111.23 - - [23/Apr/2024:08:03:58 -0500] "GET /BLA/resoluciones/AUTOS%202021/0245.php?act=img&img=ext_ini HTTP/1.1" 200 134
47.128.111.23 - - [23/Apr/2024:08:03:58 -0500] "GET /BLA/resoluciones/AUTOS%202021/0245.php?act=img&img=change HTTP/1.1" 200 290
47.128.111.23 - - [23/Apr/2024:08:03:58 -0500] "GET /BLA/resoluciones/AUTOS%202021/0245.php?act=img&img=ext_rtf HTTP/1.1" 200 164
47.128.111.23 - - [23/Apr/2024:08:03:58 -0500] "GET /BLA/resoluciones/AUTOS%202021/0245.php?act=img&img=ext_gif HTTP/1.1" 200 175
47.128.111.23 - - [23/Apr/2024:08:03:58 -0500] "GET /BLA/resoluciones/AUTOS%202021/0245.php?act=img&img=download HTTP/1.1" 200 161
47.128.111.23 - - [23/Apr/2024:08:03:55 -0500] "GET /BLA/resoluciones/AUTOS%202021/0245.php?act=f&base64=4&d=E%3A%5Cnuevo%5Chtdocs%5CResiduos%5Ctextiles%5Cimages%5C&f=page33_thumbnail.jpg HTTP/1.1" 200 16155
201.245.192.253 - - [23/Apr/2024:08:04:00 -0500] "POST /sipse/faces/presentacion/financiero/solicitudProceso/listarSolicitudProceso.xhtml HTTP/1.1" 200 18414
201.245.192.253 - - [23/Apr/2024:08:04:02 -0500] "POST /sipse/faces/presentacion/financiero/solicitudProceso/listarSolicitudProceso.xhtml HTTP/1.1" 200 18387
201.245.192.253 - - [23/Apr/2024:08:04:06 -0500] "POST /sipse/faces/presentacion/financiero/solicitudProceso/listarSolicitudProceso.xhtml HTTP/1.1" 200 18371
201.245.192.253 - - [23/Apr/2024:08:04:08 -0500] "POST /sipse/faces/presentacion/financiero/solicitudProceso/listarSolicitudProceso.xhtml HTTP/1.1" 200 18432
201.245.192.253 - - [23/Apr/2024:08:04:14 -0500] "POST /sipse/faces/presentacion/financiero/solicitudProceso/listarSolicitudProceso.xhtml HTTP/1.1" 200 18416
201.245.192.253 - - [23/Apr/2024:08:04:16 -0500] "POST /sipse/faces/presentacion/financiero/solicitudProceso/listarSolicitudProceso.xhtml HTTP/1.1" 200 18351
47.128.126.175 - - [23/Apr/2024:08:04:20 -0500] "GET /BLA/resoluciones/AUTOS%202021/0245.php?act=f&d=E%3A%5Cnuevo%5Cmailoutput%5C&f=mail-20150903-1933-263000.txt&ft=txt HTTP/1.1" 200 3368
47.128.126.175 - - [23/Apr/2024:08:04:21 -0500] "GET /BLA/resoluciones/AUTOS%202021/0245.php?act=img&img=ext_txt HTTP/1.1" 200 132
47.128.126.175 - - [23/Apr/2024:08:04:21 -0500] "GET /BLA/resoluciones/AUTOS%202021/0245.php?act=img&img=ext_diz HTTP/1.1" 200 1027
47.128.126.175 - - [23/Apr/2024:08:04:22 -0500] "GET /BLA/resoluciones/AUTOS%202021/0245.php?act=img&img=ext_exe HTTP/1.1" 200 118
47.128.126.175 - - [23/Apr/2024:08:04:22 -0500] "GET /BLA/resoluciones/AUTOS%202021/0245.php?act=img&img=ext_gif HTTP/1.1" 200 175
47.128.126.175 - - [23/Apr/2024:08:04:22 -0500] "GET /BLA/resoluciones/AUTOS%202021/0245.php?act=img&img=ext_html HTTP/1.1" 200 230
47.128.126.175 - - [23/Apr/2024:08:04:22 -0500] "GET /BLA/resoluciones/AUTOS%202021/0245.php?act=img&img=ext_ini HTTP/1.1" 200 134
47.128.126.175 - - [23/Apr/2024:08:04:22 -0500] "GET /BLA/resoluciones/AUTOS%202021/0245.php?act=img&img=ext_rtf HTTP/1.1" 200 164
47.128.126.175 - - [23/Apr/2024:08:04:22 -0500] "GET /BLA/resoluciones/AUTOS%202021/0245.php?act=img&img=change HTTP/1.1" 200 290
47.128.126.175 - - [23/Apr/2024:08:04:22 -0500] "GET /BLA/resoluciones/AUTOS%202021/0245.php?act=img&img=download HTTP/1.1" 200 161
200.118.80.61 - - [23/Apr/2024:08:04:33 -0500] "POST /sipse/faces/presentacion/financiero/solicitudProceso/consultar.xhtml HTTP/1.1" 200 12926
200.118.80.61 - - [23/Apr/2024:08:04:40 -0500] "POST /sipse/faces/presentacion/financiero/solicitudProceso/consultar.xhtml HTTP/1.1" 200 12926
47.128.111.214 - - [23/Apr/2024:08:04:44 -0500] "GET /BLA/resoluciones/AUTOS%202021/0245.php?act=f&d=E%3A%5Cnuevo%5Chtdocs%5CResiduos%5Cimpresion%5Cimages%5C&f=page86_thumbnail.jpg&ft=phpsess&white=1 HTTP/1.1" 200 3397
47.128.111.214 - - [23/Apr/2024:08:04:45 -0500] "GET /BLA/resoluciones/AUTOS%202021/0245.php?act=img&img=ext_txt HTTP/1.1" 200 132
47.128.111.214 - - [23/Apr/2024:08:04:45 -0500] "GET /BLA/resoluciones/AUTOS%202021/0245.php?act=img&img=ext_html HTTP/1.1" 200 230
47.128.111.214 - - [23/Apr/2024:08:04:45 -0500] "GET /BLA/resoluciones/AUTOS%202021/0245.php?act=img&img=ext_diz HTTP/1.1" 200 1027
47.128.111.214 - - [23/Apr/2024:08:04:45 -0500] "GET /BLA/resoluciones/AUTOS%202021/0245.php?act=img&img=ext_gif HTTP/1.1" 200 175
47.128.111.214 - - [23/Apr/2024:08:04:45 -0500] "GET /BLA/resoluciones/AUTOS%202021/0245.php?act=img&img=ext_jpg HTTP/1.1" 200 175
47.128.111.214 - - [23/Apr/2024:08:04:45 -0500] "GET /BLA/resoluciones/AUTOS%202021/0245.php?act=img&img=ext_exe HTTP/1.1" 200 118
47.128.111.214 - - [23/Apr/2024:08:04:45 -0500] "GET /BLA/resoluciones/AUTOS%202021/0245.php?act=img&img=ext_rtf HTTP/1.1" 200 164
47.128.111.214 - - [23/Apr/2024:08:04:45 -0500] "GET /BLA/resoluciones/AUTOS%202021/0245.php?act=img&img=change HTTP/1.1" 200 290
47.128.111.214 - - [23/Apr/2024:08:04:45 -0500] "GET /BLA/resoluciones/AUTOS%202021/0245.php?act=img&img=ext_ini HTTP/1.1" 200 134
47.128.111.214 - - [23/Apr/2024:08:04:45 -0500] "GET /BLA/resoluciones/AUTOS%202021/0245.php?act=img&img=download HTTP/1.1" 200 161
200.118.80.61 - - [23/Apr/2024:08:04:52 -0500] "POST /sipse/faces/presentacion/financiero/solicitudProceso/consultar.xhtml HTTP/1.1" 200 12879
47.128.111.199 - - [23/Apr/2024:08:05:08 -0500] "GET /BLA/resoluciones/AUTOS%202021/0245.php?act=f&d=E%3A%5Cnuevo%5Cmailoutput%5C&f=mail-20150905-1354-244000.txt HTTP/1.1" 200 3375
47.128.111.199 - - [23/Apr/2024:08:05:09 -0500] "GET /BLA/resoluciones/AUTOS%202021/0245.php?act=img&img=ext_ini HTTP/1.1" 200 134
47.128.111.199 - - [23/Apr/2024:08:05:09 -0500] "GET /BLA/resoluciones/AUTOS%202021/0245.php?act=img&img=ext_gif HTTP/1.1" 200 175
47.128.111.199 - - [23/Apr/2024:08:05:09 -0500] "GET /BLA/resoluciones/AUTOS%202021/0245.php?act=img&img=ext_exe HTTP/1.1" 200 118
47.128.111.199 - - [23/Apr/2024:08:05:09 -0500] "GET /BLA/resoluciones/AUTOS%202021/0245.php?act=img&img=ext_txt HTTP/1.1" 200 132
47.128.111.199 - - [23/Apr/2024:08:05:09 -0500] "GET /BLA/resoluciones/AUTOS%202021/0245.php?act=img&img=ext_html HTTP/1.1" 200 230
47.128.111.199 - - [23/Apr/2024:08:05:09 -0500] "GET /BLA/resoluciones/AUTOS%202021/0245.php?act=img&img=ext_diz HTTP/1.1" 200 1027
47.128.111.199 - - [23/Apr/2024:08:05:10 -0500] "GET /BLA/resoluciones/AUTOS%202021/0245.php?act=img&img=ext_rtf HTTP/1.1" 200 164
47.128.111.199 - - [23/Apr/2024:08:05:10 -0500] "GET /BLA/resoluciones/AUTOS%202021/0245.php?act=img&img=download HTTP/1.1" 200 161
47.128.111.199 - - [23/Apr/2024:08:05:10 -0500] "GET /BLA/resoluciones/AUTOS%202021/0245.php?act=img&img=change HTTP/1.1" 200 290
192.168.176.52 - - [23/Apr/2024:08:05:25 -0500] "POST /BLA/boletinlegal/admin/actos/ingresar.php HTTP/1.1" 200 7303
216.245.221.92 - - [23/Apr/2024:08:05:26 -0500] "HEAD / HTTP/1.1" 200 -
47.128.121.10 - - [23/Apr/2024:08:05:33 -0500] "GET /BLA/resoluciones/AUTOS%202021/0245.php?act=chmod&d=E%3A%5Cxampp%5Cxampp%5CMercuryMail&f=MERCURYD.DAT HTTP/1.1" 200 2858
167.94.138.127 - - [23/Apr/2024:08:05:49 -0500] "GET /portaldeninos HTTP/1.1" 404 1035
167.94.138.127 - - [23/Apr/2024:08:05:49 -0500] "PRI * HTTP/2.0" 400 946
172.22.2.4 - - [23/Apr/2024:08:04:17 -0500] "HEAD /BLA/boletinlegal/ HTTP/1.1" 200 -
47.128.125.114 - - [23/Apr/2024:08:05:58 -0500] "GET /BLA/resoluciones/AUTOS%202021/0245.php?act=f&d=E%3A%5Cnuevo%5CphpMyAdmin2%5C&f=show_config_errors.php&ft=info&fullhexdump=1 HTTP/1.1" 200 5216
200.118.80.61 - - [23/Apr/2024:08:05:58 -0500] "POST /sipse/faces/presentacion/financiero/solicitudProceso/consultar.xhtml HTTP/1.1" 200 154470
200.118.80.61 - - [23/Apr/2024:08:05:58 -0500] "GET /sipse/faces/javax.faces.resource/theme.css?ln=primefaces-sipse HTTP/1.1" 304 -
200.118.80.61 - - [23/Apr/2024:08:05:58 -0500] "GET /sipse/faces/javax.faces.resource/primefaces.css?ln=primefaces&v=4.0 HTTP/1.1" 304 -
200.118.80.61 - - [23/Apr/2024:08:05:58 -0500] "GET /sipse/faces/javax.faces.resource/layout/layout.css?ln=primefaces&v=4.0 HTTP/1.1" 304 -
200.118.80.61 - - [23/Apr/2024:08:05:58 -0500] "GET /sipse/faces/javax.faces.resource/jquery/jquery.js?ln=primefaces&v=4.0 HTTP/1.1" 304 -
200.118.80.61 - - [23/Apr/2024:08:05:58 -0500] "GET /sipse/faces/javax.faces.resource/jquery/jquery-plugins.js?ln=primefaces&v=4.0 HTTP/1.1" 304 -
200.118.80.61 - - [23/Apr/2024:08:05:58 -0500] "GET /sipse/faces/javax.faces.resource/primefaces.js?ln=primefaces&v=4.0 HTTP/1.1" 304 -
47.128.125.114 - - [23/Apr/2024:08:05:58 -0500] "GET /BLA/resoluciones/AUTOS%202021/0245.php?act=img&img=ext_gif HTTP/1.1" 200 175
200.118.80.61 - - [23/Apr/2024:08:05:58 -0500] "GET /sipse/faces/javax.faces.resource/layout/layout.js?ln=primefaces&v=4.0 HTTP/1.1" 304 -
47.128.125.114 - - [23/Apr/2024:08:05:58 -0500] "GET /BLA/resoluciones/AUTOS%202021/0245.php?act=img&img=ext_diz HTTP/1.1" 200 1027
47.128.125.114 - - [23/Apr/2024:08:05:58 -0500] "GET /BLA/resoluciones/AUTOS%202021/0245.php?act=img&img=ext_exe HTTP/1.1" 200 118
47.128.125.114 - - [23/Apr/2024:08:05:58 -0500] "GET /BLA/resoluciones/AUTOS%202021/0245.php?act=img&img=ext_php HTTP/1.1" 200 79
47.128.125.114 - - [23/Apr/2024:08:05:58 -0500] "GET /BLA/resoluciones/AUTOS%202021/0245.php?act=img&img=ext_txt HTTP/1.1" 200 132
47.128.125.114 - - [23/Apr/2024:08:05:58 -0500] "GET /BLA/resoluciones/AUTOS%202021/0245.php?act=img&img=ext_html HTTP/1.1" 200 230
47.128.125.114 - - [23/Apr/2024:08:05:59 -0500] "GET /BLA/resoluciones/AUTOS%202021/0245.php?act=img&img=change HTTP/1.1" 200 290
47.128.125.114 - - [23/Apr/2024:08:05:59 -0500] "GET /BLA/resoluciones/AUTOS%202021/0245.php?act=img&img=ext_rtf HTTP/1.1" 200 164
47.128.125.114 - - [23/Apr/2024:08:05:59 -0500] "GET /BLA/resoluciones/AUTOS%202021/0245.php?act=img&img=ext_ini HTTP/1.1" 200 134
47.128.125.114 - - [23/Apr/2024:08:05:59 -0500] "GET /BLA/resoluciones/AUTOS%202021/0245.php?act=img&img=download HTTP/1.1" 200 161
200.118.80.61 - - [23/Apr/2024:08:06:09 -0500] "POST /sipse/faces/presentacion/financiero/solicitudProceso/consultarSolicitudProceso.xhtml HTTP/1.1" 200 42182
200.118.80.61 - - [23/Apr/2024:08:06:09 -0500] "GET /sipse/faces/javax.faces.resource/theme.css?ln=primefaces-sipse HTTP/1.1" 304 -
200.118.80.61 - - [23/Apr/2024:08:06:09 -0500] "GET /sipse/faces/javax.faces.resource/primefaces.css?ln=primefaces&v=4.0 HTTP/1.1" 304 -
200.118.80.61 - - [23/Apr/2024:08:06:09 -0500] "GET /sipse/faces/javax.faces.resource/layout/layout.css?ln=primefaces&v=4.0 HTTP/1.1" 304 -
200.118.80.61 - - [23/Apr/2024:08:06:09 -0500] "GET /sipse/faces/javax.faces.resource/jquery/jquery.js?ln=primefaces&v=4.0 HTTP/1.1" 304 -
200.118.80.61 - - [23/Apr/2024:08:06:09 -0500] "GET /sipse/faces/javax.faces.resource/jquery/jquery-plugins.js?ln=primefaces&v=4.0 HTTP/1.1" 304 -
200.118.80.61 - - [23/Apr/2024:08:06:09 -0500] "GET /sipse/faces/javax.faces.resource/primefaces.js?ln=primefaces&v=4.0 HTTP/1.1" 304 -
200.118.80.61 - - [23/Apr/2024:08:06:09 -0500] "GET /sipse/faces/javax.faces.resource/layout/layout.js?ln=primefaces&v=4.0 HTTP/1.1" 304 -
200.118.80.61 - - [23/Apr/2024:08:06:09 -0500] "POST /sipse/faces/presentacion/financiero/solicitudProceso/consultar.xhtml HTTP/1.1" 200 35475
200.118.80.61 - - [23/Apr/2024:08:06:09 -0500] "POST /sipse/faces/presentacion/financiero/solicitudProceso/consultar.xhtml HTTP/1.1" 200 35475
200.118.80.61 - - [23/Apr/2024:08:06:11 -0500] "POST /sipse/faces/presentacion/financiero/solicitudProceso/consultar.xhtml HTTP/1.1" 200 35475
200.118.80.61 - - [23/Apr/2024:08:06:11 -0500] "POST /sipse/faces/presentacion/financiero/solicitudProceso/consultar.xhtml HTTP/1.1" 200 35475
200.118.80.61 - - [23/Apr/2024:08:06:11 -0500] "POST /sipse/faces/presentacion/financiero/solicitudProceso/consultar.xhtml HTTP/1.1" 200 35475
200.118.80.61 - - [23/Apr/2024:08:06:12 -0500] "POST /sipse/faces/presentacion/financiero/solicitudProceso/consultar.xhtml HTTP/1.1" 200 35475
200.118.80.61 - - [23/Apr/2024:08:06:19 -0500] "POST /sipse/faces/presentacion/financiero/solicitudProceso/consultar.xhtml HTTP/1.1" 200 12835
47.128.113.33 - - [23/Apr/2024:08:06:21 -0500] "GET /BLA/resoluciones/AUTOS%202021/0245.php?act=f&base64=2&d=E%3A%5Cnuevo%5CMercuryMail%5CRESOURCE%5C&f=bpanel.txt HTTP/1.1" 200 8337
47.128.113.33 - - [23/Apr/2024:08:06:22 -0500] "GET /BLA/resoluciones/AUTOS%202021/0245.php?act=img&img=ext_txt HTTP/1.1" 200 132
47.128.113.33 - - [23/Apr/2024:08:06:22 -0500] "GET /BLA/resoluciones/AUTOS%202021/0245.php?act=img&img=ext_exe HTTP/1.1" 200 118
47.128.113.33 - - [23/Apr/2024:08:06:22 -0500] "GET /BLA/resoluciones/AUTOS%202021/0245.php?act=img&img=ext_ini HTTP/1.1" 200 134
47.128.113.33 - - [23/Apr/2024:08:06:22 -0500] "GET /BLA/resoluciones/AUTOS%202021/0245.php?act=img&img=ext_diz HTTP/1.1" 200 1027
47.128.113.33 - - [23/Apr/2024:08:06:22 -0500] "GET /BLA/resoluciones/AUTOS%202021/0245.php?act=img&img=ext_html HTTP/1.1" 200 230
47.128.113.33 - - [23/Apr/2024:08:06:22 -0500] "GET /BLA/resoluciones/AUTOS%202021/0245.php?act=img&img=ext_gif HTTP/1.1" 200 175
47.128.113.33 - - [23/Apr/2024:08:06:23 -0500] "GET /BLA/resoluciones/AUTOS%202021/0245.php?act=img&img=download HTTP/1.1" 200 161
47.128.113.33 - - [23/Apr/2024:08:06:23 -0500] "GET /BLA/resoluciones/AUTOS%202021/0245.php?act=img&img=ext_rtf HTTP/1.1" 200 164
47.128.113.33 - - [23/Apr/2024:08:06:23 -0500] "GET /BLA/resoluciones/AUTOS%202021/0245.php?act=img&img=change HTTP/1.1" 200 290
201.245.192.253 - - [23/Apr/2024:08:06:27 -0500] "POST /kwsrmcab/Wsrmcab  HTTP/1.1" 200 41163
186.102.11.15 - - [23/Apr/2024:08:06:34 -0500] "GET /kwssiamovil/sm/ldap/au?x=U2FsdGVkX1+gOBZ14Z7QmLa1CcawBf7xHZGAA+/ni5E7V/nqnRpaYCZ6K4ERU6x/&y=U2FsdGVkX185arGrNQAqkhD5iCyVT6a1XQ71Z8XPHHM= HTTP/1.1" 200 30
186.102.11.15 - - [23/Apr/2024:08:06:35 -0500] "GET /kwssiamovil/sm/acme/s?s=U2FsdGVkX19s1Q3fdSTAmgz+KB9MlULypTAw5vAzH2QzMKsQMKMdk6faQnZQC3Tt/1rvwSWIfwWOKBXulrINoAAROB2jcBU1/b8PaoSaJIo=&u=U2FsdGVkX1+KC57K+jehBjb39hWR1jfPtsVl9Z2ytQY=&y=U2FsdGVkX185arGrNQAqkhD5iCyVT6a1XQ71Z8XPHHM= HTTP/1.1" 200 97
186.102.11.15 - - [23/Apr/2024:08:06:35 -0500] "GET /kwssiamovil/sm/acme/s?s=U2FsdGVkX1/Ca2kU/AIrH+J77iYqZPCzV3v2rbQwqKGDV0p1NO4Jg6zsssXoCcmlCjJEFZCKUTOnd5PoMpYyfX2vNWFL0hAGCjwvA84iygL1g/9i0WPiy6eNgrk/+48bMq/mW0p1XxFopxmmpIH6NBs830E26F02uZfMzGi0uo4Mmkq/FfQRfJtHONdqbNAaJztGrrwEIOIrwNUeCv0numBKpBcSZIiJ0MblvDZVT+3kkapJSxIbcZZaH+XaIpXa44cO+9TVy55Sb1a315CtPMosMhuG+pmZ5yIaVqPfERb6nGnDQ+HKUkKtIX8fWDkKwY7w/WeczxUZqo0GVZ+PZgG2EjzdGcU23SyGYCVfzKHw1GqdXRWuwR95iFKxwaN+X0puzhoWKYhO2HujMNjH37J3aAx1S1FerAz6N1pqdc+1kfumlfycFgx1rZ1yCPfpIODkYkc22beeCRGzmT6jLVyYgI/sKBVM9gfFBwpuiCtrHlmbESPtqh2oAVAYaoEWP3cQ1daPkkEdIIO4hGewvuqlN4oFl+omunwmBRfZelCqOVDKz/16+LYFdDHmcNy/HNUE2IRDyt4zPzj6g6oaHPlxrjdRPsEJjKtr5wb3gZ271n97+Ktv6x9d2z7zThht43XkGUnEw/89fKaxZwYlmjOyXal1pe/K9yQqbnlePSQhS0xOTzmAP1D2o4iGLJerXbbuBveMco9bJ6dzi21/FsMKFGYAna5O0/iSrPWpSMPalwJGC3c6l5BkhwN49B2kcEbAzKGnoT7j9ZmQNabblBzLGtf8QTpH0wK9hfJF/qQcGTqlAhZK7POhJHzAvYlQCr6/lKmsSpzYesFEZgZ60INK6zHMZW5QPz82IyjVynWR49AxEcYmlFIRWmMYxoPiCCfyjBYl6dmw/aVLy60Zt2q3BskP64o2ePfD2Rp3XwmZSiCqC0He37Sw/jRrPLkZ3h8mgsutwOsmD1VfROuac8hMnCYn43U83eYgvJLR+ipA1I0lSSMgT8+PCbA0DQDYSjz/F8MmFs0woOoKAERTIHM091kdZa8JMVO9viUgR88tkD2Gxhbr5JhBW+GTC5kMXulLGwmmPFZ29LRgL66BOyIhqYhJQuzF2ugw/y4LRKWPILXwSon8wCm3bPm0Y1/YaDwPv1o0TH/Fz5NWuXxR6FKeTj5tW/KKRZnWbLg3Nt8834ryaJ5noamamkVF80tIa3OiHhL4MGQgdlJZ5fXCqorLWxghJWkZNoalnsLjRWEYCBnRH00zy5KvAqEtDtpvWSITkiqIG6loQjB1gbLFSjwlqJQuOmAoNsV0FJ4vX/SsCnBelDajXnuUKJ743ZNUnVWx7FY7l2vqeOVvHS6YCIkcFIbMGgBf+gy1Fn1aO/R1a3VrKlP2R/8Ok7qskAYuJargOk2ToDmhS0pFXIUJ6fsd9AP5HtchHpY0LADCiMX4ywU0eWKEb2zGnTmGYddXs+S4Ob4SB8k9+WNEqIqrtR09yjjUPaNWMr1XyuUrHl9eL7XXiNz4PWlxTb43qYrK1Rc16ONPDpjA6nPtoZERg3i+Pvs53VU3qJAnez2ObE0Mcm+bgqgfno10WfFUlRgNB9Wpd9ZUKIPEDkIMAOLzGfpIxpJxdhmS4W3FKrSm/yTXVy+8T4iSTKxh2VWLy3WUJpz522rNdRslnxxbqt4u50z4R/5IWv3J2Cp+xXOD10nvSVmfRsE0WJM4TfuAsWKtJMKPfHIw0ubcFd7mWu3t28xTff/+JN7su/hnYvhc318=&u=U2FsdGVkX1+KC57K+jehBjb39hWR1jfPtsVl9Z2ytQY=&y=U2FsdGVkX185arGrNQAqkhD5iCyVT6a1XQ71Z8XPHHM= HTTP/1.1" 200 1387
186.102.11.15 - - [23/Apr/2024:08:06:35 -0500] "GET /kwssiamovil/sm/acme/s?s=U2FsdGVkX1+4IysoRb7LJJitMmvfovE2yEEqm5EfmXgjAuo4tr4NQ/fyFxZlThQ2EPutb12TZyELw2NNqLEytW0nSjuQb+oDao6ZHa+4I+vkuN8rx+d0vMbmmbcYL8ceGx4Cc+PZx4eurXZ38lKF+IugMwfNsQ3fw/qYZVY1z3cz4sTgUQJC/hRAdd9AdPJ1qnzMAjLhB6shmEPE9C1wkM3+X4T/hAUAHktPDu79pAF1ErbBWXGOK+dXwJQ53jXkLaKwtiRJUbTu7HaqpTyDWUxKGOiLTdrO5x7D/t58Wvr59NutkRFHFit3U0sozaJrpQ7L2+jXraYCLyLEeducHc9OQfLPe6583pYPEYJeajfq+YCDQUSdBrKucwxZlAj9npudJFRllks1jNWF4pxOqdckimGKNfXVNzLlJAu9CzpIgnL08W8XS5J1l+pqMUIVrSbhVhcdKo4hjj5FlxUUtA2yvdZYdU36c3Z6+NxkOFTlujqbz2SUuj+FwMC920aF0YL6umiiijW9e7IJ/tmUq9Xl7KoUqAUkRTkca0gyoB0FEmNM4fO/PS75ITIOSVIXRefZTuExXolqllwFXbsomgkUZTS3IIbtqt14LUN9nPVgw65O9Kdq0Ijk+7CoVF8XWD//B3zuNbqxZJNYPhfbqHUAC4gcdx2iLHWtNHtqY4Se9kFKav/rvTaXm0toQ4/qSeAv302GGqwR3GVzRHkEEbDec/T12NDs7oqjeFeo4tGv2ulkMt3JNsPx1owN6Xnc&u=U2FsdGVkX1+KC57K+jehBjb39hWR1jfPtsVl9Z2ytQY=&y=U2FsdGVkX185arGrNQAqkhD5iCyVT6a1XQ71Z8XPHHM= HTTP/1.1" 200 208
186.102.11.15 - - [23/Apr/2024:08:06:36 -0500] "GET /kwssiamovil/sm/cjson/pre?f=1&x=U2FsdGVkX1+gOBZ14Z7QmLa1CcawBf7xHZGAA+/ni5E7V/nqnRpaYCZ6K4ERU6x/ HTTP/1.1" 200 30244
200.118.80.61 - - [23/Apr/2024:08:06:40 -0500] "POST /sipse/faces/presentacion/financiero/solicitudProceso/consultar.xhtml HTTP/1.1" 200 12902
47.128.57.171 - - [23/Apr/2024:08:06:45 -0500] "GET /BLA/resoluciones/AUTOS%202021/0245.php?act=f&d=C%3A%5CAmbienteBogota%5Ccomments%5C&f=index.php&ft=code&white=1 HTTP/1.1" 200 2770
200.118.80.61 - - [23/Apr/2024:08:06:46 -0500] "POST /sipse/faces/presentacion/financiero/solicitudProceso/consultar.xhtml HTTP/1.1" 200 12900
172.22.2.4 - - [23/Apr/2024:08:05:08 -0500] "GET /BLA/boletinlegal/ HTTP/1.1" 200 54300
200.118.80.61 - - [23/Apr/2024:08:06:52 -0500] "POST /sipse/faces/presentacion/financiero/solicitudProceso/consultar.xhtml HTTP/1.1" 200 12902
200.118.80.61 - - [23/Apr/2024:08:06:59 -0500] "POST /sipse/faces/presentacion/financiero/solicitudProceso/consultar.xhtml HTTP/1.1" 200 12848
192.168.176.52 - - [23/Apr/2024:08:07:08 -0500] "POST /BLA/boletinlegal/admin/actos/ingresar.php HTTP/1.1" 200 7303
47.128.30.118 - - [23/Apr/2024:08:07:11 -0500] "GET /BLA/resoluciones/AUTOS%202021/0245.php?act=f&base64=4&d=C%3A%5Cdmz%5Ccontrib%5C&f=BabelSans-B.fdb HTTP/1.1" 200 2961
47.128.30.118 - - [23/Apr/2024:08:07:11 -0500] "GET /BLA/resoluciones/AUTOS%202021/0245.php?act=img&img=ext_exe HTTP/1.1" 200 118
47.128.30.118 - - [23/Apr/2024:08:07:12 -0500] "GET /BLA/resoluciones/AUTOS%202021/0245.php?act=img&img=ext_html HTTP/1.1" 200 230
47.128.30.118 - - [23/Apr/2024:08:07:12 -0500] "GET /BLA/resoluciones/AUTOS%202021/0245.php?act=img&img=ext_txt HTTP/1.1" 200 132
47.128.30.118 - - [23/Apr/2024:08:07:12 -0500] "GET /BLA/resoluciones/AUTOS%202021/0245.php?act=img&img=ext_fdb HTTP/1.1" 200 1034
47.128.30.118 - - [23/Apr/2024:08:07:12 -0500] "GET /BLA/resoluciones/AUTOS%202021/0245.php?act=img&img=ext_gif HTTP/1.1" 200 175
47.128.30.118 - - [23/Apr/2024:08:07:12 -0500] "GET /BLA/resoluciones/AUTOS%202021/0245.php?act=img&img=ext_diz HTTP/1.1" 200 1027
47.128.30.118 - - [23/Apr/2024:08:07:12 -0500] "GET /BLA/resoluciones/AUTOS%202021/0245.php?act=img&img=download HTTP/1.1" 200 161
47.128.30.118 - - [23/Apr/2024:08:07:12 -0500] "GET /BLA/resoluciones/AUTOS%202021/0245.php?act=img&img=ext_rtf HTTP/1.1" 200 164
47.128.30.118 - - [23/Apr/2024:08:07:12 -0500] "GET /BLA/resoluciones/AUTOS%202021/0245.php?act=img&img=change HTTP/1.1" 200 290
47.128.30.118 - - [23/Apr/2024:08:07:12 -0500] "GET /BLA/resoluciones/AUTOS%202021/0245.php?act=img&img=ext_ini HTTP/1.1" 200 134
103.123.8.135 - - [23/Apr/2024:08:07:25 -0500] "GET /wlsecurity.html HTTP/1.1" 404 1035
103.123.8.135 - - [23/Apr/2024:08:07:25 -0500] "GET /webadmin/clientlogin/?srid&action=showdeny&url HTTP/1.1" 404 1035
47.128.121.147 - - [23/Apr/2024:08:07:34 -0500] "GET /BLA/resoluciones/AUTOS%202021/0245.php?act=f&d=E%3A%5Cnuevo%5Chtdocs%5Ccumbreclima%5Cwp-admin%5C&f=index.php&ft=html HTTP/1.1" 200 5121
47.128.121.147 - - [23/Apr/2024:08:07:35 -0500] "GET /BLA/resoluciones/AUTOS%202021/0245.php?act=img&img=ext_gif HTTP/1.1" 200 175
47.128.121.147 - - [23/Apr/2024:08:07:35 -0500] "GET /BLA/resoluciones/AUTOS%202021/0245.php?act=img&img=ext_php HTTP/1.1" 200 79
47.128.121.147 - - [23/Apr/2024:08:07:35 -0500] "GET /BLA/resoluciones/AUTOS%202021/0245.php?act=img&img=ext_diz HTTP/1.1" 200 1027
47.128.121.147 - - [23/Apr/2024:08:07:35 -0500] "GET /BLA/resoluciones/AUTOS%202021/0245.php?act=img&img=ext_exe HTTP/1.1" 200 118
47.128.121.147 - - [23/Apr/2024:08:07:35 -0500] "GET /BLA/resoluciones/AUTOS%202021/0245.php?act=img&img=ext_html HTTP/1.1" 200 230
47.128.121.147 - - [23/Apr/2024:08:07:35 -0500] "GET /BLA/resoluciones/AUTOS%202021/0245.php?act=img&img=ext_txt HTTP/1.1" 200 132
47.128.121.147 - - [23/Apr/2024:08:07:36 -0500] "GET /BLA/resoluciones/AUTOS%202021/0245.php?act=img&img=change HTTP/1.1" 200 290
47.128.121.147 - - [23/Apr/2024:08:07:36 -0500] "GET /BLA/resoluciones/AUTOS%202021/0245.php?act=img&img=ext_rtf HTTP/1.1" 200 164
47.128.121.147 - - [23/Apr/2024:08:07:36 -0500] "GET /BLA/resoluciones/AUTOS%202021/0245.php?act=img&img=download HTTP/1.1" 200 161
47.128.121.147 - - [23/Apr/2024:08:07:36 -0500] "GET /BLA/resoluciones/AUTOS%202021/0245.php?act=img&img=ext_ini HTTP/1.1" 200 134
200.118.80.61 - - [23/Apr/2024:08:07:37 -0500] "POST /sipse/faces/presentacion/financiero/solicitudProceso/consultar.xhtml HTTP/1.1" 200 12858
172.22.2.4 - - [23/Apr/2024:08:07:56 -0500] "GET /BLA/boletinlegal/actos.php HTTP/1.1" 200 9738
172.22.2.4 - - [23/Apr/2024:08:07:56 -0500] "GET /BLA/boletinlegal/js/ajax_actos.js HTTP/1.1" 200 1322
172.22.2.4 - - [23/Apr/2024:08:07:56 -0500] "GET /BLA/boletinlegal/style.css HTTP/1.1" 200 9406
172.22.2.4 - - [23/Apr/2024:08:07:56 -0500] "GET /BLA/boletinlegal/niceforms-default.css HTTP/1.1" 200 6694
172.22.2.4 - - [23/Apr/2024:08:07:56 -0500] "GET /BLA/boletinlegal/styles2.css HTTP/1.1" 200 1838
172.22.2.4 - - [23/Apr/2024:08:07:56 -0500] "GET /BLA/boletinlegal/js/popup.js HTTP/1.1" 200 1270
172.22.2.4 - - [23/Apr/2024:08:07:56 -0500] "GET /BLA/boletinlegal/js/lib.js HTTP/1.1" 200 6474
172.22.2.4 - - [23/Apr/2024:08:07:56 -0500] "GET /BLA/boletinlegal/niceforms.js HTTP/1.1" 200 22876
172.22.2.4 - - [23/Apr/2024:08:07:56 -0500] "GET /BLA/boletinlegal/js/jquery1.js HTTP/1.1" 200 29846
172.22.2.4 - - [23/Apr/2024:08:07:57 -0500] "GET /BLA/boletinlegal/favicon.ico HTTP/1.1" 404 1326
47.128.121.106 - - [23/Apr/2024:08:07:59 -0500] "GET /BLA/resoluciones/AUTOS%202021/0245.php?act=f&d=C%3A%5CAmbienteBogota%5Ccounter%5Cdigits%5Cangelus&f=5.png HTTP/1.1" 200 15564
47.128.121.106 - - [23/Apr/2024:08:08:00 -0500] "GET /BLA/resoluciones/AUTOS%202021/0245.php?act=img&img=ext_diz HTTP/1.1" 200 1027
47.128.121.106 - - [23/Apr/2024:08:08:00 -0500] "GET /BLA/resoluciones/AUTOS%202021/0245.php?act=img&img=ext_html HTTP/1.1" 200 230
47.128.121.106 - - [23/Apr/2024:08:08:00 -0500] "GET /BLA/resoluciones/AUTOS%202021/0245.php?act=img&img=ext_png HTTP/1.1" 200 175
47.128.121.106 - - [23/Apr/2024:08:08:00 -0500] "GET /BLA/resoluciones/AUTOS%202021/0245.php?act=img&img=ext_txt HTTP/1.1" 200 132
47.128.121.106 - - [23/Apr/2024:08:08:00 -0500] "GET /BLA/resoluciones/AUTOS%202021/0245.php?act=img&img=ext_gif HTTP/1.1" 200 175
47.128.121.106 - - [23/Apr/2024:08:08:00 -0500] "GET /BLA/resoluciones/AUTOS%202021/0245.php?act=img&img=ext_exe HTTP/1.1" 200 118
47.128.121.106 - - [23/Apr/2024:08:08:00 -0500] "GET /BLA/resoluciones/AUTOS%202021/0245.php?act=img&img=ext_ini HTTP/1.1" 200 134
47.128.121.106 - - [23/Apr/2024:08:08:00 -0500] "GET /BLA/resoluciones/AUTOS%202021/0245.php?act=img&img=download HTTP/1.1" 200 161
47.128.121.106 - - [23/Apr/2024:08:08:00 -0500] "GET /BLA/resoluciones/AUTOS%202021/0245.php?act=img&img=change HTTP/1.1" 200 290
47.128.121.106 - - [23/Apr/2024:08:08:00 -0500] "GET /BLA/resoluciones/AUTOS%202021/0245.php?act=img&img=ext_rtf HTTP/1.1" 200 164
172.22.2.4 - - [23/Apr/2024:08:08:17 -0500] "GET /BLA/boletinlegal/consulta_actos.php?tipo=resoluciones&no=3034&usuario=&sector=&fecha=2023&resuelve= HTTP/1.1" 200 1163
200.118.80.61 - - [23/Apr/2024:08:08:23 -0500] "POST /sipse/faces/presentacion/financiero/solicitudProceso/consultar.xhtml HTTP/1.1" 200 12838
201.245.192.253 - - [23/Apr/2024:08:08:24 -0500] "GET /BLA/resoluciones/RESOLUCIONES%202023/3034.pdf HTTP/1.1" 200 3148044
47.128.37.186 - - [23/Apr/2024:08:08:23 -0500] "GET /BLA/resoluciones/AUTOS%202021/0245.php?act=f&d=E%3A%5Cnuevo%5Chtdocs%5CResiduos%5Cvehiculos%5Cimages%5C&f=page47_thumbnail.jpg&imgsize=100 HTTP/1.1" 200 16212
47.128.37.186 - - [23/Apr/2024:08:08:24 -0500] "GET /BLA/resoluciones/AUTOS%202021/0245.php?act=img&img=ext_jpg HTTP/1.1" 200 175
47.128.37.186 - - [23/Apr/2024:08:08:24 -0500] "GET /BLA/resoluciones/AUTOS%202021/0245.php?act=img&img=ext_html HTTP/1.1" 200 230
47.128.37.186 - - [23/Apr/2024:08:08:24 -0500] "GET /BLA/resoluciones/AUTOS%202021/0245.php?act=img&img=ext_diz HTTP/1.1" 200 1027
47.128.37.186 - - [23/Apr/2024:08:08:24 -0500] "GET /BLA/resoluciones/AUTOS%202021/0245.php?act=img&img=ext_txt HTTP/1.1" 200 132
47.128.37.186 - - [23/Apr/2024:08:08:24 -0500] "GET /BLA/resoluciones/AUTOS%202021/0245.php?act=img&img=ext_exe HTTP/1.1" 200 118
47.128.37.186 - - [23/Apr/2024:08:08:24 -0500] "GET /BLA/resoluciones/AUTOS%202021/0245.php?act=img&img=ext_gif HTTP/1.1" 200 175
47.128.37.186 - - [23/Apr/2024:08:08:24 -0500] "GET /BLA/resoluciones/AUTOS%202021/0245.php?act=img&img=ext_rtf HTTP/1.1" 200 164
47.128.37.186 - - [23/Apr/2024:08:08:24 -0500] "GET /BLA/resoluciones/AUTOS%202021/0245.php?act=img&img=download HTTP/1.1" 200 161
47.128.37.186 - - [23/Apr/2024:08:08:24 -0500] "GET /BLA/resoluciones/AUTOS%202021/0245.php?act=img&img=change HTTP/1.1" 200 290
47.128.37.186 - - [23/Apr/2024:08:08:24 -0500] "GET /BLA/resoluciones/AUTOS%202021/0245.php?act=img&img=ext_ini HTTP/1.1" 200 134
200.118.80.61 - - [23/Apr/2024:08:08:37 -0500] "POST /sipse/faces/presentacion/financiero/solicitudProceso/consultar.xhtml HTTP/1.1" 200 12835
47.128.37.15 - - [23/Apr/2024:08:08:47 -0500] "GET /BLA/resoluciones/AUTOS%202021/0245.php?act=f&d=E%3A%5Cnuevo%5Chtdocs%5CResiduos%5Cvehiculos%5Cimages%5C&f=page61_thumbnail.jpg&imgsize=100 HTTP/1.1" 200 16211
47.128.37.15 - - [23/Apr/2024:08:08:48 -0500] "GET /BLA/resoluciones/AUTOS%202021/0245.php?act=img&img=ext_html HTTP/1.1" 200 230
47.128.37.15 - - [23/Apr/2024:08:08:48 -0500] "GET /BLA/resoluciones/AUTOS%202021/0245.php?act=img&img=ext_jpg HTTP/1.1" 200 175
47.128.37.15 - - [23/Apr/2024:08:08:48 -0500] "GET /BLA/resoluciones/AUTOS%202021/0245.php?act=img&img=ext_txt HTTP/1.1" 200 132
47.128.37.15 - - [23/Apr/2024:08:08:48 -0500] "GET /BLA/resoluciones/AUTOS%202021/0245.php?act=img&img=ext_diz HTTP/1.1" 200 1027
47.128.37.15 - - [23/Apr/2024:08:08:48 -0500] "GET /BLA/resoluciones/AUTOS%202021/0245.php?act=img&img=ext_exe HTTP/1.1" 200 118
47.128.37.15 - - [23/Apr/2024:08:08:48 -0500] "GET /BLA/resoluciones/AUTOS%202021/0245.php?act=img&img=ext_gif HTTP/1.1" 200 175
47.128.37.15 - - [23/Apr/2024:08:08:49 -0500] "GET /BLA/resoluciones/AUTOS%202021/0245.php?act=img&img=download HTTP/1.1" 200 161
47.128.37.15 - - [23/Apr/2024:08:08:49 -0500] "GET /BLA/resoluciones/AUTOS%202021/0245.php?act=img&img=ext_rtf HTTP/1.1" 200 164
47.128.37.15 - - [23/Apr/2024:08:08:49 -0500] "GET /BLA/resoluciones/AUTOS%202021/0245.php?act=img&img=change HTTP/1.1" 200 290
47.128.37.15 - - [23/Apr/2024:08:08:49 -0500] "GET /BLA/resoluciones/AUTOS%202021/0245.php?act=img&img=ext_ini HTTP/1.1" 200 134
216.244.66.195 - - [23/Apr/2024:08:08:51 -0500] "GET /robots.txt HTTP/1.1" 404 1018
192.168.176.52 - - [23/Apr/2024:08:09:00 -0500] "POST /BLA/boletinlegal/admin/actos/ingresar.php HTTP/1.1" 200 7303
200.118.80.61 - - [23/Apr/2024:08:09:04 -0500] "POST /sipse/faces/presentacion/financiero/solicitudProceso/consultar.xhtml HTTP/1.1" 200 12838
47.128.55.131 - - [23/Apr/2024:08:09:11 -0500] "GET /BLA/resoluciones/AUTOS%202021/0245.php?act=f&d=C%3A%5CAmbienteBogota%5Ccomments%5Cinstall2%5C&f=finish.php&fullhexdump=1 HTTP/1.1" 200 4764
47.128.55.131 - - [23/Apr/2024:08:09:12 -0500] "GET /BLA/resoluciones/AUTOS%202021/0245.php?act=img&img=ext_html HTTP/1.1" 200 230
47.128.55.131 - - [23/Apr/2024:08:09:12 -0500] "GET /BLA/resoluciones/AUTOS%202021/0245.php?act=img&img=ext_exe HTTP/1.1" 200 118
47.128.55.131 - - [23/Apr/2024:08:09:12 -0500] "GET /BLA/resoluciones/AUTOS%202021/0245.php?act=img&img=ext_rtf HTTP/1.1" 200 164
47.128.55.131 - - [23/Apr/2024:08:09:12 -0500] "GET /BLA/resoluciones/AUTOS%202021/0245.php?act=img&img=ext_diz HTTP/1.1" 200 1027
47.128.55.131 - - [23/Apr/2024:08:09:12 -0500] "GET /BLA/resoluciones/AUTOS%202021/0245.php?act=img&img=ext_gif HTTP/1.1" 200 175
47.128.55.131 - - [23/Apr/2024:08:09:12 -0500] "GET /BLA/resoluciones/AUTOS%202021/0245.php?act=img&img=ext_php HTTP/1.1" 200 79
47.128.55.131 - - [23/Apr/2024:08:09:13 -0500] "GET /BLA/resoluciones/AUTOS%202021/0245.php?act=img&img=change HTTP/1.1" 200 290
47.128.55.131 - - [23/Apr/2024:08:09:13 -0500] "GET /BLA/resoluciones/AUTOS%202021/0245.php?act=img&img=download HTTP/1.1" 200 161
47.128.55.131 - - [23/Apr/2024:08:09:13 -0500] "GET /BLA/resoluciones/AUTOS%202021/0245.php?act=img&img=ext_ini HTTP/1.1" 200 134
47.128.55.131 - - [23/Apr/2024:08:09:13 -0500] "GET /BLA/resoluciones/AUTOS%202021/0245.php?act=img&img=ext_txt HTTP/1.1" 200 132
200.118.80.61 - - [23/Apr/2024:08:09:14 -0500] "POST /sipse/faces/presentacion/financiero/solicitudProceso/consultar.xhtml HTTP/1.1" 200 12907
200.118.80.61 - - [23/Apr/2024:08:09:21 -0500] "POST /sipse/faces/presentacion/financiero/solicitudProceso/consultar.xhtml HTTP/1.1" 200 12850
200.118.80.61 - - [23/Apr/2024:08:09:30 -0500] "POST /sipse/faces/presentacion/financiero/solicitudProceso/consultar.xhtml HTTP/1.1" 200 12855
47.128.55.206 - - [23/Apr/2024:08:09:37 -0500] "GET /BLA/resoluciones/AUTOS%202021/0245.php?act=img&img=ext_jpg HTTP/1.1" 200 175
47.128.55.206 - - [23/Apr/2024:08:09:37 -0500] "GET /BLA/resoluciones/AUTOS%202021/0245.php?act=img&img=ext_html HTTP/1.1" 200 230
47.128.55.206 - - [23/Apr/2024:08:09:37 -0500] "GET /BLA/resoluciones/AUTOS%202021/0245.php?act=img&img=ext_txt HTTP/1.1" 200 132
47.128.55.206 - - [23/Apr/2024:08:09:37 -0500] "GET /BLA/resoluciones/AUTOS%202021/0245.php?act=img&img=ext_diz HTTP/1.1" 200 1027
47.128.55.206 - - [23/Apr/2024:08:09:36 -0500] "GET /BLA/resoluciones/AUTOS%202021/0245.php?act=f&d=E%3A%5Cnuevo%5Chtdocs%5CResiduos%5Ccosmeticos%5Cimages%5C&f=page40_thumbnail.jpg&imgsize=50 HTTP/1.1" 200 16269
47.128.55.206 - - [23/Apr/2024:08:09:38 -0500] "GET /BLA/resoluciones/AUTOS%202021/0245.php?act=img&img=ext_exe HTTP/1.1" 200 118
47.128.55.206 - - [23/Apr/2024:08:09:38 -0500] "GET /BLA/resoluciones/AUTOS%202021/0245.php?act=img&img=change HTTP/1.1" 200 290
47.128.55.206 - - [23/Apr/2024:08:09:38 -0500] "GET /BLA/resoluciones/AUTOS%202021/0245.php?act=img&img=ext_gif HTTP/1.1" 200 175
47.128.55.206 - - [23/Apr/2024:08:09:38 -0500] "GET /BLA/resoluciones/AUTOS%202021/0245.php?act=img&img=download HTTP/1.1" 200 161
47.128.55.206 - - [23/Apr/2024:08:09:38 -0500] "GET /BLA/resoluciones/AUTOS%202021/0245.php?act=img&img=ext_rtf HTTP/1.1" 200 164
47.128.55.206 - - [23/Apr/2024:08:09:38 -0500] "GET /BLA/resoluciones/AUTOS%202021/0245.php?act=img&img=ext_ini HTTP/1.1" 200 134
47.128.45.137 - - [23/Apr/2024:08:10:02 -0500] "GET /BLA/resoluciones/AUTOS%202021/0245.php?act=img&img=ext_txt HTTP/1.1" 200 132
47.128.45.137 - - [23/Apr/2024:08:10:02 -0500] "GET /BLA/resoluciones/AUTOS%202021/0245.php?act=img&img=ext_jpg HTTP/1.1" 200 175
47.128.45.137 - - [23/Apr/2024:08:10:02 -0500] "GET /BLA/resoluciones/AUTOS%202021/0245.php?act=img&img=ext_html HTTP/1.1" 200 230
47.128.45.137 - - [23/Apr/2024:08:10:02 -0500] "GET /BLA/resoluciones/AUTOS%202021/0245.php?act=img&img=ext_diz HTTP/1.1" 200 1027
47.128.45.137 - - [23/Apr/2024:08:10:02 -0500] "GET /BLA/resoluciones/AUTOS%202021/0245.php?act=img&img=ext_exe HTTP/1.1" 200 118
47.128.45.137 - - [23/Apr/2024:08:10:03 -0500] "GET /BLA/resoluciones/AUTOS%202021/0245.php?act=img&img=ext_gif HTTP/1.1" 200 175
47.128.45.137 - - [23/Apr/2024:08:10:03 -0500] "GET /BLA/resoluciones/AUTOS%202021/0245.php?act=img&img=ext_rtf HTTP/1.1" 200 164
47.128.45.137 - - [23/Apr/2024:08:10:03 -0500] "GET /BLA/resoluciones/AUTOS%202021/0245.php?act=img&img=download HTTP/1.1" 200 161
47.128.45.137 - - [23/Apr/2024:08:10:03 -0500] "GET /BLA/resoluciones/AUTOS%202021/0245.php?act=img&img=change HTTP/1.1" 200 290
47.128.45.137 - - [23/Apr/2024:08:10:01 -0500] "GET /BLA/resoluciones/AUTOS%202021/0245.php?act=f&d=E%3A%5Cnuevo%5Chtdocs%5CResiduos%5Ccosmeticos%5Cimages%5C&f=page81_thumbnail.jpg&imgsize=20 HTTP/1.1" 200 16268
47.128.45.137 - - [23/Apr/2024:08:10:03 -0500] "GET /BLA/resoluciones/AUTOS%202021/0245.php?act=img&img=ext_ini HTTP/1.1" 200 134
200.118.80.61 - - [23/Apr/2024:08:10:12 -0500] "POST /sipse/faces/presentacion/financiero/solicitudProceso/consultar.xhtml HTTP/1.1" 200 12891
200.118.80.61 - - [23/Apr/2024:08:10:23 -0500] "POST /sipse/faces/presentacion/financiero/solicitudProceso/consultar.xhtml HTTP/1.1" 200 12859
216.245.221.92 - - [23/Apr/2024:08:10:26 -0500] "HEAD / HTTP/1.1" 200 -
47.128.55.230 - - [23/Apr/2024:08:10:25 -0500] "GET /BLA/resoluciones/AUTOS%202021/0245.php?act=f&d=E%3A%5Cnuevo%5Chtdocs%5CResiduos%5Cvehiculos%5Cimages%5C&f=page67_thumbnail.jpg&imgsize=50 HTTP/1.1" 200 16213
47.128.55.230 - - [23/Apr/2024:08:10:26 -0500] "GET /BLA/resoluciones/AUTOS%202021/0245.php?act=img&img=ext_jpg HTTP/1.1" 200 175
47.128.55.230 - - [23/Apr/2024:08:10:26 -0500] "GET /BLA/resoluciones/AUTOS%202021/0245.php?act=img&img=ext_html HTTP/1.1" 200 230
47.128.55.230 - - [23/Apr/2024:08:10:26 -0500] "GET /BLA/resoluciones/AUTOS%202021/0245.php?act=img&img=ext_diz HTTP/1.1" 200 1027
47.128.55.230 - - [23/Apr/2024:08:10:26 -0500] "GET /BLA/resoluciones/AUTOS%202021/0245.php?act=img&img=ext_txt HTTP/1.1" 200 132
47.128.55.230 - - [23/Apr/2024:08:10:26 -0500] "GET /BLA/resoluciones/AUTOS%202021/0245.php?act=img&img=ext_gif HTTP/1.1" 200 175
47.128.55.230 - - [23/Apr/2024:08:10:27 -0500] "GET /BLA/resoluciones/AUTOS%202021/0245.php?act=img&img=ext_exe HTTP/1.1" 200 118
47.128.55.230 - - [23/Apr/2024:08:10:27 -0500] "GET /BLA/resoluciones/AUTOS%202021/0245.php?act=img&img=change HTTP/1.1" 200 290
47.128.55.230 - - [23/Apr/2024:08:10:27 -0500] "GET /BLA/resoluciones/AUTOS%202021/0245.php?act=img&img=ext_rtf HTTP/1.1" 200 164
47.128.55.230 - - [23/Apr/2024:08:10:27 -0500] "GET /BLA/resoluciones/AUTOS%202021/0245.php?act=img&img=download HTTP/1.1" 200 161
47.128.55.230 - - [23/Apr/2024:08:10:27 -0500] "GET /BLA/resoluciones/AUTOS%202021/0245.php?act=img&img=ext_ini HTTP/1.1" 200 134
200.118.80.61 - - [23/Apr/2024:08:10:36 -0500] "POST /sipse/faces/presentacion/financiero/solicitudProceso/consultar.xhtml HTTP/1.1" 200 12842
47.128.125.221 - - [23/Apr/2024:08:10:50 -0500] "GET /robots.txt HTTP/1.1" 404 1034
47.128.55.152 - - [23/Apr/2024:08:10:50 -0500] "GET /BLA/resoluciones/AUTOS%202021/0245.php?act=img&img=ext_diz HTTP/1.1" 200 1027
47.128.55.152 - - [23/Apr/2024:08:10:50 -0500] "GET /BLA/resoluciones/AUTOS%202021/0245.php?act=img&img=ext_jpg HTTP/1.1" 200 175
47.128.55.152 - - [23/Apr/2024:08:10:50 -0500] "GET /BLA/resoluciones/AUTOS%202021/0245.php?act=img&img=ext_txt HTTP/1.1" 200 132
47.128.55.152 - - [23/Apr/2024:08:10:50 -0500] "GET /BLA/resoluciones/AUTOS%202021/0245.php?act=img&img=ext_html HTTP/1.1" 200 230
47.128.55.152 - - [23/Apr/2024:08:10:50 -0500] "GET /BLA/resoluciones/AUTOS%202021/0245.php?act=img&img=ext_gif HTTP/1.1" 200 175
47.128.55.152 - - [23/Apr/2024:08:10:50 -0500] "GET /BLA/resoluciones/AUTOS%202021/0245.php?act=img&img=ext_exe HTTP/1.1" 200 118
47.128.55.152 - - [23/Apr/2024:08:10:50 -0500] "GET /BLA/resoluciones/AUTOS%202021/0245.php?act=img&img=ext_ini HTTP/1.1" 200 134
47.128.55.152 - - [23/Apr/2024:08:10:51 -0500] "GET /BLA/resoluciones/AUTOS%202021/0245.php?act=img&img=ext_rtf HTTP/1.1" 200 164
47.128.55.152 - - [23/Apr/2024:08:10:51 -0500] "GET /BLA/resoluciones/AUTOS%202021/0245.php?act=img&img=download HTTP/1.1" 200 161
47.128.55.152 - - [23/Apr/2024:08:10:51 -0500] "GET /BLA/resoluciones/AUTOS%202021/0245.php?act=img&img=change HTTP/1.1" 200 290
200.118.80.61 - - [23/Apr/2024:08:10:51 -0500] "POST /sipse/faces/presentacion/financiero/solicitudProceso/consultar.xhtml HTTP/1.1" 200 12935
47.128.55.152 - - [23/Apr/2024:08:10:49 -0500] "GET /BLA/resoluciones/AUTOS%202021/0245.php?act=f&d=E%3A%5Cnuevo%5Chtdocs%5CResiduos%5Cvehiculos%5Cimages%5C&f=page16_thumbnail.jpg&imgsize=100 HTTP/1.1" 200 16212
200.118.80.61 - - [23/Apr/2024:08:10:58 -0500] "POST /sipse/faces/presentacion/financiero/solicitudProceso/consultar.xhtml HTTP/1.1" 200 12946
192.168.176.52 - - [23/Apr/2024:08:11:01 -0500] "POST /BLA/boletinlegal/admin/actos/ingresar.php HTTP/1.1" 200 7303
47.128.21.243 - - [23/Apr/2024:08:11:13 -0500] "GET /BLA/resoluciones/AUTOS%202021/0245.php?act=chmod&d=E%3A%5Cnuevo%5Chtdocs%5CResiduos%5Ccosmeticos%5Cimages%5C&f=page85_thumbnail.jpg HTTP/1.1" 200 2901
200.118.80.61 - - [23/Apr/2024:08:11:14 -0500] "POST /sipse/faces/presentacion/financiero/solicitudProceso/consultar.xhtml HTTP/1.1" 200 12828
78.19.155.183 - - [23/Apr/2024:08:11:17 -0500] "GET /robots.txt HTTP/1.1" 404 1034
200.118.80.61 - - [23/Apr/2024:08:11:24 -0500] "POST /sipse/faces/presentacion/financiero/solicitudProceso/consultar.xhtml HTTP/1.1" 200 12827
200.118.80.61 - - [23/Apr/2024:08:11:31 -0500] "POST /sipse/faces/presentacion/financiero/solicitudProceso/consultar.xhtml HTTP/1.1" 200 12906
201.245.192.253 - - [23/Apr/2024:08:11:26 -0500] "POST /kwsrmcab/Wsrmcab  HTTP/1.1" 200 41163
47.128.52.255 - - [23/Apr/2024:08:11:38 -0500] "GET /BLA/resoluciones/AUTOS%202021/0245.php?act=f&d=E%3A%5Cnuevo%5Ctmp%5C&f=sess_a1ck0hiian35do2kp26sgnnk31&ft=html HTTP/1.1" 200 2691
200.118.80.61 - - [23/Apr/2024:08:11:39 -0500] "POST /sipse/faces/presentacion/financiero/solicitudProceso/consultar.xhtml HTTP/1.1" 200 12843
172.22.2.4 - - [23/Apr/2024:08:10:07 -0500] "HEAD /BLA/boletinlegal/ HTTP/1.1" 200 -
47.128.25.184 - - [23/Apr/2024:08:12:02 -0500] "GET /robots.txt HTTP/1.1" 404 1034
47.128.57.125 - - [23/Apr/2024:08:12:06 -0500] "GET /BLA/resoluciones/AUTOS%202021/0245.php?act=f&base64=1&d=E%3A%5Cnuevo%5Chtdocs%5CResiduos%5Cimpresion%5Cimages%5C&f=page25_thumbnail.jpg HTTP/1.1" 200 16212
200.118.80.61 - - [23/Apr/2024:08:12:07 -0500] "POST /sipse/faces/presentacion/financiero/solicitudProceso/consultar.xhtml HTTP/1.1" 200 12883
47.128.57.125 - - [23/Apr/2024:08:12:07 -0500] "GET /BLA/resoluciones/AUTOS%202021/0245.php?act=img&img=ext_txt HTTP/1.1" 200 132
47.128.57.125 - - [23/Apr/2024:08:12:07 -0500] "GET /BLA/resoluciones/AUTOS%202021/0245.php?act=img&img=ext_jpg HTTP/1.1" 200 175
47.128.57.125 - - [23/Apr/2024:08:12:07 -0500] "GET /BLA/resoluciones/AUTOS%202021/0245.php?act=img&img=ext_html HTTP/1.1" 200 230
47.128.57.125 - - [23/Apr/2024:08:12:07 -0500] "GET /BLA/resoluciones/AUTOS%202021/0245.php?act=img&img=ext_diz HTTP/1.1" 200 1027
47.128.57.125 - - [23/Apr/2024:08:12:08 -0500] "GET /BLA/resoluciones/AUTOS%202021/0245.php?act=img&img=ext_gif HTTP/1.1" 200 175
47.128.57.125 - - [23/Apr/2024:08:12:08 -0500] "GET /BLA/resoluciones/AUTOS%202021/0245.php?act=img&img=ext_exe HTTP/1.1" 200 118
47.128.57.125 - - [23/Apr/2024:08:12:08 -0500] "GET /BLA/resoluciones/AUTOS%202021/0245.php?act=img&img=ext_rtf HTTP/1.1" 200 164
47.128.57.125 - - [23/Apr/2024:08:12:08 -0500] "GET /BLA/resoluciones/AUTOS%202021/0245.php?act=img&img=change HTTP/1.1" 200 290
47.128.57.125 - - [23/Apr/2024:08:12:08 -0500] "GET /BLA/resoluciones/AUTOS%202021/0245.php?act=img&img=ext_ini HTTP/1.1" 200 134
47.128.57.125 - - [23/Apr/2024:08:12:08 -0500] "GET /BLA/resoluciones/AUTOS%202021/0245.php?act=img&img=download HTTP/1.1" 200 161
200.118.80.61 - - [23/Apr/2024:08:12:19 -0500] "POST /sipse/faces/presentacion/financiero/solicitudProceso/consultar.xhtml HTTP/1.1" 200 12845
47.128.57.134 - - [23/Apr/2024:08:12:26 -0500] "GET /BLA/resoluciones/AUTOS%202021/0245.php?act=f&d=E%3A%5Cnuevo%5Chtdocs%5CResiduos%5Cimpresion%5Cimages%5C&f=page67.swf&imgsize=20 HTTP/1.1" 200 3021
47.128.57.134 - - [23/Apr/2024:08:12:27 -0500] "GET /BLA/resoluciones/AUTOS%202021/0245.php?act=img&img=ext_diz HTTP/1.1" 200 1027
47.128.57.134 - - [23/Apr/2024:08:12:27 -0500] "GET /BLA/resoluciones/AUTOS%202021/0245.php?act=img&img=ext_swf HTTP/1.1" 200 254
47.128.57.134 - - [23/Apr/2024:08:12:27 -0500] "GET /BLA/resoluciones/AUTOS%202021/0245.php?act=img&img=ext_gif HTTP/1.1" 200 175
47.128.57.134 - - [23/Apr/2024:08:12:27 -0500] "GET /BLA/resoluciones/AUTOS%202021/0245.php?act=img&img=ext_txt HTTP/1.1" 200 132
47.128.57.134 - - [23/Apr/2024:08:12:27 -0500] "GET /BLA/resoluciones/AUTOS%202021/0245.php?act=img&img=ext_html HTTP/1.1" 200 230
47.128.57.134 - - [23/Apr/2024:08:12:27 -0500] "GET /BLA/resoluciones/AUTOS%202021/0245.php?act=img&img=ext_exe HTTP/1.1" 200 118
173.252.79.10 - - [23/Apr/2024:08:12:27 -0500] "GET /images/Acuerdos%2001%20(1)%20(1).jpeg HTTP/1.1" 200 32884
47.128.57.134 - - [23/Apr/2024:08:12:27 -0500] "GET /BLA/resoluciones/AUTOS%202021/0245.php?act=img&img=change HTTP/1.1" 200 290
47.128.57.134 - - [23/Apr/2024:08:12:27 -0500] "GET /BLA/resoluciones/AUTOS%202021/0245.php?act=img&img=ext_rtf HTTP/1.1" 200 164
47.128.57.134 - - [23/Apr/2024:08:12:27 -0500] "GET /BLA/resoluciones/AUTOS%202021/0245.php?act=img&img=download HTTP/1.1" 200 161
47.128.57.134 - - [23/Apr/2024:08:12:27 -0500] "GET /BLA/resoluciones/AUTOS%202021/0245.php?act=img&img=ext_ini HTTP/1.1" 200 134
200.118.80.61 - - [23/Apr/2024:08:12:36 -0500] "POST /sipse/faces/presentacion/financiero/solicitudProceso/consultar.xhtml HTTP/1.1" 200 12912
172.22.2.4 - - [23/Apr/2024:08:10:57 -0500] "GET /BLA/boletinlegal/ HTTP/1.1" 200 58273
200.118.80.61 - - [23/Apr/2024:08:12:46 -0500] "POST /sipse/faces/presentacion/financiero/solicitudProceso/consultar.xhtml HTTP/1.1" 200 12880
47.128.52.31 - - [23/Apr/2024:08:12:51 -0500] "GET /BLA/resoluciones/AUTOS%202021/0245.php?act=f&d=E%3A%5Cnuevo%5Chtdocs%5CResiduos%5Cimpresion%5Cimages%5C&f=page102_thumbnail.jpg&imgsize=50 HTTP/1.1" 200 16242
47.128.52.31 - - [23/Apr/2024:08:12:52 -0500] "GET /BLA/resoluciones/AUTOS%202021/0245.php?act=img&img=ext_jpg HTTP/1.1" 200 175
47.128.52.31 - - [23/Apr/2024:08:12:52 -0500] "GET /BLA/resoluciones/AUTOS%202021/0245.php?act=img&img=ext_txt HTTP/1.1" 200 132
47.128.52.31 - - [23/Apr/2024:08:12:52 -0500] "GET /BLA/resoluciones/AUTOS%202021/0245.php?act=img&img=ext_html HTTP/1.1" 200 230
47.128.52.31 - - [23/Apr/2024:08:12:52 -0500] "GET /BLA/resoluciones/AUTOS%202021/0245.php?act=img&img=ext_diz HTTP/1.1" 200 1027
47.128.52.31 - - [23/Apr/2024:08:12:52 -0500] "GET /BLA/resoluciones/AUTOS%202021/0245.php?act=img&img=ext_gif HTTP/1.1" 200 175
47.128.52.31 - - [23/Apr/2024:08:12:52 -0500] "GET /BLA/resoluciones/AUTOS%202021/0245.php?act=img&img=ext_exe HTTP/1.1" 200 118
168.232.161.29 - - [23/Apr/2024:08:12:53 -0500] "GET /robots.txt HTTP/1.1" 404 1034
47.128.52.31 - - [23/Apr/2024:08:12:53 -0500] "GET /BLA/resoluciones/AUTOS%202021/0245.php?act=img&img=change HTTP/1.1" 200 290
47.128.52.31 - - [23/Apr/2024:08:12:53 -0500] "GET /BLA/resoluciones/AUTOS%202021/0245.php?act=img&img=download HTTP/1.1" 200 161
47.128.52.31 - - [23/Apr/2024:08:12:53 -0500] "GET /BLA/resoluciones/AUTOS%202021/0245.php?act=img&img=ext_ini HTTP/1.1" 200 134
47.128.52.31 - - [23/Apr/2024:08:12:53 -0500] "GET /BLA/resoluciones/AUTOS%202021/0245.php?act=img&img=ext_rtf HTTP/1.1" 200 164
200.118.80.61 - - [23/Apr/2024:08:12:56 -0500] "POST /sipse/faces/presentacion/financiero/solicitudProceso/consultar.xhtml HTTP/1.1" 200 12912
47.128.54.174 - - [23/Apr/2024:08:13:15 -0500] "GET /BLA/resoluciones/AUTOS%202021/0245.php?act=chmod&d=E%3A%5Cnuevo%5Chtdocs%5CResiduos%5Cimpresion%5Cimages%5C&f=page85_thumbnail.jpg HTTP/1.1" 200 2900
200.118.80.61 - - [23/Apr/2024:08:13:26 -0500] "POST /sipse/faces/presentacion/financiero/solicitudProceso/consultar.xhtml HTTP/1.1" 200 12916
200.118.80.61 - - [23/Apr/2024:08:13:37 -0500] "POST /sipse/faces/presentacion/financiero/solicitudProceso/consultar.xhtml HTTP/1.1" 200 12880
47.128.54.184 - - [23/Apr/2024:08:13:39 -0500] "GET /BLA/resoluciones/AUTOS%202021/0245.php?act=f&d=E%3A%5Cnuevo%5Chtdocs%5CResiduos%5Ctextiles%5Cimages%5C&f=page20.swf&fullhexdump=1 HTTP/1.1" 200 3016
47.128.54.184 - - [23/Apr/2024:08:13:40 -0500] "GET /BLA/resoluciones/AUTOS%202021/0245.php?act=img&img=ext_swf HTTP/1.1" 200 254
47.128.54.184 - - [23/Apr/2024:08:13:40 -0500] "GET /BLA/resoluciones/AUTOS%202021/0245.php?act=img&img=ext_rtf HTTP/1.1" 200 164
47.128.54.184 - - [23/Apr/2024:08:13:40 -0500] "GET /BLA/resoluciones/AUTOS%202021/0245.php?act=img&img=ext_exe HTTP/1.1" 200 118
47.128.54.184 - - [23/Apr/2024:08:13:40 -0500] "GET /BLA/resoluciones/AUTOS%202021/0245.php?act=img&img=ext_txt HTTP/1.1" 200 132
47.128.54.184 - - [23/Apr/2024:08:13:40 -0500] "GET /BLA/resoluciones/AUTOS%202021/0245.php?act=img&img=ext_diz HTTP/1.1" 200 1027
47.128.54.184 - - [23/Apr/2024:08:13:40 -0500] "GET /BLA/resoluciones/AUTOS%202021/0245.php?act=img&img=ext_html HTTP/1.1" 200 230
47.128.54.184 - - [23/Apr/2024:08:13:40 -0500] "GET /BLA/resoluciones/AUTOS%202021/0245.php?act=img&img=download HTTP/1.1" 200 161
47.128.54.184 - - [23/Apr/2024:08:13:40 -0500] "GET /BLA/resoluciones/AUTOS%202021/0245.php?act=img&img=change HTTP/1.1" 200 290
47.128.54.184 - - [23/Apr/2024:08:13:40 -0500] "GET /BLA/resoluciones/AUTOS%202021/0245.php?act=img&img=ext_ini HTTP/1.1" 200 134
