3.224.220.101 - - [25/Apr/2024:04:24:29 -0500] "GET /BLA/resoluciones/RESOLUCIONES%202018/1261.pdf HTTP/1.1" 200 246684
52.70.240.171 - - [25/Apr/2024:04:24:32 -0500] "GET /BLA/resoluciones/RESOLUCIONES%202019/2191.pdf HTTP/1.1" 200 282847
3.224.220.101 - - [25/Apr/2024:04:24:35 -0500] "GET /BLA/resoluciones/RESOLUCIONES%202018/1260.pdf HTTP/1.1" 200 3562810
47.128.44.84 - - [25/Apr/2024:04:24:38 -0500] "GET /BLA/resoluciones/AUTOS%202021/0245.php?act=f&d=E%3A%5Cxampp%5Cxampp%5Chtdocs%5Cphpscripts%5C&f=transoil.php&white=1 HTTP/1.1" 200 1438
23.22.35.162 - - [25/Apr/2024:04:24:39 -0500] "GET /BLA/resoluciones/RESOLUCIONES%202018/0268.pdf HTTP/1.1" 200 303533
52.70.240.171 - - [25/Apr/2024:04:24:44 -0500] "GET /BLA/resoluciones/RESOLUCIONES%202019/2190.pdf HTTP/1.1" 200 229184
3.224.220.101 - - [25/Apr/2024:04:24:48 -0500] "GET /BLA/resoluciones/RESOLUCIONES%202018/1257.pdf HTTP/1.1" 200 562044
52.70.240.171 - - [25/Apr/2024:04:24:52 -0500] "GET /BLA/resoluciones/RESOLUCIONES%202018/0267.pdf HTTP/1.1" 200 294244
52.70.240.171 - - [25/Apr/2024:04:24:56 -0500] "GET /BLA/resoluciones/RESOLUCIONES%202019/2189.pdf HTTP/1.1" 200 238070
23.22.35.162 - - [25/Apr/2024:04:25:00 -0500] "GET /BLA/resoluciones/RESOLUCIONES%202018/1256.pdf HTTP/1.1" 200 375907
47.128.39.115 - - [25/Apr/2024:04:25:01 -0500] "GET /BLA/resoluciones/AUTOS%202021/0245.php?act=f&d=E%3A%5Cxampp%5Cxampp%5CFileZillaFTP%5C&f=FileZilla+Server+Interface.exe&fullhexdump=1 HTTP/1.1" 200 1232528
172.22.2.4 - - [25/Apr/2024:04:23:23 -0500] "HEAD /BLA/boletinlegal/ HTTP/1.1" 200 -
52.70.240.171 - - [25/Apr/2024:04:25:05 -0500] "GET /BLA/resoluciones/RESOLUCIONES%202018/0266.pdf HTTP/1.1" 200 247379
23.22.35.162 - - [25/Apr/2024:04:25:09 -0500] "GET /BLA/resoluciones/RESOLUCIONES%202019/2188.pdf HTTP/1.1" 200 397648
23.22.35.162 - - [25/Apr/2024:04:25:14 -0500] "GET /BLA/resoluciones/RESOLUCIONES%202018/1255.pdf HTTP/1.1" 200 282755
23.22.35.162 - - [25/Apr/2024:04:25:16 -0500] "GET /BLA/resoluciones/RESOLUCIONES%202019/2185.pdf HTTP/1.1" 200 259949
23.22.35.162 - - [25/Apr/2024:04:25:19 -0500] "GET /BLA/resoluciones/RESOLUCIONES%202018/1253.pdf HTTP/1.1" 200 339212
54.211.198.232 - - [25/Apr/2024:04:25:20 -0500] "GET /galeria/galeria/fotos/Humedal-la-conejera2P.jpg HTTP/1.1" 200 31007
52.70.240.171 - - [25/Apr/2024:04:25:24 -0500] "GET /BLA/resoluciones/RESOLUCIONES%202018/0265.pdf HTTP/1.1" 200 245073
47.128.45.117 - - [25/Apr/2024:04:25:27 -0500] "GET /BLA/resoluciones/AUTOS%202021/0245.php?act=img&img=ext_png HTTP/1.1" 200 175
47.128.45.117 - - [25/Apr/2024:04:25:27 -0500] "GET /BLA/resoluciones/AUTOS%202021/0245.php?act=img&img=ext_txt HTTP/1.1" 200 132
47.128.45.117 - - [25/Apr/2024:04:25:27 -0500] "GET /BLA/resoluciones/AUTOS%202021/0245.php?act=img&img=ext_html HTTP/1.1" 200 230
47.128.45.117 - - [25/Apr/2024:04:25:27 -0500] "GET /BLA/resoluciones/AUTOS%202021/0245.php?act=img&img=ext_diz HTTP/1.1" 200 1027
47.128.45.117 - - [25/Apr/2024:04:25:27 -0500] "GET /BLA/resoluciones/AUTOS%202021/0245.php?act=img&img=ext_exe HTTP/1.1" 200 118
52.70.240.171 - - [25/Apr/2024:04:25:27 -0500] "GET /BLA/resoluciones/RESOLUCIONES%202019/2183.pdf HTTP/1.1" 200 496857
47.128.45.117 - - [25/Apr/2024:04:25:28 -0500] "GET /BLA/resoluciones/AUTOS%202021/0245.php?act=img&img=ext_gif HTTP/1.1" 200 175
47.128.45.117 - - [25/Apr/2024:04:25:28 -0500] "GET /BLA/resoluciones/AUTOS%202021/0245.php?act=img&img=ext_rtf HTTP/1.1" 200 164
47.128.45.117 - - [25/Apr/2024:04:25:28 -0500] "GET /BLA/resoluciones/AUTOS%202021/0245.php?act=img&img=ext_ini HTTP/1.1" 200 134
47.128.45.117 - - [25/Apr/2024:04:25:28 -0500] "GET /BLA/resoluciones/AUTOS%202021/0245.php?act=img&img=download HTTP/1.1" 200 161
47.128.45.117 - - [25/Apr/2024:04:25:28 -0500] "GET /BLA/resoluciones/AUTOS%202021/0245.php?act=img&img=change HTTP/1.1" 200 290
47.128.45.117 - - [25/Apr/2024:04:25:26 -0500] "GET /BLA/resoluciones/AUTOS%202021/0245.php?act=f&d=C%3A%5CAmbienteBogota%5Ccounter%5Cdigits%5Cawg02%5C&f=3.png&imgsize=50 HTTP/1.1" 200 15460
3.224.220.101 - - [25/Apr/2024:04:25:32 -0500] "GET /BLA/resoluciones/RESOLUCIONES%202018/1246.pdf HTTP/1.1" 200 321856
172.22.2.4 - - [25/Apr/2024:04:25:34 -0500] "GET /BLA/boletinlegal/Circulares/2011/Circular%20No.%204%20del%2014%20de%20Julio%20de%202011.pdf HTTP/1.1" 200 399895
3.224.220.101 - - [25/Apr/2024:04:25:36 -0500] "GET /BLA/resoluciones/RESOLUCIONES%202018/0264.pdf HTTP/1.1" 200 276865
3.224.220.101 - - [25/Apr/2024:04:25:40 -0500] "GET /BLA/resoluciones/RESOLUCIONES%202019/2177.pdf HTTP/1.1" 200 275305
52.70.240.171 - - [25/Apr/2024:04:25:44 -0500] "GET /BLA/resoluciones/RESOLUCIONES%202018/1231.pdf HTTP/1.1" 200 386461
3.224.220.101 - - [25/Apr/2024:04:25:48 -0500] "GET /BLA/resoluciones/RESOLUCIONES%202018/0262.pdf HTTP/1.1" 200 849566
47.128.29.0 - - [25/Apr/2024:04:25:50 -0500] "GET /BLA/resoluciones/AUTOS%202021/0245.php?act=ls&d=C%3A%5CAmbienteBogota%5Ccounter%5Cdigits%5Cwd%5C&sort=1d HTTP/1.1" 200 3714
47.128.29.0 - - [25/Apr/2024:04:25:51 -0500] "GET /BLA/resoluciones/AUTOS%202021/0245.php?act=img&img=arrow_ltr HTTP/1.1" 200 88
47.128.29.0 - - [25/Apr/2024:04:25:51 -0500] "GET /BLA/resoluciones/AUTOS%202021/0245.php?act=img&img=ext_png HTTP/1.1" 200 175
3.224.220.101 - - [25/Apr/2024:04:25:52 -0500] "GET /BLA/resoluciones/RESOLUCIONES%202018/1230.pdf HTTP/1.1" 200 278855
172.22.2.4 - - [25/Apr/2024:04:24:14 -0500] "GET /BLA/boletinlegal/ HTTP/1.1" 200 59967
201.245.192.253 - - [25/Apr/2024:04:25:53 -0500] "POST /kwsrmcab/Wsrmcab  HTTP/1.1" 200 41163
52.70.240.171 - - [25/Apr/2024:04:25:56 -0500] "GET /BLA/resoluciones/RESOLUCIONES%202019/2171.pdf HTTP/1.1" 200 264238
66.249.73.36 - - [25/Apr/2024:04:25:56 -0500] "GET /BLA/resoluciones/RESOLUCIONES%202009/0584.pdf HTTP/1.1" 200 334633
52.70.240.171 - - [25/Apr/2024:04:26:00 -0500] "GET /BLA/resoluciones/RESOLUCIONES%202018/0261.pdf HTTP/1.1" 200 245440
52.70.240.171 - - [25/Apr/2024:04:26:04 -0500] "GET /BLA/resoluciones/RESOLUCIONES%202018/1213.pdf HTTP/1.1" 200 4321848
23.22.35.162 - - [25/Apr/2024:04:26:08 -0500] "GET /BLA/resoluciones/RESOLUCIONES%202019/2170.pdf HTTP/1.1" 200 291664
23.22.35.162 - - [25/Apr/2024:04:26:11 -0500] "GET /BLA/resoluciones/RESOLUCIONES%202018/0260.pdf HTTP/1.1" 200 275781
47.128.20.0 - - [25/Apr/2024:04:26:14 -0500] "GET /BLA/resoluciones/AUTOS%202021/0245.php?act=f&base64=2&d=E%3A%5Cnuevo%5Chtdocs%5Cbogotacumbredelclima%5Cwp-admin%5C&f=options-general.php HTTP/1.1" 200 10308
47.128.20.0 - - [25/Apr/2024:04:26:15 -0500] "GET /BLA/resoluciones/AUTOS%202021/0245.php?act=img&img=ext_diz HTTP/1.1" 200 1027
47.128.20.0 - - [25/Apr/2024:04:26:15 -0500] "GET /BLA/resoluciones/AUTOS%202021/0245.php?act=img&img=ext_php HTTP/1.1" 200 79
47.128.20.0 - - [25/Apr/2024:04:26:15 -0500] "GET /BLA/resoluciones/AUTOS%202021/0245.php?act=img&img=ext_txt HTTP/1.1" 200 132
47.128.20.0 - - [25/Apr/2024:04:26:15 -0500] "GET /BLA/resoluciones/AUTOS%202021/0245.php?act=img&img=ext_html HTTP/1.1" 200 230
47.128.20.0 - - [25/Apr/2024:04:26:15 -0500] "GET /BLA/resoluciones/AUTOS%202021/0245.php?act=img&img=ext_gif HTTP/1.1" 200 175
47.128.20.0 - - [25/Apr/2024:04:26:15 -0500] "GET /BLA/resoluciones/AUTOS%202021/0245.php?act=img&img=ext_exe HTTP/1.1" 200 118
23.22.35.162 - - [25/Apr/2024:04:26:16 -0500] "GET /BLA/resoluciones/RESOLUCIONES%202018/1212.pdf HTTP/1.1" 200 432535
47.128.20.0 - - [25/Apr/2024:04:26:16 -0500] "GET /BLA/resoluciones/AUTOS%202021/0245.php?act=img&img=change HTTP/1.1" 200 290
47.128.20.0 - - [25/Apr/2024:04:26:16 -0500] "GET /BLA/resoluciones/AUTOS%202021/0245.php?act=img&img=ext_rtf HTTP/1.1" 200 164
47.128.20.0 - - [25/Apr/2024:04:26:16 -0500] "GET /BLA/resoluciones/AUTOS%202021/0245.php?act=img&img=ext_ini HTTP/1.1" 200 134
47.128.20.0 - - [25/Apr/2024:04:26:16 -0500] "GET /BLA/resoluciones/AUTOS%202021/0245.php?act=img&img=download HTTP/1.1" 200 161
52.70.240.171 - - [25/Apr/2024:04:26:21 -0500] "GET /BLA/resoluciones/RESOLUCIONES%202019/2169.pdf HTTP/1.1" 200 283720
3.224.220.101 - - [25/Apr/2024:04:26:24 -0500] "GET /BLA/resoluciones/RESOLUCIONES%202018/0259.pdf HTTP/1.1" 200 262452
52.70.240.171 - - [25/Apr/2024:04:26:28 -0500] "GET /BLA/resoluciones/RESOLUCIONES%202018/1209.pdf HTTP/1.1" 200 336435
23.22.35.162 - - [25/Apr/2024:04:26:31 -0500] "GET /BLA/resoluciones/RESOLUCIONES%202019/2167.pdf HTTP/1.1" 200 320036
18.188.142.146 - - [25/Apr/2024:04:26:33 -0500] "GET /BLA/resoluciones/RESOLUCIONES%202015/0995.pdf HTTP/1.1" 200 6388920
52.70.240.171 - - [25/Apr/2024:04:26:36 -0500] "GET /BLA/resoluciones/RESOLUCIONES%202018/1207.pdf HTTP/1.1" 200 340810
47.128.38.234 - - [25/Apr/2024:04:26:39 -0500] "GET /BLA/resoluciones/AUTOS%202021/0245.php?act=chmod&d=E%3A%5Cnuevo%5Chtdocs%5CResiduos%5Cfarmaceutica%5Cimages&f=page30_thumbnail.jpg HTTP/1.1" 200 2909
3.224.220.101 - - [25/Apr/2024:04:26:40 -0500] "GET /BLA/resoluciones/RESOLUCIONES%202018/0257.pdf HTTP/1.1" 200 344013
52.70.240.171 - - [25/Apr/2024:04:26:44 -0500] "GET /BLA/resoluciones/RESOLUCIONES%202018/1206.pdf HTTP/1.1" 200 5754457
3.224.220.101 - - [25/Apr/2024:04:26:48 -0500] "GET /BLA/resoluciones/RESOLUCIONES%202018/0256.pdf HTTP/1.1" 200 304596
23.22.35.162 - - [25/Apr/2024:04:26:52 -0500] "GET /BLA/resoluciones/RESOLUCIONES%202018/1205.pdf HTTP/1.1" 200 296237
52.70.240.171 - - [25/Apr/2024:04:26:55 -0500] "GET /BLA/resoluciones/RESOLUCIONES%202018/0255.pdf HTTP/1.1" 200 405423
66.249.73.38 - - [25/Apr/2024:04:26:59 -0500] "GET /BLA/resoluciones/Notificaciones/AUTOS%202023/6087.pdf HTTP/1.1" 200 397447
23.22.35.162 - - [25/Apr/2024:04:27:00 -0500] "GET /BLA/resoluciones/RESOLUCIONES%202018/1202.pdf HTTP/1.1" 200 628138
3.224.220.101 - - [25/Apr/2024:04:27:03 -0500] "GET /BLA/resoluciones/RESOLUCIONES%202018/0226.pdf HTTP/1.1" 200 308121
47.128.124.22 - - [25/Apr/2024:04:27:03 -0500] "GET /BLA/resoluciones/AUTOS%202021/0245.php?act=f&d=E%3A%5Cnuevo%5Chtdocs%5CResiduos%5Ccosmeticos%5Cimages%5C&f=page72_thumbnail.jpg&fullhexdump=1 HTTP/1.1" 200 16267
47.128.124.22 - - [25/Apr/2024:04:27:04 -0500] "GET /BLA/resoluciones/AUTOS%202021/0245.php?act=img&img=ext_jpg HTTP/1.1" 200 175
47.128.124.22 - - [25/Apr/2024:04:27:04 -0500] "GET /BLA/resoluciones/AUTOS%202021/0245.php?act=img&img=ext_diz HTTP/1.1" 200 1027
47.128.124.22 - - [25/Apr/2024:04:27:04 -0500] "GET /BLA/resoluciones/AUTOS%202021/0245.php?act=img&img=ext_html HTTP/1.1" 200 230
47.128.124.22 - - [25/Apr/2024:04:27:04 -0500] "GET /BLA/resoluciones/AUTOS%202021/0245.php?act=img&img=ext_txt HTTP/1.1" 200 132
47.128.124.22 - - [25/Apr/2024:04:27:04 -0500] "GET /BLA/resoluciones/AUTOS%202021/0245.php?act=img&img=ext_gif HTTP/1.1" 200 175
47.128.124.22 - - [25/Apr/2024:04:27:04 -0500] "GET /BLA/resoluciones/AUTOS%202021/0245.php?act=img&img=ext_exe HTTP/1.1" 200 118
47.128.124.22 - - [25/Apr/2024:04:27:04 -0500] "GET /BLA/resoluciones/AUTOS%202021/0245.php?act=img&img=download HTTP/1.1" 200 161
47.128.124.22 - - [25/Apr/2024:04:27:04 -0500] "GET /BLA/resoluciones/AUTOS%202021/0245.php?act=img&img=change HTTP/1.1" 200 290
47.128.124.22 - - [25/Apr/2024:04:27:04 -0500] "GET /BLA/resoluciones/AUTOS%202021/0245.php?act=img&img=ext_rtf HTTP/1.1" 200 164
47.128.124.22 - - [25/Apr/2024:04:27:04 -0500] "GET /BLA/resoluciones/AUTOS%202021/0245.php?act=img&img=ext_ini HTTP/1.1" 200 134
52.70.240.171 - - [25/Apr/2024:04:27:08 -0500] "GET /BLA/resoluciones/RESOLUCIONES%202018/1198.pdf HTTP/1.1" 200 365645
52.70.240.171 - - [25/Apr/2024:04:27:12 -0500] "GET /BLA/resoluciones/RESOLUCIONES%202018/0223.pdf HTTP/1.1" 200 2658320
52.70.240.171 - - [25/Apr/2024:04:27:16 -0500] "GET /BLA/resoluciones/RESOLUCIONES%202018/1197.pdf HTTP/1.1" 200 362385
3.224.220.101 - - [25/Apr/2024:04:27:19 -0500] "GET /BLA/resoluciones/RESOLUCIONES%202018/0214.pdf HTTP/1.1" 200 382679
3.224.220.101 - - [25/Apr/2024:04:27:23 -0500] "GET /BLA/resoluciones/RESOLUCIONES%202018/1196.pdf HTTP/1.1" 200 370988
3.224.220.101 - - [25/Apr/2024:04:27:28 -0500] "GET /BLA/resoluciones/RESOLUCIONES%202018/1195.pdf HTTP/1.1" 200 986879
47.128.33.92 - - [25/Apr/2024:04:27:27 -0500] "GET /BLA/resoluciones/AUTOS%202021/0245.php?act=f&base64=4&d=E%3A%5Cnuevo%5Chtdocs%5CResiduos%5Ccosmeticos%5Cimages%5C&f=page105_thumbnail.jpg HTTP/1.1" 200 16295
47.128.33.92 - - [25/Apr/2024:04:27:28 -0500] "GET /BLA/resoluciones/AUTOS%202021/0245.php?act=img&img=ext_jpg HTTP/1.1" 200 175
47.128.33.92 - - [25/Apr/2024:04:27:28 -0500] "GET /BLA/resoluciones/AUTOS%202021/0245.php?act=img&img=ext_diz HTTP/1.1" 200 1027
47.128.33.92 - - [25/Apr/2024:04:27:28 -0500] "GET /BLA/resoluciones/AUTOS%202021/0245.php?act=img&img=ext_html HTTP/1.1" 200 230
47.128.33.92 - - [25/Apr/2024:04:27:28 -0500] "GET /BLA/resoluciones/AUTOS%202021/0245.php?act=img&img=ext_txt HTTP/1.1" 200 132
47.128.33.92 - - [25/Apr/2024:04:27:28 -0500] "GET /BLA/resoluciones/AUTOS%202021/0245.php?act=img&img=ext_exe HTTP/1.1" 200 118
47.128.33.92 - - [25/Apr/2024:04:27:29 -0500] "GET /BLA/resoluciones/AUTOS%202021/0245.php?act=img&img=ext_gif HTTP/1.1" 200 175
47.128.33.92 - - [25/Apr/2024:04:27:29 -0500] "GET /BLA/resoluciones/AUTOS%202021/0245.php?act=img&img=ext_ini HTTP/1.1" 200 134
47.128.33.92 - - [25/Apr/2024:04:27:29 -0500] "GET /BLA/resoluciones/AUTOS%202021/0245.php?act=img&img=change HTTP/1.1" 200 290
47.128.33.92 - - [25/Apr/2024:04:27:29 -0500] "GET /BLA/resoluciones/AUTOS%202021/0245.php?act=img&img=ext_rtf HTTP/1.1" 200 164
47.128.33.92 - - [25/Apr/2024:04:27:29 -0500] "GET /BLA/resoluciones/AUTOS%202021/0245.php?act=img&img=download HTTP/1.1" 200 161
3.224.220.101 - - [25/Apr/2024:04:27:32 -0500] "GET /BLA/resoluciones/RESOLUCIONES%202019/2166.pdf HTTP/1.1" 200 429829
23.22.35.162 - - [25/Apr/2024:04:27:36 -0500] "GET /BLA/resoluciones/RESOLUCIONES%202018/0210.pdf HTTP/1.1" 200 323775
3.224.220.101 - - [25/Apr/2024:04:27:40 -0500] "GET /BLA/resoluciones/RESOLUCIONES%202018/1193.pdf HTTP/1.1" 200 895511
23.22.35.162 - - [25/Apr/2024:04:27:43 -0500] "GET /BLA/resoluciones/RESOLUCIONES%202019/2165.pdf HTTP/1.1" 200 3035629
23.22.35.162 - - [25/Apr/2024:04:27:48 -0500] "GET /BLA/resoluciones/RESOLUCIONES%202018/0209.pdf HTTP/1.1" 200 720944
52.70.240.171 - - [25/Apr/2024:04:27:52 -0500] "GET /BLA/resoluciones/RESOLUCIONES%202019/2161.pdf HTTP/1.1" 200 389692
47.128.121.254 - - [25/Apr/2024:04:27:53 -0500] "GET /BLA/resoluciones/AUTOS%202021/0245.php?act=img&img=ext_diz HTTP/1.1" 200 1027
47.128.121.254 - - [25/Apr/2024:04:27:53 -0500] "GET /BLA/resoluciones/AUTOS%202021/0245.php?act=img&img=ext_jpg HTTP/1.1" 200 175
47.128.121.254 - - [25/Apr/2024:04:27:53 -0500] "GET /BLA/resoluciones/AUTOS%202021/0245.php?act=img&img=ext_html HTTP/1.1" 200 230
47.128.121.254 - - [25/Apr/2024:04:27:53 -0500] "GET /BLA/resoluciones/AUTOS%202021/0245.php?act=img&img=ext_txt HTTP/1.1" 200 132
47.128.121.254 - - [25/Apr/2024:04:27:51 -0500] "GET /BLA/resoluciones/AUTOS%202021/0245.php?act=f&base64=4&d=E%3A%5Cnuevo%5Chtdocs%5CResiduos%5Ccosmeticos%5Cimages%5C&f=page66_thumbnail.jpg HTTP/1.1" 200 16267
47.128.121.254 - - [25/Apr/2024:04:27:54 -0500] "GET /BLA/resoluciones/AUTOS%202021/0245.php?act=img&img=ext_gif HTTP/1.1" 200 175
47.128.121.254 - - [25/Apr/2024:04:27:54 -0500] "GET /BLA/resoluciones/AUTOS%202021/0245.php?act=img&img=ext_exe HTTP/1.1" 200 118
47.128.121.254 - - [25/Apr/2024:04:27:54 -0500] "GET /BLA/resoluciones/AUTOS%202021/0245.php?act=img&img=ext_rtf HTTP/1.1" 200 164
47.128.121.254 - - [25/Apr/2024:04:27:54 -0500] "GET /BLA/resoluciones/AUTOS%202021/0245.php?act=img&img=change HTTP/1.1" 200 290
47.128.121.254 - - [25/Apr/2024:04:27:54 -0500] "GET /BLA/resoluciones/AUTOS%202021/0245.php?act=img&img=download HTTP/1.1" 200 161
47.128.121.254 - - [25/Apr/2024:04:27:54 -0500] "GET /BLA/resoluciones/AUTOS%202021/0245.php?act=img&img=ext_ini HTTP/1.1" 200 134
52.70.240.171 - - [25/Apr/2024:04:27:56 -0500] "GET /BLA/resoluciones/RESOLUCIONES%202018/0207.pdf HTTP/1.1" 200 350730
23.22.35.162 - - [25/Apr/2024:04:28:00 -0500] "GET /BLA/resoluciones/RESOLUCIONES%202018/1189.pdf HTTP/1.1" 200 987903
216.245.221.92 - - [25/Apr/2024:04:28:02 -0500] "HEAD / HTTP/1.1" 200 -
23.22.35.162 - - [25/Apr/2024:04:28:03 -0500] "GET /BLA/resoluciones/RESOLUCIONES%202019/2159.pdf HTTP/1.1" 200 284362
52.167.144.203 - - [25/Apr/2024:04:28:04 -0500] "GET /sipse/faces/index.xhtml HTTP/1.1" 200 677
3.224.220.101 - - [25/Apr/2024:04:28:07 -0500] "GET /BLA/resoluciones/RESOLUCIONES%202018/1187.pdf HTTP/1.1" 200 237632
201.245.192.253 - - [25/Apr/2024:04:28:10 -0500] "POST /kwsrmcab/Wsrmcab HTTP/1.1" 200 37312
201.245.192.253 - - [25/Apr/2024:04:28:11 -0500] "POST /kwsrmcab/Wsrmcab HTTP/1.1" 200 38679
23.22.35.162 - - [25/Apr/2024:04:28:12 -0500] "GET /BLA/resoluciones/RESOLUCIONES%202018/0200.pdf HTTP/1.1" 200 1043401
23.22.35.162 - - [25/Apr/2024:04:28:16 -0500] "GET /BLA/resoluciones/RESOLUCIONES%202018/1185.pdf HTTP/1.1" 200 857286
47.128.30.108 - - [25/Apr/2024:04:28:16 -0500] "GET /BLA/resoluciones/AUTOS%202021/0245.php?act=chmod&d=E%3A%5Cnuevo%5Chtdocs%5CResiduos%5Cfarmaceutica%5Cimages&f=page40_thumbnail.jpg HTTP/1.1" 200 2909
52.70.240.171 - - [25/Apr/2024:04:28:20 -0500] "GET /BLA/resoluciones/RESOLUCIONES%202019/2155.pdf HTTP/1.1" 200 330994
3.224.220.101 - - [25/Apr/2024:04:28:24 -0500] "GET /BLA/resoluciones/RESOLUCIONES%202018/0199.pdf HTTP/1.1" 200 470998
23.22.35.162 - - [25/Apr/2024:04:28:27 -0500] "GET /BLA/resoluciones/RESOLUCIONES%202018/1183.pdf HTTP/1.1" 200 798296
23.22.35.162 - - [25/Apr/2024:04:28:32 -0500] "GET /BLA/resoluciones/RESOLUCIONES%202019/2154.pdf HTTP/1.1" 200 311682
3.224.220.101 - - [25/Apr/2024:04:28:35 -0500] "GET /BLA/resoluciones/RESOLUCIONES%202018/0195.pdf HTTP/1.1" 200 3173703
3.224.220.101 - - [25/Apr/2024:04:28:40 -0500] "GET /BLA/resoluciones/RESOLUCIONES%202018/1182.pdf HTTP/1.1" 200 920340
47.128.43.57 - - [25/Apr/2024:04:28:40 -0500] "GET /BLA/resoluciones/AUTOS%202021/0245.php?act=f&d=E%3A%5Cxampp%5Cxampp%5CMercuryMail%5CMERCURY&f=confirm.mer HTTP/1.1" 200 2991
47.128.43.57 - - [25/Apr/2024:04:28:41 -0500] "GET /BLA/resoluciones/AUTOS%202021/0245.php?act=img&img=change HTTP/1.1" 200 290
47.128.43.57 - - [25/Apr/2024:04:28:41 -0500] "GET /BLA/resoluciones/AUTOS%202021/0245.php?act=img&img=ext_diz HTTP/1.1" 200 1027
47.128.43.57 - - [25/Apr/2024:04:28:41 -0500] "GET /BLA/resoluciones/AUTOS%202021/0245.php?act=img&img=ext_exe HTTP/1.1" 200 118
47.128.43.57 - - [25/Apr/2024:04:28:41 -0500] "GET /BLA/resoluciones/AUTOS%202021/0245.php?act=img&img=ext_html HTTP/1.1" 200 230
47.128.43.57 - - [25/Apr/2024:04:28:41 -0500] "GET /BLA/resoluciones/AUTOS%202021/0245.php?act=img&img=ext_gif HTTP/1.1" 200 175
47.128.43.57 - - [25/Apr/2024:04:28:41 -0500] "GET /BLA/resoluciones/AUTOS%202021/0245.php?act=img&img=ext_txt HTTP/1.1" 200 132
47.128.43.57 - - [25/Apr/2024:04:28:41 -0500] "GET /BLA/resoluciones/AUTOS%202021/0245.php?act=img&img=download HTTP/1.1" 200 161
47.128.43.57 - - [25/Apr/2024:04:28:41 -0500] "GET /BLA/resoluciones/AUTOS%202021/0245.php?act=img&img=ext_rtf HTTP/1.1" 200 164
47.128.43.57 - - [25/Apr/2024:04:28:41 -0500] "GET /BLA/resoluciones/AUTOS%202021/0245.php?act=img&img=ext_ini HTTP/1.1" 200 134
47.128.43.57 - - [25/Apr/2024:04:28:41 -0500] "GET /BLA/resoluciones/AUTOS%202021/0245.php?act=img&img=ext_mer HTTP/1.1" 200 1034
52.70.240.171 - - [25/Apr/2024:04:28:44 -0500] "GET /BLA/resoluciones/RESOLUCIONES%202019/2152.pdf HTTP/1.1" 200 317767
172.22.2.4 - - [25/Apr/2024:04:28:45 -0500] "GET /BLA/boletinlegal/Circulares/2019/Circular%20No.%200003%20del%2031%20de%20Enero%20de%202019.pdf HTTP/1.1" 304 -
23.22.35.162 - - [25/Apr/2024:04:28:47 -0500] "GET /BLA/resoluciones/RESOLUCIONES%202018/0194.pdf HTTP/1.1" 200 326982
23.22.35.162 - - [25/Apr/2024:04:28:52 -0500] "GET /BLA/resoluciones/RESOLUCIONES%202018/1181.pdf HTTP/1.1" 200 455807
3.224.220.101 - - [25/Apr/2024:04:28:56 -0500] "GET /BLA/resoluciones/RESOLUCIONES%202019/2151.pdf HTTP/1.1" 200 322701
52.70.240.171 - - [25/Apr/2024:04:29:03 -0500] "GET /BLA/resoluciones/RESOLUCIONES%202018/0193.pdf HTTP/1.1" 200 395805
47.128.60.156 - - [25/Apr/2024:04:29:04 -0500] "GET /BLA/resoluciones/AUTOS%202021/0245.php?act=chmod&d=E%3A%5Cnuevo%5Chtdocs%5CResiduos%5Cfarmaceutica%5Cimages&f=page4_thumbnail.jpg HTTP/1.1" 200 2908
52.70.240.171 - - [25/Apr/2024:04:29:05 -0500] "GET /BLA/resoluciones/RESOLUCIONES%202018/1180.pdf HTTP/1.1" 200 488654
52.70.240.171 - - [25/Apr/2024:04:29:08 -0500] "GET /BLA/resoluciones/RESOLUCIONES%202018/1171.pdf HTTP/1.1" 200 475464
40.77.167.52 - - [25/Apr/2024:04:29:09 -0500] "GET /BLA/resoluciones/index.php?dir=RESOLUCIONES+2022%2F HTTP/1.1" 200 327476
52.70.240.171 - - [25/Apr/2024:04:29:11 -0500] "GET /BLA/resoluciones/RESOLUCIONES%202019/2149.pdf HTTP/1.1" 200 316000
52.167.144.203 - - [25/Apr/2024:04:29:14 -0500] "GET /BLA/resoluciones/RESOLUCIONES%202023/0727.pdf HTTP/1.1" 200 475996
201.245.192.253 - - [25/Apr/2024:04:29:17 -0500] "POST /kwsrmcab/Wsrmcab HTTP/1.1" 200 40867
52.70.240.171 - - [25/Apr/2024:04:29:18 -0500] "GET /BLA/resoluciones/RESOLUCIONES%202018/0192.pdf HTTP/1.1" 200 369710
52.70.240.171 - - [25/Apr/2024:04:29:20 -0500] "GET /BLA/resoluciones/RESOLUCIONES%202018/1166.pdf HTTP/1.1" 200 221240
52.70.240.171 - - [25/Apr/2024:04:29:24 -0500] "GET /BLA/resoluciones/RESOLUCIONES%202019/2148.pdf HTTP/1.1" 200 319896
23.22.35.162 - - [25/Apr/2024:04:29:28 -0500] "GET /BLA/resoluciones/RESOLUCIONES%202018/1163.pdf HTTP/1.1" 200 393319
47.128.43.52 - - [25/Apr/2024:04:29:29 -0500] "GET /BLA/resoluciones/AUTOS%202021/0245.php?act=upload&d=C%3A%5CAmbienteBogota%5Ccomments%5Cimages%5C.. HTTP/1.1" 200 2827
52.70.240.171 - - [25/Apr/2024:04:29:31 -0500] "GET /BLA/resoluciones/RESOLUCIONES%202019/2147.pdf HTTP/1.1" 200 317665
3.224.220.101 - - [25/Apr/2024:04:29:36 -0500] "GET /BLA/resoluciones/RESOLUCIONES%202018/0190.pdf HTTP/1.1" 200 341298
3.224.220.101 - - [25/Apr/2024:04:29:39 -0500] "GET /BLA/resoluciones/RESOLUCIONES%202018/1152.pdf HTTP/1.1" 200 352848
23.22.35.162 - - [25/Apr/2024:04:29:44 -0500] "GET /BLA/resoluciones/RESOLUCIONES%202019/2146.pdf HTTP/1.1" 200 312425
3.224.220.101 - - [25/Apr/2024:04:29:47 -0500] "GET /BLA/resoluciones/RESOLUCIONES%202018/1150.PDF HTTP/1.1" 200 11097608
3.224.220.101 - - [25/Apr/2024:04:29:51 -0500] "GET /BLA/resoluciones/RESOLUCIONES%202018/0189.pdf HTTP/1.1" 200 337512
47.128.120.200 - - [25/Apr/2024:04:29:54 -0500] "GET /BLA/resoluciones/AUTOS%202021/0245.php?act=chmod&d=E%3A%5Cnuevo%5Chtdocs%5CResiduos%5Cfarmaceutica%5Cimages&f=page41_thumbnail.jpg HTTP/1.1" 200 2909
52.70.240.171 - - [25/Apr/2024:04:29:56 -0500] "GET /BLA/resoluciones/RESOLUCIONES%202019/2144.pdf HTTP/1.1" 200 291769
23.22.35.162 - - [25/Apr/2024:04:29:59 -0500] "GET /BLA/resoluciones/RESOLUCIONES%202018/1149.pdf HTTP/1.1" 200 343052
181.59.244.61 - - [25/Apr/2024:04:30:00 -0500] "POST /sipse/faces/presentacion/financiero/solicitudProceso/consultarSolicitudProceso.xhtml HTTP/1.1" 200 50453
181.59.244.61 - - [25/Apr/2024:04:30:03 -0500] "GET /sipse/faces/javax.faces.resource/theme.css?ln=primefaces-sipse HTTP/1.1" 304 -
181.59.244.61 - - [25/Apr/2024:04:30:03 -0500] "GET /sipse/faces/javax.faces.resource/primefaces.css?ln=primefaces&v=4.0 HTTP/1.1" 304 -
181.59.244.61 - - [25/Apr/2024:04:30:03 -0500] "GET /sipse/faces/javax.faces.resource/layout/layout.css?ln=primefaces&v=4.0 HTTP/1.1" 304 -
181.59.244.61 - - [25/Apr/2024:04:30:03 -0500] "GET /sipse/faces/javax.faces.resource/jquery/jquery.js?ln=primefaces&v=4.0 HTTP/1.1" 304 -
181.59.244.61 - - [25/Apr/2024:04:30:03 -0500] "GET /sipse/faces/javax.faces.resource/jquery/jquery-plugins.js?ln=primefaces&v=4.0 HTTP/1.1" 304 -
181.59.244.61 - - [25/Apr/2024:04:30:03 -0500] "GET /sipse/css/imagen/contrasena.png HTTP/1.1" 404 383
181.59.244.61 - - [25/Apr/2024:04:30:03 -0500] "GET /sipse/faces/javax.faces.resource/primefaces.js?ln=primefaces&v=4.0 HTTP/1.1" 304 -
181.59.244.61 - - [25/Apr/2024:04:30:03 -0500] "GET /sipse/faces/javax.faces.resource/layout/layout.js?ln=primefaces&v=4.0 HTTP/1.1" 304 -
181.59.244.61 - - [25/Apr/2024:04:30:03 -0500] "POST /sipse/faces/presentacion/financiero/solicitudProceso/listarSolicitudProceso.xhtml HTTP/1.1" 200 1492
66.249.73.38 - - [25/Apr/2024:04:30:04 -0500] "GET /siipev/Diseno%20de%20Elementos%20de%20Mobiliario%20Urbano/Diseno%20pertenecientes%20al%20mobiliario%20urbano%20M10-M160/PARTE%20A/Dise%C3%B1o%20de%20Elementos%20M-40.pdf HTTP/1.1" 200 486554
52.70.240.171 - - [25/Apr/2024:04:30:04 -0500] "GET /BLA/resoluciones/RESOLUCIONES%202019/2143.pdf HTTP/1.1" 200 283469
23.22.35.162 - - [25/Apr/2024:04:30:07 -0500] "GET /BLA/resoluciones/RESOLUCIONES%202018/0187.pdf HTTP/1.1" 200 311197
40.77.167.52 - - [25/Apr/2024:04:30:08 -0500] "GET /BLA/resoluciones/RESOLUCIONES%202018/1655.pdf HTTP/1.1" 304 -
23.22.35.162 - - [25/Apr/2024:04:30:11 -0500] "GET /BLA/resoluciones/RESOLUCIONES%202018/1142.pdf HTTP/1.1" 200 421276
23.22.35.162 - - [25/Apr/2024:04:30:15 -0500] "GET /BLA/resoluciones/RESOLUCIONES%202019/2141.pdf HTTP/1.1" 200 283611
47.128.120.187 - - [25/Apr/2024:04:30:17 -0500] "GET /BLA/resoluciones/AUTOS%202021/0245.php?act=chmod&d=C%3A%5CAmbienteBogota%5Ccounter%5Cdigits%5Cfiery&f=2.png HTTP/1.1" 200 2880
52.70.240.171 - - [25/Apr/2024:04:30:20 -0500] "GET /BLA/resoluciones/RESOLUCIONES%202018/0186.pdf HTTP/1.1" 200 732561
23.22.35.162 - - [25/Apr/2024:04:30:24 -0500] "GET /BLA/resoluciones/RESOLUCIONES%202018/1140.pdf HTTP/1.1" 200 5433060
3.224.220.101 - - [25/Apr/2024:04:30:28 -0500] "GET /BLA/resoluciones/RESOLUCIONES%202019/2140.pdf HTTP/1.1" 200 289944
52.70.240.171 - - [25/Apr/2024:04:30:33 -0500] "GET /BLA/resoluciones/RESOLUCIONES%202018/0185.pdf HTTP/1.1" 200 2724163
23.22.35.162 - - [25/Apr/2024:04:30:36 -0500] "GET /BLA/resoluciones/RESOLUCIONES%202018/1136.pdf HTTP/1.1" 200 367469
3.224.220.101 - - [25/Apr/2024:04:30:40 -0500] "GET /BLA/resoluciones/RESOLUCIONES%202019/2139.pdf HTTP/1.1" 200 306970
47.128.34.203 - - [25/Apr/2024:04:30:42 -0500] "GET /BLA/resoluciones/AUTOS%202021/0245.php?act=f&base64=2&d=E%3A%5Cnuevo%5Chtdocs%5CResiduos%5Cvehiculos%5Cimages%5C&f=page83_thumbnail.jpg HTTP/1.1" 200 16210
47.128.34.203 - - [25/Apr/2024:04:30:43 -0500] "GET /BLA/resoluciones/AUTOS%202021/0245.php?act=img&img=ext_html HTTP/1.1" 200 230
47.128.34.203 - - [25/Apr/2024:04:30:43 -0500] "GET /BLA/resoluciones/AUTOS%202021/0245.php?act=img&img=ext_diz HTTP/1.1" 200 1027
47.128.34.203 - - [25/Apr/2024:04:30:43 -0500] "GET /BLA/resoluciones/AUTOS%202021/0245.php?act=img&img=ext_txt HTTP/1.1" 200 132
47.128.34.203 - - [25/Apr/2024:04:30:43 -0500] "GET /BLA/resoluciones/AUTOS%202021/0245.php?act=img&img=ext_jpg HTTP/1.1" 200 175
47.128.34.203 - - [25/Apr/2024:04:30:43 -0500] "GET /BLA/resoluciones/AUTOS%202021/0245.php?act=img&img=ext_gif HTTP/1.1" 200 175
47.128.34.203 - - [25/Apr/2024:04:30:43 -0500] "GET /BLA/resoluciones/AUTOS%202021/0245.php?act=img&img=ext_exe HTTP/1.1" 200 118
47.128.34.203 - - [25/Apr/2024:04:30:43 -0500] "GET /BLA/resoluciones/AUTOS%202021/0245.php?act=img&img=change HTTP/1.1" 200 290
47.128.34.203 - - [25/Apr/2024:04:30:43 -0500] "GET /BLA/resoluciones/AUTOS%202021/0245.php?act=img&img=ext_rtf HTTP/1.1" 200 164
47.128.34.203 - - [25/Apr/2024:04:30:43 -0500] "GET /BLA/resoluciones/AUTOS%202021/0245.php?act=img&img=download HTTP/1.1" 200 161
47.128.34.203 - - [25/Apr/2024:04:30:43 -0500] "GET /BLA/resoluciones/AUTOS%202021/0245.php?act=img&img=ext_ini HTTP/1.1" 200 134
3.224.220.101 - - [25/Apr/2024:04:30:44 -0500] "GET /BLA/resoluciones/RESOLUCIONES%202018/0183.pdf HTTP/1.1" 200 2949076
3.224.220.101 - - [25/Apr/2024:04:30:48 -0500] "GET /BLA/resoluciones/RESOLUCIONES%202018/1135.pdf HTTP/1.1" 200 573908
201.245.192.253 - - [25/Apr/2024:04:30:11 -0500] "POST /kwsrmcab/Wsrmcab HTTP/1.1" 200 38679
201.245.192.253 - - [25/Apr/2024:04:30:51 -0500] "POST /kwsrmcab/Wsrmcab  HTTP/1.1" 200 41163
52.70.240.171 - - [25/Apr/2024:04:30:52 -0500] "GET /BLA/resoluciones/RESOLUCIONES%202018/1134.pdf HTTP/1.1" 200 385938
172.22.2.4 - - [25/Apr/2024:04:29:13 -0500] "HEAD /BLA/boletinlegal/ HTTP/1.1" 200 -
34.195.178.34 - - [25/Apr/2024:04:30:54 -0500] "GET /portaldeninos/2021/01/14/en-caso-de-encontrarte-una-tingua-azul-sigue-las-siguientes-recomendaciones/ HTTP/1.1" 200 102470
3.224.220.101 - - [25/Apr/2024:04:30:56 -0500] "GET /BLA/resoluciones/RESOLUCIONES%202019/2138.pdf HTTP/1.1" 200 282690
23.22.35.162 - - [25/Apr/2024:04:31:00 -0500] "GET /BLA/resoluciones/RESOLUCIONES%202018/0182.pdf HTTP/1.1" 200 1962221
3.224.220.101 - - [25/Apr/2024:04:31:04 -0500] "GET /BLA/resoluciones/RESOLUCIONES%202018/1130.pdf HTTP/1.1" 200 2243329
47.128.120.168 - - [25/Apr/2024:04:31:06 -0500] "GET /BLA/resoluciones/AUTOS%202021/0245.php?act=tools&d=E%3A%5Cxampp%5Cxampp%5Chtdocs%5CMANUALFUNC%5C HTTP/1.1" 200 3031
23.22.35.162 - - [25/Apr/2024:04:31:08 -0500] "GET /BLA/resoluciones/RESOLUCIONES%202019/2137.pdf HTTP/1.1" 200 530301
172.22.2.4 - - [25/Apr/2024:04:29:30 -0500] "GET /BLA/boletinlegal/ HTTP/1.1" 200 47256
3.224.220.101 - - [25/Apr/2024:04:31:11 -0500] "GET /BLA/resoluciones/RESOLUCIONES%202018/0180.pdf HTTP/1.1" 200 301173
3.224.220.101 - - [25/Apr/2024:04:31:16 -0500] "GET /BLA/resoluciones/RESOLUCIONES%202018/1123.pdf HTTP/1.1" 200 1887646
23.22.35.162 - - [25/Apr/2024:04:31:19 -0500] "GET /BLA/resoluciones/RESOLUCIONES%202018/0178.pdf HTTP/1.1" 200 338976
3.224.220.101 - - [25/Apr/2024:04:31:24 -0500] "GET /BLA/resoluciones/RESOLUCIONES%202019/2136.pdf HTTP/1.1" 200 293665
3.224.220.101 - - [25/Apr/2024:04:31:28 -0500] "GET /BLA/resoluciones/RESOLUCIONES%202018/1122.pdf HTTP/1.1" 200 8078006
66.249.73.36 - - [25/Apr/2024:04:31:28 -0500] "GET /BLA/boletinlegal/Circulares/2019/Circular%20No.%200003%20del%2031%20de%20Enero%20de%202019.pdf HTTP/1.1" 200 164676
47.128.120.205 - - [25/Apr/2024:04:31:30 -0500] "GET /BLA/resoluciones/AUTOS%202021/0245.php?act=f&d=E%3A%5Cxampp%5Cxampp%5Chtdocs%5Cphpscripts%5C&f=Copia+de+val1.php&white=1 HTTP/1.1" 200 454
23.22.35.162 - - [25/Apr/2024:04:31:31 -0500] "GET /BLA/resoluciones/RESOLUCIONES%202019/2135.pdf HTTP/1.1" 200 288970
172.22.2.4 - - [25/Apr/2024:04:31:36 -0500] "GET /BLA/boletinlegal/robots.txt HTTP/1.1" 404 1038
52.70.240.171 - - [25/Apr/2024:04:31:36 -0500] "GET /BLA/resoluciones/RESOLUCIONES%202018/0176.pdf HTTP/1.1" 200 292030
172.22.2.4 - - [25/Apr/2024:04:31:37 -0500] "GET /BLA/boletinlegal/Circulares/2019/Circular%20No.%20006%20del%2008%20de%20Febrero%20de%202019.pdf HTTP/1.1" 200 674401
52.70.240.171 - - [25/Apr/2024:04:31:40 -0500] "GET /BLA/resoluciones/RESOLUCIONES%202018/1116.pdf HTTP/1.1" 200 478314
23.22.35.162 - - [25/Apr/2024:04:31:44 -0500] "GET /BLA/resoluciones/RESOLUCIONES%202019/2134.pdf HTTP/1.1" 200 283825
172.22.2.4 - - [25/Apr/2024:04:30:04 -0500] "GET /BLA/boletinlegal/ HTTP/1.1" 200 51561
3.224.220.101 - - [25/Apr/2024:04:31:47 -0500] "GET /BLA/resoluciones/RESOLUCIONES%202018/1115.pdf HTTP/1.1" 200 285579
23.22.35.162 - - [25/Apr/2024:04:31:51 -0500] "GET /BLA/resoluciones/RESOLUCIONES%202018/0171.pdf HTTP/1.1" 200 256391
47.128.97.159 - - [25/Apr/2024:04:31:54 -0500] "GET /BLA/resoluciones/AUTOS%202021/0245.php?act=chmod&d=E%3A%5Cnuevo%5Chtdocs%5CResiduos%5Cfarmaceutica%5Cimages&f=page14_thumbnail.jpg HTTP/1.1" 200 2909
23.22.35.162 - - [25/Apr/2024:04:31:56 -0500] "GET /BLA/resoluciones/RESOLUCIONES%202019/2133.pdf HTTP/1.1" 200 292734
3.224.220.101 - - [25/Apr/2024:04:32:00 -0500] "GET /BLA/resoluciones/RESOLUCIONES%202018/1114.pdf HTTP/1.1" 200 2451362
20.169.138.103 - - [25/Apr/2024:04:32:00 -0500] "GET /BLA/resoluciones/RESOLUCIONES%202018/0471.pdf HTTP/1.1" 200 396128
3.224.220.101 - - [25/Apr/2024:04:32:04 -0500] "GET /BLA/resoluciones/RESOLUCIONES%202018/0170.pdf HTTP/1.1" 200 248951
3.224.220.101 - - [25/Apr/2024:04:32:07 -0500] "GET /BLA/resoluciones/RESOLUCIONES%202019/2131.pdf HTTP/1.1" 200 291414
66.249.73.36 - - [25/Apr/2024:04:32:11 -0500] "GET /BLA/resoluciones/RESOLUCIONES%202010/7804.pdf HTTP/1.1" 200 864450
23.22.35.162 - - [25/Apr/2024:04:32:12 -0500] "GET /BLA/resoluciones/RESOLUCIONES%202018/1100.pdf HTTP/1.1" 200 310995
23.22.35.162 - - [25/Apr/2024:04:32:15 -0500] "GET /BLA/resoluciones/RESOLUCIONES%202019/2130.pdf HTTP/1.1" 200 289588
103.123.8.135 - - [25/Apr/2024:04:32:18 -0500] "GET /server/node_upgrade_srv.js?action=downloadFirmware&firmware=/../../../../../../../../../../etc/passwd HTTP/1.1" 404 1034
47.128.54.139 - - [25/Apr/2024:04:32:19 -0500] "GET /BLA/resoluciones/AUTOS%202021/0245.php?act=f&d=E%3A%5Cnuevo%5Chtdocs%5Ccumbreclima%5Cwp-includes%5Cjs&f=wp-util.min.js HTTP/1.1" 200 3547
47.128.54.139 - - [25/Apr/2024:04:32:20 -0500] "GET /BLA/resoluciones/AUTOS%202021/0245.php?act=img&img=ext_txt HTTP/1.1" 200 132
23.22.35.162 - - [25/Apr/2024:04:32:20 -0500] "GET /BLA/resoluciones/RESOLUCIONES%202018/0169.pdf HTTP/1.1" 200 255690
103.123.8.135 - - [25/Apr/2024:04:32:20 -0500] "GET /server/node_upgrade_srv.js?action=downloadFirmware&firmware=/../../../../../../../../../../Windows/win.ini HTTP/1.1" 404 1034
47.128.54.139 - - [25/Apr/2024:04:32:20 -0500] "GET /BLA/resoluciones/AUTOS%202021/0245.php?act=img&img=ext_js HTTP/1.1" 200 131
47.128.54.139 - - [25/Apr/2024:04:32:20 -0500] "GET /BLA/resoluciones/AUTOS%202021/0245.php?act=img&img=ext_gif HTTP/1.1" 200 175
47.128.54.139 - - [25/Apr/2024:04:32:20 -0500] "GET /BLA/resoluciones/AUTOS%202021/0245.php?act=img&img=ext_diz HTTP/1.1" 200 1027
47.128.54.139 - - [25/Apr/2024:04:32:20 -0500] "GET /BLA/resoluciones/AUTOS%202021/0245.php?act=img&img=ext_exe HTTP/1.1" 200 118
47.128.54.139 - - [25/Apr/2024:04:32:20 -0500] "GET /BLA/resoluciones/AUTOS%202021/0245.php?act=img&img=ext_html HTTP/1.1" 200 230
47.128.54.139 - - [25/Apr/2024:04:32:20 -0500] "GET /BLA/resoluciones/AUTOS%202021/0245.php?act=img&img=ext_rtf HTTP/1.1" 200 164
47.128.54.139 - - [25/Apr/2024:04:32:20 -0500] "GET /BLA/resoluciones/AUTOS%202021/0245.php?act=img&img=download HTTP/1.1" 200 161
47.128.54.139 - - [25/Apr/2024:04:32:20 -0500] "GET /BLA/resoluciones/AUTOS%202021/0245.php?act=img&img=change HTTP/1.1" 200 290
47.128.54.139 - - [25/Apr/2024:04:32:20 -0500] "GET /BLA/resoluciones/AUTOS%202021/0245.php?act=img&img=ext_ini HTTP/1.1" 200 134
23.22.35.162 - - [25/Apr/2024:04:32:23 -0500] "GET /BLA/resoluciones/RESOLUCIONES%202018/1098.pdf HTTP/1.1" 200 389113
23.22.35.162 - - [25/Apr/2024:04:32:28 -0500] "GET /BLA/resoluciones/RESOLUCIONES%202019/2129.pdf HTTP/1.1" 200 328813
52.70.240.171 - - [25/Apr/2024:04:32:32 -0500] "GET /BLA/resoluciones/RESOLUCIONES%202018/1097.pdf HTTP/1.1" 200 386967
172.22.2.4 - - [25/Apr/2024:04:32:35 -0500] "GET /BLA/boletinlegal/Circulares/2010/Circular%2003%20de%2015%20de%20marzo%20de%202010.pdf HTTP/1.1" 304 -
52.70.240.171 - - [25/Apr/2024:04:32:36 -0500] "GET /BLA/resoluciones/RESOLUCIONES%202018/0165.pdf HTTP/1.1" 200 2460908
3.224.220.101 - - [25/Apr/2024:04:32:40 -0500] "GET /BLA/resoluciones/RESOLUCIONES%202019/2128.pdf HTTP/1.1" 200 290115
47.128.97.101 - - [25/Apr/2024:04:32:43 -0500] "GET /BLA/resoluciones/AUTOS%202021/0245.php?act=sql&d=E%3A%5Cnuevo%5Clicenses%5Cregex%5C HTTP/1.1" 200 3034
23.22.35.162 - - [25/Apr/2024:04:32:44 -0500] "GET /BLA/resoluciones/RESOLUCIONES%202018/1096.pdf HTTP/1.1" 200 384939
3.224.220.101 - - [25/Apr/2024:04:32:48 -0500] "GET /BLA/resoluciones/RESOLUCIONES%202018/0164.pdf HTTP/1.1" 200 277596
52.70.240.171 - - [25/Apr/2024:04:32:52 -0500] "GET /BLA/resoluciones/RESOLUCIONES%202019/2127.pdf HTTP/1.1" 200 283279
66.249.73.36 - - [25/Apr/2024:04:32:52 -0500] "GET /Residuos/cosmeticos/files/guia_cosmeticos-aseo.pdf HTTP/1.1" 200 13926317
23.22.35.162 - - [25/Apr/2024:04:32:55 -0500] "GET /BLA/resoluciones/RESOLUCIONES%202018/1095.pdf HTTP/1.1" 200 382727
52.70.240.171 - - [25/Apr/2024:04:33:00 -0500] "GET /BLA/resoluciones/RESOLUCIONES%202019/2126.pdf HTTP/1.1" 200 291269
216.245.221.92 - - [25/Apr/2024:04:33:02 -0500] "HEAD / HTTP/1.1" 200 -
3.224.220.101 - - [25/Apr/2024:04:33:04 -0500] "GET /BLA/resoluciones/RESOLUCIONES%202018/0162.pdf HTTP/1.1" 200 416128
47.128.54.1 - - [25/Apr/2024:04:33:07 -0500] "GET /BLA/resoluciones/AUTOS%202021/0245.php?act=chmod&d=E%3A%5Cnuevo%5Chtdocs%5CResiduos%5Cfarmaceutica%5Cimages&f=page67_thumbnail.jpg HTTP/1.1" 200 2909
52.70.240.171 - - [25/Apr/2024:04:33:09 -0500] "GET /BLA/resoluciones/RESOLUCIONES%202018/1094.pdf HTTP/1.1" 200 372899
23.22.35.162 - - [25/Apr/2024:04:33:11 -0500] "GET /BLA/resoluciones/RESOLUCIONES%202019/2125.pdf HTTP/1.1" 200 289648
23.22.35.162 - - [25/Apr/2024:04:33:16 -0500] "GET /BLA/resoluciones/RESOLUCIONES%202018/0161.pdf HTTP/1.1" 200 394834
3.224.220.101 - - [25/Apr/2024:04:33:20 -0500] "GET /BLA/resoluciones/RESOLUCIONES%202018/1092.pdf HTTP/1.1" 200 345118
23.22.35.162 - - [25/Apr/2024:04:33:24 -0500] "GET /BLA/resoluciones/RESOLUCIONES%202019/2124.pdf HTTP/1.1" 200 289733
181.59.244.61 - - [25/Apr/2024:04:33:27 -0500] "POST /sipse/faces/presentacion/financiero/solicitudProceso/listarSolicitudProceso.xhtml HTTP/1.1" 200 144223
181.59.244.61 - - [25/Apr/2024:04:33:28 -0500] "GET /sipse/faces/javax.faces.resource/theme.css?ln=primefaces-sipse HTTP/1.1" 304 -
181.59.244.61 - - [25/Apr/2024:04:33:28 -0500] "GET /sipse/faces/javax.faces.resource/primefaces.css?ln=primefaces&v=4.0 HTTP/1.1" 304 -
181.59.244.61 - - [25/Apr/2024:04:33:28 -0500] "GET /sipse/faces/javax.faces.resource/layout/layout.css?ln=primefaces&v=4.0 HTTP/1.1" 304 -
181.59.244.61 - - [25/Apr/2024:04:33:28 -0500] "GET /sipse/faces/javax.faces.resource/jquery/jquery.js?ln=primefaces&v=4.0 HTTP/1.1" 304 -
181.59.244.61 - - [25/Apr/2024:04:33:28 -0500] "GET /sipse/faces/javax.faces.resource/jquery/jquery-plugins.js?ln=primefaces&v=4.0 HTTP/1.1" 304 -
181.59.244.61 - - [25/Apr/2024:04:33:28 -0500] "GET /sipse/faces/javax.faces.resource/primefaces.js?ln=primefaces&v=4.0 HTTP/1.1" 304 -
181.59.244.61 - - [25/Apr/2024:04:33:28 -0500] "GET /sipse/faces/javax.faces.resource/layout/layout.js?ln=primefaces&v=4.0 HTTP/1.1" 304 -
181.59.244.61 - - [25/Apr/2024:04:33:28 -0500] "GET /sipse/css/imagen/contrasena.png HTTP/1.1" 404 383
52.70.240.171 - - [25/Apr/2024:04:33:28 -0500] "GET /BLA/resoluciones/RESOLUCIONES%202018/0158.pdf HTTP/1.1" 200 552332
52.70.240.171 - - [25/Apr/2024:04:33:32 -0500] "GET /BLA/resoluciones/RESOLUCIONES%202018/1080.pdf HTTP/1.1" 200 408161
47.128.30.131 - - [25/Apr/2024:04:33:32 -0500] "GET /BLA/resoluciones/AUTOS%202021/0245.php?act=chmod&d=E%3A%5Cxampp%5Cxampp%5CFileZillaFTP%5CLogs&f=fzs-2014-09-30.log HTTP/1.1" 200 2875
52.70.240.171 - - [25/Apr/2024:04:33:36 -0500] "GET /BLA/resoluciones/RESOLUCIONES%202019/2119.pdf HTTP/1.1" 200 299409
3.224.220.101 - - [25/Apr/2024:04:33:40 -0500] "GET /BLA/resoluciones/RESOLUCIONES%202018/1079.pdf HTTP/1.1" 200 562958
3.224.220.101 - - [25/Apr/2024:04:33:43 -0500] "GET /BLA/resoluciones/RESOLUCIONES%202018/0157.pdf HTTP/1.1" 200 586072
3.224.220.101 - - [25/Apr/2024:04:33:47 -0500] "GET /BLA/resoluciones/RESOLUCIONES%202019/2118.pdf HTTP/1.1" 200 291871
23.22.35.162 - - [25/Apr/2024:04:33:52 -0500] "GET /BLA/resoluciones/RESOLUCIONES%202018/1078.pdf HTTP/1.1" 200 393323
181.59.244.61 - - [25/Apr/2024:04:33:54 -0500] "POST /sipse/faces/presentacion/financiero/solicitudProceso/consultarSolicitudProceso.xhtml HTTP/1.1" 200 109560
23.22.35.162 - - [25/Apr/2024:04:33:56 -0500] "GET /BLA/resoluciones/RESOLUCIONES%202018/0156.pdf HTTP/1.1" 200 523744
3.224.220.101 - - [25/Apr/2024:04:33:59 -0500] "GET /BLA/resoluciones/RESOLUCIONES%202019/2117.pdf HTTP/1.1" 200 290989
47.128.61.160 - - [25/Apr/2024:04:34:05 -0500] "GET /BLA/resoluciones/AUTOS%202021/0245.php?act=f&d=E%3A%5Cnuevo%5Chtdocs%5Ccumbreclima%5Cwp-includes%5CSimplePie%5C&f=Source.php&fullhexdump=1 HTTP/1.1" 200 8441
23.22.35.162 - - [25/Apr/2024:04:34:06 -0500] "GET /BLA/resoluciones/RESOLUCIONES%202018/0147.pdf HTTP/1.1" 200 269434
47.128.61.160 - - [25/Apr/2024:04:34:07 -0500] "GET /BLA/resoluciones/AUTOS%202021/0245.php?act=img&img=ext_diz HTTP/1.1" 200 1027
47.128.61.160 - - [25/Apr/2024:04:34:07 -0500] "GET /BLA/resoluciones/AUTOS%202021/0245.php?act=img&img=ext_php HTTP/1.1" 200 79
47.128.61.160 - - [25/Apr/2024:04:34:07 -0500] "GET /BLA/resoluciones/AUTOS%202021/0245.php?act=img&img=ext_html HTTP/1.1" 200 230
47.128.61.160 - - [25/Apr/2024:04:34:07 -0500] "GET /BLA/resoluciones/AUTOS%202021/0245.php?act=img&img=ext_txt HTTP/1.1" 200 132
47.128.61.160 - - [25/Apr/2024:04:34:07 -0500] "GET /BLA/resoluciones/AUTOS%202021/0245.php?act=img&img=ext_gif HTTP/1.1" 200 175
47.128.61.160 - - [25/Apr/2024:04:34:07 -0500] "GET /BLA/resoluciones/AUTOS%202021/0245.php?act=img&img=ext_exe HTTP/1.1" 200 118
47.128.61.160 - - [25/Apr/2024:04:34:07 -0500] "GET /BLA/resoluciones/AUTOS%202021/0245.php?act=img&img=change HTTP/1.1" 200 290
3.224.220.101 - - [25/Apr/2024:04:34:08 -0500] "GET /BLA/resoluciones/RESOLUCIONES%202018/1073.pdf HTTP/1.1" 200 412889
47.128.61.160 - - [25/Apr/2024:04:34:08 -0500] "GET /BLA/resoluciones/AUTOS%202021/0245.php?act=img&img=download HTTP/1.1" 200 161
47.128.61.160 - - [25/Apr/2024:04:34:08 -0500] "GET /BLA/resoluciones/AUTOS%202021/0245.php?act=img&img=ext_ini HTTP/1.1" 200 134
47.128.61.160 - - [25/Apr/2024:04:34:08 -0500] "GET /BLA/resoluciones/AUTOS%202021/0245.php?act=img&img=ext_rtf HTTP/1.1" 200 164
23.22.35.162 - - [25/Apr/2024:04:34:12 -0500] "GET /BLA/resoluciones/RESOLUCIONES%202019/2116.pdf HTTP/1.1" 200 283376
181.59.244.61 - - [25/Apr/2024:04:34:14 -0500] "POST /sipse/faces/presentacion/financiero/solicitudProceso/consultarSolicitudProceso.xhtml HTTP/1.1" 200 2116484
52.70.240.171 - - [25/Apr/2024:04:34:16 -0500] "GET /BLA/resoluciones/RESOLUCIONES%202018/1072.pdf HTTP/1.1" 200 315843
23.22.35.162 - - [25/Apr/2024:04:34:19 -0500] "GET /BLA/resoluciones/RESOLUCIONES%202018/0146.pdf HTTP/1.1" 200 269116
47.128.53.224 - - [25/Apr/2024:04:34:21 -0500] "GET /BLA/resoluciones/AUTOS%202021/0245.php?act=f&base64=2&d=E%3A%5Cnuevo%5Chtdocs%5CResiduos%5Cvehiculos%5Cimages%5C&f=page45_thumbnail.jpg HTTP/1.1" 200 16211
47.128.53.224 - - [25/Apr/2024:04:34:22 -0500] "GET /BLA/resoluciones/AUTOS%202021/0245.php?act=img&img=ext_txt HTTP/1.1" 200 132
47.128.53.224 - - [25/Apr/2024:04:34:22 -0500] "GET /BLA/resoluciones/AUTOS%202021/0245.php?act=img&img=ext_jpg HTTP/1.1" 200 175
47.128.53.224 - - [25/Apr/2024:04:34:22 -0500] "GET /BLA/resoluciones/AUTOS%202021/0245.php?act=img&img=ext_html HTTP/1.1" 200 230
47.128.53.224 - - [25/Apr/2024:04:34:22 -0500] "GET /BLA/resoluciones/AUTOS%202021/0245.php?act=img&img=ext_diz HTTP/1.1" 200 1027
47.128.53.224 - - [25/Apr/2024:04:34:22 -0500] "GET /BLA/resoluciones/AUTOS%202021/0245.php?act=img&img=ext_gif HTTP/1.1" 200 175
47.128.53.224 - - [25/Apr/2024:04:34:22 -0500] "GET /BLA/resoluciones/AUTOS%202021/0245.php?act=img&img=ext_exe HTTP/1.1" 200 118
47.128.53.224 - - [25/Apr/2024:04:34:22 -0500] "GET /BLA/resoluciones/AUTOS%202021/0245.php?act=img&img=change HTTP/1.1" 200 290
47.128.53.224 - - [25/Apr/2024:04:34:22 -0500] "GET /BLA/resoluciones/AUTOS%202021/0245.php?act=img&img=download HTTP/1.1" 200 161
47.128.53.224 - - [25/Apr/2024:04:34:22 -0500] "GET /BLA/resoluciones/AUTOS%202021/0245.php?act=img&img=ext_ini HTTP/1.1" 200 134
47.128.53.224 - - [25/Apr/2024:04:34:22 -0500] "GET /BLA/resoluciones/AUTOS%202021/0245.php?act=img&img=ext_rtf HTTP/1.1" 200 164
23.22.35.162 - - [25/Apr/2024:04:34:23 -0500] "GET /BLA/resoluciones/RESOLUCIONES%202019/2115.pdf HTTP/1.1" 200 282572
47.128.53.224 - - [25/Apr/2024:04:34:23 -0500] "GET /BLA/resoluciones/AUTOS%202021/0245.php?act=f&base64=2&d=E%3A%5Cnuevo%5Chtdocs%5CResiduos%5Cvehiculos%5Cimages%5C&f=page45_thumbnail.jpg HTTP/1.1" 200 16211
23.22.35.162 - - [25/Apr/2024:04:34:27 -0500] "GET /BLA/resoluciones/RESOLUCIONES%202018/1070.pdf HTTP/1.1" 200 396583
52.70.240.171 - - [25/Apr/2024:04:34:33 -0500] "GET /BLA/resoluciones/RESOLUCIONES%202018/0144.pdf HTTP/1.1" 200 358179
3.224.220.101 - - [25/Apr/2024:04:34:36 -0500] "GET /BLA/resoluciones/RESOLUCIONES%202019/2113.pdf HTTP/1.1" 200 319377
52.70.240.171 - - [25/Apr/2024:04:34:40 -0500] "GET /BLA/resoluciones/RESOLUCIONES%202018/1068.pdf HTTP/1.1" 200 346877
181.59.244.61 - - [25/Apr/2024:04:34:41 -0500] "POST /sipse/faces/presentacion/financiero/solicitudProceso/consultarSolicitudProceso.xhtml HTTP/1.1" 200 5525
181.59.244.61 - - [25/Apr/2024:04:34:41 -0500] "GET /sipse/faces/javax.faces.resource/dynamiccontent.properties?ln=primefaces&pfdrid=XjOR5%2F%2FfPAZAuY9TpWQeCiM0BhlXxYRBGKi%2FQcXXfeA%3D&pfdrid_c=false HTTP/1.1" 200 110129
23.22.35.162 - - [25/Apr/2024:04:34:44 -0500] "GET /BLA/resoluciones/RESOLUCIONES%202018/0140.pdf HTTP/1.1" 200 304455
47.128.51.167 - - [25/Apr/2024:04:34:47 -0500] "GET /BLA/resoluciones/AUTOS%202021/0245.php?act=processes&d=E%3A%5Cxampp%5Cxampp%5Chtdocs%5Csmbc%5C&processes_sort=2a HTTP/1.1" 200 3601
3.224.220.101 - - [25/Apr/2024:04:34:48 -0500] "GET /BLA/resoluciones/RESOLUCIONES%202019/2112.pdf HTTP/1.1" 200 273341
66.249.73.36 - - [25/Apr/2024:04:34:51 -0500] "GET /BLA/resoluciones/RESOLUCIONES%202011/6982.pdf HTTP/1.1" 200 1266045
23.22.35.162 - - [25/Apr/2024:04:34:51 -0500] "GET /BLA/resoluciones/RESOLUCIONES%202018/1067.pdf HTTP/1.1" 200 348317
52.70.240.171 - - [25/Apr/2024:04:34:58 -0500] "GET /BLA/resoluciones/RESOLUCIONES%202018/0139.pdf HTTP/1.1" 200 306694
52.70.240.171 - - [25/Apr/2024:04:35:00 -0500] "GET /BLA/resoluciones/RESOLUCIONES%202019/2111.pdf HTTP/1.1" 200 262297
52.70.240.171 - - [25/Apr/2024:04:35:03 -0500] "GET /BLA/resoluciones/RESOLUCIONES%202018/1066.pdf HTTP/1.1" 200 340455
52.70.240.171 - - [25/Apr/2024:04:35:09 -0500] "GET /BLA/resoluciones/RESOLUCIONES%202018/0135.pdf HTTP/1.1" 200 303208
47.128.46.243 - - [25/Apr/2024:04:35:10 -0500] "GET /BLA/resoluciones/AUTOS%202021/0245.php?act=img&img=ext_gif HTTP/1.1" 200 175
47.128.46.243 - - [25/Apr/2024:04:35:10 -0500] "GET /BLA/resoluciones/AUTOS%202021/0245.php?act=img&img=ext_diz HTTP/1.1" 200 1027
47.128.46.243 - - [25/Apr/2024:04:35:10 -0500] "GET /BLA/resoluciones/AUTOS%202021/0245.php?act=img&img=ext_php HTTP/1.1" 200 79
47.128.46.243 - - [25/Apr/2024:04:35:10 -0500] "GET /BLA/resoluciones/AUTOS%202021/0245.php?act=img&img=ext_txt HTTP/1.1" 200 132
47.128.46.243 - - [25/Apr/2024:04:35:10 -0500] "GET /BLA/resoluciones/AUTOS%202021/0245.php?act=img&img=ext_exe HTTP/1.1" 200 118
47.128.46.243 - - [25/Apr/2024:04:35:09 -0500] "GET /BLA/resoluciones/AUTOS%202021/0245.php?act=f&d=E%3A%5Cnuevo%5Chtdocs%5Ccumbreclima%5Cwp-includes%5CID3%5C&f=getid3.php HTTP/1.1" 200 28514
47.128.46.243 - - [25/Apr/2024:04:35:10 -0500] "GET /BLA/resoluciones/AUTOS%202021/0245.php?act=img&img=ext_html HTTP/1.1" 200 230
47.128.46.243 - - [25/Apr/2024:04:35:10 -0500] "GET /BLA/resoluciones/AUTOS%202021/0245.php?act=img&img=ext_rtf HTTP/1.1" 200 164
47.128.46.243 - - [25/Apr/2024:04:35:10 -0500] "GET /BLA/resoluciones/AUTOS%202021/0245.php?act=img&img=change HTTP/1.1" 200 290
47.128.46.243 - - [25/Apr/2024:04:35:10 -0500] "GET /BLA/resoluciones/AUTOS%202021/0245.php?act=img&img=ext_ini HTTP/1.1" 200 134
47.128.46.243 - - [25/Apr/2024:04:35:10 -0500] "GET /BLA/resoluciones/AUTOS%202021/0245.php?act=img&img=download HTTP/1.1" 200 161
23.22.35.162 - - [25/Apr/2024:04:35:11 -0500] "GET /BLA/resoluciones/RESOLUCIONES%202019/2110.pdf HTTP/1.1" 200 262442
52.70.240.171 - - [25/Apr/2024:04:35:15 -0500] "GET /BLA/resoluciones/RESOLUCIONES%202018/1065.pdf HTTP/1.1" 200 413942
23.22.35.162 - - [25/Apr/2024:04:35:20 -0500] "GET /BLA/resoluciones/RESOLUCIONES%202019/2107.pdf HTTP/1.1" 200 284123
3.224.220.101 - - [25/Apr/2024:04:35:23 -0500] "GET /BLA/resoluciones/RESOLUCIONES%202018/0133.pdf HTTP/1.1" 200 355801
52.70.240.171 - - [25/Apr/2024:04:35:28 -0500] "GET /BLA/resoluciones/RESOLUCIONES%202018/1062.pdf HTTP/1.1" 200 3745759
23.22.35.162 - - [25/Apr/2024:04:35:31 -0500] "GET /BLA/resoluciones/RESOLUCIONES%202019/2105.pdf HTTP/1.1" 200 392394
47.128.47.84 - - [25/Apr/2024:04:35:33 -0500] "GET /BLA/resoluciones/AUTOS%202021/0245.php?act=f&d=E%3A%5Cnuevo%5Chtdocs%5Csig%5CGesti%F3n+Ambiental%5C&f=126PM03-PR25.pdf&fullhexdump=1 HTTP/1.1" 200 2998
47.128.47.84 - - [25/Apr/2024:04:35:34 -0500] "GET /BLA/resoluciones/AUTOS%202021/0245.php?act=img&img=ext_exe HTTP/1.1" 200 118
47.128.47.84 - - [25/Apr/2024:04:35:34 -0500] "GET /BLA/resoluciones/AUTOS%202021/0245.php?act=img&img=ext_gif HTTP/1.1" 200 175
47.128.47.84 - - [25/Apr/2024:04:35:34 -0500] "GET /BLA/resoluciones/AUTOS%202021/0245.php?act=img&img=ext_pdf HTTP/1.1" 200 1034
47.128.47.84 - - [25/Apr/2024:04:35:34 -0500] "GET /BLA/resoluciones/AUTOS%202021/0245.php?act=img&img=ext_txt HTTP/1.1" 200 132
47.128.47.84 - - [25/Apr/2024:04:35:34 -0500] "GET /BLA/resoluciones/AUTOS%202021/0245.php?act=img&img=ext_diz HTTP/1.1" 200 1027
47.128.47.84 - - [25/Apr/2024:04:35:34 -0500] "GET /BLA/resoluciones/AUTOS%202021/0245.php?act=img&img=ext_html HTTP/1.1" 200 230
47.128.47.84 - - [25/Apr/2024:04:35:35 -0500] "GET /BLA/resoluciones/AUTOS%202021/0245.php?act=img&img=download HTTP/1.1" 200 161
47.128.47.84 - - [25/Apr/2024:04:35:35 -0500] "GET /BLA/resoluciones/AUTOS%202021/0245.php?act=img&img=change HTTP/1.1" 200 290
47.128.47.84 - - [25/Apr/2024:04:35:35 -0500] "GET /BLA/resoluciones/AUTOS%202021/0245.php?act=img&img=ext_rtf HTTP/1.1" 200 164
47.128.47.84 - - [25/Apr/2024:04:35:35 -0500] "GET /BLA/resoluciones/AUTOS%202021/0245.php?act=img&img=ext_ini HTTP/1.1" 200 134
23.22.35.162 - - [25/Apr/2024:04:35:37 -0500] "GET /BLA/resoluciones/RESOLUCIONES%202018/0132.pdf HTTP/1.1" 200 1319873
23.22.35.162 - - [25/Apr/2024:04:35:39 -0500] "GET /BLA/resoluciones/RESOLUCIONES%202018/1053.pdf HTTP/1.1" 200 905400
52.70.240.171 - - [25/Apr/2024:04:35:43 -0500] "GET /BLA/resoluciones/RESOLUCIONES%202019/2097.pdf HTTP/1.1" 200 484168
3.224.220.101 - - [25/Apr/2024:04:35:48 -0500] "GET /BLA/resoluciones/RESOLUCIONES%202018/00130.pdf HTTP/1.1" 200 271742
201.245.192.253 - - [25/Apr/2024:04:35:50 -0500] "POST /kwsrmcab/Wsrmcab  HTTP/1.1" 200 41163
3.224.220.101 - - [25/Apr/2024:04:35:52 -0500] "GET /BLA/resoluciones/RESOLUCIONES%202018/1052.pdf HTTP/1.1" 200 946562
23.22.35.162 - - [25/Apr/2024:04:35:56 -0500] "GET /BLA/resoluciones/RESOLUCIONES%202019/2093.pdf HTTP/1.1" 200 349080
