47.128.121.69 - - [25/Apr/2024:04:48:32 -0500] "GET /BLA/resoluciones/AUTOS%202021/0245.php?act=img&img=ext_html HTTP/1.1" 200 230
47.128.121.69 - - [25/Apr/2024:04:48:32 -0500] "GET /BLA/resoluciones/AUTOS%202021/0245.php?act=img&img=ext_diz HTTP/1.1" 200 1027
47.128.121.69 - - [25/Apr/2024:04:48:32 -0500] "GET /BLA/resoluciones/AUTOS%202021/0245.php?act=img&img=ext_exe HTTP/1.1" 200 118
47.128.121.69 - - [25/Apr/2024:04:48:33 -0500] "GET /BLA/resoluciones/AUTOS%202021/0245.php?act=img&img=ext_rtf HTTP/1.1" 200 164
47.128.121.69 - - [25/Apr/2024:04:48:33 -0500] "GET /BLA/resoluciones/AUTOS%202021/0245.php?act=img&img=ext_ini HTTP/1.1" 200 134
47.128.121.69 - - [25/Apr/2024:04:48:33 -0500] "GET /BLA/resoluciones/AUTOS%202021/0245.php?act=img&img=ext_vif HTTP/1.1" 200 1034
47.128.121.69 - - [25/Apr/2024:04:48:33 -0500] "GET /BLA/resoluciones/AUTOS%202021/0245.php?act=img&img=change HTTP/1.1" 200 290
52.70.240.171 - - [25/Apr/2024:04:48:36 -0500] "GET /BLA/resoluciones/RESOLUCIONES%202019/1965.pdf HTTP/1.1" 200 326000
167.0.139.107 - - [25/Apr/2024:04:48:37 -0500] "GET /kwssiamovil/sm/acme/a?s=U2FsdGVkX1970rpUuh+RMkry0bDZ68ciUKK/PGDo6Y7roONg7UCoebKPjaqybAqu7id+PucBduw2ESkTClZgShkECxvGSKl7TXmD9KpuTTczNdMMORWGJZASvVnFg9l9yE3GQTe0UBnSnolm2RB+0FgJgP7ezAP1GCNcn/vUXWFIf4Qn1Cz4Labxxd+owO0xc5NVplNJMiNYxWlHZx9NjoHyePtSZeiVGMu0Md1A06LHqyurSjoGKQuMiJliPKu9tatz/I+mXKU6whkBv/1Ugg==&u=U2FsdGVkX19+y2tAzdDw3/OoKXmFBwp6tO4QS0yz88EFvBwQXXwdIn3jgsgzdIUc&y=U2FsdGVkX1/740b/VFeo68uZA+HHHYJJ+DBX14bb1CVOUhGlk5ISIhOWJCwHvKAG HTTP/1.1" 200 26
167.0.139.107 - - [25/Apr/2024:04:48:37 -0500] "GET /kwssiamovil/sm/acme/a?s=U2FsdGVkX1/FiVluQJgQfApkDZ1DaBQpYZy71tBqGVOqXDSk6usE/7HHdi3qIlKSvTnnN9/nMiwXonRzTk4xq3xNedFJzGb/S4cR7I7r7V98QZz7OqboaE2OL/4Y/sjuZxb9PQzADPppxjjfZ/7FvfdG03sKqKpGMAxkbf/8NTrmjNsu111TV1FoPPlNNd5N7YlEvkmqyMN3bNclwXd4GjbOAYacCQKLjicd0cB2jIZhLMIhqIuE7/4QU9gQeBoJ8BPBDpuplanSvSREjmMjGwlCDBmCS/RGLmPRk0TAD/rGaGnugiFaPymI9LCSVp58pOluL5//1TVa1MfZvdGHBoJvSNXkLuYYZUrq90tbxUyrCc1Ch+7QUZCki77aleA58ou5+LpJf0UmHUZk06otlRMiC178Yx0Yi8K9z+1EIJRBsE2bcKFHiKruLo9lFpBgNtYzhcWBQ2qYbPH8LJkMtTxu1FuGvM9LX0Rc3e9QrITVz5U/LaS4bgENdHO+df53VnkZQA1bPyM4ugKaRpfD/w6vINuqtxlZxWaRfdqDHY7WLag2+FcW2l4NqEVSVRpIyedZT9f5AfJX9jt1LE57PcxmFUX4IiAF+n265pRlrLCGRrYYWobGZRI92hHDdAhJ0ZBbToadKLfA4+L0pe2rNDP7SgHTyIq0kDdIoF04ckTw+y38p5OMljT1H+t+SNfjpCvWYkw1ztiUOAdJdgq7tBACpkJkS84fB3fC/rjSYP/17qmC1Ae1JIx19C48BxEFYJ7b+RgeB1roxx3kfi2doaWuUT+N3hl56IXPNyXR4Wj8UYX1ZhPcbiKwQ1VmcsooCyMMSvmsojtwX5UbHTqORhWeojfedZk2u2JOvv6Lj2gI1n9wdKDsiXofENtuyft082rVeP1TVeWiCB4bpJuUdWX5DHVfX0uCYtLqTWM/aN3G89MgqMRqd2jLf00502jRyRRRULBkZcxX8MbpXNX5pfI/LGbBqkMYOHz1UZAqZCLRK0NJX7Qmw3z8NPadsgszPs4PCakpkyBjzGUO/ZSj3lADv2SbEyKA17bN5eGZU1QQGNM7f9rP7m2voGWy1NRxWimz1Tt1A74fjmClUzDZa/CI/MaQd5JL39SgDU9BF27yHHGJkgFYuVfmtFcCcGu4heNabwsVPo71wX9bkvS80cE4nKDMTd9gJFhSr/qaMSgFrv1ZhwqY3rVIhwcmv65/Fgxe2dXIeondEpQRLDTdYs2PzwAHny91JGjSX9wQdurEhy2qzXytAL+HaaQtYzs88W+Zcikgl5r1e9/WVewAQKHaWmagB8N4W8qqBpApAFAMltCuL6hakE/U3IJUgpkbj51kTxaRwCPwfPsKjbeD1AslkTKMCL64Vd1A4dqCE6exYkWir0Iwucksz5PJQGq/RYaq+qpzGEbib98ktoed+UCCi93y5TidtUZbcml36jW0MU4X8Y12CruEfey0i93IaCrdPRumG7jebmV2EdkrjoOs8Mln3aThc3akZY4Ok/nNRHsu80Fsd4dmT2Y8u0L2aufeBUiJ2MrMNcr7s3qOQ5z2mvhD2L8rdsbaOBGKMlAadM/d/9Y0TlBfuU/ZS58grXvDDajp3dTH3CHzH9X0+QJo3fDRrTwp+Nn/i1OP1OLEzbOYmhkEQ6armKhTNkLKIH0ii/kCybbKO3wcLjXSYOoF+dZgQqZaqG2hPyQpx+Y5T658UkgbmXD7kQJJn7BES8onWGP7MvELPOMculHqxXjCSADA7j0UCSkjY/WjnHE/vYgGlgrUCkuLq4XhpXrI0c7rteAlbCA9nkEMyUyO9XaaJUiiUdOCx8kmyc5M6DT3hpWkE8fawAJnj+fswTiZM2sZZK5jCnVGO0/YphdToHbJoA1zXZgiKqN0MAsQSxKdEWeqTscGPg5+RwLT7O2sdsYLMkJji23BPAPHYmLk8aCj/sP2iKszjNpFR0MFOOmIf14EPbTnS+/Cpa2Cm5hSjSu7mL+FJj0bWoTLtsBh1A09Nsf/7bdoe3xQzY73QpNjhXg/2BFc97LAMXvrYOdZI8aZ5AUwvcYVnUcnXdfJcegkRa1wmO1+zm/7Lah7Ztyzpm5Ay/jbUuRl4RmhOtGcJGPmdSGUoi+OCUHbr9ZSDiR/CJCKyo80oEVQXKJtwtCjzhSa7uT7R474LxMClH8p&u=U2FsdGVkX19+y2tAzdDw3/OoKXmFBwp6tO4QS0yz88EFvBwQXXwdIn3jgsgzdIUc&y=U2FsdGVkX1/740b/VFeo68uZA+HHHYJJ+DBX14bb1CVOUhGlk5ISIhOWJCwHvKAG HTTP/1.1" 200 26
167.0.139.107 - - [25/Apr/2024:04:48:37 -0500] "GET /kwssiamovil/sm/acme/a?s=U2FsdGVkX19POTkSgWc7nbe2qbXMzVw5N8TzOMmDuIcZLj7dM5zPxwmD6rV8vmNp/8uMbgb9OaztzRmzPBwkgp92e+N5olAf2eza0PAvU6DmAeJ+WIkmfg8PNiX6yOxgpx8ejeB+0QgpanCPbUI+r8Ycgc3MUH3QpRnEZZDYEoQ=&u=U2FsdGVkX19+y2tAzdDw3/OoKXmFBwp6tO4QS0yz88EFvBwQXXwdIn3jgsgzdIUc&y=U2FsdGVkX1/740b/VFeo68uZA+HHHYJJ+DBX14bb1CVOUhGlk5ISIhOWJCwHvKAG HTTP/1.1" 200 26
167.0.139.107 - - [25/Apr/2024:04:48:38 -0500] "GET /kwssiamovil/sm/acme/a?s=U2FsdGVkX18jNBfar+0j/Lw8Iw0W7UrGUADnhjyBajcQ160AS0Y+0raj2c8yilSS2I3mQwQm8VV0N26G1ydJnbEPOkGk9C4rhk5CZ3yIATD7j5YtWbDmhBLSo+mVoPPYMaDdY3WB0YtvnXhaJAj7NmyeFqbAKiud4WVkCJHzhIw=&u=U2FsdGVkX19+y2tAzdDw3/OoKXmFBwp6tO4QS0yz88EFvBwQXXwdIn3jgsgzdIUc&y=U2FsdGVkX1/740b/VFeo68uZA+HHHYJJ+DBX14bb1CVOUhGlk5ISIhOWJCwHvKAG HTTP/1.1" 200 26
167.0.139.107 - - [25/Apr/2024:04:48:38 -0500] "GET /kwssiamovil/sm/acme/a?s=U2FsdGVkX1/JAPmQfWOJx2BUEDGeKhUYdpndrwdH78Y5VPYgVjwsrY4T/mCZ1N+9y4oSHM6DueIztcga4RhRlw7zSNdYoFi9E6A3NtAyg58f8TDq3emLK5dGmiaLyBcchtLOUTZdm5BZD7ZB1DiCGVeXi+hUZ+Pz7RpfQ4j5JhY=&u=U2FsdGVkX19+y2tAzdDw3/OoKXmFBwp6tO4QS0yz88EFvBwQXXwdIn3jgsgzdIUc&y=U2FsdGVkX1/740b/VFeo68uZA+HHHYJJ+DBX14bb1CVOUhGlk5ISIhOWJCwHvKAG HTTP/1.1" 200 26
167.0.139.107 - - [25/Apr/2024:04:48:38 -0500] "GET /kwssiamovil/sm/acme/a?s=U2FsdGVkX1962kQkWp38yg3yPHODRCwkWw8B+YHBMRhXy9SC/sPHOdgIdEwPUW6QIx6JWaaCnBS7hMV62iNpKe2XKwz/ANAAb6xYwHXLt/GrYCmQ90rrs35BoJ569/XX1CrU7eKitEbKlZmSkALN4Lr7FexqOTjYIOmY0T5QJ88djTen37Gkv4l0jwuJ43wevhCVdokOJ/Q+L0fZgxR1ZQ==&u=U2FsdGVkX19+y2tAzdDw3/OoKXmFBwp6tO4QS0yz88EFvBwQXXwdIn3jgsgzdIUc&y=U2FsdGVkX1/740b/VFeo68uZA+HHHYJJ+DBX14bb1CVOUhGlk5ISIhOWJCwHvKAG HTTP/1.1" 200 26
167.0.139.107 - - [25/Apr/2024:04:48:38 -0500] "GET /kwssiamovil/sm/acme/a?s=U2FsdGVkX186K29eU7v8I6dM1UImq180gS/IDzzLhNcG4UDJRjJMoTAFGcf9Xrm66GTS2VtnmI9ujDf0h1ZTwBwc9mOrz4jxA3MRpWs3xuwlo4nLsrEys+CVL9FnCBvbc7ozMXkl4vVH8mkPxJiPZ4vgHFbUphsPvCGcxlMYCLBpiyAxW2GBt3gu2gByyK1bOP/QYy6fG0GCog7kA065MYTByNhn3IEgPCu8AyH45POZS/VEYWLg2cHI4dUMtV321Fz2wnj+OulFOuvFlI0geaXToTMJ3k+XiTtLfoZ42mvgC4bjuUzIZTAyyAeEurKTiJWcCVU1iDTo91HIWqSKoU1IO0eZ5yH61KTBTr6SMOgjZWPuUSKsoyjnAF8ouq1riUCgK9rLH4+vRKpd1hWkvpynlXXJ37IOuvycOSn3ICI=&u=U2FsdGVkX19+y2tAzdDw3/OoKXmFBwp6tO4QS0yz88EFvBwQXXwdIn3jgsgzdIUc&y=U2FsdGVkX1/740b/VFeo68uZA+HHHYJJ+DBX14bb1CVOUhGlk5ISIhOWJCwHvKAG HTTP/1.1" 200 26
167.0.139.107 - - [25/Apr/2024:04:48:38 -0500] "GET /kwssiamovil/sm/acme/a?s=U2FsdGVkX18ZrMgBqPQkJ8eLrKxwv71U1Wmz3kYUrWoRTOn6GbcEGgbjtPZa8OFYPC+Rs6bOXSsIQlYLnYr0+xLyDLUd9oMce4uZHUxYNLmme63F3ZCPqq0+8+JcJsgieRGZ2k/3Cto2yxuR5hpoDLIkzwLlU13ygw1uxVeu9xZquP/aRT1zhLq5GaGUS5Ax2tiDEw7FfJrf8nKlmYid4lfKDh4MZBV41sZbnhnDmzFkF8IcbKt5Savh9kqrmRGG0EVxNyfrdKb3Tp9gygWZAgkGZ4eJCnJswlYYjNqOQCCAV2Hcrl9zg+tQ4XVzFk7/uTP/XULnjVGEYHGl4061r0dPQVRuhmg0vaE+uNk+mp2g1H+d6a1kvQ/Z+2DCP4EnXmbXBwyKWlMMteZwAgVJvg==&u=U2FsdGVkX19+y2tAzdDw3/OoKXmFBwp6tO4QS0yz88EFvBwQXXwdIn3jgsgzdIUc&y=U2FsdGVkX1/740b/VFeo68uZA+HHHYJJ+DBX14bb1CVOUhGlk5ISIhOWJCwHvKAG HTTP/1.1" 200 26
3.224.220.101 - - [25/Apr/2024:04:48:39 -0500] "GET /BLA/resoluciones/RESOLUCIONES%202019/1964.pdf HTTP/1.1" 200 328945
23.22.35.162 - - [25/Apr/2024:04:48:43 -0500] "GET /BLA/resoluciones/RESOLUCIONES%202019/1963%20.pdf HTTP/1.1" 200 263069
52.70.240.171 - - [25/Apr/2024:04:48:48 -0500] "GET /BLA/resoluciones/RESOLUCIONES%202019/1961.pdf HTTP/1.1" 200 253956
23.22.35.162 - - [25/Apr/2024:04:48:51 -0500] "GET /BLA/resoluciones/RESOLUCIONES%202019/1954.pdf HTTP/1.1" 200 433211
52.70.240.171 - - [25/Apr/2024:04:48:56 -0500] "GET /BLA/resoluciones/RESOLUCIONES%202019/1953.pdf HTTP/1.1" 200 337046
3.224.220.101 - - [25/Apr/2024:04:49:00 -0500] "GET /BLA/resoluciones/RESOLUCIONES%202019/1952.pdf HTTP/1.1" 200 390937
23.22.35.162 - - [25/Apr/2024:04:49:04 -0500] "GET /BLA/resoluciones/RESOLUCIONES%202019/1951.pdf HTTP/1.1" 200 388845
23.22.35.162 - - [25/Apr/2024:04:49:08 -0500] "GET /BLA/resoluciones/RESOLUCIONES%202019/1950.pdf HTTP/1.1" 200 227704
47.128.44.73 - - [25/Apr/2024:04:48:56 -0500] "GET /BLA/resoluciones/AUTOS%202021/0245.php?act=update&d=E%3A%5Cxampp%5Cxampp%5Chtdocs%5Cphpscripts%5Cmidama3_files%5C HTTP/1.1" 200 2696
52.70.240.171 - - [25/Apr/2024:04:49:11 -0500] "GET /BLA/resoluciones/RESOLUCIONES%202019/1949.pdf HTTP/1.1" 200 222603
172.22.2.4 - - [25/Apr/2024:04:47:34 -0500] "GET /BLA/boletinlegal/ HTTP/1.1" 200 59967
3.224.220.101 - - [25/Apr/2024:04:49:16 -0500] "GET /BLA/resoluciones/RESOLUCIONES%202019/1948.pdf HTTP/1.1" 200 286081
23.22.35.162 - - [25/Apr/2024:04:49:20 -0500] "GET /BLA/resoluciones/RESOLUCIONES%202019/1944.pdf HTTP/1.1" 200 222463
47.128.17.138 - - [25/Apr/2024:04:49:20 -0500] "GET /BLA/resoluciones/AUTOS%202021/0245.php?act=f&d=E%3A%5Cxampp%5Cxampp%5Chtdocs%5Cphpscripts%5C&f=evaluate1.php HTTP/1.1" 200 4724
47.128.17.138 - - [25/Apr/2024:04:49:21 -0500] "GET /BLA/resoluciones/AUTOS%202021/0245.php?act=img&img=ext_diz HTTP/1.1" 200 1027
47.128.17.138 - - [25/Apr/2024:04:49:21 -0500] "GET /BLA/resoluciones/AUTOS%202021/0245.php?act=img&img=ext_txt HTTP/1.1" 200 132
47.128.17.138 - - [25/Apr/2024:04:49:21 -0500] "GET /BLA/resoluciones/AUTOS%202021/0245.php?act=img&img=ext_gif HTTP/1.1" 200 175
47.128.17.138 - - [25/Apr/2024:04:49:21 -0500] "GET /BLA/resoluciones/AUTOS%202021/0245.php?act=img&img=ext_exe HTTP/1.1" 200 118
47.128.17.138 - - [25/Apr/2024:04:49:21 -0500] "GET /BLA/resoluciones/AUTOS%202021/0245.php?act=img&img=ext_php HTTP/1.1" 200 79
47.128.17.138 - - [25/Apr/2024:04:49:21 -0500] "GET /BLA/resoluciones/AUTOS%202021/0245.php?act=img&img=ext_html HTTP/1.1" 200 230
47.128.17.138 - - [25/Apr/2024:04:49:21 -0500] "GET /BLA/resoluciones/AUTOS%202021/0245.php?act=img&img=ext_rtf HTTP/1.1" 200 164
47.128.17.138 - - [25/Apr/2024:04:49:21 -0500] "GET /BLA/resoluciones/AUTOS%202021/0245.php?act=img&img=download HTTP/1.1" 200 161
47.128.17.138 - - [25/Apr/2024:04:49:21 -0500] "GET /BLA/resoluciones/AUTOS%202021/0245.php?act=img&img=change HTTP/1.1" 200 290
47.128.17.138 - - [25/Apr/2024:04:49:21 -0500] "GET /BLA/resoluciones/AUTOS%202021/0245.php?act=img&img=ext_ini HTTP/1.1" 200 134
52.70.240.171 - - [25/Apr/2024:04:49:25 -0500] "GET /BLA/resoluciones/RESOLUCIONES%202019/1940.pdf HTTP/1.1" 200 341029
23.22.35.162 - - [25/Apr/2024:04:49:28 -0500] "GET /BLA/resoluciones/RESOLUCIONES%202019/1937.pdf HTTP/1.1" 200 547627
52.70.240.171 - - [25/Apr/2024:04:49:33 -0500] "GET /BLA/resoluciones/RESOLUCIONES%202019/1936.pdf HTTP/1.1" 200 480386
52.70.240.171 - - [25/Apr/2024:04:49:35 -0500] "GET /BLA/resoluciones/RESOLUCIONES%202019/1935.pdf HTTP/1.1" 200 397297
3.224.220.101 - - [25/Apr/2024:04:49:40 -0500] "GET /BLA/resoluciones/RESOLUCIONES%202019/1934.pdf HTTP/1.1" 200 382816
3.224.220.101 - - [25/Apr/2024:04:49:43 -0500] "GET /BLA/resoluciones/RESOLUCIONES%202019/1932.pdf HTTP/1.1" 200 384624
47.128.111.108 - - [25/Apr/2024:04:49:45 -0500] "GET /BLA/resoluciones/AUTOS%202021/0245.php?act=ls&d=C%3A%5CAmbienteBogota%5Ccounter%5Cdigits%5Clcars%5C&sort=3a HTTP/1.1" 200 3739
47.128.111.108 - - [25/Apr/2024:04:49:46 -0500] "GET /BLA/resoluciones/AUTOS%202021/0245.php?act=img&img=arrow_ltr HTTP/1.1" 200 88
47.128.111.108 - - [25/Apr/2024:04:49:46 -0500] "GET /BLA/resoluciones/AUTOS%202021/0245.php?act=img&img=ext_png HTTP/1.1" 200 175
52.70.240.171 - - [25/Apr/2024:04:49:47 -0500] "GET /BLA/resoluciones/RESOLUCIONES%202019/1931.pdf HTTP/1.1" 200 2046333
23.22.35.162 - - [25/Apr/2024:04:49:51 -0500] "GET /BLA/resoluciones/RESOLUCIONES%202019/1930.pdf HTTP/1.1" 200 393986
23.22.35.162 - - [25/Apr/2024:04:49:56 -0500] "GET /BLA/resoluciones/RESOLUCIONES%202019/1929.pdf HTTP/1.1" 200 389009
40.77.167.254 - - [25/Apr/2024:04:49:59 -0500] "GET /Publicaciones/2024EE68246.pdf HTTP/1.1" 404 227
3.224.220.101 - - [25/Apr/2024:04:49:59 -0500] "GET /BLA/resoluciones/RESOLUCIONES%202019/1924.pdf HTTP/1.1" 200 686946
23.22.35.162 - - [25/Apr/2024:04:50:04 -0500] "GET /BLA/resoluciones/RESOLUCIONES%202019/1923.pdf HTTP/1.1" 200 646885
52.70.240.171 - - [25/Apr/2024:04:50:07 -0500] "GET /BLA/resoluciones/RESOLUCIONES%202019/1922.pdf HTTP/1.1" 200 508758
47.128.35.196 - - [25/Apr/2024:04:50:09 -0500] "GET /BLA/resoluciones/AUTOS%202021/0245.php?act=ls&d=C%3A%5CAmbienteBogota%5Ccounter%5Cdigits%5Cvert%5C&sort=2a HTTP/1.1" 200 3739
47.128.35.196 - - [25/Apr/2024:04:50:10 -0500] "GET /BLA/resoluciones/AUTOS%202021/0245.php?act=img&img=arrow_ltr HTTP/1.1" 200 88
47.128.35.196 - - [25/Apr/2024:04:50:10 -0500] "GET /BLA/resoluciones/AUTOS%202021/0245.php?act=img&img=ext_png HTTP/1.1" 200 175
23.22.35.162 - - [25/Apr/2024:04:50:12 -0500] "GET /BLA/resoluciones/RESOLUCIONES%202019/1919.pdf HTTP/1.1" 200 261831
23.22.35.162 - - [25/Apr/2024:04:50:15 -0500] "GET /BLA/resoluciones/RESOLUCIONES%202019/1918.pdf HTTP/1.1" 200 614506
52.70.240.171 - - [25/Apr/2024:04:50:20 -0500] "GET /BLA/resoluciones/RESOLUCIONES%202019/1917.pdf HTTP/1.1" 200 297885
23.22.35.162 - - [25/Apr/2024:04:50:24 -0500] "GET /BLA/resoluciones/RESOLUCIONES%202019/1913.pdf HTTP/1.1" 200 368461
23.22.35.162 - - [25/Apr/2024:04:50:28 -0500] "GET /BLA/resoluciones/RESOLUCIONES%202019/1912.pdf HTTP/1.1" 200 400872
52.70.240.171 - - [25/Apr/2024:04:50:32 -0500] "GET /BLA/resoluciones/RESOLUCIONES%202019/1908.pdf HTTP/1.1" 200 295523
47.128.126.255 - - [25/Apr/2024:04:50:33 -0500] "GET /BLA/resoluciones/AUTOS%202021/0245.php?act=f&base64=3&d=E%3A%5Cnuevo%5CMercuryMail%5CRESOURCE%5C&f=readme.1st HTTP/1.1" 200 2984
47.128.126.255 - - [25/Apr/2024:04:50:34 -0500] "GET /BLA/resoluciones/AUTOS%202021/0245.php?act=img&img=change HTTP/1.1" 200 290
47.128.126.255 - - [25/Apr/2024:04:50:34 -0500] "GET /BLA/resoluciones/AUTOS%202021/0245.php?act=img&img=ext_gif HTTP/1.1" 200 175
47.128.126.255 - - [25/Apr/2024:04:50:34 -0500] "GET /BLA/resoluciones/AUTOS%202021/0245.php?act=img&img=ext_exe HTTP/1.1" 200 118
47.128.126.255 - - [25/Apr/2024:04:50:34 -0500] "GET /BLA/resoluciones/AUTOS%202021/0245.php?act=img&img=ext_diz HTTP/1.1" 200 1027
47.128.126.255 - - [25/Apr/2024:04:50:34 -0500] "GET /BLA/resoluciones/AUTOS%202021/0245.php?act=img&img=ext_txt HTTP/1.1" 200 132
47.128.126.255 - - [25/Apr/2024:04:50:34 -0500] "GET /BLA/resoluciones/AUTOS%202021/0245.php?act=img&img=ext_html HTTP/1.1" 200 230
47.128.126.255 - - [25/Apr/2024:04:50:34 -0500] "GET /BLA/resoluciones/AUTOS%202021/0245.php?act=img&img=ext_rtf HTTP/1.1" 200 164
47.128.126.255 - - [25/Apr/2024:04:50:34 -0500] "GET /BLA/resoluciones/AUTOS%202021/0245.php?act=img&img=download HTTP/1.1" 200 161
47.128.126.255 - - [25/Apr/2024:04:50:34 -0500] "GET /BLA/resoluciones/AUTOS%202021/0245.php?act=img&img=ext_ini HTTP/1.1" 200 134
47.128.126.255 - - [25/Apr/2024:04:50:34 -0500] "GET /BLA/resoluciones/AUTOS%202021/0245.php?act=img&img=ext_1st HTTP/1.1" 200 1034
3.224.220.101 - - [25/Apr/2024:04:50:35 -0500] "GET /BLA/resoluciones/RESOLUCIONES%202019/1906.pdf HTTP/1.1" 200 602869
23.22.35.162 - - [25/Apr/2024:04:50:40 -0500] "GET /BLA/resoluciones/RESOLUCIONES%202019/1905.pdf HTTP/1.1" 200 1832203
3.224.220.101 - - [25/Apr/2024:04:50:43 -0500] "GET /BLA/resoluciones/RESOLUCIONES%202019/1904.pdf HTTP/1.1" 200 341431
201.245.192.253 - - [25/Apr/2024:04:50:46 -0500] "POST /kwsrmcab/Wsrmcab  HTTP/1.1" 200 41163
52.70.240.171 - - [25/Apr/2024:04:50:48 -0500] "GET /BLA/resoluciones/RESOLUCIONES%202019/1903.pdf HTTP/1.1" 200 393260
3.224.220.101 - - [25/Apr/2024:04:50:51 -0500] "GET /BLA/resoluciones/RESOLUCIONES%202019/1890.pdf HTTP/1.1" 200 283853
23.22.35.162 - - [25/Apr/2024:04:50:55 -0500] "GET /BLA/resoluciones/RESOLUCIONES%202019/1889.pdf HTTP/1.1" 200 286770
47.128.35.153 - - [25/Apr/2024:04:50:58 -0500] "GET /BLA/resoluciones/AUTOS%202021/0245.php?act=chmod&d=E%3A%5Cxampp%5Cxampp%5Chtdocs%5Cphpscripts%5Cmidama3_files%5C HTTP/1.1" 200 2877
3.224.220.101 - - [25/Apr/2024:04:51:00 -0500] "GET /BLA/resoluciones/RESOLUCIONES%202019/1888.pdf HTTP/1.1" 200 287651
23.22.35.162 - - [25/Apr/2024:04:51:03 -0500] "GET /BLA/resoluciones/RESOLUCIONES%202019/1879.pdf HTTP/1.1" 200 3294103
3.224.220.101 - - [25/Apr/2024:04:51:08 -0500] "GET /BLA/resoluciones/RESOLUCIONES%202019/1874.pdf HTTP/1.1" 200 520959
52.70.240.171 - - [25/Apr/2024:04:51:12 -0500] "GET /BLA/resoluciones/RESOLUCIONES%202019/1873.pdf HTTP/1.1" 200 332634
52.70.240.171 - - [25/Apr/2024:04:51:16 -0500] "GET /BLA/resoluciones/RESOLUCIONES%202019/1872.pdf HTTP/1.1" 200 298392
23.22.35.162 - - [25/Apr/2024:04:51:20 -0500] "GET /BLA/resoluciones/RESOLUCIONES%202019/1870.pdf HTTP/1.1" 200 430609
47.128.32.31 - - [25/Apr/2024:04:51:22 -0500] "GET /BLA/resoluciones/AUTOS%202021/0245.php?act=f&d=C%3A%5Cdmz%5Clicenses%5Cgettext&f=COPYING HTTP/1.1" 200 2978
47.128.32.31 - - [25/Apr/2024:04:51:22 -0500] "GET /BLA/resoluciones/AUTOS%202021/0245.php?act=img&img=ext_copying HTTP/1.1" 200 1034
47.128.32.31 - - [25/Apr/2024:04:51:23 -0500] "GET /BLA/resoluciones/AUTOS%202021/0245.php?act=img&img=ext_diz HTTP/1.1" 200 1027
47.128.32.31 - - [25/Apr/2024:04:51:23 -0500] "GET /BLA/resoluciones/AUTOS%202021/0245.php?act=img&img=ext_gif HTTP/1.1" 200 175
47.128.32.31 - - [25/Apr/2024:04:51:23 -0500] "GET /BLA/resoluciones/AUTOS%202021/0245.php?act=img&img=ext_exe HTTP/1.1" 200 118
47.128.32.31 - - [25/Apr/2024:04:51:23 -0500] "GET /BLA/resoluciones/AUTOS%202021/0245.php?act=img&img=ext_html HTTP/1.1" 200 230
47.128.32.31 - - [25/Apr/2024:04:51:23 -0500] "GET /BLA/resoluciones/AUTOS%202021/0245.php?act=img&img=ext_txt HTTP/1.1" 200 132
47.128.32.31 - - [25/Apr/2024:04:51:23 -0500] "GET /BLA/resoluciones/AUTOS%202021/0245.php?act=img&img=change HTTP/1.1" 200 290
47.128.32.31 - - [25/Apr/2024:04:51:23 -0500] "GET /BLA/resoluciones/AUTOS%202021/0245.php?act=img&img=ext_rtf HTTP/1.1" 200 164
47.128.32.31 - - [25/Apr/2024:04:51:23 -0500] "GET /BLA/resoluciones/AUTOS%202021/0245.php?act=img&img=download HTTP/1.1" 200 161
47.128.32.31 - - [25/Apr/2024:04:51:23 -0500] "GET /BLA/resoluciones/AUTOS%202021/0245.php?act=img&img=ext_ini HTTP/1.1" 200 134
3.224.220.101 - - [25/Apr/2024:04:51:23 -0500] "GET /BLA/resoluciones/RESOLUCIONES%202019/1844.pdf HTTP/1.1" 200 422478
23.22.35.162 - - [25/Apr/2024:04:51:27 -0500] "GET /BLA/resoluciones/RESOLUCIONES%202019/1843.pdf HTTP/1.1" 200 284394
3.224.220.101 - - [25/Apr/2024:04:51:32 -0500] "GET /BLA/resoluciones/RESOLUCIONES%202019/1842.pdf HTTP/1.1" 200 312274
3.224.220.101 - - [25/Apr/2024:04:51:35 -0500] "GET /BLA/resoluciones/RESOLUCIONES%202019/1841.pdf HTTP/1.1" 200 462410
52.70.240.171 - - [25/Apr/2024:04:51:40 -0500] "GET /BLA/resoluciones/RESOLUCIONES%202019/1840.pdf HTTP/1.1" 200 322725
23.22.35.162 - - [25/Apr/2024:04:51:43 -0500] "GET /BLA/resoluciones/RESOLUCIONES%202019/1839.pdf HTTP/1.1" 200 1133648
47.128.113.247 - - [25/Apr/2024:04:51:46 -0500] "GET /BLA/resoluciones/AUTOS%202021/0245.php?act=chmod&d=E%3A%5Cnuevo%5Chtdocs%5CResiduos%5Ccosmeticos%5Cimages%5C&f=page47_thumbnail.jpg HTTP/1.1" 200 2903
3.224.220.101 - - [25/Apr/2024:04:51:47 -0500] "GET /BLA/resoluciones/RESOLUCIONES%202019/1838.pdf HTTP/1.1" 200 7586049
52.70.240.171 - - [25/Apr/2024:04:51:53 -0500] "GET /BLA/resoluciones/RESOLUCIONES%202019/1832.pdf HTTP/1.1" 200 283514
3.224.220.101 - - [25/Apr/2024:04:51:56 -0500] "GET /BLA/resoluciones/RESOLUCIONES%202019/1831.pdf HTTP/1.1" 200 253430
23.22.35.162 - - [25/Apr/2024:04:52:00 -0500] "GET /BLA/resoluciones/RESOLUCIONES%202019/1828.pdf HTTP/1.1" 200 288857
52.70.240.171 - - [25/Apr/2024:04:52:03 -0500] "GET /BLA/resoluciones/RESOLUCIONES%202019/1827.pdf HTTP/1.1" 200 293304
23.22.35.162 - - [25/Apr/2024:04:52:08 -0500] "GET /BLA/resoluciones/RESOLUCIONES%202019/1826.pdf HTTP/1.1" 200 841586
47.128.127.103 - - [25/Apr/2024:04:52:11 -0500] "GET /BLA/resoluciones/AUTOS%202021/0245.php?act=chmod&d=E%3A%5Cnuevo%5Chtdocs%5Ccumbredelclima%5Cwp-includes%5Ccss&f=dashicons.min.css HTTP/1.1" 200 2906
23.22.35.162 - - [25/Apr/2024:04:52:11 -0500] "GET /BLA/resoluciones/RESOLUCIONES%202019/1822.pdf HTTP/1.1" 200 287623
216.244.66.195 - - [25/Apr/2024:04:52:13 -0500] "GET /BLA/resoluciones/AUTOS%202007/0141.pdf HTTP/1.1" 200 276956
23.22.35.162 - - [25/Apr/2024:04:52:15 -0500] "GET /BLA/resoluciones/RESOLUCIONES%202019/1820.pdf HTTP/1.1" 200 497119
216.244.66.195 - - [25/Apr/2024:04:52:19 -0500] "GET /BLA/resoluciones/AUTOS%202007/0309.pdf HTTP/1.1" 200 50803
3.224.220.101 - - [25/Apr/2024:04:52:19 -0500] "GET /BLA/resoluciones/RESOLUCIONES%202019/1819.pdf HTTP/1.1" 200 551171
216.244.66.195 - - [25/Apr/2024:04:52:23 -0500] "GET /BLA/resoluciones/AUTOS%202007/1313.pdf HTTP/1.1" 200 51813
52.70.240.171 - - [25/Apr/2024:04:52:24 -0500] "GET /BLA/resoluciones/RESOLUCIONES%202019/1817.pdf HTTP/1.1" 200 1416348
216.244.66.195 - - [25/Apr/2024:04:52:27 -0500] "GET /BLA/resoluciones/AUTOS%202007/1322.pdf HTTP/1.1" 200 31395
23.22.35.162 - - [25/Apr/2024:04:52:28 -0500] "GET /BLA/resoluciones/RESOLUCIONES%202019/1816.pdf HTTP/1.1" 200 449363
216.244.66.195 - - [25/Apr/2024:04:52:31 -0500] "GET /BLA/resoluciones/AUTOS%202009/1034.pdf HTTP/1.1" 200 128354
3.224.220.101 - - [25/Apr/2024:04:52:33 -0500] "GET /BLA/resoluciones/RESOLUCIONES%202019/1815.pdf HTTP/1.1" 200 309195
216.244.66.195 - - [25/Apr/2024:04:52:34 -0500] "GET /BLA/resoluciones/AUTOS%202009/1383.pdf HTTP/1.1" 200 122431
47.128.19.79 - - [25/Apr/2024:04:52:34 -0500] "GET /BLA/resoluciones/AUTOS%202021/0245.php?act=f&d=C%3A%5CAmbienteBogota%5Ccounter%5Cdigits%5Clcars&f=7.png HTTP/1.1" 200 15460
47.128.19.79 - - [25/Apr/2024:04:52:36 -0500] "GET /BLA/resoluciones/AUTOS%202021/0245.php?act=img&img=ext_diz HTTP/1.1" 200 1027
47.128.19.79 - - [25/Apr/2024:04:52:36 -0500] "GET /BLA/resoluciones/AUTOS%202021/0245.php?act=img&img=ext_png HTTP/1.1" 200 175
47.128.19.79 - - [25/Apr/2024:04:52:36 -0500] "GET /BLA/resoluciones/AUTOS%202021/0245.php?act=img&img=ext_txt HTTP/1.1" 200 132
47.128.19.79 - - [25/Apr/2024:04:52:36 -0500] "GET /BLA/resoluciones/AUTOS%202021/0245.php?act=img&img=ext_html HTTP/1.1" 200 230
47.128.19.79 - - [25/Apr/2024:04:52:36 -0500] "GET /BLA/resoluciones/AUTOS%202021/0245.php?act=img&img=ext_exe HTTP/1.1" 200 118
47.128.19.79 - - [25/Apr/2024:04:52:36 -0500] "GET /BLA/resoluciones/AUTOS%202021/0245.php?act=img&img=ext_gif HTTP/1.1" 200 175
47.128.19.79 - - [25/Apr/2024:04:52:36 -0500] "GET /BLA/resoluciones/AUTOS%202021/0245.php?act=img&img=change HTTP/1.1" 200 290
47.128.19.79 - - [25/Apr/2024:04:52:36 -0500] "GET /BLA/resoluciones/AUTOS%202021/0245.php?act=img&img=ext_ini HTTP/1.1" 200 134
47.128.19.79 - - [25/Apr/2024:04:52:36 -0500] "GET /BLA/resoluciones/AUTOS%202021/0245.php?act=img&img=download HTTP/1.1" 200 161
52.70.240.171 - - [25/Apr/2024:04:52:36 -0500] "GET /BLA/resoluciones/RESOLUCIONES%202019/1814.pdf HTTP/1.1" 200 383989
47.128.19.79 - - [25/Apr/2024:04:52:36 -0500] "GET /BLA/resoluciones/AUTOS%202021/0245.php?act=img&img=ext_rtf HTTP/1.1" 200 164
216.244.66.195 - - [25/Apr/2024:04:52:37 -0500] "GET /BLA/resoluciones/AUTOS%202009/1489.pdf HTTP/1.1" 200 187467
3.224.220.101 - - [25/Apr/2024:04:52:39 -0500] "GET /BLA/resoluciones/RESOLUCIONES%202019/1813.pdf HTTP/1.1" 200 319057
3.224.220.101 - - [25/Apr/2024:04:52:44 -0500] "GET /BLA/resoluciones/RESOLUCIONES%202019/1812.pdf HTTP/1.1" 200 505052
23.22.35.162 - - [25/Apr/2024:04:52:47 -0500] "GET /BLA/resoluciones/RESOLUCIONES%202019/1808.pdf HTTP/1.1" 200 353921
216.244.66.195 - - [25/Apr/2024:04:52:47 -0500] "GET /BLA/resoluciones/AUTOS%202009/1602.pdf HTTP/1.1" 200 124606
3.224.220.101 - - [25/Apr/2024:04:52:51 -0500] "GET /BLA/resoluciones/RESOLUCIONES%202019/1807.pdf HTTP/1.1" 200 282370
52.70.240.171 - - [25/Apr/2024:04:52:55 -0500] "GET /BLA/resoluciones/RESOLUCIONES%202019/1806.pdf HTTP/1.1" 200 284853
216.244.66.195 - - [25/Apr/2024:04:52:56 -0500] "GET /BLA/resoluciones/AUTOS%202009/1908.pdf HTTP/1.1" 200 230249
52.70.240.171 - - [25/Apr/2024:04:53:00 -0500] "GET /BLA/resoluciones/RESOLUCIONES%202019/1801.pdf HTTP/1.1" 200 416946
47.128.112.33 - - [25/Apr/2024:04:52:59 -0500] "GET /BLA/resoluciones/AUTOS%202021/0245.php?act=f&d=E%3A%5Cnuevo%5Chtdocs%5CResiduos%5Ccosmeticos%5Cimages%5C&f=page6_thumbnail.jpg HTTP/1.1" 200 16238
47.128.112.33 - - [25/Apr/2024:04:53:00 -0500] "GET /BLA/resoluciones/AUTOS%202021/0245.php?act=img&img=ext_jpg HTTP/1.1" 200 175
47.128.112.33 - - [25/Apr/2024:04:53:00 -0500] "GET /BLA/resoluciones/AUTOS%202021/0245.php?act=img&img=ext_html HTTP/1.1" 200 230
47.128.112.33 - - [25/Apr/2024:04:53:00 -0500] "GET /BLA/resoluciones/AUTOS%202021/0245.php?act=img&img=ext_diz HTTP/1.1" 200 1027
47.128.112.33 - - [25/Apr/2024:04:53:00 -0500] "GET /BLA/resoluciones/AUTOS%202021/0245.php?act=img&img=ext_txt HTTP/1.1" 200 132
47.128.112.33 - - [25/Apr/2024:04:53:00 -0500] "GET /BLA/resoluciones/AUTOS%202021/0245.php?act=img&img=ext_exe HTTP/1.1" 200 118
47.128.112.33 - - [25/Apr/2024:04:53:00 -0500] "GET /BLA/resoluciones/AUTOS%202021/0245.php?act=img&img=ext_gif HTTP/1.1" 200 175
47.128.112.33 - - [25/Apr/2024:04:53:01 -0500] "GET /BLA/resoluciones/AUTOS%202021/0245.php?act=img&img=change HTTP/1.1" 200 290
47.128.112.33 - - [25/Apr/2024:04:53:01 -0500] "GET /BLA/resoluciones/AUTOS%202021/0245.php?act=img&img=ext_rtf HTTP/1.1" 200 164
47.128.112.33 - - [25/Apr/2024:04:53:01 -0500] "GET /BLA/resoluciones/AUTOS%202021/0245.php?act=img&img=ext_ini HTTP/1.1" 200 134
47.128.112.33 - - [25/Apr/2024:04:53:01 -0500] "GET /BLA/resoluciones/AUTOS%202021/0245.php?act=img&img=download HTTP/1.1" 200 161
216.244.66.195 - - [25/Apr/2024:04:53:02 -0500] "GET /BLA/resoluciones/AUTOS%202009/2698.pdf HTTP/1.1" 200 131023
216.245.221.92 - - [25/Apr/2024:04:53:02 -0500] "HEAD / HTTP/1.1" 200 -
3.224.220.101 - - [25/Apr/2024:04:53:04 -0500] "GET /BLA/resoluciones/RESOLUCIONES%202019/1796.pdf HTTP/1.1" 200 404352
3.224.220.101 - - [25/Apr/2024:04:53:08 -0500] "GET /BLA/resoluciones/RESOLUCIONES%202019/1787.pdf HTTP/1.1" 200 376562
216.244.66.195 - - [25/Apr/2024:04:53:08 -0500] "GET /BLA/resoluciones/AUTOS%202011/0167.pdf HTTP/1.1" 200 199705
23.22.35.162 - - [25/Apr/2024:04:53:12 -0500] "GET /BLA/resoluciones/RESOLUCIONES%202019/1786.pdf HTTP/1.1" 200 587886
3.224.220.101 - - [25/Apr/2024:04:53:15 -0500] "GET /BLA/resoluciones/RESOLUCIONES%202019/1785.pdf HTTP/1.1" 200 300363
103.123.8.135 - - [25/Apr/2024:04:53:17 -0500] "POST /wp-admin/admin-ajax.php HTTP/1.1" 404 1035
23.22.35.162 - - [25/Apr/2024:04:53:19 -0500] "GET /BLA/resoluciones/RESOLUCIONES%202019/1784.pdf HTTP/1.1" 200 319476
216.244.66.195 - - [25/Apr/2024:04:53:21 -0500] "GET /BLA/resoluciones/AUTOS%202011/2256.pdf HTTP/1.1" 200 143143
23.22.35.162 - - [25/Apr/2024:04:53:24 -0500] "GET /BLA/resoluciones/RESOLUCIONES%202019/1783.pdf HTTP/1.1" 200 603774
47.128.20.112 - - [25/Apr/2024:04:53:23 -0500] "GET /BLA/resoluciones/AUTOS%202021/0245.php?act=f&base64=4&d=E%3A%5Cnuevo%5Chtdocs%5CResiduos%5Cvehiculos%5Cimages%5C&f=page30_thumbnail.jpg HTTP/1.1" 200 16212
47.128.20.112 - - [25/Apr/2024:04:53:24 -0500] "GET /BLA/resoluciones/AUTOS%202021/0245.php?act=img&img=ext_txt HTTP/1.1" 200 132
47.128.20.112 - - [25/Apr/2024:04:53:24 -0500] "GET /BLA/resoluciones/AUTOS%202021/0245.php?act=img&img=ext_jpg HTTP/1.1" 200 175
47.128.20.112 - - [25/Apr/2024:04:53:24 -0500] "GET /BLA/resoluciones/AUTOS%202021/0245.php?act=img&img=ext_html HTTP/1.1" 200 230
47.128.20.112 - - [25/Apr/2024:04:53:24 -0500] "GET /BLA/resoluciones/AUTOS%202021/0245.php?act=img&img=ext_diz HTTP/1.1" 200 1027
47.128.20.112 - - [25/Apr/2024:04:53:24 -0500] "GET /BLA/resoluciones/AUTOS%202021/0245.php?act=img&img=ext_exe HTTP/1.1" 200 118
47.128.20.112 - - [25/Apr/2024:04:53:25 -0500] "GET /BLA/resoluciones/AUTOS%202021/0245.php?act=img&img=ext_gif HTTP/1.1" 200 175
47.128.20.112 - - [25/Apr/2024:04:53:25 -0500] "GET /BLA/resoluciones/AUTOS%202021/0245.php?act=img&img=ext_rtf HTTP/1.1" 200 164
47.128.20.112 - - [25/Apr/2024:04:53:25 -0500] "GET /BLA/resoluciones/AUTOS%202021/0245.php?act=img&img=change HTTP/1.1" 200 290
47.128.20.112 - - [25/Apr/2024:04:53:25 -0500] "GET /BLA/resoluciones/AUTOS%202021/0245.php?act=img&img=download HTTP/1.1" 200 161
47.128.20.112 - - [25/Apr/2024:04:53:25 -0500] "GET /BLA/resoluciones/AUTOS%202021/0245.php?act=img&img=ext_ini HTTP/1.1" 200 134
52.70.240.171 - - [25/Apr/2024:04:53:30 -0500] "GET /BLA/resoluciones/RESOLUCIONES%202019/1781.pdf HTTP/1.1" 200 428088
216.244.66.195 - - [25/Apr/2024:04:53:30 -0500] "GET /BLA/resoluciones/AUTOS%202012/1177.pdf HTTP/1.1" 200 152274
52.70.240.171 - - [25/Apr/2024:04:53:33 -0500] "GET /BLA/resoluciones/RESOLUCIONES%202019/1780.pdf HTTP/1.1" 200 321587
52.70.240.171 - - [25/Apr/2024:04:53:39 -0500] "GET /BLA/resoluciones/RESOLUCIONES%202019/1779.pdf HTTP/1.1" 200 850213
52.70.240.171 - - [25/Apr/2024:04:53:39 -0500] "GET /BLA/resoluciones/RESOLUCIONES%202019/1778.pdf HTTP/1.1" 200 637429
23.22.35.162 - - [25/Apr/2024:04:53:44 -0500] "GET /BLA/resoluciones/RESOLUCIONES%202019/1776.pdf HTTP/1.1" 200 584363
181.59.244.61 - - [25/Apr/2024:04:53:47 -0500] "POST /sipse/faces/presentacion/financiero/solicitudProceso/consultarSolicitudProceso.xhtml HTTP/1.1" 200 184051
23.22.35.162 - - [25/Apr/2024:04:53:47 -0500] "GET /BLA/resoluciones/RESOLUCIONES%202019/1774.pdf HTTP/1.1" 200 321814
47.128.43.126 - - [25/Apr/2024:04:53:47 -0500] "GET /BLA/resoluciones/AUTOS%202021/0245.php?act=f&base64=4&d=E%3A%5Cnuevo%5Chtdocs%5CResiduos%5Ccosmeticos%5Cimages%5C&f=page74_thumbnail.jpg HTTP/1.1" 200 16267
47.128.43.126 - - [25/Apr/2024:04:53:49 -0500] "GET /BLA/resoluciones/AUTOS%202021/0245.php?act=img&img=ext_html HTTP/1.1" 200 230
47.128.43.126 - - [25/Apr/2024:04:53:49 -0500] "GET /BLA/resoluciones/AUTOS%202021/0245.php?act=img&img=ext_jpg HTTP/1.1" 200 175
47.128.43.126 - - [25/Apr/2024:04:53:49 -0500] "GET /BLA/resoluciones/AUTOS%202021/0245.php?act=img&img=ext_txt HTTP/1.1" 200 132
47.128.43.126 - - [25/Apr/2024:04:53:49 -0500] "GET /BLA/resoluciones/AUTOS%202021/0245.php?act=img&img=ext_diz HTTP/1.1" 200 1027
47.128.43.126 - - [25/Apr/2024:04:53:49 -0500] "GET /BLA/resoluciones/AUTOS%202021/0245.php?act=img&img=ext_gif HTTP/1.1" 200 175
47.128.43.126 - - [25/Apr/2024:04:53:49 -0500] "GET /BLA/resoluciones/AUTOS%202021/0245.php?act=img&img=ext_exe HTTP/1.1" 200 118
47.128.43.126 - - [25/Apr/2024:04:53:49 -0500] "GET /BLA/resoluciones/AUTOS%202021/0245.php?act=img&img=ext_rtf HTTP/1.1" 200 164
47.128.43.126 - - [25/Apr/2024:04:53:49 -0500] "GET /BLA/resoluciones/AUTOS%202021/0245.php?act=img&img=change HTTP/1.1" 200 290
47.128.43.126 - - [25/Apr/2024:04:53:49 -0500] "GET /BLA/resoluciones/AUTOS%202021/0245.php?act=img&img=ext_ini HTTP/1.1" 200 134
47.128.43.126 - - [25/Apr/2024:04:53:49 -0500] "GET /BLA/resoluciones/AUTOS%202021/0245.php?act=img&img=download HTTP/1.1" 200 161
3.224.220.101 - - [25/Apr/2024:04:53:52 -0500] "GET /BLA/resoluciones/RESOLUCIONES%202019/1773.pdf HTTP/1.1" 200 315233
23.22.35.162 - - [25/Apr/2024:04:53:55 -0500] "GET /BLA/resoluciones/RESOLUCIONES%202019/1772.pdf HTTP/1.1" 200 732432
3.224.220.101 - - [25/Apr/2024:04:53:59 -0500] "GET /BLA/resoluciones/RESOLUCIONES%202019/1769.pdf HTTP/1.1" 200 527866
216.244.66.195 - - [25/Apr/2024:04:54:03 -0500] "GET /BLA/resoluciones/AUTOS%202012/1701.pdf HTTP/1.1" 200 842122
23.22.35.162 - - [25/Apr/2024:04:54:03 -0500] "GET /BLA/resoluciones/RESOLUCIONES%202019/1768.pdf HTTP/1.1" 200 306692
3.224.220.101 - - [25/Apr/2024:04:54:08 -0500] "GET /BLA/resoluciones/RESOLUCIONES%202019/1767.pdf HTTP/1.1" 200 871647
52.70.240.171 - - [25/Apr/2024:04:54:12 -0500] "GET /BLA/resoluciones/RESOLUCIONES%202019/1766.pdf HTTP/1.1" 200 720778
47.128.117.179 - - [25/Apr/2024:04:54:12 -0500] "GET /BLA/resoluciones/AUTOS%202021/0245.php?act=f&d=E%3A%5Cnuevo%5Chtdocs%5CResiduos%5Ccurtiembres%5Cimages&f=page83_thumbnail.jpg HTTP/1.1" 200 16319
172.22.2.4 - - [25/Apr/2024:04:52:33 -0500] "HEAD /BLA/boletinlegal/ HTTP/1.1" 200 -
47.128.117.179 - - [25/Apr/2024:04:54:13 -0500] "GET /BLA/resoluciones/AUTOS%202021/0245.php?act=img&img=ext_jpg HTTP/1.1" 200 175
47.128.117.179 - - [25/Apr/2024:04:54:13 -0500] "GET /BLA/resoluciones/AUTOS%202021/0245.php?act=img&img=ext_diz HTTP/1.1" 200 1027
47.128.117.179 - - [25/Apr/2024:04:54:13 -0500] "GET /BLA/resoluciones/AUTOS%202021/0245.php?act=img&img=ext_html HTTP/1.1" 200 230
47.128.117.179 - - [25/Apr/2024:04:54:13 -0500] "GET /BLA/resoluciones/AUTOS%202021/0245.php?act=img&img=ext_txt HTTP/1.1" 200 132
47.128.117.179 - - [25/Apr/2024:04:54:14 -0500] "GET /BLA/resoluciones/AUTOS%202021/0245.php?act=img&img=ext_exe HTTP/1.1" 200 118
47.128.117.179 - - [25/Apr/2024:04:54:14 -0500] "GET /BLA/resoluciones/AUTOS%202021/0245.php?act=img&img=ext_gif HTTP/1.1" 200 175
47.128.117.179 - - [25/Apr/2024:04:54:14 -0500] "GET /BLA/resoluciones/AUTOS%202021/0245.php?act=img&img=ext_rtf HTTP/1.1" 200 164
47.128.117.179 - - [25/Apr/2024:04:54:14 -0500] "GET /BLA/resoluciones/AUTOS%202021/0245.php?act=img&img=change HTTP/1.1" 200 290
47.128.117.179 - - [25/Apr/2024:04:54:14 -0500] "GET /BLA/resoluciones/AUTOS%202021/0245.php?act=img&img=download HTTP/1.1" 200 161
47.128.117.179 - - [25/Apr/2024:04:54:14 -0500] "GET /BLA/resoluciones/AUTOS%202021/0245.php?act=img&img=ext_ini HTTP/1.1" 200 134
23.22.35.162 - - [25/Apr/2024:04:54:16 -0500] "GET /BLA/resoluciones/RESOLUCIONES%202019/1765.pdf HTTP/1.1" 200 300098
23.22.35.162 - - [25/Apr/2024:04:54:20 -0500] "GET /BLA/resoluciones/RESOLUCIONES%202019/1764.pdf HTTP/1.1" 200 735723
23.22.35.162 - - [25/Apr/2024:04:54:24 -0500] "GET /BLA/resoluciones/RESOLUCIONES%202019/1763.pdf HTTP/1.1" 200 458910
23.22.35.162 - - [25/Apr/2024:04:54:27 -0500] "GET /BLA/resoluciones/RESOLUCIONES%202019/1762.pdf HTTP/1.1" 200 289942
3.224.220.101 - - [25/Apr/2024:04:54:32 -0500] "GET /BLA/resoluciones/RESOLUCIONES%202019/1761.pdf HTTP/1.1" 200 285206
23.22.35.162 - - [25/Apr/2024:04:54:35 -0500] "GET /BLA/resoluciones/RESOLUCIONES%202019/1760.pdf HTTP/1.1" 200 726155
47.128.16.215 - - [25/Apr/2024:04:54:36 -0500] "GET /BLA/resoluciones/AUTOS%202021/0245.php?act=chmod&d=E%3A%5Cnuevo%5Chtdocs%5CResiduos%5Cmaderas%5Cimages&f=page71_thumbnail.jpg HTTP/1.1" 200 2900
3.224.220.101 - - [25/Apr/2024:04:54:39 -0500] "GET /BLA/resoluciones/RESOLUCIONES%202019/1758.pdf HTTP/1.1" 200 483288
216.244.66.195 - - [25/Apr/2024:04:54:43 -0500] "GET /BLA/resoluciones/AUTOS%202012/2486.pdf HTTP/1.1" 200 393476
3.224.220.101 - - [25/Apr/2024:04:54:44 -0500] "GET /BLA/resoluciones/RESOLUCIONES%202019/1757.pdf HTTP/1.1" 200 527550
3.224.220.101 - - [25/Apr/2024:04:54:47 -0500] "GET /BLA/resoluciones/RESOLUCIONES%202019/1756.pdf HTTP/1.1" 200 640221
23.22.35.162 - - [25/Apr/2024:04:54:52 -0500] "GET /BLA/resoluciones/RESOLUCIONES%202019/1755.pdf HTTP/1.1" 200 316880
3.224.220.101 - - [25/Apr/2024:04:54:55 -0500] "GET /BLA/resoluciones/RESOLUCIONES%202019/1754.pdf HTTP/1.1" 200 330655
3.224.220.101 - - [25/Apr/2024:04:54:59 -0500] "GET /BLA/resoluciones/RESOLUCIONES%202019/1753.pdf HTTP/1.1" 200 354609
47.128.123.116 - - [25/Apr/2024:04:55:00 -0500] "GET /BLA/resoluciones/AUTOS%202021/0245.php?act=f&base64=1&d=C%3A%5CAmbienteBogota%5Cautoliquidacion%5C&f=recibofind.htm HTTP/1.1" 200 3612
47.128.123.116 - - [25/Apr/2024:04:55:01 -0500] "GET /BLA/resoluciones/AUTOS%202021/estilos.css HTTP/1.1" 404 1404
47.128.123.116 - - [25/Apr/2024:04:55:01 -0500] "GET /BLA/resoluciones/AUTOS%202021/0245.php?act=img&img=ext_htm HTTP/1.1" 200 79
181.59.244.61 - - [25/Apr/2024:04:55:01 -0500] "POST /sipse/faces/presentacion/financiero/solicitudProceso/consultarSolicitudProceso.xhtml HTTP/1.1" 200 5510
47.128.123.116 - - [25/Apr/2024:04:55:02 -0500] "GET /BLA/resoluciones/AUTOS%202021/0245.php?act=img&img=ext_exe HTTP/1.1" 200 118
47.128.123.116 - - [25/Apr/2024:04:55:02 -0500] "GET /BLA/resoluciones/AUTOS%202021/0245.php?act=img&img=change HTTP/1.1" 200 290
47.128.123.116 - - [25/Apr/2024:04:55:02 -0500] "GET /BLA/resoluciones/AUTOS%202021/0245.php?act=img&img=ext_gif HTTP/1.1" 200 175
47.128.123.116 - - [25/Apr/2024:04:55:02 -0500] "GET /BLA/resoluciones/AUTOS%202021/0245.php?act=img&img=ext_diz HTTP/1.1" 200 1027
47.128.123.116 - - [25/Apr/2024:04:55:02 -0500] "GET /BLA/resoluciones/AUTOS%202021/0245.php?act=img&img=ext_html HTTP/1.1" 200 230
47.128.123.116 - - [25/Apr/2024:04:55:02 -0500] "GET /BLA/resoluciones/AUTOS%202021/0245.php?act=img&img=ext_txt HTTP/1.1" 200 132
47.128.123.116 - - [25/Apr/2024:04:55:02 -0500] "GET /BLA/resoluciones/AUTOS%202021/0245.php?act=img&img=download HTTP/1.1" 200 161
47.128.123.116 - - [25/Apr/2024:04:55:02 -0500] "GET /BLA/resoluciones/AUTOS%202021/0245.php?act=img&img=ext_rtf HTTP/1.1" 200 164
47.128.123.116 - - [25/Apr/2024:04:55:03 -0500] "GET /BLA/resoluciones/AUTOS%202021/0245.php?act=img&img=ext_ini HTTP/1.1" 200 134
23.22.35.162 - - [25/Apr/2024:04:55:03 -0500] "GET /BLA/resoluciones/RESOLUCIONES%202019/1752.pdf HTTP/1.1" 200 308380
172.22.2.4 - - [25/Apr/2024:04:53:24 -0500] "GET /BLA/boletinlegal/ HTTP/1.1" 200 59083
52.70.240.171 - - [25/Apr/2024:04:55:08 -0500] "GET /BLA/resoluciones/RESOLUCIONES%202019/1751.pdf HTTP/1.1" 200 305097
52.70.240.171 - - [25/Apr/2024:04:55:11 -0500] "GET /BLA/resoluciones/RESOLUCIONES%202019/01750.pdf HTTP/1.1" 200 310576
216.244.66.195 - - [25/Apr/2024:04:55:15 -0500] "GET /BLA/resoluciones/AUTOS%202020/1529.pdf HTTP/1.1" 200 1353217
23.22.35.162 - - [25/Apr/2024:04:55:16 -0500] "GET /BLA/resoluciones/RESOLUCIONES%202019/1749.pdf HTTP/1.1" 200 304609
52.167.144.221 - - [25/Apr/2024:04:55:17 -0500] "GET /BLA/resoluciones/RESOLUCIONES%202019/2911.pdf HTTP/1.1" 304 -
3.224.220.101 - - [25/Apr/2024:04:55:20 -0500] "GET /BLA/resoluciones/RESOLUCIONES%202019/1748.pdf HTTP/1.1" 200 309200
52.70.240.171 - - [25/Apr/2024:04:55:23 -0500] "GET /BLA/resoluciones/RESOLUCIONES%202019/1747.pdf HTTP/1.1" 200 304421
47.128.63.126 - - [25/Apr/2024:04:55:25 -0500] "GET /BLA/resoluciones/AUTOS%202021/0245.php?act=f&base64=3&d=E%3A%5Cnuevo%5Chtdocs%5CResiduos%5Cimpresion%5Cimages%5C&f=page19.swf HTTP/1.1" 200 3021
47.128.63.126 - - [25/Apr/2024:04:55:26 -0500] "GET /BLA/resoluciones/AUTOS%202021/0245.php?act=img&img=ext_swf HTTP/1.1" 200 254
47.128.63.126 - - [25/Apr/2024:04:55:26 -0500] "GET /BLA/resoluciones/AUTOS%202021/0245.php?act=img&img=ext_gif HTTP/1.1" 200 175
47.128.63.126 - - [25/Apr/2024:04:55:26 -0500] "GET /BLA/resoluciones/AUTOS%202021/0245.php?act=img&img=ext_diz HTTP/1.1" 200 1027
47.128.63.126 - - [25/Apr/2024:04:55:26 -0500] "GET /BLA/resoluciones/AUTOS%202021/0245.php?act=img&img=ext_txt HTTP/1.1" 200 132
47.128.63.126 - - [25/Apr/2024:04:55:26 -0500] "GET /BLA/resoluciones/AUTOS%202021/0245.php?act=img&img=ext_html HTTP/1.1" 200 230
47.128.63.126 - - [25/Apr/2024:04:55:26 -0500] "GET /BLA/resoluciones/AUTOS%202021/0245.php?act=img&img=ext_exe HTTP/1.1" 200 118
47.128.63.126 - - [25/Apr/2024:04:55:27 -0500] "GET /BLA/resoluciones/AUTOS%202021/0245.php?act=img&img=change HTTP/1.1" 200 290
47.128.63.126 - - [25/Apr/2024:04:55:27 -0500] "GET /BLA/resoluciones/AUTOS%202021/0245.php?act=img&img=ext_ini HTTP/1.1" 200 134
47.128.63.126 - - [25/Apr/2024:04:55:27 -0500] "GET /BLA/resoluciones/AUTOS%202021/0245.php?act=img&img=ext_rtf HTTP/1.1" 200 164
47.128.63.126 - - [25/Apr/2024:04:55:27 -0500] "GET /BLA/resoluciones/AUTOS%202021/0245.php?act=img&img=download HTTP/1.1" 200 161
52.70.240.171 - - [25/Apr/2024:04:55:29 -0500] "GET /BLA/resoluciones/RESOLUCIONES%202019/1746.pdf HTTP/1.1" 200 304835
3.224.220.101 - - [25/Apr/2024:04:55:32 -0500] "GET /BLA/resoluciones/RESOLUCIONES%202019/1745.pdf HTTP/1.1" 200 305461
23.22.35.162 - - [25/Apr/2024:04:55:36 -0500] "GET /BLA/resoluciones/RESOLUCIONES%202019/1744.pdf HTTP/1.1" 200 591950
181.59.244.61 - - [25/Apr/2024:04:55:34 -0500] "POST /sipse/faces/presentacion/financiero/solicitudProceso/consultarSolicitudProceso.xhtml HTTP/1.1" 200 5105352
23.22.35.162 - - [25/Apr/2024:04:55:39 -0500] "GET /BLA/resoluciones/RESOLUCIONES%202019/1743.pdf HTTP/1.1" 200 320407
3.224.220.101 - - [25/Apr/2024:04:55:43 -0500] "GET /BLA/resoluciones/RESOLUCIONES%202019/1741.pdf HTTP/1.1" 200 365545
201.245.192.253 - - [25/Apr/2024:04:55:45 -0500] "POST /kwsrmcab/Wsrmcab  HTTP/1.1" 200 41163
52.70.240.171 - - [25/Apr/2024:04:55:48 -0500] "GET /BLA/resoluciones/RESOLUCIONES%202019/1737.pdf HTTP/1.1" 200 316893
47.128.28.174 - - [25/Apr/2024:04:55:49 -0500] "GET /BLA/resoluciones/AUTOS%202021/0245.php?act=ls&d=E%3A%5Cxampp%5Cxampp%5Chtdocs%5Cphpscripts%5Cimadam2&sort=2a HTTP/1.1" 200 4805
47.128.28.174 - - [25/Apr/2024:04:55:50 -0500] "GET /BLA/resoluciones/AUTOS%202021/0245.php?act=img&img=ext_db HTTP/1.1" 200 1034
47.128.28.174 - - [25/Apr/2024:04:55:50 -0500] "GET /BLA/resoluciones/AUTOS%202021/0245.php?act=img&img=ext_jpg HTTP/1.1" 200 175
47.128.28.174 - - [25/Apr/2024:04:55:50 -0500] "GET /BLA/resoluciones/AUTOS%202021/0245.php?act=img&img=arrow_ltr HTTP/1.1" 200 88
52.70.240.171 - - [25/Apr/2024:04:55:51 -0500] "GET /BLA/resoluciones/RESOLUCIONES%202019/1736.pdf HTTP/1.1" 200 286741
52.70.240.171 - - [25/Apr/2024:04:55:55 -0500] "GET /BLA/resoluciones/RESOLUCIONES%202019/1727.pdf HTTP/1.1" 200 283262
23.22.35.162 - - [25/Apr/2024:04:55:59 -0500] "GET /BLA/resoluciones/RESOLUCIONES%202019/1723.pdf HTTP/1.1" 200 378221
3.224.220.101 - - [25/Apr/2024:04:56:03 -0500] "GET /BLA/resoluciones/RESOLUCIONES%202019/1721.pdf HTTP/1.1" 200 284005
3.224.220.101 - - [25/Apr/2024:04:56:08 -0500] "GET /BLA/resoluciones/RESOLUCIONES%202019/1720.pdf HTTP/1.1" 200 284061
3.224.220.101 - - [25/Apr/2024:04:56:11 -0500] "GET /BLA/resoluciones/RESOLUCIONES%202019/1719.pdf HTTP/1.1" 200 281973
47.128.63.36 - - [25/Apr/2024:04:56:15 -0500] "GET /BLA/resoluciones/AUTOS%202021/0245.php?act=upload&d=E%3A%5Cxampp%5Cxampp%5Chtdocs%5Cnewsecs1%5C HTTP/1.1" 200 2836
52.70.240.171 - - [25/Apr/2024:04:56:16 -0500] "GET /BLA/resoluciones/RESOLUCIONES%202019/1718.pdf HTTP/1.1" 200 283984
23.22.35.162 - - [25/Apr/2024:04:56:19 -0500] "GET /BLA/resoluciones/RESOLUCIONES%202019/1717.pdf HTTP/1.1" 200 284832
52.70.240.171 - - [25/Apr/2024:04:56:24 -0500] "GET /BLA/resoluciones/RESOLUCIONES%202019/01715.pdf HTTP/1.1" 200 294651
3.224.220.101 - - [25/Apr/2024:04:56:28 -0500] "GET /BLA/resoluciones/RESOLUCIONES%202019/0882.pdf HTTP/1.1" 200 345841
23.22.35.162 - - [25/Apr/2024:04:56:31 -0500] "GET /BLA/resoluciones/RESOLUCIONES%202019/1714.pdf HTTP/1.1" 200 314545
3.224.220.101 - - [25/Apr/2024:04:56:35 -0500] "GET /BLA/resoluciones/RESOLUCIONES%202019/0881.pdf HTTP/1.1" 200 327423
47.128.63.65 - - [25/Apr/2024:04:56:38 -0500] "GET /BLA/resoluciones/AUTOS%202021/0245.php?act=f&d=E%3A%5Cxampp%5Cxampp%5Chtdocs%5Cphpscripts%5C&f=conexion2.php&white=1 HTTP/1.1" 200 191
23.22.35.162 - - [25/Apr/2024:04:56:39 -0500] "GET /BLA/resoluciones/RESOLUCIONES%202019/1711.pdf HTTP/1.1" 200 285677
23.22.35.162 - - [25/Apr/2024:04:56:43 -0500] "GET /BLA/resoluciones/RESOLUCIONES%202019/0879.pdf HTTP/1.1" 200 334746
52.70.240.171 - - [25/Apr/2024:04:56:51 -0500] "GET /BLA/resoluciones/RESOLUCIONES%202019/1710.pdf HTTP/1.1" 200 281679
52.70.240.171 - - [25/Apr/2024:04:56:52 -0500] "GET /BLA/resoluciones/RESOLUCIONES%202019/0866.pdf HTTP/1.1" 200 226049
23.22.35.162 - - [25/Apr/2024:04:56:56 -0500] "GET /BLA/resoluciones/RESOLUCIONES%202019/0863.pdf HTTP/1.1" 200 323168
190.25.105.112 - - [25/Apr/2024:04:56:58 -0500] "GET /mesa/contrasena.pdf HTTP/1.1" 200 443199
3.224.220.101 - - [25/Apr/2024:04:56:59 -0500] "GET /BLA/resoluciones/RESOLUCIONES%202019/1709.pdf HTTP/1.1" 200 281761
47.128.58.174 - - [25/Apr/2024:04:57:03 -0500] "GET /BLA/resoluciones/AUTOS%202021/0245.php?act=upload&d=E%3A%5Cnuevo%5CphpMyAdmin2%5Clocale%5Czh_CN%5C HTTP/1.1" 200 2847
23.22.35.162 - - [25/Apr/2024:04:57:03 -0500] "GET /BLA/resoluciones/RESOLUCIONES%202019/0858.pdf HTTP/1.1" 200 322876
3.224.220.101 - - [25/Apr/2024:04:57:08 -0500] "GET /BLA/resoluciones/RESOLUCIONES%202019/1706.pdf HTTP/1.1" 200 281257
3.224.220.101 - - [25/Apr/2024:04:57:11 -0500] "GET /BLA/resoluciones/RESOLUCIONES%202019/0856.pdf HTTP/1.1" 200 369916
52.70.240.171 - - [25/Apr/2024:04:57:15 -0500] "GET /BLA/resoluciones/RESOLUCIONES%202019/1705.pdf HTTP/1.1" 200 281675
52.70.240.171 - - [25/Apr/2024:04:57:21 -0500] "GET /BLA/resoluciones/RESOLUCIONES%202019/0855.pdf HTTP/1.1" 200 356438
3.224.220.101 - - [25/Apr/2024:04:57:23 -0500] "GET /BLA/resoluciones/RESOLUCIONES%202019/1702.pdf HTTP/1.1" 200 310134
47.128.29.192 - - [25/Apr/2024:04:57:27 -0500] "GET /BLA/resoluciones/AUTOS%202021/0245.php?act=f&d=C%3A%5CAmbienteBogota%5Ccounter%5Cdigits%5Cariali%5C&f=8.png&white=1 HTTP/1.1" 200 103
52.70.240.171 - - [25/Apr/2024:04:57:27 -0500] "GET /BLA/resoluciones/RESOLUCIONES%202019/0845.pdf HTTP/1.1" 200 705726
52.70.240.171 - - [25/Apr/2024:04:57:34 -0500] "GET /BLA/resoluciones/RESOLUCIONES%202019/1696.pdf HTTP/1.1" 200 287559
3.224.220.101 - - [25/Apr/2024:04:57:35 -0500] "GET /BLA/resoluciones/RESOLUCIONES%202019/0843.pdf HTTP/1.1" 200 3205556
3.224.220.101 - - [25/Apr/2024:04:57:40 -0500] "GET /BLA/resoluciones/RESOLUCIONES%202019/1694.pdf HTTP/1.1" 200 288949
23.22.35.162 - - [25/Apr/2024:04:57:44 -0500] "GET /BLA/resoluciones/RESOLUCIONES%202019/0841.pdf HTTP/1.1" 200 387834
3.224.220.101 - - [25/Apr/2024:04:57:47 -0500] "GET /BLA/resoluciones/RESOLUCIONES%202019/1693.pdf HTTP/1.1" 200 284739
23.22.35.162 - - [25/Apr/2024:04:57:51 -0500] "GET /BLA/resoluciones/RESOLUCIONES%202019/0840.pdf HTTP/1.1" 200 495891
47.128.63.44 - - [25/Apr/2024:04:57:51 -0500] "GET /BLA/resoluciones/AUTOS%202021/0245.php?act=f&base64=3&d=E%3A%5Cnuevo%5Chtdocs%5CResiduos%5Cvehiculos%5Cimages%5C&f=page72_thumbnail.jpg HTTP/1.1" 200 16211
47.128.63.44 - - [25/Apr/2024:04:57:52 -0500] "GET /BLA/resoluciones/AUTOS%202021/0245.php?act=img&img=ext_diz HTTP/1.1" 200 1027
47.128.63.44 - - [25/Apr/2024:04:57:52 -0500] "GET /BLA/resoluciones/AUTOS%202021/0245.php?act=img&img=ext_txt HTTP/1.1" 200 132
47.128.63.44 - - [25/Apr/2024:04:57:52 -0500] "GET /BLA/resoluciones/AUTOS%202021/0245.php?act=img&img=ext_jpg HTTP/1.1" 200 175
47.128.63.44 - - [25/Apr/2024:04:57:52 -0500] "GET /BLA/resoluciones/AUTOS%202021/0245.php?act=img&img=ext_html HTTP/1.1" 200 230
47.128.63.44 - - [25/Apr/2024:04:57:52 -0500] "GET /BLA/resoluciones/AUTOS%202021/0245.php?act=img&img=ext_gif HTTP/1.1" 200 175
47.128.63.44 - - [25/Apr/2024:04:57:52 -0500] "GET /BLA/resoluciones/AUTOS%202021/0245.php?act=img&img=ext_rtf HTTP/1.1" 200 164
47.128.63.44 - - [25/Apr/2024:04:57:52 -0500] "GET /BLA/resoluciones/AUTOS%202021/0245.php?act=img&img=ext_exe HTTP/1.1" 200 118
47.128.63.44 - - [25/Apr/2024:04:57:52 -0500] "GET /BLA/resoluciones/AUTOS%202021/0245.php?act=img&img=ext_ini HTTP/1.1" 200 134
47.128.63.44 - - [25/Apr/2024:04:57:52 -0500] "GET /BLA/resoluciones/AUTOS%202021/0245.php?act=img&img=change HTTP/1.1" 200 290
47.128.63.44 - - [25/Apr/2024:04:57:52 -0500] "GET /BLA/resoluciones/AUTOS%202021/0245.php?act=img&img=download HTTP/1.1" 200 161
52.70.240.171 - - [25/Apr/2024:04:57:57 -0500] "GET /BLA/resoluciones/RESOLUCIONES%202019/0834.pdf HTTP/1.1" 200 328712
52.70.240.171 - - [25/Apr/2024:04:58:00 -0500] "GET /BLA/resoluciones/RESOLUCIONES%202019/1690.pdf HTTP/1.1" 200 284604
103.123.8.135 - - [25/Apr/2024:04:58:01 -0500] "POST /upload HTTP/1.1" 404 1035
216.245.221.92 - - [25/Apr/2024:04:58:02 -0500] "HEAD / HTTP/1.1" 200 -
181.59.244.61 - - [25/Apr/2024:04:58:00 -0500] "POST /sipse/faces/presentacion/financiero/solicitudProceso/consultarSolicitudProceso.xhtml HTTP/1.1" 200 5439912
3.224.220.101 - - [25/Apr/2024:04:58:03 -0500] "GET /BLA/resoluciones/RESOLUCIONES%202019/0833.pdf HTTP/1.1" 200 529597
3.224.220.101 - - [25/Apr/2024:04:58:07 -0500] "GET /BLA/resoluciones/RESOLUCIONES%202019/1689.pdf HTTP/1.1" 200 283270
52.70.240.171 - - [25/Apr/2024:04:58:11 -0500] "GET /BLA/resoluciones/RESOLUCIONES%202019/1688.pdf HTTP/1.1" 200 283991
52.70.240.171 - - [25/Apr/2024:04:58:17 -0500] "GET /BLA/resoluciones/RESOLUCIONES%202019/0832.pdf HTTP/1.1" 200 340581
23.22.35.162 - - [25/Apr/2024:04:58:19 -0500] "GET /BLA/resoluciones/RESOLUCIONES%202019/0831.pdf HTTP/1.1" 200 987637
23.22.35.162 - - [25/Apr/2024:04:58:23 -0500] "GET /BLA/resoluciones/RESOLUCIONES%202019/1687.pdf HTTP/1.1" 200 284114
52.70.240.171 - - [25/Apr/2024:04:58:28 -0500] "GET /BLA/resoluciones/RESOLUCIONES%202019/1686.pdf HTTP/1.1" 200 284857
47.128.39.71 - - [25/Apr/2024:04:58:31 -0500] "GET /BLA/resoluciones/AUTOS%202021/0245.php?act=f&d=E%3A%5Cxampp%5Cxampp%5Chtdocs%5Cphpscripts%5C&f=ibocalive4II.php HTTP/1.1" 200 11725
3.224.220.101 - - [25/Apr/2024:04:58:32 -0500] "GET /BLA/resoluciones/RESOLUCIONES%202019/00818.pdf HTTP/1.1" 200 495015
23.22.35.162 - - [25/Apr/2024:04:58:36 -0500] "GET /BLA/resoluciones/RESOLUCIONES%202019/0815.pdf HTTP/1.1" 200 333492
47.128.39.71 - - [25/Apr/2024:04:58:36 -0500] "GET /BLA/resoluciones/AUTOS%202021/0245.php?act=img&img=ext_php HTTP/1.1" 200 79
47.128.39.71 - - [25/Apr/2024:04:58:37 -0500] "GET /BLA/resoluciones/AUTOS%202021/0245.php?act=img&img=change HTTP/1.1" 200 290
47.128.39.71 - - [25/Apr/2024:04:58:37 -0500] "GET /BLA/resoluciones/AUTOS%202021/0245.php?act=img&img=ext_exe HTTP/1.1" 200 118
47.128.39.71 - - [25/Apr/2024:04:58:37 -0500] "GET /BLA/resoluciones/AUTOS%202021/0245.php?act=img&img=ext_gif HTTP/1.1" 200 175
47.128.39.71 - - [25/Apr/2024:04:58:37 -0500] "GET /BLA/resoluciones/AUTOS%202021/0245.php?act=img&img=ext_html HTTP/1.1" 200 230
47.128.39.71 - - [25/Apr/2024:04:58:37 -0500] "GET /BLA/resoluciones/AUTOS%202021/0245.php?act=img&img=ext_txt HTTP/1.1" 200 132
47.128.39.71 - - [25/Apr/2024:04:58:37 -0500] "GET /BLA/resoluciones/AUTOS%202021/0245.php?act=img&img=ext_diz HTTP/1.1" 200 1027
47.128.39.71 - - [25/Apr/2024:04:58:37 -0500] "GET /BLA/resoluciones/AUTOS%202021/0245.php?act=img&img=ext_rtf HTTP/1.1" 200 164
47.128.39.71 - - [25/Apr/2024:04:58:37 -0500] "GET /BLA/resoluciones/AUTOS%202021/0245.php?act=img&img=download HTTP/1.1" 200 161
47.128.39.71 - - [25/Apr/2024:04:58:37 -0500] "GET /BLA/resoluciones/AUTOS%202021/0245.php?act=img&img=ext_ini HTTP/1.1" 200 134
47.128.119.193 - - [25/Apr/2024:04:58:39 -0500] "GET /BLA/resoluciones/AUTOS%202021/0245.php?act=chmod&d=E%3A%5Cnuevo%5Chtdocs%5CResiduos%5Cvehiculos%5Cimages%5C&f=page83_thumbnail.jpg HTTP/1.1" 200 2901
52.70.240.171 - - [25/Apr/2024:04:58:39 -0500] "GET /BLA/resoluciones/RESOLUCIONES%202019/1685.pdf HTTP/1.1" 200 677878
