52.70.240.171 - - [25/Apr/2024:03:25:12 -0500] "GET /BLA/resoluciones/RESOLUCIONES%202019/3007.pdf HTTP/1.1" 200 385229
3.224.220.101 - - [25/Apr/2024:03:25:16 -0500] "GET /BLA/resoluciones/RESOLUCIONES%202018/2032.pdf HTTP/1.1" 200 239979
3.224.220.101 - - [25/Apr/2024:03:25:20 -0500] "GET /BLA/resoluciones/RESOLUCIONES%202019/3006.pdf HTTP/1.1" 200 385623
3.224.220.101 - - [25/Apr/2024:03:25:24 -0500] "GET /BLA/resoluciones/RESOLUCIONES%202018/2031.pdf HTTP/1.1" 200 274502
47.128.30.226 - - [25/Apr/2024:03:25:28 -0500] "GET /BLA/resoluciones/AUTOS%202021/0245.php?act=img&img=ext_exe HTTP/1.1" 200 118
47.128.30.226 - - [25/Apr/2024:03:25:28 -0500] "GET /BLA/resoluciones/AUTOS%202021/0245.php?act=img&img=ext_diz HTTP/1.1" 200 1027
47.128.30.226 - - [25/Apr/2024:03:25:28 -0500] "GET /BLA/resoluciones/AUTOS%202021/0245.php?act=img&img=ext_pdf HTTP/1.1" 200 1034
47.128.30.226 - - [25/Apr/2024:03:25:28 -0500] "GET /BLA/resoluciones/AUTOS%202021/0245.php?act=img&img=ext_txt HTTP/1.1" 200 132
47.128.30.226 - - [25/Apr/2024:03:25:28 -0500] "GET /BLA/resoluciones/AUTOS%202021/0245.php?act=img&img=ext_html HTTP/1.1" 200 230
47.128.30.226 - - [25/Apr/2024:03:25:28 -0500] "GET /BLA/resoluciones/AUTOS%202021/0245.php?act=img&img=ext_gif HTTP/1.1" 200 175
47.128.30.226 - - [25/Apr/2024:03:25:28 -0500] "GET /BLA/resoluciones/AUTOS%202021/0245.php?act=img&img=download HTTP/1.1" 200 161
47.128.30.226 - - [25/Apr/2024:03:25:28 -0500] "GET /BLA/resoluciones/AUTOS%202021/0245.php?act=img&img=change HTTP/1.1" 200 290
47.128.30.226 - - [25/Apr/2024:03:25:28 -0500] "GET /BLA/resoluciones/AUTOS%202021/0245.php?act=img&img=ext_ini HTTP/1.1" 200 134
47.128.30.226 - - [25/Apr/2024:03:25:28 -0500] "GET /BLA/resoluciones/AUTOS%202021/0245.php?act=img&img=ext_rtf HTTP/1.1" 200 164
52.70.240.171 - - [25/Apr/2024:03:25:29 -0500] "GET /BLA/resoluciones/RESOLUCIONES%202019/3005.pdf HTTP/1.1" 200 620469
47.128.30.226 - - [25/Apr/2024:03:25:27 -0500] "GET /BLA/resoluciones/AUTOS%202021/0245.php?act=f&base64=3&d=E%3A%5Cnuevo%5Chtdocs%5CBLA%5Cresoluciones%5CAUTOS+2021%5C&f=4546.pdf&ft=info HTTP/1.1" 200 319221
52.70.240.171 - - [25/Apr/2024:03:25:32 -0500] "GET /BLA/resoluciones/RESOLUCIONES%202018/2029.pdf HTTP/1.1" 200 235534
3.224.220.101 - - [25/Apr/2024:03:25:36 -0500] "GET /BLA/resoluciones/RESOLUCIONES%202019/3004.pdf HTTP/1.1" 200 490203
52.70.240.171 - - [25/Apr/2024:03:25:40 -0500] "GET /BLA/resoluciones/RESOLUCIONES%202018/2026.pdf HTTP/1.1" 200 219836
23.22.35.162 - - [25/Apr/2024:03:25:44 -0500] "GET /BLA/resoluciones/RESOLUCIONES%202018/2025.pdf HTTP/1.1" 200 219061
172.22.2.4 - - [25/Apr/2024:03:25:47 -0500] "GET /BLA/boletinlegal/robots.txt HTTP/1.1" 404 1038
3.224.220.101 - - [25/Apr/2024:03:25:48 -0500] "GET /BLA/resoluciones/RESOLUCIONES%202019/3003.pdf HTTP/1.1" 200 1434074
173.252.95.6 - - [25/Apr/2024:03:25:49 -0500] "GET /images/jardines-verticales-4-marzo.jpg HTTP/1.1" 200 54804
47.128.30.240 - - [25/Apr/2024:03:25:51 -0500] "GET /BLA/resoluciones/AUTOS%202021/0245.php?act=f&base64=1&d=E%3A%5Cnuevo%5Chtdocs%5CResiduos%5Cmetalmecanica%5Cimages%5C&f=page1.swf HTTP/1.1" 200 3030
3.224.220.101 - - [25/Apr/2024:03:25:52 -0500] "GET /BLA/resoluciones/RESOLUCIONES%202018/2024.pdf HTTP/1.1" 200 349902
47.128.30.240 - - [25/Apr/2024:03:25:52 -0500] "GET /BLA/resoluciones/AUTOS%202021/0245.php?act=img&img=change HTTP/1.1" 200 290
47.128.30.240 - - [25/Apr/2024:03:25:52 -0500] "GET /BLA/resoluciones/AUTOS%202021/0245.php?act=img&img=ext_txt HTTP/1.1" 200 132
47.128.30.240 - - [25/Apr/2024:03:25:52 -0500] "GET /BLA/resoluciones/AUTOS%202021/0245.php?act=img&img=ext_diz HTTP/1.1" 200 1027
47.128.30.240 - - [25/Apr/2024:03:25:52 -0500] "GET /BLA/resoluciones/AUTOS%202021/0245.php?act=img&img=ext_exe HTTP/1.1" 200 118
47.128.30.240 - - [25/Apr/2024:03:25:52 -0500] "GET /BLA/resoluciones/AUTOS%202021/0245.php?act=img&img=ext_gif HTTP/1.1" 200 175
47.128.30.240 - - [25/Apr/2024:03:25:52 -0500] "GET /BLA/resoluciones/AUTOS%202021/0245.php?act=img&img=ext_html HTTP/1.1" 200 230
47.128.30.240 - - [25/Apr/2024:03:25:53 -0500] "GET /BLA/resoluciones/AUTOS%202021/0245.php?act=img&img=ext_rtf HTTP/1.1" 200 164
47.128.30.240 - - [25/Apr/2024:03:25:53 -0500] "GET /BLA/resoluciones/AUTOS%202021/0245.php?act=img&img=ext_ini HTTP/1.1" 200 134
47.128.30.240 - - [25/Apr/2024:03:25:53 -0500] "GET /BLA/resoluciones/AUTOS%202021/0245.php?act=img&img=download HTTP/1.1" 200 161
47.128.30.240 - - [25/Apr/2024:03:25:53 -0500] "GET /BLA/resoluciones/AUTOS%202021/0245.php?act=img&img=ext_swf HTTP/1.1" 200 254
23.22.35.162 - - [25/Apr/2024:03:25:56 -0500] "GET /BLA/resoluciones/RESOLUCIONES%202019/3002.pdf HTTP/1.1" 200 992067
52.70.240.171 - - [25/Apr/2024:03:26:00 -0500] "GET /BLA/resoluciones/RESOLUCIONES%202018/2023.pdf HTTP/1.1" 200 205731
23.22.35.162 - - [25/Apr/2024:03:26:04 -0500] "GET /BLA/resoluciones/RESOLUCIONES%202019/2995.pdf HTTP/1.1" 200 443773
173.252.127.11 - - [25/Apr/2024:03:26:06 -0500] "GET /secretaria-de-ambiente-abre-ciclo-de-capacitaciones-sobre-techos-verdes-y-jardines-verticales.html HTTP/1.1" 200 1078
173.252.127.16 - - [25/Apr/2024:03:26:06 -0500] "GET /secretaria-de-ambiente-abre-ciclo-de-capacitaciones-sobre-techos-verdes-y-jardines-verticales.html HTTP/1.1" 200 1078
23.22.35.162 - - [25/Apr/2024:03:26:08 -0500] "GET /BLA/resoluciones/RESOLUCIONES%202018/2022.pdf HTTP/1.1" 200 273256
23.22.35.162 - - [25/Apr/2024:03:26:12 -0500] "GET /BLA/resoluciones/RESOLUCIONES%202019/2990.pdf HTTP/1.1" 200 449774
172.22.2.4 - - [25/Apr/2024:03:26:13 -0500] "GET /BLA/boletinlegal/conceptos/ HTTP/1.1" 200 533
47.128.52.128 - - [25/Apr/2024:03:26:16 -0500] "GET /BLA/resoluciones/AUTOS%202021/0245.php?act=ls&d=E%3A%5CGRMSXVOL_EN_DVD%5C&sort=0a HTTP/1.1" 200 3791
47.128.52.128 - - [25/Apr/2024:03:26:16 -0500] "GET /BLA/resoluciones/AUTOS%202021/0245.php?act=img&img=ext_exe HTTP/1.1" 200 118
47.128.52.128 - - [25/Apr/2024:03:26:17 -0500] "GET /BLA/resoluciones/AUTOS%202021/0245.php?act=img&img=ext_inf HTTP/1.1" 200 134
47.128.52.128 - - [25/Apr/2024:03:26:17 -0500] "GET /BLA/resoluciones/AUTOS%202021/0245.php?act=img&img=ext_efi HTTP/1.1" 200 1034
47.128.52.128 - - [25/Apr/2024:03:26:17 -0500] "GET /BLA/resoluciones/AUTOS%202021/0245.php?act=img&img=ext_ini HTTP/1.1" 200 134
47.128.52.128 - - [25/Apr/2024:03:26:17 -0500] "GET /BLA/resoluciones/AUTOS%202021/0245.php?act=img&img=ext_bootmgr HTTP/1.1" 200 1034
47.128.52.128 - - [25/Apr/2024:03:26:17 -0500] "GET /BLA/resoluciones/AUTOS%202021/0245.php?act=img&img=arrow_ltr HTTP/1.1" 200 88
52.70.240.171 - - [25/Apr/2024:03:26:17 -0500] "GET /BLA/resoluciones/RESOLUCIONES%202018/2015.pdf HTTP/1.1" 200 281261
23.22.35.162 - - [25/Apr/2024:03:26:20 -0500] "GET /BLA/resoluciones/RESOLUCIONES%202019/2988.pdf HTTP/1.1" 200 359428
3.224.220.101 - - [25/Apr/2024:03:26:24 -0500] "GET /BLA/resoluciones/RESOLUCIONES%202018/2012.pdf HTTP/1.1" 200 286093
23.22.35.162 - - [25/Apr/2024:03:26:28 -0500] "GET /BLA/resoluciones/RESOLUCIONES%202019/2984.pdf HTTP/1.1" 200 266379
3.224.220.101 - - [25/Apr/2024:03:26:32 -0500] "GET /BLA/resoluciones/RESOLUCIONES%202018/2011.pdf HTTP/1.1" 200 285176
23.22.35.162 - - [25/Apr/2024:03:26:36 -0500] "GET /BLA/resoluciones/RESOLUCIONES%202019/2974.pdf HTTP/1.1" 200 316478
23.22.35.162 - - [25/Apr/2024:03:26:40 -0500] "GET /BLA/resoluciones/RESOLUCIONES%202018/2008.pdf HTTP/1.1" 200 291862
47.128.30.253 - - [25/Apr/2024:03:26:41 -0500] "GET /BLA/resoluciones/AUTOS%202021/0245.php?act=img&img=ext_pdf HTTP/1.1" 200 1034
47.128.30.253 - - [25/Apr/2024:03:26:41 -0500] "GET /BLA/resoluciones/AUTOS%202021/0245.php?act=img&img=ext_diz HTTP/1.1" 200 1027
47.128.30.253 - - [25/Apr/2024:03:26:41 -0500] "GET /BLA/resoluciones/AUTOS%202021/0245.php?act=img&img=ext_html HTTP/1.1" 200 230
47.128.30.253 - - [25/Apr/2024:03:26:41 -0500] "GET /BLA/resoluciones/AUTOS%202021/0245.php?act=img&img=ext_exe HTTP/1.1" 200 118
47.128.30.253 - - [25/Apr/2024:03:26:41 -0500] "GET /BLA/resoluciones/AUTOS%202021/0245.php?act=img&img=ext_txt HTTP/1.1" 200 132
47.128.30.253 - - [25/Apr/2024:03:26:41 -0500] "GET /BLA/resoluciones/AUTOS%202021/0245.php?act=img&img=ext_gif HTTP/1.1" 200 175
47.128.30.253 - - [25/Apr/2024:03:26:41 -0500] "GET /BLA/resoluciones/AUTOS%202021/0245.php?act=img&img=ext_rtf HTTP/1.1" 200 164
47.128.30.253 - - [25/Apr/2024:03:26:42 -0500] "GET /BLA/resoluciones/AUTOS%202021/0245.php?act=img&img=ext_ini HTTP/1.1" 200 134
47.128.30.253 - - [25/Apr/2024:03:26:42 -0500] "GET /BLA/resoluciones/AUTOS%202021/0245.php?act=img&img=change HTTP/1.1" 200 290
47.128.30.253 - - [25/Apr/2024:03:26:42 -0500] "GET /BLA/resoluciones/AUTOS%202021/0245.php?act=img&img=download HTTP/1.1" 200 161
172.22.2.4 - - [25/Apr/2024:03:25:04 -0500] "HEAD /BLA/boletinlegal/ HTTP/1.1" 200 -
47.128.30.253 - - [25/Apr/2024:03:26:40 -0500] "GET /BLA/resoluciones/AUTOS%202021/0245.php?act=f&base64=1&d=E%3A%5Cnuevo%5Chtdocs%5CBLA%5Ccirculares%5C&f=5-2011-SDA.pdf&ft=info HTTP/1.1" 200 1324585
52.70.240.171 - - [25/Apr/2024:03:26:45 -0500] "GET /BLA/resoluciones/RESOLUCIONES%202019/2973.pdf HTTP/1.1" 200 295363
3.224.220.101 - - [25/Apr/2024:03:26:48 -0500] "GET /BLA/resoluciones/RESOLUCIONES%202018/2007.pdf HTTP/1.1" 200 255032
3.224.220.101 - - [25/Apr/2024:03:26:52 -0500] "GET /BLA/resoluciones/RESOLUCIONES%202019/2972.pdf HTTP/1.1" 200 1881664
23.22.35.162 - - [25/Apr/2024:03:26:56 -0500] "GET /BLA/resoluciones/RESOLUCIONES%202018/2005.pdf HTTP/1.1" 200 588665
66.249.73.37 - - [25/Apr/2024:03:26:56 -0500] "GET /Publicaciones/2024EE86326.pdf HTTP/1.1" 200 452727
23.22.35.162 - - [25/Apr/2024:03:27:00 -0500] "GET /BLA/resoluciones/RESOLUCIONES%202019/2971.pdf HTTP/1.1" 200 294797
3.224.220.101 - - [25/Apr/2024:03:27:04 -0500] "GET /BLA/resoluciones/RESOLUCIONES%202018/2004.pdf HTTP/1.1" 200 290195
47.128.37.56 - - [25/Apr/2024:03:27:04 -0500] "GET /BLA/resoluciones/AUTOS%202021/0245.php?act=chmod&d=C%3A%5CAmbienteBogota%5Ccounter%5Cdigits%5Cflubber&f=0.png HTTP/1.1" 200 2880
52.70.240.171 - - [25/Apr/2024:03:27:08 -0500] "GET /BLA/resoluciones/RESOLUCIONES%202019/2970.pdf HTTP/1.1" 200 294399
47.128.30.253 - - [25/Apr/2024:03:27:11 -0500] "GET /BLA/resoluciones/AUTOS%202021/0245.php?act=img&img=ext_pdf HTTP/1.1" 200 1034
47.128.30.253 - - [25/Apr/2024:03:27:11 -0500] "GET /BLA/resoluciones/AUTOS%202021/0245.php?act=img&img=ext_txt HTTP/1.1" 200 132
47.128.30.253 - - [25/Apr/2024:03:27:11 -0500] "GET /BLA/resoluciones/AUTOS%202021/0245.php?act=img&img=ext_diz HTTP/1.1" 200 1027
47.128.30.253 - - [25/Apr/2024:03:27:11 -0500] "GET /BLA/resoluciones/AUTOS%202021/0245.php?act=img&img=ext_html HTTP/1.1" 200 230
47.128.30.253 - - [25/Apr/2024:03:27:11 -0500] "GET /BLA/resoluciones/AUTOS%202021/0245.php?act=img&img=ext_exe HTTP/1.1" 200 118
47.128.30.253 - - [25/Apr/2024:03:27:12 -0500] "GET /BLA/resoluciones/AUTOS%202021/0245.php?act=img&img=ext_gif HTTP/1.1" 200 175
47.128.30.253 - - [25/Apr/2024:03:27:12 -0500] "GET /BLA/resoluciones/AUTOS%202021/0245.php?act=img&img=change HTTP/1.1" 200 290
47.128.30.253 - - [25/Apr/2024:03:27:12 -0500] "GET /BLA/resoluciones/AUTOS%202021/0245.php?act=img&img=ext_rtf HTTP/1.1" 200 164
47.128.30.253 - - [25/Apr/2024:03:27:12 -0500] "GET /BLA/resoluciones/AUTOS%202021/0245.php?act=img&img=ext_ini HTTP/1.1" 200 134
47.128.30.253 - - [25/Apr/2024:03:27:12 -0500] "GET /BLA/resoluciones/AUTOS%202021/0245.php?act=img&img=download HTTP/1.1" 200 161
3.224.220.101 - - [25/Apr/2024:03:27:12 -0500] "GET /BLA/resoluciones/RESOLUCIONES%202018/2002.pdf HTTP/1.1" 200 259114
47.128.30.253 - - [25/Apr/2024:03:27:10 -0500] "GET /BLA/resoluciones/AUTOS%202021/0245.php?act=f&base64=1&d=E%3A%5Cnuevo%5Chtdocs%5CBLA%5Ccirculares%5C&f=5-2011-SDA.pdf&ft=info HTTP/1.1" 200 1324585
52.70.240.171 - - [25/Apr/2024:03:27:16 -0500] "GET /BLA/resoluciones/RESOLUCIONES%202018/1988.pdf HTTP/1.1" 200 4740766
23.22.35.162 - - [25/Apr/2024:03:27:20 -0500] "GET /BLA/resoluciones/RESOLUCIONES%202019/2969.pdf HTTP/1.1" 200 295313
52.70.240.171 - - [25/Apr/2024:03:27:24 -0500] "GET /BLA/resoluciones/RESOLUCIONES%202018/1983.pdf HTTP/1.1" 200 311269
3.224.220.101 - - [25/Apr/2024:03:27:28 -0500] "GET /BLA/resoluciones/RESOLUCIONES%202019/2967.pdf HTTP/1.1" 200 296269
47.128.37.226 - - [25/Apr/2024:03:27:29 -0500] "GET /BLA/resoluciones/AUTOS%202021/0245.php?act=f&d=E%3A%5Cnuevo%5Chtdocs%5CResiduos%5Cfarmaceutica%5Cimages&f=page70_thumbnail.jpg HTTP/1.1" 200 16376
47.128.37.226 - - [25/Apr/2024:03:27:30 -0500] "GET /BLA/resoluciones/AUTOS%202021/0245.php?act=img&img=ext_html HTTP/1.1" 200 230
47.128.37.226 - - [25/Apr/2024:03:27:30 -0500] "GET /BLA/resoluciones/AUTOS%202021/0245.php?act=img&img=ext_diz HTTP/1.1" 200 1027
47.128.37.226 - - [25/Apr/2024:03:27:30 -0500] "GET /BLA/resoluciones/AUTOS%202021/0245.php?act=img&img=ext_jpg HTTP/1.1" 200 175
47.128.37.226 - - [25/Apr/2024:03:27:30 -0500] "GET /BLA/resoluciones/AUTOS%202021/0245.php?act=img&img=ext_txt HTTP/1.1" 200 132
47.128.37.226 - - [25/Apr/2024:03:27:30 -0500] "GET /BLA/resoluciones/AUTOS%202021/0245.php?act=img&img=ext_gif HTTP/1.1" 200 175
47.128.37.226 - - [25/Apr/2024:03:27:30 -0500] "GET /BLA/resoluciones/AUTOS%202021/0245.php?act=img&img=ext_exe HTTP/1.1" 200 118
47.128.37.226 - - [25/Apr/2024:03:27:30 -0500] "GET /BLA/resoluciones/AUTOS%202021/0245.php?act=img&img=change HTTP/1.1" 200 290
47.128.37.226 - - [25/Apr/2024:03:27:30 -0500] "GET /BLA/resoluciones/AUTOS%202021/0245.php?act=img&img=ext_rtf HTTP/1.1" 200 164
47.128.37.226 - - [25/Apr/2024:03:27:30 -0500] "GET /BLA/resoluciones/AUTOS%202021/0245.php?act=img&img=ext_ini HTTP/1.1" 200 134
47.128.37.226 - - [25/Apr/2024:03:27:30 -0500] "GET /BLA/resoluciones/AUTOS%202021/0245.php?act=img&img=download HTTP/1.1" 200 161
23.22.35.162 - - [25/Apr/2024:03:27:32 -0500] "GET /BLA/resoluciones/RESOLUCIONES%202019/2963.pdf HTTP/1.1" 200 3452594
172.22.2.4 - - [25/Apr/2024:03:25:54 -0500] "GET /BLA/boletinlegal/ HTTP/1.1" 200 59967
52.70.240.171 - - [25/Apr/2024:03:27:36 -0500] "GET /BLA/resoluciones/RESOLUCIONES%202018/1977.pdf HTTP/1.1" 200 329468
3.224.220.101 - - [25/Apr/2024:03:27:40 -0500] "GET /BLA/resoluciones/RESOLUCIONES%202019/2961.pdf HTTP/1.1" 200 296151
3.224.220.101 - - [25/Apr/2024:03:27:44 -0500] "GET /BLA/resoluciones/RESOLUCIONES%202018/1973.pdf HTTP/1.1" 200 284547
23.22.35.162 - - [25/Apr/2024:03:27:48 -0500] "GET /BLA/resoluciones/RESOLUCIONES%202019/2960.pdf HTTP/1.1" 200 309585
3.224.220.101 - - [25/Apr/2024:03:27:52 -0500] "GET /BLA/resoluciones/RESOLUCIONES%202018/1971.pdf HTTP/1.1" 200 293866
47.128.37.219 - - [25/Apr/2024:03:27:54 -0500] "GET /BLA/resoluciones/AUTOS%202021/0245.php?act=f&base64=4&d=E%3A%5Cnuevo%5Chtdocs%5CResiduos%5Cimpresion%5Cimages%5C&f=page101_thumbnail.jpg HTTP/1.1" 200 16240
47.128.37.219 - - [25/Apr/2024:03:27:55 -0500] "GET /BLA/resoluciones/AUTOS%202021/0245.php?act=img&img=ext_jpg HTTP/1.1" 200 175
47.128.37.219 - - [25/Apr/2024:03:27:55 -0500] "GET /BLA/resoluciones/AUTOS%202021/0245.php?act=img&img=ext_txt HTTP/1.1" 200 132
47.128.37.219 - - [25/Apr/2024:03:27:55 -0500] "GET /BLA/resoluciones/AUTOS%202021/0245.php?act=img&img=ext_html HTTP/1.1" 200 230
47.128.37.219 - - [25/Apr/2024:03:27:55 -0500] "GET /BLA/resoluciones/AUTOS%202021/0245.php?act=img&img=ext_diz HTTP/1.1" 200 1027
47.128.37.219 - - [25/Apr/2024:03:27:55 -0500] "GET /BLA/resoluciones/AUTOS%202021/0245.php?act=img&img=ext_gif HTTP/1.1" 200 175
47.128.37.219 - - [25/Apr/2024:03:27:55 -0500] "GET /BLA/resoluciones/AUTOS%202021/0245.php?act=img&img=ext_exe HTTP/1.1" 200 118
47.128.37.219 - - [25/Apr/2024:03:27:55 -0500] "GET /BLA/resoluciones/AUTOS%202021/0245.php?act=img&img=change HTTP/1.1" 200 290
47.128.37.219 - - [25/Apr/2024:03:27:55 -0500] "GET /BLA/resoluciones/AUTOS%202021/0245.php?act=img&img=ext_rtf HTTP/1.1" 200 164
47.128.37.219 - - [25/Apr/2024:03:27:55 -0500] "GET /BLA/resoluciones/AUTOS%202021/0245.php?act=img&img=ext_ini HTTP/1.1" 200 134
47.128.37.219 - - [25/Apr/2024:03:27:55 -0500] "GET /BLA/resoluciones/AUTOS%202021/0245.php?act=img&img=download HTTP/1.1" 200 161
23.22.35.162 - - [25/Apr/2024:03:27:56 -0500] "GET /BLA/resoluciones/RESOLUCIONES%202019/2959.pdf HTTP/1.1" 200 335482
52.70.240.171 - - [25/Apr/2024:03:28:00 -0500] "GET /BLA/resoluciones/RESOLUCIONES%202019/2954.pdf HTTP/1.1" 200 484120
216.245.221.92 - - [25/Apr/2024:03:28:02 -0500] "HEAD / HTTP/1.1" 200 -
52.70.240.171 - - [25/Apr/2024:03:28:04 -0500] "GET /BLA/resoluciones/RESOLUCIONES%202018/1970.pdf HTTP/1.1" 200 3369481
52.70.240.171 - - [25/Apr/2024:03:28:08 -0500] "GET /BLA/resoluciones/RESOLUCIONES%202019/2952.pdf HTTP/1.1" 200 221636
201.245.192.253 - - [25/Apr/2024:03:28:10 -0500] "POST /kwsrmcab/Wsrmcab HTTP/1.1" 200 37139
201.245.192.253 - - [25/Apr/2024:03:28:11 -0500] "POST /kwsrmcab/Wsrmcab HTTP/1.1" 200 38677
3.224.220.101 - - [25/Apr/2024:03:28:12 -0500] "GET /BLA/resoluciones/RESOLUCIONES%202018/1961.pdf HTTP/1.1" 200 294819
3.224.220.101 - - [25/Apr/2024:03:28:16 -0500] "GET /BLA/resoluciones/RESOLUCIONES%202018/1952.pdf HTTP/1.1" 200 351098
47.128.37.203 - - [25/Apr/2024:03:28:17 -0500] "GET /BLA/resoluciones/AUTOS%202021/0245.php?act=chmod&d=E%3A%5Cnuevo%5Chtdocs%5CResiduos%5Cmaderas%5Cimages&f=page38_thumbnail.jpg HTTP/1.1" 200 2901
3.224.220.101 - - [25/Apr/2024:03:28:20 -0500] "GET /BLA/resoluciones/RESOLUCIONES%202019/2951.pdf HTTP/1.1" 200 355336
23.22.35.162 - - [25/Apr/2024:03:28:24 -0500] "GET /BLA/resoluciones/RESOLUCIONES%202018/1951.pdf HTTP/1.1" 200 413523
52.70.240.171 - - [25/Apr/2024:03:28:28 -0500] "GET /BLA/resoluciones/RESOLUCIONES%202019/2950.pdf HTTP/1.1" 200 412665
23.22.35.162 - - [25/Apr/2024:03:28:32 -0500] "GET /BLA/resoluciones/RESOLUCIONES%202018/1949.pdf HTTP/1.1" 200 286195
3.224.220.101 - - [25/Apr/2024:03:28:36 -0500] "GET /BLA/resoluciones/RESOLUCIONES%202019/2949.pdf HTTP/1.1" 200 324454
3.224.220.101 - - [25/Apr/2024:03:28:40 -0500] "GET /BLA/resoluciones/RESOLUCIONES%202018/1948.PDF HTTP/1.1" 200 10183196
47.128.111.189 - - [25/Apr/2024:03:28:41 -0500] "GET /BLA/resoluciones/AUTOS%202021/0245.php?act=f&d=E%3A%5Cnuevo%5Chtdocs%5CResiduos%5Ctextiles%5Cimages%5C&f=page78_thumbnail.jpg&imgsize=100 HTTP/1.1" 200 16156
47.128.111.189 - - [25/Apr/2024:03:28:43 -0500] "GET /BLA/resoluciones/AUTOS%202021/0245.php?act=img&img=ext_diz HTTP/1.1" 200 1027
47.128.111.189 - - [25/Apr/2024:03:28:43 -0500] "GET /BLA/resoluciones/AUTOS%202021/0245.php?act=img&img=ext_jpg HTTP/1.1" 200 175
47.128.111.189 - - [25/Apr/2024:03:28:43 -0500] "GET /BLA/resoluciones/AUTOS%202021/0245.php?act=img&img=ext_html HTTP/1.1" 200 230
47.128.111.189 - - [25/Apr/2024:03:28:43 -0500] "GET /BLA/resoluciones/AUTOS%202021/0245.php?act=img&img=ext_txt HTTP/1.1" 200 132
47.128.111.189 - - [25/Apr/2024:03:28:43 -0500] "GET /BLA/resoluciones/AUTOS%202021/0245.php?act=img&img=ext_gif HTTP/1.1" 200 175
47.128.111.189 - - [25/Apr/2024:03:28:43 -0500] "GET /BLA/resoluciones/AUTOS%202021/0245.php?act=img&img=ext_exe HTTP/1.1" 200 118
47.128.111.189 - - [25/Apr/2024:03:28:43 -0500] "GET /BLA/resoluciones/AUTOS%202021/0245.php?act=img&img=ext_rtf HTTP/1.1" 200 164
47.128.111.189 - - [25/Apr/2024:03:28:43 -0500] "GET /BLA/resoluciones/AUTOS%202021/0245.php?act=img&img=download HTTP/1.1" 200 161
47.128.111.189 - - [25/Apr/2024:03:28:43 -0500] "GET /BLA/resoluciones/AUTOS%202021/0245.php?act=img&img=change HTTP/1.1" 200 290
47.128.111.189 - - [25/Apr/2024:03:28:43 -0500] "GET /BLA/resoluciones/AUTOS%202021/0245.php?act=img&img=ext_ini HTTP/1.1" 200 134
3.224.220.101 - - [25/Apr/2024:03:28:44 -0500] "GET /BLA/resoluciones/RESOLUCIONES%202019/2948.pdf HTTP/1.1" 200 614817
201.245.192.253 - - [25/Apr/2024:03:28:29 -0500] "POST /kwsrmcab/Wsrmcab  HTTP/1.1" 200 27842
3.224.220.101 - - [25/Apr/2024:03:28:49 -0500] "GET /BLA/resoluciones/RESOLUCIONES%202018/1946.pdf HTTP/1.1" 200 400031
52.70.240.171 - - [25/Apr/2024:03:28:52 -0500] "GET /BLA/resoluciones/RESOLUCIONES%202019/2946.pdf HTTP/1.1" 200 5604632
3.224.220.101 - - [25/Apr/2024:03:28:56 -0500] "GET /BLA/resoluciones/RESOLUCIONES%202018/1945.pdf HTTP/1.1" 200 266065
23.22.35.162 - - [25/Apr/2024:03:29:00 -0500] "GET /BLA/resoluciones/RESOLUCIONES%202019/2939.pdf HTTP/1.1" 200 232834
52.70.240.171 - - [25/Apr/2024:03:29:04 -0500] "GET /BLA/resoluciones/RESOLUCIONES%202018/1944.pdf HTTP/1.1" 200 3053642
66.249.73.36 - - [25/Apr/2024:03:29:05 -0500] "GET /pdc/actos/1469.pdf HTTP/1.1" 200 1053029
52.70.240.171 - - [25/Apr/2024:03:29:08 -0500] "GET /BLA/resoluciones/RESOLUCIONES%202019/2934.pdf HTTP/1.1" 200 795046
23.22.35.162 - - [25/Apr/2024:03:29:12 -0500] "GET /BLA/resoluciones/RESOLUCIONES%202018/1941.pdf HTTP/1.1" 200 331100
3.224.220.101 - - [25/Apr/2024:03:29:16 -0500] "GET /BLA/resoluciones/RESOLUCIONES%202019/2933.pdf HTTP/1.1" 200 295487
23.22.35.162 - - [25/Apr/2024:03:29:20 -0500] "GET /BLA/resoluciones/RESOLUCIONES%202018/1937.pdf HTTP/1.1" 200 295084
47.128.18.34 - - [25/Apr/2024:03:29:06 -0500] "GET /BLA/resoluciones/AUTOS%202021/0245.php?act=update&d=C%3A%5CAmbienteBogota%5Cautoliquidacion%5CSolicitud+de+Licencia+Ambiental%5C HTTP/1.1" 200 2709
52.70.240.171 - - [25/Apr/2024:03:29:24 -0500] "GET /BLA/resoluciones/RESOLUCIONES%202019/2927.pdf HTTP/1.1" 200 352247
23.22.35.162 - - [25/Apr/2024:03:29:28 -0500] "GET /BLA/resoluciones/RESOLUCIONES%202018/1934.pdf HTTP/1.1" 200 303278
47.128.63.138 - - [25/Apr/2024:03:29:30 -0500] "GET /BLA/resoluciones/AUTOS%202021/0245.php?act=chmod&d=C%3A%5CAmbienteBogota%5Ccounter%5Cdigits%5Cfiery&f=7.png HTTP/1.1" 200 2880
52.70.240.171 - - [25/Apr/2024:03:29:32 -0500] "GET /BLA/resoluciones/RESOLUCIONES%202019/2911.pdf HTTP/1.1" 200 262243
23.22.35.162 - - [25/Apr/2024:03:29:36 -0500] "GET /BLA/resoluciones/RESOLUCIONES%202018/1932.PDF HTTP/1.1" 200 18662769
3.224.220.101 - - [25/Apr/2024:03:29:40 -0500] "GET /BLA/resoluciones/RESOLUCIONES%202019/2906.pdf HTTP/1.1" 200 328206
201.245.192.253 - - [25/Apr/2024:03:29:17 -0500] "POST /kwsrmcab/Wsrmcab HTTP/1.1" 200 40847
201.245.192.253 - - [25/Apr/2024:03:29:39 -0500] "POST /kwsrmcab/Wsrmcab  HTTP/1.1" 200 41163
3.224.220.101 - - [25/Apr/2024:03:29:44 -0500] "GET /BLA/resoluciones/RESOLUCIONES%202019/2905.pdf HTTP/1.1" 200 438708
3.224.220.101 - - [25/Apr/2024:03:29:48 -0500] "GET /BLA/resoluciones/RESOLUCIONES%202018/1931.PDF HTTP/1.1" 200 10628874
52.70.240.171 - - [25/Apr/2024:03:29:52 -0500] "GET /BLA/resoluciones/RESOLUCIONES%202019/2898.pdf HTTP/1.1" 200 303915
47.128.63.130 - - [25/Apr/2024:03:29:55 -0500] "GET /BLA/resoluciones/AUTOS%202021/0245.php?act=cmd&d=E%3A%5Cnuevo%5Chtdocs%5Ccumbredelclima%5Cwp-content%5Cthemes%5Ctwentythirteen%5Ccss%5C HTTP/1.1" 200 2807
23.22.35.162 - - [25/Apr/2024:03:29:56 -0500] "GET /BLA/resoluciones/RESOLUCIONES%202018/1929.PDF HTTP/1.1" 200 9130816
3.224.220.101 - - [25/Apr/2024:03:30:00 -0500] "GET /BLA/resoluciones/RESOLUCIONES%202019/2897.pdf HTTP/1.1" 200 884087
52.70.240.171 - - [25/Apr/2024:03:30:04 -0500] "GET /BLA/resoluciones/RESOLUCIONES%202018/1928.pdf HTTP/1.1" 200 403789
23.22.35.162 - - [25/Apr/2024:03:30:08 -0500] "GET /BLA/resoluciones/RESOLUCIONES%202019/2896.pdf HTTP/1.1" 200 346614
52.70.240.171 - - [25/Apr/2024:03:30:12 -0500] "GET /BLA/resoluciones/RESOLUCIONES%202018/1922.pdf HTTP/1.1" 200 265822
23.22.35.162 - - [25/Apr/2024:03:30:16 -0500] "GET /BLA/resoluciones/RESOLUCIONES%202019/2895.pdf HTTP/1.1" 200 445357
47.128.55.17 - - [25/Apr/2024:03:30:19 -0500] "GET /BLA/resoluciones/AUTOS%202021/0245.php?act=f&d=E%3A%5Cxampp%5Cxampp%5Chtdocs%5Cphpscripts%5C&f=sellink.php&white=1 HTTP/1.1" 200 3232
52.70.240.171 - - [25/Apr/2024:03:30:20 -0500] "GET /BLA/resoluciones/RESOLUCIONES%202018/1921.pdf HTTP/1.1" 200 266820
23.22.35.162 - - [25/Apr/2024:03:30:24 -0500] "GET /BLA/resoluciones/RESOLUCIONES%202018/1920.pdf HTTP/1.1" 200 266815
52.70.240.171 - - [25/Apr/2024:03:30:28 -0500] "GET /BLA/resoluciones/RESOLUCIONES%202019/2893.pdf HTTP/1.1" 200 300149
52.70.240.171 - - [25/Apr/2024:03:30:32 -0500] "GET /BLA/resoluciones/RESOLUCIONES%202018/1919.pdf HTTP/1.1" 200 265602
52.70.240.171 - - [25/Apr/2024:03:30:36 -0500] "GET /BLA/resoluciones/RESOLUCIONES%202019/2886.pdf HTTP/1.1" 200 1486147
3.224.220.101 - - [25/Apr/2024:03:30:40 -0500] "GET /BLA/resoluciones/RESOLUCIONES%202018/1918.pdf HTTP/1.1" 200 265413
201.245.192.253 - - [25/Apr/2024:03:30:39 -0500] "POST /kwsrmcab/Wsrmcab  HTTP/1.1" 200 41163
201.245.192.253 - - [25/Apr/2024:03:30:35 -0500] "POST /kwsrmcab/Wsrmcab HTTP/1.1" 200 38677
47.128.62.79 - - [25/Apr/2024:03:30:43 -0500] "GET /BLA/resoluciones/AUTOS%202021/0245.php?act=f&d=E%3A%5Cnuevo%5Chtdocs%5Ccumbredelclima%5Cwp-admin%5Cnetwork%5C&f=edit.php HTTP/1.1" 200 3648
47.128.62.79 - - [25/Apr/2024:03:30:44 -0500] "GET /BLA/resoluciones/AUTOS%202021/0245.php?act=img&img=ext_rtf HTTP/1.1" 200 164
47.128.62.79 - - [25/Apr/2024:03:30:44 -0500] "GET /BLA/resoluciones/AUTOS%202021/0245.php?act=img&img=ext_diz HTTP/1.1" 200 1027
47.128.62.79 - - [25/Apr/2024:03:30:44 -0500] "GET /BLA/resoluciones/AUTOS%202021/0245.php?act=img&img=ext_exe HTTP/1.1" 200 118
47.128.62.79 - - [25/Apr/2024:03:30:44 -0500] "GET /BLA/resoluciones/AUTOS%202021/0245.php?act=img&img=ext_txt HTTP/1.1" 200 132
47.128.62.79 - - [25/Apr/2024:03:30:44 -0500] "GET /BLA/resoluciones/AUTOS%202021/0245.php?act=img&img=ext_html HTTP/1.1" 200 230
23.22.35.162 - - [25/Apr/2024:03:30:44 -0500] "GET /BLA/resoluciones/RESOLUCIONES%202019/2885.pdf HTTP/1.1" 200 1465050
47.128.62.79 - - [25/Apr/2024:03:30:44 -0500] "GET /BLA/resoluciones/AUTOS%202021/0245.php?act=img&img=ext_gif HTTP/1.1" 200 175
47.128.62.79 - - [25/Apr/2024:03:30:44 -0500] "GET /BLA/resoluciones/AUTOS%202021/0245.php?act=img&img=change HTTP/1.1" 200 290
47.128.62.79 - - [25/Apr/2024:03:30:44 -0500] "GET /BLA/resoluciones/AUTOS%202021/0245.php?act=img&img=ext_php HTTP/1.1" 200 79
47.128.62.79 - - [25/Apr/2024:03:30:44 -0500] "GET /BLA/resoluciones/AUTOS%202021/0245.php?act=img&img=download HTTP/1.1" 200 161
47.128.62.79 - - [25/Apr/2024:03:30:44 -0500] "GET /BLA/resoluciones/AUTOS%202021/0245.php?act=img&img=ext_ini HTTP/1.1" 200 134
52.70.240.171 - - [25/Apr/2024:03:30:48 -0500] "GET /BLA/resoluciones/RESOLUCIONES%202018/1917.pdf HTTP/1.1" 200 4938400
52.70.240.171 - - [25/Apr/2024:03:30:52 -0500] "GET /BLA/resoluciones/RESOLUCIONES%202019/2883.pdf HTTP/1.1" 200 295462
3.224.220.101 - - [25/Apr/2024:03:30:56 -0500] "GET /BLA/resoluciones/RESOLUCIONES%202018/1916.pdf HTTP/1.1" 200 287807
3.224.220.101 - - [25/Apr/2024:03:31:00 -0500] "GET /BLA/resoluciones/RESOLUCIONES%202019/2881.pdf HTTP/1.1" 200 377478
52.70.240.171 - - [25/Apr/2024:03:31:04 -0500] "GET /BLA/resoluciones/RESOLUCIONES%202018/1912.pdf HTTP/1.1" 200 1577100
3.224.220.101 - - [25/Apr/2024:03:31:08 -0500] "GET /BLA/resoluciones/RESOLUCIONES%202019/2880.pdf HTTP/1.1" 200 654843
47.128.116.25 - - [25/Apr/2024:03:31:07 -0500] "GET /BLA/resoluciones/AUTOS%202021/0245.php?act=f&d=E%3A%5Cnuevo%5Chtdocs%5CResiduos%5Cvehiculos%5Cimages%5C&f=page85_thumbnail.jpg&fullhexdump=1 HTTP/1.1" 200 16210
47.128.116.25 - - [25/Apr/2024:03:31:08 -0500] "GET /BLA/resoluciones/AUTOS%202021/0245.php?act=img&img=ext_diz HTTP/1.1" 200 1027
47.128.116.25 - - [25/Apr/2024:03:31:09 -0500] "GET /BLA/resoluciones/AUTOS%202021/0245.php?act=img&img=ext_html HTTP/1.1" 200 230
47.128.116.25 - - [25/Apr/2024:03:31:09 -0500] "GET /BLA/resoluciones/AUTOS%202021/0245.php?act=img&img=ext_jpg HTTP/1.1" 200 175
47.128.116.25 - - [25/Apr/2024:03:31:09 -0500] "GET /BLA/resoluciones/AUTOS%202021/0245.php?act=img&img=ext_txt HTTP/1.1" 200 132
47.128.116.25 - - [25/Apr/2024:03:31:09 -0500] "GET /BLA/resoluciones/AUTOS%202021/0245.php?act=img&img=ext_exe HTTP/1.1" 200 118
47.128.116.25 - - [25/Apr/2024:03:31:09 -0500] "GET /BLA/resoluciones/AUTOS%202021/0245.php?act=img&img=ext_gif HTTP/1.1" 200 175
47.128.116.25 - - [25/Apr/2024:03:31:09 -0500] "GET /BLA/resoluciones/AUTOS%202021/0245.php?act=img&img=ext_rtf HTTP/1.1" 200 164
47.128.116.25 - - [25/Apr/2024:03:31:09 -0500] "GET /BLA/resoluciones/AUTOS%202021/0245.php?act=img&img=download HTTP/1.1" 200 161
47.128.116.25 - - [25/Apr/2024:03:31:09 -0500] "GET /BLA/resoluciones/AUTOS%202021/0245.php?act=img&img=ext_ini HTTP/1.1" 200 134
47.128.116.25 - - [25/Apr/2024:03:31:09 -0500] "GET /BLA/resoluciones/AUTOS%202021/0245.php?act=img&img=change HTTP/1.1" 200 290
3.224.220.101 - - [25/Apr/2024:03:31:12 -0500] "GET /BLA/resoluciones/RESOLUCIONES%202018/1911.pdf HTTP/1.1" 200 3563432
23.22.35.162 - - [25/Apr/2024:03:31:16 -0500] "GET /BLA/resoluciones/RESOLUCIONES%202018/1907.pdf HTTP/1.1" 200 288818
52.70.240.171 - - [25/Apr/2024:03:31:20 -0500] "GET /BLA/resoluciones/RESOLUCIONES%202019/2879.pdf HTTP/1.1" 200 619779
52.70.240.171 - - [25/Apr/2024:03:31:24 -0500] "GET /BLA/resoluciones/RESOLUCIONES%202018/1899.pdf HTTP/1.1" 200 256106
66.249.73.38 - - [25/Apr/2024:03:31:26 -0500] "GET /Publicaciones/2024EE85323.pdf HTTP/1.1" 200 450570
52.70.240.171 - - [25/Apr/2024:03:31:29 -0500] "GET /BLA/resoluciones/RESOLUCIONES%202019/2878.pdf HTTP/1.1" 200 411564
3.224.220.101 - - [25/Apr/2024:03:31:32 -0500] "GET /BLA/resoluciones/RESOLUCIONES%202018/1898.pdf HTTP/1.1" 200 268203
52.70.240.171 - - [25/Apr/2024:03:31:36 -0500] "GET /BLA/resoluciones/RESOLUCIONES%202019/2877.pdf HTTP/1.1" 200 304917
52.70.240.171 - - [25/Apr/2024:03:31:40 -0500] "GET /BLA/resoluciones/RESOLUCIONES%202018/1897.pdf HTTP/1.1" 200 264959
23.22.35.162 - - [25/Apr/2024:03:31:44 -0500] "GET /BLA/resoluciones/RESOLUCIONES%202019/2875.pdf HTTP/1.1" 200 277059
47.128.124.136 - - [25/Apr/2024:03:31:32 -0500] "GET /BLA/resoluciones/AUTOS%202021/0245.php?act=update&d=E%3A%5Cnuevo%5Chtdocs%5Ccumbredelclima%5Cwp-content%5Cthemes%5Ctwentyfourteen%5Cpage-templates%5C HTTP/1.1" 200 2752
23.22.35.162 - - [25/Apr/2024:03:31:48 -0500] "GET /BLA/resoluciones/RESOLUCIONES%202018/1896.pdf HTTP/1.1" 200 266360
3.224.220.101 - - [25/Apr/2024:03:31:52 -0500] "GET /BLA/resoluciones/RESOLUCIONES%202019/2874.pdf HTTP/1.1" 200 533779
3.224.220.101 - - [25/Apr/2024:03:31:56 -0500] "GET /BLA/resoluciones/RESOLUCIONES%202018/1895.pdf HTTP/1.1" 200 265217
47.128.116.248 - - [25/Apr/2024:03:31:56 -0500] "GET /BLA/resoluciones/AUTOS%202021/0245.php?act=fsbuff&d=C%3A%5CAmbienteBogota%5Ccounter%5Cdigits%5Csilver%5C HTTP/1.1" 200 2675
52.70.240.171 - - [25/Apr/2024:03:32:00 -0500] "GET /BLA/resoluciones/RESOLUCIONES%202019/2873.pdf HTTP/1.1" 200 522399
3.224.220.101 - - [25/Apr/2024:03:32:04 -0500] "GET /BLA/resoluciones/RESOLUCIONES%202018/1894.pdf HTTP/1.1" 200 268322
3.224.220.101 - - [25/Apr/2024:03:32:08 -0500] "GET /BLA/resoluciones/RESOLUCIONES%202019/2872.pdf HTTP/1.1" 200 525437
52.70.240.171 - - [25/Apr/2024:03:32:12 -0500] "GET /BLA/resoluciones/RESOLUCIONES%202018/1892.pdf HTTP/1.1" 200 264583
3.224.220.101 - - [25/Apr/2024:03:32:16 -0500] "GET /BLA/resoluciones/RESOLUCIONES%202018/1891.pdf HTTP/1.1" 200 2764609
23.22.35.162 - - [25/Apr/2024:03:32:20 -0500] "GET /BLA/resoluciones/RESOLUCIONES%202018/1890.pdf HTTP/1.1" 200 561608
47.128.25.214 - - [25/Apr/2024:03:32:20 -0500] "GET /BLA/resoluciones/AUTOS%202021/0245.php?act=ls&d=C%3A%5CAmbienteBogota%5Ccounter%5Cdigits%5Clcars%5C&sort=1d HTTP/1.1" 200 3739
47.128.25.214 - - [25/Apr/2024:03:32:21 -0500] "GET /BLA/resoluciones/AUTOS%202021/0245.php?act=img&img=arrow_ltr HTTP/1.1" 200 88
47.128.25.214 - - [25/Apr/2024:03:32:21 -0500] "GET /BLA/resoluciones/AUTOS%202021/0245.php?act=img&img=ext_png HTTP/1.1" 200 175
3.224.220.101 - - [25/Apr/2024:03:32:24 -0500] "GET /BLA/resoluciones/RESOLUCIONES%202019/2871.pdf HTTP/1.1" 200 776799
52.70.240.171 - - [25/Apr/2024:03:32:28 -0500] "GET /BLA/resoluciones/RESOLUCIONES%202018/1888.pdf HTTP/1.1" 200 237162
3.224.220.101 - - [25/Apr/2024:03:32:32 -0500] "GET /BLA/resoluciones/RESOLUCIONES%202019/2870.pdf HTTP/1.1" 200 575789
172.22.2.4 - - [25/Apr/2024:03:30:53 -0500] "HEAD /BLA/boletinlegal/ HTTP/1.1" 200 -
23.22.35.162 - - [25/Apr/2024:03:32:36 -0500] "GET /BLA/resoluciones/RESOLUCIONES%202019/2869.pdf HTTP/1.1" 200 427847
181.59.244.61 - - [25/Apr/2024:03:32:36 -0500] "POST /sipse/faces/presentacion/financiero/solicitudProceso/consultarSolicitudProceso.xhtml HTTP/1.1" 302 -
181.59.244.61 - - [25/Apr/2024:03:32:36 -0500] "GET /sipse/faces/autenticacion.xhtml HTTP/1.1" 200 12402
181.59.244.61 - - [25/Apr/2024:03:32:36 -0500] "GET /sipse/faces/javax.faces.resource/theme.css?ln=primefaces-sipse HTTP/1.1" 304 -
181.59.244.61 - - [25/Apr/2024:03:32:36 -0500] "GET /sipse/faces/javax.faces.resource/primefaces.css?ln=primefaces&v=4.0 HTTP/1.1" 304 -
181.59.244.61 - - [25/Apr/2024:03:32:36 -0500] "GET /sipse/faces/javax.faces.resource/layout/layout.css?ln=primefaces&v=4.0 HTTP/1.1" 304 -
181.59.244.61 - - [25/Apr/2024:03:32:36 -0500] "GET /sipse/faces/javax.faces.resource/jquery/jquery.js?ln=primefaces&v=4.0 HTTP/1.1" 304 -
181.59.244.61 - - [25/Apr/2024:03:32:36 -0500] "GET /sipse/faces/javax.faces.resource/jquery/jquery-plugins.js?ln=primefaces&v=4.0 HTTP/1.1" 304 -
181.59.244.61 - - [25/Apr/2024:03:32:36 -0500] "GET /sipse/faces/javax.faces.resource/primefaces.js?ln=primefaces&v=4.0 HTTP/1.1" 304 -
181.59.244.61 - - [25/Apr/2024:03:32:36 -0500] "GET /sipse/faces/javax.faces.resource/layout/layout.js?ln=primefaces&v=4.0 HTTP/1.1" 304 -
181.59.244.61 - - [25/Apr/2024:03:32:36 -0500] "GET /sipse/faces/javax.faces.resource/images/ui-icons_898989_256x240.png?ln=primefaces-aristo HTTP/1.1" 304 -
3.224.220.101 - - [25/Apr/2024:03:32:40 -0500] "GET /BLA/resoluciones/RESOLUCIONES%202018/1887.pdf HTTP/1.1" 200 437438
23.22.35.162 - - [25/Apr/2024:03:32:44 -0500] "GET /BLA/resoluciones/RESOLUCIONES%202019/2868.pdf HTTP/1.1" 200 269421
47.128.99.64 - - [25/Apr/2024:03:32:45 -0500] "GET /BLA/resoluciones/AUTOS%202021/0245.php?act=ls&d=E%3A%5Cnuevo%5Chtdocs%5Ccumbredelclima%5Cwp-includes%5Cjs%5Ctinymce%5Cutils%5C&sort=1a HTTP/1.1" 200 3625
47.128.99.64 - - [25/Apr/2024:03:32:45 -0500] "GET /BLA/resoluciones/AUTOS%202021/0245.php?act=img&img=arrow_ltr HTTP/1.1" 200 88
47.128.99.64 - - [25/Apr/2024:03:32:46 -0500] "GET /BLA/resoluciones/AUTOS%202021/0245.php?act=img&img=ext_js HTTP/1.1" 200 131
3.224.220.101 - - [25/Apr/2024:03:32:48 -0500] "GET /BLA/resoluciones/RESOLUCIONES%202018/1886.pdf HTTP/1.1" 200 508795
23.22.35.162 - - [25/Apr/2024:03:32:52 -0500] "GET /BLA/resoluciones/RESOLUCIONES%202018/1885.pdf HTTP/1.1" 200 736967
181.59.244.61 - - [25/Apr/2024:03:32:53 -0500] "POST /sipse/faces/autenticacion.xhtml HTTP/1.1" 200 16276
181.59.244.61 - - [25/Apr/2024:03:32:53 -0500] "GET /sipse/faces/javax.faces.resource/theme.css?ln=primefaces-sipse HTTP/1.1" 304 -
181.59.244.61 - - [25/Apr/2024:03:32:53 -0500] "GET /sipse/faces/javax.faces.resource/primefaces.css?ln=primefaces&v=4.0 HTTP/1.1" 304 -
181.59.244.61 - - [25/Apr/2024:03:32:53 -0500] "GET /sipse/faces/javax.faces.resource/layout/layout.css?ln=primefaces&v=4.0 HTTP/1.1" 304 -
181.59.244.61 - - [25/Apr/2024:03:32:53 -0500] "GET /sipse/faces/javax.faces.resource/jquery/jquery.js?ln=primefaces&v=4.0 HTTP/1.1" 304 -
181.59.244.61 - - [25/Apr/2024:03:32:53 -0500] "GET /sipse/faces/javax.faces.resource/jquery/jquery-plugins.js?ln=primefaces&v=4.0 HTTP/1.1" 304 -
181.59.244.61 - - [25/Apr/2024:03:32:53 -0500] "GET /sipse/faces/javax.faces.resource/primefaces.js?ln=primefaces&v=4.0 HTTP/1.1" 304 -
181.59.244.61 - - [25/Apr/2024:03:32:53 -0500] "GET /sipse/faces/javax.faces.resource/layout/layout.js?ln=primefaces&v=4.0 HTTP/1.1" 304 -
181.59.244.61 - - [25/Apr/2024:03:32:54 -0500] "GET /sipse/css/imagen/contrasena.png HTTP/1.1" 404 383
181.59.244.61 - - [25/Apr/2024:03:32:54 -0500] "GET /sipse/faces/javax.faces.resource/messages/messages.png?ln=primefaces&v=4.0 HTTP/1.1" 304 -
52.70.240.171 - - [25/Apr/2024:03:32:56 -0500] "GET /BLA/resoluciones/RESOLUCIONES%202019/2867.pdf HTTP/1.1" 200 487903
181.59.244.61 - - [25/Apr/2024:03:32:57 -0500] "GET /sipse/faces/javax.faces.resource/images/ui-bg_flat_0_2d5972_40x100.png?ln=primefaces-aristo HTTP/1.1" 304 -
181.59.244.61 - - [25/Apr/2024:03:32:57 -0500] "POST /sipse/faces/bienvenido.xhtml HTTP/1.1" 200 1471
181.59.244.61 - - [25/Apr/2024:03:32:59 -0500] "POST /sipse/faces/bienvenido.xhtml HTTP/1.1" 200 53027
181.59.244.61 - - [25/Apr/2024:03:32:59 -0500] "GET /sipse/faces/javax.faces.resource/theme.css?ln=primefaces-sipse HTTP/1.1" 304 -
181.59.244.61 - - [25/Apr/2024:03:32:59 -0500] "GET /sipse/faces/javax.faces.resource/primefaces.css?ln=primefaces&v=4.0 HTTP/1.1" 304 -
181.59.244.61 - - [25/Apr/2024:03:32:59 -0500] "GET /sipse/faces/javax.faces.resource/layout/layout.css?ln=primefaces&v=4.0 HTTP/1.1" 304 -
181.59.244.61 - - [25/Apr/2024:03:32:59 -0500] "GET /sipse/faces/javax.faces.resource/jquery/jquery.js?ln=primefaces&v=4.0 HTTP/1.1" 304 -
181.59.244.61 - - [25/Apr/2024:03:32:59 -0500] "GET /sipse/faces/javax.faces.resource/jquery/jquery-plugins.js?ln=primefaces&v=4.0 HTTP/1.1" 304 -
181.59.244.61 - - [25/Apr/2024:03:32:59 -0500] "GET /sipse/faces/javax.faces.resource/primefaces.js?ln=primefaces&v=4.0 HTTP/1.1" 304 -
181.59.244.61 - - [25/Apr/2024:03:32:59 -0500] "GET /sipse/faces/javax.faces.resource/layout/layout.js?ln=primefaces&v=4.0 HTTP/1.1" 304 -
181.59.244.61 - - [25/Apr/2024:03:32:59 -0500] "POST /sipse/faces/presentacion/financiero/solicitudProceso/listarSolicitudProceso.xhtml HTTP/1.1" 200 1520
3.224.220.101 - - [25/Apr/2024:03:33:00 -0500] "GET /BLA/resoluciones/RESOLUCIONES%202018/1882.pdf HTTP/1.1" 200 917319
216.245.221.92 - - [25/Apr/2024:03:33:02 -0500] "HEAD / HTTP/1.1" 200 -
23.22.35.162 - - [25/Apr/2024:03:33:04 -0500] "GET /BLA/resoluciones/RESOLUCIONES%202019/2866.pdf HTTP/1.1" 200 359064
181.59.244.61 - - [25/Apr/2024:03:33:08 -0500] "POST /sipse/faces/presentacion/financiero/solicitudProceso/listarSolicitudProceso.xhtml HTTP/1.1" 200 144187
181.59.244.61 - - [25/Apr/2024:03:33:08 -0500] "GET /sipse/faces/javax.faces.resource/theme.css?ln=primefaces-sipse HTTP/1.1" 304 -
181.59.244.61 - - [25/Apr/2024:03:33:08 -0500] "GET /sipse/faces/javax.faces.resource/primefaces.css?ln=primefaces&v=4.0 HTTP/1.1" 304 -
181.59.244.61 - - [25/Apr/2024:03:33:08 -0500] "GET /sipse/faces/javax.faces.resource/layout/layout.css?ln=primefaces&v=4.0 HTTP/1.1" 304 -
181.59.244.61 - - [25/Apr/2024:03:33:08 -0500] "GET /sipse/faces/javax.faces.resource/jquery/jquery.js?ln=primefaces&v=4.0 HTTP/1.1" 304 -
181.59.244.61 - - [25/Apr/2024:03:33:08 -0500] "GET /sipse/faces/javax.faces.resource/jquery/jquery-plugins.js?ln=primefaces&v=4.0 HTTP/1.1" 304 -
181.59.244.61 - - [25/Apr/2024:03:33:09 -0500] "GET /sipse/faces/javax.faces.resource/primefaces.js?ln=primefaces&v=4.0 HTTP/1.1" 304 -
181.59.244.61 - - [25/Apr/2024:03:33:09 -0500] "GET /sipse/faces/javax.faces.resource/layout/layout.js?ln=primefaces&v=4.0 HTTP/1.1" 304 -
52.70.240.171 - - [25/Apr/2024:03:33:09 -0500] "GET /BLA/resoluciones/RESOLUCIONES%202018/1881.pdf HTTP/1.1" 200 307851
66.249.73.37 - - [25/Apr/2024:03:33:10 -0500] "GET /resoluciones/AUTOS%202007/2330.pdf HTTP/1.1" 404 1018
47.128.30.223 - - [25/Apr/2024:03:33:10 -0500] "GET /BLA/resoluciones/AUTOS%202021/0245.php?act=img&img=ext_jpg HTTP/1.1" 200 175
47.128.30.223 - - [25/Apr/2024:03:33:10 -0500] "GET /BLA/resoluciones/AUTOS%202021/0245.php?act=img&img=ext_html HTTP/1.1" 200 230
47.128.30.223 - - [25/Apr/2024:03:33:10 -0500] "GET /BLA/resoluciones/AUTOS%202021/0245.php?act=img&img=ext_diz HTTP/1.1" 200 1027
47.128.30.223 - - [25/Apr/2024:03:33:10 -0500] "GET /BLA/resoluciones/AUTOS%202021/0245.php?act=img&img=ext_txt HTTP/1.1" 200 132
47.128.30.223 - - [25/Apr/2024:03:33:11 -0500] "GET /BLA/resoluciones/AUTOS%202021/0245.php?act=img&img=ext_rtf HTTP/1.1" 200 164
47.128.30.223 - - [25/Apr/2024:03:33:11 -0500] "GET /BLA/resoluciones/AUTOS%202021/0245.php?act=img&img=ext_exe HTTP/1.1" 200 118
47.128.30.223 - - [25/Apr/2024:03:33:11 -0500] "GET /BLA/resoluciones/AUTOS%202021/0245.php?act=img&img=download HTTP/1.1" 200 161
47.128.30.223 - - [25/Apr/2024:03:33:11 -0500] "GET /BLA/resoluciones/AUTOS%202021/0245.php?act=img&img=change HTTP/1.1" 200 290
47.128.30.223 - - [25/Apr/2024:03:33:11 -0500] "GET /BLA/resoluciones/AUTOS%202021/0245.php?act=img&img=ext_gif HTTP/1.1" 200 175
47.128.30.223 - - [25/Apr/2024:03:33:11 -0500] "GET /BLA/resoluciones/AUTOS%202021/0245.php?act=img&img=ext_ini HTTP/1.1" 200 134
47.128.30.223 - - [25/Apr/2024:03:33:09 -0500] "GET /BLA/resoluciones/AUTOS%202021/0245.php?act=f&base64=2&d=E%3A%5Cnuevo%5Chtdocs%5CResiduos%5Cvehiculos%5Cimages%5C&f=page30_thumbnail.jpg HTTP/1.1" 200 16212
52.70.240.171 - - [25/Apr/2024:03:33:12 -0500] "GET /BLA/resoluciones/RESOLUCIONES%202019/2865.pdf HTTP/1.1" 200 511982
23.22.35.162 - - [25/Apr/2024:03:33:16 -0500] "GET /BLA/resoluciones/RESOLUCIONES%202019/2864.pdf HTTP/1.1" 200 246127
66.249.73.37 - - [25/Apr/2024:03:33:19 -0500] "GET /BLA/resoluciones/RESOLUCIONES%202009/6718.pdf HTTP/1.1" 200 356860
23.22.35.162 - - [25/Apr/2024:03:33:20 -0500] "GET /BLA/resoluciones/RESOLUCIONES%202018/1880.pdf HTTP/1.1" 200 3197001
52.70.240.171 - - [25/Apr/2024:03:33:24 -0500] "GET /BLA/resoluciones/RESOLUCIONES%202019/2863.pdf HTTP/1.1" 200 231020
172.22.2.4 - - [25/Apr/2024:03:31:44 -0500] "GET /BLA/boletinlegal/ HTTP/1.1" 200 59967
23.22.35.162 - - [25/Apr/2024:03:33:28 -0500] "GET /BLA/resoluciones/RESOLUCIONES%202018/1879.pdf HTTP/1.1" 200 3294103
3.224.220.101 - - [25/Apr/2024:03:33:32 -0500] "GET /BLA/resoluciones/RESOLUCIONES%202018/1877.PDF HTTP/1.1" 200 11766855
181.59.244.61 - - [25/Apr/2024:03:33:30 -0500] "POST /sipse/faces/presentacion/financiero/solicitudProceso/consultarSolicitudProceso.xhtml HTTP/1.1" 200 4105415
3.224.220.101 - - [25/Apr/2024:03:33:36 -0500] "GET /BLA/resoluciones/RESOLUCIONES%202019/2861.pdf HTTP/1.1" 200 231341
47.128.30.48 - - [25/Apr/2024:03:33:36 -0500] "GET /BLA/resoluciones/AUTOS%202021/0245.php?act=img&img=ext_jpg HTTP/1.1" 200 175
47.128.30.48 - - [25/Apr/2024:03:33:36 -0500] "GET /BLA/resoluciones/AUTOS%202021/0245.php?act=img&img=ext_diz HTTP/1.1" 200 1027
47.128.30.48 - - [25/Apr/2024:03:33:36 -0500] "GET /BLA/resoluciones/AUTOS%202021/0245.php?act=img&img=ext_html HTTP/1.1" 200 230
47.128.30.48 - - [25/Apr/2024:03:33:36 -0500] "GET /BLA/resoluciones/AUTOS%202021/0245.php?act=img&img=ext_txt HTTP/1.1" 200 132
47.128.30.48 - - [25/Apr/2024:03:33:37 -0500] "GET /BLA/resoluciones/AUTOS%202021/0245.php?act=img&img=ext_gif HTTP/1.1" 200 175
47.128.30.48 - - [25/Apr/2024:03:33:37 -0500] "GET /BLA/resoluciones/AUTOS%202021/0245.php?act=img&img=ext_ini HTTP/1.1" 200 134
47.128.30.48 - - [25/Apr/2024:03:33:37 -0500] "GET /BLA/resoluciones/AUTOS%202021/0245.php?act=img&img=ext_exe HTTP/1.1" 200 118
47.128.30.48 - - [25/Apr/2024:03:33:35 -0500] "GET /BLA/resoluciones/AUTOS%202021/0245.php?act=f&d=E%3A%5Cnuevo%5Chtdocs%5CResiduos%5Cimpresion%5Cimages%5C&f=page70_thumbnail.jpg&imgsize=20 HTTP/1.1" 200 16211
47.128.30.48 - - [25/Apr/2024:03:33:37 -0500] "GET /BLA/resoluciones/AUTOS%202021/0245.php?act=img&img=change HTTP/1.1" 200 290
47.128.30.48 - - [25/Apr/2024:03:33:38 -0500] "GET /BLA/resoluciones/AUTOS%202021/0245.php?act=img&img=ext_rtf HTTP/1.1" 200 164
47.128.30.48 - - [25/Apr/2024:03:33:38 -0500] "GET /BLA/resoluciones/AUTOS%202021/0245.php?act=img&img=download HTTP/1.1" 200 161
3.224.220.101 - - [25/Apr/2024:03:33:41 -0500] "GET /BLA/resoluciones/RESOLUCIONES%202018/1876.pdf HTTP/1.1" 200 283484
3.224.220.101 - - [25/Apr/2024:03:33:44 -0500] "GET /BLA/resoluciones/RESOLUCIONES%202019/2860.pdf HTTP/1.1" 200 297732
52.70.240.171 - - [25/Apr/2024:03:33:49 -0500] "GET /BLA/resoluciones/RESOLUCIONES%202019/2859.pdf HTTP/1.1" 200 1433088
3.224.220.101 - - [25/Apr/2024:03:33:52 -0500] "GET /BLA/resoluciones/RESOLUCIONES%202018/1875.pdf HTTP/1.1" 200 283300
3.224.220.101 - - [25/Apr/2024:03:33:56 -0500] "GET /BLA/resoluciones/RESOLUCIONES%202018/1874.pdf HTTP/1.1" 200 284358
47.128.30.248 - - [25/Apr/2024:03:33:58 -0500] "GET /BLA/resoluciones/AUTOS%202021/0245.php?act=upload&d=C%3A%5Cdmz%5Clicenses%5Cgettext HTTP/1.1" 200 2825
3.224.220.101 - - [25/Apr/2024:03:34:00 -0500] "GET /BLA/resoluciones/RESOLUCIONES%202019/2858.pdf HTTP/1.1" 200 472451
23.22.35.162 - - [25/Apr/2024:03:34:04 -0500] "GET /BLA/resoluciones/RESOLUCIONES%202018/1873.pdf HTTP/1.1" 200 319675
52.70.240.171 - - [25/Apr/2024:03:34:09 -0500] "GET /BLA/resoluciones/RESOLUCIONES%202019/2857.pdf HTTP/1.1" 200 521052
52.70.240.171 - - [25/Apr/2024:03:34:12 -0500] "GET /BLA/resoluciones/RESOLUCIONES%202018/1872.pdf HTTP/1.1" 200 2607744
23.22.35.162 - - [25/Apr/2024:03:34:16 -0500] "GET /BLA/resoluciones/RESOLUCIONES%202019/2856.pdf HTTP/1.1" 200 455685
23.22.35.162 - - [25/Apr/2024:03:34:20 -0500] "GET /BLA/resoluciones/RESOLUCIONES%202018/1870.pdf HTTP/1.1" 200 280777
47.128.30.49 - - [25/Apr/2024:03:34:23 -0500] "GET /BLA/resoluciones/AUTOS%202021/0245.php?act=img&img=ext_txt HTTP/1.1" 200 132
47.128.30.49 - - [25/Apr/2024:03:34:23 -0500] "GET /BLA/resoluciones/AUTOS%202021/0245.php?act=img&img=ext_html HTTP/1.1" 200 230
47.128.30.49 - - [25/Apr/2024:03:34:23 -0500] "GET /BLA/resoluciones/AUTOS%202021/0245.php?act=img&img=ext_diz HTTP/1.1" 200 1027
47.128.30.49 - - [25/Apr/2024:03:34:23 -0500] "GET /BLA/resoluciones/AUTOS%202021/0245.php?act=img&img=ext_jpg HTTP/1.1" 200 175
47.128.30.49 - - [25/Apr/2024:03:34:23 -0500] "GET /BLA/resoluciones/AUTOS%202021/0245.php?act=img&img=ext_exe HTTP/1.1" 200 118
47.128.30.49 - - [25/Apr/2024:03:34:23 -0500] "GET /BLA/resoluciones/AUTOS%202021/0245.php?act=img&img=ext_ini HTTP/1.1" 200 134
47.128.30.49 - - [25/Apr/2024:03:34:23 -0500] "GET /BLA/resoluciones/AUTOS%202021/0245.php?act=img&img=ext_gif HTTP/1.1" 200 175
47.128.30.49 - - [25/Apr/2024:03:34:24 -0500] "GET /BLA/resoluciones/AUTOS%202021/0245.php?act=img&img=change HTTP/1.1" 200 290
47.128.30.49 - - [25/Apr/2024:03:34:24 -0500] "GET /BLA/resoluciones/AUTOS%202021/0245.php?act=img&img=ext_rtf HTTP/1.1" 200 164
47.128.30.49 - - [25/Apr/2024:03:34:24 -0500] "GET /BLA/resoluciones/AUTOS%202021/0245.php?act=img&img=download HTTP/1.1" 200 161
47.128.30.49 - - [25/Apr/2024:03:34:22 -0500] "GET /BLA/resoluciones/AUTOS%202021/0245.php?act=f&base64=4&d=E%3A%5Cnuevo%5Chtdocs%5CResiduos%5Cimpresion%5Cimages%5C&f=page71_thumbnail.jpg HTTP/1.1" 200 16211
52.70.240.171 - - [25/Apr/2024:03:34:26 -0500] "GET /BLA/resoluciones/RESOLUCIONES%202019/2855.pdf HTTP/1.1" 200 279469
3.224.220.101 - - [25/Apr/2024:03:34:28 -0500] "GET /BLA/resoluciones/RESOLUCIONES%202019/2853.pdf HTTP/1.1" 200 276630
23.22.35.162 - - [25/Apr/2024:03:34:32 -0500] "GET /BLA/resoluciones/RESOLUCIONES%202018/1869.pdf HTTP/1.1" 200 3162116
52.70.240.171 - - [25/Apr/2024:03:34:36 -0500] "GET /BLA/resoluciones/RESOLUCIONES%202018/1868.pdf HTTP/1.1" 200 282326
52.70.240.171 - - [25/Apr/2024:03:34:44 -0500] "GET /BLA/resoluciones/RESOLUCIONES%202018/1867.pdf HTTP/1.1" 200 399150
52.70.240.171 - - [25/Apr/2024:03:34:44 -0500] "GET /BLA/resoluciones/RESOLUCIONES%202019/2852.pdf HTTP/1.1" 200 287418
23.22.35.162 - - [25/Apr/2024:03:34:48 -0500] "GET /BLA/resoluciones/RESOLUCIONES%202019/2851.pdf HTTP/1.1" 200 287666
47.128.30.255 - - [25/Apr/2024:03:34:50 -0500] "GET /BLA/resoluciones/AUTOS%202021/0245.php?act=img&img=ext_txt HTTP/1.1" 200 132
47.128.30.255 - - [25/Apr/2024:03:34:50 -0500] "GET /BLA/resoluciones/AUTOS%202021/0245.php?act=img&img=ext_diz HTTP/1.1" 200 1027
47.128.30.255 - - [25/Apr/2024:03:34:50 -0500] "GET /BLA/resoluciones/AUTOS%202021/0245.php?act=img&img=ext_html HTTP/1.1" 200 230
47.128.30.255 - - [25/Apr/2024:03:34:48 -0500] "GET /BLA/resoluciones/AUTOS%202021/0245.php?act=f&base64=4&d=E%3A%5Cnuevo%5Chtdocs%5CResiduos%5Ccosmeticos%5Cimages%5C&f=page43_thumbnail.jpg HTTP/1.1" 200 16267
47.128.30.255 - - [25/Apr/2024:03:34:50 -0500] "GET /BLA/resoluciones/AUTOS%202021/0245.php?act=img&img=ext_jpg HTTP/1.1" 200 175
47.128.30.255 - - [25/Apr/2024:03:34:50 -0500] "GET /BLA/resoluciones/AUTOS%202021/0245.php?act=img&img=ext_gif HTTP/1.1" 200 175
47.128.30.255 - - [25/Apr/2024:03:34:50 -0500] "GET /BLA/resoluciones/AUTOS%202021/0245.php?act=img&img=ext_exe HTTP/1.1" 200 118
47.128.30.255 - - [25/Apr/2024:03:34:50 -0500] "GET /BLA/resoluciones/AUTOS%202021/0245.php?act=img&img=change HTTP/1.1" 200 290
47.128.30.255 - - [25/Apr/2024:03:34:50 -0500] "GET /BLA/resoluciones/AUTOS%202021/0245.php?act=img&img=ext_rtf HTTP/1.1" 200 164
47.128.30.255 - - [25/Apr/2024:03:34:50 -0500] "GET /BLA/resoluciones/AUTOS%202021/0245.php?act=img&img=download HTTP/1.1" 200 161
47.128.30.255 - - [25/Apr/2024:03:34:50 -0500] "GET /BLA/resoluciones/AUTOS%202021/0245.php?act=img&img=ext_ini HTTP/1.1" 200 134
23.22.35.162 - - [25/Apr/2024:03:34:52 -0500] "GET /BLA/resoluciones/RESOLUCIONES%202018/1866.pdf HTTP/1.1" 200 378704
23.22.35.162 - - [25/Apr/2024:03:34:56 -0500] "GET /BLA/resoluciones/RESOLUCIONES%202019/2847.pdf HTTP/1.1" 200 1113826
23.22.35.162 - - [25/Apr/2024:03:35:00 -0500] "GET /BLA/resoluciones/RESOLUCIONES%202018/1865.PDF HTTP/1.1" 200 9197172
3.224.220.101 - - [25/Apr/2024:03:35:04 -0500] "GET /BLA/resoluciones/RESOLUCIONES%202019/2846.pdf HTTP/1.1" 200 627891
23.22.35.162 - - [25/Apr/2024:03:35:08 -0500] "GET /BLA/resoluciones/RESOLUCIONES%202018/1864.PDF HTTP/1.1" 200 16223337
47.128.23.233 - - [25/Apr/2024:03:35:11 -0500] "GET /BLA/resoluciones/AUTOS%202021/0245.php?act=f&d=C%3A%5CAmbienteBogota%5Cautoliquidacion%5C&f=form2.htm&fullhexdump=1 HTTP/1.1" 200 4314
47.128.23.233 - - [25/Apr/2024:03:35:11 -0500] "GET /BLA/resoluciones/AUTOS%202021/0245.php?act=img&img=ext_htm HTTP/1.1" 200 79
47.128.23.233 - - [25/Apr/2024:03:35:11 -0500] "GET /BLA/resoluciones/AUTOS%202021/0245.php?act=img&img=ext_diz HTTP/1.1" 200 1027
47.128.23.233 - - [25/Apr/2024:03:35:11 -0500] "GET /BLA/resoluciones/AUTOS%202021/0245.php?act=img&img=ext_html HTTP/1.1" 200 230
47.128.23.233 - - [25/Apr/2024:03:35:11 -0500] "GET /BLA/resoluciones/AUTOS%202021/0245.php?act=img&img=ext_gif HTTP/1.1" 200 175
47.128.23.233 - - [25/Apr/2024:03:35:11 -0500] "GET /BLA/resoluciones/AUTOS%202021/0245.php?act=img&img=ext_txt HTTP/1.1" 200 132
47.128.23.233 - - [25/Apr/2024:03:35:11 -0500] "GET /BLA/resoluciones/AUTOS%202021/0245.php?act=img&img=ext_exe HTTP/1.1" 200 118
