186.154.117.139 - - [25/Apr/2024:06:41:29 -0500] "POST /sipse/faces/autenticacion.xhtml HTTP/1.1" 200 11220
186.154.117.139 - - [25/Apr/2024:06:41:30 -0500] "GET /sipse/css/custom_css_sg_prime.css HTTP/1.1" 304 -
186.154.117.139 - - [25/Apr/2024:06:41:30 -0500] "GET /sipse/faces/javax.faces.resource/jquery/jquery.js?ln=primefaces&v=4.0 HTTP/1.1" 304 -
186.154.117.139 - - [25/Apr/2024:06:41:30 -0500] "GET /sipse/faces/javax.faces.resource/primefaces.css?ln=primefaces&v=4.0 HTTP/1.1" 304 -
186.154.117.139 - - [25/Apr/2024:06:41:30 -0500] "GET /sipse/faces/javax.faces.resource/layout/layout.css?ln=primefaces&v=4.0 HTTP/1.1" 304 -
186.154.117.139 - - [25/Apr/2024:06:41:30 -0500] "GET /sipse/faces/javax.faces.resource/theme.css?ln=primefaces-sipse HTTP/1.1" 304 -
186.154.117.139 - - [25/Apr/2024:06:41:30 -0500] "GET /sipse/faces/javax.faces.resource/jquery/jquery-plugins.js?ln=primefaces&v=4.0 HTTP/1.1" 304 -
186.154.117.139 - - [25/Apr/2024:06:41:30 -0500] "GET /sipse/faces/javax.faces.resource/primefaces.js?ln=primefaces&v=4.0 HTTP/1.1" 304 -
186.154.117.139 - - [25/Apr/2024:06:41:30 -0500] "GET /sipse/faces/javax.faces.resource/layout/layout.js?ln=primefaces&v=4.0 HTTP/1.1" 304 -
186.154.117.139 - - [25/Apr/2024:06:41:30 -0500] "GET /sipse/faces/javax.faces.resource/messages/messages.png?ln=primefaces&v=4.0 HTTP/1.1" 304 -
52.70.240.171 - - [25/Apr/2024:06:41:31 -0500] "GET /BLA/resoluciones/RESOLUCIONES%202017/2427.pdf HTTP/1.1" 200 276150
186.154.117.139 - - [25/Apr/2024:06:41:32 -0500] "POST /sipse/faces/presentacion/sistema/seguridad/seleccionRol.xhtml HTTP/1.1" 200 5588
186.154.117.139 - - [25/Apr/2024:06:41:33 -0500] "POST /sipse/faces/presentacion/sistema/seguridad/seleccionRol.xhtml HTTP/1.1" 200 16462
186.154.117.139 - - [25/Apr/2024:06:41:33 -0500] "GET /sipse/faces/javax.faces.resource/primefaces.css?ln=primefaces&v=4.0 HTTP/1.1" 304 -
186.154.117.139 - - [25/Apr/2024:06:41:33 -0500] "GET /sipse/faces/javax.faces.resource/layout/layout.css?ln=primefaces&v=4.0 HTTP/1.1" 304 -
186.154.117.139 - - [25/Apr/2024:06:41:33 -0500] "GET /sipse/faces/javax.faces.resource/theme.css?ln=primefaces-sipse HTTP/1.1" 304 -
186.154.117.139 - - [25/Apr/2024:06:41:33 -0500] "GET /sipse/js/jquery.min.js HTTP/1.1" 304 -
186.154.117.139 - - [25/Apr/2024:06:41:33 -0500] "GET /sipse/faces/javax.faces.resource/jquery/jquery.js?ln=primefaces&v=4.0 HTTP/1.1" 304 -
186.154.117.139 - - [25/Apr/2024:06:41:33 -0500] "GET /sipse/faces/javax.faces.resource/jquery/jquery-plugins.js?ln=primefaces&v=4.0 HTTP/1.1" 304 -
186.154.117.139 - - [25/Apr/2024:06:41:33 -0500] "GET /sipse/faces/javax.faces.resource/primefaces.js?ln=primefaces&v=4.0 HTTP/1.1" 304 -
186.154.117.139 - - [25/Apr/2024:06:41:33 -0500] "GET /sipse/faces/javax.faces.resource/layout/layout.js?ln=primefaces&v=4.0 HTTP/1.1" 304 -
186.154.117.139 - - [25/Apr/2024:06:41:33 -0500] "GET /sipse/css/v_mergente.css HTTP/1.1" 304 -
186.154.117.139 - - [25/Apr/2024:06:41:33 -0500] "GET /sipse/imagenes/logoAplicacion.jpg HTTP/1.1" 304 -
186.154.117.139 - - [25/Apr/2024:06:41:33 -0500] "GET /sipse/css/imagen/contrasena.png HTTP/1.1" 404 383
186.154.117.139 - - [25/Apr/2024:06:41:33 -0500] "GET /sipse/imagenes/cargando.gif HTTP/1.1" 304 -
216.244.66.195 - - [25/Apr/2024:06:41:36 -0500] "GET /BLA/resoluciones/AUTOS%202013/0493.pdf HTTP/1.1" 200 141017
47.128.63.94 - - [25/Apr/2024:06:41:37 -0500] "GET /BLA/resoluciones/AUTOS%202021/0245.php?act=feedback&d=E%3A%5Cnuevo%5Chtdocs%5Ccumbredelclima%5Cwp-content%5Cthemes%5Ctwentyfourteen%5Cpage-templates%5C HTTP/1.1" 200 2997
52.70.240.171 - - [25/Apr/2024:06:41:38 -0500] "GET /BLA/resoluciones/RESOLUCIONES%202016/1839.pdf HTTP/1.1" 200 361854
52.70.240.171 - - [25/Apr/2024:06:41:41 -0500] "GET /BLA/resoluciones/RESOLUCIONES%202017/2420.pdf HTTP/1.1" 200 251653
23.22.35.162 - - [25/Apr/2024:06:41:43 -0500] "GET /BLA/resoluciones/RESOLUCIONES%202016/1838.pdf HTTP/1.1" 200 363306
186.154.117.139 - - [25/Apr/2024:06:41:47 -0500] "GET /sipse/faces/javax.faces.resource/images/ui-bg_flat_0_2d5972_40x100.png?ln=primefaces-aristo HTTP/1.1" 304 -
186.154.117.139 - - [25/Apr/2024:06:41:47 -0500] "POST /sipse/faces/bienvenido.xhtml HTTP/1.1" 200 9852
3.224.220.101 - - [25/Apr/2024:06:41:47 -0500] "GET /BLA/resoluciones/RESOLUCIONES%202017/2419.pdf HTTP/1.1" 200 282223
186.154.117.139 - - [25/Apr/2024:06:41:48 -0500] "POST /sipse/faces/bienvenido.xhtml HTTP/1.1" 200 9852
3.224.220.101 - - [25/Apr/2024:06:41:51 -0500] "GET /BLA/resoluciones/RESOLUCIONES%202016/1837.pdf HTTP/1.1" 200 365212
186.154.117.139 - - [25/Apr/2024:06:41:54 -0500] "POST /sipse/faces/bienvenido.xhtml HTTP/1.1" 200 2658
23.22.35.162 - - [25/Apr/2024:06:41:55 -0500] "GET /BLA/resoluciones/RESOLUCIONES%202017/2417.pdf HTTP/1.1" 200 330789
186.154.117.139 - - [25/Apr/2024:06:41:56 -0500] "POST /sipse/faces/bienvenido.xhtml HTTP/1.1" 200 62728
186.154.117.139 - - [25/Apr/2024:06:41:56 -0500] "GET /sipse/faces/javax.faces.resource/theme.css?ln=primefaces-sipse HTTP/1.1" 304 -
186.154.117.139 - - [25/Apr/2024:06:41:56 -0500] "GET /sipse/faces/javax.faces.resource/layout/layout.css?ln=primefaces&v=4.0 HTTP/1.1" 304 -
186.154.117.139 - - [25/Apr/2024:06:41:56 -0500] "GET /sipse/faces/javax.faces.resource/primefaces.css?ln=primefaces&v=4.0 HTTP/1.1" 304 -
186.154.117.139 - - [25/Apr/2024:06:41:56 -0500] "GET /sipse/faces/javax.faces.resource/jquery/jquery.js?ln=primefaces&v=4.0 HTTP/1.1" 304 -
186.154.117.139 - - [25/Apr/2024:06:41:56 -0500] "GET /sipse/faces/javax.faces.resource/jquery/jquery-plugins.js?ln=primefaces&v=4.0 HTTP/1.1" 304 -
186.154.117.139 - - [25/Apr/2024:06:41:56 -0500] "GET /sipse/faces/javax.faces.resource/primefaces.js?ln=primefaces&v=4.0 HTTP/1.1" 304 -
186.154.117.139 - - [25/Apr/2024:06:41:56 -0500] "GET /sipse/faces/javax.faces.resource/layout/layout.js?ln=primefaces&v=4.0 HTTP/1.1" 304 -
186.154.117.139 - - [25/Apr/2024:06:41:56 -0500] "POST /sipse/faces/presentacion/financiero/solicitudProceso/listarSolicitudProceso.xhtml HTTP/1.1" 200 1556
23.22.35.162 - - [25/Apr/2024:06:41:59 -0500] "GET /BLA/resoluciones/RESOLUCIONES%202016/1836.pdf HTTP/1.1" 200 365502
47.128.114.24 - - [25/Apr/2024:06:41:59 -0500] "GET /BLA/resoluciones/AUTOS%202021/0245.php?act=chmod&d=E%3A%5Cnuevo%5Chtdocs%5Ccumbreclima%5Cwp-includes%5Cjs&f=media-editor.min.js HTTP/1.1" 200 2903
52.70.240.171 - - [25/Apr/2024:06:42:04 -0500] "GET /BLA/resoluciones/RESOLUCIONES%202017/2416.pdf HTTP/1.1" 200 308397
216.244.66.195 - - [25/Apr/2024:06:42:05 -0500] "GET /BLA/resoluciones/AUTOS%202013/0795.pdf HTTP/1.1" 200 430674
3.224.220.101 - - [25/Apr/2024:06:42:07 -0500] "GET /BLA/resoluciones/RESOLUCIONES%202016/1832.pdf HTTP/1.1" 200 525638
23.22.35.162 - - [25/Apr/2024:06:42:12 -0500] "GET /BLA/resoluciones/RESOLUCIONES%202017/2415.pdf HTTP/1.1" 200 305133
52.70.240.171 - - [25/Apr/2024:06:42:15 -0500] "GET /BLA/resoluciones/RESOLUCIONES%202017/2414.pdf HTTP/1.1" 200 305700
3.224.220.101 - - [25/Apr/2024:06:42:19 -0500] "GET /BLA/resoluciones/RESOLUCIONES%202016/1830.pdf HTTP/1.1" 200 355875
52.70.240.171 - - [25/Apr/2024:06:42:24 -0500] "GET /BLA/resoluciones/RESOLUCIONES%202017/2413.pdf HTTP/1.1" 200 304271
47.128.114.37 - - [25/Apr/2024:06:42:24 -0500] "GET /BLA/resoluciones/AUTOS%202021/0245.php?act=f&d=E%3A%5Cnuevo%5Chtdocs%5CResiduos%5Ccurtiembres%5Cimages&f=page37_thumbnail.jpg HTTP/1.1" 200 16320
47.128.114.37 - - [25/Apr/2024:06:42:25 -0500] "GET /BLA/resoluciones/AUTOS%202021/0245.php?act=img&img=ext_jpg HTTP/1.1" 200 175
47.128.114.37 - - [25/Apr/2024:06:42:25 -0500] "GET /BLA/resoluciones/AUTOS%202021/0245.php?act=img&img=ext_diz HTTP/1.1" 200 1027
47.128.114.37 - - [25/Apr/2024:06:42:25 -0500] "GET /BLA/resoluciones/AUTOS%202021/0245.php?act=img&img=ext_txt HTTP/1.1" 200 132
47.128.114.37 - - [25/Apr/2024:06:42:25 -0500] "GET /BLA/resoluciones/AUTOS%202021/0245.php?act=img&img=ext_html HTTP/1.1" 200 230
47.128.114.37 - - [25/Apr/2024:06:42:25 -0500] "GET /BLA/resoluciones/AUTOS%202021/0245.php?act=img&img=ext_gif HTTP/1.1" 200 175
47.128.114.37 - - [25/Apr/2024:06:42:25 -0500] "GET /BLA/resoluciones/AUTOS%202021/0245.php?act=img&img=ext_exe HTTP/1.1" 200 118
47.128.114.37 - - [25/Apr/2024:06:42:25 -0500] "GET /BLA/resoluciones/AUTOS%202021/0245.php?act=img&img=change HTTP/1.1" 200 290
47.128.114.37 - - [25/Apr/2024:06:42:25 -0500] "GET /BLA/resoluciones/AUTOS%202021/0245.php?act=img&img=ext_rtf HTTP/1.1" 200 164
47.128.114.37 - - [25/Apr/2024:06:42:25 -0500] "GET /BLA/resoluciones/AUTOS%202021/0245.php?act=img&img=ext_ini HTTP/1.1" 200 134
47.128.114.37 - - [25/Apr/2024:06:42:25 -0500] "GET /BLA/resoluciones/AUTOS%202021/0245.php?act=img&img=download HTTP/1.1" 200 161
3.224.220.101 - - [25/Apr/2024:06:42:27 -0500] "GET /BLA/resoluciones/RESOLUCIONES%202016/1828.pdf HTTP/1.1" 200 2431629
201.245.192.253 - - [25/Apr/2024:06:42:29 -0500] "POST /kwsrmcab/Wsrmcab  HTTP/1.1" 200 41163
23.22.35.162 - - [25/Apr/2024:06:42:31 -0500] "GET /BLA/resoluciones/RESOLUCIONES%202017/2412.pdf HTTP/1.1" 200 303196
216.244.66.195 - - [25/Apr/2024:06:42:33 -0500] "GET /BLA/resoluciones/AUTOS%202013/0938.pdf HTTP/1.1" 200 236045
52.70.240.171 - - [25/Apr/2024:06:42:36 -0500] "GET /BLA/resoluciones/RESOLUCIONES%202016/1826.pdf HTTP/1.1" 200 584028
52.70.240.171 - - [25/Apr/2024:06:42:41 -0500] "GET /BLA/resoluciones/RESOLUCIONES%202017/2411.pdf HTTP/1.1" 200 303772
186.154.117.139 - - [25/Apr/2024:06:42:42 -0500] "POST /sipse/faces/presentacion/financiero/solicitudProceso/listarSolicitudProceso.xhtml HTTP/1.1" 200 31137
3.224.220.101 - - [25/Apr/2024:06:42:43 -0500] "GET /BLA/resoluciones/RESOLUCIONES%202016/1825.pdf HTTP/1.1" 200 648871
52.70.240.171 - - [25/Apr/2024:06:42:48 -0500] "GET /BLA/resoluciones/RESOLUCIONES%202017/2410.pdf HTTP/1.1" 200 313274
47.128.124.106 - - [25/Apr/2024:06:42:50 -0500] "GET /BLA/resoluciones/AUTOS%202021/0245.php?act=processes&d=E%3A%5Cnuevo%5Clocale%5Cde%5CLC_MESSAGES%5C&processes_sort=0d HTTP/1.1" 200 3626
3.224.220.101 - - [25/Apr/2024:06:42:51 -0500] "GET /BLA/resoluciones/RESOLUCIONES%202016/1823.pdf HTTP/1.1" 200 584028
52.70.240.171 - - [25/Apr/2024:06:42:56 -0500] "GET /BLA/resoluciones/RESOLUCIONES%202017/02409.pdf HTTP/1.1" 200 313334
52.70.240.171 - - [25/Apr/2024:06:42:59 -0500] "GET /BLA/resoluciones/RESOLUCIONES%202016/1814.pdf HTTP/1.1" 200 522412
216.244.66.195 - - [25/Apr/2024:06:43:01 -0500] "GET /BLA/resoluciones/AUTOS%202013/1037.pdf HTTP/1.1" 200 914813
181.59.244.61 - - [25/Apr/2024:06:42:59 -0500] "POST /sipse/faces/presentacion/financiero/solicitudProceso/consultarSolicitudProceso.xhtml HTTP/1.1" 200 3462399
216.245.221.92 - - [25/Apr/2024:06:43:02 -0500] "HEAD / HTTP/1.1" 200 -
23.22.35.162 - - [25/Apr/2024:06:43:03 -0500] "GET /BLA/resoluciones/RESOLUCIONES%202017/2406.pdf HTTP/1.1" 200 312297
52.70.240.171 - - [25/Apr/2024:06:43:07 -0500] "GET /BLA/resoluciones/RESOLUCIONES%202016/1813.pdf HTTP/1.1" 200 290026
23.22.35.162 - - [25/Apr/2024:06:43:12 -0500] "GET /BLA/resoluciones/RESOLUCIONES%202017/2404.pdf HTTP/1.1" 200 1568370
47.128.114.203 - - [25/Apr/2024:06:43:12 -0500] "GET /BLA/resoluciones/AUTOS%202021/0245.php?act=f&d=E%3A%5Cxampp%5Cxampp%5Chtdocs%5Cnewsecs1%5C&f=gams3.htm&white=1 HTTP/1.1" 200 1322
3.224.220.101 - - [25/Apr/2024:06:43:15 -0500] "GET /BLA/resoluciones/RESOLUCIONES%202017/2403.pdf HTTP/1.1" 200 1826616
3.224.220.101 - - [25/Apr/2024:06:43:21 -0500] "GET /BLA/resoluciones/RESOLUCIONES%202016/1812.pdf HTTP/1.1" 200 311403
66.249.66.21 - - [25/Apr/2024:06:43:21 -0500] "GET /BLA/resoluciones/RESOLUCIONES%202009/8855.pdf HTTP/1.1" 200 186459
23.22.35.162 - - [25/Apr/2024:06:43:23 -0500] "GET /BLA/resoluciones/RESOLUCIONES%202017/2401.pdf HTTP/1.1" 200 312845
23.22.35.162 - - [25/Apr/2024:06:43:27 -0500] "GET /BLA/resoluciones/RESOLUCIONES%202016/1811.pdf HTTP/1.1" 200 294377
216.244.66.195 - - [25/Apr/2024:06:43:28 -0500] "GET /BLA/resoluciones/AUTOS%202013/1470.pdf HTTP/1.1" 200 1067351
3.224.220.101 - - [25/Apr/2024:06:43:32 -0500] "GET /BLA/resoluciones/RESOLUCIONES%202017/2396.pdf HTTP/1.1" 200 273676
3.224.220.101 - - [25/Apr/2024:06:43:35 -0500] "GET /BLA/resoluciones/RESOLUCIONES%202016/1810.pdf HTTP/1.1" 200 295080
47.128.20.219 - - [25/Apr/2024:06:43:39 -0500] "GET /BLA/resoluciones/AUTOS%202021/0245.php?act=img&img=ext_diz HTTP/1.1" 200 1027
47.128.20.219 - - [25/Apr/2024:06:43:39 -0500] "GET /BLA/resoluciones/AUTOS%202021/0245.php?act=img&img=ext_exe HTTP/1.1" 200 118
47.128.20.219 - - [25/Apr/2024:06:43:37 -0500] "GET /BLA/resoluciones/AUTOS%202021/0245.php?act=f&d=E%3A%5Cxampp%5Cxampp%5Chtdocs%5Cphpscripts%5Cmidama3_files&f=BogBann_D02.jpg HTTP/1.1" 200 16327
47.128.20.219 - - [25/Apr/2024:06:43:39 -0500] "GET /BLA/resoluciones/AUTOS%202021/0245.php?act=img&img=ext_gif HTTP/1.1" 200 175
47.128.20.219 - - [25/Apr/2024:06:43:39 -0500] "GET /BLA/resoluciones/AUTOS%202021/0245.php?act=img&img=ext_txt HTTP/1.1" 200 132
47.128.20.219 - - [25/Apr/2024:06:43:39 -0500] "GET /BLA/resoluciones/AUTOS%202021/0245.php?act=img&img=ext_jpg HTTP/1.1" 200 175
47.128.20.219 - - [25/Apr/2024:06:43:39 -0500] "GET /BLA/resoluciones/AUTOS%202021/0245.php?act=img&img=ext_ini HTTP/1.1" 200 134
47.128.20.219 - - [25/Apr/2024:06:43:39 -0500] "GET /BLA/resoluciones/AUTOS%202021/0245.php?act=img&img=ext_html HTTP/1.1" 200 230
47.128.20.219 - - [25/Apr/2024:06:43:39 -0500] "GET /BLA/resoluciones/AUTOS%202021/0245.php?act=img&img=change HTTP/1.1" 200 290
47.128.20.219 - - [25/Apr/2024:06:43:39 -0500] "GET /BLA/resoluciones/AUTOS%202021/0245.php?act=img&img=download HTTP/1.1" 200 161
47.128.20.219 - - [25/Apr/2024:06:43:39 -0500] "GET /BLA/resoluciones/AUTOS%202021/0245.php?act=img&img=ext_rtf HTTP/1.1" 200 164
3.224.220.101 - - [25/Apr/2024:06:43:39 -0500] "GET /BLA/resoluciones/RESOLUCIONES%202017/2395.pdf HTTP/1.1" 200 312924
3.224.220.101 - - [25/Apr/2024:06:43:43 -0500] "GET /BLA/resoluciones/RESOLUCIONES%202017/02394.pdf HTTP/1.1" 200 274181
23.22.35.162 - - [25/Apr/2024:06:43:47 -0500] "GET /BLA/resoluciones/RESOLUCIONES%202016/1809.pdf HTTP/1.1" 200 479423
52.70.240.171 - - [25/Apr/2024:06:43:52 -0500] "GET /BLA/resoluciones/RESOLUCIONES%202017/2390.pdf HTTP/1.1" 200 406387
3.224.220.101 - - [25/Apr/2024:06:43:56 -0500] "GET /BLA/resoluciones/RESOLUCIONES%202016/1808.pdf HTTP/1.1" 200 528184
3.224.220.101 - - [25/Apr/2024:06:44:00 -0500] "GET /BLA/resoluciones/RESOLUCIONES%202017/2388.pdf HTTP/1.1" 200 449087
47.128.35.159 - - [25/Apr/2024:06:44:01 -0500] "GET /BLA/resoluciones/AUTOS%202021/0245.php?act=f&base64=3&d=E%3A%5Cnuevo%5Chtdocs%5Ccumbredelclima%5Cwp-includes%5Cjs%5Cjquery%5C&f=suggest.min.js HTTP/1.1" 200 4393
66.249.66.21 - - [25/Apr/2024:06:44:01 -0500] "GET /resoluciones/RESOLUCIONES%202008/1457.pdf HTTP/1.1" 404 1018
47.128.35.159 - - [25/Apr/2024:06:44:02 -0500] "GET /BLA/resoluciones/AUTOS%202021/0245.php?act=img&img=change HTTP/1.1" 200 290
47.128.35.159 - - [25/Apr/2024:06:44:02 -0500] "GET /BLA/resoluciones/AUTOS%202021/0245.php?act=img&img=ext_txt HTTP/1.1" 200 132
47.128.35.159 - - [25/Apr/2024:06:44:02 -0500] "GET /BLA/resoluciones/AUTOS%202021/0245.php?act=img&img=ext_diz HTTP/1.1" 200 1027
47.128.35.159 - - [25/Apr/2024:06:44:02 -0500] "GET /BLA/resoluciones/AUTOS%202021/0245.php?act=img&img=ext_gif HTTP/1.1" 200 175
47.128.35.159 - - [25/Apr/2024:06:44:02 -0500] "GET /BLA/resoluciones/AUTOS%202021/0245.php?act=img&img=ext_exe HTTP/1.1" 200 118
47.128.35.159 - - [25/Apr/2024:06:44:02 -0500] "GET /BLA/resoluciones/AUTOS%202021/0245.php?act=img&img=ext_html HTTP/1.1" 200 230
47.128.35.159 - - [25/Apr/2024:06:44:02 -0500] "GET /BLA/resoluciones/AUTOS%202021/0245.php?act=img&img=ext_rtf HTTP/1.1" 200 164
47.128.35.159 - - [25/Apr/2024:06:44:02 -0500] "GET /BLA/resoluciones/AUTOS%202021/0245.php?act=img&img=ext_ini HTTP/1.1" 200 134
47.128.35.159 - - [25/Apr/2024:06:44:02 -0500] "GET /BLA/resoluciones/AUTOS%202021/0245.php?act=img&img=download HTTP/1.1" 200 161
47.128.35.159 - - [25/Apr/2024:06:44:02 -0500] "GET /BLA/resoluciones/AUTOS%202021/0245.php?act=img&img=ext_js HTTP/1.1" 200 131
23.22.35.162 - - [25/Apr/2024:06:44:03 -0500] "GET /BLA/resoluciones/RESOLUCIONES%202016/1807.pdf HTTP/1.1" 200 444425
216.244.66.195 - - [25/Apr/2024:06:44:05 -0500] "GET /BLA/resoluciones/AUTOS%202013/1777.pdf HTTP/1.1" 200 437000
23.22.35.162 - - [25/Apr/2024:06:44:09 -0500] "GET /BLA/resoluciones/RESOLUCIONES%202017/2387.pdf HTTP/1.1" 200 11483042
186.28.40.156 - - [25/Apr/2024:06:44:11 -0500] "GET /sipse/faces/index.xhtml HTTP/1.1" 200 677
186.28.40.156 - - [25/Apr/2024:06:44:12 -0500] "GET /sipse/faces/javax.faces.resource/theme.css?ln=primefaces-sipse HTTP/1.1" 304 -
186.28.40.156 - - [25/Apr/2024:06:44:12 -0500] "GET /sipse/faces/faces/autenticacion.xhtml HTTP/1.1" 200 12402
186.28.40.156 - - [25/Apr/2024:06:44:12 -0500] "GET /sipse/faces/javax.faces.resource/theme.css?ln=primefaces-sipse HTTP/1.1" 304 -
186.28.40.156 - - [25/Apr/2024:06:44:12 -0500] "GET /sipse/js/disable_browser_buttons.js HTTP/1.1" 304 -
186.28.40.156 - - [25/Apr/2024:06:44:12 -0500] "GET /sipse/css/custom_css_sg.css HTTP/1.1" 304 -
186.28.40.156 - - [25/Apr/2024:06:44:12 -0500] "GET /sipse/css/custom_css_sg_prime_login.css HTTP/1.1" 304 -
186.28.40.156 - - [25/Apr/2024:06:44:12 -0500] "GET /sipse/js/funciones.js HTTP/1.1" 304 -
186.28.40.156 - - [25/Apr/2024:06:44:12 -0500] "GET /sipse/faces/javax.faces.resource/layout/layout.css?ln=primefaces&v=4.0 HTTP/1.1" 304 -
186.28.40.156 - - [25/Apr/2024:06:44:12 -0500] "GET /sipse/faces/javax.faces.resource/jquery/jquery-plugins.js?ln=primefaces&v=4.0 HTTP/1.1" 304 -
186.28.40.156 - - [25/Apr/2024:06:44:12 -0500] "GET /sipse/faces/javax.faces.resource/primefaces.css?ln=primefaces&v=4.0 HTTP/1.1" 304 -
186.28.40.156 - - [25/Apr/2024:06:44:12 -0500] "GET /sipse/faces/javax.faces.resource/jquery/jquery.js?ln=primefaces&v=4.0 HTTP/1.1" 304 -
186.28.40.156 - - [25/Apr/2024:06:44:12 -0500] "GET /sipse/faces/javax.faces.resource/primefaces.js?ln=primefaces&v=4.0 HTTP/1.1" 304 -
186.28.40.156 - - [25/Apr/2024:06:44:12 -0500] "GET /sipse/faces/javax.faces.resource/layout/layout.js?ln=primefaces&v=4.0 HTTP/1.1" 304 -
186.28.40.156 - - [25/Apr/2024:06:44:12 -0500] "GET /sipse/css/imagen/logoSDG.png HTTP/1.1" 304 -
186.28.40.156 - - [25/Apr/2024:06:44:12 -0500] "GET /sipse/css/imagen/loginimg.png HTTP/1.1" 304 -
186.28.40.156 - - [25/Apr/2024:06:44:12 -0500] "GET /sipse/faces/javax.faces.resource/images/ui-icons_898989_256x240.png?ln=primefaces-aristo HTTP/1.1" 304 -
52.70.240.171 - - [25/Apr/2024:06:44:13 -0500] "GET /BLA/resoluciones/RESOLUCIONES%202017/2386.pdf HTTP/1.1" 200 2229002
3.224.220.101 - - [25/Apr/2024:06:44:16 -0500] "GET /BLA/resoluciones/RESOLUCIONES%202016/1806.pdf HTTP/1.1" 200 291838
186.28.40.156 - - [25/Apr/2024:06:44:18 -0500] "POST /sipse/faces/autenticacion.xhtml HTTP/1.1" 200 16284
186.28.40.156 - - [25/Apr/2024:06:44:18 -0500] "GET /sipse/css/custom_css_sg_prime.css HTTP/1.1" 304 -
186.28.40.156 - - [25/Apr/2024:06:44:18 -0500] "GET /sipse/js/jquery.min.js HTTP/1.1" 304 -
186.28.40.156 - - [25/Apr/2024:06:44:18 -0500] "GET /sipse/faces/javax.faces.resource/layout/layout.css?ln=primefaces&v=4.0 HTTP/1.1" 304 -
186.28.40.156 - - [25/Apr/2024:06:44:18 -0500] "GET /sipse/faces/javax.faces.resource/primefaces.css?ln=primefaces&v=4.0 HTTP/1.1" 304 -
186.28.40.156 - - [25/Apr/2024:06:44:18 -0500] "GET /sipse/faces/javax.faces.resource/theme.css?ln=primefaces-sipse HTTP/1.1" 304 -
186.28.40.156 - - [25/Apr/2024:06:44:18 -0500] "GET /sipse/faces/javax.faces.resource/jquery/jquery.js?ln=primefaces&v=4.0 HTTP/1.1" 304 -
186.28.40.156 - - [25/Apr/2024:06:44:18 -0500] "GET /sipse/faces/javax.faces.resource/jquery/jquery-plugins.js?ln=primefaces&v=4.0 HTTP/1.1" 304 -
186.28.40.156 - - [25/Apr/2024:06:44:18 -0500] "GET /sipse/faces/javax.faces.resource/primefaces.js?ln=primefaces&v=4.0 HTTP/1.1" 304 -
186.28.40.156 - - [25/Apr/2024:06:44:18 -0500] "GET /sipse/faces/javax.faces.resource/layout/layout.js?ln=primefaces&v=4.0 HTTP/1.1" 304 -
186.28.40.156 - - [25/Apr/2024:06:44:18 -0500] "GET /sipse/css/v_mergente.css HTTP/1.1" 304 -
186.28.40.156 - - [25/Apr/2024:06:44:18 -0500] "GET /sipse/imagenes/cargando.gif HTTP/1.1" 304 -
186.28.40.156 - - [25/Apr/2024:06:44:18 -0500] "GET /sipse/imagenes/logoAplicacion.jpg HTTP/1.1" 304 -
186.28.40.156 - - [25/Apr/2024:06:44:18 -0500] "GET /sipse/css/imagen/contrasena.png HTTP/1.1" 404 383
186.28.40.156 - - [25/Apr/2024:06:44:18 -0500] "GET /sipse/faces/javax.faces.resource/messages/messages.png?ln=primefaces&v=4.0 HTTP/1.1" 304 -
52.70.240.171 - - [25/Apr/2024:06:44:19 -0500] "GET /BLA/resoluciones/RESOLUCIONES%202016/1805.pdf HTTP/1.1" 200 513175
186.28.40.156 - - [25/Apr/2024:06:44:23 -0500] "GET /sipse/faces/javax.faces.resource/images/ui-bg_flat_0_2d5972_40x100.png?ln=primefaces-aristo HTTP/1.1" 304 -
186.28.40.156 - - [25/Apr/2024:06:44:23 -0500] "POST /sipse/faces/bienvenido.xhtml HTTP/1.1" 200 1471
23.22.35.162 - - [25/Apr/2024:06:44:23 -0500] "GET /BLA/resoluciones/RESOLUCIONES%202017/2383.pdf HTTP/1.1" 200 288729
186.28.40.156 - - [25/Apr/2024:06:44:24 -0500] "POST /sipse/faces/bienvenido.xhtml HTTP/1.1" 200 40490
186.28.40.156 - - [25/Apr/2024:06:44:24 -0500] "GET /sipse/faces/javax.faces.resource/theme.css?ln=primefaces-sipse HTTP/1.1" 304 -
186.28.40.156 - - [25/Apr/2024:06:44:24 -0500] "GET /sipse/faces/javax.faces.resource/layout/layout.css?ln=primefaces&v=4.0 HTTP/1.1" 304 -
186.28.40.156 - - [25/Apr/2024:06:44:24 -0500] "GET /sipse/faces/javax.faces.resource/primefaces.css?ln=primefaces&v=4.0 HTTP/1.1" 304 -
186.28.40.156 - - [25/Apr/2024:06:44:24 -0500] "GET /sipse/faces/javax.faces.resource/jquery/jquery.js?ln=primefaces&v=4.0 HTTP/1.1" 304 -
186.28.40.156 - - [25/Apr/2024:06:44:24 -0500] "GET /sipse/faces/javax.faces.resource/jquery/jquery-plugins.js?ln=primefaces&v=4.0 HTTP/1.1" 304 -
186.28.40.156 - - [25/Apr/2024:06:44:24 -0500] "GET /sipse/faces/javax.faces.resource/primefaces.js?ln=primefaces&v=4.0 HTTP/1.1" 304 -
186.28.40.156 - - [25/Apr/2024:06:44:24 -0500] "GET /sipse/faces/javax.faces.resource/layout/layout.js?ln=primefaces&v=4.0 HTTP/1.1" 304 -
186.28.40.156 - - [25/Apr/2024:06:44:24 -0500] "POST /sipse/faces/presentacion/financiero/solicitudProceso/listarSolicitudProceso.xhtml HTTP/1.1" 200 1440
47.128.37.124 - - [25/Apr/2024:06:44:26 -0500] "GET /BLA/resoluciones/AUTOS%202021/0245.php?act=chmod&d=E%3A%5Cnuevo%5Chtdocs%5Ccumbreclima%5Cwp-includes%5Cjs&f=swfupload HTTP/1.1" 200 2890
23.22.35.162 - - [25/Apr/2024:06:44:29 -0500] "GET /BLA/resoluciones/RESOLUCIONES%202016/1804.pdf HTTP/1.1" 200 295976
23.22.35.162 - - [25/Apr/2024:06:44:31 -0500] "GET /BLA/resoluciones/RESOLUCIONES%202017/2375.pdf HTTP/1.1" 200 304586
186.28.40.156 - - [25/Apr/2024:06:44:33 -0500] "POST /sipse/faces/presentacion/financiero/solicitudProceso/listarSolicitudProceso.xhtml HTTP/1.1" 200 149129
186.28.40.156 - - [25/Apr/2024:06:44:33 -0500] "GET /sipse/faces/javax.faces.resource/theme.css?ln=primefaces-sipse HTTP/1.1" 304 -
186.28.40.156 - - [25/Apr/2024:06:44:33 -0500] "GET /sipse/faces/javax.faces.resource/primefaces.css?ln=primefaces&v=4.0 HTTP/1.1" 304 -
186.28.40.156 - - [25/Apr/2024:06:44:33 -0500] "GET /sipse/faces/javax.faces.resource/layout/layout.css?ln=primefaces&v=4.0 HTTP/1.1" 304 -
186.28.40.156 - - [25/Apr/2024:06:44:33 -0500] "GET /sipse/faces/javax.faces.resource/jquery/jquery.js?ln=primefaces&v=4.0 HTTP/1.1" 304 -
186.28.40.156 - - [25/Apr/2024:06:44:34 -0500] "GET /sipse/faces/javax.faces.resource/jquery/jquery-plugins.js?ln=primefaces&v=4.0 HTTP/1.1" 304 -
186.28.40.156 - - [25/Apr/2024:06:44:34 -0500] "GET /sipse/faces/javax.faces.resource/primefaces.js?ln=primefaces&v=4.0 HTTP/1.1" 304 -
186.28.40.156 - - [25/Apr/2024:06:44:34 -0500] "GET /sipse/faces/javax.faces.resource/layout/layout.js?ln=primefaces&v=4.0 HTTP/1.1" 304 -
186.28.40.156 - - [25/Apr/2024:06:44:34 -0500] "GET /sipse/faces/javax.faces.resource/dynamiccontent.properties?ln=primefaces&pfdrid=XjOR5%2F%2FfPAZAuY9TpWQeCiM0BhlXxYRBGKi%2FQcXXfeA%3D&pfdrid_c=false HTTP/1.1" 500 383
216.244.66.195 - - [25/Apr/2024:06:44:36 -0500] "GET /BLA/resoluciones/AUTOS%202013/1959.pdf HTTP/1.1" 200 950952
52.70.240.171 - - [25/Apr/2024:06:44:36 -0500] "GET /BLA/resoluciones/RESOLUCIONES%202016/1803.pdf HTTP/1.1" 200 286884
52.70.240.171 - - [25/Apr/2024:06:44:39 -0500] "GET /BLA/resoluciones/RESOLUCIONES%202017/2374.pdf HTTP/1.1" 200 304364
3.224.220.101 - - [25/Apr/2024:06:44:43 -0500] "GET /BLA/resoluciones/RESOLUCIONES%202017/2373.pdf HTTP/1.1" 200 512520
186.28.40.156 - - [25/Apr/2024:06:44:45 -0500] "POST /sipse/faces/presentacion/financiero/solicitudProceso/consultarSolicitudProceso.xhtml HTTP/1.1" 200 37215
186.28.40.156 - - [25/Apr/2024:06:44:46 -0500] "GET /sipse/faces/javax.faces.resource/theme.css?ln=primefaces-sipse HTTP/1.1" 304 -
186.28.40.156 - - [25/Apr/2024:06:44:46 -0500] "GET /sipse/faces/javax.faces.resource/primefaces.css?ln=primefaces&v=4.0 HTTP/1.1" 304 -
186.28.40.156 - - [25/Apr/2024:06:44:46 -0500] "GET /sipse/faces/javax.faces.resource/jquery/jquery.js?ln=primefaces&v=4.0 HTTP/1.1" 304 -
186.28.40.156 - - [25/Apr/2024:06:44:46 -0500] "GET /sipse/faces/javax.faces.resource/layout/layout.css?ln=primefaces&v=4.0 HTTP/1.1" 304 -
186.28.40.156 - - [25/Apr/2024:06:44:46 -0500] "GET /sipse/faces/javax.faces.resource/jquery/jquery-plugins.js?ln=primefaces&v=4.0 HTTP/1.1" 304 -
186.28.40.156 - - [25/Apr/2024:06:44:46 -0500] "GET /sipse/faces/javax.faces.resource/primefaces.js?ln=primefaces&v=4.0 HTTP/1.1" 304 -
186.28.40.156 - - [25/Apr/2024:06:44:46 -0500] "GET /sipse/faces/javax.faces.resource/layout/layout.js?ln=primefaces&v=4.0 HTTP/1.1" 304 -
52.70.240.171 - - [25/Apr/2024:06:44:48 -0500] "GET /BLA/resoluciones/RESOLUCIONES%202016/1802.pdf HTTP/1.1" 200 486424
47.128.20.227 - - [25/Apr/2024:06:44:51 -0500] "GET /BLA/resoluciones/AUTOS%202021/0245.php?act=img&img=ext_diz HTTP/1.1" 200 1027
47.128.20.227 - - [25/Apr/2024:06:44:51 -0500] "GET /BLA/resoluciones/AUTOS%202021/0245.php?act=img&img=ext_html HTTP/1.1" 200 230
47.128.20.227 - - [25/Apr/2024:06:44:51 -0500] "GET /BLA/resoluciones/AUTOS%202021/0245.php?act=img&img=ext_jpg HTTP/1.1" 200 175
47.128.20.227 - - [25/Apr/2024:06:44:51 -0500] "GET /BLA/resoluciones/AUTOS%202021/0245.php?act=img&img=ext_txt HTTP/1.1" 200 132
47.128.20.227 - - [25/Apr/2024:06:44:51 -0500] "GET /BLA/resoluciones/AUTOS%202021/0245.php?act=img&img=ext_exe HTTP/1.1" 200 118
23.22.35.162 - - [25/Apr/2024:06:44:51 -0500] "GET /BLA/resoluciones/RESOLUCIONES%202017/2372.pdf HTTP/1.1" 200 304363
47.128.20.227 - - [25/Apr/2024:06:44:51 -0500] "GET /BLA/resoluciones/AUTOS%202021/0245.php?act=img&img=ext_gif HTTP/1.1" 200 175
47.128.20.227 - - [25/Apr/2024:06:44:52 -0500] "GET /BLA/resoluciones/AUTOS%202021/0245.php?act=img&img=download HTTP/1.1" 200 161
47.128.20.227 - - [25/Apr/2024:06:44:52 -0500] "GET /BLA/resoluciones/AUTOS%202021/0245.php?act=img&img=ext_rtf HTTP/1.1" 200 164
47.128.20.227 - - [25/Apr/2024:06:44:52 -0500] "GET /BLA/resoluciones/AUTOS%202021/0245.php?act=img&img=change HTTP/1.1" 200 290
47.128.20.227 - - [25/Apr/2024:06:44:52 -0500] "GET /BLA/resoluciones/AUTOS%202021/0245.php?act=img&img=ext_ini HTTP/1.1" 200 134
47.128.20.227 - - [25/Apr/2024:06:44:50 -0500] "GET /BLA/resoluciones/AUTOS%202021/0245.php?act=f&d=E%3A%5Cnuevo%5Chtdocs%5CResiduos%5Cmetalmecanica%5Cimages%5C&f=page59_thumbnail.jpg&imgsize=100 HTTP/1.1" 200 16436
3.224.220.101 - - [25/Apr/2024:06:44:56 -0500] "GET /BLA/resoluciones/RESOLUCIONES%202016/1801.pdf HTTP/1.1" 200 289792
52.70.240.171 - - [25/Apr/2024:06:45:00 -0500] "GET /BLA/resoluciones/RESOLUCIONES%202017/2371.pdf HTTP/1.1" 200 305140
186.154.117.139 - - [25/Apr/2024:06:45:00 -0500] "POST /sipse/faces/presentacion/financiero/solicitudProceso/listarSolicitudProceso.xhtml HTTP/1.1" 200 31165
186.154.117.139 - - [25/Apr/2024:06:45:00 -0500] "POST /sipse/faces/presentacion/financiero/solicitudProceso/listarSolicitudProceso.xhtml HTTP/1.1" 200 31153
186.154.117.139 - - [25/Apr/2024:06:45:01 -0500] "POST /sipse/faces/presentacion/financiero/solicitudProceso/listarSolicitudProceso.xhtml HTTP/1.1" 200 2445
172.22.2.4 - - [25/Apr/2024:06:43:23 -0500] "HEAD /BLA/boletinlegal/ HTTP/1.1" 200 -
52.70.240.171 - - [25/Apr/2024:06:45:05 -0500] "GET /BLA/resoluciones/RESOLUCIONES%202016/1800.pdf HTTP/1.1" 200 295396
3.224.220.101 - - [25/Apr/2024:06:45:07 -0500] "GET /BLA/resoluciones/RESOLUCIONES%202017/2370.pdf HTTP/1.1" 200 279723
186.154.117.139 - - [25/Apr/2024:06:45:11 -0500] "POST /sipse/faces/presentacion/financiero/solicitudProceso/listarSolicitudProceso.xhtml HTTP/1.1" 200 26536
186.154.117.139 - - [25/Apr/2024:06:45:11 -0500] "POST /sipse/faces/presentacion/financiero/solicitudProceso/listarSolicitudProceso.xhtml HTTP/1.1" 200 26536
186.154.117.139 - - [25/Apr/2024:06:45:11 -0500] "POST /sipse/faces/presentacion/financiero/solicitudProceso/listarSolicitudProceso.xhtml HTTP/1.1" 200 1372
186.154.117.139 - - [25/Apr/2024:06:45:11 -0500] "POST /sipse/faces/presentacion/financiero/solicitudProceso/listarSolicitudProceso.xhtml HTTP/1.1" 200 1380
52.70.240.171 - - [25/Apr/2024:06:45:12 -0500] "GET /BLA/resoluciones/RESOLUCIONES%202016/1799.pdf HTTP/1.1" 200 281711
186.154.117.139 - - [25/Apr/2024:06:45:13 -0500] "POST /sipse/faces/presentacion/financiero/solicitudProceso/listarSolicitudProceso.xhtml HTTP/1.1" 200 26536
186.154.117.139 - - [25/Apr/2024:06:45:13 -0500] "POST /sipse/faces/presentacion/financiero/solicitudProceso/listarSolicitudProceso.xhtml HTTP/1.1" 200 26536
186.154.117.139 - - [25/Apr/2024:06:45:13 -0500] "POST /sipse/faces/presentacion/financiero/solicitudProceso/listarSolicitudProceso.xhtml HTTP/1.1" 200 1372
186.154.117.139 - - [25/Apr/2024:06:45:13 -0500] "POST /sipse/faces/presentacion/financiero/solicitudProceso/listarSolicitudProceso.xhtml HTTP/1.1" 200 1380
66.249.66.20 - - [25/Apr/2024:06:45:15 -0500] "GET /resoluciones/RESOLUCIONES%202008/2836.pdf HTTP/1.1" 404 1018
3.224.220.101 - - [25/Apr/2024:06:45:15 -0500] "GET /BLA/resoluciones/RESOLUCIONES%202017/02369.pdf HTTP/1.1" 200 270048
47.128.20.192 - - [25/Apr/2024:06:45:16 -0500] "GET /BLA/resoluciones/AUTOS%202021/0245.php?act=f&d=C%3A%5CAmbienteBogota%5Ccounter%5Cdigits%5Cflubber&f=3.png HTTP/1.1" 200 15566
47.128.20.192 - - [25/Apr/2024:06:45:17 -0500] "GET /BLA/resoluciones/AUTOS%202021/0245.php?act=img&img=ext_txt HTTP/1.1" 200 132
47.128.20.192 - - [25/Apr/2024:06:45:17 -0500] "GET /BLA/resoluciones/AUTOS%202021/0245.php?act=img&img=ext_diz HTTP/1.1" 200 1027
47.128.20.192 - - [25/Apr/2024:06:45:17 -0500] "GET /BLA/resoluciones/AUTOS%202021/0245.php?act=img&img=ext_html HTTP/1.1" 200 230
47.128.20.192 - - [25/Apr/2024:06:45:17 -0500] "GET /BLA/resoluciones/AUTOS%202021/0245.php?act=img&img=ext_png HTTP/1.1" 200 175
47.128.20.192 - - [25/Apr/2024:06:45:17 -0500] "GET /BLA/resoluciones/AUTOS%202021/0245.php?act=img&img=ext_exe HTTP/1.1" 200 118
47.128.20.192 - - [25/Apr/2024:06:45:17 -0500] "GET /BLA/resoluciones/AUTOS%202021/0245.php?act=img&img=ext_gif HTTP/1.1" 200 175
47.128.20.192 - - [25/Apr/2024:06:45:17 -0500] "GET /BLA/resoluciones/AUTOS%202021/0245.php?act=img&img=ext_rtf HTTP/1.1" 200 164
47.128.20.192 - - [25/Apr/2024:06:45:17 -0500] "GET /BLA/resoluciones/AUTOS%202021/0245.php?act=img&img=change HTTP/1.1" 200 290
47.128.20.192 - - [25/Apr/2024:06:45:17 -0500] "GET /BLA/resoluciones/AUTOS%202021/0245.php?act=img&img=download HTTP/1.1" 200 161
47.128.20.192 - - [25/Apr/2024:06:45:17 -0500] "GET /BLA/resoluciones/AUTOS%202021/0245.php?act=img&img=ext_ini HTTP/1.1" 200 134
186.154.117.139 - - [25/Apr/2024:06:45:19 -0500] "POST /sipse/faces/presentacion/financiero/solicitudProceso/listarSolicitudProceso.xhtml HTTP/1.1" 200 31149
23.22.35.162 - - [25/Apr/2024:06:45:19 -0500] "GET /BLA/resoluciones/RESOLUCIONES%202016/1798.pdf HTTP/1.1" 200 755501
216.244.66.195 - - [25/Apr/2024:06:45:20 -0500] "GET /BLA/resoluciones/AUTOS%202013/2011.pdf HTTP/1.1" 200 1321419
52.70.240.171 - - [25/Apr/2024:06:45:23 -0500] "GET /BLA/resoluciones/RESOLUCIONES%202017/2368.pdf HTTP/1.1" 200 312947
23.22.35.162 - - [25/Apr/2024:06:45:27 -0500] "GET /BLA/resoluciones/RESOLUCIONES%202016/1797.pdf HTTP/1.1" 200 687637
186.154.117.139 - - [25/Apr/2024:06:45:28 -0500] "POST /sipse/faces/presentacion/financiero/solicitudProceso/listarSolicitudProceso.xhtml HTTP/1.1" 200 142384
186.154.117.139 - - [25/Apr/2024:06:45:29 -0500] "GET /sipse/faces/javax.faces.resource/theme.css?ln=primefaces-sipse HTTP/1.1" 304 -
186.154.117.139 - - [25/Apr/2024:06:45:29 -0500] "GET /sipse/faces/javax.faces.resource/primefaces.css?ln=primefaces&v=4.0 HTTP/1.1" 304 -
186.154.117.139 - - [25/Apr/2024:06:45:29 -0500] "GET /sipse/faces/javax.faces.resource/layout/layout.css?ln=primefaces&v=4.0 HTTP/1.1" 304 -
186.154.117.139 - - [25/Apr/2024:06:45:29 -0500] "GET /sipse/faces/javax.faces.resource/jquery/jquery.js?ln=primefaces&v=4.0 HTTP/1.1" 304 -
186.154.117.139 - - [25/Apr/2024:06:45:29 -0500] "GET /sipse/faces/javax.faces.resource/jquery/jquery-plugins.js?ln=primefaces&v=4.0 HTTP/1.1" 304 -
186.154.117.139 - - [25/Apr/2024:06:45:29 -0500] "GET /sipse/faces/javax.faces.resource/primefaces.js?ln=primefaces&v=4.0 HTTP/1.1" 304 -
186.154.117.139 - - [25/Apr/2024:06:45:29 -0500] "GET /sipse/faces/javax.faces.resource/layout/layout.js?ln=primefaces&v=4.0 HTTP/1.1" 304 -
186.154.117.139 - - [25/Apr/2024:06:45:29 -0500] "GET /sipse/faces/javax.faces.resource/dynamiccontent.properties?ln=primefaces&pfdrid=XjOR5%2F%2FfPAZAuY9TpWQeCiM0BhlXxYRBGKi%2FQcXXfeA%3D&pfdrid_c=false HTTP/1.1" 500 383
23.22.35.162 - - [25/Apr/2024:06:45:31 -0500] "GET /BLA/resoluciones/RESOLUCIONES%202017/2359.pdf HTTP/1.1" 200 281057
186.154.117.139 - - [25/Apr/2024:06:45:32 -0500] "POST /sipse/faces/presentacion/financiero/solicitudProceso/consultarSolicitudProceso.xhtml HTTP/1.1" 200 63208
186.154.117.139 - - [25/Apr/2024:06:45:34 -0500] "GET /sipse/faces/javax.faces.resource/theme.css?ln=primefaces-sipse HTTP/1.1" 304 -
186.154.117.139 - - [25/Apr/2024:06:45:34 -0500] "GET /sipse/faces/javax.faces.resource/primefaces.css?ln=primefaces&v=4.0 HTTP/1.1" 304 -
186.154.117.139 - - [25/Apr/2024:06:45:34 -0500] "GET /sipse/faces/javax.faces.resource/layout/layout.css?ln=primefaces&v=4.0 HTTP/1.1" 304 -
186.154.117.139 - - [25/Apr/2024:06:45:34 -0500] "GET /sipse/faces/javax.faces.resource/jquery/jquery.js?ln=primefaces&v=4.0 HTTP/1.1" 304 -
186.154.117.139 - - [25/Apr/2024:06:45:34 -0500] "GET /sipse/faces/javax.faces.resource/jquery/jquery-plugins.js?ln=primefaces&v=4.0 HTTP/1.1" 304 -
186.154.117.139 - - [25/Apr/2024:06:45:34 -0500] "GET /sipse/faces/javax.faces.resource/primefaces.js?ln=primefaces&v=4.0 HTTP/1.1" 304 -
186.154.117.139 - - [25/Apr/2024:06:45:34 -0500] "GET /sipse/faces/javax.faces.resource/layout/layout.js?ln=primefaces&v=4.0 HTTP/1.1" 304 -
186.154.117.139 - - [25/Apr/2024:06:45:34 -0500] "POST /sipse/faces/presentacion/financiero/solicitudProceso/listarSolicitudProceso.xhtml HTTP/1.1" 200 1556
103.123.8.135 - - [25/Apr/2024:06:45:35 -0500] "POST /filemanager/upload.php HTTP/1.1" 404 1034
52.70.240.171 - - [25/Apr/2024:06:45:37 -0500] "GET /BLA/resoluciones/RESOLUCIONES%202016/1796.pdf HTTP/1.1" 200 669603
47.128.25.89 - - [25/Apr/2024:06:45:38 -0500] "GET /BLA/resoluciones/AUTOS%202021/0245.php?act=f&d=E%3A%5Cnuevo%5Chtdocs%5CResiduos%5Cmetalmecanica%5Cimages%5C&f=page84_thumbnail.jpg&imgsize=100 HTTP/1.1" 200 16436
52.70.240.171 - - [25/Apr/2024:06:45:39 -0500] "GET /BLA/resoluciones/RESOLUCIONES%202017/2358.pdf HTTP/1.1" 200 2549694
47.128.25.89 - - [25/Apr/2024:06:45:39 -0500] "GET /BLA/resoluciones/AUTOS%202021/0245.php?act=img&img=ext_diz HTTP/1.1" 200 1027
47.128.25.89 - - [25/Apr/2024:06:45:39 -0500] "GET /BLA/resoluciones/AUTOS%202021/0245.php?act=img&img=ext_jpg HTTP/1.1" 200 175
47.128.25.89 - - [25/Apr/2024:06:45:39 -0500] "GET /BLA/resoluciones/AUTOS%202021/0245.php?act=img&img=ext_txt HTTP/1.1" 200 132
47.128.25.89 - - [25/Apr/2024:06:45:39 -0500] "GET /BLA/resoluciones/AUTOS%202021/0245.php?act=img&img=ext_html HTTP/1.1" 200 230
47.128.25.89 - - [25/Apr/2024:06:45:40 -0500] "GET /BLA/resoluciones/AUTOS%202021/0245.php?act=img&img=ext_exe HTTP/1.1" 200 118
47.128.25.89 - - [25/Apr/2024:06:45:40 -0500] "GET /BLA/resoluciones/AUTOS%202021/0245.php?act=img&img=ext_gif HTTP/1.1" 200 175
47.128.25.89 - - [25/Apr/2024:06:45:40 -0500] "GET /BLA/resoluciones/AUTOS%202021/0245.php?act=img&img=change HTTP/1.1" 200 290
47.128.25.89 - - [25/Apr/2024:06:45:40 -0500] "GET /BLA/resoluciones/AUTOS%202021/0245.php?act=img&img=ext_rtf HTTP/1.1" 200 164
47.128.25.89 - - [25/Apr/2024:06:45:40 -0500] "GET /BLA/resoluciones/AUTOS%202021/0245.php?act=img&img=ext_ini HTTP/1.1" 200 134
47.128.25.89 - - [25/Apr/2024:06:45:40 -0500] "GET /BLA/resoluciones/AUTOS%202021/0245.php?act=img&img=download HTTP/1.1" 200 161
23.22.35.162 - - [25/Apr/2024:06:45:43 -0500] "GET /BLA/resoluciones/RESOLUCIONES%202016/1793.pdf HTTP/1.1" 200 500555
186.154.117.139 - - [25/Apr/2024:06:45:43 -0500] "POST /sipse/faces/presentacion/financiero/solicitudProceso/listarSolicitudProceso.xhtml HTTP/1.1" 200 134728
186.154.117.139 - - [25/Apr/2024:06:45:43 -0500] "GET /sipse/faces/javax.faces.resource/theme.css?ln=primefaces-sipse HTTP/1.1" 304 -
186.154.117.139 - - [25/Apr/2024:06:45:43 -0500] "GET /sipse/faces/javax.faces.resource/primefaces.css?ln=primefaces&v=4.0 HTTP/1.1" 304 -
186.154.117.139 - - [25/Apr/2024:06:45:43 -0500] "GET /sipse/faces/javax.faces.resource/layout/layout.css?ln=primefaces&v=4.0 HTTP/1.1" 304 -
186.154.117.139 - - [25/Apr/2024:06:45:43 -0500] "GET /sipse/faces/javax.faces.resource/jquery/jquery.js?ln=primefaces&v=4.0 HTTP/1.1" 304 -
186.154.117.139 - - [25/Apr/2024:06:45:43 -0500] "GET /sipse/faces/javax.faces.resource/jquery/jquery-plugins.js?ln=primefaces&v=4.0 HTTP/1.1" 304 -
186.154.117.139 - - [25/Apr/2024:06:45:43 -0500] "GET /sipse/faces/javax.faces.resource/primefaces.js?ln=primefaces&v=4.0 HTTP/1.1" 304 -
186.154.117.139 - - [25/Apr/2024:06:45:43 -0500] "GET /sipse/faces/javax.faces.resource/layout/layout.js?ln=primefaces&v=4.0 HTTP/1.1" 304 -
186.154.117.139 - - [25/Apr/2024:06:45:44 -0500] "GET /sipse/faces/javax.faces.resource/dynamiccontent.properties?ln=primefaces&pfdrid=XjOR5%2F%2FfPAZAuY9TpWQeCiM0BhlXxYRBGKi%2FQcXXfeA%3D&pfdrid_c=false HTTP/1.1" 500 383
3.224.220.101 - - [25/Apr/2024:06:45:47 -0500] "GET /BLA/resoluciones/RESOLUCIONES%202017/2357.pdf HTTP/1.1" 200 708315
186.154.117.139 - - [25/Apr/2024:06:45:47 -0500] "POST /sipse/faces/presentacion/financiero/solicitudProceso/consultarSolicitudProceso.xhtml HTTP/1.1" 200 63208
186.154.117.139 - - [25/Apr/2024:06:45:49 -0500] "GET /sipse/faces/javax.faces.resource/theme.css?ln=primefaces-sipse HTTP/1.1" 304 -
186.154.117.139 - - [25/Apr/2024:06:45:49 -0500] "GET /sipse/faces/javax.faces.resource/jquery/jquery.js?ln=primefaces&v=4.0 HTTP/1.1" 304 -
186.154.117.139 - - [25/Apr/2024:06:45:49 -0500] "GET /sipse/faces/javax.faces.resource/primefaces.css?ln=primefaces&v=4.0 HTTP/1.1" 304 -
186.154.117.139 - - [25/Apr/2024:06:45:49 -0500] "GET /sipse/faces/javax.faces.resource/layout/layout.css?ln=primefaces&v=4.0 HTTP/1.1" 304 -
186.154.117.139 - - [25/Apr/2024:06:45:49 -0500] "GET /sipse/faces/javax.faces.resource/jquery/jquery-plugins.js?ln=primefaces&v=4.0 HTTP/1.1" 304 -
186.154.117.139 - - [25/Apr/2024:06:45:49 -0500] "GET /sipse/faces/javax.faces.resource/primefaces.js?ln=primefaces&v=4.0 HTTP/1.1" 304 -
186.154.117.139 - - [25/Apr/2024:06:45:49 -0500] "GET /sipse/faces/javax.faces.resource/layout/layout.js?ln=primefaces&v=4.0 HTTP/1.1" 304 -
186.154.117.139 - - [25/Apr/2024:06:45:49 -0500] "POST /sipse/faces/presentacion/financiero/solicitudProceso/listarSolicitudProceso.xhtml HTTP/1.1" 200 1556
3.224.220.101 - - [25/Apr/2024:06:45:51 -0500] "GET /BLA/resoluciones/RESOLUCIONES%202016/1790.pdf HTTP/1.1" 200 1027753
103.123.8.135 - - [25/Apr/2024:06:45:53 -0500] "GET /remote/fgt_lang?lang=/../../../..//////////dev/cmdb/sslvpn_websession HTTP/1.1" 404 1034
172.22.2.4 - - [25/Apr/2024:06:44:14 -0500] "GET /BLA/boletinlegal/ HTTP/1.1" 200 58720
3.224.220.101 - - [25/Apr/2024:06:45:55 -0500] "GET /BLA/resoluciones/RESOLUCIONES%202017/2356.pdf HTTP/1.1" 200 1021366
3.224.220.101 - - [25/Apr/2024:06:45:59 -0500] "GET /BLA/resoluciones/RESOLUCIONES%202017/02353.pdf HTTP/1.1" 200 274769
172.22.2.4 - - [25/Apr/2024:06:46:02 -0500] "GET /BLA/boletinlegal/actos.php HTTP/1.1" 200 9738
172.22.2.4 - - [25/Apr/2024:06:46:03 -0500] "GET /BLA/boletinlegal/favicon.ico HTTP/1.1" 404 1326
47.128.119.225 - - [25/Apr/2024:06:46:03 -0500] "GET /BLA/resoluciones/AUTOS%202021/0245.php?act=chmod&d=E%3A%5Cnuevo%5Chtdocs%5CResiduos%5Ccurtiembres%5Cimages&f=page29_thumbnail.jpg HTTP/1.1" 200 2906
3.224.220.101 - - [25/Apr/2024:06:46:03 -0500] "GET /BLA/resoluciones/RESOLUCIONES%202016/1788.pdf HTTP/1.1" 200 972316
3.224.220.101 - - [25/Apr/2024:06:46:07 -0500] "GET /BLA/resoluciones/RESOLUCIONES%202017/2351.pdf HTTP/1.1" 200 375058
3.224.220.101 - - [25/Apr/2024:06:46:13 -0500] "GET /BLA/resoluciones/RESOLUCIONES%202016/1785.pdf HTTP/1.1" 200 439648
3.224.220.101 - - [25/Apr/2024:06:46:16 -0500] "GET /BLA/resoluciones/RESOLUCIONES%202017/2350.pdf HTTP/1.1" 200 250894
23.22.35.162 - - [25/Apr/2024:06:46:19 -0500] "GET /BLA/resoluciones/RESOLUCIONES%202016/1781.pdf HTTP/1.1" 200 280994
186.28.40.156 - - [25/Apr/2024:06:46:22 -0500] "GET /sipse/faces/javax.faces.resource/theme.css?ln=primefaces-sipse HTTP/1.1" 304 -
186.28.40.156 - - [25/Apr/2024:06:46:22 -0500] "GET /sipse/faces/javax.faces.resource/primefaces.css?ln=primefaces&v=4.0 HTTP/1.1" 304 -
186.28.40.156 - - [25/Apr/2024:06:46:22 -0500] "GET /sipse/faces/javax.faces.resource/layout/layout.css?ln=primefaces&v=4.0 HTTP/1.1" 304 -
186.28.40.156 - - [25/Apr/2024:06:46:22 -0500] "GET /sipse/faces/javax.faces.resource/jquery/jquery.js?ln=primefaces&v=4.0 HTTP/1.1" 304 -
186.28.40.156 - - [25/Apr/2024:06:46:22 -0500] "GET /sipse/faces/javax.faces.resource/jquery/jquery-plugins.js?ln=primefaces&v=4.0 HTTP/1.1" 304 -
186.28.40.156 - - [25/Apr/2024:06:46:22 -0500] "GET /sipse/faces/javax.faces.resource/primefaces.js?ln=primefaces&v=4.0 HTTP/1.1" 304 -
186.28.40.156 - - [25/Apr/2024:06:46:22 -0500] "GET /sipse/faces/javax.faces.resource/layout/layout.js?ln=primefaces&v=4.0 HTTP/1.1" 304 -
186.28.40.156 - - [25/Apr/2024:06:46:22 -0500] "POST /sipse/faces/presentacion/financiero/solicitudProceso/consultarHistorialSolProceso.xhtml HTTP/1.1" 200 194875
186.28.40.156 - - [25/Apr/2024:06:46:23 -0500] "GET /sipse/faces/javax.faces.resource/dynamiccontent.properties?ln=primefaces&pfdrid=XjOR5%2F%2FfPAZAuY9TpWQeCiM0BhlXxYRBGKi%2FQcXXfeA%3D&pfdrid_c=false HTTP/1.1" 500 383
23.22.35.162 - - [25/Apr/2024:06:46:23 -0500] "GET /BLA/resoluciones/RESOLUCIONES%202017/2349.pdf HTTP/1.1" 200 262261
47.128.21.59 - - [25/Apr/2024:06:46:27 -0500] "GET /BLA/resoluciones/AUTOS%202021/0245.php?act=sql&d=E%3A%5Cxampp%5Cxampp%5CMercuryMail%5CQUEUE%5C HTTP/1.1" 200 3049
3.224.220.101 - - [25/Apr/2024:06:46:27 -0500] "GET /BLA/resoluciones/RESOLUCIONES%202016/1771.pdf HTTP/1.1" 200 707668
172.22.2.4 - - [25/Apr/2024:06:46:29 -0500] "GET /BLA/boletinlegal/consulta_actos.php?tipo=autos&no=4061&usuario=&sector=&fecha=2020&resuelve= HTTP/1.1" 200 1115
52.70.240.171 - - [25/Apr/2024:06:46:32 -0500] "GET /BLA/resoluciones/RESOLUCIONES%202017/2348.pdf HTTP/1.1" 200 574452
23.22.35.162 - - [25/Apr/2024:06:46:35 -0500] "GET /BLA/resoluciones/RESOLUCIONES%202016/1757.pdf HTTP/1.1" 200 874112
23.22.35.162 - - [25/Apr/2024:06:46:39 -0500] "GET /BLA/resoluciones/RESOLUCIONES%202017/2347.pdf HTTP/1.1" 200 562381
3.224.220.101 - - [25/Apr/2024:06:46:43 -0500] "GET /BLA/resoluciones/RESOLUCIONES%202016/1756.pdf HTTP/1.1" 200 1076640
23.22.35.162 - - [25/Apr/2024:06:46:47 -0500] "GET /BLA/resoluciones/RESOLUCIONES%202017/2346.pdf HTTP/1.1" 200 394340
52.70.240.171 - - [25/Apr/2024:06:46:51 -0500] "GET /BLA/resoluciones/RESOLUCIONES%202017/2339.pdf HTTP/1.1" 200 236811
47.128.115.1 - - [25/Apr/2024:06:46:51 -0500] "GET /BLA/resoluciones/AUTOS%202021/0245.php?act=f&d=E%3A%5Cnuevo%5Chtdocs%5CResiduos%5Cimpresion%5Cimages%5C&f=page44.swf&fullhexdump=1 HTTP/1.1" 200 3021
47.128.115.1 - - [25/Apr/2024:06:46:52 -0500] "GET /BLA/resoluciones/AUTOS%202021/0245.php?act=img&img=ext_rtf HTTP/1.1" 200 164
47.128.115.1 - - [25/Apr/2024:06:46:52 -0500] "GET /BLA/resoluciones/AUTOS%202021/0245.php?act=img&img=ext_html HTTP/1.1" 200 230
47.128.115.1 - - [25/Apr/2024:06:46:52 -0500] "GET /BLA/resoluciones/AUTOS%202021/0245.php?act=img&img=ext_swf HTTP/1.1" 200 254
47.128.115.1 - - [25/Apr/2024:06:46:52 -0500] "GET /BLA/resoluciones/AUTOS%202021/0245.php?act=img&img=ext_gif HTTP/1.1" 200 175
47.128.115.1 - - [25/Apr/2024:06:46:52 -0500] "GET /BLA/resoluciones/AUTOS%202021/0245.php?act=img&img=ext_exe HTTP/1.1" 200 118
47.128.115.1 - - [25/Apr/2024:06:46:52 -0500] "GET /BLA/resoluciones/AUTOS%202021/0245.php?act=img&img=ext_txt HTTP/1.1" 200 132
47.128.115.1 - - [25/Apr/2024:06:46:52 -0500] "GET /BLA/resoluciones/AUTOS%202021/0245.php?act=img&img=change HTTP/1.1" 200 290
47.128.115.1 - - [25/Apr/2024:06:46:53 -0500] "GET /BLA/resoluciones/AUTOS%202021/0245.php?act=img&img=ext_ini HTTP/1.1" 200 134
47.128.115.1 - - [25/Apr/2024:06:46:53 -0500] "GET /BLA/resoluciones/AUTOS%202021/0245.php?act=img&img=download HTTP/1.1" 200 161
47.128.115.1 - - [25/Apr/2024:06:46:53 -0500] "GET /BLA/resoluciones/AUTOS%202021/0245.php?act=img&img=ext_diz HTTP/1.1" 200 1027
3.224.220.101 - - [25/Apr/2024:06:46:55 -0500] "GET /BLA/resoluciones/RESOLUCIONES%202016/1755.pdf HTTP/1.1" 200 486276
23.22.35.162 - - [25/Apr/2024:06:46:59 -0500] "GET /BLA/resoluciones/RESOLUCIONES%202017/2335.pdf HTTP/1.1" 200 541691
52.70.240.171 - - [25/Apr/2024:06:47:04 -0500] "GET /BLA/resoluciones/RESOLUCIONES%202016/1751.pdf HTTP/1.1" 200 568040
52.70.240.171 - - [25/Apr/2024:06:47:08 -0500] "GET /BLA/resoluciones/RESOLUCIONES%202017/2333.pdf HTTP/1.1" 200 304434
23.22.35.162 - - [25/Apr/2024:06:47:11 -0500] "GET /BLA/resoluciones/RESOLUCIONES%202016/1750.pdf HTTP/1.1" 200 515268
3.224.220.101 - - [25/Apr/2024:06:47:15 -0500] "GET /BLA/resoluciones/RESOLUCIONES%202017/2330.pdf HTTP/1.1" 200 308169
47.128.26.238 - - [25/Apr/2024:06:47:16 -0500] "GET /BLA/resoluciones/AUTOS%202021/0245.php?act=f&d=C%3A%5CAmbienteBogota%5Ccounter%5Cdigits%5Cchevy%5C&f=0.png&imgsize=100 HTTP/1.1" 200 15463
47.128.26.238 - - [25/Apr/2024:06:47:17 -0500] "GET /BLA/resoluciones/AUTOS%202021/0245.php?act=img&img=ext_html HTTP/1.1" 200 230
47.128.26.238 - - [25/Apr/2024:06:47:17 -0500] "GET /BLA/resoluciones/AUTOS%202021/0245.php?act=img&img=ext_diz HTTP/1.1" 200 1027
47.128.26.238 - - [25/Apr/2024:06:47:17 -0500] "GET /BLA/resoluciones/AUTOS%202021/0245.php?act=img&img=ext_txt HTTP/1.1" 200 132
47.128.26.238 - - [25/Apr/2024:06:47:17 -0500] "GET /BLA/resoluciones/AUTOS%202021/0245.php?act=img&img=ext_png HTTP/1.1" 200 175
47.128.26.238 - - [25/Apr/2024:06:47:17 -0500] "GET /BLA/resoluciones/AUTOS%202021/0245.php?act=img&img=ext_exe HTTP/1.1" 200 118
47.128.26.238 - - [25/Apr/2024:06:47:17 -0500] "GET /BLA/resoluciones/AUTOS%202021/0245.php?act=img&img=ext_gif HTTP/1.1" 200 175
47.128.26.238 - - [25/Apr/2024:06:47:17 -0500] "GET /BLA/resoluciones/AUTOS%202021/0245.php?act=img&img=download HTTP/1.1" 200 161
47.128.26.238 - - [25/Apr/2024:06:47:17 -0500] "GET /BLA/resoluciones/AUTOS%202021/0245.php?act=img&img=change HTTP/1.1" 200 290
47.128.26.238 - - [25/Apr/2024:06:47:17 -0500] "GET /BLA/resoluciones/AUTOS%202021/0245.php?act=img&img=ext_rtf HTTP/1.1" 200 164
47.128.26.238 - - [25/Apr/2024:06:47:17 -0500] "GET /BLA/resoluciones/AUTOS%202021/0245.php?act=img&img=ext_ini HTTP/1.1" 200 134
3.224.220.101 - - [25/Apr/2024:06:47:19 -0500] "GET /BLA/resoluciones/RESOLUCIONES%202017/2328.pdf HTTP/1.1" 200 304962
52.70.240.171 - - [25/Apr/2024:06:47:24 -0500] "GET /BLA/resoluciones/RESOLUCIONES%202016/1747.pdf HTTP/1.1" 200 567319
23.22.35.162 - - [25/Apr/2024:06:47:27 -0500] "GET /BLA/resoluciones/RESOLUCIONES%202017/2327.pdf HTTP/1.1" 200 304950
52.70.240.171 - - [25/Apr/2024:06:47:32 -0500] "GET /BLA/resoluciones/RESOLUCIONES%202016/1745.pdf HTTP/1.1" 200 479797
23.22.35.162 - - [25/Apr/2024:06:47:36 -0500] "GET /BLA/resoluciones/RESOLUCIONES%202017/2326.pdf HTTP/1.1" 200 304386
23.22.35.162 - - [25/Apr/2024:06:47:39 -0500] "GET /BLA/resoluciones/RESOLUCIONES%202016/1738.pdf HTTP/1.1" 200 653959
47.128.119.87 - - [25/Apr/2024:06:47:40 -0500] "GET /BLA/resoluciones/AUTOS%202021/0245.php?act=f&d=C%3A%5CAmbienteBogota%5Ccounter%5Cdigits%5Cmbc%5C&f=3.png&white=1 HTTP/1.1" 200 250
23.22.35.162 - - [25/Apr/2024:06:47:44 -0500] "GET /BLA/resoluciones/RESOLUCIONES%202017/2321.pdf HTTP/1.1" 200 909992
3.224.220.101 - - [25/Apr/2024:06:47:51 -0500] "GET /BLA/resoluciones/RESOLUCIONES%202016/1734.pdf HTTP/1.1" 200 863070
23.22.35.162 - - [25/Apr/2024:06:47:55 -0500] "GET /BLA/resoluciones/RESOLUCIONES%202016/0844.pdf HTTP/1.1" 200 823741
23.22.35.162 - - [25/Apr/2024:06:47:55 -0500] "GET /BLA/resoluciones/RESOLUCIONES%202017/2320.pdf HTTP/1.1" 200 2317028
186.86.32.88 - - [25/Apr/2024:06:47:57 -0500] "GET /BLA/resoluciones/ HTTP/1.1" 200 14105
23.22.35.162 - - [25/Apr/2024:06:47:59 -0500] "GET /BLA/resoluciones/RESOLUCIONES%202016/0843.pdf HTTP/1.1" 200 666894
168.119.253.85 - - [25/Apr/2024:06:48:00 -0500] "GET / HTTP/1.1" 200 4720
216.245.221.92 - - [25/Apr/2024:06:48:02 -0500] "HEAD / HTTP/1.1" 200 -
52.70.240.171 - - [25/Apr/2024:06:48:03 -0500] "GET /BLA/resoluciones/RESOLUCIONES%202016/1732.pdf HTTP/1.1" 200 505635
186.154.117.139 - - [25/Apr/2024:06:48:03 -0500] "POST /sipse/faces/presentacion/financiero/solicitudProceso/listarSolicitudProceso.xhtml HTTP/1.1" 200 134636
186.154.117.139 - - [25/Apr/2024:06:48:04 -0500] "GET /sipse/faces/javax.faces.resource/layout/layout.css?ln=primefaces&v=4.0 HTTP/1.1" 304 -
186.154.117.139 - - [25/Apr/2024:06:48:04 -0500] "GET /sipse/faces/javax.faces.resource/theme.css?ln=primefaces-sipse HTTP/1.1" 304 -
186.154.117.139 - - [25/Apr/2024:06:48:04 -0500] "GET /sipse/faces/javax.faces.resource/primefaces.css?ln=primefaces&v=4.0 HTTP/1.1" 304 -
