3.224.220.101 - - [25/Apr/2024:06:22:59 -0500] "GET /BLA/resoluciones/RESOLUCIONES%202016/2044.pdf HTTP/1.1" 200 545549
216.245.221.92 - - [25/Apr/2024:06:23:02 -0500] "HEAD / HTTP/1.1" 200 -
3.224.220.101 - - [25/Apr/2024:06:23:03 -0500] "GET /BLA/resoluciones/RESOLUCIONES%202016/2043.pdf HTTP/1.1" 200 544743
23.22.35.162 - - [25/Apr/2024:06:23:07 -0500] "GET /BLA/resoluciones/RESOLUCIONES%202016/2042.pdf HTTP/1.1" 200 360620
3.224.220.101 - - [25/Apr/2024:06:23:11 -0500] "GET /BLA/resoluciones/RESOLUCIONES%202016/2041.pdf HTTP/1.1" 200 362523
52.70.240.171 - - [25/Apr/2024:06:23:15 -0500] "GET /BLA/resoluciones/RESOLUCIONES%202016/2040.pdf HTTP/1.1" 200 361632
23.22.35.162 - - [25/Apr/2024:06:23:19 -0500] "GET /BLA/resoluciones/RESOLUCIONES%202016/2039.pdf HTTP/1.1" 200 500912
47.128.16.108 - - [25/Apr/2024:06:23:21 -0500] "GET /BLA/resoluciones/AUTOS%202021/0245.php?act=f&d=E%3A%5Cnuevo%5Chtdocs%5CResiduos%5Cimpresion%5Cimages%5C&f=page60_thumbnail.jpg&imgsize=100 HTTP/1.1" 200 16212
47.128.16.108 - - [25/Apr/2024:06:23:22 -0500] "GET /BLA/resoluciones/AUTOS%202021/0245.php?act=img&img=ext_jpg HTTP/1.1" 200 175
47.128.16.108 - - [25/Apr/2024:06:23:22 -0500] "GET /BLA/resoluciones/AUTOS%202021/0245.php?act=img&img=ext_txt HTTP/1.1" 200 132
47.128.16.108 - - [25/Apr/2024:06:23:22 -0500] "GET /BLA/resoluciones/AUTOS%202021/0245.php?act=img&img=ext_diz HTTP/1.1" 200 1027
47.128.16.108 - - [25/Apr/2024:06:23:22 -0500] "GET /BLA/resoluciones/AUTOS%202021/0245.php?act=img&img=ext_html HTTP/1.1" 200 230
47.128.16.108 - - [25/Apr/2024:06:23:22 -0500] "GET /BLA/resoluciones/AUTOS%202021/0245.php?act=img&img=ext_exe HTTP/1.1" 200 118
47.128.16.108 - - [25/Apr/2024:06:23:22 -0500] "GET /BLA/resoluciones/AUTOS%202021/0245.php?act=img&img=ext_gif HTTP/1.1" 200 175
47.128.16.108 - - [25/Apr/2024:06:23:23 -0500] "GET /BLA/resoluciones/AUTOS%202021/0245.php?act=img&img=ext_rtf HTTP/1.1" 200 164
47.128.16.108 - - [25/Apr/2024:06:23:23 -0500] "GET /BLA/resoluciones/AUTOS%202021/0245.php?act=img&img=change HTTP/1.1" 200 290
47.128.16.108 - - [25/Apr/2024:06:23:23 -0500] "GET /BLA/resoluciones/AUTOS%202021/0245.php?act=img&img=download HTTP/1.1" 200 161
47.128.16.108 - - [25/Apr/2024:06:23:23 -0500] "GET /BLA/resoluciones/AUTOS%202021/0245.php?act=img&img=ext_ini HTTP/1.1" 200 134
52.70.240.171 - - [25/Apr/2024:06:23:23 -0500] "GET /BLA/resoluciones/RESOLUCIONES%202016/2038.pdf HTTP/1.1" 200 361510
3.224.220.101 - - [25/Apr/2024:06:23:28 -0500] "GET /BLA/resoluciones/RESOLUCIONES%202016/2037.pdf HTTP/1.1" 200 367976
23.22.35.162 - - [25/Apr/2024:06:23:32 -0500] "GET /BLA/resoluciones/RESOLUCIONES%202016/2036.pdf HTTP/1.1" 200 368485
52.70.240.171 - - [25/Apr/2024:06:23:35 -0500] "GET /BLA/resoluciones/RESOLUCIONES%202016/2035.pdf HTTP/1.1" 200 368452
23.22.35.162 - - [25/Apr/2024:06:23:40 -0500] "GET /BLA/resoluciones/RESOLUCIONES%202017/2656.pdf HTTP/1.1" 200 304765
23.22.35.162 - - [25/Apr/2024:06:23:43 -0500] "GET /BLA/resoluciones/RESOLUCIONES%202016/2034.pdf HTTP/1.1" 200 544790
3.224.220.101 - - [25/Apr/2024:06:23:47 -0500] "GET /BLA/resoluciones/RESOLUCIONES%202017/2654.pdf HTTP/1.1" 200 306344
47.128.43.118 - - [25/Apr/2024:06:23:48 -0500] "GET /BLA/resoluciones/AUTOS%202021/0245.php?act=fsbuff&d=C%3A%5CAmbienteBogota%5Ccounter%5Cdigits%5Cpeachy%5C HTTP/1.1" 200 2676
3.224.220.101 - - [25/Apr/2024:06:23:51 -0500] "GET /BLA/resoluciones/RESOLUCIONES%202016/2033.pdf HTTP/1.1" 200 567599
52.70.240.171 - - [25/Apr/2024:06:23:57 -0500] "GET /BLA/resoluciones/RESOLUCIONES%202017/2646.pdf HTTP/1.1" 200 305336
52.70.240.171 - - [25/Apr/2024:06:24:00 -0500] "GET /BLA/resoluciones/RESOLUCIONES%202016/2031.pdf HTTP/1.1" 200 456219
23.22.35.162 - - [25/Apr/2024:06:24:03 -0500] "GET /BLA/resoluciones/RESOLUCIONES%202016/2030.pdf HTTP/1.1" 200 559550
52.70.240.171 - - [25/Apr/2024:06:24:07 -0500] "GET /BLA/resoluciones/RESOLUCIONES%202017/2644.pdf HTTP/1.1" 200 399870
47.128.55.112 - - [25/Apr/2024:06:24:10 -0500] "GET /BLA/resoluciones/AUTOS%202021/0245.php?act=f&d=E%3A%5Cnuevo%5Chtdocs%5CResiduos%5Cvehiculos%5Cimages%5C&f=page80_thumbnail.jpg&imgsize=50 HTTP/1.1" 200 16213
47.128.55.112 - - [25/Apr/2024:06:24:11 -0500] "GET /BLA/resoluciones/AUTOS%202021/0245.php?act=img&img=ext_html HTTP/1.1" 200 230
47.128.55.112 - - [25/Apr/2024:06:24:11 -0500] "GET /BLA/resoluciones/AUTOS%202021/0245.php?act=img&img=ext_jpg HTTP/1.1" 200 175
47.128.55.112 - - [25/Apr/2024:06:24:11 -0500] "GET /BLA/resoluciones/AUTOS%202021/0245.php?act=img&img=ext_diz HTTP/1.1" 200 1027
47.128.55.112 - - [25/Apr/2024:06:24:11 -0500] "GET /BLA/resoluciones/AUTOS%202021/0245.php?act=img&img=ext_txt HTTP/1.1" 200 132
47.128.55.112 - - [25/Apr/2024:06:24:11 -0500] "GET /BLA/resoluciones/AUTOS%202021/0245.php?act=img&img=ext_gif HTTP/1.1" 200 175
47.128.55.112 - - [25/Apr/2024:06:24:11 -0500] "GET /BLA/resoluciones/AUTOS%202021/0245.php?act=img&img=ext_exe HTTP/1.1" 200 118
3.224.220.101 - - [25/Apr/2024:06:24:11 -0500] "GET /BLA/resoluciones/RESOLUCIONES%202017/02643.pdf HTTP/1.1" 200 309845
47.128.55.112 - - [25/Apr/2024:06:24:11 -0500] "GET /BLA/resoluciones/AUTOS%202021/0245.php?act=img&img=ext_ini HTTP/1.1" 200 134
47.128.55.112 - - [25/Apr/2024:06:24:11 -0500] "GET /BLA/resoluciones/AUTOS%202021/0245.php?act=img&img=download HTTP/1.1" 200 161
47.128.55.112 - - [25/Apr/2024:06:24:11 -0500] "GET /BLA/resoluciones/AUTOS%202021/0245.php?act=img&img=change HTTP/1.1" 200 290
47.128.55.112 - - [25/Apr/2024:06:24:11 -0500] "GET /BLA/resoluciones/AUTOS%202021/0245.php?act=img&img=ext_rtf HTTP/1.1" 200 164
52.70.240.171 - - [25/Apr/2024:06:24:15 -0500] "GET /BLA/resoluciones/RESOLUCIONES%202016/2028.pdf HTTP/1.1" 200 505187
52.70.240.171 - - [25/Apr/2024:06:24:21 -0500] "GET /BLA/resoluciones/RESOLUCIONES%202017/02641.pdf HTTP/1.1" 200 314985
172.22.2.4 - - [25/Apr/2024:06:22:41 -0500] "GET /BLA/boletinlegal/ HTTP/1.1" 200 60380
172.22.2.4 - - [25/Apr/2024:06:24:25 -0500] "GET /BLA/boletinlegal/hw-sys.htm HTTP/1.1" 404 1038
23.22.35.162 - - [25/Apr/2024:06:24:28 -0500] "GET /BLA/resoluciones/RESOLUCIONES%202016/2027.pdf HTTP/1.1" 200 452327
52.70.240.171 - - [25/Apr/2024:06:24:27 -0500] "GET /BLA/resoluciones/RESOLUCIONES%202017/2627.pdf HTTP/1.1" 200 11223765
3.224.220.101 - - [25/Apr/2024:06:24:31 -0500] "GET /BLA/resoluciones/RESOLUCIONES%202016/2026.pdf HTTP/1.1" 200 460548
47.128.55.106 - - [25/Apr/2024:06:24:34 -0500] "GET /BLA/resoluciones/AUTOS%202021/0245.php?act=chmod&d=E%3A%5Cnuevo%5Chtdocs%5CSIIPEV%5CDiseno+de+Elementos+de+Mobiliario+Urbano%5COtros+Elementos%5CPARTE+B%5C HTTP/1.1" 200 2950
23.22.35.162 - - [25/Apr/2024:06:24:35 -0500] "GET /BLA/resoluciones/RESOLUCIONES%202017/2626.pdf HTTP/1.1" 200 316228
23.22.35.162 - - [25/Apr/2024:06:24:39 -0500] "GET /BLA/resoluciones/RESOLUCIONES%202017/2618.pdf HTTP/1.1" 200 272107
52.70.240.171 - - [25/Apr/2024:06:24:43 -0500] "GET /BLA/resoluciones/RESOLUCIONES%202016/2025.pdf HTTP/1.1" 200 731950
52.70.240.171 - - [25/Apr/2024:06:24:48 -0500] "GET /BLA/resoluciones/RESOLUCIONES%202017/2617.pdf HTTP/1.1" 200 900491
172.22.2.4 - - [25/Apr/2024:06:23:55 -0500] "GET /BLA/boletinlegal/ HTTP/1.1" 200 36811
23.22.35.162 - - [25/Apr/2024:06:24:51 -0500] "GET /BLA/resoluciones/RESOLUCIONES%202016/2024.pdf HTTP/1.1" 200 626439
52.70.240.171 - - [25/Apr/2024:06:24:56 -0500] "GET /BLA/resoluciones/RESOLUCIONES%202017/2616.pdf HTTP/1.1" 200 254683
47.128.37.44 - - [25/Apr/2024:06:24:58 -0500] "GET /BLA/resoluciones/AUTOS%202021/0245.php?act=f&d=E%3A%5Cxampp%5Cxampp%5C&f=mysql_start.bat&fullhexdump=1 HTTP/1.1" 200 3008
47.128.37.44 - - [25/Apr/2024:06:24:59 -0500] "GET /BLA/resoluciones/AUTOS%202021/0245.php?act=img&img=ext_rtf HTTP/1.1" 200 164
47.128.37.44 - - [25/Apr/2024:06:24:59 -0500] "GET /BLA/resoluciones/AUTOS%202021/0245.php?act=img&img=ext_diz HTTP/1.1" 200 1027
47.128.37.44 - - [25/Apr/2024:06:24:59 -0500] "GET /BLA/resoluciones/AUTOS%202021/0245.php?act=img&img=ext_html HTTP/1.1" 200 230
47.128.37.44 - - [25/Apr/2024:06:24:59 -0500] "GET /BLA/resoluciones/AUTOS%202021/0245.php?act=img&img=ext_exe HTTP/1.1" 200 118
47.128.37.44 - - [25/Apr/2024:06:24:59 -0500] "GET /BLA/resoluciones/AUTOS%202021/0245.php?act=img&img=ext_txt HTTP/1.1" 200 132
47.128.37.44 - - [25/Apr/2024:06:24:59 -0500] "GET /BLA/resoluciones/AUTOS%202021/0245.php?act=img&img=ext_gif HTTP/1.1" 200 175
47.128.37.44 - - [25/Apr/2024:06:24:59 -0500] "GET /BLA/resoluciones/AUTOS%202021/0245.php?act=img&img=ext_bat HTTP/1.1" 200 131
47.128.37.44 - - [25/Apr/2024:06:25:00 -0500] "GET /BLA/resoluciones/AUTOS%202021/0245.php?act=img&img=download HTTP/1.1" 200 161
47.128.37.44 - - [25/Apr/2024:06:25:00 -0500] "GET /BLA/resoluciones/AUTOS%202021/0245.php?act=img&img=change HTTP/1.1" 200 290
47.128.37.44 - - [25/Apr/2024:06:25:00 -0500] "GET /BLA/resoluciones/AUTOS%202021/0245.php?act=img&img=ext_ini HTTP/1.1" 200 134
52.70.240.171 - - [25/Apr/2024:06:25:01 -0500] "GET /BLA/resoluciones/RESOLUCIONES%202017/2614.pdf HTTP/1.1" 200 312180
23.22.35.162 - - [25/Apr/2024:06:25:03 -0500] "GET /BLA/resoluciones/RESOLUCIONES%202016/2023.pdf HTTP/1.1" 200 769599
23.22.35.162 - - [25/Apr/2024:06:25:07 -0500] "GET /BLA/resoluciones/RESOLUCIONES%202017/2613.pdf HTTP/1.1" 200 544150
3.224.220.101 - - [25/Apr/2024:06:25:11 -0500] "GET /BLA/resoluciones/RESOLUCIONES%202016/2017.pdf HTTP/1.1" 200 542603
23.22.35.162 - - [25/Apr/2024:06:25:15 -0500] "GET /BLA/resoluciones/RESOLUCIONES%202017/2612.pdf HTTP/1.1" 200 1165085
3.224.220.101 - - [25/Apr/2024:06:25:21 -0500] "GET /BLA/resoluciones/RESOLUCIONES%202016/2016.pdf HTTP/1.1" 200 492903
47.128.97.16 - - [25/Apr/2024:06:25:23 -0500] "GET /BLA/resoluciones/AUTOS%202021/0245.php?act=f&d=E%3A%5Cxampp%5Cxampp%5Chtdocs%5Cphpscripts%5C&f=reciboval.php&white=1 HTTP/1.1" 200 4346
52.70.240.171 - - [25/Apr/2024:06:25:23 -0500] "GET /BLA/resoluciones/RESOLUCIONES%202017/2610.PDF HTTP/1.1" 200 10509587
3.224.220.101 - - [25/Apr/2024:06:25:27 -0500] "GET /BLA/resoluciones/RESOLUCIONES%202016/2015.pdf HTTP/1.1" 200 287715
23.22.35.162 - - [25/Apr/2024:06:25:31 -0500] "GET /BLA/resoluciones/RESOLUCIONES%202017/02609.pdf HTTP/1.1" 200 2102523
23.22.35.162 - - [25/Apr/2024:06:25:35 -0500] "GET /BLA/resoluciones/RESOLUCIONES%202016/2010.pdf HTTP/1.1" 200 529031
23.22.35.162 - - [25/Apr/2024:06:25:40 -0500] "GET /BLA/resoluciones/RESOLUCIONES%202017/2608.pdf HTTP/1.1" 200 782543
52.70.240.171 - - [25/Apr/2024:06:25:44 -0500] "GET /BLA/resoluciones/RESOLUCIONES%202016/2009.pdf HTTP/1.1" 200 552512
47.128.31.179 - - [25/Apr/2024:06:25:47 -0500] "GET /BLA/resoluciones/AUTOS%202021/0245.php?act=f&d=E%3A%5Cxampp%5Cxampp%5CMercuryMail%5C&f=tasks.mer HTTP/1.1" 200 2969
3.224.220.101 - - [25/Apr/2024:06:25:47 -0500] "GET /BLA/resoluciones/RESOLUCIONES%202017/2606.pdf HTTP/1.1" 200 298238
47.128.31.179 - - [25/Apr/2024:06:25:48 -0500] "GET /BLA/resoluciones/AUTOS%202021/0245.php?act=img&img=change HTTP/1.1" 200 290
47.128.31.179 - - [25/Apr/2024:06:25:48 -0500] "GET /BLA/resoluciones/AUTOS%202021/0245.php?act=img&img=ext_diz HTTP/1.1" 200 1027
47.128.31.179 - - [25/Apr/2024:06:25:48 -0500] "GET /BLA/resoluciones/AUTOS%202021/0245.php?act=img&img=ext_html HTTP/1.1" 200 230
47.128.31.179 - - [25/Apr/2024:06:25:48 -0500] "GET /BLA/resoluciones/AUTOS%202021/0245.php?act=img&img=ext_exe HTTP/1.1" 200 118
47.128.31.179 - - [25/Apr/2024:06:25:48 -0500] "GET /BLA/resoluciones/AUTOS%202021/0245.php?act=img&img=ext_txt HTTP/1.1" 200 132
47.128.31.179 - - [25/Apr/2024:06:25:48 -0500] "GET /BLA/resoluciones/AUTOS%202021/0245.php?act=img&img=ext_gif HTTP/1.1" 200 175
172.22.2.4 - - [25/Apr/2024:06:25:48 -0500] "GET /BLA/boletinlegal/Circulares/2024/CIRCULAR%20No.%2000003%20DEL%2016%20DE%20FEBRERO%20DEL%202024.pdf HTTP/1.1" 304 -
47.128.31.179 - - [25/Apr/2024:06:25:48 -0500] "GET /BLA/resoluciones/AUTOS%202021/0245.php?act=img&img=download HTTP/1.1" 200 161
47.128.31.179 - - [25/Apr/2024:06:25:48 -0500] "GET /BLA/resoluciones/AUTOS%202021/0245.php?act=img&img=ext_mer HTTP/1.1" 200 1034
47.128.31.179 - - [25/Apr/2024:06:25:48 -0500] "GET /BLA/resoluciones/AUTOS%202021/0245.php?act=img&img=ext_rtf HTTP/1.1" 200 164
47.128.31.179 - - [25/Apr/2024:06:25:49 -0500] "GET /BLA/resoluciones/AUTOS%202021/0245.php?act=img&img=ext_ini HTTP/1.1" 200 134
3.224.220.101 - - [25/Apr/2024:06:25:51 -0500] "GET /BLA/resoluciones/RESOLUCIONES%202016/2008.pdf HTTP/1.1" 200 484579
23.22.35.162 - - [25/Apr/2024:06:25:55 -0500] "GET /BLA/resoluciones/RESOLUCIONES%202017/2605.pdf HTTP/1.1" 200 329039
52.70.240.171 - - [25/Apr/2024:06:26:00 -0500] "GET /BLA/resoluciones/RESOLUCIONES%202016/2007.pdf HTTP/1.1" 200 453693
52.70.240.171 - - [25/Apr/2024:06:26:03 -0500] "GET /BLA/resoluciones/RESOLUCIONES%202017/2600.pdf HTTP/1.1" 200 318967
66.249.66.19 - - [25/Apr/2024:06:26:07 -0500] "GET /BLA/resoluciones/RESOLUCIONES%202019/2301.pdf HTTP/1.1" 304 -
3.224.220.101 - - [25/Apr/2024:06:26:08 -0500] "GET /BLA/resoluciones/RESOLUCIONES%202016/2006.pdf HTTP/1.1" 200 456572
23.22.35.162 - - [25/Apr/2024:06:26:11 -0500] "GET /BLA/resoluciones/RESOLUCIONES%202017/2596.pdf HTTP/1.1" 200 277418
47.128.23.164 - - [25/Apr/2024:06:26:13 -0500] "GET /BLA/resoluciones/AUTOS%202021/0245.php?act=img&img=ext_jpg HTTP/1.1" 200 175
47.128.23.164 - - [25/Apr/2024:06:26:13 -0500] "GET /BLA/resoluciones/AUTOS%202021/0245.php?act=img&img=ext_diz HTTP/1.1" 200 1027
47.128.23.164 - - [25/Apr/2024:06:26:13 -0500] "GET /BLA/resoluciones/AUTOS%202021/0245.php?act=img&img=ext_txt HTTP/1.1" 200 132
47.128.23.164 - - [25/Apr/2024:06:26:13 -0500] "GET /BLA/resoluciones/AUTOS%202021/0245.php?act=img&img=ext_html HTTP/1.1" 200 230
47.128.23.164 - - [25/Apr/2024:06:26:11 -0500] "GET /BLA/resoluciones/AUTOS%202021/0245.php?act=f&d=E%3A%5Cnuevo%5Chtdocs%5CResiduos%5Ccosmeticos%5Cimages%5C&f=page103_thumbnail.jpg&fullhexdump=1 HTTP/1.1" 200 16296
47.128.23.164 - - [25/Apr/2024:06:26:13 -0500] "GET /BLA/resoluciones/AUTOS%202021/0245.php?act=img&img=ext_exe HTTP/1.1" 200 118
47.128.23.164 - - [25/Apr/2024:06:26:14 -0500] "GET /BLA/resoluciones/AUTOS%202021/0245.php?act=img&img=download HTTP/1.1" 200 161
47.128.23.164 - - [25/Apr/2024:06:26:14 -0500] "GET /BLA/resoluciones/AUTOS%202021/0245.php?act=img&img=ext_rtf HTTP/1.1" 200 164
47.128.23.164 - - [25/Apr/2024:06:26:14 -0500] "GET /BLA/resoluciones/AUTOS%202021/0245.php?act=img&img=ext_gif HTTP/1.1" 200 175
47.128.23.164 - - [25/Apr/2024:06:26:14 -0500] "GET /BLA/resoluciones/AUTOS%202021/0245.php?act=img&img=ext_ini HTTP/1.1" 200 134
47.128.23.164 - - [25/Apr/2024:06:26:14 -0500] "GET /BLA/resoluciones/AUTOS%202021/0245.php?act=img&img=change HTTP/1.1" 200 290
23.22.35.162 - - [25/Apr/2024:06:26:15 -0500] "GET /BLA/resoluciones/RESOLUCIONES%202016/2005.pdf HTTP/1.1" 200 446624
52.70.240.171 - - [25/Apr/2024:06:26:21 -0500] "GET /BLA/resoluciones/RESOLUCIONES%202017/2595.pdf HTTP/1.1" 200 324793
3.224.220.101 - - [25/Apr/2024:06:26:24 -0500] "GET /BLA/resoluciones/RESOLUCIONES%202017/2593.pdf HTTP/1.1" 200 316297
23.22.35.162 - - [25/Apr/2024:06:26:27 -0500] "GET /BLA/resoluciones/RESOLUCIONES%202016/2004.pdf HTTP/1.1" 200 594462
23.22.35.162 - - [25/Apr/2024:06:26:31 -0500] "GET /BLA/resoluciones/RESOLUCIONES%202017/2592.pdf HTTP/1.1" 200 319657
23.22.35.162 - - [25/Apr/2024:06:26:35 -0500] "GET /BLA/resoluciones/RESOLUCIONES%202016/1999.pdf HTTP/1.1" 200 360685
47.128.38.184 - - [25/Apr/2024:06:26:36 -0500] "GET /BLA/resoluciones/AUTOS%202021/0245.php?act=f&d=E%3A%5Cnuevo%5CMercuryMail%5CMLSS%5C&f=mlss_sc.htm&imgsize=20 HTTP/1.1" 200 3497
47.128.38.184 - - [25/Apr/2024:06:26:37 -0500] "GET /BLA/resoluciones/AUTOS%202021/0245.php?act=img&img=ext_gif HTTP/1.1" 200 175
47.128.38.184 - - [25/Apr/2024:06:26:37 -0500] "GET /BLA/resoluciones/AUTOS%202021/0245.php?act=img&img=ext_html HTTP/1.1" 200 230
47.128.38.184 - - [25/Apr/2024:06:26:37 -0500] "GET /BLA/resoluciones/AUTOS%202021/0245.php?act=img&img=ext_diz HTTP/1.1" 200 1027
47.128.38.184 - - [25/Apr/2024:06:26:37 -0500] "GET /BLA/resoluciones/AUTOS%202021/0245.php?act=img&img=ext_txt HTTP/1.1" 200 132
47.128.38.184 - - [25/Apr/2024:06:26:37 -0500] "GET /BLA/resoluciones/AUTOS%202021/0245.php?act=img&img=ext_htm HTTP/1.1" 200 79
47.128.38.184 - - [25/Apr/2024:06:26:37 -0500] "GET /BLA/resoluciones/AUTOS%202021/0245.php?act=img&img=ext_exe HTTP/1.1" 200 118
47.128.38.184 - - [25/Apr/2024:06:26:38 -0500] "GET /BLA/resoluciones/AUTOS%202021/0245.php?act=img&img=ext_rtf HTTP/1.1" 200 164
47.128.38.184 - - [25/Apr/2024:06:26:38 -0500] "GET /BLA/resoluciones/AUTOS%202021/0245.php?act=img&img=ext_ini HTTP/1.1" 200 134
47.128.38.184 - - [25/Apr/2024:06:26:38 -0500] "GET /BLA/resoluciones/AUTOS%202021/0245.php?act=img&img=change HTTP/1.1" 200 290
47.128.38.184 - - [25/Apr/2024:06:26:38 -0500] "GET /BLA/resoluciones/AUTOS%202021/0245.php?act=img&img=download HTTP/1.1" 200 161
23.22.35.162 - - [25/Apr/2024:06:26:39 -0500] "GET /BLA/resoluciones/RESOLUCIONES%202017/2590.pdf HTTP/1.1" 200 316895
23.22.35.162 - - [25/Apr/2024:06:26:44 -0500] "GET /BLA/resoluciones/RESOLUCIONES%202016/1998.pdf HTTP/1.1" 200 356969
23.22.35.162 - - [25/Apr/2024:06:26:48 -0500] "GET /BLA/resoluciones/RESOLUCIONES%202017/2589.pdf HTTP/1.1" 200 966900
52.70.240.171 - - [25/Apr/2024:06:26:52 -0500] "GET /BLA/resoluciones/RESOLUCIONES%202016/1997.pdf HTTP/1.1" 200 368279
3.224.220.101 - - [25/Apr/2024:06:26:55 -0500] "GET /BLA/resoluciones/RESOLUCIONES%202017/2587.pdf HTTP/1.1" 200 1869546
52.70.240.171 - - [25/Apr/2024:06:27:00 -0500] "GET /BLA/resoluciones/RESOLUCIONES%202016/1996.pdf HTTP/1.1" 200 362548
47.128.111.18 - - [25/Apr/2024:06:27:00 -0500] "GET /BLA/resoluciones/AUTOS%202021/0245.php?act=processes&d=C%3A%5CAmbienteBogota%5Ccounter%5Cdigits%5Cchinese%5C HTTP/1.1" 200 3661
3.224.220.101 - - [25/Apr/2024:06:27:03 -0500] "GET /BLA/resoluciones/RESOLUCIONES%202017/2586.pdf HTTP/1.1" 200 319984
3.224.220.101 - - [25/Apr/2024:06:27:07 -0500] "GET /BLA/resoluciones/RESOLUCIONES%202016/1995.pdf HTTP/1.1" 200 360776
52.70.240.171 - - [25/Apr/2024:06:27:11 -0500] "GET /BLA/resoluciones/RESOLUCIONES%202017/2585.pdf HTTP/1.1" 200 325941
3.224.220.101 - - [25/Apr/2024:06:27:15 -0500] "GET /BLA/resoluciones/RESOLUCIONES%202017/2584.pdf HTTP/1.1" 200 289383
52.70.240.171 - - [25/Apr/2024:06:27:20 -0500] "GET /BLA/resoluciones/RESOLUCIONES%202016/1994.pdf HTTP/1.1" 200 358567
3.224.220.101 - - [25/Apr/2024:06:27:23 -0500] "GET /BLA/resoluciones/RESOLUCIONES%202017/2583.pdf HTTP/1.1" 200 289478
47.128.36.201 - - [25/Apr/2024:06:27:24 -0500] "GET /BLA/resoluciones/AUTOS%202021/0245.php?act=f&d=E%3A%5Cnuevo%5Chtdocs%5CResiduos%5Cmetalmecanica%5Cimages%5C&f=page65_thumbnail.jpg&imgsize=20 HTTP/1.1" 200 16435
47.128.36.201 - - [25/Apr/2024:06:27:25 -0500] "GET /BLA/resoluciones/AUTOS%202021/0245.php?act=img&img=ext_diz HTTP/1.1" 200 1027
47.128.36.201 - - [25/Apr/2024:06:27:25 -0500] "GET /BLA/resoluciones/AUTOS%202021/0245.php?act=img&img=ext_jpg HTTP/1.1" 200 175
47.128.36.201 - - [25/Apr/2024:06:27:25 -0500] "GET /BLA/resoluciones/AUTOS%202021/0245.php?act=img&img=ext_html HTTP/1.1" 200 230
47.128.36.201 - - [25/Apr/2024:06:27:25 -0500] "GET /BLA/resoluciones/AUTOS%202021/0245.php?act=img&img=ext_txt HTTP/1.1" 200 132
47.128.36.201 - - [25/Apr/2024:06:27:25 -0500] "GET /BLA/resoluciones/AUTOS%202021/0245.php?act=img&img=ext_gif HTTP/1.1" 200 175
47.128.36.201 - - [25/Apr/2024:06:27:25 -0500] "GET /BLA/resoluciones/AUTOS%202021/0245.php?act=img&img=ext_exe HTTP/1.1" 200 118
47.128.36.201 - - [25/Apr/2024:06:27:26 -0500] "GET /BLA/resoluciones/AUTOS%202021/0245.php?act=img&img=ext_rtf HTTP/1.1" 200 164
47.128.36.201 - - [25/Apr/2024:06:27:26 -0500] "GET /BLA/resoluciones/AUTOS%202021/0245.php?act=img&img=change HTTP/1.1" 200 290
47.128.36.201 - - [25/Apr/2024:06:27:26 -0500] "GET /BLA/resoluciones/AUTOS%202021/0245.php?act=img&img=download HTTP/1.1" 200 161
47.128.36.201 - - [25/Apr/2024:06:27:26 -0500] "GET /BLA/resoluciones/AUTOS%202021/0245.php?act=img&img=ext_ini HTTP/1.1" 200 134
3.224.220.101 - - [25/Apr/2024:06:27:27 -0500] "GET /BLA/resoluciones/RESOLUCIONES%202016/1993.pdf HTTP/1.1" 200 363037
3.224.220.101 - - [25/Apr/2024:06:27:31 -0500] "GET /BLA/resoluciones/RESOLUCIONES%202017/2582.pdf HTTP/1.1" 200 324335
201.245.192.253 - - [25/Apr/2024:06:27:33 -0500] "POST /kwsrmcab/Wsrmcab  HTTP/1.1" 200 41163
172.22.2.4 - - [25/Apr/2024:06:25:53 -0500] "HEAD /BLA/boletinlegal/ HTTP/1.1" 200 -
23.22.35.162 - - [25/Apr/2024:06:27:35 -0500] "GET /BLA/resoluciones/RESOLUCIONES%202017/2580.pdf HTTP/1.1" 200 277558
3.224.220.101 - - [25/Apr/2024:06:27:39 -0500] "GET /BLA/resoluciones/RESOLUCIONES%202016/1992.pdf HTTP/1.1" 200 366324
66.249.66.20 - - [25/Apr/2024:06:27:42 -0500] "GET /BLA/resoluciones/AUTOS%202009/1322.pdf HTTP/1.1" 200 128388
3.224.220.101 - - [25/Apr/2024:06:27:43 -0500] "GET /BLA/resoluciones/RESOLUCIONES%202017/2578.pdf HTTP/1.1" 200 278018
23.22.35.162 - - [25/Apr/2024:06:27:47 -0500] "GET /BLA/resoluciones/RESOLUCIONES%202016/1991.pdf HTTP/1.1" 200 365588
47.128.97.154 - - [25/Apr/2024:06:27:48 -0500] "GET /BLA/resoluciones/AUTOS%202021/0245.php?act=fsbuff&d=E%3A%5Cnuevo%5Chtdocs%5Ccumbredelclima%5Cwp-content%5Cthemes%5Ctwentythirteen%5Cinc%5C HTTP/1.1" 200 2734
3.224.220.101 - - [25/Apr/2024:06:27:51 -0500] "GET /BLA/resoluciones/RESOLUCIONES%202016/1990.pdf HTTP/1.1" 200 359898
52.70.240.171 - - [25/Apr/2024:06:27:56 -0500] "GET /BLA/resoluciones/RESOLUCIONES%202017/2577.pdf HTTP/1.1" 200 289747
3.224.220.101 - - [25/Apr/2024:06:27:59 -0500] "GET /BLA/resoluciones/RESOLUCIONES%202016/1989.pdf HTTP/1.1" 200 363038
216.245.221.92 - - [25/Apr/2024:06:28:02 -0500] "HEAD / HTTP/1.1" 200 -
3.224.220.101 - - [25/Apr/2024:06:28:03 -0500] "GET /BLA/resoluciones/RESOLUCIONES%202016/1988.pdf HTTP/1.1" 200 360592
23.22.35.162 - - [25/Apr/2024:06:28:07 -0500] "GET /BLA/resoluciones/RESOLUCIONES%202017/2576.pdf HTTP/1.1" 200 278641
23.22.35.162 - - [25/Apr/2024:06:28:11 -0500] "GET /BLA/resoluciones/RESOLUCIONES%202016/1987.pdf HTTP/1.1" 200 366304
201.245.192.253 - - [25/Apr/2024:06:28:10 -0500] "POST /kwsrmcab/Wsrmcab HTTP/1.1" 200 37298
47.128.28.75 - - [25/Apr/2024:06:28:13 -0500] "GET /BLA/resoluciones/AUTOS%202021/0245.php?act=upload&d=E%3A%5Cnuevo%5CphpMyAdmin2%5Clocale%5Ces%5C.. HTTP/1.1" 200 2836
201.245.192.253 - - [25/Apr/2024:06:28:13 -0500] "POST /kwsrmcab/Wsrmcab HTTP/1.1" 200 38709
52.70.240.171 - - [25/Apr/2024:06:28:16 -0500] "GET /BLA/resoluciones/RESOLUCIONES%202016/1986.pdf HTTP/1.1" 200 363591
3.224.220.101 - - [25/Apr/2024:06:28:19 -0500] "GET /BLA/resoluciones/RESOLUCIONES%202017/2573.pdf HTTP/1.1" 200 4110375
52.70.240.171 - - [25/Apr/2024:06:28:24 -0500] "GET /BLA/resoluciones/RESOLUCIONES%202016/1985.pdf HTTP/1.1" 200 364045
172.22.2.4 - - [25/Apr/2024:06:26:44 -0500] "GET /BLA/boletinlegal/ HTTP/1.1" 200 58273
3.224.220.101 - - [25/Apr/2024:06:28:27 -0500] "GET /BLA/resoluciones/RESOLUCIONES%202017/2572.pdf HTTP/1.1" 200 294840
23.22.35.162 - - [25/Apr/2024:06:28:32 -0500] "GET /BLA/resoluciones/RESOLUCIONES%202016/1984.pdf HTTP/1.1" 200 547304
103.123.8.135 - - [25/Apr/2024:06:28:33 -0500] "GET /blast/nph-viewgif.cgi?../../../../etc/passwd HTTP/1.1" 404 1035
52.70.240.171 - - [25/Apr/2024:06:28:36 -0500] "GET /BLA/resoluciones/RESOLUCIONES%202017/2569.pdf HTTP/1.1" 200 505144
47.128.36.17 - - [25/Apr/2024:06:28:38 -0500] "GET /BLA/resoluciones/AUTOS%202021/0245.php?act=processes&d=C%3A%5CAmbienteBogota%5Ccounter%5Cdigits%5Csmplgld%5C&processes_sort=1a HTTP/1.1" 200 3673
52.70.240.171 - - [25/Apr/2024:06:28:40 -0500] "GET /BLA/resoluciones/RESOLUCIONES%202016/1983.pdf HTTP/1.1" 200 498200
186.84.22.216 - - [25/Apr/2024:06:28:40 -0500] "GET /sipse/faces/index.xhtml HTTP/1.1" 200 677
186.84.22.216 - - [25/Apr/2024:06:28:41 -0500] "GET /sipse/faces/javax.faces.resource/theme.css?ln=primefaces-sipse HTTP/1.1" 304 -
186.84.22.216 - - [25/Apr/2024:06:28:41 -0500] "GET /favicon.ico HTTP/1.1" 200 7782
186.84.22.216 - - [25/Apr/2024:06:28:41 -0500] "GET /sipse/faces/faces/autenticacion.xhtml HTTP/1.1" 200 12402
186.84.22.216 - - [25/Apr/2024:06:28:41 -0500] "GET /sipse/js/disable_browser_buttons.js HTTP/1.1" 304 -
186.84.22.216 - - [25/Apr/2024:06:28:41 -0500] "GET /sipse/js/funciones.js HTTP/1.1" 304 -
186.84.22.216 - - [25/Apr/2024:06:28:41 -0500] "GET /sipse/css/custom_css_sg.css HTTP/1.1" 304 -
186.84.22.216 - - [25/Apr/2024:06:28:41 -0500] "GET /sipse/css/custom_css_sg_prime_login.css HTTP/1.1" 304 -
186.84.22.216 - - [25/Apr/2024:06:28:41 -0500] "GET /sipse/faces/javax.faces.resource/theme.css?ln=primefaces-sipse HTTP/1.1" 304 -
186.84.22.216 - - [25/Apr/2024:06:28:41 -0500] "GET /sipse/faces/javax.faces.resource/layout/layout.css?ln=primefaces&v=4.0 HTTP/1.1" 304 -
186.84.22.216 - - [25/Apr/2024:06:28:41 -0500] "GET /sipse/faces/javax.faces.resource/jquery/jquery.js?ln=primefaces&v=4.0 HTTP/1.1" 304 -
186.84.22.216 - - [25/Apr/2024:06:28:41 -0500] "GET /sipse/faces/javax.faces.resource/layout/layout.js?ln=primefaces&v=4.0 HTTP/1.1" 304 -
186.84.22.216 - - [25/Apr/2024:06:28:41 -0500] "GET /sipse/faces/javax.faces.resource/jquery/jquery-plugins.js?ln=primefaces&v=4.0 HTTP/1.1" 304 -
186.84.22.216 - - [25/Apr/2024:06:28:41 -0500] "GET /sipse/faces/javax.faces.resource/primefaces.css?ln=primefaces&v=4.0 HTTP/1.1" 304 -
186.84.22.216 - - [25/Apr/2024:06:28:41 -0500] "GET /sipse/faces/javax.faces.resource/primefaces.js?ln=primefaces&v=4.0 HTTP/1.1" 304 -
186.84.22.216 - - [25/Apr/2024:06:28:41 -0500] "GET /sipse/css/imagen/logoSDG.png HTTP/1.1" 304 -
186.84.22.216 - - [25/Apr/2024:06:28:41 -0500] "GET /sipse/css/imagen/loginimg.png HTTP/1.1" 304 -
186.84.22.216 - - [25/Apr/2024:06:28:41 -0500] "GET /sipse/faces/javax.faces.resource/images/ui-icons_898989_256x240.png?ln=primefaces-aristo HTTP/1.1" 304 -
3.224.220.101 - - [25/Apr/2024:06:28:44 -0500] "GET /BLA/resoluciones/RESOLUCIONES%202017/2566.pdf HTTP/1.1" 200 1924271
186.84.22.216 - - [25/Apr/2024:06:28:44 -0500] "POST /sipse/faces/autenticacion.xhtml HTTP/1.1" 200 2219
186.84.22.216 - - [25/Apr/2024:06:28:45 -0500] "GET /sipse/faces/javax.faces.resource/messages/messages.png?ln=primefaces&v=4.0 HTTP/1.1" 304 -
186.84.22.216 - - [25/Apr/2024:06:28:46 -0500] "POST /sipse/faces/autenticacion.xhtml HTTP/1.1" 200 16459
186.84.22.216 - - [25/Apr/2024:06:28:46 -0500] "GET /sipse/css/custom_css_sg_prime.css HTTP/1.1" 304 -
186.84.22.216 - - [25/Apr/2024:06:28:46 -0500] "GET /sipse/faces/javax.faces.resource/primefaces.css?ln=primefaces&v=4.0 HTTP/1.1" 304 -
186.84.22.216 - - [25/Apr/2024:06:28:46 -0500] "GET /sipse/faces/javax.faces.resource/layout/layout.css?ln=primefaces&v=4.0 HTTP/1.1" 304 -
186.84.22.216 - - [25/Apr/2024:06:28:46 -0500] "GET /sipse/faces/javax.faces.resource/theme.css?ln=primefaces-sipse HTTP/1.1" 304 -
186.84.22.216 - - [25/Apr/2024:06:28:46 -0500] "GET /sipse/js/jquery.min.js HTTP/1.1" 304 -
186.84.22.216 - - [25/Apr/2024:06:28:47 -0500] "GET /sipse/faces/javax.faces.resource/jquery/jquery.js?ln=primefaces&v=4.0 HTTP/1.1" 304 -
186.84.22.216 - - [25/Apr/2024:06:28:47 -0500] "GET /sipse/faces/javax.faces.resource/jquery/jquery-plugins.js?ln=primefaces&v=4.0 HTTP/1.1" 304 -
186.84.22.216 - - [25/Apr/2024:06:28:47 -0500] "GET /sipse/faces/javax.faces.resource/primefaces.js?ln=primefaces&v=4.0 HTTP/1.1" 304 -
186.84.22.216 - - [25/Apr/2024:06:28:47 -0500] "GET /sipse/faces/javax.faces.resource/layout/layout.js?ln=primefaces&v=4.0 HTTP/1.1" 304 -
186.84.22.216 - - [25/Apr/2024:06:28:47 -0500] "GET /sipse/css/v_mergente.css HTTP/1.1" 304 -
186.84.22.216 - - [25/Apr/2024:06:28:47 -0500] "GET /sipse/imagenes/cargando.gif HTTP/1.1" 304 -
186.84.22.216 - - [25/Apr/2024:06:28:47 -0500] "GET /sipse/css/imagen/contrasena.png HTTP/1.1" 404 383
186.84.22.216 - - [25/Apr/2024:06:28:47 -0500] "GET /sipse/imagenes/logoAplicacion.jpg HTTP/1.1" 304 -
3.224.220.101 - - [25/Apr/2024:06:28:48 -0500] "GET /BLA/resoluciones/RESOLUCIONES%202016/1982.pdf HTTP/1.1" 200 363192
186.84.22.216 - - [25/Apr/2024:06:28:50 -0500] "GET /sipse/faces/javax.faces.resource/images/ui-bg_flat_0_2d5972_40x100.png?ln=primefaces-aristo HTTP/1.1" 304 -
186.84.22.216 - - [25/Apr/2024:06:28:50 -0500] "POST /sipse/faces/bienvenido.xhtml HTTP/1.1" 200 2658
52.70.240.171 - - [25/Apr/2024:06:28:51 -0500] "GET /BLA/resoluciones/RESOLUCIONES%202017/2565.pdf HTTP/1.1" 200 2947592
186.84.22.216 - - [25/Apr/2024:06:28:52 -0500] "POST /sipse/faces/bienvenido.xhtml HTTP/1.1" 200 64397
186.84.22.216 - - [25/Apr/2024:06:28:53 -0500] "GET /sipse/faces/javax.faces.resource/theme.css?ln=primefaces-sipse HTTP/1.1" 304 -
186.84.22.216 - - [25/Apr/2024:06:28:53 -0500] "GET /sipse/faces/javax.faces.resource/layout/layout.css?ln=primefaces&v=4.0 HTTP/1.1" 304 -
186.84.22.216 - - [25/Apr/2024:06:28:53 -0500] "GET /sipse/faces/javax.faces.resource/primefaces.css?ln=primefaces&v=4.0 HTTP/1.1" 304 -
186.84.22.216 - - [25/Apr/2024:06:28:53 -0500] "GET /sipse/faces/javax.faces.resource/jquery/jquery.js?ln=primefaces&v=4.0 HTTP/1.1" 304 -
186.84.22.216 - - [25/Apr/2024:06:28:53 -0500] "GET /sipse/faces/javax.faces.resource/jquery/jquery-plugins.js?ln=primefaces&v=4.0 HTTP/1.1" 304 -
186.84.22.216 - - [25/Apr/2024:06:28:53 -0500] "GET /sipse/faces/javax.faces.resource/primefaces.js?ln=primefaces&v=4.0 HTTP/1.1" 304 -
186.84.22.216 - - [25/Apr/2024:06:28:53 -0500] "GET /sipse/faces/javax.faces.resource/layout/layout.js?ln=primefaces&v=4.0 HTTP/1.1" 304 -
186.84.22.216 - - [25/Apr/2024:06:28:53 -0500] "POST /sipse/faces/presentacion/financiero/solicitudProceso/listarSolicitudProceso.xhtml HTTP/1.1" 200 1556
23.22.35.162 - - [25/Apr/2024:06:28:55 -0500] "GET /BLA/resoluciones/RESOLUCIONES%202016/1981.pdf HTTP/1.1" 200 369927
186.84.22.216 - - [25/Apr/2024:06:28:57 -0500] "POST /sipse/faces/presentacion/financiero/solicitudProceso/listarSolicitudProceso.xhtml HTTP/1.1" 200 10531
52.70.240.171 - - [25/Apr/2024:06:29:01 -0500] "GET /BLA/resoluciones/RESOLUCIONES%202017/2564.pdf HTTP/1.1" 200 2661146
47.128.36.246 - - [25/Apr/2024:06:29:02 -0500] "GET /BLA/resoluciones/AUTOS%202021/0245.php?act=chmod&d=E%3A%5Cnuevo%5Chtdocs%5CResiduos%5Cvehiculos%5Cimages%5C&f=page8_thumbnail.jpg HTTP/1.1" 200 2900
186.84.22.216 - - [25/Apr/2024:06:29:02 -0500] "POST /sipse/faces/presentacion/financiero/solicitudProceso/listarSolicitudProceso.xhtml HTTP/1.1" 200 141670
186.84.22.216 - - [25/Apr/2024:06:29:03 -0500] "GET /sipse/faces/javax.faces.resource/theme.css?ln=primefaces-sipse HTTP/1.1" 304 -
186.84.22.216 - - [25/Apr/2024:06:29:03 -0500] "GET /sipse/faces/javax.faces.resource/primefaces.css?ln=primefaces&v=4.0 HTTP/1.1" 304 -
186.84.22.216 - - [25/Apr/2024:06:29:03 -0500] "GET /sipse/faces/javax.faces.resource/jquery/jquery.js?ln=primefaces&v=4.0 HTTP/1.1" 304 -
186.84.22.216 - - [25/Apr/2024:06:29:03 -0500] "GET /sipse/faces/javax.faces.resource/jquery/jquery-plugins.js?ln=primefaces&v=4.0 HTTP/1.1" 304 -
186.84.22.216 - - [25/Apr/2024:06:29:03 -0500] "GET /sipse/faces/javax.faces.resource/primefaces.js?ln=primefaces&v=4.0 HTTP/1.1" 304 -
186.84.22.216 - - [25/Apr/2024:06:29:03 -0500] "GET /sipse/faces/javax.faces.resource/layout/layout.js?ln=primefaces&v=4.0 HTTP/1.1" 304 -
186.84.22.216 - - [25/Apr/2024:06:29:03 -0500] "GET /sipse/faces/javax.faces.resource/layout/layout.css?ln=primefaces&v=4.0 HTTP/1.1" 304 -
186.84.22.216 - - [25/Apr/2024:06:29:03 -0500] "GET /sipse/faces/javax.faces.resource/dynamiccontent.properties?ln=primefaces&pfdrid=XjOR5%2F%2FfPAZAuY9TpWQeCiM0BhlXxYRBGKi%2FQcXXfeA%3D&pfdrid_c=false HTTP/1.1" 500 383
52.70.240.171 - - [25/Apr/2024:06:29:04 -0500] "GET /BLA/resoluciones/RESOLUCIONES%202016/1980.pdf HTTP/1.1" 200 501728
3.224.220.101 - - [25/Apr/2024:06:29:07 -0500] "GET /BLA/resoluciones/RESOLUCIONES%202017/2563.pdf HTTP/1.1" 200 4188231
23.22.35.162 - - [25/Apr/2024:06:29:11 -0500] "GET /BLA/resoluciones/RESOLUCIONES%202016/1979.pdf HTTP/1.1" 200 367878
23.22.35.162 - - [25/Apr/2024:06:29:16 -0500] "GET /BLA/resoluciones/RESOLUCIONES%202017/2559.pdf HTTP/1.1" 200 2831419
201.245.192.253 - - [25/Apr/2024:06:29:16 -0500] "POST /kwsrmcab/Wsrmcab HTTP/1.1" 200 40882
52.70.240.171 - - [25/Apr/2024:06:29:20 -0500] "GET /BLA/resoluciones/RESOLUCIONES%202017/2558.pdf HTTP/1.1" 200 375629
52.70.240.171 - - [25/Apr/2024:06:29:23 -0500] "GET /BLA/resoluciones/RESOLUCIONES%202016/1978.pdf HTTP/1.1" 200 367104
47.128.27.136 - - [25/Apr/2024:06:29:26 -0500] "GET /BLA/resoluciones/AUTOS%202021/0245.php?act=f&d=E%3A%5Cxampp%5Cxampp%5Chtdocs%5CPruebasSTORM%5CStormSDA_pruebas&f=StormUser21_bk.jar HTTP/1.1" 200 3044
47.128.27.136 - - [25/Apr/2024:06:29:26 -0500] "GET /BLA/resoluciones/AUTOS%202021/0245.php?act=img&img=ext_exe HTTP/1.1" 200 118
47.128.27.136 - - [25/Apr/2024:06:29:27 -0500] "GET /BLA/resoluciones/AUTOS%202021/0245.php?act=img&img=ext_gif HTTP/1.1" 200 175
47.128.27.136 - - [25/Apr/2024:06:29:27 -0500] "GET /BLA/resoluciones/AUTOS%202021/0245.php?act=img&img=ext_html HTTP/1.1" 200 230
47.128.27.136 - - [25/Apr/2024:06:29:27 -0500] "GET /BLA/resoluciones/AUTOS%202021/0245.php?act=img&img=ext_txt HTTP/1.1" 200 132
47.128.27.136 - - [25/Apr/2024:06:29:27 -0500] "GET /BLA/resoluciones/AUTOS%202021/0245.php?act=img&img=ext_diz HTTP/1.1" 200 1027
47.128.27.136 - - [25/Apr/2024:06:29:27 -0500] "GET /BLA/resoluciones/AUTOS%202021/0245.php?act=img&img=ext_jar HTTP/1.1" 200 1034
47.128.27.136 - - [25/Apr/2024:06:29:27 -0500] "GET /BLA/resoluciones/AUTOS%202021/0245.php?act=img&img=ext_rtf HTTP/1.1" 200 164
47.128.27.136 - - [25/Apr/2024:06:29:27 -0500] "GET /BLA/resoluciones/AUTOS%202021/0245.php?act=img&img=download HTTP/1.1" 200 161
47.128.27.136 - - [25/Apr/2024:06:29:27 -0500] "GET /BLA/resoluciones/AUTOS%202021/0245.php?act=img&img=ext_ini HTTP/1.1" 200 134
47.128.27.136 - - [25/Apr/2024:06:29:27 -0500] "GET /BLA/resoluciones/AUTOS%202021/0245.php?act=img&img=change HTTP/1.1" 200 290
23.22.35.162 - - [25/Apr/2024:06:29:27 -0500] "GET /BLA/resoluciones/RESOLUCIONES%202016/1977.pdf HTTP/1.1" 200 359944
23.22.35.162 - - [25/Apr/2024:06:29:31 -0500] "GET /BLA/resoluciones/RESOLUCIONES%202017/2557.pdf HTTP/1.1" 200 240402
66.249.66.20 - - [25/Apr/2024:06:29:32 -0500] "GET /BLA/resoluciones/Notificaciones/AUTOS%202023/5877.pdf HTTP/1.1" 304 -
23.22.35.162 - - [25/Apr/2024:06:29:35 -0500] "GET /BLA/resoluciones/RESOLUCIONES%202016/1976.pdf HTTP/1.1" 200 358380
3.224.220.101 - - [25/Apr/2024:06:29:39 -0500] "GET /BLA/resoluciones/RESOLUCIONES%202017/2556.pdf HTTP/1.1" 200 304996
3.224.220.101 - - [25/Apr/2024:06:29:43 -0500] "GET /BLA/resoluciones/RESOLUCIONES%202016/1974.pdf HTTP/1.1" 200 366737
66.249.66.21 - - [25/Apr/2024:06:29:46 -0500] "GET /BLA/resoluciones/RESOLUCIONES%202011/3772.pdf HTTP/1.1" 200 688124
52.70.240.171 - - [25/Apr/2024:06:29:47 -0500] "GET /BLA/resoluciones/RESOLUCIONES%202017/2554.pdf HTTP/1.1" 200 293881
47.128.27.155 - - [25/Apr/2024:06:29:50 -0500] "GET /BLA/resoluciones/AUTOS%202021/0245.php?act=f&base64=1&d=C%3A%5CAmbienteBogota%5Cautoliquidacion%5C&f=inicio.htm HTTP/1.1" 200 5689
47.128.27.155 - - [25/Apr/2024:06:29:51 -0500] "GET /BLA/resoluciones/dama/libreria/css/dama_classic.css HTTP/1.1" 404 1396
47.128.27.155 - - [25/Apr/2024:06:29:51 -0500] "GET /BLA/resoluciones/AUTOS%202021/0245.php?act=img&img=ext_htm HTTP/1.1" 200 79
47.128.27.155 - - [25/Apr/2024:06:29:51 -0500] "GET /BLA/resoluciones/AUTOS%202021/0245.php?act=img&img=ext_diz HTTP/1.1" 200 1027
47.128.27.155 - - [25/Apr/2024:06:29:52 -0500] "GET /BLA/resoluciones/AUTOS%202021/0245.php?act=img&img=ext_html HTTP/1.1" 200 230
47.128.27.155 - - [25/Apr/2024:06:29:52 -0500] "GET /BLA/resoluciones/AUTOS%202021/0245.php?act=img&img=ext_txt HTTP/1.1" 200 132
47.128.27.155 - - [25/Apr/2024:06:29:52 -0500] "GET /BLA/resoluciones/AUTOS%202021/0245.php?act=img&img=ext_gif HTTP/1.1" 200 175
47.128.27.155 - - [25/Apr/2024:06:29:52 -0500] "GET /BLA/resoluciones/AUTOS%202021/0245.php?act=img&img=ext_rtf HTTP/1.1" 200 164
47.128.27.155 - - [25/Apr/2024:06:29:52 -0500] "GET /BLA/resoluciones/AUTOS%202021/0245.php?act=img&img=ext_exe HTTP/1.1" 200 118
47.128.27.155 - - [25/Apr/2024:06:29:52 -0500] "GET /BLA/resoluciones/AUTOS%202021/0245.php?act=img&img=download HTTP/1.1" 200 161
47.128.27.155 - - [25/Apr/2024:06:29:52 -0500] "GET /BLA/resoluciones/AUTOS%202021/0245.php?act=img&img=change HTTP/1.1" 200 290
47.128.27.155 - - [25/Apr/2024:06:29:52 -0500] "GET /BLA/resoluciones/AUTOS%202021/0245.php?act=img&img=ext_ini HTTP/1.1" 200 134
186.84.22.216 - - [25/Apr/2024:06:29:53 -0500] "POST /sipse/faces/presentacion/financiero/solicitudProceso/consultarSolicitudProceso.xhtml HTTP/1.1" 200 37974
186.84.22.216 - - [25/Apr/2024:06:29:53 -0500] "GET /sipse/faces/javax.faces.resource/theme.css?ln=primefaces-sipse HTTP/1.1" 304 -
186.84.22.216 - - [25/Apr/2024:06:29:53 -0500] "GET /sipse/faces/javax.faces.resource/primefaces.css?ln=primefaces&v=4.0 HTTP/1.1" 304 -
186.84.22.216 - - [25/Apr/2024:06:29:53 -0500] "GET /sipse/faces/javax.faces.resource/layout/layout.css?ln=primefaces&v=4.0 HTTP/1.1" 304 -
186.84.22.216 - - [25/Apr/2024:06:29:53 -0500] "GET /sipse/faces/javax.faces.resource/jquery/jquery.js?ln=primefaces&v=4.0 HTTP/1.1" 304 -
186.84.22.216 - - [25/Apr/2024:06:29:53 -0500] "GET /sipse/faces/javax.faces.resource/primefaces.js?ln=primefaces&v=4.0 HTTP/1.1" 304 -
186.84.22.216 - - [25/Apr/2024:06:29:53 -0500] "GET /sipse/faces/javax.faces.resource/jquery/jquery-plugins.js?ln=primefaces&v=4.0 HTTP/1.1" 304 -
186.84.22.216 - - [25/Apr/2024:06:29:53 -0500] "GET /sipse/faces/javax.faces.resource/layout/layout.js?ln=primefaces&v=4.0 HTTP/1.1" 304 -
23.22.35.162 - - [25/Apr/2024:06:29:55 -0500] "GET /BLA/resoluciones/RESOLUCIONES%202017/2553.pdf HTTP/1.1" 200 279503
23.22.35.162 - - [25/Apr/2024:06:29:56 -0500] "GET /BLA/resoluciones/RESOLUCIONES%202016/1973.pdf HTTP/1.1" 200 509304
23.22.35.162 - - [25/Apr/2024:06:29:59 -0500] "GET /BLA/resoluciones/RESOLUCIONES%202016/1970.pdf HTTP/1.1" 200 760468
52.70.240.171 - - [25/Apr/2024:06:30:03 -0500] "GET /BLA/resoluciones/RESOLUCIONES%202016/1969.pdf HTTP/1.1" 200 368180
66.249.66.19 - - [25/Apr/2024:06:30:07 -0500] "GET /BLA/resoluciones/RESOLUCIONES%202009/3865.pdf HTTP/1.1" 200 1141662
186.84.22.216 - - [25/Apr/2024:06:30:07 -0500] "GET /sipse/faces/javax.faces.resource/theme.css?ln=primefaces-sipse HTTP/1.1" 304 -
186.84.22.216 - - [25/Apr/2024:06:30:07 -0500] "GET /sipse/faces/javax.faces.resource/primefaces.css?ln=primefaces&v=4.0 HTTP/1.1" 304 -
186.84.22.216 - - [25/Apr/2024:06:30:07 -0500] "GET /sipse/faces/javax.faces.resource/layout/layout.css?ln=primefaces&v=4.0 HTTP/1.1" 304 -
186.84.22.216 - - [25/Apr/2024:06:30:07 -0500] "GET /sipse/faces/javax.faces.resource/jquery/jquery.js?ln=primefaces&v=4.0 HTTP/1.1" 304 -
186.84.22.216 - - [25/Apr/2024:06:30:07 -0500] "GET /sipse/faces/javax.faces.resource/jquery/jquery-plugins.js?ln=primefaces&v=4.0 HTTP/1.1" 304 -
186.84.22.216 - - [25/Apr/2024:06:30:07 -0500] "GET /sipse/faces/javax.faces.resource/primefaces.js?ln=primefaces&v=4.0 HTTP/1.1" 304 -
186.84.22.216 - - [25/Apr/2024:06:30:07 -0500] "GET /sipse/faces/javax.faces.resource/layout/layout.js?ln=primefaces&v=4.0 HTTP/1.1" 304 -
186.84.22.216 - - [25/Apr/2024:06:30:07 -0500] "POST /sipse/faces/presentacion/financiero/solicitudProceso/consultarHistorialSolProceso.xhtml HTTP/1.1" 200 187416
3.224.220.101 - - [25/Apr/2024:06:30:07 -0500] "GET /BLA/resoluciones/RESOLUCIONES%202016/1966.pdf HTTP/1.1" 200 544761
186.84.22.216 - - [25/Apr/2024:06:30:07 -0500] "GET /sipse/faces/javax.faces.resource/dynamiccontent.properties?ln=primefaces&pfdrid=XjOR5%2F%2FfPAZAuY9TpWQeCiM0BhlXxYRBGKi%2FQcXXfeA%3D&pfdrid_c=false HTTP/1.1" 500 383
186.84.22.216 - - [25/Apr/2024:06:30:11 -0500] "POST /sipse/faces/presentacion/financiero/solicitudProceso/consultarSolicitudProceso.xhtml HTTP/1.1" 200 21225
186.84.22.216 - - [25/Apr/2024:06:30:11 -0500] "GET /sipse/faces/javax.faces.resource/layout/layout.css?ln=primefaces&v=4.0 HTTP/1.1" 304 -
186.84.22.216 - - [25/Apr/2024:06:30:11 -0500] "GET /sipse/faces/javax.faces.resource/primefaces.css?ln=primefaces&v=4.0 HTTP/1.1" 304 -
186.84.22.216 - - [25/Apr/2024:06:30:11 -0500] "GET /sipse/faces/javax.faces.resource/theme.css?ln=primefaces-sipse HTTP/1.1" 304 -
186.84.22.216 - - [25/Apr/2024:06:30:11 -0500] "GET /sipse/faces/javax.faces.resource/jquery/jquery-plugins.js?ln=primefaces&v=4.0 HTTP/1.1" 304 -
186.84.22.216 - - [25/Apr/2024:06:30:11 -0500] "GET /sipse/faces/javax.faces.resource/jquery/jquery.js?ln=primefaces&v=4.0 HTTP/1.1" 304 -
186.84.22.216 - - [25/Apr/2024:06:30:11 -0500] "GET /sipse/faces/javax.faces.resource/fileupload/fileupload.css?ln=primefaces&v=4.0 HTTP/1.1" 304 -
186.84.22.216 - - [25/Apr/2024:06:30:11 -0500] "GET /sipse/faces/javax.faces.resource/layout/layout.js?ln=primefaces&v=4.0 HTTP/1.1" 304 -
186.84.22.216 - - [25/Apr/2024:06:30:11 -0500] "GET /sipse/faces/javax.faces.resource/primefaces.js?ln=primefaces&v=4.0 HTTP/1.1" 304 -
186.84.22.216 - - [25/Apr/2024:06:30:11 -0500] "GET /sipse/faces/javax.faces.resource/fileupload/fileupload.js?ln=primefaces&v=4.0 HTTP/1.1" 304 -
52.70.240.171 - - [25/Apr/2024:06:30:11 -0500] "GET /BLA/resoluciones/RESOLUCIONES%202017/2552.pdf HTTP/1.1" 200 275127
47.128.59.4 - - [25/Apr/2024:06:30:15 -0500] "GET /BLA/resoluciones/AUTOS%202021/0245.php?act=f&d=E%3A%5Cnuevo%5Chtdocs%5CResiduos%5Cvehiculos%5Cimages%5C&f=page14_thumbnail.jpg&white=1 HTTP/1.1" 200 4419
3.224.220.101 - - [25/Apr/2024:06:30:15 -0500] "GET /BLA/resoluciones/RESOLUCIONES%202016/1965.pdf HTTP/1.1" 200 361201
3.224.220.101 - - [25/Apr/2024:06:30:19 -0500] "GET /BLA/resoluciones/RESOLUCIONES%202017/2551.pdf HTTP/1.1" 200 1657224
23.22.35.162 - - [25/Apr/2024:06:30:23 -0500] "GET /BLA/resoluciones/RESOLUCIONES%202016/1953.pdf HTTP/1.1" 200 370383
23.22.35.162 - - [25/Apr/2024:06:30:27 -0500] "GET /BLA/resoluciones/RESOLUCIONES%202017/2550.pdf HTTP/1.1" 200 810278
52.70.240.171 - - [25/Apr/2024:06:30:34 -0500] "GET /BLA/resoluciones/RESOLUCIONES%202016/01953.pdf HTTP/1.1" 200 370383
23.22.35.162 - - [25/Apr/2024:06:30:35 -0500] "GET /BLA/resoluciones/RESOLUCIONES%202017/2549.pdf HTTP/1.1" 200 277976
186.84.22.216 - - [25/Apr/2024:06:30:38 -0500] "GET /sipse/faces/javax.faces.resource/theme.css?ln=primefaces-sipse HTTP/1.1" 304 -
186.84.22.216 - - [25/Apr/2024:06:30:38 -0500] "GET /sipse/faces/javax.faces.resource/layout/layout.css?ln=primefaces&v=4.0 HTTP/1.1" 304 -
186.84.22.216 - - [25/Apr/2024:06:30:38 -0500] "GET /sipse/faces/javax.faces.resource/primefaces.css?ln=primefaces&v=4.0 HTTP/1.1" 304 -
186.84.22.216 - - [25/Apr/2024:06:30:38 -0500] "GET /sipse/faces/javax.faces.resource/jquery/jquery.js?ln=primefaces&v=4.0 HTTP/1.1" 304 -
186.84.22.216 - - [25/Apr/2024:06:30:38 -0500] "GET /sipse/faces/javax.faces.resource/jquery/jquery-plugins.js?ln=primefaces&v=4.0 HTTP/1.1" 304 -
186.84.22.216 - - [25/Apr/2024:06:30:38 -0500] "GET /sipse/faces/javax.faces.resource/primefaces.js?ln=primefaces&v=4.0 HTTP/1.1" 304 -
186.84.22.216 - - [25/Apr/2024:06:30:38 -0500] "POST /sipse/faces/presentacion/sistema/anexos/cargarAnexoSolicitudProceso.xhtml HTTP/1.1" 200 189218
186.84.22.216 - - [25/Apr/2024:06:30:39 -0500] "GET /sipse/faces/javax.faces.resource/layout/layout.js?ln=primefaces&v=4.0 HTTP/1.1" 304 -
186.84.22.216 - - [25/Apr/2024:06:30:39 -0500] "GET /sipse/faces/javax.faces.resource/dynamiccontent.properties?ln=primefaces&pfdrid=XjOR5%2F%2FfPAZAuY9TpWQeCiM0BhlXxYRBGKi%2FQcXXfeA%3D&pfdrid_c=false HTTP/1.1" 500 383
3.224.220.101 - - [25/Apr/2024:06:30:39 -0500] "GET /BLA/resoluciones/RESOLUCIONES%202016/1951.pdf HTTP/1.1" 200 525518
47.128.97.227 - - [25/Apr/2024:06:30:39 -0500] "GET /BLA/resoluciones/AUTOS%202021/0245.php?act=chmod&d=E%3A%5Cxampp%5Cxampp%5Chtdocs%5CdocumentosIntranet%5CfichasEBI&f=.. HTTP/1.1" 200 2890
3.224.220.101 - - [25/Apr/2024:06:30:43 -0500] "GET /BLA/resoluciones/RESOLUCIONES%202017/2548.pdf HTTP/1.1" 200 280704
3.224.220.101 - - [25/Apr/2024:06:30:47 -0500] "GET /BLA/resoluciones/RESOLUCIONES%202016/1950.pdf HTTP/1.1" 200 292927
186.84.22.216 - - [25/Apr/2024:06:30:48 -0500] "POST /sipse/faces/presentacion/financiero/solicitudProceso/consultarSolicitudProceso.xhtml HTTP/1.1" 200 21225
186.84.22.216 - - [25/Apr/2024:06:30:49 -0500] "GET /sipse/faces/javax.faces.resource/primefaces.css?ln=primefaces&v=4.0 HTTP/1.1" 304 -
186.84.22.216 - - [25/Apr/2024:06:30:49 -0500] "GET /sipse/faces/javax.faces.resource/theme.css?ln=primefaces-sipse HTTP/1.1" 304 -
186.84.22.216 - - [25/Apr/2024:06:30:49 -0500] "GET /sipse/faces/javax.faces.resource/layout/layout.css?ln=primefaces&v=4.0 HTTP/1.1" 304 -
186.84.22.216 - - [25/Apr/2024:06:30:49 -0500] "GET /sipse/faces/javax.faces.resource/jquery/jquery.js?ln=primefaces&v=4.0 HTTP/1.1" 304 -
186.84.22.216 - - [25/Apr/2024:06:30:49 -0500] "GET /sipse/faces/javax.faces.resource/jquery/jquery-plugins.js?ln=primefaces&v=4.0 HTTP/1.1" 304 -
186.84.22.216 - - [25/Apr/2024:06:30:49 -0500] "GET /sipse/faces/javax.faces.resource/layout/layout.js?ln=primefaces&v=4.0 HTTP/1.1" 304 -
186.84.22.216 - - [25/Apr/2024:06:30:49 -0500] "GET /sipse/faces/javax.faces.resource/primefaces.js?ln=primefaces&v=4.0 HTTP/1.1" 304 -
186.84.22.216 - - [25/Apr/2024:06:30:49 -0500] "GET /sipse/faces/javax.faces.resource/fileupload/fileupload.css?ln=primefaces&v=4.0 HTTP/1.1" 304 -
186.84.22.216 - - [25/Apr/2024:06:30:49 -0500] "GET /sipse/faces/javax.faces.resource/fileupload/fileupload.js?ln=primefaces&v=4.0 HTTP/1.1" 304 -
23.22.35.162 - - [25/Apr/2024:06:30:51 -0500] "GET /BLA/resoluciones/RESOLUCIONES%202017/2547.pdf HTTP/1.1" 200 687799
20.168.253.116 - - [25/Apr/2024:06:30:54 -0500] "GET /BLA/resoluciones/RESOLUCIONES%202021/1292.pdf HTTP/1.1" 200 651694
186.84.22.216 - - [25/Apr/2024:06:30:55 -0500] "GET /sipse/faces/javax.faces.resource/primefaces.css?ln=primefaces&v=4.0 HTTP/1.1" 304 -
186.84.22.216 - - [25/Apr/2024:06:30:55 -0500] "GET /sipse/faces/javax.faces.resource/theme.css?ln=primefaces-sipse HTTP/1.1" 304 -
186.84.22.216 - - [25/Apr/2024:06:30:55 -0500] "GET /sipse/faces/javax.faces.resource/jquery/jquery-plugins.js?ln=primefaces&v=4.0 HTTP/1.1" 304 -
186.84.22.216 - - [25/Apr/2024:06:30:55 -0500] "GET /sipse/faces/javax.faces.resource/layout/layout.css?ln=primefaces&v=4.0 HTTP/1.1" 304 -
186.84.22.216 - - [25/Apr/2024:06:30:55 -0500] "GET /sipse/faces/javax.faces.resource/jquery/jquery.js?ln=primefaces&v=4.0 HTTP/1.1" 304 -
186.84.22.216 - - [25/Apr/2024:06:30:55 -0500] "GET /sipse/faces/javax.faces.resource/primefaces.js?ln=primefaces&v=4.0 HTTP/1.1" 304 -
186.84.22.216 - - [25/Apr/2024:06:30:55 -0500] "GET /sipse/faces/javax.faces.resource/layout/layout.js?ln=primefaces&v=4.0 HTTP/1.1" 304 -
186.84.22.216 - - [25/Apr/2024:06:30:54 -0500] "POST /sipse/faces/presentacion/sistema/anexos/cargarAnexoSolicitudProceso.xhtml HTTP/1.1" 200 191024
52.70.240.171 - - [25/Apr/2024:06:30:56 -0500] "GET /BLA/resoluciones/RESOLUCIONES%202016/1949.pdf HTTP/1.1" 200 383513
186.84.22.216 - - [25/Apr/2024:06:30:56 -0500] "GET /sipse/faces/javax.faces.resource/dynamiccontent.properties?ln=primefaces&pfdrid=XjOR5%2F%2FfPAZAuY9TpWQeCiM0BhlXxYRBGKi%2FQcXXfeA%3D&pfdrid_c=false HTTP/1.1" 500 383
3.224.220.101 - - [25/Apr/2024:06:30:59 -0500] "GET /BLA/resoluciones/RESOLUCIONES%202017/2543.pdf HTTP/1.1" 200 1567921
47.128.39.77 - - [25/Apr/2024:06:31:03 -0500] "GET /BLA/resoluciones/AUTOS%202021/0245.php?act=f&d=E%3A%5Cnuevo%5Chtdocs%5Creq%5Cclass%5C&f=cargos.php&fullhexdump=1 HTTP/1.1" 200 3439
47.128.39.77 - - [25/Apr/2024:06:31:04 -0500] "GET /BLA/resoluciones/AUTOS%202021/0245.php?act=img&img=ext_html HTTP/1.1" 200 230
47.128.39.77 - - [25/Apr/2024:06:31:04 -0500] "GET /BLA/resoluciones/AUTOS%202021/0245.php?act=img&img=ext_exe HTTP/1.1" 200 118
47.128.39.77 - - [25/Apr/2024:06:31:04 -0500] "GET /BLA/resoluciones/AUTOS%202021/0245.php?act=img&img=ext_diz HTTP/1.1" 200 1027
47.128.39.77 - - [25/Apr/2024:06:31:04 -0500] "GET /BLA/resoluciones/AUTOS%202021/0245.php?act=img&img=ext_php HTTP/1.1" 200 79
47.128.39.77 - - [25/Apr/2024:06:31:04 -0500] "GET /BLA/resoluciones/AUTOS%202021/0245.php?act=img&img=ext_txt HTTP/1.1" 200 132
47.128.39.77 - - [25/Apr/2024:06:31:04 -0500] "GET /BLA/resoluciones/AUTOS%202021/0245.php?act=img&img=ext_gif HTTP/1.1" 200 175
52.70.240.171 - - [25/Apr/2024:06:31:04 -0500] "GET /BLA/resoluciones/RESOLUCIONES%202016/1948.pdf HTTP/1.1" 200 710184
47.128.39.77 - - [25/Apr/2024:06:31:04 -0500] "GET /BLA/resoluciones/AUTOS%202021/0245.php?act=img&img=change HTTP/1.1" 200 290
47.128.39.77 - - [25/Apr/2024:06:31:04 -0500] "GET /BLA/resoluciones/AUTOS%202021/0245.php?act=img&img=download HTTP/1.1" 200 161
47.128.39.77 - - [25/Apr/2024:06:31:04 -0500] "GET /BLA/resoluciones/AUTOS%202021/0245.php?act=img&img=ext_rtf HTTP/1.1" 200 164
47.128.39.77 - - [25/Apr/2024:06:31:04 -0500] "GET /BLA/resoluciones/AUTOS%202021/0245.php?act=img&img=ext_ini HTTP/1.1" 200 134
52.70.240.171 - - [25/Apr/2024:06:31:07 -0500] "GET /BLA/resoluciones/RESOLUCIONES%202017/2542.pdf HTTP/1.1" 200 2321660
52.70.240.171 - - [25/Apr/2024:06:31:13 -0500] "GET /BLA/resoluciones/RESOLUCIONES%202016/1947.pdf HTTP/1.1" 200 526178
216.244.66.195 - - [25/Apr/2024:06:31:13 -0500] "GET /BLA/resoluciones/AUTOS%202018/1312.pdf HTTP/1.1" 200 276144
52.70.240.171 - - [25/Apr/2024:06:31:15 -0500] "GET /BLA/resoluciones/RESOLUCIONES%202017/2541.pdf HTTP/1.1" 200 416250
23.22.35.162 - - [25/Apr/2024:06:31:19 -0500] "GET /BLA/resoluciones/RESOLUCIONES%202017/2540.pdf HTTP/1.1" 200 411499
40.77.167.255 - - [25/Apr/2024:06:31:23 -0500] "GET /BLA/resoluciones/RESOLUCIONES%202020/1943.pdf HTTP/1.1" 304 -
23.22.35.162 - - [25/Apr/2024:06:31:24 -0500] "GET /BLA/resoluciones/RESOLUCIONES%202016/1946.pdf HTTP/1.1" 200 468629
186.84.22.216 - - [25/Apr/2024:06:31:23 -0500] "POST /sipse/faces/presentacion/financiero/solicitudProceso/consultarSolicitudProceso.xhtml HTTP/1.1" 200 37643
186.84.22.216 - - [25/Apr/2024:06:31:26 -0500] "GET /sipse/faces/javax.faces.resource/theme.css?ln=primefaces-sipse HTTP/1.1" 304 -
186.84.22.216 - - [25/Apr/2024:06:31:26 -0500] "GET /sipse/faces/javax.faces.resource/layout/layout.css?ln=primefaces&v=4.0 HTTP/1.1" 304 -
