186.154.117.139 - - [25/Apr/2024:06:58:49 -0500] "POST /sipse/faces/presentacion/financiero/solicitudProceso/listarSolicitudProceso.xhtml HTTP/1.1" 200 32676
186.154.117.139 - - [25/Apr/2024:06:58:49 -0500] "POST /sipse/faces/presentacion/financiero/solicitudProceso/listarSolicitudProceso.xhtml HTTP/1.1" 200 32676
186.154.117.139 - - [25/Apr/2024:06:58:49 -0500] "POST /sipse/faces/presentacion/financiero/solicitudProceso/listarSolicitudProceso.xhtml HTTP/1.1" 200 32676
186.154.117.139 - - [25/Apr/2024:06:58:49 -0500] "POST /sipse/faces/presentacion/financiero/solicitudProceso/listarSolicitudProceso.xhtml HTTP/1.1" 200 32676
186.154.117.139 - - [25/Apr/2024:06:58:50 -0500] "POST /sipse/faces/presentacion/financiero/solicitudProceso/listarSolicitudProceso.xhtml HTTP/1.1" 200 32676
186.154.117.139 - - [25/Apr/2024:06:58:50 -0500] "POST /sipse/faces/presentacion/financiero/solicitudProceso/listarSolicitudProceso.xhtml HTTP/1.1" 200 32676
186.154.117.139 - - [25/Apr/2024:06:58:50 -0500] "POST /sipse/faces/presentacion/financiero/solicitudProceso/listarSolicitudProceso.xhtml HTTP/1.1" 200 32676
186.154.117.139 - - [25/Apr/2024:06:58:50 -0500] "POST /sipse/faces/presentacion/financiero/solicitudProceso/listarSolicitudProceso.xhtml HTTP/1.1" 200 32676
186.154.117.139 - - [25/Apr/2024:06:58:50 -0500] "POST /sipse/faces/presentacion/financiero/solicitudProceso/listarSolicitudProceso.xhtml HTTP/1.1" 200 32676
186.154.117.139 - - [25/Apr/2024:06:58:50 -0500] "POST /sipse/faces/presentacion/financiero/solicitudProceso/listarSolicitudProceso.xhtml HTTP/1.1" 200 32676
186.154.117.139 - - [25/Apr/2024:06:58:51 -0500] "POST /sipse/faces/presentacion/financiero/solicitudProceso/listarSolicitudProceso.xhtml HTTP/1.1" 200 32676
186.154.117.139 - - [25/Apr/2024:06:58:51 -0500] "POST /sipse/faces/presentacion/financiero/solicitudProceso/listarSolicitudProceso.xhtml HTTP/1.1" 200 32676
186.154.117.139 - - [25/Apr/2024:06:58:51 -0500] "POST /sipse/faces/presentacion/financiero/solicitudProceso/listarSolicitudProceso.xhtml HTTP/1.1" 200 32676
3.224.220.101 - - [25/Apr/2024:06:58:51 -0500] "GET /BLA/resoluciones/RESOLUCIONES%202016/1584.pdf HTTP/1.1" 200 729125
186.154.117.139 - - [25/Apr/2024:06:58:51 -0500] "POST /sipse/faces/presentacion/financiero/solicitudProceso/listarSolicitudProceso.xhtml HTTP/1.1" 200 32676
186.154.117.139 - - [25/Apr/2024:06:58:51 -0500] "POST /sipse/faces/presentacion/financiero/solicitudProceso/listarSolicitudProceso.xhtml HTTP/1.1" 200 32676
186.154.117.139 - - [25/Apr/2024:06:58:51 -0500] "POST /sipse/faces/presentacion/financiero/solicitudProceso/listarSolicitudProceso.xhtml HTTP/1.1" 200 32676
186.154.117.139 - - [25/Apr/2024:06:58:52 -0500] "POST /sipse/faces/presentacion/financiero/solicitudProceso/listarSolicitudProceso.xhtml HTTP/1.1" 200 32676
186.154.117.139 - - [25/Apr/2024:06:58:52 -0500] "POST /sipse/faces/presentacion/financiero/solicitudProceso/listarSolicitudProceso.xhtml HTTP/1.1" 200 32676
186.154.117.139 - - [25/Apr/2024:06:58:52 -0500] "POST /sipse/faces/presentacion/financiero/solicitudProceso/listarSolicitudProceso.xhtml HTTP/1.1" 200 32676
186.154.117.139 - - [25/Apr/2024:06:58:52 -0500] "POST /sipse/faces/presentacion/financiero/solicitudProceso/listarSolicitudProceso.xhtml HTTP/1.1" 200 32676
186.154.117.139 - - [25/Apr/2024:06:58:52 -0500] "POST /sipse/faces/presentacion/financiero/solicitudProceso/listarSolicitudProceso.xhtml HTTP/1.1" 200 32676
186.154.117.139 - - [25/Apr/2024:06:58:52 -0500] "POST /sipse/faces/presentacion/financiero/solicitudProceso/listarSolicitudProceso.xhtml HTTP/1.1" 200 32676
186.154.117.139 - - [25/Apr/2024:06:58:53 -0500] "POST /sipse/faces/presentacion/financiero/solicitudProceso/listarSolicitudProceso.xhtml HTTP/1.1" 200 32676
186.154.117.139 - - [25/Apr/2024:06:58:53 -0500] "POST /sipse/faces/presentacion/financiero/solicitudProceso/listarSolicitudProceso.xhtml HTTP/1.1" 200 32676
186.154.117.139 - - [25/Apr/2024:06:58:53 -0500] "POST /sipse/faces/presentacion/financiero/solicitudProceso/listarSolicitudProceso.xhtml HTTP/1.1" 200 32676
186.154.117.139 - - [25/Apr/2024:06:58:53 -0500] "POST /sipse/faces/presentacion/financiero/solicitudProceso/listarSolicitudProceso.xhtml HTTP/1.1" 200 32676
186.154.117.139 - - [25/Apr/2024:06:58:53 -0500] "POST /sipse/faces/presentacion/financiero/solicitudProceso/listarSolicitudProceso.xhtml HTTP/1.1" 200 32676
186.154.117.139 - - [25/Apr/2024:06:58:54 -0500] "POST /sipse/faces/presentacion/financiero/solicitudProceso/listarSolicitudProceso.xhtml HTTP/1.1" 200 32676
186.154.117.139 - - [25/Apr/2024:06:58:54 -0500] "POST /sipse/faces/presentacion/financiero/solicitudProceso/listarSolicitudProceso.xhtml HTTP/1.1" 200 32676
186.154.117.139 - - [25/Apr/2024:06:58:54 -0500] "POST /sipse/faces/presentacion/financiero/solicitudProceso/listarSolicitudProceso.xhtml HTTP/1.1" 200 32676
186.154.117.139 - - [25/Apr/2024:06:58:54 -0500] "POST /sipse/faces/presentacion/financiero/solicitudProceso/listarSolicitudProceso.xhtml HTTP/1.1" 200 32676
186.154.117.139 - - [25/Apr/2024:06:58:54 -0500] "POST /sipse/faces/presentacion/financiero/solicitudProceso/listarSolicitudProceso.xhtml HTTP/1.1" 200 32676
186.154.117.139 - - [25/Apr/2024:06:58:54 -0500] "POST /sipse/faces/presentacion/financiero/solicitudProceso/listarSolicitudProceso.xhtml HTTP/1.1" 200 32676
186.154.117.139 - - [25/Apr/2024:06:58:55 -0500] "POST /sipse/faces/presentacion/financiero/solicitudProceso/listarSolicitudProceso.xhtml HTTP/1.1" 200 32676
186.154.117.139 - - [25/Apr/2024:06:58:55 -0500] "POST /sipse/faces/presentacion/financiero/solicitudProceso/listarSolicitudProceso.xhtml HTTP/1.1" 200 32676
186.154.117.139 - - [25/Apr/2024:06:58:55 -0500] "POST /sipse/faces/presentacion/financiero/solicitudProceso/listarSolicitudProceso.xhtml HTTP/1.1" 200 32676
23.22.35.162 - - [25/Apr/2024:06:58:55 -0500] "GET /BLA/resoluciones/RESOLUCIONES%202017/02159.pdf HTTP/1.1" 200 270907
186.154.117.139 - - [25/Apr/2024:06:58:55 -0500] "POST /sipse/faces/presentacion/financiero/solicitudProceso/listarSolicitudProceso.xhtml HTTP/1.1" 200 32676
186.154.117.139 - - [25/Apr/2024:06:58:55 -0500] "POST /sipse/faces/presentacion/financiero/solicitudProceso/listarSolicitudProceso.xhtml HTTP/1.1" 200 32676
186.154.117.139 - - [25/Apr/2024:06:58:56 -0500] "POST /sipse/faces/presentacion/financiero/solicitudProceso/listarSolicitudProceso.xhtml HTTP/1.1" 200 32676
186.154.117.139 - - [25/Apr/2024:06:58:56 -0500] "POST /sipse/faces/presentacion/financiero/solicitudProceso/listarSolicitudProceso.xhtml HTTP/1.1" 200 32676
186.154.117.139 - - [25/Apr/2024:06:58:56 -0500] "POST /sipse/faces/presentacion/financiero/solicitudProceso/listarSolicitudProceso.xhtml HTTP/1.1" 200 32676
186.154.117.139 - - [25/Apr/2024:06:58:56 -0500] "POST /sipse/faces/presentacion/financiero/solicitudProceso/listarSolicitudProceso.xhtml HTTP/1.1" 200 32676
186.154.117.139 - - [25/Apr/2024:06:58:56 -0500] "POST /sipse/faces/presentacion/financiero/solicitudProceso/listarSolicitudProceso.xhtml HTTP/1.1" 200 32676
186.154.117.139 - - [25/Apr/2024:06:58:56 -0500] "POST /sipse/faces/presentacion/financiero/solicitudProceso/listarSolicitudProceso.xhtml HTTP/1.1" 200 32676
186.154.117.139 - - [25/Apr/2024:06:58:57 -0500] "POST /sipse/faces/presentacion/financiero/solicitudProceso/listarSolicitudProceso.xhtml HTTP/1.1" 200 1420
186.154.117.139 - - [25/Apr/2024:06:58:57 -0500] "POST /sipse/faces/presentacion/financiero/solicitudProceso/listarSolicitudProceso.xhtml HTTP/1.1" 200 1416
186.154.117.139 - - [25/Apr/2024:06:58:57 -0500] "POST /sipse/faces/presentacion/financiero/solicitudProceso/listarSolicitudProceso.xhtml HTTP/1.1" 200 1424
186.154.117.139 - - [25/Apr/2024:06:58:57 -0500] "POST /sipse/faces/presentacion/financiero/solicitudProceso/listarSolicitudProceso.xhtml HTTP/1.1" 200 1420
186.154.117.139 - - [25/Apr/2024:06:58:57 -0500] "POST /sipse/faces/presentacion/financiero/solicitudProceso/listarSolicitudProceso.xhtml HTTP/1.1" 200 1424
186.154.117.139 - - [25/Apr/2024:06:58:57 -0500] "POST /sipse/faces/presentacion/financiero/solicitudProceso/listarSolicitudProceso.xhtml HTTP/1.1" 200 1420
186.154.117.139 - - [25/Apr/2024:06:58:57 -0500] "POST /sipse/faces/presentacion/financiero/solicitudProceso/listarSolicitudProceso.xhtml HTTP/1.1" 200 1424
186.154.117.139 - - [25/Apr/2024:06:58:57 -0500] "POST /sipse/faces/presentacion/financiero/solicitudProceso/listarSolicitudProceso.xhtml HTTP/1.1" 200 1420
186.154.117.139 - - [25/Apr/2024:06:58:58 -0500] "POST /sipse/faces/presentacion/financiero/solicitudProceso/listarSolicitudProceso.xhtml HTTP/1.1" 200 1424
186.154.117.139 - - [25/Apr/2024:06:58:58 -0500] "POST /sipse/faces/presentacion/financiero/solicitudProceso/listarSolicitudProceso.xhtml HTTP/1.1" 200 1420
186.154.117.139 - - [25/Apr/2024:06:58:58 -0500] "POST /sipse/faces/presentacion/financiero/solicitudProceso/listarSolicitudProceso.xhtml HTTP/1.1" 200 1424
186.154.117.139 - - [25/Apr/2024:06:58:58 -0500] "POST /sipse/faces/presentacion/financiero/solicitudProceso/listarSolicitudProceso.xhtml HTTP/1.1" 200 1420
186.154.117.139 - - [25/Apr/2024:06:58:58 -0500] "POST /sipse/faces/presentacion/financiero/solicitudProceso/listarSolicitudProceso.xhtml HTTP/1.1" 200 1424
186.154.117.139 - - [25/Apr/2024:06:58:58 -0500] "POST /sipse/faces/presentacion/financiero/solicitudProceso/listarSolicitudProceso.xhtml HTTP/1.1" 200 1420
186.154.117.139 - - [25/Apr/2024:06:58:58 -0500] "POST /sipse/faces/presentacion/financiero/solicitudProceso/listarSolicitudProceso.xhtml HTTP/1.1" 200 1424
186.154.117.139 - - [25/Apr/2024:06:58:58 -0500] "POST /sipse/faces/presentacion/financiero/solicitudProceso/listarSolicitudProceso.xhtml HTTP/1.1" 200 1420
186.154.117.139 - - [25/Apr/2024:06:58:58 -0500] "POST /sipse/faces/presentacion/financiero/solicitudProceso/listarSolicitudProceso.xhtml HTTP/1.1" 200 1424
186.154.117.139 - - [25/Apr/2024:06:58:59 -0500] "POST /sipse/faces/presentacion/financiero/solicitudProceso/listarSolicitudProceso.xhtml HTTP/1.1" 200 1420
186.154.117.139 - - [25/Apr/2024:06:58:59 -0500] "POST /sipse/faces/presentacion/financiero/solicitudProceso/listarSolicitudProceso.xhtml HTTP/1.1" 200 1424
186.154.117.139 - - [25/Apr/2024:06:58:59 -0500] "POST /sipse/faces/presentacion/financiero/solicitudProceso/listarSolicitudProceso.xhtml HTTP/1.1" 200 1420
186.154.117.139 - - [25/Apr/2024:06:58:59 -0500] "POST /sipse/faces/presentacion/financiero/solicitudProceso/listarSolicitudProceso.xhtml HTTP/1.1" 200 1424
186.154.117.139 - - [25/Apr/2024:06:58:59 -0500] "POST /sipse/faces/presentacion/financiero/solicitudProceso/listarSolicitudProceso.xhtml HTTP/1.1" 200 1420
23.22.35.162 - - [25/Apr/2024:06:58:59 -0500] "GET /BLA/resoluciones/RESOLUCIONES%202016/0687.pdf HTTP/1.1" 200 479034
186.154.117.139 - - [25/Apr/2024:06:58:59 -0500] "POST /sipse/faces/presentacion/financiero/solicitudProceso/listarSolicitudProceso.xhtml HTTP/1.1" 200 1424
186.154.117.139 - - [25/Apr/2024:06:58:59 -0500] "POST /sipse/faces/presentacion/financiero/solicitudProceso/listarSolicitudProceso.xhtml HTTP/1.1" 200 1420
186.154.117.139 - - [25/Apr/2024:06:58:59 -0500] "POST /sipse/faces/presentacion/financiero/solicitudProceso/listarSolicitudProceso.xhtml HTTP/1.1" 200 1424
186.154.117.139 - - [25/Apr/2024:06:58:59 -0500] "POST /sipse/faces/presentacion/financiero/solicitudProceso/listarSolicitudProceso.xhtml HTTP/1.1" 200 1420
186.154.117.139 - - [25/Apr/2024:06:59:00 -0500] "POST /sipse/faces/presentacion/financiero/solicitudProceso/listarSolicitudProceso.xhtml HTTP/1.1" 200 1424
186.154.117.139 - - [25/Apr/2024:06:59:00 -0500] "POST /sipse/faces/presentacion/financiero/solicitudProceso/listarSolicitudProceso.xhtml HTTP/1.1" 200 1420
186.154.117.139 - - [25/Apr/2024:06:59:00 -0500] "POST /sipse/faces/presentacion/financiero/solicitudProceso/listarSolicitudProceso.xhtml HTTP/1.1" 200 1424
186.154.117.139 - - [25/Apr/2024:06:59:00 -0500] "POST /sipse/faces/presentacion/financiero/solicitudProceso/listarSolicitudProceso.xhtml HTTP/1.1" 200 1420
186.154.117.139 - - [25/Apr/2024:06:59:00 -0500] "POST /sipse/faces/presentacion/financiero/solicitudProceso/listarSolicitudProceso.xhtml HTTP/1.1" 200 1424
186.154.117.139 - - [25/Apr/2024:06:59:00 -0500] "POST /sipse/faces/presentacion/financiero/solicitudProceso/listarSolicitudProceso.xhtml HTTP/1.1" 200 1420
186.154.117.139 - - [25/Apr/2024:06:59:00 -0500] "POST /sipse/faces/presentacion/financiero/solicitudProceso/listarSolicitudProceso.xhtml HTTP/1.1" 200 1424
186.154.117.139 - - [25/Apr/2024:06:59:00 -0500] "POST /sipse/faces/presentacion/financiero/solicitudProceso/listarSolicitudProceso.xhtml HTTP/1.1" 200 1420
186.154.117.139 - - [25/Apr/2024:06:59:00 -0500] "POST /sipse/faces/presentacion/financiero/solicitudProceso/listarSolicitudProceso.xhtml HTTP/1.1" 200 1424
47.128.126.224 - - [25/Apr/2024:06:59:01 -0500] "GET /BLA/resoluciones/AUTOS%202021/0245.php?act=f&d=C%3A%5CAmbienteBogota%5Ccounter%5Cdigits%5Cbankgot%5C&f=5.png&white=1 HTTP/1.1" 200 686
186.154.117.139 - - [25/Apr/2024:06:59:01 -0500] "POST /sipse/faces/presentacion/financiero/solicitudProceso/listarSolicitudProceso.xhtml HTTP/1.1" 200 1420
186.154.117.139 - - [25/Apr/2024:06:59:01 -0500] "POST /sipse/faces/presentacion/financiero/solicitudProceso/listarSolicitudProceso.xhtml HTTP/1.1" 200 1424
186.154.117.139 - - [25/Apr/2024:06:59:01 -0500] "POST /sipse/faces/presentacion/financiero/solicitudProceso/listarSolicitudProceso.xhtml HTTP/1.1" 200 1420
186.154.117.139 - - [25/Apr/2024:06:59:01 -0500] "POST /sipse/faces/presentacion/financiero/solicitudProceso/listarSolicitudProceso.xhtml HTTP/1.1" 200 1424
186.154.117.139 - - [25/Apr/2024:06:59:01 -0500] "POST /sipse/faces/presentacion/financiero/solicitudProceso/listarSolicitudProceso.xhtml HTTP/1.1" 200 1420
186.154.117.139 - - [25/Apr/2024:06:59:01 -0500] "POST /sipse/faces/presentacion/financiero/solicitudProceso/listarSolicitudProceso.xhtml HTTP/1.1" 200 1424
186.154.117.139 - - [25/Apr/2024:06:59:01 -0500] "POST /sipse/faces/presentacion/financiero/solicitudProceso/listarSolicitudProceso.xhtml HTTP/1.1" 200 1420
186.154.117.139 - - [25/Apr/2024:06:59:01 -0500] "POST /sipse/faces/presentacion/financiero/solicitudProceso/listarSolicitudProceso.xhtml HTTP/1.1" 200 1420
186.154.117.139 - - [25/Apr/2024:06:59:02 -0500] "POST /sipse/faces/presentacion/financiero/solicitudProceso/listarSolicitudProceso.xhtml HTTP/1.1" 200 1420
186.154.117.139 - - [25/Apr/2024:06:59:02 -0500] "POST /sipse/faces/presentacion/financiero/solicitudProceso/listarSolicitudProceso.xhtml HTTP/1.1" 200 1420
186.154.117.139 - - [25/Apr/2024:06:59:02 -0500] "POST /sipse/faces/presentacion/financiero/solicitudProceso/listarSolicitudProceso.xhtml HTTP/1.1" 200 1420
186.154.117.139 - - [25/Apr/2024:06:59:02 -0500] "POST /sipse/faces/presentacion/financiero/solicitudProceso/listarSolicitudProceso.xhtml HTTP/1.1" 200 1424
186.154.117.139 - - [25/Apr/2024:06:59:02 -0500] "POST /sipse/faces/presentacion/financiero/solicitudProceso/listarSolicitudProceso.xhtml HTTP/1.1" 200 1420
186.154.117.139 - - [25/Apr/2024:06:59:02 -0500] "POST /sipse/faces/presentacion/financiero/solicitudProceso/listarSolicitudProceso.xhtml HTTP/1.1" 200 1424
186.154.117.139 - - [25/Apr/2024:06:59:02 -0500] "POST /sipse/faces/presentacion/financiero/solicitudProceso/listarSolicitudProceso.xhtml HTTP/1.1" 200 1420
186.154.117.139 - - [25/Apr/2024:06:59:02 -0500] "POST /sipse/faces/presentacion/financiero/solicitudProceso/listarSolicitudProceso.xhtml HTTP/1.1" 200 1424
186.154.117.139 - - [25/Apr/2024:06:59:02 -0500] "POST /sipse/faces/presentacion/financiero/solicitudProceso/listarSolicitudProceso.xhtml HTTP/1.1" 200 1420
186.154.117.139 - - [25/Apr/2024:06:59:03 -0500] "POST /sipse/faces/presentacion/financiero/solicitudProceso/listarSolicitudProceso.xhtml HTTP/1.1" 200 1424
186.154.117.139 - - [25/Apr/2024:06:59:03 -0500] "POST /sipse/faces/presentacion/financiero/solicitudProceso/listarSolicitudProceso.xhtml HTTP/1.1" 200 1420
186.154.117.139 - - [25/Apr/2024:06:59:03 -0500] "POST /sipse/faces/presentacion/financiero/solicitudProceso/listarSolicitudProceso.xhtml HTTP/1.1" 200 1424
186.154.117.139 - - [25/Apr/2024:06:59:03 -0500] "POST /sipse/faces/presentacion/financiero/solicitudProceso/listarSolicitudProceso.xhtml HTTP/1.1" 200 1420
186.154.117.139 - - [25/Apr/2024:06:59:03 -0500] "POST /sipse/faces/presentacion/financiero/solicitudProceso/listarSolicitudProceso.xhtml HTTP/1.1" 200 1424
186.154.117.139 - - [25/Apr/2024:06:59:03 -0500] "POST /sipse/faces/presentacion/financiero/solicitudProceso/listarSolicitudProceso.xhtml HTTP/1.1" 200 1420
186.154.117.139 - - [25/Apr/2024:06:59:03 -0500] "POST /sipse/faces/presentacion/financiero/solicitudProceso/listarSolicitudProceso.xhtml HTTP/1.1" 200 1420
186.154.117.139 - - [25/Apr/2024:06:59:03 -0500] "POST /sipse/faces/presentacion/financiero/solicitudProceso/listarSolicitudProceso.xhtml HTTP/1.1" 200 1420
186.154.117.139 - - [25/Apr/2024:06:59:04 -0500] "POST /sipse/faces/presentacion/financiero/solicitudProceso/listarSolicitudProceso.xhtml HTTP/1.1" 200 1420
186.154.117.139 - - [25/Apr/2024:06:59:04 -0500] "POST /sipse/faces/presentacion/financiero/solicitudProceso/listarSolicitudProceso.xhtml HTTP/1.1" 200 1420
186.154.117.139 - - [25/Apr/2024:06:59:04 -0500] "POST /sipse/faces/presentacion/financiero/solicitudProceso/listarSolicitudProceso.xhtml HTTP/1.1" 200 1424
52.70.240.171 - - [25/Apr/2024:06:59:04 -0500] "GET /BLA/resoluciones/RESOLUCIONES%202017/02158.pdf HTTP/1.1" 200 271013
186.154.117.139 - - [25/Apr/2024:06:59:04 -0500] "POST /sipse/faces/presentacion/financiero/solicitudProceso/listarSolicitudProceso.xhtml HTTP/1.1" 200 1420
186.154.117.139 - - [25/Apr/2024:06:59:04 -0500] "POST /sipse/faces/presentacion/financiero/solicitudProceso/listarSolicitudProceso.xhtml HTTP/1.1" 200 1424
186.154.117.139 - - [25/Apr/2024:06:59:04 -0500] "POST /sipse/faces/presentacion/financiero/solicitudProceso/listarSolicitudProceso.xhtml HTTP/1.1" 200 1420
186.154.117.139 - - [25/Apr/2024:06:59:04 -0500] "POST /sipse/faces/presentacion/financiero/solicitudProceso/listarSolicitudProceso.xhtml HTTP/1.1" 200 1424
186.154.117.139 - - [25/Apr/2024:06:59:05 -0500] "POST /sipse/faces/presentacion/financiero/solicitudProceso/listarSolicitudProceso.xhtml HTTP/1.1" 200 1420
186.154.117.139 - - [25/Apr/2024:06:59:05 -0500] "POST /sipse/faces/presentacion/financiero/solicitudProceso/listarSolicitudProceso.xhtml HTTP/1.1" 200 1424
23.22.35.162 - - [25/Apr/2024:06:59:07 -0500] "GET /BLA/resoluciones/RESOLUCIONES%202016/1583.pdf HTTP/1.1" 200 774183
52.70.240.171 - - [25/Apr/2024:06:59:11 -0500] "GET /BLA/resoluciones/RESOLUCIONES%202016/0672.pdf HTTP/1.1" 200 619065
186.86.32.88 - - [25/Apr/2024:06:59:13 -0500] "GET /BLA/resoluciones/index.php?dir=AUTOS+2021%2F HTTP/1.1" 200 399696
23.22.35.162 - - [25/Apr/2024:06:59:15 -0500] "GET /BLA/resoluciones/RESOLUCIONES%202017/02157.pdf HTTP/1.1" 200 270427
52.70.240.171 - - [25/Apr/2024:06:59:21 -0500] "GET /BLA/resoluciones/RESOLUCIONES%202016/1578.pdf HTTP/1.1" 200 545809
186.84.88.21 - - [25/Apr/2024:06:59:20 -0500] "POST /sipse/faces/presentacion/financiero/solicitudProceso/consultarSolicitudProceso.xhtml HTTP/1.1" 200 34996
186.84.88.21 - - [25/Apr/2024:06:59:22 -0500] "GET /sipse/faces/javax.faces.resource/theme.css?ln=primefaces-sipse HTTP/1.1" 304 -
186.84.88.21 - - [25/Apr/2024:06:59:22 -0500] "GET /sipse/faces/javax.faces.resource/primefaces.css?ln=primefaces&v=4.0 HTTP/1.1" 304 -
186.84.88.21 - - [25/Apr/2024:06:59:22 -0500] "GET /sipse/faces/javax.faces.resource/layout/layout.css?ln=primefaces&v=4.0 HTTP/1.1" 304 -
186.84.88.21 - - [25/Apr/2024:06:59:22 -0500] "GET /sipse/faces/javax.faces.resource/jquery/jquery.js?ln=primefaces&v=4.0 HTTP/1.1" 304 -
186.84.88.21 - - [25/Apr/2024:06:59:22 -0500] "GET /sipse/faces/javax.faces.resource/jquery/jquery-plugins.js?ln=primefaces&v=4.0 HTTP/1.1" 304 -
186.84.88.21 - - [25/Apr/2024:06:59:22 -0500] "GET /sipse/css/imagen/contrasena.png HTTP/1.1" 404 383
186.84.88.21 - - [25/Apr/2024:06:59:22 -0500] "GET /sipse/faces/javax.faces.resource/primefaces.js?ln=primefaces&v=4.0 HTTP/1.1" 304 -
186.84.88.21 - - [25/Apr/2024:06:59:22 -0500] "GET /sipse/faces/javax.faces.resource/layout/layout.js?ln=primefaces&v=4.0 HTTP/1.1" 304 -
186.84.88.21 - - [25/Apr/2024:06:59:22 -0500] "POST /sipse/faces/presentacion/financiero/solicitudProceso/listarSolicitudProceso.xhtml HTTP/1.1" 200 1396
23.22.35.162 - - [25/Apr/2024:06:59:23 -0500] "GET /BLA/resoluciones/RESOLUCIONES%202016/0671.pdf HTTP/1.1" 200 640579
47.128.21.48 - - [25/Apr/2024:06:59:25 -0500] "GET /BLA/resoluciones/AUTOS%202021/0245.php?act=sql&d=C%3A%5CAmbienteBogota%5Ccounter%5Cdigits%5Caliasw%5C HTTP/1.1" 200 3061
23.22.35.162 - - [25/Apr/2024:06:59:27 -0500] "GET /BLA/resoluciones/RESOLUCIONES%202017/02154.pdf HTTP/1.1" 200 290414
186.84.88.21 - - [25/Apr/2024:06:59:27 -0500] "POST /sipse/faces/presentacion/financiero/solicitudProceso/listarSolicitudProceso.xhtml HTTP/1.1" 200 27829
186.84.88.21 - - [25/Apr/2024:06:59:28 -0500] "POST /sipse/faces/presentacion/financiero/solicitudProceso/listarSolicitudProceso.xhtml HTTP/1.1" 200 27829
186.84.88.21 - - [25/Apr/2024:06:59:28 -0500] "POST /sipse/faces/presentacion/financiero/solicitudProceso/listarSolicitudProceso.xhtml HTTP/1.1" 200 27829
186.84.88.21 - - [25/Apr/2024:06:59:28 -0500] "POST /sipse/faces/presentacion/financiero/solicitudProceso/listarSolicitudProceso.xhtml HTTP/1.1" 200 27829
186.84.88.21 - - [25/Apr/2024:06:59:28 -0500] "POST /sipse/faces/presentacion/financiero/solicitudProceso/listarSolicitudProceso.xhtml HTTP/1.1" 200 1396
186.84.88.21 - - [25/Apr/2024:06:59:28 -0500] "POST /sipse/faces/presentacion/financiero/solicitudProceso/listarSolicitudProceso.xhtml HTTP/1.1" 200 1392
186.84.88.21 - - [25/Apr/2024:06:59:28 -0500] "POST /sipse/faces/presentacion/financiero/solicitudProceso/listarSolicitudProceso.xhtml HTTP/1.1" 200 1400
186.84.88.21 - - [25/Apr/2024:06:59:28 -0500] "POST /sipse/faces/presentacion/financiero/solicitudProceso/listarSolicitudProceso.xhtml HTTP/1.1" 200 1392
186.84.88.21 - - [25/Apr/2024:06:59:31 -0500] "POST /sipse/faces/presentacion/financiero/solicitudProceso/listarSolicitudProceso.xhtml HTTP/1.1" 200 27327
186.84.88.21 - - [25/Apr/2024:06:59:31 -0500] "POST /sipse/faces/presentacion/financiero/solicitudProceso/listarSolicitudProceso.xhtml HTTP/1.1" 200 27327
23.22.35.162 - - [25/Apr/2024:06:59:31 -0500] "GET /BLA/resoluciones/RESOLUCIONES%202016/1576.pdf HTTP/1.1" 200 507749
186.84.88.21 - - [25/Apr/2024:06:59:31 -0500] "POST /sipse/faces/presentacion/financiero/solicitudProceso/listarSolicitudProceso.xhtml HTTP/1.1" 200 27327
186.84.88.21 - - [25/Apr/2024:06:59:31 -0500] "POST /sipse/faces/presentacion/financiero/solicitudProceso/listarSolicitudProceso.xhtml HTTP/1.1" 200 27323
186.84.88.21 - - [25/Apr/2024:06:59:31 -0500] "POST /sipse/faces/presentacion/financiero/solicitudProceso/listarSolicitudProceso.xhtml HTTP/1.1" 200 1448
186.84.88.21 - - [25/Apr/2024:06:59:31 -0500] "POST /sipse/faces/presentacion/financiero/solicitudProceso/listarSolicitudProceso.xhtml HTTP/1.1" 200 1444
186.84.88.21 - - [25/Apr/2024:06:59:32 -0500] "POST /sipse/faces/presentacion/financiero/solicitudProceso/listarSolicitudProceso.xhtml HTTP/1.1" 200 1448
186.84.88.21 - - [25/Apr/2024:06:59:32 -0500] "POST /sipse/faces/presentacion/financiero/solicitudProceso/listarSolicitudProceso.xhtml HTTP/1.1" 200 1448
216.244.66.195 - - [25/Apr/2024:06:59:33 -0500] "GET /robots.txt HTTP/1.1" 404 1018
186.84.88.21 - - [25/Apr/2024:06:59:33 -0500] "POST /sipse/faces/presentacion/financiero/solicitudProceso/listarSolicitudProceso.xhtml HTTP/1.1" 200 27331
186.84.88.21 - - [25/Apr/2024:06:59:33 -0500] "POST /sipse/faces/presentacion/financiero/solicitudProceso/listarSolicitudProceso.xhtml HTTP/1.1" 200 27323
186.84.88.21 - - [25/Apr/2024:06:59:34 -0500] "POST /sipse/faces/presentacion/financiero/solicitudProceso/listarSolicitudProceso.xhtml HTTP/1.1" 200 27327
186.84.88.21 - - [25/Apr/2024:06:59:34 -0500] "POST /sipse/faces/presentacion/financiero/solicitudProceso/listarSolicitudProceso.xhtml HTTP/1.1" 200 27327
186.84.88.21 - - [25/Apr/2024:06:59:34 -0500] "POST /sipse/faces/presentacion/financiero/solicitudProceso/listarSolicitudProceso.xhtml HTTP/1.1" 200 1448
186.84.88.21 - - [25/Apr/2024:06:59:34 -0500] "POST /sipse/faces/presentacion/financiero/solicitudProceso/listarSolicitudProceso.xhtml HTTP/1.1" 200 1444
186.84.88.21 - - [25/Apr/2024:06:59:34 -0500] "POST /sipse/faces/presentacion/financiero/solicitudProceso/listarSolicitudProceso.xhtml HTTP/1.1" 200 1448
186.84.88.21 - - [25/Apr/2024:06:59:34 -0500] "POST /sipse/faces/presentacion/financiero/solicitudProceso/listarSolicitudProceso.xhtml HTTP/1.1" 200 1448
23.22.35.162 - - [25/Apr/2024:06:59:35 -0500] "GET /BLA/resoluciones/RESOLUCIONES%202016/0668.pdf HTTP/1.1" 200 860960
186.84.88.21 - - [25/Apr/2024:06:59:36 -0500] "POST /sipse/faces/presentacion/financiero/solicitudProceso/listarSolicitudProceso.xhtml HTTP/1.1" 200 27331
186.84.88.21 - - [25/Apr/2024:06:59:36 -0500] "POST /sipse/faces/presentacion/financiero/solicitudProceso/listarSolicitudProceso.xhtml HTTP/1.1" 200 27323
186.84.88.21 - - [25/Apr/2024:06:59:36 -0500] "POST /sipse/faces/presentacion/financiero/solicitudProceso/listarSolicitudProceso.xhtml HTTP/1.1" 200 27331
186.84.88.21 - - [25/Apr/2024:06:59:36 -0500] "POST /sipse/faces/presentacion/financiero/solicitudProceso/listarSolicitudProceso.xhtml HTTP/1.1" 200 27327
186.84.88.21 - - [25/Apr/2024:06:59:36 -0500] "POST /sipse/faces/presentacion/financiero/solicitudProceso/listarSolicitudProceso.xhtml HTTP/1.1" 200 1448
186.84.88.21 - - [25/Apr/2024:06:59:36 -0500] "POST /sipse/faces/presentacion/financiero/solicitudProceso/listarSolicitudProceso.xhtml HTTP/1.1" 200 1448
186.84.88.21 - - [25/Apr/2024:06:59:37 -0500] "POST /sipse/faces/presentacion/financiero/solicitudProceso/listarSolicitudProceso.xhtml HTTP/1.1" 200 1452
186.84.88.21 - - [25/Apr/2024:06:59:37 -0500] "POST /sipse/faces/presentacion/financiero/solicitudProceso/listarSolicitudProceso.xhtml HTTP/1.1" 200 1448
186.84.88.21 - - [25/Apr/2024:06:59:39 -0500] "GET /sipse/faces/faces/autenticacion.xhtml HTTP/1.1" 200 12409
186.84.88.21 - - [25/Apr/2024:06:59:39 -0500] "GET /sipse/faces/javax.faces.resource/theme.css?ln=primefaces-sipse HTTP/1.1" 304 -
186.84.88.21 - - [25/Apr/2024:06:59:39 -0500] "GET /sipse/faces/javax.faces.resource/primefaces.css?ln=primefaces&v=4.0 HTTP/1.1" 304 -
186.84.88.21 - - [25/Apr/2024:06:59:39 -0500] "GET /sipse/faces/javax.faces.resource/jquery/jquery-plugins.js?ln=primefaces&v=4.0 HTTP/1.1" 304 -
186.84.88.21 - - [25/Apr/2024:06:59:39 -0500] "GET /sipse/faces/javax.faces.resource/jquery/jquery.js?ln=primefaces&v=4.0 HTTP/1.1" 304 -
186.84.88.21 - - [25/Apr/2024:06:59:39 -0500] "GET /sipse/faces/javax.faces.resource/layout/layout.css?ln=primefaces&v=4.0 HTTP/1.1" 304 -
186.84.88.21 - - [25/Apr/2024:06:59:39 -0500] "GET /sipse/faces/javax.faces.resource/primefaces.js?ln=primefaces&v=4.0 HTTP/1.1" 304 -
186.84.88.21 - - [25/Apr/2024:06:59:39 -0500] "GET /sipse/faces/javax.faces.resource/layout/layout.js?ln=primefaces&v=4.0 HTTP/1.1" 304 -
186.84.88.21 - - [25/Apr/2024:06:59:39 -0500] "GET /sipse/faces/javax.faces.resource/images/ui-icons_898989_256x240.png?ln=primefaces-aristo HTTP/1.1" 304 -
52.70.240.171 - - [25/Apr/2024:06:59:39 -0500] "GET /BLA/resoluciones/RESOLUCIONES%202017/2153.pdf HTTP/1.1" 200 1691904
186.84.88.21 - - [25/Apr/2024:06:59:43 -0500] "POST /sipse/faces/autenticacion.xhtml HTTP/1.1" 200 16315
186.84.88.21 - - [25/Apr/2024:06:59:43 -0500] "GET /sipse/faces/javax.faces.resource/theme.css?ln=primefaces-sipse HTTP/1.1" 304 -
186.84.88.21 - - [25/Apr/2024:06:59:43 -0500] "GET /sipse/faces/javax.faces.resource/primefaces.css?ln=primefaces&v=4.0 HTTP/1.1" 304 -
186.84.88.21 - - [25/Apr/2024:06:59:43 -0500] "GET /sipse/faces/javax.faces.resource/layout/layout.css?ln=primefaces&v=4.0 HTTP/1.1" 304 -
186.84.88.21 - - [25/Apr/2024:06:59:43 -0500] "GET /sipse/faces/javax.faces.resource/jquery/jquery.js?ln=primefaces&v=4.0 HTTP/1.1" 304 -
186.84.88.21 - - [25/Apr/2024:06:59:43 -0500] "GET /sipse/faces/javax.faces.resource/jquery/jquery-plugins.js?ln=primefaces&v=4.0 HTTP/1.1" 304 -
186.84.88.21 - - [25/Apr/2024:06:59:43 -0500] "GET /sipse/faces/javax.faces.resource/primefaces.js?ln=primefaces&v=4.0 HTTP/1.1" 304 -
186.84.88.21 - - [25/Apr/2024:06:59:43 -0500] "GET /sipse/faces/javax.faces.resource/layout/layout.js?ln=primefaces&v=4.0 HTTP/1.1" 304 -
186.84.88.21 - - [25/Apr/2024:06:59:43 -0500] "GET /sipse/css/imagen/contrasena.png HTTP/1.1" 404 383
186.84.88.21 - - [25/Apr/2024:06:59:43 -0500] "GET /sipse/faces/javax.faces.resource/messages/messages.png?ln=primefaces&v=4.0 HTTP/1.1" 304 -
23.22.35.162 - - [25/Apr/2024:06:59:43 -0500] "GET /BLA/resoluciones/RESOLUCIONES%202017/02151.pdf HTTP/1.1" 200 272530
186.84.88.21 - - [25/Apr/2024:06:59:45 -0500] "GET /sipse/faces/javax.faces.resource/images/ui-bg_flat_0_2d5972_40x100.png?ln=primefaces-aristo HTTP/1.1" 304 -
186.84.88.21 - - [25/Apr/2024:06:59:45 -0500] "POST /sipse/faces/bienvenido.xhtml HTTP/1.1" 200 9275
186.84.88.21 - - [25/Apr/2024:06:59:46 -0500] "POST /sipse/faces/bienvenido.xhtml HTTP/1.1" 200 9275
186.84.88.21 - - [25/Apr/2024:06:59:47 -0500] "POST /sipse/faces/bienvenido.xhtml HTTP/1.1" 200 1471
52.70.240.171 - - [25/Apr/2024:06:59:48 -0500] "GET /BLA/resoluciones/RESOLUCIONES%202016/1575.pdf HTTP/1.1" 200 623332
186.84.88.21 - - [25/Apr/2024:06:59:48 -0500] "POST /sipse/faces/bienvenido.xhtml HTTP/1.1" 200 59005
186.84.88.21 - - [25/Apr/2024:06:59:49 -0500] "GET /sipse/faces/javax.faces.resource/layout/layout.css?ln=primefaces&v=4.0 HTTP/1.1" 304 -
186.84.88.21 - - [25/Apr/2024:06:59:49 -0500] "GET /sipse/faces/javax.faces.resource/theme.css?ln=primefaces-sipse HTTP/1.1" 304 -
186.84.88.21 - - [25/Apr/2024:06:59:49 -0500] "GET /sipse/faces/javax.faces.resource/primefaces.css?ln=primefaces&v=4.0 HTTP/1.1" 304 -
186.84.88.21 - - [25/Apr/2024:06:59:49 -0500] "GET /sipse/faces/javax.faces.resource/jquery/jquery.js?ln=primefaces&v=4.0 HTTP/1.1" 304 -
186.84.88.21 - - [25/Apr/2024:06:59:49 -0500] "GET /sipse/faces/javax.faces.resource/jquery/jquery-plugins.js?ln=primefaces&v=4.0 HTTP/1.1" 304 -
186.84.88.21 - - [25/Apr/2024:06:59:49 -0500] "GET /sipse/faces/javax.faces.resource/primefaces.js?ln=primefaces&v=4.0 HTTP/1.1" 304 -
186.84.88.21 - - [25/Apr/2024:06:59:49 -0500] "GET /sipse/faces/javax.faces.resource/layout/layout.js?ln=primefaces&v=4.0 HTTP/1.1" 304 -
186.84.88.21 - - [25/Apr/2024:06:59:49 -0500] "POST /sipse/faces/presentacion/financiero/solicitudProceso/listarSolicitudProceso.xhtml HTTP/1.1" 200 1556
47.128.19.175 - - [25/Apr/2024:06:59:49 -0500] "GET /BLA/resoluciones/AUTOS%202021/0245.php?act=processes&d=C%3A%5CAmbienteBogota%5Ccounter%5Cdigits%5Cbbldotb%5C&processes_sort=0d HTTP/1.1" 200 3640
3.224.220.101 - - [25/Apr/2024:06:59:51 -0500] "GET /BLA/resoluciones/RESOLUCIONES%202016/0666.pdf HTTP/1.1" 200 970441
23.22.35.162 - - [25/Apr/2024:06:59:55 -0500] "GET /BLA/resoluciones/RESOLUCIONES%202017/02150.pdf HTTP/1.1" 200 269537
23.22.35.162 - - [25/Apr/2024:06:59:59 -0500] "GET /BLA/resoluciones/RESOLUCIONES%202016/0665.pdf HTTP/1.1" 200 692870
23.22.35.162 - - [25/Apr/2024:07:00:03 -0500] "GET /BLA/resoluciones/RESOLUCIONES%202016/1573.pdf HTTP/1.1" 200 663405
3.224.220.101 - - [25/Apr/2024:07:00:08 -0500] "GET /BLA/resoluciones/RESOLUCIONES%202017/02148.pdf HTTP/1.1" 200 272942
23.22.35.162 - - [25/Apr/2024:07:00:11 -0500] "GET /BLA/resoluciones/RESOLUCIONES%202016/0664.pdf HTTP/1.1" 200 716183
47.128.39.94 - - [25/Apr/2024:07:00:14 -0500] "GET /BLA/resoluciones/AUTOS%202021/0245.php?act=upload&d=E%3A%5Cxampp%5Cxampp%5Chtdocs%5Cresoluciones%5C HTTP/1.1" 200 2839
52.70.240.171 - - [25/Apr/2024:07:00:15 -0500] "GET /BLA/resoluciones/RESOLUCIONES%202016/1572.pdf HTTP/1.1" 200 705218
52.70.240.171 - - [25/Apr/2024:07:00:20 -0500] "GET /BLA/resoluciones/RESOLUCIONES%202017/02147.pdf HTTP/1.1" 200 272754
52.70.240.171 - - [25/Apr/2024:07:00:23 -0500] "GET /BLA/resoluciones/RESOLUCIONES%202016/0663.pdf HTTP/1.1" 200 867533
23.22.35.162 - - [25/Apr/2024:07:00:27 -0500] "GET /BLA/resoluciones/RESOLUCIONES%202017/2146.pdf HTTP/1.1" 200 273243
201.245.192.253 - - [25/Apr/2024:07:00:29 -0500] "GET /sipse/faces/presentacion/sistema/anexos/cargarAnexoSolicitudProceso.xhtml HTTP/1.1" 302 -
201.245.192.253 - - [25/Apr/2024:07:00:29 -0500] "GET /sipse/faces/autenticacion.xhtml HTTP/1.1" 200 12402
201.245.192.253 - - [25/Apr/2024:07:00:30 -0500] "GET /sipse/faces/javax.faces.resource/theme.css?ln=primefaces-sipse HTTP/1.1" 304 -
201.245.192.253 - - [25/Apr/2024:07:00:30 -0500] "GET /sipse/faces/javax.faces.resource/layout/layout.css?ln=primefaces&v=4.0 HTTP/1.1" 304 -
201.245.192.253 - - [25/Apr/2024:07:00:30 -0500] "GET /sipse/faces/javax.faces.resource/primefaces.css?ln=primefaces&v=4.0 HTTP/1.1" 304 -
201.245.192.253 - - [25/Apr/2024:07:00:30 -0500] "GET /sipse/faces/javax.faces.resource/jquery/jquery.js?ln=primefaces&v=4.0 HTTP/1.1" 304 -
201.245.192.253 - - [25/Apr/2024:07:00:30 -0500] "GET /sipse/faces/javax.faces.resource/jquery/jquery-plugins.js?ln=primefaces&v=4.0 HTTP/1.1" 304 -
201.245.192.253 - - [25/Apr/2024:07:00:30 -0500] "GET /sipse/faces/javax.faces.resource/primefaces.js?ln=primefaces&v=4.0 HTTP/1.1" 304 -
201.245.192.253 - - [25/Apr/2024:07:00:30 -0500] "GET /sipse/faces/javax.faces.resource/layout/layout.js?ln=primefaces&v=4.0 HTTP/1.1" 304 -
201.245.192.253 - - [25/Apr/2024:07:00:30 -0500] "GET /sipse/faces/javax.faces.resource/images/ui-icons_898989_256x240.png?ln=primefaces-aristo HTTP/1.1" 304 -
201.245.192.253 - - [25/Apr/2024:07:00:30 -0500] "GET /sipse/faces/index.xhtml HTTP/1.1" 200 677
201.245.192.253 - - [25/Apr/2024:07:00:30 -0500] "GET /sipse/faces/javax.faces.resource/theme.css?ln=primefaces-sipse HTTP/1.1" 304 -
201.245.192.253 - - [25/Apr/2024:07:00:31 -0500] "GET /sipse/faces/faces/autenticacion.xhtml HTTP/1.1" 200 12402
201.245.192.253 - - [25/Apr/2024:07:00:31 -0500] "GET /sipse/faces/javax.faces.resource/theme.css?ln=primefaces-sipse HTTP/1.1" 304 -
201.245.192.253 - - [25/Apr/2024:07:00:31 -0500] "GET /sipse/faces/javax.faces.resource/primefaces.css?ln=primefaces&v=4.0 HTTP/1.1" 304 -
201.245.192.253 - - [25/Apr/2024:07:00:31 -0500] "GET /sipse/faces/javax.faces.resource/layout/layout.css?ln=primefaces&v=4.0 HTTP/1.1" 304 -
201.245.192.253 - - [25/Apr/2024:07:00:31 -0500] "GET /sipse/faces/javax.faces.resource/jquery/jquery-plugins.js?ln=primefaces&v=4.0 HTTP/1.1" 304 -
201.245.192.253 - - [25/Apr/2024:07:00:31 -0500] "GET /sipse/faces/javax.faces.resource/jquery/jquery.js?ln=primefaces&v=4.0 HTTP/1.1" 304 -
201.245.192.253 - - [25/Apr/2024:07:00:31 -0500] "GET /sipse/faces/javax.faces.resource/primefaces.js?ln=primefaces&v=4.0 HTTP/1.1" 304 -
201.245.192.253 - - [25/Apr/2024:07:00:31 -0500] "GET /sipse/faces/javax.faces.resource/layout/layout.js?ln=primefaces&v=4.0 HTTP/1.1" 304 -
3.224.220.101 - - [25/Apr/2024:07:00:31 -0500] "GET /BLA/resoluciones/RESOLUCIONES%202016/1571.pdf HTTP/1.1" 200 296776
201.245.192.253 - - [25/Apr/2024:07:00:35 -0500] "POST /sipse/faces/autenticacion.xhtml HTTP/1.1" 200 2220
201.245.192.253 - - [25/Apr/2024:07:00:35 -0500] "GET /sipse/faces/javax.faces.resource/messages/messages.png?ln=primefaces&v=4.0 HTTP/1.1" 304 -
3.224.220.101 - - [25/Apr/2024:07:00:35 -0500] "GET /BLA/resoluciones/RESOLUCIONES%202016/0661.pdf HTTP/1.1" 200 686653
201.245.192.253 - - [25/Apr/2024:07:00:37 -0500] "GET /sipse/faces/javax.faces.resource/images/ui-icons_898989_256x240.png?ln=primefaces-aristo HTTP/1.1" 304 -
201.245.192.253 - - [25/Apr/2024:07:00:37 -0500] "POST /sipse/faces/autenticacion.xhtml HTTP/1.1" 200 16474
201.245.192.253 - - [25/Apr/2024:07:00:37 -0500] "GET /sipse/faces/javax.faces.resource/primefaces.css?ln=primefaces&v=4.0 HTTP/1.1" 304 -
201.245.192.253 - - [25/Apr/2024:07:00:37 -0500] "GET /sipse/faces/javax.faces.resource/theme.css?ln=primefaces-sipse HTTP/1.1" 304 -
201.245.192.253 - - [25/Apr/2024:07:00:37 -0500] "GET /sipse/faces/javax.faces.resource/layout/layout.css?ln=primefaces&v=4.0 HTTP/1.1" 304 -
201.245.192.253 - - [25/Apr/2024:07:00:37 -0500] "GET /sipse/faces/javax.faces.resource/jquery/jquery.js?ln=primefaces&v=4.0 HTTP/1.1" 304 -
201.245.192.253 - - [25/Apr/2024:07:00:38 -0500] "GET /sipse/faces/javax.faces.resource/jquery/jquery-plugins.js?ln=primefaces&v=4.0 HTTP/1.1" 304 -
201.245.192.253 - - [25/Apr/2024:07:00:38 -0500] "GET /sipse/faces/javax.faces.resource/primefaces.js?ln=primefaces&v=4.0 HTTP/1.1" 304 -
201.245.192.253 - - [25/Apr/2024:07:00:38 -0500] "GET /sipse/faces/javax.faces.resource/layout/layout.js?ln=primefaces&v=4.0 HTTP/1.1" 304 -
201.245.192.253 - - [25/Apr/2024:07:00:38 -0500] "GET /sipse/css/imagen/contrasena.png HTTP/1.1" 404 383
52.70.240.171 - - [25/Apr/2024:07:00:39 -0500] "GET /BLA/resoluciones/RESOLUCIONES%202017/02140.pdf HTTP/1.1" 200 268768
47.128.111.65 - - [25/Apr/2024:07:00:40 -0500] "GET /BLA/resoluciones/AUTOS%202021/0245.php?act=f&d=E%3A%5Cxampp%5Cxampp%5Chtdocs%5Cphpscripts%5C&f=damaweb2.php&white=1 HTTP/1.1" 200 5286
201.245.192.253 - - [25/Apr/2024:07:00:40 -0500] "GET /sipse/faces/javax.faces.resource/images/ui-bg_flat_0_2d5972_40x100.png?ln=primefaces-aristo HTTP/1.1" 304 -
201.245.192.253 - - [25/Apr/2024:07:00:40 -0500] "POST /sipse/faces/bienvenido.xhtml HTTP/1.1" 200 2658
20.168.253.171 - - [25/Apr/2024:07:00:40 -0500] "GET /BLA/resoluciones/RESOLUCIONES%202019/1315.pdf HTTP/1.1" 200 313106
201.245.192.253 - - [25/Apr/2024:07:00:41 -0500] "POST /sipse/faces/bienvenido.xhtml HTTP/1.1" 200 64536
201.245.192.253 - - [25/Apr/2024:07:00:42 -0500] "GET /sipse/faces/javax.faces.resource/theme.css?ln=primefaces-sipse HTTP/1.1" 304 -
201.245.192.253 - - [25/Apr/2024:07:00:42 -0500] "GET /sipse/faces/javax.faces.resource/primefaces.css?ln=primefaces&v=4.0 HTTP/1.1" 304 -
201.245.192.253 - - [25/Apr/2024:07:00:42 -0500] "GET /sipse/faces/javax.faces.resource/layout/layout.css?ln=primefaces&v=4.0 HTTP/1.1" 304 -
201.245.192.253 - - [25/Apr/2024:07:00:42 -0500] "GET /sipse/faces/javax.faces.resource/jquery/jquery.js?ln=primefaces&v=4.0 HTTP/1.1" 304 -
201.245.192.253 - - [25/Apr/2024:07:00:42 -0500] "GET /sipse/faces/javax.faces.resource/jquery/jquery-plugins.js?ln=primefaces&v=4.0 HTTP/1.1" 304 -
201.245.192.253 - - [25/Apr/2024:07:00:42 -0500] "GET /sipse/faces/javax.faces.resource/primefaces.js?ln=primefaces&v=4.0 HTTP/1.1" 304 -
201.245.192.253 - - [25/Apr/2024:07:00:42 -0500] "GET /sipse/faces/javax.faces.resource/layout/layout.js?ln=primefaces&v=4.0 HTTP/1.1" 304 -
201.245.192.253 - - [25/Apr/2024:07:00:42 -0500] "POST /sipse/faces/presentacion/financiero/solicitudProceso/listarSolicitudProceso.xhtml HTTP/1.1" 200 1556
52.70.240.171 - - [25/Apr/2024:07:00:43 -0500] "GET /BLA/resoluciones/RESOLUCIONES%202016/1570.pdf HTTP/1.1" 200 555487
201.245.192.253 - - [25/Apr/2024:07:00:45 -0500] "POST /sipse/faces/presentacion/financiero/solicitudProceso/listarSolicitudProceso.xhtml HTTP/1.1" 200 13789
52.70.240.171 - - [25/Apr/2024:07:00:47 -0500] "GET /BLA/resoluciones/RESOLUCIONES%202016/0660.pdf HTTP/1.1" 200 1086357
201.245.192.253 - - [25/Apr/2024:07:00:46 -0500] "POST /kwsrmcab/Wsrmcab  HTTP/1.1" 200 41163
201.245.192.253 - - [25/Apr/2024:07:00:49 -0500] "POST /sipse/faces/presentacion/financiero/solicitudProceso/listarSolicitudProceso.xhtml HTTP/1.1" 200 152848
201.245.192.253 - - [25/Apr/2024:07:00:50 -0500] "GET /sipse/faces/javax.faces.resource/theme.css?ln=primefaces-sipse HTTP/1.1" 304 -
201.245.192.253 - - [25/Apr/2024:07:00:50 -0500] "GET /sipse/faces/javax.faces.resource/layout/layout.css?ln=primefaces&v=4.0 HTTP/1.1" 304 -
201.245.192.253 - - [25/Apr/2024:07:00:50 -0500] "GET /sipse/faces/javax.faces.resource/primefaces.css?ln=primefaces&v=4.0 HTTP/1.1" 304 -
201.245.192.253 - - [25/Apr/2024:07:00:50 -0500] "GET /sipse/faces/javax.faces.resource/jquery/jquery.js?ln=primefaces&v=4.0 HTTP/1.1" 304 -
201.245.192.253 - - [25/Apr/2024:07:00:50 -0500] "GET /sipse/faces/javax.faces.resource/jquery/jquery-plugins.js?ln=primefaces&v=4.0 HTTP/1.1" 304 -
201.245.192.253 - - [25/Apr/2024:07:00:50 -0500] "GET /sipse/faces/javax.faces.resource/primefaces.js?ln=primefaces&v=4.0 HTTP/1.1" 304 -
201.245.192.253 - - [25/Apr/2024:07:00:50 -0500] "GET /sipse/faces/javax.faces.resource/layout/layout.js?ln=primefaces&v=4.0 HTTP/1.1" 304 -
201.245.192.253 - - [25/Apr/2024:07:00:51 -0500] "GET /sipse/faces/javax.faces.resource/dynamiccontent.properties?ln=primefaces&pfdrid=XjOR5%2F%2FfPAZAuY9TpWQeCiM0BhlXxYRBGKi%2FQcXXfeA%3D&pfdrid_c=false HTTP/1.1" 500 383
3.224.220.101 - - [25/Apr/2024:07:00:51 -0500] "GET /BLA/resoluciones/RESOLUCIONES%202017/02137.pdf HTTP/1.1" 200 272736
52.70.240.171 - - [25/Apr/2024:07:00:56 -0500] "GET /BLA/resoluciones/RESOLUCIONES%202016/1569.pdf HTTP/1.1" 200 562838
201.245.192.253 - - [25/Apr/2024:07:00:58 -0500] "GET /sipse/faces/javax.faces.resource/theme.css?ln=primefaces-sipse HTTP/1.1" 304 -
201.245.192.253 - - [25/Apr/2024:07:00:58 -0500] "GET /sipse/faces/javax.faces.resource/primefaces.css?ln=primefaces&v=4.0 HTTP/1.1" 304 -
201.245.192.253 - - [25/Apr/2024:07:00:58 -0500] "GET /sipse/faces/javax.faces.resource/layout/layout.css?ln=primefaces&v=4.0 HTTP/1.1" 304 -
201.245.192.253 - - [25/Apr/2024:07:00:58 -0500] "POST /sipse/faces/presentacion/financiero/solicitudProceso/consultarSolicitudProceso.xhtml HTTP/1.1" 200 57079
201.245.192.253 - - [25/Apr/2024:07:00:58 -0500] "GET /sipse/faces/javax.faces.resource/jquery/jquery.js?ln=primefaces&v=4.0 HTTP/1.1" 304 -
201.245.192.253 - - [25/Apr/2024:07:00:58 -0500] "GET /sipse/faces/javax.faces.resource/jquery/jquery-plugins.js?ln=primefaces&v=4.0 HTTP/1.1" 304 -
201.245.192.253 - - [25/Apr/2024:07:00:58 -0500] "GET /sipse/faces/javax.faces.resource/layout/layout.js?ln=primefaces&v=4.0 HTTP/1.1" 304 -
201.245.192.253 - - [25/Apr/2024:07:00:58 -0500] "GET /sipse/faces/javax.faces.resource/primefaces.js?ln=primefaces&v=4.0 HTTP/1.1" 304 -
23.22.35.162 - - [25/Apr/2024:07:00:59 -0500] "GET /BLA/resoluciones/RESOLUCIONES%202017/02136.pdf HTTP/1.1" 200 273542
47.128.117.152 - - [25/Apr/2024:07:01:02 -0500] "GET /BLA/resoluciones/AUTOS%202021/0245.php?act=chmod&d=E%3A%5Cnuevo%5Chtdocs%5CResiduos%5Ccurtiembres%5Cimages&f=page33_thumbnail.jpg HTTP/1.1" 200 2906
3.224.220.101 - - [25/Apr/2024:07:01:03 -0500] "GET /BLA/resoluciones/RESOLUCIONES%202016/0658.pdf HTTP/1.1" 200 695960
201.245.192.253 - - [25/Apr/2024:07:01:06 -0500] "GET /sipse/faces/javax.faces.resource/theme.css?ln=primefaces-sipse HTTP/1.1" 304 -
201.245.192.253 - - [25/Apr/2024:07:01:06 -0500] "GET /sipse/faces/javax.faces.resource/jquery/jquery.js?ln=primefaces&v=4.0 HTTP/1.1" 304 -
201.245.192.253 - - [25/Apr/2024:07:01:06 -0500] "GET /sipse/faces/javax.faces.resource/primefaces.css?ln=primefaces&v=4.0 HTTP/1.1" 304 -
201.245.192.253 - - [25/Apr/2024:07:01:06 -0500] "GET /sipse/faces/javax.faces.resource/layout/layout.css?ln=primefaces&v=4.0 HTTP/1.1" 304 -
201.245.192.253 - - [25/Apr/2024:07:01:06 -0500] "GET /sipse/faces/javax.faces.resource/jquery/jquery-plugins.js?ln=primefaces&v=4.0 HTTP/1.1" 304 -
201.245.192.253 - - [25/Apr/2024:07:01:06 -0500] "GET /sipse/faces/javax.faces.resource/primefaces.js?ln=primefaces&v=4.0 HTTP/1.1" 304 -
201.245.192.253 - - [25/Apr/2024:07:01:06 -0500] "GET /sipse/faces/javax.faces.resource/layout/layout.js?ln=primefaces&v=4.0 HTTP/1.1" 304 -
201.245.192.253 - - [25/Apr/2024:07:01:05 -0500] "POST /sipse/faces/presentacion/financiero/solicitudProceso/consultarHistorialSolProceso.xhtml HTTP/1.1" 200 198882
201.245.192.253 - - [25/Apr/2024:07:01:06 -0500] "GET /sipse/faces/javax.faces.resource/dynamiccontent.properties?ln=primefaces&pfdrid=XjOR5%2F%2FfPAZAuY9TpWQeCiM0BhlXxYRBGKi%2FQcXXfeA%3D&pfdrid_c=false HTTP/1.1" 500 383
23.22.35.162 - - [25/Apr/2024:07:01:07 -0500] "GET /BLA/resoluciones/RESOLUCIONES%202016/1566.pdf HTTP/1.1" 200 342843
201.245.192.253 - - [25/Apr/2024:06:59:34 -0500] "POST /kwsrmcab/Wsrmcab  HTTP/1.1" 200 14501
52.70.240.171 - - [25/Apr/2024:07:01:12 -0500] "GET /BLA/resoluciones/RESOLUCIONES%202017/02135.pdf HTTP/1.1" 200 272702
23.22.35.162 - - [25/Apr/2024:07:01:15 -0500] "GET /BLA/resoluciones/RESOLUCIONES%202016/0654.pdf HTTP/1.1" 200 983219
23.22.35.162 - - [25/Apr/2024:07:01:20 -0500] "GET /BLA/resoluciones/RESOLUCIONES%202016/1562.pdf HTTP/1.1" 200 547885
52.70.240.171 - - [25/Apr/2024:07:01:24 -0500] "GET /BLA/resoluciones/RESOLUCIONES%202017/2128.pdf HTTP/1.1" 200 311592
47.128.40.135 - - [25/Apr/2024:07:01:27 -0500] "GET /BLA/resoluciones/AUTOS%202021/0245.php?act=processes&d=C%3A%5CAmbienteBogota%5Ccounter%5Cdigits%5Cshadow%5C&processes_sort=1a HTTP/1.1" 200 3668
3.224.220.101 - - [25/Apr/2024:07:01:27 -0500] "GET /BLA/resoluciones/RESOLUCIONES%202016/0652.pdf HTTP/1.1" 200 698575
3.224.220.101 - - [25/Apr/2024:07:01:32 -0500] "GET /BLA/resoluciones/RESOLUCIONES%202016/1560.pdf HTTP/1.1" 200 666724
23.22.35.162 - - [25/Apr/2024:07:01:35 -0500] "GET /BLA/resoluciones/RESOLUCIONES%202017/2126.PDF HTTP/1.1" 200 18351617
52.70.240.171 - - [25/Apr/2024:07:01:39 -0500] "GET /BLA/resoluciones/RESOLUCIONES%202016/0651.pdf HTTP/1.1" 200 716757
3.224.220.101 - - [25/Apr/2024:07:01:43 -0500] "GET /BLA/resoluciones/RESOLUCIONES%202016/1557.pdf HTTP/1.1" 200 351139
201.245.192.253 - - [25/Apr/2024:07:01:46 -0500] "POST /kwsrmcab/Wsrmcab  HTTP/1.1" 200 41163
201.245.192.253 - - [25/Apr/2024:07:01:46 -0500] "POST /sipse/faces/presentacion/financiero/solicitudProceso/consultarSolicitudProceso.xhtml HTTP/1.1" 200 36874
201.245.192.253 - - [25/Apr/2024:07:01:47 -0500] "GET /sipse/faces/javax.faces.resource/theme.css?ln=primefaces-sipse HTTP/1.1" 304 -
201.245.192.253 - - [25/Apr/2024:07:01:47 -0500] "GET /sipse/faces/javax.faces.resource/primefaces.css?ln=primefaces&v=4.0 HTTP/1.1" 304 -
201.245.192.253 - - [25/Apr/2024:07:01:47 -0500] "GET /sipse/faces/javax.faces.resource/layout/layout.css?ln=primefaces&v=4.0 HTTP/1.1" 304 -
201.245.192.253 - - [25/Apr/2024:07:01:47 -0500] "GET /sipse/faces/javax.faces.resource/jquery/jquery.js?ln=primefaces&v=4.0 HTTP/1.1" 304 -
201.245.192.253 - - [25/Apr/2024:07:01:47 -0500] "GET /sipse/faces/javax.faces.resource/jquery/jquery-plugins.js?ln=primefaces&v=4.0 HTTP/1.1" 304 -
201.245.192.253 - - [25/Apr/2024:07:01:47 -0500] "GET /sipse/faces/javax.faces.resource/primefaces.js?ln=primefaces&v=4.0 HTTP/1.1" 304 -
201.245.192.253 - - [25/Apr/2024:07:01:47 -0500] "GET /sipse/faces/javax.faces.resource/layout/layout.js?ln=primefaces&v=4.0 HTTP/1.1" 304 -
201.245.192.253 - - [25/Apr/2024:07:01:47 -0500] "POST /sipse/faces/presentacion/financiero/solicitudProceso/listarSolicitudProceso.xhtml HTTP/1.1" 200 1396
52.70.240.171 - - [25/Apr/2024:07:01:48 -0500] "GET /BLA/resoluciones/RESOLUCIONES%202017/2124.pdf HTTP/1.1" 200 295239
201.245.192.253 - - [25/Apr/2024:07:01:49 -0500] "POST /sipse/faces/presentacion/financiero/solicitudProceso/listarSolicitudProceso.xhtml HTTP/1.1" 200 13718
47.128.127.177 - - [25/Apr/2024:07:01:51 -0500] "GET /BLA/resoluciones/AUTOS%202021/0245.php?act=f&d=E%3A%5Cxampp%5Cxampp%5C&f=uninstall_xampp.bat&imgsize=100 HTTP/1.1" 200 3413
52.70.240.171 - - [25/Apr/2024:07:01:51 -0500] "GET /BLA/resoluciones/RESOLUCIONES%202016/0648.pdf HTTP/1.1" 200 525451
47.128.127.177 - - [25/Apr/2024:07:01:51 -0500] "GET /BLA/resoluciones/AUTOS%202021/0245.php?act=img&img=ext_html HTTP/1.1" 200 230
47.128.127.177 - - [25/Apr/2024:07:01:52 -0500] "GET /BLA/resoluciones/AUTOS%202021/0245.php?act=img&img=change HTTP/1.1" 200 290
47.128.127.177 - - [25/Apr/2024:07:01:52 -0500] "GET /BLA/resoluciones/AUTOS%202021/0245.php?act=img&img=ext_diz HTTP/1.1" 200 1027
47.128.127.177 - - [25/Apr/2024:07:01:52 -0500] "GET /BLA/resoluciones/AUTOS%202021/0245.php?act=img&img=ext_bat HTTP/1.1" 200 131
47.128.127.177 - - [25/Apr/2024:07:01:52 -0500] "GET /BLA/resoluciones/AUTOS%202021/0245.php?act=img&img=ext_txt HTTP/1.1" 200 132
47.128.127.177 - - [25/Apr/2024:07:01:52 -0500] "GET /BLA/resoluciones/AUTOS%202021/0245.php?act=img&img=ext_exe HTTP/1.1" 200 118
47.128.127.177 - - [25/Apr/2024:07:01:52 -0500] "GET /BLA/resoluciones/AUTOS%202021/0245.php?act=img&img=ext_gif HTTP/1.1" 200 175
47.128.127.177 - - [25/Apr/2024:07:01:52 -0500] "GET /BLA/resoluciones/AUTOS%202021/0245.php?act=img&img=ext_ini HTTP/1.1" 200 134
47.128.127.177 - - [25/Apr/2024:07:01:52 -0500] "GET /BLA/resoluciones/AUTOS%202021/0245.php?act=img&img=download HTTP/1.1" 200 161
47.128.127.177 - - [25/Apr/2024:07:01:52 -0500] "GET /BLA/resoluciones/AUTOS%202021/0245.php?act=img&img=ext_rtf HTTP/1.1" 200 164
201.245.192.253 - - [25/Apr/2024:07:01:52 -0500] "POST /sipse/faces/presentacion/financiero/solicitudProceso/listarSolicitudProceso.xhtml HTTP/1.1" 200 142762
201.245.192.253 - - [25/Apr/2024:07:01:53 -0500] "GET /sipse/faces/javax.faces.resource/theme.css?ln=primefaces-sipse HTTP/1.1" 304 -
201.245.192.253 - - [25/Apr/2024:07:01:53 -0500] "GET /sipse/faces/javax.faces.resource/primefaces.css?ln=primefaces&v=4.0 HTTP/1.1" 304 -
201.245.192.253 - - [25/Apr/2024:07:01:53 -0500] "GET /sipse/faces/javax.faces.resource/layout/layout.css?ln=primefaces&v=4.0 HTTP/1.1" 304 -
201.245.192.253 - - [25/Apr/2024:07:01:53 -0500] "GET /sipse/faces/javax.faces.resource/jquery/jquery.js?ln=primefaces&v=4.0 HTTP/1.1" 304 -
201.245.192.253 - - [25/Apr/2024:07:01:53 -0500] "GET /sipse/faces/javax.faces.resource/jquery/jquery-plugins.js?ln=primefaces&v=4.0 HTTP/1.1" 304 -
201.245.192.253 - - [25/Apr/2024:07:01:53 -0500] "GET /sipse/faces/javax.faces.resource/primefaces.js?ln=primefaces&v=4.0 HTTP/1.1" 304 -
201.245.192.253 - - [25/Apr/2024:07:01:53 -0500] "GET /sipse/faces/javax.faces.resource/layout/layout.js?ln=primefaces&v=4.0 HTTP/1.1" 304 -
201.245.192.253 - - [25/Apr/2024:07:01:53 -0500] "GET /sipse/faces/javax.faces.resource/dynamiccontent.properties?ln=primefaces&pfdrid=XjOR5%2F%2FfPAZAuY9TpWQeCiM0BhlXxYRBGKi%2FQcXXfeA%3D&pfdrid_c=false HTTP/1.1" 500 383
