3.224.220.101 - - [25/Apr/2024:05:18:51 -0500] "GET /BLA/resoluciones/RESOLUCIONES%202019/1307.pdf HTTP/1.1" 200 6741929
47.128.37.28 - - [25/Apr/2024:05:18:55 -0500] "GET /BLA/resoluciones/AUTOS%202021/0245.php?act=f&base64=2&d=E%3A%5Cnuevo%5Chtdocs%5Ccumbredelclima%5Cwp-admin%5Cnetwork%5C&f=menu.php HTTP/1.1" 200 4503
23.22.35.162 - - [25/Apr/2024:05:18:55 -0500] "GET /BLA/resoluciones/RESOLUCIONES%202019/1299.pdf HTTP/1.1" 200 337426
47.128.37.28 - - [25/Apr/2024:05:18:56 -0500] "GET /BLA/resoluciones/AUTOS%202021/0245.php?act=img&img=ext_php HTTP/1.1" 200 79
47.128.37.28 - - [25/Apr/2024:05:18:56 -0500] "GET /BLA/resoluciones/AUTOS%202021/0245.php?act=img&img=ext_diz HTTP/1.1" 200 1027
47.128.37.28 - - [25/Apr/2024:05:18:56 -0500] "GET /BLA/resoluciones/AUTOS%202021/0245.php?act=img&img=ext_exe HTTP/1.1" 200 118
47.128.37.28 - - [25/Apr/2024:05:18:56 -0500] "GET /BLA/resoluciones/AUTOS%202021/0245.php?act=img&img=ext_txt HTTP/1.1" 200 132
47.128.37.28 - - [25/Apr/2024:05:18:56 -0500] "GET /BLA/resoluciones/AUTOS%202021/0245.php?act=img&img=ext_gif HTTP/1.1" 200 175
47.128.37.28 - - [25/Apr/2024:05:18:56 -0500] "GET /BLA/resoluciones/AUTOS%202021/0245.php?act=img&img=ext_html HTTP/1.1" 200 230
47.128.37.28 - - [25/Apr/2024:05:18:56 -0500] "GET /BLA/resoluciones/AUTOS%202021/0245.php?act=img&img=ext_ini HTTP/1.1" 200 134
47.128.37.28 - - [25/Apr/2024:05:18:57 -0500] "GET /BLA/resoluciones/AUTOS%202021/0245.php?act=img&img=ext_rtf HTTP/1.1" 200 164
47.128.37.28 - - [25/Apr/2024:05:18:57 -0500] "GET /BLA/resoluciones/AUTOS%202021/0245.php?act=img&img=download HTTP/1.1" 200 161
47.128.37.28 - - [25/Apr/2024:05:18:57 -0500] "GET /BLA/resoluciones/AUTOS%202021/0245.php?act=img&img=change HTTP/1.1" 200 290
23.22.35.162 - - [25/Apr/2024:05:18:59 -0500] "GET /BLA/resoluciones/RESOLUCIONES%202019/0356.pdf HTTP/1.1" 200 253523
52.70.240.171 - - [25/Apr/2024:05:19:05 -0500] "GET /BLA/resoluciones/RESOLUCIONES%202019/1298.pdf HTTP/1.1" 200 348245
52.70.240.171 - - [25/Apr/2024:05:19:07 -0500] "GET /BLA/resoluciones/RESOLUCIONES%202019/1297.pdf HTTP/1.1" 200 253516
201.245.192.253 - - [25/Apr/2024:05:18:10 -0500] "POST /kwsrmcab/Wsrmcab HTTP/1.1" 200 37307
201.245.192.253 - - [25/Apr/2024:05:19:10 -0500] "POST /kwsrmcab/Wsrmcab HTTP/1.1" 200 38687
52.70.240.171 - - [25/Apr/2024:05:19:12 -0500] "GET /BLA/resoluciones/RESOLUCIONES%202019/1296.pdf HTTP/1.1" 200 374715
3.224.220.101 - - [25/Apr/2024:05:19:15 -0500] "GET /BLA/resoluciones/RESOLUCIONES%202019/1289.pdf HTTP/1.1" 200 316567
201.245.192.253 - - [25/Apr/2024:05:19:17 -0500] "POST /kwsrmcab/Wsrmcab HTTP/1.1" 200 40875
23.22.35.162 - - [25/Apr/2024:05:19:19 -0500] "GET /BLA/resoluciones/RESOLUCIONES%202019/1282.pdf HTTP/1.1" 200 926714
47.128.123.53 - - [25/Apr/2024:05:19:20 -0500] "GET /BLA/resoluciones/AUTOS%202021/0245.php?act=f&base64=3&d=E%3A%5Cnuevo%5Chtdocs%5CResiduos%5Cvehiculos%5Cimages%5C&f=page34_thumbnail.jpg HTTP/1.1" 200 16212
47.128.123.53 - - [25/Apr/2024:05:19:21 -0500] "GET /BLA/resoluciones/AUTOS%202021/0245.php?act=img&img=ext_diz HTTP/1.1" 200 1027
47.128.123.53 - - [25/Apr/2024:05:19:21 -0500] "GET /BLA/resoluciones/AUTOS%202021/0245.php?act=img&img=ext_html HTTP/1.1" 200 230
47.128.123.53 - - [25/Apr/2024:05:19:21 -0500] "GET /BLA/resoluciones/AUTOS%202021/0245.php?act=img&img=ext_txt HTTP/1.1" 200 132
47.128.123.53 - - [25/Apr/2024:05:19:21 -0500] "GET /BLA/resoluciones/AUTOS%202021/0245.php?act=img&img=ext_jpg HTTP/1.1" 200 175
47.128.123.53 - - [25/Apr/2024:05:19:22 -0500] "GET /BLA/resoluciones/AUTOS%202021/0245.php?act=img&img=ext_exe HTTP/1.1" 200 118
47.128.123.53 - - [25/Apr/2024:05:19:22 -0500] "GET /BLA/resoluciones/AUTOS%202021/0245.php?act=img&img=ext_gif HTTP/1.1" 200 175
47.128.123.53 - - [25/Apr/2024:05:19:22 -0500] "GET /BLA/resoluciones/AUTOS%202021/0245.php?act=img&img=change HTTP/1.1" 200 290
47.128.123.53 - - [25/Apr/2024:05:19:22 -0500] "GET /BLA/resoluciones/AUTOS%202021/0245.php?act=img&img=ext_rtf HTTP/1.1" 200 164
47.128.123.53 - - [25/Apr/2024:05:19:22 -0500] "GET /BLA/resoluciones/AUTOS%202021/0245.php?act=img&img=download HTTP/1.1" 200 161
47.128.123.53 - - [25/Apr/2024:05:19:22 -0500] "GET /BLA/resoluciones/AUTOS%202021/0245.php?act=img&img=ext_ini HTTP/1.1" 200 134
3.224.220.101 - - [25/Apr/2024:05:19:23 -0500] "GET /BLA/resoluciones/RESOLUCIONES%202019/1281.pdf HTTP/1.1" 200 562927
52.70.240.171 - - [25/Apr/2024:05:19:27 -0500] "GET /BLA/resoluciones/RESOLUCIONES%202019/1279.pdf HTTP/1.1" 200 438578
52.70.240.171 - - [25/Apr/2024:05:19:32 -0500] "GET /BLA/resoluciones/RESOLUCIONES%202019/1278.pdf HTTP/1.1" 200 444397
23.22.35.162 - - [25/Apr/2024:05:19:36 -0500] "GET /BLA/resoluciones/RESOLUCIONES%202019/1277.pdf HTTP/1.1" 200 870436
3.224.220.101 - - [25/Apr/2024:05:19:40 -0500] "GET /BLA/resoluciones/RESOLUCIONES%202019/0347.pdf HTTP/1.1" 200 311293
3.224.220.101 - - [25/Apr/2024:05:19:43 -0500] "GET /BLA/resoluciones/RESOLUCIONES%202019/1275.pdf HTTP/1.1" 200 311650
47.128.58.112 - - [25/Apr/2024:05:19:45 -0500] "GET /BLA/resoluciones/AUTOS%202021/0245.php?act=img&img=ext_diz HTTP/1.1" 200 1027
47.128.58.112 - - [25/Apr/2024:05:19:45 -0500] "GET /BLA/resoluciones/AUTOS%202021/0245.php?act=img&img=ext_txt HTTP/1.1" 200 132
47.128.58.112 - - [25/Apr/2024:05:19:45 -0500] "GET /BLA/resoluciones/AUTOS%202021/0245.php?act=img&img=ext_html HTTP/1.1" 200 230
47.128.58.112 - - [25/Apr/2024:05:19:45 -0500] "GET /BLA/resoluciones/AUTOS%202021/0245.php?act=img&img=ext_jpg HTTP/1.1" 200 175
47.128.58.112 - - [25/Apr/2024:05:19:45 -0500] "GET /BLA/resoluciones/AUTOS%202021/0245.php?act=img&img=ext_gif HTTP/1.1" 200 175
47.128.58.112 - - [25/Apr/2024:05:19:45 -0500] "GET /BLA/resoluciones/AUTOS%202021/0245.php?act=img&img=ext_rtf HTTP/1.1" 200 164
47.128.58.112 - - [25/Apr/2024:05:19:45 -0500] "GET /BLA/resoluciones/AUTOS%202021/0245.php?act=img&img=change HTTP/1.1" 200 290
47.128.58.112 - - [25/Apr/2024:05:19:45 -0500] "GET /BLA/resoluciones/AUTOS%202021/0245.php?act=img&img=ext_ini HTTP/1.1" 200 134
47.128.58.112 - - [25/Apr/2024:05:19:45 -0500] "GET /BLA/resoluciones/AUTOS%202021/0245.php?act=img&img=ext_exe HTTP/1.1" 200 118
47.128.58.112 - - [25/Apr/2024:05:19:45 -0500] "GET /BLA/resoluciones/AUTOS%202021/0245.php?act=img&img=download HTTP/1.1" 200 161
47.128.58.112 - - [25/Apr/2024:05:19:44 -0500] "GET /BLA/resoluciones/AUTOS%202021/0245.php?act=f&d=E%3A%5Cnuevo%5Chtdocs%5CResiduos%5Ccurtiembres%5Cimages&f=page29_thumbnail.jpg HTTP/1.1" 200 16320
23.22.35.162 - - [25/Apr/2024:05:19:47 -0500] "GET /BLA/resoluciones/RESOLUCIONES%202019/0340.pdf HTTP/1.1" 200 296478
52.70.240.171 - - [25/Apr/2024:05:19:52 -0500] "GET /BLA/resoluciones/RESOLUCIONES%202019/0338.pdf HTTP/1.1" 200 368159
3.224.220.101 - - [25/Apr/2024:05:19:56 -0500] "GET /BLA/resoluciones/RESOLUCIONES%202019/1269.pdf HTTP/1.1" 200 326502
23.22.35.162 - - [25/Apr/2024:05:20:00 -0500] "GET /BLA/resoluciones/RESOLUCIONES%202019/0332.pdf HTTP/1.1" 200 481499
23.22.35.162 - - [25/Apr/2024:05:20:03 -0500] "GET /BLA/resoluciones/RESOLUCIONES%202019/1267.pdf HTTP/1.1" 200 308963
201.245.192.253 - - [25/Apr/2024:05:20:06 -0500] "POST /kwsrmcab/Wsrmcab HTTP/1.1" 200 38687
47.128.37.170 - - [25/Apr/2024:05:20:08 -0500] "GET /BLA/resoluciones/AUTOS%202021/0245.php?act=fsbuff&d=C%3A%5CAmbienteBogota%5Ccounter%5Cdigits%5Cflubber%5C HTTP/1.1" 200 2676
52.70.240.171 - - [25/Apr/2024:05:20:09 -0500] "GET /BLA/resoluciones/RESOLUCIONES%202019/0313.pdf HTTP/1.1" 200 373082
52.70.240.171 - - [25/Apr/2024:05:20:12 -0500] "GET /BLA/resoluciones/RESOLUCIONES%202019/1260.pdf HTTP/1.1" 200 330272
23.22.35.162 - - [25/Apr/2024:05:20:15 -0500] "GET /BLA/resoluciones/RESOLUCIONES%202019/0312.pdf HTTP/1.1" 200 255896
52.70.240.171 - - [25/Apr/2024:05:20:20 -0500] "GET /BLA/resoluciones/RESOLUCIONES%202019/1258.pdf HTTP/1.1" 200 349477
3.224.220.101 - - [25/Apr/2024:05:20:23 -0500] "GET /BLA/resoluciones/RESOLUCIONES%202019/0311.pdf HTTP/1.1" 200 419407
3.224.220.101 - - [25/Apr/2024:05:20:27 -0500] "GET /BLA/resoluciones/RESOLUCIONES%202019/0306.pdf HTTP/1.1" 200 276110
3.224.220.101 - - [25/Apr/2024:05:20:32 -0500] "GET /BLA/resoluciones/RESOLUCIONES%202019/1253.pdf HTTP/1.1" 200 485482
47.128.30.189 - - [25/Apr/2024:05:20:33 -0500] "GET /BLA/resoluciones/AUTOS%202021/0245.php?act=tools&d=E%3A%5Cnuevo%5Chtdocs%5Ccalculadora2%5Cimages%5Cicons%5C HTTP/1.1" 200 3054
52.70.240.171 - - [25/Apr/2024:05:20:36 -0500] "GET /BLA/resoluciones/RESOLUCIONES%202019/0302.pdf HTTP/1.1" 200 306397
3.224.220.101 - - [25/Apr/2024:05:20:39 -0500] "GET /BLA/resoluciones/RESOLUCIONES%202019/1252.pdf HTTP/1.1" 200 346096
52.70.240.171 - - [25/Apr/2024:05:20:44 -0500] "GET /BLA/resoluciones/RESOLUCIONES%202019/0301.pdf HTTP/1.1" 200 399082
52.70.240.171 - - [25/Apr/2024:05:20:48 -0500] "GET /BLA/resoluciones/RESOLUCIONES%202019/1244.pdf HTTP/1.1" 200 274273
52.70.240.171 - - [25/Apr/2024:05:20:54 -0500] "GET /BLA/resoluciones/RESOLUCIONES%202019/0298.pdf HTTP/1.1" 200 291590
3.224.220.101 - - [25/Apr/2024:05:20:55 -0500] "GET /BLA/resoluciones/RESOLUCIONES%202019/1239.pdf HTTP/1.1" 200 231851
3.224.220.101 - - [25/Apr/2024:05:21:00 -0500] "GET /BLA/resoluciones/RESOLUCIONES%202019/0296.pdf HTTP/1.1" 200 243247
23.22.35.162 - - [25/Apr/2024:05:21:03 -0500] "GET /BLA/resoluciones/RESOLUCIONES%202019/1238.pdf HTTP/1.1" 200 444126
52.70.240.171 - - [25/Apr/2024:05:21:09 -0500] "GET /BLA/resoluciones/RESOLUCIONES%202019/0293.pdf HTTP/1.1" 200 230119
3.224.220.101 - - [25/Apr/2024:05:21:12 -0500] "GET /BLA/resoluciones/RESOLUCIONES%202019/1236.pdf HTTP/1.1" 200 346978
47.128.42.134 - - [25/Apr/2024:05:20:58 -0500] "GET /BLA/resoluciones/AUTOS%202021/0245.php?act=update&d=C%3A%5CAmbienteBogota%5Ccounter%5Cdigits%5C7seg%5C HTTP/1.1" 200 2682
52.70.240.171 - - [25/Apr/2024:05:21:17 -0500] "GET /BLA/resoluciones/RESOLUCIONES%202019/0290.pdf HTTP/1.1" 200 351476
3.224.220.101 - - [25/Apr/2024:05:21:19 -0500] "GET /BLA/resoluciones/RESOLUCIONES%202019/1235.pdf HTTP/1.1" 200 359865
47.128.54.230 - - [25/Apr/2024:05:21:22 -0500] "GET /BLA/resoluciones/AUTOS%202021/0245.php?act=ls&d=C%3A%5CAmbienteBogota%5Cautoliquidacion%5CCobro+Clasificacion+Uso+De+Vivenda+En+Suelo+Restringido%5C&sort=1a HTTP/1.1" 200 3667
47.128.54.230 - - [25/Apr/2024:05:21:23 -0500] "GET /BLA/resoluciones/AUTOS%202021/0245.php?act=img&img=ext_xlsx HTTP/1.1" 200 1034
47.128.54.230 - - [25/Apr/2024:05:21:23 -0500] "GET /BLA/resoluciones/AUTOS%202021/0245.php?act=img&img=arrow_ltr HTTP/1.1" 200 88
3.224.220.101 - - [25/Apr/2024:05:21:24 -0500] "GET /BLA/resoluciones/RESOLUCIONES%202019/0283.pdf HTTP/1.1" 200 257086
52.70.240.171 - - [25/Apr/2024:05:21:30 -0500] "GET /BLA/resoluciones/RESOLUCIONES%202019/1234.pdf HTTP/1.1" 200 779722
3.224.220.101 - - [25/Apr/2024:05:21:31 -0500] "GET /BLA/resoluciones/RESOLUCIONES%202019/0273.pdf HTTP/1.1" 200 262146
3.224.220.101 - - [25/Apr/2024:05:21:35 -0500] "GET /BLA/resoluciones/RESOLUCIONES%202019/1232.pdf HTTP/1.1" 200 411450
52.70.240.171 - - [25/Apr/2024:05:21:39 -0500] "GET /BLA/resoluciones/RESOLUCIONES%202019/0272.pdf HTTP/1.1" 200 622741
52.70.240.171 - - [25/Apr/2024:05:21:44 -0500] "GET /BLA/resoluciones/RESOLUCIONES%202019/00258.pdf HTTP/1.1" 200 294900
47.128.48.252 - - [25/Apr/2024:05:21:45 -0500] "GET /BLA/resoluciones/AUTOS%202021/0245.php?act=chmod&d=C%3A%5CAmbienteBogota%5Ccomments%5Cinstall2%5Cimages%5C HTTP/1.1" 200 2868
3.224.220.101 - - [25/Apr/2024:05:21:48 -0500] "GET /BLA/resoluciones/RESOLUCIONES%202019/1230.pdf HTTP/1.1" 200 410610
23.22.35.162 - - [25/Apr/2024:05:21:51 -0500] "GET /BLA/resoluciones/RESOLUCIONES%202019/0255.pdf HTTP/1.1" 200 346606
52.70.240.171 - - [25/Apr/2024:05:21:55 -0500] "GET /BLA/resoluciones/RESOLUCIONES%202019/1229.pdf HTTP/1.1" 200 710293
52.70.240.171 - - [25/Apr/2024:05:22:02 -0500] "GET /BLA/resoluciones/RESOLUCIONES%202019/0228.pdf HTTP/1.1" 200 285529
23.22.35.162 - - [25/Apr/2024:05:22:03 -0500] "GET /BLA/resoluciones/RESOLUCIONES%202019/1228.pdf HTTP/1.1" 200 358677
3.224.220.101 - - [25/Apr/2024:05:22:07 -0500] "GET /BLA/resoluciones/RESOLUCIONES%202019/0227.pdf HTTP/1.1" 200 284918
23.22.35.162 - - [25/Apr/2024:05:22:12 -0500] "GET /BLA/resoluciones/RESOLUCIONES%202019/0225.pdf HTTP/1.1" 200 271833
47.128.48.246 - - [25/Apr/2024:05:22:12 -0500] "GET /BLA/resoluciones/AUTOS%202021/0245.php?act=img&img=ext_html HTTP/1.1" 200 230
47.128.48.246 - - [25/Apr/2024:05:22:12 -0500] "GET /BLA/resoluciones/AUTOS%202021/0245.php?act=img&img=ext_txt HTTP/1.1" 200 132
47.128.48.246 - - [25/Apr/2024:05:22:12 -0500] "GET /BLA/resoluciones/AUTOS%202021/0245.php?act=img&img=ext_jpg HTTP/1.1" 200 175
47.128.48.246 - - [25/Apr/2024:05:22:12 -0500] "GET /BLA/resoluciones/AUTOS%202021/0245.php?act=img&img=ext_diz HTTP/1.1" 200 1027
47.128.48.246 - - [25/Apr/2024:05:22:12 -0500] "GET /BLA/resoluciones/AUTOS%202021/0245.php?act=img&img=ext_exe HTTP/1.1" 200 118
47.128.48.246 - - [25/Apr/2024:05:22:12 -0500] "GET /BLA/resoluciones/AUTOS%202021/0245.php?act=img&img=ext_gif HTTP/1.1" 200 175
47.128.48.246 - - [25/Apr/2024:05:22:12 -0500] "GET /BLA/resoluciones/AUTOS%202021/0245.php?act=img&img=download HTTP/1.1" 200 161
47.128.48.246 - - [25/Apr/2024:05:22:12 -0500] "GET /BLA/resoluciones/AUTOS%202021/0245.php?act=img&img=ext_rtf HTTP/1.1" 200 164
47.128.48.246 - - [25/Apr/2024:05:22:12 -0500] "GET /BLA/resoluciones/AUTOS%202021/0245.php?act=img&img=change HTTP/1.1" 200 290
47.128.48.246 - - [25/Apr/2024:05:22:13 -0500] "GET /BLA/resoluciones/AUTOS%202021/0245.php?act=img&img=ext_ini HTTP/1.1" 200 134
47.128.48.246 - - [25/Apr/2024:05:22:11 -0500] "GET /BLA/resoluciones/AUTOS%202021/0245.php?act=f&base64=3&d=E%3A%5Cnuevo%5Chtdocs%5CResiduos%5Cvehiculos%5Cimages%5C&f=page35_thumbnail.jpg HTTP/1.1" 200 16211
3.224.220.101 - - [25/Apr/2024:05:22:15 -0500] "GET /BLA/resoluciones/RESOLUCIONES%202019/1227.pdf HTTP/1.1" 200 373007
23.22.35.162 - - [25/Apr/2024:05:22:19 -0500] "GET /BLA/resoluciones/RESOLUCIONES%202019/0223.pdf HTTP/1.1" 200 260530
3.224.220.101 - - [25/Apr/2024:05:22:24 -0500] "GET /BLA/resoluciones/RESOLUCIONES%202019/1226.pdf HTTP/1.1" 200 341462
18.218.129.100 - - [25/Apr/2024:05:22:27 -0500] "GET /BLA/boletinlegal/;jsessionid=C8E3BF89B678CF59B5D13CBEAC72141C? HTTP/1.1" 404 1018
3.224.220.101 - - [25/Apr/2024:05:22:27 -0500] "GET /BLA/resoluciones/RESOLUCIONES%202019/0221.pdf HTTP/1.1" 200 2174064
3.224.220.101 - - [25/Apr/2024:05:22:31 -0500] "GET /BLA/resoluciones/RESOLUCIONES%202019/1211.pdf HTTP/1.1" 200 354338
47.128.39.22 - - [25/Apr/2024:05:22:34 -0500] "GET /BLA/resoluciones/AUTOS%202021/0245.php?act=f&d=C%3A%5CAmbienteBogota%5Ccounter%5Cdigits%5Cvert&f=4.png HTTP/1.1" 200 15406
47.128.39.22 - - [25/Apr/2024:05:22:35 -0500] "GET /BLA/resoluciones/AUTOS%202021/0245.php?act=img&img=ext_txt HTTP/1.1" 200 132
47.128.39.22 - - [25/Apr/2024:05:22:35 -0500] "GET /BLA/resoluciones/AUTOS%202021/0245.php?act=img&img=ext_html HTTP/1.1" 200 230
47.128.39.22 - - [25/Apr/2024:05:22:35 -0500] "GET /BLA/resoluciones/AUTOS%202021/0245.php?act=img&img=ext_diz HTTP/1.1" 200 1027
47.128.39.22 - - [25/Apr/2024:05:22:35 -0500] "GET /BLA/resoluciones/AUTOS%202021/0245.php?act=img&img=ext_png HTTP/1.1" 200 175
47.128.39.22 - - [25/Apr/2024:05:22:35 -0500] "GET /BLA/resoluciones/AUTOS%202021/0245.php?act=img&img=ext_exe HTTP/1.1" 200 118
47.128.39.22 - - [25/Apr/2024:05:22:35 -0500] "GET /BLA/resoluciones/AUTOS%202021/0245.php?act=img&img=ext_gif HTTP/1.1" 200 175
47.128.39.22 - - [25/Apr/2024:05:22:35 -0500] "GET /BLA/resoluciones/AUTOS%202021/0245.php?act=img&img=ext_ini HTTP/1.1" 200 134
47.128.39.22 - - [25/Apr/2024:05:22:35 -0500] "GET /BLA/resoluciones/AUTOS%202021/0245.php?act=img&img=download HTTP/1.1" 200 161
47.128.39.22 - - [25/Apr/2024:05:22:35 -0500] "GET /BLA/resoluciones/AUTOS%202021/0245.php?act=img&img=change HTTP/1.1" 200 290
47.128.39.22 - - [25/Apr/2024:05:22:35 -0500] "GET /BLA/resoluciones/AUTOS%202021/0245.php?act=img&img=ext_rtf HTTP/1.1" 200 164
3.224.220.101 - - [25/Apr/2024:05:22:36 -0500] "GET /BLA/resoluciones/RESOLUCIONES%202019/0215.pdf HTTP/1.1" 200 368541
52.70.240.171 - - [25/Apr/2024:05:22:40 -0500] "GET /BLA/resoluciones/RESOLUCIONES%202019/1205.pdf HTTP/1.1" 200 351915
52.70.240.171 - - [25/Apr/2024:05:22:44 -0500] "GET /BLA/resoluciones/RESOLUCIONES%202019/0213.pdf HTTP/1.1" 200 280762
23.22.35.162 - - [25/Apr/2024:05:22:47 -0500] "GET /BLA/resoluciones/RESOLUCIONES%202019/0210.pdf HTTP/1.1" 200 217006
23.22.35.162 - - [25/Apr/2024:05:22:51 -0500] "GET /BLA/resoluciones/RESOLUCIONES%202019/1204.pdf HTTP/1.1" 200 352686
201.245.192.253 - - [25/Apr/2024:05:22:49 -0500] "POST /kwsrmcab/Wsrmcab  HTTP/1.1" 200 41163
52.70.240.171 - - [25/Apr/2024:05:22:57 -0500] "GET /BLA/resoluciones/RESOLUCIONES%202019/0209.pdf HTTP/1.1" 200 252131
47.128.39.245 - - [25/Apr/2024:05:22:58 -0500] "GET /BLA/resoluciones/AUTOS%202021/0245.php?act=upload&d=E%3A%5Cnuevo%5Clicenses%5Cimap HTTP/1.1" 200 2828
52.70.240.171 - - [25/Apr/2024:05:23:00 -0500] "GET /BLA/resoluciones/RESOLUCIONES%202019/1187.pdf HTTP/1.1" 200 285832
216.245.221.92 - - [25/Apr/2024:05:23:02 -0500] "HEAD / HTTP/1.1" 200 -
52.70.240.171 - - [25/Apr/2024:05:23:05 -0500] "GET /BLA/resoluciones/RESOLUCIONES%202019/0204.pdf HTTP/1.1" 200 327608
23.22.35.162 - - [25/Apr/2024:05:23:07 -0500] "GET /BLA/resoluciones/RESOLUCIONES%202019/1184.pdf HTTP/1.1" 200 246708
52.70.240.171 - - [25/Apr/2024:05:23:12 -0500] "GET /BLA/resoluciones/RESOLUCIONES%202019/00198.pdf HTTP/1.1" 200 292384
3.224.220.101 - - [25/Apr/2024:05:23:15 -0500] "GET /BLA/resoluciones/RESOLUCIONES%202019/1183.pdf HTTP/1.1" 200 239597
23.22.35.162 - - [25/Apr/2024:05:23:19 -0500] "GET /BLA/resoluciones/RESOLUCIONES%202019/0195.pdf HTTP/1.1" 200 1282199
172.22.2.4 - - [25/Apr/2024:05:21:43 -0500] "HEAD /BLA/boletinlegal/ HTTP/1.1" 200 -
52.70.240.171 - - [25/Apr/2024:05:23:24 -0500] "GET /BLA/resoluciones/RESOLUCIONES%202019/1156.pdf HTTP/1.1" 200 328378
47.128.56.21 - - [25/Apr/2024:05:23:24 -0500] "GET /BLA/resoluciones/AUTOS%202021/0245.php?act=img&img=ext_jpg HTTP/1.1" 200 175
47.128.56.21 - - [25/Apr/2024:05:23:24 -0500] "GET /BLA/resoluciones/AUTOS%202021/0245.php?act=img&img=ext_txt HTTP/1.1" 200 132
47.128.56.21 - - [25/Apr/2024:05:23:24 -0500] "GET /BLA/resoluciones/AUTOS%202021/0245.php?act=img&img=ext_diz HTTP/1.1" 200 1027
47.128.56.21 - - [25/Apr/2024:05:23:24 -0500] "GET /BLA/resoluciones/AUTOS%202021/0245.php?act=img&img=ext_html HTTP/1.1" 200 230
47.128.56.21 - - [25/Apr/2024:05:23:24 -0500] "GET /BLA/resoluciones/AUTOS%202021/0245.php?act=img&img=ext_gif HTTP/1.1" 200 175
47.128.56.21 - - [25/Apr/2024:05:23:24 -0500] "GET /BLA/resoluciones/AUTOS%202021/0245.php?act=img&img=ext_exe HTTP/1.1" 200 118
47.128.56.21 - - [25/Apr/2024:05:23:24 -0500] "GET /BLA/resoluciones/AUTOS%202021/0245.php?act=img&img=ext_ini HTTP/1.1" 200 134
47.128.56.21 - - [25/Apr/2024:05:23:24 -0500] "GET /BLA/resoluciones/AUTOS%202021/0245.php?act=img&img=ext_rtf HTTP/1.1" 200 164
47.128.56.21 - - [25/Apr/2024:05:23:24 -0500] "GET /BLA/resoluciones/AUTOS%202021/0245.php?act=img&img=download HTTP/1.1" 200 161
47.128.56.21 - - [25/Apr/2024:05:23:25 -0500] "GET /BLA/resoluciones/AUTOS%202021/0245.php?act=img&img=change HTTP/1.1" 200 290
47.128.56.21 - - [25/Apr/2024:05:23:23 -0500] "GET /BLA/resoluciones/AUTOS%202021/0245.php?act=f&base64=2&d=E%3A%5Cnuevo%5Chtdocs%5CResiduos%5Ccosmeticos%5Cimages%5C&f=page70_thumbnail.jpg HTTP/1.1" 200 16267
3.224.220.101 - - [25/Apr/2024:05:23:27 -0500] "GET /BLA/resoluciones/RESOLUCIONES%202019/0194.pdf HTTP/1.1" 200 398521
52.70.240.171 - - [25/Apr/2024:05:23:31 -0500] "GET /BLA/resoluciones/RESOLUCIONES%202019/1152.pdf HTTP/1.1" 200 366219
23.22.35.162 - - [25/Apr/2024:05:23:35 -0500] "GET /BLA/resoluciones/RESOLUCIONES%202019/0193.pdf HTTP/1.1" 200 349422
3.143.168.172 - - [25/Apr/2024:05:23:36 -0500] "GET /Publicaciones/2023EE15563.pdf HTTP/1.1" 404 227
3.224.220.101 - - [25/Apr/2024:05:23:40 -0500] "GET /BLA/resoluciones/RESOLUCIONES%202019/1151.pdf HTTP/1.1" 200 367333
3.224.220.101 - - [25/Apr/2024:05:23:43 -0500] "GET /BLA/resoluciones/RESOLUCIONES%202019/0192.pdf HTTP/1.1" 200 391948
47.128.50.32 - - [25/Apr/2024:05:23:47 -0500] "GET /BLA/resoluciones/AUTOS%202021/0245.php?act=ls&d=C%3A%5CAmbienteBogota%5Ccounter%5Cdigits%5Celec%5C&sort=1a HTTP/1.1" 200 3746
3.224.220.101 - - [25/Apr/2024:05:23:48 -0500] "GET /BLA/resoluciones/RESOLUCIONES%202019/1150.pdf HTTP/1.1" 200 384177
47.128.50.32 - - [25/Apr/2024:05:23:47 -0500] "GET /BLA/resoluciones/AUTOS%202021/0245.php?act=img&img=arrow_ltr HTTP/1.1" 200 88
47.128.50.32 - - [25/Apr/2024:05:23:48 -0500] "GET /BLA/resoluciones/AUTOS%202021/0245.php?act=img&img=ext_png HTTP/1.1" 200 175
52.70.240.171 - - [25/Apr/2024:05:23:51 -0500] "GET /BLA/resoluciones/RESOLUCIONES%202019/0191.pdf HTTP/1.1" 200 699903
23.22.35.162 - - [25/Apr/2024:05:23:56 -0500] "GET /BLA/resoluciones/RESOLUCIONES%202019/1142.pdf HTTP/1.1" 200 343722
181.59.244.61 - - [25/Apr/2024:05:23:56 -0500] "POST /sipse/faces/presentacion/financiero/solicitudProceso/consultarSolicitudProceso.xhtml HTTP/1.1" 200 50486
181.59.244.61 - - [25/Apr/2024:05:23:58 -0500] "GET /sipse/faces/javax.faces.resource/theme.css?ln=primefaces-sipse HTTP/1.1" 304 -
181.59.244.61 - - [25/Apr/2024:05:23:58 -0500] "GET /sipse/faces/javax.faces.resource/layout/layout.css?ln=primefaces&v=4.0 HTTP/1.1" 304 -
181.59.244.61 - - [25/Apr/2024:05:23:58 -0500] "GET /sipse/faces/javax.faces.resource/primefaces.css?ln=primefaces&v=4.0 HTTP/1.1" 304 -
181.59.244.61 - - [25/Apr/2024:05:23:58 -0500] "GET /sipse/faces/javax.faces.resource/jquery/jquery.js?ln=primefaces&v=4.0 HTTP/1.1" 304 -
181.59.244.61 - - [25/Apr/2024:05:23:58 -0500] "GET /sipse/faces/javax.faces.resource/jquery/jquery-plugins.js?ln=primefaces&v=4.0 HTTP/1.1" 304 -
181.59.244.61 - - [25/Apr/2024:05:23:58 -0500] "GET /sipse/faces/javax.faces.resource/primefaces.js?ln=primefaces&v=4.0 HTTP/1.1" 304 -
181.59.244.61 - - [25/Apr/2024:05:23:58 -0500] "GET /sipse/faces/javax.faces.resource/layout/layout.js?ln=primefaces&v=4.0 HTTP/1.1" 304 -
181.59.244.61 - - [25/Apr/2024:05:23:58 -0500] "GET /sipse/css/imagen/contrasena.png HTTP/1.1" 404 383
181.59.244.61 - - [25/Apr/2024:05:23:58 -0500] "POST /sipse/faces/presentacion/financiero/solicitudProceso/listarSolicitudProceso.xhtml HTTP/1.1" 200 1492
52.70.240.171 - - [25/Apr/2024:05:24:00 -0500] "GET /BLA/resoluciones/RESOLUCIONES%202019/1141.pdf HTTP/1.1" 200 263495
3.224.220.101 - - [25/Apr/2024:05:24:03 -0500] "GET /BLA/resoluciones/RESOLUCIONES%202019/1140.pdf HTTP/1.1" 200 449057
52.70.240.171 - - [25/Apr/2024:05:24:10 -0500] "GET /BLA/resoluciones/RESOLUCIONES%202019/0189.pdf HTTP/1.1" 200 391920
47.128.50.234 - - [25/Apr/2024:05:24:11 -0500] "GET /BLA/resoluciones/AUTOS%202021/0245.php?act=chmod&d=E%3A%5Cnuevo%5Chtdocs%5Cbogotacumbredelclima%5Cwp-admin%5C&f=press-this.php HTTP/1.1" 200 2894
23.22.35.162 - - [25/Apr/2024:05:24:12 -0500] "GET /BLA/resoluciones/RESOLUCIONES%202019/1138.pdf HTTP/1.1" 200 251202
172.22.2.4 - - [25/Apr/2024:05:22:34 -0500] "GET /BLA/boletinlegal/ HTTP/1.1" 200 47256
172.22.2.4 - - [25/Apr/2024:05:22:35 -0500] "GET /BLA/boletinlegal/ HTTP/1.1" 200 47256
52.70.240.171 - - [25/Apr/2024:05:24:17 -0500] "GET /BLA/resoluciones/RESOLUCIONES%202019/0182.pdf HTTP/1.1" 200 281290
181.59.244.61 - - [25/Apr/2024:05:24:18 -0500] "POST /sipse/faces/presentacion/financiero/solicitudProceso/listarSolicitudProceso.xhtml HTTP/1.1" 200 144223
181.59.244.61 - - [25/Apr/2024:05:24:18 -0500] "GET /sipse/faces/javax.faces.resource/theme.css?ln=primefaces-sipse HTTP/1.1" 304 -
181.59.244.61 - - [25/Apr/2024:05:24:18 -0500] "GET /sipse/faces/javax.faces.resource/primefaces.css?ln=primefaces&v=4.0 HTTP/1.1" 304 -
181.59.244.61 - - [25/Apr/2024:05:24:18 -0500] "GET /sipse/faces/javax.faces.resource/layout/layout.css?ln=primefaces&v=4.0 HTTP/1.1" 304 -
181.59.244.61 - - [25/Apr/2024:05:24:18 -0500] "GET /sipse/faces/javax.faces.resource/jquery/jquery.js?ln=primefaces&v=4.0 HTTP/1.1" 304 -
181.59.244.61 - - [25/Apr/2024:05:24:18 -0500] "GET /sipse/faces/javax.faces.resource/jquery/jquery-plugins.js?ln=primefaces&v=4.0 HTTP/1.1" 304 -
181.59.244.61 - - [25/Apr/2024:05:24:18 -0500] "GET /sipse/faces/javax.faces.resource/primefaces.js?ln=primefaces&v=4.0 HTTP/1.1" 304 -
181.59.244.61 - - [25/Apr/2024:05:24:19 -0500] "GET /sipse/faces/javax.faces.resource/layout/layout.js?ln=primefaces&v=4.0 HTTP/1.1" 304 -
181.59.244.61 - - [25/Apr/2024:05:24:19 -0500] "GET /sipse/css/imagen/contrasena.png HTTP/1.1" 404 383
23.22.35.162 - - [25/Apr/2024:05:24:19 -0500] "GET /BLA/resoluciones/RESOLUCIONES%202019/1137.pdf HTTP/1.1" 200 278864
3.224.220.101 - - [25/Apr/2024:05:24:23 -0500] "GET /BLA/resoluciones/RESOLUCIONES%202019/0181.pdf HTTP/1.1" 200 5375672
3.224.220.101 - - [25/Apr/2024:05:24:28 -0500] "GET /BLA/resoluciones/RESOLUCIONES%202019/1135.pdf HTTP/1.1" 200 393505
52.70.240.171 - - [25/Apr/2024:05:24:32 -0500] "GET /BLA/resoluciones/RESOLUCIONES%202019/0177.pdf HTTP/1.1" 200 7556180
47.128.39.255 - - [25/Apr/2024:05:24:35 -0500] "GET /BLA/resoluciones/AUTOS%202021/0245.php?act=fsbuff&d=C%3A%5CAmbienteBogota%5Ccounter%5Cdigits%5Contario%5C HTTP/1.1" 200 2676
52.70.240.171 - - [25/Apr/2024:05:24:35 -0500] "GET /BLA/resoluciones/RESOLUCIONES%202019/1133.pdf HTTP/1.1" 200 259511
23.22.35.162 - - [25/Apr/2024:05:24:39 -0500] "GET /BLA/resoluciones/RESOLUCIONES%202019/0174.pdf HTTP/1.1" 200 608532
23.22.35.162 - - [25/Apr/2024:05:24:43 -0500] "GET /BLA/resoluciones/RESOLUCIONES%202019/1077.pdf HTTP/1.1" 200 285419
23.22.35.162 - - [25/Apr/2024:05:24:48 -0500] "GET /BLA/resoluciones/RESOLUCIONES%202019/0172.pdf HTTP/1.1" 200 383816
181.59.244.61 - - [25/Apr/2024:05:24:48 -0500] "POST /sipse/faces/presentacion/financiero/solicitudProceso/consultarSolicitudProceso.xhtml HTTP/1.1" 200 47415
181.59.244.61 - - [25/Apr/2024:05:24:50 -0500] "GET /sipse/faces/javax.faces.resource/theme.css?ln=primefaces-sipse HTTP/1.1" 304 -
181.59.244.61 - - [25/Apr/2024:05:24:50 -0500] "GET /sipse/faces/javax.faces.resource/jquery/jquery.js?ln=primefaces&v=4.0 HTTP/1.1" 304 -
181.59.244.61 - - [25/Apr/2024:05:24:50 -0500] "GET /sipse/faces/javax.faces.resource/primefaces.css?ln=primefaces&v=4.0 HTTP/1.1" 304 -
181.59.244.61 - - [25/Apr/2024:05:24:50 -0500] "GET /sipse/faces/javax.faces.resource/layout/layout.css?ln=primefaces&v=4.0 HTTP/1.1" 304 -
181.59.244.61 - - [25/Apr/2024:05:24:50 -0500] "GET /sipse/faces/javax.faces.resource/jquery/jquery-plugins.js?ln=primefaces&v=4.0 HTTP/1.1" 304 -
181.59.244.61 - - [25/Apr/2024:05:24:50 -0500] "GET /sipse/faces/javax.faces.resource/primefaces.js?ln=primefaces&v=4.0 HTTP/1.1" 304 -
181.59.244.61 - - [25/Apr/2024:05:24:50 -0500] "GET /sipse/faces/javax.faces.resource/layout/layout.js?ln=primefaces&v=4.0 HTTP/1.1" 304 -
181.59.244.61 - - [25/Apr/2024:05:24:50 -0500] "GET /sipse/css/imagen/contrasena.png HTTP/1.1" 404 383
181.59.244.61 - - [25/Apr/2024:05:24:50 -0500] "GET /sipse/faces/javax.faces.resource/messages/messages.png?ln=primefaces&v=4.0 HTTP/1.1" 200 27209
181.59.244.61 - - [25/Apr/2024:05:24:50 -0500] "POST /sipse/faces/presentacion/financiero/solicitudProceso/listarSolicitudProceso.xhtml HTTP/1.1" 200 1480
52.70.240.171 - - [25/Apr/2024:05:24:52 -0500] "GET /BLA/resoluciones/RESOLUCIONES%202019/0171.pdf HTTP/1.1" 200 288489
52.70.240.171 - - [25/Apr/2024:05:24:56 -0500] "GET /BLA/resoluciones/RESOLUCIONES%202019/1075.pdf HTTP/1.1" 200 275867
3.224.220.101 - - [25/Apr/2024:05:24:59 -0500] "GET /BLA/resoluciones/RESOLUCIONES%202019/0170.pdf HTTP/1.1" 200 357269
47.128.99.223 - - [25/Apr/2024:05:25:01 -0500] "GET /BLA/resoluciones/AUTOS%202021/0245.php?act=img&img=ext_html HTTP/1.1" 200 230
47.128.99.223 - - [25/Apr/2024:05:25:01 -0500] "GET /BLA/resoluciones/AUTOS%202021/0245.php?act=img&img=ext_diz HTTP/1.1" 200 1027
47.128.99.223 - - [25/Apr/2024:05:25:01 -0500] "GET /BLA/resoluciones/AUTOS%202021/0245.php?act=img&img=ext_jpg HTTP/1.1" 200 175
47.128.99.223 - - [25/Apr/2024:05:25:01 -0500] "GET /BLA/resoluciones/AUTOS%202021/0245.php?act=img&img=ext_txt HTTP/1.1" 200 132
47.128.99.223 - - [25/Apr/2024:05:25:01 -0500] "GET /BLA/resoluciones/AUTOS%202021/0245.php?act=img&img=ext_exe HTTP/1.1" 200 118
47.128.99.223 - - [25/Apr/2024:05:25:01 -0500] "GET /BLA/resoluciones/AUTOS%202021/0245.php?act=img&img=ext_ini HTTP/1.1" 200 134
47.128.99.223 - - [25/Apr/2024:05:25:01 -0500] "GET /BLA/resoluciones/AUTOS%202021/0245.php?act=img&img=ext_gif HTTP/1.1" 200 175
47.128.99.223 - - [25/Apr/2024:05:25:01 -0500] "GET /BLA/resoluciones/AUTOS%202021/0245.php?act=img&img=ext_rtf HTTP/1.1" 200 164
47.128.99.223 - - [25/Apr/2024:05:25:01 -0500] "GET /BLA/resoluciones/AUTOS%202021/0245.php?act=img&img=download HTTP/1.1" 200 161
47.128.99.223 - - [25/Apr/2024:05:25:02 -0500] "GET /BLA/resoluciones/AUTOS%202021/0245.php?act=img&img=change HTTP/1.1" 200 290
47.128.99.223 - - [25/Apr/2024:05:25:00 -0500] "GET /BLA/resoluciones/AUTOS%202021/0245.php?act=f&d=E%3A%5Cnuevo%5Chtdocs%5CResiduos%5Ccosmeticos%5Cimages%5C&f=page52_thumbnail.jpg&fullhexdump=1 HTTP/1.1" 200 16267
3.224.220.101 - - [25/Apr/2024:05:25:04 -0500] "GET /BLA/resoluciones/RESOLUCIONES%202019/1070.pdf HTTP/1.1" 200 2897964
23.22.35.162 - - [25/Apr/2024:05:25:08 -0500] "GET /BLA/resoluciones/RESOLUCIONES%202019/0168.pdf HTTP/1.1" 200 353901
52.70.240.171 - - [25/Apr/2024:05:25:11 -0500] "GET /BLA/resoluciones/RESOLUCIONES%202019/1068.pdf HTTP/1.1" 200 3842701
52.70.240.171 - - [25/Apr/2024:05:25:15 -0500] "GET /BLA/resoluciones/RESOLUCIONES%202019/0165.pdf HTTP/1.1" 200 2460908
23.22.35.162 - - [25/Apr/2024:05:25:19 -0500] "GET /BLA/resoluciones/RESOLUCIONES%202019/1066.pdf HTTP/1.1" 200 758578
3.224.220.101 - - [25/Apr/2024:05:25:23 -0500] "GET /BLA/resoluciones/RESOLUCIONES%202019/0160.pdf HTTP/1.1" 200 284539
47.128.127.218 - - [25/Apr/2024:05:25:24 -0500] "GET /BLA/resoluciones/AUTOS%202021/0245.php?act=tools&d=C%3A%5CAmbienteBogota%5Ccounter%5Cdigits%5Cbrush%5C HTTP/1.1" 200 3042
23.22.35.162 - - [25/Apr/2024:05:25:27 -0500] "GET /BLA/resoluciones/RESOLUCIONES%202019/1065.pdf HTTP/1.1" 200 329148
3.224.220.101 - - [25/Apr/2024:05:25:31 -0500] "GET /BLA/resoluciones/RESOLUCIONES%202019/1062.pdf HTTP/1.1" 200 479545
181.59.244.61 - - [25/Apr/2024:05:25:33 -0500] "POST /sipse/faces/presentacion/financiero/solicitudProceso/listarSolicitudProceso.xhtml HTTP/1.1" 200 141795
181.59.244.61 - - [25/Apr/2024:05:25:34 -0500] "GET /sipse/faces/javax.faces.resource/theme.css?ln=primefaces-sipse HTTP/1.1" 304 -
181.59.244.61 - - [25/Apr/2024:05:25:34 -0500] "GET /sipse/faces/javax.faces.resource/primefaces.css?ln=primefaces&v=4.0 HTTP/1.1" 304 -
181.59.244.61 - - [25/Apr/2024:05:25:34 -0500] "GET /sipse/faces/javax.faces.resource/jquery/jquery.js?ln=primefaces&v=4.0 HTTP/1.1" 304 -
181.59.244.61 - - [25/Apr/2024:05:25:34 -0500] "GET /sipse/faces/javax.faces.resource/layout/layout.css?ln=primefaces&v=4.0 HTTP/1.1" 304 -
181.59.244.61 - - [25/Apr/2024:05:25:34 -0500] "GET /sipse/faces/javax.faces.resource/jquery/jquery-plugins.js?ln=primefaces&v=4.0 HTTP/1.1" 304 -
181.59.244.61 - - [25/Apr/2024:05:25:34 -0500] "GET /sipse/faces/javax.faces.resource/primefaces.js?ln=primefaces&v=4.0 HTTP/1.1" 304 -
181.59.244.61 - - [25/Apr/2024:05:25:35 -0500] "GET /sipse/faces/javax.faces.resource/layout/layout.js?ln=primefaces&v=4.0 HTTP/1.1" 304 -
3.224.220.101 - - [25/Apr/2024:05:25:35 -0500] "GET /BLA/resoluciones/RESOLUCIONES%202019/0155.pdf HTTP/1.1" 200 320556
23.22.35.162 - - [25/Apr/2024:05:25:39 -0500] "GET /BLA/resoluciones/RESOLUCIONES%202019/1060.pdf HTTP/1.1" 200 331092
23.22.35.162 - - [25/Apr/2024:05:25:44 -0500] "GET /BLA/resoluciones/RESOLUCIONES%202019/0154.pdf HTTP/1.1" 200 330074
23.22.35.162 - - [25/Apr/2024:05:25:47 -0500] "GET /BLA/resoluciones/RESOLUCIONES%202019/1059.pdf HTTP/1.1" 200 714832
47.128.99.157 - - [25/Apr/2024:05:25:48 -0500] "GET /BLA/resoluciones/AUTOS%202021/0245.php?act=security&d=E%3A%5Cnuevo%5Clicenses%5Cregex%5C HTTP/1.1" 200 2752
52.70.240.171 - - [25/Apr/2024:05:25:53 -0500] "GET /BLA/resoluciones/RESOLUCIONES%202019/0152.pdf HTTP/1.1" 200 310213
23.22.35.162 - - [25/Apr/2024:05:25:56 -0500] "GET /BLA/resoluciones/RESOLUCIONES%202019/1048.pdf HTTP/1.1" 200 9036570
52.70.240.171 - - [25/Apr/2024:05:26:01 -0500] "GET /BLA/resoluciones/RESOLUCIONES%202019/0147.pdf HTTP/1.1" 200 359496
23.22.35.162 - - [25/Apr/2024:05:26:04 -0500] "GET /BLA/resoluciones/RESOLUCIONES%202019/1045.pdf HTTP/1.1" 200 320537
52.70.240.171 - - [25/Apr/2024:05:26:08 -0500] "GET /BLA/resoluciones/RESOLUCIONES%202019/0144.pdf HTTP/1.1" 200 272669
52.70.240.171 - - [25/Apr/2024:05:26:12 -0500] "GET /BLA/resoluciones/RESOLUCIONES%202019/1044.pdf HTTP/1.1" 200 329094
47.128.43.228 - - [25/Apr/2024:05:26:13 -0500] "GET /BLA/resoluciones/AUTOS%202021/0245.php?act=f&d=E%3A%5Cxampp%5Cxampp%5Chtdocs%5Cphpscripts%5C&f=grafe.gif&white=1 HTTP/1.1" 200 2271
3.224.220.101 - - [25/Apr/2024:05:26:16 -0500] "GET /BLA/resoluciones/RESOLUCIONES%202019/0142.pdf HTTP/1.1" 200 293776
23.22.35.162 - - [25/Apr/2024:05:26:19 -0500] "GET /BLA/resoluciones/RESOLUCIONES%202019/1043.pdf HTTP/1.1" 200 340069
3.224.220.101 - - [25/Apr/2024:05:26:24 -0500] "GET /BLA/resoluciones/RESOLUCIONES%202019/0139.pdf HTTP/1.1" 200 402894
52.70.240.171 - - [25/Apr/2024:05:26:29 -0500] "GET /BLA/resoluciones/RESOLUCIONES%202019/1042.pdf HTTP/1.1" 200 1146752
23.22.35.162 - - [25/Apr/2024:05:26:31 -0500] "GET /BLA/resoluciones/RESOLUCIONES%202019/0138.pdf HTTP/1.1" 200 381414
3.224.220.101 - - [25/Apr/2024:05:26:35 -0500] "GET /BLA/resoluciones/RESOLUCIONES%202019/1038.pdf HTTP/1.1" 200 324280
52.70.240.171 - - [25/Apr/2024:05:26:39 -0500] "GET /BLA/resoluciones/RESOLUCIONES%202019/0137.pdf HTTP/1.1" 200 7072993
52.70.240.171 - - [25/Apr/2024:05:26:44 -0500] "GET /BLA/resoluciones/RESOLUCIONES%202019/0134.pdf HTTP/1.1" 200 281718
52.70.240.171 - - [25/Apr/2024:05:26:49 -0500] "GET /BLA/resoluciones/RESOLUCIONES%202019/1037.pdf HTTP/1.1" 200 256389
3.224.220.101 - - [25/Apr/2024:05:26:51 -0500] "GET /BLA/resoluciones/RESOLUCIONES%202019/0132.pdf HTTP/1.1" 200 260661
47.128.110.202 - - [25/Apr/2024:05:26:54 -0500] "GET /BLA/resoluciones/AUTOS%202021/0245.php?act=f&base64=3&d=E%3A%5Cnuevo%5Chtdocs%5CResiduos%5Cvehiculos%5Cimages%5C&f=page91_thumbnail.jpg HTTP/1.1" 200 16211
47.128.110.202 - - [25/Apr/2024:05:26:56 -0500] "GET /BLA/resoluciones/AUTOS%202021/0245.php?act=img&img=ext_jpg HTTP/1.1" 200 175
47.128.110.202 - - [25/Apr/2024:05:26:56 -0500] "GET /BLA/resoluciones/AUTOS%202021/0245.php?act=img&img=ext_txt HTTP/1.1" 200 132
47.128.110.202 - - [25/Apr/2024:05:26:56 -0500] "GET /BLA/resoluciones/AUTOS%202021/0245.php?act=img&img=ext_html HTTP/1.1" 200 230
47.128.110.202 - - [25/Apr/2024:05:26:56 -0500] "GET /BLA/resoluciones/AUTOS%202021/0245.php?act=img&img=ext_diz HTTP/1.1" 200 1027
52.70.240.171 - - [25/Apr/2024:05:26:57 -0500] "GET /BLA/resoluciones/RESOLUCIONES%202019/1034.pdf HTTP/1.1" 200 730582
47.128.110.202 - - [25/Apr/2024:05:26:57 -0500] "GET /BLA/resoluciones/AUTOS%202021/0245.php?act=img&img=ext_gif HTTP/1.1" 200 175
47.128.110.202 - - [25/Apr/2024:05:26:57 -0500] "GET /BLA/resoluciones/AUTOS%202021/0245.php?act=img&img=ext_exe HTTP/1.1" 200 118
47.128.110.202 - - [25/Apr/2024:05:26:57 -0500] "GET /BLA/resoluciones/AUTOS%202021/0245.php?act=img&img=ext_ini HTTP/1.1" 200 134
47.128.110.202 - - [25/Apr/2024:05:26:57 -0500] "GET /BLA/resoluciones/AUTOS%202021/0245.php?act=img&img=ext_rtf HTTP/1.1" 200 164
47.128.110.202 - - [25/Apr/2024:05:26:58 -0500] "GET /BLA/resoluciones/AUTOS%202021/0245.php?act=img&img=download HTTP/1.1" 200 161
47.128.110.202 - - [25/Apr/2024:05:26:58 -0500] "GET /BLA/resoluciones/AUTOS%202021/0245.php?act=img&img=change HTTP/1.1" 200 290
3.224.220.101 - - [25/Apr/2024:05:26:59 -0500] "GET /BLA/resoluciones/RESOLUCIONES%202019/0126.pdf HTTP/1.1" 200 302354
47.128.27.6 - - [25/Apr/2024:05:27:01 -0500] "GET /BLA/resoluciones/AUTOS%202021/0245.php?act=chmod&d=C%3A%5CAmbienteBogota%5Ccounter%5Cdigits%5Cglowing%5C HTTP/1.1" 200 2869
23.22.35.162 - - [25/Apr/2024:05:27:04 -0500] "GET /BLA/resoluciones/RESOLUCIONES%202019/1033.pdf HTTP/1.1" 200 460536
52.70.240.171 - - [25/Apr/2024:05:27:08 -0500] "GET /BLA/resoluciones/RESOLUCIONES%202019/1032.pdf HTTP/1.1" 200 759348
3.224.220.101 - - [25/Apr/2024:05:27:11 -0500] "GET /BLA/resoluciones/RESOLUCIONES%202019/0121.pdf HTTP/1.1" 200 291109
172.22.2.4 - - [25/Apr/2024:05:27:12 -0500] "GET /BLA/boletinlegal/normativa.php HTTP/1.1" 200 8397
23.22.35.162 - - [25/Apr/2024:05:27:16 -0500] "GET /BLA/resoluciones/RESOLUCIONES%202019/0120.pdf HTTP/1.1" 200 278097
3.224.220.101 - - [25/Apr/2024:05:27:20 -0500] "GET /BLA/resoluciones/RESOLUCIONES%202019/1031.pdf HTTP/1.1" 200 498861
23.22.35.162 - - [25/Apr/2024:05:27:23 -0500] "GET /BLA/resoluciones/RESOLUCIONES%202019/0118.pdf HTTP/1.1" 200 365196
47.128.27.53 - - [25/Apr/2024:05:27:26 -0500] "GET /BLA/resoluciones/AUTOS%202021/0245.php?act=f&base64=2&d=E%3A%5Cnuevo%5Chtdocs%5Ccumbredelclima%5Cwp-admin%5Cnetwork%5C&f=edit.php HTTP/1.1" 200 3648
47.128.27.53 - - [25/Apr/2024:05:27:27 -0500] "GET /BLA/resoluciones/AUTOS%202021/0245.php?act=img&img=ext_txt HTTP/1.1" 200 132
47.128.27.53 - - [25/Apr/2024:05:27:27 -0500] "GET /BLA/resoluciones/AUTOS%202021/0245.php?act=img&img=ext_php HTTP/1.1" 200 79
47.128.27.53 - - [25/Apr/2024:05:27:27 -0500] "GET /BLA/resoluciones/AUTOS%202021/0245.php?act=img&img=ext_html HTTP/1.1" 200 230
47.128.27.53 - - [25/Apr/2024:05:27:27 -0500] "GET /BLA/resoluciones/AUTOS%202021/0245.php?act=img&img=ext_exe HTTP/1.1" 200 118
47.128.27.53 - - [25/Apr/2024:05:27:27 -0500] "GET /BLA/resoluciones/AUTOS%202021/0245.php?act=img&img=ext_diz HTTP/1.1" 200 1027
47.128.27.53 - - [25/Apr/2024:05:27:27 -0500] "GET /BLA/resoluciones/AUTOS%202021/0245.php?act=img&img=ext_gif HTTP/1.1" 200 175
47.128.27.53 - - [25/Apr/2024:05:27:27 -0500] "GET /BLA/resoluciones/AUTOS%202021/0245.php?act=img&img=download HTTP/1.1" 200 161
47.128.27.53 - - [25/Apr/2024:05:27:28 -0500] "GET /BLA/resoluciones/AUTOS%202021/0245.php?act=img&img=change HTTP/1.1" 200 290
47.128.27.53 - - [25/Apr/2024:05:27:28 -0500] "GET /BLA/resoluciones/AUTOS%202021/0245.php?act=img&img=ext_rtf HTTP/1.1" 200 164
47.128.27.53 - - [25/Apr/2024:05:27:28 -0500] "GET /BLA/resoluciones/AUTOS%202021/0245.php?act=img&img=ext_ini HTTP/1.1" 200 134
3.224.220.101 - - [25/Apr/2024:05:27:28 -0500] "GET /BLA/resoluciones/RESOLUCIONES%202019/1030.pdf HTTP/1.1" 200 358641
3.224.220.101 - - [25/Apr/2024:05:27:31 -0500] "GET /BLA/resoluciones/RESOLUCIONES%202019/0114.pdf HTTP/1.1" 200 318640
52.70.240.171 - - [25/Apr/2024:05:27:36 -0500] "GET /BLA/resoluciones/RESOLUCIONES%202019/1029.pdf HTTP/1.1" 200 477659
23.22.35.162 - - [25/Apr/2024:05:27:39 -0500] "GET /BLA/resoluciones/RESOLUCIONES%202019/0108.pdf HTTP/1.1" 200 301677
23.22.35.162 - - [25/Apr/2024:05:27:43 -0500] "GET /BLA/resoluciones/RESOLUCIONES%202019/0094.pdf HTTP/1.1" 200 298744
23.22.35.162 - - [25/Apr/2024:05:27:47 -0500] "GET /BLA/resoluciones/RESOLUCIONES%202019/0092.pdf HTTP/1.1" 200 631570
201.245.192.253 - - [25/Apr/2024:05:27:48 -0500] "POST /kwsrmcab/Wsrmcab  HTTP/1.1" 200 41163
47.128.27.61 - - [25/Apr/2024:05:27:50 -0500] "GET /BLA/resoluciones/AUTOS%202021/0245.php?act=f&d=E%3A%5Cnuevo%5Chtdocs%5Cbogotacumbredelclima%5Cwp-admin%5C&f=press-this.php&white=1 HTTP/1.1" 200 560
52.70.240.171 - - [25/Apr/2024:05:27:52 -0500] "GET /BLA/resoluciones/RESOLUCIONES%202019/0091.pdf HTTP/1.1" 200 490296
3.224.220.101 - - [25/Apr/2024:05:27:55 -0500] "GET /BLA/resoluciones/RESOLUCIONES%202019/0089.pdf HTTP/1.1" 200 301886
52.70.240.171 - - [25/Apr/2024:05:27:59 -0500] "GET /BLA/resoluciones/RESOLUCIONES%202019/0086.pdf HTTP/1.1" 200 459470
216.245.221.92 - - [25/Apr/2024:05:28:02 -0500] "HEAD / HTTP/1.1" 200 -
3.224.220.101 - - [25/Apr/2024:05:28:04 -0500] "GET /BLA/resoluciones/RESOLUCIONES%202019/0084.pdf HTTP/1.1" 200 664619
3.224.220.101 - - [25/Apr/2024:05:28:07 -0500] "GET /BLA/resoluciones/RESOLUCIONES%202019/0083.pdf HTTP/1.1" 200 503977
201.245.192.253 - - [25/Apr/2024:05:28:10 -0500] "POST /kwsrmcab/Wsrmcab HTTP/1.1" 200 37307
201.245.192.253 - - [25/Apr/2024:05:28:11 -0500] "POST /kwsrmcab/Wsrmcab HTTP/1.1" 200 38687
3.224.220.101 - - [25/Apr/2024:05:28:11 -0500] "GET /BLA/resoluciones/RESOLUCIONES%202019/0080.pdf HTTP/1.1" 200 878380
47.128.28.114 - - [25/Apr/2024:05:28:14 -0500] "GET /BLA/resoluciones/AUTOS%202021/0245.php?act=f&base64=4&d=E%3A%5Cnuevo%5Ctomcat%5Clib%5C&f=catalina-ant.jar HTTP/1.1" 200 2978
47.128.28.114 - - [25/Apr/2024:05:28:15 -0500] "GET /BLA/resoluciones/AUTOS%202021/0245.php?act=img&img=ext_txt HTTP/1.1" 200 132
47.128.28.114 - - [25/Apr/2024:05:28:15 -0500] "GET /BLA/resoluciones/AUTOS%202021/0245.php?act=img&img=ext_diz HTTP/1.1" 200 1027
47.128.28.114 - - [25/Apr/2024:05:28:15 -0500] "GET /BLA/resoluciones/AUTOS%202021/0245.php?act=img&img=ext_exe HTTP/1.1" 200 118
47.128.28.114 - - [25/Apr/2024:05:28:15 -0500] "GET /BLA/resoluciones/AUTOS%202021/0245.php?act=img&img=ext_gif HTTP/1.1" 200 175
47.128.28.114 - - [25/Apr/2024:05:28:15 -0500] "GET /BLA/resoluciones/AUTOS%202021/0245.php?act=img&img=ext_html HTTP/1.1" 200 230
47.128.28.114 - - [25/Apr/2024:05:28:15 -0500] "GET /BLA/resoluciones/AUTOS%202021/0245.php?act=img&img=ext_jar HTTP/1.1" 200 1034
3.224.220.101 - - [25/Apr/2024:05:28:15 -0500] "GET /BLA/resoluciones/RESOLUCIONES%202019/0079.pdf HTTP/1.1" 200 472162
47.128.28.114 - - [25/Apr/2024:05:28:15 -0500] "GET /BLA/resoluciones/AUTOS%202021/0245.php?act=img&img=download HTTP/1.1" 200 161
47.128.28.114 - - [25/Apr/2024:05:28:16 -0500] "GET /BLA/resoluciones/AUTOS%202021/0245.php?act=img&img=change HTTP/1.1" 200 290
47.128.28.114 - - [25/Apr/2024:05:28:16 -0500] "GET /BLA/resoluciones/AUTOS%202021/0245.php?act=img&img=ext_ini HTTP/1.1" 200 134
47.128.28.114 - - [25/Apr/2024:05:28:16 -0500] "GET /BLA/resoluciones/AUTOS%202021/0245.php?act=img&img=ext_rtf HTTP/1.1" 200 164
23.22.35.162 - - [25/Apr/2024:05:28:19 -0500] "GET /BLA/resoluciones/RESOLUCIONES%202019/0078.pdf HTTP/1.1" 200 448281
52.70.240.171 - - [25/Apr/2024:05:28:24 -0500] "GET /BLA/resoluciones/RESOLUCIONES%202019/0077.pdf HTTP/1.1" 200 372422
52.70.240.171 - - [25/Apr/2024:05:28:27 -0500] "GET /BLA/resoluciones/RESOLUCIONES%202019/0076.pdf HTTP/1.1" 200 474361
23.22.35.162 - - [25/Apr/2024:05:28:31 -0500] "GET /BLA/resoluciones/RESOLUCIONES%202019/1028.pdf HTTP/1.1" 200 572460
52.70.240.171 - - [25/Apr/2024:05:28:35 -0500] "GET /BLA/resoluciones/RESOLUCIONES%202019/0075.pdf HTTP/1.1" 200 651979
23.22.35.162 - - [25/Apr/2024:05:28:39 -0500] "GET /BLA/resoluciones/RESOLUCIONES%202019/1027.pdf HTTP/1.1" 200 1204658
47.128.56.129 - - [25/Apr/2024:05:28:39 -0500] "GET /BLA/resoluciones/AUTOS%202021/0245.php?act=f&base64=2&d=E%3A%5Cnuevo%5Chtdocs%5CResiduos%5Ccosmeticos%5Cimages%5C&f=page103_thumbnail.jpg HTTP/1.1" 200 16296
47.128.56.129 - - [25/Apr/2024:05:28:40 -0500] "GET /BLA/resoluciones/AUTOS%202021/0245.php?act=img&img=ext_txt HTTP/1.1" 200 132
47.128.56.129 - - [25/Apr/2024:05:28:40 -0500] "GET /BLA/resoluciones/AUTOS%202021/0245.php?act=img&img=ext_jpg HTTP/1.1" 200 175
47.128.56.129 - - [25/Apr/2024:05:28:40 -0500] "GET /BLA/resoluciones/AUTOS%202021/0245.php?act=img&img=ext_diz HTTP/1.1" 200 1027
47.128.56.129 - - [25/Apr/2024:05:28:40 -0500] "GET /BLA/resoluciones/AUTOS%202021/0245.php?act=img&img=ext_html HTTP/1.1" 200 230
47.128.56.129 - - [25/Apr/2024:05:28:40 -0500] "GET /BLA/resoluciones/AUTOS%202021/0245.php?act=img&img=ext_exe HTTP/1.1" 200 118
47.128.56.129 - - [25/Apr/2024:05:28:40 -0500] "GET /BLA/resoluciones/AUTOS%202021/0245.php?act=img&img=ext_gif HTTP/1.1" 200 175
47.128.56.129 - - [25/Apr/2024:05:28:40 -0500] "GET /BLA/resoluciones/AUTOS%202021/0245.php?act=img&img=ext_rtf HTTP/1.1" 200 164
47.128.56.129 - - [25/Apr/2024:05:28:40 -0500] "GET /BLA/resoluciones/AUTOS%202021/0245.php?act=img&img=download HTTP/1.1" 200 161
47.128.56.129 - - [25/Apr/2024:05:28:40 -0500] "GET /BLA/resoluciones/AUTOS%202021/0245.php?act=img&img=change HTTP/1.1" 200 290
47.128.56.129 - - [25/Apr/2024:05:28:40 -0500] "GET /BLA/resoluciones/AUTOS%202021/0245.php?act=img&img=ext_ini HTTP/1.1" 200 134
3.224.220.101 - - [25/Apr/2024:05:28:43 -0500] "GET /BLA/resoluciones/RESOLUCIONES%202019/0074.pdf HTTP/1.1" 200 314548
52.70.240.171 - - [25/Apr/2024:05:28:48 -0500] "GET /BLA/resoluciones/RESOLUCIONES%202019/1026.pdf HTTP/1.1" 200 363243
3.224.220.101 - - [25/Apr/2024:05:28:51 -0500] "GET /BLA/resoluciones/RESOLUCIONES%202019/0073.pdf HTTP/1.1" 200 371910
3.224.220.101 - - [25/Apr/2024:05:28:55 -0500] "GET /BLA/resoluciones/RESOLUCIONES%202019/0072.pdf HTTP/1.1" 200 373726
23.22.35.162 - - [25/Apr/2024:05:29:00 -0500] "GET /BLA/resoluciones/RESOLUCIONES%202019/1025.pdf HTTP/1.1" 200 378629
47.128.56.126 - - [25/Apr/2024:05:29:03 -0500] "GET /BLA/resoluciones/AUTOS%202021/0245.php?act=d&d=C%3A%5CAmbienteBogota%5Cautoliquidacion%5CSolicitud+de+Licencia+Ambiental%5C.. HTTP/1.1" 200 2784
23.22.35.162 - - [25/Apr/2024:05:29:04 -0500] "GET /BLA/resoluciones/RESOLUCIONES%202019/0071.pdf HTTP/1.1" 200 373419
66.249.66.20 - - [25/Apr/2024:05:29:06 -0500] "GET /resoluciones/RESOLUCIONES%202010/0128.pdf HTTP/1.1" 404 1018
52.70.240.171 - - [25/Apr/2024:05:29:08 -0500] "GET /BLA/resoluciones/RESOLUCIONES%202019/1024.pdf HTTP/1.1" 200 1450719
23.22.35.162 - - [25/Apr/2024:05:29:12 -0500] "GET /BLA/resoluciones/RESOLUCIONES%202019/0070.pdf HTTP/1.1" 200 372867
172.22.2.4 - - [25/Apr/2024:05:27:33 -0500] "HEAD /BLA/boletinlegal/ HTTP/1.1" 200 -
52.70.240.171 - - [25/Apr/2024:05:29:16 -0500] "GET /BLA/resoluciones/RESOLUCIONES%202019/1022.pdf HTTP/1.1" 200 1541744
201.245.192.253 - - [25/Apr/2024:05:29:17 -0500] "POST /kwsrmcab/Wsrmcab HTTP/1.1" 200 40875
52.70.240.171 - - [25/Apr/2024:05:29:19 -0500] "GET /BLA/resoluciones/RESOLUCIONES%202019/0069.pdf HTTP/1.1" 200 370621
52.70.240.171 - - [25/Apr/2024:05:29:24 -0500] "GET /BLA/resoluciones/RESOLUCIONES%202019/1021.pdf HTTP/1.1" 200 357791
47.128.49.190 - - [25/Apr/2024:05:29:27 -0500] "GET /BLA/resoluciones/AUTOS%202021/0245.php?act=f&d=E%3A%5Cnuevo%5Chtdocs%5CResiduos%5Ctextiles%5Cimages%5C&f=page105_thumbnail.jpg&imgsize=20 HTTP/1.1" 200 16184
52.70.240.171 - - [25/Apr/2024:05:29:28 -0500] "GET /BLA/resoluciones/RESOLUCIONES%202019/0068.pdf HTTP/1.1" 200 310144
47.128.49.190 - - [25/Apr/2024:05:29:28 -0500] "GET /BLA/resoluciones/AUTOS%202021/0245.php?act=img&img=ext_diz HTTP/1.1" 200 1027
47.128.49.190 - - [25/Apr/2024:05:29:28 -0500] "GET /BLA/resoluciones/AUTOS%202021/0245.php?act=img&img=ext_jpg HTTP/1.1" 200 175
47.128.49.190 - - [25/Apr/2024:05:29:28 -0500] "GET /BLA/resoluciones/AUTOS%202021/0245.php?act=img&img=ext_html HTTP/1.1" 200 230
47.128.49.190 - - [25/Apr/2024:05:29:28 -0500] "GET /BLA/resoluciones/AUTOS%202021/0245.php?act=img&img=ext_txt HTTP/1.1" 200 132
47.128.49.190 - - [25/Apr/2024:05:29:29 -0500] "GET /BLA/resoluciones/AUTOS%202021/0245.php?act=img&img=ext_exe HTTP/1.1" 200 118
47.128.49.190 - - [25/Apr/2024:05:29:29 -0500] "GET /BLA/resoluciones/AUTOS%202021/0245.php?act=img&img=ext_gif HTTP/1.1" 200 175
103.204.185.17 - - [25/Apr/2024:05:29:29 -0500] "GET / HTTP/1.1" 200 319
47.128.49.190 - - [25/Apr/2024:05:29:29 -0500] "GET /BLA/resoluciones/AUTOS%202021/0245.php?act=img&img=download HTTP/1.1" 200 161
47.128.49.190 - - [25/Apr/2024:05:29:29 -0500] "GET /BLA/resoluciones/AUTOS%202021/0245.php?act=img&img=ext_rtf HTTP/1.1" 200 164
47.128.49.190 - - [25/Apr/2024:05:29:29 -0500] "GET /BLA/resoluciones/AUTOS%202021/0245.php?act=img&img=ext_ini HTTP/1.1" 200 134
47.128.49.190 - - [25/Apr/2024:05:29:29 -0500] "GET /BLA/resoluciones/AUTOS%202021/0245.php?act=img&img=change HTTP/1.1" 200 290
52.70.240.171 - - [25/Apr/2024:05:29:33 -0500] "GET /BLA/resoluciones/RESOLUCIONES%202019/01019.pdf HTTP/1.1" 200 378697
23.22.35.162 - - [25/Apr/2024:05:29:35 -0500] "GET /BLA/resoluciones/RESOLUCIONES%202019/1018.pdf HTTP/1.1" 200 318536
23.22.35.162 - - [25/Apr/2024:05:29:39 -0500] "GET /BLA/resoluciones/RESOLUCIONES%202019/1007.pdf HTTP/1.1" 200 242101
52.70.240.171 - - [25/Apr/2024:05:29:45 -0500] "GET /BLA/resoluciones/RESOLUCIONES%202019/1005.pdf HTTP/1.1" 200 273043
3.224.220.101 - - [25/Apr/2024:05:29:47 -0500] "GET /BLA/resoluciones/RESOLUCIONES%202019/00995.pdf HTTP/1.1" 200 335870
3.224.220.101 - - [25/Apr/2024:05:29:51 -0500] "GET /BLA/resoluciones/RESOLUCIONES%202019/0994.pdf HTTP/1.1" 200 533631
47.128.114.97 - - [25/Apr/2024:05:29:51 -0500] "GET /BLA/resoluciones/AUTOS%202021/0245.php?act=f&d=E%3A%5Cxampp%5Cxampp%5Chtdocs%5Cphpscripts%5C&f=wysiwyg.js&white=1 HTTP/1.1" 200 6983
47.128.114.97 - - [25/Apr/2024:05:29:52 -0500] "GET /BLA/resoluciones/AUTOS%202021/0245.php?act=img&img=ext_exe HTTP/1.1" 200 118
47.128.114.97 - - [25/Apr/2024:05:29:52 -0500] "GET /BLA/resoluciones/AUTOS%202021/0245.php?act=img&img=change HTTP/1.1" 200 290
47.128.114.97 - - [25/Apr/2024:05:29:52 -0500] "GET /BLA/resoluciones/AUTOS%202021/0245.php?act=img&img=ext_gif HTTP/1.1" 200 175
47.128.114.97 - - [25/Apr/2024:05:29:52 -0500] "GET /BLA/resoluciones/AUTOS%202021/0245.php?act=img&img=ext_diz HTTP/1.1" 200 1027
47.128.114.97 - - [25/Apr/2024:05:29:52 -0500] "GET /BLA/resoluciones/AUTOS%202021/0245.php?act=img&img=ext_html HTTP/1.1" 200 230
47.128.114.97 - - [25/Apr/2024:05:29:52 -0500] "GET /BLA/resoluciones/AUTOS%202021/0245.php?act=img&img=ext_txt HTTP/1.1" 200 132
47.128.114.97 - - [25/Apr/2024:05:29:53 -0500] "GET /BLA/resoluciones/AUTOS%202021/0245.php?act=img&img=download HTTP/1.1" 200 161
47.128.114.97 - - [25/Apr/2024:05:29:53 -0500] "GET /BLA/resoluciones/AUTOS%202021/0245.php?act=img&img=ext_rtf HTTP/1.1" 200 164
47.128.114.97 - - [25/Apr/2024:05:29:53 -0500] "GET /BLA/resoluciones/AUTOS%202021/0245.php?act=img&img=ext_js HTTP/1.1" 200 131
47.128.114.97 - - [25/Apr/2024:05:29:53 -0500] "GET /BLA/resoluciones/AUTOS%202021/0245.php?act=img&img=ext_ini HTTP/1.1" 200 134
3.224.220.101 - - [25/Apr/2024:05:29:55 -0500] "GET /BLA/resoluciones/RESOLUCIONES%202019/0990.pdf HTTP/1.1" 200 382580
