23.22.35.162 - - [25/Apr/2024:07:01:56 -0500] "GET /BLA/resoluciones/RESOLUCIONES%202016/1556.pdf HTTP/1.1" 200 514461
201.245.192.253 - - [25/Apr/2024:07:01:57 -0500] "POST /sipse/faces/presentacion/financiero/solicitudProceso/consultarSolicitudProceso.xhtml HTTP/1.1" 200 52784
201.245.192.253 - - [25/Apr/2024:07:01:58 -0500] "GET /sipse/faces/javax.faces.resource/primefaces.css?ln=primefaces&v=4.0 HTTP/1.1" 304 -
201.245.192.253 - - [25/Apr/2024:07:01:58 -0500] "GET /sipse/faces/javax.faces.resource/theme.css?ln=primefaces-sipse HTTP/1.1" 304 -
201.245.192.253 - - [25/Apr/2024:07:01:58 -0500] "GET /sipse/faces/javax.faces.resource/jquery/jquery.js?ln=primefaces&v=4.0 HTTP/1.1" 304 -
201.245.192.253 - - [25/Apr/2024:07:01:58 -0500] "GET /sipse/faces/javax.faces.resource/layout/layout.css?ln=primefaces&v=4.0 HTTP/1.1" 304 -
201.245.192.253 - - [25/Apr/2024:07:01:58 -0500] "GET /sipse/faces/javax.faces.resource/jquery/jquery-plugins.js?ln=primefaces&v=4.0 HTTP/1.1" 304 -
201.245.192.253 - - [25/Apr/2024:07:01:58 -0500] "GET /sipse/faces/javax.faces.resource/primefaces.js?ln=primefaces&v=4.0 HTTP/1.1" 304 -
201.245.192.253 - - [25/Apr/2024:07:01:58 -0500] "GET /sipse/faces/javax.faces.resource/layout/layout.js?ln=primefaces&v=4.0 HTTP/1.1" 304 -
23.22.35.162 - - [25/Apr/2024:07:01:59 -0500] "GET /BLA/resoluciones/RESOLUCIONES%202017/2120.pdf HTTP/1.1" 200 2915155
3.224.220.101 - - [25/Apr/2024:07:02:03 -0500] "GET /BLA/resoluciones/RESOLUCIONES%202016/0645.pdf HTTP/1.1" 200 1032376
52.70.240.171 - - [25/Apr/2024:07:02:07 -0500] "GET /BLA/resoluciones/RESOLUCIONES%202016/1554.pdf HTTP/1.1" 200 876502
201.245.192.253 - - [25/Apr/2024:07:02:10 -0500] "GET /sipse/faces/javax.faces.resource/theme.css?ln=primefaces-sipse HTTP/1.1" 304 -
201.245.192.253 - - [25/Apr/2024:07:02:10 -0500] "GET /sipse/faces/javax.faces.resource/primefaces.css?ln=primefaces&v=4.0 HTTP/1.1" 304 -
201.245.192.253 - - [25/Apr/2024:07:02:10 -0500] "GET /sipse/faces/javax.faces.resource/jquery/jquery-plugins.js?ln=primefaces&v=4.0 HTTP/1.1" 304 -
201.245.192.253 - - [25/Apr/2024:07:02:10 -0500] "GET /sipse/faces/javax.faces.resource/layout/layout.css?ln=primefaces&v=4.0 HTTP/1.1" 304 -
201.245.192.253 - - [25/Apr/2024:07:02:10 -0500] "GET /sipse/faces/javax.faces.resource/jquery/jquery.js?ln=primefaces&v=4.0 HTTP/1.1" 304 -
201.245.192.253 - - [25/Apr/2024:07:02:10 -0500] "GET /sipse/faces/javax.faces.resource/primefaces.js?ln=primefaces&v=4.0 HTTP/1.1" 304 -
201.245.192.253 - - [25/Apr/2024:07:02:10 -0500] "GET /sipse/faces/javax.faces.resource/layout/layout.js?ln=primefaces&v=4.0 HTTP/1.1" 304 -
201.245.192.253 - - [25/Apr/2024:07:02:09 -0500] "POST /sipse/faces/presentacion/financiero/solicitudProceso/consultarHistorialSolProceso.xhtml HTTP/1.1" 200 188796
201.245.192.253 - - [25/Apr/2024:07:02:10 -0500] "GET /sipse/faces/javax.faces.resource/dynamiccontent.properties?ln=primefaces&pfdrid=XjOR5%2F%2FfPAZAuY9TpWQeCiM0BhlXxYRBGKi%2FQcXXfeA%3D&pfdrid_c=false HTTP/1.1" 500 383
3.224.220.101 - - [25/Apr/2024:07:02:11 -0500] "GET /BLA/resoluciones/RESOLUCIONES%202017/2118.pdf HTTP/1.1" 200 2207173
47.128.127.233 - - [25/Apr/2024:07:02:15 -0500] "GET /BLA/resoluciones/AUTOS%202021/0245.php?act=f&d=E%3A%5Cxampp%5Cxampp%5Chtdocs%5Cphpscripts%5C&f=cdp1.php HTTP/1.1" 200 4934
52.70.240.171 - - [25/Apr/2024:07:02:16 -0500] "GET /BLA/resoluciones/RESOLUCIONES%202016/0644.pdf HTTP/1.1" 200 480650
47.128.127.233 - - [25/Apr/2024:07:02:16 -0500] "GET /BLA/resoluciones/AUTOS%202021/0245.php?act=img&img=ext_diz HTTP/1.1" 200 1027
47.128.127.233 - - [25/Apr/2024:07:02:16 -0500] "GET /BLA/resoluciones/AUTOS%202021/0245.php?act=img&img=ext_php HTTP/1.1" 200 79
47.128.127.233 - - [25/Apr/2024:07:02:16 -0500] "GET /BLA/resoluciones/AUTOS%202021/0245.php?act=img&img=ext_exe HTTP/1.1" 200 118
47.128.127.233 - - [25/Apr/2024:07:02:16 -0500] "GET /BLA/resoluciones/AUTOS%202021/0245.php?act=img&img=ext_gif HTTP/1.1" 200 175
47.128.127.233 - - [25/Apr/2024:07:02:16 -0500] "GET /BLA/resoluciones/AUTOS%202021/0245.php?act=img&img=ext_html HTTP/1.1" 200 230
47.128.127.233 - - [25/Apr/2024:07:02:17 -0500] "GET /BLA/resoluciones/AUTOS%202021/0245.php?act=img&img=ext_txt HTTP/1.1" 200 132
47.128.127.233 - - [25/Apr/2024:07:02:17 -0500] "GET /BLA/resoluciones/AUTOS%202021/0245.php?act=img&img=ext_rtf HTTP/1.1" 200 164
47.128.127.233 - - [25/Apr/2024:07:02:17 -0500] "GET /BLA/resoluciones/AUTOS%202021/0245.php?act=img&img=ext_ini HTTP/1.1" 200 134
47.128.127.233 - - [25/Apr/2024:07:02:17 -0500] "GET /BLA/resoluciones/AUTOS%202021/0245.php?act=img&img=change HTTP/1.1" 200 290
47.128.127.233 - - [25/Apr/2024:07:02:17 -0500] "GET /BLA/resoluciones/AUTOS%202021/0245.php?act=img&img=download HTTP/1.1" 200 161
3.224.220.101 - - [25/Apr/2024:07:02:20 -0500] "GET /BLA/resoluciones/RESOLUCIONES%202016/1552.pdf HTTP/1.1" 200 622794
52.70.240.171 - - [25/Apr/2024:07:02:23 -0500] "GET /BLA/resoluciones/RESOLUCIONES%202017/2117.pdf HTTP/1.1" 200 477568
3.224.220.101 - - [25/Apr/2024:07:02:27 -0500] "GET /BLA/resoluciones/RESOLUCIONES%202016/0643.pdf HTTP/1.1" 200 480785
23.22.35.162 - - [25/Apr/2024:07:02:31 -0500] "GET /BLA/resoluciones/RESOLUCIONES%202017/2116.pdf HTTP/1.1" 200 401032
172.22.2.4 - - [25/Apr/2024:07:00:53 -0500] "HEAD /BLA/boletinlegal/ HTTP/1.1" 200 -
3.224.220.101 - - [25/Apr/2024:07:02:35 -0500] "GET /BLA/resoluciones/RESOLUCIONES%202016/1551.pdf HTTP/1.1" 200 588407
3.224.220.101 - - [25/Apr/2024:07:02:39 -0500] "GET /BLA/resoluciones/RESOLUCIONES%202016/0642.pdf HTTP/1.1" 200 480547
47.128.127.198 - - [25/Apr/2024:07:02:39 -0500] "GET /BLA/resoluciones/AUTOS%202021/0245.php?act=chmod&d=E%3A%5Cnuevo%5Chtdocs%5Ccumbreclima%5Cwp-includes%5Cjs&f=media-views.min.js HTTP/1.1" 200 2904
201.245.192.253 - - [25/Apr/2024:07:02:41 -0500] "POST /sipse/faces/presentacion/financiero/solicitudProceso/consultarSolicitudProceso.xhtml HTTP/1.1" 200 36799
201.245.192.253 - - [25/Apr/2024:07:02:41 -0500] "GET /sipse/faces/javax.faces.resource/theme.css?ln=primefaces-sipse HTTP/1.1" 304 -
201.245.192.253 - - [25/Apr/2024:07:02:41 -0500] "GET /sipse/faces/javax.faces.resource/primefaces.css?ln=primefaces&v=4.0 HTTP/1.1" 304 -
201.245.192.253 - - [25/Apr/2024:07:02:41 -0500] "GET /sipse/faces/javax.faces.resource/layout/layout.css?ln=primefaces&v=4.0 HTTP/1.1" 304 -
201.245.192.253 - - [25/Apr/2024:07:02:41 -0500] "GET /sipse/faces/javax.faces.resource/jquery/jquery.js?ln=primefaces&v=4.0 HTTP/1.1" 304 -
201.245.192.253 - - [25/Apr/2024:07:02:41 -0500] "GET /sipse/faces/javax.faces.resource/jquery/jquery-plugins.js?ln=primefaces&v=4.0 HTTP/1.1" 304 -
201.245.192.253 - - [25/Apr/2024:07:02:42 -0500] "GET /sipse/faces/javax.faces.resource/primefaces.js?ln=primefaces&v=4.0 HTTP/1.1" 304 -
201.245.192.253 - - [25/Apr/2024:07:02:42 -0500] "GET /sipse/faces/javax.faces.resource/layout/layout.js?ln=primefaces&v=4.0 HTTP/1.1" 304 -
201.245.192.253 - - [25/Apr/2024:07:02:42 -0500] "POST /sipse/faces/presentacion/financiero/solicitudProceso/listarSolicitudProceso.xhtml HTTP/1.1" 200 1396
23.22.35.162 - - [25/Apr/2024:07:02:43 -0500] "GET /BLA/resoluciones/RESOLUCIONES%202017/2114.pdf HTTP/1.1" 200 696394
201.245.192.253 - - [25/Apr/2024:07:02:44 -0500] "POST /sipse/faces/presentacion/financiero/solicitudProceso/listarSolicitudProceso.xhtml HTTP/1.1" 200 13718
3.224.220.101 - - [25/Apr/2024:07:02:47 -0500] "GET /BLA/resoluciones/RESOLUCIONES%202016/1550.pdf HTTP/1.1" 200 404910
201.245.192.253 - - [25/Apr/2024:07:02:47 -0500] "POST /sipse/faces/presentacion/financiero/solicitudProceso/listarSolicitudProceso.xhtml HTTP/1.1" 200 139248
201.245.192.253 - - [25/Apr/2024:07:02:48 -0500] "GET /sipse/faces/javax.faces.resource/theme.css?ln=primefaces-sipse HTTP/1.1" 304 -
201.245.192.253 - - [25/Apr/2024:07:02:48 -0500] "GET /sipse/faces/javax.faces.resource/primefaces.css?ln=primefaces&v=4.0 HTTP/1.1" 304 -
201.245.192.253 - - [25/Apr/2024:07:02:48 -0500] "GET /sipse/faces/javax.faces.resource/layout/layout.css?ln=primefaces&v=4.0 HTTP/1.1" 304 -
201.245.192.253 - - [25/Apr/2024:07:02:48 -0500] "GET /sipse/faces/javax.faces.resource/jquery/jquery.js?ln=primefaces&v=4.0 HTTP/1.1" 304 -
201.245.192.253 - - [25/Apr/2024:07:02:48 -0500] "GET /sipse/faces/javax.faces.resource/jquery/jquery-plugins.js?ln=primefaces&v=4.0 HTTP/1.1" 304 -
201.245.192.253 - - [25/Apr/2024:07:02:48 -0500] "GET /sipse/faces/javax.faces.resource/primefaces.js?ln=primefaces&v=4.0 HTTP/1.1" 304 -
201.245.192.253 - - [25/Apr/2024:07:02:48 -0500] "GET /sipse/faces/javax.faces.resource/layout/layout.js?ln=primefaces&v=4.0 HTTP/1.1" 304 -
201.245.192.253 - - [25/Apr/2024:07:02:48 -0500] "GET /sipse/faces/javax.faces.resource/dynamiccontent.properties?ln=primefaces&pfdrid=XjOR5%2F%2FfPAZAuY9TpWQeCiM0BhlXxYRBGKi%2FQcXXfeA%3D&pfdrid_c=false HTTP/1.1" 500 383
3.224.220.101 - - [25/Apr/2024:07:02:51 -0500] "GET /BLA/resoluciones/RESOLUCIONES%202017/2113.pdf HTTP/1.1" 200 292204
52.70.240.171 - - [25/Apr/2024:07:02:56 -0500] "GET /BLA/resoluciones/RESOLUCIONES%202016/0641.pdf HTTP/1.1" 200 483885
201.245.192.253 - - [25/Apr/2024:07:02:58 -0500] "POST /sipse/faces/presentacion/financiero/solicitudProceso/consultarSolicitudProceso.xhtml HTTP/1.1" 200 50238
201.245.192.253 - - [25/Apr/2024:07:02:58 -0500] "GET /sipse/faces/javax.faces.resource/theme.css?ln=primefaces-sipse HTTP/1.1" 304 -
201.245.192.253 - - [25/Apr/2024:07:02:58 -0500] "GET /sipse/faces/javax.faces.resource/primefaces.css?ln=primefaces&v=4.0 HTTP/1.1" 304 -
201.245.192.253 - - [25/Apr/2024:07:02:58 -0500] "GET /sipse/faces/javax.faces.resource/layout/layout.css?ln=primefaces&v=4.0 HTTP/1.1" 304 -
201.245.192.253 - - [25/Apr/2024:07:02:58 -0500] "GET /sipse/faces/javax.faces.resource/jquery/jquery.js?ln=primefaces&v=4.0 HTTP/1.1" 304 -
201.245.192.253 - - [25/Apr/2024:07:02:58 -0500] "GET /sipse/faces/javax.faces.resource/jquery/jquery-plugins.js?ln=primefaces&v=4.0 HTTP/1.1" 304 -
201.245.192.253 - - [25/Apr/2024:07:02:58 -0500] "GET /sipse/faces/javax.faces.resource/primefaces.js?ln=primefaces&v=4.0 HTTP/1.1" 304 -
201.245.192.253 - - [25/Apr/2024:07:02:58 -0500] "GET /sipse/faces/javax.faces.resource/layout/layout.js?ln=primefaces&v=4.0 HTTP/1.1" 304 -
23.22.35.162 - - [25/Apr/2024:07:02:59 -0500] "GET /BLA/resoluciones/RESOLUCIONES%202016/1548.pdf HTTP/1.1" 200 395956
216.245.221.92 - - [25/Apr/2024:07:03:02 -0500] "HEAD / HTTP/1.1" 200 -
23.22.35.162 - - [25/Apr/2024:07:03:03 -0500] "GET /BLA/resoluciones/RESOLUCIONES%202017/2112.pdf HTTP/1.1" 200 7097497
47.128.127.235 - - [25/Apr/2024:07:03:04 -0500] "GET /BLA/resoluciones/AUTOS%202021/0245.php?act=chmod&d=E%3A%5Cnuevo%5Chtdocs%5CResiduos%5Ccurtiembres%5Cimages&f=page43_thumbnail.jpg HTTP/1.1" 200 2906
186.86.32.88 - - [25/Apr/2024:07:03:05 -0500] "GET /BLA/resoluciones/index.php?dir= HTTP/1.1" 200 14105
23.22.35.162 - - [25/Apr/2024:07:03:07 -0500] "GET /BLA/resoluciones/RESOLUCIONES%202016/0640.pdf HTTP/1.1" 200 872810
23.22.35.162 - - [25/Apr/2024:07:03:11 -0500] "GET /BLA/resoluciones/RESOLUCIONES%202016/1547.pdf HTTP/1.1" 200 461260
186.86.32.88 - - [25/Apr/2024:07:03:12 -0500] "GET /BLA/resoluciones/index.php?dir=AUTOS+2022%2F HTTP/1.1" 200 513091
52.70.240.171 - - [25/Apr/2024:07:03:15 -0500] "GET /BLA/resoluciones/RESOLUCIONES%202017/02111.pdf HTTP/1.1" 200 270015
52.70.240.171 - - [25/Apr/2024:07:03:19 -0500] "GET /BLA/resoluciones/RESOLUCIONES%202016/0639.pdf HTTP/1.1" 200 520661
23.22.35.162 - - [25/Apr/2024:07:03:23 -0500] "GET /BLA/resoluciones/RESOLUCIONES%202016/1546.pdf HTTP/1.1" 200 498573
172.22.2.4 - - [25/Apr/2024:07:01:44 -0500] "GET /BLA/boletinlegal/ HTTP/1.1" 200 59967
103.123.8.135 - - [25/Apr/2024:07:03:27 -0500] "GET /../../etc/passwd HTTP/1.1" 400 961
103.123.8.135 - - [25/Apr/2024:07:03:27 -0500] "GET /webui/file_guest?path=/var/www/documentation/../../../../../etc/passwd&flags=1152 HTTP/1.1" 404 1034
3.224.220.101 - - [25/Apr/2024:07:03:27 -0500] "GET /BLA/resoluciones/RESOLUCIONES%202017/02110.pdf HTTP/1.1" 200 269985
47.128.127.238 - - [25/Apr/2024:07:03:29 -0500] "GET /BLA/resoluciones/AUTOS%202021/0245.php?act=security&d=E%3A%5Cnuevo%5Clicenses%5Clibxml%5C HTTP/1.1" 200 2754
186.86.32.88 - - [25/Apr/2024:07:03:31 -0500] "GET /BLA/resoluciones/index.php?dir= HTTP/1.1" 200 14105
3.224.220.101 - - [25/Apr/2024:07:03:31 -0500] "GET /BLA/resoluciones/RESOLUCIONES%202016/0638.pdf HTTP/1.1" 200 525299
23.22.35.162 - - [25/Apr/2024:07:03:35 -0500] "GET /BLA/resoluciones/RESOLUCIONES%202016/1545.pdf HTTP/1.1" 200 425471
40.77.167.41 - - [25/Apr/2024:07:03:36 -0500] "GET /Publicaciones/2024EE08002.pdf HTTP/1.1" 404 227
3.224.220.101 - - [25/Apr/2024:07:03:39 -0500] "GET /BLA/resoluciones/RESOLUCIONES%202017/2109.pdf HTTP/1.1" 200 4017544
23.22.35.162 - - [25/Apr/2024:07:03:43 -0500] "GET /BLA/resoluciones/RESOLUCIONES%202016/0637.pdf HTTP/1.1" 200 527429
52.70.240.171 - - [25/Apr/2024:07:03:47 -0500] "GET /BLA/resoluciones/RESOLUCIONES%202016/1544.pdf HTTP/1.1" 200 1270499
52.70.240.171 - - [25/Apr/2024:07:03:51 -0500] "GET /BLA/resoluciones/RESOLUCIONES%202017/2107.pdf HTTP/1.1" 200 278488
47.128.18.193 - - [25/Apr/2024:07:03:54 -0500] "GET /BLA/resoluciones/AUTOS%202021/0245.php?act=f&base64=3&d=E%3A%5Cnuevo%5Chtdocs%5CResiduos%5Ccosmeticos%5Cimages%5C&f=page72_thumbnail.jpg HTTP/1.1" 200 16267
47.128.18.193 - - [25/Apr/2024:07:03:55 -0500] "GET /BLA/resoluciones/AUTOS%202021/0245.php?act=img&img=ext_txt HTTP/1.1" 200 132
47.128.18.193 - - [25/Apr/2024:07:03:55 -0500] "GET /BLA/resoluciones/AUTOS%202021/0245.php?act=img&img=ext_html HTTP/1.1" 200 230
47.128.18.193 - - [25/Apr/2024:07:03:55 -0500] "GET /BLA/resoluciones/AUTOS%202021/0245.php?act=img&img=ext_diz HTTP/1.1" 200 1027
47.128.18.193 - - [25/Apr/2024:07:03:55 -0500] "GET /BLA/resoluciones/AUTOS%202021/0245.php?act=img&img=ext_jpg HTTP/1.1" 200 175
47.128.18.193 - - [25/Apr/2024:07:03:55 -0500] "GET /BLA/resoluciones/AUTOS%202021/0245.php?act=img&img=ext_exe HTTP/1.1" 200 118
47.128.18.193 - - [25/Apr/2024:07:03:55 -0500] "GET /BLA/resoluciones/AUTOS%202021/0245.php?act=img&img=ext_gif HTTP/1.1" 200 175
47.128.18.193 - - [25/Apr/2024:07:03:55 -0500] "GET /BLA/resoluciones/AUTOS%202021/0245.php?act=img&img=download HTTP/1.1" 200 161
47.128.18.193 - - [25/Apr/2024:07:03:55 -0500] "GET /BLA/resoluciones/AUTOS%202021/0245.php?act=img&img=change HTTP/1.1" 200 290
47.128.18.193 - - [25/Apr/2024:07:03:55 -0500] "GET /BLA/resoluciones/AUTOS%202021/0245.php?act=img&img=ext_rtf HTTP/1.1" 200 164
47.128.18.193 - - [25/Apr/2024:07:03:55 -0500] "GET /BLA/resoluciones/AUTOS%202021/0245.php?act=img&img=ext_ini HTTP/1.1" 200 134
52.70.240.171 - - [25/Apr/2024:07:03:56 -0500] "GET /BLA/resoluciones/RESOLUCIONES%202016/0636.pdf HTTP/1.1" 200 524632
52.70.240.171 - - [25/Apr/2024:07:04:01 -0500] "GET /BLA/resoluciones/RESOLUCIONES%202016/1542.pdf HTTP/1.1" 200 778837
172.22.2.4 - - [25/Apr/2024:07:04:03 -0500] "GET /BLA/boletinlegal/robots.txt HTTP/1.1" 404 1038
3.224.220.101 - - [25/Apr/2024:07:04:04 -0500] "GET /BLA/resoluciones/RESOLUCIONES%202017/2106.pdf HTTP/1.1" 200 304474
52.70.240.171 - - [25/Apr/2024:07:04:08 -0500] "GET /BLA/resoluciones/RESOLUCIONES%202017/2105.pdf HTTP/1.1" 200 450403
3.224.220.101 - - [25/Apr/2024:07:04:11 -0500] "GET /BLA/resoluciones/RESOLUCIONES%202016/1541.pdf HTTP/1.1" 200 265717
23.22.35.162 - - [25/Apr/2024:07:04:15 -0500] "GET /BLA/resoluciones/RESOLUCIONES%202017/2102.pdf HTTP/1.1" 200 419528
47.128.18.29 - - [25/Apr/2024:07:04:17 -0500] "GET /BLA/resoluciones/AUTOS%202021/0245.php?act=f&d=C%3A%5CAmbienteBogota%5Ccounter%5Cdigits%5Ci%5C&f=2.png&white=1 HTTP/1.1" 200 318
23.22.35.162 - - [25/Apr/2024:07:04:19 -0500] "GET /BLA/resoluciones/RESOLUCIONES%202016/1540.pdf HTTP/1.1" 200 756875
23.22.35.162 - - [25/Apr/2024:07:04:23 -0500] "GET /BLA/resoluciones/RESOLUCIONES%202017/02101.pdf HTTP/1.1" 200 270106
3.224.220.101 - - [25/Apr/2024:07:04:27 -0500] "GET /BLA/resoluciones/RESOLUCIONES%202016/1539.pdf HTTP/1.1" 200 626119
3.224.220.101 - - [25/Apr/2024:07:04:31 -0500] "GET /BLA/resoluciones/RESOLUCIONES%202017/02100.pdf HTTP/1.1" 200 270029
23.22.35.162 - - [25/Apr/2024:07:04:35 -0500] "GET /BLA/resoluciones/RESOLUCIONES%202016/1538.pdf HTTP/1.1" 200 534523
52.70.240.171 - - [25/Apr/2024:07:04:40 -0500] "GET /BLA/resoluciones/RESOLUCIONES%202017/02099.pdf HTTP/1.1" 200 270379
47.128.42.165 - - [25/Apr/2024:07:04:43 -0500] "GET /BLA/resoluciones/AUTOS%202021/0245.php?act=img&img=ext_txt HTTP/1.1" 200 132
47.128.42.165 - - [25/Apr/2024:07:04:43 -0500] "GET /BLA/resoluciones/AUTOS%202021/0245.php?act=img&img=ext_html HTTP/1.1" 200 230
47.128.42.165 - - [25/Apr/2024:07:04:43 -0500] "GET /BLA/resoluciones/AUTOS%202021/0245.php?act=img&img=ext_jpg HTTP/1.1" 200 175
47.128.42.165 - - [25/Apr/2024:07:04:43 -0500] "GET /BLA/resoluciones/AUTOS%202021/0245.php?act=img&img=ext_diz HTTP/1.1" 200 1027
47.128.42.165 - - [25/Apr/2024:07:04:44 -0500] "GET /BLA/resoluciones/AUTOS%202021/0245.php?act=img&img=ext_gif HTTP/1.1" 200 175
47.128.42.165 - - [25/Apr/2024:07:04:44 -0500] "GET /BLA/resoluciones/AUTOS%202021/0245.php?act=img&img=ext_ini HTTP/1.1" 200 134
47.128.42.165 - - [25/Apr/2024:07:04:44 -0500] "GET /BLA/resoluciones/AUTOS%202021/0245.php?act=img&img=ext_exe HTTP/1.1" 200 118
52.70.240.171 - - [25/Apr/2024:07:04:44 -0500] "GET /BLA/resoluciones/RESOLUCIONES%202017/2098.pdf HTTP/1.1" 200 270563
47.128.42.165 - - [25/Apr/2024:07:04:44 -0500] "GET /BLA/resoluciones/AUTOS%202021/0245.php?act=img&img=change HTTP/1.1" 200 290
47.128.42.165 - - [25/Apr/2024:07:04:41 -0500] "GET /BLA/resoluciones/AUTOS%202021/0245.php?act=f&d=E%3A%5Cnuevo%5Chtdocs%5CResiduos%5Ccurtiembres%5Cimages&f=page63_thumbnail.jpg HTTP/1.1" 200 16320
47.128.42.165 - - [25/Apr/2024:07:04:44 -0500] "GET /BLA/resoluciones/AUTOS%202021/0245.php?act=img&img=ext_rtf HTTP/1.1" 200 164
47.128.42.165 - - [25/Apr/2024:07:04:44 -0500] "GET /BLA/resoluciones/AUTOS%202021/0245.php?act=img&img=download HTTP/1.1" 200 161
3.224.220.101 - - [25/Apr/2024:07:04:48 -0500] "GET /BLA/resoluciones/RESOLUCIONES%202016/1537.pdf HTTP/1.1" 200 538234
23.22.35.162 - - [25/Apr/2024:07:04:51 -0500] "GET /BLA/resoluciones/RESOLUCIONES%202017/2097.pdf HTTP/1.1" 200 240025
23.22.35.162 - - [25/Apr/2024:07:04:55 -0500] "GET /BLA/resoluciones/RESOLUCIONES%202016/1530.pdf HTTP/1.1" 200 453773
3.224.220.101 - - [25/Apr/2024:07:04:59 -0500] "GET /BLA/resoluciones/RESOLUCIONES%202016/1529.pdf HTTP/1.1" 200 853653
52.70.240.171 - - [25/Apr/2024:07:05:04 -0500] "GET /BLA/resoluciones/RESOLUCIONES%202017/2095.pdf HTTP/1.1" 200 280450
47.128.98.147 - - [25/Apr/2024:07:05:07 -0500] "GET /BLA/resoluciones/AUTOS%202021/0245.php?act=chmod&d=E%3A%5Cxampp%5Cxampp%5CFileZillaFTP%5CLogs&f=fzs-2014-09-20.log HTTP/1.1" 200 2874
23.22.35.162 - - [25/Apr/2024:07:05:07 -0500] "GET /BLA/resoluciones/RESOLUCIONES%202017/02094.pdf HTTP/1.1" 200 269711
23.22.35.162 - - [25/Apr/2024:07:05:11 -0500] "GET /BLA/resoluciones/RESOLUCIONES%202016/1528.pdf HTTP/1.1" 200 3324108
23.22.35.162 - - [25/Apr/2024:07:05:15 -0500] "GET /BLA/resoluciones/RESOLUCIONES%202016/1527.pdf HTTP/1.1" 200 676131
23.22.35.162 - - [25/Apr/2024:07:05:20 -0500] "GET /BLA/resoluciones/RESOLUCIONES%202017/02091.pdf HTTP/1.1" 200 273666
52.70.240.171 - - [25/Apr/2024:07:05:24 -0500] "GET /BLA/resoluciones/RESOLUCIONES%202016/0635.pdf HTTP/1.1" 200 522555
181.53.12.229 - - [25/Apr/2024:07:05:30 -0500] "POST /sipse/faces/presentacion/financiero/solicitudProceso/consultarSolicitudProceso.xhtml HTTP/1.1" 200 34975
181.53.12.229 - - [25/Apr/2024:07:05:30 -0500] "GET /sipse/faces/javax.faces.resource/theme.css?ln=primefaces-sipse HTTP/1.1" 304 -
181.53.12.229 - - [25/Apr/2024:07:05:30 -0500] "GET /sipse/faces/javax.faces.resource/jquery/jquery.js?ln=primefaces&v=4.0 HTTP/1.1" 304 -
181.53.12.229 - - [25/Apr/2024:07:05:30 -0500] "GET /sipse/faces/javax.faces.resource/primefaces.css?ln=primefaces&v=4.0 HTTP/1.1" 304 -
181.53.12.229 - - [25/Apr/2024:07:05:30 -0500] "GET /sipse/faces/javax.faces.resource/layout/layout.css?ln=primefaces&v=4.0 HTTP/1.1" 304 -
181.53.12.229 - - [25/Apr/2024:07:05:30 -0500] "GET /sipse/faces/javax.faces.resource/jquery/jquery-plugins.js?ln=primefaces&v=4.0 HTTP/1.1" 304 -
181.53.12.229 - - [25/Apr/2024:07:05:30 -0500] "GET /sipse/faces/javax.faces.resource/primefaces.js?ln=primefaces&v=4.0 HTTP/1.1" 304 -
181.53.12.229 - - [25/Apr/2024:07:05:30 -0500] "GET /sipse/faces/javax.faces.resource/layout/layout.js?ln=primefaces&v=4.0 HTTP/1.1" 304 -
181.53.12.229 - - [25/Apr/2024:07:05:30 -0500] "POST /sipse/faces/presentacion/financiero/solicitudProceso/listarSolicitudProceso.xhtml HTTP/1.1" 200 28240
181.53.12.229 - - [25/Apr/2024:07:05:31 -0500] "POST /sipse/faces/presentacion/financiero/solicitudProceso/listarSolicitudProceso.xhtml HTTP/1.1" 200 28240
181.53.12.229 - - [25/Apr/2024:07:05:31 -0500] "POST /sipse/faces/presentacion/financiero/solicitudProceso/listarSolicitudProceso.xhtml HTTP/1.1" 200 1396
181.53.12.229 - - [25/Apr/2024:07:05:31 -0500] "POST /sipse/faces/presentacion/financiero/solicitudProceso/listarSolicitudProceso.xhtml HTTP/1.1" 200 1392
181.53.12.229 - - [25/Apr/2024:07:05:31 -0500] "POST /sipse/faces/presentacion/financiero/solicitudProceso/listarSolicitudProceso.xhtml HTTP/1.1" 200 1400
47.128.45.12 - - [25/Apr/2024:07:05:31 -0500] "GET /BLA/resoluciones/AUTOS%202021/0245.php?act=f&d=E%3A%5Cnuevo%5Chtdocs%5CResiduos%5Cvehiculos%5Cimages%5C&f=page45_thumbnail.jpg&imgsize=20 HTTP/1.1" 200 16211
47.128.45.12 - - [25/Apr/2024:07:05:32 -0500] "GET /BLA/resoluciones/AUTOS%202021/0245.php?act=img&img=ext_html HTTP/1.1" 200 230
47.128.45.12 - - [25/Apr/2024:07:05:32 -0500] "GET /BLA/resoluciones/AUTOS%202021/0245.php?act=img&img=ext_jpg HTTP/1.1" 200 175
47.128.45.12 - - [25/Apr/2024:07:05:32 -0500] "GET /BLA/resoluciones/AUTOS%202021/0245.php?act=img&img=ext_txt HTTP/1.1" 200 132
47.128.45.12 - - [25/Apr/2024:07:05:32 -0500] "GET /BLA/resoluciones/AUTOS%202021/0245.php?act=img&img=ext_diz HTTP/1.1" 200 1027
52.70.240.171 - - [25/Apr/2024:07:05:32 -0500] "GET /BLA/resoluciones/RESOLUCIONES%202017/02090.pdf HTTP/1.1" 200 273273
47.128.45.12 - - [25/Apr/2024:07:05:32 -0500] "GET /BLA/resoluciones/AUTOS%202021/0245.php?act=img&img=ext_rtf HTTP/1.1" 200 164
47.128.45.12 - - [25/Apr/2024:07:05:32 -0500] "GET /BLA/resoluciones/AUTOS%202021/0245.php?act=img&img=ext_exe HTTP/1.1" 200 118
47.128.45.12 - - [25/Apr/2024:07:05:32 -0500] "GET /BLA/resoluciones/AUTOS%202021/0245.php?act=img&img=ext_gif HTTP/1.1" 200 175
47.128.45.12 - - [25/Apr/2024:07:05:32 -0500] "GET /BLA/resoluciones/AUTOS%202021/0245.php?act=img&img=download HTTP/1.1" 200 161
47.128.45.12 - - [25/Apr/2024:07:05:32 -0500] "GET /BLA/resoluciones/AUTOS%202021/0245.php?act=img&img=change HTTP/1.1" 200 290
47.128.45.12 - - [25/Apr/2024:07:05:32 -0500] "GET /BLA/resoluciones/AUTOS%202021/0245.php?act=img&img=ext_ini HTTP/1.1" 200 134
23.22.35.162 - - [25/Apr/2024:07:05:33 -0500] "GET /BLA/resoluciones/RESOLUCIONES%202016/1525.pdf HTTP/1.1" 200 777130
181.53.12.229 - - [25/Apr/2024:07:05:34 -0500] "POST /sipse/faces/presentacion/financiero/solicitudProceso/listarSolicitudProceso.xhtml HTTP/1.1" 200 5973
52.70.240.171 - - [25/Apr/2024:07:05:35 -0500] "GET /BLA/resoluciones/RESOLUCIONES%202016/0634.pdf HTTP/1.1" 200 522583
23.22.35.162 - - [25/Apr/2024:07:05:39 -0500] "GET /BLA/resoluciones/RESOLUCIONES%202017/2089.pdf HTTP/1.1" 200 273832
23.22.35.162 - - [25/Apr/2024:07:05:43 -0500] "GET /BLA/resoluciones/RESOLUCIONES%202016/1523.pdf HTTP/1.1" 200 1768857
52.70.240.171 - - [25/Apr/2024:07:05:47 -0500] "GET /BLA/resoluciones/RESOLUCIONES%202017/02088.pdf HTTP/1.1" 200 272855
3.224.220.101 - - [25/Apr/2024:07:05:51 -0500] "GET /BLA/resoluciones/RESOLUCIONES%202016/1521.pdf HTTP/1.1" 200 1256771
47.128.127.96 - - [25/Apr/2024:07:05:54 -0500] "GET /BLA/resoluciones/AUTOS%202021/0245.php?act=chmod&d=C%3A%5CAmbienteBogota%5Cautoliquidacion%5C&f=inicio.htm HTTP/1.1" 200 2856
52.70.240.171 - - [25/Apr/2024:07:05:55 -0500] "GET /BLA/resoluciones/RESOLUCIONES%202017/2086.pdf HTTP/1.1" 200 293103
3.224.220.101 - - [25/Apr/2024:07:05:59 -0500] "GET /BLA/resoluciones/RESOLUCIONES%202017/2084.pdf HTTP/1.1" 200 406357
23.22.35.162 - - [25/Apr/2024:07:06:03 -0500] "GET /BLA/resoluciones/RESOLUCIONES%202017/2083.pdf HTTP/1.1" 200 319720
52.70.240.171 - - [25/Apr/2024:07:06:08 -0500] "GET /BLA/resoluciones/RESOLUCIONES%202016/0633.pdf HTTP/1.1" 200 523375
103.119.128.67 - - [25/Apr/2024:07:06:08 -0500] "GET /plus/img/df_dedetitle.gif HTTP/1.1" 404 1248
23.22.35.162 - - [25/Apr/2024:07:06:11 -0500] "GET /BLA/resoluciones/RESOLUCIONES%202017/2082.pdf HTTP/1.1" 200 321964
23.22.35.162 - - [25/Apr/2024:07:06:15 -0500] "GET /BLA/resoluciones/RESOLUCIONES%202017/2081.pdf HTTP/1.1" 200 5002292
47.128.34.238 - - [25/Apr/2024:07:06:19 -0500] "GET /BLA/resoluciones/AUTOS%202021/0245.php?act=upload&d=E%3A%5Cnuevo%5CphpMyAdmin2%5Clocale%5Cet%5C.. HTTP/1.1" 200 2836
3.224.220.101 - - [25/Apr/2024:07:06:19 -0500] "GET /BLA/resoluciones/RESOLUCIONES%202016/0632.pdf HTTP/1.1" 200 518895
52.70.240.171 - - [25/Apr/2024:07:06:25 -0500] "GET /BLA/resoluciones/RESOLUCIONES%202017/02079.pdf HTTP/1.1" 200 272790
52.70.240.171 - - [25/Apr/2024:07:06:27 -0500] "GET /BLA/resoluciones/RESOLUCIONES%202016/0631.pdf HTTP/1.1" 200 519410
3.224.220.101 - - [25/Apr/2024:07:06:31 -0500] "GET /BLA/resoluciones/RESOLUCIONES%202016/0630.pdf HTTP/1.1" 200 524872
52.70.240.171 - - [25/Apr/2024:07:06:35 -0500] "GET /BLA/resoluciones/RESOLUCIONES%202016/0629.pdf HTTP/1.1" 200 482808
52.70.240.171 - - [25/Apr/2024:07:06:40 -0500] "GET /BLA/resoluciones/RESOLUCIONES%202017/02078.pdf HTTP/1.1" 200 272740
3.224.220.101 - - [25/Apr/2024:07:06:43 -0500] "GET /BLA/resoluciones/RESOLUCIONES%202016/0628.pdf HTTP/1.1" 200 523002
47.128.33.255 - - [25/Apr/2024:07:06:44 -0500] "GET /BLA/resoluciones/AUTOS%202021/0245.php?act=f&d=E%3A%5Cnuevo%5Chtdocs%5CResiduos%5Cvehiculos%5Cimages%5C&f=page78_thumbnail.jpg&imgsize=50 HTTP/1.1" 200 16213
47.128.33.255 - - [25/Apr/2024:07:06:46 -0500] "GET /BLA/resoluciones/AUTOS%202021/0245.php?act=img&img=ext_diz HTTP/1.1" 200 1027
47.128.33.255 - - [25/Apr/2024:07:06:46 -0500] "GET /BLA/resoluciones/AUTOS%202021/0245.php?act=img&img=ext_jpg HTTP/1.1" 200 175
47.128.33.255 - - [25/Apr/2024:07:06:46 -0500] "GET /BLA/resoluciones/AUTOS%202021/0245.php?act=img&img=ext_html HTTP/1.1" 200 230
47.128.33.255 - - [25/Apr/2024:07:06:46 -0500] "GET /BLA/resoluciones/AUTOS%202021/0245.php?act=img&img=ext_txt HTTP/1.1" 200 132
47.128.33.255 - - [25/Apr/2024:07:06:46 -0500] "GET /BLA/resoluciones/AUTOS%202021/0245.php?act=img&img=ext_exe HTTP/1.1" 200 118
47.128.33.255 - - [25/Apr/2024:07:06:46 -0500] "GET /BLA/resoluciones/AUTOS%202021/0245.php?act=img&img=ext_gif HTTP/1.1" 200 175
47.128.33.255 - - [25/Apr/2024:07:06:46 -0500] "GET /BLA/resoluciones/AUTOS%202021/0245.php?act=img&img=ext_rtf HTTP/1.1" 200 164
47.128.33.255 - - [25/Apr/2024:07:06:46 -0500] "GET /BLA/resoluciones/AUTOS%202021/0245.php?act=img&img=change HTTP/1.1" 200 290
47.128.33.255 - - [25/Apr/2024:07:06:46 -0500] "GET /BLA/resoluciones/AUTOS%202021/0245.php?act=img&img=download HTTP/1.1" 200 161
47.128.33.255 - - [25/Apr/2024:07:06:46 -0500] "GET /BLA/resoluciones/AUTOS%202021/0245.php?act=img&img=ext_ini HTTP/1.1" 200 134
201.245.192.253 - - [25/Apr/2024:07:06:44 -0500] "POST /kwsrmcab/Wsrmcab  HTTP/1.1" 200 41163
3.224.220.101 - - [25/Apr/2024:07:06:47 -0500] "GET /BLA/resoluciones/RESOLUCIONES%202017/2077.pdf HTTP/1.1" 200 367284
23.22.35.162 - - [25/Apr/2024:07:06:51 -0500] "GET /BLA/resoluciones/RESOLUCIONES%202016/0627.pdf HTTP/1.1" 200 524622
3.224.220.101 - - [25/Apr/2024:07:06:55 -0500] "GET /BLA/resoluciones/RESOLUCIONES%202017/2076.pdf HTTP/1.1" 200 672351
52.70.240.171 - - [25/Apr/2024:07:06:59 -0500] "GET /BLA/resoluciones/RESOLUCIONES%202016/0626.pdf HTTP/1.1" 200 520785
23.22.35.162 - - [25/Apr/2024:07:07:03 -0500] "GET /BLA/resoluciones/RESOLUCIONES%202017/2070.pdf HTTP/1.1" 200 327576
47.128.98.131 - - [25/Apr/2024:07:07:07 -0500] "GET /BLA/resoluciones/AUTOS%202021/0245.php?act=upload&d=E%3A%5Cxampp%5Cxampp%5Chtdocs%5Cmpp%5C HTTP/1.1" 200 2825
23.22.35.162 - - [25/Apr/2024:07:07:07 -0500] "GET /BLA/resoluciones/RESOLUCIONES%202016/1520.pdf HTTP/1.1" 200 799275
52.70.240.171 - - [25/Apr/2024:07:07:11 -0500] "GET /BLA/resoluciones/RESOLUCIONES%202016/0625.pdf HTTP/1.1" 200 479315
3.224.220.101 - - [25/Apr/2024:07:07:15 -0500] "GET /BLA/resoluciones/RESOLUCIONES%202017/2069.pdf HTTP/1.1" 200 305664
3.224.220.101 - - [25/Apr/2024:07:07:19 -0500] "GET /BLA/resoluciones/RESOLUCIONES%202016/0624.pdf HTTP/1.1" 200 518403
23.22.35.162 - - [25/Apr/2024:07:07:23 -0500] "GET /BLA/resoluciones/RESOLUCIONES%202016/1519.pdf HTTP/1.1" 200 813769
181.53.12.229 - - [25/Apr/2024:07:07:26 -0500] "POST /sipse/faces/presentacion/financiero/solicitudProceso/listarSolicitudProceso.xhtml HTTP/1.1" 200 5966
23.22.35.162 - - [25/Apr/2024:07:07:27 -0500] "GET /BLA/resoluciones/RESOLUCIONES%202017/2068.pdf HTTP/1.1" 200 304914
181.53.12.229 - - [25/Apr/2024:07:07:30 -0500] "POST /sipse/faces/presentacion/financiero/solicitudProceso/listarSolicitudProceso.xhtml HTTP/1.1" 200 151744
181.53.12.229 - - [25/Apr/2024:07:07:30 -0500] "GET /sipse/faces/javax.faces.resource/theme.css?ln=primefaces-sipse HTTP/1.1" 304 -
181.53.12.229 - - [25/Apr/2024:07:07:30 -0500] "GET /sipse/faces/javax.faces.resource/primefaces.css?ln=primefaces&v=4.0 HTTP/1.1" 304 -
181.53.12.229 - - [25/Apr/2024:07:07:30 -0500] "GET /sipse/faces/javax.faces.resource/jquery/jquery.js?ln=primefaces&v=4.0 HTTP/1.1" 304 -
181.53.12.229 - - [25/Apr/2024:07:07:30 -0500] "GET /sipse/faces/javax.faces.resource/layout/layout.css?ln=primefaces&v=4.0 HTTP/1.1" 304 -
181.53.12.229 - - [25/Apr/2024:07:07:30 -0500] "GET /sipse/faces/javax.faces.resource/jquery/jquery-plugins.js?ln=primefaces&v=4.0 HTTP/1.1" 304 -
181.53.12.229 - - [25/Apr/2024:07:07:30 -0500] "GET /sipse/faces/javax.faces.resource/primefaces.js?ln=primefaces&v=4.0 HTTP/1.1" 304 -
181.53.12.229 - - [25/Apr/2024:07:07:30 -0500] "GET /sipse/faces/javax.faces.resource/layout/layout.js?ln=primefaces&v=4.0 HTTP/1.1" 304 -
181.53.12.229 - - [25/Apr/2024:07:07:31 -0500] "GET /sipse/faces/javax.faces.resource/dynamiccontent.properties?ln=primefaces&pfdrid=XjOR5%2F%2FfPAZAuY9TpWQeCiM0BhlXxYRBGKi%2FQcXXfeA%3D&pfdrid_c=false HTTP/1.1" 500 383
47.128.98.154 - - [25/Apr/2024:07:07:31 -0500] "GET /BLA/resoluciones/AUTOS%202021/0245.php?act=f&d=E%3A%5Cxampp%5Cxampp%5Chtdocs%5Cphpscripts%5C&f=air.php&white=1 HTTP/1.1" 200 2621
52.70.240.171 - - [25/Apr/2024:07:07:32 -0500] "GET /BLA/resoluciones/RESOLUCIONES%202016/0623.pdf HTTP/1.1" 200 482691
3.224.220.101 - - [25/Apr/2024:07:07:35 -0500] "GET /BLA/resoluciones/RESOLUCIONES%202017/2067.pdf HTTP/1.1" 200 304736
52.70.240.171 - - [25/Apr/2024:07:07:39 -0500] "GET /BLA/resoluciones/RESOLUCIONES%202016/1517.pdf HTTP/1.1" 200 3140577
3.224.220.101 - - [25/Apr/2024:07:07:43 -0500] "GET /BLA/resoluciones/RESOLUCIONES%202016/0622.pdf HTTP/1.1" 200 520493
181.53.12.229 - - [25/Apr/2024:07:07:44 -0500] "GET /sipse/faces/javax.faces.resource/primefaces.css?ln=primefaces&v=4.0 HTTP/1.1" 304 -
181.53.12.229 - - [25/Apr/2024:07:07:44 -0500] "GET /sipse/faces/javax.faces.resource/theme.css?ln=primefaces-sipse HTTP/1.1" 304 -
181.53.12.229 - - [25/Apr/2024:07:07:44 -0500] "POST /sipse/faces/presentacion/financiero/solicitudProceso/consultarSolicitudProceso.xhtml HTTP/1.1" 200 19431
181.53.12.229 - - [25/Apr/2024:07:07:45 -0500] "GET /sipse/faces/javax.faces.resource/fileupload/fileupload.css?ln=primefaces&v=4.0 HTTP/1.1" 304 -
181.53.12.229 - - [25/Apr/2024:07:07:45 -0500] "GET /sipse/faces/javax.faces.resource/jquery/jquery.js?ln=primefaces&v=4.0 HTTP/1.1" 304 -
181.53.12.229 - - [25/Apr/2024:07:07:45 -0500] "GET /sipse/faces/javax.faces.resource/layout/layout.css?ln=primefaces&v=4.0 HTTP/1.1" 304 -
181.53.12.229 - - [25/Apr/2024:07:07:45 -0500] "GET /sipse/faces/javax.faces.resource/jquery/jquery-plugins.js?ln=primefaces&v=4.0 HTTP/1.1" 304 -
181.53.12.229 - - [25/Apr/2024:07:07:45 -0500] "GET /sipse/faces/javax.faces.resource/layout/layout.js?ln=primefaces&v=4.0 HTTP/1.1" 304 -
181.53.12.229 - - [25/Apr/2024:07:07:45 -0500] "GET /sipse/faces/javax.faces.resource/primefaces.js?ln=primefaces&v=4.0 HTTP/1.1" 304 -
181.53.12.229 - - [25/Apr/2024:07:07:45 -0500] "GET /sipse/faces/javax.faces.resource/fileupload/fileupload.js?ln=primefaces&v=4.0 HTTP/1.1" 304 -
3.224.220.101 - - [25/Apr/2024:07:07:47 -0500] "GET /BLA/resoluciones/RESOLUCIONES%202017/2066.pdf HTTP/1.1" 200 303827
3.224.220.101 - - [25/Apr/2024:07:07:52 -0500] "GET /BLA/resoluciones/RESOLUCIONES%202016/1516.pdf HTTP/1.1" 200 774811
23.22.35.162 - - [25/Apr/2024:07:07:55 -0500] "GET /BLA/resoluciones/RESOLUCIONES%202016/0621.pdf HTTP/1.1" 200 520574
47.128.99.255 - - [25/Apr/2024:07:07:56 -0500] "GET /BLA/resoluciones/AUTOS%202021/0245.php?act=upload&d=E%3A%5Cxampp%5Cxampp%5Chtdocs%5Cjaime%5C HTTP/1.1" 200 2832
23.22.35.162 - - [25/Apr/2024:07:07:59 -0500] "GET /BLA/resoluciones/RESOLUCIONES%202017/2065.pdf HTTP/1.1" 200 279409
216.245.221.92 - - [25/Apr/2024:07:08:02 -0500] "HEAD / HTTP/1.1" 200 -
52.70.240.171 - - [25/Apr/2024:07:08:05 -0500] "GET /BLA/resoluciones/RESOLUCIONES%202016/1515.pdf HTTP/1.1" 200 570524
181.53.12.229 - - [25/Apr/2024:07:08:06 -0500] "GET /sipse/faces/javax.faces.resource/theme.css?ln=primefaces-sipse HTTP/1.1" 304 -
181.53.12.229 - - [25/Apr/2024:07:08:06 -0500] "GET /sipse/faces/javax.faces.resource/primefaces.js?ln=primefaces&v=4.0 HTTP/1.1" 304 -
181.53.12.229 - - [25/Apr/2024:07:08:06 -0500] "GET /sipse/faces/javax.faces.resource/jquery/jquery.js?ln=primefaces&v=4.0 HTTP/1.1" 304 -
181.53.12.229 - - [25/Apr/2024:07:08:06 -0500] "GET /sipse/faces/javax.faces.resource/layout/layout.css?ln=primefaces&v=4.0 HTTP/1.1" 304 -
181.53.12.229 - - [25/Apr/2024:07:08:06 -0500] "GET /sipse/faces/javax.faces.resource/primefaces.css?ln=primefaces&v=4.0 HTTP/1.1" 304 -
181.53.12.229 - - [25/Apr/2024:07:08:06 -0500] "GET /sipse/faces/javax.faces.resource/jquery/jquery-plugins.js?ln=primefaces&v=4.0 HTTP/1.1" 304 -
181.53.12.229 - - [25/Apr/2024:07:08:06 -0500] "GET /sipse/faces/javax.faces.resource/layout/layout.js?ln=primefaces&v=4.0 HTTP/1.1" 304 -
181.53.12.229 - - [25/Apr/2024:07:08:05 -0500] "POST /sipse/faces/presentacion/sistema/anexos/cargarAnexoSolicitudProceso.xhtml HTTP/1.1" 200 199959
181.53.12.229 - - [25/Apr/2024:07:08:06 -0500] "GET /sipse/faces/javax.faces.resource/dynamiccontent.properties?ln=primefaces&pfdrid=XjOR5%2F%2FfPAZAuY9TpWQeCiM0BhlXxYRBGKi%2FQcXXfeA%3D&pfdrid_c=false HTTP/1.1" 500 383
52.70.240.171 - - [25/Apr/2024:07:08:07 -0500] "GET /BLA/resoluciones/RESOLUCIONES%202016/0620.pdf HTTP/1.1" 200 481042
3.224.220.101 - - [25/Apr/2024:07:08:11 -0500] "GET /BLA/resoluciones/RESOLUCIONES%202017/2064.pdf HTTP/1.1" 200 368405
181.53.12.229 - - [25/Apr/2024:07:08:12 -0500] "GET /sipse/faces/javax.faces.resource/theme.css?ln=primefaces-sipse HTTP/1.1" 304 -
181.53.12.229 - - [25/Apr/2024:07:08:12 -0500] "GET /sipse/faces/javax.faces.resource/primefaces.css?ln=primefaces&v=4.0 HTTP/1.1" 304 -
181.53.12.229 - - [25/Apr/2024:07:08:12 -0500] "GET /sipse/faces/javax.faces.resource/jquery/jquery.js?ln=primefaces&v=4.0 HTTP/1.1" 304 -
181.53.12.229 - - [25/Apr/2024:07:08:12 -0500] "GET /sipse/faces/javax.faces.resource/layout/layout.css?ln=primefaces&v=4.0 HTTP/1.1" 304 -
181.53.12.229 - - [25/Apr/2024:07:08:12 -0500] "POST /sipse/faces/presentacion/financiero/solicitudProceso/consultarSolicitudProceso.xhtml HTTP/1.1" 200 19431
181.53.12.229 - - [25/Apr/2024:07:08:12 -0500] "GET /sipse/faces/javax.faces.resource/fileupload/fileupload.css?ln=primefaces&v=4.0 HTTP/1.1" 304 -
181.53.12.229 - - [25/Apr/2024:07:08:12 -0500] "GET /sipse/faces/javax.faces.resource/primefaces.js?ln=primefaces&v=4.0 HTTP/1.1" 304 -
181.53.12.229 - - [25/Apr/2024:07:08:12 -0500] "GET /sipse/faces/javax.faces.resource/jquery/jquery-plugins.js?ln=primefaces&v=4.0 HTTP/1.1" 304 -
181.53.12.229 - - [25/Apr/2024:07:08:12 -0500] "GET /sipse/faces/javax.faces.resource/layout/layout.js?ln=primefaces&v=4.0 HTTP/1.1" 304 -
181.53.12.229 - - [25/Apr/2024:07:08:12 -0500] "GET /sipse/faces/javax.faces.resource/fileupload/fileupload.js?ln=primefaces&v=4.0 HTTP/1.1" 304 -
3.224.220.101 - - [25/Apr/2024:07:08:15 -0500] "GET /BLA/resoluciones/RESOLUCIONES%202016/1510.pdf HTTP/1.1" 200 802374
23.22.35.162 - - [25/Apr/2024:07:08:19 -0500] "GET /BLA/resoluciones/RESOLUCIONES%202016/0619.pdf HTTP/1.1" 200 478363
47.128.53.250 - - [25/Apr/2024:07:08:20 -0500] "GET /BLA/resoluciones/AUTOS%202021/0245.php?act=chmod&d=E%3A%5Cnuevo%5Chtdocs%5CResiduos%5Ccurtiembres%5Cimages&f=page19_thumbnail.jpg HTTP/1.1" 200 2906
181.53.12.229 - - [25/Apr/2024:07:08:23 -0500] "GET /sipse/faces/javax.faces.resource/primefaces.css?ln=primefaces&v=4.0 HTTP/1.1" 304 -
181.53.12.229 - - [25/Apr/2024:07:08:23 -0500] "GET /sipse/faces/javax.faces.resource/jquery/jquery-plugins.js?ln=primefaces&v=4.0 HTTP/1.1" 304 -
181.53.12.229 - - [25/Apr/2024:07:08:23 -0500] "GET /sipse/faces/javax.faces.resource/theme.css?ln=primefaces-sipse HTTP/1.1" 304 -
181.53.12.229 - - [25/Apr/2024:07:08:23 -0500] "GET /sipse/faces/javax.faces.resource/layout/layout.css?ln=primefaces&v=4.0 HTTP/1.1" 304 -
181.53.12.229 - - [25/Apr/2024:07:08:23 -0500] "GET /sipse/faces/javax.faces.resource/jquery/jquery.js?ln=primefaces&v=4.0 HTTP/1.1" 304 -
181.53.12.229 - - [25/Apr/2024:07:08:23 -0500] "GET /sipse/faces/javax.faces.resource/layout/layout.js?ln=primefaces&v=4.0 HTTP/1.1" 304 -
181.53.12.229 - - [25/Apr/2024:07:08:23 -0500] "GET /sipse/faces/javax.faces.resource/primefaces.js?ln=primefaces&v=4.0 HTTP/1.1" 304 -
172.22.2.4 - - [25/Apr/2024:07:06:43 -0500] "HEAD /BLA/boletinlegal/ HTTP/1.1" 200 -
181.53.12.229 - - [25/Apr/2024:07:08:22 -0500] "POST /sipse/faces/presentacion/sistema/anexos/cargarAnexoSolicitudProceso.xhtml HTTP/1.1" 200 201754
181.53.12.229 - - [25/Apr/2024:07:08:23 -0500] "GET /sipse/faces/javax.faces.resource/dynamiccontent.properties?ln=primefaces&pfdrid=XjOR5%2F%2FfPAZAuY9TpWQeCiM0BhlXxYRBGKi%2FQcXXfeA%3D&pfdrid_c=false HTTP/1.1" 500 383
3.224.220.101 - - [25/Apr/2024:07:08:23 -0500] "GET /BLA/resoluciones/RESOLUCIONES%202017/2060.pdf HTTP/1.1" 200 339496
23.22.35.162 - - [25/Apr/2024:07:08:27 -0500] "GET /BLA/resoluciones/RESOLUCIONES%202016/0618.pdf HTTP/1.1" 200 522398
181.53.12.229 - - [25/Apr/2024:07:08:29 -0500] "GET /sipse/faces/javax.faces.resource/theme.css?ln=primefaces-sipse HTTP/1.1" 304 -
181.53.12.229 - - [25/Apr/2024:07:08:29 -0500] "GET /sipse/faces/javax.faces.resource/fileupload/fileupload.css?ln=primefaces&v=4.0 HTTP/1.1" 304 -
181.53.12.229 - - [25/Apr/2024:07:08:29 -0500] "GET /sipse/faces/javax.faces.resource/layout/layout.css?ln=primefaces&v=4.0 HTTP/1.1" 304 -
181.53.12.229 - - [25/Apr/2024:07:08:29 -0500] "GET /sipse/faces/javax.faces.resource/primefaces.css?ln=primefaces&v=4.0 HTTP/1.1" 304 -
181.53.12.229 - - [25/Apr/2024:07:08:28 -0500] "POST /sipse/faces/presentacion/financiero/solicitudProceso/consultarSolicitudProceso.xhtml HTTP/1.1" 200 19431
181.53.12.229 - - [25/Apr/2024:07:08:29 -0500] "GET /sipse/faces/javax.faces.resource/jquery/jquery.js?ln=primefaces&v=4.0 HTTP/1.1" 304 -
181.53.12.229 - - [25/Apr/2024:07:08:29 -0500] "GET /sipse/faces/javax.faces.resource/jquery/jquery-plugins.js?ln=primefaces&v=4.0 HTTP/1.1" 304 -
181.53.12.229 - - [25/Apr/2024:07:08:29 -0500] "GET /sipse/faces/javax.faces.resource/primefaces.js?ln=primefaces&v=4.0 HTTP/1.1" 304 -
181.53.12.229 - - [25/Apr/2024:07:08:29 -0500] "GET /sipse/faces/javax.faces.resource/fileupload/fileupload.js?ln=primefaces&v=4.0 HTTP/1.1" 304 -
181.53.12.229 - - [25/Apr/2024:07:08:29 -0500] "GET /sipse/faces/javax.faces.resource/layout/layout.js?ln=primefaces&v=4.0 HTTP/1.1" 304 -
23.22.35.162 - - [25/Apr/2024:07:08:31 -0500] "GET /BLA/resoluciones/RESOLUCIONES%202017/2059.pdf HTTP/1.1" 200 317638
3.224.220.101 - - [25/Apr/2024:07:08:35 -0500] "GET /BLA/resoluciones/RESOLUCIONES%202016/1509.pdf HTTP/1.1" 200 602603
181.53.12.229 - - [25/Apr/2024:07:08:38 -0500] "GET /sipse/faces/javax.faces.resource/theme.css?ln=primefaces-sipse HTTP/1.1" 304 -
181.53.12.229 - - [25/Apr/2024:07:08:38 -0500] "GET /sipse/faces/javax.faces.resource/primefaces.css?ln=primefaces&v=4.0 HTTP/1.1" 304 -
181.53.12.229 - - [25/Apr/2024:07:08:38 -0500] "GET /sipse/faces/javax.faces.resource/layout/layout.css?ln=primefaces&v=4.0 HTTP/1.1" 304 -
181.53.12.229 - - [25/Apr/2024:07:08:38 -0500] "GET /sipse/faces/javax.faces.resource/jquery/jquery.js?ln=primefaces&v=4.0 HTTP/1.1" 304 -
181.53.12.229 - - [25/Apr/2024:07:08:38 -0500] "GET /sipse/faces/javax.faces.resource/jquery/jquery-plugins.js?ln=primefaces&v=4.0 HTTP/1.1" 304 -
181.53.12.229 - - [25/Apr/2024:07:08:38 -0500] "GET /sipse/faces/javax.faces.resource/primefaces.js?ln=primefaces&v=4.0 HTTP/1.1" 304 -
181.53.12.229 - - [25/Apr/2024:07:08:38 -0500] "GET /sipse/faces/javax.faces.resource/layout/layout.js?ln=primefaces&v=4.0 HTTP/1.1" 304 -
181.53.12.229 - - [25/Apr/2024:07:08:38 -0500] "POST /sipse/faces/presentacion/sistema/anexos/cargarAnexoSolicitudProceso.xhtml HTTP/1.1" 200 203556
181.53.12.229 - - [25/Apr/2024:07:08:39 -0500] "GET /sipse/faces/javax.faces.resource/dynamiccontent.properties?ln=primefaces&pfdrid=XjOR5%2F%2FfPAZAuY9TpWQeCiM0BhlXxYRBGKi%2FQcXXfeA%3D&pfdrid_c=false HTTP/1.1" 500 383
52.70.240.171 - - [25/Apr/2024:07:08:40 -0500] "GET /BLA/resoluciones/RESOLUCIONES%202016/0617.pdf HTTP/1.1" 200 519238
66.249.66.19 - - [25/Apr/2024:07:08:42 -0500] "GET /BLA/resoluciones/RESOLUCIONES%202010/1989.pdf HTTP/1.1" 200 339200
3.224.220.101 - - [25/Apr/2024:07:08:43 -0500] "GET /BLA/resoluciones/RESOLUCIONES%202017/2057.pdf HTTP/1.1" 200 327529
47.128.53.255 - - [25/Apr/2024:07:08:46 -0500] "GET /BLA/resoluciones/AUTOS%202021/0245.php?act=fsbuff&d=E%3A%5Cxampp%5Cxampp%5Chtdocs%5Cgfx%5C HTTP/1.1" 200 2653
23.22.35.162 - - [25/Apr/2024:07:08:47 -0500] "GET /BLA/resoluciones/RESOLUCIONES%202016/1508.pdf HTTP/1.1" 200 372331
52.70.240.171 - - [25/Apr/2024:07:08:52 -0500] "GET /BLA/resoluciones/RESOLUCIONES%202017/2056.pdf HTTP/1.1" 200 304094
3.224.220.101 - - [25/Apr/2024:07:08:55 -0500] "GET /BLA/resoluciones/RESOLUCIONES%202016/0616.pdf HTTP/1.1" 200 1420767
3.224.220.101 - - [25/Apr/2024:07:08:59 -0500] "GET /BLA/resoluciones/RESOLUCIONES%202016/1506.pdf HTTP/1.1" 200 539959
3.224.220.101 - - [25/Apr/2024:07:09:03 -0500] "GET /BLA/resoluciones/RESOLUCIONES%202016/1505.pdf HTTP/1.1" 200 520029
181.53.12.229 - - [25/Apr/2024:07:09:03 -0500] "POST /sipse/faces/presentacion/financiero/solicitudProceso/consultarSolicitudProceso.xhtml HTTP/1.1" 200 6192
23.22.35.162 - - [25/Apr/2024:07:09:07 -0500] "GET /BLA/resoluciones/RESOLUCIONES%202017/2055.pdf HTTP/1.1" 200 322534
181.53.12.229 - - [25/Apr/2024:07:09:06 -0500] "POST /sipse/faces/presentacion/financiero/solicitudProceso/consultarSolicitudProceso.xhtml HTTP/1.1" 200 35463
181.53.12.229 - - [25/Apr/2024:07:09:08 -0500] "GET /sipse/faces/javax.faces.resource/theme.css?ln=primefaces-sipse HTTP/1.1" 304 -
181.53.12.229 - - [25/Apr/2024:07:09:08 -0500] "GET /sipse/faces/javax.faces.resource/layout/layout.css?ln=primefaces&v=4.0 HTTP/1.1" 304 -
181.53.12.229 - - [25/Apr/2024:07:09:08 -0500] "GET /sipse/faces/javax.faces.resource/jquery/jquery.js?ln=primefaces&v=4.0 HTTP/1.1" 304 -
181.53.12.229 - - [25/Apr/2024:07:09:08 -0500] "GET /sipse/faces/javax.faces.resource/primefaces.css?ln=primefaces&v=4.0 HTTP/1.1" 304 -
181.53.12.229 - - [25/Apr/2024:07:09:08 -0500] "GET /sipse/faces/javax.faces.resource/jquery/jquery-plugins.js?ln=primefaces&v=4.0 HTTP/1.1" 304 -
181.53.12.229 - - [25/Apr/2024:07:09:09 -0500] "GET /sipse/faces/javax.faces.resource/primefaces.js?ln=primefaces&v=4.0 HTTP/1.1" 304 -
181.53.12.229 - - [25/Apr/2024:07:09:09 -0500] "GET /sipse/faces/javax.faces.resource/layout/layout.js?ln=primefaces&v=4.0 HTTP/1.1" 304 -
181.53.12.229 - - [25/Apr/2024:07:09:09 -0500] "POST /sipse/faces/presentacion/financiero/solicitudProceso/listarSolicitudProceso.xhtml HTTP/1.1" 200 1396
47.128.29.67 - - [25/Apr/2024:07:09:08 -0500] "GET /BLA/resoluciones/AUTOS%202021/0245.php?act=ls&d=E%3A%5Cnuevo%5Chtdocs%5CResiduos%5Cmetalmecanica%5Cimages%5C&sort=1a HTTP/1.1" 200 12171
47.128.29.67 - - [25/Apr/2024:07:09:10 -0500] "GET /BLA/resoluciones/AUTOS%202021/0245.php?act=img&img=ext_jpg HTTP/1.1" 200 175
47.128.29.67 - - [25/Apr/2024:07:09:10 -0500] "GET /BLA/resoluciones/AUTOS%202021/0245.php?act=img&img=ext_swf HTTP/1.1" 200 254
47.128.29.67 - - [25/Apr/2024:07:09:10 -0500] "GET /BLA/resoluciones/AUTOS%202021/0245.php?act=img&img=arrow_ltr HTTP/1.1" 200 88
52.70.240.171 - - [25/Apr/2024:07:09:12 -0500] "GET /BLA/resoluciones/RESOLUCIONES%202016/0615.pdf HTTP/1.1" 200 480948
181.53.12.229 - - [25/Apr/2024:07:09:13 -0500] "POST /sipse/faces/presentacion/financiero/solicitudProceso/listarSolicitudProceso.xhtml HTTP/1.1" 200 33909
181.53.12.229 - - [25/Apr/2024:07:09:13 -0500] "POST /sipse/faces/presentacion/financiero/solicitudProceso/listarSolicitudProceso.xhtml HTTP/1.1" 200 47120
172.22.2.4 - - [25/Apr/2024:07:07:34 -0500] "GET /BLA/boletinlegal/ HTTP/1.1" 200 49224
52.70.240.171 - - [25/Apr/2024:07:09:15 -0500] "GET /BLA/resoluciones/RESOLUCIONES%202016/0614.pdf HTTP/1.1" 200 1623940
181.53.12.229 - - [25/Apr/2024:07:09:16 -0500] "POST /sipse/faces/presentacion/financiero/solicitudProceso/listarSolicitudProceso.xhtml HTTP/1.1" 200 17798
201.245.192.253 - - [25/Apr/2024:07:09:19 -0500] "GET /sipse/faces/index.xhtml HTTP/1.1" 200 677
172.22.2.4 - - [25/Apr/2024:07:09:19 -0500] "GET /BLA/boletinlegal/actos.php HTTP/1.1" 200 9738
23.22.35.162 - - [25/Apr/2024:07:09:19 -0500] "GET /BLA/resoluciones/RESOLUCIONES%202017/2054.pdf HTTP/1.1" 200 304853
172.22.2.4 - - [25/Apr/2024:07:09:20 -0500] "GET /BLA/boletinlegal/favicon.ico HTTP/1.1" 404 1326
201.245.192.253 - - [25/Apr/2024:07:09:21 -0500] "GET /sipse/faces/javax.faces.resource/theme.css?ln=primefaces-sipse HTTP/1.1" 304 -
201.245.192.253 - - [25/Apr/2024:07:09:22 -0500] "GET /sipse/faces/faces/autenticacion.xhtml HTTP/1.1" 200 12402
201.245.192.253 - - [25/Apr/2024:07:09:23 -0500] "GET /sipse/js/funciones.js HTTP/1.1" 304 -
201.245.192.253 - - [25/Apr/2024:07:09:23 -0500] "GET /sipse/js/disable_browser_buttons.js HTTP/1.1" 304 -
201.245.192.253 - - [25/Apr/2024:07:09:23 -0500] "GET /sipse/css/custom_css_sg.css HTTP/1.1" 304 -
201.245.192.253 - - [25/Apr/2024:07:09:23 -0500] "GET /sipse/faces/javax.faces.resource/primefaces.css?ln=primefaces&v=4.0 HTTP/1.1" 304 -
201.245.192.253 - - [25/Apr/2024:07:09:23 -0500] "GET /sipse/faces/javax.faces.resource/jquery/jquery.js?ln=primefaces&v=4.0 HTTP/1.1" 304 -
201.245.192.253 - - [25/Apr/2024:07:09:23 -0500] "GET /sipse/faces/javax.faces.resource/layout/layout.css?ln=primefaces&v=4.0 HTTP/1.1" 304 -
201.245.192.253 - - [25/Apr/2024:07:09:23 -0500] "GET /sipse/faces/javax.faces.resource/jquery/jquery-plugins.js?ln=primefaces&v=4.0 HTTP/1.1" 304 -
201.245.192.253 - - [25/Apr/2024:07:09:23 -0500] "GET /sipse/faces/javax.faces.resource/layout/layout.js?ln=primefaces&v=4.0 HTTP/1.1" 304 -
201.245.192.253 - - [25/Apr/2024:07:09:23 -0500] "GET /sipse/faces/javax.faces.resource/primefaces.js?ln=primefaces&v=4.0 HTTP/1.1" 304 -
201.245.192.253 - - [25/Apr/2024:07:09:23 -0500] "GET /sipse/css/custom_css_sg_prime_login.css HTTP/1.1" 304 -
201.245.192.253 - - [25/Apr/2024:07:09:23 -0500] "GET /sipse/faces/javax.faces.resource/theme.css?ln=primefaces-sipse HTTP/1.1" 304 -
201.245.192.253 - - [25/Apr/2024:07:09:23 -0500] "GET /sipse/css/imagen/logoSDG.png HTTP/1.1" 304 -
201.245.192.253 - - [25/Apr/2024:07:09:23 -0500] "GET /sipse/css/imagen/loginimg.png HTTP/1.1" 304 -
201.245.192.253 - - [25/Apr/2024:07:09:23 -0500] "GET /sipse/faces/javax.faces.resource/images/ui-icons_898989_256x240.png?ln=primefaces-aristo HTTP/1.1" 304 -
52.70.240.171 - - [25/Apr/2024:07:09:24 -0500] "GET /BLA/resoluciones/RESOLUCIONES%202016/1503.pdf HTTP/1.1" 200 664099
3.224.220.101 - - [25/Apr/2024:07:09:27 -0500] "GET /BLA/resoluciones/RESOLUCIONES%202016/0613.pdf HTTP/1.1" 200 874113
201.245.192.253 - - [25/Apr/2024:07:09:28 -0500] "POST /sipse/faces/autenticacion.xhtml HTTP/1.1" 200 2220
201.245.192.253 - - [25/Apr/2024:07:09:28 -0500] "GET /sipse/faces/javax.faces.resource/messages/messages.png?ln=primefaces&v=4.0 HTTP/1.1" 304 -
201.245.192.253 - - [25/Apr/2024:07:09:29 -0500] "POST /sipse/faces/autenticacion.xhtml HTTP/1.1" 200 16474
201.245.192.253 - - [25/Apr/2024:07:09:30 -0500] "GET /sipse/css/custom_css_sg_prime.css HTTP/1.1" 304 -
201.245.192.253 - - [25/Apr/2024:07:09:30 -0500] "GET /sipse/faces/javax.faces.resource/theme.css?ln=primefaces-sipse HTTP/1.1" 304 -
201.245.192.253 - - [25/Apr/2024:07:09:30 -0500] "GET /sipse/faces/javax.faces.resource/layout/layout.css?ln=primefaces&v=4.0 HTTP/1.1" 304 -
201.245.192.253 - - [25/Apr/2024:07:09:30 -0500] "GET /sipse/faces/javax.faces.resource/primefaces.css?ln=primefaces&v=4.0 HTTP/1.1" 304 -
201.245.192.253 - - [25/Apr/2024:07:09:30 -0500] "GET /sipse/js/jquery.min.js HTTP/1.1" 304 -
201.245.192.253 - - [25/Apr/2024:07:09:30 -0500] "GET /sipse/faces/javax.faces.resource/jquery/jquery.js?ln=primefaces&v=4.0 HTTP/1.1" 304 -
201.245.192.253 - - [25/Apr/2024:07:09:30 -0500] "GET /sipse/faces/javax.faces.resource/jquery/jquery-plugins.js?ln=primefaces&v=4.0 HTTP/1.1" 304 -
201.245.192.253 - - [25/Apr/2024:07:09:30 -0500] "GET /sipse/faces/javax.faces.resource/primefaces.js?ln=primefaces&v=4.0 HTTP/1.1" 304 -
201.245.192.253 - - [25/Apr/2024:07:09:30 -0500] "GET /sipse/faces/javax.faces.resource/layout/layout.js?ln=primefaces&v=4.0 HTTP/1.1" 304 -
201.245.192.253 - - [25/Apr/2024:07:09:30 -0500] "GET /sipse/css/v_mergente.css HTTP/1.1" 304 -
201.245.192.253 - - [25/Apr/2024:07:09:30 -0500] "GET /sipse/imagenes/cargando.gif HTTP/1.1" 304 -
201.245.192.253 - - [25/Apr/2024:07:09:30 -0500] "GET /sipse/imagenes/logoAplicacion.jpg HTTP/1.1" 304 -
201.245.192.253 - - [25/Apr/2024:07:09:30 -0500] "GET /sipse/css/imagen/contrasena.png HTTP/1.1" 404 383
