201.245.192.253 - - [26/Apr/2024:05:57:32 -0500] "POST /kwsrmcab/Wsrmcab  HTTP/1.1" 200 41015
23.22.35.162 - - [26/Apr/2024:05:57:33 -0500] "GET /BLA/resoluciones/RESOLUCIONES%202011/5857.pdf HTTP/1.1" 200 418107
52.70.240.171 - - [26/Apr/2024:05:57:36 -0500] "GET /BLA/resoluciones/RESOLUCIONES%202011/5855.pdf HTTP/1.1" 200 418120
216.245.221.92 - - [26/Apr/2024:05:57:37 -0500] "HEAD / HTTP/1.1" 200 -
47.128.35.92 - - [26/Apr/2024:05:57:38 -0500] "GET /BLA/resoluciones/AUTOS%202021/0245.php?act=chmod&d=E%3A%5Cnuevo%5Chtdocs%5CResiduos%5Clavanderias%5Cimages&f=page69_thumbnail.jpg HTTP/1.1" 200 2906
172.22.2.4 - - [26/Apr/2024:05:55:59 -0500] "GET /BLA/boletinlegal/ HTTP/1.1" 200 58720
52.70.240.171 - - [26/Apr/2024:05:57:41 -0500] "GET /BLA/resoluciones/RESOLUCIONES%202011/5854.pdf HTTP/1.1" 200 425403
3.224.220.101 - - [26/Apr/2024:05:57:44 -0500] "GET /BLA/resoluciones/RESOLUCIONES%202011/5853.pdf HTTP/1.1" 200 416150
52.70.240.171 - - [26/Apr/2024:05:57:49 -0500] "GET /BLA/resoluciones/RESOLUCIONES%202011/5852.pdf HTTP/1.1" 200 419286
3.224.220.101 - - [26/Apr/2024:05:57:52 -0500] "GET /BLA/resoluciones/RESOLUCIONES%202011/5849.pdf HTTP/1.1" 200 34683
3.224.220.101 - - [26/Apr/2024:05:57:56 -0500] "GET /BLA/resoluciones/RESOLUCIONES%202011/5848.pdf HTTP/1.1" 200 311574
23.22.35.162 - - [26/Apr/2024:05:58:00 -0500] "GET /BLA/resoluciones/RESOLUCIONES%202011/5846.pdf HTTP/1.1" 200 424503
47.128.47.47 - - [26/Apr/2024:05:58:03 -0500] "GET /BLA/resoluciones/AUTOS%202021/0245.php?act=f&base64=1&d=E%3A%5Cnuevo%5Chtdocs%5CAutoliquidacion2020%5CAceites-Residuos-Estaciones-%5CInscripci%F3n+en+el+registro+de+generadores+de+residuos+o+desechos+peligrosos%5C&f=PM04-PR75-F2+Modelo+carta+para+solicitar+inscripcion+registro+de+generador+residuos+o+desechos+peligrosos.doc HTTP/1.1" 200 3197
47.128.47.47 - - [26/Apr/2024:05:58:03 -0500] "GET /BLA/resoluciones/AUTOS%202021/0245.php?act=img&img=ext_rtf HTTP/1.1" 200 164
47.128.47.47 - - [26/Apr/2024:05:58:04 -0500] "GET /BLA/resoluciones/AUTOS%202021/0245.php?act=img&img=ext_gif HTTP/1.1" 200 175
47.128.47.47 - - [26/Apr/2024:05:58:04 -0500] "GET /BLA/resoluciones/AUTOS%202021/0245.php?act=img&img=ext_html HTTP/1.1" 200 230
47.128.47.47 - - [26/Apr/2024:05:58:04 -0500] "GET /BLA/resoluciones/AUTOS%202021/0245.php?act=img&img=ext_diz HTTP/1.1" 200 1027
47.128.47.47 - - [26/Apr/2024:05:58:04 -0500] "GET /BLA/resoluciones/AUTOS%202021/0245.php?act=img&img=ext_exe HTTP/1.1" 200 118
47.128.47.47 - - [26/Apr/2024:05:58:04 -0500] "GET /BLA/resoluciones/AUTOS%202021/0245.php?act=img&img=ext_txt HTTP/1.1" 200 132
47.128.47.47 - - [26/Apr/2024:05:58:04 -0500] "GET /BLA/resoluciones/AUTOS%202021/0245.php?act=img&img=change HTTP/1.1" 200 290
3.224.220.101 - - [26/Apr/2024:05:58:04 -0500] "GET /BLA/resoluciones/RESOLUCIONES%202011/5845.pdf HTTP/1.1" 200 419159
47.128.47.47 - - [26/Apr/2024:05:58:04 -0500] "GET /BLA/resoluciones/AUTOS%202021/0245.php?act=img&img=download HTTP/1.1" 200 161
47.128.47.47 - - [26/Apr/2024:05:58:04 -0500] "GET /BLA/resoluciones/AUTOS%202021/0245.php?act=img&img=ext_ini HTTP/1.1" 200 134
47.128.47.47 - - [26/Apr/2024:05:58:04 -0500] "GET /BLA/resoluciones/AUTOS%202021/0245.php?act=img&img=ext_doc HTTP/1.1" 200 140
3.224.220.101 - - [26/Apr/2024:05:58:08 -0500] "GET /BLA/resoluciones/RESOLUCIONES%202011/5844.pdf HTTP/1.1" 200 410507
23.22.35.162 - - [26/Apr/2024:05:58:12 -0500] "GET /BLA/resoluciones/RESOLUCIONES%202011/5843.pdf HTTP/1.1" 200 423995
23.22.35.162 - - [26/Apr/2024:05:58:20 -0500] "GET /BLA/resoluciones/RESOLUCIONES%202011/5841.pdf HTTP/1.1" 200 425086
52.70.240.171 - - [26/Apr/2024:05:58:22 -0500] "GET /BLA/resoluciones/RESOLUCIONES%202011/5842.pdf HTTP/1.1" 200 423540
47.128.29.208 - - [26/Apr/2024:05:58:28 -0500] "GET /BLA/resoluciones/AUTOS%202021/0245.php?act=f&d=E%3A%5Cnuevo%5CMercuryMail%5CRESOURCE&f=autorplc.pm&ft=download HTTP/1.1" 200 20675
3.224.220.101 - - [26/Apr/2024:05:58:29 -0500] "GET /BLA/resoluciones/RESOLUCIONES%202011/5839.pdf HTTP/1.1" 200 424028
52.70.240.171 - - [26/Apr/2024:05:58:31 -0500] "GET /BLA/resoluciones/RESOLUCIONES%202011/5840.pdf HTTP/1.1" 200 429389
23.22.35.162 - - [26/Apr/2024:05:58:32 -0500] "GET /BLA/resoluciones/RESOLUCIONES%202011/5838.pdf HTTP/1.1" 200 416739
23.22.35.162 - - [26/Apr/2024:05:58:36 -0500] "GET /BLA/resoluciones/RESOLUCIONES%202011/0040.pdf HTTP/1.1" 200 315889
66.249.66.13 - - [26/Apr/2024:05:58:40 -0500] "GET /BLA/resoluciones/AUTOS%202007/3425.pdf HTTP/1.1" 200 164243
52.70.240.171 - - [26/Apr/2024:05:58:42 -0500] "GET /BLA/resoluciones/RESOLUCIONES%202011/0039.pdf HTTP/1.1" 200 555426
52.70.240.171 - - [26/Apr/2024:05:58:44 -0500] "GET /BLA/resoluciones/RESOLUCIONES%202011/0038.pdf HTTP/1.1" 200 596024
52.70.240.171 - - [26/Apr/2024:05:58:48 -0500] "GET /BLA/resoluciones/RESOLUCIONES%202011/0037.pdf HTTP/1.1" 200 364696
52.70.240.171 - - [26/Apr/2024:05:58:52 -0500] "GET /BLA/resoluciones/RESOLUCIONES%202011/0036.pdf HTTP/1.1" 200 184909
47.128.37.141 - - [26/Apr/2024:05:58:54 -0500] "GET /BLA/resoluciones/AUTOS%202021/0245.php?act=sql&d=C%3A%5CAmbienteBogota%5Ccounter%5Cdigits%5Cwoodbal%5C HTTP/1.1" 200 3062
52.70.240.171 - - [26/Apr/2024:05:58:56 -0500] "GET /BLA/resoluciones/RESOLUCIONES%202011/0035.pdf HTTP/1.1" 200 149295
52.70.240.171 - - [26/Apr/2024:05:59:01 -0500] "GET /BLA/resoluciones/RESOLUCIONES%202011/0034.pdf HTTP/1.1" 200 280415
23.22.35.162 - - [26/Apr/2024:05:59:04 -0500] "GET /BLA/resoluciones/RESOLUCIONES%202011/0413.pdf HTTP/1.1" 200 73677
3.224.220.101 - - [26/Apr/2024:05:59:08 -0500] "GET /BLA/resoluciones/RESOLUCIONES%202011/0032.pdf HTTP/1.1" 200 318401
52.70.240.171 - - [26/Apr/2024:05:59:13 -0500] "GET /BLA/resoluciones/RESOLUCIONES%202011/0412.pdf HTTP/1.1" 200 69583
3.224.220.101 - - [26/Apr/2024:05:59:16 -0500] "GET /BLA/resoluciones/RESOLUCIONES%202011/0031.pdf HTTP/1.1" 200 335223
47.128.120.26 - - [26/Apr/2024:05:59:18 -0500] "GET /BLA/resoluciones/AUTOS%202021/0245.php?act=f&d=E%3A%5Cnuevo%5CMercuryMail%5C&f=MERCURY.INI&ft=html&white=1 HTTP/1.1" 200 2968
3.224.220.101 - - [26/Apr/2024:05:59:21 -0500] "GET /BLA/resoluciones/RESOLUCIONES%202011/0411.pdf HTTP/1.1" 200 72025
23.22.35.162 - - [26/Apr/2024:05:59:24 -0500] "GET /BLA/resoluciones/RESOLUCIONES%202011/0030.pdf HTTP/1.1" 200 356365
23.22.35.162 - - [26/Apr/2024:05:59:28 -0500] "GET /BLA/resoluciones/RESOLUCIONES%202011/0410.pdf HTTP/1.1" 200 74907
23.22.35.162 - - [26/Apr/2024:05:59:33 -0500] "GET /BLA/resoluciones/RESOLUCIONES%202011/0029.pdf HTTP/1.1" 200 401240
52.70.240.171 - - [26/Apr/2024:05:59:37 -0500] "GET /BLA/resoluciones/RESOLUCIONES%202011/0028.pdf HTTP/1.1" 200 422848
23.22.35.162 - - [26/Apr/2024:05:59:40 -0500] "GET /BLA/resoluciones/RESOLUCIONES%202011/0409.pdf HTTP/1.1" 200 70049
47.128.31.193 - - [26/Apr/2024:05:59:41 -0500] "GET /BLA/resoluciones/AUTOS%202021/0245.php?act=f&d=E%3A%5Cnuevo%5Chtdocs%5Ccumbredelclima%5Cwp-content%5Cthemes%5Ctwentyfourteen%5C&f=category.php HTTP/1.1" 200 4077
47.128.31.193 - - [26/Apr/2024:05:59:41 -0500] "GET /BLA/resoluciones/AUTOS%202021/0245.php?act=img&img=ext_diz HTTP/1.1" 200 1027
47.128.31.193 - - [26/Apr/2024:05:59:42 -0500] "GET /BLA/resoluciones/AUTOS%202021/0245.php?act=img&img=ext_html HTTP/1.1" 200 230
47.128.31.193 - - [26/Apr/2024:05:59:42 -0500] "GET /BLA/resoluciones/AUTOS%202021/0245.php?act=img&img=ext_txt HTTP/1.1" 200 132
47.128.31.193 - - [26/Apr/2024:05:59:42 -0500] "GET /BLA/resoluciones/AUTOS%202021/0245.php?act=img&img=ext_php HTTP/1.1" 200 79
47.128.31.193 - - [26/Apr/2024:05:59:42 -0500] "GET /BLA/resoluciones/AUTOS%202021/0245.php?act=img&img=ext_exe HTTP/1.1" 200 118
47.128.31.193 - - [26/Apr/2024:05:59:42 -0500] "GET /BLA/resoluciones/AUTOS%202021/0245.php?act=img&img=ext_gif HTTP/1.1" 200 175
47.128.31.193 - - [26/Apr/2024:05:59:42 -0500] "GET /BLA/resoluciones/AUTOS%202021/0245.php?act=img&img=ext_ini HTTP/1.1" 200 134
47.128.31.193 - - [26/Apr/2024:05:59:42 -0500] "GET /BLA/resoluciones/AUTOS%202021/0245.php?act=img&img=ext_rtf HTTP/1.1" 200 164
47.128.31.193 - - [26/Apr/2024:05:59:42 -0500] "GET /BLA/resoluciones/AUTOS%202021/0245.php?act=img&img=change HTTP/1.1" 200 290
47.128.31.193 - - [26/Apr/2024:05:59:42 -0500] "GET /BLA/resoluciones/AUTOS%202021/0245.php?act=img&img=download HTTP/1.1" 200 161
23.22.35.162 - - [26/Apr/2024:05:59:44 -0500] "GET /BLA/resoluciones/RESOLUCIONES%202011/0027.pdf HTTP/1.1" 200 498695
52.70.240.171 - - [26/Apr/2024:05:59:48 -0500] "GET /BLA/resoluciones/RESOLUCIONES%202011/0408.pdf HTTP/1.1" 200 70361
23.22.35.162 - - [26/Apr/2024:05:59:52 -0500] "GET /BLA/resoluciones/RESOLUCIONES%202011/0026.pdf HTTP/1.1" 200 256531
3.224.220.101 - - [26/Apr/2024:05:59:56 -0500] "GET /BLA/resoluciones/RESOLUCIONES%202011/0025.pdf HTTP/1.1" 200 848971
23.22.35.162 - - [26/Apr/2024:06:00:00 -0500] "GET /BLA/resoluciones/RESOLUCIONES%202011/0407.pdf HTTP/1.1" 200 73095
3.224.220.101 - - [26/Apr/2024:06:00:04 -0500] "GET /BLA/resoluciones/RESOLUCIONES%202011/0023.pdf HTTP/1.1" 200 297267
47.128.37.202 - - [26/Apr/2024:06:00:05 -0500] "GET /BLA/resoluciones/AUTOS%202021/0245.php?act=img&img=ext_jpg HTTP/1.1" 200 175
47.128.37.202 - - [26/Apr/2024:06:00:06 -0500] "GET /BLA/resoluciones/AUTOS%202021/0245.php?act=img&img=ext_diz HTTP/1.1" 200 1027
47.128.37.202 - - [26/Apr/2024:06:00:06 -0500] "GET /BLA/resoluciones/AUTOS%202021/0245.php?act=img&img=ext_txt HTTP/1.1" 200 132
47.128.37.202 - - [26/Apr/2024:06:00:06 -0500] "GET /BLA/resoluciones/AUTOS%202021/0245.php?act=img&img=ext_html HTTP/1.1" 200 230
47.128.37.202 - - [26/Apr/2024:06:00:06 -0500] "GET /BLA/resoluciones/AUTOS%202021/0245.php?act=img&img=ext_exe HTTP/1.1" 200 118
47.128.37.202 - - [26/Apr/2024:06:00:06 -0500] "GET /BLA/resoluciones/AUTOS%202021/0245.php?act=img&img=change HTTP/1.1" 200 290
47.128.37.202 - - [26/Apr/2024:06:00:06 -0500] "GET /BLA/resoluciones/AUTOS%202021/0245.php?act=img&img=ext_gif HTTP/1.1" 200 175
47.128.37.202 - - [26/Apr/2024:06:00:06 -0500] "GET /BLA/resoluciones/AUTOS%202021/0245.php?act=img&img=ext_rtf HTTP/1.1" 200 164
47.128.37.202 - - [26/Apr/2024:06:00:06 -0500] "GET /BLA/resoluciones/AUTOS%202021/0245.php?act=img&img=download HTTP/1.1" 200 161
47.128.37.202 - - [26/Apr/2024:06:00:06 -0500] "GET /BLA/resoluciones/AUTOS%202021/0245.php?act=img&img=ext_ini HTTP/1.1" 200 134
47.128.37.202 - - [26/Apr/2024:06:00:04 -0500] "GET /BLA/resoluciones/AUTOS%202021/0245.php?act=f&base64=2&d=E%3A%5Cnuevo%5Chtdocs%5CResiduos%5Ccosmeticos%5Cimages%5C&f=page12_thumbnail.jpg HTTP/1.1" 200 16267
23.22.35.162 - - [26/Apr/2024:06:00:08 -0500] "GET /BLA/resoluciones/RESOLUCIONES%202011/0406.pdf HTTP/1.1" 200 74433
23.22.35.162 - - [26/Apr/2024:06:00:12 -0500] "GET /BLA/resoluciones/RESOLUCIONES%202011/0021.pdf HTTP/1.1" 200 240527
3.224.220.101 - - [26/Apr/2024:06:00:16 -0500] "GET /BLA/resoluciones/RESOLUCIONES%202011/0405.pdf HTTP/1.1" 200 73376
23.22.35.162 - - [26/Apr/2024:06:00:20 -0500] "GET /BLA/resoluciones/RESOLUCIONES%202011/0019.pdf HTTP/1.1" 200 277930
3.224.220.101 - - [26/Apr/2024:06:00:24 -0500] "GET /BLA/resoluciones/RESOLUCIONES%202011/0018.pdf HTTP/1.1" 200 279695
23.22.35.162 - - [26/Apr/2024:06:00:28 -0500] "GET /BLA/resoluciones/RESOLUCIONES%202011/0404.pdf HTTP/1.1" 200 294039
47.128.97.220 - - [26/Apr/2024:06:00:29 -0500] "GET /BLA/resoluciones/AUTOS%202021/0245.php?act=f&d=E%3A%5Cnuevo%5Chtdocs%5Ccumbredelclima%5Cwp-includes%5Ccss&f=wp-auth-check-rtl.min.css HTTP/1.1" 200 3049
47.128.97.220 - - [26/Apr/2024:06:00:29 -0500] "GET /BLA/resoluciones/AUTOS%202021/0245.php?act=img&img=ext_txt HTTP/1.1" 200 132
47.128.97.220 - - [26/Apr/2024:06:00:30 -0500] "GET /BLA/resoluciones/AUTOS%202021/0245.php?act=img&img=ext_diz HTTP/1.1" 200 1027
47.128.97.220 - - [26/Apr/2024:06:00:30 -0500] "GET /BLA/resoluciones/AUTOS%202021/0245.php?act=img&img=ext_exe HTTP/1.1" 200 118
47.128.97.220 - - [26/Apr/2024:06:00:30 -0500] "GET /BLA/resoluciones/AUTOS%202021/0245.php?act=img&img=ext_gif HTTP/1.1" 200 175
47.128.97.220 - - [26/Apr/2024:06:00:30 -0500] "GET /BLA/resoluciones/AUTOS%202021/0245.php?act=img&img=ext_html HTTP/1.1" 200 230
47.128.97.220 - - [26/Apr/2024:06:00:30 -0500] "GET /BLA/resoluciones/AUTOS%202021/0245.php?act=img&img=ext_css HTTP/1.1" 200 134
47.128.97.220 - - [26/Apr/2024:06:00:30 -0500] "GET /BLA/resoluciones/AUTOS%202021/0245.php?act=img&img=download HTTP/1.1" 200 161
47.128.97.220 - - [26/Apr/2024:06:00:30 -0500] "GET /BLA/resoluciones/AUTOS%202021/0245.php?act=img&img=ext_ini HTTP/1.1" 200 134
47.128.97.220 - - [26/Apr/2024:06:00:30 -0500] "GET /BLA/resoluciones/AUTOS%202021/0245.php?act=img&img=ext_rtf HTTP/1.1" 200 164
47.128.97.220 - - [26/Apr/2024:06:00:30 -0500] "GET /BLA/resoluciones/AUTOS%202021/0245.php?act=img&img=change HTTP/1.1" 200 290
52.70.240.171 - - [26/Apr/2024:06:00:32 -0500] "GET /BLA/resoluciones/RESOLUCIONES%202011/0015.pdf HTTP/1.1" 200 293115
23.22.35.162 - - [26/Apr/2024:06:00:36 -0500] "GET /BLA/resoluciones/RESOLUCIONES%202011/0014.pdf HTTP/1.1" 200 721354
52.70.240.171 - - [26/Apr/2024:06:00:41 -0500] "GET /BLA/resoluciones/RESOLUCIONES%202011/0009.pdf HTTP/1.1" 200 147223
23.22.35.162 - - [26/Apr/2024:06:00:44 -0500] "GET /BLA/resoluciones/RESOLUCIONES%202011/0009%20.PDF HTTP/1.1" 200 62412
3.128.199.162 - - [26/Apr/2024:06:00:47 -0500] "GET /robots.txt HTTP/1.1" 404 1034
3.128.199.162 - - [26/Apr/2024:06:00:47 -0500] "GET /si-eres-sujeto-del-pago-de-tasa-retributiva-no-olvides-enviarnos-tu-formulario-de-autodeclaracion-de-vertimientos-de-2021.html HTTP/1.1" 200 1165
52.70.240.171 - - [26/Apr/2024:06:00:48 -0500] "GET /BLA/resoluciones/RESOLUCIONES%202011/0008.pdf HTTP/1.1" 200 590857
23.22.35.162 - - [26/Apr/2024:06:00:52 -0500] "GET /BLA/resoluciones/RESOLUCIONES%202010/0684.pdf HTTP/1.1" 200 255153
47.128.31.173 - - [26/Apr/2024:06:00:53 -0500] "GET /BLA/resoluciones/AUTOS%202021/0245.php?act=f&base64=1&d=E%3A%5Cnuevo%5Chtdocs%5Ccumbredelclima%5Cwp-includes%5C&f=version.php HTTP/1.1" 200 3364
47.128.31.173 - - [26/Apr/2024:06:00:54 -0500] "GET /BLA/resoluciones/AUTOS%202021/0245.php?act=img&img=ext_html HTTP/1.1" 200 230
47.128.31.173 - - [26/Apr/2024:06:00:54 -0500] "GET /BLA/resoluciones/AUTOS%202021/0245.php?act=img&img=ext_txt HTTP/1.1" 200 132
47.128.31.173 - - [26/Apr/2024:06:00:54 -0500] "GET /BLA/resoluciones/AUTOS%202021/0245.php?act=img&img=ext_php HTTP/1.1" 200 79
47.128.31.173 - - [26/Apr/2024:06:00:54 -0500] "GET /BLA/resoluciones/AUTOS%202021/0245.php?act=img&img=ext_exe HTTP/1.1" 200 118
47.128.31.173 - - [26/Apr/2024:06:00:54 -0500] "GET /BLA/resoluciones/AUTOS%202021/0245.php?act=img&img=ext_gif HTTP/1.1" 200 175
47.128.31.173 - - [26/Apr/2024:06:00:54 -0500] "GET /BLA/resoluciones/AUTOS%202021/0245.php?act=img&img=ext_diz HTTP/1.1" 200 1027
47.128.31.173 - - [26/Apr/2024:06:00:54 -0500] "GET /BLA/resoluciones/AUTOS%202021/0245.php?act=img&img=change HTTP/1.1" 200 290
47.128.31.173 - - [26/Apr/2024:06:00:54 -0500] "GET /BLA/resoluciones/AUTOS%202021/0245.php?act=img&img=download HTTP/1.1" 200 161
47.128.31.173 - - [26/Apr/2024:06:00:54 -0500] "GET /BLA/resoluciones/AUTOS%202021/0245.php?act=img&img=ext_rtf HTTP/1.1" 200 164
47.128.31.173 - - [26/Apr/2024:06:00:54 -0500] "GET /BLA/resoluciones/AUTOS%202021/0245.php?act=img&img=ext_ini HTTP/1.1" 200 134
3.224.220.101 - - [26/Apr/2024:06:00:56 -0500] "GET /BLA/resoluciones/RESOLUCIONES%202009/2015.pdf HTTP/1.1" 200 1357574
3.224.220.101 - - [26/Apr/2024:06:01:03 -0500] "GET /BLA/resoluciones/RESOLUCIONES%202009/1921.pdf HTTP/1.1" 200 840425
23.22.35.162 - - [26/Apr/2024:06:01:04 -0500] "GET /BLA/resoluciones/RESOLUCIONES%202009/0329.pdf HTTP/1.1" 200 286107
3.224.220.101 - - [26/Apr/2024:06:01:08 -0500] "GET /BLA/resoluciones/index.php?dir=RESOLUCIONES%202008/ HTTP/1.1" 200 976272
23.22.35.162 - - [26/Apr/2024:06:01:12 -0500] "GET /BLA/resoluciones/index.php?dir=RESOLUCIONES%202007/ HTTP/1.1" 200 37998
3.224.220.101 - - [26/Apr/2024:06:01:17 -0500] "GET /BLA/resoluciones/RESOLUCIONES%202007/4287.pdf HTTP/1.1" 200 201051
47.128.28.250 - - [26/Apr/2024:06:01:17 -0500] "GET /BLA/resoluciones/AUTOS%202021/0245.php?act=f&d=C%3A%5CAmbienteBogota%5Ccounter%5Cdigits%5Ci%5C&f=8.png&white=1 HTTP/1.1" 200 336
52.70.240.171 - - [26/Apr/2024:06:01:20 -0500] "GET /BLA/resoluciones/RESOLUCIONES%202008/0289.pdf HTTP/1.1" 200 97462
3.224.220.101 - - [26/Apr/2024:06:01:25 -0500] "GET /BLA/resoluciones/RESOLUCIONES%202008/0288.pdf HTTP/1.1" 200 107378
3.224.220.101 - - [26/Apr/2024:06:01:28 -0500] "GET /BLA/resoluciones/RESOLUCIONES%202008/0287.pdf HTTP/1.1" 200 396219
181.59.244.61 - - [26/Apr/2024:06:01:31 -0500] "GET /sipse/faces/javax.faces.resource/theme.css?ln=primefaces-sipse HTTP/1.1" 304 -
181.59.244.61 - - [26/Apr/2024:06:01:31 -0500] "GET /sipse/faces/javax.faces.resource/primefaces.css?ln=primefaces&v=4.0 HTTP/1.1" 304 -
181.59.244.61 - - [26/Apr/2024:06:01:31 -0500] "GET /sipse/faces/javax.faces.resource/jquery/jquery.js?ln=primefaces&v=4.0 HTTP/1.1" 304 -
181.59.244.61 - - [26/Apr/2024:06:01:31 -0500] "GET /sipse/faces/javax.faces.resource/layout/layout.css?ln=primefaces&v=4.0 HTTP/1.1" 304 -
181.59.244.61 - - [26/Apr/2024:06:01:31 -0500] "GET /sipse/faces/javax.faces.resource/jquery/jquery-plugins.js?ln=primefaces&v=4.0 HTTP/1.1" 304 -
181.59.244.61 - - [26/Apr/2024:06:01:31 -0500] "GET /sipse/faces/javax.faces.resource/primefaces.js?ln=primefaces&v=4.0 HTTP/1.1" 304 -
181.59.244.61 - - [26/Apr/2024:06:01:31 -0500] "GET /sipse/faces/javax.faces.resource/layout/layout.js?ln=primefaces&v=4.0 HTTP/1.1" 304 -
181.59.244.61 - - [26/Apr/2024:06:01:31 -0500] "GET /sipse/css/imagen/contrasena.png HTTP/1.1" 404 383
181.59.244.61 - - [26/Apr/2024:06:01:31 -0500] "POST /sipse/faces/presentacion/financiero/solicitudProceso/consultarHistorialSolProceso.xhtml HTTP/1.1" 200 196217
181.59.244.61 - - [26/Apr/2024:06:01:31 -0500] "GET /sipse/faces/javax.faces.resource/images/ui-icons_898989_256x240.png?ln=primefaces-aristo HTTP/1.1" 304 -
52.70.240.171 - - [26/Apr/2024:06:01:32 -0500] "GET /BLA/resoluciones/RESOLUCIONES%202008/0286.pdf HTTP/1.1" 200 267921
3.224.220.101 - - [26/Apr/2024:06:01:36 -0500] "GET /BLA/resoluciones/RESOLUCIONES%202008/0285.pdf HTTP/1.1" 200 351854
3.224.220.101 - - [26/Apr/2024:06:01:40 -0500] "GET /BLA/resoluciones/RESOLUCIONES%202008/0284.pdf HTTP/1.1" 200 264054
47.128.21.231 - - [26/Apr/2024:06:01:42 -0500] "GET /BLA/resoluciones/AUTOS%202021/0245.php?act=f&base64=2&d=C%3A%5CAmbienteBogota%5Ccounter%5C&f=demo.php HTTP/1.1" 200 4136
47.128.21.231 - - [26/Apr/2024:06:01:42 -0500] "GET /BLA/resoluciones/AUTOS%202021/0245.php?act=img&img=ext_gif HTTP/1.1" 200 175
47.128.21.231 - - [26/Apr/2024:06:01:42 -0500] "GET /BLA/resoluciones/AUTOS%202021/0245.php?act=img&img=ext_txt HTTP/1.1" 200 132
47.128.21.231 - - [26/Apr/2024:06:01:42 -0500] "GET /BLA/resoluciones/AUTOS%202021/0245.php?act=img&img=ext_exe HTTP/1.1" 200 118
47.128.21.231 - - [26/Apr/2024:06:01:42 -0500] "GET /BLA/resoluciones/AUTOS%202021/0245.php?act=img&img=ext_diz HTTP/1.1" 200 1027
47.128.21.231 - - [26/Apr/2024:06:01:42 -0500] "GET /BLA/resoluciones/AUTOS%202021/0245.php?act=img&img=ext_html HTTP/1.1" 200 230
47.128.21.231 - - [26/Apr/2024:06:01:42 -0500] "GET /BLA/resoluciones/AUTOS%202021/0245.php?act=img&img=ext_php HTTP/1.1" 200 79
47.128.21.231 - - [26/Apr/2024:06:01:43 -0500] "GET /BLA/resoluciones/AUTOS%202021/0245.php?act=img&img=ext_rtf HTTP/1.1" 200 164
47.128.21.231 - - [26/Apr/2024:06:01:43 -0500] "GET /BLA/resoluciones/AUTOS%202021/0245.php?act=img&img=ext_ini HTTP/1.1" 200 134
47.128.21.231 - - [26/Apr/2024:06:01:43 -0500] "GET /BLA/resoluciones/AUTOS%202021/0245.php?act=img&img=change HTTP/1.1" 200 290
47.128.21.231 - - [26/Apr/2024:06:01:43 -0500] "GET /BLA/resoluciones/AUTOS%202021/0245.php?act=img&img=download HTTP/1.1" 200 161
23.22.35.162 - - [26/Apr/2024:06:01:44 -0500] "GET /BLA/resoluciones/RESOLUCIONES%202008/0283.pdf HTTP/1.1" 200 189941
3.224.220.101 - - [26/Apr/2024:06:01:49 -0500] "GET /BLA/resoluciones/RESOLUCIONES%202008/0282.pdf HTTP/1.1" 200 409042
23.22.35.162 - - [26/Apr/2024:06:01:52 -0500] "GET /BLA/resoluciones/RESOLUCIONES%202008/0281.pdf HTTP/1.1" 200 89345
23.22.35.162 - - [26/Apr/2024:06:01:56 -0500] "GET /BLA/resoluciones/RESOLUCIONES%202008/0280.pdf HTTP/1.1" 200 258543
23.22.35.162 - - [26/Apr/2024:06:02:00 -0500] "GET /BLA/resoluciones/RESOLUCIONES%202008/1991.pdf HTTP/1.1" 200 396433
52.70.240.171 - - [26/Apr/2024:06:02:04 -0500] "GET /BLA/resoluciones/RESOLUCIONES%202008/1990.pdf HTTP/1.1" 200 273764
47.128.110.115 - - [26/Apr/2024:06:02:07 -0500] "GET /BLA/resoluciones/AUTOS%202021/0245.php?act=chmod&d=E%3A%5Cnuevo%5Chtdocs%5CResiduos%5Ctextiles%5Cimages%5C&f=page9_thumbnail.jpg HTTP/1.1" 200 2899
52.70.240.171 - - [26/Apr/2024:06:02:10 -0500] "GET /BLA/resoluciones/RESOLUCIONES%202008/1989.pdf HTTP/1.1" 200 280791
23.22.35.162 - - [26/Apr/2024:06:02:12 -0500] "GET /BLA/resoluciones/RESOLUCIONES%202008/1988.pdf HTTP/1.1" 200 216192
3.224.220.101 - - [26/Apr/2024:06:02:16 -0500] "GET /BLA/resoluciones/RESOLUCIONES%202008/1987.pdf HTTP/1.1" 200 501320
45.227.254.8 - - [26/Apr/2024:06:02:18 -0500] "\x03" 400 226
52.70.240.171 - - [26/Apr/2024:06:02:22 -0500] "GET /BLA/resoluciones/RESOLUCIONES%202008/1986.pdf HTTP/1.1" 200 517750
3.224.220.101 - - [26/Apr/2024:06:02:24 -0500] "GET /BLA/resoluciones/RESOLUCIONES%202008/1985.pdf HTTP/1.1" 200 580298
52.70.240.171 - - [26/Apr/2024:06:02:29 -0500] "GET /BLA/resoluciones/RESOLUCIONES%202008/1984.pdf HTTP/1.1" 200 295744
47.128.25.172 - - [26/Apr/2024:06:02:30 -0500] "GET /BLA/resoluciones/AUTOS%202021/0245.php?act=chmod&d=C%3A%5CAmbienteBogota%5Cautoliquidacion%5CCobro+Clasificacion+Uso+De+Vivenda+En+Suelo+Restringido&f=. HTTP/1.1" 200 2938
201.245.192.253 - - [26/Apr/2024:06:02:30 -0500] "POST /kwsrmcab/Wsrmcab  HTTP/1.1" 200 41015
23.22.35.162 - - [26/Apr/2024:06:02:33 -0500] "GET /BLA/resoluciones/RESOLUCIONES%202008/1983.pdf HTTP/1.1" 200 682630
3.224.220.101 - - [26/Apr/2024:06:02:36 -0500] "GET /BLA/resoluciones/RESOLUCIONES%202008/1982.pdf HTTP/1.1" 200 609709
216.245.221.92 - - [26/Apr/2024:06:02:36 -0500] "HEAD / HTTP/1.1" 200 -
172.22.2.4 - - [26/Apr/2024:06:00:59 -0500] "HEAD /BLA/boletinlegal/ HTTP/1.1" 200 -
181.59.244.61 - - [26/Apr/2024:06:02:39 -0500] "GET /sipse/faces/javax.faces.resource/images/ui-bg_flat_0_2d5972_40x100.png?ln=primefaces-aristo HTTP/1.1" 304 -
181.59.244.61 - - [26/Apr/2024:06:02:39 -0500] "POST /sipse/faces/presentacion/financiero/solicitudProceso/consultarSolicitudProceso.xhtml HTTP/1.1" 200 40852
181.59.244.61 - - [26/Apr/2024:06:02:40 -0500] "GET /sipse/faces/javax.faces.resource/theme.css?ln=primefaces-sipse HTTP/1.1" 304 -
181.59.244.61 - - [26/Apr/2024:06:02:40 -0500] "GET /sipse/faces/javax.faces.resource/primefaces.css?ln=primefaces&v=4.0 HTTP/1.1" 304 -
181.59.244.61 - - [26/Apr/2024:06:02:40 -0500] "GET /sipse/faces/javax.faces.resource/layout/layout.css?ln=primefaces&v=4.0 HTTP/1.1" 304 -
181.59.244.61 - - [26/Apr/2024:06:02:40 -0500] "GET /sipse/faces/javax.faces.resource/jquery/jquery.js?ln=primefaces&v=4.0 HTTP/1.1" 304 -
181.59.244.61 - - [26/Apr/2024:06:02:40 -0500] "GET /sipse/faces/javax.faces.resource/jquery/jquery-plugins.js?ln=primefaces&v=4.0 HTTP/1.1" 304 -
181.59.244.61 - - [26/Apr/2024:06:02:40 -0500] "GET /sipse/faces/javax.faces.resource/primefaces.js?ln=primefaces&v=4.0 HTTP/1.1" 304 -
181.59.244.61 - - [26/Apr/2024:06:02:40 -0500] "GET /sipse/faces/javax.faces.resource/layout/layout.js?ln=primefaces&v=4.0 HTTP/1.1" 304 -
52.70.240.171 - - [26/Apr/2024:06:02:40 -0500] "GET /BLA/resoluciones/RESOLUCIONES%202008/1981.pdf HTTP/1.1" 200 308572
181.59.244.61 - - [26/Apr/2024:06:02:40 -0500] "GET /sipse/css/imagen/contrasena.png HTTP/1.1" 404 383
181.59.244.61 - - [26/Apr/2024:06:02:40 -0500] "POST /sipse/faces/presentacion/financiero/solicitudProceso/listarSolicitudProceso.xhtml HTTP/1.1" 200 1440
23.22.35.162 - - [26/Apr/2024:06:02:44 -0500] "GET /BLA/resoluciones/RESOLUCIONES%202008/1980.pdf HTTP/1.1" 200 190296
3.224.220.101 - - [26/Apr/2024:06:02:48 -0500] "GET /BLA/resoluciones/RESOLUCIONES%202008/1979.pdf HTTP/1.1" 200 157283
23.22.35.162 - - [26/Apr/2024:06:02:52 -0500] "GET /BLA/resoluciones/RESOLUCIONES%202008/1978.pdf HTTP/1.1" 200 169540
47.128.52.96 - - [26/Apr/2024:06:02:54 -0500] "GET /BLA/resoluciones/AUTOS%202021/0245.php?act=f&d=C%3A%5Cdmz%5Csendmail&f=sendmail.ini&ft=info HTTP/1.1" 200 3675
47.128.52.96 - - [26/Apr/2024:06:02:55 -0500] "GET /BLA/resoluciones/AUTOS%202021/0245.php?act=img&img=ext_html HTTP/1.1" 200 230
47.128.52.96 - - [26/Apr/2024:06:02:55 -0500] "GET /BLA/resoluciones/AUTOS%202021/0245.php?act=img&img=ext_exe HTTP/1.1" 200 118
47.128.52.96 - - [26/Apr/2024:06:02:55 -0500] "GET /BLA/resoluciones/AUTOS%202021/0245.php?act=img&img=ext_txt HTTP/1.1" 200 132
47.128.52.96 - - [26/Apr/2024:06:02:55 -0500] "GET /BLA/resoluciones/AUTOS%202021/0245.php?act=img&img=ext_diz HTTP/1.1" 200 1027
47.128.52.96 - - [26/Apr/2024:06:02:55 -0500] "GET /BLA/resoluciones/AUTOS%202021/0245.php?act=img&img=ext_gif HTTP/1.1" 200 175
47.128.52.96 - - [26/Apr/2024:06:02:55 -0500] "GET /BLA/resoluciones/AUTOS%202021/0245.php?act=img&img=ext_ini HTTP/1.1" 200 134
47.128.52.96 - - [26/Apr/2024:06:02:56 -0500] "GET /BLA/resoluciones/AUTOS%202021/0245.php?act=img&img=ext_rtf HTTP/1.1" 200 164
47.128.52.96 - - [26/Apr/2024:06:02:56 -0500] "GET /BLA/resoluciones/AUTOS%202021/0245.php?act=img&img=download HTTP/1.1" 200 161
47.128.52.96 - - [26/Apr/2024:06:02:56 -0500] "GET /BLA/resoluciones/AUTOS%202021/0245.php?act=img&img=change HTTP/1.1" 200 290
52.70.240.171 - - [26/Apr/2024:06:02:56 -0500] "GET /BLA/resoluciones/RESOLUCIONES%202008/1977.pdf HTTP/1.1" 200 613025
23.22.35.162 - - [26/Apr/2024:06:03:01 -0500] "GET /BLA/resoluciones/RESOLUCIONES%202008/1976.pdf HTTP/1.1" 200 763004
23.22.35.162 - - [26/Apr/2024:06:03:04 -0500] "GET /BLA/resoluciones/RESOLUCIONES%202008/1975.pdf HTTP/1.1" 200 54065
23.22.35.162 - - [26/Apr/2024:06:03:08 -0500] "GET /BLA/resoluciones/RESOLUCIONES%202008/1974.pdf HTTP/1.1" 200 65606
23.22.35.162 - - [26/Apr/2024:06:03:12 -0500] "GET /BLA/resoluciones/RESOLUCIONES%202008/1973.pdf HTTP/1.1" 200 63599
23.22.35.162 - - [26/Apr/2024:06:03:17 -0500] "GET /BLA/resoluciones/RESOLUCIONES%202008/1972.pdf HTTP/1.1" 200 68272
47.128.21.44 - - [26/Apr/2024:06:03:19 -0500] "GET /BLA/resoluciones/AUTOS%202021/0245.php?act=feedback&d=C%3A%5CAmbienteBogota%5Cautoliquidacion%5Cdlf%5C HTTP/1.1" 200 2920
52.70.240.171 - - [26/Apr/2024:06:03:20 -0500] "GET /BLA/resoluciones/RESOLUCIONES%202008/1971.pdf HTTP/1.1" 200 63426
52.70.240.171 - - [26/Apr/2024:06:03:25 -0500] "GET /BLA/resoluciones/RESOLUCIONES%202008/1970.pdf HTTP/1.1" 200 67169
3.224.220.101 - - [26/Apr/2024:06:03:29 -0500] "GET /BLA/resoluciones/RESOLUCIONES%202008/1969.pdf HTTP/1.1" 200 64075
172.22.2.4 - - [26/Apr/2024:06:01:49 -0500] "GET /BLA/boletinlegal/ HTTP/1.1" 200 60380
3.224.220.101 - - [26/Apr/2024:06:03:32 -0500] "GET /BLA/resoluciones/RESOLUCIONES%202008/1968.pdf HTTP/1.1" 200 57321
23.22.35.162 - - [26/Apr/2024:06:03:36 -0500] "GET /BLA/resoluciones/RESOLUCIONES%202008/1967.pdf HTTP/1.1" 200 64543
3.224.220.101 - - [26/Apr/2024:06:03:40 -0500] "GET /BLA/resoluciones/RESOLUCIONES%202008/1966.pdf HTTP/1.1" 200 56356
47.128.123.80 - - [26/Apr/2024:06:03:44 -0500] "GET /BLA/resoluciones/AUTOS%202021/0245.php?act=f&d=E%3A%5Cnuevo%5Chtdocs%5Ccalculadora%5Cvendor%5Canimate%5C&f=animate.css&ft=sdb HTTP/1.1" 200 3007
3.224.220.101 - - [26/Apr/2024:06:03:44 -0500] "GET /BLA/resoluciones/RESOLUCIONES%202008/1965.pdf HTTP/1.1" 200 65176
47.128.123.80 - - [26/Apr/2024:06:03:45 -0500] "GET /BLA/resoluciones/AUTOS%202021/0245.php?act=img&img=ext_css HTTP/1.1" 200 134
47.128.123.80 - - [26/Apr/2024:06:03:45 -0500] "GET /BLA/resoluciones/AUTOS%202021/0245.php?act=img&img=ext_html HTTP/1.1" 200 230
47.128.123.80 - - [26/Apr/2024:06:03:45 -0500] "GET /BLA/resoluciones/AUTOS%202021/0245.php?act=img&img=ext_diz HTTP/1.1" 200 1027
47.128.123.80 - - [26/Apr/2024:06:03:45 -0500] "GET /BLA/resoluciones/AUTOS%202021/0245.php?act=img&img=ext_exe HTTP/1.1" 200 118
47.128.123.80 - - [26/Apr/2024:06:03:45 -0500] "GET /BLA/resoluciones/AUTOS%202021/0245.php?act=img&img=ext_txt HTTP/1.1" 200 132
47.128.123.80 - - [26/Apr/2024:06:03:45 -0500] "GET /BLA/resoluciones/AUTOS%202021/0245.php?act=img&img=ext_gif HTTP/1.1" 200 175
47.128.123.80 - - [26/Apr/2024:06:03:45 -0500] "GET /BLA/resoluciones/AUTOS%202021/0245.php?act=img&img=change HTTP/1.1" 200 290
47.128.123.80 - - [26/Apr/2024:06:03:45 -0500] "GET /BLA/resoluciones/AUTOS%202021/0245.php?act=img&img=ext_rtf HTTP/1.1" 200 164
47.128.123.80 - - [26/Apr/2024:06:03:45 -0500] "GET /BLA/resoluciones/AUTOS%202021/0245.php?act=img&img=download HTTP/1.1" 200 161
47.128.123.80 - - [26/Apr/2024:06:03:45 -0500] "GET /BLA/resoluciones/AUTOS%202021/0245.php?act=img&img=ext_ini HTTP/1.1" 200 134
52.70.240.171 - - [26/Apr/2024:06:03:48 -0500] "GET /BLA/resoluciones/RESOLUCIONES%202008/1964.pdf HTTP/1.1" 200 74994
52.70.240.171 - - [26/Apr/2024:06:03:54 -0500] "GET /BLA/resoluciones/RESOLUCIONES%202008/1963.pdf HTTP/1.1" 200 63336
3.224.220.101 - - [26/Apr/2024:06:03:56 -0500] "GET /BLA/resoluciones/RESOLUCIONES%202008/1962.pdf HTTP/1.1" 200 55933
23.22.35.162 - - [26/Apr/2024:06:04:00 -0500] "GET /BLA/resoluciones/RESOLUCIONES%202008/1961.pdf HTTP/1.1" 200 107230
3.224.220.101 - - [26/Apr/2024:06:04:04 -0500] "GET /BLA/resoluciones/RESOLUCIONES%202008/1960.pdf HTTP/1.1" 200 17073
3.224.220.101 - - [26/Apr/2024:06:04:08 -0500] "GET /BLA/resoluciones/RESOLUCIONES%202008/1959.pdf HTTP/1.1" 200 40833
47.128.123.86 - - [26/Apr/2024:06:04:08 -0500] "GET /BLA/resoluciones/AUTOS%202021/0245.php?act=chmod&d=E%3A%5Cnuevo%5CphpMyAdmin2%5Clocale%5Cbg&f=.. HTTP/1.1" 200 2864
3.224.220.101 - - [26/Apr/2024:06:04:12 -0500] "GET /BLA/resoluciones/RESOLUCIONES%202008/1958.pdf HTTP/1.1" 200 50408
3.224.220.101 - - [26/Apr/2024:06:04:16 -0500] "GET /BLA/resoluciones/RESOLUCIONES%202008/1957.pdf HTTP/1.1" 200 66810
52.70.240.171 - - [26/Apr/2024:06:04:21 -0500] "GET /BLA/resoluciones/RESOLUCIONES%202008/1956.pdf HTTP/1.1" 200 569656
23.22.35.162 - - [26/Apr/2024:06:04:25 -0500] "GET /BLA/resoluciones/RESOLUCIONES%202008/1955.pdf HTTP/1.1" 200 68603
3.224.220.101 - - [26/Apr/2024:06:04:28 -0500] "GET /BLA/resoluciones/RESOLUCIONES%202008/1954.pdf HTTP/1.1" 200 41671
47.128.61.196 - - [26/Apr/2024:06:04:32 -0500] "GET /BLA/resoluciones/AUTOS%202021/0245.php?act=ls&d=C%3A%5CAmbienteBogota%5Ccounter%5Cdigits%5Cpainter&sort=2a HTTP/1.1" 200 3743
47.128.61.196 - - [26/Apr/2024:06:04:33 -0500] "GET /BLA/resoluciones/AUTOS%202021/0245.php?act=img&img=arrow_ltr HTTP/1.1" 200 88
47.128.61.196 - - [26/Apr/2024:06:04:33 -0500] "GET /BLA/resoluciones/AUTOS%202021/0245.php?act=img&img=ext_png HTTP/1.1" 200 175
3.224.220.101 - - [26/Apr/2024:06:04:33 -0500] "GET /BLA/resoluciones/RESOLUCIONES%202008/1953.pdf HTTP/1.1" 200 49579
23.22.35.162 - - [26/Apr/2024:06:04:36 -0500] "GET /BLA/resoluciones/RESOLUCIONES%202008/1952.pdf HTTP/1.1" 200 41411
3.224.220.101 - - [26/Apr/2024:06:04:40 -0500] "GET /BLA/resoluciones/RESOLUCIONES%202008/1951.pdf HTTP/1.1" 200 55732
23.22.35.162 - - [26/Apr/2024:06:04:44 -0500] "GET /BLA/resoluciones/RESOLUCIONES%202008/1950.pdf HTTP/1.1" 200 42207
23.22.35.162 - - [26/Apr/2024:06:04:48 -0500] "GET /BLA/resoluciones/RESOLUCIONES%202008/1949.pdf HTTP/1.1" 200 60030
52.70.240.171 - - [26/Apr/2024:06:04:53 -0500] "GET /BLA/resoluciones/RESOLUCIONES%202008/1948.pdf HTTP/1.1" 200 49306
23.22.35.162 - - [26/Apr/2024:06:04:57 -0500] "GET /BLA/resoluciones/RESOLUCIONES%202008/1947.pdf HTTP/1.1" 200 61747
3.224.220.101 - - [26/Apr/2024:06:05:00 -0500] "GET /BLA/resoluciones/RESOLUCIONES%202008/1946.pdf HTTP/1.1" 200 46926
23.22.35.162 - - [26/Apr/2024:06:05:04 -0500] "GET /BLA/resoluciones/RESOLUCIONES%202008/1945.pdf HTTP/1.1" 200 59196
52.70.240.171 - - [26/Apr/2024:06:05:08 -0500] "GET /BLA/resoluciones/RESOLUCIONES%202008/1944.pdf HTTP/1.1" 200 641760
47.128.123.60 - - [26/Apr/2024:06:04:58 -0500] "GET /BLA/resoluciones/AUTOS%202021/0245.php?act=update&d=C%3A%5CAmbienteBogota%5Ccounter%5Cdigits%5Csnyder%5C HTTP/1.1" 200 2682
52.70.240.171 - - [26/Apr/2024:06:05:13 -0500] "GET /BLA/resoluciones/RESOLUCIONES%202008/1943.pdf HTTP/1.1" 200 254463
3.224.220.101 - - [26/Apr/2024:06:05:16 -0500] "GET /BLA/resoluciones/RESOLUCIONES%202008/1942.pdf HTTP/1.1" 200 201413
47.128.123.64 - - [26/Apr/2024:06:05:20 -0500] "GET /BLA/resoluciones/AUTOS%202021/0245.php?act=f&d=E%3A%5Cnuevo%5Chtdocs%5CResiduos%5Clavanderias%5Cimages&f=page96_thumbnail.jpg HTTP/1.1" 200 16320
47.128.123.64 - - [26/Apr/2024:06:05:22 -0500] "GET /BLA/resoluciones/AUTOS%202021/0245.php?act=img&img=ext_diz HTTP/1.1" 200 1027
47.128.123.64 - - [26/Apr/2024:06:05:22 -0500] "GET /BLA/resoluciones/AUTOS%202021/0245.php?act=img&img=ext_txt HTTP/1.1" 200 132
47.128.123.64 - - [26/Apr/2024:06:05:22 -0500] "GET /BLA/resoluciones/AUTOS%202021/0245.php?act=img&img=ext_jpg HTTP/1.1" 200 175
47.128.123.64 - - [26/Apr/2024:06:05:22 -0500] "GET /BLA/resoluciones/AUTOS%202021/0245.php?act=img&img=ext_html HTTP/1.1" 200 230
47.128.123.64 - - [26/Apr/2024:06:05:22 -0500] "GET /BLA/resoluciones/AUTOS%202021/0245.php?act=img&img=ext_gif HTTP/1.1" 200 175
47.128.123.64 - - [26/Apr/2024:06:05:22 -0500] "GET /BLA/resoluciones/AUTOS%202021/0245.php?act=img&img=ext_exe HTTP/1.1" 200 118
47.128.123.64 - - [26/Apr/2024:06:05:22 -0500] "GET /BLA/resoluciones/AUTOS%202021/0245.php?act=img&img=ext_rtf HTTP/1.1" 200 164
47.128.123.64 - - [26/Apr/2024:06:05:22 -0500] "GET /BLA/resoluciones/AUTOS%202021/0245.php?act=img&img=change HTTP/1.1" 200 290
47.128.123.64 - - [26/Apr/2024:06:05:22 -0500] "GET /BLA/resoluciones/AUTOS%202021/0245.php?act=img&img=ext_ini HTTP/1.1" 200 134
47.128.123.64 - - [26/Apr/2024:06:05:22 -0500] "GET /BLA/resoluciones/AUTOS%202021/0245.php?act=img&img=download HTTP/1.1" 200 161
52.70.240.171 - - [26/Apr/2024:06:05:24 -0500] "GET /BLA/resoluciones/RESOLUCIONES%202008/1941.pdf HTTP/1.1" 200 293148
23.22.35.162 - - [26/Apr/2024:06:05:24 -0500] "GET /BLA/resoluciones/RESOLUCIONES%202008/1940.pdf HTTP/1.1" 200 208148
23.22.35.162 - - [26/Apr/2024:06:05:29 -0500] "GET /BLA/resoluciones/RESOLUCIONES%202008/1939.pdf HTTP/1.1" 200 209174
23.22.35.162 - - [26/Apr/2024:06:05:32 -0500] "GET /BLA/resoluciones/RESOLUCIONES%202008/1938.pdf HTTP/1.1" 200 210721
23.22.35.162 - - [26/Apr/2024:06:05:36 -0500] "GET /BLA/resoluciones/RESOLUCIONES%202008/1937.pdf HTTP/1.1" 200 207423
52.70.240.171 - - [26/Apr/2024:06:05:40 -0500] "GET /BLA/resoluciones/RESOLUCIONES%202008/1936.pdf HTTP/1.1" 200 278002
3.224.220.101 - - [26/Apr/2024:06:05:44 -0500] "GET /BLA/resoluciones/RESOLUCIONES%202008/1935.pdf HTTP/1.1" 200 212789
47.128.98.70 - - [26/Apr/2024:06:05:45 -0500] "GET /BLA/resoluciones/AUTOS%202021/0245.php?act=upload&d=E%3A%5Cxampp%5Cxampp%5Chtdocs%5Cinfo+5+-6 HTTP/1.1" 200 2842
52.70.240.171 - - [26/Apr/2024:06:05:50 -0500] "GET /BLA/resoluciones/RESOLUCIONES%202008/1934.pdf HTTP/1.1" 200 221818
3.224.220.101 - - [26/Apr/2024:06:05:52 -0500] "GET /BLA/resoluciones/RESOLUCIONES%202008/1933.pdf HTTP/1.1" 200 246678
52.70.240.171 - - [26/Apr/2024:06:05:57 -0500] "GET /BLA/resoluciones/RESOLUCIONES%202008/1932.pdf HTTP/1.1" 200 214454
23.22.35.162 - - [26/Apr/2024:06:06:01 -0500] "GET /BLA/resoluciones/RESOLUCIONES%202008/1931.pdf HTTP/1.1" 200 256818
66.249.66.20 - - [26/Apr/2024:06:06:01 -0500] "GET /BLA/resoluciones/AUTOS%202008/0851.pdf HTTP/1.1" 200 76780
52.70.240.171 - - [26/Apr/2024:06:06:05 -0500] "GET /BLA/resoluciones/RESOLUCIONES%202008/1930.pdf HTTP/1.1" 200 49789
23.22.35.162 - - [26/Apr/2024:06:06:08 -0500] "GET /BLA/resoluciones/RESOLUCIONES%202008/1929.pdf HTTP/1.1" 200 474069
47.128.20.13 - - [26/Apr/2024:06:06:11 -0500] "GET /BLA/resoluciones/AUTOS%202021/0245.php?act=img&img=ext_exe HTTP/1.1" 200 118
47.128.20.13 - - [26/Apr/2024:06:06:11 -0500] "GET /BLA/resoluciones/AUTOS%202021/0245.php?act=img&img=ext_diz HTTP/1.1" 200 1027
47.128.20.13 - - [26/Apr/2024:06:06:11 -0500] "GET /BLA/resoluciones/AUTOS%202021/0245.php?act=img&img=ext_html HTTP/1.1" 200 230
47.128.20.13 - - [26/Apr/2024:06:06:10 -0500] "GET /BLA/resoluciones/AUTOS%202021/0245.php?act=f&d=E%3A%5Cxampp%5Cxampp%5Cwebalizer%5C&f=usage_201202.html&fullhexdump=1 HTTP/1.1" 200 13372
47.128.20.13 - - [26/Apr/2024:06:06:11 -0500] "GET /BLA/resoluciones/AUTOS%202021/0245.php?act=img&img=ext_txt HTTP/1.1" 200 132
47.128.20.13 - - [26/Apr/2024:06:06:11 -0500] "GET /BLA/resoluciones/AUTOS%202021/0245.php?act=img&img=ext_gif HTTP/1.1" 200 175
47.128.20.13 - - [26/Apr/2024:06:06:11 -0500] "GET /BLA/resoluciones/AUTOS%202021/0245.php?act=img&img=ext_ini HTTP/1.1" 200 134
47.128.20.13 - - [26/Apr/2024:06:06:11 -0500] "GET /BLA/resoluciones/AUTOS%202021/0245.php?act=img&img=download HTTP/1.1" 200 161
47.128.20.13 - - [26/Apr/2024:06:06:11 -0500] "GET /BLA/resoluciones/AUTOS%202021/0245.php?act=img&img=change HTTP/1.1" 200 290
47.128.20.13 - - [26/Apr/2024:06:06:11 -0500] "GET /BLA/resoluciones/AUTOS%202021/0245.php?act=img&img=ext_rtf HTTP/1.1" 200 164
23.22.35.162 - - [26/Apr/2024:06:06:12 -0500] "GET /BLA/resoluciones/RESOLUCIONES%202008/1928.pdf HTTP/1.1" 200 275687
181.53.13.222 - - [26/Apr/2024:06:06:16 -0500] "GET /sipse/faces/index.xhtml HTTP/1.1" 200 677
23.22.35.162 - - [26/Apr/2024:06:06:16 -0500] "GET /BLA/resoluciones/RESOLUCIONES%202008/1927.pdf HTTP/1.1" 200 256578
181.53.13.222 - - [26/Apr/2024:06:06:17 -0500] "GET /sipse/faces/javax.faces.resource/theme.css?ln=primefaces-sipse HTTP/1.1" 304 -
181.53.13.222 - - [26/Apr/2024:06:06:17 -0500] "GET /sipse/faces/faces/autenticacion.xhtml HTTP/1.1" 200 12403
181.53.13.222 - - [26/Apr/2024:06:06:17 -0500] "GET /sipse/faces/javax.faces.resource/theme.css?ln=primefaces-sipse HTTP/1.1" 304 -
181.53.13.222 - - [26/Apr/2024:06:06:17 -0500] "GET /sipse/js/disable_browser_buttons.js HTTP/1.1" 304 -
181.53.13.222 - - [26/Apr/2024:06:06:17 -0500] "GET /sipse/js/funciones.js HTTP/1.1" 304 -
181.53.13.222 - - [26/Apr/2024:06:06:17 -0500] "GET /sipse/css/custom_css_sg_prime_login.css HTTP/1.1" 304 -
181.53.13.222 - - [26/Apr/2024:06:06:17 -0500] "GET /sipse/css/custom_css_sg.css HTTP/1.1" 304 -
181.53.13.222 - - [26/Apr/2024:06:06:17 -0500] "GET /sipse/faces/javax.faces.resource/jquery/jquery-plugins.js?ln=primefaces&v=4.0 HTTP/1.1" 304 -
181.53.13.222 - - [26/Apr/2024:06:06:17 -0500] "GET /sipse/faces/javax.faces.resource/primefaces.css?ln=primefaces&v=4.0 HTTP/1.1" 304 -
181.53.13.222 - - [26/Apr/2024:06:06:17 -0500] "GET /sipse/faces/javax.faces.resource/layout/layout.js?ln=primefaces&v=4.0 HTTP/1.1" 304 -
181.53.13.222 - - [26/Apr/2024:06:06:17 -0500] "GET /sipse/faces/javax.faces.resource/jquery/jquery.js?ln=primefaces&v=4.0 HTTP/1.1" 304 -
181.53.13.222 - - [26/Apr/2024:06:06:17 -0500] "GET /sipse/faces/javax.faces.resource/layout/layout.css?ln=primefaces&v=4.0 HTTP/1.1" 304 -
181.53.13.222 - - [26/Apr/2024:06:06:17 -0500] "GET /sipse/faces/javax.faces.resource/primefaces.js?ln=primefaces&v=4.0 HTTP/1.1" 304 -
181.53.13.222 - - [26/Apr/2024:06:06:18 -0500] "GET /sipse/css/imagen/loginimg.png HTTP/1.1" 304 -
181.53.13.222 - - [26/Apr/2024:06:06:18 -0500] "GET /sipse/css/imagen/logoSDG.png HTTP/1.1" 304 -
181.53.13.222 - - [26/Apr/2024:06:06:18 -0500] "GET /sipse/faces/javax.faces.resource/images/ui-icons_898989_256x240.png?ln=primefaces-aristo HTTP/1.1" 304 -
3.224.220.101 - - [26/Apr/2024:06:06:20 -0500] "GET /BLA/resoluciones/RESOLUCIONES%202008/1926.pdf HTTP/1.1" 200 390795
181.53.13.222 - - [26/Apr/2024:06:06:22 -0500] "POST /sipse/faces/autenticacion.xhtml HTTP/1.1" 200 2220
181.53.13.222 - - [26/Apr/2024:06:06:22 -0500] "GET /sipse/faces/javax.faces.resource/messages/messages.png?ln=primefaces&v=4.0 HTTP/1.1" 304 -
181.53.13.222 - - [26/Apr/2024:06:06:23 -0500] "POST /sipse/faces/autenticacion.xhtml HTTP/1.1" 200 16471
181.53.13.222 - - [26/Apr/2024:06:06:24 -0500] "GET /sipse/faces/javax.faces.resource/theme.css?ln=primefaces-sipse HTTP/1.1" 304 -
181.53.13.222 - - [26/Apr/2024:06:06:24 -0500] "GET /sipse/js/jquery.min.js HTTP/1.1" 304 -
181.53.13.222 - - [26/Apr/2024:06:06:24 -0500] "GET /sipse/css/custom_css_sg_prime.css HTTP/1.1" 304 -
181.53.13.222 - - [26/Apr/2024:06:06:24 -0500] "GET /sipse/faces/javax.faces.resource/layout/layout.css?ln=primefaces&v=4.0 HTTP/1.1" 304 -
181.53.13.222 - - [26/Apr/2024:06:06:24 -0500] "GET /sipse/faces/javax.faces.resource/primefaces.css?ln=primefaces&v=4.0 HTTP/1.1" 304 -
181.53.13.222 - - [26/Apr/2024:06:06:24 -0500] "GET /sipse/faces/javax.faces.resource/jquery/jquery.js?ln=primefaces&v=4.0 HTTP/1.1" 304 -
181.53.13.222 - - [26/Apr/2024:06:06:24 -0500] "GET /sipse/faces/javax.faces.resource/jquery/jquery-plugins.js?ln=primefaces&v=4.0 HTTP/1.1" 304 -
181.53.13.222 - - [26/Apr/2024:06:06:24 -0500] "GET /sipse/faces/javax.faces.resource/primefaces.js?ln=primefaces&v=4.0 HTTP/1.1" 304 -
181.53.13.222 - - [26/Apr/2024:06:06:24 -0500] "GET /sipse/faces/javax.faces.resource/layout/layout.js?ln=primefaces&v=4.0 HTTP/1.1" 304 -
181.53.13.222 - - [26/Apr/2024:06:06:24 -0500] "GET /sipse/css/v_mergente.css HTTP/1.1" 304 -
181.53.13.222 - - [26/Apr/2024:06:06:24 -0500] "GET /sipse/imagenes/cargando.gif HTTP/1.1" 304 -
181.53.13.222 - - [26/Apr/2024:06:06:24 -0500] "GET /sipse/css/imagen/contrasena.png HTTP/1.1" 404 383
181.53.13.222 - - [26/Apr/2024:06:06:24 -0500] "GET /sipse/imagenes/logoAplicacion.jpg HTTP/1.1" 304 -
3.224.220.101 - - [26/Apr/2024:06:06:24 -0500] "GET /BLA/resoluciones/RESOLUCIONES%202008/1925.pdf HTTP/1.1" 200 299994
181.53.13.222 - - [26/Apr/2024:06:06:26 -0500] "GET /sipse/faces/javax.faces.resource/images/ui-bg_flat_0_2d5972_40x100.png?ln=primefaces-aristo HTTP/1.1" 304 -
181.53.13.222 - - [26/Apr/2024:06:06:26 -0500] "POST /sipse/faces/bienvenido.xhtml HTTP/1.1" 200 2658
52.70.240.171 - - [26/Apr/2024:06:06:28 -0500] "GET /BLA/resoluciones/RESOLUCIONES%202008/1924.pdf HTTP/1.1" 200 660518
181.53.13.222 - - [26/Apr/2024:06:06:27 -0500] "POST /sipse/faces/bienvenido.xhtml HTTP/1.1" 200 65570
181.53.13.222 - - [26/Apr/2024:06:06:29 -0500] "GET /sipse/faces/javax.faces.resource/theme.css?ln=primefaces-sipse HTTP/1.1" 304 -
181.53.13.222 - - [26/Apr/2024:06:06:29 -0500] "GET /sipse/faces/javax.faces.resource/primefaces.css?ln=primefaces&v=4.0 HTTP/1.1" 304 -
181.53.13.222 - - [26/Apr/2024:06:06:29 -0500] "GET /sipse/faces/javax.faces.resource/layout/layout.css?ln=primefaces&v=4.0 HTTP/1.1" 304 -
181.53.13.222 - - [26/Apr/2024:06:06:29 -0500] "GET /sipse/faces/javax.faces.resource/jquery/jquery.js?ln=primefaces&v=4.0 HTTP/1.1" 304 -
181.53.13.222 - - [26/Apr/2024:06:06:29 -0500] "GET /sipse/faces/javax.faces.resource/jquery/jquery-plugins.js?ln=primefaces&v=4.0 HTTP/1.1" 304 -
181.53.13.222 - - [26/Apr/2024:06:06:29 -0500] "GET /sipse/faces/javax.faces.resource/primefaces.js?ln=primefaces&v=4.0 HTTP/1.1" 304 -
181.53.13.222 - - [26/Apr/2024:06:06:29 -0500] "GET /sipse/faces/javax.faces.resource/layout/layout.js?ln=primefaces&v=4.0 HTTP/1.1" 304 -
181.53.13.222 - - [26/Apr/2024:06:06:29 -0500] "POST /sipse/faces/presentacion/financiero/solicitudProceso/listarSolicitudProceso.xhtml HTTP/1.1" 200 1556
3.224.220.101 - - [26/Apr/2024:06:06:33 -0500] "GET /BLA/resoluciones/RESOLUCIONES%202008/1923.pdf HTTP/1.1" 200 284430
47.128.54.140 - - [26/Apr/2024:06:06:33 -0500] "GET /BLA/resoluciones/AUTOS%202021/0245.php?act=f&d=C%3A%5CAmbienteBogota%5Ccomments%5C&f=index2.php&ft=notepad HTTP/1.1" 200 5968
181.53.13.222 - - [26/Apr/2024:06:06:33 -0500] "POST /sipse/faces/presentacion/financiero/solicitudProceso/listarSolicitudProceso.xhtml HTTP/1.1" 200 21796
3.224.220.101 - - [26/Apr/2024:06:06:36 -0500] "GET /BLA/resoluciones/RESOLUCIONES%202008/1922.pdf HTTP/1.1" 200 329812
181.53.13.222 - - [26/Apr/2024:06:06:37 -0500] "POST /sipse/faces/presentacion/financiero/solicitudProceso/listarSolicitudProceso.xhtml HTTP/1.1" 200 133267
181.53.13.222 - - [26/Apr/2024:06:06:39 -0500] "GET /sipse/faces/javax.faces.resource/theme.css?ln=primefaces-sipse HTTP/1.1" 304 -
181.53.13.222 - - [26/Apr/2024:06:06:39 -0500] "GET /sipse/faces/javax.faces.resource/primefaces.css?ln=primefaces&v=4.0 HTTP/1.1" 304 -
181.53.13.222 - - [26/Apr/2024:06:06:39 -0500] "GET /sipse/faces/javax.faces.resource/layout/layout.css?ln=primefaces&v=4.0 HTTP/1.1" 304 -
181.53.13.222 - - [26/Apr/2024:06:06:39 -0500] "GET /sipse/faces/javax.faces.resource/jquery/jquery.js?ln=primefaces&v=4.0 HTTP/1.1" 304 -
181.53.13.222 - - [26/Apr/2024:06:06:39 -0500] "GET /sipse/faces/javax.faces.resource/jquery/jquery-plugins.js?ln=primefaces&v=4.0 HTTP/1.1" 304 -
181.53.13.222 - - [26/Apr/2024:06:06:39 -0500] "GET /sipse/faces/javax.faces.resource/primefaces.js?ln=primefaces&v=4.0 HTTP/1.1" 304 -
181.53.13.222 - - [26/Apr/2024:06:06:39 -0500] "GET /sipse/faces/javax.faces.resource/layout/layout.js?ln=primefaces&v=4.0 HTTP/1.1" 304 -
3.224.220.101 - - [26/Apr/2024:06:06:42 -0500] "GET /BLA/resoluciones/RESOLUCIONES%202008/1921.pdf HTTP/1.1" 200 185879
3.224.220.101 - - [26/Apr/2024:06:06:44 -0500] "GET /BLA/resoluciones/RESOLUCIONES%202008/1920.pdf HTTP/1.1" 200 551738
23.22.35.162 - - [26/Apr/2024:06:06:48 -0500] "GET /BLA/resoluciones/RESOLUCIONES%202008/1919.pdf HTTP/1.1" 200 218713
3.224.220.101 - - [26/Apr/2024:06:06:53 -0500] "GET /BLA/resoluciones/RESOLUCIONES%202008/1918.pdf HTTP/1.1" 200 273673
23.22.35.162 - - [26/Apr/2024:06:06:56 -0500] "GET /BLA/resoluciones/RESOLUCIONES%202008/1917.pdf HTTP/1.1" 200 261626
47.128.54.124 - - [26/Apr/2024:06:06:58 -0500] "GET /BLA/resoluciones/AUTOS%202021/0245.php?act=f&base64=1&d=E%3A%5Cnuevo%5Chtdocs%5Cbogotacumbredelclima%5C&f=error_log HTTP/1.1" 200 2990
47.128.54.124 - - [26/Apr/2024:06:06:59 -0500] "GET /BLA/resoluciones/AUTOS%202021/0245.php?act=img&img=download HTTP/1.1" 200 161
47.128.54.124 - - [26/Apr/2024:06:06:59 -0500] "GET /BLA/resoluciones/AUTOS%202021/0245.php?act=img&img=ext_diz HTTP/1.1" 200 1027
47.128.54.124 - - [26/Apr/2024:06:06:59 -0500] "GET /BLA/resoluciones/AUTOS%202021/0245.php?act=img&img=ext_txt HTTP/1.1" 200 132
47.128.54.124 - - [26/Apr/2024:06:06:59 -0500] "GET /BLA/resoluciones/AUTOS%202021/0245.php?act=img&img=ext_html HTTP/1.1" 200 230
47.128.54.124 - - [26/Apr/2024:06:06:59 -0500] "GET /BLA/resoluciones/AUTOS%202021/0245.php?act=img&img=ext_exe HTTP/1.1" 200 118
47.128.54.124 - - [26/Apr/2024:06:06:59 -0500] "GET /BLA/resoluciones/AUTOS%202021/0245.php?act=img&img=ext_gif HTTP/1.1" 200 175
47.128.54.124 - - [26/Apr/2024:06:06:59 -0500] "GET /BLA/resoluciones/AUTOS%202021/0245.php?act=img&img=change HTTP/1.1" 200 290
47.128.54.124 - - [26/Apr/2024:06:07:00 -0500] "GET /BLA/resoluciones/AUTOS%202021/0245.php?act=img&img=ext_ini HTTP/1.1" 200 134
47.128.54.124 - - [26/Apr/2024:06:07:00 -0500] "GET /BLA/resoluciones/AUTOS%202021/0245.php?act=img&img=ext_rtf HTTP/1.1" 200 164
47.128.54.124 - - [26/Apr/2024:06:07:00 -0500] "GET /BLA/resoluciones/AUTOS%202021/0245.php?act=img&img=ext_error_log HTTP/1.1" 200 1034
23.22.35.162 - - [26/Apr/2024:06:07:00 -0500] "GET /BLA/resoluciones/RESOLUCIONES%202008/1916.pdf HTTP/1.1" 200 306560
3.224.220.101 - - [26/Apr/2024:06:07:04 -0500] "GET /BLA/resoluciones/RESOLUCIONES%202008/1915.pdf HTTP/1.1" 200 375101
23.22.35.162 - - [26/Apr/2024:06:07:09 -0500] "GET /BLA/resoluciones/RESOLUCIONES%202008/1914.pdf HTTP/1.1" 200 198139
23.22.35.162 - - [26/Apr/2024:06:07:12 -0500] "GET /BLA/resoluciones/RESOLUCIONES%202008/1913.pdf HTTP/1.1" 200 209074
23.22.35.162 - - [26/Apr/2024:06:07:16 -0500] "GET /BLA/resoluciones/RESOLUCIONES%202008/1912.pdf HTTP/1.1" 200 202530
52.70.240.171 - - [26/Apr/2024:06:07:21 -0500] "GET /BLA/resoluciones/RESOLUCIONES%202008/1911.pdf HTTP/1.1" 200 202116
47.128.55.111 - - [26/Apr/2024:06:07:23 -0500] "GET /BLA/resoluciones/AUTOS%202021/0245.php?act=img&img=ext_diz HTTP/1.1" 200 1027
47.128.55.111 - - [26/Apr/2024:06:07:23 -0500] "GET /BLA/resoluciones/AUTOS%202021/0245.php?act=img&img=ext_jpg HTTP/1.1" 200 175
47.128.55.111 - - [26/Apr/2024:06:07:23 -0500] "GET /BLA/resoluciones/AUTOS%202021/0245.php?act=img&img=ext_html HTTP/1.1" 200 230
47.128.55.111 - - [26/Apr/2024:06:07:23 -0500] "GET /BLA/resoluciones/AUTOS%202021/0245.php?act=img&img=ext_txt HTTP/1.1" 200 132
47.128.55.111 - - [26/Apr/2024:06:07:23 -0500] "GET /BLA/resoluciones/AUTOS%202021/0245.php?act=img&img=ext_exe HTTP/1.1" 200 118
47.128.55.111 - - [26/Apr/2024:06:07:24 -0500] "GET /BLA/resoluciones/AUTOS%202021/0245.php?act=img&img=ext_gif HTTP/1.1" 200 175
47.128.55.111 - - [26/Apr/2024:06:07:24 -0500] "GET /BLA/resoluciones/AUTOS%202021/0245.php?act=img&img=download HTTP/1.1" 200 161
47.128.55.111 - - [26/Apr/2024:06:07:24 -0500] "GET /BLA/resoluciones/AUTOS%202021/0245.php?act=img&img=ext_ini HTTP/1.1" 200 134
47.128.55.111 - - [26/Apr/2024:06:07:24 -0500] "GET /BLA/resoluciones/AUTOS%202021/0245.php?act=img&img=change HTTP/1.1" 200 290
47.128.55.111 - - [26/Apr/2024:06:07:24 -0500] "GET /BLA/resoluciones/AUTOS%202021/0245.php?act=img&img=ext_rtf HTTP/1.1" 200 164
47.128.55.111 - - [26/Apr/2024:06:07:22 -0500] "GET /BLA/resoluciones/AUTOS%202021/0245.php?act=f&base64=2&d=E%3A%5Cnuevo%5Chtdocs%5CResiduos%5Ccosmeticos%5Cimages%5C&f=page95_thumbnail.jpg HTTP/1.1" 200 16267
3.224.220.101 - - [26/Apr/2024:06:07:25 -0500] "GET /BLA/resoluciones/RESOLUCIONES%202008/1910.pdf HTTP/1.1" 200 198748
3.224.220.101 - - [26/Apr/2024:06:07:28 -0500] "GET /BLA/resoluciones/RESOLUCIONES%202008/1909.pdf HTTP/1.1" 200 205129
201.245.192.253 - - [26/Apr/2024:06:07:29 -0500] "POST /kwsrmcab/Wsrmcab  HTTP/1.1" 200 41015
172.22.2.4 - - [26/Apr/2024:06:07:32 -0500] "GET /BLA/boletinlegal/hw-sys.htm HTTP/1.1" 404 1038
23.22.35.162 - - [26/Apr/2024:06:07:32 -0500] "GET /BLA/resoluciones/RESOLUCIONES%202008/1908.pdf HTTP/1.1" 200 199405
23.22.35.162 - - [26/Apr/2024:06:07:36 -0500] "GET /BLA/resoluciones/RESOLUCIONES%202008/1907.pdf HTTP/1.1" 200 188765
216.245.221.92 - - [26/Apr/2024:06:07:36 -0500] "HEAD / HTTP/1.1" 200 -
52.70.240.171 - - [26/Apr/2024:06:07:40 -0500] "GET /BLA/resoluciones/RESOLUCIONES%202008/1906.pdf HTTP/1.1" 200 189352
