!C99Shell v. 1.0 pre-release build #13!

Software: Apache. PHP/5.5.15 

uname -a: Windows NT SVR-DMZ 6.1 build 7600 (Windows Server 2008 R2 Enterprise Edition) i586 

SYSTEM 

Safe-mode: OFF (not secure)

E:\nuevo\apache\logs\   drwxrwxrwx
Free 5.02 GB of 239.26 GB (2.1%)
Detected drives: [ a ] [ c ] [ d ] [ e ] [ f ]
Home    Back    Forward    UPDIR    Refresh    Search    Buffer    Encoder    Tools    Proc.    FTP brute    Sec.    SQL    PHP-code    Update    Feedback    Self remove    Logout    


Viewing file:     access.2024.04.26.log (11.92 MB)      -rw-rw-rw-
Select action/file-type:
(+) | (+) | (+) | Code (+) | Session (+) | (+) | SDB (+) | (+) | (+) | (+) | (+) | (+) |
52.70.240.171 - - [26/Apr/2024:00:00:01 -0500] "GET /BLA/resoluciones/RESOLUCIONES%202011/3584.pdf HTTP/1.1" 200 547300
23.22.35.162 - - [26/Apr/2024:00:00:05 -0500] "GET /BLA/resoluciones/RESOLUCIONES%202011/3583.pdf HTTP/1.1" 200 546830
52.70.240.171 - - [26/Apr/2024:00:00:09 -0500] "GET /BLA/resoluciones/RESOLUCIONES%202011/3582.pdf HTTP/1.1" 200 545040
52.70.240.171 - - [26/Apr/2024:00:00:13 -0500] "GET /BLA/resoluciones/RESOLUCIONES%202011/3581.pdf HTTP/1.1" 200 491480
47.128.30.241 - - [26/Apr/2024:00:00:14 -0500] "GET /BLA/resoluciones/AUTOS%202021/0245.php?act=eval&d=E%3A%5Cnuevo%5Chtdocs%5CPMA+RAMSAR%5C6.+Capitulo+V.+Plan+de+accion%5C HTTP/1.1" 200 2793
52.70.240.171 - - [26/Apr/2024:00:00:18 -0500] "GET /BLA/resoluciones/RESOLUCIONES%202011/3580.pdf HTTP/1.1" 200 548992
52.70.240.171 - - [26/Apr/2024:00:00:22 -0500] "GET /BLA/resoluciones/RESOLUCIONES%202011/3579.pdf HTTP/1.1" 200 549106
52.70.240.171 - - [26/Apr/2024:00:00:27 -0500] "GET /BLA/resoluciones/RESOLUCIONES%202011/3578.pdf HTTP/1.1" 200 552378
23.22.35.162 - - [26/Apr/2024:00:00:29 -0500] "GET /BLA/resoluciones/RESOLUCIONES%202011/3577.pdf HTTP/1.1" 200 555782
52.70.240.171 - - [26/Apr/2024:00:00:34 -0500] "GET /BLA/resoluciones/RESOLUCIONES%202011/3576.pdf HTTP/1.1" 200 557446
47.128.30.227 - - [26/Apr/2024:00:00:37 -0500] "GET /BLA/resoluciones/AUTOS%202021/0245.php?act=chmod&d=C%3A%5CAmbienteBogota%5Ccounter%5Cdigits%5Cneuland&f=1.png HTTP/1.1" 200 2881
23.22.35.162 - - [26/Apr/2024:00:00:37 -0500] "GET /BLA/resoluciones/RESOLUCIONES%202011/3575.pdf HTTP/1.1" 200 562306
3.224.220.101 - - [26/Apr/2024:00:00:41 -0500] "GET /BLA/resoluciones/RESOLUCIONES%202011/3573.pdf HTTP/1.1" 200 708070
23.22.35.162 - - [26/Apr/2024:00:00:45 -0500] "GET /BLA/resoluciones/RESOLUCIONES%202011/3572.pdf HTTP/1.1" 200 755016
103.204.185.17 - - [26/Apr/2024:00:00:49 -0500] "POST /GponForm/diag_Form?images/ HTTP/1.1" 404 1022
103.204.185.17 - - [26/Apr/2024:00:00:49 -0500] "POST /GponForm/diag_Form?images/ HTTP/1.1" 404 1022
52.70.240.171 - - [26/Apr/2024:00:00:49 -0500] "GET /BLA/resoluciones/RESOLUCIONES%202011/3571.pdf HTTP/1.1" 200 756142
3.224.220.101 - - [26/Apr/2024:00:00:53 -0500] "GET /BLA/resoluciones/RESOLUCIONES%202011/3570.pdf HTTP/1.1" 200 674478
23.22.35.162 - - [26/Apr/2024:00:00:57 -0500] "GET /BLA/resoluciones/RESOLUCIONES%202011/3569.pdf HTTP/1.1" 200 756398
52.70.240.171 - - [26/Apr/2024:00:01:02 -0500] "GET /BLA/resoluciones/RESOLUCIONES%202011/3568.pdf HTTP/1.1" 200 758638
47.128.117.30 - - [26/Apr/2024:00:01:03 -0500] "GET /BLA/resoluciones/AUTOS%202021/0245.php?act=img&img=ext_diz HTTP/1.1" 200 1027
47.128.117.30 - - [26/Apr/2024:00:01:03 -0500] "GET /BLA/resoluciones/AUTOS%202021/0245.php?act=img&img=ext_html HTTP/1.1" 200 230
47.128.117.30 - - [26/Apr/2024:00:01:03 -0500] "GET /BLA/resoluciones/AUTOS%202021/0245.php?act=img&img=ext_txt HTTP/1.1" 200 132
47.128.117.30 - - [26/Apr/2024:00:01:03 -0500] "GET /BLA/resoluciones/AUTOS%202021/0245.php?act=img&img=ext_jpg HTTP/1.1" 200 175
47.128.117.30 - - [26/Apr/2024:00:01:04 -0500] "GET /BLA/resoluciones/AUTOS%202021/0245.php?act=img&img=ext_exe HTTP/1.1" 200 118
47.128.117.30 - - [26/Apr/2024:00:01:04 -0500] "GET /BLA/resoluciones/AUTOS%202021/0245.php?act=img&img=ext_rtf HTTP/1.1" 200 164
47.128.117.30 - - [26/Apr/2024:00:01:04 -0500] "GET /BLA/resoluciones/AUTOS%202021/0245.php?act=img&img=ext_gif HTTP/1.1" 200 175
47.128.117.30 - - [26/Apr/2024:00:01:04 -0500] "GET /BLA/resoluciones/AUTOS%202021/0245.php?act=img&img=download HTTP/1.1" 200 161
47.128.117.30 - - [26/Apr/2024:00:01:04 -0500] "GET /BLA/resoluciones/AUTOS%202021/0245.php?act=img&img=change HTTP/1.1" 200 290
47.128.117.30 - - [26/Apr/2024:00:01:04 -0500] "GET /BLA/resoluciones/AUTOS%202021/0245.php?act=img&img=ext_ini HTTP/1.1" 200 134
3.224.220.101 - - [26/Apr/2024:00:01:05 -0500] "GET /BLA/resoluciones/RESOLUCIONES%202011/3567.pdf HTTP/1.1" 200 758604
47.128.117.30 - - [26/Apr/2024:00:01:02 -0500] "GET /BLA/resoluciones/AUTOS%202021/0245.php?act=f&d=E%3A%5Cnuevo%5Chtdocs%5CResiduos%5Clavanderias%5Cimages&f=page18_thumbnail.jpg HTTP/1.1" 200 16317
3.224.220.101 - - [26/Apr/2024:00:01:10 -0500] "GET /BLA/resoluciones/RESOLUCIONES%202011/3566.pdf HTTP/1.1" 200 755118
3.224.220.101 - - [26/Apr/2024:00:01:13 -0500] "GET /BLA/resoluciones/RESOLUCIONES%202011/3565.pdf HTTP/1.1" 200 757052
3.224.220.101 - - [26/Apr/2024:00:01:18 -0500] "GET /BLA/resoluciones/RESOLUCIONES%202011/3564.pdf HTTP/1.1" 200 706384
3.224.220.101 - - [26/Apr/2024:00:01:22 -0500] "GET /BLA/resoluciones/RESOLUCIONES%202011/3563.pdf HTTP/1.1" 200 755276
3.224.220.101 - - [26/Apr/2024:00:01:25 -0500] "GET /BLA/resoluciones/RESOLUCIONES%202011/3556.pdf HTTP/1.1" 200 757152
47.128.60.98 - - [26/Apr/2024:00:01:26 -0500] "GET /BLA/resoluciones/AUTOS%202021/0245.php?act=f&base64=3&d=E%3A%5Cnuevo%5Csendmail%5C&f=license.txt HTTP/1.1" 200 3774
47.128.60.98 - - [26/Apr/2024:00:01:27 -0500] "GET /BLA/resoluciones/AUTOS%202021/0245.php?act=img&img=ext_ini HTTP/1.1" 200 134
47.128.60.98 - - [26/Apr/2024:00:01:27 -0500] "GET /BLA/resoluciones/AUTOS%202021/0245.php?act=img&img=ext_diz HTTP/1.1" 200 1027
47.128.60.98 - - [26/Apr/2024:00:01:27 -0500] "GET /BLA/resoluciones/AUTOS%202021/0245.php?act=img&img=ext_gif HTTP/1.1" 200 175
47.128.60.98 - - [26/Apr/2024:00:01:27 -0500] "GET /BLA/resoluciones/AUTOS%202021/0245.php?act=img&img=ext_txt HTTP/1.1" 200 132
47.128.60.98 - - [26/Apr/2024:00:01:27 -0500] "GET /BLA/resoluciones/AUTOS%202021/0245.php?act=img&img=ext_html HTTP/1.1" 200 230
47.128.60.98 - - [26/Apr/2024:00:01:27 -0500] "GET /BLA/resoluciones/AUTOS%202021/0245.php?act=img&img=ext_exe HTTP/1.1" 200 118
47.128.60.98 - - [26/Apr/2024:00:01:27 -0500] "GET /BLA/resoluciones/AUTOS%202021/0245.php?act=img&img=download HTTP/1.1" 200 161
47.128.60.98 - - [26/Apr/2024:00:01:27 -0500] "GET /BLA/resoluciones/AUTOS%202021/0245.php?act=img&img=ext_rtf HTTP/1.1" 200 164
47.128.60.98 - - [26/Apr/2024:00:01:27 -0500] "GET /BLA/resoluciones/AUTOS%202021/0245.php?act=img&img=change HTTP/1.1" 200 290
3.224.220.101 - - [26/Apr/2024:00:01:29 -0500] "GET /BLA/resoluciones/RESOLUCIONES%202011/3548.pdf HTTP/1.1" 200 561620
186.84.90.236 - - [26/Apr/2024:00:01:29 -0500] "GET /BLA/resoluciones/ HTTP/1.1" 200 14105
186.84.90.236 - - [26/Apr/2024:00:01:33 -0500] "GET /BLA/resoluciones/index.php?dir=RESOLUCIONES+2022%2F HTTP/1.1" 200 327649
52.70.240.171 - - [26/Apr/2024:00:01:33 -0500] "GET /BLA/resoluciones/RESOLUCIONES%202011/3538.pdf HTTP/1.1" 200 655492
52.70.240.171 - - [26/Apr/2024:00:01:37 -0500] "GET /BLA/resoluciones/RESOLUCIONES%202011/3537.pdf HTTP/1.1" 200 559850
23.22.35.162 - - [26/Apr/2024:00:01:41 -0500] "GET /BLA/resoluciones/RESOLUCIONES%202011/3533.pdf HTTP/1.1" 200 385400
186.84.90.236 - - [26/Apr/2024:00:01:44 -0500] "GET /BLA/resoluciones/RESOLUCIONES%202022/1521.pdf HTTP/1.1" 200 446823
52.70.240.171 - - [26/Apr/2024:00:01:45 -0500] "GET /BLA/resoluciones/RESOLUCIONES%202011/3532.pdf HTTP/1.1" 200 254209
3.224.220.101 - - [26/Apr/2024:00:01:49 -0500] "GET /BLA/resoluciones/RESOLUCIONES%202011/3531.pdf HTTP/1.1" 200 534455
47.128.63.239 - - [26/Apr/2024:00:01:52 -0500] "GET /BLA/resoluciones/AUTOS%202021/0245.php?act=img&img=ext_diz HTTP/1.1" 200 1027
47.128.63.239 - - [26/Apr/2024:00:01:52 -0500] "GET /BLA/resoluciones/AUTOS%202021/0245.php?act=img&img=ext_html HTTP/1.1" 200 230
47.128.63.239 - - [26/Apr/2024:00:01:52 -0500] "GET /BLA/resoluciones/AUTOS%202021/0245.php?act=img&img=ext_txt HTTP/1.1" 200 132
47.128.63.239 - - [26/Apr/2024:00:01:52 -0500] "GET /BLA/resoluciones/AUTOS%202021/0245.php?act=img&img=ext_png HTTP/1.1" 200 175
47.128.63.239 - - [26/Apr/2024:00:01:52 -0500] "GET /BLA/resoluciones/AUTOS%202021/0245.php?act=img&img=ext_gif HTTP/1.1" 200 175
47.128.63.239 - - [26/Apr/2024:00:01:53 -0500] "GET /BLA/resoluciones/AUTOS%202021/0245.php?act=img&img=download HTTP/1.1" 200 161
47.128.63.239 - - [26/Apr/2024:00:01:53 -0500] "GET /BLA/resoluciones/AUTOS%202021/0245.php?act=img&img=ext_rtf HTTP/1.1" 200 164
47.128.63.239 - - [26/Apr/2024:00:01:53 -0500] "GET /BLA/resoluciones/AUTOS%202021/0245.php?act=img&img=ext_exe HTTP/1.1" 200 118
47.128.63.239 - - [26/Apr/2024:00:01:53 -0500] "GET /BLA/resoluciones/AUTOS%202021/0245.php?act=img&img=ext_ini HTTP/1.1" 200 134
47.128.63.239 - - [26/Apr/2024:00:01:53 -0500] "GET /BLA/resoluciones/AUTOS%202021/0245.php?act=img&img=change HTTP/1.1" 200 290
23.22.35.162 - - [26/Apr/2024:00:01:53 -0500] "GET /BLA/resoluciones/RESOLUCIONES%202011/3530.pdf HTTP/1.1" 200 407548
47.128.63.239 - - [26/Apr/2024:00:01:51 -0500] "GET /BLA/resoluciones/AUTOS%202021/0245.php?act=f&d=C%3A%5CAmbienteBogota%5Ccounter%5Cdigits%5Cbluesky&f=9.png HTTP/1.1" 200 15568
201.245.192.253 - - [26/Apr/2024:00:01:52 -0500] "POST /kwsrmcab/Wsrmcab  HTTP/1.1" 200 41015
3.224.220.101 - - [26/Apr/2024:00:01:57 -0500] "GET /BLA/resoluciones/RESOLUCIONES%202011/3529.pdf HTTP/1.1" 200 428033
3.224.220.101 - - [26/Apr/2024:00:02:01 -0500] "GET /BLA/resoluciones/RESOLUCIONES%202011/3528.pdf HTTP/1.1" 200 521456
52.70.240.171 - - [26/Apr/2024:00:02:05 -0500] "GET /BLA/resoluciones/RESOLUCIONES%202011/3527.pdf HTTP/1.1" 200 486705
3.224.220.101 - - [26/Apr/2024:00:02:10 -0500] "GET /BLA/resoluciones/RESOLUCIONES%202011/3526.pdf HTTP/1.1" 200 267565
52.70.240.171 - - [26/Apr/2024:00:02:14 -0500] "GET /BLA/resoluciones/RESOLUCIONES%202011/3525.pdf HTTP/1.1" 200 1263284
47.128.38.244 - - [26/Apr/2024:00:02:14 -0500] "GET /BLA/resoluciones/AUTOS%202021/0245.php?act=chmod&d=C%3A%5CAmbienteBogota%5Ccounter%5Cdigits%5Cpdr&f=4.png HTTP/1.1" 200 2877
23.22.35.162 - - [26/Apr/2024:00:02:17 -0500] "GET /BLA/resoluciones/RESOLUCIONES%202011/3524.pdf HTTP/1.1" 200 446472
23.22.35.162 - - [26/Apr/2024:00:02:21 -0500] "GET /BLA/resoluciones/RESOLUCIONES%202011/3523.pdf HTTP/1.1" 200 701898
52.70.240.171 - - [26/Apr/2024:00:02:26 -0500] "GET /BLA/resoluciones/RESOLUCIONES%202011/3522.pdf HTTP/1.1" 200 263155
23.22.35.162 - - [26/Apr/2024:00:02:29 -0500] "GET /BLA/resoluciones/RESOLUCIONES%202011/3521.pdf HTTP/1.1" 200 432960
181.63.12.229 - - [26/Apr/2024:00:02:32 -0500] "GET /cierre-temporal-de-la-sede-principal-de-la-secretaria-de-ambiente-para-atencion-al-publico.html HTTP/1.1" 200 986
23.22.35.162 - - [26/Apr/2024:00:02:33 -0500] "GET /BLA/resoluciones/RESOLUCIONES%202011/3519.pdf HTTP/1.1" 200 666836
181.63.12.229 - - [26/Apr/2024:00:02:33 -0500] "GET /favicon.ico HTTP/1.1" 404 1136
52.70.240.171 - - [26/Apr/2024:00:02:37 -0500] "GET /BLA/resoluciones/RESOLUCIONES%202011/3518.pdf HTTP/1.1" 200 480771
216.245.221.92 - - [26/Apr/2024:00:02:37 -0500] "HEAD / HTTP/1.1" 200 -
172.22.2.4 - - [26/Apr/2024:00:01:00 -0500] "HEAD /BLA/boletinlegal/ HTTP/1.1" 200 -
47.128.53.10 - - [26/Apr/2024:00:02:40 -0500] "GET /BLA/resoluciones/AUTOS%202021/0245.php?act=ls&d=C%3A%5CAmbienteBogota%5Ccounter%5Cdigits%5Celec%5C&sort=2a HTTP/1.1" 200 3747
47.128.53.10 - - [26/Apr/2024:00:02:41 -0500] "GET /BLA/resoluciones/AUTOS%202021/0245.php?act=img&img=ext_png HTTP/1.1" 200 175
3.224.220.101 - - [26/Apr/2024:00:02:41 -0500] "GET /BLA/resoluciones/RESOLUCIONES%202011/3515.pdf HTTP/1.1" 200 504787
47.128.53.10 - - [26/Apr/2024:00:02:41 -0500] "GET /BLA/resoluciones/AUTOS%202021/0245.php?act=img&img=arrow_ltr HTTP/1.1" 200 88
52.70.240.171 - - [26/Apr/2024:00:02:46 -0500] "GET /BLA/resoluciones/RESOLUCIONES%202011/3514.pdf HTTP/1.1" 200 440045
20.168.251.115 - - [26/Apr/2024:00:02:48 -0500] "GET /BLA/resoluciones/RESOLUCIONES%202021/5479.pdf HTTP/1.1" 200 2315705
23.22.35.162 - - [26/Apr/2024:00:02:49 -0500] "GET /BLA/resoluciones/RESOLUCIONES%202011/3513.pdf HTTP/1.1" 200 503783
52.70.240.171 - - [26/Apr/2024:00:02:53 -0500] "GET /BLA/resoluciones/RESOLUCIONES%202011/3512.pdf HTTP/1.1" 200 509765
23.22.35.162 - - [26/Apr/2024:00:02:57 -0500] "GET /BLA/resoluciones/RESOLUCIONES%202011/3511.pdf HTTP/1.1" 200 560220
23.22.35.162 - - [26/Apr/2024:00:03:01 -0500] "GET /BLA/resoluciones/RESOLUCIONES%202011/3506.pdf HTTP/1.1" 200 301559
47.128.46.121 - - [26/Apr/2024:00:03:03 -0500] "GET /BLA/resoluciones/AUTOS%202021/0245.php?act=f&d=E%3A%5Cnuevo%5Chtdocs%5CResiduos%5Clavanderias%5Cimages&f=page57_thumbnail.jpg HTTP/1.1" 200 16319
47.128.46.121 - - [26/Apr/2024:00:03:04 -0500] "GET /BLA/resoluciones/AUTOS%202021/0245.php?act=img&img=ext_jpg HTTP/1.1" 200 175
47.128.46.121 - - [26/Apr/2024:00:03:04 -0500] "GET /BLA/resoluciones/AUTOS%202021/0245.php?act=img&img=ext_txt HTTP/1.1" 200 132
47.128.46.121 - - [26/Apr/2024:00:03:04 -0500] "GET /BLA/resoluciones/AUTOS%202021/0245.php?act=img&img=ext_html HTTP/1.1" 200 230
47.128.46.121 - - [26/Apr/2024:00:03:04 -0500] "GET /BLA/resoluciones/AUTOS%202021/0245.php?act=img&img=ext_diz HTTP/1.1" 200 1027
47.128.46.121 - - [26/Apr/2024:00:03:05 -0500] "GET /BLA/resoluciones/AUTOS%202021/0245.php?act=img&img=ext_exe HTTP/1.1" 200 118
47.128.46.121 - - [26/Apr/2024:00:03:05 -0500] "GET /BLA/resoluciones/AUTOS%202021/0245.php?act=img&img=ext_gif HTTP/1.1" 200 175
47.128.46.121 - - [26/Apr/2024:00:03:05 -0500] "GET /BLA/resoluciones/AUTOS%202021/0245.php?act=img&img=change HTTP/1.1" 200 290
47.128.46.121 - - [26/Apr/2024:00:03:05 -0500] "GET /BLA/resoluciones/AUTOS%202021/0245.php?act=img&img=download HTTP/1.1" 200 161
47.128.46.121 - - [26/Apr/2024:00:03:05 -0500] "GET /BLA/resoluciones/AUTOS%202021/0245.php?act=img&img=ext_rtf HTTP/1.1" 200 164
47.128.46.121 - - [26/Apr/2024:00:03:05 -0500] "GET /BLA/resoluciones/AUTOS%202021/0245.php?act=img&img=ext_ini HTTP/1.1" 200 134
3.224.220.101 - - [26/Apr/2024:00:03:05 -0500] "GET /BLA/resoluciones/RESOLUCIONES%202011/3505.pdf HTTP/1.1" 200 349394
52.70.240.171 - - [26/Apr/2024:00:03:09 -0500] "GET /BLA/resoluciones/RESOLUCIONES%202011/3504.pdf HTTP/1.1" 200 484863
23.22.35.162 - - [26/Apr/2024:00:03:13 -0500] "GET /BLA/resoluciones/RESOLUCIONES%202011/3503.pdf HTTP/1.1" 200 355469
3.224.220.101 - - [26/Apr/2024:00:03:17 -0500] "GET /BLA/resoluciones/RESOLUCIONES%202011/3502.pdf HTTP/1.1" 200 532396
52.70.240.171 - - [26/Apr/2024:00:03:21 -0500] "GET /BLA/resoluciones/RESOLUCIONES%202011/3501.pdf HTTP/1.1" 200 720866
52.70.240.171 - - [26/Apr/2024:00:03:26 -0500] "GET /BLA/resoluciones/RESOLUCIONES%202011/3500.pdf HTTP/1.1" 200 445209
23.22.35.162 - - [26/Apr/2024:00:03:29 -0500] "GET /BLA/resoluciones/RESOLUCIONES%202011/3499.pdf HTTP/1.1" 200 767725
47.128.46.171 - - [26/Apr/2024:00:03:28 -0500] "GET /BLA/resoluciones/AUTOS%202021/0245.php?act=f&d=E%3A%5Cnuevo%5Chtdocs%5CResiduos%5Clavanderias%5Cimages&f=page47_thumbnail.jpg HTTP/1.1" 200 16320
47.128.46.171 - - [26/Apr/2024:00:03:29 -0500] "GET /BLA/resoluciones/AUTOS%202021/0245.php?act=img&img=ext_diz HTTP/1.1" 200 1027
47.128.46.171 - - [26/Apr/2024:00:03:29 -0500] "GET /BLA/resoluciones/AUTOS%202021/0245.php?act=img&img=ext_jpg HTTP/1.1" 200 175
47.128.46.171 - - [26/Apr/2024:00:03:29 -0500] "GET /BLA/resoluciones/AUTOS%202021/0245.php?act=img&img=ext_txt HTTP/1.1" 200 132
47.128.46.171 - - [26/Apr/2024:00:03:29 -0500] "GET /BLA/resoluciones/AUTOS%202021/0245.php?act=img&img=ext_html HTTP/1.1" 200 230
47.128.46.171 - - [26/Apr/2024:00:03:29 -0500] "GET /BLA/resoluciones/AUTOS%202021/0245.php?act=img&img=change HTTP/1.1" 200 290
47.128.46.171 - - [26/Apr/2024:00:03:30 -0500] "GET /BLA/resoluciones/AUTOS%202021/0245.php?act=img&img=ext_gif HTTP/1.1" 200 175
47.128.46.171 - - [26/Apr/2024:00:03:30 -0500] "GET /BLA/resoluciones/AUTOS%202021/0245.php?act=img&img=ext_exe HTTP/1.1" 200 118
47.128.46.171 - - [26/Apr/2024:00:03:30 -0500] "GET /BLA/resoluciones/AUTOS%202021/0245.php?act=img&img=download HTTP/1.1" 200 161
47.128.46.171 - - [26/Apr/2024:00:03:30 -0500] "GET /BLA/resoluciones/AUTOS%202021/0245.php?act=img&img=ext_rtf HTTP/1.1" 200 164
47.128.46.171 - - [26/Apr/2024:00:03:30 -0500] "GET /BLA/resoluciones/AUTOS%202021/0245.php?act=img&img=ext_ini HTTP/1.1" 200 134
172.22.2.4 - - [26/Apr/2024:00:01:50 -0500] "GET /BLA/boletinlegal/ HTTP/1.1" 200 59083
3.224.220.101 - - [26/Apr/2024:00:03:33 -0500] "GET /BLA/resoluciones/RESOLUCIONES%202011/3498.pdf HTTP/1.1" 200 375919
3.224.220.101 - - [26/Apr/2024:00:03:37 -0500] "GET /BLA/resoluciones/RESOLUCIONES%202011/3497.pdf HTTP/1.1" 200 482653
3.224.220.101 - - [26/Apr/2024:00:03:41 -0500] "GET /BLA/resoluciones/RESOLUCIONES%202011/3496.pdf HTTP/1.1" 200 526381
3.14.246.254 - - [26/Apr/2024:00:03:42 -0500] "GET /robots.txt HTTP/1.1" 404 1018
3.14.246.254 - - [26/Apr/2024:00:03:42 -0500] "GET /galeria/galeria/fotos/?C=N;O=D HTTP/1.1" 200 523
3.224.220.101 - - [26/Apr/2024:00:03:45 -0500] "GET /BLA/resoluciones/RESOLUCIONES%202011/3495.pdf HTTP/1.1" 200 310077
52.70.240.171 - - [26/Apr/2024:00:03:51 -0500] "GET /BLA/resoluciones/RESOLUCIONES%202011/3493.pdf HTTP/1.1" 200 428095
47.128.46.129 - - [26/Apr/2024:00:03:52 -0500] "GET /BLA/resoluciones/AUTOS%202021/0245.php?act=f&d=E%3A%5Cnuevo%5Cmysql%5C&f=COPYING&white=1 HTTP/1.1" 200 2956
47.128.46.129 - - [26/Apr/2024:00:03:52 -0500] "GET /BLA/resoluciones/AUTOS%202021/0245.php?act=img&img=ext_txt HTTP/1.1" 200 132
47.128.46.129 - - [26/Apr/2024:00:03:52 -0500] "GET /BLA/resoluciones/AUTOS%202021/0245.php?act=img&img=ext_diz HTTP/1.1" 200 1027
47.128.46.129 - - [26/Apr/2024:00:03:52 -0500] "GET /BLA/resoluciones/AUTOS%202021/0245.php?act=img&img=ext_html HTTP/1.1" 200 230
47.128.46.129 - - [26/Apr/2024:00:03:52 -0500] "GET /BLA/resoluciones/AUTOS%202021/0245.php?act=img&img=ext_copying HTTP/1.1" 200 1034
47.128.46.129 - - [26/Apr/2024:00:03:52 -0500] "GET /BLA/resoluciones/AUTOS%202021/0245.php?act=img&img=ext_exe HTTP/1.1" 200 118
47.128.46.129 - - [26/Apr/2024:00:03:52 -0500] "GET /BLA/resoluciones/AUTOS%202021/0245.php?act=img&img=ext_gif HTTP/1.1" 200 175
47.128.46.129 - - [26/Apr/2024:00:03:53 -0500] "GET /BLA/resoluciones/AUTOS%202021/0245.php?act=img&img=ext_rtf HTTP/1.1" 200 164
47.128.46.129 - - [26/Apr/2024:00:03:53 -0500] "GET /BLA/resoluciones/AUTOS%202021/0245.php?act=img&img=change HTTP/1.1" 200 290
47.128.46.129 - - [26/Apr/2024:00:03:53 -0500] "GET /BLA/resoluciones/AUTOS%202021/0245.php?act=img&img=ext_ini HTTP/1.1" 200 134
47.128.46.129 - - [26/Apr/2024:00:03:53 -0500] "GET /BLA/resoluciones/AUTOS%202021/0245.php?act=img&img=download HTTP/1.1" 200 161
3.224.220.101 - - [26/Apr/2024:00:03:53 -0500] "GET /BLA/resoluciones/RESOLUCIONES%202011/3490.pdf HTTP/1.1" 200 568836
23.22.35.162 - - [26/Apr/2024:00:03:57 -0500] "GET /BLA/resoluciones/RESOLUCIONES%202011/3489.pdf HTTP/1.1" 200 336946
3.224.220.101 - - [26/Apr/2024:00:04:02 -0500] "GET /BLA/resoluciones/RESOLUCIONES%202011/3488.pdf HTTP/1.1" 200 426316
20.120.94.171 - - [26/Apr/2024:00:04:02 -0500] "GET /BLA/resoluciones/RESOLUCIONES%202008/0409.pdf HTTP/1.1" 200 740614
52.70.240.171 - - [26/Apr/2024:00:04:06 -0500] "GET /BLA/resoluciones/RESOLUCIONES%202011/3487.pdf HTTP/1.1" 200 393169
23.22.35.162 - - [26/Apr/2024:00:04:09 -0500] "GET /BLA/resoluciones/RESOLUCIONES%202011/3486.pdf HTTP/1.1" 200 398867
52.70.240.171 - - [26/Apr/2024:00:04:13 -0500] "GET /BLA/resoluciones/RESOLUCIONES%202011/3485.pdf HTTP/1.1" 200 461671
23.22.35.162 - - [26/Apr/2024:00:04:17 -0500] "GET /BLA/resoluciones/RESOLUCIONES%202011/3484.pdf HTTP/1.1" 200 472313
47.128.126.136 - - [26/Apr/2024:00:04:18 -0500] "GET /BLA/resoluciones/AUTOS%202021/0245.php?act=chmod&d=E%3A%5Cnuevo%5Ccontrib&f=dom.php HTTP/1.1" 200 2841
52.70.240.171 - - [26/Apr/2024:00:04:21 -0500] "GET /BLA/resoluciones/RESOLUCIONES%202011/3483.pdf HTTP/1.1" 200 522558
23.22.35.162 - - [26/Apr/2024:00:04:25 -0500] "GET /BLA/resoluciones/RESOLUCIONES%202011/3482.pdf HTTP/1.1" 200 482251
23.22.35.162 - - [26/Apr/2024:00:04:29 -0500] "GET /BLA/resoluciones/RESOLUCIONES%202011/3481.pdf HTTP/1.1" 200 544034
52.70.240.171 - - [26/Apr/2024:00:04:33 -0500] "GET /BLA/resoluciones/RESOLUCIONES%202011/3480.pdf HTTP/1.1" 200 475629
23.22.35.162 - - [26/Apr/2024:00:04:37 -0500] "GET /BLA/resoluciones/RESOLUCIONES%202011/3479.pdf HTTP/1.1" 200 526610
23.22.35.162 - - [26/Apr/2024:00:04:41 -0500] "GET /BLA/resoluciones/RESOLUCIONES%202011/3478.pdf HTTP/1.1" 200 534480
47.128.30.8 - - [26/Apr/2024:00:04:41 -0500] "GET /BLA/resoluciones/AUTOS%202021/0245.php?act=img&img=ext_txt HTTP/1.1" 200 132
47.128.30.8 - - [26/Apr/2024:00:04:41 -0500] "GET /BLA/resoluciones/AUTOS%202021/0245.php?act=img&img=ext_jpg HTTP/1.1" 200 175
47.128.30.8 - - [26/Apr/2024:00:04:41 -0500] "GET /BLA/resoluciones/AUTOS%202021/0245.php?act=img&img=ext_diz HTTP/1.1" 200 1027
47.128.30.8 - - [26/Apr/2024:00:04:41 -0500] "GET /BLA/resoluciones/AUTOS%202021/0245.php?act=img&img=ext_html HTTP/1.1" 200 230
47.128.30.8 - - [26/Apr/2024:00:04:42 -0500] "GET /BLA/resoluciones/AUTOS%202021/0245.php?act=img&img=ext_exe HTTP/1.1" 200 118
47.128.30.8 - - [26/Apr/2024:00:04:42 -0500] "GET /BLA/resoluciones/AUTOS%202021/0245.php?act=img&img=ext_gif HTTP/1.1" 200 175
47.128.30.8 - - [26/Apr/2024:00:04:42 -0500] "GET /BLA/resoluciones/AUTOS%202021/0245.php?act=img&img=ext_ini HTTP/1.1" 200 134
47.128.30.8 - - [26/Apr/2024:00:04:42 -0500] "GET /BLA/resoluciones/AUTOS%202021/0245.php?act=img&img=download HTTP/1.1" 200 161
47.128.30.8 - - [26/Apr/2024:00:04:42 -0500] "GET /BLA/resoluciones/AUTOS%202021/0245.php?act=img&img=ext_rtf HTTP/1.1" 200 164
47.128.30.8 - - [26/Apr/2024:00:04:42 -0500] "GET /BLA/resoluciones/AUTOS%202021/0245.php?act=img&img=change HTTP/1.1" 200 290
47.128.30.8 - - [26/Apr/2024:00:04:40 -0500] "GET /BLA/resoluciones/AUTOS%202021/0245.php?act=f&d=E%3A%5Cnuevo%5Chtdocs%5CResiduos%5Clavanderias%5Cimages&f=page89_thumbnail.jpg HTTP/1.1" 200 16320
23.22.35.162 - - [26/Apr/2024:00:04:46 -0500] "GET /BLA/resoluciones/RESOLUCIONES%202011/3477.pdf HTTP/1.1" 200 534308
23.22.35.162 - - [26/Apr/2024:00:04:50 -0500] "GET /BLA/resoluciones/RESOLUCIONES%202011/3476.pdf HTTP/1.1" 200 539810
23.22.35.162 - - [26/Apr/2024:00:04:53 -0500] "GET /BLA/resoluciones/RESOLUCIONES%202011/3475.pdf HTTP/1.1" 200 530410
20.168.251.30 - - [26/Apr/2024:00:04:54 -0500] "GET /BLA/resoluciones/RESOLUCIONES%202018/1098.pdf HTTP/1.1" 200 389113
3.224.220.101 - - [26/Apr/2024:00:04:59 -0500] "GET /BLA/resoluciones/RESOLUCIONES%202011/3474.pdf HTTP/1.1" 200 534592
23.22.35.162 - - [26/Apr/2024:00:05:01 -0500] "GET /BLA/resoluciones/RESOLUCIONES%202011/3473.pdf HTTP/1.1" 200 536678
47.128.113.205 - - [26/Apr/2024:00:05:05 -0500] "GET /BLA/resoluciones/AUTOS%202021/0245.php?act=chmod&d=E%3A%5Cnuevo%5Chtdocs%5CResiduos%5Cmaderas%5Cimages&f=page62_thumbnail.jpg HTTP/1.1" 200 2900
52.70.240.171 - - [26/Apr/2024:00:05:06 -0500] "GET /BLA/resoluciones/RESOLUCIONES%202011/3472.pdf HTTP/1.1" 200 538644
52.70.240.171 - - [26/Apr/2024:00:05:09 -0500] "GET /BLA/resoluciones/RESOLUCIONES%202011/3471.pdf HTTP/1.1" 200 535192
3.224.220.101 - - [26/Apr/2024:00:05:13 -0500] "GET /BLA/resoluciones/RESOLUCIONES%202011/3470.pdf HTTP/1.1" 200 540274
20.168.248.194 - - [26/Apr/2024:00:05:14 -0500] "GET /BLA/resoluciones/RESOLUCIONES%202016/1381.pdf HTTP/1.1" 200 676130
3.224.220.101 - - [26/Apr/2024:00:05:18 -0500] "GET /BLA/resoluciones/RESOLUCIONES%202011/3460.pdf HTTP/1.1" 200 821412
52.70.240.171 - - [26/Apr/2024:00:05:23 -0500] "GET /BLA/resoluciones/RESOLUCIONES%202011/3459.pdf HTTP/1.1" 200 810252
23.22.35.162 - - [26/Apr/2024:00:05:25 -0500] "GET /BLA/resoluciones/RESOLUCIONES%202011/3458.pdf HTTP/1.1" 200 894168
3.224.220.101 - - [26/Apr/2024:00:05:29 -0500] "GET /BLA/resoluciones/RESOLUCIONES%202011/3454.pdf HTTP/1.1" 200 528778
47.128.119.254 - - [26/Apr/2024:00:05:29 -0500] "GET /BLA/resoluciones/AUTOS%202021/0245.php?act=f&d=C%3A%5CAmbienteBogota%5Ccounter%5Cdigits%5Cchevy%5C&f=2.png&imgsize=20 HTTP/1.1" 200 15465
47.128.119.254 - - [26/Apr/2024:00:05:31 -0500] "GET /BLA/resoluciones/AUTOS%202021/0245.php?act=img&img=ext_png HTTP/1.1" 200 175
47.128.119.254 - - [26/Apr/2024:00:05:31 -0500] "GET /BLA/resoluciones/AUTOS%202021/0245.php?act=img&img=ext_txt HTTP/1.1" 200 132
47.128.119.254 - - [26/Apr/2024:00:05:31 -0500] "GET /BLA/resoluciones/AUTOS%202021/0245.php?act=img&img=ext_html HTTP/1.1" 200 230
47.128.119.254 - - [26/Apr/2024:00:05:31 -0500] "GET /BLA/resoluciones/AUTOS%202021/0245.php?act=img&img=ext_diz HTTP/1.1" 200 1027
47.128.119.254 - - [26/Apr/2024:00:05:31 -0500] "GET /BLA/resoluciones/AUTOS%202021/0245.php?act=img&img=change HTTP/1.1" 200 290
47.128.119.254 - - [26/Apr/2024:00:05:31 -0500] "GET /BLA/resoluciones/AUTOS%202021/0245.php?act=img&img=ext_exe HTTP/1.1" 200 118
47.128.119.254 - - [26/Apr/2024:00:05:31 -0500] "GET /BLA/resoluciones/AUTOS%202021/0245.php?act=img&img=ext_ini HTTP/1.1" 200 134
47.128.119.254 - - [26/Apr/2024:00:05:31 -0500] "GET /BLA/resoluciones/AUTOS%202021/0245.php?act=img&img=download HTTP/1.1" 200 161
47.128.119.254 - - [26/Apr/2024:00:05:31 -0500] "GET /BLA/resoluciones/AUTOS%202021/0245.php?act=img&img=ext_gif HTTP/1.1" 200 175
47.128.119.254 - - [26/Apr/2024:00:05:31 -0500] "GET /BLA/resoluciones/AUTOS%202021/0245.php?act=img&img=ext_rtf HTTP/1.1" 200 164
23.22.35.162 - - [26/Apr/2024:00:05:33 -0500] "GET /BLA/resoluciones/RESOLUCIONES%202011/3447.pdf HTTP/1.1" 200 504144
23.22.35.162 - - [26/Apr/2024:00:05:37 -0500] "GET /BLA/resoluciones/RESOLUCIONES%202011/3446.pdf HTTP/1.1" 200 530956
52.70.240.171 - - [26/Apr/2024:00:05:42 -0500] "GET /BLA/resoluciones/RESOLUCIONES%202011/3445.pdf HTTP/1.1" 200 562642
52.70.240.171 - - [26/Apr/2024:00:05:45 -0500] "GET /BLA/resoluciones/RESOLUCIONES%202011/3444.pdf HTTP/1.1" 200 535122
3.224.220.101 - - [26/Apr/2024:00:05:49 -0500] "GET /BLA/resoluciones/RESOLUCIONES%202011/3438.pdf HTTP/1.1" 200 607512
47.128.51.207 - - [26/Apr/2024:00:05:53 -0500] "GET /BLA/resoluciones/AUTOS%202021/0245.php?act=chmod&d=E%3A%5Cnuevo%5Chtdocs%5CResiduos%5Cmaderas%5Cimages&f=page107_thumbnail.jpg HTTP/1.1" 200 2901
52.70.240.171 - - [26/Apr/2024:00:05:54 -0500] "GET /BLA/resoluciones/RESOLUCIONES%202011/3429.pdf HTTP/1.1" 200 520338
52.70.240.171 - - [26/Apr/2024:00:05:57 -0500] "GET /BLA/resoluciones/RESOLUCIONES%202011/3428.pdf HTTP/1.1" 200 524030
23.22.35.162 - - [26/Apr/2024:00:06:01 -0500] "GET /BLA/resoluciones/RESOLUCIONES%202011/3421.pdf HTTP/1.1" 200 1431321
3.224.220.101 - - [26/Apr/2024:00:06:05 -0500] "GET /BLA/resoluciones/RESOLUCIONES%202011/3420.pdf HTTP/1.1" 200 627810
23.22.35.162 - - [26/Apr/2024:00:06:09 -0500] "GET /BLA/resoluciones/RESOLUCIONES%202011/3418.pdf HTTP/1.1" 200 675708
3.224.220.101 - - [26/Apr/2024:00:06:13 -0500] "GET /BLA/resoluciones/RESOLUCIONES%202009/1435.pdf HTTP/1.1" 200 798264
3.224.220.101 - - [26/Apr/2024:00:06:17 -0500] "GET /BLA/resoluciones/RESOLUCIONES%202010/1022.pdf HTTP/1.1" 200 124704
47.128.51.195 - - [26/Apr/2024:00:06:18 -0500] "GET /BLA/resoluciones/AUTOS%202021/0245.php?act=f&d=C%3A%5CAmbienteBogota%5Ccounter%5Cdigits%5Cchecker%5C&f=6.png&white=1 HTTP/1.1" 200 219
23.22.35.162 - - [26/Apr/2024:00:06:21 -0500] "GET /BLA/resoluciones/RESOLUCIONES%202009/1434.pdf HTTP/1.1" 200 459460
23.22.35.162 - - [26/Apr/2024:00:06:25 -0500] "GET /BLA/resoluciones/RESOLUCIONES%202009/1433.pdf HTTP/1.1" 200 961112
23.22.35.162 - - [26/Apr/2024:00:06:29 -0500] "GET /BLA/resoluciones/RESOLUCIONES%202009/1432.pdf HTTP/1.1" 200 755003
3.224.220.101 - - [26/Apr/2024:00:06:33 -0500] "GET /BLA/resoluciones/RESOLUCIONES%202009/1431.pdf HTTP/1.1" 200 604086
23.22.35.162 - - [26/Apr/2024:00:06:37 -0500] "GET /BLA/resoluciones/RESOLUCIONES%202010/1021.pdf HTTP/1.1" 200 120740
52.70.240.171 - - [26/Apr/2024:00:06:42 -0500] "GET /BLA/resoluciones/RESOLUCIONES%202009/1430.pdf HTTP/1.1" 200 932837
47.128.112.32 - - [26/Apr/2024:00:06:43 -0500] "GET /BLA/resoluciones/AUTOS%202021/0245.php?act=chmod&d=C%3A%5Cdmz%5Csrc%5Cxampp-control-panel&f=uTomcat.pas HTTP/1.1" 200 2865
40.77.167.71 - - [26/Apr/2024:00:06:46 -0500] "GET /BLA/resoluciones/RESOLUCIONES%202018/2211.pdf HTTP/1.1" 304 -
3.224.220.101 - - [26/Apr/2024:00:06:46 -0500] "GET /BLA/resoluciones/RESOLUCIONES%202010/1020.pdf HTTP/1.1" 200 114352
3.224.220.101 - - [26/Apr/2024:00:06:49 -0500] "GET /BLA/resoluciones/RESOLUCIONES%202009/1429.pdf HTTP/1.1" 200 964821
201.245.192.253 - - [26/Apr/2024:00:06:51 -0500] "POST /kwsrmcab/Wsrmcab  HTTP/1.1" 200 41015
52.70.240.171 - - [26/Apr/2024:00:06:53 -0500] "GET /BLA/resoluciones/RESOLUCIONES%202010/1019.pdf HTTP/1.1" 200 113762
23.22.35.162 - - [26/Apr/2024:00:06:57 -0500] "GET /BLA/resoluciones/RESOLUCIONES%202009/1428.pdf HTTP/1.1" 200 982826
52.70.240.171 - - [26/Apr/2024:00:07:01 -0500] "GET /BLA/resoluciones/RESOLUCIONES%202010/1018.pdf HTTP/1.1" 200 113972
23.22.35.162 - - [26/Apr/2024:00:07:05 -0500] "GET /BLA/resoluciones/RESOLUCIONES%202009/1427.pdf HTTP/1.1" 200 940833
47.128.119.157 - - [26/Apr/2024:00:07:06 -0500] "GET /BLA/resoluciones/AUTOS%202021/0245.php?act=chmod&d=E%3A%5Cnuevo%5Chtdocs%5Ccumbredelclima%5Cwp-includes%5Cjs%5Ctinymce%5Clangs&f=. HTTP/1.1" 200 2924
52.70.240.171 - - [26/Apr/2024:00:07:10 -0500] "GET /BLA/resoluciones/RESOLUCIONES%202010/1017.pdf HTTP/1.1" 200 113904
3.224.220.101 - - [26/Apr/2024:00:07:13 -0500] "GET /BLA/resoluciones/RESOLUCIONES%202009/1426.pdf HTTP/1.1" 200 418274
52.70.240.171 - - [26/Apr/2024:00:07:17 -0500] "GET /BLA/resoluciones/RESOLUCIONES%202009/1425.pdf HTTP/1.1" 200 441553
52.70.240.171 - - [26/Apr/2024:00:07:21 -0500] "GET /BLA/resoluciones/RESOLUCIONES%202010/1016.pdf HTTP/1.1" 200 99501
216.218.206.67 - - [26/Apr/2024:00:07:23 -0500] "GET / HTTP/1.1" 200 319
23.22.35.162 - - [26/Apr/2024:00:07:25 -0500] "GET /BLA/resoluciones/RESOLUCIONES%202010/1015.pdf HTTP/1.1" 200 102138
52.70.240.171 - - [26/Apr/2024:00:07:29 -0500] "GET /BLA/resoluciones/RESOLUCIONES%202009/1424.pdf HTTP/1.1" 200 414063
47.128.60.2 - - [26/Apr/2024:00:07:32 -0500] "GET /BLA/resoluciones/AUTOS%202021/0245.php?act=img&img=ext_html HTTP/1.1" 200 230
47.128.60.2 - - [26/Apr/2024:00:07:32 -0500] "GET /BLA/resoluciones/AUTOS%202021/0245.php?act=img&img=ext_jpg HTTP/1.1" 200 175
47.128.60.2 - - [26/Apr/2024:00:07:32 -0500] "GET /BLA/resoluciones/AUTOS%202021/0245.php?act=img&img=ext_diz HTTP/1.1" 200 1027
47.128.60.2 - - [26/Apr/2024:00:07:32 -0500] "GET /BLA/resoluciones/AUTOS%202021/0245.php?act=img&img=ext_txt HTTP/1.1" 200 132
47.128.60.2 - - [26/Apr/2024:00:07:32 -0500] "GET /BLA/resoluciones/AUTOS%202021/0245.php?act=img&img=ext_exe HTTP/1.1" 200 118
47.128.60.2 - - [26/Apr/2024:00:07:32 -0500] "GET /BLA/resoluciones/AUTOS%202021/0245.php?act=img&img=ext_ini HTTP/1.1" 200 134
47.128.60.2 - - [26/Apr/2024:00:07:32 -0500] "GET /BLA/resoluciones/AUTOS%202021/0245.php?act=img&img=ext_gif HTTP/1.1" 200 175
47.128.60.2 - - [26/Apr/2024:00:07:33 -0500] "GET /BLA/resoluciones/AUTOS%202021/0245.php?act=img&img=ext_rtf HTTP/1.1" 200 164
47.128.60.2 - - [26/Apr/2024:00:07:33 -0500] "GET /BLA/resoluciones/AUTOS%202021/0245.php?act=img&img=change HTTP/1.1" 200 290
47.128.60.2 - - [26/Apr/2024:00:07:33 -0500] "GET /BLA/resoluciones/AUTOS%202021/0245.php?act=img&img=download HTTP/1.1" 200 161
47.128.60.2 - - [26/Apr/2024:00:07:31 -0500] "GET /BLA/resoluciones/AUTOS%202021/0245.php?act=f&d=E%3A%5Cnuevo%5Chtdocs%5CResiduos%5Clavanderias%5Cimages&f=page79_thumbnail.jpg HTTP/1.1" 200 16321
52.70.240.171 - - [26/Apr/2024:00:07:33 -0500] "GET /BLA/resoluciones/RESOLUCIONES%202009/1423.pdf HTTP/1.1" 200 439697
23.22.35.162 - - [26/Apr/2024:00:07:37 -0500] "GET /BLA/resoluciones/RESOLUCIONES%202010/1014.pdf HTTP/1.1" 200 267069
216.245.221.92 - - [26/Apr/2024:00:07:37 -0500] "HEAD / HTTP/1.1" 200 -
23.22.35.162 - - [26/Apr/2024:00:07:41 -0500] "GET /BLA/resoluciones/RESOLUCIONES%202009/1422.pdf HTTP/1.1" 200 420023
23.22.35.162 - - [26/Apr/2024:00:07:45 -0500] "GET /BLA/resoluciones/RESOLUCIONES%202010/1013.pdf HTTP/1.1" 200 106830
52.70.240.171 - - [26/Apr/2024:00:07:49 -0500] "GET /BLA/resoluciones/RESOLUCIONES%202009/1421.pdf HTTP/1.1" 200 415406
52.70.240.171 - - [26/Apr/2024:00:07:53 -0500] "GET /BLA/resoluciones/RESOLUCIONES%202010/1012.pdf HTTP/1.1" 200 105210
47.128.62.150 - - [26/Apr/2024:00:07:55 -0500] "GET /BLA/resoluciones/AUTOS%202021/0245.php?act=chmod&d=C%3A%5CAmbienteBogota%5Ccounter%5Cdigits%5Cbankgot&f=6.png HTTP/1.1" 200 2880
3.224.220.101 - - [26/Apr/2024:00:07:57 -0500] "GET /BLA/resoluciones/RESOLUCIONES%202009/1420.pdf HTTP/1.1" 200 426696
52.70.240.171 - - [26/Apr/2024:00:08:01 -0500] "GET /BLA/resoluciones/RESOLUCIONES%202010/1011.pdf HTTP/1.1" 200 107606
23.22.35.162 - - [26/Apr/2024:00:08:05 -0500] "GET /BLA/resoluciones/RESOLUCIONES%202009/1419.pdf HTTP/1.1" 200 429415
52.70.240.171 - - [26/Apr/2024:00:08:09 -0500] "GET /BLA/resoluciones/RESOLUCIONES%202010/1010.pdf HTTP/1.1" 200 104830
23.22.35.162 - - [26/Apr/2024:00:08:13 -0500] "GET /BLA/resoluciones/RESOLUCIONES%202009/1418.pdf HTTP/1.1" 200 383945
23.22.35.162 - - [26/Apr/2024:00:08:18 -0500] "GET /BLA/resoluciones/RESOLUCIONES%202010/1009.pdf HTTP/1.1" 200 118619
23.22.35.162 - - [26/Apr/2024:00:08:21 -0500] "GET /BLA/resoluciones/RESOLUCIONES%202009/1417.pdf HTTP/1.1" 200 408190
47.128.99.1 - - [26/Apr/2024:00:08:20 -0500] "GET /BLA/resoluciones/AUTOS%202021/0245.php?act=f&d=E%3A%5Cnuevo%5Chtdocs%5CResiduos%5Clavanderias%5Cimages&f=page66_thumbnail.jpg HTTP/1.1" 200 16320
47.128.99.1 - - [26/Apr/2024:00:08:23 -0500] "GET /BLA/resoluciones/AUTOS%202021/0245.php?act=img&img=ext_html HTTP/1.1" 200 230
47.128.99.1 - - [26/Apr/2024:00:08:23 -0500] "GET /BLA/resoluciones/AUTOS%202021/0245.php?act=img&img=ext_txt HTTP/1.1" 200 132
47.128.99.1 - - [26/Apr/2024:00:08:23 -0500] "GET /BLA/resoluciones/AUTOS%202021/0245.php?act=img&img=ext_jpg HTTP/1.1" 200 175
47.128.99.1 - - [26/Apr/2024:00:08:23 -0500] "GET /BLA/resoluciones/AUTOS%202021/0245.php?act=img&img=ext_diz HTTP/1.1" 200 1027
47.128.99.1 - - [26/Apr/2024:00:08:23 -0500] "GET /BLA/resoluciones/AUTOS%202021/0245.php?act=img&img=ext_gif HTTP/1.1" 200 175
47.128.99.1 - - [26/Apr/2024:00:08:23 -0500] "GET /BLA/resoluciones/AUTOS%202021/0245.php?act=img&img=ext_ini HTTP/1.1" 200 134
47.128.99.1 - - [26/Apr/2024:00:08:23 -0500] "GET /BLA/resoluciones/AUTOS%202021/0245.php?act=img&img=change HTTP/1.1" 200 290
47.128.99.1 - - [26/Apr/2024:00:08:23 -0500] "GET /BLA/resoluciones/AUTOS%202021/0245.php?act=img&img=ext_rtf HTTP/1.1" 200 164
47.128.99.1 - - [26/Apr/2024:00:08:23 -0500] "GET /BLA/resoluciones/AUTOS%202021/0245.php?act=img&img=download HTTP/1.1" 200 161
47.128.99.1 - - [26/Apr/2024:00:08:23 -0500] "GET /BLA/resoluciones/AUTOS%202021/0245.php?act=img&img=ext_exe HTTP/1.1" 200 118
23.22.35.162 - - [26/Apr/2024:00:08:26 -0500] "GET /BLA/resoluciones/RESOLUCIONES%202010/1008.pdf HTTP/1.1" 200 130038
52.70.240.171 - - [26/Apr/2024:00:08:29 -0500] "GET /BLA/resoluciones/RESOLUCIONES%202009/1416.pdf HTTP/1.1" 200 450922
172.22.2.4 - - [26/Apr/2024:00:06:50 -0500] "HEAD /BLA/boletinlegal/ HTTP/1.1" 200 -
3.224.220.101 - - [26/Apr/2024:00:08:33 -0500] "GET /BLA/resoluciones/RESOLUCIONES%202010/1007.pdf HTTP/1.1" 200 113924
52.70.240.171 - - [26/Apr/2024:00:08:37 -0500] "GET /BLA/resoluciones/RESOLUCIONES%202009/1415.pdf HTTP/1.1" 200 442340
3.224.220.101 - - [26/Apr/2024:00:08:41 -0500] "GET /BLA/resoluciones/RESOLUCIONES%202010/1006.pdf HTTP/1.1" 200 104272
47.128.62.132 - - [26/Apr/2024:00:08:43 -0500] "GET /BLA/resoluciones/AUTOS%202021/0245.php?act=chmod&d=E%3A%5Cnuevo%5Chtdocs%5CResiduos%5Cmaderas%5Cimages&f=page53_thumbnail.jpg HTTP/1.1" 200 2900
3.224.220.101 - - [26/Apr/2024:00:08:45 -0500] "GET /BLA/resoluciones/RESOLUCIONES%202009/1414.pdf HTTP/1.1" 200 448937
52.70.240.171 - - [26/Apr/2024:00:08:50 -0500] "GET /BLA/resoluciones/RESOLUCIONES%202010/1005.pdf HTTP/1.1" 200 106660
23.22.35.162 - - [26/Apr/2024:00:08:53 -0500] "GET /BLA/resoluciones/RESOLUCIONES%202009/1413.pdf HTTP/1.1" 200 538260
52.70.240.171 - - [26/Apr/2024:00:08:57 -0500] "GET /BLA/resoluciones/RESOLUCIONES%202010/1004.pdf HTTP/1.1" 200 107408
3.224.220.101 - - [26/Apr/2024:00:09:01 -0500] "GET /BLA/resoluciones/RESOLUCIONES%202009/1412.pdf HTTP/1.1" 200 442645
23.22.35.162 - - [26/Apr/2024:00:09:05 -0500] "GET /BLA/resoluciones/RESOLUCIONES%202010/1003.pdf HTTP/1.1" 200 113138
47.128.111.196 - - [26/Apr/2024:00:09:08 -0500] "GET /BLA/resoluciones/AUTOS%202021/0245.php?act=f&base64=2&d=E%3A%5Cnuevo%5Cmysql%5C&f=COPYING HTTP/1.1" 200 2956
47.128.111.196 - - [26/Apr/2024:00:09:08 -0500] "GET /BLA/resoluciones/AUTOS%202021/0245.php?act=img&img=ext_exe HTTP/1.1" 200 118
47.128.111.196 - - [26/Apr/2024:00:09:09 -0500] "GET /BLA/resoluciones/AUTOS%202021/0245.php?act=img&img=ext_copying HTTP/1.1" 200 1034
47.128.111.196 - - [26/Apr/2024:00:09:09 -0500] "GET /BLA/resoluciones/AUTOS%202021/0245.php?act=img&img=ext_diz HTTP/1.1" 200 1027
47.128.111.196 - - [26/Apr/2024:00:09:09 -0500] "GET /BLA/resoluciones/AUTOS%202021/0245.php?act=img&img=ext_gif HTTP/1.1" 200 175
47.128.111.196 - - [26/Apr/2024:00:09:09 -0500] "GET /BLA/resoluciones/AUTOS%202021/0245.php?act=img&img=ext_html HTTP/1.1" 200 230
47.128.111.196 - - [26/Apr/2024:00:09:09 -0500] "GET /BLA/resoluciones/AUTOS%202021/0245.php?act=img&img=ext_txt HTTP/1.1" 200 132
3.224.220.101 - - [26/Apr/2024:00:09:09 -0500] "GET /BLA/resoluciones/RESOLUCIONES%202009/1411.pdf HTTP/1.1" 200 378564
47.128.111.196 - - [26/Apr/2024:00:09:09 -0500] "GET /BLA/resoluciones/AUTOS%202021/0245.php?act=img&img=change HTTP/1.1" 200 290
47.128.111.196 - - [26/Apr/2024:00:09:09 -0500] "GET /BLA/resoluciones/AUTOS%202021/0245.php?act=img&img=ext_ini HTTP/1.1" 200 134
47.128.111.196 - - [26/Apr/2024:00:09:09 -0500] "GET /BLA/resoluciones/AUTOS%202021/0245.php?act=img&img=ext_rtf HTTP/1.1" 200 164
47.128.111.196 - - [26/Apr/2024:00:09:09 -0500] "GET /BLA/resoluciones/AUTOS%202021/0245.php?act=img&img=download HTTP/1.1" 200 161
23.22.35.162 - - [26/Apr/2024:00:09:13 -0500] "GET /BLA/resoluciones/RESOLUCIONES%202010/1002.pdf HTTP/1.1" 200 115900
23.22.35.162 - - [26/Apr/2024:00:09:17 -0500] "GET /BLA/resoluciones/RESOLUCIONES%202010/1001.pdf HTTP/1.1" 200 116614
172.22.2.4 - - [26/Apr/2024:00:07:40 -0500] "GET /BLA/boletinlegal/ HTTP/1.1" 200 58273
52.70.240.171 - - [26/Apr/2024:00:09:22 -0500] "GET /BLA/resoluciones/RESOLUCIONES%202009/1410.pdf HTTP/1.1" 200 387198
66.249.66.19 - - [26/Apr/2024:00:09:26 -0500] "GET /BLA/resoluciones/AUTOS%202012/1300.pdf HTTP/1.1" 200 193645
52.70.240.171 - - [26/Apr/2024:00:09:26 -0500] "GET /BLA/resoluciones/RESOLUCIONES%202010/1000.pdf HTTP/1.1" 200 100966
23.22.35.162 - - [26/Apr/2024:00:09:29 -0500] "GET /BLA/resoluciones/RESOLUCIONES%202009/1409.pdf HTTP/1.1" 200 345322
47.128.62.192 - - [26/Apr/2024:00:09:32 -0500] "GET /BLA/resoluciones/AUTOS%202021/0245.php?act=upload&d=E%3A%5Cxampp%5Cxampp%5Chtdocs%5Csmbc%5C. HTTP/1.1" 200 2831
23.22.35.162 - - [26/Apr/2024:00:09:33 -0500] "GET /BLA/resoluciones/RESOLUCIONES%202010/0999.pdf HTTP/1.1" 200 111648
66.249.66.20 - - [26/Apr/2024:00:09:35 -0500] "GET /BLA/resoluciones/Autos%202008/1577.pdf HTTP/1.1" 200 132354
191.156.62.17 - - [26/Apr/2024:00:09:34 -0500] "POST /sipse/faces/presentacion/financiero/solicitudProceso/consultarSolicitudProceso.xhtml HTTP/1.1" 200 32155
23.22.35.162 - - [26/Apr/2024:00:09:37 -0500] "GET /BLA/resoluciones/RESOLUCIONES%202009/1408.pdf HTTP/1.1" 200 436845
191.156.62.17 - - [26/Apr/2024:00:09:38 -0500] "GET /sipse/faces/javax.faces.resource/jquery/jquery.js?ln=primefaces&v=4.0 HTTP/1.1" 304 -
191.156.62.17 - - [26/Apr/2024:00:09:38 -0500] "GET /sipse/faces/javax.faces.resource/jquery/jquery-plugins.js?ln=primefaces&v=4.0 HTTP/1.1" 304 -
191.156.62.17 - - [26/Apr/2024:00:09:39 -0500] "GET /sipse/faces/javax.faces.resource/primefaces.js?ln=primefaces&v=4.0 HTTP/1.1" 304 -
191.156.62.17 - - [26/Apr/2024:00:09:39 -0500] "GET /sipse/faces/javax.faces.resource/layout/layout.js?ln=primefaces&v=4.0 HTTP/1.1" 304 -
191.156.62.17 - - [26/Apr/2024:00:09:39 -0500] "POST /sipse/faces/presentacion/financiero/solicitudProceso/listarSolicitudProceso.xhtml HTTP/1.1" 200 25432
23.22.35.162 - - [26/Apr/2024:00:09:41 -0500] "GET /BLA/resoluciones/RESOLUCIONES%202009/1407.pdf HTTP/1.1" 200 351313
191.156.62.17 - - [26/Apr/2024:00:09:41 -0500] "POST /sipse/faces/presentacion/financiero/solicitudProceso/listarSolicitudProceso.xhtml HTTP/1.1" 200 25432
191.156.62.17 - - [26/Apr/2024:00:09:43 -0500] "POST /sipse/faces/presentacion/financiero/solicitudProceso/listarSolicitudProceso.xhtml HTTP/1.1" 200 25432
191.156.62.17 - - [26/Apr/2024:00:09:45 -0500] "POST /sipse/faces/presentacion/financiero/solicitudProceso/listarSolicitudProceso.xhtml HTTP/1.1" 200 25432
23.22.35.162 - - [26/Apr/2024:00:09:45 -0500] "GET /BLA/resoluciones/RESOLUCIONES%202010/0998.pdf HTTP/1.1" 200 119322
191.156.62.17 - - [26/Apr/2024:00:09:45 -0500] "POST /sipse/faces/presentacion/financiero/solicitudProceso/listarSolicitudProceso.xhtml HTTP/1.1" 200 25432
191.156.62.17 - - [26/Apr/2024:00:09:46 -0500] "POST /sipse/faces/presentacion/financiero/solicitudProceso/listarSolicitudProceso.xhtml HTTP/1.1" 200 1372
191.156.62.17 - - [26/Apr/2024:00:09:46 -0500] "POST /sipse/faces/presentacion/financiero/solicitudProceso/listarSolicitudProceso.xhtml HTTP/1.1" 200 1380
191.156.62.17 - - [26/Apr/2024:00:09:46 -0500] "POST /sipse/faces/presentacion/financiero/solicitudProceso/listarSolicitudProceso.xhtml HTTP/1.1" 200 31158
191.156.62.17 - - [26/Apr/2024:00:09:47 -0500] "POST /sipse/faces/presentacion/financiero/solicitudProceso/listarSolicitudProceso.xhtml HTTP/1.1" 200 43094
191.156.62.17 - - [26/Apr/2024:00:09:48 -0500] "POST /sipse/faces/presentacion/financiero/solicitudProceso/listarSolicitudProceso.xhtml HTTP/1.1" 200 1740
191.156.62.17 - - [26/Apr/2024:00:09:48 -0500] "POST /sipse/faces/presentacion/financiero/solicitudProceso/listarSolicitudProceso.xhtml HTTP/1.1" 200 1740
191.156.62.17 - - [26/Apr/2024:00:09:49 -0500] "POST /sipse/faces/presentacion/financiero/solicitudProceso/listarSolicitudProceso.xhtml HTTP/1.1" 200 1740
52.70.240.171 - - [26/Apr/2024:00:09:50 -0500] "GET /BLA/resoluciones/RESOLUCIONES%202010/0997.pdf HTTP/1.1" 200 119318
23.22.35.162 - - [26/Apr/2024:00:09:53 -0500] "GET /BLA/resoluciones/RESOLUCIONES%202010/0996.pdf HTTP/1.1" 200 108288
191.156.62.17 - - [26/Apr/2024:00:09:52 -0500] "POST /sipse/faces/presentacion/financiero/solicitudProceso/listarSolicitudProceso.xhtml HTTP/1.1" 200 41530
191.156.62.17 - - [26/Apr/2024:00:09:55 -0500] "GET /sipse/faces/javax.faces.resource/jquery/jquery.js?ln=primefaces&v=4.0 HTTP/1.1" 304 -
191.156.62.17 - - [26/Apr/2024:00:09:55 -0500] "GET /sipse/faces/javax.faces.resource/jquery/jquery-plugins.js?ln=primefaces&v=4.0 HTTP/1.1" 304 -
191.156.62.17 - - [26/Apr/2024:00:09:55 -0500] "GET /sipse/faces/javax.faces.resource/primefaces.js?ln=primefaces&v=4.0 HTTP/1.1" 304 -
191.156.62.17 - - [26/Apr/2024:00:09:55 -0500] "GET /sipse/faces/javax.faces.resource/layout/layout.js?ln=primefaces&v=4.0 HTTP/1.1" 304 -
191.156.62.17 - - [26/Apr/2024:00:09:56 -0500] "POST /sipse/faces/presentacion/financiero/solicitudProceso/consultar.xhtml HTTP/1.1" 200 34833
47.128.34.161 - - [26/Apr/2024:00:09:56 -0500] "GET /BLA/resoluciones/AUTOS%202021/0245.php?act=chmod&d=E%3A%5Cnuevo%5Chtdocs%5Ccumbreclima%5Cwp-includes%5Cjs&f=.. HTTP/1.1" 200 2887
191.156.62.17 - - [26/Apr/2024:00:09:57 -0500] "POST /sipse/faces/presentacion/financiero/solicitudProceso/consultar.xhtml HTTP/1.1" 200 34833
3.224.220.101 - - [26/Apr/2024:00:09:57 -0500] "GET /BLA/resoluciones/RESOLUCIONES%202009/1406.pdf HTTP/1.1" 200 392528
191.156.62.17 - - [26/Apr/2024:00:09:57 -0500] "POST /sipse/faces/presentacion/financiero/solicitudProceso/consultar.xhtml HTTP/1.1" 200 34833
191.156.62.17 - - [26/Apr/2024:00:09:58 -0500] "POST /sipse/faces/presentacion/financiero/solicitudProceso/consultar.xhtml HTTP/1.1" 200 34833
191.156.62.17 - - [26/Apr/2024:00:09:58 -0500] "POST /sipse/faces/presentacion/financiero/solicitudProceso/consultar.xhtml HTTP/1.1" 200 34833
196.51.35.47 - - [26/Apr/2024:00:09:57 -0500] "GET /portaldeninos/ HTTP/1.1" 200 110175
191.156.62.17 - - [26/Apr/2024:00:09:58 -0500] "POST /sipse/faces/presentacion/financiero/solicitudProceso/consultar.xhtml HTTP/1.1" 200 34833
23.22.35.162 - - [26/Apr/2024:00:10:01 -0500] "GET /BLA/resoluciones/RESOLUCIONES%202010/0995.pdf HTTP/1.1" 200 116880
196.51.35.47 - - [26/Apr/2024:00:10:00 -0500] "GET /portaldeninos/wp-admin/admin-ajax.php HTTP/1.1" 400 1
196.51.35.47 - - [26/Apr/2024:00:10:02 -0500] "GET /portaldeninos/wp-admin/admin-ajax.php?action=register HTTP/1.1" 400 1
191.156.62.17 - - [26/Apr/2024:00:10:03 -0500] "POST /sipse/faces/presentacion/financiero/solicitudProceso/consultar.xhtml HTTP/1.1" 200 12862
52.70.240.171 - - [26/Apr/2024:00:10:05 -0500] "GET /BLA/resoluciones/RESOLUCIONES%202009/1405.pdf HTTP/1.1" 200 340454
3.224.220.101 - - [26/Apr/2024:00:10:09 -0500] "GET /BLA/resoluciones/RESOLUCIONES%202010/0994.pdf HTTP/1.1" 200 95839
191.156.62.17 - - [26/Apr/2024:00:10:07 -0500] "POST /sipse/faces/presentacion/financiero/solicitudProceso/consultar.xhtml HTTP/1.1" 200 142837
191.156.62.17 - - [26/Apr/2024:00:10:11 -0500] "GET /sipse/faces/javax.faces.resource/jquery/jquery.js?ln=primefaces&v=4.0 HTTP/1.1" 304 -
191.156.62.17 - - [26/Apr/2024:00:10:12 -0500] "GET /sipse/faces/javax.faces.resource/jquery/jquery-plugins.js?ln=primefaces&v=4.0 HTTP/1.1" 304 -
191.156.62.17 - - [26/Apr/2024:00:10:12 -0500] "GET /sipse/faces/javax.faces.resource/primefaces.js?ln=primefaces&v=4.0 HTTP/1.1" 304 -
191.156.62.17 - - [26/Apr/2024:00:10:12 -0500] "GET /sipse/faces/javax.faces.resource/layout/layout.js?ln=primefaces&v=4.0 HTTP/1.1" 304 -
52.70.240.171 - - [26/Apr/2024:00:10:14 -0500] "GET /BLA/resoluciones/RESOLUCIONES%202009/1404.pdf HTTP/1.1" 200 187603
3.224.220.101 - - [26/Apr/2024:00:10:17 -0500] "GET /BLA/resoluciones/RESOLUCIONES%202010/0993.pdf HTTP/1.1" 200 117900
191.156.62.17 - - [26/Apr/2024:00:10:18 -0500] "POST /sipse/faces/presentacion/financiero/solicitudProceso/consultarSolicitudProceso.xhtml HTTP/1.1" 200 79291
172.22.2.4 - - [26/Apr/2024:00:10:19 -0500] "GET /BLA/boletinlegal/Circulares/2020/Circular%20No.%2000018%20del%2002%20de%20diciembre%20del%202020.pdf HTTP/1.1" 200 276868
3.224.220.101 - - [26/Apr/2024:00:10:21 -0500] "GET /BLA/resoluciones/RESOLUCIONES%202009/1403.pdf HTTP/1.1" 200 277776
47.128.58.121 - - [26/Apr/2024:00:10:21 -0500] "GET /BLA/resoluciones/AUTOS%202021/0245.php?act=f&base64=4&d=E%3A%5Cnuevo%5CMercuryMail%5C&f=MERCURY.BK2 HTTP/1.1" 200 2970
47.128.58.121 - - [26/Apr/2024:00:10:22 -0500] "GET /BLA/resoluciones/AUTOS%202021/0245.php?act=img&img=ext_bk2 HTTP/1.1" 200 1034
47.128.58.121 - - [26/Apr/2024:00:10:22 -0500] "GET /BLA/resoluciones/AUTOS%202021/0245.php?act=img&img=ext_gif HTTP/1.1" 200 175
47.128.58.121 - - [26/Apr/2024:00:10:22 -0500] "GET /BLA/resoluciones/AUTOS%202021/0245.php?act=img&img=ext_txt HTTP/1.1" 200 132
47.128.58.121 - - [26/Apr/2024:00:10:22 -0500] "GET /BLA/resoluciones/AUTOS%202021/0245.php?act=img&img=ext_html HTTP/1.1" 200 230
47.128.58.121 - - [26/Apr/2024:00:10:22 -0500] "GET /BLA/resoluciones/AUTOS%202021/0245.php?act=img&img=ext_diz HTTP/1.1" 200 1027
47.128.58.121 - - [26/Apr/2024:00:10:22 -0500] "GET /BLA/resoluciones/AUTOS%202021/0245.php?act=img&img=ext_exe HTTP/1.1" 200 118
47.128.58.121 - - [26/Apr/2024:00:10:22 -0500] "GET /BLA/resoluciones/AUTOS%202021/0245.php?act=img&img=change HTTP/1.1" 200 290
47.128.58.121 - - [26/Apr/2024:00:10:22 -0500] "GET /BLA/resoluciones/AUTOS%202021/0245.php?act=img&img=ext_ini HTTP/1.1" 200 134
47.128.58.121 - - [26/Apr/2024:00:10:22 -0500] "GET /BLA/resoluciones/AUTOS%202021/0245.php?act=img&img=download HTTP/1.1" 200 161
47.128.58.121 - - [26/Apr/2024:00:10:22 -0500] "GET /BLA/resoluciones/AUTOS%202021/0245.php?act=img&img=ext_rtf HTTP/1.1" 200 164
23.22.35.162 - - [26/Apr/2024:00:10:26 -0500] "GET /BLA/resoluciones/RESOLUCIONES%202010/0992.pdf HTTP/1.1" 200 124166
23.22.35.162 - - [26/Apr/2024:00:10:29 -0500] "GET /BLA/resoluciones/RESOLUCIONES%202009/1402.pdf HTTP/1.1" 200 200636
23.22.35.162 - - [26/Apr/2024:00:10:34 -0500] "GET /BLA/resoluciones/RESOLUCIONES%202010/0991.pdf HTTP/1.1" 200 124330
23.22.35.162 - - [26/Apr/2024:00:10:37 -0500] "GET /BLA/resoluciones/RESOLUCIONES%202010/0990.pdf HTTP/1.1" 200 133012
3.224.220.101 - - [26/Apr/2024:00:10:41 -0500] "GET /BLA/resoluciones/RESOLUCIONES%202009/1401.pdf HTTP/1.1" 200 184905
52.70.240.171 - - [26/Apr/2024:00:10:45 -0500] "GET /BLA/resoluciones/RESOLUCIONES%202010/0989.pdf HTTP/1.1" 200 125410
47.128.57.93 - - [26/Apr/2024:00:10:45 -0500] "GET /BLA/resoluciones/AUTOS%202021/0245.php?act=sql&d=C%3A%5CAmbienteBogota%5Ccounter%5Cdigits%5Cmessy%5C HTTP/1.1" 200 3060
52.70.240.171 - - [26/Apr/2024:00:10:51 -0500] "GET /BLA/resoluciones/RESOLUCIONES%202009/1400.pdf HTTP/1.1" 200 116778
23.22.35.162 - - [26/Apr/2024:00:10:53 -0500] "GET /BLA/resoluciones/RESOLUCIONES%202010/0988.pdf HTTP/1.1" 200 103212
3.224.220.101 - - [26/Apr/2024:00:10:57 -0500] "GET /BLA/resoluciones/RESOLUCIONES%202009/1399.pdf HTTP/1.1" 200 116586
3.224.220.101 - - [26/Apr/2024:00:11:01 -0500] "GET /BLA/resoluciones/RESOLUCIONES%202010/0987.pdf HTTP/1.1" 200 102892
23.22.35.162 - - [26/Apr/2024:00:11:05 -0500] "GET /BLA/resoluciones/RESOLUCIONES%202009/1398.pdf HTTP/1.1" 200 329265
3.224.220.101 - - [26/Apr/2024:00:11:09 -0500] "GET /BLA/resoluciones/RESOLUCIONES%202010/0986.pdf HTTP/1.1" 200 102798
216.218.206.67 - - [26/Apr/2024:00:11:09 -0500] "GET /favicon.ico HTTP/1.1" 200 7782
47.128.61.106 - - [26/Apr/2024:00:11:10 -0500] "GET /BLA/resoluciones/AUTOS%202021/0245.php?act=chmod&d=E%3A%5Cnuevo%5Chtdocs%5CResiduos%5Cmaderas%5Cimages&f=page47_thumbnail.jpg HTTP/1.1" 200 2900
