186.84.88.175 - - [26/Apr/2024:07:19:32 -0500] "GET /sipse/faces/javax.faces.resource/layout/layout.js?ln=primefaces&v=4.0 HTTP/1.1" 304 -
23.22.35.162 - - [26/Apr/2024:07:19:36 -0500] "GET /BLA/resoluciones/RESOLUCIONES%202008/0825.pdf HTTP/1.1" 200 452688
23.22.35.162 - - [26/Apr/2024:07:19:40 -0500] "GET /BLA/resoluciones/RESOLUCIONES%202008/0824.pdf HTTP/1.1" 200 821301
52.70.240.171 - - [26/Apr/2024:07:19:44 -0500] "GET /BLA/resoluciones/RESOLUCIONES%202008/0823.pdf HTTP/1.1" 200 198255
52.167.144.229 - - [26/Apr/2024:07:19:45 -0500] "GET /BLA/resoluciones/RESOLUCIONES%202007/RES%202007%202501%20AL%202600/RESOLUCION%202518%20DE%202007.pdf HTTP/1.1" 200 710384
47.128.114.61 - - [26/Apr/2024:07:19:31 -0500] "GET /BLA/resoluciones/AUTOS%202021/0245.php?act=update&d=E%3A%5Cnuevo%5Chtdocs%5CSIIPEV%5CDiseno+de+Elementos+de+Mobiliario+Urbano%5CRegistros%5Cfonts%5C HTTP/1.1" 200 2756
23.22.35.162 - - [26/Apr/2024:07:19:48 -0500] "GET /BLA/resoluciones/RESOLUCIONES%202008/0822.pdf HTTP/1.1" 200 16620
186.84.88.175 - - [26/Apr/2024:07:19:48 -0500] "POST /sipse/faces/presentacion/financiero/solicitudProceso/consultarSolicitudProceso.xhtml HTTP/1.1" 200 64422
186.84.88.175 - - [26/Apr/2024:07:19:51 -0500] "GET /sipse/faces/javax.faces.resource/theme.css?ln=primefaces-sipse HTTP/1.1" 304 -
186.84.88.175 - - [26/Apr/2024:07:19:51 -0500] "GET /sipse/faces/javax.faces.resource/primefaces.css?ln=primefaces&v=4.0 HTTP/1.1" 304 -
186.84.88.175 - - [26/Apr/2024:07:19:51 -0500] "GET /sipse/faces/javax.faces.resource/layout/layout.css?ln=primefaces&v=4.0 HTTP/1.1" 304 -
186.84.88.175 - - [26/Apr/2024:07:19:51 -0500] "GET /sipse/faces/javax.faces.resource/jquery/jquery.js?ln=primefaces&v=4.0 HTTP/1.1" 304 -
186.84.88.175 - - [26/Apr/2024:07:19:51 -0500] "GET /sipse/faces/javax.faces.resource/jquery/jquery-plugins.js?ln=primefaces&v=4.0 HTTP/1.1" 304 -
186.84.88.175 - - [26/Apr/2024:07:19:51 -0500] "GET /sipse/faces/javax.faces.resource/primefaces.js?ln=primefaces&v=4.0 HTTP/1.1" 304 -
186.84.88.175 - - [26/Apr/2024:07:19:51 -0500] "GET /sipse/faces/javax.faces.resource/layout/layout.js?ln=primefaces&v=4.0 HTTP/1.1" 304 -
186.84.88.175 - - [26/Apr/2024:07:19:51 -0500] "POST /sipse/faces/presentacion/financiero/solicitudProceso/listarSolicitudProceso.xhtml HTTP/1.1" 200 1556
3.224.220.101 - - [26/Apr/2024:07:19:52 -0500] "GET /BLA/resoluciones/RESOLUCIONES%202008/0821.pdf HTTP/1.1" 200 27748
47.128.16.37 - - [26/Apr/2024:07:19:54 -0500] "GET /BLA/resoluciones/AUTOS%202021/0245.php?act=f&base64=4&d=E%3A%5Cnuevo%5Chtdocs%5CResiduos%5Ctextiles%5Cimages%5C&f=page70_thumbnail.jpg HTTP/1.1" 200 16155
47.128.16.37 - - [26/Apr/2024:07:19:55 -0500] "GET /BLA/resoluciones/AUTOS%202021/0245.php?act=img&img=ext_html HTTP/1.1" 200 230
47.128.16.37 - - [26/Apr/2024:07:19:55 -0500] "GET /BLA/resoluciones/AUTOS%202021/0245.php?act=img&img=ext_diz HTTP/1.1" 200 1027
47.128.16.37 - - [26/Apr/2024:07:19:55 -0500] "GET /BLA/resoluciones/AUTOS%202021/0245.php?act=img&img=ext_jpg HTTP/1.1" 200 175
47.128.16.37 - - [26/Apr/2024:07:19:55 -0500] "GET /BLA/resoluciones/AUTOS%202021/0245.php?act=img&img=ext_txt HTTP/1.1" 200 132
47.128.16.37 - - [26/Apr/2024:07:19:56 -0500] "GET /BLA/resoluciones/AUTOS%202021/0245.php?act=img&img=ext_gif HTTP/1.1" 200 175
23.22.35.162 - - [26/Apr/2024:07:19:56 -0500] "GET /BLA/resoluciones/RESOLUCIONES%202008/0820.pdf HTTP/1.1" 200 81193
186.84.88.175 - - [26/Apr/2024:07:19:55 -0500] "POST /sipse/faces/presentacion/financiero/solicitudProceso/listarSolicitudProceso.xhtml HTTP/1.1" 200 32378
47.128.16.37 - - [26/Apr/2024:07:19:56 -0500] "GET /BLA/resoluciones/AUTOS%202021/0245.php?act=img&img=ext_exe HTTP/1.1" 200 118
47.128.16.37 - - [26/Apr/2024:07:19:56 -0500] "GET /BLA/resoluciones/AUTOS%202021/0245.php?act=img&img=ext_rtf HTTP/1.1" 200 164
47.128.16.37 - - [26/Apr/2024:07:19:56 -0500] "GET /BLA/resoluciones/AUTOS%202021/0245.php?act=img&img=download HTTP/1.1" 200 161
47.128.16.37 - - [26/Apr/2024:07:19:56 -0500] "GET /BLA/resoluciones/AUTOS%202021/0245.php?act=img&img=change HTTP/1.1" 200 290
47.128.16.37 - - [26/Apr/2024:07:19:56 -0500] "GET /BLA/resoluciones/AUTOS%202021/0245.php?act=img&img=ext_ini HTTP/1.1" 200 134
186.84.88.175 - - [26/Apr/2024:07:19:57 -0500] "POST /sipse/faces/presentacion/financiero/solicitudProceso/listarSolicitudProceso.xhtml HTTP/1.1" 200 32124
186.84.88.175 - - [26/Apr/2024:07:19:57 -0500] "POST /sipse/faces/presentacion/financiero/solicitudProceso/listarSolicitudProceso.xhtml HTTP/1.1" 200 29869
3.224.220.101 - - [26/Apr/2024:07:20:00 -0500] "GET /BLA/resoluciones/RESOLUCIONES%202008/0819.pdf HTTP/1.1" 200 82103
172.22.2.4 - - [26/Apr/2024:07:20:02 -0500] "GET /BLA/boletinlegal/actos.php HTTP/1.1" 200 9738
172.22.2.4 - - [26/Apr/2024:07:20:03 -0500] "GET /BLA/boletinlegal/styles2.css HTTP/1.1" 200 1838
172.22.2.4 - - [26/Apr/2024:07:20:03 -0500] "GET /BLA/boletinlegal/js/ajax_actos.js HTTP/1.1" 200 1322
172.22.2.4 - - [26/Apr/2024:07:20:03 -0500] "GET /BLA/boletinlegal/niceforms-default.css HTTP/1.1" 200 6694
172.22.2.4 - - [26/Apr/2024:07:20:03 -0500] "GET /BLA/boletinlegal/style.css HTTP/1.1" 200 9406
172.22.2.4 - - [26/Apr/2024:07:20:03 -0500] "GET /BLA/boletinlegal/js/lib.js HTTP/1.1" 200 6474
172.22.2.4 - - [26/Apr/2024:07:20:03 -0500] "GET /BLA/boletinlegal/niceforms.js HTTP/1.1" 200 22876
172.22.2.4 - - [26/Apr/2024:07:20:03 -0500] "GET /BLA/boletinlegal/js/popup.js HTTP/1.1" 200 1270
172.22.2.4 - - [26/Apr/2024:07:20:03 -0500] "GET /BLA/boletinlegal/js/jquery1.js HTTP/1.1" 200 29846
172.22.2.4 - - [26/Apr/2024:07:20:03 -0500] "GET /BLA/boletinlegal/images/cabezote%20BLEGAL.jpg HTTP/1.1" 200 118164
172.22.2.4 - - [26/Apr/2024:07:20:03 -0500] "GET /BLA/boletinlegal/images/subscribe-icon-big.png HTTP/1.1" 200 47702
172.22.2.4 - - [26/Apr/2024:07:20:03 -0500] "GET /BLA/boletinlegal/images/historia.png HTTP/1.1" 200 52775
172.22.2.4 - - [26/Apr/2024:07:20:03 -0500] "GET /BLA/boletinlegal/images/registro-usuarios.png HTTP/1.1" 200 8106
172.22.2.4 - - [26/Apr/2024:07:20:03 -0500] "GET /BLA/boletinlegal/images/tel.png HTTP/1.1" 200 14477
172.22.2.4 - - [26/Apr/2024:07:20:03 -0500] "GET /BLA/boletinlegal/images/green-yellow-blue-pink-th.png HTTP/1.1" 200 7394
172.22.2.4 - - [26/Apr/2024:07:20:03 -0500] "GET /BLA/boletinlegal/images/icono-email.png HTTP/1.1" 200 5544
172.22.2.4 - - [26/Apr/2024:07:20:03 -0500] "GET /BLA/boletinlegal/images/body_bg.jpg HTTP/1.1" 200 1601
172.22.2.4 - - [26/Apr/2024:07:20:03 -0500] "GET /BLA/boletinlegal/images/menu_lft.gif HTTP/1.1" 200 1713
172.22.2.4 - - [26/Apr/2024:07:20:03 -0500] "GET /BLA/boletinlegal/images/menu_rght.gif HTTP/1.1" 200 1627
172.22.2.4 - - [26/Apr/2024:07:20:03 -0500] "GET /BLA/boletinlegal/images/bg_top.jpg HTTP/1.1" 200 522
172.22.2.4 - - [26/Apr/2024:07:20:03 -0500] "GET /BLA/boletinlegal/images/menu_bg.jpg HTTP/1.1" 200 620
172.22.2.4 - - [26/Apr/2024:07:20:03 -0500] "GET /BLA/boletinlegal/images/hover.jpg HTTP/1.1" 200 640
172.22.2.4 - - [26/Apr/2024:07:20:03 -0500] "GET /BLA/boletinlegal/images/text.jpg HTTP/1.1" 200 568
172.22.2.4 - - [26/Apr/2024:07:20:03 -0500] "GET /BLA/boletinlegal/images/footer_bg.jpg HTTP/1.1" 200 586
172.22.2.4 - - [26/Apr/2024:07:20:03 -0500] "GET /BLA/boletinlegal/images/footer_bg_l.jpg HTTP/1.1" 200 776
172.22.2.4 - - [26/Apr/2024:07:20:03 -0500] "GET /BLA/boletinlegal/img/0.png HTTP/1.1" 200 110
172.22.2.4 - - [26/Apr/2024:07:20:03 -0500] "GET /BLA/boletinlegal/img/select-left.png HTTP/1.1" 200 263
172.22.2.4 - - [26/Apr/2024:07:20:03 -0500] "GET /BLA/boletinlegal/img/button-left.png HTTP/1.1" 200 57071
172.22.2.4 - - [26/Apr/2024:07:20:03 -0500] "GET /BLA/boletinlegal/img/select-right.png HTTP/1.1" 200 44019
172.22.2.4 - - [26/Apr/2024:07:20:03 -0500] "GET /BLA/boletinlegal/img/button.png HTTP/1.1" 200 43241
172.22.2.4 - - [26/Apr/2024:07:20:03 -0500] "GET /BLA/boletinlegal/img/button-right.png HTTP/1.1" 200 57878
172.22.2.4 - - [26/Apr/2024:07:20:03 -0500] "GET /BLA/boletinlegal/favicon.ico HTTP/1.1" 404 1326
23.22.35.162 - - [26/Apr/2024:07:20:04 -0500] "GET /BLA/resoluciones/RESOLUCIONES%202008/0818.pdf HTTP/1.1" 200 108776
201.245.192.253 - - [26/Apr/2024:07:20:04 -0500] "POST /kwsrmcab/Wsrmcab HTTP/1.1" 200 36480
181.237.51.168 - - [26/Apr/2024:07:20:04 -0500] "GET /BLA/resoluciones/ HTTP/1.1" 200 14105
181.237.51.168 - - [26/Apr/2024:07:20:04 -0500] "GET /BLA/resoluciones/dlf/folder.png HTTP/1.1" 200 410
181.237.51.168 - - [26/Apr/2024:07:20:04 -0500] "GET /BLA/resoluciones/dlf/styles.css HTTP/1.1" 200 3049
181.237.51.168 - - [26/Apr/2024:07:20:04 -0500] "GET /BLA/resoluciones/dlf/bg.gif HTTP/1.1" 200 54
181.237.51.168 - - [26/Apr/2024:07:20:04 -0500] "GET /favicon.ico HTTP/1.1" 200 7782
3.224.220.101 - - [26/Apr/2024:07:20:08 -0500] "GET /BLA/resoluciones/RESOLUCIONES%202008/0817.pdf HTTP/1.1" 200 33105
181.237.51.168 - - [26/Apr/2024:07:20:10 -0500] "GET /BLA/resoluciones/dlf/dirup.png HTTP/1.1" 200 644
181.237.51.168 - - [26/Apr/2024:07:20:10 -0500] "GET /BLA/resoluciones/dlf/pdf.gif HTTP/1.1" 200 272
181.237.51.168 - - [26/Apr/2024:07:20:09 -0500] "GET /BLA/resoluciones/index.php?dir=AUTOS+2020%2F HTTP/1.1" 200 333020
23.22.35.162 - - [26/Apr/2024:07:20:12 -0500] "GET /BLA/resoluciones/RESOLUCIONES%202008/0816.pdf HTTP/1.1" 200 83538
23.22.35.162 - - [26/Apr/2024:07:20:16 -0500] "GET /BLA/resoluciones/RESOLUCIONES%202008/0815.pdf HTTP/1.1" 200 471087
186.80.88.32 - - [26/Apr/2024:07:20:17 -0500] "POST /sipse/faces/presentacion/financiero/solicitudProceso/consultarSolicitudProceso.xhtml HTTP/1.1" 200 2116475
47.128.46.215 - - [26/Apr/2024:07:20:19 -0500] "GET /BLA/resoluciones/AUTOS%202021/0245.php?act=chmod&d=E%3A%5Cnuevo%5Chtdocs%5CResiduos%5Cvehiculos%5Cimages%5C&f=page22_thumbnail.jpg HTTP/1.1" 200 2901
23.22.35.162 - - [26/Apr/2024:07:20:20 -0500] "GET /BLA/resoluciones/RESOLUCIONES%202008/0814.pdf HTTP/1.1" 200 66392
52.70.240.171 - - [26/Apr/2024:07:20:24 -0500] "GET /BLA/resoluciones/RESOLUCIONES%202008/0813.pdf HTTP/1.1" 200 74146
3.224.220.101 - - [26/Apr/2024:07:20:28 -0500] "GET /BLA/resoluciones/RESOLUCIONES%202008/0812.pdf HTTP/1.1" 200 63878
3.224.220.101 - - [26/Apr/2024:07:20:32 -0500] "GET /BLA/resoluciones/RESOLUCIONES%202008/0811.pdf HTTP/1.1" 200 389631
23.22.35.162 - - [26/Apr/2024:07:20:36 -0500] "GET /BLA/resoluciones/RESOLUCIONES%202008/0810.pdf HTTP/1.1" 200 34612
52.70.240.171 - - [26/Apr/2024:07:20:40 -0500] "GET /BLA/resoluciones/RESOLUCIONES%202008/0809.pdf HTTP/1.1" 200 190837
47.128.54.47 - - [26/Apr/2024:07:20:43 -0500] "GET /BLA/resoluciones/AUTOS%202021/0245.php?act=f&base64=3&d=E%3A%5Cnuevo%5Chtdocs%5CResiduos%5Ctextiles%5Cimages%5C&f=page99_thumbnail.jpg HTTP/1.1" 200 16152
52.70.240.171 - - [26/Apr/2024:07:20:44 -0500] "GET /BLA/resoluciones/RESOLUCIONES%202008/0808.pdf HTTP/1.1" 200 218601
47.128.54.47 - - [26/Apr/2024:07:20:44 -0500] "GET /BLA/resoluciones/AUTOS%202021/0245.php?act=img&img=ext_html HTTP/1.1" 200 230
47.128.54.47 - - [26/Apr/2024:07:20:44 -0500] "GET /BLA/resoluciones/AUTOS%202021/0245.php?act=img&img=ext_jpg HTTP/1.1" 200 175
47.128.54.47 - - [26/Apr/2024:07:20:44 -0500] "GET /BLA/resoluciones/AUTOS%202021/0245.php?act=img&img=ext_txt HTTP/1.1" 200 132
47.128.54.47 - - [26/Apr/2024:07:20:44 -0500] "GET /BLA/resoluciones/AUTOS%202021/0245.php?act=img&img=ext_diz HTTP/1.1" 200 1027
47.128.54.47 - - [26/Apr/2024:07:20:44 -0500] "GET /BLA/resoluciones/AUTOS%202021/0245.php?act=img&img=ext_exe HTTP/1.1" 200 118
47.128.54.47 - - [26/Apr/2024:07:20:44 -0500] "GET /BLA/resoluciones/AUTOS%202021/0245.php?act=img&img=ext_gif HTTP/1.1" 200 175
47.128.54.47 - - [26/Apr/2024:07:20:45 -0500] "GET /BLA/resoluciones/AUTOS%202021/0245.php?act=img&img=download HTTP/1.1" 200 161
47.128.54.47 - - [26/Apr/2024:07:20:45 -0500] "GET /BLA/resoluciones/AUTOS%202021/0245.php?act=img&img=change HTTP/1.1" 200 290
47.128.54.47 - - [26/Apr/2024:07:20:45 -0500] "GET /BLA/resoluciones/AUTOS%202021/0245.php?act=img&img=ext_ini HTTP/1.1" 200 134
47.128.54.47 - - [26/Apr/2024:07:20:45 -0500] "GET /BLA/resoluciones/AUTOS%202021/0245.php?act=img&img=ext_rtf HTTP/1.1" 200 164
52.70.240.171 - - [26/Apr/2024:07:20:48 -0500] "GET /BLA/resoluciones/RESOLUCIONES%202008/0807.pdf HTTP/1.1" 200 198351
186.80.88.32 - - [26/Apr/2024:07:20:46 -0500] "POST /sipse/faces/presentacion/financiero/solicitudProceso/consultarSolicitudProceso.xhtml HTTP/1.1" 200 2116500
52.70.240.171 - - [26/Apr/2024:07:20:52 -0500] "GET /BLA/resoluciones/RESOLUCIONES%202008/0806.pdf HTTP/1.1" 200 297789
3.141.2.96 - - [26/Apr/2024:07:20:54 -0500] "GET /robots.txt HTTP/1.1" 404 1018
3.141.2.96 - - [26/Apr/2024:07:20:55 -0500] "GET /php/ProyectosInversion/Terrotorializacion%20Jun-2011.pdf HTTP/1.1" 404 1018
3.224.220.101 - - [26/Apr/2024:07:20:56 -0500] "GET /BLA/resoluciones/RESOLUCIONES%202008/0805.pdf HTTP/1.1" 200 175420
3.224.220.101 - - [26/Apr/2024:07:21:00 -0500] "GET /BLA/resoluciones/RESOLUCIONES%202008/0804.pdf HTTP/1.1" 200 291028
3.224.220.101 - - [26/Apr/2024:07:21:04 -0500] "GET /BLA/resoluciones/RESOLUCIONES%202008/0803.pdf HTTP/1.1" 200 318966
47.128.112.64 - - [26/Apr/2024:07:21:07 -0500] "GET /BLA/resoluciones/AUTOS%202021/0245.php?act=f&d=E%3A%5Cnuevo%5Chtdocs%5CResiduos%5Cvehiculos%5Cimages%5C&f=page11.swf&fullhexdump=1 HTTP/1.1" 200 3021
3.224.220.101 - - [26/Apr/2024:07:21:08 -0500] "GET /BLA/resoluciones/RESOLUCIONES%202008/0802.pdf HTTP/1.1" 200 309400
47.128.112.64 - - [26/Apr/2024:07:21:08 -0500] "GET /BLA/resoluciones/AUTOS%202021/0245.php?act=img&img=ext_exe HTTP/1.1" 200 118
47.128.112.64 - - [26/Apr/2024:07:21:08 -0500] "GET /BLA/resoluciones/AUTOS%202021/0245.php?act=img&img=ext_rtf HTTP/1.1" 200 164
47.128.112.64 - - [26/Apr/2024:07:21:08 -0500] "GET /BLA/resoluciones/AUTOS%202021/0245.php?act=img&img=ext_html HTTP/1.1" 200 230
47.128.112.64 - - [26/Apr/2024:07:21:08 -0500] "GET /BLA/resoluciones/AUTOS%202021/0245.php?act=img&img=ext_gif HTTP/1.1" 200 175
47.128.112.64 - - [26/Apr/2024:07:21:08 -0500] "GET /BLA/resoluciones/AUTOS%202021/0245.php?act=img&img=ext_diz HTTP/1.1" 200 1027
47.128.112.64 - - [26/Apr/2024:07:21:08 -0500] "GET /BLA/resoluciones/AUTOS%202021/0245.php?act=img&img=ext_txt HTTP/1.1" 200 132
47.128.112.64 - - [26/Apr/2024:07:21:09 -0500] "GET /BLA/resoluciones/AUTOS%202021/0245.php?act=img&img=change HTTP/1.1" 200 290
47.128.112.64 - - [26/Apr/2024:07:21:09 -0500] "GET /BLA/resoluciones/AUTOS%202021/0245.php?act=img&img=download HTTP/1.1" 200 161
47.128.112.64 - - [26/Apr/2024:07:21:09 -0500] "GET /BLA/resoluciones/AUTOS%202021/0245.php?act=img&img=ext_ini HTTP/1.1" 200 134
47.128.112.64 - - [26/Apr/2024:07:21:09 -0500] "GET /BLA/resoluciones/AUTOS%202021/0245.php?act=img&img=ext_swf HTTP/1.1" 200 254
3.224.220.101 - - [26/Apr/2024:07:21:13 -0500] "GET /BLA/resoluciones/RESOLUCIONES%202008/0801.pdf HTTP/1.1" 200 774921
23.22.35.162 - - [26/Apr/2024:07:21:16 -0500] "GET /BLA/resoluciones/RESOLUCIONES%202008/0800.pdf HTTP/1.1" 200 587700
52.70.240.171 - - [26/Apr/2024:07:21:20 -0500] "GET /BLA/resoluciones/RESOLUCIONES%202008/0799.pdf HTTP/1.1" 200 319546
23.22.35.162 - - [26/Apr/2024:07:21:24 -0500] "GET /BLA/resoluciones/RESOLUCIONES%202008/0798.pdf HTTP/1.1" 200 321444
23.22.35.162 - - [26/Apr/2024:07:21:28 -0500] "GET /BLA/resoluciones/RESOLUCIONES%202008/0797.pdf HTTP/1.1" 200 315818
23.22.35.162 - - [26/Apr/2024:07:21:32 -0500] "GET /BLA/resoluciones/RESOLUCIONES%202008/0796.pdf HTTP/1.1" 200 317671
47.128.54.4 - - [26/Apr/2024:07:21:32 -0500] "GET /BLA/resoluciones/AUTOS%202021/0245.php?act=chmod&d=E%3A%5Cnuevo%5Chtdocs%5CResiduos%5Cvehiculos%5Cimages%5C&f=page58_thumbnail.jpg HTTP/1.1" 200 2901
23.22.35.162 - - [26/Apr/2024:07:21:36 -0500] "GET /BLA/resoluciones/RESOLUCIONES%202008/0795.pdf HTTP/1.1" 200 319412
23.22.35.162 - - [26/Apr/2024:07:21:40 -0500] "GET /BLA/resoluciones/RESOLUCIONES%202008/0794.pdf HTTP/1.1" 200 452114
3.224.220.101 - - [26/Apr/2024:07:21:46 -0500] "GET /BLA/resoluciones/RESOLUCIONES%202008/0793.pdf HTTP/1.1" 200 117982
3.224.220.101 - - [26/Apr/2024:07:21:48 -0500] "GET /BLA/resoluciones/RESOLUCIONES%202008/0792.pdf HTTP/1.1" 200 62521
3.224.220.101 - - [26/Apr/2024:07:21:52 -0500] "GET /BLA/resoluciones/RESOLUCIONES%202008/0791.pdf HTTP/1.1" 200 52838
3.224.220.101 - - [26/Apr/2024:07:21:56 -0500] "GET /BLA/resoluciones/RESOLUCIONES%202008/0790.pdf HTTP/1.1" 200 28374
23.22.35.162 - - [26/Apr/2024:07:22:00 -0500] "GET /BLA/resoluciones/RESOLUCIONES%202008/0789.pdf HTTP/1.1" 200 27707
52.70.240.171 - - [26/Apr/2024:07:22:06 -0500] "GET /BLA/resoluciones/RESOLUCIONES%202008/0788.pdf HTTP/1.1" 200 27865
3.224.220.101 - - [26/Apr/2024:07:22:08 -0500] "GET /BLA/resoluciones/RESOLUCIONES%202008/0787.pdf HTTP/1.1" 200 28203
201.245.192.253 - - [26/Apr/2024:07:22:07 -0500] "POST /kwsrmcab/Wsrmcab  HTTP/1.1" 200 41015
47.128.54.30 - - [26/Apr/2024:07:21:56 -0500] "GET /BLA/resoluciones/AUTOS%202021/0245.php?act=update&d=C%3A%5CAmbienteBogota%5Ccounter%5Cdigits%5Cweb1%5C HTTP/1.1" 200 2683
47.128.96.89 - - [26/Apr/2024:07:22:12 -0500] "GET /robots.txt HTTP/1.1" 404 1049
3.224.220.101 - - [26/Apr/2024:07:22:13 -0500] "GET /BLA/resoluciones/RESOLUCIONES%202008/0786.pdf HTTP/1.1" 200 55896
52.70.240.171 - - [26/Apr/2024:07:22:16 -0500] "GET /BLA/resoluciones/RESOLUCIONES%202008/0785.pdf HTTP/1.1" 200 56339
23.22.35.162 - - [26/Apr/2024:07:22:20 -0500] "GET /BLA/resoluciones/RESOLUCIONES%202008/0784.pdf HTTP/1.1" 200 62819
47.128.51.108 - - [26/Apr/2024:07:22:20 -0500] "GET /BLA/resoluciones/AUTOS%202021/0245.php?act=f&base64=3&d=E%3A%5Cnuevo%5CMercuryMail%5C&f=pmdict3.pmh HTTP/1.1" 200 2963
47.128.51.108 - - [26/Apr/2024:07:22:21 -0500] "GET /BLA/resoluciones/AUTOS%202021/0245.php?act=img&img=change HTTP/1.1" 200 290
47.128.51.108 - - [26/Apr/2024:07:22:21 -0500] "GET /BLA/resoluciones/AUTOS%202021/0245.php?act=img&img=ext_txt HTTP/1.1" 200 132
47.128.51.108 - - [26/Apr/2024:07:22:21 -0500] "GET /BLA/resoluciones/AUTOS%202021/0245.php?act=img&img=ext_diz HTTP/1.1" 200 1027
47.128.51.108 - - [26/Apr/2024:07:22:21 -0500] "GET /BLA/resoluciones/AUTOS%202021/0245.php?act=img&img=ext_html HTTP/1.1" 200 230
47.128.51.108 - - [26/Apr/2024:07:22:21 -0500] "GET /BLA/resoluciones/AUTOS%202021/0245.php?act=img&img=ext_exe HTTP/1.1" 200 118
47.128.51.108 - - [26/Apr/2024:07:22:21 -0500] "GET /BLA/resoluciones/AUTOS%202021/0245.php?act=img&img=ext_gif HTTP/1.1" 200 175
47.128.51.108 - - [26/Apr/2024:07:22:22 -0500] "GET /BLA/resoluciones/AUTOS%202021/0245.php?act=img&img=download HTTP/1.1" 200 161
47.128.51.108 - - [26/Apr/2024:07:22:22 -0500] "GET /BLA/resoluciones/AUTOS%202021/0245.php?act=img&img=ext_rtf HTTP/1.1" 200 164
47.128.51.108 - - [26/Apr/2024:07:22:22 -0500] "GET /BLA/resoluciones/AUTOS%202021/0245.php?act=img&img=ext_ini HTTP/1.1" 200 134
47.128.51.108 - - [26/Apr/2024:07:22:22 -0500] "GET /BLA/resoluciones/AUTOS%202021/0245.php?act=img&img=ext_pmh HTTP/1.1" 200 1034
3.224.220.101 - - [26/Apr/2024:07:22:24 -0500] "GET /BLA/resoluciones/RESOLUCIONES%202008/0783.pdf HTTP/1.1" 200 625397
52.70.240.171 - - [26/Apr/2024:07:22:28 -0500] "GET /BLA/resoluciones/RESOLUCIONES%202008/0782.pdf HTTP/1.1" 200 156705
3.224.220.101 - - [26/Apr/2024:07:22:32 -0500] "GET /BLA/resoluciones/RESOLUCIONES%202008/0781.pdf HTTP/1.1" 200 480053
3.224.220.101 - - [26/Apr/2024:07:22:36 -0500] "GET /BLA/resoluciones/RESOLUCIONES%202008/0780.pdf HTTP/1.1" 200 18739
216.245.221.92 - - [26/Apr/2024:07:22:36 -0500] "HEAD / HTTP/1.1" 200 -
172.22.2.4 - - [26/Apr/2024:07:20:58 -0500] "HEAD /BLA/boletinlegal/ HTTP/1.1" 200 -
3.224.220.101 - - [26/Apr/2024:07:22:40 -0500] "GET /BLA/resoluciones/RESOLUCIONES%202008/0779.pdf HTTP/1.1" 200 25018
75.108.82.26 - - [26/Apr/2024:07:22:44 -0500] "GET /robots.txt HTTP/1.1" 404 1049
52.70.240.171 - - [26/Apr/2024:07:22:44 -0500] "GET /BLA/resoluciones/RESOLUCIONES%202008/0778.pdf HTTP/1.1" 200 491879
47.128.43.157 - - [26/Apr/2024:07:22:44 -0500] "GET /BLA/resoluciones/AUTOS%202021/0245.php?act=f&base64=1&d=E%3A%5Cnuevo%5Chtdocs%5CResiduos%5Ctextiles%5Cimages%5C&f=page97_thumbnail.jpg HTTP/1.1" 200 16156
47.128.43.157 - - [26/Apr/2024:07:22:46 -0500] "GET /BLA/resoluciones/AUTOS%202021/0245.php?act=img&img=ext_diz HTTP/1.1" 200 1027
47.128.43.157 - - [26/Apr/2024:07:22:46 -0500] "GET /BLA/resoluciones/AUTOS%202021/0245.php?act=img&img=ext_txt HTTP/1.1" 200 132
47.128.43.157 - - [26/Apr/2024:07:22:46 -0500] "GET /BLA/resoluciones/AUTOS%202021/0245.php?act=img&img=ext_jpg HTTP/1.1" 200 175
47.128.43.157 - - [26/Apr/2024:07:22:46 -0500] "GET /BLA/resoluciones/AUTOS%202021/0245.php?act=img&img=ext_html HTTP/1.1" 200 230
47.128.43.157 - - [26/Apr/2024:07:22:46 -0500] "GET /BLA/resoluciones/AUTOS%202021/0245.php?act=img&img=change HTTP/1.1" 200 290
47.128.43.157 - - [26/Apr/2024:07:22:46 -0500] "GET /BLA/resoluciones/AUTOS%202021/0245.php?act=img&img=ext_gif HTTP/1.1" 200 175
47.128.43.157 - - [26/Apr/2024:07:22:46 -0500] "GET /BLA/resoluciones/AUTOS%202021/0245.php?act=img&img=ext_exe HTTP/1.1" 200 118
47.128.43.157 - - [26/Apr/2024:07:22:46 -0500] "GET /BLA/resoluciones/AUTOS%202021/0245.php?act=img&img=ext_ini HTTP/1.1" 200 134
47.128.43.157 - - [26/Apr/2024:07:22:46 -0500] "GET /BLA/resoluciones/AUTOS%202021/0245.php?act=img&img=ext_rtf HTTP/1.1" 200 164
47.128.43.157 - - [26/Apr/2024:07:22:46 -0500] "GET /BLA/resoluciones/AUTOS%202021/0245.php?act=img&img=download HTTP/1.1" 200 161
23.22.35.162 - - [26/Apr/2024:07:22:48 -0500] "GET /BLA/resoluciones/RESOLUCIONES%202008/0777.pdf HTTP/1.1" 200 508503
3.224.220.101 - - [26/Apr/2024:07:22:52 -0500] "GET /BLA/resoluciones/RESOLUCIONES%202008/0776.pdf HTTP/1.1" 200 116463
52.70.240.171 - - [26/Apr/2024:07:22:57 -0500] "GET /BLA/resoluciones/RESOLUCIONES%202008/0775.pdf HTTP/1.1" 200 223807
3.224.220.101 - - [26/Apr/2024:07:23:00 -0500] "GET /BLA/resoluciones/RESOLUCIONES%202008/0774.pdf HTTP/1.1" 200 275357
23.22.35.162 - - [26/Apr/2024:07:23:04 -0500] "GET /BLA/resoluciones/RESOLUCIONES%202008/0773.pdf HTTP/1.1" 200 237632
3.224.220.101 - - [26/Apr/2024:07:23:08 -0500] "GET /BLA/resoluciones/RESOLUCIONES%202008/0772.pdf HTTP/1.1" 200 407197
47.128.27.172 - - [26/Apr/2024:07:23:10 -0500] "GET /BLA/resoluciones/AUTOS%202021/0245.php?act=chmod&d=E%3A%5Cnuevo%5Chtdocs%5CResiduos%5Ctextiles%5Cimages%5C&f=page86_thumbnail.jpg HTTP/1.1" 200 2900
52.70.240.171 - - [26/Apr/2024:07:23:12 -0500] "GET /BLA/resoluciones/RESOLUCIONES%202008/0771.pdf HTTP/1.1" 200 47308
3.224.220.101 - - [26/Apr/2024:07:23:16 -0500] "GET /BLA/resoluciones/RESOLUCIONES%202008/0770.pdf HTTP/1.1" 200 261786
181.154.118.29 - - [26/Apr/2024:07:23:19 -0500] "POST /sipse/faces/presentacion/financiero/solicitudProceso/listarSolicitudProceso.xhtml HTTP/1.1" 200 33182
181.154.118.29 - - [26/Apr/2024:07:23:19 -0500] "POST /sipse/faces/presentacion/financiero/solicitudProceso/listarSolicitudProceso.xhtml HTTP/1.1" 200 33182
23.22.35.162 - - [26/Apr/2024:07:23:20 -0500] "GET /BLA/resoluciones/RESOLUCIONES%202008/0769.pdf HTTP/1.1" 200 27562
181.154.118.29 - - [26/Apr/2024:07:23:20 -0500] "POST /sipse/faces/presentacion/financiero/solicitudProceso/listarSolicitudProceso.xhtml HTTP/1.1" 200 33182
181.154.118.29 - - [26/Apr/2024:07:23:20 -0500] "POST /sipse/faces/presentacion/financiero/solicitudProceso/listarSolicitudProceso.xhtml HTTP/1.1" 200 33182
181.154.118.29 - - [26/Apr/2024:07:23:21 -0500] "POST /sipse/faces/presentacion/financiero/solicitudProceso/listarSolicitudProceso.xhtml HTTP/1.1" 200 1492
181.154.118.29 - - [26/Apr/2024:07:23:21 -0500] "POST /sipse/faces/presentacion/financiero/solicitudProceso/listarSolicitudProceso.xhtml HTTP/1.1" 200 1492
181.154.118.29 - - [26/Apr/2024:07:23:21 -0500] "POST /sipse/faces/presentacion/financiero/solicitudProceso/listarSolicitudProceso.xhtml HTTP/1.1" 200 1492
181.154.118.29 - - [26/Apr/2024:07:23:21 -0500] "POST /sipse/faces/presentacion/financiero/solicitudProceso/listarSolicitudProceso.xhtml HTTP/1.1" 200 1492
52.70.240.171 - - [26/Apr/2024:07:23:24 -0500] "GET /BLA/resoluciones/RESOLUCIONES%202008/0768.pdf HTTP/1.1" 200 254591
181.154.118.29 - - [26/Apr/2024:07:23:26 -0500] "POST /sipse/faces/presentacion/financiero/solicitudProceso/listarSolicitudProceso.xhtml HTTP/1.1" 200 2145
181.154.118.29 - - [26/Apr/2024:07:23:27 -0500] "POST /sipse/faces/presentacion/financiero/solicitudProceso/listarSolicitudProceso.xhtml HTTP/1.1" 200 41015
181.154.118.29 - - [26/Apr/2024:07:23:28 -0500] "GET /sipse/faces/javax.faces.resource/theme.css?ln=primefaces-sipse HTTP/1.1" 304 -
52.70.240.171 - - [26/Apr/2024:07:23:28 -0500] "GET /BLA/resoluciones/RESOLUCIONES%202008/0767.pdf HTTP/1.1" 200 216727
181.154.118.29 - - [26/Apr/2024:07:23:28 -0500] "GET /sipse/faces/javax.faces.resource/layout/layout.css?ln=primefaces&v=4.0 HTTP/1.1" 304 -
181.154.118.29 - - [26/Apr/2024:07:23:28 -0500] "GET /sipse/faces/javax.faces.resource/jquery/jquery.js?ln=primefaces&v=4.0 HTTP/1.1" 304 -
181.154.118.29 - - [26/Apr/2024:07:23:28 -0500] "GET /sipse/faces/javax.faces.resource/primefaces.css?ln=primefaces&v=4.0 HTTP/1.1" 304 -
181.154.118.29 - - [26/Apr/2024:07:23:28 -0500] "GET /sipse/faces/javax.faces.resource/jquery/jquery-plugins.js?ln=primefaces&v=4.0 HTTP/1.1" 304 -
181.154.118.29 - - [26/Apr/2024:07:23:28 -0500] "GET /sipse/css/imagen/contrasena.png HTTP/1.1" 404 383
181.154.118.29 - - [26/Apr/2024:07:23:28 -0500] "GET /sipse/faces/javax.faces.resource/primefaces.js?ln=primefaces&v=4.0 HTTP/1.1" 304 -
181.154.118.29 - - [26/Apr/2024:07:23:28 -0500] "GET /sipse/faces/javax.faces.resource/layout/layout.js?ln=primefaces&v=4.0 HTTP/1.1" 304 -
181.154.118.29 - - [26/Apr/2024:07:23:28 -0500] "POST /sipse/faces/presentacion/financiero/solicitudProceso/consultar.xhtml HTTP/1.1" 200 34318
181.154.118.29 - - [26/Apr/2024:07:23:29 -0500] "POST /sipse/faces/presentacion/financiero/solicitudProceso/consultar.xhtml HTTP/1.1" 200 34318
181.154.118.29 - - [26/Apr/2024:07:23:29 -0500] "POST /sipse/faces/presentacion/financiero/solicitudProceso/consultar.xhtml HTTP/1.1" 200 34318
172.22.2.4 - - [26/Apr/2024:07:21:49 -0500] "GET /BLA/boletinlegal/ HTTP/1.1" 200 59967
181.154.118.29 - - [26/Apr/2024:07:23:31 -0500] "POST /sipse/faces/presentacion/financiero/solicitudProceso/consultar.xhtml HTTP/1.1" 200 12923
47.128.53.106 - - [26/Apr/2024:07:23:32 -0500] "GET /robots.txt HTTP/1.1" 404 1049
3.224.220.101 - - [26/Apr/2024:07:23:32 -0500] "GET /BLA/resoluciones/RESOLUCIONES%202008/0766.pdf HTTP/1.1" 200 165274
47.128.122.5 - - [26/Apr/2024:07:23:33 -0500] "GET /BLA/resoluciones/AUTOS%202021/0245.php?act=f&d=E%3A%5Cnuevo%5Chtdocs%5Cxampp&f=xampp.css HTTP/1.1" 200 2974
47.128.122.5 - - [26/Apr/2024:07:23:34 -0500] "GET /BLA/resoluciones/AUTOS%202021/0245.php?act=img&img=change HTTP/1.1" 200 290
47.128.122.5 - - [26/Apr/2024:07:23:34 -0500] "GET /BLA/resoluciones/AUTOS%202021/0245.php?act=img&img=ext_css HTTP/1.1" 200 134
47.128.122.5 - - [26/Apr/2024:07:23:34 -0500] "GET /BLA/resoluciones/AUTOS%202021/0245.php?act=img&img=ext_gif HTTP/1.1" 200 175
47.128.122.5 - - [26/Apr/2024:07:23:34 -0500] "GET /BLA/resoluciones/AUTOS%202021/0245.php?act=img&img=ext_html HTTP/1.1" 200 230
47.128.122.5 - - [26/Apr/2024:07:23:34 -0500] "GET /BLA/resoluciones/AUTOS%202021/0245.php?act=img&img=ext_exe HTTP/1.1" 200 118
47.128.122.5 - - [26/Apr/2024:07:23:34 -0500] "GET /BLA/resoluciones/AUTOS%202021/0245.php?act=img&img=ext_txt HTTP/1.1" 200 132
47.128.122.5 - - [26/Apr/2024:07:23:34 -0500] "GET /BLA/resoluciones/AUTOS%202021/0245.php?act=img&img=ext_rtf HTTP/1.1" 200 164
47.128.122.5 - - [26/Apr/2024:07:23:35 -0500] "GET /BLA/resoluciones/AUTOS%202021/0245.php?act=img&img=ext_ini HTTP/1.1" 200 134
47.128.122.5 - - [26/Apr/2024:07:23:35 -0500] "GET /BLA/resoluciones/AUTOS%202021/0245.php?act=img&img=download HTTP/1.1" 200 161
47.128.122.5 - - [26/Apr/2024:07:23:35 -0500] "GET /BLA/resoluciones/AUTOS%202021/0245.php?act=img&img=ext_diz HTTP/1.1" 200 1027
52.70.240.171 - - [26/Apr/2024:07:23:36 -0500] "GET /BLA/resoluciones/RESOLUCIONES%202008/0765.pdf HTTP/1.1" 200 170504
181.154.118.29 - - [26/Apr/2024:07:23:37 -0500] "POST /sipse/faces/presentacion/financiero/solicitudProceso/consultar.xhtml HTTP/1.1" 200 131140
181.154.118.29 - - [26/Apr/2024:07:23:38 -0500] "GET /sipse/faces/javax.faces.resource/layout/layout.css?ln=primefaces&v=4.0 HTTP/1.1" 304 -
181.154.118.29 - - [26/Apr/2024:07:23:38 -0500] "GET /sipse/faces/javax.faces.resource/theme.css?ln=primefaces-sipse HTTP/1.1" 304 -
181.154.118.29 - - [26/Apr/2024:07:23:38 -0500] "GET /sipse/faces/javax.faces.resource/primefaces.css?ln=primefaces&v=4.0 HTTP/1.1" 304 -
181.154.118.29 - - [26/Apr/2024:07:23:38 -0500] "GET /sipse/faces/javax.faces.resource/jquery/jquery.js?ln=primefaces&v=4.0 HTTP/1.1" 304 -
181.154.118.29 - - [26/Apr/2024:07:23:38 -0500] "GET /sipse/faces/javax.faces.resource/jquery/jquery-plugins.js?ln=primefaces&v=4.0 HTTP/1.1" 304 -
181.154.118.29 - - [26/Apr/2024:07:23:38 -0500] "GET /sipse/faces/javax.faces.resource/primefaces.js?ln=primefaces&v=4.0 HTTP/1.1" 304 -
181.154.118.29 - - [26/Apr/2024:07:23:38 -0500] "GET /sipse/faces/javax.faces.resource/layout/layout.js?ln=primefaces&v=4.0 HTTP/1.1" 304 -
52.70.240.171 - - [26/Apr/2024:07:23:40 -0500] "GET /BLA/resoluciones/RESOLUCIONES%202008/0764.pdf HTTP/1.1" 200 257396
3.224.220.101 - - [26/Apr/2024:07:23:44 -0500] "GET /BLA/resoluciones/RESOLUCIONES%202008/0763.pdf HTTP/1.1" 200 205956
181.154.118.29 - - [26/Apr/2024:07:23:47 -0500] "GET /sipse/faces/javax.faces.resource/theme.css?ln=primefaces-sipse HTTP/1.1" 304 -
181.154.118.29 - - [26/Apr/2024:07:23:47 -0500] "GET /sipse/faces/javax.faces.resource/primefaces.css?ln=primefaces&v=4.0 HTTP/1.1" 304 -
181.154.118.29 - - [26/Apr/2024:07:23:47 -0500] "GET /sipse/faces/javax.faces.resource/layout/layout.css?ln=primefaces&v=4.0 HTTP/1.1" 304 -
181.154.118.29 - - [26/Apr/2024:07:23:46 -0500] "POST /sipse/faces/presentacion/financiero/solicitudProceso/consultarSolicitudProceso.xhtml HTTP/1.1" 200 45187
181.154.118.29 - - [26/Apr/2024:07:23:47 -0500] "GET /sipse/faces/javax.faces.resource/jquery/jquery-plugins.js?ln=primefaces&v=4.0 HTTP/1.1" 304 -
181.154.118.29 - - [26/Apr/2024:07:23:47 -0500] "GET /sipse/faces/javax.faces.resource/primefaces.js?ln=primefaces&v=4.0 HTTP/1.1" 304 -
181.154.118.29 - - [26/Apr/2024:07:23:47 -0500] "GET /sipse/faces/javax.faces.resource/jquery/jquery.js?ln=primefaces&v=4.0 HTTP/1.1" 304 -
181.154.118.29 - - [26/Apr/2024:07:23:47 -0500] "GET /sipse/faces/javax.faces.resource/layout/layout.js?ln=primefaces&v=4.0 HTTP/1.1" 304 -
201.245.192.253 - - [26/Apr/2024:07:23:48 -0500] "GET /sipse/faces/faces/faces/autenticacion.xhtml HTTP/1.1" 200 12725
201.245.192.253 - - [26/Apr/2024:07:23:48 -0500] "GET /sipse/js/disable_browser_buttons.js HTTP/1.1" 304 -
201.245.192.253 - - [26/Apr/2024:07:23:48 -0500] "GET /sipse/css/custom_css_sg.css HTTP/1.1" 200 9694
201.245.192.253 - - [26/Apr/2024:07:23:48 -0500] "GET /sipse/js/funciones.js HTTP/1.1" 304 -
201.245.192.253 - - [26/Apr/2024:07:23:48 -0500] "GET /sipse/css/custom_css_sg_prime_login.css HTTP/1.1" 200 443
201.245.192.253 - - [26/Apr/2024:07:23:48 -0500] "GET /sipse/faces/javax.faces.resource/layout/layout.css;jsessionid=GMfpApjVaaXf6pkDwl-qFb0N.undefined?ln=primefaces&v=4.0 HTTP/1.1" 200 542
201.245.192.253 - - [26/Apr/2024:07:23:48 -0500] "GET /sipse/faces/javax.faces.resource/jquery/jquery.js;jsessionid=GMfpApjVaaXf6pkDwl-qFb0N.undefined?ln=primefaces&v=4.0 HTTP/1.1" 200 105384
201.245.192.253 - - [26/Apr/2024:07:23:48 -0500] "GET /sipse/faces/javax.faces.resource/layout/layout.js;jsessionid=GMfpApjVaaXf6pkDwl-qFb0N.undefined?ln=primefaces&v=4.0 HTTP/1.1" 200 87560
201.245.192.253 - - [26/Apr/2024:07:23:48 -0500] "GET /sipse/faces/javax.faces.resource/jquery/jquery-plugins.js;jsessionid=GMfpApjVaaXf6pkDwl-qFb0N.undefined?ln=primefaces&v=4.0 HTTP/1.1" 200 220526
201.245.192.253 - - [26/Apr/2024:07:23:48 -0500] "GET /sipse/faces/javax.faces.resource/theme.css?ln=primefaces-sipse HTTP/1.1" 200 50058
52.70.240.171 - - [26/Apr/2024:07:23:48 -0500] "GET /BLA/resoluciones/RESOLUCIONES%202008/0762.pdf HTTP/1.1" 200 311983
201.245.192.253 - - [26/Apr/2024:07:23:48 -0500] "GET /sipse/faces/javax.faces.resource/primefaces.css;jsessionid=GMfpApjVaaXf6pkDwl-qFb0N.undefined?ln=primefaces&v=4.0 HTTP/1.1" 200 53295
201.245.192.253 - - [26/Apr/2024:07:23:48 -0500] "GET /sipse/faces/javax.faces.resource/primefaces.js;jsessionid=GMfpApjVaaXf6pkDwl-qFb0N.undefined?ln=primefaces&v=4.0 HTTP/1.1" 200 276924
201.245.192.253 - - [26/Apr/2024:07:23:48 -0500] "GET /favicon.ico HTTP/1.1" 200 7782
201.245.192.253 - - [26/Apr/2024:07:23:48 -0500] "GET /sipse/faces/javax.faces.resource/images/ui-icons_898989_256x240.png?ln=primefaces-aristo HTTP/1.1" 200 5355
201.245.192.253 - - [26/Apr/2024:07:23:48 -0500] "GET /sipse/css/imagen/loginimg.png HTTP/1.1" 200 71635
201.245.192.253 - - [26/Apr/2024:07:23:48 -0500] "GET /sipse/css/imagen/logoSDG.png HTTP/1.1" 200 53064
201.245.192.253 - - [26/Apr/2024:07:23:48 -0500] "GET /sipse/faces/faces/faces/index.xhtml HTTP/1.1" 200 677
201.245.192.253 - - [26/Apr/2024:07:23:48 -0500] "GET /sipse/faces/javax.faces.resource/theme.css?ln=primefaces-sipse HTTP/1.1" 304 -
201.245.192.253 - - [26/Apr/2024:07:23:48 -0500] "GET /sipse/faces/faces/faces/faces/autenticacion.xhtml HTTP/1.1" 200 12403
201.245.192.253 - - [26/Apr/2024:07:23:48 -0500] "GET /sipse/faces/javax.faces.resource/theme.css?ln=primefaces-sipse HTTP/1.1" 304 -
201.245.192.253 - - [26/Apr/2024:07:23:48 -0500] "GET /sipse/faces/javax.faces.resource/layout/layout.css?ln=primefaces&v=4.0 HTTP/1.1" 200 542
201.245.192.253 - - [26/Apr/2024:07:23:48 -0500] "GET /sipse/faces/javax.faces.resource/jquery/jquery.js?ln=primefaces&v=4.0 HTTP/1.1" 304 -
201.245.192.253 - - [26/Apr/2024:07:23:48 -0500] "GET /sipse/faces/javax.faces.resource/jquery/jquery-plugins.js?ln=primefaces&v=4.0 HTTP/1.1" 304 -
201.245.192.253 - - [26/Apr/2024:07:23:48 -0500] "GET /sipse/faces/javax.faces.resource/layout/layout.js?ln=primefaces&v=4.0 HTTP/1.1" 304 -
201.245.192.253 - - [26/Apr/2024:07:23:48 -0500] "GET /sipse/faces/javax.faces.resource/primefaces.js?ln=primefaces&v=4.0 HTTP/1.1" 304 -
201.245.192.253 - - [26/Apr/2024:07:23:48 -0500] "GET /sipse/faces/javax.faces.resource/primefaces.css?ln=primefaces&v=4.0 HTTP/1.1" 200 53295
201.245.192.253 - - [26/Apr/2024:07:23:49 -0500] "GET /sipse/faces/javax.faces.resource/images/ui-icons_898989_256x240.png?ln=primefaces-aristo HTTP/1.1" 304 -
201.245.192.253 - - [26/Apr/2024:07:23:51 -0500] "POST /sipse/faces/autenticacion.xhtml HTTP/1.1" 200 11232
201.245.192.253 - - [26/Apr/2024:07:23:51 -0500] "GET /sipse/css/custom_css_sg_prime.css HTTP/1.1" 200 5201
201.245.192.253 - - [26/Apr/2024:07:23:51 -0500] "GET /sipse/faces/javax.faces.resource/jquery/jquery.js?ln=primefaces&v=4.0 HTTP/1.1" 304 -
201.245.192.253 - - [26/Apr/2024:07:23:51 -0500] "GET /sipse/faces/javax.faces.resource/jquery/jquery-plugins.js?ln=primefaces&v=4.0 HTTP/1.1" 304 -
201.245.192.253 - - [26/Apr/2024:07:23:51 -0500] "GET /sipse/faces/javax.faces.resource/primefaces.js?ln=primefaces&v=4.0 HTTP/1.1" 304 -
52.70.240.171 - - [26/Apr/2024:07:23:52 -0500] "GET /BLA/resoluciones/RESOLUCIONES%202008/0761.pdf HTTP/1.1" 200 41021
201.245.192.253 - - [26/Apr/2024:07:23:52 -0500] "GET /sipse/faces/javax.faces.resource/layout/layout.js?ln=primefaces&v=4.0 HTTP/1.1" 304 -
201.245.192.253 - - [26/Apr/2024:07:23:52 -0500] "GET /sipse/faces/javax.faces.resource/messages/messages.png?ln=primefaces&v=4.0 HTTP/1.1" 200 27209
201.245.192.253 - - [26/Apr/2024:07:23:55 -0500] "POST /sipse/faces/presentacion/sistema/seguridad/seleccionRol.xhtml HTTP/1.1" 200 5600
201.245.192.253 - - [26/Apr/2024:07:23:56 -0500] "POST /sipse/faces/presentacion/sistema/seguridad/seleccionRol.xhtml HTTP/1.1" 200 17675
201.245.192.253 - - [26/Apr/2024:07:23:56 -0500] "GET /sipse/js/jquery.min.js HTTP/1.1" 304 -
201.245.192.253 - - [26/Apr/2024:07:23:56 -0500] "GET /sipse/faces/javax.faces.resource/jquery/jquery.js?ln=primefaces&v=4.0 HTTP/1.1" 304 -
201.245.192.253 - - [26/Apr/2024:07:23:56 -0500] "GET /sipse/faces/javax.faces.resource/jquery/jquery-plugins.js?ln=primefaces&v=4.0 HTTP/1.1" 304 -
3.224.220.101 - - [26/Apr/2024:07:23:56 -0500] "GET /BLA/resoluciones/RESOLUCIONES%202008/5001.pdf HTTP/1.1" 200 222877
201.245.192.253 - - [26/Apr/2024:07:23:56 -0500] "GET /sipse/faces/javax.faces.resource/primefaces.js?ln=primefaces&v=4.0 HTTP/1.1" 304 -
201.245.192.253 - - [26/Apr/2024:07:23:56 -0500] "GET /sipse/faces/javax.faces.resource/layout/layout.js?ln=primefaces&v=4.0 HTTP/1.1" 304 -
201.245.192.253 - - [26/Apr/2024:07:23:56 -0500] "GET /sipse/css/v_mergente.css HTTP/1.1" 200 1505
201.245.192.253 - - [26/Apr/2024:07:23:56 -0500] "GET /sipse/imagenes/cargando.gif HTTP/1.1" 200 36959
201.245.192.253 - - [26/Apr/2024:07:23:56 -0500] "GET /sipse/css/imagen/contrasena.png HTTP/1.1" 404 383
201.245.192.253 - - [26/Apr/2024:07:23:56 -0500] "GET /sipse/imagenes/logoAplicacion.jpg HTTP/1.1" 200 155084
47.128.60.36 - - [26/Apr/2024:07:23:57 -0500] "GET /BLA/resoluciones/AUTOS%202021/0245.php?act=chmod&d=E%3A%5Cnuevo%5Chtdocs%5CResiduos%5Cimpresion%5Cimages&f=page68.swf HTTP/1.1" 200 2894
201.245.192.253 - - [26/Apr/2024:07:23:58 -0500] "GET /sipse/faces/javax.faces.resource/images/ui-bg_flat_0_2d5972_40x100.png?ln=primefaces-aristo HTTP/1.1" 200 183
201.245.192.253 - - [26/Apr/2024:07:23:58 -0500] "POST /sipse/faces/bienvenido.xhtml HTTP/1.1" 200 3246
201.245.192.253 - - [26/Apr/2024:07:23:59 -0500] "POST /sipse/faces/bienvenido.xhtml HTTP/1.1" 200 64606
201.245.192.253 - - [26/Apr/2024:07:23:59 -0500] "GET /sipse/faces/javax.faces.resource/jquery/jquery.js?ln=primefaces&v=4.0 HTTP/1.1" 304 -
201.245.192.253 - - [26/Apr/2024:07:23:59 -0500] "GET /sipse/faces/javax.faces.resource/jquery/jquery-plugins.js?ln=primefaces&v=4.0 HTTP/1.1" 304 -
201.245.192.253 - - [26/Apr/2024:07:23:59 -0500] "GET /sipse/faces/javax.faces.resource/primefaces.js?ln=primefaces&v=4.0 HTTP/1.1" 304 -
201.245.192.253 - - [26/Apr/2024:07:24:00 -0500] "GET /sipse/faces/javax.faces.resource/layout/layout.js?ln=primefaces&v=4.0 HTTP/1.1" 304 -
23.22.35.162 - - [26/Apr/2024:07:24:00 -0500] "GET /BLA/resoluciones/RESOLUCIONES%202008/5000.pdf HTTP/1.1" 200 231947
201.245.192.253 - - [26/Apr/2024:07:24:00 -0500] "POST /sipse/faces/presentacion/financiero/solicitudProceso/listarSolicitudProceso.xhtml HTTP/1.1" 200 1556
176.248.131.235 - - [26/Apr/2024:07:24:01 -0500] "GET /robots.txt HTTP/1.1" 404 1049
52.70.240.171 - - [26/Apr/2024:07:24:04 -0500] "GET /BLA/resoluciones/RESOLUCIONES%202008/4999.pdf HTTP/1.1" 200 229149
52.70.240.171 - - [26/Apr/2024:07:24:08 -0500] "GET /BLA/resoluciones/RESOLUCIONES%202008/4998.pdf HTTP/1.1" 200 239854
3.224.220.101 - - [26/Apr/2024:07:24:12 -0500] "GET /BLA/resoluciones/RESOLUCIONES%202008/4997.pdf HTTP/1.1" 200 238572
201.245.192.253 - - [26/Apr/2024:07:24:13 -0500] "GET /sipse/faces/faces/autenticacion.xhtml HTTP/1.1" 200 12725
201.245.192.253 - - [26/Apr/2024:07:24:13 -0500] "GET /sipse/js/disable_browser_buttons.js HTTP/1.1" 304 -
201.245.192.253 - - [26/Apr/2024:07:24:13 -0500] "GET /sipse/css/custom_css_sg.css HTTP/1.1" 304 -
201.245.192.253 - - [26/Apr/2024:07:24:13 -0500] "GET /sipse/css/custom_css_sg_prime_login.css HTTP/1.1" 304 -
201.245.192.253 - - [26/Apr/2024:07:24:13 -0500] "GET /sipse/faces/javax.faces.resource/theme.css?ln=primefaces-sipse HTTP/1.1" 304 -
201.245.192.253 - - [26/Apr/2024:07:24:13 -0500] "GET /sipse/faces/javax.faces.resource/layout/layout.css;jsessionid=A2RXiVzQ9Wq7SQnjCo9PGhE1.undefined?ln=primefaces&v=4.0 HTTP/1.1" 200 542
201.245.192.253 - - [26/Apr/2024:07:24:13 -0500] "GET /sipse/js/funciones.js HTTP/1.1" 304 -
201.245.192.253 - - [26/Apr/2024:07:24:13 -0500] "GET /sipse/faces/javax.faces.resource/layout/layout.js;jsessionid=A2RXiVzQ9Wq7SQnjCo9PGhE1.undefined?ln=primefaces&v=4.0 HTTP/1.1" 200 87560
201.245.192.253 - - [26/Apr/2024:07:24:13 -0500] "GET /sipse/faces/javax.faces.resource/jquery/jquery.js;jsessionid=A2RXiVzQ9Wq7SQnjCo9PGhE1.undefined?ln=primefaces&v=4.0 HTTP/1.1" 200 105384
201.245.192.253 - - [26/Apr/2024:07:24:13 -0500] "GET /sipse/faces/javax.faces.resource/jquery/jquery-plugins.js;jsessionid=A2RXiVzQ9Wq7SQnjCo9PGhE1.undefined?ln=primefaces&v=4.0 HTTP/1.1" 200 220526
201.245.192.253 - - [26/Apr/2024:07:24:13 -0500] "GET /sipse/faces/javax.faces.resource/primefaces.js;jsessionid=A2RXiVzQ9Wq7SQnjCo9PGhE1.undefined?ln=primefaces&v=4.0 HTTP/1.1" 200 276924
201.245.192.253 - - [26/Apr/2024:07:24:13 -0500] "GET /sipse/faces/javax.faces.resource/primefaces.css;jsessionid=A2RXiVzQ9Wq7SQnjCo9PGhE1.undefined?ln=primefaces&v=4.0 HTTP/1.1" 200 53295
201.245.192.253 - - [26/Apr/2024:07:24:13 -0500] "GET /sipse/css/imagen/loginimg.png HTTP/1.1" 304 -
201.245.192.253 - - [26/Apr/2024:07:24:13 -0500] "GET /sipse/css/imagen/logoSDG.png HTTP/1.1" 304 -
201.245.192.253 - - [26/Apr/2024:07:24:13 -0500] "GET /sipse/faces/javax.faces.resource/images/ui-icons_898989_256x240.png?ln=primefaces-aristo HTTP/1.1" 304 -
201.245.192.253 - - [26/Apr/2024:07:24:13 -0500] "GET /sipse/faces/faces/index.xhtml HTTP/1.1" 200 677
201.245.192.253 - - [26/Apr/2024:07:24:13 -0500] "GET /sipse/faces/javax.faces.resource/theme.css?ln=primefaces-sipse HTTP/1.1" 304 -
201.245.192.253 - - [26/Apr/2024:07:24:13 -0500] "GET /sipse/faces/faces/faces/autenticacion.xhtml HTTP/1.1" 200 12403
201.245.192.253 - - [26/Apr/2024:07:24:13 -0500] "GET /sipse/faces/javax.faces.resource/layout/layout.css?ln=primefaces&v=4.0 HTTP/1.1" 304 -
201.245.192.253 - - [26/Apr/2024:07:24:13 -0500] "GET /sipse/faces/javax.faces.resource/primefaces.css?ln=primefaces&v=4.0 HTTP/1.1" 304 -
201.245.192.253 - - [26/Apr/2024:07:24:13 -0500] "GET /sipse/faces/javax.faces.resource/theme.css?ln=primefaces-sipse HTTP/1.1" 304 -
201.245.192.253 - - [26/Apr/2024:07:24:13 -0500] "GET /sipse/faces/javax.faces.resource/primefaces.js?ln=primefaces&v=4.0 HTTP/1.1" 304 -
201.245.192.253 - - [26/Apr/2024:07:24:13 -0500] "GET /sipse/faces/javax.faces.resource/jquery/jquery.js?ln=primefaces&v=4.0 HTTP/1.1" 304 -
201.245.192.253 - - [26/Apr/2024:07:24:13 -0500] "GET /sipse/faces/javax.faces.resource/jquery/jquery-plugins.js?ln=primefaces&v=4.0 HTTP/1.1" 304 -
201.245.192.253 - - [26/Apr/2024:07:24:13 -0500] "GET /sipse/faces/javax.faces.resource/layout/layout.js?ln=primefaces&v=4.0 HTTP/1.1" 304 -
3.224.220.101 - - [26/Apr/2024:07:24:16 -0500] "GET /BLA/resoluciones/RESOLUCIONES%202008/4996.pdf HTTP/1.1" 200 213116
201.245.192.253 - - [26/Apr/2024:07:24:16 -0500] "POST /sipse/faces/autenticacion.xhtml HTTP/1.1" 200 16903
201.245.192.253 - - [26/Apr/2024:07:24:16 -0500] "GET /sipse/css/custom_css_sg_prime.css HTTP/1.1" 304 -
201.245.192.253 - - [26/Apr/2024:07:24:16 -0500] "GET /sipse/faces/javax.faces.resource/theme.css?ln=primefaces-sipse HTTP/1.1" 304 -
201.245.192.253 - - [26/Apr/2024:07:24:16 -0500] "GET /sipse/faces/javax.faces.resource/layout/layout.css?ln=primefaces&v=4.0 HTTP/1.1" 304 -
201.245.192.253 - - [26/Apr/2024:07:24:16 -0500] "GET /sipse/faces/javax.faces.resource/primefaces.css?ln=primefaces&v=4.0 HTTP/1.1" 304 -
201.245.192.253 - - [26/Apr/2024:07:24:16 -0500] "GET /sipse/js/jquery.min.js HTTP/1.1" 304 -
201.245.192.253 - - [26/Apr/2024:07:24:16 -0500] "GET /sipse/faces/javax.faces.resource/jquery/jquery.js?ln=primefaces&v=4.0 HTTP/1.1" 304 -
201.245.192.253 - - [26/Apr/2024:07:24:16 -0500] "GET /sipse/faces/javax.faces.resource/jquery/jquery-plugins.js?ln=primefaces&v=4.0 HTTP/1.1" 304 -
201.245.192.253 - - [26/Apr/2024:07:24:16 -0500] "GET /sipse/faces/javax.faces.resource/primefaces.js?ln=primefaces&v=4.0 HTTP/1.1" 304 -
201.245.192.253 - - [26/Apr/2024:07:24:16 -0500] "GET /sipse/faces/javax.faces.resource/layout/layout.js?ln=primefaces&v=4.0 HTTP/1.1" 304 -
201.245.192.253 - - [26/Apr/2024:07:24:16 -0500] "GET /sipse/css/v_mergente.css HTTP/1.1" 304 -
201.245.192.253 - - [26/Apr/2024:07:24:16 -0500] "GET /sipse/css/imagen/contrasena.png HTTP/1.1" 404 383
201.245.192.253 - - [26/Apr/2024:07:24:16 -0500] "GET /sipse/imagenes/cargando.gif HTTP/1.1" 304 -
201.245.192.253 - - [26/Apr/2024:07:24:16 -0500] "GET /sipse/imagenes/logoAplicacion.jpg HTTP/1.1" 304 -
201.245.192.253 - - [26/Apr/2024:07:24:16 -0500] "GET /sipse/faces/javax.faces.resource/messages/messages.png?ln=primefaces&v=4.0 HTTP/1.1" 304 -
201.245.192.253 - - [26/Apr/2024:07:24:18 -0500] "GET /sipse/faces/javax.faces.resource/images/ui-bg_flat_0_2d5972_40x100.png?ln=primefaces-aristo HTTP/1.1" 304 -
201.245.192.253 - - [26/Apr/2024:07:24:18 -0500] "POST /sipse/faces/bienvenido.xhtml HTTP/1.1" 200 2658
201.245.192.253 - - [26/Apr/2024:07:24:19 -0500] "POST /sipse/faces/bienvenido.xhtml HTTP/1.1" 200 33154
201.245.192.253 - - [26/Apr/2024:07:24:19 -0500] "GET /sipse/faces/javax.faces.resource/layout/layout.css?ln=primefaces&v=4.0 HTTP/1.1" 304 -
201.245.192.253 - - [26/Apr/2024:07:24:19 -0500] "GET /sipse/faces/javax.faces.resource/primefaces.css?ln=primefaces&v=4.0 HTTP/1.1" 304 -
201.245.192.253 - - [26/Apr/2024:07:24:19 -0500] "GET /sipse/faces/javax.faces.resource/theme.css?ln=primefaces-sipse HTTP/1.1" 304 -
201.245.192.253 - - [26/Apr/2024:07:24:19 -0500] "GET /sipse/faces/javax.faces.resource/jquery/jquery.js?ln=primefaces&v=4.0 HTTP/1.1" 304 -
201.245.192.253 - - [26/Apr/2024:07:24:19 -0500] "GET /sipse/faces/javax.faces.resource/jquery/jquery-plugins.js?ln=primefaces&v=4.0 HTTP/1.1" 304 -
201.245.192.253 - - [26/Apr/2024:07:24:19 -0500] "GET /sipse/faces/javax.faces.resource/primefaces.js?ln=primefaces&v=4.0 HTTP/1.1" 304 -
201.245.192.253 - - [26/Apr/2024:07:24:19 -0500] "GET /sipse/faces/javax.faces.resource/layout/layout.js?ln=primefaces&v=4.0 HTTP/1.1" 304 -
201.245.192.253 - - [26/Apr/2024:07:24:19 -0500] "POST /sipse/faces/presentacion/financiero/solicitudProceso/listarSolicitudProceso.xhtml HTTP/1.1" 200 1372
52.70.240.171 - - [26/Apr/2024:07:24:20 -0500] "GET /BLA/resoluciones/RESOLUCIONES%202008/4995.pdf HTTP/1.1" 200 247111
47.128.112.104 - - [26/Apr/2024:07:24:22 -0500] "GET /BLA/resoluciones/AUTOS%202021/0245.php?act=f&d=C%3A%5Cdmz%5Cmysql&f=README&ft=edit HTTP/1.1" 200 4158
47.128.112.104 - - [26/Apr/2024:07:24:23 -0500] "GET /BLA/resoluciones/AUTOS%202021/0245.php?act=img&img=ext_exe HTTP/1.1" 200 118
47.128.112.104 - - [26/Apr/2024:07:24:23 -0500] "GET /BLA/resoluciones/AUTOS%202021/0245.php?act=img&img=ext_diz HTTP/1.1" 200 1027
47.128.112.104 - - [26/Apr/2024:07:24:23 -0500] "GET /BLA/resoluciones/AUTOS%202021/0245.php?act=img&img=ext_readme HTTP/1.1" 200 1034
47.128.112.104 - - [26/Apr/2024:07:24:23 -0500] "GET /BLA/resoluciones/AUTOS%202021/0245.php?act=img&img=ext_gif HTTP/1.1" 200 175
47.128.112.104 - - [26/Apr/2024:07:24:23 -0500] "GET /BLA/resoluciones/AUTOS%202021/0245.php?act=img&img=ext_html HTTP/1.1" 200 230
47.128.112.104 - - [26/Apr/2024:07:24:23 -0500] "GET /BLA/resoluciones/AUTOS%202021/0245.php?act=img&img=ext_txt HTTP/1.1" 200 132
47.128.112.104 - - [26/Apr/2024:07:24:23 -0500] "GET /BLA/resoluciones/AUTOS%202021/0245.php?act=img&img=change HTTP/1.1" 200 290
47.128.112.104 - - [26/Apr/2024:07:24:23 -0500] "GET /BLA/resoluciones/AUTOS%202021/0245.php?act=img&img=ext_ini HTTP/1.1" 200 134
47.128.112.104 - - [26/Apr/2024:07:24:23 -0500] "GET /BLA/resoluciones/AUTOS%202021/0245.php?act=img&img=ext_rtf HTTP/1.1" 200 164
47.128.112.104 - - [26/Apr/2024:07:24:23 -0500] "GET /BLA/resoluciones/AUTOS%202021/0245.php?act=img&img=download HTTP/1.1" 200 161
23.22.35.162 - - [26/Apr/2024:07:24:26 -0500] "GET /BLA/resoluciones/RESOLUCIONES%202008/4994.pdf HTTP/1.1" 200 236674
3.224.220.101 - - [26/Apr/2024:07:24:28 -0500] "GET /BLA/resoluciones/RESOLUCIONES%202008/4993.pdf HTTP/1.1" 200 237000
23.22.35.162 - - [26/Apr/2024:07:24:32 -0500] "GET /BLA/resoluciones/RESOLUCIONES%202008/4992.pdf HTTP/1.1" 200 253935
3.224.220.101 - - [26/Apr/2024:07:24:36 -0500] "GET /BLA/resoluciones/RESOLUCIONES%202008/4991.pdf HTTP/1.1" 200 48174
52.70.240.171 - - [26/Apr/2024:07:24:40 -0500] "GET /BLA/resoluciones/RESOLUCIONES%202008/4990.pdf HTTP/1.1" 200 243452
3.224.220.101 - - [26/Apr/2024:07:24:44 -0500] "GET /BLA/resoluciones/RESOLUCIONES%202008/4989.pdf HTTP/1.1" 200 194483
201.245.192.253 - - [26/Apr/2024:07:24:46 -0500] "POST /sipse/faces/presentacion/financiero/solicitudProceso/listarSolicitudProceso.xhtml HTTP/1.1" 200 126565
201.245.192.253 - - [26/Apr/2024:07:24:47 -0500] "GET /sipse/faces/javax.faces.resource/jquery/jquery.js?ln=primefaces&v=4.0 HTTP/1.1" 304 -
201.245.192.253 - - [26/Apr/2024:07:24:47 -0500] "GET /sipse/faces/javax.faces.resource/jquery/jquery-plugins.js?ln=primefaces&v=4.0 HTTP/1.1" 304 -
201.245.192.253 - - [26/Apr/2024:07:24:47 -0500] "GET /sipse/faces/javax.faces.resource/primefaces.js?ln=primefaces&v=4.0 HTTP/1.1" 304 -
201.245.192.253 - - [26/Apr/2024:07:24:48 -0500] "GET /sipse/faces/javax.faces.resource/layout/layout.js?ln=primefaces&v=4.0 HTTP/1.1" 304 -
23.22.35.162 - - [26/Apr/2024:07:24:48 -0500] "GET /BLA/resoluciones/RESOLUCIONES%202008/4988.pdf HTTP/1.1" 200 371201
47.128.23.152 - - [26/Apr/2024:07:24:46 -0500] "GET /BLA/resoluciones/AUTOS%202021/0245.php?act=f&d=E%3A%5Cnuevo%5CFileZillaFTP%5C&f=FileZilla+Server.xml&ft=html&white=1 HTTP/1.1" 200 8442
23.22.35.162 - - [26/Apr/2024:07:24:52 -0500] "GET /BLA/resoluciones/RESOLUCIONES%202008/4987.pdf HTTP/1.1" 200 383031
66.249.66.20 - - [26/Apr/2024:07:24:55 -0500] "GET /siipev/Diseno%20de%20Elementos%20de%20Mobiliario%20Urbano/Diseno%20pertenecientes%20al%20mobiliario%20urbano%20M10-M160/PARTE%20A/Dise%C3%B1o%20de%20Elementos%20M-141.pdf HTTP/1.1" 200 1384354
23.22.35.162 - - [26/Apr/2024:07:24:56 -0500] "GET /BLA/resoluciones/RESOLUCIONES%202008/4986.pdf HTTP/1.1" 200 203973
23.22.35.162 - - [26/Apr/2024:07:25:00 -0500] "GET /BLA/resoluciones/RESOLUCIONES%202008/4985.pdf HTTP/1.1" 200 213422
201.245.192.253 - - [26/Apr/2024:07:25:01 -0500] "POST /sipse/faces/presentacion/financiero/solicitudProceso/consultarSolicitudProceso.xhtml HTTP/1.1" 200 83386
3.224.220.101 - - [26/Apr/2024:07:25:04 -0500] "GET /BLA/resoluciones/RESOLUCIONES%202008/4984.pdf HTTP/1.1" 200 216134
