191.95.55.96 - - [26/Apr/2024:00:23:52 -0500] "GET /sipse/faces/javax.faces.resource/layout/layout.css?ln=primefaces&v=4.0 HTTP/1.1" 200 542
191.95.55.96 - - [26/Apr/2024:00:23:52 -0500] "GET /sipse/faces/javax.faces.resource/primefaces.css?ln=primefaces&v=4.0 HTTP/1.1" 200 53295
191.95.55.96 - - [26/Apr/2024:00:23:52 -0500] "GET /sipse/faces/javax.faces.resource/layout/layout.js?ln=primefaces&v=4.0 HTTP/1.1" 200 87560
191.95.55.96 - - [26/Apr/2024:00:23:52 -0500] "GET /sipse/faces/javax.faces.resource/jquery/jquery.js?ln=primefaces&v=4.0 HTTP/1.1" 200 105384
191.95.55.96 - - [26/Apr/2024:00:23:52 -0500] "GET /sipse/faces/javax.faces.resource/jquery/jquery-plugins.js?ln=primefaces&v=4.0 HTTP/1.1" 200 220526
191.95.55.96 - - [26/Apr/2024:00:23:52 -0500] "GET /sipse/faces/javax.faces.resource/primefaces.js?ln=primefaces&v=4.0 HTTP/1.1" 200 276924
191.95.55.96 - - [26/Apr/2024:00:23:52 -0500] "GET /sipse/faces/javax.faces.resource/images/ui-icons_898989_256x240.png?ln=primefaces-aristo HTTP/1.1" 200 5355
191.95.55.96 - - [26/Apr/2024:00:23:52 -0500] "GET /sipse/css/imagen/loginimg.png HTTP/1.1" 200 71635
191.95.55.96 - - [26/Apr/2024:00:23:52 -0500] "GET /sipse/css/imagen/logoSDG.png HTTP/1.1" 200 53064
191.95.55.96 - - [26/Apr/2024:00:23:53 -0500] "GET /sipse/faces/faces/index.xhtml HTTP/1.1" 200 677
191.95.55.96 - - [26/Apr/2024:00:23:53 -0500] "GET /sipse/faces/javax.faces.resource/theme.css?ln=primefaces-sipse HTTP/1.1" 304 -
191.95.55.96 - - [26/Apr/2024:00:23:53 -0500] "GET /sipse/faces/faces/faces/autenticacion.xhtml HTTP/1.1" 200 12403
191.95.55.96 - - [26/Apr/2024:00:23:53 -0500] "GET /sipse/faces/javax.faces.resource/layout/layout.css?ln=primefaces&v=4.0 HTTP/1.1" 304 -
191.95.55.96 - - [26/Apr/2024:00:23:53 -0500] "GET /sipse/faces/javax.faces.resource/jquery/jquery.js?ln=primefaces&v=4.0 HTTP/1.1" 304 -
191.95.55.96 - - [26/Apr/2024:00:23:53 -0500] "GET /sipse/faces/javax.faces.resource/jquery/jquery-plugins.js?ln=primefaces&v=4.0 HTTP/1.1" 304 -
191.95.55.96 - - [26/Apr/2024:00:23:53 -0500] "GET /sipse/faces/javax.faces.resource/primefaces.css?ln=primefaces&v=4.0 HTTP/1.1" 304 -
191.95.55.96 - - [26/Apr/2024:00:23:53 -0500] "GET /sipse/faces/javax.faces.resource/theme.css?ln=primefaces-sipse HTTP/1.1" 304 -
191.95.55.96 - - [26/Apr/2024:00:23:53 -0500] "GET /sipse/faces/javax.faces.resource/primefaces.js?ln=primefaces&v=4.0 HTTP/1.1" 304 -
23.22.35.162 - - [26/Apr/2024:00:23:53 -0500] "GET /BLA/resoluciones/RESOLUCIONES%202009/1297.pdf HTTP/1.1" 200 697625
191.95.55.96 - - [26/Apr/2024:00:23:53 -0500] "GET /sipse/faces/javax.faces.resource/layout/layout.js?ln=primefaces&v=4.0 HTTP/1.1" 304 -
52.70.240.171 - - [26/Apr/2024:00:23:58 -0500] "GET /BLA/resoluciones/RESOLUCIONES%202010/0895.pdf HTTP/1.1" 200 93953
3.224.220.101 - - [26/Apr/2024:00:24:01 -0500] "GET /BLA/resoluciones/RESOLUCIONES%202009/1296.pdf HTTP/1.1" 200 853950
3.224.220.101 - - [26/Apr/2024:00:24:06 -0500] "GET /BLA/resoluciones/RESOLUCIONES%202010/0894.pdf HTTP/1.1" 200 93909
47.128.126.191 - - [26/Apr/2024:00:24:08 -0500] "GET /BLA/resoluciones/AUTOS%202021/0245.php?act=img&img=ext_txt HTTP/1.1" 200 132
47.128.126.191 - - [26/Apr/2024:00:24:08 -0500] "GET /BLA/resoluciones/AUTOS%202021/0245.php?act=img&img=ext_php HTTP/1.1" 200 79
47.128.126.191 - - [26/Apr/2024:00:24:08 -0500] "GET /BLA/resoluciones/AUTOS%202021/0245.php?act=img&img=ext_diz HTTP/1.1" 200 1027
47.128.126.191 - - [26/Apr/2024:00:24:08 -0500] "GET /BLA/resoluciones/AUTOS%202021/0245.php?act=img&img=ext_exe HTTP/1.1" 200 118
47.128.126.191 - - [26/Apr/2024:00:24:08 -0500] "GET /BLA/resoluciones/AUTOS%202021/0245.php?act=img&img=ext_gif HTTP/1.1" 200 175
47.128.126.191 - - [26/Apr/2024:00:24:07 -0500] "GET /BLA/resoluciones/AUTOS%202021/0245.php?act=f&d=E%3A%5Cnuevo%5Chtdocs%5Ccumbredelclima%5Cwp-includes%5C&f=ms-functions.php HTTP/1.1" 200 31250
47.128.126.191 - - [26/Apr/2024:00:24:09 -0500] "GET /BLA/resoluciones/AUTOS%202021/0245.php?act=img&img=ext_html HTTP/1.1" 200 230
47.128.126.191 - - [26/Apr/2024:00:24:09 -0500] "GET /BLA/resoluciones/AUTOS%202021/0245.php?act=img&img=ext_rtf HTTP/1.1" 200 164
47.128.126.191 - - [26/Apr/2024:00:24:09 -0500] "GET /BLA/resoluciones/AUTOS%202021/0245.php?act=img&img=download HTTP/1.1" 200 161
47.128.126.191 - - [26/Apr/2024:00:24:09 -0500] "GET /BLA/resoluciones/AUTOS%202021/0245.php?act=img&img=change HTTP/1.1" 200 290
47.128.126.191 - - [26/Apr/2024:00:24:09 -0500] "GET /BLA/resoluciones/AUTOS%202021/0245.php?act=img&img=ext_ini HTTP/1.1" 200 134
52.70.240.171 - - [26/Apr/2024:00:24:09 -0500] "GET /BLA/resoluciones/RESOLUCIONES%202009/1295.pdf HTTP/1.1" 200 440305
52.70.240.171 - - [26/Apr/2024:00:24:13 -0500] "GET /BLA/resoluciones/RESOLUCIONES%202010/0893.pdf HTTP/1.1" 200 113336
52.70.240.171 - - [26/Apr/2024:00:24:17 -0500] "GET /BLA/resoluciones/RESOLUCIONES%202009/1294.pdf HTTP/1.1" 200 754395
54.197.126.189 - - [26/Apr/2024:00:24:17 -0500] "GET /galeria/galeria/fotos/Entrenube4P.jpg HTTP/1.1" 200 10881
52.70.240.171 - - [26/Apr/2024:00:24:22 -0500] "GET /BLA/resoluciones/RESOLUCIONES%202010/0892.pdf HTTP/1.1" 200 114402
23.22.35.162 - - [26/Apr/2024:00:24:25 -0500] "GET /BLA/resoluciones/RESOLUCIONES%202009/1293.pdf HTTP/1.1" 200 535707
23.22.35.162 - - [26/Apr/2024:00:24:29 -0500] "GET /BLA/resoluciones/RESOLUCIONES%202010/0891.pdf HTTP/1.1" 200 112800
23.22.35.162 - - [26/Apr/2024:00:24:33 -0500] "GET /BLA/resoluciones/RESOLUCIONES%202009/1292.pdf HTTP/1.1" 200 589825
52.70.240.171 - - [26/Apr/2024:00:24:38 -0500] "GET /BLA/resoluciones/RESOLUCIONES%202010/0890.pdf HTTP/1.1" 200 107150
52.70.240.171 - - [26/Apr/2024:00:24:42 -0500] "GET /BLA/resoluciones/RESOLUCIONES%202009/1291.pdf HTTP/1.1" 200 421115
52.70.240.171 - - [26/Apr/2024:00:24:46 -0500] "GET /BLA/resoluciones/RESOLUCIONES%202010/0889.pdf HTTP/1.1" 200 108412
47.128.97.160 - - [26/Apr/2024:00:24:32 -0500] "GET /BLA/resoluciones/AUTOS%202021/0245.php?act=update&d=C%3A%5CAmbienteBogota%5Ccounter%5Cdigits%5Cwind%5C HTTP/1.1" 200 2681
3.224.220.101 - - [26/Apr/2024:00:24:50 -0500] "GET /BLA/resoluciones/RESOLUCIONES%202009/1290.pdf HTTP/1.1" 200 662478
3.224.220.101 - - [26/Apr/2024:00:24:53 -0500] "GET /BLA/resoluciones/RESOLUCIONES%202010/0888.pdf HTTP/1.1" 200 147184
23.22.35.162 - - [26/Apr/2024:00:24:57 -0500] "GET /BLA/resoluciones/RESOLUCIONES%202009/1289.pdf HTTP/1.1" 200 824117
47.128.126.170 - - [26/Apr/2024:00:24:57 -0500] "GET /BLA/resoluciones/AUTOS%202021/0245.php?act=f&d=E%3A%5Cnuevo%5Chtdocs%5CResiduos%5Clavanderias%5Cimages&f=page61_thumbnail.jpg HTTP/1.1" 200 16320
47.128.126.170 - - [26/Apr/2024:00:24:58 -0500] "GET /BLA/resoluciones/AUTOS%202021/0245.php?act=img&img=ext_txt HTTP/1.1" 200 132
47.128.126.170 - - [26/Apr/2024:00:24:58 -0500] "GET /BLA/resoluciones/AUTOS%202021/0245.php?act=img&img=ext_html HTTP/1.1" 200 230
47.128.126.170 - - [26/Apr/2024:00:24:58 -0500] "GET /BLA/resoluciones/AUTOS%202021/0245.php?act=img&img=ext_diz HTTP/1.1" 200 1027
47.128.126.170 - - [26/Apr/2024:00:24:58 -0500] "GET /BLA/resoluciones/AUTOS%202021/0245.php?act=img&img=ext_jpg HTTP/1.1" 200 175
47.128.126.170 - - [26/Apr/2024:00:24:58 -0500] "GET /BLA/resoluciones/AUTOS%202021/0245.php?act=img&img=ext_ini HTTP/1.1" 200 134
47.128.126.170 - - [26/Apr/2024:00:24:58 -0500] "GET /BLA/resoluciones/AUTOS%202021/0245.php?act=img&img=ext_exe HTTP/1.1" 200 118
47.128.126.170 - - [26/Apr/2024:00:24:58 -0500] "GET /BLA/resoluciones/AUTOS%202021/0245.php?act=img&img=ext_gif HTTP/1.1" 200 175
47.128.126.170 - - [26/Apr/2024:00:24:58 -0500] "GET /BLA/resoluciones/AUTOS%202021/0245.php?act=img&img=download HTTP/1.1" 200 161
47.128.126.170 - - [26/Apr/2024:00:24:58 -0500] "GET /BLA/resoluciones/AUTOS%202021/0245.php?act=img&img=change HTTP/1.1" 200 290
47.128.126.170 - - [26/Apr/2024:00:24:58 -0500] "GET /BLA/resoluciones/AUTOS%202021/0245.php?act=img&img=ext_rtf HTTP/1.1" 200 164
191.95.55.96 - - [26/Apr/2024:00:24:59 -0500] "GET /sipse/faces/faces/index.xhtml HTTP/1.1" 200 677
191.95.55.96 - - [26/Apr/2024:00:24:59 -0500] "GET /sipse/faces/javax.faces.resource/theme.css?ln=primefaces-sipse HTTP/1.1" 304 -
191.95.55.96 - - [26/Apr/2024:00:24:59 -0500] "GET /sipse/faces/faces/faces/autenticacion.xhtml HTTP/1.1" 200 12403
191.95.55.96 - - [26/Apr/2024:00:24:59 -0500] "GET /sipse/faces/javax.faces.resource/theme.css?ln=primefaces-sipse HTTP/1.1" 304 -
191.95.55.96 - - [26/Apr/2024:00:24:59 -0500] "GET /sipse/faces/javax.faces.resource/primefaces.css?ln=primefaces&v=4.0 HTTP/1.1" 304 -
191.95.55.96 - - [26/Apr/2024:00:24:59 -0500] "GET /sipse/faces/javax.faces.resource/layout/layout.css?ln=primefaces&v=4.0 HTTP/1.1" 304 -
191.95.55.96 - - [26/Apr/2024:00:24:59 -0500] "GET /sipse/faces/javax.faces.resource/jquery/jquery.js?ln=primefaces&v=4.0 HTTP/1.1" 304 -
191.95.55.96 - - [26/Apr/2024:00:24:59 -0500] "GET /sipse/faces/javax.faces.resource/jquery/jquery-plugins.js?ln=primefaces&v=4.0 HTTP/1.1" 304 -
191.95.55.96 - - [26/Apr/2024:00:24:59 -0500] "GET /sipse/faces/javax.faces.resource/primefaces.js?ln=primefaces&v=4.0 HTTP/1.1" 304 -
191.95.55.96 - - [26/Apr/2024:00:24:59 -0500] "GET /sipse/faces/javax.faces.resource/layout/layout.js?ln=primefaces&v=4.0 HTTP/1.1" 304 -
191.95.55.96 - - [26/Apr/2024:00:25:01 -0500] "GET /sipse/faces/faces/index.xhtml HTTP/1.1" 200 677
191.95.55.96 - - [26/Apr/2024:00:25:01 -0500] "GET /sipse/faces/javax.faces.resource/theme.css?ln=primefaces-sipse HTTP/1.1" 304 -
191.95.55.96 - - [26/Apr/2024:00:25:01 -0500] "GET /sipse/faces/faces/faces/autenticacion.xhtml HTTP/1.1" 200 12403
191.95.55.96 - - [26/Apr/2024:00:25:01 -0500] "GET /sipse/faces/javax.faces.resource/primefaces.css?ln=primefaces&v=4.0 HTTP/1.1" 304 -
191.95.55.96 - - [26/Apr/2024:00:25:01 -0500] "GET /sipse/faces/javax.faces.resource/layout/layout.css?ln=primefaces&v=4.0 HTTP/1.1" 304 -
191.95.55.96 - - [26/Apr/2024:00:25:01 -0500] "GET /sipse/faces/javax.faces.resource/theme.css?ln=primefaces-sipse HTTP/1.1" 304 -
191.95.55.96 - - [26/Apr/2024:00:25:01 -0500] "GET /sipse/faces/javax.faces.resource/jquery/jquery.js?ln=primefaces&v=4.0 HTTP/1.1" 304 -
191.95.55.96 - - [26/Apr/2024:00:25:01 -0500] "GET /sipse/faces/javax.faces.resource/primefaces.js?ln=primefaces&v=4.0 HTTP/1.1" 304 -
191.95.55.96 - - [26/Apr/2024:00:25:01 -0500] "GET /sipse/faces/javax.faces.resource/jquery/jquery-plugins.js?ln=primefaces&v=4.0 HTTP/1.1" 304 -
191.95.55.96 - - [26/Apr/2024:00:25:01 -0500] "GET /sipse/faces/javax.faces.resource/layout/layout.js?ln=primefaces&v=4.0 HTTP/1.1" 304 -
52.70.240.171 - - [26/Apr/2024:00:25:02 -0500] "GET /BLA/resoluciones/RESOLUCIONES%202010/0887.pdf HTTP/1.1" 200 145404
52.70.240.171 - - [26/Apr/2024:00:25:06 -0500] "GET /BLA/resoluciones/RESOLUCIONES%202009/1288.pdf HTTP/1.1" 200 156968
23.22.35.162 - - [26/Apr/2024:00:25:09 -0500] "GET /BLA/resoluciones/RESOLUCIONES%202010/0886.pdf HTTP/1.1" 200 106604
23.22.35.162 - - [26/Apr/2024:00:25:13 -0500] "GET /BLA/resoluciones/RESOLUCIONES%202009/1287.pdf HTTP/1.1" 200 572909
3.224.220.101 - - [26/Apr/2024:00:25:17 -0500] "GET /BLA/resoluciones/RESOLUCIONES%202010/0885.pdf HTTP/1.1" 200 107504
47.128.56.7 - - [26/Apr/2024:00:25:22 -0500] "GET /BLA/resoluciones/AUTOS%202021/0245.php?act=feedback&d=E%3A%5Cnuevo%5Chtdocs%5Ccumbredelclima%5Cwp-content%5Cthemes%5Ctwentyfourteen%5Cinc%5C HTTP/1.1" 200 2987
52.70.240.171 - - [26/Apr/2024:00:25:22 -0500] "GET /BLA/resoluciones/RESOLUCIONES%202009/1286.pdf HTTP/1.1" 200 329324
52.70.240.171 - - [26/Apr/2024:00:25:26 -0500] "GET /BLA/resoluciones/RESOLUCIONES%202010/0884.pdf HTTP/1.1" 200 106000
191.95.55.96 - - [26/Apr/2024:00:25:27 -0500] "GET /sipse/faces/javax.faces.resource/theme.css?ln=primefaces-sipse HTTP/1.1" 304 -
191.95.55.96 - - [26/Apr/2024:00:25:28 -0500] "GET /sipse/faces/javax.faces.resource/layout/layout.css?ln=primefaces&v=4.0 HTTP/1.1" 304 -
191.95.55.96 - - [26/Apr/2024:00:25:28 -0500] "GET /sipse/faces/javax.faces.resource/primefaces.css?ln=primefaces&v=4.0 HTTP/1.1" 304 -
191.95.55.96 - - [26/Apr/2024:00:25:28 -0500] "GET /sipse/faces/javax.faces.resource/jquery/jquery.js?ln=primefaces&v=4.0 HTTP/1.1" 304 -
191.95.55.96 - - [26/Apr/2024:00:25:27 -0500] "GET /sipse/faces/faces/faces/autenticacion.xhtml HTTP/1.1" 200 12403
191.95.55.96 - - [26/Apr/2024:00:25:28 -0500] "GET /sipse/faces/javax.faces.resource/primefaces.js?ln=primefaces&v=4.0 HTTP/1.1" 304 -
191.95.55.96 - - [26/Apr/2024:00:25:28 -0500] "GET /sipse/faces/javax.faces.resource/layout/layout.js?ln=primefaces&v=4.0 HTTP/1.1" 304 -
191.95.55.96 - - [26/Apr/2024:00:25:28 -0500] "GET /sipse/faces/javax.faces.resource/jquery/jquery-plugins.js?ln=primefaces&v=4.0 HTTP/1.1" 304 -
3.224.220.101 - - [26/Apr/2024:00:25:29 -0500] "GET /BLA/resoluciones/RESOLUCIONES%202009/1285.pdf HTTP/1.1" 200 310125
23.22.35.162 - - [26/Apr/2024:00:25:34 -0500] "GET /BLA/resoluciones/RESOLUCIONES%202010/0883.pdf HTTP/1.1" 200 105422
3.224.220.101 - - [26/Apr/2024:00:25:37 -0500] "GET /BLA/resoluciones/RESOLUCIONES%202009/1284.pdf HTTP/1.1" 200 398868
3.224.220.101 - - [26/Apr/2024:00:25:42 -0500] "GET /BLA/resoluciones/RESOLUCIONES%202010/0882.pdf HTTP/1.1" 200 101994
3.224.220.101 - - [26/Apr/2024:00:25:45 -0500] "GET /BLA/resoluciones/RESOLUCIONES%202009/1283.pdf HTTP/1.1" 200 443982
47.128.117.40 - - [26/Apr/2024:00:25:46 -0500] "GET /BLA/resoluciones/AUTOS%202021/0245.php?act=chmod&d=E%3A%5Cnuevo%5Chtdocs%5CResiduos%5Cmaderas%5Cimages&f=page82_thumbnail.jpg HTTP/1.1" 200 2900
3.224.220.101 - - [26/Apr/2024:00:25:49 -0500] "GET /BLA/resoluciones/RESOLUCIONES%202010/0881.pdf HTTP/1.1" 200 109220
52.70.240.171 - - [26/Apr/2024:00:25:55 -0500] "GET /BLA/resoluciones/RESOLUCIONES%202009/1282.pdf HTTP/1.1" 200 105610
3.224.220.101 - - [26/Apr/2024:00:25:57 -0500] "GET /BLA/resoluciones/RESOLUCIONES%202010/0880.pdf HTTP/1.1" 200 144722
172.22.2.4 - - [26/Apr/2024:00:24:19 -0500] "HEAD /BLA/boletinlegal/ HTTP/1.1" 200 -
23.22.35.162 - - [26/Apr/2024:00:26:01 -0500] "GET /BLA/resoluciones/RESOLUCIONES%202009/1281.pdf HTTP/1.1" 200 115808
23.22.35.162 - - [26/Apr/2024:00:26:05 -0500] "GET /BLA/resoluciones/RESOLUCIONES%202010/0879.pdf HTTP/1.1" 200 105654
52.70.240.171 - - [26/Apr/2024:00:26:09 -0500] "GET /BLA/resoluciones/RESOLUCIONES%202009/1280.pdf HTTP/1.1" 200 501475
47.128.40.70 - - [26/Apr/2024:00:26:12 -0500] "GET /BLA/resoluciones/AUTOS%202021/0245.php?act=img&img=ext_html HTTP/1.1" 200 230
47.128.40.70 - - [26/Apr/2024:00:26:12 -0500] "GET /BLA/resoluciones/AUTOS%202021/0245.php?act=img&img=ext_jpg HTTP/1.1" 200 175
47.128.40.70 - - [26/Apr/2024:00:26:12 -0500] "GET /BLA/resoluciones/AUTOS%202021/0245.php?act=img&img=ext_diz HTTP/1.1" 200 1027
47.128.40.70 - - [26/Apr/2024:00:26:12 -0500] "GET /BLA/resoluciones/AUTOS%202021/0245.php?act=img&img=ext_txt HTTP/1.1" 200 132
47.128.40.70 - - [26/Apr/2024:00:26:12 -0500] "GET /BLA/resoluciones/AUTOS%202021/0245.php?act=img&img=ext_gif HTTP/1.1" 200 175
47.128.40.70 - - [26/Apr/2024:00:26:12 -0500] "GET /BLA/resoluciones/AUTOS%202021/0245.php?act=img&img=ext_exe HTTP/1.1" 200 118
47.128.40.70 - - [26/Apr/2024:00:26:13 -0500] "GET /BLA/resoluciones/AUTOS%202021/0245.php?act=img&img=change HTTP/1.1" 200 290
47.128.40.70 - - [26/Apr/2024:00:26:13 -0500] "GET /BLA/resoluciones/AUTOS%202021/0245.php?act=img&img=ext_rtf HTTP/1.1" 200 164
47.128.40.70 - - [26/Apr/2024:00:26:13 -0500] "GET /BLA/resoluciones/AUTOS%202021/0245.php?act=img&img=download HTTP/1.1" 200 161
47.128.40.70 - - [26/Apr/2024:00:26:13 -0500] "GET /BLA/resoluciones/AUTOS%202021/0245.php?act=img&img=ext_ini HTTP/1.1" 200 134
47.128.40.70 - - [26/Apr/2024:00:26:09 -0500] "GET /BLA/resoluciones/AUTOS%202021/0245.php?act=f&base64=3&d=E%3A%5Cnuevo%5Chtdocs%5CResiduos%5Cmetalmecanica%5Cimages%5C&f=page71_thumbnail.jpg HTTP/1.1" 200 16435
23.22.35.162 - - [26/Apr/2024:00:26:14 -0500] "GET /BLA/resoluciones/RESOLUCIONES%202010/0878.pdf HTTP/1.1" 200 106066
52.70.240.171 - - [26/Apr/2024:00:26:17 -0500] "GET /BLA/resoluciones/RESOLUCIONES%202009/1279.pdf HTTP/1.1" 200 444730
52.70.240.171 - - [26/Apr/2024:00:26:21 -0500] "GET /BLA/resoluciones/RESOLUCIONES%202009/1278.pdf HTTP/1.1" 200 1525666
191.95.55.96 - - [26/Apr/2024:00:26:23 -0500] "GET /sipse/faces/index.xhtml HTTP/1.1" 200 677
191.95.55.96 - - [26/Apr/2024:00:26:23 -0500] "GET /sipse/faces/javax.faces.resource/theme.css?ln=primefaces-sipse HTTP/1.1" 304 -
191.95.55.96 - - [26/Apr/2024:00:26:23 -0500] "GET /sipse/faces/faces/autenticacion.xhtml HTTP/1.1" 200 12403
191.95.55.96 - - [26/Apr/2024:00:26:23 -0500] "GET /sipse/faces/javax.faces.resource/theme.css?ln=primefaces-sipse HTTP/1.1" 304 -
191.95.55.96 - - [26/Apr/2024:00:26:23 -0500] "GET /sipse/faces/javax.faces.resource/primefaces.css?ln=primefaces&v=4.0 HTTP/1.1" 304 -
191.95.55.96 - - [26/Apr/2024:00:26:23 -0500] "GET /sipse/faces/javax.faces.resource/layout/layout.css?ln=primefaces&v=4.0 HTTP/1.1" 304 -
191.95.55.96 - - [26/Apr/2024:00:26:23 -0500] "GET /sipse/faces/javax.faces.resource/jquery/jquery-plugins.js?ln=primefaces&v=4.0 HTTP/1.1" 304 -
191.95.55.96 - - [26/Apr/2024:00:26:23 -0500] "GET /sipse/faces/javax.faces.resource/primefaces.js?ln=primefaces&v=4.0 HTTP/1.1" 304 -
191.95.55.96 - - [26/Apr/2024:00:26:23 -0500] "GET /sipse/faces/javax.faces.resource/jquery/jquery.js?ln=primefaces&v=4.0 HTTP/1.1" 304 -
191.95.55.96 - - [26/Apr/2024:00:26:23 -0500] "GET /sipse/faces/javax.faces.resource/layout/layout.js?ln=primefaces&v=4.0 HTTP/1.1" 304 -
191.95.55.96 - - [26/Apr/2024:00:26:23 -0500] "GET /sipse/faces/javax.faces.resource/images/ui-icons_898989_256x240.png?ln=primefaces-aristo HTTP/1.1" 304 -
52.70.240.171 - - [26/Apr/2024:00:26:25 -0500] "GET /BLA/resoluciones/RESOLUCIONES%202009/1277.pdf HTTP/1.1" 200 764646
23.22.35.162 - - [26/Apr/2024:00:26:29 -0500] "GET /BLA/resoluciones/RESOLUCIONES%202009/1276.pdf HTTP/1.1" 200 515998
191.95.55.96 - - [26/Apr/2024:00:26:32 -0500] "POST /sipse/faces/autenticacion.xhtml HTTP/1.1" 200 2169
191.95.55.96 - - [26/Apr/2024:00:26:32 -0500] "GET /sipse/faces/javax.faces.resource/messages/messages.png?ln=primefaces&v=4.0 HTTP/1.1" 200 27209
3.224.220.101 - - [26/Apr/2024:00:26:34 -0500] "GET /BLA/resoluciones/RESOLUCIONES%202009/1275.pdf HTTP/1.1" 200 392290
47.128.40.3 - - [26/Apr/2024:00:26:35 -0500] "GET /BLA/resoluciones/AUTOS%202021/0245.php?act=img&img=ext_txt HTTP/1.1" 200 132
47.128.40.3 - - [26/Apr/2024:00:26:35 -0500] "GET /BLA/resoluciones/AUTOS%202021/0245.php?act=img&img=ext_html HTTP/1.1" 200 230
47.128.40.3 - - [26/Apr/2024:00:26:35 -0500] "GET /BLA/resoluciones/AUTOS%202021/0245.php?act=img&img=ext_diz HTTP/1.1" 200 1027
47.128.40.3 - - [26/Apr/2024:00:26:35 -0500] "GET /BLA/resoluciones/AUTOS%202021/0245.php?act=img&img=ext_jpg HTTP/1.1" 200 175
47.128.40.3 - - [26/Apr/2024:00:26:35 -0500] "GET /BLA/resoluciones/AUTOS%202021/0245.php?act=img&img=ext_gif HTTP/1.1" 200 175
47.128.40.3 - - [26/Apr/2024:00:26:36 -0500] "GET /BLA/resoluciones/AUTOS%202021/0245.php?act=img&img=ext_ini HTTP/1.1" 200 134
47.128.40.3 - - [26/Apr/2024:00:26:36 -0500] "GET /BLA/resoluciones/AUTOS%202021/0245.php?act=img&img=ext_exe HTTP/1.1" 200 118
47.128.40.3 - - [26/Apr/2024:00:26:36 -0500] "GET /BLA/resoluciones/AUTOS%202021/0245.php?act=img&img=ext_rtf HTTP/1.1" 200 164
47.128.40.3 - - [26/Apr/2024:00:26:36 -0500] "GET /BLA/resoluciones/AUTOS%202021/0245.php?act=img&img=download HTTP/1.1" 200 161
47.128.40.3 - - [26/Apr/2024:00:26:36 -0500] "GET /BLA/resoluciones/AUTOS%202021/0245.php?act=img&img=change HTTP/1.1" 200 290
23.22.35.162 - - [26/Apr/2024:00:26:37 -0500] "GET /BLA/resoluciones/RESOLUCIONES%202010/0877.pdf HTTP/1.1" 200 101698
47.128.40.3 - - [26/Apr/2024:00:26:34 -0500] "GET /BLA/resoluciones/AUTOS%202021/0245.php?act=f&d=E%3A%5Cnuevo%5Chtdocs%5CResiduos%5Clavanderias%5Cimages&f=page5_thumbnail.jpg HTTP/1.1" 200 16291
52.70.240.171 - - [26/Apr/2024:00:26:41 -0500] "GET /BLA/resoluciones/RESOLUCIONES%202010/0876.pdf HTTP/1.1" 200 102378
23.22.35.162 - - [26/Apr/2024:00:26:45 -0500] "GET /BLA/resoluciones/RESOLUCIONES%202009/1274.pdf HTTP/1.1" 200 47844
201.245.192.253 - - [26/Apr/2024:00:26:45 -0500] "POST /kwsrmcab/Wsrmcab  HTTP/1.1" 200 41015
52.70.240.171 - - [26/Apr/2024:00:26:49 -0500] "GET /BLA/resoluciones/RESOLUCIONES%202010/0875.pdf HTTP/1.1" 200 438463
172.22.2.4 - - [26/Apr/2024:00:25:10 -0500] "GET /BLA/boletinlegal/ HTTP/1.1" 200 59967
191.95.55.96 - - [26/Apr/2024:00:26:53 -0500] "POST /sipse/faces/autenticacion.xhtml HTTP/1.1" 200 2187
23.22.35.162 - - [26/Apr/2024:00:26:54 -0500] "GET /BLA/resoluciones/RESOLUCIONES%202009/1273.pdf HTTP/1.1" 200 101918
191.95.55.96 - - [26/Apr/2024:00:26:56 -0500] "POST /sipse/faces/autenticacion.xhtml HTTP/1.1" 200 2183
52.70.240.171 - - [26/Apr/2024:00:26:57 -0500] "GET /BLA/resoluciones/RESOLUCIONES%202010/0874.pdf HTTP/1.1" 200 113216
47.128.19.34 - - [26/Apr/2024:00:26:59 -0500] "GET /BLA/resoluciones/AUTOS%202021/0245.php?act=f&d=E%3A%5Cnuevo%5Chtdocs%5Cestado%5C&f=proceso.php&white=1 HTTP/1.1" 200 2174
3.224.220.101 - - [26/Apr/2024:00:27:01 -0500] "GET /BLA/resoluciones/RESOLUCIONES%202009/1272.pdf HTTP/1.1" 200 201929
191.95.55.96 - - [26/Apr/2024:00:27:01 -0500] "POST /sipse/faces/autenticacion.xhtml HTTP/1.1" 200 2187
52.70.240.171 - - [26/Apr/2024:00:27:05 -0500] "GET /BLA/resoluciones/RESOLUCIONES%202010/0873.pdf HTTP/1.1" 200 103968
23.22.35.162 - - [26/Apr/2024:00:27:09 -0500] "GET /BLA/resoluciones/RESOLUCIONES%202010/0872.pdf HTTP/1.1" 200 101036
23.22.35.162 - - [26/Apr/2024:00:27:13 -0500] "GET /BLA/resoluciones/RESOLUCIONES%202009/1271.pdf HTTP/1.1" 200 1851777
66.249.66.21 - - [26/Apr/2024:00:27:15 -0500] "GET /resoluciones/RESOLUCIONES%202010/3435.pdf HTTP/1.1" 404 1018
191.95.55.96 - - [26/Apr/2024:00:27:16 -0500] "POST /sipse/faces/autenticacion.xhtml HTTP/1.1" 200 2183
191.95.55.96 - - [26/Apr/2024:00:27:19 -0500] "POST /sipse/faces/autenticacion.xhtml HTTP/1.1" 200 2187
191.95.55.96 - - [26/Apr/2024:00:27:20 -0500] "POST /sipse/faces/autenticacion.xhtml HTTP/1.1" 200 2183
52.70.240.171 - - [26/Apr/2024:00:27:21 -0500] "GET /BLA/resoluciones/RESOLUCIONES%202010/0871.pdf HTTP/1.1" 200 112116
52.70.240.171 - - [26/Apr/2024:00:27:22 -0500] "GET /BLA/resoluciones/RESOLUCIONES%202009/1270.pdf HTTP/1.1" 200 531828
47.128.18.187 - - [26/Apr/2024:00:27:22 -0500] "GET /BLA/resoluciones/AUTOS%202021/0245.php?act=chmod&d=C%3A%5CAmbienteBogota%5Ccounter%5Cdigits%5Cmgold&f=5.png HTTP/1.1" 200 2879
3.224.220.101 - - [26/Apr/2024:00:27:25 -0500] "GET /BLA/resoluciones/RESOLUCIONES%202009/1269.pdf HTTP/1.1" 200 658108
23.22.35.162 - - [26/Apr/2024:00:27:29 -0500] "GET /BLA/resoluciones/RESOLUCIONES%202010/0870.pdf HTTP/1.1" 200 104102
52.70.240.171 - - [26/Apr/2024:00:27:33 -0500] "GET /BLA/resoluciones/RESOLUCIONES%202009/1268.pdf HTTP/1.1" 200 616999
52.70.240.171 - - [26/Apr/2024:00:27:37 -0500] "GET /BLA/resoluciones/RESOLUCIONES%202010/0869.pdf HTTP/1.1" 200 434391
216.245.221.92 - - [26/Apr/2024:00:27:37 -0500] "HEAD / HTTP/1.1" 200 -
52.70.240.171 - - [26/Apr/2024:00:27:41 -0500] "GET /BLA/resoluciones/RESOLUCIONES%202009/1267.pdf HTTP/1.1" 200 569573
191.95.55.96 - - [26/Apr/2024:00:27:46 -0500] "POST /sipse/faces/autenticacion.xhtml HTTP/1.1" 200 2187
47.128.97.249 - - [26/Apr/2024:00:27:46 -0500] "GET /BLA/resoluciones/AUTOS%202021/0245.php?act=chmod&d=E%3A%5Cnuevo%5Chtdocs%5CResiduos%5Cmaderas%5Cimages&f=page102_thumbnail.jpg HTTP/1.1" 200 2901
191.95.55.96 - - [26/Apr/2024:00:27:47 -0500] "POST /sipse/faces/autenticacion.xhtml HTTP/1.1" 200 2183
23.22.35.162 - - [26/Apr/2024:00:27:47 -0500] "GET /BLA/resoluciones/RESOLUCIONES%202010/0868.pdf HTTP/1.1" 200 435087
3.224.220.101 - - [26/Apr/2024:00:27:49 -0500] "GET /BLA/resoluciones/RESOLUCIONES%202009/1266.pdf HTTP/1.1" 200 498391
207.46.13.111 - - [26/Apr/2024:00:27:49 -0500] "GET /BLA/resoluciones/RESOLUCIONES%202008/3772.pdf HTTP/1.1" 200 55372
3.224.220.101 - - [26/Apr/2024:00:27:53 -0500] "GET /BLA/resoluciones/RESOLUCIONES%202010/0867.pdf HTTP/1.1" 200 439787
52.70.240.171 - - [26/Apr/2024:00:27:57 -0500] "GET /BLA/resoluciones/RESOLUCIONES%202010/0866.pdf HTTP/1.1" 200 498783
191.95.55.96 - - [26/Apr/2024:00:28:00 -0500] "POST /sipse/faces/autenticacion.xhtml HTTP/1.1" 200 2187
52.70.240.171 - - [26/Apr/2024:00:28:01 -0500] "GET /BLA/resoluciones/RESOLUCIONES%202009/1265.pdf HTTP/1.1" 200 652375
201.245.192.253 - - [26/Apr/2024:00:28:06 -0500] "POST /kwsrmcab/Wsrmcab HTTP/1.1" 200 40685
52.70.240.171 - - [26/Apr/2024:00:28:08 -0500] "GET /BLA/resoluciones/RESOLUCIONES%202010/0865.pdf HTTP/1.1" 200 436757
201.245.192.253 - - [26/Apr/2024:00:28:08 -0500] "POST /kwsrmcab/Wsrmcab HTTP/1.1" 200 36462
47.128.58.37 - - [26/Apr/2024:00:28:10 -0500] "GET /BLA/resoluciones/AUTOS%202021/0245.php?act=f&d=E%3A%5Cnuevo%5Chtdocs%5Ccumbredelclima%5Cwp-includes%5Cjs%5C&f=swfobject.js HTTP/1.1" 200 7078
47.128.58.37 - - [26/Apr/2024:00:28:11 -0500] "GET /BLA/resoluciones/AUTOS%202021/0245.php?act=img&img=ext_html HTTP/1.1" 200 230
47.128.58.37 - - [26/Apr/2024:00:28:11 -0500] "GET /BLA/resoluciones/AUTOS%202021/0245.php?act=img&img=ext_txt HTTP/1.1" 200 132
47.128.58.37 - - [26/Apr/2024:00:28:11 -0500] "GET /BLA/resoluciones/AUTOS%202021/0245.php?act=img&img=ext_exe HTTP/1.1" 200 118
47.128.58.37 - - [26/Apr/2024:00:28:11 -0500] "GET /BLA/resoluciones/AUTOS%202021/0245.php?act=img&img=ext_diz HTTP/1.1" 200 1027
47.128.58.37 - - [26/Apr/2024:00:28:11 -0500] "GET /BLA/resoluciones/AUTOS%202021/0245.php?act=img&img=ext_js HTTP/1.1" 200 131
47.128.58.37 - - [26/Apr/2024:00:28:11 -0500] "GET /BLA/resoluciones/AUTOS%202021/0245.php?act=img&img=ext_gif HTTP/1.1" 200 175
47.128.58.37 - - [26/Apr/2024:00:28:12 -0500] "GET /BLA/resoluciones/AUTOS%202021/0245.php?act=img&img=change HTTP/1.1" 200 290
47.128.58.37 - - [26/Apr/2024:00:28:12 -0500] "GET /BLA/resoluciones/AUTOS%202021/0245.php?act=img&img=download HTTP/1.1" 200 161
47.128.58.37 - - [26/Apr/2024:00:28:12 -0500] "GET /BLA/resoluciones/AUTOS%202021/0245.php?act=img&img=ext_ini HTTP/1.1" 200 134
47.128.58.37 - - [26/Apr/2024:00:28:12 -0500] "GET /BLA/resoluciones/AUTOS%202021/0245.php?act=img&img=ext_rtf HTTP/1.1" 200 164
52.70.240.171 - - [26/Apr/2024:00:28:12 -0500] "GET /BLA/resoluciones/RESOLUCIONES%202009/1264.pdf HTTP/1.1" 200 704230
23.22.35.162 - - [26/Apr/2024:00:28:13 -0500] "GET /BLA/resoluciones/RESOLUCIONES%202009/1263.pdf HTTP/1.1" 200 596287
3.224.220.101 - - [26/Apr/2024:00:28:17 -0500] "GET /BLA/resoluciones/RESOLUCIONES%202010/0864.pdf HTTP/1.1" 200 436247
3.224.220.101 - - [26/Apr/2024:00:28:23 -0500] "GET /BLA/resoluciones/RESOLUCIONES%202009/1262.pdf HTTP/1.1" 200 616840
191.95.55.96 - - [26/Apr/2024:00:28:24 -0500] "POST /sipse/faces/autenticacion.xhtml HTTP/1.1" 200 2183
52.70.240.171 - - [26/Apr/2024:00:28:25 -0500] "GET /BLA/resoluciones/RESOLUCIONES%202009/1261.pdf HTTP/1.1" 200 661176
52.70.240.171 - - [26/Apr/2024:00:28:29 -0500] "GET /BLA/resoluciones/RESOLUCIONES%202009/1260.pdf HTTP/1.1" 200 684752
3.224.220.101 - - [26/Apr/2024:00:28:33 -0500] "GET /BLA/resoluciones/RESOLUCIONES%202010/0863.pdf HTTP/1.1" 200 440335
47.128.60.226 - - [26/Apr/2024:00:28:35 -0500] "GET /BLA/resoluciones/AUTOS%202021/0245.php?act=upload&d=C%3A%5Cdmz%5Csrc%5Cxampp-control-panel%5Cgfx HTTP/1.1" 200 2847
23.22.35.162 - - [26/Apr/2024:00:28:38 -0500] "GET /BLA/resoluciones/RESOLUCIONES%202009/1259.pdf HTTP/1.1" 200 645849
52.70.240.171 - - [26/Apr/2024:00:28:41 -0500] "GET /BLA/resoluciones/RESOLUCIONES%202010/0862.pdf HTTP/1.1" 200 438027
191.95.55.96 - - [26/Apr/2024:00:28:42 -0500] "POST /sipse/faces/autenticacion.xhtml HTTP/1.1" 200 2187
191.95.55.96 - - [26/Apr/2024:00:28:44 -0500] "POST /sipse/faces/autenticacion.xhtml HTTP/1.1" 200 2183
52.70.240.171 - - [26/Apr/2024:00:28:45 -0500] "GET /BLA/resoluciones/RESOLUCIONES%202009/1258.pdf HTTP/1.1" 200 711243
23.22.35.162 - - [26/Apr/2024:00:28:49 -0500] "GET /BLA/resoluciones/RESOLUCIONES%202010/0861.pdf HTTP/1.1" 200 439555
3.224.220.101 - - [26/Apr/2024:00:28:53 -0500] "GET /BLA/resoluciones/RESOLUCIONES%202009/1257.pdf HTTP/1.1" 200 659992
52.70.240.171 - - [26/Apr/2024:00:28:57 -0500] "GET /BLA/resoluciones/RESOLUCIONES%202010/0860.pdf HTTP/1.1" 200 106438
47.128.45.136 - - [26/Apr/2024:00:29:00 -0500] "GET /BLA/resoluciones/AUTOS%202021/0245.php?act=chmod&d=E%3A%5Cnuevo%5CphpMyAdmin2%5Clibraries%5Cplugins%5Cauth%5C&f=AuthenticationConfig.class.php HTTP/1.1" 200 2912
23.22.35.162 - - [26/Apr/2024:00:29:01 -0500] "GET /BLA/resoluciones/RESOLUCIONES%202010/0859.pdf HTTP/1.1" 200 105656
23.22.35.162 - - [26/Apr/2024:00:29:05 -0500] "GET /BLA/resoluciones/RESOLUCIONES%202009/1256.pdf HTTP/1.1" 200 551158
3.224.220.101 - - [26/Apr/2024:00:29:11 -0500] "GET /BLA/resoluciones/RESOLUCIONES%202010/0858.pdf HTTP/1.1" 200 130330
3.224.220.101 - - [26/Apr/2024:00:29:13 -0500] "GET /BLA/resoluciones/RESOLUCIONES%202009/1255.pdf HTTP/1.1" 200 731166
152.61.128.50 - - [26/Apr/2024:00:29:14 -0500] "GET / HTTP/1.1" 200 319
201.245.192.253 - - [26/Apr/2024:00:29:14 -0500] "POST /kwsrmcab/Wsrmcab HTTP/1.1" 200 40853
52.70.240.171 - - [26/Apr/2024:00:29:17 -0500] "GET /BLA/resoluciones/RESOLUCIONES%202010/0857.pdf HTTP/1.1" 200 105168
52.70.240.171 - - [26/Apr/2024:00:29:22 -0500] "GET /BLA/resoluciones/RESOLUCIONES%202009/1254.pdf HTTP/1.1" 200 615394
47.128.122.38 - - [26/Apr/2024:00:29:23 -0500] "GET /BLA/resoluciones/AUTOS%202021/0245.php?act=f&d=E%3A%5Cnuevo%5Chtdocs%5CResiduos%5Clavanderias%5Cimages&f=page20_thumbnail.jpg HTTP/1.1" 200 16320
47.128.122.38 - - [26/Apr/2024:00:29:25 -0500] "GET /BLA/resoluciones/AUTOS%202021/0245.php?act=img&img=ext_jpg HTTP/1.1" 200 175
47.128.122.38 - - [26/Apr/2024:00:29:25 -0500] "GET /BLA/resoluciones/AUTOS%202021/0245.php?act=img&img=ext_diz HTTP/1.1" 200 1027
47.128.122.38 - - [26/Apr/2024:00:29:25 -0500] "GET /BLA/resoluciones/AUTOS%202021/0245.php?act=img&img=ext_txt HTTP/1.1" 200 132
47.128.122.38 - - [26/Apr/2024:00:29:25 -0500] "GET /BLA/resoluciones/AUTOS%202021/0245.php?act=img&img=ext_html HTTP/1.1" 200 230
47.128.122.38 - - [26/Apr/2024:00:29:25 -0500] "GET /BLA/resoluciones/AUTOS%202021/0245.php?act=img&img=ext_rtf HTTP/1.1" 200 164
47.128.122.38 - - [26/Apr/2024:00:29:25 -0500] "GET /BLA/resoluciones/AUTOS%202021/0245.php?act=img&img=ext_gif HTTP/1.1" 200 175
52.70.240.171 - - [26/Apr/2024:00:29:25 -0500] "GET /BLA/resoluciones/RESOLUCIONES%202010/0856.pdf HTTP/1.1" 200 103414
47.128.122.38 - - [26/Apr/2024:00:29:25 -0500] "GET /BLA/resoluciones/AUTOS%202021/0245.php?act=img&img=download HTTP/1.1" 200 161
47.128.122.38 - - [26/Apr/2024:00:29:25 -0500] "GET /BLA/resoluciones/AUTOS%202021/0245.php?act=img&img=ext_exe HTTP/1.1" 200 118
47.128.122.38 - - [26/Apr/2024:00:29:25 -0500] "GET /BLA/resoluciones/AUTOS%202021/0245.php?act=img&img=change HTTP/1.1" 200 290
47.128.122.38 - - [26/Apr/2024:00:29:25 -0500] "GET /BLA/resoluciones/AUTOS%202021/0245.php?act=img&img=ext_ini HTTP/1.1" 200 134
52.70.240.171 - - [26/Apr/2024:00:29:31 -0500] "GET /BLA/resoluciones/RESOLUCIONES%202009/1253.pdf HTTP/1.1" 200 568037
3.224.220.101 - - [26/Apr/2024:00:29:33 -0500] "GET /BLA/resoluciones/RESOLUCIONES%202010/0855.pdf HTTP/1.1" 200 123648
52.70.240.171 - - [26/Apr/2024:00:29:37 -0500] "GET /BLA/resoluciones/RESOLUCIONES%202009/1252.pdf HTTP/1.1" 200 622674
3.224.220.101 - - [26/Apr/2024:00:29:41 -0500] "GET /BLA/resoluciones/RESOLUCIONES%202009/1251.pdf HTTP/1.1" 200 575990
13.59.34.87 - - [26/Apr/2024:00:29:44 -0500] "GET /galeria/galeria/fotos/Humedal-techo3G.jpg HTTP/1.1" 200 378344
52.70.240.171 - - [26/Apr/2024:00:29:47 -0500] "GET /BLA/resoluciones/RESOLUCIONES%202010/0854.pdf HTTP/1.1" 200 137192
47.128.18.222 - - [26/Apr/2024:00:29:48 -0500] "GET /BLA/resoluciones/AUTOS%202021/0245.php?act=f&base64=4&d=E%3A%5Cnuevo%5Chtdocs%5Cxampp%5C&f=guestbook.dat HTTP/1.1" 200 2974
47.128.18.222 - - [26/Apr/2024:00:29:49 -0500] "GET /BLA/resoluciones/AUTOS%202021/0245.php?act=img&img=ext_diz HTTP/1.1" 200 1027
47.128.18.222 - - [26/Apr/2024:00:29:49 -0500] "GET /BLA/resoluciones/AUTOS%202021/0245.php?act=img&img=ext_html HTTP/1.1" 200 230
47.128.18.222 - - [26/Apr/2024:00:29:49 -0500] "GET /BLA/resoluciones/AUTOS%202021/0245.php?act=img&img=ext_gif HTTP/1.1" 200 175
47.128.18.222 - - [26/Apr/2024:00:29:49 -0500] "GET /BLA/resoluciones/AUTOS%202021/0245.php?act=img&img=ext_exe HTTP/1.1" 200 118
47.128.18.222 - - [26/Apr/2024:00:29:49 -0500] "GET /BLA/resoluciones/AUTOS%202021/0245.php?act=img&img=ext_txt HTTP/1.1" 200 132
47.128.18.222 - - [26/Apr/2024:00:29:49 -0500] "GET /BLA/resoluciones/AUTOS%202021/0245.php?act=img&img=ext_rtf HTTP/1.1" 200 164
47.128.18.222 - - [26/Apr/2024:00:29:49 -0500] "GET /BLA/resoluciones/AUTOS%202021/0245.php?act=img&img=download HTTP/1.1" 200 161
47.128.18.222 - - [26/Apr/2024:00:29:50 -0500] "GET /BLA/resoluciones/AUTOS%202021/0245.php?act=img&img=ext_ini HTTP/1.1" 200 134
47.128.18.222 - - [26/Apr/2024:00:29:50 -0500] "GET /BLA/resoluciones/AUTOS%202021/0245.php?act=img&img=change HTTP/1.1" 200 290
47.128.18.222 - - [26/Apr/2024:00:29:50 -0500] "GET /BLA/resoluciones/AUTOS%202021/0245.php?act=img&img=ext_dat HTTP/1.1" 200 1034
52.70.240.171 - - [26/Apr/2024:00:29:50 -0500] "GET /BLA/resoluciones/RESOLUCIONES%202009/1250.pdf HTTP/1.1" 200 519124
23.22.35.162 - - [26/Apr/2024:00:29:53 -0500] "GET /BLA/resoluciones/RESOLUCIONES%202009/1249.pdf HTTP/1.1" 200 648077
52.70.240.171 - - [26/Apr/2024:00:29:57 -0500] "GET /BLA/resoluciones/RESOLUCIONES%202009/1248.pdf HTTP/1.1" 200 538446
23.22.35.162 - - [26/Apr/2024:00:30:01 -0500] "GET /BLA/resoluciones/RESOLUCIONES%202010/0853.pdf HTTP/1.1" 200 104112
23.22.35.162 - - [26/Apr/2024:00:30:05 -0500] "GET /BLA/resoluciones/RESOLUCIONES%202009/1247.pdf HTTP/1.1" 200 607698
3.224.220.101 - - [26/Apr/2024:00:30:10 -0500] "GET /BLA/resoluciones/RESOLUCIONES%202009/1246.pdf HTTP/1.1" 200 554383
47.128.121.218 - - [26/Apr/2024:00:30:12 -0500] "GET /BLA/resoluciones/AUTOS%202021/0245.php?act=chmod&d=E%3A%5Cnuevo%5Chtdocs%5CResiduos%5Cmaderas%5Cimages&f=page65_thumbnail.jpg HTTP/1.1" 200 2900
18.224.33.107 - - [26/Apr/2024:00:30:13 -0500] "GET /Publicaciones/2023EE10325.pdf HTTP/1.1" 404 227
23.22.35.162 - - [26/Apr/2024:00:30:13 -0500] "GET /BLA/resoluciones/RESOLUCIONES%202010/0852.pdf HTTP/1.1" 200 122210
191.95.55.96 - - [26/Apr/2024:00:30:14 -0500] "POST /sipse/faces/autenticacion.xhtml HTTP/1.1" 200 2187
191.95.55.96 - - [26/Apr/2024:00:30:15 -0500] "POST /sipse/faces/autenticacion.xhtml HTTP/1.1" 200 2183
52.70.240.171 - - [26/Apr/2024:00:30:17 -0500] "GET /BLA/resoluciones/RESOLUCIONES%202009/1245.pdf HTTP/1.1" 200 708989
52.70.240.171 - - [26/Apr/2024:00:30:21 -0500] "GET /BLA/resoluciones/RESOLUCIONES%202010/0851.pdf HTTP/1.1" 200 107054
23.22.35.162 - - [26/Apr/2024:00:30:27 -0500] "GET /BLA/resoluciones/RESOLUCIONES%202010/0850.pdf HTTP/1.1" 200 103296
52.70.240.171 - - [26/Apr/2024:00:30:29 -0500] "GET /BLA/resoluciones/RESOLUCIONES%202009/1244.pdf HTTP/1.1" 200 710362
3.224.220.101 - - [26/Apr/2024:00:30:33 -0500] "GET /BLA/resoluciones/RESOLUCIONES%202009/1243.pdf HTTP/1.1" 200 612463
47.128.58.107 - - [26/Apr/2024:00:30:37 -0500] "GET /BLA/resoluciones/AUTOS%202021/0245.php?act=chmod&d=E%3A%5Cnuevo%5Chtdocs%5CResiduos%5Cmaderas%5Cimages&f=page46_thumbnail.jpg HTTP/1.1" 200 2900
52.70.240.171 - - [26/Apr/2024:00:30:38 -0500] "GET /BLA/resoluciones/RESOLUCIONES%202010/0849.pdf HTTP/1.1" 200 100233
47.128.58.107 - - [26/Apr/2024:00:30:40 -0500] "GET /BLA/resoluciones/AUTOS%202021/0245.php?act=chmod&d=E%3A%5Cnuevo%5Chtdocs%5CResiduos%5Cmaderas%5Cimages&f=page46_thumbnail.jpg HTTP/1.1" 200 2900
3.224.220.101 - - [26/Apr/2024:00:30:41 -0500] "GET /BLA/resoluciones/RESOLUCIONES%202009/1242.pdf HTTP/1.1" 200 611097
3.224.220.101 - - [26/Apr/2024:00:30:45 -0500] "GET /BLA/resoluciones/RESOLUCIONES%202010/0848.pdf HTTP/1.1" 200 105412
3.224.220.101 - - [26/Apr/2024:00:30:49 -0500] "GET /BLA/resoluciones/RESOLUCIONES%202009/1241.pdf HTTP/1.1" 200 610399
52.70.240.171 - - [26/Apr/2024:00:30:53 -0500] "GET /BLA/resoluciones/RESOLUCIONES%202010/0847.pdf HTTP/1.1" 200 106428
52.70.240.171 - - [26/Apr/2024:00:30:57 -0500] "GET /BLA/resoluciones/RESOLUCIONES%202009/1240.pdf HTTP/1.1" 200 632854
172.22.2.4 - - [26/Apr/2024:00:30:08 -0500] "GET /BLA/boletinlegal/ HTTP/1.1" 200 32715
52.70.240.171 - - [26/Apr/2024:00:31:01 -0500] "GET /BLA/resoluciones/RESOLUCIONES%202010/0846.pdf HTTP/1.1" 200 108764
47.128.117.100 - - [26/Apr/2024:00:31:01 -0500] "GET /BLA/resoluciones/AUTOS%202021/0245.php?act=f&d=E%3A%5Cxampp%5Cxampp%5Cinstall%5C&f=package_xamppweb.php&white=1 HTTP/1.1" 200 798
52.70.240.171 - - [26/Apr/2024:00:31:05 -0500] "GET /BLA/resoluciones/RESOLUCIONES%202009/1239.pdf HTTP/1.1" 200 750363
52.70.240.171 - - [26/Apr/2024:00:31:10 -0500] "GET /BLA/resoluciones/RESOLUCIONES%202010/0845.pdf HTTP/1.1" 200 108436
23.22.35.162 - - [26/Apr/2024:00:31:13 -0500] "GET /BLA/resoluciones/RESOLUCIONES%202009/1238.pdf HTTP/1.1" 200 631873
23.22.35.162 - - [26/Apr/2024:00:31:17 -0500] "GET /BLA/resoluciones/RESOLUCIONES%202010/0844.pdf HTTP/1.1" 200 109572
23.22.35.162 - - [26/Apr/2024:00:31:21 -0500] "GET /BLA/resoluciones/RESOLUCIONES%202009/1237.pdf HTTP/1.1" 200 636032
47.128.61.120 - - [26/Apr/2024:00:31:25 -0500] "GET /BLA/resoluciones/AUTOS%202021/0245.php?act=f&base64=2&d=C%3A%5CAmbienteBogota%5Ccomments%5Cinstall2%5C&f=finish.php HTTP/1.1" 200 4764
23.22.35.162 - - [26/Apr/2024:00:31:25 -0500] "GET /BLA/resoluciones/RESOLUCIONES%202010/0843.pdf HTTP/1.1" 200 108234
47.128.61.120 - - [26/Apr/2024:00:31:26 -0500] "GET /BLA/resoluciones/AUTOS%202021/0245.php?act=img&img=change HTTP/1.1" 200 290
47.128.61.120 - - [26/Apr/2024:00:31:26 -0500] "GET /BLA/resoluciones/AUTOS%202021/0245.php?act=img&img=ext_diz HTTP/1.1" 200 1027
47.128.61.120 - - [26/Apr/2024:00:31:26 -0500] "GET /BLA/resoluciones/AUTOS%202021/0245.php?act=img&img=ext_gif HTTP/1.1" 200 175
47.128.61.120 - - [26/Apr/2024:00:31:26 -0500] "GET /BLA/resoluciones/AUTOS%202021/0245.php?act=img&img=ext_html HTTP/1.1" 200 230
47.128.61.120 - - [26/Apr/2024:00:31:26 -0500] "GET /BLA/resoluciones/AUTOS%202021/0245.php?act=img&img=ext_php HTTP/1.1" 200 79
47.128.61.120 - - [26/Apr/2024:00:31:26 -0500] "GET /BLA/resoluciones/AUTOS%202021/0245.php?act=img&img=download HTTP/1.1" 200 161
47.128.61.120 - - [26/Apr/2024:00:31:26 -0500] "GET /BLA/resoluciones/AUTOS%202021/0245.php?act=img&img=ext_rtf HTTP/1.1" 200 164
47.128.61.120 - - [26/Apr/2024:00:31:26 -0500] "GET /BLA/resoluciones/AUTOS%202021/0245.php?act=img&img=ext_ini HTTP/1.1" 200 134
47.128.61.120 - - [26/Apr/2024:00:31:26 -0500] "GET /BLA/resoluciones/AUTOS%202021/0245.php?act=img&img=ext_txt HTTP/1.1" 200 132
47.128.61.120 - - [26/Apr/2024:00:31:26 -0500] "GET /BLA/resoluciones/AUTOS%202021/0245.php?act=img&img=ext_exe HTTP/1.1" 200 118
23.22.35.162 - - [26/Apr/2024:00:31:29 -0500] "GET /BLA/resoluciones/RESOLUCIONES%202009/1236.pdf HTTP/1.1" 200 668135
3.224.220.101 - - [26/Apr/2024:00:31:33 -0500] "GET /BLA/resoluciones/RESOLUCIONES%202010/0842.pdf HTTP/1.1" 200 111262
52.70.240.171 - - [26/Apr/2024:00:31:37 -0500] "GET /BLA/resoluciones/RESOLUCIONES%202009/1235.pdf HTTP/1.1" 200 739667
201.245.192.253 - - [26/Apr/2024:00:30:07 -0500] "POST /kwsrmcab/Wsrmcab HTTP/1.1" 200 21442
52.70.240.171 - - [26/Apr/2024:00:31:41 -0500] "GET /BLA/resoluciones/RESOLUCIONES%202010/0841.pdf HTTP/1.1" 200 118056
3.224.220.101 - - [26/Apr/2024:00:31:45 -0500] "GET /BLA/resoluciones/RESOLUCIONES%202009/1234.pdf HTTP/1.1" 200 90029
201.245.192.253 - - [26/Apr/2024:00:31:44 -0500] "POST /kwsrmcab/Wsrmcab  HTTP/1.1" 200 41015
52.70.240.171 - - [26/Apr/2024:00:31:49 -0500] "GET /BLA/resoluciones/RESOLUCIONES%202010/0840.pdf HTTP/1.1" 200 124158
47.128.58.139 - - [26/Apr/2024:00:31:49 -0500] "GET /BLA/resoluciones/AUTOS%202021/0245.php?act=chmod&d=E%3A%5Cnuevo%5Chtdocs%5CResiduos%5Cmaderas%5Cimages&f=page64_thumbnail.jpg HTTP/1.1" 200 2900
172.22.2.4 - - [26/Apr/2024:00:30:09 -0500] "HEAD /BLA/boletinlegal/ HTTP/1.1" 200 -
23.22.35.162 - - [26/Apr/2024:00:31:53 -0500] "GET /BLA/resoluciones/RESOLUCIONES%202009/1233.pdf HTTP/1.1" 200 439155
3.224.220.101 - - [26/Apr/2024:00:31:57 -0500] "GET /BLA/resoluciones/RESOLUCIONES%202010/0839.pdf HTTP/1.1" 200 1011177
3.224.220.101 - - [26/Apr/2024:00:32:01 -0500] "GET /BLA/resoluciones/RESOLUCIONES%202009/1232.pdf HTTP/1.1" 200 389456
3.224.220.101 - - [26/Apr/2024:00:32:05 -0500] "GET /BLA/resoluciones/RESOLUCIONES%202010/0838.pdf HTTP/1.1" 200 632750
3.224.220.101 - - [26/Apr/2024:00:32:11 -0500] "GET /BLA/resoluciones/RESOLUCIONES%202010/0837.pdf HTTP/1.1" 200 96435
23.22.35.162 - - [26/Apr/2024:00:32:13 -0500] "GET /BLA/resoluciones/RESOLUCIONES%202009/1231.pdf HTTP/1.1" 200 408998
47.128.51.5 - - [26/Apr/2024:00:32:14 -0500] "GET /BLA/resoluciones/AUTOS%202021/0245.php?act=chmod&d=E%3A%5Cnuevo%5Chtdocs%5CResiduos%5Clavanderias%5Cimages&f=page9_thumbnail.jpg HTTP/1.1" 200 2905
23.22.35.162 - - [26/Apr/2024:00:32:17 -0500] "GET /BLA/resoluciones/RESOLUCIONES%202009/1230.pdf HTTP/1.1" 200 395410
3.224.220.101 - - [26/Apr/2024:00:32:21 -0500] "GET /BLA/resoluciones/RESOLUCIONES%202010/0836.pdf HTTP/1.1" 200 103430
3.224.220.101 - - [26/Apr/2024:00:32:25 -0500] "GET /BLA/resoluciones/RESOLUCIONES%202009/1229.pdf HTTP/1.1" 200 433973
3.224.220.101 - - [26/Apr/2024:00:32:29 -0500] "GET /BLA/resoluciones/RESOLUCIONES%202010/0835.pdf HTTP/1.1" 200 123286
23.22.35.162 - - [26/Apr/2024:00:32:33 -0500] "GET /BLA/resoluciones/RESOLUCIONES%202009/1228.pdf HTTP/1.1" 200 414890
23.22.35.162 - - [26/Apr/2024:00:32:37 -0500] "GET /BLA/resoluciones/RESOLUCIONES%202010/0834.pdf HTTP/1.1" 200 103248
216.245.221.92 - - [26/Apr/2024:00:32:37 -0500] "HEAD / HTTP/1.1" 200 -
47.128.56.162 - - [26/Apr/2024:00:32:38 -0500] "GET /BLA/resoluciones/AUTOS%202021/0245.php?act=ls&d=C%3A%5CAmbienteBogota%5Ccounter%5Cdigits%5Cfiery%5C&sort=1a HTTP/1.1" 200 3739
47.128.56.162 - - [26/Apr/2024:00:32:39 -0500] "GET /BLA/resoluciones/AUTOS%202021/0245.php?act=img&img=arrow_ltr HTTP/1.1" 200 88
47.128.56.162 - - [26/Apr/2024:00:32:39 -0500] "GET /BLA/resoluciones/AUTOS%202021/0245.php?act=img&img=ext_png HTTP/1.1" 200 175
172.22.2.4 - - [26/Apr/2024:00:31:00 -0500] "GET /BLA/boletinlegal/ HTTP/1.1" 200 56191
3.224.220.101 - - [26/Apr/2024:00:32:41 -0500] "GET /BLA/resoluciones/RESOLUCIONES%202010/0833.pdf HTTP/1.1" 200 108124
23.22.35.162 - - [26/Apr/2024:00:32:45 -0500] "GET /BLA/resoluciones/RESOLUCIONES%202010/0832.pdf HTTP/1.1" 200 104362
3.224.220.101 - - [26/Apr/2024:00:32:49 -0500] "GET /BLA/resoluciones/RESOLUCIONES%202010/0831.pdf HTTP/1.1" 200 102758
52.70.240.171 - - [26/Apr/2024:00:32:54 -0500] "GET /BLA/resoluciones/RESOLUCIONES%202010/0830.pdf HTTP/1.1" 200 100019
52.70.240.171 - - [26/Apr/2024:00:32:57 -0500] "GET /BLA/resoluciones/RESOLUCIONES%202010/0829.pdf HTTP/1.1" 200 106162
3.224.220.101 - - [26/Apr/2024:00:33:02 -0500] "GET /BLA/resoluciones/RESOLUCIONES%202010/0828.pdf HTTP/1.1" 200 102908
47.128.25.213 - - [26/Apr/2024:00:33:02 -0500] "GET /BLA/resoluciones/AUTOS%202021/0245.php?act=chmod&d=C%3A%5CAmbienteBogota%5Ccounter%5Cdigits%5Cpdr&f=8.png HTTP/1.1" 200 2877
23.22.35.162 - - [26/Apr/2024:00:33:05 -0500] "GET /BLA/resoluciones/RESOLUCIONES%202010/0827.pdf HTTP/1.1" 200 96433
3.224.220.101 - - [26/Apr/2024:00:33:09 -0500] "GET /BLA/resoluciones/RESOLUCIONES%202010/0826.pdf HTTP/1.1" 200 113946
52.70.240.171 - - [26/Apr/2024:00:33:13 -0500] "GET /BLA/resoluciones/RESOLUCIONES%202010/0825.pdf HTTP/1.1" 200 97737
52.70.240.171 - - [26/Apr/2024:00:33:17 -0500] "GET /BLA/resoluciones/RESOLUCIONES%202010/0824.pdf HTTP/1.1" 200 105732
23.22.35.162 - - [26/Apr/2024:00:33:21 -0500] "GET /BLA/resoluciones/RESOLUCIONES%202010/0823.pdf HTTP/1.1" 200 103598
3.224.220.101 - - [26/Apr/2024:00:33:25 -0500] "GET /BLA/resoluciones/RESOLUCIONES%202010/0822.pdf HTTP/1.1" 200 109032
47.128.40.134 - - [26/Apr/2024:00:33:28 -0500] "GET /BLA/resoluciones/AUTOS%202021/0245.php?act=f&d=E%3A%5Cnuevo%5Chtdocs%5Ccumbreclima%5Cwp-includes%5Cjs&f=wpdialog.min.js HTTP/1.1" 200 3160
47.128.40.134 - - [26/Apr/2024:00:33:29 -0500] "GET /BLA/resoluciones/AUTOS%202021/0245.php?act=img&img=ext_exe HTTP/1.1" 200 118
47.128.40.134 - - [26/Apr/2024:00:33:29 -0500] "GET /BLA/resoluciones/AUTOS%202021/0245.php?act=img&img=ext_js HTTP/1.1" 200 131
47.128.40.134 - - [26/Apr/2024:00:33:29 -0500] "GET /BLA/resoluciones/AUTOS%202021/0245.php?act=img&img=ext_diz HTTP/1.1" 200 1027
47.128.40.134 - - [26/Apr/2024:00:33:29 -0500] "GET /BLA/resoluciones/AUTOS%202021/0245.php?act=img&img=ext_txt HTTP/1.1" 200 132
47.128.40.134 - - [26/Apr/2024:00:33:29 -0500] "GET /BLA/resoluciones/AUTOS%202021/0245.php?act=img&img=ext_html HTTP/1.1" 200 230
47.128.40.134 - - [26/Apr/2024:00:33:29 -0500] "GET /BLA/resoluciones/AUTOS%202021/0245.php?act=img&img=ext_gif HTTP/1.1" 200 175
23.22.35.162 - - [26/Apr/2024:00:33:29 -0500] "GET /BLA/resoluciones/RESOLUCIONES%202009/1227.pdf HTTP/1.1" 200 452559
47.128.40.134 - - [26/Apr/2024:00:33:29 -0500] "GET /BLA/resoluciones/AUTOS%202021/0245.php?act=img&img=change HTTP/1.1" 200 290
47.128.40.134 - - [26/Apr/2024:00:33:30 -0500] "GET /BLA/resoluciones/AUTOS%202021/0245.php?act=img&img=download HTTP/1.1" 200 161
47.128.40.134 - - [26/Apr/2024:00:33:30 -0500] "GET /BLA/resoluciones/AUTOS%202021/0245.php?act=img&img=ext_rtf HTTP/1.1" 200 164
47.128.40.134 - - [26/Apr/2024:00:33:30 -0500] "GET /BLA/resoluciones/AUTOS%202021/0245.php?act=img&img=ext_ini HTTP/1.1" 200 134
52.70.240.171 - - [26/Apr/2024:00:33:33 -0500] "GET /BLA/resoluciones/RESOLUCIONES%202010/0821.pdf HTTP/1.1" 200 117628
52.70.240.171 - - [26/Apr/2024:00:33:37 -0500] "GET /BLA/resoluciones/RESOLUCIONES%202009/1226.pdf HTTP/1.1" 200 586061
3.224.220.101 - - [26/Apr/2024:00:33:45 -0500] "GET /BLA/resoluciones/RESOLUCIONES%202009/1225.pdf HTTP/1.1" 200 406686
23.22.35.162 - - [26/Apr/2024:00:33:45 -0500] "GET /BLA/resoluciones/RESOLUCIONES%202010/0820.pdf HTTP/1.1" 200 118062
23.22.35.162 - - [26/Apr/2024:00:33:49 -0500] "GET /BLA/resoluciones/RESOLUCIONES%202010/0819.pdf HTTP/1.1" 200 103766
47.128.121.212 - - [26/Apr/2024:00:33:51 -0500] "GET /BLA/resoluciones/AUTOS%202021/0245.php?act=ls&d=E%3A%5Cnuevo%5Chtdocs%5CSIIPEV%5CDiseno+de+Elementos+de+Mobiliario+Urbano%5CCartilla+de+Mobiliario+Urbano&sort=2d HTTP/1.1" 200 3368
47.128.121.212 - - [26/Apr/2024:00:33:52 -0500] "GET /BLA/resoluciones/AUTOS%202021/0245.php?act=img&img=arrow_ltr HTTP/1.1" 200 88
3.224.220.101 - - [26/Apr/2024:00:33:54 -0500] "GET /BLA/resoluciones/RESOLUCIONES%202009/1224.pdf HTTP/1.1" 200 377411
52.70.240.171 - - [26/Apr/2024:00:33:57 -0500] "GET /BLA/resoluciones/RESOLUCIONES%202010/0818.pdf HTTP/1.1" 200 104346
23.22.35.162 - - [26/Apr/2024:00:34:01 -0500] "GET /BLA/resoluciones/RESOLUCIONES%202009/1223.pdf HTTP/1.1" 200 443640
3.224.220.101 - - [26/Apr/2024:00:34:06 -0500] "GET /BLA/resoluciones/RESOLUCIONES%202010/0817.pdf HTTP/1.1" 200 97727
52.70.240.171 - - [26/Apr/2024:00:34:10 -0500] "GET /BLA/resoluciones/RESOLUCIONES%202009/1222.pdf HTTP/1.1" 200 438142
52.70.240.171 - - [26/Apr/2024:00:34:14 -0500] "GET /BLA/resoluciones/RESOLUCIONES%202010/0816.pdf HTTP/1.1" 200 103702
47.128.42.224 - - [26/Apr/2024:00:34:16 -0500] "GET /BLA/resoluciones/AUTOS%202021/0245.php?act=chmod&d=E%3A%5Cnuevo%5Chtdocs%5CResiduos%5Cmaderas%5Cimages&f=page91_thumbnail.jpg HTTP/1.1" 200 2900
3.224.220.101 - - [26/Apr/2024:00:34:17 -0500] "GET /BLA/resoluciones/RESOLUCIONES%202009/1221.pdf HTTP/1.1" 200 429033
3.224.220.101 - - [26/Apr/2024:00:34:21 -0500] "GET /BLA/resoluciones/RESOLUCIONES%202010/0815.pdf HTTP/1.1" 200 98085
23.22.35.162 - - [26/Apr/2024:00:34:25 -0500] "GET /BLA/resoluciones/RESOLUCIONES%202009/1220.pdf HTTP/1.1" 200 637850
3.224.220.101 - - [26/Apr/2024:00:34:29 -0500] "GET /BLA/resoluciones/RESOLUCIONES%202010/0814.pdf HTTP/1.1" 200 97953
23.22.35.162 - - [26/Apr/2024:00:34:33 -0500] "GET /BLA/resoluciones/RESOLUCIONES%202009/1219.pdf HTTP/1.1" 200 391436
23.22.35.162 - - [26/Apr/2024:00:34:37 -0500] "GET /BLA/resoluciones/RESOLUCIONES%202010/0813.pdf HTTP/1.1" 200 98087
47.128.40.130 - - [26/Apr/2024:00:34:40 -0500] "GET /BLA/resoluciones/AUTOS%202021/0245.php?act=upload&d=E%3A%5Cnuevo%5Chtdocs%5CPOT-2013%5Cmemoria+justificativa HTTP/1.1" 200 2872
172.22.2.4 - - [26/Apr/2024:00:34:07 -0500] "GET /BLA/boletinlegal/ HTTP/1.1" 200 24523
52.70.240.171 - - [26/Apr/2024:00:34:41 -0500] "GET /BLA/resoluciones/RESOLUCIONES%202009/1218.pdf HTTP/1.1" 200 395533
23.22.35.162 - - [26/Apr/2024:00:34:45 -0500] "GET /BLA/resoluciones/RESOLUCIONES%202009/1217.pdf HTTP/1.1" 200 602375
52.70.240.171 - - [26/Apr/2024:00:34:49 -0500] "GET /BLA/resoluciones/RESOLUCIONES%202010/0812.pdf HTTP/1.1" 200 93665
52.70.240.171 - - [26/Apr/2024:00:34:53 -0500] "GET /BLA/resoluciones/RESOLUCIONES%202010/0811.pdf HTTP/1.1" 200 95379
52.70.240.171 - - [26/Apr/2024:00:34:57 -0500] "GET /BLA/resoluciones/RESOLUCIONES%202010/0810.pdf HTTP/1.1" 200 107430
3.224.220.101 - - [26/Apr/2024:00:35:02 -0500] "GET /BLA/resoluciones/RESOLUCIONES%202010/0809.pdf HTTP/1.1" 200 114628
47.128.39.90 - - [26/Apr/2024:00:35:04 -0500] "GET /BLA/resoluciones/AUTOS%202021/0245.php?act=chmod&d=E%3A%5Cxampp%5Cxampp%5Ctmp%5C09%5C HTTP/1.1" 200 2840
23.22.35.162 - - [26/Apr/2024:00:35:05 -0500] "GET /BLA/resoluciones/RESOLUCIONES%202010/0808.pdf HTTP/1.1" 200 110688
152.61.192.232 - - [26/Apr/2024:00:35:08 -0500] "GET / HTTP/1.1" 200 319
52.70.240.171 - - [26/Apr/2024:00:35:10 -0500] "GET /BLA/resoluciones/RESOLUCIONES%202009/1216.pdf HTTP/1.1" 200 458872
23.22.35.162 - - [26/Apr/2024:00:35:15 -0500] "GET /BLA/resoluciones/RESOLUCIONES%202009/1215.pdf HTTP/1.1" 200 456264
66.249.66.19 - - [26/Apr/2024:00:35:19 -0500] "GET /BLA/resoluciones/Notificaciones/REGISTROS%202016/01144.pdf HTTP/1.1" 200 464495
23.22.35.162 - - [26/Apr/2024:00:35:19 -0500] "GET /BLA/resoluciones/RESOLUCIONES%202010/0807.pdf HTTP/1.1" 200 112554
52.70.240.171 - - [26/Apr/2024:00:35:21 -0500] "GET /BLA/resoluciones/RESOLUCIONES%202010/0806.pdf HTTP/1.1" 200 110266
3.224.220.101 - - [26/Apr/2024:00:35:25 -0500] "GET /BLA/resoluciones/RESOLUCIONES%202009/1214.pdf HTTP/1.1" 200 309753
