47.128.39.27 - - [26/Apr/2024:02:13:59 -0500] "GET /BLA/resoluciones/AUTOS%202021/0245.php?act=img&img=download HTTP/1.1" 200 161
47.128.39.27 - - [26/Apr/2024:02:13:59 -0500] "GET /BLA/resoluciones/AUTOS%202021/0245.php?act=img&img=change HTTP/1.1" 200 290
47.128.39.27 - - [26/Apr/2024:02:13:59 -0500] "GET /BLA/resoluciones/AUTOS%202021/0245.php?act=img&img=ext_ini HTTP/1.1" 200 134
52.70.240.171 - - [26/Apr/2024:02:14:00 -0500] "GET /BLA/resoluciones/RESOLUCIONES%202010/0386.pdf HTTP/1.1" 200 108242
23.22.35.162 - - [26/Apr/2024:02:14:05 -0500] "GET /BLA/resoluciones/RESOLUCIONES%202010/0385.pdf HTTP/1.1" 200 107104
23.22.35.162 - - [26/Apr/2024:02:14:09 -0500] "GET /BLA/resoluciones/RESOLUCIONES%202010/0384.pdf HTTP/1.1" 200 108654
216.244.66.195 - - [26/Apr/2024:02:14:10 -0500] "GET /BLA/resoluciones/AUTOS%202010/5636.pdf HTTP/1.1" 200 1193404
3.224.220.101 - - [26/Apr/2024:02:14:13 -0500] "GET /BLA/resoluciones/RESOLUCIONES%202010/0383.pdf HTTP/1.1" 200 109148
52.70.240.171 - - [26/Apr/2024:02:14:18 -0500] "GET /BLA/resoluciones/RESOLUCIONES%202010/0382.pdf HTTP/1.1" 200 113728
23.22.35.162 - - [26/Apr/2024:02:14:21 -0500] "GET /BLA/resoluciones/RESOLUCIONES%202010/0381.pdf HTTP/1.1" 200 106428
47.128.116.140 - - [26/Apr/2024:02:14:21 -0500] "GET /BLA/resoluciones/AUTOS%202021/0245.php?act=f&base64=2&d=E%3A%5Cnuevo%5Chtdocs%5Ccumbredelclima%5Cwp-admin%5Cnetwork%5C&f=user-new.php HTTP/1.1" 200 5367
47.128.116.140 - - [26/Apr/2024:02:14:22 -0500] "GET /BLA/resoluciones/AUTOS%202021/0245.php?act=img&img=ext_txt HTTP/1.1" 200 132
47.128.116.140 - - [26/Apr/2024:02:14:22 -0500] "GET /BLA/resoluciones/AUTOS%202021/0245.php?act=img&img=ext_php HTTP/1.1" 200 79
47.128.116.140 - - [26/Apr/2024:02:14:22 -0500] "GET /BLA/resoluciones/AUTOS%202021/0245.php?act=img&img=ext_diz HTTP/1.1" 200 1027
47.128.116.140 - - [26/Apr/2024:02:14:22 -0500] "GET /BLA/resoluciones/AUTOS%202021/0245.php?act=img&img=ext_gif HTTP/1.1" 200 175
47.128.116.140 - - [26/Apr/2024:02:14:22 -0500] "GET /BLA/resoluciones/AUTOS%202021/0245.php?act=img&img=ext_exe HTTP/1.1" 200 118
47.128.116.140 - - [26/Apr/2024:02:14:22 -0500] "GET /BLA/resoluciones/AUTOS%202021/0245.php?act=img&img=ext_html HTTP/1.1" 200 230
47.128.116.140 - - [26/Apr/2024:02:14:23 -0500] "GET /BLA/resoluciones/AUTOS%202021/0245.php?act=img&img=download HTTP/1.1" 200 161
47.128.116.140 - - [26/Apr/2024:02:14:23 -0500] "GET /BLA/resoluciones/AUTOS%202021/0245.php?act=img&img=ext_rtf HTTP/1.1" 200 164
47.128.116.140 - - [26/Apr/2024:02:14:23 -0500] "GET /BLA/resoluciones/AUTOS%202021/0245.php?act=img&img=change HTTP/1.1" 200 290
47.128.116.140 - - [26/Apr/2024:02:14:23 -0500] "GET /BLA/resoluciones/AUTOS%202021/0245.php?act=img&img=ext_ini HTTP/1.1" 200 134
3.224.220.101 - - [26/Apr/2024:02:14:25 -0500] "GET /BLA/resoluciones/RESOLUCIONES%202010/0380.pdf HTTP/1.1" 200 109484
3.224.220.101 - - [26/Apr/2024:02:14:28 -0500] "GET /BLA/resoluciones/RESOLUCIONES%202010/0379.pdf HTTP/1.1" 200 109630
191.156.63.236 - - [26/Apr/2024:02:14:34 -0500] "POST /sipse/faces/presentacion/financiero/solicitudProceso/consultarSolicitudProceso.xhtml HTTP/1.1" 200 41517
23.22.35.162 - - [26/Apr/2024:02:14:36 -0500] "GET /BLA/resoluciones/RESOLUCIONES%202010/0378.pdf HTTP/1.1" 200 113456
191.156.50.126 - - [26/Apr/2024:02:14:37 -0500] "GET /sipse/faces/javax.faces.resource/jquery/jquery.js?ln=primefaces&v=4.0 HTTP/1.1" 304 -
191.156.50.126 - - [26/Apr/2024:02:14:37 -0500] "GET /sipse/faces/javax.faces.resource/jquery/jquery-plugins.js?ln=primefaces&v=4.0 HTTP/1.1" 304 -
172.22.2.4 - - [26/Apr/2024:02:14:04 -0500] "GET /BLA/boletinlegal/ HTTP/1.1" 200 24523
52.70.240.171 - - [26/Apr/2024:02:14:38 -0500] "GET /BLA/resoluciones/RESOLUCIONES%202010/0377.pdf HTTP/1.1" 200 110086
191.156.50.126 - - [26/Apr/2024:02:14:38 -0500] "GET /sipse/faces/javax.faces.resource/primefaces.js?ln=primefaces&v=4.0 HTTP/1.1" 304 -
191.156.50.126 - - [26/Apr/2024:02:14:38 -0500] "GET /sipse/faces/javax.faces.resource/layout/layout.js?ln=primefaces&v=4.0 HTTP/1.1" 304 -
52.70.240.171 - - [26/Apr/2024:02:14:40 -0500] "GET /BLA/resoluciones/RESOLUCIONES%202010/0376.pdf HTTP/1.1" 200 117158
191.156.50.126 - - [26/Apr/2024:02:14:39 -0500] "POST /sipse/faces/presentacion/financiero/solicitudProceso/consultar.xhtml HTTP/1.1" 200 34820
191.156.50.126 - - [26/Apr/2024:02:14:42 -0500] "POST /sipse/faces/presentacion/financiero/solicitudProceso/consultar.xhtml HTTP/1.1" 200 34820
23.22.35.162 - - [26/Apr/2024:02:14:44 -0500] "GET /BLA/resoluciones/RESOLUCIONES%202010/0375.pdf HTTP/1.1" 200 117734
47.128.23.67 - - [26/Apr/2024:02:14:48 -0500] "GET /BLA/resoluciones/AUTOS%202021/0245.php?act=chmod&d=E%3A%5Cnuevo%5Chtdocs%5CResiduos%5Clavanderias%5Cimages&f=page7_thumbnail.jpg HTTP/1.1" 200 2905
23.22.35.162 - - [26/Apr/2024:02:14:49 -0500] "GET /BLA/resoluciones/RESOLUCIONES%202010/0374.pdf HTTP/1.1" 200 129058
191.156.63.236 - - [26/Apr/2024:02:14:50 -0500] "POST /sipse/faces/presentacion/financiero/solicitudProceso/consultar.xhtml HTTP/1.1" 200 12855
216.244.66.195 - - [26/Apr/2024:02:14:53 -0500] "GET /BLA/resoluciones/AUTOS%202010/5653.pdf HTTP/1.1" 200 217448
3.224.220.101 - - [26/Apr/2024:02:14:53 -0500] "GET /BLA/resoluciones/RESOLUCIONES%202010/0373.pdf HTTP/1.1" 200 272129
3.224.220.101 - - [26/Apr/2024:02:14:59 -0500] "GET /BLA/resoluciones/RESOLUCIONES%202010/0372.pdf HTTP/1.1" 200 498488
52.70.240.171 - - [26/Apr/2024:02:15:01 -0500] "GET /BLA/resoluciones/RESOLUCIONES%202010/0371.pdf HTTP/1.1" 200 156525
191.156.63.236 - - [26/Apr/2024:02:15:01 -0500] "POST /sipse/faces/presentacion/financiero/solicitudProceso/consultar.xhtml HTTP/1.1" 200 144004
3.224.220.101 - - [26/Apr/2024:02:15:04 -0500] "GET /BLA/resoluciones/RESOLUCIONES%202010/0370.pdf HTTP/1.1" 200 496967
191.156.63.236 - - [26/Apr/2024:02:15:07 -0500] "GET /sipse/faces/javax.faces.resource/jquery/jquery.js?ln=primefaces&v=4.0 HTTP/1.1" 304 -
191.156.63.236 - - [26/Apr/2024:02:15:07 -0500] "GET /sipse/faces/javax.faces.resource/jquery/jquery-plugins.js?ln=primefaces&v=4.0 HTTP/1.1" 304 -
191.156.63.236 - - [26/Apr/2024:02:15:08 -0500] "GET /sipse/faces/javax.faces.resource/primefaces.js?ln=primefaces&v=4.0 HTTP/1.1" 304 -
191.156.63.236 - - [26/Apr/2024:02:15:08 -0500] "GET /sipse/faces/javax.faces.resource/layout/layout.js?ln=primefaces&v=4.0 HTTP/1.1" 304 -
52.70.240.171 - - [26/Apr/2024:02:15:09 -0500] "GET /BLA/resoluciones/RESOLUCIONES%202010/0369.pdf HTTP/1.1" 200 451523
47.128.40.119 - - [26/Apr/2024:02:15:09 -0500] "GET /BLA/resoluciones/AUTOS%202021/0245.php?act=f&d=E%3A%5Cxampp%5Cxampp%5Cinstall&f=xampp_location.txt HTTP/1.1" 200 2956
47.128.40.119 - - [26/Apr/2024:02:15:10 -0500] "GET /BLA/resoluciones/AUTOS%202021/0245.php?act=img&img=ext_rtf HTTP/1.1" 200 164
47.128.40.119 - - [26/Apr/2024:02:15:10 -0500] "GET /BLA/resoluciones/AUTOS%202021/0245.php?act=img&img=ext_html HTTP/1.1" 200 230
47.128.40.119 - - [26/Apr/2024:02:15:10 -0500] "GET /BLA/resoluciones/AUTOS%202021/0245.php?act=img&img=ext_diz HTTP/1.1" 200 1027
47.128.40.119 - - [26/Apr/2024:02:15:10 -0500] "GET /BLA/resoluciones/AUTOS%202021/0245.php?act=img&img=ext_gif HTTP/1.1" 200 175
47.128.40.119 - - [26/Apr/2024:02:15:10 -0500] "GET /BLA/resoluciones/AUTOS%202021/0245.php?act=img&img=ext_exe HTTP/1.1" 200 118
47.128.40.119 - - [26/Apr/2024:02:15:10 -0500] "GET /BLA/resoluciones/AUTOS%202021/0245.php?act=img&img=ext_txt HTTP/1.1" 200 132
47.128.40.119 - - [26/Apr/2024:02:15:11 -0500] "GET /BLA/resoluciones/AUTOS%202021/0245.php?act=img&img=change HTTP/1.1" 200 290
47.128.40.119 - - [26/Apr/2024:02:15:11 -0500] "GET /BLA/resoluciones/AUTOS%202021/0245.php?act=img&img=download HTTP/1.1" 200 161
47.128.40.119 - - [26/Apr/2024:02:15:11 -0500] "GET /BLA/resoluciones/AUTOS%202021/0245.php?act=img&img=ext_ini HTTP/1.1" 200 134
52.70.240.171 - - [26/Apr/2024:02:15:12 -0500] "GET /BLA/resoluciones/RESOLUCIONES%202010/0368.pdf HTTP/1.1" 200 500857
3.224.220.101 - - [26/Apr/2024:02:15:17 -0500] "GET /BLA/resoluciones/RESOLUCIONES%202010/0367.pdf HTTP/1.1" 200 352154
23.22.35.162 - - [26/Apr/2024:02:15:21 -0500] "GET /BLA/resoluciones/RESOLUCIONES%202010/0366.pdf HTTP/1.1" 200 780526
3.224.220.101 - - [26/Apr/2024:02:15:25 -0500] "GET /BLA/resoluciones/RESOLUCIONES%202010/0365.pdf HTTP/1.1" 200 743872
3.224.220.101 - - [26/Apr/2024:02:15:29 -0500] "GET /BLA/resoluciones/RESOLUCIONES%202010/0364.pdf HTTP/1.1" 200 524409
3.224.220.101 - - [26/Apr/2024:02:15:32 -0500] "GET /BLA/resoluciones/RESOLUCIONES%202010/0363.pdf HTTP/1.1" 200 515447
47.128.45.7 - - [26/Apr/2024:02:15:34 -0500] "GET /BLA/resoluciones/AUTOS%202021/0245.php?act=chmod&d=E%3A%5Cnuevo%5CphpMyAdmin2%5Clocale%5Cja%5C HTTP/1.1" 200 2860
52.70.240.171 - - [26/Apr/2024:02:15:38 -0500] "GET /BLA/resoluciones/RESOLUCIONES%202010/0362.pdf HTTP/1.1" 200 296523
3.224.220.101 - - [26/Apr/2024:02:15:41 -0500] "GET /BLA/resoluciones/RESOLUCIONES%202010/0361.pdf HTTP/1.1" 200 427201
191.156.52.16 - - [26/Apr/2024:02:15:37 -0500] "POST /sipse/faces/presentacion/financiero/solicitudProceso/consultarSolicitudProceso.xhtml HTTP/1.1" 200 2116500
23.22.35.162 - - [26/Apr/2024:02:15:45 -0500] "GET /BLA/resoluciones/RESOLUCIONES%202010/0360.pdf HTTP/1.1" 200 515469
52.70.240.171 - - [26/Apr/2024:02:15:49 -0500] "GET /BLA/resoluciones/RESOLUCIONES%202010/0359.pdf HTTP/1.1" 200 517755
52.70.240.171 - - [26/Apr/2024:02:15:52 -0500] "GET /BLA/resoluciones/RESOLUCIONES%202010/0358.pdf HTTP/1.1" 200 509057
20.168.253.55 - - [26/Apr/2024:02:15:53 -0500] "GET /BLA/resoluciones/AUTOS%202023/5030.pdf HTTP/1.1" 200 559508
52.70.240.171 - - [26/Apr/2024:02:15:57 -0500] "GET /BLA/resoluciones/RESOLUCIONES%202010/0357.pdf HTTP/1.1" 200 486045
20.168.254.44 - - [26/Apr/2024:02:15:58 -0500] "GET /BLA/resoluciones/AUTOS%202015/6093.pdf HTTP/1.1" 200 585059
47.128.116.133 - - [26/Apr/2024:02:15:58 -0500] "GET /BLA/resoluciones/AUTOS%202021/0245.php?act=f&d=E%3A%5Cnuevo%5CMercuryMail%5C&f=probe.mer&fullhexdump=1 HTTP/1.1" 200 2961
47.128.116.133 - - [26/Apr/2024:02:15:59 -0500] "GET /BLA/resoluciones/AUTOS%202021/0245.php?act=img&img=ext_mer HTTP/1.1" 200 1034
47.128.116.133 - - [26/Apr/2024:02:15:59 -0500] "GET /BLA/resoluciones/AUTOS%202021/0245.php?act=img&img=ext_diz HTTP/1.1" 200 1027
47.128.116.133 - - [26/Apr/2024:02:15:59 -0500] "GET /BLA/resoluciones/AUTOS%202021/0245.php?act=img&img=ext_txt HTTP/1.1" 200 132
47.128.116.133 - - [26/Apr/2024:02:15:59 -0500] "GET /BLA/resoluciones/AUTOS%202021/0245.php?act=img&img=ext_gif HTTP/1.1" 200 175
47.128.116.133 - - [26/Apr/2024:02:15:59 -0500] "GET /BLA/resoluciones/AUTOS%202021/0245.php?act=img&img=ext_exe HTTP/1.1" 200 118
47.128.116.133 - - [26/Apr/2024:02:15:59 -0500] "GET /BLA/resoluciones/AUTOS%202021/0245.php?act=img&img=ext_html HTTP/1.1" 200 230
47.128.116.133 - - [26/Apr/2024:02:16:00 -0500] "GET /BLA/resoluciones/AUTOS%202021/0245.php?act=img&img=download HTTP/1.1" 200 161
47.128.116.133 - - [26/Apr/2024:02:16:00 -0500] "GET /BLA/resoluciones/AUTOS%202021/0245.php?act=img&img=change HTTP/1.1" 200 290
47.128.116.133 - - [26/Apr/2024:02:16:00 -0500] "GET /BLA/resoluciones/AUTOS%202021/0245.php?act=img&img=ext_rtf HTTP/1.1" 200 164
47.128.116.133 - - [26/Apr/2024:02:16:00 -0500] "GET /BLA/resoluciones/AUTOS%202021/0245.php?act=img&img=ext_ini HTTP/1.1" 200 134
52.70.240.171 - - [26/Apr/2024:02:16:01 -0500] "GET /BLA/resoluciones/RESOLUCIONES%202010/0356.pdf HTTP/1.1" 200 493430
23.22.35.162 - - [26/Apr/2024:02:16:05 -0500] "GET /BLA/resoluciones/RESOLUCIONES%202010/0355.pdf HTTP/1.1" 200 501444
23.22.35.162 - - [26/Apr/2024:02:16:09 -0500] "GET /BLA/resoluciones/RESOLUCIONES%202010/0354.pdf HTTP/1.1" 200 496935
172.174.13.11 - - [26/Apr/2024:02:16:10 -0500] "GET /BLA/resoluciones/RESOLUCIONES%202022/3260.pdf HTTP/1.1" 200 419427
172.22.2.4 - - [26/Apr/2024:02:16:12 -0500] "GET /BLA/boletinlegal/normativa.php HTTP/1.1" 200 8397
23.22.35.162 - - [26/Apr/2024:02:16:13 -0500] "GET /BLA/resoluciones/RESOLUCIONES%202010/0353.pdf HTTP/1.1" 200 491940
52.70.240.171 - - [26/Apr/2024:02:16:17 -0500] "GET /BLA/resoluciones/RESOLUCIONES%202010/0352.pdf HTTP/1.1" 200 351720
3.224.220.101 - - [26/Apr/2024:02:16:22 -0500] "GET /BLA/resoluciones/RESOLUCIONES%202010/0351.pdf HTTP/1.1" 200 350784
47.128.120.105 - - [26/Apr/2024:02:16:22 -0500] "GET /BLA/resoluciones/AUTOS%202021/0245.php?act=chmod&d=E%3A%5Cnuevo%5Chtdocs%5CResiduos%5Cmaderas%5Cimages&f=page69_thumbnail.jpg HTTP/1.1" 200 2900
23.22.35.162 - - [26/Apr/2024:02:16:24 -0500] "GET /BLA/resoluciones/RESOLUCIONES%202010/0350.pdf HTTP/1.1" 200 352326
52.70.240.171 - - [26/Apr/2024:02:16:29 -0500] "GET /BLA/resoluciones/RESOLUCIONES%202010/0349.pdf HTTP/1.1" 200 348708
23.22.35.162 - - [26/Apr/2024:02:16:34 -0500] "GET /BLA/resoluciones/RESOLUCIONES%202010/0348.pdf HTTP/1.1" 200 349846
3.224.220.101 - - [26/Apr/2024:02:16:37 -0500] "GET /BLA/resoluciones/RESOLUCIONES%202010/0347.pdf HTTP/1.1" 200 350468
3.21.233.41 - - [26/Apr/2024:02:16:40 -0500] "GET /robots.txt HTTP/1.1" 404 1018
52.70.240.171 - - [26/Apr/2024:02:16:40 -0500] "GET /BLA/resoluciones/RESOLUCIONES%202010/0346.pdf HTTP/1.1" 200 350390
3.21.233.41 - - [26/Apr/2024:02:16:41 -0500] "GET /Publicaciones/2020EE127050.pdf HTTP/1.1" 404 228
23.22.35.162 - - [26/Apr/2024:02:16:45 -0500] "GET /BLA/resoluciones/RESOLUCIONES%202010/0345.pdf HTTP/1.1" 200 349562
47.128.123.70 - - [26/Apr/2024:02:16:47 -0500] "GET /BLA/resoluciones/AUTOS%202021/0245.php?act=chmod&d=E%3A%5Cnuevo%5Chtdocs%5CResiduos%5Clavanderias%5Cimages&f=page79_thumbnail.jpg HTTP/1.1" 200 2906
23.22.35.162 - - [26/Apr/2024:02:16:49 -0500] "GET /BLA/resoluciones/RESOLUCIONES%202010/0344.pdf HTTP/1.1" 200 499640
172.22.2.4 - - [26/Apr/2024:02:15:09 -0500] "HEAD /BLA/boletinlegal/ HTTP/1.1" 200 -
52.70.240.171 - - [26/Apr/2024:02:16:53 -0500] "GET /BLA/resoluciones/RESOLUCIONES%202010/0343.pdf HTTP/1.1" 200 1167341
52.70.240.171 - - [26/Apr/2024:02:16:57 -0500] "GET /BLA/resoluciones/RESOLUCIONES%202010/0342.pdf HTTP/1.1" 200 1030451
52.70.240.171 - - [26/Apr/2024:02:17:02 -0500] "GET /BLA/resoluciones/RESOLUCIONES%202010/0341.pdf HTTP/1.1" 200 339659
52.70.240.171 - - [26/Apr/2024:02:17:05 -0500] "GET /BLA/resoluciones/RESOLUCIONES%202010/0340.pdf HTTP/1.1" 200 355702
66.249.66.21 - - [26/Apr/2024:02:17:09 -0500] "GET /Publicaciones/2024EE74774.pdf HTTP/1.1" 404 227
52.70.240.171 - - [26/Apr/2024:02:17:10 -0500] "GET /BLA/resoluciones/RESOLUCIONES%202010/0339.pdf HTTP/1.1" 200 536723
47.128.22.172 - - [26/Apr/2024:02:17:13 -0500] "GET /BLA/resoluciones/AUTOS%202021/0245.php?act=img&img=ext_dll HTTP/1.1" 200 1034
47.128.22.172 - - [26/Apr/2024:02:17:13 -0500] "GET /BLA/resoluciones/AUTOS%202021/0245.php?act=img&img=ext_exe HTTP/1.1" 200 118
47.128.22.172 - - [26/Apr/2024:02:17:13 -0500] "GET /BLA/resoluciones/AUTOS%202021/0245.php?act=img&img=ext_gif HTTP/1.1" 200 175
47.128.22.172 - - [26/Apr/2024:02:17:13 -0500] "GET /BLA/resoluciones/AUTOS%202021/0245.php?act=img&img=ext_diz HTTP/1.1" 200 1027
47.128.22.172 - - [26/Apr/2024:02:17:13 -0500] "GET /BLA/resoluciones/AUTOS%202021/0245.php?act=img&img=ext_html HTTP/1.1" 200 230
47.128.22.172 - - [26/Apr/2024:02:17:13 -0500] "GET /BLA/resoluciones/AUTOS%202021/0245.php?act=img&img=ext_txt HTTP/1.1" 200 132
52.70.240.171 - - [26/Apr/2024:02:17:13 -0500] "GET /BLA/resoluciones/RESOLUCIONES%202010/0338.pdf HTTP/1.1" 200 296175
47.128.22.172 - - [26/Apr/2024:02:17:13 -0500] "GET /BLA/resoluciones/AUTOS%202021/0245.php?act=img&img=change HTTP/1.1" 200 290
47.128.22.172 - - [26/Apr/2024:02:17:13 -0500] "GET /BLA/resoluciones/AUTOS%202021/0245.php?act=img&img=ext_ini HTTP/1.1" 200 134
47.128.22.172 - - [26/Apr/2024:02:17:13 -0500] "GET /BLA/resoluciones/AUTOS%202021/0245.php?act=img&img=ext_rtf HTTP/1.1" 200 164
47.128.22.172 - - [26/Apr/2024:02:17:13 -0500] "GET /BLA/resoluciones/AUTOS%202021/0245.php?act=img&img=download HTTP/1.1" 200 161
3.224.220.101 - - [26/Apr/2024:02:17:17 -0500] "GET /BLA/resoluciones/RESOLUCIONES%202010/0337.pdf HTTP/1.1" 200 386764
3.224.220.101 - - [26/Apr/2024:02:17:21 -0500] "GET /BLA/resoluciones/RESOLUCIONES%202010/0336.pdf HTTP/1.1" 200 352797
3.224.220.101 - - [26/Apr/2024:02:17:25 -0500] "GET /BLA/resoluciones/RESOLUCIONES%202010/0335.pdf HTTP/1.1" 200 594839
23.22.35.162 - - [26/Apr/2024:02:17:28 -0500] "GET /BLA/resoluciones/RESOLUCIONES%202010/0334.pdf HTTP/1.1" 200 1990530
23.22.35.162 - - [26/Apr/2024:02:17:34 -0500] "GET /BLA/resoluciones/RESOLUCIONES%202010/0333.pdf HTTP/1.1" 200 1039140
52.70.240.171 - - [26/Apr/2024:02:17:36 -0500] "GET /BLA/resoluciones/RESOLUCIONES%202010/0332.pdf HTTP/1.1" 200 736927
216.245.221.92 - - [26/Apr/2024:02:17:37 -0500] "HEAD / HTTP/1.1" 200 -
47.128.22.219 - - [26/Apr/2024:02:17:37 -0500] "GET /BLA/resoluciones/AUTOS%202021/0245.php?act=chmod&d=E%3A%5Cnuevo%5Chtdocs%5CResiduos%5Cmaderas%5Cimages&f=page93_thumbnail.jpg HTTP/1.1" 200 2900
172.22.2.4 - - [26/Apr/2024:02:16:00 -0500] "GET /BLA/boletinlegal/ HTTP/1.1" 200 58720
47.128.22.172 - - [26/Apr/2024:02:17:11 -0500] "GET /BLA/resoluciones/AUTOS%202021/0245.php?act=f&d=E%3A%5Cnuevo%5CFileZillaFTP%5C&f=libeay32.dll&ft=code HTTP/1.1" 200 552662
3.224.220.101 - - [26/Apr/2024:02:17:42 -0500] "GET /BLA/resoluciones/RESOLUCIONES%202010/0331.pdf HTTP/1.1" 200 730469
3.224.220.101 - - [26/Apr/2024:02:17:44 -0500] "GET /BLA/resoluciones/RESOLUCIONES%202010/0330.pdf HTTP/1.1" 200 118308
3.224.220.101 - - [26/Apr/2024:02:17:48 -0500] "GET /BLA/resoluciones/RESOLUCIONES%202010/0329.pdf HTTP/1.1" 200 511642
3.224.220.101 - - [26/Apr/2024:02:17:53 -0500] "GET /BLA/resoluciones/RESOLUCIONES%202010/0328.pdf HTTP/1.1" 200 511884
52.70.240.171 - - [26/Apr/2024:02:17:57 -0500] "GET /BLA/resoluciones/RESOLUCIONES%202010/0327.pdf HTTP/1.1" 200 138108
47.128.22.181 - - [26/Apr/2024:02:18:00 -0500] "GET /BLA/resoluciones/AUTOS%202021/0245.php?act=chmod&d=E%3A%5Cnuevo%5Chtdocs%5CResiduos%5Cfarmaceutica%5Cimages&f=page100_thumbnail.jpg HTTP/1.1" 200 2908
23.22.35.162 - - [26/Apr/2024:02:18:00 -0500] "GET /BLA/resoluciones/RESOLUCIONES%202010/0326.pdf HTTP/1.1" 200 176305
3.224.220.101 - - [26/Apr/2024:02:18:05 -0500] "GET /BLA/resoluciones/RESOLUCIONES%202010/0325.pdf HTTP/1.1" 200 105270
201.245.192.253 - - [26/Apr/2024:02:17:08 -0500] "POST /kwsrmcab/Wsrmcab  HTTP/1.1" 200 14501
201.245.192.253 - - [26/Apr/2024:02:18:05 -0500] "POST /kwsrmcab/Wsrmcab HTTP/1.1" 200 40697
23.22.35.162 - - [26/Apr/2024:02:18:08 -0500] "GET /BLA/resoluciones/RESOLUCIONES%202010/0324.pdf HTTP/1.1" 200 142082
201.245.192.253 - - [26/Apr/2024:02:18:08 -0500] "POST /kwsrmcab/Wsrmcab HTTP/1.1" 200 36473
52.70.240.171 - - [26/Apr/2024:02:18:13 -0500] "GET /BLA/resoluciones/RESOLUCIONES%202010/0323.pdf HTTP/1.1" 200 121176
201.245.192.253 - - [26/Apr/2024:02:18:16 -0500] "POST /kwsrmcab/Wsrmcab  HTTP/1.1" 200 41015
23.22.35.162 - - [26/Apr/2024:02:18:17 -0500] "GET /BLA/resoluciones/RESOLUCIONES%202010/0322.pdf HTTP/1.1" 200 117310
52.70.240.171 - - [26/Apr/2024:02:18:21 -0500] "GET /BLA/resoluciones/RESOLUCIONES%202010/0321.pdf HTTP/1.1" 200 98059
47.128.118.54 - - [26/Apr/2024:02:18:24 -0500] "GET /BLA/resoluciones/AUTOS%202021/0245.php?act=chmod&d=E%3A%5Cnuevo%5Chtdocs%5Ccumbreclima%5Cwp-includes%5Cjs&f=customize-views.js HTTP/1.1" 200 2903
52.70.240.171 - - [26/Apr/2024:02:18:25 -0500] "GET /BLA/resoluciones/RESOLUCIONES%202010/0320.pdf HTTP/1.1" 200 106848
3.224.220.101 - - [26/Apr/2024:02:18:30 -0500] "GET /BLA/resoluciones/RESOLUCIONES%202010/0319.pdf HTTP/1.1" 200 115594
23.22.35.162 - - [26/Apr/2024:02:18:33 -0500] "GET /BLA/resoluciones/RESOLUCIONES%202010/0318.pdf HTTP/1.1" 200 106332
23.22.35.162 - - [26/Apr/2024:02:18:36 -0500] "GET /BLA/resoluciones/RESOLUCIONES%202010/0317.pdf HTTP/1.1" 200 109606
52.70.240.171 - - [26/Apr/2024:02:18:40 -0500] "GET /BLA/resoluciones/RESOLUCIONES%202010/0316.pdf HTTP/1.1" 200 107017
52.70.240.171 - - [26/Apr/2024:02:18:45 -0500] "GET /BLA/resoluciones/RESOLUCIONES%202010/0315.pdf HTTP/1.1" 200 124156
3.224.220.101 - - [26/Apr/2024:02:18:49 -0500] "GET /BLA/resoluciones/RESOLUCIONES%202010/0314.pdf HTTP/1.1" 200 120238
47.128.121.119 - - [26/Apr/2024:02:18:49 -0500] "GET /BLA/resoluciones/AUTOS%202021/0245.php?act=f&d=E%3A%5Cnuevo%5Chtdocs%5Ccumbreclima%5Cwp-includes%5Cjs&f=wp-lists.min.js HTTP/1.1" 200 5556
47.128.121.119 - - [26/Apr/2024:02:18:50 -0500] "GET /BLA/resoluciones/AUTOS%202021/0245.php?act=img&img=ext_js HTTP/1.1" 200 131
47.128.121.119 - - [26/Apr/2024:02:18:50 -0500] "GET /BLA/resoluciones/AUTOS%202021/0245.php?act=img&img=ext_gif HTTP/1.1" 200 175
47.128.121.119 - - [26/Apr/2024:02:18:50 -0500] "GET /BLA/resoluciones/AUTOS%202021/0245.php?act=img&img=ext_exe HTTP/1.1" 200 118
47.128.121.119 - - [26/Apr/2024:02:18:50 -0500] "GET /BLA/resoluciones/AUTOS%202021/0245.php?act=img&img=ext_txt HTTP/1.1" 200 132
47.128.121.119 - - [26/Apr/2024:02:18:50 -0500] "GET /BLA/resoluciones/AUTOS%202021/0245.php?act=img&img=ext_diz HTTP/1.1" 200 1027
47.128.121.119 - - [26/Apr/2024:02:18:50 -0500] "GET /BLA/resoluciones/AUTOS%202021/0245.php?act=img&img=ext_html HTTP/1.1" 200 230
47.128.121.119 - - [26/Apr/2024:02:18:50 -0500] "GET /BLA/resoluciones/AUTOS%202021/0245.php?act=img&img=change HTTP/1.1" 200 290
47.128.121.119 - - [26/Apr/2024:02:18:51 -0500] "GET /BLA/resoluciones/AUTOS%202021/0245.php?act=img&img=download HTTP/1.1" 200 161
47.128.121.119 - - [26/Apr/2024:02:18:51 -0500] "GET /BLA/resoluciones/AUTOS%202021/0245.php?act=img&img=ext_rtf HTTP/1.1" 200 164
47.128.121.119 - - [26/Apr/2024:02:18:51 -0500] "GET /BLA/resoluciones/AUTOS%202021/0245.php?act=img&img=ext_ini HTTP/1.1" 200 134
23.22.35.162 - - [26/Apr/2024:02:18:52 -0500] "GET /BLA/resoluciones/RESOLUCIONES%202010/0313.pdf HTTP/1.1" 200 114886
3.224.220.101 - - [26/Apr/2024:02:18:57 -0500] "GET /BLA/resoluciones/RESOLUCIONES%202010/0312.pdf HTTP/1.1" 200 221471
3.224.220.101 - - [26/Apr/2024:02:19:01 -0500] "GET /BLA/resoluciones/RESOLUCIONES%202010/0311.pdf HTTP/1.1" 200 294953
23.22.35.162 - - [26/Apr/2024:02:19:05 -0500] "GET /BLA/resoluciones/RESOLUCIONES%202010/0310.pdf HTTP/1.1" 200 506213
3.224.220.101 - - [26/Apr/2024:02:19:09 -0500] "GET /BLA/resoluciones/RESOLUCIONES%202010/0309.pdf HTTP/1.1" 200 499335
20.168.254.64 - - [26/Apr/2024:02:19:12 -0500] "GET /BLA/resoluciones/RESOLUCIONES%202018/3202.pdf HTTP/1.1" 200 393082
47.128.22.219 - - [26/Apr/2024:02:19:13 -0500] "GET /BLA/resoluciones/AUTOS%202021/0245.php?act=chmod&d=E%3A%5Cnuevo%5Chtdocs%5CResiduos%5Clavanderias%5Cimages&f=page21_thumbnail.jpg HTTP/1.1" 200 2906
201.245.192.253 - - [26/Apr/2024:02:19:13 -0500] "POST /kwsrmcab/Wsrmcab HTTP/1.1" 200 40866
23.22.35.162 - - [26/Apr/2024:02:19:14 -0500] "GET /BLA/resoluciones/RESOLUCIONES%202010/0308.pdf HTTP/1.1" 200 643062
201.245.192.253 - - [26/Apr/2024:02:19:15 -0500] "POST /kwsrmcab/Wsrmcab  HTTP/1.1" 200 41015
3.224.220.101 - - [26/Apr/2024:02:19:17 -0500] "GET /BLA/resoluciones/RESOLUCIONES%202010/0307.pdf HTTP/1.1" 200 544341
3.224.220.101 - - [26/Apr/2024:02:19:22 -0500] "GET /BLA/resoluciones/RESOLUCIONES%202009/0854.pdf HTTP/1.1" 200 300635
3.224.220.101 - - [26/Apr/2024:02:19:25 -0500] "GET /BLA/resoluciones/RESOLUCIONES%202009/0853.pdf HTTP/1.1" 200 297902
52.70.240.171 - - [26/Apr/2024:02:19:29 -0500] "GET /BLA/resoluciones/RESOLUCIONES%202011/2361.pdf HTTP/1.1" 200 794940
3.224.220.101 - - [26/Apr/2024:02:19:33 -0500] "GET /BLA/resoluciones/RESOLUCIONES%202010/0153.pdf HTTP/1.1" 200 57162
52.70.240.171 - - [26/Apr/2024:02:19:37 -0500] "GET /BLA/resoluciones/RESOLUCIONES%202011/2360.pdf HTTP/1.1" 200 843536
3.224.220.101 - - [26/Apr/2024:02:19:41 -0500] "GET /BLA/resoluciones/RESOLUCIONES%202009/0852.pdf HTTP/1.1" 200 350107
23.22.35.162 - - [26/Apr/2024:02:19:45 -0500] "GET /BLA/resoluciones/RESOLUCIONES%202010/0152.pdf HTTP/1.1" 200 1161087
23.22.35.162 - - [26/Apr/2024:02:19:49 -0500] "GET /BLA/resoluciones/RESOLUCIONES%202009/0851.pdf HTTP/1.1" 200 369966
47.128.119.100 - - [26/Apr/2024:02:19:37 -0500] "GET /BLA/resoluciones/AUTOS%202021/0245.php?act=update&d=E%3A%5Cnuevo%5Chtdocs%5CResiduos%5Cmaderas%5Cimages%5C HTTP/1.1" 200 2691
52.70.240.171 - - [26/Apr/2024:02:19:53 -0500] "GET /BLA/resoluciones/RESOLUCIONES%202011/2355.pdf HTTP/1.1" 200 539400
3.224.220.101 - - [26/Apr/2024:02:19:58 -0500] "GET /BLA/resoluciones/RESOLUCIONES%202010/0151.pdf HTTP/1.1" 200 105824
3.224.220.101 - - [26/Apr/2024:02:20:01 -0500] "GET /BLA/resoluciones/RESOLUCIONES%202009/0850.pdf HTTP/1.1" 200 296714
47.128.54.173 - - [26/Apr/2024:02:20:02 -0500] "GET /BLA/resoluciones/AUTOS%202021/0245.php?act=img&img=ext_html HTTP/1.1" 200 230
47.128.54.173 - - [26/Apr/2024:02:20:02 -0500] "GET /BLA/resoluciones/AUTOS%202021/0245.php?act=img&img=ext_diz HTTP/1.1" 200 1027
47.128.54.173 - - [26/Apr/2024:02:20:02 -0500] "GET /BLA/resoluciones/AUTOS%202021/0245.php?act=img&img=ext_jpg HTTP/1.1" 200 175
47.128.54.173 - - [26/Apr/2024:02:20:02 -0500] "GET /BLA/resoluciones/AUTOS%202021/0245.php?act=img&img=ext_txt HTTP/1.1" 200 132
47.128.54.173 - - [26/Apr/2024:02:20:03 -0500] "GET /BLA/resoluciones/AUTOS%202021/0245.php?act=img&img=ext_exe HTTP/1.1" 200 118
47.128.54.173 - - [26/Apr/2024:02:20:03 -0500] "GET /BLA/resoluciones/AUTOS%202021/0245.php?act=img&img=ext_gif HTTP/1.1" 200 175
47.128.54.173 - - [26/Apr/2024:02:20:03 -0500] "GET /BLA/resoluciones/AUTOS%202021/0245.php?act=img&img=ext_ini HTTP/1.1" 200 134
47.128.54.173 - - [26/Apr/2024:02:20:03 -0500] "GET /BLA/resoluciones/AUTOS%202021/0245.php?act=img&img=ext_rtf HTTP/1.1" 200 164
47.128.54.173 - - [26/Apr/2024:02:20:03 -0500] "GET /BLA/resoluciones/AUTOS%202021/0245.php?act=img&img=download HTTP/1.1" 200 161
47.128.54.173 - - [26/Apr/2024:02:20:03 -0500] "GET /BLA/resoluciones/AUTOS%202021/0245.php?act=img&img=change HTTP/1.1" 200 290
47.128.54.173 - - [26/Apr/2024:02:20:01 -0500] "GET /BLA/resoluciones/AUTOS%202021/0245.php?act=f&d=E%3A%5Cnuevo%5Chtdocs%5CResiduos%5Cmetalmecanica%5Cimages%5C&f=page18_thumbnail.jpg&fullhexdump=1 HTTP/1.1" 200 16435
52.70.240.171 - - [26/Apr/2024:02:20:05 -0500] "GET /BLA/resoluciones/RESOLUCIONES%202011/2354.pdf HTTP/1.1" 200 537817
201.245.192.253 - - [26/Apr/2024:02:20:06 -0500] "POST /kwsrmcab/Wsrmcab HTTP/1.1" 200 36473
23.22.35.162 - - [26/Apr/2024:02:20:09 -0500] "GET /BLA/resoluciones/RESOLUCIONES%202010/0150.pdf HTTP/1.1" 200 552371
23.22.35.162 - - [26/Apr/2024:02:20:13 -0500] "GET /BLA/resoluciones/RESOLUCIONES%202009/0849.pdf HTTP/1.1" 200 295955
52.70.240.171 - - [26/Apr/2024:02:20:18 -0500] "GET /BLA/resoluciones/RESOLUCIONES%202010/0149.pdf HTTP/1.1" 200 552889
3.224.220.101 - - [26/Apr/2024:02:20:22 -0500] "GET /BLA/resoluciones/RESOLUCIONES%202011/2353.pdf HTTP/1.1" 200 523143
3.224.220.101 - - [26/Apr/2024:02:20:25 -0500] "GET /BLA/resoluciones/RESOLUCIONES%202009/0848.pdf HTTP/1.1" 200 292792
47.128.113.11 - - [26/Apr/2024:02:20:26 -0500] "GET /BLA/resoluciones/AUTOS%202021/0245.php?act=feedback&d=E%3A%5Cxampp%5Cxampp%5Chtdocs%5Cmanual_funciones%5C HTTP/1.1" 200 2924
3.224.220.101 - - [26/Apr/2024:02:20:29 -0500] "GET /BLA/resoluciones/RESOLUCIONES%202010/0148.pdf HTTP/1.1" 200 111976
23.22.35.162 - - [26/Apr/2024:02:20:33 -0500] "GET /BLA/resoluciones/RESOLUCIONES%202011/2352.pdf HTTP/1.1" 200 537734
52.70.240.171 - - [26/Apr/2024:02:20:37 -0500] "GET /BLA/resoluciones/RESOLUCIONES%202009/0847.pdf HTTP/1.1" 200 292377
23.22.35.162 - - [26/Apr/2024:02:20:41 -0500] "GET /BLA/resoluciones/RESOLUCIONES%202010/0147.pdf HTTP/1.1" 200 112892
23.22.35.162 - - [26/Apr/2024:02:20:45 -0500] "GET /BLA/resoluciones/RESOLUCIONES%202011/2349.pdf HTTP/1.1" 200 526083
47.128.57.230 - - [26/Apr/2024:02:20:50 -0500] "GET /BLA/resoluciones/AUTOS%202021/0245.php?act=chmod&d=E%3A%5Cxampp%5Cxampp%5Chtdocs%5CAnexos+estudio+Organizacional+SDA%5C HTTP/1.1" 200 2889
23.22.35.162 - - [26/Apr/2024:02:20:53 -0500] "GET /BLA/resoluciones/RESOLUCIONES%202010/0146.pdf HTTP/1.1" 200 382572
23.22.35.162 - - [26/Apr/2024:02:20:55 -0500] "GET /BLA/resoluciones/RESOLUCIONES%202009/0846.pdf HTTP/1.1" 200 312369
52.70.240.171 - - [26/Apr/2024:02:20:59 -0500] "GET /BLA/resoluciones/RESOLUCIONES%202009/0845.pdf HTTP/1.1" 200 311950
52.70.240.171 - - [26/Apr/2024:02:21:03 -0500] "GET /BLA/resoluciones/RESOLUCIONES%202011/2348.pdf HTTP/1.1" 200 528724
52.70.240.171 - - [26/Apr/2024:02:21:06 -0500] "GET /BLA/resoluciones/RESOLUCIONES%202010/0145.pdf HTTP/1.1" 200 53556
3.224.220.101 - - [26/Apr/2024:02:21:08 -0500] "GET /BLA/resoluciones/RESOLUCIONES%202009/0844.pdf HTTP/1.1" 200 320613
3.224.220.101 - - [26/Apr/2024:02:21:13 -0500] "GET /BLA/resoluciones/RESOLUCIONES%202011/2347.pdf HTTP/1.1" 200 531974
47.128.53.226 - - [26/Apr/2024:02:21:14 -0500] "GET /BLA/resoluciones/AUTOS%202021/0245.php?act=f&base64=3&d=E%3A%5Cnuevo%5Ctomcat%5Clib%5C&f=jasper-el.jar HTTP/1.1" 200 2977
47.128.53.226 - - [26/Apr/2024:02:21:15 -0500] "GET /BLA/resoluciones/AUTOS%202021/0245.php?act=img&img=download HTTP/1.1" 200 161
47.128.53.226 - - [26/Apr/2024:02:21:15 -0500] "GET /BLA/resoluciones/AUTOS%202021/0245.php?act=img&img=ext_html HTTP/1.1" 200 230
47.128.53.226 - - [26/Apr/2024:02:21:15 -0500] "GET /BLA/resoluciones/AUTOS%202021/0245.php?act=img&img=ext_diz HTTP/1.1" 200 1027
47.128.53.226 - - [26/Apr/2024:02:21:15 -0500] "GET /BLA/resoluciones/AUTOS%202021/0245.php?act=img&img=ext_gif HTTP/1.1" 200 175
47.128.53.226 - - [26/Apr/2024:02:21:15 -0500] "GET /BLA/resoluciones/AUTOS%202021/0245.php?act=img&img=ext_exe HTTP/1.1" 200 118
47.128.53.226 - - [26/Apr/2024:02:21:15 -0500] "GET /BLA/resoluciones/AUTOS%202021/0245.php?act=img&img=ext_txt HTTP/1.1" 200 132
47.128.53.226 - - [26/Apr/2024:02:21:16 -0500] "GET /BLA/resoluciones/AUTOS%202021/0245.php?act=img&img=ext_rtf HTTP/1.1" 200 164
47.128.53.226 - - [26/Apr/2024:02:21:16 -0500] "GET /BLA/resoluciones/AUTOS%202021/0245.php?act=img&img=ext_ini HTTP/1.1" 200 134
47.128.53.226 - - [26/Apr/2024:02:21:16 -0500] "GET /BLA/resoluciones/AUTOS%202021/0245.php?act=img&img=change HTTP/1.1" 200 290
47.128.53.226 - - [26/Apr/2024:02:21:16 -0500] "GET /BLA/resoluciones/AUTOS%202021/0245.php?act=img&img=ext_jar HTTP/1.1" 200 1034
3.224.220.101 - - [26/Apr/2024:02:21:17 -0500] "GET /BLA/resoluciones/RESOLUCIONES%202010/0144.pdf HTTP/1.1" 200 117994
52.70.240.171 - - [26/Apr/2024:02:21:20 -0500] "GET /BLA/resoluciones/RESOLUCIONES%202009/0843.pdf HTTP/1.1" 200 325006
3.224.220.101 - - [26/Apr/2024:02:21:25 -0500] "GET /BLA/resoluciones/RESOLUCIONES%202010/0143.pdf HTTP/1.1" 200 114662
3.224.220.101 - - [26/Apr/2024:02:21:28 -0500] "GET /BLA/resoluciones/RESOLUCIONES%202011/2346.pdf HTTP/1.1" 200 537135
3.224.220.101 - - [26/Apr/2024:02:21:33 -0500] "GET /BLA/resoluciones/RESOLUCIONES%202010/0142.pdf HTTP/1.1" 200 108804
52.70.240.171 - - [26/Apr/2024:02:21:37 -0500] "GET /BLA/resoluciones/RESOLUCIONES%202009/0842.pdf HTTP/1.1" 200 325047
47.128.22.117 - - [26/Apr/2024:02:21:39 -0500] "GET /BLA/resoluciones/AUTOS%202021/0245.php?act=chmod&d=E%3A%5Cnuevo%5Chtdocs%5Ccumbredelclima%5Cwp-includes%5Cjs%5Cjcrop%5C HTTP/1.1" 200 2902
3.224.220.101 - - [26/Apr/2024:02:21:41 -0500] "GET /BLA/resoluciones/RESOLUCIONES%202010/0141.pdf HTTP/1.1" 200 117461
52.70.240.171 - - [26/Apr/2024:02:21:45 -0500] "GET /BLA/resoluciones/RESOLUCIONES%202011/2345.pdf HTTP/1.1" 200 357825
52.70.240.171 - - [26/Apr/2024:02:21:50 -0500] "GET /BLA/resoluciones/RESOLUCIONES%202009/0841.pdf HTTP/1.1" 200 321523
23.22.35.162 - - [26/Apr/2024:02:21:53 -0500] "GET /BLA/resoluciones/RESOLUCIONES%202010/0140.pdf HTTP/1.1" 200 383186
52.70.240.171 - - [26/Apr/2024:02:21:57 -0500] "GET /BLA/resoluciones/RESOLUCIONES%202009/0840.pdf HTTP/1.1" 200 389907
23.22.35.162 - - [26/Apr/2024:02:22:00 -0500] "GET /BLA/resoluciones/RESOLUCIONES%202010/0139.pdf HTTP/1.1" 200 384224
114.119.158.113 - - [26/Apr/2024:02:22:04 -0500] "GET /galeria/galeria/fotos/4humedal-Burro4G.jpg HTTP/1.1" 200 98452
23.22.35.162 - - [26/Apr/2024:02:22:05 -0500] "GET /BLA/resoluciones/RESOLUCIONES%202009/0839.pdf HTTP/1.1" 200 386520
52.70.240.171 - - [26/Apr/2024:02:22:09 -0500] "GET /BLA/resoluciones/RESOLUCIONES%202009/0838.pdf HTTP/1.1" 200 234057
52.70.240.171 - - [26/Apr/2024:02:22:13 -0500] "GET /BLA/resoluciones/RESOLUCIONES%202010/0138.pdf HTTP/1.1" 200 384112
3.224.220.101 - - [26/Apr/2024:02:22:17 -0500] "GET /BLA/resoluciones/RESOLUCIONES%202009/0837.pdf HTTP/1.1" 200 179111
18.223.172.252 - - [26/Apr/2024:02:22:19 -0500] "GET /Residuos/impresion/files/guia_impresion-lit.pdf HTTP/1.1" 200 12573981
47.128.46.75 - - [26/Apr/2024:02:22:05 -0500] "GET /BLA/resoluciones/AUTOS%202021/0245.php?act=update&d=C%3A%5CAmbienteBogota%5Ccounter%5Cdigits%5Cflubber%5C HTTP/1.1" 200 2683
52.70.240.171 - - [26/Apr/2024:02:22:20 -0500] "GET /BLA/resoluciones/RESOLUCIONES%202010/0137.pdf HTTP/1.1" 200 387000
52.70.240.171 - - [26/Apr/2024:02:22:25 -0500] "GET /BLA/resoluciones/RESOLUCIONES%202010/0136.pdf HTTP/1.1" 200 389198
47.128.54.236 - - [26/Apr/2024:02:22:28 -0500] "GET /BLA/resoluciones/AUTOS%202021/0245.php?act=ls&d=E%3A%5Cnuevo%5Chtdocs%5CAutoliquidacion%5CSolicitudes+relacionadas+con+calidad+del+aire+auditiva+y+visual%5CEvaluaci%F3n+conceptos+favorabilidad+realizaci%F3n+Eventos%5C&sort=3a HTTP/1.1" 200 3562
52.70.240.171 - - [26/Apr/2024:02:22:29 -0500] "GET /BLA/resoluciones/RESOLUCIONES%202009/0836.pdf HTTP/1.1" 200 223128
47.128.54.236 - - [26/Apr/2024:02:22:29 -0500] "GET /BLA/resoluciones/AUTOS%202021/0245.php?act=img&img=ext_html HTTP/1.1" 200 230
47.128.54.236 - - [26/Apr/2024:02:22:29 -0500] "GET /BLA/resoluciones/AUTOS%202021/0245.php?act=img&img=arrow_ltr HTTP/1.1" 200 88
23.22.35.162 - - [26/Apr/2024:02:22:32 -0500] "GET /BLA/resoluciones/RESOLUCIONES%202010/0135.pdf HTTP/1.1" 200 384244
52.70.240.171 - - [26/Apr/2024:02:22:37 -0500] "GET /BLA/resoluciones/RESOLUCIONES%202010/0134.pdf HTTP/1.1" 200 369420
216.245.221.92 - - [26/Apr/2024:02:22:37 -0500] "HEAD / HTTP/1.1" 200 -
172.22.2.4 - - [26/Apr/2024:02:20:59 -0500] "HEAD /BLA/boletinlegal/ HTTP/1.1" 200 -
23.22.35.162 - - [26/Apr/2024:02:22:41 -0500] "GET /BLA/resoluciones/RESOLUCIONES%202010/0133.pdf HTTP/1.1" 200 384454
52.70.240.171 - - [26/Apr/2024:02:22:45 -0500] "GET /BLA/resoluciones/RESOLUCIONES%202010/0132.pdf HTTP/1.1" 200 383299
3.224.220.101 - - [26/Apr/2024:02:22:48 -0500] "GET /BLA/resoluciones/RESOLUCIONES%202010/0131.pdf HTTP/1.1" 200 384949
3.224.220.101 - - [26/Apr/2024:02:22:53 -0500] "GET /BLA/resoluciones/RESOLUCIONES%202011/2344.pdf HTTP/1.1" 200 244552
47.128.123.255 - - [26/Apr/2024:02:22:53 -0500] "GET /BLA/resoluciones/AUTOS%202021/0245.php?act=f&d=E%3A%5Cxampp%5Cxampp%5Chtdocs%5Cphpscripts&f=color1.php HTTP/1.1" 200 3265
47.128.123.255 - - [26/Apr/2024:02:22:53 -0500] "GET /BLA/resoluciones/AUTOS%202021/0245.php?act=img&img=ext_html HTTP/1.1" 200 230
47.128.123.255 - - [26/Apr/2024:02:22:54 -0500] "GET /BLA/resoluciones/AUTOS%202021/0245.php?act=img&img=ext_txt HTTP/1.1" 200 132
47.128.123.255 - - [26/Apr/2024:02:22:54 -0500] "GET /BLA/resoluciones/AUTOS%202021/0245.php?act=img&img=ext_php HTTP/1.1" 200 79
47.128.123.255 - - [26/Apr/2024:02:22:54 -0500] "GET /BLA/resoluciones/AUTOS%202021/0245.php?act=img&img=ext_exe HTTP/1.1" 200 118
47.128.123.255 - - [26/Apr/2024:02:22:54 -0500] "GET /BLA/resoluciones/AUTOS%202021/0245.php?act=img&img=ext_diz HTTP/1.1" 200 1027
47.128.123.255 - - [26/Apr/2024:02:22:54 -0500] "GET /BLA/resoluciones/AUTOS%202021/0245.php?act=img&img=ext_gif HTTP/1.1" 200 175
47.128.123.255 - - [26/Apr/2024:02:22:54 -0500] "GET /BLA/resoluciones/AUTOS%202021/0245.php?act=img&img=change HTTP/1.1" 200 290
47.128.123.255 - - [26/Apr/2024:02:22:54 -0500] "GET /BLA/resoluciones/AUTOS%202021/0245.php?act=img&img=ext_rtf HTTP/1.1" 200 164
47.128.123.255 - - [26/Apr/2024:02:22:54 -0500] "GET /BLA/resoluciones/AUTOS%202021/0245.php?act=img&img=download HTTP/1.1" 200 161
47.128.123.255 - - [26/Apr/2024:02:22:54 -0500] "GET /BLA/resoluciones/AUTOS%202021/0245.php?act=img&img=ext_ini HTTP/1.1" 200 134
23.22.35.162 - - [26/Apr/2024:02:22:57 -0500] "GET /BLA/resoluciones/RESOLUCIONES%202010/0130.pdf HTTP/1.1" 200 384384
3.224.220.101 - - [26/Apr/2024:02:23:02 -0500] "GET /BLA/resoluciones/RESOLUCIONES%202011/2343.pdf HTTP/1.1" 200 286586
52.70.240.171 - - [26/Apr/2024:02:23:05 -0500] "GET /BLA/resoluciones/RESOLUCIONES%202010/0129.pdf HTTP/1.1" 200 387278
23.22.35.162 - - [26/Apr/2024:02:23:09 -0500] "GET /BLA/resoluciones/RESOLUCIONES%202011/2342.pdf HTTP/1.1" 200 259928
23.22.35.162 - - [26/Apr/2024:02:23:12 -0500] "GET /BLA/resoluciones/RESOLUCIONES%202010/0128.pdf HTTP/1.1" 200 386612
52.70.240.171 - - [26/Apr/2024:02:23:18 -0500] "GET /BLA/resoluciones/RESOLUCIONES%202011/2341.pdf HTTP/1.1" 200 289640
47.128.54.99 - - [26/Apr/2024:02:23:19 -0500] "GET /BLA/resoluciones/AUTOS%202021/0245.php?act=chmod&d=E%3A%5Cnuevo%5Chtdocs%5CResiduos%5Clavanderias%5Cimages&f=page100_thumbnail.jpg HTTP/1.1" 200 2906
3.224.220.101 - - [26/Apr/2024:02:23:21 -0500] "GET /BLA/resoluciones/RESOLUCIONES%202009/0835.pdf HTTP/1.1" 200 263807
3.224.220.101 - - [26/Apr/2024:02:23:25 -0500] "GET /BLA/resoluciones/RESOLUCIONES%202010/0127.pdf HTTP/1.1" 200 384472
23.22.35.162 - - [26/Apr/2024:02:23:28 -0500] "GET /BLA/resoluciones/RESOLUCIONES%202011/2340.pdf HTTP/1.1" 200 302623
172.22.2.4 - - [26/Apr/2024:02:21:50 -0500] "GET /BLA/boletinlegal/ HTTP/1.1" 200 60380
23.22.35.162 - - [26/Apr/2024:02:23:33 -0500] "GET /BLA/resoluciones/RESOLUCIONES%202010/0126.pdf HTTP/1.1" 200 383498
3.224.220.101 - - [26/Apr/2024:02:23:36 -0500] "GET /BLA/resoluciones/RESOLUCIONES%202009/0834.pdf HTTP/1.1" 200 272063
47.128.54.43 - - [26/Apr/2024:02:23:41 -0500] "GET /BLA/resoluciones/AUTOS%202021/0245.php?act=f&d=E%3A%5Cnuevo%5Chtdocs%5Cbogotacumbredelclima%5Cwp-admin%5C&f=profile.php HTTP/1.1" 200 3322
23.22.35.162 - - [26/Apr/2024:02:23:41 -0500] "GET /BLA/resoluciones/RESOLUCIONES%202011/2339.pdf HTTP/1.1" 200 306129
47.128.54.43 - - [26/Apr/2024:02:23:41 -0500] "GET /BLA/resoluciones/AUTOS%202021/0245.php?act=img&img=ext_php HTTP/1.1" 200 79
47.128.54.43 - - [26/Apr/2024:02:23:42 -0500] "GET /BLA/resoluciones/AUTOS%202021/0245.php?act=img&img=ext_gif HTTP/1.1" 200 175
47.128.54.43 - - [26/Apr/2024:02:23:42 -0500] "GET /BLA/resoluciones/AUTOS%202021/0245.php?act=img&img=ext_html HTTP/1.1" 200 230
47.128.54.43 - - [26/Apr/2024:02:23:42 -0500] "GET /BLA/resoluciones/AUTOS%202021/0245.php?act=img&img=ext_txt HTTP/1.1" 200 132
47.128.54.43 - - [26/Apr/2024:02:23:42 -0500] "GET /BLA/resoluciones/AUTOS%202021/0245.php?act=img&img=ext_diz HTTP/1.1" 200 1027
47.128.54.43 - - [26/Apr/2024:02:23:42 -0500] "GET /BLA/resoluciones/AUTOS%202021/0245.php?act=img&img=ext_exe HTTP/1.1" 200 118
47.128.54.43 - - [26/Apr/2024:02:23:42 -0500] "GET /BLA/resoluciones/AUTOS%202021/0245.php?act=img&img=ext_rtf HTTP/1.1" 200 164
47.128.54.43 - - [26/Apr/2024:02:23:42 -0500] "GET /BLA/resoluciones/AUTOS%202021/0245.php?act=img&img=ext_ini HTTP/1.1" 200 134
47.128.54.43 - - [26/Apr/2024:02:23:42 -0500] "GET /BLA/resoluciones/AUTOS%202021/0245.php?act=img&img=download HTTP/1.1" 200 161
47.128.54.43 - - [26/Apr/2024:02:23:42 -0500] "GET /BLA/resoluciones/AUTOS%202021/0245.php?act=img&img=change HTTP/1.1" 200 290
52.70.240.171 - - [26/Apr/2024:02:23:45 -0500] "GET /BLA/resoluciones/RESOLUCIONES%202010/0125.pdf HTTP/1.1" 200 385478
3.224.220.101 - - [26/Apr/2024:02:23:49 -0500] "GET /BLA/resoluciones/RESOLUCIONES%202009/0833.pdf HTTP/1.1" 200 229517
191.156.61.246 - - [26/Apr/2024:02:23:54 -0500] "POST /sipse/faces/presentacion/financiero/solicitudProceso/consultarSolicitudProceso.xhtml HTTP/1.1" 200 41518
191.156.61.246 - - [26/Apr/2024:02:23:55 -0500] "GET /sipse/faces/javax.faces.resource/jquery/jquery.js?ln=primefaces&v=4.0 HTTP/1.1" 304 -
52.70.240.171 - - [26/Apr/2024:02:23:56 -0500] "GET /BLA/resoluciones/RESOLUCIONES%202011/2337.pdf HTTP/1.1" 200 293178
191.156.61.246 - - [26/Apr/2024:02:23:56 -0500] "GET /sipse/faces/javax.faces.resource/jquery/jquery-plugins.js?ln=primefaces&v=4.0 HTTP/1.1" 304 -
191.156.61.246 - - [26/Apr/2024:02:23:56 -0500] "GET /sipse/faces/javax.faces.resource/primefaces.js?ln=primefaces&v=4.0 HTTP/1.1" 304 -
3.224.220.101 - - [26/Apr/2024:02:23:57 -0500] "GET /BLA/resoluciones/RESOLUCIONES%202010/0124.pdf HTTP/1.1" 200 384864
191.156.61.246 - - [26/Apr/2024:02:23:57 -0500] "GET /sipse/faces/javax.faces.resource/layout/layout.js?ln=primefaces&v=4.0 HTTP/1.1" 304 -
191.156.61.246 - - [26/Apr/2024:02:23:57 -0500] "POST /sipse/faces/presentacion/financiero/solicitudProceso/consultar.xhtml HTTP/1.1" 200 34821
191.156.61.246 - - [26/Apr/2024:02:23:59 -0500] "POST /sipse/faces/presentacion/financiero/solicitudProceso/consultar.xhtml HTTP/1.1" 200 34821
191.156.61.246 - - [26/Apr/2024:02:23:59 -0500] "POST /sipse/faces/presentacion/financiero/solicitudProceso/consultar.xhtml HTTP/1.1" 200 34821
191.156.61.246 - - [26/Apr/2024:02:23:59 -0500] "POST /sipse/faces/presentacion/financiero/solicitudProceso/consultar.xhtml HTTP/1.1" 200 34821
23.22.35.162 - - [26/Apr/2024:02:24:00 -0500] "GET /BLA/resoluciones/RESOLUCIONES%202009/0832.pdf HTTP/1.1" 200 236284
47.128.54.249 - - [26/Apr/2024:02:24:04 -0500] "GET /BLA/resoluciones/AUTOS%202021/0245.php?act=f&base64=2&d=C%3A%5CAmbienteBogota%5Cauto%5C&f=form2.htm HTTP/1.1" 200 4309
3.224.220.101 - - [26/Apr/2024:02:24:05 -0500] "GET /BLA/resoluciones/RESOLUCIONES%202010/0123.pdf HTTP/1.1" 200 390492
47.128.54.249 - - [26/Apr/2024:02:24:05 -0500] "GET /BLA/resoluciones/AUTOS%202021/0245.php?act=img&img=ext_txt HTTP/1.1" 200 132
47.128.54.249 - - [26/Apr/2024:02:24:05 -0500] "GET /BLA/resoluciones/AUTOS%202021/0245.php?act=img&img=ext_gif HTTP/1.1" 200 175
47.128.54.249 - - [26/Apr/2024:02:24:05 -0500] "GET /BLA/resoluciones/AUTOS%202021/0245.php?act=img&img=ext_html HTTP/1.1" 200 230
191.156.61.246 - - [26/Apr/2024:02:24:04 -0500] "POST /sipse/faces/presentacion/financiero/solicitudProceso/consultar.xhtml HTTP/1.1" 200 12871
47.128.54.249 - - [26/Apr/2024:02:24:05 -0500] "GET /BLA/resoluciones/AUTOS%202021/0245.php?act=img&img=ext_exe HTTP/1.1" 200 118
47.128.54.249 - - [26/Apr/2024:02:24:05 -0500] "GET /BLA/resoluciones/AUTOS%202021/0245.php?act=img&img=ext_htm HTTP/1.1" 200 79
47.128.54.249 - - [26/Apr/2024:02:24:05 -0500] "GET /BLA/resoluciones/AUTOS%202021/0245.php?act=img&img=ext_diz HTTP/1.1" 200 1027
47.128.54.249 - - [26/Apr/2024:02:24:06 -0500] "GET /BLA/resoluciones/AUTOS%202021/0245.php?act=img&img=ext_rtf HTTP/1.1" 200 164
47.128.54.249 - - [26/Apr/2024:02:24:06 -0500] "GET /BLA/resoluciones/AUTOS%202021/0245.php?act=img&img=download HTTP/1.1" 200 161
47.128.54.249 - - [26/Apr/2024:02:24:06 -0500] "GET /BLA/resoluciones/AUTOS%202021/0245.php?act=img&img=change HTTP/1.1" 200 290
47.128.54.249 - - [26/Apr/2024:02:24:06 -0500] "GET /BLA/resoluciones/AUTOS%202021/0245.php?act=img&img=ext_ini HTTP/1.1" 200 134
23.22.35.162 - - [26/Apr/2024:02:24:09 -0500] "GET /BLA/resoluciones/RESOLUCIONES%202011/2336.pdf HTTP/1.1" 200 291773
191.156.61.246 - - [26/Apr/2024:02:24:07 -0500] "POST /sipse/faces/presentacion/financiero/solicitudProceso/consultar.xhtml HTTP/1.1" 200 152880
191.156.61.246 - - [26/Apr/2024:02:24:11 -0500] "GET /sipse/faces/javax.faces.resource/jquery/jquery.js?ln=primefaces&v=4.0 HTTP/1.1" 304 -
191.156.61.246 - - [26/Apr/2024:02:24:11 -0500] "GET /sipse/faces/javax.faces.resource/jquery/jquery-plugins.js?ln=primefaces&v=4.0 HTTP/1.1" 304 -
191.156.61.246 - - [26/Apr/2024:02:24:11 -0500] "GET /sipse/faces/javax.faces.resource/primefaces.js?ln=primefaces&v=4.0 HTTP/1.1" 304 -
191.156.61.246 - - [26/Apr/2024:02:24:11 -0500] "GET /sipse/faces/javax.faces.resource/layout/layout.js?ln=primefaces&v=4.0 HTTP/1.1" 304 -
52.70.240.171 - - [26/Apr/2024:02:24:14 -0500] "GET /BLA/resoluciones/RESOLUCIONES%202009/0831.pdf HTTP/1.1" 200 597596
201.245.192.253 - - [26/Apr/2024:02:24:15 -0500] "POST /kwsrmcab/Wsrmcab  HTTP/1.1" 200 41015
23.22.35.162 - - [26/Apr/2024:02:24:17 -0500] "GET /BLA/resoluciones/RESOLUCIONES%202010/0122.pdf HTTP/1.1" 200 383487
3.224.220.101 - - [26/Apr/2024:02:24:22 -0500] "GET /BLA/resoluciones/RESOLUCIONES%202011/2335.pdf HTTP/1.1" 200 246702
3.224.220.101 - - [26/Apr/2024:02:24:25 -0500] "GET /BLA/resoluciones/RESOLUCIONES%202009/0830.pdf HTTP/1.1" 200 251626
191.156.61.246 - - [26/Apr/2024:02:24:19 -0500] "POST /sipse/faces/presentacion/financiero/solicitudProceso/consultarSolicitudProceso.xhtml HTTP/1.1" 200 2116500
47.128.54.46 - - [26/Apr/2024:02:24:29 -0500] "GET /BLA/resoluciones/AUTOS%202021/0245.php?act=chmod&d=E%3A%5Cxampp%5Cxampp%5Chtdocs%5Cphpscripts%5Cmidama3_files&f=bogsin1yellow_sml.jpg HTTP/1.1" 200 2903
52.70.240.171 - - [26/Apr/2024:02:24:30 -0500] "GET /BLA/resoluciones/RESOLUCIONES%202010/0121.pdf HTTP/1.1" 200 384787
3.224.220.101 - - [26/Apr/2024:02:24:33 -0500] "GET /BLA/resoluciones/RESOLUCIONES%202011/2334.pdf HTTP/1.1" 200 294990
103.204.185.17 - - [26/Apr/2024:02:24:35 -0500] "GET /webui/file_guest?path=/var/www/documentation/../../../../../etc/passwd&flags=1152 HTTP/1.1" 404 1022
52.70.240.171 - - [26/Apr/2024:02:24:38 -0500] "GET /BLA/resoluciones/RESOLUCIONES%202010/0120.pdf HTTP/1.1" 200 383590
3.224.220.101 - - [26/Apr/2024:02:24:40 -0500] "GET /BLA/resoluciones/RESOLUCIONES%202011/2333.pdf HTTP/1.1" 200 222055
3.224.220.101 - - [26/Apr/2024:02:24:45 -0500] "GET /BLA/resoluciones/RESOLUCIONES%202010/0119.pdf HTTP/1.1" 200 382858
3.224.220.101 - - [26/Apr/2024:02:24:49 -0500] "GET /BLA/resoluciones/RESOLUCIONES%202009/0829.pdf HTTP/1.1" 200 223354
3.224.220.101 - - [26/Apr/2024:02:24:53 -0500] "GET /BLA/resoluciones/RESOLUCIONES%202010/0118.pdf HTTP/1.1" 200 385074
47.128.51.107 - - [26/Apr/2024:02:24:53 -0500] "GET /BLA/resoluciones/AUTOS%202021/0245.php?act=chmod&d=E%3A%5Cnuevo%5Chtdocs%5CResiduos%5Clavanderias%5Cimages&f=page66_thumbnail.jpg HTTP/1.1" 200 2906
3.224.220.101 - - [26/Apr/2024:02:24:56 -0500] "GET /BLA/resoluciones/RESOLUCIONES%202011/2332.pdf HTTP/1.1" 200 781748
3.224.220.101 - - [26/Apr/2024:02:25:01 -0500] "GET /BLA/resoluciones/RESOLUCIONES%202009/0828.pdf HTTP/1.1" 200 178812
103.204.185.17 - - [26/Apr/2024:02:25:03 -0500] "POST /filemanager/upload.php HTTP/1.1" 404 1034
3.224.220.101 - - [26/Apr/2024:02:25:05 -0500] "GET /BLA/resoluciones/RESOLUCIONES%202011/2331.pdf HTTP/1.1" 200 293235
52.70.240.171 - - [26/Apr/2024:02:25:09 -0500] "GET /BLA/resoluciones/RESOLUCIONES%202010/0117.pdf HTTP/1.1" 200 104788
3.224.220.101 - - [26/Apr/2024:02:25:14 -0500] "GET /BLA/resoluciones/RESOLUCIONES%202011/2330.pdf HTTP/1.1" 200 346030
3.224.220.101 - - [26/Apr/2024:02:25:18 -0500] "GET /BLA/resoluciones/RESOLUCIONES%202009/0827.pdf HTTP/1.1" 200 883070
173.252.107.5 - - [26/Apr/2024:02:25:18 -0500] "GET /images/Acuerdos%2001%20(1)%20(1).jpeg HTTP/1.1" 200 32884
47.128.59.168 - - [26/Apr/2024:02:25:19 -0500] "GET /BLA/resoluciones/AUTOS%202021/0245.php?act=f&d=E%3A%5Cxampp%5Cxampp%5CMercuryMail%5CMERCURY&f=alias.smp HTTP/1.1" 200 2994
47.128.59.168 - - [26/Apr/2024:02:25:20 -0500] "GET /BLA/resoluciones/AUTOS%202021/0245.php?act=img&img=ext_diz HTTP/1.1" 200 1027
47.128.59.168 - - [26/Apr/2024:02:25:20 -0500] "GET /BLA/resoluciones/AUTOS%202021/0245.php?act=img&img=ext_txt HTTP/1.1" 200 132
47.128.59.168 - - [26/Apr/2024:02:25:20 -0500] "GET /BLA/resoluciones/AUTOS%202021/0245.php?act=img&img=ext_html HTTP/1.1" 200 230
47.128.59.168 - - [26/Apr/2024:02:25:20 -0500] "GET /BLA/resoluciones/AUTOS%202021/0245.php?act=img&img=ext_exe HTTP/1.1" 200 118
47.128.59.168 - - [26/Apr/2024:02:25:20 -0500] "GET /BLA/resoluciones/AUTOS%202021/0245.php?act=img&img=ext_gif HTTP/1.1" 200 175
47.128.59.168 - - [26/Apr/2024:02:25:20 -0500] "GET /BLA/resoluciones/AUTOS%202021/0245.php?act=img&img=ext_smp HTTP/1.1" 200 1034
47.128.59.168 - - [26/Apr/2024:02:25:20 -0500] "GET /BLA/resoluciones/AUTOS%202021/0245.php?act=img&img=download HTTP/1.1" 200 161
47.128.59.168 - - [26/Apr/2024:02:25:20 -0500] "GET /BLA/resoluciones/AUTOS%202021/0245.php?act=img&img=change HTTP/1.1" 200 290
47.128.59.168 - - [26/Apr/2024:02:25:20 -0500] "GET /BLA/resoluciones/AUTOS%202021/0245.php?act=img&img=ext_rtf HTTP/1.1" 200 164
47.128.59.168 - - [26/Apr/2024:02:25:20 -0500] "GET /BLA/resoluciones/AUTOS%202021/0245.php?act=img&img=ext_ini HTTP/1.1" 200 134
52.70.240.171 - - [26/Apr/2024:02:25:21 -0500] "GET /BLA/resoluciones/RESOLUCIONES%202010/0116.pdf HTTP/1.1" 200 870708
3.224.220.101 - - [26/Apr/2024:02:25:25 -0500] "GET /BLA/resoluciones/RESOLUCIONES%202009/0826.pdf HTTP/1.1" 200 474809
23.22.35.162 - - [26/Apr/2024:02:25:29 -0500] "GET /BLA/resoluciones/RESOLUCIONES%202011/2321.pdf HTTP/1.1" 200 506293
3.224.220.101 - - [26/Apr/2024:02:25:33 -0500] "GET /BLA/resoluciones/RESOLUCIONES%202010/0115.pdf HTTP/1.1" 200 515212
23.22.35.162 - - [26/Apr/2024:02:25:37 -0500] "GET /BLA/resoluciones/RESOLUCIONES%202009/0825.pdf HTTP/1.1" 200 209242
3.224.220.101 - - [26/Apr/2024:02:25:41 -0500] "GET /BLA/resoluciones/RESOLUCIONES%202010/0114.pdf HTTP/1.1" 200 501501
47.128.57.206 - - [26/Apr/2024:02:25:44 -0500] "GET /BLA/resoluciones/AUTOS%202021/0245.php?act=chmod&d=C%3A%5CAmbienteBogota%5Cautoliquidacion%5Cdlf%5C HTTP/1.1" 200 2856
23.22.35.162 - - [26/Apr/2024:02:25:44 -0500] "GET /BLA/resoluciones/RESOLUCIONES%202011/2320.pdf HTTP/1.1" 200 679744
52.70.240.171 - - [26/Apr/2024:02:25:49 -0500] "GET /BLA/resoluciones/RESOLUCIONES%202009/0824.pdf HTTP/1.1" 200 237602
3.224.220.101 - - [26/Apr/2024:02:25:53 -0500] "GET /BLA/resoluciones/RESOLUCIONES%202010/0113.pdf HTTP/1.1" 200 492542
3.224.220.101 - - [26/Apr/2024:02:25:57 -0500] "GET /BLA/resoluciones/RESOLUCIONES%202011/2319.pdf HTTP/1.1" 200 269160
66.249.66.19 - - [26/Apr/2024:02:25:57 -0500] "GET /Publicaciones/2024EE66768.pdf HTTP/1.1" 404 227
3.224.220.101 - - [26/Apr/2024:02:26:01 -0500] "GET /BLA/resoluciones/RESOLUCIONES%202009/0823.pdf HTTP/1.1" 200 212739
52.70.240.171 - - [26/Apr/2024:02:26:04 -0500] "GET /BLA/resoluciones/RESOLUCIONES%202010/0112.pdf HTTP/1.1" 200 499391
47.128.60.14 - - [26/Apr/2024:02:26:06 -0500] "GET /BLA/resoluciones/AUTOS%202021/0245.php?act=f&base64=4&d=E%3A%5Cnuevo%5Chtdocs%5Ccumbredelclima%5Cwp-admin%5Cuser%5C&f=about.php HTTP/1.1" 200 3289
