3.224.220.101 - - [26/Apr/2024:02:39:32 -0500] "GET /BLA/resoluciones/RESOLUCIONES%202009/0754.pdf HTTP/1.1" 200 341699
191.156.49.40 - - [26/Apr/2024:02:39:36 -0500] "POST /sipse/faces/presentacion/financiero/solicitudProceso/consultarSolicitudProceso.xhtml HTTP/1.1" 200 41458
191.156.52.16 - - [26/Apr/2024:02:39:37 -0500] "GET /sipse/faces/javax.faces.resource/jquery/jquery.js?ln=primefaces&v=4.0 HTTP/1.1" 304 -
23.22.35.162 - - [26/Apr/2024:02:39:36 -0500] "GET /BLA/resoluciones/RESOLUCIONES%202011/2227.pdf HTTP/1.1" 200 634324
191.156.52.16 - - [26/Apr/2024:02:39:37 -0500] "GET /sipse/faces/javax.faces.resource/jquery/jquery-plugins.js?ln=primefaces&v=4.0 HTTP/1.1" 304 -
191.156.52.16 - - [26/Apr/2024:02:39:37 -0500] "GET /sipse/faces/javax.faces.resource/primefaces.js?ln=primefaces&v=4.0 HTTP/1.1" 304 -
191.156.52.16 - - [26/Apr/2024:02:39:37 -0500] "GET /sipse/faces/javax.faces.resource/layout/layout.js?ln=primefaces&v=4.0 HTTP/1.1" 304 -
191.156.52.16 - - [26/Apr/2024:02:39:37 -0500] "POST /sipse/faces/presentacion/financiero/solicitudProceso/consultar.xhtml HTTP/1.1" 200 34761
191.156.52.16 - - [26/Apr/2024:02:39:38 -0500] "POST /sipse/faces/presentacion/financiero/solicitudProceso/consultar.xhtml HTTP/1.1" 200 34761
191.156.52.16 - - [26/Apr/2024:02:39:38 -0500] "POST /sipse/faces/presentacion/financiero/solicitudProceso/consultar.xhtml HTTP/1.1" 200 34761
191.156.52.16 - - [26/Apr/2024:02:39:39 -0500] "POST /sipse/faces/presentacion/financiero/solicitudProceso/consultar.xhtml HTTP/1.1" 200 34761
191.156.52.16 - - [26/Apr/2024:02:39:40 -0500] "POST /sipse/faces/presentacion/financiero/solicitudProceso/consultar.xhtml HTTP/1.1" 200 34761
191.156.52.16 - - [26/Apr/2024:02:39:40 -0500] "POST /sipse/faces/presentacion/financiero/solicitudProceso/consultar.xhtml HTTP/1.1" 200 34761
191.156.52.16 - - [26/Apr/2024:02:39:41 -0500] "POST /sipse/faces/presentacion/financiero/solicitudProceso/consultar.xhtml HTTP/1.1" 200 34761
23.22.35.162 - - [26/Apr/2024:02:39:41 -0500] "GET /BLA/resoluciones/RESOLUCIONES%202009/0753.pdf HTTP/1.1" 200 608631
191.156.52.16 - - [26/Apr/2024:02:39:41 -0500] "POST /sipse/faces/presentacion/financiero/solicitudProceso/consultar.xhtml HTTP/1.1" 200 34761
191.156.49.40 - - [26/Apr/2024:02:39:44 -0500] "POST /sipse/faces/presentacion/financiero/solicitudProceso/consultar.xhtml HTTP/1.1" 200 12795
3.224.220.101 - - [26/Apr/2024:02:39:46 -0500] "GET /BLA/resoluciones/RESOLUCIONES%202011/2220.pdf HTTP/1.1" 200 548468
191.156.49.40 - - [26/Apr/2024:02:39:46 -0500] "POST /sipse/faces/presentacion/financiero/solicitudProceso/consultar.xhtml HTTP/1.1" 200 152824
191.156.52.16 - - [26/Apr/2024:02:39:48 -0500] "GET /sipse/faces/javax.faces.resource/jquery/jquery.js?ln=primefaces&v=4.0 HTTP/1.1" 304 -
191.156.52.16 - - [26/Apr/2024:02:39:48 -0500] "GET /sipse/faces/javax.faces.resource/jquery/jquery-plugins.js?ln=primefaces&v=4.0 HTTP/1.1" 304 -
191.156.52.16 - - [26/Apr/2024:02:39:48 -0500] "GET /sipse/faces/javax.faces.resource/primefaces.js?ln=primefaces&v=4.0 HTTP/1.1" 304 -
191.156.52.16 - - [26/Apr/2024:02:39:48 -0500] "GET /sipse/faces/javax.faces.resource/layout/layout.js?ln=primefaces&v=4.0 HTTP/1.1" 304 -
52.70.240.171 - - [26/Apr/2024:02:39:49 -0500] "GET /BLA/resoluciones/RESOLUCIONES%202009/0752.pdf HTTP/1.1" 200 579799
47.128.54.224 - - [26/Apr/2024:02:39:53 -0500] "GET /BLA/resoluciones/AUTOS%202021/0245.php?act=chmod&d=E%3A%5Cnuevo%5Chtdocs%5Ccalculadora%5Cvendor%5Cbootstrap%5Cjs%5C&f=popper.min.js HTTP/1.1" 200 2916
52.70.240.171 - - [26/Apr/2024:02:39:53 -0500] "GET /BLA/resoluciones/RESOLUCIONES%202011/2218.pdf HTTP/1.1" 200 462791
191.156.49.40 - - [26/Apr/2024:02:39:53 -0500] "POST /sipse/faces/presentacion/financiero/solicitudProceso/consultarSolicitudProceso.xhtml HTTP/1.1" 200 210685
3.224.220.101 - - [26/Apr/2024:02:40:00 -0500] "GET /BLA/resoluciones/RESOLUCIONES%202009/0751.pdf HTTP/1.1" 200 426532
3.224.220.101 - - [26/Apr/2024:02:40:03 -0500] "GET /BLA/resoluciones/RESOLUCIONES%202011/2213.pdf HTTP/1.1" 200 412652
201.245.192.253 - - [26/Apr/2024:02:40:04 -0500] "POST /kwsrmcab/Wsrmcab HTTP/1.1" 200 36473
3.224.220.101 - - [26/Apr/2024:02:40:05 -0500] "GET /BLA/resoluciones/RESOLUCIONES%202011/2212.pdf HTTP/1.1" 200 533540
191.156.49.40 - - [26/Apr/2024:02:39:59 -0500] "POST /sipse/faces/presentacion/financiero/solicitudProceso/consultarSolicitudProceso.xhtml HTTP/1.1" 200 2116500
172.22.2.4 - - [26/Apr/2024:02:38:29 -0500] "HEAD /BLA/boletinlegal/ HTTP/1.1" 200 -
52.70.240.171 - - [26/Apr/2024:02:40:10 -0500] "GET /BLA/resoluciones/RESOLUCIONES%202011/2211.pdf HTTP/1.1" 200 575910
23.22.35.162 - - [26/Apr/2024:02:40:13 -0500] "GET /BLA/resoluciones/RESOLUCIONES%202010/0041.pdf HTTP/1.1" 200 60636
23.22.35.162 - - [26/Apr/2024:02:40:16 -0500] "GET /BLA/resoluciones/RESOLUCIONES%202011/2210.pdf HTTP/1.1" 200 525399
47.128.54.194 - - [26/Apr/2024:02:40:17 -0500] "GET /BLA/resoluciones/AUTOS%202021/0245.php?act=upload&d=E%3A%5Cnuevo%5Chtdocs%5Csig%5CGesti%F3n+Ambiental%5Cdlf HTTP/1.1" 200 2846
23.22.35.162 - - [26/Apr/2024:02:40:21 -0500] "GET /BLA/resoluciones/RESOLUCIONES%202011/2209.pdf HTTP/1.1" 200 512159
23.22.35.162 - - [26/Apr/2024:02:40:25 -0500] "GET /BLA/resoluciones/RESOLUCIONES%202010/0040.pdf HTTP/1.1" 200 529126
3.224.220.101 - - [26/Apr/2024:02:40:28 -0500] "GET /BLA/resoluciones/RESOLUCIONES%202011/2208.pdf HTTP/1.1" 200 478131
23.22.35.162 - - [26/Apr/2024:02:40:32 -0500] "GET /BLA/resoluciones/RESOLUCIONES%202010/0039.pdf HTTP/1.1" 200 542192
23.22.35.162 - - [26/Apr/2024:02:40:37 -0500] "GET /BLA/resoluciones/RESOLUCIONES%202011/2207.pdf HTTP/1.1" 200 510507
23.22.35.162 - - [26/Apr/2024:02:40:42 -0500] "GET /BLA/resoluciones/RESOLUCIONES%202010/0038.pdf HTTP/1.1" 200 40010
47.128.117.8 - - [26/Apr/2024:02:40:43 -0500] "GET /BLA/resoluciones/AUTOS%202021/0245.php?act=upload&d=E%3A%5Cnuevo%5CphpMyAdmin2%5Clocale%5Cbg HTTP/1.1" 200 2844
52.70.240.171 - - [26/Apr/2024:02:40:45 -0500] "GET /BLA/resoluciones/RESOLUCIONES%202011/2206.pdf HTTP/1.1" 200 752082
3.224.220.101 - - [26/Apr/2024:02:40:49 -0500] "GET /BLA/resoluciones/RESOLUCIONES%202010/0037.pdf HTTP/1.1" 200 58808
3.224.220.101 - - [26/Apr/2024:02:40:53 -0500] "GET /BLA/resoluciones/RESOLUCIONES%202011/2205.pdf HTTP/1.1" 200 509975
3.224.220.101 - - [26/Apr/2024:02:40:58 -0500] "GET /BLA/resoluciones/RESOLUCIONES%202010/0036.pdf HTTP/1.1" 200 147744
172.22.2.4 - - [26/Apr/2024:02:39:20 -0500] "GET /BLA/boletinlegal/ HTTP/1.1" 200 60380
52.70.240.171 - - [26/Apr/2024:02:41:00 -0500] "GET /BLA/resoluciones/RESOLUCIONES%202009/0750.pdf HTTP/1.1" 200 177133
52.70.240.171 - - [26/Apr/2024:02:41:05 -0500] "GET /BLA/resoluciones/RESOLUCIONES%202010/0035.pdf HTTP/1.1" 200 467718
47.128.44.155 - - [26/Apr/2024:02:41:07 -0500] "GET /BLA/resoluciones/AUTOS%202021/0245.php?act=f&d=E%3A%5Cnuevo%5Chtdocs%5CResiduos%5Cmetalmecanica%5Cimages%5C&f=page13_thumbnail.jpg&fullhexdump=1 HTTP/1.1" 200 16435
47.128.44.155 - - [26/Apr/2024:02:41:08 -0500] "GET /BLA/resoluciones/AUTOS%202021/0245.php?act=img&img=ext_html HTTP/1.1" 200 230
47.128.44.155 - - [26/Apr/2024:02:41:08 -0500] "GET /BLA/resoluciones/AUTOS%202021/0245.php?act=img&img=ext_txt HTTP/1.1" 200 132
47.128.44.155 - - [26/Apr/2024:02:41:08 -0500] "GET /BLA/resoluciones/AUTOS%202021/0245.php?act=img&img=ext_diz HTTP/1.1" 200 1027
47.128.44.155 - - [26/Apr/2024:02:41:08 -0500] "GET /BLA/resoluciones/AUTOS%202021/0245.php?act=img&img=ext_jpg HTTP/1.1" 200 175
47.128.44.155 - - [26/Apr/2024:02:41:09 -0500] "GET /BLA/resoluciones/AUTOS%202021/0245.php?act=img&img=ext_gif HTTP/1.1" 200 175
47.128.44.155 - - [26/Apr/2024:02:41:09 -0500] "GET /BLA/resoluciones/AUTOS%202021/0245.php?act=img&img=ext_exe HTTP/1.1" 200 118
47.128.44.155 - - [26/Apr/2024:02:41:09 -0500] "GET /BLA/resoluciones/AUTOS%202021/0245.php?act=img&img=change HTTP/1.1" 200 290
47.128.44.155 - - [26/Apr/2024:02:41:09 -0500] "GET /BLA/resoluciones/AUTOS%202021/0245.php?act=img&img=ext_ini HTTP/1.1" 200 134
47.128.44.155 - - [26/Apr/2024:02:41:09 -0500] "GET /BLA/resoluciones/AUTOS%202021/0245.php?act=img&img=download HTTP/1.1" 200 161
47.128.44.155 - - [26/Apr/2024:02:41:09 -0500] "GET /BLA/resoluciones/AUTOS%202021/0245.php?act=img&img=ext_rtf HTTP/1.1" 200 164
52.70.240.171 - - [26/Apr/2024:02:41:09 -0500] "GET /BLA/resoluciones/RESOLUCIONES%202011/2204.pdf HTTP/1.1" 200 509777
23.22.35.162 - - [26/Apr/2024:02:41:12 -0500] "GET /BLA/resoluciones/RESOLUCIONES%202011/2203.pdf HTTP/1.1" 200 511015
52.70.240.171 - - [26/Apr/2024:02:41:17 -0500] "GET /BLA/resoluciones/RESOLUCIONES%202010/0034.pdf HTTP/1.1" 200 431229
3.224.220.101 - - [26/Apr/2024:02:41:20 -0500] "GET /BLA/resoluciones/RESOLUCIONES%202009/0749.pdf HTTP/1.1" 200 172846
52.70.240.171 - - [26/Apr/2024:02:41:26 -0500] "GET /BLA/resoluciones/RESOLUCIONES%202011/2202.pdf HTTP/1.1" 200 509961
47.128.44.133 - - [26/Apr/2024:02:41:30 -0500] "GET /BLA/resoluciones/AUTOS%202021/0245.php?act=f&d=E%3A%5Cxampp%5Cxampp%5Chtdocs%5Cphpscripts&f=coloro3.php HTTP/1.1" 200 3373
52.70.240.171 - - [26/Apr/2024:02:41:30 -0500] "GET /BLA/resoluciones/RESOLUCIONES%202010/0033.pdf HTTP/1.1" 200 454984
47.128.44.133 - - [26/Apr/2024:02:41:31 -0500] "GET /BLA/resoluciones/AUTOS%202021/0245.php?act=img&img=ext_gif HTTP/1.1" 200 175
47.128.44.133 - - [26/Apr/2024:02:41:31 -0500] "GET /BLA/resoluciones/AUTOS%202021/0245.php?act=img&img=ext_diz HTTP/1.1" 200 1027
47.128.44.133 - - [26/Apr/2024:02:41:31 -0500] "GET /BLA/resoluciones/AUTOS%202021/0245.php?act=img&img=ext_exe HTTP/1.1" 200 118
47.128.44.133 - - [26/Apr/2024:02:41:31 -0500] "GET /BLA/resoluciones/AUTOS%202021/0245.php?act=img&img=ext_php HTTP/1.1" 200 79
47.128.44.133 - - [26/Apr/2024:02:41:31 -0500] "GET /BLA/resoluciones/AUTOS%202021/0245.php?act=img&img=ext_html HTTP/1.1" 200 230
47.128.44.133 - - [26/Apr/2024:02:41:31 -0500] "GET /BLA/resoluciones/AUTOS%202021/0245.php?act=img&img=ext_txt HTTP/1.1" 200 132
47.128.44.133 - - [26/Apr/2024:02:41:31 -0500] "GET /BLA/resoluciones/AUTOS%202021/0245.php?act=img&img=change HTTP/1.1" 200 290
47.128.44.133 - - [26/Apr/2024:02:41:31 -0500] "GET /BLA/resoluciones/AUTOS%202021/0245.php?act=img&img=ext_rtf HTTP/1.1" 200 164
47.128.44.133 - - [26/Apr/2024:02:41:31 -0500] "GET /BLA/resoluciones/AUTOS%202021/0245.php?act=img&img=download HTTP/1.1" 200 161
47.128.44.133 - - [26/Apr/2024:02:41:31 -0500] "GET /BLA/resoluciones/AUTOS%202021/0245.php?act=img&img=ext_ini HTTP/1.1" 200 134
3.224.220.101 - - [26/Apr/2024:02:41:32 -0500] "GET /BLA/resoluciones/RESOLUCIONES%202009/0748.pdf HTTP/1.1" 200 233606
23.22.35.162 - - [26/Apr/2024:02:41:37 -0500] "GET /BLA/resoluciones/RESOLUCIONES%202010/0032.pdf HTTP/1.1" 200 426429
52.70.240.171 - - [26/Apr/2024:02:41:41 -0500] "GET /BLA/resoluciones/RESOLUCIONES%202011/2201.pdf HTTP/1.1" 200 512465
23.22.35.162 - - [26/Apr/2024:02:41:45 -0500] "GET /BLA/resoluciones/RESOLUCIONES%202009/0747.pdf HTTP/1.1" 200 174681
52.70.240.171 - - [26/Apr/2024:02:41:49 -0500] "GET /BLA/resoluciones/RESOLUCIONES%202011/2200.pdf HTTP/1.1" 200 510589
23.22.35.162 - - [26/Apr/2024:02:41:52 -0500] "GET /BLA/resoluciones/RESOLUCIONES%202009/0746.pdf HTTP/1.1" 200 445052
23.22.35.162 - - [26/Apr/2024:02:41:57 -0500] "GET /BLA/resoluciones/RESOLUCIONES%202010/0031.pdf HTTP/1.1" 200 473636
52.70.240.171 - - [26/Apr/2024:02:42:02 -0500] "GET /BLA/resoluciones/RESOLUCIONES%202010/0030.pdf HTTP/1.1" 200 492991
52.70.240.171 - - [26/Apr/2024:02:42:05 -0500] "GET /BLA/resoluciones/RESOLUCIONES%202011/2199.pdf HTTP/1.1" 200 508729
23.22.35.162 - - [26/Apr/2024:02:42:09 -0500] "GET /BLA/resoluciones/RESOLUCIONES%202009/0745.pdf HTTP/1.1" 200 262686
3.224.220.101 - - [26/Apr/2024:02:42:13 -0500] "GET /BLA/resoluciones/RESOLUCIONES%202009/0744.pdf HTTP/1.1" 200 261525
3.224.220.101 - - [26/Apr/2024:02:42:17 -0500] "GET /BLA/resoluciones/RESOLUCIONES%202010/0029.pdf HTTP/1.1" 200 394508
47.128.61.44 - - [26/Apr/2024:02:42:19 -0500] "GET /BLA/resoluciones/AUTOS%202021/0245.php?act=chmod&d=E%3A%5Cnuevo%5Chtdocs%5CResiduos%5Clavanderias%5Cimages&f=page91_thumbnail.jpg HTTP/1.1" 200 2906
47.128.62.103 - - [26/Apr/2024:02:42:19 -0500] "GET /BLA/resoluciones/AUTOS%202021/0245.php?act=chmod&d=E%3A%5Cnuevo%5Chtdocs%5CResiduos%5Clavanderias%5Cimages&f=page62_thumbnail.jpg HTTP/1.1" 200 2906
23.22.35.162 - - [26/Apr/2024:02:42:21 -0500] "GET /BLA/resoluciones/RESOLUCIONES%202011/2198.pdf HTTP/1.1" 200 509455
23.22.35.162 - - [26/Apr/2024:02:42:24 -0500] "GET /BLA/resoluciones/RESOLUCIONES%202010/0028.pdf HTTP/1.1" 200 400510
3.224.220.101 - - [26/Apr/2024:02:42:29 -0500] "GET /BLA/resoluciones/RESOLUCIONES%202009/0743.pdf HTTP/1.1" 200 43291
3.224.220.101 - - [26/Apr/2024:02:42:32 -0500] "GET /BLA/resoluciones/RESOLUCIONES%202011/2197.pdf HTTP/1.1" 200 474305
216.245.221.92 - - [26/Apr/2024:02:42:37 -0500] "HEAD / HTTP/1.1" 200 -
3.224.220.101 - - [26/Apr/2024:02:42:38 -0500] "GET /BLA/resoluciones/RESOLUCIONES%202010/0027.pdf HTTP/1.1" 200 412723
3.224.220.101 - - [26/Apr/2024:02:42:40 -0500] "GET /BLA/resoluciones/RESOLUCIONES%202011/2192.pdf HTTP/1.1" 200 512085
47.128.56.176 - - [26/Apr/2024:02:42:44 -0500] "GET /BLA/resoluciones/AUTOS%202021/0245.php?act=f&d=E%3A%5Cnuevo%5Chtdocs%5CResiduos%5Cmetalmecanica%5Cimages%5C&f=page67_thumbnail.jpg&imgsize=100 HTTP/1.1" 200 16436
47.128.56.176 - - [26/Apr/2024:02:42:45 -0500] "GET /BLA/resoluciones/AUTOS%202021/0245.php?act=img&img=ext_html HTTP/1.1" 200 230
47.128.56.176 - - [26/Apr/2024:02:42:45 -0500] "GET /BLA/resoluciones/AUTOS%202021/0245.php?act=img&img=ext_diz HTTP/1.1" 200 1027
47.128.56.176 - - [26/Apr/2024:02:42:45 -0500] "GET /BLA/resoluciones/AUTOS%202021/0245.php?act=img&img=ext_jpg HTTP/1.1" 200 175
47.128.56.176 - - [26/Apr/2024:02:42:45 -0500] "GET /BLA/resoluciones/AUTOS%202021/0245.php?act=img&img=ext_txt HTTP/1.1" 200 132
47.128.56.176 - - [26/Apr/2024:02:42:45 -0500] "GET /BLA/resoluciones/AUTOS%202021/0245.php?act=img&img=ext_gif HTTP/1.1" 200 175
47.128.56.176 - - [26/Apr/2024:02:42:45 -0500] "GET /BLA/resoluciones/AUTOS%202021/0245.php?act=img&img=ext_exe HTTP/1.1" 200 118
47.128.56.176 - - [26/Apr/2024:02:42:45 -0500] "GET /BLA/resoluciones/AUTOS%202021/0245.php?act=img&img=ext_rtf HTTP/1.1" 200 164
47.128.56.176 - - [26/Apr/2024:02:42:45 -0500] "GET /BLA/resoluciones/AUTOS%202021/0245.php?act=img&img=change HTTP/1.1" 200 290
47.128.56.176 - - [26/Apr/2024:02:42:45 -0500] "GET /BLA/resoluciones/AUTOS%202021/0245.php?act=img&img=download HTTP/1.1" 200 161
47.128.56.176 - - [26/Apr/2024:02:42:45 -0500] "GET /BLA/resoluciones/AUTOS%202021/0245.php?act=img&img=ext_ini HTTP/1.1" 200 134
52.70.240.171 - - [26/Apr/2024:02:42:46 -0500] "GET /BLA/resoluciones/RESOLUCIONES%202009/0742.pdf HTTP/1.1" 200 295173
20.169.140.18 - - [26/Apr/2024:02:42:46 -0500] "GET /BLA/resoluciones/RESOLUCIONES%202022/3005.pdf HTTP/1.1" 200 461312
52.70.240.171 - - [26/Apr/2024:02:42:49 -0500] "GET /BLA/resoluciones/RESOLUCIONES%202011/2191.pdf HTTP/1.1" 200 520142
23.22.35.162 - - [26/Apr/2024:02:42:53 -0500] "GET /BLA/resoluciones/RESOLUCIONES%202010/0026.pdf HTTP/1.1" 200 416858
23.22.35.162 - - [26/Apr/2024:02:42:56 -0500] "GET /BLA/resoluciones/RESOLUCIONES%202009/0741.pdf HTTP/1.1" 200 326996
3.224.220.101 - - [26/Apr/2024:02:43:01 -0500] "GET /BLA/resoluciones/RESOLUCIONES%202010/0025.pdf HTTP/1.1" 200 410648
52.70.240.171 - - [26/Apr/2024:02:43:05 -0500] "GET /BLA/resoluciones/RESOLUCIONES%202009/0740.pdf HTTP/1.1" 200 42422
47.128.21.77 - - [26/Apr/2024:02:43:08 -0500] "GET /BLA/resoluciones/AUTOS%202021/0245.php?act=f&base64=4&d=E%3A%5Cnuevo%5Ctomcat%5Cbin%5C&f=configtest.sh HTTP/1.1" 200 3951
52.70.240.171 - - [26/Apr/2024:02:43:09 -0500] "GET /BLA/resoluciones/RESOLUCIONES%202011/2190.pdf HTTP/1.1" 200 511767
47.128.21.77 - - [26/Apr/2024:02:43:09 -0500] "GET /BLA/resoluciones/AUTOS%202021/0245.php?act=img&img=ext_diz HTTP/1.1" 200 1027
47.128.21.77 - - [26/Apr/2024:02:43:10 -0500] "GET /BLA/resoluciones/AUTOS%202021/0245.php?act=img&img=ext_exe HTTP/1.1" 200 118
47.128.21.77 - - [26/Apr/2024:02:43:10 -0500] "GET /BLA/resoluciones/AUTOS%202021/0245.php?act=img&img=ext_html HTTP/1.1" 200 230
47.128.21.77 - - [26/Apr/2024:02:43:10 -0500] "GET /BLA/resoluciones/AUTOS%202021/0245.php?act=img&img=ext_txt HTTP/1.1" 200 132
47.128.21.77 - - [26/Apr/2024:02:43:10 -0500] "GET /BLA/resoluciones/AUTOS%202021/0245.php?act=img&img=ext_gif HTTP/1.1" 200 175
47.128.21.77 - - [26/Apr/2024:02:43:10 -0500] "GET /BLA/resoluciones/AUTOS%202021/0245.php?act=img&img=ext_sh HTTP/1.1" 200 1034
47.128.21.77 - - [26/Apr/2024:02:43:10 -0500] "GET /BLA/resoluciones/AUTOS%202021/0245.php?act=img&img=ext_rtf HTTP/1.1" 200 164
47.128.21.77 - - [26/Apr/2024:02:43:10 -0500] "GET /BLA/resoluciones/AUTOS%202021/0245.php?act=img&img=download HTTP/1.1" 200 161
47.128.21.77 - - [26/Apr/2024:02:43:10 -0500] "GET /BLA/resoluciones/AUTOS%202021/0245.php?act=img&img=ext_ini HTTP/1.1" 200 134
47.128.21.77 - - [26/Apr/2024:02:43:10 -0500] "GET /BLA/resoluciones/AUTOS%202021/0245.php?act=img&img=change HTTP/1.1" 200 290
52.70.240.171 - - [26/Apr/2024:02:43:14 -0500] "GET /BLA/resoluciones/RESOLUCIONES%202010/0024.pdf HTTP/1.1" 200 380446
23.22.35.162 - - [26/Apr/2024:02:43:17 -0500] "GET /BLA/resoluciones/RESOLUCIONES%202009/0739.pdf HTTP/1.1" 200 235879
23.22.35.162 - - [26/Apr/2024:02:43:20 -0500] "GET /BLA/resoluciones/RESOLUCIONES%202011/2189.pdf HTTP/1.1" 200 510219
52.70.240.171 - - [26/Apr/2024:02:43:25 -0500] "GET /BLA/resoluciones/RESOLUCIONES%202009/0738.pdf HTTP/1.1" 200 399451
3.224.220.101 - - [26/Apr/2024:02:43:29 -0500] "GET /BLA/resoluciones/RESOLUCIONES%202010/0023.pdf HTTP/1.1" 200 391789
47.128.43.26 - - [26/Apr/2024:02:43:31 -0500] "GET /BLA/resoluciones/AUTOS%202021/0245.php?act=feedback&d=E%3A%5Cnuevo%5Chtdocs%5Ccumbreclima%5Cwp-admin%5Cjs%5C HTTP/1.1" 200 2947
18.216.121.55 - - [26/Apr/2024:02:43:33 -0500] "GET /robots.txt HTTP/1.1" 404 1049
23.22.35.162 - - [26/Apr/2024:02:43:33 -0500] "GET /BLA/resoluciones/RESOLUCIONES%202011/2188.pdf HTTP/1.1" 200 759697
18.216.121.55 - - [26/Apr/2024:02:43:33 -0500] "GET /BLA/boletinlegal/actas/079-2013.pdf HTTP/1.1" 200 1500109
3.224.220.101 - - [26/Apr/2024:02:43:36 -0500] "GET /BLA/resoluciones/RESOLUCIONES%202009/0737.pdf HTTP/1.1" 200 254155
3.224.220.101 - - [26/Apr/2024:02:43:41 -0500] "GET /BLA/resoluciones/RESOLUCIONES%202010/0022.pdf HTTP/1.1" 200 419979
23.22.35.162 - - [26/Apr/2024:02:43:47 -0500] "GET /BLA/resoluciones/RESOLUCIONES%202009/0736.pdf HTTP/1.1" 200 444465
23.22.35.162 - - [26/Apr/2024:02:43:49 -0500] "GET /BLA/resoluciones/RESOLUCIONES%202010/0021.pdf HTTP/1.1" 200 421811
52.70.240.171 - - [26/Apr/2024:02:43:53 -0500] "GET /BLA/resoluciones/RESOLUCIONES%202011/2187.pdf HTTP/1.1" 200 755751
40.77.167.14 - - [26/Apr/2024:02:43:54 -0500] "GET /BLA/resoluciones/index.php?dir=RESOLUCIONES+2021%2F HTTP/1.1" 200 446315
23.22.35.162 - - [26/Apr/2024:02:43:57 -0500] "GET /BLA/resoluciones/RESOLUCIONES%202009/0735.pdf HTTP/1.1" 200 429435
47.128.37.97 - - [26/Apr/2024:02:43:57 -0500] "GET /BLA/resoluciones/AUTOS%202021/0245.php?act=img&img=ext_txt HTTP/1.1" 200 132
47.128.37.97 - - [26/Apr/2024:02:43:57 -0500] "GET /BLA/resoluciones/AUTOS%202021/0245.php?act=img&img=ext_png HTTP/1.1" 200 175
47.128.37.97 - - [26/Apr/2024:02:43:57 -0500] "GET /BLA/resoluciones/AUTOS%202021/0245.php?act=img&img=ext_diz HTTP/1.1" 200 1027
47.128.37.97 - - [26/Apr/2024:02:43:57 -0500] "GET /BLA/resoluciones/AUTOS%202021/0245.php?act=img&img=ext_html HTTP/1.1" 200 230
47.128.37.97 - - [26/Apr/2024:02:43:57 -0500] "GET /BLA/resoluciones/AUTOS%202021/0245.php?act=img&img=download HTTP/1.1" 200 161
47.128.37.97 - - [26/Apr/2024:02:43:57 -0500] "GET /BLA/resoluciones/AUTOS%202021/0245.php?act=img&img=ext_gif HTTP/1.1" 200 175
47.128.37.97 - - [26/Apr/2024:02:43:57 -0500] "GET /BLA/resoluciones/AUTOS%202021/0245.php?act=img&img=ext_exe HTTP/1.1" 200 118
47.128.37.97 - - [26/Apr/2024:02:43:57 -0500] "GET /BLA/resoluciones/AUTOS%202021/0245.php?act=img&img=ext_ini HTTP/1.1" 200 134
47.128.37.97 - - [26/Apr/2024:02:43:58 -0500] "GET /BLA/resoluciones/AUTOS%202021/0245.php?act=img&img=ext_rtf HTTP/1.1" 200 164
47.128.37.97 - - [26/Apr/2024:02:43:58 -0500] "GET /BLA/resoluciones/AUTOS%202021/0245.php?act=img&img=change HTTP/1.1" 200 290
47.128.37.97 - - [26/Apr/2024:02:43:56 -0500] "GET /BLA/resoluciones/AUTOS%202021/0245.php?act=f&d=C%3A%5CAmbienteBogota%5Ccounter%5Cdigits%5Cbluesky&f=8.png HTTP/1.1" 200 15568
23.22.35.162 - - [26/Apr/2024:02:44:00 -0500] "GET /BLA/resoluciones/RESOLUCIONES%202011/2186.pdf HTTP/1.1" 200 511655
52.70.240.171 - - [26/Apr/2024:02:44:05 -0500] "GET /BLA/resoluciones/RESOLUCIONES%202009/0734.pdf HTTP/1.1" 200 14990
52.70.240.171 - - [26/Apr/2024:02:44:09 -0500] "GET /BLA/resoluciones/RESOLUCIONES%202011/2185.pdf HTTP/1.1" 200 511455
52.70.240.171 - - [26/Apr/2024:02:44:15 -0500] "GET /BLA/resoluciones/RESOLUCIONES%202009/0733.pdf HTTP/1.1" 200 358208
23.22.35.162 - - [26/Apr/2024:02:44:17 -0500] "GET /BLA/resoluciones/RESOLUCIONES%202011/2178.pdf HTTP/1.1" 200 494840
3.224.220.101 - - [26/Apr/2024:02:44:20 -0500] "GET /BLA/resoluciones/RESOLUCIONES%202009/0732.pdf HTTP/1.1" 200 292249
47.128.122.61 - - [26/Apr/2024:02:44:20 -0500] "GET /BLA/resoluciones/AUTOS%202021/0245.php?act=f&d=C%3A%5CAmbienteBogota%5Ccounter%5Cdigits%5Cneuland&f=1.png HTTP/1.1" 200 15564
47.128.122.61 - - [26/Apr/2024:02:44:22 -0500] "GET /BLA/resoluciones/AUTOS%202021/0245.php?act=img&img=ext_diz HTTP/1.1" 200 1027
47.128.122.61 - - [26/Apr/2024:02:44:22 -0500] "GET /BLA/resoluciones/AUTOS%202021/0245.php?act=img&img=ext_html HTTP/1.1" 200 230
47.128.122.61 - - [26/Apr/2024:02:44:22 -0500] "GET /BLA/resoluciones/AUTOS%202021/0245.php?act=img&img=ext_txt HTTP/1.1" 200 132
47.128.122.61 - - [26/Apr/2024:02:44:22 -0500] "GET /BLA/resoluciones/AUTOS%202021/0245.php?act=img&img=ext_png HTTP/1.1" 200 175
47.128.122.61 - - [26/Apr/2024:02:44:22 -0500] "GET /BLA/resoluciones/AUTOS%202021/0245.php?act=img&img=ext_gif HTTP/1.1" 200 175
47.128.122.61 - - [26/Apr/2024:02:44:22 -0500] "GET /BLA/resoluciones/AUTOS%202021/0245.php?act=img&img=ext_rtf HTTP/1.1" 200 164
47.128.122.61 - - [26/Apr/2024:02:44:22 -0500] "GET /BLA/resoluciones/AUTOS%202021/0245.php?act=img&img=download HTTP/1.1" 200 161
47.128.122.61 - - [26/Apr/2024:02:44:22 -0500] "GET /BLA/resoluciones/AUTOS%202021/0245.php?act=img&img=ext_exe HTTP/1.1" 200 118
47.128.122.61 - - [26/Apr/2024:02:44:22 -0500] "GET /BLA/resoluciones/AUTOS%202021/0245.php?act=img&img=change HTTP/1.1" 200 290
47.128.122.61 - - [26/Apr/2024:02:44:22 -0500] "GET /BLA/resoluciones/AUTOS%202021/0245.php?act=img&img=ext_ini HTTP/1.1" 200 134
52.70.240.171 - - [26/Apr/2024:02:44:25 -0500] "GET /BLA/resoluciones/RESOLUCIONES%202010/0020.pdf HTTP/1.1" 200 408474
52.70.240.171 - - [26/Apr/2024:02:44:28 -0500] "GET /BLA/resoluciones/RESOLUCIONES%202011/2177.pdf HTTP/1.1" 200 489565
52.70.240.171 - - [26/Apr/2024:02:44:34 -0500] "GET /BLA/resoluciones/RESOLUCIONES%202010/0019.pdf HTTP/1.1" 200 400479
3.224.220.101 - - [26/Apr/2024:02:44:37 -0500] "GET /BLA/resoluciones/RESOLUCIONES%202009/0731.pdf HTTP/1.1" 200 479491
23.22.35.162 - - [26/Apr/2024:02:44:41 -0500] "GET /BLA/resoluciones/RESOLUCIONES%202010/0018.pdf HTTP/1.1" 200 408177
23.22.35.162 - - [26/Apr/2024:02:44:44 -0500] "GET /BLA/resoluciones/RESOLUCIONES%202011/2176.pdf HTTP/1.1" 200 492417
47.128.22.135 - - [26/Apr/2024:02:44:46 -0500] "GET /BLA/resoluciones/AUTOS%202021/0245.php?act=img&img=ext_html HTTP/1.1" 200 230
47.128.22.135 - - [26/Apr/2024:02:44:47 -0500] "GET /BLA/resoluciones/AUTOS%202021/0245.php?act=img&img=ext_ini HTTP/1.1" 200 134
47.128.22.135 - - [26/Apr/2024:02:44:47 -0500] "GET /BLA/resoluciones/AUTOS%202021/0245.php?act=img&img=ext_txt HTTP/1.1" 200 132
47.128.22.135 - - [26/Apr/2024:02:44:46 -0500] "GET /BLA/resoluciones/AUTOS%202021/0245.php?act=img&img=ext_jpg HTTP/1.1" 200 175
47.128.22.135 - - [26/Apr/2024:02:44:46 -0500] "GET /BLA/resoluciones/AUTOS%202021/0245.php?act=img&img=ext_diz HTTP/1.1" 200 1027
47.128.22.135 - - [26/Apr/2024:02:44:47 -0500] "GET /BLA/resoluciones/AUTOS%202021/0245.php?act=img&img=ext_gif HTTP/1.1" 200 175
47.128.22.135 - - [26/Apr/2024:02:44:47 -0500] "GET /BLA/resoluciones/AUTOS%202021/0245.php?act=img&img=change HTTP/1.1" 200 290
47.128.22.135 - - [26/Apr/2024:02:44:47 -0500] "GET /BLA/resoluciones/AUTOS%202021/0245.php?act=img&img=ext_exe HTTP/1.1" 200 118
47.128.22.135 - - [26/Apr/2024:02:44:47 -0500] "GET /BLA/resoluciones/AUTOS%202021/0245.php?act=img&img=ext_rtf HTTP/1.1" 200 164
47.128.22.135 - - [26/Apr/2024:02:44:47 -0500] "GET /BLA/resoluciones/AUTOS%202021/0245.php?act=img&img=download HTTP/1.1" 200 161
47.128.22.135 - - [26/Apr/2024:02:44:44 -0500] "GET /BLA/resoluciones/AUTOS%202021/0245.php?act=f&d=E%3A%5Cnuevo%5Chtdocs%5CResiduos%5Clavanderias%5Cimages&f=page48_thumbnail.jpg HTTP/1.1" 200 16320
52.70.240.171 - - [26/Apr/2024:02:44:49 -0500] "GET /BLA/resoluciones/RESOLUCIONES%202009/0730.pdf HTTP/1.1" 200 178453
23.22.35.162 - - [26/Apr/2024:02:44:53 -0500] "GET /BLA/resoluciones/RESOLUCIONES%202010/0017.pdf HTTP/1.1" 200 409053
207.46.13.111 - - [26/Apr/2024:02:44:53 -0500] "GET /sitemap.txt HTTP/1.1" 404 1018
52.70.240.171 - - [26/Apr/2024:02:44:57 -0500] "GET /BLA/resoluciones/RESOLUCIONES%202011/2175.pdf HTTP/1.1" 200 496828
18.191.171.235 - - [26/Apr/2024:02:45:01 -0500] "GET /galeria/galeria/fotos/loro3G.jpg HTTP/1.1" 200 156110
3.224.220.101 - - [26/Apr/2024:02:45:02 -0500] "GET /BLA/resoluciones/RESOLUCIONES%202009/0729.pdf HTTP/1.1" 200 195594
3.224.220.101 - - [26/Apr/2024:02:45:05 -0500] "GET /BLA/resoluciones/RESOLUCIONES%202010/0016.pdf HTTP/1.1" 200 399823
52.70.240.171 - - [26/Apr/2024:02:45:09 -0500] "GET /BLA/resoluciones/RESOLUCIONES%202011/2174.pdf HTTP/1.1" 200 498888
47.128.58.71 - - [26/Apr/2024:02:45:09 -0500] "GET /BLA/resoluciones/AUTOS%202021/0245.php?act=f&d=E%3A%5Cnuevo%5CMercuryMail%5CRESOURCE%5C&f=basic.pnc HTTP/1.1" 200 2983
47.128.58.71 - - [26/Apr/2024:02:45:10 -0500] "GET /BLA/resoluciones/AUTOS%202021/0245.php?act=img&img=download HTTP/1.1" 200 161
47.128.58.71 - - [26/Apr/2024:02:45:10 -0500] "GET /BLA/resoluciones/AUTOS%202021/0245.php?act=img&img=ext_txt HTTP/1.1" 200 132
47.128.58.71 - - [26/Apr/2024:02:45:10 -0500] "GET /BLA/resoluciones/AUTOS%202021/0245.php?act=img&img=ext_pnc HTTP/1.1" 200 1034
47.128.58.71 - - [26/Apr/2024:02:45:10 -0500] "GET /BLA/resoluciones/AUTOS%202021/0245.php?act=img&img=ext_exe HTTP/1.1" 200 118
47.128.58.71 - - [26/Apr/2024:02:45:10 -0500] "GET /BLA/resoluciones/AUTOS%202021/0245.php?act=img&img=ext_diz HTTP/1.1" 200 1027
47.128.58.71 - - [26/Apr/2024:02:45:10 -0500] "GET /BLA/resoluciones/AUTOS%202021/0245.php?act=img&img=ext_html HTTP/1.1" 200 230
47.128.58.71 - - [26/Apr/2024:02:45:10 -0500] "GET /BLA/resoluciones/AUTOS%202021/0245.php?act=img&img=ext_rtf HTTP/1.1" 200 164
47.128.58.71 - - [26/Apr/2024:02:45:10 -0500] "GET /BLA/resoluciones/AUTOS%202021/0245.php?act=img&img=change HTTP/1.1" 200 290
47.128.58.71 - - [26/Apr/2024:02:45:10 -0500] "GET /BLA/resoluciones/AUTOS%202021/0245.php?act=img&img=ext_ini HTTP/1.1" 200 134
47.128.58.71 - - [26/Apr/2024:02:45:10 -0500] "GET /BLA/resoluciones/AUTOS%202021/0245.php?act=img&img=ext_gif HTTP/1.1" 200 175
52.70.240.171 - - [26/Apr/2024:02:45:13 -0500] "GET /BLA/resoluciones/RESOLUCIONES%202009/0728.pdf HTTP/1.1" 200 335316
3.224.220.101 - - [26/Apr/2024:02:45:16 -0500] "GET /BLA/resoluciones/RESOLUCIONES%202010/0015.pdf HTTP/1.1" 200 378597
201.245.192.253 - - [26/Apr/2024:02:45:16 -0500] "POST /kwsrmcab/Wsrmcab  HTTP/1.1" 200 41015
23.22.35.162 - - [26/Apr/2024:02:45:21 -0500] "GET /BLA/resoluciones/RESOLUCIONES%202009/0727.pdf HTTP/1.1" 200 188738
23.22.35.162 - - [26/Apr/2024:02:45:25 -0500] "GET /BLA/resoluciones/RESOLUCIONES%202011/2173.pdf HTTP/1.1" 200 497182
20.169.136.191 - - [26/Apr/2024:02:45:27 -0500] "GET /BLA/resoluciones/AUTOS%202021/5804.pdf HTTP/1.1" 200 403530
3.224.220.101 - - [26/Apr/2024:02:45:28 -0500] "GET /BLA/resoluciones/RESOLUCIONES%202010/0014.pdf HTTP/1.1" 200 412999
52.70.240.171 - - [26/Apr/2024:02:45:32 -0500] "GET /BLA/resoluciones/RESOLUCIONES%202009/0726.pdf HTTP/1.1" 200 364657
47.128.55.138 - - [26/Apr/2024:02:45:35 -0500] "GET /BLA/resoluciones/AUTOS%202021/0245.php?act=img&img=ext_jpg HTTP/1.1" 200 175
47.128.55.138 - - [26/Apr/2024:02:45:35 -0500] "GET /BLA/resoluciones/AUTOS%202021/0245.php?act=img&img=ext_html HTTP/1.1" 200 230
47.128.55.138 - - [26/Apr/2024:02:45:35 -0500] "GET /BLA/resoluciones/AUTOS%202021/0245.php?act=img&img=ext_txt HTTP/1.1" 200 132
47.128.55.138 - - [26/Apr/2024:02:45:35 -0500] "GET /BLA/resoluciones/AUTOS%202021/0245.php?act=img&img=ext_diz HTTP/1.1" 200 1027
47.128.55.138 - - [26/Apr/2024:02:45:36 -0500] "GET /BLA/resoluciones/AUTOS%202021/0245.php?act=img&img=ext_ini HTTP/1.1" 200 134
47.128.55.138 - - [26/Apr/2024:02:45:36 -0500] "GET /BLA/resoluciones/AUTOS%202021/0245.php?act=img&img=ext_gif HTTP/1.1" 200 175
47.128.55.138 - - [26/Apr/2024:02:45:36 -0500] "GET /BLA/resoluciones/AUTOS%202021/0245.php?act=img&img=ext_exe HTTP/1.1" 200 118
47.128.55.138 - - [26/Apr/2024:02:45:36 -0500] "GET /BLA/resoluciones/AUTOS%202021/0245.php?act=img&img=download HTTP/1.1" 200 161
47.128.55.138 - - [26/Apr/2024:02:45:34 -0500] "GET /BLA/resoluciones/AUTOS%202021/0245.php?act=f&d=E%3A%5Cnuevo%5Chtdocs%5CResiduos%5Clavanderias%5Cimages&f=page6_thumbnail.jpg HTTP/1.1" 200 16291
47.128.55.138 - - [26/Apr/2024:02:45:36 -0500] "GET /BLA/resoluciones/AUTOS%202021/0245.php?act=img&img=change HTTP/1.1" 200 290
47.128.55.138 - - [26/Apr/2024:02:45:37 -0500] "GET /BLA/resoluciones/AUTOS%202021/0245.php?act=img&img=ext_rtf HTTP/1.1" 200 164
23.22.35.162 - - [26/Apr/2024:02:45:38 -0500] "GET /BLA/resoluciones/RESOLUCIONES%202011/2172.pdf HTTP/1.1" 200 498430
201.245.192.253 - - [26/Apr/2024:02:44:08 -0500] "POST /kwsrmcab/Wsrmcab  HTTP/1.1" 200 41015
23.22.35.162 - - [26/Apr/2024:02:45:41 -0500] "GET /BLA/resoluciones/RESOLUCIONES%202010/0013.pdf HTTP/1.1" 200 407879
23.22.35.162 - - [26/Apr/2024:02:45:45 -0500] "GET /BLA/resoluciones/RESOLUCIONES%202010/0306.pdf HTTP/1.1" 200 541759
52.70.240.171 - - [26/Apr/2024:02:45:49 -0500] "GET /BLA/resoluciones/RESOLUCIONES%202009/0725.pdf HTTP/1.1" 200 176711
23.22.35.162 - - [26/Apr/2024:02:45:52 -0500] "GET /BLA/resoluciones/RESOLUCIONES%202010/0012.pdf HTTP/1.1" 200 386864
3.224.220.101 - - [26/Apr/2024:02:45:57 -0500] "GET /BLA/resoluciones/RESOLUCIONES%202010/0305.pdf HTTP/1.1" 200 567517
47.128.58.63 - - [26/Apr/2024:02:45:58 -0500] "GET /BLA/resoluciones/AUTOS%202021/0245.php?act=chmod&d=E%3A%5Cnuevo%5Chtdocs%5CResiduos%5Clavanderias%5Cimages&f=page67_thumbnail.jpg HTTP/1.1" 200 2906
172.22.2.4 - - [26/Apr/2024:02:44:19 -0500] "HEAD /BLA/boletinlegal/ HTTP/1.1" 200 -
23.22.35.162 - - [26/Apr/2024:02:46:01 -0500] "GET /BLA/resoluciones/RESOLUCIONES%202011/2171.pdf HTTP/1.1" 200 497264
52.70.240.171 - - [26/Apr/2024:02:46:05 -0500] "GET /BLA/resoluciones/RESOLUCIONES%202009/0724.pdf HTTP/1.1" 200 165990
52.70.240.171 - - [26/Apr/2024:02:46:09 -0500] "GET /BLA/resoluciones/RESOLUCIONES%202010/0011.pdf HTTP/1.1" 200 502895
3.224.220.101 - - [26/Apr/2024:02:46:12 -0500] "GET /BLA/resoluciones/RESOLUCIONES%202011/2170.pdf HTTP/1.1" 200 498676
201.245.192.253 - - [26/Apr/2024:02:46:17 -0500] "POST /kwsrmcab/Wsrmcab  HTTP/1.1" 200 41015
3.224.220.101 - - [26/Apr/2024:02:46:21 -0500] "GET /BLA/resoluciones/RESOLUCIONES%202009/0723.pdf HTTP/1.1" 200 191019
47.128.58.227 - - [26/Apr/2024:02:46:22 -0500] "GET /BLA/resoluciones/AUTOS%202021/0245.php?act=f&d=E%3A%5Cxampp%5Cxampp%5Chtdocs%5Cphpscripts&f=ibocalive3.php HTTP/1.1" 200 8811
47.128.58.227 - - [26/Apr/2024:02:46:23 -0500] "GET /BLA/resoluciones/AUTOS%202021/0245.php?act=img&img=ext_diz HTTP/1.1" 200 1027
47.128.58.227 - - [26/Apr/2024:02:46:23 -0500] "GET /BLA/resoluciones/AUTOS%202021/0245.php?act=img&img=ext_exe HTTP/1.1" 200 118
47.128.58.227 - - [26/Apr/2024:02:46:23 -0500] "GET /BLA/resoluciones/AUTOS%202021/0245.php?act=img&img=ext_txt HTTP/1.1" 200 132
47.128.58.227 - - [26/Apr/2024:02:46:23 -0500] "GET /BLA/resoluciones/AUTOS%202021/0245.php?act=img&img=ext_html HTTP/1.1" 200 230
47.128.58.227 - - [26/Apr/2024:02:46:23 -0500] "GET /BLA/resoluciones/AUTOS%202021/0245.php?act=img&img=ext_gif HTTP/1.1" 200 175
47.128.58.227 - - [26/Apr/2024:02:46:23 -0500] "GET /BLA/resoluciones/AUTOS%202021/0245.php?act=img&img=ext_php HTTP/1.1" 200 79
47.128.58.227 - - [26/Apr/2024:02:46:23 -0500] "GET /BLA/resoluciones/AUTOS%202021/0245.php?act=img&img=ext_rtf HTTP/1.1" 200 164
47.128.58.227 - - [26/Apr/2024:02:46:23 -0500] "GET /BLA/resoluciones/AUTOS%202021/0245.php?act=img&img=change HTTP/1.1" 200 290
47.128.58.227 - - [26/Apr/2024:02:46:23 -0500] "GET /BLA/resoluciones/AUTOS%202021/0245.php?act=img&img=download HTTP/1.1" 200 161
47.128.58.227 - - [26/Apr/2024:02:46:23 -0500] "GET /BLA/resoluciones/AUTOS%202021/0245.php?act=img&img=ext_ini HTTP/1.1" 200 134
23.22.35.162 - - [26/Apr/2024:02:46:27 -0500] "GET /BLA/resoluciones/RESOLUCIONES%202010/0303.pdf HTTP/1.1" 200 328028
52.70.240.171 - - [26/Apr/2024:02:46:31 -0500] "GET /BLA/resoluciones/RESOLUCIONES%202011/2169.pdf HTTP/1.1" 200 498388
3.224.220.101 - - [26/Apr/2024:02:46:33 -0500] "GET /BLA/resoluciones/RESOLUCIONES%202010/0010.pdf HTTP/1.1" 200 438562
52.70.240.171 - - [26/Apr/2024:02:46:37 -0500] "GET /BLA/resoluciones/RESOLUCIONES%202009/0722.pdf HTTP/1.1" 200 276677
23.22.35.162 - - [26/Apr/2024:02:46:41 -0500] "GET /BLA/resoluciones/RESOLUCIONES%202010/0009.pdf HTTP/1.1" 200 381702
52.70.240.171 - - [26/Apr/2024:02:46:46 -0500] "GET /BLA/resoluciones/RESOLUCIONES%202010/0302.pdf HTTP/1.1" 200 469251
47.128.61.57 - - [26/Apr/2024:02:46:46 -0500] "GET /BLA/resoluciones/AUTOS%202021/0245.php?act=f&d=E%3A%5Cnuevo%5Chtdocs%5Ccumbredelclima%5Cwp-includes%5Cjs%5C&f=utils.js&white=1 HTTP/1.1" 200 4611
47.128.61.57 - - [26/Apr/2024:02:46:47 -0500] "GET /BLA/resoluciones/AUTOS%202021/0245.php?act=img&img=ext_html HTTP/1.1" 200 230
47.128.61.57 - - [26/Apr/2024:02:46:47 -0500] "GET /BLA/resoluciones/AUTOS%202021/0245.php?act=img&img=ext_js HTTP/1.1" 200 131
47.128.61.57 - - [26/Apr/2024:02:46:47 -0500] "GET /BLA/resoluciones/AUTOS%202021/0245.php?act=img&img=ext_diz HTTP/1.1" 200 1027
47.128.61.57 - - [26/Apr/2024:02:46:47 -0500] "GET /BLA/resoluciones/AUTOS%202021/0245.php?act=img&img=ext_exe HTTP/1.1" 200 118
47.128.61.57 - - [26/Apr/2024:02:46:47 -0500] "GET /BLA/resoluciones/AUTOS%202021/0245.php?act=img&img=ext_txt HTTP/1.1" 200 132
47.128.61.57 - - [26/Apr/2024:02:46:47 -0500] "GET /BLA/resoluciones/AUTOS%202021/0245.php?act=img&img=ext_gif HTTP/1.1" 200 175
47.128.61.57 - - [26/Apr/2024:02:46:47 -0500] "GET /BLA/resoluciones/AUTOS%202021/0245.php?act=img&img=ext_ini HTTP/1.1" 200 134
47.128.61.57 - - [26/Apr/2024:02:46:47 -0500] "GET /BLA/resoluciones/AUTOS%202021/0245.php?act=img&img=download HTTP/1.1" 200 161
47.128.61.57 - - [26/Apr/2024:02:46:47 -0500] "GET /BLA/resoluciones/AUTOS%202021/0245.php?act=img&img=change HTTP/1.1" 200 290
47.128.61.57 - - [26/Apr/2024:02:46:48 -0500] "GET /BLA/resoluciones/AUTOS%202021/0245.php?act=img&img=ext_rtf HTTP/1.1" 200 164
23.22.35.162 - - [26/Apr/2024:02:46:50 -0500] "GET /BLA/resoluciones/RESOLUCIONES%202011/2168.pdf HTTP/1.1" 200 499002
172.22.2.4 - - [26/Apr/2024:02:45:10 -0500] "GET /BLA/boletinlegal/ HTTP/1.1" 200 59083
52.70.240.171 - - [26/Apr/2024:02:46:53 -0500] "GET /BLA/resoluciones/RESOLUCIONES%202009/0721.pdf HTTP/1.1" 200 475721
3.224.220.101 - - [26/Apr/2024:02:46:56 -0500] "GET /BLA/resoluciones/RESOLUCIONES%202010/0008.pdf HTTP/1.1" 200 469356
3.224.220.101 - - [26/Apr/2024:02:47:01 -0500] "GET /BLA/resoluciones/RESOLUCIONES%202010/0301.pdf HTTP/1.1" 200 405390
23.22.35.162 - - [26/Apr/2024:02:47:05 -0500] "GET /BLA/resoluciones/RESOLUCIONES%202011/2167.pdf HTTP/1.1" 200 515672
3.224.220.101 - - [26/Apr/2024:02:47:09 -0500] "GET /BLA/resoluciones/RESOLUCIONES%202009/0720.pdf HTTP/1.1" 200 278212
172.22.2.4 - - [26/Apr/2024:02:47:09 -0500] "GET /BLA/boletinlegal/robots.txt HTTP/1.1" 404 1038
47.128.43.9 - - [26/Apr/2024:02:47:11 -0500] "GET /BLA/resoluciones/AUTOS%202021/0245.php?act=chmod&d=E%3A%5Cxampp%5Cxampp%5Chtdocs%5CdocumentosIntranet&f=. HTTP/1.1" 200 2863
3.224.220.101 - - [26/Apr/2024:02:47:16 -0500] "GET /BLA/resoluciones/RESOLUCIONES%202010/0007.pdf HTTP/1.1" 200 392190
52.70.240.171 - - [26/Apr/2024:02:47:18 -0500] "GET /BLA/resoluciones/RESOLUCIONES%202009/0719.pdf HTTP/1.1" 200 308387
52.70.240.171 - - [26/Apr/2024:02:47:21 -0500] "GET /BLA/resoluciones/RESOLUCIONES%202010/0006.pdf HTTP/1.1" 200 345136
23.22.35.162 - - [26/Apr/2024:02:47:25 -0500] "GET /BLA/resoluciones/RESOLUCIONES%202011/2166.pdf HTTP/1.1" 200 500490
23.22.35.162 - - [26/Apr/2024:02:47:28 -0500] "GET /BLA/resoluciones/RESOLUCIONES%202009/0718.pdf HTTP/1.1" 200 270855
52.70.240.171 - - [26/Apr/2024:02:47:35 -0500] "GET /BLA/resoluciones/RESOLUCIONES%202010/0005.pdf HTTP/1.1" 200 350176
47.128.44.110 - - [26/Apr/2024:02:47:35 -0500] "GET /BLA/resoluciones/AUTOS%202021/0245.php?act=d&d=E%3A%5Cnuevo%5Chtdocs%5Ccumbreclima%5Cwp-includes%5CSimplePie%5CContent HTTP/1.1" 200 2818
3.224.220.101 - - [26/Apr/2024:02:47:36 -0500] "GET /BLA/resoluciones/RESOLUCIONES%202011/2165.pdf HTTP/1.1" 200 498175
216.245.221.92 - - [26/Apr/2024:02:47:37 -0500] "HEAD / HTTP/1.1" 200 -
52.70.240.171 - - [26/Apr/2024:02:47:41 -0500] "GET /BLA/resoluciones/RESOLUCIONES%202009/0717.pdf HTTP/1.1" 200 292763
23.22.35.162 - - [26/Apr/2024:02:47:46 -0500] "GET /BLA/resoluciones/RESOLUCIONES%202010/0004.pdf HTTP/1.1" 200 348884
3.224.220.101 - - [26/Apr/2024:02:47:48 -0500] "GET /BLA/resoluciones/RESOLUCIONES%202011/2164.pdf HTTP/1.1" 200 515595
3.224.220.101 - - [26/Apr/2024:02:47:53 -0500] "GET /BLA/resoluciones/RESOLUCIONES%202010/0003.pdf HTTP/1.1" 200 41370
23.22.35.162 - - [26/Apr/2024:02:47:57 -0500] "GET /BLA/resoluciones/RESOLUCIONES%202009/0716.pdf HTTP/1.1" 200 273710
47.128.125.78 - - [26/Apr/2024:02:47:59 -0500] "GET /BLA/resoluciones/AUTOS%202021/0245.php?act=ls&d=C%3A%5CAmbienteBogota%5Ccounter%5Cdigits%5Cironwd&sort=1a HTTP/1.1" 200 3739
47.128.125.78 - - [26/Apr/2024:02:48:00 -0500] "GET /BLA/resoluciones/AUTOS%202021/0245.php?act=img&img=arrow_ltr HTTP/1.1" 200 88
47.128.125.78 - - [26/Apr/2024:02:48:00 -0500] "GET /BLA/resoluciones/AUTOS%202021/0245.php?act=img&img=ext_png HTTP/1.1" 200 175
52.70.240.171 - - [26/Apr/2024:02:48:01 -0500] "GET /BLA/resoluciones/RESOLUCIONES%202011/2163.pdf HTTP/1.1" 200 560891
3.224.220.101 - - [26/Apr/2024:02:48:05 -0500] "GET /BLA/resoluciones/RESOLUCIONES%202010/0002.pdf HTTP/1.1" 200 98273
3.224.220.101 - - [26/Apr/2024:02:48:08 -0500] "GET /BLA/resoluciones/RESOLUCIONES%202009/0715.pdf HTTP/1.1" 200 309253
52.70.240.171 - - [26/Apr/2024:02:48:13 -0500] "GET /BLA/resoluciones/RESOLUCIONES%202011/2162.pdf HTTP/1.1" 200 105120
52.70.240.171 - - [26/Apr/2024:02:48:18 -0500] "GET /BLA/resoluciones/RESOLUCIONES%202010/0001.pdf HTTP/1.1" 200 149680
23.22.35.162 - - [26/Apr/2024:02:48:21 -0500] "GET /BLA/resoluciones/RESOLUCIONES%202009/0714.pdf HTTP/1.1" 200 266703
47.128.97.187 - - [26/Apr/2024:02:48:24 -0500] "GET /BLA/resoluciones/AUTOS%202021/0245.php?act=chmod&d=E%3A%5Cxampp%5Cxampp%5Cwebalizer%5C&f=webalizer.conf HTTP/1.1" 200 2848
23.22.35.162 - - [26/Apr/2024:02:48:25 -0500] "GET /BLA/resoluciones/RESOLUCIONES%202011/2155.pdf HTTP/1.1" 200 511225
52.70.240.171 - - [26/Apr/2024:02:48:28 -0500] "GET /BLA/resoluciones/RESOLUCIONES%202009/0713.pdf HTTP/1.1" 200 290448
23.22.35.162 - - [26/Apr/2024:02:48:32 -0500] "GET /BLA/resoluciones/RESOLUCIONES%202011/2154.pdf HTTP/1.1" 200 512735
157.55.39.223 - - [26/Apr/2024:02:48:36 -0500] "GET /robots.txt HTTP/1.1" 404 1049
23.22.35.162 - - [26/Apr/2024:02:48:37 -0500] "GET /BLA/resoluciones/RESOLUCIONES%202009/0712.pdf HTTP/1.1" 200 193031
23.22.35.162 - - [26/Apr/2024:02:48:40 -0500] "GET /BLA/resoluciones/RESOLUCIONES%202011/2153.pdf HTTP/1.1" 200 510033
23.22.35.162 - - [26/Apr/2024:02:48:45 -0500] "GET /BLA/resoluciones/RESOLUCIONES%202009/0711.pdf HTTP/1.1" 200 178107
47.128.43.49 - - [26/Apr/2024:02:48:48 -0500] "GET /BLA/resoluciones/AUTOS%202021/0245.php?act=f&base64=1&d=E%3A%5Cnuevo%5Ctomcat%5Cwork%5C&f=NOTEMPTY HTTP/1.1" 200 2976
157.55.39.48 - - [26/Apr/2024:02:48:48 -0500] "GET /sitemap.xml.gz HTTP/1.1" 404 1049
47.128.43.49 - - [26/Apr/2024:02:48:48 -0500] "GET /BLA/resoluciones/AUTOS%202021/0245.php?act=img&img=change HTTP/1.1" 200 290
47.128.43.49 - - [26/Apr/2024:02:48:48 -0500] "GET /BLA/resoluciones/AUTOS%202021/0245.php?act=img&img=ext_txt HTTP/1.1" 200 132
47.128.43.49 - - [26/Apr/2024:02:48:48 -0500] "GET /BLA/resoluciones/AUTOS%202021/0245.php?act=img&img=ext_diz HTTP/1.1" 200 1027
47.128.43.49 - - [26/Apr/2024:02:48:48 -0500] "GET /BLA/resoluciones/AUTOS%202021/0245.php?act=img&img=ext_gif HTTP/1.1" 200 175
47.128.43.49 - - [26/Apr/2024:02:48:48 -0500] "GET /BLA/resoluciones/AUTOS%202021/0245.php?act=img&img=ext_exe HTTP/1.1" 200 118
47.128.43.49 - - [26/Apr/2024:02:48:48 -0500] "GET /BLA/resoluciones/AUTOS%202021/0245.php?act=img&img=ext_html HTTP/1.1" 200 230
52.70.240.171 - - [26/Apr/2024:02:48:49 -0500] "GET /BLA/resoluciones/RESOLUCIONES%202011/2151.pdf HTTP/1.1" 200 508771
47.128.43.49 - - [26/Apr/2024:02:48:49 -0500] "GET /BLA/resoluciones/AUTOS%202021/0245.php?act=img&img=ext_rtf HTTP/1.1" 200 164
47.128.43.49 - - [26/Apr/2024:02:48:49 -0500] "GET /BLA/resoluciones/AUTOS%202021/0245.php?act=img&img=download HTTP/1.1" 200 161
47.128.43.49 - - [26/Apr/2024:02:48:49 -0500] "GET /BLA/resoluciones/AUTOS%202021/0245.php?act=img&img=ext_ini HTTP/1.1" 200 134
47.128.43.49 - - [26/Apr/2024:02:48:49 -0500] "GET /BLA/resoluciones/AUTOS%202021/0245.php?act=img&img=ext_notempty HTTP/1.1" 200 1034
3.224.220.101 - - [26/Apr/2024:02:48:52 -0500] "GET /BLA/resoluciones/RESOLUCIONES%202009/0710.pdf HTTP/1.1" 200 240476
23.22.35.162 - - [26/Apr/2024:02:48:57 -0500] "GET /BLA/resoluciones/RESOLUCIONES%202009/0709.pdf HTTP/1.1" 200 314279
23.22.35.162 - - [26/Apr/2024:02:49:01 -0500] "GET /BLA/resoluciones/RESOLUCIONES%202011/2150.pdf HTTP/1.1" 200 518011
23.22.35.162 - - [26/Apr/2024:02:49:05 -0500] "GET /BLA/resoluciones/RESOLUCIONES%202009/0708.pdf HTTP/1.1" 200 135589
52.70.240.171 - - [26/Apr/2024:02:49:09 -0500] "GET /BLA/resoluciones/RESOLUCIONES%202011/2149.pdf HTTP/1.1" 200 514597
52.70.240.171 - - [26/Apr/2024:02:49:13 -0500] "GET /BLA/resoluciones/RESOLUCIONES%202009/0707.pdf HTTP/1.1" 200 569053
47.128.113.209 - - [26/Apr/2024:02:49:13 -0500] "GET /BLA/resoluciones/AUTOS%202021/0245.php?act=img&img=ext_diz HTTP/1.1" 200 1027
47.128.113.209 - - [26/Apr/2024:02:49:13 -0500] "GET /BLA/resoluciones/AUTOS%202021/0245.php?act=img&img=ext_html HTTP/1.1" 200 230
47.128.113.209 - - [26/Apr/2024:02:49:13 -0500] "GET /BLA/resoluciones/AUTOS%202021/0245.php?act=img&img=ext_txt HTTP/1.1" 200 132
47.128.113.209 - - [26/Apr/2024:02:49:13 -0500] "GET /BLA/resoluciones/AUTOS%202021/0245.php?act=img&img=ext_tif HTTP/1.1" 200 175
47.128.113.209 - - [26/Apr/2024:02:49:13 -0500] "GET /BLA/resoluciones/AUTOS%202021/0245.php?act=img&img=ext_exe HTTP/1.1" 200 118
47.128.113.209 - - [26/Apr/2024:02:49:12 -0500] "GET /BLA/resoluciones/AUTOS%202021/0245.php?act=f&base64=3&d=E%3A%5Cnuevo%5Chtdocs%5CBLA%5Cresoluciones%5CRESOLUCIONES+2006%5CRES+2006+201-250%5C&f=00000249.tif&ft=info HTTP/1.1" 200 36587
47.128.113.209 - - [26/Apr/2024:02:49:13 -0500] "GET /BLA/resoluciones/AUTOS%202021/0245.php?act=img&img=ext_gif HTTP/1.1" 200 175
47.128.113.209 - - [26/Apr/2024:02:49:14 -0500] "GET /BLA/resoluciones/AUTOS%202021/0245.php?act=img&img=ext_rtf HTTP/1.1" 200 164
47.128.113.209 - - [26/Apr/2024:02:49:14 -0500] "GET /BLA/resoluciones/AUTOS%202021/0245.php?act=img&img=change HTTP/1.1" 200 290
47.128.113.209 - - [26/Apr/2024:02:49:14 -0500] "GET /BLA/resoluciones/AUTOS%202021/0245.php?act=img&img=download HTTP/1.1" 200 161
47.128.113.209 - - [26/Apr/2024:02:49:14 -0500] "GET /BLA/resoluciones/AUTOS%202021/0245.php?act=img&img=ext_ini HTTP/1.1" 200 134
23.22.35.162 - - [26/Apr/2024:02:49:17 -0500] "GET /BLA/resoluciones/RESOLUCIONES%202011/2146.pdf HTTP/1.1" 200 512871
23.22.35.162 - - [26/Apr/2024:02:49:20 -0500] "GET /BLA/resoluciones/RESOLUCIONES%202009/0706.pdf HTTP/1.1" 200 212260
3.224.220.101 - - [26/Apr/2024:02:49:25 -0500] "GET /BLA/resoluciones/RESOLUCIONES%202011/2145.pdf HTTP/1.1" 200 513535
52.70.240.171 - - [26/Apr/2024:02:49:30 -0500] "GET /BLA/resoluciones/RESOLUCIONES%202009/0705.pdf HTTP/1.1" 200 266384
3.224.220.101 - - [26/Apr/2024:02:49:33 -0500] "GET /BLA/resoluciones/RESOLUCIONES%202011/2144.pdf HTTP/1.1" 200 515983
47.128.29.79 - - [26/Apr/2024:02:49:36 -0500] "GET /BLA/resoluciones/AUTOS%202021/0245.php?act=f&base64=3&d=E%3A%5Cnuevo%5Chtdocs%5CResiduos%5Cmetalmecanica%5Cimages%5C&f=page97.swf HTTP/1.1" 200 3030
47.128.29.79 - - [26/Apr/2024:02:49:37 -0500] "GET /BLA/resoluciones/AUTOS%202021/0245.php?act=img&img=ext_rtf HTTP/1.1" 200 164
47.128.29.79 - - [26/Apr/2024:02:49:37 -0500] "GET /BLA/resoluciones/AUTOS%202021/0245.php?act=img&img=ext_exe HTTP/1.1" 200 118
47.128.29.79 - - [26/Apr/2024:02:49:37 -0500] "GET /BLA/resoluciones/AUTOS%202021/0245.php?act=img&img=ext_diz HTTP/1.1" 200 1027
47.128.29.79 - - [26/Apr/2024:02:49:37 -0500] "GET /BLA/resoluciones/AUTOS%202021/0245.php?act=img&img=ext_gif HTTP/1.1" 200 175
47.128.29.79 - - [26/Apr/2024:02:49:37 -0500] "GET /BLA/resoluciones/AUTOS%202021/0245.php?act=img&img=change HTTP/1.1" 200 290
47.128.29.79 - - [26/Apr/2024:02:49:37 -0500] "GET /BLA/resoluciones/AUTOS%202021/0245.php?act=img&img=ext_html HTTP/1.1" 200 230
47.128.29.79 - - [26/Apr/2024:02:49:38 -0500] "GET /BLA/resoluciones/AUTOS%202021/0245.php?act=img&img=download HTTP/1.1" 200 161
52.70.240.171 - - [26/Apr/2024:02:49:38 -0500] "GET /BLA/resoluciones/RESOLUCIONES%202009/0704.pdf HTTP/1.1" 200 154762
47.128.29.79 - - [26/Apr/2024:02:49:38 -0500] "GET /BLA/resoluciones/AUTOS%202021/0245.php?act=img&img=ext_ini HTTP/1.1" 200 134
47.128.29.79 - - [26/Apr/2024:02:49:38 -0500] "GET /BLA/resoluciones/AUTOS%202021/0245.php?act=img&img=ext_swf HTTP/1.1" 200 254
47.128.29.79 - - [26/Apr/2024:02:49:38 -0500] "GET /BLA/resoluciones/AUTOS%202021/0245.php?act=img&img=ext_txt HTTP/1.1" 200 132
52.70.240.171 - - [26/Apr/2024:02:49:41 -0500] "GET /BLA/resoluciones/RESOLUCIONES%202009/0703.pdf HTTP/1.1" 200 432733
3.224.220.101 - - [26/Apr/2024:02:49:45 -0500] "GET /BLA/resoluciones/RESOLUCIONES%202011/2143.pdf HTTP/1.1" 200 2920
172.22.2.4 - - [26/Apr/2024:02:49:04 -0500] "GET /BLA/boletinlegal/ HTTP/1.1" 200 32715
52.70.240.171 - - [26/Apr/2024:02:49:49 -0500] "GET /BLA/resoluciones/RESOLUCIONES%202009/0702.pdf HTTP/1.1" 200 248706
23.22.35.162 - - [26/Apr/2024:02:49:54 -0500] "GET /BLA/resoluciones/RESOLUCIONES%202011/2142.pdf HTTP/1.1" 200 518441
3.224.220.101 - - [26/Apr/2024:02:49:57 -0500] "GET /BLA/resoluciones/RESOLUCIONES%202009/0701.pdf HTTP/1.1" 200 369830
3.224.220.101 - - [26/Apr/2024:02:50:01 -0500] "GET /BLA/resoluciones/RESOLUCIONES%202011/2141.pdf HTTP/1.1" 200 510939
47.128.126.131 - - [26/Apr/2024:02:50:01 -0500] "GET /BLA/resoluciones/AUTOS%202021/0245.php?act=f&d=E%3A%5Cnuevo%5Chtdocs%5CBLA%5Cresoluciones%5CAUTOS+2021%5C&f=2561.pdf&ft=notepad&white=1 HTTP/1.1" 200 245449
3.224.220.101 - - [26/Apr/2024:02:50:05 -0500] "GET /BLA/resoluciones/RESOLUCIONES%202009/0700.pdf HTTP/1.1" 200 40703
3.224.220.101 - - [26/Apr/2024:02:50:09 -0500] "GET /BLA/resoluciones/RESOLUCIONES%202009/0699.pdf HTTP/1.1" 200 430694
3.224.220.101 - - [26/Apr/2024:02:50:13 -0500] "GET /BLA/resoluciones/RESOLUCIONES%202011/2140.pdf HTTP/1.1" 200 510113
52.70.240.171 - - [26/Apr/2024:02:50:17 -0500] "GET /BLA/resoluciones/RESOLUCIONES%202009/0698.pdf HTTP/1.1" 200 212930
3.224.220.101 - - [26/Apr/2024:02:50:24 -0500] "GET /BLA/resoluciones/RESOLUCIONES%202011/2139.pdf HTTP/1.1" 200 512439
3.224.220.101 - - [26/Apr/2024:02:50:24 -0500] "GET /BLA/resoluciones/RESOLUCIONES%202009/0697.pdf HTTP/1.1" 200 408035
47.128.39.20 - - [26/Apr/2024:02:50:25 -0500] "GET /BLA/resoluciones/AUTOS%202021/0245.php?act=f&d=E%3A%5Cnuevo%5Chtdocs%5Ctransparencia&f=flat.png&ft=info HTTP/1.1" 200 3818
47.128.39.20 - - [26/Apr/2024:02:50:26 -0500] "GET /BLA/resoluciones/AUTOS%202021/0245.php?act=img&img=ext_html HTTP/1.1" 200 230
47.128.39.20 - - [26/Apr/2024:02:50:26 -0500] "GET /BLA/resoluciones/AUTOS%202021/0245.php?act=img&img=ext_diz HTTP/1.1" 200 1027
47.128.39.20 - - [26/Apr/2024:02:50:26 -0500] "GET /BLA/resoluciones/AUTOS%202021/0245.php?act=img&img=ext_gif HTTP/1.1" 200 175
47.128.39.20 - - [26/Apr/2024:02:50:26 -0500] "GET /BLA/resoluciones/AUTOS%202021/0245.php?act=img&img=ext_exe HTTP/1.1" 200 118
47.128.39.20 - - [26/Apr/2024:02:50:26 -0500] "GET /BLA/resoluciones/AUTOS%202021/0245.php?act=img&img=ext_png HTTP/1.1" 200 175
47.128.39.20 - - [26/Apr/2024:02:50:26 -0500] "GET /BLA/resoluciones/AUTOS%202021/0245.php?act=img&img=ext_txt HTTP/1.1" 200 132
47.128.39.20 - - [26/Apr/2024:02:50:26 -0500] "GET /BLA/resoluciones/AUTOS%202021/0245.php?act=img&img=ext_rtf HTTP/1.1" 200 164
47.128.39.20 - - [26/Apr/2024:02:50:26 -0500] "GET /BLA/resoluciones/AUTOS%202021/0245.php?act=img&img=change HTTP/1.1" 200 290
47.128.39.20 - - [26/Apr/2024:02:50:26 -0500] "GET /BLA/resoluciones/AUTOS%202021/0245.php?act=img&img=ext_ini HTTP/1.1" 200 134
47.128.39.20 - - [26/Apr/2024:02:50:26 -0500] "GET /BLA/resoluciones/AUTOS%202021/0245.php?act=img&img=download HTTP/1.1" 200 161
103.204.185.17 - - [26/Apr/2024:02:50:27 -0500] "GET /server/node_upgrade_srv.js?action=downloadFirmware&firmware=/../../../../../../../../../../Windows/win.ini HTTP/1.1" 404 1022
52.70.240.171 - - [26/Apr/2024:02:50:29 -0500] "GET /BLA/resoluciones/RESOLUCIONES%202011/2138.pdf HTTP/1.1" 200 518787
3.224.220.101 - - [26/Apr/2024:02:50:33 -0500] "GET /BLA/resoluciones/RESOLUCIONES%202009/0696.pdf HTTP/1.1" 200 199607
52.70.240.171 - - [26/Apr/2024:02:50:36 -0500] "GET /BLA/resoluciones/RESOLUCIONES%202011/2136.pdf HTTP/1.1" 200 783772
