47.128.59.86 - - [26/Apr/2024:06:53:35 -0500] "GET /BLA/resoluciones/AUTOS%202021/0245.php?act=img&img=ext_html HTTP/1.1" 200 230
47.128.59.86 - - [26/Apr/2024:06:53:35 -0500] "GET /BLA/resoluciones/AUTOS%202021/0245.php?act=img&img=change HTTP/1.1" 200 290
47.128.59.86 - - [26/Apr/2024:06:53:35 -0500] "GET /BLA/resoluciones/AUTOS%202021/0245.php?act=img&img=ext_gif HTTP/1.1" 200 175
47.128.59.86 - - [26/Apr/2024:06:53:35 -0500] "GET /BLA/resoluciones/AUTOS%202021/0245.php?act=img&img=download HTTP/1.1" 200 161
47.128.59.86 - - [26/Apr/2024:06:53:35 -0500] "GET /BLA/resoluciones/AUTOS%202021/0245.php?act=img&img=ext_exe HTTP/1.1" 200 118
47.128.59.86 - - [26/Apr/2024:06:53:36 -0500] "GET /BLA/resoluciones/AUTOS%202021/0245.php?act=img&img=ext_ini HTTP/1.1" 200 134
47.128.59.86 - - [26/Apr/2024:06:53:36 -0500] "GET /BLA/resoluciones/AUTOS%202021/0245.php?act=img&img=ext_rtf HTTP/1.1" 200 164
3.224.220.101 - - [26/Apr/2024:06:53:36 -0500] "GET /BLA/resoluciones/RESOLUCIONES%202008/1215.pdf HTTP/1.1" 200 68039
23.22.35.162 - - [26/Apr/2024:06:53:40 -0500] "GET /BLA/resoluciones/RESOLUCIONES%202008/1214.pdf HTTP/1.1" 200 67075
52.70.240.171 - - [26/Apr/2024:06:53:44 -0500] "GET /BLA/resoluciones/RESOLUCIONES%202008/1213.pdf HTTP/1.1" 200 134035
23.22.35.162 - - [26/Apr/2024:06:53:48 -0500] "GET /BLA/resoluciones/RESOLUCIONES%202008/1212.pdf HTTP/1.1" 200 67146
23.22.35.162 - - [26/Apr/2024:06:53:52 -0500] "GET /BLA/resoluciones/RESOLUCIONES%202008/1211.pdf HTTP/1.1" 200 130706
23.22.35.162 - - [26/Apr/2024:06:53:56 -0500] "GET /BLA/resoluciones/RESOLUCIONES%202008/1210.pdf HTTP/1.1" 200 66304
47.128.59.51 - - [26/Apr/2024:06:54:00 -0500] "GET /BLA/resoluciones/AUTOS%202021/0245.php?act=img&img=ext_diz HTTP/1.1" 200 1027
47.128.59.51 - - [26/Apr/2024:06:54:00 -0500] "GET /BLA/resoluciones/AUTOS%202021/0245.php?act=img&img=ext_png HTTP/1.1" 200 175
47.128.59.51 - - [26/Apr/2024:06:54:00 -0500] "GET /BLA/resoluciones/AUTOS%202021/0245.php?act=img&img=ext_txt HTTP/1.1" 200 132
47.128.59.51 - - [26/Apr/2024:06:54:00 -0500] "GET /BLA/resoluciones/AUTOS%202021/0245.php?act=img&img=ext_html HTTP/1.1" 200 230
47.128.59.51 - - [26/Apr/2024:06:54:00 -0500] "GET /BLA/resoluciones/AUTOS%202021/0245.php?act=img&img=ext_exe HTTP/1.1" 200 118
47.128.59.51 - - [26/Apr/2024:06:54:00 -0500] "GET /BLA/resoluciones/AUTOS%202021/0245.php?act=img&img=ext_gif HTTP/1.1" 200 175
47.128.59.51 - - [26/Apr/2024:06:54:00 -0500] "GET /BLA/resoluciones/AUTOS%202021/0245.php?act=img&img=download HTTP/1.1" 200 161
47.128.59.51 - - [26/Apr/2024:06:54:00 -0500] "GET /BLA/resoluciones/AUTOS%202021/0245.php?act=img&img=ext_ini HTTP/1.1" 200 134
47.128.59.51 - - [26/Apr/2024:06:53:58 -0500] "GET /BLA/resoluciones/AUTOS%202021/0245.php?act=f&d=C%3A%5CAmbienteBogota%5Ccounter%5Cdigits%5Cmarble&f=1.png HTTP/1.1" 200 15510
23.22.35.162 - - [26/Apr/2024:06:54:01 -0500] "GET /BLA/resoluciones/RESOLUCIONES%202008/1209.pdf HTTP/1.1" 200 65757
47.128.59.51 - - [26/Apr/2024:06:54:01 -0500] "GET /BLA/resoluciones/AUTOS%202021/0245.php?act=img&img=change HTTP/1.1" 200 290
47.128.59.51 - - [26/Apr/2024:06:54:01 -0500] "GET /BLA/resoluciones/AUTOS%202021/0245.php?act=img&img=ext_rtf HTTP/1.1" 200 164
47.128.96.72 - - [26/Apr/2024:06:54:04 -0500] "GET /robots.txt HTTP/1.1" 404 1034
23.22.35.162 - - [26/Apr/2024:06:54:04 -0500] "GET /BLA/resoluciones/RESOLUCIONES%202008/1208.pdf HTTP/1.1" 200 126297
3.224.220.101 - - [26/Apr/2024:06:54:08 -0500] "GET /BLA/resoluciones/RESOLUCIONES%202008/1207.pdf HTTP/1.1" 200 68762
52.70.240.171 - - [26/Apr/2024:06:54:14 -0500] "GET /BLA/resoluciones/RESOLUCIONES%202008/1206.pdf HTTP/1.1" 200 69061
52.70.240.171 - - [26/Apr/2024:06:54:19 -0500] "GET /BLA/resoluciones/RESOLUCIONES%202008/1205.pdf HTTP/1.1" 200 517844
172.22.2.4 - - [26/Apr/2024:06:52:39 -0500] "GET /BLA/boletinlegal/ HTTP/1.1" 200 59967
52.70.240.171 - - [26/Apr/2024:06:54:20 -0500] "GET /BLA/resoluciones/RESOLUCIONES%202008/1204.pdf HTTP/1.1" 200 293589
47.128.114.118 - - [26/Apr/2024:06:54:23 -0500] "GET /BLA/resoluciones/AUTOS%202021/0245.php?act=d&d=E%3A%5Cnuevo%5CphpMyAdmin2%5Clocale%5Csi%5C.. HTTP/1.1" 200 2756
52.70.240.171 - - [26/Apr/2024:06:54:24 -0500] "GET /BLA/resoluciones/RESOLUCIONES%202008/1203.pdf HTTP/1.1" 200 1245916
52.70.240.171 - - [26/Apr/2024:06:54:29 -0500] "GET /BLA/resoluciones/RESOLUCIONES%202008/1202.pdf HTTP/1.1" 200 229209
23.22.35.162 - - [26/Apr/2024:06:54:32 -0500] "GET /BLA/resoluciones/RESOLUCIONES%202008/1201.pdf HTTP/1.1" 200 495154
52.70.240.171 - - [26/Apr/2024:06:54:36 -0500] "GET /BLA/resoluciones/RESOLUCIONES%202008/1200.pdf HTTP/1.1" 200 91116
52.70.240.171 - - [26/Apr/2024:06:54:40 -0500] "GET /BLA/resoluciones/RESOLUCIONES%202008/1199.pdf HTTP/1.1" 200 48323
52.70.240.171 - - [26/Apr/2024:06:54:45 -0500] "GET /BLA/resoluciones/RESOLUCIONES%202008/1198.pdf HTTP/1.1" 200 245747
47.128.38.41 - - [26/Apr/2024:06:54:47 -0500] "GET /BLA/resoluciones/AUTOS%202021/0245.php?act=tools&d=C%3A%5Cdmz%5Csrc%5Cxampp-start-stop%5C HTTP/1.1" 200 3021
52.70.240.171 - - [26/Apr/2024:06:54:49 -0500] "GET /BLA/resoluciones/RESOLUCIONES%202008/1197.pdf HTTP/1.1" 200 749734
172.22.2.4 - - [26/Apr/2024:06:54:52 -0500] "GET /BLA/boletinlegal/conceptos.php HTTP/1.1" 200 7588
172.22.2.4 - - [26/Apr/2024:06:54:52 -0500] "GET /BLA/boletinlegal/styles2.css HTTP/1.1" 200 1838
172.22.2.4 - - [26/Apr/2024:06:54:52 -0500] "GET /BLA/boletinlegal/js/ajax_conceptos.js HTTP/1.1" 200 1326
172.22.2.4 - - [26/Apr/2024:06:54:52 -0500] "GET /BLA/boletinlegal/niceforms-default.css HTTP/1.1" 200 6694
172.22.2.4 - - [26/Apr/2024:06:54:52 -0500] "GET /BLA/boletinlegal/niceforms.js HTTP/1.1" 200 22876
172.22.2.4 - - [26/Apr/2024:06:54:52 -0500] "GET /BLA/boletinlegal/style.css HTTP/1.1" 200 9406
172.22.2.4 - - [26/Apr/2024:06:54:52 -0500] "GET /BLA/boletinlegal/images/cabezote%20BLEGAL.jpg HTTP/1.1" 200 118164
172.22.2.4 - - [26/Apr/2024:06:54:52 -0500] "GET /BLA/boletinlegal/images/subscribe-icon-big.png HTTP/1.1" 200 47702
172.22.2.4 - - [26/Apr/2024:06:54:52 -0500] "GET /BLA/boletinlegal/images/historia.png HTTP/1.1" 200 52775
172.22.2.4 - - [26/Apr/2024:06:54:52 -0500] "GET /BLA/boletinlegal/images/body_bg.jpg HTTP/1.1" 200 1601
172.22.2.4 - - [26/Apr/2024:06:54:52 -0500] "GET /BLA/boletinlegal/images/footer_bg.jpg HTTP/1.1" 200 586
172.22.2.4 - - [26/Apr/2024:06:54:52 -0500] "GET /BLA/boletinlegal/images/menu_lft.gif HTTP/1.1" 200 1713
172.22.2.4 - - [26/Apr/2024:06:54:52 -0500] "GET /BLA/boletinlegal/images/menu_rght.gif HTTP/1.1" 200 1627
172.22.2.4 - - [26/Apr/2024:06:54:52 -0500] "GET /BLA/boletinlegal/images/bg_top.jpg HTTP/1.1" 200 522
172.22.2.4 - - [26/Apr/2024:06:54:52 -0500] "GET /BLA/boletinlegal/images/text.jpg HTTP/1.1" 200 568
172.22.2.4 - - [26/Apr/2024:06:54:52 -0500] "GET /BLA/boletinlegal/images/hover.jpg HTTP/1.1" 200 640
172.22.2.4 - - [26/Apr/2024:06:54:52 -0500] "GET /BLA/boletinlegal/images/menu_bg.jpg HTTP/1.1" 200 620
172.22.2.4 - - [26/Apr/2024:06:54:52 -0500] "GET /BLA/boletinlegal/images/registro-usuarios.png HTTP/1.1" 200 8106
172.22.2.4 - - [26/Apr/2024:06:54:52 -0500] "GET /BLA/boletinlegal/images/tel.png HTTP/1.1" 200 14477
172.22.2.4 - - [26/Apr/2024:06:54:52 -0500] "GET /BLA/boletinlegal/images/icono-email.png HTTP/1.1" 200 5544
172.22.2.4 - - [26/Apr/2024:06:54:52 -0500] "GET /BLA/boletinlegal/images/footer_bg_l.jpg HTTP/1.1" 200 776
172.22.2.4 - - [26/Apr/2024:06:54:52 -0500] "GET /BLA/boletinlegal/img/select-left.png HTTP/1.1" 200 263
172.22.2.4 - - [26/Apr/2024:06:54:52 -0500] "GET /BLA/boletinlegal/img/select-right.png HTTP/1.1" 200 44019
172.22.2.4 - - [26/Apr/2024:06:54:52 -0500] "GET /BLA/boletinlegal/img/0.png HTTP/1.1" 200 110
172.22.2.4 - - [26/Apr/2024:06:54:52 -0500] "GET /BLA/boletinlegal/img/button-right.png HTTP/1.1" 200 57878
172.22.2.4 - - [26/Apr/2024:06:54:52 -0500] "GET /BLA/boletinlegal/img/button-left.png HTTP/1.1" 200 57071
172.22.2.4 - - [26/Apr/2024:06:54:52 -0500] "GET /BLA/boletinlegal/img/button.png HTTP/1.1" 200 43241
172.22.2.4 - - [26/Apr/2024:06:54:52 -0500] "GET /BLA/boletinlegal/favicon.ico HTTP/1.1" 404 1334
23.22.35.162 - - [26/Apr/2024:06:54:54 -0500] "GET /BLA/resoluciones/RESOLUCIONES%202008/1196.pdf HTTP/1.1" 200 223692
23.22.35.162 - - [26/Apr/2024:06:54:56 -0500] "GET /BLA/resoluciones/RESOLUCIONES%202008/1195.pdf HTTP/1.1" 200 312851
172.22.2.4 - - [26/Apr/2024:06:54:59 -0500] "GET /BLA/boletinlegal/consulta_conceptos.php?no=&solicitante=&radicado_entrada=&fecha_concepto=2024&objeto= HTTP/1.1" 200 10145
172.22.2.4 - - [26/Apr/2024:06:54:59 -0500] "GET /BLA/boletinlegal/images/pdf.gif HTTP/1.1" 200 567
172.22.2.4 - - [26/Apr/2024:06:54:59 -0500] "GET /BLA/boletinlegal/images/background.gif HTTP/1.1" 200 -
52.70.240.171 - - [26/Apr/2024:06:55:01 -0500] "GET /BLA/resoluciones/RESOLUCIONES%202008/1194.pdf HTTP/1.1" 200 460635
23.22.35.162 - - [26/Apr/2024:06:55:04 -0500] "GET /BLA/resoluciones/RESOLUCIONES%202008/1193.pdf HTTP/1.1" 200 955214
66.249.66.19 - - [26/Apr/2024:06:55:05 -0500] "GET /BLA/resoluciones/AUTOS%202011/0121.pdf HTTP/1.1" 200 188535
52.70.240.171 - - [26/Apr/2024:06:55:08 -0500] "GET /BLA/resoluciones/RESOLUCIONES%202008/1192.pdf HTTP/1.1" 200 253193
47.128.97.7 - - [26/Apr/2024:06:55:12 -0500] "GET /BLA/resoluciones/AUTOS%202021/0245.php?act=f&d=E%3A%5Cnuevo%5Chtdocs%5CResiduos%5Cimpresion%5Cimages%5C&f=page65.swf&fullhexdump=1 HTTP/1.1" 200 3021
23.22.35.162 - - [26/Apr/2024:06:55:12 -0500] "GET /BLA/resoluciones/RESOLUCIONES%202008/1191.pdf HTTP/1.1" 200 452987
47.128.97.7 - - [26/Apr/2024:06:55:12 -0500] "GET /BLA/resoluciones/AUTOS%202021/0245.php?act=img&img=ext_html HTTP/1.1" 200 230
47.128.97.7 - - [26/Apr/2024:06:55:12 -0500] "GET /BLA/resoluciones/AUTOS%202021/0245.php?act=img&img=ext_txt HTTP/1.1" 200 132
47.128.97.7 - - [26/Apr/2024:06:55:12 -0500] "GET /BLA/resoluciones/AUTOS%202021/0245.php?act=img&img=ext_swf HTTP/1.1" 200 254
47.128.97.7 - - [26/Apr/2024:06:55:12 -0500] "GET /BLA/resoluciones/AUTOS%202021/0245.php?act=img&img=ext_diz HTTP/1.1" 200 1027
47.128.97.7 - - [26/Apr/2024:06:55:12 -0500] "GET /BLA/resoluciones/AUTOS%202021/0245.php?act=img&img=ext_gif HTTP/1.1" 200 175
47.128.97.7 - - [26/Apr/2024:06:55:12 -0500] "GET /BLA/resoluciones/AUTOS%202021/0245.php?act=img&img=ext_exe HTTP/1.1" 200 118
47.128.97.7 - - [26/Apr/2024:06:55:13 -0500] "GET /BLA/resoluciones/AUTOS%202021/0245.php?act=img&img=change HTTP/1.1" 200 290
47.128.97.7 - - [26/Apr/2024:06:55:13 -0500] "GET /BLA/resoluciones/AUTOS%202021/0245.php?act=img&img=ext_rtf HTTP/1.1" 200 164
47.128.97.7 - - [26/Apr/2024:06:55:13 -0500] "GET /BLA/resoluciones/AUTOS%202021/0245.php?act=img&img=download HTTP/1.1" 200 161
47.128.97.7 - - [26/Apr/2024:06:55:13 -0500] "GET /BLA/resoluciones/AUTOS%202021/0245.php?act=img&img=ext_ini HTTP/1.1" 200 134
3.224.220.101 - - [26/Apr/2024:06:55:18 -0500] "GET /BLA/resoluciones/RESOLUCIONES%202008/1190.pdf HTTP/1.1" 200 1412642
3.224.220.101 - - [26/Apr/2024:06:55:20 -0500] "GET /BLA/resoluciones/RESOLUCIONES%202008/1189.pdf HTTP/1.1" 200 368954
23.22.35.162 - - [26/Apr/2024:06:55:24 -0500] "GET /BLA/resoluciones/RESOLUCIONES%202008/1188.pdf HTTP/1.1" 200 182687
52.70.240.171 - - [26/Apr/2024:06:55:28 -0500] "GET /BLA/resoluciones/RESOLUCIONES%202008/1187.pdf HTTP/1.1" 200 191195
216.244.66.246 - - [26/Apr/2024:06:55:28 -0500] "GET /portaldeninos/que-es-cambio-climatico HTTP/1.1" 301 -
23.22.35.162 - - [26/Apr/2024:06:55:32 -0500] "GET /BLA/resoluciones/RESOLUCIONES%202008/1186.pdf HTTP/1.1" 200 57318
23.22.35.162 - - [26/Apr/2024:06:55:36 -0500] "GET /BLA/resoluciones/RESOLUCIONES%202008/1185.pdf HTTP/1.1" 200 1185914
47.128.18.53 - - [26/Apr/2024:06:55:36 -0500] "GET /BLA/resoluciones/AUTOS%202021/0245.php?act=f&d=C%3A%5CAmbienteBogota%5Cautoliquidacion&f=contar.php HTTP/1.1" 200 3551
47.128.18.53 - - [26/Apr/2024:06:55:37 -0500] "GET /BLA/resoluciones/AUTOS%202021/0245.php?act=img&img=ext_txt HTTP/1.1" 200 132
47.128.18.53 - - [26/Apr/2024:06:55:37 -0500] "GET /BLA/resoluciones/AUTOS%202021/0245.php?act=img&img=ext_exe HTTP/1.1" 200 118
47.128.18.53 - - [26/Apr/2024:06:55:37 -0500] "GET /BLA/resoluciones/AUTOS%202021/0245.php?act=img&img=ext_diz HTTP/1.1" 200 1027
47.128.18.53 - - [26/Apr/2024:06:55:37 -0500] "GET /BLA/resoluciones/AUTOS%202021/0245.php?act=img&img=ext_php HTTP/1.1" 200 79
47.128.18.53 - - [26/Apr/2024:06:55:37 -0500] "GET /BLA/resoluciones/AUTOS%202021/0245.php?act=img&img=ext_gif HTTP/1.1" 200 175
47.128.18.53 - - [26/Apr/2024:06:55:37 -0500] "GET /BLA/resoluciones/AUTOS%202021/0245.php?act=img&img=ext_html HTTP/1.1" 200 230
47.128.18.53 - - [26/Apr/2024:06:55:38 -0500] "GET /BLA/resoluciones/AUTOS%202021/0245.php?act=img&img=ext_rtf HTTP/1.1" 200 164
47.128.18.53 - - [26/Apr/2024:06:55:38 -0500] "GET /BLA/resoluciones/AUTOS%202021/0245.php?act=img&img=change HTTP/1.1" 200 290
47.128.18.53 - - [26/Apr/2024:06:55:38 -0500] "GET /BLA/resoluciones/AUTOS%202021/0245.php?act=img&img=download HTTP/1.1" 200 161
47.128.18.53 - - [26/Apr/2024:06:55:38 -0500] "GET /BLA/resoluciones/AUTOS%202021/0245.php?act=img&img=ext_ini HTTP/1.1" 200 134
23.22.35.162 - - [26/Apr/2024:06:55:40 -0500] "GET /BLA/resoluciones/RESOLUCIONES%202008/1184.pdf HTTP/1.1" 200 251045
172.22.2.4 - - [26/Apr/2024:06:55:43 -0500] "GET /BLA/boletinlegal/conceptos/2024/17.pdf HTTP/1.1" 200 485529
23.22.35.162 - - [26/Apr/2024:06:55:44 -0500] "GET /BLA/resoluciones/RESOLUCIONES%202008/1183.pdf HTTP/1.1" 200 112988
3.224.220.101 - - [26/Apr/2024:06:55:48 -0500] "GET /BLA/resoluciones/RESOLUCIONES%202008/1182.pdf HTTP/1.1" 200 169450
3.224.220.101 - - [26/Apr/2024:06:55:52 -0500] "GET /BLA/resoluciones/RESOLUCIONES%202008/1181.pdf HTTP/1.1" 200 57921
181.237.227.249 - - [26/Apr/2024:06:55:53 -0500] "GET /desde-el-1-de-mayo-habra-nueva-normativa-para-la-gestion-de-aceites-usados-de-origen-industrial.html HTTP/1.1" 200 1006
3.224.220.101 - - [26/Apr/2024:06:55:56 -0500] "GET /BLA/resoluciones/RESOLUCIONES%202008/1180.pdf HTTP/1.1" 200 55089
66.249.66.20 - - [26/Apr/2024:06:55:57 -0500] "GET /Publicaciones/2024EE81249.pdf HTTP/1.1" 304 -
3.224.220.101 - - [26/Apr/2024:06:56:00 -0500] "GET /BLA/resoluciones/RESOLUCIONES%202008/1179.pdf HTTP/1.1" 200 418377
47.128.34.77 - - [26/Apr/2024:06:56:01 -0500] "GET /BLA/resoluciones/AUTOS%202021/0245.php?act=f&d=E%3A%5Cnuevo%5Chtdocs%5Ccumbreclima%5Cwp-admin%5Cincludes%5C&f=taxonomy.php HTTP/1.1" 200 6234
47.128.34.77 - - [26/Apr/2024:06:56:02 -0500] "GET /BLA/resoluciones/AUTOS%202021/0245.php?act=img&img=ext_html HTTP/1.1" 200 230
47.128.34.77 - - [26/Apr/2024:06:56:02 -0500] "GET /BLA/resoluciones/AUTOS%202021/0245.php?act=img&img=ext_txt HTTP/1.1" 200 132
47.128.34.77 - - [26/Apr/2024:06:56:02 -0500] "GET /BLA/resoluciones/AUTOS%202021/0245.php?act=img&img=ext_php HTTP/1.1" 200 79
47.128.34.77 - - [26/Apr/2024:06:56:02 -0500] "GET /BLA/resoluciones/AUTOS%202021/0245.php?act=img&img=ext_gif HTTP/1.1" 200 175
47.128.34.77 - - [26/Apr/2024:06:56:02 -0500] "GET /BLA/resoluciones/AUTOS%202021/0245.php?act=img&img=ext_diz HTTP/1.1" 200 1027
47.128.34.77 - - [26/Apr/2024:06:56:02 -0500] "GET /BLA/resoluciones/AUTOS%202021/0245.php?act=img&img=ext_exe HTTP/1.1" 200 118
47.128.34.77 - - [26/Apr/2024:06:56:02 -0500] "GET /BLA/resoluciones/AUTOS%202021/0245.php?act=img&img=download HTTP/1.1" 200 161
47.128.34.77 - - [26/Apr/2024:06:56:03 -0500] "GET /BLA/resoluciones/AUTOS%202021/0245.php?act=img&img=ext_rtf HTTP/1.1" 200 164
47.128.34.77 - - [26/Apr/2024:06:56:03 -0500] "GET /BLA/resoluciones/AUTOS%202021/0245.php?act=img&img=ext_ini HTTP/1.1" 200 134
47.128.34.77 - - [26/Apr/2024:06:56:03 -0500] "GET /BLA/resoluciones/AUTOS%202021/0245.php?act=img&img=change HTTP/1.1" 200 290
52.70.240.171 - - [26/Apr/2024:06:56:04 -0500] "GET /BLA/resoluciones/RESOLUCIONES%202008/1178.pdf HTTP/1.1" 200 709354
3.224.220.101 - - [26/Apr/2024:06:56:08 -0500] "GET /BLA/resoluciones/RESOLUCIONES%202008/1177.pdf HTTP/1.1" 200 911579
52.70.240.171 - - [26/Apr/2024:06:56:12 -0500] "GET /BLA/resoluciones/RESOLUCIONES%202008/1176.pdf HTTP/1.1" 200 946181
52.70.240.171 - - [26/Apr/2024:06:56:16 -0500] "GET /BLA/resoluciones/RESOLUCIONES%202008/1175.pdf HTTP/1.1" 200 252987
3.224.220.101 - - [26/Apr/2024:06:56:20 -0500] "GET /BLA/resoluciones/RESOLUCIONES%202008/1174.pdf HTTP/1.1" 200 535491
52.70.240.171 - - [26/Apr/2024:06:56:25 -0500] "GET /BLA/resoluciones/RESOLUCIONES%202008/1173.pdf HTTP/1.1" 200 583101
47.128.111.22 - - [26/Apr/2024:06:56:25 -0500] "GET /BLA/resoluciones/AUTOS%202021/0245.php?act=chmod&d=C%3A%5CAmbienteBogota%5Ccounter%5Cdigits%5Cmbc&f=1.png HTTP/1.1" 200 2877
172.22.2.4 - - [26/Apr/2024:06:56:26 -0500] "GET /BLA/boletinlegal/conceptos/2024/18.pdf HTTP/1.1" 200 476751
52.70.240.171 - - [26/Apr/2024:06:56:29 -0500] "GET /BLA/resoluciones/RESOLUCIONES%202008/1172.pdf HTTP/1.1" 200 247801
23.22.35.162 - - [26/Apr/2024:06:56:33 -0500] "GET /BLA/resoluciones/RESOLUCIONES%202008/1171.pdf HTTP/1.1" 200 251716
23.22.35.162 - - [26/Apr/2024:06:56:36 -0500] "GET /BLA/resoluciones/RESOLUCIONES%202008/1170.pdf HTTP/1.1" 200 255465
52.70.240.171 - - [26/Apr/2024:06:56:40 -0500] "GET /BLA/resoluciones/RESOLUCIONES%202008/1169.pdf HTTP/1.1" 200 284657
23.22.35.162 - - [26/Apr/2024:06:56:44 -0500] "GET /BLA/resoluciones/RESOLUCIONES%202008/1168.pdf HTTP/1.1" 200 131020
52.70.240.171 - - [26/Apr/2024:06:56:48 -0500] "GET /BLA/resoluciones/RESOLUCIONES%202008/1167.pdf HTTP/1.1" 200 67823
47.128.47.106 - - [26/Apr/2024:06:56:48 -0500] "GET /BLA/resoluciones/AUTOS%202021/0245.php?act=sql&d=C%3A%5CAmbienteBogota%5Ccounter%5Cdigits%5Cariali%5C HTTP/1.1" 200 3060
23.22.35.162 - - [26/Apr/2024:06:56:52 -0500] "GET /BLA/resoluciones/RESOLUCIONES%202008/1166.pdf HTTP/1.1" 200 210314
52.70.240.171 - - [26/Apr/2024:06:56:56 -0500] "GET /BLA/resoluciones/RESOLUCIONES%202008/1165.pdf HTTP/1.1" 200 417716
1.157.73.65 - - [26/Apr/2024:06:57:00 -0500] "GET /robots.txt HTTP/1.1" 404 1034
23.22.35.162 - - [26/Apr/2024:06:57:00 -0500] "GET /BLA/resoluciones/RESOLUCIONES%202008/1164.pdf HTTP/1.1" 200 194885
52.70.240.171 - - [26/Apr/2024:06:57:04 -0500] "GET /BLA/resoluciones/RESOLUCIONES%202008/1163.pdf HTTP/1.1" 200 746301
172.22.2.4 - - [26/Apr/2024:06:57:07 -0500] "GET /BLA/boletinlegal/conceptos/2024/19.pdf HTTP/1.1" 200 452207
23.22.35.162 - - [26/Apr/2024:06:57:08 -0500] "GET /BLA/resoluciones/RESOLUCIONES%202008/1162.pdf HTTP/1.1" 200 360837
23.22.35.162 - - [26/Apr/2024:06:57:12 -0500] "GET /BLA/resoluciones/RESOLUCIONES%202008/1161.pdf HTTP/1.1" 200 233262
47.128.127.172 - - [26/Apr/2024:06:57:13 -0500] "GET /BLA/resoluciones/AUTOS%202021/0245.php?act=f&d=E%3A%5Cnuevo%5Chtdocs%5Ccumbredelclima%5Cwp-includes%5Cjs%5C&f=utils.min.js&imgsize=50 HTTP/1.1" 200 3840
47.128.127.172 - - [26/Apr/2024:06:57:13 -0500] "GET /BLA/resoluciones/AUTOS%202021/0245.php?act=img&img=ext_gif HTTP/1.1" 200 175
47.128.127.172 - - [26/Apr/2024:06:57:13 -0500] "GET /BLA/resoluciones/AUTOS%202021/0245.php?act=img&img=ext_exe HTTP/1.1" 200 118
47.128.127.172 - - [26/Apr/2024:06:57:13 -0500] "GET /BLA/resoluciones/AUTOS%202021/0245.php?act=img&img=ext_txt HTTP/1.1" 200 132
47.128.127.172 - - [26/Apr/2024:06:57:13 -0500] "GET /BLA/resoluciones/AUTOS%202021/0245.php?act=img&img=ext_html HTTP/1.1" 200 230
47.128.127.172 - - [26/Apr/2024:06:57:13 -0500] "GET /BLA/resoluciones/AUTOS%202021/0245.php?act=img&img=ext_diz HTTP/1.1" 200 1027
47.128.127.172 - - [26/Apr/2024:06:57:13 -0500] "GET /BLA/resoluciones/AUTOS%202021/0245.php?act=img&img=ext_js HTTP/1.1" 200 131
47.128.127.172 - - [26/Apr/2024:06:57:14 -0500] "GET /BLA/resoluciones/AUTOS%202021/0245.php?act=img&img=change HTTP/1.1" 200 290
47.128.127.172 - - [26/Apr/2024:06:57:14 -0500] "GET /BLA/resoluciones/AUTOS%202021/0245.php?act=img&img=ext_rtf HTTP/1.1" 200 164
47.128.127.172 - - [26/Apr/2024:06:57:14 -0500] "GET /BLA/resoluciones/AUTOS%202021/0245.php?act=img&img=download HTTP/1.1" 200 161
47.128.127.172 - - [26/Apr/2024:06:57:14 -0500] "GET /BLA/resoluciones/AUTOS%202021/0245.php?act=img&img=ext_ini HTTP/1.1" 200 134
201.245.192.253 - - [26/Apr/2024:06:57:15 -0500] "POST /kwsrmcab/Wsrmcab  HTTP/1.1" 200 41015
3.224.220.101 - - [26/Apr/2024:06:57:16 -0500] "GET /BLA/resoluciones/RESOLUCIONES%202008/1160.pdf HTTP/1.1" 200 289634
3.224.220.101 - - [26/Apr/2024:06:57:20 -0500] "GET /BLA/resoluciones/RESOLUCIONES%202008/1159.pdf HTTP/1.1" 200 816328
172.22.2.4 - - [26/Apr/2024:06:57:20 -0500] "GET /BLA/boletinlegal/conceptos/2024/20.pdf HTTP/1.1" 404 1334
3.224.220.101 - - [26/Apr/2024:06:57:24 -0500] "GET /BLA/resoluciones/RESOLUCIONES%202008/1158.pdf HTTP/1.1" 200 1331849
172.22.2.4 - - [26/Apr/2024:06:57:26 -0500] "GET /BLA/boletinlegal/conceptos/2024/20.pdf HTTP/1.1" 404 1334
52.70.240.171 - - [26/Apr/2024:06:57:29 -0500] "GET /BLA/resoluciones/RESOLUCIONES%202008/1157.pdf HTTP/1.1" 200 1946163
52.70.240.171 - - [26/Apr/2024:06:57:32 -0500] "GET /BLA/resoluciones/RESOLUCIONES%202008/1156.pdf HTTP/1.1" 200 231908
52.70.240.171 - - [26/Apr/2024:06:57:36 -0500] "GET /BLA/resoluciones/RESOLUCIONES%202008/1155.pdf HTTP/1.1" 200 262801
216.245.221.92 - - [26/Apr/2024:06:57:36 -0500] "HEAD / HTTP/1.1" 200 -
40.77.167.70 - - [26/Apr/2024:06:57:37 -0500] "GET /desde-el-1-de-mayo-habra-nueva-normativa-para-la-gestion-de-aceites-usados-de-origen-industrial.html HTTP/1.1" 200 1006
47.128.32.146 - - [26/Apr/2024:06:57:37 -0500] "GET /BLA/resoluciones/AUTOS%202021/0245.php?act=f&base64=4&d=E%3A%5Cnuevo%5Chtdocs%5Ccumbredelclima%5Cwp-includes%5Cjs%5C&f=utils.js HTTP/1.1" 200 4611
47.128.53.148 - - [26/Apr/2024:06:57:37 -0500] "GET /robots.txt HTTP/1.1" 404 1034
47.128.32.146 - - [26/Apr/2024:06:57:38 -0500] "GET /BLA/resoluciones/AUTOS%202021/0245.php?act=img&img=ext_txt HTTP/1.1" 200 132
47.128.32.146 - - [26/Apr/2024:06:57:38 -0500] "GET /BLA/resoluciones/AUTOS%202021/0245.php?act=img&img=ext_exe HTTP/1.1" 200 118
47.128.32.146 - - [26/Apr/2024:06:57:38 -0500] "GET /BLA/resoluciones/AUTOS%202021/0245.php?act=img&img=ext_gif HTTP/1.1" 200 175
47.128.32.146 - - [26/Apr/2024:06:57:38 -0500] "GET /BLA/resoluciones/AUTOS%202021/0245.php?act=img&img=ext_diz HTTP/1.1" 200 1027
47.128.32.146 - - [26/Apr/2024:06:57:38 -0500] "GET /BLA/resoluciones/AUTOS%202021/0245.php?act=img&img=ext_js HTTP/1.1" 200 131
47.128.32.146 - - [26/Apr/2024:06:57:38 -0500] "GET /BLA/resoluciones/AUTOS%202021/0245.php?act=img&img=ext_html HTTP/1.1" 200 230
47.128.32.146 - - [26/Apr/2024:06:57:38 -0500] "GET /BLA/resoluciones/AUTOS%202021/0245.php?act=img&img=download HTTP/1.1" 200 161
47.128.32.146 - - [26/Apr/2024:06:57:38 -0500] "GET /BLA/resoluciones/AUTOS%202021/0245.php?act=img&img=change HTTP/1.1" 200 290
47.128.32.146 - - [26/Apr/2024:06:57:38 -0500] "GET /BLA/resoluciones/AUTOS%202021/0245.php?act=img&img=ext_rtf HTTP/1.1" 200 164
47.128.32.146 - - [26/Apr/2024:06:57:38 -0500] "GET /BLA/resoluciones/AUTOS%202021/0245.php?act=img&img=ext_ini HTTP/1.1" 200 134
52.70.240.171 - - [26/Apr/2024:06:57:42 -0500] "GET /BLA/resoluciones/RESOLUCIONES%202008/1154.pdf HTTP/1.1" 200 462333
181.237.227.249 - - [26/Apr/2024:06:57:43 -0500] "GET /desde-el-1-de-mayo-habra-nueva-normativa-para-la-gestion-de-aceites-usados-de-origen-industrial.html HTTP/1.1" 304 -
23.22.35.162 - - [26/Apr/2024:06:57:44 -0500] "GET /BLA/resoluciones/RESOLUCIONES%202008/1153.pdf HTTP/1.1" 200 183557
23.22.35.162 - - [26/Apr/2024:06:57:48 -0500] "GET /BLA/resoluciones/RESOLUCIONES%202008/1152.pdf HTTP/1.1" 200 239239
3.224.220.101 - - [26/Apr/2024:06:57:53 -0500] "GET /BLA/resoluciones/RESOLUCIONES%202008/1151.pdf HTTP/1.1" 200 246521
3.224.220.101 - - [26/Apr/2024:06:57:56 -0500] "GET /BLA/resoluciones/RESOLUCIONES%202008/1150.pdf HTTP/1.1" 200 250398
52.70.240.171 - - [26/Apr/2024:06:58:00 -0500] "GET /BLA/resoluciones/RESOLUCIONES%202008/1149.pdf HTTP/1.1" 200 237850
47.128.127.181 - - [26/Apr/2024:06:58:02 -0500] "GET /BLA/resoluciones/AUTOS%202021/0245.php?act=chmod&d=E%3A%5Cnuevo%5Chtdocs%5CResiduos%5Ctextiles%5Cimages%5C&f=page67_thumbnail.jpg HTTP/1.1" 200 2900
3.224.220.101 - - [26/Apr/2024:06:58:04 -0500] "GET /BLA/resoluciones/RESOLUCIONES%202008/1148.pdf HTTP/1.1" 200 304206
3.224.220.101 - - [26/Apr/2024:06:58:08 -0500] "GET /BLA/resoluciones/RESOLUCIONES%202008/1147.pdf HTTP/1.1" 200 177913
23.22.35.162 - - [26/Apr/2024:06:58:13 -0500] "GET /BLA/resoluciones/RESOLUCIONES%202008/1146.pdf HTTP/1.1" 200 436155
3.224.220.101 - - [26/Apr/2024:06:58:16 -0500] "GET /BLA/resoluciones/RESOLUCIONES%202008/1145.pdf HTTP/1.1" 200 203445
52.70.240.171 - - [26/Apr/2024:06:58:20 -0500] "GET /BLA/resoluciones/RESOLUCIONES%202008/1144.pdf HTTP/1.1" 200 188426
23.22.35.162 - - [26/Apr/2024:06:58:24 -0500] "GET /BLA/resoluciones/RESOLUCIONES%202008/1143.pdf HTTP/1.1" 200 117040
47.128.35.217 - - [26/Apr/2024:06:58:26 -0500] "GET /BLA/resoluciones/AUTOS%202021/0245.php?act=ls&d=C%3A%5CAmbienteBogota%5Ccounter%5Cdigits%5Cflubber&sort=2a HTTP/1.1" 200 3744
47.128.35.217 - - [26/Apr/2024:06:58:26 -0500] "GET /BLA/resoluciones/AUTOS%202021/0245.php?act=img&img=arrow_ltr HTTP/1.1" 200 88
47.128.35.217 - - [26/Apr/2024:06:58:27 -0500] "GET /BLA/resoluciones/AUTOS%202021/0245.php?act=img&img=ext_png HTTP/1.1" 200 175
3.224.220.101 - - [26/Apr/2024:06:58:28 -0500] "GET /BLA/resoluciones/RESOLUCIONES%202008/1142.pdf HTTP/1.1" 200 559693
52.70.240.171 - - [26/Apr/2024:06:58:32 -0500] "GET /BLA/resoluciones/RESOLUCIONES%202008/1141.pdf HTTP/1.1" 200 69463
20.168.254.64 - - [26/Apr/2024:06:58:34 -0500] "GET /BLA/resoluciones/RESOLUCIONES%202017/0010.pdf HTTP/1.1" 200 1066692
23.22.35.162 - - [26/Apr/2024:06:58:36 -0500] "GET /BLA/resoluciones/RESOLUCIONES%202008/1140.pdf HTTP/1.1" 200 239176
52.70.240.171 - - [26/Apr/2024:06:58:40 -0500] "GET /BLA/resoluciones/RESOLUCIONES%202008/1139.pdf HTTP/1.1" 200 326669
3.224.220.101 - - [26/Apr/2024:06:58:44 -0500] "GET /BLA/resoluciones/RESOLUCIONES%202008/1138.pdf HTTP/1.1" 200 788513
52.70.240.171 - - [26/Apr/2024:06:58:48 -0500] "GET /BLA/resoluciones/RESOLUCIONES%202008/1137.pdf HTTP/1.1" 200 106428
47.128.119.156 - - [26/Apr/2024:06:58:50 -0500] "GET /BLA/resoluciones/AUTOS%202021/0245.php?act=upload&d=E%3A%5Cnuevo%5Chtdocs%5Ccalendario+trimestral%5Cintranet%5Csrc%5C HTTP/1.1" 200 2881
23.22.35.162 - - [26/Apr/2024:06:58:52 -0500] "GET /BLA/resoluciones/RESOLUCIONES%202008/1136.pdf HTTP/1.1" 200 359385
23.22.35.162 - - [26/Apr/2024:06:58:56 -0500] "GET /BLA/resoluciones/RESOLUCIONES%202008/1135.pdf HTTP/1.1" 200 370025
52.70.240.171 - - [26/Apr/2024:06:59:01 -0500] "GET /BLA/resoluciones/RESOLUCIONES%202008/1134.pdf HTTP/1.1" 200 197258
23.22.35.162 - - [26/Apr/2024:06:59:04 -0500] "GET /BLA/resoluciones/RESOLUCIONES%202008/1133.pdf HTTP/1.1" 200 258868
23.22.35.162 - - [26/Apr/2024:06:59:09 -0500] "GET /BLA/resoluciones/RESOLUCIONES%202008/1132.pdf HTTP/1.1" 200 241661
3.224.220.101 - - [26/Apr/2024:06:59:12 -0500] "GET /BLA/resoluciones/RESOLUCIONES%202008/1131.pdf HTTP/1.1" 200 245911
47.128.119.38 - - [26/Apr/2024:06:59:14 -0500] "GET /BLA/resoluciones/AUTOS%202021/0245.php?act=chmod&d=E%3A%5Cnuevo%5Chtdocs%5CResiduos%5Cfarmaceutica%5Cimages&f=page101_thumbnail.jpg HTTP/1.1" 200 2909
3.224.220.101 - - [26/Apr/2024:06:59:16 -0500] "GET /BLA/resoluciones/RESOLUCIONES%202008/1130.pdf HTTP/1.1" 200 221764
172.22.2.4 - - [26/Apr/2024:06:57:38 -0500] "HEAD /BLA/boletinlegal/ HTTP/1.1" 200 -
3.224.220.101 - - [26/Apr/2024:06:59:20 -0500] "GET /BLA/resoluciones/RESOLUCIONES%202008/1129.pdf HTTP/1.1" 200 212748
99.71.222.105 - - [26/Apr/2024:06:59:23 -0500] "GET /robots.txt HTTP/1.1" 404 1034
52.70.240.171 - - [26/Apr/2024:06:59:24 -0500] "GET /BLA/resoluciones/RESOLUCIONES%202008/1128.pdf HTTP/1.1" 200 416152
52.167.144.136 - - [26/Apr/2024:06:59:24 -0500] "GET /portaldeninos/parque-mirador-de-los-nevados/ HTTP/1.1" 200 89855
3.224.220.101 - - [26/Apr/2024:06:59:28 -0500] "GET /BLA/resoluciones/RESOLUCIONES%202008/1127.pdf HTTP/1.1" 200 263897
3.224.220.101 - - [26/Apr/2024:06:59:33 -0500] "GET /BLA/resoluciones/RESOLUCIONES%202008/1126.pdf HTTP/1.1" 200 216184
52.70.240.171 - - [26/Apr/2024:06:59:37 -0500] "GET /BLA/resoluciones/RESOLUCIONES%202008/1125.pdf HTTP/1.1" 200 67097
47.128.36.208 - - [26/Apr/2024:06:59:39 -0500] "GET /BLA/resoluciones/AUTOS%202021/0245.php?act=ls&d=E%3A%5Cnuevo%5Chtdocs%5Ccumbreclima%5Cwp-includes%5Cjs%5Ctinymce&sort=2a HTTP/1.1" 200 3892
47.128.36.208 - - [26/Apr/2024:06:59:40 -0500] "GET /BLA/resoluciones/AUTOS%202021/0245.php?act=img&img=ext_txt HTTP/1.1" 200 132
3.224.220.101 - - [26/Apr/2024:06:59:40 -0500] "GET /BLA/resoluciones/RESOLUCIONES%202008/1124.pdf HTTP/1.1" 200 87819
47.128.36.208 - - [26/Apr/2024:06:59:40 -0500] "GET /BLA/resoluciones/AUTOS%202021/0245.php?act=img&img=ext_js HTTP/1.1" 200 131
47.128.36.208 - - [26/Apr/2024:06:59:40 -0500] "GET /BLA/resoluciones/AUTOS%202021/0245.php?act=img&img=arrow_ltr HTTP/1.1" 200 88
47.128.36.208 - - [26/Apr/2024:06:59:40 -0500] "GET /BLA/resoluciones/AUTOS%202021/0245.php?act=img&img=ext_gz HTTP/1.1" 200 577
47.128.36.208 - - [26/Apr/2024:06:59:40 -0500] "GET /BLA/resoluciones/AUTOS%202021/0245.php?act=img&img=ext_php HTTP/1.1" 200 79
3.224.220.101 - - [26/Apr/2024:06:59:44 -0500] "GET /BLA/resoluciones/RESOLUCIONES%202008/1123.pdf HTTP/1.1" 200 65562
52.70.240.171 - - [26/Apr/2024:06:59:48 -0500] "GET /BLA/resoluciones/RESOLUCIONES%202008/1122.pdf HTTP/1.1" 200 48317
52.70.240.171 - - [26/Apr/2024:06:59:53 -0500] "GET /BLA/resoluciones/RESOLUCIONES%202008/1121.pdf HTTP/1.1" 200 128076
52.70.240.171 - - [26/Apr/2024:06:59:58 -0500] "GET /BLA/resoluciones/RESOLUCIONES%202008/1120.pdf HTTP/1.1" 200 65230
3.224.220.101 - - [26/Apr/2024:07:00:00 -0500] "GET /BLA/resoluciones/RESOLUCIONES%202008/1119.pdf HTTP/1.1" 200 47542
3.224.220.101 - - [26/Apr/2024:07:00:04 -0500] "GET /BLA/resoluciones/RESOLUCIONES%202008/1118.pdf HTTP/1.1" 200 149536
47.128.119.157 - - [26/Apr/2024:07:00:06 -0500] "GET /BLA/resoluciones/AUTOS%202021/0245.php?act=img&img=ext_gif HTTP/1.1" 200 175
47.128.119.157 - - [26/Apr/2024:07:00:06 -0500] "GET /BLA/resoluciones/AUTOS%202021/0245.php?act=img&img=ext_html HTTP/1.1" 200 230
47.128.119.157 - - [26/Apr/2024:07:00:06 -0500] "GET /BLA/resoluciones/AUTOS%202021/0245.php?act=img&img=ext_jpg HTTP/1.1" 200 175
47.128.119.157 - - [26/Apr/2024:07:00:06 -0500] "GET /BLA/resoluciones/AUTOS%202021/0245.php?act=img&img=ext_txt HTTP/1.1" 200 132
47.128.119.157 - - [26/Apr/2024:07:00:06 -0500] "GET /BLA/resoluciones/AUTOS%202021/0245.php?act=img&img=ext_exe HTTP/1.1" 200 118
47.128.119.157 - - [26/Apr/2024:07:00:06 -0500] "GET /BLA/resoluciones/AUTOS%202021/0245.php?act=img&img=ext_ini HTTP/1.1" 200 134
47.128.119.157 - - [26/Apr/2024:07:00:06 -0500] "GET /BLA/resoluciones/AUTOS%202021/0245.php?act=img&img=change HTTP/1.1" 200 290
47.128.119.157 - - [26/Apr/2024:07:00:06 -0500] "GET /BLA/resoluciones/AUTOS%202021/0245.php?act=img&img=ext_diz HTTP/1.1" 200 1027
47.128.119.157 - - [26/Apr/2024:07:00:06 -0500] "GET /BLA/resoluciones/AUTOS%202021/0245.php?act=img&img=download HTTP/1.1" 200 161
47.128.119.157 - - [26/Apr/2024:07:00:06 -0500] "GET /BLA/resoluciones/AUTOS%202021/0245.php?act=img&img=ext_rtf HTTP/1.1" 200 164
47.128.119.157 - - [26/Apr/2024:07:00:03 -0500] "GET /BLA/resoluciones/AUTOS%202021/0245.php?act=f&d=E%3A%5Cnuevo%5Chtdocs%5CResiduos%5Ctextiles%5Cimages%5C&f=page77_thumbnail.jpg&imgsize=100 HTTP/1.1" 200 16156
172.22.2.4 - - [26/Apr/2024:06:58:29 -0500] "GET /BLA/boletinlegal/ HTTP/1.1" 200 58273
3.224.220.101 - - [26/Apr/2024:07:00:11 -0500] "GET /BLA/resoluciones/RESOLUCIONES%202008/1117.pdf HTTP/1.1" 200 92511
23.22.35.162 - - [26/Apr/2024:07:00:12 -0500] "GET /BLA/resoluciones/RESOLUCIONES%202008/1116.pdf HTTP/1.1" 200 88657
3.224.220.101 - - [26/Apr/2024:07:00:16 -0500] "GET /BLA/resoluciones/RESOLUCIONES%202008/1115.pdf HTTP/1.1" 200 110058
23.22.35.162 - - [26/Apr/2024:07:00:20 -0500] "GET /BLA/resoluciones/RESOLUCIONES%202008/1114.pdf HTTP/1.1" 200 67177
23.22.35.162 - - [26/Apr/2024:07:00:24 -0500] "GET /BLA/resoluciones/RESOLUCIONES%202008/1113.pdf HTTP/1.1" 200 525028
47.128.58.105 - - [26/Apr/2024:07:00:27 -0500] "GET /BLA/resoluciones/AUTOS%202021/0245.php?act=chmod&d=E%3A%5Cnuevo%5Chtdocs%5CBLA%5Cresoluciones%5CRESOLUCIONES+2006%5CRES+2006+301-350%5C&f=Thumbs.db HTTP/1.1" 200 2940
213.186.1.154 - - [26/Apr/2024:07:00:28 -0500] "GET /desde-el-1-de-mayo-habra-nueva-normativa-para-la-gestion-de-aceites-usados-de-origen-industrial.html HTTP/1.1" 200 1006
3.224.220.101 - - [26/Apr/2024:07:00:28 -0500] "GET /BLA/resoluciones/RESOLUCIONES%202008/1112.pdf HTTP/1.1" 200 218760
52.70.240.171 - - [26/Apr/2024:07:00:32 -0500] "GET /BLA/resoluciones/RESOLUCIONES%202008/1111.pdf HTTP/1.1" 200 218680
3.224.220.101 - - [26/Apr/2024:07:00:39 -0500] "GET /BLA/resoluciones/RESOLUCIONES%202008/1110.pdf HTTP/1.1" 200 59457
23.22.35.162 - - [26/Apr/2024:07:00:40 -0500] "GET /BLA/resoluciones/RESOLUCIONES%202008/1109.pdf HTTP/1.1" 200 53677
23.22.35.162 - - [26/Apr/2024:07:00:46 -0500] "GET /BLA/resoluciones/RESOLUCIONES%202008/1108.pdf HTTP/1.1" 200 647489
23.22.35.162 - - [26/Apr/2024:07:00:48 -0500] "GET /BLA/resoluciones/RESOLUCIONES%202008/1107.pdf HTTP/1.1" 200 546552
66.249.66.11 - - [26/Apr/2024:07:00:49 -0500] "GET /BLA/resoluciones/RESOLUCIONES%202007/RES%202007%204001%20AL%204100/RESOLUCION%204042%20DE%202007.pdf HTTP/1.1" 200 218714
47.128.25.130 - - [26/Apr/2024:07:00:52 -0500] "GET /BLA/resoluciones/AUTOS%202021/0245.php?act=chmod&d=E%3A%5Cnuevo%5Chtdocs%5CResiduos%5Ccosmeticos%5Cimages&f=page21_thumbnail.jpg HTTP/1.1" 200 2903
52.70.240.171 - - [26/Apr/2024:07:00:53 -0500] "GET /BLA/resoluciones/RESOLUCIONES%202008/1106.pdf HTTP/1.1" 200 857619
52.70.240.171 - - [26/Apr/2024:07:00:57 -0500] "GET /BLA/resoluciones/RESOLUCIONES%202008/1105.pdf HTTP/1.1" 200 180131
23.22.35.162 - - [26/Apr/2024:07:01:00 -0500] "GET /BLA/resoluciones/RESOLUCIONES%202008/1104.pdf HTTP/1.1" 200 359228
52.70.240.171 - - [26/Apr/2024:07:01:04 -0500] "GET /BLA/resoluciones/RESOLUCIONES%202008/1103.pdf HTTP/1.1" 200 383698
52.70.240.171 - - [26/Apr/2024:07:01:09 -0500] "GET /BLA/resoluciones/RESOLUCIONES%202008/1102.pdf HTTP/1.1" 200 246287
52.70.240.171 - - [26/Apr/2024:07:01:12 -0500] "GET /BLA/resoluciones/RESOLUCIONES%202008/1101.pdf HTTP/1.1" 200 224928
23.22.35.162 - - [26/Apr/2024:07:01:16 -0500] "GET /BLA/resoluciones/RESOLUCIONES%202008/1100.pdf HTTP/1.1" 200 149603
47.128.30.47 - - [26/Apr/2024:07:01:16 -0500] "GET /BLA/resoluciones/AUTOS%202021/0245.php?act=f&base64=1&d=E%3A%5Cnuevo%5Chtdocs%5CResiduos%5Ccosmeticos%5Cimages%5C&f=page36_thumbnail.jpg HTTP/1.1" 200 16267
47.128.30.47 - - [26/Apr/2024:07:01:17 -0500] "GET /BLA/resoluciones/AUTOS%202021/0245.php?act=img&img=ext_txt HTTP/1.1" 200 132
47.128.30.47 - - [26/Apr/2024:07:01:17 -0500] "GET /BLA/resoluciones/AUTOS%202021/0245.php?act=img&img=ext_jpg HTTP/1.1" 200 175
47.128.30.47 - - [26/Apr/2024:07:01:17 -0500] "GET /BLA/resoluciones/AUTOS%202021/0245.php?act=img&img=ext_diz HTTP/1.1" 200 1027
47.128.30.47 - - [26/Apr/2024:07:01:17 -0500] "GET /BLA/resoluciones/AUTOS%202021/0245.php?act=img&img=ext_html HTTP/1.1" 200 230
47.128.30.47 - - [26/Apr/2024:07:01:17 -0500] "GET /BLA/resoluciones/AUTOS%202021/0245.php?act=img&img=ext_gif HTTP/1.1" 200 175
47.128.30.47 - - [26/Apr/2024:07:01:18 -0500] "GET /BLA/resoluciones/AUTOS%202021/0245.php?act=img&img=ext_exe HTTP/1.1" 200 118
47.128.30.47 - - [26/Apr/2024:07:01:18 -0500] "GET /BLA/resoluciones/AUTOS%202021/0245.php?act=img&img=download HTTP/1.1" 200 161
47.128.30.47 - - [26/Apr/2024:07:01:18 -0500] "GET /BLA/resoluciones/AUTOS%202021/0245.php?act=img&img=change HTTP/1.1" 200 290
47.128.30.47 - - [26/Apr/2024:07:01:18 -0500] "GET /BLA/resoluciones/AUTOS%202021/0245.php?act=img&img=ext_rtf HTTP/1.1" 200 164
47.128.30.47 - - [26/Apr/2024:07:01:18 -0500] "GET /BLA/resoluciones/AUTOS%202021/0245.php?act=img&img=ext_ini HTTP/1.1" 200 134
23.22.35.162 - - [26/Apr/2024:07:01:20 -0500] "GET /BLA/resoluciones/RESOLUCIONES%202008/1099.pdf HTTP/1.1" 200 301253
3.224.220.101 - - [26/Apr/2024:07:01:24 -0500] "GET /BLA/resoluciones/RESOLUCIONES%202008/1098.pdf HTTP/1.1" 200 374190
3.224.220.101 - - [26/Apr/2024:07:01:28 -0500] "GET /BLA/resoluciones/RESOLUCIONES%202008/1097.pdf HTTP/1.1" 200 250054
152.61.192.232 - - [26/Apr/2024:07:01:27 -0500] "GET /arcgis/services/?SERVICE=WMS&REQUEST=GetCapabilities HTTP/1.1" 503 1020
152.61.192.232 - - [26/Apr/2024:07:01:29 -0500] "GET /arcgis/services/?WMTVER=1.0.0&REQUEST=capabilities HTTP/1.1" 503 1020
23.22.35.162 - - [26/Apr/2024:07:01:32 -0500] "GET /BLA/resoluciones/RESOLUCIONES%202008/1096.pdf HTTP/1.1" 200 251992
3.224.220.101 - - [26/Apr/2024:07:01:36 -0500] "GET /BLA/resoluciones/RESOLUCIONES%202008/1095.pdf HTTP/1.1" 200 403902
23.22.35.162 - - [26/Apr/2024:07:01:40 -0500] "GET /BLA/resoluciones/RESOLUCIONES%202008/1094.pdf HTTP/1.1" 200 284530
47.128.30.230 - - [26/Apr/2024:07:01:40 -0500] "GET /BLA/resoluciones/AUTOS%202021/0245.php?act=chmod&d=E%3A%5Cnuevo%5Chtdocs%5CResiduos%5Ccosmeticos%5Cimages&f=page5_thumbnail.jpg HTTP/1.1" 200 2902
52.70.240.171 - - [26/Apr/2024:07:01:44 -0500] "GET /BLA/resoluciones/RESOLUCIONES%202008/1093.pdf HTTP/1.1" 200 364805
3.224.220.101 - - [26/Apr/2024:07:01:50 -0500] "GET /BLA/resoluciones/RESOLUCIONES%202008/1092.pdf HTTP/1.1" 200 294899
23.22.35.162 - - [26/Apr/2024:07:01:52 -0500] "GET /BLA/resoluciones/RESOLUCIONES%202008/1091.pdf HTTP/1.1" 200 185068
23.22.35.162 - - [26/Apr/2024:07:01:56 -0500] "GET /BLA/resoluciones/RESOLUCIONES%202008/1090.pdf HTTP/1.1" 200 186906
23.22.35.162 - - [26/Apr/2024:07:02:00 -0500] "GET /BLA/resoluciones/RESOLUCIONES%202008/1089.pdf HTTP/1.1" 200 297000
47.128.41.136 - - [26/Apr/2024:07:02:04 -0500] "GET /BLA/resoluciones/AUTOS%202021/0245.php?act=f&d=C%3A%5CAmbienteBogota%5Cauto%5C&f=formrespo.htm HTTP/1.1" 200 3720
23.22.35.162 - - [26/Apr/2024:07:02:05 -0500] "GET /BLA/resoluciones/RESOLUCIONES%202008/1088.pdf HTTP/1.1" 200 554764
47.128.41.136 - - [26/Apr/2024:07:02:05 -0500] "GET /BLA/resoluciones/AUTOS%202021/0245.php?act=img&img=change HTTP/1.1" 200 290
47.128.41.136 - - [26/Apr/2024:07:02:05 -0500] "GET /BLA/resoluciones/AUTOS%202021/0245.php?act=img&img=ext_htm HTTP/1.1" 200 79
47.128.41.136 - - [26/Apr/2024:07:02:05 -0500] "GET /BLA/resoluciones/AUTOS%202021/0245.php?act=img&img=ext_exe HTTP/1.1" 200 118
47.128.41.136 - - [26/Apr/2024:07:02:05 -0500] "GET /BLA/resoluciones/AUTOS%202021/0245.php?act=img&img=ext_txt HTTP/1.1" 200 132
47.128.41.136 - - [26/Apr/2024:07:02:05 -0500] "GET /BLA/resoluciones/AUTOS%202021/0245.php?act=img&img=ext_gif HTTP/1.1" 200 175
47.128.41.136 - - [26/Apr/2024:07:02:05 -0500] "GET /BLA/resoluciones/AUTOS%202021/0245.php?act=img&img=ext_html HTTP/1.1" 200 230
47.128.41.136 - - [26/Apr/2024:07:02:06 -0500] "GET /BLA/resoluciones/AUTOS%202021/0245.php?act=img&img=ext_rtf HTTP/1.1" 200 164
47.128.41.136 - - [26/Apr/2024:07:02:06 -0500] "GET /BLA/resoluciones/AUTOS%202021/0245.php?act=img&img=ext_ini HTTP/1.1" 200 134
47.128.41.136 - - [26/Apr/2024:07:02:06 -0500] "GET /BLA/resoluciones/AUTOS%202021/0245.php?act=img&img=download HTTP/1.1" 200 161
47.128.41.136 - - [26/Apr/2024:07:02:06 -0500] "GET /BLA/resoluciones/AUTOS%202021/0245.php?act=img&img=ext_diz HTTP/1.1" 200 1027
23.22.35.162 - - [26/Apr/2024:07:02:08 -0500] "GET /BLA/resoluciones/RESOLUCIONES%202008/1087.pdf HTTP/1.1" 200 298473
52.70.240.171 - - [26/Apr/2024:07:02:13 -0500] "GET /BLA/resoluciones/RESOLUCIONES%202008/1086.pdf HTTP/1.1" 200 310280
23.22.35.162 - - [26/Apr/2024:07:02:16 -0500] "GET /BLA/resoluciones/RESOLUCIONES%202008/1085.pdf HTTP/1.1" 200 294926
201.245.192.253 - - [26/Apr/2024:07:02:14 -0500] "POST /kwsrmcab/Wsrmcab  HTTP/1.1" 200 41015
3.224.220.101 - - [26/Apr/2024:07:02:20 -0500] "GET /BLA/resoluciones/RESOLUCIONES%202008/1084.pdf HTTP/1.1" 200 293541
52.70.240.171 - - [26/Apr/2024:07:02:25 -0500] "GET /BLA/resoluciones/RESOLUCIONES%202008/1083.pdf HTTP/1.1" 200 293748
66.249.66.12 - - [26/Apr/2024:07:02:26 -0500] "GET /BLA/resoluciones/RESOLUCIONES%202007/RES%202007%202201%20AL%202300/RESOLUCION%202222%20DE%202007.pdf HTTP/1.1" 200 1645105
52.70.240.171 - - [26/Apr/2024:07:02:30 -0500] "GET /BLA/resoluciones/RESOLUCIONES%202008/1082.pdf HTTP/1.1" 200 294478
47.128.34.36 - - [26/Apr/2024:07:02:30 -0500] "GET /BLA/resoluciones/AUTOS%202021/0245.php?act=f&d=E%3A%5Cnuevo%5Chtdocs%5Ccumbreclima%5Cwp-includes%5Cjs&f=wp-a11y.js HTTP/1.1" 200 3395
47.128.34.36 - - [26/Apr/2024:07:02:30 -0500] "GET /BLA/resoluciones/AUTOS%202021/0245.php?act=img&img=ext_txt HTTP/1.1" 200 132
47.128.34.36 - - [26/Apr/2024:07:02:31 -0500] "GET /BLA/resoluciones/AUTOS%202021/0245.php?act=img&img=ext_diz HTTP/1.1" 200 1027
47.128.34.36 - - [26/Apr/2024:07:02:31 -0500] "GET /BLA/resoluciones/AUTOS%202021/0245.php?act=img&img=ext_html HTTP/1.1" 200 230
47.128.34.36 - - [26/Apr/2024:07:02:31 -0500] "GET /BLA/resoluciones/AUTOS%202021/0245.php?act=img&img=ext_js HTTP/1.1" 200 131
47.128.34.36 - - [26/Apr/2024:07:02:31 -0500] "GET /BLA/resoluciones/AUTOS%202021/0245.php?act=img&img=ext_exe HTTP/1.1" 200 118
47.128.34.36 - - [26/Apr/2024:07:02:31 -0500] "GET /BLA/resoluciones/AUTOS%202021/0245.php?act=img&img=ext_gif HTTP/1.1" 200 175
47.128.34.36 - - [26/Apr/2024:07:02:31 -0500] "GET /BLA/resoluciones/AUTOS%202021/0245.php?act=img&img=download HTTP/1.1" 200 161
47.128.34.36 - - [26/Apr/2024:07:02:31 -0500] "GET /BLA/resoluciones/AUTOS%202021/0245.php?act=img&img=ext_rtf HTTP/1.1" 200 164
47.128.34.36 - - [26/Apr/2024:07:02:31 -0500] "GET /BLA/resoluciones/AUTOS%202021/0245.php?act=img&img=change HTTP/1.1" 200 290
47.128.34.36 - - [26/Apr/2024:07:02:31 -0500] "GET /BLA/resoluciones/AUTOS%202021/0245.php?act=img&img=ext_ini HTTP/1.1" 200 134
52.70.240.171 - - [26/Apr/2024:07:02:32 -0500] "GET /BLA/resoluciones/RESOLUCIONES%202008/1081.pdf HTTP/1.1" 200 292279
216.245.221.92 - - [26/Apr/2024:07:02:36 -0500] "HEAD / HTTP/1.1" 200 -
52.70.240.171 - - [26/Apr/2024:07:02:37 -0500] "GET /BLA/resoluciones/RESOLUCIONES%202008/1080.pdf HTTP/1.1" 200 304063
47.128.58.41 - - [26/Apr/2024:07:02:38 -0500] "GET /desde-el-1-de-mayo-habra-nueva-normativa-para-la-gestion-de-aceites-usados-de-origen-industrial.html HTTP/1.1" 200 1006
23.22.35.162 - - [26/Apr/2024:07:02:40 -0500] "GET /BLA/resoluciones/RESOLUCIONES%202008/1079.pdf HTTP/1.1" 200 293645
3.224.220.101 - - [26/Apr/2024:07:02:44 -0500] "GET /BLA/resoluciones/RESOLUCIONES%202008/1078.pdf HTTP/1.1" 200 293798
52.70.240.171 - - [26/Apr/2024:07:02:48 -0500] "GET /BLA/resoluciones/RESOLUCIONES%202008/1077.pdf HTTP/1.1" 200 296343
52.70.240.171 - - [26/Apr/2024:07:02:53 -0500] "GET /BLA/resoluciones/RESOLUCIONES%202008/1076.pdf HTTP/1.1" 200 293945
47.128.34.84 - - [26/Apr/2024:07:02:53 -0500] "GET /BLA/resoluciones/AUTOS%202021/0245.php?act=f&d=E%3A%5Cnuevo%5Chtdocs%5Ccumbredelclima%5Cwp-admin%5Cnetwork%5C&f=upgrade.php HTTP/1.1" 200 5911
47.128.34.84 - - [26/Apr/2024:07:02:54 -0500] "GET /BLA/resoluciones/AUTOS%202021/0245.php?act=img&img=ext_html HTTP/1.1" 200 230
47.128.34.84 - - [26/Apr/2024:07:02:54 -0500] "GET /BLA/resoluciones/AUTOS%202021/0245.php?act=img&img=ext_rtf HTTP/1.1" 200 164
47.128.34.84 - - [26/Apr/2024:07:02:54 -0500] "GET /BLA/resoluciones/AUTOS%202021/0245.php?act=img&img=ext_gif HTTP/1.1" 200 175
47.128.34.84 - - [26/Apr/2024:07:02:54 -0500] "GET /BLA/resoluciones/AUTOS%202021/0245.php?act=img&img=ext_txt HTTP/1.1" 200 132
47.128.34.84 - - [26/Apr/2024:07:02:54 -0500] "GET /BLA/resoluciones/AUTOS%202021/0245.php?act=img&img=ext_exe HTTP/1.1" 200 118
47.128.34.84 - - [26/Apr/2024:07:02:54 -0500] "GET /BLA/resoluciones/AUTOS%202021/0245.php?act=img&img=ext_diz HTTP/1.1" 200 1027
47.128.34.84 - - [26/Apr/2024:07:02:54 -0500] "GET /BLA/resoluciones/AUTOS%202021/0245.php?act=img&img=change HTTP/1.1" 200 290
47.128.34.84 - - [26/Apr/2024:07:02:54 -0500] "GET /BLA/resoluciones/AUTOS%202021/0245.php?act=img&img=ext_php HTTP/1.1" 200 79
47.128.34.84 - - [26/Apr/2024:07:02:55 -0500] "GET /BLA/resoluciones/AUTOS%202021/0245.php?act=img&img=ext_ini HTTP/1.1" 200 134
47.128.34.84 - - [26/Apr/2024:07:02:55 -0500] "GET /BLA/resoluciones/AUTOS%202021/0245.php?act=img&img=download HTTP/1.1" 200 161
3.224.220.101 - - [26/Apr/2024:07:02:56 -0500] "GET /BLA/resoluciones/RESOLUCIONES%202008/1075.pdf HTTP/1.1" 200 301099
3.224.220.101 - - [26/Apr/2024:07:03:00 -0500] "GET /BLA/resoluciones/RESOLUCIONES%202008/1074.pdf HTTP/1.1" 200 437563
52.70.240.171 - - [26/Apr/2024:07:03:04 -0500] "GET /BLA/resoluciones/RESOLUCIONES%202008/1073.pdf HTTP/1.1" 200 209203
3.224.220.101 - - [26/Apr/2024:07:03:08 -0500] "GET /BLA/resoluciones/RESOLUCIONES%202008/1072.pdf HTTP/1.1" 200 218684
3.224.220.101 - - [26/Apr/2024:07:03:12 -0500] "GET /BLA/resoluciones/RESOLUCIONES%202008/1071.pdf HTTP/1.1" 200 348182
23.22.35.162 - - [26/Apr/2024:07:03:16 -0500] "GET /BLA/resoluciones/RESOLUCIONES%202008/1070.pdf HTTP/1.1" 200 545555
52.70.240.171 - - [26/Apr/2024:07:03:20 -0500] "GET /BLA/resoluciones/RESOLUCIONES%202008/1069.pdf HTTP/1.1" 200 317656
47.128.50.34 - - [26/Apr/2024:07:03:22 -0500] "GET /BLA/resoluciones/AUTOS%202021/0245.php?act=img&img=ext_diz HTTP/1.1" 200 1027
47.128.50.34 - - [26/Apr/2024:07:03:22 -0500] "GET /BLA/resoluciones/AUTOS%202021/0245.php?act=img&img=ext_jpg HTTP/1.1" 200 175
47.128.50.34 - - [26/Apr/2024:07:03:22 -0500] "GET /BLA/resoluciones/AUTOS%202021/0245.php?act=img&img=ext_txt HTTP/1.1" 200 132
47.128.50.34 - - [26/Apr/2024:07:03:22 -0500] "GET /BLA/resoluciones/AUTOS%202021/0245.php?act=img&img=ext_html HTTP/1.1" 200 230
47.128.50.34 - - [26/Apr/2024:07:03:22 -0500] "GET /BLA/resoluciones/AUTOS%202021/0245.php?act=img&img=ext_exe HTTP/1.1" 200 118
47.128.50.34 - - [26/Apr/2024:07:03:18 -0500] "GET /BLA/resoluciones/AUTOS%202021/0245.php?act=f&base64=1&d=E%3A%5Cnuevo%5Chtdocs%5CResiduos%5Ctextiles%5Cimages%5C&f=page31_thumbnail.jpg HTTP/1.1" 200 16156
47.128.50.34 - - [26/Apr/2024:07:03:22 -0500] "GET /BLA/resoluciones/AUTOS%202021/0245.php?act=img&img=download HTTP/1.1" 200 161
47.128.50.34 - - [26/Apr/2024:07:03:22 -0500] "GET /BLA/resoluciones/AUTOS%202021/0245.php?act=img&img=ext_gif HTTP/1.1" 200 175
47.128.50.34 - - [26/Apr/2024:07:03:22 -0500] "GET /BLA/resoluciones/AUTOS%202021/0245.php?act=img&img=change HTTP/1.1" 200 290
47.128.50.34 - - [26/Apr/2024:07:03:22 -0500] "GET /BLA/resoluciones/AUTOS%202021/0245.php?act=img&img=ext_rtf HTTP/1.1" 200 164
47.128.50.34 - - [26/Apr/2024:07:03:22 -0500] "GET /BLA/resoluciones/AUTOS%202021/0245.php?act=img&img=ext_ini HTTP/1.1" 200 134
23.22.35.162 - - [26/Apr/2024:07:03:24 -0500] "GET /BLA/resoluciones/RESOLUCIONES%202008/1068.pdf HTTP/1.1" 200 382079
3.224.220.101 - - [26/Apr/2024:07:03:28 -0500] "GET /BLA/resoluciones/RESOLUCIONES%202008/1067.pdf HTTP/1.1" 200 371883
3.224.220.101 - - [26/Apr/2024:07:03:32 -0500] "GET /BLA/resoluciones/RESOLUCIONES%202008/1066.pdf HTTP/1.1" 200 571389
3.224.220.101 - - [26/Apr/2024:07:03:36 -0500] "GET /BLA/resoluciones/RESOLUCIONES%202008/1065.pdf HTTP/1.1" 200 511643
23.22.35.162 - - [26/Apr/2024:07:03:40 -0500] "GET /BLA/resoluciones/RESOLUCIONES%202008/1064.pdf HTTP/1.1" 200 190095
47.128.34.33 - - [26/Apr/2024:07:03:43 -0500] "GET /BLA/resoluciones/AUTOS%202021/0245.php?act=f&d=E%3A%5Cnuevo%5Chtdocs%5Ccumbredelclima%5Cwp-includes%5Cjs%5C&f=wp-ajax-response.js&ft=sdb HTTP/1.1" 200 3040
47.128.34.33 - - [26/Apr/2024:07:03:44 -0500] "GET /BLA/resoluciones/AUTOS%202021/0245.php?act=img&img=ext_html HTTP/1.1" 200 230
47.128.34.33 - - [26/Apr/2024:07:03:44 -0500] "GET /BLA/resoluciones/AUTOS%202021/0245.php?act=img&img=ext_js HTTP/1.1" 200 131
47.128.34.33 - - [26/Apr/2024:07:03:44 -0500] "GET /BLA/resoluciones/AUTOS%202021/0245.php?act=img&img=ext_diz HTTP/1.1" 200 1027
47.128.34.33 - - [26/Apr/2024:07:03:44 -0500] "GET /BLA/resoluciones/AUTOS%202021/0245.php?act=img&img=ext_gif HTTP/1.1" 200 175
47.128.34.33 - - [26/Apr/2024:07:03:44 -0500] "GET /BLA/resoluciones/AUTOS%202021/0245.php?act=img&img=ext_exe HTTP/1.1" 200 118
47.128.34.33 - - [26/Apr/2024:07:03:44 -0500] "GET /BLA/resoluciones/AUTOS%202021/0245.php?act=img&img=ext_txt HTTP/1.1" 200 132
47.128.34.33 - - [26/Apr/2024:07:03:45 -0500] "GET /BLA/resoluciones/AUTOS%202021/0245.php?act=img&img=ext_rtf HTTP/1.1" 200 164
47.128.34.33 - - [26/Apr/2024:07:03:45 -0500] "GET /BLA/resoluciones/AUTOS%202021/0245.php?act=img&img=download HTTP/1.1" 200 161
52.70.240.171 - - [26/Apr/2024:07:03:45 -0500] "GET /BLA/resoluciones/RESOLUCIONES%202008/1063.pdf HTTP/1.1" 200 904416
47.128.34.33 - - [26/Apr/2024:07:03:45 -0500] "GET /BLA/resoluciones/AUTOS%202021/0245.php?act=img&img=change HTTP/1.1" 200 290
47.128.34.33 - - [26/Apr/2024:07:03:45 -0500] "GET /BLA/resoluciones/AUTOS%202021/0245.php?act=img&img=ext_ini HTTP/1.1" 200 134
172.22.2.4 - - [26/Apr/2024:07:02:07 -0500] "GET /BLA/boletinlegal/ HTTP/1.1" 200 60730
157.55.39.200 - - [26/Apr/2024:07:03:47 -0500] "GET /BLA/resoluciones/RESOLUCIONES%202008/1193.pdf HTTP/1.1" 200 955214
23.22.35.162 - - [26/Apr/2024:07:03:48 -0500] "GET /BLA/resoluciones/RESOLUCIONES%202008/1062.pdf HTTP/1.1" 200 584111
52.70.240.171 - - [26/Apr/2024:07:03:52 -0500] "GET /BLA/resoluciones/RESOLUCIONES%202008/1061.pdf HTTP/1.1" 200 1076473
3.224.220.101 - - [26/Apr/2024:07:03:58 -0500] "GET /BLA/resoluciones/RESOLUCIONES%202008/1060.pdf HTTP/1.1" 200 300672
3.224.220.101 - - [26/Apr/2024:07:04:00 -0500] "GET /BLA/resoluciones/RESOLUCIONES%202008/1059.pdf HTTP/1.1" 200 303404
52.70.240.171 - - [26/Apr/2024:07:04:05 -0500] "GET /BLA/resoluciones/RESOLUCIONES%202008/1058.pdf HTTP/1.1" 200 374076
47.128.34.92 - - [26/Apr/2024:07:04:06 -0500] "GET /BLA/resoluciones/AUTOS%202021/0245.php?act=ls&d=C%3A%5CAmbienteBogota%5Ccounter%5Cdigits%5Cwar2orc&sort=2a HTTP/1.1" 200 3735
47.128.34.92 - - [26/Apr/2024:07:04:07 -0500] "GET /BLA/resoluciones/AUTOS%202021/0245.php?act=img&img=arrow_ltr HTTP/1.1" 200 88
47.128.34.92 - - [26/Apr/2024:07:04:07 -0500] "GET /BLA/resoluciones/AUTOS%202021/0245.php?act=img&img=ext_png HTTP/1.1" 200 175
23.22.35.162 - - [26/Apr/2024:07:04:08 -0500] "GET /BLA/resoluciones/RESOLUCIONES%202008/1057.pdf HTTP/1.1" 200 70398
