47.128.16.6 - - [26/Apr/2024:05:24:02 -0500] "GET /BLA/resoluciones/AUTOS%202021/0245.php?act=processes&d=E%3A%5Cnuevo%5Chtdocs%5Ccumbreclima%5Cwp-includes%5CSimplePie%5CCache%5C HTTP/1.1" 200 3701
23.22.35.162 - - [26/Apr/2024:05:24:04 -0500] "GET /BLA/resoluciones/RESOLUCIONES%202011/0491.pdf HTTP/1.1" 200 71009
3.224.220.101 - - [26/Apr/2024:05:24:05 -0500] "GET /BLA/resoluciones/RESOLUCIONES%202011/0127.pdf HTTP/1.1" 200 520694
52.70.240.171 - - [26/Apr/2024:05:24:10 -0500] "GET /BLA/resoluciones/RESOLUCIONES%202011/0126.pdf HTTP/1.1" 200 514703
52.70.240.171 - - [26/Apr/2024:05:24:12 -0500] "GET /BLA/resoluciones/RESOLUCIONES%202011/0490.pdf HTTP/1.1" 200 94999
23.22.35.162 - - [26/Apr/2024:05:24:16 -0500] "GET /BLA/resoluciones/RESOLUCIONES%202011/0125.pdf HTTP/1.1" 200 512687
172.22.2.4 - - [26/Apr/2024:05:22:39 -0500] "GET /BLA/boletinlegal/ HTTP/1.1" 200 58720
3.224.220.101 - - [26/Apr/2024:05:24:20 -0500] "GET /BLA/resoluciones/RESOLUCIONES%202011/0124.pdf HTTP/1.1" 200 515931
181.59.244.61 - - [26/Apr/2024:05:24:22 -0500] "POST /sipse/faces/presentacion/financiero/solicitudProceso/consultarSolicitudProceso.xhtml HTTP/1.1" 200 62335
3.224.220.101 - - [26/Apr/2024:05:24:24 -0500] "GET /BLA/resoluciones/RESOLUCIONES%202011/0489.pdf HTTP/1.1" 200 70279
52.70.240.171 - - [26/Apr/2024:05:24:28 -0500] "GET /BLA/resoluciones/RESOLUCIONES%202011/0123.pdf HTTP/1.1" 200 319365
3.224.220.101 - - [26/Apr/2024:05:24:33 -0500] "GET /BLA/resoluciones/RESOLUCIONES%202011/0488.pdf HTTP/1.1" 200 84502
3.224.220.101 - - [26/Apr/2024:05:24:36 -0500] "GET /BLA/resoluciones/RESOLUCIONES%202011/0122.pdf HTTP/1.1" 200 271319
3.224.220.101 - - [26/Apr/2024:05:24:40 -0500] "GET /BLA/resoluciones/RESOLUCIONES%202011/0487.pdf HTTP/1.1" 200 80785
47.128.59.152 - - [26/Apr/2024:05:24:41 -0500] "GET /BLA/resoluciones/AUTOS%202021/0245.php?act=f&d=E%3A%5Cnuevo%5CMercuryMail%5C&f=Renderer.pm&white=1 HTTP/1.1" 200 2960
47.128.59.152 - - [26/Apr/2024:05:24:43 -0500] "GET /BLA/resoluciones/AUTOS%202021/0245.php?act=img&img=ext_pm HTTP/1.1" 200 1034
47.128.59.152 - - [26/Apr/2024:05:24:43 -0500] "GET /BLA/resoluciones/AUTOS%202021/0245.php?act=img&img=ext_gif HTTP/1.1" 200 175
47.128.59.152 - - [26/Apr/2024:05:24:43 -0500] "GET /BLA/resoluciones/AUTOS%202021/0245.php?act=img&img=ext_diz HTTP/1.1" 200 1027
47.128.59.152 - - [26/Apr/2024:05:24:43 -0500] "GET /BLA/resoluciones/AUTOS%202021/0245.php?act=img&img=ext_txt HTTP/1.1" 200 132
47.128.59.152 - - [26/Apr/2024:05:24:43 -0500] "GET /BLA/resoluciones/AUTOS%202021/0245.php?act=img&img=ext_exe HTTP/1.1" 200 118
47.128.59.152 - - [26/Apr/2024:05:24:43 -0500] "GET /BLA/resoluciones/AUTOS%202021/0245.php?act=img&img=ext_html HTTP/1.1" 200 230
47.128.59.152 - - [26/Apr/2024:05:24:43 -0500] "GET /BLA/resoluciones/AUTOS%202021/0245.php?act=img&img=download HTTP/1.1" 200 161
47.128.59.152 - - [26/Apr/2024:05:24:44 -0500] "GET /BLA/resoluciones/AUTOS%202021/0245.php?act=img&img=ext_rtf HTTP/1.1" 200 164
47.128.59.152 - - [26/Apr/2024:05:24:44 -0500] "GET /BLA/resoluciones/AUTOS%202021/0245.php?act=img&img=change HTTP/1.1" 200 290
47.128.59.152 - - [26/Apr/2024:05:24:44 -0500] "GET /BLA/resoluciones/AUTOS%202021/0245.php?act=img&img=ext_ini HTTP/1.1" 200 134
3.224.220.101 - - [26/Apr/2024:05:24:46 -0500] "GET /BLA/resoluciones/RESOLUCIONES%202011/0120.pdf HTTP/1.1" 200 218771
23.22.35.162 - - [26/Apr/2024:05:24:48 -0500] "GET /BLA/resoluciones/RESOLUCIONES%202011/0486.pdf HTTP/1.1" 200 66963
47.128.55.80 - - [26/Apr/2024:05:24:49 -0500] "GET /BLA/resoluciones/AUTOS%202021/0245.php?act=f&d=E%3A%5Cnuevo%5Chtdocs%5CResiduos%5Cimpresion%5Cimages%5C&f=page11.swf&ft=notepad HTTP/1.1" 200 462535
52.70.240.171 - - [26/Apr/2024:05:24:52 -0500] "GET /BLA/resoluciones/RESOLUCIONES%202011/0119.pdf HTTP/1.1" 200 309936
3.224.220.101 - - [26/Apr/2024:05:24:56 -0500] "GET /BLA/resoluciones/RESOLUCIONES%202011/0485.pdf HTTP/1.1" 200 59661
3.224.220.101 - - [26/Apr/2024:05:25:00 -0500] "GET /BLA/resoluciones/RESOLUCIONES%202011/0113.pdf HTTP/1.1" 200 461270
52.70.240.171 - - [26/Apr/2024:05:25:04 -0500] "GET /BLA/resoluciones/RESOLUCIONES%202011/0112.pdf HTTP/1.1" 200 503388
3.224.220.101 - - [26/Apr/2024:05:25:09 -0500] "GET /BLA/resoluciones/RESOLUCIONES%202011/0484.pdf HTTP/1.1" 200 68393
3.224.220.101 - - [26/Apr/2024:05:25:12 -0500] "GET /BLA/resoluciones/RESOLUCIONES%202011/0483.pdf HTTP/1.1" 200 693544
47.128.48.252 - - [26/Apr/2024:05:25:13 -0500] "GET /BLA/resoluciones/AUTOS%202021/0245.php?act=chmod&d=E%3A%5Cxampp%5Cxampp%5Chtdocs%5Csistemas&f=sopa7.htm HTTP/1.1" 200 2867
52.70.240.171 - - [26/Apr/2024:05:25:17 -0500] "GET /BLA/resoluciones/RESOLUCIONES%202011/0482.pdf HTTP/1.1" 200 72189
3.224.220.101 - - [26/Apr/2024:05:25:20 -0500] "GET /BLA/resoluciones/RESOLUCIONES%202011/0481.pdf HTTP/1.1" 200 69401
23.22.35.162 - - [26/Apr/2024:05:25:24 -0500] "GET /BLA/resoluciones/RESOLUCIONES%202011/0479.pdf HTTP/1.1" 200 370985
23.22.35.162 - - [26/Apr/2024:05:25:28 -0500] "GET /BLA/resoluciones/RESOLUCIONES%202011/0478.pdf HTTP/1.1" 200 115060
3.224.220.101 - - [26/Apr/2024:05:25:32 -0500] "GET /BLA/resoluciones/RESOLUCIONES%202011/0475.pdf HTTP/1.1" 200 196715
23.22.35.162 - - [26/Apr/2024:05:25:36 -0500] "GET /BLA/resoluciones/RESOLUCIONES%202011/0471.pdf HTTP/1.1" 200 368213
47.128.48.247 - - [26/Apr/2024:05:25:37 -0500] "GET /BLA/resoluciones/AUTOS%202021/0245.php?act=f&base64=1&d=E%3A%5Cnuevo%5CphpMyAdmin2%5C&f=favicon.ico HTTP/1.1" 200 14303
47.128.48.247 - - [26/Apr/2024:05:25:39 -0500] "GET /BLA/resoluciones/AUTOS%202021/0245.php?act=img&img=ext_diz HTTP/1.1" 200 1027
47.128.48.247 - - [26/Apr/2024:05:25:39 -0500] "GET /BLA/resoluciones/AUTOS%202021/0245.php?act=img&img=ext_txt HTTP/1.1" 200 132
47.128.48.247 - - [26/Apr/2024:05:25:39 -0500] "GET /BLA/resoluciones/AUTOS%202021/0245.php?act=img&img=ext_gif HTTP/1.1" 200 175
47.128.48.247 - - [26/Apr/2024:05:25:39 -0500] "GET /BLA/resoluciones/AUTOS%202021/0245.php?act=img&img=ext_exe HTTP/1.1" 200 118
47.128.48.247 - - [26/Apr/2024:05:25:39 -0500] "GET /BLA/resoluciones/AUTOS%202021/0245.php?act=img&img=ext_html HTTP/1.1" 200 230
47.128.48.247 - - [26/Apr/2024:05:25:39 -0500] "GET /BLA/resoluciones/AUTOS%202021/0245.php?act=img&img=ext_ico HTTP/1.1" 200 175
47.128.48.247 - - [26/Apr/2024:05:25:39 -0500] "GET /BLA/resoluciones/AUTOS%202021/0245.php?act=img&img=change HTTP/1.1" 200 290
47.128.48.247 - - [26/Apr/2024:05:25:39 -0500] "GET /BLA/resoluciones/AUTOS%202021/0245.php?act=img&img=download HTTP/1.1" 200 161
47.128.48.247 - - [26/Apr/2024:05:25:39 -0500] "GET /BLA/resoluciones/AUTOS%202021/0245.php?act=img&img=ext_ini HTTP/1.1" 200 134
47.128.48.247 - - [26/Apr/2024:05:25:39 -0500] "GET /BLA/resoluciones/AUTOS%202021/0245.php?act=img&img=ext_rtf HTTP/1.1" 200 164
52.70.240.171 - - [26/Apr/2024:05:25:42 -0500] "GET /BLA/resoluciones/RESOLUCIONES%202011/0470.pdf HTTP/1.1" 200 334872
52.70.240.171 - - [26/Apr/2024:05:25:45 -0500] "GET /BLA/resoluciones/RESOLUCIONES%202011/0468.pdf HTTP/1.1" 200 81225
23.22.35.162 - - [26/Apr/2024:05:25:48 -0500] "GET /BLA/resoluciones/RESOLUCIONES%202011/0111.pdf HTTP/1.1" 200 507490
23.22.35.162 - - [26/Apr/2024:05:25:52 -0500] "GET /BLA/resoluciones/RESOLUCIONES%202011/0467.pdf HTTP/1.1" 200 236622
66.249.66.19 - - [26/Apr/2024:05:25:55 -0500] "GET /BLA/resoluciones/RESOLUCIONES%202013/1262.pdf HTTP/1.1" 304 -
3.224.220.101 - - [26/Apr/2024:05:25:56 -0500] "GET /BLA/resoluciones/RESOLUCIONES%202011/0110.pdf HTTP/1.1" 200 349155
52.70.240.171 - - [26/Apr/2024:05:26:00 -0500] "GET /BLA/resoluciones/RESOLUCIONES%202011/0466.pdf HTTP/1.1" 200 154427
47.128.53.69 - - [26/Apr/2024:05:26:02 -0500] "GET /BLA/resoluciones/AUTOS%202021/0245.php?act=chmod&d=C%3A%5CAmbienteBogota%5Ccounter%5Cdigits&f=pdp HTTP/1.1" 200 2858
52.70.240.171 - - [26/Apr/2024:05:26:06 -0500] "GET /BLA/resoluciones/RESOLUCIONES%202011/0108.pdf HTTP/1.1" 200 362166
23.22.35.162 - - [26/Apr/2024:05:26:08 -0500] "GET /BLA/resoluciones/RESOLUCIONES%202011/0107.pdf HTTP/1.1" 200 498850
3.224.220.101 - - [26/Apr/2024:05:26:12 -0500] "GET /BLA/resoluciones/RESOLUCIONES%202011/0465.pdf HTTP/1.1" 200 75075
3.224.220.101 - - [26/Apr/2024:05:26:16 -0500] "GET /BLA/resoluciones/RESOLUCIONES%202011/0105.pdf HTTP/1.1" 200 356854
3.224.220.101 - - [26/Apr/2024:05:26:20 -0500] "GET /BLA/resoluciones/RESOLUCIONES%202011/0463.pdf HTTP/1.1" 200 69611
52.70.240.171 - - [26/Apr/2024:05:26:24 -0500] "GET /BLA/resoluciones/RESOLUCIONES%202011/0104.pdf HTTP/1.1" 200 367345
47.128.53.78 - - [26/Apr/2024:05:26:27 -0500] "GET /BLA/resoluciones/AUTOS%202021/0245.php?act=f&d=E%3A%5Cnuevo%5Chtdocs%5Ccumbreclima%5Cwp-includes%5Cjs&f=hoverIntent.min.js HTTP/1.1" 200 3474
47.128.53.78 - - [26/Apr/2024:05:26:28 -0500] "GET /BLA/resoluciones/AUTOS%202021/0245.php?act=img&img=ext_gif HTTP/1.1" 200 175
47.128.53.78 - - [26/Apr/2024:05:26:28 -0500] "GET /BLA/resoluciones/AUTOS%202021/0245.php?act=img&img=ext_txt HTTP/1.1" 200 132
47.128.53.78 - - [26/Apr/2024:05:26:28 -0500] "GET /BLA/resoluciones/AUTOS%202021/0245.php?act=img&img=ext_js HTTP/1.1" 200 131
47.128.53.78 - - [26/Apr/2024:05:26:28 -0500] "GET /BLA/resoluciones/AUTOS%202021/0245.php?act=img&img=ext_diz HTTP/1.1" 200 1027
47.128.53.78 - - [26/Apr/2024:05:26:28 -0500] "GET /BLA/resoluciones/AUTOS%202021/0245.php?act=img&img=ext_exe HTTP/1.1" 200 118
47.128.53.78 - - [26/Apr/2024:05:26:28 -0500] "GET /BLA/resoluciones/AUTOS%202021/0245.php?act=img&img=ext_html HTTP/1.1" 200 230
47.128.53.78 - - [26/Apr/2024:05:26:28 -0500] "GET /BLA/resoluciones/AUTOS%202021/0245.php?act=img&img=ext_rtf HTTP/1.1" 200 164
47.128.53.78 - - [26/Apr/2024:05:26:28 -0500] "GET /BLA/resoluciones/AUTOS%202021/0245.php?act=img&img=change HTTP/1.1" 200 290
47.128.53.78 - - [26/Apr/2024:05:26:28 -0500] "GET /BLA/resoluciones/AUTOS%202021/0245.php?act=img&img=download HTTP/1.1" 200 161
47.128.53.78 - - [26/Apr/2024:05:26:28 -0500] "GET /BLA/resoluciones/AUTOS%202021/0245.php?act=img&img=ext_ini HTTP/1.1" 200 134
52.70.240.171 - - [26/Apr/2024:05:26:30 -0500] "GET /BLA/resoluciones/RESOLUCIONES%202011/0461.pdf HTTP/1.1" 200 833913
3.224.220.101 - - [26/Apr/2024:05:26:33 -0500] "GET /BLA/resoluciones/RESOLUCIONES%202011/0099.pdf HTTP/1.1" 200 343303
23.22.35.162 - - [26/Apr/2024:05:26:36 -0500] "GET /BLA/resoluciones/RESOLUCIONES%202011/0460.pdf HTTP/1.1" 200 947000
23.22.35.162 - - [26/Apr/2024:05:26:40 -0500] "GET /BLA/resoluciones/RESOLUCIONES%202011/0098.pdf HTTP/1.1" 200 444649
3.224.220.101 - - [26/Apr/2024:05:26:44 -0500] "GET /BLA/resoluciones/RESOLUCIONES%202011/0459.pdf HTTP/1.1" 200 524865
23.22.35.162 - - [26/Apr/2024:05:26:48 -0500] "GET /BLA/resoluciones/RESOLUCIONES%202011/0097.pdf HTTP/1.1" 200 350230
47.128.56.198 - - [26/Apr/2024:05:26:50 -0500] "GET /BLA/resoluciones/AUTOS%202021/0245.php?act=f&d=E%3A%5Cnuevo%5Chtdocs%5CResiduos%5Cmetalmecanica%5Cimages%5C&f=page85_thumbnail.jpg&imgsize=20 HTTP/1.1" 200 16435
47.128.56.198 - - [26/Apr/2024:05:26:51 -0500] "GET /BLA/resoluciones/AUTOS%202021/0245.php?act=img&img=ext_diz HTTP/1.1" 200 1027
47.128.56.198 - - [26/Apr/2024:05:26:51 -0500] "GET /BLA/resoluciones/AUTOS%202021/0245.php?act=img&img=ext_jpg HTTP/1.1" 200 175
47.128.56.198 - - [26/Apr/2024:05:26:51 -0500] "GET /BLA/resoluciones/AUTOS%202021/0245.php?act=img&img=ext_html HTTP/1.1" 200 230
47.128.56.198 - - [26/Apr/2024:05:26:51 -0500] "GET /BLA/resoluciones/AUTOS%202021/0245.php?act=img&img=ext_txt HTTP/1.1" 200 132
47.128.56.198 - - [26/Apr/2024:05:26:52 -0500] "GET /BLA/resoluciones/AUTOS%202021/0245.php?act=img&img=ext_gif HTTP/1.1" 200 175
47.128.56.198 - - [26/Apr/2024:05:26:52 -0500] "GET /BLA/resoluciones/AUTOS%202021/0245.php?act=img&img=ext_exe HTTP/1.1" 200 118
47.128.56.198 - - [26/Apr/2024:05:26:52 -0500] "GET /BLA/resoluciones/AUTOS%202021/0245.php?act=img&img=change HTTP/1.1" 200 290
47.128.56.198 - - [26/Apr/2024:05:26:52 -0500] "GET /BLA/resoluciones/AUTOS%202021/0245.php?act=img&img=ext_ini HTTP/1.1" 200 134
47.128.56.198 - - [26/Apr/2024:05:26:52 -0500] "GET /BLA/resoluciones/AUTOS%202021/0245.php?act=img&img=download HTTP/1.1" 200 161
47.128.56.198 - - [26/Apr/2024:05:26:52 -0500] "GET /BLA/resoluciones/AUTOS%202021/0245.php?act=img&img=ext_rtf HTTP/1.1" 200 164
52.70.240.171 - - [26/Apr/2024:05:26:52 -0500] "GET /BLA/resoluciones/RESOLUCIONES%202011/0458.pdf HTTP/1.1" 200 66037
181.59.244.61 - - [26/Apr/2024:05:26:53 -0500] "POST /sipse/faces/presentacion/financiero/solicitudProceso/consultarSolicitudProceso.xhtml HTTP/1.1" 200 231138
23.22.35.162 - - [26/Apr/2024:05:26:56 -0500] "GET /BLA/resoluciones/RESOLUCIONES%202011/0096.pdf HTTP/1.1" 200 437396
52.70.240.171 - - [26/Apr/2024:05:27:00 -0500] "GET /BLA/resoluciones/RESOLUCIONES%202011/0095.pdf HTTP/1.1" 200 648470
3.224.220.101 - - [26/Apr/2024:05:27:08 -0500] "GET /BLA/resoluciones/RESOLUCIONES%202011/0094.pdf HTTP/1.1" 200 357810
52.70.240.171 - - [26/Apr/2024:05:27:09 -0500] "GET /BLA/resoluciones/RESOLUCIONES%202011/0456.pdf HTTP/1.1" 200 73293
52.70.240.171 - - [26/Apr/2024:05:27:12 -0500] "GET /BLA/resoluciones/RESOLUCIONES%202011/0451.pdf HTTP/1.1" 200 68259
47.128.116.174 - - [26/Apr/2024:05:27:15 -0500] "GET /BLA/resoluciones/AUTOS%202021/0245.php?act=f&d=E%3A%5Cnuevo%5Ccontrib%5C&f=xmlrss.php&white=1 HTTP/1.1" 200 544
23.22.35.162 - - [26/Apr/2024:05:27:16 -0500] "GET /BLA/resoluciones/RESOLUCIONES%202011/0093.pdf HTTP/1.1" 200 364189
3.224.220.101 - - [26/Apr/2024:05:27:20 -0500] "GET /BLA/resoluciones/RESOLUCIONES%202011/0450.pdf HTTP/1.1" 200 67071
3.224.220.101 - - [26/Apr/2024:05:27:24 -0500] "GET /BLA/resoluciones/RESOLUCIONES%202011/0092.pdf HTTP/1.1" 200 367444
181.59.244.61 - - [26/Apr/2024:05:27:25 -0500] "POST /sipse/faces/presentacion/financiero/solicitudProceso/consultarSolicitudProceso.xhtml HTTP/1.1" 200 637440
23.22.35.162 - - [26/Apr/2024:05:27:28 -0500] "GET /BLA/resoluciones/RESOLUCIONES%202011/0449.pdf HTTP/1.1" 200 78569
52.70.240.171 - - [26/Apr/2024:05:27:33 -0500] "GET /BLA/resoluciones/RESOLUCIONES%202011/0091.pdf HTTP/1.1" 200 348356
3.224.220.101 - - [26/Apr/2024:05:27:36 -0500] "GET /BLA/resoluciones/RESOLUCIONES%202011/0448.pdf HTTP/1.1" 200 370919
216.245.221.92 - - [26/Apr/2024:05:27:37 -0500] "HEAD / HTTP/1.1" 200 -
201.245.192.253 - - [26/Apr/2024:05:27:40 -0500] "POST /kwsrmcab/Wsrmcab  HTTP/1.1" 200 41015
47.128.63.197 - - [26/Apr/2024:05:27:39 -0500] "GET /BLA/resoluciones/AUTOS%202021/0245.php?act=f&d=E%3A%5Cnuevo%5Chtdocs%5CResiduos%5Ctextiles%5Cimages%5C&f=page35_thumbnail.jpg&imgsize=100 HTTP/1.1" 200 16156
47.128.63.197 - - [26/Apr/2024:05:27:40 -0500] "GET /BLA/resoluciones/AUTOS%202021/0245.php?act=img&img=ext_jpg HTTP/1.1" 200 175
47.128.63.197 - - [26/Apr/2024:05:27:40 -0500] "GET /BLA/resoluciones/AUTOS%202021/0245.php?act=img&img=ext_html HTTP/1.1" 200 230
47.128.63.197 - - [26/Apr/2024:05:27:40 -0500] "GET /BLA/resoluciones/AUTOS%202021/0245.php?act=img&img=ext_diz HTTP/1.1" 200 1027
47.128.63.197 - - [26/Apr/2024:05:27:40 -0500] "GET /BLA/resoluciones/AUTOS%202021/0245.php?act=img&img=ext_txt HTTP/1.1" 200 132
47.128.63.197 - - [26/Apr/2024:05:27:40 -0500] "GET /BLA/resoluciones/AUTOS%202021/0245.php?act=img&img=ext_gif HTTP/1.1" 200 175
47.128.63.197 - - [26/Apr/2024:05:27:40 -0500] "GET /BLA/resoluciones/AUTOS%202021/0245.php?act=img&img=ext_exe HTTP/1.1" 200 118
47.128.63.197 - - [26/Apr/2024:05:27:41 -0500] "GET /BLA/resoluciones/AUTOS%202021/0245.php?act=img&img=change HTTP/1.1" 200 290
47.128.63.197 - - [26/Apr/2024:05:27:41 -0500] "GET /BLA/resoluciones/AUTOS%202021/0245.php?act=img&img=ext_rtf HTTP/1.1" 200 164
47.128.63.197 - - [26/Apr/2024:05:27:41 -0500] "GET /BLA/resoluciones/AUTOS%202021/0245.php?act=img&img=download HTTP/1.1" 200 161
47.128.63.197 - - [26/Apr/2024:05:27:41 -0500] "GET /BLA/resoluciones/AUTOS%202021/0245.php?act=img&img=ext_ini HTTP/1.1" 200 134
23.22.35.162 - - [26/Apr/2024:05:27:42 -0500] "GET /BLA/resoluciones/RESOLUCIONES%202011/0088.pdf HTTP/1.1" 200 313107
52.70.240.171 - - [26/Apr/2024:05:27:45 -0500] "GET /BLA/resoluciones/RESOLUCIONES%202011/0447.pdf HTTP/1.1" 200 73661
52.70.240.171 - - [26/Apr/2024:05:27:49 -0500] "GET /BLA/resoluciones/RESOLUCIONES%202011/0087.pdf HTTP/1.1" 200 391227
3.224.220.101 - - [26/Apr/2024:05:27:52 -0500] "GET /BLA/resoluciones/RESOLUCIONES%202011/0086.pdf HTTP/1.1" 200 312133
3.224.220.101 - - [26/Apr/2024:05:27:58 -0500] "GET /BLA/resoluciones/RESOLUCIONES%202011/0446.pdf HTTP/1.1" 200 63077
3.224.220.101 - - [26/Apr/2024:05:28:00 -0500] "GET /BLA/resoluciones/RESOLUCIONES%202011/0084.pdf HTTP/1.1" 200 241866
201.245.192.253 - - [26/Apr/2024:05:28:05 -0500] "POST /kwsrmcab/Wsrmcab HTTP/1.1" 200 40857
47.128.63.155 - - [26/Apr/2024:05:28:05 -0500] "GET /BLA/resoluciones/AUTOS%202021/0245.php?act=f&base64=1&d=E%3A%5Cnuevo%5Chtdocs%5CResiduos%5Ctextiles%5Cimages%5C&f=page27_thumbnail.jpg HTTP/1.1" 200 16156
47.128.63.155 - - [26/Apr/2024:05:28:06 -0500] "GET /BLA/resoluciones/AUTOS%202021/0245.php?act=img&img=ext_html HTTP/1.1" 200 230
47.128.63.155 - - [26/Apr/2024:05:28:06 -0500] "GET /BLA/resoluciones/AUTOS%202021/0245.php?act=img&img=ext_txt HTTP/1.1" 200 132
47.128.63.155 - - [26/Apr/2024:05:28:06 -0500] "GET /BLA/resoluciones/AUTOS%202021/0245.php?act=img&img=ext_diz HTTP/1.1" 200 1027
47.128.63.155 - - [26/Apr/2024:05:28:06 -0500] "GET /BLA/resoluciones/AUTOS%202021/0245.php?act=img&img=ext_jpg HTTP/1.1" 200 175
47.128.63.155 - - [26/Apr/2024:05:28:06 -0500] "GET /BLA/resoluciones/AUTOS%202021/0245.php?act=img&img=ext_gif HTTP/1.1" 200 175
201.245.192.253 - - [26/Apr/2024:05:28:06 -0500] "POST /kwsrmcab/Wsrmcab HTTP/1.1" 200 36470
47.128.63.155 - - [26/Apr/2024:05:28:06 -0500] "GET /BLA/resoluciones/AUTOS%202021/0245.php?act=img&img=ext_exe HTTP/1.1" 200 118
47.128.63.155 - - [26/Apr/2024:05:28:06 -0500] "GET /BLA/resoluciones/AUTOS%202021/0245.php?act=img&img=download HTTP/1.1" 200 161
47.128.63.155 - - [26/Apr/2024:05:28:06 -0500] "GET /BLA/resoluciones/AUTOS%202021/0245.php?act=img&img=change HTTP/1.1" 200 290
47.128.63.155 - - [26/Apr/2024:05:28:06 -0500] "GET /BLA/resoluciones/AUTOS%202021/0245.php?act=img&img=ext_rtf HTTP/1.1" 200 164
47.128.63.155 - - [26/Apr/2024:05:28:06 -0500] "GET /BLA/resoluciones/AUTOS%202021/0245.php?act=img&img=ext_ini HTTP/1.1" 200 134
52.70.240.171 - - [26/Apr/2024:05:28:07 -0500] "GET /BLA/resoluciones/RESOLUCIONES%202011/0445.pdf HTTP/1.1" 200 86513
3.224.220.101 - - [26/Apr/2024:05:28:08 -0500] "GET /BLA/resoluciones/RESOLUCIONES%202011/0083.pdf HTTP/1.1" 200 378522
23.22.35.162 - - [26/Apr/2024:05:28:12 -0500] "GET /BLA/resoluciones/RESOLUCIONES%202011/0444.pdf HTTP/1.1" 200 84201
52.70.240.171 - - [26/Apr/2024:05:28:18 -0500] "GET /BLA/resoluciones/RESOLUCIONES%202011/0082.pdf HTTP/1.1" 200 362500
52.70.240.171 - - [26/Apr/2024:05:28:21 -0500] "GET /BLA/resoluciones/RESOLUCIONES%202011/0443.pdf HTTP/1.1" 200 88115
52.70.240.171 - - [26/Apr/2024:05:28:24 -0500] "GET /BLA/resoluciones/RESOLUCIONES%202011/0081.pdf HTTP/1.1" 200 370682
3.224.220.101 - - [26/Apr/2024:05:28:28 -0500] "GET /BLA/resoluciones/RESOLUCIONES%202011/0442.pdf HTTP/1.1" 200 75389
47.128.53.9 - - [26/Apr/2024:05:28:29 -0500] "GET /BLA/resoluciones/AUTOS%202021/0245.php?act=img&img=ext_php HTTP/1.1" 200 79
47.128.53.9 - - [26/Apr/2024:05:28:29 -0500] "GET /BLA/resoluciones/AUTOS%202021/0245.php?act=img&img=ext_txt HTTP/1.1" 200 132
47.128.53.9 - - [26/Apr/2024:05:28:29 -0500] "GET /BLA/resoluciones/AUTOS%202021/0245.php?act=img&img=ext_exe HTTP/1.1" 200 118
47.128.53.9 - - [26/Apr/2024:05:28:29 -0500] "GET /BLA/resoluciones/AUTOS%202021/0245.php?act=img&img=ext_diz HTTP/1.1" 200 1027
47.128.53.9 - - [26/Apr/2024:05:28:29 -0500] "GET /BLA/resoluciones/AUTOS%202021/0245.php?act=img&img=ext_html HTTP/1.1" 200 230
47.128.53.9 - - [26/Apr/2024:05:28:29 -0500] "GET /BLA/resoluciones/AUTOS%202021/0245.php?act=img&img=ext_gif HTTP/1.1" 200 175
47.128.53.9 - - [26/Apr/2024:05:28:29 -0500] "GET /BLA/resoluciones/AUTOS%202021/0245.php?act=img&img=ext_rtf HTTP/1.1" 200 164
47.128.53.9 - - [26/Apr/2024:05:28:29 -0500] "GET /BLA/resoluciones/AUTOS%202021/0245.php?act=img&img=change HTTP/1.1" 200 290
47.128.53.9 - - [26/Apr/2024:05:28:29 -0500] "GET /BLA/resoluciones/AUTOS%202021/0245.php?act=img&img=download HTTP/1.1" 200 161
47.128.53.9 - - [26/Apr/2024:05:28:29 -0500] "GET /BLA/resoluciones/AUTOS%202021/0245.php?act=img&img=ext_ini HTTP/1.1" 200 134
47.128.53.9 - - [26/Apr/2024:05:28:28 -0500] "GET /BLA/resoluciones/AUTOS%202021/0245.php?act=f&d=E%3A%5Cnuevo%5CphpMyAdmin2%5Clibraries%5Cplugins%5Cauth%5C&f=AuthenticationCookie.class.php&fullhexdump=1 HTTP/1.1" 200 13262
3.224.220.101 - - [26/Apr/2024:05:28:32 -0500] "GET /BLA/resoluciones/RESOLUCIONES%202011/0080.pdf HTTP/1.1" 200 371566
3.224.220.101 - - [26/Apr/2024:05:28:36 -0500] "GET /BLA/resoluciones/RESOLUCIONES%202011/0441.pdf HTTP/1.1" 200 90443
181.59.244.61 - - [26/Apr/2024:05:28:39 -0500] "POST /sipse/faces/presentacion/financiero/solicitudProceso/consultarSolicitudProceso.xhtml HTTP/1.1" 200 192223
52.70.240.171 - - [26/Apr/2024:05:28:41 -0500] "GET /BLA/resoluciones/RESOLUCIONES%202011/0079.pdf HTTP/1.1" 200 403475
52.70.240.171 - - [26/Apr/2024:05:28:44 -0500] "GET /BLA/resoluciones/RESOLUCIONES%202011/0440.pdf HTTP/1.1" 200 76013
23.22.35.162 - - [26/Apr/2024:05:28:48 -0500] "GET /BLA/resoluciones/RESOLUCIONES%202011/0078.pdf HTTP/1.1" 200 383705
47.128.99.8 - - [26/Apr/2024:05:28:52 -0500] "GET /BLA/resoluciones/AUTOS%202021/0245.php?act=chmod&d=E%3A%5Cnuevo%5Chtdocs%5Ccumbreclima%5Cwp-includes%5CSimplePie&f=Exception.php HTTP/1.1" 200 2909
3.224.220.101 - - [26/Apr/2024:05:28:53 -0500] "GET /BLA/resoluciones/RESOLUCIONES%202011/0439.pdf HTTP/1.1" 200 64021
3.224.220.101 - - [26/Apr/2024:05:28:57 -0500] "GET /BLA/resoluciones/RESOLUCIONES%202011/0077.pdf HTTP/1.1" 200 399716
23.22.35.162 - - [26/Apr/2024:05:29:00 -0500] "GET /BLA/resoluciones/RESOLUCIONES%202011/0076.pdf HTTP/1.1" 200 402569
52.70.240.171 - - [26/Apr/2024:05:29:04 -0500] "GET /BLA/resoluciones/RESOLUCIONES%202011/0438.pdf HTTP/1.1" 200 68589
23.22.35.162 - - [26/Apr/2024:05:29:08 -0500] "GET /BLA/resoluciones/RESOLUCIONES%202011/0437.pdf HTTP/1.1" 200 65577
103.204.185.17 - - [26/Apr/2024:05:29:10 -0500] "POST /cf_scripts/scripts/ajax/ckeditor/plugins/filemanager/upload.cfm HTTP/1.1" 404 1034
103.204.185.17 - - [26/Apr/2024:05:29:11 -0500] "GET /cf_scripts/scripts/ajax/ckeditor/plugins/filemanager/uploadedFiles/2fUVfKCqfIIZEK2t6mXxeZ24oUD.jsp HTTP/1.1" 404 1034
3.224.220.101 - - [26/Apr/2024:05:29:12 -0500] "GET /BLA/resoluciones/RESOLUCIONES%202011/0075.pdf HTTP/1.1" 200 349144
201.245.192.253 - - [26/Apr/2024:05:29:13 -0500] "POST /kwsrmcab/Wsrmcab HTTP/1.1" 200 40867
52.70.240.171 - - [26/Apr/2024:05:29:16 -0500] "GET /BLA/resoluciones/RESOLUCIONES%202011/0436.pdf HTTP/1.1" 200 70519
47.128.110.82 - - [26/Apr/2024:05:29:18 -0500] "GET /BLA/resoluciones/AUTOS%202021/0245.php?act=f&base64=1&d=E%3A%5Cnuevo%5Chtdocs%5CResiduos%5Ccosmeticos%5Cimages%5C&f=page73_thumbnail.jpg HTTP/1.1" 200 16266
172.22.2.4 - - [26/Apr/2024:05:27:39 -0500] "HEAD /BLA/boletinlegal/ HTTP/1.1" 200 -
3.224.220.101 - - [26/Apr/2024:05:29:20 -0500] "GET /BLA/resoluciones/RESOLUCIONES%202011/0074.pdf HTTP/1.1" 200 334827
47.128.110.82 - - [26/Apr/2024:05:29:21 -0500] "GET /BLA/resoluciones/AUTOS%202021/0245.php?act=img&img=ext_html HTTP/1.1" 200 230
47.128.110.82 - - [26/Apr/2024:05:29:21 -0500] "GET /BLA/resoluciones/AUTOS%202021/0245.php?act=img&img=ext_gif HTTP/1.1" 200 175
47.128.110.82 - - [26/Apr/2024:05:29:21 -0500] "GET /BLA/resoluciones/AUTOS%202021/0245.php?act=img&img=ext_diz HTTP/1.1" 200 1027
47.128.110.82 - - [26/Apr/2024:05:29:21 -0500] "GET /BLA/resoluciones/AUTOS%202021/0245.php?act=img&img=ext_jpg HTTP/1.1" 200 175
47.128.110.82 - - [26/Apr/2024:05:29:21 -0500] "GET /BLA/resoluciones/AUTOS%202021/0245.php?act=img&img=ext_txt HTTP/1.1" 200 132
47.128.110.82 - - [26/Apr/2024:05:29:21 -0500] "GET /BLA/resoluciones/AUTOS%202021/0245.php?act=img&img=ext_exe HTTP/1.1" 200 118
47.128.110.82 - - [26/Apr/2024:05:29:21 -0500] "GET /BLA/resoluciones/AUTOS%202021/0245.php?act=img&img=ext_rtf HTTP/1.1" 200 164
47.128.110.82 - - [26/Apr/2024:05:29:21 -0500] "GET /BLA/resoluciones/AUTOS%202021/0245.php?act=img&img=ext_ini HTTP/1.1" 200 134
47.128.110.82 - - [26/Apr/2024:05:29:21 -0500] "GET /BLA/resoluciones/AUTOS%202021/0245.php?act=img&img=download HTTP/1.1" 200 161
47.128.110.82 - - [26/Apr/2024:05:29:21 -0500] "GET /BLA/resoluciones/AUTOS%202021/0245.php?act=img&img=change HTTP/1.1" 200 290
23.22.35.162 - - [26/Apr/2024:05:29:24 -0500] "GET /BLA/resoluciones/RESOLUCIONES%202011/0073.pdf HTTP/1.1" 200 440438
23.22.35.162 - - [26/Apr/2024:05:29:28 -0500] "GET /BLA/resoluciones/RESOLUCIONES%202011/0435.pdf HTTP/1.1" 200 73641
52.70.240.171 - - [26/Apr/2024:05:29:34 -0500] "GET /BLA/resoluciones/RESOLUCIONES%202011/0072.pdf HTTP/1.1" 200 342315
52.70.240.171 - - [26/Apr/2024:05:29:36 -0500] "GET /BLA/resoluciones/RESOLUCIONES%202011/0434.pdf HTTP/1.1" 200 70497
3.224.220.101 - - [26/Apr/2024:05:29:40 -0500] "GET /BLA/resoluciones/RESOLUCIONES%202011/0071.pdf HTTP/1.1" 200 343592
47.128.60.131 - - [26/Apr/2024:05:29:41 -0500] "GET /BLA/resoluciones/AUTOS%202021/0245.php?act=f&d=E%3A%5Cnuevo%5Ctomcat%5Clib%5C&f=tomcat-i18n-ja.jar&ft=info HTTP/1.1" 200 3788
47.128.60.131 - - [26/Apr/2024:05:29:42 -0500] "GET /BLA/resoluciones/AUTOS%202021/0245.php?act=img&img=ext_html HTTP/1.1" 200 230
47.128.60.131 - - [26/Apr/2024:05:29:42 -0500] "GET /BLA/resoluciones/AUTOS%202021/0245.php?act=img&img=ext_txt HTTP/1.1" 200 132
47.128.60.131 - - [26/Apr/2024:05:29:42 -0500] "GET /BLA/resoluciones/AUTOS%202021/0245.php?act=img&img=ext_jar HTTP/1.1" 200 1034
47.128.60.131 - - [26/Apr/2024:05:29:42 -0500] "GET /BLA/resoluciones/AUTOS%202021/0245.php?act=img&img=ext_diz HTTP/1.1" 200 1027
47.128.60.131 - - [26/Apr/2024:05:29:42 -0500] "GET /BLA/resoluciones/AUTOS%202021/0245.php?act=img&img=ext_gif HTTP/1.1" 200 175
47.128.60.131 - - [26/Apr/2024:05:29:42 -0500] "GET /BLA/resoluciones/AUTOS%202021/0245.php?act=img&img=ext_exe HTTP/1.1" 200 118
47.128.60.131 - - [26/Apr/2024:05:29:43 -0500] "GET /BLA/resoluciones/AUTOS%202021/0245.php?act=img&img=ext_rtf HTTP/1.1" 200 164
47.128.60.131 - - [26/Apr/2024:05:29:43 -0500] "GET /BLA/resoluciones/AUTOS%202021/0245.php?act=img&img=change HTTP/1.1" 200 290
47.128.60.131 - - [26/Apr/2024:05:29:43 -0500] "GET /BLA/resoluciones/AUTOS%202021/0245.php?act=img&img=download HTTP/1.1" 200 161
47.128.60.131 - - [26/Apr/2024:05:29:43 -0500] "GET /BLA/resoluciones/AUTOS%202021/0245.php?act=img&img=ext_ini HTTP/1.1" 200 134
23.22.35.162 - - [26/Apr/2024:05:29:44 -0500] "GET /BLA/resoluciones/RESOLUCIONES%202011/0433.pdf HTTP/1.1" 200 76943
3.224.220.101 - - [26/Apr/2024:05:29:48 -0500] "GET /BLA/resoluciones/RESOLUCIONES%202011/0070.pdf HTTP/1.1" 200 449012
52.70.240.171 - - [26/Apr/2024:05:29:52 -0500] "GET /BLA/resoluciones/RESOLUCIONES%202011/0432.pdf HTTP/1.1" 200 70969
52.70.240.171 - - [26/Apr/2024:05:29:56 -0500] "GET /BLA/resoluciones/RESOLUCIONES%202011/0069.pdf HTTP/1.1" 200 365214
3.224.220.101 - - [26/Apr/2024:05:30:00 -0500] "GET /BLA/resoluciones/RESOLUCIONES%202011/0431.pdf HTTP/1.1" 200 69833
3.224.220.101 - - [26/Apr/2024:05:30:05 -0500] "GET /BLA/resoluciones/RESOLUCIONES%202011/0430.pdf HTTP/1.1" 200 67241
47.128.56.138 - - [26/Apr/2024:05:30:06 -0500] "GET /BLA/resoluciones/AUTOS%202021/0245.php?act=f&base64=2&d=C%3A%5CUsers%5CAdministrator%5CAppData%5CRoaming%5CMicrosoft%5CWindows%5CSendTo%5C&f=Documents.mydocs HTTP/1.1" 200 3075
47.128.56.138 - - [26/Apr/2024:05:30:07 -0500] "GET /BLA/resoluciones/AUTOS%202021/0245.php?act=img&img=ext_mydocs HTTP/1.1" 200 1034
47.128.56.138 - - [26/Apr/2024:05:30:07 -0500] "GET /BLA/resoluciones/AUTOS%202021/0245.php?act=img&img=ext_exe HTTP/1.1" 200 118
47.128.56.138 - - [26/Apr/2024:05:30:07 -0500] "GET /BLA/resoluciones/AUTOS%202021/0245.php?act=img&img=ext_html HTTP/1.1" 200 230
47.128.56.138 - - [26/Apr/2024:05:30:07 -0500] "GET /BLA/resoluciones/AUTOS%202021/0245.php?act=img&img=ext_diz HTTP/1.1" 200 1027
47.128.56.138 - - [26/Apr/2024:05:30:07 -0500] "GET /BLA/resoluciones/AUTOS%202021/0245.php?act=img&img=ext_txt HTTP/1.1" 200 132
47.128.56.138 - - [26/Apr/2024:05:30:07 -0500] "GET /BLA/resoluciones/AUTOS%202021/0245.php?act=img&img=ext_gif HTTP/1.1" 200 175
47.128.56.138 - - [26/Apr/2024:05:30:07 -0500] "GET /BLA/resoluciones/AUTOS%202021/0245.php?act=img&img=change HTTP/1.1" 200 290
47.128.56.138 - - [26/Apr/2024:05:30:07 -0500] "GET /BLA/resoluciones/AUTOS%202021/0245.php?act=img&img=download HTTP/1.1" 200 161
47.128.56.138 - - [26/Apr/2024:05:30:07 -0500] "GET /BLA/resoluciones/AUTOS%202021/0245.php?act=img&img=ext_rtf HTTP/1.1" 200 164
47.128.56.138 - - [26/Apr/2024:05:30:07 -0500] "GET /BLA/resoluciones/AUTOS%202021/0245.php?act=img&img=ext_ini HTTP/1.1" 200 134
52.70.240.171 - - [26/Apr/2024:05:30:08 -0500] "GET /BLA/resoluciones/RESOLUCIONES%202011/0429.pdf HTTP/1.1" 200 66579
172.22.2.4 - - [26/Apr/2024:05:28:29 -0500] "GET /BLA/boletinlegal/ HTTP/1.1" 200 58720
3.224.220.101 - - [26/Apr/2024:05:30:13 -0500] "GET /BLA/resoluciones/RESOLUCIONES%202011/0068.pdf HTTP/1.1" 200 367030
52.70.240.171 - - [26/Apr/2024:05:30:16 -0500] "GET /BLA/resoluciones/RESOLUCIONES%202011/0428.pdf HTTP/1.1" 200 70781
23.22.35.162 - - [26/Apr/2024:05:30:21 -0500] "GET /BLA/resoluciones/RESOLUCIONES%202011/0066.pdf HTTP/1.1" 200 374253
52.70.240.171 - - [26/Apr/2024:05:30:24 -0500] "GET /BLA/resoluciones/RESOLUCIONES%202011/0427.pdf HTTP/1.1" 200 280718
52.70.240.171 - - [26/Apr/2024:05:30:29 -0500] "GET /BLA/resoluciones/RESOLUCIONES%202011/0426.pdf HTTP/1.1" 200 553379
47.128.26.124 - - [26/Apr/2024:05:30:29 -0500] "GET /BLA/resoluciones/AUTOS%202021/0245.php?act=ls&d=E%3A%5Cxampp%5Cxampp%5Chtdocs%5CResiduos%5Clavanderias&sort=1a HTTP/1.1" 200 3550
47.128.26.124 - - [26/Apr/2024:05:30:30 -0500] "GET /BLA/resoluciones/AUTOS%202021/0245.php?act=img&img=ext_swf HTTP/1.1" 200 254
47.128.26.124 - - [26/Apr/2024:05:30:30 -0500] "GET /BLA/resoluciones/AUTOS%202021/0245.php?act=img&img=ext_html HTTP/1.1" 200 230
47.128.26.124 - - [26/Apr/2024:05:30:30 -0500] "GET /BLA/resoluciones/AUTOS%202021/0245.php?act=img&img=arrow_ltr HTTP/1.1" 200 88
3.224.220.101 - - [26/Apr/2024:05:30:32 -0500] "GET /BLA/resoluciones/RESOLUCIONES%202011/0065.pdf HTTP/1.1" 200 397712
23.22.35.162 - - [26/Apr/2024:05:30:37 -0500] "GET /BLA/resoluciones/RESOLUCIONES%202011/0425.pdf HTTP/1.1" 200 282697
3.224.220.101 - - [26/Apr/2024:05:30:40 -0500] "GET /BLA/resoluciones/RESOLUCIONES%202011/0063.pdf HTTP/1.1" 200 402564
52.70.240.171 - - [26/Apr/2024:05:30:44 -0500] "GET /BLA/resoluciones/RESOLUCIONES%202011/0059.pdf HTTP/1.1" 200 325464
3.224.220.101 - - [26/Apr/2024:05:30:48 -0500] "GET /BLA/resoluciones/RESOLUCIONES%202011/0424.pdf HTTP/1.1" 200 582340
23.22.35.162 - - [26/Apr/2024:05:30:52 -0500] "GET /BLA/resoluciones/RESOLUCIONES%202011/0056.pdf HTTP/1.1" 200 363108
47.128.26.10 - - [26/Apr/2024:05:30:53 -0500] "GET /BLA/resoluciones/AUTOS%202021/0245.php?act=f&base64=3&d=E%3A%5Cnuevo%5CMercuryMail%5CRESOURCE%5C&f=order32.dll HTTP/1.1" 200 2985
47.128.26.10 - - [26/Apr/2024:05:30:54 -0500] "GET /BLA/resoluciones/AUTOS%202021/0245.php?act=img&img=ext_html HTTP/1.1" 200 230
47.128.26.10 - - [26/Apr/2024:05:30:54 -0500] "GET /BLA/resoluciones/AUTOS%202021/0245.php?act=img&img=ext_exe HTTP/1.1" 200 118
47.128.26.10 - - [26/Apr/2024:05:30:54 -0500] "GET /BLA/resoluciones/AUTOS%202021/0245.php?act=img&img=ext_gif HTTP/1.1" 200 175
47.128.26.10 - - [26/Apr/2024:05:30:54 -0500] "GET /BLA/resoluciones/AUTOS%202021/0245.php?act=img&img=ext_txt HTTP/1.1" 200 132
47.128.26.10 - - [26/Apr/2024:05:30:54 -0500] "GET /BLA/resoluciones/AUTOS%202021/0245.php?act=img&img=ext_dll HTTP/1.1" 200 1034
47.128.26.10 - - [26/Apr/2024:05:30:54 -0500] "GET /BLA/resoluciones/AUTOS%202021/0245.php?act=img&img=ext_diz HTTP/1.1" 200 1027
47.128.26.10 - - [26/Apr/2024:05:30:55 -0500] "GET /BLA/resoluciones/AUTOS%202021/0245.php?act=img&img=download HTTP/1.1" 200 161
47.128.26.10 - - [26/Apr/2024:05:30:55 -0500] "GET /BLA/resoluciones/AUTOS%202021/0245.php?act=img&img=ext_rtf HTTP/1.1" 200 164
47.128.26.10 - - [26/Apr/2024:05:30:55 -0500] "GET /BLA/resoluciones/AUTOS%202021/0245.php?act=img&img=ext_ini HTTP/1.1" 200 134
47.128.26.10 - - [26/Apr/2024:05:30:55 -0500] "GET /BLA/resoluciones/AUTOS%202021/0245.php?act=img&img=change HTTP/1.1" 200 290
3.224.220.101 - - [26/Apr/2024:05:30:56 -0500] "GET /BLA/resoluciones/RESOLUCIONES%202011/0423.pdf HTTP/1.1" 200 1045703
52.70.240.171 - - [26/Apr/2024:05:31:01 -0500] "GET /BLA/resoluciones/RESOLUCIONES%202011/0055.pdf HTTP/1.1" 200 356113
23.22.35.162 - - [26/Apr/2024:05:31:04 -0500] "GET /BLA/resoluciones/RESOLUCIONES%202011/0422.pdf HTTP/1.1" 200 756397
3.224.220.101 - - [26/Apr/2024:05:31:08 -0500] "GET /BLA/resoluciones/RESOLUCIONES%202011/0053.pdf HTTP/1.1" 200 409541
52.70.240.171 - - [26/Apr/2024:05:31:13 -0500] "GET /BLA/resoluciones/RESOLUCIONES%202011/0052.pdf HTTP/1.1" 200 412074
3.224.220.101 - - [26/Apr/2024:05:31:17 -0500] "GET /BLA/resoluciones/RESOLUCIONES%202011/0421.pdf HTTP/1.1" 200 71783
47.128.45.176 - - [26/Apr/2024:05:31:19 -0500] "GET /BLA/resoluciones/AUTOS%202021/0245.php?act=f&base64=1&d=E%3A%5Cnuevo%5Chtdocs%5CResiduos%5Ccosmeticos%5Cimages%5C&f=page90_thumbnail.jpg HTTP/1.1" 200 16267
47.128.45.176 - - [26/Apr/2024:05:31:20 -0500] "GET /BLA/resoluciones/AUTOS%202021/0245.php?act=img&img=ext_html HTTP/1.1" 200 230
47.128.45.176 - - [26/Apr/2024:05:31:20 -0500] "GET /BLA/resoluciones/AUTOS%202021/0245.php?act=img&img=ext_jpg HTTP/1.1" 200 175
47.128.45.176 - - [26/Apr/2024:05:31:20 -0500] "GET /BLA/resoluciones/AUTOS%202021/0245.php?act=img&img=ext_diz HTTP/1.1" 200 1027
47.128.45.176 - - [26/Apr/2024:05:31:20 -0500] "GET /BLA/resoluciones/AUTOS%202021/0245.php?act=img&img=ext_txt HTTP/1.1" 200 132
47.128.45.176 - - [26/Apr/2024:05:31:20 -0500] "GET /BLA/resoluciones/AUTOS%202021/0245.php?act=img&img=ext_exe HTTP/1.1" 200 118
47.128.45.176 - - [26/Apr/2024:05:31:20 -0500] "GET /BLA/resoluciones/AUTOS%202021/0245.php?act=img&img=ext_gif HTTP/1.1" 200 175
47.128.45.176 - - [26/Apr/2024:05:31:20 -0500] "GET /BLA/resoluciones/AUTOS%202021/0245.php?act=img&img=ext_rtf HTTP/1.1" 200 164
47.128.45.176 - - [26/Apr/2024:05:31:20 -0500] "GET /BLA/resoluciones/AUTOS%202021/0245.php?act=img&img=ext_ini HTTP/1.1" 200 134
47.128.45.176 - - [26/Apr/2024:05:31:20 -0500] "GET /BLA/resoluciones/AUTOS%202021/0245.php?act=img&img=change HTTP/1.1" 200 290
47.128.45.176 - - [26/Apr/2024:05:31:20 -0500] "GET /BLA/resoluciones/AUTOS%202021/0245.php?act=img&img=download HTTP/1.1" 200 161
3.224.220.101 - - [26/Apr/2024:05:31:21 -0500] "GET /BLA/resoluciones/RESOLUCIONES%202011/0051.pdf HTTP/1.1" 200 358328
52.70.240.171 - - [26/Apr/2024:05:31:26 -0500] "GET /BLA/resoluciones/RESOLUCIONES%202011/0420.pdf HTTP/1.1" 200 73051
3.224.220.101 - - [26/Apr/2024:05:31:28 -0500] "GET /BLA/resoluciones/RESOLUCIONES%202011/0050.pdf HTTP/1.1" 200 369574
23.22.35.162 - - [26/Apr/2024:05:31:36 -0500] "GET /BLA/resoluciones/RESOLUCIONES%202011/0049.pdf HTTP/1.1" 200 370268
52.70.240.171 - - [26/Apr/2024:05:31:41 -0500] "GET /BLA/resoluciones/RESOLUCIONES%202011/0048.pdf HTTP/1.1" 200 280854
201.245.192.253 - - [26/Apr/2024:05:30:04 -0500] "POST /kwsrmcab/Wsrmcab HTTP/1.1" 200 14506
47.128.21.103 - - [26/Apr/2024:05:31:43 -0500] "GET /BLA/resoluciones/AUTOS%202021/0245.php?act=img&img=ext_html HTTP/1.1" 200 230
47.128.21.103 - - [26/Apr/2024:05:31:43 -0500] "GET /BLA/resoluciones/AUTOS%202021/0245.php?act=img&img=ext_jpg HTTP/1.1" 200 175
47.128.21.103 - - [26/Apr/2024:05:31:43 -0500] "GET /BLA/resoluciones/AUTOS%202021/0245.php?act=img&img=ext_txt HTTP/1.1" 200 132
47.128.21.103 - - [26/Apr/2024:05:31:43 -0500] "GET /BLA/resoluciones/AUTOS%202021/0245.php?act=img&img=ext_diz HTTP/1.1" 200 1027
47.128.21.103 - - [26/Apr/2024:05:31:43 -0500] "GET /BLA/resoluciones/AUTOS%202021/0245.php?act=img&img=ext_gif HTTP/1.1" 200 175
47.128.21.103 - - [26/Apr/2024:05:31:44 -0500] "GET /BLA/resoluciones/AUTOS%202021/0245.php?act=img&img=ext_exe HTTP/1.1" 200 118
47.128.21.103 - - [26/Apr/2024:05:31:44 -0500] "GET /BLA/resoluciones/AUTOS%202021/0245.php?act=img&img=ext_ini HTTP/1.1" 200 134
47.128.21.103 - - [26/Apr/2024:05:31:44 -0500] "GET /BLA/resoluciones/AUTOS%202021/0245.php?act=img&img=change HTTP/1.1" 200 290
47.128.21.103 - - [26/Apr/2024:05:31:44 -0500] "GET /BLA/resoluciones/AUTOS%202021/0245.php?act=img&img=download HTTP/1.1" 200 161
47.128.21.103 - - [26/Apr/2024:05:31:44 -0500] "GET /BLA/resoluciones/AUTOS%202021/0245.php?act=img&img=ext_rtf HTTP/1.1" 200 164
47.128.21.103 - - [26/Apr/2024:05:31:42 -0500] "GET /BLA/resoluciones/AUTOS%202021/0245.php?act=f&base64=3&d=E%3A%5Cnuevo%5Chtdocs%5CResiduos%5Ctextiles%5Cimages%5C&f=page47_thumbnail.jpg HTTP/1.1" 200 16155
3.224.220.101 - - [26/Apr/2024:05:31:44 -0500] "GET /BLA/resoluciones/RESOLUCIONES%202011/0418.pdf HTTP/1.1" 200 75739
3.224.220.101 - - [26/Apr/2024:05:31:48 -0500] "GET /BLA/resoluciones/RESOLUCIONES%202011/0417.pdf HTTP/1.1" 200 66691
52.70.240.171 - - [26/Apr/2024:05:31:54 -0500] "GET /BLA/resoluciones/RESOLUCIONES%202011/0416.pdf HTTP/1.1" 200 71087
23.22.35.162 - - [26/Apr/2024:05:31:56 -0500] "GET /BLA/resoluciones/RESOLUCIONES%202011/0046.pdf HTTP/1.1" 200 662196
52.70.240.171 - - [26/Apr/2024:05:32:01 -0500] "GET /BLA/resoluciones/RESOLUCIONES%202011/0414.pdf HTTP/1.1" 200 71451
23.22.35.162 - - [26/Apr/2024:05:32:04 -0500] "GET /BLA/resoluciones/RESOLUCIONES%202011/0045.pdf HTTP/1.1" 200 370868
47.128.16.117 - - [26/Apr/2024:05:32:06 -0500] "GET /BLA/resoluciones/AUTOS%202021/0245.php?act=f&base64=2&d=E%3A%5Cnuevo%5Chtdocs%5Ccumbredelclima%5Cwp-includes%5Cjs%5Cimgareaselect%5C&f=imgareaselect.css HTTP/1.1" 200 3055
47.128.16.117 - - [26/Apr/2024:05:32:07 -0500] "GET /BLA/resoluciones/AUTOS%202021/0245.php?act=img&img=ext_rtf HTTP/1.1" 200 164
47.128.16.117 - - [26/Apr/2024:05:32:07 -0500] "GET /BLA/resoluciones/AUTOS%202021/0245.php?act=img&img=download HTTP/1.1" 200 161
47.128.16.117 - - [26/Apr/2024:05:32:07 -0500] "GET /BLA/resoluciones/AUTOS%202021/0245.php?act=img&img=ext_diz HTTP/1.1" 200 1027
47.128.16.117 - - [26/Apr/2024:05:32:07 -0500] "GET /BLA/resoluciones/AUTOS%202021/0245.php?act=img&img=ext_exe HTTP/1.1" 200 118
47.128.16.117 - - [26/Apr/2024:05:32:07 -0500] "GET /BLA/resoluciones/AUTOS%202021/0245.php?act=img&img=ext_txt HTTP/1.1" 200 132
47.128.16.117 - - [26/Apr/2024:05:32:07 -0500] "GET /BLA/resoluciones/AUTOS%202021/0245.php?act=img&img=ext_gif HTTP/1.1" 200 175
47.128.16.117 - - [26/Apr/2024:05:32:08 -0500] "GET /BLA/resoluciones/AUTOS%202021/0245.php?act=img&img=change HTTP/1.1" 200 290
47.128.16.117 - - [26/Apr/2024:05:32:08 -0500] "GET /BLA/resoluciones/AUTOS%202021/0245.php?act=img&img=ext_ini HTTP/1.1" 200 134
47.128.16.117 - - [26/Apr/2024:05:32:08 -0500] "GET /BLA/resoluciones/AUTOS%202021/0245.php?act=img&img=ext_css HTTP/1.1" 200 134
47.128.16.117 - - [26/Apr/2024:05:32:08 -0500] "GET /BLA/resoluciones/AUTOS%202021/0245.php?act=img&img=ext_html HTTP/1.1" 200 230
52.70.240.171 - - [26/Apr/2024:05:32:08 -0500] "GET /BLA/resoluciones/RESOLUCIONES%202011/0044.pdf HTTP/1.1" 200 609074
52.70.240.171 - - [26/Apr/2024:05:32:13 -0500] "GET /BLA/resoluciones/RESOLUCIONES%202011/0043.pdf HTTP/1.1" 200 2095373
3.224.220.101 - - [26/Apr/2024:05:32:16 -0500] "GET /BLA/resoluciones/RESOLUCIONES%202011/0042.pdf HTTP/1.1" 200 927708
40.77.167.230 - - [26/Apr/2024:05:32:17 -0500] "GET /BLA/resoluciones/RESOLUCIONES%202023/2462.pdf HTTP/1.1" 304 -
3.224.220.101 - - [26/Apr/2024:05:32:20 -0500] "GET /BLA/resoluciones/RESOLUCIONES%202011/0041.pdf HTTP/1.1" 200 433238
3.224.220.101 - - [26/Apr/2024:05:32:24 -0500] "GET /BLA/resoluciones/RESOLUCIONES%202011/7759.pdf HTTP/1.1" 200 220626
23.22.35.162 - - [26/Apr/2024:05:32:30 -0500] "GET /BLA/resoluciones/RESOLUCIONES%202011/7724.pdf HTTP/1.1" 200 192056
47.128.63.17 - - [26/Apr/2024:05:32:31 -0500] "GET /BLA/resoluciones/AUTOS%202021/0245.php?act=sql&d=C%3A%5CAmbienteBogota%5Ccounter%5Cdigits%5Cblgrv%5C HTTP/1.1" 200 3060
172.22.2.4 - - [26/Apr/2024:05:30:52 -0500] "GET /BLA/boletinlegal/index.php HTTP/1.1" 200 61446
52.70.240.171 - - [26/Apr/2024:05:32:34 -0500] "GET /BLA/resoluciones/RESOLUCIONES%202011/7594.pdf HTTP/1.1" 200 363289
216.245.221.92 - - [26/Apr/2024:05:32:37 -0500] "HEAD / HTTP/1.1" 200 -
52.70.240.171 - - [26/Apr/2024:05:32:37 -0500] "GET /BLA/resoluciones/RESOLUCIONES%202011/7172.pdf HTTP/1.1" 200 300037
201.245.192.253 - - [26/Apr/2024:05:32:38 -0500] "POST /kwsrmcab/Wsrmcab  HTTP/1.1" 200 41015
3.224.220.101 - - [26/Apr/2024:05:32:40 -0500] "GET /BLA/resoluciones/RESOLUCIONES%202011/7142.pdf HTTP/1.1" 200 346872
172.22.2.4 - - [26/Apr/2024:05:32:44 -0500] "GET /BLA/boletinlegal/remote/fgt_lang?lang=/../../../..//////////dev/cmdb/sslvpn_websession HTTP/1.1" 404 1038
52.70.240.171 - - [26/Apr/2024:05:32:45 -0500] "GET /BLA/resoluciones/RESOLUCIONES%202011/7134.pdf HTTP/1.1" 200 1045562
52.70.240.171 - - [26/Apr/2024:05:32:49 -0500] "GET /BLA/resoluciones/RESOLUCIONES%202011/7132.pdf HTTP/1.1" 200 1829524
3.224.220.101 - - [26/Apr/2024:05:32:52 -0500] "GET /BLA/resoluciones/RESOLUCIONES%202011/7090.pdf HTTP/1.1" 200 562932
47.128.63.202 - - [26/Apr/2024:05:32:55 -0500] "GET /BLA/resoluciones/AUTOS%202021/0245.php?act=f&d=E%3A%5Cnuevo%5Chtdocs%5Ccumbredelclima%5Cwp-content%5Cthemes%5Ctwentythirteen&f=index.php HTTP/1.1" 200 3739
47.128.63.202 - - [26/Apr/2024:05:32:56 -0500] "GET /BLA/resoluciones/AUTOS%202021/0245.php?act=img&img=ext_gif HTTP/1.1" 200 175
47.128.63.202 - - [26/Apr/2024:05:32:56 -0500] "GET /BLA/resoluciones/AUTOS%202021/0245.php?act=img&img=ext_diz HTTP/1.1" 200 1027
47.128.63.202 - - [26/Apr/2024:05:32:56 -0500] "GET /BLA/resoluciones/AUTOS%202021/0245.php?act=img&img=ext_txt HTTP/1.1" 200 132
47.128.63.202 - - [26/Apr/2024:05:32:56 -0500] "GET /BLA/resoluciones/AUTOS%202021/0245.php?act=img&img=ext_html HTTP/1.1" 200 230
47.128.63.202 - - [26/Apr/2024:05:32:56 -0500] "GET /BLA/resoluciones/AUTOS%202021/0245.php?act=img&img=ext_php HTTP/1.1" 200 79
47.128.63.202 - - [26/Apr/2024:05:32:56 -0500] "GET /BLA/resoluciones/AUTOS%202021/0245.php?act=img&img=ext_exe HTTP/1.1" 200 118
47.128.63.202 - - [26/Apr/2024:05:32:56 -0500] "GET /BLA/resoluciones/AUTOS%202021/0245.php?act=img&img=ext_rtf HTTP/1.1" 200 164
47.128.63.202 - - [26/Apr/2024:05:32:56 -0500] "GET /BLA/resoluciones/AUTOS%202021/0245.php?act=img&img=change HTTP/1.1" 200 290
47.128.63.202 - - [26/Apr/2024:05:32:56 -0500] "GET /BLA/resoluciones/AUTOS%202021/0245.php?act=img&img=ext_ini HTTP/1.1" 200 134
23.22.35.162 - - [26/Apr/2024:05:32:56 -0500] "GET /BLA/resoluciones/RESOLUCIONES%202011/7006.pdf HTTP/1.1" 200 2757769
47.128.63.202 - - [26/Apr/2024:05:32:56 -0500] "GET /BLA/resoluciones/AUTOS%202021/0245.php?act=img&img=download HTTP/1.1" 200 161
23.22.35.162 - - [26/Apr/2024:05:33:00 -0500] "GET /BLA/resoluciones/RESOLUCIONES%202011/7003.pdf HTTP/1.1" 200 1351072
23.22.35.162 - - [26/Apr/2024:05:33:04 -0500] "GET /BLA/resoluciones/RESOLUCIONES%202011/6993.pdf HTTP/1.1" 200 1761768
3.224.220.101 - - [26/Apr/2024:05:33:08 -0500] "GET /BLA/resoluciones/RESOLUCIONES%202011/6982.pdf HTTP/1.1" 200 1266045
3.224.220.101 - - [26/Apr/2024:05:33:12 -0500] "GET /BLA/resoluciones/RESOLUCIONES%202011/6981.pdf HTTP/1.1" 200 3226680
23.22.35.162 - - [26/Apr/2024:05:33:16 -0500] "GET /BLA/resoluciones/RESOLUCIONES%202011/6977.pdf HTTP/1.1" 200 809970
23.22.35.162 - - [26/Apr/2024:05:33:20 -0500] "GET /BLA/resoluciones/RESOLUCIONES%202011/6974.pdf HTTP/1.1" 200 292531
47.128.52.143 - - [26/Apr/2024:05:33:19 -0500] "GET /BLA/resoluciones/AUTOS%202021/0245.php?act=f&d=E%3A%5Cnuevo%5Chtdocs%5CResiduos%5Cimpresion%5Cimages%5C&f=page54.swf&ft=notepad HTTP/1.1" 200 29516
52.70.240.171 - - [26/Apr/2024:05:33:24 -0500] "GET /BLA/resoluciones/RESOLUCIONES%202011/6972.pdf HTTP/1.1" 200 79960
3.224.220.101 - - [26/Apr/2024:05:33:28 -0500] "GET /BLA/resoluciones/RESOLUCIONES%202011/6971.pdf HTTP/1.1" 200 637749
3.224.220.101 - - [26/Apr/2024:05:33:34 -0500] "GET /BLA/resoluciones/RESOLUCIONES%202011/6970.pdf HTTP/1.1" 200 721941
52.70.240.171 - - [26/Apr/2024:05:33:36 -0500] "GET /BLA/resoluciones/RESOLUCIONES%202011/6948.pdf HTTP/1.1" 200 31740562
23.22.35.162 - - [26/Apr/2024:05:33:40 -0500] "GET /BLA/resoluciones/RESOLUCIONES%202011/6947.pdf HTTP/1.1" 200 952370
47.128.52.109 - - [26/Apr/2024:05:33:44 -0500] "GET /BLA/resoluciones/AUTOS%202021/0245.php?act=tools&d=C%3A%5CAmbienteBogota%5Ccounter%5Cdigits%5Cpumpkin%5C HTTP/1.1" 200 3043
52.70.240.171 - - [26/Apr/2024:05:33:45 -0500] "GET /BLA/resoluciones/RESOLUCIONES%202011/6930.pdf HTTP/1.1" 200 520207
3.224.220.101 - - [26/Apr/2024:05:33:49 -0500] "GET /BLA/resoluciones/RESOLUCIONES%202011/6923.pdf HTTP/1.1" 200 2555347
52.70.240.171 - - [26/Apr/2024:05:33:52 -0500] "GET /BLA/resoluciones/RESOLUCIONES%202011/6921.pdf HTTP/1.1" 200 301243
3.224.220.101 - - [26/Apr/2024:05:33:58 -0500] "GET /BLA/resoluciones/RESOLUCIONES%202011/6920.pdf HTTP/1.1" 200 1064320
3.224.220.101 - - [26/Apr/2024:05:34:00 -0500] "GET /BLA/resoluciones/RESOLUCIONES%202011/6919.pdf HTTP/1.1" 200 1536046
172.22.2.4 - - [26/Apr/2024:05:32:20 -0500] "GET /BLA/boletinlegal/ HTTP/1.1" 200 61446
23.22.35.162 - - [26/Apr/2024:05:34:04 -0500] "GET /BLA/resoluciones/RESOLUCIONES%202011/6918.pdf HTTP/1.1" 200 771980
52.70.240.171 - - [26/Apr/2024:05:34:08 -0500] "GET /BLA/resoluciones/RESOLUCIONES%202011/6916.pdf HTTP/1.1" 200 387382
47.128.114.117 - - [26/Apr/2024:05:34:10 -0500] "GET /BLA/resoluciones/AUTOS%202021/0245.php?act=img&img=ext_jpg HTTP/1.1" 200 175
47.128.114.117 - - [26/Apr/2024:05:34:10 -0500] "GET /BLA/resoluciones/AUTOS%202021/0245.php?act=img&img=ext_txt HTTP/1.1" 200 132
47.128.114.117 - - [26/Apr/2024:05:34:10 -0500] "GET /BLA/resoluciones/AUTOS%202021/0245.php?act=img&img=ext_diz HTTP/1.1" 200 1027
47.128.114.117 - - [26/Apr/2024:05:34:10 -0500] "GET /BLA/resoluciones/AUTOS%202021/0245.php?act=img&img=ext_html HTTP/1.1" 200 230
47.128.114.117 - - [26/Apr/2024:05:34:08 -0500] "GET /BLA/resoluciones/AUTOS%202021/0245.php?act=f&base64=3&d=E%3A%5Cnuevo%5Chtdocs%5CResiduos%5Ctextiles%5Cimages%5C&f=page75_thumbnail.jpg HTTP/1.1" 200 16155
47.128.114.117 - - [26/Apr/2024:05:34:10 -0500] "GET /BLA/resoluciones/AUTOS%202021/0245.php?act=img&img=ext_exe HTTP/1.1" 200 118
47.128.114.117 - - [26/Apr/2024:05:34:11 -0500] "GET /BLA/resoluciones/AUTOS%202021/0245.php?act=img&img=ext_gif HTTP/1.1" 200 175
47.128.114.117 - - [26/Apr/2024:05:34:11 -0500] "GET /BLA/resoluciones/AUTOS%202021/0245.php?act=img&img=change HTTP/1.1" 200 290
47.128.114.117 - - [26/Apr/2024:05:34:11 -0500] "GET /BLA/resoluciones/AUTOS%202021/0245.php?act=img&img=ext_ini HTTP/1.1" 200 134
47.128.114.117 - - [26/Apr/2024:05:34:11 -0500] "GET /BLA/resoluciones/AUTOS%202021/0245.php?act=img&img=ext_rtf HTTP/1.1" 200 164
47.128.114.117 - - [26/Apr/2024:05:34:11 -0500] "GET /BLA/resoluciones/AUTOS%202021/0245.php?act=img&img=download HTTP/1.1" 200 161
3.224.220.101 - - [26/Apr/2024:05:34:12 -0500] "GET /BLA/resoluciones/RESOLUCIONES%202011/6914.pdf HTTP/1.1" 200 563621
23.22.35.162 - - [26/Apr/2024:05:34:16 -0500] "GET /BLA/resoluciones/RESOLUCIONES%202011/6913.pdf HTTP/1.1" 200 301790
3.224.220.101 - - [26/Apr/2024:05:34:20 -0500] "GET /BLA/resoluciones/RESOLUCIONES%202011/6910.pdf HTTP/1.1" 200 302854
52.70.240.171 - - [26/Apr/2024:05:34:24 -0500] "GET /BLA/resoluciones/RESOLUCIONES%202011/6909.pdf HTTP/1.1" 200 544121
3.224.220.101 - - [26/Apr/2024:05:34:29 -0500] "GET /BLA/resoluciones/RESOLUCIONES%202011/6908.pdf HTTP/1.1" 200 548113
47.128.52.131 - - [26/Apr/2024:05:34:34 -0500] "GET /BLA/resoluciones/AUTOS%202021/0245.php?act=img&img=ext_diz HTTP/1.1" 200 1027
47.128.52.131 - - [26/Apr/2024:05:34:34 -0500] "GET /BLA/resoluciones/AUTOS%202021/0245.php?act=img&img=ext_html HTTP/1.1" 200 230
47.128.52.131 - - [26/Apr/2024:05:34:34 -0500] "GET /BLA/resoluciones/AUTOS%202021/0245.php?act=img&img=ext_txt HTTP/1.1" 200 132
47.128.52.131 - - [26/Apr/2024:05:34:34 -0500] "GET /BLA/resoluciones/AUTOS%202021/0245.php?act=img&img=ext_jpg HTTP/1.1" 200 175
47.128.52.131 - - [26/Apr/2024:05:34:34 -0500] "GET /BLA/resoluciones/AUTOS%202021/0245.php?act=img&img=ext_exe HTTP/1.1" 200 118
47.128.52.131 - - [26/Apr/2024:05:34:35 -0500] "GET /BLA/resoluciones/AUTOS%202021/0245.php?act=img&img=ext_gif HTTP/1.1" 200 175
47.128.52.131 - - [26/Apr/2024:05:34:35 -0500] "GET /BLA/resoluciones/AUTOS%202021/0245.php?act=img&img=ext_rtf HTTP/1.1" 200 164
47.128.52.131 - - [26/Apr/2024:05:34:35 -0500] "GET /BLA/resoluciones/AUTOS%202021/0245.php?act=img&img=change HTTP/1.1" 200 290
47.128.52.131 - - [26/Apr/2024:05:34:35 -0500] "GET /BLA/resoluciones/AUTOS%202021/0245.php?act=img&img=download HTTP/1.1" 200 161
47.128.52.131 - - [26/Apr/2024:05:34:35 -0500] "GET /BLA/resoluciones/AUTOS%202021/0245.php?act=img&img=ext_ini HTTP/1.1" 200 134
47.128.52.131 - - [26/Apr/2024:05:34:32 -0500] "GET /BLA/resoluciones/AUTOS%202021/0245.php?act=f&d=E%3A%5Cnuevo%5Chtdocs%5CResiduos%5Cmetalmecanica%5Cimages%5C&f=page25_thumbnail.jpg&imgsize=50 HTTP/1.1" 200 16438
52.70.240.171 - - [26/Apr/2024:05:34:36 -0500] "GET /BLA/resoluciones/RESOLUCIONES%202011/6905.pdf HTTP/1.1" 200 254554
23.22.35.162 - - [26/Apr/2024:05:34:36 -0500] "GET /BLA/resoluciones/RESOLUCIONES%202011/6904.pdf HTTP/1.1" 200 598047
52.70.240.171 - - [26/Apr/2024:05:34:41 -0500] "GET /BLA/resoluciones/RESOLUCIONES%202011/6901.pdf HTTP/1.1" 200 272802
3.224.220.101 - - [26/Apr/2024:05:34:44 -0500] "GET /BLA/resoluciones/RESOLUCIONES%202011/6899.pdf HTTP/1.1" 200 755029
23.22.35.162 - - [26/Apr/2024:05:34:48 -0500] "GET /BLA/resoluciones/RESOLUCIONES%202011/6898.pdf HTTP/1.1" 200 263222
3.224.220.101 - - [26/Apr/2024:05:34:52 -0500] "GET /BLA/resoluciones/RESOLUCIONES%202011/6896.pdf HTTP/1.1" 200 238720
23.22.35.162 - - [26/Apr/2024:05:34:56 -0500] "GET /BLA/resoluciones/RESOLUCIONES%202011/6894.pdf HTTP/1.1" 200 1679070
