3.224.220.101 - - [26/Apr/2024:05:44:24 -0500] "GET /BLA/resoluciones/RESOLUCIONES%202011/6311.pdf HTTP/1.1" 200 476750
3.224.220.101 - - [26/Apr/2024:05:44:28 -0500] "GET /BLA/resoluciones/RESOLUCIONES%202011/6310.pdf HTTP/1.1" 200 864081
23.22.35.162 - - [26/Apr/2024:05:44:32 -0500] "GET /BLA/resoluciones/RESOLUCIONES%202011/6309.pdf HTTP/1.1" 200 277607
52.70.240.171 - - [26/Apr/2024:05:44:36 -0500] "GET /BLA/resoluciones/RESOLUCIONES%202011/6308.pdf HTTP/1.1" 200 1204432
3.224.220.101 - - [26/Apr/2024:05:44:40 -0500] "GET /BLA/resoluciones/RESOLUCIONES%202011/6307.pdf HTTP/1.1" 200 1210446
47.128.41.224 - - [26/Apr/2024:05:44:40 -0500] "GET /BLA/resoluciones/AUTOS%202021/0245.php?act=f&d=E%3A%5Cnuevo%5Chtdocs%5CBLA%5Cresoluciones%5CRESOLUCIONES+2000%5C&f=0954.pdf&ft=notepad HTTP/1.1" 200 40640
52.70.240.171 - - [26/Apr/2024:05:44:44 -0500] "GET /BLA/resoluciones/RESOLUCIONES%202011/6306.pdf HTTP/1.1" 200 1287848
23.22.35.162 - - [26/Apr/2024:05:44:48 -0500] "GET /BLA/resoluciones/RESOLUCIONES%202011/6305.pdf HTTP/1.1" 200 1451741
3.224.220.101 - - [26/Apr/2024:05:44:52 -0500] "GET /BLA/resoluciones/RESOLUCIONES%202011/6303.pdf HTTP/1.1" 200 476463
172.22.2.4 - - [26/Apr/2024:05:43:16 -0500] "GET /BLA/boletinlegal/ HTTP/1.1" 200 46045
23.22.35.162 - - [26/Apr/2024:05:44:56 -0500] "GET /BLA/resoluciones/RESOLUCIONES%202011/6302.pdf HTTP/1.1" 200 800796
52.70.240.171 - - [26/Apr/2024:05:45:00 -0500] "GET /BLA/resoluciones/RESOLUCIONES%202011/6301.pdf HTTP/1.1" 200 477850
172.22.2.4 - - [26/Apr/2024:05:44:09 -0500] "GET /BLA/boletinlegal/ HTTP/1.1" 200 24523
52.70.240.171 - - [26/Apr/2024:05:45:05 -0500] "GET /BLA/resoluciones/RESOLUCIONES%202011/6300.pdf HTTP/1.1" 200 737100
47.128.122.153 - - [26/Apr/2024:05:45:04 -0500] "GET /BLA/resoluciones/AUTOS%202021/0245.php?act=f&d=E%3A%5Cnuevo%5Chtdocs%5CBLA%5Cresoluciones%5CAUTOS+2021%5C&f=0469.pdf&ft=download HTTP/1.1" 200 179879
23.22.35.162 - - [26/Apr/2024:05:45:08 -0500] "GET /BLA/resoluciones/RESOLUCIONES%202011/6299.pdf HTTP/1.1" 200 986380
172.22.2.4 - - [26/Apr/2024:05:43:29 -0500] "HEAD /BLA/boletinlegal/ HTTP/1.1" 200 -
23.22.35.162 - - [26/Apr/2024:05:45:12 -0500] "GET /BLA/resoluciones/RESOLUCIONES%202011/6298.pdf HTTP/1.1" 200 1189804
52.70.240.171 - - [26/Apr/2024:05:45:17 -0500] "GET /BLA/resoluciones/RESOLUCIONES%202011/6297.pdf HTTP/1.1" 200 1251199
52.70.240.171 - - [26/Apr/2024:05:45:20 -0500] "GET /BLA/resoluciones/RESOLUCIONES%202011/6295.pdf HTTP/1.1" 200 1124860
23.22.35.162 - - [26/Apr/2024:05:45:24 -0500] "GET /BLA/resoluciones/RESOLUCIONES%202011/6293.pdf HTTP/1.1" 200 470871
3.224.220.101 - - [26/Apr/2024:05:45:28 -0500] "GET /BLA/resoluciones/RESOLUCIONES%202011/6292.pdf HTTP/1.1" 200 519789
152.61.192.232 - - [26/Apr/2024:05:45:29 -0500] "GET /arcgis/services/Calidad_del_Agua_WQI/MapServer/WMSServer?REQUEST=GetCapabilities&SERVICE=WMS HTTP/1.1" 503 1020
47.128.121.139 - - [26/Apr/2024:05:45:30 -0500] "GET /BLA/resoluciones/AUTOS%202021/0245.php?act=f&d=E%3A%5Cnuevo%5Chtdocs%5Ccumbreclima%5Cwp-includes%5C&f=class-phpass.php&ft=txt&white=1 HTTP/1.1" 200 5487
152.61.192.232 - - [26/Apr/2024:05:45:30 -0500] "GET /arcgis/services/Calidad_del_Agua_WQI/MapServer/WMSServer?SERVICE=WMS&REQUEST=GetCapabilities HTTP/1.1" 503 1020
152.61.192.232 - - [26/Apr/2024:05:45:30 -0500] "GET /arcgis/services/Calidad_del_Agua_WQI/MapServer/WMSServer?WMTVER=1.0.0&REQUEST=capabilities HTTP/1.1" 503 1020
47.128.121.139 - - [26/Apr/2024:05:45:30 -0500] "GET /BLA/resoluciones/AUTOS%202021/0245.php?act=img&img=change HTTP/1.1" 200 290
47.128.121.139 - - [26/Apr/2024:05:45:31 -0500] "GET /BLA/resoluciones/AUTOS%202021/0245.php?act=img&img=ext_txt HTTP/1.1" 200 132
47.128.121.139 - - [26/Apr/2024:05:45:31 -0500] "GET /BLA/resoluciones/AUTOS%202021/0245.php?act=img&img=ext_exe HTTP/1.1" 200 118
47.128.121.139 - - [26/Apr/2024:05:45:31 -0500] "GET /BLA/resoluciones/AUTOS%202021/0245.php?act=img&img=ext_diz HTTP/1.1" 200 1027
47.128.121.139 - - [26/Apr/2024:05:45:31 -0500] "GET /BLA/resoluciones/AUTOS%202021/0245.php?act=img&img=ext_html HTTP/1.1" 200 230
47.128.121.139 - - [26/Apr/2024:05:45:31 -0500] "GET /BLA/resoluciones/AUTOS%202021/0245.php?act=img&img=ext_gif HTTP/1.1" 200 175
47.128.121.139 - - [26/Apr/2024:05:45:31 -0500] "GET /BLA/resoluciones/AUTOS%202021/0245.php?act=img&img=download HTTP/1.1" 200 161
47.128.121.139 - - [26/Apr/2024:05:45:31 -0500] "GET /BLA/resoluciones/AUTOS%202021/0245.php?act=img&img=ext_ini HTTP/1.1" 200 134
47.128.121.139 - - [26/Apr/2024:05:45:31 -0500] "GET /BLA/resoluciones/AUTOS%202021/0245.php?act=img&img=ext_rtf HTTP/1.1" 200 164
47.128.121.139 - - [26/Apr/2024:05:45:31 -0500] "GET /BLA/resoluciones/AUTOS%202021/0245.php?act=img&img=ext_php HTTP/1.1" 200 79
23.22.35.162 - - [26/Apr/2024:05:45:33 -0500] "GET /BLA/resoluciones/RESOLUCIONES%202011/6291.pdf HTTP/1.1" 200 282519
3.224.220.101 - - [26/Apr/2024:05:45:36 -0500] "GET /BLA/resoluciones/RESOLUCIONES%202011/6290.pdf HTTP/1.1" 200 1416373
23.22.35.162 - - [26/Apr/2024:05:45:42 -0500] "GET /BLA/resoluciones/RESOLUCIONES%202011/6289.pdf HTTP/1.1" 200 1238974
3.224.220.101 - - [26/Apr/2024:05:45:44 -0500] "GET /BLA/resoluciones/RESOLUCIONES%202011/6288.pdf HTTP/1.1" 200 1214560
52.70.240.171 - - [26/Apr/2024:05:45:48 -0500] "GET /BLA/resoluciones/RESOLUCIONES%202011/6286.pdf HTTP/1.1" 200 1223808
47.128.41.217 - - [26/Apr/2024:05:45:54 -0500] "GET /BLA/resoluciones/AUTOS%202021/0245.php?act=f&d=E%3A%5Cnuevo%5Chtdocs%5Ccumbreclima%5Cwp-includes%5C&f=author-template.php&ft=download&white=1 HTTP/1.1" 200 14305
52.70.240.171 - - [26/Apr/2024:05:45:55 -0500] "GET /BLA/resoluciones/RESOLUCIONES%202011/6285.pdf HTTP/1.1" 200 1237074
3.224.220.101 - - [26/Apr/2024:05:45:56 -0500] "GET /BLA/resoluciones/RESOLUCIONES%202011/6284.pdf HTTP/1.1" 200 1375667
172.22.2.4 - - [26/Apr/2024:05:44:19 -0500] "GET /BLA/boletinlegal/ HTTP/1.1" 200 53818
3.224.220.101 - - [26/Apr/2024:05:46:00 -0500] "GET /BLA/resoluciones/RESOLUCIONES%202011/6283.pdf HTTP/1.1" 200 1230296
23.22.35.162 - - [26/Apr/2024:05:46:04 -0500] "GET /BLA/resoluciones/RESOLUCIONES%202011/6282.pdf HTTP/1.1" 200 1315035
3.224.220.101 - - [26/Apr/2024:05:46:08 -0500] "GET /BLA/resoluciones/RESOLUCIONES%202011/6280.pdf HTTP/1.1" 200 1418092
3.224.220.101 - - [26/Apr/2024:05:46:12 -0500] "GET /BLA/resoluciones/RESOLUCIONES%202011/6269.pdf HTTP/1.1" 200 424545
3.224.220.101 - - [26/Apr/2024:05:46:16 -0500] "GET /BLA/resoluciones/RESOLUCIONES%202011/6266.pdf HTTP/1.1" 200 1288184
47.128.30.142 - - [26/Apr/2024:05:46:18 -0500] "GET /BLA/resoluciones/AUTOS%202021/0245.php?act=security&d=E%3A%5Cnuevo%5Chtdocs%5CAutoliquidacion2020%5CCobro+Clasificacion+Uso+De+Vivenda+En+Suelo+Restringido%5CCOMPATIBILIDAD+USO+DE+VIVIENDA%5C HTTP/1.1" 200 2911
52.70.240.171 - - [26/Apr/2024:05:46:20 -0500] "GET /BLA/resoluciones/RESOLUCIONES%202011/6265.pdf HTTP/1.1" 200 1712716
52.70.240.171 - - [26/Apr/2024:05:46:25 -0500] "GET /BLA/resoluciones/RESOLUCIONES%202011/6264.pdf HTTP/1.1" 200 1661398
3.224.220.101 - - [26/Apr/2024:05:46:28 -0500] "GET /BLA/resoluciones/RESOLUCIONES%202011/6263.pdf HTTP/1.1" 200 1463431
52.70.240.171 - - [26/Apr/2024:05:46:32 -0500] "GET /BLA/resoluciones/RESOLUCIONES%202011/6262.pdf HTTP/1.1" 200 1396868
23.22.35.162 - - [26/Apr/2024:05:46:36 -0500] "GET /BLA/resoluciones/RESOLUCIONES%202011/6253.pdf HTTP/1.1" 200 846804
23.22.35.162 - - [26/Apr/2024:05:46:40 -0500] "GET /BLA/resoluciones/RESOLUCIONES%202011/6237.pdf HTTP/1.1" 200 4986235
47.128.41.34 - - [26/Apr/2024:05:46:42 -0500] "GET /BLA/resoluciones/AUTOS%202021/0245.php?act=f&d=E%3A%5Cnuevo%5Chtdocs%5Cbogotacumbredelclima%5Cwp-admin%5C&f=ms-sites.php&ft=html HTTP/1.1" 200 3138
47.128.41.34 - - [26/Apr/2024:05:46:42 -0500] "GET /BLA/resoluciones/AUTOS%202021/0245.php?act=img&img=ext_gif HTTP/1.1" 200 175
47.128.41.34 - - [26/Apr/2024:05:46:42 -0500] "GET /BLA/resoluciones/AUTOS%202021/0245.php?act=img&img=ext_exe HTTP/1.1" 200 118
47.128.41.34 - - [26/Apr/2024:05:46:42 -0500] "GET /BLA/resoluciones/AUTOS%202021/0245.php?act=img&img=ext_txt HTTP/1.1" 200 132
47.128.41.34 - - [26/Apr/2024:05:46:42 -0500] "GET /BLA/resoluciones/AUTOS%202021/0245.php?act=img&img=ext_php HTTP/1.1" 200 79
47.128.41.34 - - [26/Apr/2024:05:46:42 -0500] "GET /BLA/resoluciones/AUTOS%202021/0245.php?act=img&img=ext_html HTTP/1.1" 200 230
47.128.41.34 - - [26/Apr/2024:05:46:42 -0500] "GET /BLA/resoluciones/AUTOS%202021/0245.php?act=img&img=ext_diz HTTP/1.1" 200 1027
47.128.41.34 - - [26/Apr/2024:05:46:43 -0500] "GET /BLA/resoluciones/AUTOS%202021/0245.php?act=img&img=ext_rtf HTTP/1.1" 200 164
47.128.41.34 - - [26/Apr/2024:05:46:43 -0500] "GET /BLA/resoluciones/AUTOS%202021/0245.php?act=img&img=download HTTP/1.1" 200 161
47.128.41.34 - - [26/Apr/2024:05:46:43 -0500] "GET /BLA/resoluciones/AUTOS%202021/0245.php?act=img&img=ext_ini HTTP/1.1" 200 134
47.128.41.34 - - [26/Apr/2024:05:46:43 -0500] "GET /BLA/resoluciones/AUTOS%202021/0245.php?act=img&img=change HTTP/1.1" 200 290
52.70.240.171 - - [26/Apr/2024:05:46:44 -0500] "GET /BLA/resoluciones/RESOLUCIONES%202011/6235.pdf HTTP/1.1" 200 707148
23.22.35.162 - - [26/Apr/2024:05:46:48 -0500] "GET /BLA/resoluciones/RESOLUCIONES%202011/6232.pdf HTTP/1.1" 200 1242364
52.70.240.171 - - [26/Apr/2024:05:46:53 -0500] "GET /BLA/resoluciones/RESOLUCIONES%202011/6231.pdf HTTP/1.1" 200 1243194
23.22.35.162 - - [26/Apr/2024:05:46:56 -0500] "GET /BLA/resoluciones/RESOLUCIONES%202011/6230.pdf HTTP/1.1" 200 1327291
52.70.240.171 - - [26/Apr/2024:05:47:04 -0500] "GET /BLA/resoluciones/RESOLUCIONES%202011/6225.pdf HTTP/1.1" 200 1000837
23.22.35.162 - - [26/Apr/2024:05:47:05 -0500] "GET /BLA/resoluciones/RESOLUCIONES%202011/6227.pdf HTTP/1.1" 200 1140780
47.128.121.175 - - [26/Apr/2024:05:47:07 -0500] "GET /BLA/resoluciones/AUTOS%202021/0245.php?act=chmod&d=E%3A%5Cxampp%5Cxampp%5CFileZillaFTP%5CLogs&f=fzs-2014-10-02.log HTTP/1.1" 200 2874
3.224.220.101 - - [26/Apr/2024:05:47:08 -0500] "GET /BLA/resoluciones/RESOLUCIONES%202011/6224.pdf HTTP/1.1" 200 1064678
23.22.35.162 - - [26/Apr/2024:05:47:12 -0500] "GET /BLA/resoluciones/RESOLUCIONES%202011/6222.pdf HTTP/1.1" 200 1271808
3.224.220.101 - - [26/Apr/2024:05:47:16 -0500] "GET /BLA/resoluciones/RESOLUCIONES%202011/6221.pdf HTTP/1.1" 200 578798
3.224.220.101 - - [26/Apr/2024:05:47:21 -0500] "GET /BLA/resoluciones/RESOLUCIONES%202011/6217.pdf HTTP/1.1" 200 192730
23.22.35.162 - - [26/Apr/2024:05:47:24 -0500] "GET /BLA/resoluciones/RESOLUCIONES%202011/6215.pdf HTTP/1.1" 200 4969152
23.22.35.162 - - [26/Apr/2024:05:47:28 -0500] "GET /BLA/resoluciones/RESOLUCIONES%202011/6214.pdf HTTP/1.1" 200 1060430
47.128.53.246 - - [26/Apr/2024:05:47:30 -0500] "GET /BLA/resoluciones/AUTOS%202021/0245.php?act=ls&d=E%3A%5Cnuevo%5Chtdocs%5CResiduos%5Cimpresion%5Cfiles%5Csearch&sort=2d HTTP/1.1" 200 7722
47.128.53.246 - - [26/Apr/2024:05:47:31 -0500] "GET /BLA/resoluciones/AUTOS%202021/0245.php?act=img&img=ext_xml HTTP/1.1" 200 231
47.128.53.246 - - [26/Apr/2024:05:47:32 -0500] "GET /BLA/resoluciones/AUTOS%202021/0245.php?act=img&img=arrow_ltr HTTP/1.1" 200 88
3.224.220.101 - - [26/Apr/2024:05:47:32 -0500] "GET /BLA/resoluciones/RESOLUCIONES%202011/6213.pdf HTTP/1.1" 200 1200695
201.245.192.253 - - [26/Apr/2024:05:47:34 -0500] "POST /kwsrmcab/Wsrmcab  HTTP/1.1" 200 41015
3.224.220.101 - - [26/Apr/2024:05:47:36 -0500] "GET /BLA/resoluciones/RESOLUCIONES%202011/6211.pdf HTTP/1.1" 200 334530
216.245.221.92 - - [26/Apr/2024:05:47:37 -0500] "HEAD / HTTP/1.1" 200 -
52.70.240.171 - - [26/Apr/2024:05:47:40 -0500] "GET /BLA/resoluciones/RESOLUCIONES%202011/6207.pdf HTTP/1.1" 200 692681
52.70.240.171 - - [26/Apr/2024:05:47:46 -0500] "GET /BLA/resoluciones/RESOLUCIONES%202011/6204.pdf HTTP/1.1" 200 953080
23.22.35.162 - - [26/Apr/2024:05:47:48 -0500] "GET /BLA/resoluciones/RESOLUCIONES%202011/6203.pdf HTTP/1.1" 200 615757
23.22.35.162 - - [26/Apr/2024:05:47:52 -0500] "GET /BLA/resoluciones/RESOLUCIONES%202011/6200.pdf HTTP/1.1" 200 1275352
47.128.53.32 - - [26/Apr/2024:05:47:54 -0500] "GET /BLA/resoluciones/AUTOS%202021/0245.php?act=ls&d=C%3A%5CAmbienteBogota%5Ccounter%5Cdigits%5Cglow&sort=2a HTTP/1.1" 200 3731
47.128.53.32 - - [26/Apr/2024:05:47:55 -0500] "GET /BLA/resoluciones/AUTOS%202021/0245.php?act=img&img=arrow_ltr HTTP/1.1" 200 88
47.128.53.32 - - [26/Apr/2024:05:47:55 -0500] "GET /BLA/resoluciones/AUTOS%202021/0245.php?act=img&img=ext_png HTTP/1.1" 200 175
52.70.240.171 - - [26/Apr/2024:05:47:58 -0500] "GET /BLA/resoluciones/RESOLUCIONES%202011/6199.pdf HTTP/1.1" 200 333639
23.22.35.162 - - [26/Apr/2024:05:48:00 -0500] "GET /BLA/resoluciones/RESOLUCIONES%202011/6198.pdf HTTP/1.1" 200 469641
3.224.220.101 - - [26/Apr/2024:05:48:06 -0500] "GET /BLA/resoluciones/RESOLUCIONES%202011/6195.pdf HTTP/1.1" 200 493771
23.22.35.162 - - [26/Apr/2024:05:48:08 -0500] "GET /BLA/resoluciones/RESOLUCIONES%202011/6194.pdf HTTP/1.1" 200 1531215
172.22.2.4 - - [26/Apr/2024:05:48:11 -0500] "GET /BLA/boletinlegal/geoserver/web/ HTTP/1.1" 404 1018
23.22.35.162 - - [26/Apr/2024:05:48:12 -0500] "GET /BLA/resoluciones/RESOLUCIONES%202011/6193.pdf HTTP/1.1" 200 1176595
23.22.35.162 - - [26/Apr/2024:05:48:16 -0500] "GET /BLA/resoluciones/RESOLUCIONES%202011/6192.pdf HTTP/1.1" 200 956355
47.128.53.40 - - [26/Apr/2024:05:48:20 -0500] "GET /BLA/resoluciones/AUTOS%202021/0245.php?act=f&d=E%3A%5Cnuevo%5Chtdocs%5CResiduos%5Ctextiles%5Cimages%5C&f=page31.swf&fullhexdump=1 HTTP/1.1" 200 3019
52.70.240.171 - - [26/Apr/2024:05:48:20 -0500] "GET /BLA/resoluciones/RESOLUCIONES%202011/6190.pdf HTTP/1.1" 200 319681
47.128.53.40 - - [26/Apr/2024:05:48:21 -0500] "GET /BLA/resoluciones/AUTOS%202021/0245.php?act=img&img=ext_txt HTTP/1.1" 200 132
47.128.53.40 - - [26/Apr/2024:05:48:21 -0500] "GET /BLA/resoluciones/AUTOS%202021/0245.php?act=img&img=ext_exe HTTP/1.1" 200 118
47.128.53.40 - - [26/Apr/2024:05:48:21 -0500] "GET /BLA/resoluciones/AUTOS%202021/0245.php?act=img&img=ext_html HTTP/1.1" 200 230
47.128.53.40 - - [26/Apr/2024:05:48:21 -0500] "GET /BLA/resoluciones/AUTOS%202021/0245.php?act=img&img=ext_diz HTTP/1.1" 200 1027
47.128.53.40 - - [26/Apr/2024:05:48:21 -0500] "GET /BLA/resoluciones/AUTOS%202021/0245.php?act=img&img=ext_gif HTTP/1.1" 200 175
47.128.53.40 - - [26/Apr/2024:05:48:21 -0500] "GET /BLA/resoluciones/AUTOS%202021/0245.php?act=img&img=ext_swf HTTP/1.1" 200 254
47.128.53.40 - - [26/Apr/2024:05:48:21 -0500] "GET /BLA/resoluciones/AUTOS%202021/0245.php?act=img&img=ext_rtf HTTP/1.1" 200 164
47.128.53.40 - - [26/Apr/2024:05:48:21 -0500] "GET /BLA/resoluciones/AUTOS%202021/0245.php?act=img&img=ext_ini HTTP/1.1" 200 134
47.128.53.40 - - [26/Apr/2024:05:48:21 -0500] "GET /BLA/resoluciones/AUTOS%202021/0245.php?act=img&img=change HTTP/1.1" 200 290
47.128.53.40 - - [26/Apr/2024:05:48:21 -0500] "GET /BLA/resoluciones/AUTOS%202021/0245.php?act=img&img=download HTTP/1.1" 200 161
3.224.220.101 - - [26/Apr/2024:05:48:25 -0500] "GET /BLA/resoluciones/RESOLUCIONES%202011/6188.pdf HTTP/1.1" 200 909128
52.70.240.171 - - [26/Apr/2024:05:48:28 -0500] "GET /BLA/resoluciones/RESOLUCIONES%202011/6187.pdf HTTP/1.1" 200 904030
52.70.240.171 - - [26/Apr/2024:05:48:32 -0500] "GET /BLA/resoluciones/RESOLUCIONES%202011/6183.pdf HTTP/1.1" 200 557145
3.224.220.101 - - [26/Apr/2024:05:48:36 -0500] "GET /BLA/resoluciones/RESOLUCIONES%202011/6182.pdf HTTP/1.1" 200 399926
23.22.35.162 - - [26/Apr/2024:05:48:40 -0500] "GET /BLA/resoluciones/RESOLUCIONES%202011/6177.pdf HTTP/1.1" 200 3315589
52.70.240.171 - - [26/Apr/2024:05:48:44 -0500] "GET /BLA/resoluciones/RESOLUCIONES%202011/6176.pdf HTTP/1.1" 200 490741
47.128.53.29 - - [26/Apr/2024:05:48:44 -0500] "GET /BLA/resoluciones/AUTOS%202021/0245.php?act=f&base64=2&d=E%3A%5Cnuevo%5Chtdocs%5CResiduos%5Ccosmeticos%5Cimages%5C&f=page91_thumbnail.jpg HTTP/1.1" 200 16267
47.128.53.29 - - [26/Apr/2024:05:48:45 -0500] "GET /BLA/resoluciones/AUTOS%202021/0245.php?act=img&img=ext_diz HTTP/1.1" 200 1027
47.128.53.29 - - [26/Apr/2024:05:48:45 -0500] "GET /BLA/resoluciones/AUTOS%202021/0245.php?act=img&img=ext_txt HTTP/1.1" 200 132
47.128.53.29 - - [26/Apr/2024:05:48:45 -0500] "GET /BLA/resoluciones/AUTOS%202021/0245.php?act=img&img=ext_html HTTP/1.1" 200 230
47.128.53.29 - - [26/Apr/2024:05:48:45 -0500] "GET /BLA/resoluciones/AUTOS%202021/0245.php?act=img&img=ext_jpg HTTP/1.1" 200 175
47.128.53.29 - - [26/Apr/2024:05:48:45 -0500] "GET /BLA/resoluciones/AUTOS%202021/0245.php?act=img&img=ext_exe HTTP/1.1" 200 118
47.128.53.29 - - [26/Apr/2024:05:48:45 -0500] "GET /BLA/resoluciones/AUTOS%202021/0245.php?act=img&img=ext_gif HTTP/1.1" 200 175
47.128.53.29 - - [26/Apr/2024:05:48:46 -0500] "GET /BLA/resoluciones/AUTOS%202021/0245.php?act=img&img=download HTTP/1.1" 200 161
47.128.53.29 - - [26/Apr/2024:05:48:46 -0500] "GET /BLA/resoluciones/AUTOS%202021/0245.php?act=img&img=change HTTP/1.1" 200 290
47.128.53.29 - - [26/Apr/2024:05:48:46 -0500] "GET /BLA/resoluciones/AUTOS%202021/0245.php?act=img&img=ext_rtf HTTP/1.1" 200 164
47.128.53.29 - - [26/Apr/2024:05:48:46 -0500] "GET /BLA/resoluciones/AUTOS%202021/0245.php?act=img&img=ext_ini HTTP/1.1" 200 134
3.224.220.101 - - [26/Apr/2024:05:48:49 -0500] "GET /BLA/resoluciones/RESOLUCIONES%202011/6173.pdf HTTP/1.1" 200 803420
3.224.220.101 - - [26/Apr/2024:05:48:52 -0500] "GET /BLA/resoluciones/RESOLUCIONES%202011/6172.pdf HTTP/1.1" 200 794393
3.224.220.101 - - [26/Apr/2024:05:48:56 -0500] "GET /BLA/resoluciones/RESOLUCIONES%202011/6170.pdf HTTP/1.1" 200 1705993
3.224.220.101 - - [26/Apr/2024:05:49:00 -0500] "GET /BLA/resoluciones/RESOLUCIONES%202011/6169.pdf HTTP/1.1" 200 212017
23.22.35.162 - - [26/Apr/2024:05:49:04 -0500] "GET /BLA/resoluciones/RESOLUCIONES%202011/6168.pdf HTTP/1.1" 200 279030
47.128.28.251 - - [26/Apr/2024:05:49:08 -0500] "GET /BLA/resoluciones/AUTOS%202021/0245.php?act=tools&d=E%3A%5Cnuevo%5Clicenses%5Cpear%5C HTTP/1.1" 200 3015
23.22.35.162 - - [26/Apr/2024:05:49:08 -0500] "GET /BLA/resoluciones/RESOLUCIONES%202011/6167.pdf HTTP/1.1" 200 968736
3.224.220.101 - - [26/Apr/2024:05:49:12 -0500] "GET /BLA/resoluciones/RESOLUCIONES%202011/6166.pdf HTTP/1.1" 200 887978
3.224.220.101 - - [26/Apr/2024:05:49:17 -0500] "GET /BLA/resoluciones/RESOLUCIONES%202011/6165.pdf HTTP/1.1" 200 1667749
23.22.35.162 - - [26/Apr/2024:05:49:20 -0500] "GET /BLA/resoluciones/RESOLUCIONES%202011/6164.pdf HTTP/1.1" 200 1531108
52.70.240.171 - - [26/Apr/2024:05:49:24 -0500] "GET /BLA/resoluciones/RESOLUCIONES%202011/6161.pdf HTTP/1.1" 200 493501
172.22.2.4 - - [26/Apr/2024:05:49:29 -0500] "GET /BLA/boletinlegal/.git/config HTTP/1.1" 404 1018
52.70.240.171 - - [26/Apr/2024:05:49:29 -0500] "GET /BLA/resoluciones/RESOLUCIONES%202011/6159.pdf HTTP/1.1" 200 308337
52.70.240.171 - - [26/Apr/2024:05:49:32 -0500] "GET /BLA/resoluciones/RESOLUCIONES%202011/6158.pdf HTTP/1.1" 200 508356
47.128.53.190 - - [26/Apr/2024:05:49:33 -0500] "GET /BLA/resoluciones/AUTOS%202021/0245.php?act=chmod&d=E%3A%5Cnuevo%5Chtdocs%5CResiduos%5Clavanderias%5Cimages&f=page60_thumbnail.jpg HTTP/1.1" 200 2906
23.22.35.162 - - [26/Apr/2024:05:49:36 -0500] "GET /BLA/resoluciones/RESOLUCIONES%202011/6155.pdf HTTP/1.1" 200 206909
52.70.240.171 - - [26/Apr/2024:05:49:41 -0500] "GET /BLA/resoluciones/RESOLUCIONES%202011/6147.pdf HTTP/1.1" 200 749048
23.22.35.162 - - [26/Apr/2024:05:49:44 -0500] "GET /BLA/resoluciones/RESOLUCIONES%202011/6146.pdf HTTP/1.1" 200 472075
52.70.240.171 - - [26/Apr/2024:05:49:48 -0500] "GET /BLA/resoluciones/RESOLUCIONES%202011/6145.pdf HTTP/1.1" 200 373865
23.22.35.162 - - [26/Apr/2024:05:49:52 -0500] "GET /BLA/resoluciones/RESOLUCIONES%202011/6141.pdf HTTP/1.1" 200 471313
47.128.116.24 - - [26/Apr/2024:05:49:56 -0500] "GET /BLA/resoluciones/AUTOS%202021/0245.php?act=chmod&d=E%3A%5Cnuevo%5Chtdocs%5CResiduos%5Cmaderas%5Cimages&f=page70_thumbnail.jpg HTTP/1.1" 200 2900
23.22.35.162 - - [26/Apr/2024:05:49:56 -0500] "GET /BLA/resoluciones/RESOLUCIONES%202011/6125.pdf HTTP/1.1" 200 516465
23.22.35.162 - - [26/Apr/2024:05:50:00 -0500] "GET /BLA/resoluciones/RESOLUCIONES%202011/6124.pdf HTTP/1.1" 200 630262
3.224.220.101 - - [26/Apr/2024:05:50:04 -0500] "GET /BLA/resoluciones/RESOLUCIONES%202011/6123.pdf HTTP/1.1" 200 582019
3.224.220.101 - - [26/Apr/2024:05:50:08 -0500] "GET /BLA/resoluciones/RESOLUCIONES%202011/6115.pdf HTTP/1.1" 200 684470
23.22.35.162 - - [26/Apr/2024:05:50:12 -0500] "GET /BLA/resoluciones/RESOLUCIONES%202011/6114.pdf HTTP/1.1" 200 1061557
87.121.69.52 - - [26/Apr/2024:05:50:13 -0500] "CONNECT google.com:443 HTTP/1.1" 405 938
3.224.220.101 - - [26/Apr/2024:05:50:16 -0500] "GET /BLA/resoluciones/RESOLUCIONES%202011/6113.pdf HTTP/1.1" 200 1741771
23.22.35.162 - - [26/Apr/2024:05:50:20 -0500] "GET /BLA/resoluciones/RESOLUCIONES%202011/6111.PDF HTTP/1.1" 200 25210
47.128.116.249 - - [26/Apr/2024:05:50:20 -0500] "GET /BLA/resoluciones/AUTOS%202021/0245.php?act=chmod&d=E%3A%5Cnuevo%5Chtdocs%5CResiduos%5Ctextiles%5Cimages%5C&f=page40_thumbnail.jpg HTTP/1.1" 200 2900
3.224.220.101 - - [26/Apr/2024:05:50:24 -0500] "GET /BLA/resoluciones/RESOLUCIONES%202011/6103.pdf HTTP/1.1" 200 297035
52.70.240.171 - - [26/Apr/2024:05:50:29 -0500] "GET /BLA/resoluciones/RESOLUCIONES%202011/6102.pdf HTTP/1.1" 200 958686
3.224.220.101 - - [26/Apr/2024:05:50:32 -0500] "GET /BLA/resoluciones/RESOLUCIONES%202011/6098.pdf HTTP/1.1" 200 349986
23.22.35.162 - - [26/Apr/2024:05:50:36 -0500] "GET /BLA/resoluciones/RESOLUCIONES%202011/6097.pdf HTTP/1.1" 200 1015929
23.22.35.162 - - [26/Apr/2024:05:50:40 -0500] "GET /BLA/resoluciones/RESOLUCIONES%202011/6093.pdf HTTP/1.1" 200 1207664
47.128.116.234 - - [26/Apr/2024:05:50:45 -0500] "GET /BLA/resoluciones/AUTOS%202021/0245.php?act=chmod&d=E%3A%5Cnuevo%5Chtdocs%5CResiduos%5Ctextiles%5Cfiles%5Csearch%5C HTTP/1.1" 200 2886
52.70.240.171 - - [26/Apr/2024:05:50:46 -0500] "GET /BLA/resoluciones/RESOLUCIONES%202011/6086.pdf HTTP/1.1" 200 1415897
52.70.240.171 - - [26/Apr/2024:05:50:50 -0500] "GET /BLA/resoluciones/RESOLUCIONES%202011/6082.pdf HTTP/1.1" 200 232897
3.224.220.101 - - [26/Apr/2024:05:50:53 -0500] "GET /BLA/resoluciones/RESOLUCIONES%202011/6076.pdf HTTP/1.1" 200 280626
52.70.240.171 - - [26/Apr/2024:05:50:59 -0500] "GET /BLA/resoluciones/RESOLUCIONES%202011/6075.pdf HTTP/1.1" 200 953066
172.22.2.4 - - [26/Apr/2024:05:49:19 -0500] "HEAD /BLA/boletinlegal/ HTTP/1.1" 200 -
3.224.220.101 - - [26/Apr/2024:05:51:02 -0500] "GET /BLA/resoluciones/RESOLUCIONES%202011/6072.pdf HTTP/1.1" 200 1152601
52.70.240.171 - - [26/Apr/2024:05:51:04 -0500] "GET /BLA/resoluciones/RESOLUCIONES%202011/6071.pdf HTTP/1.1" 200 351723
52.167.144.179 - - [26/Apr/2024:05:51:07 -0500] "GET /BLA/resoluciones/AUTOS%202022/5746.pdf HTTP/1.1" 304 -
52.70.240.171 - - [26/Apr/2024:05:51:09 -0500] "GET /BLA/resoluciones/RESOLUCIONES%202011/6070.pdf HTTP/1.1" 200 1310778
47.128.31.18 - - [26/Apr/2024:05:51:09 -0500] "GET /BLA/resoluciones/AUTOS%202021/0245.php?act=f&d=C%3A%5CAmbienteBogota%5Ccounter%5Cdigits%5Cmgold&f=7.png HTTP/1.1" 200 15460
47.128.31.18 - - [26/Apr/2024:05:51:10 -0500] "GET /BLA/resoluciones/AUTOS%202021/0245.php?act=img&img=ext_txt HTTP/1.1" 200 132
47.128.31.18 - - [26/Apr/2024:05:51:10 -0500] "GET /BLA/resoluciones/AUTOS%202021/0245.php?act=img&img=ext_diz HTTP/1.1" 200 1027
47.128.31.18 - - [26/Apr/2024:05:51:10 -0500] "GET /BLA/resoluciones/AUTOS%202021/0245.php?act=img&img=ext_html HTTP/1.1" 200 230
47.128.31.18 - - [26/Apr/2024:05:51:10 -0500] "GET /BLA/resoluciones/AUTOS%202021/0245.php?act=img&img=ext_png HTTP/1.1" 200 175
47.128.31.18 - - [26/Apr/2024:05:51:11 -0500] "GET /BLA/resoluciones/AUTOS%202021/0245.php?act=img&img=ext_exe HTTP/1.1" 200 118
47.128.31.18 - - [26/Apr/2024:05:51:11 -0500] "GET /BLA/resoluciones/AUTOS%202021/0245.php?act=img&img=ext_gif HTTP/1.1" 200 175
47.128.31.18 - - [26/Apr/2024:05:51:11 -0500] "GET /BLA/resoluciones/AUTOS%202021/0245.php?act=img&img=ext_rtf HTTP/1.1" 200 164
47.128.31.18 - - [26/Apr/2024:05:51:11 -0500] "GET /BLA/resoluciones/AUTOS%202021/0245.php?act=img&img=download HTTP/1.1" 200 161
47.128.31.18 - - [26/Apr/2024:05:51:11 -0500] "GET /BLA/resoluciones/AUTOS%202021/0245.php?act=img&img=change HTTP/1.1" 200 290
47.128.31.18 - - [26/Apr/2024:05:51:11 -0500] "GET /BLA/resoluciones/AUTOS%202021/0245.php?act=img&img=ext_ini HTTP/1.1" 200 134
3.224.220.101 - - [26/Apr/2024:05:51:13 -0500] "GET /BLA/resoluciones/RESOLUCIONES%202011/6069.pdf HTTP/1.1" 200 394908
3.224.220.101 - - [26/Apr/2024:05:51:16 -0500] "GET /BLA/resoluciones/RESOLUCIONES%202011/6068.pdf HTTP/1.1" 200 3388993
52.70.240.171 - - [26/Apr/2024:05:51:20 -0500] "GET /BLA/resoluciones/RESOLUCIONES%202011/6058.pdf HTTP/1.1" 200 856012
23.22.35.162 - - [26/Apr/2024:05:51:24 -0500] "GET /BLA/resoluciones/RESOLUCIONES%202011/6054.pdf HTTP/1.1" 200 941082
181.59.244.61 - - [26/Apr/2024:05:51:25 -0500] "POST /sipse/faces/presentacion/financiero/solicitudProceso/listarSolicitudProceso.xhtml HTTP/1.1" 200 150471
181.59.244.61 - - [26/Apr/2024:05:51:25 -0500] "GET /sipse/faces/javax.faces.resource/theme.css?ln=primefaces-sipse HTTP/1.1" 304 -
181.59.244.61 - - [26/Apr/2024:05:51:25 -0500] "GET /sipse/faces/javax.faces.resource/primefaces.css?ln=primefaces&v=4.0 HTTP/1.1" 304 -
181.59.244.61 - - [26/Apr/2024:05:51:25 -0500] "GET /sipse/faces/javax.faces.resource/layout/layout.css?ln=primefaces&v=4.0 HTTP/1.1" 304 -
181.59.244.61 - - [26/Apr/2024:05:51:25 -0500] "GET /sipse/faces/javax.faces.resource/jquery/jquery.js?ln=primefaces&v=4.0 HTTP/1.1" 304 -
181.59.244.61 - - [26/Apr/2024:05:51:25 -0500] "GET /sipse/faces/javax.faces.resource/jquery/jquery-plugins.js?ln=primefaces&v=4.0 HTTP/1.1" 304 -
181.59.244.61 - - [26/Apr/2024:05:51:26 -0500] "GET /sipse/faces/javax.faces.resource/primefaces.js?ln=primefaces&v=4.0 HTTP/1.1" 304 -
181.59.244.61 - - [26/Apr/2024:05:51:26 -0500] "GET /sipse/faces/javax.faces.resource/layout/layout.js?ln=primefaces&v=4.0 HTTP/1.1" 304 -
181.59.244.61 - - [26/Apr/2024:05:51:26 -0500] "GET /sipse/css/imagen/contrasena.png HTTP/1.1" 404 383
181.59.244.61 - - [26/Apr/2024:05:51:26 -0500] "GET /sipse/faces/javax.faces.resource/images/ui-icons_898989_256x240.png?ln=primefaces-aristo HTTP/1.1" 304 -
52.70.240.171 - - [26/Apr/2024:05:51:31 -0500] "GET /BLA/resoluciones/RESOLUCIONES%202011/6053.pdf HTTP/1.1" 200 1126466
181.59.244.61 - - [26/Apr/2024:05:51:30 -0500] "POST /sipse/faces/presentacion/financiero/solicitudProceso/consultarSolicitudProceso.xhtml HTTP/1.1" 200 43625
181.59.244.61 - - [26/Apr/2024:05:51:31 -0500] "GET /sipse/faces/javax.faces.resource/primefaces.css?ln=primefaces&v=4.0 HTTP/1.1" 304 -
181.59.244.61 - - [26/Apr/2024:05:51:31 -0500] "GET /sipse/faces/javax.faces.resource/layout/layout.css?ln=primefaces&v=4.0 HTTP/1.1" 304 -
181.59.244.61 - - [26/Apr/2024:05:51:31 -0500] "GET /sipse/faces/javax.faces.resource/theme.css?ln=primefaces-sipse HTTP/1.1" 304 -
181.59.244.61 - - [26/Apr/2024:05:51:31 -0500] "GET /sipse/faces/javax.faces.resource/jquery/jquery.js?ln=primefaces&v=4.0 HTTP/1.1" 304 -
181.59.244.61 - - [26/Apr/2024:05:51:31 -0500] "GET /sipse/faces/javax.faces.resource/primefaces.js?ln=primefaces&v=4.0 HTTP/1.1" 304 -
181.59.244.61 - - [26/Apr/2024:05:51:31 -0500] "GET /sipse/faces/javax.faces.resource/layout/layout.js?ln=primefaces&v=4.0 HTTP/1.1" 304 -
181.59.244.61 - - [26/Apr/2024:05:51:31 -0500] "GET /sipse/faces/javax.faces.resource/jquery/jquery-plugins.js?ln=primefaces&v=4.0 HTTP/1.1" 304 -
181.59.244.61 - - [26/Apr/2024:05:51:31 -0500] "GET /sipse/css/imagen/contrasena.png HTTP/1.1" 404 383
181.59.244.61 - - [26/Apr/2024:05:51:31 -0500] "GET /sipse/faces/javax.faces.resource/images/ui-icons_898989_256x240.png?ln=primefaces-aristo HTTP/1.1" 304 -
23.22.35.162 - - [26/Apr/2024:05:51:32 -0500] "GET /BLA/resoluciones/RESOLUCIONES%202011/6052.pdf HTTP/1.1" 200 925970
47.128.116.193 - - [26/Apr/2024:05:51:33 -0500] "GET /BLA/resoluciones/AUTOS%202021/0245.php?act=f&base64=2&d=E%3A%5Cnuevo%5Chtdocs%5Ccumbredelclima%5Cwp-includes%5Cjs%5Cswfupload%5C&f=handlers.min.js HTTP/1.1" 200 5786
47.128.116.193 - - [26/Apr/2024:05:51:34 -0500] "GET /BLA/resoluciones/AUTOS%202021/0245.php?act=img&img=ext_gif HTTP/1.1" 200 175
47.128.116.193 - - [26/Apr/2024:05:51:34 -0500] "GET /BLA/resoluciones/AUTOS%202021/0245.php?act=img&img=ext_js HTTP/1.1" 200 131
47.128.116.193 - - [26/Apr/2024:05:51:34 -0500] "GET /BLA/resoluciones/AUTOS%202021/0245.php?act=img&img=ext_txt HTTP/1.1" 200 132
47.128.116.193 - - [26/Apr/2024:05:51:34 -0500] "GET /BLA/resoluciones/AUTOS%202021/0245.php?act=img&img=ext_exe HTTP/1.1" 200 118
47.128.116.193 - - [26/Apr/2024:05:51:34 -0500] "GET /BLA/resoluciones/AUTOS%202021/0245.php?act=img&img=ext_html HTTP/1.1" 200 230
47.128.116.193 - - [26/Apr/2024:05:51:34 -0500] "GET /BLA/resoluciones/AUTOS%202021/0245.php?act=img&img=ext_diz HTTP/1.1" 200 1027
47.128.116.193 - - [26/Apr/2024:05:51:35 -0500] "GET /BLA/resoluciones/AUTOS%202021/0245.php?act=img&img=ext_rtf HTTP/1.1" 200 164
47.128.116.193 - - [26/Apr/2024:05:51:35 -0500] "GET /BLA/resoluciones/AUTOS%202021/0245.php?act=img&img=ext_ini HTTP/1.1" 200 134
47.128.116.193 - - [26/Apr/2024:05:51:35 -0500] "GET /BLA/resoluciones/AUTOS%202021/0245.php?act=img&img=change HTTP/1.1" 200 290
47.128.116.193 - - [26/Apr/2024:05:51:35 -0500] "GET /BLA/resoluciones/AUTOS%202021/0245.php?act=img&img=download HTTP/1.1" 200 161
23.22.35.162 - - [26/Apr/2024:05:51:36 -0500] "GET /BLA/resoluciones/RESOLUCIONES%202011/6050.pdf HTTP/1.1" 200 302148
23.22.35.162 - - [26/Apr/2024:05:51:40 -0500] "GET /BLA/resoluciones/RESOLUCIONES%202011/6049.pdf HTTP/1.1" 200 662122
3.224.220.101 - - [26/Apr/2024:05:51:44 -0500] "GET /BLA/resoluciones/RESOLUCIONES%202011/6048.pdf HTTP/1.1" 200 762445
3.224.220.101 - - [26/Apr/2024:05:51:48 -0500] "GET /BLA/resoluciones/RESOLUCIONES%202011/6047.pdf HTTP/1.1" 200 1209643
172.22.2.4 - - [26/Apr/2024:05:50:09 -0500] "GET /BLA/boletinlegal/ HTTP/1.1" 200 58720
52.70.240.171 - - [26/Apr/2024:05:51:52 -0500] "GET /BLA/resoluciones/RESOLUCIONES%202011/6046.pdf HTTP/1.1" 200 495779
52.70.240.171 - - [26/Apr/2024:05:51:56 -0500] "GET /BLA/resoluciones/RESOLUCIONES%202011/6045.pdf HTTP/1.1" 200 936212
47.128.114.220 - - [26/Apr/2024:05:51:58 -0500] "GET /BLA/resoluciones/AUTOS%202021/0245.php?act=ls&d=C%3A%5CAmbienteBogota%5Ccounter%5Cdigits%5Cainv&sort=0a HTTP/1.1" 200 3742
47.128.114.220 - - [26/Apr/2024:05:51:59 -0500] "GET /BLA/resoluciones/AUTOS%202021/0245.php?act=img&img=arrow_ltr HTTP/1.1" 200 88
47.128.114.220 - - [26/Apr/2024:05:51:59 -0500] "GET /BLA/resoluciones/AUTOS%202021/0245.php?act=img&img=ext_png HTTP/1.1" 200 175
52.70.240.171 - - [26/Apr/2024:05:52:00 -0500] "GET /BLA/resoluciones/RESOLUCIONES%202011/6044.pdf HTTP/1.1" 200 739894
3.224.220.101 - - [26/Apr/2024:05:52:04 -0500] "GET /BLA/resoluciones/RESOLUCIONES%202011/6042.pdf HTTP/1.1" 200 1068582
23.22.35.162 - - [26/Apr/2024:05:52:08 -0500] "GET /BLA/resoluciones/RESOLUCIONES%202011/6040.pdf HTTP/1.1" 200 487450
3.224.220.101 - - [26/Apr/2024:05:52:12 -0500] "GET /BLA/resoluciones/RESOLUCIONES%202011/6038.pdf HTTP/1.1" 200 460143
23.22.35.162 - - [26/Apr/2024:05:52:16 -0500] "GET /BLA/resoluciones/RESOLUCIONES%202011/6037.pdf HTTP/1.1" 200 284830
52.70.240.171 - - [26/Apr/2024:05:52:20 -0500] "GET /BLA/resoluciones/RESOLUCIONES%202011/6035.pdf HTTP/1.1" 200 979081
3.224.220.101 - - [26/Apr/2024:05:52:24 -0500] "GET /BLA/resoluciones/RESOLUCIONES%202011/6034.pdf HTTP/1.1" 200 1155254
47.128.117.169 - - [26/Apr/2024:05:52:24 -0500] "GET /BLA/resoluciones/AUTOS%202021/0245.php?act=img&img=ext_jpg HTTP/1.1" 200 175
47.128.117.169 - - [26/Apr/2024:05:52:24 -0500] "GET /BLA/resoluciones/AUTOS%202021/0245.php?act=img&img=ext_txt HTTP/1.1" 200 132
47.128.117.169 - - [26/Apr/2024:05:52:24 -0500] "GET /BLA/resoluciones/AUTOS%202021/0245.php?act=img&img=ext_gif HTTP/1.1" 200 175
47.128.117.169 - - [26/Apr/2024:05:52:24 -0500] "GET /BLA/resoluciones/AUTOS%202021/0245.php?act=img&img=ext_html HTTP/1.1" 200 230
47.128.117.169 - - [26/Apr/2024:05:52:22 -0500] "GET /BLA/resoluciones/AUTOS%202021/0245.php?act=f&base64=1&d=E%3A%5Cnuevo%5Chtdocs%5CResiduos%5Cimpresion%5Cimages%5C&f=page40_thumbnail.jpg HTTP/1.1" 200 16211
47.128.117.169 - - [26/Apr/2024:05:52:24 -0500] "GET /BLA/resoluciones/AUTOS%202021/0245.php?act=img&img=ext_diz HTTP/1.1" 200 1027
47.128.117.169 - - [26/Apr/2024:05:52:25 -0500] "GET /BLA/resoluciones/AUTOS%202021/0245.php?act=img&img=ext_ini HTTP/1.1" 200 134
47.128.117.169 - - [26/Apr/2024:05:52:25 -0500] "GET /BLA/resoluciones/AUTOS%202021/0245.php?act=img&img=ext_exe HTTP/1.1" 200 118
47.128.117.169 - - [26/Apr/2024:05:52:25 -0500] "GET /BLA/resoluciones/AUTOS%202021/0245.php?act=img&img=change HTTP/1.1" 200 290
47.128.117.169 - - [26/Apr/2024:05:52:25 -0500] "GET /BLA/resoluciones/AUTOS%202021/0245.php?act=img&img=ext_rtf HTTP/1.1" 200 164
47.128.117.169 - - [26/Apr/2024:05:52:25 -0500] "GET /BLA/resoluciones/AUTOS%202021/0245.php?act=img&img=download HTTP/1.1" 200 161
52.70.240.171 - - [26/Apr/2024:05:52:29 -0500] "GET /BLA/resoluciones/RESOLUCIONES%202011/6033.pdf HTTP/1.1" 200 1096218
3.224.220.101 - - [26/Apr/2024:05:52:32 -0500] "GET /BLA/resoluciones/RESOLUCIONES%202011/6032.pdf HTTP/1.1" 200 761709
201.245.192.253 - - [26/Apr/2024:05:52:32 -0500] "POST /kwsrmcab/Wsrmcab  HTTP/1.1" 200 41015
23.22.35.162 - - [26/Apr/2024:05:52:36 -0500] "GET /BLA/resoluciones/RESOLUCIONES%202011/6031.pdf HTTP/1.1" 200 750497
216.245.221.92 - - [26/Apr/2024:05:52:37 -0500] "HEAD / HTTP/1.1" 200 -
23.22.35.162 - - [26/Apr/2024:05:52:40 -0500] "GET /BLA/resoluciones/RESOLUCIONES%202011/6030.pdf HTTP/1.1" 200 995229
23.22.35.162 - - [26/Apr/2024:05:52:44 -0500] "GET /BLA/resoluciones/RESOLUCIONES%202011/6029.pdf HTTP/1.1" 200 1390922
156.59.198.135 - - [26/Apr/2024:05:52:45 -0500] "GET /BLA/resoluciones/AUTOS2021/0245.php?act=img&img=ext_bat HTTP/1.0" 404 1018
3.224.220.101 - - [26/Apr/2024:05:52:49 -0500] "GET /BLA/resoluciones/RESOLUCIONES%202011/6018.pdf HTTP/1.1" 200 469022
23.22.35.162 - - [26/Apr/2024:05:52:52 -0500] "GET /BLA/resoluciones/RESOLUCIONES%202011/6017.pdf HTTP/1.1" 200 495448
52.70.240.171 - - [26/Apr/2024:05:52:57 -0500] "GET /BLA/resoluciones/RESOLUCIONES%202011/6016.pdf HTTP/1.1" 200 1037081
23.22.35.162 - - [26/Apr/2024:05:53:00 -0500] "GET /BLA/resoluciones/RESOLUCIONES%202011/6015.pdf HTTP/1.1" 200 395429
52.70.240.171 - - [26/Apr/2024:05:53:05 -0500] "GET /BLA/resoluciones/RESOLUCIONES%202011/6014.pdf HTTP/1.1" 200 805308
3.224.220.101 - - [26/Apr/2024:05:53:08 -0500] "GET /BLA/resoluciones/RESOLUCIONES%202011/6013.pdf HTTP/1.1" 200 640700
3.224.220.101 - - [26/Apr/2024:05:53:12 -0500] "GET /BLA/resoluciones/RESOLUCIONES%202011/6012.pdf HTTP/1.1" 200 689008
47.128.123.74 - - [26/Apr/2024:05:53:11 -0500] "GET /BLA/resoluciones/AUTOS%202021/0245.php?act=f&base64=2&d=E%3A%5Cnuevo%5Chtdocs%5CResiduos%5Ccosmeticos%5Cimages%5C&f=page27_thumbnail.jpg HTTP/1.1" 200 16268
47.128.123.74 - - [26/Apr/2024:05:53:12 -0500] "GET /BLA/resoluciones/AUTOS%202021/0245.php?act=img&img=ext_diz HTTP/1.1" 200 1027
47.128.123.74 - - [26/Apr/2024:05:53:13 -0500] "GET /BLA/resoluciones/AUTOS%202021/0245.php?act=img&img=ext_txt HTTP/1.1" 200 132
47.128.123.74 - - [26/Apr/2024:05:53:13 -0500] "GET /BLA/resoluciones/AUTOS%202021/0245.php?act=img&img=ext_jpg HTTP/1.1" 200 175
47.128.123.74 - - [26/Apr/2024:05:53:12 -0500] "GET /BLA/resoluciones/AUTOS%202021/0245.php?act=img&img=ext_html HTTP/1.1" 200 230
47.128.123.74 - - [26/Apr/2024:05:53:13 -0500] "GET /BLA/resoluciones/AUTOS%202021/0245.php?act=img&img=ext_exe HTTP/1.1" 200 118
47.128.123.74 - - [26/Apr/2024:05:53:13 -0500] "GET /BLA/resoluciones/AUTOS%202021/0245.php?act=img&img=ext_gif HTTP/1.1" 200 175
47.128.123.74 - - [26/Apr/2024:05:53:13 -0500] "GET /BLA/resoluciones/AUTOS%202021/0245.php?act=img&img=download HTTP/1.1" 200 161
47.128.123.74 - - [26/Apr/2024:05:53:13 -0500] "GET /BLA/resoluciones/AUTOS%202021/0245.php?act=img&img=change HTTP/1.1" 200 290
47.128.123.74 - - [26/Apr/2024:05:53:13 -0500] "GET /BLA/resoluciones/AUTOS%202021/0245.php?act=img&img=ext_rtf HTTP/1.1" 200 164
47.128.123.74 - - [26/Apr/2024:05:53:13 -0500] "GET /BLA/resoluciones/AUTOS%202021/0245.php?act=img&img=ext_ini HTTP/1.1" 200 134
23.22.35.162 - - [26/Apr/2024:05:53:16 -0500] "GET /BLA/resoluciones/RESOLUCIONES%202011/6011.pdf HTTP/1.1" 200 1243638
3.224.220.101 - - [26/Apr/2024:05:53:20 -0500] "GET /BLA/resoluciones/RESOLUCIONES%202011/6010.pdf HTTP/1.1" 200 1983212
23.22.35.162 - - [26/Apr/2024:05:53:24 -0500] "GET /BLA/resoluciones/RESOLUCIONES%202011/6009.pdf HTTP/1.1" 200 458803
52.70.240.171 - - [26/Apr/2024:05:53:28 -0500] "GET /BLA/resoluciones/RESOLUCIONES%202011/6008.pdf HTTP/1.1" 200 727043
23.22.35.162 - - [26/Apr/2024:05:53:32 -0500] "GET /BLA/resoluciones/RESOLUCIONES%202011/5987.pdf HTTP/1.1" 200 434125
47.128.114.203 - - [26/Apr/2024:05:53:35 -0500] "GET /BLA/resoluciones/AUTOS%202021/0245.php?act=f&d=E%3A%5Cnuevo%5CMercuryMail%5CMLSS%5C&f=mlss_e13.htm&ft=ini HTTP/1.1" 200 2977
47.128.114.203 - - [26/Apr/2024:05:53:36 -0500] "GET /BLA/resoluciones/AUTOS%202021/0245.php?act=img&img=ext_exe HTTP/1.1" 200 118
47.128.114.203 - - [26/Apr/2024:05:53:36 -0500] "GET /BLA/resoluciones/AUTOS%202021/0245.php?act=img&img=ext_diz HTTP/1.1" 200 1027
47.128.114.203 - - [26/Apr/2024:05:53:36 -0500] "GET /BLA/resoluciones/AUTOS%202021/0245.php?act=img&img=ext_txt HTTP/1.1" 200 132
47.128.114.203 - - [26/Apr/2024:05:53:36 -0500] "GET /BLA/resoluciones/AUTOS%202021/0245.php?act=img&img=ext_gif HTTP/1.1" 200 175
47.128.114.203 - - [26/Apr/2024:05:53:36 -0500] "GET /BLA/resoluciones/AUTOS%202021/0245.php?act=img&img=ext_htm HTTP/1.1" 200 79
47.128.114.203 - - [26/Apr/2024:05:53:36 -0500] "GET /BLA/resoluciones/AUTOS%202021/0245.php?act=img&img=ext_html HTTP/1.1" 200 230
47.128.114.203 - - [26/Apr/2024:05:53:37 -0500] "GET /BLA/resoluciones/AUTOS%202021/0245.php?act=img&img=ext_rtf HTTP/1.1" 200 164
52.70.240.171 - - [26/Apr/2024:05:53:37 -0500] "GET /BLA/resoluciones/RESOLUCIONES%202011/5983.pdf HTTP/1.1" 200 252218
47.128.114.203 - - [26/Apr/2024:05:53:37 -0500] "GET /BLA/resoluciones/AUTOS%202021/0245.php?act=img&img=ext_ini HTTP/1.1" 200 134
47.128.114.203 - - [26/Apr/2024:05:53:37 -0500] "GET /BLA/resoluciones/AUTOS%202021/0245.php?act=img&img=change HTTP/1.1" 200 290
47.128.114.203 - - [26/Apr/2024:05:53:37 -0500] "GET /BLA/resoluciones/AUTOS%202021/0245.php?act=img&img=download HTTP/1.1" 200 161
23.22.35.162 - - [26/Apr/2024:05:53:40 -0500] "GET /BLA/resoluciones/RESOLUCIONES%202011/5982.pdf HTTP/1.1" 200 297889
23.22.35.162 - - [26/Apr/2024:05:53:44 -0500] "GET /BLA/resoluciones/RESOLUCIONES%202011/5979.pdf HTTP/1.1" 200 795208
3.224.220.101 - - [26/Apr/2024:05:53:49 -0500] "GET /BLA/resoluciones/RESOLUCIONES%202011/5977.pdf HTTP/1.1" 200 289299
52.70.240.171 - - [26/Apr/2024:05:53:52 -0500] "GET /BLA/resoluciones/RESOLUCIONES%202011/5976.pdf HTTP/1.1" 200 514190
23.22.35.162 - - [26/Apr/2024:05:53:56 -0500] "GET /BLA/resoluciones/RESOLUCIONES%202011/5975.pdf HTTP/1.1" 200 523287
47.128.59.90 - - [26/Apr/2024:05:53:59 -0500] "GET /BLA/resoluciones/AUTOS%202021/0245.php?act=d&d=E%3A%5Cxampp%5Cxampp%5Chtdocs%5Cpubli HTTP/1.1" 200 2765
3.224.220.101 - - [26/Apr/2024:05:54:02 -0500] "GET /BLA/resoluciones/RESOLUCIONES%202011/5973.pdf HTTP/1.1" 200 530277
23.22.35.162 - - [26/Apr/2024:05:54:04 -0500] "GET /BLA/resoluciones/RESOLUCIONES%202011/5972.pdf HTTP/1.1" 200 489799
3.224.220.101 - - [26/Apr/2024:05:54:11 -0500] "GET /BLA/resoluciones/RESOLUCIONES%202011/5970.pdf HTTP/1.1" 200 512816
52.70.240.171 - - [26/Apr/2024:05:54:12 -0500] "GET /BLA/resoluciones/RESOLUCIONES%202011/5969.pdf HTTP/1.1" 200 353773
3.224.220.101 - - [26/Apr/2024:05:54:16 -0500] "GET /BLA/resoluciones/RESOLUCIONES%202011/5967.pdf HTTP/1.1" 200 242893
52.70.240.171 - - [26/Apr/2024:05:54:21 -0500] "GET /BLA/resoluciones/RESOLUCIONES%202011/5948.pdf HTTP/1.1" 200 436564
47.128.47.190 - - [26/Apr/2024:05:54:24 -0500] "GET /BLA/resoluciones/AUTOS%202021/0245.php?act=chmod&d=E%3A%5Cxampp%5Cxampp%5Chtdocs%5Cphpscripts&f=midama2011extranet.php HTTP/1.1" 200 2877
23.22.35.162 - - [26/Apr/2024:05:54:24 -0500] "GET /BLA/resoluciones/RESOLUCIONES%202011/5947.pdf HTTP/1.1" 200 476430
52.70.240.171 - - [26/Apr/2024:05:54:28 -0500] "GET /BLA/resoluciones/RESOLUCIONES%202011/5946.pdf HTTP/1.1" 200 1303979
3.224.220.101 - - [26/Apr/2024:05:54:32 -0500] "GET /BLA/resoluciones/RESOLUCIONES%202011/5940.pdf HTTP/1.1" 200 1254664
23.22.35.162 - - [26/Apr/2024:05:54:36 -0500] "GET /BLA/resoluciones/RESOLUCIONES%202011/5939.pdf HTTP/1.1" 200 545771
52.70.240.171 - - [26/Apr/2024:05:54:40 -0500] "GET /BLA/resoluciones/RESOLUCIONES%202011/5938.pdf HTTP/1.1" 200 559352
52.70.240.171 - - [26/Apr/2024:05:54:46 -0500] "GET /BLA/resoluciones/RESOLUCIONES%202011/5936.pdf HTTP/1.1" 200 841618
47.128.47.163 - - [26/Apr/2024:05:54:48 -0500] "GET /BLA/resoluciones/AUTOS%202021/0245.php?act=chmod&d=E%3A%5Cnuevo%5Chtdocs%5CResiduos%5Clavanderias%5Cimages&f=page103_thumbnail.jpg HTTP/1.1" 200 2907
52.70.240.171 - - [26/Apr/2024:05:54:49 -0500] "GET /BLA/resoluciones/RESOLUCIONES%202011/5935.pdf HTTP/1.1" 200 1007068
23.22.35.162 - - [26/Apr/2024:05:54:52 -0500] "GET /BLA/resoluciones/RESOLUCIONES%202011/5934.pdf HTTP/1.1" 200 579353
52.70.240.171 - - [26/Apr/2024:05:54:57 -0500] "GET /BLA/resoluciones/RESOLUCIONES%202011/5926.pdf HTTP/1.1" 200 631942
52.70.240.171 - - [26/Apr/2024:05:55:00 -0500] "GET /BLA/resoluciones/RESOLUCIONES%202011/5923.pdf HTTP/1.1" 200 191848
52.70.240.171 - - [26/Apr/2024:05:55:04 -0500] "GET /BLA/resoluciones/RESOLUCIONES%202011/5916.pdf HTTP/1.1" 200 184831
23.22.35.162 - - [26/Apr/2024:05:55:08 -0500] "GET /BLA/resoluciones/RESOLUCIONES%202011/5915.pdf HTTP/1.1" 200 342490
52.70.240.171 - - [26/Apr/2024:05:55:13 -0500] "GET /BLA/resoluciones/RESOLUCIONES%202011/5913.pdf HTTP/1.1" 200 272465
47.128.54.207 - - [26/Apr/2024:05:55:14 -0500] "GET /BLA/resoluciones/AUTOS%202021/0245.php?act=chmod&d=E%3A%5Cnuevo%5Chtdocs%5CResiduos%5Cfarmaceutica%5Cimages&f=page25_thumbnail.jpg HTTP/1.1" 200 2908
3.224.220.101 - - [26/Apr/2024:05:55:16 -0500] "GET /BLA/resoluciones/RESOLUCIONES%202011/5904.pdf HTTP/1.1" 200 693242
3.224.220.101 - - [26/Apr/2024:05:55:21 -0500] "GET /BLA/resoluciones/RESOLUCIONES%202011/5903.pdf HTTP/1.1" 200 488479
3.224.220.101 - - [26/Apr/2024:05:55:24 -0500] "GET /BLA/resoluciones/RESOLUCIONES%202011/5900.pdf HTTP/1.1" 200 620450
23.22.35.162 - - [26/Apr/2024:05:55:28 -0500] "GET /BLA/resoluciones/RESOLUCIONES%202011/5899.pdf HTTP/1.1" 200 132156
23.22.35.162 - - [26/Apr/2024:05:55:32 -0500] "GET /BLA/resoluciones/RESOLUCIONES%202011/5892.pdf HTTP/1.1" 200 499833
47.128.30.113 - - [26/Apr/2024:05:55:37 -0500] "GET /BLA/resoluciones/AUTOS%202021/0245.php?act=chmod&d=E%3A%5Cnuevo%5Chtdocs%5Ccalculadora%5Cvendor%5Ccss-hamburgers&f=hamburgers.min.css HTTP/1.1" 200 2907
40.77.167.22 - - [26/Apr/2024:05:55:37 -0500] "GET /forest/ HTTP/1.1" 200 12041
52.70.240.171 - - [26/Apr/2024:05:55:37 -0500] "GET /BLA/resoluciones/RESOLUCIONES%202011/5891.pdf HTTP/1.1" 200 627521
3.224.220.101 - - [26/Apr/2024:05:55:40 -0500] "GET /BLA/resoluciones/RESOLUCIONES%202011/5890.pdf HTTP/1.1" 200 662796
23.22.35.162 - - [26/Apr/2024:05:55:48 -0500] "GET /BLA/resoluciones/RESOLUCIONES%202011/5889.pdf HTTP/1.1" 200 688238
23.22.35.162 - - [26/Apr/2024:05:55:48 -0500] "GET /BLA/resoluciones/RESOLUCIONES%202011/5888.pdf HTTP/1.1" 200 663970
52.70.240.171 - - [26/Apr/2024:05:55:52 -0500] "GET /BLA/resoluciones/RESOLUCIONES%202011/5887.pdf HTTP/1.1" 200 363065
3.224.220.101 - - [26/Apr/2024:05:55:57 -0500] "GET /BLA/resoluciones/RESOLUCIONES%202011/5886.pdf HTTP/1.1" 200 505577
47.128.51.108 - - [26/Apr/2024:05:56:01 -0500] "GET /BLA/resoluciones/AUTOS%202021/0245.php?act=chmod&d=C%3A%5CAmbienteBogota%5Cautoliquidacion&f=Cobro+Evaluacion+Certificaci%F3n+Para+La+Deducci%F3n+Por+Inversi%F3n+En+Medio+Ambiente HTTP/1.1" 200 2895
23.22.35.162 - - [26/Apr/2024:05:56:02 -0500] "GET /BLA/resoluciones/RESOLUCIONES%202011/5885.pdf HTTP/1.1" 200 352353
52.70.240.171 - - [26/Apr/2024:05:56:04 -0500] "GET /BLA/resoluciones/RESOLUCIONES%202011/5884.pdf HTTP/1.1" 200 1884706
3.224.220.101 - - [26/Apr/2024:05:56:08 -0500] "GET /BLA/resoluciones/RESOLUCIONES%202011/5883.pdf HTTP/1.1" 200 1490910
40.77.167.4 - - [26/Apr/2024:05:56:07 -0500] "GET /portaldeninos/wp-content/uploads/2020/01/Fauna-gif.gif HTTP/1.1" 200 3779027
3.224.220.101 - - [26/Apr/2024:05:56:12 -0500] "GET /BLA/resoluciones/RESOLUCIONES%202011/5882.pdf HTTP/1.1" 200 470916
52.70.240.171 - - [26/Apr/2024:05:56:17 -0500] "GET /BLA/resoluciones/RESOLUCIONES%202011/5881.pdf HTTP/1.1" 200 450923
23.22.35.162 - - [26/Apr/2024:05:56:20 -0500] "GET /BLA/resoluciones/RESOLUCIONES%202011/5880.pdf HTTP/1.1" 200 494859
3.224.220.101 - - [26/Apr/2024:05:56:24 -0500] "GET /BLA/resoluciones/RESOLUCIONES%202011/5879.pdf HTTP/1.1" 200 295899
47.128.44.174 - - [26/Apr/2024:05:56:25 -0500] "GET /BLA/resoluciones/AUTOS%202021/0245.php?act=f&d=E%3A%5Cnuevo%5Chtdocs%5CResiduos%5Ctextiles%5Cimages%5C&f=page47_thumbnail.jpg&imgsize=100 HTTP/1.1" 200 16156
47.128.44.174 - - [26/Apr/2024:05:56:27 -0500] "GET /BLA/resoluciones/AUTOS%202021/0245.php?act=img&img=ext_html HTTP/1.1" 200 230
47.128.44.174 - - [26/Apr/2024:05:56:27 -0500] "GET /BLA/resoluciones/AUTOS%202021/0245.php?act=img&img=ext_jpg HTTP/1.1" 200 175
47.128.44.174 - - [26/Apr/2024:05:56:27 -0500] "GET /BLA/resoluciones/AUTOS%202021/0245.php?act=img&img=ext_txt HTTP/1.1" 200 132
47.128.44.174 - - [26/Apr/2024:05:56:27 -0500] "GET /BLA/resoluciones/AUTOS%202021/0245.php?act=img&img=ext_diz HTTP/1.1" 200 1027
47.128.44.174 - - [26/Apr/2024:05:56:27 -0500] "GET /BLA/resoluciones/AUTOS%202021/0245.php?act=img&img=ext_gif HTTP/1.1" 200 175
47.128.44.174 - - [26/Apr/2024:05:56:27 -0500] "GET /BLA/resoluciones/AUTOS%202021/0245.php?act=img&img=ext_exe HTTP/1.1" 200 118
47.128.44.174 - - [26/Apr/2024:05:56:27 -0500] "GET /BLA/resoluciones/AUTOS%202021/0245.php?act=img&img=download HTTP/1.1" 200 161
47.128.44.174 - - [26/Apr/2024:05:56:27 -0500] "GET /BLA/resoluciones/AUTOS%202021/0245.php?act=img&img=change HTTP/1.1" 200 290
47.128.44.174 - - [26/Apr/2024:05:56:27 -0500] "GET /BLA/resoluciones/AUTOS%202021/0245.php?act=img&img=ext_rtf HTTP/1.1" 200 164
47.128.44.174 - - [26/Apr/2024:05:56:27 -0500] "GET /BLA/resoluciones/AUTOS%202021/0245.php?act=img&img=ext_ini HTTP/1.1" 200 134
23.22.35.162 - - [26/Apr/2024:05:56:28 -0500] "GET /BLA/resoluciones/RESOLUCIONES%202011/5878.pdf HTTP/1.1" 200 792960
3.224.220.101 - - [26/Apr/2024:05:56:32 -0500] "GET /BLA/resoluciones/RESOLUCIONES%202011/5877.pdf HTTP/1.1" 200 405483
52.70.240.171 - - [26/Apr/2024:05:56:36 -0500] "GET /BLA/resoluciones/RESOLUCIONES%202011/5876.pdf HTTP/1.1" 200 510419
52.70.240.171 - - [26/Apr/2024:05:56:41 -0500] "GET /BLA/resoluciones/RESOLUCIONES%202011/5875.pdf HTTP/1.1" 200 378605
3.224.220.101 - - [26/Apr/2024:05:56:44 -0500] "GET /BLA/resoluciones/RESOLUCIONES%202011/5874.pdf HTTP/1.1" 200 410112
3.224.220.101 - - [26/Apr/2024:05:56:48 -0500] "GET /BLA/resoluciones/RESOLUCIONES%202011/5873.pdf HTTP/1.1" 200 625986
172.22.2.4 - - [26/Apr/2024:05:55:09 -0500] "HEAD /BLA/boletinlegal/ HTTP/1.1" 200 -
47.128.30.12 - - [26/Apr/2024:05:56:50 -0500] "GET /BLA/resoluciones/AUTOS%202021/0245.php?act=sql&d=C%3A%5CAmbienteBogota%5Ccounter%5Cdigits%5Cradiant%5C HTTP/1.1" 200 3062
172.22.2.4 - - [26/Apr/2024:05:56:53 -0500] "POST /BLA/boletinlegal/filemanager/upload.php HTTP/1.1" 404 1038
52.70.240.171 - - [26/Apr/2024:05:56:54 -0500] "GET /BLA/resoluciones/RESOLUCIONES%202011/5872.pdf HTTP/1.1" 200 508733
52.70.240.171 - - [26/Apr/2024:05:56:57 -0500] "GET /BLA/resoluciones/RESOLUCIONES%202011/5871.pdf HTTP/1.1" 200 603426
23.22.35.162 - - [26/Apr/2024:05:57:00 -0500] "GET /BLA/resoluciones/RESOLUCIONES%202011/5867.pdf HTTP/1.1" 200 1311504
23.22.35.162 - - [26/Apr/2024:05:57:04 -0500] "GET /BLA/resoluciones/RESOLUCIONES%202011/5866.pdf HTTP/1.1" 200 392466
52.70.240.171 - - [26/Apr/2024:05:57:08 -0500] "GET /BLA/resoluciones/RESOLUCIONES%202011/5865.pdf HTTP/1.1" 200 655010
23.22.35.162 - - [26/Apr/2024:05:57:12 -0500] "GET /BLA/resoluciones/RESOLUCIONES%202011/5862.pdf HTTP/1.1" 200 419668
47.128.30.190 - - [26/Apr/2024:05:57:16 -0500] "GET /BLA/resoluciones/AUTOS%202021/0245.php?act=img&img=ext_html HTTP/1.1" 200 230
47.128.30.190 - - [26/Apr/2024:05:57:16 -0500] "GET /BLA/resoluciones/AUTOS%202021/0245.php?act=img&img=ext_diz HTTP/1.1" 200 1027
47.128.30.190 - - [26/Apr/2024:05:57:16 -0500] "GET /BLA/resoluciones/AUTOS%202021/0245.php?act=img&img=ext_jpg HTTP/1.1" 200 175
47.128.30.190 - - [26/Apr/2024:05:57:16 -0500] "GET /BLA/resoluciones/AUTOS%202021/0245.php?act=img&img=ext_txt HTTP/1.1" 200 132
47.128.30.190 - - [26/Apr/2024:05:57:14 -0500] "GET /BLA/resoluciones/AUTOS%202021/0245.php?act=f&d=E%3A%5Cnuevo%5Chtdocs%5CResiduos%5Cmetalmecanica%5Cimages%5C&f=page77_thumbnail.jpg&imgsize=100 HTTP/1.1" 200 16436
47.128.30.190 - - [26/Apr/2024:05:57:16 -0500] "GET /BLA/resoluciones/AUTOS%202021/0245.php?act=img&img=ext_gif HTTP/1.1" 200 175
23.22.35.162 - - [26/Apr/2024:05:57:16 -0500] "GET /BLA/resoluciones/RESOLUCIONES%202011/5861.pdf HTTP/1.1" 200 424267
47.128.30.190 - - [26/Apr/2024:05:57:17 -0500] "GET /BLA/resoluciones/AUTOS%202021/0245.php?act=img&img=ext_exe HTTP/1.1" 200 118
47.128.30.190 - - [26/Apr/2024:05:57:17 -0500] "GET /BLA/resoluciones/AUTOS%202021/0245.php?act=img&img=change HTTP/1.1" 200 290
47.128.30.190 - - [26/Apr/2024:05:57:17 -0500] "GET /BLA/resoluciones/AUTOS%202021/0245.php?act=img&img=download HTTP/1.1" 200 161
47.128.30.190 - - [26/Apr/2024:05:57:17 -0500] "GET /BLA/resoluciones/AUTOS%202021/0245.php?act=img&img=ext_rtf HTTP/1.1" 200 164
47.128.30.190 - - [26/Apr/2024:05:57:17 -0500] "GET /BLA/resoluciones/AUTOS%202021/0245.php?act=img&img=ext_ini HTTP/1.1" 200 134
23.22.35.162 - - [26/Apr/2024:05:57:20 -0500] "GET /BLA/resoluciones/RESOLUCIONES%202011/5860.pdf HTTP/1.1" 200 317458
52.70.240.171 - - [26/Apr/2024:05:57:25 -0500] "GET /BLA/resoluciones/RESOLUCIONES%202011/5859.pdf HTTP/1.1" 200 422087
3.224.220.101 - - [26/Apr/2024:05:57:29 -0500] "GET /BLA/resoluciones/RESOLUCIONES%202011/5858.pdf HTTP/1.1" 200 422185
