172.22.2.4 - - [26/Apr/2024:01:36:04 -0500] "GET /BLA/boletinlegal/jurisprudencia/analisis/ANALISIST-257-96.docx HTTP/1.1" 200 19486
172.22.2.4 - - [26/Apr/2024:01:36:04 -0500] "GET /BLA/boletinlegal/jurisprudencia/analisis/ANALISIST-672-14.docx HTTP/1.1" 200 22530
172.22.2.4 - - [26/Apr/2024:01:36:04 -0500] "GET /BLA/boletinlegal/jurisprudencia/analisis/Analisis%20Jurisprudencia%20Sent%202000-00005-01.doc HTTP/1.1" 200 52736
172.22.2.4 - - [26/Apr/2024:01:36:04 -0500] "GET /BLA/boletinlegal/jurisprudencia/analisis/Analisis%20Sentencia%20T-1077,%202%20corregida.doc HTTP/1.1" 200 47616
172.22.2.4 - - [26/Apr/2024:01:36:04 -0500] "GET /BLA/boletinlegal/jurisprudencia/analisis/Analisis%20jurisprudencial%20Sentencia%20C-366-11.doc HTTP/1.1" 200 59392
172.22.2.4 - - [26/Apr/2024:01:36:05 -0500] "GET /BLA/boletinlegal/jurisprudencia/analisis/AnalisisC-035-16.docx HTTP/1.1" 200 25011
172.22.2.4 - - [26/Apr/2024:01:36:05 -0500] "GET /BLA/boletinlegal/jurisprudencia/analisis/AnalisisC-273-11.docx HTTP/1.1" 200 22036
172.22.2.4 - - [26/Apr/2024:01:36:05 -0500] "GET /BLA/boletinlegal/jurisprudencia/analisis/AnalisisC-746-12.docx HTTP/1.1" 200 22637
172.22.2.4 - - [26/Apr/2024:01:36:05 -0500] "GET /BLA/boletinlegal/jurisprudencia/analisis/AnalisisT-095-16.docx HTTP/1.1" 200 20284
172.22.2.4 - - [26/Apr/2024:01:36:05 -0500] "GET /BLA/boletinlegal/jurisprudencia/analisis/AnalisisT-146-16.docx HTTP/1.1" 200 23021
172.22.2.4 - - [26/Apr/2024:01:36:05 -0500] "GET /BLA/boletinlegal/jurisprudencia/analisis/AnalisisT-606-15.docx HTTP/1.1" 200 26698
172.22.2.4 - - [26/Apr/2024:01:36:05 -0500] "GET /BLA/boletinlegal/jurisprudencia/analisis/AnalisisT-693-12.docx HTTP/1.1" 200 25737
172.22.2.4 - - [26/Apr/2024:01:36:06 -0500] "GET /BLA/boletinlegal/jurisprudencia/analisis/CUADRO%20ANALISIS%20SENTENCIA%20C-554%20DE%202007.doc HTTP/1.1" 200 35328
172.22.2.4 - - [26/Apr/2024:01:36:06 -0500] "GET /BLA/boletinlegal/jurisprudencia/analisis/CUADRO%20ANALISIS%20SENTENCIA%20T-411%20DE%201992.doc HTTP/1.1" 200 41984
172.22.2.4 - - [26/Apr/2024:01:36:06 -0500] "GET /BLA/boletinlegal/jurisprudencia/analisis/CUADRO%20SENTENCIA%20C-222%20DE%202011.doc HTTP/1.1" 200 34816
172.22.2.4 - - [26/Apr/2024:01:36:06 -0500] "GET /BLA/boletinlegal/jurisprudencia/analisis/CUADRO%20SENTENCIA%20C-245%20DE%202004.doc HTTP/1.1" 200 65536
172.22.2.4 - - [26/Apr/2024:01:36:06 -0500] "GET /BLA/boletinlegal/jurisprudencia/analisis/CUADRO%20SENTENCIA%20T-299%20DE%202008.doc HTTP/1.1" 200 40960
172.22.2.4 - - [26/Apr/2024:01:36:06 -0500] "GET /BLA/boletinlegal/jurisprudencia/analisis/G__Jurisp.%20Junio%202014_ANALISIS%20JURISPRUDENCIA%20C-634-12%20DECOMISO.docx HTTP/1.1" 200 27045
172.22.2.4 - - [26/Apr/2024:01:36:07 -0500] "GET /BLA/boletinlegal/jurisprudencia/analisis/G__Jurisp.%20Junio%202014_JURISPRUDENIA%2005-10-213%20CERROS%20BOGOTA.docx HTTP/1.1" 404 1038
172.22.2.4 - - [26/Apr/2024:01:36:07 -0500] "GET /BLA/boletinlegal/jurisprudencia/analisis/G__Jurisp.%20Junio%202014_SENTENCIA%20C-554%20DE%202007.docx HTTP/1.1" 404 1038
172.22.2.4 - - [26/Apr/2024:01:36:07 -0500] "GET /BLA/boletinlegal/jurisprudencia/analisis/G__Jurisp.%20Junio%202014_Sent%20Tutela%20Drumond.docx HTTP/1.1" 200 25380
172.22.2.4 - - [26/Apr/2024:01:36:07 -0500] "GET /BLA/boletinlegal/jurisprudencia/analisis/SENTENCIA%20C-703%20DE%202010.xls HTTP/1.1" 200 38912
52.70.240.171 - - [26/Apr/2024:01:36:07 -0500] "GET /BLA/resoluciones/RESOLUCIONES%202009/1005.pdf HTTP/1.1" 200 185467
186.84.90.236 - - [26/Apr/2024:01:36:07 -0500] "GET /BLA/resoluciones/ HTTP/1.1" 200 14105
172.22.2.4 - - [26/Apr/2024:01:36:07 -0500] "GET /BLA/boletinlegal/jurisprudencia/analisis/analisis%20C-595-2010.doc HTTP/1.1" 200 39424
172.22.2.4 - - [26/Apr/2024:01:36:07 -0500] "GET /BLA/boletinlegal/jurisprudencia/analisis/analisis%20sentencia%20C%20401%20de%202010.doc HTTP/1.1" 200 34816
172.22.2.4 - - [26/Apr/2024:01:36:07 -0500] "GET /BLA/boletinlegal/jurisprudencia/analisis/analisis%20sentencia%20C-1007-2011-1.doc HTTP/1.1" 200 35328
172.22.2.4 - - [26/Apr/2024:01:36:08 -0500] "GET /BLA/boletinlegal/jurisprudencia/analisis/analisis%20sentencia%20C-596-10.doc HTTP/1.1" 200 36352
172.22.2.4 - - [26/Apr/2024:01:36:08 -0500] "GET /BLA/boletinlegal/jurisprudencia/analisis/null HTTP/1.1" 404 1038
172.22.2.4 - - [26/Apr/2024:01:36:08 -0500] "GET /BLA/boletinlegal/norma_menu.php HTTP/1.1" 200 6382
130.211.69.49 - - [26/Apr/2024:01:36:08 -0500] "GET /cierre-temporal-de-la-sede-principal-de-la-secretaria-de-ambiente-para-atencion-al-publico.html HTTP/1.1" 200 986
52.70.240.171 - - [26/Apr/2024:01:36:08 -0500] "GET /BLA/resoluciones/RESOLUCIONES%202009/1004.pdf HTTP/1.1" 200 208543
186.84.90.236 - - [26/Apr/2024:01:36:11 -0500] "GET /BLA/resoluciones/index.php?dir=RESOLUCIONES+2022%2F HTTP/1.1" 200 327649
23.22.35.162 - - [26/Apr/2024:01:36:13 -0500] "GET /BLA/resoluciones/RESOLUCIONES%202010/0597.pdf HTTP/1.1" 200 174416
172.22.2.4 - - [26/Apr/2024:01:36:13 -0500] "GET /BLA/boletinlegal/documentos-importantes.php HTTP/1.1" 200 4883
172.22.2.4 - - [26/Apr/2024:01:36:15 -0500] "GET /BLA/boletinlegal/ajax.js HTTP/1.1" 200 577
47.128.39.113 - - [26/Apr/2024:01:36:15 -0500] "GET /BLA/resoluciones/AUTOS%202021/0245.php?act=sql&d=C%3A%5CAmbienteBogota%5Ccounter%5Cdigits%5C7seg%5C HTTP/1.1" 200 3060
191.156.63.236 - - [26/Apr/2024:01:36:17 -0500] "GET /sipse/faces/javax.faces.resource/images/ui-bg_flat_0_2d5972_40x100.png?ln=primefaces-aristo HTTP/1.1" 200 183
52.70.240.171 - - [26/Apr/2024:01:36:17 -0500] "GET /BLA/resoluciones/RESOLUCIONES%202010/0596.pdf HTTP/1.1" 200 177110
172.22.2.4 - - [26/Apr/2024:01:36:18 -0500] "GET /BLA/boletinlegal/js/ajax_documentos.js HTTP/1.1" 200 1155
186.84.90.236 - - [26/Apr/2024:01:36:18 -0500] "GET /BLA/resoluciones/RESOLUCIONES%202022/1703.pdf HTTP/1.1" 200 341312
3.224.220.101 - - [26/Apr/2024:01:36:21 -0500] "GET /BLA/resoluciones/RESOLUCIONES%202009/1003.pdf HTTP/1.1" 200 258978
191.156.63.236 - - [26/Apr/2024:01:36:17 -0500] "POST /sipse/faces/presentacion/financiero/solicitudProceso/consultarSolicitudProceso.xhtml HTTP/1.1" 200 61602
191.156.63.236 - - [26/Apr/2024:01:36:23 -0500] "GET /sipse/faces/javax.faces.resource/jquery/jquery.js?ln=primefaces&v=4.0 HTTP/1.1" 304 -
191.156.63.236 - - [26/Apr/2024:01:36:23 -0500] "GET /sipse/faces/javax.faces.resource/jquery/jquery-plugins.js?ln=primefaces&v=4.0 HTTP/1.1" 304 -
191.156.63.236 - - [26/Apr/2024:01:36:24 -0500] "GET /sipse/faces/javax.faces.resource/primefaces.js?ln=primefaces&v=4.0 HTTP/1.1" 304 -
191.156.63.236 - - [26/Apr/2024:01:36:24 -0500] "GET /sipse/faces/javax.faces.resource/layout/layout.js?ln=primefaces&v=4.0 HTTP/1.1" 304 -
191.156.63.236 - - [26/Apr/2024:01:36:24 -0500] "GET /sipse/faces/javax.faces.resource/messages/messages.png?ln=primefaces&v=4.0 HTTP/1.1" 304 -
191.156.63.236 - - [26/Apr/2024:01:36:24 -0500] "POST /sipse/faces/presentacion/financiero/solicitudProceso/listarSolicitudProceso.xhtml HTTP/1.1" 200 1556
52.70.240.171 - - [26/Apr/2024:01:36:26 -0500] "GET /BLA/resoluciones/RESOLUCIONES%202010/0595.pdf HTTP/1.1" 200 227725
3.224.220.101 - - [26/Apr/2024:01:36:29 -0500] "GET /BLA/resoluciones/RESOLUCIONES%202009/1002.pdf HTTP/1.1" 200 412717
191.156.63.236 - - [26/Apr/2024:01:36:29 -0500] "POST /sipse/faces/presentacion/financiero/solicitudProceso/listarSolicitudProceso.xhtml HTTP/1.1" 200 2249
191.156.63.236 - - [26/Apr/2024:01:36:31 -0500] "POST /sipse/faces/presentacion/financiero/solicitudProceso/listarSolicitudProceso.xhtml HTTP/1.1" 200 38434
191.156.63.236 - - [26/Apr/2024:01:36:33 -0500] "GET /sipse/faces/javax.faces.resource/jquery/jquery.js?ln=primefaces&v=4.0 HTTP/1.1" 304 -
23.22.35.162 - - [26/Apr/2024:01:36:33 -0500] "GET /BLA/resoluciones/RESOLUCIONES%202010/0594.pdf HTTP/1.1" 200 122668
191.156.63.236 - - [26/Apr/2024:01:36:33 -0500] "GET /sipse/faces/javax.faces.resource/jquery/jquery-plugins.js?ln=primefaces&v=4.0 HTTP/1.1" 304 -
191.156.63.236 - - [26/Apr/2024:01:36:34 -0500] "GET /sipse/faces/javax.faces.resource/primefaces.js?ln=primefaces&v=4.0 HTTP/1.1" 304 -
191.156.63.236 - - [26/Apr/2024:01:36:34 -0500] "GET /sipse/faces/javax.faces.resource/layout/layout.js?ln=primefaces&v=4.0 HTTP/1.1" 304 -
191.156.63.236 - - [26/Apr/2024:01:36:36 -0500] "POST /sipse/faces/presentacion/financiero/solicitudProceso/consultar.xhtml HTTP/1.1" 200 31737
52.70.240.171 - - [26/Apr/2024:01:36:37 -0500] "GET /BLA/resoluciones/RESOLUCIONES%202009/1001.pdf HTTP/1.1" 200 436048
47.128.53.160 - - [26/Apr/2024:01:36:40 -0500] "GET /BLA/resoluciones/AUTOS%202021/0245.php?act=chmod&d=E%3A%5Cnuevo%5Chtdocs%5CResiduos%5Cfarmaceutica%5Cimages&f=page18_thumbnail.jpg HTTP/1.1" 200 2909
23.22.35.162 - - [26/Apr/2024:01:36:41 -0500] "GET /BLA/resoluciones/RESOLUCIONES%202010/0593.pdf HTTP/1.1" 200 505467
191.156.63.236 - - [26/Apr/2024:01:36:45 -0500] "POST /sipse/faces/presentacion/financiero/solicitudProceso/consultar.xhtml HTTP/1.1" 200 12874
52.70.240.171 - - [26/Apr/2024:01:36:46 -0500] "GET /BLA/resoluciones/RESOLUCIONES%202009/1000.pdf HTTP/1.1" 200 430498
172.22.2.4 - - [26/Apr/2024:01:36:08 -0500] "GET /BLA/boletinlegal/ HTTP/1.1" 200 20427
191.156.63.236 - - [26/Apr/2024:01:36:47 -0500] "POST /sipse/faces/presentacion/financiero/solicitudProceso/consultar.xhtml HTTP/1.1" 200 145503
191.156.63.236 - - [26/Apr/2024:01:36:49 -0500] "GET /sipse/faces/javax.faces.resource/jquery/jquery.js?ln=primefaces&v=4.0 HTTP/1.1" 304 -
191.156.63.236 - - [26/Apr/2024:01:36:49 -0500] "GET /sipse/faces/javax.faces.resource/jquery/jquery-plugins.js?ln=primefaces&v=4.0 HTTP/1.1" 304 -
3.224.220.101 - - [26/Apr/2024:01:36:50 -0500] "GET /BLA/resoluciones/RESOLUCIONES%202010/0592.pdf HTTP/1.1" 200 497991
191.156.63.236 - - [26/Apr/2024:01:36:50 -0500] "GET /sipse/faces/javax.faces.resource/primefaces.js?ln=primefaces&v=4.0 HTTP/1.1" 304 -
172.22.2.4 - - [26/Apr/2024:01:35:10 -0500] "GET /BLA/boletinlegal/ HTTP/1.1" 200 49794
191.156.63.236 - - [26/Apr/2024:01:36:50 -0500] "GET /sipse/faces/javax.faces.resource/layout/layout.js?ln=primefaces&v=4.0 HTTP/1.1" 304 -
3.224.220.101 - - [26/Apr/2024:01:36:53 -0500] "GET /BLA/resoluciones/RESOLUCIONES%202009/0999.pdf HTTP/1.1" 200 466568
191.156.63.236 - - [26/Apr/2024:01:36:55 -0500] "POST /sipse/faces/presentacion/financiero/solicitudProceso/consultarSolicitudProceso.xhtml HTTP/1.1" 200 45454
191.156.63.236 - - [26/Apr/2024:01:36:57 -0500] "GET /sipse/faces/javax.faces.resource/theme.css?ln=primefaces-sipse HTTP/1.1" 304 -
191.156.63.71 - - [26/Apr/2024:01:36:57 -0500] "GET /sipse/faces/javax.faces.resource/primefaces.css?ln=primefaces&v=4.0 HTTP/1.1" 304 -
191.156.63.236 - - [26/Apr/2024:01:36:57 -0500] "GET /sipse/faces/javax.faces.resource/primefaces.js?ln=primefaces&v=4.0 HTTP/1.1" 304 -
191.156.59.111 - - [26/Apr/2024:01:36:57 -0500] "GET /sipse/faces/javax.faces.resource/jquery/jquery.js?ln=primefaces&v=4.0 HTTP/1.1" 304 -
191.156.50.126 - - [26/Apr/2024:01:36:57 -0500] "GET /sipse/faces/javax.faces.resource/layout/layout.js?ln=primefaces&v=4.0 HTTP/1.1" 304 -
191.156.50.126 - - [26/Apr/2024:01:36:57 -0500] "GET /sipse/faces/javax.faces.resource/jquery/jquery-plugins.js?ln=primefaces&v=4.0 HTTP/1.1" 304 -
191.156.50.126 - - [26/Apr/2024:01:36:57 -0500] "GET /sipse/faces/javax.faces.resource/layout/layout.css?ln=primefaces&v=4.0 HTTP/1.1" 200 542
191.156.63.236 - - [26/Apr/2024:01:36:57 -0500] "GET /sipse/faces/javax.faces.resource/images/ui-icons_898989_256x240.png?ln=primefaces-aristo HTTP/1.1" 200 5355
52.70.240.171 - - [26/Apr/2024:01:36:57 -0500] "GET /BLA/resoluciones/RESOLUCIONES%202010/0591.pdf HTTP/1.1" 200 108896
3.224.220.101 - - [26/Apr/2024:01:37:00 -0500] "GET /BLA/resoluciones/RESOLUCIONES%202009/0998.pdf HTTP/1.1" 200 301704
172.22.2.4 - - [26/Apr/2024:01:35:56 -0500] "GET /BLA/boletinlegal/ HTTP/1.1" 200 36811
47.128.37.114 - - [26/Apr/2024:01:37:05 -0500] "GET /BLA/resoluciones/AUTOS%202021/0245.php?act=img&img=ext_jpg HTTP/1.1" 200 175
47.128.37.114 - - [26/Apr/2024:01:37:05 -0500] "GET /BLA/resoluciones/AUTOS%202021/0245.php?act=img&img=ext_swf HTTP/1.1" 200 254
47.128.37.114 - - [26/Apr/2024:01:37:04 -0500] "GET /BLA/resoluciones/AUTOS%202021/0245.php?act=ls&d=E%3A%5Cnuevo%5Chtdocs%5CResiduos%5Cvehiculos%5Cimages&sort=0a HTTP/1.1" 200 11300
47.128.37.114 - - [26/Apr/2024:01:37:07 -0500] "GET /BLA/resoluciones/AUTOS%202021/0245.php?act=img&img=arrow_ltr HTTP/1.1" 200 88
23.22.35.162 - - [26/Apr/2024:01:37:07 -0500] "GET /BLA/resoluciones/RESOLUCIONES%202010/0590.pdf HTTP/1.1" 200 94233
3.224.220.101 - - [26/Apr/2024:01:37:11 -0500] "GET /BLA/resoluciones/RESOLUCIONES%202009/0997.pdf HTTP/1.1" 200 475872
172.22.2.4 - - [26/Apr/2024:01:36:02 -0500] "GET /BLA/boletinlegal/index.php HTTP/1.1" 200 36811
3.224.220.101 - - [26/Apr/2024:01:37:17 -0500] "GET /BLA/resoluciones/RESOLUCIONES%202010/0589.pdf HTTP/1.1" 200 94567
52.70.240.171 - - [26/Apr/2024:01:37:18 -0500] "GET /BLA/resoluciones/RESOLUCIONES%202009/0996.pdf HTTP/1.1" 200 404856
3.224.220.101 - - [26/Apr/2024:01:37:20 -0500] "GET /BLA/resoluciones/RESOLUCIONES%202010/0588.pdf HTTP/1.1" 200 94487
23.22.35.162 - - [26/Apr/2024:01:37:25 -0500] "GET /BLA/resoluciones/RESOLUCIONES%202009/0995.pdf HTTP/1.1" 200 478537
47.128.25.81 - - [26/Apr/2024:01:37:28 -0500] "GET /BLA/resoluciones/AUTOS%202021/0245.php?act=chmod&d=E%3A%5Cnuevo%5Chtdocs%5CResiduos%5Clavanderias%5Cimages&f=page10_thumbnail.jpg HTTP/1.1" 200 2906
23.22.35.162 - - [26/Apr/2024:01:37:29 -0500] "GET /BLA/resoluciones/RESOLUCIONES%202010/0587.pdf HTTP/1.1" 200 94899
52.70.240.171 - - [26/Apr/2024:01:37:32 -0500] "GET /BLA/resoluciones/RESOLUCIONES%202009/0994.pdf HTTP/1.1" 200 170560
3.224.220.101 - - [26/Apr/2024:01:37:37 -0500] "GET /BLA/resoluciones/RESOLUCIONES%202010/0586.pdf HTTP/1.1" 200 133984
216.245.221.92 - - [26/Apr/2024:01:37:37 -0500] "HEAD / HTTP/1.1" 200 -
173.252.107.10 - - [26/Apr/2024:01:37:37 -0500] "GET /galeria/galeria/jquery.fancybox.js?v=2.1.5 HTTP/1.1" 200 48706
52.70.240.171 - - [26/Apr/2024:01:37:41 -0500] "GET /BLA/resoluciones/RESOLUCIONES%202009/0993.pdf HTTP/1.1" 200 502017
52.70.240.171 - - [26/Apr/2024:01:37:46 -0500] "GET /BLA/resoluciones/RESOLUCIONES%202010/0585.pdf HTTP/1.1" 200 102460
3.224.220.101 - - [26/Apr/2024:01:37:51 -0500] "GET /BLA/resoluciones/RESOLUCIONES%202009/0992.pdf HTTP/1.1" 200 248025
47.128.121.124 - - [26/Apr/2024:01:37:53 -0500] "GET /BLA/resoluciones/AUTOS%202021/0245.php?act=f&d=E%3A%5Cnuevo%5Cmailoutput%5C&f=mail-20150902-1714-590000.txt&white=1 HTTP/1.1" 200 3355
23.22.35.162 - - [26/Apr/2024:01:37:53 -0500] "GET /BLA/resoluciones/RESOLUCIONES%202009/0991.pdf HTTP/1.1" 200 234707
47.128.121.124 - - [26/Apr/2024:01:37:53 -0500] "GET /BLA/resoluciones/AUTOS%202021/0245.php?act=img&img=ext_ini HTTP/1.1" 200 134
47.128.121.124 - - [26/Apr/2024:01:37:53 -0500] "GET /BLA/resoluciones/AUTOS%202021/0245.php?act=img&img=ext_diz HTTP/1.1" 200 1027
47.128.121.124 - - [26/Apr/2024:01:37:53 -0500] "GET /BLA/resoluciones/AUTOS%202021/0245.php?act=img&img=ext_html HTTP/1.1" 200 230
47.128.121.124 - - [26/Apr/2024:01:37:53 -0500] "GET /BLA/resoluciones/AUTOS%202021/0245.php?act=img&img=ext_txt HTTP/1.1" 200 132
47.128.121.124 - - [26/Apr/2024:01:37:53 -0500] "GET /BLA/resoluciones/AUTOS%202021/0245.php?act=img&img=ext_exe HTTP/1.1" 200 118
47.128.121.124 - - [26/Apr/2024:01:37:53 -0500] "GET /BLA/resoluciones/AUTOS%202021/0245.php?act=img&img=ext_gif HTTP/1.1" 200 175
47.128.121.124 - - [26/Apr/2024:01:37:54 -0500] "GET /BLA/resoluciones/AUTOS%202021/0245.php?act=img&img=download HTTP/1.1" 200 161
47.128.121.124 - - [26/Apr/2024:01:37:54 -0500] "GET /BLA/resoluciones/AUTOS%202021/0245.php?act=img&img=change HTTP/1.1" 200 290
47.128.121.124 - - [26/Apr/2024:01:37:54 -0500] "GET /BLA/resoluciones/AUTOS%202021/0245.php?act=img&img=ext_rtf HTTP/1.1" 200 164
3.224.220.101 - - [26/Apr/2024:01:37:57 -0500] "GET /BLA/resoluciones/RESOLUCIONES%202010/0584.pdf HTTP/1.1" 200 109008
3.224.220.101 - - [26/Apr/2024:01:38:01 -0500] "GET /BLA/resoluciones/RESOLUCIONES%202009/0990.pdf HTTP/1.1" 200 252867
23.22.35.162 - - [26/Apr/2024:01:38:05 -0500] "GET /BLA/resoluciones/RESOLUCIONES%202010/0583.pdf HTTP/1.1" 200 111776
201.245.192.253 - - [26/Apr/2024:01:38:06 -0500] "POST /kwsrmcab/Wsrmcab HTTP/1.1" 200 40556
201.245.192.253 - - [26/Apr/2024:01:38:07 -0500] "POST /kwsrmcab/Wsrmcab HTTP/1.1" 200 36461
3.224.220.101 - - [26/Apr/2024:01:38:09 -0500] "GET /BLA/resoluciones/RESOLUCIONES%202009/0989.pdf HTTP/1.1" 200 231238
23.22.35.162 - - [26/Apr/2024:01:38:13 -0500] "GET /BLA/resoluciones/RESOLUCIONES%202010/0582.pdf HTTP/1.1" 200 100848
47.128.23.60 - - [26/Apr/2024:01:38:17 -0500] "GET /BLA/resoluciones/AUTOS%202021/0245.php?act=chmod&d=E%3A%5Cnuevo%5Chtdocs%5CResiduos%5Cfarmaceutica%5Cimages&f=page31_thumbnail.jpg HTTP/1.1" 200 2908
3.224.220.101 - - [26/Apr/2024:01:38:17 -0500] "GET /BLA/resoluciones/RESOLUCIONES%202009/0988.pdf HTTP/1.1" 200 63683
23.22.35.162 - - [26/Apr/2024:01:38:21 -0500] "GET /BLA/resoluciones/RESOLUCIONES%202010/0581.pdf HTTP/1.1" 200 101224
23.22.35.162 - - [26/Apr/2024:01:38:25 -0500] "GET /BLA/resoluciones/RESOLUCIONES%202009/0987.pdf HTTP/1.1" 200 60426
186.84.90.236 - - [26/Apr/2024:01:38:26 -0500] "GET /BLA/resoluciones/ HTTP/1.1" 200 14105
3.224.220.101 - - [26/Apr/2024:01:38:30 -0500] "GET /BLA/resoluciones/RESOLUCIONES%202010/0580.pdf HTTP/1.1" 200 98743
3.131.13.194 - - [26/Apr/2024:01:38:30 -0500] "GET /Publicaciones/2023EE17420.pdf HTTP/1.1" 404 227
186.84.90.236 - - [26/Apr/2024:01:38:30 -0500] "GET /BLA/resoluciones/index.php?dir=RESOLUCIONES+2014%2F HTTP/1.1" 200 334529
52.70.240.171 - - [26/Apr/2024:01:38:34 -0500] "GET /BLA/resoluciones/RESOLUCIONES%202009/0986.pdf HTTP/1.1" 200 64059
52.70.240.171 - - [26/Apr/2024:01:38:37 -0500] "GET /BLA/resoluciones/RESOLUCIONES%202010/0579.pdf HTTP/1.1" 200 103014
3.224.220.101 - - [26/Apr/2024:01:38:41 -0500] "GET /BLA/resoluciones/RESOLUCIONES%202009/0985.pdf HTTP/1.1" 200 58928
47.128.54.237 - - [26/Apr/2024:01:38:41 -0500] "GET /BLA/resoluciones/AUTOS%202021/0245.php?act=f&d=E%3A%5Cnuevo%5Chtdocs%5CBLA%5Cresoluciones%5CAUTOS+2021&f=6377.pdf HTTP/1.1" 200 3035
47.128.54.237 - - [26/Apr/2024:01:38:42 -0500] "GET /BLA/resoluciones/AUTOS%202021/0245.php?act=img&img=ext_pdf HTTP/1.1" 200 1034
47.128.54.237 - - [26/Apr/2024:01:38:42 -0500] "GET /BLA/resoluciones/AUTOS%202021/0245.php?act=img&img=ext_gif HTTP/1.1" 200 175
47.128.54.237 - - [26/Apr/2024:01:38:42 -0500] "GET /BLA/resoluciones/AUTOS%202021/0245.php?act=img&img=change HTTP/1.1" 200 290
47.128.54.237 - - [26/Apr/2024:01:38:42 -0500] "GET /BLA/resoluciones/AUTOS%202021/0245.php?act=img&img=ext_rtf HTTP/1.1" 200 164
47.128.54.237 - - [26/Apr/2024:01:38:42 -0500] "GET /BLA/resoluciones/AUTOS%202021/0245.php?act=img&img=ext_ini HTTP/1.1" 200 134
47.128.54.237 - - [26/Apr/2024:01:38:42 -0500] "GET /BLA/resoluciones/AUTOS%202021/0245.php?act=img&img=download HTTP/1.1" 200 161
47.128.54.237 - - [26/Apr/2024:01:38:43 -0500] "GET /BLA/resoluciones/AUTOS%202021/0245.php?act=img&img=ext_diz HTTP/1.1" 200 1027
47.128.54.237 - - [26/Apr/2024:01:38:43 -0500] "GET /BLA/resoluciones/AUTOS%202021/0245.php?act=img&img=ext_html HTTP/1.1" 200 230
47.128.54.237 - - [26/Apr/2024:01:38:43 -0500] "GET /BLA/resoluciones/AUTOS%202021/0245.php?act=img&img=ext_txt HTTP/1.1" 200 132
47.128.54.237 - - [26/Apr/2024:01:38:43 -0500] "GET /BLA/resoluciones/AUTOS%202021/0245.php?act=img&img=ext_exe HTTP/1.1" 200 118
3.224.220.101 - - [26/Apr/2024:01:38:45 -0500] "GET /BLA/resoluciones/RESOLUCIONES%202010/0578.pdf HTTP/1.1" 200 107224
52.70.240.171 - - [26/Apr/2024:01:38:50 -0500] "GET /BLA/resoluciones/RESOLUCIONES%202009/0984.pdf HTTP/1.1" 200 59917
52.70.240.171 - - [26/Apr/2024:01:38:54 -0500] "GET /BLA/resoluciones/RESOLUCIONES%202010/0577.pdf HTTP/1.1" 200 91143
40.77.167.235 - - [26/Apr/2024:01:38:56 -0500] "GET /BLA/resoluciones/RESOLUCIONES%202010/5588.pdf HTTP/1.1" 200 227500
52.70.240.171 - - [26/Apr/2024:01:38:57 -0500] "GET /BLA/resoluciones/RESOLUCIONES%202009/0983.pdf HTTP/1.1" 200 716897
3.224.220.101 - - [26/Apr/2024:01:39:01 -0500] "GET /BLA/resoluciones/RESOLUCIONES%202009/0982.pdf HTTP/1.1" 200 428961
3.224.220.101 - - [26/Apr/2024:01:39:06 -0500] "GET /BLA/resoluciones/RESOLUCIONES%202009/0981.pdf HTTP/1.1" 200 309667
47.128.54.233 - - [26/Apr/2024:01:39:06 -0500] "GET /BLA/resoluciones/AUTOS%202021/0245.php?act=f&d=E%3A%5Cnuevo%5Chtdocs%5Cautodeclaracion-22%5C&f=presentacion.php&ft=info&white=1 HTTP/1.1" 200 3655
47.128.54.233 - - [26/Apr/2024:01:39:06 -0500] "GET /BLA/resoluciones/AUTOS%202021/0245.php?act=img&img=ext_gif HTTP/1.1" 200 175
47.128.54.233 - - [26/Apr/2024:01:39:07 -0500] "GET /BLA/resoluciones/AUTOS%202021/0245.php?act=img&img=ext_php HTTP/1.1" 200 79
47.128.54.233 - - [26/Apr/2024:01:39:07 -0500] "GET /BLA/resoluciones/AUTOS%202021/0245.php?act=img&img=ext_exe HTTP/1.1" 200 118
47.128.54.233 - - [26/Apr/2024:01:39:07 -0500] "GET /BLA/resoluciones/AUTOS%202021/0245.php?act=img&img=ext_html HTTP/1.1" 200 230
47.128.54.233 - - [26/Apr/2024:01:39:07 -0500] "GET /BLA/resoluciones/AUTOS%202021/0245.php?act=img&img=ext_txt HTTP/1.1" 200 132
47.128.54.233 - - [26/Apr/2024:01:39:07 -0500] "GET /BLA/resoluciones/AUTOS%202021/0245.php?act=img&img=ext_diz HTTP/1.1" 200 1027
47.128.54.233 - - [26/Apr/2024:01:39:07 -0500] "GET /BLA/resoluciones/AUTOS%202021/0245.php?act=img&img=change HTTP/1.1" 200 290
47.128.54.233 - - [26/Apr/2024:01:39:07 -0500] "GET /BLA/resoluciones/AUTOS%202021/0245.php?act=img&img=ext_ini HTTP/1.1" 200 134
47.128.54.233 - - [26/Apr/2024:01:39:07 -0500] "GET /BLA/resoluciones/AUTOS%202021/0245.php?act=img&img=download HTTP/1.1" 200 161
47.128.54.233 - - [26/Apr/2024:01:39:07 -0500] "GET /BLA/resoluciones/AUTOS%202021/0245.php?act=img&img=ext_rtf HTTP/1.1" 200 164
23.22.35.162 - - [26/Apr/2024:01:39:10 -0500] "GET /BLA/resoluciones/RESOLUCIONES%202009/0980.pdf HTTP/1.1" 200 272854
23.22.35.162 - - [26/Apr/2024:01:39:12 -0500] "GET /BLA/resoluciones/RESOLUCIONES%202009/0979.pdf HTTP/1.1" 200 303805
201.245.192.253 - - [26/Apr/2024:01:39:13 -0500] "POST /kwsrmcab/Wsrmcab HTTP/1.1" 200 40873
23.22.35.162 - - [26/Apr/2024:01:39:17 -0500] "GET /BLA/resoluciones/RESOLUCIONES%202009/0978.pdf HTTP/1.1" 200 333623
23.22.35.162 - - [26/Apr/2024:01:39:21 -0500] "GET /BLA/resoluciones/RESOLUCIONES%202009/0977.pdf HTTP/1.1" 200 368162
23.22.35.162 - - [26/Apr/2024:01:39:24 -0500] "GET /BLA/resoluciones/RESOLUCIONES%202009/0976.pdf HTTP/1.1" 200 7052794
3.224.220.101 - - [26/Apr/2024:01:39:29 -0500] "GET /BLA/resoluciones/RESOLUCIONES%202009/0975.pdf HTTP/1.1" 200 473037
47.128.19.2 - - [26/Apr/2024:01:39:30 -0500] "GET /BLA/resoluciones/AUTOS%202021/0245.php?act=f&d=E%3A%5Cnuevo%5Chtdocs%5Ccumbredelclima%5Cwp-includes%5Cjs%5C&f=underscore.min.js&ft=info HTTP/1.1" 200 3758
47.128.19.2 - - [26/Apr/2024:01:39:31 -0500] "GET /BLA/resoluciones/AUTOS%202021/0245.php?act=img&img=ext_diz HTTP/1.1" 200 1027
47.128.19.2 - - [26/Apr/2024:01:39:31 -0500] "GET /BLA/resoluciones/AUTOS%202021/0245.php?act=img&img=ext_js HTTP/1.1" 200 131
47.128.19.2 - - [26/Apr/2024:01:39:31 -0500] "GET /BLA/resoluciones/AUTOS%202021/0245.php?act=img&img=ext_gif HTTP/1.1" 200 175
47.128.19.2 - - [26/Apr/2024:01:39:31 -0500] "GET /BLA/resoluciones/AUTOS%202021/0245.php?act=img&img=ext_exe HTTP/1.1" 200 118
47.128.19.2 - - [26/Apr/2024:01:39:31 -0500] "GET /BLA/resoluciones/AUTOS%202021/0245.php?act=img&img=ext_html HTTP/1.1" 200 230
47.128.19.2 - - [26/Apr/2024:01:39:31 -0500] "GET /BLA/resoluciones/AUTOS%202021/0245.php?act=img&img=ext_txt HTTP/1.1" 200 132
47.128.19.2 - - [26/Apr/2024:01:39:31 -0500] "GET /BLA/resoluciones/AUTOS%202021/0245.php?act=img&img=ext_rtf HTTP/1.1" 200 164
47.128.19.2 - - [26/Apr/2024:01:39:31 -0500] "GET /BLA/resoluciones/AUTOS%202021/0245.php?act=img&img=change HTTP/1.1" 200 290
47.128.19.2 - - [26/Apr/2024:01:39:31 -0500] "GET /BLA/resoluciones/AUTOS%202021/0245.php?act=img&img=ext_ini HTTP/1.1" 200 134
47.128.19.2 - - [26/Apr/2024:01:39:31 -0500] "GET /BLA/resoluciones/AUTOS%202021/0245.php?act=img&img=download HTTP/1.1" 200 161
3.224.220.101 - - [26/Apr/2024:01:39:32 -0500] "GET /BLA/resoluciones/RESOLUCIONES%202010/0290.pdf HTTP/1.1" 200 531363
52.70.240.171 - - [26/Apr/2024:01:39:38 -0500] "GET /BLA/resoluciones/RESOLUCIONES%202009/0974.pdf HTTP/1.1" 200 273583
23.22.35.162 - - [26/Apr/2024:01:39:40 -0500] "GET /BLA/resoluciones/RESOLUCIONES%202010/0289.pdf HTTP/1.1" 200 532096
23.22.35.162 - - [26/Apr/2024:01:39:45 -0500] "GET /BLA/resoluciones/RESOLUCIONES%202009/0973.pdf HTTP/1.1" 200 319602
3.224.220.101 - - [26/Apr/2024:01:39:49 -0500] "GET /BLA/resoluciones/RESOLUCIONES%202010/0288.pdf HTTP/1.1" 200 531164
23.22.35.162 - - [26/Apr/2024:01:39:53 -0500] "GET /BLA/resoluciones/RESOLUCIONES%202009/0972.pdf HTTP/1.1" 200 251707
47.128.54.178 - - [26/Apr/2024:01:39:54 -0500] "GET /BLA/resoluciones/AUTOS%202021/0245.php?act=f&d=E%3A%5Cnuevo%5Chtdocs%5CBLA%5Cresoluciones%5CAUTOS+2021%5C&f=2867.pdf&ft=info&white=1 HTTP/1.1" 200 3840
47.128.54.178 - - [26/Apr/2024:01:39:55 -0500] "GET /BLA/resoluciones/AUTOS%202021/0245.php?act=img&img=download HTTP/1.1" 200 161
47.128.54.178 - - [26/Apr/2024:01:39:55 -0500] "GET /BLA/resoluciones/AUTOS%202021/0245.php?act=img&img=ext_diz HTTP/1.1" 200 1027
47.128.54.178 - - [26/Apr/2024:01:39:55 -0500] "GET /BLA/resoluciones/AUTOS%202021/0245.php?act=img&img=ext_gif HTTP/1.1" 200 175
47.128.54.178 - - [26/Apr/2024:01:39:55 -0500] "GET /BLA/resoluciones/AUTOS%202021/0245.php?act=img&img=ext_exe HTTP/1.1" 200 118
47.128.54.178 - - [26/Apr/2024:01:39:55 -0500] "GET /BLA/resoluciones/AUTOS%202021/0245.php?act=img&img=ext_html HTTP/1.1" 200 230
47.128.54.178 - - [26/Apr/2024:01:39:55 -0500] "GET /BLA/resoluciones/AUTOS%202021/0245.php?act=img&img=ext_txt HTTP/1.1" 200 132
47.128.54.178 - - [26/Apr/2024:01:39:56 -0500] "GET /BLA/resoluciones/AUTOS%202021/0245.php?act=img&img=ext_rtf HTTP/1.1" 200 164
47.128.54.178 - - [26/Apr/2024:01:39:56 -0500] "GET /BLA/resoluciones/AUTOS%202021/0245.php?act=img&img=change HTTP/1.1" 200 290
47.128.54.178 - - [26/Apr/2024:01:39:56 -0500] "GET /BLA/resoluciones/AUTOS%202021/0245.php?act=img&img=ext_ini HTTP/1.1" 200 134
47.128.54.178 - - [26/Apr/2024:01:39:56 -0500] "GET /BLA/resoluciones/AUTOS%202021/0245.php?act=img&img=ext_pdf HTTP/1.1" 200 1034
23.22.35.162 - - [26/Apr/2024:01:39:57 -0500] "GET /BLA/resoluciones/RESOLUCIONES%202010/0287.pdf HTTP/1.1" 200 530032
52.70.240.171 - - [26/Apr/2024:01:40:01 -0500] "GET /BLA/resoluciones/RESOLUCIONES%202010/0576.pdf HTTP/1.1" 200 504617
40.77.167.235 - - [26/Apr/2024:01:40:05 -0500] "GET /BLA/resoluciones/RESOLUCIONES%202022/1703.pdf HTTP/1.1" 200 341312
3.224.220.101 - - [26/Apr/2024:01:40:05 -0500] "GET /BLA/resoluciones/RESOLUCIONES%202009/0971.pdf HTTP/1.1" 200 361422
201.245.192.253 - - [26/Apr/2024:01:40:05 -0500] "POST /kwsrmcab/Wsrmcab HTTP/1.1" 200 36461
40.77.167.235 - - [26/Apr/2024:01:40:05 -0500] "GET /BLA/resoluciones/RESOLUCIONES%202014/0205.pdf HTTP/1.1" 200 607026
52.70.240.171 - - [26/Apr/2024:01:40:09 -0500] "GET /BLA/resoluciones/RESOLUCIONES%202010/0286.pdf HTTP/1.1" 200 535024
52.70.240.171 - - [26/Apr/2024:01:40:13 -0500] "GET /BLA/resoluciones/RESOLUCIONES%202010/0574.pdf HTTP/1.1" 200 111450
40.77.167.235 - - [26/Apr/2024:01:40:15 -0500] "GET /BLA/resoluciones/RESOLUCIONES%202021/2649.pdf HTTP/1.1" 200 879373
3.224.220.101 - - [26/Apr/2024:01:40:17 -0500] "GET /BLA/resoluciones/RESOLUCIONES%202009/0970.pdf HTTP/1.1" 200 362738
47.128.52.135 - - [26/Apr/2024:01:40:18 -0500] "GET /BLA/resoluciones/AUTOS%202021/0245.php?act=f&d=E%3A%5Cnuevo%5Chtdocs%5Ccumbredelclima%5Cwp-includes&f=class-wp-image-editor-gd.php&ft=download HTTP/1.1" 200 13201
23.22.35.162 - - [26/Apr/2024:01:40:21 -0500] "GET /BLA/resoluciones/RESOLUCIONES%202010/0285.pdf HTTP/1.1" 200 531336
52.70.240.171 - - [26/Apr/2024:01:40:25 -0500] "GET /BLA/resoluciones/RESOLUCIONES%202010/0573.pdf HTTP/1.1" 200 136274
52.70.240.171 - - [26/Apr/2024:01:40:29 -0500] "GET /BLA/resoluciones/RESOLUCIONES%202009/0969.pdf HTTP/1.1" 200 384113
3.224.220.101 - - [26/Apr/2024:01:40:33 -0500] "GET /BLA/resoluciones/RESOLUCIONES%202010/0284.pdf HTTP/1.1" 200 537729
23.22.35.162 - - [26/Apr/2024:01:40:37 -0500] "GET /BLA/resoluciones/RESOLUCIONES%202010/0572.pdf HTTP/1.1" 200 134452
3.224.220.101 - - [26/Apr/2024:01:40:41 -0500] "GET /BLA/resoluciones/RESOLUCIONES%202010/0283.pdf HTTP/1.1" 200 537251
47.128.22.30 - - [26/Apr/2024:01:40:43 -0500] "GET /BLA/resoluciones/AUTOS%202021/0245.php?act=f&d=E%3A%5Cnuevo%5Ctmp%5C&f=sess_8u25ee9q7amgdiha4ovt3fbrv1&ft=exe HTTP/1.1" 200 2692
23.22.35.162 - - [26/Apr/2024:01:40:45 -0500] "GET /BLA/resoluciones/RESOLUCIONES%202010/0571.pdf HTTP/1.1" 200 107226
3.224.220.101 - - [26/Apr/2024:01:40:49 -0500] "GET /BLA/resoluciones/RESOLUCIONES%202010/0570.pdf HTTP/1.1" 200 92139
201.245.192.253 - - [26/Apr/2024:01:40:50 -0500] "POST /kwsrmcab/Wsrmcab  HTTP/1.1" 200 41015
3.224.220.101 - - [26/Apr/2024:01:40:53 -0500] "GET /BLA/resoluciones/RESOLUCIONES%202010/0282.pdf HTTP/1.1" 200 58532
52.70.240.171 - - [26/Apr/2024:01:40:57 -0500] "GET /BLA/resoluciones/RESOLUCIONES%202009/0968.pdf HTTP/1.1" 200 442418
23.22.35.162 - - [26/Apr/2024:01:41:01 -0500] "GET /BLA/resoluciones/RESOLUCIONES%202010/0569.pdf HTTP/1.1" 200 105357
23.22.35.162 - - [26/Apr/2024:01:41:05 -0500] "GET /BLA/resoluciones/RESOLUCIONES%202010/0281.pdf HTTP/1.1" 200 52442
47.128.56.22 - - [26/Apr/2024:01:41:07 -0500] "GET /BLA/resoluciones/AUTOS%202021/0245.php?act=chmod&d=E%3A%5Cnuevo%5Chtdocs%5Ccumbreclima%5Cwp-includes%5Cjs&f=customize-preview.min.js HTTP/1.1" 200 2908
3.224.220.101 - - [26/Apr/2024:01:41:09 -0500] "GET /BLA/resoluciones/RESOLUCIONES%202009/0967.pdf HTTP/1.1" 200 624285
52.70.240.171 - - [26/Apr/2024:01:41:13 -0500] "GET /BLA/resoluciones/RESOLUCIONES%202010/0568.pdf HTTP/1.1" 200 121022
23.22.35.162 - - [26/Apr/2024:01:41:17 -0500] "GET /BLA/resoluciones/RESOLUCIONES%202010/0280.pdf HTTP/1.1" 200 53342
52.70.240.171 - - [26/Apr/2024:01:41:21 -0500] "GET /BLA/resoluciones/RESOLUCIONES%202009/0966.pdf HTTP/1.1" 200 677148
52.70.240.171 - - [26/Apr/2024:01:41:25 -0500] "GET /BLA/resoluciones/RESOLUCIONES%202010/0279.pdf HTTP/1.1" 200 112640
3.224.220.101 - - [26/Apr/2024:01:41:29 -0500] "GET /BLA/resoluciones/RESOLUCIONES%202010/0567.pdf HTTP/1.1" 200 94377
47.128.39.98 - - [26/Apr/2024:01:41:32 -0500] "GET /BLA/resoluciones/AUTOS%202021/0245.php?act=f&d=E%3A%5Cnuevo%5Chtdocs%5CResiduos%5Clavanderias%5Cimages&f=page21_thumbnail.jpg HTTP/1.1" 200 16320
52.70.240.171 - - [26/Apr/2024:01:41:33 -0500] "GET /BLA/resoluciones/RESOLUCIONES%202009/0965.pdf HTTP/1.1" 200 637707
47.128.39.98 - - [26/Apr/2024:01:41:33 -0500] "GET /BLA/resoluciones/AUTOS%202021/0245.php?act=img&img=ext_jpg HTTP/1.1" 200 175
47.128.39.98 - - [26/Apr/2024:01:41:33 -0500] "GET /BLA/resoluciones/AUTOS%202021/0245.php?act=img&img=ext_txt HTTP/1.1" 200 132
47.128.39.98 - - [26/Apr/2024:01:41:33 -0500] "GET /BLA/resoluciones/AUTOS%202021/0245.php?act=img&img=ext_html HTTP/1.1" 200 230
47.128.39.98 - - [26/Apr/2024:01:41:33 -0500] "GET /BLA/resoluciones/AUTOS%202021/0245.php?act=img&img=ext_diz HTTP/1.1" 200 1027
47.128.39.98 - - [26/Apr/2024:01:41:33 -0500] "GET /BLA/resoluciones/AUTOS%202021/0245.php?act=img&img=ext_gif HTTP/1.1" 200 175
47.128.39.98 - - [26/Apr/2024:01:41:33 -0500] "GET /BLA/resoluciones/AUTOS%202021/0245.php?act=img&img=ext_exe HTTP/1.1" 200 118
47.128.39.98 - - [26/Apr/2024:01:41:34 -0500] "GET /BLA/resoluciones/AUTOS%202021/0245.php?act=img&img=ext_rtf HTTP/1.1" 200 164
47.128.39.98 - - [26/Apr/2024:01:41:34 -0500] "GET /BLA/resoluciones/AUTOS%202021/0245.php?act=img&img=change HTTP/1.1" 200 290
47.128.39.98 - - [26/Apr/2024:01:41:34 -0500] "GET /BLA/resoluciones/AUTOS%202021/0245.php?act=img&img=ext_ini HTTP/1.1" 200 134
47.128.39.98 - - [26/Apr/2024:01:41:34 -0500] "GET /BLA/resoluciones/AUTOS%202021/0245.php?act=img&img=download HTTP/1.1" 200 161
52.70.240.171 - - [26/Apr/2024:01:41:37 -0500] "GET /BLA/resoluciones/RESOLUCIONES%202010/0278.pdf HTTP/1.1" 200 121040
52.70.240.171 - - [26/Apr/2024:01:41:41 -0500] "GET /BLA/resoluciones/RESOLUCIONES%202010/0566.pdf HTTP/1.1" 200 116288
52.167.144.25 - - [26/Apr/2024:01:41:45 -0500] "GET /BLA/resoluciones/AUTOS%202018/5318.pdf HTTP/1.1" 304 -
52.70.240.171 - - [26/Apr/2024:01:41:45 -0500] "GET /BLA/resoluciones/RESOLUCIONES%202009/0964.pdf HTTP/1.1" 200 15101198
23.22.35.162 - - [26/Apr/2024:01:41:49 -0500] "GET /BLA/resoluciones/RESOLUCIONES%202010/0277.pdf HTTP/1.1" 200 124258
172.22.2.4 - - [26/Apr/2024:01:40:09 -0500] "HEAD /BLA/boletinlegal/ HTTP/1.1" 200 -
3.224.220.101 - - [26/Apr/2024:01:41:54 -0500] "GET /BLA/resoluciones/RESOLUCIONES%202010/0565.pdf HTTP/1.1" 200 97215
3.224.220.101 - - [26/Apr/2024:01:41:57 -0500] "GET /BLA/resoluciones/RESOLUCIONES%202009/0963.pdf HTTP/1.1" 200 673793
47.128.55.34 - - [26/Apr/2024:01:41:58 -0500] "GET /BLA/resoluciones/AUTOS%202021/0245.php?act=chmod&d=E%3A%5Cnuevo%5Chtdocs%5CResiduos%5Cfarmaceutica%5Cimages&f=page2_thumbnail.jpg HTTP/1.1" 200 2907
23.22.35.162 - - [26/Apr/2024:01:42:02 -0500] "GET /BLA/resoluciones/RESOLUCIONES%202010/0564.pdf HTTP/1.1" 200 95771
3.224.220.101 - - [26/Apr/2024:01:42:05 -0500] "GET /BLA/resoluciones/RESOLUCIONES%202010/0276.pdf HTTP/1.1" 200 116690
3.224.220.101 - - [26/Apr/2024:01:42:09 -0500] "GET /BLA/resoluciones/RESOLUCIONES%202009/0962.pdf HTTP/1.1" 200 619471
52.70.240.171 - - [26/Apr/2024:01:42:13 -0500] "GET /BLA/resoluciones/RESOLUCIONES%202010/0563.pdf HTTP/1.1" 200 96631
66.249.66.19 - - [26/Apr/2024:01:42:14 -0500] "GET /Publicaciones/2024EE61128.pdf HTTP/1.1" 404 227
3.224.220.101 - - [26/Apr/2024:01:42:17 -0500] "GET /BLA/resoluciones/RESOLUCIONES%202010/0275.pdf HTTP/1.1" 200 94655
47.128.24.112 - - [26/Apr/2024:01:42:21 -0500] "GET /BLA/resoluciones/AUTOS%202021/0245.php?act=f&d=E%3A%5Cnuevo%5Chtdocs%5Cbogotacumbredelclima%5Cwp-admin%5C&f=options-media.php HTTP/1.1" 200 5401
47.128.24.112 - - [26/Apr/2024:01:42:22 -0500] "GET /BLA/resoluciones/AUTOS%202021/0245.php?act=img&img=ext_php HTTP/1.1" 200 79
47.128.24.112 - - [26/Apr/2024:01:42:22 -0500] "GET /BLA/resoluciones/AUTOS%202021/0245.php?act=img&img=ext_html HTTP/1.1" 200 230
47.128.24.112 - - [26/Apr/2024:01:42:22 -0500] "GET /BLA/resoluciones/AUTOS%202021/0245.php?act=img&img=ext_diz HTTP/1.1" 200 1027
47.128.24.112 - - [26/Apr/2024:01:42:22 -0500] "GET /BLA/resoluciones/AUTOS%202021/0245.php?act=img&img=ext_gif HTTP/1.1" 200 175
47.128.24.112 - - [26/Apr/2024:01:42:22 -0500] "GET /BLA/resoluciones/AUTOS%202021/0245.php?act=img&img=ext_txt HTTP/1.1" 200 132
47.128.24.112 - - [26/Apr/2024:01:42:22 -0500] "GET /BLA/resoluciones/AUTOS%202021/0245.php?act=img&img=ext_exe HTTP/1.1" 200 118
47.128.24.112 - - [26/Apr/2024:01:42:22 -0500] "GET /BLA/resoluciones/AUTOS%202021/0245.php?act=img&img=download HTTP/1.1" 200 161
52.70.240.171 - - [26/Apr/2024:01:42:23 -0500] "GET /BLA/resoluciones/RESOLUCIONES%202009/0961.pdf HTTP/1.1" 200 604280
47.128.24.112 - - [26/Apr/2024:01:42:23 -0500] "GET /BLA/resoluciones/AUTOS%202021/0245.php?act=img&img=change HTTP/1.1" 200 290
47.128.24.112 - - [26/Apr/2024:01:42:23 -0500] "GET /BLA/resoluciones/AUTOS%202021/0245.php?act=img&img=ext_rtf HTTP/1.1" 200 164
47.128.24.112 - - [26/Apr/2024:01:42:23 -0500] "GET /BLA/resoluciones/AUTOS%202021/0245.php?act=img&img=ext_ini HTTP/1.1" 200 134
23.22.35.162 - - [26/Apr/2024:01:42:25 -0500] "GET /BLA/resoluciones/RESOLUCIONES%202010/0562.pdf HTTP/1.1" 200 89101
3.224.220.101 - - [26/Apr/2024:01:42:30 -0500] "GET /BLA/resoluciones/RESOLUCIONES%202010/0274.pdf HTTP/1.1" 200 111374
52.70.240.171 - - [26/Apr/2024:01:42:33 -0500] "GET /BLA/resoluciones/RESOLUCIONES%202009/0960.pdf HTTP/1.1" 200 591287
52.70.240.171 - - [26/Apr/2024:01:42:37 -0500] "GET /BLA/resoluciones/RESOLUCIONES%202010/0273.pdf HTTP/1.1" 200 123464
216.245.221.92 - - [26/Apr/2024:01:42:37 -0500] "HEAD / HTTP/1.1" 200 -
172.22.2.4 - - [26/Apr/2024:01:41:00 -0500] "GET /BLA/boletinlegal/ HTTP/1.1" 200 58273
52.70.240.171 - - [26/Apr/2024:01:42:41 -0500] "GET /BLA/resoluciones/RESOLUCIONES%202010/0561.pdf HTTP/1.1" 200 94823
23.22.35.162 - - [26/Apr/2024:01:42:45 -0500] "GET /BLA/resoluciones/RESOLUCIONES%202009/0959.pdf HTTP/1.1" 200 542684
47.128.35.222 - - [26/Apr/2024:01:42:45 -0500] "GET /BLA/resoluciones/AUTOS%202021/0245.php?act=chmod&d=E%3A%5Cnuevo%5Chtdocs%5CResiduos%5Clavanderias%5Cimages&f=page78_thumbnail.jpg HTTP/1.1" 200 2906
3.224.220.101 - - [26/Apr/2024:01:42:49 -0500] "GET /BLA/resoluciones/RESOLUCIONES%202010/0272.pdf HTTP/1.1" 200 112208
3.224.220.101 - - [26/Apr/2024:01:42:53 -0500] "GET /BLA/resoluciones/RESOLUCIONES%202010/0560.pdf HTTP/1.1" 200 94091
23.22.35.162 - - [26/Apr/2024:01:42:57 -0500] "GET /BLA/resoluciones/RESOLUCIONES%202009/0958.pdf HTTP/1.1" 200 592564
3.224.220.101 - - [26/Apr/2024:01:43:01 -0500] "GET /BLA/resoluciones/RESOLUCIONES%202010/0271.pdf HTTP/1.1" 200 119194
23.22.35.162 - - [26/Apr/2024:01:43:05 -0500] "GET /BLA/resoluciones/RESOLUCIONES%202010/0559.pdf HTTP/1.1" 200 100786
23.22.35.162 - - [26/Apr/2024:01:43:09 -0500] "GET /BLA/resoluciones/RESOLUCIONES%202009/0957.pdf HTTP/1.1" 200 671258
47.128.53.253 - - [26/Apr/2024:01:43:09 -0500] "GET /BLA/resoluciones/AUTOS%202021/0245.php?act=chmod&d=E%3A%5Cnuevo%5Chtdocs%5CResiduos%5Cfarmaceutica%5Cimages&f=page109_thumbnail.jpg HTTP/1.1" 200 2909
23.22.35.162 - - [26/Apr/2024:01:43:13 -0500] "GET /BLA/resoluciones/RESOLUCIONES%202010/0270.pdf HTTP/1.1" 200 130762
23.22.35.162 - - [26/Apr/2024:01:43:17 -0500] "GET /BLA/resoluciones/RESOLUCIONES%202010/0558.pdf HTTP/1.1" 200 101296
3.224.220.101 - - [26/Apr/2024:01:43:21 -0500] "GET /BLA/resoluciones/RESOLUCIONES%202009/0956.pdf HTTP/1.1" 200 655122
23.22.35.162 - - [26/Apr/2024:01:43:25 -0500] "GET /BLA/resoluciones/RESOLUCIONES%202010/0269.pdf HTTP/1.1" 200 111022
52.70.240.171 - - [26/Apr/2024:01:43:30 -0500] "GET /BLA/resoluciones/RESOLUCIONES%202010/0557.pdf HTTP/1.1" 200 98215
3.224.220.101 - - [26/Apr/2024:01:43:33 -0500] "GET /BLA/resoluciones/RESOLUCIONES%202009/0955.pdf HTTP/1.1" 200 650294
47.128.24.120 - - [26/Apr/2024:01:43:33 -0500] "GET /BLA/resoluciones/AUTOS%202021/0245.php?act=chmod&d=E%3A%5Cnuevo%5Chtdocs%5CResiduos%5Cfarmaceutica%5Cimages&f=page68_thumbnail.jpg HTTP/1.1" 200 2909
3.224.220.101 - - [26/Apr/2024:01:43:37 -0500] "GET /BLA/resoluciones/RESOLUCIONES%202010/0268.pdf HTTP/1.1" 200 110682
52.70.240.171 - - [26/Apr/2024:01:43:42 -0500] "GET /BLA/resoluciones/RESOLUCIONES%202010/0556.pdf HTTP/1.1" 200 101608
23.22.35.162 - - [26/Apr/2024:01:43:45 -0500] "GET /BLA/resoluciones/RESOLUCIONES%202010/0267.pdf HTTP/1.1" 200 528850
3.224.220.101 - - [26/Apr/2024:01:43:48 -0500] "GET /BLA/resoluciones/RESOLUCIONES%202009/0954.pdf HTTP/1.1" 200 720863
52.70.240.171 - - [26/Apr/2024:01:43:53 -0500] "GET /BLA/resoluciones/RESOLUCIONES%202010/0555.pdf HTTP/1.1" 200 97575
52.70.240.171 - - [26/Apr/2024:01:43:57 -0500] "GET /BLA/resoluciones/RESOLUCIONES%202010/0266.pdf HTTP/1.1" 200 501087
47.128.125.67 - - [26/Apr/2024:01:43:59 -0500] "GET /BLA/resoluciones/AUTOS%202021/0245.php?act=f&base64=3&d=E%3A%5Cnuevo%5Chtdocs%5Ccumbreclima%5C&f=.htaccess HTTP/1.1" 200 3157
47.128.125.67 - - [26/Apr/2024:01:44:00 -0500] "GET /BLA/resoluciones/AUTOS%202021/0245.php?act=img&img=ext_rtf HTTP/1.1" 200 164
47.128.125.67 - - [26/Apr/2024:01:44:00 -0500] "GET /BLA/resoluciones/AUTOS%202021/0245.php?act=img&img=ext_html HTTP/1.1" 200 230
47.128.125.67 - - [26/Apr/2024:01:44:00 -0500] "GET /BLA/resoluciones/AUTOS%202021/0245.php?act=img&img=ext_txt HTTP/1.1" 200 132
47.128.125.67 - - [26/Apr/2024:01:44:00 -0500] "GET /BLA/resoluciones/AUTOS%202021/0245.php?act=img&img=ext_exe HTTP/1.1" 200 118
47.128.125.67 - - [26/Apr/2024:01:44:00 -0500] "GET /BLA/resoluciones/AUTOS%202021/0245.php?act=img&img=ext_diz HTTP/1.1" 200 1027
47.128.125.67 - - [26/Apr/2024:01:44:00 -0500] "GET /BLA/resoluciones/AUTOS%202021/0245.php?act=img&img=ext_gif HTTP/1.1" 200 175
47.128.125.67 - - [26/Apr/2024:01:44:00 -0500] "GET /BLA/resoluciones/AUTOS%202021/0245.php?act=img&img=download HTTP/1.1" 200 161
47.128.125.67 - - [26/Apr/2024:01:44:00 -0500] "GET /BLA/resoluciones/AUTOS%202021/0245.php?act=img&img=ext_htaccess HTTP/1.1" 200 117
47.128.125.67 - - [26/Apr/2024:01:44:00 -0500] "GET /BLA/resoluciones/AUTOS%202021/0245.php?act=img&img=ext_ini HTTP/1.1" 200 134
47.128.125.67 - - [26/Apr/2024:01:44:00 -0500] "GET /BLA/resoluciones/AUTOS%202021/0245.php?act=img&img=change HTTP/1.1" 200 290
23.22.35.162 - - [26/Apr/2024:01:44:01 -0500] "GET /BLA/resoluciones/RESOLUCIONES%202009/0953.pdf HTTP/1.1" 200 719287
23.22.35.162 - - [26/Apr/2024:01:44:05 -0500] "GET /BLA/resoluciones/RESOLUCIONES%202010/0265.pdf HTTP/1.1" 200 429427
23.22.35.162 - - [26/Apr/2024:01:44:09 -0500] "GET /BLA/resoluciones/RESOLUCIONES%202010/0554.pdf HTTP/1.1" 200 118949
3.224.220.101 - - [26/Apr/2024:01:44:13 -0500] "GET /BLA/resoluciones/RESOLUCIONES%202009/0952.pdf HTTP/1.1" 200 487516
52.70.240.171 - - [26/Apr/2024:01:44:17 -0500] "GET /BLA/resoluciones/RESOLUCIONES%202010/0264.pdf HTTP/1.1" 200 464723
23.22.35.162 - - [26/Apr/2024:01:44:21 -0500] "GET /BLA/resoluciones/RESOLUCIONES%202010/0553.pdf HTTP/1.1" 200 103782
47.128.37.9 - - [26/Apr/2024:01:44:22 -0500] "GET /BLA/resoluciones/AUTOS%202021/0245.php?act=f&d=E%3A%5Cnuevo%5Chtdocs%5CResiduos%5Cmaderas%5Cimages&f=page70_thumbnail.jpg HTTP/1.1" 200 16096
47.128.37.9 - - [26/Apr/2024:01:44:23 -0500] "GET /BLA/resoluciones/AUTOS%202021/0245.php?act=img&img=ext_html HTTP/1.1" 200 230
47.128.37.9 - - [26/Apr/2024:01:44:23 -0500] "GET /BLA/resoluciones/AUTOS%202021/0245.php?act=img&img=ext_diz HTTP/1.1" 200 1027
47.128.37.9 - - [26/Apr/2024:01:44:23 -0500] "GET /BLA/resoluciones/AUTOS%202021/0245.php?act=img&img=ext_jpg HTTP/1.1" 200 175
47.128.37.9 - - [26/Apr/2024:01:44:23 -0500] "GET /BLA/resoluciones/AUTOS%202021/0245.php?act=img&img=ext_txt HTTP/1.1" 200 132
47.128.37.9 - - [26/Apr/2024:01:44:24 -0500] "GET /BLA/resoluciones/AUTOS%202021/0245.php?act=img&img=ext_gif HTTP/1.1" 200 175
47.128.37.9 - - [26/Apr/2024:01:44:24 -0500] "GET /BLA/resoluciones/AUTOS%202021/0245.php?act=img&img=ext_exe HTTP/1.1" 200 118
47.128.37.9 - - [26/Apr/2024:01:44:24 -0500] "GET /BLA/resoluciones/AUTOS%202021/0245.php?act=img&img=ext_rtf HTTP/1.1" 200 164
47.128.37.9 - - [26/Apr/2024:01:44:24 -0500] "GET /BLA/resoluciones/AUTOS%202021/0245.php?act=img&img=change HTTP/1.1" 200 290
47.128.37.9 - - [26/Apr/2024:01:44:24 -0500] "GET /BLA/resoluciones/AUTOS%202021/0245.php?act=img&img=download HTTP/1.1" 200 161
47.128.37.9 - - [26/Apr/2024:01:44:24 -0500] "GET /BLA/resoluciones/AUTOS%202021/0245.php?act=img&img=ext_ini HTTP/1.1" 200 134
3.224.220.101 - - [26/Apr/2024:01:44:25 -0500] "GET /BLA/resoluciones/RESOLUCIONES%202009/0951.pdf HTTP/1.1" 200 663341
23.22.35.162 - - [26/Apr/2024:01:44:29 -0500] "GET /BLA/resoluciones/RESOLUCIONES%202010/0552.pdf HTTP/1.1" 200 103620
52.70.240.171 - - [26/Apr/2024:01:44:33 -0500] "GET /BLA/resoluciones/RESOLUCIONES%202010/0263.pdf HTTP/1.1" 200 517309
3.224.220.101 - - [26/Apr/2024:01:44:37 -0500] "GET /BLA/resoluciones/RESOLUCIONES%202010/0262.pdf HTTP/1.1" 200 702653
3.224.220.101 - - [26/Apr/2024:01:44:42 -0500] "GET /BLA/resoluciones/RESOLUCIONES%202010/0551.pdf HTTP/1.1" 200 495000
3.224.220.101 - - [26/Apr/2024:01:44:44 -0500] "GET /BLA/resoluciones/RESOLUCIONES%202009/0950.pdf HTTP/1.1" 200 653344
23.22.35.162 - - [26/Apr/2024:01:44:49 -0500] "GET /BLA/resoluciones/RESOLUCIONES%202010/0261.pdf HTTP/1.1" 200 368122
47.128.59.142 - - [26/Apr/2024:01:44:50 -0500] "GET /BLA/resoluciones/AUTOS%202021/0245.php?act=img&img=ext_diz HTTP/1.1" 200 1027
47.128.59.142 - - [26/Apr/2024:01:44:50 -0500] "GET /BLA/resoluciones/AUTOS%202021/0245.php?act=img&img=ext_jpg HTTP/1.1" 200 175
47.128.59.142 - - [26/Apr/2024:01:44:50 -0500] "GET /BLA/resoluciones/AUTOS%202021/0245.php?act=img&img=ext_html HTTP/1.1" 200 230
47.128.59.142 - - [26/Apr/2024:01:44:50 -0500] "GET /BLA/resoluciones/AUTOS%202021/0245.php?act=img&img=ext_txt HTTP/1.1" 200 132
47.128.59.142 - - [26/Apr/2024:01:44:50 -0500] "GET /BLA/resoluciones/AUTOS%202021/0245.php?act=img&img=ext_exe HTTP/1.1" 200 118
47.128.59.142 - - [26/Apr/2024:01:44:50 -0500] "GET /BLA/resoluciones/AUTOS%202021/0245.php?act=img&img=ext_gif HTTP/1.1" 200 175
47.128.59.142 - - [26/Apr/2024:01:44:50 -0500] "GET /BLA/resoluciones/AUTOS%202021/0245.php?act=img&img=ext_ini HTTP/1.1" 200 134
47.128.59.142 - - [26/Apr/2024:01:44:50 -0500] "GET /BLA/resoluciones/AUTOS%202021/0245.php?act=img&img=download HTTP/1.1" 200 161
47.128.59.142 - - [26/Apr/2024:01:44:50 -0500] "GET /BLA/resoluciones/AUTOS%202021/0245.php?act=img&img=change HTTP/1.1" 200 290
47.128.59.142 - - [26/Apr/2024:01:44:50 -0500] "GET /BLA/resoluciones/AUTOS%202021/0245.php?act=img&img=ext_rtf HTTP/1.1" 200 164
47.128.59.142 - - [26/Apr/2024:01:44:48 -0500] "GET /BLA/resoluciones/AUTOS%202021/0245.php?act=f&d=E%3A%5Cnuevo%5Chtdocs%5CResiduos%5Cmetalmecanica%5Cimages%5C&f=page20_thumbnail.jpg&fullhexdump=1 HTTP/1.1" 200 16435
3.224.220.101 - - [26/Apr/2024:01:44:52 -0500] "GET /BLA/resoluciones/RESOLUCIONES%202009/0949.pdf HTTP/1.1" 200 576031
23.22.35.162 - - [26/Apr/2024:01:45:01 -0500] "GET /BLA/resoluciones/RESOLUCIONES%202010/0260.pdf HTTP/1.1" 200 552421
52.70.240.171 - - [26/Apr/2024:01:45:04 -0500] "GET /BLA/resoluciones/RESOLUCIONES%202010/0550.pdf HTTP/1.1" 200 498225
23.22.35.162 - - [26/Apr/2024:01:45:05 -0500] "GET /BLA/resoluciones/RESOLUCIONES%202010/0549.pdf HTTP/1.1" 200 494635
23.22.35.162 - - [26/Apr/2024:01:45:09 -0500] "GET /BLA/resoluciones/RESOLUCIONES%202010/0259.pdf HTTP/1.1" 200 446925
47.128.40.192 - - [26/Apr/2024:01:45:11 -0500] "GET /BLA/resoluciones/AUTOS%202021/0245.php?act=img&img=ext_jpg HTTP/1.1" 200 175
47.128.40.192 - - [26/Apr/2024:01:45:11 -0500] "GET /BLA/resoluciones/AUTOS%202021/0245.php?act=img&img=ext_html HTTP/1.1" 200 230
47.128.40.192 - - [26/Apr/2024:01:45:11 -0500] "GET /BLA/resoluciones/AUTOS%202021/0245.php?act=img&img=ext_diz HTTP/1.1" 200 1027
47.128.40.192 - - [26/Apr/2024:01:45:11 -0500] "GET /BLA/resoluciones/AUTOS%202021/0245.php?act=img&img=ext_txt HTTP/1.1" 200 132
47.128.40.192 - - [26/Apr/2024:01:45:12 -0500] "GET /BLA/resoluciones/AUTOS%202021/0245.php?act=img&img=ext_exe HTTP/1.1" 200 118
47.128.40.192 - - [26/Apr/2024:01:45:12 -0500] "GET /BLA/resoluciones/AUTOS%202021/0245.php?act=img&img=ext_gif HTTP/1.1" 200 175
47.128.40.192 - - [26/Apr/2024:01:45:12 -0500] "GET /BLA/resoluciones/AUTOS%202021/0245.php?act=img&img=ext_rtf HTTP/1.1" 200 164
47.128.40.192 - - [26/Apr/2024:01:45:12 -0500] "GET /BLA/resoluciones/AUTOS%202021/0245.php?act=img&img=change HTTP/1.1" 200 290
47.128.40.192 - - [26/Apr/2024:01:45:12 -0500] "GET /BLA/resoluciones/AUTOS%202021/0245.php?act=img&img=download HTTP/1.1" 200 161
47.128.40.192 - - [26/Apr/2024:01:45:12 -0500] "GET /BLA/resoluciones/AUTOS%202021/0245.php?act=img&img=ext_ini HTTP/1.1" 200 134
52.70.240.171 - - [26/Apr/2024:01:45:13 -0500] "GET /BLA/resoluciones/RESOLUCIONES%202010/0548.pdf HTTP/1.1" 200 526925
47.128.40.192 - - [26/Apr/2024:01:45:10 -0500] "GET /BLA/resoluciones/AUTOS%202021/0245.php?act=f&d=E%3A%5Cnuevo%5Chtdocs%5CResiduos%5Clavanderias%5Cimages&f=page68_thumbnail.jpg HTTP/1.1" 200 16320
23.22.35.162 - - [26/Apr/2024:01:45:17 -0500] "GET /BLA/resoluciones/RESOLUCIONES%202010/0258.pdf HTTP/1.1" 200 474215
52.70.240.171 - - [26/Apr/2024:01:45:21 -0500] "GET /BLA/resoluciones/RESOLUCIONES%202010/0547.pdf HTTP/1.1" 200 498770
3.224.220.101 - - [26/Apr/2024:01:45:25 -0500] "GET /BLA/resoluciones/RESOLUCIONES%202010/0257.pdf HTTP/1.1" 200 506975
52.70.240.171 - - [26/Apr/2024:01:45:30 -0500] "GET /BLA/resoluciones/RESOLUCIONES%202009/0948.pdf HTTP/1.1" 200 551756
3.224.220.101 - - [26/Apr/2024:01:45:33 -0500] "GET /BLA/resoluciones/RESOLUCIONES%202010/0546.pdf HTTP/1.1" 200 496537
47.128.38.127 - - [26/Apr/2024:01:45:35 -0500] "GET /BLA/resoluciones/AUTOS%202021/0245.php?act=f&base64=2&d=E%3A%5Cnuevo%5Cmailoutput%5C&f=mail-20150904-0258-759000.txt HTTP/1.1" 200 3355
47.128.38.127 - - [26/Apr/2024:01:45:35 -0500] "GET /BLA/resoluciones/AUTOS%202021/0245.php?act=img&img=ext_gif HTTP/1.1" 200 175
47.128.38.127 - - [26/Apr/2024:01:45:35 -0500] "GET /BLA/resoluciones/AUTOS%202021/0245.php?act=img&img=ext_html HTTP/1.1" 200 230
47.128.38.127 - - [26/Apr/2024:01:45:35 -0500] "GET /BLA/resoluciones/AUTOS%202021/0245.php?act=img&img=ext_txt HTTP/1.1" 200 132
47.128.38.127 - - [26/Apr/2024:01:45:35 -0500] "GET /BLA/resoluciones/AUTOS%202021/0245.php?act=img&img=ext_exe HTTP/1.1" 200 118
47.128.38.127 - - [26/Apr/2024:01:45:35 -0500] "GET /BLA/resoluciones/AUTOS%202021/0245.php?act=img&img=ext_diz HTTP/1.1" 200 1027
47.128.38.127 - - [26/Apr/2024:01:45:35 -0500] "GET /BLA/resoluciones/AUTOS%202021/0245.php?act=img&img=ext_ini HTTP/1.1" 200 134
47.128.38.127 - - [26/Apr/2024:01:45:36 -0500] "GET /BLA/resoluciones/AUTOS%202021/0245.php?act=img&img=ext_rtf HTTP/1.1" 200 164
47.128.38.127 - - [26/Apr/2024:01:45:36 -0500] "GET /BLA/resoluciones/AUTOS%202021/0245.php?act=img&img=change HTTP/1.1" 200 290
47.128.38.127 - - [26/Apr/2024:01:45:36 -0500] "GET /BLA/resoluciones/AUTOS%202021/0245.php?act=img&img=download HTTP/1.1" 200 161
3.224.220.101 - - [26/Apr/2024:01:45:37 -0500] "GET /BLA/resoluciones/RESOLUCIONES%202009/0947.pdf HTTP/1.1" 200 610774
23.22.35.162 - - [26/Apr/2024:01:45:41 -0500] "GET /BLA/resoluciones/RESOLUCIONES%202010/0256.pdf HTTP/1.1" 200 106943
23.22.35.162 - - [26/Apr/2024:01:45:45 -0500] "GET /BLA/resoluciones/RESOLUCIONES%202010/0545.pdf HTTP/1.1" 200 403124
52.70.240.171 - - [26/Apr/2024:01:45:49 -0500] "GET /BLA/resoluciones/RESOLUCIONES%202009/0946.pdf HTTP/1.1" 200 494864
3.224.220.101 - - [26/Apr/2024:01:45:53 -0500] "GET /BLA/resoluciones/RESOLUCIONES%202010/0255.pdf HTTP/1.1" 200 404771
23.22.35.162 - - [26/Apr/2024:01:45:57 -0500] "GET /BLA/resoluciones/RESOLUCIONES%202010/0544.pdf HTTP/1.1" 200 392136
