3.224.220.101 - - [26/Apr/2024:02:50:41 -0500] "GET /BLA/resoluciones/RESOLUCIONES%202009/0695.pdf HTTP/1.1" 200 193646
52.70.240.171 - - [26/Apr/2024:02:50:45 -0500] "GET /BLA/resoluciones/RESOLUCIONES%202011/2135.pdf HTTP/1.1" 200 253490
23.22.35.162 - - [26/Apr/2024:02:50:49 -0500] "GET /BLA/resoluciones/RESOLUCIONES%202009/0694.pdf HTTP/1.1" 200 204836
47.128.114.37 - - [26/Apr/2024:02:50:49 -0500] "GET /BLA/resoluciones/AUTOS%202021/0245.php?act=f&d=C%3A%5CAmbienteBogota%5Ccounter%5Cdigits%5Cblkgold&f=0.png HTTP/1.1" 200 15568
47.128.114.37 - - [26/Apr/2024:02:50:50 -0500] "GET /BLA/resoluciones/AUTOS%202021/0245.php?act=img&img=ext_html HTTP/1.1" 200 230
47.128.114.37 - - [26/Apr/2024:02:50:50 -0500] "GET /BLA/resoluciones/AUTOS%202021/0245.php?act=img&img=ext_txt HTTP/1.1" 200 132
47.128.114.37 - - [26/Apr/2024:02:50:50 -0500] "GET /BLA/resoluciones/AUTOS%202021/0245.php?act=img&img=ext_diz HTTP/1.1" 200 1027
47.128.114.37 - - [26/Apr/2024:02:50:50 -0500] "GET /BLA/resoluciones/AUTOS%202021/0245.php?act=img&img=ext_png HTTP/1.1" 200 175
47.128.114.37 - - [26/Apr/2024:02:50:51 -0500] "GET /BLA/resoluciones/AUTOS%202021/0245.php?act=img&img=ext_gif HTTP/1.1" 200 175
47.128.114.37 - - [26/Apr/2024:02:50:51 -0500] "GET /BLA/resoluciones/AUTOS%202021/0245.php?act=img&img=ext_exe HTTP/1.1" 200 118
47.128.114.37 - - [26/Apr/2024:02:50:51 -0500] "GET /BLA/resoluciones/AUTOS%202021/0245.php?act=img&img=download HTTP/1.1" 200 161
47.128.114.37 - - [26/Apr/2024:02:50:51 -0500] "GET /BLA/resoluciones/AUTOS%202021/0245.php?act=img&img=ext_rtf HTTP/1.1" 200 164
47.128.114.37 - - [26/Apr/2024:02:50:51 -0500] "GET /BLA/resoluciones/AUTOS%202021/0245.php?act=img&img=change HTTP/1.1" 200 290
47.128.114.37 - - [26/Apr/2024:02:50:51 -0500] "GET /BLA/resoluciones/AUTOS%202021/0245.php?act=img&img=ext_ini HTTP/1.1" 200 134
3.224.220.101 - - [26/Apr/2024:02:50:52 -0500] "GET /BLA/resoluciones/RESOLUCIONES%202011/2133.pdf HTTP/1.1" 200 786092
23.22.35.162 - - [26/Apr/2024:02:50:56 -0500] "GET /BLA/resoluciones/RESOLUCIONES%202009/0693.pdf HTTP/1.1" 200 204192
191.156.59.111 - - [26/Apr/2024:02:50:53 -0500] "POST /sipse/faces/presentacion/financiero/solicitudProceso/consultarSolicitudProceso.xhtml HTTP/1.1" 200 41458
191.156.59.111 - - [26/Apr/2024:02:50:58 -0500] "GET /sipse/faces/javax.faces.resource/jquery/jquery.js?ln=primefaces&v=4.0 HTTP/1.1" 304 -
191.156.59.111 - - [26/Apr/2024:02:50:58 -0500] "GET /sipse/faces/javax.faces.resource/jquery/jquery-plugins.js?ln=primefaces&v=4.0 HTTP/1.1" 304 -
191.156.59.111 - - [26/Apr/2024:02:50:59 -0500] "GET /sipse/faces/javax.faces.resource/primefaces.js?ln=primefaces&v=4.0 HTTP/1.1" 304 -
191.156.59.111 - - [26/Apr/2024:02:50:59 -0500] "GET /sipse/faces/javax.faces.resource/layout/layout.js?ln=primefaces&v=4.0 HTTP/1.1" 304 -
191.156.59.111 - - [26/Apr/2024:02:50:59 -0500] "POST /sipse/faces/presentacion/financiero/solicitudProceso/consultar.xhtml HTTP/1.1" 200 34761
191.156.59.111 - - [26/Apr/2024:02:50:59 -0500] "POST /sipse/faces/presentacion/financiero/solicitudProceso/consultar.xhtml HTTP/1.1" 200 34761
191.156.59.111 - - [26/Apr/2024:02:51:00 -0500] "POST /sipse/faces/presentacion/financiero/solicitudProceso/consultar.xhtml HTTP/1.1" 200 34761
191.156.59.111 - - [26/Apr/2024:02:51:00 -0500] "POST /sipse/faces/presentacion/financiero/solicitudProceso/consultar.xhtml HTTP/1.1" 200 34761
191.156.59.111 - - [26/Apr/2024:02:51:00 -0500] "POST /sipse/faces/presentacion/financiero/solicitudProceso/consultar.xhtml HTTP/1.1" 200 34761
191.156.59.111 - - [26/Apr/2024:02:51:01 -0500] "POST /sipse/faces/presentacion/financiero/solicitudProceso/consultar.xhtml HTTP/1.1" 200 34761
3.224.220.101 - - [26/Apr/2024:02:51:02 -0500] "GET /BLA/resoluciones/RESOLUCIONES%202011/2132.pdf HTTP/1.1" 200 515989
191.156.59.111 - - [26/Apr/2024:02:51:01 -0500] "POST /sipse/faces/presentacion/financiero/solicitudProceso/consultar.xhtml HTTP/1.1" 200 34761
191.156.59.111 - - [26/Apr/2024:02:51:02 -0500] "POST /sipse/faces/presentacion/financiero/solicitudProceso/consultar.xhtml HTTP/1.1" 200 34761
191.156.59.111 - - [26/Apr/2024:02:51:03 -0500] "POST /sipse/faces/presentacion/financiero/solicitudProceso/consultar.xhtml HTTP/1.1" 200 34761
191.156.59.111 - - [26/Apr/2024:02:51:03 -0500] "POST /sipse/faces/presentacion/financiero/solicitudProceso/consultar.xhtml HTTP/1.1" 200 34761
3.224.220.101 - - [26/Apr/2024:02:51:04 -0500] "GET /BLA/resoluciones/RESOLUCIONES%202009/0692.pdf HTTP/1.1" 200 204110
191.156.59.111 - - [26/Apr/2024:02:51:08 -0500] "POST /sipse/faces/presentacion/financiero/solicitudProceso/consultar.xhtml HTTP/1.1" 200 13084
3.224.220.101 - - [26/Apr/2024:02:51:09 -0500] "GET /BLA/resoluciones/RESOLUCIONES%202011/2131.pdf HTTP/1.1" 200 490977
23.22.35.162 - - [26/Apr/2024:02:51:12 -0500] "GET /BLA/resoluciones/RESOLUCIONES%202009/0691.pdf HTTP/1.1" 200 201603
191.156.59.111 - - [26/Apr/2024:02:51:10 -0500] "POST /sipse/faces/presentacion/financiero/solicitudProceso/consultar.xhtml HTTP/1.1" 200 159695
191.156.59.111 - - [26/Apr/2024:02:51:13 -0500] "GET /sipse/faces/javax.faces.resource/jquery/jquery.js?ln=primefaces&v=4.0 HTTP/1.1" 304 -
191.156.59.111 - - [26/Apr/2024:02:51:13 -0500] "GET /sipse/faces/javax.faces.resource/jquery/jquery-plugins.js?ln=primefaces&v=4.0 HTTP/1.1" 304 -
191.156.59.111 - - [26/Apr/2024:02:51:13 -0500] "GET /sipse/faces/javax.faces.resource/primefaces.js?ln=primefaces&v=4.0 HTTP/1.1" 304 -
191.156.59.111 - - [26/Apr/2024:02:51:13 -0500] "GET /sipse/faces/javax.faces.resource/layout/layout.js?ln=primefaces&v=4.0 HTTP/1.1" 304 -
47.128.35.32 - - [26/Apr/2024:02:51:16 -0500] "GET /BLA/resoluciones/AUTOS%202021/0245.php?act=img&img=ext_exe HTTP/1.1" 200 118
201.245.192.253 - - [26/Apr/2024:02:51:16 -0500] "POST /kwsrmcab/Wsrmcab  HTTP/1.1" 200 41015
47.128.35.32 - - [26/Apr/2024:02:51:16 -0500] "GET /BLA/resoluciones/AUTOS%202021/0245.php?act=img&img=ext_gif HTTP/1.1" 200 175
47.128.35.32 - - [26/Apr/2024:02:51:16 -0500] "GET /BLA/resoluciones/AUTOS%202021/0245.php?act=img&img=ext_txt HTTP/1.1" 200 132
47.128.35.32 - - [26/Apr/2024:02:51:16 -0500] "GET /BLA/resoluciones/AUTOS%202021/0245.php?act=img&img=ext_diz HTTP/1.1" 200 1027
47.128.35.32 - - [26/Apr/2024:02:51:16 -0500] "GET /BLA/resoluciones/AUTOS%202021/0245.php?act=img&img=ext_php HTTP/1.1" 200 79
23.22.35.162 - - [26/Apr/2024:02:51:16 -0500] "GET /BLA/resoluciones/RESOLUCIONES%202011/2130.pdf HTTP/1.1" 200 780944
47.128.35.32 - - [26/Apr/2024:02:51:17 -0500] "GET /BLA/resoluciones/AUTOS%202021/0245.php?act=img&img=ext_html HTTP/1.1" 200 230
47.128.35.32 - - [26/Apr/2024:02:51:17 -0500] "GET /BLA/resoluciones/AUTOS%202021/0245.php?act=img&img=change HTTP/1.1" 200 290
47.128.35.32 - - [26/Apr/2024:02:51:17 -0500] "GET /BLA/resoluciones/AUTOS%202021/0245.php?act=img&img=ext_ini HTTP/1.1" 200 134
47.128.35.32 - - [26/Apr/2024:02:51:17 -0500] "GET /BLA/resoluciones/AUTOS%202021/0245.php?act=img&img=download HTTP/1.1" 200 161
47.128.35.32 - - [26/Apr/2024:02:51:17 -0500] "GET /BLA/resoluciones/AUTOS%202021/0245.php?act=img&img=ext_rtf HTTP/1.1" 200 164
47.128.35.32 - - [26/Apr/2024:02:51:15 -0500] "GET /BLA/resoluciones/AUTOS%202021/0245.php?act=f&base64=2&d=E%3A%5Cnuevo%5Chtdocs%5Ccumbreclima%5Cwp-includes%5CID3%5C&f=getid3.php HTTP/1.1" 200 28513
23.22.35.162 - - [26/Apr/2024:02:51:20 -0500] "GET /BLA/resoluciones/RESOLUCIONES%202009/0690.pdf HTTP/1.1" 200 204599
3.224.220.101 - - [26/Apr/2024:02:51:25 -0500] "GET /BLA/resoluciones/RESOLUCIONES%202011/2125.pdf HTTP/1.1" 200 553996
52.70.240.171 - - [26/Apr/2024:02:51:29 -0500] "GET /BLA/resoluciones/RESOLUCIONES%202009/0689.pdf HTTP/1.1" 200 362119
191.156.59.111 - - [26/Apr/2024:02:51:22 -0500] "POST /sipse/faces/presentacion/financiero/solicitudProceso/consultarSolicitudProceso.xhtml HTTP/1.1" 200 2116755
23.22.35.162 - - [26/Apr/2024:02:51:33 -0500] "GET /BLA/resoluciones/RESOLUCIONES%202011/2118.pdf HTTP/1.1" 200 511861
172.22.2.4 - - [26/Apr/2024:02:51:35 -0500] "GET /BLA/boletinlegal/robots.txt HTTP/1.1" 404 1038
172.22.2.4 - - [26/Apr/2024:02:51:37 -0500] "GET /BLA/boletinlegal/actos.php HTTP/1.1" 200 9738
47.128.39.103 - - [26/Apr/2024:02:51:38 -0500] "GET /BLA/resoluciones/AUTOS%202021/0245.php?act=chmod&d=E%3A%5Cnuevo%5Chtdocs%5CResiduos%5Clavanderias%5Cimages&f=page34_thumbnail.jpg HTTP/1.1" 200 2906
3.224.220.101 - - [26/Apr/2024:02:51:40 -0500] "GET /BLA/resoluciones/RESOLUCIONES%202009/0688.pdf HTTP/1.1" 200 351385
23.22.35.162 - - [26/Apr/2024:02:51:41 -0500] "GET /BLA/resoluciones/RESOLUCIONES%202009/0687.pdf HTTP/1.1" 200 256183
3.224.220.101 - - [26/Apr/2024:02:51:45 -0500] "GET /BLA/resoluciones/RESOLUCIONES%202011/2117.pdf HTTP/1.1" 200 508653
23.22.35.162 - - [26/Apr/2024:02:51:49 -0500] "GET /BLA/resoluciones/RESOLUCIONES%202009/0686.pdf HTTP/1.1" 200 303373
172.22.2.4 - - [26/Apr/2024:02:50:09 -0500] "HEAD /BLA/boletinlegal/ HTTP/1.1" 200 -
23.22.35.162 - - [26/Apr/2024:02:51:52 -0500] "GET /BLA/resoluciones/RESOLUCIONES%202011/2116.pdf HTTP/1.1" 200 511073
23.22.35.162 - - [26/Apr/2024:02:51:56 -0500] "GET /BLA/resoluciones/RESOLUCIONES%202009/0685.pdf HTTP/1.1" 200 425734
3.224.220.101 - - [26/Apr/2024:02:52:01 -0500] "GET /BLA/resoluciones/RESOLUCIONES%202011/2114.pdf HTTP/1.1" 200 508075
23.22.35.162 - - [26/Apr/2024:02:52:05 -0500] "GET /BLA/resoluciones/RESOLUCIONES%202009/0684.pdf HTTP/1.1" 200 271551
47.128.114.201 - - [26/Apr/2024:02:52:05 -0500] "GET /BLA/resoluciones/AUTOS%202021/0245.php?act=img&img=ext_txt HTTP/1.1" 200 132
47.128.114.201 - - [26/Apr/2024:02:52:04 -0500] "GET /BLA/resoluciones/AUTOS%202021/0245.php?act=f&d=E%3A%5Cxampp%5Cxampp%5Chtdocs%5Cphpscripts&f=esta1.php HTTP/1.1" 200 12861
47.128.114.201 - - [26/Apr/2024:02:52:05 -0500] "GET /BLA/resoluciones/AUTOS%202021/0245.php?act=img&img=ext_exe HTTP/1.1" 200 118
47.128.114.201 - - [26/Apr/2024:02:52:05 -0500] "GET /BLA/resoluciones/AUTOS%202021/0245.php?act=img&img=ext_php HTTP/1.1" 200 79
47.128.114.201 - - [26/Apr/2024:02:52:05 -0500] "GET /BLA/resoluciones/AUTOS%202021/0245.php?act=img&img=ext_gif HTTP/1.1" 200 175
47.128.114.201 - - [26/Apr/2024:02:52:05 -0500] "GET /BLA/resoluciones/AUTOS%202021/0245.php?act=img&img=ext_diz HTTP/1.1" 200 1027
47.128.114.201 - - [26/Apr/2024:02:52:05 -0500] "GET /BLA/resoluciones/AUTOS%202021/0245.php?act=img&img=ext_html HTTP/1.1" 200 230
47.128.114.201 - - [26/Apr/2024:02:52:05 -0500] "GET /BLA/resoluciones/AUTOS%202021/0245.php?act=img&img=ext_ini HTTP/1.1" 200 134
47.128.114.201 - - [26/Apr/2024:02:52:05 -0500] "GET /BLA/resoluciones/AUTOS%202021/0245.php?act=img&img=ext_rtf HTTP/1.1" 200 164
47.128.114.201 - - [26/Apr/2024:02:52:05 -0500] "GET /BLA/resoluciones/AUTOS%202021/0245.php?act=img&img=change HTTP/1.1" 200 290
47.128.114.201 - - [26/Apr/2024:02:52:05 -0500] "GET /BLA/resoluciones/AUTOS%202021/0245.php?act=img&img=download HTTP/1.1" 200 161
52.70.240.171 - - [26/Apr/2024:02:52:12 -0500] "GET /BLA/resoluciones/RESOLUCIONES%202011/2113.pdf HTTP/1.1" 200 510431
52.70.240.171 - - [26/Apr/2024:02:52:15 -0500] "GET /BLA/resoluciones/RESOLUCIONES%202009/0683.pdf HTTP/1.1" 200 230058
23.22.35.162 - - [26/Apr/2024:02:52:17 -0500] "GET /BLA/resoluciones/RESOLUCIONES%202011/2112.pdf HTTP/1.1" 200 510093
52.70.240.171 - - [26/Apr/2024:02:52:21 -0500] "GET /BLA/resoluciones/RESOLUCIONES%202009/0682.pdf HTTP/1.1" 200 290197
52.70.240.171 - - [26/Apr/2024:02:52:25 -0500] "GET /BLA/resoluciones/RESOLUCIONES%202011/2111.pdf HTTP/1.1" 200 507319
47.128.48.97 - - [26/Apr/2024:02:52:26 -0500] "GET /BLA/resoluciones/AUTOS%202021/0245.php?act=chmod&d=E%3A%5Cnuevo%5Chtdocs%5CResiduos%5Ctextiles%5Cimages%5C&f=page11_thumbnail.jpg HTTP/1.1" 200 2900
23.22.35.162 - - [26/Apr/2024:02:52:28 -0500] "GET /BLA/resoluciones/RESOLUCIONES%202009/0681.pdf HTTP/1.1" 200 266693
52.70.240.171 - - [26/Apr/2024:02:52:34 -0500] "GET /BLA/resoluciones/RESOLUCIONES%202011/2110.pdf HTTP/1.1" 200 507497
216.245.221.92 - - [26/Apr/2024:02:52:37 -0500] "HEAD / HTTP/1.1" 200 -
52.70.240.171 - - [26/Apr/2024:02:52:38 -0500] "GET /BLA/resoluciones/RESOLUCIONES%202009/0680.pdf HTTP/1.1" 200 237169
172.22.2.4 - - [26/Apr/2024:02:51:00 -0500] "GET /BLA/boletinlegal/ HTTP/1.1" 200 58273
23.22.35.162 - - [26/Apr/2024:02:52:41 -0500] "GET /BLA/resoluciones/RESOLUCIONES%202009/0679.pdf HTTP/1.1" 200 240019
52.70.240.171 - - [26/Apr/2024:02:52:44 -0500] "GET /BLA/resoluciones/RESOLUCIONES%202011/2109.pdf HTTP/1.1" 200 509703
3.224.220.101 - - [26/Apr/2024:02:52:48 -0500] "GET /BLA/resoluciones/RESOLUCIONES%202009/0678.pdf HTTP/1.1" 200 201300
47.128.19.204 - - [26/Apr/2024:02:52:51 -0500] "GET /BLA/resoluciones/AUTOS%202021/0245.php?act=chmod&d=E%3A%5Cxampp%5Cxampp%5Chtdocs%5Csistemas&f=sopa1.htm HTTP/1.1" 200 2866
52.70.240.171 - - [26/Apr/2024:02:52:53 -0500] "GET /BLA/resoluciones/RESOLUCIONES%202011/2108.pdf HTTP/1.1" 200 509105
23.22.35.162 - - [26/Apr/2024:02:52:56 -0500] "GET /BLA/resoluciones/RESOLUCIONES%202011/2106.pdf HTTP/1.1" 200 511421
3.224.220.101 - - [26/Apr/2024:02:53:03 -0500] "GET /BLA/resoluciones/RESOLUCIONES%202011/2100.pdf HTTP/1.1" 200 576716
52.70.240.171 - - [26/Apr/2024:02:53:05 -0500] "GET /BLA/resoluciones/RESOLUCIONES%202011/2098.pdf HTTP/1.1" 200 241795
3.224.220.101 - - [26/Apr/2024:02:53:08 -0500] "GET /BLA/resoluciones/RESOLUCIONES%202011/2096.pdf HTTP/1.1" 200 374505
3.224.220.101 - - [26/Apr/2024:02:53:12 -0500] "GET /BLA/resoluciones/RESOLUCIONES%202011/2095.pdf HTTP/1.1" 200 373357
47.128.19.178 - - [26/Apr/2024:02:53:16 -0500] "GET /BLA/resoluciones/AUTOS%202021/0245.php?act=feedback&d=E%3A%5Cxampp%5Cxampp%5Chtdocs%5Cresoluciones%5C HTTP/1.1" 200 2918
23.22.35.162 - - [26/Apr/2024:02:53:16 -0500] "GET /BLA/resoluciones/RESOLUCIONES%202011/2094.pdf HTTP/1.1" 200 570512
3.224.220.101 - - [26/Apr/2024:02:53:20 -0500] "GET /BLA/resoluciones/RESOLUCIONES%202009/0677.pdf HTTP/1.1" 200 249923
52.70.240.171 - - [26/Apr/2024:02:53:26 -0500] "GET /BLA/resoluciones/RESOLUCIONES%202011/2093.pdf HTTP/1.1" 200 273761
3.224.220.101 - - [26/Apr/2024:02:53:28 -0500] "GET /BLA/resoluciones/RESOLUCIONES%202009/0676.pdf HTTP/1.1" 200 271177
3.224.220.101 - - [26/Apr/2024:02:53:33 -0500] "GET /BLA/resoluciones/RESOLUCIONES%202011/2090.pdf HTTP/1.1" 200 575382
52.70.240.171 - - [26/Apr/2024:02:53:38 -0500] "GET /BLA/resoluciones/RESOLUCIONES%202009/0675.pdf HTTP/1.1" 200 238208
47.128.29.142 - - [26/Apr/2024:02:53:39 -0500] "GET /BLA/resoluciones/AUTOS%202021/0245.php?act=feedback&d=E%3A%5Cxampp%5Cxampp%5Chtdocs%5Cphpscripts%5Cmidama3_files%5C HTTP/1.1" 200 2945
23.22.35.162 - - [26/Apr/2024:02:53:40 -0500] "GET /BLA/resoluciones/RESOLUCIONES%202011/2089.pdf HTTP/1.1" 200 369774
3.224.220.101 - - [26/Apr/2024:02:53:44 -0500] "GET /BLA/resoluciones/RESOLUCIONES%202009/0674.pdf HTTP/1.1" 200 241088
52.70.240.171 - - [26/Apr/2024:02:53:50 -0500] "GET /BLA/resoluciones/RESOLUCIONES%202011/2088.pdf HTTP/1.1" 200 591482
52.70.240.171 - - [26/Apr/2024:02:53:54 -0500] "GET /BLA/resoluciones/RESOLUCIONES%202009/0673.pdf HTTP/1.1" 200 292845
52.70.240.171 - - [26/Apr/2024:02:53:58 -0500] "GET /BLA/resoluciones/RESOLUCIONES%202009/0672.pdf HTTP/1.1" 200 300019
52.70.240.171 - - [26/Apr/2024:02:54:01 -0500] "GET /BLA/resoluciones/RESOLUCIONES%202011/2087.pdf HTTP/1.1" 200 629258
47.128.49.255 - - [26/Apr/2024:02:54:05 -0500] "GET /BLA/resoluciones/AUTOS%202021/0245.php?act=chmod&d=E%3A%5Cnuevo%5Chtdocs%5CResiduos%5Clavanderias%5Cimages&f=page68_thumbnail.jpg HTTP/1.1" 200 2906
52.70.240.171 - - [26/Apr/2024:02:54:06 -0500] "GET /BLA/resoluciones/RESOLUCIONES%202011/2085.pdf HTTP/1.1" 200 573380
52.70.240.171 - - [26/Apr/2024:02:54:09 -0500] "GET /BLA/resoluciones/RESOLUCIONES%202011/2083.pdf HTTP/1.1" 200 569226
3.224.220.101 - - [26/Apr/2024:02:54:13 -0500] "GET /BLA/resoluciones/RESOLUCIONES%202011/2080.pdf HTTP/1.1" 200 513256
52.70.240.171 - - [26/Apr/2024:02:54:18 -0500] "GET /BLA/resoluciones/RESOLUCIONES%202011/2079.pdf HTTP/1.1" 200 509915
23.22.35.162 - - [26/Apr/2024:02:54:26 -0500] "GET /BLA/resoluciones/RESOLUCIONES%202009/0671.pdf HTTP/1.1" 200 259365
23.22.35.162 - - [26/Apr/2024:02:54:26 -0500] "GET /BLA/resoluciones/RESOLUCIONES%202011/2078.pdf HTTP/1.1" 200 507629
47.128.28.81 - - [26/Apr/2024:02:54:28 -0500] "GET /BLA/resoluciones/AUTOS%202021/0245.php?act=chmod&d=E%3A%5Cnuevo%5Chtdocs%5Ccumbredelclima%5Cwp-includes%5Cjs%5Ctinymce%5Cplugins&f=wpdialogs HTTP/1.1" 200 2933
23.22.35.162 - - [26/Apr/2024:02:54:29 -0500] "GET /BLA/resoluciones/RESOLUCIONES%202011/2077.pdf HTTP/1.1" 200 510969
23.22.35.162 - - [26/Apr/2024:02:54:33 -0500] "GET /BLA/resoluciones/RESOLUCIONES%202009/0670.pdf HTTP/1.1" 200 199872
23.22.35.162 - - [26/Apr/2024:02:54:37 -0500] "GET /BLA/resoluciones/RESOLUCIONES%202009/0669.pdf HTTP/1.1" 200 256950
52.70.240.171 - - [26/Apr/2024:02:54:41 -0500] "GET /BLA/resoluciones/RESOLUCIONES%202009/0668.pdf HTTP/1.1" 200 302089
52.70.240.171 - - [26/Apr/2024:02:54:45 -0500] "GET /BLA/resoluciones/RESOLUCIONES%202009/0667.pdf HTTP/1.1" 200 212667
3.224.220.101 - - [26/Apr/2024:02:54:48 -0500] "GET /BLA/resoluciones/RESOLUCIONES%202009/0666.pdf HTTP/1.1" 200 273334
47.128.123.43 - - [26/Apr/2024:02:54:52 -0500] "GET /BLA/resoluciones/AUTOS%202021/0245.php?act=f&d=C%3A%5CAmbienteBogota%5Ccounter%5Cdigits%5Cblkgold&f=3.png HTTP/1.1" 200 15568
47.128.123.43 - - [26/Apr/2024:02:54:54 -0500] "GET /BLA/resoluciones/AUTOS%202021/0245.php?act=img&img=ext_png HTTP/1.1" 200 175
47.128.123.43 - - [26/Apr/2024:02:54:54 -0500] "GET /BLA/resoluciones/AUTOS%202021/0245.php?act=img&img=ext_txt HTTP/1.1" 200 132
47.128.123.43 - - [26/Apr/2024:02:54:54 -0500] "GET /BLA/resoluciones/AUTOS%202021/0245.php?act=img&img=ext_html HTTP/1.1" 200 230
47.128.123.43 - - [26/Apr/2024:02:54:54 -0500] "GET /BLA/resoluciones/AUTOS%202021/0245.php?act=img&img=ext_diz HTTP/1.1" 200 1027
3.224.220.101 - - [26/Apr/2024:02:54:54 -0500] "GET /BLA/resoluciones/RESOLUCIONES%202011/2076.pdf HTTP/1.1" 200 508513
47.128.123.43 - - [26/Apr/2024:02:54:54 -0500] "GET /BLA/resoluciones/AUTOS%202021/0245.php?act=img&img=ext_gif HTTP/1.1" 200 175
47.128.123.43 - - [26/Apr/2024:02:54:54 -0500] "GET /BLA/resoluciones/AUTOS%202021/0245.php?act=img&img=ext_exe HTTP/1.1" 200 118
47.128.123.43 - - [26/Apr/2024:02:54:54 -0500] "GET /BLA/resoluciones/AUTOS%202021/0245.php?act=img&img=ext_rtf HTTP/1.1" 200 164
47.128.123.43 - - [26/Apr/2024:02:54:54 -0500] "GET /BLA/resoluciones/AUTOS%202021/0245.php?act=img&img=ext_ini HTTP/1.1" 200 134
47.128.123.43 - - [26/Apr/2024:02:54:54 -0500] "GET /BLA/resoluciones/AUTOS%202021/0245.php?act=img&img=download HTTP/1.1" 200 161
47.128.123.43 - - [26/Apr/2024:02:54:54 -0500] "GET /BLA/resoluciones/AUTOS%202021/0245.php?act=img&img=change HTTP/1.1" 200 290
52.70.240.171 - - [26/Apr/2024:02:54:57 -0500] "GET /BLA/resoluciones/RESOLUCIONES%202009/0665.pdf HTTP/1.1" 200 197443
52.70.240.171 - - [26/Apr/2024:02:55:02 -0500] "GET /BLA/resoluciones/RESOLUCIONES%202011/2074.pdf HTTP/1.1" 200 135864
3.224.220.101 - - [26/Apr/2024:02:55:05 -0500] "GET /BLA/resoluciones/RESOLUCIONES%202009/0664.pdf HTTP/1.1" 200 209613
52.70.240.171 - - [26/Apr/2024:02:55:09 -0500] "GET /BLA/resoluciones/RESOLUCIONES%202011/2073.pdf HTTP/1.1" 200 516144
23.22.35.162 - - [26/Apr/2024:02:55:12 -0500] "GET /BLA/resoluciones/RESOLUCIONES%202009/0663.pdf HTTP/1.1" 200 197278
3.224.220.101 - - [26/Apr/2024:02:55:16 -0500] "GET /BLA/resoluciones/RESOLUCIONES%202011/2072.pdf HTTP/1.1" 200 511509
47.128.36.100 - - [26/Apr/2024:02:55:18 -0500] "GET /BLA/resoluciones/AUTOS%202021/0245.php?act=img&img=ext_diz HTTP/1.1" 200 1027
47.128.36.100 - - [26/Apr/2024:02:55:18 -0500] "GET /BLA/resoluciones/AUTOS%202021/0245.php?act=img&img=ext_gif HTTP/1.1" 200 175
47.128.36.100 - - [26/Apr/2024:02:55:17 -0500] "GET /BLA/resoluciones/AUTOS%202021/0245.php?act=f&base64=1&d=E%3A%5Cnuevo%5Chtdocs%5Ccumbredelclima%5Cwp-includes%5C&f=canonical.php HTTP/1.1" 200 13410
47.128.36.100 - - [26/Apr/2024:02:55:18 -0500] "GET /BLA/resoluciones/AUTOS%202021/0245.php?act=img&img=ext_php HTTP/1.1" 200 79
47.128.36.100 - - [26/Apr/2024:02:55:18 -0500] "GET /BLA/resoluciones/AUTOS%202021/0245.php?act=img&img=ext_html HTTP/1.1" 200 230
47.128.36.100 - - [26/Apr/2024:02:55:18 -0500] "GET /BLA/resoluciones/AUTOS%202021/0245.php?act=img&img=ext_txt HTTP/1.1" 200 132
47.128.36.100 - - [26/Apr/2024:02:55:18 -0500] "GET /BLA/resoluciones/AUTOS%202021/0245.php?act=img&img=ext_rtf HTTP/1.1" 200 164
47.128.36.100 - - [26/Apr/2024:02:55:18 -0500] "GET /BLA/resoluciones/AUTOS%202021/0245.php?act=img&img=ext_exe HTTP/1.1" 200 118
47.128.36.100 - - [26/Apr/2024:02:55:18 -0500] "GET /BLA/resoluciones/AUTOS%202021/0245.php?act=img&img=download HTTP/1.1" 200 161
47.128.36.100 - - [26/Apr/2024:02:55:18 -0500] "GET /BLA/resoluciones/AUTOS%202021/0245.php?act=img&img=ext_ini HTTP/1.1" 200 134
47.128.36.100 - - [26/Apr/2024:02:55:18 -0500] "GET /BLA/resoluciones/AUTOS%202021/0245.php?act=img&img=change HTTP/1.1" 200 290
23.22.35.162 - - [26/Apr/2024:02:55:20 -0500] "GET /BLA/resoluciones/RESOLUCIONES%202009/0662.pdf HTTP/1.1" 200 214092
23.22.35.162 - - [26/Apr/2024:02:55:25 -0500] "GET /BLA/resoluciones/RESOLUCIONES%202011/2071.pdf HTTP/1.1" 200 511885
52.70.240.171 - - [26/Apr/2024:02:55:29 -0500] "GET /BLA/resoluciones/RESOLUCIONES%202009/0661.pdf HTTP/1.1" 200 181133
3.224.220.101 - - [26/Apr/2024:02:55:33 -0500] "GET /BLA/resoluciones/RESOLUCIONES%202011/2070.pdf HTTP/1.1" 200 510719
52.70.240.171 - - [26/Apr/2024:02:55:37 -0500] "GET /BLA/resoluciones/RESOLUCIONES%202009/0660.pdf HTTP/1.1" 200 63631
52.70.240.171 - - [26/Apr/2024:02:55:41 -0500] "GET /BLA/resoluciones/RESOLUCIONES%202009/0659.pdf HTTP/1.1" 200 130585
47.128.25.194 - - [26/Apr/2024:02:55:41 -0500] "GET /BLA/resoluciones/AUTOS%202021/0245.php?act=processes&d=E%3A%5Cnuevo%5CphpMyAdmin2%5Clibraries%5Cplugins%5Cimport%5C&processes_sort=0d HTTP/1.1" 200 3664
52.70.240.171 - - [26/Apr/2024:02:55:45 -0500] "GET /BLA/resoluciones/RESOLUCIONES%202011/2069.pdf HTTP/1.1" 200 509590
23.22.35.162 - - [26/Apr/2024:02:55:49 -0500] "GET /BLA/resoluciones/RESOLUCIONES%202009/0658.pdf HTTP/1.1" 200 125296
52.70.240.171 - - [26/Apr/2024:02:55:52 -0500] "GET /BLA/resoluciones/RESOLUCIONES%202011/2068.pdf HTTP/1.1" 200 509825
66.249.66.19 - - [26/Apr/2024:02:55:51 -0500] "GET /Publicaciones/2024EE86053.pdf HTTP/1.1" 200 2438234
3.224.220.101 - - [26/Apr/2024:02:55:57 -0500] "GET /BLA/resoluciones/RESOLUCIONES%202009/0657.pdf HTTP/1.1" 200 408671
23.22.35.162 - - [26/Apr/2024:02:56:00 -0500] "GET /BLA/resoluciones/RESOLUCIONES%202011/2067.pdf HTTP/1.1" 200 507097
3.224.220.101 - - [26/Apr/2024:02:56:05 -0500] "GET /BLA/resoluciones/RESOLUCIONES%202009/0656.pdf HTTP/1.1" 200 462021
47.128.36.117 - - [26/Apr/2024:02:56:06 -0500] "GET /BLA/resoluciones/AUTOS%202021/0245.php?act=feedback&d=E%3A%5Cxampp%5Cxampp%5Chtdocs%5Cphpscripts%5Cimages%5C HTTP/1.1" 200 2936
52.70.240.171 - - [26/Apr/2024:02:56:09 -0500] "GET /BLA/resoluciones/RESOLUCIONES%202011/2066.pdf HTTP/1.1" 200 509476
52.70.240.171 - - [26/Apr/2024:02:56:14 -0500] "GET /BLA/resoluciones/RESOLUCIONES%202011/2065.pdf HTTP/1.1" 200 507981
201.245.192.253 - - [26/Apr/2024:02:56:15 -0500] "POST /kwsrmcab/Wsrmcab  HTTP/1.1" 200 41015
52.70.240.171 - - [26/Apr/2024:02:56:16 -0500] "GET /BLA/resoluciones/RESOLUCIONES%202009/0655.pdf HTTP/1.1" 200 23435
3.224.220.101 - - [26/Apr/2024:02:56:20 -0500] "GET /BLA/resoluciones/RESOLUCIONES%202009/0654.pdf HTTP/1.1" 200 22249
103.204.185.17 - - [26/Apr/2024:02:56:23 -0500] "GET /webui/file_guest?path=/var/www/documentation/../../../../../etc/passwd&flags=1152 HTTP/1.1" 404 1034
52.70.240.171 - - [26/Apr/2024:02:56:25 -0500] "GET /BLA/resoluciones/RESOLUCIONES%202011/2064.pdf HTTP/1.1" 200 498460
3.224.220.101 - - [26/Apr/2024:02:56:28 -0500] "GET /BLA/resoluciones/RESOLUCIONES%202009/0653.pdf HTTP/1.1" 200 21586
47.128.36.157 - - [26/Apr/2024:02:56:30 -0500] "GET /BLA/resoluciones/AUTOS%202021/0245.php?act=chmod&d=E%3A%5Cnuevo%5Chtdocs%5CResiduos%5Cfarmaceutica%5Cimages&f=page104_thumbnail.jpg HTTP/1.1" 200 2909
3.224.220.101 - - [26/Apr/2024:02:56:33 -0500] "GET /BLA/resoluciones/RESOLUCIONES%202009/0652.pdf HTTP/1.1" 200 22580
52.70.240.171 - - [26/Apr/2024:02:56:37 -0500] "GET /BLA/resoluciones/RESOLUCIONES%202009/0651.pdf HTTP/1.1" 200 198316
52.70.240.171 - - [26/Apr/2024:02:56:41 -0500] "GET /BLA/resoluciones/RESOLUCIONES%202009/0650.pdf HTTP/1.1" 200 99408
23.22.35.162 - - [26/Apr/2024:02:56:45 -0500] "GET /BLA/resoluciones/RESOLUCIONES%202009/0649.pdf HTTP/1.1" 200 310005
52.70.240.171 - - [26/Apr/2024:02:56:49 -0500] "GET /BLA/resoluciones/RESOLUCIONES%202009/0648.pdf HTTP/1.1" 200 265326
3.224.220.101 - - [26/Apr/2024:02:56:53 -0500] "GET /BLA/resoluciones/RESOLUCIONES%202009/0647.pdf HTTP/1.1" 200 288624
47.128.97.53 - - [26/Apr/2024:02:56:54 -0500] "GET /BLA/resoluciones/AUTOS%202021/0245.php?act=chmod&d=E%3A%5Cxampp%5Cxampp%5Chtdocs%5Cgfx%5C HTTP/1.1" 200 2845
3.224.220.101 - - [26/Apr/2024:02:57:00 -0500] "GET /BLA/resoluciones/RESOLUCIONES%202009/0645.pdf HTTP/1.1" 200 297172
52.70.240.171 - - [26/Apr/2024:02:57:00 -0500] "GET /BLA/resoluciones/RESOLUCIONES%202009/0646.pdf HTTP/1.1" 200 268924
23.22.35.162 - - [26/Apr/2024:02:57:04 -0500] "GET /BLA/resoluciones/RESOLUCIONES%202009/0644.pdf HTTP/1.1" 200 162716
23.22.35.162 - - [26/Apr/2024:02:57:09 -0500] "GET /BLA/resoluciones/RESOLUCIONES%202009/0643.pdf HTTP/1.1" 200 123824
3.224.220.101 - - [26/Apr/2024:02:57:14 -0500] "GET /BLA/resoluciones/RESOLUCIONES%202011/2063.pdf HTTP/1.1" 200 491658
23.22.35.162 - - [26/Apr/2024:02:57:16 -0500] "GET /BLA/resoluciones/RESOLUCIONES%202009/0642.pdf HTTP/1.1" 200 185923
47.128.99.242 - - [26/Apr/2024:02:57:18 -0500] "GET /BLA/resoluciones/AUTOS%202021/0245.php?act=tools&d=C%3A%5CAmbienteBogota%5Ccounter%5Cdigits%5Cpsquare%5C HTTP/1.1" 200 3045
52.70.240.171 - - [26/Apr/2024:02:57:21 -0500] "GET /BLA/resoluciones/RESOLUCIONES%202011/2062.pdf HTTP/1.1" 200 501641
3.224.220.101 - - [26/Apr/2024:02:57:25 -0500] "GET /BLA/resoluciones/RESOLUCIONES%202009/0641.pdf HTTP/1.1" 200 62983
23.22.35.162 - - [26/Apr/2024:02:57:28 -0500] "GET /BLA/resoluciones/RESOLUCIONES%202011/2061.pdf HTTP/1.1" 200 500572
23.22.35.162 - - [26/Apr/2024:02:57:33 -0500] "GET /BLA/resoluciones/RESOLUCIONES%202009/0640.pdf HTTP/1.1" 200 69728
52.70.240.171 - - [26/Apr/2024:02:57:36 -0500] "GET /BLA/resoluciones/RESOLUCIONES%202011/2060.pdf HTTP/1.1" 200 514729
216.245.221.92 - - [26/Apr/2024:02:57:37 -0500] "HEAD / HTTP/1.1" 200 -
172.22.2.4 - - [26/Apr/2024:02:55:59 -0500] "HEAD /BLA/boletinlegal/ HTTP/1.1" 200 -
3.224.220.101 - - [26/Apr/2024:02:57:40 -0500] "GET /BLA/resoluciones/RESOLUCIONES%202009/0639.pdf HTTP/1.1" 200 65506
47.128.20.76 - - [26/Apr/2024:02:57:43 -0500] "GET /BLA/resoluciones/AUTOS%202021/0245.php?act=chmod&d=E%3A%5Cxampp%5Cxampp%5Chtdocs%5Csistemas&f=sopa5.htm HTTP/1.1" 200 2866
23.22.35.162 - - [26/Apr/2024:02:57:44 -0500] "GET /BLA/resoluciones/RESOLUCIONES%202009/0638.pdf HTTP/1.1" 200 72659
23.22.35.162 - - [26/Apr/2024:02:57:49 -0500] "GET /BLA/resoluciones/RESOLUCIONES%202011/2059.pdf HTTP/1.1" 200 513959
52.70.240.171 - - [26/Apr/2024:02:57:53 -0500] "GET /BLA/resoluciones/RESOLUCIONES%202009/0637.pdf HTTP/1.1" 200 64037
3.224.220.101 - - [26/Apr/2024:02:57:56 -0500] "GET /BLA/resoluciones/RESOLUCIONES%202011/2058.pdf HTTP/1.1" 200 510905
3.224.220.101 - - [26/Apr/2024:02:58:01 -0500] "GET /BLA/resoluciones/RESOLUCIONES%202009/0636.pdf HTTP/1.1" 200 66129
52.70.240.171 - - [26/Apr/2024:02:58:06 -0500] "GET /BLA/resoluciones/RESOLUCIONES%202011/2057.pdf HTTP/1.1" 200 1011120
47.128.21.102 - - [26/Apr/2024:02:58:08 -0500] "GET /BLA/resoluciones/AUTOS%202021/0245.php?act=feedback&d=C%3A%5CIntranet%5CC%5C HTTP/1.1" 200 2881
3.224.220.101 - - [26/Apr/2024:02:58:10 -0500] "GET /BLA/resoluciones/RESOLUCIONES%202009/0635.pdf HTTP/1.1" 200 69626
23.22.35.162 - - [26/Apr/2024:02:58:13 -0500] "GET /BLA/resoluciones/RESOLUCIONES%202011/2055.pdf HTTP/1.1" 200 760520
3.224.220.101 - - [26/Apr/2024:02:58:18 -0500] "GET /BLA/resoluciones/RESOLUCIONES%202009/0634.pdf HTTP/1.1" 200 66574
52.70.240.171 - - [26/Apr/2024:02:58:21 -0500] "GET /BLA/resoluciones/RESOLUCIONES%202011/2054.pdf HTTP/1.1" 200 308991
52.70.240.171 - - [26/Apr/2024:02:58:27 -0500] "GET /BLA/resoluciones/RESOLUCIONES%202009/0633.pdf HTTP/1.1" 200 67361
3.224.220.101 - - [26/Apr/2024:02:58:29 -0500] "GET /BLA/resoluciones/RESOLUCIONES%202011/2052.pdf HTTP/1.1" 200 515983
172.22.2.4 - - [26/Apr/2024:02:56:50 -0500] "GET /BLA/boletinlegal/ HTTP/1.1" 200 59083
47.128.20.91 - - [26/Apr/2024:02:58:31 -0500] "GET /BLA/resoluciones/AUTOS%202021/0245.php?act=f&d=E%3A%5Cxampp%5Cxampp%5CMercuryMail&f=stdsub_3.mer HTTP/1.1" 200 2977
47.128.20.91 - - [26/Apr/2024:02:58:32 -0500] "GET /BLA/resoluciones/AUTOS%202021/0245.php?act=img&img=ext_gif HTTP/1.1" 200 175
47.128.20.91 - - [26/Apr/2024:02:58:32 -0500] "GET /BLA/resoluciones/AUTOS%202021/0245.php?act=img&img=ext_txt HTTP/1.1" 200 132
47.128.20.91 - - [26/Apr/2024:02:58:32 -0500] "GET /BLA/resoluciones/AUTOS%202021/0245.php?act=img&img=ext_html HTTP/1.1" 200 230
47.128.20.91 - - [26/Apr/2024:02:58:32 -0500] "GET /BLA/resoluciones/AUTOS%202021/0245.php?act=img&img=ext_exe HTTP/1.1" 200 118
47.128.20.91 - - [26/Apr/2024:02:58:32 -0500] "GET /BLA/resoluciones/AUTOS%202021/0245.php?act=img&img=ext_mer HTTP/1.1" 200 1034
47.128.20.91 - - [26/Apr/2024:02:58:32 -0500] "GET /BLA/resoluciones/AUTOS%202021/0245.php?act=img&img=ext_diz HTTP/1.1" 200 1027
47.128.20.91 - - [26/Apr/2024:02:58:32 -0500] "GET /BLA/resoluciones/AUTOS%202021/0245.php?act=img&img=download HTTP/1.1" 200 161
23.22.35.162 - - [26/Apr/2024:02:58:32 -0500] "GET /BLA/resoluciones/RESOLUCIONES%202009/0632.pdf HTTP/1.1" 200 759165
47.128.20.91 - - [26/Apr/2024:02:58:32 -0500] "GET /BLA/resoluciones/AUTOS%202021/0245.php?act=img&img=change HTTP/1.1" 200 290
47.128.20.91 - - [26/Apr/2024:02:58:32 -0500] "GET /BLA/resoluciones/AUTOS%202021/0245.php?act=img&img=ext_ini HTTP/1.1" 200 134
47.128.20.91 - - [26/Apr/2024:02:58:32 -0500] "GET /BLA/resoluciones/AUTOS%202021/0245.php?act=img&img=ext_rtf HTTP/1.1" 200 164
52.70.240.171 - - [26/Apr/2024:02:58:38 -0500] "GET /BLA/resoluciones/RESOLUCIONES%202011/2051.pdf HTTP/1.1" 200 520364
3.224.220.101 - - [26/Apr/2024:02:58:42 -0500] "GET /BLA/resoluciones/RESOLUCIONES%202009/0631.pdf HTTP/1.1" 200 16013
52.70.240.171 - - [26/Apr/2024:02:58:45 -0500] "GET /BLA/resoluciones/RESOLUCIONES%202011/2050.pdf HTTP/1.1" 200 514887
3.224.220.101 - - [26/Apr/2024:02:58:49 -0500] "GET /BLA/resoluciones/RESOLUCIONES%202009/0630.pdf HTTP/1.1" 200 325520
52.70.240.171 - - [26/Apr/2024:02:58:54 -0500] "GET /BLA/resoluciones/RESOLUCIONES%202011/2049.pdf HTTP/1.1" 200 513045
47.128.48.207 - - [26/Apr/2024:02:58:55 -0500] "GET /BLA/resoluciones/AUTOS%202021/0245.php?act=f&d=E%3A%5Cnuevo%5Chtdocs%5Csig%5CGesti%F3n+Ambiental%5C&f=index.php&fullhexdump=1 HTTP/1.1" 200 10386
47.128.48.207 - - [26/Apr/2024:02:58:56 -0500] "GET /BLA/resoluciones/AUTOS%202021/0245.php?act=img&img=ext_gif HTTP/1.1" 200 175
47.128.48.207 - - [26/Apr/2024:02:58:56 -0500] "GET /BLA/resoluciones/AUTOS%202021/0245.php?act=img&img=ext_exe HTTP/1.1" 200 118
47.128.48.207 - - [26/Apr/2024:02:58:56 -0500] "GET /BLA/resoluciones/AUTOS%202021/0245.php?act=img&img=ext_txt HTTP/1.1" 200 132
47.128.48.207 - - [26/Apr/2024:02:58:56 -0500] "GET /BLA/resoluciones/AUTOS%202021/0245.php?act=img&img=ext_diz HTTP/1.1" 200 1027
47.128.48.207 - - [26/Apr/2024:02:58:56 -0500] "GET /BLA/resoluciones/AUTOS%202021/0245.php?act=img&img=ext_php HTTP/1.1" 200 79
23.22.35.162 - - [26/Apr/2024:02:58:57 -0500] "GET /BLA/resoluciones/RESOLUCIONES%202009/0629.pdf HTTP/1.1" 200 290338
47.128.48.207 - - [26/Apr/2024:02:58:57 -0500] "GET /BLA/resoluciones/AUTOS%202021/0245.php?act=img&img=ext_html HTTP/1.1" 200 230
47.128.48.207 - - [26/Apr/2024:02:58:57 -0500] "GET /BLA/resoluciones/AUTOS%202021/0245.php?act=img&img=download HTTP/1.1" 200 161
47.128.48.207 - - [26/Apr/2024:02:58:57 -0500] "GET /BLA/resoluciones/AUTOS%202021/0245.php?act=img&img=change HTTP/1.1" 200 290
47.128.48.207 - - [26/Apr/2024:02:58:57 -0500] "GET /BLA/resoluciones/AUTOS%202021/0245.php?act=img&img=ext_ini HTTP/1.1" 200 134
47.128.48.207 - - [26/Apr/2024:02:58:57 -0500] "GET /BLA/resoluciones/AUTOS%202021/0245.php?act=img&img=ext_rtf HTTP/1.1" 200 164
3.224.220.101 - - [26/Apr/2024:02:59:01 -0500] "GET /BLA/resoluciones/RESOLUCIONES%202011/2048.pdf HTTP/1.1" 200 396815
52.70.240.171 - - [26/Apr/2024:02:59:05 -0500] "GET /BLA/resoluciones/RESOLUCIONES%202009/0628.pdf HTTP/1.1" 200 374789
52.70.240.171 - - [26/Apr/2024:02:59:09 -0500] "GET /BLA/resoluciones/RESOLUCIONES%202011/2047.pdf HTTP/1.1" 200 692124
23.22.35.162 - - [26/Apr/2024:02:59:13 -0500] "GET /BLA/resoluciones/RESOLUCIONES%202009/0627.pdf HTTP/1.1" 200 360600
3.224.220.101 - - [26/Apr/2024:02:59:16 -0500] "GET /BLA/resoluciones/RESOLUCIONES%202009/0626.pdf HTTP/1.1" 200 300365
47.128.48.244 - - [26/Apr/2024:02:59:20 -0500] "GET /BLA/resoluciones/AUTOS%202021/0245.php?act=chmod&d=E%3A%5Cnuevo%5Chtdocs%5CResiduos%5Cfarmaceutica%5Cimages&f=page36_thumbnail.jpg HTTP/1.1" 200 2909
3.224.220.101 - - [26/Apr/2024:02:59:20 -0500] "GET /BLA/resoluciones/RESOLUCIONES%202011/2046.pdf HTTP/1.1" 200 833248
52.70.240.171 - - [26/Apr/2024:02:59:25 -0500] "GET /BLA/resoluciones/RESOLUCIONES%202009/0625.pdf HTTP/1.1" 200 300334
3.224.220.101 - - [26/Apr/2024:02:59:28 -0500] "GET /BLA/resoluciones/RESOLUCIONES%202011/2045.pdf HTTP/1.1" 200 775102
3.224.220.101 - - [26/Apr/2024:02:59:32 -0500] "GET /BLA/resoluciones/RESOLUCIONES%202009/0624.pdf HTTP/1.1" 200 319254
23.22.35.162 - - [26/Apr/2024:02:59:37 -0500] "GET /BLA/resoluciones/RESOLUCIONES%202011/2044.pdf HTTP/1.1" 200 774484
52.70.240.171 - - [26/Apr/2024:02:59:42 -0500] "GET /BLA/resoluciones/RESOLUCIONES%202009/0623.pdf HTTP/1.1" 200 339470
23.22.35.162 - - [26/Apr/2024:02:59:45 -0500] "GET /BLA/resoluciones/RESOLUCIONES%202011/2043.pdf HTTP/1.1" 200 434353
47.128.48.223 - - [26/Apr/2024:02:59:45 -0500] "GET /BLA/resoluciones/AUTOS%202021/0245.php?act=f&d=C%3A%5CAmbienteBogota%5Ccounter%5Cdigits%5Cmarble&f=0.png HTTP/1.1" 200 15510
47.128.48.223 - - [26/Apr/2024:02:59:46 -0500] "GET /BLA/resoluciones/AUTOS%202021/0245.php?act=img&img=ext_png HTTP/1.1" 200 175
47.128.48.223 - - [26/Apr/2024:02:59:46 -0500] "GET /BLA/resoluciones/AUTOS%202021/0245.php?act=img&img=ext_html HTTP/1.1" 200 230
47.128.48.223 - - [26/Apr/2024:02:59:46 -0500] "GET /BLA/resoluciones/AUTOS%202021/0245.php?act=img&img=ext_diz HTTP/1.1" 200 1027
47.128.48.223 - - [26/Apr/2024:02:59:46 -0500] "GET /BLA/resoluciones/AUTOS%202021/0245.php?act=img&img=ext_txt HTTP/1.1" 200 132
47.128.48.223 - - [26/Apr/2024:02:59:46 -0500] "GET /BLA/resoluciones/AUTOS%202021/0245.php?act=img&img=ext_exe HTTP/1.1" 200 118
47.128.48.223 - - [26/Apr/2024:02:59:46 -0500] "GET /BLA/resoluciones/AUTOS%202021/0245.php?act=img&img=ext_gif HTTP/1.1" 200 175
47.128.48.223 - - [26/Apr/2024:02:59:46 -0500] "GET /BLA/resoluciones/AUTOS%202021/0245.php?act=img&img=change HTTP/1.1" 200 290
47.128.48.223 - - [26/Apr/2024:02:59:46 -0500] "GET /BLA/resoluciones/AUTOS%202021/0245.php?act=img&img=download HTTP/1.1" 200 161
47.128.48.223 - - [26/Apr/2024:02:59:46 -0500] "GET /BLA/resoluciones/AUTOS%202021/0245.php?act=img&img=ext_rtf HTTP/1.1" 200 164
47.128.48.223 - - [26/Apr/2024:02:59:46 -0500] "GET /BLA/resoluciones/AUTOS%202021/0245.php?act=img&img=ext_ini HTTP/1.1" 200 134
23.22.35.162 - - [26/Apr/2024:02:59:48 -0500] "GET /BLA/resoluciones/RESOLUCIONES%202009/0622.pdf HTTP/1.1" 200 349228
185.16.38.111 - - [26/Apr/2024:02:59:52 -0500] "GET / HTTP/1.1" 200 319
3.224.220.101 - - [26/Apr/2024:02:59:55 -0500] "GET /BLA/resoluciones/RESOLUCIONES%202011/2042.pdf HTTP/1.1" 200 772438
23.22.35.162 - - [26/Apr/2024:02:59:56 -0500] "GET /BLA/resoluciones/RESOLUCIONES%202009/0621.pdf HTTP/1.1" 200 314977
3.224.220.101 - - [26/Apr/2024:03:00:00 -0500] "GET /BLA/resoluciones/RESOLUCIONES%202009/0620.pdf HTTP/1.1" 200 295103
52.70.240.171 - - [26/Apr/2024:03:00:05 -0500] "GET /BLA/resoluciones/RESOLUCIONES%202011/2041.pdf HTTP/1.1" 200 773038
47.128.42.218 - - [26/Apr/2024:03:00:08 -0500] "GET /BLA/resoluciones/AUTOS%202021/0245.php?act=upload&d=E%3A%5Cnuevo%5Chtdocs%5Csig%5CGesti%F3n+Ambiental%5C.. HTTP/1.1" 200 2844
52.70.240.171 - - [26/Apr/2024:03:00:09 -0500] "GET /BLA/resoluciones/RESOLUCIONES%202009/0619.pdf HTTP/1.1" 200 290153
23.22.35.162 - - [26/Apr/2024:03:00:12 -0500] "GET /BLA/resoluciones/RESOLUCIONES%202011/2040.pdf HTTP/1.1" 200 775214
52.70.240.171 - - [26/Apr/2024:03:00:17 -0500] "GET /BLA/resoluciones/RESOLUCIONES%202009/0618.pdf HTTP/1.1" 200 288532
52.70.240.171 - - [26/Apr/2024:03:00:20 -0500] "GET /BLA/resoluciones/RESOLUCIONES%202011/2039.pdf HTTP/1.1" 200 710362
23.22.35.162 - - [26/Apr/2024:03:00:25 -0500] "GET /BLA/resoluciones/RESOLUCIONES%202011/2038.pdf HTTP/1.1" 200 775982
23.22.35.162 - - [26/Apr/2024:03:00:28 -0500] "GET /BLA/resoluciones/RESOLUCIONES%202009/0617.pdf HTTP/1.1" 200 312958
3.224.220.101 - - [26/Apr/2024:03:00:33 -0500] "GET /BLA/resoluciones/RESOLUCIONES%202011/2037.pdf HTTP/1.1" 200 414843
18.118.2.15 - - [26/Apr/2024:03:00:33 -0500] "GET /Publicaciones/2022EE239228.pdf HTTP/1.1" 404 228
47.128.48.211 - - [26/Apr/2024:03:00:33 -0500] "GET /BLA/resoluciones/AUTOS%202021/0245.php?act=f&d=E%3A%5Cnuevo%5Ccontrib%5C&f=mysql.pl HTTP/1.1" 200 3441
47.128.48.211 - - [26/Apr/2024:03:00:34 -0500] "GET /BLA/resoluciones/AUTOS%202021/0245.php?act=img&img=ext_pl HTTP/1.1" 200 99
47.128.48.211 - - [26/Apr/2024:03:00:34 -0500] "GET /BLA/resoluciones/AUTOS%202021/0245.php?act=img&img=ext_gif HTTP/1.1" 200 175
47.128.48.211 - - [26/Apr/2024:03:00:34 -0500] "GET /BLA/resoluciones/AUTOS%202021/0245.php?act=img&img=ext_diz HTTP/1.1" 200 1027
47.128.48.211 - - [26/Apr/2024:03:00:34 -0500] "GET /BLA/resoluciones/AUTOS%202021/0245.php?act=img&img=ext_txt HTTP/1.1" 200 132
47.128.48.211 - - [26/Apr/2024:03:00:34 -0500] "GET /BLA/resoluciones/AUTOS%202021/0245.php?act=img&img=ext_html HTTP/1.1" 200 230
47.128.48.211 - - [26/Apr/2024:03:00:34 -0500] "GET /BLA/resoluciones/AUTOS%202021/0245.php?act=img&img=ext_exe HTTP/1.1" 200 118
47.128.48.211 - - [26/Apr/2024:03:00:34 -0500] "GET /BLA/resoluciones/AUTOS%202021/0245.php?act=img&img=change HTTP/1.1" 200 290
47.128.48.211 - - [26/Apr/2024:03:00:34 -0500] "GET /BLA/resoluciones/AUTOS%202021/0245.php?act=img&img=download HTTP/1.1" 200 161
47.128.48.211 - - [26/Apr/2024:03:00:34 -0500] "GET /BLA/resoluciones/AUTOS%202021/0245.php?act=img&img=ext_ini HTTP/1.1" 200 134
47.128.48.211 - - [26/Apr/2024:03:00:34 -0500] "GET /BLA/resoluciones/AUTOS%202021/0245.php?act=img&img=ext_rtf HTTP/1.1" 200 164
23.22.35.162 - - [26/Apr/2024:03:00:38 -0500] "GET /BLA/resoluciones/RESOLUCIONES%202009/0616.pdf HTTP/1.1" 200 313002
52.70.240.171 - - [26/Apr/2024:03:00:40 -0500] "GET /BLA/resoluciones/RESOLUCIONES%202011/2036.pdf HTTP/1.1" 200 522239
52.70.240.171 - - [26/Apr/2024:03:00:45 -0500] "GET /BLA/resoluciones/RESOLUCIONES%202009/0615.pdf HTTP/1.1" 200 320637
23.22.35.162 - - [26/Apr/2024:03:00:49 -0500] "GET /BLA/resoluciones/RESOLUCIONES%202011/2035.pdf HTTP/1.1" 200 522699
3.224.220.101 - - [26/Apr/2024:03:00:52 -0500] "GET /BLA/resoluciones/RESOLUCIONES%202009/0614.pdf HTTP/1.1" 200 298683
3.224.220.101 - - [26/Apr/2024:03:00:57 -0500] "GET /BLA/resoluciones/RESOLUCIONES%202011/2034.pdf HTTP/1.1" 200 516421
47.128.26.115 - - [26/Apr/2024:03:00:57 -0500] "GET /BLA/resoluciones/AUTOS%202021/0245.php?act=chmod&d=E%3A%5Cnuevo%5Chtdocs%5CResiduos%5Clavanderias%5Cimages&f=page65_thumbnail.jpg HTTP/1.1" 200 2906
52.70.240.171 - - [26/Apr/2024:03:01:01 -0500] "GET /BLA/resoluciones/RESOLUCIONES%202009/0613.pdf HTTP/1.1" 200 310943
52.70.240.171 - - [26/Apr/2024:03:01:06 -0500] "GET /BLA/resoluciones/RESOLUCIONES%202011/2033.pdf HTTP/1.1" 200 514372
3.224.220.101 - - [26/Apr/2024:03:01:09 -0500] "GET /BLA/resoluciones/RESOLUCIONES%202009/0612.pdf HTTP/1.1" 200 299550
23.22.35.162 - - [26/Apr/2024:03:01:12 -0500] "GET /BLA/resoluciones/RESOLUCIONES%202011/2032.pdf HTTP/1.1" 200 516328
201.245.192.253 - - [26/Apr/2024:03:01:12 -0500] "POST /kwsrmcab/Wsrmcab  HTTP/1.1" 200 41015
23.22.35.162 - - [26/Apr/2024:03:01:17 -0500] "GET /BLA/resoluciones/RESOLUCIONES%202009/0611.pdf HTTP/1.1" 200 306016
52.70.240.171 - - [26/Apr/2024:03:01:21 -0500] "GET /BLA/resoluciones/RESOLUCIONES%202011/2031.pdf HTTP/1.1" 200 514620
47.128.25.87 - - [26/Apr/2024:03:01:21 -0500] "GET /BLA/resoluciones/AUTOS%202021/0245.php?act=upload&d=E%3A%5Cnuevo%5Chtdocs%5CPOT-2013%5CSEGUIMIENTO HTTP/1.1" 200 2856
23.22.35.162 - - [26/Apr/2024:03:01:24 -0500] "GET /BLA/resoluciones/RESOLUCIONES%202009/0610.pdf HTTP/1.1" 200 303448
23.22.35.162 - - [26/Apr/2024:03:01:29 -0500] "GET /BLA/resoluciones/RESOLUCIONES%202009/0609.pdf HTTP/1.1" 200 300246
3.224.220.101 - - [26/Apr/2024:03:01:34 -0500] "GET /BLA/resoluciones/RESOLUCIONES%202011/2030.pdf HTTP/1.1" 200 513853
52.70.240.171 - - [26/Apr/2024:03:01:37 -0500] "GET /BLA/resoluciones/RESOLUCIONES%202009/0608.pdf HTTP/1.1" 200 310457
3.224.220.101 - - [26/Apr/2024:03:01:41 -0500] "GET /BLA/resoluciones/RESOLUCIONES%202011/2029.pdf HTTP/1.1" 200 512703
23.22.35.162 - - [26/Apr/2024:03:01:45 -0500] "GET /BLA/resoluciones/RESOLUCIONES%202009/0607.pdf HTTP/1.1" 200 306806
47.128.25.42 - - [26/Apr/2024:03:01:46 -0500] "GET /BLA/resoluciones/AUTOS%202021/0245.php?act=sql&d=C%3A%5CAmbienteBogota%5Ccounter%5Cdigits%5Cmgreen%5C HTTP/1.1" 200 3059
3.224.220.101 - - [26/Apr/2024:03:01:48 -0500] "GET /BLA/resoluciones/RESOLUCIONES%202011/2027.pdf HTTP/1.1" 200 510259
23.22.35.162 - - [26/Apr/2024:03:01:53 -0500] "GET /BLA/resoluciones/RESOLUCIONES%202011/2026.pdf HTTP/1.1" 200 510023
3.224.220.101 - - [26/Apr/2024:03:01:57 -0500] "GET /BLA/resoluciones/RESOLUCIONES%202009/0606.pdf HTTP/1.1" 200 306191
3.224.220.101 - - [26/Apr/2024:03:02:00 -0500] "GET /BLA/resoluciones/RESOLUCIONES%202011/2025.pdf HTTP/1.1" 200 205146
3.224.220.101 - - [26/Apr/2024:03:02:04 -0500] "GET /BLA/resoluciones/RESOLUCIONES%202009/0605.pdf HTTP/1.1" 200 299140
23.22.35.162 - - [26/Apr/2024:03:02:08 -0500] "GET /BLA/resoluciones/RESOLUCIONES%202009/0604.pdf HTTP/1.1" 200 407700
47.128.25.62 - - [26/Apr/2024:03:02:10 -0500] "GET /BLA/resoluciones/AUTOS%202021/0245.php?act=chmod&d=E%3A%5Cnuevo%5Chtdocs%5CResiduos%5Cfarmaceutica%5Cimages&f=page22_thumbnail.jpg HTTP/1.1" 200 2908
3.224.220.101 - - [26/Apr/2024:03:02:13 -0500] "GET /BLA/resoluciones/RESOLUCIONES%202011/2024.pdf HTTP/1.1" 200 319633
52.70.240.171 - - [26/Apr/2024:03:02:18 -0500] "GET /BLA/resoluciones/RESOLUCIONES%202009/0603.pdf HTTP/1.1" 200 341067
23.22.35.162 - - [26/Apr/2024:03:02:20 -0500] "GET /BLA/resoluciones/RESOLUCIONES%202011/2023.pdf HTTP/1.1" 200 308605
172.22.2.4 - - [26/Apr/2024:03:02:22 -0500] "GET /BLA/boletinlegal/Circulares/2019/Circular%20No.%200005%20del%2020%20de%20Marzo%20de%202019.pdf HTTP/1.1" 200 159877
3.224.220.101 - - [26/Apr/2024:03:02:24 -0500] "GET /BLA/resoluciones/RESOLUCIONES%202009/0602.pdf HTTP/1.1" 200 305986
52.70.240.171 - - [26/Apr/2024:03:02:29 -0500] "GET /BLA/resoluciones/RESOLUCIONES%202011/2022.pdf HTTP/1.1" 200 429503
23.22.35.162 - - [26/Apr/2024:03:02:33 -0500] "GET /BLA/resoluciones/RESOLUCIONES%202009/0601.pdf HTTP/1.1" 200 316334
47.128.60.154 - - [26/Apr/2024:03:02:34 -0500] "GET /BLA/resoluciones/AUTOS%202021/0245.php?act=f&d=E%3A%5Cxampp%5Cxampp%5Chtdocs%5Cphpscripts&f=ACF_jsilva_036.jpg HTTP/1.1" 200 15475
47.128.60.154 - - [26/Apr/2024:03:02:35 -0500] "GET /BLA/resoluciones/AUTOS%202021/0245.php?act=img&img=ext_html HTTP/1.1" 200 230
47.128.60.154 - - [26/Apr/2024:03:02:35 -0500] "GET /BLA/resoluciones/AUTOS%202021/0245.php?act=img&img=ext_diz HTTP/1.1" 200 1027
47.128.60.154 - - [26/Apr/2024:03:02:35 -0500] "GET /BLA/resoluciones/AUTOS%202021/0245.php?act=img&img=ext_txt HTTP/1.1" 200 132
47.128.60.154 - - [26/Apr/2024:03:02:36 -0500] "GET /BLA/resoluciones/AUTOS%202021/0245.php?act=img&img=ext_jpg HTTP/1.1" 200 175
47.128.60.154 - - [26/Apr/2024:03:02:36 -0500] "GET /BLA/resoluciones/AUTOS%202021/0245.php?act=img&img=ext_gif HTTP/1.1" 200 175
47.128.60.154 - - [26/Apr/2024:03:02:36 -0500] "GET /BLA/resoluciones/AUTOS%202021/0245.php?act=img&img=ext_exe HTTP/1.1" 200 118
47.128.60.154 - - [26/Apr/2024:03:02:36 -0500] "GET /BLA/resoluciones/AUTOS%202021/0245.php?act=img&img=ext_rtf HTTP/1.1" 200 164
47.128.60.154 - - [26/Apr/2024:03:02:36 -0500] "GET /BLA/resoluciones/AUTOS%202021/0245.php?act=img&img=change HTTP/1.1" 200 290
47.128.60.154 - - [26/Apr/2024:03:02:36 -0500] "GET /BLA/resoluciones/AUTOS%202021/0245.php?act=img&img=download HTTP/1.1" 200 161
47.128.60.154 - - [26/Apr/2024:03:02:36 -0500] "GET /BLA/resoluciones/AUTOS%202021/0245.php?act=img&img=ext_ini HTTP/1.1" 200 134
23.22.35.162 - - [26/Apr/2024:03:02:36 -0500] "GET /BLA/resoluciones/RESOLUCIONES%202011/2020.pdf HTTP/1.1" 200 348113
216.245.221.92 - - [26/Apr/2024:03:02:37 -0500] "HEAD / HTTP/1.1" 200 -
23.22.35.162 - - [26/Apr/2024:03:02:41 -0500] "GET /BLA/resoluciones/RESOLUCIONES%202009/0600.pdf HTTP/1.1" 200 302140
3.224.220.101 - - [26/Apr/2024:03:02:44 -0500] "GET /BLA/resoluciones/RESOLUCIONES%202011/2019.pdf HTTP/1.1" 200 2135797
23.22.35.162 - - [26/Apr/2024:03:02:49 -0500] "GET /BLA/resoluciones/RESOLUCIONES%202009/0599.pdf HTTP/1.1" 200 301279
3.224.220.101 - - [26/Apr/2024:03:02:52 -0500] "GET /BLA/resoluciones/RESOLUCIONES%202011/2018.pdf HTTP/1.1" 200 855222
52.70.240.171 - - [26/Apr/2024:03:02:58 -0500] "GET /BLA/resoluciones/RESOLUCIONES%202009/0598.pdf HTTP/1.1" 200 302659
47.128.32.74 - - [26/Apr/2024:03:02:59 -0500] "GET /BLA/resoluciones/AUTOS%202021/0245.php?act=chmod&d=E%3A%5Cnuevo%5Chtdocs%5CResiduos%5Cfarmaceutica%5Cimages&f=page82_thumbnail.jpg HTTP/1.1" 200 2909
3.224.220.101 - - [26/Apr/2024:03:03:01 -0500] "GET /BLA/resoluciones/RESOLUCIONES%202011/2017.pdf HTTP/1.1" 200 511785
52.70.240.171 - - [26/Apr/2024:03:03:07 -0500] "GET /BLA/resoluciones/RESOLUCIONES%202009/0597.pdf HTTP/1.1" 200 309934
23.22.35.162 - - [26/Apr/2024:03:03:09 -0500] "GET /BLA/resoluciones/RESOLUCIONES%202011/2016.pdf HTTP/1.1" 200 511297
23.22.35.162 - - [26/Apr/2024:03:03:12 -0500] "GET /BLA/resoluciones/RESOLUCIONES%202009/0596.pdf HTTP/1.1" 200 303400
3.224.220.101 - - [26/Apr/2024:03:03:17 -0500] "GET /BLA/resoluciones/RESOLUCIONES%202011/2015.pdf HTTP/1.1" 200 507793
23.22.35.162 - - [26/Apr/2024:03:03:20 -0500] "GET /BLA/resoluciones/RESOLUCIONES%202009/0595.pdf HTTP/1.1" 200 342828
47.128.24.250 - - [26/Apr/2024:03:03:24 -0500] "GET /BLA/resoluciones/AUTOS%202021/0245.php?act=chmod&d=E%3A%5Cnuevo%5Chtdocs%5CResiduos%5Cmaderas%5Cimages&f=page101_thumbnail.jpg HTTP/1.1" 200 2901
3.224.220.101 - - [26/Apr/2024:03:03:25 -0500] "GET /BLA/resoluciones/RESOLUCIONES%202011/2014.pdf HTTP/1.1" 200 512091
23.22.35.162 - - [26/Apr/2024:03:03:29 -0500] "GET /BLA/resoluciones/RESOLUCIONES%202011/2013.pdf HTTP/1.1" 200 510227
172.22.2.4 - - [26/Apr/2024:03:01:49 -0500] "HEAD /BLA/boletinlegal/ HTTP/1.1" 200 -
23.22.35.162 - - [26/Apr/2024:03:03:33 -0500] "GET /BLA/resoluciones/RESOLUCIONES%202009/0594.pdf HTTP/1.1" 200 307604
23.22.35.162 - - [26/Apr/2024:03:03:36 -0500] "GET /BLA/resoluciones/RESOLUCIONES%202011/2012.pdf HTTP/1.1" 200 508409
23.22.35.162 - - [26/Apr/2024:03:03:40 -0500] "GET /BLA/resoluciones/RESOLUCIONES%202009/0593.pdf HTTP/1.1" 200 306514
52.70.240.171 - - [26/Apr/2024:03:03:46 -0500] "GET /BLA/resoluciones/RESOLUCIONES%202011/2011.pdf HTTP/1.1" 200 507109
47.128.32.95 - - [26/Apr/2024:03:03:48 -0500] "GET /BLA/resoluciones/AUTOS%202021/0245.php?act=tools&d=E%3A%5Cnuevo%5Chtdocs%5CSIIPEV%5CDiseno+de+Elementos+de+Mobiliario+Urbano%5CRegistros%5Cfonts%5C HTTP/1.1" 200 3114
23.22.35.162 - - [26/Apr/2024:03:03:50 -0500] "GET /BLA/resoluciones/RESOLUCIONES%202009/0592.pdf HTTP/1.1" 200 330725
3.224.220.101 - - [26/Apr/2024:03:03:53 -0500] "GET /BLA/resoluciones/RESOLUCIONES%202011/2010.pdf HTTP/1.1" 200 518849
3.224.220.101 - - [26/Apr/2024:03:03:57 -0500] "GET /BLA/resoluciones/RESOLUCIONES%202009/0591.pdf HTTP/1.1" 200 312004
3.224.220.101 - - [26/Apr/2024:03:04:01 -0500] "GET /BLA/resoluciones/RESOLUCIONES%202011/2009.pdf HTTP/1.1" 200 498960
23.22.35.162 - - [26/Apr/2024:03:04:06 -0500] "GET /BLA/resoluciones/RESOLUCIONES%202011/2008.pdf HTTP/1.1" 200 497934
23.22.35.162 - - [26/Apr/2024:03:04:09 -0500] "GET /BLA/resoluciones/RESOLUCIONES%202011/2007.pdf HTTP/1.1" 200 778902
3.224.220.101 - - [26/Apr/2024:03:04:13 -0500] "GET /BLA/resoluciones/RESOLUCIONES%202011/2006.pdf HTTP/1.1" 200 735516
47.128.126.146 - - [26/Apr/2024:03:04:13 -0500] "GET /BLA/resoluciones/AUTOS%202021/0245.php?act=chmod&d=E%3A%5Cnuevo%5Chtdocs%5CResiduos%5Cmaderas%5Cimages&f=page60_thumbnail.jpg HTTP/1.1" 200 2900
23.22.35.162 - - [26/Apr/2024:03:04:17 -0500] "GET /BLA/resoluciones/RESOLUCIONES%202011/2005.pdf HTTP/1.1" 200 648864
172.22.2.4 - - [26/Apr/2024:03:02:40 -0500] "GET /BLA/boletinlegal/ HTTP/1.1" 200 59967
52.70.240.171 - - [26/Apr/2024:03:04:21 -0500] "GET /BLA/resoluciones/RESOLUCIONES%202011/2004.pdf HTTP/1.1" 200 773146
3.224.220.101 - - [26/Apr/2024:03:04:24 -0500] "GET /BLA/resoluciones/RESOLUCIONES%202011/2003.pdf HTTP/1.1" 200 442985
52.70.240.171 - - [26/Apr/2024:03:04:29 -0500] "GET /BLA/resoluciones/RESOLUCIONES%202009/0293.pdf HTTP/1.1" 200 357167
23.22.35.162 - - [26/Apr/2024:03:04:33 -0500] "GET /BLA/resoluciones/RESOLUCIONES%202009/0292.pdf HTTP/1.1" 200 212746
47.128.33.104 - - [26/Apr/2024:03:04:36 -0500] "GET /BLA/resoluciones/AUTOS%202021/0245.php?act=f&d=E%3A%5Cnuevo%5CphpMyAdmin2%5Clibraries%5C&f=charset_conversion.lib.php&white=1 HTTP/1.1" 200 1297
3.224.220.101 - - [26/Apr/2024:03:04:37 -0500] "GET /BLA/resoluciones/RESOLUCIONES%202011/2002.pdf HTTP/1.1" 200 574534
52.70.240.171 - - [26/Apr/2024:03:04:41 -0500] "GET /BLA/resoluciones/RESOLUCIONES%202009/0590.pdf HTTP/1.1" 200 313393
3.224.220.101 - - [26/Apr/2024:03:04:44 -0500] "GET /BLA/resoluciones/RESOLUCIONES%202009/0291.pdf HTTP/1.1" 200 562301
