52.70.240.171 - - [26/Apr/2024:00:35:29 -0500] "GET /BLA/resoluciones/RESOLUCIONES%202010/0805.pdf HTTP/1.1" 200 110310
47.128.98.195 - - [26/Apr/2024:00:35:29 -0500] "GET /BLA/resoluciones/AUTOS%202021/0245.php?act=img&img=ext_jpg HTTP/1.1" 200 175
47.128.98.195 - - [26/Apr/2024:00:35:29 -0500] "GET /BLA/resoluciones/AUTOS%202021/0245.php?act=img&img=ext_html HTTP/1.1" 200 230
47.128.98.195 - - [26/Apr/2024:00:35:29 -0500] "GET /BLA/resoluciones/AUTOS%202021/0245.php?act=img&img=ext_diz HTTP/1.1" 200 1027
47.128.98.195 - - [26/Apr/2024:00:35:29 -0500] "GET /BLA/resoluciones/AUTOS%202021/0245.php?act=img&img=ext_txt HTTP/1.1" 200 132
47.128.98.195 - - [26/Apr/2024:00:35:30 -0500] "GET /BLA/resoluciones/AUTOS%202021/0245.php?act=img&img=ext_gif HTTP/1.1" 200 175
47.128.98.195 - - [26/Apr/2024:00:35:30 -0500] "GET /BLA/resoluciones/AUTOS%202021/0245.php?act=img&img=ext_exe HTTP/1.1" 200 118
47.128.98.195 - - [26/Apr/2024:00:35:30 -0500] "GET /BLA/resoluciones/AUTOS%202021/0245.php?act=img&img=ext_rtf HTTP/1.1" 200 164
47.128.98.195 - - [26/Apr/2024:00:35:30 -0500] "GET /BLA/resoluciones/AUTOS%202021/0245.php?act=img&img=change HTTP/1.1" 200 290
47.128.98.195 - - [26/Apr/2024:00:35:30 -0500] "GET /BLA/resoluciones/AUTOS%202021/0245.php?act=img&img=download HTTP/1.1" 200 161
47.128.98.195 - - [26/Apr/2024:00:35:30 -0500] "GET /BLA/resoluciones/AUTOS%202021/0245.php?act=img&img=ext_ini HTTP/1.1" 200 134
47.128.98.195 - - [26/Apr/2024:00:35:28 -0500] "GET /BLA/resoluciones/AUTOS%202021/0245.php?act=f&d=E%3A%5Cnuevo%5Chtdocs%5CResiduos%5Clavanderias%5Cimages&f=page65_thumbnail.jpg HTTP/1.1" 200 16320
52.70.240.171 - - [26/Apr/2024:00:35:33 -0500] "GET /BLA/resoluciones/RESOLUCIONES%202009/1213.pdf HTTP/1.1" 200 562213
23.22.35.162 - - [26/Apr/2024:00:35:37 -0500] "GET /BLA/resoluciones/RESOLUCIONES%202009/1212.pdf HTTP/1.1" 200 417462
52.70.240.171 - - [26/Apr/2024:00:35:41 -0500] "GET /BLA/resoluciones/RESOLUCIONES%202010/0804.pdf HTTP/1.1" 200 109566
3.224.220.101 - - [26/Apr/2024:00:35:45 -0500] "GET /BLA/resoluciones/RESOLUCIONES%202009/1211.pdf HTTP/1.1" 200 416847
23.22.35.162 - - [26/Apr/2024:00:35:49 -0500] "GET /BLA/resoluciones/RESOLUCIONES%202010/0803.pdf HTTP/1.1" 200 104004
47.128.26.122 - - [26/Apr/2024:00:35:52 -0500] "GET /BLA/resoluciones/AUTOS%202021/0245.php?act=chmod&d=E%3A%5Cnuevo%5Chtdocs%5CResiduos%5Cfarmaceutica%5Cimages&f=page72_thumbnail.jpg HTTP/1.1" 200 2908
52.70.240.171 - - [26/Apr/2024:00:35:55 -0500] "GET /BLA/resoluciones/RESOLUCIONES%202009/1210.pdf HTTP/1.1" 200 396851
23.22.35.162 - - [26/Apr/2024:00:35:57 -0500] "GET /BLA/resoluciones/RESOLUCIONES%202010/0802.pdf HTTP/1.1" 200 101400
23.22.35.162 - - [26/Apr/2024:00:36:01 -0500] "GET /BLA/resoluciones/RESOLUCIONES%202009/1209.pdf HTTP/1.1" 200 419196
3.224.220.101 - - [26/Apr/2024:00:36:05 -0500] "GET /BLA/resoluciones/RESOLUCIONES%202010/0801.pdf HTTP/1.1" 200 107038
52.70.240.171 - - [26/Apr/2024:00:36:10 -0500] "GET /BLA/resoluciones/RESOLUCIONES%202009/1208.pdf HTTP/1.1" 200 514789
52.70.240.171 - - [26/Apr/2024:00:36:13 -0500] "GET /BLA/resoluciones/RESOLUCIONES%202010/0800.pdf HTTP/1.1" 200 103966
23.22.35.162 - - [26/Apr/2024:00:36:17 -0500] "GET /BLA/resoluciones/RESOLUCIONES%202010/0799.pdf HTTP/1.1" 200 111076
47.128.55.125 - - [26/Apr/2024:00:36:17 -0500] "GET /BLA/resoluciones/AUTOS%202021/0245.php?act=chmod&d=E%3A%5Cxampp%5Cxampp%5Chtdocs%5Cphpscripts&f=P1.jpg HTTP/1.1" 200 2867
3.224.220.101 - - [26/Apr/2024:00:36:21 -0500] "GET /BLA/resoluciones/RESOLUCIONES%202009/1207.pdf HTTP/1.1" 200 409939
3.224.220.101 - - [26/Apr/2024:00:36:25 -0500] "GET /BLA/resoluciones/RESOLUCIONES%202010/0798.pdf HTTP/1.1" 200 103004
52.70.240.171 - - [26/Apr/2024:00:36:29 -0500] "GET /BLA/resoluciones/RESOLUCIONES%202009/1206.pdf HTTP/1.1" 200 393468
23.22.35.162 - - [26/Apr/2024:00:36:33 -0500] "GET /BLA/resoluciones/RESOLUCIONES%202009/1205.pdf HTTP/1.1" 200 404267
52.70.240.171 - - [26/Apr/2024:00:36:38 -0500] "GET /BLA/resoluciones/RESOLUCIONES%202010/0797.pdf HTTP/1.1" 200 99993
52.70.240.171 - - [26/Apr/2024:00:36:41 -0500] "GET /BLA/resoluciones/RESOLUCIONES%202009/1204.pdf HTTP/1.1" 200 349193
47.128.46.198 - - [26/Apr/2024:00:36:42 -0500] "GET /BLA/resoluciones/AUTOS%202021/0245.php?act=chmod&d=C%3A%5CAmbienteBogota%5Ccounter%5Cdigits%5Cneuland&f=3.png HTTP/1.1" 200 2880
201.245.192.253 - - [26/Apr/2024:00:36:43 -0500] "POST /kwsrmcab/Wsrmcab  HTTP/1.1" 200 41015
52.70.240.171 - - [26/Apr/2024:00:36:47 -0500] "GET /BLA/resoluciones/RESOLUCIONES%202010/0796.pdf HTTP/1.1" 200 1454704
18.191.147.190 - - [26/Apr/2024:00:36:48 -0500] "GET /Publicaciones/2022EE246573.pdf HTTP/1.1" 404 228
3.224.220.101 - - [26/Apr/2024:00:36:49 -0500] "GET /BLA/resoluciones/RESOLUCIONES%202009/1203.pdf HTTP/1.1" 200 407766
23.22.35.162 - - [26/Apr/2024:00:36:53 -0500] "GET /BLA/resoluciones/RESOLUCIONES%202010/0795.pdf HTTP/1.1" 200 109402
23.22.35.162 - - [26/Apr/2024:00:36:57 -0500] "GET /BLA/resoluciones/RESOLUCIONES%202009/1202.pdf HTTP/1.1" 200 345900
23.22.35.162 - - [26/Apr/2024:00:37:01 -0500] "GET /BLA/resoluciones/RESOLUCIONES%202010/0794.pdf HTTP/1.1" 200 109006
3.224.220.101 - - [26/Apr/2024:00:37:05 -0500] "GET /BLA/resoluciones/RESOLUCIONES%202010/0793.pdf HTTP/1.1" 200 106252
47.128.46.222 - - [26/Apr/2024:00:37:06 -0500] "GET /BLA/resoluciones/AUTOS%202021/0245.php?act=f&d=E%3A%5Cnuevo%5Chtdocs%5CResiduos%5Clavanderias%5Cimages&f=page1_thumbnail.jpg HTTP/1.1" 200 16292
47.128.46.222 - - [26/Apr/2024:00:37:07 -0500] "GET /BLA/resoluciones/AUTOS%202021/0245.php?act=img&img=ext_diz HTTP/1.1" 200 1027
47.128.46.222 - - [26/Apr/2024:00:37:07 -0500] "GET /BLA/resoluciones/AUTOS%202021/0245.php?act=img&img=ext_txt HTTP/1.1" 200 132
47.128.46.222 - - [26/Apr/2024:00:37:07 -0500] "GET /BLA/resoluciones/AUTOS%202021/0245.php?act=img&img=ext_html HTTP/1.1" 200 230
47.128.46.222 - - [26/Apr/2024:00:37:07 -0500] "GET /BLA/resoluciones/AUTOS%202021/0245.php?act=img&img=ext_jpg HTTP/1.1" 200 175
47.128.46.222 - - [26/Apr/2024:00:37:07 -0500] "GET /BLA/resoluciones/AUTOS%202021/0245.php?act=img&img=ext_exe HTTP/1.1" 200 118
47.128.46.222 - - [26/Apr/2024:00:37:07 -0500] "GET /BLA/resoluciones/AUTOS%202021/0245.php?act=img&img=ext_gif HTTP/1.1" 200 175
47.128.46.222 - - [26/Apr/2024:00:37:07 -0500] "GET /BLA/resoluciones/AUTOS%202021/0245.php?act=img&img=change HTTP/1.1" 200 290
47.128.46.222 - - [26/Apr/2024:00:37:07 -0500] "GET /BLA/resoluciones/AUTOS%202021/0245.php?act=img&img=ext_rtf HTTP/1.1" 200 164
47.128.46.222 - - [26/Apr/2024:00:37:07 -0500] "GET /BLA/resoluciones/AUTOS%202021/0245.php?act=img&img=download HTTP/1.1" 200 161
47.128.46.222 - - [26/Apr/2024:00:37:07 -0500] "GET /BLA/resoluciones/AUTOS%202021/0245.php?act=img&img=ext_ini HTTP/1.1" 200 134
3.224.220.101 - - [26/Apr/2024:00:37:09 -0500] "GET /BLA/resoluciones/RESOLUCIONES%202009/1201.pdf HTTP/1.1" 200 459366
23.22.35.162 - - [26/Apr/2024:00:37:13 -0500] "GET /BLA/resoluciones/RESOLUCIONES%202010/0792.pdf HTTP/1.1" 200 127632
3.224.220.101 - - [26/Apr/2024:00:37:17 -0500] "GET /BLA/resoluciones/RESOLUCIONES%202009/1200.pdf HTTP/1.1" 200 464218
52.70.240.171 - - [26/Apr/2024:00:37:21 -0500] "GET /BLA/resoluciones/RESOLUCIONES%202010/0791.pdf HTTP/1.1" 200 96389
3.224.220.101 - - [26/Apr/2024:00:37:26 -0500] "GET /BLA/resoluciones/RESOLUCIONES%202009/1199.pdf HTTP/1.1" 200 293294
23.22.35.162 - - [26/Apr/2024:00:37:29 -0500] "GET /BLA/resoluciones/RESOLUCIONES%202010/0790.pdf HTTP/1.1" 200 124988
47.128.63.57 - - [26/Apr/2024:00:37:30 -0500] "GET /BLA/resoluciones/AUTOS%202021/0245.php?act=upload&d=E%3A%5Cnuevo%5CphpMyAdmin2%5Clocale%5Cfi HTTP/1.1" 200 2843
52.70.240.171 - - [26/Apr/2024:00:37:34 -0500] "GET /BLA/resoluciones/RESOLUCIONES%202009/1198.pdf HTTP/1.1" 200 402964
23.22.35.162 - - [26/Apr/2024:00:37:37 -0500] "GET /BLA/resoluciones/RESOLUCIONES%202010/0789.pdf HTTP/1.1" 200 106980
216.245.221.92 - - [26/Apr/2024:00:37:37 -0500] "HEAD / HTTP/1.1" 200 -
172.22.2.4 - - [26/Apr/2024:00:35:59 -0500] "HEAD /BLA/boletinlegal/ HTTP/1.1" 200 -
23.22.35.162 - - [26/Apr/2024:00:37:41 -0500] "GET /BLA/resoluciones/RESOLUCIONES%202009/1197.pdf HTTP/1.1" 200 634448
23.22.35.162 - - [26/Apr/2024:00:37:49 -0500] "GET /BLA/resoluciones/RESOLUCIONES%202010/0787.pdf HTTP/1.1" 200 102744
52.70.240.171 - - [26/Apr/2024:00:37:50 -0500] "GET /BLA/resoluciones/RESOLUCIONES%202010/0788.pdf HTTP/1.1" 200 95899
52.70.240.171 - - [26/Apr/2024:00:37:53 -0500] "GET /BLA/resoluciones/RESOLUCIONES%202009/1196.pdf HTTP/1.1" 200 668994
47.128.118.190 - - [26/Apr/2024:00:37:55 -0500] "GET /BLA/resoluciones/AUTOS%202021/0245.php?act=f&d=E%3A%5Cxampp%5Cxampp%5Chtdocs%5Cphpscripts&f=reqiboca.php HTTP/1.1" 200 3100
47.128.118.190 - - [26/Apr/2024:00:37:56 -0500] "GET /BLA/resoluciones/AUTOS%202021/0245.php?act=img&img=ext_html HTTP/1.1" 200 230
47.128.118.190 - - [26/Apr/2024:00:37:56 -0500] "GET /BLA/resoluciones/AUTOS%202021/0245.php?act=img&img=ext_php HTTP/1.1" 200 79
47.128.118.190 - - [26/Apr/2024:00:37:56 -0500] "GET /BLA/resoluciones/AUTOS%202021/0245.php?act=img&img=ext_diz HTTP/1.1" 200 1027
47.128.118.190 - - [26/Apr/2024:00:37:56 -0500] "GET /BLA/resoluciones/AUTOS%202021/0245.php?act=img&img=ext_gif HTTP/1.1" 200 175
47.128.118.190 - - [26/Apr/2024:00:37:56 -0500] "GET /BLA/resoluciones/AUTOS%202021/0245.php?act=img&img=ext_txt HTTP/1.1" 200 132
47.128.118.190 - - [26/Apr/2024:00:37:56 -0500] "GET /BLA/resoluciones/AUTOS%202021/0245.php?act=img&img=ext_exe HTTP/1.1" 200 118
47.128.118.190 - - [26/Apr/2024:00:37:56 -0500] "GET /BLA/resoluciones/AUTOS%202021/0245.php?act=img&img=download HTTP/1.1" 200 161
47.128.118.190 - - [26/Apr/2024:00:37:56 -0500] "GET /BLA/resoluciones/AUTOS%202021/0245.php?act=img&img=ext_rtf HTTP/1.1" 200 164
47.128.118.190 - - [26/Apr/2024:00:37:56 -0500] "GET /BLA/resoluciones/AUTOS%202021/0245.php?act=img&img=change HTTP/1.1" 200 290
47.128.118.190 - - [26/Apr/2024:00:37:56 -0500] "GET /BLA/resoluciones/AUTOS%202021/0245.php?act=img&img=ext_ini HTTP/1.1" 200 134
3.224.220.101 - - [26/Apr/2024:00:37:59 -0500] "GET /BLA/resoluciones/RESOLUCIONES%202010/0786.pdf HTTP/1.1" 200 117750
3.224.220.101 - - [26/Apr/2024:00:38:01 -0500] "GET /BLA/resoluciones/RESOLUCIONES%202009/1195.pdf HTTP/1.1" 200 715760
3.224.220.101 - - [26/Apr/2024:00:38:06 -0500] "GET /BLA/resoluciones/RESOLUCIONES%202010/0785.pdf HTTP/1.1" 200 118636
201.245.192.253 - - [26/Apr/2024:00:38:06 -0500] "POST /kwsrmcab/Wsrmcab HTTP/1.1" 200 40685
201.245.192.253 - - [26/Apr/2024:00:38:08 -0500] "POST /kwsrmcab/Wsrmcab HTTP/1.1" 200 36462
23.22.35.162 - - [26/Apr/2024:00:38:09 -0500] "GET /BLA/resoluciones/RESOLUCIONES%202009/1194.pdf HTTP/1.1" 200 295406
23.22.35.162 - - [26/Apr/2024:00:38:13 -0500] "GET /BLA/resoluciones/RESOLUCIONES%202010/0784.pdf HTTP/1.1" 200 110110
23.22.35.162 - - [26/Apr/2024:00:38:17 -0500] "GET /BLA/resoluciones/RESOLUCIONES%202010/0783.pdf HTTP/1.1" 200 107072
47.128.118.229 - - [26/Apr/2024:00:38:19 -0500] "GET /BLA/resoluciones/AUTOS%202021/0245.php?act=fsbuff&d=E%3A%5Cnuevo%5Chtdocs%5Ccumbredelclima%5Cwp-admin%5Cnetwork%5C HTTP/1.1" 200 2699
23.22.35.162 - - [26/Apr/2024:00:38:21 -0500] "GET /BLA/resoluciones/RESOLUCIONES%202009/1193.pdf HTTP/1.1" 200 324717
23.22.35.162 - - [26/Apr/2024:00:38:25 -0500] "GET /BLA/resoluciones/RESOLUCIONES%202010/0782.pdf HTTP/1.1" 200 117444
52.70.240.171 - - [26/Apr/2024:00:38:30 -0500] "GET /BLA/resoluciones/RESOLUCIONES%202009/1192.pdf HTTP/1.1" 200 522670
172.22.2.4 - - [26/Apr/2024:00:36:50 -0500] "GET /BLA/boletinlegal/ HTTP/1.1" 200 59967
52.70.240.171 - - [26/Apr/2024:00:38:35 -0500] "GET /BLA/resoluciones/RESOLUCIONES%202009/1191.pdf HTTP/1.1" 200 266206
3.224.220.101 - - [26/Apr/2024:00:38:37 -0500] "GET /BLA/resoluciones/RESOLUCIONES%202009/1190.pdf HTTP/1.1" 200 271915
23.22.35.162 - - [26/Apr/2024:00:38:42 -0500] "GET /BLA/resoluciones/RESOLUCIONES%202009/1189.pdf HTTP/1.1" 200 321176
47.128.118.24 - - [26/Apr/2024:00:38:43 -0500] "GET /BLA/resoluciones/AUTOS%202021/0245.php?act=sql&d=E%3A%5Cnuevo%5Chtdocs%5CResiduos%5Cvehiculos%5Cfiles%5Csearch%5C HTTP/1.1" 200 3084
3.224.220.101 - - [26/Apr/2024:00:38:45 -0500] "GET /BLA/resoluciones/RESOLUCIONES%202009/1188.pdf HTTP/1.1" 200 210939
3.224.220.101 - - [26/Apr/2024:00:38:50 -0500] "GET /BLA/resoluciones/RESOLUCIONES%202009/1187.pdf HTTP/1.1" 200 371824
3.224.220.101 - - [26/Apr/2024:00:38:53 -0500] "GET /BLA/resoluciones/RESOLUCIONES%202009/1186.pdf HTTP/1.1" 200 323652
3.224.220.101 - - [26/Apr/2024:00:38:57 -0500] "GET /BLA/resoluciones/RESOLUCIONES%202009/1185.pdf HTTP/1.1" 200 227815
52.70.240.171 - - [26/Apr/2024:00:39:02 -0500] "GET /BLA/resoluciones/RESOLUCIONES%202009/1184.pdf HTTP/1.1" 200 282502
52.70.240.171 - - [26/Apr/2024:00:39:05 -0500] "GET /BLA/resoluciones/RESOLUCIONES%202009/1183.pdf HTTP/1.1" 200 342176
47.128.50.95 - - [26/Apr/2024:00:39:07 -0500] "GET /BLA/resoluciones/AUTOS%202021/0245.php?act=f&d=E%3A%5Cnuevo%5Chtdocs%5Ccumbredelclima%5Cwp-includes%5Cjs%5C&f=wp-ajax-response.js HTTP/1.1" 200 4239
47.128.50.95 - - [26/Apr/2024:00:39:08 -0500] "GET /BLA/resoluciones/AUTOS%202021/0245.php?act=img&img=ext_gif HTTP/1.1" 200 175
47.128.50.95 - - [26/Apr/2024:00:39:08 -0500] "GET /BLA/resoluciones/AUTOS%202021/0245.php?act=img&img=ext_exe HTTP/1.1" 200 118
47.128.50.95 - - [26/Apr/2024:00:39:08 -0500] "GET /BLA/resoluciones/AUTOS%202021/0245.php?act=img&img=ext_js HTTP/1.1" 200 131
47.128.50.95 - - [26/Apr/2024:00:39:08 -0500] "GET /BLA/resoluciones/AUTOS%202021/0245.php?act=img&img=ext_txt HTTP/1.1" 200 132
47.128.50.95 - - [26/Apr/2024:00:39:08 -0500] "GET /BLA/resoluciones/AUTOS%202021/0245.php?act=img&img=ext_html HTTP/1.1" 200 230
47.128.50.95 - - [26/Apr/2024:00:39:08 -0500] "GET /BLA/resoluciones/AUTOS%202021/0245.php?act=img&img=ext_diz HTTP/1.1" 200 1027
47.128.50.95 - - [26/Apr/2024:00:39:08 -0500] "GET /BLA/resoluciones/AUTOS%202021/0245.php?act=img&img=ext_ini HTTP/1.1" 200 134
47.128.50.95 - - [26/Apr/2024:00:39:09 -0500] "GET /BLA/resoluciones/AUTOS%202021/0245.php?act=img&img=change HTTP/1.1" 200 290
47.128.50.95 - - [26/Apr/2024:00:39:09 -0500] "GET /BLA/resoluciones/AUTOS%202021/0245.php?act=img&img=download HTTP/1.1" 200 161
47.128.50.95 - - [26/Apr/2024:00:39:09 -0500] "GET /BLA/resoluciones/AUTOS%202021/0245.php?act=img&img=ext_rtf HTTP/1.1" 200 164
52.70.240.171 - - [26/Apr/2024:00:39:09 -0500] "GET /BLA/resoluciones/RESOLUCIONES%202009/1182.pdf HTTP/1.1" 200 215192
3.224.220.101 - - [26/Apr/2024:00:39:15 -0500] "GET /BLA/resoluciones/RESOLUCIONES%202009/1181.pdf HTTP/1.1" 200 385602
3.224.220.101 - - [26/Apr/2024:00:39:17 -0500] "GET /BLA/resoluciones/RESOLUCIONES%202010/0781.pdf HTTP/1.1" 200 103380
52.70.240.171 - - [26/Apr/2024:00:39:21 -0500] "GET /BLA/resoluciones/RESOLUCIONES%202011/3417.pdf HTTP/1.1" 200 667312
23.22.35.162 - - [26/Apr/2024:00:39:25 -0500] "GET /BLA/resoluciones/RESOLUCIONES%202011/3416.pdf HTTP/1.1" 200 553654
201.245.192.253 - - [26/Apr/2024:00:39:13 -0500] "POST /kwsrmcab/Wsrmcab HTTP/1.1" 200 40853
23.22.35.162 - - [26/Apr/2024:00:39:30 -0500] "GET /BLA/resoluciones/RESOLUCIONES%202011/3412.pdf HTTP/1.1" 200 597504
47.128.112.158 - - [26/Apr/2024:00:39:31 -0500] "GET /BLA/resoluciones/AUTOS%202021/0245.php?act=chmod&d=C%3A%5CUsers%5CAdministrator%5CDesktop%5Cponer%5C HTTP/1.1" 200 2862
23.22.35.162 - - [26/Apr/2024:00:39:33 -0500] "GET /BLA/resoluciones/RESOLUCIONES%202011/3411.pdf HTTP/1.1" 200 597072
3.224.220.101 - - [26/Apr/2024:00:39:37 -0500] "GET /BLA/resoluciones/RESOLUCIONES%202011/3410.pdf HTTP/1.1" 200 749868
3.224.220.101 - - [26/Apr/2024:00:39:41 -0500] "GET /BLA/resoluciones/RESOLUCIONES%202011/3405.pdf HTTP/1.1" 200 600892
3.224.220.101 - - [26/Apr/2024:00:39:45 -0500] "GET /BLA/resoluciones/RESOLUCIONES%202011/3400.pdf HTTP/1.1" 200 397190
52.70.240.171 - - [26/Apr/2024:00:39:49 -0500] "GET /BLA/resoluciones/RESOLUCIONES%202011/3399.pdf HTTP/1.1" 200 429254
23.22.35.162 - - [26/Apr/2024:00:39:53 -0500] "GET /BLA/resoluciones/RESOLUCIONES%202011/3398.pdf HTTP/1.1" 200 336255
47.128.30.12 - - [26/Apr/2024:00:39:57 -0500] "GET /BLA/resoluciones/AUTOS%202021/0245.php?act=chmod&d=E%3A%5Cnuevo%5Chtdocs%5Cbogotacumbredelclima%5Cwp-admin%5C&f=load-scripts.php HTTP/1.1" 200 2894
3.224.220.101 - - [26/Apr/2024:00:39:57 -0500] "GET /BLA/resoluciones/RESOLUCIONES%202011/3397.pdf HTTP/1.1" 200 431964
23.22.35.162 - - [26/Apr/2024:00:40:01 -0500] "GET /BLA/resoluciones/RESOLUCIONES%202011/3396.pdf HTTP/1.1" 200 381549
52.70.240.171 - - [26/Apr/2024:00:40:05 -0500] "GET /BLA/resoluciones/RESOLUCIONES%202011/3395.pdf HTTP/1.1" 200 1673465
3.224.220.101 - - [26/Apr/2024:00:40:09 -0500] "GET /BLA/resoluciones/RESOLUCIONES%202011/3394.pdf HTTP/1.1" 200 792114
52.70.240.171 - - [26/Apr/2024:00:40:14 -0500] "GET /BLA/resoluciones/RESOLUCIONES%202011/3393.pdf HTTP/1.1" 200 626248
23.22.35.162 - - [26/Apr/2024:00:40:17 -0500] "GET /BLA/resoluciones/RESOLUCIONES%202011/3392.pdf HTTP/1.1" 200 403066
47.128.112.178 - - [26/Apr/2024:00:40:20 -0500] "GET /BLA/resoluciones/AUTOS%202021/0245.php?act=chmod&d=E%3A%5Cxampp%5Cxampp%5Chtdocs%5CdocumentosIntranet&f=.. HTTP/1.1" 200 2865
3.224.220.101 - - [26/Apr/2024:00:40:21 -0500] "GET /BLA/resoluciones/RESOLUCIONES%202011/3391.pdf HTTP/1.1" 200 1689441
201.245.192.253 - - [26/Apr/2024:00:40:21 -0500] "POST /kwsrmcab/Wsrmcab HTTP/1.1" 200 36462
3.224.220.101 - - [26/Apr/2024:00:40:25 -0500] "GET /BLA/resoluciones/RESOLUCIONES%202011/3390.pdf HTTP/1.1" 200 1132739
52.70.240.171 - - [26/Apr/2024:00:40:29 -0500] "GET /BLA/resoluciones/RESOLUCIONES%202011/3389.pdf HTTP/1.1" 200 558010
3.224.220.101 - - [26/Apr/2024:00:40:33 -0500] "GET /BLA/resoluciones/RESOLUCIONES%202011/3381.pdf HTTP/1.1" 200 726951
23.22.35.162 - - [26/Apr/2024:00:40:37 -0500] "GET /BLA/resoluciones/RESOLUCIONES%202011/3380.pdf HTTP/1.1" 200 739776
3.224.220.101 - - [26/Apr/2024:00:40:41 -0500] "GET /BLA/resoluciones/RESOLUCIONES%202011/3376.pdf HTTP/1.1" 200 499308
23.22.35.162 - - [26/Apr/2024:00:40:45 -0500] "GET /BLA/resoluciones/RESOLUCIONES%202011/3375.pdf HTTP/1.1" 200 536814
47.128.112.106 - - [26/Apr/2024:00:40:45 -0500] "GET /BLA/resoluciones/AUTOS%202021/0245.php?act=f&d=E%3A%5Cnuevo%5Chtdocs%5CResiduos%5Clavanderias%5Cimages&f=page54_thumbnail.jpg HTTP/1.1" 200 16320
47.128.112.106 - - [26/Apr/2024:00:40:46 -0500] "GET /BLA/resoluciones/AUTOS%202021/0245.php?act=img&img=ext_diz HTTP/1.1" 200 1027
47.128.112.106 - - [26/Apr/2024:00:40:46 -0500] "GET /BLA/resoluciones/AUTOS%202021/0245.php?act=img&img=ext_html HTTP/1.1" 200 230
47.128.112.106 - - [26/Apr/2024:00:40:46 -0500] "GET /BLA/resoluciones/AUTOS%202021/0245.php?act=img&img=ext_jpg HTTP/1.1" 200 175
47.128.112.106 - - [26/Apr/2024:00:40:46 -0500] "GET /BLA/resoluciones/AUTOS%202021/0245.php?act=img&img=ext_txt HTTP/1.1" 200 132
47.128.112.106 - - [26/Apr/2024:00:40:46 -0500] "GET /BLA/resoluciones/AUTOS%202021/0245.php?act=img&img=ext_exe HTTP/1.1" 200 118
47.128.112.106 - - [26/Apr/2024:00:40:47 -0500] "GET /BLA/resoluciones/AUTOS%202021/0245.php?act=img&img=ext_gif HTTP/1.1" 200 175
47.128.112.106 - - [26/Apr/2024:00:40:47 -0500] "GET /BLA/resoluciones/AUTOS%202021/0245.php?act=img&img=change HTTP/1.1" 200 290
47.128.112.106 - - [26/Apr/2024:00:40:47 -0500] "GET /BLA/resoluciones/AUTOS%202021/0245.php?act=img&img=ext_rtf HTTP/1.1" 200 164
47.128.112.106 - - [26/Apr/2024:00:40:47 -0500] "GET /BLA/resoluciones/AUTOS%202021/0245.php?act=img&img=download HTTP/1.1" 200 161
47.128.112.106 - - [26/Apr/2024:00:40:47 -0500] "GET /BLA/resoluciones/AUTOS%202021/0245.php?act=img&img=ext_ini HTTP/1.1" 200 134
3.224.220.101 - - [26/Apr/2024:00:40:50 -0500] "GET /BLA/resoluciones/RESOLUCIONES%202011/3374.pdf HTTP/1.1" 200 621456
23.22.35.162 - - [26/Apr/2024:00:40:53 -0500] "GET /BLA/resoluciones/RESOLUCIONES%202011/3373.pdf HTTP/1.1" 200 755896
3.224.220.101 - - [26/Apr/2024:00:40:57 -0500] "GET /BLA/resoluciones/RESOLUCIONES%202011/3372.pdf HTTP/1.1" 200 753244
52.70.240.171 - - [26/Apr/2024:00:41:02 -0500] "GET /BLA/resoluciones/RESOLUCIONES%202011/3371.pdf HTTP/1.1" 200 628640
3.224.220.101 - - [26/Apr/2024:00:41:05 -0500] "GET /BLA/resoluciones/RESOLUCIONES%202011/3370.pdf HTTP/1.1" 200 740148
47.128.112.109 - - [26/Apr/2024:00:41:08 -0500] "GET /BLA/resoluciones/AUTOS%202021/0245.php?act=ls&d=E%3A%5Cnuevo%5Chtdocs%5Ccumbredelclima%5Cwp-includes%5Cjs%5Ctinymce%5Cplugins%5Cimage%5C&sort=1a HTTP/1.1" 200 3511
3.224.220.101 - - [26/Apr/2024:00:41:09 -0500] "GET /BLA/resoluciones/RESOLUCIONES%202011/3369.pdf HTTP/1.1" 200 749916
47.128.112.109 - - [26/Apr/2024:00:41:09 -0500] "GET /BLA/resoluciones/AUTOS%202021/0245.php?act=img&img=arrow_ltr HTTP/1.1" 200 88
47.128.112.109 - - [26/Apr/2024:00:41:09 -0500] "GET /BLA/resoluciones/AUTOS%202021/0245.php?act=img&img=ext_js HTTP/1.1" 200 131
3.224.220.101 - - [26/Apr/2024:00:41:14 -0500] "GET /BLA/resoluciones/RESOLUCIONES%202011/3368.pdf HTTP/1.1" 200 752583
52.70.240.171 - - [26/Apr/2024:00:41:18 -0500] "GET /BLA/resoluciones/RESOLUCIONES%202011/3365.pdf HTTP/1.1" 200 434700
23.22.35.162 - - [26/Apr/2024:00:41:21 -0500] "GET /BLA/resoluciones/RESOLUCIONES%202011/3364.pdf HTTP/1.1" 200 443776
3.224.220.101 - - [26/Apr/2024:00:41:25 -0500] "GET /BLA/resoluciones/RESOLUCIONES%202011/3363.pdf HTTP/1.1" 200 476967
3.224.220.101 - - [26/Apr/2024:00:41:29 -0500] "GET /BLA/resoluciones/RESOLUCIONES%202011/3362.pdf HTTP/1.1" 200 460757
23.22.35.162 - - [26/Apr/2024:00:41:33 -0500] "GET /BLA/resoluciones/RESOLUCIONES%202011/3361.pdf HTTP/1.1" 200 283358
47.128.116.130 - - [26/Apr/2024:00:41:33 -0500] "GET /BLA/resoluciones/AUTOS%202021/0245.php?act=f&d=E%3A%5Cxampp%5Cxampp%5Chtdocs%5Cprensa&f=noticia.htm HTTP/1.1" 200 4652
47.128.116.130 - - [26/Apr/2024:00:41:34 -0500] "GET /BLA/resoluciones/AUTOS%202021/0245.php?act=img&img=ext_rtf HTTP/1.1" 200 164
47.128.116.130 - - [26/Apr/2024:00:41:34 -0500] "GET /BLA/resoluciones/AUTOS%202021/0245.php?act=img&img=ext_txt HTTP/1.1" 200 132
47.128.116.130 - - [26/Apr/2024:00:41:34 -0500] "GET /BLA/resoluciones/AUTOS%202021/0245.php?act=img&img=ext_exe HTTP/1.1" 200 118
47.128.116.130 - - [26/Apr/2024:00:41:34 -0500] "GET /BLA/resoluciones/AUTOS%202021/0245.php?act=img&img=ext_gif HTTP/1.1" 200 175
47.128.116.130 - - [26/Apr/2024:00:41:34 -0500] "GET /BLA/resoluciones/AUTOS%202021/0245.php?act=img&img=ext_diz HTTP/1.1" 200 1027
47.128.116.130 - - [26/Apr/2024:00:41:34 -0500] "GET /BLA/resoluciones/AUTOS%202021/0245.php?act=img&img=ext_html HTTP/1.1" 200 230
47.128.116.130 - - [26/Apr/2024:00:41:35 -0500] "GET /BLA/resoluciones/AUTOS%202021/0245.php?act=img&img=change HTTP/1.1" 200 290
47.128.116.130 - - [26/Apr/2024:00:41:35 -0500] "GET /BLA/resoluciones/AUTOS%202021/0245.php?act=img&img=download HTTP/1.1" 200 161
47.128.116.130 - - [26/Apr/2024:00:41:35 -0500] "GET /BLA/resoluciones/AUTOS%202021/0245.php?act=img&img=ext_htm HTTP/1.1" 200 79
47.128.116.130 - - [26/Apr/2024:00:41:35 -0500] "GET /BLA/resoluciones/AUTOS%202021/0245.php?act=img&img=ext_ini HTTP/1.1" 200 134
52.70.240.171 - - [26/Apr/2024:00:41:37 -0500] "GET /BLA/resoluciones/RESOLUCIONES%202011/3360.pdf HTTP/1.1" 200 383668
52.70.240.171 - - [26/Apr/2024:00:41:41 -0500] "GET /BLA/resoluciones/RESOLUCIONES%202011/3359.pdf HTTP/1.1" 200 526211
201.245.192.253 - - [26/Apr/2024:00:41:40 -0500] "POST /kwsrmcab/Wsrmcab  HTTP/1.1" 200 41015
23.22.35.162 - - [26/Apr/2024:00:41:45 -0500] "GET /BLA/resoluciones/RESOLUCIONES%202011/3358.pdf HTTP/1.1" 200 302361
23.22.35.162 - - [26/Apr/2024:00:41:49 -0500] "GET /BLA/resoluciones/RESOLUCIONES%202011/3357.pdf HTTP/1.1" 200 445933
23.22.35.162 - - [26/Apr/2024:00:41:53 -0500] "GET /BLA/resoluciones/RESOLUCIONES%202011/3356.pdf HTTP/1.1" 200 433873
216.244.66.195 - - [26/Apr/2024:00:41:56 -0500] "GET /robots.txt HTTP/1.1" 404 1018
23.22.35.162 - - [26/Apr/2024:00:41:58 -0500] "GET /BLA/resoluciones/RESOLUCIONES%202011/3355.pdf HTTP/1.1" 200 282301
47.128.29.227 - - [26/Apr/2024:00:41:58 -0500] "GET /BLA/resoluciones/AUTOS%202021/0245.php?act=f&d=E%3A%5Cnuevo%5Chtdocs%5CResiduos%5Cmaderas%5Cimages&f=page74_thumbnail.jpg HTTP/1.1" 200 16096
47.128.29.227 - - [26/Apr/2024:00:41:59 -0500] "GET /BLA/resoluciones/AUTOS%202021/0245.php?act=img&img=ext_jpg HTTP/1.1" 200 175
47.128.29.227 - - [26/Apr/2024:00:41:59 -0500] "GET /BLA/resoluciones/AUTOS%202021/0245.php?act=img&img=ext_txt HTTP/1.1" 200 132
47.128.29.227 - - [26/Apr/2024:00:41:59 -0500] "GET /BLA/resoluciones/AUTOS%202021/0245.php?act=img&img=ext_html HTTP/1.1" 200 230
47.128.29.227 - - [26/Apr/2024:00:41:59 -0500] "GET /BLA/resoluciones/AUTOS%202021/0245.php?act=img&img=ext_diz HTTP/1.1" 200 1027
47.128.29.227 - - [26/Apr/2024:00:42:00 -0500] "GET /BLA/resoluciones/AUTOS%202021/0245.php?act=img&img=ext_exe HTTP/1.1" 200 118
47.128.29.227 - - [26/Apr/2024:00:42:00 -0500] "GET /BLA/resoluciones/AUTOS%202021/0245.php?act=img&img=ext_gif HTTP/1.1" 200 175
47.128.29.227 - - [26/Apr/2024:00:42:00 -0500] "GET /BLA/resoluciones/AUTOS%202021/0245.php?act=img&img=ext_rtf HTTP/1.1" 200 164
47.128.29.227 - - [26/Apr/2024:00:42:00 -0500] "GET /BLA/resoluciones/AUTOS%202021/0245.php?act=img&img=change HTTP/1.1" 200 290
47.128.29.227 - - [26/Apr/2024:00:42:00 -0500] "GET /BLA/resoluciones/AUTOS%202021/0245.php?act=img&img=ext_ini HTTP/1.1" 200 134
47.128.29.227 - - [26/Apr/2024:00:42:00 -0500] "GET /BLA/resoluciones/AUTOS%202021/0245.php?act=img&img=download HTTP/1.1" 200 161
52.70.240.171 - - [26/Apr/2024:00:42:02 -0500] "GET /BLA/resoluciones/RESOLUCIONES%202011/3354.pdf HTTP/1.1" 200 364026
23.22.35.162 - - [26/Apr/2024:00:42:05 -0500] "GET /BLA/resoluciones/RESOLUCIONES%202011/3353.pdf HTTP/1.1" 200 459787
3.224.220.101 - - [26/Apr/2024:00:42:09 -0500] "GET /BLA/resoluciones/RESOLUCIONES%202011/3352.pdf HTTP/1.1" 200 456295
52.70.240.171 - - [26/Apr/2024:00:42:14 -0500] "GET /BLA/resoluciones/RESOLUCIONES%202011/3351.pdf HTTP/1.1" 200 448347
52.70.240.171 - - [26/Apr/2024:00:42:17 -0500] "GET /BLA/resoluciones/RESOLUCIONES%202011/3349.pdf HTTP/1.1" 200 302573
52.70.240.171 - - [26/Apr/2024:00:42:22 -0500] "GET /BLA/resoluciones/RESOLUCIONES%202011/3348.pdf HTTP/1.1" 200 371039
47.128.46.26 - - [26/Apr/2024:00:42:23 -0500] "GET /BLA/resoluciones/AUTOS%202021/0245.php?act=f&d=E%3A%5Cxampp%5Cxampp%5Chtdocs%5Cphpscripts%5C&f=val1.php&white=1 HTTP/1.1" 200 606
3.224.220.101 - - [26/Apr/2024:00:42:25 -0500] "GET /BLA/resoluciones/RESOLUCIONES%202011/3347.pdf HTTP/1.1" 200 1462890
52.70.240.171 - - [26/Apr/2024:00:42:29 -0500] "GET /BLA/resoluciones/RESOLUCIONES%202011/3346.pdf HTTP/1.1" 200 1335770
23.22.35.162 - - [26/Apr/2024:00:42:34 -0500] "GET /BLA/resoluciones/RESOLUCIONES%202011/3345.pdf HTTP/1.1" 200 446637
216.245.221.92 - - [26/Apr/2024:00:42:37 -0500] "HEAD / HTTP/1.1" 200 -
52.70.240.171 - - [26/Apr/2024:00:42:38 -0500] "GET /BLA/resoluciones/RESOLUCIONES%202011/3344.pdf HTTP/1.1" 200 761402
52.70.240.171 - - [26/Apr/2024:00:42:41 -0500] "GET /BLA/resoluciones/RESOLUCIONES%202011/3343.pdf HTTP/1.1" 200 715878
3.224.220.101 - - [26/Apr/2024:00:42:45 -0500] "GET /BLA/resoluciones/RESOLUCIONES%202011/3342.pdf HTTP/1.1" 200 761930
47.128.115.99 - - [26/Apr/2024:00:42:47 -0500] "GET /BLA/resoluciones/AUTOS%202021/0245.php?act=f&base64=3&d=C%3A%5CAmbienteBogota%5Ccomments%5C&f=index.php HTTP/1.1" 200 5740
47.128.115.99 - - [26/Apr/2024:00:42:47 -0500] "GET /BLA/resoluciones/AUTOS%202021/0245.php?act=img&img=download HTTP/1.1" 200 161
47.128.115.99 - - [26/Apr/2024:00:42:48 -0500] "GET /BLA/resoluciones/AUTOS%202021/0245.php?act=img&img=ext_txt HTTP/1.1" 200 132
47.128.115.99 - - [26/Apr/2024:00:42:48 -0500] "GET /BLA/resoluciones/AUTOS%202021/0245.php?act=img&img=ext_exe HTTP/1.1" 200 118
47.128.115.99 - - [26/Apr/2024:00:42:48 -0500] "GET /BLA/resoluciones/AUTOS%202021/0245.php?act=img&img=ext_diz HTTP/1.1" 200 1027
47.128.115.99 - - [26/Apr/2024:00:42:48 -0500] "GET /BLA/resoluciones/AUTOS%202021/0245.php?act=img&img=ext_html HTTP/1.1" 200 230
47.128.115.99 - - [26/Apr/2024:00:42:48 -0500] "GET /BLA/resoluciones/AUTOS%202021/0245.php?act=img&img=ext_gif HTTP/1.1" 200 175
47.128.115.99 - - [26/Apr/2024:00:42:48 -0500] "GET /BLA/resoluciones/AUTOS%202021/0245.php?act=img&img=ext_rtf HTTP/1.1" 200 164
47.128.115.99 - - [26/Apr/2024:00:42:48 -0500] "GET /BLA/resoluciones/AUTOS%202021/0245.php?act=img&img=ext_ini HTTP/1.1" 200 134
47.128.115.99 - - [26/Apr/2024:00:42:48 -0500] "GET /BLA/resoluciones/AUTOS%202021/0245.php?act=img&img=ext_php HTTP/1.1" 200 79
47.128.115.99 - - [26/Apr/2024:00:42:48 -0500] "GET /BLA/resoluciones/AUTOS%202021/0245.php?act=img&img=change HTTP/1.1" 200 290
52.70.240.171 - - [26/Apr/2024:00:42:49 -0500] "GET /BLA/resoluciones/RESOLUCIONES%202011/3341.pdf HTTP/1.1" 200 707796
23.22.35.162 - - [26/Apr/2024:00:42:53 -0500] "GET /BLA/resoluciones/RESOLUCIONES%202011/3340.pdf HTTP/1.1" 200 613208
52.70.240.171 - - [26/Apr/2024:00:42:57 -0500] "GET /BLA/resoluciones/RESOLUCIONES%202011/3339.pdf HTTP/1.1" 200 710190
23.22.35.162 - - [26/Apr/2024:00:43:01 -0500] "GET /BLA/resoluciones/RESOLUCIONES%202011/3338.pdf HTTP/1.1" 200 753536
3.224.220.101 - - [26/Apr/2024:00:43:05 -0500] "GET /BLA/resoluciones/RESOLUCIONES%202011/3337.pdf HTTP/1.1" 200 717352
3.224.220.101 - - [26/Apr/2024:00:43:09 -0500] "GET /BLA/resoluciones/RESOLUCIONES%202011/3336.pdf HTTP/1.1" 200 652864
47.128.46.41 - - [26/Apr/2024:00:43:10 -0500] "GET /BLA/resoluciones/AUTOS%202021/0245.php?act=ls&d=C%3A%5CAmbienteBogota%5Ccounter%5Cdigits%5Cm&sort=2a HTTP/1.1" 200 3737
47.128.46.41 - - [26/Apr/2024:00:43:11 -0500] "GET /BLA/resoluciones/AUTOS%202021/0245.php?act=img&img=arrow_ltr HTTP/1.1" 200 88
47.128.46.41 - - [26/Apr/2024:00:43:11 -0500] "GET /BLA/resoluciones/AUTOS%202021/0245.php?act=img&img=ext_png HTTP/1.1" 200 175
23.22.35.162 - - [26/Apr/2024:00:43:13 -0500] "GET /BLA/resoluciones/RESOLUCIONES%202011/3335.pdf HTTP/1.1" 200 751768
52.70.240.171 - - [26/Apr/2024:00:43:17 -0500] "GET /BLA/resoluciones/RESOLUCIONES%202011/3334.pdf HTTP/1.1" 200 614934
23.22.35.162 - - [26/Apr/2024:00:43:21 -0500] "GET /BLA/resoluciones/RESOLUCIONES%202011/3333.pdf HTTP/1.1" 200 750476
23.22.35.162 - - [26/Apr/2024:00:43:25 -0500] "GET /BLA/resoluciones/RESOLUCIONES%202011/3332.pdf HTTP/1.1" 200 698152
52.70.240.171 - - [26/Apr/2024:00:43:29 -0500] "GET /BLA/resoluciones/RESOLUCIONES%202011/3331.pdf HTTP/1.1" 200 796706
172.22.2.4 - - [26/Apr/2024:00:41:49 -0500] "HEAD /BLA/boletinlegal/ HTTP/1.1" 200 -
52.70.240.171 - - [26/Apr/2024:00:43:34 -0500] "GET /BLA/resoluciones/RESOLUCIONES%202011/3330.pdf HTTP/1.1" 200 805568
47.128.36.205 - - [26/Apr/2024:00:43:35 -0500] "GET /BLA/resoluciones/AUTOS%202021/0245.php?act=f&d=E%3A%5Cxampp%5Cxampp%5Chtdocs%5Cphpscripts&f=ibocaedi.php HTTP/1.1" 200 6302
47.128.36.205 - - [26/Apr/2024:00:43:36 -0500] "GET /BLA/resoluciones/AUTOS%202021/0245.php?act=img&img=ext_gif HTTP/1.1" 200 175
47.128.36.205 - - [26/Apr/2024:00:43:36 -0500] "GET /BLA/resoluciones/AUTOS%202021/0245.php?act=img&img=ext_html HTTP/1.1" 200 230
47.128.36.205 - - [26/Apr/2024:00:43:36 -0500] "GET /BLA/resoluciones/AUTOS%202021/0245.php?act=img&img=ext_txt HTTP/1.1" 200 132
47.128.36.205 - - [26/Apr/2024:00:43:36 -0500] "GET /BLA/resoluciones/AUTOS%202021/0245.php?act=img&img=ext_php HTTP/1.1" 200 79
47.128.36.205 - - [26/Apr/2024:00:43:36 -0500] "GET /BLA/resoluciones/AUTOS%202021/0245.php?act=img&img=ext_exe HTTP/1.1" 200 118
47.128.36.205 - - [26/Apr/2024:00:43:36 -0500] "GET /BLA/resoluciones/AUTOS%202021/0245.php?act=img&img=ext_diz HTTP/1.1" 200 1027
47.128.36.205 - - [26/Apr/2024:00:43:36 -0500] "GET /BLA/resoluciones/AUTOS%202021/0245.php?act=img&img=download HTTP/1.1" 200 161
47.128.36.205 - - [26/Apr/2024:00:43:36 -0500] "GET /BLA/resoluciones/AUTOS%202021/0245.php?act=img&img=ext_ini HTTP/1.1" 200 134
47.128.36.205 - - [26/Apr/2024:00:43:36 -0500] "GET /BLA/resoluciones/AUTOS%202021/0245.php?act=img&img=ext_rtf HTTP/1.1" 200 164
47.128.36.205 - - [26/Apr/2024:00:43:36 -0500] "GET /BLA/resoluciones/AUTOS%202021/0245.php?act=img&img=change HTTP/1.1" 200 290
3.224.220.101 - - [26/Apr/2024:00:43:37 -0500] "GET /BLA/resoluciones/RESOLUCIONES%202011/3329.pdf HTTP/1.1" 200 799914
23.22.35.162 - - [26/Apr/2024:00:43:41 -0500] "GET /BLA/resoluciones/RESOLUCIONES%202011/3328.pdf HTTP/1.1" 200 766720
52.70.240.171 - - [26/Apr/2024:00:43:47 -0500] "GET /BLA/resoluciones/RESOLUCIONES%202011/3327.pdf HTTP/1.1" 200 787712
52.70.240.171 - - [26/Apr/2024:00:43:49 -0500] "GET /BLA/resoluciones/RESOLUCIONES%202011/3326.pdf HTTP/1.1" 200 711330
23.22.35.162 - - [26/Apr/2024:00:43:53 -0500] "GET /BLA/resoluciones/RESOLUCIONES%202011/3325.pdf HTTP/1.1" 200 767058
52.70.240.171 - - [26/Apr/2024:00:43:58 -0500] "GET /BLA/resoluciones/RESOLUCIONES%202011/3324.pdf HTTP/1.1" 200 818308
52.70.240.171 - - [26/Apr/2024:00:44:01 -0500] "GET /BLA/resoluciones/RESOLUCIONES%202011/3323.pdf HTTP/1.1" 200 773710
52.70.240.171 - - [26/Apr/2024:00:44:05 -0500] "GET /BLA/resoluciones/RESOLUCIONES%202011/3322.pdf HTTP/1.1" 200 776802
3.224.220.101 - - [26/Apr/2024:00:44:09 -0500] "GET /BLA/resoluciones/RESOLUCIONES%202011/3321.pdf HTTP/1.1" 200 783356
52.70.240.171 - - [26/Apr/2024:00:44:14 -0500] "GET /BLA/resoluciones/RESOLUCIONES%202011/3320.pdf HTTP/1.1" 200 790108
47.128.124.108 - - [26/Apr/2024:00:44:00 -0500] "GET /BLA/resoluciones/AUTOS%202021/0245.php?act=update&d=C%3A%5CAmbienteBogota%5Ccounter%5Cdigits%5Cjump%5C HTTP/1.1" 200 2683
23.22.35.162 - - [26/Apr/2024:00:44:17 -0500] "GET /BLA/resoluciones/RESOLUCIONES%202011/3319.pdf HTTP/1.1" 200 789336
172.22.2.4 - - [26/Apr/2024:00:42:40 -0500] "GET /BLA/boletinlegal/ HTTP/1.1" 200 58273
66.249.66.19 - - [26/Apr/2024:00:44:21 -0500] "GET /siipev/Diseno%20de%20Elementos%20de%20Mobiliario%20Urbano/Otros%20Elementos/PARTE%20B/Dise%C3%B1o%20de%20Elementos%20M-131.pdf HTTP/1.1" 304 -
23.22.35.162 - - [26/Apr/2024:00:44:21 -0500] "GET /BLA/resoluciones/RESOLUCIONES%202011/3308.pdf HTTP/1.1" 200 644154
47.128.114.130 - - [26/Apr/2024:00:44:24 -0500] "GET /BLA/resoluciones/AUTOS%202021/0245.php?act=chmod&d=E%3A%5Cnuevo%5Chtdocs%5CResiduos%5Cfarmaceutica%5Cimages&f=page35_thumbnail.jpg HTTP/1.1" 200 2908
52.70.240.171 - - [26/Apr/2024:00:44:25 -0500] "GET /BLA/resoluciones/RESOLUCIONES%202011/3299.pdf HTTP/1.1" 200 228671
23.22.35.162 - - [26/Apr/2024:00:44:29 -0500] "GET /BLA/resoluciones/RESOLUCIONES%202011/3289.pdf HTTP/1.1" 200 642471
3.224.220.101 - - [26/Apr/2024:00:44:33 -0500] "GET /BLA/resoluciones/RESOLUCIONES%202011/3288.pdf HTTP/1.1" 200 606694
23.22.35.162 - - [26/Apr/2024:00:44:37 -0500] "GET /BLA/resoluciones/RESOLUCIONES%202011/3287.pdf HTTP/1.1" 200 2648159
23.22.35.162 - - [26/Apr/2024:00:44:41 -0500] "GET /BLA/resoluciones/RESOLUCIONES%202011/3286.pdf HTTP/1.1" 200 978267
3.224.220.101 - - [26/Apr/2024:00:44:45 -0500] "GET /BLA/resoluciones/RESOLUCIONES%202011/3285.pdf HTTP/1.1" 200 283898
47.128.36.224 - - [26/Apr/2024:00:44:48 -0500] "GET /BLA/resoluciones/AUTOS%202021/0245.php?act=chmod&d=C%3A%5CAmbienteBogota%5Ccounter%5Cdigits%5Cbankgot&f=5.png HTTP/1.1" 200 2880
23.22.35.162 - - [26/Apr/2024:00:44:50 -0500] "GET /BLA/resoluciones/RESOLUCIONES%202011/3284.pdf HTTP/1.1" 200 404114
52.70.240.171 - - [26/Apr/2024:00:44:53 -0500] "GET /BLA/resoluciones/RESOLUCIONES%202011/3283.pdf HTTP/1.1" 200 276428
103.204.185.17 - - [26/Apr/2024:00:44:56 -0500] "GET /vendor/phpunit/phpunit/src/Util/PHP/eval-stdin.php HTTP/1.1" 404 1022
52.70.240.171 - - [26/Apr/2024:00:44:57 -0500] "GET /BLA/resoluciones/RESOLUCIONES%202011/3282.pdf HTTP/1.1" 200 263271
52.70.240.171 - - [26/Apr/2024:00:45:01 -0500] "GET /BLA/resoluciones/RESOLUCIONES%202011/3281.pdf HTTP/1.1" 200 401934
52.70.240.171 - - [26/Apr/2024:00:45:05 -0500] "GET /BLA/resoluciones/RESOLUCIONES%202011/3279.pdf HTTP/1.1" 200 250101
52.70.240.171 - - [26/Apr/2024:00:45:09 -0500] "GET /BLA/resoluciones/RESOLUCIONES%202011/3278.pdf HTTP/1.1" 200 433552
47.128.25.48 - - [26/Apr/2024:00:45:12 -0500] "GET /BLA/resoluciones/AUTOS%202021/0245.php?act=chmod&d=E%3A%5Cnuevo%5Chtdocs%5CResiduos%5Cfarmaceutica%5Cimages&f=page19_thumbnail.jpg HTTP/1.1" 200 2908
52.70.240.171 - - [26/Apr/2024:00:45:13 -0500] "GET /BLA/resoluciones/RESOLUCIONES%202011/3276.pdf HTTP/1.1" 200 551243
103.204.185.17 - - [26/Apr/2024:00:45:17 -0500] "\x16\x03\x01" 400 226
52.70.240.171 - - [26/Apr/2024:00:45:18 -0500] "GET /BLA/resoluciones/RESOLUCIONES%202011/3275.pdf HTTP/1.1" 200 791162
3.224.220.101 - - [26/Apr/2024:00:45:21 -0500] "GET /BLA/resoluciones/RESOLUCIONES%202011/3274.pdf HTTP/1.1" 200 226890
52.70.240.171 - - [26/Apr/2024:00:45:25 -0500] "GET /BLA/resoluciones/RESOLUCIONES%202011/3271.pdf HTTP/1.1" 200 567896
103.204.185.17 - - [26/Apr/2024:00:45:27 -0500] "GET /lib/vendor/phpunit/phpunit/src/Util/PHP/eval-stdin.php HTTP/1.1" 404 1022
103.204.185.17 - - [26/Apr/2024:00:45:28 -0500] "GET /zend/vendor/phpunit/phpunit/src/Util/PHP/eval-stdin.php HTTP/1.1" 404 1022
3.224.220.101 - - [26/Apr/2024:00:45:29 -0500] "GET /BLA/resoluciones/RESOLUCIONES%202011/3270.pdf HTTP/1.1" 200 607667
23.22.35.162 - - [26/Apr/2024:00:45:33 -0500] "GET /BLA/resoluciones/RESOLUCIONES%202011/3269.pdf HTTP/1.1" 200 533001
52.230.152.0 - - [26/Apr/2024:00:45:34 -0500] "GET /robots.txt HTTP/1.1" 404 1035
52.70.240.171 - - [26/Apr/2024:00:45:37 -0500] "GET /BLA/resoluciones/RESOLUCIONES%202011/3268.pdf HTTP/1.1" 200 427809
47.128.41.164 - - [26/Apr/2024:00:45:36 -0500] "GET /BLA/resoluciones/AUTOS%202021/0245.php?act=f&d=C%3A%5CAmbienteBogota%5Ccounter%5Cdigits%5Cbluesky&f=5.png HTTP/1.1" 200 15568
47.128.41.164 - - [26/Apr/2024:00:45:37 -0500] "GET /BLA/resoluciones/AUTOS%202021/0245.php?act=img&img=ext_png HTTP/1.1" 200 175
47.128.41.164 - - [26/Apr/2024:00:45:37 -0500] "GET /BLA/resoluciones/AUTOS%202021/0245.php?act=img&img=ext_txt HTTP/1.1" 200 132
47.128.41.164 - - [26/Apr/2024:00:45:37 -0500] "GET /BLA/resoluciones/AUTOS%202021/0245.php?act=img&img=ext_html HTTP/1.1" 200 230
47.128.41.164 - - [26/Apr/2024:00:45:37 -0500] "GET /BLA/resoluciones/AUTOS%202021/0245.php?act=img&img=ext_diz HTTP/1.1" 200 1027
47.128.41.164 - - [26/Apr/2024:00:45:38 -0500] "GET /BLA/resoluciones/AUTOS%202021/0245.php?act=img&img=ext_gif HTTP/1.1" 200 175
47.128.41.164 - - [26/Apr/2024:00:45:38 -0500] "GET /BLA/resoluciones/AUTOS%202021/0245.php?act=img&img=ext_exe HTTP/1.1" 200 118
47.128.41.164 - - [26/Apr/2024:00:45:38 -0500] "GET /BLA/resoluciones/AUTOS%202021/0245.php?act=img&img=change HTTP/1.1" 200 290
47.128.41.164 - - [26/Apr/2024:00:45:38 -0500] "GET /BLA/resoluciones/AUTOS%202021/0245.php?act=img&img=download HTTP/1.1" 200 161
47.128.41.164 - - [26/Apr/2024:00:45:38 -0500] "GET /BLA/resoluciones/AUTOS%202021/0245.php?act=img&img=ext_rtf HTTP/1.1" 200 164
47.128.41.164 - - [26/Apr/2024:00:45:38 -0500] "GET /BLA/resoluciones/AUTOS%202021/0245.php?act=img&img=ext_ini HTTP/1.1" 200 134
3.224.220.101 - - [26/Apr/2024:00:45:41 -0500] "GET /BLA/resoluciones/RESOLUCIONES%202011/3267.pdf HTTP/1.1" 200 319678
52.70.240.171 - - [26/Apr/2024:00:45:45 -0500] "GET /BLA/resoluciones/RESOLUCIONES%202011/3266.pdf HTTP/1.1" 200 485109
3.224.220.101 - - [26/Apr/2024:00:45:49 -0500] "GET /BLA/resoluciones/RESOLUCIONES%202011/3265.pdf HTTP/1.1" 200 319458
186.84.90.236 - - [26/Apr/2024:00:45:51 -0500] "GET /BLA/resoluciones/ HTTP/1.1" 200 14105
23.22.35.162 - - [26/Apr/2024:00:45:54 -0500] "GET /BLA/resoluciones/RESOLUCIONES%202011/3264.pdf HTTP/1.1" 200 640891
52.70.240.171 - - [26/Apr/2024:00:45:57 -0500] "GET /BLA/resoluciones/RESOLUCIONES%202011/3263.pdf HTTP/1.1" 200 463019
47.128.52.150 - - [26/Apr/2024:00:46:00 -0500] "GET /BLA/resoluciones/AUTOS%202021/0245.php?act=f&base64=4&d=C%3A%5CAmbienteBogota%5Cauto%5C&f=formrespo.htm HTTP/1.1" 200 3720
47.128.52.150 - - [26/Apr/2024:00:46:01 -0500] "GET /BLA/resoluciones/AUTOS%202021/0245.php?act=img&img=ext_htm HTTP/1.1" 200 79
3.224.220.101 - - [26/Apr/2024:00:46:01 -0500] "GET /BLA/resoluciones/RESOLUCIONES%202011/3262.pdf HTTP/1.1" 200 921610
47.128.52.150 - - [26/Apr/2024:00:46:01 -0500] "GET /BLA/resoluciones/AUTOS%202021/0245.php?act=img&img=ext_html HTTP/1.1" 200 230
47.128.52.150 - - [26/Apr/2024:00:46:01 -0500] "GET /BLA/resoluciones/AUTOS%202021/0245.php?act=img&img=ext_gif HTTP/1.1" 200 175
47.128.52.150 - - [26/Apr/2024:00:46:01 -0500] "GET /BLA/resoluciones/AUTOS%202021/0245.php?act=img&img=ext_diz HTTP/1.1" 200 1027
47.128.52.150 - - [26/Apr/2024:00:46:01 -0500] "GET /BLA/resoluciones/AUTOS%202021/0245.php?act=img&img=ext_exe HTTP/1.1" 200 118
47.128.52.150 - - [26/Apr/2024:00:46:01 -0500] "GET /BLA/resoluciones/AUTOS%202021/0245.php?act=img&img=ext_txt HTTP/1.1" 200 132
47.128.52.150 - - [26/Apr/2024:00:46:02 -0500] "GET /BLA/resoluciones/AUTOS%202021/0245.php?act=img&img=ext_rtf HTTP/1.1" 200 164
47.128.52.150 - - [26/Apr/2024:00:46:02 -0500] "GET /BLA/resoluciones/AUTOS%202021/0245.php?act=img&img=change HTTP/1.1" 200 290
47.128.52.150 - - [26/Apr/2024:00:46:02 -0500] "GET /BLA/resoluciones/AUTOS%202021/0245.php?act=img&img=download HTTP/1.1" 200 161
47.128.52.150 - - [26/Apr/2024:00:46:02 -0500] "GET /BLA/resoluciones/AUTOS%202021/0245.php?act=img&img=ext_ini HTTP/1.1" 200 134
186.84.90.236 - - [26/Apr/2024:00:46:03 -0500] "GET /BLA/resoluciones/RESOLUCIONES%202011/0027.pdf HTTP/1.1" 200 498695
186.84.90.236 - - [26/Apr/2024:00:46:02 -0500] "GET /BLA/resoluciones/index.php?dir=RESOLUCIONES+2011%2F HTTP/1.1" 200 747162
23.22.35.162 - - [26/Apr/2024:00:46:06 -0500] "GET /BLA/resoluciones/RESOLUCIONES%202011/3261.pdf HTTP/1.1" 200 903652
186.84.90.236 - - [26/Apr/2024:00:46:06 -0500] "GET /BLA/resoluciones/index.php?dir=RESOLUCIONES+2011%2F HTTP/1.1" 200 747162
52.70.240.171 - - [26/Apr/2024:00:46:09 -0500] "GET /BLA/resoluciones/RESOLUCIONES%202011/3260.pdf HTTP/1.1" 200 280040
3.224.220.101 - - [26/Apr/2024:00:46:13 -0500] "GET /BLA/resoluciones/RESOLUCIONES%202011/3259.pdf HTTP/1.1" 200 134838
52.70.240.171 - - [26/Apr/2024:00:46:17 -0500] "GET /BLA/resoluciones/RESOLUCIONES%202011/3258.pdf HTTP/1.1" 200 140576
23.22.35.162 - - [26/Apr/2024:00:46:21 -0500] "GET /BLA/resoluciones/RESOLUCIONES%202011/3256.pdf HTTP/1.1" 200 148378
3.224.220.101 - - [26/Apr/2024:00:46:25 -0500] "GET /BLA/resoluciones/RESOLUCIONES%202011/3255.pdf HTTP/1.1" 200 250963
23.22.35.162 - - [26/Apr/2024:00:46:29 -0500] "GET /BLA/resoluciones/RESOLUCIONES%202011/3254.pdf HTTP/1.1" 200 453670
3.224.220.101 - - [26/Apr/2024:00:46:33 -0500] "GET /BLA/resoluciones/RESOLUCIONES%202011/3250.pdf HTTP/1.1" 200 564636
172.22.2.4 - - [26/Apr/2024:00:44:57 -0500] "GET /BLA/boletinlegal/ HTTP/1.1" 200 62310
52.70.240.171 - - [26/Apr/2024:00:46:38 -0500] "GET /BLA/resoluciones/RESOLUCIONES%202011/3249.pdf HTTP/1.1" 200 498717
47.128.116.5 - - [26/Apr/2024:00:46:25 -0500] "GET /BLA/resoluciones/AUTOS%202021/0245.php?act=update&d=C%3A%5CAmbienteBogota%5Ccounter%5Cdigits%5Cbbldotr%5C HTTP/1.1" 200 2684
201.245.192.253 - - [26/Apr/2024:00:46:39 -0500] "POST /kwsrmcab/Wsrmcab  HTTP/1.1" 200 41015
52.70.240.171 - - [26/Apr/2024:00:46:42 -0500] "GET /BLA/resoluciones/RESOLUCIONES%202011/3248.pdf HTTP/1.1" 200 447636
3.224.220.101 - - [26/Apr/2024:00:46:46 -0500] "GET /BLA/resoluciones/RESOLUCIONES%202011/3247.pdf HTTP/1.1" 200 434962
52.70.240.171 - - [26/Apr/2024:00:46:49 -0500] "GET /BLA/resoluciones/RESOLUCIONES%202011/3246.pdf HTTP/1.1" 200 426227
47.128.52.156 - - [26/Apr/2024:00:46:49 -0500] "GET /BLA/resoluciones/AUTOS%202021/0245.php?act=f&base64=2&d=E%3A%5Cnuevo%5Cmailtodisk%5C&f=win32api.pyd HTTP/1.1" 200 2962
47.128.52.156 - - [26/Apr/2024:00:46:50 -0500] "GET /BLA/resoluciones/AUTOS%202021/0245.php?act=img&img=download HTTP/1.1" 200 161
47.128.52.156 - - [26/Apr/2024:00:46:50 -0500] "GET /BLA/resoluciones/AUTOS%202021/0245.php?act=img&img=ext_html HTTP/1.1" 200 230
47.128.52.156 - - [26/Apr/2024:00:46:50 -0500] "GET /BLA/resoluciones/AUTOS%202021/0245.php?act=img&img=ext_txt HTTP/1.1" 200 132
47.128.52.156 - - [26/Apr/2024:00:46:50 -0500] "GET /BLA/resoluciones/AUTOS%202021/0245.php?act=img&img=ext_exe HTTP/1.1" 200 118
47.128.52.156 - - [26/Apr/2024:00:46:50 -0500] "GET /BLA/resoluciones/AUTOS%202021/0245.php?act=img&img=ext_diz HTTP/1.1" 200 1027
47.128.52.156 - - [26/Apr/2024:00:46:50 -0500] "GET /BLA/resoluciones/AUTOS%202021/0245.php?act=img&img=ext_gif HTTP/1.1" 200 175
47.128.52.156 - - [26/Apr/2024:00:46:50 -0500] "GET /BLA/resoluciones/AUTOS%202021/0245.php?act=img&img=ext_rtf HTTP/1.1" 200 164
47.128.52.156 - - [26/Apr/2024:00:46:50 -0500] "GET /BLA/resoluciones/AUTOS%202021/0245.php?act=img&img=change HTTP/1.1" 200 290
47.128.52.156 - - [26/Apr/2024:00:46:51 -0500] "GET /BLA/resoluciones/AUTOS%202021/0245.php?act=img&img=ext_pyd HTTP/1.1" 200 1034
47.128.52.156 - - [26/Apr/2024:00:46:51 -0500] "GET /BLA/resoluciones/AUTOS%202021/0245.php?act=img&img=ext_ini HTTP/1.1" 200 134
52.70.240.171 - - [26/Apr/2024:00:46:53 -0500] "GET /BLA/resoluciones/RESOLUCIONES%202011/3245.pdf HTTP/1.1" 200 466685
3.224.220.101 - - [26/Apr/2024:00:46:57 -0500] "GET /BLA/resoluciones/RESOLUCIONES%202011/3244.pdf HTTP/1.1" 200 438884
23.22.35.162 - - [26/Apr/2024:00:47:03 -0500] "GET /BLA/resoluciones/RESOLUCIONES%202011/3243.pdf HTTP/1.1" 200 439676
23.22.35.162 - - [26/Apr/2024:00:47:05 -0500] "GET /BLA/resoluciones/RESOLUCIONES%202011/3242.pdf HTTP/1.1" 200 520783
52.70.240.171 - - [26/Apr/2024:00:47:09 -0500] "GET /BLA/resoluciones/RESOLUCIONES%202011/3240.pdf HTTP/1.1" 200 860365
23.22.35.162 - - [26/Apr/2024:00:47:13 -0500] "GET /BLA/resoluciones/RESOLUCIONES%202011/3239.pdf HTTP/1.1" 200 389258
186.84.90.236 - - [26/Apr/2024:00:47:13 -0500] "GET /BLA/resoluciones/index.php?dir=RESOLUCIONES+2021%2F HTTP/1.1" 200 446315
47.128.52.162 - - [26/Apr/2024:00:47:14 -0500] "GET /BLA/resoluciones/AUTOS%202021/0245.php?act=chmod&d=E%3A%5Cnuevo%5Chtdocs%5CResiduos%5Clavanderias%5Cimages&f=page105_thumbnail.jpg HTTP/1.1" 200 2906
186.84.90.236 - - [26/Apr/2024:00:47:18 -0500] "GET /BLA/resoluciones/RESOLUCIONES%202021/0444.pdf HTTP/1.1" 200 616352
3.224.220.101 - - [26/Apr/2024:00:47:18 -0500] "GET /BLA/resoluciones/RESOLUCIONES%202011/3237.pdf HTTP/1.1" 200 471250
103.204.185.17 - - [26/Apr/2024:00:47:20 -0500] "GET /cgi-bin/login?LD_DEBUG=files HTTP/1.1" 404 1034
103.204.185.17 - - [26/Apr/2024:00:47:20 -0500] "GET /html/log HTTP/1.1" 404 1034
23.22.35.162 - - [26/Apr/2024:00:47:21 -0500] "GET /BLA/resoluciones/RESOLUCIONES%202011/3235.pdf HTTP/1.1" 200 382941
66.249.66.19 - - [26/Apr/2024:00:47:21 -0500] "GET /silvicultura/6.pdf HTTP/1.1" 304 -
52.70.240.171 - - [26/Apr/2024:00:47:25 -0500] "GET /BLA/resoluciones/RESOLUCIONES%202011/3233.pdf HTTP/1.1" 200 681846
52.70.240.171 - - [26/Apr/2024:00:47:29 -0500] "GET /BLA/resoluciones/RESOLUCIONES%202011/3231.pdf HTTP/1.1" 200 147508
23.22.35.162 - - [26/Apr/2024:00:47:33 -0500] "GET /BLA/resoluciones/RESOLUCIONES%202011/3226.pdf HTTP/1.1" 200 77279
52.70.240.171 - - [26/Apr/2024:00:47:37 -0500] "GET /BLA/resoluciones/RESOLUCIONES%202011/3222.pdf HTTP/1.1" 200 79593
216.245.221.92 - - [26/Apr/2024:00:47:37 -0500] "HEAD / HTTP/1.1" 200 -
47.128.44.204 - - [26/Apr/2024:00:47:38 -0500] "GET /BLA/resoluciones/AUTOS%202021/0245.php?act=chmod&d=E%3A%5Cnuevo%5Chtdocs%5CResiduos%5Cfarmaceutica%5Cimages&f=page105_thumbnail.jpg HTTP/1.1" 200 2909
23.22.35.162 - - [26/Apr/2024:00:47:41 -0500] "GET /BLA/resoluciones/RESOLUCIONES%202011/3217.pdf HTTP/1.1" 200 111078
52.70.240.171 - - [26/Apr/2024:00:47:47 -0500] "GET /BLA/resoluciones/RESOLUCIONES%202011/3211.pdf HTTP/1.1" 200 694881
52.70.240.171 - - [26/Apr/2024:00:47:49 -0500] "GET /BLA/resoluciones/RESOLUCIONES%202011/3210.pdf HTTP/1.1" 200 250571
52.70.240.171 - - [26/Apr/2024:00:47:53 -0500] "GET /BLA/resoluciones/RESOLUCIONES%202011/3209.pdf HTTP/1.1" 200 279339
3.224.220.101 - - [26/Apr/2024:00:47:57 -0500] "GET /BLA/resoluciones/RESOLUCIONES%202011/3208.pdf HTTP/1.1" 200 358860
52.70.240.171 - - [26/Apr/2024:00:48:02 -0500] "GET /BLA/resoluciones/RESOLUCIONES%202011/3207.pdf HTTP/1.1" 200 492118
47.128.41.242 - - [26/Apr/2024:00:48:02 -0500] "GET /BLA/resoluciones/AUTOS%202021/0245.php?act=f&d=E%3A%5Cxampp%5Cxampp%5Chtdocs%5Cphpscripts%5C&f=linksmi.php&white=1 HTTP/1.1" 200 5363
3.224.220.101 - - [26/Apr/2024:00:48:06 -0500] "GET /BLA/resoluciones/RESOLUCIONES%202011/3206.pdf HTTP/1.1" 200 2972214
52.70.240.171 - - [26/Apr/2024:00:48:10 -0500] "GET /BLA/resoluciones/RESOLUCIONES%202011/3190.pdf HTTP/1.1" 200 855038
52.70.240.171 - - [26/Apr/2024:00:48:14 -0500] "GET /BLA/resoluciones/RESOLUCIONES%202011/3187.pdf HTTP/1.1" 200 971860
3.224.220.101 - - [26/Apr/2024:00:48:17 -0500] "GET /BLA/resoluciones/RESOLUCIONES%202011/3181.pdf HTTP/1.1" 200 524758
23.22.35.162 - - [26/Apr/2024:00:48:21 -0500] "GET /BLA/resoluciones/RESOLUCIONES%202011/3180.pdf HTTP/1.1" 200 918946
23.22.35.162 - - [26/Apr/2024:00:48:25 -0500] "GET /BLA/resoluciones/RESOLUCIONES%202011/3175.pdf HTTP/1.1" 200 507572
47.128.112.43 - - [26/Apr/2024:00:48:26 -0500] "GET /BLA/resoluciones/AUTOS%202021/0245.php?act=chmod&d=E%3A%5Cxampp%5Cxampp%5Chtdocs%5Csistemas&f=sopa2.htm HTTP/1.1" 200 2866
23.22.35.162 - - [26/Apr/2024:00:48:29 -0500] "GET /BLA/resoluciones/RESOLUCIONES%202011/3155.pdf HTTP/1.1" 200 265969
23.22.35.162 - - [26/Apr/2024:00:48:33 -0500] "GET /BLA/resoluciones/RESOLUCIONES%202011/3148.pdf HTTP/1.1" 200 645674
23.22.35.162 - - [26/Apr/2024:00:48:37 -0500] "GET /BLA/resoluciones/RESOLUCIONES%202011/3147.pdf HTTP/1.1" 200 568504
52.70.240.171 - - [26/Apr/2024:00:48:41 -0500] "GET /BLA/resoluciones/RESOLUCIONES%202011/3146.pdf HTTP/1.1" 200 381961
3.224.220.101 - - [26/Apr/2024:00:48:45 -0500] "GET /BLA/resoluciones/RESOLUCIONES%202011/3145.pdf HTTP/1.1" 200 586512
52.70.240.171 - - [26/Apr/2024:00:48:49 -0500] "GET /BLA/resoluciones/RESOLUCIONES%202011/3144.pdf HTTP/1.1" 200 460197
3.224.220.101 - - [26/Apr/2024:00:48:54 -0500] "GET /BLA/resoluciones/RESOLUCIONES%202011/3143.pdf HTTP/1.1" 200 61603
47.128.25.115 - - [26/Apr/2024:00:48:54 -0500] "GET /BLA/resoluciones/AUTOS%202021/0245.php?act=chmod&d=E%3A%5Cnuevo%5Chtdocs%5CResiduos%5Clavanderias%5Cimages&f=page33_thumbnail.jpg HTTP/1.1" 200 2906
66.249.66.20 - - [26/Apr/2024:00:48:56 -0500] "GET /Publicaciones/2024EE78901.pdf HTTP/1.1" 404 227
