47.128.22.246 - - [26/Apr/2024:06:17:54 -0500] "GET /BLA/resoluciones/AUTOS%202021/0245.php?act=sql&d=C%3A%5CAmbienteBogota%5Ccounter%5Cdigits%5Cscoreboard%5C HTTP/1.1" 200 3067
3.224.220.101 - - [26/Apr/2024:06:17:56 -0500] "GET /BLA/resoluciones/RESOLUCIONES%202008/1752.pdf HTTP/1.1" 200 348672
3.224.220.101 - - [26/Apr/2024:06:18:00 -0500] "GET /BLA/resoluciones/RESOLUCIONES%202008/1751.pdf HTTP/1.1" 200 329910
23.22.35.162 - - [26/Apr/2024:06:18:04 -0500] "GET /BLA/resoluciones/RESOLUCIONES%202008/1750.pdf HTTP/1.1" 200 250925
52.70.240.171 - - [26/Apr/2024:06:18:08 -0500] "GET /BLA/resoluciones/RESOLUCIONES%202008/1749.pdf HTTP/1.1" 200 373848
3.224.220.101 - - [26/Apr/2024:06:18:12 -0500] "GET /BLA/resoluciones/RESOLUCIONES%202008/1748.pdf HTTP/1.1" 200 282992
52.70.240.171 - - [26/Apr/2024:06:18:17 -0500] "GET /BLA/resoluciones/RESOLUCIONES%202008/1747.pdf HTTP/1.1" 200 350782
47.128.59.215 - - [26/Apr/2024:06:18:18 -0500] "GET /BLA/resoluciones/AUTOS%202021/0245.php?act=f&d=E%3A%5Cnuevo%5Chtdocs%5CResiduos%5Cvehiculos%5Cimages%5C&f=page50.swf&fullhexdump=1 HTTP/1.1" 200 3021
47.128.59.215 - - [26/Apr/2024:06:18:19 -0500] "GET /BLA/resoluciones/AUTOS%202021/0245.php?act=img&img=ext_swf HTTP/1.1" 200 254
47.128.59.215 - - [26/Apr/2024:06:18:19 -0500] "GET /BLA/resoluciones/AUTOS%202021/0245.php?act=img&img=ext_gif HTTP/1.1" 200 175
47.128.59.215 - - [26/Apr/2024:06:18:19 -0500] "GET /BLA/resoluciones/AUTOS%202021/0245.php?act=img&img=ext_txt HTTP/1.1" 200 132
47.128.59.215 - - [26/Apr/2024:06:18:19 -0500] "GET /BLA/resoluciones/AUTOS%202021/0245.php?act=img&img=ext_diz HTTP/1.1" 200 1027
47.128.59.215 - - [26/Apr/2024:06:18:19 -0500] "GET /BLA/resoluciones/AUTOS%202021/0245.php?act=img&img=ext_html HTTP/1.1" 200 230
47.128.59.215 - - [26/Apr/2024:06:18:19 -0500] "GET /BLA/resoluciones/AUTOS%202021/0245.php?act=img&img=ext_exe HTTP/1.1" 200 118
47.128.59.215 - - [26/Apr/2024:06:18:20 -0500] "GET /BLA/resoluciones/AUTOS%202021/0245.php?act=img&img=ext_rtf HTTP/1.1" 200 164
47.128.59.215 - - [26/Apr/2024:06:18:20 -0500] "GET /BLA/resoluciones/AUTOS%202021/0245.php?act=img&img=change HTTP/1.1" 200 290
47.128.59.215 - - [26/Apr/2024:06:18:20 -0500] "GET /BLA/resoluciones/AUTOS%202021/0245.php?act=img&img=download HTTP/1.1" 200 161
47.128.59.215 - - [26/Apr/2024:06:18:20 -0500] "GET /BLA/resoluciones/AUTOS%202021/0245.php?act=img&img=ext_ini HTTP/1.1" 200 134
52.70.240.171 - - [26/Apr/2024:06:18:22 -0500] "GET /BLA/resoluciones/RESOLUCIONES%202008/1746.pdf HTTP/1.1" 200 372941
23.22.35.162 - - [26/Apr/2024:06:18:25 -0500] "GET /BLA/resoluciones/RESOLUCIONES%202008/1745.pdf HTTP/1.1" 200 152552
23.22.35.162 - - [26/Apr/2024:06:18:28 -0500] "GET /BLA/resoluciones/RESOLUCIONES%202008/1744.pdf HTTP/1.1" 200 152446
3.224.220.101 - - [26/Apr/2024:06:18:33 -0500] "GET /BLA/resoluciones/RESOLUCIONES%202008/1743.pdf HTTP/1.1" 200 149299
23.22.35.162 - - [26/Apr/2024:06:18:36 -0500] "GET /BLA/resoluciones/RESOLUCIONES%202008/1742.pdf HTTP/1.1" 200 152035
23.22.35.162 - - [26/Apr/2024:06:18:40 -0500] "GET /BLA/resoluciones/RESOLUCIONES%202008/1741.pdf HTTP/1.1" 200 313627
47.128.59.192 - - [26/Apr/2024:06:18:43 -0500] "GET /BLA/resoluciones/AUTOS%202021/0245.php?act=chmod&d=E%3A%5Cnuevo%5Chtdocs%5Ccalculadora2%5Ccss&f=. HTTP/1.1" 200 2863
52.70.240.171 - - [26/Apr/2024:06:18:44 -0500] "GET /BLA/resoluciones/RESOLUCIONES%202008/1740.pdf HTTP/1.1" 200 374771
52.70.240.171 - - [26/Apr/2024:06:18:48 -0500] "GET /BLA/resoluciones/RESOLUCIONES%202008/1739.pdf HTTP/1.1" 200 294517
23.22.35.162 - - [26/Apr/2024:06:18:52 -0500] "GET /BLA/resoluciones/RESOLUCIONES%202008/1738.pdf HTTP/1.1" 200 396947
3.224.220.101 - - [26/Apr/2024:06:18:56 -0500] "GET /BLA/resoluciones/RESOLUCIONES%202008/1737.pdf HTTP/1.1" 200 267988
23.22.35.162 - - [26/Apr/2024:06:19:00 -0500] "GET /BLA/resoluciones/RESOLUCIONES%202008/1736.pdf HTTP/1.1" 200 349237
52.70.240.171 - - [26/Apr/2024:06:19:04 -0500] "GET /BLA/resoluciones/RESOLUCIONES%202008/1735.pdf HTTP/1.1" 200 373034
201.245.192.253 - - [26/Apr/2024:06:18:05 -0500] "POST /kwsrmcab/Wsrmcab HTTP/1.1" 200 17970
201.245.192.253 - - [26/Apr/2024:06:19:05 -0500] "POST /kwsrmcab/Wsrmcab HTTP/1.1" 200 36469
47.128.59.228 - - [26/Apr/2024:06:19:07 -0500] "GET /BLA/resoluciones/AUTOS%202021/0245.php?act=chmod&d=E%3A%5Cxampp%5Cxampp%5Chtdocs%5Cphpscripts&f=intranet_midama3.php HTTP/1.1" 200 2876
52.70.240.171 - - [26/Apr/2024:06:19:08 -0500] "GET /BLA/resoluciones/RESOLUCIONES%202008/1734.pdf HTTP/1.1" 200 348646
23.22.35.162 - - [26/Apr/2024:06:19:12 -0500] "GET /BLA/resoluciones/RESOLUCIONES%202008/1733.pdf HTTP/1.1" 200 412791
201.245.192.253 - - [26/Apr/2024:06:19:12 -0500] "POST /kwsrmcab/Wsrmcab HTTP/1.1" 200 40895
23.22.35.162 - - [26/Apr/2024:06:19:16 -0500] "GET /BLA/resoluciones/RESOLUCIONES%202008/1732.pdf HTTP/1.1" 200 456189
23.22.35.162 - - [26/Apr/2024:06:19:20 -0500] "GET /BLA/resoluciones/RESOLUCIONES%202008/1731.pdf HTTP/1.1" 200 420254
66.249.66.14 - - [26/Apr/2024:06:19:21 -0500] "GET /BLA/resoluciones/RESOLUCIONES%202008/0570.pdf HTTP/1.1" 200 116940
23.22.35.162 - - [26/Apr/2024:06:19:24 -0500] "GET /BLA/resoluciones/RESOLUCIONES%202008/1730.pdf HTTP/1.1" 200 281208
52.70.240.171 - - [26/Apr/2024:06:19:28 -0500] "GET /BLA/resoluciones/RESOLUCIONES%202008/1729.pdf HTTP/1.1" 200 461821
66.249.66.13 - - [26/Apr/2024:06:19:30 -0500] "GET /BLA/resoluciones/RESOLUCIONES%202008/3950.pdf HTTP/1.1" 200 679181
52.70.240.171 - - [26/Apr/2024:06:19:32 -0500] "GET /BLA/resoluciones/RESOLUCIONES%202008/1728.pdf HTTP/1.1" 200 343215
47.128.44.122 - - [26/Apr/2024:06:19:31 -0500] "GET /BLA/resoluciones/AUTOS%202021/0245.php?act=f&d=E%3A%5Cnuevo%5Chtdocs%5CResiduos%5Clavanderias%5Cimages&f=page74_thumbnail.jpg HTTP/1.1" 200 16320
47.128.44.122 - - [26/Apr/2024:06:19:33 -0500] "GET /BLA/resoluciones/AUTOS%202021/0245.php?act=img&img=ext_txt HTTP/1.1" 200 132
47.128.44.122 - - [26/Apr/2024:06:19:33 -0500] "GET /BLA/resoluciones/AUTOS%202021/0245.php?act=img&img=ext_diz HTTP/1.1" 200 1027
47.128.44.122 - - [26/Apr/2024:06:19:33 -0500] "GET /BLA/resoluciones/AUTOS%202021/0245.php?act=img&img=ext_html HTTP/1.1" 200 230
47.128.44.122 - - [26/Apr/2024:06:19:33 -0500] "GET /BLA/resoluciones/AUTOS%202021/0245.php?act=img&img=ext_jpg HTTP/1.1" 200 175
47.128.44.122 - - [26/Apr/2024:06:19:33 -0500] "GET /BLA/resoluciones/AUTOS%202021/0245.php?act=img&img=ext_gif HTTP/1.1" 200 175
47.128.44.122 - - [26/Apr/2024:06:19:33 -0500] "GET /BLA/resoluciones/AUTOS%202021/0245.php?act=img&img=ext_exe HTTP/1.1" 200 118
47.128.44.122 - - [26/Apr/2024:06:19:33 -0500] "GET /BLA/resoluciones/AUTOS%202021/0245.php?act=img&img=ext_rtf HTTP/1.1" 200 164
47.128.44.122 - - [26/Apr/2024:06:19:33 -0500] "GET /BLA/resoluciones/AUTOS%202021/0245.php?act=img&img=download HTTP/1.1" 200 161
47.128.44.122 - - [26/Apr/2024:06:19:33 -0500] "GET /BLA/resoluciones/AUTOS%202021/0245.php?act=img&img=ext_ini HTTP/1.1" 200 134
47.128.44.122 - - [26/Apr/2024:06:19:33 -0500] "GET /BLA/resoluciones/AUTOS%202021/0245.php?act=img&img=change HTTP/1.1" 200 290
23.22.35.162 - - [26/Apr/2024:06:19:36 -0500] "GET /BLA/resoluciones/RESOLUCIONES%202008/1727.pdf HTTP/1.1" 200 66022
52.70.240.171 - - [26/Apr/2024:06:19:40 -0500] "GET /BLA/resoluciones/RESOLUCIONES%202008/1726.pdf HTTP/1.1" 200 123104
52.70.240.171 - - [26/Apr/2024:06:19:44 -0500] "GET /BLA/resoluciones/RESOLUCIONES%202008/1725.pdf HTTP/1.1" 200 121702
3.224.220.101 - - [26/Apr/2024:06:19:48 -0500] "GET /BLA/resoluciones/RESOLUCIONES%202008/1724.pdf HTTP/1.1" 200 30826
52.167.144.19 - - [26/Apr/2024:06:19:48 -0500] "GET /BLA/resoluciones/RESOLUCIONES%202023/0834.pdf HTTP/1.1" 304 -
23.22.35.162 - - [26/Apr/2024:06:19:52 -0500] "GET /BLA/resoluciones/RESOLUCIONES%202008/1723.pdf HTTP/1.1" 200 55922
47.128.50.98 - - [26/Apr/2024:06:19:56 -0500] "GET /BLA/resoluciones/AUTOS%202021/0245.php?act=chmod&d=E%3A%5Cnuevo%5Chtdocs%5CResiduos%5Ctextiles%5Cimages%5C&f=page20_thumbnail.jpg HTTP/1.1" 200 2900
3.224.220.101 - - [26/Apr/2024:06:19:56 -0500] "GET /BLA/resoluciones/RESOLUCIONES%202008/1722.pdf HTTP/1.1" 200 58543
201.245.192.253 - - [26/Apr/2024:06:19:59 -0500] "POST /kwsrmcab/Wsrmcab HTTP/1.1" 200 36469
23.22.35.162 - - [26/Apr/2024:06:20:00 -0500] "GET /BLA/resoluciones/RESOLUCIONES%202008/1721.pdf HTTP/1.1" 200 55681
3.224.220.101 - - [26/Apr/2024:06:20:04 -0500] "GET /BLA/resoluciones/RESOLUCIONES%202008/1720.pdf HTTP/1.1" 200 345084
3.224.220.101 - - [26/Apr/2024:06:20:08 -0500] "GET /BLA/resoluciones/RESOLUCIONES%202008/1719.pdf HTTP/1.1" 200 44178
172.22.2.4 - - [26/Apr/2024:06:18:29 -0500] "HEAD /BLA/boletinlegal/ HTTP/1.1" 200 -
3.224.220.101 - - [26/Apr/2024:06:20:12 -0500] "GET /BLA/resoluciones/RESOLUCIONES%202008/1718.pdf HTTP/1.1" 200 616123
52.70.240.171 - - [26/Apr/2024:06:20:17 -0500] "GET /BLA/resoluciones/RESOLUCIONES%202008/1717.pdf HTTP/1.1" 200 340222
23.22.35.162 - - [26/Apr/2024:06:20:20 -0500] "GET /BLA/resoluciones/RESOLUCIONES%202008/1716.pdf HTTP/1.1" 200 246869
47.128.55.81 - - [26/Apr/2024:06:20:22 -0500] "GET /BLA/resoluciones/AUTOS%202021/0245.php?act=d&d=E%3A%5Cnuevo%5Clicenses%5Cdb%5C. HTTP/1.1" 200 2746
3.224.220.101 - - [26/Apr/2024:06:20:24 -0500] "GET /BLA/resoluciones/RESOLUCIONES%202008/1715.pdf HTTP/1.1" 200 249204
3.224.220.101 - - [26/Apr/2024:06:20:28 -0500] "GET /BLA/resoluciones/RESOLUCIONES%202008/1714.pdf HTTP/1.1" 200 267027
52.70.240.171 - - [26/Apr/2024:06:20:32 -0500] "GET /BLA/resoluciones/RESOLUCIONES%202008/1713.pdf HTTP/1.1" 200 260797
3.224.220.101 - - [26/Apr/2024:06:20:37 -0500] "GET /BLA/resoluciones/RESOLUCIONES%202008/1712.pdf HTTP/1.1" 200 254269
52.70.240.171 - - [26/Apr/2024:06:20:40 -0500] "GET /BLA/resoluciones/RESOLUCIONES%202008/1711.pdf HTTP/1.1" 200 246045
3.224.220.101 - - [26/Apr/2024:06:20:44 -0500] "GET /BLA/resoluciones/RESOLUCIONES%202008/1710.pdf HTTP/1.1" 200 270595
47.128.24.10 - - [26/Apr/2024:06:20:45 -0500] "GET /BLA/resoluciones/AUTOS%202021/0245.php?act=f&base64=2&d=E%3A%5Cnuevo%5Chtdocs%5CResiduos%5Ccosmeticos%5Cimages%5C&f=page10_thumbnail.jpg HTTP/1.1" 200 16267
47.128.24.10 - - [26/Apr/2024:06:20:46 -0500] "GET /BLA/resoluciones/AUTOS%202021/0245.php?act=img&img=ext_jpg HTTP/1.1" 200 175
47.128.24.10 - - [26/Apr/2024:06:20:46 -0500] "GET /BLA/resoluciones/AUTOS%202021/0245.php?act=img&img=ext_diz HTTP/1.1" 200 1027
47.128.24.10 - - [26/Apr/2024:06:20:46 -0500] "GET /BLA/resoluciones/AUTOS%202021/0245.php?act=img&img=ext_txt HTTP/1.1" 200 132
47.128.24.10 - - [26/Apr/2024:06:20:46 -0500] "GET /BLA/resoluciones/AUTOS%202021/0245.php?act=img&img=ext_html HTTP/1.1" 200 230
47.128.24.10 - - [26/Apr/2024:06:20:47 -0500] "GET /BLA/resoluciones/AUTOS%202021/0245.php?act=img&img=ext_exe HTTP/1.1" 200 118
47.128.24.10 - - [26/Apr/2024:06:20:47 -0500] "GET /BLA/resoluciones/AUTOS%202021/0245.php?act=img&img=ext_gif HTTP/1.1" 200 175
47.128.24.10 - - [26/Apr/2024:06:20:47 -0500] "GET /BLA/resoluciones/AUTOS%202021/0245.php?act=img&img=ext_rtf HTTP/1.1" 200 164
47.128.24.10 - - [26/Apr/2024:06:20:47 -0500] "GET /BLA/resoluciones/AUTOS%202021/0245.php?act=img&img=download HTTP/1.1" 200 161
47.128.24.10 - - [26/Apr/2024:06:20:47 -0500] "GET /BLA/resoluciones/AUTOS%202021/0245.php?act=img&img=change HTTP/1.1" 200 290
47.128.24.10 - - [26/Apr/2024:06:20:47 -0500] "GET /BLA/resoluciones/AUTOS%202021/0245.php?act=img&img=ext_ini HTTP/1.1" 200 134
3.224.220.101 - - [26/Apr/2024:06:20:48 -0500] "GET /BLA/resoluciones/RESOLUCIONES%202008/1709.pdf HTTP/1.1" 200 244784
3.224.220.101 - - [26/Apr/2024:06:20:55 -0500] "GET /BLA/resoluciones/RESOLUCIONES%202008/1708.pdf HTTP/1.1" 200 241205
23.22.35.162 - - [26/Apr/2024:06:20:57 -0500] "GET /BLA/resoluciones/RESOLUCIONES%202008/1707.pdf HTTP/1.1" 200 258205
172.22.2.4 - - [26/Apr/2024:06:19:19 -0500] "GET /BLA/boletinlegal/ HTTP/1.1" 200 59967
52.70.240.171 - - [26/Apr/2024:06:21:00 -0500] "GET /BLA/resoluciones/RESOLUCIONES%202008/1706.pdf HTTP/1.1" 200 243985
52.70.240.171 - - [26/Apr/2024:06:21:04 -0500] "GET /BLA/resoluciones/RESOLUCIONES%202008/1705.pdf HTTP/1.1" 200 252676
52.70.240.171 - - [26/Apr/2024:06:21:08 -0500] "GET /BLA/resoluciones/RESOLUCIONES%202008/1704.pdf HTTP/1.1" 200 242329
47.128.23.54 - - [26/Apr/2024:06:21:09 -0500] "GET /BLA/resoluciones/AUTOS%202021/0245.php?act=f&d=E%3A%5Cxampp%5Cxampp%5CMercuryMail%5C&f=cl32.dll HTTP/1.1" 200 2969
47.128.23.54 - - [26/Apr/2024:06:21:10 -0500] "GET /BLA/resoluciones/AUTOS%202021/0245.php?act=img&img=ext_rtf HTTP/1.1" 200 164
47.128.23.54 - - [26/Apr/2024:06:21:10 -0500] "GET /BLA/resoluciones/AUTOS%202021/0245.php?act=img&img=ext_html HTTP/1.1" 200 230
47.128.23.54 - - [26/Apr/2024:06:21:10 -0500] "GET /BLA/resoluciones/AUTOS%202021/0245.php?act=img&img=ext_diz HTTP/1.1" 200 1027
47.128.23.54 - - [26/Apr/2024:06:21:10 -0500] "GET /BLA/resoluciones/AUTOS%202021/0245.php?act=img&img=ext_exe HTTP/1.1" 200 118
47.128.23.54 - - [26/Apr/2024:06:21:10 -0500] "GET /BLA/resoluciones/AUTOS%202021/0245.php?act=img&img=ext_txt HTTP/1.1" 200 132
47.128.23.54 - - [26/Apr/2024:06:21:10 -0500] "GET /BLA/resoluciones/AUTOS%202021/0245.php?act=img&img=ext_gif HTTP/1.1" 200 175
47.128.23.54 - - [26/Apr/2024:06:21:11 -0500] "GET /BLA/resoluciones/AUTOS%202021/0245.php?act=img&img=ext_dll HTTP/1.1" 200 1034
47.128.23.54 - - [26/Apr/2024:06:21:11 -0500] "GET /BLA/resoluciones/AUTOS%202021/0245.php?act=img&img=ext_ini HTTP/1.1" 200 134
47.128.23.54 - - [26/Apr/2024:06:21:11 -0500] "GET /BLA/resoluciones/AUTOS%202021/0245.php?act=img&img=download HTTP/1.1" 200 161
47.128.23.54 - - [26/Apr/2024:06:21:11 -0500] "GET /BLA/resoluciones/AUTOS%202021/0245.php?act=img&img=change HTTP/1.1" 200 290
52.70.240.171 - - [26/Apr/2024:06:21:13 -0500] "GET /BLA/resoluciones/RESOLUCIONES%202008/1703.pdf HTTP/1.1" 200 264057
23.22.35.162 - - [26/Apr/2024:06:21:16 -0500] "GET /BLA/resoluciones/RESOLUCIONES%202008/1702.pdf HTTP/1.1" 200 298195
23.22.35.162 - - [26/Apr/2024:06:21:20 -0500] "GET /BLA/resoluciones/RESOLUCIONES%202008/1701.pdf HTTP/1.1" 200 260736
3.224.220.101 - - [26/Apr/2024:06:21:24 -0500] "GET /BLA/resoluciones/RESOLUCIONES%202008/1700.pdf HTTP/1.1" 200 231614
52.70.240.171 - - [26/Apr/2024:06:21:28 -0500] "GET /BLA/resoluciones/RESOLUCIONES%202008/1699.pdf HTTP/1.1" 200 300531
3.224.220.101 - - [26/Apr/2024:06:21:33 -0500] "GET /BLA/resoluciones/RESOLUCIONES%202008/1698.pdf HTTP/1.1" 200 204743
47.128.16.87 - - [26/Apr/2024:06:21:33 -0500] "GET /BLA/resoluciones/AUTOS%202021/0245.php?act=chmod&d=E%3A%5Cnuevo%5Chtdocs%5Ccumbreclima%5Cwp-admin%5Cincludes%5C&f=class-wp-filesystem-base.php HTTP/1.1" 200 2913
23.22.35.162 - - [26/Apr/2024:06:21:36 -0500] "GET /BLA/resoluciones/RESOLUCIONES%202008/1697.pdf HTTP/1.1" 200 253394
23.22.35.162 - - [26/Apr/2024:06:21:40 -0500] "GET /BLA/resoluciones/RESOLUCIONES%202008/1696.pdf HTTP/1.1" 200 216589
3.224.220.101 - - [26/Apr/2024:06:21:44 -0500] "GET /BLA/resoluciones/RESOLUCIONES%202008/1695.pdf HTTP/1.1" 200 220780
52.70.240.171 - - [26/Apr/2024:06:21:49 -0500] "GET /BLA/resoluciones/RESOLUCIONES%202008/1694.pdf HTTP/1.1" 200 219552
52.70.240.171 - - [26/Apr/2024:06:21:52 -0500] "GET /BLA/resoluciones/RESOLUCIONES%202008/1693.pdf HTTP/1.1" 200 215688
23.22.35.162 - - [26/Apr/2024:06:21:56 -0500] "GET /BLA/resoluciones/RESOLUCIONES%202008/1692.pdf HTTP/1.1" 200 313268
47.128.55.120 - - [26/Apr/2024:06:21:58 -0500] "GET /BLA/resoluciones/AUTOS%202021/0245.php?act=processes&d=E%3A%5Cnuevo%5Ctomcat%5Cbin%5C&processes_sort=0a HTTP/1.1" 200 3615
3.224.220.101 - - [26/Apr/2024:06:22:00 -0500] "GET /BLA/resoluciones/RESOLUCIONES%202008/1691.pdf HTTP/1.1" 200 226215
3.224.220.101 - - [26/Apr/2024:06:22:05 -0500] "GET /BLA/resoluciones/RESOLUCIONES%202008/1690.pdf HTTP/1.1" 200 210903
3.224.220.101 - - [26/Apr/2024:06:22:08 -0500] "GET /BLA/resoluciones/RESOLUCIONES%202008/1689.pdf HTTP/1.1" 200 202509
23.22.35.162 - - [26/Apr/2024:06:22:12 -0500] "GET /BLA/resoluciones/RESOLUCIONES%202008/1688.pdf HTTP/1.1" 200 203300
23.22.35.162 - - [26/Apr/2024:06:22:17 -0500] "GET /BLA/resoluciones/RESOLUCIONES%202008/1687.pdf HTTP/1.1" 200 222874
52.70.240.171 - - [26/Apr/2024:06:22:21 -0500] "GET /BLA/resoluciones/RESOLUCIONES%202008/1686.pdf HTTP/1.1" 200 528667
47.128.30.90 - - [26/Apr/2024:06:22:23 -0500] "GET /BLA/resoluciones/AUTOS%202021/0245.php?act=img&img=ext_exe HTTP/1.1" 200 118
47.128.30.90 - - [26/Apr/2024:06:22:23 -0500] "GET /BLA/resoluciones/AUTOS%202021/0245.php?act=img&img=ext_gif HTTP/1.1" 200 175
47.128.30.90 - - [26/Apr/2024:06:22:23 -0500] "GET /BLA/resoluciones/AUTOS%202021/0245.php?act=img&img=change HTTP/1.1" 200 290
47.128.30.90 - - [26/Apr/2024:06:22:23 -0500] "GET /BLA/resoluciones/AUTOS%202021/0245.php?act=img&img=ext_diz HTTP/1.1" 200 1027
47.128.30.90 - - [26/Apr/2024:06:22:23 -0500] "GET /BLA/resoluciones/AUTOS%202021/0245.php?act=img&img=ext_html HTTP/1.1" 200 230
47.128.30.90 - - [26/Apr/2024:06:22:23 -0500] "GET /BLA/resoluciones/AUTOS%202021/0245.php?act=img&img=ext_js HTTP/1.1" 200 131
47.128.30.90 - - [26/Apr/2024:06:22:23 -0500] "GET /BLA/resoluciones/AUTOS%202021/0245.php?act=img&img=ext_txt HTTP/1.1" 200 132
47.128.30.90 - - [26/Apr/2024:06:22:23 -0500] "GET /BLA/resoluciones/AUTOS%202021/0245.php?act=img&img=ext_rtf HTTP/1.1" 200 164
47.128.30.90 - - [26/Apr/2024:06:22:23 -0500] "GET /BLA/resoluciones/AUTOS%202021/0245.php?act=img&img=ext_ini HTTP/1.1" 200 134
47.128.30.90 - - [26/Apr/2024:06:22:23 -0500] "GET /BLA/resoluciones/AUTOS%202021/0245.php?act=img&img=download HTTP/1.1" 200 161
3.224.220.101 - - [26/Apr/2024:06:22:24 -0500] "GET /BLA/resoluciones/RESOLUCIONES%202008/1685.pdf HTTP/1.1" 200 238824
47.128.30.90 - - [26/Apr/2024:06:22:22 -0500] "GET /BLA/resoluciones/AUTOS%202021/0245.php?act=f&d=E%3A%5Cnuevo%5Chtdocs%5Cautodeclaracion-22%5C&f=jquery.min.js HTTP/1.1" 200 38081
201.245.192.253 - - [26/Apr/2024:06:22:25 -0500] "POST /kwsrmcab/Wsrmcab  HTTP/1.1" 200 41015
3.224.220.101 - - [26/Apr/2024:06:22:29 -0500] "GET /BLA/resoluciones/RESOLUCIONES%202008/1684.pdf HTTP/1.1" 200 211415
23.22.35.162 - - [26/Apr/2024:06:22:32 -0500] "GET /BLA/resoluciones/RESOLUCIONES%202008/1683.pdf HTTP/1.1" 200 522198
52.70.240.171 - - [26/Apr/2024:06:22:36 -0500] "GET /BLA/resoluciones/RESOLUCIONES%202008/1682.pdf HTTP/1.1" 200 291636
216.245.221.92 - - [26/Apr/2024:06:22:36 -0500] "HEAD / HTTP/1.1" 200 -
52.70.240.171 - - [26/Apr/2024:06:22:42 -0500] "GET /BLA/resoluciones/RESOLUCIONES%202008/1681.pdf HTTP/1.1" 200 128824
52.70.240.171 - - [26/Apr/2024:06:22:44 -0500] "GET /BLA/resoluciones/RESOLUCIONES%202008/1680.pdf HTTP/1.1" 200 107681
47.128.50.64 - - [26/Apr/2024:06:22:46 -0500] "GET /BLA/resoluciones/AUTOS%202021/0245.php?act=f&d=E%3A%5Cxampp%5Cxampp%5Chtdocs%5Cphpscripts&f=legis.php HTTP/1.1" 200 7689
47.128.50.64 - - [26/Apr/2024:06:22:47 -0500] "GET /BLA/resoluciones/AUTOS%202021/0245.php?act=img&img=ext_php HTTP/1.1" 200 79
47.128.50.64 - - [26/Apr/2024:06:22:47 -0500] "GET /BLA/resoluciones/AUTOS%202021/0245.php?act=img&img=ext_html HTTP/1.1" 200 230
47.128.50.64 - - [26/Apr/2024:06:22:47 -0500] "GET /BLA/resoluciones/AUTOS%202021/0245.php?act=img&img=ext_diz HTTP/1.1" 200 1027
47.128.50.64 - - [26/Apr/2024:06:22:47 -0500] "GET /BLA/resoluciones/AUTOS%202021/0245.php?act=img&img=ext_txt HTTP/1.1" 200 132
47.128.50.64 - - [26/Apr/2024:06:22:47 -0500] "GET /BLA/resoluciones/AUTOS%202021/0245.php?act=img&img=ext_gif HTTP/1.1" 200 175
47.128.50.64 - - [26/Apr/2024:06:22:47 -0500] "GET /BLA/resoluciones/AUTOS%202021/0245.php?act=img&img=ext_rtf HTTP/1.1" 200 164
47.128.50.64 - - [26/Apr/2024:06:22:47 -0500] "GET /BLA/resoluciones/AUTOS%202021/0245.php?act=img&img=ext_exe HTTP/1.1" 200 118
47.128.50.64 - - [26/Apr/2024:06:22:47 -0500] "GET /BLA/resoluciones/AUTOS%202021/0245.php?act=img&img=change HTTP/1.1" 200 290
47.128.50.64 - - [26/Apr/2024:06:22:47 -0500] "GET /BLA/resoluciones/AUTOS%202021/0245.php?act=img&img=ext_ini HTTP/1.1" 200 134
47.128.50.64 - - [26/Apr/2024:06:22:47 -0500] "GET /BLA/resoluciones/AUTOS%202021/0245.php?act=img&img=download HTTP/1.1" 200 161
23.22.35.162 - - [26/Apr/2024:06:22:52 -0500] "GET /BLA/resoluciones/RESOLUCIONES%202008/1679.pdf HTTP/1.1" 200 69481
23.22.35.162 - - [26/Apr/2024:06:22:53 -0500] "GET /BLA/resoluciones/RESOLUCIONES%202008/1678.pdf HTTP/1.1" 200 69533
181.63.105.113 - - [26/Apr/2024:06:22:55 -0500] "GET /agendate-para-participar-en-las-caminatas-ecologicas-de-febrero.html HTTP/1.1" 200 830
23.22.35.162 - - [26/Apr/2024:06:22:56 -0500] "GET /BLA/resoluciones/RESOLUCIONES%202008/1677.pdf HTTP/1.1" 200 94479
3.224.220.101 - - [26/Apr/2024:06:23:00 -0500] "GET /BLA/resoluciones/RESOLUCIONES%202008/1676.pdf HTTP/1.1" 200 69026
3.224.220.101 - - [26/Apr/2024:06:23:05 -0500] "GET /BLA/resoluciones/RESOLUCIONES%202008/1675.pdf HTTP/1.1" 200 50234
3.224.220.101 - - [26/Apr/2024:06:23:09 -0500] "GET /BLA/resoluciones/RESOLUCIONES%202008/1674.pdf HTTP/1.1" 200 134689
47.128.60.171 - - [26/Apr/2024:06:23:10 -0500] "GET /BLA/resoluciones/AUTOS%202021/0245.php?act=fsbuff&d=E%3A%5Cxampp%5Cxampp%5Chtdocs%5CdocumentosIntranet%5C HTTP/1.1" 200 2670
3.224.220.101 - - [26/Apr/2024:06:23:12 -0500] "GET /BLA/resoluciones/RESOLUCIONES%202008/1673.pdf HTTP/1.1" 200 69519
52.70.240.171 - - [26/Apr/2024:06:23:16 -0500] "GET /BLA/resoluciones/RESOLUCIONES%202008/1672.pdf HTTP/1.1" 200 50201
3.224.220.101 - - [26/Apr/2024:06:23:20 -0500] "GET /BLA/resoluciones/RESOLUCIONES%202008/1671.pdf HTTP/1.1" 200 155068
23.22.35.162 - - [26/Apr/2024:06:23:25 -0500] "GET /BLA/resoluciones/RESOLUCIONES%202008/1670.pdf HTTP/1.1" 200 67962
3.224.220.101 - - [26/Apr/2024:06:23:32 -0500] "GET /BLA/resoluciones/RESOLUCIONES%202008/1668.pdf HTTP/1.1" 200 116067
3.224.220.101 - - [26/Apr/2024:06:23:32 -0500] "GET /BLA/resoluciones/RESOLUCIONES%202008/1669.pdf HTTP/1.1" 200 90741
47.128.51.111 - - [26/Apr/2024:06:23:35 -0500] "GET /BLA/resoluciones/AUTOS%202021/0245.php?act=chmod&d=C%3A%5Cdmz%5Csendmail%5Csource&f=sendmail.mes HTTP/1.1" 200 2856
23.22.35.162 - - [26/Apr/2024:06:23:36 -0500] "GET /BLA/resoluciones/RESOLUCIONES%202008/1667.pdf HTTP/1.1" 200 160150
52.70.240.171 - - [26/Apr/2024:06:23:40 -0500] "GET /BLA/resoluciones/RESOLUCIONES%202008/1666.pdf HTTP/1.1" 200 207057
52.70.240.171 - - [26/Apr/2024:06:23:45 -0500] "GET /BLA/resoluciones/RESOLUCIONES%202008/1665.pdf HTTP/1.1" 200 204850
23.22.35.162 - - [26/Apr/2024:06:23:48 -0500] "GET /BLA/resoluciones/RESOLUCIONES%202008/1664.pdf HTTP/1.1" 200 208159
3.224.220.101 - - [26/Apr/2024:06:23:52 -0500] "GET /BLA/resoluciones/RESOLUCIONES%202008/1663.pdf HTTP/1.1" 200 210783
3.224.220.101 - - [26/Apr/2024:06:23:56 -0500] "GET /BLA/resoluciones/RESOLUCIONES%202008/1662.pdf HTTP/1.1" 200 517540
3.224.220.101 - - [26/Apr/2024:06:24:00 -0500] "GET /BLA/resoluciones/RESOLUCIONES%202008/1661.pdf HTTP/1.1" 200 267559
47.128.119.156 - - [26/Apr/2024:06:24:00 -0500] "GET /BLA/resoluciones/AUTOS%202021/0245.php?act=ls&d=C%3A%5CAmbienteBogota%5Ccounter%5Cdigits%5Cocr&sort=0a HTTP/1.1" 200 3734
47.128.119.156 - - [26/Apr/2024:06:24:01 -0500] "GET /BLA/resoluciones/AUTOS%202021/0245.php?act=img&img=arrow_ltr HTTP/1.1" 200 88
47.128.119.156 - - [26/Apr/2024:06:24:01 -0500] "GET /BLA/resoluciones/AUTOS%202021/0245.php?act=img&img=ext_png HTTP/1.1" 200 175
23.22.35.162 - - [26/Apr/2024:06:24:06 -0500] "GET /BLA/resoluciones/RESOLUCIONES%202008/1660.pdf HTTP/1.1" 200 65904
52.70.240.171 - - [26/Apr/2024:06:24:09 -0500] "GET /BLA/resoluciones/RESOLUCIONES%202008/1659.pdf HTTP/1.1" 200 68967
52.70.240.171 - - [26/Apr/2024:06:24:12 -0500] "GET /BLA/resoluciones/RESOLUCIONES%202008/1658.pdf HTTP/1.1" 200 208785
3.224.220.101 - - [26/Apr/2024:06:24:17 -0500] "GET /BLA/resoluciones/RESOLUCIONES%202008/1657.pdf HTTP/1.1" 200 205044
52.70.240.171 - - [26/Apr/2024:06:24:20 -0500] "GET /BLA/resoluciones/RESOLUCIONES%202008/1656.pdf HTTP/1.1" 200 208012
47.128.125.116 - - [26/Apr/2024:06:24:23 -0500] "GET /BLA/resoluciones/AUTOS%202021/0245.php?act=f&d=E%3A%5Cnuevo%5Chtdocs%5Ccumbredelclima%5Cwp-admin%5C&f=install-helper.php HTTP/1.1" 200 5416
3.224.220.101 - - [26/Apr/2024:06:24:24 -0500] "GET /BLA/resoluciones/RESOLUCIONES%202008/1655.pdf HTTP/1.1" 200 196543
47.128.125.116 - - [26/Apr/2024:06:24:24 -0500] "GET /BLA/resoluciones/AUTOS%202021/0245.php?act=img&img=ext_exe HTTP/1.1" 200 118
47.128.125.116 - - [26/Apr/2024:06:24:24 -0500] "GET /BLA/resoluciones/AUTOS%202021/0245.php?act=img&img=ext_php HTTP/1.1" 200 79
47.128.125.116 - - [26/Apr/2024:06:24:24 -0500] "GET /BLA/resoluciones/AUTOS%202021/0245.php?act=img&img=ext_txt HTTP/1.1" 200 132
47.128.125.116 - - [26/Apr/2024:06:24:24 -0500] "GET /BLA/resoluciones/AUTOS%202021/0245.php?act=img&img=ext_gif HTTP/1.1" 200 175
47.128.125.116 - - [26/Apr/2024:06:24:24 -0500] "GET /BLA/resoluciones/AUTOS%202021/0245.php?act=img&img=ext_diz HTTP/1.1" 200 1027
47.128.125.116 - - [26/Apr/2024:06:24:24 -0500] "GET /BLA/resoluciones/AUTOS%202021/0245.php?act=img&img=ext_html HTTP/1.1" 200 230
47.128.125.116 - - [26/Apr/2024:06:24:25 -0500] "GET /BLA/resoluciones/AUTOS%202021/0245.php?act=img&img=change HTTP/1.1" 200 290
47.128.125.116 - - [26/Apr/2024:06:24:25 -0500] "GET /BLA/resoluciones/AUTOS%202021/0245.php?act=img&img=download HTTP/1.1" 200 161
47.128.125.116 - - [26/Apr/2024:06:24:25 -0500] "GET /BLA/resoluciones/AUTOS%202021/0245.php?act=img&img=ext_rtf HTTP/1.1" 200 164
47.128.125.116 - - [26/Apr/2024:06:24:25 -0500] "GET /BLA/resoluciones/AUTOS%202021/0245.php?act=img&img=ext_ini HTTP/1.1" 200 134
52.70.240.171 - - [26/Apr/2024:06:24:29 -0500] "GET /BLA/resoluciones/RESOLUCIONES%202008/1654.pdf HTTP/1.1" 200 245201
52.70.240.171 - - [26/Apr/2024:06:24:32 -0500] "GET /BLA/resoluciones/RESOLUCIONES%202008/1653.pdf HTTP/1.1" 200 277245
52.70.240.171 - - [26/Apr/2024:06:24:37 -0500] "GET /BLA/resoluciones/RESOLUCIONES%202008/1652.pdf HTTP/1.1" 200 279966
52.70.240.171 - - [26/Apr/2024:06:24:40 -0500] "GET /BLA/resoluciones/RESOLUCIONES%202008/1651.pdf HTTP/1.1" 200 230656
3.224.220.101 - - [26/Apr/2024:06:24:44 -0500] "GET /BLA/resoluciones/RESOLUCIONES%202008/1650.pdf HTTP/1.1" 200 238548
47.128.125.139 - - [26/Apr/2024:06:24:47 -0500] "GET /BLA/resoluciones/AUTOS%202021/0245.php?act=chmod&d=E%3A%5Cnuevo%5CphpMyAdmin2%5Clocale%5Cnb%5C HTTP/1.1" 200 2858
3.224.220.101 - - [26/Apr/2024:06:24:49 -0500] "GET /BLA/resoluciones/RESOLUCIONES%202008/1649.pdf HTTP/1.1" 200 206661
23.22.35.162 - - [26/Apr/2024:06:24:52 -0500] "GET /BLA/resoluciones/RESOLUCIONES%202008/1648.pdf HTTP/1.1" 200 294500
23.22.35.162 - - [26/Apr/2024:06:24:56 -0500] "GET /BLA/resoluciones/RESOLUCIONES%202008/1647.pdf HTTP/1.1" 200 230926
52.70.240.171 - - [26/Apr/2024:06:25:00 -0500] "GET /BLA/resoluciones/RESOLUCIONES%202008/1646.pdf HTTP/1.1" 200 233525
52.70.240.171 - - [26/Apr/2024:06:25:04 -0500] "GET /BLA/resoluciones/RESOLUCIONES%202008/1645.pdf HTTP/1.1" 200 230752
52.70.240.171 - - [26/Apr/2024:06:25:10 -0500] "GET /BLA/resoluciones/RESOLUCIONES%202008/1644.pdf HTTP/1.1" 200 232979
47.128.110.235 - - [26/Apr/2024:06:25:12 -0500] "GET /BLA/resoluciones/AUTOS%202021/0245.php?act=chmod&d=E%3A%5Cnuevo%5Chtdocs%5Ccumbredelclima%5Cwp-content%5Cthemes%5Ctwentythirteen&f=404.php HTTP/1.1" 200 2927
3.224.220.101 - - [26/Apr/2024:06:25:12 -0500] "GET /BLA/resoluciones/RESOLUCIONES%202008/1643.pdf HTTP/1.1" 200 230973
23.22.35.162 - - [26/Apr/2024:06:25:16 -0500] "GET /BLA/resoluciones/RESOLUCIONES%202008/1642.pdf HTTP/1.1" 200 232342
3.224.220.101 - - [26/Apr/2024:06:25:20 -0500] "GET /BLA/resoluciones/RESOLUCIONES%202008/1641.pdf HTTP/1.1" 200 230102
52.70.240.171 - - [26/Apr/2024:06:25:24 -0500] "GET /BLA/resoluciones/RESOLUCIONES%202008/1640.pdf HTTP/1.1" 200 229256
52.70.240.171 - - [26/Apr/2024:06:25:28 -0500] "GET /BLA/resoluciones/RESOLUCIONES%202008/1639.pdf HTTP/1.1" 200 230948
52.70.240.171 - - [26/Apr/2024:06:25:32 -0500] "GET /BLA/resoluciones/RESOLUCIONES%202008/1638.pdf HTTP/1.1" 200 230129
23.22.35.162 - - [26/Apr/2024:06:25:36 -0500] "GET /BLA/resoluciones/RESOLUCIONES%202008/1637.pdf HTTP/1.1" 200 231575
47.128.125.111 - - [26/Apr/2024:06:25:37 -0500] "GET /BLA/resoluciones/AUTOS%202021/0245.php?act=ls&d=E%3A%5Cnuevo%5Chtdocs%5Ccumbredelclima%5Cwp-includes%5Cjs%5Cjquery%5Cui&sort=2d HTTP/1.1" 200 5299
47.128.125.111 - - [26/Apr/2024:06:25:38 -0500] "GET /BLA/resoluciones/AUTOS%202021/0245.php?act=img&img=arrow_ltr HTTP/1.1" 200 88
47.128.125.111 - - [26/Apr/2024:06:25:38 -0500] "GET /BLA/resoluciones/AUTOS%202021/0245.php?act=img&img=ext_js HTTP/1.1" 200 131
52.70.240.171 - - [26/Apr/2024:06:25:40 -0500] "GET /BLA/resoluciones/RESOLUCIONES%202008/1636.pdf HTTP/1.1" 200 266976
23.22.35.162 - - [26/Apr/2024:06:25:44 -0500] "GET /BLA/resoluciones/RESOLUCIONES%202008/1635.pdf HTTP/1.1" 200 263489
23.22.35.162 - - [26/Apr/2024:06:25:48 -0500] "GET /BLA/resoluciones/RESOLUCIONES%202008/1634.pdf HTTP/1.1" 200 261276
3.224.220.101 - - [26/Apr/2024:06:25:52 -0500] "GET /BLA/resoluciones/RESOLUCIONES%202008/1633.pdf HTTP/1.1" 200 268393
23.22.35.162 - - [26/Apr/2024:06:25:56 -0500] "GET /BLA/resoluciones/RESOLUCIONES%202008/1632.pdf HTTP/1.1" 200 195932
172.22.2.4 - - [26/Apr/2024:06:24:19 -0500] "HEAD /BLA/boletinlegal/ HTTP/1.1" 200 -
23.22.35.162 - - [26/Apr/2024:06:26:00 -0500] "GET /BLA/resoluciones/RESOLUCIONES%202008/1631.pdf HTTP/1.1" 200 271036
47.128.25.40 - - [26/Apr/2024:06:26:01 -0500] "GET /BLA/resoluciones/AUTOS%202021/0245.php?act=f&base64=2&d=E%3A%5Cnuevo%5Chtdocs%5Ccumbredelclima%5Cwp-includes%5Cjs%5C&f=twemoji.min.js HTTP/1.1" 200 6843
47.128.25.40 - - [26/Apr/2024:06:26:02 -0500] "GET /BLA/resoluciones/AUTOS%202021/0245.php?act=img&img=ext_gif HTTP/1.1" 200 175
47.128.25.40 - - [26/Apr/2024:06:26:02 -0500] "GET /BLA/resoluciones/AUTOS%202021/0245.php?act=img&img=ext_txt HTTP/1.1" 200 132
47.128.25.40 - - [26/Apr/2024:06:26:02 -0500] "GET /BLA/resoluciones/AUTOS%202021/0245.php?act=img&img=ext_diz HTTP/1.1" 200 1027
47.128.25.40 - - [26/Apr/2024:06:26:02 -0500] "GET /BLA/resoluciones/AUTOS%202021/0245.php?act=img&img=ext_html HTTP/1.1" 200 230
47.128.25.40 - - [26/Apr/2024:06:26:02 -0500] "GET /BLA/resoluciones/AUTOS%202021/0245.php?act=img&img=ext_exe HTTP/1.1" 200 118
47.128.25.40 - - [26/Apr/2024:06:26:02 -0500] "GET /BLA/resoluciones/AUTOS%202021/0245.php?act=img&img=ext_js HTTP/1.1" 200 131
47.128.25.40 - - [26/Apr/2024:06:26:03 -0500] "GET /BLA/resoluciones/AUTOS%202021/0245.php?act=img&img=change HTTP/1.1" 200 290
47.128.25.40 - - [26/Apr/2024:06:26:03 -0500] "GET /BLA/resoluciones/AUTOS%202021/0245.php?act=img&img=download HTTP/1.1" 200 161
47.128.25.40 - - [26/Apr/2024:06:26:03 -0500] "GET /BLA/resoluciones/AUTOS%202021/0245.php?act=img&img=ext_ini HTTP/1.1" 200 134
47.128.25.40 - - [26/Apr/2024:06:26:03 -0500] "GET /BLA/resoluciones/AUTOS%202021/0245.php?act=img&img=ext_rtf HTTP/1.1" 200 164
52.70.240.171 - - [26/Apr/2024:06:26:04 -0500] "GET /BLA/resoluciones/RESOLUCIONES%202008/1630.pdf HTTP/1.1" 200 256078
52.70.240.171 - - [26/Apr/2024:06:26:10 -0500] "GET /BLA/resoluciones/RESOLUCIONES%202008/1629.pdf HTTP/1.1" 200 255044
3.224.220.101 - - [26/Apr/2024:06:26:12 -0500] "GET /BLA/resoluciones/RESOLUCIONES%202008/1628.pdf HTTP/1.1" 200 276304
23.22.35.162 - - [26/Apr/2024:06:26:16 -0500] "GET /BLA/resoluciones/RESOLUCIONES%202008/1627.pdf HTTP/1.1" 200 258191
3.224.220.101 - - [26/Apr/2024:06:26:20 -0500] "GET /BLA/resoluciones/RESOLUCIONES%202008/1626.pdf HTTP/1.1" 200 110875
52.167.144.230 - - [26/Apr/2024:06:26:24 -0500] "GET /BLA/resoluciones/index.php?dir=RESOLUCIONES+2022%2F HTTP/1.1" 200 327649
3.224.220.101 - - [26/Apr/2024:06:26:24 -0500] "GET /BLA/resoluciones/RESOLUCIONES%202008/1625.pdf HTTP/1.1" 200 55418
47.128.53.191 - - [26/Apr/2024:06:26:25 -0500] "GET /BLA/resoluciones/AUTOS%202021/0245.php?act=chmod&d=E%3A%5Cnuevo%5Chtdocs%5CResiduos%5Cfarmaceutica%5Cimages&f=page71_thumbnail.jpg HTTP/1.1" 200 2908
181.53.13.222 - - [26/Apr/2024:06:26:24 -0500] "POST /sipse/faces/presentacion/financiero/solicitudProceso/consultarSolicitudProceso.xhtml HTTP/1.1" 200 37209
181.53.13.222 - - [26/Apr/2024:06:26:26 -0500] "GET /sipse/faces/javax.faces.resource/theme.css?ln=primefaces-sipse HTTP/1.1" 304 -
181.53.13.222 - - [26/Apr/2024:06:26:26 -0500] "GET /sipse/faces/javax.faces.resource/jquery/jquery.js?ln=primefaces&v=4.0 HTTP/1.1" 304 -
181.53.13.222 - - [26/Apr/2024:06:26:26 -0500] "GET /sipse/faces/javax.faces.resource/layout/layout.css?ln=primefaces&v=4.0 HTTP/1.1" 304 -
181.53.13.222 - - [26/Apr/2024:06:26:26 -0500] "GET /sipse/faces/javax.faces.resource/primefaces.css?ln=primefaces&v=4.0 HTTP/1.1" 304 -
181.53.13.222 - - [26/Apr/2024:06:26:26 -0500] "GET /sipse/faces/javax.faces.resource/jquery/jquery-plugins.js?ln=primefaces&v=4.0 HTTP/1.1" 304 -
181.53.13.222 - - [26/Apr/2024:06:26:26 -0500] "GET /sipse/css/imagen/contrasena.png HTTP/1.1" 404 383
181.53.13.222 - - [26/Apr/2024:06:26:26 -0500] "GET /sipse/faces/javax.faces.resource/primefaces.js?ln=primefaces&v=4.0 HTTP/1.1" 304 -
181.53.13.222 - - [26/Apr/2024:06:26:26 -0500] "GET /sipse/faces/javax.faces.resource/layout/layout.js?ln=primefaces&v=4.0 HTTP/1.1" 304 -
181.53.13.222 - - [26/Apr/2024:06:26:27 -0500] "POST /sipse/faces/presentacion/financiero/solicitudProceso/listarSolicitudProceso.xhtml HTTP/1.1" 200 30464
23.22.35.162 - - [26/Apr/2024:06:26:28 -0500] "GET /BLA/resoluciones/RESOLUCIONES%202008/1624.pdf HTTP/1.1" 200 92417
181.53.13.222 - - [26/Apr/2024:06:26:27 -0500] "POST /sipse/faces/presentacion/financiero/solicitudProceso/listarSolicitudProceso.xhtml HTTP/1.1" 200 30464
181.53.13.222 - - [26/Apr/2024:06:26:29 -0500] "POST /sipse/faces/presentacion/financiero/solicitudProceso/listarSolicitudProceso.xhtml HTTP/1.1" 200 1396
181.53.13.222 - - [26/Apr/2024:06:26:29 -0500] "POST /sipse/faces/presentacion/financiero/solicitudProceso/listarSolicitudProceso.xhtml HTTP/1.1" 200 1392
181.53.13.222 - - [26/Apr/2024:06:26:30 -0500] "POST /sipse/faces/presentacion/financiero/solicitudProceso/listarSolicitudProceso.xhtml HTTP/1.1" 200 1400
3.224.220.101 - - [26/Apr/2024:06:26:32 -0500] "GET /BLA/resoluciones/RESOLUCIONES%202008/1623.pdf HTTP/1.1" 200 78252
181.53.13.222 - - [26/Apr/2024:06:26:32 -0500] "POST /sipse/faces/presentacion/financiero/solicitudProceso/listarSolicitudProceso.xhtml HTTP/1.1" 200 21827
3.224.220.101 - - [26/Apr/2024:06:26:37 -0500] "GET /BLA/resoluciones/RESOLUCIONES%202008/1622.pdf HTTP/1.1" 200 252564
181.53.13.222 - - [26/Apr/2024:06:26:36 -0500] "POST /sipse/faces/presentacion/financiero/solicitudProceso/listarSolicitudProceso.xhtml HTTP/1.1" 200 118828
181.53.13.222 - - [26/Apr/2024:06:26:38 -0500] "GET /sipse/faces/javax.faces.resource/theme.css?ln=primefaces-sipse HTTP/1.1" 304 -
181.53.13.222 - - [26/Apr/2024:06:26:38 -0500] "GET /sipse/faces/javax.faces.resource/primefaces.css?ln=primefaces&v=4.0 HTTP/1.1" 304 -
181.53.13.222 - - [26/Apr/2024:06:26:38 -0500] "GET /sipse/faces/javax.faces.resource/jquery/jquery.js?ln=primefaces&v=4.0 HTTP/1.1" 304 -
181.53.13.222 - - [26/Apr/2024:06:26:38 -0500] "GET /sipse/faces/javax.faces.resource/layout/layout.css?ln=primefaces&v=4.0 HTTP/1.1" 304 -
181.53.13.222 - - [26/Apr/2024:06:26:38 -0500] "GET /sipse/faces/javax.faces.resource/jquery/jquery-plugins.js?ln=primefaces&v=4.0 HTTP/1.1" 304 -
181.53.13.222 - - [26/Apr/2024:06:26:38 -0500] "GET /sipse/faces/javax.faces.resource/primefaces.js?ln=primefaces&v=4.0 HTTP/1.1" 304 -
181.53.13.222 - - [26/Apr/2024:06:26:39 -0500] "GET /sipse/faces/javax.faces.resource/layout/layout.js?ln=primefaces&v=4.0 HTTP/1.1" 304 -
181.53.13.222 - - [26/Apr/2024:06:26:39 -0500] "GET /sipse/css/imagen/contrasena.png HTTP/1.1" 404 383
52.70.240.171 - - [26/Apr/2024:06:26:41 -0500] "GET /BLA/resoluciones/RESOLUCIONES%202008/1621.pdf HTTP/1.1" 200 253012
3.224.220.101 - - [26/Apr/2024:06:26:44 -0500] "GET /BLA/resoluciones/RESOLUCIONES%202008/1620.pdf HTTP/1.1" 200 246100
181.53.13.222 - - [26/Apr/2024:06:26:46 -0500] "POST /sipse/faces/presentacion/financiero/solicitudProceso/consultarSolicitudProceso.xhtml HTTP/1.1" 200 38617
181.53.13.222 - - [26/Apr/2024:06:26:46 -0500] "GET /sipse/faces/javax.faces.resource/theme.css?ln=primefaces-sipse HTTP/1.1" 304 -
181.53.13.222 - - [26/Apr/2024:06:26:46 -0500] "GET /sipse/faces/javax.faces.resource/jquery/jquery-plugins.js?ln=primefaces&v=4.0 HTTP/1.1" 304 -
181.53.13.222 - - [26/Apr/2024:06:26:46 -0500] "GET /sipse/faces/javax.faces.resource/primefaces.css?ln=primefaces&v=4.0 HTTP/1.1" 304 -
181.53.13.222 - - [26/Apr/2024:06:26:46 -0500] "GET /sipse/faces/javax.faces.resource/layout/layout.css?ln=primefaces&v=4.0 HTTP/1.1" 304 -
181.53.13.222 - - [26/Apr/2024:06:26:46 -0500] "GET /sipse/faces/javax.faces.resource/layout/layout.js?ln=primefaces&v=4.0 HTTP/1.1" 304 -
181.53.13.222 - - [26/Apr/2024:06:26:46 -0500] "GET /sipse/faces/javax.faces.resource/primefaces.js?ln=primefaces&v=4.0 HTTP/1.1" 304 -
181.53.13.222 - - [26/Apr/2024:06:26:46 -0500] "GET /sipse/faces/javax.faces.resource/jquery/jquery.js?ln=primefaces&v=4.0 HTTP/1.1" 304 -
181.53.13.222 - - [26/Apr/2024:06:26:47 -0500] "GET /sipse/css/imagen/contrasena.png HTTP/1.1" 404 383
181.53.13.222 - - [26/Apr/2024:06:26:47 -0500] "GET /sipse/faces/javax.faces.resource/images/ui-icons_898989_256x240.png?ln=primefaces-aristo HTTP/1.1" 304 -
23.22.35.162 - - [26/Apr/2024:06:26:48 -0500] "GET /BLA/resoluciones/RESOLUCIONES%202008/1619.pdf HTTP/1.1" 200 244041
172.22.2.4 - - [26/Apr/2024:06:25:10 -0500] "GET /BLA/boletinlegal/ HTTP/1.1" 200 58273
47.128.39.42 - - [26/Apr/2024:06:26:50 -0500] "GET /BLA/resoluciones/AUTOS%202021/0245.php?act=f&base64=1&d=E%3A%5Cnuevo%5Chtdocs%5CResiduos%5Ctextiles%5Cimages%5C&f=page2_thumbnail.jpg HTTP/1.1" 200 16126
47.128.39.42 - - [26/Apr/2024:06:26:52 -0500] "GET /BLA/resoluciones/AUTOS%202021/0245.php?act=img&img=ext_txt HTTP/1.1" 200 132
47.128.39.42 - - [26/Apr/2024:06:26:52 -0500] "GET /BLA/resoluciones/AUTOS%202021/0245.php?act=img&img=ext_jpg HTTP/1.1" 200 175
47.128.39.42 - - [26/Apr/2024:06:26:52 -0500] "GET /BLA/resoluciones/AUTOS%202021/0245.php?act=img&img=ext_diz HTTP/1.1" 200 1027
47.128.39.42 - - [26/Apr/2024:06:26:52 -0500] "GET /BLA/resoluciones/AUTOS%202021/0245.php?act=img&img=ext_html HTTP/1.1" 200 230
47.128.39.42 - - [26/Apr/2024:06:26:52 -0500] "GET /BLA/resoluciones/AUTOS%202021/0245.php?act=img&img=ext_exe HTTP/1.1" 200 118
47.128.39.42 - - [26/Apr/2024:06:26:52 -0500] "GET /BLA/resoluciones/AUTOS%202021/0245.php?act=img&img=ext_gif HTTP/1.1" 200 175
47.128.39.42 - - [26/Apr/2024:06:26:52 -0500] "GET /BLA/resoluciones/AUTOS%202021/0245.php?act=img&img=ext_ini HTTP/1.1" 200 134
47.128.39.42 - - [26/Apr/2024:06:26:52 -0500] "GET /BLA/resoluciones/AUTOS%202021/0245.php?act=img&img=download HTTP/1.1" 200 161
47.128.39.42 - - [26/Apr/2024:06:26:52 -0500] "GET /BLA/resoluciones/AUTOS%202021/0245.php?act=img&img=change HTTP/1.1" 200 290
47.128.39.42 - - [26/Apr/2024:06:26:52 -0500] "GET /BLA/resoluciones/AUTOS%202021/0245.php?act=img&img=ext_rtf HTTP/1.1" 200 164
3.224.220.101 - - [26/Apr/2024:06:26:53 -0500] "GET /BLA/resoluciones/RESOLUCIONES%202008/1618.pdf HTTP/1.1" 200 235584
23.22.35.162 - - [26/Apr/2024:06:26:56 -0500] "GET /BLA/resoluciones/RESOLUCIONES%202008/1617.pdf HTTP/1.1" 200 593824
52.70.240.171 - - [26/Apr/2024:06:27:00 -0500] "GET /BLA/resoluciones/RESOLUCIONES%202008/1616.pdf HTTP/1.1" 200 185674
23.22.35.162 - - [26/Apr/2024:06:27:04 -0500] "GET /BLA/resoluciones/RESOLUCIONES%202008/1615.pdf HTTP/1.1" 200 61386
3.224.220.101 - - [26/Apr/2024:06:27:08 -0500] "GET /BLA/resoluciones/RESOLUCIONES%202008/1614.pdf HTTP/1.1" 200 267743
3.224.220.101 - - [26/Apr/2024:06:27:12 -0500] "GET /BLA/resoluciones/RESOLUCIONES%202008/1613.pdf HTTP/1.1" 200 211648
47.128.39.235 - - [26/Apr/2024:06:27:15 -0500] "GET /BLA/resoluciones/AUTOS%202021/0245.php?act=processes&d=E%3A%5Cnuevo%5Chtdocs%5CResiduos%5Cvehiculos%5Cimages%5C&processes_sort=2d HTTP/1.1" 200 3660
3.224.220.101 - - [26/Apr/2024:06:27:16 -0500] "GET /BLA/resoluciones/RESOLUCIONES%202008/1612.pdf HTTP/1.1" 200 200566
3.224.220.101 - - [26/Apr/2024:06:27:20 -0500] "GET /BLA/resoluciones/RESOLUCIONES%202008/1611.pdf HTTP/1.1" 200 435476
66.249.66.13 - - [26/Apr/2024:06:27:22 -0500] "GET /BLA/resoluciones/AUTOS%202010/0101.pdf HTTP/1.1" 200 395976
66.249.66.12 - - [26/Apr/2024:06:27:23 -0500] "GET /portel_dama/libreria/php/2006/ECOSISTEMAS%20FINAL%20web_mz27/restauracion/sitio/22_proye/xtras_in/4.pdf HTTP/1.1" 404 1018
201.245.192.253 - - [26/Apr/2024:06:27:24 -0500] "POST /kwsrmcab/Wsrmcab  HTTP/1.1" 200 41015
23.22.35.162 - - [26/Apr/2024:06:27:24 -0500] "GET /BLA/resoluciones/RESOLUCIONES%202008/1610.pdf HTTP/1.1" 200 377655
23.22.35.162 - - [26/Apr/2024:06:27:28 -0500] "GET /BLA/resoluciones/RESOLUCIONES%202008/1609.pdf HTTP/1.1" 200 265940
23.22.35.162 - - [26/Apr/2024:06:27:32 -0500] "GET /BLA/resoluciones/RESOLUCIONES%202008/1608.pdf HTTP/1.1" 200 280017
23.22.35.162 - - [26/Apr/2024:06:27:36 -0500] "GET /BLA/resoluciones/RESOLUCIONES%202008/1607.pdf HTTP/1.1" 200 71862
216.245.221.92 - - [26/Apr/2024:06:27:36 -0500] "HEAD / HTTP/1.1" 200 -
47.128.23.18 - - [26/Apr/2024:06:27:39 -0500] "GET /BLA/resoluciones/AUTOS%202021/0245.php?act=f&d=E%3A%5Cnuevo%5Chtdocs%5CResiduos%5Ccosmeticos%5Cimages%5C&f=page44_thumbnail.jpg&imgsize=20 HTTP/1.1" 200 16267
47.128.23.18 - - [26/Apr/2024:06:27:40 -0500] "GET /BLA/resoluciones/AUTOS%202021/0245.php?act=img&img=ext_jpg HTTP/1.1" 200 175
47.128.23.18 - - [26/Apr/2024:06:27:40 -0500] "GET /BLA/resoluciones/AUTOS%202021/0245.php?act=img&img=ext_txt HTTP/1.1" 200 132
47.128.23.18 - - [26/Apr/2024:06:27:40 -0500] "GET /BLA/resoluciones/AUTOS%202021/0245.php?act=img&img=ext_html HTTP/1.1" 200 230
47.128.23.18 - - [26/Apr/2024:06:27:40 -0500] "GET /BLA/resoluciones/AUTOS%202021/0245.php?act=img&img=ext_diz HTTP/1.1" 200 1027
3.224.220.101 - - [26/Apr/2024:06:27:40 -0500] "GET /BLA/resoluciones/RESOLUCIONES%202008/1606.pdf HTTP/1.1" 200 212492
47.128.23.18 - - [26/Apr/2024:06:27:40 -0500] "GET /BLA/resoluciones/AUTOS%202021/0245.php?act=img&img=ext_gif HTTP/1.1" 200 175
47.128.23.18 - - [26/Apr/2024:06:27:40 -0500] "GET /BLA/resoluciones/AUTOS%202021/0245.php?act=img&img=ext_exe HTTP/1.1" 200 118
47.128.23.18 - - [26/Apr/2024:06:27:40 -0500] "GET /BLA/resoluciones/AUTOS%202021/0245.php?act=img&img=download HTTP/1.1" 200 161
47.128.23.18 - - [26/Apr/2024:06:27:40 -0500] "GET /BLA/resoluciones/AUTOS%202021/0245.php?act=img&img=ext_rtf HTTP/1.1" 200 164
47.128.23.18 - - [26/Apr/2024:06:27:40 -0500] "GET /BLA/resoluciones/AUTOS%202021/0245.php?act=img&img=change HTTP/1.1" 200 290
47.128.23.18 - - [26/Apr/2024:06:27:40 -0500] "GET /BLA/resoluciones/AUTOS%202021/0245.php?act=img&img=ext_ini HTTP/1.1" 200 134
3.224.220.101 - - [26/Apr/2024:06:27:44 -0500] "GET /BLA/resoluciones/RESOLUCIONES%202008/1605.pdf HTTP/1.1" 200 295757
3.224.220.101 - - [26/Apr/2024:06:27:48 -0500] "GET /BLA/resoluciones/RESOLUCIONES%202008/1604.pdf HTTP/1.1" 200 30389
23.22.35.162 - - [26/Apr/2024:06:27:53 -0500] "GET /BLA/resoluciones/RESOLUCIONES%202008/1603.pdf HTTP/1.1" 200 73790
3.224.220.101 - - [26/Apr/2024:06:27:57 -0500] "GET /BLA/resoluciones/RESOLUCIONES%202008/1602.pdf HTTP/1.1" 200 239954
52.70.240.171 - - [26/Apr/2024:06:28:00 -0500] "GET /BLA/resoluciones/RESOLUCIONES%202008/1601.pdf HTTP/1.1" 200 521131
47.128.32.83 - - [26/Apr/2024:06:28:02 -0500] "GET /BLA/resoluciones/AUTOS%202021/0245.php?act=f&base64=3&d=C%3A%5CAmbienteBogota%5Cautoliquidacion%5C&f=formlight.htm HTTP/1.1" 200 5255
47.128.32.83 - - [26/Apr/2024:06:28:03 -0500] "GET /BLA/resoluciones/AUTOS%202021/0245.php?act=img&img=ext_htm HTTP/1.1" 200 79
47.128.32.83 - - [26/Apr/2024:06:28:03 -0500] "GET /BLA/resoluciones/AUTOS%202021/0245.php?act=img&img=ext_diz HTTP/1.1" 200 1027
47.128.32.83 - - [26/Apr/2024:06:28:03 -0500] "GET /BLA/resoluciones/AUTOS%202021/0245.php?act=img&img=ext_exe HTTP/1.1" 200 118
47.128.32.83 - - [26/Apr/2024:06:28:03 -0500] "GET /BLA/resoluciones/AUTOS%202021/0245.php?act=img&img=ext_txt HTTP/1.1" 200 132
47.128.32.83 - - [26/Apr/2024:06:28:03 -0500] "GET /BLA/resoluciones/AUTOS%202021/0245.php?act=img&img=ext_html HTTP/1.1" 200 230
47.128.32.83 - - [26/Apr/2024:06:28:03 -0500] "GET /BLA/resoluciones/AUTOS%202021/0245.php?act=img&img=ext_gif HTTP/1.1" 200 175
47.128.32.83 - - [26/Apr/2024:06:28:03 -0500] "GET /BLA/resoluciones/AUTOS%202021/0245.php?act=img&img=change HTTP/1.1" 200 290
47.128.32.83 - - [26/Apr/2024:06:28:04 -0500] "GET /BLA/resoluciones/AUTOS%202021/0245.php?act=img&img=download HTTP/1.1" 200 161
47.128.32.83 - - [26/Apr/2024:06:28:04 -0500] "GET /BLA/resoluciones/AUTOS%202021/0245.php?act=img&img=ext_ini HTTP/1.1" 200 134
47.128.32.83 - - [26/Apr/2024:06:28:04 -0500] "GET /BLA/resoluciones/AUTOS%202021/0245.php?act=img&img=ext_rtf HTTP/1.1" 200 164
3.224.220.101 - - [26/Apr/2024:06:28:04 -0500] "GET /BLA/resoluciones/RESOLUCIONES%202008/1600.pdf HTTP/1.1" 200 241255
201.245.192.253 - - [26/Apr/2024:06:28:05 -0500] "POST /kwsrmcab/Wsrmcab HTTP/1.1" 200 40393
201.245.192.253 - - [26/Apr/2024:06:28:06 -0500] "POST /kwsrmcab/Wsrmcab HTTP/1.1" 200 36469
3.224.220.101 - - [26/Apr/2024:06:28:08 -0500] "GET /BLA/resoluciones/RESOLUCIONES%202008/1599.pdf HTTP/1.1" 200 300737
23.22.35.162 - - [26/Apr/2024:06:28:12 -0500] "GET /BLA/resoluciones/RESOLUCIONES%202008/1598.pdf HTTP/1.1" 200 285687
23.22.35.162 - - [26/Apr/2024:06:28:16 -0500] "GET /BLA/resoluciones/RESOLUCIONES%202008/1597.pdf HTTP/1.1" 200 385293
52.70.240.171 - - [26/Apr/2024:06:28:21 -0500] "GET /BLA/resoluciones/RESOLUCIONES%202008/1596.pdf HTTP/1.1" 200 280862
3.224.220.101 - - [26/Apr/2024:06:28:24 -0500] "GET /BLA/resoluciones/RESOLUCIONES%202008/1595.pdf HTTP/1.1" 200 330541
47.128.121.166 - - [26/Apr/2024:06:28:26 -0500] "GET /BLA/resoluciones/AUTOS%202021/0245.php?act=f&d=E%3A%5Cnuevo%5Chtdocs%5Csig%5CGesti%F3n+Ambiental%5C&f=126PM03-PR29.pdf&fullhexdump=1 HTTP/1.1" 200 2998
47.128.121.166 - - [26/Apr/2024:06:28:27 -0500] "GET /BLA/resoluciones/AUTOS%202021/0245.php?act=img&img=change HTTP/1.1" 200 290
47.128.121.166 - - [26/Apr/2024:06:28:27 -0500] "GET /BLA/resoluciones/AUTOS%202021/0245.php?act=img&img=ext_diz HTTP/1.1" 200 1027
47.128.121.166 - - [26/Apr/2024:06:28:27 -0500] "GET /BLA/resoluciones/AUTOS%202021/0245.php?act=img&img=ext_txt HTTP/1.1" 200 132
47.128.121.166 - - [26/Apr/2024:06:28:27 -0500] "GET /BLA/resoluciones/AUTOS%202021/0245.php?act=img&img=ext_exe HTTP/1.1" 200 118
47.128.121.166 - - [26/Apr/2024:06:28:27 -0500] "GET /BLA/resoluciones/AUTOS%202021/0245.php?act=img&img=ext_gif HTTP/1.1" 200 175
47.128.121.166 - - [26/Apr/2024:06:28:27 -0500] "GET /BLA/resoluciones/AUTOS%202021/0245.php?act=img&img=ext_html HTTP/1.1" 200 230
47.128.121.166 - - [26/Apr/2024:06:28:28 -0500] "GET /BLA/resoluciones/AUTOS%202021/0245.php?act=img&img=download HTTP/1.1" 200 161
47.128.121.166 - - [26/Apr/2024:06:28:28 -0500] "GET /BLA/resoluciones/AUTOS%202021/0245.php?act=img&img=ext_rtf HTTP/1.1" 200 164
47.128.121.166 - - [26/Apr/2024:06:28:28 -0500] "GET /BLA/resoluciones/AUTOS%202021/0245.php?act=img&img=ext_ini HTTP/1.1" 200 134
47.128.121.166 - - [26/Apr/2024:06:28:28 -0500] "GET /BLA/resoluciones/AUTOS%202021/0245.php?act=img&img=ext_pdf HTTP/1.1" 200 1034
3.224.220.101 - - [26/Apr/2024:06:28:28 -0500] "GET /BLA/resoluciones/RESOLUCIONES%202008/1594.pdf HTTP/1.1" 200 328803
3.224.220.101 - - [26/Apr/2024:06:28:32 -0500] "GET /BLA/resoluciones/RESOLUCIONES%202008/1593.pdf HTTP/1.1" 200 269733
23.22.35.162 - - [26/Apr/2024:06:28:36 -0500] "GET /BLA/resoluciones/RESOLUCIONES%202008/1592.pdf HTTP/1.1" 200 378573
191.95.54.196 - - [26/Apr/2024:06:28:39 -0500] "GET /sipse/faces/faces/autenticacion.xhtml HTTP/1.1" 200 12725
191.95.54.196 - - [26/Apr/2024:06:28:39 -0500] "GET /sipse/faces/javax.faces.resource/layout/layout.css;jsessionid=oimIzvr3Y0Q-Dut7t+GYYPB8.undefined?ln=primefaces&v=4.0 HTTP/1.1" 200 542
191.95.54.196 - - [26/Apr/2024:06:28:39 -0500] "GET /sipse/faces/javax.faces.resource/theme.css?ln=primefaces-sipse HTTP/1.1" 304 -
191.95.54.196 - - [26/Apr/2024:06:28:39 -0500] "GET /sipse/faces/javax.faces.resource/primefaces.css;jsessionid=oimIzvr3Y0Q-Dut7t+GYYPB8.undefined?ln=primefaces&v=4.0 HTTP/1.1" 200 53295
191.95.54.196 - - [26/Apr/2024:06:28:39 -0500] "GET /sipse/faces/javax.faces.resource/layout/layout.js;jsessionid=oimIzvr3Y0Q-Dut7t+GYYPB8.undefined?ln=primefaces&v=4.0 HTTP/1.1" 200 87560
191.95.54.196 - - [26/Apr/2024:06:28:39 -0500] "GET /sipse/faces/javax.faces.resource/jquery/jquery.js;jsessionid=oimIzvr3Y0Q-Dut7t+GYYPB8.undefined?ln=primefaces&v=4.0 HTTP/1.1" 200 105384
191.95.54.196 - - [26/Apr/2024:06:28:39 -0500] "GET /sipse/faces/javax.faces.resource/jquery/jquery-plugins.js;jsessionid=oimIzvr3Y0Q-Dut7t+GYYPB8.undefined?ln=primefaces&v=4.0 HTTP/1.1" 200 220526
191.95.54.196 - - [26/Apr/2024:06:28:39 -0500] "GET /sipse/faces/javax.faces.resource/primefaces.js;jsessionid=oimIzvr3Y0Q-Dut7t+GYYPB8.undefined?ln=primefaces&v=4.0 HTTP/1.1" 200 276924
191.95.54.196 - - [26/Apr/2024:06:28:40 -0500] "GET /sipse/faces/javax.faces.resource/images/ui-icons_898989_256x240.png?ln=primefaces-aristo HTTP/1.1" 304 -
191.95.54.196 - - [26/Apr/2024:06:28:40 -0500] "GET /sipse/faces/faces/index.xhtml HTTP/1.1" 200 677
191.95.54.196 - - [26/Apr/2024:06:28:40 -0500] "GET /sipse/faces/javax.faces.resource/theme.css?ln=primefaces-sipse HTTP/1.1" 304 -
191.95.54.196 - - [26/Apr/2024:06:28:40 -0500] "GET /sipse/faces/faces/faces/autenticacion.xhtml HTTP/1.1" 200 12403
191.95.54.196 - - [26/Apr/2024:06:28:40 -0500] "GET /sipse/faces/javax.faces.resource/theme.css?ln=primefaces-sipse HTTP/1.1" 304 -
191.95.54.196 - - [26/Apr/2024:06:28:40 -0500] "GET /sipse/faces/javax.faces.resource/primefaces.css?ln=primefaces&v=4.0 HTTP/1.1" 304 -
191.95.54.196 - - [26/Apr/2024:06:28:40 -0500] "GET /sipse/faces/javax.faces.resource/layout/layout.css?ln=primefaces&v=4.0 HTTP/1.1" 304 -
191.95.54.196 - - [26/Apr/2024:06:28:40 -0500] "GET /sipse/faces/javax.faces.resource/jquery/jquery.js?ln=primefaces&v=4.0 HTTP/1.1" 304 -
191.95.54.196 - - [26/Apr/2024:06:28:40 -0500] "GET /sipse/faces/javax.faces.resource/jquery/jquery-plugins.js?ln=primefaces&v=4.0 HTTP/1.1" 304 -
