191.95.54.196 - - [26/Apr/2024:06:28:40 -0500] "GET /sipse/faces/javax.faces.resource/primefaces.js?ln=primefaces&v=4.0 HTTP/1.1" 304 -
191.95.54.196 - - [26/Apr/2024:06:28:40 -0500] "GET /sipse/faces/javax.faces.resource/layout/layout.js?ln=primefaces&v=4.0 HTTP/1.1" 304 -
52.70.240.171 - - [26/Apr/2024:06:28:40 -0500] "GET /BLA/resoluciones/RESOLUCIONES%202008/1591.pdf HTTP/1.1" 200 301373
3.224.220.101 - - [26/Apr/2024:06:28:45 -0500] "GET /BLA/resoluciones/RESOLUCIONES%202008/1590.pdf HTTP/1.1" 200 717171
191.95.54.196 - - [26/Apr/2024:06:28:46 -0500] "POST /sipse/faces/autenticacion.xhtml HTTP/1.1" 200 11221
191.95.54.196 - - [26/Apr/2024:06:28:46 -0500] "GET /sipse/faces/javax.faces.resource/theme.css?ln=primefaces-sipse HTTP/1.1" 304 -
191.95.54.196 - - [26/Apr/2024:06:28:46 -0500] "GET /sipse/faces/javax.faces.resource/primefaces.css?ln=primefaces&v=4.0 HTTP/1.1" 304 -
191.95.54.196 - - [26/Apr/2024:06:28:46 -0500] "GET /sipse/faces/javax.faces.resource/jquery/jquery.js?ln=primefaces&v=4.0 HTTP/1.1" 304 -
191.95.54.196 - - [26/Apr/2024:06:28:46 -0500] "GET /sipse/faces/javax.faces.resource/layout/layout.css?ln=primefaces&v=4.0 HTTP/1.1" 304 -
191.95.54.196 - - [26/Apr/2024:06:28:46 -0500] "GET /sipse/faces/javax.faces.resource/jquery/jquery-plugins.js?ln=primefaces&v=4.0 HTTP/1.1" 304 -
191.95.54.196 - - [26/Apr/2024:06:28:46 -0500] "GET /sipse/faces/javax.faces.resource/primefaces.js?ln=primefaces&v=4.0 HTTP/1.1" 304 -
191.95.54.196 - - [26/Apr/2024:06:28:46 -0500] "GET /sipse/faces/javax.faces.resource/layout/layout.js?ln=primefaces&v=4.0 HTTP/1.1" 304 -
191.95.54.196 - - [26/Apr/2024:06:28:46 -0500] "GET /sipse/faces/javax.faces.resource/messages/messages.png?ln=primefaces&v=4.0 HTTP/1.1" 304 -
191.95.54.196 - - [26/Apr/2024:06:28:48 -0500] "GET /sipse/faces/javax.faces.resource/images/ui-icons_898989_256x240.png?ln=primefaces-aristo HTTP/1.1" 304 -
52.70.240.171 - - [26/Apr/2024:06:28:48 -0500] "GET /BLA/resoluciones/RESOLUCIONES%202008/1589.pdf HTTP/1.1" 200 284139
191.95.54.196 - - [26/Apr/2024:06:28:50 -0500] "POST /sipse/faces/presentacion/sistema/seguridad/seleccionRol.xhtml HTTP/1.1" 200 5588
47.128.113.0 - - [26/Apr/2024:06:28:51 -0500] "GET /BLA/resoluciones/AUTOS%202021/0245.php?act=f&base64=1&d=E%3A%5Cnuevo%5Chtdocs%5Ccumbredelclima%5Cwp-admin%5Cjs%5C&f=widgets.min.js HTTP/1.1" 200 5836
47.128.113.0 - - [26/Apr/2024:06:28:51 -0500] "GET /BLA/resoluciones/AUTOS%202021/0245.php?act=img&img=ext_txt HTTP/1.1" 200 132
47.128.113.0 - - [26/Apr/2024:06:28:51 -0500] "GET /BLA/resoluciones/AUTOS%202021/0245.php?act=img&img=ext_html HTTP/1.1" 200 230
47.128.113.0 - - [26/Apr/2024:06:28:51 -0500] "GET /BLA/resoluciones/AUTOS%202021/0245.php?act=img&img=ext_exe HTTP/1.1" 200 118
47.128.113.0 - - [26/Apr/2024:06:28:51 -0500] "GET /BLA/resoluciones/AUTOS%202021/0245.php?act=img&img=ext_diz HTTP/1.1" 200 1027
47.128.113.0 - - [26/Apr/2024:06:28:52 -0500] "GET /BLA/resoluciones/AUTOS%202021/0245.php?act=img&img=ext_gif HTTP/1.1" 200 175
191.95.54.196 - - [26/Apr/2024:06:28:52 -0500] "POST /sipse/faces/presentacion/sistema/seguridad/seleccionRol.xhtml HTTP/1.1" 200 16463
191.95.54.196 - - [26/Apr/2024:06:28:52 -0500] "GET /sipse/faces/javax.faces.resource/primefaces.css?ln=primefaces&v=4.0 HTTP/1.1" 304 -
191.95.54.196 - - [26/Apr/2024:06:28:52 -0500] "GET /sipse/faces/javax.faces.resource/layout/layout.css?ln=primefaces&v=4.0 HTTP/1.1" 304 -
191.95.54.196 - - [26/Apr/2024:06:28:52 -0500] "GET /sipse/faces/javax.faces.resource/theme.css?ln=primefaces-sipse HTTP/1.1" 304 -
191.95.54.196 - - [26/Apr/2024:06:28:52 -0500] "GET /sipse/faces/javax.faces.resource/jquery/jquery.js?ln=primefaces&v=4.0 HTTP/1.1" 304 -
191.95.54.196 - - [26/Apr/2024:06:28:52 -0500] "GET /sipse/faces/javax.faces.resource/jquery/jquery-plugins.js?ln=primefaces&v=4.0 HTTP/1.1" 304 -
191.95.54.196 - - [26/Apr/2024:06:28:52 -0500] "GET /sipse/faces/javax.faces.resource/primefaces.js?ln=primefaces&v=4.0 HTTP/1.1" 304 -
47.128.113.0 - - [26/Apr/2024:06:28:52 -0500] "GET /BLA/resoluciones/AUTOS%202021/0245.php?act=img&img=ext_js HTTP/1.1" 200 131
191.95.54.196 - - [26/Apr/2024:06:28:52 -0500] "GET /sipse/faces/javax.faces.resource/layout/layout.js?ln=primefaces&v=4.0 HTTP/1.1" 304 -
47.128.113.0 - - [26/Apr/2024:06:28:52 -0500] "GET /BLA/resoluciones/AUTOS%202021/0245.php?act=img&img=ext_rtf HTTP/1.1" 200 164
47.128.113.0 - - [26/Apr/2024:06:28:52 -0500] "GET /BLA/resoluciones/AUTOS%202021/0245.php?act=img&img=ext_ini HTTP/1.1" 200 134
47.128.113.0 - - [26/Apr/2024:06:28:52 -0500] "GET /BLA/resoluciones/AUTOS%202021/0245.php?act=img&img=download HTTP/1.1" 200 161
191.95.54.196 - - [26/Apr/2024:06:28:52 -0500] "GET /sipse/css/imagen/contrasena.png HTTP/1.1" 404 383
47.128.113.0 - - [26/Apr/2024:06:28:52 -0500] "GET /BLA/resoluciones/AUTOS%202021/0245.php?act=img&img=change HTTP/1.1" 200 290
3.224.220.101 - - [26/Apr/2024:06:28:52 -0500] "GET /BLA/resoluciones/RESOLUCIONES%202008/1588.pdf HTTP/1.1" 200 405507
191.95.54.196 - - [26/Apr/2024:06:28:53 -0500] "GET /sipse/faces/javax.faces.resource/images/ui-bg_flat_0_2d5972_40x100.png?ln=primefaces-aristo HTTP/1.1" 304 -
191.95.54.196 - - [26/Apr/2024:06:28:53 -0500] "POST /sipse/faces/bienvenido.xhtml HTTP/1.1" 200 2658
191.95.54.196 - - [26/Apr/2024:06:28:54 -0500] "POST /sipse/faces/bienvenido.xhtml HTTP/1.1" 200 63330
191.95.54.196 - - [26/Apr/2024:06:28:55 -0500] "GET /sipse/faces/javax.faces.resource/theme.css?ln=primefaces-sipse HTTP/1.1" 304 -
191.95.54.196 - - [26/Apr/2024:06:28:55 -0500] "GET /sipse/faces/javax.faces.resource/primefaces.css?ln=primefaces&v=4.0 HTTP/1.1" 304 -
191.95.54.196 - - [26/Apr/2024:06:28:55 -0500] "GET /sipse/faces/javax.faces.resource/layout/layout.css?ln=primefaces&v=4.0 HTTP/1.1" 304 -
191.95.54.196 - - [26/Apr/2024:06:28:55 -0500] "GET /sipse/faces/javax.faces.resource/jquery/jquery.js?ln=primefaces&v=4.0 HTTP/1.1" 304 -
191.95.54.196 - - [26/Apr/2024:06:28:55 -0500] "GET /sipse/faces/javax.faces.resource/jquery/jquery-plugins.js?ln=primefaces&v=4.0 HTTP/1.1" 304 -
191.95.54.196 - - [26/Apr/2024:06:28:55 -0500] "GET /sipse/faces/javax.faces.resource/primefaces.js?ln=primefaces&v=4.0 HTTP/1.1" 304 -
191.95.54.196 - - [26/Apr/2024:06:28:55 -0500] "GET /sipse/faces/javax.faces.resource/layout/layout.js?ln=primefaces&v=4.0 HTTP/1.1" 304 -
191.95.54.196 - - [26/Apr/2024:06:28:55 -0500] "POST /sipse/faces/presentacion/financiero/solicitudProceso/listarSolicitudProceso.xhtml HTTP/1.1" 200 1556
23.22.35.162 - - [26/Apr/2024:06:28:56 -0500] "GET /BLA/resoluciones/RESOLUCIONES%202008/1587.pdf HTTP/1.1" 200 269525
3.224.220.101 - - [26/Apr/2024:06:29:00 -0500] "GET /BLA/resoluciones/RESOLUCIONES%202008/1586.pdf HTTP/1.1" 200 359550
191.95.54.196 - - [26/Apr/2024:06:29:03 -0500] "POST /sipse/faces/presentacion/financiero/solicitudProceso/listarSolicitudProceso.xhtml HTTP/1.1" 200 138066
191.95.54.196 - - [26/Apr/2024:06:29:04 -0500] "GET /sipse/faces/javax.faces.resource/theme.css?ln=primefaces-sipse HTTP/1.1" 304 -
191.95.54.196 - - [26/Apr/2024:06:29:04 -0500] "GET /sipse/faces/javax.faces.resource/primefaces.css?ln=primefaces&v=4.0 HTTP/1.1" 304 -
191.95.54.196 - - [26/Apr/2024:06:29:04 -0500] "GET /sipse/faces/javax.faces.resource/layout/layout.css?ln=primefaces&v=4.0 HTTP/1.1" 304 -
191.95.54.196 - - [26/Apr/2024:06:29:04 -0500] "GET /sipse/faces/javax.faces.resource/jquery/jquery.js?ln=primefaces&v=4.0 HTTP/1.1" 304 -
191.95.54.196 - - [26/Apr/2024:06:29:04 -0500] "GET /sipse/faces/javax.faces.resource/jquery/jquery-plugins.js?ln=primefaces&v=4.0 HTTP/1.1" 304 -
191.95.54.196 - - [26/Apr/2024:06:29:04 -0500] "GET /sipse/faces/javax.faces.resource/primefaces.js?ln=primefaces&v=4.0 HTTP/1.1" 304 -
191.95.54.196 - - [26/Apr/2024:06:29:04 -0500] "GET /sipse/faces/javax.faces.resource/layout/layout.js?ln=primefaces&v=4.0 HTTP/1.1" 304 -
52.70.240.171 - - [26/Apr/2024:06:29:04 -0500] "GET /BLA/resoluciones/RESOLUCIONES%202008/1585.pdf HTTP/1.1" 200 323735
23.22.35.162 - - [26/Apr/2024:06:29:08 -0500] "GET /BLA/resoluciones/RESOLUCIONES%202008/1584.pdf HTTP/1.1" 200 96248
191.95.54.196 - - [26/Apr/2024:06:29:07 -0500] "POST /sipse/faces/presentacion/financiero/solicitudProceso/consultarSolicitudProceso.xhtml HTTP/1.1" 200 60859
191.95.54.196 - - [26/Apr/2024:06:29:09 -0500] "GET /sipse/faces/javax.faces.resource/theme.css?ln=primefaces-sipse HTTP/1.1" 304 -
191.95.54.196 - - [26/Apr/2024:06:29:09 -0500] "GET /sipse/faces/javax.faces.resource/layout/layout.css?ln=primefaces&v=4.0 HTTP/1.1" 304 -
191.95.54.196 - - [26/Apr/2024:06:29:09 -0500] "GET /sipse/faces/javax.faces.resource/primefaces.css?ln=primefaces&v=4.0 HTTP/1.1" 304 -
191.95.54.196 - - [26/Apr/2024:06:29:09 -0500] "GET /sipse/faces/javax.faces.resource/jquery/jquery.js?ln=primefaces&v=4.0 HTTP/1.1" 304 -
191.95.54.196 - - [26/Apr/2024:06:29:09 -0500] "GET /sipse/faces/javax.faces.resource/jquery/jquery-plugins.js?ln=primefaces&v=4.0 HTTP/1.1" 304 -
191.95.54.196 - - [26/Apr/2024:06:29:10 -0500] "GET /sipse/faces/javax.faces.resource/primefaces.js?ln=primefaces&v=4.0 HTTP/1.1" 304 -
191.95.54.196 - - [26/Apr/2024:06:29:10 -0500] "GET /sipse/faces/javax.faces.resource/layout/layout.js?ln=primefaces&v=4.0 HTTP/1.1" 304 -
191.95.54.196 - - [26/Apr/2024:06:29:10 -0500] "POST /sipse/faces/presentacion/financiero/solicitudProceso/listarSolicitudProceso.xhtml HTTP/1.1" 200 1556
52.70.240.171 - - [26/Apr/2024:06:29:12 -0500] "GET /BLA/resoluciones/RESOLUCIONES%202008/1583.pdf HTTP/1.1" 200 92929
201.245.192.253 - - [26/Apr/2024:06:29:12 -0500] "POST /kwsrmcab/Wsrmcab HTTP/1.1" 200 40895
191.95.54.196 - - [26/Apr/2024:06:29:14 -0500] "POST /sipse/faces/presentacion/financiero/solicitudProceso/listarSolicitudProceso.xhtml HTTP/1.1" 200 148249
191.95.54.196 - - [26/Apr/2024:06:29:15 -0500] "GET /sipse/faces/javax.faces.resource/layout/layout.css?ln=primefaces&v=4.0 HTTP/1.1" 304 -
191.95.54.196 - - [26/Apr/2024:06:29:15 -0500] "GET /sipse/faces/javax.faces.resource/primefaces.css?ln=primefaces&v=4.0 HTTP/1.1" 304 -
191.95.54.196 - - [26/Apr/2024:06:29:15 -0500] "GET /sipse/faces/javax.faces.resource/theme.css?ln=primefaces-sipse HTTP/1.1" 304 -
191.95.54.196 - - [26/Apr/2024:06:29:15 -0500] "GET /sipse/faces/javax.faces.resource/jquery/jquery.js?ln=primefaces&v=4.0 HTTP/1.1" 304 -
191.95.54.196 - - [26/Apr/2024:06:29:15 -0500] "GET /sipse/faces/javax.faces.resource/jquery/jquery-plugins.js?ln=primefaces&v=4.0 HTTP/1.1" 304 -
191.95.54.196 - - [26/Apr/2024:06:29:15 -0500] "GET /sipse/faces/javax.faces.resource/primefaces.js?ln=primefaces&v=4.0 HTTP/1.1" 304 -
191.95.54.196 - - [26/Apr/2024:06:29:15 -0500] "GET /sipse/faces/javax.faces.resource/layout/layout.js?ln=primefaces&v=4.0 HTTP/1.1" 304 -
52.70.240.171 - - [26/Apr/2024:06:29:17 -0500] "GET /BLA/resoluciones/RESOLUCIONES%202008/1582.pdf HTTP/1.1" 200 282290
3.224.220.101 - - [26/Apr/2024:06:29:20 -0500] "GET /BLA/resoluciones/RESOLUCIONES%202008/1581.pdf HTTP/1.1" 200 262039
191.95.54.196 - - [26/Apr/2024:06:29:20 -0500] "POST /sipse/faces/presentacion/financiero/solicitudProceso/consultarSolicitudProceso.xhtml HTTP/1.1" 200 57945
191.95.54.196 - - [26/Apr/2024:06:29:22 -0500] "GET /sipse/faces/javax.faces.resource/theme.css?ln=primefaces-sipse HTTP/1.1" 304 -
191.95.54.196 - - [26/Apr/2024:06:29:22 -0500] "GET /sipse/faces/javax.faces.resource/layout/layout.css?ln=primefaces&v=4.0 HTTP/1.1" 304 -
191.95.54.196 - - [26/Apr/2024:06:29:22 -0500] "GET /sipse/faces/javax.faces.resource/primefaces.css?ln=primefaces&v=4.0 HTTP/1.1" 304 -
191.95.54.196 - - [26/Apr/2024:06:29:22 -0500] "GET /sipse/faces/javax.faces.resource/jquery/jquery.js?ln=primefaces&v=4.0 HTTP/1.1" 304 -
191.95.54.196 - - [26/Apr/2024:06:29:22 -0500] "GET /sipse/faces/javax.faces.resource/jquery/jquery-plugins.js?ln=primefaces&v=4.0 HTTP/1.1" 304 -
191.95.54.196 - - [26/Apr/2024:06:29:22 -0500] "GET /sipse/faces/javax.faces.resource/primefaces.js?ln=primefaces&v=4.0 HTTP/1.1" 304 -
191.95.54.196 - - [26/Apr/2024:06:29:22 -0500] "GET /sipse/faces/javax.faces.resource/layout/layout.js?ln=primefaces&v=4.0 HTTP/1.1" 304 -
191.95.54.196 - - [26/Apr/2024:06:29:23 -0500] "POST /sipse/faces/presentacion/financiero/solicitudProceso/listarSolicitudProceso.xhtml HTTP/1.1" 200 1536
23.22.35.162 - - [26/Apr/2024:06:29:24 -0500] "GET /BLA/resoluciones/RESOLUCIONES%202008/1580.pdf HTTP/1.1" 200 379464
52.70.240.171 - - [26/Apr/2024:06:29:28 -0500] "GET /BLA/resoluciones/RESOLUCIONES%202008/1579.pdf HTTP/1.1" 200 434357
47.128.113.106 - - [26/Apr/2024:06:29:15 -0500] "GET /BLA/resoluciones/AUTOS%202021/0245.php?act=update&d=C%3A%5CAmbienteBogota%5Ccounter%5Cdigits%5Cbuftom%5C HTTP/1.1" 200 2682
23.22.35.162 - - [26/Apr/2024:06:29:32 -0500] "GET /BLA/resoluciones/RESOLUCIONES%202008/1578.pdf HTTP/1.1" 200 223525
191.95.54.196 - - [26/Apr/2024:06:29:31 -0500] "POST /sipse/faces/presentacion/financiero/solicitudProceso/listarSolicitudProceso.xhtml HTTP/1.1" 200 154929
191.95.54.196 - - [26/Apr/2024:06:29:32 -0500] "GET /sipse/faces/javax.faces.resource/theme.css?ln=primefaces-sipse HTTP/1.1" 304 -
191.95.54.196 - - [26/Apr/2024:06:29:32 -0500] "GET /sipse/faces/javax.faces.resource/layout/layout.css?ln=primefaces&v=4.0 HTTP/1.1" 304 -
191.95.54.196 - - [26/Apr/2024:06:29:32 -0500] "GET /sipse/faces/javax.faces.resource/primefaces.css?ln=primefaces&v=4.0 HTTP/1.1" 304 -
191.95.54.196 - - [26/Apr/2024:06:29:32 -0500] "GET /sipse/faces/javax.faces.resource/jquery/jquery.js?ln=primefaces&v=4.0 HTTP/1.1" 304 -
191.95.54.196 - - [26/Apr/2024:06:29:32 -0500] "GET /sipse/faces/javax.faces.resource/jquery/jquery-plugins.js?ln=primefaces&v=4.0 HTTP/1.1" 304 -
191.95.54.196 - - [26/Apr/2024:06:29:32 -0500] "GET /sipse/faces/javax.faces.resource/primefaces.js?ln=primefaces&v=4.0 HTTP/1.1" 304 -
191.95.54.196 - - [26/Apr/2024:06:29:32 -0500] "GET /sipse/faces/javax.faces.resource/layout/layout.js?ln=primefaces&v=4.0 HTTP/1.1" 304 -
52.70.240.171 - - [26/Apr/2024:06:29:36 -0500] "GET /BLA/resoluciones/RESOLUCIONES%202008/1577.pdf HTTP/1.1" 200 260073
47.128.44.239 - - [26/Apr/2024:06:29:39 -0500] "GET /BLA/resoluciones/AUTOS%202021/0245.php?act=f&d=E%3A%5Cnuevo%5Chtdocs%5Ccumbredelclima%5Cwp-admin%5C&f=upgrade-functions.php&white=1 HTTP/1.1" 200 349
23.22.35.162 - - [26/Apr/2024:06:29:40 -0500] "GET /BLA/resoluciones/RESOLUCIONES%202008/1576.pdf HTTP/1.1" 200 361558
216.244.66.246 - - [26/Apr/2024:06:29:40 -0500] "GET /robots.txt HTTP/1.1" 404 1035
191.95.54.196 - - [26/Apr/2024:06:29:39 -0500] "POST /sipse/faces/presentacion/financiero/solicitudProceso/consultarSolicitudProceso.xhtml HTTP/1.1" 200 54871
191.95.54.196 - - [26/Apr/2024:06:29:41 -0500] "GET /sipse/faces/javax.faces.resource/theme.css?ln=primefaces-sipse HTTP/1.1" 304 -
191.95.54.196 - - [26/Apr/2024:06:29:41 -0500] "GET /sipse/faces/javax.faces.resource/primefaces.css?ln=primefaces&v=4.0 HTTP/1.1" 304 -
191.95.54.196 - - [26/Apr/2024:06:29:41 -0500] "GET /sipse/faces/javax.faces.resource/layout/layout.css?ln=primefaces&v=4.0 HTTP/1.1" 304 -
191.95.54.196 - - [26/Apr/2024:06:29:41 -0500] "GET /sipse/faces/javax.faces.resource/jquery/jquery.js?ln=primefaces&v=4.0 HTTP/1.1" 304 -
191.95.54.196 - - [26/Apr/2024:06:29:41 -0500] "GET /sipse/faces/javax.faces.resource/jquery/jquery-plugins.js?ln=primefaces&v=4.0 HTTP/1.1" 304 -
191.95.54.196 - - [26/Apr/2024:06:29:41 -0500] "GET /sipse/faces/javax.faces.resource/primefaces.js?ln=primefaces&v=4.0 HTTP/1.1" 304 -
191.95.54.196 - - [26/Apr/2024:06:29:42 -0500] "GET /sipse/faces/javax.faces.resource/layout/layout.js?ln=primefaces&v=4.0 HTTP/1.1" 304 -
191.95.54.196 - - [26/Apr/2024:06:29:42 -0500] "POST /sipse/faces/presentacion/financiero/solicitudProceso/listarSolicitudProceso.xhtml HTTP/1.1" 200 1520
52.167.144.230 - - [26/Apr/2024:06:29:44 -0500] "GET /BLA/resoluciones/RESOLUCIONES%202018/3413.pdf HTTP/1.1" 304 -
23.22.35.162 - - [26/Apr/2024:06:29:44 -0500] "GET /BLA/resoluciones/RESOLUCIONES%202008/1575.pdf HTTP/1.1" 200 304089
23.22.35.162 - - [26/Apr/2024:06:29:48 -0500] "GET /BLA/resoluciones/RESOLUCIONES%202008/1574.pdf HTTP/1.1" 200 315757
191.95.54.196 - - [26/Apr/2024:06:29:50 -0500] "POST /sipse/faces/presentacion/financiero/solicitudProceso/listarSolicitudProceso.xhtml HTTP/1.1" 200 47641
191.95.54.196 - - [26/Apr/2024:06:29:50 -0500] "POST /sipse/faces/presentacion/financiero/solicitudProceso/listarSolicitudProceso.xhtml HTTP/1.1" 200 47641
191.95.54.196 - - [26/Apr/2024:06:29:51 -0500] "POST /sipse/faces/presentacion/financiero/solicitudProceso/listarSolicitudProceso.xhtml HTTP/1.1" 200 47641
191.95.54.196 - - [26/Apr/2024:06:29:51 -0500] "POST /sipse/faces/presentacion/financiero/solicitudProceso/listarSolicitudProceso.xhtml HTTP/1.1" 200 47641
191.95.54.196 - - [26/Apr/2024:06:29:51 -0500] "POST /sipse/faces/presentacion/financiero/solicitudProceso/listarSolicitudProceso.xhtml HTTP/1.1" 200 47641
191.95.54.196 - - [26/Apr/2024:06:29:52 -0500] "POST /sipse/faces/presentacion/financiero/solicitudProceso/listarSolicitudProceso.xhtml HTTP/1.1" 200 47641
3.224.220.101 - - [26/Apr/2024:06:29:52 -0500] "GET /BLA/resoluciones/RESOLUCIONES%202008/1573.pdf HTTP/1.1" 200 54661
191.95.54.196 - - [26/Apr/2024:06:29:52 -0500] "POST /sipse/faces/presentacion/financiero/solicitudProceso/listarSolicitudProceso.xhtml HTTP/1.1" 200 47641
191.95.54.196 - - [26/Apr/2024:06:29:52 -0500] "POST /sipse/faces/presentacion/financiero/solicitudProceso/listarSolicitudProceso.xhtml HTTP/1.1" 200 47641
191.95.54.196 - - [26/Apr/2024:06:29:53 -0500] "POST /sipse/faces/presentacion/financiero/solicitudProceso/listarSolicitudProceso.xhtml HTTP/1.1" 200 1520
191.95.54.196 - - [26/Apr/2024:06:29:53 -0500] "POST /sipse/faces/presentacion/financiero/solicitudProceso/listarSolicitudProceso.xhtml HTTP/1.1" 200 1528
191.95.54.196 - - [26/Apr/2024:06:29:53 -0500] "POST /sipse/faces/presentacion/financiero/solicitudProceso/listarSolicitudProceso.xhtml HTTP/1.1" 200 1528
191.95.54.196 - - [26/Apr/2024:06:29:53 -0500] "POST /sipse/faces/presentacion/financiero/solicitudProceso/listarSolicitudProceso.xhtml HTTP/1.1" 200 1528
191.95.54.196 - - [26/Apr/2024:06:29:53 -0500] "POST /sipse/faces/presentacion/financiero/solicitudProceso/listarSolicitudProceso.xhtml HTTP/1.1" 200 1528
191.95.54.196 - - [26/Apr/2024:06:29:54 -0500] "POST /sipse/faces/presentacion/financiero/solicitudProceso/listarSolicitudProceso.xhtml HTTP/1.1" 200 1528
191.95.54.196 - - [26/Apr/2024:06:29:54 -0500] "POST /sipse/faces/presentacion/financiero/solicitudProceso/listarSolicitudProceso.xhtml HTTP/1.1" 200 1528
191.95.54.196 - - [26/Apr/2024:06:29:54 -0500] "POST /sipse/faces/presentacion/financiero/solicitudProceso/listarSolicitudProceso.xhtml HTTP/1.1" 200 1528
40.77.167.241 - - [26/Apr/2024:06:29:55 -0500] "GET /portaldeninos/wp-content/uploads/2020/11/Jaboque-B-260x146.jpg HTTP/1.1" 200 12641
191.95.54.196 - - [26/Apr/2024:06:29:56 -0500] "POST /sipse/faces/presentacion/financiero/solicitudProceso/listarSolicitudProceso.xhtml HTTP/1.1" 200 184
191.95.54.196 - - [26/Apr/2024:06:29:56 -0500] "POST /sipse/faces/presentacion/financiero/solicitudProceso/listarSolicitudProceso.xhtml HTTP/1.1" 200 184
52.70.240.171 - - [26/Apr/2024:06:29:56 -0500] "GET /BLA/resoluciones/RESOLUCIONES%202008/1572.pdf HTTP/1.1" 200 237997
191.95.54.196 - - [26/Apr/2024:06:29:56 -0500] "POST /sipse/faces/presentacion/financiero/solicitudProceso/listarSolicitudProceso.xhtml HTTP/1.1" 200 184
191.95.54.196 - - [26/Apr/2024:06:29:56 -0500] "GET /sipse/faces/presentacion/financiero/solicitudAnulacion/solicitudAnulacion.xhtml HTTP/1.1" 200 15776
191.95.54.196 - - [26/Apr/2024:06:29:56 -0500] "GET /sipse/faces/presentacion/financiero/solicitudAnulacion/solicitudAnulacion.xhtml HTTP/1.1" 200 29664
191.95.54.196 - - [26/Apr/2024:06:29:56 -0500] "POST /sipse/faces/presentacion/financiero/solicitudProceso/listarSolicitudProceso.xhtml HTTP/1.1" 200 184
191.95.54.196 - - [26/Apr/2024:06:29:56 -0500] "POST /sipse/faces/presentacion/financiero/solicitudProceso/listarSolicitudProceso.xhtml HTTP/1.1" 200 184
191.95.54.196 - - [26/Apr/2024:06:29:56 -0500] "GET /sipse/faces/presentacion/financiero/solicitudAnulacion/solicitudAnulacion.xhtml HTTP/1.1" 200 16132
191.95.54.196 - - [26/Apr/2024:06:29:56 -0500] "POST /sipse/faces/presentacion/financiero/solicitudProceso/listarSolicitudProceso.xhtml HTTP/1.1" 200 184
191.95.54.196 - - [26/Apr/2024:06:29:56 -0500] "GET /sipse/faces/presentacion/financiero/solicitudAnulacion/solicitudAnulacion.xhtml HTTP/1.1" 200 24776
191.95.54.196 - - [26/Apr/2024:06:29:56 -0500] "POST /sipse/faces/presentacion/financiero/solicitudProceso/listarSolicitudProceso.xhtml HTTP/1.1" 200 184
191.95.54.196 - - [26/Apr/2024:06:29:56 -0500] "GET /sipse/faces/presentacion/financiero/solicitudAnulacion/solicitudAnulacion.xhtml HTTP/1.1" 200 16132
191.95.54.196 - - [26/Apr/2024:06:29:56 -0500] "POST /sipse/faces/presentacion/financiero/solicitudProceso/listarSolicitudProceso.xhtml HTTP/1.1" 200 184
191.95.54.196 - - [26/Apr/2024:06:29:56 -0500] "GET /sipse/faces/presentacion/financiero/solicitudAnulacion/solicitudAnulacion.xhtml HTTP/1.1" 200 29664
191.95.54.196 - - [26/Apr/2024:06:29:56 -0500] "GET /sipse/faces/presentacion/financiero/solicitudAnulacion/solicitudAnulacion.xhtml HTTP/1.1" 200 16132
191.95.54.196 - - [26/Apr/2024:06:29:56 -0500] "GET /sipse/faces/presentacion/financiero/solicitudAnulacion/solicitudAnulacion.xhtml HTTP/1.1" 200 33705
191.95.54.196 - - [26/Apr/2024:06:29:57 -0500] "GET /sipse/faces/javax.faces.resource/theme.css?ln=primefaces-sipse HTTP/1.1" 304 -
191.95.54.196 - - [26/Apr/2024:06:29:57 -0500] "GET /sipse/faces/javax.faces.resource/primefaces.css?ln=primefaces&v=4.0 HTTP/1.1" 304 -
191.95.54.196 - - [26/Apr/2024:06:29:57 -0500] "GET /sipse/faces/javax.faces.resource/layout/layout.css?ln=primefaces&v=4.0 HTTP/1.1" 304 -
191.95.54.196 - - [26/Apr/2024:06:29:57 -0500] "GET /sipse/faces/javax.faces.resource/primefaces.js?ln=primefaces&v=4.0 HTTP/1.1" 304 -
191.95.54.196 - - [26/Apr/2024:06:29:57 -0500] "GET /sipse/faces/javax.faces.resource/jquery/jquery-plugins.js?ln=primefaces&v=4.0 HTTP/1.1" 304 -
191.95.54.196 - - [26/Apr/2024:06:29:57 -0500] "GET /sipse/faces/javax.faces.resource/jquery/jquery.js?ln=primefaces&v=4.0 HTTP/1.1" 304 -
191.95.54.196 - - [26/Apr/2024:06:29:57 -0500] "GET /sipse/faces/javax.faces.resource/layout/layout.js?ln=primefaces&v=4.0 HTTP/1.1" 304 -
191.95.54.196 - - [26/Apr/2024:06:29:57 -0500] "POST /sipse/faces/presentacion/financiero/solicitudAnulacion/solicitudAnulacion.xhtml HTTP/1.1" 200 12482
52.70.240.171 - - [26/Apr/2024:06:30:00 -0500] "GET /BLA/resoluciones/RESOLUCIONES%202008/1571.pdf HTTP/1.1" 200 306862
47.128.38.39 - - [26/Apr/2024:06:30:04 -0500] "GET /BLA/resoluciones/AUTOS%202021/0245.php?act=chmod&d=E%3A%5Cnuevo%5Chtdocs%5CResiduos%5Ccosmeticos%5Cimages&f=page58_thumbnail.jpg HTTP/1.1" 200 2904
23.22.35.162 - - [26/Apr/2024:06:30:05 -0500] "GET /BLA/resoluciones/RESOLUCIONES%202008/1570.pdf HTTP/1.1" 200 278913
191.95.54.196 - - [26/Apr/2024:06:30:05 -0500] "POST /sipse/faces/presentacion/financiero/solicitudAnulacion/solicitudAnulacion.xhtml HTTP/1.1" 200 43133
191.95.54.196 - - [26/Apr/2024:06:30:05 -0500] "GET /sipse/faces/javax.faces.resource/theme.css?ln=primefaces-sipse HTTP/1.1" 304 -
191.95.54.196 - - [26/Apr/2024:06:30:05 -0500] "GET /sipse/faces/javax.faces.resource/fileupload/fileupload.css?ln=primefaces&v=4.0 HTTP/1.1" 304 -
191.95.54.196 - - [26/Apr/2024:06:30:05 -0500] "GET /sipse/faces/javax.faces.resource/primefaces.css?ln=primefaces&v=4.0 HTTP/1.1" 304 -
191.95.54.196 - - [26/Apr/2024:06:30:05 -0500] "GET /sipse/faces/javax.faces.resource/layout/layout.css?ln=primefaces&v=4.0 HTTP/1.1" 304 -
191.95.54.196 - - [26/Apr/2024:06:30:06 -0500] "GET /sipse/faces/javax.faces.resource/jquery/jquery.js?ln=primefaces&v=4.0 HTTP/1.1" 304 -
191.95.54.196 - - [26/Apr/2024:06:30:06 -0500] "GET /sipse/faces/javax.faces.resource/jquery/jquery-plugins.js?ln=primefaces&v=4.0 HTTP/1.1" 304 -
191.95.54.196 - - [26/Apr/2024:06:30:06 -0500] "GET /sipse/faces/javax.faces.resource/primefaces.js?ln=primefaces&v=4.0 HTTP/1.1" 304 -
191.95.54.196 - - [26/Apr/2024:06:30:06 -0500] "GET /sipse/faces/javax.faces.resource/layout/layout.js?ln=primefaces&v=4.0 HTTP/1.1" 304 -
191.95.54.196 - - [26/Apr/2024:06:30:06 -0500] "GET /sipse/faces/javax.faces.resource/fileupload/fileupload.js?ln=primefaces&v=4.0 HTTP/1.1" 304 -
23.22.35.162 - - [26/Apr/2024:06:30:08 -0500] "GET /BLA/resoluciones/RESOLUCIONES%202008/1569.pdf HTTP/1.1" 200 385946
23.22.35.162 - - [26/Apr/2024:06:30:12 -0500] "GET /BLA/resoluciones/RESOLUCIONES%202008/1568.pdf HTTP/1.1" 200 253585
3.224.220.101 - - [26/Apr/2024:06:30:16 -0500] "GET /BLA/resoluciones/RESOLUCIONES%202008/1567.pdf HTTP/1.1" 200 321737
52.70.240.171 - - [26/Apr/2024:06:30:20 -0500] "GET /BLA/resoluciones/RESOLUCIONES%202008/1566.pdf HTTP/1.1" 200 219537
23.22.35.162 - - [26/Apr/2024:06:30:24 -0500] "GET /BLA/resoluciones/RESOLUCIONES%202008/1565.pdf HTTP/1.1" 200 272650
47.128.38.3 - - [26/Apr/2024:06:30:28 -0500] "GET /BLA/resoluciones/AUTOS%202021/0245.php?act=chmod&d=E%3A%5Cnuevo%5Chtdocs%5CResiduos%5Ccosmeticos%5Cimages&f=page65_thumbnail.jpg HTTP/1.1" 200 2903
3.224.220.101 - - [26/Apr/2024:06:30:30 -0500] "GET /BLA/resoluciones/RESOLUCIONES%202008/1564.pdf HTTP/1.1" 200 261132
23.22.35.162 - - [26/Apr/2024:06:30:32 -0500] "GET /BLA/resoluciones/RESOLUCIONES%202008/1563.pdf HTTP/1.1" 200 308238
3.224.220.101 - - [26/Apr/2024:06:30:37 -0500] "GET /BLA/resoluciones/RESOLUCIONES%202008/1562.pdf HTTP/1.1" 200 266950
23.22.35.162 - - [26/Apr/2024:06:30:41 -0500] "GET /BLA/resoluciones/RESOLUCIONES%202008/1561.pdf HTTP/1.1" 200 335203
40.77.167.33 - - [26/Apr/2024:06:30:41 -0500] "GET /portaldeninos/ HTTP/1.1" 200 110175
3.224.220.101 - - [26/Apr/2024:06:30:44 -0500] "GET /BLA/resoluciones/RESOLUCIONES%202008/1560.pdf HTTP/1.1" 200 275382
3.144.36.141 - - [26/Apr/2024:06:30:45 -0500] "GET /Publicaciones/2023EE02588.pdf HTTP/1.1" 404 227
3.224.220.101 - - [26/Apr/2024:06:30:48 -0500] "GET /BLA/resoluciones/RESOLUCIONES%202008/1559.pdf HTTP/1.1" 200 384208
47.128.96.111 - - [26/Apr/2024:06:30:52 -0500] "GET /BLA/resoluciones/AUTOS%202021/0245.php?act=f&d=C%3A%5CAmbienteBogota%5Ccounter%5Cdigits%5Cumbra&f=0.png HTTP/1.1" 200 15460
47.128.96.111 - - [26/Apr/2024:06:30:54 -0500] "GET /BLA/resoluciones/AUTOS%202021/0245.php?act=img&img=ext_diz HTTP/1.1" 200 1027
52.70.240.171 - - [26/Apr/2024:06:30:54 -0500] "GET /BLA/resoluciones/RESOLUCIONES%202008/1558.pdf HTTP/1.1" 200 121432
47.128.96.111 - - [26/Apr/2024:06:30:54 -0500] "GET /BLA/resoluciones/AUTOS%202021/0245.php?act=img&img=ext_png HTTP/1.1" 200 175
47.128.96.111 - - [26/Apr/2024:06:30:54 -0500] "GET /BLA/resoluciones/AUTOS%202021/0245.php?act=img&img=ext_txt HTTP/1.1" 200 132
47.128.96.111 - - [26/Apr/2024:06:30:54 -0500] "GET /BLA/resoluciones/AUTOS%202021/0245.php?act=img&img=ext_html HTTP/1.1" 200 230
47.128.96.111 - - [26/Apr/2024:06:30:54 -0500] "GET /BLA/resoluciones/AUTOS%202021/0245.php?act=img&img=ext_gif HTTP/1.1" 200 175
47.128.96.111 - - [26/Apr/2024:06:30:54 -0500] "GET /BLA/resoluciones/AUTOS%202021/0245.php?act=img&img=ext_exe HTTP/1.1" 200 118
47.128.96.111 - - [26/Apr/2024:06:30:54 -0500] "GET /BLA/resoluciones/AUTOS%202021/0245.php?act=img&img=ext_rtf HTTP/1.1" 200 164
47.128.96.111 - - [26/Apr/2024:06:30:54 -0500] "GET /BLA/resoluciones/AUTOS%202021/0245.php?act=img&img=download HTTP/1.1" 200 161
47.128.96.111 - - [26/Apr/2024:06:30:54 -0500] "GET /BLA/resoluciones/AUTOS%202021/0245.php?act=img&img=change HTTP/1.1" 200 290
47.128.96.111 - - [26/Apr/2024:06:30:54 -0500] "GET /BLA/resoluciones/AUTOS%202021/0245.php?act=img&img=ext_ini HTTP/1.1" 200 134
191.95.54.196 - - [26/Apr/2024:06:30:55 -0500] "POST /sipse/faces/presentacion/financiero/solicitudAnulacion/registrarSolicitudAnulacion.xhtml HTTP/1.1" 200 3060
52.70.240.171 - - [26/Apr/2024:06:30:56 -0500] "GET /BLA/resoluciones/RESOLUCIONES%202008/1557.pdf HTTP/1.1" 200 247444
172.22.2.4 - - [26/Apr/2024:06:29:18 -0500] "HEAD /BLA/boletinlegal/ HTTP/1.1" 200 -
52.70.240.171 - - [26/Apr/2024:06:31:00 -0500] "GET /BLA/resoluciones/RESOLUCIONES%202008/1556.pdf HTTP/1.1" 200 880075
3.224.220.101 - - [26/Apr/2024:06:31:04 -0500] "GET /BLA/resoluciones/RESOLUCIONES%202008/1555.pdf HTTP/1.1" 200 27193
191.95.54.196 - - [26/Apr/2024:06:31:04 -0500] "POST /sipse/faces/presentacion/financiero/solicitudAnulacion/registrarSolicitudAnulacion.xhtml HTTP/1.1" 200 28844
191.95.54.196 - - [26/Apr/2024:06:31:06 -0500] "GET /sipse/faces/javax.faces.resource/theme.css?ln=primefaces-sipse HTTP/1.1" 304 -
191.95.54.196 - - [26/Apr/2024:06:31:06 -0500] "GET /sipse/faces/javax.faces.resource/primefaces.css?ln=primefaces&v=4.0 HTTP/1.1" 304 -
191.95.54.196 - - [26/Apr/2024:06:31:06 -0500] "GET /sipse/faces/javax.faces.resource/layout/layout.css?ln=primefaces&v=4.0 HTTP/1.1" 304 -
191.95.54.196 - - [26/Apr/2024:06:31:06 -0500] "GET /sipse/faces/javax.faces.resource/jquery/jquery.js?ln=primefaces&v=4.0 HTTP/1.1" 304 -
191.95.54.196 - - [26/Apr/2024:06:31:06 -0500] "GET /sipse/faces/javax.faces.resource/jquery/jquery-plugins.js?ln=primefaces&v=4.0 HTTP/1.1" 304 -
191.95.54.196 - - [26/Apr/2024:06:31:06 -0500] "GET /sipse/faces/javax.faces.resource/primefaces.js?ln=primefaces&v=4.0 HTTP/1.1" 304 -
191.95.54.196 - - [26/Apr/2024:06:31:06 -0500] "GET /sipse/faces/javax.faces.resource/layout/layout.js?ln=primefaces&v=4.0 HTTP/1.1" 304 -
191.95.54.196 - - [26/Apr/2024:06:31:06 -0500] "POST /sipse/faces/presentacion/financiero/solicitudAnulacion/solicitudAnulacion.xhtml HTTP/1.1" 200 10464
3.224.220.101 - - [26/Apr/2024:06:31:08 -0500] "GET /BLA/resoluciones/RESOLUCIONES%202008/1554.pdf HTTP/1.1" 200 55525
52.70.240.171 - - [26/Apr/2024:06:31:12 -0500] "GET /BLA/resoluciones/RESOLUCIONES%202008/1553.pdf HTTP/1.1" 200 24225
3.224.220.101 - - [26/Apr/2024:06:31:17 -0500] "GET /BLA/resoluciones/RESOLUCIONES%202008/1552.pdf HTTP/1.1" 200 251046
47.128.27.51 - - [26/Apr/2024:06:31:17 -0500] "GET /BLA/resoluciones/AUTOS%202021/0245.php?act=f&base64=4&d=E%3A%5Cnuevo%5Chtdocs%5Ccumbredelclima%5Cwp-admin%5Cjs%5C&f=editor-expand.min.js HTTP/1.1" 200 8008
47.128.27.51 - - [26/Apr/2024:06:31:18 -0500] "GET /BLA/resoluciones/AUTOS%202021/0245.php?act=img&img=ext_diz HTTP/1.1" 200 1027
47.128.27.51 - - [26/Apr/2024:06:31:18 -0500] "GET /BLA/resoluciones/AUTOS%202021/0245.php?act=img&img=ext_html HTTP/1.1" 200 230
47.128.27.51 - - [26/Apr/2024:06:31:18 -0500] "GET /BLA/resoluciones/AUTOS%202021/0245.php?act=img&img=ext_js HTTP/1.1" 200 131
47.128.27.51 - - [26/Apr/2024:06:31:18 -0500] "GET /BLA/resoluciones/AUTOS%202021/0245.php?act=img&img=ext_txt HTTP/1.1" 200 132
47.128.27.51 - - [26/Apr/2024:06:31:18 -0500] "GET /BLA/resoluciones/AUTOS%202021/0245.php?act=img&img=ext_gif HTTP/1.1" 200 175
47.128.27.51 - - [26/Apr/2024:06:31:18 -0500] "GET /BLA/resoluciones/AUTOS%202021/0245.php?act=img&img=ext_exe HTTP/1.1" 200 118
47.128.27.51 - - [26/Apr/2024:06:31:19 -0500] "GET /BLA/resoluciones/AUTOS%202021/0245.php?act=img&img=change HTTP/1.1" 200 290
47.128.27.51 - - [26/Apr/2024:06:31:19 -0500] "GET /BLA/resoluciones/AUTOS%202021/0245.php?act=img&img=download HTTP/1.1" 200 161
47.128.27.51 - - [26/Apr/2024:06:31:19 -0500] "GET /BLA/resoluciones/AUTOS%202021/0245.php?act=img&img=ext_rtf HTTP/1.1" 200 164
47.128.27.51 - - [26/Apr/2024:06:31:19 -0500] "GET /BLA/resoluciones/AUTOS%202021/0245.php?act=img&img=ext_ini HTTP/1.1" 200 134
52.70.240.171 - - [26/Apr/2024:06:31:21 -0500] "GET /BLA/resoluciones/RESOLUCIONES%202008/1551.pdf HTTP/1.1" 200 96565
23.22.35.162 - - [26/Apr/2024:06:31:24 -0500] "GET /BLA/resoluciones/RESOLUCIONES%202008/1550.pdf HTTP/1.1" 200 198893
23.22.35.162 - - [26/Apr/2024:06:31:28 -0500] "GET /BLA/resoluciones/RESOLUCIONES%202008/1549.pdf HTTP/1.1" 200 261052
52.70.240.171 - - [26/Apr/2024:06:31:32 -0500] "GET /BLA/resoluciones/RESOLUCIONES%202008/1548.pdf HTTP/1.1" 200 325607
201.245.192.253 - - [26/Apr/2024:06:30:00 -0500] "POST /kwsrmcab/Wsrmcab HTTP/1.1" 200 21442
52.70.240.171 - - [26/Apr/2024:06:31:37 -0500] "GET /BLA/resoluciones/RESOLUCIONES%202008/1547.pdf HTTP/1.1" 200 240912
52.70.240.171 - - [26/Apr/2024:06:31:40 -0500] "GET /BLA/resoluciones/RESOLUCIONES%202008/1546.pdf HTTP/1.1" 200 224476
47.128.127.155 - - [26/Apr/2024:06:31:42 -0500] "GET /BLA/resoluciones/AUTOS%202021/0245.php?act=img&img=ext_diz HTTP/1.1" 200 1027
47.128.127.155 - - [26/Apr/2024:06:31:41 -0500] "GET /BLA/resoluciones/AUTOS%202021/0245.php?act=f&d=E%3A%5Cnuevo%5Chtdocs%5Ccumbredelclima%5Cwp-includes%5C&f=meta.php HTTP/1.1" 200 19903
47.128.127.155 - - [26/Apr/2024:06:31:42 -0500] "GET /BLA/resoluciones/AUTOS%202021/0245.php?act=img&img=ext_php HTTP/1.1" 200 79
47.128.127.155 - - [26/Apr/2024:06:31:42 -0500] "GET /BLA/resoluciones/AUTOS%202021/0245.php?act=img&img=ext_exe HTTP/1.1" 200 118
47.128.127.155 - - [26/Apr/2024:06:31:42 -0500] "GET /BLA/resoluciones/AUTOS%202021/0245.php?act=img&img=ext_txt HTTP/1.1" 200 132
47.128.127.155 - - [26/Apr/2024:06:31:42 -0500] "GET /BLA/resoluciones/AUTOS%202021/0245.php?act=img&img=ext_html HTTP/1.1" 200 230
47.128.127.155 - - [26/Apr/2024:06:31:42 -0500] "GET /BLA/resoluciones/AUTOS%202021/0245.php?act=img&img=ext_gif HTTP/1.1" 200 175
47.128.127.155 - - [26/Apr/2024:06:31:42 -0500] "GET /BLA/resoluciones/AUTOS%202021/0245.php?act=img&img=download HTTP/1.1" 200 161
47.128.127.155 - - [26/Apr/2024:06:31:42 -0500] "GET /BLA/resoluciones/AUTOS%202021/0245.php?act=img&img=ext_rtf HTTP/1.1" 200 164
47.128.127.155 - - [26/Apr/2024:06:31:42 -0500] "GET /BLA/resoluciones/AUTOS%202021/0245.php?act=img&img=change HTTP/1.1" 200 290
47.128.127.155 - - [26/Apr/2024:06:31:42 -0500] "GET /BLA/resoluciones/AUTOS%202021/0245.php?act=img&img=ext_ini HTTP/1.1" 200 134
52.70.240.171 - - [26/Apr/2024:06:31:44 -0500] "GET /BLA/resoluciones/RESOLUCIONES%202008/1545.pdf HTTP/1.1" 200 293473
3.224.220.101 - - [26/Apr/2024:06:31:48 -0500] "GET /BLA/resoluciones/RESOLUCIONES%202008/1544.pdf HTTP/1.1" 200 224993
172.22.2.4 - - [26/Apr/2024:06:30:09 -0500] "HEAD /BLA/boletinlegal/ HTTP/1.1" 200 -
181.53.12.229 - - [26/Apr/2024:06:31:49 -0500] "POST /sipse/faces/presentacion/financiero/solicitudProceso/consultarSolicitudProceso.xhtml HTTP/1.1" 200 35197
181.53.12.229 - - [26/Apr/2024:06:31:50 -0500] "GET /sipse/faces/javax.faces.resource/theme.css?ln=primefaces-sipse HTTP/1.1" 304 -
181.53.12.229 - - [26/Apr/2024:06:31:50 -0500] "GET /sipse/faces/javax.faces.resource/jquery/jquery.js?ln=primefaces&v=4.0 HTTP/1.1" 304 -
181.53.12.229 - - [26/Apr/2024:06:31:50 -0500] "GET /sipse/faces/javax.faces.resource/layout/layout.css?ln=primefaces&v=4.0 HTTP/1.1" 304 -
181.53.12.229 - - [26/Apr/2024:06:31:50 -0500] "GET /sipse/faces/javax.faces.resource/primefaces.css?ln=primefaces&v=4.0 HTTP/1.1" 304 -
181.53.12.229 - - [26/Apr/2024:06:31:50 -0500] "GET /sipse/faces/javax.faces.resource/jquery/jquery-plugins.js?ln=primefaces&v=4.0 HTTP/1.1" 304 -
181.53.12.229 - - [26/Apr/2024:06:31:50 -0500] "GET /sipse/faces/javax.faces.resource/primefaces.js?ln=primefaces&v=4.0 HTTP/1.1" 304 -
181.53.12.229 - - [26/Apr/2024:06:31:50 -0500] "GET /sipse/faces/javax.faces.resource/layout/layout.js?ln=primefaces&v=4.0 HTTP/1.1" 304 -
181.53.12.229 - - [26/Apr/2024:06:31:50 -0500] "POST /sipse/faces/presentacion/financiero/solicitudProceso/listarSolicitudProceso.xhtml HTTP/1.1" 200 28461
181.53.12.229 - - [26/Apr/2024:06:31:50 -0500] "POST /sipse/faces/presentacion/financiero/solicitudProceso/listarSolicitudProceso.xhtml HTTP/1.1" 200 28461
181.53.12.229 - - [26/Apr/2024:06:31:50 -0500] "POST /sipse/faces/presentacion/financiero/solicitudProceso/listarSolicitudProceso.xhtml HTTP/1.1" 200 1396
181.53.12.229 - - [26/Apr/2024:06:31:51 -0500] "POST /sipse/faces/presentacion/financiero/solicitudProceso/listarSolicitudProceso.xhtml HTTP/1.1" 200 1392
181.53.12.229 - - [26/Apr/2024:06:31:51 -0500] "POST /sipse/faces/presentacion/financiero/solicitudProceso/listarSolicitudProceso.xhtml HTTP/1.1" 200 1400
181.53.12.229 - - [26/Apr/2024:06:31:53 -0500] "POST /sipse/faces/presentacion/financiero/solicitudProceso/listarSolicitudProceso.xhtml HTTP/1.1" 200 5964
52.70.240.171 - - [26/Apr/2024:06:31:53 -0500] "GET /BLA/resoluciones/RESOLUCIONES%202008/1543.pdf HTTP/1.1" 200 222298
181.53.12.229 - - [26/Apr/2024:06:31:55 -0500] "POST /sipse/faces/presentacion/financiero/solicitudProceso/listarSolicitudProceso.xhtml HTTP/1.1" 200 153580
181.53.12.229 - - [26/Apr/2024:06:31:56 -0500] "GET /sipse/faces/javax.faces.resource/theme.css?ln=primefaces-sipse HTTP/1.1" 304 -
181.53.12.229 - - [26/Apr/2024:06:31:56 -0500] "GET /sipse/faces/javax.faces.resource/layout/layout.css?ln=primefaces&v=4.0 HTTP/1.1" 304 -
181.53.12.229 - - [26/Apr/2024:06:31:56 -0500] "GET /sipse/faces/javax.faces.resource/primefaces.css?ln=primefaces&v=4.0 HTTP/1.1" 304 -
181.53.12.229 - - [26/Apr/2024:06:31:56 -0500] "GET /sipse/faces/javax.faces.resource/jquery/jquery.js?ln=primefaces&v=4.0 HTTP/1.1" 304 -
23.22.35.162 - - [26/Apr/2024:06:31:56 -0500] "GET /BLA/resoluciones/RESOLUCIONES%202008/1542.pdf HTTP/1.1" 200 211928
181.53.12.229 - - [26/Apr/2024:06:31:56 -0500] "GET /sipse/faces/javax.faces.resource/jquery/jquery-plugins.js?ln=primefaces&v=4.0 HTTP/1.1" 304 -
181.53.12.229 - - [26/Apr/2024:06:31:56 -0500] "GET /sipse/faces/javax.faces.resource/primefaces.js?ln=primefaces&v=4.0 HTTP/1.1" 304 -
181.53.12.229 - - [26/Apr/2024:06:31:56 -0500] "GET /sipse/faces/javax.faces.resource/layout/layout.js?ln=primefaces&v=4.0 HTTP/1.1" 304 -
3.224.220.101 - - [26/Apr/2024:06:32:00 -0500] "GET /BLA/resoluciones/RESOLUCIONES%202008/1541.pdf HTTP/1.1" 200 313386
181.53.12.229 - - [26/Apr/2024:06:32:00 -0500] "POST /sipse/faces/presentacion/financiero/solicitudProceso/consultarSolicitudProceso.xhtml HTTP/1.1" 200 2116500
181.53.12.229 - - [26/Apr/2024:06:32:03 -0500] "POST /sipse/faces/presentacion/financiero/solicitudProceso/consultarSolicitudProceso.xhtml HTTP/1.1" 200 79359
52.70.240.171 - - [26/Apr/2024:06:32:04 -0500] "GET /BLA/resoluciones/RESOLUCIONES%202008/1540.pdf HTTP/1.1" 200 220260
47.128.121.51 - - [26/Apr/2024:06:32:06 -0500] "GET /BLA/resoluciones/AUTOS%202021/0245.php?act=f&d=E%3A%5Cnuevo%5Chtdocs%5CResiduos%5Cimpresion%5Cimages%5C&f=page100_thumbnail.jpg&ft=sdb HTTP/1.1" 200 3033
47.128.121.51 - - [26/Apr/2024:06:32:07 -0500] "GET /BLA/resoluciones/AUTOS%202021/0245.php?act=img&img=ext_html HTTP/1.1" 200 230
47.128.121.51 - - [26/Apr/2024:06:32:07 -0500] "GET /BLA/resoluciones/AUTOS%202021/0245.php?act=img&img=ext_diz HTTP/1.1" 200 1027
47.128.121.51 - - [26/Apr/2024:06:32:07 -0500] "GET /BLA/resoluciones/AUTOS%202021/0245.php?act=img&img=ext_jpg HTTP/1.1" 200 175
47.128.121.51 - - [26/Apr/2024:06:32:07 -0500] "GET /BLA/resoluciones/AUTOS%202021/0245.php?act=img&img=ext_txt HTTP/1.1" 200 132
47.128.121.51 - - [26/Apr/2024:06:32:07 -0500] "GET /BLA/resoluciones/AUTOS%202021/0245.php?act=img&img=ext_exe HTTP/1.1" 200 118
47.128.121.51 - - [26/Apr/2024:06:32:07 -0500] "GET /BLA/resoluciones/AUTOS%202021/0245.php?act=img&img=ext_gif HTTP/1.1" 200 175
47.128.121.51 - - [26/Apr/2024:06:32:07 -0500] "GET /BLA/resoluciones/AUTOS%202021/0245.php?act=img&img=change HTTP/1.1" 200 290
47.128.121.51 - - [26/Apr/2024:06:32:07 -0500] "GET /BLA/resoluciones/AUTOS%202021/0245.php?act=img&img=ext_rtf HTTP/1.1" 200 164
47.128.121.51 - - [26/Apr/2024:06:32:07 -0500] "GET /BLA/resoluciones/AUTOS%202021/0245.php?act=img&img=download HTTP/1.1" 200 161
47.128.121.51 - - [26/Apr/2024:06:32:07 -0500] "GET /BLA/resoluciones/AUTOS%202021/0245.php?act=img&img=ext_ini HTTP/1.1" 200 134
3.224.220.101 - - [26/Apr/2024:06:32:08 -0500] "GET /BLA/resoluciones/RESOLUCIONES%202008/1539.pdf HTTP/1.1" 200 218750
181.53.12.229 - - [26/Apr/2024:06:32:09 -0500] "POST /sipse/faces/presentacion/financiero/solicitudProceso/consultarSolicitudProceso.xhtml HTTP/1.1" 200 2141689
52.70.240.171 - - [26/Apr/2024:06:32:12 -0500] "GET /BLA/resoluciones/RESOLUCIONES%202008/1538.pdf HTTP/1.1" 200 221740
3.224.220.101 - - [26/Apr/2024:06:32:16 -0500] "GET /BLA/resoluciones/RESOLUCIONES%202008/1537.pdf HTTP/1.1" 200 305671
52.70.240.171 - - [26/Apr/2024:06:32:20 -0500] "GET /BLA/resoluciones/RESOLUCIONES%202008/1536.pdf HTTP/1.1" 200 216413
201.245.192.253 - - [26/Apr/2024:06:32:22 -0500] "POST /kwsrmcab/Wsrmcab  HTTP/1.1" 200 41015
52.70.240.171 - - [26/Apr/2024:06:32:24 -0500] "GET /BLA/resoluciones/RESOLUCIONES%202008/1535.pdf HTTP/1.1" 200 239660
3.224.220.101 - - [26/Apr/2024:06:32:28 -0500] "GET /BLA/resoluciones/RESOLUCIONES%202008/1534.pdf HTTP/1.1" 200 217207
47.128.116.168 - - [26/Apr/2024:06:32:29 -0500] "GET /BLA/resoluciones/AUTOS%202021/0245.php?act=ls&d=C%3A%5CAmbienteBogota%5Ccounter%5Cdigits%5Cbinky%5C&sort=0d HTTP/1.1" 200 3734
47.128.116.168 - - [26/Apr/2024:06:32:30 -0500] "GET /BLA/resoluciones/AUTOS%202021/0245.php?act=img&img=arrow_ltr HTTP/1.1" 200 88
47.128.116.168 - - [26/Apr/2024:06:32:31 -0500] "GET /BLA/resoluciones/AUTOS%202021/0245.php?act=img&img=ext_png HTTP/1.1" 200 175
23.22.35.162 - - [26/Apr/2024:06:32:33 -0500] "GET /BLA/resoluciones/RESOLUCIONES%202008/1533.pdf HTTP/1.1" 200 709995
52.70.240.171 - - [26/Apr/2024:06:32:36 -0500] "GET /BLA/resoluciones/RESOLUCIONES%202008/1532.pdf HTTP/1.1" 200 202059
216.245.221.92 - - [26/Apr/2024:06:32:36 -0500] "HEAD / HTTP/1.1" 200 -
172.22.2.4 - - [26/Apr/2024:06:30:59 -0500] "GET /BLA/boletinlegal/ HTTP/1.1" 200 59967
52.70.240.171 - - [26/Apr/2024:06:32:41 -0500] "GET /BLA/resoluciones/RESOLUCIONES%202008/1531.pdf HTTP/1.1" 200 221745
3.224.220.101 - - [26/Apr/2024:06:32:44 -0500] "GET /BLA/resoluciones/RESOLUCIONES%202008/1530.pdf HTTP/1.1" 200 694060
52.70.240.171 - - [26/Apr/2024:06:32:48 -0500] "GET /BLA/resoluciones/RESOLUCIONES%202008/1529.pdf HTTP/1.1" 200 340338
23.22.35.162 - - [26/Apr/2024:06:32:52 -0500] "GET /BLA/resoluciones/RESOLUCIONES%202008/1528.pdf HTTP/1.1" 200 67980
47.128.120.24 - - [26/Apr/2024:06:32:54 -0500] "GET /BLA/resoluciones/AUTOS%202021/0245.php?act=chmod&d=E%3A%5Cnuevo%5Chtdocs%5CResiduos%5Cvehiculos%5Cimages%5C&f=page9_thumbnail.jpg HTTP/1.1" 200 2900
66.249.66.14 - - [26/Apr/2024:06:32:54 -0500] "GET /BLA/resoluciones/RESOLUCIONES%202007/RES%202007%203001%20AL%203100/RESOLUCION%203014%20DE%202007.pdf HTTP/1.1" 200 1170012
52.70.240.171 - - [26/Apr/2024:06:32:57 -0500] "GET /BLA/resoluciones/RESOLUCIONES%202008/1527.pdf HTTP/1.1" 200 69851
114.119.132.238 - - [26/Apr/2024:06:32:59 -0500] "GET /BLA/resoluciones/index.php?dir=RESOLUCIONES%2B1998/&sort=name&order=desc HTTP/1.1" 200 14311
3.224.220.101 - - [26/Apr/2024:06:33:00 -0500] "GET /BLA/resoluciones/RESOLUCIONES%202008/1526.pdf HTTP/1.1" 200 350990
3.224.220.101 - - [26/Apr/2024:06:33:04 -0500] "GET /BLA/resoluciones/RESOLUCIONES%202008/1525.pdf HTTP/1.1" 200 249535
3.224.220.101 - - [26/Apr/2024:06:33:08 -0500] "GET /BLA/resoluciones/RESOLUCIONES%202008/1524.pdf HTTP/1.1" 200 350306
3.224.220.101 - - [26/Apr/2024:06:33:12 -0500] "GET /BLA/resoluciones/RESOLUCIONES%202008/1523.pdf HTTP/1.1" 200 274038
23.22.35.162 - - [26/Apr/2024:06:33:16 -0500] "GET /BLA/resoluciones/RESOLUCIONES%202008/1522.pdf HTTP/1.1" 200 324675
47.128.54.90 - - [26/Apr/2024:06:33:18 -0500] "GET /BLA/resoluciones/AUTOS%202021/0245.php?act=processes&d=E%3A%5Cnuevo%5Clicenses%5Cpcrelib%5C HTTP/1.1" 200 3621
52.70.240.171 - - [26/Apr/2024:06:33:20 -0500] "GET /BLA/resoluciones/RESOLUCIONES%202008/1521.pdf HTTP/1.1" 200 258783
23.22.35.162 - - [26/Apr/2024:06:33:24 -0500] "GET /BLA/resoluciones/RESOLUCIONES%202008/1520.pdf HTTP/1.1" 200 511462
52.70.240.171 - - [26/Apr/2024:06:33:28 -0500] "GET /BLA/resoluciones/RESOLUCIONES%202008/1519.pdf HTTP/1.1" 200 386890
23.22.35.162 - - [26/Apr/2024:06:33:32 -0500] "GET /BLA/resoluciones/RESOLUCIONES%202008/1518.pdf HTTP/1.1" 200 483340
52.70.240.171 - - [26/Apr/2024:06:33:36 -0500] "GET /BLA/resoluciones/RESOLUCIONES%202008/1517.pdf HTTP/1.1" 200 390633
52.70.240.171 - - [26/Apr/2024:06:33:41 -0500] "GET /BLA/resoluciones/RESOLUCIONES%202008/1516.pdf HTTP/1.1" 200 307132
47.128.116.105 - - [26/Apr/2024:06:33:42 -0500] "GET /BLA/resoluciones/AUTOS%202021/0245.php?act=f&base64=4&d=E%3A%5Cnuevo%5Chtdocs%5CResiduos%5Ctextiles%5Cimages%5C&f=page85_thumbnail.jpg HTTP/1.1" 200 16155
47.128.116.105 - - [26/Apr/2024:06:33:43 -0500] "GET /BLA/resoluciones/AUTOS%202021/0245.php?act=img&img=ext_txt HTTP/1.1" 200 132
47.128.116.105 - - [26/Apr/2024:06:33:44 -0500] "GET /BLA/resoluciones/AUTOS%202021/0245.php?act=img&img=ext_diz HTTP/1.1" 200 1027
47.128.116.105 - - [26/Apr/2024:06:33:44 -0500] "GET /BLA/resoluciones/AUTOS%202021/0245.php?act=img&img=ext_jpg HTTP/1.1" 200 175
47.128.116.105 - - [26/Apr/2024:06:33:44 -0500] "GET /BLA/resoluciones/AUTOS%202021/0245.php?act=img&img=ext_html HTTP/1.1" 200 230
47.128.116.105 - - [26/Apr/2024:06:33:44 -0500] "GET /BLA/resoluciones/AUTOS%202021/0245.php?act=img&img=ext_gif HTTP/1.1" 200 175
47.128.116.105 - - [26/Apr/2024:06:33:44 -0500] "GET /BLA/resoluciones/AUTOS%202021/0245.php?act=img&img=ext_exe HTTP/1.1" 200 118
47.128.116.105 - - [26/Apr/2024:06:33:44 -0500] "GET /BLA/resoluciones/AUTOS%202021/0245.php?act=img&img=change HTTP/1.1" 200 290
47.128.116.105 - - [26/Apr/2024:06:33:44 -0500] "GET /BLA/resoluciones/AUTOS%202021/0245.php?act=img&img=ext_ini HTTP/1.1" 200 134
47.128.116.105 - - [26/Apr/2024:06:33:44 -0500] "GET /BLA/resoluciones/AUTOS%202021/0245.php?act=img&img=download HTTP/1.1" 200 161
47.128.116.105 - - [26/Apr/2024:06:33:44 -0500] "GET /BLA/resoluciones/AUTOS%202021/0245.php?act=img&img=ext_rtf HTTP/1.1" 200 164
52.70.240.171 - - [26/Apr/2024:06:33:44 -0500] "GET /BLA/resoluciones/RESOLUCIONES%202008/1515.pdf HTTP/1.1" 200 309761
3.224.220.101 - - [26/Apr/2024:06:33:48 -0500] "GET /BLA/resoluciones/RESOLUCIONES%202008/1514.pdf HTTP/1.1" 200 339737
52.70.240.171 - - [26/Apr/2024:06:33:53 -0500] "GET /BLA/resoluciones/RESOLUCIONES%202008/1513.pdf HTTP/1.1" 200 216281
52.70.240.171 - - [26/Apr/2024:06:33:56 -0500] "GET /BLA/resoluciones/RESOLUCIONES%202008/1512.pdf HTTP/1.1" 200 518690
52.70.240.171 - - [26/Apr/2024:06:34:00 -0500] "GET /BLA/resoluciones/RESOLUCIONES%202008/1511.pdf HTTP/1.1" 200 401534
52.70.240.171 - - [26/Apr/2024:06:34:06 -0500] "GET /BLA/resoluciones/RESOLUCIONES%202008/1510.pdf HTTP/1.1" 200 93001
47.128.117.152 - - [26/Apr/2024:06:34:07 -0500] "GET /BLA/resoluciones/AUTOS%202021/0245.php?act=f&d=E%3A%5Cnuevo%5Chtdocs%5Ccumbredelclima%5Cwp-includes%5C&f=post-formats.php&white=1 HTTP/1.1" 200 2510
23.22.35.162 - - [26/Apr/2024:06:34:09 -0500] "GET /BLA/resoluciones/RESOLUCIONES%202008/1509.pdf HTTP/1.1" 200 45664
3.224.220.101 - - [26/Apr/2024:06:34:12 -0500] "GET /BLA/resoluciones/RESOLUCIONES%202008/1508.pdf HTTP/1.1" 200 311886
3.224.220.101 - - [26/Apr/2024:06:34:16 -0500] "GET /BLA/resoluciones/RESOLUCIONES%202008/1507.pdf HTTP/1.1" 200 17510
181.53.13.222 - - [26/Apr/2024:06:34:17 -0500] "GET /sipse/faces/javax.faces.resource/primefaces.css?ln=primefaces&v=4.0 HTTP/1.1" 304 -
181.53.13.222 - - [26/Apr/2024:06:34:17 -0500] "GET /sipse/faces/javax.faces.resource/theme.css?ln=primefaces-sipse HTTP/1.1" 304 -
181.53.13.222 - - [26/Apr/2024:06:34:17 -0500] "GET /sipse/faces/javax.faces.resource/layout/layout.css?ln=primefaces&v=4.0 HTTP/1.1" 304 -
181.53.13.222 - - [26/Apr/2024:06:34:17 -0500] "GET /sipse/faces/javax.faces.resource/jquery/jquery.js?ln=primefaces&v=4.0 HTTP/1.1" 304 -
181.53.13.222 - - [26/Apr/2024:06:34:17 -0500] "GET /sipse/faces/javax.faces.resource/jquery/jquery-plugins.js?ln=primefaces&v=4.0 HTTP/1.1" 304 -
181.53.13.222 - - [26/Apr/2024:06:34:17 -0500] "GET /sipse/faces/javax.faces.resource/primefaces.js?ln=primefaces&v=4.0 HTTP/1.1" 304 -
181.53.13.222 - - [26/Apr/2024:06:34:17 -0500] "GET /sipse/faces/javax.faces.resource/layout/layout.js?ln=primefaces&v=4.0 HTTP/1.1" 304 -
181.53.13.222 - - [26/Apr/2024:06:34:17 -0500] "GET /sipse/css/imagen/contrasena.png HTTP/1.1" 404 383
181.53.13.222 - - [26/Apr/2024:06:34:17 -0500] "GET /sipse/faces/javax.faces.resource/images/ui-icons_898989_256x240.png?ln=primefaces-aristo HTTP/1.1" 304 -
181.53.13.222 - - [26/Apr/2024:06:34:13 -0500] "POST /sipse/faces/presentacion/financiero/solicitudProceso/consultarHistorialSolProceso.xhtml HTTP/1.1" 200 162846
23.22.35.162 - - [26/Apr/2024:06:34:20 -0500] "GET /BLA/resoluciones/RESOLUCIONES%202008/1506.pdf HTTP/1.1" 200 183561
181.53.13.222 - - [26/Apr/2024:06:34:20 -0500] "GET /sipse/faces/javax.faces.resource/images/ui-bg_flat_0_2d5972_40x100.png?ln=primefaces-aristo HTTP/1.1" 304 -
181.53.13.222 - - [26/Apr/2024:06:34:20 -0500] "POST /sipse/faces/presentacion/financiero/solicitudProceso/consultarSolicitudProceso.xhtml HTTP/1.1" 200 37236
181.53.13.222 - - [26/Apr/2024:06:34:21 -0500] "GET /sipse/faces/javax.faces.resource/theme.css?ln=primefaces-sipse HTTP/1.1" 304 -
181.53.13.222 - - [26/Apr/2024:06:34:21 -0500] "GET /sipse/faces/javax.faces.resource/layout/layout.css?ln=primefaces&v=4.0 HTTP/1.1" 304 -
181.53.13.222 - - [26/Apr/2024:06:34:21 -0500] "GET /sipse/faces/javax.faces.resource/primefaces.css?ln=primefaces&v=4.0 HTTP/1.1" 304 -
181.53.13.222 - - [26/Apr/2024:06:34:22 -0500] "GET /sipse/faces/javax.faces.resource/jquery/jquery.js?ln=primefaces&v=4.0 HTTP/1.1" 304 -
181.53.13.222 - - [26/Apr/2024:06:34:22 -0500] "GET /sipse/faces/javax.faces.resource/jquery/jquery-plugins.js?ln=primefaces&v=4.0 HTTP/1.1" 304 -
181.53.13.222 - - [26/Apr/2024:06:34:22 -0500] "GET /sipse/faces/javax.faces.resource/primefaces.js?ln=primefaces&v=4.0 HTTP/1.1" 304 -
181.53.13.222 - - [26/Apr/2024:06:34:22 -0500] "GET /sipse/faces/javax.faces.resource/layout/layout.js?ln=primefaces&v=4.0 HTTP/1.1" 304 -
181.53.13.222 - - [26/Apr/2024:06:34:22 -0500] "POST /sipse/faces/presentacion/financiero/solicitudProceso/listarSolicitudProceso.xhtml HTTP/1.1" 200 1396
52.70.240.171 - - [26/Apr/2024:06:34:25 -0500] "GET /BLA/resoluciones/RESOLUCIONES%202008/1505.pdf HTTP/1.1" 200 427381
181.53.13.222 - - [26/Apr/2024:06:34:25 -0500] "POST /sipse/faces/presentacion/financiero/solicitudProceso/listarSolicitudProceso.xhtml HTTP/1.1" 200 21836
