52.70.240.171 - - [26/Apr/2024:06:07:45 -0500] "GET /BLA/resoluciones/RESOLUCIONES%202008/1905.pdf HTTP/1.1" 200 199668
47.128.41.129 - - [26/Apr/2024:06:07:47 -0500] "GET /BLA/resoluciones/AUTOS%202021/0245.php?act=upload&d=E%3A%5Cxampp%5Cxampp%5CMercuryMail%5CLOGS HTTP/1.1" 200 2838
3.224.220.101 - - [26/Apr/2024:06:07:48 -0500] "GET /BLA/resoluciones/RESOLUCIONES%202008/1904.pdf HTTP/1.1" 200 192590
3.224.220.101 - - [26/Apr/2024:06:07:53 -0500] "GET /BLA/resoluciones/RESOLUCIONES%202008/1903.pdf HTTP/1.1" 200 193318
23.22.35.162 - - [26/Apr/2024:06:07:56 -0500] "GET /BLA/resoluciones/RESOLUCIONES%202008/1902.pdf HTTP/1.1" 200 194694
172.22.2.4 - - [26/Apr/2024:06:06:54 -0500] "GET /BLA/boletinlegal/ HTTP/1.1" 200 36811
23.22.35.162 - - [26/Apr/2024:06:08:00 -0500] "GET /BLA/resoluciones/RESOLUCIONES%202008/1901.pdf HTTP/1.1" 200 206095
3.224.220.101 - - [26/Apr/2024:06:08:04 -0500] "GET /BLA/resoluciones/RESOLUCIONES%202008/1900.pdf HTTP/1.1" 200 202166
23.22.35.162 - - [26/Apr/2024:06:08:08 -0500] "GET /BLA/resoluciones/RESOLUCIONES%202008/1899.pdf HTTP/1.1" 200 205495
47.128.48.241 - - [26/Apr/2024:06:08:11 -0500] "GET /BLA/resoluciones/AUTOS%202021/0245.php?act=img&img=ext_diz HTTP/1.1" 200 1027
47.128.48.241 - - [26/Apr/2024:06:08:11 -0500] "GET /BLA/resoluciones/AUTOS%202021/0245.php?act=img&img=ext_txt HTTP/1.1" 200 132
47.128.48.241 - - [26/Apr/2024:06:08:11 -0500] "GET /BLA/resoluciones/AUTOS%202021/0245.php?act=img&img=ext_exe HTTP/1.1" 200 118
47.128.48.241 - - [26/Apr/2024:06:08:11 -0500] "GET /BLA/resoluciones/AUTOS%202021/0245.php?act=img&img=change HTTP/1.1" 200 290
47.128.48.241 - - [26/Apr/2024:06:08:11 -0500] "GET /BLA/resoluciones/AUTOS%202021/0245.php?act=img&img=ext_html HTTP/1.1" 200 230
47.128.48.241 - - [26/Apr/2024:06:08:12 -0500] "GET /BLA/resoluciones/AUTOS%202021/0245.php?act=img&img=ext_rtf HTTP/1.1" 200 164
47.128.48.241 - - [26/Apr/2024:06:08:12 -0500] "GET /BLA/resoluciones/AUTOS%202021/0245.php?act=img&img=download HTTP/1.1" 200 161
3.224.220.101 - - [26/Apr/2024:06:08:12 -0500] "GET /BLA/resoluciones/RESOLUCIONES%202008/1898.pdf HTTP/1.1" 200 206999
47.128.48.241 - - [26/Apr/2024:06:08:12 -0500] "GET /BLA/resoluciones/AUTOS%202021/0245.php?act=img&img=ext_conf HTTP/1.1" 200 1034
47.128.48.241 - - [26/Apr/2024:06:08:12 -0500] "GET /BLA/resoluciones/AUTOS%202021/0245.php?act=img&img=ext_ini HTTP/1.1" 200 134
47.128.48.241 - - [26/Apr/2024:06:08:12 -0500] "GET /BLA/resoluciones/AUTOS%202021/0245.php?act=img&img=ext_gif HTTP/1.1" 200 175
47.128.48.241 - - [26/Apr/2024:06:08:11 -0500] "GET /BLA/resoluciones/AUTOS%202021/0245.php?act=f&base64=2&d=E%3A%5Cxampp%5Cxampp%5Cwebalizer%5C&f=webalizer.conf HTTP/1.1" 200 14807
52.70.240.171 - - [26/Apr/2024:06:08:16 -0500] "GET /BLA/resoluciones/RESOLUCIONES%202008/1897.pdf HTTP/1.1" 200 202351
23.22.35.162 - - [26/Apr/2024:06:08:20 -0500] "GET /BLA/resoluciones/RESOLUCIONES%202008/1896.pdf HTTP/1.1" 200 196190
23.22.35.162 - - [26/Apr/2024:06:08:27 -0500] "GET /BLA/resoluciones/RESOLUCIONES%202008/1895.pdf HTTP/1.1" 200 190166
181.53.12.229 - - [26/Apr/2024:06:08:28 -0500] "GET /sipse/faces/index.xhtml HTTP/1.1" 200 677
181.53.12.229 - - [26/Apr/2024:06:08:28 -0500] "GET /sipse/faces/javax.faces.resource/theme.css?ln=primefaces-sipse HTTP/1.1" 304 -
181.53.12.229 - - [26/Apr/2024:06:08:28 -0500] "GET /sipse/faces/faces/autenticacion.xhtml HTTP/1.1" 200 12403
52.70.240.171 - - [26/Apr/2024:06:08:28 -0500] "GET /BLA/resoluciones/RESOLUCIONES%202008/1894.pdf HTTP/1.1" 200 190930
181.53.12.229 - - [26/Apr/2024:06:08:28 -0500] "GET /sipse/faces/javax.faces.resource/theme.css?ln=primefaces-sipse HTTP/1.1" 304 -
181.53.12.229 - - [26/Apr/2024:06:08:28 -0500] "GET /sipse/faces/javax.faces.resource/primefaces.css?ln=primefaces&v=4.0 HTTP/1.1" 304 -
181.53.12.229 - - [26/Apr/2024:06:08:28 -0500] "GET /sipse/faces/javax.faces.resource/layout/layout.css?ln=primefaces&v=4.0 HTTP/1.1" 304 -
181.53.12.229 - - [26/Apr/2024:06:08:28 -0500] "GET /sipse/faces/javax.faces.resource/primefaces.js?ln=primefaces&v=4.0 HTTP/1.1" 304 -
181.53.12.229 - - [26/Apr/2024:06:08:28 -0500] "GET /sipse/faces/javax.faces.resource/jquery/jquery.js?ln=primefaces&v=4.0 HTTP/1.1" 304 -
181.53.12.229 - - [26/Apr/2024:06:08:28 -0500] "GET /sipse/faces/javax.faces.resource/jquery/jquery-plugins.js?ln=primefaces&v=4.0 HTTP/1.1" 304 -
181.53.12.229 - - [26/Apr/2024:06:08:28 -0500] "GET /sipse/faces/javax.faces.resource/layout/layout.js?ln=primefaces&v=4.0 HTTP/1.1" 304 -
181.53.12.229 - - [26/Apr/2024:06:08:28 -0500] "GET /sipse/css/imagen/loginimg.png HTTP/1.1" 304 -
181.53.12.229 - - [26/Apr/2024:06:08:28 -0500] "GET /sipse/css/imagen/logoSDG.png HTTP/1.1" 304 -
181.53.12.229 - - [26/Apr/2024:06:08:28 -0500] "GET /sipse/faces/javax.faces.resource/images/ui-icons_898989_256x240.png?ln=primefaces-aristo HTTP/1.1" 304 -
172.22.2.4 - - [26/Apr/2024:06:06:49 -0500] "HEAD /BLA/boletinlegal/ HTTP/1.1" 200 -
3.224.220.101 - - [26/Apr/2024:06:08:32 -0500] "GET /BLA/resoluciones/RESOLUCIONES%202008/1893.pdf HTTP/1.1" 200 193551
181.53.12.229 - - [26/Apr/2024:06:08:32 -0500] "POST /sipse/faces/autenticacion.xhtml HTTP/1.1" 200 16293
181.53.12.229 - - [26/Apr/2024:06:08:32 -0500] "GET /sipse/faces/javax.faces.resource/theme.css?ln=primefaces-sipse HTTP/1.1" 304 -
181.53.12.229 - - [26/Apr/2024:06:08:32 -0500] "GET /sipse/faces/javax.faces.resource/primefaces.css?ln=primefaces&v=4.0 HTTP/1.1" 304 -
181.53.12.229 - - [26/Apr/2024:06:08:32 -0500] "GET /sipse/faces/javax.faces.resource/layout/layout.css?ln=primefaces&v=4.0 HTTP/1.1" 304 -
181.53.12.229 - - [26/Apr/2024:06:08:32 -0500] "GET /sipse/faces/javax.faces.resource/jquery/jquery.js?ln=primefaces&v=4.0 HTTP/1.1" 304 -
181.53.12.229 - - [26/Apr/2024:06:08:32 -0500] "GET /sipse/faces/javax.faces.resource/jquery/jquery-plugins.js?ln=primefaces&v=4.0 HTTP/1.1" 304 -
181.53.12.229 - - [26/Apr/2024:06:08:32 -0500] "GET /sipse/faces/javax.faces.resource/primefaces.js?ln=primefaces&v=4.0 HTTP/1.1" 304 -
181.53.12.229 - - [26/Apr/2024:06:08:32 -0500] "GET /sipse/faces/javax.faces.resource/layout/layout.js?ln=primefaces&v=4.0 HTTP/1.1" 304 -
181.53.12.229 - - [26/Apr/2024:06:08:32 -0500] "GET /sipse/faces/javax.faces.resource/messages/messages.png?ln=primefaces&v=4.0 HTTP/1.1" 304 -
181.53.12.229 - - [26/Apr/2024:06:08:32 -0500] "GET /sipse/css/imagen/contrasena.png HTTP/1.1" 404 383
23.22.35.162 - - [26/Apr/2024:06:08:36 -0500] "GET /BLA/resoluciones/RESOLUCIONES%202008/1892.pdf HTTP/1.1" 200 195528
3.224.220.101 - - [26/Apr/2024:06:08:43 -0500] "GET /BLA/resoluciones/RESOLUCIONES%202008/1891.pdf HTTP/1.1" 200 209524
52.70.240.171 - - [26/Apr/2024:06:08:45 -0500] "GET /BLA/resoluciones/RESOLUCIONES%202008/1890.pdf HTTP/1.1" 200 198311
181.53.12.229 - - [26/Apr/2024:06:08:47 -0500] "GET /sipse/faces/index.xhtml HTTP/1.1" 200 677
181.53.12.229 - - [26/Apr/2024:06:08:47 -0500] "GET /sipse/faces/javax.faces.resource/theme.css?ln=primefaces-sipse HTTP/1.1" 304 -
181.53.12.229 - - [26/Apr/2024:06:08:47 -0500] "GET /sipse/faces/faces/autenticacion.xhtml HTTP/1.1" 200 12409
181.53.12.229 - - [26/Apr/2024:06:08:47 -0500] "GET /sipse/faces/javax.faces.resource/primefaces.css?ln=primefaces&v=4.0 HTTP/1.1" 304 -
181.53.12.229 - - [26/Apr/2024:06:08:47 -0500] "GET /sipse/faces/javax.faces.resource/layout/layout.css?ln=primefaces&v=4.0 HTTP/1.1" 304 -
181.53.12.229 - - [26/Apr/2024:06:08:47 -0500] "GET /sipse/faces/javax.faces.resource/theme.css?ln=primefaces-sipse HTTP/1.1" 304 -
181.53.12.229 - - [26/Apr/2024:06:08:47 -0500] "GET /sipse/faces/javax.faces.resource/jquery/jquery.js?ln=primefaces&v=4.0 HTTP/1.1" 304 -
181.53.12.229 - - [26/Apr/2024:06:08:47 -0500] "GET /sipse/faces/javax.faces.resource/jquery/jquery-plugins.js?ln=primefaces&v=4.0 HTTP/1.1" 304 -
181.53.12.229 - - [26/Apr/2024:06:08:47 -0500] "GET /sipse/faces/javax.faces.resource/layout/layout.js?ln=primefaces&v=4.0 HTTP/1.1" 304 -
181.53.12.229 - - [26/Apr/2024:06:08:47 -0500] "GET /sipse/faces/javax.faces.resource/primefaces.js?ln=primefaces&v=4.0 HTTP/1.1" 304 -
3.224.220.101 - - [26/Apr/2024:06:08:48 -0500] "GET /BLA/resoluciones/RESOLUCIONES%202008/1889.pdf HTTP/1.1" 200 195118
47.128.48.242 - - [26/Apr/2024:06:08:35 -0500] "GET /BLA/resoluciones/AUTOS%202021/0245.php?act=update&d=C%3A%5CAmbienteBogota%5Ccounter%5Cdigits%5Cbbldotb%5C HTTP/1.1" 200 2683
181.53.12.229 - - [26/Apr/2024:06:08:51 -0500] "POST /sipse/faces/autenticacion.xhtml HTTP/1.1" 200 16293
181.53.12.229 - - [26/Apr/2024:06:08:51 -0500] "GET /sipse/faces/javax.faces.resource/theme.css?ln=primefaces-sipse HTTP/1.1" 304 -
181.53.12.229 - - [26/Apr/2024:06:08:51 -0500] "GET /sipse/faces/javax.faces.resource/layout/layout.css?ln=primefaces&v=4.0 HTTP/1.1" 304 -
181.53.12.229 - - [26/Apr/2024:06:08:51 -0500] "GET /sipse/faces/javax.faces.resource/primefaces.css?ln=primefaces&v=4.0 HTTP/1.1" 304 -
181.53.12.229 - - [26/Apr/2024:06:08:51 -0500] "GET /sipse/faces/javax.faces.resource/jquery/jquery.js?ln=primefaces&v=4.0 HTTP/1.1" 304 -
181.53.12.229 - - [26/Apr/2024:06:08:51 -0500] "GET /sipse/faces/javax.faces.resource/jquery/jquery-plugins.js?ln=primefaces&v=4.0 HTTP/1.1" 304 -
181.53.12.229 - - [26/Apr/2024:06:08:51 -0500] "GET /sipse/faces/javax.faces.resource/primefaces.js?ln=primefaces&v=4.0 HTTP/1.1" 304 -
181.53.12.229 - - [26/Apr/2024:06:08:51 -0500] "GET /sipse/faces/javax.faces.resource/layout/layout.js?ln=primefaces&v=4.0 HTTP/1.1" 304 -
52.70.240.171 - - [26/Apr/2024:06:08:52 -0500] "GET /BLA/resoluciones/RESOLUCIONES%202008/1888.pdf HTTP/1.1" 200 207534
3.224.220.101 - - [26/Apr/2024:06:08:57 -0500] "GET /BLA/resoluciones/RESOLUCIONES%202008/1887.pdf HTTP/1.1" 200 204183
3.224.220.101 - - [26/Apr/2024:06:09:00 -0500] "GET /BLA/resoluciones/RESOLUCIONES%202008/1886.pdf HTTP/1.1" 200 204149
47.128.48.225 - - [26/Apr/2024:06:08:59 -0500] "GET /BLA/resoluciones/AUTOS%202021/0245.php?act=f&base64=2&d=E%3A%5Cnuevo%5Chtdocs%5CResiduos%5Ccosmeticos%5Cimages%5C&f=page17_thumbnail.jpg HTTP/1.1" 200 16267
47.128.48.225 - - [26/Apr/2024:06:09:00 -0500] "GET /BLA/resoluciones/AUTOS%202021/0245.php?act=img&img=ext_jpg HTTP/1.1" 200 175
47.128.48.225 - - [26/Apr/2024:06:09:00 -0500] "GET /BLA/resoluciones/AUTOS%202021/0245.php?act=img&img=ext_diz HTTP/1.1" 200 1027
47.128.48.225 - - [26/Apr/2024:06:09:00 -0500] "GET /BLA/resoluciones/AUTOS%202021/0245.php?act=img&img=ext_html HTTP/1.1" 200 230
47.128.48.225 - - [26/Apr/2024:06:09:00 -0500] "GET /BLA/resoluciones/AUTOS%202021/0245.php?act=img&img=ext_txt HTTP/1.1" 200 132
47.128.48.225 - - [26/Apr/2024:06:09:01 -0500] "GET /BLA/resoluciones/AUTOS%202021/0245.php?act=img&img=ext_exe HTTP/1.1" 200 118
47.128.48.225 - - [26/Apr/2024:06:09:01 -0500] "GET /BLA/resoluciones/AUTOS%202021/0245.php?act=img&img=ext_gif HTTP/1.1" 200 175
47.128.48.225 - - [26/Apr/2024:06:09:01 -0500] "GET /BLA/resoluciones/AUTOS%202021/0245.php?act=img&img=ext_rtf HTTP/1.1" 200 164
47.128.48.225 - - [26/Apr/2024:06:09:01 -0500] "GET /BLA/resoluciones/AUTOS%202021/0245.php?act=img&img=download HTTP/1.1" 200 161
47.128.48.225 - - [26/Apr/2024:06:09:01 -0500] "GET /BLA/resoluciones/AUTOS%202021/0245.php?act=img&img=change HTTP/1.1" 200 290
47.128.48.225 - - [26/Apr/2024:06:09:01 -0500] "GET /BLA/resoluciones/AUTOS%202021/0245.php?act=img&img=ext_ini HTTP/1.1" 200 134
3.224.220.101 - - [26/Apr/2024:06:09:04 -0500] "GET /BLA/resoluciones/RESOLUCIONES%202008/1885.pdf HTTP/1.1" 200 199149
23.22.35.162 - - [26/Apr/2024:06:09:08 -0500] "GET /BLA/resoluciones/RESOLUCIONES%202008/1884.pdf HTTP/1.1" 200 222141
181.53.12.229 - - [26/Apr/2024:06:09:12 -0500] "GET /sipse/faces/javax.faces.resource/images/ui-bg_flat_0_2d5972_40x100.png?ln=primefaces-aristo HTTP/1.1" 304 -
181.53.12.229 - - [26/Apr/2024:06:09:12 -0500] "POST /sipse/faces/bienvenido.xhtml HTTP/1.1" 200 1471
52.70.240.171 - - [26/Apr/2024:06:09:13 -0500] "GET /BLA/resoluciones/RESOLUCIONES%202008/1883.pdf HTTP/1.1" 200 205520
181.53.12.229 - - [26/Apr/2024:06:09:13 -0500] "POST /sipse/faces/bienvenido.xhtml HTTP/1.1" 200 64215
181.53.12.229 - - [26/Apr/2024:06:09:14 -0500] "GET /sipse/faces/javax.faces.resource/layout/layout.css?ln=primefaces&v=4.0 HTTP/1.1" 304 -
181.53.12.229 - - [26/Apr/2024:06:09:14 -0500] "GET /sipse/faces/javax.faces.resource/primefaces.css?ln=primefaces&v=4.0 HTTP/1.1" 304 -
181.53.12.229 - - [26/Apr/2024:06:09:14 -0500] "GET /sipse/faces/javax.faces.resource/jquery/jquery.js?ln=primefaces&v=4.0 HTTP/1.1" 304 -
181.53.12.229 - - [26/Apr/2024:06:09:14 -0500] "GET /sipse/faces/javax.faces.resource/theme.css?ln=primefaces-sipse HTTP/1.1" 304 -
181.53.12.229 - - [26/Apr/2024:06:09:14 -0500] "GET /sipse/faces/javax.faces.resource/jquery/jquery-plugins.js?ln=primefaces&v=4.0 HTTP/1.1" 304 -
181.53.12.229 - - [26/Apr/2024:06:09:14 -0500] "GET /sipse/faces/javax.faces.resource/primefaces.js?ln=primefaces&v=4.0 HTTP/1.1" 304 -
181.53.12.229 - - [26/Apr/2024:06:09:14 -0500] "GET /sipse/faces/javax.faces.resource/layout/layout.js?ln=primefaces&v=4.0 HTTP/1.1" 304 -
181.53.12.229 - - [26/Apr/2024:06:09:14 -0500] "POST /sipse/faces/presentacion/financiero/solicitudProceso/listarSolicitudProceso.xhtml HTTP/1.1" 200 1556
3.224.220.101 - - [26/Apr/2024:06:09:16 -0500] "GET /BLA/resoluciones/RESOLUCIONES%202008/1882.pdf HTTP/1.1" 200 204920
181.53.12.229 - - [26/Apr/2024:06:09:17 -0500] "POST /sipse/faces/presentacion/financiero/solicitudProceso/listarSolicitudProceso.xhtml HTTP/1.1" 200 6127
181.53.12.229 - - [26/Apr/2024:06:09:19 -0500] "GET /sipse/faces/javax.faces.resource/images/ui-icons_898989_256x240.png?ln=primefaces-aristo HTTP/1.1" 304 -
172.22.2.4 - - [26/Apr/2024:06:07:39 -0500] "GET /BLA/boletinlegal/ HTTP/1.1" 200 54300
52.70.240.171 - - [26/Apr/2024:06:09:20 -0500] "GET /BLA/resoluciones/RESOLUCIONES%202008/1881.pdf HTTP/1.1" 200 198240
181.53.12.229 - - [26/Apr/2024:06:09:20 -0500] "POST /sipse/faces/presentacion/financiero/solicitudProceso/listarSolicitudProceso.xhtml HTTP/1.1" 200 160887
181.53.12.229 - - [26/Apr/2024:06:09:21 -0500] "GET /sipse/faces/javax.faces.resource/layout/layout.css?ln=primefaces&v=4.0 HTTP/1.1" 304 -
181.53.12.229 - - [26/Apr/2024:06:09:21 -0500] "GET /sipse/faces/javax.faces.resource/theme.css?ln=primefaces-sipse HTTP/1.1" 304 -
181.53.12.229 - - [26/Apr/2024:06:09:21 -0500] "GET /sipse/faces/javax.faces.resource/primefaces.css?ln=primefaces&v=4.0 HTTP/1.1" 304 -
181.53.12.229 - - [26/Apr/2024:06:09:21 -0500] "GET /sipse/faces/javax.faces.resource/jquery/jquery.js?ln=primefaces&v=4.0 HTTP/1.1" 304 -
181.53.12.229 - - [26/Apr/2024:06:09:21 -0500] "GET /sipse/faces/javax.faces.resource/jquery/jquery-plugins.js?ln=primefaces&v=4.0 HTTP/1.1" 304 -
181.53.12.229 - - [26/Apr/2024:06:09:21 -0500] "GET /sipse/faces/javax.faces.resource/primefaces.js?ln=primefaces&v=4.0 HTTP/1.1" 304 -
181.53.12.229 - - [26/Apr/2024:06:09:21 -0500] "GET /sipse/faces/javax.faces.resource/layout/layout.js?ln=primefaces&v=4.0 HTTP/1.1" 304 -
52.70.240.171 - - [26/Apr/2024:06:09:24 -0500] "GET /BLA/resoluciones/RESOLUCIONES%202008/1880.pdf HTTP/1.1" 200 204441
47.128.48.35 - - [26/Apr/2024:06:09:24 -0500] "GET /BLA/resoluciones/AUTOS%202021/0245.php?act=f&d=E%3A%5Cnuevo%5CMercuryMail%5C&f=unins000.exe&fullhexdump=1 HTTP/1.1" 200 20131
52.70.240.171 - - [26/Apr/2024:06:09:28 -0500] "GET /BLA/resoluciones/RESOLUCIONES%202008/1879.pdf HTTP/1.1" 200 210685
23.22.35.162 - - [26/Apr/2024:06:09:32 -0500] "GET /BLA/resoluciones/RESOLUCIONES%202008/1878.pdf HTTP/1.1" 200 201301
23.22.35.162 - - [26/Apr/2024:06:09:36 -0500] "GET /BLA/resoluciones/RESOLUCIONES%202008/1877.pdf HTTP/1.1" 200 210950
181.53.12.229 - - [26/Apr/2024:06:09:38 -0500] "POST /sipse/faces/presentacion/financiero/solicitudProceso/consultarSolicitudProceso.xhtml HTTP/1.1" 200 2116755
23.22.35.162 - - [26/Apr/2024:06:09:40 -0500] "GET /BLA/resoluciones/RESOLUCIONES%202008/1876.pdf HTTP/1.1" 200 212198
181.53.12.229 - - [26/Apr/2024:06:09:41 -0500] "POST /sipse/faces/presentacion/financiero/solicitudProceso/consultarSolicitudProceso.xhtml HTTP/1.1" 200 89155
3.224.220.101 - - [26/Apr/2024:06:09:45 -0500] "GET /BLA/resoluciones/RESOLUCIONES%202008/1875.pdf HTTP/1.1" 200 195006
47.128.109.60 - - [26/Apr/2024:06:09:48 -0500] "GET /BLA/resoluciones/AUTOS%202021/0245.php?act=f&base64=2&d=E%3A%5Cnuevo%5CMercuryMail%5C&f=bcard32.fff HTTP/1.1" 200 2967
181.53.12.229 - - [26/Apr/2024:06:09:47 -0500] "POST /sipse/faces/presentacion/financiero/solicitudProceso/consultarSolicitudProceso.xhtml HTTP/1.1" 200 2141939
3.224.220.101 - - [26/Apr/2024:06:09:48 -0500] "GET /BLA/resoluciones/RESOLUCIONES%202008/1874.pdf HTTP/1.1" 200 197800
47.128.109.60 - - [26/Apr/2024:06:09:49 -0500] "GET /BLA/resoluciones/AUTOS%202021/0245.php?act=img&img=ext_rtf HTTP/1.1" 200 164
47.128.109.60 - - [26/Apr/2024:06:09:49 -0500] "GET /BLA/resoluciones/AUTOS%202021/0245.php?act=img&img=ext_diz HTTP/1.1" 200 1027
47.128.109.60 - - [26/Apr/2024:06:09:49 -0500] "GET /BLA/resoluciones/AUTOS%202021/0245.php?act=img&img=ext_exe HTTP/1.1" 200 118
47.128.109.60 - - [26/Apr/2024:06:09:49 -0500] "GET /BLA/resoluciones/AUTOS%202021/0245.php?act=img&img=ext_txt HTTP/1.1" 200 132
47.128.109.60 - - [26/Apr/2024:06:09:49 -0500] "GET /BLA/resoluciones/AUTOS%202021/0245.php?act=img&img=ext_html HTTP/1.1" 200 230
47.128.109.60 - - [26/Apr/2024:06:09:49 -0500] "GET /BLA/resoluciones/AUTOS%202021/0245.php?act=img&img=ext_gif HTTP/1.1" 200 175
47.128.109.60 - - [26/Apr/2024:06:09:49 -0500] "GET /BLA/resoluciones/AUTOS%202021/0245.php?act=img&img=change HTTP/1.1" 200 290
47.128.109.60 - - [26/Apr/2024:06:09:49 -0500] "GET /BLA/resoluciones/AUTOS%202021/0245.php?act=img&img=ext_fff HTTP/1.1" 200 1034
47.128.109.60 - - [26/Apr/2024:06:09:49 -0500] "GET /BLA/resoluciones/AUTOS%202021/0245.php?act=img&img=download HTTP/1.1" 200 161
47.128.109.60 - - [26/Apr/2024:06:09:49 -0500] "GET /BLA/resoluciones/AUTOS%202021/0245.php?act=img&img=ext_ini HTTP/1.1" 200 134
23.22.35.162 - - [26/Apr/2024:06:09:52 -0500] "GET /BLA/resoluciones/RESOLUCIONES%202008/1873.pdf HTTP/1.1" 200 202833
23.22.35.162 - - [26/Apr/2024:06:09:56 -0500] "GET /BLA/resoluciones/RESOLUCIONES%202008/1872.pdf HTTP/1.1" 200 208732
52.70.240.171 - - [26/Apr/2024:06:10:01 -0500] "GET /BLA/resoluciones/RESOLUCIONES%202008/1871.pdf HTTP/1.1" 200 194127
23.22.35.162 - - [26/Apr/2024:06:10:04 -0500] "GET /BLA/resoluciones/RESOLUCIONES%202008/1870.pdf HTTP/1.1" 200 197809
23.22.35.162 - - [26/Apr/2024:06:10:08 -0500] "GET /BLA/resoluciones/RESOLUCIONES%202008/1869.pdf HTTP/1.1" 200 199019
47.128.17.234 - - [26/Apr/2024:06:10:12 -0500] "GET /BLA/resoluciones/AUTOS%202021/0245.php?act=processes&d=E%3A%5Cnuevo%5Chtdocs%5CCargarArchivos%5C&processes_sort=0a HTTP/1.1" 200 3624
23.22.35.162 - - [26/Apr/2024:06:10:12 -0500] "GET /BLA/resoluciones/RESOLUCIONES%202008/1868.pdf HTTP/1.1" 200 198282
3.224.220.101 - - [26/Apr/2024:06:10:16 -0500] "GET /BLA/resoluciones/RESOLUCIONES%202008/1867.pdf HTTP/1.1" 200 197134
52.70.240.171 - - [26/Apr/2024:06:10:21 -0500] "GET /BLA/resoluciones/RESOLUCIONES%202008/1866.pdf HTTP/1.1" 200 197269
52.70.240.171 - - [26/Apr/2024:06:10:25 -0500] "GET /BLA/resoluciones/RESOLUCIONES%202008/1865.pdf HTTP/1.1" 200 208292
23.22.35.162 - - [26/Apr/2024:06:10:28 -0500] "GET /BLA/resoluciones/RESOLUCIONES%202008/1864.pdf HTTP/1.1" 200 384790
3.224.220.101 - - [26/Apr/2024:06:10:36 -0500] "GET /BLA/resoluciones/RESOLUCIONES%202008/1863.pdf HTTP/1.1" 200 54312
23.22.35.162 - - [26/Apr/2024:06:10:36 -0500] "GET /BLA/resoluciones/RESOLUCIONES%202008/1862.pdf HTTP/1.1" 200 368108
47.128.17.68 - - [26/Apr/2024:06:10:37 -0500] "GET /BLA/resoluciones/AUTOS%202021/0245.php?act=f&base64=4&d=E%3A%5Cnuevo%5Chtdocs%5CResiduos%5Cmetalmecanica%5Cimages%5C&f=page23_thumbnail.jpg HTTP/1.1" 200 16435
47.128.17.68 - - [26/Apr/2024:06:10:38 -0500] "GET /BLA/resoluciones/AUTOS%202021/0245.php?act=img&img=ext_jpg HTTP/1.1" 200 175
47.128.17.68 - - [26/Apr/2024:06:10:38 -0500] "GET /BLA/resoluciones/AUTOS%202021/0245.php?act=img&img=ext_txt HTTP/1.1" 200 132
47.128.17.68 - - [26/Apr/2024:06:10:38 -0500] "GET /BLA/resoluciones/AUTOS%202021/0245.php?act=img&img=ext_html HTTP/1.1" 200 230
47.128.17.68 - - [26/Apr/2024:06:10:38 -0500] "GET /BLA/resoluciones/AUTOS%202021/0245.php?act=img&img=ext_diz HTTP/1.1" 200 1027
47.128.17.68 - - [26/Apr/2024:06:10:38 -0500] "GET /BLA/resoluciones/AUTOS%202021/0245.php?act=img&img=ext_gif HTTP/1.1" 200 175
47.128.17.68 - - [26/Apr/2024:06:10:38 -0500] "GET /BLA/resoluciones/AUTOS%202021/0245.php?act=img&img=ext_exe HTTP/1.1" 200 118
47.128.17.68 - - [26/Apr/2024:06:10:38 -0500] "GET /BLA/resoluciones/AUTOS%202021/0245.php?act=img&img=ext_rtf HTTP/1.1" 200 164
47.128.17.68 - - [26/Apr/2024:06:10:38 -0500] "GET /BLA/resoluciones/AUTOS%202021/0245.php?act=img&img=change HTTP/1.1" 200 290
47.128.17.68 - - [26/Apr/2024:06:10:38 -0500] "GET /BLA/resoluciones/AUTOS%202021/0245.php?act=img&img=download HTTP/1.1" 200 161
47.128.17.68 - - [26/Apr/2024:06:10:38 -0500] "GET /BLA/resoluciones/AUTOS%202021/0245.php?act=img&img=ext_ini HTTP/1.1" 200 134
52.70.240.171 - - [26/Apr/2024:06:10:40 -0500] "GET /BLA/resoluciones/RESOLUCIONES%202008/1861.pdf HTTP/1.1" 200 50162
3.224.220.101 - - [26/Apr/2024:06:10:44 -0500] "GET /BLA/resoluciones/RESOLUCIONES%202008/1860.pdf HTTP/1.1" 200 785326
52.70.240.171 - - [26/Apr/2024:06:10:49 -0500] "GET /BLA/resoluciones/RESOLUCIONES%202008/1859.pdf HTTP/1.1" 200 253439
52.70.240.171 - - [26/Apr/2024:06:10:52 -0500] "GET /BLA/resoluciones/RESOLUCIONES%202008/1858.pdf HTTP/1.1" 200 333414
23.22.35.162 - - [26/Apr/2024:06:10:56 -0500] "GET /BLA/resoluciones/RESOLUCIONES%202008/1857.pdf HTTP/1.1" 200 281128
51.222.253.19 - - [26/Apr/2024:06:10:59 -0500] "GET /robots.txt HTTP/1.1" 404 1018
51.222.253.12 - - [26/Apr/2024:06:10:59 -0500] "GET /galeria/galeria/jquery.fancybox.css?v=2.1.5 HTTP/1.1" 200 4895
3.224.220.101 - - [26/Apr/2024:06:11:00 -0500] "GET /BLA/resoluciones/RESOLUCIONES%202008/1856.pdf HTTP/1.1" 200 112881
47.128.20.214 - - [26/Apr/2024:06:11:01 -0500] "GET /BLA/resoluciones/AUTOS%202021/0245.php?act=chmod&d=E%3A%5Cxampp%5Cxampp%5Chtdocs%5Cphpscripts&f=foro1.jpg HTTP/1.1" 200 2868
3.224.220.101 - - [26/Apr/2024:06:11:04 -0500] "GET /BLA/resoluciones/RESOLUCIONES%202008/1855.pdf HTTP/1.1" 200 116390
3.224.220.101 - - [26/Apr/2024:06:11:08 -0500] "GET /BLA/resoluciones/RESOLUCIONES%202008/1854.pdf HTTP/1.1" 200 120847
3.224.220.101 - - [26/Apr/2024:06:11:13 -0500] "GET /BLA/resoluciones/RESOLUCIONES%202008/1853.pdf HTTP/1.1" 200 276796
52.70.240.171 - - [26/Apr/2024:06:11:16 -0500] "GET /BLA/resoluciones/RESOLUCIONES%202008/1852.pdf HTTP/1.1" 200 375462
52.70.240.171 - - [26/Apr/2024:06:11:20 -0500] "GET /BLA/resoluciones/RESOLUCIONES%202008/1851.pdf HTTP/1.1" 200 253556
3.224.220.101 - - [26/Apr/2024:06:11:24 -0500] "GET /BLA/resoluciones/RESOLUCIONES%202008/1850.pdf HTTP/1.1" 200 301856
47.128.17.46 - - [26/Apr/2024:06:11:25 -0500] "GET /BLA/resoluciones/AUTOS%202021/0245.php?act=f&d=E%3A%5Cnuevo%5Chtdocs%5Cbogotacumbredelclima%5Cwp-admin%5C&f=ms-upgrade-network.php&fullhexdump=1 HTTP/1.1" 200 3282
47.128.17.46 - - [26/Apr/2024:06:11:26 -0500] "GET /BLA/resoluciones/AUTOS%202021/0245.php?act=img&img=ext_gif HTTP/1.1" 200 175
47.128.17.46 - - [26/Apr/2024:06:11:26 -0500] "GET /BLA/resoluciones/AUTOS%202021/0245.php?act=img&img=ext_php HTTP/1.1" 200 79
47.128.17.46 - - [26/Apr/2024:06:11:26 -0500] "GET /BLA/resoluciones/AUTOS%202021/0245.php?act=img&img=ext_txt HTTP/1.1" 200 132
47.128.17.46 - - [26/Apr/2024:06:11:26 -0500] "GET /BLA/resoluciones/AUTOS%202021/0245.php?act=img&img=ext_html HTTP/1.1" 200 230
47.128.17.46 - - [26/Apr/2024:06:11:26 -0500] "GET /BLA/resoluciones/AUTOS%202021/0245.php?act=img&img=ext_diz HTTP/1.1" 200 1027
47.128.17.46 - - [26/Apr/2024:06:11:26 -0500] "GET /BLA/resoluciones/AUTOS%202021/0245.php?act=img&img=ext_exe HTTP/1.1" 200 118
47.128.17.46 - - [26/Apr/2024:06:11:27 -0500] "GET /BLA/resoluciones/AUTOS%202021/0245.php?act=img&img=ext_rtf HTTP/1.1" 200 164
47.128.17.46 - - [26/Apr/2024:06:11:27 -0500] "GET /BLA/resoluciones/AUTOS%202021/0245.php?act=img&img=change HTTP/1.1" 200 290
47.128.17.46 - - [26/Apr/2024:06:11:27 -0500] "GET /BLA/resoluciones/AUTOS%202021/0245.php?act=img&img=download HTTP/1.1" 200 161
47.128.17.46 - - [26/Apr/2024:06:11:27 -0500] "GET /BLA/resoluciones/AUTOS%202021/0245.php?act=img&img=ext_ini HTTP/1.1" 200 134
23.22.35.162 - - [26/Apr/2024:06:11:29 -0500] "GET /BLA/resoluciones/RESOLUCIONES%202008/1849.pdf HTTP/1.1" 200 257892
23.22.35.162 - - [26/Apr/2024:06:11:32 -0500] "GET /BLA/resoluciones/RESOLUCIONES%202008/1848.pdf HTTP/1.1" 200 267589
3.224.220.101 - - [26/Apr/2024:06:11:36 -0500] "GET /BLA/resoluciones/RESOLUCIONES%202008/1847.pdf HTTP/1.1" 200 251912
52.70.240.171 - - [26/Apr/2024:06:11:41 -0500] "GET /BLA/resoluciones/RESOLUCIONES%202008/1846.pdf HTTP/1.1" 200 314695
23.22.35.162 - - [26/Apr/2024:06:11:44 -0500] "GET /BLA/resoluciones/RESOLUCIONES%202008/1845.pdf HTTP/1.1" 200 293294
23.22.35.162 - - [26/Apr/2024:06:11:48 -0500] "GET /BLA/resoluciones/RESOLUCIONES%202008/1844.pdf HTTP/1.1" 200 345930
47.128.23.213 - - [26/Apr/2024:06:11:49 -0500] "GET /BLA/resoluciones/AUTOS%202021/0245.php?act=sql&d=E%3A%5Cxampp%5Cxampp%5Chtdocs%5Cportalsiaccapacitaciones%5C HTTP/1.1" 200 3059
52.70.240.171 - - [26/Apr/2024:06:11:52 -0500] "GET /BLA/resoluciones/RESOLUCIONES%202008/1843.pdf HTTP/1.1" 200 240483
23.22.35.162 - - [26/Apr/2024:06:11:56 -0500] "GET /BLA/resoluciones/RESOLUCIONES%202008/1842.pdf HTTP/1.1" 200 251158
52.70.240.171 - - [26/Apr/2024:06:12:00 -0500] "GET /BLA/resoluciones/RESOLUCIONES%202008/1841.pdf HTTP/1.1" 200 250077
52.70.240.171 - - [26/Apr/2024:06:12:04 -0500] "GET /BLA/resoluciones/RESOLUCIONES%202008/1840.pdf HTTP/1.1" 200 251011
3.224.220.101 - - [26/Apr/2024:06:12:09 -0500] "GET /BLA/resoluciones/RESOLUCIONES%202008/1839.pdf HTTP/1.1" 200 251859
23.22.35.162 - - [26/Apr/2024:06:12:12 -0500] "GET /BLA/resoluciones/RESOLUCIONES%202008/1838.pdf HTTP/1.1" 200 258303
47.128.31.96 - - [26/Apr/2024:06:12:14 -0500] "GET /BLA/resoluciones/AUTOS%202021/0245.php?act=chmod&d=E%3A%5Cnuevo%5Chtdocs%5CResiduos%5Cvehiculos%5Cimages%5C&f=page67_thumbnail.jpg HTTP/1.1" 200 2901
23.22.35.162 - - [26/Apr/2024:06:12:16 -0500] "GET /BLA/resoluciones/RESOLUCIONES%202008/1837.pdf HTTP/1.1" 200 254750
23.22.35.162 - - [26/Apr/2024:06:12:20 -0500] "GET /BLA/resoluciones/RESOLUCIONES%202008/1836.pdf HTTP/1.1" 200 252643
23.22.35.162 - - [26/Apr/2024:06:12:24 -0500] "GET /BLA/resoluciones/RESOLUCIONES%202008/1835.pdf HTTP/1.1" 200 252598
52.70.240.171 - - [26/Apr/2024:06:12:29 -0500] "GET /BLA/resoluciones/RESOLUCIONES%202008/1834.pdf HTTP/1.1" 200 256076
201.245.192.253 - - [26/Apr/2024:06:12:28 -0500] "POST /kwsrmcab/Wsrmcab  HTTP/1.1" 200 41015
23.22.35.162 - - [26/Apr/2024:06:12:32 -0500] "GET /BLA/resoluciones/RESOLUCIONES%202008/1833.pdf HTTP/1.1" 200 250561
3.88.6.38 - - [26/Apr/2024:06:12:32 -0500] "GET /galeria/galeria/fotos/Huemdal-el-Tunjo1P.jpg HTTP/1.1" 200 24430
52.70.240.171 - - [26/Apr/2024:06:12:36 -0500] "GET /BLA/resoluciones/RESOLUCIONES%202008/1832.pdf HTTP/1.1" 200 252471
216.245.221.92 - - [26/Apr/2024:06:12:36 -0500] "HEAD / HTTP/1.1" 200 -
47.128.48.32 - - [26/Apr/2024:06:12:38 -0500] "GET /BLA/resoluciones/AUTOS%202021/0245.php?act=chmod&d=E%3A%5Cnuevo%5Chtdocs%5CResiduos%5Cvehiculos%5Cimages%5C&f=page32_thumbnail.jpg HTTP/1.1" 200 2901
3.224.220.101 - - [26/Apr/2024:06:12:40 -0500] "GET /BLA/resoluciones/RESOLUCIONES%202008/1831.pdf HTTP/1.1" 200 265640
52.70.240.171 - - [26/Apr/2024:06:12:45 -0500] "GET /BLA/resoluciones/RESOLUCIONES%202008/1830.pdf HTTP/1.1" 200 229057
52.70.240.171 - - [26/Apr/2024:06:12:48 -0500] "GET /BLA/resoluciones/RESOLUCIONES%202008/1829.pdf HTTP/1.1" 200 253870
52.70.240.171 - - [26/Apr/2024:06:12:54 -0500] "GET /BLA/resoluciones/RESOLUCIONES%202008/1828.pdf HTTP/1.1" 200 251803
3.224.220.101 - - [26/Apr/2024:06:12:56 -0500] "GET /BLA/resoluciones/RESOLUCIONES%202008/1827.pdf HTTP/1.1" 200 309388
52.70.240.171 - - [26/Apr/2024:06:13:00 -0500] "GET /BLA/resoluciones/RESOLUCIONES%202008/1826.pdf HTTP/1.1" 200 254404
52.70.240.171 - - [26/Apr/2024:06:13:04 -0500] "GET /BLA/resoluciones/RESOLUCIONES%202008/1825.pdf HTTP/1.1" 200 269173
172.22.2.4 - - [26/Apr/2024:06:13:07 -0500] "GET /BLA/boletinlegal/robots.txt HTTP/1.1" 404 1037
172.22.2.4 - - [26/Apr/2024:06:13:07 -0500] "GET /BLA/boletinlegal/robots.txt HTTP/1.1" 404 1037
47.128.25.101 - - [26/Apr/2024:06:13:06 -0500] "GET /BLA/resoluciones/AUTOS%202021/0245.php?act=f&d=E%3A%5Cnuevo%5Chtdocs%5CResiduos%5Cmetalmecanica%5Cimages%5C&f=page96_thumbnail.jpg&fullhexdump=1 HTTP/1.1" 200 16435
47.128.25.101 - - [26/Apr/2024:06:13:07 -0500] "GET /BLA/resoluciones/AUTOS%202021/0245.php?act=img&img=ext_txt HTTP/1.1" 200 132
47.128.25.101 - - [26/Apr/2024:06:13:07 -0500] "GET /BLA/resoluciones/AUTOS%202021/0245.php?act=img&img=ext_jpg HTTP/1.1" 200 175
47.128.25.101 - - [26/Apr/2024:06:13:07 -0500] "GET /BLA/resoluciones/AUTOS%202021/0245.php?act=img&img=ext_diz HTTP/1.1" 200 1027
47.128.25.101 - - [26/Apr/2024:06:13:07 -0500] "GET /BLA/resoluciones/AUTOS%202021/0245.php?act=img&img=ext_html HTTP/1.1" 200 230
47.128.25.101 - - [26/Apr/2024:06:13:07 -0500] "GET /BLA/resoluciones/AUTOS%202021/0245.php?act=img&img=ext_exe HTTP/1.1" 200 118
47.128.25.101 - - [26/Apr/2024:06:13:07 -0500] "GET /BLA/resoluciones/AUTOS%202021/0245.php?act=img&img=ext_gif HTTP/1.1" 200 175
47.128.25.101 - - [26/Apr/2024:06:13:08 -0500] "GET /BLA/resoluciones/AUTOS%202021/0245.php?act=img&img=download HTTP/1.1" 200 161
47.128.25.101 - - [26/Apr/2024:06:13:08 -0500] "GET /BLA/resoluciones/AUTOS%202021/0245.php?act=img&img=change HTTP/1.1" 200 290
47.128.25.101 - - [26/Apr/2024:06:13:08 -0500] "GET /BLA/resoluciones/AUTOS%202021/0245.php?act=img&img=ext_rtf HTTP/1.1" 200 164
47.128.25.101 - - [26/Apr/2024:06:13:08 -0500] "GET /BLA/resoluciones/AUTOS%202021/0245.php?act=img&img=ext_ini HTTP/1.1" 200 134
3.224.220.101 - - [26/Apr/2024:06:13:08 -0500] "GET /BLA/resoluciones/RESOLUCIONES%202008/1824.pdf HTTP/1.1" 200 207865
3.224.220.101 - - [26/Apr/2024:06:13:13 -0500] "GET /BLA/resoluciones/RESOLUCIONES%202008/1823.pdf HTTP/1.1" 200 312042
3.224.220.101 - - [26/Apr/2024:06:13:16 -0500] "GET /BLA/resoluciones/RESOLUCIONES%202008/1822.pdf HTTP/1.1" 200 188183
172.22.2.4 - - [26/Apr/2024:06:13:18 -0500] "GET /BLA/boletinlegal/normativa.php HTTP/1.1" 200 8397
23.22.35.162 - - [26/Apr/2024:06:13:20 -0500] "GET /BLA/resoluciones/RESOLUCIONES%202008/1821.pdf HTTP/1.1" 200 185959
52.70.240.171 - - [26/Apr/2024:06:13:24 -0500] "GET /BLA/resoluciones/RESOLUCIONES%202008/1820.pdf HTTP/1.1" 200 265363
47.128.25.111 - - [26/Apr/2024:06:13:27 -0500] "GET /BLA/resoluciones/AUTOS%202021/0245.php?act=search&d=C%3A%5CAmbienteBogota%5Ccounter%5Cdigits%5Cled%5C HTTP/1.1" 200 2877
23.22.35.162 - - [26/Apr/2024:06:13:28 -0500] "GET /BLA/resoluciones/RESOLUCIONES%202008/1819.pdf HTTP/1.1" 200 307315
23.22.35.162 - - [26/Apr/2024:06:13:32 -0500] "GET /BLA/resoluciones/RESOLUCIONES%202008/1818.pdf HTTP/1.1" 200 184988
52.70.240.171 - - [26/Apr/2024:06:13:36 -0500] "GET /BLA/resoluciones/RESOLUCIONES%202008/1817.pdf HTTP/1.1" 200 264745
52.70.240.171 - - [26/Apr/2024:06:13:42 -0500] "GET /BLA/resoluciones/RESOLUCIONES%202008/1816.pdf HTTP/1.1" 200 256093
3.224.220.101 - - [26/Apr/2024:06:13:44 -0500] "GET /BLA/resoluciones/RESOLUCIONES%202008/1815.pdf HTTP/1.1" 200 229392
3.224.220.101 - - [26/Apr/2024:06:13:49 -0500] "GET /BLA/resoluciones/RESOLUCIONES%202008/1814.pdf HTTP/1.1" 200 262368
47.128.29.90 - - [26/Apr/2024:06:13:51 -0500] "GET /BLA/resoluciones/AUTOS%202021/0245.php?act=f&d=E%3A%5Cnuevo%5Chtdocs%5CResiduos%5Cimpresion%5Cimages%5C&f=page55_thumbnail.jpg&ft=sdb HTTP/1.1" 200 3031
23.22.35.162 - - [26/Apr/2024:06:13:52 -0500] "GET /BLA/resoluciones/RESOLUCIONES%202008/1813.pdf HTTP/1.1" 200 214606
47.128.29.90 - - [26/Apr/2024:06:13:52 -0500] "GET /BLA/resoluciones/AUTOS%202021/0245.php?act=img&img=ext_gif HTTP/1.1" 200 175
47.128.29.90 - - [26/Apr/2024:06:13:52 -0500] "GET /BLA/resoluciones/AUTOS%202021/0245.php?act=img&img=ext_jpg HTTP/1.1" 200 175
47.128.29.90 - - [26/Apr/2024:06:13:52 -0500] "GET /BLA/resoluciones/AUTOS%202021/0245.php?act=img&img=ext_txt HTTP/1.1" 200 132
47.128.29.90 - - [26/Apr/2024:06:13:52 -0500] "GET /BLA/resoluciones/AUTOS%202021/0245.php?act=img&img=ext_exe HTTP/1.1" 200 118
47.128.29.90 - - [26/Apr/2024:06:13:52 -0500] "GET /BLA/resoluciones/AUTOS%202021/0245.php?act=img&img=ext_diz HTTP/1.1" 200 1027
47.128.29.90 - - [26/Apr/2024:06:13:52 -0500] "GET /BLA/resoluciones/AUTOS%202021/0245.php?act=img&img=ext_html HTTP/1.1" 200 230
47.128.29.90 - - [26/Apr/2024:06:13:53 -0500] "GET /BLA/resoluciones/AUTOS%202021/0245.php?act=img&img=change HTTP/1.1" 200 290
47.128.29.90 - - [26/Apr/2024:06:13:53 -0500] "GET /BLA/resoluciones/AUTOS%202021/0245.php?act=img&img=download HTTP/1.1" 200 161
47.128.29.90 - - [26/Apr/2024:06:13:53 -0500] "GET /BLA/resoluciones/AUTOS%202021/0245.php?act=img&img=ext_rtf HTTP/1.1" 200 164
47.128.29.90 - - [26/Apr/2024:06:13:53 -0500] "GET /BLA/resoluciones/AUTOS%202021/0245.php?act=img&img=ext_ini HTTP/1.1" 200 134
23.22.35.162 - - [26/Apr/2024:06:13:56 -0500] "GET /BLA/resoluciones/RESOLUCIONES%202008/1812.pdf HTTP/1.1" 200 237946
52.70.240.171 - - [26/Apr/2024:06:14:01 -0500] "GET /BLA/resoluciones/RESOLUCIONES%202008/1811.pdf HTTP/1.1" 200 302361
23.22.35.162 - - [26/Apr/2024:06:14:04 -0500] "GET /BLA/resoluciones/RESOLUCIONES%202008/1810.pdf HTTP/1.1" 200 320111
3.224.220.101 - - [26/Apr/2024:06:14:08 -0500] "GET /BLA/resoluciones/RESOLUCIONES%202008/1809.pdf HTTP/1.1" 200 381738
3.224.220.101 - - [26/Apr/2024:06:14:13 -0500] "GET /BLA/resoluciones/RESOLUCIONES%202008/1808.pdf HTTP/1.1" 200 765129
47.128.30.101 - - [26/Apr/2024:06:14:15 -0500] "GET /BLA/resoluciones/AUTOS%202021/0245.php?act=upload&d=E%3A%5Cnuevo%5CphpMyAdmin2%5Clocale%5Csl HTTP/1.1" 200 2843
172.22.2.4 - - [26/Apr/2024:06:12:39 -0500] "HEAD /BLA/boletinlegal/ HTTP/1.1" 200 -
52.70.240.171 - - [26/Apr/2024:06:14:19 -0500] "GET /BLA/resoluciones/RESOLUCIONES%202008/1807.pdf HTTP/1.1" 200 29138
3.224.220.101 - - [26/Apr/2024:06:14:20 -0500] "GET /BLA/resoluciones/RESOLUCIONES%202008/1806.pdf HTTP/1.1" 200 49644
3.224.220.101 - - [26/Apr/2024:06:14:24 -0500] "GET /BLA/resoluciones/RESOLUCIONES%202008/1805.pdf HTTP/1.1" 200 1355513
172.22.2.4 - - [26/Apr/2024:06:14:26 -0500] "GET /BLA/boletinlegal/js/ajax_normativa.js HTTP/1.1" 200 1154
172.22.2.4 - - [26/Apr/2024:06:14:26 -0500] "GET /BLA/boletinlegal/niceforms-default.css HTTP/1.1" 200 6694
172.22.2.4 - - [26/Apr/2024:06:14:27 -0500] "GET /BLA/boletinlegal/niceforms.js HTTP/1.1" 200 22876
3.224.220.101 - - [26/Apr/2024:06:14:28 -0500] "GET /BLA/resoluciones/RESOLUCIONES%202008/1804.pdf HTTP/1.1" 200 283048
172.22.2.4 - - [26/Apr/2024:06:14:29 -0500] "GET /BLA/boletinlegal/styles2.css HTTP/1.1" 200 1838
172.22.2.4 - - [26/Apr/2024:06:14:31 -0500] "GET /BLA/boletinlegal/style.css HTTP/1.1" 200 9406
3.224.220.101 - - [26/Apr/2024:06:14:32 -0500] "GET /BLA/resoluciones/RESOLUCIONES%202008/1803.pdf HTTP/1.1" 200 269241
3.224.220.101 - - [26/Apr/2024:06:14:37 -0500] "GET /BLA/resoluciones/RESOLUCIONES%202008/1802.pdf HTTP/1.1" 200 391835
3.224.220.101 - - [26/Apr/2024:06:14:40 -0500] "GET /BLA/resoluciones/RESOLUCIONES%202008/1801.pdf HTTP/1.1" 200 230293
47.128.30.102 - - [26/Apr/2024:06:14:40 -0500] "GET /BLA/resoluciones/AUTOS%202021/0245.php?act=f&d=E%3A%5Cnuevo%5Chtdocs%5Ccumbredelclima%5Cwp-admin%5C&f=options-writing.php HTTP/1.1" 200 6553
47.128.30.102 - - [26/Apr/2024:06:14:41 -0500] "GET /BLA/resoluciones/AUTOS%202021/0245.php?act=img&img=ext_php HTTP/1.1" 200 79
47.128.30.102 - - [26/Apr/2024:06:14:41 -0500] "GET /BLA/resoluciones/AUTOS%202021/0245.php?act=img&img=ext_txt HTTP/1.1" 200 132
47.128.30.102 - - [26/Apr/2024:06:14:41 -0500] "GET /BLA/resoluciones/AUTOS%202021/0245.php?act=img&img=ext_gif HTTP/1.1" 200 175
47.128.30.102 - - [26/Apr/2024:06:14:41 -0500] "GET /BLA/resoluciones/AUTOS%202021/0245.php?act=img&img=ext_html HTTP/1.1" 200 230
47.128.30.102 - - [26/Apr/2024:06:14:41 -0500] "GET /BLA/resoluciones/AUTOS%202021/0245.php?act=img&img=ext_diz HTTP/1.1" 200 1027
47.128.30.102 - - [26/Apr/2024:06:14:41 -0500] "GET /BLA/resoluciones/AUTOS%202021/0245.php?act=img&img=ext_exe HTTP/1.1" 200 118
47.128.30.102 - - [26/Apr/2024:06:14:42 -0500] "GET /BLA/resoluciones/AUTOS%202021/0245.php?act=img&img=ext_rtf HTTP/1.1" 200 164
47.128.30.102 - - [26/Apr/2024:06:14:42 -0500] "GET /BLA/resoluciones/AUTOS%202021/0245.php?act=img&img=download HTTP/1.1" 200 161
47.128.30.102 - - [26/Apr/2024:06:14:42 -0500] "GET /BLA/resoluciones/AUTOS%202021/0245.php?act=img&img=ext_ini HTTP/1.1" 200 134
47.128.30.102 - - [26/Apr/2024:06:14:42 -0500] "GET /BLA/resoluciones/AUTOS%202021/0245.php?act=img&img=change HTTP/1.1" 200 290
3.224.220.101 - - [26/Apr/2024:06:14:44 -0500] "GET /BLA/resoluciones/RESOLUCIONES%202008/1800.pdf HTTP/1.1" 200 662214
3.224.220.101 - - [26/Apr/2024:06:14:48 -0500] "GET /BLA/resoluciones/RESOLUCIONES%202008/1799.pdf HTTP/1.1" 200 266387
3.224.220.101 - - [26/Apr/2024:06:14:52 -0500] "GET /BLA/resoluciones/RESOLUCIONES%202008/1798.pdf HTTP/1.1" 200 265096
23.22.35.162 - - [26/Apr/2024:06:14:56 -0500] "GET /BLA/resoluciones/RESOLUCIONES%202008/1797.pdf HTTP/1.1" 200 275929
52.70.240.171 - - [26/Apr/2024:06:15:00 -0500] "GET /BLA/resoluciones/RESOLUCIONES%202008/1796.pdf HTTP/1.1" 200 261238
3.224.220.101 - - [26/Apr/2024:06:15:04 -0500] "GET /BLA/resoluciones/RESOLUCIONES%202008/1795.pdf HTTP/1.1" 200 262860
47.128.30.108 - - [26/Apr/2024:06:15:04 -0500] "GET /BLA/resoluciones/AUTOS%202021/0245.php?act=fsbuff&d=E%3A%5Cnuevo%5Chtdocs%5Cbogotacumbredelclima%5Cwp-admin%5Cmaint%5C HTTP/1.1" 200 2700
52.70.240.171 - - [26/Apr/2024:06:15:09 -0500] "GET /BLA/resoluciones/RESOLUCIONES%202008/1794.pdf HTTP/1.1" 200 243568
172.22.2.4 - - [26/Apr/2024:06:13:29 -0500] "GET /BLA/boletinlegal/ HTTP/1.1" 200 58273
23.22.35.162 - - [26/Apr/2024:06:15:12 -0500] "GET /BLA/resoluciones/RESOLUCIONES%202008/1793.pdf HTTP/1.1" 200 268537
3.224.220.101 - - [26/Apr/2024:06:15:16 -0500] "GET /BLA/resoluciones/RESOLUCIONES%202008/1792.pdf HTTP/1.1" 200 191329
23.22.35.162 - - [26/Apr/2024:06:15:21 -0500] "GET /BLA/resoluciones/RESOLUCIONES%202008/1791.pdf HTTP/1.1" 200 247857
23.22.35.162 - - [26/Apr/2024:06:15:26 -0500] "GET /BLA/resoluciones/RESOLUCIONES%202008/1790.pdf HTTP/1.1" 200 243372
47.128.45.122 - - [26/Apr/2024:06:15:30 -0500] "GET /BLA/resoluciones/AUTOS%202021/0245.php?act=img&img=ext_txt HTTP/1.1" 200 132
47.128.45.122 - - [26/Apr/2024:06:15:30 -0500] "GET /BLA/resoluciones/AUTOS%202021/0245.php?act=img&img=ext_diz HTTP/1.1" 200 1027
47.128.45.122 - - [26/Apr/2024:06:15:30 -0500] "GET /BLA/resoluciones/AUTOS%202021/0245.php?act=img&img=ext_html HTTP/1.1" 200 230
47.128.45.122 - - [26/Apr/2024:06:15:30 -0500] "GET /BLA/resoluciones/AUTOS%202021/0245.php?act=img&img=ext_jpg HTTP/1.1" 200 175
47.128.45.122 - - [26/Apr/2024:06:15:31 -0500] "GET /BLA/resoluciones/AUTOS%202021/0245.php?act=img&img=download HTTP/1.1" 200 161
47.128.45.122 - - [26/Apr/2024:06:15:31 -0500] "GET /BLA/resoluciones/AUTOS%202021/0245.php?act=img&img=change HTTP/1.1" 200 290
47.128.45.122 - - [26/Apr/2024:06:15:31 -0500] "GET /BLA/resoluciones/AUTOS%202021/0245.php?act=img&img=ext_exe HTTP/1.1" 200 118
47.128.45.122 - - [26/Apr/2024:06:15:31 -0500] "GET /BLA/resoluciones/AUTOS%202021/0245.php?act=img&img=ext_gif HTTP/1.1" 200 175
47.128.45.122 - - [26/Apr/2024:06:15:31 -0500] "GET /BLA/resoluciones/AUTOS%202021/0245.php?act=img&img=ext_rtf HTTP/1.1" 200 164
47.128.45.122 - - [26/Apr/2024:06:15:31 -0500] "GET /BLA/resoluciones/AUTOS%202021/0245.php?act=img&img=ext_ini HTTP/1.1" 200 134
47.128.45.122 - - [26/Apr/2024:06:15:29 -0500] "GET /BLA/resoluciones/AUTOS%202021/0245.php?act=f&d=E%3A%5Cnuevo%5Chtdocs%5CResiduos%5Cmetalmecanica%5Cimages%5C&f=page41_thumbnail.jpg&fullhexdump=1 HTTP/1.1" 200 16436
52.70.240.171 - - [26/Apr/2024:06:15:32 -0500] "GET /BLA/resoluciones/RESOLUCIONES%202008/1788.pdf HTTP/1.1" 200 282451
23.22.35.162 - - [26/Apr/2024:06:15:33 -0500] "GET /BLA/resoluciones/RESOLUCIONES%202008/1789.pdf HTTP/1.1" 200 262917
52.70.240.171 - - [26/Apr/2024:06:15:37 -0500] "GET /BLA/resoluciones/RESOLUCIONES%202008/1787.pdf HTTP/1.1" 200 298071
52.70.240.171 - - [26/Apr/2024:06:15:40 -0500] "GET /BLA/resoluciones/RESOLUCIONES%202008/1786.pdf HTTP/1.1" 200 671760
23.22.35.162 - - [26/Apr/2024:06:15:45 -0500] "GET /BLA/resoluciones/RESOLUCIONES%202008/1785.pdf HTTP/1.1" 200 273782
23.22.35.162 - - [26/Apr/2024:06:15:48 -0500] "GET /BLA/resoluciones/RESOLUCIONES%202008/1784.pdf HTTP/1.1" 200 350302
47.128.16.240 - - [26/Apr/2024:06:15:53 -0500] "GET /BLA/resoluciones/AUTOS%202021/0245.php?act=chmod&d=E%3A%5Cnuevo%5Chtdocs%5CResiduos%5Ctextiles%5Cimages%5C&f=page13_thumbnail.jpg HTTP/1.1" 200 2900
52.70.240.171 - - [26/Apr/2024:06:15:53 -0500] "GET /BLA/resoluciones/RESOLUCIONES%202008/1783.pdf HTTP/1.1" 200 283888
23.22.35.162 - - [26/Apr/2024:06:15:56 -0500] "GET /BLA/resoluciones/RESOLUCIONES%202008/1782.pdf HTTP/1.1" 200 272352
52.70.240.171 - - [26/Apr/2024:06:16:00 -0500] "GET /BLA/resoluciones/RESOLUCIONES%202008/1781.pdf HTTP/1.1" 200 509711
34.140.130.61 - - [26/Apr/2024:06:16:04 -0500] "GET / HTTP/1.1" 200 319
52.70.240.171 - - [26/Apr/2024:06:16:04 -0500] "GET /BLA/resoluciones/RESOLUCIONES%202008/1780.pdf HTTP/1.1" 200 256435
181.53.13.222 - - [26/Apr/2024:06:16:07 -0500] "POST /sipse/faces/presentacion/financiero/solicitudProceso/consultarSolicitudProceso.xhtml HTTP/1.1" 200 32709
181.53.13.222 - - [26/Apr/2024:06:16:08 -0500] "GET /sipse/faces/javax.faces.resource/theme.css?ln=primefaces-sipse HTTP/1.1" 304 -
181.53.13.222 - - [26/Apr/2024:06:16:08 -0500] "GET /sipse/faces/javax.faces.resource/primefaces.js?ln=primefaces&v=4.0 HTTP/1.1" 304 -
181.53.13.222 - - [26/Apr/2024:06:16:08 -0500] "GET /sipse/faces/javax.faces.resource/primefaces.css?ln=primefaces&v=4.0 HTTP/1.1" 304 -
181.53.13.222 - - [26/Apr/2024:06:16:08 -0500] "GET /sipse/faces/javax.faces.resource/layout/layout.css?ln=primefaces&v=4.0 HTTP/1.1" 304 -
181.53.13.222 - - [26/Apr/2024:06:16:08 -0500] "GET /sipse/faces/javax.faces.resource/jquery/jquery.js?ln=primefaces&v=4.0 HTTP/1.1" 304 -
181.53.13.222 - - [26/Apr/2024:06:16:08 -0500] "GET /sipse/faces/javax.faces.resource/jquery/jquery-plugins.js?ln=primefaces&v=4.0 HTTP/1.1" 304 -
181.53.13.222 - - [26/Apr/2024:06:16:08 -0500] "GET /sipse/faces/javax.faces.resource/layout/layout.js?ln=primefaces&v=4.0 HTTP/1.1" 304 -
3.224.220.101 - - [26/Apr/2024:06:16:08 -0500] "GET /BLA/resoluciones/RESOLUCIONES%202008/1779.pdf HTTP/1.1" 200 325637
181.53.13.222 - - [26/Apr/2024:06:16:08 -0500] "GET /sipse/faces/javax.faces.resource/images/ui-icons_898989_256x240.png?ln=primefaces-aristo HTTP/1.1" 304 -
181.53.13.222 - - [26/Apr/2024:06:16:08 -0500] "GET /sipse/css/imagen/contrasena.png HTTP/1.1" 404 383
23.22.35.162 - - [26/Apr/2024:06:16:12 -0500] "GET /BLA/resoluciones/RESOLUCIONES%202008/1778.pdf HTTP/1.1" 200 653391
23.22.35.162 - - [26/Apr/2024:06:16:16 -0500] "GET /BLA/resoluciones/RESOLUCIONES%202008/1777.pdf HTTP/1.1" 200 1656041
47.128.114.183 - - [26/Apr/2024:06:16:19 -0500] "GET /BLA/resoluciones/AUTOS%202021/0245.php?act=f&base64=1&d=E%3A%5Cnuevo%5Chtdocs%5Ccumbreclima%5C&f=error_log HTTP/1.1" 200 2977
47.128.114.183 - - [26/Apr/2024:06:16:20 -0500] "GET /BLA/resoluciones/AUTOS%202021/0245.php?act=img&img=ext_gif HTTP/1.1" 200 175
52.70.240.171 - - [26/Apr/2024:06:16:20 -0500] "GET /BLA/resoluciones/RESOLUCIONES%202008/1776.pdf HTTP/1.1" 200 50444
47.128.114.183 - - [26/Apr/2024:06:16:20 -0500] "GET /BLA/resoluciones/AUTOS%202021/0245.php?act=img&img=ext_diz HTTP/1.1" 200 1027
47.128.114.183 - - [26/Apr/2024:06:16:20 -0500] "GET /BLA/resoluciones/AUTOS%202021/0245.php?act=img&img=ext_html HTTP/1.1" 200 230
47.128.114.183 - - [26/Apr/2024:06:16:20 -0500] "GET /BLA/resoluciones/AUTOS%202021/0245.php?act=img&img=ext_error_log HTTP/1.1" 200 1034
47.128.114.183 - - [26/Apr/2024:06:16:20 -0500] "GET /BLA/resoluciones/AUTOS%202021/0245.php?act=img&img=ext_txt HTTP/1.1" 200 132
47.128.114.183 - - [26/Apr/2024:06:16:20 -0500] "GET /BLA/resoluciones/AUTOS%202021/0245.php?act=img&img=ext_exe HTTP/1.1" 200 118
47.128.114.183 - - [26/Apr/2024:06:16:20 -0500] "GET /BLA/resoluciones/AUTOS%202021/0245.php?act=img&img=ext_rtf HTTP/1.1" 200 164
47.128.114.183 - - [26/Apr/2024:06:16:20 -0500] "GET /BLA/resoluciones/AUTOS%202021/0245.php?act=img&img=download HTTP/1.1" 200 161
47.128.114.183 - - [26/Apr/2024:06:16:20 -0500] "GET /BLA/resoluciones/AUTOS%202021/0245.php?act=img&img=ext_ini HTTP/1.1" 200 134
47.128.114.183 - - [26/Apr/2024:06:16:20 -0500] "GET /BLA/resoluciones/AUTOS%202021/0245.php?act=img&img=change HTTP/1.1" 200 290
52.70.240.171 - - [26/Apr/2024:06:16:26 -0500] "GET /BLA/resoluciones/RESOLUCIONES%202008/1775.pdf HTTP/1.1" 200 255113
52.70.240.171 - - [26/Apr/2024:06:16:28 -0500] "GET /BLA/resoluciones/RESOLUCIONES%202008/1774.pdf HTTP/1.1" 200 233120
3.224.220.101 - - [26/Apr/2024:06:16:32 -0500] "GET /BLA/resoluciones/RESOLUCIONES%202008/1773.pdf HTTP/1.1" 200 50537
52.70.240.171 - - [26/Apr/2024:06:16:36 -0500] "GET /BLA/resoluciones/RESOLUCIONES%202008/1772.pdf HTTP/1.1" 200 69902
3.224.220.101 - - [26/Apr/2024:06:16:40 -0500] "GET /BLA/resoluciones/RESOLUCIONES%202008/1771.pdf HTTP/1.1" 200 49810
47.128.38.19 - - [26/Apr/2024:06:16:41 -0500] "GET /BLA/resoluciones/AUTOS%202021/0245.php?act=chmod&d=C%3A%5Cdmz%5Cmailoutput&f=NOTEMPTY HTTP/1.1" 200 2844
3.224.220.101 - - [26/Apr/2024:06:16:45 -0500] "GET /BLA/resoluciones/RESOLUCIONES%202008/1770.pdf HTTP/1.1" 200 51301
52.70.240.171 - - [26/Apr/2024:06:16:48 -0500] "GET /BLA/resoluciones/RESOLUCIONES%202008/1769.pdf HTTP/1.1" 200 99272
66.249.66.20 - - [26/Apr/2024:06:16:50 -0500] "GET /pdc/actos/1789.pdf HTTP/1.1" 200 1121404
3.224.220.101 - - [26/Apr/2024:06:16:54 -0500] "GET /BLA/resoluciones/RESOLUCIONES%202008/1768.pdf HTTP/1.1" 200 49994
52.70.240.171 - - [26/Apr/2024:06:16:57 -0500] "GET /BLA/resoluciones/RESOLUCIONES%202008/1767.pdf HTTP/1.1" 200 194582
52.70.240.171 - - [26/Apr/2024:06:17:02 -0500] "GET /BLA/resoluciones/RESOLUCIONES%202008/1766.pdf HTTP/1.1" 200 92319
47.128.114.13 - - [26/Apr/2024:06:17:06 -0500] "GET /BLA/resoluciones/AUTOS%202021/0245.php?act=chmod&d=E%3A%5Cnuevo%5CphpMyAdmin2%5Clibraries%5Cplugins%5Cexport%5C&f=ExportTexytext.class.php HTTP/1.1" 200 2908
66.249.66.19 - - [26/Apr/2024:06:17:06 -0500] "GET /BLA/resoluciones/RESOLUCIONES%202008/4024.pdf HTTP/1.1" 200 297537
3.224.220.101 - - [26/Apr/2024:06:17:07 -0500] "GET /BLA/resoluciones/RESOLUCIONES%202008/1765.pdf HTTP/1.1" 200 47268
3.224.220.101 - - [26/Apr/2024:06:17:08 -0500] "GET /BLA/resoluciones/RESOLUCIONES%202008/1764.pdf HTTP/1.1" 200 212631
23.22.35.162 - - [26/Apr/2024:06:17:12 -0500] "GET /BLA/resoluciones/RESOLUCIONES%202008/1763.pdf HTTP/1.1" 200 368003
3.224.220.101 - - [26/Apr/2024:06:17:16 -0500] "GET /BLA/resoluciones/RESOLUCIONES%202008/1762.pdf HTTP/1.1" 200 156727
52.70.240.171 - - [26/Apr/2024:06:17:20 -0500] "GET /BLA/resoluciones/RESOLUCIONES%202008/1761.pdf HTTP/1.1" 200 234314
23.22.35.162 - - [26/Apr/2024:06:17:24 -0500] "GET /BLA/resoluciones/RESOLUCIONES%202008/1760.pdf HTTP/1.1" 200 370568
207.46.13.54 - - [26/Apr/2024:06:17:24 -0500] "GET /BLA/resoluciones/index.php?dir=RESOLUCIONES+2023%2F HTTP/1.1" 200 152910
201.245.192.253 - - [26/Apr/2024:06:17:26 -0500] "POST /kwsrmcab/Wsrmcab  HTTP/1.1" 200 41015
52.70.240.171 - - [26/Apr/2024:06:17:30 -0500] "GET /BLA/resoluciones/RESOLUCIONES%202008/1759.pdf HTTP/1.1" 200 259009
47.128.114.100 - - [26/Apr/2024:06:17:31 -0500] "GET /BLA/resoluciones/AUTOS%202021/0245.php?act=f&d=E%3A%5Cxampp%5Cxampp%5Chtdocs%5Cphpscripts&f=Copia+%283%29+de+midama3.php HTTP/1.1" 200 10877
47.128.114.100 - - [26/Apr/2024:06:17:32 -0500] "GET /BLA/resoluciones/AUTOS%202021/0245.php?act=img&img=ext_html HTTP/1.1" 200 230
47.128.114.100 - - [26/Apr/2024:06:17:32 -0500] "GET /BLA/resoluciones/AUTOS%202021/0245.php?act=img&img=ext_txt HTTP/1.1" 200 132
47.128.114.100 - - [26/Apr/2024:06:17:32 -0500] "GET /BLA/resoluciones/AUTOS%202021/0245.php?act=img&img=ext_php HTTP/1.1" 200 79
47.128.114.100 - - [26/Apr/2024:06:17:32 -0500] "GET /BLA/resoluciones/AUTOS%202021/0245.php?act=img&img=ext_diz HTTP/1.1" 200 1027
47.128.114.100 - - [26/Apr/2024:06:17:32 -0500] "GET /BLA/resoluciones/AUTOS%202021/0245.php?act=img&img=ext_exe HTTP/1.1" 200 118
47.128.114.100 - - [26/Apr/2024:06:17:32 -0500] "GET /BLA/resoluciones/AUTOS%202021/0245.php?act=img&img=ext_gif HTTP/1.1" 200 175
52.70.240.171 - - [26/Apr/2024:06:17:32 -0500] "GET /BLA/resoluciones/RESOLUCIONES%202008/1758.pdf HTTP/1.1" 200 52927
47.128.114.100 - - [26/Apr/2024:06:17:32 -0500] "GET /BLA/resoluciones/AUTOS%202021/0245.php?act=img&img=change HTTP/1.1" 200 290
47.128.114.100 - - [26/Apr/2024:06:17:32 -0500] "GET /BLA/resoluciones/AUTOS%202021/0245.php?act=img&img=ext_rtf HTTP/1.1" 200 164
47.128.114.100 - - [26/Apr/2024:06:17:32 -0500] "GET /BLA/resoluciones/AUTOS%202021/0245.php?act=img&img=ext_ini HTTP/1.1" 200 134
47.128.114.100 - - [26/Apr/2024:06:17:32 -0500] "GET /BLA/resoluciones/AUTOS%202021/0245.php?act=img&img=download HTTP/1.1" 200 161
23.22.35.162 - - [26/Apr/2024:06:17:36 -0500] "GET /BLA/resoluciones/RESOLUCIONES%202008/1757.pdf HTTP/1.1" 200 55359
216.245.221.92 - - [26/Apr/2024:06:17:36 -0500] "HEAD / HTTP/1.1" 200 -
52.70.240.171 - - [26/Apr/2024:06:17:42 -0500] "GET /BLA/resoluciones/RESOLUCIONES%202008/1756.pdf HTTP/1.1" 200 54971
52.70.240.171 - - [26/Apr/2024:06:17:45 -0500] "GET /BLA/resoluciones/RESOLUCIONES%202008/1755.pdf HTTP/1.1" 200 49222
52.70.240.171 - - [26/Apr/2024:06:17:49 -0500] "GET /BLA/resoluciones/RESOLUCIONES%202008/1754.pdf HTTP/1.1" 200 450786
52.70.240.171 - - [26/Apr/2024:06:17:53 -0500] "GET /BLA/resoluciones/RESOLUCIONES%202008/1753.pdf HTTP/1.1" 200 185996
