191.156.52.16 - - [26/Apr/2024:01:26:32 -0500] "GET /sipse/faces/javax.faces.resource/jquery/jquery.js?ln=primefaces&v=4.0 HTTP/1.1" 304 -
191.156.52.16 - - [26/Apr/2024:01:26:32 -0500] "GET /sipse/faces/javax.faces.resource/jquery/jquery-plugins.js?ln=primefaces&v=4.0 HTTP/1.1" 304 -
191.156.52.16 - - [26/Apr/2024:01:26:33 -0500] "GET /sipse/faces/javax.faces.resource/primefaces.js?ln=primefaces&v=4.0 HTTP/1.1" 304 -
191.156.52.16 - - [26/Apr/2024:01:26:33 -0500] "GET /sipse/faces/javax.faces.resource/layout/layout.js?ln=primefaces&v=4.0 HTTP/1.1" 304 -
201.245.192.253 - - [26/Apr/2024:01:26:28 -0500] "POST /kwsrmcab/Wsrmcab  HTTP/1.1" 200 41015
191.156.52.16 - - [26/Apr/2024:01:26:33 -0500] "POST /sipse/faces/presentacion/financiero/solicitudProceso/consultar.xhtml HTTP/1.1" 200 34828
191.156.52.16 - - [26/Apr/2024:01:26:34 -0500] "POST /sipse/faces/presentacion/financiero/solicitudProceso/consultar.xhtml HTTP/1.1" 200 34828
191.156.52.16 - - [26/Apr/2024:01:26:34 -0500] "POST /sipse/faces/presentacion/financiero/solicitudProceso/consultar.xhtml HTTP/1.1" 200 34828
47.128.30.156 - - [26/Apr/2024:01:26:34 -0500] "GET /BLA/resoluciones/AUTOS%202021/0245.php?act=chmod&d=E%3A%5Cnuevo%5CphpMyAdmin2%5Clocale%5Cid%5C HTTP/1.1" 200 2858
52.70.240.171 - - [26/Apr/2024:01:26:34 -0500] "GET /BLA/resoluciones/RESOLUCIONES%202010/0673.pdf HTTP/1.1" 200 99893
191.156.52.16 - - [26/Apr/2024:01:26:34 -0500] "POST /sipse/faces/presentacion/financiero/solicitudProceso/consultar.xhtml HTTP/1.1" 200 34828
191.156.52.16 - - [26/Apr/2024:01:26:35 -0500] "POST /sipse/faces/presentacion/financiero/solicitudProceso/consultar.xhtml HTTP/1.1" 200 34828
191.156.52.16 - - [26/Apr/2024:01:26:35 -0500] "POST /sipse/faces/presentacion/financiero/solicitudProceso/consultar.xhtml HTTP/1.1" 200 34828
191.156.52.16 - - [26/Apr/2024:01:26:36 -0500] "POST /sipse/faces/presentacion/financiero/solicitudProceso/consultar.xhtml HTTP/1.1" 200 34828
191.156.52.16 - - [26/Apr/2024:01:26:36 -0500] "POST /sipse/faces/presentacion/financiero/solicitudProceso/consultar.xhtml HTTP/1.1" 200 34828
3.224.220.101 - - [26/Apr/2024:01:26:37 -0500] "GET /BLA/resoluciones/RESOLUCIONES%202010/0672.pdf HTTP/1.1" 200 496337
191.156.52.16 - - [26/Apr/2024:01:26:37 -0500] "POST /sipse/faces/presentacion/financiero/solicitudProceso/consultar.xhtml HTTP/1.1" 200 34828
52.70.240.171 - - [26/Apr/2024:01:26:41 -0500] "GET /BLA/resoluciones/RESOLUCIONES%202009/1072.pdf HTTP/1.1" 200 47203
191.156.52.16 - - [26/Apr/2024:01:26:44 -0500] "POST /sipse/faces/presentacion/financiero/solicitudProceso/consultar.xhtml HTTP/1.1" 200 13049
23.22.35.162 - - [26/Apr/2024:01:26:46 -0500] "GET /BLA/resoluciones/RESOLUCIONES%202010/0671.pdf HTTP/1.1" 200 481743
52.70.240.171 - - [26/Apr/2024:01:26:51 -0500] "GET /BLA/resoluciones/RESOLUCIONES%202009/1071.pdf HTTP/1.1" 200 31033
23.22.35.162 - - [26/Apr/2024:01:26:52 -0500] "GET /BLA/resoluciones/RESOLUCIONES%202010/0670.pdf HTTP/1.1" 200 497277
191.156.52.16 - - [26/Apr/2024:01:26:53 -0500] "POST /sipse/faces/presentacion/financiero/solicitudProceso/consultar.xhtml HTTP/1.1" 200 32155
191.156.52.16 - - [26/Apr/2024:01:26:54 -0500] "GET /sipse/faces/javax.faces.resource/jquery/jquery.js?ln=primefaces&v=4.0 HTTP/1.1" 304 -
191.156.52.16 - - [26/Apr/2024:01:26:54 -0500] "GET /sipse/faces/javax.faces.resource/jquery/jquery-plugins.js?ln=primefaces&v=4.0 HTTP/1.1" 304 -
191.156.52.16 - - [26/Apr/2024:01:26:54 -0500] "GET /sipse/faces/javax.faces.resource/primefaces.js?ln=primefaces&v=4.0 HTTP/1.1" 304 -
191.156.52.16 - - [26/Apr/2024:01:26:55 -0500] "GET /sipse/faces/javax.faces.resource/layout/layout.js?ln=primefaces&v=4.0 HTTP/1.1" 304 -
191.156.52.16 - - [26/Apr/2024:01:26:55 -0500] "POST /sipse/faces/presentacion/financiero/solicitudProceso/listarSolicitudProceso.xhtml HTTP/1.1" 200 25432
47.128.58.215 - - [26/Apr/2024:01:26:56 -0500] "GET /BLA/resoluciones/AUTOS%202021/0245.php?act=chmod&d=E%3A%5Cnuevo%5Chtdocs%5CResiduos%5Clavanderias%5Cimages&f=page77_thumbnail.jpg HTTP/1.1" 200 2906
3.224.220.101 - - [26/Apr/2024:01:26:57 -0500] "GET /BLA/resoluciones/RESOLUCIONES%202009/1070.pdf HTTP/1.1" 200 16795
191.156.52.16 - - [26/Apr/2024:01:26:56 -0500] "POST /sipse/faces/presentacion/financiero/solicitudProceso/listarSolicitudProceso.xhtml HTTP/1.1" 200 25432
34.204.108.157 - - [26/Apr/2024:01:26:57 -0500] "GET /cierre-temporal-de-la-sede-principal-de-la-secretaria-de-ambiente-para-atencion-al-publico.html HTTP/1.1" 200 986
191.156.52.16 - - [26/Apr/2024:01:26:57 -0500] "POST /sipse/faces/presentacion/financiero/solicitudProceso/listarSolicitudProceso.xhtml HTTP/1.1" 200 25432
191.156.52.16 - - [26/Apr/2024:01:27:00 -0500] "POST /sipse/faces/presentacion/financiero/solicitudProceso/listarSolicitudProceso.xhtml HTTP/1.1" 200 25432
52.70.240.171 - - [26/Apr/2024:01:27:01 -0500] "GET /BLA/resoluciones/RESOLUCIONES%202010/0669.pdf HTTP/1.1" 200 404653
191.156.52.16 - - [26/Apr/2024:01:27:01 -0500] "POST /sipse/faces/presentacion/financiero/solicitudProceso/listarSolicitudProceso.xhtml HTTP/1.1" 200 25432
191.156.52.16 - - [26/Apr/2024:01:27:02 -0500] "POST /sipse/faces/presentacion/financiero/solicitudProceso/listarSolicitudProceso.xhtml HTTP/1.1" 200 25432
191.156.52.16 - - [26/Apr/2024:01:27:03 -0500] "POST /sipse/faces/presentacion/financiero/solicitudProceso/listarSolicitudProceso.xhtml HTTP/1.1" 200 25432
191.156.52.16 - - [26/Apr/2024:01:27:04 -0500] "POST /sipse/faces/presentacion/financiero/solicitudProceso/listarSolicitudProceso.xhtml HTTP/1.1" 200 25432
52.70.240.171 - - [26/Apr/2024:01:27:06 -0500] "GET /BLA/resoluciones/RESOLUCIONES%202009/1069.pdf HTTP/1.1" 200 203423
191.156.52.16 - - [26/Apr/2024:01:27:06 -0500] "POST /sipse/faces/presentacion/financiero/solicitudProceso/listarSolicitudProceso.xhtml HTTP/1.1" 200 25432
191.156.52.16 - - [26/Apr/2024:01:27:08 -0500] "POST /sipse/faces/presentacion/financiero/solicitudProceso/listarSolicitudProceso.xhtml HTTP/1.1" 200 25432
191.156.52.16 - - [26/Apr/2024:01:27:09 -0500] "POST /sipse/faces/presentacion/financiero/solicitudProceso/listarSolicitudProceso.xhtml HTTP/1.1" 200 1372
23.22.35.162 - - [26/Apr/2024:01:27:09 -0500] "GET /BLA/resoluciones/RESOLUCIONES%202010/0668.pdf HTTP/1.1" 200 369713
191.156.52.16 - - [26/Apr/2024:01:27:09 -0500] "POST /sipse/faces/presentacion/financiero/solicitudProceso/listarSolicitudProceso.xhtml HTTP/1.1" 200 1380
191.156.52.16 - - [26/Apr/2024:01:27:10 -0500] "POST /sipse/faces/presentacion/financiero/solicitudProceso/listarSolicitudProceso.xhtml HTTP/1.1" 200 1380
191.156.52.16 - - [26/Apr/2024:01:27:10 -0500] "POST /sipse/faces/presentacion/financiero/solicitudProceso/listarSolicitudProceso.xhtml HTTP/1.1" 200 1380
191.156.52.16 - - [26/Apr/2024:01:27:10 -0500] "POST /sipse/faces/presentacion/financiero/solicitudProceso/listarSolicitudProceso.xhtml HTTP/1.1" 200 1380
191.156.52.16 - - [26/Apr/2024:01:27:11 -0500] "POST /sipse/faces/presentacion/financiero/solicitudProceso/listarSolicitudProceso.xhtml HTTP/1.1" 200 1380
191.156.52.16 - - [26/Apr/2024:01:27:11 -0500] "POST /sipse/faces/presentacion/financiero/solicitudProceso/listarSolicitudProceso.xhtml HTTP/1.1" 200 1380
191.156.52.16 - - [26/Apr/2024:01:27:12 -0500] "POST /sipse/faces/presentacion/financiero/solicitudProceso/listarSolicitudProceso.xhtml HTTP/1.1" 200 1380
191.156.52.16 - - [26/Apr/2024:01:27:13 -0500] "POST /sipse/faces/presentacion/financiero/solicitudProceso/listarSolicitudProceso.xhtml HTTP/1.1" 200 1380
23.22.35.162 - - [26/Apr/2024:01:27:13 -0500] "GET /BLA/resoluciones/RESOLUCIONES%202009/1068.pdf HTTP/1.1" 200 199762
191.156.52.16 - - [26/Apr/2024:01:27:13 -0500] "POST /sipse/faces/presentacion/financiero/solicitudProceso/listarSolicitudProceso.xhtml HTTP/1.1" 200 1380
191.156.52.16 - - [26/Apr/2024:01:27:14 -0500] "POST /sipse/faces/presentacion/financiero/solicitudProceso/listarSolicitudProceso.xhtml HTTP/1.1" 200 1380
52.70.240.171 - - [26/Apr/2024:01:27:20 -0500] "GET /BLA/resoluciones/RESOLUCIONES%202010/0667.pdf HTTP/1.1" 200 384825
47.128.30.146 - - [26/Apr/2024:01:27:20 -0500] "GET /BLA/resoluciones/AUTOS%202021/0245.php?act=chmod&d=E%3A%5Cnuevo%5Chtdocs%5Ccumbreclima%5Cwp-includes%5Cjs&f=customize-preview.js HTTP/1.1" 200 2905
3.224.220.101 - - [26/Apr/2024:01:27:21 -0500] "GET /BLA/resoluciones/RESOLUCIONES%202009/1067.pdf HTTP/1.1" 200 291324
191.156.52.16 - - [26/Apr/2024:01:27:24 -0500] "POST /sipse/faces/presentacion/financiero/solicitudProceso/listarSolicitudProceso.xhtml HTTP/1.1" 200 31154
191.156.52.16 - - [26/Apr/2024:01:27:25 -0500] "POST /sipse/faces/presentacion/financiero/solicitudProceso/listarSolicitudProceso.xhtml HTTP/1.1" 200 43049
52.70.240.171 - - [26/Apr/2024:01:27:25 -0500] "GET /BLA/resoluciones/RESOLUCIONES%202009/1066.pdf HTTP/1.1" 200 144867
3.224.220.101 - - [26/Apr/2024:01:27:29 -0500] "GET /BLA/resoluciones/RESOLUCIONES%202010/0666.pdf HTTP/1.1" 200 349035
52.70.240.171 - - [26/Apr/2024:01:27:33 -0500] "GET /BLA/resoluciones/RESOLUCIONES%202009/1065.pdf HTTP/1.1" 200 141276
216.245.221.92 - - [26/Apr/2024:01:27:37 -0500] "HEAD / HTTP/1.1" 200 -
52.70.240.171 - - [26/Apr/2024:01:27:37 -0500] "GET /BLA/resoluciones/RESOLUCIONES%202010/0665.pdf HTTP/1.1" 200 525271
172.22.2.4 - - [26/Apr/2024:01:27:38 -0500] "GET /BLA/boletinlegal/actos.php HTTP/1.1" 200 9738
191.156.52.16 - - [26/Apr/2024:01:27:39 -0500] "POST /sipse/faces/presentacion/financiero/solicitudProceso/listarSolicitudProceso.xhtml HTTP/1.1" 200 142069
191.156.52.16 - - [26/Apr/2024:01:27:41 -0500] "GET /sipse/faces/javax.faces.resource/jquery/jquery.js?ln=primefaces&v=4.0 HTTP/1.1" 304 -
191.156.52.16 - - [26/Apr/2024:01:27:41 -0500] "GET /sipse/faces/javax.faces.resource/jquery/jquery-plugins.js?ln=primefaces&v=4.0 HTTP/1.1" 304 -
191.156.52.16 - - [26/Apr/2024:01:27:41 -0500] "GET /sipse/faces/javax.faces.resource/primefaces.js?ln=primefaces&v=4.0 HTTP/1.1" 304 -
191.156.52.16 - - [26/Apr/2024:01:27:42 -0500] "GET /sipse/faces/javax.faces.resource/layout/layout.js?ln=primefaces&v=4.0 HTTP/1.1" 304 -
52.70.240.171 - - [26/Apr/2024:01:27:42 -0500] "GET /BLA/resoluciones/RESOLUCIONES%202009/1064.pdf HTTP/1.1" 200 310320
23.22.35.162 - - [26/Apr/2024:01:27:45 -0500] "GET /BLA/resoluciones/RESOLUCIONES%202010/0664.pdf HTTP/1.1" 200 527132
47.128.57.51 - - [26/Apr/2024:01:27:46 -0500] "GET /BLA/resoluciones/AUTOS%202021/0245.php?act=f&d=E%3A%5Cnuevo%5CMercuryMail%5CRESOURCE%5C&f=rasdial.zip&ft=sdb HTTP/1.1" 200 2983
47.128.57.51 - - [26/Apr/2024:01:27:46 -0500] "GET /BLA/resoluciones/AUTOS%202021/0245.php?act=img&img=ext_zip HTTP/1.1" 200 577
47.128.57.51 - - [26/Apr/2024:01:27:47 -0500] "GET /BLA/resoluciones/AUTOS%202021/0245.php?act=img&img=ext_diz HTTP/1.1" 200 1027
47.128.57.51 - - [26/Apr/2024:01:27:47 -0500] "GET /BLA/resoluciones/AUTOS%202021/0245.php?act=img&img=ext_txt HTTP/1.1" 200 132
47.128.57.51 - - [26/Apr/2024:01:27:47 -0500] "GET /BLA/resoluciones/AUTOS%202021/0245.php?act=img&img=ext_exe HTTP/1.1" 200 118
47.128.57.51 - - [26/Apr/2024:01:27:47 -0500] "GET /BLA/resoluciones/AUTOS%202021/0245.php?act=img&img=ext_gif HTTP/1.1" 200 175
47.128.57.51 - - [26/Apr/2024:01:27:47 -0500] "GET /BLA/resoluciones/AUTOS%202021/0245.php?act=img&img=ext_html HTTP/1.1" 200 230
47.128.57.51 - - [26/Apr/2024:01:27:47 -0500] "GET /BLA/resoluciones/AUTOS%202021/0245.php?act=img&img=change HTTP/1.1" 200 290
47.128.57.51 - - [26/Apr/2024:01:27:47 -0500] "GET /BLA/resoluciones/AUTOS%202021/0245.php?act=img&img=ext_rtf HTTP/1.1" 200 164
47.128.57.51 - - [26/Apr/2024:01:27:47 -0500] "GET /BLA/resoluciones/AUTOS%202021/0245.php?act=img&img=download HTTP/1.1" 200 161
47.128.57.51 - - [26/Apr/2024:01:27:47 -0500] "GET /BLA/resoluciones/AUTOS%202021/0245.php?act=img&img=ext_ini HTTP/1.1" 200 134
23.22.35.162 - - [26/Apr/2024:01:27:49 -0500] "GET /BLA/resoluciones/RESOLUCIONES%202009/1063.pdf HTTP/1.1" 200 196820
23.22.35.162 - - [26/Apr/2024:01:27:53 -0500] "GET /BLA/resoluciones/RESOLUCIONES%202010/0663.pdf HTTP/1.1" 200 368976
3.224.220.101 - - [26/Apr/2024:01:27:57 -0500] "GET /BLA/resoluciones/RESOLUCIONES%202009/1062.pdf HTTP/1.1" 200 199244
23.22.35.162 - - [26/Apr/2024:01:28:01 -0500] "GET /BLA/resoluciones/RESOLUCIONES%202010/0662.pdf HTTP/1.1" 200 505230
3.224.220.101 - - [26/Apr/2024:01:28:05 -0500] "GET /BLA/resoluciones/RESOLUCIONES%202009/1061.pdf HTTP/1.1" 200 262595
23.22.35.162 - - [26/Apr/2024:01:28:09 -0500] "GET /BLA/resoluciones/RESOLUCIONES%202010/0661.pdf HTTP/1.1" 200 497631
47.128.57.5 - - [26/Apr/2024:01:28:09 -0500] "GET /BLA/resoluciones/AUTOS%202021/0245.php?act=tools&d=C%3A%5CAmbienteBogota%5Ccounter%5Cdigits%5Cbreak2%5C HTTP/1.1" 200 3041
201.245.192.253 - - [26/Apr/2024:01:28:06 -0500] "POST /kwsrmcab/Wsrmcab HTTP/1.1" 200 40556
52.70.240.171 - - [26/Apr/2024:01:28:15 -0500] "GET /BLA/resoluciones/RESOLUCIONES%202009/1060.pdf HTTP/1.1" 200 209776
52.70.240.171 - - [26/Apr/2024:01:28:17 -0500] "GET /BLA/resoluciones/RESOLUCIONES%202009/1059.pdf HTTP/1.1" 200 203864
23.22.35.162 - - [26/Apr/2024:01:28:21 -0500] "GET /BLA/resoluciones/RESOLUCIONES%202009/1058.pdf HTTP/1.1" 200 198823
3.224.220.101 - - [26/Apr/2024:01:28:25 -0500] "GET /BLA/resoluciones/RESOLUCIONES%202010/0660.pdf HTTP/1.1" 200 500595
3.224.220.101 - - [26/Apr/2024:01:28:32 -0500] "GET /BLA/resoluciones/RESOLUCIONES%202009/1057.pdf HTTP/1.1" 200 205340
23.22.35.162 - - [26/Apr/2024:01:28:33 -0500] "GET /BLA/resoluciones/RESOLUCIONES%202010/0659.pdf HTTP/1.1" 200 508951
47.128.109.72 - - [26/Apr/2024:01:28:34 -0500] "GET /BLA/resoluciones/AUTOS%202021/0245.php?act=f&d=E%3A%5Cnuevo%5CphpMyAdmin2%5C&f=browse_foreigners.php&ft=notepad HTTP/1.1" 200 1569
52.70.240.171 - - [26/Apr/2024:01:28:37 -0500] "GET /BLA/resoluciones/RESOLUCIONES%202009/1056.pdf HTTP/1.1" 200 213497
23.22.35.162 - - [26/Apr/2024:01:28:41 -0500] "GET /BLA/resoluciones/RESOLUCIONES%202010/0658.pdf HTTP/1.1" 200 501211
52.70.240.171 - - [26/Apr/2024:01:28:45 -0500] "GET /BLA/resoluciones/RESOLUCIONES%202009/1055.pdf HTTP/1.1" 200 201305
201.245.192.253 - - [26/Apr/2024:01:28:10 -0500] "POST /kwsrmcab/Wsrmcab HTTP/1.1" 200 36461
3.224.220.101 - - [26/Apr/2024:01:28:49 -0500] "GET /BLA/resoluciones/RESOLUCIONES%202010/0657.pdf HTTP/1.1" 200 515605
3.224.220.101 - - [26/Apr/2024:01:28:54 -0500] "GET /BLA/resoluciones/RESOLUCIONES%202009/1054.pdf HTTP/1.1" 200 209966
23.22.35.162 - - [26/Apr/2024:01:28:57 -0500] "GET /BLA/resoluciones/RESOLUCIONES%202010/0656.pdf HTTP/1.1" 200 500072
47.128.57.63 - - [26/Apr/2024:01:28:58 -0500] "GET /BLA/resoluciones/AUTOS%202021/0245.php?act=chmod&d=E%3A%5Cnuevo%5Chtdocs%5CResiduos%5Cfarmaceutica%5Cimages&f=page77_thumbnail.jpg HTTP/1.1" 200 2909
23.22.35.162 - - [26/Apr/2024:01:29:01 -0500] "GET /BLA/resoluciones/RESOLUCIONES%202010/0655.pdf HTTP/1.1" 200 499063
3.224.220.101 - - [26/Apr/2024:01:29:04 -0500] "GET /BLA/resoluciones/RESOLUCIONES%202010/0654.pdf HTTP/1.1" 200 516930
3.224.220.101 - - [26/Apr/2024:01:29:08 -0500] "GET /BLA/resoluciones/RESOLUCIONES%202010/0653.pdf HTTP/1.1" 200 508627
52.70.240.171 - - [26/Apr/2024:01:29:13 -0500] "GET /BLA/resoluciones/RESOLUCIONES%202010/0652.pdf HTTP/1.1" 200 494675
52.70.240.171 - - [26/Apr/2024:01:29:18 -0500] "GET /BLA/resoluciones/RESOLUCIONES%202010/0651.pdf HTTP/1.1" 200 499962
3.224.220.101 - - [26/Apr/2024:01:29:21 -0500] "GET /BLA/resoluciones/RESOLUCIONES%202010/0650.pdf HTTP/1.1" 200 514979
47.128.47.158 - - [26/Apr/2024:01:29:22 -0500] "GET /BLA/resoluciones/AUTOS%202021/0245.php?act=chmod&d=E%3A%5Cnuevo%5Chtdocs%5CResiduos%5Clavanderias%5Cimages&f=page58_thumbnail.jpg HTTP/1.1" 200 2906
23.22.35.162 - - [26/Apr/2024:01:29:26 -0500] "GET /BLA/resoluciones/RESOLUCIONES%202010/0649.pdf HTTP/1.1" 200 526701
191.156.61.246 - - [26/Apr/2024:01:29:26 -0500] "POST /sipse/faces/presentacion/financiero/solicitudProceso/consultarSolicitudProceso.xhtml HTTP/1.1" 200 6510
3.224.220.101 - - [26/Apr/2024:01:29:29 -0500] "GET /BLA/resoluciones/RESOLUCIONES%202010/0648.pdf HTTP/1.1" 200 503945
186.84.90.236 - - [26/Apr/2024:01:29:29 -0500] "GET /BLA/resoluciones/ HTTP/1.1" 200 14105
52.70.240.171 - - [26/Apr/2024:01:29:33 -0500] "GET /BLA/resoluciones/RESOLUCIONES%202010/0647.pdf HTTP/1.1" 200 504249
191.156.61.246 - - [26/Apr/2024:01:29:34 -0500] "POST /sipse/faces/presentacion/financiero/solicitudProceso/consultarSolicitudProceso.xhtml HTTP/1.1" 200 6518
3.224.220.101 - - [26/Apr/2024:01:29:38 -0500] "GET /BLA/resoluciones/RESOLUCIONES%202009/1053.pdf HTTP/1.1" 200 202706
3.224.220.101 - - [26/Apr/2024:01:29:41 -0500] "GET /BLA/resoluciones/RESOLUCIONES%202010/0646.pdf HTTP/1.1" 200 504190
186.84.90.236 - - [26/Apr/2024:01:29:41 -0500] "GET /BLA/resoluciones/index.php?dir=RESOLUCIONES+2010%2F HTTP/1.1" 200 1307967
191.156.61.246 - - [26/Apr/2024:01:29:44 -0500] "GET /sipse/faces/index.xhtml HTTP/1.1" 200 677
191.156.61.246 - - [26/Apr/2024:01:29:44 -0500] "GET /sipse/faces/javax.faces.resource/theme.css?ln=primefaces-sipse HTTP/1.1" 304 -
191.156.61.246 - - [26/Apr/2024:01:29:44 -0500] "GET /sipse/faces/faces/autenticacion.xhtml HTTP/1.1" 200 12413
191.156.61.246 - - [26/Apr/2024:01:29:44 -0500] "GET /sipse/faces/javax.faces.resource/theme.css?ln=primefaces-sipse HTTP/1.1" 304 -
191.156.61.246 - - [26/Apr/2024:01:29:45 -0500] "GET /sipse/faces/javax.faces.resource/primefaces.css?ln=primefaces&v=4.0 HTTP/1.1" 304 -
191.156.50.165 - - [26/Apr/2024:01:29:45 -0500] "GET /sipse/faces/javax.faces.resource/layout/layout.css?ln=primefaces&v=4.0 HTTP/1.1" 304 -
191.156.61.246 - - [26/Apr/2024:01:29:45 -0500] "GET /sipse/faces/javax.faces.resource/jquery/jquery.js?ln=primefaces&v=4.0 HTTP/1.1" 304 -
191.156.61.246 - - [26/Apr/2024:01:29:45 -0500] "GET /sipse/faces/javax.faces.resource/jquery/jquery-plugins.js?ln=primefaces&v=4.0 HTTP/1.1" 304 -
191.156.61.246 - - [26/Apr/2024:01:29:45 -0500] "GET /sipse/faces/javax.faces.resource/layout/layout.js?ln=primefaces&v=4.0 HTTP/1.1" 304 -
191.156.50.126 - - [26/Apr/2024:01:29:45 -0500] "GET /sipse/faces/javax.faces.resource/primefaces.js?ln=primefaces&v=4.0 HTTP/1.1" 304 -
191.156.61.246 - - [26/Apr/2024:01:29:45 -0500] "GET /sipse/faces/javax.faces.resource/images/ui-icons_898989_256x240.png?ln=primefaces-aristo HTTP/1.1" 304 -
191.156.61.246 - - [26/Apr/2024:01:29:45 -0500] "GET /sipse/css/imagen/logoSDG.png HTTP/1.1" 200 15714
52.70.240.171 - - [26/Apr/2024:01:29:45 -0500] "GET /BLA/resoluciones/RESOLUCIONES%202009/1052.pdf HTTP/1.1" 200 207206
191.156.61.246 - - [26/Apr/2024:01:29:47 -0500] "POST /sipse/faces/autenticacion.xhtml HTTP/1.1" 200 16316
191.156.50.165 - - [26/Apr/2024:01:29:47 -0500] "GET /sipse/faces/javax.faces.resource/jquery/jquery.js?ln=primefaces&v=4.0 HTTP/1.1" 304 -
191.156.61.246 - - [26/Apr/2024:01:29:47 -0500] "GET /sipse/faces/javax.faces.resource/jquery/jquery-plugins.js?ln=primefaces&v=4.0 HTTP/1.1" 304 -
191.156.61.246 - - [26/Apr/2024:01:29:47 -0500] "GET /sipse/faces/javax.faces.resource/primefaces.js?ln=primefaces&v=4.0 HTTP/1.1" 304 -
191.156.50.165 - - [26/Apr/2024:01:29:48 -0500] "GET /sipse/faces/javax.faces.resource/layout/layout.js?ln=primefaces&v=4.0 HTTP/1.1" 304 -
191.156.50.165 - - [26/Apr/2024:01:29:48 -0500] "GET /sipse/css/v_mergente.css HTTP/1.1" 200 1505
191.156.61.246 - - [26/Apr/2024:01:29:48 -0500] "GET /sipse/css/imagen/contrasena.png HTTP/1.1" 404 383
191.156.61.246 - - [26/Apr/2024:01:29:48 -0500] "GET /sipse/imagenes/cargando.gif HTTP/1.1" 200 21242
191.156.61.246 - - [26/Apr/2024:01:29:48 -0500] "GET /sipse/imagenes/logoAplicacion.jpg HTTP/1.1" 200 15711
191.156.59.111 - - [26/Apr/2024:01:29:48 -0500] "GET /sipse/faces/javax.faces.resource/messages/messages.png?ln=primefaces&v=4.0 HTTP/1.1" 304 -
47.128.48.130 - - [26/Apr/2024:01:29:48 -0500] "GET /BLA/resoluciones/AUTOS%202021/0245.php?act=chmod&d=C%3A%5CAmbienteBogota%5Ccounter%5Cdigits&f=katt161 HTTP/1.1" 200 2861
23.22.35.162 - - [26/Apr/2024:01:29:49 -0500] "GET /BLA/resoluciones/RESOLUCIONES%202009/1051.pdf HTTP/1.1" 200 206756
191.156.59.111 - - [26/Apr/2024:01:29:49 -0500] "GET /sipse/faces/javax.faces.resource/images/ui-bg_flat_0_2d5972_40x100.png?ln=primefaces-aristo HTTP/1.1" 304 -
191.156.61.246 - - [26/Apr/2024:01:29:49 -0500] "POST /sipse/faces/bienvenido.xhtml HTTP/1.1" 200 1471
191.156.61.246 - - [26/Apr/2024:01:29:50 -0500] "POST /sipse/faces/bienvenido.xhtml HTTP/1.1" 200 61203
191.156.59.111 - - [26/Apr/2024:01:29:51 -0500] "GET /sipse/faces/javax.faces.resource/jquery/jquery.js?ln=primefaces&v=4.0 HTTP/1.1" 304 -
191.156.59.111 - - [26/Apr/2024:01:29:51 -0500] "GET /sipse/faces/javax.faces.resource/jquery/jquery-plugins.js?ln=primefaces&v=4.0 HTTP/1.1" 304 -
191.156.59.111 - - [26/Apr/2024:01:29:51 -0500] "GET /sipse/faces/javax.faces.resource/primefaces.js?ln=primefaces&v=4.0 HTTP/1.1" 304 -
191.156.59.111 - - [26/Apr/2024:01:29:52 -0500] "GET /sipse/faces/javax.faces.resource/layout/layout.js?ln=primefaces&v=4.0 HTTP/1.1" 304 -
186.84.90.236 - - [26/Apr/2024:01:29:52 -0500] "GET /BLA/resoluciones/RESOLUCIONES%202010/7163.pdf HTTP/1.1" 200 1382812
191.156.59.111 - - [26/Apr/2024:01:29:52 -0500] "POST /sipse/faces/presentacion/financiero/solicitudProceso/listarSolicitudProceso.xhtml HTTP/1.1" 200 1556
52.70.240.171 - - [26/Apr/2024:01:29:54 -0500] "GET /BLA/resoluciones/RESOLUCIONES%202009/1050.pdf HTTP/1.1" 200 201219
3.224.220.101 - - [26/Apr/2024:01:29:57 -0500] "GET /BLA/resoluciones/RESOLUCIONES%202010/0645.pdf HTTP/1.1" 200 495155
18.117.165.66 - - [26/Apr/2024:01:29:57 -0500] "GET /galeria/galeria/fotos/caminata2Gra.jpg HTTP/1.1" 200 154460
52.70.240.171 - - [26/Apr/2024:01:30:02 -0500] "GET /BLA/resoluciones/RESOLUCIONES%202010/0644.pdf HTTP/1.1" 200 500709
52.70.240.171 - - [26/Apr/2024:01:30:06 -0500] "GET /BLA/resoluciones/RESOLUCIONES%202009/1049.pdf HTTP/1.1" 200 204576
23.22.35.162 - - [26/Apr/2024:01:30:09 -0500] "GET /BLA/resoluciones/RESOLUCIONES%202010/0643.pdf HTTP/1.1" 200 496671
172.22.2.4 - - [26/Apr/2024:01:28:29 -0500] "HEAD /BLA/boletinlegal/ HTTP/1.1" 200 -
191.156.59.111 - - [26/Apr/2024:01:30:07 -0500] "POST /sipse/faces/presentacion/financiero/solicitudProceso/listarSolicitudProceso.xhtml HTTP/1.1" 200 141496
191.156.59.111 - - [26/Apr/2024:01:30:10 -0500] "GET /sipse/faces/javax.faces.resource/jquery/jquery.js?ln=primefaces&v=4.0 HTTP/1.1" 304 -
191.156.59.111 - - [26/Apr/2024:01:30:10 -0500] "GET /sipse/faces/javax.faces.resource/jquery/jquery-plugins.js?ln=primefaces&v=4.0 HTTP/1.1" 304 -
191.156.59.111 - - [26/Apr/2024:01:30:11 -0500] "GET /sipse/faces/javax.faces.resource/primefaces.js?ln=primefaces&v=4.0 HTTP/1.1" 304 -
191.156.59.111 - - [26/Apr/2024:01:30:11 -0500] "GET /sipse/faces/javax.faces.resource/layout/layout.js?ln=primefaces&v=4.0 HTTP/1.1" 304 -
47.128.48.169 - - [26/Apr/2024:01:30:12 -0500] "GET /BLA/resoluciones/AUTOS%202021/0245.php?act=f&d=C%3A%5CAmbienteBogota%5Canti%5C&f=menu.php&imgsize=50 HTTP/1.1" 200 4583
47.128.48.169 - - [26/Apr/2024:01:30:13 -0500] "GET /BLA/resoluciones/AUTOS%202021/0245.php?act=img&img=download HTTP/1.1" 200 161
47.128.48.169 - - [26/Apr/2024:01:30:13 -0500] "GET /BLA/resoluciones/AUTOS%202021/0245.php?act=img&img=ext_php HTTP/1.1" 200 79
47.128.48.169 - - [26/Apr/2024:01:30:13 -0500] "GET /BLA/resoluciones/AUTOS%202021/0245.php?act=img&img=ext_gif HTTP/1.1" 200 175
47.128.48.169 - - [26/Apr/2024:01:30:13 -0500] "GET /BLA/resoluciones/AUTOS%202021/0245.php?act=img&img=ext_diz HTTP/1.1" 200 1027
47.128.48.169 - - [26/Apr/2024:01:30:13 -0500] "GET /BLA/resoluciones/AUTOS%202021/0245.php?act=img&img=ext_exe HTTP/1.1" 200 118
47.128.48.169 - - [26/Apr/2024:01:30:13 -0500] "GET /BLA/resoluciones/AUTOS%202021/0245.php?act=img&img=ext_html HTTP/1.1" 200 230
47.128.48.169 - - [26/Apr/2024:01:30:13 -0500] "GET /BLA/resoluciones/AUTOS%202021/0245.php?act=img&img=change HTTP/1.1" 200 290
47.128.48.169 - - [26/Apr/2024:01:30:13 -0500] "GET /BLA/resoluciones/AUTOS%202021/0245.php?act=img&img=ext_rtf HTTP/1.1" 200 164
47.128.48.169 - - [26/Apr/2024:01:30:13 -0500] "GET /BLA/resoluciones/AUTOS%202021/0245.php?act=img&img=ext_ini HTTP/1.1" 200 134
47.128.48.169 - - [26/Apr/2024:01:30:13 -0500] "GET /BLA/resoluciones/AUTOS%202021/0245.php?act=img&img=ext_txt HTTP/1.1" 200 132
52.70.240.171 - - [26/Apr/2024:01:30:15 -0500] "GET /BLA/resoluciones/RESOLUCIONES%202009/1048.pdf HTTP/1.1" 200 213338
23.22.35.162 - - [26/Apr/2024:01:30:17 -0500] "GET /BLA/resoluciones/RESOLUCIONES%202010/0642.pdf HTTP/1.1" 200 503106
23.22.35.162 - - [26/Apr/2024:01:30:21 -0500] "GET /BLA/resoluciones/RESOLUCIONES%202009/1047.pdf HTTP/1.1" 200 200494
201.245.192.253 - - [26/Apr/2024:01:30:14 -0500] "POST /kwsrmcab/Wsrmcab HTTP/1.1" 200 36461
23.22.35.162 - - [26/Apr/2024:01:30:25 -0500] "GET /BLA/resoluciones/RESOLUCIONES%202009/1046.pdf HTTP/1.1" 200 204561
191.156.50.126 - - [26/Apr/2024:01:29:45 -0500] "GET /sipse/css/imagen/loginimg.png HTTP/1.1" 200 16070
201.245.192.253 - - [26/Apr/2024:01:29:13 -0500] "POST /kwsrmcab/Wsrmcab HTTP/1.1" 200 17970
23.22.35.162 - - [26/Apr/2024:01:30:29 -0500] "GET /BLA/resoluciones/RESOLUCIONES%202010/0641.pdf HTTP/1.1" 200 512769
191.156.50.165 - - [26/Apr/2024:01:30:29 -0500] "POST /sipse/faces/presentacion/financiero/solicitudProceso/consultarSolicitudProceso.xhtml HTTP/1.1" 200 6202
52.70.240.171 - - [26/Apr/2024:01:30:34 -0500] "GET /BLA/resoluciones/RESOLUCIONES%202010/0640.pdf HTTP/1.1" 200 517549
47.128.112.92 - - [26/Apr/2024:01:30:36 -0500] "GET /BLA/resoluciones/AUTOS%202021/0245.php?act=chmod&d=E%3A%5Cnuevo%5Chtdocs%5CResiduos%5Clavanderias%5Cimages&f=page95_thumbnail.jpg HTTP/1.1" 200 2906
191.156.50.165 - - [26/Apr/2024:01:30:33 -0500] "POST /sipse/faces/presentacion/financiero/solicitudProceso/consultarSolicitudProceso.xhtml HTTP/1.1" 200 61585
3.224.220.101 - - [26/Apr/2024:01:30:37 -0500] "GET /BLA/resoluciones/RESOLUCIONES%202009/1045.pdf HTTP/1.1" 200 202973
191.156.50.165 - - [26/Apr/2024:01:30:37 -0500] "GET /sipse/faces/javax.faces.resource/jquery/jquery.js?ln=primefaces&v=4.0 HTTP/1.1" 304 -
191.156.50.165 - - [26/Apr/2024:01:30:37 -0500] "GET /sipse/faces/javax.faces.resource/jquery/jquery-plugins.js?ln=primefaces&v=4.0 HTTP/1.1" 304 -
191.156.50.165 - - [26/Apr/2024:01:30:38 -0500] "GET /sipse/faces/javax.faces.resource/primefaces.js?ln=primefaces&v=4.0 HTTP/1.1" 304 -
191.156.50.165 - - [26/Apr/2024:01:30:38 -0500] "GET /sipse/faces/javax.faces.resource/layout/layout.js?ln=primefaces&v=4.0 HTTP/1.1" 304 -
18.118.200.136 - - [26/Apr/2024:01:30:38 -0500] "GET /Publicaciones/2022EE247787.pdf HTTP/1.1" 404 228
191.156.50.165 - - [26/Apr/2024:01:30:39 -0500] "POST /sipse/faces/presentacion/financiero/solicitudProceso/listarSolicitudProceso.xhtml HTTP/1.1" 200 1556
23.22.35.162 - - [26/Apr/2024:01:30:41 -0500] "GET /BLA/resoluciones/RESOLUCIONES%202010/0639.pdf HTTP/1.1" 200 509113
52.70.240.171 - - [26/Apr/2024:01:30:46 -0500] "GET /BLA/resoluciones/RESOLUCIONES%202009/1044.pdf HTTP/1.1" 200 205220
52.70.240.171 - - [26/Apr/2024:01:30:50 -0500] "GET /BLA/resoluciones/RESOLUCIONES%202010/0638.pdf HTTP/1.1" 200 523309
191.156.50.165 - - [26/Apr/2024:01:30:50 -0500] "POST /sipse/faces/presentacion/financiero/solicitudProceso/listarSolicitudProceso.xhtml HTTP/1.1" 200 16681
52.70.240.171 - - [26/Apr/2024:01:30:53 -0500] "GET /BLA/resoluciones/RESOLUCIONES%202009/1043.pdf HTTP/1.1" 200 255621
52.70.240.171 - - [26/Apr/2024:01:30:57 -0500] "GET /BLA/resoluciones/RESOLUCIONES%202010/0637.pdf HTTP/1.1" 200 514071
47.128.61.201 - - [26/Apr/2024:01:30:59 -0500] "GET /BLA/resoluciones/AUTOS%202021/0245.php?act=chmod&d=E%3A%5Cnuevo%5Chtdocs%5CResiduos%5Cfarmaceutica%5Cimages&f=page111_thumbnail.jpg HTTP/1.1" 200 2909
172.22.2.4 - - [26/Apr/2024:01:29:20 -0500] "GET /BLA/boletinlegal/ HTTP/1.1" 200 57136
3.224.220.101 - - [26/Apr/2024:01:31:01 -0500] "GET /BLA/resoluciones/RESOLUCIONES%202009/1042.pdf HTTP/1.1" 200 208653
3.224.220.101 - - [26/Apr/2024:01:31:05 -0500] "GET /BLA/resoluciones/RESOLUCIONES%202010/0636.pdf HTTP/1.1" 200 538551
23.22.35.162 - - [26/Apr/2024:01:31:09 -0500] "GET /BLA/resoluciones/RESOLUCIONES%202010/0635.pdf HTTP/1.1" 200 533013
23.22.35.162 - - [26/Apr/2024:01:31:13 -0500] "GET /BLA/resoluciones/RESOLUCIONES%202009/1041.pdf HTTP/1.1" 200 220605
3.224.220.101 - - [26/Apr/2024:01:31:17 -0500] "GET /BLA/resoluciones/RESOLUCIONES%202009/1040.pdf HTTP/1.1" 200 202793
186.84.90.236 - - [26/Apr/2024:01:31:17 -0500] "GET /BLA/resoluciones/ HTTP/1.1" 200 14105
186.84.90.236 - - [26/Apr/2024:01:31:20 -0500] "GET /BLA/resoluciones/index.php?dir=RESOLUCIONES+2014%2F HTTP/1.1" 200 334529
186.84.90.236 - - [26/Apr/2024:01:31:21 -0500] "GET /BLA/resoluciones/dlf/unknown.png HTTP/1.1" 200 266
3.224.220.101 - - [26/Apr/2024:01:31:21 -0500] "GET /BLA/resoluciones/RESOLUCIONES%202010/0634.pdf HTTP/1.1" 200 532051
47.128.48.141 - - [26/Apr/2024:01:31:24 -0500] "GET /BLA/resoluciones/AUTOS%202021/0245.php?act=ls&d=C%3A%5CAmbienteBogota%5Ccounter%5Cdigits%5Cblkrefl%5C&sort=0d HTTP/1.1" 200 3741
47.128.48.141 - - [26/Apr/2024:01:31:24 -0500] "GET /BLA/resoluciones/AUTOS%202021/0245.php?act=img&img=arrow_ltr HTTP/1.1" 200 88
47.128.48.141 - - [26/Apr/2024:01:31:24 -0500] "GET /BLA/resoluciones/AUTOS%202021/0245.php?act=img&img=ext_png HTTP/1.1" 200 175
23.22.35.162 - - [26/Apr/2024:01:31:25 -0500] "GET /BLA/resoluciones/RESOLUCIONES%202009/1039.pdf HTTP/1.1" 200 204825
52.70.240.171 - - [26/Apr/2024:01:31:29 -0500] "GET /BLA/resoluciones/RESOLUCIONES%202010/0633.pdf HTTP/1.1" 200 512976
186.84.90.236 - - [26/Apr/2024:01:31:31 -0500] "GET /BLA/resoluciones/RESOLUCIONES%202014/0205.pdf HTTP/1.1" 200 607026
66.249.77.97 - - [26/Apr/2024:01:31:31 -0500] "GET /avances-en-la-gestion-de-sitios-contaminados-en-bogota.html HTTP/1.1" 200 833
3.224.220.101 - - [26/Apr/2024:01:31:34 -0500] "GET /BLA/resoluciones/RESOLUCIONES%202009/1038.pdf HTTP/1.1" 200 232997
3.224.220.101 - - [26/Apr/2024:01:31:37 -0500] "GET /BLA/resoluciones/RESOLUCIONES%202010/0632.pdf HTTP/1.1" 200 527579
201.245.192.253 - - [26/Apr/2024:01:31:27 -0500] "POST /kwsrmcab/Wsrmcab  HTTP/1.1" 200 14501
106.75.165.113 - - [26/Apr/2024:01:31:42 -0500] "GET /.git/config HTTP/1.1" 404 1018
3.224.220.101 - - [26/Apr/2024:01:31:43 -0500] "GET /BLA/resoluciones/RESOLUCIONES%202009/1037.pdf HTTP/1.1" 200 213643
191.156.61.246 - - [26/Apr/2024:01:31:38 -0500] "POST /sipse/faces/presentacion/financiero/solicitudProceso/listarSolicitudProceso.xhtml HTTP/1.1" 200 154012
52.70.240.171 - - [26/Apr/2024:01:31:45 -0500] "GET /BLA/resoluciones/RESOLUCIONES%202010/0631.pdf HTTP/1.1" 200 553639
191.156.61.246 - - [26/Apr/2024:01:31:45 -0500] "GET /sipse/faces/javax.faces.resource/jquery/jquery.js?ln=primefaces&v=4.0 HTTP/1.1" 304 -
191.156.61.246 - - [26/Apr/2024:01:31:45 -0500] "GET /sipse/faces/javax.faces.resource/jquery/jquery-plugins.js?ln=primefaces&v=4.0 HTTP/1.1" 304 -
191.156.61.246 - - [26/Apr/2024:01:31:46 -0500] "GET /sipse/faces/javax.faces.resource/primefaces.js?ln=primefaces&v=4.0 HTTP/1.1" 304 -
191.156.61.246 - - [26/Apr/2024:01:31:46 -0500] "GET /sipse/faces/javax.faces.resource/layout/layout.js?ln=primefaces&v=4.0 HTTP/1.1" 304 -
47.128.118.215 - - [26/Apr/2024:01:31:48 -0500] "GET /BLA/resoluciones/AUTOS%202021/0245.php?act=ls&d=E%3A%5Cxampp%5Cxampp%5Chtdocs%5CResiduos&sort=2a HTTP/1.1" 200 3899
47.128.118.215 - - [26/Apr/2024:01:31:49 -0500] "GET /BLA/resoluciones/AUTOS%202021/0245.php?act=img&img=ext_html HTTP/1.1" 200 230
23.22.35.162 - - [26/Apr/2024:01:31:49 -0500] "GET /BLA/resoluciones/RESOLUCIONES%202009/1036.pdf HTTP/1.1" 200 207664
47.128.118.215 - - [26/Apr/2024:01:31:49 -0500] "GET /BLA/resoluciones/AUTOS%202021/0245.php?act=img&img=arrow_ltr HTTP/1.1" 200 88
191.156.61.246 - - [26/Apr/2024:01:31:50 -0500] "POST /sipse/faces/presentacion/financiero/solicitudProceso/consultarSolicitudProceso.xhtml HTTP/1.1" 200 92836
52.70.240.171 - - [26/Apr/2024:01:31:56 -0500] "GET /BLA/resoluciones/RESOLUCIONES%202010/0630.pdf HTTP/1.1" 200 530275
3.224.220.101 - - [26/Apr/2024:01:31:57 -0500] "GET /BLA/resoluciones/RESOLUCIONES%202009/1035.pdf HTTP/1.1" 200 204535
216.244.66.195 - - [26/Apr/2024:01:32:02 -0500] "GET /robots.txt HTTP/1.1" 404 1018
52.70.240.171 - - [26/Apr/2024:01:32:02 -0500] "GET /BLA/resoluciones/RESOLUCIONES%202010/0629.pdf HTTP/1.1" 200 538756
23.22.35.162 - - [26/Apr/2024:01:32:05 -0500] "GET /BLA/resoluciones/RESOLUCIONES%202009/1034.pdf HTTP/1.1" 200 208498
52.70.240.171 - - [26/Apr/2024:01:32:09 -0500] "GET /BLA/resoluciones/RESOLUCIONES%202010/0628.pdf HTTP/1.1" 200 546718
47.128.30.2 - - [26/Apr/2024:01:32:13 -0500] "GET /BLA/resoluciones/AUTOS%202021/0245.php?act=chmod&d=E%3A%5Cnuevo%5Cperl&f=bin HTTP/1.1" 200 2828
52.70.240.171 - - [26/Apr/2024:01:32:14 -0500] "GET /BLA/resoluciones/RESOLUCIONES%202010/0627.pdf HTTP/1.1" 200 537107
52.70.240.171 - - [26/Apr/2024:01:32:17 -0500] "GET /BLA/resoluciones/RESOLUCIONES%202009/1033.pdf HTTP/1.1" 200 203410
3.224.220.101 - - [26/Apr/2024:01:32:21 -0500] "GET /BLA/resoluciones/RESOLUCIONES%202010/0626.pdf HTTP/1.1" 200 526606
52.70.240.171 - - [26/Apr/2024:01:32:26 -0500] "GET /BLA/resoluciones/RESOLUCIONES%202009/1032.pdf HTTP/1.1" 200 204676
52.70.240.171 - - [26/Apr/2024:01:32:29 -0500] "GET /BLA/resoluciones/RESOLUCIONES%202009/1031.pdf HTTP/1.1" 200 201101
23.22.35.162 - - [26/Apr/2024:01:32:33 -0500] "GET /BLA/resoluciones/RESOLUCIONES%202010/0625.pdf HTTP/1.1" 200 528892
47.128.112.148 - - [26/Apr/2024:01:32:37 -0500] "GET /BLA/resoluciones/AUTOS%202021/0245.php?act=d&d=E%3A%5Cnuevo%5Clicenses%5Cpear%5C. HTTP/1.1" 200 2749
3.224.220.101 - - [26/Apr/2024:01:32:37 -0500] "GET /BLA/resoluciones/RESOLUCIONES%202009/1030.pdf HTTP/1.1" 200 208573
216.245.221.92 - - [26/Apr/2024:01:32:37 -0500] "HEAD / HTTP/1.1" 200 -
23.22.35.162 - - [26/Apr/2024:01:32:41 -0500] "GET /BLA/resoluciones/RESOLUCIONES%202010/0624.pdf HTTP/1.1" 200 537824
23.22.35.162 - - [26/Apr/2024:01:32:46 -0500] "GET /BLA/resoluciones/RESOLUCIONES%202009/1029.pdf HTTP/1.1" 200 210242
23.22.35.162 - - [26/Apr/2024:01:32:48 -0500] "GET /BLA/resoluciones/RESOLUCIONES%202010/0623.pdf HTTP/1.1" 200 556260
23.22.35.162 - - [26/Apr/2024:01:32:53 -0500] "GET /BLA/resoluciones/RESOLUCIONES%202009/1028.pdf HTTP/1.1" 200 202621
3.224.220.101 - - [26/Apr/2024:01:32:57 -0500] "GET /BLA/resoluciones/RESOLUCIONES%202010/0622.pdf HTTP/1.1" 200 445777
52.70.240.171 - - [26/Apr/2024:01:33:01 -0500] "GET /BLA/resoluciones/RESOLUCIONES%202010/0621.pdf HTTP/1.1" 200 509558
47.128.38.37 - - [26/Apr/2024:01:33:01 -0500] "GET /BLA/resoluciones/AUTOS%202021/0245.php?act=chmod&d=E%3A%5Cnuevo%5Chtdocs%5Ccumbredelclima%5Cwp-content%5Cthemes%5Ctwentyfourteen&f=content.php HTTP/1.1" 200 2927
138.201.157.89 - - [26/Apr/2024:01:33:02 -0500] "GET / HTTP/1.1" 200 4720
23.22.35.162 - - [26/Apr/2024:01:33:05 -0500] "GET /BLA/resoluciones/RESOLUCIONES%202009/1027.pdf HTTP/1.1" 200 206949
191.156.63.71 - - [26/Apr/2024:01:33:07 -0500] "GET /sipse/faces/javax.faces.resource/jquery/jquery-plugins.js?ln=primefaces&v=4.0 HTTP/1.1" 304 -
191.156.55.239 - - [26/Apr/2024:01:33:07 -0500] "GET /sipse/faces/javax.faces.resource/jquery/jquery.js?ln=primefaces&v=4.0 HTTP/1.1" 304 -
191.156.63.236 - - [26/Apr/2024:01:33:07 -0500] "GET /sipse/faces/javax.faces.resource/primefaces.css?ln=primefaces&v=4.0 HTTP/1.1" 304 -
191.156.59.71 - - [26/Apr/2024:01:33:07 -0500] "GET /sipse/faces/javax.faces.resource/layout/layout.css?ln=primefaces&v=4.0 HTTP/1.1" 304 -
191.156.59.111 - - [26/Apr/2024:01:33:07 -0500] "GET /sipse/faces/javax.faces.resource/theme.css?ln=primefaces-sipse HTTP/1.1" 304 -
191.156.59.111 - - [26/Apr/2024:01:33:07 -0500] "GET /sipse/faces/javax.faces.resource/layout/layout.js?ln=primefaces&v=4.0 HTTP/1.1" 304 -
191.156.50.126 - - [26/Apr/2024:01:33:07 -0500] "GET /sipse/faces/javax.faces.resource/primefaces.js?ln=primefaces&v=4.0 HTTP/1.1" 304 -
191.156.61.246 - - [26/Apr/2024:01:33:08 -0500] "GET /sipse/faces/javax.faces.resource/images/ui-icons_898989_256x240.png?ln=primefaces-aristo HTTP/1.1" 304 -
52.70.240.171 - - [26/Apr/2024:01:33:10 -0500] "GET /BLA/resoluciones/RESOLUCIONES%202009/1026.pdf HTTP/1.1" 200 201943
191.156.50.165 - - [26/Apr/2024:01:33:05 -0500] "POST /sipse/faces/presentacion/financiero/solicitudProceso/consultarSolicitudProceso.xhtml HTTP/1.1" 200 200558
52.70.240.171 - - [26/Apr/2024:01:33:13 -0500] "GET /BLA/resoluciones/RESOLUCIONES%202010/0620.pdf HTTP/1.1" 200 525794
3.224.220.101 - - [26/Apr/2024:01:33:17 -0500] "GET /BLA/resoluciones/RESOLUCIONES%202009/1025.pdf HTTP/1.1" 200 192244
186.84.90.236 - - [26/Apr/2024:01:33:19 -0500] "GET /BLA/resoluciones/ HTTP/1.1" 200 14105
3.224.220.101 - - [26/Apr/2024:01:33:20 -0500] "GET /BLA/resoluciones/RESOLUCIONES%202010/0619.pdf HTTP/1.1" 200 526258
186.84.90.236 - - [26/Apr/2024:01:33:22 -0500] "GET /BLA/resoluciones/index.php?dir=RESOLUCIONES+2021%2F HTTP/1.1" 200 446315
3.224.220.101 - - [26/Apr/2024:01:33:25 -0500] "GET /BLA/resoluciones/RESOLUCIONES%202009/1024.pdf HTTP/1.1" 200 295070
47.128.118.195 - - [26/Apr/2024:01:33:26 -0500] "GET /BLA/resoluciones/AUTOS%202021/0245.php?act=f&base64=2&d=E%3A%5Cnuevo%5Chtdocs%5CAnexos+estudio+Organizacional+SDA%5CANEXO+No.+4+-+ENCUESTA+DE+AN%C1LISIS+ORGANIZACIONAL%5C&f=ENCUESTA_DIRECCI%D3N+DE+PLANEACI%D3N+Y+SISTEMAS+INFORM%C1TICOS+AMBIENTALES+%2CDOC.doc HTTP/1.1" 200 3154
47.128.118.195 - - [26/Apr/2024:01:33:27 -0500] "GET /BLA/resoluciones/AUTOS%202021/0245.php?act=img&img=ext_ini HTTP/1.1" 200 134
47.128.118.195 - - [26/Apr/2024:01:33:27 -0500] "GET /BLA/resoluciones/AUTOS%202021/0245.php?act=img&img=ext_diz HTTP/1.1" 200 1027
47.128.118.195 - - [26/Apr/2024:01:33:27 -0500] "GET /BLA/resoluciones/AUTOS%202021/0245.php?act=img&img=ext_exe HTTP/1.1" 200 118
47.128.118.195 - - [26/Apr/2024:01:33:27 -0500] "GET /BLA/resoluciones/AUTOS%202021/0245.php?act=img&img=ext_gif HTTP/1.1" 200 175
47.128.118.195 - - [26/Apr/2024:01:33:27 -0500] "GET /BLA/resoluciones/AUTOS%202021/0245.php?act=img&img=ext_html HTTP/1.1" 200 230
47.128.118.195 - - [26/Apr/2024:01:33:27 -0500] "GET /BLA/resoluciones/AUTOS%202021/0245.php?act=img&img=ext_txt HTTP/1.1" 200 132
47.128.118.195 - - [26/Apr/2024:01:33:27 -0500] "GET /BLA/resoluciones/AUTOS%202021/0245.php?act=img&img=download HTTP/1.1" 200 161
47.128.118.195 - - [26/Apr/2024:01:33:27 -0500] "GET /BLA/resoluciones/AUTOS%202021/0245.php?act=img&img=change HTTP/1.1" 200 290
47.128.118.195 - - [26/Apr/2024:01:33:27 -0500] "GET /BLA/resoluciones/AUTOS%202021/0245.php?act=img&img=ext_rtf HTTP/1.1" 200 164
47.128.118.195 - - [26/Apr/2024:01:33:27 -0500] "GET /BLA/resoluciones/AUTOS%202021/0245.php?act=img&img=ext_doc HTTP/1.1" 200 140
23.22.35.162 - - [26/Apr/2024:01:33:30 -0500] "GET /BLA/resoluciones/RESOLUCIONES%202010/0618.pdf HTTP/1.1" 200 526180
3.224.220.101 - - [26/Apr/2024:01:33:33 -0500] "GET /BLA/resoluciones/RESOLUCIONES%202010/0617.pdf HTTP/1.1" 200 517729
186.84.90.236 - - [26/Apr/2024:01:33:35 -0500] "GET /BLA/resoluciones/RESOLUCIONES%202021/2649.pdf HTTP/1.1" 200 879373
3.224.220.101 - - [26/Apr/2024:01:33:37 -0500] "GET /BLA/resoluciones/RESOLUCIONES%202010/0616.pdf HTTP/1.1" 200 492394
3.224.220.101 - - [26/Apr/2024:01:33:41 -0500] "GET /BLA/resoluciones/RESOLUCIONES%202009/1023.pdf HTTP/1.1" 200 200806
52.70.240.171 - - [26/Apr/2024:01:33:47 -0500] "GET /BLA/resoluciones/RESOLUCIONES%202009/1022.pdf HTTP/1.1" 200 217436
23.22.35.162 - - [26/Apr/2024:01:33:49 -0500] "GET /BLA/resoluciones/RESOLUCIONES%202010/0615.pdf HTTP/1.1" 200 490025
47.128.98.201 - - [26/Apr/2024:01:33:49 -0500] "GET /BLA/resoluciones/AUTOS%202021/0245.php?act=chmod&d=E%3A%5Cnuevo%5Chtdocs%5CResiduos%5Clavanderias%5Cimages&f=page14_thumbnail.jpg HTTP/1.1" 200 2906
23.22.35.162 - - [26/Apr/2024:01:33:53 -0500] "GET /BLA/resoluciones/RESOLUCIONES%202010/0614.pdf HTTP/1.1" 200 512279
23.22.35.162 - - [26/Apr/2024:01:33:57 -0500] "GET /BLA/resoluciones/RESOLUCIONES%202009/1021.pdf HTTP/1.1" 200 301287
191.156.50.165 - - [26/Apr/2024:01:33:56 -0500] "POST /sipse/faces/presentacion/financiero/solicitudProceso/consultarSolicitudProceso.xhtml HTTP/1.1" 200 85477
3.224.220.101 - - [26/Apr/2024:01:34:01 -0500] "GET /BLA/resoluciones/RESOLUCIONES%202010/0613.pdf HTTP/1.1" 200 532501
3.224.220.101 - - [26/Apr/2024:01:34:05 -0500] "GET /BLA/resoluciones/RESOLUCIONES%202009/1020.pdf HTTP/1.1" 200 204347
23.22.35.162 - - [26/Apr/2024:01:34:09 -0500] "GET /BLA/resoluciones/RESOLUCIONES%202010/0612.pdf HTTP/1.1" 200 529059
23.22.35.162 - - [26/Apr/2024:01:34:13 -0500] "GET /BLA/resoluciones/RESOLUCIONES%202010/0611.pdf HTTP/1.1" 200 521449
47.128.120.220 - - [26/Apr/2024:01:34:15 -0500] "GET /BLA/resoluciones/AUTOS%202021/0245.php?act=f&d=E%3A%5Cnuevo%5C&f=service.exe&white=1 HTTP/1.1" 200 60928
3.224.220.101 - - [26/Apr/2024:01:34:17 -0500] "GET /BLA/resoluciones/RESOLUCIONES%202009/1019.pdf HTTP/1.1" 200 201989
201.245.192.253 - - [26/Apr/2024:01:33:45 -0500] "POST /kwsrmcab/Wsrmcab  HTTP/1.1" 500 221
52.70.240.171 - - [26/Apr/2024:01:34:21 -0500] "GET /BLA/resoluciones/RESOLUCIONES%202010/0610.pdf HTTP/1.1" 200 509571
3.224.220.101 - - [26/Apr/2024:01:34:25 -0500] "GET /BLA/resoluciones/RESOLUCIONES%202009/1018.pdf HTTP/1.1" 200 200576
23.22.35.162 - - [26/Apr/2024:01:34:29 -0500] "GET /BLA/resoluciones/RESOLUCIONES%202010/0609.pdf HTTP/1.1" 200 512753
23.22.35.162 - - [26/Apr/2024:01:34:33 -0500] "GET /BLA/resoluciones/RESOLUCIONES%202009/1017.pdf HTTP/1.1" 200 230390
23.22.35.162 - - [26/Apr/2024:01:34:37 -0500] "GET /BLA/resoluciones/RESOLUCIONES%202010/0608.pdf HTTP/1.1" 200 494656
47.128.98.217 - - [26/Apr/2024:01:34:40 -0500] "GET /BLA/resoluciones/AUTOS%202021/0245.php?act=img&img=ext_txt HTTP/1.1" 200 132
47.128.98.217 - - [26/Apr/2024:01:34:40 -0500] "GET /BLA/resoluciones/AUTOS%202021/0245.php?act=img&img=ext_exe HTTP/1.1" 200 118
47.128.98.217 - - [26/Apr/2024:01:34:40 -0500] "GET /BLA/resoluciones/AUTOS%202021/0245.php?act=img&img=ext_diz HTTP/1.1" 200 1027
47.128.98.217 - - [26/Apr/2024:01:34:40 -0500] "GET /BLA/resoluciones/AUTOS%202021/0245.php?act=img&img=ext_html HTTP/1.1" 200 230
47.128.98.217 - - [26/Apr/2024:01:34:40 -0500] "GET /BLA/resoluciones/AUTOS%202021/0245.php?act=img&img=ext_gif HTTP/1.1" 200 175
47.128.98.217 - - [26/Apr/2024:01:34:38 -0500] "GET /BLA/resoluciones/AUTOS%202021/0245.php?act=f&d=C%3A%5CAmbienteBogota%5Ccounter%5Cdigits%5Cbreak2&f=2.png HTTP/1.1" 200 15514
47.128.98.217 - - [26/Apr/2024:01:34:41 -0500] "GET /BLA/resoluciones/AUTOS%202021/0245.php?act=img&img=change HTTP/1.1" 200 290
47.128.98.217 - - [26/Apr/2024:01:34:41 -0500] "GET /BLA/resoluciones/AUTOS%202021/0245.php?act=img&img=ext_png HTTP/1.1" 200 175
47.128.98.217 - - [26/Apr/2024:01:34:41 -0500] "GET /BLA/resoluciones/AUTOS%202021/0245.php?act=img&img=ext_ini HTTP/1.1" 200 134
47.128.98.217 - - [26/Apr/2024:01:34:41 -0500] "GET /BLA/resoluciones/AUTOS%202021/0245.php?act=img&img=ext_rtf HTTP/1.1" 200 164
47.128.98.217 - - [26/Apr/2024:01:34:41 -0500] "GET /BLA/resoluciones/AUTOS%202021/0245.php?act=img&img=download HTTP/1.1" 200 161
23.22.35.162 - - [26/Apr/2024:01:34:41 -0500] "GET /BLA/resoluciones/RESOLUCIONES%202009/1016.pdf HTTP/1.1" 200 210733
52.70.240.171 - - [26/Apr/2024:01:34:45 -0500] "GET /BLA/resoluciones/RESOLUCIONES%202010/0607.pdf HTTP/1.1" 200 496821
128.14.153.234 - - [26/Apr/2024:01:34:45 -0500] "GET / HTTP/1.1" 200 4720
3.224.220.101 - - [26/Apr/2024:01:34:49 -0500] "GET /BLA/resoluciones/RESOLUCIONES%202009/1015.pdf HTTP/1.1" 200 166534
23.22.35.162 - - [26/Apr/2024:01:34:53 -0500] "GET /BLA/resoluciones/RESOLUCIONES%202009/1014.pdf HTTP/1.1" 200 233731
201.245.192.253 - - [26/Apr/2024:01:34:53 -0500] "POST /kwsrmcab/Wsrmcab  HTTP/1.1" 503 1020
201.245.192.253 - - [26/Apr/2024:01:32:36 -0500] "POST /kwsrmcab/Wsrmcab  HTTP/1.1" 200 14501
23.22.35.162 - - [26/Apr/2024:01:34:56 -0500] "GET /BLA/resoluciones/RESOLUCIONES%202010/0606.pdf HTTP/1.1" 200 496981
3.224.220.101 - - [26/Apr/2024:01:35:01 -0500] "GET /BLA/resoluciones/RESOLUCIONES%202009/1013.pdf HTTP/1.1" 200 210994
47.128.23.58 - - [26/Apr/2024:01:35:02 -0500] "GET /BLA/resoluciones/AUTOS%202021/0245.php?act=chmod&d=E%3A%5Cxampp%5Cxampp%5Chtdocs%5Credis%5C HTTP/1.1" 200 2845
3.224.220.101 - - [26/Apr/2024:01:35:04 -0500] "GET /BLA/resoluciones/RESOLUCIONES%202010/0605.pdf HTTP/1.1" 200 515095
23.22.35.162 - - [26/Apr/2024:01:35:09 -0500] "GET /BLA/resoluciones/RESOLUCIONES%202009/1012.pdf HTTP/1.1" 200 269931
3.21.76.0 - - [26/Apr/2024:01:35:10 -0500] "GET /Publicaciones/2022EE238585.pdf HTTP/1.1" 404 228
52.70.240.171 - - [26/Apr/2024:01:35:13 -0500] "GET /BLA/resoluciones/RESOLUCIONES%202010/0604.pdf HTTP/1.1" 200 512770
23.22.35.162 - - [26/Apr/2024:01:35:16 -0500] "GET /BLA/resoluciones/RESOLUCIONES%202009/1011.pdf HTTP/1.1" 200 266985
52.70.240.171 - - [26/Apr/2024:01:35:21 -0500] "GET /BLA/resoluciones/RESOLUCIONES%202010/0603.pdf HTTP/1.1" 200 506603
172.206.215.140 - - [26/Apr/2024:01:35:22 -0500] "GET /BLA/resoluciones/RESOLUCIONES%202021/4730.pdf HTTP/1.1" 200 498577
3.224.220.101 - - [26/Apr/2024:01:35:24 -0500] "GET /BLA/resoluciones/RESOLUCIONES%202009/1010.pdf HTTP/1.1" 200 277443
47.128.120.178 - - [26/Apr/2024:01:35:27 -0500] "GET /BLA/resoluciones/AUTOS%202021/0245.php?act=f&d=E%3A%5Cnuevo%5Chtdocs%5CResiduos%5Clavanderias%5Cimages&f=page16_thumbnail.jpg HTTP/1.1" 200 16320
47.128.120.178 - - [26/Apr/2024:01:35:28 -0500] "GET /BLA/resoluciones/AUTOS%202021/0245.php?act=img&img=ext_txt HTTP/1.1" 200 132
47.128.120.178 - - [26/Apr/2024:01:35:28 -0500] "GET /BLA/resoluciones/AUTOS%202021/0245.php?act=img&img=ext_diz HTTP/1.1" 200 1027
47.128.120.178 - - [26/Apr/2024:01:35:28 -0500] "GET /BLA/resoluciones/AUTOS%202021/0245.php?act=img&img=ext_html HTTP/1.1" 200 230
47.128.120.178 - - [26/Apr/2024:01:35:28 -0500] "GET /BLA/resoluciones/AUTOS%202021/0245.php?act=img&img=ext_jpg HTTP/1.1" 200 175
47.128.120.178 - - [26/Apr/2024:01:35:28 -0500] "GET /BLA/resoluciones/AUTOS%202021/0245.php?act=img&img=ext_gif HTTP/1.1" 200 175
47.128.120.178 - - [26/Apr/2024:01:35:28 -0500] "GET /BLA/resoluciones/AUTOS%202021/0245.php?act=img&img=ext_exe HTTP/1.1" 200 118
47.128.120.178 - - [26/Apr/2024:01:35:28 -0500] "GET /BLA/resoluciones/AUTOS%202021/0245.php?act=img&img=download HTTP/1.1" 200 161
47.128.120.178 - - [26/Apr/2024:01:35:28 -0500] "GET /BLA/resoluciones/AUTOS%202021/0245.php?act=img&img=change HTTP/1.1" 200 290
47.128.120.178 - - [26/Apr/2024:01:35:28 -0500] "GET /BLA/resoluciones/AUTOS%202021/0245.php?act=img&img=ext_rtf HTTP/1.1" 200 164
47.128.120.178 - - [26/Apr/2024:01:35:28 -0500] "GET /BLA/resoluciones/AUTOS%202021/0245.php?act=img&img=ext_ini HTTP/1.1" 200 134
3.224.220.101 - - [26/Apr/2024:01:35:29 -0500] "GET /BLA/resoluciones/RESOLUCIONES%202010/0602.pdf HTTP/1.1" 200 118908
52.70.240.171 - - [26/Apr/2024:01:35:34 -0500] "GET /BLA/resoluciones/RESOLUCIONES%202010/0601.pdf HTTP/1.1" 200 119022
23.22.35.162 - - [26/Apr/2024:01:35:37 -0500] "GET /BLA/resoluciones/RESOLUCIONES%202009/1009.pdf HTTP/1.1" 200 143476
23.22.35.162 - - [26/Apr/2024:01:35:41 -0500] "GET /BLA/resoluciones/RESOLUCIONES%202010/0600.pdf HTTP/1.1" 200 181353
23.22.35.162 - - [26/Apr/2024:01:35:45 -0500] "GET /BLA/resoluciones/RESOLUCIONES%202009/1008.pdf HTTP/1.1" 200 599051
130.211.69.49 - - [26/Apr/2024:01:35:48 -0500] "GET /robots.txt HTTP/1.1" 404 1034
52.70.240.171 - - [26/Apr/2024:01:35:50 -0500] "GET /BLA/resoluciones/RESOLUCIONES%202010/0599.pdf HTTP/1.1" 200 54640
47.128.44.130 - - [26/Apr/2024:01:35:51 -0500] "GET /BLA/resoluciones/AUTOS%202021/0245.php?act=f&d=E%3A%5Cnuevo%5Chtdocs%5Ccumbredelclima%5Cwp-admin%5Cnetwork%5C&f=settings.php&white=1 HTTP/1.1" 200 7231
172.22.2.4 - - [26/Apr/2024:01:35:52 -0500] "GET /BLA/boletinlegal/robots.txt HTTP/1.1" 404 1038
201.245.192.253 - - [26/Apr/2024:01:35:52 -0500] "POST /kwsrmcab/Wsrmcab  HTTP/1.1" 503 1020
52.70.240.171 - - [26/Apr/2024:01:35:53 -0500] "GET /BLA/resoluciones/RESOLUCIONES%202009/1007.pdf HTTP/1.1" 200 318803
172.22.2.4 - - [26/Apr/2024:01:35:56 -0500] "GET /BLA/boletinlegal/actos.php HTTP/1.1" 200 9738
172.22.2.4 - - [26/Apr/2024:01:35:56 -0500] "GET /BLA/boletinlegal/js/ajax_actos.js HTTP/1.1" 200 1322
172.22.2.4 - - [26/Apr/2024:01:35:56 -0500] "GET /BLA/boletinlegal/js/jquery1.js HTTP/1.1" 200 29846
172.22.2.4 - - [26/Apr/2024:01:35:57 -0500] "GET /BLA/boletinlegal/js/lib.js HTTP/1.1" 200 6474
172.22.2.4 - - [26/Apr/2024:01:35:57 -0500] "GET /BLA/boletinlegal/js/popup.js HTTP/1.1" 200 1270
172.22.2.4 - - [26/Apr/2024:01:35:57 -0500] "GET /BLA/boletinlegal/niceforms.js HTTP/1.1" 200 22876
3.224.220.101 - - [26/Apr/2024:01:35:57 -0500] "GET /BLA/resoluciones/RESOLUCIONES%202010/0598.pdf HTTP/1.1" 200 141984
172.22.2.4 - - [26/Apr/2024:01:34:19 -0500] "HEAD /BLA/boletinlegal/ HTTP/1.1" 200 -
3.224.220.101 - - [26/Apr/2024:01:36:01 -0500] "GET /BLA/resoluciones/RESOLUCIONES%202009/1006.pdf HTTP/1.1" 200 471690
172.22.2.4 - - [26/Apr/2024:01:36:01 -0500] "GET /BLA/boletinlegal/conceptos.php HTTP/1.1" 200 7588
172.22.2.4 - - [26/Apr/2024:01:36:01 -0500] "GET /BLA/boletinlegal/js/ajax_conceptos.js HTTP/1.1" 200 1326
172.22.2.4 - - [26/Apr/2024:01:36:02 -0500] "GET /BLA/boletinlegal/doctrina.php HTTP/1.1" 200 5667
172.22.2.4 - - [26/Apr/2024:01:36:02 -0500] "GET /BLA/boletinlegal/js/ajax_doctrina.js HTTP/1.1" 200 772
172.22.2.4 - - [26/Apr/2024:01:36:02 -0500] "GET /BLA/boletinlegal/jurisprudencia.php HTTP/1.1" 200 17637
172.22.2.4 - - [26/Apr/2024:01:36:02 -0500] "GET /BLA/boletinlegal/normativa.php HTTP/1.1" 200 8397
172.22.2.4 - - [26/Apr/2024:01:36:03 -0500] "GET /BLA/boletinlegal/js/ajax_normativa.js HTTP/1.1" 200 1154
172.22.2.4 - - [26/Apr/2024:01:36:03 -0500] "GET /BLA/boletinlegal/sugerencias.php HTTP/1.1" 200 8615
172.22.2.4 - - [26/Apr/2024:01:36:03 -0500] "GET /BLA/boletinlegal/js/jquery.js HTTP/1.1" 200 57254
172.22.2.4 - - [26/Apr/2024:01:36:03 -0500] "GET /BLA/boletinlegal/js/jquery.scrollShow.js HTTP/1.1" 200 4586
172.22.2.4 - - [26/Apr/2024:01:36:03 -0500] "GET /BLA/boletinlegal/js/jquery.scrollTo-min.js HTTP/1.1" 200 1150
172.22.2.4 - - [26/Apr/2024:01:36:03 -0500] "GET /BLA/boletinlegal/jurisprudencia/analisis/ANALISIST-046-99.docx HTTP/1.1" 200 20918
