47.128.113.190 - - [30/Apr/2024:02:04:27 -0500] "GET /BLA/resoluciones/AUTOS%202021/0245.php?act=img&img=download HTTP/1.1" 200 161
47.128.113.190 - - [30/Apr/2024:02:04:27 -0500] "GET /BLA/resoluciones/AUTOS%202021/0245.php?act=img&img=change HTTP/1.1" 200 290
47.128.113.190 - - [30/Apr/2024:02:04:27 -0500] "GET /BLA/resoluciones/AUTOS%202021/0245.php?act=img&img=ext_ini HTTP/1.1" 200 134
18.227.72.192 - - [30/Apr/2024:02:04:27 -0500] "GET /BLA/resoluciones/RESOLUCIONES%202018/0520.pdf HTTP/1.1" 200 4520380
3.12.120.73 - - [30/Apr/2024:02:04:28 -0500] "GET /BLA/resoluciones/AUTOS%202008/3350.pdf HTTP/1.1" 200 83856
47.128.42.171 - - [30/Apr/2024:02:04:49 -0500] "GET /BLA/resoluciones/AUTOS%202021/0245.php?act=ls&d=E%3A%5Cnuevo%5Chtdocs%5CAutoliquidacion%5CSolicitudes+relacionadas+con+calidad+del+aire+auditiva+y+visual%5CEvaluaci%F3n+de+estudios+de+Emisiones+con+miras+a+verificar+el+cumplimiento+de+las+normas+de+emisiones&sort=3a HTTP/1.1" 200 3610
47.128.42.171 - - [30/Apr/2024:02:04:50 -0500] "GET /BLA/resoluciones/AUTOS%202021/0245.php?act=img&img=ext_html HTTP/1.1" 200 230
47.128.42.171 - - [30/Apr/2024:02:04:51 -0500] "GET /BLA/resoluciones/AUTOS%202021/0245.php?act=img&img=arrow_ltr HTTP/1.1" 200 88
216.244.66.195 - - [30/Apr/2024:02:04:52 -0500] "GET /BLA/resoluciones/AUTOS%202013/1127.pdf HTTP/1.1" 200 1019207
18.222.167.58 - - [30/Apr/2024:02:04:52 -0500] "GET /BLA/resoluciones/AUTOS%202015/4474.pdf HTTP/1.1" 200 833140
18.222.167.58 - - [30/Apr/2024:02:04:53 -0500] "GET /BLA/resoluciones/AUTOS%202011/4875.pdf HTTP/1.1" 200 681583
18.222.167.58 - - [30/Apr/2024:02:04:54 -0500] "GET /BLA/resoluciones/AUTOS%202015/0484.pdf HTTP/1.1" 200 732932
18.218.212.196 - - [30/Apr/2024:02:05:00 -0500] "GET /BLA/resoluciones/AUTOS%202008/3024.pdf HTTP/1.1" 200 79267
18.218.212.196 - - [30/Apr/2024:02:05:00 -0500] "GET /BLA/resoluciones/RESOLUCIONES%202018/3367.pdf HTTP/1.1" 200 307295
18.218.212.196 - - [30/Apr/2024:02:05:01 -0500] "GET /BLA/resoluciones/RESOLUCIONES%202012/1892.pdf HTTP/1.1" 200 364555
18.218.212.196 - - [30/Apr/2024:02:05:02 -0500] "GET /BLA/resoluciones/AUTOS%202008/1657.pdf HTTP/1.1" 200 320589
172.22.2.4 - - [30/Apr/2024:02:03:23 -0500] "HEAD /BLA/boletinlegal/ HTTP/1.1" 200 -
3.145.5.48 - - [30/Apr/2024:02:05:12 -0500] "GET /BLA/resoluciones/AUTOS%202015/0415.pdf HTTP/1.1" 200 832799
47.128.60.33 - - [30/Apr/2024:02:05:14 -0500] "GET /BLA/resoluciones/AUTOS%202021/0245.php?act=tools&d=E%3A%5Cxampp%5Cxampp%5Chtdocs%5Cmail%5C HTTP/1.1" 200 3019
18.226.94.208 - - [30/Apr/2024:02:05:17 -0500] "GET /BLA/resoluciones/AUTOS%202015/1132.pdf HTTP/1.1" 200 233394
216.244.66.195 - - [30/Apr/2024:02:05:18 -0500] "GET /BLA/resoluciones/AUTOS%202013/1223.pdf HTTP/1.1" 200 195058
18.226.94.208 - - [30/Apr/2024:02:05:18 -0500] "GET /BLA/resoluciones/AUTOS%202011/1814.pdf HTTP/1.1" 200 154609
18.117.97.238 - - [30/Apr/2024:02:05:20 -0500] "GET /BLA/resoluciones/AUTOS%202015/6688.pdf HTTP/1.1" 200 653840
3.147.73.12 - - [30/Apr/2024:02:05:21 -0500] "GET /BLA/resoluciones/AUTOS%202016/2960.pdf HTTP/1.1" 200 528727
3.137.41.214 - - [30/Apr/2024:02:05:23 -0500] "GET /BLA/resoluciones/AUTOS%202011/7719.pdf HTTP/1.1" 200 203416
3.14.142.231 - - [30/Apr/2024:02:05:28 -0500] "GET /BLA/resoluciones/AUTOS%202008/0274.pdf HTTP/1.1" 200 191085
3.138.134.168 - - [30/Apr/2024:02:05:31 -0500] "GET /BLA/resoluciones/AUTOS%202016/1376.pdf HTTP/1.1" 200 503056
17.241.219.52 - - [30/Apr/2024:02:05:31 -0500] "GET /recuperados-1-5-kilos-de-musgo-distrito-hace-un-llamado-para-que-no-se-extraiga-o-comercialice-esta-especie.html HTTP/1.1" 200 865
47.128.52.240 - - [30/Apr/2024:02:05:38 -0500] "GET /BLA/resoluciones/AUTOS%202021/0245.php?act=ls&d=E%3A%5Cxampp%5Cxampp%5Chtdocs%5Cphpscripts%5CSpryAssets&sort=0a HTTP/1.1" 200 3474
47.128.52.240 - - [30/Apr/2024:02:05:39 -0500] "GET /BLA/resoluciones/AUTOS%202021/0245.php?act=img&img=arrow_ltr HTTP/1.1" 200 88
47.128.52.240 - - [30/Apr/2024:02:05:39 -0500] "GET /BLA/resoluciones/AUTOS%202021/0245.php?act=img&img=ext_css HTTP/1.1" 200 134
47.128.52.240 - - [30/Apr/2024:02:05:39 -0500] "GET /BLA/resoluciones/AUTOS%202021/0245.php?act=img&img=ext_js HTTP/1.1" 200 131
216.244.66.195 - - [30/Apr/2024:02:05:42 -0500] "GET /BLA/resoluciones/AUTOS%202013/1421.pdf HTTP/1.1" 200 314209
18.226.214.101 - - [30/Apr/2024:02:05:52 -0500] "GET /BLA/resoluciones/AUTOS%202008/3100.pdf HTTP/1.1" 200 97018
18.226.214.101 - - [30/Apr/2024:02:05:53 -0500] "GET /BLA/resoluciones/AUTOS%202011/4876.pdf HTTP/1.1" 200 466129
172.22.2.4 - - [30/Apr/2024:02:04:13 -0500] "GET /BLA/boletinlegal/ HTTP/1.1" 200 59967
3.144.111.108 - - [30/Apr/2024:02:06:00 -0500] "GET /BLA/resoluciones/AUTOS%202016/1226.pdf HTTP/1.1" 200 322328
3.144.111.108 - - [30/Apr/2024:02:06:01 -0500] "GET /BLA/resoluciones/AUTOS%202015/4761.pdf HTTP/1.1" 200 1175742
18.227.81.185 - - [30/Apr/2024:02:06:03 -0500] "GET /BLA/resoluciones/RESOLUCIONES%202014/0006.pdf HTTP/1.1" 200 794985
47.128.31.221 - - [30/Apr/2024:02:06:04 -0500] "GET /BLA/resoluciones/AUTOS%202021/0245.php?act=f&d=E%3A%5Cnuevo%5Chtdocs%5Csig%5CGesti%F3n+Ambiental%5C&f=index.php HTTP/1.1" 200 10386
47.128.31.221 - - [30/Apr/2024:02:06:05 -0500] "GET /BLA/resoluciones/AUTOS%202021/0245.php?act=img&img=ext_php HTTP/1.1" 200 79
47.128.31.221 - - [30/Apr/2024:02:06:05 -0500] "GET /BLA/resoluciones/AUTOS%202021/0245.php?act=img&img=ext_txt HTTP/1.1" 200 132
47.128.31.221 - - [30/Apr/2024:02:06:05 -0500] "GET /BLA/resoluciones/AUTOS%202021/0245.php?act=img&img=ext_exe HTTP/1.1" 200 118
47.128.31.221 - - [30/Apr/2024:02:06:05 -0500] "GET /BLA/resoluciones/AUTOS%202021/0245.php?act=img&img=ext_diz HTTP/1.1" 200 1027
47.128.31.221 - - [30/Apr/2024:02:06:05 -0500] "GET /BLA/resoluciones/AUTOS%202021/0245.php?act=img&img=ext_html HTTP/1.1" 200 230
216.244.66.195 - - [30/Apr/2024:02:06:05 -0500] "GET /BLA/resoluciones/AUTOS%202013/1598.pdf HTTP/1.1" 200 142544
18.221.4.52 - - [30/Apr/2024:02:06:08 -0500] "GET /BLA/resoluciones/RESOLUCIONES%202014/2224.pdf HTTP/1.1" 200 846088
18.221.4.52 - - [30/Apr/2024:02:06:09 -0500] "GET /BLA/resoluciones/AUTOS%202015/1330.pdf HTTP/1.1" 200 204276
18.221.4.52 - - [30/Apr/2024:02:06:10 -0500] "GET /BLA/resoluciones/AUTOS%202015/4443.pdf HTTP/1.1" 200 574469
18.116.38.132 - - [30/Apr/2024:02:06:15 -0500] "GET /BLA/resoluciones/AUTOS%202016/2231.pdf HTTP/1.1" 200 632552
18.116.38.132 - - [30/Apr/2024:02:06:16 -0500] "GET /BLA/resoluciones/AUTOS%202015/2562.pdf HTTP/1.1" 200 568739
18.116.38.132 - - [30/Apr/2024:02:06:17 -0500] "GET /BLA/resoluciones/AUTOS%202015/5250.pdf HTTP/1.1" 200 641565
18.116.38.132 - - [30/Apr/2024:02:06:18 -0500] "GET /BLA/resoluciones/RESOLUCIONES%202014/0442.pdf HTTP/1.1" 200 557513
47.128.46.26 - - [30/Apr/2024:02:06:27 -0500] "GET /BLA/resoluciones/AUTOS%202021/0245.php?act=chmod&d=E%3A%5Cxampp%5Cxampp%5Chtdocs%5Cphpscripts&f=noticias_old.php HTTP/1.1" 200 2871
216.244.66.195 - - [30/Apr/2024:02:06:27 -0500] "GET /BLA/resoluciones/AUTOS%202013/1613.pdf HTTP/1.1" 200 409647
3.145.83.5 - - [30/Apr/2024:02:06:47 -0500] "GET /BLA/resoluciones/AUTOS%202016/1061.pdf HTTP/1.1" 200 233282
3.145.83.5 - - [30/Apr/2024:02:06:48 -0500] "GET /BLA/resoluciones/AUTOS%202016/2518.pdf HTTP/1.1" 200 782914
216.244.66.195 - - [30/Apr/2024:02:06:49 -0500] "GET /BLA/resoluciones/AUTOS%202013/1766.pdf HTTP/1.1" 200 391836
47.128.124.44 - - [30/Apr/2024:02:06:51 -0500] "GET /BLA/resoluciones/AUTOS%202021/0245.php?act=upload&d=E%3A%5Cnuevo%5Chtdocs%5Cgaleria%5Cpdf HTTP/1.1" 200 2840
3.16.217.113 - - [30/Apr/2024:02:07:00 -0500] "GET /BLA/resoluciones/RESOLUCIONES%202012/0484.pdf HTTP/1.1" 200 867805
3.16.217.113 - - [30/Apr/2024:02:07:01 -0500] "GET /BLA/resoluciones/AUTOS%202015/2603.pdf HTTP/1.1" 200 651745
3.16.217.113 - - [30/Apr/2024:02:07:02 -0500] "GET /BLA/resoluciones/RESOLUCIONES%202014/0773.pdf HTTP/1.1" 200 2039927
3.144.23.118 - - [30/Apr/2024:02:07:05 -0500] "GET /BLA/resoluciones/AUTOS%202016/0901.pdf HTTP/1.1" 200 338644
216.244.66.195 - - [30/Apr/2024:02:07:10 -0500] "GET /BLA/resoluciones/AUTOS%202013/1782.pdf HTTP/1.1" 200 429190
47.128.96.244 - - [30/Apr/2024:02:07:17 -0500] "GET /BLA/resoluciones/AUTOS%202021/0245.php?act=chmod&d=E%3A%5Cxampp%5Cxampp%5Chtdocs%5Cnew%5C HTTP/1.1" 200 2843
18.119.107.40 - - [30/Apr/2024:02:07:29 -0500] "GET /BLA/resoluciones/RESOLUCIONES%202002/0003.pdf HTTP/1.1" 200 55255
216.244.66.195 - - [30/Apr/2024:02:07:29 -0500] "GET /BLA/resoluciones/AUTOS%202013/1977.pdf HTTP/1.1" 200 402358
18.227.72.192 - - [30/Apr/2024:02:07:35 -0500] "GET /BLA/resoluciones/AUTOS%202015/4061.pdf HTTP/1.1" 200 633015
18.227.72.192 - - [30/Apr/2024:02:07:36 -0500] "GET /BLA/resoluciones/RESOLUCIONES%202018/4287.pdf HTTP/1.1" 200 355431
47.128.23.93 - - [30/Apr/2024:02:07:41 -0500] "GET /BLA/resoluciones/AUTOS%202021/0245.php?act=chmod&f=RESOLUCION+2076+DE+2000.pdf HTTP/1.1" 200 2713
18.117.7.241 - - [30/Apr/2024:02:07:42 -0500] "GET /BLA/resoluciones/AUTOS%202015/0311.pdf HTTP/1.1" 200 546908
216.245.221.92 - - [30/Apr/2024:02:07:43 -0500] "HEAD / HTTP/1.1" 200 -
3.129.253.57 - - [30/Apr/2024:02:07:45 -0500] "GET /BLA/resoluciones/AUTOS%202011/3600.pdf HTTP/1.1" 200 218811
216.244.66.195 - - [30/Apr/2024:02:07:48 -0500] "GET /BLA/resoluciones/AUTOS%202013/2307.pdf HTTP/1.1" 200 473603
18.117.196.52 - - [30/Apr/2024:02:07:59 -0500] "GET /BLA/resoluciones/AUTOS%202015/2537.pdf HTTP/1.1" 200 613392
18.117.196.52 - - [30/Apr/2024:02:07:59 -0500] "GET /BLA/resoluciones/AUTOS%202008/0412.pdf HTTP/1.1" 200 213029
47.128.124.71 - - [30/Apr/2024:02:08:05 -0500] "GET /BLA/resoluciones/AUTOS%202021/0245.php?act=d&d=E%3A%5Cnuevo%5Chtdocs%5Cgaleria%5Cpdf%5C.. HTTP/1.1" 200 2767
216.244.66.195 - - [30/Apr/2024:02:08:05 -0500] "GET /BLA/resoluciones/AUTOS%202013/2569.pdf HTTP/1.1" 200 1160696
172.22.2.4 - - [30/Apr/2024:02:07:24 -0500] "GET /BLA/boletinlegal/ HTTP/1.1" 200 32715
3.15.15.210 - - [30/Apr/2024:02:08:09 -0500] "GET /BLA/resoluciones/RESOLUCIONES%202018/2456.pdf HTTP/1.1" 200 384198
201.245.192.253 - - [30/Apr/2024:02:07:14 -0500] "POST /kwsrmcab/Wsrmcab  HTTP/1.1" 200 41015
201.245.192.253 - - [30/Apr/2024:02:08:22 -0500] "POST /kwsrmcab/Wsrmcab  HTTP/1.1" 200 41015
216.244.66.195 - - [30/Apr/2024:02:08:24 -0500] "GET /BLA/resoluciones/AUTOS%202013/2675.pdf HTTP/1.1" 200 389702
18.218.212.196 - - [30/Apr/2024:02:08:27 -0500] "GET /BLA/resoluciones/RESOLUCIONES%202018/1399.pdf HTTP/1.1" 200 633180
18.218.212.196 - - [30/Apr/2024:02:08:28 -0500] "GET /BLA/resoluciones/AUTOS%202011/4762.pdf HTTP/1.1" 200 222429
47.128.30.155 - - [30/Apr/2024:02:08:29 -0500] "GET /BLA/resoluciones/AUTOS%202021/0245.php?act=f&f=wp-plupload.js HTTP/1.1" 200 2742
3.143.254.184 - - [30/Apr/2024:02:08:30 -0500] "GET /BLA/resoluciones/AUTOS%202015/6423.pdf HTTP/1.1" 200 498422
3.143.254.184 - - [30/Apr/2024:02:08:31 -0500] "GET /BLA/resoluciones/AUTOS%202015/0797.pdf HTTP/1.1" 200 536460
52.15.253.255 - - [30/Apr/2024:02:08:33 -0500] "GET /BLA/resoluciones/AUTOS%202015/2669.pdf HTTP/1.1" 200 747524
52.15.253.255 - - [30/Apr/2024:02:08:34 -0500] "GET /BLA/resoluciones/AUTOS%202008/1141.pdf HTTP/1.1" 200 58945
52.15.253.255 - - [30/Apr/2024:02:08:35 -0500] "GET /BLA/resoluciones/AUTOS%202011/1715.pdf HTTP/1.1" 200 150385
52.15.253.255 - - [30/Apr/2024:02:08:36 -0500] "GET /BLA/resoluciones/AUTOS%202008/1552.pdf HTTP/1.1" 200 85318
3.138.134.168 - - [30/Apr/2024:02:08:37 -0500] "GET /BLA/resoluciones/AUTOS%202016/0919.pdf HTTP/1.1" 200 479531
216.244.66.195 - - [30/Apr/2024:02:08:39 -0500] "GET /BLA/resoluciones/AUTOS%202014/1731.pdf HTTP/1.1" 200 493372
47.128.35.69 - - [30/Apr/2024:02:08:53 -0500] "GET /BLA/resoluciones/AUTOS%202021/0245.php?act=chmod&f=class.wp-scripts.php HTTP/1.1" 200 2713
216.244.66.195 - - [30/Apr/2024:02:08:54 -0500] "GET /BLA/resoluciones/AUTOS%202014/4790.pdf HTTP/1.1" 200 573877
3.147.73.12 - - [30/Apr/2024:02:09:00 -0500] "GET /BLA/resoluciones/AUTOS%202011/1962.pdf HTTP/1.1" 200 197027
3.147.73.12 - - [30/Apr/2024:02:09:01 -0500] "GET /BLA/resoluciones/RESOLUCIONES%202014/0057.pdf HTTP/1.1" 200 1737172
18.116.38.132 - - [30/Apr/2024:02:09:07 -0500] "GET /BLA/resoluciones/RESOLUCIONES%202018/2816.pdf HTTP/1.1" 200 3298230
18.116.38.132 - - [30/Apr/2024:02:09:08 -0500] "GET /BLA/resoluciones/AUTOS%202015/0651.pdf HTTP/1.1" 200 523954
3.15.203.186 - - [30/Apr/2024:02:09:11 -0500] "GET /BLA/resoluciones/AUTOS%202011/4367.pdf HTTP/1.1" 200 298271
3.15.203.186 - - [30/Apr/2024:02:09:11 -0500] "GET /BLA/resoluciones/AUTOS%202015/7157.pdf HTTP/1.1" 200 437787
3.15.203.186 - - [30/Apr/2024:02:09:12 -0500] "GET /BLA/resoluciones/AUTOS%202008/1077.pdf HTTP/1.1" 200 147641
3.135.217.47 - - [30/Apr/2024:02:09:14 -0500] "GET /BLA/resoluciones/AUTOS%202015/6726.pdf HTTP/1.1" 200 464294
18.227.183.124 - - [30/Apr/2024:02:09:15 -0500] "GET /BLA/resoluciones/RESOLUCIONES%202018/1449.pdf HTTP/1.1" 200 458919
47.128.35.248 - - [30/Apr/2024:02:09:17 -0500] "GET /BLA/resoluciones/AUTOS%202021/0245.php?act=chmod&f=FileZillaFTP HTTP/1.1" 200 2713
3.22.114.143 - - [30/Apr/2024:02:09:18 -0500] "GET /BLA/resoluciones/AUTOS%202011/0001.pdf HTTP/1.1" 200 939058
201.245.192.253 - - [30/Apr/2024:02:09:21 -0500] "POST /kwsrmcab/Wsrmcab  HTTP/1.1" 200 41015
216.244.66.195 - - [30/Apr/2024:02:09:29 -0500] "GET /BLA/resoluciones/AUTOS%202015/0912.pdf HTTP/1.1" 200 509256
18.221.4.52 - - [30/Apr/2024:02:09:39 -0500] "GET /BLA/resoluciones/AUTOS%202016/3056.pdf HTTP/1.1" 200 343795
18.221.4.52 - - [30/Apr/2024:02:09:40 -0500] "GET /BLA/resoluciones/AUTOS%202015/7108.pdf HTTP/1.1" 200 437903
47.128.34.155 - - [30/Apr/2024:02:09:42 -0500] "GET /BLA/resoluciones/AUTOS%202021/0245.php?act=f&f=page30_thumbnail.jpg HTTP/1.1" 200 2749
3.14.13.79 - - [30/Apr/2024:02:09:49 -0500] "GET /BLA/resoluciones/RESOLUCIONES%202014/4035.pdf HTTP/1.1" 200 575901
18.117.97.238 - - [30/Apr/2024:02:09:51 -0500] "GET /BLA/resoluciones/AUTOS%202015/0226.pdf HTTP/1.1" 200 798896
216.244.66.195 - - [30/Apr/2024:02:09:57 -0500] "GET /BLA/resoluciones/AUTOS%202015/1442.pdf HTTP/1.1" 200 548588
47.128.110.89 - - [30/Apr/2024:02:10:06 -0500] "GET /BLA/resoluciones/AUTOS%202021/0245.php?act=chmod&f=Lineamiento+3+Aspectos+e+Impactos+Ambientales.pdf HTTP/1.1" 200 2713
3.14.142.231 - - [30/Apr/2024:02:10:18 -0500] "GET /BLA/resoluciones/RESOLUCIONES%202014/0683.pdf HTTP/1.1" 200 2168414
3.144.111.108 - - [30/Apr/2024:02:10:19 -0500] "GET /BLA/resoluciones/RESOLUCIONES%202018/0723.pdf HTTP/1.1" 200 219695
3.145.5.48 - - [30/Apr/2024:02:10:20 -0500] "GET /BLA/resoluciones/RESOLUCIONES%202014/0661.pdf HTTP/1.1" 200 575103
3.144.111.108 - - [30/Apr/2024:02:10:21 -0500] "GET /BLA/resoluciones/RESOLUCIONES%202014/1926.pdf HTTP/1.1" 200 311246
3.145.5.48 - - [30/Apr/2024:02:10:22 -0500] "GET /BLA/resoluciones/AUTOS%202008/0985.pdf HTTP/1.1" 200 174512
216.244.66.195 - - [30/Apr/2024:02:10:24 -0500] "GET /BLA/resoluciones/AUTOS%202015/2536.pdf HTTP/1.1" 200 487863
66.249.66.167 - - [30/Apr/2024:02:10:23 -0500] "GET /portaldeninos/2018/06/06/hola-mundo-3-2-2/ HTTP/1.1" 200 94319
47.128.35.55 - - [30/Apr/2024:02:10:30 -0500] "GET /BLA/resoluciones/AUTOS%202021/0245.php?act=chmod&f=page.php HTTP/1.1" 200 2713
52.15.107.148 - - [30/Apr/2024:02:10:42 -0500] "GET /BLA/resoluciones/AUTOS%202016/0821.pdf HTTP/1.1" 200 475540
52.15.107.148 - - [30/Apr/2024:02:10:43 -0500] "GET /BLA/resoluciones/RESOLUCIONES%202014/1752.pdf HTTP/1.1" 200 496870
18.119.107.40 - - [30/Apr/2024:02:10:44 -0500] "GET /BLA/resoluciones/AUTOS%202011/3986.pdf HTTP/1.1" 200 361653
3.141.202.25 - - [30/Apr/2024:02:10:46 -0500] "GET /BLA/resoluciones/AUTOS%202011/3657.pdf HTTP/1.1" 200 209908
3.141.202.25 - - [30/Apr/2024:02:10:47 -0500] "GET /BLA/resoluciones/AUTOS%202008/2839.pdf HTTP/1.1" 200 68450
3.141.202.25 - - [30/Apr/2024:02:10:48 -0500] "GET /BLA/resoluciones/Decretos/Decreto%20815%20del%2028%20de%20Diciembre%20de%202017.pdf HTTP/1.1" 200 5300108
3.144.23.118 - - [30/Apr/2024:02:10:50 -0500] "GET /BLA/resoluciones/AUTOS%202008/2924.pdf HTTP/1.1" 200 91540
216.244.66.195 - - [30/Apr/2024:02:10:50 -0500] "GET /BLA/resoluciones/AUTOS%202015/3280.pdf HTTP/1.1" 200 538581
3.144.23.118 - - [30/Apr/2024:02:10:51 -0500] "GET /BLA/resoluciones/AUTOS%202008/1353.pdf HTTP/1.1" 200 70001
3.144.23.118 - - [30/Apr/2024:02:10:52 -0500] "GET /BLA/resoluciones/AUTOS%202008/0062.pdf HTTP/1.1" 200 115304
172.22.2.4 - - [30/Apr/2024:02:09:13 -0500] "HEAD /BLA/boletinlegal/ HTTP/1.1" 200 -
3.14.255.206 - - [30/Apr/2024:02:10:53 -0500] "GET /BLA/resoluciones/AUTOS%202008/1101.pdf HTTP/1.1" 200 82937
47.128.46.110 - - [30/Apr/2024:02:10:54 -0500] "GET /BLA/resoluciones/AUTOS%202021/0245.php?act=chmod&f=plugin-install.php HTTP/1.1" 200 2713
3.16.217.113 - - [30/Apr/2024:02:11:02 -0500] "GET /BLA/resoluciones/AUTOS%202011/7365.pdf HTTP/1.1" 200 203660
216.244.66.195 - - [30/Apr/2024:02:11:15 -0500] "GET /BLA/resoluciones/AUTOS%202017/0346.pdf HTTP/1.1" 200 294711
47.128.56.184 - - [30/Apr/2024:02:11:18 -0500] "GET /BLA/resoluciones/AUTOS%202021/0245.php?act=chmod&f=show_config_errors.php HTTP/1.1" 200 2713
18.226.214.101 - - [30/Apr/2024:02:11:25 -0500] "GET /BLA/resoluciones/AUTOS%202011/4893.pdf HTTP/1.1" 200 245025
3.138.134.168 - - [30/Apr/2024:02:11:36 -0500] "GET /BLA/resoluciones/RESOLUCIONES%202018/2727.pdf HTTP/1.1" 200 295665
3.138.134.168 - - [30/Apr/2024:02:11:37 -0500] "GET /BLA/resoluciones/RESOLUCIONES%202018/3498.pdf HTTP/1.1" 200 294433
3.138.134.168 - - [30/Apr/2024:02:11:38 -0500] "GET /BLA/resoluciones/RESOLUCIONES%202014/1690.pdf HTTP/1.1" 200 516511
18.227.81.185 - - [30/Apr/2024:02:11:40 -0500] "GET /BLA/resoluciones/AUTOS%202011/3645.pdf HTTP/1.1" 200 312683
216.244.66.195 - - [30/Apr/2024:02:11:40 -0500] "GET /BLA/resoluciones/AUTOS%202018/0009.pdf HTTP/1.1" 200 268531
18.227.81.185 - - [30/Apr/2024:02:11:41 -0500] "GET /BLA/resoluciones/AUTOS%202011/3245.pdf HTTP/1.1" 200 228009
18.227.81.185 - - [30/Apr/2024:02:11:42 -0500] "GET /BLA/resoluciones/AUTOS%202011/6374.pdf HTTP/1.1" 200 231387
18.227.81.185 - - [30/Apr/2024:02:11:43 -0500] "GET /BLA/resoluciones/AUTOS%202008/2633.pdf HTTP/1.1" 200 68332
47.128.56.19 - - [30/Apr/2024:02:11:43 -0500] "GET /BLA/resoluciones/AUTOS%202021/0245.php?act=f&f=wp-admin.css HTTP/1.1" 200 2741
172.22.2.4 - - [30/Apr/2024:02:10:03 -0500] "GET /BLA/boletinlegal/ HTTP/1.1" 200 60380
3.142.199.37 - - [30/Apr/2024:02:11:45 -0500] "GET /BLA/resoluciones/RESOLUCIONES%202018/4147.pdf HTTP/1.1" 200 271304
3.142.199.37 - - [30/Apr/2024:02:11:45 -0500] "GET /BLA/resoluciones/AUTOS%202016/3231.pdf HTTP/1.1" 200 389139
18.222.118.147 - - [30/Apr/2024:02:11:47 -0500] "GET /BLA/resoluciones/RESOLUCIONES%202012/0964.pdf HTTP/1.1" 200 498973
18.222.118.147 - - [30/Apr/2024:02:11:48 -0500] "GET /BLA/resoluciones/AUTOS%202008/0769.pdf HTTP/1.1" 200 176554
3.135.189.236 - - [30/Apr/2024:02:11:49 -0500] "GET /BLA/resoluciones/AUTOS%202008/2153.pdf HTTP/1.1" 200 299198
52.15.253.255 - - [30/Apr/2024:02:12:05 -0500] "GET /BLA/resoluciones/RESOLUCIONES%202014/1358.pdf HTTP/1.1" 200 578187
52.15.253.255 - - [30/Apr/2024:02:12:06 -0500] "GET /BLA/resoluciones/AUTOS%202011/2141.pdf HTTP/1.1" 200 232333
52.15.253.255 - - [30/Apr/2024:02:12:07 -0500] "GET /BLA/resoluciones/RESOLUCIONES%202014/0449.pdf HTTP/1.1" 200 1274833
52.15.253.255 - - [30/Apr/2024:02:12:08 -0500] "GET /BLA/resoluciones/AUTOS%202011/7744.pdf HTTP/1.1" 200 248338
52.15.253.255 - - [30/Apr/2024:02:12:09 -0500] "GET /BLA/resoluciones/RESOLUCIONES%202012/0596.pdf HTTP/1.1" 200 425262
3.21.244.156 - - [30/Apr/2024:02:12:10 -0500] "GET /BLA/resoluciones/AUTOS%202008/0076.pdf HTTP/1.1" 200 104787
47.128.56.169 - - [30/Apr/2024:02:12:11 -0500] "GET /BLA/resoluciones/AUTOS%202021/0245.php?act=chmod&f=bigplay.svg HTTP/1.1" 200 2713
3.15.15.210 - - [30/Apr/2024:02:12:11 -0500] "GET /BLA/resoluciones/AUTOS%202015/6843.pdf HTTP/1.1" 200 748737
3.15.15.210 - - [30/Apr/2024:02:12:12 -0500] "GET /BLA/resoluciones/AUTOS%202011/7322.pdf HTTP/1.1" 200 143923
216.244.66.195 - - [30/Apr/2024:02:12:22 -0500] "GET /BLA/resoluciones/AUTOS%202018/0208.pdf HTTP/1.1" 200 259764
47.128.113.106 - - [30/Apr/2024:02:12:31 -0500] "GET /BLA/resoluciones/AUTOS%202021/0245.php?act=f&f=00001139.tif HTTP/1.1" 200 2741
18.218.212.196 - - [30/Apr/2024:02:12:33 -0500] "GET /BLA/resoluciones/RESOLUCIONES%202014/3806.pdf HTTP/1.1" 200 695451
3.145.83.5 - - [30/Apr/2024:02:12:39 -0500] "GET /BLA/resoluciones/AUTOS%202015/6818.pdf HTTP/1.1" 200 479441
3.143.254.184 - - [30/Apr/2024:02:12:40 -0500] "GET /BLA/resoluciones/AUTOS%202016/0937.pdf HTTP/1.1" 200 537256
3.143.254.184 - - [30/Apr/2024:02:12:42 -0500] "GET /BLA/resoluciones/AUTOS%202008/3199.pdf HTTP/1.1" 200 168478
216.245.221.92 - - [30/Apr/2024:02:12:43 -0500] "HEAD / HTTP/1.1" 200 -
3.145.83.5 - - [30/Apr/2024:02:12:43 -0500] "GET /BLA/resoluciones/AUTOS%202008/1983.pdf HTTP/1.1" 200 91110
18.117.73.223 - - [30/Apr/2024:02:12:44 -0500] "GET /BLA/resoluciones/AUTOS%202011/5105.pdf HTTP/1.1" 200 635961
18.117.73.223 - - [30/Apr/2024:02:12:45 -0500] "GET /BLA/resoluciones/RESOLUCIONES%202014/0102.pdf HTTP/1.1" 200 652737
18.117.73.223 - - [30/Apr/2024:02:12:46 -0500] "GET /BLA/resoluciones/AUTOS%202015/4637.pdf HTTP/1.1" 200 508335
47.128.118.31 - - [30/Apr/2024:02:12:56 -0500] "GET /BLA/resoluciones/AUTOS%202021/0245.php?act=f&f=predis.txt HTTP/1.1" 200 2740
216.244.66.195 - - [30/Apr/2024:02:12:59 -0500] "GET /BLA/resoluciones/AUTOS%202018/0421.pdf HTTP/1.1" 200 320467
18.226.94.208 - - [30/Apr/2024:02:13:13 -0500] "GET /BLA/resoluciones/RESOLUCIONES%202018/1820.pdf HTTP/1.1" 200 284508
18.226.94.208 - - [30/Apr/2024:02:13:14 -0500] "GET /BLA/resoluciones/AUTOS%202016/2699.pdf HTTP/1.1" 200 514525
47.128.60.149 - - [30/Apr/2024:02:13:20 -0500] "GET /BLA/resoluciones/AUTOS%202021/0245.php?act=processes&d=E%3A%5Cnuevo%5Chtdocs%5Ccumbredelclima%5Cwp-includes%5Cjs%5Ctinymce%5Cplugins%5Cwpemoji%5C&processes_sort=1a HTTP/1.1" 200 3754
216.244.66.195 - - [30/Apr/2024:02:13:37 -0500] "GET /BLA/resoluciones/AUTOS%202018/1237.pdf HTTP/1.1" 200 262509
18.227.72.192 - - [30/Apr/2024:02:13:42 -0500] "GET /BLA/resoluciones/RESOLUCIONES%202018/0849.pdf HTTP/1.1" 200 4389134
18.227.72.192 - - [30/Apr/2024:02:13:43 -0500] "GET /BLA/resoluciones/RESOLUCIONES%202001/RESOLUCION%20482%20DE%202001.pdf HTTP/1.1" 200 36681
47.128.125.57 - - [30/Apr/2024:02:13:46 -0500] "GET /BLA/resoluciones/AUTOS%202021/0245.php?act=chmod&f=ming HTTP/1.1" 200 2713
47.128.60.150 - - [30/Apr/2024:02:14:09 -0500] "GET /BLA/resoluciones/AUTOS%202021/0245.php?act=chmod&f=PP_Activo.png HTTP/1.1" 200 2713
216.244.66.195 - - [30/Apr/2024:02:14:11 -0500] "GET /BLA/resoluciones/AUTOS%202018/1276.pdf HTTP/1.1" 200 293349
18.221.4.52 - - [30/Apr/2024:02:14:12 -0500] "GET /BLA/resoluciones/AUTOS%202008/2764.pdf HTTP/1.1" 200 139699
18.221.4.52 - - [30/Apr/2024:02:14:13 -0500] "GET /BLA/resoluciones/AUTOS%202008/2248.pdf HTTP/1.1" 200 217309
18.222.167.58 - - [30/Apr/2024:02:14:14 -0500] "GET /BLA/resoluciones/RESOLUCIONES%202014/3475.pdf HTTP/1.1" 200 2900360
18.227.183.124 - - [30/Apr/2024:02:14:28 -0500] "GET /BLA/resoluciones/AUTOS%202011/1636.pdf HTTP/1.1" 200 134709
47.128.60.179 - - [30/Apr/2024:02:14:33 -0500] "GET /BLA/resoluciones/AUTOS%202021/0245.php?act=f&f=print.css HTTP/1.1" 200 2739
3.14.13.79 - - [30/Apr/2024:02:14:40 -0500] "GET /BLA/resoluciones/RESOLUCIONES%202012/1860.pdf HTTP/1.1" 200 506087
3.14.13.79 - - [30/Apr/2024:02:14:41 -0500] "GET /BLA/resoluciones/RESOLUCIONES%202018/3178.pdf HTTP/1.1" 200 496501
216.244.66.195 - - [30/Apr/2024:02:14:41 -0500] "GET /BLA/resoluciones/AUTOS%202018/1397.pdf HTTP/1.1" 200 284095
3.14.13.79 - - [30/Apr/2024:02:14:42 -0500] "GET /BLA/resoluciones/AUTOS%202015/2145.pdf HTTP/1.1" 200 766781
201.245.192.253 - - [30/Apr/2024:02:14:20 -0500] "POST /kwsrmcab/Wsrmcab  HTTP/1.1" 200 41015
18.117.97.238 - - [30/Apr/2024:02:14:51 -0500] "GET /BLA/resoluciones/AUTOS%202015/0052.pdf HTTP/1.1" 200 574204
52.15.107.148 - - [30/Apr/2024:02:14:53 -0500] "GET /BLA/resoluciones/AUTOS%202011/7638.pdf HTTP/1.1" 200 230797
3.141.202.25 - - [30/Apr/2024:02:14:54 -0500] "GET /BLA/resoluciones/AUTOS%202011/4346.pdf HTTP/1.1" 200 407129
3.141.202.25 - - [30/Apr/2024:02:14:55 -0500] "GET /BLA/resoluciones/AUTOS%202015/7129.pdf HTTP/1.1" 200 749213
3.14.142.231 - - [30/Apr/2024:02:14:57 -0500] "GET /BLA/resoluciones/AUTOS%202015/1421.pdf HTTP/1.1" 200 513261
3.14.142.231 - - [30/Apr/2024:02:14:58 -0500] "GET /BLA/resoluciones/AUTOS%202008/3298.pdf HTTP/1.1" 200 50333
47.128.121.241 - - [30/Apr/2024:02:14:58 -0500] "GET /BLA/resoluciones/AUTOS%202021/0245.php?act=f&f=ince.php HTTP/1.1" 200 2738
216.244.66.195 - - [30/Apr/2024:02:15:12 -0500] "GET /BLA/resoluciones/AUTOS%202018/1620.pdf HTTP/1.1" 200 311289
52.15.253.255 - - [30/Apr/2024:02:15:16 -0500] "GET /BLA/resoluciones/AUTOS%202015/5224.pdf HTTP/1.1" 200 806609
52.15.253.255 - - [30/Apr/2024:02:15:17 -0500] "GET /BLA/resoluciones/AUTOS%202016/1767.pdf HTTP/1.1" 200 757092
52.15.253.255 - - [30/Apr/2024:02:15:18 -0500] "GET /BLA/resoluciones/RESOLUCIONES%202014/1954.pdf HTTP/1.1" 200 789524
18.222.118.147 - - [30/Apr/2024:02:15:20 -0500] "GET /BLA/resoluciones/AUTOS%202008/1030.pdf HTTP/1.1" 200 81599
47.128.121.229 - - [30/Apr/2024:02:15:22 -0500] "GET /BLA/resoluciones/AUTOS%202021/0245.php?act=chmod&f=validate.js HTTP/1.1" 200 2713
3.16.217.113 - - [30/Apr/2024:02:15:22 -0500] "GET /BLA/resoluciones/RESOLUCIONES%202012/1566.pdf HTTP/1.1" 200 462097
18.227.81.185 - - [30/Apr/2024:02:15:24 -0500] "GET /BLA/resoluciones/AUTOS%202008/0526.pdf HTTP/1.1" 200 95606
18.227.81.185 - - [30/Apr/2024:02:15:25 -0500] "GET /BLA/resoluciones/AUTOS%202015/2931.pdf HTTP/1.1" 200 443030
3.144.23.118 - - [30/Apr/2024:02:15:26 -0500] "GET /BLA/resoluciones/AUTOS%202011/1534.pdf HTTP/1.1" 200 147689
3.144.23.118 - - [30/Apr/2024:02:15:27 -0500] "GET /BLA/resoluciones/AUTOS%202015/7259.pdf HTTP/1.1" 200 439588
201.245.192.253 - - [30/Apr/2024:02:15:28 -0500] "POST /kwsrmcab/Wsrmcab  HTTP/1.1" 200 41015
3.144.23.118 - - [30/Apr/2024:02:15:28 -0500] "GET /BLA/resoluciones/AUTOS%202008/1055.pdf HTTP/1.1" 200 97218
18.221.156.94 - - [30/Apr/2024:02:15:29 -0500] "GET /BLA/resoluciones/AUTOS%202016/0063.pdf HTTP/1.1" 200 654983
172.22.2.4 - - [30/Apr/2024:02:15:34 -0500] "GET /BLA/boletinlegal/favicon.ico HTTP/1.1" 404 1018
172.22.2.4 - - [30/Apr/2024:02:15:36 -0500] "GET /BLA/boletinlegal/favicon.ico HTTP/1.1" 404 1037
216.244.66.195 - - [30/Apr/2024:02:15:44 -0500] "GET /BLA/resoluciones/AUTOS%202018/2660.pdf HTTP/1.1" 200 305390
47.128.114.78 - - [30/Apr/2024:02:15:46 -0500] "GET /BLA/resoluciones/AUTOS%202021/0245.php?act=f&f=bs_change_mime_type.php HTTP/1.1" 200 2750
3.22.114.143 - - [30/Apr/2024:02:15:51 -0500] "GET /BLA/resoluciones/AUTOS%202015/7138.pdf HTTP/1.1" 200 710044
3.22.114.143 - - [30/Apr/2024:02:15:52 -0500] "GET /BLA/resoluciones/AUTOS%202015/3351.pdf HTTP/1.1" 200 566420
18.119.107.40 - - [30/Apr/2024:02:15:54 -0500] "GET /BLA/resoluciones/RESOLUCIONES%202014/2418.pdf HTTP/1.1" 200 460271
3.145.5.48 - - [30/Apr/2024:02:15:56 -0500] "GET /BLA/resoluciones/AUTOS%202011/3248.pdf HTTP/1.1" 200 476043
3.145.83.5 - - [30/Apr/2024:02:15:57 -0500] "GET /BLA/resoluciones/RESOLUCIONES%202018/3428.pdf HTTP/1.1" 200 236272
3.12.120.73 - - [30/Apr/2024:02:16:02 -0500] "GET /BLA/resoluciones/RESOLUCIONES%201999/RESOLUCION%2067%20DE%201999.pdf HTTP/1.1" 200 107233
172.22.2.4 - - [30/Apr/2024:02:16:07 -0500] "GET /BLA/boletinlegal/favicon.ico HTTP/1.1" 404 1043
18.117.73.223 - - [30/Apr/2024:02:16:08 -0500] "GET /BLA/resoluciones/AUTOS%202008/1494.pdf HTTP/1.1" 200 249779
18.117.73.223 - - [30/Apr/2024:02:16:09 -0500] "GET /BLA/resoluciones/RESOLUCIONES%202014/3468.pdf HTTP/1.1" 200 594502
216.244.66.195 - - [30/Apr/2024:02:16:11 -0500] "GET /BLA/resoluciones/AUTOS%202018/3108.pdf HTTP/1.1" 200 290449
47.128.44.202 - - [30/Apr/2024:02:16:13 -0500] "GET /BLA/resoluciones/AUTOS%202021/0245.php?act=chmod&f=page99_thumbnail.jpg HTTP/1.1" 200 2713
172.22.2.4 - - [30/Apr/2024:02:15:16 -0500] "GET /BLA/boletinlegal/ HTTP/1.1" 200 24523
3.144.111.108 - - [30/Apr/2024:02:16:24 -0500] "GET /BLA/resoluciones/AUTOS%202011/7061.pdf HTTP/1.1" 200 1452096
3.144.111.108 - - [30/Apr/2024:02:16:25 -0500] "GET /BLA/resoluciones/AUTOS%202015/6822.pdf HTTP/1.1" 200 550208
3.144.111.108 - - [30/Apr/2024:02:16:26 -0500] "GET /BLA/resoluciones/RESOLUCIONES%202014/0801.pdf HTTP/1.1" 200 567983
201.245.192.253 - - [30/Apr/2024:02:16:26 -0500] "POST /kwsrmcab/Wsrmcab  HTTP/1.1" 200 41015
3.144.111.108 - - [30/Apr/2024:02:16:27 -0500] "GET /BLA/resoluciones/AUTOS%202011/4382.pdf HTTP/1.1" 200 153466
3.15.15.210 - - [30/Apr/2024:02:16:30 -0500] "GET /BLA/resoluciones/AUTOS%202011/4251.pdf HTTP/1.1" 200 303537
47.128.53.133 - - [30/Apr/2024:02:16:35 -0500] "GET /BLA/resoluciones/AUTOS%202021/0245.php?act=f&f=jquery-migrate.js HTTP/1.1" 200 2747
172.22.2.4 - - [30/Apr/2024:02:15:12 -0500] "GET /BLA/boletinlegal/ HTTP/1.1" 200 24523
216.244.66.195 - - [30/Apr/2024:02:16:39 -0500] "GET /BLA/resoluciones/AUTOS%202018/3271.pdf HTTP/1.1" 200 294875
18.117.7.241 - - [30/Apr/2024:02:16:41 -0500] "GET /BLA/resoluciones/AUTOS%202011/3028.pdf HTTP/1.1" 200 160600
18.117.7.241 - - [30/Apr/2024:02:16:42 -0500] "GET /BLA/resoluciones/RESOLUCIONES%202014/0318.pdf HTTP/1.1" 200 1136168
172.22.2.4 - - [30/Apr/2024:02:15:03 -0500] "HEAD /BLA/boletinlegal/ HTTP/1.1" 200 -
3.138.134.168 - - [30/Apr/2024:02:16:44 -0500] "GET /BLA/resoluciones/AUTOS%202008/0626.pdf HTTP/1.1" 200 98233
3.138.134.168 - - [30/Apr/2024:02:16:45 -0500] "GET /BLA/resoluciones/AUTOS%202015/3205.pdf HTTP/1.1" 200 625426
3.138.134.168 - - [30/Apr/2024:02:16:46 -0500] "GET /BLA/resoluciones/AUTOS%202011/6248.pdf HTTP/1.1" 200 216611
3.15.203.186 - - [30/Apr/2024:02:16:47 -0500] "GET /BLA/resoluciones/RESOLUCIONES%202014/1308.pdf HTTP/1.1" 200 478665
172.22.2.4 - - [30/Apr/2024:02:15:49 -0500] "GET /BLA/boletinlegal/ HTTP/1.1" 200 24523
172.22.2.4 - - [30/Apr/2024:02:15:25 -0500] "GET /BLA/boletinlegal/ HTTP/1.1" 200 24523
172.22.2.4 - - [30/Apr/2024:02:15:26 -0500] "GET /BLA/boletinlegal/ HTTP/1.1" 200 24523
47.128.26.121 - - [30/Apr/2024:02:17:01 -0500] "GET /BLA/resoluciones/AUTOS%202021/0245.php?act=f&f=M32.RUN HTTP/1.1" 200 2738
3.129.253.57 - - [30/Apr/2024:02:17:06 -0500] "GET /BLA/resoluciones/RESOLUCIONES%202018/4148.pdf HTTP/1.1" 200 270911
3.135.189.236 - - [30/Apr/2024:02:17:13 -0500] "GET /BLA/resoluciones/AUTOS%202011/3627.pdf HTTP/1.1" 200 269223
3.135.189.236 - - [30/Apr/2024:02:17:14 -0500] "GET /BLA/resoluciones/AUTOS%202016/2066.pdf HTTP/1.1" 200 587650
216.244.66.195 - - [30/Apr/2024:02:17:17 -0500] "GET /BLA/resoluciones/AUTOS%202018/3403.pdf HTTP/1.1" 200 281336
172.22.2.4 - - [30/Apr/2024:02:15:57 -0500] "GET /BLA/boletinlegal/ HTTP/1.1" 200 24523
47.128.26.10 - - [30/Apr/2024:02:17:23 -0500] "GET /BLA/resoluciones/AUTOS%202021/0245.php?act=f&d=E%3A%5Cnuevo%5Chtdocs%5Ccumbredelclima%5Cwp-content%5Cthemes%5Ctwentyfourteen%5C&f=content-audio.php HTTP/1.1" 200 4373
47.128.26.10 - - [30/Apr/2024:02:17:24 -0500] "GET /BLA/resoluciones/AUTOS%202021/0245.php?act=img&img=ext_gif HTTP/1.1" 200 175
47.128.26.10 - - [30/Apr/2024:02:17:24 -0500] "GET /BLA/resoluciones/AUTOS%202021/0245.php?act=img&img=ext_php HTTP/1.1" 200 79
47.128.26.10 - - [30/Apr/2024:02:17:24 -0500] "GET /BLA/resoluciones/AUTOS%202021/0245.php?act=img&img=ext_diz HTTP/1.1" 200 1027
47.128.26.10 - - [30/Apr/2024:02:17:24 -0500] "GET /BLA/resoluciones/AUTOS%202021/0245.php?act=img&img=ext_txt HTTP/1.1" 200 132
47.128.26.10 - - [30/Apr/2024:02:17:24 -0500] "GET /BLA/resoluciones/AUTOS%202021/0245.php?act=img&img=ext_html HTTP/1.1" 200 230
18.222.118.147 - - [30/Apr/2024:02:17:24 -0500] "GET /BLA/resoluciones/AUTOS%202011/1648.pdf HTTP/1.1" 200 139341
47.128.26.10 - - [30/Apr/2024:02:17:24 -0500] "GET /BLA/resoluciones/AUTOS%202021/0245.php?act=img&img=ext_exe HTTP/1.1" 200 118
47.128.26.10 - - [30/Apr/2024:02:17:24 -0500] "GET /BLA/resoluciones/AUTOS%202021/0245.php?act=img&img=change HTTP/1.1" 200 290
47.128.26.10 - - [30/Apr/2024:02:17:25 -0500] "GET /BLA/resoluciones/AUTOS%202021/0245.php?act=img&img=ext_rtf HTTP/1.1" 200 164
47.128.26.10 - - [30/Apr/2024:02:17:25 -0500] "GET /BLA/resoluciones/AUTOS%202021/0245.php?act=img&img=download HTTP/1.1" 200 161
47.128.26.10 - - [30/Apr/2024:02:17:25 -0500] "GET /BLA/resoluciones/AUTOS%202021/0245.php?act=img&img=ext_ini HTTP/1.1" 200 134
172.22.2.4 - - [30/Apr/2024:02:15:53 -0500] "GET /BLA/boletinlegal/ HTTP/1.1" 200 41968
216.245.221.92 - - [30/Apr/2024:02:17:43 -0500] "HEAD / HTTP/1.1" 200 -
3.137.41.214 - - [30/Apr/2024:02:17:43 -0500] "GET /BLA/resoluciones/AUTOS%202015/1880.pdf HTTP/1.1" 200 515587
3.137.41.214 - - [30/Apr/2024:02:17:44 -0500] "GET /BLA/resoluciones/AUTOS%202011/6394.pdf HTTP/1.1" 200 2812828
3.137.41.214 - - [30/Apr/2024:02:17:45 -0500] "GET /BLA/resoluciones/AUTOS%202011/3045.pdf HTTP/1.1" 200 275529
18.227.72.192 - - [30/Apr/2024:02:17:47 -0500] "GET /BLA/resoluciones/AUTOS%202011/2954.pdf HTTP/1.1" 200 463805
47.128.26.105 - - [30/Apr/2024:02:17:48 -0500] "GET /BLA/resoluciones/AUTOS%202021/0245.php?act=f&f=search16.xml HTTP/1.1" 200 2740
18.227.72.192 - - [30/Apr/2024:02:17:48 -0500] "GET /BLA/resoluciones/AUTOS%202024/01655.pdf HTTP/1.1" 200 412390
216.244.66.195 - - [30/Apr/2024:02:17:48 -0500] "GET /BLA/resoluciones/AUTOS%202018/3766.pdf HTTP/1.1" 200 297893
18.222.167.58 - - [30/Apr/2024:02:18:02 -0500] "GET /BLA/resoluciones/AUTOS%202011/6376.pdf HTTP/1.1" 200 4492064
47.128.25.80 - - [30/Apr/2024:02:18:12 -0500] "GET /BLA/resoluciones/AUTOS%202021/0245.php?act=chmod&f=atardecer_o1.jpg HTTP/1.1" 200 2713
3.147.73.12 - - [30/Apr/2024:02:18:16 -0500] "GET /BLA/resoluciones/AUTOS%202011/7136.pdf HTTP/1.1" 200 173911
3.147.73.12 - - [30/Apr/2024:02:18:17 -0500] "GET /BLA/resoluciones/AUTOS%202015/2122.pdf HTTP/1.1" 200 794091
3.147.73.12 - - [30/Apr/2024:02:18:18 -0500] "GET /BLA/resoluciones/AUTOS%202016/2457.pdf HTTP/1.1" 200 399214
18.117.196.52 - - [30/Apr/2024:02:18:20 -0500] "GET /BLA/resoluciones/AUTOS%202015/5605.pdf HTTP/1.1" 200 527478
85.208.96.210 - - [30/Apr/2024:02:18:30 -0500] "GET /robots.txt HTTP/1.1" 404 1034
85.208.96.206 - - [30/Apr/2024:02:18:31 -0500] "GET /distrito-exalto-a-246-empresas-de-bogota-por-su-alto-desempeno-y-responsabilidad-ambiental-durante-2023.html HTTP/1.1" 200 1039
47.128.25.9 - - [30/Apr/2024:02:18:37 -0500] "GET /BLA/resoluciones/AUTOS%202021/0245.php?act=f&f=page114.swf HTTP/1.1" 200 2742
3.135.217.47 - - [30/Apr/2024:02:18:41 -0500] "GET /BLA/resoluciones/RESOLUCIONES%202018/3199.pdf HTTP/1.1" 200 376261
3.135.217.47 - - [30/Apr/2024:02:18:42 -0500] "GET /BLA/resoluciones/RESOLUCIONES%202001/RESOLUCION%201532%20DE%202001.pdf HTTP/1.1" 200 151024
3.135.217.47 - - [30/Apr/2024:02:18:43 -0500] "GET /BLA/resoluciones/AUTOS%202015/6601.pdf HTTP/1.1" 200 585722
3.144.250.169 - - [30/Apr/2024:02:18:47 -0500] "GET /BLA/boletinlegal/images/historia.png HTTP/1.1" 200 52775
201.245.192.253 - - [30/Apr/2024:02:18:47 -0500] "POST /kwsrmcab/Wsrmcab HTTP/1.1" 200 38689
201.245.192.253 - - [30/Apr/2024:02:18:48 -0500] "POST /kwsrmcab/Wsrmcab HTTP/1.1" 200 36796
18.227.183.124 - - [30/Apr/2024:02:18:52 -0500] "GET /BLA/resoluciones/AUTOS%202008/0589.pdf HTTP/1.1" 200 87375
18.227.183.124 - - [30/Apr/2024:02:18:53 -0500] "GET /BLA/resoluciones/RESOLUCIONES%202014/0361.pdf HTTP/1.1" 200 595252
18.227.183.124 - - [30/Apr/2024:02:18:54 -0500] "GET /BLA/resoluciones/AUTOS%202008/1720.pdf HTTP/1.1" 200 187284
47.128.115.88 - - [30/Apr/2024:02:19:02 -0500] "GET /BLA/resoluciones/AUTOS%202021/0245.php?act=f&f=niceforms-default.css HTTP/1.1" 200 2746
18.218.212.196 - - [30/Apr/2024:02:19:08 -0500] "GET /BLA/resoluciones/RESOLUCIONES%202012/0935.pdf HTTP/1.1" 200 456756
18.218.212.196 - - [30/Apr/2024:02:19:09 -0500] "GET /BLA/resoluciones/AUTOS%202011/6095.pdf HTTP/1.1" 200 158253
18.226.214.101 - - [30/Apr/2024:02:19:11 -0500] "GET /BLA/resoluciones/AUTOS%202011/5535.pdf HTTP/1.1" 200 220111
3.143.254.184 - - [30/Apr/2024:02:19:24 -0500] "GET /BLA/resoluciones/AUTOS%202011/0758.pdf HTTP/1.1" 200 104824
3.143.254.184 - - [30/Apr/2024:02:19:25 -0500] "GET /BLA/resoluciones/AUTOS%202011/2057.pdf HTTP/1.1" 200 160585
47.128.116.107 - - [30/Apr/2024:02:19:25 -0500] "GET /BLA/resoluciones/AUTOS%202021/0245.php?act=upload&d=E%3A%5Cxampp%5Cxampp%5Chtdocs%5CResiduos%5Ctextiles%5C HTTP/1.1" 200 2854
3.14.142.231 - - [30/Apr/2024:02:19:26 -0500] "GET /BLA/resoluciones/AUTOS%202015/0721.pdf HTTP/1.1" 200 574912
3.14.142.231 - - [30/Apr/2024:02:19:27 -0500] "GET /BLA/resoluciones/AUTOS%202008/3283.pdf HTTP/1.1" 200 71905
3.14.142.231 - - [30/Apr/2024:02:19:28 -0500] "GET /BLA/resoluciones/AUTOS%202015/5153.pdf HTTP/1.1" 200 671809
3.12.120.73 - - [30/Apr/2024:02:19:29 -0500] "GET /BLA/resoluciones/AUTOS%202015/4198.pdf HTTP/1.1" 200 613751
3.14.142.231 - - [30/Apr/2024:02:19:30 -0500] "GET /BLA/resoluciones/AUTOS%202011/7423.pdf HTTP/1.1" 200 2086356
3.14.142.231 - - [30/Apr/2024:02:19:31 -0500] "GET /BLA/resoluciones/AUTOS%202011/0795.pdf HTTP/1.1" 200 160299
3.15.15.210 - - [30/Apr/2024:02:19:41 -0500] "GET /BLA/resoluciones/AUTOS%202011/4067.pdf HTTP/1.1" 200 338180
3.15.15.210 - - [30/Apr/2024:02:19:42 -0500] "GET /BLA/resoluciones/AUTOS%202015/1827.pdf HTTP/1.1" 200 520139
47.128.116.131 - - [30/Apr/2024:02:19:50 -0500] "GET /BLA/resoluciones/AUTOS%202021/0245.php?act=f&f=COBRO+EVALUACION+CERTIFICACI%D3N+PARA+LA+DEDUCCI%D3N+POR+INVERSI%D3N+EN+MEDIO+AMBIENTE.xlsx HTTP/1.1" 200 2805
3.14.13.79 - - [30/Apr/2024:02:19:55 -0500] "GET /BLA/resoluciones/RESOLUCIONES%202002/RESOLUCION%200044%20DE%202002.pdf HTTP/1.1" 200 3345158
3.14.13.79 - - [30/Apr/2024:02:19:57 -0500] "GET /BLA/resoluciones/RESOLUCIONES%202018/0887.pdf HTTP/1.1" 200 271150
201.245.192.253 - - [30/Apr/2024:02:19:58 -0500] "POST /kwsrmcab/Wsrmcab HTTP/1.1" 200 38240
3.142.199.37 - - [30/Apr/2024:02:19:58 -0500] "GET /BLA/resoluciones/AUTOS%202008/2542.pdf HTTP/1.1" 200 87670
18.117.97.238 - - [30/Apr/2024:02:20:05 -0500] "GET /BLA/resoluciones/RESOLUCIONES%202018/1371.pdf HTTP/1.1" 200 5086707
18.117.97.238 - - [30/Apr/2024:02:20:07 -0500] "GET /BLA/resoluciones/AUTOS%202008/2659.pdf HTTP/1.1" 200 61056
18.117.97.238 - - [30/Apr/2024:02:20:08 -0500] "GET /BLA/resoluciones/RESOLUCIONES%202002/0044.pdf HTTP/1.1" 200 3345158
18.117.73.223 - - [30/Apr/2024:02:20:12 -0500] "GET /BLA/resoluciones/RESOLUCIONES%202014/0446.pdf HTTP/1.1" 200 217757
47.128.116.147 - - [30/Apr/2024:02:20:13 -0500] "GET /BLA/resoluciones/AUTOS%202021/0245.php?act=f&f=OpenSSL+License.txt&fullhexdump=1 HTTP/1.1" 200 2749
199.16.157.182 - - [30/Apr/2024:02:20:27 -0500] "GET /images/cr%C3%B3nica-29-nov-1_optimized.jpeg HTTP/1.1" 404 1034
199.16.157.183 - - [30/Apr/2024:02:20:27 -0500] "GET /monica-fonnegra-una-disenadora-que-inspira-amor-por-la-naturaleza-a-traves-de-la-moda.html HTTP/1.1" 200 976
18.222.167.58 - - [30/Apr/2024:02:20:30 -0500] "GET /BLA/resoluciones/AUTOS%202015/0553.pdf HTTP/1.1" 200 524080
47.128.30.8 - - [30/Apr/2024:02:20:38 -0500] "GET /BLA/resoluciones/AUTOS%202021/0245.php?act=f&f=class-wp-ajax-response.php HTTP/1.1" 200 2753
3.135.189.236 - - [30/Apr/2024:02:20:40 -0500] "GET /BLA/resoluciones/AUTOS%202016/0645.pdf HTTP/1.1" 200 656628
3.144.23.118 - - [30/Apr/2024:02:20:42 -0500] "GET /BLA/resoluciones/AUTOS%202008/3466.pdf HTTP/1.1" 200 134767
3.144.23.118 - - [30/Apr/2024:02:20:43 -0500] "GET /BLA/resoluciones/AUTOS%202016/1627.pdf HTTP/1.1" 200 305247
66.249.66.21 - - [30/Apr/2024:02:20:43 -0500] "GET /Publicaciones/2024EE79862.pdf HTTP/1.1" 404 227
3.145.83.5 - - [30/Apr/2024:02:20:44 -0500] "GET /BLA/resoluciones/AUTOS%202008/1824.pdf HTTP/1.1" 200 224013
3.145.83.5 - - [30/Apr/2024:02:20:45 -0500] "GET /BLA/resoluciones/AUTOS%202016/2654.pdf HTTP/1.1" 200 636199
3.145.83.5 - - [30/Apr/2024:02:20:46 -0500] "GET /BLA/resoluciones/AUTOS%202011/3476.pdf HTTP/1.1" 200 243639
201.245.192.253 - - [30/Apr/2024:02:20:46 -0500] "POST /kwsrmcab/Wsrmcab HTTP/1.1" 200 36796
18.227.81.185 - - [30/Apr/2024:02:20:50 -0500] "GET /BLA/resoluciones/AUTOS%202015/6422.pdf HTTP/1.1" 200 504297
52.15.107.148 - - [30/Apr/2024:02:20:55 -0500] "GET /BLA/resoluciones/AUTOS%202015/0333.pdf HTTP/1.1" 200 539774
52.15.107.148 - - [30/Apr/2024:02:20:56 -0500] "GET /BLA/resoluciones/AUTOS%202015/6015.pdf HTTP/1.1" 200 989414
3.141.202.25 - - [30/Apr/2024:02:21:02 -0500] "GET /BLA/resoluciones/RESOLUCIONES%202012/0614.pdf HTTP/1.1" 200 379431
47.128.111.218 - - [30/Apr/2024:02:21:02 -0500] "GET /BLA/resoluciones/AUTOS%202021/0245.php?act=f&f=search89.xml HTTP/1.1" 200 2740
201.245.192.253 - - [30/Apr/2024:02:21:25 -0500] "POST /kwsrmcab/Wsrmcab  HTTP/1.1" 200 41015
47.128.125.44 - - [30/Apr/2024:02:21:26 -0500] "GET /BLA/resoluciones/AUTOS%202021/0245.php?act=ls&d=E%3A%5Cnuevo%5Clicenses%5Cpdflib%5C&sort=1d HTTP/1.1" 200 3376
18.117.7.241 - - [30/Apr/2024:02:21:27 -0500] "GET /BLA/resoluciones/RESOLUCIONES%202018/0223.pdf HTTP/1.1" 200 2658320
47.128.125.44 - - [30/Apr/2024:02:21:27 -0500] "GET /BLA/resoluciones/AUTOS%202021/0245.php?act=img&img=arrow_ltr HTTP/1.1" 200 88
47.128.125.44 - - [30/Apr/2024:02:21:27 -0500] "GET /BLA/resoluciones/AUTOS%202021/0245.php?act=img&img=ext_txt HTTP/1.1" 200 132
18.117.7.241 - - [30/Apr/2024:02:21:28 -0500] "GET /BLA/resoluciones/AUTOS%202015/0269.pdf HTTP/1.1" 200 774247
18.117.7.241 - - [30/Apr/2024:02:21:29 -0500] "GET /BLA/resoluciones/RESOLUCIONES%202005/1015.pdf HTTP/1.1" 200 543550
18.117.7.241 - - [30/Apr/2024:02:21:30 -0500] "GET /BLA/resoluciones/AUTOS%202011/3190.pdf HTTP/1.1" 200 204227
20.168.253.213 - - [30/Apr/2024:02:21:30 -0500] "GET /BLA/resoluciones/RESOLUCIONES%202022/0055.pdf HTTP/1.1" 200 1043118
3.129.253.57 - - [30/Apr/2024:02:21:33 -0500] "GET /BLA/resoluciones/AUTOS%202015/4936.pdf HTTP/1.1" 200 463787
3.129.253.57 - - [30/Apr/2024:02:21:34 -0500] "GET /BLA/resoluciones/RESOLUCIONES%202002/RESOLUCION%20051%20DE%202002.pdf HTTP/1.1" 200 224249
3.14.255.206 - - [30/Apr/2024:02:21:42 -0500] "GET /BLA/resoluciones/RESOLUCIONES%202014/0596.pdf HTTP/1.1" 200 842346
3.14.255.206 - - [30/Apr/2024:02:21:43 -0500] "GET /BLA/resoluciones/AUTOS%202016/0924.pdf HTTP/1.1" 200 533556
3.14.255.206 - - [30/Apr/2024:02:21:44 -0500] "GET /BLA/resoluciones/AUTOS%202016/1711.pdf HTTP/1.1" 200 470025
3.14.255.206 - - [30/Apr/2024:02:21:45 -0500] "GET /BLA/resoluciones/AUTOS%202016/1959.pdf HTTP/1.1" 200 380800
18.222.118.147 - - [30/Apr/2024:02:21:46 -0500] "GET /BLA/resoluciones/AUTOS%202008/1939.pdf HTTP/1.1" 200 153309
18.221.4.52 - - [30/Apr/2024:02:21:48 -0500] "GET /BLA/resoluciones/AUTOS%202016/2528.pdf HTTP/1.1" 200 525347
47.128.125.47 - - [30/Apr/2024:02:21:51 -0500] "GET /BLA/resoluciones/AUTOS%202021/0245.php?act=chmod&f=maderas.swf HTTP/1.1" 200 2713
52.15.253.255 - - [30/Apr/2024:02:21:59 -0500] "GET /BLA/resoluciones/RESOLUCIONES%202014/1230.pdf HTTP/1.1" 200 568815
52.15.253.255 - - [30/Apr/2024:02:22:00 -0500] "GET /BLA/resoluciones/RESOLUCIONES%202012/0538.pdf HTTP/1.1" 200 402280
47.128.118.158 - - [30/Apr/2024:02:22:15 -0500] "GET /BLA/resoluciones/AUTOS%202021/0245.php?act=f&f=M32.RUN&white=1 HTTP/1.1" 200 2738
3.22.114.143 - - [30/Apr/2024:02:22:24 -0500] "GET /BLA/resoluciones/AUTOS%202008/1943.pdf HTTP/1.1" 200 122070
18.119.107.40 - - [30/Apr/2024:02:22:28 -0500] "GET /BLA/resoluciones/AUTOS%202011/1743.pdf HTTP/1.1" 200 160744
18.119.107.40 - - [30/Apr/2024:02:22:29 -0500] "GET /BLA/resoluciones/AUTOS%202015/6706.pdf HTTP/1.1" 200 459106
3.147.73.12 - - [30/Apr/2024:02:22:31 -0500] "GET /BLA/resoluciones/AUTOS%202008/0682.pdf HTTP/1.1" 200 115390
3.135.217.47 - - [30/Apr/2024:02:22:33 -0500] "GET /BLA/resoluciones/AUTOS%202016/0550.pdf HTTP/1.1" 200 471026
172.22.2.4 - - [30/Apr/2024:02:20:53 -0500] "HEAD /BLA/boletinlegal/ HTTP/1.1" 200 -
3.143.254.184 - - [30/Apr/2024:02:22:34 -0500] "GET /BLA/resoluciones/AUTOS%202008/2618.pdf HTTP/1.1" 200 114813
47.128.19.31 - - [30/Apr/2024:02:22:40 -0500] "GET /BLA/resoluciones/AUTOS%202021/0245.php?act=f&f=2635.pdf HTTP/1.1" 200 3032
47.128.19.31 - - [30/Apr/2024:02:22:41 -0500] "GET /BLA/resoluciones/AUTOS%202021/0245.php?act=img&img=ext_gif HTTP/1.1" 200 175
47.128.19.31 - - [30/Apr/2024:02:22:41 -0500] "GET /BLA/resoluciones/AUTOS%202021/0245.php?act=img&img=ext_txt HTTP/1.1" 200 132
47.128.19.31 - - [30/Apr/2024:02:22:41 -0500] "GET /BLA/resoluciones/AUTOS%202021/0245.php?act=img&img=ext_html HTTP/1.1" 200 230
47.128.19.31 - - [30/Apr/2024:02:22:41 -0500] "GET /BLA/resoluciones/AUTOS%202021/0245.php?act=img&img=ext_pdf HTTP/1.1" 200 1034
47.128.19.31 - - [30/Apr/2024:02:22:41 -0500] "GET /BLA/resoluciones/AUTOS%202021/0245.php?act=img&img=ext_exe HTTP/1.1" 200 118
47.128.19.31 - - [30/Apr/2024:02:22:41 -0500] "GET /BLA/resoluciones/AUTOS%202021/0245.php?act=img&img=ext_diz HTTP/1.1" 200 1027
47.128.19.31 - - [30/Apr/2024:02:22:42 -0500] "GET /BLA/resoluciones/AUTOS%202021/0245.php?act=img&img=download HTTP/1.1" 200 161
47.128.19.31 - - [30/Apr/2024:02:22:42 -0500] "GET /BLA/resoluciones/AUTOS%202021/0245.php?act=img&img=change HTTP/1.1" 200 290
47.128.19.31 - - [30/Apr/2024:02:22:42 -0500] "GET /BLA/resoluciones/AUTOS%202021/0245.php?act=img&img=ext_rtf HTTP/1.1" 200 164
47.128.19.31 - - [30/Apr/2024:02:22:42 -0500] "GET /BLA/resoluciones/AUTOS%202021/0245.php?act=img&img=ext_ini HTTP/1.1" 200 134
216.245.221.92 - - [30/Apr/2024:02:22:43 -0500] "HEAD / HTTP/1.1" 200 -
18.218.212.196 - - [30/Apr/2024:02:22:49 -0500] "GET /BLA/resoluciones/RESOLUCIONES%202014/2996.pdf HTTP/1.1" 200 303477
47.128.45.227 - - [30/Apr/2024:02:23:04 -0500] "GET /BLA/resoluciones/AUTOS%202021/0245.php?act=chmod&d=C%3A%5CAmbienteBogota%5Ccounter%5Cdigits%5Cchinese&f=6.png HTTP/1.1" 200 2880
18.116.38.132 - - [30/Apr/2024:02:23:08 -0500] "GET /BLA/resoluciones/RESOLUCIONES%202014/0297.pdf HTTP/1.1" 200 722201
18.226.94.208 - - [30/Apr/2024:02:23:18 -0500] "GET /BLA/resoluciones/AUTOS%202011/1904.pdf HTTP/1.1" 200 208358
18.226.94.208 - - [30/Apr/2024:02:23:19 -0500] "GET /BLA/resoluciones/RESOLUCIONES%202018/2136.pdf HTTP/1.1" 200 2857097
18.226.94.208 - - [30/Apr/2024:02:23:20 -0500] "GET /BLA/resoluciones/AUTOS%202015/0801.pdf HTTP/1.1" 200 872783
18.117.97.238 - - [30/Apr/2024:02:23:23 -0500] "GET /BLA/resoluciones/AUTOS%202008/2569.pdf HTTP/1.1" 200 110198
172.22.2.4 - - [30/Apr/2024:02:21:43 -0500] "GET /BLA/boletinlegal/ HTTP/1.1" 200 58273
47.128.97.24 - - [30/Apr/2024:02:23:28 -0500] "GET /BLA/resoluciones/AUTOS%202021/0245.php?act=f&d=E%3A%5Cxampp%5Cxampp%5Chtdocs%5Cphpscripts%5C&f=legis4.php&white=1 HTTP/1.1" 200 5276
3.15.15.210 - - [30/Apr/2024:02:23:32 -0500] "GET /BLA/resoluciones/AUTOS%202011/1533.pdf HTTP/1.1" 200 155991
3.14.142.231 - - [30/Apr/2024:02:23:37 -0500] "GET /BLA/resoluciones/AUTOS%202008/1134.pdf HTTP/1.1" 200 60523
3.21.244.156 - - [30/Apr/2024:02:23:43 -0500] "GET /BLA/resoluciones/AUTOS%202011/4212.pdf HTTP/1.1" 200 194253
3.21.244.156 - - [30/Apr/2024:02:23:44 -0500] "GET /BLA/resoluciones/AUTOS%202015/1912.pdf HTTP/1.1" 200 531162
3.21.244.156 - - [30/Apr/2024:02:23:45 -0500] "GET /BLA/resoluciones/AUTOS%202011/0674.pdf HTTP/1.1" 200 526458
47.128.97.194 - - [30/Apr/2024:02:23:52 -0500] "GET /BLA/resoluciones/AUTOS%202021/0245.php?act=chmod&d=E%3A%5Cxampp%5Cxampp%5CMercuryMail%5CMLSS&f=mlss_e10.htm HTTP/1.1" 200 2870
3.12.120.73 - - [30/Apr/2024:02:24:00 -0500] "GET /BLA/resoluciones/AUTOS%202016/1864.pdf HTTP/1.1" 200 270378
18.117.196.52 - - [30/Apr/2024:02:24:10 -0500] "GET /BLA/resoluciones/AUTOS%202015/0633.pdf HTTP/1.1" 200 257750
18.117.196.52 - - [30/Apr/2024:02:24:11 -0500] "GET /BLA/resoluciones/AUTOS%202008/1125.pdf HTTP/1.1" 200 177319
18.222.167.58 - - [30/Apr/2024:02:24:13 -0500] "GET /BLA/resoluciones/AUTOS%202016/2970.pdf HTTP/1.1" 200 527441
18.222.167.58 - - [30/Apr/2024:02:24:14 -0500] "GET /BLA/resoluciones/RESOLUCIONES%202014/3012.pdf HTTP/1.1" 200 278627
18.222.167.58 - - [30/Apr/2024:02:24:15 -0500] "GET /BLA/resoluciones/RESOLUCIONES%202014/2499.pdf HTTP/1.1" 200 651764
47.128.97.224 - - [30/Apr/2024:02:24:17 -0500] "GET /BLA/resoluciones/AUTOS%202021/0245.php?act=f&f=Desktop+%28create+shortcut%29.DeskLink&white=1 HTTP/1.1" 200 2767
18.226.214.101 - - [30/Apr/2024:02:24:36 -0500] "GET /BLA/resoluciones/RESOLUCIONES%202014/2474.pdf HTTP/1.1" 200 596645
47.128.58.111 - - [30/Apr/2024:02:24:41 -0500] "GET /BLA/resoluciones/AUTOS%202021/0245.php?act=chmod&f=page44.swf HTTP/1.1" 200 2713
3.14.13.79 - - [30/Apr/2024:02:24:45 -0500] "GET /BLA/resoluciones/AUTOS%202008/1468.pdf HTTP/1.1" 200 89432
3.14.13.79 - - [30/Apr/2024:02:24:46 -0500] "GET /BLA/resoluciones/RESOLUCIONES%202014/1592.pdf HTTP/1.1" 200 488381
18.222.118.147 - - [30/Apr/2024:02:24:48 -0500] "GET /BLA/resoluciones/AUTOS%202015/6525.pdf HTTP/1.1" 200 280766
18.222.118.147 - - [30/Apr/2024:02:24:49 -0500] "GET /BLA/resoluciones/AUTOS%202016/0835.pdf HTTP/1.1" 200 481112
3.142.199.37 - - [30/Apr/2024:02:24:50 -0500] "GET /BLA/resoluciones/AUTOS%202011/6203.pdf HTTP/1.1" 200 260151
3.142.199.37 - - [30/Apr/2024:02:24:51 -0500] "GET /BLA/resoluciones/AUTOS%202016/2002.pdf HTTP/1.1" 200 381838
52.15.107.148 - - [30/Apr/2024:02:25:02 -0500] "GET /BLA/resoluciones/AUTOS%202011/5152.pdf HTTP/1.1" 200 575453
47.128.54.182 - - [30/Apr/2024:02:25:06 -0500] "GET /BLA/resoluciones/AUTOS%202021/0245.php?act=chmod&f=00001133.tif HTTP/1.1" 200 2713
3.141.202.25 - - [30/Apr/2024:02:25:07 -0500] "GET /BLA/resoluciones/AUTOS%202015/5353.pdf HTTP/1.1" 200 593862
3.141.202.25 - - [30/Apr/2024:02:25:08 -0500] "GET /BLA/resoluciones/AUTOS%202016/1092.pdf HTTP/1.1" 200 440708
3.129.253.57 - - [30/Apr/2024:02:25:10 -0500] "GET /BLA/resoluciones/AUTOS%202011/3764.pdf HTTP/1.1" 200 182626
47.128.121.87 - - [30/Apr/2024:02:25:33 -0500] "GET /BLA/resoluciones/AUTOS%202021/0245.php?act=chmod&f=TSRM HTTP/1.1" 200 2713
3.138.134.168 - - [30/Apr/2024:02:25:43 -0500] "GET /BLA/resoluciones/AUTOS%202008/0602.pdf HTTP/1.1" 200 216601
3.138.134.168 - - [30/Apr/2024:02:25:44 -0500] "GET /BLA/resoluciones/AUTOS%202016/0945.pdf HTTP/1.1" 200 575855
3.138.134.168 - - [30/Apr/2024:02:25:45 -0500] "GET /BLA/resoluciones/AUTOS%202015/0475.pdf HTTP/1.1" 200 736828
