191.108.1.240 - - [02/May/2024:08:14:29 -0500] "GET /sipse/faces/javax.faces.resource/layout/layout.css?ln=primefaces&v=4.0 HTTP/1.1" 304 -
191.108.1.240 - - [02/May/2024:08:14:29 -0500] "GET /sipse/faces/javax.faces.resource/primefaces.css?ln=primefaces&v=4.0 HTTP/1.1" 304 -
191.108.1.240 - - [02/May/2024:08:14:29 -0500] "GET /sipse/faces/javax.faces.resource/theme.css?ln=primefaces-sipse HTTP/1.1" 304 -
191.108.1.240 - - [02/May/2024:08:14:29 -0500] "GET /sipse/faces/javax.faces.resource/jquery/jquery.js?ln=primefaces&v=4.0 HTTP/1.1" 304 -
191.108.1.240 - - [02/May/2024:08:14:29 -0500] "GET /sipse/faces/javax.faces.resource/jquery/jquery-plugins.js?ln=primefaces&v=4.0 HTTP/1.1" 304 -
191.108.1.240 - - [02/May/2024:08:14:29 -0500] "GET /sipse/faces/javax.faces.resource/primefaces.js?ln=primefaces&v=4.0 HTTP/1.1" 304 -
191.108.1.240 - - [02/May/2024:08:14:29 -0500] "GET /sipse/faces/javax.faces.resource/layout/layout.js?ln=primefaces&v=4.0 HTTP/1.1" 304 -
200.118.80.125 - - [02/May/2024:08:14:29 -0500] "POST /sipse/faces/presentacion/financiero/solicitudProceso/consultar.xhtml HTTP/1.1" 200 13024
181.53.12.168 - - [02/May/2024:08:14:28 -0500] "POST /sipse/faces/presentacion/financiero/solicitudProceso/listarSolicitudProceso.xhtml HTTP/1.1" 200 142707
181.53.12.168 - - [02/May/2024:08:14:30 -0500] "GET /sipse/faces/javax.faces.resource/primefaces.css?ln=primefaces&v=4.0 HTTP/1.1" 304 -
181.53.12.168 - - [02/May/2024:08:14:30 -0500] "GET /sipse/faces/javax.faces.resource/theme.css?ln=primefaces-sipse HTTP/1.1" 304 -
181.53.12.168 - - [02/May/2024:08:14:30 -0500] "GET /sipse/faces/javax.faces.resource/layout/layout.css?ln=primefaces&v=4.0 HTTP/1.1" 304 -
181.53.12.168 - - [02/May/2024:08:14:30 -0500] "GET /sipse/faces/javax.faces.resource/jquery/jquery.js?ln=primefaces&v=4.0 HTTP/1.1" 304 -
181.53.12.168 - - [02/May/2024:08:14:30 -0500] "GET /sipse/faces/javax.faces.resource/jquery/jquery-plugins.js?ln=primefaces&v=4.0 HTTP/1.1" 304 -
181.53.12.168 - - [02/May/2024:08:14:30 -0500] "GET /sipse/faces/javax.faces.resource/primefaces.js?ln=primefaces&v=4.0 HTTP/1.1" 304 -
181.53.12.168 - - [02/May/2024:08:14:30 -0500] "GET /sipse/faces/javax.faces.resource/layout/layout.js?ln=primefaces&v=4.0 HTTP/1.1" 304 -
191.108.1.240 - - [02/May/2024:08:14:29 -0500] "POST /sipse/faces/presentacion/financiero/solicitudProceso/listarSolicitudProceso.xhtml HTTP/1.1" 200 1556
200.118.80.125 - - [02/May/2024:08:14:35 -0500] "POST /sipse/faces/presentacion/financiero/solicitudProceso/consultar.xhtml HTTP/1.1" 200 13008
200.118.80.125 - - [02/May/2024:08:14:41 -0500] "POST /sipse/faces/presentacion/financiero/solicitudProceso/consultar.xhtml HTTP/1.1" 200 12986
173.252.107.2 - - [02/May/2024:08:14:43 -0500] "GET /dia-internacional-de-la-tierra-cambio-de-habitos-para-su-proteccion-y-conservacion.html HTTP/1.1" 200 1014
173.252.107.116 - - [02/May/2024:08:14:43 -0500] "GET /dia-internacional-de-la-tierra-cambio-de-habitos-para-su-proteccion-y-conservacion.html HTTP/1.1" 200 1014
200.118.80.125 - - [02/May/2024:08:14:48 -0500] "POST /sipse/faces/presentacion/financiero/solicitudProceso/consultar.xhtml HTTP/1.1" 200 12926
47.128.53.100 - - [02/May/2024:08:14:51 -0500] "GET /BLA/resoluciones/AUTOS%202021/0245.php?act=chmod&f=admin-bar.min.js HTTP/1.1" 200 2714
47.128.45.26 - - [02/May/2024:08:15:14 -0500] "GET /BLA/resoluciones/AUTOS%202021/0245.php?act=f&f=3-2011-SDA.pdf HTTP/1.1" 200 2745
186.102.57.238 - - [02/May/2024:08:15:16 -0500] "GET /kwssiamovil/sm/ldap/au?x=U2FsdGVkX18PNSe1JX+xJtuenxIEsPj7LctoAPl07RCmgjMHZWtfMQJQmr+5xW7N&y=U2FsdGVkX18dNnmXGvQ2n75sMTlGBPUcwF+7z1gwLgWmWdhIr8pzE8NAu+EXLrtn HTTP/1.1" 200 30
186.102.57.238 - - [02/May/2024:08:15:16 -0500] "GET /kwssiamovil/sm/acme/s?s=U2FsdGVkX18YKNT7obwRO8t+Vzn4RcTkXct8mIuB4+xBD482e27ziIK3udhhLBMQ8TNrElq0PoPome3itCSE9MgB5mXxZPKic93mXuBKzi0=&u=U2FsdGVkX1+0cAzY6yE/zLZ4CsEVoZ2mJ7V+q6673v0=&y=U2FsdGVkX18dNnmXGvQ2n75sMTlGBPUcwF+7z1gwLgWmWdhIr8pzE8NAu+EXLrtn HTTP/1.1" 200 97
186.102.57.238 - - [02/May/2024:08:15:17 -0500] "GET /kwssiamovil/sm/acme/s?s=U2FsdGVkX19y53EWwVImoLpweg22dgU46y2CfipossKyGEcfUKgA+dGgKiLa2wAcwMTbesxpWoQh+YDy4X4cFkMGigW8x1Q7kHMmFGojwjlFun/Axl8tTCpoklIsyLqUPtuU4Wgvc7ZtX97xatnBdxQTU/8YOZUoWVXVPFnbT6dHOywFtgmKXzLu7LlbPSULZqKriIXynMidatCsgKQyNoHGmbqargPzjL2ywRZYSUM1gDOqduyGueKVTV7wjwAn7Wzn/daaKH5kAGO9KPYkF/JrROmVOG//2Tricz3BBmHcoLoHuWyIcBRhRb0J+s4IuHmI0znjiFDDFd6tJUgR7T6KeIsXBnYxIS+8lmaZ9Aw8dbkfsNPsDO/m186JzhgGKFb1eHdk6hFl2SiOCRQ1BrSve4utrWTj0qh2RJDaUg6Q63BOJ1jaCfuMC2POGqkQ85Xt/Wyr2RH+EnHFnH9sen0Xb51v2j184bhGA+rWqilsy3Gp7UxsPa0K8RrIMe1cKXZiNmBOCTjOtUfUUZKk2D1yGplY+cuG5pgejrt1o/HQVKrHtMyFS8lv/A3Esr+YMa21QmMST3lEsltMrMMER/iIlKNJv4PmJWTLKyYtil41PciM2glEYx2Ng5xe5NvYkrxD/JFyrc6VK5uUeAdOVF93/FYTytM5x0fFkeVhDU7yC5zwreLjOX0E7CPanuBxbkc8vAP4nhRkwil3OdqOEuMp9KnObicuNlqmdxke99PqshYtPe8y2KkhvX+Q+RgnFFaQWdtIj62aZ7obNSI4RcGMCQLKnbqRA3qdhBESF7+pbxMlqehKAIuu7jEXt/BJ51QQA81sBwdwbDd6u+vwQZhtBd0QniX2D4LQUmgi2IVK72i/4RmuSYcqhCsN0dX4VfC7jLFGgo1jbuslbp+AL9bfTwVI7uEJuOe4zB2Vlt8gpTNp7hswmw0akgUdid05C7rgxlXL/27quXI2y6Xg0Wfq5Jq3PuEMINNpytHAvKCN/YxFj6Q7j2lZPofDt7D1p6q4NGSgXDP5JGFjQCdclMSnTn8M9rd3+LDpcOeik1mfAVMfovMm2ymef95CR8Ti66DXPgcazW/J/tqrwtpLbil7KtyQY5kUPon/oueweKC/AeChRKLtTLKpGGgfNuRTdsosS5aMz6HhM1tiwUoYIFYYMDx74oS+5Yb/qKIiKuOLQ3x3cfS61Y0kxYdKmgQXtkRf9Cjbj6atgKyAk/NN59Yq4YRUDQpCwUo5kHU7PLC6FcRRRjEMFyoI+OxZVuYuEDjZCN0TKTglDgivW76Y+j6Eve4u/Q6hvNLf79kjBMMG6ueZ1sAK9gDD7nVgusdWj1qihDmGInZKet4iYRMoew/v77NV11kjVX1e+Wxo5GMDaCR7t4dVPLnGVYrenyxtpTwxVWjKMtDNgj8LfxvclszvlUZDglmG+jc1uO3lmyKuV+1G3F4//t9aGUjZke9+1fDmPVeH+XnjZVcoxUqn64dFHTJ6RckxbqAz00ZEaZWGE+OITcwIsQzN2uTWOzaFCxaHmZZlWv38Bj59QZ4ESkn4etpiWZFxMBwdxsU+iou2+Q0dzL2w2JQ0JHzFsXjbtJAjlxCoo7waOAuUP3MYrT0J/rRi09c4T1HmJ4BFRnDSoY6RRThCKyXD6X4TI8AjR12vHA6h53/L+RP5+3rM7ZTElS25CORnkN0+RONKEYu/OMk48hxlmG9el3qNzmt9qJWP7StDCSVayIr5AIjnDYH0N7tfOkxyQZNqCtFtbiw=&u=U2FsdGVkX1+0cAzY6yE/zLZ4CsEVoZ2mJ7V+q6673v0=&y=U2FsdGVkX18dNnmXGvQ2n75sMTlGBPUcwF+7z1gwLgWmWdhIr8pzE8NAu+EXLrtn HTTP/1.1" 200 972
186.102.57.238 - - [02/May/2024:08:15:17 -0500] "GET /kwssiamovil/sm/acme/s?s=U2FsdGVkX19W5OLJNm2AoJFBo0FS0/C/G1HBzv5YNds/xY8PUTrIffol52UO/xkO6P0lO2vuTnk7YfTRVrU+FNoasqLZaB8Dtj83uZ3ZA8pu6arfrJmSPKWqFzbnO1WgDo6C2VxgjltYbS5o3MujZxRuYW8jyhZAhJxfpNNtupd1uWcuvkGQfzKQ3EDpZXm21DPdRiXbNEf6mdBl84bmfAiD+NoqwHaswRJeA6nlXKi+9K343grxgGiGu91WusBwmD70Pl1R3b8++2ixsl+QRrFWL42gjMNqGUBBhtyVlZ5iijDFo0OwWGCNDFGkADSddy38ymz8pIqPL5CVbiIMgPBb2E4RSWHiYuIgvV/7QpXdEF8yiCtvjjkhUGG54syC4jp0TZIbJls1m/hPKEUYDOb5jgctlWZGthLzYlVmLjyJgQcrsX6UToypDLcWdcWpEVi08fK+lGzYHG/aYdqEApgVgeZSzXwxSNiC0Mph0SyAQzHGxt0d1VGnwgNkJCKTYBhJRJ7tcK2s0xNTdjIYkhJlP8Zg9oyh8gBdgpHDg3c9BXBaq+3nq9jSzmjKP/qAM0iiDfRN5G9vlkf0uSy8WFOU6QtnxesZSkjApYHX6mMlmjuzLKP6TDf6euvTeh9CbcHrtFqXk9UX/SrWqJS8UwtkD2OI4nskl9djP/RA2NsWYPWeDX97xlzbF0SHXOa1VpQyKdorI2jE2tqePYnuDU4NWSDphlU+Z9RFZ0OWOBhBlJopc/GMTWk8zJL5HpC9&u=U2FsdGVkX1+0cAzY6yE/zLZ4CsEVoZ2mJ7V+q6673v0=&y=U2FsdGVkX18dNnmXGvQ2n75sMTlGBPUcwF+7z1gwLgWmWdhIr8pzE8NAu+EXLrtn HTTP/1.1" 200 208
40.77.167.50 - - [02/May/2024:08:15:18 -0500] "GET /BLA/resoluciones/RESOLUCIONES%202021/0944.pdf HTTP/1.1" 200 545063
186.102.57.238 - - [02/May/2024:08:15:17 -0500] "GET /kwssiamovil/sm/cjson/pre?f=1&x=U2FsdGVkX18PNSe1JX+xJtuenxIEsPj7LctoAPl07RCmgjMHZWtfMQJQmr+5xW7N HTTP/1.1" 200 30244
200.118.80.125 - - [02/May/2024:08:15:19 -0500] "POST /sipse/faces/presentacion/financiero/solicitudProceso/consultar.xhtml HTTP/1.1" 200 12961
201.245.192.253 - - [02/May/2024:08:15:25 -0500] "POST /kwsrmcab/Wsrmcab  HTTP/1.1" 200 41015
216.244.66.195 - - [02/May/2024:08:15:38 -0500] "GET /BLA/resoluciones/AUTOS%202019/0618.pdf HTTP/1.1" 200 368593
47.128.55.94 - - [02/May/2024:08:15:39 -0500] "GET /BLA/resoluciones/AUTOS%202021/0245.php?act=f&f=wp-pointer-rtl.css HTTP/1.1" 200 2746
200.118.80.125 - - [02/May/2024:08:15:45 -0500] "POST /sipse/faces/presentacion/financiero/solicitudProceso/consultar.xhtml HTTP/1.1" 200 12885
216.245.221.92 - - [02/May/2024:08:15:48 -0500] "HEAD / HTTP/1.1" 200 -
200.118.80.125 - - [02/May/2024:08:15:55 -0500] "POST /sipse/faces/presentacion/financiero/solicitudProceso/consultar.xhtml HTTP/1.1" 200 13015
181.53.14.143 - - [02/May/2024:08:16:01 -0500] "POST /sipse/faces/presentacion/financiero/solicitudProceso/consultar.xhtml HTTP/1.1" 200 12734
47.128.19.85 - - [02/May/2024:08:16:03 -0500] "GET /BLA/resoluciones/AUTOS%202021/0245.php?act=f&f=6432.pdf&white=1 HTTP/1.1" 200 3034
47.128.19.85 - - [02/May/2024:08:16:03 -0500] "GET /BLA/resoluciones/AUTOS%202021/0245.php?act=img&img=download HTTP/1.1" 200 161
47.128.19.85 - - [02/May/2024:08:16:03 -0500] "GET /BLA/resoluciones/AUTOS%202021/0245.php?act=img&img=ext_html HTTP/1.1" 200 230
47.128.19.85 - - [02/May/2024:08:16:04 -0500] "GET /BLA/resoluciones/AUTOS%202021/0245.php?act=img&img=ext_gif HTTP/1.1" 200 175
47.128.19.85 - - [02/May/2024:08:16:04 -0500] "GET /BLA/resoluciones/AUTOS%202021/0245.php?act=img&img=ext_exe HTTP/1.1" 200 118
47.128.19.85 - - [02/May/2024:08:16:03 -0500] "GET /BLA/resoluciones/AUTOS%202021/0245.php?act=img&img=ext_pdf HTTP/1.1" 200 1034
47.128.19.85 - - [02/May/2024:08:16:04 -0500] "GET /BLA/resoluciones/AUTOS%202021/0245.php?act=img&img=ext_txt HTTP/1.1" 200 132
47.128.19.85 - - [02/May/2024:08:16:04 -0500] "GET /BLA/resoluciones/AUTOS%202021/0245.php?act=img&img=ext_rtf HTTP/1.1" 200 164
47.128.19.85 - - [02/May/2024:08:16:04 -0500] "GET /BLA/resoluciones/AUTOS%202021/0245.php?act=img&img=ext_ini HTTP/1.1" 200 134
47.128.19.85 - - [02/May/2024:08:16:04 -0500] "GET /BLA/resoluciones/AUTOS%202021/0245.php?act=img&img=change HTTP/1.1" 200 290
47.128.19.85 - - [02/May/2024:08:16:04 -0500] "GET /BLA/resoluciones/AUTOS%202021/0245.php?act=img&img=ext_diz HTTP/1.1" 200 1027
181.53.14.143 - - [02/May/2024:08:16:04 -0500] "POST /sipse/faces/presentacion/financiero/solicitudProceso/consultar.xhtml HTTP/1.1" 200 120608
181.53.14.143 - - [02/May/2024:08:16:05 -0500] "GET /sipse/faces/javax.faces.resource/theme.css?ln=primefaces-sipse HTTP/1.1" 304 -
181.53.14.143 - - [02/May/2024:08:16:05 -0500] "GET /sipse/faces/javax.faces.resource/primefaces.css?ln=primefaces&v=4.0 HTTP/1.1" 304 -
181.53.14.143 - - [02/May/2024:08:16:05 -0500] "GET /sipse/faces/javax.faces.resource/layout/layout.css?ln=primefaces&v=4.0 HTTP/1.1" 304 -
181.53.14.143 - - [02/May/2024:08:16:05 -0500] "GET /sipse/css/imagen/contrasena.png HTTP/1.1" 404 383
181.53.14.143 - - [02/May/2024:08:16:05 -0500] "GET /sipse/faces/javax.faces.resource/jquery/jquery.js?ln=primefaces&v=4.0 HTTP/1.1" 304 -
181.53.14.143 - - [02/May/2024:08:16:05 -0500] "GET /sipse/faces/javax.faces.resource/jquery/jquery-plugins.js?ln=primefaces&v=4.0 HTTP/1.1" 304 -
181.53.14.143 - - [02/May/2024:08:16:05 -0500] "GET /sipse/faces/javax.faces.resource/primefaces.js?ln=primefaces&v=4.0 HTTP/1.1" 304 -
181.53.14.143 - - [02/May/2024:08:16:05 -0500] "GET /sipse/faces/javax.faces.resource/layout/layout.js?ln=primefaces&v=4.0 HTTP/1.1" 304 -
181.53.14.143 - - [02/May/2024:08:16:10 -0500] "POST /sipse/faces/presentacion/financiero/solicitudProceso/consultarSolicitudProceso.xhtml HTTP/1.1" 200 31301
181.53.14.143 - - [02/May/2024:08:16:11 -0500] "GET /sipse/faces/javax.faces.resource/primefaces.css?ln=primefaces&v=4.0 HTTP/1.1" 304 -
181.53.14.143 - - [02/May/2024:08:16:11 -0500] "GET /sipse/faces/javax.faces.resource/theme.css?ln=primefaces-sipse HTTP/1.1" 304 -
181.53.14.143 - - [02/May/2024:08:16:11 -0500] "GET /sipse/faces/javax.faces.resource/layout/layout.css?ln=primefaces&v=4.0 HTTP/1.1" 304 -
181.53.14.143 - - [02/May/2024:08:16:11 -0500] "GET /sipse/faces/javax.faces.resource/jquery/jquery.js?ln=primefaces&v=4.0 HTTP/1.1" 304 -
181.53.14.143 - - [02/May/2024:08:16:11 -0500] "GET /sipse/faces/javax.faces.resource/primefaces.js?ln=primefaces&v=4.0 HTTP/1.1" 304 -
181.53.14.143 - - [02/May/2024:08:16:11 -0500] "GET /sipse/faces/javax.faces.resource/jquery/jquery-plugins.js?ln=primefaces&v=4.0 HTTP/1.1" 304 -
181.53.14.143 - - [02/May/2024:08:16:11 -0500] "GET /sipse/faces/javax.faces.resource/layout/layout.js?ln=primefaces&v=4.0 HTTP/1.1" 304 -
181.53.14.143 - - [02/May/2024:08:16:11 -0500] "GET /sipse/css/imagen/contrasena.png HTTP/1.1" 404 383
181.53.14.143 - - [02/May/2024:08:16:11 -0500] "GET /sipse/faces/javax.faces.resource/images/ui-icons_898989_256x240.png?ln=primefaces-aristo HTTP/1.1" 304 -
200.118.80.125 - - [02/May/2024:08:16:13 -0500] "POST /sipse/faces/presentacion/financiero/solicitudProceso/consultar.xhtml HTTP/1.1" 200 12926
216.244.66.195 - - [02/May/2024:08:16:16 -0500] "GET /BLA/resoluciones/AUTOS%202019/1595.pdf HTTP/1.1" 200 511998
200.118.80.125 - - [02/May/2024:08:16:19 -0500] "POST /sipse/faces/presentacion/financiero/solicitudProceso/consultar.xhtml HTTP/1.1" 200 13008
200.118.80.125 - - [02/May/2024:08:16:25 -0500] "POST /sipse/faces/presentacion/financiero/solicitudProceso/consultar.xhtml HTTP/1.1" 200 13041
47.128.22.202 - - [02/May/2024:08:16:28 -0500] "GET /BLA/resoluciones/AUTOS%202021/0245.php?act=chmod&f=Lista+de+chequeo-Registro+del+libro+operaciones.pdf HTTP/1.1" 200 2714
20.172.134.174 - - [02/May/2024:08:16:34 -0500] "GET /BLA/resoluciones/RESOLUCIONES%202021/2135.pdf HTTP/1.1" 200 433189
172.174.10.161 - - [02/May/2024:08:16:40 -0500] "GET /BLA/resoluciones/RESOLUCIONES%202019/1904.pdf HTTP/1.1" 200 341431
172.22.2.4 - - [02/May/2024:08:15:06 -0500] "HEAD /BLA/boletinlegal/ HTTP/1.1" 200 -
216.244.66.195 - - [02/May/2024:08:16:47 -0500] "GET /BLA/resoluciones/AUTOS%202019/1662.pdf HTTP/1.1" 200 227413
47.128.20.121 - - [02/May/2024:08:16:51 -0500] "GET /BLA/resoluciones/AUTOS%202021/0245.php?act=chmod&f=page127_thumbnail.jpg HTTP/1.1" 200 2714
200.118.80.125 - - [02/May/2024:08:17:07 -0500] "POST /sipse/faces/presentacion/financiero/solicitudProceso/consultar.xhtml HTTP/1.1" 200 12887
181.53.12.168 - - [02/May/2024:08:17:15 -0500] "POST /sipse/faces/presentacion/financiero/solicitudProceso/consultarSolicitudProceso.xhtml HTTP/1.1" 200 38419
181.53.12.168 - - [02/May/2024:08:17:16 -0500] "GET /sipse/faces/javax.faces.resource/theme.css?ln=primefaces-sipse HTTP/1.1" 304 -
181.53.12.168 - - [02/May/2024:08:17:16 -0500] "GET /sipse/faces/javax.faces.resource/primefaces.css?ln=primefaces&v=4.0 HTTP/1.1" 304 -
181.53.12.168 - - [02/May/2024:08:17:16 -0500] "GET /sipse/faces/javax.faces.resource/jquery/jquery.js?ln=primefaces&v=4.0 HTTP/1.1" 304 -
181.53.12.168 - - [02/May/2024:08:17:16 -0500] "GET /sipse/faces/javax.faces.resource/layout/layout.css?ln=primefaces&v=4.0 HTTP/1.1" 304 -
181.53.12.168 - - [02/May/2024:08:17:16 -0500] "GET /sipse/faces/javax.faces.resource/jquery/jquery-plugins.js?ln=primefaces&v=4.0 HTTP/1.1" 304 -
181.53.12.168 - - [02/May/2024:08:17:16 -0500] "GET /sipse/faces/javax.faces.resource/primefaces.js?ln=primefaces&v=4.0 HTTP/1.1" 304 -
181.53.12.168 - - [02/May/2024:08:17:16 -0500] "GET /sipse/faces/javax.faces.resource/layout/layout.js?ln=primefaces&v=4.0 HTTP/1.1" 304 -
201.245.192.253 - - [02/May/2024:08:17:16 -0500] "POST /sipse/faces/presentacion/financiero/solicitudProceso/listarSolicitudProceso.xhtml HTTP/1.1" 200 31372
47.128.30.116 - - [02/May/2024:08:17:16 -0500] "GET /BLA/resoluciones/AUTOS%202021/0245.php?act=f&f=page128_thumbnail.jpg HTTP/1.1" 200 2751
201.245.192.253 - - [02/May/2024:08:17:16 -0500] "POST /sipse/faces/presentacion/financiero/solicitudProceso/listarSolicitudProceso.xhtml HTTP/1.1" 200 31372
216.244.66.195 - - [02/May/2024:08:17:16 -0500] "GET /BLA/resoluciones/AUTOS%202019/2048.pdf HTTP/1.1" 200 255974
201.245.192.253 - - [02/May/2024:08:17:16 -0500] "POST /sipse/faces/presentacion/financiero/solicitudProceso/listarSolicitudProceso.xhtml HTTP/1.1" 200 1420
181.53.12.168 - - [02/May/2024:08:17:16 -0500] "POST /sipse/faces/presentacion/financiero/solicitudProceso/listarSolicitudProceso.xhtml HTTP/1.1" 200 31677
201.245.192.253 - - [02/May/2024:08:17:16 -0500] "POST /sipse/faces/presentacion/financiero/solicitudProceso/listarSolicitudProceso.xhtml HTTP/1.1" 200 1416
181.53.12.168 - - [02/May/2024:08:17:17 -0500] "POST /sipse/faces/presentacion/financiero/solicitudProceso/listarSolicitudProceso.xhtml HTTP/1.1" 200 31677
201.245.192.253 - - [02/May/2024:08:17:17 -0500] "POST /sipse/faces/presentacion/financiero/solicitudProceso/listarSolicitudProceso.xhtml HTTP/1.1" 200 41486
201.245.192.253 - - [02/May/2024:08:17:17 -0500] "GET /sipse/faces/javax.faces.resource/theme.css?ln=primefaces-sipse HTTP/1.1" 304 -
201.245.192.253 - - [02/May/2024:08:17:17 -0500] "GET /sipse/faces/javax.faces.resource/layout/layout.css?ln=primefaces&v=4.0 HTTP/1.1" 304 -
201.245.192.253 - - [02/May/2024:08:17:17 -0500] "GET /sipse/faces/javax.faces.resource/primefaces.css?ln=primefaces&v=4.0 HTTP/1.1" 304 -
201.245.192.253 - - [02/May/2024:08:17:17 -0500] "GET /sipse/faces/javax.faces.resource/jquery/jquery.js?ln=primefaces&v=4.0 HTTP/1.1" 304 -
201.245.192.253 - - [02/May/2024:08:17:17 -0500] "GET /sipse/faces/javax.faces.resource/jquery/jquery-plugins.js?ln=primefaces&v=4.0 HTTP/1.1" 304 -
201.245.192.253 - - [02/May/2024:08:17:18 -0500] "GET /sipse/faces/javax.faces.resource/primefaces.js?ln=primefaces&v=4.0 HTTP/1.1" 304 -
201.245.192.253 - - [02/May/2024:08:17:18 -0500] "GET /sipse/faces/javax.faces.resource/layout/layout.js?ln=primefaces&v=4.0 HTTP/1.1" 304 -
201.245.192.253 - - [02/May/2024:08:17:18 -0500] "POST /sipse/faces/presentacion/financiero/solicitudProceso/consultar.xhtml HTTP/1.1" 200 34789
181.53.12.168 - - [02/May/2024:08:17:17 -0500] "POST /sipse/faces/presentacion/financiero/solicitudProceso/listarSolicitudProceso.xhtml HTTP/1.1" 200 31677
200.118.80.125 - - [02/May/2024:08:17:21 -0500] "POST /sipse/faces/presentacion/financiero/solicitudProceso/consultar.xhtml HTTP/1.1" 200 12883
181.53.12.168 - - [02/May/2024:08:17:18 -0500] "POST /sipse/faces/presentacion/financiero/solicitudProceso/listarSolicitudProceso.xhtml HTTP/1.1" 200 1396
201.245.192.253 - - [02/May/2024:08:17:21 -0500] "POST /sipse/faces/presentacion/financiero/solicitudProceso/consultar.xhtml HTTP/1.1" 200 12879
181.53.12.168 - - [02/May/2024:08:17:21 -0500] "POST /sipse/faces/presentacion/financiero/solicitudProceso/listarSolicitudProceso.xhtml HTTP/1.1" 200 1392
201.245.192.253 - - [02/May/2024:08:17:25 -0500] "POST /sipse/faces/presentacion/financiero/solicitudProceso/consultar.xhtml HTTP/1.1" 200 145567
201.245.192.253 - - [02/May/2024:08:17:26 -0500] "GET /sipse/faces/javax.faces.resource/theme.css?ln=primefaces-sipse HTTP/1.1" 304 -
201.245.192.253 - - [02/May/2024:08:17:26 -0500] "GET /sipse/faces/javax.faces.resource/primefaces.css?ln=primefaces&v=4.0 HTTP/1.1" 304 -
201.245.192.253 - - [02/May/2024:08:17:26 -0500] "GET /sipse/faces/javax.faces.resource/layout/layout.css?ln=primefaces&v=4.0 HTTP/1.1" 304 -
201.245.192.253 - - [02/May/2024:08:17:26 -0500] "GET /sipse/faces/javax.faces.resource/jquery/jquery.js?ln=primefaces&v=4.0 HTTP/1.1" 304 -
201.245.192.253 - - [02/May/2024:08:17:26 -0500] "GET /sipse/faces/javax.faces.resource/jquery/jquery-plugins.js?ln=primefaces&v=4.0 HTTP/1.1" 304 -
201.245.192.253 - - [02/May/2024:08:17:26 -0500] "GET /sipse/faces/javax.faces.resource/primefaces.js?ln=primefaces&v=4.0 HTTP/1.1" 304 -
201.245.192.253 - - [02/May/2024:08:17:26 -0500] "GET /sipse/faces/javax.faces.resource/layout/layout.js?ln=primefaces&v=4.0 HTTP/1.1" 304 -
181.53.12.168 - - [02/May/2024:08:17:24 -0500] "POST /sipse/faces/presentacion/financiero/solicitudProceso/listarSolicitudProceso.xhtml HTTP/1.1" 200 1400
181.53.12.168 - - [02/May/2024:08:17:27 -0500] "POST /sipse/faces/presentacion/financiero/solicitudProceso/listarSolicitudProceso.xhtml HTTP/1.1" 200 1392
172.22.2.4 - - [02/May/2024:08:15:57 -0500] "GET /BLA/boletinlegal/ HTTP/1.1" 200 53419
181.53.12.168 - - [02/May/2024:08:17:38 -0500] "POST /sipse/faces/presentacion/financiero/solicitudProceso/listarSolicitudProceso.xhtml HTTP/1.1" 200 48831
47.128.37.3 - - [02/May/2024:08:17:40 -0500] "GET /BLA/resoluciones/AUTOS%202021/0245.php?act=f&f=response.htm&white=1 HTTP/1.1" 200 2741
181.53.12.168 - - [02/May/2024:08:17:40 -0500] "POST /sipse/faces/presentacion/financiero/solicitudProceso/listarSolicitudProceso.xhtml HTTP/1.1" 200 48478
200.118.80.125 - - [02/May/2024:08:17:42 -0500] "POST /sipse/faces/presentacion/financiero/solicitudProceso/consultar.xhtml HTTP/1.1" 200 13162
181.53.12.168 - - [02/May/2024:08:17:42 -0500] "POST /sipse/faces/presentacion/financiero/solicitudProceso/listarSolicitudProceso.xhtml HTTP/1.1" 200 30742
66.249.66.12 - - [02/May/2024:08:17:44 -0500] "GET /autoliquidacion2020/Cobro%20Evaluacion%20Certificaci%C3%B3n%20Para%20La%20Deducci%C3%B3n%20Por%20Inversi%C3%B3n%20En%20Medio%20Ambiente/Acreditaci%C3%B3n%20o%20Certificaci%C3%B3n%20de%20Inversi%C3%B3n%20Ambiental.pdf HTTP/1.1" 200 36802
181.53.12.168 - - [02/May/2024:08:17:43 -0500] "POST /sipse/faces/presentacion/financiero/solicitudProceso/listarSolicitudProceso.xhtml HTTP/1.1" 200 30758
216.244.66.195 - - [02/May/2024:08:17:47 -0500] "GET /BLA/resoluciones/AUTOS%202019/2762.pdf HTTP/1.1" 200 278558
181.53.12.168 - - [02/May/2024:08:17:46 -0500] "POST /sipse/faces/presentacion/financiero/solicitudProceso/listarSolicitudProceso.xhtml HTTP/1.1" 200 21708
201.245.192.253 - - [02/May/2024:08:17:47 -0500] "POST /sipse/faces/presentacion/financiero/solicitudProceso/consultarSolicitudProceso.xhtml HTTP/1.1" 200 2116500
181.53.12.168 - - [02/May/2024:08:17:50 -0500] "POST /sipse/faces/presentacion/financiero/solicitudProceso/listarSolicitudProceso.xhtml HTTP/1.1" 200 121894
181.53.12.168 - - [02/May/2024:08:17:51 -0500] "GET /sipse/faces/javax.faces.resource/theme.css?ln=primefaces-sipse HTTP/1.1" 304 -
181.53.12.168 - - [02/May/2024:08:17:51 -0500] "GET /sipse/faces/javax.faces.resource/primefaces.css?ln=primefaces&v=4.0 HTTP/1.1" 304 -
181.53.12.168 - - [02/May/2024:08:17:51 -0500] "GET /sipse/faces/javax.faces.resource/layout/layout.css?ln=primefaces&v=4.0 HTTP/1.1" 304 -
181.53.12.168 - - [02/May/2024:08:17:51 -0500] "GET /sipse/faces/javax.faces.resource/jquery/jquery.js?ln=primefaces&v=4.0 HTTP/1.1" 304 -
181.53.12.168 - - [02/May/2024:08:17:51 -0500] "GET /sipse/faces/javax.faces.resource/jquery/jquery-plugins.js?ln=primefaces&v=4.0 HTTP/1.1" 304 -
181.53.12.168 - - [02/May/2024:08:17:51 -0500] "GET /sipse/faces/javax.faces.resource/primefaces.js?ln=primefaces&v=4.0 HTTP/1.1" 304 -
181.53.12.168 - - [02/May/2024:08:17:52 -0500] "GET /sipse/faces/javax.faces.resource/layout/layout.js?ln=primefaces&v=4.0 HTTP/1.1" 304 -
200.118.80.125 - - [02/May/2024:08:17:58 -0500] "POST /sipse/faces/presentacion/financiero/solicitudProceso/consultar.xhtml HTTP/1.1" 200 12981
47.128.20.150 - - [02/May/2024:08:18:04 -0500] "GET /BLA/resoluciones/AUTOS%202021/0245.php?act=chmod&f=mlss_mc.htm HTTP/1.1" 200 2714
216.244.66.195 - - [02/May/2024:08:18:14 -0500] "GET /BLA/resoluciones/AUTOS%202019/3308.pdf HTTP/1.1" 200 275234
47.128.98.10 - - [02/May/2024:08:18:29 -0500] "GET /BLA/resoluciones/AUTOS%202021/0245.php?act=f&f=00002232.tif&imgsize=100 HTTP/1.1" 200 2742
200.118.80.125 - - [02/May/2024:08:18:31 -0500] "POST /sipse/faces/presentacion/financiero/solicitudProceso/consultar.xhtml HTTP/1.1" 200 12851
18.118.30.253 - - [02/May/2024:08:18:35 -0500] "GET /robots.txt HTTP/1.1" 404 1035
18.118.30.253 - - [02/May/2024:08:18:36 -0500] "GET /portaldeninos/wp-json/oembed/1.0/embed?url=http%3A%2F%2Fambientic.ambientebogota.gov.co%2Fportaldeninos%2Faula-ambiental-artistica-itinerante-auambari%2F&format=xml HTTP/1.1" 200 2636
216.244.66.195 - - [02/May/2024:08:18:43 -0500] "GET /BLA/resoluciones/AUTOS%202020/0393.pdf HTTP/1.1" 200 225968
47.128.119.78 - - [02/May/2024:08:18:54 -0500] "GET /BLA/resoluciones/AUTOS%202021/0245.php?act=f&d=E%3A%5Cnuevo%5Chtdocs%5CBLA%5Cresoluciones%5CRESOLUCIONES+2024%5C&f=00377.pdf&ft=download&white=1 HTTP/1.1" 200 364198
216.244.66.195 - - [02/May/2024:08:19:09 -0500] "GET /BLA/resoluciones/AUTOS%202020/0735.pdf HTTP/1.1" 200 345290
200.118.80.125 - - [02/May/2024:08:19:09 -0500] "POST /sipse/faces/presentacion/financiero/solicitudProceso/consultar.xhtml HTTP/1.1" 200 12955
172.22.2.4 - - [02/May/2024:08:18:38 -0500] "GET /BLA/boletinlegal/ HTTP/1.1" 200 24523
200.118.80.125 - - [02/May/2024:08:19:17 -0500] "POST /sipse/faces/presentacion/financiero/solicitudProceso/consultar.xhtml HTTP/1.1" 200 13089
47.128.124.12 - - [02/May/2024:08:19:19 -0500] "GET /BLA/resoluciones/AUTOS%202021/0245.php?act=img&img=ext_exe HTTP/1.1" 200 118
47.128.124.12 - - [02/May/2024:08:19:19 -0500] "GET /BLA/resoluciones/AUTOS%202021/0245.php?act=img&img=ext_jpg HTTP/1.1" 200 175
47.128.124.12 - - [02/May/2024:08:19:19 -0500] "GET /BLA/resoluciones/AUTOS%202021/0245.php?act=img&img=ext_txt HTTP/1.1" 200 132
47.128.124.12 - - [02/May/2024:08:19:19 -0500] "GET /BLA/resoluciones/AUTOS%202021/0245.php?act=img&img=ext_diz HTTP/1.1" 200 1027
47.128.124.12 - - [02/May/2024:08:19:19 -0500] "GET /BLA/resoluciones/AUTOS%202021/0245.php?act=img&img=ext_html HTTP/1.1" 200 230
47.128.124.12 - - [02/May/2024:08:19:20 -0500] "GET /BLA/resoluciones/AUTOS%202021/0245.php?act=img&img=ext_gif HTTP/1.1" 200 175
47.128.124.12 - - [02/May/2024:08:19:20 -0500] "GET /BLA/resoluciones/AUTOS%202021/0245.php?act=img&img=ext_ini HTTP/1.1" 200 134
47.128.124.12 - - [02/May/2024:08:19:20 -0500] "GET /BLA/resoluciones/AUTOS%202021/0245.php?act=img&img=download HTTP/1.1" 200 161
47.128.124.12 - - [02/May/2024:08:19:20 -0500] "GET /BLA/resoluciones/AUTOS%202021/0245.php?act=img&img=change HTTP/1.1" 200 290
47.128.124.12 - - [02/May/2024:08:19:20 -0500] "GET /BLA/resoluciones/AUTOS%202021/0245.php?act=img&img=ext_rtf HTTP/1.1" 200 164
47.128.124.12 - - [02/May/2024:08:19:18 -0500] "GET /BLA/resoluciones/AUTOS%202021/0245.php?act=f&base64=4&d=E%3A%5Cnuevo%5Chtdocs%5Cimages%5C&f=INTRANET.jpg HTTP/1.1" 200 14597
216.244.66.195 - - [02/May/2024:08:19:35 -0500] "GET /BLA/resoluciones/AUTOS%202020/0751.pdf HTTP/1.1" 200 361886
201.245.192.253 - - [02/May/2024:08:19:36 -0500] "POST /kwsrmcab/Wsrmcab HTTP/1.1" 200 39322
201.245.192.253 - - [02/May/2024:08:18:36 -0500] "POST /kwsrmcab/Wsrmcab HTTP/1.1" 200 14506
47.128.120.139 - - [02/May/2024:08:19:42 -0500] "GET /BLA/resoluciones/AUTOS%202021/0245.php?act=f&d=E%3A%5Cnuevo%5Chtdocs%5CBLA%5Cresoluciones%5CAUTOS+2021%5C&f=1783.pdf&ft=img&white=1 HTTP/1.1" 200 356111
200.118.80.125 - - [02/May/2024:08:19:44 -0500] "POST /sipse/faces/presentacion/financiero/solicitudProceso/consultar.xhtml HTTP/1.1" 200 12887
201.245.192.253 - - [02/May/2024:08:19:49 -0500] "POST /kwsrmcab/Wsrmcab HTTP/1.1" 200 39312
181.53.12.168 - - [02/May/2024:08:19:49 -0500] "POST /sipse/faces/presentacion/financiero/solicitudProceso/consultarSolicitudProceso.xhtml HTTP/1.1" 200 79450
181.53.12.168 - - [02/May/2024:08:19:50 -0500] "GET /sipse/faces/javax.faces.resource/theme.css?ln=primefaces-sipse HTTP/1.1" 304 -
181.53.12.168 - - [02/May/2024:08:19:50 -0500] "GET /sipse/faces/javax.faces.resource/layout/layout.css?ln=primefaces&v=4.0 HTTP/1.1" 304 -
181.53.12.168 - - [02/May/2024:08:19:50 -0500] "GET /sipse/faces/javax.faces.resource/primefaces.css?ln=primefaces&v=4.0 HTTP/1.1" 304 -
181.53.12.168 - - [02/May/2024:08:19:50 -0500] "GET /sipse/faces/javax.faces.resource/jquery/jquery.js?ln=primefaces&v=4.0 HTTP/1.1" 304 -
181.53.12.168 - - [02/May/2024:08:19:50 -0500] "GET /sipse/faces/javax.faces.resource/jquery/jquery-plugins.js?ln=primefaces&v=4.0 HTTP/1.1" 304 -
181.53.12.168 - - [02/May/2024:08:19:50 -0500] "GET /sipse/faces/javax.faces.resource/primefaces.js?ln=primefaces&v=4.0 HTTP/1.1" 304 -
181.53.12.168 - - [02/May/2024:08:19:50 -0500] "GET /sipse/faces/javax.faces.resource/layout/layout.js?ln=primefaces&v=4.0 HTTP/1.1" 304 -
216.244.66.195 - - [02/May/2024:08:20:03 -0500] "GET /BLA/resoluciones/AUTOS%202020/1201.pdf HTTP/1.1" 200 1139792
181.53.12.168 - - [02/May/2024:08:20:08 -0500] "POST /sipse/faces/presentacion/financiero/solicitudProceso/crearModificarSolicitudProceso.xhtml HTTP/1.1" 200 22407
181.53.12.168 - - [02/May/2024:08:20:08 -0500] "GET /sipse/faces/javax.faces.resource/theme.css?ln=primefaces-sipse HTTP/1.1" 304 -
181.53.12.168 - - [02/May/2024:08:20:08 -0500] "GET /sipse/faces/javax.faces.resource/primefaces.css?ln=primefaces&v=4.0 HTTP/1.1" 304 -
181.53.12.168 - - [02/May/2024:08:20:08 -0500] "GET /sipse/faces/javax.faces.resource/layout/layout.css?ln=primefaces&v=4.0 HTTP/1.1" 304 -
181.53.12.168 - - [02/May/2024:08:20:08 -0500] "GET /sipse/faces/javax.faces.resource/fileupload/fileupload.css?ln=primefaces&v=4.0 HTTP/1.1" 304 -
181.53.12.168 - - [02/May/2024:08:20:08 -0500] "GET /sipse/faces/javax.faces.resource/layout/layout.js?ln=primefaces&v=4.0 HTTP/1.1" 304 -
181.53.12.168 - - [02/May/2024:08:20:08 -0500] "GET /sipse/faces/javax.faces.resource/jquery/jquery-plugins.js?ln=primefaces&v=4.0 HTTP/1.1" 304 -
181.53.12.168 - - [02/May/2024:08:20:08 -0500] "GET /sipse/faces/javax.faces.resource/jquery/jquery.js?ln=primefaces&v=4.0 HTTP/1.1" 304 -
181.53.12.168 - - [02/May/2024:08:20:08 -0500] "GET /sipse/faces/javax.faces.resource/primefaces.js?ln=primefaces&v=4.0 HTTP/1.1" 304 -
181.53.12.168 - - [02/May/2024:08:20:08 -0500] "GET /sipse/faces/javax.faces.resource/fileupload/fileupload.js?ln=primefaces&v=4.0 HTTP/1.1" 304 -
47.128.119.67 - - [02/May/2024:08:20:10 -0500] "GET /BLA/resoluciones/AUTOS%202021/0245.php?act=fsbuff&d=E%3A%5Cnuevo%5Clicenses%5Cpear%5C HTTP/1.1" 200 2650
200.118.80.125 - - [02/May/2024:08:20:12 -0500] "POST /sipse/faces/presentacion/financiero/solicitudProceso/consultar.xhtml HTTP/1.1" 200 13027
47.128.22.59 - - [02/May/2024:08:20:13 -0500] "GET /robots.txt HTTP/1.1" 404 1034
181.53.12.168 - - [02/May/2024:08:20:17 -0500] "POST /sipse/faces/presentacion/sistema/anexos/cargarAnexoSolicitudProceso.xhtml HTTP/1.1" 200 85554
181.53.12.168 - - [02/May/2024:08:20:17 -0500] "GET /sipse/faces/javax.faces.resource/theme.css?ln=primefaces-sipse HTTP/1.1" 304 -
181.53.12.168 - - [02/May/2024:08:20:17 -0500] "GET /sipse/faces/javax.faces.resource/primefaces.css?ln=primefaces&v=4.0 HTTP/1.1" 304 -
181.53.12.168 - - [02/May/2024:08:20:17 -0500] "GET /sipse/faces/javax.faces.resource/jquery/jquery-plugins.js?ln=primefaces&v=4.0 HTTP/1.1" 304 -
181.53.12.168 - - [02/May/2024:08:20:17 -0500] "GET /sipse/faces/javax.faces.resource/layout/layout.css?ln=primefaces&v=4.0 HTTP/1.1" 304 -
181.53.12.168 - - [02/May/2024:08:20:17 -0500] "GET /sipse/faces/javax.faces.resource/jquery/jquery.js?ln=primefaces&v=4.0 HTTP/1.1" 304 -
181.53.12.168 - - [02/May/2024:08:20:17 -0500] "GET /sipse/faces/javax.faces.resource/primefaces.js?ln=primefaces&v=4.0 HTTP/1.1" 304 -
181.53.12.168 - - [02/May/2024:08:20:17 -0500] "GET /sipse/faces/javax.faces.resource/layout/layout.js?ln=primefaces&v=4.0 HTTP/1.1" 304 -
201.245.192.253 - - [02/May/2024:08:20:24 -0500] "POST /kwsrmcab/Wsrmcab  HTTP/1.1" 200 41015
181.53.12.168 - - [02/May/2024:08:20:21 -0500] "POST /sipse/faces/presentacion/financiero/solicitudProceso/crearModificarSolicitudProceso.xhtml HTTP/1.1" 200 124060
181.53.12.168 - - [02/May/2024:08:20:25 -0500] "GET /sipse/faces/javax.faces.resource/primefaces.css?ln=primefaces&v=4.0 HTTP/1.1" 304 -
181.53.12.168 - - [02/May/2024:08:20:25 -0500] "GET /sipse/faces/javax.faces.resource/layout/layout.css?ln=primefaces&v=4.0 HTTP/1.1" 304 -
181.53.12.168 - - [02/May/2024:08:20:25 -0500] "GET /sipse/faces/javax.faces.resource/theme.css?ln=primefaces-sipse HTTP/1.1" 304 -
181.53.12.168 - - [02/May/2024:08:20:25 -0500] "GET /sipse/faces/javax.faces.resource/jquery/jquery.js?ln=primefaces&v=4.0 HTTP/1.1" 304 -
181.53.12.168 - - [02/May/2024:08:20:25 -0500] "GET /sipse/faces/javax.faces.resource/jquery/jquery-plugins.js?ln=primefaces&v=4.0 HTTP/1.1" 304 -
181.53.12.168 - - [02/May/2024:08:20:25 -0500] "GET /sipse/faces/javax.faces.resource/primefaces.js?ln=primefaces&v=4.0 HTTP/1.1" 304 -
181.53.12.168 - - [02/May/2024:08:20:25 -0500] "GET /sipse/faces/javax.faces.resource/layout/layout.js?ln=primefaces&v=4.0 HTTP/1.1" 304 -
200.118.80.125 - - [02/May/2024:08:20:30 -0500] "POST /sipse/faces/presentacion/financiero/solicitudProceso/consultar.xhtml HTTP/1.1" 200 12933
143.198.215.53 - - [02/May/2024:08:20:32 -0500] "GET /robots.txt HTTP/1.1" 404 1018
173.252.83.25 - - [02/May/2024:08:20:32 -0500] "GET /distrito-habilita-tres-caminos-en-los-cerros-orientales-para-bienestar-fisico-y-emocional-de-los-ciudadanos.html HTTP/1.1" 200 1033
173.252.83.30 - - [02/May/2024:08:20:33 -0500] "GET /distrito-habilita-tres-caminos-en-los-cerros-orientales-para-bienestar-fisico-y-emocional-de-los-ciudadanos.html HTTP/1.1" 200 1033
173.252.83.14 - - [02/May/2024:08:20:33 -0500] "GET /distrito-habilita-tres-caminos-en-los-cerros-orientales-para-bienestar-fisico-y-emocional-de-los-ciudadanos.html HTTP/1.1" 200 1033
200.118.80.125 - - [02/May/2024:08:20:37 -0500] "POST /sipse/faces/presentacion/financiero/solicitudProceso/consultar.xhtml HTTP/1.1" 200 12880
190.90.15.98 - - [02/May/2024:08:20:40 -0500] "GET /sipse/faces/faces/autenticacion.xhtml HTTP/1.1" 200 12722
190.90.15.98 - - [02/May/2024:08:20:40 -0500] "GET /sipse/faces/javax.faces.resource/layout/layout.css;jsessionid=1+5DwrMaGi0N2ejKJCwly2O4.undefined?ln=primefaces&v=4.0 HTTP/1.1" 200 542
190.90.15.98 - - [02/May/2024:08:20:40 -0500] "GET /sipse/faces/javax.faces.resource/layout/layout.js;jsessionid=1+5DwrMaGi0N2ejKJCwly2O4.undefined?ln=primefaces&v=4.0 HTTP/1.1" 200 87560
190.90.15.98 - - [02/May/2024:08:20:40 -0500] "GET /sipse/faces/javax.faces.resource/theme.css?ln=primefaces-sipse HTTP/1.1" 200 50058
190.90.15.98 - - [02/May/2024:08:20:40 -0500] "GET /sipse/faces/javax.faces.resource/primefaces.css;jsessionid=1+5DwrMaGi0N2ejKJCwly2O4.undefined?ln=primefaces&v=4.0 HTTP/1.1" 200 53295
190.90.15.98 - - [02/May/2024:08:20:40 -0500] "GET /sipse/faces/javax.faces.resource/jquery/jquery.js;jsessionid=1+5DwrMaGi0N2ejKJCwly2O4.undefined?ln=primefaces&v=4.0 HTTP/1.1" 200 105384
190.90.15.98 - - [02/May/2024:08:20:40 -0500] "GET /sipse/faces/javax.faces.resource/jquery/jquery-plugins.js;jsessionid=1+5DwrMaGi0N2ejKJCwly2O4.undefined?ln=primefaces&v=4.0 HTTP/1.1" 200 220526
190.90.15.98 - - [02/May/2024:08:20:40 -0500] "GET /sipse/faces/javax.faces.resource/primefaces.js;jsessionid=1+5DwrMaGi0N2ejKJCwly2O4.undefined?ln=primefaces&v=4.0 HTTP/1.1" 200 276924
190.90.15.98 - - [02/May/2024:08:20:40 -0500] "GET /sipse/faces/javax.faces.resource/images/ui-icons_898989_256x240.png?ln=primefaces-aristo HTTP/1.1" 200 5355
190.90.15.98 - - [02/May/2024:08:20:40 -0500] "GET /sipse/css/imagen/logoSDG.png HTTP/1.1" 200 21242
190.90.15.98 - - [02/May/2024:08:20:40 -0500] "GET /sipse/css/imagen/loginimg.png HTTP/1.1" 200 17770
190.90.15.98 - - [02/May/2024:08:20:41 -0500] "GET /sipse/faces/faces/index.xhtml HTTP/1.1" 200 677
190.90.15.98 - - [02/May/2024:08:20:41 -0500] "GET /sipse/faces/javax.faces.resource/theme.css?ln=primefaces-sipse HTTP/1.1" 304 -
190.90.15.98 - - [02/May/2024:08:20:41 -0500] "GET /sipse/faces/faces/faces/autenticacion.xhtml HTTP/1.1" 200 12400
190.90.15.98 - - [02/May/2024:08:20:41 -0500] "GET /sipse/faces/javax.faces.resource/theme.css?ln=primefaces-sipse HTTP/1.1" 304 -
190.90.15.98 - - [02/May/2024:08:20:41 -0500] "GET /sipse/faces/javax.faces.resource/primefaces.css?ln=primefaces&v=4.0 HTTP/1.1" 304 -
190.90.15.98 - - [02/May/2024:08:20:41 -0500] "GET /sipse/faces/javax.faces.resource/layout/layout.css?ln=primefaces&v=4.0 HTTP/1.1" 304 -
190.90.15.98 - - [02/May/2024:08:20:41 -0500] "GET /sipse/faces/javax.faces.resource/jquery/jquery.js?ln=primefaces&v=4.0 HTTP/1.1" 304 -
190.90.15.98 - - [02/May/2024:08:20:41 -0500] "GET /sipse/faces/javax.faces.resource/jquery/jquery-plugins.js?ln=primefaces&v=4.0 HTTP/1.1" 304 -
190.90.15.98 - - [02/May/2024:08:20:41 -0500] "GET /sipse/faces/javax.faces.resource/primefaces.js?ln=primefaces&v=4.0 HTTP/1.1" 304 -
190.90.15.98 - - [02/May/2024:08:20:41 -0500] "GET /sipse/faces/javax.faces.resource/layout/layout.js?ln=primefaces&v=4.0 HTTP/1.1" 304 -
190.90.15.98 - - [02/May/2024:08:20:41 -0500] "GET /sipse/faces/javax.faces.resource/images/ui-icons_898989_256x240.png?ln=primefaces-aristo HTTP/1.1" 304 -
200.118.80.125 - - [02/May/2024:08:20:47 -0500] "POST /sipse/faces/presentacion/financiero/solicitudProceso/consultar.xhtml HTTP/1.1" 200 12901
216.245.221.92 - - [02/May/2024:08:20:48 -0500] "HEAD / HTTP/1.1" 200 -
216.244.66.195 - - [02/May/2024:08:20:53 -0500] "GET /BLA/resoluciones/AUTOS%202020/1212.pdf HTTP/1.1" 200 700405
201.245.192.253 - - [02/May/2024:08:20:54 -0500] "POST /kwsrmcab/Wsrmcab HTTP/1.1" 200 39322
47.128.121.114 - - [02/May/2024:08:20:54 -0500] "GET /BLA/resoluciones/AUTOS%202021/0245.php?act=f&base64=4&f=uno%283%29.sql HTTP/1.1" 200 2749
200.118.80.125 - - [02/May/2024:08:20:56 -0500] "POST /sipse/faces/presentacion/financiero/solicitudProceso/consultar.xhtml HTTP/1.1" 200 12867
200.118.80.125 - - [02/May/2024:08:21:02 -0500] "POST /sipse/faces/presentacion/financiero/solicitudProceso/consultar.xhtml HTTP/1.1" 200 12918
200.118.80.125 - - [02/May/2024:08:21:08 -0500] "POST /sipse/faces/presentacion/financiero/solicitudProceso/consultar.xhtml HTTP/1.1" 200 12872
181.53.14.143 - - [02/May/2024:08:21:08 -0500] "GET /sipse/faces/faces/autenticacion.xhtml HTTP/1.1" 200 12722
181.53.14.143 - - [02/May/2024:08:21:09 -0500] "GET /sipse/js/disable_browser_buttons.js HTTP/1.1" 200 3230
181.53.14.143 - - [02/May/2024:08:21:09 -0500] "GET /sipse/css/custom_css_sg.css HTTP/1.1" 200 9694
181.53.14.143 - - [02/May/2024:08:21:09 -0500] "GET /sipse/css/custom_css_sg_prime_login.css HTTP/1.1" 200 443
181.53.14.143 - - [02/May/2024:08:21:09 -0500] "GET /sipse/js/funciones.js HTTP/1.1" 200 12592
181.53.14.143 - - [02/May/2024:08:21:09 -0500] "GET /sipse/faces/javax.faces.resource/layout/layout.css;jsessionid=BKAsHNx1AJX0iOrLZJxdCsow.undefined?ln=primefaces&v=4.0 HTTP/1.1" 200 542
181.53.14.143 - - [02/May/2024:08:21:09 -0500] "GET /sipse/faces/javax.faces.resource/primefaces.css;jsessionid=BKAsHNx1AJX0iOrLZJxdCsow.undefined?ln=primefaces&v=4.0 HTTP/1.1" 200 53295
181.53.14.143 - - [02/May/2024:08:21:09 -0500] "GET /sipse/faces/javax.faces.resource/theme.css?ln=primefaces-sipse HTTP/1.1" 200 50058
181.53.14.143 - - [02/May/2024:08:21:09 -0500] "GET /sipse/faces/javax.faces.resource/layout/layout.js;jsessionid=BKAsHNx1AJX0iOrLZJxdCsow.undefined?ln=primefaces&v=4.0 HTTP/1.1" 200 87560
181.53.14.143 - - [02/May/2024:08:21:09 -0500] "GET /sipse/faces/javax.faces.resource/jquery/jquery.js;jsessionid=BKAsHNx1AJX0iOrLZJxdCsow.undefined?ln=primefaces&v=4.0 HTTP/1.1" 200 105384
181.53.14.143 - - [02/May/2024:08:21:09 -0500] "GET /sipse/faces/javax.faces.resource/jquery/jquery-plugins.js;jsessionid=BKAsHNx1AJX0iOrLZJxdCsow.undefined?ln=primefaces&v=4.0 HTTP/1.1" 200 220526
181.53.14.143 - - [02/May/2024:08:21:09 -0500] "GET /sipse/faces/javax.faces.resource/primefaces.js;jsessionid=BKAsHNx1AJX0iOrLZJxdCsow.undefined?ln=primefaces&v=4.0 HTTP/1.1" 200 276924
181.53.14.143 - - [02/May/2024:08:21:09 -0500] "GET /sipse/faces/javax.faces.resource/images/ui-icons_898989_256x240.png?ln=primefaces-aristo HTTP/1.1" 200 5355
181.53.14.143 - - [02/May/2024:08:21:09 -0500] "GET /sipse/css/imagen/loginimg.png HTTP/1.1" 200 71635
190.90.15.98 - - [02/May/2024:08:21:09 -0500] "POST /sipse/faces/autenticacion.xhtml HTTP/1.1" 200 2219
181.53.14.143 - - [02/May/2024:08:21:09 -0500] "GET /sipse/css/imagen/logoSDG.png HTTP/1.1" 200 53064
190.90.15.98 - - [02/May/2024:08:21:09 -0500] "GET /sipse/faces/javax.faces.resource/messages/messages.png?ln=primefaces&v=4.0 HTTP/1.1" 304 -
181.53.14.143 - - [02/May/2024:08:21:09 -0500] "GET /sipse/faces/faces/index.xhtml HTTP/1.1" 200 677
181.53.14.143 - - [02/May/2024:08:21:09 -0500] "GET /sipse/faces/javax.faces.resource/theme.css?ln=primefaces-sipse HTTP/1.1" 304 -
181.53.14.143 - - [02/May/2024:08:21:10 -0500] "GET /sipse/faces/faces/faces/autenticacion.xhtml HTTP/1.1" 200 12400
181.53.14.143 - - [02/May/2024:08:21:10 -0500] "GET /sipse/faces/javax.faces.resource/layout/layout.css?ln=primefaces&v=4.0 HTTP/1.1" 200 542
181.53.14.143 - - [02/May/2024:08:21:10 -0500] "GET /sipse/faces/javax.faces.resource/theme.css?ln=primefaces-sipse HTTP/1.1" 304 -
181.53.14.143 - - [02/May/2024:08:21:10 -0500] "GET /sipse/faces/javax.faces.resource/layout/layout.js?ln=primefaces&v=4.0 HTTP/1.1" 200 87560
181.53.14.143 - - [02/May/2024:08:21:10 -0500] "GET /sipse/faces/javax.faces.resource/primefaces.css?ln=primefaces&v=4.0 HTTP/1.1" 200 53295
181.53.14.143 - - [02/May/2024:08:21:10 -0500] "GET /sipse/faces/javax.faces.resource/jquery/jquery.js?ln=primefaces&v=4.0 HTTP/1.1" 200 105384
181.53.14.143 - - [02/May/2024:08:21:10 -0500] "GET /sipse/faces/javax.faces.resource/jquery/jquery-plugins.js?ln=primefaces&v=4.0 HTTP/1.1" 200 220526
181.53.14.143 - - [02/May/2024:08:21:10 -0500] "GET /sipse/faces/javax.faces.resource/primefaces.js?ln=primefaces&v=4.0 HTTP/1.1" 200 276924
190.90.15.98 - - [02/May/2024:08:21:10 -0500] "POST /sipse/faces/autenticacion.xhtml HTTP/1.1" 200 16450
190.90.15.98 - - [02/May/2024:08:21:11 -0500] "GET /sipse/faces/javax.faces.resource/jquery/jquery.js?ln=primefaces&v=4.0 HTTP/1.1" 304 -
190.90.15.98 - - [02/May/2024:08:21:11 -0500] "GET /sipse/faces/javax.faces.resource/jquery/jquery-plugins.js?ln=primefaces&v=4.0 HTTP/1.1" 304 -
190.90.15.98 - - [02/May/2024:08:21:11 -0500] "GET /sipse/faces/javax.faces.resource/primefaces.js?ln=primefaces&v=4.0 HTTP/1.1" 304 -
190.90.15.98 - - [02/May/2024:08:21:11 -0500] "GET /sipse/faces/javax.faces.resource/layout/layout.js?ln=primefaces&v=4.0 HTTP/1.1" 304 -
190.90.15.98 - - [02/May/2024:08:21:11 -0500] "POST /sipse/faces/bienvenido.xhtml HTTP/1.1" 200 732
190.90.15.98 - - [02/May/2024:08:21:11 -0500] "GET /sipse/css/imagen/contrasena.png HTTP/1.1" 404 383
181.53.14.143 - - [02/May/2024:08:21:12 -0500] "POST /sipse/faces/autenticacion.xhtml HTTP/1.1" 200 2219
181.53.14.143 - - [02/May/2024:08:21:12 -0500] "GET /sipse/faces/javax.faces.resource/messages/messages.png?ln=primefaces&v=4.0 HTTP/1.1" 200 27209
181.53.14.143 - - [02/May/2024:08:21:13 -0500] "GET /sipse/faces/javax.faces.resource/images/ui-icons_898989_256x240.png?ln=primefaces-aristo HTTP/1.1" 304 -
181.53.14.143 - - [02/May/2024:08:21:13 -0500] "POST /sipse/faces/autenticacion.xhtml HTTP/1.1" 200 16457
181.53.14.143 - - [02/May/2024:08:21:14 -0500] "GET /sipse/css/custom_css_sg_prime.css HTTP/1.1" 200 5201
181.53.14.143 - - [02/May/2024:08:21:14 -0500] "GET /sipse/faces/javax.faces.resource/theme.css?ln=primefaces-sipse HTTP/1.1" 304 -
181.53.14.143 - - [02/May/2024:08:21:14 -0500] "GET /sipse/faces/javax.faces.resource/primefaces.css?ln=primefaces&v=4.0 HTTP/1.1" 304 -
181.53.14.143 - - [02/May/2024:08:21:14 -0500] "GET /sipse/faces/javax.faces.resource/layout/layout.css?ln=primefaces&v=4.0 HTTP/1.1" 304 -
181.53.14.143 - - [02/May/2024:08:21:14 -0500] "GET /sipse/js/jquery.min.js HTTP/1.1" 200 85582
181.53.14.143 - - [02/May/2024:08:21:14 -0500] "GET /sipse/faces/javax.faces.resource/jquery/jquery.js?ln=primefaces&v=4.0 HTTP/1.1" 304 -
181.53.14.143 - - [02/May/2024:08:21:14 -0500] "GET /sipse/faces/javax.faces.resource/jquery/jquery-plugins.js?ln=primefaces&v=4.0 HTTP/1.1" 304 -
181.53.14.143 - - [02/May/2024:08:21:14 -0500] "GET /sipse/faces/javax.faces.resource/primefaces.js?ln=primefaces&v=4.0 HTTP/1.1" 304 -
181.53.14.143 - - [02/May/2024:08:21:14 -0500] "GET /sipse/faces/javax.faces.resource/layout/layout.js?ln=primefaces&v=4.0 HTTP/1.1" 304 -
181.53.14.143 - - [02/May/2024:08:21:14 -0500] "GET /sipse/css/v_mergente.css HTTP/1.1" 200 1505
181.53.14.143 - - [02/May/2024:08:21:14 -0500] "GET /sipse/css/imagen/contrasena.png HTTP/1.1" 404 383
181.53.14.143 - - [02/May/2024:08:21:14 -0500] "GET /sipse/imagenes/cargando.gif HTTP/1.1" 200 36959
181.53.14.143 - - [02/May/2024:08:21:14 -0500] "GET /sipse/imagenes/logoAplicacion.jpg HTTP/1.1" 200 155084
181.53.14.143 - - [02/May/2024:08:21:17 -0500] "GET /sipse/faces/javax.faces.resource/images/ui-bg_flat_0_2d5972_40x100.png?ln=primefaces-aristo HTTP/1.1" 200 183
181.53.14.143 - - [02/May/2024:08:21:17 -0500] "POST /sipse/faces/bienvenido.xhtml HTTP/1.1" 200 9852
47.128.98.1 - - [02/May/2024:08:21:19 -0500] "GET /BLA/resoluciones/AUTOS%202021/0245.php?act=f&f=search4.xml&white=1 HTTP/1.1" 200 2740
181.53.14.143 - - [02/May/2024:08:21:21 -0500] "POST /sipse/faces/bienvenido.xhtml HTTP/1.1" 200 2073
181.53.14.143 - - [02/May/2024:08:21:22 -0500] "POST /sipse/faces/bienvenido.xhtml HTTP/1.1" 200 39080
181.53.14.143 - - [02/May/2024:08:21:23 -0500] "GET /sipse/faces/javax.faces.resource/theme.css?ln=primefaces-sipse HTTP/1.1" 304 -
181.53.14.143 - - [02/May/2024:08:21:23 -0500] "GET /sipse/faces/javax.faces.resource/primefaces.css?ln=primefaces&v=4.0 HTTP/1.1" 304 -
181.53.14.143 - - [02/May/2024:08:21:23 -0500] "GET /sipse/faces/javax.faces.resource/layout/layout.css?ln=primefaces&v=4.0 HTTP/1.1" 304 -
181.53.14.143 - - [02/May/2024:08:21:23 -0500] "GET /sipse/faces/javax.faces.resource/jquery/jquery.js?ln=primefaces&v=4.0 HTTP/1.1" 304 -
181.53.14.143 - - [02/May/2024:08:21:23 -0500] "GET /sipse/faces/javax.faces.resource/jquery/jquery-plugins.js?ln=primefaces&v=4.0 HTTP/1.1" 304 -
181.53.14.143 - - [02/May/2024:08:21:23 -0500] "GET /sipse/faces/javax.faces.resource/primefaces.js?ln=primefaces&v=4.0 HTTP/1.1" 304 -
181.53.14.143 - - [02/May/2024:08:21:23 -0500] "GET /sipse/faces/javax.faces.resource/layout/layout.js?ln=primefaces&v=4.0 HTTP/1.1" 304 -
190.90.15.98 - - [02/May/2024:08:21:23 -0500] "GET /sipse/faces/javax.faces.resource/images/ui-bg_flat_0_2d5972_40x100.png?ln=primefaces-aristo HTTP/1.1" 304 -
190.90.15.98 - - [02/May/2024:08:21:23 -0500] "POST /sipse/faces/bienvenido.xhtml HTTP/1.1" 200 2658
216.8.163.89 - - [02/May/2024:08:21:24 -0500] "GET /robots.txt HTTP/1.1" 404 1034
190.90.15.98 - - [02/May/2024:08:21:24 -0500] "POST /sipse/faces/bienvenido.xhtml HTTP/1.1" 200 64830
190.90.15.98 - - [02/May/2024:08:21:25 -0500] "GET /sipse/faces/javax.faces.resource/jquery/jquery.js?ln=primefaces&v=4.0 HTTP/1.1" 304 -
190.90.15.98 - - [02/May/2024:08:21:25 -0500] "GET /sipse/faces/javax.faces.resource/jquery/jquery-plugins.js?ln=primefaces&v=4.0 HTTP/1.1" 304 -
190.90.15.98 - - [02/May/2024:08:21:25 -0500] "GET /sipse/faces/javax.faces.resource/primefaces.js?ln=primefaces&v=4.0 HTTP/1.1" 304 -
190.90.15.98 - - [02/May/2024:08:21:25 -0500] "GET /sipse/faces/javax.faces.resource/layout/layout.js?ln=primefaces&v=4.0 HTTP/1.1" 304 -
190.90.15.98 - - [02/May/2024:08:21:25 -0500] "POST /sipse/faces/presentacion/financiero/solicitudProceso/listarSolicitudProceso.xhtml HTTP/1.1" 200 1556
190.90.15.98 - - [02/May/2024:08:21:26 -0500] "POST /sipse/faces/presentacion/financiero/solicitudProceso/listarSolicitudProceso.xhtml HTTP/1.1" 200 33217
190.90.15.98 - - [02/May/2024:08:21:27 -0500] "POST /sipse/faces/presentacion/financiero/solicitudProceso/listarSolicitudProceso.xhtml HTTP/1.1" 200 45787
190.90.15.98 - - [02/May/2024:08:21:30 -0500] "POST /sipse/faces/presentacion/financiero/solicitudProceso/listarSolicitudProceso.xhtml HTTP/1.1" 200 59139
190.90.15.98 - - [02/May/2024:08:21:30 -0500] "GET /sipse/faces/javax.faces.resource/jquery/jquery.js?ln=primefaces&v=4.0 HTTP/1.1" 304 -
190.90.15.98 - - [02/May/2024:08:21:30 -0500] "GET /sipse/faces/javax.faces.resource/jquery/jquery-plugins.js?ln=primefaces&v=4.0 HTTP/1.1" 304 -
190.90.15.98 - - [02/May/2024:08:21:30 -0500] "GET /sipse/faces/javax.faces.resource/primefaces.js?ln=primefaces&v=4.0 HTTP/1.1" 304 -
190.90.15.98 - - [02/May/2024:08:21:31 -0500] "GET /sipse/faces/javax.faces.resource/layout/layout.js?ln=primefaces&v=4.0 HTTP/1.1" 304 -
181.53.14.143 - - [02/May/2024:08:21:33 -0500] "POST /sipse/faces/presentacion/financiero/solicitudProceso/consultar.xhtml HTTP/1.1" 200 12726
200.118.80.125 - - [02/May/2024:08:21:34 -0500] "POST /sipse/faces/presentacion/financiero/solicitudProceso/consultar.xhtml HTTP/1.1" 200 12868
190.90.15.98 - - [02/May/2024:08:21:34 -0500] "POST /sipse/faces/presentacion/financiero/solicitudProceso/crearModificarSolicitudProceso.xhtml HTTP/1.1" 200 51781
181.53.14.143 - - [02/May/2024:08:21:36 -0500] "POST /sipse/faces/presentacion/financiero/solicitudProceso/consultar.xhtml HTTP/1.1" 200 120608
181.53.14.143 - - [02/May/2024:08:21:36 -0500] "GET /sipse/faces/javax.faces.resource/layout/layout.css?ln=primefaces&v=4.0 HTTP/1.1" 304 -
181.53.14.143 - - [02/May/2024:08:21:36 -0500] "GET /sipse/faces/javax.faces.resource/primefaces.css?ln=primefaces&v=4.0 HTTP/1.1" 304 -
181.53.14.143 - - [02/May/2024:08:21:36 -0500] "GET /sipse/faces/javax.faces.resource/theme.css?ln=primefaces-sipse HTTP/1.1" 304 -
181.53.14.143 - - [02/May/2024:08:21:36 -0500] "GET /sipse/faces/javax.faces.resource/jquery/jquery.js?ln=primefaces&v=4.0 HTTP/1.1" 304 -
181.53.14.143 - - [02/May/2024:08:21:37 -0500] "GET /sipse/faces/javax.faces.resource/jquery/jquery-plugins.js?ln=primefaces&v=4.0 HTTP/1.1" 304 -
181.53.14.143 - - [02/May/2024:08:21:37 -0500] "GET /sipse/faces/javax.faces.resource/primefaces.js?ln=primefaces&v=4.0 HTTP/1.1" 304 -
181.53.14.143 - - [02/May/2024:08:21:37 -0500] "GET /sipse/faces/javax.faces.resource/layout/layout.js?ln=primefaces&v=4.0 HTTP/1.1" 304 -
216.244.66.195 - - [02/May/2024:08:21:37 -0500] "GET /BLA/resoluciones/AUTOS%202020/1309.pdf HTTP/1.1" 200 347071
190.90.15.98 - - [02/May/2024:08:21:42 -0500] "POST /sipse/faces/presentacion/financiero/solicitudProceso/crearModificarSolicitudProceso.xhtml HTTP/1.1" 200 25138
47.128.97.34 - - [02/May/2024:08:21:43 -0500] "GET /BLA/resoluciones/AUTOS%202021/0245.php?act=f&f=guestbook-pt.pl&white=1 HTTP/1.1" 200 2743
181.53.14.143 - - [02/May/2024:08:21:43 -0500] "POST /sipse/faces/presentacion/financiero/solicitudProceso/consultarSolicitudProceso.xhtml HTTP/1.1" 200 211187
200.118.80.125 - - [02/May/2024:08:21:45 -0500] "POST /sipse/faces/presentacion/financiero/solicitudProceso/consultar.xhtml HTTP/1.1" 200 12833
47.128.97.71 - - [02/May/2024:08:22:07 -0500] "GET /BLA/resoluciones/AUTOS%202021/0245.php?act=f&c=1&f=Documents.mydocs HTTP/1.1" 200 2743
216.244.66.195 - - [02/May/2024:08:22:09 -0500] "GET /BLA/resoluciones/AUTOS%202020/1358.pdf HTTP/1.1" 200 383277
