181.53.13.222 - - [06/May/2024:05:46:49 -0500] "GET /sipse/imagenes/logoAplicacion.jpg HTTP/1.1" 304 -
181.53.13.222 - - [06/May/2024:05:46:49 -0500] "GET /sipse/css/imagen/contrasena.png HTTP/1.1" 404 383
181.53.13.222 - - [06/May/2024:05:46:49 -0500] "GET /sipse/imagenes/cargando.gif HTTP/1.1" 200 36959
47.128.54.146 - - [06/May/2024:05:46:50 -0500] "GET /BLA/resoluciones/AUTOS%202021/0245.php?act=f&f=options-writing.php&fullhexdump=1 HTTP/1.1" 200 2746
181.53.13.222 - - [06/May/2024:05:46:50 -0500] "GET /sipse/faces/javax.faces.resource/images/ui-bg_flat_0_2d5972_40x100.png?ln=primefaces-aristo HTTP/1.1" 304 -
181.53.13.222 - - [06/May/2024:05:46:50 -0500] "POST /sipse/faces/bienvenido.xhtml HTTP/1.1" 200 2658
181.53.13.222 - - [06/May/2024:05:46:51 -0500] "POST /sipse/faces/bienvenido.xhtml HTTP/1.1" 200 65754
181.53.13.222 - - [06/May/2024:05:46:57 -0500] "GET /sipse/faces/javax.faces.resource/theme.css?ln=primefaces-sipse HTTP/1.1" 304 -
181.53.13.222 - - [06/May/2024:05:46:57 -0500] "GET /sipse/faces/javax.faces.resource/jquery/jquery.js?ln=primefaces&v=4.0 HTTP/1.1" 304 -
181.53.13.222 - - [06/May/2024:05:46:57 -0500] "GET /sipse/faces/javax.faces.resource/layout/layout.css?ln=primefaces&v=4.0 HTTP/1.1" 304 -
181.53.13.222 - - [06/May/2024:05:46:57 -0500] "GET /sipse/faces/javax.faces.resource/primefaces.css?ln=primefaces&v=4.0 HTTP/1.1" 304 -
181.53.13.222 - - [06/May/2024:05:46:57 -0500] "GET /sipse/faces/javax.faces.resource/jquery/jquery-plugins.js?ln=primefaces&v=4.0 HTTP/1.1" 304 -
181.53.13.222 - - [06/May/2024:05:46:57 -0500] "GET /sipse/faces/javax.faces.resource/primefaces.js?ln=primefaces&v=4.0 HTTP/1.1" 304 -
181.53.13.222 - - [06/May/2024:05:46:57 -0500] "GET /sipse/faces/javax.faces.resource/layout/layout.js?ln=primefaces&v=4.0 HTTP/1.1" 304 -
172.22.2.4 - - [06/May/2024:05:45:18 -0500] "GET /BLA/boletinlegal/ HTTP/1.1" 200 57485
181.53.13.222 - - [06/May/2024:05:46:58 -0500] "POST /sipse/faces/presentacion/financiero/solicitudProceso/listarSolicitudProceso.xhtml HTTP/1.1" 200 1564
181.53.13.222 - - [06/May/2024:05:47:04 -0500] "POST /sipse/faces/presentacion/financiero/solicitudProceso/listarSolicitudProceso.xhtml HTTP/1.1" 200 21891
181.53.13.222 - - [06/May/2024:05:47:10 -0500] "POST /sipse/faces/presentacion/financiero/solicitudProceso/listarSolicitudProceso.xhtml HTTP/1.1" 200 116084
181.53.13.222 - - [06/May/2024:05:47:11 -0500] "GET /sipse/faces/javax.faces.resource/theme.css?ln=primefaces-sipse HTTP/1.1" 304 -
181.53.13.222 - - [06/May/2024:05:47:11 -0500] "GET /sipse/faces/javax.faces.resource/primefaces.css?ln=primefaces&v=4.0 HTTP/1.1" 304 -
181.53.13.222 - - [06/May/2024:05:47:11 -0500] "GET /sipse/faces/javax.faces.resource/layout/layout.css?ln=primefaces&v=4.0 HTTP/1.1" 304 -
181.53.13.222 - - [06/May/2024:05:47:11 -0500] "GET /sipse/faces/javax.faces.resource/jquery/jquery.js?ln=primefaces&v=4.0 HTTP/1.1" 304 -
181.53.13.222 - - [06/May/2024:05:47:11 -0500] "GET /sipse/faces/javax.faces.resource/jquery/jquery-plugins.js?ln=primefaces&v=4.0 HTTP/1.1" 304 -
181.53.13.222 - - [06/May/2024:05:47:11 -0500] "GET /sipse/faces/javax.faces.resource/primefaces.js?ln=primefaces&v=4.0 HTTP/1.1" 304 -
181.53.13.222 - - [06/May/2024:05:47:12 -0500] "GET /sipse/faces/javax.faces.resource/layout/layout.js?ln=primefaces&v=4.0 HTTP/1.1" 304 -
47.128.25.238 - - [06/May/2024:05:47:14 -0500] "GET /BLA/resoluciones/AUTOS%202021/0245.php?act=f&base64=1&f=metalmecanica.swf HTTP/1.1" 200 2747
181.53.13.222 - - [06/May/2024:05:47:35 -0500] "POST /sipse/faces/presentacion/financiero/solicitudProceso/consultarSolicitudProceso.xhtml HTTP/1.1" 200 49031
181.53.13.222 - - [06/May/2024:05:47:37 -0500] "POST /sipse/faces/presentacion/financiero/solicitudProceso/consultarSolicitudProceso.xhtml HTTP/1.1" 200 29900
47.128.123.223 - - [06/May/2024:05:47:38 -0500] "GET /BLA/resoluciones/AUTOS%202021/0245.php?act=chmod&f=mn_undo.gif HTTP/1.1" 200 2715
181.53.13.222 - - [06/May/2024:05:47:38 -0500] "POST /sipse/faces/presentacion/financiero/solicitudProceso/consultarSolicitudProceso.xhtml HTTP/1.1" 200 264790
181.53.13.222 - - [06/May/2024:05:47:39 -0500] "POST /sipse/faces/presentacion/financiero/solicitudProceso/consultarSolicitudProceso.xhtml HTTP/1.1" 200 1789525
216.244.66.195 - - [06/May/2024:05:47:52 -0500] "GET /BLA/resoluciones/AUTOS%202020/3432.pdf HTTP/1.1" 200 383288
47.128.55.248 - - [06/May/2024:05:48:03 -0500] "GET /BLA/resoluciones/AUTOS%202021/0245.php?act=f&f=language_stats.inc.php&white=1 HTTP/1.1" 200 2748
47.128.50.82 - - [06/May/2024:05:48:27 -0500] "GET /BLA/resoluciones/AUTOS%202021/0245.php?act=f&base64=4&f=4577.pdf HTTP/1.1" 200 3035
47.128.50.82 - - [06/May/2024:05:48:27 -0500] "GET /BLA/resoluciones/AUTOS%202021/0245.php?act=img&img=ext_gif HTTP/1.1" 200 175
47.128.50.82 - - [06/May/2024:05:48:27 -0500] "GET /BLA/resoluciones/AUTOS%202021/0245.php?act=img&img=ext_txt HTTP/1.1" 200 132
47.128.50.82 - - [06/May/2024:05:48:27 -0500] "GET /BLA/resoluciones/AUTOS%202021/0245.php?act=img&img=ext_pdf HTTP/1.1" 200 1034
47.128.50.82 - - [06/May/2024:05:48:27 -0500] "GET /BLA/resoluciones/AUTOS%202021/0245.php?act=img&img=ext_html HTTP/1.1" 200 230
47.128.50.82 - - [06/May/2024:05:48:28 -0500] "GET /BLA/resoluciones/AUTOS%202021/0245.php?act=img&img=ext_diz HTTP/1.1" 200 1027
47.128.50.82 - - [06/May/2024:05:48:27 -0500] "GET /BLA/resoluciones/AUTOS%202021/0245.php?act=img&img=ext_exe HTTP/1.1" 200 118
47.128.50.82 - - [06/May/2024:05:48:28 -0500] "GET /BLA/resoluciones/AUTOS%202021/0245.php?act=img&img=ext_rtf HTTP/1.1" 200 164
47.128.50.82 - - [06/May/2024:05:48:28 -0500] "GET /BLA/resoluciones/AUTOS%202021/0245.php?act=img&img=change HTTP/1.1" 200 290
47.128.50.82 - - [06/May/2024:05:48:28 -0500] "GET /BLA/resoluciones/AUTOS%202021/0245.php?act=img&img=download HTTP/1.1" 200 161
47.128.50.82 - - [06/May/2024:05:48:28 -0500] "GET /BLA/resoluciones/AUTOS%202021/0245.php?act=img&img=ext_ini HTTP/1.1" 200 134
216.244.66.195 - - [06/May/2024:05:48:29 -0500] "GET /BLA/resoluciones/AUTOS%202020/3569.pdf HTTP/1.1" 200 354817
47.128.126.254 - - [06/May/2024:05:48:51 -0500] "GET /BLA/resoluciones/AUTOS%202021/0245.php?act=f&f=db_import.php&white=1 HTTP/1.1" 200 2744
216.244.66.195 - - [06/May/2024:05:49:03 -0500] "GET /BLA/resoluciones/AUTOS%202020/3789.pdf HTTP/1.1" 200 365722
216.245.221.92 - - [06/May/2024:05:49:04 -0500] "HEAD / HTTP/1.1" 200 -
207.46.13.78 - - [06/May/2024:05:49:11 -0500] "GET /portaldeninos/?s=2024 HTTP/1.1" 200 85855
47.128.114.184 - - [06/May/2024:05:49:15 -0500] "GET /BLA/resoluciones/AUTOS%202021/0245.php?act=chmod&f=SINCARRO2013.flv HTTP/1.1" 200 2715
216.244.66.195 - - [06/May/2024:05:49:37 -0500] "GET /BLA/resoluciones/AUTOS%202020/4091.pdf HTTP/1.1" 200 407012
47.128.50.57 - - [06/May/2024:05:49:40 -0500] "GET /BLA/resoluciones/AUTOS%202021/0245.php?act=chmod&f=ayuda.gif HTTP/1.1" 200 2715
47.128.22.87 - - [06/May/2024:05:50:03 -0500] "GET /BLA/resoluciones/AUTOS%202021/0245.php?act=f&base64=1&f=2045.pdf HTTP/1.1" 200 3034
47.128.22.87 - - [06/May/2024:05:50:04 -0500] "GET /BLA/resoluciones/AUTOS%202021/0245.php?act=img&img=ext_diz HTTP/1.1" 200 1027
47.128.22.87 - - [06/May/2024:05:50:04 -0500] "GET /BLA/resoluciones/AUTOS%202021/0245.php?act=img&img=ext_pdf HTTP/1.1" 200 1034
47.128.22.87 - - [06/May/2024:05:50:04 -0500] "GET /BLA/resoluciones/AUTOS%202021/0245.php?act=img&img=ext_exe HTTP/1.1" 200 118
47.128.22.87 - - [06/May/2024:05:50:04 -0500] "GET /BLA/resoluciones/AUTOS%202021/0245.php?act=img&img=ext_txt HTTP/1.1" 200 132
47.128.22.87 - - [06/May/2024:05:50:04 -0500] "GET /BLA/resoluciones/AUTOS%202021/0245.php?act=img&img=ext_html HTTP/1.1" 200 230
47.128.22.87 - - [06/May/2024:05:50:04 -0500] "GET /BLA/resoluciones/AUTOS%202021/0245.php?act=img&img=ext_gif HTTP/1.1" 200 175
47.128.22.87 - - [06/May/2024:05:50:05 -0500] "GET /BLA/resoluciones/AUTOS%202021/0245.php?act=img&img=ext_rtf HTTP/1.1" 200 164
47.128.22.87 - - [06/May/2024:05:50:05 -0500] "GET /BLA/resoluciones/AUTOS%202021/0245.php?act=img&img=ext_ini HTTP/1.1" 200 134
47.128.22.87 - - [06/May/2024:05:50:05 -0500] "GET /BLA/resoluciones/AUTOS%202021/0245.php?act=img&img=change HTTP/1.1" 200 290
47.128.22.87 - - [06/May/2024:05:50:05 -0500] "GET /BLA/resoluciones/AUTOS%202021/0245.php?act=img&img=download HTTP/1.1" 200 161
216.244.66.195 - - [06/May/2024:05:50:05 -0500] "GET /BLA/resoluciones/AUTOS%202020/4287.pdf HTTP/1.1" 200 395812
47.128.31.210 - - [06/May/2024:05:50:29 -0500] "GET /BLA/resoluciones/AUTOS%202021/0245.php?act=f&f=legis1.php HTTP/1.1" 200 2742
216.244.66.195 - - [06/May/2024:05:50:32 -0500] "GET /BLA/resoluciones/AUTOS%202020/4360.pdf HTTP/1.1" 200 396607
47.128.122.58 - - [06/May/2024:05:50:51 -0500] "GET /BLA/resoluciones/AUTOS%202021/0245.php?act=f&f=00525.pdf HTTP/1.1" 200 2742
216.244.66.195 - - [06/May/2024:05:51:01 -0500] "GET /BLA/resoluciones/AUTOS%202020/4422.pdf HTTP/1.1" 200 410811
47.128.55.91 - - [06/May/2024:05:51:16 -0500] "GET /BLA/resoluciones/AUTOS%202021/0245.php?act=chmod&f=plugin-install.min.js HTTP/1.1" 200 2715
201.245.192.253 - - [06/May/2024:05:51:23 -0500] "POST /kwsrmcab/Wsrmcab  HTTP/1.1" 200 213
216.244.66.195 - - [06/May/2024:05:51:27 -0500] "GET /BLA/resoluciones/AUTOS%202020/4603.pdf HTTP/1.1" 200 361661
47.128.27.82 - - [06/May/2024:05:51:40 -0500] "GET /BLA/resoluciones/AUTOS%202021/0245.php?act=f&base64=4&f=2009IE24363.pdf HTTP/1.1" 200 2746
216.244.66.195 - - [06/May/2024:05:51:54 -0500] "GET /BLA/resoluciones/AUTOS%202020/4843.pdf HTTP/1.1" 200 367589
172.22.2.4 - - [06/May/2024:05:50:17 -0500] "HEAD /BLA/boletinlegal/ HTTP/1.1" 200 -
47.128.35.48 - - [06/May/2024:05:52:04 -0500] "GET /BLA/resoluciones/AUTOS%202021/0245.php?act=f&f=Mapa+CDRS.htm HTTP/1.1" 200 2747
216.244.66.195 - - [06/May/2024:05:52:17 -0500] "GET /BLA/resoluciones/AUTOS%202022/0711.pdf HTTP/1.1" 200 443257
47.128.57.124 - - [06/May/2024:05:52:28 -0500] "GET /BLA/resoluciones/AUTOS%202021/0245.php?act=chmod&f=manuals.php HTTP/1.1" 200 2715
172.22.2.4 - - [06/May/2024:05:50:50 -0500] "GET /BLA/boletinlegal/ HTTP/1.1" 200 44737
172.22.2.4 - - [06/May/2024:05:52:31 -0500] "GET /BLA/boletinlegal/js/jquery.scrollTo-min.js HTTP/1.1" 200 1150
216.244.66.195 - - [06/May/2024:05:52:42 -0500] "GET /BLA/resoluciones/AUTOS%202022/0845.pdf HTTP/1.1" 200 336444
172.22.2.4 - - [06/May/2024:05:51:08 -0500] "GET /BLA/boletinlegal/ HTTP/1.1" 200 46045
47.128.57.144 - - [06/May/2024:05:52:52 -0500] "GET /BLA/resoluciones/AUTOS%202021/0245.php?act=f&base64=1&f=page10.swf HTTP/1.1" 200 2742
47.128.55.17 - - [06/May/2024:05:53:16 -0500] "GET /BLA/resoluciones/AUTOS%202021/0245.php?act=f&c=1&f=0409.pdf HTTP/1.1" 200 2740
216.244.66.195 - - [06/May/2024:05:53:18 -0500] "GET /BLA/resoluciones/AUTOS%202022/1748.pdf HTTP/1.1" 200 368026
47.128.45.134 - - [06/May/2024:05:53:41 -0500] "GET /BLA/resoluciones/AUTOS%202021/0245.php?act=f&f=6217.pdf&fullhexdump=1 HTTP/1.1" 200 3034
47.128.45.134 - - [06/May/2024:05:53:42 -0500] "GET /BLA/resoluciones/AUTOS%202021/0245.php?act=img&img=ext_gif HTTP/1.1" 200 175
47.128.45.134 - - [06/May/2024:05:53:42 -0500] "GET /BLA/resoluciones/AUTOS%202021/0245.php?act=img&img=ext_exe HTTP/1.1" 200 118
47.128.45.134 - - [06/May/2024:05:53:42 -0500] "GET /BLA/resoluciones/AUTOS%202021/0245.php?act=img&img=ext_pdf HTTP/1.1" 200 1034
47.128.45.134 - - [06/May/2024:05:53:42 -0500] "GET /BLA/resoluciones/AUTOS%202021/0245.php?act=img&img=ext_txt HTTP/1.1" 200 132
47.128.45.134 - - [06/May/2024:05:53:42 -0500] "GET /BLA/resoluciones/AUTOS%202021/0245.php?act=img&img=ext_diz HTTP/1.1" 200 1027
47.128.45.134 - - [06/May/2024:05:53:42 -0500] "GET /BLA/resoluciones/AUTOS%202021/0245.php?act=img&img=ext_html HTTP/1.1" 200 230
47.128.45.134 - - [06/May/2024:05:53:42 -0500] "GET /BLA/resoluciones/AUTOS%202021/0245.php?act=img&img=change HTTP/1.1" 200 290
47.128.45.134 - - [06/May/2024:05:53:42 -0500] "GET /BLA/resoluciones/AUTOS%202021/0245.php?act=img&img=ext_rtf HTTP/1.1" 200 164
47.128.45.134 - - [06/May/2024:05:53:42 -0500] "GET /BLA/resoluciones/AUTOS%202021/0245.php?act=img&img=ext_ini HTTP/1.1" 200 134
47.128.45.134 - - [06/May/2024:05:53:42 -0500] "GET /BLA/resoluciones/AUTOS%202021/0245.php?act=img&img=download HTTP/1.1" 200 161
216.244.66.195 - - [06/May/2024:05:53:57 -0500] "GET /BLA/resoluciones/AUTOS%202022/1826.pdf HTTP/1.1" 200 423248
216.245.221.92 - - [06/May/2024:05:54:04 -0500] "HEAD / HTTP/1.1" 200 -
47.128.59.69 - - [06/May/2024:05:54:05 -0500] "GET /BLA/resoluciones/AUTOS%202021/0245.php?act=f&f=midama3_5+de+enero.php HTTP/1.1" 200 2755
47.128.22.129 - - [06/May/2024:05:54:30 -0500] "GET /BLA/resoluciones/AUTOS%202021/0245.php?act=f&f=informa5a.php HTTP/1.1" 200 2743
216.244.66.195 - - [06/May/2024:05:54:32 -0500] "GET /BLA/resoluciones/AUTOS%202022/2092.pdf HTTP/1.1" 200 400376
47.128.60.118 - - [06/May/2024:05:54:53 -0500] "GET /BLA/resoluciones/AUTOS%202021/0245.php?act=chmod&f=informa8.php HTTP/1.1" 200 2715
216.244.66.195 - - [06/May/2024:05:55:06 -0500] "GET /BLA/resoluciones/AUTOS%202022/2187.pdf HTTP/1.1" 200 351648
47.128.118.131 - - [06/May/2024:05:55:17 -0500] "GET /BLA/resoluciones/AUTOS%202021/0245.php?act=f&f=proc.php&fullhexdump=1 HTTP/1.1" 200 2739
216.244.66.195 - - [06/May/2024:05:55:40 -0500] "GET /BLA/resoluciones/AUTOS%202022/2604.pdf HTTP/1.1" 200 356421
47.128.58.152 - - [06/May/2024:05:55:42 -0500] "GET /BLA/resoluciones/AUTOS%202021/0245.php?act=f&base64=2&f=ComunicacionesSVCBean.wsdl HTTP/1.1" 200 2752
47.128.34.194 - - [06/May/2024:05:56:06 -0500] "GET /BLA/resoluciones/AUTOS%202021/0245.php?act=chmod&f=ee.php HTTP/1.1" 200 2715
216.244.66.195 - - [06/May/2024:05:56:09 -0500] "GET /BLA/resoluciones/AUTOS%202022/2714.pdf HTTP/1.1" 200 383920
201.245.192.253 - - [06/May/2024:05:56:22 -0500] "POST /kwsrmcab/Wsrmcab  HTTP/1.1" 200 213
47.128.16.170 - - [06/May/2024:05:56:30 -0500] "GET /BLA/resoluciones/AUTOS%202021/0245.php?act=f&f=indice.htm HTTP/1.1" 200 2741
216.244.66.195 - - [06/May/2024:05:56:36 -0500] "GET /BLA/resoluciones/AUTOS%202022/3143.pdf HTTP/1.1" 200 654762
47.128.57.138 - - [06/May/2024:05:56:54 -0500] "GET /BLA/resoluciones/AUTOS%202021/0245.php?act=f&base64=4&f=MERCURY.VIF HTTP/1.1" 200 2745
216.244.66.195 - - [06/May/2024:05:57:03 -0500] "GET /BLA/resoluciones/AUTOS%202022/3410.pdf HTTP/1.1" 200 1393425
47.128.56.98 - - [06/May/2024:05:57:18 -0500] "GET /BLA/resoluciones/AUTOS%202021/0245.php?act=f&base64=3&f=60Sgs_Marzo11.flv HTTP/1.1" 200 2749
216.244.66.195 - - [06/May/2024:05:57:31 -0500] "GET /BLA/resoluciones/AUTOS%202022/4433.pdf HTTP/1.1" 200 2695800
47.128.113.196 - - [06/May/2024:05:57:43 -0500] "GET /BLA/resoluciones/AUTOS%202021/0245.php?act=chmod&f=5303.pdf HTTP/1.1" 200 2901
172.22.2.4 - - [06/May/2024:05:56:07 -0500] "HEAD /BLA/boletinlegal/ HTTP/1.1" 200 -
47.128.22.8 - - [06/May/2024:05:58:07 -0500] "GET /BLA/resoluciones/AUTOS%202021/0245.php?act=chmod&f=conex.php HTTP/1.1" 200 2715
216.244.66.195 - - [06/May/2024:05:58:09 -0500] "GET /BLA/resoluciones/AUTOS%202022/4975.pdf HTTP/1.1" 200 502687
47.128.27.173 - - [06/May/2024:05:58:30 -0500] "GET /BLA/resoluciones/AUTOS%202021/0245.php?act=f&base64=3&f=wp-db.php HTTP/1.1" 200 2741
172.22.2.4 - - [06/May/2024:05:56:58 -0500] "GET /BLA/boletinlegal/ HTTP/1.1" 200 59083
216.244.66.195 - - [06/May/2024:05:58:39 -0500] "GET /BLA/resoluciones/AUTOS%202022/5000.pdf HTTP/1.1" 200 490220
47.128.27.184 - - [06/May/2024:05:58:54 -0500] "GET /BLA/resoluciones/AUTOS%202021/0245.php?act=f&f=evaluate1.php HTTP/1.1" 200 2743
216.245.221.92 - - [06/May/2024:05:59:04 -0500] "HEAD / HTTP/1.1" 200 -
216.244.66.195 - - [06/May/2024:05:59:10 -0500] "GET /BLA/resoluciones/AUTOS%202022/5011.pdf HTTP/1.1" 200 660691
47.128.27.247 - - [06/May/2024:05:59:19 -0500] "GET /BLA/resoluciones/AUTOS%202021/0245.php?act=f&f=2514.tif&white=1 HTTP/1.1" 200 2740
216.244.66.195 - - [06/May/2024:05:59:41 -0500] "GET /BLA/resoluciones/RESOLUCIONES%202011/0173.pdf HTTP/1.1" 200 166669
47.128.124.94 - - [06/May/2024:05:59:43 -0500] "GET /BLA/resoluciones/AUTOS%202021/0245.php?act=f&f=estado.php&fullhexdump=1 HTTP/1.1" 200 2741
47.128.36.215 - - [06/May/2024:06:00:07 -0500] "GET /BLA/resoluciones/AUTOS%202021/0245.php?act=f&c=1&f=winpm-32.exe HTTP/1.1" 200 2743
216.244.66.195 - - [06/May/2024:06:00:08 -0500] "GET /BLA/resoluciones/RESOLUCIONES%202011/0579.pdf HTTP/1.1" 200 70827
47.128.36.245 - - [06/May/2024:06:00:32 -0500] "GET /BLA/resoluciones/AUTOS%202021/0245.php?act=f&f=4226.pdf&fullhexdump=1 HTTP/1.1" 200 3034
47.128.36.245 - - [06/May/2024:06:00:33 -0500] "GET /BLA/resoluciones/AUTOS%202021/0245.php?act=img&img=ext_exe HTTP/1.1" 200 118
47.128.36.245 - - [06/May/2024:06:00:33 -0500] "GET /BLA/resoluciones/AUTOS%202021/0245.php?act=img&img=ext_txt HTTP/1.1" 200 132
47.128.36.245 - - [06/May/2024:06:00:33 -0500] "GET /BLA/resoluciones/AUTOS%202021/0245.php?act=img&img=ext_diz HTTP/1.1" 200 1027
47.128.36.245 - - [06/May/2024:06:00:33 -0500] "GET /BLA/resoluciones/AUTOS%202021/0245.php?act=img&img=ext_pdf HTTP/1.1" 200 1034
47.128.36.245 - - [06/May/2024:06:00:33 -0500] "GET /BLA/resoluciones/AUTOS%202021/0245.php?act=img&img=ext_html HTTP/1.1" 200 230
47.128.36.245 - - [06/May/2024:06:00:33 -0500] "GET /BLA/resoluciones/AUTOS%202021/0245.php?act=img&img=ext_gif HTTP/1.1" 200 175
47.128.36.245 - - [06/May/2024:06:00:33 -0500] "GET /BLA/resoluciones/AUTOS%202021/0245.php?act=img&img=download HTTP/1.1" 200 161
47.128.36.245 - - [06/May/2024:06:00:33 -0500] "GET /BLA/resoluciones/AUTOS%202021/0245.php?act=img&img=ext_rtf HTTP/1.1" 200 164
47.128.36.245 - - [06/May/2024:06:00:33 -0500] "GET /BLA/resoluciones/AUTOS%202021/0245.php?act=img&img=ext_ini HTTP/1.1" 200 134
47.128.36.245 - - [06/May/2024:06:00:33 -0500] "GET /BLA/resoluciones/AUTOS%202021/0245.php?act=img&img=change HTTP/1.1" 200 290
216.244.66.195 - - [06/May/2024:06:00:34 -0500] "GET /BLA/resoluciones/RESOLUCIONES%202011/0639.pdf HTTP/1.1" 200 418512
47.128.41.40 - - [06/May/2024:06:00:55 -0500] "GET /BLA/resoluciones/AUTOS%202021/0245.php?act=f&base64=3&f=VC_RED.MSI HTTP/1.1" 200 2744
216.244.66.195 - - [06/May/2024:06:01:00 -0500] "GET /BLA/resoluciones/RESOLUCIONES%202011/0732.pdf HTTP/1.1" 200 247574
47.128.25.9 - - [06/May/2024:06:01:19 -0500] "GET /BLA/resoluciones/AUTOS%202021/0245.php?act=f&f=4232.pdf&fullhexdump=1 HTTP/1.1" 200 3034
47.128.25.9 - - [06/May/2024:06:01:20 -0500] "GET /BLA/resoluciones/AUTOS%202021/0245.php?act=img&img=ext_exe HTTP/1.1" 200 118
47.128.25.9 - - [06/May/2024:06:01:20 -0500] "GET /BLA/resoluciones/AUTOS%202021/0245.php?act=img&img=ext_pdf HTTP/1.1" 200 1034
47.128.25.9 - - [06/May/2024:06:01:20 -0500] "GET /BLA/resoluciones/AUTOS%202021/0245.php?act=img&img=ext_diz HTTP/1.1" 200 1027
47.128.25.9 - - [06/May/2024:06:01:20 -0500] "GET /BLA/resoluciones/AUTOS%202021/0245.php?act=img&img=ext_gif HTTP/1.1" 200 175
47.128.25.9 - - [06/May/2024:06:01:20 -0500] "GET /BLA/resoluciones/AUTOS%202021/0245.php?act=img&img=ext_txt HTTP/1.1" 200 132
47.128.25.9 - - [06/May/2024:06:01:20 -0500] "GET /BLA/resoluciones/AUTOS%202021/0245.php?act=img&img=ext_html HTTP/1.1" 200 230
47.128.25.9 - - [06/May/2024:06:01:21 -0500] "GET /BLA/resoluciones/AUTOS%202021/0245.php?act=img&img=download HTTP/1.1" 200 161
47.128.25.9 - - [06/May/2024:06:01:21 -0500] "GET /BLA/resoluciones/AUTOS%202021/0245.php?act=img&img=change HTTP/1.1" 200 290
47.128.25.9 - - [06/May/2024:06:01:21 -0500] "GET /BLA/resoluciones/AUTOS%202021/0245.php?act=img&img=ext_rtf HTTP/1.1" 200 164
47.128.25.9 - - [06/May/2024:06:01:21 -0500] "GET /BLA/resoluciones/AUTOS%202021/0245.php?act=img&img=ext_ini HTTP/1.1" 200 134
201.245.192.253 - - [06/May/2024:06:01:21 -0500] "POST /kwsrmcab/Wsrmcab  HTTP/1.1" 200 213
216.244.66.195 - - [06/May/2024:06:01:24 -0500] "GET /BLA/resoluciones/RESOLUCIONES%202011/0752.pdf HTTP/1.1" 200 397252
47.128.52.36 - - [06/May/2024:06:01:45 -0500] "GET /BLA/resoluciones/AUTOS%202021/0245.php?act=f&f=version.bat&fullhexdump=1 HTTP/1.1" 200 2741
216.244.66.195 - - [06/May/2024:06:01:48 -0500] "GET /BLA/resoluciones/RESOLUCIONES%202011/0872.pdf HTTP/1.1" 200 256913
47.128.56.38 - - [06/May/2024:06:02:08 -0500] "GET /BLA/resoluciones/AUTOS%202021/0245.php?act=f&c=1&f=YNLLSCPH.CNM HTTP/1.1" 200 2746
216.244.66.195 - - [06/May/2024:06:02:10 -0500] "GET /BLA/resoluciones/RESOLUCIONES%202011/1312.pdf HTTP/1.1" 200 71379
216.244.66.195 - - [06/May/2024:06:02:31 -0500] "GET /BLA/resoluciones/RESOLUCIONES%202011/1506.pdf HTTP/1.1" 200 74617
47.128.23.228 - - [06/May/2024:06:02:34 -0500] "GET /BLA/resoluciones/AUTOS%202021/0245.php?act=img&img=ext_tif HTTP/1.1" 200 175
47.128.23.228 - - [06/May/2024:06:02:34 -0500] "GET /BLA/resoluciones/AUTOS%202021/0245.php?act=img&img=ext_diz HTTP/1.1" 200 1027
47.128.23.228 - - [06/May/2024:06:02:34 -0500] "GET /BLA/resoluciones/AUTOS%202021/0245.php?act=img&img=ext_html HTTP/1.1" 200 230
47.128.23.228 - - [06/May/2024:06:02:34 -0500] "GET /BLA/resoluciones/AUTOS%202021/0245.php?act=img&img=ext_txt HTTP/1.1" 200 132
47.128.23.228 - - [06/May/2024:06:02:34 -0500] "GET /BLA/resoluciones/AUTOS%202021/0245.php?act=img&img=ext_exe HTTP/1.1" 200 118
47.128.23.228 - - [06/May/2024:06:02:34 -0500] "GET /BLA/resoluciones/AUTOS%202021/0245.php?act=img&img=ext_rtf HTTP/1.1" 200 164
47.128.23.228 - - [06/May/2024:06:02:34 -0500] "GET /BLA/resoluciones/AUTOS%202021/0245.php?act=img&img=ext_gif HTTP/1.1" 200 175
47.128.23.228 - - [06/May/2024:06:02:34 -0500] "GET /BLA/resoluciones/AUTOS%202021/0245.php?act=img&img=download HTTP/1.1" 200 161
47.128.23.228 - - [06/May/2024:06:02:35 -0500] "GET /BLA/resoluciones/AUTOS%202021/0245.php?act=img&img=ext_ini HTTP/1.1" 200 134
47.128.23.228 - - [06/May/2024:06:02:35 -0500] "GET /BLA/resoluciones/AUTOS%202021/0245.php?act=img&img=change HTTP/1.1" 200 290
47.128.23.228 - - [06/May/2024:06:02:32 -0500] "GET /BLA/resoluciones/AUTOS%202021/0245.php?act=f&d=E%3A%5Cnuevo%5Chtdocs%5CBLA%5Cresoluciones%5CRESOLUCIONES+2006%5CRES+2006+351-400%5C&f=00000355.tif HTTP/1.1" 200 17591
216.244.66.195 - - [06/May/2024:06:02:51 -0500] "GET /BLA/resoluciones/RESOLUCIONES%202011/1549.pdf HTTP/1.1" 200 73117
47.128.59.197 - - [06/May/2024:06:02:56 -0500] "GET /BLA/resoluciones/AUTOS%202021/0245.php?act=chmod&f=informa5.php HTTP/1.1" 200 2715
216.244.66.195 - - [06/May/2024:06:03:10 -0500] "GET /BLA/resoluciones/RESOLUCIONES%202011/1952.pdf HTTP/1.1" 200 283939
47.128.124.137 - - [06/May/2024:06:03:20 -0500] "GET /BLA/resoluciones/AUTOS%202021/0245.php?act=f&base64=3&f=bitnami.css HTTP/1.1" 200 2742
216.244.66.195 - - [06/May/2024:06:03:29 -0500] "GET /BLA/resoluciones/RESOLUCIONES%202011/2095.pdf HTTP/1.1" 200 373357
172.22.2.4 - - [06/May/2024:06:01:57 -0500] "HEAD /BLA/boletinlegal/ HTTP/1.1" 200 -
47.128.32.88 - - [06/May/2024:06:03:44 -0500] "GET /BLA/resoluciones/AUTOS%202021/0245.php?act=chmod&f=svg-painter.min.js HTTP/1.1" 200 2715
216.244.66.195 - - [06/May/2024:06:03:47 -0500] "GET /BLA/resoluciones/RESOLUCIONES%202011/2096.pdf HTTP/1.1" 200 374505
216.244.66.195 - - [06/May/2024:06:04:03 -0500] "GET /BLA/resoluciones/AUTOS%202008/0460.pdf HTTP/1.1" 200 101849
216.245.221.92 - - [06/May/2024:06:04:04 -0500] "HEAD / HTTP/1.1" 200 -
47.128.42.0 - - [06/May/2024:06:04:09 -0500] "GET /BLA/resoluciones/AUTOS%202021/0245.php?act=f&f=legis6.php HTTP/1.1" 200 2742
216.244.66.195 - - [06/May/2024:06:04:19 -0500] "GET /BLA/resoluciones/AUTOS%202008/0546.pdf HTTP/1.1" 200 97727
172.22.2.4 - - [06/May/2024:06:02:48 -0500] "GET /BLA/boletinlegal/ HTTP/1.1" 200 58273
216.244.66.195 - - [06/May/2024:06:04:33 -0500] "GET /BLA/resoluciones/AUTOS%202008/0571.pdf HTTP/1.1" 200 95897
47.128.23.228 - - [06/May/2024:06:04:33 -0500] "GET /BLA/resoluciones/AUTOS%202021/0245.php?act=chmod&f=sonido.mp3 HTTP/1.1" 200 2715
216.244.66.195 - - [06/May/2024:06:04:46 -0500] "GET /BLA/resoluciones/AUTOS%202008/0620.pdf HTTP/1.1" 200 108075
47.128.98.93 - - [06/May/2024:06:04:57 -0500] "GET /BLA/resoluciones/AUTOS%202021/0245.php?act=f&base64=1&f=editor.js HTTP/1.1" 200 2739
216.244.66.195 - - [06/May/2024:06:04:58 -0500] "GET /BLA/resoluciones/AUTOS%202008/0658.pdf HTTP/1.1" 200 104920
216.244.66.195 - - [06/May/2024:06:05:10 -0500] "GET /BLA/resoluciones/AUTOS%202008/0775.pdf HTTP/1.1" 200 78440
216.244.66.195 - - [06/May/2024:06:05:20 -0500] "GET /BLA/resoluciones/AUTOS%202008/0841.pdf HTTP/1.1" 200 69431
47.128.59.12 - - [06/May/2024:06:05:21 -0500] "GET /BLA/resoluciones/AUTOS%202021/0245.php?act=f&base64=3&f=metalmecanica.swf HTTP/1.1" 200 2747
216.244.66.195 - - [06/May/2024:06:05:29 -0500] "GET /BLA/resoluciones/AUTOS%202008/0941.pdf HTTP/1.1" 200 110340
216.244.66.195 - - [06/May/2024:06:05:37 -0500] "GET /BLA/resoluciones/AUTOS%202008/1003.pdf HTTP/1.1" 200 78796
216.244.66.195 - - [06/May/2024:06:05:44 -0500] "GET /BLA/resoluciones/AUTOS%202008/1150.pdf HTTP/1.1" 200 96013
47.128.23.44 - - [06/May/2024:06:05:47 -0500] "GET /BLA/resoluciones/AUTOS%202021/0245.php?act=f&f=informa10.php HTTP/1.1" 200 2743
216.244.66.195 - - [06/May/2024:06:05:50 -0500] "GET /BLA/resoluciones/AUTOS%202008/1459.pdf HTTP/1.1" 200 96619
216.244.66.195 - - [06/May/2024:06:06:01 -0500] "GET /BLA/resoluciones/AUTOS%202008/1819.pdf HTTP/1.1" 200 87636
216.244.66.195 - - [06/May/2024:06:06:08 -0500] "GET /BLA/resoluciones/AUTOS%202008/1898.pdf HTTP/1.1" 200 85951
47.128.36.109 - - [06/May/2024:06:06:09 -0500] "GET /BLA/resoluciones/AUTOS%202021/0245.php?act=chmod&f=legisa.php HTTP/1.1" 200 2715
216.244.66.195 - - [06/May/2024:06:06:14 -0500] "GET /BLA/resoluciones/AUTOS%202008/1917.pdf HTTP/1.1" 200 76467
216.244.66.195 - - [06/May/2024:06:06:20 -0500] "GET /BLA/resoluciones/AUTOS%202008/1938.pdf HTTP/1.1" 200 119869
201.245.192.253 - - [06/May/2024:06:06:20 -0500] "POST /kwsrmcab/Wsrmcab  HTTP/1.1" 200 213
216.244.66.195 - - [06/May/2024:06:06:25 -0500] "GET /BLA/resoluciones/AUTOS%202008/1942.pdf HTTP/1.1" 200 110074
216.244.66.195 - - [06/May/2024:06:06:30 -0500] "GET /BLA/resoluciones/AUTOS%202013/0250.pdf HTTP/1.1" 200 329010
47.128.98.79 - - [06/May/2024:06:06:33 -0500] "GET /BLA/resoluciones/AUTOS%202021/0245.php?act=f&f=mn_date.gif HTTP/1.1" 200 2742
216.244.66.195 - - [06/May/2024:06:06:34 -0500] "GET /BLA/resoluciones/AUTOS%202013/0339.pdf HTTP/1.1" 200 2806128
66.249.66.20 - - [06/May/2024:06:06:36 -0500] "GET /robots.txt HTTP/1.1" 404 1018
66.249.66.20 - - [06/May/2024:06:06:36 -0500] "GET /BLA/resoluciones/Notificaciones/AUTOS%202023/4335.pdf HTTP/1.1" 200 405108
216.244.66.195 - - [06/May/2024:06:06:45 -0500] "GET /BLA/resoluciones/AUTOS%202013/0715.pdf HTTP/1.1" 200 2882239
181.55.152.144 - - [06/May/2024:06:06:51 -0500] "GET /kwssiamovil/sm/ldap/au?x=U2FsdGVkX19boCa7kQhjIHYVlKilxjGZWyvqsnTZrdvmOEsNAu22GWivQm+AWKt5&y=U2FsdGVkX18sj1BdngzWYu3ku3jqiAEcI7othIIU8KJWenryStkDjbMli/qg5rY1 HTTP/1.1" 200 30
181.55.152.144 - - [06/May/2024:06:06:51 -0500] "GET /kwssiamovil/sm/acme/s?s=U2FsdGVkX1/0+ZXjFrsymTPTGysQSgxGKcdcOHO02b5cXARE5qdQJvDjHXqjawOzwQGa5777D4c/DUhoWipCFSV4Zf/W+g8Wk50GsmyXmZM=&u=U2FsdGVkX19APm5o95ykuLuYQfjJMpmFQlhs9Yqx6j0=&y=U2FsdGVkX18sj1BdngzWYu3ku3jqiAEcI7othIIU8KJWenryStkDjbMli/qg5rY1 HTTP/1.1" 200 97
181.55.152.144 - - [06/May/2024:06:06:51 -0500] "GET /kwssiamovil/sm/acme/s?s=U2FsdGVkX196u0EAi1/w/Oipux/R6bGH4SQ9O4teOYOVP1wHFYmjuwT15Ea94eKxomSE4fKhKnP2KDtPx3Zbr/wKRd83V4pBFJDptVml9ipZhtZj3aBXtW49RPweIgADDlq90SFW18xbH8iP7ZitMcS+47sS/Vy2hvgLWSoIlrmzSIpNQxNac3yLrXca1afkcPvJxuHBVcdDjltNCTswHH9jLpJ2XEdiAhkJUAoJpmE2e38bIWX4kQ0dNaLj50cLYpb1JGLWdpleEnDw/agpOak64h6n2V0byFft2jeiWDQzg2VE7webz0nUkJmjni285M65tsCIdkEVwOU//fhbw+8XAx4xBp2448fRYHOF6ZJJ8atBOAnsn+B5krWtrbrHro5T0PO5uUEqfOIsJSBOGYZPpE5ir+wIF3XcnA7JhL94I9hFo7ts8E7/puKBvA5myUficd3sJiXpkHqFk9iisMXk/Js/3CmGgnsbVZ5M3PA61iUPTsWa0nqaAapKP5/luFxJXu3gyC96kpo8mjAls8Xto8jZnvtnR//YUDfDUxKfFZDSQR5YMGSEdNS6vfO2DJl9mgGgyu2a0rn4kggWWWEF2bKL3ZaqSFYljmwjfTrlbcntIBc70N3Gg3d9Sa6R2UzYDGg7ikvHzDqsDyiFapQMUCMmfJ7jABR3u/aivB8QTZPXAf2CjUCX4bpO9jMd1Ylp2TPmJfoIgse0I9l8BvzGJcnDDYcfzyCSXcD51nOFSKpFREcuZN13AJ7EwnxFJyKcKF1KrPiwLShruQLzyyoUWctJLAqkyZKGD/GWCYq6Bq0zHbXlpZf2gth4qQDyHr4CZrrggOy5vZ9ThaR95025JqacuTw8rWhetvSEgudU0b6qroZdu4k0fz3yYVLmVILQZYo8KBs9iElmeNAMyGbo30FRmJFtj9bKVPw99r0V3TEuAuEiEbEZuKxViJnhP8M1wFvT4tAscosaw5EN4+cla3Kjy4W70wd/PAaZTMCm5Ek8VAkI3g+hjnQraVKFNAo09TqIOgN4ELD0xyvYllOD8ojR5HLs6f+lEdG8BVIvxfH9w6C3Y5j83Sg9gnG2FhrieO3FQoaO3aTRieTB0O2cGUOHrhZ5NQZ23G/fD3Mh+l0SQhG93ED5Ol3Dvq00aK5euQLwgTQdIVqlolpm5nvn6O8fA4q46w+LTRqogW8mbZE6zN+9kG0WMxaRmfpDIXCSt5VrzIDb0dfcUiH7ayEYi4PDUr5WRsQgu7bQgPimLvUc8ogr2ygPXcpy4R2oH+J+8SveAYSWUUISRtD9CV3wKVqjA5TpR3FZ+95jXTQQVasYSQ0z10MMvnE4QrqDQPOWKA7oPFsDlO6n6HFU/KicOYeFahRrjGZBpDcKlPu3sDDpWfj8av8VaMf3m0GoAWzhdZyB2NSI8GcxRDFRTVYihxM4KavLEOpFvcXLevbfa1+vltiza9+IKPyECS9b3cdEBkewlrl/Hp1ReP3D7feo6xO6VOCVuWO7gDf3jFnZSJMsr/DNiKksdZmzV1zJNIT/hSLVUoZZ+9JG18Yg7RJkk3P07oRrBXukh5VpWbgl3o/7WAWN9bVnhDv85aTw4VgGOBqIVD/km5aYw853UTABL5sFla38D+ab+T9os909Tv1gfCZWSiT7JAzOuM38hnTkB1QV4SAmPYMH5SzjI+uV55EvRZTMWXNK8Jkv38FsBjEv/Jdf9u9odea2Ox6nO70kr/rdMpoI/YWVSckyq2sXkQ+/S8X0m5d+blakhLY=&u=U2FsdGVkX19APm5o95ykuLuYQfjJMpmFQlhs9Yqx6j0=&y=U2FsdGVkX18sj1BdngzWYu3ku3jqiAEcI7othIIU8KJWenryStkDjbMli/qg5rY1 HTTP/1.1" 200 1649
181.55.152.144 - - [06/May/2024:06:06:51 -0500] "GET /kwssiamovil/sm/acme/s?s=U2FsdGVkX1/tpCVva/GyM1/y2x+Km7mgDHk7+roR8g5j12SjR98GGfqOAWqIWwSgWv4S/ppg0DhZU8atJ36/lGvcfHwDMmLLWhJLRtz59dRaGVf9zEmB8t9FfH4YdxU//gCdHu8IkYaWoSC1asgMJtXFEgfYVuacxYYDFlZJHM0ntArOqCH7B1OYqmhTYfIBUuVQRKhoZ5D1vgAJvQl9esMAjvGGcS6pDewaL4z0ArnUjWiHOw87BZFsTiqtDFrCH3wrcDTeqfPX32C8+tdFCP9XvIcyjy4TBLMj4lz7K6J2dC05P8RZZdP6gEFXuGUKQ7rfg9gP2St0eBOCElBYWEIapGyoY4KRec5QXv01ogRidEAP1FuekbxoHRAnGe7NoRhbqz8iHpplgjOJVkIVPLQoV0obw8ISAsq0D7ujt271rhcPgpMKojFPQZ9MtqMl0PnDN3cw8CUb+0Fl659UcNNGbHveheOvEyfG6i6UWEml7eWUx1ibWzj8Vz25kSV7n70d1zujyMo4mBduWWlIW3voMajbxemNq56xdUK20HC3lHQrU2TtxvlxY+yOIk1OHEO3DYlbGNQFuuUgicKpF1UZjaUhcUg7E85z9hNS2q1qoRNnECmDaJb+a+2K0Wj7JDnu4BFOJtLYVn0tg4XEHSya47Ndoy8LID6UBSDQIc9gkSxiIRxAj/Rpiu9EBb374rKPcjJqV119jC8EO7gKtXIJSRyp6uqQ2B2V3bJa1PYsrjuhRLETMGpnhu2ncz2D&u=U2FsdGVkX19APm5o95ykuLuYQfjJMpmFQlhs9Yqx6j0=&y=U2FsdGVkX18sj1BdngzWYu3ku3jqiAEcI7othIIU8KJWenryStkDjbMli/qg5rY1 HTTP/1.1" 200 208
181.55.152.144 - - [06/May/2024:06:06:52 -0500] "GET /kwssiamovil/sm/cjson/pre?f=1&x=U2FsdGVkX19boCa7kQhjIHYVlKilxjGZWyvqsnTZrdvmOEsNAu22GWivQm+AWKt5 HTTP/1.1" 200 30244
47.128.115.206 - - [06/May/2024:06:06:59 -0500] "GET /BLA/resoluciones/AUTOS%202021/0245.php?act=f&f=webdam.htm HTTP/1.1" 200 2742
216.244.66.195 - - [06/May/2024:06:07:09 -0500] "GET /BLA/resoluciones/AUTOS%202013/1373.pdf HTTP/1.1" 200 2034068
47.128.116.192 - - [06/May/2024:06:07:23 -0500] "GET /BLA/resoluciones/AUTOS%202021/0245.php?act=chmod&f=3962.pdf HTTP/1.1" 200 2901
172.22.2.4 - - [06/May/2024:06:07:36 -0500] "GET /BLA/boletinlegal/robots.txt HTTP/1.1" 404 1038
216.244.66.195 - - [06/May/2024:06:07:40 -0500] "GET /BLA/resoluciones/AUTOS%202013/2335.pdf HTTP/1.1" 200 1913330
47.128.115.16 - - [06/May/2024:06:07:47 -0500] "GET /BLA/resoluciones/AUTOS%202021/0245.php?act=f&f=int.gif HTTP/1.1" 200 2739
216.244.66.195 - - [06/May/2024:06:08:07 -0500] "GET /BLA/resoluciones/AUTOS%202013/2336.pdf HTTP/1.1" 200 757556
47.128.114.185 - - [06/May/2024:06:08:10 -0500] "GET /BLA/resoluciones/AUTOS%202021/0245.php?act=f&f=2.html HTTP/1.1" 200 2738
216.244.66.195 - - [06/May/2024:06:08:32 -0500] "GET /BLA/resoluciones/AUTOS%202013/2386.pdf HTTP/1.1" 200 1764932
47.128.114.208 - - [06/May/2024:06:08:34 -0500] "GET /BLA/resoluciones/AUTOS%202021/0245.php?act=f&f=phpAF2C.tmp HTTP/1.1" 200 2743
47.128.114.233 - - [06/May/2024:06:08:58 -0500] "GET /BLA/resoluciones/AUTOS%202021/0245.php?act=f&base64=4&f=NOTEMPTY HTTP/1.1" 200 2741
216.245.221.92 - - [06/May/2024:06:09:04 -0500] "HEAD / HTTP/1.1" 200 -
216.244.66.195 - - [06/May/2024:06:09:12 -0500] "GET /BLA/resoluciones/AUTOS%202013/2620.pdf HTTP/1.1" 200 885227
172.22.2.4 - - [06/May/2024:06:07:38 -0500] "GET /BLA/boletinlegal/index.php HTTP/1.1" 200 50303
47.128.114.235 - - [06/May/2024:06:09:23 -0500] "GET /BLA/resoluciones/AUTOS%202021/0245.php?act=f&f=lavanderias.swf&white=1 HTTP/1.1" 200 2745
172.22.2.4 - - [06/May/2024:06:07:47 -0500] "HEAD /BLA/boletinlegal/ HTTP/1.1" 200 -
216.244.66.195 - - [06/May/2024:06:09:43 -0500] "GET /BLA/resoluciones/AUTOS%202013/2767.pdf HTTP/1.1" 200 1898361
47.128.114.216 - - [06/May/2024:06:09:47 -0500] "GET /BLA/resoluciones/AUTOS%202021/0245.php?act=f&f=mn_italic.gif HTTP/1.1" 200 2743
47.128.115.72 - - [06/May/2024:06:10:11 -0500] "GET /BLA/resoluciones/AUTOS%202021/0245.php?act=f&base64=4&f=tbl_export.php HTTP/1.1" 200 2745
172.22.2.4 - - [06/May/2024:06:08:38 -0500] "GET /BLA/boletinlegal/ HTTP/1.1" 200 54913
216.244.66.195 - - [06/May/2024:06:10:35 -0500] "GET /BLA/resoluciones/AUTOS%202014/0142.pdf HTTP/1.1" 200 464111
47.128.24.65 - - [06/May/2024:06:10:39 -0500] "GET /BLA/resoluciones/AUTOS%202021/0245.php?act=chmod&f=legis6.php HTTP/1.1" 200 2715
66.249.77.99 - - [06/May/2024:06:10:53 -0500] "GET /inventario- HTTP/1.1" 404 1034
47.128.17.222 - - [06/May/2024:06:10:59 -0500] "GET /BLA/resoluciones/AUTOS%202021/0245.php?act=f&f=usermgr.php&white=1 HTTP/1.1" 200 2742
216.244.66.195 - - [06/May/2024:06:11:08 -0500] "GET /BLA/resoluciones/AUTOS%202014/0465.pdf HTTP/1.1" 200 494368
201.245.192.253 - - [06/May/2024:06:11:17 -0500] "POST /kwsrmcab/Wsrmcab  HTTP/1.1" 200 213
47.128.115.247 - - [06/May/2024:06:11:23 -0500] "GET /BLA/resoluciones/AUTOS%202021/0245.php?act=f&f=sia1.php HTTP/1.1" 200 2740
216.244.66.195 - - [06/May/2024:06:11:48 -0500] "GET /BLA/resoluciones/AUTOS%202014/1023.pdf HTTP/1.1" 200 617825
47.128.115.68 - - [06/May/2024:06:11:50 -0500] "GET /BLA/resoluciones/AUTOS%202021/0245.php?act=chmod&f=editxt.php HTTP/1.1" 200 2715
40.77.167.60 - - [06/May/2024:06:12:09 -0500] "GET /BLA/resoluciones/AUTOS%202018/3392.pdf HTTP/1.1" 304 -
47.128.22.140 - - [06/May/2024:06:12:12 -0500] "GET /BLA/resoluciones/AUTOS%202021/0245.php?act=chmod&f=requirererase.php HTTP/1.1" 200 2715
216.244.66.195 - - [06/May/2024:06:12:21 -0500] "GET /BLA/resoluciones/AUTOS%202014/1095.pdf HTTP/1.1" 200 469494
47.128.42.246 - - [06/May/2024:06:12:39 -0500] "GET /BLA/resoluciones/AUTOS%202021/0245.php?act=f&f=map.jpg HTTP/1.1" 200 2740
216.244.66.195 - - [06/May/2024:06:12:58 -0500] "GET /BLA/resoluciones/AUTOS%202015/0920.pdf HTTP/1.1" 200 623026
47.128.22.139 - - [06/May/2024:06:13:00 -0500] "GET /BLA/resoluciones/AUTOS%202021/0245.php?act=f&f=00436.pdf HTTP/1.1" 200 2742
47.128.96.11 - - [06/May/2024:06:13:24 -0500] "GET /BLA/resoluciones/AUTOS%202021/0245.php?act=f&base64=3&f=mysql_charsets.lib.php HTTP/1.1" 200 2749
216.244.66.195 - - [06/May/2024:06:13:31 -0500] "GET /BLA/resoluciones/AUTOS%202015/0947.pdf HTTP/1.1" 200 711028
47.128.22.0 - - [06/May/2024:06:13:50 -0500] "GET /BLA/resoluciones/AUTOS%202021/0245.php?act=chmod&f=FLVPlayer_Progressive.swf HTTP/1.1" 200 2715
216.244.66.195 - - [06/May/2024:06:14:00 -0500] "GET /BLA/resoluciones/AUTOS%202015/1144.pdf HTTP/1.1" 200 768766
216.245.221.92 - - [06/May/2024:06:14:04 -0500] "HEAD / HTTP/1.1" 200 -
47.128.124.143 - - [06/May/2024:06:14:12 -0500] "GET /BLA/resoluciones/AUTOS%202021/0245.php?act=f&f=2561.pdf&white=1 HTTP/1.1" 200 3035
47.128.124.143 - - [06/May/2024:06:14:13 -0500] "GET /BLA/resoluciones/AUTOS%202021/0245.php?act=img&img=ext_txt HTTP/1.1" 200 132
47.128.124.143 - - [06/May/2024:06:14:13 -0500] "GET /BLA/resoluciones/AUTOS%202021/0245.php?act=img&img=ext_gif HTTP/1.1" 200 175
47.128.124.143 - - [06/May/2024:06:14:13 -0500] "GET /BLA/resoluciones/AUTOS%202021/0245.php?act=img&img=ext_pdf HTTP/1.1" 200 1034
47.128.124.143 - - [06/May/2024:06:14:13 -0500] "GET /BLA/resoluciones/AUTOS%202021/0245.php?act=img&img=ext_diz HTTP/1.1" 200 1027
47.128.124.143 - - [06/May/2024:06:14:13 -0500] "GET /BLA/resoluciones/AUTOS%202021/0245.php?act=img&img=ext_exe HTTP/1.1" 200 118
47.128.124.143 - - [06/May/2024:06:14:13 -0500] "GET /BLA/resoluciones/AUTOS%202021/0245.php?act=img&img=ext_html HTTP/1.1" 200 230
47.128.124.143 - - [06/May/2024:06:14:14 -0500] "GET /BLA/resoluciones/AUTOS%202021/0245.php?act=img&img=change HTTP/1.1" 200 290
47.128.124.143 - - [06/May/2024:06:14:14 -0500] "GET /BLA/resoluciones/AUTOS%202021/0245.php?act=img&img=download HTTP/1.1" 200 161
47.128.124.143 - - [06/May/2024:06:14:14 -0500] "GET /BLA/resoluciones/AUTOS%202021/0245.php?act=img&img=ext_rtf HTTP/1.1" 200 164
47.128.124.143 - - [06/May/2024:06:14:14 -0500] "GET /BLA/resoluciones/AUTOS%202021/0245.php?act=img&img=ext_ini HTTP/1.1" 200 134
47.128.43.129 - - [06/May/2024:06:14:37 -0500] "GET /BLA/resoluciones/AUTOS%202021/0245.php?act=chmod&f=ee2.php HTTP/1.1" 200 2715
40.77.167.60 - - [06/May/2024:06:14:42 -0500] "GET /Publicaciones/2024EE20323.pdf HTTP/1.1" 404 227
216.244.66.195 - - [06/May/2024:06:14:42 -0500] "GET /BLA/resoluciones/AUTOS%202015/1378.pdf HTTP/1.1" 200 620415
47.128.43.136 - - [06/May/2024:06:15:01 -0500] "GET /BLA/resoluciones/AUTOS%202021/0245.php?act=f&f=17_diagnostico4_sinopsis.jpg&imgsize=50 HTTP/1.1" 200 2757
172.22.2.4 - - [06/May/2024:06:13:37 -0500] "HEAD /BLA/boletinlegal/ HTTP/1.1" 200 -
216.244.66.195 - - [06/May/2024:06:15:20 -0500] "GET /BLA/resoluciones/AUTOS%202015/1450.pdf HTTP/1.1" 200 858169
47.128.48.243 - - [06/May/2024:06:15:26 -0500] "GET /BLA/resoluciones/AUTOS%202021/0245.php?act=f&base64=3&f=6217.pdf HTTP/1.1" 200 3034
47.128.48.243 - - [06/May/2024:06:15:26 -0500] "GET /BLA/resoluciones/AUTOS%202021/0245.php?act=img&img=ext_diz HTTP/1.1" 200 1027
47.128.48.243 - - [06/May/2024:06:15:26 -0500] "GET /BLA/resoluciones/AUTOS%202021/0245.php?act=img&img=ext_pdf HTTP/1.1" 200 1034
47.128.48.243 - - [06/May/2024:06:15:26 -0500] "GET /BLA/resoluciones/AUTOS%202021/0245.php?act=img&img=ext_exe HTTP/1.1" 200 118
47.128.48.243 - - [06/May/2024:06:15:26 -0500] "GET /BLA/resoluciones/AUTOS%202021/0245.php?act=img&img=ext_gif HTTP/1.1" 200 175
47.128.48.243 - - [06/May/2024:06:15:26 -0500] "GET /BLA/resoluciones/AUTOS%202021/0245.php?act=img&img=ext_txt HTTP/1.1" 200 132
47.128.48.243 - - [06/May/2024:06:15:26 -0500] "GET /BLA/resoluciones/AUTOS%202021/0245.php?act=img&img=ext_html HTTP/1.1" 200 230
47.128.48.243 - - [06/May/2024:06:15:27 -0500] "GET /BLA/resoluciones/AUTOS%202021/0245.php?act=img&img=ext_rtf HTTP/1.1" 200 164
47.128.48.243 - - [06/May/2024:06:15:27 -0500] "GET /BLA/resoluciones/AUTOS%202021/0245.php?act=img&img=download HTTP/1.1" 200 161
47.128.48.243 - - [06/May/2024:06:15:27 -0500] "GET /BLA/resoluciones/AUTOS%202021/0245.php?act=img&img=change HTTP/1.1" 200 290
47.128.48.243 - - [06/May/2024:06:15:27 -0500] "GET /BLA/resoluciones/AUTOS%202021/0245.php?act=img&img=ext_ini HTTP/1.1" 200 134
159.223.225.251 - - [06/May/2024:06:15:47 -0500] "GET / HTTP/1.1" 200 319
47.128.38.186 - - [06/May/2024:06:15:49 -0500] "GET /BLA/resoluciones/AUTOS%202021/0245.php?act=f&f=0236.pdf&white=1 HTTP/1.1" 200 3033
47.128.38.186 - - [06/May/2024:06:15:50 -0500] "GET /BLA/resoluciones/AUTOS%202021/0245.php?act=img&img=ext_pdf HTTP/1.1" 200 1034
47.128.38.186 - - [06/May/2024:06:15:50 -0500] "GET /BLA/resoluciones/AUTOS%202021/0245.php?act=img&img=ext_gif HTTP/1.1" 200 175
47.128.38.186 - - [06/May/2024:06:15:50 -0500] "GET /BLA/resoluciones/AUTOS%202021/0245.php?act=img&img=ext_diz HTTP/1.1" 200 1027
47.128.38.186 - - [06/May/2024:06:15:50 -0500] "GET /BLA/resoluciones/AUTOS%202021/0245.php?act=img&img=ext_exe HTTP/1.1" 200 118
47.128.38.186 - - [06/May/2024:06:15:50 -0500] "GET /BLA/resoluciones/AUTOS%202021/0245.php?act=img&img=ext_txt HTTP/1.1" 200 132
47.128.38.186 - - [06/May/2024:06:15:50 -0500] "GET /BLA/resoluciones/AUTOS%202021/0245.php?act=img&img=ext_html HTTP/1.1" 200 230
47.128.38.186 - - [06/May/2024:06:15:50 -0500] "GET /BLA/resoluciones/AUTOS%202021/0245.php?act=img&img=change HTTP/1.1" 200 290
47.128.38.186 - - [06/May/2024:06:15:50 -0500] "GET /BLA/resoluciones/AUTOS%202021/0245.php?act=img&img=download HTTP/1.1" 200 161
47.128.38.186 - - [06/May/2024:06:15:50 -0500] "GET /BLA/resoluciones/AUTOS%202021/0245.php?act=img&img=ext_rtf HTTP/1.1" 200 164
47.128.38.186 - - [06/May/2024:06:15:50 -0500] "GET /BLA/resoluciones/AUTOS%202021/0245.php?act=img&img=ext_ini HTTP/1.1" 200 134
172.22.2.4 - - [06/May/2024:06:14:28 -0500] "GET /BLA/boletinlegal/ HTTP/1.1" 200 58273
216.244.66.195 - - [06/May/2024:06:16:10 -0500] "GET /BLA/resoluciones/AUTOS%202015/1783.pdf HTTP/1.1" 200 646902
47.128.96.99 - - [06/May/2024:06:16:13 -0500] "GET /BLA/resoluciones/AUTOS%202021/0245.php?act=chmod&f=sist_imgs HTTP/1.1" 200 2715
201.245.192.253 - - [06/May/2024:06:16:16 -0500] "POST /kwsrmcab/Wsrmcab  HTTP/1.1" 200 213
173.252.95.3 - - [06/May/2024:06:16:29 -0500] "GET /distrito-habilita-tres-caminos-en-los-cerros-orientales-para-bienestar-fisico-y-emocional-de-los-ciudadanos.html HTTP/1.1" 200 1033
173.252.95.20 - - [06/May/2024:06:16:29 -0500] "GET /distrito-habilita-tres-caminos-en-los-cerros-orientales-para-bienestar-fisico-y-emocional-de-los-ciudadanos.html HTTP/1.1" 200 1033
47.128.47.10 - - [06/May/2024:06:16:37 -0500] "GET /BLA/resoluciones/AUTOS%202021/0245.php?act=f&base64=4&f=calculadora.php HTTP/1.1" 200 2745
216.244.66.195 - - [06/May/2024:06:16:41 -0500] "GET /BLA/resoluciones/AUTOS%202015/1853.pdf HTTP/1.1" 200 650074
47.128.62.19 - - [06/May/2024:06:17:01 -0500] "GET /BLA/resoluciones/AUTOS%202021/0245.php?act=f&base64=3&f=5303.pdf HTTP/1.1" 200 3031
47.128.62.19 - - [06/May/2024:06:17:02 -0500] "GET /BLA/resoluciones/AUTOS%202021/0245.php?act=img&img=ext_exe HTTP/1.1" 200 118
47.128.62.19 - - [06/May/2024:06:17:02 -0500] "GET /BLA/resoluciones/AUTOS%202021/0245.php?act=img&img=ext_html HTTP/1.1" 200 230
47.128.62.19 - - [06/May/2024:06:17:02 -0500] "GET /BLA/resoluciones/AUTOS%202021/0245.php?act=img&img=ext_txt HTTP/1.1" 200 132
47.128.62.19 - - [06/May/2024:06:17:02 -0500] "GET /BLA/resoluciones/AUTOS%202021/0245.php?act=img&img=ext_diz HTTP/1.1" 200 1027
47.128.62.19 - - [06/May/2024:06:17:02 -0500] "GET /BLA/resoluciones/AUTOS%202021/0245.php?act=img&img=ext_pdf HTTP/1.1" 200 1034
47.128.62.19 - - [06/May/2024:06:17:02 -0500] "GET /BLA/resoluciones/AUTOS%202021/0245.php?act=img&img=ext_gif HTTP/1.1" 200 175
47.128.62.19 - - [06/May/2024:06:17:03 -0500] "GET /BLA/resoluciones/AUTOS%202021/0245.php?act=img&img=change HTTP/1.1" 200 290
47.128.62.19 - - [06/May/2024:06:17:03 -0500] "GET /BLA/resoluciones/AUTOS%202021/0245.php?act=img&img=ext_ini HTTP/1.1" 200 134
47.128.62.19 - - [06/May/2024:06:17:03 -0500] "GET /BLA/resoluciones/AUTOS%202021/0245.php?act=img&img=download HTTP/1.1" 200 161
47.128.62.19 - - [06/May/2024:06:17:03 -0500] "GET /BLA/resoluciones/AUTOS%202021/0245.php?act=img&img=ext_rtf HTTP/1.1" 200 164
47.128.97.117 - - [06/May/2024:06:17:26 -0500] "GET /BLA/resoluciones/AUTOS%202021/0245.php?act=chmod&f=OptionsPropertyOneItem.class.php HTTP/1.1" 200 2715
47.128.97.129 - - [06/May/2024:06:17:50 -0500] "GET /BLA/resoluciones/AUTOS%202021/0245.php?act=f&f=default-widgets.php HTTP/1.1" 200 2746
52.167.144.138 - - [06/May/2024:06:17:57 -0500] "GET /mas-de-179-individuos-de-aves-fueron-avistados-en-el-global-big-day.html HTTP/1.1" 200 786
47.128.21.54 - - [06/May/2024:06:18:14 -0500] "GET /BLA/resoluciones/AUTOS%202021/0245.php?act=f&c=1&f=2201.tif HTTP/1.1" 200 2740
201.245.192.253 - - [06/May/2024:06:18:17 -0500] "POST /kwsrmcab/Wsrmcab HTTP/1.1" 200 39119
201.245.192.253 - - [06/May/2024:06:18:19 -0500] "POST /kwsrmcab/Wsrmcab HTTP/1.1" 200 33659
47.128.48.206 - - [06/May/2024:06:18:38 -0500] "GET /BLA/resoluciones/AUTOS%202021/0245.php?act=f&base64=2&f=5058.pdf HTTP/1.1" 200 3033
47.128.48.206 - - [06/May/2024:06:18:39 -0500] "GET /BLA/resoluciones/AUTOS%202021/0245.php?act=img&img=ext_gif HTTP/1.1" 200 175
47.128.48.206 - - [06/May/2024:06:18:39 -0500] "GET /BLA/resoluciones/AUTOS%202021/0245.php?act=img&img=ext_txt HTTP/1.1" 200 132
47.128.48.206 - - [06/May/2024:06:18:39 -0500] "GET /BLA/resoluciones/AUTOS%202021/0245.php?act=img&img=ext_pdf HTTP/1.1" 200 1034
47.128.48.206 - - [06/May/2024:06:18:39 -0500] "GET /BLA/resoluciones/AUTOS%202021/0245.php?act=img&img=ext_exe HTTP/1.1" 200 118
47.128.48.206 - - [06/May/2024:06:18:39 -0500] "GET /BLA/resoluciones/AUTOS%202021/0245.php?act=img&img=ext_diz HTTP/1.1" 200 1027
47.128.48.206 - - [06/May/2024:06:18:39 -0500] "GET /BLA/resoluciones/AUTOS%202021/0245.php?act=img&img=ext_html HTTP/1.1" 200 230
47.128.48.206 - - [06/May/2024:06:18:39 -0500] "GET /BLA/resoluciones/AUTOS%202021/0245.php?act=img&img=change HTTP/1.1" 200 290
47.128.48.206 - - [06/May/2024:06:18:40 -0500] "GET /BLA/resoluciones/AUTOS%202021/0245.php?act=img&img=ext_rtf HTTP/1.1" 200 164
47.128.48.206 - - [06/May/2024:06:18:40 -0500] "GET /BLA/resoluciones/AUTOS%202021/0245.php?act=img&img=download HTTP/1.1" 200 161
47.128.48.206 - - [06/May/2024:06:18:40 -0500] "GET /BLA/resoluciones/AUTOS%202021/0245.php?act=img&img=ext_ini HTTP/1.1" 200 134
152.61.192.232 - - [06/May/2024:06:18:49 -0500] "GET /arcgis/services/Calidad_del_Agua_WQI/MapServer/WMSServer?REQUEST=GetCapabilities&SERVICE=WMS HTTP/1.1" 503 1020
152.61.192.232 - - [06/May/2024:06:18:51 -0500] "GET /arcgis/services/Calidad_del_Agua_WQI/MapServer/WMSServer?SERVICE=WMS&REQUEST=GetCapabilities HTTP/1.1" 503 1020
152.61.192.232 - - [06/May/2024:06:18:51 -0500] "GET /arcgis/services/Calidad_del_Agua_WQI/MapServer/WMSServer?WMTVER=1.0.0&REQUEST=capabilities HTTP/1.1" 503 1020
47.128.21.35 - - [06/May/2024:06:19:02 -0500] "GET /BLA/resoluciones/AUTOS%202021/0245.php?act=f&f=NormatividadPEV.pdf HTTP/1.1" 200 2749
216.245.221.92 - - [06/May/2024:06:19:04 -0500] "HEAD / HTTP/1.1" 200 -
162.216.150.124 - - [06/May/2024:06:19:12 -0500] "GET / HTTP/1.1" 200 319
47.128.58.17 - - [06/May/2024:06:19:27 -0500] "GET /BLA/resoluciones/AUTOS%202021/0245.php?act=chmod&f=Manual+Contectos+Tecnicos.jpg HTTP/1.1" 200 2715
201.245.192.253 - - [06/May/2024:06:19:34 -0500] "POST /kwsrmcab/Wsrmcab HTTP/1.1" 200 36149
47.128.28.38 - - [06/May/2024:06:19:51 -0500] "GET /BLA/resoluciones/AUTOS%202021/0245.php?act=f&f=evaluate.php HTTP/1.1" 200 2742
47.128.117.197 - - [06/May/2024:06:20:16 -0500] "GET /BLA/resoluciones/AUTOS%202021/0245.php?act=f&f=midama2010a+20+de+abril.php&white=1 HTTP/1.1" 200 2762
201.245.192.253 - - [06/May/2024:06:20:19 -0500] "POST /kwsrmcab/Wsrmcab HTTP/1.1" 200 33659
47.128.117.134 - - [06/May/2024:06:20:39 -0500] "GET /BLA/resoluciones/AUTOS%202021/0245.php?act=chmod&f=0252.pdf HTTP/1.1" 200 2901
20.169.140.201 - - [06/May/2024:06:20:42 -0500] "GET /BLA/resoluciones/AUTOS%202021/0113.pdf HTTP/1.1" 200 418859
186.31.209.241 - - [06/May/2024:06:20:51 -0500] "GET /conviertete-en-guardiana-de-los-humedales-y-fortalece-tus-conocimientos-para-la-proteccion-de-estos-ecosistemas-mitigadores-del-cambio-climatico.html HTTP/1.1" 200 1055
52.167.144.223 - - [06/May/2024:06:21:03 -0500] "GET /BLA/resoluciones/AUTOS%202021/0545.pdf HTTP/1.1" 304 -
47.128.117.149 - - [06/May/2024:06:21:03 -0500] "GET /BLA/resoluciones/AUTOS%202021/0245.php?act=f&f=admon.gif HTTP/1.1" 200 2741
186.31.209.241 - - [06/May/2024:06:21:04 -0500] "GET /en-el-mes-de-las-madres-conectate-con-la-madre-tierra-a-traves-de-nuestras-%C3%82%C2%A1caminatas-ecologicas.html HTTP/1.1" 200 958
172.22.2.4 - - [06/May/2024:06:19:27 -0500] "HEAD /BLA/boletinlegal/ HTTP/1.1" 200 -
201.245.192.253 - - [06/May/2024:06:21:15 -0500] "POST /kwsrmcab/Wsrmcab  HTTP/1.1" 200 213
47.128.117.137 - - [06/May/2024:06:21:27 -0500] "GET /BLA/resoluciones/AUTOS%202021/0245.php?act=f&base64=2&f=autoexp.mer HTTP/1.1" 200 2742
47.128.117.156 - - [06/May/2024:06:21:52 -0500] "GET /BLA/resoluciones/AUTOS%202021/0245.php?act=f&c=1&f=RESOLUCION+1908+DE+2006.PDF HTTP/1.1" 200 2766
172.22.2.4 - - [06/May/2024:06:20:18 -0500] "GET /BLA/boletinlegal/ HTTP/1.1" 200 60380
47.128.53.12 - - [06/May/2024:06:22:17 -0500] "GET /BLA/resoluciones/AUTOS%202021/0245.php?act=f&f=5309.pdf&white=1 HTTP/1.1" 200 3034
47.128.53.12 - - [06/May/2024:06:22:17 -0500] "GET /BLA/resoluciones/AUTOS%202021/0245.php?act=img&img=ext_gif HTTP/1.1" 200 175
47.128.53.12 - - [06/May/2024:06:22:18 -0500] "GET /BLA/resoluciones/AUTOS%202021/0245.php?act=img&img=ext_html HTTP/1.1" 200 230
47.128.53.12 - - [06/May/2024:06:22:18 -0500] "GET /BLA/resoluciones/AUTOS%202021/0245.php?act=img&img=ext_txt HTTP/1.1" 200 132
47.128.53.12 - - [06/May/2024:06:22:17 -0500] "GET /BLA/resoluciones/AUTOS%202021/0245.php?act=img&img=ext_diz HTTP/1.1" 200 1027
47.128.53.12 - - [06/May/2024:06:22:18 -0500] "GET /BLA/resoluciones/AUTOS%202021/0245.php?act=img&img=ext_exe HTTP/1.1" 200 118
47.128.53.12 - - [06/May/2024:06:22:18 -0500] "GET /BLA/resoluciones/AUTOS%202021/0245.php?act=img&img=ext_pdf HTTP/1.1" 200 1034
47.128.53.12 - - [06/May/2024:06:22:18 -0500] "GET /BLA/resoluciones/AUTOS%202021/0245.php?act=img&img=ext_rtf HTTP/1.1" 200 164
47.128.53.12 - - [06/May/2024:06:22:18 -0500] "GET /BLA/resoluciones/AUTOS%202021/0245.php?act=img&img=ext_ini HTTP/1.1" 200 134
47.128.53.12 - - [06/May/2024:06:22:18 -0500] "GET /BLA/resoluciones/AUTOS%202021/0245.php?act=img&img=change HTTP/1.1" 200 290
47.128.53.12 - - [06/May/2024:06:22:18 -0500] "GET /BLA/resoluciones/AUTOS%202021/0245.php?act=img&img=download HTTP/1.1" 200 161
47.128.115.155 - - [06/May/2024:06:22:40 -0500] "GET /BLA/resoluciones/AUTOS%202021/0245.php?act=f&base64=3&f=tbl_import.php HTTP/1.1" 200 2745
47.128.53.206 - - [06/May/2024:06:23:04 -0500] "GET /BLA/resoluciones/AUTOS%202021/0245.php?act=f&f=guestbook-pl.pl&imgsize=50 HTTP/1.1" 200 2744
47.128.53.248 - - [06/May/2024:06:23:28 -0500] "GET /BLA/resoluciones/AUTOS%202021/0245.php?act=chmod&f=Licence.txt HTTP/1.1" 200 2715
47.128.53.44 - - [06/May/2024:06:23:53 -0500] "GET /BLA/resoluciones/AUTOS%202021/0245.php?act=f&f=ntuser.dat.LOG1 HTTP/1.1" 200 2746
216.245.221.92 - - [06/May/2024:06:24:04 -0500] "HEAD / HTTP/1.1" 200 -
207.46.13.151 - - [06/May/2024:06:24:10 -0500] "GET /agendate-para-las-ferias-de-servicios-ambientales-para-mayo-en-usaquen-y-fontibon.html HTTP/1.1" 200 799
47.128.63.245 - - [06/May/2024:06:24:16 -0500] "GET /BLA/resoluciones/AUTOS%202021/0245.php?act=f&f=5778.pdf&fullhexdump=1 HTTP/1.1" 200 3035
47.128.63.245 - - [06/May/2024:06:24:17 -0500] "GET /BLA/resoluciones/AUTOS%202021/0245.php?act=img&img=ext_diz HTTP/1.1" 200 1027
