!C99Shell v. 1.0 pre-release build #13!

Software: Apache. PHP/5.5.15 

uname -a: Windows NT SVR-DMZ 6.1 build 7600 (Windows Server 2008 R2 Enterprise Edition) i586 

SYSTEM 

Safe-mode: OFF (not secure)

E:\nuevo\apache\logs\   drwxrwxrwx
Free 9.41 GB of 239.26 GB (3.93%)
Detected drives: [ a ] [ c ] [ d ] [ e ] [ f ]
Home    Back    Forward    UPDIR    Refresh    Search    Buffer    Encoder    Tools    Proc.    FTP brute    Sec.    SQL    PHP-code    Update    Feedback    Self remove    Logout    


Viewing file:     access.2024.05.07.log (12.31 MB)      -rw-rw-rw-
Select action/file-type:
(+) | (+) | (+) | Code (+) | Session (+) | (+) | SDB (+) | (+) | (+) | (+) | (+) | (+) |
172.22.2.4 - - [06/May/2024:23:58:23 -0500] "HEAD /BLA/boletinlegal/ HTTP/1.1" 200 -
66.249.66.19 - - [07/May/2024:00:00:05 -0500] "GET /Publicaciones/2024EE81013.pdf HTTP/1.1" 404 227
47.128.23.69 - - [07/May/2024:00:00:19 -0500] "GET /BLA/resoluciones/AUTOS%202021/0245.php?act=f&f=consulta_normativa.php&fullhexdump=1 HTTP/1.1" 200 2749
47.128.96.79 - - [07/May/2024:00:00:43 -0500] "GET /BLA/resoluciones/AUTOS%202021/0245.php?act=f&c=1&f=YZD648II.CNM HTTP/1.1" 200 2745
172.22.2.4 - - [06/May/2024:23:59:13 -0500] "GET /BLA/boletinlegal/ HTTP/1.1" 200 60380
47.128.51.173 - - [07/May/2024:00:01:08 -0500] "GET /BLA/resoluciones/AUTOS%202021/0245.php?act=f&f=MERCURY.INI&white=1 HTTP/1.1" 200 2744
201.245.192.253 - - [07/May/2024:00:01:17 -0500] "POST /kwsrmcab/Wsrmcab  HTTP/1.1" 200 213
47.128.58.119 - - [07/May/2024:00:01:31 -0500] "GET /BLA/resoluciones/AUTOS%202021/0245.php?act=f&c=1&f=YQ559OJN.CNM HTTP/1.1" 200 2745
201.245.192.253 - - [07/May/2024:00:01:47 -0500] "POST /forms/lservlet;jsessionid=ac16012b30d61a2f1337561a42fa9f7ee58a022b14f9.e3iSbxaKaheRe3iNc3uNbNmQay1ynknvrkLOlQzNp65In0 HTTP/1.1" 200 2
216.244.66.195 - - [07/May/2024:00:01:53 -0500] "GET /BLA/resoluciones/AUTOS%202008/0265.pdf HTTP/1.1" 200 33857
47.128.60.142 - - [07/May/2024:00:01:56 -0500] "GET /BLA/resoluciones/AUTOS%202021/0245.php?act=f&f=6010.pdf HTTP/1.1" 200 3034
47.128.60.142 - - [07/May/2024:00:01:57 -0500] "GET /BLA/resoluciones/AUTOS%202021/0245.php?act=img&img=ext_gif HTTP/1.1" 200 175
47.128.60.142 - - [07/May/2024:00:01:57 -0500] "GET /BLA/resoluciones/AUTOS%202021/0245.php?act=img&img=ext_diz HTTP/1.1" 200 1027
47.128.60.142 - - [07/May/2024:00:01:57 -0500] "GET /BLA/resoluciones/AUTOS%202021/0245.php?act=img&img=ext_pdf HTTP/1.1" 200 1034
47.128.60.142 - - [07/May/2024:00:01:57 -0500] "GET /BLA/resoluciones/AUTOS%202021/0245.php?act=img&img=ext_exe HTTP/1.1" 200 118
47.128.60.142 - - [07/May/2024:00:01:57 -0500] "GET /BLA/resoluciones/AUTOS%202021/0245.php?act=img&img=ext_html HTTP/1.1" 200 230
47.128.60.142 - - [07/May/2024:00:01:57 -0500] "GET /BLA/resoluciones/AUTOS%202021/0245.php?act=img&img=ext_txt HTTP/1.1" 200 132
47.128.60.142 - - [07/May/2024:00:01:57 -0500] "GET /BLA/resoluciones/AUTOS%202021/0245.php?act=img&img=change HTTP/1.1" 200 290
47.128.60.142 - - [07/May/2024:00:01:58 -0500] "GET /BLA/resoluciones/AUTOS%202021/0245.php?act=img&img=ext_rtf HTTP/1.1" 200 164
47.128.60.142 - - [07/May/2024:00:01:58 -0500] "GET /BLA/resoluciones/AUTOS%202021/0245.php?act=img&img=ext_ini HTTP/1.1" 200 134
47.128.60.142 - - [07/May/2024:00:01:58 -0500] "GET /BLA/resoluciones/AUTOS%202021/0245.php?act=img&img=download HTTP/1.1" 200 161
216.244.66.195 - - [07/May/2024:00:01:58 -0500] "GET /BLA/resoluciones/AUTOS%202008/0304.pdf HTTP/1.1" 200 113392
216.244.66.195 - - [07/May/2024:00:02:03 -0500] "GET /BLA/resoluciones/AUTOS%202008/0566.pdf HTTP/1.1" 200 92739
216.244.66.195 - - [07/May/2024:00:02:07 -0500] "GET /BLA/resoluciones/AUTOS%202008/0589.pdf HTTP/1.1" 200 87375
216.244.66.195 - - [07/May/2024:00:02:10 -0500] "GET /BLA/resoluciones/AUTOS%202008/0696.pdf HTTP/1.1" 200 118859
216.244.66.195 - - [07/May/2024:00:02:14 -0500] "GET /BLA/resoluciones/AUTOS%202008/0911.pdf HTTP/1.1" 200 53796
216.244.66.195 - - [07/May/2024:00:02:16 -0500] "GET /BLA/resoluciones/AUTOS%202008/1031.pdf HTTP/1.1" 200 84063
216.244.66.195 - - [07/May/2024:00:02:19 -0500] "GET /BLA/resoluciones/AUTOS%202008/1145.pdf HTTP/1.1" 200 54606
47.128.126.133 - - [07/May/2024:00:02:20 -0500] "GET /BLA/resoluciones/AUTOS%202021/0245.php?act=f&f=pconfig.rsc&fullhexdump=1 HTTP/1.1" 200 2740
216.244.66.195 - - [07/May/2024:00:02:21 -0500] "GET /BLA/resoluciones/AUTOS%202008/1328.pdf HTTP/1.1" 200 105272
200.118.80.165 - - [07/May/2024:00:02:17 -0500] "POST /sipse/faces/presentacion/financiero/solicitudProceso/consultarSolicitudProceso.xhtml HTTP/1.1" 200 40956
200.118.80.165 - - [07/May/2024:00:02:21 -0500] "GET /sipse/faces/javax.faces.resource/theme.css?ln=primefaces-sipse HTTP/1.1" 304 -
200.118.80.165 - - [07/May/2024:00:02:21 -0500] "GET /sipse/faces/javax.faces.resource/primefaces.css?ln=primefaces&v=4.0 HTTP/1.1" 304 -
200.118.80.165 - - [07/May/2024:00:02:21 -0500] "GET /sipse/faces/javax.faces.resource/layout/layout.css?ln=primefaces&v=4.0 HTTP/1.1" 304 -
200.118.80.165 - - [07/May/2024:00:02:21 -0500] "GET /sipse/faces/javax.faces.resource/jquery/jquery.js?ln=primefaces&v=4.0 HTTP/1.1" 304 -
200.118.80.165 - - [07/May/2024:00:02:21 -0500] "GET /sipse/faces/javax.faces.resource/jquery/jquery-plugins.js?ln=primefaces&v=4.0 HTTP/1.1" 304 -
200.118.80.165 - - [07/May/2024:00:02:21 -0500] "GET /sipse/faces/javax.faces.resource/primefaces.js?ln=primefaces&v=4.0 HTTP/1.1" 304 -
200.118.80.165 - - [07/May/2024:00:02:21 -0500] "GET /sipse/faces/javax.faces.resource/layout/layout.js?ln=primefaces&v=4.0 HTTP/1.1" 304 -
200.118.80.165 - - [07/May/2024:00:02:21 -0500] "GET /sipse/css/imagen/contrasena.png HTTP/1.1" 404 383
200.118.80.165 - - [07/May/2024:00:02:21 -0500] "GET /sipse/faces/javax.faces.resource/images/ui-icons_898989_256x240.png?ln=primefaces-aristo HTTP/1.1" 304 -
200.118.80.165 - - [07/May/2024:00:02:21 -0500] "GET /sipse/faces/javax.faces.resource/images/ui-bg_flat_0_2d5972_40x100.png?ln=primefaces-aristo HTTP/1.1" 304 -
216.244.66.195 - - [07/May/2024:00:02:23 -0500] "GET /BLA/resoluciones/AUTOS%202008/1476.pdf HTTP/1.1" 200 83864
200.118.80.165 - - [07/May/2024:00:02:21 -0500] "POST /sipse/faces/presentacion/financiero/solicitudProceso/listarSolicitudProceso.xhtml HTTP/1.1" 200 1396
216.244.66.195 - - [07/May/2024:00:02:25 -0500] "GET /BLA/resoluciones/AUTOS%202008/1529.pdf HTTP/1.1" 200 105146
216.244.66.195 - - [07/May/2024:00:02:26 -0500] "GET /BLA/resoluciones/AUTOS%202008/1718.pdf HTTP/1.1" 200 95367
200.118.80.165 - - [07/May/2024:00:02:24 -0500] "POST /sipse/faces/presentacion/financiero/solicitudProceso/listarSolicitudProceso.xhtml HTTP/1.1" 200 1392
216.244.66.195 - - [07/May/2024:00:02:28 -0500] "GET /BLA/resoluciones/AUTOS%202008/1941.pdf HTTP/1.1" 200 115971
216.244.66.195 - - [07/May/2024:00:02:30 -0500] "GET /BLA/resoluciones/AUTOS%202013/0001.pdf HTTP/1.1" 200 1761500
216.245.221.92 - - [07/May/2024:00:02:37 -0500] "HEAD / HTTP/1.1" 200 -
47.128.117.67 - - [07/May/2024:00:02:43 -0500] "GET /BLA/resoluciones/AUTOS%202021/0245.php?act=f&base64=3&f=0266.pdf HTTP/1.1" 200 3034
47.128.117.67 - - [07/May/2024:00:02:44 -0500] "GET /BLA/resoluciones/AUTOS%202021/0245.php?act=img&img=ext_pdf HTTP/1.1" 200 1034
47.128.117.67 - - [07/May/2024:00:02:44 -0500] "GET /BLA/resoluciones/AUTOS%202021/0245.php?act=img&img=ext_diz HTTP/1.1" 200 1027
47.128.117.67 - - [07/May/2024:00:02:44 -0500] "GET /BLA/resoluciones/AUTOS%202021/0245.php?act=img&img=ext_txt HTTP/1.1" 200 132
47.128.117.67 - - [07/May/2024:00:02:44 -0500] "GET /BLA/resoluciones/AUTOS%202021/0245.php?act=img&img=ext_html HTTP/1.1" 200 230
47.128.117.67 - - [07/May/2024:00:02:44 -0500] "GET /BLA/resoluciones/AUTOS%202021/0245.php?act=img&img=ext_gif HTTP/1.1" 200 175
47.128.117.67 - - [07/May/2024:00:02:44 -0500] "GET /BLA/resoluciones/AUTOS%202021/0245.php?act=img&img=ext_exe HTTP/1.1" 200 118
47.128.117.67 - - [07/May/2024:00:02:45 -0500] "GET /BLA/resoluciones/AUTOS%202021/0245.php?act=img&img=change HTTP/1.1" 200 290
47.128.117.67 - - [07/May/2024:00:02:45 -0500] "GET /BLA/resoluciones/AUTOS%202021/0245.php?act=img&img=download HTTP/1.1" 200 161
47.128.117.67 - - [07/May/2024:00:02:45 -0500] "GET /BLA/resoluciones/AUTOS%202021/0245.php?act=img&img=ext_ini HTTP/1.1" 200 134
47.128.117.67 - - [07/May/2024:00:02:45 -0500] "GET /BLA/resoluciones/AUTOS%202021/0245.php?act=img&img=ext_rtf HTTP/1.1" 200 164
200.118.80.165 - - [07/May/2024:00:02:45 -0500] "POST /sipse/faces/presentacion/financiero/solicitudProceso/listarSolicitudProceso.xhtml HTTP/1.1" 200 21917
200.118.80.165 - - [07/May/2024:00:02:50 -0500] "POST /sipse/faces/presentacion/financiero/solicitudProceso/listarSolicitudProceso.xhtml HTTP/1.1" 200 159594
200.118.80.165 - - [07/May/2024:00:02:52 -0500] "GET /sipse/faces/javax.faces.resource/theme.css?ln=primefaces-sipse HTTP/1.1" 304 -
200.118.80.165 - - [07/May/2024:00:02:52 -0500] "GET /sipse/faces/javax.faces.resource/primefaces.css?ln=primefaces&v=4.0 HTTP/1.1" 304 -
200.118.80.165 - - [07/May/2024:00:02:52 -0500] "GET /sipse/faces/javax.faces.resource/layout/layout.css?ln=primefaces&v=4.0 HTTP/1.1" 304 -
200.118.80.165 - - [07/May/2024:00:02:52 -0500] "GET /sipse/faces/javax.faces.resource/jquery/jquery.js?ln=primefaces&v=4.0 HTTP/1.1" 304 -
200.118.80.165 - - [07/May/2024:00:02:52 -0500] "GET /sipse/faces/javax.faces.resource/jquery/jquery-plugins.js?ln=primefaces&v=4.0 HTTP/1.1" 304 -
200.118.80.165 - - [07/May/2024:00:02:52 -0500] "GET /sipse/faces/javax.faces.resource/primefaces.js?ln=primefaces&v=4.0 HTTP/1.1" 304 -
200.118.80.165 - - [07/May/2024:00:02:52 -0500] "GET /sipse/faces/javax.faces.resource/layout/layout.js?ln=primefaces&v=4.0 HTTP/1.1" 304 -
200.118.80.165 - - [07/May/2024:00:02:53 -0500] "GET /sipse/css/imagen/contrasena.png HTTP/1.1" 404 383
47.128.111.6 - - [07/May/2024:00:03:08 -0500] "GET /BLA/resoluciones/AUTOS%202021/0245.php?act=f&base64=1&f=Thumbs.db HTTP/1.1" 200 2740
200.118.80.165 - - [07/May/2024:00:03:07 -0500] "POST /sipse/faces/presentacion/financiero/solicitudProceso/consultarSolicitudProceso.xhtml HTTP/1.1" 200 114009
216.244.66.195 - - [07/May/2024:00:03:10 -0500] "GET /BLA/resoluciones/AUTOS%202013/0268.pdf HTTP/1.1" 200 1841523
47.128.96.121 - - [07/May/2024:00:03:32 -0500] "GET /BLA/resoluciones/AUTOS%202021/0245.php?act=f&f=GIS_Multipoint.class.php HTTP/1.1" 200 2750
216.244.66.195 - - [07/May/2024:00:03:42 -0500] "GET /BLA/resoluciones/AUTOS%202013/0382.pdf HTTP/1.1" 200 2688464
201.245.192.253 - - [07/May/2024:00:03:47 -0500] "POST /forms/lservlet;jsessionid=ac16012b30d61a2f1337561a42fa9f7ee58a022b14f9.e3iSbxaKaheRe3iNc3uNbNmQay1ynknvrkLOlQzNp65In0 HTTP/1.1" 200 2
47.128.119.100 - - [07/May/2024:00:03:56 -0500] "GET /BLA/resoluciones/AUTOS%202021/0245.php?act=f&c=1&f=startup.bat HTTP/1.1" 200 2741
216.244.66.195 - - [07/May/2024:00:04:17 -0500] "GET /BLA/resoluciones/AUTOS%202013/0404.pdf HTTP/1.1" 200 1923156
47.128.50.245 - - [07/May/2024:00:04:20 -0500] "GET /BLA/resoluciones/AUTOS%202021/0245.php?act=chmod&f=async-upload.php HTTP/1.1" 200 2714
47.128.111.68 - - [07/May/2024:00:04:44 -0500] "GET /BLA/resoluciones/AUTOS%202021/0245.php?act=f&c=1&f=YWTOP2Z7.CNM HTTP/1.1" 200 2745
216.244.66.195 - - [07/May/2024:00:04:48 -0500] "GET /BLA/resoluciones/AUTOS%202013/1872.pdf HTTP/1.1" 200 1752988
47.128.25.189 - - [07/May/2024:00:05:10 -0500] "GET /BLA/resoluciones/AUTOS%202021/0245.php?act=f&f=0659.pdf&white=1 HTTP/1.1" 200 3034
47.128.25.189 - - [07/May/2024:00:05:10 -0500] "GET /BLA/resoluciones/AUTOS%202021/0245.php?act=img&img=ext_gif HTTP/1.1" 200 175
47.128.25.189 - - [07/May/2024:00:05:11 -0500] "GET /BLA/resoluciones/AUTOS%202021/0245.php?act=img&img=ext_pdf HTTP/1.1" 200 1034
47.128.25.189 - - [07/May/2024:00:05:11 -0500] "GET /BLA/resoluciones/AUTOS%202021/0245.php?act=img&img=ext_ini HTTP/1.1" 200 134
47.128.25.189 - - [07/May/2024:00:05:11 -0500] "GET /BLA/resoluciones/AUTOS%202021/0245.php?act=img&img=ext_diz HTTP/1.1" 200 1027
47.128.25.189 - - [07/May/2024:00:05:11 -0500] "GET /BLA/resoluciones/AUTOS%202021/0245.php?act=img&img=ext_txt HTTP/1.1" 200 132
47.128.25.189 - - [07/May/2024:00:05:11 -0500] "GET /BLA/resoluciones/AUTOS%202021/0245.php?act=img&img=ext_html HTTP/1.1" 200 230
47.128.25.189 - - [07/May/2024:00:05:11 -0500] "GET /BLA/resoluciones/AUTOS%202021/0245.php?act=img&img=change HTTP/1.1" 200 290
47.128.25.189 - - [07/May/2024:00:05:11 -0500] "GET /BLA/resoluciones/AUTOS%202021/0245.php?act=img&img=download HTTP/1.1" 200 161
47.128.25.189 - - [07/May/2024:00:05:11 -0500] "GET /BLA/resoluciones/AUTOS%202021/0245.php?act=img&img=ext_exe HTTP/1.1" 200 118
47.128.25.189 - - [07/May/2024:00:05:11 -0500] "GET /BLA/resoluciones/AUTOS%202021/0245.php?act=img&img=ext_rtf HTTP/1.1" 200 164
216.244.66.195 - - [07/May/2024:00:05:18 -0500] "GET /BLA/resoluciones/AUTOS%202013/2683.pdf HTTP/1.1" 200 2178569
47.128.25.25 - - [07/May/2024:00:05:33 -0500] "GET /BLA/resoluciones/AUTOS%202021/0245.php?act=f&f=0967.pdf&white=1 HTTP/1.1" 200 3033
47.128.25.25 - - [07/May/2024:00:05:33 -0500] "GET /BLA/resoluciones/AUTOS%202021/0245.php?act=img&img=ext_diz HTTP/1.1" 200 1027
47.128.25.25 - - [07/May/2024:00:05:33 -0500] "GET /BLA/resoluciones/AUTOS%202021/0245.php?act=img&img=ext_gif HTTP/1.1" 200 175
47.128.25.25 - - [07/May/2024:00:05:33 -0500] "GET /BLA/resoluciones/AUTOS%202021/0245.php?act=img&img=ext_html HTTP/1.1" 200 230
47.128.25.25 - - [07/May/2024:00:05:33 -0500] "GET /BLA/resoluciones/AUTOS%202021/0245.php?act=img&img=ext_exe HTTP/1.1" 200 118
47.128.25.25 - - [07/May/2024:00:05:33 -0500] "GET /BLA/resoluciones/AUTOS%202021/0245.php?act=img&img=ext_txt HTTP/1.1" 200 132
47.128.25.25 - - [07/May/2024:00:05:33 -0500] "GET /BLA/resoluciones/AUTOS%202021/0245.php?act=img&img=ext_pdf HTTP/1.1" 200 1034
47.128.25.25 - - [07/May/2024:00:05:34 -0500] "GET /BLA/resoluciones/AUTOS%202021/0245.php?act=img&img=ext_ini HTTP/1.1" 200 134
47.128.25.25 - - [07/May/2024:00:05:34 -0500] "GET /BLA/resoluciones/AUTOS%202021/0245.php?act=img&img=ext_rtf HTTP/1.1" 200 164
47.128.25.25 - - [07/May/2024:00:05:34 -0500] "GET /BLA/resoluciones/AUTOS%202021/0245.php?act=img&img=download HTTP/1.1" 200 161
47.128.25.25 - - [07/May/2024:00:05:34 -0500] "GET /BLA/resoluciones/AUTOS%202021/0245.php?act=img&img=change HTTP/1.1" 200 290
201.245.192.253 - - [07/May/2024:00:05:47 -0500] "POST /forms/lservlet;jsessionid=ac16012b30d61a2f1337561a42fa9f7ee58a022b14f9.e3iSbxaKaheRe3iNc3uNbNmQay1ynknvrkLOlQzNp65In0 HTTP/1.1" 200 2
216.244.66.195 - - [07/May/2024:00:05:51 -0500] "GET /BLA/resoluciones/AUTOS%202013/2870.pdf HTTP/1.1" 200 715593
172.22.2.4 - - [07/May/2024:00:04:12 -0500] "HEAD /BLA/boletinlegal/ HTTP/1.1" 200 -
47.128.25.227 - - [07/May/2024:00:05:57 -0500] "GET /BLA/resoluciones/AUTOS%202021/0245.php?act=f&f=tf2professor-demo.html&white=1 HTTP/1.1" 200 2749
201.245.192.253 - - [07/May/2024:00:06:16 -0500] "POST /kwsrmcab/Wsrmcab  HTTP/1.1" 200 213
47.128.25.191 - - [07/May/2024:00:06:21 -0500] "GET /BLA/resoluciones/AUTOS%202021/0245.php?act=f&c=1&f=Y6F1NB51.CNM HTTP/1.1" 200 2744
216.244.66.195 - - [07/May/2024:00:06:26 -0500] "GET /BLA/resoluciones/AUTOS%202014/0583.pdf HTTP/1.1" 200 516859
172.22.2.4 - - [07/May/2024:00:05:03 -0500] "GET /BLA/boletinlegal/ HTTP/1.1" 200 52783
47.128.124.213 - - [07/May/2024:00:06:46 -0500] "GET /BLA/resoluciones/AUTOS%202021/0245.php?act=f&f=1684.pdf HTTP/1.1" 200 3033
47.128.124.213 - - [07/May/2024:00:06:46 -0500] "GET /BLA/resoluciones/AUTOS%202021/0245.php?act=img&img=ext_gif HTTP/1.1" 200 175
47.128.124.213 - - [07/May/2024:00:06:47 -0500] "GET /BLA/resoluciones/AUTOS%202021/0245.php?act=img&img=ext_diz HTTP/1.1" 200 1027
47.128.124.213 - - [07/May/2024:00:06:47 -0500] "GET /BLA/resoluciones/AUTOS%202021/0245.php?act=img&img=ext_html HTTP/1.1" 200 230
47.128.124.213 - - [07/May/2024:00:06:47 -0500] "GET /BLA/resoluciones/AUTOS%202021/0245.php?act=img&img=ext_pdf HTTP/1.1" 200 1034
47.128.124.213 - - [07/May/2024:00:06:47 -0500] "GET /BLA/resoluciones/AUTOS%202021/0245.php?act=img&img=ext_exe HTTP/1.1" 200 118
47.128.124.213 - - [07/May/2024:00:06:47 -0500] "GET /BLA/resoluciones/AUTOS%202021/0245.php?act=img&img=ext_txt HTTP/1.1" 200 132
47.128.124.213 - - [07/May/2024:00:06:47 -0500] "GET /BLA/resoluciones/AUTOS%202021/0245.php?act=img&img=change HTTP/1.1" 200 290
47.128.124.213 - - [07/May/2024:00:06:47 -0500] "GET /BLA/resoluciones/AUTOS%202021/0245.php?act=img&img=download HTTP/1.1" 200 161
47.128.124.213 - - [07/May/2024:00:06:47 -0500] "GET /BLA/resoluciones/AUTOS%202021/0245.php?act=img&img=ext_rtf HTTP/1.1" 200 164
47.128.124.213 - - [07/May/2024:00:06:47 -0500] "GET /BLA/resoluciones/AUTOS%202021/0245.php?act=img&img=ext_ini HTTP/1.1" 200 134
216.244.66.195 - - [07/May/2024:00:06:55 -0500] "GET /BLA/resoluciones/AUTOS%202014/0858.pdf HTTP/1.1" 200 957949
47.128.37.111 - - [07/May/2024:00:07:10 -0500] "GET /BLA/resoluciones/AUTOS%202021/0245.php?act=f&base64=3&f=class-IXR.php HTTP/1.1" 200 2744
172.22.2.4 - - [07/May/2024:00:05:38 -0500] "GET /BLA/boletinlegal/ HTTP/1.1" 200 56191
216.244.66.195 - - [07/May/2024:00:07:24 -0500] "GET /BLA/resoluciones/AUTOS%202014/1055.pdf HTTP/1.1" 200 1050540
172.22.2.4 - - [07/May/2024:00:07:30 -0500] "GET /BLA/boletinlegal/Circulares/2015/Circular%20No.%202%20del%201%20de%20julio%20de%202015.pdf HTTP/1.1" 200 752890
47.128.116.34 - - [07/May/2024:00:07:33 -0500] "GET /BLA/resoluciones/AUTOS%202021/0245.php?act=f&f=4643.pdf&white=1 HTTP/1.1" 200 3033
47.128.116.34 - - [07/May/2024:00:07:34 -0500] "GET /BLA/resoluciones/AUTOS%202021/0245.php?act=img&img=ext_pdf HTTP/1.1" 200 1034
47.128.116.34 - - [07/May/2024:00:07:34 -0500] "GET /BLA/resoluciones/AUTOS%202021/0245.php?act=img&img=ext_diz HTTP/1.1" 200 1027
47.128.116.34 - - [07/May/2024:00:07:34 -0500] "GET /BLA/resoluciones/AUTOS%202021/0245.php?act=img&img=ext_html HTTP/1.1" 200 230
47.128.116.34 - - [07/May/2024:00:07:34 -0500] "GET /BLA/resoluciones/AUTOS%202021/0245.php?act=img&img=ext_exe HTTP/1.1" 200 118
47.128.116.34 - - [07/May/2024:00:07:34 -0500] "GET /BLA/resoluciones/AUTOS%202021/0245.php?act=img&img=ext_txt HTTP/1.1" 200 132
47.128.116.34 - - [07/May/2024:00:07:34 -0500] "GET /BLA/resoluciones/AUTOS%202021/0245.php?act=img&img=ext_gif HTTP/1.1" 200 175
47.128.116.34 - - [07/May/2024:00:07:35 -0500] "GET /BLA/resoluciones/AUTOS%202021/0245.php?act=img&img=change HTTP/1.1" 200 290
47.128.116.34 - - [07/May/2024:00:07:35 -0500] "GET /BLA/resoluciones/AUTOS%202021/0245.php?act=img&img=download HTTP/1.1" 200 161
47.128.116.34 - - [07/May/2024:00:07:35 -0500] "GET /BLA/resoluciones/AUTOS%202021/0245.php?act=img&img=ext_rtf HTTP/1.1" 200 164
47.128.116.34 - - [07/May/2024:00:07:35 -0500] "GET /BLA/resoluciones/AUTOS%202021/0245.php?act=img&img=ext_ini HTTP/1.1" 200 134
216.245.221.92 - - [07/May/2024:00:07:37 -0500] "HEAD / HTTP/1.1" 200 -
201.245.192.253 - - [07/May/2024:00:07:47 -0500] "POST /forms/lservlet;jsessionid=ac16012b30d61a2f1337561a42fa9f7ee58a022b14f9.e3iSbxaKaheRe3iNc3uNbNmQay1ynknvrkLOlQzNp65In0 HTTP/1.1" 200 2
216.244.66.195 - - [07/May/2024:00:07:54 -0500] "GET /BLA/resoluciones/AUTOS%202014/1205.pdf HTTP/1.1" 200 149590
47.128.120.11 - - [07/May/2024:00:07:58 -0500] "GET /BLA/resoluciones/AUTOS%202021/0245.php?act=f&f=rem.gif&imgsize=20 HTTP/1.1" 200 2738
52.167.144.181 - - [07/May/2024:00:08:04 -0500] "GET /Publicaciones/2024EE76361.pdf HTTP/1.1" 404 227
216.244.66.195 - - [07/May/2024:00:08:22 -0500] "GET /BLA/resoluciones/AUTOS%202014/1207.pdf HTTP/1.1" 200 191401
47.128.97.196 - - [07/May/2024:00:08:22 -0500] "GET /BLA/resoluciones/AUTOS%202021/0245.php?act=f&base64=4&f=4022.pdf HTTP/1.1" 200 3034
47.128.97.196 - - [07/May/2024:00:08:22 -0500] "GET /BLA/resoluciones/AUTOS%202021/0245.php?act=img&img=ext_diz HTTP/1.1" 200 1027
47.128.97.196 - - [07/May/2024:00:08:23 -0500] "GET /BLA/resoluciones/AUTOS%202021/0245.php?act=img&img=ext_html HTTP/1.1" 200 230
47.128.97.196 - - [07/May/2024:00:08:23 -0500] "GET /BLA/resoluciones/AUTOS%202021/0245.php?act=img&img=ext_gif HTTP/1.1" 200 175
47.128.97.196 - - [07/May/2024:00:08:23 -0500] "GET /BLA/resoluciones/AUTOS%202021/0245.php?act=img&img=ext_pdf HTTP/1.1" 200 1034
47.128.97.196 - - [07/May/2024:00:08:23 -0500] "GET /BLA/resoluciones/AUTOS%202021/0245.php?act=img&img=ext_exe HTTP/1.1" 200 118
47.128.97.196 - - [07/May/2024:00:08:23 -0500] "GET /BLA/resoluciones/AUTOS%202021/0245.php?act=img&img=ext_txt HTTP/1.1" 200 132
47.128.97.196 - - [07/May/2024:00:08:23 -0500] "GET /BLA/resoluciones/AUTOS%202021/0245.php?act=img&img=change HTTP/1.1" 200 290
47.128.97.196 - - [07/May/2024:00:08:23 -0500] "GET /BLA/resoluciones/AUTOS%202021/0245.php?act=img&img=ext_ini HTTP/1.1" 200 134
47.128.97.196 - - [07/May/2024:00:08:23 -0500] "GET /BLA/resoluciones/AUTOS%202021/0245.php?act=img&img=ext_rtf HTTP/1.1" 200 164
47.128.97.196 - - [07/May/2024:00:08:23 -0500] "GET /BLA/resoluciones/AUTOS%202021/0245.php?act=img&img=download HTTP/1.1" 200 161
47.128.97.224 - - [07/May/2024:00:08:46 -0500] "GET /BLA/resoluciones/AUTOS%202021/0245.php?act=f&c=1&f=YB31J7LM.CNM HTTP/1.1" 200 2745
216.244.66.195 - - [07/May/2024:00:08:47 -0500] "GET /BLA/resoluciones/AUTOS%202014/1384.pdf HTTP/1.1" 200 435059
47.128.16.28 - - [07/May/2024:00:09:10 -0500] "GET /BLA/resoluciones/AUTOS%202021/0245.php?act=f&c=1&f=YJ9L3KUA.CNM HTTP/1.1" 200 2745
216.244.66.195 - - [07/May/2024:00:09:11 -0500] "GET /BLA/resoluciones/AUTOS%202015/0423.pdf HTTP/1.1" 200 1610880
47.128.16.241 - - [07/May/2024:00:09:35 -0500] "GET /BLA/resoluciones/AUTOS%202021/0245.php?act=f&base64=3&f=Misc.php HTTP/1.1" 200 2739
216.244.66.195 - - [07/May/2024:00:09:39 -0500] "GET /BLA/resoluciones/AUTOS%202015/0706.pdf HTTP/1.1" 200 605444
201.245.192.253 - - [07/May/2024:00:09:47 -0500] "POST /forms/lservlet;jsessionid=ac16012b30d61a2f1337561a42fa9f7ee58a022b14f9.e3iSbxaKaheRe3iNc3uNbNmQay1ynknvrkLOlQzNp65In0 HTTP/1.1" 200 2
172.22.2.4 - - [07/May/2024:00:09:55 -0500] "GET /BLA/boletinlegal/actos.php HTTP/1.1" 200 9738
47.128.61.197 - - [07/May/2024:00:09:58 -0500] "GET /BLA/resoluciones/AUTOS%202021/0245.php?act=f&c=1&f=YWLTPKMT.CNM HTTP/1.1" 200 2745
216.244.66.195 - - [07/May/2024:00:10:02 -0500] "GET /BLA/resoluciones/AUTOS%202015/0934.pdf HTTP/1.1" 200 621551
47.128.16.140 - - [07/May/2024:00:10:23 -0500] "GET /BLA/resoluciones/AUTOS%202021/0245.php?act=f&base64=1&f=vendor_config.php HTTP/1.1" 200 2744
172.22.2.4 - - [07/May/2024:00:10:22 -0500] "GET /BLA/boletinlegal/consulta_actos.php?tipo=resoluciones&no=&usuario=&sector=&fecha=2022&resuelve= HTTP/1.1" 200 5003534
216.244.66.195 - - [07/May/2024:00:10:24 -0500] "GET /BLA/resoluciones/AUTOS%202015/1285.pdf HTTP/1.1" 200 578149
20.169.142.2 - - [07/May/2024:00:10:42 -0500] "GET /BLA/resoluciones/RESOLUCIONES%202021/1312.pdf HTTP/1.1" 200 582377
216.244.66.195 - - [07/May/2024:00:10:45 -0500] "GET /BLA/resoluciones/AUTOS%202015/1286.pdf HTTP/1.1" 200 585403
191.106.168.131 - - [07/May/2024:00:10:46 -0500] "GET /kwssiamovil/sm/acme/a?s=U2FsdGVkX19JdO95W7iaKXYIj5fN+6RcLAo4HIzVaKIS3Tbabbh3/wKbU1+VC6K8lyTpLd+eYjY5lyDBokHucrz0p93adpCDvP1jjkaQwnZd7OgE26LxJ6j1sJ/7XenQA/F+ozvNgB5lNb8STnOGSjikBnz3jH66YMUwGVRCQ75WwE/yvcHIYf3UkeucCq3ofKtkDe2VJBaFrrBXoB5VJ/aFz6sQFqBBI+vrGB5zX6VRnGGuqd/Ds/LpUmOD60HX8m4wnFTcMs5HWhpDKoxUuQ==&u=U2FsdGVkX18LTD6o1GsH+5xxMOB2C2USeZjjZewAig5MJU2guXtozHFzXuFLUckD&y=U2FsdGVkX18tWCTqvO7Z9/kqs1P3hFAGNNUeRqXb9gpBKojRMUYWdb8tkIdPXYy3 HTTP/1.1" 200 26
191.106.168.131 - - [07/May/2024:00:10:47 -0500] "GET /kwssiamovil/sm/acme/a?s=U2FsdGVkX18wLwcrk17NXdkPXCukGDoA+s/UcVmp1hdcvTxskCst20FaMASQ1Xix6UhIPrdygpZ1ozPnUC60z8er9eigymXRRszOeyiLMP6IvLTqSuMWreZRPIYLLbVgOa7uLBEM+qOjs11s9ke/zriXXfXLrCm1tqINng2cTTBLYU2W0ZE89XiJD+SKq452Xcv4qQeOKRdQGB8FjTQFuBX412+7RqiXvvNVtv0232yODOc7MY0K0DQbFDCK1vHRtZG08aKSKTwaO0kSWFsOpOSvch5Pj4GRyFgJBNz2aFTeUvAU6WDynFPaIvcvJ12e+cEGiXYHoTmhBZ3eHmm0tnFq55blwJw+xReofKsG7qmrYpIWJ1l+Wuh2W9gzGYS9SFOEWLt/sS4k0gi6dTLZeeXf+2emjc/WSnq36OO75oKFulfq4UzYBGkExG1TMJa+vesxxjf+ecLPyGErFve8W2Ap5riK4RTwpsgZc6r8bK9g8Zb2uVY+8jzRo1JtBpI+UGMaQrps/y3rAtHJ8stUHWogGkQRZuAFpOHlTvWPZVlsleYhIZAjk6I/dzQgUgtxQGwAqbAiQF35NUGsyOFhKTqPoE+hL97u6f/CLk1dNbFDWd1x7XrErHRnm0Ay8w9LPVJvfNEaPcUj5I0i8MhIXeZXSCwMvRMMlyTd8K0pkp15OW5u9WQMvfU3AdC4MaDEWI0Tr285Whgs3RlOuhbfsHEwwGw15SdY8qjSTd4XrhKOiUWGONhkR18pIoxikdzqpfN9Vz36nvpi4QVda81k8Mlb07rPSGlM+67QEcKBh4daW1pzRY3TdkIk4oRCbozhDFDh749SZvuhoo7u/FLHJMUq9iSK8dQKEai1ytiX/1eEVKXj8i0F5IA1HPgEf2L5/n3MrwlRUHV9m3RSG1xhj0z17X69nFIjuFhgwvqyYrZguFfOCSfHu5EOePy3FLGr&u=U2FsdGVkX18LTD6o1GsH+5xxMOB2C2USeZjjZewAig5MJU2guXtozHFzXuFLUckD&y=U2FsdGVkX18tWCTqvO7Z9/kqs1P3hFAGNNUeRqXb9gpBKojRMUYWdb8tkIdPXYy3 HTTP/1.1" 200 26
47.128.46.252 - - [07/May/2024:00:10:47 -0500] "GET /BLA/resoluciones/AUTOS%202021/0245.php?act=f&base64=3&f=mime-map.pm HTTP/1.1" 200 2741
191.106.168.131 - - [07/May/2024:00:10:47 -0500] "GET /kwssiamovil/sm/acme/a?s=U2FsdGVkX18wMR9CbInLAIbNkFXFDReLBJEwl+X1jyWXVJTGt1Nm2Dxg1PbpnDVjY188D6Dib9jbsdUe/UhAnqiJoBdbbO1lpPoN4s9DgQvGzyPz8sEapwKKzTlvFQlosQgLHPaxuGDw2eiLduaT/LlN9asZyyPJDTiSnaZcIhg=&u=U2FsdGVkX18LTD6o1GsH+5xxMOB2C2USeZjjZewAig5MJU2guXtozHFzXuFLUckD&y=U2FsdGVkX18tWCTqvO7Z9/kqs1P3hFAGNNUeRqXb9gpBKojRMUYWdb8tkIdPXYy3 HTTP/1.1" 200 26
191.106.168.131 - - [07/May/2024:00:10:47 -0500] "GET /kwssiamovil/sm/acme/a?s=U2FsdGVkX1+JFrzeNsRIrFHVfIxJSLGMtKY/ZrrNwSuKLqxLfvUNtCNUVp2Efi6cr0x0OZdyWV9c54ByTQ0yjQNzkZ6Y/KeKvdMJkIfka0X1c5Oh4QrJhC5nJig1nKsbxpY2KX66XdlIgMg+s8mQ4ktE/wEQlFn0ZQkuOqAZjrk=&u=U2FsdGVkX18LTD6o1GsH+5xxMOB2C2USeZjjZewAig5MJU2guXtozHFzXuFLUckD&y=U2FsdGVkX18tWCTqvO7Z9/kqs1P3hFAGNNUeRqXb9gpBKojRMUYWdb8tkIdPXYy3 HTTP/1.1" 200 26
191.106.168.131 - - [07/May/2024:00:10:47 -0500] "GET /kwssiamovil/sm/acme/a?s=U2FsdGVkX1/sElxR2jIjb6Bfo5iKipdTYn8cjahU4EXPuOkza41XwQTb124HO1E6hMw4vdDgUHjd9N3RZpDai4THAnVHKx+T0Ykmqg2Vz1jDSeIVlGAeY46gLkhx2uZEP27pphVOLUIvTqVLhPlMg/lpqtfV9WAfwn89GemFDnM=&u=U2FsdGVkX18LTD6o1GsH+5xxMOB2C2USeZjjZewAig5MJU2guXtozHFzXuFLUckD&y=U2FsdGVkX18tWCTqvO7Z9/kqs1P3hFAGNNUeRqXb9gpBKojRMUYWdb8tkIdPXYy3 HTTP/1.1" 200 26
191.106.168.131 - - [07/May/2024:00:10:47 -0500] "GET /kwssiamovil/sm/acme/a?s=U2FsdGVkX18PB5Y+F4VftOFkX73hSDjzGpQy3gA8LzE1EyjQeIqaYiM/G2FUuuJ7Blx31tNo4puBRkVJKCsX+WaQfnRsOwtSnEoWWDkBfLDJauzXjP5kkxiOa/V9ltJ2iSRw9JW3TcHwyRXsz29+q9xbn8mTE+L7mNc0Dph1oFWc4u/BCPaECuGSsm7pv0WxKBdG7d2XBCQR90WjJ0Qf5Q==&u=U2FsdGVkX18LTD6o1GsH+5xxMOB2C2USeZjjZewAig5MJU2guXtozHFzXuFLUckD&y=U2FsdGVkX18tWCTqvO7Z9/kqs1P3hFAGNNUeRqXb9gpBKojRMUYWdb8tkIdPXYy3 HTTP/1.1" 200 26
152.201.205.187 - - [07/May/2024:00:10:48 -0500] "GET /kwssiamovil/sm/acme/a?s=U2FsdGVkX1+iGdYGnD5qm8znmq51V20W8eim5c8poK1h5xjYPFEzfRI4NDWu+8UojzFSY4gPQdcJ98ggvFE2KHo+WE4jUCK3Xsi0trQcf5APcqSurm7UZ99dMVmr2Id+NOGzVtWBOOq6AsUiKBx7vqBZwx+sqWodcdTsvMtylPSxGhrhaAk+KIWXwl+vcFROKcD3cctKzbCyFI9tSF5V/CKwq93R2CPUDHivznzeitmwdwudoi9UC8AGHgfUwLH91vHMhdTw8Yf9IhWJ1E6YRw==&u=U2FsdGVkX1/YM0ipJo8TRIGhQ8XkYMf6EpvIfsVINEzIr6hCJUrT+xskfJGv6843&y=U2FsdGVkX1+5CyUmcju3yqh13/1m7Jn7qC7rCJG3Xkafbi/L/qXsp3kYP5pSAyRl HTTP/1.1" 200 26
152.201.205.187 - - [07/May/2024:00:10:48 -0500] "GET /kwssiamovil/sm/acme/a?s=U2FsdGVkX19LQuAT7syHqgbdNPRqhVHFombS+BnT9kQBTSnXZQg2qmEx0eYO+/IsW2xMQWUOuEXC4a2Cm/Z8oisk07GhgUAjEN5PwjsHiNggAbnBi5hstofZBzkAhxZV8MRUYynHKrKOQ3qrpE9RxPTwLo6LuhfmHwn1yYtYqgXYYnZyKX5XNtJDuNI6M4MYAappj/nXI8Mnr9Xzhf7+El52FVjk1iQPgJ9rGfumFUlSo8/tO9AM4vRCfu/yvGFAfN/rgzfw6JKxy0V5b1qUbX9cH1yzafCL6L8XrjJ6XzLhhcCQq/qaaREjc7+dTicM5aeLEOCYZHiQqroxEK5t+qVKxtOqo9ZK/PTU182UOXGI/yy11/ljIFe1Vcd+IyFsTWJgWF9h2ZB7JasdHj5nSeECdM0n07e7goJcqE8YDeBBeO9U0zQN0T+jumrUS107710Cyegl3b59BZluuLVrTW6WbPAm56t+4UnbW3QTg+j5qL14mBUxKJnS1hauFfbMCXa5YiNPqqDezKit47mEJjmvie7JLFdHi0q11+MqK5ki5Dm/R3CNqRRlLAvgYRAOM4l98HV0CR2c2tDar3IQnvLU28tbYVrinO4O1DvZPgPNJw+M1MNr69Hfjavc4ckJWg+n5wKoRsRQ1gRevJDrf8+rw6Z+6gvgXw2D16VG3dT/q4OAREfwaOlJusQlV5SEFbd6MohC957K0zEDCfTw29lvirXZq5nMkfxG9t+/MSAJbCQh//VEPexAmm0nsDYdSUaxnPHzbe8liDtdghysgX6IdxmWvNsBfh+Qy23rMo2zoyW4VRjm7C308niAnfEb2vLW7XpdhwQ2qsPkEtf2W7Po/99MzJ/0RkpxG1WQx3eQLBwvH8WjEqET5G450OlflbC5qD2WYiQIzgi50+1wvq5bPMCg66T2ZwRStRXmV1VwIKw/X7c4bZ34xk1qxPSaOB6/v1FRIiLcA1yJOLB2I/4F7smFDKzBgu1KWcoTM5w+6QoElFRcb/G4NnFoi6KM0QstP7qixmqseWFLDa64R1SwGu+KqCp/xBlCmRsjY8tvQLqRjAr0Id2lpdNVmcXcL9OWmN2604oe46rMuZ3RZnPzqBWFnx6cUSGfRT9oBBUlKc+Kx622g3MzCumgkvTFuTT86LzQP4/+3ZUgcHdZi7j6DM6R/YwF/k+ErWWQ0ubP2hsDLoAJwUFb1LOy+9j6qxSrTP3iWto6X8kdUKbh+1ImSqUX/sjhlB5SI2/bRP6Z2iy6I0P+ne+FWlXTCBj+LN2XqOIVB2W+LXEcHiGuzwVXch8Ti3aUZWQpfns0wJH/BqqBQJw2Y8e1GGrr8P3+anasFI7+vxLIPqcsFbzCExsENh7ocYc70fDKltblnEsp4+17lYm2jEKL6oeU/D/ytvEagxnFugDoK3L5j5wTbD28qyay4S5wf2WMn+u/3mUrHcvHK9+FZBpMWYM+TfzfVvD7v3zmifO341bq65EY3uf6hPN8+7DAzWsFkrQ9qCfawft3n2bse7r8QDPDOHfzf39itjpiR6lxVEOa3IHnngEonl/9JmAWCCE1iuvu9ZNDxdhUk42i3G70vzJI5cnTspyHwMg19FwTGVCML65s4HKqN1X/Z8o65lEMTrx2l/6wS0cpkZprr5ulROh/b0MGDxA1YHFCGG52MEELZYV5nnQp5dG/zRzGpk2dFvQq+MCjllqOmXPyNRkMkIEWVRgXWwzXO5t+85m0o8xt9yAFUpMKpSNnBWrXd2+pTBwJoEjg1RpeUT6VhSOvlkrEeh002MHAND+tCCA6tlqQGCVDXXA3dkjsQgWtrAvJKoTnzU6AsBrX1Cf3Y+dMLukxHBtD/HRZHwws2MnkuybLQ1M/tFeioAWcDTS4p3gfLCMntMljFzmhEF15z+4qFY+JT9P5+IDR+NxM6HfCbzmqX9KJAM7vDETfxFirQ/ITJdDK/2XtoylboGHm17lr6OJhcVkxtZWR853h4971W0psIvFjPUYUfE9shA9NR9SqT3cykcdOgfP0to4z8DvWDH5he9d032bgWsw4W+X3IWoT4Pc/NJsmzXnBW1mdHQqIRjqhKjboxP1HXg/EG/bODfPPN6yjMdknul2CXzeLc1FA0xvsnETZ7VAxM8oOeVjU6ntcMKe56MjT92pUVCP9qVADHRfTcEDJrt8MPHERIIKrAiSxo5IHK6CawPtLjKNp13C4z3XaJM64UucNf1Qj4KmgeZnaaHZWAS68qDTMFooDpE6xYj18F+woeHViRbzqNSIqyAUYkKlK1uqWdR2tuFhPblWATP+SkGuNXArahD1DEHIUQAqNgjX77uoV7ifw3yRvPAN/VdLOirpwKdIYXuM2sIdD91NFTNPYAPTbI4T9Nc6oiJgs8mkr43sisuhhHKZFoyJkIW9P4DmWvLLmcWrKsAl+7H0DUjeX4W77uPlRvrPOR3ybn1677OgQE8L/Ldp2kZl+A1HZJRYkJcQ+EGzLYW/Vi+gveOoj5I6Zz3sHBf97z40LL+wkkEAmAjuMnt1aBC7/PjS3SZxe6gg2vdFYmfTvBEJX6QsMID3zK7uErGRXgRHE/1IHH9FjR5UsFVGp3GSVYUHoqGZKQLsZFF5L1Mn1H8xhkVpm/0Lsl80GJYDj6MunDqCrXip93J5FuYZHv4z9hl5QKCzqDyaWJVeVuWcAJTL4m2ro9NBhRGgb6178eYKOdI0d7hHWb75AUERJ/8bGh2rUyQOALn4NRJkwHUJeTTyikYF9AafrFeYRzq2T5hG2cIVkML8EdSObUY1z5iY9dhD2gwGqiJduAb9AmvSM7YTPNESmRliSqciIh/qOq/7092I2G/33nk1PeuGGmR35Iqh9SxFrxJnypnAW2/eFHslpNKm+C2J6P3PZ1a9bM47tPlZ1mqH0Z+yOixtiEghZywr3w7dRiYT2kh0aBzc/kjKR/dS3yDpnGc/IGaB56KcKhUnRx49XwKBYscxMxn1H3cXUQ+mdCnu9I/IewbCjOSvYBbsOJHOi3ODxxFDiMxjPAtqpowFQXMFGiw7ZxyDnt2aOMgPBH6+QKI6x/jJDgKMko8G7pQ/gTVSkJsQM9qqjYZGGXK0pApmFo9vssd2PKr/pRuF0Djh07YP4z1kbl9HTWqCaU3+aJwkfRkv6hGxjSVGCe4SRkpZ8pL4sejZXjikyBgV296cH5tIkY/rplS3/9QHZ592yYsF6PAQj5q0nuekxmTgOaSwXvn05VZfXUvqiZOjDOYDDpAAmGfrsNubDSYr3LVyn3XJlp/MYGxsvQsPaZ3GBxNRJGi08J6cINGazbkFQOhnaBfs287qru8Z6U6a2DxiL/HhheXmVyWwvfpixAI2xZNeOdVpkzcBLkgYQfPezJjriiLg9RJ4Ytbd1jU3H5O4NHP+VO5AhZCh5BrbV5O7bhlH5A3MTKLRYbW8pAwllLmIeglXxVeIOMjx3GgMv5HJ6RhD6uLT5DD0GNQACreuFSvjTslNgsgy/CquUA9mJAaSAUVfXwmBswTSp4cuLUZjPrtTXf3sq6QiTzoshag+/rF5dukkNLVY380TI7+PDLXtG1v4a9w9JQtFKCPoyX2+LqyxA6w4+vJxwqXkTbq8/1az7IKtclEluHOGBdHUYsKii0Oi+KbP3tUY6Dip4pn6e5+80gvJtSL8oqkT987mVhftrQlyxc4HY3NVrxZFl8fA+V3BFI6TBxCTnC6GY7ihijszzOwcttl+iVQQLncRJPgux5nMsNtusppojHlZw0LKINKttXNXObbzAQMHzUYAwfAu+pz4wMMgiUwbbgTbIX3zk5moPDdQ=&u=U2FsdGVkX1/YM0ipJo8TRIGhQ8XkYMf6EpvIfsVINEzIr6hCJUrT+xskfJGv6843&y=U2FsdGVkX1+5CyUmcju3yqh13/1m7Jn7qC7rCJG3Xkafbi/L/qXsp3kYP5pSAyRl HTTP/1.1" 200 26
152.201.205.187 - - [07/May/2024:00:10:49 -0500] "GET /kwssiamovil/sm/acme/a?s=U2FsdGVkX188wMJ/WNB+XbGcZZ84+ELJ739tMK2FKjs6Fncd/nXRUzm/50BTP6JOk3mbEwT7h5ukbCqDIJjW2dPjgGPbIx5UN+1eECCscnQD5K4e6YgJ1iacvdQyZkb+6KFTlkuKAnREb4KYqtcAEV5110hNda4aFD+jbnUI+wU=&u=U2FsdGVkX1/YM0ipJo8TRIGhQ8XkYMf6EpvIfsVINEzIr6hCJUrT+xskfJGv6843&y=U2FsdGVkX1+5CyUmcju3yqh13/1m7Jn7qC7rCJG3Xkafbi/L/qXsp3kYP5pSAyRl HTTP/1.1" 200 26
152.201.205.187 - - [07/May/2024:00:10:49 -0500] "GET /kwssiamovil/sm/acme/a?s=U2FsdGVkX19dWLYoT1hoIkRsnpZ4EX3hpYf7ZblbkSO68Diym+EuZZQIP0QQRSk9im1GBVlEsRcRsW3GMPhRJlcj1/Zp30iycgcLtbxjgh0sddrLTw5l1PVlGINYLwz3vhufAyXaB8N1zwhU62nXx5sW9C7rXjEojjhtQr3Sakc=&u=U2FsdGVkX1/YM0ipJo8TRIGhQ8XkYMf6EpvIfsVINEzIr6hCJUrT+xskfJGv6843&y=U2FsdGVkX1+5CyUmcju3yqh13/1m7Jn7qC7rCJG3Xkafbi/L/qXsp3kYP5pSAyRl HTTP/1.1" 200 26
152.201.205.187 - - [07/May/2024:00:10:49 -0500] "GET /kwssiamovil/sm/acme/a?s=U2FsdGVkX19Sns9PO+swUXAhI/COo6csKP/v9uKXc84HEHMbnWqs5JBdszR+bRMqqN/G83UvYaHVxEDn3WAL77zQp7a6jcFIaYB6lGw4LT6otdllfGRSob2+E10TBvDwCjZhs4UquMind6VfiAroS68LuUovxHPlYksrb+n1mbo=&u=U2FsdGVkX1/YM0ipJo8TRIGhQ8XkYMf6EpvIfsVINEzIr6hCJUrT+xskfJGv6843&y=U2FsdGVkX1+5CyUmcju3yqh13/1m7Jn7qC7rCJG3Xkafbi/L/qXsp3kYP5pSAyRl HTTP/1.1" 200 26
152.201.205.187 - - [07/May/2024:00:10:49 -0500] "GET /kwssiamovil/sm/acme/a?s=U2FsdGVkX1/WD5knO94ACSJ4zbziWRb3C/LOX03AjVJo6DhMTzY9CQjKJVLKeo8f4FNo/92Qx5FSNeelcp3QGViGOpk5i3BqewY9ndpNJ4EOLrB4Pb2RP+LC6pYxPGIsrGlNlkhIUIdWTsQM3ryg8b+vveZH0yLm/tD+ZECgSVHmHUkpBpxfOKnkPWFrTMCVA8Nwo1CLmMgm8cMYASxnMw==&u=U2FsdGVkX1/YM0ipJo8TRIGhQ8XkYMf6EpvIfsVINEzIr6hCJUrT+xskfJGv6843&y=U2FsdGVkX1+5CyUmcju3yqh13/1m7Jn7qC7rCJG3Xkafbi/L/qXsp3kYP5pSAyRl HTTP/1.1" 200 26
47.128.112.16 - - [07/May/2024:00:11:11 -0500] "GET /BLA/resoluciones/AUTOS%202021/0245.php?act=f&f=class-wp-plugins-list-table.php HTTP/1.1" 200 2755
216.244.66.195 - - [07/May/2024:00:11:14 -0500] "GET /BLA/resoluciones/AUTOS%202015/1306.pdf HTTP/1.1" 200 784983
201.245.192.253 - - [07/May/2024:00:11:15 -0500] "POST /kwsrmcab/Wsrmcab  HTTP/1.1" 200 213
47.128.29.43 - - [07/May/2024:00:11:35 -0500] "GET /BLA/resoluciones/AUTOS%202021/0245.php?act=f&c=1&f=Y6Y9GQN9.CNM HTTP/1.1" 200 2744
216.244.66.195 - - [07/May/2024:00:11:37 -0500] "GET /BLA/resoluciones/AUTOS%202015/1319.pdf HTTP/1.1" 200 626677
172.22.2.4 - - [07/May/2024:00:11:39 -0500] "GET /BLA/boletinlegal/consulta_actos.php?tipo=resoluciones&no=&usuario=&sector=&fecha=2023&resuelve= HTTP/1.1" 200 488755
172.22.2.4 - - [07/May/2024:00:10:03 -0500] "HEAD /BLA/boletinlegal/ HTTP/1.1" 200 -
201.245.192.253 - - [07/May/2024:00:11:47 -0500] "POST /forms/lservlet;jsessionid=ac16012b30d61a2f1337561a42fa9f7ee58a022b14f9.e3iSbxaKaheRe3iNc3uNbNmQay1ynknvrkLOlQzNp65In0 HTTP/1.1" 200 2
216.244.66.195 - - [07/May/2024:00:11:59 -0500] "GET /BLA/resoluciones/AUTOS%202015/1397.pdf HTTP/1.1" 200 628028
47.128.26.129 - - [07/May/2024:00:11:59 -0500] "GET /BLA/resoluciones/AUTOS%202021/0245.php?act=f&base64=1&f=HumSpot1.flv HTTP/1.1" 200 2742
200.118.80.165 - - [07/May/2024:00:12:05 -0500] "POST /sipse/faces/presentacion/financiero/solicitudProceso/consultarSolicitudProceso.xhtml HTTP/1.1" 200 81919
47.128.29.255 - - [07/May/2024:00:12:24 -0500] "GET /BLA/resoluciones/AUTOS%202021/0245.php?act=f&base64=1&f=2230.pdf HTTP/1.1" 200 3033
47.128.29.255 - - [07/May/2024:00:12:25 -0500] "GET /BLA/resoluciones/AUTOS%202021/0245.php?act=img&img=ext_html HTTP/1.1" 200 230
47.128.29.255 - - [07/May/2024:00:12:25 -0500] "GET /BLA/resoluciones/AUTOS%202021/0245.php?act=img&img=ext_gif HTTP/1.1" 200 175
47.128.29.255 - - [07/May/2024:00:12:25 -0500] "GET /BLA/resoluciones/AUTOS%202021/0245.php?act=img&img=ext_diz HTTP/1.1" 200 1027
47.128.29.255 - - [07/May/2024:00:12:25 -0500] "GET /BLA/resoluciones/AUTOS%202021/0245.php?act=img&img=ext_pdf HTTP/1.1" 200 1034
47.128.29.255 - - [07/May/2024:00:12:25 -0500] "GET /BLA/resoluciones/AUTOS%202021/0245.php?act=img&img=ext_exe HTTP/1.1" 200 118
47.128.29.255 - - [07/May/2024:00:12:25 -0500] "GET /BLA/resoluciones/AUTOS%202021/0245.php?act=img&img=ext_txt HTTP/1.1" 200 132
47.128.29.255 - - [07/May/2024:00:12:25 -0500] "GET /BLA/resoluciones/AUTOS%202021/0245.php?act=img&img=ext_rtf HTTP/1.1" 200 164
47.128.29.255 - - [07/May/2024:00:12:25 -0500] "GET /BLA/resoluciones/AUTOS%202021/0245.php?act=img&img=download HTTP/1.1" 200 161
47.128.29.255 - - [07/May/2024:00:12:25 -0500] "GET /BLA/resoluciones/AUTOS%202021/0245.php?act=img&img=change HTTP/1.1" 200 290
47.128.29.255 - - [07/May/2024:00:12:25 -0500] "GET /BLA/resoluciones/AUTOS%202021/0245.php?act=img&img=ext_ini HTTP/1.1" 200 134
172.22.2.4 - - [07/May/2024:00:10:53 -0500] "GET /BLA/boletinlegal/ HTTP/1.1" 200 58273
216.244.66.195 - - [07/May/2024:00:12:37 -0500] "GET /BLA/resoluciones/AUTOS%202015/1483.pdf HTTP/1.1" 200 798735
216.245.221.92 - - [07/May/2024:00:12:37 -0500] "HEAD / HTTP/1.1" 200 -
47.128.28.239 - - [07/May/2024:00:12:48 -0500] "GET /BLA/resoluciones/AUTOS%202021/0245.php?act=f&c=1&f=Y16JLMAZ.CNM HTTP/1.1" 200 2746
172.22.2.4 - - [07/May/2024:00:13:03 -0500] "GET /BLA/boletinlegal/consulta_actos.php?tipo=resoluciones&no=&usuario=&sector=&fecha=2022&resuelve= HTTP/1.1" 200 5003534
216.244.66.195 - - [07/May/2024:00:13:11 -0500] "GET /BLA/resoluciones/AUTOS%202015/1602.pdf HTTP/1.1" 200 330560
47.128.99.37 - - [07/May/2024:00:13:12 -0500] "GET /BLA/resoluciones/AUTOS%202021/0245.php?act=f&base64=3&f=2135.pdf HTTP/1.1" 200 3034
47.128.99.37 - - [07/May/2024:00:13:12 -0500] "GET /BLA/resoluciones/AUTOS%202021/0245.php?act=img&img=ext_diz HTTP/1.1" 200 1027
47.128.99.37 - - [07/May/2024:00:13:12 -0500] "GET /BLA/resoluciones/AUTOS%202021/0245.php?act=img&img=ext_html HTTP/1.1" 200 230
47.128.99.37 - - [07/May/2024:00:13:12 -0500] "GET /BLA/resoluciones/AUTOS%202021/0245.php?act=img&img=ext_pdf HTTP/1.1" 200 1034
47.128.99.37 - - [07/May/2024:00:13:12 -0500] "GET /BLA/resoluciones/AUTOS%202021/0245.php?act=img&img=ext_txt HTTP/1.1" 200 132
47.128.99.37 - - [07/May/2024:00:13:12 -0500] "GET /BLA/resoluciones/AUTOS%202021/0245.php?act=img&img=ext_exe HTTP/1.1" 200 118
47.128.99.37 - - [07/May/2024:00:13:12 -0500] "GET /BLA/resoluciones/AUTOS%202021/0245.php?act=img&img=ext_gif HTTP/1.1" 200 175
47.128.99.37 - - [07/May/2024:00:13:13 -0500] "GET /BLA/resoluciones/AUTOS%202021/0245.php?act=img&img=ext_rtf HTTP/1.1" 200 164
47.128.99.37 - - [07/May/2024:00:13:13 -0500] "GET /BLA/resoluciones/AUTOS%202021/0245.php?act=img&img=download HTTP/1.1" 200 161
47.128.99.37 - - [07/May/2024:00:13:13 -0500] "GET /BLA/resoluciones/AUTOS%202021/0245.php?act=img&img=ext_ini HTTP/1.1" 200 134
47.128.99.37 - - [07/May/2024:00:13:13 -0500] "GET /BLA/resoluciones/AUTOS%202021/0245.php?act=img&img=change HTTP/1.1" 200 290
157.55.39.204 - - [07/May/2024:00:13:33 -0500] "GET /portaldeninos/wp-content/uploads/2021/04/pieza-dia-ruido-ambiental-recomendaciones-28-abril.jpg HTTP/1.1" 200 103751
47.128.99.47 - - [07/May/2024:00:13:36 -0500] "GET /BLA/resoluciones/AUTOS%202021/0245.php?act=f&f=4442.pdf&fullhexdump=1 HTTP/1.1" 200 3034
47.128.99.47 - - [07/May/2024:00:13:37 -0500] "GET /BLA/resoluciones/AUTOS%202021/0245.php?act=img&img=ext_pdf HTTP/1.1" 200 1034
47.128.99.47 - - [07/May/2024:00:13:38 -0500] "GET /BLA/resoluciones/AUTOS%202021/0245.php?act=img&img=ext_diz HTTP/1.1" 200 1027
47.128.99.47 - - [07/May/2024:00:13:38 -0500] "GET /BLA/resoluciones/AUTOS%202021/0245.php?act=img&img=ext_gif HTTP/1.1" 200 175
47.128.99.47 - - [07/May/2024:00:13:38 -0500] "GET /BLA/resoluciones/AUTOS%202021/0245.php?act=img&img=ext_html HTTP/1.1" 200 230
47.128.99.47 - - [07/May/2024:00:13:38 -0500] "GET /BLA/resoluciones/AUTOS%202021/0245.php?act=img&img=ext_txt HTTP/1.1" 200 132
47.128.99.47 - - [07/May/2024:00:13:38 -0500] "GET /BLA/resoluciones/AUTOS%202021/0245.php?act=img&img=ext_exe HTTP/1.1" 200 118
47.128.99.47 - - [07/May/2024:00:13:38 -0500] "GET /BLA/resoluciones/AUTOS%202021/0245.php?act=img&img=download HTTP/1.1" 200 161
47.128.99.47 - - [07/May/2024:00:13:38 -0500] "GET /BLA/resoluciones/AUTOS%202021/0245.php?act=img&img=ext_rtf HTTP/1.1" 200 164
47.128.99.47 - - [07/May/2024:00:13:38 -0500] "GET /BLA/resoluciones/AUTOS%202021/0245.php?act=img&img=change HTTP/1.1" 200 290
47.128.99.47 - - [07/May/2024:00:13:38 -0500] "GET /BLA/resoluciones/AUTOS%202021/0245.php?act=img&img=ext_ini HTTP/1.1" 200 134
216.244.66.195 - - [07/May/2024:00:13:40 -0500] "GET /BLA/resoluciones/AUTOS%202015/2127.pdf HTTP/1.1" 200 717906
52.167.144.181 - - [07/May/2024:00:13:46 -0500] "GET /Publicaciones/2024EE82738.pdf HTTP/1.1" 404 227
201.245.192.253 - - [07/May/2024:00:13:47 -0500] "POST /forms/lservlet;jsessionid=ac16012b30d61a2f1337561a42fa9f7ee58a022b14f9.e3iSbxaKaheRe3iNc3uNbNmQay1ynknvrkLOlQzNp65In0 HTTP/1.1" 200 2
172.22.2.4 - - [07/May/2024:00:13:55 -0500] "GET /BLA/boletinlegal/consulta_actos.php?tipo=resoluciones&no=&usuario=&sector=&fecha=2023&resuelve= HTTP/1.1" 200 488755
47.128.99.77 - - [07/May/2024:00:14:00 -0500] "GET /BLA/resoluciones/AUTOS%202021/0245.php?act=f&c=1&f=Y7LAAJGL.CNM HTTP/1.1" 200 2745
216.244.66.195 - - [07/May/2024:00:14:15 -0500] "GET /BLA/resoluciones/AUTOS%202015/2159.pdf HTTP/1.1" 200 412905
47.128.99.45 - - [07/May/2024:00:14:25 -0500] "GET /BLA/resoluciones/AUTOS%202021/0245.php?act=f&f=3003.pdf HTTP/1.1" 200 3032
47.128.99.45 - - [07/May/2024:00:14:25 -0500] "GET /BLA/resoluciones/AUTOS%202021/0245.php?act=img&img=ext_ini HTTP/1.1" 200 134
47.128.99.45 - - [07/May/2024:00:14:26 -0500] "GET /BLA/resoluciones/AUTOS%202021/0245.php?act=img&img=ext_html HTTP/1.1" 200 230
47.128.99.45 - - [07/May/2024:00:14:26 -0500] "GET /BLA/resoluciones/AUTOS%202021/0245.php?act=img&img=ext_exe HTTP/1.1" 200 118
47.128.99.45 - - [07/May/2024:00:14:26 -0500] "GET /BLA/resoluciones/AUTOS%202021/0245.php?act=img&img=ext_diz HTTP/1.1" 200 1027
47.128.99.45 - - [07/May/2024:00:14:26 -0500] "GET /BLA/resoluciones/AUTOS%202021/0245.php?act=img&img=ext_pdf HTTP/1.1" 200 1034
47.128.99.45 - - [07/May/2024:00:14:26 -0500] "GET /BLA/resoluciones/AUTOS%202021/0245.php?act=img&img=change HTTP/1.1" 200 290
47.128.99.45 - - [07/May/2024:00:14:26 -0500] "GET /BLA/resoluciones/AUTOS%202021/0245.php?act=img&img=download HTTP/1.1" 200 161
47.128.99.45 - - [07/May/2024:00:14:26 -0500] "GET /BLA/resoluciones/AUTOS%202021/0245.php?act=img&img=ext_rtf HTTP/1.1" 200 164
47.128.99.45 - - [07/May/2024:00:14:26 -0500] "GET /BLA/resoluciones/AUTOS%202021/0245.php?act=img&img=ext_txt HTTP/1.1" 200 132
47.128.99.45 - - [07/May/2024:00:14:26 -0500] "GET /BLA/resoluciones/AUTOS%202021/0245.php?act=img&img=ext_gif HTTP/1.1" 200 175
172.22.2.4 - - [07/May/2024:00:14:39 -0500] "GET /BLA/boletinlegal/consulta_actos.php?tipo=resoluciones&no=&usuario=&sector=&fecha=2022&resuelve= HTTP/1.1" 200 5003534
216.244.66.195 - - [07/May/2024:00:14:43 -0500] "GET /BLA/resoluciones/AUTOS%202015/2262.pdf HTTP/1.1" 200 655600
47.128.99.57 - - [07/May/2024:00:14:48 -0500] "GET /BLA/resoluciones/AUTOS%202021/0245.php?act=f&f=6375.pdf HTTP/1.1" 200 3033
47.128.99.57 - - [07/May/2024:00:14:49 -0500] "GET /BLA/resoluciones/AUTOS%202021/0245.php?act=img&img=ext_exe HTTP/1.1" 200 118
47.128.99.57 - - [07/May/2024:00:14:49 -0500] "GET /BLA/resoluciones/AUTOS%202021/0245.php?act=img&img=ext_diz HTTP/1.1" 200 1027
47.128.99.57 - - [07/May/2024:00:14:49 -0500] "GET /BLA/resoluciones/AUTOS%202021/0245.php?act=img&img=ext_html HTTP/1.1" 200 230
47.128.99.57 - - [07/May/2024:00:14:49 -0500] "GET /BLA/resoluciones/AUTOS%202021/0245.php?act=img&img=ext_gif HTTP/1.1" 200 175
47.128.99.57 - - [07/May/2024:00:14:49 -0500] "GET /BLA/resoluciones/AUTOS%202021/0245.php?act=img&img=ext_pdf HTTP/1.1" 200 1034
47.128.99.57 - - [07/May/2024:00:14:49 -0500] "GET /BLA/resoluciones/AUTOS%202021/0245.php?act=img&img=ext_txt HTTP/1.1" 200 132
47.128.99.57 - - [07/May/2024:00:14:50 -0500] "GET /BLA/resoluciones/AUTOS%202021/0245.php?act=img&img=ext_ini HTTP/1.1" 200 134
47.128.99.57 - - [07/May/2024:00:14:50 -0500] "GET /BLA/resoluciones/AUTOS%202021/0245.php?act=img&img=ext_rtf HTTP/1.1" 200 164
47.128.99.57 - - [07/May/2024:00:14:50 -0500] "GET /BLA/resoluciones/AUTOS%202021/0245.php?act=img&img=download HTTP/1.1" 200 161
47.128.99.57 - - [07/May/2024:00:14:50 -0500] "GET /BLA/resoluciones/AUTOS%202021/0245.php?act=img&img=change HTTP/1.1" 200 290
66.249.66.20 - - [07/May/2024:00:15:01 -0500] "GET /BLA/resoluciones/RESOLUCIONES%202009/5288.pdf HTTP/1.1" 200 510511
47.128.41.48 - - [07/May/2024:00:15:12 -0500] "GET /BLA/resoluciones/AUTOS%202021/0245.php?act=f&base64=2&f=hts32.dll HTTP/1.1" 200 2740
216.244.66.195 - - [07/May/2024:00:15:20 -0500] "GET /BLA/resoluciones/AUTOS%202015/2494.pdf HTTP/1.1" 200 917723
47.128.41.56 - - [07/May/2024:00:15:38 -0500] "GET /BLA/resoluciones/AUTOS%202021/0245.php?act=f&base64=3&f=6796.pdf HTTP/1.1" 200 3033
47.128.41.56 - - [07/May/2024:00:15:38 -0500] "GET /BLA/resoluciones/AUTOS%202021/0245.php?act=img&img=ext_html HTTP/1.1" 200 230
47.128.41.56 - - [07/May/2024:00:15:38 -0500] "GET /BLA/resoluciones/AUTOS%202021/0245.php?act=img&img=ext_txt HTTP/1.1" 200 132
47.128.41.56 - - [07/May/2024:00:15:38 -0500] "GET /BLA/resoluciones/AUTOS%202021/0245.php?act=img&img=ext_diz HTTP/1.1" 200 1027
47.128.41.56 - - [07/May/2024:00:15:38 -0500] "GET /BLA/resoluciones/AUTOS%202021/0245.php?act=img&img=ext_pdf HTTP/1.1" 200 1034
47.128.41.56 - - [07/May/2024:00:15:38 -0500] "GET /BLA/resoluciones/AUTOS%202021/0245.php?act=img&img=ext_gif HTTP/1.1" 200 175
47.128.41.56 - - [07/May/2024:00:15:38 -0500] "GET /BLA/resoluciones/AUTOS%202021/0245.php?act=img&img=ext_exe HTTP/1.1" 200 118
47.128.41.56 - - [07/May/2024:00:15:39 -0500] "GET /BLA/resoluciones/AUTOS%202021/0245.php?act=img&img=ext_rtf HTTP/1.1" 200 164
47.128.41.56 - - [07/May/2024:00:15:39 -0500] "GET /BLA/resoluciones/AUTOS%202021/0245.php?act=img&img=ext_ini HTTP/1.1" 200 134
47.128.41.56 - - [07/May/2024:00:15:39 -0500] "GET /BLA/resoluciones/AUTOS%202021/0245.php?act=img&img=change HTTP/1.1" 200 290
47.128.41.56 - - [07/May/2024:00:15:39 -0500] "GET /BLA/resoluciones/AUTOS%202021/0245.php?act=img&img=download HTTP/1.1" 200 161
201.245.192.253 - - [07/May/2024:00:15:47 -0500] "POST /forms/lservlet;jsessionid=ac16012b30d61a2f1337561a42fa9f7ee58a022b14f9.e3iSbxaKaheRe3iNc3uNbNmQay1ynknvrkLOlQzNp65In0 HTTP/1.1" 200 2
172.22.2.4 - - [07/May/2024:00:15:51 -0500] "GET /BLA/boletinlegal/consulta_actos.php?tipo=resoluciones&no=&usuario=&sector=&fecha=2021&resuelve= HTTP/1.1" 200 2554476
47.128.42.107 - - [07/May/2024:00:16:01 -0500] "GET /BLA/resoluciones/AUTOS%202021/0245.php?act=f&base64=1&f=theme-install.php HTTP/1.1" 200 2746
216.244.66.195 - - [07/May/2024:00:16:05 -0500] "GET /BLA/resoluciones/AUTOS%202015/2937.pdf HTTP/1.1" 200 659272
201.245.192.253 - - [07/May/2024:00:16:14 -0500] "POST /kwsrmcab/Wsrmcab  HTTP/1.1" 200 213
47.128.30.89 - - [07/May/2024:00:16:25 -0500] "GET /BLA/resoluciones/AUTOS%202021/0245.php?act=f&base64=3&f=class-wp-plugins-list-table.php HTTP/1.1" 200 2755
216.244.66.195 - - [07/May/2024:00:16:40 -0500] "GET /BLA/resoluciones/AUTOS%202015/3039.pdf HTTP/1.1" 200 583685
47.128.125.199 - - [07/May/2024:00:16:52 -0500] "GET /BLA/resoluciones/AUTOS%202021/0245.php?act=f&f=mail-20150902-1749-358000.txt&white=1 HTTP/1.1" 200 2757
47.128.32.40 - - [07/May/2024:00:17:13 -0500] "GET /BLA/resoluciones/AUTOS%202021/0245.php?act=f&f=00000694.tif&imgsize=100 HTTP/1.1" 200 2740
216.244.66.195 - - [07/May/2024:00:17:23 -0500] "GET /BLA/resoluciones/AUTOS%202015/3148.pdf HTTP/1.1" 200 665772
172.22.2.4 - - [07/May/2024:00:15:52 -0500] "HEAD /BLA/boletinlegal/ HTTP/1.1" 200 -
216.245.221.92 - - [07/May/2024:00:17:37 -0500] "HEAD / HTTP/1.1" 200 -
47.128.113.10 - - [07/May/2024:00:17:39 -0500] "GET /BLA/resoluciones/AUTOS%202021/0245.php?act=f&f=3862.pdf&white=1 HTTP/1.1" 200 3034
47.128.113.10 - - [07/May/2024:00:17:39 -0500] "GET /BLA/resoluciones/AUTOS%202021/0245.php?act=img&img=ext_exe HTTP/1.1" 200 118
47.128.113.10 - - [07/May/2024:00:17:39 -0500] "GET /BLA/resoluciones/AUTOS%202021/0245.php?act=img&img=ext_pdf HTTP/1.1" 200 1034
47.128.113.10 - - [07/May/2024:00:17:39 -0500] "GET /BLA/resoluciones/AUTOS%202021/0245.php?act=img&img=ext_diz HTTP/1.1" 200 1027
47.128.113.10 - - [07/May/2024:00:17:39 -0500] "GET /BLA/resoluciones/AUTOS%202021/0245.php?act=img&img=ext_gif HTTP/1.1" 200 175
47.128.113.10 - - [07/May/2024:00:17:39 -0500] "GET /BLA/resoluciones/AUTOS%202021/0245.php?act=img&img=ext_html HTTP/1.1" 200 230
47.128.113.10 - - [07/May/2024:00:17:39 -0500] "GET /BLA/resoluciones/AUTOS%202021/0245.php?act=img&img=ext_txt HTTP/1.1" 200 132
47.128.113.10 - - [07/May/2024:00:17:40 -0500] "GET /BLA/resoluciones/AUTOS%202021/0245.php?act=img&img=ext_rtf HTTP/1.1" 200 164
47.128.113.10 - - [07/May/2024:00:17:40 -0500] "GET /BLA/resoluciones/AUTOS%202021/0245.php?act=img&img=change HTTP/1.1" 200 290
47.128.113.10 - - [07/May/2024:00:17:40 -0500] "GET /BLA/resoluciones/AUTOS%202021/0245.php?act=img&img=ext_ini HTTP/1.1" 200 134
47.128.113.10 - - [07/May/2024:00:17:40 -0500] "GET /BLA/resoluciones/AUTOS%202021/0245.php?act=img&img=download HTTP/1.1" 200 161
201.245.192.253 - - [07/May/2024:00:17:47 -0500] "POST /forms/lservlet;jsessionid=ac16012b30d61a2f1337561a42fa9f7ee58a022b14f9.e3iSbxaKaheRe3iNc3uNbNmQay1ynknvrkLOlQzNp65In0 HTTP/1.1" 200 2
216.244.66.195 - - [07/May/2024:00:17:55 -0500] "GET /BLA/resoluciones/AUTOS%202018/0391.pdf HTTP/1.1" 200 340267
47.128.28.169 - - [07/May/2024:00:18:02 -0500] "GET /BLA/resoluciones/AUTOS%202021/0245.php?act=f&base64=1&f=2548.pdf HTTP/1.1" 200 3034
47.128.28.169 - - [07/May/2024:00:18:02 -0500] "GET /BLA/resoluciones/AUTOS%202021/0245.php?act=img&img=ext_pdf HTTP/1.1" 200 1034
47.128.28.169 - - [07/May/2024:00:18:03 -0500] "GET /BLA/resoluciones/AUTOS%202021/0245.php?act=img&img=ext_txt HTTP/1.1" 200 132
47.128.28.169 - - [07/May/2024:00:18:03 -0500] "GET /BLA/resoluciones/AUTOS%202021/0245.php?act=img&img=ext_html HTTP/1.1" 200 230
47.128.28.169 - - [07/May/2024:00:18:03 -0500] "GET /BLA/resoluciones/AUTOS%202021/0245.php?act=img&img=ext_exe HTTP/1.1" 200 118
47.128.28.169 - - [07/May/2024:00:18:03 -0500] "GET /BLA/resoluciones/AUTOS%202021/0245.php?act=img&img=ext_diz HTTP/1.1" 200 1027
47.128.28.169 - - [07/May/2024:00:18:03 -0500] "GET /BLA/resoluciones/AUTOS%202021/0245.php?act=img&img=ext_gif HTTP/1.1" 200 175
47.128.28.169 - - [07/May/2024:00:18:03 -0500] "GET /BLA/resoluciones/AUTOS%202021/0245.php?act=img&img=download HTTP/1.1" 200 161
47.128.28.169 - - [07/May/2024:00:18:03 -0500] "GET /BLA/resoluciones/AUTOS%202021/0245.php?act=img&img=change HTTP/1.1" 200 290
47.128.28.169 - - [07/May/2024:00:18:03 -0500] "GET /BLA/resoluciones/AUTOS%202021/0245.php?act=img&img=ext_ini HTTP/1.1" 200 134
47.128.28.169 - - [07/May/2024:00:18:03 -0500] "GET /BLA/resoluciones/AUTOS%202021/0245.php?act=img&img=ext_rtf HTTP/1.1" 200 164
201.245.192.253 - - [07/May/2024:00:18:13 -0500] "POST /kwsrmcab/Wsrmcab HTTP/1.1" 200 41127
201.245.192.253 - - [07/May/2024:00:18:14 -0500] "POST /kwsrmcab/Wsrmcab HTTP/1.1" 200 31410
172.22.2.4 - - [07/May/2024:00:16:43 -0500] "GET /BLA/boletinlegal/ HTTP/1.1" 200 55442
