47.128.62.229 - - [07/May/2024:08:11:10 -0500] "GET /BLA/resoluciones/AUTOS%202021/0245.php?act=img&img=ext_gif HTTP/1.1" 200 175
47.128.62.229 - - [07/May/2024:08:11:10 -0500] "GET /BLA/resoluciones/AUTOS%202021/0245.php?act=img&img=ext_txt HTTP/1.1" 200 132
47.128.62.229 - - [07/May/2024:08:11:10 -0500] "GET /BLA/resoluciones/AUTOS%202021/0245.php?act=img&img=ext_diz HTTP/1.1" 200 1027
47.128.62.229 - - [07/May/2024:08:11:11 -0500] "GET /BLA/resoluciones/AUTOS%202021/0245.php?act=img&img=ext_exe HTTP/1.1" 200 118
47.128.62.229 - - [07/May/2024:08:11:11 -0500] "GET /BLA/resoluciones/AUTOS%202021/0245.php?act=img&img=download HTTP/1.1" 200 161
47.128.62.229 - - [07/May/2024:08:11:11 -0500] "GET /BLA/resoluciones/AUTOS%202021/0245.php?act=img&img=change HTTP/1.1" 200 290
47.128.62.229 - - [07/May/2024:08:11:11 -0500] "GET /BLA/resoluciones/AUTOS%202021/0245.php?act=img&img=ext_ini HTTP/1.1" 200 134
47.128.62.229 - - [07/May/2024:08:11:11 -0500] "GET /BLA/resoluciones/AUTOS%202021/0245.php?act=img&img=ext_rtf HTTP/1.1" 200 164
181.78.209.203 - - [07/May/2024:08:11:17 -0500] "POST /sipse/faces/presentacion/financiero/solicitudProceso/listarSolicitudProceso.xhtml HTTP/1.1" 200 146727
181.78.209.203 - - [07/May/2024:08:11:18 -0500] "GET /sipse/faces/javax.faces.resource/theme.css?ln=primefaces-sipse HTTP/1.1" 304 -
181.78.209.203 - - [07/May/2024:08:11:18 -0500] "GET /sipse/faces/javax.faces.resource/primefaces.css?ln=primefaces&v=4.0 HTTP/1.1" 304 -
181.78.209.203 - - [07/May/2024:08:11:18 -0500] "GET /sipse/faces/javax.faces.resource/jquery/jquery.js?ln=primefaces&v=4.0 HTTP/1.1" 304 -
181.78.209.203 - - [07/May/2024:08:11:18 -0500] "GET /sipse/faces/javax.faces.resource/layout/layout.css?ln=primefaces&v=4.0 HTTP/1.1" 304 -
181.78.209.203 - - [07/May/2024:08:11:18 -0500] "GET /sipse/faces/javax.faces.resource/jquery/jquery-plugins.js?ln=primefaces&v=4.0 HTTP/1.1" 304 -
181.78.209.203 - - [07/May/2024:08:11:18 -0500] "GET /sipse/faces/javax.faces.resource/primefaces.js?ln=primefaces&v=4.0 HTTP/1.1" 304 -
181.78.209.203 - - [07/May/2024:08:11:18 -0500] "GET /sipse/faces/javax.faces.resource/layout/layout.js?ln=primefaces&v=4.0 HTTP/1.1" 304 -
181.78.209.203 - - [07/May/2024:08:11:19 -0500] "GET /sipse/css/imagen/contrasena.png HTTP/1.1" 404 383
47.128.127.48 - - [07/May/2024:08:11:33 -0500] "GET /BLA/resoluciones/AUTOS%202021/0245.php?act=f&d=E%3A%5Cnuevo%5Chtdocs%5Cidpyba%5C&f=idpyba.html&ft=code&white=1 HTTP/1.1" 200 5090
216.244.66.195 - - [07/May/2024:08:11:40 -0500] "GET /BLA/resoluciones/AUTOS%202020/2265.pdf HTTP/1.1" 200 344382
192.168.176.52 - - [07/May/2024:08:11:47 -0500] "POST /BLA/boletinlegal/admin/actos/ingresar.php HTTP/1.1" 200 7303
201.245.192.253 - - [07/May/2024:08:11:48 -0500] "POST /forms/lservlet;jsessionid=ac16012b30d61a2f1337561a42fa9f7ee58a022b14f9.e3iSbxaKaheRe3iNc3uNbNmQay1ynknvrkLOlQzNp65In0 HTTP/1.1" 200 2
47.128.96.73 - - [07/May/2024:08:11:58 -0500] "GET /BLA/resoluciones/AUTOS%202021/0245.php?act=chmod&d=E%3A%5Cnuevo%5CphpMyAdmin2%5Clibraries%5Cengines%5C&f=innobase.lib.php HTTP/1.1" 200 2886
200.118.80.165 - - [07/May/2024:08:12:06 -0500] "POST /sipse/faces/presentacion/financiero/solicitudProceso/crearModificarSolicitudProceso.xhtml HTTP/1.1" 200 9400
66.249.66.21 - - [07/May/2024:08:12:09 -0500] "GET /siipev/Diseno%20de%20Elementos%20de%20Mobiliario%20Urbano/Diseno%20pertenecientes%20al%20mobiliario%20urbano%20M10-M160/PARTE%20A/Dise%C3%B1o%20de%20Elementos%20M-31.pdf HTTP/1.1" 200 758526
216.244.66.195 - - [07/May/2024:08:12:11 -0500] "GET /BLA/resoluciones/AUTOS%202020/2318.pdf HTTP/1.1" 200 342645
173.252.83.4 - - [07/May/2024:08:12:12 -0500] "GET /distrito-habilita-tres-caminos-en-los-cerros-orientales-para-bienestar-fisico-y-emocional-de-los-ciudadanos.html HTTP/1.1" 200 1033
173.252.83.4 - - [07/May/2024:08:12:12 -0500] "GET /distrito-habilita-tres-caminos-en-los-cerros-orientales-para-bienestar-fisico-y-emocional-de-los-ciudadanos.html HTTP/1.1" 200 1033
173.252.83.120 - - [07/May/2024:08:12:12 -0500] "GET /distrito-habilita-tres-caminos-en-los-cerros-orientales-para-bienestar-fisico-y-emocional-de-los-ciudadanos.html HTTP/1.1" 200 1033
47.128.34.158 - - [07/May/2024:08:12:22 -0500] "GET /BLA/resoluciones/AUTOS%202021/0245.php?act=f&base64=4&d=E%3A%5Cnuevo%5Chtdocs%5Ccumbredelclima%5Cwp-includes%5C&f=user.php&ft=info HTTP/1.1" 200 3739
47.128.34.158 - - [07/May/2024:08:12:22 -0500] "GET /BLA/resoluciones/AUTOS%202021/0245.php?act=img&img=ext_diz HTTP/1.1" 200 1027
47.128.34.158 - - [07/May/2024:08:12:23 -0500] "GET /BLA/resoluciones/AUTOS%202021/0245.php?act=img&img=ext_gif HTTP/1.1" 200 175
47.128.34.158 - - [07/May/2024:08:12:23 -0500] "GET /BLA/resoluciones/AUTOS%202021/0245.php?act=img&img=ext_html HTTP/1.1" 200 230
47.128.34.158 - - [07/May/2024:08:12:23 -0500] "GET /BLA/resoluciones/AUTOS%202021/0245.php?act=img&img=ext_exe HTTP/1.1" 200 118
47.128.34.158 - - [07/May/2024:08:12:23 -0500] "GET /BLA/resoluciones/AUTOS%202021/0245.php?act=img&img=ext_txt HTTP/1.1" 200 132
47.128.34.158 - - [07/May/2024:08:12:23 -0500] "GET /BLA/resoluciones/AUTOS%202021/0245.php?act=img&img=ext_php HTTP/1.1" 200 79
47.128.34.158 - - [07/May/2024:08:12:23 -0500] "GET /BLA/resoluciones/AUTOS%202021/0245.php?act=img&img=change HTTP/1.1" 200 290
47.128.34.158 - - [07/May/2024:08:12:23 -0500] "GET /BLA/resoluciones/AUTOS%202021/0245.php?act=img&img=download HTTP/1.1" 200 161
47.128.34.158 - - [07/May/2024:08:12:23 -0500] "GET /BLA/resoluciones/AUTOS%202021/0245.php?act=img&img=ext_ini HTTP/1.1" 200 134
47.128.34.158 - - [07/May/2024:08:12:23 -0500] "GET /BLA/resoluciones/AUTOS%202021/0245.php?act=img&img=ext_rtf HTTP/1.1" 200 164
216.245.221.92 - - [07/May/2024:08:12:36 -0500] "HEAD / HTTP/1.1" 200 -
216.244.66.195 - - [07/May/2024:08:12:44 -0500] "GET /BLA/resoluciones/AUTOS%202020/2340.pdf HTTP/1.1" 200 344123
47.128.34.135 - - [07/May/2024:08:12:46 -0500] "GET /BLA/resoluciones/AUTOS%202021/0245.php?act=chmod&d=E%3A%5Cnuevo%5Chtdocs%5Ccumbredelclima%5Cwp-admin%5C&f=export.php HTTP/1.1" 200 2884
47.128.34.90 - - [07/May/2024:08:13:10 -0500] "GET /BLA/resoluciones/AUTOS%202021/0245.php?act=search&d=C%3A%5CAmbienteBogota%5Ccounter%5Cdigits%5Cirons%5C HTTP/1.1" 200 2879
216.244.66.195 - - [07/May/2024:08:13:13 -0500] "GET /BLA/resoluciones/AUTOS%202020/2600.pdf HTTP/1.1" 200 370220
192.168.176.52 - - [07/May/2024:08:13:23 -0500] "POST /BLA/boletinlegal/admin/actos/ingresar.php HTTP/1.1" 200 7303
172.22.2.4 - - [07/May/2024:08:13:25 -0500] "GET /BLA/boletinlegal/actos.php HTTP/1.1" 200 9738
47.128.25.101 - - [07/May/2024:08:13:38 -0500] "GET /BLA/resoluciones/AUTOS%202021/0245.php?act=img&img=ext_gif HTTP/1.1" 200 175
47.128.25.101 - - [07/May/2024:08:13:38 -0500] "GET /BLA/resoluciones/AUTOS%202021/0245.php?act=img&img=ext_exe HTTP/1.1" 200 118
47.128.25.101 - - [07/May/2024:08:13:38 -0500] "GET /BLA/resoluciones/AUTOS%202021/0245.php?act=img&img=ext_txt HTTP/1.1" 200 132
47.128.25.101 - - [07/May/2024:08:13:38 -0500] "GET /BLA/resoluciones/AUTOS%202021/0245.php?act=img&img=ext_pdf HTTP/1.1" 200 1034
47.128.25.101 - - [07/May/2024:08:13:38 -0500] "GET /BLA/resoluciones/AUTOS%202021/0245.php?act=img&img=ext_html HTTP/1.1" 200 230
47.128.25.101 - - [07/May/2024:08:13:39 -0500] "GET /BLA/resoluciones/AUTOS%202021/0245.php?act=img&img=ext_ini HTTP/1.1" 200 134
47.128.25.101 - - [07/May/2024:08:13:39 -0500] "GET /BLA/resoluciones/AUTOS%202021/0245.php?act=img&img=ext_diz HTTP/1.1" 200 1027
47.128.25.101 - - [07/May/2024:08:13:39 -0500] "GET /BLA/resoluciones/AUTOS%202021/0245.php?act=img&img=download HTTP/1.1" 200 161
47.128.25.101 - - [07/May/2024:08:13:39 -0500] "GET /BLA/resoluciones/AUTOS%202021/0245.php?act=img&img=change HTTP/1.1" 200 290
47.128.25.101 - - [07/May/2024:08:13:39 -0500] "GET /BLA/resoluciones/AUTOS%202021/0245.php?act=img&img=ext_rtf HTTP/1.1" 200 164
47.128.25.101 - - [07/May/2024:08:13:35 -0500] "GET /BLA/resoluciones/AUTOS%202021/0245.php?act=f&d=E%3A%5Cnuevo%5Chtdocs%5CBLA%5Cresoluciones%5CAUTOS+2021%5C&f=1554.pdf&ft=info&fullhexdump=1 HTTP/1.1" 200 1124423
216.244.66.195 - - [07/May/2024:08:13:40 -0500] "GET /BLA/resoluciones/AUTOS%202020/2864.pdf HTTP/1.1" 200 312404
172.22.2.4 - - [07/May/2024:08:13:46 -0500] "GET /BLA/boletinlegal/consulta_actos.php?tipo=resoluciones&no=&usuario=&sector=&fecha=2024&resuelve= HTTP/1.1" 200 50527
172.22.2.4 - - [07/May/2024:08:13:46 -0500] "GET /BLA/boletinlegal/images/pdf.gif HTTP/1.1" 200 567
172.22.2.4 - - [07/May/2024:08:13:46 -0500] "GET /BLA/boletinlegal/images/background.gif HTTP/1.1" 200 -
201.245.192.253 - - [07/May/2024:08:13:48 -0500] "POST /forms/lservlet;jsessionid=ac16012b30d61a2f1337561a42fa9f7ee58a022b14f9.e3iSbxaKaheRe3iNc3uNbNmQay1ynknvrkLOlQzNp65In0 HTTP/1.1" 200 2
200.118.80.165 - - [07/May/2024:08:13:49 -0500] "POST /sipse/faces/presentacion/financiero/solicitudProceso/crearModificarSolicitudProceso.xhtml HTTP/1.1" 200 24597
200.118.80.165 - - [07/May/2024:08:13:49 -0500] "GET /sipse/faces/javax.faces.resource/theme.css?ln=primefaces-sipse HTTP/1.1" 304 -
200.118.80.165 - - [07/May/2024:08:13:49 -0500] "GET /sipse/faces/javax.faces.resource/primefaces.css?ln=primefaces&v=4.0 HTTP/1.1" 304 -
200.118.80.165 - - [07/May/2024:08:13:50 -0500] "GET /sipse/faces/javax.faces.resource/layout/layout.css?ln=primefaces&v=4.0 HTTP/1.1" 304 -
200.118.80.165 - - [07/May/2024:08:13:50 -0500] "GET /sipse/faces/javax.faces.resource/jquery/jquery.js?ln=primefaces&v=4.0 HTTP/1.1" 304 -
200.118.80.165 - - [07/May/2024:08:13:50 -0500] "GET /sipse/faces/javax.faces.resource/primefaces.js?ln=primefaces&v=4.0 HTTP/1.1" 304 -
200.118.80.165 - - [07/May/2024:08:13:50 -0500] "GET /sipse/faces/javax.faces.resource/layout/layout.js?ln=primefaces&v=4.0 HTTP/1.1" 304 -
200.118.80.165 - - [07/May/2024:08:13:50 -0500] "GET /sipse/faces/javax.faces.resource/jquery/jquery-plugins.js?ln=primefaces&v=4.0 HTTP/1.1" 304 -
200.118.80.165 - - [07/May/2024:08:13:50 -0500] "GET /sipse/faces/javax.faces.resource/images/ui-icons_898989_256x240.png?ln=primefaces-aristo HTTP/1.1" 304 -
191.156.251.251 - - [07/May/2024:08:13:57 -0500] "GET /BLA/resoluciones/RESOLUCIONES%202024/00750.pdf HTTP/1.1" 200 5648369
191.156.241.255 - - [07/May/2024:08:13:57 -0500] "GET /favicon.ico HTTP/1.1" 200 7782
47.128.34.13 - - [07/May/2024:08:14:00 -0500] "GET /BLA/resoluciones/AUTOS%202021/0245.php?act=img&img=ext_txt HTTP/1.1" 200 132
47.128.34.13 - - [07/May/2024:08:14:00 -0500] "GET /BLA/resoluciones/AUTOS%202021/0245.php?act=img&img=ext_diz HTTP/1.1" 200 1027
47.128.34.13 - - [07/May/2024:08:14:00 -0500] "GET /BLA/resoluciones/AUTOS%202021/0245.php?act=img&img=ext_html HTTP/1.1" 200 230
47.128.34.13 - - [07/May/2024:08:14:00 -0500] "GET /BLA/resoluciones/AUTOS%202021/0245.php?act=img&img=ext_png HTTP/1.1" 200 175
47.128.34.13 - - [07/May/2024:08:14:00 -0500] "GET /BLA/resoluciones/AUTOS%202021/0245.php?act=img&img=ext_exe HTTP/1.1" 200 118
201.245.192.253 - - [07/May/2024:08:13:58 -0500] "POST /kwsrmcab/Wsrmcab  HTTP/1.1" 200 213
47.128.34.13 - - [07/May/2024:08:13:58 -0500] "GET /BLA/resoluciones/AUTOS%202021/0245.php?act=f&d=C%3A%5CAmbienteBogota%5Ccounter%5Cdigits%5Clcars%5C&f=0.png&imgsize=100 HTTP/1.1" 200 15461
47.128.34.13 - - [07/May/2024:08:14:00 -0500] "GET /BLA/resoluciones/AUTOS%202021/0245.php?act=img&img=ext_gif HTTP/1.1" 200 175
47.128.34.13 - - [07/May/2024:08:14:00 -0500] "GET /BLA/resoluciones/AUTOS%202021/0245.php?act=img&img=ext_ini HTTP/1.1" 200 134
47.128.34.13 - - [07/May/2024:08:14:00 -0500] "GET /BLA/resoluciones/AUTOS%202021/0245.php?act=img&img=change HTTP/1.1" 200 290
47.128.34.13 - - [07/May/2024:08:14:00 -0500] "GET /BLA/resoluciones/AUTOS%202021/0245.php?act=img&img=download HTTP/1.1" 200 161
47.128.34.13 - - [07/May/2024:08:14:00 -0500] "GET /BLA/resoluciones/AUTOS%202021/0245.php?act=img&img=ext_rtf HTTP/1.1" 200 164
216.244.66.195 - - [07/May/2024:08:14:07 -0500] "GET /BLA/resoluciones/AUTOS%202020/2957.pdf HTTP/1.1" 200 379991
200.118.80.165 - - [07/May/2024:08:14:07 -0500] "GET /sipse/faces/javax.faces.resource/images/ui-bg_flat_0_2d5972_40x100.png?ln=primefaces-aristo HTTP/1.1" 304 -
200.118.80.165 - - [07/May/2024:08:14:07 -0500] "POST /sipse/faces/presentacion/financiero/solicitudProyectoActividad/asociarProyectoSolicitud.xhtml HTTP/1.1" 200 6601
200.118.80.165 - - [07/May/2024:08:14:10 -0500] "POST /sipse/faces/presentacion/financiero/solicitudProyectoActividad/asociarProyectoSolicitud.xhtml HTTP/1.1" 200 1696
200.118.80.165 - - [07/May/2024:08:14:12 -0500] "POST /sipse/faces/presentacion/financiero/solicitudProyectoActividad/asociarProyectoSolicitud.xhtml HTTP/1.1" 200 76212
200.118.80.165 - - [07/May/2024:08:14:12 -0500] "GET /sipse/faces/javax.faces.resource/theme.css?ln=primefaces-sipse HTTP/1.1" 304 -
200.118.80.165 - - [07/May/2024:08:14:12 -0500] "GET /sipse/faces/javax.faces.resource/primefaces.css?ln=primefaces&v=4.0 HTTP/1.1" 304 -
200.118.80.165 - - [07/May/2024:08:14:12 -0500] "GET /sipse/faces/javax.faces.resource/layout/layout.css?ln=primefaces&v=4.0 HTTP/1.1" 304 -
200.118.80.165 - - [07/May/2024:08:14:12 -0500] "GET /sipse/faces/javax.faces.resource/jquery/jquery.js?ln=primefaces&v=4.0 HTTP/1.1" 304 -
200.118.80.165 - - [07/May/2024:08:14:12 -0500] "GET /sipse/faces/javax.faces.resource/jquery/jquery-plugins.js?ln=primefaces&v=4.0 HTTP/1.1" 304 -
200.118.80.165 - - [07/May/2024:08:14:13 -0500] "GET /sipse/faces/javax.faces.resource/primefaces.js?ln=primefaces&v=4.0 HTTP/1.1" 304 -
200.118.80.165 - - [07/May/2024:08:14:13 -0500] "GET /sipse/faces/javax.faces.resource/layout/layout.js?ln=primefaces&v=4.0 HTTP/1.1" 304 -
47.128.43.241 - - [07/May/2024:08:14:22 -0500] "GET /BLA/resoluciones/AUTOS%202021/0245.php?act=sql&d=E%3A%5Cnuevo%5Chtdocs%5CAutoliquidacion%5CSolicitudes+relacionadas+con+calidad+del+aire+auditiva+y+visual%5CSolicitudes+relacionadas+a+Programa+de+Autorregulaci%F3n+Ambiental%5C HTTP/1.1" 200 3154
200.118.80.165 - - [07/May/2024:08:14:26 -0500] "POST /sipse/faces/presentacion/financiero/solicitudProyectoActividad/asociarActividadSolicitud.xhtml HTTP/1.1" 200 60339
172.174.9.50 - - [07/May/2024:08:14:28 -0500] "GET /BLA/resoluciones/RESOLUCIONES%202020/1146.pdf HTTP/1.1" 200 705158
216.244.66.195 - - [07/May/2024:08:14:32 -0500] "GET /BLA/resoluciones/AUTOS%202020/2997.pdf HTTP/1.1" 200 348945
192.168.176.52 - - [07/May/2024:08:14:40 -0500] "POST /BLA/boletinlegal/admin/actos/ingresar.php HTTP/1.1" 200 7303
200.118.80.165 - - [07/May/2024:08:14:42 -0500] "POST /sipse/faces/presentacion/financiero/solicitudProyectoActividad/asociarActividadSolicitud.xhtml HTTP/1.1" 200 20053
200.118.80.165 - - [07/May/2024:08:14:42 -0500] "GET /sipse/css/custom_css_sg.css HTTP/1.1" 200 9694
200.118.80.165 - - [07/May/2024:08:14:42 -0500] "GET /sipse/js/disable_browser_buttons.js HTTP/1.1" 200 3230
200.118.80.165 - - [07/May/2024:08:14:42 -0500] "GET /sipse/css/custom_css_sg_prime.css HTTP/1.1" 200 5201
200.118.80.165 - - [07/May/2024:08:14:42 -0500] "GET /sipse/faces/javax.faces.resource/theme.css?ln=primefaces-sipse HTTP/1.1" 304 -
200.118.80.165 - - [07/May/2024:08:14:42 -0500] "GET /sipse/faces/javax.faces.resource/primefaces.css?ln=primefaces&v=4.0 HTTP/1.1" 304 -
200.118.80.165 - - [07/May/2024:08:14:42 -0500] "GET /sipse/faces/javax.faces.resource/layout/layout.css?ln=primefaces&v=4.0 HTTP/1.1" 304 -
200.118.80.165 - - [07/May/2024:08:14:42 -0500] "GET /sipse/js/jquery.min.js HTTP/1.1" 200 85582
200.118.80.165 - - [07/May/2024:08:14:43 -0500] "GET /sipse/js/funciones.js HTTP/1.1" 200 12592
200.118.80.165 - - [07/May/2024:08:14:43 -0500] "GET /sipse/faces/javax.faces.resource/jquery/jquery.js?ln=primefaces&v=4.0 HTTP/1.1" 304 -
200.118.80.165 - - [07/May/2024:08:14:43 -0500] "GET /sipse/faces/javax.faces.resource/jquery/jquery-plugins.js?ln=primefaces&v=4.0 HTTP/1.1" 304 -
200.118.80.165 - - [07/May/2024:08:14:43 -0500] "GET /sipse/faces/javax.faces.resource/primefaces.js?ln=primefaces&v=4.0 HTTP/1.1" 304 -
200.118.80.165 - - [07/May/2024:08:14:43 -0500] "GET /sipse/faces/javax.faces.resource/layout/layout.js?ln=primefaces&v=4.0 HTTP/1.1" 304 -
47.128.127.135 - - [07/May/2024:08:14:47 -0500] "GET /BLA/resoluciones/AUTOS%202021/0245.php?act=f&d=E%3A%5Cnuevo%5Chtdocs%5CResiduos%5Cimpresion%5Cimages%5C&f=page81.swf&ft=download HTTP/1.1" 200 22942
216.244.66.195 - - [07/May/2024:08:14:57 -0500] "GET /BLA/resoluciones/AUTOS%202020/3777.pdf HTTP/1.1" 200 416242
186.80.108.8 - - [07/May/2024:08:15:04 -0500] "GET /sipse/js/disable_browser_buttons.js HTTP/1.1" 304 -
186.80.108.8 - - [07/May/2024:08:15:04 -0500] "GET /sipse/css/custom_css_sg.css HTTP/1.1" 304 -
186.80.108.8 - - [07/May/2024:08:15:03 -0500] "POST /sipse/faces/presentacion/financiero/solicitudProceso/consultarSolicitudProceso.xhtml HTTP/1.1" 200 63407
186.80.108.8 - - [07/May/2024:08:15:04 -0500] "GET /sipse/css/custom_css_sg_prime.css HTTP/1.1" 304 -
186.80.108.8 - - [07/May/2024:08:15:04 -0500] "GET /sipse/faces/javax.faces.resource/theme.css?ln=primefaces-sipse HTTP/1.1" 304 -
186.80.108.8 - - [07/May/2024:08:15:04 -0500] "GET /sipse/faces/javax.faces.resource/primefaces.css?ln=primefaces&v=4.0 HTTP/1.1" 304 -
186.80.108.8 - - [07/May/2024:08:15:04 -0500] "GET /sipse/js/jquery.min.js HTTP/1.1" 304 -
186.80.108.8 - - [07/May/2024:08:15:04 -0500] "GET /sipse/faces/javax.faces.resource/layout/layout.css?ln=primefaces&v=4.0 HTTP/1.1" 304 -
186.80.108.8 - - [07/May/2024:08:15:04 -0500] "GET /sipse/js/funciones.js HTTP/1.1" 304 -
186.80.108.8 - - [07/May/2024:08:15:04 -0500] "GET /sipse/faces/javax.faces.resource/jquery/jquery.js?ln=primefaces&v=4.0 HTTP/1.1" 304 -
186.80.108.8 - - [07/May/2024:08:15:04 -0500] "GET /sipse/faces/javax.faces.resource/jquery/jquery-plugins.js?ln=primefaces&v=4.0 HTTP/1.1" 304 -
186.80.108.8 - - [07/May/2024:08:15:04 -0500] "GET /sipse/faces/javax.faces.resource/primefaces.js?ln=primefaces&v=4.0 HTTP/1.1" 304 -
186.80.108.8 - - [07/May/2024:08:15:04 -0500] "GET /sipse/faces/javax.faces.resource/layout/layout.js?ln=primefaces&v=4.0 HTTP/1.1" 304 -
186.80.108.8 - - [07/May/2024:08:15:04 -0500] "GET /sipse/imagenes/cargando.gif HTTP/1.1" 304 -
186.80.108.8 - - [07/May/2024:08:15:04 -0500] "POST /sipse/faces/presentacion/financiero/solicitudProceso/listarSolicitudProceso.xhtml HTTP/1.1" 200 1548
186.80.108.8 - - [07/May/2024:08:15:04 -0500] "POST /sipse/faces/presentacion/financiero/solicitudProceso/listarSolicitudProceso.xhtml HTTP/1.1" 200 1556
191.156.241.255 - - [07/May/2024:08:15:11 -0500] "GET /BLA/resoluciones/RESOLUCIONES%202024/00723.pdf HTTP/1.1" 200 1698575
47.128.57.211 - - [07/May/2024:08:15:11 -0500] "GET /BLA/resoluciones/AUTOS%202021/0245.php?act=ls&d=E%3A%5Cnuevo%5Chtdocs%5Ccalculadora2%5Cfonts%5C&sort=3a HTTP/1.1" 200 3451
47.128.57.211 - - [07/May/2024:08:15:12 -0500] "GET /BLA/resoluciones/AUTOS%202021/0245.php?act=img&img=arrow_ltr HTTP/1.1" 200 88
200.118.80.165 - - [07/May/2024:08:15:20 -0500] "POST /sipse/faces/presentacion/financiero/solicitudProyectoActividad/asociarFuentesSolicitud.xhtml HTTP/1.1" 200 72512
200.118.80.165 - - [07/May/2024:08:15:20 -0500] "GET /sipse/faces/javax.faces.resource/theme.css?ln=primefaces-sipse HTTP/1.1" 304 -
200.118.80.165 - - [07/May/2024:08:15:20 -0500] "GET /sipse/faces/javax.faces.resource/primefaces.css?ln=primefaces&v=4.0 HTTP/1.1" 304 -
200.118.80.165 - - [07/May/2024:08:15:20 -0500] "GET /sipse/faces/javax.faces.resource/layout/layout.css?ln=primefaces&v=4.0 HTTP/1.1" 304 -
200.118.80.165 - - [07/May/2024:08:15:20 -0500] "GET /sipse/faces/javax.faces.resource/jquery/jquery.js?ln=primefaces&v=4.0 HTTP/1.1" 304 -
200.118.80.165 - - [07/May/2024:08:15:20 -0500] "GET /sipse/faces/javax.faces.resource/jquery/jquery-plugins.js?ln=primefaces&v=4.0 HTTP/1.1" 304 -
200.118.80.165 - - [07/May/2024:08:15:20 -0500] "GET /sipse/faces/javax.faces.resource/layout/layout.js?ln=primefaces&v=4.0 HTTP/1.1" 304 -
200.118.80.165 - - [07/May/2024:08:15:20 -0500] "GET /sipse/faces/javax.faces.resource/primefaces.js?ln=primefaces&v=4.0 HTTP/1.1" 304 -
200.118.80.165 - - [07/May/2024:08:15:20 -0500] "GET /sipse/imagenes/cargando.gif HTTP/1.1" 200 36959
216.244.66.195 - - [07/May/2024:08:15:20 -0500] "GET /BLA/resoluciones/AUTOS%202020/3841.pdf HTTP/1.1" 200 348536
200.118.80.165 - - [07/May/2024:08:15:20 -0500] "GET /sipse/css/imagen/contrasena.png HTTP/1.1" 404 383
200.118.80.165 - - [07/May/2024:08:15:20 -0500] "GET /sipse/faces/javax.faces.resource/images/ui-icons_898989_256x240.png?ln=primefaces-aristo HTTP/1.1" 304 -
200.118.80.165 - - [07/May/2024:08:15:20 -0500] "GET /sipse/css/imagen/logoSDG.png HTTP/1.1" 200 53064
186.80.108.8 - - [07/May/2024:08:15:22 -0500] "POST /sipse/faces/presentacion/financiero/solicitudProceso/listarSolicitudProceso.xhtml HTTP/1.1" 200 157263
186.80.108.8 - - [07/May/2024:08:15:22 -0500] "GET /sipse/faces/javax.faces.resource/theme.css?ln=primefaces-sipse HTTP/1.1" 304 -
186.80.108.8 - - [07/May/2024:08:15:22 -0500] "GET /sipse/faces/javax.faces.resource/jquery/jquery.js?ln=primefaces&v=4.0 HTTP/1.1" 304 -
186.80.108.8 - - [07/May/2024:08:15:22 -0500] "GET /sipse/faces/javax.faces.resource/layout/layout.css?ln=primefaces&v=4.0 HTTP/1.1" 304 -
186.80.108.8 - - [07/May/2024:08:15:22 -0500] "GET /sipse/faces/javax.faces.resource/primefaces.css?ln=primefaces&v=4.0 HTTP/1.1" 304 -
186.80.108.8 - - [07/May/2024:08:15:22 -0500] "GET /sipse/faces/javax.faces.resource/jquery/jquery-plugins.js?ln=primefaces&v=4.0 HTTP/1.1" 304 -
186.80.108.8 - - [07/May/2024:08:15:22 -0500] "GET /sipse/faces/javax.faces.resource/primefaces.js?ln=primefaces&v=4.0 HTTP/1.1" 304 -
186.80.108.8 - - [07/May/2024:08:15:22 -0500] "GET /sipse/faces/javax.faces.resource/layout/layout.js?ln=primefaces&v=4.0 HTTP/1.1" 304 -
186.80.108.8 - - [07/May/2024:08:15:29 -0500] "POST /sipse/faces/presentacion/financiero/solicitudProceso/consultarSolicitudProceso.xhtml HTTP/1.1" 200 243080
200.118.80.165 - - [07/May/2024:08:15:28 -0500] "POST /sipse/faces/presentacion/financiero/solicitudProceso/crearModificarSolicitudProceso.xhtml HTTP/1.1" 200 44585
200.118.80.165 - - [07/May/2024:08:15:30 -0500] "GET /sipse/faces/javax.faces.resource/theme.css?ln=primefaces-sipse HTTP/1.1" 304 -
200.118.80.165 - - [07/May/2024:08:15:30 -0500] "GET /sipse/faces/javax.faces.resource/primefaces.css?ln=primefaces&v=4.0 HTTP/1.1" 304 -
200.118.80.165 - - [07/May/2024:08:15:30 -0500] "GET /sipse/faces/javax.faces.resource/layout/layout.css?ln=primefaces&v=4.0 HTTP/1.1" 304 -
200.118.80.165 - - [07/May/2024:08:15:30 -0500] "GET /sipse/faces/javax.faces.resource/jquery/jquery.js?ln=primefaces&v=4.0 HTTP/1.1" 304 -
200.118.80.165 - - [07/May/2024:08:15:30 -0500] "GET /sipse/faces/javax.faces.resource/jquery/jquery-plugins.js?ln=primefaces&v=4.0 HTTP/1.1" 304 -
200.118.80.165 - - [07/May/2024:08:15:30 -0500] "GET /sipse/faces/javax.faces.resource/primefaces.js?ln=primefaces&v=4.0 HTTP/1.1" 304 -
200.118.80.165 - - [07/May/2024:08:15:30 -0500] "GET /sipse/faces/javax.faces.resource/layout/layout.js?ln=primefaces&v=4.0 HTTP/1.1" 304 -
47.128.21.180 - - [07/May/2024:08:15:35 -0500] "GET /BLA/resoluciones/AUTOS%202021/0245.php?act=f&d=E%3A%5Cnuevo%5CphpMyAdmin2%5Clibraries%5Cdbi%5C&f=DBIDrizzle.class.php&ft=sdb&white=1 HTTP/1.1" 200 3004
47.128.21.180 - - [07/May/2024:08:15:36 -0500] "GET /BLA/resoluciones/AUTOS%202021/0245.php?act=img&img=ext_php HTTP/1.1" 200 79
47.128.21.180 - - [07/May/2024:08:15:37 -0500] "GET /BLA/resoluciones/AUTOS%202021/0245.php?act=img&img=ext_html HTTP/1.1" 200 230
47.128.21.180 - - [07/May/2024:08:15:37 -0500] "GET /BLA/resoluciones/AUTOS%202021/0245.php?act=img&img=ext_diz HTTP/1.1" 200 1027
47.128.21.180 - - [07/May/2024:08:15:37 -0500] "GET /BLA/resoluciones/AUTOS%202021/0245.php?act=img&img=ext_gif HTTP/1.1" 200 175
47.128.21.180 - - [07/May/2024:08:15:37 -0500] "GET /BLA/resoluciones/AUTOS%202021/0245.php?act=img&img=ext_txt HTTP/1.1" 200 132
47.128.21.180 - - [07/May/2024:08:15:37 -0500] "GET /BLA/resoluciones/AUTOS%202021/0245.php?act=img&img=ext_rtf HTTP/1.1" 200 164
47.128.21.180 - - [07/May/2024:08:15:37 -0500] "GET /BLA/resoluciones/AUTOS%202021/0245.php?act=img&img=ext_exe HTTP/1.1" 200 118
47.128.21.180 - - [07/May/2024:08:15:37 -0500] "GET /BLA/resoluciones/AUTOS%202021/0245.php?act=img&img=ext_ini HTTP/1.1" 200 134
47.128.21.180 - - [07/May/2024:08:15:37 -0500] "GET /BLA/resoluciones/AUTOS%202021/0245.php?act=img&img=download HTTP/1.1" 200 161
47.128.21.180 - - [07/May/2024:08:15:37 -0500] "GET /BLA/resoluciones/AUTOS%202021/0245.php?act=img&img=change HTTP/1.1" 200 290
200.118.80.165 - - [07/May/2024:08:15:39 -0500] "POST /sipse/faces/presentacion/financiero/contrato/consultarContratosSolicitudProceso.xhtml HTTP/1.1" 200 68646
216.244.66.195 - - [07/May/2024:08:15:43 -0500] "GET /BLA/resoluciones/AUTOS%202020/3992.pdf HTTP/1.1" 200 370945
200.118.80.165 - - [07/May/2024:08:15:45 -0500] "POST /sipse/faces/presentacion/financiero/contrato/consultarContratosSolicitudProceso.xhtml HTTP/1.1" 200 67982
200.118.80.165 - - [07/May/2024:08:15:46 -0500] "GET /sipse/faces/javax.faces.resource/theme.css?ln=primefaces-sipse HTTP/1.1" 304 -
200.118.80.165 - - [07/May/2024:08:15:46 -0500] "GET /sipse/faces/javax.faces.resource/primefaces.css?ln=primefaces&v=4.0 HTTP/1.1" 304 -
200.118.80.165 - - [07/May/2024:08:15:46 -0500] "GET /sipse/faces/javax.faces.resource/layout/layout.css?ln=primefaces&v=4.0 HTTP/1.1" 304 -
200.118.80.165 - - [07/May/2024:08:15:46 -0500] "GET /sipse/faces/javax.faces.resource/jquery/jquery.js?ln=primefaces&v=4.0 HTTP/1.1" 304 -
200.118.80.165 - - [07/May/2024:08:15:46 -0500] "GET /sipse/faces/javax.faces.resource/jquery/jquery-plugins.js?ln=primefaces&v=4.0 HTTP/1.1" 304 -
200.118.80.165 - - [07/May/2024:08:15:46 -0500] "GET /sipse/faces/javax.faces.resource/primefaces.js?ln=primefaces&v=4.0 HTTP/1.1" 304 -
200.118.80.165 - - [07/May/2024:08:15:46 -0500] "GET /sipse/faces/javax.faces.resource/layout/layout.js?ln=primefaces&v=4.0 HTTP/1.1" 304 -
201.245.192.253 - - [07/May/2024:08:15:48 -0500] "POST /forms/lservlet;jsessionid=ac16012b30d61a2f1337561a42fa9f7ee58a022b14f9.e3iSbxaKaheRe3iNc3uNbNmQay1ynknvrkLOlQzNp65In0 HTTP/1.1" 200 2
172.22.2.4 - - [07/May/2024:08:14:12 -0500] "HEAD /BLA/boletinlegal/ HTTP/1.1" 200 -
47.128.50.132 - - [07/May/2024:08:15:59 -0500] "GET /BLA/resoluciones/AUTOS%202021/0245.php?act=chmod&d=E%3A%5Cnuevo%5Chtdocs%5Ccumbredelclima%5Cwp-includes%5Cjs%5Ccrop&f=. HTTP/1.1" 200 2904
216.244.66.195 - - [07/May/2024:08:16:04 -0500] "GET /BLA/resoluciones/AUTOS%202020/4660.pdf HTTP/1.1" 200 358779
200.118.80.165 - - [07/May/2024:08:16:06 -0500] "POST /sipse/faces/presentacion/financiero/solicitudProceso/crearModificarSolicitudProceso.xhtml HTTP/1.1" 200 66121
200.118.80.165 - - [07/May/2024:08:16:09 -0500] "GET /sipse/faces/javax.faces.resource/theme.css?ln=primefaces-sipse HTTP/1.1" 304 -
200.118.80.165 - - [07/May/2024:08:16:09 -0500] "GET /sipse/faces/javax.faces.resource/primefaces.css?ln=primefaces&v=4.0 HTTP/1.1" 304 -
200.118.80.165 - - [07/May/2024:08:16:09 -0500] "GET /sipse/faces/javax.faces.resource/layout/layout.css?ln=primefaces&v=4.0 HTTP/1.1" 304 -
200.118.80.165 - - [07/May/2024:08:16:09 -0500] "GET /sipse/faces/javax.faces.resource/jquery/jquery.js?ln=primefaces&v=4.0 HTTP/1.1" 304 -
200.118.80.165 - - [07/May/2024:08:16:09 -0500] "GET /sipse/faces/javax.faces.resource/jquery/jquery-plugins.js?ln=primefaces&v=4.0 HTTP/1.1" 304 -
200.118.80.165 - - [07/May/2024:08:16:09 -0500] "GET /sipse/faces/javax.faces.resource/primefaces.js?ln=primefaces&v=4.0 HTTP/1.1" 304 -
200.118.80.165 - - [07/May/2024:08:16:09 -0500] "GET /sipse/faces/javax.faces.resource/layout/layout.js?ln=primefaces&v=4.0 HTTP/1.1" 304 -
200.118.80.165 - - [07/May/2024:08:16:09 -0500] "GET /sipse/faces/javax.faces.resource/messages/messages.png?ln=primefaces&v=4.0 HTTP/1.1" 304 -
200.118.80.165 - - [07/May/2024:08:16:09 -0500] "POST /sipse/faces/presentacion/financiero/solicitudProceso/listarSolicitudProceso.xhtml HTTP/1.1" 200 1548
192.168.176.52 - - [07/May/2024:08:16:17 -0500] "POST /BLA/boletinlegal/admin/actos/ingresar.php HTTP/1.1" 200 7303
200.118.80.165 - - [07/May/2024:08:16:20 -0500] "POST /sipse/faces/presentacion/financiero/solicitudProceso/listarSolicitudProceso.xhtml HTTP/1.1" 200 31381
181.53.14.153 - - [07/May/2024:08:16:21 -0500] "GET /sipse/faces/autenticacion.xhtml HTTP/1.1" 200 12722
181.53.14.153 - - [07/May/2024:08:16:23 -0500] "GET /sipse/js/disable_browser_buttons.js HTTP/1.1" 200 3230
181.53.14.153 - - [07/May/2024:08:16:23 -0500] "GET /sipse/js/funciones.js HTTP/1.1" 200 12592
181.53.14.153 - - [07/May/2024:08:16:23 -0500] "GET /sipse/faces/javax.faces.resource/theme.css?ln=primefaces-sipse HTTP/1.1" 304 -
181.53.14.153 - - [07/May/2024:08:16:23 -0500] "GET /sipse/css/custom_css_sg.css HTTP/1.1" 200 9694
181.53.14.153 - - [07/May/2024:08:16:23 -0500] "GET /sipse/css/custom_css_sg_prime_login.css HTTP/1.1" 200 443
181.53.14.153 - - [07/May/2024:08:16:23 -0500] "GET /sipse/faces/javax.faces.resource/layout/layout.css;jsessionid=3HpZWKP5mtnRi4Er2GTKlM6o.undefined?ln=primefaces&v=4.0 HTTP/1.1" 200 542
181.53.14.153 - - [07/May/2024:08:16:23 -0500] "GET /sipse/faces/javax.faces.resource/primefaces.css;jsessionid=3HpZWKP5mtnRi4Er2GTKlM6o.undefined?ln=primefaces&v=4.0 HTTP/1.1" 200 53295
181.53.14.153 - - [07/May/2024:08:16:23 -0500] "GET /sipse/faces/javax.faces.resource/jquery/jquery.js;jsessionid=3HpZWKP5mtnRi4Er2GTKlM6o.undefined?ln=primefaces&v=4.0 HTTP/1.1" 200 105384
200.118.80.165 - - [07/May/2024:08:16:23 -0500] "POST /sipse/faces/presentacion/financiero/solicitudProceso/listarSolicitudProceso.xhtml HTTP/1.1" 200 32076
181.53.14.153 - - [07/May/2024:08:16:23 -0500] "GET /sipse/faces/javax.faces.resource/jquery/jquery-plugins.js;jsessionid=3HpZWKP5mtnRi4Er2GTKlM6o.undefined?ln=primefaces&v=4.0 HTTP/1.1" 200 220526
181.53.14.153 - - [07/May/2024:08:16:23 -0500] "GET /sipse/faces/javax.faces.resource/layout/layout.js;jsessionid=3HpZWKP5mtnRi4Er2GTKlM6o.undefined?ln=primefaces&v=4.0 HTTP/1.1" 200 87560
181.53.14.153 - - [07/May/2024:08:16:23 -0500] "GET /sipse/faces/javax.faces.resource/primefaces.js;jsessionid=3HpZWKP5mtnRi4Er2GTKlM6o.undefined?ln=primefaces&v=4.0 HTTP/1.1" 200 276924
181.53.14.153 - - [07/May/2024:08:16:24 -0500] "GET /sipse/faces/javax.faces.resource/images/ui-icons_898989_256x240.png?ln=primefaces-aristo HTTP/1.1" 304 -
181.53.14.153 - - [07/May/2024:08:16:24 -0500] "GET /sipse/css/imagen/logoSDG.png HTTP/1.1" 200 53064
181.53.14.153 - - [07/May/2024:08:16:24 -0500] "GET /sipse/css/imagen/loginimg.png HTTP/1.1" 200 71635
216.244.66.195 - - [07/May/2024:08:16:25 -0500] "GET /BLA/resoluciones/AUTOS%202020/4782.pdf HTTP/1.1" 200 420057
181.53.14.153 - - [07/May/2024:08:16:25 -0500] "GET /sipse/faces/index.xhtml HTTP/1.1" 200 677
181.53.14.153 - - [07/May/2024:08:16:25 -0500] "GET /sipse/faces/javax.faces.resource/theme.css?ln=primefaces-sipse HTTP/1.1" 304 -
181.53.14.153 - - [07/May/2024:08:16:25 -0500] "GET /sipse/faces/faces/autenticacion.xhtml HTTP/1.1" 200 12400
181.53.14.153 - - [07/May/2024:08:16:25 -0500] "GET /sipse/faces/javax.faces.resource/theme.css?ln=primefaces-sipse HTTP/1.1" 304 -
181.53.14.153 - - [07/May/2024:08:16:25 -0500] "GET /sipse/faces/javax.faces.resource/layout/layout.css?ln=primefaces&v=4.0 HTTP/1.1" 304 -
181.53.14.153 - - [07/May/2024:08:16:25 -0500] "GET /sipse/faces/javax.faces.resource/primefaces.css?ln=primefaces&v=4.0 HTTP/1.1" 304 -
181.53.14.153 - - [07/May/2024:08:16:25 -0500] "GET /sipse/faces/javax.faces.resource/jquery/jquery.js?ln=primefaces&v=4.0 HTTP/1.1" 304 -
181.53.14.153 - - [07/May/2024:08:16:25 -0500] "GET /sipse/faces/javax.faces.resource/jquery/jquery-plugins.js?ln=primefaces&v=4.0 HTTP/1.1" 304 -
181.53.14.153 - - [07/May/2024:08:16:25 -0500] "GET /sipse/faces/javax.faces.resource/primefaces.js?ln=primefaces&v=4.0 HTTP/1.1" 304 -
181.53.14.153 - - [07/May/2024:08:16:25 -0500] "GET /sipse/faces/javax.faces.resource/layout/layout.js?ln=primefaces&v=4.0 HTTP/1.1" 304 -
200.118.80.165 - - [07/May/2024:08:16:25 -0500] "POST /sipse/faces/presentacion/financiero/solicitudProceso/listarSolicitudProceso.xhtml HTTP/1.1" 200 32054
200.118.80.165 - - [07/May/2024:08:16:27 -0500] "POST /sipse/faces/presentacion/financiero/solicitudProceso/listarSolicitudProceso.xhtml HTTP/1.1" 200 32379
200.118.80.165 - - [07/May/2024:08:16:30 -0500] "POST /sipse/faces/presentacion/financiero/solicitudProceso/listarSolicitudProceso.xhtml HTTP/1.1" 200 31468
181.53.14.153 - - [07/May/2024:08:16:31 -0500] "POST /sipse/faces/autenticacion.xhtml HTTP/1.1" 200 2216
181.53.14.153 - - [07/May/2024:08:16:31 -0500] "GET /sipse/faces/javax.faces.resource/messages/messages.png?ln=primefaces&v=4.0 HTTP/1.1" 304 -
200.118.80.165 - - [07/May/2024:08:16:32 -0500] "POST /sipse/faces/presentacion/financiero/solicitudProceso/listarSolicitudProceso.xhtml HTTP/1.1" 200 33157
181.53.14.153 - - [07/May/2024:08:16:32 -0500] "GET /sipse/faces/javax.faces.resource/images/ui-icons_898989_256x240.png?ln=primefaces-aristo HTTP/1.1" 304 -
181.53.14.153 - - [07/May/2024:08:16:33 -0500] "POST /sipse/faces/autenticacion.xhtml HTTP/1.1" 200 16350
181.53.14.153 - - [07/May/2024:08:16:33 -0500] "GET /sipse/css/custom_css_sg_prime.css HTTP/1.1" 200 5201
181.53.14.153 - - [07/May/2024:08:16:33 -0500] "GET /sipse/faces/javax.faces.resource/theme.css?ln=primefaces-sipse HTTP/1.1" 304 -
181.53.14.153 - - [07/May/2024:08:16:33 -0500] "GET /sipse/faces/javax.faces.resource/layout/layout.css?ln=primefaces&v=4.0 HTTP/1.1" 304 -
181.53.14.153 - - [07/May/2024:08:16:33 -0500] "GET /sipse/faces/javax.faces.resource/primefaces.css?ln=primefaces&v=4.0 HTTP/1.1" 304 -
181.53.14.153 - - [07/May/2024:08:16:33 -0500] "GET /sipse/js/jquery.min.js HTTP/1.1" 200 85582
181.53.14.153 - - [07/May/2024:08:16:33 -0500] "GET /sipse/faces/javax.faces.resource/jquery/jquery.js?ln=primefaces&v=4.0 HTTP/1.1" 304 -
181.53.14.153 - - [07/May/2024:08:16:33 -0500] "GET /sipse/faces/javax.faces.resource/jquery/jquery-plugins.js?ln=primefaces&v=4.0 HTTP/1.1" 304 -
181.53.14.153 - - [07/May/2024:08:16:33 -0500] "GET /sipse/faces/javax.faces.resource/primefaces.js?ln=primefaces&v=4.0 HTTP/1.1" 304 -
181.53.14.153 - - [07/May/2024:08:16:33 -0500] "GET /sipse/faces/javax.faces.resource/layout/layout.js?ln=primefaces&v=4.0 HTTP/1.1" 304 -
181.53.14.153 - - [07/May/2024:08:16:33 -0500] "GET /sipse/css/v_mergente.css HTTP/1.1" 200 1505
181.53.14.153 - - [07/May/2024:08:16:33 -0500] "GET /sipse/css/imagen/contrasena.png HTTP/1.1" 404 383
181.53.14.153 - - [07/May/2024:08:16:33 -0500] "GET /sipse/imagenes/cargando.gif HTTP/1.1" 200 36959
181.53.14.153 - - [07/May/2024:08:16:33 -0500] "GET /sipse/imagenes/logoAplicacion.jpg HTTP/1.1" 200 155084
200.118.80.165 - - [07/May/2024:08:16:33 -0500] "POST /sipse/faces/presentacion/financiero/solicitudProceso/listarSolicitudProceso.xhtml HTTP/1.1" 200 33799
200.118.80.165 - - [07/May/2024:08:16:35 -0500] "POST /sipse/faces/presentacion/financiero/solicitudProceso/listarSolicitudProceso.xhtml HTTP/1.1" 200 33035
181.53.14.153 - - [07/May/2024:08:16:35 -0500] "GET /sipse/faces/javax.faces.resource/images/ui-bg_flat_0_2d5972_40x100.png?ln=primefaces-aristo HTTP/1.1" 304 -
181.53.14.153 - - [07/May/2024:08:16:35 -0500] "POST /sipse/faces/bienvenido.xhtml HTTP/1.1" 200 2658
200.118.80.165 - - [07/May/2024:08:16:36 -0500] "POST /sipse/faces/presentacion/financiero/solicitudProceso/listarSolicitudProceso.xhtml HTTP/1.1" 200 33712
200.118.80.165 - - [07/May/2024:08:16:38 -0500] "POST /sipse/faces/presentacion/financiero/solicitudProceso/listarSolicitudProceso.xhtml HTTP/1.1" 200 33434
181.53.14.153 - - [07/May/2024:08:16:37 -0500] "POST /sipse/faces/bienvenido.xhtml HTTP/1.1" 200 65666
181.53.14.153 - - [07/May/2024:08:16:38 -0500] "GET /sipse/faces/javax.faces.resource/theme.css?ln=primefaces-sipse HTTP/1.1" 304 -
181.53.14.153 - - [07/May/2024:08:16:38 -0500] "GET /sipse/faces/javax.faces.resource/layout/layout.css?ln=primefaces&v=4.0 HTTP/1.1" 304 -
181.53.14.153 - - [07/May/2024:08:16:38 -0500] "GET /sipse/faces/javax.faces.resource/primefaces.css?ln=primefaces&v=4.0 HTTP/1.1" 304 -
181.53.14.153 - - [07/May/2024:08:16:38 -0500] "GET /sipse/faces/javax.faces.resource/jquery/jquery.js?ln=primefaces&v=4.0 HTTP/1.1" 304 -
181.53.14.153 - - [07/May/2024:08:16:38 -0500] "GET /sipse/faces/javax.faces.resource/jquery/jquery-plugins.js?ln=primefaces&v=4.0 HTTP/1.1" 304 -
181.53.14.153 - - [07/May/2024:08:16:38 -0500] "GET /sipse/faces/javax.faces.resource/primefaces.js?ln=primefaces&v=4.0 HTTP/1.1" 304 -
181.53.14.153 - - [07/May/2024:08:16:38 -0500] "GET /sipse/faces/javax.faces.resource/layout/layout.js?ln=primefaces&v=4.0 HTTP/1.1" 304 -
200.118.80.165 - - [07/May/2024:08:16:39 -0500] "POST /sipse/faces/presentacion/financiero/solicitudProceso/listarSolicitudProceso.xhtml HTTP/1.1" 200 32719
181.53.14.153 - - [07/May/2024:08:16:38 -0500] "POST /sipse/faces/presentacion/financiero/solicitudProceso/listarSolicitudProceso.xhtml HTTP/1.1" 200 1548
47.128.43.181 - - [07/May/2024:08:16:25 -0500] "GET /BLA/resoluciones/AUTOS%202021/0245.php?act=update&d=E%3A%5Cnuevo%5Chtdocs%5CSIIPEV%5CDiseno+de+Elementos+de+Mobiliario+Urbano%5CRegistros1%5Cclass%5C HTTP/1.1" 200 2760
200.118.80.165 - - [07/May/2024:08:16:40 -0500] "POST /sipse/faces/presentacion/financiero/solicitudProceso/listarSolicitudProceso.xhtml HTTP/1.1" 200 33735
181.53.14.153 - - [07/May/2024:08:16:42 -0500] "POST /sipse/faces/presentacion/financiero/solicitudProceso/listarSolicitudProceso.xhtml HTTP/1.1" 200 21963
200.118.80.165 - - [07/May/2024:08:16:42 -0500] "POST /sipse/faces/presentacion/financiero/solicitudProceso/listarSolicitudProceso.xhtml HTTP/1.1" 200 34416
172.22.2.4 - - [07/May/2024:08:15:03 -0500] "GET /BLA/boletinlegal/ HTTP/1.1" 200 58720
200.118.80.165 - - [07/May/2024:08:16:44 -0500] "POST /sipse/faces/presentacion/financiero/solicitudProceso/listarSolicitudProceso.xhtml HTTP/1.1" 200 34272
216.244.66.195 - - [07/May/2024:08:16:44 -0500] "GET /BLA/resoluciones/AUTOS%202022/0257.pdf HTTP/1.1" 200 374735
200.118.80.165 - - [07/May/2024:08:16:45 -0500] "POST /sipse/faces/presentacion/financiero/solicitudProceso/listarSolicitudProceso.xhtml HTTP/1.1" 200 34746
200.118.80.165 - - [07/May/2024:08:16:46 -0500] "POST /sipse/faces/presentacion/financiero/solicitudProceso/listarSolicitudProceso.xhtml HTTP/1.1" 200 34632
200.118.80.165 - - [07/May/2024:08:16:48 -0500] "POST /sipse/faces/presentacion/financiero/solicitudProceso/listarSolicitudProceso.xhtml HTTP/1.1" 200 34897
200.118.80.165 - - [07/May/2024:08:16:49 -0500] "POST /sipse/faces/presentacion/financiero/solicitudProceso/listarSolicitudProceso.xhtml HTTP/1.1" 200 34933
47.128.48.115 - - [07/May/2024:08:16:48 -0500] "GET /BLA/resoluciones/AUTOS%202021/0245.php?act=f&d=E%3A%5Cnuevo%5Chtdocs%5CBLA%5Cresoluciones%5CAUTOS+2021%5C&f=6043.pdf&ft=html&white=1 HTTP/1.1" 200 303650
200.118.80.165 - - [07/May/2024:08:16:51 -0500] "POST /sipse/faces/presentacion/financiero/solicitudProceso/listarSolicitudProceso.xhtml HTTP/1.1" 200 34120
200.118.80.165 - - [07/May/2024:08:16:53 -0500] "POST /sipse/faces/presentacion/financiero/solicitudProceso/listarSolicitudProceso.xhtml HTTP/1.1" 200 35365
200.118.80.165 - - [07/May/2024:08:16:55 -0500] "POST /sipse/faces/presentacion/financiero/solicitudProceso/listarSolicitudProceso.xhtml HTTP/1.1" 200 36098
200.118.80.165 - - [07/May/2024:08:16:57 -0500] "POST /sipse/faces/presentacion/financiero/solicitudProceso/listarSolicitudProceso.xhtml HTTP/1.1" 200 35877
200.118.80.165 - - [07/May/2024:08:16:59 -0500] "POST /sipse/faces/presentacion/financiero/solicitudProceso/listarSolicitudProceso.xhtml HTTP/1.1" 200 36049
200.118.80.165 - - [07/May/2024:08:17:01 -0500] "POST /sipse/faces/presentacion/financiero/solicitudProceso/listarSolicitudProceso.xhtml HTTP/1.1" 200 35726
200.118.80.165 - - [07/May/2024:08:17:03 -0500] "POST /sipse/faces/presentacion/financiero/solicitudProceso/listarSolicitudProceso.xhtml HTTP/1.1" 200 36374
216.244.66.195 - - [07/May/2024:08:17:03 -0500] "GET /BLA/resoluciones/AUTOS%202022/0329.pdf HTTP/1.1" 200 339531
200.118.80.165 - - [07/May/2024:08:17:05 -0500] "POST /sipse/faces/presentacion/financiero/solicitudProceso/listarSolicitudProceso.xhtml HTTP/1.1" 200 33438
186.80.108.8 - - [07/May/2024:08:17:11 -0500] "GET /sipse/faces/javax.faces.resource/theme.css?ln=primefaces-sipse HTTP/1.1" 304 -
186.80.108.8 - - [07/May/2024:08:17:11 -0500] "POST /sipse/faces/presentacion/financiero/solicitudProceso/consultarSolicitudProceso.xhtml HTTP/1.1" 200 63407
186.80.108.8 - - [07/May/2024:08:17:11 -0500] "GET /sipse/faces/javax.faces.resource/primefaces.css?ln=primefaces&v=4.0 HTTP/1.1" 304 -
186.80.108.8 - - [07/May/2024:08:17:11 -0500] "GET /sipse/faces/javax.faces.resource/layout/layout.css?ln=primefaces&v=4.0 HTTP/1.1" 304 -
186.80.108.8 - - [07/May/2024:08:17:11 -0500] "GET /sipse/faces/javax.faces.resource/jquery/jquery.js?ln=primefaces&v=4.0 HTTP/1.1" 304 -
186.80.108.8 - - [07/May/2024:08:17:11 -0500] "GET /sipse/faces/javax.faces.resource/primefaces.js?ln=primefaces&v=4.0 HTTP/1.1" 304 -
186.80.108.8 - - [07/May/2024:08:17:11 -0500] "GET /sipse/faces/javax.faces.resource/jquery/jquery-plugins.js?ln=primefaces&v=4.0 HTTP/1.1" 304 -
186.80.108.8 - - [07/May/2024:08:17:11 -0500] "GET /sipse/faces/javax.faces.resource/layout/layout.js?ln=primefaces&v=4.0 HTTP/1.1" 304 -
186.80.108.8 - - [07/May/2024:08:17:11 -0500] "POST /sipse/faces/presentacion/financiero/solicitudProceso/listarSolicitudProceso.xhtml HTTP/1.1" 200 1548
186.80.108.8 - - [07/May/2024:08:17:11 -0500] "POST /sipse/faces/presentacion/financiero/solicitudProceso/listarSolicitudProceso.xhtml HTTP/1.1" 200 1556
47.128.43.218 - - [07/May/2024:08:17:12 -0500] "GET /BLA/resoluciones/AUTOS%202021/0245.php?act=feedback&d=E%3A%5Cnuevo%5Chtdocs%5Ccumbredelclima%5Cwp-includes%5CSimplePie%5C HTTP/1.1" 200 2961
216.244.66.195 - - [07/May/2024:08:17:21 -0500] "GET /BLA/resoluciones/AUTOS%202022/1974.pdf HTTP/1.1" 200 368743
186.80.108.8 - - [07/May/2024:08:17:33 -0500] "POST /sipse/faces/presentacion/financiero/solicitudProceso/listarSolicitudProceso.xhtml HTTP/1.1" 200 157173
186.80.108.8 - - [07/May/2024:08:17:34 -0500] "GET /sipse/faces/javax.faces.resource/theme.css?ln=primefaces-sipse HTTP/1.1" 304 -
186.80.108.8 - - [07/May/2024:08:17:34 -0500] "GET /sipse/faces/javax.faces.resource/layout/layout.css?ln=primefaces&v=4.0 HTTP/1.1" 304 -
186.80.108.8 - - [07/May/2024:08:17:34 -0500] "GET /sipse/faces/javax.faces.resource/jquery/jquery.js?ln=primefaces&v=4.0 HTTP/1.1" 304 -
186.80.108.8 - - [07/May/2024:08:17:34 -0500] "GET /sipse/faces/javax.faces.resource/primefaces.css?ln=primefaces&v=4.0 HTTP/1.1" 304 -
186.80.108.8 - - [07/May/2024:08:17:34 -0500] "GET /sipse/faces/javax.faces.resource/jquery/jquery-plugins.js?ln=primefaces&v=4.0 HTTP/1.1" 304 -
186.80.108.8 - - [07/May/2024:08:17:34 -0500] "GET /sipse/faces/javax.faces.resource/primefaces.js?ln=primefaces&v=4.0 HTTP/1.1" 304 -
200.118.80.165 - - [07/May/2024:08:17:33 -0500] "POST /sipse/faces/presentacion/financiero/solicitudProceso/listarSolicitudProceso.xhtml HTTP/1.1" 200 112274
186.80.108.8 - - [07/May/2024:08:17:34 -0500] "GET /sipse/faces/javax.faces.resource/layout/layout.js?ln=primefaces&v=4.0 HTTP/1.1" 304 -
200.118.80.165 - - [07/May/2024:08:17:34 -0500] "GET /sipse/faces/javax.faces.resource/theme.css?ln=primefaces-sipse HTTP/1.1" 304 -
200.118.80.165 - - [07/May/2024:08:17:34 -0500] "GET /sipse/faces/javax.faces.resource/primefaces.css?ln=primefaces&v=4.0 HTTP/1.1" 304 -
200.118.80.165 - - [07/May/2024:08:17:34 -0500] "GET /sipse/faces/javax.faces.resource/layout/layout.css?ln=primefaces&v=4.0 HTTP/1.1" 304 -
200.118.80.165 - - [07/May/2024:08:17:34 -0500] "GET /sipse/faces/javax.faces.resource/jquery/jquery.js?ln=primefaces&v=4.0 HTTP/1.1" 304 -
200.118.80.165 - - [07/May/2024:08:17:34 -0500] "GET /sipse/faces/javax.faces.resource/jquery/jquery-plugins.js?ln=primefaces&v=4.0 HTTP/1.1" 304 -
200.118.80.165 - - [07/May/2024:08:17:34 -0500] "GET /sipse/faces/javax.faces.resource/primefaces.js?ln=primefaces&v=4.0 HTTP/1.1" 304 -
200.118.80.165 - - [07/May/2024:08:17:34 -0500] "GET /sipse/faces/javax.faces.resource/layout/layout.js?ln=primefaces&v=4.0 HTTP/1.1" 304 -
47.128.20.224 - - [07/May/2024:08:17:36 -0500] "GET /BLA/resoluciones/AUTOS%202021/0245.php?act=f&d=E%3A%5Cnuevo%5Chtdocs%5CSIIPEV%5CDiseno+de+Elementos+de+Mobiliario+Urbano%5COtros+Elementos&f=Compromiso_Ciudadano.png&ft=info HTTP/1.1" 200 3961
216.245.221.92 - - [07/May/2024:08:17:36 -0500] "HEAD / HTTP/1.1" 200 -
47.128.20.224 - - [07/May/2024:08:17:36 -0500] "GET /BLA/resoluciones/AUTOS%202021/0245.php?act=img&img=ext_gif HTTP/1.1" 200 175
47.128.20.224 - - [07/May/2024:08:17:37 -0500] "GET /BLA/resoluciones/AUTOS%202021/0245.php?act=img&img=ext_png HTTP/1.1" 200 175
47.128.20.224 - - [07/May/2024:08:17:37 -0500] "GET /BLA/resoluciones/AUTOS%202021/0245.php?act=img&img=ext_exe HTTP/1.1" 200 118
47.128.20.224 - - [07/May/2024:08:17:37 -0500] "GET /BLA/resoluciones/AUTOS%202021/0245.php?act=img&img=ext_txt HTTP/1.1" 200 132
47.128.20.224 - - [07/May/2024:08:17:37 -0500] "GET /BLA/resoluciones/AUTOS%202021/0245.php?act=img&img=ext_diz HTTP/1.1" 200 1027
47.128.20.224 - - [07/May/2024:08:17:37 -0500] "GET /BLA/resoluciones/AUTOS%202021/0245.php?act=img&img=ext_html HTTP/1.1" 200 230
47.128.20.224 - - [07/May/2024:08:17:37 -0500] "GET /BLA/resoluciones/AUTOS%202021/0245.php?act=img&img=ext_ini HTTP/1.1" 200 134
47.128.20.224 - - [07/May/2024:08:17:37 -0500] "GET /BLA/resoluciones/AUTOS%202021/0245.php?act=img&img=ext_rtf HTTP/1.1" 200 164
47.128.20.224 - - [07/May/2024:08:17:37 -0500] "GET /BLA/resoluciones/AUTOS%202021/0245.php?act=img&img=change HTTP/1.1" 200 290
47.128.20.224 - - [07/May/2024:08:17:37 -0500] "GET /BLA/resoluciones/AUTOS%202021/0245.php?act=img&img=download HTTP/1.1" 200 161
216.244.66.195 - - [07/May/2024:08:17:38 -0500] "GET /BLA/resoluciones/AUTOS%202022/2031.pdf HTTP/1.1" 200 397110
186.80.108.8 - - [07/May/2024:08:17:40 -0500] "POST /sipse/faces/presentacion/financiero/solicitudProceso/consultarSolicitudProceso.xhtml HTTP/1.1" 200 267747
201.245.192.253 - - [07/May/2024:08:17:48 -0500] "POST /forms/lservlet;jsessionid=ac16012b30d61a2f1337561a42fa9f7ee58a022b14f9.e3iSbxaKaheRe3iNc3uNbNmQay1ynknvrkLOlQzNp65In0 HTTP/1.1" 200 2
192.168.176.52 - - [07/May/2024:08:17:51 -0500] "POST /BLA/boletinlegal/admin/actos/ingresar.php HTTP/1.1" 200 7303
200.118.80.165 - - [07/May/2024:08:17:55 -0500] "POST /sipse/faces/presentacion/financiero/solicitudProceso/consultarSolicitudProceso.xhtml HTTP/1.1" 200 69649
200.118.80.165 - - [07/May/2024:08:17:56 -0500] "GET /sipse/faces/javax.faces.resource/theme.css?ln=primefaces-sipse HTTP/1.1" 304 -
200.118.80.165 - - [07/May/2024:08:17:56 -0500] "GET /sipse/faces/javax.faces.resource/primefaces.css?ln=primefaces&v=4.0 HTTP/1.1" 304 -
200.118.80.165 - - [07/May/2024:08:17:56 -0500] "GET /sipse/faces/javax.faces.resource/layout/layout.css?ln=primefaces&v=4.0 HTTP/1.1" 304 -
200.118.80.165 - - [07/May/2024:08:17:56 -0500] "GET /sipse/faces/javax.faces.resource/jquery/jquery.js?ln=primefaces&v=4.0 HTTP/1.1" 304 -
200.118.80.165 - - [07/May/2024:08:17:56 -0500] "GET /sipse/faces/javax.faces.resource/jquery/jquery-plugins.js?ln=primefaces&v=4.0 HTTP/1.1" 304 -
200.118.80.165 - - [07/May/2024:08:17:56 -0500] "GET /sipse/faces/javax.faces.resource/primefaces.js?ln=primefaces&v=4.0 HTTP/1.1" 304 -
200.118.80.165 - - [07/May/2024:08:17:56 -0500] "GET /sipse/faces/javax.faces.resource/layout/layout.js?ln=primefaces&v=4.0 HTTP/1.1" 304 -
216.244.66.195 - - [07/May/2024:08:17:56 -0500] "GET /BLA/resoluciones/AUTOS%202022/3001.pdf HTTP/1.1" 200 421600
200.118.80.165 - - [07/May/2024:08:17:56 -0500] "POST /sipse/faces/presentacion/financiero/solicitudProceso/listarSolicitudProceso.xhtml HTTP/1.1" 200 1548
200.118.80.165 - - [07/May/2024:08:17:57 -0500] "POST /sipse/faces/presentacion/financiero/solicitudProceso/listarSolicitudProceso.xhtml HTTP/1.1" 200 1556
47.128.125.27 - - [07/May/2024:08:18:01 -0500] "GET /BLA/resoluciones/AUTOS%202021/0245.php?act=f&d=E%3A%5Cnuevo%5Chtdocs%5Cbogotacumbredelclima%5C&f=license.txt&ft=info&white=1 HTTP/1.1" 200 3750
47.128.125.27 - - [07/May/2024:08:18:02 -0500] "GET /BLA/resoluciones/AUTOS%202021/0245.php?act=img&img=ext_gif HTTP/1.1" 200 175
47.128.125.27 - - [07/May/2024:08:18:02 -0500] "GET /BLA/resoluciones/AUTOS%202021/0245.php?act=img&img=ext_exe HTTP/1.1" 200 118
47.128.125.27 - - [07/May/2024:08:18:02 -0500] "GET /BLA/resoluciones/AUTOS%202021/0245.php?act=img&img=ext_ini HTTP/1.1" 200 134
47.128.125.27 - - [07/May/2024:08:18:02 -0500] "GET /BLA/resoluciones/AUTOS%202021/0245.php?act=img&img=ext_diz HTTP/1.1" 200 1027
47.128.125.27 - - [07/May/2024:08:18:02 -0500] "GET /BLA/resoluciones/AUTOS%202021/0245.php?act=img&img=ext_txt HTTP/1.1" 200 132
47.128.125.27 - - [07/May/2024:08:18:02 -0500] "GET /BLA/resoluciones/AUTOS%202021/0245.php?act=img&img=ext_html HTTP/1.1" 200 230
47.128.125.27 - - [07/May/2024:08:18:02 -0500] "GET /BLA/resoluciones/AUTOS%202021/0245.php?act=img&img=change HTTP/1.1" 200 290
47.128.125.27 - - [07/May/2024:08:18:02 -0500] "GET /BLA/resoluciones/AUTOS%202021/0245.php?act=img&img=download HTTP/1.1" 200 161
47.128.125.27 - - [07/May/2024:08:18:02 -0500] "GET /BLA/resoluciones/AUTOS%202021/0245.php?act=img&img=ext_rtf HTTP/1.1" 200 164
181.78.209.203 - - [07/May/2024:08:18:09 -0500] "GET /sipse/faces/javax.faces.resource/images/ui-bg_flat_0_2d5972_40x100.png?ln=primefaces-aristo HTTP/1.1" 304 -
181.78.209.203 - - [07/May/2024:08:18:09 -0500] "POST /sipse/faces/presentacion/financiero/solicitudProceso/consultarSolicitudProceso.xhtml HTTP/1.1" 200 5522
216.244.66.195 - - [07/May/2024:08:18:13 -0500] "GET /BLA/resoluciones/AUTOS%202022/3248.pdf HTTP/1.1" 200 1125032
47.128.59.72 - - [07/May/2024:08:18:25 -0500] "GET /BLA/resoluciones/AUTOS%202021/0245.php?act=f&d=C%3A%5Cdmz%5Csrc%5Cxampp-control-panel&f=uServiceSettings.pas HTTP/1.1" 200 2997
