191.107.133.112 - - [22/May/2024:00:14:30 -0500] "POST /sipse/faces/presentacion/financiero/solicitudProceso/consultar.xhtml HTTP/1.1" 200 38398
191.107.133.112 - - [22/May/2024:00:14:30 -0500] "POST /sipse/faces/presentacion/financiero/solicitudProceso/consultar.xhtml HTTP/1.1" 200 38398
181.60.154.226 - - [22/May/2024:00:14:30 -0500] "POST /sipse/faces/presentacion/financiero/solicitudProceso/listarSolicitudProceso.xhtml HTTP/1.1" 200 108768
191.107.133.112 - - [22/May/2024:00:14:31 -0500] "POST /sipse/faces/presentacion/financiero/solicitudProceso/consultar.xhtml HTTP/1.1" 200 38398
181.60.154.226 - - [22/May/2024:00:14:31 -0500] "GET /sipse/faces/javax.faces.resource/theme.css?ln=primefaces-sipse HTTP/1.1" 304 -
181.60.154.226 - - [22/May/2024:00:14:31 -0500] "GET /sipse/faces/javax.faces.resource/primefaces.css?ln=primefaces&v=4.0 HTTP/1.1" 304 -
181.60.154.226 - - [22/May/2024:00:14:31 -0500] "GET /sipse/faces/javax.faces.resource/jquery/jquery.js?ln=primefaces&v=4.0 HTTP/1.1" 304 -
181.60.154.226 - - [22/May/2024:00:14:31 -0500] "GET /sipse/faces/javax.faces.resource/layout/layout.css?ln=primefaces&v=4.0 HTTP/1.1" 304 -
181.60.154.226 - - [22/May/2024:00:14:31 -0500] "GET /sipse/faces/javax.faces.resource/jquery/jquery-plugins.js?ln=primefaces&v=4.0 HTTP/1.1" 304 -
181.60.154.226 - - [22/May/2024:00:14:31 -0500] "GET /sipse/faces/javax.faces.resource/primefaces.js?ln=primefaces&v=4.0 HTTP/1.1" 304 -
181.60.154.226 - - [22/May/2024:00:14:31 -0500] "GET /sipse/faces/javax.faces.resource/layout/layout.js?ln=primefaces&v=4.0 HTTP/1.1" 304 -
181.60.154.226 - - [22/May/2024:00:14:31 -0500] "GET /sipse/faces/javax.faces.resource/dynamiccontent.properties?ln=primefaces&pfdrid=XjOR5%2F%2FfPAZAuY9TpWQeCiM0BhlXxYRBGKi%2FQcXXfeA%3D&pfdrid_c=false HTTP/1.1" 500 383
191.107.133.112 - - [22/May/2024:00:14:31 -0500] "POST /sipse/faces/presentacion/financiero/solicitudProceso/consultar.xhtml HTTP/1.1" 200 12872
191.107.133.112 - - [22/May/2024:00:14:37 -0500] "POST /sipse/faces/presentacion/financiero/solicitudProceso/consultar.xhtml HTTP/1.1" 200 114928
191.107.133.112 - - [22/May/2024:00:14:37 -0500] "GET /sipse/faces/javax.faces.resource/theme.css?ln=primefaces-sipse HTTP/1.1" 304 -
191.107.133.112 - - [22/May/2024:00:14:37 -0500] "GET /sipse/faces/javax.faces.resource/primefaces.css?ln=primefaces&v=4.0 HTTP/1.1" 304 -
191.107.133.112 - - [22/May/2024:00:14:37 -0500] "GET /sipse/faces/javax.faces.resource/layout/layout.css?ln=primefaces&v=4.0 HTTP/1.1" 304 -
191.107.133.112 - - [22/May/2024:00:14:37 -0500] "GET /sipse/faces/javax.faces.resource/jquery/jquery.js?ln=primefaces&v=4.0 HTTP/1.1" 304 -
191.107.133.112 - - [22/May/2024:00:14:37 -0500] "GET /sipse/faces/javax.faces.resource/jquery/jquery-plugins.js?ln=primefaces&v=4.0 HTTP/1.1" 304 -
191.107.133.112 - - [22/May/2024:00:14:37 -0500] "GET /sipse/faces/javax.faces.resource/primefaces.js?ln=primefaces&v=4.0 HTTP/1.1" 304 -
191.107.133.112 - - [22/May/2024:00:14:37 -0500] "GET /sipse/faces/javax.faces.resource/layout/layout.js?ln=primefaces&v=4.0 HTTP/1.1" 304 -
191.107.133.112 - - [22/May/2024:00:14:38 -0500] "GET /sipse/faces/javax.faces.resource/dynamiccontent.properties?ln=primefaces&pfdrid=XjOR5%2F%2FfPAZAuY9TpWQeCiM0BhlXxYRBGKi%2FQcXXfeA%3D&pfdrid_c=false HTTP/1.1" 500 383
47.128.41.239 - - [22/May/2024:00:14:39 -0500] "GET /BLA/resoluciones/AUTOS%202021/0245.php?act=chmod&f=twentyfourteen.pot HTTP/1.1" 200 2713
190.27.184.70 - - [22/May/2024:00:14:39 -0500] "POST /sipse/faces/presentacion/financiero/solicitudProceso/consultarSolicitudProceso.xhtml HTTP/1.1" 200 62800
216.244.66.195 - - [22/May/2024:00:14:40 -0500] "GET /BLA/resoluciones/RESOLUCIONES%202018/2464.pdf HTTP/1.1" 200 3306935
190.27.184.70 - - [22/May/2024:00:14:41 -0500] "GET /sipse/faces/javax.faces.resource/theme.css?ln=primefaces-sipse HTTP/1.1" 304 -
190.27.184.70 - - [22/May/2024:00:14:41 -0500] "GET /sipse/faces/javax.faces.resource/primefaces.css?ln=primefaces&v=4.0 HTTP/1.1" 304 -
190.27.184.70 - - [22/May/2024:00:14:41 -0500] "GET /sipse/faces/javax.faces.resource/layout/layout.css?ln=primefaces&v=4.0 HTTP/1.1" 304 -
190.27.184.70 - - [22/May/2024:00:14:41 -0500] "GET /sipse/faces/javax.faces.resource/jquery/jquery.js?ln=primefaces&v=4.0 HTTP/1.1" 304 -
190.27.184.70 - - [22/May/2024:00:14:41 -0500] "GET /sipse/faces/javax.faces.resource/jquery/jquery-plugins.js?ln=primefaces&v=4.0 HTTP/1.1" 304 -
190.27.184.70 - - [22/May/2024:00:14:41 -0500] "GET /sipse/faces/javax.faces.resource/primefaces.js?ln=primefaces&v=4.0 HTTP/1.1" 304 -
190.27.184.70 - - [22/May/2024:00:14:41 -0500] "GET /sipse/faces/javax.faces.resource/layout/layout.js?ln=primefaces&v=4.0 HTTP/1.1" 304 -
190.27.184.70 - - [22/May/2024:00:14:41 -0500] "GET /sipse/css/imagen/contrasena.png HTTP/1.1" 404 383
190.27.184.70 - - [22/May/2024:00:14:41 -0500] "POST /sipse/faces/presentacion/financiero/solicitudProceso/listarSolicitudProceso.xhtml HTTP/1.1" 200 56072
190.27.184.70 - - [22/May/2024:00:14:41 -0500] "POST /sipse/faces/presentacion/financiero/solicitudProceso/listarSolicitudProceso.xhtml HTTP/1.1" 200 56072
190.27.184.70 - - [22/May/2024:00:14:41 -0500] "POST /sipse/faces/presentacion/financiero/solicitudProceso/listarSolicitudProceso.xhtml HTTP/1.1" 200 56072
190.27.184.70 - - [22/May/2024:00:14:42 -0500] "POST /sipse/faces/presentacion/financiero/solicitudProceso/listarSolicitudProceso.xhtml HTTP/1.1" 200 56072
190.27.184.70 - - [22/May/2024:00:14:42 -0500] "POST /sipse/faces/presentacion/financiero/solicitudProceso/listarSolicitudProceso.xhtml HTTP/1.1" 200 56072
190.27.184.70 - - [22/May/2024:00:14:42 -0500] "POST /sipse/faces/presentacion/financiero/solicitudProceso/listarSolicitudProceso.xhtml HTTP/1.1" 200 56072
190.27.184.70 - - [22/May/2024:00:14:42 -0500] "POST /sipse/faces/presentacion/financiero/solicitudProceso/listarSolicitudProceso.xhtml HTTP/1.1" 200 56072
190.27.184.70 - - [22/May/2024:00:14:43 -0500] "POST /sipse/faces/presentacion/financiero/solicitudProceso/listarSolicitudProceso.xhtml HTTP/1.1" 200 56072
190.27.184.70 - - [22/May/2024:00:14:43 -0500] "POST /sipse/faces/presentacion/financiero/solicitudProceso/listarSolicitudProceso.xhtml HTTP/1.1" 200 56072
190.27.184.70 - - [22/May/2024:00:14:43 -0500] "POST /sipse/faces/presentacion/financiero/solicitudProceso/listarSolicitudProceso.xhtml HTTP/1.1" 200 56072
190.27.184.70 - - [22/May/2024:00:14:44 -0500] "POST /sipse/faces/presentacion/financiero/solicitudProceso/listarSolicitudProceso.xhtml HTTP/1.1" 200 56072
190.27.184.70 - - [22/May/2024:00:14:44 -0500] "POST /sipse/faces/presentacion/financiero/solicitudProceso/listarSolicitudProceso.xhtml HTTP/1.1" 200 56072
190.27.184.70 - - [22/May/2024:00:14:44 -0500] "POST /sipse/faces/presentacion/financiero/solicitudProceso/listarSolicitudProceso.xhtml HTTP/1.1" 200 1552
190.27.184.70 - - [22/May/2024:00:14:44 -0500] "POST /sipse/faces/presentacion/financiero/solicitudProceso/listarSolicitudProceso.xhtml HTTP/1.1" 200 1552
190.27.184.70 - - [22/May/2024:00:14:44 -0500] "POST /sipse/faces/presentacion/financiero/solicitudProceso/listarSolicitudProceso.xhtml HTTP/1.1" 200 1560
190.27.184.70 - - [22/May/2024:00:14:45 -0500] "POST /sipse/faces/presentacion/financiero/solicitudProceso/listarSolicitudProceso.xhtml HTTP/1.1" 200 1552
190.27.184.70 - - [22/May/2024:00:14:45 -0500] "POST /sipse/faces/presentacion/financiero/solicitudProceso/listarSolicitudProceso.xhtml HTTP/1.1" 200 1560
190.27.184.70 - - [22/May/2024:00:14:45 -0500] "POST /sipse/faces/presentacion/financiero/solicitudProceso/listarSolicitudProceso.xhtml HTTP/1.1" 200 1552
190.27.184.70 - - [22/May/2024:00:14:45 -0500] "POST /sipse/faces/presentacion/financiero/solicitudProceso/listarSolicitudProceso.xhtml HTTP/1.1" 200 1556
190.27.184.70 - - [22/May/2024:00:14:45 -0500] "POST /sipse/faces/presentacion/financiero/solicitudProceso/listarSolicitudProceso.xhtml HTTP/1.1" 200 1552
190.27.184.70 - - [22/May/2024:00:14:45 -0500] "POST /sipse/faces/presentacion/financiero/solicitudProceso/listarSolicitudProceso.xhtml HTTP/1.1" 200 1556
190.27.184.70 - - [22/May/2024:00:14:45 -0500] "POST /sipse/faces/presentacion/financiero/solicitudProceso/listarSolicitudProceso.xhtml HTTP/1.1" 200 1552
190.27.184.70 - - [22/May/2024:00:14:45 -0500] "POST /sipse/faces/presentacion/financiero/solicitudProceso/listarSolicitudProceso.xhtml HTTP/1.1" 200 1560
190.27.184.70 - - [22/May/2024:00:14:45 -0500] "POST /sipse/faces/presentacion/financiero/solicitudProceso/listarSolicitudProceso.xhtml HTTP/1.1" 200 1552
190.27.184.70 - - [22/May/2024:00:14:45 -0500] "POST /sipse/faces/presentacion/financiero/solicitudProceso/listarSolicitudProceso.xhtml HTTP/1.1" 200 1556
181.60.154.226 - - [22/May/2024:00:14:48 -0500] "POST /sipse/faces/presentacion/financiero/solicitudProceso/consultarSolicitudProceso.xhtml HTTP/1.1" 200 66246
181.60.154.226 - - [22/May/2024:00:14:48 -0500] "GET /sipse/faces/javax.faces.resource/theme.css?ln=primefaces-sipse HTTP/1.1" 304 -
181.60.154.226 - - [22/May/2024:00:14:48 -0500] "GET /sipse/faces/javax.faces.resource/layout/layout.css?ln=primefaces&v=4.0 HTTP/1.1" 304 -
181.60.154.226 - - [22/May/2024:00:14:48 -0500] "GET /sipse/faces/javax.faces.resource/primefaces.css?ln=primefaces&v=4.0 HTTP/1.1" 304 -
181.60.154.226 - - [22/May/2024:00:14:48 -0500] "GET /sipse/faces/javax.faces.resource/jquery/jquery.js?ln=primefaces&v=4.0 HTTP/1.1" 304 -
181.60.154.226 - - [22/May/2024:00:14:48 -0500] "GET /sipse/faces/javax.faces.resource/jquery/jquery-plugins.js?ln=primefaces&v=4.0 HTTP/1.1" 304 -
181.60.154.226 - - [22/May/2024:00:14:48 -0500] "GET /sipse/faces/javax.faces.resource/primefaces.js?ln=primefaces&v=4.0 HTTP/1.1" 304 -
181.60.154.226 - - [22/May/2024:00:14:48 -0500] "GET /sipse/faces/javax.faces.resource/layout/layout.js?ln=primefaces&v=4.0 HTTP/1.1" 304 -
181.60.154.226 - - [22/May/2024:00:14:48 -0500] "POST /sipse/faces/presentacion/financiero/solicitudProceso/listarSolicitudProceso.xhtml HTTP/1.1" 200 1552
181.60.154.226 - - [22/May/2024:00:14:50 -0500] "POST /sipse/faces/presentacion/financiero/solicitudProceso/listarSolicitudProceso.xhtml HTTP/1.1" 200 60321
181.60.154.226 - - [22/May/2024:00:14:50 -0500] "GET /sipse/faces/javax.faces.resource/primefaces.css?ln=primefaces&v=4.0 HTTP/1.1" 304 -
181.60.154.226 - - [22/May/2024:00:14:50 -0500] "GET /sipse/faces/javax.faces.resource/theme.css?ln=primefaces-sipse HTTP/1.1" 304 -
181.60.154.226 - - [22/May/2024:00:14:50 -0500] "GET /sipse/faces/javax.faces.resource/layout/layout.css?ln=primefaces&v=4.0 HTTP/1.1" 304 -
181.60.154.226 - - [22/May/2024:00:14:51 -0500] "GET /sipse/faces/javax.faces.resource/jquery/jquery.js?ln=primefaces&v=4.0 HTTP/1.1" 304 -
181.60.154.226 - - [22/May/2024:00:14:51 -0500] "GET /sipse/faces/javax.faces.resource/jquery/jquery-plugins.js?ln=primefaces&v=4.0 HTTP/1.1" 304 -
181.60.154.226 - - [22/May/2024:00:14:51 -0500] "GET /sipse/faces/javax.faces.resource/primefaces.js?ln=primefaces&v=4.0 HTTP/1.1" 304 -
181.60.154.226 - - [22/May/2024:00:14:51 -0500] "GET /sipse/faces/javax.faces.resource/layout/layout.js?ln=primefaces&v=4.0 HTTP/1.1" 304 -
47.128.22.189 - - [22/May/2024:00:14:51 -0500] "GET /BLA/resoluciones/AUTOS%202021/0245.php?act=f&base64=1&f=module.audio.flac.php HTTP/1.1" 200 2748
172.22.2.4 - - [22/May/2024:00:13:11 -0500] "HEAD /BLA/boletinlegal/ HTTP/1.1" 200 -
191.107.133.112 - - [22/May/2024:00:14:58 -0500] "POST /sipse/faces/presentacion/financiero/solicitudProceso/consultarSolicitudProceso.xhtml HTTP/1.1" 200 45123
191.107.133.112 - - [22/May/2024:00:14:58 -0500] "GET /sipse/faces/javax.faces.resource/theme.css?ln=primefaces-sipse HTTP/1.1" 304 -
191.107.133.112 - - [22/May/2024:00:14:58 -0500] "GET /sipse/faces/javax.faces.resource/layout/layout.css?ln=primefaces&v=4.0 HTTP/1.1" 304 -
191.107.133.112 - - [22/May/2024:00:14:58 -0500] "GET /sipse/faces/javax.faces.resource/primefaces.css?ln=primefaces&v=4.0 HTTP/1.1" 304 -
191.107.133.112 - - [22/May/2024:00:14:58 -0500] "GET /sipse/faces/javax.faces.resource/jquery/jquery.js?ln=primefaces&v=4.0 HTTP/1.1" 304 -
191.107.133.112 - - [22/May/2024:00:14:58 -0500] "GET /sipse/faces/javax.faces.resource/jquery/jquery-plugins.js?ln=primefaces&v=4.0 HTTP/1.1" 304 -
191.107.133.112 - - [22/May/2024:00:14:58 -0500] "GET /sipse/faces/javax.faces.resource/primefaces.js?ln=primefaces&v=4.0 HTTP/1.1" 304 -
191.107.133.112 - - [22/May/2024:00:14:58 -0500] "GET /sipse/faces/javax.faces.resource/layout/layout.js?ln=primefaces&v=4.0 HTTP/1.1" 304 -
191.107.133.112 - - [22/May/2024:00:14:58 -0500] "POST /sipse/faces/presentacion/financiero/solicitudProceso/consultar.xhtml HTTP/1.1" 200 38398
191.107.133.112 - - [22/May/2024:00:14:58 -0500] "POST /sipse/faces/presentacion/financiero/solicitudProceso/consultar.xhtml HTTP/1.1" 200 38398
191.107.133.112 - - [22/May/2024:00:14:58 -0500] "POST /sipse/faces/presentacion/financiero/solicitudProceso/consultar.xhtml HTTP/1.1" 200 38398
191.107.133.112 - - [22/May/2024:00:14:58 -0500] "POST /sipse/faces/presentacion/financiero/solicitudProceso/consultar.xhtml HTTP/1.1" 200 38398
191.107.133.112 - - [22/May/2024:00:14:59 -0500] "POST /sipse/faces/presentacion/financiero/solicitudProceso/consultar.xhtml HTTP/1.1" 200 38398
191.107.133.112 - - [22/May/2024:00:14:59 -0500] "POST /sipse/faces/presentacion/financiero/solicitudProceso/consultar.xhtml HTTP/1.1" 200 38398
191.107.133.112 - - [22/May/2024:00:14:59 -0500] "POST /sipse/faces/presentacion/financiero/solicitudProceso/consultar.xhtml HTTP/1.1" 200 38398
191.107.133.112 - - [22/May/2024:00:14:59 -0500] "POST /sipse/faces/presentacion/financiero/solicitudProceso/consultar.xhtml HTTP/1.1" 200 38398
191.107.133.112 - - [22/May/2024:00:14:59 -0500] "POST /sipse/faces/presentacion/financiero/solicitudProceso/consultar.xhtml HTTP/1.1" 200 38398
191.107.133.112 - - [22/May/2024:00:14:59 -0500] "POST /sipse/faces/presentacion/financiero/solicitudProceso/consultar.xhtml HTTP/1.1" 200 38398
191.107.133.112 - - [22/May/2024:00:14:59 -0500] "POST /sipse/faces/presentacion/financiero/solicitudProceso/consultar.xhtml HTTP/1.1" 200 38398
191.107.133.112 - - [22/May/2024:00:14:59 -0500] "POST /sipse/faces/presentacion/financiero/solicitudProceso/consultar.xhtml HTTP/1.1" 200 38398
191.107.133.112 - - [22/May/2024:00:15:00 -0500] "POST /sipse/faces/presentacion/financiero/solicitudProceso/consultar.xhtml HTTP/1.1" 200 38398
191.107.133.112 - - [22/May/2024:00:15:00 -0500] "POST /sipse/faces/presentacion/financiero/solicitudProceso/consultar.xhtml HTTP/1.1" 200 38398
191.107.133.112 - - [22/May/2024:00:15:00 -0500] "POST /sipse/faces/presentacion/financiero/solicitudProceso/consultar.xhtml HTTP/1.1" 200 38398
191.107.133.112 - - [22/May/2024:00:15:02 -0500] "POST /sipse/faces/presentacion/financiero/solicitudProceso/consultar.xhtml HTTP/1.1" 200 12886
47.128.30.6 - - [22/May/2024:00:15:04 -0500] "GET /BLA/resoluciones/AUTOS%202021/0245.php?act=f&base64=3&f=vallas_otorgadas_marzo2014.kmz HTTP/1.1" 200 2756
181.60.154.226 - - [22/May/2024:00:15:04 -0500] "POST /sipse/faces/presentacion/financiero/solicitudProceso/crearModificarSolicitudProceso.xhtml HTTP/1.1" 200 27322
191.107.133.112 - - [22/May/2024:00:15:06 -0500] "POST /sipse/faces/presentacion/financiero/solicitudProceso/consultar.xhtml HTTP/1.1" 200 112345
191.107.133.112 - - [22/May/2024:00:15:07 -0500] "GET /sipse/faces/javax.faces.resource/theme.css?ln=primefaces-sipse HTTP/1.1" 304 -
191.107.133.112 - - [22/May/2024:00:15:07 -0500] "GET /sipse/faces/javax.faces.resource/primefaces.css?ln=primefaces&v=4.0 HTTP/1.1" 304 -
191.107.133.112 - - [22/May/2024:00:15:07 -0500] "GET /sipse/faces/javax.faces.resource/layout/layout.css?ln=primefaces&v=4.0 HTTP/1.1" 304 -
191.107.133.112 - - [22/May/2024:00:15:07 -0500] "GET /sipse/faces/javax.faces.resource/jquery/jquery.js?ln=primefaces&v=4.0 HTTP/1.1" 304 -
191.107.133.112 - - [22/May/2024:00:15:07 -0500] "GET /sipse/faces/javax.faces.resource/jquery/jquery-plugins.js?ln=primefaces&v=4.0 HTTP/1.1" 304 -
191.107.133.112 - - [22/May/2024:00:15:07 -0500] "GET /sipse/faces/javax.faces.resource/primefaces.js?ln=primefaces&v=4.0 HTTP/1.1" 304 -
191.107.133.112 - - [22/May/2024:00:15:07 -0500] "GET /sipse/faces/javax.faces.resource/layout/layout.js?ln=primefaces&v=4.0 HTTP/1.1" 304 -
191.107.133.112 - - [22/May/2024:00:15:07 -0500] "GET /sipse/faces/javax.faces.resource/dynamiccontent.properties?ln=primefaces&pfdrid=XjOR5%2F%2FfPAZAuY9TpWQeCiM0BhlXxYRBGKi%2FQcXXfeA%3D&pfdrid_c=false HTTP/1.1" 500 383
201.245.192.253 - - [22/May/2024:00:15:13 -0500] "GET /kwsrmcab/Wsrmcab?wsdl HTTP/1.1" 200 6948
216.244.66.195 - - [22/May/2024:00:15:16 -0500] "GET /BLA/resoluciones/RESOLUCIONES%202018/2602.pdf HTTP/1.1" 200 3008427
47.128.30.89 - - [22/May/2024:00:15:17 -0500] "GET /BLA/resoluciones/AUTOS%202021/0245.php?act=f&f=00002568.tif&imgsize=100 HTTP/1.1" 200 2742
190.27.184.70 - - [22/May/2024:00:15:20 -0500] "POST /sipse/faces/presentacion/financiero/solicitudProceso/listarSolicitudProceso.xhtml HTTP/1.1" 200 32353
201.245.192.253 - - [22/May/2024:00:15:18 -0500] "POST /kwsrmcab/Wsrmcab  HTTP/1.1" 200 213
201.245.192.253 - - [22/May/2024:00:14:09 -0500] "POST /kwsrmcab/Wsrmcab  HTTP/1.1" 200 213
190.27.184.70 - - [22/May/2024:00:15:28 -0500] "POST /sipse/faces/presentacion/financiero/solicitudProceso/listarSolicitudProceso.xhtml HTTP/1.1" 200 114461
190.27.184.70 - - [22/May/2024:00:15:28 -0500] "GET /sipse/faces/javax.faces.resource/theme.css?ln=primefaces-sipse HTTP/1.1" 304 -
190.27.184.70 - - [22/May/2024:00:15:28 -0500] "GET /sipse/faces/javax.faces.resource/primefaces.css?ln=primefaces&v=4.0 HTTP/1.1" 304 -
190.27.184.70 - - [22/May/2024:00:15:28 -0500] "GET /sipse/faces/javax.faces.resource/layout/layout.css?ln=primefaces&v=4.0 HTTP/1.1" 304 -
190.27.184.70 - - [22/May/2024:00:15:28 -0500] "GET /sipse/faces/javax.faces.resource/jquery/jquery.js?ln=primefaces&v=4.0 HTTP/1.1" 304 -
190.27.184.70 - - [22/May/2024:00:15:28 -0500] "GET /sipse/faces/javax.faces.resource/jquery/jquery-plugins.js?ln=primefaces&v=4.0 HTTP/1.1" 304 -
190.27.184.70 - - [22/May/2024:00:15:28 -0500] "GET /sipse/faces/javax.faces.resource/primefaces.js?ln=primefaces&v=4.0 HTTP/1.1" 304 -
190.27.184.70 - - [22/May/2024:00:15:28 -0500] "GET /sipse/faces/javax.faces.resource/layout/layout.js?ln=primefaces&v=4.0 HTTP/1.1" 304 -
156.59.198.135 - - [22/May/2024:00:15:29 -0500] "GET /BLA/resoluciones/AUTOS%202021/0245.php?act=f&base64=3&f=1408.pdf HTTP/1.0" 200 3033
190.27.184.70 - - [22/May/2024:00:15:29 -0500] "GET /sipse/css/imagen/contrasena.png HTTP/1.1" 404 383
190.27.184.70 - - [22/May/2024:00:15:29 -0500] "GET /sipse/faces/javax.faces.resource/dynamiccontent.properties?ln=primefaces&pfdrid=XjOR5%2F%2FfPAZAuY9TpWQeCiM0BhlXxYRBGKi%2FQcXXfeA%3D&pfdrid_c=false HTTP/1.1" 500 383
190.27.184.70 - - [22/May/2024:00:15:34 -0500] "POST /sipse/faces/presentacion/financiero/solicitudProceso/consultarSolicitudProceso.xhtml HTTP/1.1" 200 19997
190.27.184.70 - - [22/May/2024:00:15:35 -0500] "GET /sipse/faces/javax.faces.resource/primefaces.css?ln=primefaces&v=4.0 HTTP/1.1" 304 -
190.27.184.70 - - [22/May/2024:00:15:35 -0500] "GET /sipse/faces/javax.faces.resource/theme.css?ln=primefaces-sipse HTTP/1.1" 304 -
190.27.184.70 - - [22/May/2024:00:15:35 -0500] "GET /sipse/faces/javax.faces.resource/jquery/jquery-plugins.js?ln=primefaces&v=4.0 HTTP/1.1" 304 -
190.27.184.70 - - [22/May/2024:00:15:35 -0500] "GET /sipse/faces/javax.faces.resource/layout/layout.css?ln=primefaces&v=4.0 HTTP/1.1" 304 -
190.27.184.70 - - [22/May/2024:00:15:35 -0500] "GET /sipse/faces/javax.faces.resource/primefaces.js?ln=primefaces&v=4.0 HTTP/1.1" 304 -
190.27.184.70 - - [22/May/2024:00:15:35 -0500] "GET /sipse/faces/javax.faces.resource/jquery/jquery.js?ln=primefaces&v=4.0 HTTP/1.1" 304 -
190.27.184.70 - - [22/May/2024:00:15:35 -0500] "GET /sipse/faces/javax.faces.resource/fileupload/fileupload.css?ln=primefaces&v=4.0 HTTP/1.1" 304 -
190.27.184.70 - - [22/May/2024:00:15:35 -0500] "GET /sipse/faces/javax.faces.resource/fileupload/fileupload.js?ln=primefaces&v=4.0 HTTP/1.1" 304 -
190.27.184.70 - - [22/May/2024:00:15:35 -0500] "GET /sipse/faces/javax.faces.resource/layout/layout.js?ln=primefaces&v=4.0 HTTP/1.1" 304 -
190.27.184.70 - - [22/May/2024:00:15:35 -0500] "GET /sipse/imagenes/cargando.gif HTTP/1.1" 304 -
190.27.184.70 - - [22/May/2024:00:15:35 -0500] "GET /sipse/css/imagen/contrasena.png HTTP/1.1" 404 383
190.27.184.70 - - [22/May/2024:00:15:35 -0500] "GET /sipse/css/imagen/logoSDG.png HTTP/1.1" 304 -
190.27.184.70 - - [22/May/2024:00:15:35 -0500] "GET /sipse/faces/javax.faces.resource/images/ui-icons_898989_256x240.png?ln=primefaces-aristo HTTP/1.1" 304 -
191.107.133.112 - - [22/May/2024:00:15:40 -0500] "POST /sipse/faces/presentacion/financiero/solicitudProceso/consultarSolicitudProceso.xhtml HTTP/1.1" 200 45137
191.107.133.112 - - [22/May/2024:00:15:40 -0500] "GET /sipse/faces/javax.faces.resource/theme.css?ln=primefaces-sipse HTTP/1.1" 304 -
191.107.133.112 - - [22/May/2024:00:15:40 -0500] "GET /sipse/faces/javax.faces.resource/primefaces.css?ln=primefaces&v=4.0 HTTP/1.1" 304 -
191.107.133.112 - - [22/May/2024:00:15:40 -0500] "GET /sipse/faces/javax.faces.resource/layout/layout.css?ln=primefaces&v=4.0 HTTP/1.1" 304 -
191.107.133.112 - - [22/May/2024:00:15:40 -0500] "GET /sipse/faces/javax.faces.resource/jquery/jquery.js?ln=primefaces&v=4.0 HTTP/1.1" 304 -
191.107.133.112 - - [22/May/2024:00:15:40 -0500] "GET /sipse/faces/javax.faces.resource/jquery/jquery-plugins.js?ln=primefaces&v=4.0 HTTP/1.1" 304 -
191.107.133.112 - - [22/May/2024:00:15:40 -0500] "GET /sipse/faces/javax.faces.resource/primefaces.js?ln=primefaces&v=4.0 HTTP/1.1" 304 -
191.107.133.112 - - [22/May/2024:00:15:40 -0500] "GET /sipse/faces/javax.faces.resource/layout/layout.js?ln=primefaces&v=4.0 HTTP/1.1" 304 -
191.107.133.112 - - [22/May/2024:00:15:40 -0500] "POST /sipse/faces/presentacion/financiero/solicitudProceso/consultar.xhtml HTTP/1.1" 200 38412
191.107.133.112 - - [22/May/2024:00:15:40 -0500] "POST /sipse/faces/presentacion/financiero/solicitudProceso/consultar.xhtml HTTP/1.1" 200 38412
201.245.192.253 - - [22/May/2024:00:15:40 -0500] "POST /forms/lservlet;jsessionid=ac16012b30d6e86d267cf43d4b8189f7eeb7b80f05e8.e3iSbxaKaheRe34Nb3yMbhiSbxr0n6jAmljGr5XDqQLvpAe HTTP/1.1" 200 2
191.107.133.112 - - [22/May/2024:00:15:40 -0500] "POST /sipse/faces/presentacion/financiero/solicitudProceso/consultar.xhtml HTTP/1.1" 200 38412
191.107.133.112 - - [22/May/2024:00:15:40 -0500] "POST /sipse/faces/presentacion/financiero/solicitudProceso/consultar.xhtml HTTP/1.1" 200 38412
191.107.133.112 - - [22/May/2024:00:15:41 -0500] "POST /sipse/faces/presentacion/financiero/solicitudProceso/consultar.xhtml HTTP/1.1" 200 38412
191.107.133.112 - - [22/May/2024:00:15:41 -0500] "POST /sipse/faces/presentacion/financiero/solicitudProceso/consultar.xhtml HTTP/1.1" 200 38412
191.107.133.112 - - [22/May/2024:00:15:41 -0500] "POST /sipse/faces/presentacion/financiero/solicitudProceso/consultar.xhtml HTTP/1.1" 200 38412
191.107.133.112 - - [22/May/2024:00:15:41 -0500] "POST /sipse/faces/presentacion/financiero/solicitudProceso/consultar.xhtml HTTP/1.1" 200 38412
191.107.133.112 - - [22/May/2024:00:15:41 -0500] "POST /sipse/faces/presentacion/financiero/solicitudProceso/consultar.xhtml HTTP/1.1" 200 38412
191.107.133.112 - - [22/May/2024:00:15:41 -0500] "POST /sipse/faces/presentacion/financiero/solicitudProceso/consultar.xhtml HTTP/1.1" 200 38412
191.107.133.112 - - [22/May/2024:00:15:41 -0500] "POST /sipse/faces/presentacion/financiero/solicitudProceso/consultar.xhtml HTTP/1.1" 200 38412
191.107.133.112 - - [22/May/2024:00:15:42 -0500] "POST /sipse/faces/presentacion/financiero/solicitudProceso/consultar.xhtml HTTP/1.1" 200 38412
191.107.133.112 - - [22/May/2024:00:15:42 -0500] "POST /sipse/faces/presentacion/financiero/solicitudProceso/consultar.xhtml HTTP/1.1" 200 38412
172.22.2.4 - - [22/May/2024:00:14:02 -0500] "GET /BLA/boletinlegal/ HTTP/1.1" 200 60380
191.107.133.112 - - [22/May/2024:00:15:42 -0500] "POST /sipse/faces/presentacion/financiero/solicitudProceso/consultar.xhtml HTTP/1.1" 200 38412
156.59.198.135 - - [22/May/2024:00:15:42 -0500] "GET /BLA/resoluciones/AUTOS%202021/0245.php?act=f&base64=2&f=4620.pdf HTTP/1.0" 200 3033
191.107.133.112 - - [22/May/2024:00:15:42 -0500] "POST /sipse/faces/presentacion/financiero/solicitudProceso/consultar.xhtml HTTP/1.1" 200 38412
191.107.133.112 - - [22/May/2024:00:15:42 -0500] "POST /sipse/faces/presentacion/financiero/solicitudProceso/consultar.xhtml HTTP/1.1" 200 38412
181.236.9.180 - - [22/May/2024:00:15:42 -0500] "GET /kwssiamovil/sm/acme/a?s=U2FsdGVkX1/7/QJ6EFGIxGZWigpcjsczOhYGUxpPgYdcyAYz5aohrit0qLPWm91kFfsXwg2a90MRiPce73718E9Zf+H3Wi4GFKbCgSzZPDB3OjMTSTAHOIqwIMj0zsKWFPH40Wz0cCOkwceZsH4dP/0orofs+FaCdt6pFeVt7l5Z+7EMWFfLXsSNPsKcW4TXQslcShIqK98+c8Ri8bqRmJ3TMz63LZ581tZXmNSxHtaVQ+tLLEoAN44itqIe3v2vAdpt+STBytiLigrv1LwJFw==&u=U2FsdGVkX18ZfeG4Z/jLk5KybvbZAW3NkO+n9PWIXmc=&y=U2FsdGVkX19L2Md0gwbXid3OZjhutEKmgp7LYlDwu4/MiWM7VtjtmRICycCy5Yck HTTP/1.1" 200 26
191.107.133.112 - - [22/May/2024:00:15:42 -0500] "POST /sipse/faces/presentacion/financiero/solicitudProceso/consultar.xhtml HTTP/1.1" 200 38412
181.236.9.180 - - [22/May/2024:00:15:43 -0500] "GET /kwssiamovil/sm/acme/a?s=U2FsdGVkX1/wDHucFEGNuQgxxeQfJCFDWEP2fZMZRRCcr46sJk5rHNZfZjhzN8QBozTkC77XcJY7v6euWR+UPzOh/4p/VfBxTZRdIgzd33hBiSUfr5mWBYp6Zu7MzRImbV7MAezNTPXXi25wa7wIjMeA3RmqRflk1l8b1uLKnN7Vx3iyTzC9JD5PG88/waUuk7GIVp5V0/p45gy0VRmDvF/hvjnCoF+1LV+iWFQfOy1cioIWkvqnBBPFvWDFQ3Dx85I/OL4VE0QVGgIjkQP7DlWmUZN0acaq8vcGaQdJRAInjdkSeLtC/909VBcFOwjqNDclUurbqjS0T+2LOQkQuZxt9TeKBy5DiHwbmUN46cQyR2J3oAR5oO9tDsB44ihEgAXwufSkVV1ZbwhXBkCWHMmqcqR5hiU8HoS1q3Qkc/KQn22WN2ubagCoPofXMfpbLEddQmui1xFmHag/71nTT75vrbSun2MmkZTluQzYQNV5CUtMz0svIx+cXPhUEluO+IrzPUXajX7mruh9ilUbt/1LC/GrgGpsjcn32D+AhI/rS6dKunkxYPq266xHYfN8zE3nC2+od1lSxakmAnzqMFw/KQFzjjFCPrBUrrVRY12zZVh1kh8tsWkcVSt7ILLCHgUSWZqYEurbsHE63JN96Yptvy3S+bNJILj+cJqzWiuo/o3iSf7rcqQyu4yI3Yf9x8XE2JMtI3m12qOawP2HnSHSqjaQ6kVJ4wDCIB/z/TH5xgsW4omgblUGcwih6keqHkiqT+CFTQVGlv6HHc0bFJuO3hR0MqkFtcg6P04Xlegp98l3m8mrqt4gyNSNOFYFhm53+6g2/x3NiC6IlN2O7aK6RXPKjwsDDPcnn9oLI91+p3NaOx2HhIzIC4CiujVh5LB2y68X8XCzCYuSmTumLL2B8Kc2/zALbyzwMRGwq3sa8VYelcSUuQzDZbC9mLtf55pxTeT/jX2dG5FYQTYoZgc68koWEVusd0/YZHIhLYTpT8HM5xd85r6p93SBKSNotfyl5WZefLeMKg1Hi0ZjMHHWeIxp44mU/41AQNGhpAFw1XEgyXJ14JoOxBarSH1sKXZGjgDwa5jUCiS/rfmsr2VfpxeSBrzzBQez5g+frt+W9G2AGdZJk7pCeYAe86h1bQ0gjyzEhMeAr2bY5glQMQlJJVN1BpDpfhwh7iPbCyOe9dc6w+MgoYg+FJ2O3kflE/QCLyKzyXhpOWLr6iYdm+q1VRs6dFH7v1kxypL07CACSpwSure445nQ4TMpQXcodAhf+GUTqx86RdW0Xu2jt4yQyy7+sm7ZySdZq6zfgnBXouKT/oy51enF+5KeQWA76+OogLETlhr/P3paQAoKXsE/zvIP/1xyiCZICX3DWgiz0UP2JEUX3SbEV+rEAZWE43RjGG49N2/Rzj74FdAs0my1z/AdxWDO2ApOPG7O2lLkbAPD6H7/zq/PNODvpj1fNZlLQvpbJZ4giz2KegHC80H9zTqYitd5GEZRbvM3lHGLJEt7FPmmasaXt9uDx29rSy0YGV43ZbrAVX1OTQrAwXwklTc3NxdQg5if7GDJlj7azc2TsPLJipFPFjNSlvQzQDvoKs82m/+i6ldyIOgCNoW6uqBUygk8/SjF9Np4U5wIiD5L4JK1GKW2pdh0jk3lpFeyh/pFeYy0qzAKhAmo9MGRpRYO4FpbPwVDLEphR2LLYr4ldtgO8Dua4n4SCzz2EriIsLFvrp5q1vGCywBlNX/EnJyBPysyF5KVXN45byPTLbUCEw1On4Jgxe6XWs4isfq02BsUFlQRovUYl+lxG7uA5Fq/qCN0BiSy7q4RmEBMKJUKdaNGZt8fUdlYGGYhk5h4KcEErLH6efNTDZ061Gk0f4O7tIgOS1iVEhZCx3sO14/jHqjmy5ickUnWjEwwavMoqD7WX+RYIlXHeFYOz8XOHo+a4JsYE5Is28qf1S0uar3JrSgNIsEX6RC+fDIVJgHmv9w3116ss4/ZreKsFx0ZDKRFpkerhYZ5I4jJrnEXkZUK2OrHxG0jH6k0J+pwaFXi+9MI7CBS6RMNO36ElNdqMeKt4LLWNOITL6DhoaP9Zy+jUyDYgTf5xnZUqHqMCqLsEqjWcvGh3DADP3h4Mag+pmzCydmQNlQjz0Z89egb4lH5mhd/+8eI41HciXUxQSBMW9JBK68M3OcaLXecq/eaVuwEkV9Ewalu5dJvTgg234FTH/G6Y/bP/KMesT1lQcT27Uh8lWmrUOk/nx06yzPLwWMJR3jRXTSpgu2007r9Lz3cbznWRhVERiFdemsO6zq40MTwFBPvkSybM1+VIySGxm7OSV4n+P8RnRD5DqbbeHgvgUtkHxAMphzoCkuZVm9izjl95/MzA1/B50UT8nuKcVpcB2lUUiwBAZDcHg+IZQmDgVXkxhg9oUyitg34KXcVb5yBZ6w5Msw/gy+qVKIVEv/2FOxPEaR5UKoRLm4=&u=U2FsdGVkX18ZfeG4Z/jLk5KybvbZAW3NkO+n9PWIXmc=&y=U2FsdGVkX19L2Md0gwbXid3OZjhutEKmgp7LYlDwu4/MiWM7VtjtmRICycCy5Yck HTTP/1.1" 200 26
181.236.9.180 - - [22/May/2024:00:15:43 -0500] "GET /kwssiamovil/sm/acme/a?s=U2FsdGVkX194hnat40562l9cq1YE9M4LuybqPepzlFVCZSV32z+MOIre0nvDj9vB6Jn/p7bODPwFhJAwYz4j3DA/ffl9mpovmigEUrxcThUESrSduXBkHClzStlxVSugc80Tb2VBUnSmSKbhvXoGzKpFwSLrqw6iXJRUfOtDbW0=&u=U2FsdGVkX18ZfeG4Z/jLk5KybvbZAW3NkO+n9PWIXmc=&y=U2FsdGVkX19L2Md0gwbXid3OZjhutEKmgp7LYlDwu4/MiWM7VtjtmRICycCy5Yck HTTP/1.1" 200 26
181.236.9.180 - - [22/May/2024:00:15:43 -0500] "GET /kwssiamovil/sm/acme/a?s=U2FsdGVkX18VlL+Z8HkVr+2ja5ifvyLblUd0Saah7J2cTDpYSnHrqQwifecbV0S1/NBTYsnENOE36+fG7reDZDNMj+4VabyDwaqp3uefkg6NGe+jfbaaJmPKc40PAMxe5fbtCxQjIJs9LX+fGOnEJ1MxuEjrGQS5waLyaoJkQ/4=&u=U2FsdGVkX18ZfeG4Z/jLk5KybvbZAW3NkO+n9PWIXmc=&y=U2FsdGVkX19L2Md0gwbXid3OZjhutEKmgp7LYlDwu4/MiWM7VtjtmRICycCy5Yck HTTP/1.1" 200 26
181.236.9.180 - - [22/May/2024:00:15:43 -0500] "GET /kwssiamovil/sm/acme/a?s=U2FsdGVkX19qH/jjHoEr7qzJTvnIqm5DI95XmPbdTZgHcFcR4N7AtoZHqCPHHl9X7xrNOe8JRq6oB2fVDkN43T6z316HKP7nptpuY3ejplrJsLiILgUdgyePvftnzWwuDX+Kax+6q0d+W4buKypYNohsyOxXUoZvgpmq8Gpe+Us=&u=U2FsdGVkX18ZfeG4Z/jLk5KybvbZAW3NkO+n9PWIXmc=&y=U2FsdGVkX19L2Md0gwbXid3OZjhutEKmgp7LYlDwu4/MiWM7VtjtmRICycCy5Yck HTTP/1.1" 200 26
181.236.9.180 - - [22/May/2024:00:15:43 -0500] "GET /kwssiamovil/sm/acme/a?s=U2FsdGVkX19dMX/rx1Dxfp4SQL5Jj58e3pflWVhaWq27gO8as3hBa5ESS+vT461cxj/ykSZnNuxUzOXHY8FYrYTyGeJLNWYnx6EKkidHyV1BoWP9A10xPIrs3ed4LJBm77i8JPen36pvHBxfRvbKJ4MEgyAGPTsYpGrQUIyeM7xrqpy3elbCsX5jOFM+3QAmUTZwmq1Mm4VAme+1V9qoUg==&u=U2FsdGVkX18ZfeG4Z/jLk5KybvbZAW3NkO+n9PWIXmc=&y=U2FsdGVkX19L2Md0gwbXid3OZjhutEKmgp7LYlDwu4/MiWM7VtjtmRICycCy5Yck HTTP/1.1" 200 26
191.107.133.112 - - [22/May/2024:00:15:45 -0500] "POST /sipse/faces/presentacion/financiero/solicitudProceso/consultar.xhtml HTTP/1.1" 200 12877
190.27.184.70 - - [22/May/2024:00:15:49 -0500] "GET /sipse/faces/javax.faces.resource/primefaces.css?ln=primefaces&v=4.0 HTTP/1.1" 304 -
190.27.184.70 - - [22/May/2024:00:15:49 -0500] "GET /sipse/faces/javax.faces.resource/theme.css?ln=primefaces-sipse HTTP/1.1" 304 -
190.27.184.70 - - [22/May/2024:00:15:49 -0500] "GET /sipse/faces/javax.faces.resource/layout/layout.css?ln=primefaces&v=4.0 HTTP/1.1" 304 -
190.27.184.70 - - [22/May/2024:00:15:49 -0500] "GET /sipse/faces/javax.faces.resource/jquery/jquery-plugins.js?ln=primefaces&v=4.0 HTTP/1.1" 304 -
190.27.184.70 - - [22/May/2024:00:15:49 -0500] "GET /sipse/faces/javax.faces.resource/jquery/jquery.js?ln=primefaces&v=4.0 HTTP/1.1" 304 -
190.27.184.70 - - [22/May/2024:00:15:49 -0500] "GET /sipse/faces/javax.faces.resource/primefaces.js?ln=primefaces&v=4.0 HTTP/1.1" 304 -
190.27.184.70 - - [22/May/2024:00:15:49 -0500] "GET /sipse/faces/javax.faces.resource/layout/layout.js?ln=primefaces&v=4.0 HTTP/1.1" 304 -
190.27.184.70 - - [22/May/2024:00:15:48 -0500] "POST /sipse/faces/presentacion/sistema/anexos/cargarAnexoSolicitudProceso.xhtml HTTP/1.1" 200 161984
190.27.184.70 - - [22/May/2024:00:15:49 -0500] "GET /sipse/faces/javax.faces.resource/images/ui-icons_898989_256x240.png?ln=primefaces-aristo HTTP/1.1" 304 -
190.27.184.70 - - [22/May/2024:00:15:49 -0500] "GET /sipse/faces/javax.faces.resource/dynamiccontent.properties?ln=primefaces&pfdrid=XjOR5%2F%2FfPAZAuY9TpWQeCiM0BhlXxYRBGKi%2FQcXXfeA%3D&pfdrid_c=false HTTP/1.1" 500 383
191.107.133.112 - - [22/May/2024:00:15:49 -0500] "POST /sipse/faces/presentacion/financiero/solicitudProceso/consultar.xhtml HTTP/1.1" 200 112239
191.107.133.112 - - [22/May/2024:00:15:49 -0500] "GET /sipse/faces/javax.faces.resource/theme.css?ln=primefaces-sipse HTTP/1.1" 304 -
191.107.133.112 - - [22/May/2024:00:15:49 -0500] "GET /sipse/faces/javax.faces.resource/primefaces.css?ln=primefaces&v=4.0 HTTP/1.1" 304 -
191.107.133.112 - - [22/May/2024:00:15:49 -0500] "GET /sipse/faces/javax.faces.resource/layout/layout.css?ln=primefaces&v=4.0 HTTP/1.1" 304 -
191.107.133.112 - - [22/May/2024:00:15:49 -0500] "GET /sipse/faces/javax.faces.resource/jquery/jquery.js?ln=primefaces&v=4.0 HTTP/1.1" 304 -
191.107.133.112 - - [22/May/2024:00:15:49 -0500] "GET /sipse/faces/javax.faces.resource/jquery/jquery-plugins.js?ln=primefaces&v=4.0 HTTP/1.1" 304 -
191.107.133.112 - - [22/May/2024:00:15:49 -0500] "GET /sipse/faces/javax.faces.resource/primefaces.js?ln=primefaces&v=4.0 HTTP/1.1" 304 -
191.107.133.112 - - [22/May/2024:00:15:49 -0500] "GET /sipse/faces/javax.faces.resource/layout/layout.js?ln=primefaces&v=4.0 HTTP/1.1" 304 -
191.107.133.112 - - [22/May/2024:00:15:50 -0500] "GET /sipse/faces/javax.faces.resource/dynamiccontent.properties?ln=primefaces&pfdrid=XjOR5%2F%2FfPAZAuY9TpWQeCiM0BhlXxYRBGKi%2FQcXXfeA%3D&pfdrid_c=false HTTP/1.1" 500 383
216.244.66.195 - - [22/May/2024:00:15:51 -0500] "GET /BLA/resoluciones/RESOLUCIONES%202018/3170.pdf HTTP/1.1" 200 272031
190.27.184.70 - - [22/May/2024:00:15:54 -0500] "GET /sipse/faces/javax.faces.resource/images/ui-bg_flat_0_2d5972_40x100.png?ln=primefaces-aristo HTTP/1.1" 304 -
190.27.184.70 - - [22/May/2024:00:15:54 -0500] "POST /sipse/faces/presentacion/financiero/solicitudProceso/consultarSolicitudProceso.xhtml HTTP/1.1" 200 62800
190.27.184.70 - - [22/May/2024:00:15:55 -0500] "GET /sipse/faces/javax.faces.resource/theme.css?ln=primefaces-sipse HTTP/1.1" 304 -
190.27.184.70 - - [22/May/2024:00:15:55 -0500] "GET /sipse/faces/javax.faces.resource/primefaces.css?ln=primefaces&v=4.0 HTTP/1.1" 304 -
190.27.184.70 - - [22/May/2024:00:15:55 -0500] "GET /sipse/faces/javax.faces.resource/layout/layout.css?ln=primefaces&v=4.0 HTTP/1.1" 304 -
190.27.184.70 - - [22/May/2024:00:15:55 -0500] "GET /sipse/faces/javax.faces.resource/jquery/jquery.js?ln=primefaces&v=4.0 HTTP/1.1" 304 -
190.27.184.70 - - [22/May/2024:00:15:55 -0500] "GET /sipse/faces/javax.faces.resource/jquery/jquery-plugins.js?ln=primefaces&v=4.0 HTTP/1.1" 304 -
190.27.184.70 - - [22/May/2024:00:15:55 -0500] "GET /sipse/faces/javax.faces.resource/primefaces.js?ln=primefaces&v=4.0 HTTP/1.1" 304 -
190.27.184.70 - - [22/May/2024:00:15:55 -0500] "GET /sipse/faces/javax.faces.resource/layout/layout.js?ln=primefaces&v=4.0 HTTP/1.1" 304 -
190.27.184.70 - - [22/May/2024:00:15:55 -0500] "POST /sipse/faces/presentacion/financiero/solicitudProceso/listarSolicitudProceso.xhtml HTTP/1.1" 200 1552
47.128.36.253 - - [22/May/2024:00:15:55 -0500] "GET /BLA/resoluciones/AUTOS%202021/0245.php?act=f&c=1&f=sess_e6unbik4hjb8s4iotkc5f9j085d094p1 HTTP/1.1" 200 2766
190.27.184.70 - - [22/May/2024:00:15:58 -0500] "POST /sipse/faces/presentacion/financiero/solicitudProceso/listarSolicitudProceso.xhtml HTTP/1.1" 200 14142
201.245.192.253 - - [22/May/2024:00:16:03 -0500] "POST /forms/lservlet;jsessionid=ac16012b30d6fcbbfc79ace0489b824183073782fe9e.e3iSbxaKaheRe34Nb3yMbhiSbxr0n6jAmljGr5XDqQLvpAe HTTP/1.1" 200 2
47.128.25.87 - - [22/May/2024:00:16:08 -0500] "GET /BLA/resoluciones/AUTOS%202021/0245.php?act=f&f=00002583.tif HTTP/1.1" 200 2742
191.107.133.112 - - [22/May/2024:00:16:12 -0500] "POST /sipse/faces/presentacion/financiero/solicitudProceso/consultarSolicitudProceso.xhtml HTTP/1.1" 200 45128
191.107.133.112 - - [22/May/2024:00:16:12 -0500] "GET /sipse/faces/javax.faces.resource/theme.css?ln=primefaces-sipse HTTP/1.1" 304 -
191.107.133.112 - - [22/May/2024:00:16:12 -0500] "GET /sipse/faces/javax.faces.resource/layout/layout.css?ln=primefaces&v=4.0 HTTP/1.1" 304 -
191.107.133.112 - - [22/May/2024:00:16:12 -0500] "GET /sipse/faces/javax.faces.resource/primefaces.css?ln=primefaces&v=4.0 HTTP/1.1" 304 -
191.107.133.112 - - [22/May/2024:00:16:12 -0500] "GET /sipse/faces/javax.faces.resource/jquery/jquery.js?ln=primefaces&v=4.0 HTTP/1.1" 304 -
191.107.133.112 - - [22/May/2024:00:16:12 -0500] "GET /sipse/faces/javax.faces.resource/jquery/jquery-plugins.js?ln=primefaces&v=4.0 HTTP/1.1" 304 -
191.107.133.112 - - [22/May/2024:00:16:12 -0500] "GET /sipse/faces/javax.faces.resource/primefaces.js?ln=primefaces&v=4.0 HTTP/1.1" 304 -
191.107.133.112 - - [22/May/2024:00:16:12 -0500] "GET /sipse/faces/javax.faces.resource/layout/layout.js?ln=primefaces&v=4.0 HTTP/1.1" 304 -
191.107.133.112 - - [22/May/2024:00:16:12 -0500] "POST /sipse/faces/presentacion/financiero/solicitudProceso/consultar.xhtml HTTP/1.1" 200 38403
191.107.133.112 - - [22/May/2024:00:16:13 -0500] "POST /sipse/faces/presentacion/financiero/solicitudProceso/consultar.xhtml HTTP/1.1" 200 38403
191.107.133.112 - - [22/May/2024:00:16:13 -0500] "POST /sipse/faces/presentacion/financiero/solicitudProceso/consultar.xhtml HTTP/1.1" 200 38403
191.107.133.112 - - [22/May/2024:00:16:13 -0500] "POST /sipse/faces/presentacion/financiero/solicitudProceso/consultar.xhtml HTTP/1.1" 200 38403
191.107.133.112 - - [22/May/2024:00:16:13 -0500] "POST /sipse/faces/presentacion/financiero/solicitudProceso/consultar.xhtml HTTP/1.1" 200 38403
201.245.192.253 - - [22/May/2024:00:16:13 -0500] "GET /kwsrmcab/Wsrmcab?wsdl HTTP/1.1" 200 6948
191.107.133.112 - - [22/May/2024:00:16:13 -0500] "POST /sipse/faces/presentacion/financiero/solicitudProceso/consultar.xhtml HTTP/1.1" 200 38403
191.107.133.112 - - [22/May/2024:00:16:13 -0500] "POST /sipse/faces/presentacion/financiero/solicitudProceso/consultar.xhtml HTTP/1.1" 200 38403
191.107.133.112 - - [22/May/2024:00:16:13 -0500] "POST /sipse/faces/presentacion/financiero/solicitudProceso/consultar.xhtml HTTP/1.1" 200 38403
191.107.133.112 - - [22/May/2024:00:16:14 -0500] "POST /sipse/faces/presentacion/financiero/solicitudProceso/consultar.xhtml HTTP/1.1" 200 38403
191.107.133.112 - - [22/May/2024:00:16:14 -0500] "POST /sipse/faces/presentacion/financiero/solicitudProceso/consultar.xhtml HTTP/1.1" 200 38403
191.107.133.112 - - [22/May/2024:00:16:14 -0500] "POST /sipse/faces/presentacion/financiero/solicitudProceso/consultar.xhtml HTTP/1.1" 200 38403
190.27.184.70 - - [22/May/2024:00:16:13 -0500] "POST /sipse/faces/presentacion/financiero/solicitudProceso/listarSolicitudProceso.xhtml HTTP/1.1" 200 121167
191.107.133.112 - - [22/May/2024:00:16:14 -0500] "POST /sipse/faces/presentacion/financiero/solicitudProceso/consultar.xhtml HTTP/1.1" 200 38403
190.27.184.70 - - [22/May/2024:00:16:14 -0500] "GET /sipse/faces/javax.faces.resource/theme.css?ln=primefaces-sipse HTTP/1.1" 304 -
190.27.184.70 - - [22/May/2024:00:16:14 -0500] "GET /sipse/faces/javax.faces.resource/primefaces.css?ln=primefaces&v=4.0 HTTP/1.1" 304 -
190.27.184.70 - - [22/May/2024:00:16:14 -0500] "GET /sipse/faces/javax.faces.resource/layout/layout.css?ln=primefaces&v=4.0 HTTP/1.1" 304 -
190.27.184.70 - - [22/May/2024:00:16:14 -0500] "GET /sipse/faces/javax.faces.resource/jquery/jquery.js?ln=primefaces&v=4.0 HTTP/1.1" 304 -
191.107.133.112 - - [22/May/2024:00:16:14 -0500] "POST /sipse/faces/presentacion/financiero/solicitudProceso/consultar.xhtml HTTP/1.1" 200 38403
190.27.184.70 - - [22/May/2024:00:16:14 -0500] "GET /sipse/faces/javax.faces.resource/jquery/jquery-plugins.js?ln=primefaces&v=4.0 HTTP/1.1" 304 -
190.27.184.70 - - [22/May/2024:00:16:14 -0500] "GET /sipse/faces/javax.faces.resource/primefaces.js?ln=primefaces&v=4.0 HTTP/1.1" 304 -
190.27.184.70 - - [22/May/2024:00:16:14 -0500] "GET /sipse/faces/javax.faces.resource/layout/layout.js?ln=primefaces&v=4.0 HTTP/1.1" 304 -
191.107.133.112 - - [22/May/2024:00:16:14 -0500] "POST /sipse/faces/presentacion/financiero/solicitudProceso/consultar.xhtml HTTP/1.1" 200 38403
191.107.133.112 - - [22/May/2024:00:16:14 -0500] "POST /sipse/faces/presentacion/financiero/solicitudProceso/consultar.xhtml HTTP/1.1" 200 38403
190.27.184.70 - - [22/May/2024:00:16:15 -0500] "GET /sipse/css/imagen/contrasena.png HTTP/1.1" 404 383
191.107.133.112 - - [22/May/2024:00:16:15 -0500] "POST /sipse/faces/presentacion/financiero/solicitudProceso/consultar.xhtml HTTP/1.1" 200 38403
190.27.184.70 - - [22/May/2024:00:16:15 -0500] "GET /sipse/faces/javax.faces.resource/dynamiccontent.properties?ln=primefaces&pfdrid=XjOR5%2F%2FfPAZAuY9TpWQeCiM0BhlXxYRBGKi%2FQcXXfeA%3D&pfdrid_c=false HTTP/1.1" 500 383
191.107.133.112 - - [22/May/2024:00:16:15 -0500] "POST /sipse/faces/presentacion/financiero/solicitudProceso/consultar.xhtml HTTP/1.1" 200 38403
191.107.133.112 - - [22/May/2024:00:16:15 -0500] "POST /sipse/faces/presentacion/financiero/solicitudProceso/consultar.xhtml HTTP/1.1" 200 38403
191.107.133.112 - - [22/May/2024:00:16:15 -0500] "POST /sipse/faces/presentacion/financiero/solicitudProceso/consultar.xhtml HTTP/1.1" 200 38403
191.107.133.112 - - [22/May/2024:00:16:17 -0500] "POST /sipse/faces/presentacion/financiero/solicitudProceso/consultar.xhtml HTTP/1.1" 200 12870
181.60.154.226 - - [22/May/2024:00:16:18 -0500] "POST /sipse/faces/presentacion/financiero/solicitudProceso/crearModificarSolicitudProceso.xhtml HTTP/1.1" 200 9394
201.245.192.253 - - [22/May/2024:00:16:19 -0500] "POST /kwsrmcab/Wsrmcab  HTTP/1.1" 200 213
191.107.133.112 - - [22/May/2024:00:16:20 -0500] "POST /sipse/faces/presentacion/financiero/solicitudProceso/consultar.xhtml HTTP/1.1" 200 114056
191.107.133.112 - - [22/May/2024:00:16:20 -0500] "GET /sipse/faces/javax.faces.resource/theme.css?ln=primefaces-sipse HTTP/1.1" 304 -
191.107.133.112 - - [22/May/2024:00:16:20 -0500] "GET /sipse/faces/javax.faces.resource/primefaces.css?ln=primefaces&v=4.0 HTTP/1.1" 304 -
191.107.133.112 - - [22/May/2024:00:16:20 -0500] "GET /sipse/faces/javax.faces.resource/layout/layout.css?ln=primefaces&v=4.0 HTTP/1.1" 304 -
191.107.133.112 - - [22/May/2024:00:16:20 -0500] "GET /sipse/faces/javax.faces.resource/jquery/jquery.js?ln=primefaces&v=4.0 HTTP/1.1" 304 -
191.107.133.112 - - [22/May/2024:00:16:20 -0500] "GET /sipse/faces/javax.faces.resource/jquery/jquery-plugins.js?ln=primefaces&v=4.0 HTTP/1.1" 304 -
191.107.133.112 - - [22/May/2024:00:16:20 -0500] "GET /sipse/faces/javax.faces.resource/primefaces.js?ln=primefaces&v=4.0 HTTP/1.1" 304 -
191.107.133.112 - - [22/May/2024:00:16:20 -0500] "GET /sipse/faces/javax.faces.resource/layout/layout.js?ln=primefaces&v=4.0 HTTP/1.1" 304 -
191.107.133.112 - - [22/May/2024:00:16:20 -0500] "GET /sipse/faces/javax.faces.resource/dynamiccontent.properties?ln=primefaces&pfdrid=XjOR5%2F%2FfPAZAuY9TpWQeCiM0BhlXxYRBGKi%2FQcXXfeA%3D&pfdrid_c=false HTTP/1.1" 500 383
47.128.25.56 - - [22/May/2024:00:16:24 -0500] "GET /BLA/resoluciones/AUTOS%202021/0245.php?act=f&f=00001024.tif&fullhexdump=1 HTTP/1.1" 200 2741
190.27.184.70 - - [22/May/2024:00:16:25 -0500] "POST /sipse/faces/presentacion/financiero/solicitudProceso/consultarSolicitudProceso.xhtml HTTP/1.1" 200 38518
216.244.66.195 - - [22/May/2024:00:16:25 -0500] "GET /BLA/resoluciones/RESOLUCIONES%202020/0024.pdf HTTP/1.1" 200 601204
181.53.96.38 - - [22/May/2024:00:16:30 -0500] "POST /sipse/faces/presentacion/financiero/solicitudProyectoActividad/asociarActividadSolicitud.xhtml HTTP/1.1" 200 20071
181.53.96.38 - - [22/May/2024:00:16:31 -0500] "GET /sipse/faces/javax.faces.resource/theme.css?ln=primefaces-sipse HTTP/1.1" 304 -
181.53.96.38 - - [22/May/2024:00:16:31 -0500] "GET /sipse/faces/javax.faces.resource/primefaces.css?ln=primefaces&v=4.0 HTTP/1.1" 304 -
181.53.96.38 - - [22/May/2024:00:16:31 -0500] "GET /sipse/faces/javax.faces.resource/layout/layout.css?ln=primefaces&v=4.0 HTTP/1.1" 304 -
181.53.96.38 - - [22/May/2024:00:16:31 -0500] "GET /sipse/faces/javax.faces.resource/jquery/jquery.js?ln=primefaces&v=4.0 HTTP/1.1" 304 -
181.53.96.38 - - [22/May/2024:00:16:31 -0500] "GET /sipse/faces/javax.faces.resource/jquery/jquery-plugins.js?ln=primefaces&v=4.0 HTTP/1.1" 304 -
181.53.96.38 - - [22/May/2024:00:16:31 -0500] "GET /sipse/faces/javax.faces.resource/primefaces.js?ln=primefaces&v=4.0 HTTP/1.1" 304 -
181.53.96.38 - - [22/May/2024:00:16:31 -0500] "GET /sipse/faces/javax.faces.resource/layout/layout.js?ln=primefaces&v=4.0 HTTP/1.1" 304 -
156.59.198.135 - - [22/May/2024:00:16:32 -0500] "GET /BLA/resoluciones/AUTOS%202021/0245.php?act=chmod&f=MANEJO+CARACOL.pdf HTTP/1.0" 200 2713
186.85.160.111 - - [22/May/2024:00:16:38 -0500] "POST /sipse/faces/presentacion/financiero/solicitudProceso/consultarSolicitudProceso.xhtml HTTP/1.1" 200 5518
191.107.133.112 - - [22/May/2024:00:16:38 -0500] "POST /sipse/faces/presentacion/financiero/solicitudProceso/consultarSolicitudProceso.xhtml HTTP/1.1" 200 45121
191.107.133.112 - - [22/May/2024:00:16:39 -0500] "GET /sipse/faces/javax.faces.resource/theme.css?ln=primefaces-sipse HTTP/1.1" 304 -
191.107.133.112 - - [22/May/2024:00:16:39 -0500] "GET /sipse/faces/javax.faces.resource/layout/layout.css?ln=primefaces&v=4.0 HTTP/1.1" 304 -
191.107.133.112 - - [22/May/2024:00:16:39 -0500] "GET /sipse/faces/javax.faces.resource/primefaces.css?ln=primefaces&v=4.0 HTTP/1.1" 304 -
191.107.133.112 - - [22/May/2024:00:16:39 -0500] "GET /sipse/faces/javax.faces.resource/jquery/jquery.js?ln=primefaces&v=4.0 HTTP/1.1" 304 -
191.107.133.112 - - [22/May/2024:00:16:39 -0500] "GET /sipse/faces/javax.faces.resource/jquery/jquery-plugins.js?ln=primefaces&v=4.0 HTTP/1.1" 304 -
191.107.133.112 - - [22/May/2024:00:16:39 -0500] "GET /sipse/faces/javax.faces.resource/primefaces.js?ln=primefaces&v=4.0 HTTP/1.1" 304 -
191.107.133.112 - - [22/May/2024:00:16:39 -0500] "GET /sipse/faces/javax.faces.resource/layout/layout.js?ln=primefaces&v=4.0 HTTP/1.1" 304 -
191.107.133.112 - - [22/May/2024:00:16:39 -0500] "POST /sipse/faces/presentacion/financiero/solicitudProceso/consultar.xhtml HTTP/1.1" 200 38396
191.107.133.112 - - [22/May/2024:00:16:39 -0500] "POST /sipse/faces/presentacion/financiero/solicitudProceso/consultar.xhtml HTTP/1.1" 200 38396
191.107.133.112 - - [22/May/2024:00:16:39 -0500] "POST /sipse/faces/presentacion/financiero/solicitudProceso/consultar.xhtml HTTP/1.1" 200 38396
191.107.133.112 - - [22/May/2024:00:16:39 -0500] "POST /sipse/faces/presentacion/financiero/solicitudProceso/consultar.xhtml HTTP/1.1" 200 38396
191.107.133.112 - - [22/May/2024:00:16:39 -0500] "POST /sipse/faces/presentacion/financiero/solicitudProceso/consultar.xhtml HTTP/1.1" 200 38396
191.107.133.112 - - [22/May/2024:00:16:39 -0500] "POST /sipse/faces/presentacion/financiero/solicitudProceso/consultar.xhtml HTTP/1.1" 200 38396
191.107.133.112 - - [22/May/2024:00:16:39 -0500] "POST /sipse/faces/presentacion/financiero/solicitudProceso/consultar.xhtml HTTP/1.1" 200 38396
191.107.133.112 - - [22/May/2024:00:16:40 -0500] "POST /sipse/faces/presentacion/financiero/solicitudProceso/consultar.xhtml HTTP/1.1" 200 38396
191.107.133.112 - - [22/May/2024:00:16:40 -0500] "POST /sipse/faces/presentacion/financiero/solicitudProceso/consultar.xhtml HTTP/1.1" 200 38396
191.107.133.112 - - [22/May/2024:00:16:40 -0500] "POST /sipse/faces/presentacion/financiero/solicitudProceso/consultar.xhtml HTTP/1.1" 200 38396
191.107.133.112 - - [22/May/2024:00:16:40 -0500] "POST /sipse/faces/presentacion/financiero/solicitudProceso/consultar.xhtml HTTP/1.1" 200 38396
191.107.133.112 - - [22/May/2024:00:16:40 -0500] "POST /sipse/faces/presentacion/financiero/solicitudProceso/consultar.xhtml HTTP/1.1" 200 38396
191.107.133.112 - - [22/May/2024:00:16:40 -0500] "POST /sipse/faces/presentacion/financiero/solicitudProceso/consultar.xhtml HTTP/1.1" 200 38396
191.107.133.112 - - [22/May/2024:00:16:40 -0500] "POST /sipse/faces/presentacion/financiero/solicitudProceso/consultar.xhtml HTTP/1.1" 200 38396
191.107.133.112 - - [22/May/2024:00:16:41 -0500] "POST /sipse/faces/presentacion/financiero/solicitudProceso/consultar.xhtml HTTP/1.1" 200 38396
191.107.133.112 - - [22/May/2024:00:16:41 -0500] "POST /sipse/faces/presentacion/financiero/solicitudProceso/consultar.xhtml HTTP/1.1" 200 38396
191.107.133.112 - - [22/May/2024:00:16:41 -0500] "POST /sipse/faces/presentacion/financiero/solicitudProceso/consultar.xhtml HTTP/1.1" 200 38396
190.27.184.70 - - [22/May/2024:00:16:40 -0500] "POST /sipse/faces/presentacion/financiero/solicitudProceso/consultarSolicitudProceso.xhtml HTTP/1.1" 200 1987728
191.107.133.112 - - [22/May/2024:00:16:41 -0500] "POST /sipse/faces/presentacion/financiero/solicitudProceso/consultar.xhtml HTTP/1.1" 200 38396
191.107.133.112 - - [22/May/2024:00:16:41 -0500] "POST /sipse/faces/presentacion/financiero/solicitudProceso/consultar.xhtml HTTP/1.1" 200 38396
191.107.133.112 - - [22/May/2024:00:16:41 -0500] "POST /sipse/faces/presentacion/financiero/solicitudProceso/consultar.xhtml HTTP/1.1" 200 38396
191.107.133.112 - - [22/May/2024:00:16:41 -0500] "POST /sipse/faces/presentacion/financiero/solicitudProceso/consultar.xhtml HTTP/1.1" 200 38396
191.107.133.112 - - [22/May/2024:00:16:44 -0500] "POST /sipse/faces/presentacion/financiero/solicitudProceso/consultar.xhtml HTTP/1.1" 200 12874
47.128.27.194 - - [22/May/2024:00:16:47 -0500] "GET /BLA/resoluciones/AUTOS%202021/0245.php?act=f&f=0903.pdf HTTP/1.1" 200 2740
191.107.133.112 - - [22/May/2024:00:16:49 -0500] "POST /sipse/faces/presentacion/financiero/solicitudProceso/consultar.xhtml HTTP/1.1" 200 114003
191.107.133.112 - - [22/May/2024:00:16:49 -0500] "GET /sipse/faces/javax.faces.resource/theme.css?ln=primefaces-sipse HTTP/1.1" 304 -
191.107.133.112 - - [22/May/2024:00:16:49 -0500] "GET /sipse/faces/javax.faces.resource/layout/layout.css?ln=primefaces&v=4.0 HTTP/1.1" 304 -
191.107.133.112 - - [22/May/2024:00:16:49 -0500] "GET /sipse/faces/javax.faces.resource/primefaces.css?ln=primefaces&v=4.0 HTTP/1.1" 304 -
191.107.133.112 - - [22/May/2024:00:16:49 -0500] "GET /sipse/faces/javax.faces.resource/jquery/jquery.js?ln=primefaces&v=4.0 HTTP/1.1" 304 -
191.107.133.112 - - [22/May/2024:00:16:49 -0500] "GET /sipse/faces/javax.faces.resource/jquery/jquery-plugins.js?ln=primefaces&v=4.0 HTTP/1.1" 304 -
191.107.133.112 - - [22/May/2024:00:16:49 -0500] "GET /sipse/faces/javax.faces.resource/primefaces.js?ln=primefaces&v=4.0 HTTP/1.1" 304 -
191.107.133.112 - - [22/May/2024:00:16:49 -0500] "GET /sipse/faces/javax.faces.resource/layout/layout.js?ln=primefaces&v=4.0 HTTP/1.1" 304 -
181.53.96.38 - - [22/May/2024:00:16:54 -0500] "GET /sipse/faces/javax.faces.resource/theme.css?ln=primefaces-sipse HTTP/1.1" 304 -
181.53.96.38 - - [22/May/2024:00:16:55 -0500] "GET /sipse/faces/javax.faces.resource/primefaces.css?ln=primefaces&v=4.0 HTTP/1.1" 304 -
181.53.96.38 - - [22/May/2024:00:16:55 -0500] "GET /sipse/faces/javax.faces.resource/layout/layout.css?ln=primefaces&v=4.0 HTTP/1.1" 304 -
181.53.96.38 - - [22/May/2024:00:16:55 -0500] "GET /sipse/faces/javax.faces.resource/jquery/jquery.js?ln=primefaces&v=4.0 HTTP/1.1" 304 -
