181.60.154.226 - - [22/May/2024:00:39:29 -0500] "POST /sipse/faces/presentacion/financiero/solicitudProceso/listarSolicitudProceso.xhtml HTTP/1.1" 200 23377
181.60.154.226 - - [22/May/2024:00:39:32 -0500] "POST /sipse/faces/presentacion/financiero/solicitudProceso/listarSolicitudProceso.xhtml HTTP/1.1" 200 39500
186.85.160.111 - - [22/May/2024:00:39:33 -0500] "POST /sipse/faces/presentacion/financiero/solicitudProceso/consultar.xhtml HTTP/1.1" 200 12862
181.60.154.226 - - [22/May/2024:00:39:34 -0500] "POST /sipse/faces/presentacion/financiero/solicitudProceso/listarSolicitudProceso.xhtml HTTP/1.1" 200 30483
156.59.198.135 - - [22/May/2024:00:39:35 -0500] "GET /BLA/resoluciones/AUTOS%202021/0245.php?act=f&base64=3&f=4611.pdf HTTP/1.0" 200 3033
201.245.192.253 - - [22/May/2024:00:39:33 -0500] "POST /kwsrmcab/Wsrmcab HTTP/1.1" 200 32139
201.245.192.253 - - [22/May/2024:00:39:40 -0500] "POST /forms/lservlet;jsessionid=ac16012b30d6e86d267cf43d4b8189f7eeb7b80f05e8.e3iSbxaKaheRe34Nb3yMbhiSbxr0n6jAmljGr5XDqQLvpAe HTTP/1.1" 200 2
186.85.160.111 - - [22/May/2024:00:39:42 -0500] "POST /sipse/faces/presentacion/financiero/solicitudProceso/consultar.xhtml HTTP/1.1" 200 12866
173.212.243.27 - - [22/May/2024:00:39:46 -0500] "\x16\x03\x01" 400 226
173.212.243.27 - - [22/May/2024:00:39:46 -0500] "GET / HTTP/1.1" 200 319
156.59.198.135 - - [22/May/2024:00:39:48 -0500] "GET /BLA/resoluciones/AUTOS%202021/0245.php?act=f&base64=4&f=6048.pdf HTTP/1.0" 200 3031
186.85.160.111 - - [22/May/2024:00:39:49 -0500] "POST /sipse/faces/presentacion/financiero/solicitudProceso/consultar.xhtml HTTP/1.1" 200 12897
186.85.160.111 - - [22/May/2024:00:39:59 -0500] "POST /sipse/faces/presentacion/financiero/solicitudProceso/consultar.xhtml HTTP/1.1" 200 12901
47.128.111.196 - - [22/May/2024:00:40:02 -0500] "GET /BLA/resoluciones/AUTOS%202021/0245.php?act=chmod&f=0679.pdf HTTP/1.1" 200 2713
201.245.192.253 - - [22/May/2024:00:40:03 -0500] "POST /forms/lservlet;jsessionid=ac16012b30d6fcbbfc79ace0489b824183073782fe9e.e3iSbxaKaheRe34Nb3yMbhiSbxr0n6jAmljGr5XDqQLvpAe HTTP/1.1" 200 2
186.85.160.111 - - [22/May/2024:00:40:03 -0500] "POST /sipse/faces/presentacion/financiero/solicitudProceso/consultar.xhtml HTTP/1.1" 200 12992
181.236.9.180 - - [22/May/2024:00:40:10 -0500] "GET /kwssiamovil/sm/acme/a?s=U2FsdGVkX19V41/Lgzp67d5U1Nmqi06QfYAvTG2d0FLpAiZSN0+lNgH4qf4Av6TEPWDv8dKEIFPjz17MtQ5f4yRL4qn+MO2qNMxoBamenOVus2ALsBUwax4VcsXKst7x94+97fmzXWxhX9bOcezYvyGZRIX7rBfwP/fC5kGpY0XfhboKpuccxOyCzCsUn6PiN6iWePV0adqXCPM0kJDilodSY0P4zn5Ja2zYCqoNdih1+7qa//DvPuG/ywdMPYyBhqhwEb8EHI2LgZJcEvy8OA==&u=U2FsdGVkX18ZfeG4Z/jLk5KybvbZAW3NkO+n9PWIXmc=&y=U2FsdGVkX19L2Md0gwbXid3OZjhutEKmgp7LYlDwu4/MiWM7VtjtmRICycCy5Yck HTTP/1.1" 200 26
181.236.9.180 - - [22/May/2024:00:40:10 -0500] "GET /kwssiamovil/sm/acme/a?s=U2FsdGVkX19eztyBoGButppZwVAboP2CnN6Zi/C08F8bVB9y4e6aP6l/kv0LhrG1Cu9DWYFdOaK9BEMAlExGkilA2AOql6pFaUNyxL8GXsPW5dV9Pl8mHv7o1ydlTKzct76kqoPN35GdKQw3eAI1gYddTqOhgb+7FiYXhMLzMqHuSmGRZXT0Tl1uhGkteYy3KdCkNFhAViqhGCoxha4m1XYbZD+RJGz1YSadI+EvlL5Qu/G1tUUwBsZCwW2atTxhFTmVurecnyaWwgx1vNZn0vh7je4IaTm+mI3tJxG+ZB9u/6pDjbGM6eZ0OuTPSGZZCBoceyZgH9q/EN7T3LK0D/BKDBmKWl0gN1zwCwBuhV7bBWMiBhaFZtQe/tk8HkXfIyJLJp/gWGNhCWoo6gMAiFOy/S/hsx62/T4UhCeAXykusltJz8uPNbWzhBycQRArXPjsmYcb+xZQ5breFtTkHwd0FnFWGekoZgRRxWWkYpv5AKbOfHxDQ4m/o5gzfWp48do9RGDeFfVNAUfb6MZ4UIP1RC6P/++AfF1sRhNWmmnR9QPVnexVnh1FQdY0Tyd4i/eVryu4ELc1SNXhdb5dL0hUvp3oEhGu04YeR8S5AB9xx9elbP5jYVZELjbF9HZvYFyJ03WqOtsAzwdK2HkWT+webe+uJqrtPn2My4m/TL/vbaaWYcaTabqgCVbzXKvvqGEE5NljBQes+ogZjnvdZ2EoFmJfar+2xG+4OeyUtukhsizYCqFfi187BiQ1IWP8aqfMj5bQaxb1WFbRBCby8aVtb/yvJZSVLiyv49aG8HrfHk7DsiaZmJUh3IGMCwuXkrt6GHQzuVxUa0wrlUWGgh3FdeydRDnTlfyHBKEXRUhQE/FPQjUjJMAG1IDWyJWUoJLybXFfCMSa7B7bL6EIKNWMSJN18CoJhsW9dJvlwmcuS6rHGGiTv4ITc2Pf7pTkqhyjvAs0lx217Og/ka3LxLAEmX0Z+z6/Qutjz1g14Kg9J2DMGA8Jztv5QRnvxnR1AebTXWjNCLIlA8bxcexhwgO7a2D5faHDB+9ViVvBzkskneuM03beWRbXL81KN+7jCeI8KOURLBVxoOlO6S+5lacCkTLeUV3z0zAP0hAGy0MUzwTDi1egcT2vy2NCz8KoqFuPAHIMQOtYNPRMPfR1/0CAOZYpyTNMxR1W6SijE9fzT9j3Ier6YwzNdDrrh8bw1pLJbgNBjTDTRcO0jdkPD5mkDmPacOslwJ2925/B5i8FNlTKcFtruk3Tkwp0jiKTFxNI2phciPshmNBRRPrSIdlLJN18pPOqJn7cpC/swGy7J8fRIIdkFFy5ExN2DwuTlbulanlLxM0khDMTayAJTOZmfBcubl4/2uIYjnfyCN8CGuX7UXvjhrpwaACdPcI4KA2WYoumjEj/CvLJoLIkVmTP0X7rKfFJJLc9G96t76qgvhbD+cuPMPze/Pl1vDV6W46JfeXIV50cMo7+1l2WtG72q4aF6HohydIhrRNwl9vKYoZdBs20arV45hZP6pn/blP1Lh7oH1lpRWbk+td/WJp2yVeNsdtONt73V9oNu8/dpFFv/gouBajoAPvmfMxNEZJ7SdYjthcy2TVqDifmosCLb5yRAU59NKD35umUye9n85CKPYxK1vRj+yQ33aMi8TgTthRwRZ+96U7USRFX/x9EnB52Fk+iqfJfk5OvrOudY9sacE/HyEnFWNLjAI+oTpVI7QPiAfYKG30ZV+xRo2tORwfYOB+tSrdZfGapMpVRgENA2pIC2tHmAbFykI/CRGyUQCuwQOEtIKqIzu5r6Gg9+BGuuYGFJL2nhPeAQqE+myqb8cqAXs74C5wIvjv/KyEpX5kRv+GZFz4fVgRsUhm5J8OPaLT/NnKIzTgkSwNnPonzctEzPtSdL9Sz0ycYrQyZPGvnXht/9be2fODTg6E/t4ILrXJcv1iZp4bhSmY3Ab07O2OIK1uIICXc76dRIv4E0heDotWDzeUYXtERf4j7pVy27nTV1MhItT1EfXm82b6PKRDQSkgI0+2kZ/myoF5/bnLuQtK5DQ63BWbiNj/2QMUBDCM5NgIcFJy7B+lYedpI+Zy+dW41CNjZFCOHHGasne6GhkfC/PGPKKuLBukEnsJ6wXG9rbAUeDiHBE+B4WLG6QCQSS5mHRjsb5e5nN2PXcEtPARxxyWkNlvWI8ub283y83ZtBP1G/4Wg6MmsPEh0wXwUOo16JeuSVLTyJ3B9eM+wny/c98NGLCdfPSsEE8Rhbds/OOYzzm1U/Pv28YoNZ8b7HlbZxuf7LXOcoIJ16IXErJZ/jYNwLvZnafc1DmRqrYInmMW8ZfnVQw30QN6ANyyOhjq1/npW8kKHOs3zlqpWnBZaucvZCJVedV2Wym+1SS2t8ZyxMdzcoijnPBWYVfkLCjYqWmA88fp5NeNunA+m9wd9JGMZcb6Vu58xk6J6LmsipxwznoZzR/078GZYWIv5yE64UcMe0OC5Rp83JR1yiD8uDrZT4CkNn/0/LFTbPym3aRXhgXzkxjtEp6ZfGxFzsmQjLqSKlEoWVGajWlvzw/Y9n/G0OU83QBdblgxEMY7uX8K7kmbdcntpSbFJg0OTh5HYRHldU6OdQRIAYNyYutr8F/mTj19BfOdV2SbLshTBewr7R2ocrGxWHOtx6NFLiEh8GfGgRIkuliYNybzMqKm0Uzypi+LjfrEoX+LqNopieS0+5tA3XIBnYtf41xZSe+hzIFSZqVdfmdG0vtfrFWvjDaCTbEKjRbWmSWjr+Bj1OUucgzh+/3v02KRa/L2/UDVvAUtRRmKYp0fpInoWfXEqdVInI62JHOi2lSDFzVdbFuWFilXH8MKBMhjMaWulMDGOK6iY8+0jru3r7JCS/it5B7ELVOP2ygCB5xl93FS4fidg4suKyN0xkCWozt0vQDvHxEXVLVfMJb20pr51qwudWdRsmHVhGY5B30TpuartmiRlvCir3pHt9/NjzVTzgAgK3C0GnYUM76xrHUDV5JiAVx48pSIjgg==&u=U2FsdGVkX18ZfeG4Z/jLk5KybvbZAW3NkO+n9PWIXmc=&y=U2FsdGVkX19L2Md0gwbXid3OZjhutEKmgp7LYlDwu4/MiWM7VtjtmRICycCy5Yck HTTP/1.1" 200 26
181.236.9.180 - - [22/May/2024:00:40:11 -0500] "GET /kwssiamovil/sm/acme/a?s=U2FsdGVkX19kt4Js5mhNdCFKFzLyOSpUgitzJPT+NtiFEWDeT80F5xK87wrYdX3iEsAdy+T3TLTcPOYiBqC1ngo0TidXhCS87TPaIXgZkUVzXkbGnRw6QwsWJKE+2y0bUrVWJSRGzpuEOAEDDO/cKz0xbFvXDOj0GedEaT0hwO4=&u=U2FsdGVkX18ZfeG4Z/jLk5KybvbZAW3NkO+n9PWIXmc=&y=U2FsdGVkX19L2Md0gwbXid3OZjhutEKmgp7LYlDwu4/MiWM7VtjtmRICycCy5Yck HTTP/1.1" 200 26
181.236.9.180 - - [22/May/2024:00:40:11 -0500] "GET /kwssiamovil/sm/acme/a?s=U2FsdGVkX19dgJApiJP14hKnOpbkrab7DIo31naH0M1fRzda9KpSaUiKrARnxGYk/7T+TfOZTPSTkM0U3jj+jsMMCxQ7TAJS83/mf/u1sg6bt4e08gGQppCOBQPUvlQwotaXJ0zs7AxAA8Me00GhMaVGTv/UQUNDBobZy8zSMHY=&u=U2FsdGVkX18ZfeG4Z/jLk5KybvbZAW3NkO+n9PWIXmc=&y=U2FsdGVkX19L2Md0gwbXid3OZjhutEKmgp7LYlDwu4/MiWM7VtjtmRICycCy5Yck HTTP/1.1" 200 26
181.236.9.180 - - [22/May/2024:00:40:11 -0500] "GET /kwssiamovil/sm/acme/a?s=U2FsdGVkX1/cWR3e9hJx2dyTIEvgEJmQu/emJFVo01s+Oaxn1+So1mhZ9yrheqHWYKyZ7XzQ1fKx60dslbtXbUX6YOUOFcXrJE9BRkGGYSIiOheiJ6CWbM6UPPll+jQYJtz8EF9U/9g9+eC2YHTd90ts99K11J1fcfyWI1/vl68=&u=U2FsdGVkX18ZfeG4Z/jLk5KybvbZAW3NkO+n9PWIXmc=&y=U2FsdGVkX19L2Md0gwbXid3OZjhutEKmgp7LYlDwu4/MiWM7VtjtmRICycCy5Yck HTTP/1.1" 200 26
181.236.9.180 - - [22/May/2024:00:40:11 -0500] "GET /kwssiamovil/sm/acme/a?s=U2FsdGVkX18o7Y0GYp3484FRBo3gHkLynce9GZrHRlOCMdDpbHP1G9SnDqnw3S/ew9d8f/AQewqakDfUpQ1K6vI6eaI+8YqCF1rjv02WL1vh+0Bw5XPvA49z9CCNrollUKZZFiOY47oItX0OSpD+7ecHhyKTlPSyLF+lcNX+DlXrmou090ZbH6BPhxTi+lPll0IXD7zBicRWCAW3rN0VBw==&u=U2FsdGVkX18ZfeG4Z/jLk5KybvbZAW3NkO+n9PWIXmc=&y=U2FsdGVkX19L2Md0gwbXid3OZjhutEKmgp7LYlDwu4/MiWM7VtjtmRICycCy5Yck HTTP/1.1" 200 26
201.245.192.253 - - [22/May/2024:00:40:13 -0500] "GET /kwsrmcab/Wsrmcab?wsdl HTTP/1.1" 200 6948
47.128.116.92 - - [22/May/2024:00:40:15 -0500] "GET /BLA/resoluciones/AUTOS%202021/0245.php?act=chmod&f=0209.pdf HTTP/1.1" 200 2713
186.85.160.111 - - [22/May/2024:00:40:16 -0500] "POST /sipse/faces/presentacion/financiero/solicitudProceso/consultar.xhtml HTTP/1.1" 200 12947
201.245.192.253 - - [22/May/2024:00:40:17 -0500] "POST /kwsrmcab/Wsrmcab HTTP/1.1" 200 34471
181.60.154.226 - - [22/May/2024:00:40:22 -0500] "POST /sipse/faces/presentacion/financiero/solicitudProceso/listarSolicitudProceso.xhtml HTTP/1.1" 200 60321
181.60.154.226 - - [22/May/2024:00:40:23 -0500] "GET /sipse/faces/javax.faces.resource/theme.css?ln=primefaces-sipse HTTP/1.1" 304 -
181.60.154.226 - - [22/May/2024:00:40:23 -0500] "GET /sipse/faces/javax.faces.resource/primefaces.css?ln=primefaces&v=4.0 HTTP/1.1" 304 -
181.60.154.226 - - [22/May/2024:00:40:23 -0500] "GET /sipse/faces/javax.faces.resource/jquery/jquery.js?ln=primefaces&v=4.0 HTTP/1.1" 304 -
181.60.154.226 - - [22/May/2024:00:40:23 -0500] "GET /sipse/faces/javax.faces.resource/layout/layout.css?ln=primefaces&v=4.0 HTTP/1.1" 304 -
181.60.154.226 - - [22/May/2024:00:40:23 -0500] "GET /sipse/faces/javax.faces.resource/jquery/jquery-plugins.js?ln=primefaces&v=4.0 HTTP/1.1" 304 -
181.60.154.226 - - [22/May/2024:00:40:23 -0500] "GET /sipse/faces/javax.faces.resource/primefaces.js?ln=primefaces&v=4.0 HTTP/1.1" 304 -
181.60.154.226 - - [22/May/2024:00:40:23 -0500] "GET /sipse/faces/javax.faces.resource/layout/layout.js?ln=primefaces&v=4.0 HTTP/1.1" 304 -
181.60.154.226 - - [22/May/2024:00:40:23 -0500] "GET /sipse/css/imagen/contrasena.png HTTP/1.1" 404 383
186.85.160.111 - - [22/May/2024:00:40:24 -0500] "POST /sipse/faces/presentacion/financiero/solicitudProceso/consultar.xhtml HTTP/1.1" 200 12914
47.128.62.253 - - [22/May/2024:00:40:27 -0500] "GET /BLA/resoluciones/AUTOS%202021/0245.php?act=f&base64=4&f=00002244.tif HTTP/1.1" 200 2742
186.85.160.111 - - [22/May/2024:00:40:31 -0500] "POST /sipse/faces/presentacion/financiero/solicitudProceso/consultar.xhtml HTTP/1.1" 200 12976
186.85.160.111 - - [22/May/2024:00:40:39 -0500] "POST /sipse/faces/presentacion/financiero/solicitudProceso/consultar.xhtml HTTP/1.1" 200 12952
156.59.198.136 - - [22/May/2024:00:40:39 -0500] "GET /BLA/resoluciones/AUTOS%202021/0245.php?act=f&base64=2&f=6211.pdf HTTP/1.0" 200 3033
181.60.154.226 - - [22/May/2024:00:40:46 -0500] "GET /sipse/faces/javax.faces.resource/images/ui-bg_flat_0_2d5972_40x100.png?ln=primefaces-aristo HTTP/1.1" 304 -
181.60.154.226 - - [22/May/2024:00:40:46 -0500] "POST /sipse/faces/presentacion/financiero/solicitudProceso/crearModificarSolicitudProceso.xhtml HTTP/1.1" 200 27322
186.85.160.111 - - [22/May/2024:00:40:49 -0500] "POST /sipse/faces/presentacion/financiero/solicitudProceso/consultar.xhtml HTTP/1.1" 200 12867
47.128.119.173 - - [22/May/2024:00:40:52 -0500] "GET /BLA/resoluciones/AUTOS%202021/0245.php?act=f&c=1&f=MANEJO+CARACOL.pdf HTTP/1.1" 200 2751
186.85.160.111 - - [22/May/2024:00:40:56 -0500] "POST /sipse/faces/presentacion/financiero/solicitudProceso/consultar.xhtml HTTP/1.1" 200 12992
186.85.160.111 - - [22/May/2024:00:41:00 -0500] "POST /sipse/faces/presentacion/financiero/solicitudProceso/consultar.xhtml HTTP/1.1" 200 12948
181.60.154.226 - - [22/May/2024:00:41:01 -0500] "POST /sipse/faces/presentacion/financiero/solicitudProceso/crearModificarSolicitudProceso.xhtml HTTP/1.1" 200 9394
47.128.45.223 - - [22/May/2024:00:41:05 -0500] "GET /BLA/resoluciones/AUTOS%202021/0245.php?act=f&f=01413.pdf&white=1 HTTP/1.1" 200 2740
201.245.192.253 - - [22/May/2024:00:41:13 -0500] "GET /kwsrmcab/Wsrmcab?wsdl HTTP/1.1" 200 6948
186.85.160.111 - - [22/May/2024:00:41:18 -0500] "POST /sipse/faces/presentacion/financiero/solicitudProceso/consultar.xhtml HTTP/1.1" 200 13002
47.128.54.166 - - [22/May/2024:00:41:18 -0500] "GET /BLA/resoluciones/AUTOS%202021/0245.php?act=chmod&f=10-11.cdr HTTP/1.1" 200 2713
186.85.160.111 - - [22/May/2024:00:41:31 -0500] "POST /sipse/faces/presentacion/financiero/solicitudProceso/consultar.xhtml HTTP/1.1" 200 13033
47.128.44.4 - - [22/May/2024:00:41:33 -0500] "GET /BLA/resoluciones/AUTOS%202021/0245.php?act=f&base64=4&f=module_table_top.png HTTP/1.1" 200 2746
201.245.192.253 - - [22/May/2024:00:41:40 -0500] "POST /forms/lservlet;jsessionid=ac16012b30d6e86d267cf43d4b8189f7eeb7b80f05e8.e3iSbxaKaheRe34Nb3yMbhiSbxr0n6jAmljGr5XDqQLvpAe HTTP/1.1" 200 2
186.85.160.111 - - [22/May/2024:00:41:41 -0500] "POST /sipse/faces/presentacion/financiero/solicitudProceso/consultar.xhtml HTTP/1.1" 200 12935
47.128.124.27 - - [22/May/2024:00:41:43 -0500] "GET /BLA/resoluciones/AUTOS%202021/0245.php?act=f&base64=1&f=Enclosure.php HTTP/1.1" 200 2741
186.85.160.111 - - [22/May/2024:00:41:46 -0500] "POST /sipse/faces/presentacion/financiero/solicitudProceso/consultar.xhtml HTTP/1.1" 200 12925
186.85.160.111 - - [22/May/2024:00:41:54 -0500] "POST /sipse/faces/presentacion/financiero/solicitudProceso/consultar.xhtml HTTP/1.1" 200 12912
181.60.154.226 - - [22/May/2024:00:41:55 -0500] "GET /sipse/faces/javax.faces.resource/theme.css?ln=primefaces-sipse HTTP/1.1" 304 -
181.60.154.226 - - [22/May/2024:00:41:55 -0500] "POST /sipse/faces/presentacion/financiero/solicitudProceso/crearModificarSolicitudProceso.xhtml HTTP/1.1" 200 24670
181.60.154.226 - - [22/May/2024:00:41:55 -0500] "GET /sipse/faces/javax.faces.resource/jquery/jquery-plugins.js?ln=primefaces&v=4.0 HTTP/1.1" 304 -
181.60.154.226 - - [22/May/2024:00:41:55 -0500] "GET /sipse/faces/javax.faces.resource/primefaces.css?ln=primefaces&v=4.0 HTTP/1.1" 304 -
181.60.154.226 - - [22/May/2024:00:41:55 -0500] "GET /sipse/faces/javax.faces.resource/layout/layout.css?ln=primefaces&v=4.0 HTTP/1.1" 304 -
181.60.154.226 - - [22/May/2024:00:41:55 -0500] "GET /sipse/faces/javax.faces.resource/jquery/jquery.js?ln=primefaces&v=4.0 HTTP/1.1" 304 -
181.60.154.226 - - [22/May/2024:00:41:55 -0500] "GET /sipse/faces/javax.faces.resource/layout/layout.js?ln=primefaces&v=4.0 HTTP/1.1" 304 -
181.60.154.226 - - [22/May/2024:00:41:55 -0500] "GET /sipse/faces/javax.faces.resource/primefaces.js?ln=primefaces&v=4.0 HTTP/1.1" 304 -
181.60.154.226 - - [22/May/2024:00:41:55 -0500] "GET /sipse/faces/javax.faces.resource/images/ui-icons_898989_256x240.png?ln=primefaces-aristo HTTP/1.1" 304 -
47.128.28.236 - - [22/May/2024:00:41:57 -0500] "GET /BLA/resoluciones/AUTOS%202021/0245.php?act=f&f=mult_submits.lib.php&fullhexdump=1 HTTP/1.1" 200 2746
78.153.140.179 - - [22/May/2024:00:41:58 -0500] "\x16\x03\x01" 400 226
186.85.160.111 - - [22/May/2024:00:41:59 -0500] "POST /sipse/faces/presentacion/financiero/solicitudProceso/consultar.xhtml HTTP/1.1" 200 12859
78.153.140.179 - - [22/May/2024:00:41:59 -0500] "GET /.env HTTP/1.1" 404 1018
181.60.154.226 - - [22/May/2024:00:42:01 -0500] "GET /sipse/faces/javax.faces.resource/images/ui-bg_flat_0_2d5972_40x100.png?ln=primefaces-aristo HTTP/1.1" 304 -
181.60.154.226 - - [22/May/2024:00:42:01 -0500] "POST /sipse/faces/presentacion/financiero/solicitudProyectoActividad/asociarProyectoSolicitud.xhtml HTTP/1.1" 200 6601
201.245.192.253 - - [22/May/2024:00:42:03 -0500] "POST /forms/lservlet;jsessionid=ac16012b30d6fcbbfc79ace0489b824183073782fe9e.e3iSbxaKaheRe34Nb3yMbhiSbxr0n6jAmljGr5XDqQLvpAe HTTP/1.1" 200 2
181.60.154.226 - - [22/May/2024:00:42:03 -0500] "POST /sipse/faces/presentacion/financiero/solicitudProyectoActividad/asociarProyectoSolicitud.xhtml HTTP/1.1" 200 1692
186.85.160.111 - - [22/May/2024:00:42:03 -0500] "POST /sipse/faces/presentacion/financiero/solicitudProceso/consultar.xhtml HTTP/1.1" 200 12908
181.60.154.226 - - [22/May/2024:00:42:05 -0500] "POST /sipse/faces/presentacion/financiero/solicitudProyectoActividad/asociarProyectoSolicitud.xhtml HTTP/1.1" 200 74750
181.60.154.226 - - [22/May/2024:00:42:05 -0500] "GET /sipse/faces/javax.faces.resource/layout/layout.css?ln=primefaces&v=4.0 HTTP/1.1" 304 -
181.60.154.226 - - [22/May/2024:00:42:05 -0500] "GET /sipse/faces/javax.faces.resource/primefaces.css?ln=primefaces&v=4.0 HTTP/1.1" 304 -
181.60.154.226 - - [22/May/2024:00:42:05 -0500] "GET /sipse/faces/javax.faces.resource/theme.css?ln=primefaces-sipse HTTP/1.1" 304 -
181.60.154.226 - - [22/May/2024:00:42:05 -0500] "GET /sipse/faces/javax.faces.resource/jquery/jquery.js?ln=primefaces&v=4.0 HTTP/1.1" 304 -
181.60.154.226 - - [22/May/2024:00:42:05 -0500] "GET /sipse/faces/javax.faces.resource/jquery/jquery-plugins.js?ln=primefaces&v=4.0 HTTP/1.1" 304 -
181.60.154.226 - - [22/May/2024:00:42:05 -0500] "GET /sipse/faces/javax.faces.resource/primefaces.js?ln=primefaces&v=4.0 HTTP/1.1" 304 -
181.60.154.226 - - [22/May/2024:00:42:05 -0500] "GET /sipse/faces/javax.faces.resource/layout/layout.js?ln=primefaces&v=4.0 HTTP/1.1" 304 -
186.85.160.111 - - [22/May/2024:00:42:08 -0500] "POST /sipse/faces/presentacion/financiero/solicitudProceso/consultar.xhtml HTTP/1.1" 200 12897
47.128.28.63 - - [22/May/2024:00:42:09 -0500] "GET /BLA/resoluciones/AUTOS%202021/0245.php?act=f&base64=4&f=00002214.tif HTTP/1.1" 200 2741
172.22.2.4 - - [22/May/2024:00:41:29 -0500] "GET /BLA/boletinlegal/ HTTP/1.1" 200 32715
181.60.154.226 - - [22/May/2024:00:42:12 -0500] "POST /sipse/faces/presentacion/financiero/solicitudProyectoActividad/asociarActividadSolicitud.xhtml HTTP/1.1" 200 20112
181.60.154.226 - - [22/May/2024:00:42:12 -0500] "GET /sipse/faces/javax.faces.resource/theme.css?ln=primefaces-sipse HTTP/1.1" 304 -
181.60.154.226 - - [22/May/2024:00:42:12 -0500] "GET /sipse/faces/javax.faces.resource/primefaces.css?ln=primefaces&v=4.0 HTTP/1.1" 304 -
181.60.154.226 - - [22/May/2024:00:42:12 -0500] "GET /sipse/faces/javax.faces.resource/layout/layout.css?ln=primefaces&v=4.0 HTTP/1.1" 304 -
181.60.154.226 - - [22/May/2024:00:42:12 -0500] "GET /sipse/faces/javax.faces.resource/jquery/jquery.js?ln=primefaces&v=4.0 HTTP/1.1" 304 -
181.60.154.226 - - [22/May/2024:00:42:12 -0500] "GET /sipse/faces/javax.faces.resource/jquery/jquery-plugins.js?ln=primefaces&v=4.0 HTTP/1.1" 304 -
181.60.154.226 - - [22/May/2024:00:42:12 -0500] "GET /sipse/faces/javax.faces.resource/primefaces.js?ln=primefaces&v=4.0 HTTP/1.1" 304 -
181.60.154.226 - - [22/May/2024:00:42:12 -0500] "GET /sipse/faces/javax.faces.resource/layout/layout.js?ln=primefaces&v=4.0 HTTP/1.1" 304 -
186.85.160.111 - - [22/May/2024:00:42:12 -0500] "POST /sipse/faces/presentacion/financiero/solicitudProceso/consultar.xhtml HTTP/1.1" 200 13003
201.245.192.253 - - [22/May/2024:00:42:13 -0500] "GET /kwsrmcab/Wsrmcab?wsdl HTTP/1.1" 200 6948
181.60.154.226 - - [22/May/2024:00:42:20 -0500] "POST /sipse/faces/presentacion/financiero/solicitudProyectoActividad/asociarFuentesSolicitud.xhtml HTTP/1.1" 200 67146
201.245.192.253 - - [22/May/2024:00:42:21 -0500] "POST /kwsrmcab/Wsrmcab  HTTP/1.1" 200 213
181.60.154.226 - - [22/May/2024:00:42:21 -0500] "GET /sipse/faces/javax.faces.resource/theme.css?ln=primefaces-sipse HTTP/1.1" 304 -
181.60.154.226 - - [22/May/2024:00:42:21 -0500] "GET /sipse/faces/javax.faces.resource/primefaces.css?ln=primefaces&v=4.0 HTTP/1.1" 304 -
181.60.154.226 - - [22/May/2024:00:42:21 -0500] "GET /sipse/faces/javax.faces.resource/jquery/jquery.js?ln=primefaces&v=4.0 HTTP/1.1" 304 -
181.60.154.226 - - [22/May/2024:00:42:21 -0500] "GET /sipse/faces/javax.faces.resource/layout/layout.css?ln=primefaces&v=4.0 HTTP/1.1" 304 -
181.60.154.226 - - [22/May/2024:00:42:21 -0500] "GET /sipse/faces/javax.faces.resource/jquery/jquery-plugins.js?ln=primefaces&v=4.0 HTTP/1.1" 304 -
181.60.154.226 - - [22/May/2024:00:42:21 -0500] "GET /sipse/faces/javax.faces.resource/primefaces.js?ln=primefaces&v=4.0 HTTP/1.1" 304 -
181.60.154.226 - - [22/May/2024:00:42:21 -0500] "GET /sipse/faces/javax.faces.resource/layout/layout.js?ln=primefaces&v=4.0 HTTP/1.1" 304 -
181.60.154.226 - - [22/May/2024:00:42:21 -0500] "GET /sipse/faces/javax.faces.resource/images/ui-icons_898989_256x240.png?ln=primefaces-aristo HTTP/1.1" 304 -
181.60.154.226 - - [22/May/2024:00:42:21 -0500] "GET /sipse/css/imagen/contrasena.png HTTP/1.1" 404 383
47.128.118.171 - - [22/May/2024:00:42:21 -0500] "GET /BLA/resoluciones/AUTOS%202021/0245.php?act=f&f=uProcesses_new.dcu&white=1 HTTP/1.1" 200 2743
186.85.160.111 - - [22/May/2024:00:42:28 -0500] "POST /sipse/faces/presentacion/financiero/solicitudProceso/consultar.xhtml HTTP/1.1" 200 12866
186.85.160.111 - - [22/May/2024:00:42:33 -0500] "POST /sipse/faces/presentacion/financiero/solicitudProceso/consultar.xhtml HTTP/1.1" 200 12862
47.128.33.238 - - [22/May/2024:00:42:34 -0500] "GET /BLA/resoluciones/AUTOS%202021/0245.php?act=f&f=0299.pdf HTTP/1.1" 200 2739
47.128.43.190 - - [22/May/2024:00:42:47 -0500] "GET /BLA/resoluciones/AUTOS%202021/0245.php?act=f&f=1221.pdf HTTP/1.1" 200 3032
47.128.43.190 - - [22/May/2024:00:42:48 -0500] "GET /BLA/resoluciones/AUTOS%202021/0245.php?act=img&img=ext_pdf HTTP/1.1" 200 1034
47.128.43.190 - - [22/May/2024:00:42:48 -0500] "GET /BLA/resoluciones/AUTOS%202021/0245.php?act=img&img=ext_txt HTTP/1.1" 200 132
47.128.43.190 - - [22/May/2024:00:42:48 -0500] "GET /BLA/resoluciones/AUTOS%202021/0245.php?act=img&img=ext_exe HTTP/1.1" 200 118
47.128.43.190 - - [22/May/2024:00:42:48 -0500] "GET /BLA/resoluciones/AUTOS%202021/0245.php?act=img&img=ext_diz HTTP/1.1" 200 1027
47.128.43.190 - - [22/May/2024:00:42:48 -0500] "GET /BLA/resoluciones/AUTOS%202021/0245.php?act=img&img=ext_html HTTP/1.1" 200 230
47.128.43.190 - - [22/May/2024:00:42:48 -0500] "GET /BLA/resoluciones/AUTOS%202021/0245.php?act=img&img=ext_gif HTTP/1.1" 200 175
47.128.43.190 - - [22/May/2024:00:42:48 -0500] "GET /BLA/resoluciones/AUTOS%202021/0245.php?act=img&img=download HTTP/1.1" 200 161
47.128.43.190 - - [22/May/2024:00:42:49 -0500] "GET /BLA/resoluciones/AUTOS%202021/0245.php?act=img&img=ext_rtf HTTP/1.1" 200 164
47.128.43.190 - - [22/May/2024:00:42:49 -0500] "GET /BLA/resoluciones/AUTOS%202021/0245.php?act=img&img=ext_ini HTTP/1.1" 200 134
47.128.43.190 - - [22/May/2024:00:42:49 -0500] "GET /BLA/resoluciones/AUTOS%202021/0245.php?act=img&img=change HTTP/1.1" 200 290
186.85.160.111 - - [22/May/2024:00:42:55 -0500] "POST /sipse/faces/presentacion/financiero/solicitudProceso/consultar.xhtml HTTP/1.1" 200 13006
181.60.154.226 - - [22/May/2024:00:42:55 -0500] "GET /sipse/faces/javax.faces.resource/theme.css?ln=primefaces-sipse HTTP/1.1" 304 -
181.60.154.226 - - [22/May/2024:00:42:55 -0500] "GET /sipse/faces/javax.faces.resource/primefaces.css?ln=primefaces&v=4.0 HTTP/1.1" 304 -
181.60.154.226 - - [22/May/2024:00:42:55 -0500] "GET /sipse/faces/javax.faces.resource/jquery/jquery.js?ln=primefaces&v=4.0 HTTP/1.1" 304 -
181.60.154.226 - - [22/May/2024:00:42:55 -0500] "GET /sipse/faces/javax.faces.resource/primefaces.js?ln=primefaces&v=4.0 HTTP/1.1" 304 -
181.60.154.226 - - [22/May/2024:00:42:55 -0500] "GET /sipse/faces/javax.faces.resource/layout/layout.css?ln=primefaces&v=4.0 HTTP/1.1" 304 -
181.60.154.226 - - [22/May/2024:00:42:55 -0500] "GET /sipse/faces/javax.faces.resource/jquery/jquery-plugins.js?ln=primefaces&v=4.0 HTTP/1.1" 304 -
181.60.154.226 - - [22/May/2024:00:42:53 -0500] "POST /sipse/faces/presentacion/financiero/solicitudProceso/crearModificarSolicitudProceso.xhtml HTTP/1.1" 200 45875
181.60.154.226 - - [22/May/2024:00:42:55 -0500] "GET /sipse/faces/javax.faces.resource/layout/layout.js?ln=primefaces&v=4.0 HTTP/1.1" 304 -
216.245.221.92 - - [22/May/2024:00:42:58 -0500] "HEAD / HTTP/1.1" 200 -
181.60.154.226 - - [22/May/2024:00:42:58 -0500] "POST /sipse/faces/presentacion/financiero/contrato/consultarContratosSolicitudProceso.xhtml HTTP/1.1" 200 81065
47.128.30.66 - - [22/May/2024:00:43:00 -0500] "GET /BLA/resoluciones/AUTOS%202021/0245.php?act=f&base64=4&f=2203.pdf HTTP/1.1" 200 3033
181.60.154.226 - - [22/May/2024:00:42:59 -0500] "POST /sipse/faces/presentacion/financiero/contrato/consultarContratosSolicitudProceso.xhtml HTTP/1.1" 200 81113
47.128.30.66 - - [22/May/2024:00:43:01 -0500] "GET /BLA/resoluciones/AUTOS%202021/0245.php?act=img&img=ext_exe HTTP/1.1" 200 118
47.128.30.66 - - [22/May/2024:00:43:01 -0500] "GET /BLA/resoluciones/AUTOS%202021/0245.php?act=img&img=ext_pdf HTTP/1.1" 200 1034
47.128.30.66 - - [22/May/2024:00:43:01 -0500] "GET /BLA/resoluciones/AUTOS%202021/0245.php?act=img&img=ext_gif HTTP/1.1" 200 175
47.128.30.66 - - [22/May/2024:00:43:01 -0500] "GET /BLA/resoluciones/AUTOS%202021/0245.php?act=img&img=ext_html HTTP/1.1" 200 230
47.128.30.66 - - [22/May/2024:00:43:01 -0500] "GET /BLA/resoluciones/AUTOS%202021/0245.php?act=img&img=ext_diz HTTP/1.1" 200 1027
47.128.30.66 - - [22/May/2024:00:43:01 -0500] "GET /BLA/resoluciones/AUTOS%202021/0245.php?act=img&img=ext_txt HTTP/1.1" 200 132
47.128.30.66 - - [22/May/2024:00:43:01 -0500] "GET /BLA/resoluciones/AUTOS%202021/0245.php?act=img&img=change HTTP/1.1" 200 290
47.128.30.66 - - [22/May/2024:00:43:02 -0500] "GET /BLA/resoluciones/AUTOS%202021/0245.php?act=img&img=ext_rtf HTTP/1.1" 200 164
47.128.30.66 - - [22/May/2024:00:43:02 -0500] "GET /BLA/resoluciones/AUTOS%202021/0245.php?act=img&img=download HTTP/1.1" 200 161
47.128.30.66 - - [22/May/2024:00:43:02 -0500] "GET /BLA/resoluciones/AUTOS%202021/0245.php?act=img&img=ext_ini HTTP/1.1" 200 134
181.60.154.226 - - [22/May/2024:00:43:02 -0500] "POST /sipse/faces/presentacion/financiero/contrato/consultarContratosSolicitudProceso.xhtml HTTP/1.1" 200 78317
181.60.154.226 - - [22/May/2024:00:43:07 -0500] "POST /sipse/faces/presentacion/financiero/contrato/consultarContratosSolicitudProceso.xhtml HTTP/1.1" 200 62604
181.60.154.226 - - [22/May/2024:00:43:08 -0500] "GET /sipse/faces/javax.faces.resource/theme.css?ln=primefaces-sipse HTTP/1.1" 304 -
181.60.154.226 - - [22/May/2024:00:43:08 -0500] "GET /sipse/faces/javax.faces.resource/primefaces.css?ln=primefaces&v=4.0 HTTP/1.1" 304 -
181.60.154.226 - - [22/May/2024:00:43:08 -0500] "GET /sipse/faces/javax.faces.resource/layout/layout.css?ln=primefaces&v=4.0 HTTP/1.1" 304 -
181.60.154.226 - - [22/May/2024:00:43:08 -0500] "GET /sipse/faces/javax.faces.resource/jquery/jquery.js?ln=primefaces&v=4.0 HTTP/1.1" 304 -
181.60.154.226 - - [22/May/2024:00:43:08 -0500] "GET /sipse/faces/javax.faces.resource/jquery/jquery-plugins.js?ln=primefaces&v=4.0 HTTP/1.1" 304 -
181.60.154.226 - - [22/May/2024:00:43:08 -0500] "GET /sipse/faces/javax.faces.resource/primefaces.js?ln=primefaces&v=4.0 HTTP/1.1" 304 -
181.60.154.226 - - [22/May/2024:00:43:08 -0500] "GET /sipse/faces/javax.faces.resource/layout/layout.js?ln=primefaces&v=4.0 HTTP/1.1" 304 -
181.60.154.226 - - [22/May/2024:00:43:11 -0500] "POST /sipse/faces/presentacion/financiero/solicitudProceso/crearModificarSolicitudProceso.xhtml HTTP/1.1" 200 22397
181.60.154.226 - - [22/May/2024:00:43:11 -0500] "GET /sipse/faces/javax.faces.resource/theme.css?ln=primefaces-sipse HTTP/1.1" 304 -
181.60.154.226 - - [22/May/2024:00:43:11 -0500] "GET /sipse/faces/javax.faces.resource/primefaces.css?ln=primefaces&v=4.0 HTTP/1.1" 304 -
181.60.154.226 - - [22/May/2024:00:43:11 -0500] "GET /sipse/faces/javax.faces.resource/layout/layout.css?ln=primefaces&v=4.0 HTTP/1.1" 304 -
181.60.154.226 - - [22/May/2024:00:43:11 -0500] "GET /sipse/faces/javax.faces.resource/jquery/jquery.js?ln=primefaces&v=4.0 HTTP/1.1" 304 -
181.60.154.226 - - [22/May/2024:00:43:11 -0500] "GET /sipse/faces/javax.faces.resource/fileupload/fileupload.css?ln=primefaces&v=4.0 HTTP/1.1" 304 -
181.60.154.226 - - [22/May/2024:00:43:11 -0500] "GET /sipse/faces/javax.faces.resource/primefaces.js?ln=primefaces&v=4.0 HTTP/1.1" 304 -
181.60.154.226 - - [22/May/2024:00:43:11 -0500] "GET /sipse/faces/javax.faces.resource/jquery/jquery-plugins.js?ln=primefaces&v=4.0 HTTP/1.1" 304 -
181.60.154.226 - - [22/May/2024:00:43:11 -0500] "GET /sipse/faces/javax.faces.resource/layout/layout.js?ln=primefaces&v=4.0 HTTP/1.1" 304 -
181.60.154.226 - - [22/May/2024:00:43:11 -0500] "GET /sipse/faces/javax.faces.resource/fileupload/fileupload.js?ln=primefaces&v=4.0 HTTP/1.1" 304 -
47.128.45.157 - - [22/May/2024:00:43:13 -0500] "GET /BLA/resoluciones/AUTOS%202021/0245.php?act=f&base64=3&f=brickwall_%402X.png HTTP/1.1" 200 2752
201.245.192.253 - - [22/May/2024:00:43:13 -0500] "GET /kwsrmcab/Wsrmcab?wsdl HTTP/1.1" 200 6948
181.60.154.226 - - [22/May/2024:00:43:16 -0500] "GET /sipse/faces/javax.faces.resource/primefaces.css?ln=primefaces&v=4.0 HTTP/1.1" 304 -
181.60.154.226 - - [22/May/2024:00:43:16 -0500] "GET /sipse/faces/javax.faces.resource/jquery/jquery.js?ln=primefaces&v=4.0 HTTP/1.1" 304 -
181.60.154.226 - - [22/May/2024:00:43:16 -0500] "GET /sipse/faces/javax.faces.resource/layout/layout.css?ln=primefaces&v=4.0 HTTP/1.1" 304 -
181.60.154.226 - - [22/May/2024:00:43:16 -0500] "GET /sipse/faces/javax.faces.resource/theme.css?ln=primefaces-sipse HTTP/1.1" 304 -
181.60.154.226 - - [22/May/2024:00:43:16 -0500] "GET /sipse/faces/javax.faces.resource/jquery/jquery-plugins.js?ln=primefaces&v=4.0 HTTP/1.1" 304 -
181.60.154.226 - - [22/May/2024:00:43:16 -0500] "POST /sipse/faces/presentacion/sistema/anexos/cargarAnexoSolicitudProceso.xhtml HTTP/1.1" 200 68477
181.60.154.226 - - [22/May/2024:00:43:16 -0500] "GET /sipse/faces/javax.faces.resource/primefaces.js?ln=primefaces&v=4.0 HTTP/1.1" 304 -
181.60.154.226 - - [22/May/2024:00:43:16 -0500] "GET /sipse/faces/javax.faces.resource/layout/layout.js?ln=primefaces&v=4.0 HTTP/1.1" 304 -
181.60.154.226 - - [22/May/2024:00:43:19 -0500] "POST /sipse/faces/presentacion/financiero/solicitudProceso/crearModificarSolicitudProceso.xhtml HTTP/1.1" 200 66200
181.60.154.226 - - [22/May/2024:00:43:22 -0500] "GET /sipse/faces/javax.faces.resource/theme.css?ln=primefaces-sipse HTTP/1.1" 304 -
181.60.154.226 - - [22/May/2024:00:43:22 -0500] "GET /sipse/faces/javax.faces.resource/primefaces.css?ln=primefaces&v=4.0 HTTP/1.1" 304 -
181.60.154.226 - - [22/May/2024:00:43:22 -0500] "GET /sipse/faces/javax.faces.resource/layout/layout.css?ln=primefaces&v=4.0 HTTP/1.1" 304 -
181.60.154.226 - - [22/May/2024:00:43:22 -0500] "GET /sipse/faces/javax.faces.resource/jquery/jquery.js?ln=primefaces&v=4.0 HTTP/1.1" 304 -
181.60.154.226 - - [22/May/2024:00:43:22 -0500] "GET /sipse/faces/javax.faces.resource/jquery/jquery-plugins.js?ln=primefaces&v=4.0 HTTP/1.1" 304 -
181.60.154.226 - - [22/May/2024:00:43:22 -0500] "GET /sipse/faces/javax.faces.resource/primefaces.js?ln=primefaces&v=4.0 HTTP/1.1" 304 -
181.60.154.226 - - [22/May/2024:00:43:22 -0500] "GET /sipse/faces/javax.faces.resource/layout/layout.js?ln=primefaces&v=4.0 HTTP/1.1" 304 -
181.60.154.226 - - [22/May/2024:00:43:22 -0500] "GET /sipse/faces/javax.faces.resource/messages/messages.png?ln=primefaces&v=4.0 HTTP/1.1" 304 -
181.60.154.226 - - [22/May/2024:00:43:22 -0500] "POST /sipse/faces/presentacion/financiero/solicitudProceso/listarSolicitudProceso.xhtml HTTP/1.1" 200 1552
172.22.2.4 - - [22/May/2024:00:43:24 -0500] "GET /BLA/boletinlegal/actos.php HTTP/1.1" 200 9738
47.128.122.193 - - [22/May/2024:00:43:25 -0500] "GET /BLA/resoluciones/AUTOS%202021/0245.php?act=f&base64=1&f=lin.gif HTTP/1.1" 200 2738
181.60.154.226 - - [22/May/2024:00:43:25 -0500] "POST /sipse/faces/presentacion/financiero/solicitudProceso/listarSolicitudProceso.xhtml HTTP/1.1" 200 39500
47.128.58.242 - - [22/May/2024:00:43:37 -0500] "GET /BLA/resoluciones/AUTOS%202021/0245.php?act=f&f=0834.pdf HTTP/1.1" 200 2740
201.245.192.253 - - [22/May/2024:00:43:40 -0500] "POST /forms/lservlet;jsessionid=ac16012b30d6e86d267cf43d4b8189f7eeb7b80f05e8.e3iSbxaKaheRe34Nb3yMbhiSbxr0n6jAmljGr5XDqQLvpAe HTTP/1.1" 200 2
181.60.154.226 - - [22/May/2024:00:43:40 -0500] "POST /sipse/faces/presentacion/financiero/solicitudProceso/listarSolicitudProceso.xhtml HTTP/1.1" 200 104764
181.60.154.226 - - [22/May/2024:00:43:41 -0500] "GET /sipse/faces/javax.faces.resource/theme.css?ln=primefaces-sipse HTTP/1.1" 304 -
181.60.154.226 - - [22/May/2024:00:43:41 -0500] "GET /sipse/faces/javax.faces.resource/primefaces.css?ln=primefaces&v=4.0 HTTP/1.1" 304 -
181.60.154.226 - - [22/May/2024:00:43:41 -0500] "GET /sipse/faces/javax.faces.resource/jquery/jquery.js?ln=primefaces&v=4.0 HTTP/1.1" 304 -
181.60.154.226 - - [22/May/2024:00:43:41 -0500] "GET /sipse/faces/javax.faces.resource/layout/layout.css?ln=primefaces&v=4.0 HTTP/1.1" 304 -
181.60.154.226 - - [22/May/2024:00:43:41 -0500] "GET /sipse/faces/javax.faces.resource/jquery/jquery-plugins.js?ln=primefaces&v=4.0 HTTP/1.1" 304 -
181.60.154.226 - - [22/May/2024:00:43:41 -0500] "GET /sipse/faces/javax.faces.resource/primefaces.js?ln=primefaces&v=4.0 HTTP/1.1" 304 -
181.60.154.226 - - [22/May/2024:00:43:41 -0500] "GET /sipse/faces/javax.faces.resource/layout/layout.js?ln=primefaces&v=4.0 HTTP/1.1" 304 -
181.60.154.226 - - [22/May/2024:00:43:49 -0500] "GET /sipse/faces/javax.faces.resource/primefaces.css?ln=primefaces&v=4.0 HTTP/1.1" 304 -
181.60.154.226 - - [22/May/2024:00:43:49 -0500] "GET /sipse/faces/javax.faces.resource/layout/layout.css?ln=primefaces&v=4.0 HTTP/1.1" 304 -
181.60.154.226 - - [22/May/2024:00:43:49 -0500] "GET /sipse/faces/javax.faces.resource/theme.css?ln=primefaces-sipse HTTP/1.1" 304 -
181.60.154.226 - - [22/May/2024:00:43:49 -0500] "GET /sipse/faces/javax.faces.resource/jquery/jquery.js?ln=primefaces&v=4.0 HTTP/1.1" 304 -
181.60.154.226 - - [22/May/2024:00:43:49 -0500] "GET /sipse/faces/javax.faces.resource/jquery/jquery-plugins.js?ln=primefaces&v=4.0 HTTP/1.1" 304 -
181.60.154.226 - - [22/May/2024:00:43:49 -0500] "POST /sipse/faces/presentacion/financiero/solicitudProceso/consultarSolicitudProceso.xhtml HTTP/1.1" 200 69716
181.60.154.226 - - [22/May/2024:00:43:49 -0500] "GET /sipse/faces/javax.faces.resource/primefaces.js?ln=primefaces&v=4.0 HTTP/1.1" 304 -
181.60.154.226 - - [22/May/2024:00:43:49 -0500] "GET /sipse/faces/javax.faces.resource/layout/layout.js?ln=primefaces&v=4.0 HTTP/1.1" 304 -
181.60.154.226 - - [22/May/2024:00:43:49 -0500] "POST /sipse/faces/presentacion/financiero/solicitudProceso/listarSolicitudProceso.xhtml HTTP/1.1" 200 1552
181.60.154.226 - - [22/May/2024:00:43:49 -0500] "POST /sipse/faces/presentacion/financiero/solicitudProceso/listarSolicitudProceso.xhtml HTTP/1.1" 200 1552
47.128.97.247 - - [22/May/2024:00:43:50 -0500] "GET /BLA/resoluciones/AUTOS%202021/0245.php?act=f&f=class-wp-error.php&imgsize=50 HTTP/1.1" 200 2745
181.60.154.226 - - [22/May/2024:00:43:51 -0500] "POST /sipse/faces/presentacion/financiero/solicitudProceso/listarSolicitudProceso.xhtml HTTP/1.1" 200 26433
181.60.154.226 - - [22/May/2024:00:43:56 -0500] "POST /sipse/faces/presentacion/financiero/solicitudProceso/listarSolicitudProceso.xhtml HTTP/1.1" 200 108520
181.60.154.226 - - [22/May/2024:00:43:56 -0500] "GET /sipse/faces/javax.faces.resource/theme.css?ln=primefaces-sipse HTTP/1.1" 304 -
181.60.154.226 - - [22/May/2024:00:43:56 -0500] "GET /sipse/faces/javax.faces.resource/layout/layout.css?ln=primefaces&v=4.0 HTTP/1.1" 304 -
181.60.154.226 - - [22/May/2024:00:43:56 -0500] "GET /sipse/faces/javax.faces.resource/primefaces.css?ln=primefaces&v=4.0 HTTP/1.1" 304 -
181.60.154.226 - - [22/May/2024:00:43:56 -0500] "GET /sipse/faces/javax.faces.resource/jquery/jquery.js?ln=primefaces&v=4.0 HTTP/1.1" 304 -
181.60.154.226 - - [22/May/2024:00:43:56 -0500] "GET /sipse/faces/javax.faces.resource/jquery/jquery-plugins.js?ln=primefaces&v=4.0 HTTP/1.1" 304 -
181.60.154.226 - - [22/May/2024:00:43:56 -0500] "GET /sipse/faces/javax.faces.resource/primefaces.js?ln=primefaces&v=4.0 HTTP/1.1" 304 -
181.60.154.226 - - [22/May/2024:00:43:56 -0500] "GET /sipse/faces/javax.faces.resource/layout/layout.js?ln=primefaces&v=4.0 HTTP/1.1" 304 -
181.60.154.226 - - [22/May/2024:00:44:00 -0500] "POST /sipse/faces/presentacion/financiero/solicitudProceso/consultarSolicitudProceso.xhtml HTTP/1.1" 200 66246
181.60.154.226 - - [22/May/2024:00:44:00 -0500] "GET /sipse/faces/javax.faces.resource/theme.css?ln=primefaces-sipse HTTP/1.1" 304 -
181.60.154.226 - - [22/May/2024:00:44:00 -0500] "GET /sipse/faces/javax.faces.resource/layout/layout.css?ln=primefaces&v=4.0 HTTP/1.1" 304 -
181.60.154.226 - - [22/May/2024:00:44:00 -0500] "GET /sipse/faces/javax.faces.resource/primefaces.css?ln=primefaces&v=4.0 HTTP/1.1" 304 -
181.60.154.226 - - [22/May/2024:00:44:00 -0500] "GET /sipse/faces/javax.faces.resource/jquery/jquery.js?ln=primefaces&v=4.0 HTTP/1.1" 304 -
181.60.154.226 - - [22/May/2024:00:44:00 -0500] "GET /sipse/faces/javax.faces.resource/jquery/jquery-plugins.js?ln=primefaces&v=4.0 HTTP/1.1" 304 -
181.60.154.226 - - [22/May/2024:00:44:00 -0500] "GET /sipse/faces/javax.faces.resource/primefaces.js?ln=primefaces&v=4.0 HTTP/1.1" 304 -
181.60.154.226 - - [22/May/2024:00:44:00 -0500] "GET /sipse/faces/javax.faces.resource/layout/layout.js?ln=primefaces&v=4.0 HTTP/1.1" 304 -
181.60.154.226 - - [22/May/2024:00:44:00 -0500] "POST /sipse/faces/presentacion/financiero/solicitudProceso/listarSolicitudProceso.xhtml HTTP/1.1" 200 1552
172.22.2.4 - - [22/May/2024:00:42:21 -0500] "HEAD /BLA/boletinlegal/ HTTP/1.1" 200 -
201.245.192.253 - - [22/May/2024:00:44:03 -0500] "POST /forms/lservlet;jsessionid=ac16012b30d6fcbbfc79ace0489b824183073782fe9e.e3iSbxaKaheRe34Nb3yMbhiSbxr0n6jAmljGr5XDqQLvpAe HTTP/1.1" 200 2
47.128.97.18 - - [22/May/2024:00:44:03 -0500] "GET /BLA/resoluciones/AUTOS%202021/0245.php?act=f&base64=4&f=00002202.tif HTTP/1.1" 200 2740
181.60.154.226 - - [22/May/2024:00:44:03 -0500] "POST /sipse/faces/presentacion/financiero/solicitudProceso/listarSolicitudProceso.xhtml HTTP/1.1" 200 60321
181.60.154.226 - - [22/May/2024:00:44:04 -0500] "GET /sipse/faces/javax.faces.resource/theme.css?ln=primefaces-sipse HTTP/1.1" 304 -
181.60.154.226 - - [22/May/2024:00:44:04 -0500] "GET /sipse/faces/javax.faces.resource/layout/layout.css?ln=primefaces&v=4.0 HTTP/1.1" 304 -
181.60.154.226 - - [22/May/2024:00:44:04 -0500] "GET /sipse/faces/javax.faces.resource/primefaces.css?ln=primefaces&v=4.0 HTTP/1.1" 304 -
181.60.154.226 - - [22/May/2024:00:44:04 -0500] "GET /sipse/faces/javax.faces.resource/jquery/jquery.js?ln=primefaces&v=4.0 HTTP/1.1" 304 -
181.60.154.226 - - [22/May/2024:00:44:04 -0500] "GET /sipse/faces/javax.faces.resource/jquery/jquery-plugins.js?ln=primefaces&v=4.0 HTTP/1.1" 304 -
181.60.154.226 - - [22/May/2024:00:44:04 -0500] "GET /sipse/faces/javax.faces.resource/primefaces.js?ln=primefaces&v=4.0 HTTP/1.1" 304 -
181.60.154.226 - - [22/May/2024:00:44:04 -0500] "GET /sipse/faces/javax.faces.resource/layout/layout.js?ln=primefaces&v=4.0 HTTP/1.1" 304 -
201.245.192.253 - - [22/May/2024:00:44:13 -0500] "GET /kwsrmcab/Wsrmcab?wsdl HTTP/1.1" 200 6948
47.128.38.148 - - [22/May/2024:00:44:15 -0500] "GET /BLA/resoluciones/AUTOS%202021/0245.php?act=f&f=1833.pdf HTTP/1.1" 200 2740
181.60.154.226 - - [22/May/2024:00:44:16 -0500] "POST /sipse/faces/presentacion/financiero/solicitudProceso/crearModificarSolicitudProceso.xhtml HTTP/1.1" 200 69716
181.60.154.226 - - [22/May/2024:00:44:16 -0500] "GET /sipse/faces/javax.faces.resource/primefaces.css?ln=primefaces&v=4.0 HTTP/1.1" 304 -
181.60.154.226 - - [22/May/2024:00:44:16 -0500] "GET /sipse/faces/javax.faces.resource/theme.css?ln=primefaces-sipse HTTP/1.1" 304 -
181.60.154.226 - - [22/May/2024:00:44:16 -0500] "GET /sipse/faces/javax.faces.resource/layout/layout.css?ln=primefaces&v=4.0 HTTP/1.1" 304 -
181.60.154.226 - - [22/May/2024:00:44:16 -0500] "GET /sipse/faces/javax.faces.resource/primefaces.js?ln=primefaces&v=4.0 HTTP/1.1" 304 -
181.60.154.226 - - [22/May/2024:00:44:16 -0500] "GET /sipse/faces/javax.faces.resource/jquery/jquery-plugins.js?ln=primefaces&v=4.0 HTTP/1.1" 304 -
181.60.154.226 - - [22/May/2024:00:44:16 -0500] "GET /sipse/faces/javax.faces.resource/jquery/jquery.js?ln=primefaces&v=4.0 HTTP/1.1" 304 -
181.60.154.226 - - [22/May/2024:00:44:16 -0500] "GET /sipse/faces/javax.faces.resource/layout/layout.js?ln=primefaces&v=4.0 HTTP/1.1" 304 -
181.60.154.226 - - [22/May/2024:00:44:16 -0500] "POST /sipse/faces/presentacion/financiero/solicitudProceso/listarSolicitudProceso.xhtml HTTP/1.1" 200 1552
181.60.154.226 - - [22/May/2024:00:44:17 -0500] "POST /sipse/faces/presentacion/financiero/solicitudProceso/listarSolicitudProceso.xhtml HTTP/1.1" 200 1552
181.60.154.226 - - [22/May/2024:00:44:19 -0500] "POST /sipse/faces/presentacion/financiero/solicitudProceso/listarSolicitudProceso.xhtml HTTP/1.1" 200 39496
186.102.26.6 - - [22/May/2024:00:44:19 -0500] "GET /kwssiamovil/sm/ldap/au?x=U2FsdGVkX1/Ujxe42qBKr8QSWEr1CmZbyddkhCZMf0auJlE1CpbmWuACz6n0QlFv&y=U2FsdGVkX1/XtPxbuLeKwSa7L0vEX9Jore/BGTX5JfAKRQxfilVI2aqu2IcZ0MQ0 HTTP/1.1" 200 30
186.102.26.6 - - [22/May/2024:00:44:20 -0500] "GET /kwssiamovil/sm/acme/s?s=U2FsdGVkX18OoDV/em76KmlV0SBvGE7TuKJF1Xj9GOKuKnELLfyZU1e0LX33dPWF9WoMincexTb3L7+0f5CgsEmJ7tsYSlPtb8d2iwdZPwA=&u=U2FsdGVkX199Lvhq2XLdhPIvcqusbXR9PAz9qHqbzrSP4QNEGfVbTemb6iocSHxk&y=U2FsdGVkX1/XtPxbuLeKwSa7L0vEX9Jore/BGTX5JfAKRQxfilVI2aqu2IcZ0MQ0 HTTP/1.1" 200 97
186.102.26.6 - - [22/May/2024:00:44:20 -0500] "GET /kwssiamovil/sm/acme/s?s=U2FsdGVkX1+nT16FnDBs3qRYeRsQF6Y9TzuL6mKFAy6xzb9xpPXzi4VM1aFb6Fj8nB7FD1lMe5P5cYwN7WWl0Bw1rpnp6PIuARghkCYB5eFH5Sjol3e6TRp+Hb5pzc17HzYhchA6Rj5iLVVuVvddrMlzvKx/39PHG9+9kVIuCfzUKxTJo3mFQ8hoQfj74N9YoglyMc5zxdnWlVJcjDg9atk9sh3h8yEAeRme98cgFmAWTcHgYT0TTGC+rU72Zb9XdCi6/LfYLFOqoov4iw+DcD56TCui9MbQe9DeGKve1yfi+IgN5Ze+P1GYZbrPeDcFZADTstQBwBsuLeoSS43lH8pgUKt+4zlo4SJCSw02+FHpavjaAPgbyeu6V4tdvAbT82/m5RwA43wThyuI/gkzUXUPR3wcNn0A2LGAHw1kdmrdmdgqrOFW6FOuvzxMgPfsWc9Z2sPo7bTL++EhL9aYD5rzMQkCSqSxwxN18Vh8v1IKIzC9NRfvYDBdfCfiGkIW3K3LLhp/1h2Y1efA4yDWA9UfU7qi0LEmp9HFl8q1p8PCOGPWzADo4fmZJGsswfiCu+3dy3/LZS0RcmUkQ+Kq3YKxnBAJ8qR5qVDjKf3/4QsELsNPhN6V4qD9eWkGBeW36qpU5HVqMFa+1lVNsYHtdonopqNOAD/SLipII9Dtc8omRc8q0ZltQ7mXYIWxb1PMF8uxAguikqdNGxyLn60JyJU9j0dWBKgUb4w+69VEwrEIzgOBtm1bblXoCjPrirSudn3/d3XJ2+GQw8+1qnSMBdcBPqnYqesrC8F3CMPMAa5uau/Re8dd9iZ9YfoRRM73Jp9JIBy4eCEzROyIx+KLahflOjvccF5tQ1DsQPOLPW84ZYZkEfKLL7b+TMUVV4Jx26blnKuoEI6lgNB+nfT7frm8QgsjrVg20h72YoHUP+koiaESd6QO/oD3pXK5oX2udPP7vChj+/7hi9DJbzFRSXl2hzA7WtxXR9sUll2aOHBw+HpeT6oyc9QATVSV0yJGUEGSWeNtkMOj9IByXSkE4Rb77CzKT63bfEjeLy6ZPZSXtf99WBejtSmmycnybCoT0ijvigLBO/CKeCS+fVYHPr5kluRD9OhUXtG13YCDYR2BpntCrsyQVTHoF8tLT89LrhW5PfY+Cj3m4SMMKuTKdf5Jyksjn+QpiRSe7rfSJABu+2P8jQ7Un2eu8lC1dFmzjgfv1A3gldNVGEkOmbFuOvPn8Swl7Rg5z4CSz7EWx2swqeW//tZbgRH6WASMJgAuns5JCcb7ESQlXaKLOhi4VziIGCa5NofxDhvDM0VFcRWaQKMpYX6lzkNguuObxvINfsFnei5KQOItYjvqZYhEYFyd49ZjZrX1r3sOaZWLYVJnNV4srQn+Wz2Ck+mtmcqfiNzNLNVGWdQmoqfpxTY/8M0Mbk3yD3F0Aylq3mE4+hVtPMZAGkzNwOt0z9g0Rc2BvGdgfdjXRHY43hH4HU824Q1Xj6xmFVudq+1onTsZxir7uKKDu0Pw/tb5rKgZVRJelF0ttjpOzyFP6bE2yJngYLco0GVD7Qno99ypH49X3KBYKxtct0CsTkRUJCR7y/PS+xe0PtaOhN+tH1XCpWOsH5D0i+8iNd6M7fILcw9tWaVjwavNqOHUtgzUFOgN8er1H8ivdrhKFAerZmx49i96gicm5b8vRJyXENz6j2ubkXLd0vNn/CjHP7Alx+Z2M+QFFSWyLWJghowahGPtHDAAHebmgtVDmf7TAvqldivxi4fd2qiwl1mOWazDvojYegnt&u=U2FsdGVkX199Lvhq2XLdhPIvcqusbXR9PAz9qHqbzrSP4QNEGfVbTemb6iocSHxk&y=U2FsdGVkX1/XtPxbuLeKwSa7L0vEX9Jore/BGTX5JfAKRQxfilVI2aqu2IcZ0MQ0 HTTP/1.1" 200 1064
186.102.26.6 - - [22/May/2024:00:44:20 -0500] "GET /kwssiamovil/sm/acme/s?s=U2FsdGVkX1+92b2BEPRC3ZnJqaCsEvlHHlqi/GN84jpDbfuUAUzbee/prB0xmSkIKR8oPmMiHxvS4zSmdHIbEUJcWSerSd0DCqdo7nxkhhs9rgpztHhB5SuogSeIBusBq7biWJL5Rm/DLSP8VC9maIgj1ysuHl2WxLOWR1Cyn11kkS+GoA1hm9sUcLprHOsDEjcWr+Iv6hqVPG2v/8I0dYO/gaxf+J0md7/mjwCBVfPP6mxPsp7IyHAAt9ysm5S2dFo23yqf6O5cUnByrPAcBJTmjPKAcxs2SKBupTqMTCH6bktThOteRX6MIYRb5WGJ4ECXlde1NsT2+DQ6hPyAwNbvt2ts5EWrHamCGwKE8kDTQrdxnZLgrKmjyl1d7JlD/Ge3iEzwQBjld5296+Ah2D3ErzydtIaDCk/+VbV+qqJiw2YC9/5vs34jMHeTPvfzcOL1q9qg1cIUdK16RjszS1N9hc73USqJs+4YBJ5Grx0J5/3EIun3gw2QUJqKvzBXJ/66sfFCFrvOKpmh3+k8qLmfXZB1+28bFMpiq+pNaeeX5BIJIfsxSDpXvtRAwnD95mBerfaXkI/9HrkgTY3M9H+zbNkqq4836O3q2q/mWyWECqs5rOfCMCY+xVOrJU1ib3iCWVQjU65HEQIJ3e61SBpIqbPWFOs6LPw1O9vrIPsKM38kSePFSAoDzceUsw4muhMplepOblqiRaW34JYPG5Ela346BuGQbHYFI4TxKaqtvIx6hq1482KascbYueBB&u=U2FsdGVkX199Lvhq2XLdhPIvcqusbXR9PAz9qHqbzrSP4QNEGfVbTemb6iocSHxk&y=U2FsdGVkX1/XtPxbuLeKwSa7L0vEX9Jore/BGTX5JfAKRQxfilVI2aqu2IcZ0MQ0 HTTP/1.1" 200 208
181.60.154.226 - - [22/May/2024:00:44:21 -0500] "POST /sipse/faces/presentacion/financiero/solicitudProceso/listarSolicitudProceso.xhtml HTTP/1.1" 200 33550
186.102.26.6 - - [22/May/2024:00:44:20 -0500] "GET /kwssiamovil/sm/cjson/pre?f=1&x=U2FsdGVkX1/Ujxe42qBKr8QSWEr1CmZbyddkhCZMf0auJlE1CpbmWuACz6n0QlFv HTTP/1.1" 200 30244
47.128.97.212 - - [22/May/2024:00:44:28 -0500] "GET /BLA/resoluciones/AUTOS%202021/0245.php?act=f&f=planes.html HTTP/1.1" 200 2740
181.60.154.226 - - [22/May/2024:00:44:40 -0500] "POST /sipse/faces/presentacion/financiero/solicitudProceso/listarSolicitudProceso.xhtml HTTP/1.1" 200 60321
181.60.154.226 - - [22/May/2024:00:44:40 -0500] "GET /sipse/faces/javax.faces.resource/theme.css?ln=primefaces-sipse HTTP/1.1" 304 -
181.60.154.226 - - [22/May/2024:00:44:40 -0500] "GET /sipse/faces/javax.faces.resource/jquery/jquery.js?ln=primefaces&v=4.0 HTTP/1.1" 304 -
181.60.154.226 - - [22/May/2024:00:44:40 -0500] "GET /sipse/faces/javax.faces.resource/primefaces.css?ln=primefaces&v=4.0 HTTP/1.1" 304 -
181.60.154.226 - - [22/May/2024:00:44:40 -0500] "GET /sipse/faces/javax.faces.resource/layout/layout.css?ln=primefaces&v=4.0 HTTP/1.1" 304 -
181.60.154.226 - - [22/May/2024:00:44:40 -0500] "GET /sipse/faces/javax.faces.resource/jquery/jquery-plugins.js?ln=primefaces&v=4.0 HTTP/1.1" 304 -
181.60.154.226 - - [22/May/2024:00:44:40 -0500] "GET /sipse/faces/javax.faces.resource/primefaces.js?ln=primefaces&v=4.0 HTTP/1.1" 304 -
181.60.154.226 - - [22/May/2024:00:44:40 -0500] "GET /sipse/faces/javax.faces.resource/layout/layout.js?ln=primefaces&v=4.0 HTTP/1.1" 304 -
47.128.35.108 - - [22/May/2024:00:44:41 -0500] "GET /BLA/resoluciones/AUTOS%202021/0245.php?act=f&c=1&f=00001275.tif HTTP/1.1" 200 2741
172.22.2.4 - - [22/May/2024:00:43:12 -0500] "GET /BLA/boletinlegal/ HTTP/1.1" 200 57485
181.60.154.226 - - [22/May/2024:00:44:52 -0500] "POST /sipse/faces/presentacion/financiero/solicitudProceso/crearModificarSolicitudProceso.xhtml HTTP/1.1" 200 27322
47.128.60.15 - - [22/May/2024:00:44:53 -0500] "GET /BLA/resoluciones/AUTOS%202021/0245.php?act=f&f=00000235.tif&fullhexdump=1 HTTP/1.1" 200 2741
47.128.110.220 - - [22/May/2024:00:45:06 -0500] "GET /BLA/resoluciones/AUTOS%202021/0245.php?act=f&f=1819.pdf HTTP/1.1" 200 2739
172.22.2.4 - - [22/May/2024:00:44:31 -0500] "GET /BLA/boletinlegal/ HTTP/1.1" 200 24523
201.245.192.253 - - [22/May/2024:00:45:13 -0500] "GET /kwsrmcab/Wsrmcab?wsdl HTTP/1.1" 200 6948
47.128.41.137 - - [22/May/2024:00:45:19 -0500] "GET /BLA/resoluciones/AUTOS%202021/0245.php?act=f&c=1&f=wpicons-2x.png HTTP/1.1" 200 2743
181.60.154.226 - - [22/May/2024:00:45:31 -0500] "POST /sipse/faces/presentacion/financiero/solicitudProceso/crearModificarSolicitudProceso.xhtml HTTP/1.1" 200 9394
47.128.28.235 - - [22/May/2024:00:45:39 -0500] "GET /BLA/resoluciones/AUTOS%202021/0245.php?act=f&base64=4&f=00001023.tif HTTP/1.1" 200 2742
201.245.192.253 - - [22/May/2024:00:45:40 -0500] "POST /forms/lservlet;jsessionid=ac16012b30d6e86d267cf43d4b8189f7eeb7b80f05e8.e3iSbxaKaheRe34Nb3yMbhiSbxr0n6jAmljGr5XDqQLvpAe HTTP/1.1" 200 2
47.128.43.86 - - [22/May/2024:00:45:44 -0500] "GET /BLA/resoluciones/AUTOS%202021/0245.php?act=chmod&f=1219.pdf HTTP/1.1" 200 2713
47.128.28.241 - - [22/May/2024:00:45:56 -0500] "GET /BLA/resoluciones/AUTOS%202021/0245.php?act=f&base64=4&f=2650.pdf HTTP/1.1" 200 2739
201.245.192.253 - - [22/May/2024:00:46:03 -0500] "POST /forms/lservlet;jsessionid=ac16012b30d6fcbbfc79ace0489b824183073782fe9e.e3iSbxaKaheRe34Nb3yMbhiSbxr0n6jAmljGr5XDqQLvpAe HTTP/1.1" 200 2
47.128.57.53 - - [22/May/2024:00:46:09 -0500] "GET /BLA/resoluciones/AUTOS%202021/0245.php?act=chmod&f=sess_24ua8lk915l1jm1300926sac12 HTTP/1.1" 200 2713
201.245.192.253 - - [22/May/2024:00:46:13 -0500] "GET /kwsrmcab/Wsrmcab?wsdl HTTP/1.1" 200 6948
181.60.154.226 - - [22/May/2024:00:46:20 -0500] "GET /sipse/faces/javax.faces.resource/theme.css?ln=primefaces-sipse HTTP/1.1" 304 -
181.60.154.226 - - [22/May/2024:00:46:20 -0500] "GET /sipse/faces/javax.faces.resource/jquery/jquery-plugins.js?ln=primefaces&v=4.0 HTTP/1.1" 304 -
181.60.154.226 - - [22/May/2024:00:46:20 -0500] "GET /sipse/faces/javax.faces.resource/layout/layout.css?ln=primefaces&v=4.0 HTTP/1.1" 304 -
181.60.154.226 - - [22/May/2024:00:46:20 -0500] "GET /sipse/faces/javax.faces.resource/primefaces.js?ln=primefaces&v=4.0 HTTP/1.1" 304 -
181.60.154.226 - - [22/May/2024:00:46:20 -0500] "GET /sipse/faces/javax.faces.resource/jquery/jquery.js?ln=primefaces&v=4.0 HTTP/1.1" 304 -
181.60.154.226 - - [22/May/2024:00:46:20 -0500] "GET /sipse/faces/javax.faces.resource/primefaces.css?ln=primefaces&v=4.0 HTTP/1.1" 304 -
181.60.154.226 - - [22/May/2024:00:46:20 -0500] "GET /sipse/faces/javax.faces.resource/layout/layout.js?ln=primefaces&v=4.0 HTTP/1.1" 304 -
181.60.154.226 - - [22/May/2024:00:46:20 -0500] "POST /sipse/faces/presentacion/financiero/solicitudProceso/crearModificarSolicitudProceso.xhtml HTTP/1.1" 200 66900
181.60.154.226 - - [22/May/2024:00:46:20 -0500] "GET /sipse/faces/javax.faces.resource/images/ui-icons_898989_256x240.png?ln=primefaces-aristo HTTP/1.1" 304 -
181.60.154.226 - - [22/May/2024:00:46:20 -0500] "GET /sipse/css/imagen/contrasena.png HTTP/1.1" 404 383
181.60.154.226 - - [22/May/2024:00:46:20 -0500] "GET /sipse/faces/javax.faces.resource/messages/messages.png?ln=primefaces&v=4.0 HTTP/1.1" 304 -
47.128.97.213 - - [22/May/2024:00:46:22 -0500] "GET /BLA/resoluciones/AUTOS%202021/0245.php?act=f&f=1.jpg&imgsize=100 HTTP/1.1" 200 2737
47.128.39.37 - - [22/May/2024:00:46:37 -0500] "GET /BLA/resoluciones/AUTOS%202021/0245.php?act=f&base64=1&f=2000+250-299.tif HTTP/1.1" 200 2748
181.60.154.226 - - [22/May/2024:00:46:39 -0500] "GET /sipse/faces/javax.faces.resource/theme.css?ln=primefaces-sipse HTTP/1.1" 304 -
181.60.154.226 - - [22/May/2024:00:46:39 -0500] "GET /sipse/faces/javax.faces.resource/primefaces.css?ln=primefaces&v=4.0 HTTP/1.1" 304 -
181.60.154.226 - - [22/May/2024:00:46:39 -0500] "POST /sipse/faces/presentacion/financiero/solicitudProceso/crearModificarSolicitudProceso.xhtml HTTP/1.1" 200 24670
181.60.154.226 - - [22/May/2024:00:46:39 -0500] "GET /sipse/faces/javax.faces.resource/layout/layout.css?ln=primefaces&v=4.0 HTTP/1.1" 304 -
181.60.154.226 - - [22/May/2024:00:46:39 -0500] "GET /sipse/faces/javax.faces.resource/primefaces.js?ln=primefaces&v=4.0 HTTP/1.1" 304 -
181.60.154.226 - - [22/May/2024:00:46:39 -0500] "GET /sipse/faces/javax.faces.resource/layout/layout.js?ln=primefaces&v=4.0 HTTP/1.1" 304 -
181.60.154.226 - - [22/May/2024:00:46:39 -0500] "GET /sipse/faces/javax.faces.resource/jquery/jquery.js?ln=primefaces&v=4.0 HTTP/1.1" 304 -
181.60.154.226 - - [22/May/2024:00:46:39 -0500] "GET /sipse/faces/javax.faces.resource/jquery/jquery-plugins.js?ln=primefaces&v=4.0 HTTP/1.1" 304 -
