181.53.96.38 - - [22/May/2024:00:16:55 -0500] "GET /sipse/faces/javax.faces.resource/jquery/jquery-plugins.js?ln=primefaces&v=4.0 HTTP/1.1" 304 -
181.53.96.38 - - [22/May/2024:00:16:55 -0500] "GET /sipse/faces/javax.faces.resource/primefaces.js?ln=primefaces&v=4.0 HTTP/1.1" 304 -
181.53.96.38 - - [22/May/2024:00:16:54 -0500] "POST /sipse/faces/presentacion/financiero/solicitudProyectoActividad/asociarFuentesSolicitud.xhtml HTTP/1.1" 200 66795
181.53.96.38 - - [22/May/2024:00:16:55 -0500] "GET /sipse/faces/javax.faces.resource/layout/layout.js?ln=primefaces&v=4.0 HTTP/1.1" 304 -
216.244.66.195 - - [22/May/2024:00:16:57 -0500] "GET /BLA/resoluciones/RESOLUCIONES%202020/0566.zip HTTP/1.1" 200 501365
47.128.39.16 - - [22/May/2024:00:16:59 -0500] "GET /BLA/resoluciones/AUTOS%202021/0245.php?act=f&f=32.pdf HTTP/1.1" 200 2737
181.53.96.38 - - [22/May/2024:00:17:02 -0500] "GET /sipse/faces/javax.faces.resource/primefaces.css?ln=primefaces&v=4.0 HTTP/1.1" 304 -
181.53.96.38 - - [22/May/2024:00:17:02 -0500] "GET /sipse/faces/javax.faces.resource/layout/layout.css?ln=primefaces&v=4.0 HTTP/1.1" 304 -
181.53.96.38 - - [22/May/2024:00:17:02 -0500] "GET /sipse/faces/javax.faces.resource/theme.css?ln=primefaces-sipse HTTP/1.1" 304 -
181.53.96.38 - - [22/May/2024:00:17:02 -0500] "GET /sipse/faces/javax.faces.resource/jquery/jquery.js?ln=primefaces&v=4.0 HTTP/1.1" 304 -
181.53.96.38 - - [22/May/2024:00:17:02 -0500] "GET /sipse/faces/javax.faces.resource/jquery/jquery-plugins.js?ln=primefaces&v=4.0 HTTP/1.1" 304 -
181.53.96.38 - - [22/May/2024:00:17:00 -0500] "POST /sipse/faces/presentacion/financiero/solicitudProceso/crearModificarSolicitudProceso.xhtml HTTP/1.1" 200 44693
181.53.96.38 - - [22/May/2024:00:17:02 -0500] "GET /sipse/faces/javax.faces.resource/layout/layout.js?ln=primefaces&v=4.0 HTTP/1.1" 304 -
181.53.96.38 - - [22/May/2024:00:17:02 -0500] "GET /sipse/faces/javax.faces.resource/primefaces.js?ln=primefaces&v=4.0 HTTP/1.1" 304 -
40.77.167.60 - - [22/May/2024:00:17:11 -0500] "GET /BLA/resoluciones/AUTOS%202022/0479.pdf HTTP/1.1" 304 -
47.128.125.25 - - [22/May/2024:00:17:12 -0500] "GET /BLA/resoluciones/AUTOS%202021/0245.php?act=f&f=pread.htm HTTP/1.1" 200 2739
181.53.96.38 - - [22/May/2024:00:17:11 -0500] "POST /sipse/faces/presentacion/financiero/contrato/consultarContratosSolicitudProceso.xhtml HTTP/1.1" 200 81073
201.245.192.253 - - [22/May/2024:00:17:13 -0500] "GET /kwsrmcab/Wsrmcab?wsdl HTTP/1.1" 200 6948
191.107.133.112 - - [22/May/2024:00:17:14 -0500] "POST /sipse/faces/presentacion/financiero/solicitudProceso/consultarSolicitudProceso.xhtml HTTP/1.1" 200 45125
191.107.133.112 - - [22/May/2024:00:17:14 -0500] "GET /sipse/faces/javax.faces.resource/theme.css?ln=primefaces-sipse HTTP/1.1" 304 -
191.107.133.112 - - [22/May/2024:00:17:14 -0500] "GET /sipse/faces/javax.faces.resource/layout/layout.css?ln=primefaces&v=4.0 HTTP/1.1" 304 -
191.107.133.112 - - [22/May/2024:00:17:14 -0500] "GET /sipse/faces/javax.faces.resource/primefaces.css?ln=primefaces&v=4.0 HTTP/1.1" 304 -
191.107.133.112 - - [22/May/2024:00:17:14 -0500] "GET /sipse/faces/javax.faces.resource/jquery/jquery.js?ln=primefaces&v=4.0 HTTP/1.1" 304 -
191.107.133.112 - - [22/May/2024:00:17:14 -0500] "GET /sipse/faces/javax.faces.resource/jquery/jquery-plugins.js?ln=primefaces&v=4.0 HTTP/1.1" 304 -
191.107.133.112 - - [22/May/2024:00:17:14 -0500] "GET /sipse/faces/javax.faces.resource/primefaces.js?ln=primefaces&v=4.0 HTTP/1.1" 304 -
191.107.133.112 - - [22/May/2024:00:17:14 -0500] "GET /sipse/faces/javax.faces.resource/layout/layout.js?ln=primefaces&v=4.0 HTTP/1.1" 304 -
191.107.133.112 - - [22/May/2024:00:17:14 -0500] "POST /sipse/faces/presentacion/financiero/solicitudProceso/consultar.xhtml HTTP/1.1" 200 38400
191.107.133.112 - - [22/May/2024:00:17:14 -0500] "POST /sipse/faces/presentacion/financiero/solicitudProceso/consultar.xhtml HTTP/1.1" 200 38400
191.107.133.112 - - [22/May/2024:00:17:14 -0500] "POST /sipse/faces/presentacion/financiero/solicitudProceso/consultar.xhtml HTTP/1.1" 200 38400
191.107.133.112 - - [22/May/2024:00:17:14 -0500] "POST /sipse/faces/presentacion/financiero/solicitudProceso/consultar.xhtml HTTP/1.1" 200 38400
191.107.133.112 - - [22/May/2024:00:17:14 -0500] "POST /sipse/faces/presentacion/financiero/solicitudProceso/consultar.xhtml HTTP/1.1" 200 38400
191.107.133.112 - - [22/May/2024:00:17:15 -0500] "POST /sipse/faces/presentacion/financiero/solicitudProceso/consultar.xhtml HTTP/1.1" 200 38400
191.107.133.112 - - [22/May/2024:00:17:15 -0500] "POST /sipse/faces/presentacion/financiero/solicitudProceso/consultar.xhtml HTTP/1.1" 200 38400
191.107.133.112 - - [22/May/2024:00:17:15 -0500] "POST /sipse/faces/presentacion/financiero/solicitudProceso/consultar.xhtml HTTP/1.1" 200 38400
191.107.133.112 - - [22/May/2024:00:17:15 -0500] "POST /sipse/faces/presentacion/financiero/solicitudProceso/consultar.xhtml HTTP/1.1" 200 38400
191.107.133.112 - - [22/May/2024:00:17:15 -0500] "POST /sipse/faces/presentacion/financiero/solicitudProceso/consultar.xhtml HTTP/1.1" 200 38400
191.107.133.112 - - [22/May/2024:00:17:15 -0500] "POST /sipse/faces/presentacion/financiero/solicitudProceso/consultar.xhtml HTTP/1.1" 200 38400
191.107.133.112 - - [22/May/2024:00:17:15 -0500] "POST /sipse/faces/presentacion/financiero/solicitudProceso/consultar.xhtml HTTP/1.1" 200 38400
191.107.133.112 - - [22/May/2024:00:17:15 -0500] "POST /sipse/faces/presentacion/financiero/solicitudProceso/consultar.xhtml HTTP/1.1" 200 38400
191.107.133.112 - - [22/May/2024:00:17:16 -0500] "POST /sipse/faces/presentacion/financiero/solicitudProceso/consultar.xhtml HTTP/1.1" 200 38400
191.107.133.112 - - [22/May/2024:00:17:16 -0500] "POST /sipse/faces/presentacion/financiero/solicitudProceso/consultar.xhtml HTTP/1.1" 200 38400
191.107.133.112 - - [22/May/2024:00:17:16 -0500] "POST /sipse/faces/presentacion/financiero/solicitudProceso/consultar.xhtml HTTP/1.1" 200 38400
191.107.133.112 - - [22/May/2024:00:17:16 -0500] "POST /sipse/faces/presentacion/financiero/solicitudProceso/consultar.xhtml HTTP/1.1" 200 38400
191.107.133.112 - - [22/May/2024:00:17:16 -0500] "POST /sipse/faces/presentacion/financiero/solicitudProceso/consultar.xhtml HTTP/1.1" 200 38400
191.107.133.112 - - [22/May/2024:00:17:16 -0500] "POST /sipse/faces/presentacion/financiero/solicitudProceso/consultar.xhtml HTTP/1.1" 200 38400
191.107.133.112 - - [22/May/2024:00:17:16 -0500] "POST /sipse/faces/presentacion/financiero/solicitudProceso/consultar.xhtml HTTP/1.1" 200 38400
191.107.133.112 - - [22/May/2024:00:17:17 -0500] "POST /sipse/faces/presentacion/financiero/solicitudProceso/consultar.xhtml HTTP/1.1" 200 38400
191.107.133.112 - - [22/May/2024:00:17:17 -0500] "POST /sipse/faces/presentacion/financiero/solicitudProceso/consultar.xhtml HTTP/1.1" 200 38400
191.107.133.112 - - [22/May/2024:00:17:17 -0500] "POST /sipse/faces/presentacion/financiero/solicitudProceso/consultar.xhtml HTTP/1.1" 200 38400
181.53.96.38 - - [22/May/2024:00:17:16 -0500] "POST /sipse/faces/presentacion/financiero/contrato/consultarContratosSolicitudProceso.xhtml HTTP/1.1" 200 81113
191.107.133.112 - - [22/May/2024:00:17:19 -0500] "POST /sipse/faces/presentacion/financiero/solicitudProceso/consultar.xhtml HTTP/1.1" 200 12847
191.107.133.112 - - [22/May/2024:00:17:23 -0500] "POST /sipse/faces/presentacion/financiero/solicitudProceso/consultar.xhtml HTTP/1.1" 200 114050
191.107.133.112 - - [22/May/2024:00:17:23 -0500] "GET /sipse/faces/javax.faces.resource/theme.css?ln=primefaces-sipse HTTP/1.1" 304 -
191.107.133.112 - - [22/May/2024:00:17:23 -0500] "GET /sipse/faces/javax.faces.resource/primefaces.css?ln=primefaces&v=4.0 HTTP/1.1" 304 -
191.107.133.112 - - [22/May/2024:00:17:23 -0500] "GET /sipse/faces/javax.faces.resource/layout/layout.css?ln=primefaces&v=4.0 HTTP/1.1" 304 -
191.107.133.112 - - [22/May/2024:00:17:23 -0500] "GET /sipse/faces/javax.faces.resource/jquery/jquery.js?ln=primefaces&v=4.0 HTTP/1.1" 304 -
191.107.133.112 - - [22/May/2024:00:17:23 -0500] "GET /sipse/faces/javax.faces.resource/jquery/jquery-plugins.js?ln=primefaces&v=4.0 HTTP/1.1" 304 -
191.107.133.112 - - [22/May/2024:00:17:23 -0500] "GET /sipse/faces/javax.faces.resource/primefaces.js?ln=primefaces&v=4.0 HTTP/1.1" 304 -
191.107.133.112 - - [22/May/2024:00:17:23 -0500] "GET /sipse/faces/javax.faces.resource/layout/layout.js?ln=primefaces&v=4.0 HTTP/1.1" 304 -
47.128.28.125 - - [22/May/2024:00:17:25 -0500] "GET /BLA/resoluciones/AUTOS%202021/0245.php?act=f&f=kanji-encoding.lib.php&imgsize=50 HTTP/1.1" 200 2749
216.244.66.195 - - [22/May/2024:00:17:26 -0500] "GET /BLA/resoluciones/RESOLUCIONES%202020/0636.pdf HTTP/1.1" 200 404336
181.53.96.38 - - [22/May/2024:00:17:26 -0500] "POST /sipse/faces/presentacion/financiero/contrato/consultarContratosSolicitudProceso.xhtml HTTP/1.1" 200 67450
47.128.57.112 - - [22/May/2024:00:17:37 -0500] "GET /BLA/resoluciones/AUTOS%202021/0245.php?act=f&f=126PA02-PR05+ELABORACION+ANTEPROYECTO+PRESUPUESTO.pdf HTTP/1.1" 200 2789
181.60.154.226 - - [22/May/2024:00:17:36 -0500] "POST /sipse/faces/presentacion/financiero/solicitudProceso/crearModificarSolicitudProceso.xhtml HTTP/1.1" 200 15776
181.60.154.226 - - [22/May/2024:00:17:40 -0500] "GET /sipse/faces/javax.faces.resource/theme.css?ln=primefaces-sipse HTTP/1.1" 304 -
181.60.154.226 - - [22/May/2024:00:17:40 -0500] "GET /sipse/faces/javax.faces.resource/primefaces.js?ln=primefaces&v=4.0 HTTP/1.1" 304 -
181.60.154.226 - - [22/May/2024:00:17:40 -0500] "GET /sipse/faces/javax.faces.resource/layout/layout.css?ln=primefaces&v=4.0 HTTP/1.1" 304 -
181.60.154.226 - - [22/May/2024:00:17:40 -0500] "GET /sipse/faces/javax.faces.resource/primefaces.css?ln=primefaces&v=4.0 HTTP/1.1" 304 -
181.60.154.226 - - [22/May/2024:00:17:40 -0500] "GET /sipse/faces/javax.faces.resource/jquery/jquery-plugins.js?ln=primefaces&v=4.0 HTTP/1.1" 304 -
181.60.154.226 - - [22/May/2024:00:17:40 -0500] "GET /sipse/faces/javax.faces.resource/jquery/jquery.js?ln=primefaces&v=4.0 HTTP/1.1" 304 -
181.60.154.226 - - [22/May/2024:00:17:40 -0500] "GET /sipse/faces/javax.faces.resource/layout/layout.js?ln=primefaces&v=4.0 HTTP/1.1" 304 -
181.60.154.226 - - [22/May/2024:00:17:39 -0500] "POST /sipse/faces/presentacion/financiero/solicitudProceso/crearModificarSolicitudProceso.xhtml HTTP/1.1" 200 24670
181.60.154.226 - - [22/May/2024:00:17:40 -0500] "GET /sipse/faces/javax.faces.resource/images/ui-icons_898989_256x240.png?ln=primefaces-aristo HTTP/1.1" 304 -
181.53.96.38 - - [22/May/2024:00:17:33 -0500] "POST /sipse/faces/presentacion/financiero/contrato/consultarContratosSolicitudProceso.xhtml HTTP/1.1" 200 81113
201.245.192.253 - - [22/May/2024:00:17:40 -0500] "POST /forms/lservlet;jsessionid=ac16012b30d6e86d267cf43d4b8189f7eeb7b80f05e8.e3iSbxaKaheRe34Nb3yMbhiSbxr0n6jAmljGr5XDqQLvpAe HTTP/1.1" 200 2
181.60.154.226 - - [22/May/2024:00:17:46 -0500] "GET /sipse/faces/javax.faces.resource/images/ui-bg_flat_0_2d5972_40x100.png?ln=primefaces-aristo HTTP/1.1" 304 -
181.60.154.226 - - [22/May/2024:00:17:46 -0500] "POST /sipse/faces/presentacion/financiero/solicitudProyectoActividad/asociarProyectoSolicitud.xhtml HTTP/1.1" 200 6601
47.128.125.2 - - [22/May/2024:00:17:49 -0500] "GET /BLA/resoluciones/AUTOS%202021/0245.php?act=f&base64=2&f=NuestraGente_VigiasdelAgua.flv HTTP/1.1" 200 2756
216.244.66.195 - - [22/May/2024:00:17:53 -0500] "GET /BLA/resoluciones/RESOLUCIONES%202020/1200.pdf HTTP/1.1" 200 359102
181.60.154.226 - - [22/May/2024:00:17:55 -0500] "POST /sipse/faces/presentacion/financiero/solicitudProyectoActividad/asociarProyectoSolicitud.xhtml HTTP/1.1" 200 1692
191.107.133.112 - - [22/May/2024:00:17:55 -0500] "POST /sipse/faces/presentacion/financiero/solicitudProceso/consultarSolicitudProceso.xhtml HTTP/1.1" 200 45098
191.107.133.112 - - [22/May/2024:00:17:56 -0500] "GET /sipse/faces/javax.faces.resource/theme.css?ln=primefaces-sipse HTTP/1.1" 304 -
191.107.133.112 - - [22/May/2024:00:17:56 -0500] "GET /sipse/faces/javax.faces.resource/primefaces.css?ln=primefaces&v=4.0 HTTP/1.1" 304 -
191.107.133.112 - - [22/May/2024:00:17:56 -0500] "GET /sipse/faces/javax.faces.resource/layout/layout.css?ln=primefaces&v=4.0 HTTP/1.1" 304 -
191.107.133.112 - - [22/May/2024:00:17:56 -0500] "GET /sipse/faces/javax.faces.resource/jquery/jquery.js?ln=primefaces&v=4.0 HTTP/1.1" 304 -
191.107.133.112 - - [22/May/2024:00:17:56 -0500] "GET /sipse/faces/javax.faces.resource/jquery/jquery-plugins.js?ln=primefaces&v=4.0 HTTP/1.1" 304 -
191.107.133.112 - - [22/May/2024:00:17:56 -0500] "GET /sipse/faces/javax.faces.resource/primefaces.js?ln=primefaces&v=4.0 HTTP/1.1" 304 -
191.107.133.112 - - [22/May/2024:00:17:56 -0500] "GET /sipse/faces/javax.faces.resource/layout/layout.js?ln=primefaces&v=4.0 HTTP/1.1" 304 -
191.107.133.112 - - [22/May/2024:00:17:56 -0500] "POST /sipse/faces/presentacion/financiero/solicitudProceso/consultar.xhtml HTTP/1.1" 200 38373
191.107.133.112 - - [22/May/2024:00:17:56 -0500] "POST /sipse/faces/presentacion/financiero/solicitudProceso/consultar.xhtml HTTP/1.1" 200 38373
181.60.154.226 - - [22/May/2024:00:17:56 -0500] "POST /sipse/faces/presentacion/financiero/solicitudProyectoActividad/asociarProyectoSolicitud.xhtml HTTP/1.1" 200 74750
181.60.154.226 - - [22/May/2024:00:17:56 -0500] "GET /sipse/faces/javax.faces.resource/theme.css?ln=primefaces-sipse HTTP/1.1" 304 -
181.60.154.226 - - [22/May/2024:00:17:56 -0500] "GET /sipse/faces/javax.faces.resource/primefaces.css?ln=primefaces&v=4.0 HTTP/1.1" 304 -
181.60.154.226 - - [22/May/2024:00:17:56 -0500] "GET /sipse/faces/javax.faces.resource/jquery/jquery.js?ln=primefaces&v=4.0 HTTP/1.1" 304 -
181.60.154.226 - - [22/May/2024:00:17:56 -0500] "GET /sipse/faces/javax.faces.resource/layout/layout.css?ln=primefaces&v=4.0 HTTP/1.1" 304 -
181.60.154.226 - - [22/May/2024:00:17:56 -0500] "GET /sipse/faces/javax.faces.resource/jquery/jquery-plugins.js?ln=primefaces&v=4.0 HTTP/1.1" 304 -
191.107.133.112 - - [22/May/2024:00:17:56 -0500] "POST /sipse/faces/presentacion/financiero/solicitudProceso/consultar.xhtml HTTP/1.1" 200 38373
181.60.154.226 - - [22/May/2024:00:17:56 -0500] "GET /sipse/faces/javax.faces.resource/primefaces.js?ln=primefaces&v=4.0 HTTP/1.1" 304 -
181.60.154.226 - - [22/May/2024:00:17:56 -0500] "GET /sipse/faces/javax.faces.resource/layout/layout.js?ln=primefaces&v=4.0 HTTP/1.1" 304 -
191.107.133.112 - - [22/May/2024:00:17:56 -0500] "POST /sipse/faces/presentacion/financiero/solicitudProceso/consultar.xhtml HTTP/1.1" 200 38373
191.107.133.112 - - [22/May/2024:00:17:56 -0500] "POST /sipse/faces/presentacion/financiero/solicitudProceso/consultar.xhtml HTTP/1.1" 200 38373
191.107.133.112 - - [22/May/2024:00:17:57 -0500] "POST /sipse/faces/presentacion/financiero/solicitudProceso/consultar.xhtml HTTP/1.1" 200 38373
191.107.133.112 - - [22/May/2024:00:17:57 -0500] "POST /sipse/faces/presentacion/financiero/solicitudProceso/consultar.xhtml HTTP/1.1" 200 38373
191.107.133.112 - - [22/May/2024:00:17:57 -0500] "POST /sipse/faces/presentacion/financiero/solicitudProceso/consultar.xhtml HTTP/1.1" 200 38373
191.107.133.112 - - [22/May/2024:00:17:57 -0500] "POST /sipse/faces/presentacion/financiero/solicitudProceso/consultar.xhtml HTTP/1.1" 200 38373
191.107.133.112 - - [22/May/2024:00:17:57 -0500] "POST /sipse/faces/presentacion/financiero/solicitudProceso/consultar.xhtml HTTP/1.1" 200 38373
191.107.133.112 - - [22/May/2024:00:17:57 -0500] "POST /sipse/faces/presentacion/financiero/solicitudProceso/consultar.xhtml HTTP/1.1" 200 38373
191.107.133.112 - - [22/May/2024:00:17:58 -0500] "POST /sipse/faces/presentacion/financiero/solicitudProceso/consultar.xhtml HTTP/1.1" 200 38373
191.107.133.112 - - [22/May/2024:00:17:58 -0500] "POST /sipse/faces/presentacion/financiero/solicitudProceso/consultar.xhtml HTTP/1.1" 200 38373
191.107.133.112 - - [22/May/2024:00:17:58 -0500] "POST /sipse/faces/presentacion/financiero/solicitudProceso/consultar.xhtml HTTP/1.1" 200 38373
216.245.221.92 - - [22/May/2024:00:17:58 -0500] "HEAD / HTTP/1.1" 200 -
191.107.133.112 - - [22/May/2024:00:17:58 -0500] "POST /sipse/faces/presentacion/financiero/solicitudProceso/consultar.xhtml HTTP/1.1" 200 38373
191.107.133.112 - - [22/May/2024:00:17:58 -0500] "POST /sipse/faces/presentacion/financiero/solicitudProceso/consultar.xhtml HTTP/1.1" 200 38373
191.107.133.112 - - [22/May/2024:00:17:58 -0500] "POST /sipse/faces/presentacion/financiero/solicitudProceso/consultar.xhtml HTTP/1.1" 200 38373
191.107.133.112 - - [22/May/2024:00:17:58 -0500] "POST /sipse/faces/presentacion/financiero/solicitudProceso/consultar.xhtml HTTP/1.1" 200 38373
191.107.133.112 - - [22/May/2024:00:17:59 -0500] "POST /sipse/faces/presentacion/financiero/solicitudProceso/consultar.xhtml HTTP/1.1" 200 38373
191.107.133.112 - - [22/May/2024:00:17:59 -0500] "POST /sipse/faces/presentacion/financiero/solicitudProceso/consultar.xhtml HTTP/1.1" 200 38373
191.107.133.112 - - [22/May/2024:00:17:59 -0500] "POST /sipse/faces/presentacion/financiero/solicitudProceso/consultar.xhtml HTTP/1.1" 200 38373
191.107.133.112 - - [22/May/2024:00:17:59 -0500] "POST /sipse/faces/presentacion/financiero/solicitudProceso/consultar.xhtml HTTP/1.1" 200 38373
191.107.133.112 - - [22/May/2024:00:17:59 -0500] "POST /sipse/faces/presentacion/financiero/solicitudProceso/consultar.xhtml HTTP/1.1" 200 38373
191.107.133.112 - - [22/May/2024:00:17:59 -0500] "POST /sipse/faces/presentacion/financiero/solicitudProceso/consultar.xhtml HTTP/1.1" 200 38373
191.107.133.112 - - [22/May/2024:00:17:59 -0500] "POST /sipse/faces/presentacion/financiero/solicitudProceso/consultar.xhtml HTTP/1.1" 200 38373
181.53.96.38 - - [22/May/2024:00:17:57 -0500] "POST /sipse/faces/presentacion/financiero/contrato/consultarContratosSolicitudProceso.xhtml HTTP/1.1" 200 67450
47.128.122.57 - - [22/May/2024:00:18:02 -0500] "GET /BLA/resoluciones/AUTOS%202021/0245.php?act=chmod&f=50.pdf HTTP/1.1" 200 2713
191.107.133.112 - - [22/May/2024:00:18:02 -0500] "POST /sipse/faces/presentacion/financiero/solicitudProceso/consultar.xhtml HTTP/1.1" 200 12871
201.245.192.253 - - [22/May/2024:00:18:03 -0500] "POST /forms/lservlet;jsessionid=ac16012b30d6fcbbfc79ace0489b824183073782fe9e.e3iSbxaKaheRe34Nb3yMbhiSbxr0n6jAmljGr5XDqQLvpAe HTTP/1.1" 200 2
201.245.192.253 - - [22/May/2024:00:17:18 -0500] "POST /kwsrmcab/Wsrmcab  HTTP/1.1" 200 213
201.245.192.253 - - [22/May/2024:00:18:01 -0500] "POST /kwsrmcab/Wsrmcab HTTP/1.1" 200 34313
181.60.154.226 - - [22/May/2024:00:18:03 -0500] "POST /sipse/faces/presentacion/financiero/solicitudProyectoActividad/asociarActividadSolicitud.xhtml HTTP/1.1" 200 20112
181.60.154.226 - - [22/May/2024:00:18:03 -0500] "GET /sipse/faces/javax.faces.resource/theme.css?ln=primefaces-sipse HTTP/1.1" 304 -
181.60.154.226 - - [22/May/2024:00:18:03 -0500] "GET /sipse/faces/javax.faces.resource/layout/layout.css?ln=primefaces&v=4.0 HTTP/1.1" 304 -
181.60.154.226 - - [22/May/2024:00:18:03 -0500] "GET /sipse/faces/javax.faces.resource/primefaces.css?ln=primefaces&v=4.0 HTTP/1.1" 304 -
181.60.154.226 - - [22/May/2024:00:18:03 -0500] "GET /sipse/faces/javax.faces.resource/jquery/jquery.js?ln=primefaces&v=4.0 HTTP/1.1" 304 -
181.60.154.226 - - [22/May/2024:00:18:03 -0500] "GET /sipse/faces/javax.faces.resource/jquery/jquery-plugins.js?ln=primefaces&v=4.0 HTTP/1.1" 304 -
181.60.154.226 - - [22/May/2024:00:18:03 -0500] "GET /sipse/faces/javax.faces.resource/primefaces.js?ln=primefaces&v=4.0 HTTP/1.1" 304 -
181.60.154.226 - - [22/May/2024:00:18:03 -0500] "GET /sipse/faces/javax.faces.resource/layout/layout.js?ln=primefaces&v=4.0 HTTP/1.1" 304 -
201.245.192.253 - - [22/May/2024:00:18:03 -0500] "POST /kwsrmcab/Wsrmcab HTTP/1.1" 200 34471
191.107.133.112 - - [22/May/2024:00:18:05 -0500] "POST /sipse/faces/presentacion/financiero/solicitudProceso/consultar.xhtml HTTP/1.1" 200 114000
191.107.133.112 - - [22/May/2024:00:18:06 -0500] "GET /sipse/faces/javax.faces.resource/theme.css?ln=primefaces-sipse HTTP/1.1" 304 -
191.107.133.112 - - [22/May/2024:00:18:06 -0500] "GET /sipse/faces/javax.faces.resource/primefaces.css?ln=primefaces&v=4.0 HTTP/1.1" 304 -
191.107.133.112 - - [22/May/2024:00:18:06 -0500] "GET /sipse/faces/javax.faces.resource/layout/layout.css?ln=primefaces&v=4.0 HTTP/1.1" 304 -
191.107.133.112 - - [22/May/2024:00:18:06 -0500] "GET /sipse/faces/javax.faces.resource/jquery/jquery.js?ln=primefaces&v=4.0 HTTP/1.1" 304 -
191.107.133.112 - - [22/May/2024:00:18:06 -0500] "GET /sipse/faces/javax.faces.resource/jquery/jquery-plugins.js?ln=primefaces&v=4.0 HTTP/1.1" 304 -
191.107.133.112 - - [22/May/2024:00:18:06 -0500] "GET /sipse/faces/javax.faces.resource/primefaces.js?ln=primefaces&v=4.0 HTTP/1.1" 304 -
191.107.133.112 - - [22/May/2024:00:18:06 -0500] "GET /sipse/faces/javax.faces.resource/layout/layout.js?ln=primefaces&v=4.0 HTTP/1.1" 304 -
201.245.192.253 - - [22/May/2024:00:18:13 -0500] "GET /kwsrmcab/Wsrmcab?wsdl HTTP/1.1" 200 6948
47.128.60.96 - - [22/May/2024:00:18:15 -0500] "GET /BLA/resoluciones/AUTOS%202021/0245.php?act=f&f=00163.pdf&white=1 HTTP/1.1" 200 2741
181.60.154.226 - - [22/May/2024:00:18:15 -0500] "GET /sipse/faces/javax.faces.resource/layout/layout.css?ln=primefaces&v=4.0 HTTP/1.1" 304 -
181.60.154.226 - - [22/May/2024:00:18:15 -0500] "GET /sipse/faces/javax.faces.resource/primefaces.css?ln=primefaces&v=4.0 HTTP/1.1" 304 -
181.60.154.226 - - [22/May/2024:00:18:15 -0500] "GET /sipse/faces/javax.faces.resource/theme.css?ln=primefaces-sipse HTTP/1.1" 304 -
181.60.154.226 - - [22/May/2024:00:18:15 -0500] "GET /sipse/faces/javax.faces.resource/jquery/jquery.js?ln=primefaces&v=4.0 HTTP/1.1" 304 -
181.60.154.226 - - [22/May/2024:00:18:15 -0500] "GET /sipse/faces/javax.faces.resource/primefaces.js?ln=primefaces&v=4.0 HTTP/1.1" 304 -
181.60.154.226 - - [22/May/2024:00:18:15 -0500] "GET /sipse/faces/javax.faces.resource/jquery/jquery-plugins.js?ln=primefaces&v=4.0 HTTP/1.1" 304 -
181.60.154.226 - - [22/May/2024:00:18:15 -0500] "GET /sipse/faces/javax.faces.resource/layout/layout.js?ln=primefaces&v=4.0 HTTP/1.1" 304 -
181.60.154.226 - - [22/May/2024:00:18:15 -0500] "POST /sipse/faces/presentacion/financiero/solicitudProyectoActividad/asociarFuentesSolicitud.xhtml HTTP/1.1" 200 67368
181.60.154.226 - - [22/May/2024:00:18:15 -0500] "GET /sipse/css/imagen/contrasena.png HTTP/1.1" 404 383
181.60.154.226 - - [22/May/2024:00:18:15 -0500] "GET /sipse/faces/javax.faces.resource/images/ui-icons_898989_256x240.png?ln=primefaces-aristo HTTP/1.1" 304 -
216.244.66.195 - - [22/May/2024:00:18:20 -0500] "GET /BLA/resoluciones/RESOLUCIONES%202020/1732.pdf HTTP/1.1" 200 360681
181.60.154.226 - - [22/May/2024:00:18:22 -0500] "GET /sipse/faces/javax.faces.resource/primefaces.css?ln=primefaces&v=4.0 HTTP/1.1" 304 -
181.60.154.226 - - [22/May/2024:00:18:20 -0500] "POST /sipse/faces/presentacion/financiero/solicitudProceso/crearModificarSolicitudProceso.xhtml HTTP/1.1" 200 45875
181.60.154.226 - - [22/May/2024:00:18:22 -0500] "GET /sipse/faces/javax.faces.resource/theme.css?ln=primefaces-sipse HTTP/1.1" 304 -
181.60.154.226 - - [22/May/2024:00:18:22 -0500] "GET /sipse/faces/javax.faces.resource/layout/layout.css?ln=primefaces&v=4.0 HTTP/1.1" 304 -
181.60.154.226 - - [22/May/2024:00:18:22 -0500] "GET /sipse/faces/javax.faces.resource/jquery/jquery.js?ln=primefaces&v=4.0 HTTP/1.1" 304 -
181.60.154.226 - - [22/May/2024:00:18:22 -0500] "GET /sipse/faces/javax.faces.resource/jquery/jquery-plugins.js?ln=primefaces&v=4.0 HTTP/1.1" 304 -
181.60.154.226 - - [22/May/2024:00:18:22 -0500] "GET /sipse/faces/javax.faces.resource/primefaces.js?ln=primefaces&v=4.0 HTTP/1.1" 304 -
181.60.154.226 - - [22/May/2024:00:18:22 -0500] "GET /sipse/faces/javax.faces.resource/layout/layout.js?ln=primefaces&v=4.0 HTTP/1.1" 304 -
181.53.96.38 - - [22/May/2024:00:18:15 -0500] "POST /sipse/faces/presentacion/financiero/contrato/consultarContratosSolicitudProceso.xhtml HTTP/1.1" 200 67498
47.128.31.7 - - [22/May/2024:00:18:27 -0500] "GET /BLA/resoluciones/AUTOS%202021/0245.php?act=f&base64=1&f=RESOLUCION+760+DE+2006.PDF HTTP/1.1" 200 2763
181.60.154.226 - - [22/May/2024:00:18:27 -0500] "POST /sipse/faces/presentacion/financiero/contrato/consultarContratosSolicitudProceso.xhtml HTTP/1.1" 200 76966
181.53.96.38 - - [22/May/2024:00:18:29 -0500] "POST /sipse/faces/presentacion/financiero/contrato/consultarContratosSolicitudProceso.xhtml HTTP/1.1" 200 67538
181.53.96.38 - - [22/May/2024:00:18:31 -0500] "POST /sipse/faces/presentacion/financiero/contrato/consultarContratosSolicitudProceso.xhtml HTTP/1.1" 200 67602
181.60.154.226 - - [22/May/2024:00:18:35 -0500] "POST /sipse/faces/presentacion/financiero/contrato/consultarContratosSolicitudProceso.xhtml HTTP/1.1" 200 62826
181.60.154.226 - - [22/May/2024:00:18:36 -0500] "GET /sipse/faces/javax.faces.resource/layout/layout.css?ln=primefaces&v=4.0 HTTP/1.1" 304 -
181.60.154.226 - - [22/May/2024:00:18:36 -0500] "GET /sipse/faces/javax.faces.resource/primefaces.css?ln=primefaces&v=4.0 HTTP/1.1" 304 -
181.60.154.226 - - [22/May/2024:00:18:36 -0500] "GET /sipse/faces/javax.faces.resource/theme.css?ln=primefaces-sipse HTTP/1.1" 304 -
181.60.154.226 - - [22/May/2024:00:18:36 -0500] "GET /sipse/faces/javax.faces.resource/jquery/jquery.js?ln=primefaces&v=4.0 HTTP/1.1" 304 -
181.60.154.226 - - [22/May/2024:00:18:36 -0500] "GET /sipse/faces/javax.faces.resource/jquery/jquery-plugins.js?ln=primefaces&v=4.0 HTTP/1.1" 304 -
181.60.154.226 - - [22/May/2024:00:18:36 -0500] "GET /sipse/faces/javax.faces.resource/primefaces.js?ln=primefaces&v=4.0 HTTP/1.1" 304 -
181.60.154.226 - - [22/May/2024:00:18:36 -0500] "GET /sipse/faces/javax.faces.resource/layout/layout.js?ln=primefaces&v=4.0 HTTP/1.1" 304 -
181.60.154.226 - - [22/May/2024:00:18:39 -0500] "POST /sipse/faces/presentacion/financiero/solicitudProceso/crearModificarSolicitudProceso.xhtml HTTP/1.1" 200 22397
181.60.154.226 - - [22/May/2024:00:18:39 -0500] "GET /sipse/faces/javax.faces.resource/theme.css?ln=primefaces-sipse HTTP/1.1" 304 -
181.60.154.226 - - [22/May/2024:00:18:39 -0500] "GET /sipse/faces/javax.faces.resource/primefaces.css?ln=primefaces&v=4.0 HTTP/1.1" 304 -
181.60.154.226 - - [22/May/2024:00:18:39 -0500] "GET /sipse/faces/javax.faces.resource/fileupload/fileupload.css?ln=primefaces&v=4.0 HTTP/1.1" 304 -
181.60.154.226 - - [22/May/2024:00:18:39 -0500] "GET /sipse/faces/javax.faces.resource/layout/layout.css?ln=primefaces&v=4.0 HTTP/1.1" 304 -
181.60.154.226 - - [22/May/2024:00:18:39 -0500] "GET /sipse/faces/javax.faces.resource/primefaces.js?ln=primefaces&v=4.0 HTTP/1.1" 304 -
181.60.154.226 - - [22/May/2024:00:18:39 -0500] "GET /sipse/faces/javax.faces.resource/jquery/jquery.js?ln=primefaces&v=4.0 HTTP/1.1" 304 -
181.60.154.226 - - [22/May/2024:00:18:39 -0500] "GET /sipse/faces/javax.faces.resource/jquery/jquery-plugins.js?ln=primefaces&v=4.0 HTTP/1.1" 304 -
181.60.154.226 - - [22/May/2024:00:18:39 -0500] "GET /sipse/faces/javax.faces.resource/fileupload/fileupload.js?ln=primefaces&v=4.0 HTTP/1.1" 304 -
181.60.154.226 - - [22/May/2024:00:18:39 -0500] "GET /sipse/faces/javax.faces.resource/layout/layout.js?ln=primefaces&v=4.0 HTTP/1.1" 304 -
47.128.121.182 - - [22/May/2024:00:18:40 -0500] "GET /BLA/resoluciones/AUTOS%202021/0245.php?act=f&f=7.4.gif HTTP/1.1" 200 2738
181.53.96.38 - - [22/May/2024:00:18:39 -0500] "POST /sipse/faces/presentacion/financiero/contrato/consultarContratosSolicitudProceso.xhtml HTTP/1.1" 200 81260
216.244.66.195 - - [22/May/2024:00:18:46 -0500] "GET /BLA/resoluciones/RESOLUCIONES%202020/2026.pdf HTTP/1.1" 200 761343
47.128.18.237 - - [22/May/2024:00:18:52 -0500] "GET /BLA/resoluciones/AUTOS%202021/0245.php?act=f&f=00000711.tif&imgsize=50 HTTP/1.1" 200 2740
181.53.96.38 - - [22/May/2024:00:18:49 -0500] "POST /sipse/faces/presentacion/financiero/contrato/consultarContratosSolicitudProceso.xhtml HTTP/1.1" 200 81304
185.191.126.213 - - [22/May/2024:00:18:59 -0500] "GET / HTTP/1.1" 200 319
181.53.96.38 - - [22/May/2024:00:18:57 -0500] "POST /sipse/faces/presentacion/financiero/contrato/consultarContratosSolicitudProceso.xhtml HTTP/1.1" 200 67634
47.128.18.232 - - [22/May/2024:00:19:06 -0500] "GET /BLA/resoluciones/AUTOS%202021/0245.php?act=f&base64=4&f=6422.pdf HTTP/1.1" 200 3030
47.128.18.232 - - [22/May/2024:00:19:06 -0500] "GET /BLA/resoluciones/AUTOS%202021/0245.php?act=img&img=change HTTP/1.1" 200 290
47.128.18.232 - - [22/May/2024:00:19:06 -0500] "GET /BLA/resoluciones/AUTOS%202021/0245.php?act=img&img=ext_diz HTTP/1.1" 200 1027
47.128.18.232 - - [22/May/2024:00:19:06 -0500] "GET /BLA/resoluciones/AUTOS%202021/0245.php?act=img&img=ext_html HTTP/1.1" 200 230
47.128.18.232 - - [22/May/2024:00:19:06 -0500] "GET /BLA/resoluciones/AUTOS%202021/0245.php?act=img&img=ext_exe HTTP/1.1" 200 118
47.128.18.232 - - [22/May/2024:00:19:06 -0500] "GET /BLA/resoluciones/AUTOS%202021/0245.php?act=img&img=ext_gif HTTP/1.1" 200 175
47.128.18.232 - - [22/May/2024:00:19:06 -0500] "GET /BLA/resoluciones/AUTOS%202021/0245.php?act=img&img=ext_pdf HTTP/1.1" 200 1034
47.128.18.232 - - [22/May/2024:00:19:07 -0500] "GET /BLA/resoluciones/AUTOS%202021/0245.php?act=img&img=download HTTP/1.1" 200 161
47.128.18.232 - - [22/May/2024:00:19:07 -0500] "GET /BLA/resoluciones/AUTOS%202021/0245.php?act=img&img=ext_rtf HTTP/1.1" 200 164
47.128.18.232 - - [22/May/2024:00:19:07 -0500] "GET /BLA/resoluciones/AUTOS%202021/0245.php?act=img&img=ext_ini HTTP/1.1" 200 134
47.128.18.232 - - [22/May/2024:00:19:07 -0500] "GET /BLA/resoluciones/AUTOS%202021/0245.php?act=img&img=ext_txt HTTP/1.1" 200 132
181.53.96.38 - - [22/May/2024:00:19:05 -0500] "POST /sipse/faces/presentacion/financiero/contrato/consultarContratosSolicitudProceso.xhtml HTTP/1.1" 200 81304
216.244.66.195 - - [22/May/2024:00:19:13 -0500] "GET /BLA/resoluciones/RESOLUCIONES%202020/2066.pdf HTTP/1.1" 200 582207
201.245.192.253 - - [22/May/2024:00:19:13 -0500] "GET /kwsrmcab/Wsrmcab?wsdl HTTP/1.1" 200 6948
47.128.125.42 - - [22/May/2024:00:19:19 -0500] "GET /BLA/resoluciones/AUTOS%202021/0245.php?act=f&f=00001768.tif&white=1 HTTP/1.1" 200 2742
190.27.184.70 - - [22/May/2024:00:19:22 -0500] "POST /sipse/faces/presentacion/financiero/solicitudProceso/consultarSolicitudProceso.xhtml HTTP/1.1" 200 62800
190.27.184.70 - - [22/May/2024:00:19:22 -0500] "GET /sipse/faces/javax.faces.resource/theme.css?ln=primefaces-sipse HTTP/1.1" 304 -
190.27.184.70 - - [22/May/2024:00:19:22 -0500] "GET /sipse/faces/javax.faces.resource/primefaces.css?ln=primefaces&v=4.0 HTTP/1.1" 304 -
190.27.184.70 - - [22/May/2024:00:19:22 -0500] "GET /sipse/faces/javax.faces.resource/layout/layout.css?ln=primefaces&v=4.0 HTTP/1.1" 304 -
190.27.184.70 - - [22/May/2024:00:19:22 -0500] "GET /sipse/faces/javax.faces.resource/jquery/jquery.js?ln=primefaces&v=4.0 HTTP/1.1" 304 -
190.27.184.70 - - [22/May/2024:00:19:22 -0500] "GET /sipse/faces/javax.faces.resource/jquery/jquery-plugins.js?ln=primefaces&v=4.0 HTTP/1.1" 304 -
190.27.184.70 - - [22/May/2024:00:19:22 -0500] "GET /sipse/faces/javax.faces.resource/primefaces.js?ln=primefaces&v=4.0 HTTP/1.1" 304 -
190.27.184.70 - - [22/May/2024:00:19:22 -0500] "GET /sipse/faces/javax.faces.resource/layout/layout.js?ln=primefaces&v=4.0 HTTP/1.1" 304 -
190.27.184.70 - - [22/May/2024:00:19:22 -0500] "GET /sipse/css/imagen/contrasena.png HTTP/1.1" 404 383
190.27.184.70 - - [22/May/2024:00:19:22 -0500] "POST /sipse/faces/presentacion/financiero/solicitudProceso/listarSolicitudProceso.xhtml HTTP/1.1" 200 56072
190.27.184.70 - - [22/May/2024:00:19:22 -0500] "POST /sipse/faces/presentacion/financiero/solicitudProceso/listarSolicitudProceso.xhtml HTTP/1.1" 200 56072
190.27.184.70 - - [22/May/2024:00:19:23 -0500] "POST /sipse/faces/presentacion/financiero/solicitudProceso/listarSolicitudProceso.xhtml HTTP/1.1" 200 1552
190.27.184.70 - - [22/May/2024:00:19:23 -0500] "POST /sipse/faces/presentacion/financiero/solicitudProceso/listarSolicitudProceso.xhtml HTTP/1.1" 200 1552
190.27.184.70 - - [22/May/2024:00:19:23 -0500] "POST /sipse/faces/presentacion/financiero/solicitudProceso/listarSolicitudProceso.xhtml HTTP/1.1" 200 1560
181.53.96.38 - - [22/May/2024:00:19:19 -0500] "POST /sipse/faces/presentacion/financiero/contrato/consultarContratosSolicitudProceso.xhtml HTTP/1.1" 200 81260
181.53.96.38 - - [22/May/2024:00:19:28 -0500] "POST /sipse/faces/presentacion/financiero/contrato/consultarContratosSolicitudProceso.xhtml HTTP/1.1" 200 67606
47.128.124.115 - - [22/May/2024:00:19:31 -0500] "GET /BLA/resoluciones/AUTOS%202021/0245.php?act=f&f=bullet_green.bmp&imgsize=100 HTTP/1.1" 200 2744
181.60.154.226 - - [22/May/2024:00:19:33 -0500] "GET /sipse/faces/javax.faces.resource/theme.css?ln=primefaces-sipse HTTP/1.1" 304 -
181.60.154.226 - - [22/May/2024:00:19:33 -0500] "GET /sipse/faces/javax.faces.resource/primefaces.css?ln=primefaces&v=4.0 HTTP/1.1" 304 -
181.60.154.226 - - [22/May/2024:00:19:33 -0500] "GET /sipse/faces/javax.faces.resource/layout/layout.css?ln=primefaces&v=4.0 HTTP/1.1" 304 -
181.60.154.226 - - [22/May/2024:00:19:33 -0500] "GET /sipse/faces/javax.faces.resource/jquery/jquery.js?ln=primefaces&v=4.0 HTTP/1.1" 304 -
181.60.154.226 - - [22/May/2024:00:19:33 -0500] "GET /sipse/faces/javax.faces.resource/primefaces.js?ln=primefaces&v=4.0 HTTP/1.1" 304 -
181.60.154.226 - - [22/May/2024:00:19:33 -0500] "GET /sipse/faces/javax.faces.resource/jquery/jquery-plugins.js?ln=primefaces&v=4.0 HTTP/1.1" 304 -
181.60.154.226 - - [22/May/2024:00:19:33 -0500] "GET /sipse/faces/javax.faces.resource/layout/layout.js?ln=primefaces&v=4.0 HTTP/1.1" 304 -
181.60.154.226 - - [22/May/2024:00:19:33 -0500] "POST /sipse/faces/presentacion/sistema/anexos/cargarAnexoSolicitudProceso.xhtml HTTP/1.1" 200 68707
181.60.154.226 - - [22/May/2024:00:19:33 -0500] "GET /sipse/css/imagen/contrasena.png HTTP/1.1" 404 383
181.60.154.226 - - [22/May/2024:00:19:33 -0500] "GET /sipse/faces/javax.faces.resource/images/ui-icons_898989_256x240.png?ln=primefaces-aristo HTTP/1.1" 304 -
181.60.154.226 - - [22/May/2024:00:19:36 -0500] "GET /sipse/faces/javax.faces.resource/images/ui-bg_flat_0_2d5972_40x100.png?ln=primefaces-aristo HTTP/1.1" 304 -
216.244.66.195 - - [22/May/2024:00:19:37 -0500] "GET /BLA/resoluciones/RESOLUCIONES%202020/2399.pdf HTTP/1.1" 200 581789
181.60.154.226 - - [22/May/2024:00:19:36 -0500] "POST /sipse/faces/presentacion/financiero/solicitudProceso/crearModificarSolicitudProceso.xhtml HTTP/1.1" 200 66200
181.60.154.226 - - [22/May/2024:00:19:39 -0500] "GET /sipse/faces/javax.faces.resource/theme.css?ln=primefaces-sipse HTTP/1.1" 304 -
181.60.154.226 - - [22/May/2024:00:19:39 -0500] "GET /sipse/faces/javax.faces.resource/primefaces.css?ln=primefaces&v=4.0 HTTP/1.1" 304 -
181.60.154.226 - - [22/May/2024:00:19:39 -0500] "GET /sipse/faces/javax.faces.resource/layout/layout.css?ln=primefaces&v=4.0 HTTP/1.1" 304 -
181.60.154.226 - - [22/May/2024:00:19:39 -0500] "GET /sipse/faces/javax.faces.resource/jquery/jquery.js?ln=primefaces&v=4.0 HTTP/1.1" 304 -
181.60.154.226 - - [22/May/2024:00:19:39 -0500] "GET /sipse/faces/javax.faces.resource/jquery/jquery-plugins.js?ln=primefaces&v=4.0 HTTP/1.1" 304 -
181.60.154.226 - - [22/May/2024:00:19:39 -0500] "GET /sipse/faces/javax.faces.resource/primefaces.js?ln=primefaces&v=4.0 HTTP/1.1" 304 -
181.60.154.226 - - [22/May/2024:00:19:39 -0500] "GET /sipse/faces/javax.faces.resource/layout/layout.js?ln=primefaces&v=4.0 HTTP/1.1" 304 -
181.60.154.226 - - [22/May/2024:00:19:39 -0500] "GET /sipse/faces/javax.faces.resource/messages/messages.png?ln=primefaces&v=4.0 HTTP/1.1" 304 -
181.60.154.226 - - [22/May/2024:00:19:39 -0500] "POST /sipse/faces/presentacion/financiero/solicitudProceso/listarSolicitudProceso.xhtml HTTP/1.1" 200 1552
201.245.192.253 - - [22/May/2024:00:19:40 -0500] "POST /forms/lservlet;jsessionid=ac16012b30d6e86d267cf43d4b8189f7eeb7b80f05e8.e3iSbxaKaheRe34Nb3yMbhiSbxr0n6jAmljGr5XDqQLvpAe HTTP/1.1" 200 2
199.16.157.180 - - [22/May/2024:00:19:41 -0500] "GET /una-mujer-que-trabaja-por-la-equidad-de-genero-y-la-proteccion-del-ambiente-asi-es-amanda-rodriguez.html HTTP/1.1" 200 935
156.59.198.135 - - [22/May/2024:00:19:42 -0500] "GET /BLA/resoluciones/AUTOS%202021/0245.php?act=f&base64=2&f=3139.pdf HTTP/1.0" 200 3033
181.60.154.226 - - [22/May/2024:00:19:42 -0500] "POST /sipse/faces/presentacion/financiero/solicitudProceso/listarSolicitudProceso.xhtml HTTP/1.1" 200 39436
190.27.184.70 - - [22/May/2024:00:19:43 -0500] "POST /sipse/faces/presentacion/financiero/solicitudProceso/listarSolicitudProceso.xhtml HTTP/1.1" 200 14142
199.16.157.181 - - [22/May/2024:00:19:43 -0500] "GET /images/cronica-amanda-rodriguez-30-abril.jpg HTTP/1.1" 200 26304
181.60.154.226 - - [22/May/2024:00:19:44 -0500] "POST /sipse/faces/presentacion/financiero/solicitudProceso/listarSolicitudProceso.xhtml HTTP/1.1" 200 18249
47.128.20.194 - - [22/May/2024:00:19:56 -0500] "GET /BLA/resoluciones/AUTOS%202021/0245.php?act=chmod&f=74.pdf HTTP/1.1" 200 2713
201.245.192.253 - - [22/May/2024:00:20:03 -0500] "POST /forms/lservlet;jsessionid=ac16012b30d6fcbbfc79ace0489b824183073782fe9e.e3iSbxaKaheRe34Nb3yMbhiSbxr0n6jAmljGr5XDqQLvpAe HTTP/1.1" 200 2
47.128.112.184 - - [22/May/2024:00:20:09 -0500] "GET /BLA/resoluciones/AUTOS%202021/0245.php?act=f&f=00000243.tif&imgsize=20 HTTP/1.1" 200 2741
181.236.9.180 - - [22/May/2024:00:20:09 -0500] "OPTIONS /kwssiamovil/sm/setfile/f? HTTP/1.1" 200 13
181.236.9.180 - - [22/May/2024:00:20:09 -0500] "POST /kwssiamovil/sm/setfile/f? HTTP/1.1" 200 381
201.245.192.253 - - [22/May/2024:00:20:13 -0500] "GET /kwsrmcab/Wsrmcab?wsdl HTTP/1.1" 200 6948
181.236.9.180 - - [22/May/2024:00:20:17 -0500] "GET /kwssiamovil/sm/acme/a?s=U2FsdGVkX18lFWMjkEt+YCu+dz8xTBdJGNnv8kXja1kiA1jWrpQuOXBErE5uFu3dOTDjZF5fbM2zT7Eckk7U2+whNQZckYsSRFLH7rXCM3BOpsmAzikhVNHxgSi0nnDARqVI88/+fkZENomAoOW3g3c9BGEaJuiYxdkmjl5hzl3NroOMUBRcbu1v+pRLMfJEb4b5r553WYwvqCSodrmMr/grcfmao7ePm60US8JQ1UlvqML0Yi+BlC6P+rNB/yFBjzoxd4BAn9v4p0Dvgwl6/A==&u=U2FsdGVkX18ZfeG4Z/jLk5KybvbZAW3NkO+n9PWIXmc=&y=U2FsdGVkX19L2Md0gwbXid3OZjhutEKmgp7LYlDwu4/MiWM7VtjtmRICycCy5Yck HTTP/1.1" 200 26
181.236.9.180 - - [22/May/2024:00:20:17 -0500] "GET /kwssiamovil/sm/acme/a?s=U2FsdGVkX18irkyU08xvErK8ekJOAmsePwnFOK3CofkWVxZsGUhzGzbnY9Mk7tZtbfOLSWXAj9bSggxhPiD3D1E420hFRpDOeGXdt/dlmA0nurRAheO+1HgEeyRNQ+eh6PWgVAKYrcOY7QpXro9oZh2LEw/o8rCnO5mYV22PRKqpuUZ9fthDO3c+ihhoa3vd0PGZWH7AlkdjOwzyWtxdHPjXyLrOBj8XefBRRmX3zLIBrKmT9wrepEc5bbdMj1S4kwepbnUC95t/1sD4SYDYSMZXD1Tjk8ySgxlvhfHkLF5LpL0dOgOUZkxxqZG/hQiQAmNz+MLhugLcV687Z3qyGEiPqfFY+yJ7zoYJnGYEwSbUbaUE2P22cYtCp/uAPyocO0ELu4ThzLxcMi+Vvx3UlcOaKdrfjMpSBiRiZ+ajV0ybB+zkY+Q4yd0tYM2rEx9WTTS19bgBlqDh12fmxLrFwk6M7eAXeIXLS9MnuE+fx+4eqWCTISfRn2GhHsO9ufmmAIdGBoYjZfq4/dPWifmp5U0mGb1nn/H2u1TeOkrdsGesHNDTHARS9+/XK9mks/82+DpM+rPmFQd5s91RBQqvmzs+BFHJm4MQi+BPkSXM3k6Bi/uM1Ef/b6oAvBtNi3UpAsBez0mWnx4szgSvAEfK5f3FU39SUgYd1W0v2yCIf4GvF/hZbXY0zwcsT6kSI5pufsswrFYu5/JWx+onZhAreG2hJ1JJpoTI4XO+BimT7XkkH+0wgkwpl4a0Bdi1OgjE/jFpZ+U/ZLqcK50i3v55RUThtngvydjIt4e2fbI+hlKSSL3cOTnoPAAnvV/2uHjl0/wruzR9uhxFkq3IEzzszZ31Q1V20KSYC299lpFuVCaBNBKbwklmP6NoBiL20VE6ulBWKTomiQEF6TSLpLiz4+7p2tKhZPdtTIuPqvXxm1hzM9cBRHU4YzVl3hIR9CPf5nnUSsbCNGhD84NUvCOOUhL+rYUcvjucpwpRiiiRVhIZu+jRNYa1x1UIBjKtNcZCl7iZQqX04xUl647mx6xKPehwCkesn5xSakA4V6m1W3p4445Kz26FZqEmBTE4geDKgifDbhZM3Uh8kA/iFHag/SvIbbC5st+HZedv5CNfDL40UzXxdiLb5vJaLBtKvfwXT9Pn59j1V99+mw6xEU77u6i0KBt+Vy6cTC26AdQeT1NiSX84XTYmX7ak4SRcKR7OK677BxoMpGiPIqHr125BJLXbPeA4i7SNVQeXKKaD1wm+2NVqHBnULl2i2BAAZu6Wo0/05m7Gampi92G4twmyxlBFPaEseCGtenyfeWE9GC6l9VR3C0WpBkoLvwzlNulpGaGgndCbyzxKs6EuPEra0/Tklgutxt/HbYckaI3VhyWz/5ceAU4GeSxx4FFKY5WbyUa0hBBPV5x32jB3jxBQ7VTk/xLHwbE8SGUtPQoSIGkm2G30GKgcQu2xhs9dQAzXwwWbyd4CsiMzvCrMj2LXVKBzerJkNclR2RlLihy5vxPXguMx8U3qes6BEcg9QhOc6lziAiUOuZsBrt6qEPx4XTEGXm6eiUwiGyHG/O2vgflajXnRDaK0/1n/8xQGX+plavSsc8gk/Knt7TIr36JnkvfV5eLX15/5b42DWMVyeNjEtb2VqLAAVxCZPJG3jBLSoyCrlFwooYZQFfWap1vh3jje+Bxd8SAk7v5MZM1jgQIkMlRB5G/FND1JRjFxwkdm8cjRvSy+jfYt2RVRQ10fUDpW3YkPZK03bQfXcUOChsQmcGHRpYkjizilwUzWP1oVcDrWogO7W2qPbHtk4cvaMTh0D2LIQNloTiJbzT9Lt5hA6lI6WtojbDCTvXHrkpblsY1Rdl/rzCdqYYbqMwUi4CBJaITfkOmYISEAFz33Mru+jNdRlIEdZqb8+vdNkrzjsMV6hmLKVjtJV2RPa+3jLje0VAyH71uJjbICvVwUVVEQJBEozW30xnfz+0cGPSGtOwtE28sHjRTq49ZdJILlolEfj+2iJZY2lcnY+AxvfUOQWlzb1u1CCUBLKcmW7rlcgkgFeizbBdk89yIDOuAQy85a4Yd3w4uXUghz8UqdKYID8OMbbIinVIx99/hb5Y2Nik1MEDv+74KtJRaSvda6F+fFIOjUIALZaIOkrB7ez18QKE19j0pHKYu2lgEFPogPZE1V3K2N06iEKj8iLCLqb5z93komVZfxscWuvf4O/Mn3B/WOejmRCJ+gvHwWswgLkw/Z3CS/ghmxW7gECZRUN3ZNls3F+yqMfS+dVHbcI1M5r3oMzMQSS2bD9N8YMbLV5EvC17eCiaEB68yxhRYYo9Uje1tYtV0jnHXARTnwD4PyPu180GEpM4VyaWGVHOJ3gZpe+/MZILTI6rX09eVc0oBTI452tgJMT8l44a1rwtt9mWVDt+zucQa2EVcxlk7BPzkwXPR1xPD6e3J5333k06O6QiOV0+DxD0EQqPaW+Ry15x53os+uBAZGRC5Vifm54qvPn6JDs8tEpgaRFfIZVplNk+MLVS3i90eTFltAjqkpVWjeqTIm8TXzyd8oaBhwYIlGaBd8/rkVrEYWDblKJ9C59MvMAgXFiWaZMpuf63FEQdXifeB/HGmmzSB4U3RWJS02Nc1K9bAO75zXNu+aOiwbgN3UUEI8J0Z8KOO0R8XhVL7dVFwKMwIzfUHtn7x8/4rL5PlBjfEwhM8lwchXIy1phHKnUD3UYm6N8hbUeLZbU/DEScfCGTIqQoDvn0oaYHIN9ltlHyvCPFxcuqFzJ7pMoCyqJEFLf0PgBu7/S4OboGhpIGTdNZQd/YH1VsXMjdes9F9IBpnHHRwGBE5C59ZMAlaH8+2uWyjFKEACCuw9Hfqz/9Tk3IsrSgbGvYVeehz50DXgqyZW6L1lEZZ3+sMDtlEHJA/jjBju1zoLpqW6onUp0senkel3jOBgLsw7k9Eg6wmHOX8E1iEoXPJKJ7unj+uUHuDhZJ4O8t8NenWB//xmOnAOW+8Cc9eU7mjD&u=U2FsdGVkX18ZfeG4Z/jLk5KybvbZAW3NkO+n9PWIXmc=&y=U2FsdGVkX19L2Md0gwbXid3OZjhutEKmgp7LYlDwu4/MiWM7VtjtmRICycCy5Yck HTTP/1.1" 200 26
181.236.9.180 - - [22/May/2024:00:20:17 -0500] "GET /kwssiamovil/sm/acme/a?s=U2FsdGVkX18pW1rsx9F3F0dqgmPq8eHkUWSU+0dVmQT9vfgcmIwoyHc50aK73QGE4KnUyEw64TUnHamZp9WXUI4ONuHdYNH5hhb6Hs04Lap7d3hUOE08ytwtoBX5QR2hXjQLAgNYIDNw2+z98Kea/sPftirRdydJfzd3RkxIUho=&u=U2FsdGVkX18ZfeG4Z/jLk5KybvbZAW3NkO+n9PWIXmc=&y=U2FsdGVkX19L2Md0gwbXid3OZjhutEKmgp7LYlDwu4/MiWM7VtjtmRICycCy5Yck HTTP/1.1" 200 26
181.236.9.180 - - [22/May/2024:00:20:17 -0500] "GET /kwssiamovil/sm/acme/a?s=U2FsdGVkX1/PaWVNixPmnNzp7Sx8d8Lylz1WkhPd5Qe2dEMRIeOovTLYh7+a+ECa4sCKMQEauolcq4xfxrYXMGwLUX+8HPGA3SQa/mLk61TPRD3p3qc1R5h0/tyuqy1icYXsB4TM+HPhuLyeTSX8743jOsdHQq983lY183KF5Ps=&u=U2FsdGVkX18ZfeG4Z/jLk5KybvbZAW3NkO+n9PWIXmc=&y=U2FsdGVkX19L2Md0gwbXid3OZjhutEKmgp7LYlDwu4/MiWM7VtjtmRICycCy5Yck HTTP/1.1" 200 26
181.236.9.180 - - [22/May/2024:00:20:18 -0500] "GET /kwssiamovil/sm/acme/a?s=U2FsdGVkX19h8zu5eOSJcRjVSM7qPWjXyZ/EYhyly3zZsddn9+3mFDRXQzPpAQ1JWSlf7Af2rC6PaT5uBrU/WYc8Zvaj2M56Y/c3xmPNzVV3mekaaZuLAcvDCSN8dJsv73+bzzxS8O0rYtKsH9O8t2/YTPItzl6y3FzeDxnZYLo=&u=U2FsdGVkX18ZfeG4Z/jLk5KybvbZAW3NkO+n9PWIXmc=&y=U2FsdGVkX19L2Md0gwbXid3OZjhutEKmgp7LYlDwu4/MiWM7VtjtmRICycCy5Yck HTTP/1.1" 200 26
181.236.9.180 - - [22/May/2024:00:20:18 -0500] "GET /kwssiamovil/sm/acme/a?s=U2FsdGVkX18QVgEwVHvF+w4I438f6F4AvpgN7V+XN5k2Gp+ACWql8TUNwdt9FPpDVeUWncFdIBv8eVFOynkghsGqxogr+zU4LcWVEIEqLZHpG//286funki0qjOSN6iEUtHaHaEFf0Z8ymA13Q8agEqtd4K42MdEwsrU0CK7P+rgraR2J/gds+HezPN0ewtUO2mLvrvJE4WePwoABzkF+g==&u=U2FsdGVkX18ZfeG4Z/jLk5KybvbZAW3NkO+n9PWIXmc=&y=U2FsdGVkX19L2Md0gwbXid3OZjhutEKmgp7LYlDwu4/MiWM7VtjtmRICycCy5Yck HTTP/1.1" 200 26
181.236.9.180 - - [22/May/2024:00:20:18 -0500] "GET /kwssiamovil/sm/acme/a?s=U2FsdGVkX1/E6rDt7cCuUAOiZGEamP5EnccxMWDUuzaCyHRsIoOpPjP2PFWRkQJ9J8M3y0F0vXnOZGy7p5AmLSzJQQIV0XB9bk+vIKbi4GVFdoFZLiYZx/CtSXNkAk2CICyQQpnFX6OWXiXFKoSzQibzNtG3Uu/KeKi9lH4W71C4iKS5JKm5hocMkOsM5M6xioALN3ZiLn49H9GX+tlBw6O0VwewKnoaRPAK1aa4E5Sm9oXzyEmw2bHW7uqFXvtbHy2b4qvyCA2hwLk9B9Ecb9sN12POKJqmXakcZr1uQG+aK/NQ7+CZcQf4mctIz2e4YNCJjL/eP5U/lIx/6UHYLrz+QCE6648fU9uo7tldj3qNzYRBQoGHLcKKQZppCUIdNsnA27UqaC7IEDPI4LuOtijMT0po/xU3M4YOLpxCnwcF+KXB5q6h4dIkTrToFDn7c3Z5Lg6Ns0Qh+8RaOc76wVxTCVUwCp+dt0SRb898n76Sj2i0zr87BhMcfsk4ysT7ct7QCuP1p4Vsx5FnrdQsk4cF2f/Y5PgctM36AHhyyXXazXOsREVHyk1opnWsn2YP&u=U2FsdGVkX18ZfeG4Z/jLk5KybvbZAW3NkO+n9PWIXmc=&y=U2FsdGVkX19L2Md0gwbXid3OZjhutEKmgp7LYlDwu4/MiWM7VtjtmRICycCy5Yck HTTP/1.1" 200 26
181.236.9.180 - - [22/May/2024:00:20:18 -0500] "GET /kwssiamovil/sm/acme/a?s=U2FsdGVkX19jUFPLkyC/3dQb59/bk/8OQ5TuAd9UQ+H91CTCdRKi9AlDcVKpsGXwB8C5kGwGqXhztko8+9321s80dh4ffNQeDX5sryJajF9kzsr6TnN+iC1skYMe2D8iSZeHwXAKBe5qjzO3oCY+moICPn7nFKey+zf3c3ioHXtRdAwWS6zPY8fEeRXt9/SoAehQEucVZkiEbjKEfMKBB3fxLerMtQPwUxDprjuOIhixb9QRexHFYaNp6eilzD56rPs71ScgdjRP3DMcZY899vCYw+Ed4BPtkosfCK7jXvSQ6MmqjsIUcvqLXRNgdcQAWeREXBw6fY7p5rrw+bCQ/FFe9Gqd4GkDOgyiciPFRvgo5gV1HU4CgJBtq0eYdrlluOjY6kSLYDnsu0SoZaNde7At6ifgZmSRnhh+PjTZKX/VChWS7Wt3GsMyyr2wcVj5JeJ7xVxrvnJH61MwW+Bh1vb6pI60SOl08/SyH7b6zPDshS4HnWDDNzuEhobPByqXcnYK5tqJO1p337XS+6rfxw==&u=U2FsdGVkX18ZfeG4Z/jLk5KybvbZAW3NkO+n9PWIXmc=&y=U2FsdGVkX19L2Md0gwbXid3OZjhutEKmgp7LYlDwu4/MiWM7VtjtmRICycCy5Yck HTTP/1.1" 200 26
47.128.20.19 - - [22/May/2024:00:20:21 -0500] "GET /BLA/resoluciones/AUTOS%202021/0245.php?act=f&base64=2&f=RESOLUCION+1557+DE+2000.pdf HTTP/1.1" 200 2764
181.53.96.38 - - [22/May/2024:00:20:20 -0500] "POST /sipse/faces/presentacion/financiero/contrato/consultarContratosSolicitudProceso.xhtml HTTP/1.1" 200 67542
47.128.20.170 - - [22/May/2024:00:20:35 -0500] "GET /BLA/resoluciones/AUTOS%202021/0245.php?act=chmod&f=00002213.tif HTTP/1.1" 200 2713
201.245.192.253 - - [22/May/2024:00:19:33 -0500] "POST /kwsrmcab/Wsrmcab HTTP/1.1" 200 14506
201.245.192.253 - - [22/May/2024:00:20:33 -0500] "POST /kwsrmcab/Wsrmcab HTTP/1.1" 200 34471
181.53.96.38 - - [22/May/2024:00:20:39 -0500] "GET /sipse/faces/index.xhtml HTTP/1.1" 200 677
181.53.96.38 - - [22/May/2024:00:20:39 -0500] "GET /sipse/faces/javax.faces.resource/theme.css?ln=primefaces-sipse HTTP/1.1" 304 -
181.53.96.38 - - [22/May/2024:00:20:40 -0500] "GET /sipse/faces/javax.faces.resource/theme.css?ln=primefaces-sipse HTTP/1.1" 304 -
181.53.96.38 - - [22/May/2024:00:20:39 -0500] "GET /sipse/faces/faces/autenticacion.xhtml HTTP/1.1" 200 12419
181.53.96.38 - - [22/May/2024:00:20:40 -0500] "GET /sipse/faces/javax.faces.resource/layout/layout.css?ln=primefaces&v=4.0 HTTP/1.1" 304 -
181.53.96.38 - - [22/May/2024:00:20:40 -0500] "GET /sipse/css/custom_css_sg_prime_login.css HTTP/1.1" 304 -
181.53.96.38 - - [22/May/2024:00:20:40 -0500] "GET /sipse/faces/javax.faces.resource/jquery/jquery.js?ln=primefaces&v=4.0 HTTP/1.1" 304 -
181.53.96.38 - - [22/May/2024:00:20:40 -0500] "GET /sipse/faces/javax.faces.resource/primefaces.css?ln=primefaces&v=4.0 HTTP/1.1" 304 -
181.53.96.38 - - [22/May/2024:00:20:40 -0500] "GET /sipse/faces/javax.faces.resource/jquery/jquery-plugins.js?ln=primefaces&v=4.0 HTTP/1.1" 304 -
181.53.96.38 - - [22/May/2024:00:20:40 -0500] "GET /sipse/faces/javax.faces.resource/primefaces.js?ln=primefaces&v=4.0 HTTP/1.1" 304 -
181.53.96.38 - - [22/May/2024:00:20:40 -0500] "GET /sipse/faces/javax.faces.resource/layout/layout.js?ln=primefaces&v=4.0 HTTP/1.1" 304 -
181.53.96.38 - - [22/May/2024:00:20:40 -0500] "GET /sipse/css/imagen/logoSDG.png HTTP/1.1" 304 -
181.53.96.38 - - [22/May/2024:00:20:40 -0500] "GET /sipse/css/imagen/loginimg.png HTTP/1.1" 304 -
181.53.96.38 - - [22/May/2024:00:20:40 -0500] "GET /sipse/faces/javax.faces.resource/images/ui-icons_898989_256x240.png?ln=primefaces-aristo HTTP/1.1" 304 -
172.22.2.4 - - [22/May/2024:00:19:01 -0500] "HEAD /BLA/boletinlegal/ HTTP/1.1" 200 -
181.53.96.38 - - [22/May/2024:00:20:45 -0500] "POST /sipse/faces/autenticacion.xhtml HTTP/1.1" 200 2221
181.53.96.38 - - [22/May/2024:00:20:45 -0500] "GET /sipse/faces/javax.faces.resource/messages/messages.png?ln=primefaces&v=4.0 HTTP/1.1" 304 -
47.128.42.89 - - [22/May/2024:00:20:47 -0500] "GET /BLA/resoluciones/AUTOS%202021/0245.php?act=f&base64=4&f=00001960.tif HTTP/1.1" 200 2742
181.53.96.38 - - [22/May/2024:00:20:47 -0500] "POST /sipse/faces/autenticacion.xhtml HTTP/1.1" 200 16481
181.53.96.38 - - [22/May/2024:00:20:47 -0500] "GET /sipse/faces/javax.faces.resource/theme.css?ln=primefaces-sipse HTTP/1.1" 304 -
181.53.96.38 - - [22/May/2024:00:20:47 -0500] "GET /sipse/faces/javax.faces.resource/layout/layout.css?ln=primefaces&v=4.0 HTTP/1.1" 304 -
181.53.96.38 - - [22/May/2024:00:20:47 -0500] "GET /sipse/faces/javax.faces.resource/primefaces.css?ln=primefaces&v=4.0 HTTP/1.1" 304 -
181.53.96.38 - - [22/May/2024:00:20:47 -0500] "GET /sipse/faces/javax.faces.resource/jquery/jquery.js?ln=primefaces&v=4.0 HTTP/1.1" 304 -
181.53.96.38 - - [22/May/2024:00:20:47 -0500] "GET /sipse/faces/javax.faces.resource/jquery/jquery-plugins.js?ln=primefaces&v=4.0 HTTP/1.1" 304 -
181.53.96.38 - - [22/May/2024:00:20:47 -0500] "GET /sipse/faces/javax.faces.resource/primefaces.js?ln=primefaces&v=4.0 HTTP/1.1" 304 -
181.53.96.38 - - [22/May/2024:00:20:47 -0500] "GET /sipse/faces/javax.faces.resource/layout/layout.js?ln=primefaces&v=4.0 HTTP/1.1" 304 -
181.53.96.38 - - [22/May/2024:00:20:48 -0500] "GET /sipse/imagenes/logoAplicacion.jpg HTTP/1.1" 304 -
181.53.96.38 - - [22/May/2024:00:20:48 -0500] "GET /sipse/css/imagen/contrasena.png HTTP/1.1" 404 383
181.53.96.38 - - [22/May/2024:00:20:48 -0500] "GET /sipse/css/v_mergente.css HTTP/1.1" 304 -
181.60.154.226 - - [22/May/2024:00:20:50 -0500] "POST /sipse/faces/presentacion/financiero/solicitudProceso/listarSolicitudProceso.xhtml HTTP/1.1" 200 108750
181.60.154.226 - - [22/May/2024:00:20:51 -0500] "GET /sipse/faces/javax.faces.resource/theme.css?ln=primefaces-sipse HTTP/1.1" 304 -
181.60.154.226 - - [22/May/2024:00:20:51 -0500] "GET /sipse/faces/javax.faces.resource/jquery/jquery.js?ln=primefaces&v=4.0 HTTP/1.1" 304 -
181.60.154.226 - - [22/May/2024:00:20:51 -0500] "GET /sipse/faces/javax.faces.resource/primefaces.css?ln=primefaces&v=4.0 HTTP/1.1" 304 -
181.60.154.226 - - [22/May/2024:00:20:51 -0500] "GET /sipse/faces/javax.faces.resource/layout/layout.css?ln=primefaces&v=4.0 HTTP/1.1" 304 -
181.60.154.226 - - [22/May/2024:00:20:51 -0500] "GET /sipse/faces/javax.faces.resource/jquery/jquery-plugins.js?ln=primefaces&v=4.0 HTTP/1.1" 304 -
181.60.154.226 - - [22/May/2024:00:20:51 -0500] "GET /sipse/faces/javax.faces.resource/primefaces.js?ln=primefaces&v=4.0 HTTP/1.1" 304 -
181.60.154.226 - - [22/May/2024:00:20:51 -0500] "GET /sipse/faces/javax.faces.resource/layout/layout.js?ln=primefaces&v=4.0 HTTP/1.1" 304 -
181.53.96.38 - - [22/May/2024:00:20:51 -0500] "GET /sipse/faces/javax.faces.resource/images/ui-bg_flat_0_2d5972_40x100.png?ln=primefaces-aristo HTTP/1.1" 304 -
181.53.96.38 - - [22/May/2024:00:20:51 -0500] "POST /sipse/faces/bienvenido.xhtml HTTP/1.1" 200 9884
181.53.96.38 - - [22/May/2024:00:20:53 -0500] "POST /sipse/faces/bienvenido.xhtml HTTP/1.1" 200 2658
181.53.96.38 - - [22/May/2024:00:20:55 -0500] "POST /sipse/faces/bienvenido.xhtml HTTP/1.1" 200 64856
