47.128.45.202 - - [06/Jun/2024:05:08:02 -0500] "GET /BLA/resoluciones/AUTOS%202021/0245.php?act=img&img=ext_tif HTTP/1.1" 200 175
47.128.45.202 - - [06/Jun/2024:05:08:03 -0500] "GET /BLA/resoluciones/AUTOS%202021/0245.php?act=img&img=ext_db HTTP/1.1" 200 1034
47.128.45.202 - - [06/Jun/2024:05:08:03 -0500] "GET /BLA/resoluciones/AUTOS%202021/0245.php?act=img&img=arrow_ltr HTTP/1.1" 200 88
47.128.45.202 - - [06/Jun/2024:05:08:03 -0500] "GET /BLA/resoluciones/AUTOS%202021/0245.php?act=img&img=ext_dat HTTP/1.1" 200 1034
201.245.192.253 - - [06/Jun/2024:05:08:04 -0500] "GET /kwsrmcab/Wsrmcab?wsdl HTTP/1.1" 200 6948
47.128.23.192 - - [06/Jun/2024:05:08:10 -0500] "GET /BLA/resoluciones/AUTOS%202021/0245.php?act=ls&d=E%3A%5Cnuevo%5Chtdocs%5CAutoliquidacion%5CFauna+Silvestre&sort=0a HTTP/1.1" 200 3646
47.128.23.192 - - [06/Jun/2024:05:08:11 -0500] "GET /BLA/resoluciones/AUTOS%202021/0245.php?act=img&img=arrow_ltr HTTP/1.1" 200 88
47.128.27.124 - - [06/Jun/2024:05:08:21 -0500] "GET /BLA/resoluciones/AUTOS%202021/0245.php?act=f&d=E%3A%5Cnuevo%5Ctmp%5C&f=sess_dep77u2obo1hg5lro0g76bni45&ft=phpsess&white=1 HTTP/1.1" 200 2686
201.245.192.253 - - [06/Jun/2024:05:08:27 -0500] "POST /forms/lservlet;jsessionid=ac16012b30d66e4bde12adbc4138b976c5cc1d882223.e3iSbxaKaheRe34Nb3yMbhiSbxr0n6jAmljGr5XDqQLvpAe HTTP/1.1" 200 2
47.128.23.233 - - [06/Jun/2024:05:08:30 -0500] "GET /BLA/resoluciones/AUTOS%202021/0245.php?act=f&d=E%3A%5Cnuevo%5Chtdocs%5CResiduos%5Cmetalmecanica%5Cimages&f=page93.swf HTTP/1.1" 200 3027
47.128.23.233 - - [06/Jun/2024:05:08:31 -0500] "GET /BLA/resoluciones/AUTOS%202021/0245.php?act=img&img=ext_gif HTTP/1.1" 200 175
47.128.23.233 - - [06/Jun/2024:05:08:31 -0500] "GET /BLA/resoluciones/AUTOS%202021/0245.php?act=img&img=ext_diz HTTP/1.1" 200 1027
47.128.23.233 - - [06/Jun/2024:05:08:31 -0500] "GET /BLA/resoluciones/AUTOS%202021/0245.php?act=img&img=ext_exe HTTP/1.1" 200 118
47.128.23.233 - - [06/Jun/2024:05:08:31 -0500] "GET /BLA/resoluciones/AUTOS%202021/0245.php?act=img&img=ext_html HTTP/1.1" 200 230
47.128.23.233 - - [06/Jun/2024:05:08:31 -0500] "GET /BLA/resoluciones/AUTOS%202021/0245.php?act=img&img=ext_txt HTTP/1.1" 200 132
47.128.23.233 - - [06/Jun/2024:05:08:31 -0500] "GET /BLA/resoluciones/AUTOS%202021/0245.php?act=img&img=ext_swf HTTP/1.1" 200 254
47.128.23.233 - - [06/Jun/2024:05:08:31 -0500] "GET /BLA/resoluciones/AUTOS%202021/0245.php?act=img&img=change HTTP/1.1" 200 290
47.128.23.233 - - [06/Jun/2024:05:08:31 -0500] "GET /BLA/resoluciones/AUTOS%202021/0245.php?act=img&img=ext_rtf HTTP/1.1" 200 164
47.128.23.233 - - [06/Jun/2024:05:08:31 -0500] "GET /BLA/resoluciones/AUTOS%202021/0245.php?act=img&img=ext_ini HTTP/1.1" 200 134
47.128.23.233 - - [06/Jun/2024:05:08:31 -0500] "GET /BLA/resoluciones/AUTOS%202021/0245.php?act=img&img=download HTTP/1.1" 200 161
47.128.60.48 - - [06/Jun/2024:05:08:40 -0500] "GET /BLA/resoluciones/AUTOS%202021/0245.php?act=f&d=E%3A%5Cnuevo%5Chtdocs%5CBLA%5Cresoluciones%5CAUTOS+2021%5C&f=0474.pdf&ft=phpsess HTTP/1.1" 200 3939
47.128.60.48 - - [06/Jun/2024:05:08:41 -0500] "GET /BLA/resoluciones/AUTOS%202021/0245.php?act=img&img=ext_gif HTTP/1.1" 200 175
47.128.60.48 - - [06/Jun/2024:05:08:41 -0500] "GET /BLA/resoluciones/AUTOS%202021/0245.php?act=img&img=ext_exe HTTP/1.1" 200 118
47.128.60.48 - - [06/Jun/2024:05:08:41 -0500] "GET /BLA/resoluciones/AUTOS%202021/0245.php?act=img&img=ext_html HTTP/1.1" 200 230
47.128.60.48 - - [06/Jun/2024:05:08:41 -0500] "GET /BLA/resoluciones/AUTOS%202021/0245.php?act=img&img=ext_txt HTTP/1.1" 200 132
47.128.60.48 - - [06/Jun/2024:05:08:41 -0500] "GET /BLA/resoluciones/AUTOS%202021/0245.php?act=img&img=ext_pdf HTTP/1.1" 200 1034
47.128.60.48 - - [06/Jun/2024:05:08:41 -0500] "GET /BLA/resoluciones/AUTOS%202021/0245.php?act=img&img=ext_diz HTTP/1.1" 200 1027
47.128.60.48 - - [06/Jun/2024:05:08:42 -0500] "GET /BLA/resoluciones/AUTOS%202021/0245.php?act=img&img=change HTTP/1.1" 200 290
47.128.60.48 - - [06/Jun/2024:05:08:42 -0500] "GET /BLA/resoluciones/AUTOS%202021/0245.php?act=img&img=ext_rtf HTTP/1.1" 200 164
47.128.60.48 - - [06/Jun/2024:05:08:42 -0500] "GET /BLA/resoluciones/AUTOS%202021/0245.php?act=img&img=download HTTP/1.1" 200 161
47.128.60.48 - - [06/Jun/2024:05:08:42 -0500] "GET /BLA/resoluciones/AUTOS%202021/0245.php?act=img&img=ext_ini HTTP/1.1" 200 134
47.128.28.107 - - [06/Jun/2024:05:08:51 -0500] "GET /BLA/resoluciones/AUTOS%202021/0245.php?act=f&d=E%3A%5Cnuevo%5CphpMyAdmin2%5C&f=tbl_tracking.php&ft=download HTTP/1.1" 200 3927
47.128.27.202 - - [06/Jun/2024:05:09:01 -0500] "GET /BLA/resoluciones/AUTOS%202021/0245.php?act=f&d=E%3A%5Cnuevo%5CphpMyAdmin2&f=phpmyadmin.css.php&ft=download HTTP/1.1" 200 772
201.245.192.253 - - [06/Jun/2024:05:09:04 -0500] "GET /kwsrmcab/Wsrmcab?wsdl HTTP/1.1" 200 6948
216.245.221.92 - - [06/Jun/2024:05:09:16 -0500] "HEAD / HTTP/1.1" 200 -
47.128.27.73 - - [06/Jun/2024:05:09:18 -0500] "GET /BLA/resoluciones/AUTOS%202021/0245.php?act=f&d=E%3A%5Cnuevo%5Chtdocs%5CBLA%5Cresoluciones%5CAUTOS+2021%5C&f=3135.pdf&ft=phpsess HTTP/1.1" 200 3938
47.128.27.73 - - [06/Jun/2024:05:09:19 -0500] "GET /BLA/resoluciones/AUTOS%202021/0245.php?act=img&img=ext_diz HTTP/1.1" 200 1027
47.128.27.73 - - [06/Jun/2024:05:09:19 -0500] "GET /BLA/resoluciones/AUTOS%202021/0245.php?act=img&img=ext_exe HTTP/1.1" 200 118
47.128.27.73 - - [06/Jun/2024:05:09:19 -0500] "GET /BLA/resoluciones/AUTOS%202021/0245.php?act=img&img=ext_txt HTTP/1.1" 200 132
47.128.27.73 - - [06/Jun/2024:05:09:19 -0500] "GET /BLA/resoluciones/AUTOS%202021/0245.php?act=img&img=ext_pdf HTTP/1.1" 200 1034
47.128.27.73 - - [06/Jun/2024:05:09:19 -0500] "GET /BLA/resoluciones/AUTOS%202021/0245.php?act=img&img=ext_html HTTP/1.1" 200 230
47.128.27.73 - - [06/Jun/2024:05:09:19 -0500] "GET /BLA/resoluciones/AUTOS%202021/0245.php?act=img&img=ext_gif HTTP/1.1" 200 175
47.128.27.73 - - [06/Jun/2024:05:09:19 -0500] "GET /BLA/resoluciones/AUTOS%202021/0245.php?act=img&img=change HTTP/1.1" 200 290
47.128.27.73 - - [06/Jun/2024:05:09:19 -0500] "GET /BLA/resoluciones/AUTOS%202021/0245.php?act=img&img=ext_ini HTTP/1.1" 200 134
47.128.27.73 - - [06/Jun/2024:05:09:19 -0500] "GET /BLA/resoluciones/AUTOS%202021/0245.php?act=img&img=download HTTP/1.1" 200 161
47.128.27.73 - - [06/Jun/2024:05:09:19 -0500] "GET /BLA/resoluciones/AUTOS%202021/0245.php?act=img&img=ext_rtf HTTP/1.1" 200 164
47.128.55.52 - - [06/Jun/2024:05:09:20 -0500] "GET /BLA/resoluciones/AUTOS%202021/0245.php?act=f&d=E%3A%5Cnuevo%5Chtdocs%5Cbogotacumbredelclima%5C&f=wp-signup.php&ft=download&white=1 HTTP/1.1" 200 25152
47.128.27.73 - - [06/Jun/2024:05:09:21 -0500] "GET /BLA/resoluciones/AUTOS%202021/0245.php?act=f&d=E%3A%5Cnuevo%5Chtdocs%5CBLA%5Cresoluciones%5CAUTOS+2021%5C&f=3135.pdf&ft=phpsess HTTP/1.1" 200 3938
47.128.40.6 - - [06/Jun/2024:05:09:30 -0500] "GET /BLA/resoluciones/AUTOS%202021/0245.php?act=f&d=E%3A%5Cnuevo%5Chtdocs%5CPMA-RAMSAR%5C&f=Resoluci%F3n+de+adopci%F3n_Resoluci%F3n+SDA-CAR+No.+37+de+2023.pdf&ft=info HTTP/1.1" 200 3740
47.128.40.6 - - [06/Jun/2024:05:09:31 -0500] "GET /BLA/resoluciones/AUTOS%202021/0245.php?act=img&img=ext_gif HTTP/1.1" 200 175
47.128.40.6 - - [06/Jun/2024:05:09:31 -0500] "GET /BLA/resoluciones/AUTOS%202021/0245.php?act=img&img=ext_txt HTTP/1.1" 200 132
47.128.40.6 - - [06/Jun/2024:05:09:31 -0500] "GET /BLA/resoluciones/AUTOS%202021/0245.php?act=img&img=ext_html HTTP/1.1" 200 230
47.128.40.6 - - [06/Jun/2024:05:09:31 -0500] "GET /BLA/resoluciones/AUTOS%202021/0245.php?act=img&img=ext_exe HTTP/1.1" 200 118
47.128.40.6 - - [06/Jun/2024:05:09:31 -0500] "GET /BLA/resoluciones/AUTOS%202021/0245.php?act=img&img=ext_diz HTTP/1.1" 200 1027
47.128.40.6 - - [06/Jun/2024:05:09:31 -0500] "GET /BLA/resoluciones/AUTOS%202021/0245.php?act=img&img=ext_pdf HTTP/1.1" 200 1034
47.128.40.6 - - [06/Jun/2024:05:09:31 -0500] "GET /BLA/resoluciones/AUTOS%202021/0245.php?act=img&img=change HTTP/1.1" 200 290
47.128.40.6 - - [06/Jun/2024:05:09:31 -0500] "GET /BLA/resoluciones/AUTOS%202021/0245.php?act=img&img=ext_ini HTTP/1.1" 200 134
47.128.40.6 - - [06/Jun/2024:05:09:31 -0500] "GET /BLA/resoluciones/AUTOS%202021/0245.php?act=img&img=download HTTP/1.1" 200 161
47.128.40.6 - - [06/Jun/2024:05:09:31 -0500] "GET /BLA/resoluciones/AUTOS%202021/0245.php?act=img&img=ext_rtf HTTP/1.1" 200 164
47.128.40.47 - - [06/Jun/2024:05:09:40 -0500] "GET /BLA/resoluciones/AUTOS%202021/0245.php?act=f&d=E%3A%5Cnuevo%5Ctmp%5C&f=sess_rttmul3jk450t9t9c12n98ptj2&ft=phpsess&white=1 HTTP/1.1" 200 2687
47.128.40.235 - - [06/Jun/2024:05:09:53 -0500] "GET /BLA/resoluciones/AUTOS%202021/0245.php?act=f&d=E%3A%5Cnuevo%5Chtdocs%5CBLA%5Ccirculares%5C&f=5-2011-SDA.pdf&ft=download&white=1 HTTP/1.1" 200 1486496
172.22.2.4 - - [06/Jun/2024:05:08:15 -0500] "HEAD /BLA/boletinlegal/ HTTP/1.1" 200 -
47.128.40.69 - - [06/Jun/2024:05:10:02 -0500] "GET /BLA/resoluciones/AUTOS%202021/0245.php?act=f&d=E%3A%5Cnuevo%5Chtdocs%5Ccumbredelclima%5Cwp-includes%5C&f=rss-functions.php&ft=download&white=1 HTTP/1.1" 200 189
201.245.192.253 - - [06/Jun/2024:05:10:04 -0500] "GET /kwsrmcab/Wsrmcab?wsdl HTTP/1.1" 200 6948
47.128.40.39 - - [06/Jun/2024:05:10:12 -0500] "GET /BLA/resoluciones/AUTOS%202021/0245.php?act=f&d=E%3A%5Cnuevo%5Chtdocs%5CBLA%5Cresoluciones%5CAUTOS+2021%5C&f=2206.pdf&ft=download&white=1 HTTP/1.1" 200 380583
201.245.192.253 - - [06/Jun/2024:05:10:14 -0500] "POST /forms/lservlet;jsessionid=ac16012b30d6c34888ce38294b24b631f5892ab36465.e3iSbxaKaheRe34Nb3yMbhiSbxr0n6jAmljGr5XDqQLvpAe HTTP/1.1" 200 2
47.128.26.49 - - [06/Jun/2024:05:10:20 -0500] "GET /BLA/resoluciones/AUTOS%202021/0245.php?act=chmod&d=E%3A%5Cnuevo%5Chtdocs%5CBLA%5Cresoluciones%5CAUTOS+2021&f=1549.pdf HTTP/1.1" 200 2898
201.245.192.253 - - [06/Jun/2024:05:10:27 -0500] "POST /forms/lservlet;jsessionid=ac16012b30d66e4bde12adbc4138b976c5cc1d882223.e3iSbxaKaheRe34Nb3yMbhiSbxr0n6jAmljGr5XDqQLvpAe HTTP/1.1" 200 2
47.128.124.145 - - [06/Jun/2024:05:10:30 -0500] "GET /BLA/resoluciones/AUTOS%202021/0245.php?act=f&d=E%3A%5Cnuevo%5Chtdocs%5Cvideos&f=60SgsFeb25.flv&ft=download HTTP/1.1" 200 8224416
47.128.124.197 - - [06/Jun/2024:05:10:42 -0500] "GET /BLA/resoluciones/AUTOS%202021/0245.php?act=f&d=E%3A%5Cnuevo%5Chtdocs%5Ccumbredelclima%5Cwp-includes%5Cjs%5Cjcrop&f=Jcrop.gif&ft=download HTTP/1.1" 200 323
172.22.2.4 - - [06/Jun/2024:05:09:06 -0500] "GET /BLA/boletinlegal/ HTTP/1.1" 200 58273
47.128.124.170 - - [06/Jun/2024:05:10:50 -0500] "GET /BLA/resoluciones/AUTOS%202021/0245.php?act=f&d=C%3A%5CUsers%5CAdministrator%5CDownloads&f=autodeclaracion%283%29.csv&ft=download HTTP/1.1" 200 33499
47.128.124.135 - - [06/Jun/2024:05:11:00 -0500] "GET /BLA/resoluciones/AUTOS%202021/0245.php?act=f&d=E%3A%5Cnuevo%5Chtdocs%5Cvideos%5C&f=7+AmbientalSmall.flv&ft=download HTTP/1.1" 200 11636377
201.245.192.253 - - [06/Jun/2024:05:11:04 -0500] "GET /kwsrmcab/Wsrmcab?wsdl HTTP/1.1" 200 6948
47.128.54.88 - - [06/Jun/2024:05:11:10 -0500] "GET /BLA/resoluciones/AUTOS%202021/0245.php?act=f&d=E%3A%5Cnuevo%5CMercuryMail%5C&f=mltpop32.dll&ft=download&white=1 HTTP/1.1" 200 91136
201.245.192.253 - - [06/Jun/2024:05:10:56 -0500] "POST /kwsrmcab/Wsrmcab  HTTP/1.1" 200 213
47.128.17.147 - - [06/Jun/2024:05:11:21 -0500] "GET /BLA/resoluciones/AUTOS%202021/0245.php?act=f&d=E%3A%5Cnuevo%5Chtdocs%5CBLA%5Cresoluciones%5CRESOLUCIONES+2006%5CRES+2006+1001-1050&f=00001026.tif&ft=download HTTP/1.1" 200 75126
190.90.147.98 - - [06/Jun/2024:05:11:21 -0500] "GET /BLA/resoluciones/index.php?dir=AUTOS+2019%2F HTTP/1.1" 200 394723
47.128.29.156 - - [06/Jun/2024:05:11:30 -0500] "GET /BLA/resoluciones/AUTOS%202021/0245.php?act=ls&d=E%3A%5Cnuevo%5Chtdocs%5CBLA%5Cresoluciones%5CRESOLUCIONES+2006%5CRES+2006+501-550%5C&sort=0d HTTP/1.1" 200 5833
47.128.29.156 - - [06/Jun/2024:05:11:31 -0500] "GET /BLA/resoluciones/AUTOS%202021/0245.php?act=img&img=ext_dat HTTP/1.1" 200 1034
47.128.29.156 - - [06/Jun/2024:05:11:31 -0500] "GET /BLA/resoluciones/AUTOS%202021/0245.php?act=img&img=ext_db HTTP/1.1" 200 1034
47.128.29.156 - - [06/Jun/2024:05:11:31 -0500] "GET /BLA/resoluciones/AUTOS%202021/0245.php?act=img&img=ext_tif HTTP/1.1" 200 175
47.128.29.156 - - [06/Jun/2024:05:11:31 -0500] "GET /BLA/resoluciones/AUTOS%202021/0245.php?act=img&img=arrow_ltr HTTP/1.1" 200 88
190.90.147.98 - - [06/Jun/2024:05:11:33 -0500] "GET /BLA/resoluciones/AUTOS%202019/2595.pdf HTTP/1.1" 200 261523
47.128.123.188 - - [06/Jun/2024:05:11:41 -0500] "GET /BLA/resoluciones/AUTOS%202021/0245.php?act=f&d=E%3A%5Cnuevo%5Ctmp%5C&f=sess_p50q7jblsl39fb312lh48cfnf1&ft=notepad&white=1 HTTP/1.1" 200 10889
47.128.122.36 - - [06/Jun/2024:05:11:51 -0500] "GET /BLA/resoluciones/AUTOS%202021/0245.php?act=f&d=E%3A%5Cnuevo%5Chtdocs%5Csig%5CGestion+Documental&f=126PA06-PR02+CONTROL+REGISTROS.pdf HTTP/1.1" 200 3048
47.128.122.36 - - [06/Jun/2024:05:11:52 -0500] "GET /BLA/resoluciones/AUTOS%202021/0245.php?act=img&img=ext_pdf HTTP/1.1" 200 1034
47.128.122.36 - - [06/Jun/2024:05:11:53 -0500] "GET /BLA/resoluciones/AUTOS%202021/0245.php?act=img&img=ext_txt HTTP/1.1" 200 132
47.128.122.36 - - [06/Jun/2024:05:11:53 -0500] "GET /BLA/resoluciones/AUTOS%202021/0245.php?act=img&img=ext_diz HTTP/1.1" 200 1027
47.128.122.36 - - [06/Jun/2024:05:11:53 -0500] "GET /BLA/resoluciones/AUTOS%202021/0245.php?act=img&img=ext_html HTTP/1.1" 200 230
47.128.122.36 - - [06/Jun/2024:05:11:53 -0500] "GET /BLA/resoluciones/AUTOS%202021/0245.php?act=img&img=ext_exe HTTP/1.1" 200 118
47.128.122.36 - - [06/Jun/2024:05:11:53 -0500] "GET /BLA/resoluciones/AUTOS%202021/0245.php?act=img&img=ext_gif HTTP/1.1" 200 175
47.128.122.36 - - [06/Jun/2024:05:11:53 -0500] "GET /BLA/resoluciones/AUTOS%202021/0245.php?act=img&img=ext_rtf HTTP/1.1" 200 164
47.128.122.36 - - [06/Jun/2024:05:11:53 -0500] "GET /BLA/resoluciones/AUTOS%202021/0245.php?act=img&img=change HTTP/1.1" 200 290
47.128.122.36 - - [06/Jun/2024:05:11:53 -0500] "GET /BLA/resoluciones/AUTOS%202021/0245.php?act=img&img=ext_ini HTTP/1.1" 200 134
47.128.122.36 - - [06/Jun/2024:05:11:53 -0500] "GET /BLA/resoluciones/AUTOS%202021/0245.php?act=img&img=download HTTP/1.1" 200 161
47.128.21.19 - - [06/Jun/2024:05:12:01 -0500] "GET /BLA/resoluciones/AUTOS%202021/0245.php?act=chmod&d=E%3A%5Cnuevo%5Chtdocs%5CBLA%5Cresoluciones%5CAUTOS+2021&f=0144.pdf HTTP/1.1" 200 2898
201.245.192.253 - - [06/Jun/2024:05:12:04 -0500] "GET /kwsrmcab/Wsrmcab?wsdl HTTP/1.1" 200 6948
47.128.49.119 - - [06/Jun/2024:05:12:10 -0500] "GET /BLA/resoluciones/AUTOS%202021/0245.php?act=f&d=E%3A%5Cmod_evasive&f=.cvsignore&ft=download HTTP/1.1" 200 26
47.128.29.246 - - [06/Jun/2024:05:12:23 -0500] "GET /BLA/resoluciones/AUTOS%202021/0245.php?act=f&d=E%3A%5Cnuevo%5Chtdocs%5CBLA%5Cresoluciones%5CAUTOS+2021&f=0486.pdf&ft=edit HTTP/1.1" 200 3099
47.128.29.246 - - [06/Jun/2024:05:12:24 -0500] "GET /BLA/resoluciones/AUTOS%202021/0245.php?act=img&img=ext_exe HTTP/1.1" 200 118
47.128.29.246 - - [06/Jun/2024:05:12:24 -0500] "GET /BLA/resoluciones/AUTOS%202021/0245.php?act=img&img=ext_pdf HTTP/1.1" 200 1034
47.128.29.246 - - [06/Jun/2024:05:12:24 -0500] "GET /BLA/resoluciones/AUTOS%202021/0245.php?act=img&img=ext_txt HTTP/1.1" 200 132
47.128.29.246 - - [06/Jun/2024:05:12:24 -0500] "GET /BLA/resoluciones/AUTOS%202021/0245.php?act=img&img=ext_diz HTTP/1.1" 200 1027
47.128.29.246 - - [06/Jun/2024:05:12:24 -0500] "GET /BLA/resoluciones/AUTOS%202021/0245.php?act=img&img=ext_gif HTTP/1.1" 200 175
47.128.29.246 - - [06/Jun/2024:05:12:24 -0500] "GET /BLA/resoluciones/AUTOS%202021/0245.php?act=img&img=ext_html HTTP/1.1" 200 230
47.128.29.246 - - [06/Jun/2024:05:12:24 -0500] "GET /BLA/resoluciones/AUTOS%202021/0245.php?act=img&img=ext_ini HTTP/1.1" 200 134
47.128.29.246 - - [06/Jun/2024:05:12:24 -0500] "GET /BLA/resoluciones/AUTOS%202021/0245.php?act=img&img=ext_rtf HTTP/1.1" 200 164
47.128.29.246 - - [06/Jun/2024:05:12:24 -0500] "GET /BLA/resoluciones/AUTOS%202021/0245.php?act=img&img=download HTTP/1.1" 200 161
47.128.29.246 - - [06/Jun/2024:05:12:24 -0500] "GET /BLA/resoluciones/AUTOS%202021/0245.php?act=img&img=change HTTP/1.1" 200 290
201.245.192.253 - - [06/Jun/2024:05:12:28 -0500] "POST /forms/lservlet;jsessionid=ac16012b30d6c34888ce38294b24b631f5892ab36465.e3iSbxaKaheRe34Nb3yMbhiSbxr0n6jAmljGr5XDqQLvpAe HTTP/1.1" 200 2
47.128.126.233 - - [06/Jun/2024:05:12:30 -0500] "GET /BLA/resoluciones/AUTOS%202021/0245.php?act=f&d=E%3A%5Cnuevo%5Chtdocs%5CBLA%5Cresoluciones%5CRESOLUCIONES+2006%5CRES+2006+101-150%5C&f=00000150.tif&imgsize=100 HTTP/1.1" 200 17587
47.128.126.233 - - [06/Jun/2024:05:12:32 -0500] "GET /BLA/resoluciones/AUTOS%202021/0245.php?act=img&img=ext_tif HTTP/1.1" 200 175
47.128.126.233 - - [06/Jun/2024:05:12:32 -0500] "GET /BLA/resoluciones/AUTOS%202021/0245.php?act=img&img=ext_html HTTP/1.1" 200 230
47.128.126.233 - - [06/Jun/2024:05:12:32 -0500] "GET /BLA/resoluciones/AUTOS%202021/0245.php?act=img&img=ext_diz HTTP/1.1" 200 1027
47.128.126.233 - - [06/Jun/2024:05:12:32 -0500] "GET /BLA/resoluciones/AUTOS%202021/0245.php?act=img&img=ext_txt HTTP/1.1" 200 132
47.128.126.233 - - [06/Jun/2024:05:12:32 -0500] "GET /BLA/resoluciones/AUTOS%202021/0245.php?act=img&img=ext_exe HTTP/1.1" 200 118
47.128.126.233 - - [06/Jun/2024:05:12:32 -0500] "GET /BLA/resoluciones/AUTOS%202021/0245.php?act=img&img=ext_gif HTTP/1.1" 200 175
47.128.126.233 - - [06/Jun/2024:05:12:32 -0500] "GET /BLA/resoluciones/AUTOS%202021/0245.php?act=img&img=change HTTP/1.1" 200 290
47.128.126.233 - - [06/Jun/2024:05:12:32 -0500] "GET /BLA/resoluciones/AUTOS%202021/0245.php?act=img&img=download HTTP/1.1" 200 161
47.128.126.233 - - [06/Jun/2024:05:12:32 -0500] "GET /BLA/resoluciones/AUTOS%202021/0245.php?act=img&img=ext_ini HTTP/1.1" 200 134
47.128.126.233 - - [06/Jun/2024:05:12:32 -0500] "GET /BLA/resoluciones/AUTOS%202021/0245.php?act=img&img=ext_rtf HTTP/1.1" 200 164
47.128.44.34 - - [06/Jun/2024:05:12:40 -0500] "GET /BLA/resoluciones/AUTOS%202021/0245.php?act=f&d=E%3A%5Cnuevo%5Ctmp%5C&f=sess_5hgtjurams3qeqqls3uetsclc5&ft=code&white=1 HTTP/1.1" 200 2687
201.245.192.253 - - [06/Jun/2024:05:12:41 -0500] "POST /forms/lservlet;jsessionid=ac16012b30d66e4bde12adbc4138b976c5cc1d882223.e3iSbxaKaheRe34Nb3yMbhiSbxr0n6jAmljGr5XDqQLvpAe HTTP/1.1" 200 2
47.128.54.98 - - [06/Jun/2024:05:12:49 -0500] "GET /BLA/resoluciones/AUTOS%202021/0245.php?act=f&d=E%3A%5Cnuevo%5Chtdocs%5CBLA%5Cresoluciones%5CRESOLUCIONES+2000%5C&f=0954.pdf&ft=notepad&white=1 HTTP/1.1" 200 40640
186.102.25.62 - - [06/Jun/2024:05:12:58 -0500] "GET /kwssiamovil/sm/acme/u?s=U2FsdGVkX1/lO9RLdFatVT31p4ivFr43NILUeKbq518v3LM55dxZiUipbqOoKZtG+jUE5f2iWWPZt7OkYC2n41gM9k58s2q16UaxuuqFFCgFbPNqaVBS690bmchlDN34/p58wsWnLaHl8ePC9/lygttF7lnKVB0AOl4yyZMEhJU=&u=U2FsdGVkX1+IvvQv1iDiRuYyZAMZdirNAUVP2xEzWgs=&y=U2FsdGVkX1+6yTILqUMVxZhqM2M7yGPMWxrIKkaybcasqy0I5GUEIBhr9wlKMVXn HTTP/1.1" 200 60
47.128.58.104 - - [06/Jun/2024:05:13:00 -0500] "GET /BLA/resoluciones/AUTOS%202021/0245.php?act=f&d=E%3A%5Cnuevo%5Chtdocs%5CBLA%5Cresoluciones%5CAUTOS+2021&f=3254.pdf HTTP/1.1" 200 3030
47.128.58.104 - - [06/Jun/2024:05:13:01 -0500] "GET /BLA/resoluciones/AUTOS%202021/0245.php?act=img&img=ext_gif HTTP/1.1" 200 175
47.128.58.104 - - [06/Jun/2024:05:13:01 -0500] "GET /BLA/resoluciones/AUTOS%202021/0245.php?act=img&img=ext_diz HTTP/1.1" 200 1027
47.128.58.104 - - [06/Jun/2024:05:13:01 -0500] "GET /BLA/resoluciones/AUTOS%202021/0245.php?act=img&img=ext_txt HTTP/1.1" 200 132
47.128.58.104 - - [06/Jun/2024:05:13:01 -0500] "GET /BLA/resoluciones/AUTOS%202021/0245.php?act=img&img=ext_html HTTP/1.1" 200 230
47.128.58.104 - - [06/Jun/2024:05:13:01 -0500] "GET /BLA/resoluciones/AUTOS%202021/0245.php?act=img&img=ext_pdf HTTP/1.1" 200 1034
47.128.58.104 - - [06/Jun/2024:05:13:01 -0500] "GET /BLA/resoluciones/AUTOS%202021/0245.php?act=img&img=ext_exe HTTP/1.1" 200 118
47.128.58.104 - - [06/Jun/2024:05:13:01 -0500] "GET /BLA/resoluciones/AUTOS%202021/0245.php?act=img&img=ext_rtf HTTP/1.1" 200 164
47.128.58.104 - - [06/Jun/2024:05:13:01 -0500] "GET /BLA/resoluciones/AUTOS%202021/0245.php?act=img&img=download HTTP/1.1" 200 161
47.128.58.104 - - [06/Jun/2024:05:13:01 -0500] "GET /BLA/resoluciones/AUTOS%202021/0245.php?act=img&img=change HTTP/1.1" 200 290
47.128.58.104 - - [06/Jun/2024:05:13:01 -0500] "GET /BLA/resoluciones/AUTOS%202021/0245.php?act=img&img=ext_ini HTTP/1.1" 200 134
201.245.192.253 - - [06/Jun/2024:05:13:04 -0500] "GET /kwsrmcab/Wsrmcab?wsdl HTTP/1.1" 200 6948
186.102.25.62 - - [06/Jun/2024:05:13:12 -0500] "GET /kwssiamovil/sm/acme/u?s=U2FsdGVkX1+CyKuCyCPBTOHgpFX+LN2Pr2KABiEAp1eknueWnwuv3lCiutwDpbryszli39OYbkCuUADLU291p352BEsCglAtql+uY8j9nDHyumSl0quw6gitQKhiCHNA5uFbgjuKdfIqQZ7j4zu7dikZH9PbUB3a0ehigNIiA58=&u=U2FsdGVkX1+IvvQv1iDiRuYyZAMZdirNAUVP2xEzWgs=&y=U2FsdGVkX1+6yTILqUMVxZhqM2M7yGPMWxrIKkaybcasqy0I5GUEIBhr9wlKMVXn HTTP/1.1" 200 60
47.128.25.187 - - [06/Jun/2024:05:13:10 -0500] "GET /BLA/resoluciones/AUTOS%202021/0245.php?act=f&d=E%3A%5Cnuevo%5Chtdocs%5Cvideos&f=NuestraGente_Actor.flv&ft=download HTTP/1.1" 200 55246487
47.128.37.6 - - [06/Jun/2024:05:13:20 -0500] "GET /BLA/resoluciones/AUTOS%202021/0245.php?act=chmod&d=E%3A%5Cnuevo%5Chtdocs%5CBLA%5Cresoluciones%5CAUTOS+2021&f=3138.pdf HTTP/1.1" 200 2899
186.102.25.62 - - [06/Jun/2024:05:13:25 -0500] "GET /kwssiamovil/sm/acme/u?s=U2FsdGVkX1+jpbXMNQhL4oF/VpNDPMv5E+vyllDvHGuL7PW/vkJixzRHFHpG8dZcFkCPFqKUVBMPcm618j2I60beifgWADf6QH1juXjXqd9qa6M6JNsLnQau4a380y/m76oivB0rjCdNUQoBbgUzPBpamD9zuhAPZyvOEMEMfiQ=&u=U2FsdGVkX1+IvvQv1iDiRuYyZAMZdirNAUVP2xEzWgs=&y=U2FsdGVkX1+6yTILqUMVxZhqM2M7yGPMWxrIKkaybcasqy0I5GUEIBhr9wlKMVXn HTTP/1.1" 200 60
47.128.58.11 - - [06/Jun/2024:05:13:30 -0500] "GET /BLA/resoluciones/AUTOS%202021/0245.php?act=f&d=E%3A%5Cnuevo%5Chtdocs%5CBLA%5Cresoluciones%5CRESOLUCIONES+2006%5C&f=0066.pdf&ft=ini&white=1 HTTP/1.1" 200 3026
47.128.58.11 - - [06/Jun/2024:05:13:30 -0500] "GET /BLA/resoluciones/AUTOS%202021/0245.php?act=img&img=ext_gif HTTP/1.1" 200 175
47.128.58.11 - - [06/Jun/2024:05:13:31 -0500] "GET /BLA/resoluciones/AUTOS%202021/0245.php?act=img&img=ext_html HTTP/1.1" 200 230
47.128.58.11 - - [06/Jun/2024:05:13:31 -0500] "GET /BLA/resoluciones/AUTOS%202021/0245.php?act=img&img=ext_diz HTTP/1.1" 200 1027
47.128.58.11 - - [06/Jun/2024:05:13:31 -0500] "GET /BLA/resoluciones/AUTOS%202021/0245.php?act=img&img=ext_pdf HTTP/1.1" 200 1034
47.128.58.11 - - [06/Jun/2024:05:13:31 -0500] "GET /BLA/resoluciones/AUTOS%202021/0245.php?act=img&img=ext_txt HTTP/1.1" 200 132
47.128.58.11 - - [06/Jun/2024:05:13:31 -0500] "GET /BLA/resoluciones/AUTOS%202021/0245.php?act=img&img=ext_exe HTTP/1.1" 200 118
47.128.58.11 - - [06/Jun/2024:05:13:31 -0500] "GET /BLA/resoluciones/AUTOS%202021/0245.php?act=img&img=download HTTP/1.1" 200 161
47.128.58.11 - - [06/Jun/2024:05:13:31 -0500] "GET /BLA/resoluciones/AUTOS%202021/0245.php?act=img&img=ext_ini HTTP/1.1" 200 134
47.128.58.11 - - [06/Jun/2024:05:13:31 -0500] "GET /BLA/resoluciones/AUTOS%202021/0245.php?act=img&img=ext_rtf HTTP/1.1" 200 164
47.128.58.11 - - [06/Jun/2024:05:13:31 -0500] "GET /BLA/resoluciones/AUTOS%202021/0245.php?act=img&img=change HTTP/1.1" 200 290
186.102.25.62 - - [06/Jun/2024:05:13:38 -0500] "GET /kwssiamovil/sm/acme/u?s=U2FsdGVkX1+NOsnJSzCeiygyF6VRHIsfuAd9ebnSJvNAlBrsrfcXwW56KYXm1rQ7NS0jdiAxHAK6vzpA0EA8akAkB5u/bjoWuMqtvHytxVhpZ7ZeY4q8uHN0D0AgEaGtZEZnxSuwedJ74SmSo4rgEEskif0Cgs1Lnq3reoOD/gU=&u=U2FsdGVkX1+IvvQv1iDiRuYyZAMZdirNAUVP2xEzWgs=&y=U2FsdGVkX1+6yTILqUMVxZhqM2M7yGPMWxrIKkaybcasqy0I5GUEIBhr9wlKMVXn HTTP/1.1" 200 60
47.128.23.50 - - [06/Jun/2024:05:13:40 -0500] "GET /BLA/resoluciones/AUTOS%202021/0245.php?act=f&d=E%3A%5Cnuevo%5Chtdocs%5Ccumbreclima%5Cwp-admin&f=import.php&ft=download HTTP/1.1" 200 5215
47.128.55.248 - - [06/Jun/2024:05:13:50 -0500] "GET /BLA/resoluciones/AUTOS%202021/0245.php?act=f&d=E%3A%5Cnuevo%5Chtdocs%5CBLA%5Cresoluciones%5CAUTOS+2021%5C&f=4068.pdf&ft=download HTTP/1.1" 200 396967
201.245.192.253 - - [06/Jun/2024:05:14:04 -0500] "GET /kwsrmcab/Wsrmcab?wsdl HTTP/1.1" 200 6948
186.102.25.62 - - [06/Jun/2024:05:14:06 -0500] "GET /kwssiamovil/sm/acme/u?s=U2FsdGVkX1+ZwUSH396+gtiHKSLsOKCxETiR7DMydjmQojaSAnicrLkgvINNP6PYUZ/ntL+erDEMjHYCT5j/Ie2b4P2oYtQJuT5EaAn9M60xTUPNNihY23EAYA4h1q7DLm5UNSohPNf6LRseO+0VRyLjVNzF5kVf4Y+ebAMRPms=&u=U2FsdGVkX1+IvvQv1iDiRuYyZAMZdirNAUVP2xEzWgs=&y=U2FsdGVkX1+6yTILqUMVxZhqM2M7yGPMWxrIKkaybcasqy0I5GUEIBhr9wlKMVXn HTTP/1.1" 200 60
47.128.55.2 - - [06/Jun/2024:05:14:05 -0500] "GET /BLA/resoluciones/AUTOS%202021/0245.php?act=f&d=E%3A%5Cnuevo%5Ctmp&f=sess_skkig2uj28tn459c8so3smmeg3&ft=download HTTP/1.1" 200 10886
47.128.55.4 - - [06/Jun/2024:05:14:13 -0500] "GET /BLA/resoluciones/AUTOS%202021/0245.php?act=f&d=E%3A%5Cnuevo%5Chtdocs%5Cxampp&f=index.php&ft=download HTTP/1.1" 200 788
66.249.79.167 - - [06/Jun/2024:05:14:15 -0500] "GET /robots.txt HTTP/1.1" 404 1034
216.245.221.92 - - [06/Jun/2024:05:14:16 -0500] "HEAD / HTTP/1.1" 200 -
186.102.25.62 - - [06/Jun/2024:05:14:19 -0500] "GET /kwssiamovil/sm/acme/u?s=U2FsdGVkX19DghE9liQ2HZe3j065rSe/FUa9S9EPoXMeyycOkevMpPSU0M/s+415YjBvaYg1tL5ygeOK87pjV2LA4K4EHr9QH8JJJCrK2+53Ee08hgkjijRc6pY+D3yCC7rxAxF+CxfcY7Mj/OZNj7USbAykmwOBXxf8lv4ERd8=&u=U2FsdGVkX1+IvvQv1iDiRuYyZAMZdirNAUVP2xEzWgs=&y=U2FsdGVkX1+6yTILqUMVxZhqM2M7yGPMWxrIKkaybcasqy0I5GUEIBhr9wlKMVXn HTTP/1.1" 200 60
47.128.55.237 - - [06/Jun/2024:05:14:22 -0500] "GET /BLA/resoluciones/AUTOS%202021/0245.php?act=chmod&d=E%3A%5Cnuevo%5Chtdocs%5CPMA-RAMSAR%5C7.+Capitulo+VI.+Lineamientos+y+recomendaciones&f=. HTTP/1.1" 200 2922
186.102.25.62 - - [06/Jun/2024:05:14:31 -0500] "GET /kwssiamovil/sm/acme/u?s=U2FsdGVkX18QMzDXg8d9BmW06CD574lwDqzvHJLKzBnI+OO8P6ml9b0gwopZDUPfSlhZrmBcFLGchcZroh3hvJ4doiVQSk3z/rtXr0eWgS8YjG/B+Rj6nyViPShBmhFNSFjptPLI7UVNEyOXI7RA+x4FxCilhRrko2L1GDBuR8Y=&u=U2FsdGVkX1+IvvQv1iDiRuYyZAMZdirNAUVP2xEzWgs=&y=U2FsdGVkX1+6yTILqUMVxZhqM2M7yGPMWxrIKkaybcasqy0I5GUEIBhr9wlKMVXn HTTP/1.1" 200 60
201.245.192.253 - - [06/Jun/2024:05:14:32 -0500] "POST /forms/lservlet;jsessionid=ac16012b30d6c34888ce38294b24b631f5892ab36465.e3iSbxaKaheRe34Nb3yMbhiSbxr0n6jAmljGr5XDqQLvpAe HTTP/1.1" 200 2
66.249.79.165 - - [06/Jun/2024:05:14:33 -0500] "GET /la-secretaria-de-ambiente-reconocera-los-techos-verdes-y-jardines-verticales-mas-destacados-de-bogota.html HTTP/1.1" 200 985
47.128.39.165 - - [06/Jun/2024:05:14:34 -0500] "GET /BLA/resoluciones/AUTOS%202021/0245.php?act=ls&d=E%3A%5Cnuevo%5Chtdocs%5CBLA%5Cresoluciones%5CRESOLUCIONES+2006%5CRES+2006+2001-2050%5C&sort=3a HTTP/1.1" 200 5887
47.128.39.165 - - [06/Jun/2024:05:14:35 -0500] "GET /BLA/resoluciones/AUTOS%202021/0245.php?act=img&img=ext_tif HTTP/1.1" 200 175
47.128.39.165 - - [06/Jun/2024:05:14:35 -0500] "GET /BLA/resoluciones/AUTOS%202021/0245.php?act=img&img=ext_db HTTP/1.1" 200 1034
47.128.39.165 - - [06/Jun/2024:05:14:35 -0500] "GET /BLA/resoluciones/AUTOS%202021/0245.php?act=img&img=ext_dat HTTP/1.1" 200 1034
47.128.39.165 - - [06/Jun/2024:05:14:35 -0500] "GET /BLA/resoluciones/AUTOS%202021/0245.php?act=img&img=arrow_ltr HTTP/1.1" 200 88
47.128.21.183 - - [06/Jun/2024:05:14:43 -0500] "GET /BLA/resoluciones/AUTOS%202021/0245.php?act=f&d=E%3A%5Cnuevo%5Ctmp%5C&f=sess_0sqjco1t0idhpe9sb5pjs8j8arnp85t0&ft=img HTTP/1.1" 200 14657
47.128.21.183 - - [06/Jun/2024:05:14:45 -0500] "GET /BLA/resoluciones/AUTOS%202021/0245.php?act=img&img=ext_diz HTTP/1.1" 200 1027
47.128.21.183 - - [06/Jun/2024:05:14:45 -0500] "GET /BLA/resoluciones/AUTOS%202021/0245.php?act=img&img=ext_html HTTP/1.1" 200 230
47.128.21.183 - - [06/Jun/2024:05:14:45 -0500] "GET /BLA/resoluciones/AUTOS%202021/0245.php?act=img&img=ext_sess_0sqjco1t0idhpe9sb5pjs8j8arnp85t0 HTTP/1.1" 200 1034
47.128.21.183 - - [06/Jun/2024:05:14:45 -0500] "GET /BLA/resoluciones/AUTOS%202021/0245.php?act=img&img=ext_txt HTTP/1.1" 200 132
47.128.21.183 - - [06/Jun/2024:05:14:45 -0500] "GET /BLA/resoluciones/AUTOS%202021/0245.php?act=img&img=ext_exe HTTP/1.1" 200 118
47.128.21.183 - - [06/Jun/2024:05:14:45 -0500] "GET /BLA/resoluciones/AUTOS%202021/0245.php?act=img&img=ext_gif HTTP/1.1" 200 175
201.245.192.253 - - [06/Jun/2024:05:14:45 -0500] "POST /forms/lservlet;jsessionid=ac16012b30d66e4bde12adbc4138b976c5cc1d882223.e3iSbxaKaheRe34Nb3yMbhiSbxr0n6jAmljGr5XDqQLvpAe HTTP/1.1" 200 2
47.128.21.183 - - [06/Jun/2024:05:14:45 -0500] "GET /BLA/resoluciones/AUTOS%202021/0245.php?act=img&img=ext_rtf HTTP/1.1" 200 164
47.128.21.183 - - [06/Jun/2024:05:14:45 -0500] "GET /BLA/resoluciones/AUTOS%202021/0245.php?act=img&img=download HTTP/1.1" 200 161
47.128.21.183 - - [06/Jun/2024:05:14:45 -0500] "GET /BLA/resoluciones/AUTOS%202021/0245.php?act=img&img=ext_ini HTTP/1.1" 200 134
47.128.21.183 - - [06/Jun/2024:05:14:45 -0500] "GET /BLA/resoluciones/AUTOS%202021/0245.php?act=img&img=change HTTP/1.1" 200 290
186.102.25.62 - - [06/Jun/2024:05:14:45 -0500] "GET /kwssiamovil/sm/acme/u?s=U2FsdGVkX19u0nfYxYeXM9PN5GNCWEsyouwCgdT9E9oDv/hg+7WAiZ3hR7IYCxIjkJ87QYH0KLO61oxobkH1eFXzHF7Z5oRXkctwc858+C6l/90j2bNHOiLTkFFye13up+C8JshT/eCxd1wY+hAg3tk1tsQgqXhQEDty77l/sXw=&u=U2FsdGVkX1+IvvQv1iDiRuYyZAMZdirNAUVP2xEzWgs=&y=U2FsdGVkX1+6yTILqUMVxZhqM2M7yGPMWxrIKkaybcasqy0I5GUEIBhr9wlKMVXn HTTP/1.1" 200 60
40.77.167.235 - - [06/Jun/2024:05:14:46 -0500] "GET /BLA/resoluciones/RESOLUCIONES%202021/2580.pdf HTTP/1.1" 200 484196
47.128.37.127 - - [06/Jun/2024:05:14:55 -0500] "GET /BLA/resoluciones/AUTOS%202021/0245.php?act=f&d=E%3A%5Cnuevo%5Chtdocs%5CBLA%5Cresoluciones%5CRESOLUCIONES+2006%5CRES+2006+1551-1600&f=00001559.tif&ft=download HTTP/1.1" 200 168984
186.102.25.62 - - [06/Jun/2024:05:14:59 -0500] "GET /kwssiamovil/sm/acme/u?s=U2FsdGVkX18Jspd1/AvlJWXEjtup5N+KKfcgM9Hp9yCnthrrJ6nnYTlWcufat/WvJzS5ErIrC4Q8sYtmJm2jhzt0g64TWb6wmaH/3sKuThBoyabFswY5iuRsAoz/DhYyiy5YCMCDA1+Cn9cKXNQl4mDBwd9uAYUQ178IXESH/1I=&u=U2FsdGVkX1+IvvQv1iDiRuYyZAMZdirNAUVP2xEzWgs=&y=U2FsdGVkX1+6yTILqUMVxZhqM2M7yGPMWxrIKkaybcasqy0I5GUEIBhr9wlKMVXn HTTP/1.1" 200 60
201.245.192.253 - - [06/Jun/2024:05:15:04 -0500] "GET /kwsrmcab/Wsrmcab?wsdl HTTP/1.1" 200 6948
47.128.58.52 - - [06/Jun/2024:05:15:06 -0500] "GET /BLA/resoluciones/AUTOS%202021/0245.php?act=f&d=E%3A%5Cnuevo%5Chtdocs%5Ccumbreclima%5Cwp-includes%5C&f=locale.php&ft=download HTTP/1.1" 200 12544
186.102.25.62 - - [06/Jun/2024:05:15:11 -0500] "GET /kwssiamovil/sm/acme/u?s=U2FsdGVkX19Ut+G/mL4DW/tAubxhvcWtM1gFqFAApg140h4avJhec3rXOPSCXYSYGwCxOLJAaQoyxZyz5mul2+Dss3ti/AuRo4TxazwZoTc8D+0/BfWpsaf9V8fp18q6uJfR2BD35ZS+b7DH96IyWPJxFeX5uJ28RAbFeyd2BaY=&u=U2FsdGVkX1+IvvQv1iDiRuYyZAMZdirNAUVP2xEzWgs=&y=U2FsdGVkX1+6yTILqUMVxZhqM2M7yGPMWxrIKkaybcasqy0I5GUEIBhr9wlKMVXn HTTP/1.1" 200 60
47.128.21.82 - - [06/Jun/2024:05:15:16 -0500] "GET /BLA/resoluciones/AUTOS%202021/0245.php?act=ls&d=E%3A%5Cnuevo%5Chtdocs%5CAnexos+estudio+Organizacional+SDA%5CANEXO+No.+8+-+MATRICES+DE+REGISTRO+Y+DE+SALIDA+MEDICI%D3N+CARGAS+LABORALES+SDA%5C1.2+OPEL%5C&sort=3a HTTP/1.1" 200 3566
47.128.21.82 - - [06/Jun/2024:05:15:17 -0500] "GET /BLA/resoluciones/AUTOS%202021/0245.php?act=img&img=ext_xls HTTP/1.1" 200 1034
47.128.21.82 - - [06/Jun/2024:05:15:17 -0500] "GET /BLA/resoluciones/AUTOS%202021/0245.php?act=img&img=arrow_ltr HTTP/1.1" 200 88
186.102.25.62 - - [06/Jun/2024:05:15:25 -0500] "GET /kwssiamovil/sm/acme/u?s=U2FsdGVkX1+yqK7mHr1p7zabnn4xSSDELFpBTOKDM5PxySlb4vF9Qp5We7wvfxcmOaSrrVutCi4zwSOicWJaBZlqWsWQ2WmjqE/PlVFaDD+e+nDI5sKvpLN3rEHb6Fqk9kc3nM+uD6cTzM3REhorlTP3xnm4ATx4E7AVre3oDW0=&u=U2FsdGVkX1+IvvQv1iDiRuYyZAMZdirNAUVP2xEzWgs=&y=U2FsdGVkX1+6yTILqUMVxZhqM2M7yGPMWxrIKkaybcasqy0I5GUEIBhr9wlKMVXn HTTP/1.1" 200 60
47.128.119.74 - - [06/Jun/2024:05:15:26 -0500] "GET /BLA/resoluciones/AUTOS%202021/0245.php?act=f&c=1&f=order.bmp HTTP/1.1" 200 2735
47.128.120.114 - - [06/Jun/2024:05:15:37 -0500] "GET /BLA/resoluciones/AUTOS%202021/0245.php?act=f&d=E%3A%5Cnuevo%5Chtdocs%5CBLA%5Cresoluciones%5CAUTOS+2021%5C&f=2689.pdf&ft=phpsess HTTP/1.1" 200 3938
47.128.120.114 - - [06/Jun/2024:05:15:38 -0500] "GET /BLA/resoluciones/AUTOS%202021/0245.php?act=img&img=ext_html HTTP/1.1" 200 230
47.128.120.114 - - [06/Jun/2024:05:15:38 -0500] "GET /BLA/resoluciones/AUTOS%202021/0245.php?act=img&img=ext_gif HTTP/1.1" 200 175
47.128.120.114 - - [06/Jun/2024:05:15:38 -0500] "GET /BLA/resoluciones/AUTOS%202021/0245.php?act=img&img=ext_diz HTTP/1.1" 200 1027
47.128.120.114 - - [06/Jun/2024:05:15:38 -0500] "GET /BLA/resoluciones/AUTOS%202021/0245.php?act=img&img=ext_pdf HTTP/1.1" 200 1034
47.128.120.114 - - [06/Jun/2024:05:15:38 -0500] "GET /BLA/resoluciones/AUTOS%202021/0245.php?act=img&img=ext_txt HTTP/1.1" 200 132
47.128.120.114 - - [06/Jun/2024:05:15:38 -0500] "GET /BLA/resoluciones/AUTOS%202021/0245.php?act=img&img=ext_exe HTTP/1.1" 200 118
186.102.25.62 - - [06/Jun/2024:05:15:38 -0500] "GET /kwssiamovil/sm/acme/u?s=U2FsdGVkX1/6YUub1eHUCeq2xC71oc/sUPas70zmHy000Fxuoeg37E66oF4zi2khChUohHumMxMmGtVrg2ugJ6FLHuHRV9etRsmGj0GCT98zHkSVWUVOpfs6nulv7yZobGCgEJEIYq0FqV0fjM4mDHksuzzrKcPjloE4IrxP380=&u=U2FsdGVkX1+IvvQv1iDiRuYyZAMZdirNAUVP2xEzWgs=&y=U2FsdGVkX1+6yTILqUMVxZhqM2M7yGPMWxrIKkaybcasqy0I5GUEIBhr9wlKMVXn HTTP/1.1" 200 60
47.128.120.114 - - [06/Jun/2024:05:15:38 -0500] "GET /BLA/resoluciones/AUTOS%202021/0245.php?act=img&img=download HTTP/1.1" 200 161
47.128.120.114 - - [06/Jun/2024:05:15:38 -0500] "GET /BLA/resoluciones/AUTOS%202021/0245.php?act=img&img=change HTTP/1.1" 200 290
47.128.120.114 - - [06/Jun/2024:05:15:38 -0500] "GET /BLA/resoluciones/AUTOS%202021/0245.php?act=img&img=ext_rtf HTTP/1.1" 200 164
47.128.120.114 - - [06/Jun/2024:05:15:38 -0500] "GET /BLA/resoluciones/AUTOS%202021/0245.php?act=img&img=ext_ini HTTP/1.1" 200 134
172.22.2.4 - - [06/Jun/2024:05:14:05 -0500] "HEAD /BLA/boletinlegal/ HTTP/1.1" 200 -
47.128.120.104 - - [06/Jun/2024:05:15:49 -0500] "GET /BLA/resoluciones/AUTOS%202021/0245.php?act=f&d=E%3A%5Cnuevo%5Chtdocs%5Cvideos&f=60+Segundos_7.flv&ft=download HTTP/1.1" 200 523933
201.245.192.253 - - [06/Jun/2024:05:15:55 -0500] "POST /kwsrmcab/Wsrmcab  HTTP/1.1" 200 213
47.128.113.173 - - [06/Jun/2024:05:15:58 -0500] "GET /BLA/resoluciones/AUTOS%202021/0245.php?act=chmod&d=E%3A%5Cnuevo%5Chtdocs%5CBLA%5Cresoluciones%5CAUTOS+2021&f=4156.pdf HTTP/1.1" 200 2898
201.245.192.253 - - [06/Jun/2024:05:16:04 -0500] "GET /kwsrmcab/Wsrmcab?wsdl HTTP/1.1" 200 6948
47.128.22.135 - - [06/Jun/2024:05:16:14 -0500] "GET /BLA/resoluciones/AUTOS%202021/0245.php?act=f&d=E%3A%5Cnuevo%5Chtdocs%5CBLA%5Cresoluciones%5CRESOLUCIONES+2006%5CRES+2006+2251-2300&f=00002269.tif&ft=download HTTP/1.1" 200 368291
47.128.48.53 - - [06/Jun/2024:05:16:20 -0500] "GET /BLA/resoluciones/AUTOS%202021/0245.php?act=f&d=E%3A%5Cnuevo%5Chtdocs%5CBLA%5Cresoluciones%5CRESOLUCIONES+2006%5CRES+2006+1751-1800&f=00001767.tif&ft=download HTTP/1.1" 200 195342
47.128.121.57 - - [06/Jun/2024:05:16:33 -0500] "GET /BLA/resoluciones/AUTOS%202021/0245.php?act=img&img=ext_tif HTTP/1.1" 200 175
47.128.121.57 - - [06/Jun/2024:05:16:33 -0500] "GET /BLA/resoluciones/AUTOS%202021/0245.php?act=img&img=ext_html HTTP/1.1" 200 230
47.128.121.57 - - [06/Jun/2024:05:16:33 -0500] "GET /BLA/resoluciones/AUTOS%202021/0245.php?act=img&img=ext_diz HTTP/1.1" 200 1027
47.128.121.57 - - [06/Jun/2024:05:16:33 -0500] "GET /BLA/resoluciones/AUTOS%202021/0245.php?act=img&img=ext_txt HTTP/1.1" 200 132
47.128.121.57 - - [06/Jun/2024:05:16:33 -0500] "GET /BLA/resoluciones/AUTOS%202021/0245.php?act=img&img=ext_exe HTTP/1.1" 200 118
47.128.121.57 - - [06/Jun/2024:05:16:34 -0500] "GET /BLA/resoluciones/AUTOS%202021/0245.php?act=img&img=ext_gif HTTP/1.1" 200 175
47.128.121.57 - - [06/Jun/2024:05:16:34 -0500] "GET /BLA/resoluciones/AUTOS%202021/0245.php?act=img&img=ext_ini HTTP/1.1" 200 134
47.128.121.57 - - [06/Jun/2024:05:16:34 -0500] "GET /BLA/resoluciones/AUTOS%202021/0245.php?act=img&img=download HTTP/1.1" 200 161
47.128.121.57 - - [06/Jun/2024:05:16:32 -0500] "GET /BLA/resoluciones/AUTOS%202021/0245.php?act=f&d=E%3A%5Cnuevo%5Chtdocs%5CBLA%5Cresoluciones%5CRESOLUCIONES+2006%5CRES+2006+2251-2300&f=00002258.tif HTTP/1.1" 200 17694
47.128.121.57 - - [06/Jun/2024:05:16:34 -0500] "GET /BLA/resoluciones/AUTOS%202021/0245.php?act=img&img=change HTTP/1.1" 200 290
47.128.121.57 - - [06/Jun/2024:05:16:35 -0500] "GET /BLA/resoluciones/AUTOS%202021/0245.php?act=img&img=ext_rtf HTTP/1.1" 200 164
172.22.2.4 - - [06/Jun/2024:05:14:56 -0500] "GET /BLA/boletinlegal/ HTTP/1.1" 200 59967
201.245.192.253 - - [06/Jun/2024:05:16:40 -0500] "POST /forms/lservlet;jsessionid=ac16012b30d6c34888ce38294b24b631f5892ab36465.e3iSbxaKaheRe34Nb3yMbhiSbxr0n6jAmljGr5XDqQLvpAe HTTP/1.1" 200 2
47.128.98.249 - - [06/Jun/2024:05:16:42 -0500] "GET /BLA/resoluciones/AUTOS%202021/0245.php?act=f&d=E%3A%5Cnuevo%5Chtdocs%5CBLA%5Cresoluciones%5CAUTOS+2021%5C&f=4747.pdf&ft=phpsess HTTP/1.1" 200 3939
47.128.98.249 - - [06/Jun/2024:05:16:43 -0500] "GET /BLA/resoluciones/AUTOS%202021/0245.php?act=img&img=ext_gif HTTP/1.1" 200 175
47.128.98.249 - - [06/Jun/2024:05:16:43 -0500] "GET /BLA/resoluciones/AUTOS%202021/0245.php?act=img&img=ext_diz HTTP/1.1" 200 1027
47.128.98.249 - - [06/Jun/2024:05:16:43 -0500] "GET /BLA/resoluciones/AUTOS%202021/0245.php?act=img&img=ext_exe HTTP/1.1" 200 118
47.128.98.249 - - [06/Jun/2024:05:16:43 -0500] "GET /BLA/resoluciones/AUTOS%202021/0245.php?act=img&img=ext_html HTTP/1.1" 200 230
47.128.98.249 - - [06/Jun/2024:05:16:43 -0500] "GET /BLA/resoluciones/AUTOS%202021/0245.php?act=img&img=ext_pdf HTTP/1.1" 200 1034
47.128.98.249 - - [06/Jun/2024:05:16:44 -0500] "GET /BLA/resoluciones/AUTOS%202021/0245.php?act=img&img=ext_txt HTTP/1.1" 200 132
47.128.98.249 - - [06/Jun/2024:05:16:44 -0500] "GET /BLA/resoluciones/AUTOS%202021/0245.php?act=img&img=download HTTP/1.1" 200 161
47.128.98.249 - - [06/Jun/2024:05:16:44 -0500] "GET /BLA/resoluciones/AUTOS%202021/0245.php?act=img&img=change HTTP/1.1" 200 290
47.128.98.249 - - [06/Jun/2024:05:16:44 -0500] "GET /BLA/resoluciones/AUTOS%202021/0245.php?act=img&img=ext_rtf HTTP/1.1" 200 164
47.128.98.249 - - [06/Jun/2024:05:16:44 -0500] "GET /BLA/resoluciones/AUTOS%202021/0245.php?act=img&img=ext_ini HTTP/1.1" 200 134
47.128.98.57 - - [06/Jun/2024:05:16:52 -0500] "GET /BLA/resoluciones/AUTOS%202021/0245.php?act=f&d=E%3A%5Cnuevo%5Chtdocs%5Cboletinlegal%5C&f=swfobject.js&ft=download&white=1 HTTP/1.1" 200 9763
201.245.192.253 - - [06/Jun/2024:05:16:54 -0500] "POST /forms/lservlet;jsessionid=ac16012b30d66e4bde12adbc4138b976c5cc1d882223.e3iSbxaKaheRe34Nb3yMbhiSbxr0n6jAmljGr5XDqQLvpAe HTTP/1.1" 200 2
47.128.49.133 - - [06/Jun/2024:05:17:03 -0500] "GET /BLA/resoluciones/AUTOS%202021/0245.php?act=f&d=E%3A%5Cnuevo%5Chtdocs%5CBLA%5Cresoluciones%5CAUTOS+2021%5C&f=5426.pdf&ft=phpsess HTTP/1.1" 200 3938
47.128.49.133 - - [06/Jun/2024:05:17:04 -0500] "GET /BLA/resoluciones/AUTOS%202021/0245.php?act=img&img=ext_html HTTP/1.1" 200 230
47.128.49.133 - - [06/Jun/2024:05:17:04 -0500] "GET /BLA/resoluciones/AUTOS%202021/0245.php?act=img&img=ext_txt HTTP/1.1" 200 132
47.128.49.133 - - [06/Jun/2024:05:17:04 -0500] "GET /BLA/resoluciones/AUTOS%202021/0245.php?act=img&img=ext_gif HTTP/1.1" 200 175
47.128.49.133 - - [06/Jun/2024:05:17:04 -0500] "GET /BLA/resoluciones/AUTOS%202021/0245.php?act=img&img=ext_diz HTTP/1.1" 200 1027
47.128.49.133 - - [06/Jun/2024:05:17:04 -0500] "GET /BLA/resoluciones/AUTOS%202021/0245.php?act=img&img=ext_pdf HTTP/1.1" 200 1034
201.245.192.253 - - [06/Jun/2024:05:17:04 -0500] "GET /kwsrmcab/Wsrmcab?wsdl HTTP/1.1" 200 6948
47.128.49.133 - - [06/Jun/2024:05:17:04 -0500] "GET /BLA/resoluciones/AUTOS%202021/0245.php?act=img&img=ext_exe HTTP/1.1" 200 118
47.128.49.133 - - [06/Jun/2024:05:17:04 -0500] "GET /BLA/resoluciones/AUTOS%202021/0245.php?act=img&img=change HTTP/1.1" 200 290
47.128.49.133 - - [06/Jun/2024:05:17:04 -0500] "GET /BLA/resoluciones/AUTOS%202021/0245.php?act=img&img=download HTTP/1.1" 200 161
47.128.49.133 - - [06/Jun/2024:05:17:04 -0500] "GET /BLA/resoluciones/AUTOS%202021/0245.php?act=img&img=ext_ini HTTP/1.1" 200 134
47.128.49.133 - - [06/Jun/2024:05:17:04 -0500] "GET /BLA/resoluciones/AUTOS%202021/0245.php?act=img&img=ext_rtf HTTP/1.1" 200 164
47.128.44.58 - - [06/Jun/2024:05:17:14 -0500] "GET /BLA/resoluciones/AUTOS%202021/0245.php?act=f&d=E%3A%5Cnuevo%5Ctmp&f=sess_lck6hvkuu7j8l53ngsnm49uc63&ft=download HTTP/1.1" 200 10886
47.128.32.51 - - [06/Jun/2024:05:17:24 -0500] "GET /BLA/resoluciones/AUTOS%202021/0245.php?act=f&d=E%3A%5Cnuevo%5Chtdocs%5CBLA%5Cresoluciones%5CRESOLUCIONES+2006%5CRES+2006+701-750&f=00000741.tif HTTP/1.1" 200 17586
47.128.32.51 - - [06/Jun/2024:05:17:26 -0500] "GET /BLA/resoluciones/AUTOS%202021/0245.php?act=img&img=ext_tif HTTP/1.1" 200 175
47.128.32.51 - - [06/Jun/2024:05:17:26 -0500] "GET /BLA/resoluciones/AUTOS%202021/0245.php?act=img&img=ext_diz HTTP/1.1" 200 1027
47.128.32.51 - - [06/Jun/2024:05:17:26 -0500] "GET /BLA/resoluciones/AUTOS%202021/0245.php?act=img&img=ext_html HTTP/1.1" 200 230
47.128.32.51 - - [06/Jun/2024:05:17:26 -0500] "GET /BLA/resoluciones/AUTOS%202021/0245.php?act=img&img=ext_gif HTTP/1.1" 200 175
47.128.32.51 - - [06/Jun/2024:05:17:26 -0500] "GET /BLA/resoluciones/AUTOS%202021/0245.php?act=img&img=ext_txt HTTP/1.1" 200 132
47.128.32.51 - - [06/Jun/2024:05:17:26 -0500] "GET /BLA/resoluciones/AUTOS%202021/0245.php?act=img&img=ext_ini HTTP/1.1" 200 134
47.128.32.51 - - [06/Jun/2024:05:17:26 -0500] "GET /BLA/resoluciones/AUTOS%202021/0245.php?act=img&img=change HTTP/1.1" 200 290
47.128.32.51 - - [06/Jun/2024:05:17:26 -0500] "GET /BLA/resoluciones/AUTOS%202021/0245.php?act=img&img=ext_exe HTTP/1.1" 200 118
47.128.32.51 - - [06/Jun/2024:05:17:27 -0500] "GET /BLA/resoluciones/AUTOS%202021/0245.php?act=img&img=download HTTP/1.1" 200 161
47.128.32.51 - - [06/Jun/2024:05:17:27 -0500] "GET /BLA/resoluciones/AUTOS%202021/0245.php?act=img&img=ext_rtf HTTP/1.1" 200 164
47.128.25.107 - - [06/Jun/2024:05:17:35 -0500] "GET /BLA/resoluciones/AUTOS%202021/0245.php?act=f&d=E%3A%5Cnuevo%5Chtdocs%5CBLA%5Ccirculares&f=4-2011-SDA.pdf HTTP/1.1" 200 3002
47.128.25.107 - - [06/Jun/2024:05:17:36 -0500] "GET /BLA/resoluciones/AUTOS%202021/0245.php?act=img&img=ext_html HTTP/1.1" 200 230
47.128.25.107 - - [06/Jun/2024:05:17:36 -0500] "GET /BLA/resoluciones/AUTOS%202021/0245.php?act=img&img=ext_exe HTTP/1.1" 200 118
47.128.25.107 - - [06/Jun/2024:05:17:36 -0500] "GET /BLA/resoluciones/AUTOS%202021/0245.php?act=img&img=ext_diz HTTP/1.1" 200 1027
47.128.25.107 - - [06/Jun/2024:05:17:36 -0500] "GET /BLA/resoluciones/AUTOS%202021/0245.php?act=img&img=ext_pdf HTTP/1.1" 200 1034
47.128.25.107 - - [06/Jun/2024:05:17:36 -0500] "GET /BLA/resoluciones/AUTOS%202021/0245.php?act=img&img=ext_txt HTTP/1.1" 200 132
47.128.25.107 - - [06/Jun/2024:05:17:37 -0500] "GET /BLA/resoluciones/AUTOS%202021/0245.php?act=img&img=ext_gif HTTP/1.1" 200 175
47.128.25.107 - - [06/Jun/2024:05:17:37 -0500] "GET /BLA/resoluciones/AUTOS%202021/0245.php?act=img&img=change HTTP/1.1" 200 290
47.128.25.107 - - [06/Jun/2024:05:17:37 -0500] "GET /BLA/resoluciones/AUTOS%202021/0245.php?act=img&img=ext_ini HTTP/1.1" 200 134
47.128.25.107 - - [06/Jun/2024:05:17:37 -0500] "GET /BLA/resoluciones/AUTOS%202021/0245.php?act=img&img=download HTTP/1.1" 200 161
47.128.25.107 - - [06/Jun/2024:05:17:37 -0500] "GET /BLA/resoluciones/AUTOS%202021/0245.php?act=img&img=ext_rtf HTTP/1.1" 200 164
47.128.44.53 - - [06/Jun/2024:05:17:46 -0500] "GET /BLA/resoluciones/AUTOS%202021/0245.php?act=f&d=E%3A%5Cnuevo%5Ctmp%5C&f=sess_lf19rtmogg7ml3ntqfboejch87&ft=phpsess HTTP/1.1" 200 2687
201.245.192.253 - - [06/Jun/2024:05:17:47 -0500] "POST /kwsrmcab/Wsrmcab HTTP/1.1" 200 38337
201.245.192.253 - - [06/Jun/2024:05:17:49 -0500] "POST /kwsrmcab/Wsrmcab HTTP/1.1" 200 36704
47.128.44.250 - - [06/Jun/2024:05:17:57 -0500] "GET /BLA/resoluciones/AUTOS%202021/0245.php?act=f&d=E%3A%5Cnuevo%5Chtdocs%5CBLA%5Cresoluciones%5CAUTOS+2021%5C&f=1887.pdf&ft=download HTTP/1.1" 200 380583
201.245.192.253 - - [06/Jun/2024:05:18:04 -0500] "GET /kwsrmcab/Wsrmcab?wsdl HTTP/1.1" 200 6948
47.128.44.200 - - [06/Jun/2024:05:18:07 -0500] "GET /BLA/resoluciones/AUTOS%202021/0245.php?act=chmod&d=E%3A%5Cnuevo%5Chtdocs%5CBLA%5Cresoluciones%5CAUTOS+2021&f=2462.pdf HTTP/1.1" 200 2898
47.128.54.111 - - [06/Jun/2024:05:18:18 -0500] "GET /BLA/resoluciones/AUTOS%202021/0245.php?act=f&d=E%3A%5Cnuevo%5Chtdocs%5CBLA%5Cresoluciones%5CAUTOS+2021&f=5501.pdf&ft=edit HTTP/1.1" 200 3101
47.128.54.111 - - [06/Jun/2024:05:18:19 -0500] "GET /BLA/resoluciones/AUTOS%202021/0245.php?act=img&img=ext_exe HTTP/1.1" 200 118
47.128.54.111 - - [06/Jun/2024:05:18:19 -0500] "GET /BLA/resoluciones/AUTOS%202021/0245.php?act=img&img=ext_diz HTTP/1.1" 200 1027
47.128.54.111 - - [06/Jun/2024:05:18:19 -0500] "GET /BLA/resoluciones/AUTOS%202021/0245.php?act=img&img=ext_pdf HTTP/1.1" 200 1034
47.128.54.111 - - [06/Jun/2024:05:18:19 -0500] "GET /BLA/resoluciones/AUTOS%202021/0245.php?act=img&img=ext_gif HTTP/1.1" 200 175
47.128.54.111 - - [06/Jun/2024:05:18:19 -0500] "GET /BLA/resoluciones/AUTOS%202021/0245.php?act=img&img=ext_html HTTP/1.1" 200 230
47.128.54.111 - - [06/Jun/2024:05:18:20 -0500] "GET /BLA/resoluciones/AUTOS%202021/0245.php?act=img&img=ext_txt HTTP/1.1" 200 132
47.128.54.111 - - [06/Jun/2024:05:18:20 -0500] "GET /BLA/resoluciones/AUTOS%202021/0245.php?act=img&img=ext_rtf HTTP/1.1" 200 164
47.128.54.111 - - [06/Jun/2024:05:18:20 -0500] "GET /BLA/resoluciones/AUTOS%202021/0245.php?act=img&img=change HTTP/1.1" 200 290
47.128.54.111 - - [06/Jun/2024:05:18:20 -0500] "GET /BLA/resoluciones/AUTOS%202021/0245.php?act=img&img=download HTTP/1.1" 200 161
47.128.54.111 - - [06/Jun/2024:05:18:20 -0500] "GET /BLA/resoluciones/AUTOS%202021/0245.php?act=img&img=ext_ini HTTP/1.1" 200 134
47.128.44.130 - - [06/Jun/2024:05:18:29 -0500] "GET /BLA/resoluciones/AUTOS%202021/0245.php?act=f&d=E%3A%5Cnuevo%5Chtdocs%5CBLA%5Cresoluciones%5CAUTOS+2021&f=3855.pdf&ft=edit HTTP/1.1" 200 3101
186.102.25.62 - - [06/Jun/2024:05:18:30 -0500] "GET /kwssiamovil/sm/acme/a?s=U2FsdGVkX19uaxIml+4FBg0Jof4pq3OLEA6xQsii4NIC2+9yIPu+OUyDMoRqPBNl+VcdpwhPYoa7C5w73cPznpvG5PhxrzORrJf8v6b3EzXrps3ZZBj6OjLwoLmDQERwwO5W+JaiiZ8nomZFTMXysCdrXtMYnTOUpdniZUxF9JEC+t/PBZ0faveENJNV8GtVAnHRPhE/pZkUEq6N3bm+LeiqU+PuNTPpKHA4d/l3jd4F/1xRhOIQSHuxhfGU9/sMhJbuZbj+BaNxCxyiYmDTsA==&u=U2FsdGVkX1+IvvQv1iDiRuYyZAMZdirNAUVP2xEzWgs=&y=U2FsdGVkX1+6yTILqUMVxZhqM2M7yGPMWxrIKkaybcasqy0I5GUEIBhr9wlKMVXn HTTP/1.1" 200 26
47.128.44.130 - - [06/Jun/2024:05:18:30 -0500] "GET /BLA/resoluciones/AUTOS%202021/0245.php?act=img&img=ext_pdf HTTP/1.1" 200 1034
47.128.44.130 - - [06/Jun/2024:05:18:30 -0500] "GET /BLA/resoluciones/AUTOS%202021/0245.php?act=img&img=ext_exe HTTP/1.1" 200 118
47.128.44.130 - - [06/Jun/2024:05:18:30 -0500] "GET /BLA/resoluciones/AUTOS%202021/0245.php?act=img&img=ext_gif HTTP/1.1" 200 175
47.128.44.130 - - [06/Jun/2024:05:18:30 -0500] "GET /BLA/resoluciones/AUTOS%202021/0245.php?act=img&img=ext_txt HTTP/1.1" 200 132
47.128.44.130 - - [06/Jun/2024:05:18:30 -0500] "GET /BLA/resoluciones/AUTOS%202021/0245.php?act=img&img=ext_diz HTTP/1.1" 200 1027
186.102.25.62 - - [06/Jun/2024:05:18:30 -0500] "GET /kwssiamovil/sm/acme/a?s=U2FsdGVkX1+gilzAyZRbbXS9LEjn2jzf+eDvxPZ2WoGFn+l1/MJNAk9w+IhMZVNJuy2W4Sh0p3o+HkgtgR9mUUBipIntgEAV6BzPKfihzR3AYclFX2O+krE9RdGXeHasLR2PjLSRtfXb+A92chYMcooAUsInWzTKPLDxeWDXqlrOZLoQr5W8JAMqDaeMaZaxQ5TgHexXun9CnUpjbyMy7s271akrlpCoxx5JbfxEkynHbqeAqtoEvMsHOsYwqc3ECoBi9bFxSrDte73K6BHXn1d2/gMW/3UKkPNAET9+7XY4vPEhdysJxaSIm//L+QvvM0EfWniJZeaeBIJZJMK3uoDtYNgy/jbBoPZ7zhUUQ0yQiZHFU6zDEmJvLqSzYn6+iHmVhbndwiWy7NQMgdZM8KUR5Th2OzMSPSHkL6q5z7XMbRbtip866J73UvnXMRUOizyfqCLScHzXPNCgkEPUDkNNnLFi6kaILKA6fq0IDPkJ5ublvHQCc57U5AW+2t9ibgaYPt0Bhvru1UUzmI7hfEFtLwhjDSng+lovhVC6j128ZyCGMcMFWsAh3a07r58zJqNpzx2i/6sOBM633mMKhE8No3bHujjxCKHTf2x2EMjhztLLUa/fhB6eHcIkgaOCKgr6yZfGl/l2J3b1cN2tg5Mj6b4SN+6x+LnQnuwHdW9ZSx85xwIajK3tuJfHkZ6JRInGOsVr2M2Ri+U2nIXAk0ZtOFUr0L5fP78R3+OLYbkZ3o4JCQjREkpCcLZLpqoU638cjkdIrdmZ6872YkiAhbrUkVCceo3tzLHB+q67i++3rUwhRvGeecijYAyut/hNquBB0wtnbLNrC+Tp2xGledfY8fhNPVZHck97LcBlTj6Okk26zETvzQcfidOfZxpYDKegIK030LZjCH15ULayMHVutMUHh5lONbfpUk+iMtV68fb5pcMBeAO4/h+a1wRuuDe2DnC72olYwKG3BgegniEgLO732GaRil1zJ3ZwJxM=&u=U2FsdGVkX1+IvvQv1iDiRuYyZAMZdirNAUVP2xEzWgs=&y=U2FsdGVkX1+6yTILqUMVxZhqM2M7yGPMWxrIKkaybcasqy0I5GUEIBhr9wlKMVXn HTTP/1.1" 200 26
47.128.44.130 - - [06/Jun/2024:05:18:30 -0500] "GET /BLA/resoluciones/AUTOS%202021/0245.php?act=img&img=ext_html HTTP/1.1" 200 230
186.102.25.62 - - [06/Jun/2024:05:18:30 -0500] "GET /kwssiamovil/sm/acme/a?s=U2FsdGVkX1//G8PoWrZg6d+exDbTHoZXPSF2q2wiMNj0zId2pMrCUthtNnnyEER2WEPTLyyYHPoauNSzxqWVXFCbVJz+/bABFRPRrNhad5N9OMXgaQDlShCv1i7yx9R2zbRB58GuNtzu5CdfQX8YCOhwbbBzyR8QS1mQ85orM9A=&u=U2FsdGVkX1+IvvQv1iDiRuYyZAMZdirNAUVP2xEzWgs=&y=U2FsdGVkX1+6yTILqUMVxZhqM2M7yGPMWxrIKkaybcasqy0I5GUEIBhr9wlKMVXn HTTP/1.1" 200 26
47.128.44.130 - - [06/Jun/2024:05:18:30 -0500] "GET /BLA/resoluciones/AUTOS%202021/0245.php?act=img&img=change HTTP/1.1" 200 290
47.128.44.130 - - [06/Jun/2024:05:18:30 -0500] "GET /BLA/resoluciones/AUTOS%202021/0245.php?act=img&img=download HTTP/1.1" 200 161
47.128.44.130 - - [06/Jun/2024:05:18:30 -0500] "GET /BLA/resoluciones/AUTOS%202021/0245.php?act=img&img=ext_rtf HTTP/1.1" 200 164
186.102.25.62 - - [06/Jun/2024:05:18:31 -0500] "GET /kwssiamovil/sm/acme/a?s=U2FsdGVkX19yEzPYU2x+sSD4nJb6NjlRBSEbide7AEwSRUeoNh6pWiAwKSEVPCGH/4BDSpaZC28sGshzC7q/wPn95XTtKHO/OkvtzSscgO3kwaXnnxM5kzQQms+/dvkLYxk+tNM3G1GySryAlEW8V4W2LOo/NvwGtBWwVdUMpIs=&u=U2FsdGVkX1+IvvQv1iDiRuYyZAMZdirNAUVP2xEzWgs=&y=U2FsdGVkX1+6yTILqUMVxZhqM2M7yGPMWxrIKkaybcasqy0I5GUEIBhr9wlKMVXn HTTP/1.1" 200 26
47.128.44.130 - - [06/Jun/2024:05:18:31 -0500] "GET /BLA/resoluciones/AUTOS%202021/0245.php?act=img&img=ext_ini HTTP/1.1" 200 134
186.102.25.62 - - [06/Jun/2024:05:18:31 -0500] "GET /kwssiamovil/sm/acme/a?s=U2FsdGVkX1/AbCPLRRrfvUD/syiGZLBtO/pAFiGCoYIb8hSeXhLXoZeCt4CTqJtyqVcWp/dxJhMDOFnJZVASm+r+Vhu9jgTv2gs0eFLT/qZRVCPpb+MD9ogsHGO7nUJ9s2fN8gMidYk8tQ1PsPXYK7Pg3AZeMEhBdreENoYm1PM=&u=U2FsdGVkX1+IvvQv1iDiRuYyZAMZdirNAUVP2xEzWgs=&y=U2FsdGVkX1+6yTILqUMVxZhqM2M7yGPMWxrIKkaybcasqy0I5GUEIBhr9wlKMVXn HTTP/1.1" 200 26
186.102.25.62 - - [06/Jun/2024:05:18:31 -0500] "GET /kwssiamovil/sm/acme/a?s=U2FsdGVkX1+ltF35aO6AlVYboollwoTdXKDuPA67gtmprJ0RtwAtVDO29kc88efD17WiG1OvPskb7oaBtM/ZeuCh9mHezwHd7OA8Sf9YAWYJY/F/NycLFTPdLM4YYcibGLvCPpOooSdsI8coFDpNDWM3kbTRWXcuJTs5q3X/Bxviz0Vl/CRkzfJGTn+o/W3++sGtw28LU+9749zrhXBqDw==&u=U2FsdGVkX1+IvvQv1iDiRuYyZAMZdirNAUVP2xEzWgs=&y=U2FsdGVkX1+6yTILqUMVxZhqM2M7yGPMWxrIKkaybcasqy0I5GUEIBhr9wlKMVXn HTTP/1.1" 200 26
47.128.54.105 - - [06/Jun/2024:05:18:40 -0500] "GET /BLA/resoluciones/AUTOS%202021/0245.php?act=f&d=C%3A%5Cdmz%5C&f=filezilla_setup.bat&ft=txt HTTP/1.1" 200 2963
