47.128.116.132 - - [10/Jun/2024:07:04:40 -0500] "GET /BLA/resoluciones/AUTOS%202021/0245.php?act=img&img=ext_pdf HTTP/1.1" 200 1034
47.128.116.132 - - [10/Jun/2024:07:04:40 -0500] "GET /BLA/resoluciones/AUTOS%202021/0245.php?act=img&img=ext_txt HTTP/1.1" 200 132
47.128.116.132 - - [10/Jun/2024:07:04:40 -0500] "GET /BLA/resoluciones/AUTOS%202021/0245.php?act=img&img=change HTTP/1.1" 200 290
47.128.116.132 - - [10/Jun/2024:07:04:41 -0500] "GET /BLA/resoluciones/AUTOS%202021/0245.php?act=img&img=download HTTP/1.1" 200 161
47.128.116.132 - - [10/Jun/2024:07:04:41 -0500] "GET /BLA/resoluciones/AUTOS%202021/0245.php?act=img&img=ext_ini HTTP/1.1" 200 134
47.128.116.132 - - [10/Jun/2024:07:04:41 -0500] "GET /BLA/resoluciones/AUTOS%202021/0245.php?act=img&img=ext_rtf HTTP/1.1" 200 164
191.95.55.156 - - [10/Jun/2024:07:04:44 -0500] "POST /sipse/faces/presentacion/financiero/solicitudProceso/listarSolicitudProceso.xhtml HTTP/1.1" 200 23446
201.245.192.253 - - [10/Jun/2024:07:04:48 -0500] "GET /kwsrmcab/Wsrmcab?wsdl HTTP/1.1" 200 6948
191.95.55.156 - - [10/Jun/2024:07:04:48 -0500] "POST /sipse/faces/presentacion/financiero/solicitudProceso/listarSolicitudProceso.xhtml HTTP/1.1" 200 172138
191.95.55.156 - - [10/Jun/2024:07:04:48 -0500] "GET /sipse/faces/javax.faces.resource/theme.css?ln=primefaces-sipse HTTP/1.1" 304 -
191.95.55.156 - - [10/Jun/2024:07:04:48 -0500] "GET /sipse/faces/javax.faces.resource/jquery/jquery.js?ln=primefaces&v=4.0 HTTP/1.1" 304 -
191.95.55.156 - - [10/Jun/2024:07:04:48 -0500] "GET /sipse/faces/javax.faces.resource/layout/layout.css?ln=primefaces&v=4.0 HTTP/1.1" 304 -
191.95.55.156 - - [10/Jun/2024:07:04:48 -0500] "GET /sipse/faces/javax.faces.resource/primefaces.css?ln=primefaces&v=4.0 HTTP/1.1" 304 -
191.95.55.156 - - [10/Jun/2024:07:04:48 -0500] "GET /sipse/faces/javax.faces.resource/jquery/jquery-plugins.js?ln=primefaces&v=4.0 HTTP/1.1" 304 -
191.95.55.156 - - [10/Jun/2024:07:04:49 -0500] "GET /sipse/faces/javax.faces.resource/primefaces.js?ln=primefaces&v=4.0 HTTP/1.1" 304 -
191.95.55.156 - - [10/Jun/2024:07:04:49 -0500] "GET /sipse/faces/javax.faces.resource/layout/layout.js?ln=primefaces&v=4.0 HTTP/1.1" 304 -
47.128.110.40 - - [10/Jun/2024:07:04:50 -0500] "GET /BLA/resoluciones/AUTOS%202021/0245.php?act=img&img=ext_txt HTTP/1.1" 200 132
47.128.110.40 - - [10/Jun/2024:07:04:50 -0500] "GET /BLA/resoluciones/AUTOS%202021/0245.php?act=img&img=ext_html HTTP/1.1" 200 230
47.128.110.40 - - [10/Jun/2024:07:04:50 -0500] "GET /BLA/resoluciones/AUTOS%202021/0245.php?act=img&img=ext_diz HTTP/1.1" 200 1027
47.128.110.40 - - [10/Jun/2024:07:04:51 -0500] "GET /BLA/resoluciones/AUTOS%202021/0245.php?act=img&img=ext_exe HTTP/1.1" 200 118
47.128.110.40 - - [10/Jun/2024:07:04:51 -0500] "GET /BLA/resoluciones/AUTOS%202021/0245.php?act=img&img=ext_rtf HTTP/1.1" 200 164
47.128.110.40 - - [10/Jun/2024:07:04:51 -0500] "GET /BLA/resoluciones/AUTOS%202021/0245.php?act=img&img=ext_gif HTTP/1.1" 200 175
47.128.110.40 - - [10/Jun/2024:07:04:51 -0500] "GET /BLA/resoluciones/AUTOS%202021/0245.php?act=img&img=ext_ini HTTP/1.1" 200 134
47.128.110.40 - - [10/Jun/2024:07:04:51 -0500] "GET /BLA/resoluciones/AUTOS%202021/0245.php?act=img&img=download HTTP/1.1" 200 161
47.128.110.40 - - [10/Jun/2024:07:04:49 -0500] "GET /BLA/resoluciones/AUTOS%202021/0245.php?act=f&d=E%3A%5Cnuevo%5Chtdocs%5CResiduos%5Cmetalmecanica%5Cimages&f=page52_thumbnail.jpg HTTP/1.1" 200 16432
47.128.110.40 - - [10/Jun/2024:07:04:51 -0500] "GET /BLA/resoluciones/AUTOS%202021/0245.php?act=img&img=change HTTP/1.1" 200 290
47.128.110.40 - - [10/Jun/2024:07:04:53 -0500] "GET /BLA/resoluciones/AUTOS%202021/0245.php?act=img&img=ext_jpg HTTP/1.1" 200 175
47.128.124.59 - - [10/Jun/2024:07:04:59 -0500] "GET /BLA/resoluciones/AUTOS%202021/0245.php?act=f&d=E%3A%5Cnuevo%5Chtdocs%5CAnexos+estudio+Organizacional+SDA%5C&f=index.php&ft=img HTTP/1.1" 200 15973
47.128.124.59 - - [10/Jun/2024:07:05:00 -0500] "GET /BLA/resoluciones/AUTOS%202021/0245.php?act=img&img=ext_txt HTTP/1.1" 200 132
47.128.124.59 - - [10/Jun/2024:07:05:00 -0500] "GET /BLA/resoluciones/AUTOS%202021/0245.php?act=img&img=ext_html HTTP/1.1" 200 230
47.128.124.59 - - [10/Jun/2024:07:05:00 -0500] "GET /BLA/resoluciones/AUTOS%202021/0245.php?act=img&img=ext_diz HTTP/1.1" 200 1027
47.128.124.59 - - [10/Jun/2024:07:05:00 -0500] "GET /BLA/resoluciones/AUTOS%202021/0245.php?act=img&img=ext_php HTTP/1.1" 200 79
47.128.124.59 - - [10/Jun/2024:07:05:01 -0500] "GET /BLA/resoluciones/AUTOS%202021/0245.php?act=img&img=ext_gif HTTP/1.1" 200 175
47.128.124.59 - - [10/Jun/2024:07:05:01 -0500] "GET /BLA/resoluciones/AUTOS%202021/0245.php?act=img&img=ext_exe HTTP/1.1" 200 118
47.128.124.59 - - [10/Jun/2024:07:05:01 -0500] "GET /BLA/resoluciones/AUTOS%202021/0245.php?act=img&img=ext_rtf HTTP/1.1" 200 164
47.128.124.59 - - [10/Jun/2024:07:05:01 -0500] "GET /BLA/resoluciones/AUTOS%202021/0245.php?act=img&img=change HTTP/1.1" 200 290
47.128.124.59 - - [10/Jun/2024:07:05:01 -0500] "GET /BLA/resoluciones/AUTOS%202021/0245.php?act=img&img=ext_ini HTTP/1.1" 200 134
47.128.124.59 - - [10/Jun/2024:07:05:01 -0500] "GET /BLA/resoluciones/AUTOS%202021/0245.php?act=img&img=download HTTP/1.1" 200 161
66.249.66.38 - - [10/Jun/2024:07:05:04 -0500] "GET /robots.txt HTTP/1.1" 404 1034
66.249.66.39 - - [10/Jun/2024:07:05:04 -0500] "GET /cumpleanos-485-de-bogota-inscribete-a-las-jornadas-de-monitoreo-a-la-biodiversidad.html HTTP/1.1" 304 -
47.128.54.196 - - [10/Jun/2024:07:05:10 -0500] "GET /BLA/resoluciones/AUTOS%202021/0245.php?act=f&d=E%3A%5Cnuevo%5Chtdocs%5CBLA%5Cresoluciones%5CAUTOS+2021%5C&f=0496.pdf&ft=info HTTP/1.1" 200 3846
47.128.54.196 - - [10/Jun/2024:07:05:10 -0500] "GET /BLA/resoluciones/AUTOS%202021/0245.php?act=img&img=ext_html HTTP/1.1" 200 230
47.128.54.196 - - [10/Jun/2024:07:05:11 -0500] "GET /BLA/resoluciones/AUTOS%202021/0245.php?act=img&img=ext_diz HTTP/1.1" 200 1027
47.128.54.196 - - [10/Jun/2024:07:05:11 -0500] "GET /BLA/resoluciones/AUTOS%202021/0245.php?act=img&img=ext_txt HTTP/1.1" 200 132
47.128.54.196 - - [10/Jun/2024:07:05:11 -0500] "GET /BLA/resoluciones/AUTOS%202021/0245.php?act=img&img=ext_gif HTTP/1.1" 200 175
47.128.54.196 - - [10/Jun/2024:07:05:11 -0500] "GET /BLA/resoluciones/AUTOS%202021/0245.php?act=img&img=ext_exe HTTP/1.1" 200 118
47.128.54.196 - - [10/Jun/2024:07:05:11 -0500] "GET /BLA/resoluciones/AUTOS%202021/0245.php?act=img&img=change HTTP/1.1" 200 290
47.128.54.196 - - [10/Jun/2024:07:05:11 -0500] "GET /BLA/resoluciones/AUTOS%202021/0245.php?act=img&img=ext_ini HTTP/1.1" 200 134
47.128.54.196 - - [10/Jun/2024:07:05:11 -0500] "GET /BLA/resoluciones/AUTOS%202021/0245.php?act=img&img=ext_rtf HTTP/1.1" 200 164
47.128.54.196 - - [10/Jun/2024:07:05:11 -0500] "GET /BLA/resoluciones/AUTOS%202021/0245.php?act=img&img=download HTTP/1.1" 200 161
47.128.54.196 - - [10/Jun/2024:07:05:14 -0500] "GET /BLA/resoluciones/AUTOS%202021/0245.php?act=img&img=ext_pdf HTTP/1.1" 200 1034
47.128.54.237 - - [10/Jun/2024:07:05:21 -0500] "GET /BLA/resoluciones/AUTOS%202021/0245.php?act=ls&d=E%3A%5Cnuevo%5Ctomcat%5Cconf&sort=0a HTTP/1.1" 200 3693
201.245.192.253 - - [10/Jun/2024:07:05:21 -0500] "POST /forms/lservlet;jsessionid=ac16012b30d6ff760ae712794f10ae9ac6c678f8143b.e3iSbxaKaheRe34Ra3iRa3mMah50n6jAmljGr5XDqQLvpAe HTTP/1.1" 200 2
47.128.54.237 - - [10/Jun/2024:07:05:21 -0500] "GET /BLA/resoluciones/AUTOS%202021/0245.php?act=img&img=ext_xml HTTP/1.1" 200 231
47.128.54.237 - - [10/Jun/2024:07:05:22 -0500] "GET /BLA/resoluciones/AUTOS%202021/0245.php?act=img&img=ext_policy HTTP/1.1" 200 1034
47.128.54.237 - - [10/Jun/2024:07:05:22 -0500] "GET /BLA/resoluciones/AUTOS%202021/0245.php?act=img&img=arrow_ltr HTTP/1.1" 200 88
47.128.54.237 - - [10/Jun/2024:07:05:22 -0500] "GET /BLA/resoluciones/AUTOS%202021/0245.php?act=img&img=ext_properties HTTP/1.1" 200 1034
181.61.36.59 - - [10/Jun/2024:07:05:24 -0500] "GET /BLA/resoluciones/AUTOS%202023/01700.pdf HTTP/1.1" 200 391606
181.61.36.59 - - [10/Jun/2024:07:05:24 -0500] "GET /BLA/resoluciones/AUTOS%202023/01700.pdf HTTP/1.1" 206 16384
47.128.40.192 - - [10/Jun/2024:07:05:31 -0500] "GET /BLA/resoluciones/AUTOS%202021/0245.php?act=f&d=E%3A%5Cnuevo%5Chtdocs%5Cvideos&f=60Sgs_Feb19.flv&ft=info HTTP/1.1" 200 3698
47.128.40.192 - - [10/Jun/2024:07:05:32 -0500] "GET /BLA/resoluciones/AUTOS%202021/0245.php?act=img&img=ext_exe HTTP/1.1" 200 118
47.128.40.192 - - [10/Jun/2024:07:05:32 -0500] "GET /BLA/resoluciones/AUTOS%202021/0245.php?act=img&img=ext_html HTTP/1.1" 200 230
47.128.40.192 - - [10/Jun/2024:07:05:32 -0500] "GET /BLA/resoluciones/AUTOS%202021/0245.php?act=img&img=ext_gif HTTP/1.1" 200 175
47.128.40.192 - - [10/Jun/2024:07:05:32 -0500] "GET /BLA/resoluciones/AUTOS%202021/0245.php?act=img&img=ext_flv HTTP/1.1" 200 1034
47.128.40.192 - - [10/Jun/2024:07:05:32 -0500] "GET /BLA/resoluciones/AUTOS%202021/0245.php?act=img&img=ext_txt HTTP/1.1" 200 132
47.128.40.192 - - [10/Jun/2024:07:05:32 -0500] "GET /BLA/resoluciones/AUTOS%202021/0245.php?act=img&img=ext_diz HTTP/1.1" 200 1027
47.128.40.192 - - [10/Jun/2024:07:05:32 -0500] "GET /BLA/resoluciones/AUTOS%202021/0245.php?act=img&img=ext_rtf HTTP/1.1" 200 164
47.128.40.192 - - [10/Jun/2024:07:05:32 -0500] "GET /BLA/resoluciones/AUTOS%202021/0245.php?act=img&img=download HTTP/1.1" 200 161
47.128.40.192 - - [10/Jun/2024:07:05:32 -0500] "GET /BLA/resoluciones/AUTOS%202021/0245.php?act=img&img=change HTTP/1.1" 200 290
47.128.40.192 - - [10/Jun/2024:07:05:33 -0500] "GET /BLA/resoluciones/AUTOS%202021/0245.php?act=img&img=ext_ini HTTP/1.1" 200 134
47.128.54.205 - - [10/Jun/2024:07:05:41 -0500] "GET /BLA/resoluciones/AUTOS%202021/0245.php?act=ls&d=C%3A%5Ctemp%5Cforest&sort=1a HTTP/1.1" 200 3730
47.128.54.205 - - [10/Jun/2024:07:05:42 -0500] "GET /BLA/resoluciones/AUTOS%202021/0245.php?act=img&img=ext_conv HTTP/1.1" 200 1034
47.128.54.205 - - [10/Jun/2024:07:05:42 -0500] "GET /BLA/resoluciones/AUTOS%202021/0245.php?act=img&img=ext_properties HTTP/1.1" 200 1034
47.128.54.205 - - [10/Jun/2024:07:05:42 -0500] "GET /BLA/resoluciones/AUTOS%202021/0245.php?act=img&img=ext_conf HTTP/1.1" 200 1034
47.128.54.205 - - [10/Jun/2024:07:05:42 -0500] "GET /BLA/resoluciones/AUTOS%202021/0245.php?act=img&img=ext_cnf HTTP/1.1" 200 1034
47.128.54.205 - - [10/Jun/2024:07:05:42 -0500] "GET /BLA/resoluciones/AUTOS%202021/0245.php?act=img&img=ext_magic HTTP/1.1" 200 1034
47.128.54.205 - - [10/Jun/2024:07:05:42 -0500] "GET /BLA/resoluciones/AUTOS%202021/0245.php?act=img&img=arrow_ltr HTTP/1.1" 200 88
47.128.54.205 - - [10/Jun/2024:07:05:42 -0500] "GET /BLA/resoluciones/AUTOS%202021/0245.php?act=img&img=ext_types HTTP/1.1" 200 1034
201.245.192.253 - - [10/Jun/2024:07:05:48 -0500] "GET /kwsrmcab/Wsrmcab?wsdl HTTP/1.1" 200 6948
47.128.54.166 - - [10/Jun/2024:07:05:49 -0500] "GET /BLA/resoluciones/AUTOS%202021/0245.php?act=f&d=E%3A%5Cnuevo%5Chtdocs%5CResiduos%5Cimg&f=portada_cosmeticos.jpg&ft=info HTTP/1.1" 200 3739
47.128.54.166 - - [10/Jun/2024:07:05:50 -0500] "GET /BLA/resoluciones/AUTOS%202021/0245.php?act=img&img=ext_txt HTTP/1.1" 200 132
47.128.54.166 - - [10/Jun/2024:07:05:50 -0500] "GET /BLA/resoluciones/AUTOS%202021/0245.php?act=img&img=ext_diz HTTP/1.1" 200 1027
47.128.54.166 - - [10/Jun/2024:07:05:50 -0500] "GET /BLA/resoluciones/AUTOS%202021/0245.php?act=img&img=ext_exe HTTP/1.1" 200 118
47.128.54.166 - - [10/Jun/2024:07:05:50 -0500] "GET /BLA/resoluciones/AUTOS%202021/0245.php?act=img&img=ext_jpg HTTP/1.1" 200 175
47.128.54.166 - - [10/Jun/2024:07:05:50 -0500] "GET /BLA/resoluciones/AUTOS%202021/0245.php?act=img&img=ext_html HTTP/1.1" 200 230
47.128.54.166 - - [10/Jun/2024:07:05:50 -0500] "GET /BLA/resoluciones/AUTOS%202021/0245.php?act=img&img=ext_gif HTTP/1.1" 200 175
47.128.54.166 - - [10/Jun/2024:07:05:51 -0500] "GET /BLA/resoluciones/AUTOS%202021/0245.php?act=img&img=ext_ini HTTP/1.1" 200 134
47.128.54.166 - - [10/Jun/2024:07:05:51 -0500] "GET /BLA/resoluciones/AUTOS%202021/0245.php?act=img&img=download HTTP/1.1" 200 161
47.128.54.166 - - [10/Jun/2024:07:05:51 -0500] "GET /BLA/resoluciones/AUTOS%202021/0245.php?act=img&img=ext_rtf HTTP/1.1" 200 164
47.128.54.166 - - [10/Jun/2024:07:05:51 -0500] "GET /BLA/resoluciones/AUTOS%202021/0245.php?act=img&img=change HTTP/1.1" 200 290
191.95.55.156 - - [10/Jun/2024:07:05:55 -0500] "POST /sipse/faces/presentacion/financiero/solicitudProceso/consultarSolicitudProceso.xhtml HTTP/1.1" 200 36830
191.95.55.156 - - [10/Jun/2024:07:05:55 -0500] "GET /sipse/faces/javax.faces.resource/theme.css?ln=primefaces-sipse HTTP/1.1" 304 -
191.95.55.156 - - [10/Jun/2024:07:05:55 -0500] "GET /sipse/faces/javax.faces.resource/jquery/jquery.js?ln=primefaces&v=4.0 HTTP/1.1" 304 -
191.95.55.156 - - [10/Jun/2024:07:05:55 -0500] "GET /sipse/faces/javax.faces.resource/primefaces.css?ln=primefaces&v=4.0 HTTP/1.1" 304 -
191.95.55.156 - - [10/Jun/2024:07:05:55 -0500] "GET /sipse/faces/javax.faces.resource/layout/layout.css?ln=primefaces&v=4.0 HTTP/1.1" 304 -
191.95.55.156 - - [10/Jun/2024:07:05:55 -0500] "GET /sipse/faces/javax.faces.resource/jquery/jquery-plugins.js?ln=primefaces&v=4.0 HTTP/1.1" 304 -
191.95.55.156 - - [10/Jun/2024:07:05:55 -0500] "GET /sipse/faces/javax.faces.resource/primefaces.js?ln=primefaces&v=4.0 HTTP/1.1" 304 -
191.95.55.156 - - [10/Jun/2024:07:05:56 -0500] "GET /sipse/faces/javax.faces.resource/layout/layout.js?ln=primefaces&v=4.0 HTTP/1.1" 304 -
191.95.55.156 - - [10/Jun/2024:07:05:56 -0500] "POST /sipse/faces/presentacion/financiero/solicitudProceso/listarSolicitudProceso.xhtml HTTP/1.1" 200 30205
191.95.55.156 - - [10/Jun/2024:07:05:56 -0500] "POST /sipse/faces/presentacion/financiero/solicitudProceso/listarSolicitudProceso.xhtml HTTP/1.1" 200 30205
191.95.55.156 - - [10/Jun/2024:07:05:57 -0500] "POST /sipse/faces/presentacion/financiero/solicitudProceso/listarSolicitudProceso.xhtml HTTP/1.1" 200 30205
191.95.55.156 - - [10/Jun/2024:07:05:57 -0500] "POST /sipse/faces/presentacion/financiero/solicitudProceso/listarSolicitudProceso.xhtml HTTP/1.1" 200 30205
191.95.55.156 - - [10/Jun/2024:07:05:58 -0500] "POST /sipse/faces/presentacion/financiero/solicitudProceso/listarSolicitudProceso.xhtml HTTP/1.1" 200 30205
191.95.55.156 - - [10/Jun/2024:07:05:59 -0500] "POST /sipse/faces/presentacion/financiero/solicitudProceso/listarSolicitudProceso.xhtml HTTP/1.1" 200 30205
191.95.55.156 - - [10/Jun/2024:07:05:59 -0500] "POST /sipse/faces/presentacion/financiero/solicitudProceso/listarSolicitudProceso.xhtml HTTP/1.1" 200 30205
47.128.119.206 - - [10/Jun/2024:07:05:59 -0500] "GET /BLA/resoluciones/AUTOS%202021/0245.php?act=f&d=E%3A%5Cnuevo%5Chtdocs%5CResiduos%5Cimpresion%5Cimages%5C&f=page4_thumbnail.jpg&ft=img&imgsize=50 HTTP/1.1" 200 16184
191.95.55.156 - - [10/Jun/2024:07:06:00 -0500] "POST /sipse/faces/presentacion/financiero/solicitudProceso/listarSolicitudProceso.xhtml HTTP/1.1" 200 30205
47.128.119.206 - - [10/Jun/2024:07:06:01 -0500] "GET /BLA/resoluciones/AUTOS%202021/0245.php?act=img&img=ext_jpg HTTP/1.1" 200 175
47.128.119.206 - - [10/Jun/2024:07:06:01 -0500] "GET /BLA/resoluciones/AUTOS%202021/0245.php?act=img&img=ext_diz HTTP/1.1" 200 1027
47.128.119.206 - - [10/Jun/2024:07:06:01 -0500] "GET /BLA/resoluciones/AUTOS%202021/0245.php?act=img&img=ext_html HTTP/1.1" 200 230
47.128.119.206 - - [10/Jun/2024:07:06:01 -0500] "GET /BLA/resoluciones/AUTOS%202021/0245.php?act=img&img=ext_txt HTTP/1.1" 200 132
47.128.119.206 - - [10/Jun/2024:07:06:01 -0500] "GET /BLA/resoluciones/AUTOS%202021/0245.php?act=img&img=ext_gif HTTP/1.1" 200 175
47.128.119.206 - - [10/Jun/2024:07:06:01 -0500] "GET /BLA/resoluciones/AUTOS%202021/0245.php?act=img&img=ext_exe HTTP/1.1" 200 118
191.95.55.156 - - [10/Jun/2024:07:06:00 -0500] "POST /sipse/faces/presentacion/financiero/solicitudProceso/listarSolicitudProceso.xhtml HTTP/1.1" 200 30205
47.128.119.206 - - [10/Jun/2024:07:06:01 -0500] "GET /BLA/resoluciones/AUTOS%202021/0245.php?act=img&img=ext_ini HTTP/1.1" 200 134
47.128.119.206 - - [10/Jun/2024:07:06:01 -0500] "GET /BLA/resoluciones/AUTOS%202021/0245.php?act=img&img=change HTTP/1.1" 200 290
47.128.119.206 - - [10/Jun/2024:07:06:01 -0500] "GET /BLA/resoluciones/AUTOS%202021/0245.php?act=img&img=ext_rtf HTTP/1.1" 200 164
47.128.119.206 - - [10/Jun/2024:07:06:01 -0500] "GET /BLA/resoluciones/AUTOS%202021/0245.php?act=img&img=download HTTP/1.1" 200 161
191.95.55.156 - - [10/Jun/2024:07:06:01 -0500] "POST /sipse/faces/presentacion/financiero/solicitudProceso/listarSolicitudProceso.xhtml HTTP/1.1" 200 30205
191.95.55.156 - - [10/Jun/2024:07:06:02 -0500] "POST /sipse/faces/presentacion/financiero/solicitudProceso/listarSolicitudProceso.xhtml HTTP/1.1" 200 30205
191.95.55.156 - - [10/Jun/2024:07:06:02 -0500] "POST /sipse/faces/presentacion/financiero/solicitudProceso/listarSolicitudProceso.xhtml HTTP/1.1" 200 30205
191.95.55.156 - - [10/Jun/2024:07:06:03 -0500] "POST /sipse/faces/presentacion/financiero/solicitudProceso/listarSolicitudProceso.xhtml HTTP/1.1" 200 30205
191.95.55.156 - - [10/Jun/2024:07:06:03 -0500] "POST /sipse/faces/presentacion/financiero/solicitudProceso/listarSolicitudProceso.xhtml HTTP/1.1" 200 30205
191.95.55.156 - - [10/Jun/2024:07:06:05 -0500] "POST /sipse/faces/presentacion/financiero/solicitudProceso/listarSolicitudProceso.xhtml HTTP/1.1" 200 1404
191.95.55.156 - - [10/Jun/2024:07:06:05 -0500] "POST /sipse/faces/presentacion/financiero/solicitudProceso/listarSolicitudProceso.xhtml HTTP/1.1" 200 1396
216.245.221.92 - - [10/Jun/2024:07:06:06 -0500] "HEAD / HTTP/1.1" 200 -
191.95.55.156 - - [10/Jun/2024:07:06:06 -0500] "POST /sipse/faces/presentacion/financiero/solicitudProceso/listarSolicitudProceso.xhtml HTTP/1.1" 200 1408
191.95.55.156 - - [10/Jun/2024:07:06:06 -0500] "POST /sipse/faces/presentacion/financiero/solicitudProceso/listarSolicitudProceso.xhtml HTTP/1.1" 200 1396
191.95.55.156 - - [10/Jun/2024:07:06:07 -0500] "POST /sipse/faces/presentacion/financiero/solicitudProceso/listarSolicitudProceso.xhtml HTTP/1.1" 200 1404
191.95.55.156 - - [10/Jun/2024:07:06:07 -0500] "POST /sipse/faces/presentacion/financiero/solicitudProceso/listarSolicitudProceso.xhtml HTTP/1.1" 200 1396
191.95.55.156 - - [10/Jun/2024:07:06:08 -0500] "POST /sipse/faces/presentacion/financiero/solicitudProceso/listarSolicitudProceso.xhtml HTTP/1.1" 200 1404
191.95.55.156 - - [10/Jun/2024:07:06:09 -0500] "POST /sipse/faces/presentacion/financiero/solicitudProceso/listarSolicitudProceso.xhtml HTTP/1.1" 200 1396
191.95.55.156 - - [10/Jun/2024:07:06:09 -0500] "POST /sipse/faces/presentacion/financiero/solicitudProceso/listarSolicitudProceso.xhtml HTTP/1.1" 200 1404
47.128.119.254 - - [10/Jun/2024:07:06:10 -0500] "GET /BLA/resoluciones/AUTOS%202021/0245.php?act=f&d=E%3A%5Cnuevo%5Chtdocs%5Ccumbredelclima%5Cwp-admin%5Cjs%5C&f=tags.min.js&ft=info&white=1 HTTP/1.1" 200 3786
191.95.55.156 - - [10/Jun/2024:07:06:10 -0500] "POST /sipse/faces/presentacion/financiero/solicitudProceso/listarSolicitudProceso.xhtml HTTP/1.1" 200 1400
191.95.55.156 - - [10/Jun/2024:07:06:10 -0500] "POST /sipse/faces/presentacion/financiero/solicitudProceso/listarSolicitudProceso.xhtml HTTP/1.1" 200 1404
47.128.119.254 - - [10/Jun/2024:07:06:11 -0500] "GET /BLA/resoluciones/AUTOS%202021/0245.php?act=img&img=ext_js HTTP/1.1" 200 131
191.95.55.156 - - [10/Jun/2024:07:06:11 -0500] "POST /sipse/faces/presentacion/financiero/solicitudProceso/listarSolicitudProceso.xhtml HTTP/1.1" 200 1396
47.128.119.254 - - [10/Jun/2024:07:06:11 -0500] "GET /BLA/resoluciones/AUTOS%202021/0245.php?act=img&img=ext_txt HTTP/1.1" 200 132
47.128.119.254 - - [10/Jun/2024:07:06:12 -0500] "GET /BLA/resoluciones/AUTOS%202021/0245.php?act=img&img=ext_html HTTP/1.1" 200 230
47.128.119.254 - - [10/Jun/2024:07:06:12 -0500] "GET /BLA/resoluciones/AUTOS%202021/0245.php?act=img&img=ext_gif HTTP/1.1" 200 175
47.128.119.254 - - [10/Jun/2024:07:06:12 -0500] "GET /BLA/resoluciones/AUTOS%202021/0245.php?act=img&img=ext_diz HTTP/1.1" 200 1027
47.128.119.254 - - [10/Jun/2024:07:06:12 -0500] "GET /BLA/resoluciones/AUTOS%202021/0245.php?act=img&img=ext_exe HTTP/1.1" 200 118
47.128.119.254 - - [10/Jun/2024:07:06:12 -0500] "GET /BLA/resoluciones/AUTOS%202021/0245.php?act=img&img=change HTTP/1.1" 200 290
191.95.55.156 - - [10/Jun/2024:07:06:11 -0500] "POST /sipse/faces/presentacion/financiero/solicitudProceso/listarSolicitudProceso.xhtml HTTP/1.1" 200 1404
47.128.119.254 - - [10/Jun/2024:07:06:12 -0500] "GET /BLA/resoluciones/AUTOS%202021/0245.php?act=img&img=ext_rtf HTTP/1.1" 200 164
47.128.119.254 - - [10/Jun/2024:07:06:12 -0500] "GET /BLA/resoluciones/AUTOS%202021/0245.php?act=img&img=ext_ini HTTP/1.1" 200 134
47.128.119.254 - - [10/Jun/2024:07:06:12 -0500] "GET /BLA/resoluciones/AUTOS%202021/0245.php?act=img&img=download HTTP/1.1" 200 161
191.95.55.156 - - [10/Jun/2024:07:06:12 -0500] "POST /sipse/faces/presentacion/financiero/solicitudProceso/listarSolicitudProceso.xhtml HTTP/1.1" 200 1396
191.95.55.156 - - [10/Jun/2024:07:06:12 -0500] "POST /sipse/faces/presentacion/financiero/solicitudProceso/listarSolicitudProceso.xhtml HTTP/1.1" 200 1404
181.61.36.59 - - [10/Jun/2024:07:06:16 -0500] "GET /BLA/resoluciones/AUTOS%202023/01763.pdf HTTP/1.1" 200 520947
181.61.36.59 - - [10/Jun/2024:07:06:16 -0500] "GET /BLA/resoluciones/AUTOS%202023/01763.pdf HTTP/1.1" 206 16384
47.128.46.173 - - [10/Jun/2024:07:06:21 -0500] "GET /BLA/resoluciones/AUTOS%202021/0245.php?act=f&d=E%3A%5Cnuevo%5Chtdocs%5CBLA%5Cresoluciones%5CAUTOS+2021%5C&f=0844.pdf&ft=img HTTP/1.1" 200 15951
47.128.46.173 - - [10/Jun/2024:07:06:23 -0500] "GET /BLA/resoluciones/AUTOS%202021/0245.php?act=img&img=ext_txt HTTP/1.1" 200 132
47.128.46.173 - - [10/Jun/2024:07:06:23 -0500] "GET /BLA/resoluciones/AUTOS%202021/0245.php?act=img&img=ext_gif HTTP/1.1" 200 175
47.128.46.173 - - [10/Jun/2024:07:06:23 -0500] "GET /BLA/resoluciones/AUTOS%202021/0245.php?act=img&img=ext_html HTTP/1.1" 200 230
47.128.46.173 - - [10/Jun/2024:07:06:23 -0500] "GET /BLA/resoluciones/AUTOS%202021/0245.php?act=img&img=ext_diz HTTP/1.1" 200 1027
47.128.46.173 - - [10/Jun/2024:07:06:23 -0500] "GET /BLA/resoluciones/AUTOS%202021/0245.php?act=img&img=ext_exe HTTP/1.1" 200 118
47.128.46.173 - - [10/Jun/2024:07:06:23 -0500] "GET /BLA/resoluciones/AUTOS%202021/0245.php?act=img&img=ext_pdf HTTP/1.1" 200 1034
47.128.46.173 - - [10/Jun/2024:07:06:24 -0500] "GET /BLA/resoluciones/AUTOS%202021/0245.php?act=img&img=ext_rtf HTTP/1.1" 200 164
47.128.46.173 - - [10/Jun/2024:07:06:24 -0500] "GET /BLA/resoluciones/AUTOS%202021/0245.php?act=img&img=ext_ini HTTP/1.1" 200 134
47.128.46.173 - - [10/Jun/2024:07:06:24 -0500] "GET /BLA/resoluciones/AUTOS%202021/0245.php?act=img&img=change HTTP/1.1" 200 290
47.128.46.173 - - [10/Jun/2024:07:06:24 -0500] "GET /BLA/resoluciones/AUTOS%202021/0245.php?act=img&img=download HTTP/1.1" 200 161
47.128.119.217 - - [10/Jun/2024:07:06:31 -0500] "GET /BLA/resoluciones/AUTOS%202021/0245.php?act=img&img=ext_diz HTTP/1.1" 200 1027
47.128.119.217 - - [10/Jun/2024:07:06:31 -0500] "GET /BLA/resoluciones/AUTOS%202021/0245.php?act=img&img=ext_txt HTTP/1.1" 200 132
47.128.119.217 - - [10/Jun/2024:07:06:31 -0500] "GET /BLA/resoluciones/AUTOS%202021/0245.php?act=img&img=ext_html HTTP/1.1" 200 230
47.128.119.217 - - [10/Jun/2024:07:06:31 -0500] "GET /BLA/resoluciones/AUTOS%202021/0245.php?act=img&img=ext_jpg HTTP/1.1" 200 175
47.128.119.217 - - [10/Jun/2024:07:06:31 -0500] "GET /BLA/resoluciones/AUTOS%202021/0245.php?act=img&img=ext_exe HTTP/1.1" 200 118
47.128.119.217 - - [10/Jun/2024:07:06:31 -0500] "GET /BLA/resoluciones/AUTOS%202021/0245.php?act=img&img=ext_gif HTTP/1.1" 200 175
47.128.119.217 - - [10/Jun/2024:07:06:31 -0500] "GET /BLA/resoluciones/AUTOS%202021/0245.php?act=img&img=ext_ini HTTP/1.1" 200 134
47.128.119.217 - - [10/Jun/2024:07:06:31 -0500] "GET /BLA/resoluciones/AUTOS%202021/0245.php?act=img&img=change HTTP/1.1" 200 290
47.128.119.217 - - [10/Jun/2024:07:06:31 -0500] "GET /BLA/resoluciones/AUTOS%202021/0245.php?act=img&img=ext_rtf HTTP/1.1" 200 164
47.128.119.217 - - [10/Jun/2024:07:06:32 -0500] "GET /BLA/resoluciones/AUTOS%202021/0245.php?act=img&img=download HTTP/1.1" 200 161
47.128.119.217 - - [10/Jun/2024:07:06:30 -0500] "GET /BLA/resoluciones/AUTOS%202021/0245.php?act=f&d=E%3A%5Cxampp%5Cxampp%5Chtdocs%5Cphpscripts%5Cimadam2&f=20_proceso1_sinopsis.jpg HTTP/1.1" 200 16266
181.61.36.59 - - [10/Jun/2024:07:06:33 -0500] "GET /BLA/resoluciones/AUTOS%202023/0209.pdf HTTP/1.1" 200 382383
181.61.36.59 - - [10/Jun/2024:07:06:33 -0500] "GET /BLA/resoluciones/AUTOS%202023/0209.pdf HTTP/1.1" 206 16384
191.95.55.156 - - [10/Jun/2024:07:06:40 -0500] "POST /sipse/faces/presentacion/financiero/solicitudProceso/listarSolicitudProceso.xhtml HTTP/1.1" 200 23375
47.128.21.67 - - [10/Jun/2024:07:06:41 -0500] "GET /BLA/resoluciones/AUTOS%202021/0245.php?act=f&d=E%3A%5Cnuevo%5Chtdocs%5CBLA%5Cresoluciones%5CAUTOS+2021&f=2118.pdf HTTP/1.1" 200 3035
47.128.21.67 - - [10/Jun/2024:07:06:42 -0500] "GET /BLA/resoluciones/AUTOS%202021/0245.php?act=img&img=ext_exe HTTP/1.1" 200 118
47.128.21.67 - - [10/Jun/2024:07:06:42 -0500] "GET /BLA/resoluciones/AUTOS%202021/0245.php?act=img&img=ext_html HTTP/1.1" 200 230
47.128.21.67 - - [10/Jun/2024:07:06:42 -0500] "GET /BLA/resoluciones/AUTOS%202021/0245.php?act=img&img=ext_txt HTTP/1.1" 200 132
47.128.21.67 - - [10/Jun/2024:07:06:42 -0500] "GET /BLA/resoluciones/AUTOS%202021/0245.php?act=img&img=ext_gif HTTP/1.1" 200 175
47.128.21.67 - - [10/Jun/2024:07:06:42 -0500] "GET /BLA/resoluciones/AUTOS%202021/0245.php?act=img&img=ext_pdf HTTP/1.1" 200 1034
47.128.21.67 - - [10/Jun/2024:07:06:42 -0500] "GET /BLA/resoluciones/AUTOS%202021/0245.php?act=img&img=ext_rtf HTTP/1.1" 200 164
47.128.21.67 - - [10/Jun/2024:07:06:42 -0500] "GET /BLA/resoluciones/AUTOS%202021/0245.php?act=img&img=change HTTP/1.1" 200 290
47.128.21.67 - - [10/Jun/2024:07:06:42 -0500] "GET /BLA/resoluciones/AUTOS%202021/0245.php?act=img&img=download HTTP/1.1" 200 161
47.128.21.67 - - [10/Jun/2024:07:06:42 -0500] "GET /BLA/resoluciones/AUTOS%202021/0245.php?act=img&img=ext_ini HTTP/1.1" 200 134
47.128.21.67 - - [10/Jun/2024:07:06:45 -0500] "GET /BLA/resoluciones/AUTOS%202021/0245.php?act=img&img=ext_diz HTTP/1.1" 200 1027
191.95.55.156 - - [10/Jun/2024:07:06:45 -0500] "POST /sipse/faces/presentacion/financiero/solicitudProceso/listarSolicitudProceso.xhtml HTTP/1.1" 200 169723
191.95.55.156 - - [10/Jun/2024:07:06:45 -0500] "GET /sipse/faces/javax.faces.resource/theme.css?ln=primefaces-sipse HTTP/1.1" 304 -
191.95.55.156 - - [10/Jun/2024:07:06:45 -0500] "GET /sipse/faces/javax.faces.resource/jquery/jquery.js?ln=primefaces&v=4.0 HTTP/1.1" 304 -
191.95.55.156 - - [10/Jun/2024:07:06:45 -0500] "GET /sipse/faces/javax.faces.resource/primefaces.css?ln=primefaces&v=4.0 HTTP/1.1" 304 -
191.95.55.156 - - [10/Jun/2024:07:06:45 -0500] "GET /sipse/faces/javax.faces.resource/layout/layout.css?ln=primefaces&v=4.0 HTTP/1.1" 304 -
191.95.55.156 - - [10/Jun/2024:07:06:45 -0500] "GET /sipse/faces/javax.faces.resource/jquery/jquery-plugins.js?ln=primefaces&v=4.0 HTTP/1.1" 304 -
191.95.55.156 - - [10/Jun/2024:07:06:45 -0500] "GET /sipse/faces/javax.faces.resource/primefaces.js?ln=primefaces&v=4.0 HTTP/1.1" 304 -
191.95.55.156 - - [10/Jun/2024:07:06:45 -0500] "GET /sipse/faces/javax.faces.resource/layout/layout.js?ln=primefaces&v=4.0 HTTP/1.1" 304 -
201.245.192.253 - - [10/Jun/2024:07:06:48 -0500] "GET /kwsrmcab/Wsrmcab?wsdl HTTP/1.1" 200 6948
47.128.47.133 - - [10/Jun/2024:07:06:51 -0500] "GET /BLA/resoluciones/AUTOS%202021/0245.php?act=img&img=ext_gif HTTP/1.1" 200 175
47.128.47.133 - - [10/Jun/2024:07:06:51 -0500] "GET /BLA/resoluciones/AUTOS%202021/0245.php?act=img&img=ext_diz HTTP/1.1" 200 1027
47.128.47.133 - - [10/Jun/2024:07:06:51 -0500] "GET /BLA/resoluciones/AUTOS%202021/0245.php?act=img&img=ext_txt HTTP/1.1" 200 132
47.128.47.133 - - [10/Jun/2024:07:06:51 -0500] "GET /BLA/resoluciones/AUTOS%202021/0245.php?act=img&img=ext_exe HTTP/1.1" 200 118
47.128.47.133 - - [10/Jun/2024:07:06:51 -0500] "GET /BLA/resoluciones/AUTOS%202021/0245.php?act=img&img=ext_php HTTP/1.1" 200 79
47.128.47.133 - - [10/Jun/2024:07:06:51 -0500] "GET /BLA/resoluciones/AUTOS%202021/0245.php?act=img&img=ext_rtf HTTP/1.1" 200 164
47.128.47.133 - - [10/Jun/2024:07:06:51 -0500] "GET /BLA/resoluciones/AUTOS%202021/0245.php?act=img&img=ext_ini HTTP/1.1" 200 134
47.128.47.133 - - [10/Jun/2024:07:06:51 -0500] "GET /BLA/resoluciones/AUTOS%202021/0245.php?act=img&img=download HTTP/1.1" 200 161
47.128.47.133 - - [10/Jun/2024:07:06:52 -0500] "GET /BLA/resoluciones/AUTOS%202021/0245.php?act=img&img=change HTTP/1.1" 200 290
47.128.47.133 - - [10/Jun/2024:07:06:50 -0500] "GET /BLA/resoluciones/AUTOS%202021/0245.php?act=f&d=E%3A%5Cnuevo%5CphpMyAdmin2%5Clibraries%5Cdbi%5C&f=DBIMysqli.class.php&ft=info&fullhexdump=1 HTTP/1.1" 200 25715
47.128.47.133 - - [10/Jun/2024:07:06:54 -0500] "GET /BLA/resoluciones/AUTOS%202021/0245.php?act=img&img=ext_html HTTP/1.1" 200 230
191.95.55.156 - - [10/Jun/2024:07:06:54 -0500] "POST /sipse/faces/presentacion/financiero/solicitudProceso/consultarSolicitudProceso.xhtml HTTP/1.1" 200 5574
47.128.96.37 - - [10/Jun/2024:07:07:00 -0500] "GET /BLA/resoluciones/AUTOS%202021/0245.php?act=f&d=E%3A%5Cnuevo%5Chtdocs%5CBLA%5Cresoluciones%5CAUTOS+2021%5C&f=4588.pdf&ft=img HTTP/1.1" 200 15951
47.128.96.37 - - [10/Jun/2024:07:07:01 -0500] "GET /BLA/resoluciones/AUTOS%202021/0245.php?act=img&img=ext_diz HTTP/1.1" 200 1027
47.128.96.37 - - [10/Jun/2024:07:07:01 -0500] "GET /BLA/resoluciones/AUTOS%202021/0245.php?act=img&img=ext_html HTTP/1.1" 200 230
47.128.96.37 - - [10/Jun/2024:07:07:01 -0500] "GET /BLA/resoluciones/AUTOS%202021/0245.php?act=img&img=ext_txt HTTP/1.1" 200 132
47.128.96.37 - - [10/Jun/2024:07:07:01 -0500] "GET /BLA/resoluciones/AUTOS%202021/0245.php?act=img&img=ext_pdf HTTP/1.1" 200 1034
47.128.96.37 - - [10/Jun/2024:07:07:01 -0500] "GET /BLA/resoluciones/AUTOS%202021/0245.php?act=img&img=ext_exe HTTP/1.1" 200 118
47.128.96.37 - - [10/Jun/2024:07:07:01 -0500] "GET /BLA/resoluciones/AUTOS%202021/0245.php?act=img&img=ext_ini HTTP/1.1" 200 134
47.128.96.37 - - [10/Jun/2024:07:07:01 -0500] "GET /BLA/resoluciones/AUTOS%202021/0245.php?act=img&img=download HTTP/1.1" 200 161
47.128.96.37 - - [10/Jun/2024:07:07:02 -0500] "GET /BLA/resoluciones/AUTOS%202021/0245.php?act=img&img=ext_rtf HTTP/1.1" 200 164
47.128.96.37 - - [10/Jun/2024:07:07:02 -0500] "GET /BLA/resoluciones/AUTOS%202021/0245.php?act=img&img=change HTTP/1.1" 200 290
47.128.96.37 - - [10/Jun/2024:07:07:04 -0500] "GET /BLA/resoluciones/AUTOS%202021/0245.php?act=img&img=ext_gif HTTP/1.1" 200 175
181.61.36.59 - - [10/Jun/2024:07:07:09 -0500] "GET /BLA/resoluciones/AUTOS%202023/0273.pdf HTTP/1.1" 200 377424
181.61.36.59 - - [10/Jun/2024:07:07:09 -0500] "GET /BLA/resoluciones/AUTOS%202023/0273.pdf HTTP/1.1" 206 16384
47.128.122.84 - - [10/Jun/2024:07:07:10 -0500] "GET /BLA/resoluciones/AUTOS%202021/0245.php?act=f&d=E%3A%5Cnuevo%5Chtdocs%5CResiduos%5Cvehiculos%5Cimages&f=page53.swf&ft=info HTTP/1.1" 200 3890
47.128.122.84 - - [10/Jun/2024:07:07:11 -0500] "GET /BLA/resoluciones/AUTOS%202021/0245.php?act=img&img=ext_gif HTTP/1.1" 200 175
47.128.122.84 - - [10/Jun/2024:07:07:11 -0500] "GET /BLA/resoluciones/AUTOS%202021/0245.php?act=img&img=ext_diz HTTP/1.1" 200 1027
47.128.122.84 - - [10/Jun/2024:07:07:11 -0500] "GET /BLA/resoluciones/AUTOS%202021/0245.php?act=img&img=ext_swf HTTP/1.1" 200 254
47.128.122.84 - - [10/Jun/2024:07:07:11 -0500] "GET /BLA/resoluciones/AUTOS%202021/0245.php?act=img&img=ext_exe HTTP/1.1" 200 118
47.128.122.84 - - [10/Jun/2024:07:07:11 -0500] "GET /BLA/resoluciones/AUTOS%202021/0245.php?act=img&img=ext_html HTTP/1.1" 200 230
47.128.122.84 - - [10/Jun/2024:07:07:11 -0500] "GET /BLA/resoluciones/AUTOS%202021/0245.php?act=img&img=ext_txt HTTP/1.1" 200 132
47.128.122.84 - - [10/Jun/2024:07:07:11 -0500] "GET /BLA/resoluciones/AUTOS%202021/0245.php?act=img&img=ext_rtf HTTP/1.1" 200 164
47.128.122.84 - - [10/Jun/2024:07:07:11 -0500] "GET /BLA/resoluciones/AUTOS%202021/0245.php?act=img&img=change HTTP/1.1" 200 290
47.128.122.84 - - [10/Jun/2024:07:07:11 -0500] "GET /BLA/resoluciones/AUTOS%202021/0245.php?act=img&img=ext_ini HTTP/1.1" 200 134
47.128.122.84 - - [10/Jun/2024:07:07:11 -0500] "GET /BLA/resoluciones/AUTOS%202021/0245.php?act=img&img=download HTTP/1.1" 200 161
47.128.122.72 - - [10/Jun/2024:07:07:21 -0500] "GET /BLA/resoluciones/AUTOS%202021/0245.php?act=f&d=E%3A%5Cnuevo%5Chtdocs%5CBLA%5Cresoluciones%5CAUTOS+2021&f=4155.pdf&ft=edit HTTP/1.1" 200 3105
201.245.192.253 - - [10/Jun/2024:07:07:21 -0500] "POST /forms/lservlet;jsessionid=ac16012b30d6ff760ae712794f10ae9ac6c678f8143b.e3iSbxaKaheRe34Ra3iRa3mMah50n6jAmljGr5XDqQLvpAe HTTP/1.1" 200 2
47.128.122.72 - - [10/Jun/2024:07:07:21 -0500] "GET /BLA/resoluciones/AUTOS%202021/0245.php?act=img&img=ext_html HTTP/1.1" 200 230
47.128.122.72 - - [10/Jun/2024:07:07:21 -0500] "GET /BLA/resoluciones/AUTOS%202021/0245.php?act=img&img=ext_txt HTTP/1.1" 200 132
47.128.122.72 - - [10/Jun/2024:07:07:21 -0500] "GET /BLA/resoluciones/AUTOS%202021/0245.php?act=img&img=ext_gif HTTP/1.1" 200 175
47.128.122.72 - - [10/Jun/2024:07:07:21 -0500] "GET /BLA/resoluciones/AUTOS%202021/0245.php?act=img&img=ext_pdf HTTP/1.1" 200 1034
47.128.122.72 - - [10/Jun/2024:07:07:21 -0500] "GET /BLA/resoluciones/AUTOS%202021/0245.php?act=img&img=ext_diz HTTP/1.1" 200 1027
47.128.122.72 - - [10/Jun/2024:07:07:21 -0500] "GET /BLA/resoluciones/AUTOS%202021/0245.php?act=img&img=ext_exe HTTP/1.1" 200 118
47.128.122.72 - - [10/Jun/2024:07:07:22 -0500] "GET /BLA/resoluciones/AUTOS%202021/0245.php?act=img&img=ext_ini HTTP/1.1" 200 134
47.128.122.72 - - [10/Jun/2024:07:07:22 -0500] "GET /BLA/resoluciones/AUTOS%202021/0245.php?act=img&img=change HTTP/1.1" 200 290
47.128.122.72 - - [10/Jun/2024:07:07:22 -0500] "GET /BLA/resoluciones/AUTOS%202021/0245.php?act=img&img=ext_rtf HTTP/1.1" 200 164
47.128.122.72 - - [10/Jun/2024:07:07:22 -0500] "GET /BLA/resoluciones/AUTOS%202021/0245.php?act=img&img=download HTTP/1.1" 200 161
172.22.2.4 - - [10/Jun/2024:07:05:44 -0500] "HEAD /BLA/boletinlegal/ HTTP/1.1" 200 -
47.128.43.135 - - [10/Jun/2024:07:07:30 -0500] "GET /BLA/resoluciones/AUTOS%202021/0245.php?act=f&d=E%3A%5Cnuevo%5Chtdocs%5CBLA%5Cresoluciones%5CAUTOS+2021&f=5399.pdf HTTP/1.1" 200 3035
47.128.43.135 - - [10/Jun/2024:07:07:31 -0500] "GET /BLA/resoluciones/AUTOS%202021/0245.php?act=img&img=ext_html HTTP/1.1" 200 230
47.128.43.135 - - [10/Jun/2024:07:07:31 -0500] "GET /BLA/resoluciones/AUTOS%202021/0245.php?act=img&img=ext_diz HTTP/1.1" 200 1027
47.128.43.135 - - [10/Jun/2024:07:07:31 -0500] "GET /BLA/resoluciones/AUTOS%202021/0245.php?act=img&img=ext_txt HTTP/1.1" 200 132
47.128.43.135 - - [10/Jun/2024:07:07:31 -0500] "GET /BLA/resoluciones/AUTOS%202021/0245.php?act=img&img=ext_gif HTTP/1.1" 200 175
47.128.43.135 - - [10/Jun/2024:07:07:31 -0500] "GET /BLA/resoluciones/AUTOS%202021/0245.php?act=img&img=ext_pdf HTTP/1.1" 200 1034
47.128.43.135 - - [10/Jun/2024:07:07:31 -0500] "GET /BLA/resoluciones/AUTOS%202021/0245.php?act=img&img=ext_exe HTTP/1.1" 200 118
47.128.43.135 - - [10/Jun/2024:07:07:31 -0500] "GET /BLA/resoluciones/AUTOS%202021/0245.php?act=img&img=ext_rtf HTTP/1.1" 200 164
47.128.43.135 - - [10/Jun/2024:07:07:31 -0500] "GET /BLA/resoluciones/AUTOS%202021/0245.php?act=img&img=ext_ini HTTP/1.1" 200 134
47.128.43.135 - - [10/Jun/2024:07:07:31 -0500] "GET /BLA/resoluciones/AUTOS%202021/0245.php?act=img&img=change HTTP/1.1" 200 290
47.128.43.135 - - [10/Jun/2024:07:07:31 -0500] "GET /BLA/resoluciones/AUTOS%202021/0245.php?act=img&img=download HTTP/1.1" 200 161
191.95.55.156 - - [10/Jun/2024:07:07:37 -0500] "POST /sipse/faces/presentacion/financiero/solicitudProceso/consultarSolicitudProceso.xhtml HTTP/1.1" 200 36763
191.95.55.156 - - [10/Jun/2024:07:07:37 -0500] "GET /sipse/faces/javax.faces.resource/theme.css?ln=primefaces-sipse HTTP/1.1" 304 -
191.95.55.156 - - [10/Jun/2024:07:07:37 -0500] "GET /sipse/faces/javax.faces.resource/jquery/jquery.js?ln=primefaces&v=4.0 HTTP/1.1" 304 -
191.95.55.156 - - [10/Jun/2024:07:07:37 -0500] "GET /sipse/faces/javax.faces.resource/primefaces.css?ln=primefaces&v=4.0 HTTP/1.1" 304 -
191.95.55.156 - - [10/Jun/2024:07:07:37 -0500] "GET /sipse/faces/javax.faces.resource/layout/layout.css?ln=primefaces&v=4.0 HTTP/1.1" 304 -
191.95.55.156 - - [10/Jun/2024:07:07:37 -0500] "GET /sipse/faces/javax.faces.resource/jquery/jquery-plugins.js?ln=primefaces&v=4.0 HTTP/1.1" 304 -
191.95.55.156 - - [10/Jun/2024:07:07:37 -0500] "GET /sipse/faces/javax.faces.resource/primefaces.js?ln=primefaces&v=4.0 HTTP/1.1" 304 -
191.95.55.156 - - [10/Jun/2024:07:07:37 -0500] "GET /sipse/faces/javax.faces.resource/layout/layout.js?ln=primefaces&v=4.0 HTTP/1.1" 304 -
191.95.55.156 - - [10/Jun/2024:07:07:38 -0500] "POST /sipse/faces/presentacion/financiero/solicitudProceso/listarSolicitudProceso.xhtml HTTP/1.1" 200 30138
191.95.55.156 - - [10/Jun/2024:07:07:38 -0500] "POST /sipse/faces/presentacion/financiero/solicitudProceso/listarSolicitudProceso.xhtml HTTP/1.1" 200 30138
191.95.55.156 - - [10/Jun/2024:07:07:39 -0500] "POST /sipse/faces/presentacion/financiero/solicitudProceso/listarSolicitudProceso.xhtml HTTP/1.1" 200 30138
191.95.55.156 - - [10/Jun/2024:07:07:39 -0500] "POST /sipse/faces/presentacion/financiero/solicitudProceso/listarSolicitudProceso.xhtml HTTP/1.1" 200 30138
191.95.55.156 - - [10/Jun/2024:07:07:40 -0500] "POST /sipse/faces/presentacion/financiero/solicitudProceso/listarSolicitudProceso.xhtml HTTP/1.1" 200 30138
191.95.55.156 - - [10/Jun/2024:07:07:40 -0500] "POST /sipse/faces/presentacion/financiero/solicitudProceso/listarSolicitudProceso.xhtml HTTP/1.1" 200 30138
191.95.55.156 - - [10/Jun/2024:07:07:41 -0500] "POST /sipse/faces/presentacion/financiero/solicitudProceso/listarSolicitudProceso.xhtml HTTP/1.1" 200 30138
47.128.36.138 - - [10/Jun/2024:07:07:42 -0500] "GET /BLA/resoluciones/AUTOS%202021/0245.php?act=f&d=E%3A%5Cnuevo%5Chtdocs%5Csig%5CGesti%F3n+Ambiental%5C&f=126PM03-PR01.pdf&fullhexdump=1 HTTP/1.1" 200 2999
191.95.55.156 - - [10/Jun/2024:07:07:42 -0500] "POST /sipse/faces/presentacion/financiero/solicitudProceso/listarSolicitudProceso.xhtml HTTP/1.1" 200 30138
47.128.36.138 - - [10/Jun/2024:07:07:42 -0500] "GET /BLA/resoluciones/AUTOS%202021/0245.php?act=img&img=ext_gif HTTP/1.1" 200 175
47.128.36.138 - - [10/Jun/2024:07:07:43 -0500] "GET /BLA/resoluciones/AUTOS%202021/0245.php?act=img&img=ext_txt HTTP/1.1" 200 132
47.128.36.138 - - [10/Jun/2024:07:07:43 -0500] "GET /BLA/resoluciones/AUTOS%202021/0245.php?act=img&img=ext_html HTTP/1.1" 200 230
47.128.36.138 - - [10/Jun/2024:07:07:43 -0500] "GET /BLA/resoluciones/AUTOS%202021/0245.php?act=img&img=ext_diz HTTP/1.1" 200 1027
191.95.55.156 - - [10/Jun/2024:07:07:42 -0500] "POST /sipse/faces/presentacion/financiero/solicitudProceso/listarSolicitudProceso.xhtml HTTP/1.1" 200 30138
47.128.36.138 - - [10/Jun/2024:07:07:43 -0500] "GET /BLA/resoluciones/AUTOS%202021/0245.php?act=img&img=ext_exe HTTP/1.1" 200 118
47.128.36.138 - - [10/Jun/2024:07:07:43 -0500] "GET /BLA/resoluciones/AUTOS%202021/0245.php?act=img&img=ext_pdf HTTP/1.1" 200 1034
47.128.36.138 - - [10/Jun/2024:07:07:43 -0500] "GET /BLA/resoluciones/AUTOS%202021/0245.php?act=img&img=ext_rtf HTTP/1.1" 200 164
47.128.36.138 - - [10/Jun/2024:07:07:43 -0500] "GET /BLA/resoluciones/AUTOS%202021/0245.php?act=img&img=change HTTP/1.1" 200 290
47.128.36.138 - - [10/Jun/2024:07:07:43 -0500] "GET /BLA/resoluciones/AUTOS%202021/0245.php?act=img&img=download HTTP/1.1" 200 161
191.95.55.156 - - [10/Jun/2024:07:07:43 -0500] "POST /sipse/faces/presentacion/financiero/solicitudProceso/listarSolicitudProceso.xhtml HTTP/1.1" 200 30138
47.128.36.138 - - [10/Jun/2024:07:07:43 -0500] "GET /BLA/resoluciones/AUTOS%202021/0245.php?act=img&img=ext_ini HTTP/1.1" 200 134
191.95.55.156 - - [10/Jun/2024:07:07:43 -0500] "POST /sipse/faces/presentacion/financiero/solicitudProceso/listarSolicitudProceso.xhtml HTTP/1.1" 200 30138
191.95.55.156 - - [10/Jun/2024:07:07:44 -0500] "POST /sipse/faces/presentacion/financiero/solicitudProceso/listarSolicitudProceso.xhtml HTTP/1.1" 200 30138
191.95.55.156 - - [10/Jun/2024:07:07:45 -0500] "POST /sipse/faces/presentacion/financiero/solicitudProceso/listarSolicitudProceso.xhtml HTTP/1.1" 200 30138
191.95.55.156 - - [10/Jun/2024:07:07:45 -0500] "POST /sipse/faces/presentacion/financiero/solicitudProceso/listarSolicitudProceso.xhtml HTTP/1.1" 200 30138
191.95.55.156 - - [10/Jun/2024:07:07:46 -0500] "POST /sipse/faces/presentacion/financiero/solicitudProceso/listarSolicitudProceso.xhtml HTTP/1.1" 200 30138
191.95.55.156 - - [10/Jun/2024:07:07:47 -0500] "POST /sipse/faces/presentacion/financiero/solicitudProceso/listarSolicitudProceso.xhtml HTTP/1.1" 200 30138
201.245.192.253 - - [10/Jun/2024:07:07:48 -0500] "GET /kwsrmcab/Wsrmcab?wsdl HTTP/1.1" 200 6948
191.95.55.156 - - [10/Jun/2024:07:07:48 -0500] "POST /sipse/faces/presentacion/financiero/solicitudProceso/listarSolicitudProceso.xhtml HTTP/1.1" 200 1404
191.95.55.156 - - [10/Jun/2024:07:07:48 -0500] "POST /sipse/faces/presentacion/financiero/solicitudProceso/listarSolicitudProceso.xhtml HTTP/1.1" 200 1396
191.95.55.156 - - [10/Jun/2024:07:07:49 -0500] "POST /sipse/faces/presentacion/financiero/solicitudProceso/listarSolicitudProceso.xhtml HTTP/1.1" 200 1408
191.95.55.156 - - [10/Jun/2024:07:07:49 -0500] "POST /sipse/faces/presentacion/financiero/solicitudProceso/listarSolicitudProceso.xhtml HTTP/1.1" 200 1396
191.95.55.156 - - [10/Jun/2024:07:07:50 -0500] "POST /sipse/faces/presentacion/financiero/solicitudProceso/listarSolicitudProceso.xhtml HTTP/1.1" 200 1404
191.95.55.156 - - [10/Jun/2024:07:07:50 -0500] "POST /sipse/faces/presentacion/financiero/solicitudProceso/listarSolicitudProceso.xhtml HTTP/1.1" 200 1396
47.128.26.23 - - [10/Jun/2024:07:07:50 -0500] "GET /BLA/resoluciones/AUTOS%202021/0245.php?act=f&d=E%3A%5Cnuevo%5Chtdocs%5CBLA%5Cresoluciones%5CRESOLUCIONES+2006%5CRES+2006+2201-2250&f=00002211.tif HTTP/1.1" 200 17696
191.95.55.156 - - [10/Jun/2024:07:07:51 -0500] "POST /sipse/faces/presentacion/financiero/solicitudProceso/listarSolicitudProceso.xhtml HTTP/1.1" 200 1404
47.128.26.23 - - [10/Jun/2024:07:07:51 -0500] "GET /BLA/resoluciones/AUTOS%202021/0245.php?act=img&img=ext_tif HTTP/1.1" 200 175
47.128.26.23 - - [10/Jun/2024:07:07:51 -0500] "GET /BLA/resoluciones/AUTOS%202021/0245.php?act=img&img=ext_diz HTTP/1.1" 200 1027
47.128.26.23 - - [10/Jun/2024:07:07:51 -0500] "GET /BLA/resoluciones/AUTOS%202021/0245.php?act=img&img=ext_html HTTP/1.1" 200 230
47.128.26.23 - - [10/Jun/2024:07:07:52 -0500] "GET /BLA/resoluciones/AUTOS%202021/0245.php?act=img&img=ext_gif HTTP/1.1" 200 175
47.128.26.23 - - [10/Jun/2024:07:07:52 -0500] "GET /BLA/resoluciones/AUTOS%202021/0245.php?act=img&img=ext_txt HTTP/1.1" 200 132
47.128.26.23 - - [10/Jun/2024:07:07:52 -0500] "GET /BLA/resoluciones/AUTOS%202021/0245.php?act=img&img=ext_exe HTTP/1.1" 200 118
191.95.55.156 - - [10/Jun/2024:07:07:51 -0500] "POST /sipse/faces/presentacion/financiero/solicitudProceso/listarSolicitudProceso.xhtml HTTP/1.1" 200 1396
47.128.26.23 - - [10/Jun/2024:07:07:52 -0500] "GET /BLA/resoluciones/AUTOS%202021/0245.php?act=img&img=ext_rtf HTTP/1.1" 200 164
47.128.26.23 - - [10/Jun/2024:07:07:52 -0500] "GET /BLA/resoluciones/AUTOS%202021/0245.php?act=img&img=change HTTP/1.1" 200 290
47.128.26.23 - - [10/Jun/2024:07:07:52 -0500] "GET /BLA/resoluciones/AUTOS%202021/0245.php?act=img&img=ext_ini HTTP/1.1" 200 134
47.128.26.23 - - [10/Jun/2024:07:07:52 -0500] "GET /BLA/resoluciones/AUTOS%202021/0245.php?act=img&img=download HTTP/1.1" 200 161
191.95.55.156 - - [10/Jun/2024:07:07:52 -0500] "POST /sipse/faces/presentacion/financiero/solicitudProceso/listarSolicitudProceso.xhtml HTTP/1.1" 200 1404
191.95.55.156 - - [10/Jun/2024:07:07:53 -0500] "POST /sipse/faces/presentacion/financiero/solicitudProceso/listarSolicitudProceso.xhtml HTTP/1.1" 200 1400
191.95.55.156 - - [10/Jun/2024:07:07:53 -0500] "POST /sipse/faces/presentacion/financiero/solicitudProceso/listarSolicitudProceso.xhtml HTTP/1.1" 200 1404
191.95.55.156 - - [10/Jun/2024:07:07:54 -0500] "POST /sipse/faces/presentacion/financiero/solicitudProceso/listarSolicitudProceso.xhtml HTTP/1.1" 200 1396
191.95.55.156 - - [10/Jun/2024:07:07:54 -0500] "POST /sipse/faces/presentacion/financiero/solicitudProceso/listarSolicitudProceso.xhtml HTTP/1.1" 200 1404
191.95.55.156 - - [10/Jun/2024:07:07:55 -0500] "POST /sipse/faces/presentacion/financiero/solicitudProceso/listarSolicitudProceso.xhtml HTTP/1.1" 200 1396
191.95.55.156 - - [10/Jun/2024:07:07:55 -0500] "POST /sipse/faces/presentacion/financiero/solicitudProceso/listarSolicitudProceso.xhtml HTTP/1.1" 200 1404
191.95.55.156 - - [10/Jun/2024:07:07:56 -0500] "POST /sipse/faces/presentacion/financiero/solicitudProceso/listarSolicitudProceso.xhtml HTTP/1.1" 200 1396
191.95.55.156 - - [10/Jun/2024:07:07:56 -0500] "POST /sipse/faces/presentacion/financiero/solicitudProceso/listarSolicitudProceso.xhtml HTTP/1.1" 200 1404
47.128.44.240 - - [10/Jun/2024:07:08:02 -0500] "GET /BLA/resoluciones/AUTOS%202021/0245.php?act=img&img=ext_html HTTP/1.1" 200 230
47.128.44.240 - - [10/Jun/2024:07:08:02 -0500] "GET /BLA/resoluciones/AUTOS%202021/0245.php?act=img&img=ext_jpg HTTP/1.1" 200 175
47.128.44.240 - - [10/Jun/2024:07:08:02 -0500] "GET /BLA/resoluciones/AUTOS%202021/0245.php?act=img&img=ext_txt HTTP/1.1" 200 132
47.128.44.240 - - [10/Jun/2024:07:08:02 -0500] "GET /BLA/resoluciones/AUTOS%202021/0245.php?act=img&img=ext_diz HTTP/1.1" 200 1027
47.128.44.240 - - [10/Jun/2024:07:08:00 -0500] "GET /BLA/resoluciones/AUTOS%202021/0245.php?act=f&d=E%3A%5Cnuevo%5Chtdocs%5CResiduos%5Ctextiles%5Cimages&f=page59_thumbnail.jpg HTTP/1.1" 200 16152
47.128.44.240 - - [10/Jun/2024:07:08:02 -0500] "GET /BLA/resoluciones/AUTOS%202021/0245.php?act=img&img=ext_exe HTTP/1.1" 200 118
47.128.44.240 - - [10/Jun/2024:07:08:02 -0500] "GET /BLA/resoluciones/AUTOS%202021/0245.php?act=img&img=change HTTP/1.1" 200 290
47.128.44.240 - - [10/Jun/2024:07:08:02 -0500] "GET /BLA/resoluciones/AUTOS%202021/0245.php?act=img&img=ext_rtf HTTP/1.1" 200 164
47.128.44.240 - - [10/Jun/2024:07:08:02 -0500] "GET /BLA/resoluciones/AUTOS%202021/0245.php?act=img&img=ext_gif HTTP/1.1" 200 175
47.128.44.240 - - [10/Jun/2024:07:08:02 -0500] "GET /BLA/resoluciones/AUTOS%202021/0245.php?act=img&img=ext_ini HTTP/1.1" 200 134
47.128.44.240 - - [10/Jun/2024:07:08:02 -0500] "GET /BLA/resoluciones/AUTOS%202021/0245.php?act=img&img=download HTTP/1.1" 200 161
191.95.55.156 - - [10/Jun/2024:07:08:06 -0500] "POST /sipse/faces/presentacion/financiero/solicitudProceso/listarSolicitudProceso.xhtml HTTP/1.1" 200 23378
47.128.96.48 - - [10/Jun/2024:07:08:10 -0500] "GET /BLA/resoluciones/AUTOS%202021/0245.php?act=f&d=C%3A%5CUsers%5CAdministrator%5CDesktop&f=SoapUI-x32-5.3.0.exe&ft=info HTTP/1.1" 200 3695
47.128.96.48 - - [10/Jun/2024:07:08:12 -0500] "GET /BLA/resoluciones/AUTOS%202021/0245.php?act=img&img=ext_exe HTTP/1.1" 200 118
47.128.96.48 - - [10/Jun/2024:07:08:13 -0500] "GET /BLA/resoluciones/AUTOS%202021/0245.php?act=img&img=ext_gif HTTP/1.1" 200 175
47.128.96.48 - - [10/Jun/2024:07:08:13 -0500] "GET /BLA/resoluciones/AUTOS%202021/0245.php?act=img&img=ext_ini HTTP/1.1" 200 134
47.128.96.48 - - [10/Jun/2024:07:08:13 -0500] "GET /BLA/resoluciones/AUTOS%202021/0245.php?act=img&img=ext_diz HTTP/1.1" 200 1027
47.128.96.48 - - [10/Jun/2024:07:08:13 -0500] "GET /BLA/resoluciones/AUTOS%202021/0245.php?act=img&img=ext_txt HTTP/1.1" 200 132
47.128.96.48 - - [10/Jun/2024:07:08:13 -0500] "GET /BLA/resoluciones/AUTOS%202021/0245.php?act=img&img=ext_html HTTP/1.1" 200 230
47.128.96.48 - - [10/Jun/2024:07:08:13 -0500] "GET /BLA/resoluciones/AUTOS%202021/0245.php?act=img&img=ext_rtf HTTP/1.1" 200 164
47.128.96.48 - - [10/Jun/2024:07:08:13 -0500] "GET /BLA/resoluciones/AUTOS%202021/0245.php?act=img&img=change HTTP/1.1" 200 290
47.128.96.48 - - [10/Jun/2024:07:08:13 -0500] "GET /BLA/resoluciones/AUTOS%202021/0245.php?act=img&img=download HTTP/1.1" 200 161
172.22.2.4 - - [10/Jun/2024:07:06:35 -0500] "GET /BLA/boletinlegal/ HTTP/1.1" 200 58273
191.95.55.156 - - [10/Jun/2024:07:08:15 -0500] "POST /sipse/faces/presentacion/financiero/solicitudProceso/listarSolicitudProceso.xhtml HTTP/1.1" 200 157708
191.95.55.156 - - [10/Jun/2024:07:08:15 -0500] "GET /sipse/faces/javax.faces.resource/theme.css?ln=primefaces-sipse HTTP/1.1" 304 -
191.95.55.156 - - [10/Jun/2024:07:08:15 -0500] "GET /sipse/faces/javax.faces.resource/primefaces.css?ln=primefaces&v=4.0 HTTP/1.1" 304 -
191.95.55.156 - - [10/Jun/2024:07:08:15 -0500] "GET /sipse/faces/javax.faces.resource/layout/layout.css?ln=primefaces&v=4.0 HTTP/1.1" 304 -
191.95.55.156 - - [10/Jun/2024:07:08:16 -0500] "GET /sipse/faces/javax.faces.resource/jquery/jquery.js?ln=primefaces&v=4.0 HTTP/1.1" 304 -
191.95.55.156 - - [10/Jun/2024:07:08:16 -0500] "GET /sipse/faces/javax.faces.resource/jquery/jquery-plugins.js?ln=primefaces&v=4.0 HTTP/1.1" 304 -
191.95.55.156 - - [10/Jun/2024:07:08:16 -0500] "GET /sipse/faces/javax.faces.resource/primefaces.js?ln=primefaces&v=4.0 HTTP/1.1" 304 -
191.95.55.156 - - [10/Jun/2024:07:08:16 -0500] "GET /sipse/faces/javax.faces.resource/layout/layout.js?ln=primefaces&v=4.0 HTTP/1.1" 304 -
191.95.55.156 - - [10/Jun/2024:07:08:20 -0500] "POST /sipse/faces/presentacion/financiero/solicitudProceso/consultarSolicitudProceso.xhtml HTTP/1.1" 200 5522
47.128.44.40 - - [10/Jun/2024:07:08:21 -0500] "GET /BLA/resoluciones/AUTOS%202021/0245.php?act=f&d=E%3A%5Cnuevo%5Chtdocs%5Ccumbreclima%5Cwp-admin&f=ms-options.php HTTP/1.1" 200 3259
47.128.44.40 - - [10/Jun/2024:07:08:22 -0500] "GET /BLA/resoluciones/AUTOS%202021/0245.php?act=img&img=ext_html HTTP/1.1" 200 230
47.128.44.40 - - [10/Jun/2024:07:08:22 -0500] "GET /BLA/resoluciones/AUTOS%202021/0245.php?act=img&img=ext_txt HTTP/1.1" 200 132
47.128.44.40 - - [10/Jun/2024:07:08:22 -0500] "GET /BLA/resoluciones/AUTOS%202021/0245.php?act=img&img=ext_gif HTTP/1.1" 200 175
47.128.44.40 - - [10/Jun/2024:07:08:22 -0500] "GET /BLA/resoluciones/AUTOS%202021/0245.php?act=img&img=ext_php HTTP/1.1" 200 79
47.128.44.40 - - [10/Jun/2024:07:08:22 -0500] "GET /BLA/resoluciones/AUTOS%202021/0245.php?act=img&img=ext_diz HTTP/1.1" 200 1027
