181.60.154.226 - - [12/Jun/2024:09:08:39 -0500] "GET /sipse/css/v_mergente.css HTTP/1.1" 304 -
181.60.154.226 - - [12/Jun/2024:09:08:39 -0500] "GET /sipse/imagenes/logoAplicacion.jpg HTTP/1.1" 304 -
181.60.154.226 - - [12/Jun/2024:09:08:39 -0500] "GET /sipse/imagenes/cargando.gif HTTP/1.1" 304 -
181.60.154.226 - - [12/Jun/2024:09:08:39 -0500] "GET /sipse/css/imagen/contrasena.png HTTP/1.1" 404 383
47.128.39.85 - - [12/Jun/2024:09:08:39 -0500] "GET /BLA/resoluciones/AUTOS%202021/0245.php?act=f&d=E%3A%5Cnuevo%5Ctomcat%5Cbin&f=digest.sh&ft=download HTTP/1.1" 200 2021
181.60.154.226 - - [12/Jun/2024:09:08:41 -0500] "GET /sipse/faces/javax.faces.resource/images/ui-bg_flat_0_2d5972_40x100.png?ln=primefaces-aristo HTTP/1.1" 304 -
181.60.154.226 - - [12/Jun/2024:09:08:41 -0500] "POST /sipse/faces/bienvenido.xhtml HTTP/1.1" 200 9852
201.245.192.253 - - [12/Jun/2024:09:08:41 -0500] "POST /kwsrmcab/Wsrmcab  HTTP/1.1" 200 36347
181.60.154.226 - - [12/Jun/2024:09:08:44 -0500] "POST /sipse/faces/bienvenido.xhtml HTTP/1.1" 200 2658
181.60.154.226 - - [12/Jun/2024:09:08:45 -0500] "POST /sipse/faces/bienvenido.xhtml HTTP/1.1" 200 33161
181.60.154.226 - - [12/Jun/2024:09:08:45 -0500] "GET /sipse/faces/javax.faces.resource/primefaces.css?ln=primefaces&v=4.0 HTTP/1.1" 304 -
181.60.154.226 - - [12/Jun/2024:09:08:45 -0500] "GET /sipse/faces/javax.faces.resource/theme.css?ln=primefaces-sipse HTTP/1.1" 304 -
181.60.154.226 - - [12/Jun/2024:09:08:45 -0500] "GET /sipse/faces/javax.faces.resource/layout/layout.css?ln=primefaces&v=4.0 HTTP/1.1" 304 -
181.60.154.226 - - [12/Jun/2024:09:08:45 -0500] "GET /sipse/faces/javax.faces.resource/jquery/jquery.js?ln=primefaces&v=4.0 HTTP/1.1" 304 -
181.60.154.226 - - [12/Jun/2024:09:08:45 -0500] "GET /sipse/faces/javax.faces.resource/jquery/jquery-plugins.js?ln=primefaces&v=4.0 HTTP/1.1" 304 -
181.60.154.226 - - [12/Jun/2024:09:08:45 -0500] "GET /sipse/faces/javax.faces.resource/primefaces.js?ln=primefaces&v=4.0 HTTP/1.1" 304 -
181.60.154.226 - - [12/Jun/2024:09:08:45 -0500] "GET /sipse/faces/javax.faces.resource/layout/layout.js?ln=primefaces&v=4.0 HTTP/1.1" 304 -
181.60.154.226 - - [12/Jun/2024:09:08:45 -0500] "POST /sipse/faces/presentacion/financiero/solicitudProceso/listarSolicitudProceso.xhtml HTTP/1.1" 200 1376
47.128.121.94 - - [12/Jun/2024:09:08:49 -0500] "GET /BLA/resoluciones/AUTOS%202021/0245.php?act=f&d=E%3A%5Cnuevo%5Cmysql%5C&f=mysql_uninstallservice.bat&ft=download HTTP/1.1" 200 395
47.128.29.228 - - [12/Jun/2024:09:08:57 -0500] "GET /BLA/resoluciones/AUTOS%202021/0245.php?act=f&d=C%3A%5CUsers%5CAdministrator%5CDownloads&f=uno%281%29.sql&ft=download HTTP/1.1" 200 687779
181.60.154.226 - - [12/Jun/2024:09:09:08 -0500] "POST /sipse/faces/presentacion/financiero/solicitudProceso/listarSolicitudProceso.xhtml HTTP/1.1" 200 1717
201.245.192.253 - - [12/Jun/2024:09:09:09 -0500] "GET /sipse/faces/faces/autenticacion.xhtml HTTP/1.1" 200 12736
201.245.192.253 - - [12/Jun/2024:09:09:09 -0500] "GET /sipse/css/custom_css_sg.css HTTP/1.1" 200 9694
201.245.192.253 - - [12/Jun/2024:09:09:09 -0500] "GET /sipse/css/custom_css_sg_prime_login.css HTTP/1.1" 200 443
201.245.192.253 - - [12/Jun/2024:09:09:09 -0500] "GET /sipse/faces/javax.faces.resource/theme.css?ln=primefaces-sipse HTTP/1.1" 200 50058
201.245.192.253 - - [12/Jun/2024:09:09:09 -0500] "GET /sipse/faces/javax.faces.resource/layout/layout.css;jsessionid=dkNvtryrITYETk41w4MvXnyi.undefined?ln=primefaces&v=4.0 HTTP/1.1" 200 542
201.245.192.253 - - [12/Jun/2024:09:09:09 -0500] "GET /sipse/faces/javax.faces.resource/jquery/jquery.js;jsessionid=dkNvtryrITYETk41w4MvXnyi.undefined?ln=primefaces&v=4.0 HTTP/1.1" 200 105384
201.245.192.253 - - [12/Jun/2024:09:09:09 -0500] "GET /sipse/faces/javax.faces.resource/primefaces.css;jsessionid=dkNvtryrITYETk41w4MvXnyi.undefined?ln=primefaces&v=4.0 HTTP/1.1" 200 53295
201.245.192.253 - - [12/Jun/2024:09:09:09 -0500] "GET /sipse/faces/javax.faces.resource/jquery/jquery-plugins.js;jsessionid=dkNvtryrITYETk41w4MvXnyi.undefined?ln=primefaces&v=4.0 HTTP/1.1" 200 220526
201.245.192.253 - - [12/Jun/2024:09:09:09 -0500] "GET /sipse/faces/javax.faces.resource/layout/layout.js;jsessionid=dkNvtryrITYETk41w4MvXnyi.undefined?ln=primefaces&v=4.0 HTTP/1.1" 200 87560
201.245.192.253 - - [12/Jun/2024:09:09:09 -0500] "GET /sipse/js/disable_browser_buttons.js HTTP/1.1" 200 3230
201.245.192.253 - - [12/Jun/2024:09:09:09 -0500] "GET /sipse/faces/javax.faces.resource/primefaces.js;jsessionid=dkNvtryrITYETk41w4MvXnyi.undefined?ln=primefaces&v=4.0 HTTP/1.1" 200 276924
201.245.192.253 - - [12/Jun/2024:09:09:09 -0500] "GET /sipse/js/funciones.js HTTP/1.1" 200 12592
201.245.192.253 - - [12/Jun/2024:09:09:09 -0500] "GET /sipse/faces/javax.faces.resource/images/ui-icons_898989_256x240.png?ln=primefaces-aristo HTTP/1.1" 200 5355
201.245.192.253 - - [12/Jun/2024:09:09:09 -0500] "GET /sipse/css/imagen/logoSDG.png HTTP/1.1" 200 53064
201.245.192.253 - - [12/Jun/2024:09:09:09 -0500] "GET /sipse/css/imagen/loginimg.png HTTP/1.1" 200 71635
201.245.192.253 - - [12/Jun/2024:09:09:09 -0500] "GET /favicon.ico HTTP/1.1" 200 7782
201.245.192.253 - - [12/Jun/2024:09:09:09 -0500] "GET /sipse/faces/faces/index.xhtml HTTP/1.1" 200 677
201.245.192.253 - - [12/Jun/2024:09:09:09 -0500] "GET /sipse/faces/javax.faces.resource/theme.css?ln=primefaces-sipse HTTP/1.1" 304 -
201.245.192.253 - - [12/Jun/2024:09:09:09 -0500] "GET /sipse/faces/faces/faces/autenticacion.xhtml HTTP/1.1" 200 12414
201.245.192.253 - - [12/Jun/2024:09:09:09 -0500] "GET /sipse/faces/javax.faces.resource/theme.css?ln=primefaces-sipse HTTP/1.1" 304 -
201.245.192.253 - - [12/Jun/2024:09:09:09 -0500] "GET /sipse/faces/javax.faces.resource/layout/layout.css?ln=primefaces&v=4.0 HTTP/1.1" 200 542
201.245.192.253 - - [12/Jun/2024:09:09:09 -0500] "GET /sipse/faces/javax.faces.resource/primefaces.css?ln=primefaces&v=4.0 HTTP/1.1" 200 53295
47.128.39.50 - - [12/Jun/2024:09:09:09 -0500] "GET /BLA/resoluciones/AUTOS%202021/0245.php?act=f&d=E%3A%5Cnuevo%5Ctmp&f=php23C7.tmp&ft=download HTTP/1.1" 200 27
201.245.192.253 - - [12/Jun/2024:09:09:09 -0500] "GET /sipse/faces/javax.faces.resource/jquery/jquery.js?ln=primefaces&v=4.0 HTTP/1.1" 304 -
201.245.192.253 - - [12/Jun/2024:09:09:10 -0500] "GET /sipse/faces/javax.faces.resource/jquery/jquery-plugins.js?ln=primefaces&v=4.0 HTTP/1.1" 304 -
201.245.192.253 - - [12/Jun/2024:09:09:10 -0500] "GET /sipse/faces/javax.faces.resource/primefaces.js?ln=primefaces&v=4.0 HTTP/1.1" 304 -
201.245.192.253 - - [12/Jun/2024:09:09:10 -0500] "GET /sipse/faces/javax.faces.resource/layout/layout.js?ln=primefaces&v=4.0 HTTP/1.1" 304 -
201.245.192.253 - - [12/Jun/2024:09:09:10 -0500] "GET /sipse/faces/javax.faces.resource/images/ui-icons_898989_256x240.png?ln=primefaces-aristo HTTP/1.1" 304 -
186.102.113.228 - - [12/Jun/2024:09:09:11 -0500] "GET /kwssiamovil/sm/acme/a?s=U2FsdGVkX1/5R+x5QORdNjuwXf1ihC3MrfXDXWdDEqiwXtFPBsUF5FkMhKsg2kI3cxS3jB9UdhPJcMjK5U3infPv+J4ZbTaswiflSqcehEcvDCfCYaCsbhbsjsBO1v833dUGzxTvC7A851UbMq7Fl34wzYB0sEn/KvdUu4ThQGVdyvn+gEiq4HS4pcZyjfTQcxxgvs/ABehXrF9AtQ0VZtOioV4pWQeQkBaSRroCbNDskOZkoMHgOTi0Ez0nMQlLHgo5tnHRaaoB9ONoem2dkw==&u=U2FsdGVkX1/7caZInnzr8mua+q1aIdrH5KHtQgIk+D0=&y=U2FsdGVkX1/CCHp62rwL04U8VNTwMrPNgKg5lxY67XY= HTTP/1.1" 200 26
181.60.154.226 - - [12/Jun/2024:09:09:11 -0500] "POST /sipse/faces/presentacion/financiero/solicitudProceso/listarSolicitudProceso.xhtml HTTP/1.1" 200 2761
186.102.113.228 - - [12/Jun/2024:09:09:11 -0500] "GET /kwssiamovil/sm/acme/a?s=U2FsdGVkX19Yp/aCA6G1mMXPYXqCnbC3C5Rv/Xcnm4JXo0c6xRrmhFJxmacXaFqfckT67mVakby2AMsiVxBgJR9e54DpayZf/BC9QVZNm4h1NIip/1baK2tpdE7TeKtIuG9UzwKHS64FuxA8S78c3ebZQUZCdr2yS/seaxRYnj3OCx6mFhL+zSffy6GIMmp42GEgYv0O4wulJg0/rTuy9Y4jBELuOIqdznMB3peRvqtKHhQnO15B5x9ngrQ26fIgSiDD3/gbFFOlScfFBbnulkOtD99GIg2v24FrCzqMpMSK0z+nhAarAmiB9ZtTlwEG4L+I8ywhfa6J9ZxHmd22xAW45NZvqgNOTVAcO+ixY1pYWIcPMx1EOLLOjv+lU6krsCdxB92RvlwqeYSWAGnULTAYw+rE4sKJ3Bd4Z07/psHW+0A+pfaFXD4f2lXRltkWDbmfn+4fCf7MfFJEWK50LTbmEytoCNNJAjJdxQx9F3RPVLlq+YXH8vmEuWBZF2fv+Vgp66pP31ufBFXbCdaqtl4OUoOt66QOwqkOw7iZX/4WXQMW1a0GqRTQk7dGC4+4cjnTeXNAW9QTojiHyDOw800k+ccRDeHz/IJvGcXV5r5Knia6s708tu3ko8vLWRkMj+4FVFpvAjiKQ4/Gko6hm1gthN93gsZIrSOaT93AHauVhQ6t0+govres6089dHZm3N7Rg8xbzlcQ3eMTWS+gy5r/ueBQ49wo15FID0K1fF0U6yGfZKWInATAgyKiKjlsiGHxgZ1rQDz7G0OrS2ZitXWhB7bRSS6P1JJHzDKyFB8Qe1amYORGxKuSzdrJZ3zqHOm3VC09g9qF/rc2aLRmV5DyJMGFB0hGG+1JZ7NvVeuNgTLwIFiEuO0sqC1d10OBBarpAbdMKvv/nuHl8v0TZMnHRIcMWuYYWh7uU32/UIW49Af+T7A300aGUOwAW96vlvNgfTy+uHFgc+0MTn0c+JoQOg9q8vEuT1zizyW8f9NUb8nnyyWb+r+281X2vradqjRTDbWANXgsYYvbPc+3UJsDMFiM402HaAnt2IgPbQ6Z8IUwVjEns8JLVrfQFf+6tzcjjYEQ+1mMoGTEpSYhjmC1GcHLhhFXJKXMz5Rmoaq+blf41m5HuBAM0s0nMeLQqGiBrYLaLpewhLyDE6UQrCZm28rwlNlQKPObav9Rk/M3vMC2unFZSgObi8H5KSRSxUv8QXkmEDn5iPNoTxpdyDcK9+ipt1Ry/YLuf+Lt5ziIa0AOq5EjknVGGP3EN4stweb9w0NpBamR7XGd4luMg0lgWk1qZkTMSFkQbyOT986+C9Ie3Q34c5K+VDfWRMf+jmZSJ/zK5+khmJmO+Nn0AItNKS29cM4bOce8l+0MSDDoCQqqt0XThQy6on7N5fAwKNnTgeUWEqNBC5iMh3FtkPk99UmdylkUCZmVMwLnHFrHBoZY/dktCCFdJwx/c4TswEdf23jbHk28ofcleoe5jXU8sgOKeGuHhgdtHZOilq1NCJEbADHrJ96CHZwUDrFbczm9+CYr97HIuoVlXAcW1hQb2xEvG7WfdoR2jyHvas6yeM784IOLIeNZ1FR+eQH3NJG5mR83u8aNVKcUc7ABse3F4jQoAfZbd8a+XkeiYKVraglmw5tYQSJR/AAB30d735dO9el9UvOc2dvDXXUGzas4/jng4/tcOACO1RxRXMJTrt189KX2W6vbkj7HVT3ITkvhaFNeX4DP8LByNawQ9DTdFhhOU2ZUtZyYEYaOFsGkVvmxJxawGwBHIcM0DWltRk2hxBlAze7Ngs17GmRTq5fxjuKNDCyuG7Kad7w6fntR59r/Y/d31jFq76jSJmdSFZUNT0aHPv315fo3Re/dSusHI5fJxQC/0tevUDgUa+zcFwAmzJg6w0NunEs6XZHb4l6mWOFP+NzyxN4Vfd3N0NEdrBAMls5RNFjRKCRoYJk=&u=U2FsdGVkX1/7caZInnzr8mua+q1aIdrH5KHtQgIk+D0=&y=U2FsdGVkX1/CCHp62rwL04U8VNTwMrPNgKg5lxY67XY= HTTP/1.1" 200 26
186.102.113.228 - - [12/Jun/2024:09:09:11 -0500] "GET /kwssiamovil/sm/acme/a?s=U2FsdGVkX19MnDpDuP7kqyAPi7AJ/aQkWFZ63CbaO3z6f+Ezn8HBw2FL1hEuaElApLBcCQYC0y29ycqx4qhlY5SefgjkylLdoU0vqcRoQnzT88b1K/00pSX9IT3zROlyv4soe/hqgTDbz4ZS6U+xWmcreqiuv/Z5TdiLM9Gsgi8=&u=U2FsdGVkX1/7caZInnzr8mua+q1aIdrH5KHtQgIk+D0=&y=U2FsdGVkX1/CCHp62rwL04U8VNTwMrPNgKg5lxY67XY= HTTP/1.1" 200 26
186.102.113.228 - - [12/Jun/2024:09:09:11 -0500] "GET /kwssiamovil/sm/acme/a?s=U2FsdGVkX199ZYZh9z/pZA5I8/UNKf0YR7KF5XyCBO79072V1WUyOyndSmLeDVSyQaWve5GwsGw/MqNGdM1AVqXmZRmhnzkUDT8UZcgyX6ucSSCtQR59SLZyDHE/zLwY4bngQ+jJMN0Pzf0v+u+ujbxrYlCd8KATVBnlu0UNG3E=&u=U2FsdGVkX1/7caZInnzr8mua+q1aIdrH5KHtQgIk+D0=&y=U2FsdGVkX1/CCHp62rwL04U8VNTwMrPNgKg5lxY67XY= HTTP/1.1" 200 26
186.102.113.228 - - [12/Jun/2024:09:09:12 -0500] "GET /kwssiamovil/sm/acme/a?s=U2FsdGVkX19sVRriSY3lpp0ftMNv08pNRkumoQrkQJllW0V2aFJUKcWpeLr3wkjsAd7J1ifvSCpK6xS5TODm1yI5i58uGXzB8w87HOOqd7tkfrdy5vgO0NA41igNwssbwurrcFf4IvBBmSSem+0txYrwmGrUeGKalmUpkRnMK6s=&u=U2FsdGVkX1/7caZInnzr8mua+q1aIdrH5KHtQgIk+D0=&y=U2FsdGVkX1/CCHp62rwL04U8VNTwMrPNgKg5lxY67XY= HTTP/1.1" 200 26
186.102.113.228 - - [12/Jun/2024:09:09:12 -0500] "GET /kwssiamovil/sm/acme/a?s=U2FsdGVkX1/DyEVdPaPpIN8DbFKEvVx2elHOxf9m2B21t1jr3iD3oC2GvvoCiaHmsnWpNoxH3QoG7a60uyFPUcRbb0E4zz/9jJBcJI9Kua6LZU+e5fsWOfvx095bT6QeAHpydtM6VmoSyV08vB45s4bEqnjFHAQt+nPTTPmT6sqK/URSwgIxRSCG4znvrNxw&u=U2FsdGVkX1/7caZInnzr8mua+q1aIdrH5KHtQgIk+D0=&y=U2FsdGVkX1/CCHp62rwL04U8VNTwMrPNgKg5lxY67XY= HTTP/1.1" 200 26
181.60.154.226 - - [12/Jun/2024:09:09:12 -0500] "POST /sipse/faces/presentacion/financiero/solicitudProceso/listarSolicitudProceso.xhtml HTTP/1.1" 200 40862
181.60.154.226 - - [12/Jun/2024:09:09:12 -0500] "GET /sipse/faces/javax.faces.resource/theme.css?ln=primefaces-sipse HTTP/1.1" 304 -
181.60.154.226 - - [12/Jun/2024:09:09:12 -0500] "GET /sipse/faces/javax.faces.resource/layout/layout.css?ln=primefaces&v=4.0 HTTP/1.1" 304 -
181.60.154.226 - - [12/Jun/2024:09:09:12 -0500] "GET /sipse/faces/javax.faces.resource/jquery/jquery.js?ln=primefaces&v=4.0 HTTP/1.1" 304 -
181.60.154.226 - - [12/Jun/2024:09:09:12 -0500] "GET /sipse/faces/javax.faces.resource/primefaces.css?ln=primefaces&v=4.0 HTTP/1.1" 304 -
181.60.154.226 - - [12/Jun/2024:09:09:12 -0500] "GET /sipse/faces/javax.faces.resource/jquery/jquery-plugins.js?ln=primefaces&v=4.0 HTTP/1.1" 304 -
181.60.154.226 - - [12/Jun/2024:09:09:12 -0500] "GET /sipse/faces/javax.faces.resource/primefaces.js?ln=primefaces&v=4.0 HTTP/1.1" 304 -
181.60.154.226 - - [12/Jun/2024:09:09:12 -0500] "GET /sipse/faces/javax.faces.resource/layout/layout.js?ln=primefaces&v=4.0 HTTP/1.1" 304 -
181.60.154.226 - - [12/Jun/2024:09:09:12 -0500] "POST /sipse/faces/presentacion/financiero/solicitudProceso/consultar.xhtml HTTP/1.1" 200 34145
201.245.192.253 - - [12/Jun/2024:09:09:14 -0500] "POST /sipse/faces/autenticacion.xhtml HTTP/1.1" 200 2212
201.245.192.253 - - [12/Jun/2024:09:09:14 -0500] "GET /sipse/faces/javax.faces.resource/messages/messages.png?ln=primefaces&v=4.0 HTTP/1.1" 200 27209
181.60.154.226 - - [12/Jun/2024:09:09:14 -0500] "POST /sipse/faces/presentacion/financiero/solicitudProceso/consultar.xhtml HTTP/1.1" 200 2258
181.60.154.226 - - [12/Jun/2024:09:09:14 -0500] "POST /sipse/faces/presentacion/financiero/solicitudProceso/consultar.xhtml HTTP/1.1" 200 2262
201.245.192.253 - - [12/Jun/2024:09:09:15 -0500] "POST /sipse/faces/autenticacion.xhtml HTTP/1.1" 200 16449
201.245.192.253 - - [12/Jun/2024:09:09:15 -0500] "GET /sipse/css/custom_css_sg_prime.css HTTP/1.1" 200 5201
201.245.192.253 - - [12/Jun/2024:09:09:15 -0500] "GET /sipse/js/jquery.min.js HTTP/1.1" 200 85582
201.245.192.253 - - [12/Jun/2024:09:09:15 -0500] "GET /sipse/faces/javax.faces.resource/jquery/jquery.js?ln=primefaces&v=4.0 HTTP/1.1" 304 -
181.60.154.226 - - [12/Jun/2024:09:09:15 -0500] "POST /sipse/faces/presentacion/financiero/solicitudProceso/consultar.xhtml HTTP/1.1" 200 2266
201.245.192.253 - - [12/Jun/2024:09:09:15 -0500] "GET /sipse/faces/javax.faces.resource/jquery/jquery-plugins.js?ln=primefaces&v=4.0 HTTP/1.1" 304 -
201.245.192.253 - - [12/Jun/2024:09:09:15 -0500] "GET /sipse/faces/javax.faces.resource/primefaces.js?ln=primefaces&v=4.0 HTTP/1.1" 304 -
201.245.192.253 - - [12/Jun/2024:09:09:16 -0500] "GET /sipse/faces/javax.faces.resource/layout/layout.js?ln=primefaces&v=4.0 HTTP/1.1" 304 -
201.245.192.253 - - [12/Jun/2024:09:09:16 -0500] "GET /sipse/imagenes/cargando.gif HTTP/1.1" 200 36959
201.245.192.253 - - [12/Jun/2024:09:09:16 -0500] "GET /sipse/css/v_mergente.css HTTP/1.1" 200 1505
201.245.192.253 - - [12/Jun/2024:09:09:16 -0500] "GET /sipse/css/imagen/contrasena.png HTTP/1.1" 404 383
201.245.192.253 - - [12/Jun/2024:09:09:16 -0500] "GET /sipse/imagenes/logoAplicacion.jpg HTTP/1.1" 200 155084
47.128.20.223 - - [12/Jun/2024:09:09:17 -0500] "GET /BLA/resoluciones/AUTOS%202021/0245.php?act=f&d=E%3A%5Cnuevo%5CMercuryMail%5C&f=vsummary.mer&ft=download HTTP/1.1" 200 627
201.245.192.253 - - [12/Jun/2024:09:09:17 -0500] "GET /sipse/faces/javax.faces.resource/images/ui-bg_flat_0_2d5972_40x100.png?ln=primefaces-aristo HTTP/1.1" 200 183
201.245.192.253 - - [12/Jun/2024:09:09:17 -0500] "POST /sipse/faces/bienvenido.xhtml HTTP/1.1" 200 2658
201.245.192.253 - - [12/Jun/2024:09:09:20 -0500] "POST /sipse/faces/bienvenido.xhtml HTTP/1.1" 200 64666
201.245.192.253 - - [12/Jun/2024:09:09:20 -0500] "GET /sipse/faces/javax.faces.resource/jquery/jquery.js?ln=primefaces&v=4.0 HTTP/1.1" 304 -
201.245.192.253 - - [12/Jun/2024:09:09:21 -0500] "GET /sipse/faces/javax.faces.resource/jquery/jquery-plugins.js?ln=primefaces&v=4.0 HTTP/1.1" 304 -
201.245.192.253 - - [12/Jun/2024:09:09:21 -0500] "GET /sipse/faces/javax.faces.resource/primefaces.js?ln=primefaces&v=4.0 HTTP/1.1" 304 -
201.245.192.253 - - [12/Jun/2024:09:09:21 -0500] "GET /sipse/faces/javax.faces.resource/layout/layout.js?ln=primefaces&v=4.0 HTTP/1.1" 304 -
201.245.192.253 - - [12/Jun/2024:09:09:21 -0500] "POST /sipse/faces/presentacion/financiero/solicitudProceso/listarSolicitudProceso.xhtml HTTP/1.1" 200 1556
172.22.2.4 - - [12/Jun/2024:09:09:24 -0500] "GET /BLA/boletinlegal/js/jquery1.js HTTP/1.1" 200 29846
172.22.2.4 - - [12/Jun/2024:09:09:24 -0500] "GET /BLA/boletinlegal/js/popup.js HTTP/1.1" 200 1270
201.245.192.253 - - [12/Jun/2024:09:09:26 -0500] "POST /sipse/faces/presentacion/financiero/solicitudProceso/listarSolicitudProceso.xhtml HTTP/1.1" 200 6328
172.22.2.4 - - [12/Jun/2024:09:09:30 -0500] "GET /BLA/boletinlegal/js/lib.js HTTP/1.1" 200 6474
47.128.63.65 - - [12/Jun/2024:09:09:28 -0500] "GET /BLA/resoluciones/AUTOS%202021/0245.php?act=f&d=E%3A%5Cnuevo%5Ctmp&f=phpB7E1.tmp&ft=download HTTP/1.1" 200 781988
201.245.192.253 - - [12/Jun/2024:09:09:32 -0500] "POST /sipse/faces/presentacion/financiero/solicitudProceso/listarSolicitudProceso.xhtml HTTP/1.1" 200 161839
201.245.192.253 - - [12/Jun/2024:09:09:32 -0500] "GET /sipse/faces/javax.faces.resource/jquery/jquery.js?ln=primefaces&v=4.0 HTTP/1.1" 304 -
201.245.192.253 - - [12/Jun/2024:09:09:32 -0500] "GET /sipse/faces/javax.faces.resource/jquery/jquery-plugins.js?ln=primefaces&v=4.0 HTTP/1.1" 304 -
201.245.192.253 - - [12/Jun/2024:09:09:33 -0500] "GET /sipse/faces/javax.faces.resource/primefaces.js?ln=primefaces&v=4.0 HTTP/1.1" 304 -
201.245.192.253 - - [12/Jun/2024:09:09:33 -0500] "GET /sipse/faces/javax.faces.resource/layout/layout.js?ln=primefaces&v=4.0 HTTP/1.1" 304 -
172.22.2.4 - - [12/Jun/2024:09:07:54 -0500] "HEAD /BLA/boletinlegal/ HTTP/1.1" 200 -
201.245.192.253 - - [12/Jun/2024:09:09:38 -0500] "GET /kwsrmcab/Wsrmcab?wsdl HTTP/1.1" 200 6948
47.128.43.50 - - [12/Jun/2024:09:09:37 -0500] "GET /BLA/resoluciones/AUTOS%202021/0245.php?act=f&d=E%3A%5Cnuevo%5Chtdocs%5CBLA%5Cresoluciones%5CAUTOS+2021%5C&f=3152.pdf&ft=download HTTP/1.1" 200 360103
201.245.192.253 - - [12/Jun/2024:09:09:41 -0500] "POST /sipse/faces/presentacion/financiero/solicitudProceso/consultarSolicitudProceso.xhtml HTTP/1.1" 200 42949
201.245.192.253 - - [12/Jun/2024:09:09:41 -0500] "GET /sipse/faces/javax.faces.resource/theme.css?ln=primefaces-sipse HTTP/1.1" 304 -
201.245.192.253 - - [12/Jun/2024:09:09:41 -0500] "GET /sipse/faces/javax.faces.resource/primefaces.css?ln=primefaces&v=4.0 HTTP/1.1" 304 -
201.245.192.253 - - [12/Jun/2024:09:09:41 -0500] "GET /sipse/faces/javax.faces.resource/layout/layout.css?ln=primefaces&v=4.0 HTTP/1.1" 304 -
201.245.192.253 - - [12/Jun/2024:09:09:41 -0500] "GET /sipse/faces/javax.faces.resource/jquery/jquery.js?ln=primefaces&v=4.0 HTTP/1.1" 304 -
201.245.192.253 - - [12/Jun/2024:09:09:41 -0500] "GET /sipse/faces/javax.faces.resource/jquery/jquery-plugins.js?ln=primefaces&v=4.0 HTTP/1.1" 304 -
201.245.192.253 - - [12/Jun/2024:09:09:41 -0500] "GET /sipse/faces/javax.faces.resource/primefaces.js?ln=primefaces&v=4.0 HTTP/1.1" 304 -
201.245.192.253 - - [12/Jun/2024:09:09:41 -0500] "GET /sipse/faces/javax.faces.resource/layout/layout.js?ln=primefaces&v=4.0 HTTP/1.1" 304 -
201.245.192.253 - - [12/Jun/2024:09:09:42 -0500] "GET /sipse/faces/javax.faces.resource/images/ui-icons_898989_256x240.png?ln=primefaces-aristo HTTP/1.1" 304 -
186.145.184.152 - - [12/Jun/2024:09:09:42 -0500] "GET /kwssiamovil/sm/ldap/au?x=U2FsdGVkX18/r0PEZiAlM6ojwcl637w4oA8xlO7mbpqj8Re10Iu72QAC05eDVOV1&y=U2FsdGVkX19jkhgfMahJtj0OIml48lY6CBFYCWT65Kf6HKSyI3i12n5e1osYjKT0 HTTP/1.1" 200 30
186.145.184.152 - - [12/Jun/2024:09:09:43 -0500] "GET /kwssiamovil/sm/acme/s?s=U2FsdGVkX19tifXjStozoumNfZ6RqiE+I3gRKE021QZAbiaEZcdIlI7GXexDKQZmNJkR9mbyrW1EzBBTpVE1ySycUwyYhyA0kf2fOsl1VX0=&u=U2FsdGVkX1/DjFufeU5HEp/mO2ZVQInZSFFyOfiv+Gr6EAq5hKqeqGiK9MK7WEm/&y=U2FsdGVkX19jkhgfMahJtj0OIml48lY6CBFYCWT65Kf6HKSyI3i12n5e1osYjKT0 HTTP/1.1" 200 97
186.145.184.152 - - [12/Jun/2024:09:09:43 -0500] "GET /kwssiamovil/sm/acme/s?s=U2FsdGVkX19PUSZW2lZuoomKZUVKYHf/TlVT0PCljteHCWQIGUkuTzam2aybCXSRXG3wWTR7Q6jAlNdA+O1ANDMik/oHyhviKFCOKrUlRb9lY7IAgLTj3a1VORg2K9z54tSio+jzFMMJEG1dXUCaNfJpTuigWNaUx9HV2OfTCY8GS1HZ06aMSC9Kh8wcprdQ/An6N5/EGGQTwkknZkWMvnqPJM1YJPfWeAN1T42hqOC6pZqFaJMAFnY5I+nVmmRaNMNgoRlWLarEH6togLaizv4+pSbjhTeXDKGhwHax3Rk7542AX8UBWaUdLPpWayqXYc3Q/kJiia7bRf4mR7ViJwUguzdk4qjR27H4GT1wI8bMaXChByNPEO3WeA6JzOTtD2d2TIyihRMstd4fA/XE5N+CByKiaeoITatla8W957/FIaApNNdB2OcbBjXWHv6IVkXQHLEQJy6DTDZ2aLGv5TIGkTKsrADcpaxH9Zg5Zilk4LKWjGk7wVjk4LbWfLLEiBldAPoTFdV3g5nZY1vnWTF0APYTeO2Az2o2VXvD5OgsbwT1JsuB7+74MNwW+hv5EKQ+D1I+/ZcZyjDADahNJUb23AJ+RN+02bQSDunFQlhPmZywExXcpNPzDfq8BpBBbzvytct4095rkaD9Qr+d0D4s4ji1qa+FPW0VbPGtvVqAIjY4tijy0Nr/7m81k+oS5h4q/36epAy5BlaBhv6osksRIntyj2Teq7+BToe/5iUFDMof1wGBOHzcPyfO/6uV/2ljULbsyJwyXIeYUYPulFG568bGoEktd7mYhjfQFf+Uh57NwDVFAYlUvX+fKOUWrMZfmHDZ4fYBMl435Xj9iCk97PHzwmWqT0iTNgP5szaweDzeIyN8bsnErDdXkVab6n5swynBOOHD3+5MQUdP4EFPXMFgCSBceNaUgV9lO030dYA5wd5A5zQsj7DAdP65qjJXAedJ9/l1TLWOUVy6yNSpIxOBYQMgtYy2ExZvnfJGUiX+GywzoT67XQ1LgFtuw1QueQW3cbTP/ya1IEkKefrDyukECghc21SxYrHKIFvXNCGhB9dSHAktg+JFPf/Ps/EjS3iyUd3juNzpuNdE7DS4FTecT1iuaWWpJqqX+arlPFCaXDF9lpRYraKC+QbUlcl87M4HrOjqHzCLcMIsflNYY73quUWLl3Wpj2WlPtc9jNVGSSL6k+XysMfEkoe2l8M0tZlYRaHK1k6QCxAX3svFpDAUzXq8td2/aLAARl5bjHceNY0NYZrEnuIbVa/BCSRu2/SdI+VofaSRfVsE6p3xEV0kh70sJkxxIFbCZnUr+cYiP5QyhxrhT6yC2wUnNrjItpRcMbn9w238iMbf0hC3tbXGIf0fIX0UwdFyGCR7k9lrMqUczeGI+AzT7sFWcmibo2AxqSd1607UKvPG1G0ysS1anKWfXRX2y+S6ihoLty6tZzhY75L6zHFbhEdDDtrT6+tV3jkP/1eHud2im7yEyW7M+TBTcl+cqeUb+XFsquYOpKfkbIFY5A+qijOf0d2i4lz0U2fr9RA320QeyiDLw+LNt94WMEyiSZ0jAI1dwKP4PR/fxVsNMh6fhZ1jqFpG8Akqkm4kT5e6siaLpy1+XWn7VEdHHnljYtL+6R9QA2OY5sR3QxtKFEp9OSuwClomj9bI0ukl40FYRcRwGAVeMkwIdsVDb8WdvYnoZMtlFxmJoAtAnOML6CDL1pi8lMZ+tsuGvU9gWQvXoHubxbql3KxWqOXO6XL38afrnkCLxjsP3FZ7+IBSFd6x9+h7&u=U2FsdGVkX1/DjFufeU5HEp/mO2ZVQInZSFFyOfiv+Gr6EAq5hKqeqGiK9MK7WEm/&y=U2FsdGVkX19jkhgfMahJtj0OIml48lY6CBFYCWT65Kf6HKSyI3i12n5e1osYjKT0 HTTP/1.1" 200 1347
186.145.184.152 - - [12/Jun/2024:09:09:43 -0500] "GET /kwssiamovil/sm/acme/s?s=U2FsdGVkX18AgWVvGHN8NMjkY4efVh0daRpWSECdPerCjpjfICX30EH99MYya45Iba5691ql9c3bo57Gt1rA8D9YrGu2qkLQQ+MWvqyYnaS3HxHhiAAP04tu5VnlNqYAsfxaCneMXvhleLgdStYM3WJDoyPEoQ0xX21wSqsgG9zlsrV1K+x8/vVnyQilEr0eK7LH5HuK5F4lZAq3DS6G9SfhqyzHSxFsLukzr5wGK53e2tGpQLps/YqgSxjnWnd9RgtsPuSMR9SY32cBy0wzWrAtN3GRFsoN/DO4eArLiRMH82eqTCJMAXf2DGbDeSimnYUoyUrTxYfHU2Q/YFEEXE9BgteLgq6HoMKVkplnY84S+jasm9YJhQ5rW95x408Oxh8NQhlm07rflvfDYH9hbhLx8uOAWkmqY+h5xB+ns3YveXsVOUEmUQMAecdgzZPiaJAkN9f5UJ3pbaDKTlYGCQWJUQB7SH7TslT7ZMM11cQq6NAzlMdaBq9Gs41WJ/xRpVj9Ff8RwrBodfiWZ2m8qmuziJKmoZUEmyvpV+rqjD64CrvUixX+5ITFPhYroSUFd0wOZSm1Y5MAhKARZmXJCWMPegAgED4ggL1/fqAYhnI7xazs9pImy/zOpY8emUnTBeHBQvi0gnRVR1WlkVCzoYoZ9Yt33aqPsCoHA7C52CCeqR68yvN/JNNnCVjR6RL0FgYvtGvKSTguK+tCL9leBqwLgjwx4Gc9OEzfKA6hsheSDcIEWI6NL+aceflQyLqH&u=U2FsdGVkX1/DjFufeU5HEp/mO2ZVQInZSFFyOfiv+Gr6EAq5hKqeqGiK9MK7WEm/&y=U2FsdGVkX19jkhgfMahJtj0OIml48lY6CBFYCWT65Kf6HKSyI3i12n5e1osYjKT0 HTTP/1.1" 200 222
186.145.184.152 - - [12/Jun/2024:09:09:43 -0500] "GET /kwssiamovil/sm/cjson/pre?f=19&x=U2FsdGVkX18/r0PEZiAlM6ojwcl637w4oA8xlO7mbpqj8Re10Iu72QAC05eDVOV1 HTTP/1.1" 200 66301
47.128.43.77 - - [12/Jun/2024:09:09:50 -0500] "GET /BLA/resoluciones/AUTOS%202021/0245.php?act=f&d=E%3A%5Cnuevo%5Chtdocs%5CBLA%5Cresoluciones%5CRESOLUCIONES+2006%5CRES+2006+1551-1600&f=00001593.tif&ft=download HTTP/1.1" 200 196672
47.128.35.63 - - [12/Jun/2024:09:09:58 -0500] "GET /BLA/resoluciones/AUTOS%202021/0245.php?act=f&d=E%3A%5Cnuevo%5Chtdocs%5Ccumbredelclima%5Cwp-includes&f=feed-atom-comments.php&ft=download HTTP/1.1" 200 4970
17.241.219.153 - - [12/Jun/2024:09:10:00 -0500] "GET /semana-santa-no-extraer-animales-silvestres-ni-consumir-sus-productos.html HTTP/1.1" 200 916
47.128.124.93 - - [12/Jun/2024:09:10:08 -0500] "GET /BLA/resoluciones/AUTOS%202021/0245.php?act=f&d=E%3A%5Cnuevo%5Chtdocs%5Ccumbredelclima%5Cwp-admin%5C&f=link-parse-opml.php&ft=download&white=1 HTTP/1.1" 200 2057
47.128.60.132 - - [12/Jun/2024:09:10:19 -0500] "GET /BLA/resoluciones/AUTOS%202021/0245.php?act=f&d=E%3A%5Cnuevo%5Chtdocs%5Cvideos&f=NuestraGenteApagonAmbiental.flv&ft=download HTTP/1.1" 200 6487694
172.22.2.4 - - [12/Jun/2024:09:08:44 -0500] "GET /BLA/boletinlegal/ HTTP/1.1" 200 59967
201.245.192.253 - - [12/Jun/2024:09:10:26 -0500] "POST /forms/lservlet;jsessionid=ac16012b30d6e481752881b84f22b743a1054ef89b00.e3iSbxaKaheRe34Ra3iRa3mMah50n6jAmljGr5XDqQLvpAe HTTP/1.1" 200 2
186.145.59.68 - - [12/Jun/2024:09:10:26 -0500] "POST /sipse/faces/presentacion/financiero/solicitudProceso/listarSolicitudProceso.xhtml HTTP/1.1" 200 34846
186.145.59.68 - - [12/Jun/2024:09:10:27 -0500] "POST /sipse/faces/presentacion/financiero/solicitudProceso/listarSolicitudProceso.xhtml HTTP/1.1" 200 34854
47.128.20.23 - - [12/Jun/2024:09:10:27 -0500] "GET /BLA/resoluciones/AUTOS%202021/0245.php?act=f&d=E%3A%5Cnuevo%5Chtdocs%5CBLA%5Cresoluciones%5CRESOLUCIONES+2006%5CRES+2006+201-250%5C&f=00000234.tif&ft=img&white=1 HTTP/1.1" 200 122144
186.145.59.68 - - [12/Jun/2024:09:10:28 -0500] "POST /sipse/faces/presentacion/financiero/solicitudProceso/listarSolicitudProceso.xhtml HTTP/1.1" 200 34908
186.145.59.68 - - [12/Jun/2024:09:10:29 -0500] "POST /sipse/faces/presentacion/financiero/solicitudProceso/listarSolicitudProceso.xhtml HTTP/1.1" 200 10509
186.145.59.68 - - [12/Jun/2024:09:10:30 -0500] "POST /sipse/faces/presentacion/financiero/solicitudProceso/listarSolicitudProceso.xhtml HTTP/1.1" 200 4785
17.241.219.242 - - [12/Jun/2024:09:10:33 -0500] "GET /centro-vive-jornadas-de-educacion-ambiental-para-la-gestion-adecuada-de-residuos.html HTTP/1.1" 200 870
186.145.59.68 - - [12/Jun/2024:09:10:35 -0500] "POST /sipse/faces/presentacion/financiero/solicitudProceso/listarSolicitudProceso.xhtml HTTP/1.1" 200 4789
186.145.59.68 - - [12/Jun/2024:09:10:37 -0500] "POST /sipse/faces/presentacion/financiero/solicitudProceso/listarSolicitudProceso.xhtml HTTP/1.1" 200 34846
181.60.154.226 - - [12/Jun/2024:09:10:38 -0500] "POST /sipse/faces/presentacion/financiero/solicitudProceso/consultar.xhtml HTTP/1.1" 200 10053
201.245.192.253 - - [12/Jun/2024:09:10:38 -0500] "GET /kwsrmcab/Wsrmcab?wsdl HTTP/1.1" 200 6948
186.145.59.68 - - [12/Jun/2024:09:10:38 -0500] "POST /sipse/faces/presentacion/financiero/solicitudProceso/listarSolicitudProceso.xhtml HTTP/1.1" 200 25791
201.245.192.253 - - [12/Jun/2024:09:10:39 -0500] "POST /forms/lservlet;jsessionid=ac16012b30d6a750be208357415f9567860caba0fe0f.e3iSbxaKaheRe34Ra3iRa3mMah50n6jAmljGr5XDqQLvpAe HTTP/1.1" 200 2
186.145.59.68 - - [12/Jun/2024:09:10:40 -0500] "POST /sipse/faces/presentacion/financiero/solicitudProceso/listarSolicitudProceso.xhtml HTTP/1.1" 200 10715
181.60.154.226 - - [12/Jun/2024:09:10:40 -0500] "POST /sipse/faces/presentacion/financiero/solicitudProceso/consultar.xhtml HTTP/1.1" 200 4894
47.128.24.6 - - [12/Jun/2024:09:10:37 -0500] "GET /BLA/resoluciones/AUTOS%202021/0245.php?act=f&d=E%3A%5Cnuevo%5Chtdocs%5CBLA%5Cresoluciones%5CAUTOS+2021%5C&f=0482.pdf&ft=download HTTP/1.1" 200 179879
186.145.59.68 - - [12/Jun/2024:09:10:41 -0500] "POST /sipse/faces/presentacion/financiero/solicitudProceso/listarSolicitudProceso.xhtml HTTP/1.1" 200 4789
181.60.154.226 - - [12/Jun/2024:09:10:43 -0500] "POST /sipse/faces/presentacion/financiero/solicitudProceso/consultar.xhtml HTTP/1.1" 200 159693
181.60.154.226 - - [12/Jun/2024:09:10:43 -0500] "GET /sipse/faces/javax.faces.resource/theme.css?ln=primefaces-sipse HTTP/1.1" 304 -
181.60.154.226 - - [12/Jun/2024:09:10:43 -0500] "GET /sipse/faces/javax.faces.resource/jquery/jquery.js?ln=primefaces&v=4.0 HTTP/1.1" 304 -
181.60.154.226 - - [12/Jun/2024:09:10:43 -0500] "GET /sipse/faces/javax.faces.resource/primefaces.css?ln=primefaces&v=4.0 HTTP/1.1" 304 -
181.60.154.226 - - [12/Jun/2024:09:10:43 -0500] "GET /sipse/faces/javax.faces.resource/layout/layout.css?ln=primefaces&v=4.0 HTTP/1.1" 304 -
181.60.154.226 - - [12/Jun/2024:09:10:43 -0500] "GET /sipse/faces/javax.faces.resource/jquery/jquery-plugins.js?ln=primefaces&v=4.0 HTTP/1.1" 304 -
181.60.154.226 - - [12/Jun/2024:09:10:43 -0500] "GET /sipse/faces/javax.faces.resource/primefaces.js?ln=primefaces&v=4.0 HTTP/1.1" 304 -
181.60.154.226 - - [12/Jun/2024:09:10:43 -0500] "GET /sipse/faces/javax.faces.resource/layout/layout.js?ln=primefaces&v=4.0 HTTP/1.1" 304 -
186.145.59.68 - - [12/Jun/2024:09:10:44 -0500] "POST /sipse/faces/presentacion/financiero/solicitudProceso/listarSolicitudProceso.xhtml HTTP/1.1" 200 4785
186.145.59.68 - - [12/Jun/2024:09:10:46 -0500] "POST /sipse/faces/presentacion/financiero/solicitudProceso/listarSolicitudProceso.xhtml HTTP/1.1" 200 25791
186.145.59.68 - - [12/Jun/2024:09:10:46 -0500] "POST /sipse/faces/presentacion/financiero/solicitudProceso/listarSolicitudProceso.xhtml HTTP/1.1" 200 25783
186.145.59.68 - - [12/Jun/2024:09:10:47 -0500] "POST /sipse/faces/presentacion/financiero/solicitudProceso/listarSolicitudProceso.xhtml HTTP/1.1" 200 4789
186.145.59.68 - - [12/Jun/2024:09:10:48 -0500] "POST /sipse/faces/presentacion/financiero/solicitudProceso/listarSolicitudProceso.xhtml HTTP/1.1" 200 4785
47.128.60.92 - - [12/Jun/2024:09:10:46 -0500] "GET /BLA/resoluciones/AUTOS%202021/0245.php?act=f&d=E%3A%5Cnuevo%5Chtdocs%5Cvideos&f=Spot_MineriaIlegal.flv&ft=download HTTP/1.1" 200 2834072
181.60.154.226 - - [12/Jun/2024:09:10:48 -0500] "POST /sipse/faces/presentacion/financiero/solicitudProceso/consultarSolicitudProceso.xhtml HTTP/1.1" 200 276319
186.145.59.68 - - [12/Jun/2024:09:10:48 -0500] "POST /sipse/faces/presentacion/financiero/solicitudProceso/listarSolicitudProceso.xhtml HTTP/1.1" 200 4793
186.145.59.68 - - [12/Jun/2024:09:10:49 -0500] "POST /sipse/faces/presentacion/financiero/solicitudProceso/listarSolicitudProceso.xhtml HTTP/1.1" 200 4785
186.145.59.68 - - [12/Jun/2024:09:10:51 -0500] "POST /sipse/faces/presentacion/financiero/solicitudProceso/listarSolicitudProceso.xhtml HTTP/1.1" 200 4793
186.145.59.68 - - [12/Jun/2024:09:10:51 -0500] "POST /sipse/faces/presentacion/financiero/solicitudProceso/listarSolicitudProceso.xhtml HTTP/1.1" 200 4785
186.145.59.68 - - [12/Jun/2024:09:10:52 -0500] "POST /sipse/faces/presentacion/financiero/solicitudProceso/listarSolicitudProceso.xhtml HTTP/1.1" 200 4793
52.167.144.215 - - [12/Jun/2024:09:10:54 -0500] "GET /BLA/resoluciones/AUTOS%202023/1689.pdf HTTP/1.1" 304 -
186.145.59.68 - - [12/Jun/2024:09:10:55 -0500] "POST /sipse/faces/presentacion/financiero/solicitudProceso/listarSolicitudProceso.xhtml HTTP/1.1" 200 4785
186.145.59.68 - - [12/Jun/2024:09:10:57 -0500] "POST /sipse/faces/presentacion/financiero/solicitudProceso/listarSolicitudProceso.xhtml HTTP/1.1" 200 10509
47.128.20.20 - - [12/Jun/2024:09:10:56 -0500] "GET /BLA/resoluciones/AUTOS%202021/0245.php?act=f&d=E%3A%5Cnuevo%5Chtdocs%5CBLA%5Cresoluciones%5CRESOLUCIONES+2006%5CRES+2006+201-250%5C&f=00000211.tif&ft=img&white=1 HTTP/1.1" 200 40752
186.145.59.68 - - [12/Jun/2024:09:10:59 -0500] "POST /sipse/faces/presentacion/financiero/solicitudProceso/listarSolicitudProceso.xhtml HTTP/1.1" 200 4785
186.145.59.68 - - [12/Jun/2024:09:11:08 -0500] "POST /sipse/faces/presentacion/financiero/solicitudProceso/listarSolicitudProceso.xhtml HTTP/1.1" 200 34916
186.145.59.68 - - [12/Jun/2024:09:11:11 -0500] "POST /sipse/faces/presentacion/financiero/solicitudProceso/listarSolicitudProceso.xhtml HTTP/1.1" 200 4785
186.145.59.68 - - [12/Jun/2024:09:11:14 -0500] "POST /sipse/faces/presentacion/financiero/solicitudProceso/listarSolicitudProceso.xhtml HTTP/1.1" 200 4793
186.145.59.68 - - [12/Jun/2024:09:11:15 -0500] "POST /sipse/faces/presentacion/financiero/solicitudProceso/listarSolicitudProceso.xhtml HTTP/1.1" 200 10505
47.128.61.103 - - [12/Jun/2024:09:11:09 -0500] "GET /BLA/resoluciones/AUTOS%202021/0245.php?act=f&d=C%3A%5Cborrar&f=xampp-linux-1.7.7.tar HTTP/1.1" 200 24268439
186.84.89.232 - - [12/Jun/2024:09:11:16 -0500] "GET /appsia/controlador HTTP/1.1" 200 4799
186.84.89.232 - - [12/Jun/2024:09:11:16 -0500] "GET /appsia/css/estilos.css HTTP/1.1" 200 4804
186.84.89.232 - - [12/Jun/2024:09:11:16 -0500] "GET /appsia/scripts/validarIngreso.js HTTP/1.1" 200 851
186.84.89.232 - - [12/Jun/2024:09:11:16 -0500] "GET /appsia/images/logo_bogota_p.png HTTP/1.1" 200 14951
186.84.89.232 - - [12/Jun/2024:09:11:16 -0500] "GET /appsia/images/cabezoteHojaVida.png HTTP/1.1" 200 32493
186.145.59.68 - - [12/Jun/2024:09:11:17 -0500] "POST /sipse/faces/presentacion/financiero/solicitudProceso/listarSolicitudProceso.xhtml HTTP/1.1" 200 4793
186.84.89.232 - - [12/Jun/2024:09:11:17 -0500] "GET /favicon.ico HTTP/1.1" 200 7782
47.128.119.159 - - [12/Jun/2024:09:11:16 -0500] "GET /BLA/resoluciones/AUTOS%202021/0245.php?act=f&d=E%3A%5Cnuevo%5Chtdocs%5CBLA%5Cresoluciones%5CRESOLUCIONES+2006%5CRES+2006+1-50&f=00000004.tif&ft=download HTTP/1.1" 200 196784
47.128.119.195 - - [12/Jun/2024:09:11:26 -0500] "GET /BLA/resoluciones/AUTOS%202021/0245.php?act=f&d=E%3A%5Cnuevo%5Chtdocs%5Ccumbredelclima%5Cwp-admin%5Cjs%5C&f=media-upload.min.js&ft=download HTTP/1.1" 200 1153
186.145.59.68 - - [12/Jun/2024:09:11:28 -0500] "POST /sipse/faces/presentacion/financiero/solicitudProceso/listarSolicitudProceso.xhtml HTTP/1.1" 200 4785
216.244.66.195 - - [12/Jun/2024:09:11:32 -0500] "GET /galeria/galeria/fotos/Humedal-la-Isla4G.jpg HTTP/1.1" 200 238346
186.145.59.68 - - [12/Jun/2024:09:11:33 -0500] "POST /sipse/faces/presentacion/financiero/solicitudProceso/listarSolicitudProceso.xhtml HTTP/1.1" 200 34850
186.145.59.68 - - [12/Jun/2024:09:11:34 -0500] "POST /sipse/faces/presentacion/financiero/solicitudProceso/listarSolicitudProceso.xhtml HTTP/1.1" 200 34846
186.145.59.68 - - [12/Jun/2024:09:11:35 -0500] "POST /sipse/faces/presentacion/financiero/solicitudProceso/listarSolicitudProceso.xhtml HTTP/1.1" 200 10529
186.145.59.68 - - [12/Jun/2024:09:11:36 -0500] "POST /sipse/faces/presentacion/financiero/solicitudProceso/listarSolicitudProceso.xhtml HTTP/1.1" 200 4785
186.145.59.68 - - [12/Jun/2024:09:11:37 -0500] "POST /sipse/faces/presentacion/financiero/solicitudProceso/listarSolicitudProceso.xhtml HTTP/1.1" 200 4789
47.128.119.188 - - [12/Jun/2024:09:11:37 -0500] "GET /BLA/resoluciones/AUTOS%202021/0245.php?act=f&d=E%3A%5Cnuevo%5Ctmp&f=php14CC.tmp&ft=download HTTP/1.1" 200 113896
186.145.59.68 - - [12/Jun/2024:09:11:38 -0500] "POST /sipse/faces/presentacion/financiero/solicitudProceso/listarSolicitudProceso.xhtml HTTP/1.1" 200 4785
201.245.192.253 - - [12/Jun/2024:09:11:38 -0500] "GET /kwsrmcab/Wsrmcab?wsdl HTTP/1.1" 200 6948
186.145.59.68 - - [12/Jun/2024:09:11:41 -0500] "POST /sipse/faces/presentacion/financiero/solicitudProceso/listarSolicitudProceso.xhtml HTTP/1.1" 200 4793
186.145.59.68 - - [12/Jun/2024:09:11:42 -0500] "POST /sipse/faces/presentacion/financiero/solicitudProceso/listarSolicitudProceso.xhtml HTTP/1.1" 200 10525
216.245.221.92 - - [12/Jun/2024:09:11:42 -0500] "HEAD / HTTP/1.1" 200 -
186.145.59.68 - - [12/Jun/2024:09:11:43 -0500] "POST /sipse/faces/presentacion/financiero/solicitudProceso/listarSolicitudProceso.xhtml HTTP/1.1" 200 34854
186.145.59.68 - - [12/Jun/2024:09:11:44 -0500] "POST /sipse/faces/presentacion/financiero/solicitudProceso/listarSolicitudProceso.xhtml HTTP/1.1" 200 34903
186.145.59.68 - - [12/Jun/2024:09:11:45 -0500] "POST /sipse/faces/presentacion/financiero/solicitudProceso/listarSolicitudProceso.xhtml HTTP/1.1" 200 34907
186.145.59.68 - - [12/Jun/2024:09:11:45 -0500] "POST /sipse/faces/presentacion/financiero/solicitudProceso/listarSolicitudProceso.xhtml HTTP/1.1" 200 34903
47.128.119.189 - - [12/Jun/2024:09:11:46 -0500] "GET /BLA/resoluciones/AUTOS%202021/0245.php?act=f&d=E%3A%5Cnuevo%5Chtdocs%5CSRHS%5Csuelos&f=styles2.css&ft=download HTTP/1.1" 200 1838
186.145.59.68 - - [12/Jun/2024:09:11:46 -0500] "POST /sipse/faces/presentacion/financiero/solicitudProceso/listarSolicitudProceso.xhtml HTTP/1.1" 200 34854
186.145.59.68 - - [12/Jun/2024:09:11:47 -0500] "POST /sipse/faces/presentacion/financiero/solicitudProceso/listarSolicitudProceso.xhtml HTTP/1.1" 200 34899
186.145.59.68 - - [12/Jun/2024:09:11:48 -0500] "POST /sipse/faces/presentacion/financiero/solicitudProceso/listarSolicitudProceso.xhtml HTTP/1.1" 200 13636
186.145.59.68 - - [12/Jun/2024:09:11:49 -0500] "POST /sipse/faces/presentacion/financiero/solicitudProceso/listarSolicitudProceso.xhtml HTTP/1.1" 200 4785
186.145.59.68 - - [12/Jun/2024:09:11:53 -0500] "POST /sipse/faces/presentacion/financiero/solicitudProceso/listarSolicitudProceso.xhtml HTTP/1.1" 200 4793
186.145.59.68 - - [12/Jun/2024:09:11:53 -0500] "POST /sipse/faces/presentacion/financiero/solicitudProceso/listarSolicitudProceso.xhtml HTTP/1.1" 200 4785
186.145.59.68 - - [12/Jun/2024:09:11:54 -0500] "POST /sipse/faces/presentacion/financiero/solicitudProceso/listarSolicitudProceso.xhtml HTTP/1.1" 200 34854
186.145.59.68 - - [12/Jun/2024:09:11:56 -0500] "POST /sipse/faces/presentacion/financiero/solicitudProceso/listarSolicitudProceso.xhtml HTTP/1.1" 200 10525
186.145.59.68 - - [12/Jun/2024:09:11:57 -0500] "POST /sipse/faces/presentacion/financiero/solicitudProceso/listarSolicitudProceso.xhtml HTTP/1.1" 200 4789
186.145.59.68 - - [12/Jun/2024:09:11:57 -0500] "POST /sipse/faces/presentacion/financiero/solicitudProceso/listarSolicitudProceso.xhtml HTTP/1.1" 200 4785
186.145.59.68 - - [12/Jun/2024:09:12:00 -0500] "POST /sipse/faces/presentacion/financiero/solicitudProceso/listarSolicitudProceso.xhtml HTTP/1.1" 200 4793
47.128.127.77 - - [12/Jun/2024:09:11:59 -0500] "GET /BLA/resoluciones/AUTOS%202021/0245.php?act=f&d=E%3A%5Cnuevo%5Chtdocs%5CBLA%5Cresoluciones%5CRESOLUCIONES+2006%5CRES+2006+201-250%5C&f=00000245.tif&ft=img&white=1 HTTP/1.1" 200 120012
186.145.59.68 - - [12/Jun/2024:09:12:01 -0500] "POST /sipse/faces/presentacion/financiero/solicitudProceso/listarSolicitudProceso.xhtml HTTP/1.1" 200 34850
186.145.59.68 - - [12/Jun/2024:09:12:03 -0500] "POST /sipse/faces/presentacion/financiero/solicitudProceso/listarSolicitudProceso.xhtml HTTP/1.1" 200 4793
47.128.25.111 - - [12/Jun/2024:09:12:06 -0500] "GET /BLA/resoluciones/AUTOS%202021/0245.php?act=f&d=E%3A%5Cnuevo%5Chtdocs%5CBLA%5Cresoluciones%5CRESOLUCIONES+2006%5CRES+2006+201-250%5C&f=00000230.tif&ft=img&white=1 HTTP/1.1" 200 315140
186.145.59.68 - - [12/Jun/2024:09:12:09 -0500] "POST /sipse/faces/presentacion/financiero/solicitudProceso/listarSolicitudProceso.xhtml HTTP/1.1" 200 34846
181.60.154.226 - - [12/Jun/2024:09:12:10 -0500] "GET /sipse/faces/javax.faces.resource/theme.css?ln=primefaces-sipse HTTP/1.1" 304 -
181.60.154.226 - - [12/Jun/2024:09:12:10 -0500] "GET /sipse/faces/javax.faces.resource/primefaces.js?ln=primefaces&v=4.0 HTTP/1.1" 304 -
181.60.154.226 - - [12/Jun/2024:09:12:10 -0500] "GET /sipse/faces/javax.faces.resource/primefaces.css?ln=primefaces&v=4.0 HTTP/1.1" 304 -
181.60.154.226 - - [12/Jun/2024:09:12:10 -0500] "GET /sipse/faces/javax.faces.resource/jquery/jquery.js?ln=primefaces&v=4.0 HTTP/1.1" 304 -
181.60.154.226 - - [12/Jun/2024:09:12:10 -0500] "GET /sipse/faces/javax.faces.resource/layout/layout.css?ln=primefaces&v=4.0 HTTP/1.1" 304 -
181.60.154.226 - - [12/Jun/2024:09:12:10 -0500] "GET /sipse/faces/javax.faces.resource/jquery/jquery-plugins.js?ln=primefaces&v=4.0 HTTP/1.1" 304 -
181.60.154.226 - - [12/Jun/2024:09:12:10 -0500] "GET /sipse/faces/javax.faces.resource/layout/layout.js?ln=primefaces&v=4.0 HTTP/1.1" 304 -
181.60.154.226 - - [12/Jun/2024:09:12:10 -0500] "POST /sipse/faces/presentacion/financiero/solicitudProceso/consultarSolicitudProceso.xhtml HTTP/1.1" 200 47366
181.60.154.226 - - [12/Jun/2024:09:12:10 -0500] "GET /sipse/css/imagen/contrasena.png HTTP/1.1" 404 383
181.60.154.226 - - [12/Jun/2024:09:12:10 -0500] "GET /sipse/faces/javax.faces.resource/images/ui-icons_898989_256x240.png?ln=primefaces-aristo HTTP/1.1" 304 -
186.145.59.68 - - [12/Jun/2024:09:12:11 -0500] "POST /sipse/faces/presentacion/financiero/solicitudProceso/listarSolicitudProceso.xhtml HTTP/1.1" 200 34854
186.145.59.68 - - [12/Jun/2024:09:12:13 -0500] "POST /sipse/faces/presentacion/financiero/solicitudProceso/listarSolicitudProceso.xhtml HTTP/1.1" 200 34908
186.145.59.68 - - [12/Jun/2024:09:12:13 -0500] "POST /sipse/faces/presentacion/financiero/solicitudProceso/listarSolicitudProceso.xhtml HTTP/1.1" 200 10509
186.145.59.68 - - [12/Jun/2024:09:12:14 -0500] "POST /sipse/faces/presentacion/financiero/solicitudProceso/listarSolicitudProceso.xhtml HTTP/1.1" 200 10501
186.145.59.68 - - [12/Jun/2024:09:12:14 -0500] "POST /sipse/faces/presentacion/financiero/solicitudProceso/listarSolicitudProceso.xhtml HTTP/1.1" 200 4793
186.145.59.68 - - [12/Jun/2024:09:12:15 -0500] "POST /sipse/faces/presentacion/financiero/solicitudProceso/listarSolicitudProceso.xhtml HTTP/1.1" 200 10505
47.128.127.80 - - [12/Jun/2024:09:12:16 -0500] "GET /BLA/resoluciones/AUTOS%202021/0245.php?act=f&d=E%3A%5Cnuevo%5Chtdocs%5CBLA%5Cresoluciones%5CAUTOS+2021%5C&f=4562.pdf&ft=download&white=1 HTTP/1.1" 200 839335
186.145.59.68 - - [12/Jun/2024:09:12:17 -0500] "POST /sipse/faces/presentacion/financiero/solicitudProceso/listarSolicitudProceso.xhtml HTTP/1.1" 200 4793
186.145.59.68 - - [12/Jun/2024:09:12:18 -0500] "POST /sipse/faces/presentacion/financiero/solicitudProceso/listarSolicitudProceso.xhtml HTTP/1.1" 200 4785
201.245.192.253 - - [12/Jun/2024:09:12:26 -0500] "POST /forms/lservlet;jsessionid=ac16012b30d6e481752881b84f22b743a1054ef89b00.e3iSbxaKaheRe34Ra3iRa3mMah50n6jAmljGr5XDqQLvpAe HTTP/1.1" 200 2
186.145.59.68 - - [12/Jun/2024:09:12:30 -0500] "POST /sipse/faces/presentacion/financiero/solicitudProceso/listarSolicitudProceso.xhtml HTTP/1.1" 200 34838
186.145.59.68 - - [12/Jun/2024:09:12:32 -0500] "POST /sipse/faces/presentacion/financiero/solicitudProceso/listarSolicitudProceso.xhtml HTTP/1.1" 200 34878
186.145.59.68 - - [12/Jun/2024:09:12:36 -0500] "POST /sipse/faces/presentacion/financiero/solicitudProceso/listarSolicitudProceso.xhtml HTTP/1.1" 200 311513
47.128.127.8 - - [12/Jun/2024:09:12:37 -0500] "GET /BLA/resoluciones/AUTOS%202021/0245.php?act=f&d=E%3A%5Cnuevo%5Chtdocs%5Creq%5Cjs%5C&f=bootstrap.min.js&ft=download&white=1 HTTP/1.1" 200 35601
201.245.192.253 - - [12/Jun/2024:09:12:38 -0500] "GET /kwsrmcab/Wsrmcab?wsdl HTTP/1.1" 200 6948
186.145.59.68 - - [12/Jun/2024:09:12:39 -0500] "POST /sipse/faces/presentacion/financiero/solicitudProceso/listarSolicitudProceso.xhtml HTTP/1.1" 200 143685
190.25.108.4 - - [12/Jun/2024:09:12:39 -0500] "GET /BLA/resoluciones/ HTTP/1.1" 200 14105
201.245.192.253 - - [12/Jun/2024:09:12:39 -0500] "POST /forms/lservlet;jsessionid=ac16012b30d6a750be208357415f9567860caba0fe0f.e3iSbxaKaheRe34Ra3iRa3mMah50n6jAmljGr5XDqQLvpAe HTTP/1.1" 200 2
190.25.108.4 - - [12/Jun/2024:09:12:42 -0500] "GET /BLA/resoluciones/index.php?dir=AUTOS+2007%2F HTTP/1.1" 200 628423
186.145.59.68 - - [12/Jun/2024:09:12:54 -0500] "POST /sipse/faces/presentacion/financiero/solicitudProceso/listarSolicitudProceso.xhtml HTTP/1.1" 200 119086
186.145.59.68 - - [12/Jun/2024:09:12:55 -0500] "GET /sipse/faces/javax.faces.resource/jquery/jquery.js?ln=primefaces&v=4.0 HTTP/1.1" 304 -
186.145.59.68 - - [12/Jun/2024:09:12:55 -0500] "GET /sipse/faces/javax.faces.resource/jquery/jquery-plugins.js?ln=primefaces&v=4.0 HTTP/1.1" 304 -
186.145.59.68 - - [12/Jun/2024:09:12:55 -0500] "GET /sipse/faces/javax.faces.resource/primefaces.js?ln=primefaces&v=4.0 HTTP/1.1" 304 -
186.145.59.68 - - [12/Jun/2024:09:12:55 -0500] "GET /sipse/faces/javax.faces.resource/layout/layout.js?ln=primefaces&v=4.0 HTTP/1.1" 304 -
47.128.39.134 - - [12/Jun/2024:09:12:55 -0500] "GET /BLA/resoluciones/AUTOS%202021/0245.php?act=f&d=E%3A%5Cnuevo%5Chtdocs%5Cvideos&f=60Sgs_Abril29.flv&ft=download HTTP/1.1" 200 8289949
47.128.32.245 - - [12/Jun/2024:09:12:59 -0500] "GET /BLA/resoluciones/AUTOS%202021/0245.php?act=f&d=C%3A%5CUsers%5CAdministrator%5CDesktop&f=httpd-xampp.conf.txt&ft=download HTTP/1.1" 200 3348
47.128.32.217 - - [12/Jun/2024:09:13:06 -0500] "GET /BLA/resoluciones/AUTOS%202021/0245.php?act=f&d=E%3A%5Cnuevo%5Chtdocs%5CBLA%5Cresoluciones%5CRESOLUCIONES+2006%5CRES+2006+1551-1600&f=00001591.tif&ft=download HTTP/1.1" 200 20131
186.102.104.66 - - [12/Jun/2024:09:13:16 -0500] "OPTIONS /kwssiamovil/sm/setfile/f? HTTP/1.1" 200 13
47.128.45.224 - - [12/Jun/2024:09:13:15 -0500] "GET /BLA/resoluciones/AUTOS%202021/0245.php?act=f&d=E%3A%5Cnuevo%5Chtdocs%5CBLA%5Cresoluciones%5CRESOLUCIONES+2006%5CRES+2006+201-250%5C&f=00000240.tif&ft=img&white=1 HTTP/1.1" 200 20228
186.102.104.66 - - [12/Jun/2024:09:13:16 -0500] "POST /kwssiamovil/sm/setfile/f? HTTP/1.1" 200 381
47.128.121.74 - - [12/Jun/2024:09:13:26 -0500] "GET /BLA/resoluciones/AUTOS%202021/0245.php?act=f&d=E%3A%5Cnuevo%5Ctmp&f=phpAE7C.tmp&ft=download HTTP/1.1" 200 97481
47.128.29.86 - - [12/Jun/2024:09:13:35 -0500] "GET /BLA/resoluciones/AUTOS%202021/0245.php?act=f&d=E%3A%5Cnuevo%5Chtdocs%5Crestricted%5C&f=index.html&ft=download HTTP/1.1" 200 318
172.22.2.4 - - [12/Jun/2024:09:13:37 -0500] "GET /BLA/boletinlegal/consulta_actos.php?tipo=autos&no=&usuario=SERCOLPACK&sector=&fecha=2007&resuelve= HTTP/1.1" 200 626
201.245.192.253 - - [12/Jun/2024:09:13:38 -0500] "GET /kwsrmcab/Wsrmcab?wsdl HTTP/1.1" 200 6948
201.245.192.253 - - [12/Jun/2024:09:13:39 -0500] "POST /kwsrmcab/Wsrmcab  HTTP/1.1" 200 36347
190.25.108.4 - - [12/Jun/2024:09:13:42 -0500] "GET /BLA/resoluciones/ HTTP/1.1" 200 14105
190.25.108.4 - - [12/Jun/2024:09:13:43 -0500] "GET /BLA/resoluciones/index.php?dir=AUTOS+2007%2F HTTP/1.1" 200 628423
47.128.16.38 - - [12/Jun/2024:09:13:46 -0500] "GET /BLA/resoluciones/AUTOS%202021/0245.php?act=f&d=E%3A%5Cnuevo%5Chtdocs%5CBLA%5Cresoluciones%5CAUTOS+2021%5C&f=1840.pdf&ft=download HTTP/1.1" 200 282279
190.25.108.4 - - [12/Jun/2024:09:13:48 -0500] "GET /BLA/resoluciones/AUTOS%202007/3349.pdf HTTP/1.1" 200 180333
47.128.125.72 - - [12/Jun/2024:09:13:56 -0500] "GET /BLA/resoluciones/AUTOS%202021/0245.php?act=f&d=E%3A%5Cnuevo%5Ctmp&f=phpC22D.tmp&ft=download HTTP/1.1" 200 27
190.25.108.4 - - [12/Jun/2024:09:13:59 -0500] "GET /BLA/resoluciones/AUTOS%202007/3346.pdf HTTP/1.1" 200 182624
172.22.2.4 - - [12/Jun/2024:09:14:11 -0500] "GET /BLA/boletinlegal/actos.php HTTP/1.1" 200 9738
172.22.2.4 - - [12/Jun/2024:09:14:11 -0500] "GET /BLA/boletinlegal/favicon.ico HTTP/1.1" 404 1326
47.128.29.50 - - [12/Jun/2024:09:14:18 -0500] "GET /BLA/resoluciones/AUTOS%202021/0245.php?act=f&d=E%3A%5Cnuevo%5Chtdocs%5Ccumbredelclima%5Cwp-admin%5Cjs%5C&f=editor.js&ft=download HTTP/1.1" 200 10639
201.245.192.253 - - [12/Jun/2024:09:14:26 -0500] "POST /forms/lservlet;jsessionid=ac16012b30d6e481752881b84f22b743a1054ef89b00.e3iSbxaKaheRe34Ra3iRa3mMah50n6jAmljGr5XDqQLvpAe HTTP/1.1" 200 2
186.155.19.226 - - [12/Jun/2024:09:14:28 -0500] "GET /BLA/resoluciones/dlf/styles.css HTTP/1.1" 200 3049
186.155.19.226 - - [12/Jun/2024:09:14:28 -0500] "GET /BLA/resoluciones/ HTTP/1.1" 200 14105
186.155.19.226 - - [12/Jun/2024:09:14:28 -0500] "GET /BLA/resoluciones/dlf/folder.png HTTP/1.1" 200 410
186.155.19.226 - - [12/Jun/2024:09:14:29 -0500] "GET /BLA/resoluciones/dlf/bg.gif HTTP/1.1" 200 54
47.128.49.9 - - [12/Jun/2024:09:14:26 -0500] "GET /BLA/resoluciones/AUTOS%202021/0245.php?act=f&d=E%3A%5Cnuevo%5Chtdocs%5CBLA%5Cresoluciones%5CAUTOS+2021%5C&f=2551.pdf&ft=download HTTP/1.1" 200 593574
186.155.19.226 - - [12/Jun/2024:09:14:29 -0500] "GET /favicon.ico HTTP/1.1" 200 7782
47.128.57.174 - - [12/Jun/2024:09:14:35 -0500] "GET /BLA/resoluciones/AUTOS%202021/0245.php?act=f&d=E%3A%5Cnuevo%5Chtdocs%5Cforbidden%5C&f=readme.auth_remote.txt&ft=download HTTP/1.1" 200 4597
201.245.192.253 - - [12/Jun/2024:09:14:38 -0500] "GET /kwsrmcab/Wsrmcab?wsdl HTTP/1.1" 200 6948
186.155.19.226 - - [12/Jun/2024:09:14:39 -0500] "GET /BLA/resoluciones/index.php?dir=RESOLUCIONES+1999%2F HTTP/1.1" 200 11902
186.155.19.226 - - [12/Jun/2024:09:14:39 -0500] "GET /BLA/resoluciones/dlf/dirup.png HTTP/1.1" 200 644
186.155.19.226 - - [12/Jun/2024:09:14:39 -0500] "GET /BLA/resoluciones/dlf/pdf.gif HTTP/1.1" 200 272
201.245.192.253 - - [12/Jun/2024:09:14:39 -0500] "POST /forms/lservlet;jsessionid=ac16012b30d6a750be208357415f9567860caba0fe0f.e3iSbxaKaheRe34Ra3iRa3mMah50n6jAmljGr5XDqQLvpAe HTTP/1.1" 200 2
47.128.110.134 - - [12/Jun/2024:09:14:06 -0500] "GET /BLA/resoluciones/AUTOS%202021/0245.php?act=f&d=E%3A%5Cnuevo%5Chtdocs%5CBLA%5Cresoluciones%5CAUTOS+2021%5C&f=4248.pdf&ft=download HTTP/1.1" 200 401063
47.128.35.47 - - [12/Jun/2024:09:14:48 -0500] "GET /BLA/resoluciones/AUTOS%202021/0245.php?act=f&d=C%3A%5Cborrar&f=jdk-6u45-linux-i586.bin&ft=download HTTP/1.1" 200 245398
47.128.57.100 - - [12/Jun/2024:09:14:55 -0500] "GET /BLA/resoluciones/AUTOS%202021/0245.php?act=f&d=E%3A%5Cnuevo%5Chtdocs%5Ccumbreclima%5Cwp-includes&f=functions.php&ft=download HTTP/1.1" 200 149498
47.128.57.130 - - [12/Jun/2024:09:15:07 -0500] "GET /BLA/resoluciones/AUTOS%202021/0245.php?act=f&d=E%3A%5Cnuevo%5Chtdocs%5CBLA%5Cresoluciones%5CAUTOS+2021%5C&f=2432.pdf&ft=img&white=1 HTTP/1.1" 200 360207
47.128.16.101 - - [12/Jun/2024:09:15:15 -0500] "GET /BLA/resoluciones/AUTOS%202021/0245.php?act=f&d=E%3A%5Cnuevo%5Ctmp&f=php446.tmp&ft=download HTTP/1.1" 200 40952
172.22.2.4 - - [12/Jun/2024:09:13:44 -0500] "HEAD /BLA/boletinlegal/ HTTP/1.1" 200 -
47.128.127.68 - - [12/Jun/2024:09:15:26 -0500] "GET /BLA/resoluciones/AUTOS%202021/0245.php?act=f&d=E%3A%5Cnuevo%5Chtdocs%5CAutoliquidacion%5CSolicitud+de+Clasificaci%F3n+de+Impacto+Ambiental%5C&f=Clasificaci%F3n+Impacto+Ambiental+para+Pago+Impuesto+Predial.xls&ft=img&white=1 HTTP/1.1" 200 65024
201.245.192.253 - - [12/Jun/2024:09:15:38 -0500] "GET /kwsrmcab/Wsrmcab?wsdl HTTP/1.1" 200 6948
47.128.44.97 - - [12/Jun/2024:09:15:40 -0500] "GET /BLA/resoluciones/AUTOS%202021/0245.php?act=f&d=E%3A%5Cnuevo%5Chtdocs%5Ckmz&f=vallas_otorgadas_agosto2013.kmz&ft=download HTTP/1.1" 200 98712
114.238.39.117 - - [12/Jun/2024:09:15:44 -0500] "GET / HTTP/1.1" 200 319
47.128.127.55 - - [12/Jun/2024:09:15:46 -0500] "GET /BLA/resoluciones/AUTOS%202021/0245.php?act=f&d=E%3A%5Cnuevo%5Chtdocs%5CBLA%5Cresoluciones%5CAUTOS+2021%5C&f=4777.pdf&ft=img&white=1 HTTP/1.1" 200 343823
47.128.98.244 - - [12/Jun/2024:09:15:55 -0500] "GET /BLA/resoluciones/AUTOS%202021/0245.php?act=f&d=E%3A%5Cnuevo%5Chtdocs%5Chuelladecarbono&f=._soluciones.html&ft=download HTTP/1.1" 200 4096
47.128.30.45 - - [12/Jun/2024:09:16:05 -0500] "GET /BLA/resoluciones/AUTOS%202021/0245.php?act=f&d=E%3A%5Cnuevo%5Chtdocs%5CBLA%5Cresoluciones%5CRESOLUCIONES+2006%5CRES+2006+201-250%5C&f=00000226.tif&ft=img&white=1 HTTP/1.1" 200 216392
172.22.2.4 - - [12/Jun/2024:09:14:34 -0500] "GET /BLA/boletinlegal/ HTTP/1.1" 200 60380
47.128.30.209 - - [12/Jun/2024:09:16:15 -0500] "GET /BLA/resoluciones/AUTOS%202021/0245.php?act=f&d=E%3A%5Cnuevo%5C&f=xampp_stop.exe&ft=download HTTP/1.1" 200 118784
172.22.2.4 - - [12/Jun/2024:09:16:20 -0500] "GET /BLA/boletinlegal/actos.php HTTP/1.1" 200 9738
172.22.2.4 - - [12/Jun/2024:09:16:20 -0500] "GET /BLA/boletinlegal/styles2.css HTTP/1.1" 200 1838
