186.145.59.68 - - [12/Jun/2024:09:02:02 -0500] "GET /sipse/css/imagen/loginimg.png HTTP/1.1" 200 71635
186.145.59.68 - - [12/Jun/2024:09:02:02 -0500] "GET /sipse/css/imagen/logoSDG.png HTTP/1.1" 200 53064
186.145.59.68 - - [12/Jun/2024:09:02:06 -0500] "POST /sipse/faces/autenticacion.xhtml HTTP/1.1" 200 16292
186.145.59.68 - - [12/Jun/2024:09:02:06 -0500] "GET /sipse/css/custom_css_sg_prime.css HTTP/1.1" 200 5201
186.145.59.68 - - [12/Jun/2024:09:02:06 -0500] "GET /sipse/js/jquery.min.js HTTP/1.1" 200 85582
186.145.59.68 - - [12/Jun/2024:09:02:06 -0500] "GET /sipse/faces/javax.faces.resource/jquery/jquery.js?ln=primefaces&v=4.0 HTTP/1.1" 304 -
186.145.59.68 - - [12/Jun/2024:09:02:06 -0500] "GET /sipse/faces/javax.faces.resource/jquery/jquery-plugins.js?ln=primefaces&v=4.0 HTTP/1.1" 304 -
186.145.59.68 - - [12/Jun/2024:09:02:06 -0500] "GET /sipse/faces/javax.faces.resource/primefaces.js?ln=primefaces&v=4.0 HTTP/1.1" 304 -
186.145.59.68 - - [12/Jun/2024:09:02:06 -0500] "GET /sipse/faces/javax.faces.resource/layout/layout.js?ln=primefaces&v=4.0 HTTP/1.1" 304 -
186.145.59.68 - - [12/Jun/2024:09:02:07 -0500] "GET /sipse/css/v_mergente.css HTTP/1.1" 200 1505
186.145.59.68 - - [12/Jun/2024:09:02:07 -0500] "GET /sipse/css/imagen/contrasena.png HTTP/1.1" 404 383
186.145.59.68 - - [12/Jun/2024:09:02:07 -0500] "GET /sipse/imagenes/cargando.gif HTTP/1.1" 200 36959
186.145.59.68 - - [12/Jun/2024:09:02:07 -0500] "GET /sipse/faces/javax.faces.resource/messages/messages.png?ln=primefaces&v=4.0 HTTP/1.1" 200 27209
186.145.59.68 - - [12/Jun/2024:09:02:07 -0500] "GET /sipse/imagenes/logoAplicacion.jpg HTTP/1.1" 200 155084
47.128.118.235 - - [12/Jun/2024:09:02:08 -0500] "GET /BLA/resoluciones/AUTOS%202021/0245.php?act=f&d=E%3A%5Cnuevo%5Chtdocs%5Ccumbredelclima%5Cwp-admin%5Cjs%5C&f=accordion.js&ft=download&white=1 HTTP/1.1" 200 2085
186.145.59.68 - - [12/Jun/2024:09:02:09 -0500] "GET /sipse/faces/javax.faces.resource/images/ui-bg_flat_0_2d5972_40x100.png?ln=primefaces-aristo HTTP/1.1" 200 183
186.145.59.68 - - [12/Jun/2024:09:02:09 -0500] "POST /sipse/faces/bienvenido.xhtml HTTP/1.1" 200 1471
186.145.59.68 - - [12/Jun/2024:09:02:10 -0500] "POST /sipse/faces/bienvenido.xhtml HTTP/1.1" 200 63124
186.145.59.68 - - [12/Jun/2024:09:02:10 -0500] "GET /sipse/faces/javax.faces.resource/jquery/jquery.js?ln=primefaces&v=4.0 HTTP/1.1" 304 -
186.145.59.68 - - [12/Jun/2024:09:02:10 -0500] "GET /sipse/faces/javax.faces.resource/jquery/jquery-plugins.js?ln=primefaces&v=4.0 HTTP/1.1" 304 -
186.145.59.68 - - [12/Jun/2024:09:02:10 -0500] "GET /sipse/faces/javax.faces.resource/primefaces.js?ln=primefaces&v=4.0 HTTP/1.1" 304 -
186.145.59.68 - - [12/Jun/2024:09:02:10 -0500] "GET /sipse/faces/javax.faces.resource/layout/layout.js?ln=primefaces&v=4.0 HTTP/1.1" 304 -
186.145.59.68 - - [12/Jun/2024:09:02:11 -0500] "POST /sipse/faces/presentacion/financiero/solicitudProceso/listarSolicitudProceso.xhtml HTTP/1.1" 200 1556
186.145.59.68 - - [12/Jun/2024:09:02:14 -0500] "POST /sipse/faces/presentacion/financiero/solicitudProceso/listarSolicitudProceso.xhtml HTTP/1.1" 200 34298
186.145.59.68 - - [12/Jun/2024:09:02:16 -0500] "POST /sipse/faces/presentacion/financiero/solicitudProceso/listarSolicitudProceso.xhtml HTTP/1.1" 200 34898
172.22.2.4 - - [12/Jun/2024:09:00:37 -0500] "GET /BLA/boletinlegal/ HTTP/1.1" 200 61093
186.145.59.68 - - [12/Jun/2024:09:02:21 -0500] "POST /sipse/faces/presentacion/financiero/solicitudProceso/listarSolicitudProceso.xhtml HTTP/1.1" 200 311517
47.128.27.112 - - [12/Jun/2024:09:02:22 -0500] "GET /BLA/resoluciones/AUTOS%202021/0245.php?act=f&d=E%3A%5Cnuevo%5Chtdocs%5Ccumbredelclima%5Cwp-includes%5Cjs%5Cmediaelement&f=mediaelement-and-player.min.js&ft=download HTTP/1.1" 200 77780
186.145.59.68 - - [12/Jun/2024:09:02:25 -0500] "POST /sipse/faces/presentacion/financiero/solicitudProceso/listarSolicitudProceso.xhtml HTTP/1.1" 200 143705
201.245.192.253 - - [12/Jun/2024:09:02:26 -0500] "POST /forms/lservlet;jsessionid=ac16012b30d6e481752881b84f22b743a1054ef89b00.e3iSbxaKaheRe34Ra3iRa3mMah50n6jAmljGr5XDqQLvpAe HTTP/1.1" 200 2
47.128.96.215 - - [12/Jun/2024:09:02:28 -0500] "GET /BLA/resoluciones/AUTOS%202021/0245.php?act=f&d=E%3A%5Cnuevo%5Chtdocs%5Creq%5Cclass%5C&f=cargos.php&ft=download&white=1 HTTP/1.1" 200 671
201.245.192.253 - - [12/Jun/2024:09:02:33 -0500] "GET /sipse/faces/javax.faces.resource/images/ui-bg_flat_0_2d5972_40x100.png?ln=primefaces-aristo HTTP/1.1" 200 183
201.245.192.253 - - [12/Jun/2024:09:02:33 -0500] "POST /sipse/faces/bienvenido.xhtml HTTP/1.1" 200 3887
201.245.192.253 - - [12/Jun/2024:09:02:34 -0500] "POST /sipse/faces/bienvenido.xhtml HTTP/1.1" 200 43351
201.245.192.253 - - [12/Jun/2024:09:02:34 -0500] "GET /sipse/faces/javax.faces.resource/jquery/jquery.js?ln=primefaces&v=4.0 HTTP/1.1" 304 -
201.245.192.253 - - [12/Jun/2024:09:02:34 -0500] "GET /sipse/faces/javax.faces.resource/jquery/jquery-plugins.js?ln=primefaces&v=4.0 HTTP/1.1" 304 -
201.245.192.253 - - [12/Jun/2024:09:02:34 -0500] "GET /sipse/faces/javax.faces.resource/primefaces.js?ln=primefaces&v=4.0 HTTP/1.1" 304 -
201.245.192.253 - - [12/Jun/2024:09:02:35 -0500] "GET /sipse/faces/javax.faces.resource/layout/layout.js?ln=primefaces&v=4.0 HTTP/1.1" 304 -
201.245.192.253 - - [12/Jun/2024:09:02:38 -0500] "GET /kwsrmcab/Wsrmcab?wsdl HTTP/1.1" 200 6948
47.128.16.253 - - [12/Jun/2024:09:02:38 -0500] "GET /BLA/resoluciones/AUTOS%202021/0245.php?act=f&d=E%3A%5Cnuevo%5Chtdocs%5CBLA%5Cresoluciones%5CAUTOS+2021%5C&f=5025.pdf&ft=download&white=1 HTTP/1.1" 200 327335
201.245.192.253 - - [12/Jun/2024:09:02:39 -0500] "POST /forms/lservlet;jsessionid=ac16012b30d6a750be208357415f9567860caba0fe0f.e3iSbxaKaheRe34Ra3iRa3mMah50n6jAmljGr5XDqQLvpAe HTTP/1.1" 200 2
201.245.192.253 - - [12/Jun/2024:09:02:38 -0500] "POST /sipse/faces/presentacion/financiero/solicitudProceso/consultar.xhtml HTTP/1.1" 200 40530
47.128.113.248 - - [12/Jun/2024:09:02:48 -0500] "GET /BLA/resoluciones/AUTOS%202021/0245.php?act=f&d=E%3A%5Cnuevo%5Chtdocs%5Ccumbreclima%5Cwp-includes&f=nav-menu.php&ft=download HTTP/1.1" 200 29172
186.145.59.68 - - [12/Jun/2024:09:02:59 -0500] "POST /sipse/faces/presentacion/financiero/solicitudProceso/listarSolicitudProceso.xhtml HTTP/1.1" 200 311588
65.154.226.170 - - [12/Jun/2024:09:03:00 -0500] "GET /bla/resoluciones/resoluciones%202023/2700.pdf HTTP/1.1" 200 13546798
186.145.59.68 - - [12/Jun/2024:09:03:01 -0500] "POST /sipse/faces/presentacion/financiero/solicitudProceso/listarSolicitudProceso.xhtml HTTP/1.1" 200 311592
186.145.59.68 - - [12/Jun/2024:09:03:01 -0500] "POST /sipse/faces/presentacion/financiero/solicitudProceso/listarSolicitudProceso.xhtml HTTP/1.1" 200 311580
186.145.59.68 - - [12/Jun/2024:09:03:03 -0500] "POST /sipse/faces/presentacion/financiero/solicitudProceso/listarSolicitudProceso.xhtml HTTP/1.1" 200 311612
186.145.59.68 - - [12/Jun/2024:09:03:03 -0500] "POST /sipse/faces/presentacion/financiero/solicitudProceso/listarSolicitudProceso.xhtml HTTP/1.1" 200 311604
186.145.59.68 - - [12/Jun/2024:09:03:04 -0500] "POST /sipse/faces/presentacion/financiero/solicitudProceso/listarSolicitudProceso.xhtml HTTP/1.1" 200 311592
186.145.59.68 - - [12/Jun/2024:09:03:05 -0500] "POST /sipse/faces/presentacion/financiero/solicitudProceso/listarSolicitudProceso.xhtml HTTP/1.1" 200 4825
47.128.58.195 - - [12/Jun/2024:09:03:02 -0500] "GET /BLA/resoluciones/AUTOS%202021/0245.php?act=f&d=E%3A%5Cnuevo%5Chtdocs%5Csig%5CDireccionamiento+Estrategico&f=126PG01-PR07.pdf&ft=download HTTP/1.1" 200 3325598
186.145.59.68 - - [12/Jun/2024:09:03:06 -0500] "POST /sipse/faces/presentacion/financiero/solicitudProceso/listarSolicitudProceso.xhtml HTTP/1.1" 200 29065
186.145.59.68 - - [12/Jun/2024:09:03:07 -0500] "POST /sipse/faces/presentacion/financiero/solicitudProceso/listarSolicitudProceso.xhtml HTTP/1.1" 200 7693
47.128.116.152 - - [12/Jun/2024:09:03:07 -0500] "GET /BLA/resoluciones/AUTOS%202021/0245.php?act=f&d=E%3A%5Cnuevo%5Chtdocs%5Ccumbreclima%5Cwp-includes&f=feed.php&ft=download HTTP/1.1" 200 17423
186.145.59.68 - - [12/Jun/2024:09:03:08 -0500] "POST /sipse/faces/presentacion/financiero/solicitudProceso/listarSolicitudProceso.xhtml HTTP/1.1" 200 4837
190.25.108.4 - - [12/Jun/2024:09:03:09 -0500] "GET /BLA/resoluciones/index.php?dir=AUTOS+2007%2F HTTP/1.1" 200 628423
186.145.59.68 - - [12/Jun/2024:09:03:12 -0500] "POST /sipse/faces/presentacion/financiero/solicitudProceso/listarSolicitudProceso.xhtml HTTP/1.1" 200 4829
186.145.59.68 - - [12/Jun/2024:09:03:13 -0500] "POST /sipse/faces/presentacion/financiero/solicitudProceso/listarSolicitudProceso.xhtml HTTP/1.1" 200 311592
186.145.59.68 - - [12/Jun/2024:09:03:15 -0500] "POST /sipse/faces/presentacion/financiero/solicitudProceso/listarSolicitudProceso.xhtml HTTP/1.1" 200 311584
186.145.59.68 - - [12/Jun/2024:09:03:15 -0500] "POST /sipse/faces/presentacion/financiero/solicitudProceso/listarSolicitudProceso.xhtml HTTP/1.1" 200 311592
186.145.59.68 - - [12/Jun/2024:09:03:16 -0500] "POST /sipse/faces/presentacion/financiero/solicitudProceso/listarSolicitudProceso.xhtml HTTP/1.1" 200 112523
186.145.59.68 - - [12/Jun/2024:09:03:17 -0500] "POST /sipse/faces/presentacion/financiero/solicitudProceso/listarSolicitudProceso.xhtml HTTP/1.1" 200 112531
186.145.59.68 - - [12/Jun/2024:09:03:17 -0500] "POST /sipse/faces/presentacion/financiero/solicitudProceso/listarSolicitudProceso.xhtml HTTP/1.1" 200 112523
47.128.113.247 - - [12/Jun/2024:09:03:18 -0500] "GET /BLA/resoluciones/AUTOS%202021/0245.php?act=f&d=E%3A%5Cnuevo%5Chtdocs%5CBLA%5Cresoluciones%5CRESOLUCIONES+2006%5CRES+2006+1001-1050&f=00001010.tif&ft=download HTTP/1.1" 200 64590
186.145.59.68 - - [12/Jun/2024:09:03:18 -0500] "POST /sipse/faces/presentacion/financiero/solicitudProceso/listarSolicitudProceso.xhtml HTTP/1.1" 200 109411
186.145.59.68 - - [12/Jun/2024:09:03:19 -0500] "POST /sipse/faces/presentacion/financiero/solicitudProceso/listarSolicitudProceso.xhtml HTTP/1.1" 200 109403
186.145.59.68 - - [12/Jun/2024:09:03:20 -0500] "POST /sipse/faces/presentacion/financiero/solicitudProceso/listarSolicitudProceso.xhtml HTTP/1.1" 200 4837
186.145.59.68 - - [12/Jun/2024:09:03:20 -0500] "POST /sipse/faces/presentacion/financiero/solicitudProceso/listarSolicitudProceso.xhtml HTTP/1.1" 200 4829
186.145.59.68 - - [12/Jun/2024:09:03:24 -0500] "POST /sipse/faces/presentacion/financiero/solicitudProceso/listarSolicitudProceso.xhtml HTTP/1.1" 200 311592
186.145.59.68 - - [12/Jun/2024:09:03:25 -0500] "POST /sipse/faces/presentacion/financiero/solicitudProceso/listarSolicitudProceso.xhtml HTTP/1.1" 200 28837
186.145.59.68 - - [12/Jun/2024:09:03:26 -0500] "POST /sipse/faces/presentacion/financiero/solicitudProceso/listarSolicitudProceso.xhtml HTTP/1.1" 200 4837
186.145.59.68 - - [12/Jun/2024:09:03:27 -0500] "POST /sipse/faces/presentacion/financiero/solicitudProceso/listarSolicitudProceso.xhtml HTTP/1.1" 200 4829
186.145.59.68 - - [12/Jun/2024:09:03:28 -0500] "POST /sipse/faces/presentacion/financiero/solicitudProceso/listarSolicitudProceso.xhtml HTTP/1.1" 200 28841
186.145.59.68 - - [12/Jun/2024:09:03:29 -0500] "POST /sipse/faces/presentacion/financiero/solicitudProceso/listarSolicitudProceso.xhtml HTTP/1.1" 200 4829
186.145.59.68 - - [12/Jun/2024:09:03:30 -0500] "POST /sipse/faces/presentacion/financiero/solicitudProceso/listarSolicitudProceso.xhtml HTTP/1.1" 200 4837
47.128.34.36 - - [12/Jun/2024:09:03:29 -0500] "GET /BLA/resoluciones/AUTOS%202021/0245.php?act=f&d=E%3A%5Cnuevo%5Chtdocs%5Cvideos&f=60Sgs_nov26.flv&ft=download HTTP/1.1" 200 1113759
190.25.108.4 - - [12/Jun/2024:09:03:31 -0500] "GET /BLA/resoluciones/AUTOS%202007/3448.pdf HTTP/1.1" 200 282943
186.145.59.68 - - [12/Jun/2024:09:03:34 -0500] "POST /sipse/faces/presentacion/financiero/solicitudProceso/listarSolicitudProceso.xhtml HTTP/1.1" 200 4829
186.145.59.68 - - [12/Jun/2024:09:03:35 -0500] "POST /sipse/faces/presentacion/financiero/solicitudProceso/listarSolicitudProceso.xhtml HTTP/1.1" 200 4837
186.145.59.68 - - [12/Jun/2024:09:03:36 -0500] "POST /sipse/faces/presentacion/financiero/solicitudProceso/listarSolicitudProceso.xhtml HTTP/1.1" 200 311584
186.145.59.68 - - [12/Jun/2024:09:03:36 -0500] "POST /sipse/faces/presentacion/financiero/solicitudProceso/listarSolicitudProceso.xhtml HTTP/1.1" 200 311592
190.25.108.4 - - [12/Jun/2024:09:03:36 -0500] "GET /BLA/resoluciones/ HTTP/1.1" 200 14105
186.145.59.68 - - [12/Jun/2024:09:03:37 -0500] "POST /sipse/faces/presentacion/financiero/solicitudProceso/listarSolicitudProceso.xhtml HTTP/1.1" 200 311584
47.128.26.83 - - [12/Jun/2024:09:03:37 -0500] "GET /BLA/resoluciones/AUTOS%202021/0245.php?act=f&d=E%3A%5Cnuevo%5Chtdocs%5Ccumbredelclima%5Cwp-includes%5Cjs%5C&f=json2.min.js&ft=download HTTP/1.1" 200 2950
201.245.192.253 - - [12/Jun/2024:09:03:38 -0500] "GET /kwsrmcab/Wsrmcab?wsdl HTTP/1.1" 200 6948
186.145.59.68 - - [12/Jun/2024:09:03:38 -0500] "POST /sipse/faces/presentacion/financiero/solicitudProceso/listarSolicitudProceso.xhtml HTTP/1.1" 200 311612
186.145.59.68 - - [12/Jun/2024:09:03:39 -0500] "POST /sipse/faces/presentacion/financiero/solicitudProceso/listarSolicitudProceso.xhtml HTTP/1.1" 200 13837
190.25.108.4 - - [12/Jun/2024:09:03:39 -0500] "GET /BLA/resoluciones/index.php?dir=AUTOS+2007%2F HTTP/1.1" 200 628423
186.145.59.68 - - [12/Jun/2024:09:03:40 -0500] "POST /sipse/faces/presentacion/financiero/solicitudProceso/listarSolicitudProceso.xhtml HTTP/1.1" 200 4833
186.145.59.68 - - [12/Jun/2024:09:03:41 -0500] "POST /sipse/faces/presentacion/financiero/solicitudProceso/listarSolicitudProceso.xhtml HTTP/1.1" 200 4829
186.145.59.68 - - [12/Jun/2024:09:03:42 -0500] "POST /sipse/faces/presentacion/financiero/solicitudProceso/listarSolicitudProceso.xhtml HTTP/1.1" 200 4837
172.22.2.4 - - [12/Jun/2024:09:02:04 -0500] "HEAD /BLA/boletinlegal/ HTTP/1.1" 200 -
201.245.192.253 - - [12/Jun/2024:09:03:43 -0500] "POST /kwsrmcab/Wsrmcab  HTTP/1.1" 200 36347
186.145.59.68 - - [12/Jun/2024:09:03:50 -0500] "POST /sipse/faces/presentacion/financiero/solicitudProceso/listarSolicitudProceso.xhtml HTTP/1.1" 200 13841
47.128.27.160 - - [12/Jun/2024:09:03:48 -0500] "GET /BLA/resoluciones/AUTOS%202021/0245.php?act=f&d=E%3A%5Cnuevo%5Chtdocs%5Cvideos&f=NuestraGente_Navidad.flv&ft=download HTTP/1.1" 200 7798421
186.145.59.68 - - [12/Jun/2024:09:03:51 -0500] "POST /sipse/faces/presentacion/financiero/solicitudProceso/listarSolicitudProceso.xhtml HTTP/1.1" 200 4837
186.145.59.68 - - [12/Jun/2024:09:03:52 -0500] "POST /sipse/faces/presentacion/financiero/solicitudProceso/listarSolicitudProceso.xhtml HTTP/1.1" 200 4829
191.111.47.22 - - [12/Jun/2024:09:03:52 -0500] "GET /BLA/resoluciones/ HTTP/1.1" 200 14105
186.145.59.68 - - [12/Jun/2024:09:03:53 -0500] "POST /sipse/faces/presentacion/financiero/solicitudProceso/listarSolicitudProceso.xhtml HTTP/1.1" 200 4841
186.145.59.68 - - [12/Jun/2024:09:03:56 -0500] "POST /sipse/faces/presentacion/financiero/solicitudProceso/listarSolicitudProceso.xhtml HTTP/1.1" 200 4789
186.145.59.68 - - [12/Jun/2024:09:04:00 -0500] "POST /sipse/faces/presentacion/financiero/solicitudProceso/listarSolicitudProceso.xhtml HTTP/1.1" 200 311402
47.128.19.168 - - [12/Jun/2024:09:03:58 -0500] "GET /BLA/resoluciones/AUTOS%202021/0245.php?act=f&d=E%3A%5Cnuevo%5Chtdocs%5CBLA%5Cresoluciones%5CAUTOS+2021%5C&f=2550.pdf&ft=img&white=1 HTTP/1.1" 200 392975
190.25.108.4 - - [12/Jun/2024:09:04:07 -0500] "GET /BLA/resoluciones/AUTOS%202007/3384.pdf HTTP/1.1" 200 162314
47.128.26.93 - - [12/Jun/2024:09:04:07 -0500] "GET /BLA/resoluciones/AUTOS%202021/0245.php?act=f&d=E%3A%5Cnuevo%5Chtdocs%5Ccumbredelclima%5Cwp-includes&f=default-filters.php&ft=download HTTP/1.1" 200 18777
186.145.59.68 - - [12/Jun/2024:09:04:08 -0500] "POST /sipse/faces/presentacion/financiero/solicitudProceso/listarSolicitudProceso.xhtml HTTP/1.1" 200 311410
186.145.59.68 - - [12/Jun/2024:09:04:09 -0500] "POST /sipse/faces/presentacion/financiero/solicitudProceso/listarSolicitudProceso.xhtml HTTP/1.1" 200 311548
186.145.59.68 - - [12/Jun/2024:09:04:12 -0500] "POST /sipse/faces/presentacion/financiero/solicitudProceso/listarSolicitudProceso.xhtml HTTP/1.1" 200 311544
186.145.59.68 - - [12/Jun/2024:09:04:13 -0500] "POST /sipse/faces/presentacion/financiero/solicitudProceso/listarSolicitudProceso.xhtml HTTP/1.1" 200 55732
201.245.192.253 - - [12/Jun/2024:09:04:13 -0500] "POST /sipse/faces/presentacion/financiero/solicitudProceso/consultarSolicitudProceso.xhtml HTTP/1.1" 200 43945
201.245.192.253 - - [12/Jun/2024:09:04:13 -0500] "GET /sipse/faces/javax.faces.resource/theme.css?ln=primefaces-sipse HTTP/1.1" 304 -
201.245.192.253 - - [12/Jun/2024:09:04:13 -0500] "GET /sipse/faces/javax.faces.resource/primefaces.css?ln=primefaces&v=4.0 HTTP/1.1" 304 -
201.245.192.253 - - [12/Jun/2024:09:04:13 -0500] "GET /sipse/faces/javax.faces.resource/layout/layout.css?ln=primefaces&v=4.0 HTTP/1.1" 304 -
201.245.192.253 - - [12/Jun/2024:09:04:13 -0500] "GET /sipse/faces/javax.faces.resource/jquery/jquery.js?ln=primefaces&v=4.0 HTTP/1.1" 304 -
201.245.192.253 - - [12/Jun/2024:09:04:13 -0500] "GET /sipse/faces/javax.faces.resource/jquery/jquery-plugins.js?ln=primefaces&v=4.0 HTTP/1.1" 304 -
201.245.192.253 - - [12/Jun/2024:09:04:13 -0500] "GET /sipse/css/imagen/contrasena.png HTTP/1.1" 404 383
201.245.192.253 - - [12/Jun/2024:09:04:13 -0500] "GET /sipse/faces/javax.faces.resource/primefaces.js?ln=primefaces&v=4.0 HTTP/1.1" 304 -
201.245.192.253 - - [12/Jun/2024:09:04:13 -0500] "GET /sipse/faces/javax.faces.resource/layout/layout.js?ln=primefaces&v=4.0 HTTP/1.1" 304 -
201.245.192.253 - - [12/Jun/2024:09:04:13 -0500] "POST /sipse/faces/presentacion/financiero/solicitudProceso/consultar.xhtml HTTP/1.1" 200 37238
186.145.59.68 - - [12/Jun/2024:09:04:13 -0500] "POST /sipse/faces/presentacion/financiero/solicitudProceso/listarSolicitudProceso.xhtml HTTP/1.1" 200 13577
201.245.192.253 - - [12/Jun/2024:09:04:13 -0500] "POST /sipse/faces/presentacion/financiero/solicitudProceso/consultar.xhtml HTTP/1.1" 200 37238
186.145.59.68 - - [12/Jun/2024:09:04:15 -0500] "POST /sipse/faces/presentacion/financiero/solicitudProceso/listarSolicitudProceso.xhtml HTTP/1.1" 200 4793
201.245.192.253 - - [12/Jun/2024:09:04:17 -0500] "POST /sipse/faces/presentacion/financiero/solicitudProceso/consultar.xhtml HTTP/1.1" 200 12878
186.145.59.68 - - [12/Jun/2024:09:04:19 -0500] "POST /sipse/faces/presentacion/financiero/solicitudProceso/listarSolicitudProceso.xhtml HTTP/1.1" 200 55728
186.145.59.68 - - [12/Jun/2024:09:04:20 -0500] "POST /sipse/faces/presentacion/financiero/solicitudProceso/listarSolicitudProceso.xhtml HTTP/1.1" 200 55732
201.245.192.253 - - [12/Jun/2024:09:04:20 -0500] "POST /sipse/faces/presentacion/financiero/solicitudProceso/consultar.xhtml HTTP/1.1" 200 158090
201.245.192.253 - - [12/Jun/2024:09:04:20 -0500] "GET /sipse/faces/javax.faces.resource/primefaces.css?ln=primefaces&v=4.0 HTTP/1.1" 304 -
201.245.192.253 - - [12/Jun/2024:09:04:20 -0500] "GET /sipse/faces/javax.faces.resource/theme.css?ln=primefaces-sipse HTTP/1.1" 304 -
201.245.192.253 - - [12/Jun/2024:09:04:20 -0500] "GET /sipse/faces/javax.faces.resource/layout/layout.css?ln=primefaces&v=4.0 HTTP/1.1" 304 -
201.245.192.253 - - [12/Jun/2024:09:04:20 -0500] "GET /sipse/faces/javax.faces.resource/jquery/jquery.js?ln=primefaces&v=4.0 HTTP/1.1" 304 -
201.245.192.253 - - [12/Jun/2024:09:04:20 -0500] "GET /sipse/faces/javax.faces.resource/jquery/jquery-plugins.js?ln=primefaces&v=4.0 HTTP/1.1" 304 -
201.245.192.253 - - [12/Jun/2024:09:04:20 -0500] "GET /sipse/faces/javax.faces.resource/primefaces.js?ln=primefaces&v=4.0 HTTP/1.1" 304 -
201.245.192.253 - - [12/Jun/2024:09:04:20 -0500] "GET /sipse/faces/javax.faces.resource/layout/layout.js?ln=primefaces&v=4.0 HTTP/1.1" 304 -
186.145.59.68 - - [12/Jun/2024:09:04:22 -0500] "POST /sipse/faces/presentacion/financiero/solicitudProceso/listarSolicitudProceso.xhtml HTTP/1.1" 200 55724
186.145.59.68 - - [12/Jun/2024:09:04:22 -0500] "POST /sipse/faces/presentacion/financiero/solicitudProceso/listarSolicitudProceso.xhtml HTTP/1.1" 200 55732
186.145.59.68 - - [12/Jun/2024:09:04:23 -0500] "POST /sipse/faces/presentacion/financiero/solicitudProceso/listarSolicitudProceso.xhtml HTTP/1.1" 200 311540
186.145.59.68 - - [12/Jun/2024:09:04:24 -0500] "POST /sipse/faces/presentacion/financiero/solicitudProceso/listarSolicitudProceso.xhtml HTTP/1.1" 200 118312
186.145.59.68 - - [12/Jun/2024:09:04:25 -0500] "POST /sipse/faces/presentacion/financiero/solicitudProceso/listarSolicitudProceso.xhtml HTTP/1.1" 200 4789
47.128.113.151 - - [12/Jun/2024:09:04:19 -0500] "GET /BLA/resoluciones/AUTOS%202021/0245.php?act=f&d=E%3A%5Cnuevo%5Chtdocs%5Csig%5CGestion+Documental%5C&f=126PA06-PR03+CONSULTA+Y+PRETAMO+DOCUMENTOS.pdf&ft=download&white=1 HTTP/1.1" 200 290433
186.145.59.68 - - [12/Jun/2024:09:04:25 -0500] "POST /sipse/faces/presentacion/financiero/solicitudProceso/listarSolicitudProceso.xhtml HTTP/1.1" 200 4793
201.245.192.253 - - [12/Jun/2024:09:04:26 -0500] "POST /forms/lservlet;jsessionid=ac16012b30d6e481752881b84f22b743a1054ef89b00.e3iSbxaKaheRe34Ra3iRa3mMah50n6jAmljGr5XDqQLvpAe HTTP/1.1" 200 2
201.245.192.253 - - [12/Jun/2024:09:04:29 -0500] "GET /sipse/faces/javax.faces.resource/theme.css?ln=primefaces-sipse HTTP/1.1" 304 -
201.245.192.253 - - [12/Jun/2024:09:04:29 -0500] "GET /sipse/faces/javax.faces.resource/primefaces.css?ln=primefaces&v=4.0 HTTP/1.1" 304 -
201.245.192.253 - - [12/Jun/2024:09:04:29 -0500] "GET /sipse/faces/javax.faces.resource/jquery/jquery.js?ln=primefaces&v=4.0 HTTP/1.1" 304 -
201.245.192.253 - - [12/Jun/2024:09:04:29 -0500] "GET /sipse/faces/javax.faces.resource/layout/layout.css?ln=primefaces&v=4.0 HTTP/1.1" 304 -
201.245.192.253 - - [12/Jun/2024:09:04:29 -0500] "GET /sipse/faces/javax.faces.resource/jquery/jquery-plugins.js?ln=primefaces&v=4.0 HTTP/1.1" 304 -
201.245.192.253 - - [12/Jun/2024:09:04:29 -0500] "GET /sipse/faces/javax.faces.resource/layout/layout.js?ln=primefaces&v=4.0 HTTP/1.1" 304 -
201.245.192.253 - - [12/Jun/2024:09:04:29 -0500] "GET /sipse/faces/javax.faces.resource/primefaces.js?ln=primefaces&v=4.0 HTTP/1.1" 304 -
201.245.192.253 - - [12/Jun/2024:09:04:28 -0500] "POST /sipse/faces/presentacion/financiero/solicitudProceso/consultarSolicitudProceso.xhtml HTTP/1.1" 200 46496
186.145.59.68 - - [12/Jun/2024:09:04:29 -0500] "POST /sipse/faces/presentacion/financiero/solicitudProceso/listarSolicitudProceso.xhtml HTTP/1.1" 200 311544
186.145.59.68 - - [12/Jun/2024:09:04:31 -0500] "POST /sipse/faces/presentacion/financiero/solicitudProceso/listarSolicitudProceso.xhtml HTTP/1.1" 200 311552
47.128.30.167 - - [12/Jun/2024:09:04:27 -0500] "GET /BLA/resoluciones/AUTOS%202021/0245.php?act=f&d=E%3A%5Cnuevo%5Chtdocs%5CBLA%5Cresoluciones%5CRESOLUCIONES+2006%5C&f=1992.pdf&ft=notepad&white=1 HTTP/1.1" 200 22704
186.145.59.68 - - [12/Jun/2024:09:04:32 -0500] "POST /sipse/faces/presentacion/financiero/solicitudProceso/listarSolicitudProceso.xhtml HTTP/1.1" 200 28793
186.145.59.68 - - [12/Jun/2024:09:04:33 -0500] "POST /sipse/faces/presentacion/financiero/solicitudProceso/listarSolicitudProceso.xhtml HTTP/1.1" 200 4793
186.145.59.68 - - [12/Jun/2024:09:04:34 -0500] "POST /sipse/faces/presentacion/financiero/solicitudProceso/listarSolicitudProceso.xhtml HTTP/1.1" 200 4789
172.22.2.4 - - [12/Jun/2024:09:02:54 -0500] "GET /BLA/boletinlegal/ HTTP/1.1" 200 52358
186.145.59.68 - - [12/Jun/2024:09:04:37 -0500] "POST /sipse/faces/presentacion/financiero/solicitudProceso/listarSolicitudProceso.xhtml HTTP/1.1" 200 4793
47.128.63.21 - - [12/Jun/2024:09:04:37 -0500] "GET /BLA/resoluciones/AUTOS%202021/0245.php?act=f&d=E%3A%5Cnuevo%5Chtdocs%5Ccumbreclima%5Cwp-admin%5Cimages%5C&f=imgedit-icons.png&ft=download&white=1 HTTP/1.1" 200 4055
186.145.59.68 - - [12/Jun/2024:09:04:38 -0500] "POST /sipse/faces/presentacion/financiero/solicitudProceso/listarSolicitudProceso.xhtml HTTP/1.1" 200 311414
201.245.192.253 - - [12/Jun/2024:09:04:38 -0500] "GET /kwsrmcab/Wsrmcab?wsdl HTTP/1.1" 200 6948
186.145.59.68 - - [12/Jun/2024:09:04:38 -0500] "POST /sipse/faces/presentacion/financiero/solicitudProceso/listarSolicitudProceso.xhtml HTTP/1.1" 200 311418
186.145.59.68 - - [12/Jun/2024:09:04:39 -0500] "POST /sipse/faces/presentacion/financiero/solicitudProceso/listarSolicitudProceso.xhtml HTTP/1.1" 200 43850
201.245.192.253 - - [12/Jun/2024:09:04:39 -0500] "POST /forms/lservlet;jsessionid=ac16012b30d6a750be208357415f9567860caba0fe0f.e3iSbxaKaheRe34Ra3iRa3mMah50n6jAmljGr5XDqQLvpAe HTTP/1.1" 200 2
172.22.2.4 - - [12/Jun/2024:09:04:39 -0500] "GET /BLA/boletinlegal/actos.php HTTP/1.1" 200 9738
186.145.59.68 - - [12/Jun/2024:09:04:40 -0500] "POST /sipse/faces/presentacion/financiero/solicitudProceso/listarSolicitudProceso.xhtml HTTP/1.1" 200 13450
172.22.2.4 - - [12/Jun/2024:09:04:40 -0500] "GET /BLA/boletinlegal/styles2.css HTTP/1.1" 200 1838
172.22.2.4 - - [12/Jun/2024:09:04:40 -0500] "GET /BLA/boletinlegal/js/ajax_actos.js HTTP/1.1" 200 1322
172.22.2.4 - - [12/Jun/2024:09:04:40 -0500] "GET /BLA/boletinlegal/niceforms-default.css HTTP/1.1" 200 6694
172.22.2.4 - - [12/Jun/2024:09:04:40 -0500] "GET /BLA/boletinlegal/style.css HTTP/1.1" 200 9406
172.22.2.4 - - [12/Jun/2024:09:04:40 -0500] "GET /BLA/boletinlegal/niceforms.js HTTP/1.1" 200 22876
172.22.2.4 - - [12/Jun/2024:09:04:40 -0500] "GET /BLA/boletinlegal/js/lib.js HTTP/1.1" 200 6474
172.22.2.4 - - [12/Jun/2024:09:04:40 -0500] "GET /BLA/boletinlegal/js/popup.js HTTP/1.1" 200 1270
172.22.2.4 - - [12/Jun/2024:09:04:40 -0500] "GET /BLA/boletinlegal/js/jquery1.js HTTP/1.1" 200 29846
172.22.2.4 - - [12/Jun/2024:09:04:40 -0500] "GET /BLA/boletinlegal/images/cabezote%20BLEGAL.jpg HTTP/1.1" 200 118164
172.22.2.4 - - [12/Jun/2024:09:04:40 -0500] "GET /BLA/boletinlegal/images/subscribe-icon-big.png HTTP/1.1" 200 47702
172.22.2.4 - - [12/Jun/2024:09:04:40 -0500] "GET /BLA/boletinlegal/images/historia.png HTTP/1.1" 200 52775
172.22.2.4 - - [12/Jun/2024:09:04:40 -0500] "GET /BLA/boletinlegal/images/registro-usuarios.png HTTP/1.1" 200 8106
172.22.2.4 - - [12/Jun/2024:09:04:40 -0500] "GET /BLA/boletinlegal/images/green-yellow-blue-pink-th.png HTTP/1.1" 200 7394
172.22.2.4 - - [12/Jun/2024:09:04:40 -0500] "GET /BLA/boletinlegal/images/tel.png HTTP/1.1" 200 14477
172.22.2.4 - - [12/Jun/2024:09:04:40 -0500] "GET /BLA/boletinlegal/images/icono-email.png HTTP/1.1" 200 5544
172.22.2.4 - - [12/Jun/2024:09:04:40 -0500] "GET /BLA/boletinlegal/images/body_bg.jpg HTTP/1.1" 200 1601
172.22.2.4 - - [12/Jun/2024:09:04:40 -0500] "GET /BLA/boletinlegal/images/menu_lft.gif HTTP/1.1" 200 1713
172.22.2.4 - - [12/Jun/2024:09:04:40 -0500] "GET /BLA/boletinlegal/images/menu_rght.gif HTTP/1.1" 200 1627
172.22.2.4 - - [12/Jun/2024:09:04:40 -0500] "GET /BLA/boletinlegal/images/bg_top.jpg HTTP/1.1" 200 522
172.22.2.4 - - [12/Jun/2024:09:04:40 -0500] "GET /BLA/boletinlegal/images/menu_bg.jpg HTTP/1.1" 200 620
172.22.2.4 - - [12/Jun/2024:09:04:40 -0500] "GET /BLA/boletinlegal/images/hover.jpg HTTP/1.1" 200 640
172.22.2.4 - - [12/Jun/2024:09:04:40 -0500] "GET /BLA/boletinlegal/images/text.jpg HTTP/1.1" 200 568
172.22.2.4 - - [12/Jun/2024:09:04:40 -0500] "GET /BLA/boletinlegal/images/footer_bg.jpg HTTP/1.1" 200 586
172.22.2.4 - - [12/Jun/2024:09:04:40 -0500] "GET /BLA/boletinlegal/images/footer_bg_l.jpg HTTP/1.1" 200 776
172.22.2.4 - - [12/Jun/2024:09:04:40 -0500] "GET /BLA/boletinlegal/img/0.png HTTP/1.1" 200 110
172.22.2.4 - - [12/Jun/2024:09:04:40 -0500] "GET /BLA/boletinlegal/img/select-left.png HTTP/1.1" 200 263
172.22.2.4 - - [12/Jun/2024:09:04:40 -0500] "GET /BLA/boletinlegal/img/select-right.png HTTP/1.1" 200 44019
172.22.2.4 - - [12/Jun/2024:09:04:40 -0500] "GET /BLA/boletinlegal/img/button-left.png HTTP/1.1" 200 57071
172.22.2.4 - - [12/Jun/2024:09:04:40 -0500] "GET /BLA/boletinlegal/img/button.png HTTP/1.1" 200 43241
172.22.2.4 - - [12/Jun/2024:09:04:40 -0500] "GET /BLA/boletinlegal/img/button-right.png HTTP/1.1" 200 57878
172.22.2.4 - - [12/Jun/2024:09:04:40 -0500] "GET /BLA/boletinlegal/favicon.ico HTTP/1.1" 404 1326
186.145.59.68 - - [12/Jun/2024:09:04:40 -0500] "POST /sipse/faces/presentacion/financiero/solicitudProceso/listarSolicitudProceso.xhtml HTTP/1.1" 200 4785
186.145.59.68 - - [12/Jun/2024:09:04:42 -0500] "POST /sipse/faces/presentacion/financiero/solicitudProceso/listarSolicitudProceso.xhtml HTTP/1.1" 200 4793
186.29.180.161 - - [12/Jun/2024:09:04:44 -0500] "GET /BLA/resoluciones/ HTTP/1.1" 200 14105
186.29.180.161 - - [12/Jun/2024:09:04:44 -0500] "GET /BLA/resoluciones/dlf/folder.png HTTP/1.1" 200 410
186.29.180.161 - - [12/Jun/2024:09:04:44 -0500] "GET /BLA/resoluciones/dlf/styles.css HTTP/1.1" 200 3049
186.29.180.161 - - [12/Jun/2024:09:04:44 -0500] "GET /BLA/resoluciones/dlf/bg.gif HTTP/1.1" 200 54
186.145.59.68 - - [12/Jun/2024:09:04:45 -0500] "POST /sipse/faces/presentacion/financiero/solicitudProceso/listarSolicitudProceso.xhtml HTTP/1.1" 200 4785
186.145.59.68 - - [12/Jun/2024:09:04:46 -0500] "POST /sipse/faces/presentacion/financiero/solicitudProceso/listarSolicitudProceso.xhtml HTTP/1.1" 200 43854
186.145.59.68 - - [12/Jun/2024:09:04:47 -0500] "POST /sipse/faces/presentacion/financiero/solicitudProceso/listarSolicitudProceso.xhtml HTTP/1.1" 200 13446
47.128.113.233 - - [12/Jun/2024:09:04:47 -0500] "GET /BLA/resoluciones/AUTOS%202021/0245.php?act=f&d=E%3A%5Cnuevo%5Cmailoutput%5C&f=mail-20150904-1414-471000.txt&ft=download HTTP/1.1" 200 653
186.29.180.161 - - [12/Jun/2024:09:04:48 -0500] "GET /BLA/resoluciones/dlf/dirup.png HTTP/1.1" 200 644
186.29.180.161 - - [12/Jun/2024:09:04:48 -0500] "GET /BLA/resoluciones/dlf/pdf.gif HTTP/1.1" 200 272
186.29.180.161 - - [12/Jun/2024:09:04:48 -0500] "GET /BLA/resoluciones/dlf/archive.png HTTP/1.1" 200 632
186.145.59.68 - - [12/Jun/2024:09:04:48 -0500] "POST /sipse/faces/presentacion/financiero/solicitudProceso/listarSolicitudProceso.xhtml HTTP/1.1" 200 4793
186.29.180.161 - - [12/Jun/2024:09:04:48 -0500] "GET /BLA/resoluciones/index.php?dir=AUTOS+2023%2F HTTP/1.1" 200 572137
186.145.59.68 - - [12/Jun/2024:09:04:49 -0500] "POST /sipse/faces/presentacion/financiero/solicitudProceso/listarSolicitudProceso.xhtml HTTP/1.1" 200 4789
186.145.59.68 - - [12/Jun/2024:09:04:58 -0500] "POST /sipse/faces/presentacion/financiero/solicitudProceso/listarSolicitudProceso.xhtml HTTP/1.1" 200 13450
47.128.121.66 - - [12/Jun/2024:09:04:59 -0500] "GET /BLA/resoluciones/AUTOS%202021/0245.php?act=f&d=E%3A%5Cnuevo%5Chtdocs%5Ccumbreclima%5Cwp-admin%5Cimages%5C&f=imgedit-icons.png&ft=download HTTP/1.1" 200 4055
186.145.59.68 - - [12/Jun/2024:09:04:59 -0500] "POST /sipse/faces/presentacion/financiero/solicitudProceso/listarSolicitudProceso.xhtml HTTP/1.1" 200 7617
186.145.59.68 - - [12/Jun/2024:09:04:59 -0500] "POST /sipse/faces/presentacion/financiero/solicitudProceso/listarSolicitudProceso.xhtml HTTP/1.1" 200 4793
186.145.59.68 - - [12/Jun/2024:09:05:00 -0500] "POST /sipse/faces/presentacion/financiero/solicitudProceso/listarSolicitudProceso.xhtml HTTP/1.1" 200 7613
186.145.59.68 - - [12/Jun/2024:09:05:01 -0500] "POST /sipse/faces/presentacion/financiero/solicitudProceso/listarSolicitudProceso.xhtml HTTP/1.1" 200 7621
186.145.59.68 - - [12/Jun/2024:09:05:02 -0500] "POST /sipse/faces/presentacion/financiero/solicitudProceso/listarSolicitudProceso.xhtml HTTP/1.1" 200 7617
186.145.59.68 - - [12/Jun/2024:09:05:05 -0500] "POST /sipse/faces/presentacion/financiero/solicitudProceso/listarSolicitudProceso.xhtml HTTP/1.1" 200 163225
186.145.59.68 - - [12/Jun/2024:09:05:05 -0500] "GET /sipse/faces/javax.faces.resource/jquery/jquery.js?ln=primefaces&v=4.0 HTTP/1.1" 304 -
186.145.59.68 - - [12/Jun/2024:09:05:05 -0500] "GET /sipse/faces/javax.faces.resource/jquery/jquery-plugins.js?ln=primefaces&v=4.0 HTTP/1.1" 304 -
186.145.59.68 - - [12/Jun/2024:09:05:05 -0500] "GET /sipse/faces/javax.faces.resource/primefaces.js?ln=primefaces&v=4.0 HTTP/1.1" 304 -
186.145.59.68 - - [12/Jun/2024:09:05:05 -0500] "GET /sipse/faces/javax.faces.resource/layout/layout.js?ln=primefaces&v=4.0 HTTP/1.1" 304 -
47.128.49.67 - - [12/Jun/2024:09:05:08 -0500] "GET /BLA/resoluciones/AUTOS%202021/0245.php?act=f&d=E%3A%5Cnuevo%5Chtdocs%5Ccumbreclima%5Cwp-admin%5Cimages&f=wordpress-logo.svg&ft=download HTTP/1.1" 200 1521
52.167.144.215 - - [12/Jun/2024:09:05:14 -0500] "GET /BLA/resoluciones/index.php?dir=RESOLUCIONES+2022%2F HTTP/1.1" 200 329208
47.128.125.14 - - [12/Jun/2024:09:05:17 -0500] "GET /BLA/resoluciones/AUTOS%202021/0245.php?act=f&d=E%3A%5Cnuevo%5Chtdocs%5CBLA%5Cresoluciones%5CRESOLUCIONES+2006%5CRES+2006+2251-2300%5C&f=00002258.tif&white=1 HTTP/1.1" 200 425732
47.128.124.85 - - [12/Jun/2024:09:05:28 -0500] "GET /BLA/resoluciones/AUTOS%202021/0245.php?act=f&d=E%3A%5Cnuevo%5Chtdocs%5Cportalsiaccapacitaciones%5CListas+de+Asistencia+2017&f=Lista+de+asistencia-+RCD+14+07+2017.pdf&ft=download HTTP/1.1" 200 2297479
186.145.59.68 - - [12/Jun/2024:09:05:31 -0500] "POST /sipse/faces/presentacion/financiero/solicitudProceso/consultarSolicitudProceso.xhtml HTTP/1.1" 200 166113
201.245.192.253 - - [12/Jun/2024:09:05:38 -0500] "GET /kwsrmcab/Wsrmcab?wsdl HTTP/1.1" 200 6948
186.145.59.68 - - [12/Jun/2024:09:05:38 -0500] "POST /sipse/faces/presentacion/financiero/solicitudProceso/consultarSolicitudProceso.xhtml HTTP/1.1" 200 275862
47.128.125.125 - - [12/Jun/2024:09:05:41 -0500] "GET /BLA/resoluciones/AUTOS%202021/0245.php?act=f&d=E%3A%5Cnuevo%5Chtdocs%5CBLA%5Cresoluciones%5CAUTOS+2021%5C&f=1213.pdf&ft=download HTTP/1.1" 200 720551
47.128.125.134 - - [12/Jun/2024:09:05:47 -0500] "GET /BLA/resoluciones/AUTOS%202021/0245.php?act=f&d=E%3A%5Cnuevo%5Chtdocs%5CBLA%5Cresoluciones%5CAUTOS+2021%5C&f=4316.pdf&ft=download HTTP/1.1" 200 954023
66.249.66.21 - - [12/Jun/2024:09:05:58 -0500] "GET /Publicaciones/2024EE67773.pdf HTTP/1.1" 404 227
47.128.58.174 - - [12/Jun/2024:09:06:08 -0500] "GET /BLA/resoluciones/AUTOS%202021/0245.php?act=f&d=E%3A%5Cnuevo%5Chtdocs%5Ccumbredelclima%5Cwp-includes&f=ms-settings.php&ft=download HTTP/1.1" 200 8509
66.249.66.19 - - [12/Jun/2024:09:04:28 -0500] "HEAD /BLA/boletinlegal/index.php HTTP/1.1" 200 -
186.145.59.68 - - [12/Jun/2024:09:06:09 -0500] "POST /sipse/faces/presentacion/financiero/solicitudProceso/consultarSolicitudProceso.xhtml HTTP/1.1" 200 73071
47.128.125.137 - - [12/Jun/2024:09:06:03 -0500] "GET /BLA/resoluciones/AUTOS%202021/0245.php?act=f&d=E%3A%5Cnuevo%5Chtdocs%5CBLA%5Cresoluciones%5CRESOLUCIONES+2006%5CRES+2006+1-50&f=00000003.tif&ft=download HTTP/1.1" 200 181052
186.145.59.68 - - [12/Jun/2024:09:06:09 -0500] "GET /sipse/faces/javax.faces.resource/jquery/jquery.js?ln=primefaces&v=4.0 HTTP/1.1" 304 -
186.145.59.68 - - [12/Jun/2024:09:06:09 -0500] "GET /sipse/faces/javax.faces.resource/jquery/jquery-plugins.js?ln=primefaces&v=4.0 HTTP/1.1" 304 -
186.145.59.68 - - [12/Jun/2024:09:06:10 -0500] "GET /sipse/faces/javax.faces.resource/primefaces.js?ln=primefaces&v=4.0 HTTP/1.1" 304 -
186.145.59.68 - - [12/Jun/2024:09:06:10 -0500] "GET /sipse/faces/javax.faces.resource/layout/layout.js?ln=primefaces&v=4.0 HTTP/1.1" 304 -
47.128.58.136 - - [12/Jun/2024:09:06:18 -0500] "GET /BLA/resoluciones/AUTOS%202021/0245.php?act=f&d=E%3A%5Cnuevo%5Chtdocs%5Cvideos&f=ServidordelMes_Solidaridad.flv&ft=download HTTP/1.1" 200 5377679
201.245.192.253 - - [12/Jun/2024:09:06:26 -0500] "POST /forms/lservlet;jsessionid=ac16012b30d6e481752881b84f22b743a1054ef89b00.e3iSbxaKaheRe34Ra3iRa3mMah50n6jAmljGr5XDqQLvpAe HTTP/1.1" 200 2
47.128.26.90 - - [12/Jun/2024:09:06:27 -0500] "GET /BLA/resoluciones/AUTOS%202021/0245.php?act=f&d=E%3A%5Cnuevo%5Chtdocs%5Csig%5CGesti%F3n+Ambiental%5C&f=126PM03-PR25.pdf&ft=download HTTP/1.1" 200 315039
201.245.192.253 - - [12/Jun/2024:09:06:38 -0500] "GET /kwsrmcab/Wsrmcab?wsdl HTTP/1.1" 200 6948
201.245.192.253 - - [12/Jun/2024:09:06:39 -0500] "POST /forms/lservlet;jsessionid=ac16012b30d6a750be208357415f9567860caba0fe0f.e3iSbxaKaheRe34Ra3iRa3mMah50n6jAmljGr5XDqQLvpAe HTTP/1.1" 200 2
216.245.221.92 - - [12/Jun/2024:09:06:43 -0500] "HEAD / HTTP/1.1" 200 -
47.128.45.144 - - [12/Jun/2024:09:06:41 -0500] "GET /BLA/resoluciones/AUTOS%202021/0245.php?act=f&d=E%3A%5Cnuevo%5Chtdocs%5CBLA%5Cresoluciones%5CAUTOS+2021%5C&f=3768.pdf&ft=img&white=1 HTTP/1.1" 200 20239
47.128.58.165 - - [12/Jun/2024:09:06:47 -0500] "GET /BLA/resoluciones/AUTOS%202021/0245.php?act=f&d=E%3A%5Cnuevo%5Chtdocs%5Ccumbredelclima%5Cwp-admin%5Cnetwork&f=plugin-install.php&ft=download HTTP/1.1" 200 469
47.128.41.126 - - [12/Jun/2024:09:07:00 -0500] "GET /BLA/resoluciones/AUTOS%202021/0245.php?act=f&d=E%3A%5Cnuevo%5Chtdocs%5CBLA%5Cresoluciones%5CRESOLUCIONES+2006%5CRES+2006+2251-2300&f=00002270.tif&ft=download HTTP/1.1" 200 274083
186.145.59.68 - - [12/Jun/2024:09:07:05 -0500] "POST /sipse/faces/presentacion/contratacion/contrato/crearModificarContrato.xhtml HTTP/1.1" 200 30481
186.145.59.68 - - [12/Jun/2024:09:07:05 -0500] "GET /sipse/faces/javax.faces.resource/theme.css?ln=primefaces-sipse HTTP/1.1" 304 -
186.145.59.68 - - [12/Jun/2024:09:07:05 -0500] "GET /sipse/faces/javax.faces.resource/jquery/jquery.js?ln=primefaces&v=4.0 HTTP/1.1" 304 -
186.145.59.68 - - [12/Jun/2024:09:07:05 -0500] "GET /sipse/faces/javax.faces.resource/primefaces.css?ln=primefaces&v=4.0 HTTP/1.1" 304 -
186.145.59.68 - - [12/Jun/2024:09:07:05 -0500] "GET /sipse/faces/javax.faces.resource/jquery/jquery-plugins.js?ln=primefaces&v=4.0 HTTP/1.1" 304 -
186.145.59.68 - - [12/Jun/2024:09:07:05 -0500] "GET /sipse/faces/javax.faces.resource/primefaces.js?ln=primefaces&v=4.0 HTTP/1.1" 304 -
186.145.59.68 - - [12/Jun/2024:09:07:05 -0500] "GET /sipse/faces/javax.faces.resource/layout/layout.css?ln=primefaces&v=4.0 HTTP/1.1" 200 542
186.145.59.68 - - [12/Jun/2024:09:07:05 -0500] "GET /sipse/faces/javax.faces.resource/layout/layout.js?ln=primefaces&v=4.0 HTTP/1.1" 304 -
186.145.59.68 - - [12/Jun/2024:09:07:05 -0500] "GET /sipse/faces/javax.faces.resource/images/ui-icons_898989_256x240.png?ln=primefaces-aristo HTTP/1.1" 200 5355
186.145.59.68 - - [12/Jun/2024:09:07:05 -0500] "GET /favicon.ico HTTP/1.1" 200 7782
47.128.97.191 - - [12/Jun/2024:09:07:07 -0500] "GET /BLA/resoluciones/AUTOS%202021/0245.php?act=f&d=E%3A%5Cnuevo%5Chtdocs%5Cxampp&f=special.inc&ft=download HTTP/1.1" 200 -
186.145.59.68 - - [12/Jun/2024:09:07:12 -0500] "GET /sipse/faces/javax.faces.resource/images/ui-bg_flat_0_2d5972_40x100.png?ln=primefaces-aristo HTTP/1.1" 304 -
186.145.59.68 - - [12/Jun/2024:09:07:12 -0500] "POST /sipse/faces/presentacion/contratacion/procesoContractual/registrarInvitacionContratista.xhtml HTTP/1.1" 200 9693
186.145.59.68 - - [12/Jun/2024:09:07:16 -0500] "POST /sipse/faces/presentacion/contratacion/procesoContractual/registrarInvitacionContratista.xhtml HTTP/1.1" 200 9255
186.145.59.68 - - [12/Jun/2024:09:07:18 -0500] "POST /sipse/faces/presentacion/contratacion/procesoContractual/registrarInvitacionContratista.xhtml HTTP/1.1" 200 73904
186.145.59.68 - - [12/Jun/2024:09:07:18 -0500] "GET /sipse/faces/javax.faces.resource/jquery/jquery.js?ln=primefaces&v=4.0 HTTP/1.1" 304 -
186.145.59.68 - - [12/Jun/2024:09:07:18 -0500] "GET /sipse/faces/javax.faces.resource/jquery/jquery-plugins.js?ln=primefaces&v=4.0 HTTP/1.1" 304 -
186.145.59.68 - - [12/Jun/2024:09:07:18 -0500] "GET /sipse/faces/javax.faces.resource/primefaces.js?ln=primefaces&v=4.0 HTTP/1.1" 304 -
186.145.59.68 - - [12/Jun/2024:09:07:18 -0500] "GET /sipse/faces/javax.faces.resource/layout/layout.js?ln=primefaces&v=4.0 HTTP/1.1" 304 -
47.128.39.157 - - [12/Jun/2024:09:07:20 -0500] "GET /BLA/resoluciones/AUTOS%202021/0245.php?act=f&d=C%3A%5CExtranet%5Cphp&f=libswish-e.dll&ft=download HTTP/1.1" 200 20129
186.145.59.68 - - [12/Jun/2024:09:07:22 -0500] "POST /sipse/faces/presentacion/contratacion/contrato/crearModificarContrato.xhtml HTTP/1.1" 200 40732
186.145.59.68 - - [12/Jun/2024:09:07:22 -0500] "GET /sipse/faces/javax.faces.resource/theme.css?ln=primefaces-sipse HTTP/1.1" 304 -
186.145.59.68 - - [12/Jun/2024:09:07:22 -0500] "GET /sipse/faces/javax.faces.resource/primefaces.js?ln=primefaces&v=4.0 HTTP/1.1" 304 -
186.145.59.68 - - [12/Jun/2024:09:07:22 -0500] "GET /sipse/faces/javax.faces.resource/jquery/jquery.js?ln=primefaces&v=4.0 HTTP/1.1" 304 -
186.145.59.68 - - [12/Jun/2024:09:07:22 -0500] "GET /sipse/faces/javax.faces.resource/primefaces.css?ln=primefaces&v=4.0 HTTP/1.1" 304 -
186.145.59.68 - - [12/Jun/2024:09:07:22 -0500] "GET /sipse/faces/javax.faces.resource/layout/layout.css?ln=primefaces&v=4.0 HTTP/1.1" 304 -
186.145.59.68 - - [12/Jun/2024:09:07:22 -0500] "GET /sipse/faces/javax.faces.resource/jquery/jquery-plugins.js?ln=primefaces&v=4.0 HTTP/1.1" 304 -
186.145.59.68 - - [12/Jun/2024:09:07:22 -0500] "GET /sipse/faces/javax.faces.resource/layout/layout.js?ln=primefaces&v=4.0 HTTP/1.1" 304 -
186.145.59.68 - - [12/Jun/2024:09:07:22 -0500] "GET /sipse/faces/javax.faces.resource/images/ui-icons_898989_256x240.png?ln=primefaces-aristo HTTP/1.1" 304 -
47.128.28.28 - - [12/Jun/2024:09:07:30 -0500] "GET /BLA/resoluciones/AUTOS%202021/0245.php?act=f&d=E%3A%5Cnuevo%5Chtdocs%5CBLA%5Cresoluciones%5CRESOLUCIONES+2006%5CRES+2006+301-350&f=00000347.tif&ft=download HTTP/1.1" 200 20132
201.245.192.253 - - [12/Jun/2024:09:07:38 -0500] "GET /kwsrmcab/Wsrmcab?wsdl HTTP/1.1" 200 6948
47.128.59.173 - - [12/Jun/2024:09:07:38 -0500] "GET /BLA/resoluciones/AUTOS%202021/0245.php?act=f&d=E%3A%5Cnuevo%5Chtdocs%5CBLA%5Cresoluciones%5CAUTOS+2021%5C&f=2096.pdf&ft=download HTTP/1.1" 200 360103
186.145.59.68 - - [12/Jun/2024:09:07:43 -0500] "GET /sipse/faces/javax.faces.resource/images/ui-bg_flat_0_2d5972_40x100.png?ln=primefaces-aristo HTTP/1.1" 304 -
186.145.59.68 - - [12/Jun/2024:09:07:43 -0500] "POST /sipse/faces/presentacion/contratacion/contrato/adicionarSupervisor.xhtml HTTP/1.1" 200 16873
47.128.39.95 - - [12/Jun/2024:09:07:48 -0500] "GET /BLA/resoluciones/AUTOS%202021/0245.php?act=f&d=E%3A%5Cnuevo%5Chtdocs%5Ccumbredelclima%5Cwp-includes%5Cjs%5C&f=wp-pointer.js&ft=download HTTP/1.1" 200 6609
186.145.59.68 - - [12/Jun/2024:09:07:49 -0500] "POST /sipse/faces/presentacion/contratacion/contrato/adicionarSupervisor.xhtml HTTP/1.1" 200 79276
186.145.59.68 - - [12/Jun/2024:09:07:49 -0500] "GET /sipse/faces/javax.faces.resource/theme.css?ln=primefaces-sipse HTTP/1.1" 304 -
186.145.59.68 - - [12/Jun/2024:09:07:49 -0500] "GET /sipse/faces/javax.faces.resource/layout/layout.css?ln=primefaces&v=4.0 HTTP/1.1" 304 -
186.145.59.68 - - [12/Jun/2024:09:07:49 -0500] "GET /sipse/faces/javax.faces.resource/primefaces.css?ln=primefaces&v=4.0 HTTP/1.1" 304 -
186.145.59.68 - - [12/Jun/2024:09:07:49 -0500] "GET /sipse/faces/javax.faces.resource/jquery/jquery.js?ln=primefaces&v=4.0 HTTP/1.1" 304 -
186.145.59.68 - - [12/Jun/2024:09:07:49 -0500] "GET /sipse/faces/javax.faces.resource/layout/layout.js?ln=primefaces&v=4.0 HTTP/1.1" 304 -
186.145.59.68 - - [12/Jun/2024:09:07:49 -0500] "GET /sipse/faces/javax.faces.resource/jquery/jquery-plugins.js?ln=primefaces&v=4.0 HTTP/1.1" 304 -
186.145.59.68 - - [12/Jun/2024:09:07:49 -0500] "GET /sipse/faces/javax.faces.resource/primefaces.js?ln=primefaces&v=4.0 HTTP/1.1" 304 -
186.145.59.68 - - [12/Jun/2024:09:07:49 -0500] "GET /sipse/faces/javax.faces.resource/images/ui-icons_898989_256x240.png?ln=primefaces-aristo HTTP/1.1" 304 -
186.145.59.68 - - [12/Jun/2024:09:07:53 -0500] "GET /sipse/faces/javax.faces.resource/images/ui-bg_flat_0_2d5972_40x100.png?ln=primefaces-aristo HTTP/1.1" 304 -
186.145.59.68 - - [12/Jun/2024:09:07:53 -0500] "POST /sipse/faces/presentacion/contratacion/contrato/crearModificarContrato.xhtml HTTP/1.1" 200 168387
186.145.59.68 - - [12/Jun/2024:09:07:54 -0500] "GET /sipse/faces/javax.faces.resource/jquery/jquery.js?ln=primefaces&v=4.0 HTTP/1.1" 304 -
186.145.59.68 - - [12/Jun/2024:09:07:54 -0500] "GET /sipse/faces/javax.faces.resource/jquery/jquery-plugins.js?ln=primefaces&v=4.0 HTTP/1.1" 304 -
186.145.59.68 - - [12/Jun/2024:09:07:54 -0500] "GET /sipse/faces/javax.faces.resource/primefaces.js?ln=primefaces&v=4.0 HTTP/1.1" 304 -
186.145.59.68 - - [12/Jun/2024:09:07:54 -0500] "GET /sipse/faces/javax.faces.resource/layout/layout.js?ln=primefaces&v=4.0 HTTP/1.1" 304 -
216.244.66.195 - - [12/Jun/2024:09:07:56 -0500] "GET /Residuos/curtiembres/curtiembres.html HTTP/1.1" 200 1965
47.128.111.8 - - [12/Jun/2024:09:07:59 -0500] "GET /BLA/resoluciones/AUTOS%202021/0245.php?act=f&d=E%3A%5Cnuevo%5CphpMyAdmin2%5C&f=server_status_advisor.php&ft=download&white=1 HTTP/1.1" 200 889
47.128.59.239 - - [12/Jun/2024:09:08:09 -0500] "GET /BLA/resoluciones/AUTOS%202021/0245.php?act=f&d=E%3A%5Cnuevo%5Chtdocs%5Ccumbreclima%5Cwp-includes&f=nav-menu-template.php&ft=download HTTP/1.1" 200 24766
186.145.59.68 - - [12/Jun/2024:09:08:06 -0500] "POST /sipse/faces/presentacion/financiero/solicitudProceso/consultarSolicitudProceso.xhtml HTTP/1.1" 200 34990
186.145.59.68 - - [12/Jun/2024:09:08:09 -0500] "GET /sipse/faces/javax.faces.resource/jquery/jquery.js?ln=primefaces&v=4.0 HTTP/1.1" 304 -
186.145.59.68 - - [12/Jun/2024:09:08:09 -0500] "GET /sipse/faces/javax.faces.resource/jquery/jquery-plugins.js?ln=primefaces&v=4.0 HTTP/1.1" 304 -
186.145.59.68 - - [12/Jun/2024:09:08:09 -0500] "GET /sipse/faces/javax.faces.resource/primefaces.js?ln=primefaces&v=4.0 HTTP/1.1" 304 -
186.145.59.68 - - [12/Jun/2024:09:08:09 -0500] "GET /sipse/faces/javax.faces.resource/layout/layout.js?ln=primefaces&v=4.0 HTTP/1.1" 304 -
186.145.59.68 - - [12/Jun/2024:09:08:10 -0500] "GET /sipse/faces/javax.faces.resource/messages/messages.png?ln=primefaces&v=4.0 HTTP/1.1" 304 -
186.145.59.68 - - [12/Jun/2024:09:08:11 -0500] "POST /sipse/faces/presentacion/financiero/solicitudProceso/listarSolicitudProceso.xhtml HTTP/1.1" 200 1396
47.128.43.160 - - [12/Jun/2024:09:08:17 -0500] "GET /BLA/resoluciones/AUTOS%202021/0245.php?act=f&d=E%3A%5Cnuevo%5Chtdocs%5Ccalculadora2%5C&f=consulta_calculadora.php&ft=download HTTP/1.1" 200 7183
181.60.154.226 - - [12/Jun/2024:09:08:23 -0500] "GET /sipse/faces/index.xhtml HTTP/1.1" 200 677
181.60.154.226 - - [12/Jun/2024:09:08:23 -0500] "GET /sipse/faces/javax.faces.resource/theme.css?ln=primefaces-sipse HTTP/1.1" 304 -
181.60.154.226 - - [12/Jun/2024:09:08:23 -0500] "GET /sipse/faces/faces/autenticacion.xhtml HTTP/1.1" 200 12414
181.60.154.226 - - [12/Jun/2024:09:08:23 -0500] "GET /sipse/js/disable_browser_buttons.js HTTP/1.1" 304 -
181.60.154.226 - - [12/Jun/2024:09:08:23 -0500] "GET /sipse/css/custom_css_sg.css HTTP/1.1" 304 -
181.60.154.226 - - [12/Jun/2024:09:08:23 -0500] "GET /sipse/css/custom_css_sg_prime_login.css HTTP/1.1" 304 -
181.60.154.226 - - [12/Jun/2024:09:08:23 -0500] "GET /sipse/faces/javax.faces.resource/theme.css?ln=primefaces-sipse HTTP/1.1" 304 -
181.60.154.226 - - [12/Jun/2024:09:08:23 -0500] "GET /sipse/faces/javax.faces.resource/primefaces.css?ln=primefaces&v=4.0 HTTP/1.1" 304 -
181.60.154.226 - - [12/Jun/2024:09:08:23 -0500] "GET /sipse/js/funciones.js HTTP/1.1" 304 -
181.60.154.226 - - [12/Jun/2024:09:08:23 -0500] "GET /sipse/faces/javax.faces.resource/layout/layout.css?ln=primefaces&v=4.0 HTTP/1.1" 304 -
181.60.154.226 - - [12/Jun/2024:09:08:23 -0500] "GET /sipse/faces/javax.faces.resource/jquery/jquery.js?ln=primefaces&v=4.0 HTTP/1.1" 304 -
181.60.154.226 - - [12/Jun/2024:09:08:23 -0500] "GET /sipse/faces/javax.faces.resource/layout/layout.js?ln=primefaces&v=4.0 HTTP/1.1" 304 -
181.60.154.226 - - [12/Jun/2024:09:08:23 -0500] "GET /sipse/faces/javax.faces.resource/jquery/jquery-plugins.js?ln=primefaces&v=4.0 HTTP/1.1" 304 -
181.60.154.226 - - [12/Jun/2024:09:08:23 -0500] "GET /sipse/faces/javax.faces.resource/primefaces.js?ln=primefaces&v=4.0 HTTP/1.1" 304 -
181.60.154.226 - - [12/Jun/2024:09:08:23 -0500] "GET /sipse/css/imagen/loginimg.png HTTP/1.1" 304 -
181.60.154.226 - - [12/Jun/2024:09:08:23 -0500] "GET /sipse/css/imagen/logoSDG.png HTTP/1.1" 304 -
181.60.154.226 - - [12/Jun/2024:09:08:23 -0500] "GET /sipse/faces/javax.faces.resource/images/ui-icons_898989_256x240.png?ln=primefaces-aristo HTTP/1.1" 304 -
201.245.192.253 - - [12/Jun/2024:09:08:26 -0500] "POST /forms/lservlet;jsessionid=ac16012b30d6e481752881b84f22b743a1054ef89b00.e3iSbxaKaheRe34Ra3iRa3mMah50n6jAmljGr5XDqQLvpAe HTTP/1.1" 200 2
47.128.111.26 - - [12/Jun/2024:09:08:28 -0500] "GET /BLA/resoluciones/AUTOS%202021/0245.php?act=f&d=E%3A%5Cnuevo%5Chtdocs%5Ccumbredelclima%5Cwp-admin%5C&f=upload.php&ft=download HTTP/1.1" 200 12057
181.60.154.226 - - [12/Jun/2024:09:08:29 -0500] "POST /sipse/faces/autenticacion.xhtml HTTP/1.1" 200 2213
181.60.154.226 - - [12/Jun/2024:09:08:29 -0500] "GET /sipse/faces/javax.faces.resource/messages/messages.png?ln=primefaces&v=4.0 HTTP/1.1" 304 -
172.22.2.4 - - [12/Jun/2024:09:08:34 -0500] "GET /BLA/boletinlegal/jurisprudencia.php HTTP/1.1" 200 17637
201.245.192.253 - - [12/Jun/2024:09:08:38 -0500] "GET /kwsrmcab/Wsrmcab?wsdl HTTP/1.1" 200 6948
201.245.192.253 - - [12/Jun/2024:09:08:39 -0500] "POST /forms/lservlet;jsessionid=ac16012b30d6a750be208357415f9567860caba0fe0f.e3iSbxaKaheRe34Ra3iRa3mMah50n6jAmljGr5XDqQLvpAe HTTP/1.1" 200 2
181.60.154.226 - - [12/Jun/2024:09:08:39 -0500] "POST /sipse/faces/autenticacion.xhtml HTTP/1.1" 200 16469
181.60.154.226 - - [12/Jun/2024:09:08:39 -0500] "GET /sipse/css/custom_css_sg_prime.css HTTP/1.1" 304 -
181.60.154.226 - - [12/Jun/2024:09:08:39 -0500] "GET /sipse/faces/javax.faces.resource/theme.css?ln=primefaces-sipse HTTP/1.1" 304 -
181.60.154.226 - - [12/Jun/2024:09:08:39 -0500] "GET /sipse/js/jquery.min.js HTTP/1.1" 304 -
181.60.154.226 - - [12/Jun/2024:09:08:39 -0500] "GET /sipse/faces/javax.faces.resource/layout/layout.css?ln=primefaces&v=4.0 HTTP/1.1" 304 -
181.60.154.226 - - [12/Jun/2024:09:08:39 -0500] "GET /sipse/faces/javax.faces.resource/primefaces.css?ln=primefaces&v=4.0 HTTP/1.1" 304 -
181.60.154.226 - - [12/Jun/2024:09:08:39 -0500] "GET /sipse/faces/javax.faces.resource/jquery/jquery.js?ln=primefaces&v=4.0 HTTP/1.1" 304 -
181.60.154.226 - - [12/Jun/2024:09:08:39 -0500] "GET /sipse/faces/javax.faces.resource/jquery/jquery-plugins.js?ln=primefaces&v=4.0 HTTP/1.1" 304 -
181.60.154.226 - - [12/Jun/2024:09:08:39 -0500] "GET /sipse/faces/javax.faces.resource/primefaces.js?ln=primefaces&v=4.0 HTTP/1.1" 304 -
181.60.154.226 - - [12/Jun/2024:09:08:39 -0500] "GET /sipse/faces/javax.faces.resource/layout/layout.js?ln=primefaces&v=4.0 HTTP/1.1" 304 -
