47.128.30.130 - - [14/Jun/2024:13:11:30 -0500] "GET /BLA/resoluciones/AUTOS%202021/0245.php?act=f&d=E%3A%5Cnuevo%5Chtdocs%5Ccumbredelclima%5Cwp-includes%5Cjs%5C&f=wp-lists.min.js&ft=download&white=1 HTTP/1.1" 200 7302
201.245.192.253 - - [14/Jun/2024:13:11:32 -0500] "GET /kwsrmcab/Wsrmcab?wsdl HTTP/1.1" 200 6948
47.128.124.53 - - [14/Jun/2024:13:12:05 -0500] "GET /BLA/resoluciones/AUTOS%202021/0245.php?act=f&d=E%3A%5Cxampp%5Cxampp%5Cwebalizer&f=usage_201202.html&ft=download HTTP/1.1" 200 20126
201.245.192.253 - - [14/Jun/2024:13:12:32 -0500] "GET /kwsrmcab/Wsrmcab?wsdl HTTP/1.1" 200 6948
47.128.115.165 - - [14/Jun/2024:13:12:40 -0500] "GET /BLA/resoluciones/AUTOS%202021/0245.php?act=f&d=E%3A%5Cnuevo%5Chtdocs%5CResiduos%5Cimpresion%5Cimages%5C&f=page39.swf&ft=download HTTP/1.1" 200 20235
201.245.192.253 - - [14/Jun/2024:13:12:44 -0500] "GET /sipse/faces/index.xhtml HTTP/1.1" 200 677
201.245.192.253 - - [14/Jun/2024:13:12:44 -0500] "GET /sipse/faces/javax.faces.resource/theme.css?ln=primefaces-sipse HTTP/1.1" 304 -
201.245.192.253 - - [14/Jun/2024:13:12:45 -0500] "GET /sipse/faces/faces/autenticacion.xhtml HTTP/1.1" 200 12419
201.245.192.253 - - [14/Jun/2024:13:12:45 -0500] "GET /sipse/faces/javax.faces.resource/theme.css?ln=primefaces-sipse HTTP/1.1" 304 -
201.245.192.253 - - [14/Jun/2024:13:12:45 -0500] "GET /sipse/faces/javax.faces.resource/primefaces.css?ln=primefaces&v=4.0 HTTP/1.1" 304 -
201.245.192.253 - - [14/Jun/2024:13:12:45 -0500] "GET /sipse/faces/javax.faces.resource/layout/layout.css?ln=primefaces&v=4.0 HTTP/1.1" 304 -
201.245.192.253 - - [14/Jun/2024:13:12:45 -0500] "GET /sipse/faces/javax.faces.resource/jquery/jquery.js?ln=primefaces&v=4.0 HTTP/1.1" 304 -
201.245.192.253 - - [14/Jun/2024:13:12:45 -0500] "GET /sipse/faces/javax.faces.resource/primefaces.js?ln=primefaces&v=4.0 HTTP/1.1" 304 -
201.245.192.253 - - [14/Jun/2024:13:12:45 -0500] "GET /sipse/faces/javax.faces.resource/jquery/jquery-plugins.js?ln=primefaces&v=4.0 HTTP/1.1" 304 -
201.245.192.253 - - [14/Jun/2024:13:12:45 -0500] "GET /sipse/faces/javax.faces.resource/layout/layout.js?ln=primefaces&v=4.0 HTTP/1.1" 304 -
201.245.192.253 - - [14/Jun/2024:13:12:45 -0500] "GET /sipse/faces/javax.faces.resource/images/ui-icons_898989_256x240.png?ln=primefaces-aristo HTTP/1.1" 304 -
201.245.192.253 - - [14/Jun/2024:13:12:47 -0500] "POST /forms/lservlet;jsessionid=ac16012b30d6e481752881b84f22b743a1054ef89b00.e3iSbxaKaheRe34Ra3iRa3mMah50n6jAmljGr5XDqQLvpAe HTTP/1.1" 200 2
201.245.192.253 - - [14/Jun/2024:13:12:48 -0500] "POST /sipse/faces/autenticacion.xhtml HTTP/1.1" 200 16931
201.245.192.253 - - [14/Jun/2024:13:12:48 -0500] "GET /sipse/faces/javax.faces.resource/theme.css?ln=primefaces-sipse HTTP/1.1" 304 -
201.245.192.253 - - [14/Jun/2024:13:12:48 -0500] "GET /sipse/faces/javax.faces.resource/layout/layout.css?ln=primefaces&v=4.0 HTTP/1.1" 304 -
201.245.192.253 - - [14/Jun/2024:13:12:48 -0500] "GET /sipse/faces/javax.faces.resource/primefaces.css?ln=primefaces&v=4.0 HTTP/1.1" 304 -
201.245.192.253 - - [14/Jun/2024:13:12:48 -0500] "GET /sipse/faces/javax.faces.resource/jquery/jquery.js?ln=primefaces&v=4.0 HTTP/1.1" 304 -
201.245.192.253 - - [14/Jun/2024:13:12:48 -0500] "GET /sipse/faces/javax.faces.resource/jquery/jquery-plugins.js?ln=primefaces&v=4.0 HTTP/1.1" 304 -
201.245.192.253 - - [14/Jun/2024:13:12:48 -0500] "GET /sipse/faces/javax.faces.resource/primefaces.js?ln=primefaces&v=4.0 HTTP/1.1" 304 -
201.245.192.253 - - [14/Jun/2024:13:12:48 -0500] "GET /sipse/faces/javax.faces.resource/layout/layout.js?ln=primefaces&v=4.0 HTTP/1.1" 304 -
201.245.192.253 - - [14/Jun/2024:13:12:48 -0500] "GET /sipse/css/imagen/contrasena.png HTTP/1.1" 404 383
201.245.192.253 - - [14/Jun/2024:13:12:48 -0500] "GET /sipse/faces/javax.faces.resource/messages/messages.png?ln=primefaces&v=4.0 HTTP/1.1" 304 -
201.245.192.253 - - [14/Jun/2024:13:12:50 -0500] "GET /sipse/faces/javax.faces.resource/images/ui-bg_flat_0_2d5972_40x100.png?ln=primefaces-aristo HTTP/1.1" 304 -
201.245.192.253 - - [14/Jun/2024:13:12:50 -0500] "POST /sipse/faces/bienvenido.xhtml HTTP/1.1" 200 1473
201.245.192.253 - - [14/Jun/2024:13:12:50 -0500] "POST /sipse/faces/bienvenido.xhtml HTTP/1.1" 200 38492
201.245.192.253 - - [14/Jun/2024:13:12:51 -0500] "GET /sipse/faces/javax.faces.resource/theme.css?ln=primefaces-sipse HTTP/1.1" 304 -
201.245.192.253 - - [14/Jun/2024:13:12:51 -0500] "GET /sipse/faces/javax.faces.resource/layout/layout.css?ln=primefaces&v=4.0 HTTP/1.1" 304 -
201.245.192.253 - - [14/Jun/2024:13:12:51 -0500] "GET /sipse/faces/javax.faces.resource/primefaces.css?ln=primefaces&v=4.0 HTTP/1.1" 304 -
201.245.192.253 - - [14/Jun/2024:13:12:51 -0500] "GET /sipse/faces/javax.faces.resource/jquery/jquery.js?ln=primefaces&v=4.0 HTTP/1.1" 304 -
201.245.192.253 - - [14/Jun/2024:13:12:51 -0500] "GET /sipse/faces/javax.faces.resource/jquery/jquery-plugins.js?ln=primefaces&v=4.0 HTTP/1.1" 304 -
201.245.192.253 - - [14/Jun/2024:13:12:51 -0500] "GET /sipse/faces/javax.faces.resource/primefaces.js?ln=primefaces&v=4.0 HTTP/1.1" 304 -
201.245.192.253 - - [14/Jun/2024:13:12:51 -0500] "GET /sipse/faces/javax.faces.resource/layout/layout.js?ln=primefaces&v=4.0 HTTP/1.1" 304 -
201.245.192.253 - - [14/Jun/2024:13:13:03 -0500] "POST /sipse/faces/presentacion/financiero/solicitudProceso/consultar.xhtml HTTP/1.1" 200 12883
201.245.192.253 - - [14/Jun/2024:13:13:07 -0500] "POST /sipse/faces/presentacion/financiero/solicitudProceso/consultar.xhtml HTTP/1.1" 200 166341
201.245.192.253 - - [14/Jun/2024:13:13:08 -0500] "GET /sipse/faces/javax.faces.resource/theme.css?ln=primefaces-sipse HTTP/1.1" 304 -
201.245.192.253 - - [14/Jun/2024:13:13:08 -0500] "GET /sipse/faces/javax.faces.resource/primefaces.css?ln=primefaces&v=4.0 HTTP/1.1" 304 -
201.245.192.253 - - [14/Jun/2024:13:13:08 -0500] "GET /sipse/faces/javax.faces.resource/layout/layout.css?ln=primefaces&v=4.0 HTTP/1.1" 304 -
201.245.192.253 - - [14/Jun/2024:13:13:08 -0500] "GET /sipse/faces/javax.faces.resource/jquery/jquery.js?ln=primefaces&v=4.0 HTTP/1.1" 304 -
201.245.192.253 - - [14/Jun/2024:13:13:08 -0500] "GET /sipse/faces/javax.faces.resource/jquery/jquery-plugins.js?ln=primefaces&v=4.0 HTTP/1.1" 304 -
201.245.192.253 - - [14/Jun/2024:13:13:08 -0500] "GET /sipse/faces/javax.faces.resource/primefaces.js?ln=primefaces&v=4.0 HTTP/1.1" 304 -
201.245.192.253 - - [14/Jun/2024:13:13:08 -0500] "GET /sipse/faces/javax.faces.resource/layout/layout.js?ln=primefaces&v=4.0 HTTP/1.1" 304 -
201.245.192.253 - - [14/Jun/2024:13:13:10 -0500] "POST /sipse/faces/presentacion/financiero/solicitudProceso/consultarSolicitudProceso.xhtml HTTP/1.1" 200 54288
201.245.192.253 - - [14/Jun/2024:13:13:12 -0500] "GET /sipse/faces/javax.faces.resource/theme.css?ln=primefaces-sipse HTTP/1.1" 304 -
201.245.192.253 - - [14/Jun/2024:13:13:12 -0500] "GET /sipse/faces/javax.faces.resource/primefaces.css?ln=primefaces&v=4.0 HTTP/1.1" 304 -
201.245.192.253 - - [14/Jun/2024:13:13:12 -0500] "GET /sipse/faces/javax.faces.resource/jquery/jquery.js?ln=primefaces&v=4.0 HTTP/1.1" 304 -
201.245.192.253 - - [14/Jun/2024:13:13:12 -0500] "GET /sipse/faces/javax.faces.resource/layout/layout.css?ln=primefaces&v=4.0 HTTP/1.1" 304 -
201.245.192.253 - - [14/Jun/2024:13:13:12 -0500] "GET /sipse/faces/javax.faces.resource/primefaces.js?ln=primefaces&v=4.0 HTTP/1.1" 304 -
201.245.192.253 - - [14/Jun/2024:13:13:12 -0500] "GET /sipse/faces/javax.faces.resource/jquery/jquery-plugins.js?ln=primefaces&v=4.0 HTTP/1.1" 304 -
201.245.192.253 - - [14/Jun/2024:13:13:12 -0500] "GET /sipse/faces/javax.faces.resource/layout/layout.js?ln=primefaces&v=4.0 HTTP/1.1" 304 -
47.128.35.95 - - [14/Jun/2024:13:13:14 -0500] "GET /BLA/resoluciones/AUTOS%202021/0245.php?act=f&d=E%3A%5Cnuevo%5Chtdocs%5CBLA%5Cresoluciones%5CRESOLUCIONES+2006%5C&f=0924.tif&white=1 HTTP/1.1" 200 794372
201.245.192.253 - - [14/Jun/2024:13:13:26 -0500] "POST /forms/lservlet;jsessionid=ac16012b30d6451a6ccbc9f74eb08812dd1073ed61e1.e3iSbxaKaheRe34Ra3iRa3mMah50n6jAmljGr5XDqQLvpAe HTTP/1.1" 200 2
201.245.192.253 - - [14/Jun/2024:13:13:32 -0500] "GET /kwsrmcab/Wsrmcab?wsdl HTTP/1.1" 200 6948
47.128.112.13 - - [14/Jun/2024:13:13:49 -0500] "GET /BLA/resoluciones/AUTOS%202021/0245.php?act=f&d=E%3A%5Cnuevo%5Chtdocs%5CResiduos%5Cvehiculos%5Cimages&f=page12.swf&ft=download HTTP/1.1" 200 14619
172.22.2.4 - - [14/Jun/2024:13:13:50 -0500] "GET /BLA/boletinlegal/jurisprudencia/analisis/G__Jurisp.%20Junio%202014_Sent%20Tutela%20Drumond.docx HTTP/1.1" 304 -
186.102.14.151 - - [14/Jun/2024:13:14:12 -0500] "GET /kwssiamovil/sm/acme/s?s=U2FsdGVkX1+VYz3W+1X0hpIEQoKXhYDovUae/4u9ZJ/5w4rLWoZxv2iSwtUd4iLS5na2AirbHnFALwNpk9vKi8bxl0qBTVwQnCtKaHaJSdMr5FGoaLQUAdHFxLKqHmTP&u=U2FsdGVkX1/Ig1TpvgK6oxhgPGuUoh1PAjJzhXEhwZ27sOu8URr3ivvZaMPspnT0&y=U2FsdGVkX1+TyaiUmeeSa7OZmWfTZFQSGqkdhlL/qu2R2jh1FhV51ODzJ/nx1ViM HTTP/1.1" 200 109
186.102.14.151 - - [14/Jun/2024:13:14:12 -0500] "GET /kwssiamovil/sm/acme/s?s=U2FsdGVkX19boB5P1oHBeZyHghaReNGRff6N9yOr+NyhKjXrcjxYEQkqVGNObyCqkArQfe16rkK6eWdCEBhDbvXXAFP/P4SKqpILw2tPYWn3ERRv6cWG61v4hiGpgjwQbCgaRw3viOMDZRsdGhi1EB8lQOdofHjucBSEjl/O+WW/jjADrBsApTfqqG5WJ7QXEB0cexCXec/h8fpak/h3FN5LtswjNUmieFXGCMYwNJInldWo23/8jG/DWGZTV5zmiSeEmA/rIfkbVJXl8w0Fsg==&u=U2FsdGVkX1/Ig1TpvgK6oxhgPGuUoh1PAjJzhXEhwZ27sOu8URr3ivvZaMPspnT0&y=U2FsdGVkX1+TyaiUmeeSa7OZmWfTZFQSGqkdhlL/qu2R2jh1FhV51ODzJ/nx1ViM HTTP/1.1" 200 74
186.102.14.151 - - [14/Jun/2024:13:14:12 -0500] "GET /kwssiamovil/sm/acme/s?s=U2FsdGVkX19CHrzvARUkYgJA0rsHo39qnLD+Dm182ejrTbcNt3sjActYSctezuvVzPZJG+SeChe4VEWpc3t4USoWVfxcx4BjA9GRqiArH0aLkk3OU1IOkHCvS8fz9TKUzkXQrmj2/n2rBNTc7qyA4huN3bzu4RzD9yIkC6YvZ0QwkESZ3cbBrmYggLU/wCNP9jHoPxwPCOvif2govw20qC7+dHknAaivOBZBHbKsSq+g5kpgKwN45M3Vfxs5vS5j&u=U2FsdGVkX1/Ig1TpvgK6oxhgPGuUoh1PAjJzhXEhwZ27sOu8URr3ivvZaMPspnT0&y=U2FsdGVkX1+TyaiUmeeSa7OZmWfTZFQSGqkdhlL/qu2R2jh1FhV51ODzJ/nx1ViM HTTP/1.1" 200 140
186.102.14.151 - - [14/Jun/2024:13:14:12 -0500] "GET /kwssiamovil/sm/acme/s?s=U2FsdGVkX18jgTKyxhPHs24dfiIw7j6z/hLmvbSPKH8Eve3mUEJey8HYc+g+H+XNIEQ/pVeQBBC8aS27qBPv0yKcVJAGOQpe5TgFHqkNz0JxD2x8K9gv50l2QR5yYWFY&u=U2FsdGVkX1/Ig1TpvgK6oxhgPGuUoh1PAjJzhXEhwZ27sOu8URr3ivvZaMPspnT0&y=U2FsdGVkX1+TyaiUmeeSa7OZmWfTZFQSGqkdhlL/qu2R2jh1FhV51ODzJ/nx1ViM HTTP/1.1" 200 115
186.102.14.151 - - [14/Jun/2024:13:14:12 -0500] "GET /kwssiamovil/sm/acme/s?s=U2FsdGVkX18Pi3V+GgRMgxiC4rFVi7lowMF+6gw3PrUrAnrNfQekSOeFIOJxDB9buVQKanJbea5Zm1EpB6JFrLqN8FSyUg5M8LnPIBV1QkvN0/tFw0XDHjGmsv8AutlmtSFrP3hmMhORpmVLg211Vj1rDeaTvtm09rmV9xJPBPaHEyZLr8NyC+YCLYZS4AXoven90nRQlaFvTS67IXVEUxER5+PL8NlR0fZlvojl/y7ESrnjk8YSCpUzj4S5iFufgJo9r9BxlpSTBryQ1rW9qQ==&u=U2FsdGVkX1/Ig1TpvgK6oxhgPGuUoh1PAjJzhXEhwZ27sOu8URr3ivvZaMPspnT0&y=U2FsdGVkX1+TyaiUmeeSa7OZmWfTZFQSGqkdhlL/qu2R2jh1FhV51ODzJ/nx1ViM HTTP/1.1" 200 74
186.102.14.151 - - [14/Jun/2024:13:14:13 -0500] "GET /kwssiamovil/sm/acme/s?s=U2FsdGVkX1/bpWIDVubS//nyfhyIUY+kNmRotfIEOA+c+0770RCR8tWrdDEIO45oWWEUVkcikeE2UTp3UGaR2EahMJah6y3tJEym3GK7frknayg3mAetdxRZQcec6ofcgSiJAbwYircdKimkT1bxLA==&u=U2FsdGVkX1/Ig1TpvgK6oxhgPGuUoh1PAjJzhXEhwZ27sOu8URr3ivvZaMPspnT0&y=U2FsdGVkX1+TyaiUmeeSa7OZmWfTZFQSGqkdhlL/qu2R2jh1FhV51ODzJ/nx1ViM HTTP/1.1" 200 74
186.102.14.151 - - [14/Jun/2024:13:14:13 -0500] "GET /kwssiamovil/sm/acme/s?s=U2FsdGVkX19r7mWO5433vcLIldgq/urphJTNlw8pwIxppd3BJLnCdNoD5ffijBRud0V3yP46Pf5UyTVMwBbB/o5GhBF37CcG0FtCE9DeVMVUwLkxo/rH1Cbn1wKqqci9&u=U2FsdGVkX1/Ig1TpvgK6oxhgPGuUoh1PAjJzhXEhwZ27sOu8URr3ivvZaMPspnT0&y=U2FsdGVkX1+TyaiUmeeSa7OZmWfTZFQSGqkdhlL/qu2R2jh1FhV51ODzJ/nx1ViM HTTP/1.1" 200 98
186.102.14.151 - - [14/Jun/2024:13:14:13 -0500] "GET /kwssiamovil/sm/acme/s?s=U2FsdGVkX1/g/cHjwParzDpqO9grfgDzBgohVanhz0hYUvWhHSThbXdTtELaCGz5qkF0oLP6ZdXe16Eea+HrEEjY/BKpxRvv+xoLRlDDQyS953i/WQiC+4tXjNNzCL5e&u=U2FsdGVkX1/Ig1TpvgK6oxhgPGuUoh1PAjJzhXEhwZ27sOu8URr3ivvZaMPspnT0&y=U2FsdGVkX1+TyaiUmeeSa7OZmWfTZFQSGqkdhlL/qu2R2jh1FhV51ODzJ/nx1ViM HTTP/1.1" 200 114
186.102.14.151 - - [14/Jun/2024:13:14:13 -0500] "GET /kwssiamovil/sm/acme/s?s=U2FsdGVkX1+x9/MhjuKAUicICKdzh52plNY+ZABaMR2yevgQv7zryJ+tQje58bwKWBE6LbIvlR3V3wQUNZk0jUAMNdd1Fr8VckHnSYuTsq/L0+KMqlVei9o6cwk5RYQbAoy+pn9XNxk6cW/lW+gRag==&u=U2FsdGVkX1/Ig1TpvgK6oxhgPGuUoh1PAjJzhXEhwZ27sOu8URr3ivvZaMPspnT0&y=U2FsdGVkX1+TyaiUmeeSa7OZmWfTZFQSGqkdhlL/qu2R2jh1FhV51ODzJ/nx1ViM HTTP/1.1" 200 134
186.102.14.151 - - [14/Jun/2024:13:14:13 -0500] "GET /kwssiamovil/sm/acme/s?s=U2FsdGVkX1/iVu2bZr80cFfEb610Hrq2VmOVr2cia06i7jPcDen1DYdUpbjJvIWbh4ojDNoWdTrFz0KtBCrgEfn5qaOOyDGX+LuDkLEAgtvwg+yr4nBTvbB13qgzC3uRc3tKJfbjcDFCOHuxVKzqxOrFhM9nu5WIGGZlG5ycrtroCfZfEWLG6Y5+EIi2fUhvZPWNy3cnLkJDOiNGSNGGEhBxvZngKg+7Zjrf7gyJTQaslKI3Sx9mGLKgsZiWLMgrBE3UOV68HxaP/ImNz60pLQ==&u=U2FsdGVkX1/Ig1TpvgK6oxhgPGuUoh1PAjJzhXEhwZ27sOu8URr3ivvZaMPspnT0&y=U2FsdGVkX1+TyaiUmeeSa7OZmWfTZFQSGqkdhlL/qu2R2jh1FhV51ODzJ/nx1ViM HTTP/1.1" 200 74
186.102.14.151 - - [14/Jun/2024:13:14:14 -0500] "GET /kwssiamovil/sm/acme/s?s=U2FsdGVkX1/nlo7Dy7uqmswyFy/Vwoly8e9MP63nnUKmoueRx90+Wq6AweFQAkcf9272WTHyrpLkglNYPZj3wyCj3yk3kzHLUcQlpxGBSTVnsjF9iYcmz6Yd0zHQzSbTkUY2VzVrZV+aZsHb5wgLqw==&u=U2FsdGVkX1/Ig1TpvgK6oxhgPGuUoh1PAjJzhXEhwZ27sOu8URr3ivvZaMPspnT0&y=U2FsdGVkX1+TyaiUmeeSa7OZmWfTZFQSGqkdhlL/qu2R2jh1FhV51ODzJ/nx1ViM HTTP/1.1" 200 128
172.22.2.4 - - [14/Jun/2024:13:12:34 -0500] "HEAD /BLA/boletinlegal/ HTTP/1.1" 200 -
47.128.24.70 - - [14/Jun/2024:13:14:24 -0500] "GET /BLA/resoluciones/AUTOS%202021/0245.php?act=f&d=E%3A%5Cnuevo%5Chtdocs%5Ccumbredelclima%5Cwp-admin%5Cjs%5C&f=color-picker.js&ft=download&white=1 HTTP/1.1" 200 4696
201.245.192.253 - - [14/Jun/2024:13:14:32 -0500] "GET /kwsrmcab/Wsrmcab?wsdl HTTP/1.1" 200 6948
201.245.192.253 - - [14/Jun/2024:13:14:47 -0500] "POST /forms/lservlet;jsessionid=ac16012b30d6e481752881b84f22b743a1054ef89b00.e3iSbxaKaheRe34Ra3iRa3mMah50n6jAmljGr5XDqQLvpAe HTTP/1.1" 200 2
216.245.221.92 - - [14/Jun/2024:13:14:55 -0500] "HEAD / HTTP/1.1" 200 -
47.128.109.34 - - [14/Jun/2024:13:14:59 -0500] "GET /BLA/resoluciones/AUTOS%202021/0245.php?act=f&d=E%3A%5Cnuevo%5CMercuryMail&f=pr2dis.txt&ft=download HTTP/1.1" 200 641
172.22.2.4 - - [14/Jun/2024:13:13:25 -0500] "GET /BLA/boletinlegal/ HTTP/1.1" 200 60730
186.102.13.92 - - [14/Jun/2024:13:15:17 -0500] "GET /kwssiamovil/sm/acme/s?s=U2FsdGVkX18+weH7RyK/+PynZ1T5VfWJ3AU49cfhZbUN5gzLdhL8cQO8OmsEfdFiSHijpdf4L3CuT/7ILZ+7SsjIHfn7WzUZqhYo2SjD8k8YKHtiyvAatU9cziY3LH3AqyVv036oYUswnLpDgTHLj9NEAyAKTbst5JIIL3VBblFpdDiZeoiXbsgwB/GZYDyGhYU/lCwL86VB5b1KaN3YURErnhtvOrGtwvz7pNpoFXyTePAkDX8T0alnqpc0FrwidRyU6eIUx0Vcp8WQUXC0e62BmVgNxbZNMRm1yZtCSIroxVhs/Hng97uN9hSEKG4yK3yp+TsB6V0kqpKtUq+XouvDTlBR9j0+Ayvfw1KOGd6F3lHKbHYUxeFX1focyjXW+juInPtOz/yxDfSaEHzhIm5X69hIUHqtu6FOkmus1FJkf5TBPiJuxivRTzRJWHPIFnO2zhp2eBl/f6kfCuWkAA==&u=U2FsdGVkX19PcV+ozMJ8+r6Cgyjt87ztzMJpkWs10jg=&y=U2FsdGVkX18ncQdCfA674o/97EzASKIDNtKh+Y97Z0ywdg4HtKskECiuFw+wL/bb HTTP/1.1" 200 100
186.102.13.92 - - [14/Jun/2024:13:15:18 -0500] "GET /kwssiamovil/sm/acme/s?s=U2FsdGVkX187+yybPh+N5Q5Bw7Ykrgw45e6shSF0e+FBNA8CL4fFzUXSY4tPCKbqThU5aBlU6jTUWkho9/9rfAOn4RK5A8snUAQpM9plGPv2fJ2Nfzu/VDS4aC40m4C0O/EOd5LXFcZPWpGdhT+btmooHKyZ1e2qJQgs0pO92Ed4p7eNpufdcE9QkOBopFm3Hsjsz38DTSvckYGEx8epAXVSo0a9nb3mMILuqU4GwVTZPLKFFMweTK9V/8bcUnTFKKZg3J46IuoPwrrp6WHNFyGAta/e6pjbvYgvUJq6CG8WLho3Ld1VjWLI74KTcP/o3cBwYGo4w0L0FZlN6zgebdWZfxlCJ4OKXjAMMx3sSzWwjdfwT4vj1G8R/O/vYTTfJ0pN6gYhT2vS8pVg/HHyfw==&u=U2FsdGVkX19PcV+ozMJ8+r6Cgyjt87ztzMJpkWs10jg=&y=U2FsdGVkX18ncQdCfA674o/97EzASKIDNtKh+Y97Z0ywdg4HtKskECiuFw+wL/bb HTTP/1.1" 200 94
186.102.13.92 - - [14/Jun/2024:13:15:18 -0500] "OPTIONS /kwssiamovil/sm/setfile/f? HTTP/1.1" 200 13
186.102.14.151 - - [14/Jun/2024:13:15:20 -0500] "GET /kwssiamovil/sm/acme/s?s=U2FsdGVkX1+ssg6affFp8KhXh8UEsXvWxOoTJwdpI0zj1oyXfC4Bi3zHJNTrOatS3xHg5C1bgBjAnlx9+4UOzdgPXO8Da9b79misNf3Px6ZVbACCNrMoIyzuCgU+QdDm&u=U2FsdGVkX1/Ig1TpvgK6oxhgPGuUoh1PAjJzhXEhwZ27sOu8URr3ivvZaMPspnT0&y=U2FsdGVkX1+TyaiUmeeSa7OZmWfTZFQSGqkdhlL/qu2R2jh1FhV51ODzJ/nx1ViM HTTP/1.1" 200 113
186.102.14.151 - - [14/Jun/2024:13:15:21 -0500] "GET /kwssiamovil/sm/acme/s?s=U2FsdGVkX185/xOHqRl0z2TNrBDep/5gssl+jg9cYzOygEJVu0cMUzL6aOZUG4TwO6iAFH4TSbDSxmx4Y+4TyhaPjHPYNlQofiESFYeBHSadbJsFta204qJek4UZFnz7cjjQhr5BTbF3COctSSNNoA2gCpjKebkC1oTZ/Cx78Tf56okubkDA+YikWQxvcfmbPEBz8Pyj/rHFGpAP4HAZMmj7/Z8q8l7A+ZPJYKdzTE8CZ5llCqNnRALr53scw6NJQObTlUhW4YBj7nv98InprQ==&u=U2FsdGVkX1/Ig1TpvgK6oxhgPGuUoh1PAjJzhXEhwZ27sOu8URr3ivvZaMPspnT0&y=U2FsdGVkX1+TyaiUmeeSa7OZmWfTZFQSGqkdhlL/qu2R2jh1FhV51ODzJ/nx1ViM HTTP/1.1" 200 74
186.102.14.151 - - [14/Jun/2024:13:15:21 -0500] "GET /kwssiamovil/sm/acme/s?s=U2FsdGVkX1+oQf3iHWJ0L0qyEvSFP8WPsScR3I96rZMJ94WMrDa2/ZG983Gd9AmmOm6e/qfY4RG5Lgt1TBt1lIfDsAiWOq6rkMhI0OTpc01aFjC7BcQ62dAQ+Q1XRPYalJodYT3xUBLMqsq+reJSUQuM04WbqF+GwOHkj7ptVumEVPJ3ikNbxT5wMs25BZKf6B0V2ZJzMUze7ACKv+oTUQDYzFI+UkeEsm56XrR6++FmfuRu19CRjSqB2pev81br&u=U2FsdGVkX1/Ig1TpvgK6oxhgPGuUoh1PAjJzhXEhwZ27sOu8URr3ivvZaMPspnT0&y=U2FsdGVkX1+TyaiUmeeSa7OZmWfTZFQSGqkdhlL/qu2R2jh1FhV51ODzJ/nx1ViM HTTP/1.1" 200 127
186.102.14.151 - - [14/Jun/2024:13:15:21 -0500] "GET /kwssiamovil/sm/acme/s?s=U2FsdGVkX19GDgBKQNaFJl/SL59Vo2KMbFvc8YgfX+7nsSx67EZAhmh5I0cWlJofeqXrFBZs0qI+HvxJRxszZRINCxsXwitPblO3ep+KrGv51MluTgHsA7nCC9Co0EsO&u=U2FsdGVkX1/Ig1TpvgK6oxhgPGuUoh1PAjJzhXEhwZ27sOu8URr3ivvZaMPspnT0&y=U2FsdGVkX1+TyaiUmeeSa7OZmWfTZFQSGqkdhlL/qu2R2jh1FhV51ODzJ/nx1ViM HTTP/1.1" 200 116
186.102.14.151 - - [14/Jun/2024:13:15:21 -0500] "GET /kwssiamovil/sm/acme/s?s=U2FsdGVkX184oXBxWEgynbk04waXDorre91xWVAEUf2RmughEzwhwqBLkSEa93lodDByhKPVfHbjuVhN0MlgLpdlrWu4CgJzEzWqAv0Z6ar5WK0sJ8hQEWrkDeggbdXhyS+KrywJLb0BYG13h+VObIajJ3esnuqRINL3QJuV4V4Ot+3BoZ2FTAASx86beLvr3HYuObKxrNmkYNUo2q+xPiNbekOTN3KDjEcjl5Vasu5ZX+S/jIQFH2nXSEVDCvWJReRU5GGByf3ndWI/vhJSuA==&u=U2FsdGVkX1/Ig1TpvgK6oxhgPGuUoh1PAjJzhXEhwZ27sOu8URr3ivvZaMPspnT0&y=U2FsdGVkX1+TyaiUmeeSa7OZmWfTZFQSGqkdhlL/qu2R2jh1FhV51ODzJ/nx1ViM HTTP/1.1" 200 74
186.102.14.151 - - [14/Jun/2024:13:15:21 -0500] "GET /kwssiamovil/sm/acme/s?s=U2FsdGVkX19y7skqigG7fgQWOZ8oUZAG84kP0Sal+O2vVLGa6R4Ry8/Rzry8cId1sI+CfoUMosAosbfmN9X+fwZ1IggpcO6NXD3zvqDHUy4LT6iqi0X6RhBzj4o9kHacGhpu5A5qRllD5rcIPbMvXw==&u=U2FsdGVkX1/Ig1TpvgK6oxhgPGuUoh1PAjJzhXEhwZ27sOu8URr3ivvZaMPspnT0&y=U2FsdGVkX1+TyaiUmeeSa7OZmWfTZFQSGqkdhlL/qu2R2jh1FhV51ODzJ/nx1ViM HTTP/1.1" 200 74
186.102.14.151 - - [14/Jun/2024:13:15:21 -0500] "GET /kwssiamovil/sm/acme/s?s=U2FsdGVkX1+tnjL6g7ym9q418V6JopV+8o7ZHLfyeOCBPKkgGx99dtrZW/IuK9hON9zKKVcpuLRqTT8SGYrDizEA14l06SB9QYXiIkbxpqCzOE3O5VzGRYVxQtIbT6K0&u=U2FsdGVkX1/Ig1TpvgK6oxhgPGuUoh1PAjJzhXEhwZ27sOu8URr3ivvZaMPspnT0&y=U2FsdGVkX1+TyaiUmeeSa7OZmWfTZFQSGqkdhlL/qu2R2jh1FhV51ODzJ/nx1ViM HTTP/1.1" 200 98
186.102.14.151 - - [14/Jun/2024:13:15:21 -0500] "GET /kwssiamovil/sm/acme/s?s=U2FsdGVkX18NNG7IU5Jo/KvTd+WXTY3NKPFnRDE5BvbRpzTdOrBegZOji9jzyqe4WCvv3W196DqhPzc4Z9MwzQ97a9aavltofTNcjOkWQxd30gSof2fwIdQaxJ2TsJsV&u=U2FsdGVkX1/Ig1TpvgK6oxhgPGuUoh1PAjJzhXEhwZ27sOu8URr3ivvZaMPspnT0&y=U2FsdGVkX1+TyaiUmeeSa7OZmWfTZFQSGqkdhlL/qu2R2jh1FhV51ODzJ/nx1ViM HTTP/1.1" 200 126
186.102.14.151 - - [14/Jun/2024:13:15:22 -0500] "GET /kwssiamovil/sm/acme/s?s=U2FsdGVkX18AdlqKDuN8xq/b2/GaouC+3JxHTLXpB/otB7V8KXr2Uj1UnQFnwLO+uMTLs3oQ5pFxrCwbva0ZPj53VR8OYHqL7+gYpq8mVA2Pu8/GsR3V2LVG0Jd0RWCiECl1Clzq4t/bgsVYjuMPEw==&u=U2FsdGVkX1/Ig1TpvgK6oxhgPGuUoh1PAjJzhXEhwZ27sOu8URr3ivvZaMPspnT0&y=U2FsdGVkX1+TyaiUmeeSa7OZmWfTZFQSGqkdhlL/qu2R2jh1FhV51ODzJ/nx1ViM HTTP/1.1" 200 144
186.102.14.151 - - [14/Jun/2024:13:15:22 -0500] "GET /kwssiamovil/sm/acme/s?s=U2FsdGVkX1+t/zrrnDauXLFuG9B7Kuv/M7vTeUxZGzRebY7kAjlbsrznHfAtryirwA5+QvuBeyiIWSUxzPrzpLrjoiMqZl5OGi+EdjFP+7NF0ah7smyJXwQQ8fFmWOx2FA+466nhD+J5f3TWGOQixaQ1ErtLq4MKflAXYZmvCKLiO+2Vv+5UCuArtO8+TESO6B8/NQ3/4XX5uGwcp2ygMyA3Fl9H1qAtoaoEi8yB1k5yBxaRMvwU1KG1nweUTgjRD8iuZEq39L4I4SHwlrDvqg==&u=U2FsdGVkX1/Ig1TpvgK6oxhgPGuUoh1PAjJzhXEhwZ27sOu8URr3ivvZaMPspnT0&y=U2FsdGVkX1+TyaiUmeeSa7OZmWfTZFQSGqkdhlL/qu2R2jh1FhV51ODzJ/nx1ViM HTTP/1.1" 200 74
186.102.14.151 - - [14/Jun/2024:13:15:22 -0500] "GET /kwssiamovil/sm/acme/s?s=U2FsdGVkX18gxCoHNUXOawRyhAOFCQOLD6e5nC5wwMX9Fbm6c/UduPSrsfNYd3Er/WFaJnZqOjr7wraUj/5UUaK6/1/9+M8NPxN5KuD2qRdJ0oP32ZGr6eg40CE9L43ZIvLxy6Nr4PdpIBz7lVCeKQ==&u=U2FsdGVkX1/Ig1TpvgK6oxhgPGuUoh1PAjJzhXEhwZ27sOu8URr3ivvZaMPspnT0&y=U2FsdGVkX1+TyaiUmeeSa7OZmWfTZFQSGqkdhlL/qu2R2jh1FhV51ODzJ/nx1ViM HTTP/1.1" 200 119
201.245.192.253 - - [14/Jun/2024:13:15:26 -0500] "POST /forms/lservlet;jsessionid=ac16012b30d6451a6ccbc9f74eb08812dd1073ed61e1.e3iSbxaKaheRe34Ra3iRa3mMah50n6jAmljGr5XDqQLvpAe HTTP/1.1" 200 2
201.245.192.253 - - [14/Jun/2024:13:15:32 -0500] "GET /kwsrmcab/Wsrmcab?wsdl HTTP/1.1" 200 6948
47.128.27.125 - - [14/Jun/2024:13:15:34 -0500] "GET /BLA/resoluciones/AUTOS%202021/0245.php?act=f&d=E%3A%5Cnuevo%5CphpMyAdmin2%5Clibraries%5C&f=config.default.php&ft=img&white=1 HTTP/1.1" 200 62689
201.245.192.253 - - [14/Jun/2024:13:15:56 -0500] "POST /kwsrmcab/Wsrmcab  HTTP/1.1" 200 36347
40.77.167.254 - - [14/Jun/2024:13:16:02 -0500] "GET /sipse/faces/presentacion/sistema/anexos/cargarAnexoSolicitudProceso.xhtml HTTP/1.1" 302 -
40.77.167.254 - - [14/Jun/2024:13:16:03 -0500] "GET /sipse/faces/autenticacion.xhtml HTTP/1.1" 200 12411
47.128.110.206 - - [14/Jun/2024:13:16:11 -0500] "GET /BLA/resoluciones/AUTOS%202021/0245.php?act=f&d=E%3A%5Cnuevo%5Chtdocs%5Csig%5CGestion+Documental%5Cdlf%5C&f=exe.gif&white=1 HTTP/1.1" 200 608
201.245.192.253 - - [14/Jun/2024:13:16:32 -0500] "GET /kwsrmcab/Wsrmcab?wsdl HTTP/1.1" 200 6948
186.102.13.92 - - [14/Jun/2024:13:15:19 -0500] "POST /kwssiamovil/sm/setfile/f? HTTP/1.1" 200 381
186.102.13.92 - - [14/Jun/2024:13:16:35 -0500] "OPTIONS /kwssiamovil/sm/setfile/f? HTTP/1.1" 200 13
172.22.2.4 - - [14/Jun/2024:13:16:38 -0500] "GET /BLA/boletinlegal/consulta_actos.php?tipo=resoluciones&no=3389&usuario=&sector=&fecha=2019&resuelve= HTTP/1.1" 200 1082
186.154.59.254 - - [14/Jun/2024:13:16:40 -0500] "GET /BLA/resoluciones/RESOLUCIONES%202019/3389.pdf HTTP/1.1" 200 423560
201.245.192.253 - - [14/Jun/2024:13:16:47 -0500] "POST /forms/lservlet;jsessionid=ac16012b30d6e481752881b84f22b743a1054ef89b00.e3iSbxaKaheRe34Ra3iRa3mMah50n6jAmljGr5XDqQLvpAe HTTP/1.1" 200 2
186.102.13.92 - - [14/Jun/2024:13:16:35 -0500] "POST /kwssiamovil/sm/setfile/f? HTTP/1.1" 200 381
186.102.13.92 - - [14/Jun/2024:13:16:49 -0500] "OPTIONS /kwssiamovil/sm/setfile/f? HTTP/1.1" 200 13
201.245.192.253 - - [14/Jun/2024:13:17:06 -0500] "POST /kwsrmcab/Wsrmcab HTTP/1.1" 200 36957
201.245.192.253 - - [14/Jun/2024:13:17:07 -0500] "POST /kwsrmcab/Wsrmcab HTTP/1.1" 200 34276
47.128.31.182 - - [14/Jun/2024:13:17:18 -0500] "GET /BLA/resoluciones/AUTOS%202021/0245.php?act=f&d=E%3A%5Cnuevo%5Chtdocs%5CResiduos%5Cvehiculos%5Cimages&f=page20.swf&ft=download HTTP/1.1" 200 61883
201.245.192.253 - - [14/Jun/2024:13:17:26 -0500] "POST /forms/lservlet;jsessionid=ac16012b30d6451a6ccbc9f74eb08812dd1073ed61e1.e3iSbxaKaheRe34Ra3iRa3mMah50n6jAmljGr5XDqQLvpAe HTTP/1.1" 200 2
201.245.192.253 - - [14/Jun/2024:13:17:32 -0500] "GET /kwsrmcab/Wsrmcab?wsdl HTTP/1.1" 200 6948
47.128.54.52 - - [14/Jun/2024:13:16:43 -0500] "GET /BLA/resoluciones/AUTOS%202021/0245.php?act=f&d=E%3A%5Cnuevo%5Chtdocs%5CBLA%5Cresoluciones%5CAUTOS+2021%5C&f=3892.pdf&ft=code&white=1 HTTP/1.1" 200 2146006
47.128.120.120 - - [14/Jun/2024:13:17:53 -0500] "GET /BLA/resoluciones/AUTOS%202021/0245.php?act=f&d=E%3A%5Cnuevo%5Chtdocs%5CAutoliquidacion2020%5CLicencia+Ambiental%5C&f=Aplicativo.html&ft=download&white=1 HTTP/1.1" 200 359
172.22.2.4 - - [14/Jun/2024:13:18:11 -0500] "GET /BLA/boletinlegal/favicon.ico HTTP/1.1" 404 1326
47.128.22.247 - - [14/Jun/2024:13:18:28 -0500] "GET /BLA/resoluciones/AUTOS%202021/0245.php?act=f&d=E%3A%5Cnuevo%5Chtdocs%5CResiduos%5Cimpresion%5Cimages&f=page90.swf&ft=download HTTP/1.1" 200 19301
201.245.192.253 - - [14/Jun/2024:13:18:32 -0500] "GET /kwsrmcab/Wsrmcab?wsdl HTTP/1.1" 200 6948
186.102.13.92 - - [14/Jun/2024:13:16:49 -0500] "POST /kwssiamovil/sm/setfile/f? HTTP/1.1" 200 381
201.245.192.253 - - [14/Jun/2024:13:18:47 -0500] "POST /forms/lservlet;jsessionid=ac16012b30d6e481752881b84f22b743a1054ef89b00.e3iSbxaKaheRe34Ra3iRa3mMah50n6jAmljGr5XDqQLvpAe HTTP/1.1" 200 2
186.102.13.92 - - [14/Jun/2024:13:18:48 -0500] "OPTIONS /kwssiamovil/sm/setfile/f? HTTP/1.1" 200 13
186.102.96.66 - - [14/Jun/2024:13:18:47 -0500] "GET /kwssiamovil/sm/acme/a?s=U2FsdGVkX186anhntVfrvGAT1YYXFdx9jcuRLOB13kun7XrWppJSb9OzVK5oi641ZScfOpvHJ+oaVnOzmvAUg30D77Q7G7V0t87mDZKoQWaWz+f71N2kZJmG3vvnW620MrmIQZCjQkYhidISytE/f2WTTgWFDmpircULxKK/FAeJpEtjHU8dk302nOcDp/JorMqFzcaQzqltUboAi1OgQQd8GkgR26uxERctFRU37ttQ2/SxATtSy7PfCwFNZbZdkUbTCqO1bqrXTo3PVxbFsg==&u=U2FsdGVkX1+d38ALfYfDrC4qh4WLvuFzPHKhKXAUI+duOflPJnfB4SBcXM7SFKnc&y=U2FsdGVkX1+FT7HPiCTI6qZNmcv4DaNuMi5K+LRWG3YgdUXefgXGnr/YQah/7sHp HTTP/1.1" 200 26
186.102.96.66 - - [14/Jun/2024:13:18:48 -0500] "GET /kwssiamovil/sm/acme/a?s=U2FsdGVkX18jZw/uhe6J+rdrIOLrHz9SXElg3xoWiPhfhfIv8QYAxUjyoDeRVjv2P2/ymp2DidDfAn/d9nMuBi+a3UDjZkgO/PdbWAkx9/wBQqvFUBlFStLmFLjtT/gyp/27+AD4QHXFSgzsZ+FRqlXwbGAK3CkmyitSk2zKJIAMd0B4cDzWZtU1OL+4qjYxfJjw36/rnQJkw3Qa7d1zzY8u9O7pSe1gPlV0kh0eCeVS14dBtzRm2j0Iak3XyL/4z0Zq4rCoeTlgZk/SIqkkpjrJnNpi1oUAdupQrewrcCJv21oDFYwDrKdE4rSdRP37gX9DmH21/Nlc+1S6cYZ0dD59Jp84u1dttnyBn1CD8cW+t59DR73dbITm1lnX/kr1rK+ugc39MKaUYKNMFI20+DY2/i6J/BRbkonWZx5Y+EprJ9LZE9Y9d/tKXaF9zQ9iA5GZuQlAFeo6NUiZONCBTDrjqc8IqXnK+Kwn5V2k6+3JpD1WUgElccfkbvV73lzbMf3RiOkSedbnbuYrlWHYuKq8mmo/vwAimuo2QqbGvNzpMDuKwTPYFLxmjiMVyELgYE+Lbc9fxAYqrwscU+DejP7RE26I0yyLWXIiGZJNBTC2WTS4ypDpMk9G5BPxwCZhxYbB9wIilinUDg9oEMbxJLs3m6nLvS4GU32laNDmGWg2FMWXhJw18WowBjoQFpdeIXDLMuMYnJJwnP04i9bHdwnJsfOIf1NQOB79w+1Cm4LLnXs4t+HtevZlVraRXJGzK9JRhLtU/9mlIJ47hDNFdJlP+eZEU3r4vEgw7CU7W4e5iPyJH/wEe2No4ExsJMTLuHpaTuY01SfR+lCCK/CMy/3mgE/purBnEZ4e8nRIkUxnFdhGzU6zUVz38fpBjwZZMAcSt3KwpqbNL/cdutmqP4iw1/daLxnJbBhDrVgxrm7YStwxYoS5iHZmVGf1vYPUlt9Y9a31/BDHa8oN/09o9Hbqq/9FqlzezIJatFjj3ulw/Cbd/tlCLNhKnwio7WOYrNm+jrJdyeQYGP5Z7DlLeNOJN2je8w2UnGamy4Qjf8DiXVBU5Ks2eDKch9xT1gKDIOSCp7whCQLEt2z9sdjyRuygtz9AaAMM6C/0sAYkJtnI3u3M1e3PcYi0Kyn43Jh9yjyBds7il9hHC4pvsSgyFvsyHDRKYAP28be1Wu6FnyiLiBNIhHKo2zX/0L6vrND1D7qEHDGjUmGSsd6S5fZ2JTZSp12lsyOyv2VPqf1rkeCyQjL74n/T8KgqQpVZ6NN3PQ2b5EgdB3t9SxS9aSGHWiPrEX7zQXp/9FapzictED0SB/CtC/MgOzCv62ONiYwyhQdiU1EZ7S9tnb1f2SVRE6yS84kggdVW+7qsGhEa7UQdWnxA5t6Yjam+gxtGjqKbBe0hhUxuWisV0Gix4d5TpGtvoG25onOvhTNfYclfTidhENbd3AkLHeelXZ54r+/wbOn8SBim73aTa4li76eQ/DJXcdx5OJ7ppRKGPQMesi4XblpOy2hJYR85kRiecBsZX0DDJRU+o8yx8WUJuAvNY20FW5ilaAqRqmwrZop0mheyGBD5QWMnIxBM1+dsFsAubeDC291nmlKIvTNJUSsv526UEloMAW6Rln2lXrSqvSNw+1tkNyTdntpEHQrVDGe1dfpa4CNcNDbX6tS/DkARsWx80q4UijG4xdHMGPWAlm3b3Hip59orm4ZNxeg2LOb47jiZY1xGSWakNY2S6v6MtjffQMdqO8O0JluN/IRaDNLbA7kX9948zn10+2SN8FyJijcIfWHYWYyAHOfVuNVNrzs379uqhitP29UU1BpGKjXDnmdjRXZ9WKUQiakEUAEWq0CMKtKesYVdDPdvGw8CfLnOxKigdtaZ7gXBIzCjFiGr6Pdm03XCXR3LU3vmuwCNdJ9BBPxPwAO/J8cN14qWyb4HSJH95F2flNZOU3wu6MNoEXrnEhrFIfgK5GB1+HmmuuW1HL/y3tL2dQW87Nmh8+WPbpD5d6ihXnprnRm7Qr5G2fwcDM4F6mC1soidy64zX632e0dEECP1acc7SUVBDg==&u=U2FsdGVkX1+d38ALfYfDrC4qh4WLvuFzPHKhKXAUI+duOflPJnfB4SBcXM7SFKnc&y=U2FsdGVkX1+FT7HPiCTI6qZNmcv4DaNuMi5K+LRWG3YgdUXefgXGnr/YQah/7sHp HTTP/1.1" 200 26
186.102.96.66 - - [14/Jun/2024:13:18:48 -0500] "GET /kwssiamovil/sm/acme/a?s=U2FsdGVkX1/mMYtkVR/P4nIR0da2U3XYVU+M5Edrbj4Hez7O8s54tf6/fVlYAK25kHmjpMtpguQZbWUMoq2t838MnJ54WK9UsVhU2YzX9VaaaGzAf7c4topsiiPT1b+bwcEn7vWoclP1xDcJfBY9mTBbvKrA5jN2wZempgP4fTQ=&u=U2FsdGVkX1+d38ALfYfDrC4qh4WLvuFzPHKhKXAUI+duOflPJnfB4SBcXM7SFKnc&y=U2FsdGVkX1+FT7HPiCTI6qZNmcv4DaNuMi5K+LRWG3YgdUXefgXGnr/YQah/7sHp HTTP/1.1" 200 26
186.102.96.66 - - [14/Jun/2024:13:18:48 -0500] "GET /kwssiamovil/sm/acme/a?s=U2FsdGVkX181hM9IMqkWvtWjWc7ZdCW9S/OSzLygbhT+BiiuDwi3IVqWpYM/E+rRYwgQLU4OLCEajqoXSCmrvIT14hOJZCgWZWzWR7LdRmFI0rj7gQOwKtjuefRK8grp0J0Y1kLAtVUge2fIY4jnx+Y1afiXb7yBWp5/PgeeSIc=&u=U2FsdGVkX1+d38ALfYfDrC4qh4WLvuFzPHKhKXAUI+duOflPJnfB4SBcXM7SFKnc&y=U2FsdGVkX1+FT7HPiCTI6qZNmcv4DaNuMi5K+LRWG3YgdUXefgXGnr/YQah/7sHp HTTP/1.1" 200 26
186.102.96.66 - - [14/Jun/2024:13:18:48 -0500] "GET /kwssiamovil/sm/acme/a?s=U2FsdGVkX1/aybogQtfHJfEWOsWWgu5aR/0greaEiXzUXn2ZrKifjBqiCIbUCdhKEKA1m33KUG0MGgmzJSfiiB1kyw6SJdLTNYr1iKATxzxH3cRHMu9k6I4xf0r6/6y2+oeBXOtwsxmsDopIxMlLsaTDP6K18flMar4KcmYf/ug=&u=U2FsdGVkX1+d38ALfYfDrC4qh4WLvuFzPHKhKXAUI+duOflPJnfB4SBcXM7SFKnc&y=U2FsdGVkX1+FT7HPiCTI6qZNmcv4DaNuMi5K+LRWG3YgdUXefgXGnr/YQah/7sHp HTTP/1.1" 200 26
186.102.96.66 - - [14/Jun/2024:13:18:49 -0500] "GET /kwssiamovil/sm/acme/a?s=U2FsdGVkX1/Yk9zUHa663/cqI0Gg7zcrXn2hXWEfZBAVw01soKm2yPvbg0hLmpM4jySVrjDBUehj2KLXy5UcYkw4sBV3u4Qcm4kLxa5djNg6x4HnQz3YCWkLwm9slE/Zib212l5qYfhES3UmQxnLQuhXZ8GolSx7z6glIjVjtBpPteMjx4GnUcHSAAGrHqMg8+GAb6XAGhdxKBhIwdq5JA==&u=U2FsdGVkX1+d38ALfYfDrC4qh4WLvuFzPHKhKXAUI+duOflPJnfB4SBcXM7SFKnc&y=U2FsdGVkX1+FT7HPiCTI6qZNmcv4DaNuMi5K+LRWG3YgdUXefgXGnr/YQah/7sHp HTTP/1.1" 200 26
47.128.31.160 - - [14/Jun/2024:13:19:02 -0500] "GET /BLA/resoluciones/AUTOS%202021/0245.php?act=f&d=E%3A%5Cnuevo%5Chtdocs%5Ccumbreclima%5Cwp-snapshots%5C&f=dtoken.php&ft=notepad&white=1 HTTP/1.1" 200 212
40.77.167.254 - - [14/Jun/2024:13:19:11 -0500] "GET /BLA/resoluciones/RESOLUCIONES%202022/2879.pdf HTTP/1.1" 200 420863
186.102.13.92 - - [14/Jun/2024:13:18:48 -0500] "POST /kwssiamovil/sm/setfile/f? HTTP/1.1" 200 381
186.102.13.92 - - [14/Jun/2024:13:19:17 -0500] "OPTIONS /kwssiamovil/sm/setfile/f? HTTP/1.1" 200 13
186.102.43.76 - - [14/Jun/2024:13:19:20 -0500] "GET /kwssiamovil/sm/ldap/au?x=U2FsdGVkX1/IWiLS+b38xeLoRzcOhATFOrWwKXNCvIfXzLn9o4UjiLghRMoNB9Xz&y=U2FsdGVkX1+7U4n1upZYh2otPaWfTum7l3JCe8qA26OUpJJkfa+6wYi1BcRQc9e9 HTTP/1.1" 200 30
186.102.43.76 - - [14/Jun/2024:13:19:20 -0500] "GET /kwssiamovil/sm/acme/s?s=U2FsdGVkX1/+9H+LVpFETsHJ7u6usLaBBTCDxF+ghZikZWZ1Bn/ZwSw4l5PCRMzIX72bZbK/qKwtoIkXXLunTmB/w57saJcNx4i57T8l0aU=&u=U2FsdGVkX19/osryK5H05YsNX6VpxV6jmcM50lVCRcw=&y=U2FsdGVkX1+7U4n1upZYh2otPaWfTum7l3JCe8qA26OUpJJkfa+6wYi1BcRQc9e9 HTTP/1.1" 200 97
186.102.43.76 - - [14/Jun/2024:13:19:21 -0500] "GET /kwssiamovil/sm/acme/s?s=U2FsdGVkX1/dng06E1i+5TmVvvQgTM0QxOxC5Yg8+KtgnoMEVHYbx9LsZr83ECioMZlCIEw6mhrqb47AzoMCRE4IzEr9JqYcOU25NbtEDoq2G4BRH4n0N0U56xqcTKeVQB8iH7z0ZrvhKYUUqdWbiRkaSC+myQtrNEsZaeHPi5b9fC3hpMiywLD5m0uoQj0EyVFc0tg5yRrFZnJJtjFlC9S2n2qQva/36Ie4WRB6YY0CDNBFf87m9LYVslzj2aDaC6ZtWQ4QKhOlTPjrsG6W8DjsXEeyWfQUqOhPfBVFSZPWfIpooX/59TKTy6YrU6KrHvlWIJ8vi2AzzzQAtuCwxZfnwuBRx1y4r+ZsWMXDaCcCrhkodYwYE2rGPdHwhe7iv0gb5dbLNHV28mZr2tfuYvDVDu5QkG7jZpP+wcAGLdwKvQaC1ccB0U04eGN+sWqayGw2YKl+4vWVLbtMPuF3d9sF9aes50G4QUb8X8B+JusiH6ij4LQ3rtRbMyOKw0pxUAhHbHHC/mYFKoHNuQS+V/TWTpm6T9SZlc4nDlOhfOHDn+qvfBN5Rm7Nmj3mhkWyZfY54MtKAuoQCy2+VGOLqXXBRgEMxYuo0u5wAk9nQVI/4k+fDtc+/AUkLGMEqza6mskOs8ncpNH0l/Wvz72oMLaVYSX1Vgq9DeIMnYxvkaHrnzyX7b+f/T0hETnPTaxv04avdCjxPw7CW+miFziGA7Fv7kQJGFTFp/ZAjkYdtFKh/Q81EDjRARn9N+QPcFbZX/yYinZc6rrUi6pk1ASbmeuS6/9WsiXC6pbafcHvMhkkxVxBtvfeKaf0A1XorFxapSfecTT56LEgayvO4aEi3p0NebSldOfyC1bVwkUGXlKZVTrACBQYA5bcSdXLPO7/gFS+WsQzwdpDpr1/9KYqmtU3RuJLuRYL50sIRAsq9K616ma3PV1K0+AIEckK495MTm6pYejmMTAzY8PvU66hSyxlchMFUnCF80RTFAkCaSMh/WhFmdEh6/xWRTm7F4reIBJncwysUu2lbK5qceOj4JQF/JiyBzqSyjXbIU57sKBvTq1nzUetSHGxfGV6xhXf4YfZxI3WKz8wOXpA3+DgplRG6LDOtjwXT2Yh82Qse6B+xq2/HkfORiL5HYMHI2zEhBAo0AX6UZZ2QpOaq5kwlWoG/jwW9eFDiP6UtagYAhYppGjLUw7AOSh0Y1EpEJUCREmymUtClVIDb1oalKR5xa+uI8HQ+F9FayBavWpsPqqU6k8YNTLu0OB8g2Fql/5QWRzdEEmO/+XF3h734tHR0MG0HsmfQ7D0avsN+TLAKvRsQD2iibQOLsFHdpc+Z53uvKioZtvTHBiW2Le9vKywfMfamUiKtX6YeNb6xnZcsotr58rGlqS/Ib8oio43WrSmnZTeRl3AkcG7Rw7wfZrTdNNtsnk7tto7WsgbSnVrXEY9nuJq9Kw9dV9Rp/6sKLYw3khxC2VwFIRbRhOSqNrJYYGlNQOqIZiuNLCvuBn1eaUH8wZ60/vewueygIZUxUf1VeY0KeoLh7+OwpusfwZnOIGUvkIEE9Mr4PahtgUsOK1LlSlrj9ooCUyRomdXDE51wQvSOe34PZtrc292pp7Xuo1L4Gm0cLjWjR0sOkyVrq+deVGJVpDf1wIv4B5XJPTYTDUb+99RpKNjZkS80dRzzj/ZaOv+p8YlGnMPixqdQ2U/4AzOxFtceXWz/3qQDi1arTOPYB5mEeaKNUaz1Ppld2VEVjxWfw5EfSyV2AgM51I=&u=U2FsdGVkX19/osryK5H05YsNX6VpxV6jmcM50lVCRcw=&y=U2FsdGVkX1+7U4n1upZYh2otPaWfTum7l3JCe8qA26OUpJJkfa+6wYi1BcRQc9e9 HTTP/1.1" 200 3095
186.102.43.76 - - [14/Jun/2024:13:19:21 -0500] "GET /kwssiamovil/sm/acme/s?s=U2FsdGVkX18daA6bG356/afB6ny4kwnXYcAePpLYUMr+CL+GYIB53+jtsRCU4p3nh9srx76cn1+9MF31V5qlm7ptzno2+g7MJhiMYO/ss74RNZOTlIjV3lcIX5WL2+QFxZXU0FUz/fG695pKvgW/qCCIAm1jmxzULj3pTmN9htchjLx182MddxR7MLHNe8E2/UbEFqrmOGGKexCDC38AO4pX0gQGgh0e3+vx1tlTDFC3GJAZlQjBzQcvAvML6cwEo3AY5GyGdKeeaP0Aw17OW25KFydBpjCUV8wjBus121vveJeOWjMecrdR1GJViRZmtzQqpxiYH4ne+8bf20Ol4P5Cy8jSD/my6SMCbmub0RjusbelJhBEKKMHqoU4Ea3ccw+jc52OrWQpeaUof8GlPTrZG9vkD6eVb3c02mSqd0gsg1pNXjws6+TH24BRE9OmAhsEHeN4ykMoIpjWvz3xdZFlHSJzifzGIC37doKMKH1Uf8YQuto8kWZwNzdSGfYebo0LsaLBrjj33SdCdMiccvjNJOdyKQh6u1XCNUqbMCRqxp3VMvzRQkwgdsIEUg1oGuIR0W2nyBZs3+pRozE4Qps4bCpgo2iC/XFuQgxo7CD52dB3MLkMIBUXYtYRakHHse2aGss6xNL5fu8inwkp+wg0I1W3vkgrjQcIyu8J+tVPLdAOUBNHd68vFZEkP0Z88RhRj+RsT17f4m1R7pWqdvcA8LFVhod0TRoSW4cavelyo+aQPvHXmdfEZ7RNMFdU&u=U2FsdGVkX19/osryK5H05YsNX6VpxV6jmcM50lVCRcw=&y=U2FsdGVkX1+7U4n1upZYh2otPaWfTum7l3JCe8qA26OUpJJkfa+6wYi1BcRQc9e9 HTTP/1.1" 200 208
186.102.43.76 - - [14/Jun/2024:13:19:21 -0500] "GET /kwssiamovil/sm/cjson/pre?f=1&x=U2FsdGVkX1/IWiLS+b38xeLoRzcOhATFOrWwKXNCvIfXzLn9o4UjiLghRMoNB9Xz HTTP/1.1" 200 30244
201.245.192.253 - - [14/Jun/2024:13:19:26 -0500] "POST /forms/lservlet;jsessionid=ac16012b30d6451a6ccbc9f74eb08812dd1073ed61e1.e3iSbxaKaheRe34Ra3iRa3mMah50n6jAmljGr5XDqQLvpAe HTTP/1.1" 200 2
201.245.192.253 - - [14/Jun/2024:13:19:32 -0500] "GET /kwsrmcab/Wsrmcab?wsdl HTTP/1.1" 200 6948
47.128.53.67 - - [14/Jun/2024:13:19:37 -0500] "GET /BLA/resoluciones/AUTOS%202021/0245.php?act=f&d=E%3A%5Cnuevo%5Ccgi-bin&f=printenv.pl&ft=download HTTP/1.1" 200 302
216.245.221.92 - - [14/Jun/2024:13:19:55 -0500] "HEAD / HTTP/1.1" 200 -
45.238.181.112 - - [14/Jun/2024:13:20:02 -0500] "POST /sipse/faces/presentacion/financiero/solicitudProceso/consultarSolicitudProceso.xhtml HTTP/1.1" 200 44022
45.238.181.112 - - [14/Jun/2024:13:20:02 -0500] "GET /sipse/faces/javax.faces.resource/theme.css?ln=primefaces-sipse HTTP/1.1" 304 -
45.238.181.112 - - [14/Jun/2024:13:20:02 -0500] "GET /sipse/faces/javax.faces.resource/primefaces.css?ln=primefaces&v=4.0 HTTP/1.1" 304 -
45.238.181.112 - - [14/Jun/2024:13:20:02 -0500] "GET /sipse/faces/javax.faces.resource/layout/layout.css?ln=primefaces&v=4.0 HTTP/1.1" 304 -
45.238.181.112 - - [14/Jun/2024:13:20:02 -0500] "GET /sipse/faces/javax.faces.resource/jquery/jquery.js?ln=primefaces&v=4.0 HTTP/1.1" 304 -
45.238.181.112 - - [14/Jun/2024:13:20:02 -0500] "GET /sipse/faces/javax.faces.resource/jquery/jquery-plugins.js?ln=primefaces&v=4.0 HTTP/1.1" 304 -
45.238.181.112 - - [14/Jun/2024:13:20:02 -0500] "GET /sipse/css/imagen/contrasena.png HTTP/1.1" 404 383
45.238.181.112 - - [14/Jun/2024:13:20:02 -0500] "GET /sipse/faces/javax.faces.resource/primefaces.js?ln=primefaces&v=4.0 HTTP/1.1" 304 -
45.238.181.112 - - [14/Jun/2024:13:20:02 -0500] "GET /sipse/faces/javax.faces.resource/layout/layout.js?ln=primefaces&v=4.0 HTTP/1.1" 304 -
45.238.181.112 - - [14/Jun/2024:13:20:02 -0500] "POST /sipse/faces/presentacion/financiero/solicitudProceso/consultar.xhtml HTTP/1.1" 200 37314
45.238.181.112 - - [14/Jun/2024:13:20:02 -0500] "POST /sipse/faces/presentacion/financiero/solicitudProceso/consultar.xhtml HTTP/1.1" 200 37314
45.238.181.112 - - [14/Jun/2024:13:20:03 -0500] "POST /sipse/faces/presentacion/financiero/solicitudProceso/consultar.xhtml HTTP/1.1" 200 37314
45.238.181.112 - - [14/Jun/2024:13:20:03 -0500] "POST /sipse/faces/presentacion/financiero/solicitudProceso/consultar.xhtml HTTP/1.1" 200 37314
45.238.181.112 - - [14/Jun/2024:13:20:03 -0500] "POST /sipse/faces/presentacion/financiero/solicitudProceso/consultar.xhtml HTTP/1.1" 200 37314
172.22.2.4 - - [14/Jun/2024:13:18:24 -0500] "HEAD /BLA/boletinlegal/ HTTP/1.1" 200 -
45.238.181.112 - - [14/Jun/2024:13:20:05 -0500] "POST /sipse/faces/presentacion/financiero/solicitudProceso/consultar.xhtml HTTP/1.1" 200 12876
201.245.192.253 - - [14/Jun/2024:13:19:02 -0500] "POST /kwsrmcab/Wsrmcab HTTP/1.1" 200 35324
201.245.192.253 - - [14/Jun/2024:13:20:02 -0500] "POST /kwsrmcab/Wsrmcab HTTP/1.1" 200 34276
186.102.13.92 - - [14/Jun/2024:13:19:17 -0500] "POST /kwssiamovil/sm/setfile/f? HTTP/1.1" 200 381
186.102.13.92 - - [14/Jun/2024:13:20:07 -0500] "OPTIONS /kwssiamovil/sm/setfile/f? HTTP/1.1" 200 13
45.238.181.112 - - [14/Jun/2024:13:20:07 -0500] "POST /sipse/faces/presentacion/financiero/solicitudProceso/consultar.xhtml HTTP/1.1" 200 158368
45.238.181.112 - - [14/Jun/2024:13:20:08 -0500] "GET /sipse/faces/javax.faces.resource/theme.css?ln=primefaces-sipse HTTP/1.1" 304 -
45.238.181.112 - - [14/Jun/2024:13:20:08 -0500] "GET /sipse/faces/javax.faces.resource/primefaces.css?ln=primefaces&v=4.0 HTTP/1.1" 304 -
45.238.181.112 - - [14/Jun/2024:13:20:08 -0500] "GET /sipse/faces/javax.faces.resource/layout/layout.css?ln=primefaces&v=4.0 HTTP/1.1" 304 -
45.238.181.112 - - [14/Jun/2024:13:20:08 -0500] "GET /sipse/faces/javax.faces.resource/jquery/jquery.js?ln=primefaces&v=4.0 HTTP/1.1" 304 -
45.238.181.112 - - [14/Jun/2024:13:20:08 -0500] "GET /sipse/faces/javax.faces.resource/jquery/jquery-plugins.js?ln=primefaces&v=4.0 HTTP/1.1" 304 -
45.238.181.112 - - [14/Jun/2024:13:20:08 -0500] "GET /sipse/faces/javax.faces.resource/primefaces.js?ln=primefaces&v=4.0 HTTP/1.1" 304 -
45.238.181.112 - - [14/Jun/2024:13:20:08 -0500] "GET /sipse/faces/javax.faces.resource/layout/layout.js?ln=primefaces&v=4.0 HTTP/1.1" 304 -
47.128.118.149 - - [14/Jun/2024:13:20:12 -0500] "GET /BLA/resoluciones/AUTOS%202021/0245.php?act=f&d=E%3A%5Cnuevo%5Ctomcat&f=LICENSE&ft=download HTTP/1.1" 200 57862
45.238.181.112 - - [14/Jun/2024:13:20:12 -0500] "POST /sipse/faces/presentacion/financiero/solicitudProceso/consultarSolicitudProceso.xhtml HTTP/1.1" 200 141738
186.102.13.92 - - [14/Jun/2024:13:20:07 -0500] "POST /kwssiamovil/sm/setfile/f? HTTP/1.1" 200 381
186.102.13.92 - - [14/Jun/2024:13:20:29 -0500] "OPTIONS /kwssiamovil/sm/setfile/f? HTTP/1.1" 200 13
201.245.192.253 - - [14/Jun/2024:13:20:32 -0500] "GET /kwsrmcab/Wsrmcab?wsdl HTTP/1.1" 200 6948
201.245.192.253 - - [14/Jun/2024:13:20:47 -0500] "POST /forms/lservlet;jsessionid=ac16012b30d6e481752881b84f22b743a1054ef89b00.e3iSbxaKaheRe34Ra3iRa3mMah50n6jAmljGr5XDqQLvpAe HTTP/1.1" 200 2
47.128.56.86 - - [14/Jun/2024:13:20:47 -0500] "GET /BLA/resoluciones/AUTOS%202021/0245.php?act=f&c=1&f=sess_sctje0fkj5qarq7i76m5nm1oa7 HTTP/1.1" 200 2761
186.102.13.92 - - [14/Jun/2024:13:20:29 -0500] "POST /kwssiamovil/sm/setfile/f? HTTP/1.1" 200 381
186.102.13.92 - - [14/Jun/2024:13:20:53 -0500] "OPTIONS /kwssiamovil/sm/setfile/f? HTTP/1.1" 200 13
172.22.2.4 - - [14/Jun/2024:13:19:15 -0500] "GET /BLA/boletinlegal/ HTTP/1.1" 200 56191
201.245.192.253 - - [14/Jun/2024:13:20:54 -0500] "POST /kwsrmcab/Wsrmcab  HTTP/1.1" 200 36347
47.128.39.122 - - [14/Jun/2024:13:21:22 -0500] "GET /BLA/resoluciones/AUTOS%202021/0245.php?act=f&c=1&f=sess_6rtv3rvg1mbbh6joskq44cov60 HTTP/1.1" 200 2761
201.245.192.253 - - [14/Jun/2024:13:21:26 -0500] "POST /forms/lservlet;jsessionid=ac16012b30d6451a6ccbc9f74eb08812dd1073ed61e1.e3iSbxaKaheRe34Ra3iRa3mMah50n6jAmljGr5XDqQLvpAe HTTP/1.1" 200 2
190.216.143.228 - - [14/Jun/2024:13:21:27 -0500] "GET /appsia/controlador HTTP/1.1" 200 4799
190.216.143.228 - - [14/Jun/2024:13:21:27 -0500] "GET /appsia/css/estilos.css HTTP/1.1" 200 4804
190.216.143.228 - - [14/Jun/2024:13:21:27 -0500] "GET /appsia/scripts/validarIngreso.js HTTP/1.1" 200 851
190.216.143.228 - - [14/Jun/2024:13:21:27 -0500] "GET /appsia/images/logo_bogota_p.png HTTP/1.1" 200 14951
190.216.143.228 - - [14/Jun/2024:13:21:27 -0500] "GET /appsia/images/cabezoteHojaVida.png HTTP/1.1" 200 32493
201.245.192.253 - - [14/Jun/2024:13:21:32 -0500] "GET /kwsrmcab/Wsrmcab?wsdl HTTP/1.1" 200 6948
190.216.143.228 - - [14/Jun/2024:13:21:49 -0500] "POST /appsia/controlador HTTP/1.1" 200 5437
186.102.13.92 - - [14/Jun/2024:13:20:53 -0500] "POST /kwssiamovil/sm/setfile/f? HTTP/1.1" 200 381
186.102.13.92 - - [14/Jun/2024:13:21:50 -0500] "OPTIONS /kwssiamovil/sm/setfile/f? HTTP/1.1" 200 13
190.216.143.228 - - [14/Jun/2024:13:21:50 -0500] "POST /appsia/controlador HTTP/1.1" 200 96532
190.216.143.228 - - [14/Jun/2024:13:21:50 -0500] "GET /appsia/images/logo_escudo.png HTTP/1.1" 200 36965
47.128.53.78 - - [14/Jun/2024:13:21:55 -0500] "GET /BLA/resoluciones/AUTOS%202021/0245.php?act=f&d=E%3A%5Cnuevo%5CphpMyAdmin2%5Clibraries%5C&f=zip_extension.lib.php&ft=notepad&white=1 HTTP/1.1" 200 5615
47.128.23.224 - - [14/Jun/2024:13:22:30 -0500] "GET /BLA/resoluciones/AUTOS%202021/0245.php?act=f&d=E%3A%5Cnuevo%5Chtdocs%5CBLA%5Cresoluciones%5CAUTOS+2021%5C&f=0968.pdf&ft=notepad&white=1 HTTP/1.1" 200 421577
201.245.192.253 - - [14/Jun/2024:13:22:32 -0500] "GET /kwsrmcab/Wsrmcab?wsdl HTTP/1.1" 200 6948
201.245.192.253 - - [14/Jun/2024:13:22:47 -0500] "POST /forms/lservlet;jsessionid=ac16012b30d6e481752881b84f22b743a1054ef89b00.e3iSbxaKaheRe34Ra3iRa3mMah50n6jAmljGr5XDqQLvpAe HTTP/1.1" 200 2
186.102.13.92 - - [14/Jun/2024:13:21:50 -0500] "POST /kwssiamovil/sm/setfile/f? HTTP/1.1" 200 381
186.102.13.92 - - [14/Jun/2024:13:22:55 -0500] "OPTIONS /kwssiamovil/sm/setfile/f? HTTP/1.1" 200 13
156.59.198.136 - - [14/Jun/2024:13:23:05 -0500] "GET /BLA/resoluciones/AUTOS%202021/0245.php?act=img&img=ext_sess_s211e9q0e674dl88a1l638oqd4 HTTP/1.0" 200 1034
186.102.13.92 - - [14/Jun/2024:13:22:55 -0500] "POST /kwssiamovil/sm/setfile/f? HTTP/1.1" 200 381
186.102.13.92 - - [14/Jun/2024:13:23:13 -0500] "OPTIONS /kwssiamovil/sm/setfile/f? HTTP/1.1" 200 13
201.245.192.253 - - [14/Jun/2024:13:23:26 -0500] "POST /forms/lservlet;jsessionid=ac16012b30d6451a6ccbc9f74eb08812dd1073ed61e1.e3iSbxaKaheRe34Ra3iRa3mMah50n6jAmljGr5XDqQLvpAe HTTP/1.1" 200 2
201.245.192.253 - - [14/Jun/2024:13:23:32 -0500] "GET /kwsrmcab/Wsrmcab?wsdl HTTP/1.1" 200 6948
172.22.2.4 - - [14/Jun/2024:13:23:35 -0500] "GET /BLA/boletinlegal/style.css HTTP/1.1" 200 9406
172.22.2.4 - - [14/Jun/2024:13:23:35 -0500] "GET /BLA/boletinlegal/styles2.css HTTP/1.1" 200 1838
172.22.2.4 - - [14/Jun/2024:13:23:35 -0500] "GET /BLA/boletinlegal/js/jquery.js HTTP/1.1" 200 57254
172.22.2.4 - - [14/Jun/2024:13:23:35 -0500] "GET /BLA/boletinlegal/js/jquery.scrollShow.js HTTP/1.1" 200 4586
172.22.2.4 - - [14/Jun/2024:13:23:35 -0500] "GET /BLA/boletinlegal/js/jquery.scrollTo-min.js HTTP/1.1" 200 1150
172.22.2.4 - - [14/Jun/2024:13:23:35 -0500] "GET /BLA/boletinlegal/images/cabezote%20BLEGAL.jpg HTTP/1.1" 200 118164
172.22.2.4 - - [14/Jun/2024:13:23:35 -0500] "GET /BLA/boletinlegal/images/screen_1.png HTTP/1.1" 200 202547
172.22.2.4 - - [14/Jun/2024:13:23:35 -0500] "GET /BLA/boletinlegal/images/subscribe-icon-big.png HTTP/1.1" 200 47702
172.22.2.4 - - [14/Jun/2024:13:23:35 -0500] "GET /BLA/boletinlegal/images/historia.png HTTP/1.1" 200 52775
172.22.2.4 - - [14/Jun/2024:13:23:35 -0500] "GET /BLA/boletinlegal/images/registro-usuarios.png HTTP/1.1" 200 8106
172.22.2.4 - - [14/Jun/2024:13:23:35 -0500] "GET /BLA/boletinlegal/images/body_bg.jpg HTTP/1.1" 200 1601
172.22.2.4 - - [14/Jun/2024:13:23:35 -0500] "GET /BLA/boletinlegal/images/menu_bg.jpg HTTP/1.1" 200 620
172.22.2.4 - - [14/Jun/2024:13:23:35 -0500] "GET /BLA/boletinlegal/images/menu_rght.gif HTTP/1.1" 200 1627
172.22.2.4 - - [14/Jun/2024:13:23:35 -0500] "GET /BLA/boletinlegal/images/text.jpg HTTP/1.1" 200 568
172.22.2.4 - - [14/Jun/2024:13:23:35 -0500] "GET /BLA/boletinlegal/images/hover.jpg HTTP/1.1" 200 640
172.22.2.4 - - [14/Jun/2024:13:23:35 -0500] "GET /BLA/boletinlegal/images/bg_top.jpg HTTP/1.1" 200 522
172.22.2.4 - - [14/Jun/2024:13:23:35 -0500] "GET /BLA/boletinlegal/images/menu_lft.gif HTTP/1.1" 200 1713
172.22.2.4 - - [14/Jun/2024:13:23:35 -0500] "GET /BLA/boletinlegal/images/arr_l.jpg HTTP/1.1" 200 1979
172.22.2.4 - - [14/Jun/2024:13:23:35 -0500] "GET /BLA/boletinlegal/images/launch.jpg HTTP/1.1" 200 14577
172.22.2.4 - - [14/Jun/2024:13:23:37 -0500] "GET /BLA/boletinlegal/actos.php HTTP/1.1" 200 9738
172.22.2.4 - - [14/Jun/2024:13:23:37 -0500] "GET /BLA/boletinlegal/niceforms.js HTTP/1.1" 200 22876
172.22.2.4 - - [14/Jun/2024:13:23:37 -0500] "GET /BLA/boletinlegal/niceforms-default.css HTTP/1.1" 200 6694
172.22.2.4 - - [14/Jun/2024:13:23:37 -0500] "GET /BLA/boletinlegal/js/lib.js HTTP/1.1" 200 6474
172.22.2.4 - - [14/Jun/2024:13:23:37 -0500] "GET /BLA/boletinlegal/js/popup.js HTTP/1.1" 200 1270
172.22.2.4 - - [14/Jun/2024:13:23:37 -0500] "GET /BLA/boletinlegal/js/ajax_actos.js HTTP/1.1" 200 1322
172.22.2.4 - - [14/Jun/2024:13:23:37 -0500] "GET /BLA/boletinlegal/js/jquery1.js HTTP/1.1" 200 29846
172.22.2.4 - - [14/Jun/2024:13:23:37 -0500] "GET /BLA/boletinlegal/images/green-yellow-blue-pink-th.png HTTP/1.1" 200 7394
172.22.2.4 - - [14/Jun/2024:13:23:37 -0500] "GET /BLA/boletinlegal/images/tel.png HTTP/1.1" 200 14477
172.22.2.4 - - [14/Jun/2024:13:23:37 -0500] "GET /BLA/boletinlegal/images/icono-email.png HTTP/1.1" 200 5544
172.22.2.4 - - [14/Jun/2024:13:23:37 -0500] "GET /BLA/boletinlegal/images/footer_bg_l.jpg HTTP/1.1" 200 776
172.22.2.4 - - [14/Jun/2024:13:23:37 -0500] "GET /BLA/boletinlegal/images/footer_bg.jpg HTTP/1.1" 200 586
172.22.2.4 - - [14/Jun/2024:13:23:37 -0500] "GET /BLA/boletinlegal/img/select-left.png HTTP/1.1" 200 263
172.22.2.4 - - [14/Jun/2024:13:23:37 -0500] "GET /BLA/boletinlegal/img/0.png HTTP/1.1" 200 110
172.22.2.4 - - [14/Jun/2024:13:23:37 -0500] "GET /BLA/boletinlegal/img/button-left.png HTTP/1.1" 200 57071
172.22.2.4 - - [14/Jun/2024:13:23:37 -0500] "GET /BLA/boletinlegal/img/select-right.png HTTP/1.1" 200 44019
172.22.2.4 - - [14/Jun/2024:13:23:37 -0500] "GET /BLA/boletinlegal/img/button-right.png HTTP/1.1" 200 57878
172.22.2.4 - - [14/Jun/2024:13:23:37 -0500] "GET /BLA/boletinlegal/img/button.png HTTP/1.1" 200 43241
172.22.2.4 - - [14/Jun/2024:13:23:37 -0500] "GET /BLA/boletinlegal/favicon.ico HTTP/1.1" 404 1326
47.128.97.4 - - [14/Jun/2024:13:23:40 -0500] "GET /BLA/resoluciones/AUTOS%202021/0245.php?act=f&d=E%3A%5Cnuevo%5Chtdocs%5CResiduos%5Cimpresion%5Cimages&f=page29.swf&ft=download HTTP/1.1" 200 131894
172.22.2.4 - - [14/Jun/2024:13:23:50 -0500] "GET /BLA/boletinlegal/consulta_actos.php?tipo=resoluciones&no=2771&usuario=&sector=&fecha=2010&resuelve= HTTP/1.1" 200 1494
172.22.2.4 - - [14/Jun/2024:13:23:50 -0500] "GET /BLA/boletinlegal/images/pdf.gif HTTP/1.1" 200 567
172.22.2.4 - - [14/Jun/2024:13:23:52 -0500] "GET /BLA/boletinlegal/consulta_actos.php?tipo=resoluciones&no=2771&usuario=&sector=&fecha=2010&resuelve= HTTP/1.1" 200 1494
191.111.26.13 - - [14/Jun/2024:13:23:57 -0500] "GET /BLA/resoluciones/RESOLUCIONES%202010/2771.pdf HTTP/1.1" 200 725919
191.111.26.13 - - [14/Jun/2024:13:23:57 -0500] "GET /favicon.ico HTTP/1.1" 200 7782
172.22.2.4 - - [14/Jun/2024:13:23:35 -0500] "GET /BLA/boletinlegal/ HTTP/1.1" 200 24523
47.128.56.61 - - [14/Jun/2024:13:24:15 -0500] "GET /BLA/resoluciones/AUTOS%202021/0245.php?act=f&d=E%3A%5Cnuevo%5Chtdocs%5CBLA%5Cresoluciones%5CRESOLUCIONES+2006%5CRES+2006+351-400&f=00000360.tif&ft=download HTTP/1.1" 200 223930
66.249.66.20 - - [14/Jun/2024:13:24:19 -0500] "GET /Publicaciones/2024EE61217.pdf HTTP/1.1" 404 227
201.245.192.253 - - [14/Jun/2024:13:24:32 -0500] "GET /kwsrmcab/Wsrmcab?wsdl HTTP/1.1" 200 6948
216.244.66.195 - - [14/Jun/2024:13:24:36 -0500] "GET /robots.txt HTTP/1.1" 404 1018
201.245.192.253 - - [14/Jun/2024:13:24:47 -0500] "POST /forms/lservlet;jsessionid=ac16012b30d6e481752881b84f22b743a1054ef89b00.e3iSbxaKaheRe34Ra3iRa3mMah50n6jAmljGr5XDqQLvpAe HTTP/1.1" 200 2
47.128.56.34 - - [14/Jun/2024:13:24:49 -0500] "GET /BLA/resoluciones/AUTOS%202021/0245.php?act=f&d=E%3A%5Cxampp%5Cxampp%5C&f=mercury_start.bat&ft=download HTTP/1.1" 200 108
216.245.221.92 - - [14/Jun/2024:13:24:55 -0500] "HEAD / HTTP/1.1" 200 -
186.102.13.92 - - [14/Jun/2024:13:23:13 -0500] "POST /kwssiamovil/sm/setfile/f? HTTP/1.1" 200 381
186.102.13.92 - - [14/Jun/2024:13:24:59 -0500] "OPTIONS /kwssiamovil/sm/setfile/f? HTTP/1.1" 200 13
201.245.192.253 - - [14/Jun/2024:13:25:26 -0500] "POST /forms/lservlet;jsessionid=ac16012b30d6451a6ccbc9f74eb08812dd1073ed61e1.e3iSbxaKaheRe34Ra3iRa3mMah50n6jAmljGr5XDqQLvpAe HTTP/1.1" 200 2
47.128.56.70 - - [14/Jun/2024:13:25:24 -0500] "GET /BLA/resoluciones/AUTOS%202021/0245.php?act=f&d=E%3A%5Cnuevo%5Chtdocs%5Cvideos%5C&f=60Sgs_Abr22.flv&ft=notepad&white=1 HTTP/1.1" 200 1101506
201.245.192.253 - - [14/Jun/2024:13:25:32 -0500] "GET /kwsrmcab/Wsrmcab?wsdl HTTP/1.1" 200 6948
163.116.234.100 - - [14/Jun/2024:13:25:46 -0500] "GET /BLA/resoluciones/RESOLUCIONES%202023/2700.pdf HTTP/1.1" 200 13546798
163.116.234.100 - - [14/Jun/2024:13:25:46 -0500] "GET /favicon.ico HTTP/1.1" 200 7782
201.245.192.253 - - [14/Jun/2024:13:25:52 -0500] "POST /kwsrmcab/Wsrmcab  HTTP/1.1" 200 36347
172.22.2.4 - - [14/Jun/2024:13:24:14 -0500] "HEAD /BLA/boletinlegal/ HTTP/1.1" 200 -
47.128.50.82 - - [14/Jun/2024:13:25:59 -0500] "GET /BLA/resoluciones/AUTOS%202021/0245.php?act=f&d=E%3A%5Cnuevo%5Chtdocs%5CResiduos%5Ctextiles%5Cimages%5C&f=page78.swf&ft=notepad&white=1 HTTP/1.1" 200 27722
201.245.192.253 - - [14/Jun/2024:13:26:32 -0500] "GET /kwsrmcab/Wsrmcab?wsdl HTTP/1.1" 200 6948
47.128.50.72 - - [14/Jun/2024:13:26:34 -0500] "GET /BLA/resoluciones/AUTOS%202021/0245.php?act=f&d=E%3A%5Cxampp%5Cxampp%5Chtdocs&f=sara.html&ft=download HTTP/1.1" 200 4361
172.22.2.4 - - [14/Jun/2024:13:25:05 -0500] "GET /BLA/boletinlegal/ HTTP/1.1" 200 58273
186.102.13.92 - - [14/Jun/2024:13:24:59 -0500] "POST /kwssiamovil/sm/setfile/f? HTTP/1.1" 200 381
186.102.13.92 - - [14/Jun/2024:13:26:46 -0500] "OPTIONS /kwssiamovil/sm/setfile/f? HTTP/1.1" 200 13
45.238.181.112 - - [14/Jun/2024:13:26:46 -0500] "POST /sipse/faces/presentacion/financiero/solicitudProceso/consultarSolicitudProceso.xhtml HTTP/1.1" 200 43958
45.238.181.112 - - [14/Jun/2024:13:26:46 -0500] "GET /sipse/faces/javax.faces.resource/theme.css?ln=primefaces-sipse HTTP/1.1" 304 -
45.238.181.112 - - [14/Jun/2024:13:26:46 -0500] "GET /sipse/faces/javax.faces.resource/primefaces.css?ln=primefaces&v=4.0 HTTP/1.1" 304 -
45.238.181.112 - - [14/Jun/2024:13:26:46 -0500] "GET /sipse/faces/javax.faces.resource/jquery/jquery.js?ln=primefaces&v=4.0 HTTP/1.1" 304 -
45.238.181.112 - - [14/Jun/2024:13:26:46 -0500] "GET /sipse/faces/javax.faces.resource/layout/layout.css?ln=primefaces&v=4.0 HTTP/1.1" 304 -
45.238.181.112 - - [14/Jun/2024:13:26:46 -0500] "GET /sipse/faces/javax.faces.resource/jquery/jquery-plugins.js?ln=primefaces&v=4.0 HTTP/1.1" 304 -
45.238.181.112 - - [14/Jun/2024:13:26:46 -0500] "GET /sipse/faces/javax.faces.resource/primefaces.js?ln=primefaces&v=4.0 HTTP/1.1" 304 -
45.238.181.112 - - [14/Jun/2024:13:26:46 -0500] "GET /sipse/faces/javax.faces.resource/layout/layout.js?ln=primefaces&v=4.0 HTTP/1.1" 304 -
