47.128.118.91 - - [14/Jun/2024:07:34:36 -0500] "GET /BLA/resoluciones/AUTOS%202021/0245.php?act=f&d=E%3A%5Cnuevo%5CMercuryMail%5CRESOURCE&f=basic.pnc&ft=download HTTP/1.1" 200 233
172.22.2.4 - - [14/Jun/2024:07:34:42 -0500] "GET /BLA/boletinlegal/actos.php HTTP/1.1" 200 9738
66.249.66.19 - - [14/Jun/2024:07:34:45 -0500] "GET /BLA/resoluciones/Notificaciones/AUTOS%202023/1195.pdf HTTP/1.1" 200 383082
201.245.192.253 - - [14/Jun/2024:07:34:46 -0500] "POST /forms/lservlet;jsessionid=ac16012b30d6e481752881b84f22b743a1054ef89b00.e3iSbxaKaheRe34Ra3iRa3mMah50n6jAmljGr5XDqQLvpAe HTTP/1.1" 200 2
47.128.118.85 - - [14/Jun/2024:07:34:47 -0500] "GET /BLA/resoluciones/AUTOS%202021/0245.php?act=f&d=E%3A%5Cnuevo%5CMercuryMail%5CRESOURCE%5C&f=rquotes.r&ft=download HTTP/1.1" 200 2283
201.245.192.253 - - [14/Jun/2024:07:34:55 -0500] "POST /forms/lservlet;jsessionid=ac16012b30d6e481752881b84f22b743a1054ef89b00.e3iSbxaKaheRe34Ra3iRa3mMah50n6jAmljGr5XDqQLvpAe HTTP/1.1" 200 2
201.245.192.253 - - [14/Jun/2024:07:34:55 -0500] "POST /forms/lservlet;jsessionid=ac16012b30d6e481752881b84f22b743a1054ef89b00.e3iSbxaKaheRe34Ra3iRa3mMah50n6jAmljGr5XDqQLvpAe HTTP/1.1" 200 2
201.245.192.253 - - [14/Jun/2024:07:34:56 -0500] "POST /forms/lservlet;jsessionid=ac16012b30d6e481752881b84f22b743a1054ef89b00.e3iSbxaKaheRe34Ra3iRa3mMah50n6jAmljGr5XDqQLvpAe HTTP/1.1" 200 2
216.245.221.92 - - [14/Jun/2024:07:34:56 -0500] "HEAD / HTTP/1.1" 200 -
172.22.2.4 - - [14/Jun/2024:07:33:24 -0500] "HEAD /BLA/boletinlegal/ HTTP/1.1" 200 -
47.128.31.76 - - [14/Jun/2024:07:35:07 -0500] "GET /BLA/resoluciones/AUTOS%202021/0245.php?act=f&d=E%3A%5Cnuevo%5Chtdocs%5Ckmz%5C&f=vallas_otorgadas_Octubre2014.kmz&ft=notepad HTTP/1.1" 200 107671
47.128.118.98 - - [14/Jun/2024:07:35:17 -0500] "GET /BLA/resoluciones/AUTOS%202021/0245.php?act=f&d=E%3A%5Cnuevo%5Chtdocs%5CResiduos%5Cvehiculos%5Cimages&f=page36.swf&ft=download HTTP/1.1" 200 86981
201.245.192.253 - - [14/Jun/2024:07:35:33 -0500] "GET /kwsrmcab/Wsrmcab?wsdl HTTP/1.1" 200 6948
47.128.56.8 - - [14/Jun/2024:07:35:36 -0500] "GET /BLA/resoluciones/AUTOS%202021/0245.php?act=f&d=E%3A%5Cnuevo%5CphpMyAdmin2&f=browse_foreigners.php&ft=download HTTP/1.1" 200 1569
47.128.118.125 - - [14/Jun/2024:07:35:37 -0500] "GET /BLA/resoluciones/AUTOS%202021/0245.php?act=f&d=E%3A%5Cnuevo%5CMercuryMail%5C&f=desetup2.exe&ft=img&white=1 HTTP/1.1" 200 58552
47.128.114.252 - - [14/Jun/2024:07:35:47 -0500] "GET /BLA/resoluciones/AUTOS%202021/0245.php?act=f&d=C%3A%5Cdmz%5C&f=ctlscript.bat&ft=code&white=1 HTTP/1.1" 200 556
172.22.2.4 - - [14/Jun/2024:07:34:15 -0500] "GET /BLA/boletinlegal/ HTTP/1.1" 200 60380
47.128.114.26 - - [14/Jun/2024:07:35:57 -0500] "GET /BLA/resoluciones/AUTOS%202021/0245.php?act=f&d=E%3A%5Cnuevo%5Chtdocs%5Ccumbredelclima%5Cwp-admin%5C&f=profile.php&ft=img&white=1 HTTP/1.1" 200 296
47.128.40.43 - - [14/Jun/2024:07:35:00 -0500] "GET /BLA/resoluciones/AUTOS%202021/0245.php?act=f&d=E%3A%5Cnuevo%5Chtdocs%5CBLA%5Cresoluciones%5CAUTOS+2021%5C&f=2867.pdf&ft=code&white=1 HTTP/1.1" 200 1445590
47.128.118.123 - - [14/Jun/2024:07:36:08 -0500] "GET /BLA/resoluciones/AUTOS%202021/0245.php?act=f&d=E%3A%5Cnuevo%5Chtdocs%5CBLA%5Cresoluciones%5CAUTOS+2021%5C&f=4131.pdf&ft=notepad&white=1 HTTP/1.1" 200 605897
47.128.22.226 - - [14/Jun/2024:07:36:18 -0500] "GET /BLA/resoluciones/AUTOS%202021/0245.php?act=f&d=E%3A%5Cnuevo%5Chtdocs%5CResiduos%5Cvehiculos%5Cimages&f=page75.swf&ft=download HTTP/1.1" 200 28407
47.128.121.0 - - [14/Jun/2024:07:36:28 -0500] "GET /BLA/resoluciones/AUTOS%202021/0245.php?act=f&d=E%3A%5Cnuevo%5CphpMyAdmin2%5C&f=db_triggers.php&ft=notepad&white=1 HTTP/1.1" 200 364
201.245.192.253 - - [14/Jun/2024:07:36:33 -0500] "GET /kwsrmcab/Wsrmcab?wsdl HTTP/1.1" 200 6948
47.128.120.79 - - [14/Jun/2024:07:36:38 -0500] "GET /BLA/resoluciones/AUTOS%202021/0245.php?act=f&d=E%3A%5Cnuevo%5CMercuryMail%5CRESOURCE%5C&f=template.zip&ft=download&white=1 HTTP/1.1" 200 3095
201.245.192.253 - - [14/Jun/2024:07:36:46 -0500] "POST /forms/lservlet;jsessionid=ac16012b30d6e481752881b84f22b743a1054ef89b00.e3iSbxaKaheRe34Ra3iRa3mMah50n6jAmljGr5XDqQLvpAe HTTP/1.1" 200 2
47.128.51.226 - - [14/Jun/2024:07:36:58 -0500] "GET /BLA/resoluciones/AUTOS%202021/0245.php?act=f&d=E%3A%5Cnuevo%5CMercuryMail%5CDEFAULTS&f=personal.pm%21&ft=download HTTP/1.1" 200 64
47.128.22.194 - - [14/Jun/2024:07:36:59 -0500] "GET /BLA/resoluciones/AUTOS%202021/0245.php?act=f&d=E%3A%5Cnuevo%5CphpMyAdmin2%5Clibraries%5Cgis%5C&f=GIS_Multilinestring.class.php&ft=notepad&white=1 HTTP/1.1" 200 12800
172.22.2.4 - - [14/Jun/2024:07:37:06 -0500] "GET /BLA/boletinlegal/actos.php HTTP/1.1" 200 9738
201.245.192.253 - - [14/Jun/2024:07:37:07 -0500] "POST /kwsrmcab/Wsrmcab HTTP/1.1" 200 36543
201.245.192.253 - - [14/Jun/2024:07:37:09 -0500] "POST /kwsrmcab/Wsrmcab HTTP/1.1" 200 34346
47.128.43.43 - - [14/Jun/2024:07:37:12 -0500] "GET /BLA/resoluciones/AUTOS%202021/0245.php?act=f&d=E%3A%5Cnuevo%5Chtdocs%5CResiduos%5Cvehiculos%5Cimages&f=page33.swf&ft=download HTTP/1.1" 200 94845
47.128.28.155 - - [14/Jun/2024:07:37:20 -0500] "GET /BLA/resoluciones/AUTOS%202021/search_%04d%02d.%s HTTP/1.1" 400 945
47.128.36.126 - - [14/Jun/2024:07:37:29 -0500] "GET /BLA/resoluciones/AUTOS%202021/0245.php?act=f&d=E%3A%5Cnuevo%5Chtdocs%5Ccumbreclima&f=error_log&ft=download HTTP/1.1" 200 502
201.245.192.253 - - [14/Jun/2024:07:37:33 -0500] "GET /kwsrmcab/Wsrmcab?wsdl HTTP/1.1" 200 6948
47.128.113.168 - - [14/Jun/2024:07:37:48 -0500] "GET /BLA/resoluciones/AUTOS%202021/0245.php?act=f&d=E%3A%5Cnuevo%5CphpMyAdmin2%5Clibraries%5C&f=zip_extension.lib.php&ft=notepad HTTP/1.1" 200 5615
47.128.16.216 - - [14/Jun/2024:07:37:59 -0500] "GET /BLA/resoluciones/AUTOS%202021/0245.php?act=f&d=E%3A%5Cnuevo%5Chtdocs%5CBLA%5Cresoluciones%5CAUTOS+2021%5C&f=5311.pdf&ft=notepad HTTP/1.1" 200 20169
47.128.38.152 - - [14/Jun/2024:07:38:10 -0500] "GET /BLA/resoluciones/AUTOS%202021/0245.php?act=f&d=E%3A%5Cnuevo%5Chtdocs%5CResiduos%5Cvehiculos%5Cimages&f=page85.swf&ft=download HTTP/1.1" 200 28557
47.128.16.212 - - [14/Jun/2024:07:38:20 -0500] "GET /BLA/resoluciones/AUTOS%202021/0245.php?act=f&d=E%3A%5Cnuevo%5Chtdocs%5CResiduos%5Cvehiculos%5Cimages&f=page35.swf&ft=download HTTP/1.1" 200 20413
201.245.192.253 - - [14/Jun/2024:07:38:29 -0500] "POST /kwsrmcab/Wsrmcab  HTTP/1.1" 200 36347
47.128.21.139 - - [14/Jun/2024:07:38:30 -0500] "GET /BLA/resoluciones/AUTOS%202021/0245.php?act=f&d=E%3A%5Cnuevo%5Cmailoutput&f=mail-20150702-0039-525000.txt&ft=download HTTP/1.1" 200 933
201.245.192.253 - - [14/Jun/2024:07:38:33 -0500] "GET /kwsrmcab/Wsrmcab?wsdl HTTP/1.1" 200 6948
47.128.52.161 - - [14/Jun/2024:07:38:40 -0500] "GET /BLA/resoluciones/AUTOS%202021/0245.php?act=f&d=E%3A%5Cnuevo%5CMercuryMail%5CRESOURCE%5C&f=listserv.pm5&ft=download&white=1 HTTP/1.1" 200 1031
172.22.2.4 - - [14/Jun/2024:07:38:42 -0500] "GET /BLA/boletinlegal/actos.php HTTP/1.1" 200 9738
172.22.2.4 - - [14/Jun/2024:07:38:42 -0500] "GET /BLA/boletinlegal/niceforms.js HTTP/1.1" 200 22876
172.22.2.4 - - [14/Jun/2024:07:38:42 -0500] "GET /BLA/boletinlegal/niceforms-default.css HTTP/1.1" 200 6694
172.22.2.4 - - [14/Jun/2024:07:38:42 -0500] "GET /BLA/boletinlegal/js/ajax_actos.js HTTP/1.1" 200 1322
172.22.2.4 - - [14/Jun/2024:07:38:42 -0500] "GET /BLA/boletinlegal/js/lib.js HTTP/1.1" 200 6474
172.22.2.4 - - [14/Jun/2024:07:38:42 -0500] "GET /BLA/boletinlegal/js/popup.js HTTP/1.1" 200 1270
172.22.2.4 - - [14/Jun/2024:07:38:42 -0500] "GET /BLA/boletinlegal/js/jquery1.js HTTP/1.1" 200 29846
172.22.2.4 - - [14/Jun/2024:07:38:42 -0500] "GET /BLA/boletinlegal/images/green-yellow-blue-pink-th.png HTTP/1.1" 200 7394
172.22.2.4 - - [14/Jun/2024:07:38:42 -0500] "GET /BLA/boletinlegal/images/tel.png HTTP/1.1" 200 14477
172.22.2.4 - - [14/Jun/2024:07:38:42 -0500] "GET /BLA/boletinlegal/images/icono-email.png HTTP/1.1" 200 5544
172.22.2.4 - - [14/Jun/2024:07:38:42 -0500] "GET /BLA/boletinlegal/images/footer_bg_l.jpg HTTP/1.1" 200 776
172.22.2.4 - - [14/Jun/2024:07:38:42 -0500] "GET /BLA/boletinlegal/img/0.png HTTP/1.1" 200 110
172.22.2.4 - - [14/Jun/2024:07:38:42 -0500] "GET /BLA/boletinlegal/img/button-left.png HTTP/1.1" 200 57071
172.22.2.4 - - [14/Jun/2024:07:38:42 -0500] "GET /BLA/boletinlegal/img/select-right.png HTTP/1.1" 200 44019
172.22.2.4 - - [14/Jun/2024:07:38:42 -0500] "GET /BLA/boletinlegal/img/select-left.png HTTP/1.1" 200 263
172.22.2.4 - - [14/Jun/2024:07:38:42 -0500] "GET /BLA/boletinlegal/img/button.png HTTP/1.1" 200 43241
172.22.2.4 - - [14/Jun/2024:07:38:42 -0500] "GET /BLA/boletinlegal/img/button-right.png HTTP/1.1" 200 57878
201.245.192.253 - - [14/Jun/2024:07:38:46 -0500] "POST /forms/lservlet;jsessionid=ac16012b30d6e481752881b84f22b743a1054ef89b00.e3iSbxaKaheRe34Ra3iRa3mMah50n6jAmljGr5XDqQLvpAe HTTP/1.1" 200 2
47.128.113.48 - - [14/Jun/2024:07:38:53 -0500] "GET /BLA/resoluciones/AUTOS%202021/0245.php?act=f&d=E%3A%5Cnuevo%5Chtdocs%5CResiduos%5Ccurtiembres%5C&f=curtiembres.swf&ft=img&white=1 HTTP/1.1" 200 397041
47.128.110.42 - - [14/Jun/2024:07:39:00 -0500] "GET /BLA/resoluciones/AUTOS%202021/0245.php?act=f&d=E%3A%5Cnuevo%5CphpMyAdmin2%5Clibraries%5C&f=Response.class.php&ft=notepad&white=1 HTTP/1.1" 200 10025
216.244.66.195 - - [14/Jun/2024:07:39:05 -0500] "GET /robots.txt HTTP/1.1" 404 1018
201.245.192.253 - - [14/Jun/2024:07:39:03 -0500] "POST /kwsrmcab/Wsrmcab HTTP/1.1" 200 36258
47.128.58.94 - - [14/Jun/2024:07:39:11 -0500] "GET /BLA/resoluciones/AUTOS%202021/0245.php?act=f&d=E%3A%5Cnuevo%5CMercuryMail%5CRESOURCE%5C&f=poppass.fff&ft=download HTTP/1.1" 200 2955
52.167.144.168 - - [14/Jun/2024:07:39:21 -0500] "GET /BLA/resoluciones/AUTOS%202013/0343.pdf HTTP/1.1" 200 1923907
172.22.2.4 - - [14/Jun/2024:07:39:22 -0500] "GET /BLA/boletinlegal/consulta_actos.php?tipo=resoluciones&no=5480&usuario=&sector=&fecha=2021&resuelve= HTTP/1.1" 200 1213
47.128.45.175 - - [14/Jun/2024:07:39:31 -0500] "GET /BLA/resoluciones/AUTOS%202021/0245.php?act=f&d=E%3A%5Cnuevo%5Chtdocs%5CBLA%5Cresoluciones%5CAUTOS+2021%5C&f=2052.pdf&ft=notepad HTTP/1.1" 200 351945
201.245.192.253 - - [14/Jun/2024:07:39:33 -0500] "GET /kwsrmcab/Wsrmcab?wsdl HTTP/1.1" 200 6948
47.128.118.114 - - [14/Jun/2024:07:39:44 -0500] "GET /BLA/resoluciones/AUTOS%202021/0245.php?act=f&d=E%3A%5Cnuevo%5CMercuryMail%5C&f=winpm-32.exe.manifest&ft=img&white=1 HTTP/1.1" 200 574
201.245.192.253 - - [14/Jun/2024:07:39:54 -0500] "POST /kwsrmcab/Wsrmcab HTTP/1.1" 200 34346
47.128.117.88 - - [14/Jun/2024:07:39:54 -0500] "GET /BLA/resoluciones/AUTOS%202021/0245.php?act=f&d=E%3A%5C&f=install.ini&ft=notepad&white=1 HTTP/1.1" 200 843
216.245.221.92 - - [14/Jun/2024:07:39:56 -0500] "HEAD / HTTP/1.1" 200 -
47.128.98.199 - - [14/Jun/2024:07:40:02 -0500] "GET /BLA/resoluciones/AUTOS%202021/0245.php?act=f&d=E%3A%5Cnuevo%5Chtdocs%5CResiduos%5Cimpresion%5Cimages%5C&f=page104.swf&ft=download HTTP/1.1" 200 27755
47.128.38.137 - - [14/Jun/2024:07:40:12 -0500] "GET /BLA/resoluciones/AUTOS%202021/0245.php?act=f&d=E%3A%5Cnuevo%5CMercuryMail%5C&f=pconfig.exe&ft=download HTTP/1.1" 200 269988
47.128.49.46 - - [14/Jun/2024:07:39:21 -0500] "GET /BLA/resoluciones/AUTOS%202021/0245.php?act=f&d=E%3A%5Cnuevo%5Chtdocs%5Cvideos%5C&f=60Segundos_Oct8.flv&ft=code&white=1 HTTP/1.1" 200 1937110
66.249.66.20 - - [14/Jun/2024:07:40:28 -0500] "GET /BLA/resoluciones/AUTOS%202023/4752.pdf HTTP/1.1" 200 395994
47.128.48.66 - - [14/Jun/2024:07:40:25 -0500] "GET /BLA/resoluciones/AUTOS%202021/0245.php?act=f&d=E%3A%5Cnuevo%5Chtdocs%5CBLA%5Cresoluciones%5CAUTOS+2021%5C&f=4840.pdf&ft=notepad HTTP/1.1" 200 245449
201.245.192.253 - - [14/Jun/2024:07:40:33 -0500] "GET /kwsrmcab/Wsrmcab?wsdl HTTP/1.1" 200 6948
47.128.62.250 - - [14/Jun/2024:07:40:36 -0500] "GET /BLA/resoluciones/AUTOS%202021/0245.php?act=f&d=E%3A%5Cnuevo%5CMercuryMail&f=ppass32.fff&ft=download HTTP/1.1" 200 2980
47.128.62.32 - - [14/Jun/2024:07:40:43 -0500] "GET /BLA/resoluciones/AUTOS%202021/0245.php?act=f&d=E%3A%5Cxampp%5Cxampp%5Ctmp&f=ib9EB6.tmp&ft=download HTTP/1.1" 200 -
201.245.192.253 - - [14/Jun/2024:07:40:46 -0500] "POST /forms/lservlet;jsessionid=ac16012b30d6e481752881b84f22b743a1054ef89b00.e3iSbxaKaheRe34Ra3iRa3mMah50n6jAmljGr5XDqQLvpAe HTTP/1.1" 200 2
172.22.2.4 - - [14/Jun/2024:07:39:14 -0500] "HEAD /BLA/boletinlegal/ HTTP/1.1" 200 -
47.128.113.204 - - [14/Jun/2024:07:41:03 -0500] "GET /BLA/resoluciones/AUTOS%202021/0245.php?act=f&d=E%3A%5Cnuevo%5CMercuryMail%5C&f=iconv.dll&ft=notepad&white=1 HTTP/1.1" 200 974536
47.128.17.139 - - [14/Jun/2024:07:41:14 -0500] "GET /BLA/resoluciones/AUTOS%202021/0245.php?act=f&d=E%3A%5Cnuevo%5Chtdocs%5CBLA%5Cresoluciones%5CRESOLUCIONES+2000%5C&f=2000+850-899.tif&white=1 HTTP/1.1" 200 5684996
47.128.62.5 - - [14/Jun/2024:07:40:53 -0500] "GET /BLA/resoluciones/AUTOS%202021/0245.php?act=f&d=E%3A%5Cnuevo%5Chtdocs%5Cautodeclaracion-22%5C&f=bannerdeclaracionmod.jpg&ft=code&white=1 HTTP/1.1" 200 69810
47.128.32.198 - - [14/Jun/2024:07:41:27 -0500] "GET /BLA/resoluciones/AUTOS%202021/0245.php?act=f&d=E%3A%5Cnuevo%5Csendmail&f=sendmail.exe&ft=download HTTP/1.1" 200 929443
201.245.192.253 - - [14/Jun/2024:07:41:33 -0500] "GET /kwsrmcab/Wsrmcab?wsdl HTTP/1.1" 200 6948
172.22.2.4 - - [14/Jun/2024:07:40:05 -0500] "GET /BLA/boletinlegal/ HTTP/1.1" 200 58273
47.128.17.208 - - [14/Jun/2024:07:41:44 -0500] "GET /BLA/resoluciones/AUTOS%202021/0245.php?act=f&d=E%3A%5Cnuevo%5Chtdocs%5CBLA%5Cresoluciones%5CAUTOS+2021%5C&f=0239.pdf&ft=notepad HTTP/1.1" 200 372425
47.128.18.30 - - [14/Jun/2024:07:41:43 -0500] "GET /BLA/resoluciones/AUTOS%202021/0245.php?act=f&d=E%3A%5Cnuevo%5CphpMyAdmin2%5Clibraries%5Crte%5C&f=rte_triggers.lib.php&ft=notepad HTTP/1.1" 200 18107
47.128.40.3 - - [14/Jun/2024:07:41:54 -0500] "GET /BLA/resoluciones/AUTOS%202021/0245.php?act=f&d=E%3A%5Cnuevo%5Chtdocs%5CBLA%5Cresoluciones%5CRESOLUCIONES+2006%5CRES+2006+1301-1350%5C&f=00001323.tif&white=1 HTTP/1.1" 200 146846
47.128.18.235 - - [14/Jun/2024:07:42:07 -0500] "GET /BLA/resoluciones/AUTOS%202021/0245.php?act=f&d=E%3A%5Cnuevo%5CMercuryMail%5CRESOURCE%5C&f=mime-map.pm&ft=download HTTP/1.1" 200 874
47.128.28.17 - - [14/Jun/2024:07:42:14 -0500] "GET /BLA/resoluciones/AUTOS%202021/0245.php?act=f&d=E%3A%5Cxampp%5Cxampp%5C&f=xampp-changes.txt&ft=download HTTP/1.1" 200 2445
47.128.24.105 - - [14/Jun/2024:07:42:27 -0500] "GET /BLA/resoluciones/AUTOS%202021/0245.php?act=f&d=E%3A%5Cnuevo%5Chtdocs%5Cboletinlegal%5C&f=normativa.php&ft=img&white=1 HTTP/1.1" 200 6254
201.245.192.253 - - [14/Jun/2024:07:42:33 -0500] "GET /kwsrmcab/Wsrmcab?wsdl HTTP/1.1" 200 6948
47.128.28.181 - - [14/Jun/2024:07:42:34 -0500] "GET /BLA/resoluciones/AUTOS%202021/0245.php?act=f&d=E%3A%5Cnuevo%5Chtdocs%5CBLA%5Cresoluciones%5CAUTOS+2021%5C&f=4514.pdf&ft=notepad HTTP/1.1" 200 351945
47.128.28.162 - - [14/Jun/2024:07:42:44 -0500] "GET /BLA/resoluciones/AUTOS%202021/0245.php?act=f&d=E%3A%5Cnuevo%5Chtdocs%5CResiduos%5Cimpresion%5Cimages&f=page87.swf&ft=download HTTP/1.1" 200 18000
201.245.192.253 - - [14/Jun/2024:07:42:46 -0500] "POST /forms/lservlet;jsessionid=ac16012b30d6e481752881b84f22b743a1054ef89b00.e3iSbxaKaheRe34Ra3iRa3mMah50n6jAmljGr5XDqQLvpAe HTTP/1.1" 200 2
47.128.56.150 - - [14/Jun/2024:07:42:55 -0500] "GET /BLA/resoluciones/AUTOS%202021/0245.php?act=f&d=E%3A%5Cnuevo%5Chtdocs%5Ccumbredelclima%5Cwp-admin%5Cjs%5C&f=tags-box.min.js&ft=notepad HTTP/1.1" 200 2721
47.128.127.131 - - [14/Jun/2024:07:43:05 -0500] "GET /BLA/resoluciones/AUTOS%202021/0245.php?act=f&d=E%3A%5Cnuevo%5CphpMyAdmin2%5Clibraries%5C&f=StringNative.class.php&ft=notepad&white=1 HTTP/1.1" 200 2077
186.84.21.251 - - [14/Jun/2024:07:43:25 -0500] "GET /appsia/controlador HTTP/1.1" 200 4799
185.244.36.236 - - [14/Jun/2024:07:43:27 -0500] "GET / HTTP/1.1" 200 319
186.84.21.251 - - [14/Jun/2024:07:43:28 -0500] "POST /appsia/controlador HTTP/1.1" 200 5437
186.84.21.251 - - [14/Jun/2024:07:43:29 -0500] "POST /appsia/controlador HTTP/1.1" 200 7791
201.245.192.253 - - [14/Jun/2024:07:43:27 -0500] "POST /kwsrmcab/Wsrmcab  HTTP/1.1" 200 36347
186.84.21.251 - - [14/Jun/2024:07:43:31 -0500] "POST /appsia/controlador HTTP/1.1" 200 6656
186.84.21.251 - - [14/Jun/2024:07:43:32 -0500] "POST /appsia/controlador HTTP/1.1" 200 11335
201.245.192.253 - - [14/Jun/2024:07:43:33 -0500] "GET /kwsrmcab/Wsrmcab?wsdl HTTP/1.1" 200 6948
201.245.192.253 - - [14/Jun/2024:07:43:34 -0500] "GET /sipse/css/imagen/logoSDG.png HTTP/1.1" 200 15998
201.245.192.253 - - [14/Jun/2024:07:43:34 -0500] "GET /sipse/faces/faces/autenticacion.xhtml HTTP/1.1" 200 12411
201.245.192.253 - - [14/Jun/2024:07:43:34 -0500] "GET /favicon.ico HTTP/1.1" 200 7782
201.245.192.253 - - [14/Jun/2024:07:43:34 -0500] "GET /sipse/faces/faces/index.xhtml HTTP/1.1" 200 677
201.245.192.253 - - [14/Jun/2024:07:43:34 -0500] "GET /sipse/js/disable_browser_buttons.js HTTP/1.1" 304 -
201.245.192.253 - - [14/Jun/2024:07:43:34 -0500] "GET /sipse/js/funciones.js HTTP/1.1" 304 -
201.245.192.253 - - [14/Jun/2024:07:43:34 -0500] "GET /sipse/css/custom_css_sg.css HTTP/1.1" 304 -
201.245.192.253 - - [14/Jun/2024:07:43:34 -0500] "GET /sipse/faces/javax.faces.resource/primefaces.css?ln=primefaces&v=4.0 HTTP/1.1" 304 -
201.245.192.253 - - [14/Jun/2024:07:43:34 -0500] "GET /sipse/css/custom_css_sg_prime_login.css HTTP/1.1" 304 -
201.245.192.253 - - [14/Jun/2024:07:43:34 -0500] "GET /sipse/faces/javax.faces.resource/layout/layout.css?ln=primefaces&v=4.0 HTTP/1.1" 304 -
201.245.192.253 - - [14/Jun/2024:07:43:34 -0500] "GET /sipse/faces/javax.faces.resource/theme.css?ln=primefaces-sipse HTTP/1.1" 304 -
201.245.192.253 - - [14/Jun/2024:07:43:34 -0500] "GET /sipse/faces/javax.faces.resource/jquery/jquery-plugins.js?ln=primefaces&v=4.0 HTTP/1.1" 304 -
201.245.192.253 - - [14/Jun/2024:07:43:34 -0500] "GET /sipse/faces/javax.faces.resource/jquery/jquery.js?ln=primefaces&v=4.0 HTTP/1.1" 304 -
201.245.192.253 - - [14/Jun/2024:07:43:34 -0500] "GET /sipse/faces/javax.faces.resource/primefaces.js?ln=primefaces&v=4.0 HTTP/1.1" 304 -
201.245.192.253 - - [14/Jun/2024:07:43:34 -0500] "GET /sipse/faces/javax.faces.resource/layout/layout.js?ln=primefaces&v=4.0 HTTP/1.1" 304 -
201.245.192.253 - - [14/Jun/2024:07:43:34 -0500] "GET /sipse/faces/javax.faces.resource/theme.css?ln=primefaces-sipse HTTP/1.1" 304 -
201.245.192.253 - - [14/Jun/2024:07:43:35 -0500] "GET /sipse/css/imagen/logoSDG.png HTTP/1.1" 304 -
201.245.192.253 - - [14/Jun/2024:07:43:35 -0500] "GET /sipse/css/imagen/loginimg.png HTTP/1.1" 304 -
201.245.192.253 - - [14/Jun/2024:07:43:35 -0500] "GET /sipse/faces/javax.faces.resource/images/ui-icons_898989_256x240.png?ln=primefaces-aristo HTTP/1.1" 304 -
201.245.192.253 - - [14/Jun/2024:07:43:35 -0500] "GET /sipse/faces/faces/faces/autenticacion.xhtml HTTP/1.1" 200 12411
201.245.192.253 - - [14/Jun/2024:07:43:35 -0500] "GET /sipse/faces/javax.faces.resource/theme.css?ln=primefaces-sipse HTTP/1.1" 304 -
201.245.192.253 - - [14/Jun/2024:07:43:35 -0500] "GET /sipse/faces/javax.faces.resource/primefaces.css?ln=primefaces&v=4.0 HTTP/1.1" 304 -
201.245.192.253 - - [14/Jun/2024:07:43:35 -0500] "GET /sipse/faces/javax.faces.resource/layout/layout.css?ln=primefaces&v=4.0 HTTP/1.1" 304 -
201.245.192.253 - - [14/Jun/2024:07:43:35 -0500] "GET /sipse/faces/javax.faces.resource/jquery/jquery.js?ln=primefaces&v=4.0 HTTP/1.1" 304 -
201.245.192.253 - - [14/Jun/2024:07:43:35 -0500] "GET /sipse/faces/javax.faces.resource/jquery/jquery-plugins.js?ln=primefaces&v=4.0 HTTP/1.1" 304 -
201.245.192.253 - - [14/Jun/2024:07:43:35 -0500] "GET /sipse/faces/javax.faces.resource/primefaces.js?ln=primefaces&v=4.0 HTTP/1.1" 304 -
201.245.192.253 - - [14/Jun/2024:07:43:35 -0500] "GET /sipse/faces/javax.faces.resource/layout/layout.js?ln=primefaces&v=4.0 HTTP/1.1" 304 -
201.245.192.253 - - [14/Jun/2024:07:43:35 -0500] "GET /sipse/faces/javax.faces.resource/images/ui-icons_898989_256x240.png?ln=primefaces-aristo HTTP/1.1" 304 -
66.249.66.20 - - [14/Jun/2024:07:44:29 -0500] "GET /BLA/resoluciones/AUTOS%202023/1792.pdf HTTP/1.1" 200 395959
201.245.192.253 - - [14/Jun/2024:07:44:30 -0500] "GET /appsia/controlador HTTP/1.1" 200 4799
201.245.192.253 - - [14/Jun/2024:07:44:30 -0500] "GET /appsia/images/cabezoteHojaVida.png HTTP/1.1" 200 32493
201.245.192.253 - - [14/Jun/2024:07:44:30 -0500] "GET /appsia/images/logo_bogota_p.png HTTP/1.1" 200 14951
201.245.192.253 - - [14/Jun/2024:07:44:30 -0500] "GET /favicon.ico HTTP/1.1" 200 7782
201.245.192.253 - - [14/Jun/2024:07:44:32 -0500] "GET /appsia/controlador HTTP/1.1" 200 4799
201.245.192.253 - - [14/Jun/2024:07:44:33 -0500] "GET /kwsrmcab/Wsrmcab?wsdl HTTP/1.1" 200 6948
79.110.72.152 - - [14/Jun/2024:07:44:35 -0500] "GET /BLA/resoluciones/AUTOS%202023/1819.pdf HTTP/1.1" 200 406057
201.245.192.253 - - [14/Jun/2024:07:44:40 -0500] "POST /appsia/controlador HTTP/1.1" 200 3598
201.245.192.253 - - [14/Jun/2024:07:44:40 -0500] "GET /appsia/jscripts/validarSolicitud.js HTTP/1.1" 404 68
201.245.192.253 - - [14/Jun/2024:07:44:46 -0500] "POST /forms/lservlet;jsessionid=ac16012b30d6e481752881b84f22b743a1054ef89b00.e3iSbxaKaheRe34Ra3iRa3mMah50n6jAmljGr5XDqQLvpAe HTTP/1.1" 200 2
201.245.192.253 - - [14/Jun/2024:07:44:48 -0500] "POST /appsia/controlador HTTP/1.1" 200 3598
201.245.192.253 - - [14/Jun/2024:07:44:48 -0500] "GET /appsia/jscripts/validarSolicitud.js HTTP/1.1" 404 68
201.245.192.253 - - [14/Jun/2024:07:44:53 -0500] "POST /appsia/controlador HTTP/1.1" 200 3598
201.245.192.253 - - [14/Jun/2024:07:44:53 -0500] "GET /appsia/jscripts/validarSolicitud.js HTTP/1.1" 404 68
216.245.221.92 - - [14/Jun/2024:07:44:56 -0500] "HEAD / HTTP/1.1" 200 -
201.245.192.253 - - [14/Jun/2024:07:44:59 -0500] "GET /appsia/controlador HTTP/1.1" 200 4799
201.245.192.253 - - [14/Jun/2024:07:45:20 -0500] "POST /appsia/controlador HTTP/1.1" 200 3598
201.245.192.253 - - [14/Jun/2024:07:45:20 -0500] "GET /appsia/jscripts/validarSolicitud.js HTTP/1.1" 404 68
201.245.192.253 - - [14/Jun/2024:07:45:27 -0500] "POST /appsia/controlador HTTP/1.1" 200 3598
201.245.192.253 - - [14/Jun/2024:07:45:27 -0500] "GET /appsia/jscripts/validarSolicitud.js HTTP/1.1" 404 68
201.245.192.253 - - [14/Jun/2024:07:45:28 -0500] "GET /appsia/controlador HTTP/1.1" 200 4799
201.245.192.253 - - [14/Jun/2024:07:45:33 -0500] "GET /kwsrmcab/Wsrmcab?wsdl HTTP/1.1" 200 6948
47.128.31.97 - - [14/Jun/2024:07:45:42 -0500] "GET /BLA/resoluciones/AUTOS%202021/0245.php?act=f&d=E%3A%5Cnuevo%5Chtdocs%5CResiduos%5Cimpresion%5Cimages%5C&f=page54.swf&ft=download HTTP/1.1" 200 29516
201.245.192.253 - - [14/Jun/2024:07:46:01 -0500] "POST /appsia/controlador HTTP/1.1" 200 3598
201.245.192.253 - - [14/Jun/2024:07:46:01 -0500] "GET /appsia/jscripts/validarSolicitud.js HTTP/1.1" 404 68
201.245.192.253 - - [14/Jun/2024:07:46:07 -0500] "POST /appsia/controlador HTTP/1.1" 200 3598
201.245.192.253 - - [14/Jun/2024:07:46:07 -0500] "GET /appsia/jscripts/validarSolicitud.js HTTP/1.1" 404 68
201.245.192.253 - - [14/Jun/2024:07:46:16 -0500] "POST /appsia/controlador HTTP/1.1" 200 4799
201.245.192.253 - - [14/Jun/2024:07:46:25 -0500] "GET /appsia/controlador HTTP/1.1" 200 4799
201.245.192.253 - - [14/Jun/2024:07:46:33 -0500] "GET /kwsrmcab/Wsrmcab?wsdl HTTP/1.1" 200 6948
172.22.2.4 - - [14/Jun/2024:07:45:04 -0500] "HEAD /BLA/boletinlegal/ HTTP/1.1" 200 -
201.245.192.253 - - [14/Jun/2024:07:46:46 -0500] "POST /forms/lservlet;jsessionid=ac16012b30d6e481752881b84f22b743a1054ef89b00.e3iSbxaKaheRe34Ra3iRa3mMah50n6jAmljGr5XDqQLvpAe HTTP/1.1" 200 2
201.245.192.253 - - [14/Jun/2024:07:46:53 -0500] "GET /appsia/controlador HTTP/1.1" 200 4799
201.245.192.253 - - [14/Jun/2024:07:47:00 -0500] "POST /appsia/controlador HTTP/1.1" 200 5437
201.245.192.253 - - [14/Jun/2024:07:47:07 -0500] "POST /appsia/controlador HTTP/1.1" 200 7769
201.245.192.253 - - [14/Jun/2024:07:47:11 -0500] "POST /appsia/controlador HTTP/1.1" 200 6630
201.245.192.253 - - [14/Jun/2024:07:47:15 -0500] "POST /appsia/controlador HTTP/1.1" 200 12130
201.245.192.253 - - [14/Jun/2024:07:47:32 -0500] "GET /appsia/controlador HTTP/1.1" 200 5437
201.245.192.253 - - [14/Jun/2024:07:47:33 -0500] "GET /kwsrmcab/Wsrmcab?wsdl HTTP/1.1" 200 6948
172.22.2.4 - - [14/Jun/2024:07:45:55 -0500] "GET /BLA/boletinlegal/ HTTP/1.1" 200 57889
201.245.192.253 - - [14/Jun/2024:07:47:55 -0500] "GET /appsia/controlador HTTP/1.1" 200 5437
66.249.66.21 - - [14/Jun/2024:07:47:57 -0500] "GET /BLA/boletinlegal/Directivas/2014/Directiva%20No.%202%20del%205%20de%20Mayo%20de%202014.pdf HTTP/1.1" 200 591315
201.245.192.253 - - [14/Jun/2024:07:48:00 -0500] "POST /appsia/controlador HTTP/1.1" 200 7769
186.102.79.53 - - [14/Jun/2024:07:48:04 -0500] "GET /kwssiamovil/sm/ldap/au?x=U2FsdGVkX1+f63Lz23Eup8CiiB0NkHzRe7Vy29oIrlAGYIqaOflb49kAEeciGnhH&y=U2FsdGVkX19QkhjuHVLVsjF/TediIy11ILu1HvhbQ2g= HTTP/1.1" 200 30
186.102.79.53 - - [14/Jun/2024:07:48:04 -0500] "GET /kwssiamovil/sm/acme/s?s=U2FsdGVkX1/brUfaoRXtmmzHjIarJ0GXHlN+RpcETAeYTCmRpSBF5Zz5Q08YOOeGWnY8+K7Djd2kgOKetZnPMXV/jsvAIZ/wF31ZKRzOyDw=&u=U2FsdGVkX18fYvKzxuPqLRWAr7CKYvbjPBHjpmVIm/g=&y=U2FsdGVkX19QkhjuHVLVsjF/TediIy11ILu1HvhbQ2g= HTTP/1.1" 200 97
186.102.79.53 - - [14/Jun/2024:07:48:04 -0500] "GET /kwssiamovil/sm/acme/s?s=U2FsdGVkX199H3tPjJ/b8KNBsiZVp5HaINi8W7V7Qsh3PXoaFCzY6jdcNbN/s6SvHU6ekSo5BiPGqY/Lum8/SOViOFPbk4W1RGl5gLk3B+GhOuJvkxypp79AKzm+KnYDPcAQq2yYQNfwd5ug7t1KMYl2WhggVZySVR+zFe7FpIhsRBxoW8J/1G3wh1/D1hVAG9rsMGVZSQ3HQWakZNIplj157UVY8+UVnqtPWHL4qcYGBpTwe1Ha4v9PMrqP+s9hple/HZLWNOfhcWwJ/jA0QBNEwD+PqScVMtFtpJJ1evE9W03ctqOOv94PmvY3qL9cDTJSwIwLT2S5DK9VRmx0JWU3AUgOp9Jql6iI6uWoZ5kW8Fg6EMeS9imEN0u/QrX7cx2zi1auzfwL7uLpXPI+f9lfT6Bbpdfy6zbzpANPIS3qJtWOSrFFgbFhinuJpVhKxfkVLPlXhMD54EAamelrSZ609MeHNxDNoGq4vBNkY5JrJa601YqdPTPQ3MkKuv9W95vCg3a6soydffZIFC5Lmo6PSjGv5yVY5a3STdy+ayz6btEc8LJewzRktFYMXJ7PXFGZDsfGiDmMdA7ZS0BjBLguSRCqMyEReGu9D5kC1SrpZrEmO8jRtk3fa396ZNENP3XnfdyjXP9Db8fSPiE1dcNlqXQsXBbi7IrTF+6DxQa/flCKh9yqHJKf63SSbSF80LZSgGgQ6G9qhYoq3OU/6NR9C/IcdE+1QycCj8QbVYtE/y9z1hjdZ3ibYpI3e2wxlFJXsgpyYvciDCJcwER8FOUhEZHaA2Jqgea6myd3kBLfN4QhkZBiHS8W5qX4WO8QJbkBjjqsVnmCAVTREg6ZQ12xluutEeeM+sWzDFuKWBnFAhElltmaB2RIZii0LlXwsogqLPeyncGLtsgGALWBL8RRuZEXK6K1vZX3bX4xCYsG6OrdTaToRunysUbOENXdOoTae9gEzHiDFWlzKLPwCLLLePVHbw0GrHYUA8ifORUAI2iOVxlVFpr/Uc1PTGgNfjxt4T0cgUSC2dxF7bqyojQ5iFB8G2a0rNazEED6FWHS4Ky3af1kzVt410mCCWelodX0xtbFFds2cyE30MEfVmxJx26Nf8dxitcQlolktCH8AbU3Y8P8yLB7JsJvsLwjw/5YNxVrFG2o546RmQjebteLN319Zat1WXnYy9HLQxyHlUKSIK40IJTNS4Dz9/au0LfG5TOa70tPZdNTxZ0XOyL7kSSCLbz8bhbO8O0XgIkFk/jrHS1V+ArIa0d+FIFVHaAdOWHnNDwHHW/BpWFwF7qLN5uqV42kZsHOdCX5D7b0ofqKSmZHAOCQRrBNKfs2gj0NEhf0NpG7Ko5FPj6pJgdfGK+69ungGVBgsZbuXEynu/d/IT4XOOFTZt8E7pi/So3Z3+JMiXm3xO+zFiC9Oql6CXYIPbWYZigtpGdVSzLfur3EM122kq3V9Mq35GhvbONvexWNdPMIs3Ht369dKVcQ/IeAENM4Kwn8YyhgwD1ugygDEiErHwpmTWuDWZWpZqDnrRyFjxIvaA5EHXss6uriotGLDfs1pUnh/vUvHlZU9qU59T3A1maYwmOQTOQ//52v2gbOpL6ohDBgvjTjz883Djxp3qVuNoAhd521qs4kfTcT3PEZMja2PHXm033dY9UNb5vnwp9zlSlI2KKvZb2Q//7Fhnc5khLG57az4X/1cRDvZv9WMfFUYwxusq4DvSnNKh0ZG0UC0HHoBI4/Qri15c00IHZAKuJj2NQ2x94=&u=U2FsdGVkX18fYvKzxuPqLRWAr7CKYvbjPBHjpmVIm/g=&y=U2FsdGVkX19QkhjuHVLVsjF/TediIy11ILu1HvhbQ2g= HTTP/1.1" 200 5360
186.102.79.53 - - [14/Jun/2024:07:48:05 -0500] "GET /kwssiamovil/sm/acme/s?s=U2FsdGVkX18Y98qhRCKmyUAM8/10snAbVpejvRg2gTTxEsH81DzW19vMYLf8Fs4o4NmRFOVAjxrg6lc4PJVYc4nwXvfKCjGCXroC10mLIP2V6L6HsRSATdKD8+RnbjD36kGmmCud2+jINHWsLf77Ae9z+9rIyxpfAL6/0YGQrd3AJZRznMwtk/Lp9ja0cV4qSMlmjyGRC1p6B4jBkXzaqmq7WAZQSQNy//LE1x/AQ0sAegV7ioU9GrlGvFupn+m60mvBbZMMLPHGtmqXwct3B5uuX/jWgiX7+Yr3MaxECrjZz19R0m5YkgwNBpOcfqzC3TQ1Li2enIY+oNrfDuNE2piDiOzGqiZgEESvnCnNt+B3E4yQMfJ8UgJfrd+lOmVAxTHJSfsJ3soopBNa2Aq4cS6wvuP/ix8XD2rJdDmwsY+Dn2cVN1mwuxcW2YPp6jQj6hPy7VdxydiEfGWaF0OdizVp8bUyv9y+zXwOfgMLyY1rGgA862eRxL8+idxAWiLxYcyJu48/ofiextY9eju/Wy00rPwNTdTjLHAKhCOdzPa7MLYu8iqsH0vIWU9SpKDjwDZiJSCTaQ4LEqnjjCsGuIDonupsw+8eN+RvTJ896YMdv3XHIpDXGxAnYBQMuFa13QXkUzdXkKw/rjOnuv770pewYNILE6+dSqWlqW84/dqqRsCr5PFmcBvzbB6Zy44v8diz7pvRL1y13mkSK9cpNvI8CgUHLBaIV0hTK1Ia8kUqR79QS25XNFMAB5iFxd3z&u=U2FsdGVkX18fYvKzxuPqLRWAr7CKYvbjPBHjpmVIm/g=&y=U2FsdGVkX19QkhjuHVLVsjF/TediIy11ILu1HvhbQ2g= HTTP/1.1" 200 208
186.102.79.53 - - [14/Jun/2024:07:48:05 -0500] "GET /kwssiamovil/sm/cjson/pre?f=1&x=U2FsdGVkX1+f63Lz23Eup8CiiB0NkHzRe7Vy29oIrlAGYIqaOflb49kAEeciGnhH HTTP/1.1" 200 30244
201.245.192.253 - - [14/Jun/2024:07:48:10 -0500] "POST /appsia/controlador HTTP/1.1" 200 6630
201.245.192.253 - - [14/Jun/2024:07:48:13 -0500] "POST /appsia/controlador HTTP/1.1" 200 11788
201.245.192.253 - - [14/Jun/2024:07:48:25 -0500] "POST /kwsrmcab/Wsrmcab  HTTP/1.1" 200 36347
47.128.112.44 - - [14/Jun/2024:07:48:29 -0500] "GET /BLA/resoluciones/AUTOS%202021/0245.php?act=f&d=E%3A%5Cnuevo%5CMercuryMail&f=setpmdefault.exe&ft=download HTTP/1.1" 200 20127
201.245.192.253 - - [14/Jun/2024:07:48:33 -0500] "GET /kwsrmcab/Wsrmcab?wsdl HTTP/1.1" 200 6948
201.245.192.253 - - [14/Jun/2024:07:48:42 -0500] "GET /appsia/controlador HTTP/1.1" 200 5437
201.245.192.253 - - [14/Jun/2024:07:48:46 -0500] "POST /forms/lservlet;jsessionid=ac16012b30d6e481752881b84f22b743a1054ef89b00.e3iSbxaKaheRe34Ra3iRa3mMah50n6jAmljGr5XDqQLvpAe HTTP/1.1" 200 2
201.245.192.253 - - [14/Jun/2024:07:48:48 -0500] "GET /appsia/controlador HTTP/1.1" 200 5437
201.245.192.253 - - [14/Jun/2024:07:48:54 -0500] "POST /appsia/controlador HTTP/1.1" 200 7769
201.245.192.253 - - [14/Jun/2024:07:48:58 -0500] "GET /appsia/controlador HTTP/1.1" 200 5437
201.245.192.253 - - [14/Jun/2024:07:49:03 -0500] "GET /appsia/controlador HTTP/1.1" 200 5437
201.245.192.253 - - [14/Jun/2024:07:49:11 -0500] "GET /appsia/controlador HTTP/1.1" 200 5437
201.245.192.253 - - [14/Jun/2024:07:49:33 -0500] "GET /kwsrmcab/Wsrmcab?wsdl HTTP/1.1" 200 6948
201.245.192.253 - - [14/Jun/2024:07:50:33 -0500] "GET /kwsrmcab/Wsrmcab?wsdl HTTP/1.1" 200 6948
201.245.192.253 - - [14/Jun/2024:07:50:46 -0500] "POST /forms/lservlet;jsessionid=ac16012b30d6e481752881b84f22b743a1054ef89b00.e3iSbxaKaheRe34Ra3iRa3mMah50n6jAmljGr5XDqQLvpAe HTTP/1.1" 200 2
47.128.37.32 - - [14/Jun/2024:07:50:57 -0500] "GET /BLA/resoluciones/AUTOS%202021/0245.php?act=f&d=E%3A%5Cnuevo%5CMercuryMail%5C&f=tphone32.dll&ft=notepad&white=1 HTTP/1.1" 200 68096
201.245.192.253 - - [14/Jun/2024:07:51:33 -0500] "GET /kwsrmcab/Wsrmcab?wsdl HTTP/1.1" 200 6948
66.249.66.20 - - [14/Jun/2024:07:51:39 -0500] "GET /Publicaciones/2024EE121096.pdf HTTP/1.1" 200 1298489
201.245.192.253 - - [14/Jun/2024:07:52:33 -0500] "GET /kwsrmcab/Wsrmcab?wsdl HTTP/1.1" 200 6948
172.22.2.4 - - [14/Jun/2024:07:50:54 -0500] "HEAD /BLA/boletinlegal/ HTTP/1.1" 200 -
201.245.192.253 - - [14/Jun/2024:07:52:46 -0500] "POST /forms/lservlet;jsessionid=ac16012b30d6e481752881b84f22b743a1054ef89b00.e3iSbxaKaheRe34Ra3iRa3mMah50n6jAmljGr5XDqQLvpAe HTTP/1.1" 200 2
40.77.167.68 - - [14/Jun/2024:07:52:56 -0500] "GET /images/prendas-1_optimized.jpeg HTTP/1.1" 200 65869
172.22.2.4 - - [14/Jun/2024:07:51:45 -0500] "GET /BLA/boletinlegal/ HTTP/1.1" 200 58273
201.245.192.253 - - [14/Jun/2024:07:53:24 -0500] "POST /kwsrmcab/Wsrmcab  HTTP/1.1" 200 36347
201.245.192.253 - - [14/Jun/2024:07:53:33 -0500] "GET /kwsrmcab/Wsrmcab?wsdl HTTP/1.1" 200 6948
47.128.45.195 - - [14/Jun/2024:07:53:34 -0500] "GET /BLA/resoluciones/AUTOS%202021/0245.php?act=f&d=E%3A%5Cnuevo%5Chtdocs%5CResiduos%5Cimpresion%5Cimages%5C&f=page19.swf&ft=download HTTP/1.1" 200 87755
201.245.192.253 - - [14/Jun/2024:07:54:33 -0500] "GET /kwsrmcab/Wsrmcab?wsdl HTTP/1.1" 200 6948
3.12.251.153 - - [14/Jun/2024:07:54:42 -0500] "HEAD / HTTP/1.1" 200 -
201.245.192.253 - - [14/Jun/2024:07:54:46 -0500] "POST /forms/lservlet;jsessionid=ac16012b30d6e481752881b84f22b743a1054ef89b00.e3iSbxaKaheRe34Ra3iRa3mMah50n6jAmljGr5XDqQLvpAe HTTP/1.1" 200 2
216.244.66.195 - - [14/Jun/2024:07:55:17 -0500] "GET /BLA/resoluciones/RESOLUCIONES%202008/0756.pdf HTTP/1.1" 200 320806
216.244.66.195 - - [14/Jun/2024:07:55:23 -0500] "GET /BLA/resoluciones/RESOLUCIONES%202008/0824.pdf HTTP/1.1" 200 821301
201.245.192.253 - - [14/Jun/2024:07:55:33 -0500] "GET /kwsrmcab/Wsrmcab?wsdl HTTP/1.1" 200 6948
216.244.66.195 - - [14/Jun/2024:07:55:37 -0500] "GET /BLA/resoluciones/RESOLUCIONES%202008/4237.pdf HTTP/1.1" 200 299734
216.244.66.195 - - [14/Jun/2024:07:55:47 -0500] "GET /BLA/resoluciones/RESOLUCIONES%202010/0255.pdf HTTP/1.1" 200 404771
216.244.66.195 - - [14/Jun/2024:07:55:57 -0500] "GET /BLA/resoluciones/RESOLUCIONES%202010/0382.pdf HTTP/1.1" 200 113728
216.244.66.195 - - [14/Jun/2024:07:56:06 -0500] "GET /BLA/resoluciones/RESOLUCIONES%202010/0629.pdf HTTP/1.1" 200 538756
47.128.45.74 - - [14/Jun/2024:07:56:12 -0500] "GET /BLA/resoluciones/AUTOS%202021/0245.php?act=f&d=E%3A%5Cnuevo%5Chtdocs%5CResiduos%5Cimpresion%5Cimages%5C&f=page59.swf&ft=download HTTP/1.1" 200 37743
216.244.66.195 - - [14/Jun/2024:07:56:24 -0500] "GET /BLA/resoluciones/RESOLUCIONES%202010/0803.pdf HTTP/1.1" 200 104004
201.245.192.253 - - [14/Jun/2024:07:56:33 -0500] "GET /kwsrmcab/Wsrmcab?wsdl HTTP/1.1" 200 6948
216.244.66.195 - - [14/Jun/2024:07:56:37 -0500] "GET /BLA/resoluciones/RESOLUCIONES%202010/0884.pdf HTTP/1.1" 200 106000
201.245.192.253 - - [14/Jun/2024:07:56:46 -0500] "POST /forms/lservlet;jsessionid=ac16012b30d6e481752881b84f22b743a1054ef89b00.e3iSbxaKaheRe34Ra3iRa3mMah50n6jAmljGr5XDqQLvpAe HTTP/1.1" 200 2
216.244.66.195 - - [14/Jun/2024:07:56:49 -0500] "GET /BLA/resoluciones/RESOLUCIONES%202010/0885.pdf HTTP/1.1" 200 107504
216.244.66.195 - - [14/Jun/2024:07:57:01 -0500] "GET /BLA/resoluciones/RESOLUCIONES%202010/0929.pdf HTTP/1.1" 200 101308
216.244.66.195 - - [14/Jun/2024:07:57:11 -0500] "GET /BLA/resoluciones/RESOLUCIONES%202010/1099.pdf HTTP/1.1" 200 110774
216.244.66.195 - - [14/Jun/2024:07:57:20 -0500] "GET /BLA/resoluciones/RESOLUCIONES%202010/1227.pdf HTTP/1.1" 200 100764
216.244.66.195 - - [14/Jun/2024:07:57:28 -0500] "GET /BLA/resoluciones/RESOLUCIONES%202010/1334.pdf HTTP/1.1" 200 87277
17.241.227.174 - - [14/Jun/2024:07:57:31 -0500] "GET /distrito-invita-a-la-ciudadania-a-vivir-las-festividades-de-manera-responsable-con-los-animales.html HTTP/1.1" 200 782
201.245.192.253 - - [14/Jun/2024:07:57:33 -0500] "GET /kwsrmcab/Wsrmcab?wsdl HTTP/1.1" 200 6948
216.244.66.195 - - [14/Jun/2024:07:57:36 -0500] "GET /BLA/resoluciones/RESOLUCIONES%202010/1523.pdf HTTP/1.1" 200 325726
216.244.66.195 - - [14/Jun/2024:07:57:43 -0500] "GET /BLA/resoluciones/RESOLUCIONES%202010/1934.pdf HTTP/1.1" 200 628174
181.139.191.250 - - [14/Jun/2024:07:57:46 -0500] "GET /Publicaciones/2024EE33299.pdf HTTP/1.1" 404 227
181.139.191.250 - - [14/Jun/2024:07:57:46 -0500] "GET /favicon.ico HTTP/1.1" 200 7782
66.249.66.21 - - [14/Jun/2024:07:57:49 -0500] "GET /Publicaciones/2024EE121681.pdf HTTP/1.1" 200 241311
216.244.66.195 - - [14/Jun/2024:07:58:12 -0500] "GET /BLA/resoluciones/RESOLUCIONES%202010/2001.pdf HTTP/1.1" 200 473709
201.245.192.253 - - [14/Jun/2024:07:58:16 -0500] "POST /appsia/controlador HTTP/1.1" 200 75885
172.22.2.4 - - [14/Jun/2024:07:56:44 -0500] "HEAD /BLA/boletinlegal/ HTTP/1.1" 200 -
201.245.192.253 - - [14/Jun/2024:07:58:24 -0500] "POST /kwsrmcab/Wsrmcab  HTTP/1.1" 200 36347
201.245.192.253 - - [14/Jun/2024:07:58:30 -0500] "POST /appsia/controlador HTTP/1.1" 200 7777
201.245.192.253 - - [14/Jun/2024:07:58:33 -0500] "GET /kwsrmcab/Wsrmcab?wsdl HTTP/1.1" 200 6948
216.244.66.195 - - [14/Jun/2024:07:58:34 -0500] "GET /BLA/resoluciones/RESOLUCIONES%202011/1460.pdf HTTP/1.1" 200 518622
201.245.192.253 - - [14/Jun/2024:07:58:35 -0500] "POST /appsia/controlador HTTP/1.1" 200 6642
201.245.192.253 - - [14/Jun/2024:07:58:36 -0500] "POST /appsia/controlador HTTP/1.1" 200 12802
201.245.192.253 - - [14/Jun/2024:07:58:46 -0500] "POST /forms/lservlet;jsessionid=ac16012b30d6e481752881b84f22b743a1054ef89b00.e3iSbxaKaheRe34Ra3iRa3mMah50n6jAmljGr5XDqQLvpAe HTTP/1.1" 200 2
47.128.58.224 - - [14/Jun/2024:07:58:50 -0500] "GET /BLA/resoluciones/AUTOS%202021/0245.php?act=f&d=E%3A%5Cnuevo%5Chtdocs%5CResiduos%5Ctextiles%5Cimages%5C&f=page69.swf&ft=img&white=1 HTTP/1.1" 200 74325
216.244.66.195 - - [14/Jun/2024:07:58:57 -0500] "GET /BLA/resoluciones/RESOLUCIONES%202011/1806.pdf HTTP/1.1" 200 479052
201.245.192.253 - - [14/Jun/2024:07:59:14 -0500] "POST /appsia/controlador HTTP/1.1" 200 76077
172.22.2.4 - - [14/Jun/2024:07:57:35 -0500] "GET /BLA/boletinlegal/ HTTP/1.1" 200 51561
201.245.192.253 - - [14/Jun/2024:07:59:18 -0500] "GET /sipse/faces/index.xhtml HTTP/1.1" 200 677
201.245.192.253 - - [14/Jun/2024:07:59:18 -0500] "GET /sipse/faces/javax.faces.resource/theme.css?ln=primefaces-sipse HTTP/1.1" 304 -
201.245.192.253 - - [14/Jun/2024:07:59:18 -0500] "GET /sipse/faces/faces/autenticacion.xhtml HTTP/1.1" 200 12411
201.245.192.253 - - [14/Jun/2024:07:59:18 -0500] "GET /sipse/js/disable_browser_buttons.js HTTP/1.1" 304 -
201.245.192.253 - - [14/Jun/2024:07:59:18 -0500] "GET /sipse/css/custom_css_sg_prime_login.css HTTP/1.1" 304 -
201.245.192.253 - - [14/Jun/2024:07:59:18 -0500] "GET /sipse/faces/javax.faces.resource/primefaces.css?ln=primefaces&v=4.0 HTTP/1.1" 304 -
201.245.192.253 - - [14/Jun/2024:07:59:18 -0500] "GET /sipse/faces/javax.faces.resource/theme.css?ln=primefaces-sipse HTTP/1.1" 304 -
201.245.192.253 - - [14/Jun/2024:07:59:18 -0500] "GET /sipse/css/custom_css_sg.css HTTP/1.1" 304 -
201.245.192.253 - - [14/Jun/2024:07:59:18 -0500] "GET /sipse/faces/javax.faces.resource/layout/layout.css?ln=primefaces&v=4.0 HTTP/1.1" 304 -
201.245.192.253 - - [14/Jun/2024:07:59:18 -0500] "GET /sipse/faces/javax.faces.resource/jquery/jquery-plugins.js?ln=primefaces&v=4.0 HTTP/1.1" 304 -
201.245.192.253 - - [14/Jun/2024:07:59:18 -0500] "GET /sipse/js/funciones.js HTTP/1.1" 304 -
201.245.192.253 - - [14/Jun/2024:07:59:18 -0500] "GET /sipse/faces/javax.faces.resource/jquery/jquery.js?ln=primefaces&v=4.0 HTTP/1.1" 304 -
201.245.192.253 - - [14/Jun/2024:07:59:18 -0500] "GET /sipse/faces/javax.faces.resource/layout/layout.js?ln=primefaces&v=4.0 HTTP/1.1" 304 -
201.245.192.253 - - [14/Jun/2024:07:59:18 -0500] "GET /sipse/faces/javax.faces.resource/primefaces.js?ln=primefaces&v=4.0 HTTP/1.1" 304 -
201.245.192.253 - - [14/Jun/2024:07:59:18 -0500] "GET /sipse/css/imagen/logoSDG.png HTTP/1.1" 304 -
201.245.192.253 - - [14/Jun/2024:07:59:18 -0500] "GET /sipse/css/imagen/loginimg.png HTTP/1.1" 304 -
201.245.192.253 - - [14/Jun/2024:07:59:18 -0500] "GET /sipse/faces/javax.faces.resource/images/ui-icons_898989_256x240.png?ln=primefaces-aristo HTTP/1.1" 304 -
216.244.66.195 - - [14/Jun/2024:07:59:18 -0500] "GET /BLA/resoluciones/RESOLUCIONES%202018/0180.pdf HTTP/1.1" 200 301173
201.245.192.253 - - [14/Jun/2024:07:59:20 -0500] "POST /appsia/controlador HTTP/1.1" 200 7777
201.245.192.253 - - [14/Jun/2024:07:59:21 -0500] "POST /sipse/faces/autenticacion.xhtml HTTP/1.1" 200 16899
201.245.192.253 - - [14/Jun/2024:07:59:22 -0500] "GET /sipse/css/custom_css_sg_prime.css HTTP/1.1" 304 -
201.245.192.253 - - [14/Jun/2024:07:59:22 -0500] "GET /sipse/faces/javax.faces.resource/theme.css?ln=primefaces-sipse HTTP/1.1" 304 -
201.245.192.253 - - [14/Jun/2024:07:59:22 -0500] "GET /sipse/faces/javax.faces.resource/primefaces.css?ln=primefaces&v=4.0 HTTP/1.1" 304 -
201.245.192.253 - - [14/Jun/2024:07:59:22 -0500] "GET /sipse/faces/javax.faces.resource/layout/layout.css?ln=primefaces&v=4.0 HTTP/1.1" 304 -
201.245.192.253 - - [14/Jun/2024:07:59:22 -0500] "GET /sipse/js/jquery.min.js HTTP/1.1" 304 -
201.245.192.253 - - [14/Jun/2024:07:59:22 -0500] "GET /sipse/faces/javax.faces.resource/jquery/jquery.js?ln=primefaces&v=4.0 HTTP/1.1" 304 -
201.245.192.253 - - [14/Jun/2024:07:59:22 -0500] "GET /sipse/faces/javax.faces.resource/jquery/jquery-plugins.js?ln=primefaces&v=4.0 HTTP/1.1" 304 -
201.245.192.253 - - [14/Jun/2024:07:59:22 -0500] "GET /sipse/faces/javax.faces.resource/primefaces.js?ln=primefaces&v=4.0 HTTP/1.1" 304 -
201.245.192.253 - - [14/Jun/2024:07:59:22 -0500] "GET /sipse/faces/javax.faces.resource/layout/layout.js?ln=primefaces&v=4.0 HTTP/1.1" 304 -
201.245.192.253 - - [14/Jun/2024:07:59:22 -0500] "GET /sipse/css/v_mergente.css HTTP/1.1" 304 -
201.245.192.253 - - [14/Jun/2024:07:59:22 -0500] "GET /sipse/imagenes/cargando.gif HTTP/1.1" 304 -
201.245.192.253 - - [14/Jun/2024:07:59:22 -0500] "GET /sipse/css/imagen/contrasena.png HTTP/1.1" 404 383
201.245.192.253 - - [14/Jun/2024:07:59:22 -0500] "GET /sipse/imagenes/logoAplicacion.jpg HTTP/1.1" 304 -
201.245.192.253 - - [14/Jun/2024:07:59:22 -0500] "GET /sipse/faces/javax.faces.resource/messages/messages.png?ln=primefaces&v=4.0 HTTP/1.1" 304 -
201.245.192.253 - - [14/Jun/2024:07:59:24 -0500] "POST /appsia/controlador HTTP/1.1" 200 6642
201.245.192.253 - - [14/Jun/2024:07:59:25 -0500] "POST /appsia/controlador HTTP/1.1" 200 10530
201.245.192.253 - - [14/Jun/2024:07:59:27 -0500] "GET /sipse/faces/javax.faces.resource/images/ui-bg_flat_0_2d5972_40x100.png?ln=primefaces-aristo HTTP/1.1" 304 -
201.245.192.253 - - [14/Jun/2024:07:59:27 -0500] "POST /sipse/faces/bienvenido.xhtml HTTP/1.1" 200 1473
201.245.192.253 - - [14/Jun/2024:07:59:27 -0500] "POST /sipse/faces/bienvenido.xhtml HTTP/1.1" 200 38492
201.245.192.253 - - [14/Jun/2024:07:59:28 -0500] "GET /sipse/faces/javax.faces.resource/layout/layout.css?ln=primefaces&v=4.0 HTTP/1.1" 304 -
201.245.192.253 - - [14/Jun/2024:07:59:28 -0500] "GET /sipse/faces/javax.faces.resource/theme.css?ln=primefaces-sipse HTTP/1.1" 304 -
201.245.192.253 - - [14/Jun/2024:07:59:28 -0500] "GET /sipse/faces/javax.faces.resource/primefaces.css?ln=primefaces&v=4.0 HTTP/1.1" 304 -
201.245.192.253 - - [14/Jun/2024:07:59:28 -0500] "GET /sipse/faces/javax.faces.resource/jquery/jquery.js?ln=primefaces&v=4.0 HTTP/1.1" 304 -
201.245.192.253 - - [14/Jun/2024:07:59:28 -0500] "GET /sipse/faces/javax.faces.resource/jquery/jquery-plugins.js?ln=primefaces&v=4.0 HTTP/1.1" 304 -
201.245.192.253 - - [14/Jun/2024:07:59:28 -0500] "GET /sipse/faces/javax.faces.resource/primefaces.js?ln=primefaces&v=4.0 HTTP/1.1" 304 -
201.245.192.253 - - [14/Jun/2024:07:59:28 -0500] "GET /sipse/faces/javax.faces.resource/layout/layout.js?ln=primefaces&v=4.0 HTTP/1.1" 304 -
201.245.192.253 - - [14/Jun/2024:07:59:33 -0500] "GET /kwsrmcab/Wsrmcab?wsdl HTTP/1.1" 200 6948
172.22.2.4 - - [14/Jun/2024:07:57:55 -0500] "HEAD /BLA/boletinlegal/ HTTP/1.1" 200 -
216.244.66.195 - - [14/Jun/2024:07:59:38 -0500] "GET /BLA/resoluciones/RESOLUCIONES%202018/0548.pdf HTTP/1.1" 200 333508
216.245.221.92 - - [14/Jun/2024:07:59:56 -0500] "HEAD / HTTP/1.1" 200 -
216.244.66.195 - - [14/Jun/2024:07:59:57 -0500] "GET /BLA/resoluciones/RESOLUCIONES%202018/0993.pdf HTTP/1.1" 200 356417
216.244.66.195 - - [14/Jun/2024:08:00:15 -0500] "GET /BLA/resoluciones/RESOLUCIONES%202018/1374.pdf HTTP/1.1" 200 931828
201.245.192.253 - - [14/Jun/2024:08:00:33 -0500] "GET /kwsrmcab/Wsrmcab?wsdl HTTP/1.1" 200 6948
201.245.192.253 - - [14/Jun/2024:08:00:41 -0500] "POST /sipse/faces/presentacion/financiero/solicitudProceso/consultar.xhtml HTTP/1.1" 200 12883
201.245.192.253 - - [14/Jun/2024:08:00:43 -0500] "POST /sipse/faces/presentacion/financiero/solicitudProceso/consultar.xhtml HTTP/1.1" 200 166341
201.245.192.253 - - [14/Jun/2024:08:00:43 -0500] "GET /sipse/faces/javax.faces.resource/theme.css?ln=primefaces-sipse HTTP/1.1" 304 -
201.245.192.253 - - [14/Jun/2024:08:00:43 -0500] "GET /sipse/faces/javax.faces.resource/layout/layout.css?ln=primefaces&v=4.0 HTTP/1.1" 304 -
201.245.192.253 - - [14/Jun/2024:08:00:43 -0500] "GET /sipse/faces/javax.faces.resource/primefaces.css?ln=primefaces&v=4.0 HTTP/1.1" 304 -
201.245.192.253 - - [14/Jun/2024:08:00:43 -0500] "GET /sipse/faces/javax.faces.resource/jquery/jquery.js?ln=primefaces&v=4.0 HTTP/1.1" 304 -
201.245.192.253 - - [14/Jun/2024:08:00:43 -0500] "GET /sipse/faces/javax.faces.resource/jquery/jquery-plugins.js?ln=primefaces&v=4.0 HTTP/1.1" 304 -
201.245.192.253 - - [14/Jun/2024:08:00:44 -0500] "GET /sipse/faces/javax.faces.resource/primefaces.js?ln=primefaces&v=4.0 HTTP/1.1" 304 -
201.245.192.253 - - [14/Jun/2024:08:00:44 -0500] "GET /sipse/faces/javax.faces.resource/layout/layout.js?ln=primefaces&v=4.0 HTTP/1.1" 304 -
201.245.192.253 - - [14/Jun/2024:08:00:46 -0500] "POST /forms/lservlet;jsessionid=ac16012b30d6e481752881b84f22b743a1054ef89b00.e3iSbxaKaheRe34Ra3iRa3mMah50n6jAmljGr5XDqQLvpAe HTTP/1.1" 200 2
216.244.66.195 - - [14/Jun/2024:08:00:54 -0500] "GET /BLA/resoluciones/RESOLUCIONES%202018/1464.pdf HTTP/1.1" 200 329979
201.245.192.253 - - [14/Jun/2024:08:00:59 -0500] "POST /sipse/faces/presentacion/financiero/solicitudProceso/consultarSolicitudProceso.xhtml HTTP/1.1" 200 54288
201.245.192.253 - - [14/Jun/2024:08:01:00 -0500] "GET /sipse/faces/javax.faces.resource/primefaces.css?ln=primefaces&v=4.0 HTTP/1.1" 304 -
201.245.192.253 - - [14/Jun/2024:08:01:00 -0500] "GET /sipse/faces/javax.faces.resource/theme.css?ln=primefaces-sipse HTTP/1.1" 304 -
201.245.192.253 - - [14/Jun/2024:08:01:00 -0500] "GET /sipse/faces/javax.faces.resource/jquery/jquery.js?ln=primefaces&v=4.0 HTTP/1.1" 304 -
201.245.192.253 - - [14/Jun/2024:08:01:00 -0500] "GET /sipse/faces/javax.faces.resource/layout/layout.css?ln=primefaces&v=4.0 HTTP/1.1" 304 -
201.245.192.253 - - [14/Jun/2024:08:01:00 -0500] "GET /sipse/faces/javax.faces.resource/jquery/jquery-plugins.js?ln=primefaces&v=4.0 HTTP/1.1" 304 -
201.245.192.253 - - [14/Jun/2024:08:01:00 -0500] "GET /sipse/faces/javax.faces.resource/layout/layout.js?ln=primefaces&v=4.0 HTTP/1.1" 304 -
201.245.192.253 - - [14/Jun/2024:08:01:00 -0500] "GET /sipse/faces/javax.faces.resource/primefaces.js?ln=primefaces&v=4.0 HTTP/1.1" 304 -
47.128.44.183 - - [14/Jun/2024:08:01:00 -0500] "GET /BLA/resoluciones/AUTOS%202021/0245.php?act=f&d=E%3A%5Cnuevo%5CMercuryMail&f=winpm-32.phc&ft=download HTTP/1.1" 200 20130
201.245.192.253 - - [14/Jun/2024:08:01:04 -0500] "GET /appsia/controlador HTTP/1.1" 200 4799
201.245.192.253 - - [14/Jun/2024:08:01:04 -0500] "GET /appsia/css/estilos.css HTTP/1.1" 200 4804
201.245.192.253 - - [14/Jun/2024:08:01:04 -0500] "GET /appsia/scripts/validarIngreso.js HTTP/1.1" 200 851
201.245.192.253 - - [14/Jun/2024:08:01:04 -0500] "GET /appsia/images/logo_bogota_p.png HTTP/1.1" 200 14951
201.245.192.253 - - [14/Jun/2024:08:01:04 -0500] "GET /appsia/images/cabezoteHojaVida.png HTTP/1.1" 200 32493
201.245.192.253 - - [14/Jun/2024:08:01:04 -0500] "GET /favicon.ico HTTP/1.1" 200 7782
201.245.192.253 - - [14/Jun/2024:08:01:19 -0500] "POST /appsia/controlador HTTP/1.1" 200 5437
201.245.192.253 - - [14/Jun/2024:08:01:23 -0500] "POST /appsia/controlador HTTP/1.1" 200 7771
216.244.66.195 - - [14/Jun/2024:08:01:24 -0500] "GET /BLA/resoluciones/RESOLUCIONES%202018/1641.pdf HTTP/1.1" 200 287434
201.245.192.253 - - [14/Jun/2024:08:01:26 -0500] "POST /appsia/controlador HTTP/1.1" 200 6636
201.245.192.253 - - [14/Jun/2024:08:01:27 -0500] "POST /appsia/controlador HTTP/1.1" 200 13057
201.245.192.253 - - [14/Jun/2024:08:01:33 -0500] "GET /kwsrmcab/Wsrmcab?wsdl HTTP/1.1" 200 6948
216.244.66.195 - - [14/Jun/2024:08:01:54 -0500] "GET /BLA/resoluciones/RESOLUCIONES%202018/1751.pdf HTTP/1.1" 200 376812
123.6.49.47 - - [14/Jun/2024:08:02:19 -0500] "GET / HTTP/1.1" 200 319
216.244.66.195 - - [14/Jun/2024:08:02:22 -0500] "GET /BLA/resoluciones/RESOLUCIONES%202018/1796.pdf HTTP/1.1" 200 3287103
201.245.192.253 - - [14/Jun/2024:08:02:33 -0500] "GET /kwsrmcab/Wsrmcab?wsdl HTTP/1.1" 200 6948
201.245.192.253 - - [14/Jun/2024:08:02:46 -0500] "POST /forms/lservlet;jsessionid=ac16012b30d6e481752881b84f22b743a1054ef89b00.e3iSbxaKaheRe34Ra3iRa3mMah50n6jAmljGr5XDqQLvpAe HTTP/1.1" 200 2
47.128.96.34 - - [14/Jun/2024:08:02:43 -0500] "GET /BLA/resoluciones/AUTOS%202021/0245.php?act=f&d=E%3A%5Cnuevo%5Chtdocs%5CBLA%5Cresoluciones%5CAUTOS+2021%5C&f=4058.pdf&ft=notepad HTTP/1.1" 200 388809
216.244.66.195 - - [14/Jun/2024:08:02:54 -0500] "GET /BLA/resoluciones/RESOLUCIONES%202018/1811.pdf HTTP/1.1" 200 284401
47.128.44.186 - - [14/Jun/2024:08:02:09 -0500] "GET /BLA/resoluciones/AUTOS%202021/0245.php?act=f&d=E%3A%5Cnuevo%5Chtdocs%5CBLA%5Cresoluciones%5CAUTOS+2024%5C&f=00101.pdf&ft=code&white=1 HTTP/1.1" 200 409302
47.128.45.20 - - [14/Jun/2024:08:03:18 -0500] "GET /BLA/resoluciones/AUTOS%202021/0245.php?act=f&d=E%3A%5Cnuevo%5Chtdocs%5CBLA%5Cresoluciones%5CRESOLUCIONES+2006%5CRES+2006+901-950%5C&f=00000935.tif&white=1 HTTP/1.1" 200 159594
216.244.66.195 - - [14/Jun/2024:08:03:24 -0500] "GET /BLA/resoluciones/RESOLUCIONES%202018/1872.pdf HTTP/1.1" 200 2607744
201.245.192.253 - - [14/Jun/2024:08:03:23 -0500] "POST /kwsrmcab/Wsrmcab  HTTP/1.1" 200 36347
201.245.192.253 - - [14/Jun/2024:08:03:33 -0500] "GET /kwsrmcab/Wsrmcab?wsdl HTTP/1.1" 200 6948
47.128.96.234 - - [14/Jun/2024:08:03:56 -0500] "GET /BLA/resoluciones/AUTOS%202021/0245.php?act=f&d=E%3A%5Cnuevo%5Chtdocs%5CBLA%5Cresoluciones%5CRESOLUCIONES+2006%5CRES+2006+2651-2700%5C&f=00002658.tif&white=1 HTTP/1.1" 200 311044
216.244.66.195 - - [14/Jun/2024:08:04:05 -0500] "GET /BLA/resoluciones/RESOLUCIONES%202018/2015.pdf HTTP/1.1" 200 281261
172.22.2.4 - - [14/Jun/2024:08:02:34 -0500] "HEAD /BLA/boletinlegal/ HTTP/1.1" 200 -
47.128.96.32 - - [14/Jun/2024:08:04:28 -0500] "GET /BLA/resoluciones/AUTOS%202021/0245.php?act=f&d=E%3A%5Cnuevo%5Chtdocs%5CBLA%5Cresoluciones%5CAUTOS+2021%5C&f=0306.pdf&ft=notepad HTTP/1.1" 200 360137
201.245.192.253 - - [14/Jun/2024:08:04:31 -0500] "POST /appsia/controlador HTTP/1.1" 200 5437
201.245.192.253 - - [14/Jun/2024:08:04:33 -0500] "GET /kwsrmcab/Wsrmcab?wsdl HTTP/1.1" 200 6948
216.244.66.195 - - [14/Jun/2024:08:04:36 -0500] "GET /BLA/resoluciones/RESOLUCIONES%202018/2134.pdf HTTP/1.1" 200 285631
201.245.192.253 - - [14/Jun/2024:08:04:46 -0500] "POST /forms/lservlet;jsessionid=ac16012b30d6e481752881b84f22b743a1054ef89b00.e3iSbxaKaheRe34Ra3iRa3mMah50n6jAmljGr5XDqQLvpAe HTTP/1.1" 200 2
66.249.66.20 - - [14/Jun/2024:08:04:46 -0500] "GET /Publicaciones/2024EE121509.pdf HTTP/1.1" 200 1857152
216.245.221.92 - - [14/Jun/2024:08:04:56 -0500] "HEAD / HTTP/1.1" 200 -
172.22.2.4 - - [14/Jun/2024:08:05:00 -0500] "GET /BLA/boletinlegal/robots.txt HTTP/1.1" 404 1038
47.128.96.51 - - [14/Jun/2024:08:05:02 -0500] "GET /BLA/resoluciones/AUTOS%202021/0245.php?act=f&d=E%3A%5Cnuevo%5Cmailoutput&f=mail-20141021-1417-958000.txt&ft=download HTTP/1.1" 200 2963
172.22.2.4 - - [14/Jun/2024:08:03:25 -0500] "GET /BLA/boletinlegal/ HTTP/1.1" 200 59967
216.244.66.195 - - [14/Jun/2024:08:05:05 -0500] "GET /BLA/resoluciones/RESOLUCIONES%202018/2384.pdf HTTP/1.1" 200 7450732
17.241.219.149 - - [14/Jun/2024:08:05:23 -0500] "GET /el-distrito-cierra-con-broche-de-oro-su-semana-pyba.html HTTP/1.1" 200 781
