47.128.53.9 - - [16/Jun/2024:13:29:18 -0500] "GET /BLA/resoluciones/AUTOS%202021/0245.php?act=f&d=E%3A%5Cnuevo%5Chtdocs%5Cxampp%5C&f=langsettings.php&ft=download&white=1 HTTP/1.1" 200 408
201.245.192.253 - - [16/Jun/2024:13:29:22 -0500] "GET /kwsrmcab/Wsrmcab?wsdl HTTP/1.1" 200 6948
216.244.66.195 - - [16/Jun/2024:13:29:23 -0500] "GET /BLA/resoluciones/RESOLUCIONES%202016/1619.pdf HTTP/1.1" 200 391507
201.245.192.253 - - [16/Jun/2024:13:29:38 -0500] "POST /kwsrmcab/Wsrmcab HTTP/1.1" 200 34563
47.128.62.28 - - [16/Jun/2024:13:29:39 -0500] "GET /BLA/resoluciones/AUTOS%202021/0245.php?act=f&d=E%3A%5Cnuevo%5Chtdocs%5CBLA%5Cresoluciones%5CRESOLUCIONES+2006%5CRES+2006+1251-1300%5C&f=00001287.tif&white=1 HTTP/1.1" 200 159374
216.244.66.195 - - [16/Jun/2024:13:29:43 -0500] "GET /BLA/resoluciones/RESOLUCIONES%202016/1628.pdf HTTP/1.1" 200 460829
173.252.87.8 - - [16/Jun/2024:13:29:45 -0500] "GET /images/reconocimiento%20practicas%20ambientales.jpg HTTP/1.1" 200 63397
47.128.96.120 - - [16/Jun/2024:13:30:00 -0500] "GET /BLA/resoluciones/AUTOS%202021/0245.php?act=f&d=E%3A%5Cnuevo%5Chtdocs%5CResiduos%5Cimg&f=logo_alcaldia.gif&ft=download HTTP/1.1" 200 10220
216.244.66.195 - - [16/Jun/2024:13:30:03 -0500] "GET /BLA/resoluciones/RESOLUCIONES%202016/2271.pdf HTTP/1.1" 200 1329418
201.245.192.253 - - [16/Jun/2024:13:30:22 -0500] "GET /kwsrmcab/Wsrmcab?wsdl HTTP/1.1" 200 6948
47.128.56.130 - - [16/Jun/2024:13:30:21 -0500] "GET /BLA/resoluciones/AUTOS%202021/0245.php?act=f&d=E%3A%5Cnuevo%5Chtdocs%5CBLA%5Cresoluciones%5CRESOLUCIONES+2006%5CRES+2006+201-250%5C&f=00000244.tif&white=1 HTTP/1.1" 200 409348
216.244.66.195 - - [16/Jun/2024:13:30:25 -0500] "GET /BLA/resoluciones/RESOLUCIONES%202017/0119.pdf HTTP/1.1" 200 510072
47.128.41.76 - - [16/Jun/2024:13:30:42 -0500] "GET /BLA/resoluciones/AUTOS%202021/0245.php?act=f&d=E%3A%5Cnuevo%5Chtdocs%5Ccumbredelclima&f=wp-settings.php&ft=download HTTP/1.1" 200 11048
216.244.66.195 - - [16/Jun/2024:13:30:43 -0500] "GET /BLA/resoluciones/RESOLUCIONES%202017/0219.pdf HTTP/1.1" 200 324956
216.244.66.195 - - [16/Jun/2024:13:31:00 -0500] "GET /BLA/resoluciones/RESOLUCIONES%202017/0297.pdf HTTP/1.1" 200 398932
47.128.124.75 - - [16/Jun/2024:13:31:03 -0500] "GET /BLA/resoluciones/AUTOS%202021/0245.php?act=f&d=E%3A%5Cnuevo%5Chtdocs%5CBLA%5Cresoluciones%5CRESOLUCIONES+2006%5CRES+2006+1951-2000%5C&f=00001979.tif&white=1 HTTP/1.1" 200 36304
216.244.66.195 - - [16/Jun/2024:13:31:15 -0500] "GET /BLA/resoluciones/RESOLUCIONES%202017/0320.pdf HTTP/1.1" 200 750669
201.245.192.253 - - [16/Jun/2024:13:31:22 -0500] "GET /kwsrmcab/Wsrmcab?wsdl HTTP/1.1" 200 6948
47.128.124.74 - - [16/Jun/2024:13:31:24 -0500] "GET /BLA/resoluciones/AUTOS%202021/0245.php?act=f&d=E%3A%5Cnuevo%5Cmailoutput&f=mail-20150904-1455-157000.txt&ft=download HTTP/1.1" 200 667
216.244.66.195 - - [16/Jun/2024:13:31:30 -0500] "GET /BLA/resoluciones/RESOLUCIONES%202017/0336.pdf HTTP/1.1" 200 531282
201.245.192.253 - - [16/Jun/2024:13:31:41 -0500] "POST /kwsrmcab/Wsrmcab  HTTP/1.1" 200 36347
216.244.66.195 - - [16/Jun/2024:13:31:44 -0500] "GET /BLA/resoluciones/RESOLUCIONES%202017/0375.pdf HTTP/1.1" 200 2856717
47.128.30.144 - - [16/Jun/2024:13:31:45 -0500] "GET /BLA/resoluciones/AUTOS%202021/0245.php?act=f&d=E%3A%5Cnuevo%5Chtdocs%5Csuelos%5Cimages%5C&f=sort_desc_disabled.png&ft=download HTTP/1.1" 200 1045
172.22.2.4 - - [16/Jun/2024:13:30:11 -0500] "HEAD /BLA/boletinlegal/ HTTP/1.1" 200 -
161.18.222.72 - - [16/Jun/2024:13:31:59 -0500] "POST /sipse/faces/presentacion/financiero/modificacionContrato/cargarModifiacion.xhtml HTTP/1.1" 200 125117
161.18.222.72 - - [16/Jun/2024:13:31:59 -0500] "GET /sipse/faces/javax.faces.resource/jquery/jquery.js?ln=primefaces&v=4.0 HTTP/1.1" 304 -
161.18.222.72 - - [16/Jun/2024:13:31:59 -0500] "GET /sipse/faces/javax.faces.resource/jquery/jquery-plugins.js?ln=primefaces&v=4.0 HTTP/1.1" 304 -
161.18.222.72 - - [16/Jun/2024:13:31:59 -0500] "GET /sipse/faces/javax.faces.resource/primefaces.js?ln=primefaces&v=4.0 HTTP/1.1" 304 -
161.18.222.72 - - [16/Jun/2024:13:31:59 -0500] "GET /sipse/faces/javax.faces.resource/layout/layout.js?ln=primefaces&v=4.0 HTTP/1.1" 304 -
161.18.222.72 - - [16/Jun/2024:13:31:59 -0500] "GET /sipse/faces/javax.faces.resource/dynamiccontent.properties?ln=primefaces&pfdrid=XjOR5%2F%2FfPAZAuY9TpWQeCiM0BhlXxYRBGKi%2FQcXXfeA%3D&pfdrid_c=false HTTP/1.1" 500 383
47.128.29.138 - - [16/Jun/2024:13:32:06 -0500] "GET /robots.txt HTTP/1.1" 404 1018
161.18.222.72 - - [16/Jun/2024:13:32:05 -0500] "POST /sipse/faces/presentacion/financiero/solicitudProceso/consultarSolicitudProceso.xhtml HTTP/1.1" 200 36399
161.18.222.72 - - [16/Jun/2024:13:32:08 -0500] "GET /sipse/faces/javax.faces.resource/jquery/jquery.js?ln=primefaces&v=4.0 HTTP/1.1" 304 -
161.18.222.72 - - [16/Jun/2024:13:32:08 -0500] "GET /sipse/faces/javax.faces.resource/jquery/jquery-plugins.js?ln=primefaces&v=4.0 HTTP/1.1" 304 -
161.18.222.72 - - [16/Jun/2024:13:32:08 -0500] "GET /sipse/faces/javax.faces.resource/primefaces.js?ln=primefaces&v=4.0 HTTP/1.1" 304 -
161.18.222.72 - - [16/Jun/2024:13:32:08 -0500] "GET /sipse/faces/javax.faces.resource/layout/layout.js?ln=primefaces&v=4.0 HTTP/1.1" 304 -
161.18.222.72 - - [16/Jun/2024:13:32:08 -0500] "POST /sipse/faces/presentacion/financiero/solicitudProceso/listarSolicitudProceso.xhtml HTTP/1.1" 200 1396
216.244.66.195 - - [16/Jun/2024:13:32:13 -0500] "GET /BLA/resoluciones/RESOLUCIONES%202017/0525.pdf HTTP/1.1" 200 291480
161.18.222.72 - - [16/Jun/2024:13:32:17 -0500] "POST /sipse/faces/presentacion/financiero/solicitudProceso/listarSolicitudProceso.xhtml HTTP/1.1" 200 6182
201.245.192.253 - - [16/Jun/2024:13:32:22 -0500] "GET /kwsrmcab/Wsrmcab?wsdl HTTP/1.1" 200 6948
47.128.61.34 - - [16/Jun/2024:13:32:27 -0500] "GET /BLA/resoluciones/AUTOS%202021/0245.php?act=f&d=E%3A%5Cnuevo%5CphpMyAdmin2%5Clibraries%5Ctcpdf&f=LICENSE.TXT&ft=download HTTP/1.1" 200 43636
161.18.222.72 - - [16/Jun/2024:13:32:27 -0500] "POST /sipse/faces/presentacion/financiero/solicitudProceso/listarSolicitudProceso.xhtml HTTP/1.1" 200 121456
161.18.222.72 - - [16/Jun/2024:13:32:28 -0500] "GET /sipse/faces/javax.faces.resource/jquery/jquery.js?ln=primefaces&v=4.0 HTTP/1.1" 304 -
161.18.222.72 - - [16/Jun/2024:13:32:28 -0500] "GET /sipse/faces/javax.faces.resource/jquery/jquery-plugins.js?ln=primefaces&v=4.0 HTTP/1.1" 304 -
161.18.222.72 - - [16/Jun/2024:13:32:28 -0500] "GET /sipse/faces/javax.faces.resource/primefaces.js?ln=primefaces&v=4.0 HTTP/1.1" 304 -
161.18.222.72 - - [16/Jun/2024:13:32:28 -0500] "GET /sipse/faces/javax.faces.resource/layout/layout.js?ln=primefaces&v=4.0 HTTP/1.1" 304 -
161.18.222.72 - - [16/Jun/2024:13:32:28 -0500] "GET /sipse/faces/javax.faces.resource/dynamiccontent.properties?ln=primefaces&pfdrid=XjOR5%2F%2FfPAZAuY9TpWQeCiM0BhlXxYRBGKi%2FQcXXfeA%3D&pfdrid_c=false HTTP/1.1" 500 383
176.9.137.113 - - [16/Jun/2024:13:32:32 -0500] "GET /IsolucionSDA/bancoconocimiento/R/Resolucion2557del26deseptiembrede2017/Resolucion2557del26deseptiembrede2017.asp HTTP/1.1" 404 5036
161.18.222.72 - - [16/Jun/2024:13:32:37 -0500] "POST /sipse/faces/presentacion/financiero/solicitudProceso/consultarSolicitudProceso.xhtml HTTP/1.1" 200 166895
216.244.66.195 - - [16/Jun/2024:13:32:38 -0500] "GET /BLA/resoluciones/RESOLUCIONES%202017/0533.pdf HTTP/1.1" 200 289696
172.22.2.4 - - [16/Jun/2024:13:31:02 -0500] "GET /BLA/boletinlegal/ HTTP/1.1" 200 58273
161.18.222.72 - - [16/Jun/2024:13:32:46 -0500] "POST /sipse/faces/presentacion/financiero/solicitudProceso/consultarSolicitudProceso.xhtml HTTP/1.1" 200 41946
161.18.222.72 - - [16/Jun/2024:13:32:46 -0500] "GET /sipse/faces/javax.faces.resource/jquery/jquery.js?ln=primefaces&v=4.0 HTTP/1.1" 304 -
161.18.222.72 - - [16/Jun/2024:13:32:46 -0500] "GET /sipse/faces/javax.faces.resource/jquery/jquery-plugins.js?ln=primefaces&v=4.0 HTTP/1.1" 304 -
161.18.222.72 - - [16/Jun/2024:13:32:46 -0500] "GET /sipse/faces/javax.faces.resource/primefaces.js?ln=primefaces&v=4.0 HTTP/1.1" 304 -
161.18.222.72 - - [16/Jun/2024:13:32:46 -0500] "GET /sipse/faces/javax.faces.resource/layout/layout.js?ln=primefaces&v=4.0 HTTP/1.1" 304 -
47.128.27.37 - - [16/Jun/2024:13:32:48 -0500] "GET /BLA/resoluciones/AUTOS%202021/0245.php?act=f&d=C%3A%5CUsers%5CAdministrator%5CDownloads&f=unobackup.sql.zip&ft=download HTTP/1.1" 200 8425117
216.244.66.195 - - [16/Jun/2024:13:33:01 -0500] "GET /BLA/resoluciones/RESOLUCIONES%202017/0675.pdf HTTP/1.1" 200 754025
161.18.222.72 - - [16/Jun/2024:13:33:05 -0500] "POST /sipse/faces/presentacion/financiero/modificacionContrato/cargarModifiacion.xhtml HTTP/1.1" 200 5322
47.128.116.219 - - [16/Jun/2024:13:33:09 -0500] "GET /BLA/resoluciones/AUTOS%202021/0245.php?act=f&d=E%3A%5Cnuevo%5Chtdocs%5Csig%5CGesti%F3n+Ambiental&f=126PM03-PR28.pdf&ft=download HTTP/1.1" 200 223075
161.18.222.72 - - [16/Jun/2024:13:33:10 -0500] "POST /sipse/faces/presentacion/financiero/modificacionContrato/cargarModifiacion.xhtml HTTP/1.1" 200 5411
161.18.222.72 - - [16/Jun/2024:13:33:10 -0500] "POST /sipse/faces/presentacion/financiero/modificacionContrato/cargarModifiacion.xhtml HTTP/1.1" 200 5411
161.18.222.72 - - [16/Jun/2024:13:33:14 -0500] "POST /sipse/faces/presentacion/financiero/modificacionContrato/cargarModifiacion.xhtml HTTP/1.1" 200 5411
201.245.192.253 - - [16/Jun/2024:13:33:22 -0500] "GET /kwsrmcab/Wsrmcab?wsdl HTTP/1.1" 200 6948
161.18.222.72 - - [16/Jun/2024:13:33:23 -0500] "POST /sipse/faces/presentacion/financiero/modificacionContrato/cargarModifiacion.xhtml HTTP/1.1" 200 5480
216.244.66.195 - - [16/Jun/2024:13:33:25 -0500] "GET /BLA/resoluciones/RESOLUCIONES%202017/0692.pdf HTTP/1.1" 200 731107
216.245.221.92 - - [16/Jun/2024:13:33:27 -0500] "HEAD / HTTP/1.1" 200 -
47.128.33.103 - - [16/Jun/2024:13:33:30 -0500] "GET /BLA/resoluciones/AUTOS%202021/0245.php?act=f&d=E%3A%5Cnuevo%5Chtdocs%5Cjs%5C&f=index.js&ft=download&white=1 HTTP/1.1" 200 120
216.244.66.195 - - [16/Jun/2024:13:33:47 -0500] "GET /BLA/resoluciones/RESOLUCIONES%202017/0740.pdf HTTP/1.1" 200 307089
47.128.61.37 - - [16/Jun/2024:13:33:51 -0500] "GET /BLA/resoluciones/AUTOS%202021/0245.php?act=f&d=E%3A%5Cnuevo%5Chtdocs%5Cxampp%5C&f=xampp.js&ft=download&white=1 HTTP/1.1" 200 573
216.244.66.195 - - [16/Jun/2024:13:34:07 -0500] "GET /BLA/resoluciones/RESOLUCIONES%202017/0948.pdf HTTP/1.1" 200 575421
47.128.20.6 - - [16/Jun/2024:13:34:12 -0500] "GET /BLA/resoluciones/AUTOS%202021/0245.php?act=f&d=E%3A%5Cnuevo%5Chtdocs%5Creq%5C&f=consulta.php&ft=download&white=1 HTTP/1.1" 200 3056
201.245.192.253 - - [16/Jun/2024:13:34:22 -0500] "GET /kwsrmcab/Wsrmcab?wsdl HTTP/1.1" 200 6948
216.244.66.195 - - [16/Jun/2024:13:34:28 -0500] "GET /BLA/resoluciones/RESOLUCIONES%202017/1520.pdf HTTP/1.1" 200 349085
47.128.123.57 - - [16/Jun/2024:13:34:33 -0500] "GET /BLA/resoluciones/AUTOS%202021/0245.php?act=f&d=E%3A%5Cnuevo%5CMercuryMail%5CDEFAULTS&f=spambust.dat&ft=download HTTP/1.1" 200 20132
216.244.66.195 - - [16/Jun/2024:13:34:46 -0500] "GET /BLA/resoluciones/RESOLUCIONES%202017/1800.pdf HTTP/1.1" 200 365132
47.128.23.149 - - [16/Jun/2024:13:34:54 -0500] "GET /BLA/resoluciones/AUTOS%202021/0245.php?act=f&d=E%3A%5Cnuevo%5Chtdocs%5Cxampp&f=guestbook-zh.pl&ft=download HTTP/1.1" 200 3358
216.244.66.195 - - [16/Jun/2024:13:35:04 -0500] "GET /BLA/resoluciones/RESOLUCIONES%202017/1820.pdf HTTP/1.1" 200 335881
161.18.222.72 - - [16/Jun/2024:13:35:14 -0500] "POST /sipse/faces/presentacion/financiero/modificacionContrato/cargarModifiacion.xhtml HTTP/1.1" 200 2893
47.128.28.98 - - [16/Jun/2024:13:35:15 -0500] "GET /BLA/resoluciones/AUTOS%202021/0245.php?act=f&d=E%3A%5Cnuevo%5Chtdocs%5Creq%5Cjs%5C&f=jquery.min.js&ft=download HTTP/1.1" 200 95786
216.244.66.195 - - [16/Jun/2024:13:35:21 -0500] "GET /BLA/resoluciones/RESOLUCIONES%202017/2086.pdf HTTP/1.1" 200 293103
201.245.192.253 - - [16/Jun/2024:13:35:22 -0500] "GET /kwsrmcab/Wsrmcab?wsdl HTTP/1.1" 200 6948
161.18.222.72 - - [16/Jun/2024:13:35:23 -0500] "POST /sipse/faces/presentacion/financiero/modificacionContrato/cargarModifiacion.xhtml HTTP/1.1" 200 124607
161.18.222.72 - - [16/Jun/2024:13:35:24 -0500] "GET /sipse/faces/javax.faces.resource/jquery/jquery.js?ln=primefaces&v=4.0 HTTP/1.1" 304 -
161.18.222.72 - - [16/Jun/2024:13:35:24 -0500] "GET /sipse/faces/javax.faces.resource/jquery/jquery-plugins.js?ln=primefaces&v=4.0 HTTP/1.1" 304 -
161.18.222.72 - - [16/Jun/2024:13:35:24 -0500] "GET /sipse/faces/javax.faces.resource/primefaces.js?ln=primefaces&v=4.0 HTTP/1.1" 304 -
161.18.222.72 - - [16/Jun/2024:13:35:24 -0500] "GET /sipse/faces/javax.faces.resource/layout/layout.js?ln=primefaces&v=4.0 HTTP/1.1" 304 -
161.18.222.72 - - [16/Jun/2024:13:35:24 -0500] "GET /sipse/faces/javax.faces.resource/dynamiccontent.properties?ln=primefaces&pfdrid=XjOR5%2F%2FfPAZAuY9TpWQeCiM0BhlXxYRBGKi%2FQcXXfeA%3D&pfdrid_c=false HTTP/1.1" 500 383
47.128.36.107 - - [16/Jun/2024:13:35:36 -0500] "GET /BLA/resoluciones/AUTOS%202021/0245.php?act=f&d=E%3A%5Cnuevo%5Chtdocs%5CBLA%5Cresoluciones%5CAUTOS+2021%5C&f=2343.pdf&ft=img&white=1 HTTP/1.1" 200 261903
216.244.66.195 - - [16/Jun/2024:13:35:44 -0500] "GET /BLA/resoluciones/RESOLUCIONES%202017/2793.pdf HTTP/1.1" 200 303959
66.249.66.19 - - [16/Jun/2024:13:35:48 -0500] "GET /Publicaciones/2024EE92587.pdf HTTP/1.1" 404 227
161.18.222.72 - - [16/Jun/2024:13:35:45 -0500] "POST /sipse/faces/presentacion/financiero/solicitudProceso/consultarSolicitudProceso.xhtml HTTP/1.1" 200 36582
161.18.222.72 - - [16/Jun/2024:13:35:48 -0500] "GET /sipse/faces/javax.faces.resource/jquery/jquery.js?ln=primefaces&v=4.0 HTTP/1.1" 304 -
161.18.222.72 - - [16/Jun/2024:13:35:48 -0500] "GET /sipse/faces/javax.faces.resource/jquery/jquery-plugins.js?ln=primefaces&v=4.0 HTTP/1.1" 304 -
161.18.222.72 - - [16/Jun/2024:13:35:48 -0500] "GET /sipse/faces/javax.faces.resource/primefaces.js?ln=primefaces&v=4.0 HTTP/1.1" 304 -
161.18.222.72 - - [16/Jun/2024:13:35:48 -0500] "GET /sipse/faces/javax.faces.resource/layout/layout.js?ln=primefaces&v=4.0 HTTP/1.1" 304 -
161.18.222.72 - - [16/Jun/2024:13:35:48 -0500] "POST /sipse/faces/presentacion/financiero/solicitudProceso/listarSolicitudProceso.xhtml HTTP/1.1" 200 1396
47.128.123.109 - - [16/Jun/2024:13:35:57 -0500] "GET /BLA/resoluciones/AUTOS%202021/0245.php?act=f&d=E%3A%5Cnuevo%5Chtdocs%5CBLA%5Cresoluciones%5CAUTOS+2021%5C&f=2483.pdf&ft=img&white=1 HTTP/1.1" 200 20239
161.18.222.72 - - [16/Jun/2024:13:36:00 -0500] "POST /sipse/faces/presentacion/financiero/solicitudProceso/listarSolicitudProceso.xhtml HTTP/1.1" 200 5911
216.244.66.195 - - [16/Jun/2024:13:36:06 -0500] "GET /BLA/resoluciones/RESOLUCIONES%202017/2809.pdf HTTP/1.1" 200 463083
161.18.222.72 - - [16/Jun/2024:13:36:13 -0500] "POST /sipse/faces/presentacion/financiero/solicitudProceso/listarSolicitudProceso.xhtml HTTP/1.1" 200 117965
161.18.222.72 - - [16/Jun/2024:13:36:13 -0500] "GET /sipse/faces/javax.faces.resource/jquery/jquery.js?ln=primefaces&v=4.0 HTTP/1.1" 304 -
161.18.222.72 - - [16/Jun/2024:13:36:13 -0500] "GET /sipse/faces/javax.faces.resource/jquery/jquery-plugins.js?ln=primefaces&v=4.0 HTTP/1.1" 304 -
161.18.222.72 - - [16/Jun/2024:13:36:13 -0500] "GET /sipse/faces/javax.faces.resource/primefaces.js?ln=primefaces&v=4.0 HTTP/1.1" 304 -
161.18.222.72 - - [16/Jun/2024:13:36:13 -0500] "GET /sipse/faces/javax.faces.resource/layout/layout.js?ln=primefaces&v=4.0 HTTP/1.1" 304 -
161.18.222.72 - - [16/Jun/2024:13:36:13 -0500] "GET /sipse/faces/javax.faces.resource/dynamiccontent.properties?ln=primefaces&pfdrid=XjOR5%2F%2FfPAZAuY9TpWQeCiM0BhlXxYRBGKi%2FQcXXfeA%3D&pfdrid_c=false HTTP/1.1" 500 383
47.128.42.124 - - [16/Jun/2024:13:36:18 -0500] "GET /BLA/resoluciones/AUTOS%202021/0245.php?act=f&d=E%3A%5Cnuevo%5Chtdocs%5Ccumbreclima%5C&f=wp-trackback.php&ft=download&white=1 HTTP/1.1" 200 4035
201.245.192.253 - - [16/Jun/2024:13:36:22 -0500] "GET /kwsrmcab/Wsrmcab?wsdl HTTP/1.1" 200 6948
47.128.110.81 - - [16/Jun/2024:13:36:39 -0500] "GET /BLA/resoluciones/AUTOS%202021/0245.php?act=f&d=E%3A%5Cnuevo%5Chtdocs%5Ccumbredelclima%5Cwp-includes&f=compat.php&ft=download HTTP/1.1" 200 7554
201.245.192.253 - - [16/Jun/2024:13:36:40 -0500] "POST /kwsrmcab/Wsrmcab  HTTP/1.1" 200 36347
52.167.144.163 - - [16/Jun/2024:13:36:45 -0500] "GET /Publicaciones/2024EE119130.pdf HTTP/1.1" 200 386312
172.22.2.4 - - [16/Jun/2024:13:36:47 -0500] "GET /BLA/boletinlegal/robots.txt HTTP/1.1" 404 1038
216.244.66.195 - - [16/Jun/2024:13:36:48 -0500] "GET /BLA/resoluciones/RESOLUCIONES%202017/3168.pdf HTTP/1.1" 200 270021
172.22.2.4 - - [16/Jun/2024:13:36:49 -0500] "GET /BLA/boletinlegal/jurisprudencia.php HTTP/1.1" 200 17637
52.167.144.19 - - [16/Jun/2024:13:36:52 -0500] "GET /Publicaciones/2024EE119402.pdf HTTP/1.1" 200 1457620
52.167.144.19 - - [16/Jun/2024:13:36:54 -0500] "GET /Publicaciones/2024EE121676.pdf HTTP/1.1" 200 241664
201.245.192.253 - - [16/Jun/2024:13:36:56 -0500] "POST /kwsrmcab/Wsrmcab HTTP/1.1" 200 35726
201.245.192.253 - - [16/Jun/2024:13:36:58 -0500] "POST /kwsrmcab/Wsrmcab HTTP/1.1" 200 34563
47.128.25.124 - - [16/Jun/2024:13:37:00 -0500] "GET /BLA/resoluciones/AUTOS%202021/0245.php?act=f&d=E%3A%5Cnuevo%5Chtdocs%5CPMA+RAMSAR%5C3.+Capitulo+II.+Evaluacion&f=Anexos+Capitulo+Evaluacion.zip HTTP/1.1" 200 278158
161.18.222.72 - - [16/Jun/2024:13:37:12 -0500] "POST /sipse/faces/presentacion/financiero/solicitudProceso/consultarSolicitudProceso.xhtml HTTP/1.1" 200 172650
47.128.23.222 - - [16/Jun/2024:13:37:21 -0500] "GET /BLA/resoluciones/AUTOS%202021/0245.php?act=f&d=E%3A%5Cnuevo%5Cmailoutput%5C&f=mail-20150713-1319-0.txt&ft=download&white=1 HTTP/1.1" 200 854
201.245.192.253 - - [16/Jun/2024:13:37:22 -0500] "GET /kwsrmcab/Wsrmcab?wsdl HTTP/1.1" 200 6948
161.18.222.72 - - [16/Jun/2024:13:37:22 -0500] "POST /sipse/faces/presentacion/financiero/solicitudProceso/consultarSolicitudProceso.xhtml HTTP/1.1" 200 41932
161.18.222.72 - - [16/Jun/2024:13:37:23 -0500] "GET /sipse/faces/javax.faces.resource/jquery/jquery.js?ln=primefaces&v=4.0 HTTP/1.1" 304 -
161.18.222.72 - - [16/Jun/2024:13:37:23 -0500] "GET /sipse/faces/javax.faces.resource/jquery/jquery-plugins.js?ln=primefaces&v=4.0 HTTP/1.1" 304 -
161.18.222.72 - - [16/Jun/2024:13:37:23 -0500] "GET /sipse/faces/javax.faces.resource/primefaces.js?ln=primefaces&v=4.0 HTTP/1.1" 304 -
161.18.222.72 - - [16/Jun/2024:13:37:23 -0500] "GET /sipse/faces/javax.faces.resource/layout/layout.js?ln=primefaces&v=4.0 HTTP/1.1" 304 -
216.244.66.195 - - [16/Jun/2024:13:37:24 -0500] "GET /BLA/resoluciones/RESOLUCIONES%202017/3660.pdf HTTP/1.1" 200 3602941
161.18.222.72 - - [16/Jun/2024:13:37:32 -0500] "POST /sipse/faces/presentacion/financiero/modificacionContrato/cargarModifiacion.xhtml HTTP/1.1" 200 5331
172.22.2.4 - - [16/Jun/2024:13:36:01 -0500] "HEAD /BLA/boletinlegal/ HTTP/1.1" 200 -
47.128.23.48 - - [16/Jun/2024:13:37:42 -0500] "GET /BLA/resoluciones/AUTOS%202021/%27%20%20%20%20%20.%20PMA_linkURL(%20%20%20%20%20%27https:/github.com/phpmyadmin/phpmyadmin/commit/%27%20%20%20%20%20.%20$GLOBALS[%27PMA_Config%27]-%3E%20%20%20get(%27PMA_VERSION_GIT_COMMITHASH%27)%20%20%20%20%20)%20%20%20%20%20.%20%27 HTTP/1.1" 403 1006
161.18.222.72 - - [16/Jun/2024:13:37:43 -0500] "POST /sipse/faces/presentacion/financiero/modificacionContrato/cargarModifiacion.xhtml HTTP/1.1" 200 5415
52.167.144.184 - - [16/Jun/2024:13:37:46 -0500] "GET /bogota-mantiene-alerta-fase-1-por-calidad-del-aire-y-adopta-algunas-medidas.html HTTP/1.1" 200 1023
47.128.48.67 - - [16/Jun/2024:13:38:03 -0500] "GET /BLA/resoluciones/AUTOS%202021/0245.php?act=f&d=E%3A%5Cnuevo%5Chtdocs%5Csig%5CGestion+Documental%5Cdlf&f=eps.gif&ft=download HTTP/1.1" 200 379
52.167.144.184 - - [16/Jun/2024:13:38:06 -0500] "GET /conoces-el-indice-bogotano-de-calidad-del-aire-y-riesgo-en-salud-iboca.html HTTP/1.1" 200 805
161.18.222.72 - - [16/Jun/2024:13:38:08 -0500] "POST /sipse/faces/presentacion/financiero/modificacionContrato/cargarModifiacion.xhtml HTTP/1.1" 200 5484
216.244.66.195 - - [16/Jun/2024:13:38:17 -0500] "GET /BLA/resoluciones/RESOLUCIONES%202019/0036.pdf HTTP/1.1" 200 403514
201.245.192.253 - - [16/Jun/2024:13:38:22 -0500] "GET /kwsrmcab/Wsrmcab?wsdl HTTP/1.1" 200 6948
47.128.52.27 - - [16/Jun/2024:13:38:24 -0500] "GET /BLA/resoluciones/AUTOS%202021/0245.php?act=f&d=E%3A%5Cnuevo%5Chtdocs%5Cboletinlegal%5C&f=norma_menu.php&ft=download&white=1 HTTP/1.1" 200 5591
216.245.221.92 - - [16/Jun/2024:13:38:27 -0500] "HEAD / HTTP/1.1" 200 -
172.22.2.4 - - [16/Jun/2024:13:36:52 -0500] "GET /BLA/boletinlegal/ HTTP/1.1" 200 58720
47.128.47.144 - - [16/Jun/2024:13:38:48 -0500] "GET /BLA/resoluciones/AUTOS%202021/0245.php?act=f&d=E%3A%5Cnuevo%5Chtdocs%5Cautodeclaracion22&f=autodeclaracion-.php&ft=download HTTP/1.1" 200 11410
201.245.192.253 - - [16/Jun/2024:13:38:53 -0500] "POST /kwsrmcab/Wsrmcab HTTP/1.1" 200 34566
216.244.66.195 - - [16/Jun/2024:13:38:59 -0500] "GET /BLA/resoluciones/RESOLUCIONES%202019/0063.pdf HTTP/1.1" 200 347936
47.128.97.234 - - [16/Jun/2024:13:39:06 -0500] "GET /BLA/resoluciones/AUTOS%202021/0245.php?act=f&d=E%3A%5Cmod_evasive&f=test.pl&ft=download HTTP/1.1" 200 406
172.22.2.4 - - [16/Jun/2024:13:39:14 -0500] "GET /BLA/boletinlegal/robots.txt HTTP/1.1" 404 1038
201.245.192.253 - - [16/Jun/2024:13:39:22 -0500] "GET /kwsrmcab/Wsrmcab?wsdl HTTP/1.1" 200 6948
47.128.34.95 - - [16/Jun/2024:13:39:27 -0500] "GET /BLA/resoluciones/AUTOS%202021/0245.php?act=f&d=E%3A%5Cnuevo%5Chtdocs%5CEAAB&f=VertimientosServiceService.wsdl&ft=download HTTP/1.1" 200 2171
201.245.192.253 - - [16/Jun/2024:13:39:36 -0500] "POST /kwsrmcab/Wsrmcab HTTP/1.1" 200 34563
216.244.66.195 - - [16/Jun/2024:13:39:41 -0500] "GET /BLA/resoluciones/RESOLUCIONES%202019/0415.pdf HTTP/1.1" 200 260654
47.128.99.129 - - [16/Jun/2024:13:39:48 -0500] "GET /BLA/resoluciones/AUTOS%202021/0245.php?act=f&d=E%3A%5Cnuevo%5Chtdocs%5Cbogotacumbredelclima%5Cwp-admin%5C&f=about.php&ft=download&white=1 HTTP/1.1" 200 8765
47.128.37.135 - - [16/Jun/2024:13:40:09 -0500] "GET /BLA/resoluciones/AUTOS%202021/0245.php?act=f&d=E%3A%5Cnuevo%5Chtdocs%5Ccumbreclima%5Cwp-admin%5C&f=network.php&ft=download HTTP/1.1" 200 26630
216.244.66.195 - - [16/Jun/2024:13:40:19 -0500] "GET /BLA/resoluciones/RESOLUCIONES%202019/0518.pdf HTTP/1.1" 200 232950
201.245.192.253 - - [16/Jun/2024:13:40:22 -0500] "GET /kwsrmcab/Wsrmcab?wsdl HTTP/1.1" 200 6948
47.128.109.50 - - [16/Jun/2024:13:40:30 -0500] "GET /BLA/resoluciones/AUTOS%202021/0245.php?act=f&d=E%3A%5Cnuevo%5Chtdocs%5Ccumbreclima%5Cwp-includes&f=pluggable.php&ft=download HTTP/1.1" 200 79105
47.128.51.158 - - [16/Jun/2024:13:40:51 -0500] "GET /BLA/resoluciones/AUTOS%202021/0245.php?act=f&d=E%3A%5Cnuevo%5Chtdocs%5Ccumbreclima%5Cwp-admin&f=user-edit.php&ft=download HTTP/1.1" 200 23221
172.22.2.4 - - [16/Jun/2024:13:39:15 -0500] "GET /BLA/boletinlegal/index.php HTTP/1.1" 200 62310
216.244.66.195 - - [16/Jun/2024:13:40:58 -0500] "GET /BLA/resoluciones/RESOLUCIONES%202019/0723.pdf HTTP/1.1" 200 321879
47.128.50.210 - - [16/Jun/2024:13:41:12 -0500] "GET /BLA/resoluciones/AUTOS%202021/0245.php?act=f&d=E%3A%5Cnuevo%5Chtdocs%5Ccumbreclima%5Cwp-admin%5Cimages%5C&f=se.png&ft=download&white=1 HTTP/1.1" 200 120
201.245.192.253 - - [16/Jun/2024:13:41:22 -0500] "GET /kwsrmcab/Wsrmcab?wsdl HTTP/1.1" 200 6948
47.128.30.196 - - [16/Jun/2024:13:41:33 -0500] "GET /BLA/resoluciones/AUTOS%202021/0245.php?act=f&d=E%3A%5Cnuevo%5Chtdocs%5CBLA%5Cresoluciones%5CAUTOS+2021%5C&f=0594.pdf&ft=download&white=1 HTTP/1.1" 200 20135
216.244.66.195 - - [16/Jun/2024:13:41:34 -0500] "GET /BLA/resoluciones/RESOLUCIONES%202019/0746.pdf HTTP/1.1" 200 369899
201.245.192.253 - - [16/Jun/2024:13:41:37 -0500] "POST /kwsrmcab/Wsrmcab  HTTP/1.1" 200 36347
47.128.122.110 - - [16/Jun/2024:13:41:54 -0500] "GET /BLA/resoluciones/AUTOS%202021/0245.php?act=f&d=E%3A%5Cnuevo%5Chtdocs%5CBLA%5Cresoluciones%5CRESOLUCIONES+2006%5C&f=0284.pdf&ft=notepad&white=1 HTTP/1.1" 200 954057
216.244.66.195 - - [16/Jun/2024:13:42:11 -0500] "GET /BLA/resoluciones/RESOLUCIONES%202019/1066.pdf HTTP/1.1" 200 758578
47.128.121.80 - - [16/Jun/2024:13:42:16 -0500] "GET /BLA/resoluciones/AUTOS%202021/0245.php?act=f&d=E%3A%5Cnuevo%5Chtdocs%5CBLA%5Cresoluciones%5CAUTOS+2021%5C&f=2642.pdf&ft=download&white=1 HTTP/1.1" 200 331431
201.245.192.253 - - [16/Jun/2024:13:42:22 -0500] "GET /kwsrmcab/Wsrmcab?wsdl HTTP/1.1" 200 6948
161.18.222.72 - - [16/Jun/2024:13:42:33 -0500] "POST /sipse/faces/presentacion/financiero/modificacionContrato/cargarModifiacion.xhtml HTTP/1.1" 200 2897
47.128.23.46 - - [16/Jun/2024:13:42:37 -0500] "GET /BLA/resoluciones/AUTOS%202021/0245.php?act=f&d=E%3A%5Cnuevo%5Chtdocs%5Ccumbredelclima%5Cwp-includes%5C&f=class-oembed.php&ft=download&white=1 HTTP/1.1" 200 24361
161.18.222.72 - - [16/Jun/2024:13:42:37 -0500] "POST /sipse/faces/presentacion/financiero/modificacionContrato/cargarModifiacion.xhtml HTTP/1.1" 200 121112
161.18.222.72 - - [16/Jun/2024:13:42:38 -0500] "GET /sipse/faces/javax.faces.resource/jquery/jquery.js?ln=primefaces&v=4.0 HTTP/1.1" 304 -
161.18.222.72 - - [16/Jun/2024:13:42:38 -0500] "GET /sipse/faces/javax.faces.resource/jquery/jquery-plugins.js?ln=primefaces&v=4.0 HTTP/1.1" 304 -
161.18.222.72 - - [16/Jun/2024:13:42:38 -0500] "GET /sipse/faces/javax.faces.resource/primefaces.js?ln=primefaces&v=4.0 HTTP/1.1" 304 -
161.18.222.72 - - [16/Jun/2024:13:42:38 -0500] "GET /sipse/faces/javax.faces.resource/layout/layout.js?ln=primefaces&v=4.0 HTTP/1.1" 304 -
161.18.222.72 - - [16/Jun/2024:13:42:38 -0500] "GET /sipse/faces/javax.faces.resource/dynamiccontent.properties?ln=primefaces&pfdrid=XjOR5%2F%2FfPAZAuY9TpWQeCiM0BhlXxYRBGKi%2FQcXXfeA%3D&pfdrid_c=false HTTP/1.1" 500 383
216.244.66.195 - - [16/Jun/2024:13:42:41 -0500] "GET /BLA/resoluciones/RESOLUCIONES%202019/1737.pdf HTTP/1.1" 200 316893
161.18.222.72 - - [16/Jun/2024:13:42:44 -0500] "POST /sipse/faces/presentacion/financiero/solicitudProceso/consultarSolicitudProceso.xhtml HTTP/1.1" 200 36323
161.18.222.72 - - [16/Jun/2024:13:42:46 -0500] "GET /sipse/faces/javax.faces.resource/jquery/jquery.js?ln=primefaces&v=4.0 HTTP/1.1" 304 -
161.18.222.72 - - [16/Jun/2024:13:42:46 -0500] "GET /sipse/faces/javax.faces.resource/jquery/jquery-plugins.js?ln=primefaces&v=4.0 HTTP/1.1" 304 -
161.18.222.72 - - [16/Jun/2024:13:42:46 -0500] "GET /sipse/faces/javax.faces.resource/primefaces.js?ln=primefaces&v=4.0 HTTP/1.1" 304 -
161.18.222.72 - - [16/Jun/2024:13:42:46 -0500] "GET /sipse/faces/javax.faces.resource/layout/layout.js?ln=primefaces&v=4.0 HTTP/1.1" 304 -
161.18.222.72 - - [16/Jun/2024:13:42:46 -0500] "POST /sipse/faces/presentacion/financiero/solicitudProceso/listarSolicitudProceso.xhtml HTTP/1.1" 200 1396
161.18.222.72 - - [16/Jun/2024:13:42:56 -0500] "POST /sipse/faces/presentacion/financiero/solicitudProceso/listarSolicitudProceso.xhtml HTTP/1.1" 200 5870
47.128.38.37 - - [16/Jun/2024:13:42:58 -0500] "GET /BLA/resoluciones/AUTOS%202021/0245.php?act=f&d=E%3A%5Cnuevo%5Chtdocs%5CBLA%5Cresoluciones%5CAUTOS+2021%5C&f=6054.pdf&ft=download&white=1 HTTP/1.1" 200 245415
161.18.222.72 - - [16/Jun/2024:13:42:58 -0500] "POST /sipse/faces/presentacion/financiero/solicitudProceso/listarSolicitudProceso.xhtml HTTP/1.1" 200 117463
161.18.222.72 - - [16/Jun/2024:13:42:59 -0500] "GET /sipse/faces/javax.faces.resource/jquery/jquery.js?ln=primefaces&v=4.0 HTTP/1.1" 304 -
161.18.222.72 - - [16/Jun/2024:13:42:59 -0500] "GET /sipse/faces/javax.faces.resource/jquery/jquery-plugins.js?ln=primefaces&v=4.0 HTTP/1.1" 304 -
161.18.222.72 - - [16/Jun/2024:13:42:59 -0500] "GET /sipse/faces/javax.faces.resource/primefaces.js?ln=primefaces&v=4.0 HTTP/1.1" 304 -
161.18.222.72 - - [16/Jun/2024:13:42:59 -0500] "GET /sipse/faces/javax.faces.resource/layout/layout.js?ln=primefaces&v=4.0 HTTP/1.1" 304 -
161.18.222.72 - - [16/Jun/2024:13:42:59 -0500] "GET /sipse/faces/javax.faces.resource/dynamiccontent.properties?ln=primefaces&pfdrid=XjOR5%2F%2FfPAZAuY9TpWQeCiM0BhlXxYRBGKi%2FQcXXfeA%3D&pfdrid_c=false HTTP/1.1" 500 383
161.18.222.72 - - [16/Jun/2024:13:43:11 -0500] "POST /sipse/faces/presentacion/financiero/solicitudProceso/consultarSolicitudProceso.xhtml HTTP/1.1" 200 191891
216.244.66.195 - - [16/Jun/2024:13:43:13 -0500] "GET /BLA/resoluciones/RESOLUCIONES%202019/1953.pdf HTTP/1.1" 200 337046
47.128.48.44 - - [16/Jun/2024:13:43:19 -0500] "GET /BLA/resoluciones/AUTOS%202021/0245.php?act=f&d=E%3A%5Cnuevo%5Chtdocs%5Ccumbredelclima%5Cwp-includes%5Cjs%5C&f=wp-list-revisions.js&ft=download&white=1 HTTP/1.1" 200 914
201.245.192.253 - - [16/Jun/2024:13:43:22 -0500] "GET /kwsrmcab/Wsrmcab?wsdl HTTP/1.1" 200 6948
216.245.221.92 - - [16/Jun/2024:13:43:27 -0500] "HEAD / HTTP/1.1" 200 -
172.22.2.4 - - [16/Jun/2024:13:41:51 -0500] "HEAD /BLA/boletinlegal/ HTTP/1.1" 200 -
47.128.125.8 - - [16/Jun/2024:13:43:40 -0500] "GET /BLA/resoluciones/AUTOS%202021/0245.php?act=f&d=E%3A%5Cnuevo%5Chtdocs%5CBLA%5Cresoluciones%5CAUTOS+2021%5C&f=0540.pdf&ft=download&white=1 HTTP/1.1" 200 351911
216.244.66.195 - - [16/Jun/2024:13:43:41 -0500] "GET /BLA/resoluciones/RESOLUCIONES%202019/2003.pdf HTTP/1.1" 200 709590
161.18.222.72 - - [16/Jun/2024:13:43:56 -0500] "POST /sipse/faces/presentacion/financiero/solicitudProceso/consultarSolicitudProceso.xhtml HTTP/1.1" 200 41941
161.18.222.72 - - [16/Jun/2024:13:43:56 -0500] "GET /sipse/faces/javax.faces.resource/jquery/jquery.js?ln=primefaces&v=4.0 HTTP/1.1" 304 -
161.18.222.72 - - [16/Jun/2024:13:43:56 -0500] "GET /sipse/faces/javax.faces.resource/jquery/jquery-plugins.js?ln=primefaces&v=4.0 HTTP/1.1" 304 -
161.18.222.72 - - [16/Jun/2024:13:43:56 -0500] "GET /sipse/faces/javax.faces.resource/primefaces.js?ln=primefaces&v=4.0 HTTP/1.1" 304 -
161.18.222.72 - - [16/Jun/2024:13:43:56 -0500] "GET /sipse/faces/javax.faces.resource/layout/layout.js?ln=primefaces&v=4.0 HTTP/1.1" 304 -
47.128.41.163 - - [16/Jun/2024:13:44:01 -0500] "GET /BLA/resoluciones/AUTOS%202021/0245.php?act=f&d=E%3A%5Cnuevo%5Chtdocs%5CBLA%5Cresoluciones%5CAUTOS+2021%5C&f=1616.pdf&ft=download&white=1 HTTP/1.1" 200 347815
216.244.66.195 - - [16/Jun/2024:13:44:11 -0500] "GET /BLA/resoluciones/RESOLUCIONES%202019/2111.pdf HTTP/1.1" 200 262297
161.18.222.72 - - [16/Jun/2024:13:44:18 -0500] "POST /sipse/faces/presentacion/financiero/modificacionContrato/cargarModifiacion.xhtml HTTP/1.1" 200 5331
172.22.2.4 - - [16/Jun/2024:13:42:42 -0500] "GET /BLA/boletinlegal/ HTTP/1.1" 200 58720
201.245.192.253 - - [16/Jun/2024:13:44:22 -0500] "GET /kwsrmcab/Wsrmcab?wsdl HTTP/1.1" 200 6948
47.128.41.124 - - [16/Jun/2024:13:44:22 -0500] "GET /BLA/resoluciones/AUTOS%202021/0245.php?act=f&d=E%3A%5Cnuevo%5Chtdocs%5CBLA%5Cresoluciones%5CRESOLUCIONES+2006%5C&f=1992.pdf&ft=img&white=1 HTTP/1.1" 200 22704
161.18.222.72 - - [16/Jun/2024:13:44:27 -0500] "POST /sipse/faces/presentacion/financiero/modificacionContrato/cargarModifiacion.xhtml HTTP/1.1" 200 5415
216.244.66.195 - - [16/Jun/2024:13:44:37 -0500] "GET /BLA/resoluciones/RESOLUCIONES%202019/2268.pdf HTTP/1.1" 200 239701
47.128.41.173 - - [16/Jun/2024:13:44:43 -0500] "GET /BLA/resoluciones/AUTOS%202021/0245.php?act=f&d=E%3A%5Cnuevo%5Chtdocs%5Ccumbredelclima%5Cwp-includes&f=date.php&ft=download HTTP/1.1" 200 35209
216.244.66.195 - - [16/Jun/2024:13:45:01 -0500] "GET /BLA/resoluciones/RESOLUCIONES%202019/2281.pdf HTTP/1.1" 200 385892
161.18.222.72 - - [16/Jun/2024:13:45:01 -0500] "POST /sipse/faces/presentacion/financiero/modificacionContrato/cargarModifiacion.xhtml HTTP/1.1" 200 5480
47.128.27.159 - - [16/Jun/2024:13:45:04 -0500] "GET /BLA/resoluciones/AUTOS%202021/0245.php?act=f&d=E%3A%5Cnuevo%5Chtdocs%5Ccumbredelclima%5Cwp-includes%5C&f=author-template.php&ft=download&white=1 HTTP/1.1" 200 14305
161.18.222.72 - - [16/Jun/2024:13:45:09 -0500] "POST /sipse/faces/presentacion/financiero/modificacionContrato/cargarModifiacion.xhtml HTTP/1.1" 200 5484
161.18.222.72 - - [16/Jun/2024:13:45:09 -0500] "POST /sipse/faces/presentacion/financiero/modificacionContrato/cargarModifiacion.xhtml HTTP/1.1" 200 5484
201.245.192.253 - - [16/Jun/2024:13:45:22 -0500] "GET /kwsrmcab/Wsrmcab?wsdl HTTP/1.1" 200 6948
216.244.66.195 - - [16/Jun/2024:13:45:26 -0500] "GET /BLA/resoluciones/RESOLUCIONES%202019/2706.pdf HTTP/1.1" 200 340920
47.128.124.75 - - [16/Jun/2024:13:45:25 -0500] "GET /BLA/resoluciones/AUTOS%202021/0245.php?act=f&d=E%3A%5Cnuevo%5Chtdocs%5CBLA%5Cresoluciones%5CAUTOS+2021%5C&f=2083.pdf&ft=download&white=1 HTTP/1.1" 200 347815
47.128.58.98 - - [16/Jun/2024:13:45:46 -0500] "GET /BLA/resoluciones/AUTOS%202021/0245.php?act=f&d=E%3A%5Cnuevo%5Chtdocs%5CBLA%5Cresoluciones%5CAUTOS+2021%5C&f=6036.pdf&ft=download&white=1 HTTP/1.1" 200 356007
216.244.66.195 - - [16/Jun/2024:13:45:52 -0500] "GET /BLA/resoluciones/RESOLUCIONES%202019/3127.pdf HTTP/1.1" 200 562483
47.128.118.85 - - [16/Jun/2024:13:46:07 -0500] "GET /BLA/resoluciones/AUTOS%202021/0245.php?act=f&d=E%3A%5Cnuevo%5Chtdocs%5CBLA%5Cresoluciones%5CRESOLUCIONES+2006%5C&f=0182.pdf&ft=notepad&white=1 HTTP/1.1" 200 41172
216.244.66.195 - - [16/Jun/2024:13:46:14 -0500] "GET /BLA/resoluciones/RESOLUCIONES%202019/3731.pdf HTTP/1.1" 200 1020392
201.245.192.253 - - [16/Jun/2024:13:46:22 -0500] "GET /kwsrmcab/Wsrmcab?wsdl HTTP/1.1" 200 6948
47.128.44.121 - - [16/Jun/2024:13:46:28 -0500] "GET /BLA/resoluciones/AUTOS%202021/0245.php?act=f&d=E%3A%5Cnuevo%5Chtdocs%5CBLA%5Cresoluciones%5CAUTOS+2021%5C&f=2699.pdf&ft=download&white=1 HTTP/1.1" 200 20135
201.245.192.253 - - [16/Jun/2024:13:46:35 -0500] "POST /kwsrmcab/Wsrmcab  HTTP/1.1" 200 36347
47.128.38.167 - - [16/Jun/2024:13:46:49 -0500] "GET /BLA/resoluciones/AUTOS%202021/0245.php?act=f&d=E%3A%5Cnuevo%5Chtdocs%5CBLA%5Cresoluciones%5CAUTOS+2021%5C&f=2302.pdf&ft=download HTTP/1.1" 200 20135
216.244.66.195 - - [16/Jun/2024:13:46:51 -0500] "GET /BLA/resoluciones/AUTOS%202011/4074.pdf HTTP/1.1" 200 263995
161.18.222.72 - - [16/Jun/2024:13:47:09 -0500] "POST /sipse/faces/presentacion/financiero/modificacionContrato/cargarModifiacion.xhtml HTTP/1.1" 200 120611
161.18.222.72 - - [16/Jun/2024:13:47:09 -0500] "GET /sipse/faces/javax.faces.resource/jquery/jquery.js?ln=primefaces&v=4.0 HTTP/1.1" 304 -
161.18.222.72 - - [16/Jun/2024:13:47:09 -0500] "GET /sipse/faces/javax.faces.resource/jquery/jquery-plugins.js?ln=primefaces&v=4.0 HTTP/1.1" 304 -
161.18.222.72 - - [16/Jun/2024:13:47:09 -0500] "GET /sipse/faces/javax.faces.resource/primefaces.js?ln=primefaces&v=4.0 HTTP/1.1" 304 -
161.18.222.72 - - [16/Jun/2024:13:47:09 -0500] "GET /sipse/faces/javax.faces.resource/layout/layout.js?ln=primefaces&v=4.0 HTTP/1.1" 304 -
161.18.222.72 - - [16/Jun/2024:13:47:09 -0500] "GET /sipse/faces/javax.faces.resource/dynamiccontent.properties?ln=primefaces&pfdrid=XjOR5%2F%2FfPAZAuY9TpWQeCiM0BhlXxYRBGKi%2FQcXXfeA%3D&pfdrid_c=false HTTP/1.1" 500 383
47.128.54.93 - - [16/Jun/2024:13:47:10 -0500] "GET /BLA/resoluciones/AUTOS%202021/0245.php?act=f&d=E%3A%5Cnuevo%5Chtdocs%5CBLA%5Cresoluciones%5CAUTOS+2021%5C&f=0742.pdf&ft=download&white=1 HTTP/1.1" 200 343719
161.18.222.72 - - [16/Jun/2024:13:47:13 -0500] "POST /sipse/faces/presentacion/financiero/solicitudProceso/consultarSolicitudProceso.xhtml HTTP/1.1" 200 36290
161.18.222.72 - - [16/Jun/2024:13:47:15 -0500] "GET /sipse/faces/javax.faces.resource/jquery/jquery.js?ln=primefaces&v=4.0 HTTP/1.1" 304 -
161.18.222.72 - - [16/Jun/2024:13:47:15 -0500] "GET /sipse/faces/javax.faces.resource/jquery/jquery-plugins.js?ln=primefaces&v=4.0 HTTP/1.1" 304 -
161.18.222.72 - - [16/Jun/2024:13:47:15 -0500] "GET /sipse/faces/javax.faces.resource/primefaces.js?ln=primefaces&v=4.0 HTTP/1.1" 304 -
161.18.222.72 - - [16/Jun/2024:13:47:15 -0500] "GET /sipse/faces/javax.faces.resource/layout/layout.js?ln=primefaces&v=4.0 HTTP/1.1" 304 -
161.18.222.72 - - [16/Jun/2024:13:47:15 -0500] "POST /sipse/faces/presentacion/financiero/solicitudProceso/listarSolicitudProceso.xhtml HTTP/1.1" 200 1396
161.18.222.72 - - [16/Jun/2024:13:47:20 -0500] "POST /sipse/faces/presentacion/financiero/solicitudProceso/listarSolicitudProceso.xhtml HTTP/1.1" 200 117266
161.18.222.72 - - [16/Jun/2024:13:47:21 -0500] "GET /sipse/faces/javax.faces.resource/jquery/jquery.js?ln=primefaces&v=4.0 HTTP/1.1" 304 -
161.18.222.72 - - [16/Jun/2024:13:47:21 -0500] "GET /sipse/faces/javax.faces.resource/jquery/jquery-plugins.js?ln=primefaces&v=4.0 HTTP/1.1" 304 -
161.18.222.72 - - [16/Jun/2024:13:47:21 -0500] "GET /sipse/faces/javax.faces.resource/primefaces.js?ln=primefaces&v=4.0 HTTP/1.1" 304 -
161.18.222.72 - - [16/Jun/2024:13:47:21 -0500] "GET /sipse/faces/javax.faces.resource/layout/layout.js?ln=primefaces&v=4.0 HTTP/1.1" 304 -
161.18.222.72 - - [16/Jun/2024:13:47:21 -0500] "GET /sipse/faces/javax.faces.resource/dynamiccontent.properties?ln=primefaces&pfdrid=XjOR5%2F%2FfPAZAuY9TpWQeCiM0BhlXxYRBGKi%2FQcXXfeA%3D&pfdrid_c=false HTTP/1.1" 500 383
201.245.192.253 - - [16/Jun/2024:13:47:22 -0500] "GET /kwsrmcab/Wsrmcab?wsdl HTTP/1.1" 200 6948
216.244.66.195 - - [16/Jun/2024:13:47:23 -0500] "GET /silvicultura/7.pdf HTTP/1.1" 200 181644
161.18.222.72 - - [16/Jun/2024:13:47:25 -0500] "POST /sipse/faces/presentacion/financiero/solicitudProceso/consultarSolicitudProceso.xhtml HTTP/1.1" 200 21087
161.18.222.72 - - [16/Jun/2024:13:47:25 -0500] "GET /sipse/faces/javax.faces.resource/jquery/jquery-plugins.js?ln=primefaces&v=4.0 HTTP/1.1" 304 -
161.18.222.72 - - [16/Jun/2024:13:47:25 -0500] "GET /sipse/faces/javax.faces.resource/jquery/jquery.js?ln=primefaces&v=4.0 HTTP/1.1" 304 -
161.18.222.72 - - [16/Jun/2024:13:47:25 -0500] "GET /sipse/faces/javax.faces.resource/primefaces.js?ln=primefaces&v=4.0 HTTP/1.1" 304 -
161.18.222.72 - - [16/Jun/2024:13:47:25 -0500] "GET /sipse/faces/javax.faces.resource/layout/layout.js?ln=primefaces&v=4.0 HTTP/1.1" 304 -
161.18.222.72 - - [16/Jun/2024:13:47:25 -0500] "GET /sipse/faces/javax.faces.resource/layout/layout.css?ln=primefaces&v=4.0 HTTP/1.1" 200 542
161.18.222.72 - - [16/Jun/2024:13:47:25 -0500] "GET /sipse/faces/javax.faces.resource/theme.css?ln=primefaces-sipse HTTP/1.1" 200 50058
161.18.222.72 - - [16/Jun/2024:13:47:25 -0500] "GET /sipse/faces/javax.faces.resource/primefaces.css?ln=primefaces&v=4.0 HTTP/1.1" 200 53295
161.18.222.72 - - [16/Jun/2024:13:47:25 -0500] "GET /sipse/faces/javax.faces.resource/images/ui-icons_898989_256x240.png?ln=primefaces-aristo HTTP/1.1" 200 5355
161.18.222.72 - - [16/Jun/2024:13:47:27 -0500] "POST /sipse/faces/presentacion/financiero/solicitudProceso/registrarAnotacion.xhtml HTTP/1.1" 200 162292
161.18.222.72 - - [16/Jun/2024:13:47:28 -0500] "GET /sipse/faces/javax.faces.resource/theme.css?ln=primefaces-sipse HTTP/1.1" 304 -
161.18.222.72 - - [16/Jun/2024:13:47:28 -0500] "GET /sipse/faces/javax.faces.resource/primefaces.css?ln=primefaces&v=4.0 HTTP/1.1" 304 -
161.18.222.72 - - [16/Jun/2024:13:47:28 -0500] "GET /sipse/faces/javax.faces.resource/layout/layout.css?ln=primefaces&v=4.0 HTTP/1.1" 304 -
161.18.222.72 - - [16/Jun/2024:13:47:28 -0500] "GET /sipse/faces/javax.faces.resource/jquery/jquery.js?ln=primefaces&v=4.0 HTTP/1.1" 304 -
161.18.222.72 - - [16/Jun/2024:13:47:28 -0500] "GET /sipse/faces/javax.faces.resource/jquery/jquery-plugins.js?ln=primefaces&v=4.0 HTTP/1.1" 304 -
161.18.222.72 - - [16/Jun/2024:13:47:28 -0500] "GET /sipse/faces/javax.faces.resource/primefaces.js?ln=primefaces&v=4.0 HTTP/1.1" 304 -
161.18.222.72 - - [16/Jun/2024:13:47:28 -0500] "GET /sipse/faces/javax.faces.resource/layout/layout.js?ln=primefaces&v=4.0 HTTP/1.1" 304 -
161.18.222.72 - - [16/Jun/2024:13:47:28 -0500] "GET /sipse/faces/javax.faces.resource/images/ui-icons_898989_256x240.png?ln=primefaces-aristo HTTP/1.1" 304 -
161.18.222.72 - - [16/Jun/2024:13:47:28 -0500] "GET /sipse/faces/javax.faces.resource/dynamiccontent.properties?ln=primefaces&pfdrid=XjOR5%2F%2FfPAZAuY9TpWQeCiM0BhlXxYRBGKi%2FQcXXfeA%3D&pfdrid_c=false HTTP/1.1" 500 383
161.18.222.72 - - [16/Jun/2024:13:47:30 -0500] "POST /sipse/faces/presentacion/financiero/solicitudProceso/consultarSolicitudProceso.xhtml HTTP/1.1" 200 35029
161.18.222.72 - - [16/Jun/2024:13:47:31 -0500] "GET /sipse/faces/javax.faces.resource/theme.css?ln=primefaces-sipse HTTP/1.1" 304 -
161.18.222.72 - - [16/Jun/2024:13:47:31 -0500] "GET /sipse/faces/javax.faces.resource/primefaces.css?ln=primefaces&v=4.0 HTTP/1.1" 304 -
161.18.222.72 - - [16/Jun/2024:13:47:31 -0500] "GET /sipse/faces/javax.faces.resource/layout/layout.css?ln=primefaces&v=4.0 HTTP/1.1" 304 -
161.18.222.72 - - [16/Jun/2024:13:47:31 -0500] "GET /sipse/faces/javax.faces.resource/jquery/jquery-plugins.js?ln=primefaces&v=4.0 HTTP/1.1" 304 -
161.18.222.72 - - [16/Jun/2024:13:47:31 -0500] "GET /sipse/faces/javax.faces.resource/jquery/jquery.js?ln=primefaces&v=4.0 HTTP/1.1" 304 -
161.18.222.72 - - [16/Jun/2024:13:47:31 -0500] "GET /sipse/faces/javax.faces.resource/primefaces.js?ln=primefaces&v=4.0 HTTP/1.1" 304 -
161.18.222.72 - - [16/Jun/2024:13:47:31 -0500] "GET /sipse/faces/javax.faces.resource/layout/layout.js?ln=primefaces&v=4.0 HTTP/1.1" 304 -
161.18.222.72 - - [16/Jun/2024:13:47:31 -0500] "GET /sipse/faces/javax.faces.resource/images/ui-icons_898989_256x240.png?ln=primefaces-aristo HTTP/1.1" 304 -
47.128.35.239 - - [16/Jun/2024:13:47:31 -0500] "GET /BLA/resoluciones/AUTOS%202021/0245.php?act=f&d=E%3A%5Cnuevo%5Chtdocs%5Ccumbreclima%5Cwp-admin%5C&f=update-core.php&ft=download&white=1 HTTP/1.1" 200 28142
161.18.222.72 - - [16/Jun/2024:13:47:39 -0500] "POST /sipse/faces/presentacion/financiero/solicitudProceso/consultarHistorialSolProceso.xhtml HTTP/1.1" 200 162292
161.18.222.72 - - [16/Jun/2024:13:47:39 -0500] "GET /sipse/faces/javax.faces.resource/theme.css?ln=primefaces-sipse HTTP/1.1" 304 -
161.18.222.72 - - [16/Jun/2024:13:47:39 -0500] "GET /sipse/faces/javax.faces.resource/primefaces.css?ln=primefaces&v=4.0 HTTP/1.1" 304 -
161.18.222.72 - - [16/Jun/2024:13:47:39 -0500] "GET /sipse/faces/javax.faces.resource/jquery/jquery.js?ln=primefaces&v=4.0 HTTP/1.1" 304 -
161.18.222.72 - - [16/Jun/2024:13:47:39 -0500] "GET /sipse/faces/javax.faces.resource/jquery/jquery-plugins.js?ln=primefaces&v=4.0 HTTP/1.1" 304 -
161.18.222.72 - - [16/Jun/2024:13:47:39 -0500] "GET /sipse/faces/javax.faces.resource/layout/layout.css?ln=primefaces&v=4.0 HTTP/1.1" 304 -
161.18.222.72 - - [16/Jun/2024:13:47:39 -0500] "GET /sipse/faces/javax.faces.resource/primefaces.js?ln=primefaces&v=4.0 HTTP/1.1" 304 -
161.18.222.72 - - [16/Jun/2024:13:47:39 -0500] "GET /sipse/faces/javax.faces.resource/layout/layout.js?ln=primefaces&v=4.0 HTTP/1.1" 304 -
161.18.222.72 - - [16/Jun/2024:13:47:39 -0500] "GET /sipse/faces/javax.faces.resource/images/ui-icons_898989_256x240.png?ln=primefaces-aristo HTTP/1.1" 304 -
161.18.222.72 - - [16/Jun/2024:13:47:39 -0500] "GET /sipse/faces/javax.faces.resource/dynamiccontent.properties?ln=primefaces&pfdrid=XjOR5%2F%2FfPAZAuY9TpWQeCiM0BhlXxYRBGKi%2FQcXXfeA%3D&pfdrid_c=false HTTP/1.1" 500 383
161.18.222.72 - - [16/Jun/2024:13:47:48 -0500] "POST /sipse/faces/presentacion/financiero/solicitudProceso/consultarSolicitudProceso.xhtml HTTP/1.1" 200 39336
161.18.222.72 - - [16/Jun/2024:13:47:49 -0500] "GET /sipse/faces/javax.faces.resource/theme.css?ln=primefaces-sipse HTTP/1.1" 304 -
161.18.222.72 - - [16/Jun/2024:13:47:49 -0500] "GET /sipse/faces/javax.faces.resource/primefaces.css?ln=primefaces&v=4.0 HTTP/1.1" 304 -
161.18.222.72 - - [16/Jun/2024:13:47:49 -0500] "GET /sipse/faces/javax.faces.resource/layout/layout.css?ln=primefaces&v=4.0 HTTP/1.1" 304 -
161.18.222.72 - - [16/Jun/2024:13:47:49 -0500] "GET /sipse/faces/javax.faces.resource/jquery/jquery.js?ln=primefaces&v=4.0 HTTP/1.1" 304 -
161.18.222.72 - - [16/Jun/2024:13:47:49 -0500] "GET /sipse/faces/javax.faces.resource/jquery/jquery-plugins.js?ln=primefaces&v=4.0 HTTP/1.1" 304 -
161.18.222.72 - - [16/Jun/2024:13:47:49 -0500] "GET /sipse/faces/javax.faces.resource/primefaces.js?ln=primefaces&v=4.0 HTTP/1.1" 304 -
161.18.222.72 - - [16/Jun/2024:13:47:49 -0500] "GET /sipse/faces/javax.faces.resource/layout/layout.js?ln=primefaces&v=4.0 HTTP/1.1" 304 -
161.18.222.72 - - [16/Jun/2024:13:47:49 -0500] "GET /sipse/faces/javax.faces.resource/images/ui-icons_898989_256x240.png?ln=primefaces-aristo HTTP/1.1" 304 -
161.18.222.72 - - [16/Jun/2024:13:47:49 -0500] "GET /sipse/faces/javax.faces.resource/images/ui-bg_flat_0_2d5972_40x100.png?ln=primefaces-aristo HTTP/1.1" 304 -
161.18.222.72 - - [16/Jun/2024:13:47:49 -0500] "POST /sipse/faces/presentacion/financiero/solicitudProceso/listarSolicitudProceso.xhtml HTTP/1.1" 200 1396
161.18.222.72 - - [16/Jun/2024:13:47:49 -0500] "POST /sipse/faces/presentacion/financiero/solicitudProceso/listarSolicitudProceso.xhtml HTTP/1.1" 200 1392
66.249.66.20 - - [16/Jun/2024:13:47:50 -0500] "GET /Publicaciones/2024EE64698.pdf HTTP/1.1" 404 227
216.244.66.195 - - [16/Jun/2024:13:47:52 -0500] "GET /BLA/resoluciones/index.php?dir=RESOLUCIONES+2018%2F HTTP/1.1" 200 288221
47.128.120.182 - - [16/Jun/2024:13:47:53 -0500] "GET /BLA/resoluciones/AUTOS%202021/0245.php?act=f&d=E%3A%5Cnuevo%5Chtdocs%5CBLA%5Cresoluciones%5CAUTOS+2021%5C&f=4069.pdf&ft=download HTTP/1.1" 200 405159
47.128.120.247 - - [16/Jun/2024:13:48:13 -0500] "GET /BLA/resoluciones/AUTOS%202021/0245.php?act=f&d=E%3A%5Cnuevo%5Chtdocs%5CBLA%5Cresoluciones%5CAUTOS+2021%5C&f=4962.pdf&ft=download&white=1 HTTP/1.1" 200 495271
201.245.192.253 - - [16/Jun/2024:13:48:22 -0500] "GET /kwsrmcab/Wsrmcab?wsdl HTTP/1.1" 200 6948
216.245.221.92 - - [16/Jun/2024:13:48:27 -0500] "HEAD / HTTP/1.1" 200 -
161.18.222.72 - - [16/Jun/2024:13:48:31 -0500] "POST /sipse/faces/presentacion/financiero/solicitudProceso/listarSolicitudProceso.xhtml HTTP/1.1" 200 5948
161.18.222.72 - - [16/Jun/2024:13:48:32 -0500] "POST /sipse/faces/presentacion/financiero/solicitudProceso/listarSolicitudProceso.xhtml HTTP/1.1" 200 129667
161.18.222.72 - - [16/Jun/2024:13:48:33 -0500] "GET /sipse/faces/javax.faces.resource/jquery/jquery.js?ln=primefaces&v=4.0 HTTP/1.1" 304 -
161.18.222.72 - - [16/Jun/2024:13:48:33 -0500] "GET /sipse/faces/javax.faces.resource/jquery/jquery-plugins.js?ln=primefaces&v=4.0 HTTP/1.1" 304 -
161.18.222.72 - - [16/Jun/2024:13:48:33 -0500] "GET /sipse/faces/javax.faces.resource/primefaces.js?ln=primefaces&v=4.0 HTTP/1.1" 304 -
161.18.222.72 - - [16/Jun/2024:13:48:33 -0500] "GET /sipse/faces/javax.faces.resource/layout/layout.js?ln=primefaces&v=4.0 HTTP/1.1" 304 -
161.18.222.72 - - [16/Jun/2024:13:48:33 -0500] "GET /sipse/faces/javax.faces.resource/dynamiccontent.properties?ln=primefaces&pfdrid=XjOR5%2F%2FfPAZAuY9TpWQeCiM0BhlXxYRBGKi%2FQcXXfeA%3D&pfdrid_c=false HTTP/1.1" 500 383
47.128.52.180 - - [16/Jun/2024:13:48:35 -0500] "GET /BLA/resoluciones/AUTOS%202021/0245.php?act=f&d=E%3A%5Cnuevo%5Chtdocs%5CBLA%5Cresoluciones%5CAUTOS+2021%5C&f=0489.pdf&ft=download HTTP/1.1" 200 233127
161.18.222.72 - - [16/Jun/2024:13:48:41 -0500] "POST /sipse/faces/presentacion/financiero/solicitudProceso/consultarSolicitudProceso.xhtml HTTP/1.1" 200 158151
161.18.222.72 - - [16/Jun/2024:13:48:47 -0500] "POST /sipse/faces/presentacion/financiero/solicitudProceso/consultarSolicitudProceso.xhtml HTTP/1.1" 200 43507
161.18.222.72 - - [16/Jun/2024:13:48:47 -0500] "GET /sipse/faces/javax.faces.resource/jquery/jquery.js?ln=primefaces&v=4.0 HTTP/1.1" 304 -
161.18.222.72 - - [16/Jun/2024:13:48:47 -0500] "GET /sipse/faces/javax.faces.resource/jquery/jquery-plugins.js?ln=primefaces&v=4.0 HTTP/1.1" 304 -
161.18.222.72 - - [16/Jun/2024:13:48:47 -0500] "GET /sipse/faces/javax.faces.resource/primefaces.js?ln=primefaces&v=4.0 HTTP/1.1" 304 -
161.18.222.72 - - [16/Jun/2024:13:48:47 -0500] "GET /sipse/faces/javax.faces.resource/layout/layout.js?ln=primefaces&v=4.0 HTTP/1.1" 304 -
66.249.66.20 - - [16/Jun/2024:13:48:51 -0500] "GET /BLA/resoluciones/AUTOS%202023/1158.pdf HTTP/1.1" 304 -
47.128.120.95 - - [16/Jun/2024:13:48:55 -0500] "GET /BLA/resoluciones/AUTOS%202021/0245.php?act=f&d=E%3A%5Cnuevo%5Chtdocs%5CBLA%5Cresoluciones%5CRESOLUCIONES+2006%5CRES+2006+401-450&f=00000408.tif&ft=download HTTP/1.1" 200 66144
161.18.222.72 - - [16/Jun/2024:13:49:17 -0500] "POST /sipse/faces/presentacion/financiero/modificacionContrato/cargarModifiacion.xhtml HTTP/1.1" 200 5322
47.128.52.190 - - [16/Jun/2024:13:49:17 -0500] "GET /BLA/resoluciones/AUTOS%202021/0245.php?act=f&d=E%3A%5Cnuevo%5Chtdocs%5CBLA%5Cresoluciones%5CAUTOS+2021%5C&f=0248.pdf&ft=download HTTP/1.1" 200 380583
172.22.2.4 - - [16/Jun/2024:13:47:41 -0500] "HEAD /BLA/boletinlegal/ HTTP/1.1" 200 -
161.18.222.72 - - [16/Jun/2024:13:49:22 -0500] "POST /sipse/faces/presentacion/financiero/modificacionContrato/cargarModifiacion.xhtml HTTP/1.1" 200 5415
201.245.192.253 - - [16/Jun/2024:13:49:22 -0500] "GET /kwsrmcab/Wsrmcab?wsdl HTTP/1.1" 200 6948
161.18.222.72 - - [16/Jun/2024:13:49:29 -0500] "POST /sipse/faces/presentacion/financiero/modificacionContrato/cargarModifiacion.xhtml HTTP/1.1" 200 5484
172.22.2.4 - - [16/Jun/2024:13:48:34 -0500] "GET /BLA/boletinlegal/ HTTP/1.1" 200 32715
47.128.17.30 - - [16/Jun/2024:13:49:38 -0500] "GET /BLA/resoluciones/AUTOS%202021/0245.php?act=f&d=E%3A%5Cnuevo%5Chtdocs%5CBLA%5Cresoluciones%5CRESOLUCIONES+2006%5CRES+2006+1751-1800&f=00001800.tif&ft=download HTTP/1.1" 200 43196
66.249.66.21 - - [16/Jun/2024:13:49:52 -0500] "GET /Publicaciones/2024EE87248.pdf HTTP/1.1" 404 227
47.128.17.62 - - [16/Jun/2024:13:49:59 -0500] "GET /BLA/resoluciones/AUTOS%202021/0245.php?act=f&d=E%3A%5Cnuevo%5Chtdocs%5CBLA%5Cresoluciones%5CRESOLUCIONES+2006%5CRES+2006+401-450&f=00000411.tif&ft=download HTTP/1.1" 200 245062
172.22.2.4 - - [16/Jun/2024:13:48:32 -0500] "GET /BLA/boletinlegal/ HTTP/1.1" 200 55442
47.128.21.240 - - [16/Jun/2024:13:50:20 -0500] "GET /BLA/resoluciones/AUTOS%202021/0245.php?act=f&d=E%3A%5Cnuevo%5Chtdocs%5CBLA%5Cresoluciones%5CRESOLUCIONES+2006%5CRES+2006+1101-1150%5C&f=00001147.tif&white=1 HTTP/1.1" 200 216074
201.245.192.253 - - [16/Jun/2024:13:50:22 -0500] "GET /kwsrmcab/Wsrmcab?wsdl HTTP/1.1" 200 6948
47.128.17.4 - - [16/Jun/2024:13:50:41 -0500] "GET /BLA/resoluciones/AUTOS%202021/0245.php?act=f&d=E%3A%5Cnuevo%5Chtdocs%5Ccumbreclima%5Cwp-admin%5Cincludes&f=image-edit.php&ft=download HTTP/1.1" 200 30466
161.18.222.72 - - [16/Jun/2024:13:50:42 -0500] "POST /sipse/faces/presentacion/financiero/modificacionContrato/cargarModifiacion.xhtml HTTP/1.1" 200 5484
