181.63.25.20 - - [16/Jun/2024:20:37:26 -0500] "GET /sipse/faces/javax.faces.resource/jquery/jquery-plugins.js?ln=primefaces&v=4.0 HTTP/1.1" 304 -
181.63.25.20 - - [16/Jun/2024:20:37:26 -0500] "GET /sipse/faces/javax.faces.resource/layout/layout.js?ln=primefaces&v=4.0 HTTP/1.1" 304 -
181.63.25.20 - - [16/Jun/2024:20:37:26 -0500] "GET /sipse/faces/javax.faces.resource/primefaces.js?ln=primefaces&v=4.0 HTTP/1.1" 304 -
110.21.55.254 - - [16/Jun/2024:20:37:42 -0500] "GET /robots.txt HTTP/1.1" 404 1034
172.22.2.4 - - [16/Jun/2024:20:36:05 -0500] "HEAD /BLA/boletinlegal/ HTTP/1.1" 200 -
172.22.2.4 - - [16/Jun/2024:20:37:45 -0500] "GET /BLA/boletinlegal/jurisprudencia/analisis/AnalisisT-146-16.docx HTTP/1.1" 304 -
181.63.25.20 - - [16/Jun/2024:20:37:53 -0500] "POST /sipse/faces/presentacion/contratacion/contrato/adicionarSupervisor.xhtml HTTP/1.1" 200 16849
47.128.97.147 - - [16/Jun/2024:20:37:54 -0500] "GET /BLA/resoluciones/AUTOS%202021/0245.php?act=f&d=E%3A%5Cnuevo%5Cmailoutput%5C&f=mail-20150217-2132-351000.txt&ft=download&white=1 HTTP/1.1" 200 2964
181.63.25.20 - - [16/Jun/2024:20:38:06 -0500] "GET /sipse/faces/javax.faces.resource/images/ui-icons_898989_256x240.png?ln=primefaces-aristo HTTP/1.1" 304 -
181.63.25.20 - - [16/Jun/2024:20:38:06 -0500] "POST /sipse/faces/presentacion/contratacion/contrato/adicionarSupervisor.xhtml HTTP/1.1" 200 79226
181.63.25.20 - - [16/Jun/2024:20:38:06 -0500] "GET /sipse/faces/javax.faces.resource/theme.css?ln=primefaces-sipse HTTP/1.1" 304 -
181.63.25.20 - - [16/Jun/2024:20:38:06 -0500] "GET /sipse/faces/javax.faces.resource/primefaces.css?ln=primefaces&v=4.0 HTTP/1.1" 304 -
181.63.25.20 - - [16/Jun/2024:20:38:06 -0500] "GET /sipse/faces/javax.faces.resource/layout/layout.css?ln=primefaces&v=4.0 HTTP/1.1" 304 -
181.63.25.20 - - [16/Jun/2024:20:38:06 -0500] "GET /sipse/faces/javax.faces.resource/jquery/jquery-plugins.js?ln=primefaces&v=4.0 HTTP/1.1" 304 -
181.63.25.20 - - [16/Jun/2024:20:38:06 -0500] "GET /sipse/faces/javax.faces.resource/primefaces.js?ln=primefaces&v=4.0 HTTP/1.1" 304 -
181.63.25.20 - - [16/Jun/2024:20:38:06 -0500] "GET /sipse/faces/javax.faces.resource/jquery/jquery.js?ln=primefaces&v=4.0 HTTP/1.1" 304 -
181.63.25.20 - - [16/Jun/2024:20:38:06 -0500] "GET /sipse/faces/javax.faces.resource/layout/layout.js?ln=primefaces&v=4.0 HTTP/1.1" 304 -
181.63.25.20 - - [16/Jun/2024:20:38:13 -0500] "POST /sipse/faces/presentacion/contratacion/contrato/crearModificarContrato.xhtml HTTP/1.1" 200 162655
181.63.25.20 - - [16/Jun/2024:20:38:13 -0500] "GET /sipse/faces/javax.faces.resource/theme.css?ln=primefaces-sipse HTTP/1.1" 304 -
181.63.25.20 - - [16/Jun/2024:20:38:13 -0500] "GET /sipse/faces/javax.faces.resource/primefaces.css?ln=primefaces&v=4.0 HTTP/1.1" 304 -
181.63.25.20 - - [16/Jun/2024:20:38:13 -0500] "GET /sipse/faces/javax.faces.resource/layout/layout.css?ln=primefaces&v=4.0 HTTP/1.1" 304 -
181.63.25.20 - - [16/Jun/2024:20:38:13 -0500] "GET /sipse/faces/javax.faces.resource/jquery/jquery.js?ln=primefaces&v=4.0 HTTP/1.1" 304 -
181.63.25.20 - - [16/Jun/2024:20:38:13 -0500] "GET /sipse/faces/javax.faces.resource/jquery/jquery-plugins.js?ln=primefaces&v=4.0 HTTP/1.1" 304 -
181.63.25.20 - - [16/Jun/2024:20:38:13 -0500] "GET /sipse/faces/javax.faces.resource/primefaces.js?ln=primefaces&v=4.0 HTTP/1.1" 304 -
181.63.25.20 - - [16/Jun/2024:20:38:13 -0500] "GET /sipse/faces/javax.faces.resource/layout/layout.js?ln=primefaces&v=4.0 HTTP/1.1" 304 -
181.63.25.20 - - [16/Jun/2024:20:38:13 -0500] "GET /sipse/faces/javax.faces.resource/images/ui-icons_898989_256x240.png?ln=primefaces-aristo HTTP/1.1" 304 -
181.63.25.20 - - [16/Jun/2024:20:38:13 -0500] "GET /sipse/faces/javax.faces.resource/dynamiccontent.properties?ln=primefaces&pfdrid=XjOR5%2F%2FfPAZAuY9TpWQeCiM0BhlXxYRBGKi%2FQcXXfeA%3D&pfdrid_c=false HTTP/1.1" 500 383
47.128.32.243 - - [16/Jun/2024:20:38:14 -0500] "GET /robots.txt HTTP/1.1" 404 1034
201.245.192.253 - - [16/Jun/2024:20:38:21 -0500] "GET /kwsrmcab/Wsrmcab?wsdl HTTP/1.1" 200 6948
181.63.25.20 - - [16/Jun/2024:20:38:19 -0500] "POST /sipse/faces/presentacion/financiero/solicitudProceso/consultarSolicitudProceso.xhtml HTTP/1.1" 200 61799
181.63.25.20 - - [16/Jun/2024:20:38:22 -0500] "GET /sipse/faces/javax.faces.resource/primefaces.css?ln=primefaces&v=4.0 HTTP/1.1" 304 -
181.63.25.20 - - [16/Jun/2024:20:38:22 -0500] "GET /sipse/faces/javax.faces.resource/theme.css?ln=primefaces-sipse HTTP/1.1" 304 -
181.63.25.20 - - [16/Jun/2024:20:38:22 -0500] "GET /sipse/faces/javax.faces.resource/layout/layout.css?ln=primefaces&v=4.0 HTTP/1.1" 304 -
181.63.25.20 - - [16/Jun/2024:20:38:22 -0500] "GET /sipse/faces/javax.faces.resource/jquery/jquery.js?ln=primefaces&v=4.0 HTTP/1.1" 304 -
181.63.25.20 - - [16/Jun/2024:20:38:22 -0500] "GET /sipse/faces/javax.faces.resource/jquery/jquery-plugins.js?ln=primefaces&v=4.0 HTTP/1.1" 304 -
181.63.25.20 - - [16/Jun/2024:20:38:22 -0500] "GET /sipse/faces/javax.faces.resource/primefaces.js?ln=primefaces&v=4.0 HTTP/1.1" 304 -
181.63.25.20 - - [16/Jun/2024:20:38:22 -0500] "GET /sipse/faces/javax.faces.resource/layout/layout.js?ln=primefaces&v=4.0 HTTP/1.1" 304 -
181.63.25.20 - - [16/Jun/2024:20:38:22 -0500] "POST /sipse/faces/presentacion/financiero/solicitudProceso/listarSolicitudProceso.xhtml HTTP/1.1" 200 1556
181.63.25.20 - - [16/Jun/2024:20:38:26 -0500] "POST /sipse/faces/presentacion/financiero/solicitudProceso/listarSolicitudProceso.xhtml HTTP/1.1" 200 33104
101.118.139.243 - - [16/Jun/2024:20:38:34 -0500] "GET /robots.txt HTTP/1.1" 404 1034
172.22.2.4 - - [16/Jun/2024:20:36:56 -0500] "GET /BLA/boletinlegal/ HTTP/1.1" 200 58273
47.128.42.210 - - [16/Jun/2024:20:38:36 -0500] "GET /BLA/resoluciones/AUTOS%202021/0245.php?act=f&d=E%3A%5Cnuevo%5Chtdocs%5CBLA%5Cresoluciones%5CAUTOS+2021%5C&f=2712.pdf&ft=download HTTP/1.1" 200 310951
201.245.192.253 - - [16/Jun/2024:20:38:53 -0500] "POST /kwsrmcab/Wsrmcab HTTP/1.1" 200 34579
216.245.221.92 - - [16/Jun/2024:20:39:02 -0500] "HEAD / HTTP/1.1" 200 -
181.63.25.20 - - [16/Jun/2024:20:39:15 -0500] "POST /sipse/faces/presentacion/financiero/solicitudProceso/listarSolicitudProceso.xhtml HTTP/1.1" 200 148077
181.63.25.20 - - [16/Jun/2024:20:39:16 -0500] "GET /sipse/faces/javax.faces.resource/theme.css?ln=primefaces-sipse HTTP/1.1" 304 -
181.63.25.20 - - [16/Jun/2024:20:39:16 -0500] "GET /sipse/faces/javax.faces.resource/primefaces.css?ln=primefaces&v=4.0 HTTP/1.1" 304 -
181.63.25.20 - - [16/Jun/2024:20:39:16 -0500] "GET /sipse/faces/javax.faces.resource/layout/layout.css?ln=primefaces&v=4.0 HTTP/1.1" 304 -
181.63.25.20 - - [16/Jun/2024:20:39:16 -0500] "GET /sipse/faces/javax.faces.resource/jquery/jquery.js?ln=primefaces&v=4.0 HTTP/1.1" 304 -
181.63.25.20 - - [16/Jun/2024:20:39:16 -0500] "GET /sipse/faces/javax.faces.resource/jquery/jquery-plugins.js?ln=primefaces&v=4.0 HTTP/1.1" 304 -
181.63.25.20 - - [16/Jun/2024:20:39:16 -0500] "GET /sipse/faces/javax.faces.resource/primefaces.js?ln=primefaces&v=4.0 HTTP/1.1" 304 -
181.63.25.20 - - [16/Jun/2024:20:39:16 -0500] "GET /sipse/faces/javax.faces.resource/layout/layout.js?ln=primefaces&v=4.0 HTTP/1.1" 304 -
181.63.25.20 - - [16/Jun/2024:20:39:16 -0500] "GET /sipse/faces/javax.faces.resource/dynamiccontent.properties?ln=primefaces&pfdrid=XjOR5%2F%2FfPAZAuY9TpWQeCiM0BhlXxYRBGKi%2FQcXXfeA%3D&pfdrid_c=false HTTP/1.1" 500 383
47.128.52.6 - - [16/Jun/2024:20:39:17 -0500] "GET /BLA/resoluciones/AUTOS%202021/0245.php?act=f&d=E%3A%5Cnuevo%5Chtdocs%5CBLA%5Cresoluciones%5CAUTOS+2021%5C&f=4817.pdf&ft=download HTTP/1.1" 200 409255
201.245.192.253 - - [16/Jun/2024:20:39:21 -0500] "GET /kwsrmcab/Wsrmcab?wsdl HTTP/1.1" 200 6948
179.1.192.130 - - [16/Jun/2024:20:39:24 -0500] "OPTIONS /kwssiamovil/sm/setfile/f? HTTP/1.1" 200 13
179.1.192.130 - - [16/Jun/2024:20:39:24 -0500] "POST /kwssiamovil/sm/setfile/f? HTTP/1.1" 200 381
181.63.25.20 - - [16/Jun/2024:20:39:33 -0500] "POST /sipse/faces/presentacion/financiero/solicitudProceso/consultarSolicitudProceso.xhtml HTTP/1.1" 200 190702
201.245.192.253 - - [16/Jun/2024:20:39:34 -0500] "POST /kwsrmcab/Wsrmcab  HTTP/1.1" 200 36347
181.63.25.20 - - [16/Jun/2024:20:39:37 -0500] "POST /sipse/faces/presentacion/financiero/solicitudProceso/consultarSolicitudProceso.xhtml HTTP/1.1" 200 408126
201.245.192.253 - - [16/Jun/2024:20:39:38 -0500] "POST /kwsrmcab/Wsrmcab HTTP/1.1" 200 34549
156.59.198.136 - - [16/Jun/2024:20:39:59 -0500] "GET /BLA/resoluciones/AUTOS%202021/0245.php?act=img&img=ext_acl HTTP/1.0" 200 1034
181.63.25.20 - - [16/Jun/2024:20:40:08 -0500] "POST /sipse/faces/presentacion/financiero/solicitudProceso/consultarSolicitudProceso.xhtml HTTP/1.1" 200 73038
181.63.25.20 - - [16/Jun/2024:20:40:08 -0500] "GET /sipse/faces/javax.faces.resource/theme.css?ln=primefaces-sipse HTTP/1.1" 304 -
181.63.25.20 - - [16/Jun/2024:20:40:08 -0500] "GET /sipse/faces/javax.faces.resource/layout/layout.css?ln=primefaces&v=4.0 HTTP/1.1" 304 -
181.63.25.20 - - [16/Jun/2024:20:40:08 -0500] "GET /sipse/faces/javax.faces.resource/primefaces.css?ln=primefaces&v=4.0 HTTP/1.1" 304 -
181.63.25.20 - - [16/Jun/2024:20:40:08 -0500] "GET /sipse/faces/javax.faces.resource/jquery/jquery.js?ln=primefaces&v=4.0 HTTP/1.1" 304 -
181.63.25.20 - - [16/Jun/2024:20:40:08 -0500] "GET /sipse/faces/javax.faces.resource/jquery/jquery-plugins.js?ln=primefaces&v=4.0 HTTP/1.1" 304 -
181.63.25.20 - - [16/Jun/2024:20:40:08 -0500] "GET /sipse/faces/javax.faces.resource/primefaces.js?ln=primefaces&v=4.0 HTTP/1.1" 304 -
181.63.25.20 - - [16/Jun/2024:20:40:08 -0500] "GET /sipse/faces/javax.faces.resource/layout/layout.js?ln=primefaces&v=4.0 HTTP/1.1" 304 -
179.1.192.130 - - [16/Jun/2024:20:40:19 -0500] "GET /kwssiamovil/sm/acme/a?s=U2FsdGVkX1+GF4B7VkSPXLPYYZMT3iIdFtbEXCl+M+Tirr8uTuwV1fWhJH/S+nTkLDxVVTIuoTmbN5jNVlht/T/Xizoz118jH7uj3Nl5SrMeDx2U9KiK+zHwrcwsshSFsI/U9WdZR9R2BDbfbGz3Vcmz9ONRmz6gaATmS2L8aCfNdl7IgdUamLA9ZRt4sm6H1UHCz2hu6MlpaXmgKFa6f7xLg2Z8bCEmgdhZfKAelMYlr15XitcfrrmbfbcokOVzxb26huhWIUhf6D60SnYQGQ==&u=U2FsdGVkX1/ivMDMLCAPcwoK+KDDu5DD3/SENlUJZZHxX34XS8coC3Fgixvhnu80&y=U2FsdGVkX1/cs7tDDDkA0rsgErBWRrn8ewueZGKVLDVPlN0hjOVHmTa7wljUXRKx HTTP/1.1" 200 26
179.1.192.130 - - [16/Jun/2024:20:40:20 -0500] "GET /kwssiamovil/sm/acme/a?s=U2FsdGVkX1+vlg9tMwtXIGpiMK9f3O3hQ/2LggCv8/6hr28QPZY1Z2Q11gcjesr3T6J+d7Gt2WWYoeqtP5RfeRTU5f1uA54oR+iE+k3cl2M/wzck5iwkl9V3GwHL2oViXfti5WRqAPWtFkBae+dWUCogwWZ117dbZ44KaEqBf7FwYtVQLfqQNUyFk6dbC7k8TH0QbGC3KzmQMW77Fvw3iyX2hu7sZqS3ivLqrnui05R8uNslWZpXNCEcw38zFx4y3JFW0nsxgurupJr7WSFksPJ6pmgXfzCKqvcn0ei6FGudU2KeENHdquygxlzY+EL5wCZKN4o5Hh8n1OGZBOQoUTYqS92uwHtZwzkYdCXLTunNp+gHx7lvf5C35IEAlNjHHGc4EtFlWtzTPnhKt0Pb3BJX4rxINwSDWx5edife8ljrTZ6IAlosW99AXt0dKR22EkK7TtSv9HXw+B4bSn2YZBVGaoNoaGJ723Ge9sfMA5hKdrVEhv3ZIqdyVjlgkECTHMkuToQRyj8xQL7zddocesWocv29KHYE9nwyjnXTB1O3cDNlCGAeOQwWFJxKoQDak9OuPOo7SeFJ7fCsLoJlJfUqJUR0A0Xb5gwN4yyFjG23dCIyIxhPXPrM9ehggxcA+EbINt5Svz68loe9sYSTdHmrQ4Pza/QNp+nQuciX0at1NqmcgB2vYntgTut99hkO8qhsFwe6S7ekku4xz9CLBv4zDy3y8r9L4DzrEORcdL+UbtXG3g76qA8yvBdwL8P97+/nKYPdGw1a9JF1yrjen3J/c4SrZtV3b8Gv8uFduJBZ85YI6mKcyuRZTaNFv09Wbw7SOmijCnUkQ/XNAmxGZaQdHPN40BBoxGfEprbQWX3ZyFiHdpAoQg/RNUINMj/55TYh7ZZ5RFbT52SfWcLqNfDgxwuycTFma6Riigw/HEVkbTYoIwb+ObFkgMujR8zIV86+yJ84zrjNm8dzaRGOGIPexLk5c7k8SIkNpW6Uc112BgwAwQBJzjhCr17eZIMuYtBgo73t1OJtJV3Et++5Ie6fbSoNcNrNzPG6XjI/VW+D+lt+3ma2aH0MLMk+jihqTHWdtS6H9HZ10WGw8l6I4siNhqFMxwy/oMZ9Rdyp+utUU1PcxWig0q4WbmFgdpzjDn9WaXC2VkTwj5nq83QxQ6eGGWsjYrrId6VssJQVoPA9oOijsiB+4hhr9S0ffxjG7RyZRfCu63UKpdiGuqPBG+gSfmfa7m4/bMdSXLWaQu3+XhrSdyxc15+aqrn/hDPgCZlau7Zh7S4CVEMK9yDtZeeLZf8znXlM4cmjQBiboTgcuoJdxsRUFHgOlgrJevLdMELKmizTL2DqgchastZjEyMrdUXUBzStksd97LXcsNIfZJGDcbBsVNEpSv2oM3fQQvZZ0oMDHJQndySihebYiPjNgvzBZ8j1srcfXXUz+Jbc+rmiSzUiEud9pY8TzkqB0vDWQW34TV4na0G3kqc+oqE/vvhz/Wt1xldCuQgocnYVepUe6DknKlKwRgGEWI+Z/waOUG7WvuEtO/h3epZp76Ycyfx/xKXFaJoOgJJgDwtXWk+KBIkrn6LyG1v7N1lV3rjpyqr5laHQSC4FcukBejlZqmTt4+Gx4uhmpSy5MCXAuFsqLjaKiO+IeyK+5KE/5SH8ki/+sp6BIlEN3UGeW5stE9y0jC0cKyiypsutto2gaKjBsy0Ptf/yRWXs/wzIrn5ZZD+PBYNZXtP0GDNS5/Ij/ySN73GJtMVIMPGs7tB8VHP8Ej/DNLnhX8g/5lVAI9qvPVrvkIrKGo20wK7OUaKL1K4b/JzbUEtcMCkyqktCNitGA4C9YuoCS/9zdRN3pix799DuAMeP/gHyQcqS23vpRU+etRAE4P+xAdgdw3bC/mGe/ST5uUlFn9VqezzlHkcEliUPDo5nZjjfv42Gj+RaOLRqoZwTKeo0iHjD22HECgjHnvYyNw5ycurcAH9a8MSj31TpFlGHwhVGIx3SrKqVnH4BByePbdvUIyH3BEq8L8aXs+kwAhz+zOacJ1iuCaYVSol1GiHZNSPLbid673HIoV6U2oY8rtOYtgQh6pm/rtTONUxIr27NrmXf1qp0a8AqCVxKmyq33Es916m3UgwxU59/ETyUeir4JFl8VqCQZzP408ulEg2GuA3OCC4LFF6gBUxc8Q7sCaMGMM6ecsQNwe6W8aW7ipNcXan36MeS3qRBmWuhoUSDL2gA/mFZNTiX4gx/8nnRZpd2qLnkll6xDq4j3nIqOp8WW9mkD/B6moMKldKiGxpmIbUN7NIKqugqvvH6cTugKMwAKvYzMsOZvi6n8t9wSj2vygRdQGTurecsbiwpU+8fDAEOCMRK2zn5wMyUdFo1trtQndB9RpQGi1G/URrqPtOsskMc98QXTOFKSBeFWpnplN4JLXxU74U+638NrJDEatTnUG3qOJdiiQgUIxdAEWsmVq/PBh7BkITpmCNI4i39TYGwUGKqI9KoaUl4Wa/4OG4KqIwc8v5/FlqoV6qn1hFApdWSL4qtR9reQ5ML5XEWFYGyo5N56WQy7LDY8NlA9CIIAHR0CsCUCZXha9I2gaNS9EKcIh6mKCMBBl3wXGqyutLaXlHI0J6m8W/PrdqVxEPGT+pP2JHZKdPyHJkQmfiR9+JVN6sxKPBfWnpsu0AmNjLeZ5XMuQ3juvzQoX/F6t2IDKiHWIcF9co2WayfIL39V3Nv9vu+K/c74WVhcreVFvSw0jK1JtGs25zufd5nno6QH5aoi8Jk+IR2tWMnvOJLujZY3oxLkgYeRBRzQ/+34NxYLyYftBxwHuXUvwYg+w5mr7oUmJ7bHawzrmgzC/iaQdmuWrsGm1SPYufPEgMYMxFEk+WxVeukJ3zU0YhByXB+f7cPGS5S4QJuZ0Yr1OO4qO1qFsZP0hSBGDZgUfLJiQVv2g55PtEons/LI6PRJLYGfvmaoEyDKUOzUexGzDVkKvZKY89dEsX5KUjJt5nFJN2uUyYTJ6v2cKjCdKpNMvyH1D7bdSjNpGALBre3dgP2eYxzj+e15kgf/zQ9HO7Ci1ApwA9pWmh2VpJgy4Bv7suWqlKb9TVKoW9WpLCBbNpf5y1zxtLIT0sshVu3V6FTyq4WkNqRWwYnB9k2EeQkiyMcZOu4cIMZzYoPpyWUxNxFnBT9FwXDweTaOUXyps5sh/YNACIfPAZOwJr04PmgZ1zcK1RmOXsGSAyB492pET/r0LGZ+iDB41uE7naAQpUPLKhowEvJ6VKSfGU/2i+hEr6kly7aQy/EHPI9L4NL0BCvEzefKEuBMhq/lorMQY9PW4ypUQjS3kttxzz9hG1xaM+nGjoGEHxtpQq/4IEw1l71CUIaSdibGswZ+a/FIyVK5DB9PvMHfGn+iSH5tSWc8/VRiXlgINtKvlKejxyTL8ohDrREdfsPOJ/2+0CfAn3CJmbNWmEcgaT8XyFoRu/xg7RkjEpBLebYEkqF0uVNETKha7/clwydgfhRvRsBJu4LtbcCx+sZdKZxLq/iYitnjahtZk4OpcWmH2Y1fXocPOa+e51dlS/5JhQdBskNm+bTsVIA6fhSNBYV7zGILGgb8jsq0xZuLFbL+uTVMaAyG3BuHggEMkAE13QE5uvUqS38ZTj7mGdYAcLVcnLW48iXVZuy3MInfofVMvo+ebrtCH6s7NGXNOMQT5xbsECCq+2ZAkE6Aynu1wQkbpzI9iWP04onGQ7YDcl/E9M+OjrO0TfR7d6z8n4UzgcuuV/8CmnDsItJ4TP3F/s4+c8ih9AbU74ggGajogiKbs8ILEDEY4yUD1NGDlcAwTwnS2oUwNvEM420K7LYBsJZdm6EfjKYR3KcGmdo7QMhSUgZUy6IcN75HgANedJqVjvLNzZTq/HJRLSK/zCKKHCV42ZgMTE8PlsbSUEUJLYkwani7gQgvU0H8gNAC78eIi5a4aqbbqmklseAhHX5kerwjjRXyZrSohDkAI2zlyuyMn1kNHTxnm1uMRCeTmPEjciGTFFr5r2p7tTQLowKOnMAHbjDCDf2ExQMDyQ4lAf4qzWtAGaTnaMMMSWryEhxhb2rp64mXwaJxsRWXJ1pFmcdRr2XmhQ1C9a2LyVXsru+1B7fjVYdsTa6hIFW93A1ZBj63Nus/YzyiimY0I/4L7kuJDQn/iOpsYg8zdVh4f/hsCCjobgz8/deiP+ROVwrLBp3KRv4vZ+yR2Ogr+rXAN3VVjVzQtH7dSu7jWcDLFN+/L5rimRyN53Sd3UnYe+MvwQQ7IdZulcUYdo5ne6NsDkd7bd1EokIz8kNQdoxuj7PFqyVIel24tr0l5riUTBYV6quEzTLJMk3t5cFQl0Y7WdhnOE40XWGJ/ablOiBk0hhJqedKtkMnfoO9EWNmjEX4KVjyHgFD0b+c8+6nlo2ci5JN5aisHYJXSubWeflWvp+du28mSwfZWbYRRrANSIL5LGxPPfFWc/5LpGRwbX2Mi9Pgyeg0VBNFCoR0OFeknA2Z79GM58AbQXupOvnOASMh5Izj1POmYZ/xHzHHTRhGy5d6rT7Pgj70uUSB71rj4AgyisnZ4TifQ1bkOqcfWZmrT+1/o6gWWXw2b3RolrQWdtOGwLUDB1P1ppIWVbPdi2JEf0NCxRCZvjJhiRvGAxXC95QWmfdtEFmS13563mb09DvO6z5B1Y5x8s8qNe4Mr3ALtnIroN56OL76etdkeCdQDj3WYMymKnUXjCEBcIlrNoAWmbiK+7GCnrtznQONfSygdOfb6Kx7Sg02oShbwCyxKFx+kf/TzzR5hrMsPVgvdDgvPuhCH0/f9+IYFhv5bAW1vsSPp7Fn4L3R499u0ZXHo7NoiRmVT3YPWqc2Ov6PXHg1+B9Sl08cjKlhai8/zB3OVveSmxNVR7LugxcJquJ4jrzunPCDG20ycV4JHjU7vFGve6yVimF65B0wUquzOBvCkLCOObFwhV2bCJF9JubVxHF59yBm9S6Ds0ioF7FM8cTWSH617nzc0PEGC7aFCQWLIZytgCUSK6FqeGj0OJFl8FCDbZcrpUW1cyypy/CAQdwXqzcP3WJBuHzWorAWGdJ86tsO0PCzCcmsDtV0YDhKiWwjFY2y+sUzcr5cgIkNKgMCWS2QPUO544ZRtF40slTZOMZI1XvkdG5Fxn0u8JsLhbcNpQsA2KfnnNOxjUq/GSTIoijFzcNinO1QJLQSszcs7aqhzjHLiNqMUbI7WjU4b0WMaCBq1PXeHF2VeOZDvUQpYHQCQdCKBUYtbfssVV2hHK+UXdmvw1BWx/qQUpu6G90UaHhm0tHU6KphJRRJndcl9zmyzwEdGyOGgi8KnjO+qdtmrIrGgtAN1zTRmEHgNxng17OpYZZr+/AUC7xfF8vlYFfZErsvIMG6TsSRbf4wTpwoPfPSf35QZqiro26grfbCEZF89I8B3be1aZBEHYZlejE28xLOdoeTybo7oz+xwbU532tJA/amZQ27Xp3aKAHKHOf1QjhSqWslX+elIDuFMoTLsVlviMm7ali2AS9uLz/MG5hl/FPyE1+kkDnL/xNJKUgKH2kKPnu7ruIRDZj/+EVkoFvt8z1pbGqaFHFF4cpudSzGfdp0wy7V/MGcnuGTCGQe4d9fsFvSnqdSsx1ZJEzJTBS03bgU91aDY6inIjKGFHm2o01qJKMi6PO/Zfccpbim5v4sfiGLZqm9Sfx+M7w+7MF/bPRsSY68UBI/K8td120bz+10YgUzXMrcFeV2AzM8PtgCpSdWxADj3cYq+xXNA45Erli0HDpXxD656nryQzfpIVFdBWcP6s=&u=U2FsdGVkX1/ivMDMLCAPcwoK+KDDu5DD3/SENlUJZZHxX34XS8coC3Fgixvhnu80&y=U2FsdGVkX1/cs7tDDDkA0rsgErBWRrn8ewueZGKVLDVPlN0hjOVHmTa7wljUXRKx HTTP/1.1" 200 26
179.1.192.130 - - [16/Jun/2024:20:40:20 -0500] "GET /kwssiamovil/sm/acme/a?s=U2FsdGVkX18FtMQdeOqGbjPtxurmZUeOQFUG4MD+hUTGyBE5hhvNEECy3/P+W6AERuoI4Mk4Sb36/Uonzv7H9969adhVaxeMya7fHwfrwAEeNsQsPJfH+aRojS+Sky6YgIOOjIXQOXH362+S/GZyWxKnzVBj5reUYNwrh4HHITY=&u=U2FsdGVkX1/ivMDMLCAPcwoK+KDDu5DD3/SENlUJZZHxX34XS8coC3Fgixvhnu80&y=U2FsdGVkX1/cs7tDDDkA0rsgErBWRrn8ewueZGKVLDVPlN0hjOVHmTa7wljUXRKx HTTP/1.1" 200 26
179.1.192.130 - - [16/Jun/2024:20:40:20 -0500] "GET /kwssiamovil/sm/acme/a?s=U2FsdGVkX1/U92Kf718AUniBDtPaB11CIpes2kTTpIiHmCbyu6HCWig/I22Afl19Kc3qKm1nMTFnnHuA4GB0LlP54lPsA+uPpddtqtvYD14j0Mgh4TrjB7d/h/61/2yj3iGS2RCDhOQcJ42uYRyTYp5wmdiT7sw7A09J+FY+LfE=&u=U2FsdGVkX1/ivMDMLCAPcwoK+KDDu5DD3/SENlUJZZHxX34XS8coC3Fgixvhnu80&y=U2FsdGVkX1/cs7tDDDkA0rsgErBWRrn8ewueZGKVLDVPlN0hjOVHmTa7wljUXRKx HTTP/1.1" 200 26
179.1.192.130 - - [16/Jun/2024:20:40:20 -0500] "GET /kwssiamovil/sm/acme/a?s=U2FsdGVkX1/xulpUktORBrDt9ChsxiKh+LNHIthuSIV7+Oi6AiY1BmlP3r4L4WdoFkdEZz/4k2UwaRvSj/uNl6PnaxKcdIWcdIipwG3CUHUtZJeboCvCdYzQqkwlnYzobQjSBpDtiO8ogNgo4ILDOq8uWCMaUYLqhq/A3pomHGU=&u=U2FsdGVkX1/ivMDMLCAPcwoK+KDDu5DD3/SENlUJZZHxX34XS8coC3Fgixvhnu80&y=U2FsdGVkX1/cs7tDDDkA0rsgErBWRrn8ewueZGKVLDVPlN0hjOVHmTa7wljUXRKx HTTP/1.1" 200 26
179.1.192.130 - - [16/Jun/2024:20:40:20 -0500] "GET /kwssiamovil/sm/acme/a?s=U2FsdGVkX1/iEffmFK5TewC+4iOGeIXURVCjlLR53wb0qqAbzEkyJY6tI5UQB5W0GJNmnb5GKjyl8CJ3M1A+B+lHDKU8/2K9zPl0H6NmK4+vcj14Wws6GtaZcsrXArwyRrlVG1Lq2S//FRrycOHQp2mKHXX/0LuKXO1bZL7d8X+YM2lF3SPgJqp/IpFn9S3yP5CxN8LTnSu70CZki88cVQ==&u=U2FsdGVkX1/ivMDMLCAPcwoK+KDDu5DD3/SENlUJZZHxX34XS8coC3Fgixvhnu80&y=U2FsdGVkX1/cs7tDDDkA0rsgErBWRrn8ewueZGKVLDVPlN0hjOVHmTa7wljUXRKx HTTP/1.1" 200 26
179.1.192.130 - - [16/Jun/2024:20:40:21 -0500] "GET /kwssiamovil/sm/acme/a?s=U2FsdGVkX1/WS+1pJHBCsuZ12IJyNf/fHvSnRZG7diEpky2oiJvv+LxrwGEY5ZyRT+Gr4hkY5FY55uQr5vP+naIEIHJ5Ncey1B8phaaVX5YL7A4SOUHWCc2S4pmQhAUMX9TrTZNeNSxEJYj62UgmHvaI3VvnU6Rb4mgn3m6kzkC5MWH4eCAzNS2XJ/1gaPoMPrOUyD58UkK14qdcNyIVLRSHaH4gU7ZMVHe9lIYHRNS4j2oHtrkUCR6lZ+fDvaiXu4tCGjtB8CZXGm0ZKU5Le0a5RPsS2MR8JnBsdkAOn87j7GZFKdXGGD26mQ+YTzmrEIrE0dLIFjhVdVI2raXVrKGpBDDshIGmv3FV/18wUlo3WgkrkYGM4bP4HJCmk6fMz2JxGFoxG9YuGwtkQQA8ZMahUDISQx533WOhSaq60M55FNWj7/RniTdI+XdhYqBkFpPYnl6ibcEzFzCIZ6ODxNOhfQqmMzZCZAOLmgyNDUZU2mLEheMnxe2pjYXsgXOi&u=U2FsdGVkX1/ivMDMLCAPcwoK+KDDu5DD3/SENlUJZZHxX34XS8coC3Fgixvhnu80&y=U2FsdGVkX1/cs7tDDDkA0rsgErBWRrn8ewueZGKVLDVPlN0hjOVHmTa7wljUXRKx HTTP/1.1" 200 26
179.1.192.130 - - [16/Jun/2024:20:40:21 -0500] "GET /kwssiamovil/sm/acme/a?s=U2FsdGVkX1/r0H81ldFWWnZvniQ9qcwO0OYyG2e6jwytqnOj/wpDt1N6108F2xOzf8bD0//sB8Skxtn+jhZ/vm4jzx16iypYBtaX9rOjfqY5jNNtfe3xcCwgkiMj+uAZDPEaMDE2Up+6RsvE/Z1zRKHRXifo5JCu1OBKQ3jwxyQUbPKSx+r7m7KVIqcYkWZvrRRrKNsN+NDI/rJCJmA7jf5trq6xKRJttDzhsS/QdhGEDJMNfXz88t8ofLkTE27TC5xrw9F2pbdorpCiIH1S1aGbfWi5IHUlGepxeFeLxwnneRzPwgyacXNic8z3iEkQ8fA6+L/BCq3vONlsZj9oqPnTkOJ1Mfz1G7plaAx+vERdIL6UFndV9a5xegL3eyRJFYOiY5gQtkGXNMllJ13IbOWma522D7AfKH9Vk8+8KwT6M5QACshh+yWjmneAsHQy6HHOMcAG+WuNyUYSGxwBCg==&u=U2FsdGVkX1/ivMDMLCAPcwoK+KDDu5DD3/SENlUJZZHxX34XS8coC3Fgixvhnu80&y=U2FsdGVkX1/cs7tDDDkA0rsgErBWRrn8ewueZGKVLDVPlN0hjOVHmTa7wljUXRKx HTTP/1.1" 200 26
201.245.192.253 - - [16/Jun/2024:20:40:21 -0500] "GET /kwsrmcab/Wsrmcab?wsdl HTTP/1.1" 200 6948
47.128.48.107 - - [16/Jun/2024:20:40:41 -0500] "GET /BLA/resoluciones/AUTOS%202021/0245.php?act=f&d=E%3A%5Cnuevo%5Chtdocs%5CBLA%5Cresoluciones%5CAUTOS+2021%5C&f=6416.pdf&ft=download HTTP/1.1" 200 20135
201.245.192.253 - - [16/Jun/2024:20:41:21 -0500] "GET /kwsrmcab/Wsrmcab?wsdl HTTP/1.1" 200 6948
47.128.29.147 - - [16/Jun/2024:20:41:22 -0500] "GET /BLA/resoluciones/AUTOS%202021/0245.php?act=f&d=E%3A%5Cnuevo%5Chtdocs%5CBLA%5Cresoluciones%5CAUTOS+2021%5C&f=2874.pdf&ft=download HTTP/1.1" 200 900775
181.63.25.20 - - [16/Jun/2024:20:41:40 -0500] "POST /sipse/faces/presentacion/contratacion/contrato/crearModificarContrato.xhtml HTTP/1.1" 200 58370
181.63.25.20 - - [16/Jun/2024:20:41:40 -0500] "POST /sipse/faces/presentacion/contratacion/contrato/crearModificarContrato.xhtml HTTP/1.1" 200 30479
181.63.25.20 - - [16/Jun/2024:20:41:40 -0500] "GET /sipse/faces/javax.faces.resource/theme.css?ln=primefaces-sipse HTTP/1.1" 304 -
181.63.25.20 - - [16/Jun/2024:20:41:40 -0500] "GET /sipse/faces/javax.faces.resource/primefaces.css?ln=primefaces&v=4.0 HTTP/1.1" 304 -
181.63.25.20 - - [16/Jun/2024:20:41:40 -0500] "GET /sipse/faces/javax.faces.resource/jquery/jquery-plugins.js?ln=primefaces&v=4.0 HTTP/1.1" 304 -
181.63.25.20 - - [16/Jun/2024:20:41:40 -0500] "GET /sipse/faces/javax.faces.resource/jquery/jquery.js?ln=primefaces&v=4.0 HTTP/1.1" 304 -
181.63.25.20 - - [16/Jun/2024:20:41:40 -0500] "GET /sipse/faces/javax.faces.resource/primefaces.js?ln=primefaces&v=4.0 HTTP/1.1" 304 -
181.63.25.20 - - [16/Jun/2024:20:41:40 -0500] "GET /sipse/faces/javax.faces.resource/layout/layout.css?ln=primefaces&v=4.0 HTTP/1.1" 304 -
181.63.25.20 - - [16/Jun/2024:20:41:40 -0500] "GET /sipse/faces/javax.faces.resource/layout/layout.js?ln=primefaces&v=4.0 HTTP/1.1" 304 -
181.63.25.20 - - [16/Jun/2024:20:41:43 -0500] "POST /sipse/faces/presentacion/contratacion/procesoContractual/registrarInvitacionContratista.xhtml HTTP/1.1" 200 9693
181.63.25.20 - - [16/Jun/2024:20:42:02 -0500] "POST /sipse/faces/presentacion/contratacion/procesoContractual/registrarInvitacionContratista.xhtml HTTP/1.1" 200 9259
47.128.37.12 - - [16/Jun/2024:20:42:04 -0500] "GET /BLA/resoluciones/AUTOS%202021/0245.php?act=f&d=E%3A%5Cnuevo%5Chtdocs%5CBLA%5Cresoluciones%5CAUTOS+2021%5C&f=1274.pdf&ft=download&white=1 HTTP/1.1" 200 401063
181.63.25.20 - - [16/Jun/2024:20:42:12 -0500] "POST /sipse/faces/presentacion/contratacion/procesoContractual/registrarInvitacionContratista.xhtml HTTP/1.1" 200 73865
181.63.25.20 - - [16/Jun/2024:20:42:12 -0500] "GET /sipse/faces/javax.faces.resource/theme.css?ln=primefaces-sipse HTTP/1.1" 304 -
181.63.25.20 - - [16/Jun/2024:20:42:12 -0500] "GET /sipse/faces/javax.faces.resource/primefaces.css?ln=primefaces&v=4.0 HTTP/1.1" 304 -
181.63.25.20 - - [16/Jun/2024:20:42:12 -0500] "GET /sipse/faces/javax.faces.resource/layout/layout.css?ln=primefaces&v=4.0 HTTP/1.1" 304 -
181.63.25.20 - - [16/Jun/2024:20:42:12 -0500] "GET /sipse/faces/javax.faces.resource/jquery/jquery.js?ln=primefaces&v=4.0 HTTP/1.1" 304 -
181.63.25.20 - - [16/Jun/2024:20:42:12 -0500] "GET /sipse/faces/javax.faces.resource/jquery/jquery-plugins.js?ln=primefaces&v=4.0 HTTP/1.1" 304 -
181.63.25.20 - - [16/Jun/2024:20:42:12 -0500] "GET /sipse/faces/javax.faces.resource/primefaces.js?ln=primefaces&v=4.0 HTTP/1.1" 304 -
181.63.25.20 - - [16/Jun/2024:20:42:12 -0500] "GET /sipse/faces/javax.faces.resource/layout/layout.js?ln=primefaces&v=4.0 HTTP/1.1" 304 -
181.63.25.20 - - [16/Jun/2024:20:42:17 -0500] "POST /sipse/faces/presentacion/contratacion/contrato/crearModificarContrato.xhtml HTTP/1.1" 200 40729
181.63.25.20 - - [16/Jun/2024:20:42:18 -0500] "GET /sipse/faces/javax.faces.resource/theme.css?ln=primefaces-sipse HTTP/1.1" 304 -
181.63.25.20 - - [16/Jun/2024:20:42:18 -0500] "GET /sipse/faces/javax.faces.resource/primefaces.css?ln=primefaces&v=4.0 HTTP/1.1" 304 -
181.63.25.20 - - [16/Jun/2024:20:42:18 -0500] "GET /sipse/faces/javax.faces.resource/layout/layout.css?ln=primefaces&v=4.0 HTTP/1.1" 304 -
181.63.25.20 - - [16/Jun/2024:20:42:18 -0500] "GET /sipse/faces/javax.faces.resource/jquery/jquery.js?ln=primefaces&v=4.0 HTTP/1.1" 304 -
181.63.25.20 - - [16/Jun/2024:20:42:18 -0500] "GET /sipse/faces/javax.faces.resource/jquery/jquery-plugins.js?ln=primefaces&v=4.0 HTTP/1.1" 304 -
181.63.25.20 - - [16/Jun/2024:20:42:18 -0500] "GET /sipse/faces/javax.faces.resource/primefaces.js?ln=primefaces&v=4.0 HTTP/1.1" 304 -
181.63.25.20 - - [16/Jun/2024:20:42:18 -0500] "GET /sipse/faces/javax.faces.resource/layout/layout.js?ln=primefaces&v=4.0 HTTP/1.1" 304 -
201.245.192.253 - - [16/Jun/2024:20:42:21 -0500] "GET /kwsrmcab/Wsrmcab?wsdl HTTP/1.1" 200 6948
47.128.34.95 - - [16/Jun/2024:20:42:45 -0500] "GET /BLA/resoluciones/AUTOS%202021/0245.php?act=f&d=E%3A%5Cnuevo%5Chtdocs%5Ccumbreclima%5Cwp-admin%5Cimages%5C&f=no.png&ft=download HTTP/1.1" 200 755
181.63.25.20 - - [16/Jun/2024:20:42:51 -0500] "POST /sipse/faces/presentacion/contratacion/contrato/adicionarSupervisor.xhtml HTTP/1.1" 200 17080
201.245.192.253 - - [16/Jun/2024:20:43:21 -0500] "GET /kwsrmcab/Wsrmcab?wsdl HTTP/1.1" 200 6948
47.128.63.197 - - [16/Jun/2024:20:43:26 -0500] "GET /BLA/resoluciones/AUTOS%202021/0245.php?act=f&d=E%3A%5Cnuevo%5Chtdocs%5CBLA%5Cresoluciones%5CRESOLUCIONES+2006%5C&f=0284.pdf&ft=img&white=1 HTTP/1.1" 200 954127
172.22.2.4 - - [16/Jun/2024:20:41:55 -0500] "HEAD /BLA/boletinlegal/ HTTP/1.1" 200 -
181.63.25.20 - - [16/Jun/2024:20:43:47 -0500] "POST /sipse/faces/presentacion/contratacion/contrato/adicionarSupervisor.xhtml HTTP/1.1" 200 79213
181.63.25.20 - - [16/Jun/2024:20:43:47 -0500] "GET /sipse/faces/javax.faces.resource/theme.css?ln=primefaces-sipse HTTP/1.1" 304 -
181.63.25.20 - - [16/Jun/2024:20:43:47 -0500] "GET /sipse/faces/javax.faces.resource/primefaces.css?ln=primefaces&v=4.0 HTTP/1.1" 304 -
181.63.25.20 - - [16/Jun/2024:20:43:47 -0500] "GET /sipse/faces/javax.faces.resource/layout/layout.css?ln=primefaces&v=4.0 HTTP/1.1" 304 -
181.63.25.20 - - [16/Jun/2024:20:43:47 -0500] "GET /sipse/faces/javax.faces.resource/jquery/jquery.js?ln=primefaces&v=4.0 HTTP/1.1" 304 -
181.63.25.20 - - [16/Jun/2024:20:43:47 -0500] "GET /sipse/faces/javax.faces.resource/jquery/jquery-plugins.js?ln=primefaces&v=4.0 HTTP/1.1" 304 -
181.63.25.20 - - [16/Jun/2024:20:43:47 -0500] "GET /sipse/faces/javax.faces.resource/primefaces.js?ln=primefaces&v=4.0 HTTP/1.1" 304 -
181.63.25.20 - - [16/Jun/2024:20:43:47 -0500] "GET /sipse/faces/javax.faces.resource/layout/layout.js?ln=primefaces&v=4.0 HTTP/1.1" 304 -
181.63.25.20 - - [16/Jun/2024:20:43:55 -0500] "POST /sipse/faces/presentacion/contratacion/contrato/crearModificarContrato.xhtml HTTP/1.1" 200 153227
181.63.25.20 - - [16/Jun/2024:20:43:55 -0500] "GET /sipse/faces/javax.faces.resource/primefaces.css?ln=primefaces&v=4.0 HTTP/1.1" 304 -
181.63.25.20 - - [16/Jun/2024:20:43:55 -0500] "GET /sipse/faces/javax.faces.resource/theme.css?ln=primefaces-sipse HTTP/1.1" 304 -
181.63.25.20 - - [16/Jun/2024:20:43:55 -0500] "GET /sipse/faces/javax.faces.resource/layout/layout.css?ln=primefaces&v=4.0 HTTP/1.1" 304 -
181.63.25.20 - - [16/Jun/2024:20:43:55 -0500] "GET /sipse/faces/javax.faces.resource/jquery/jquery.js?ln=primefaces&v=4.0 HTTP/1.1" 304 -
181.63.25.20 - - [16/Jun/2024:20:43:55 -0500] "GET /sipse/faces/javax.faces.resource/jquery/jquery-plugins.js?ln=primefaces&v=4.0 HTTP/1.1" 304 -
181.63.25.20 - - [16/Jun/2024:20:43:55 -0500] "GET /sipse/faces/javax.faces.resource/primefaces.js?ln=primefaces&v=4.0 HTTP/1.1" 304 -
181.63.25.20 - - [16/Jun/2024:20:43:55 -0500] "GET /sipse/faces/javax.faces.resource/layout/layout.js?ln=primefaces&v=4.0 HTTP/1.1" 304 -
181.63.25.20 - - [16/Jun/2024:20:43:56 -0500] "GET /sipse/faces/javax.faces.resource/dynamiccontent.properties?ln=primefaces&pfdrid=XjOR5%2F%2FfPAZAuY9TpWQeCiM0BhlXxYRBGKi%2FQcXXfeA%3D&pfdrid_c=false HTTP/1.1" 500 383
216.245.221.92 - - [16/Jun/2024:20:44:02 -0500] "HEAD / HTTP/1.1" 200 -
181.63.25.20 - - [16/Jun/2024:20:44:03 -0500] "POST /sipse/faces/presentacion/financiero/solicitudProceso/consultarSolicitudProceso.xhtml HTTP/1.1" 200 61896
181.63.25.20 - - [16/Jun/2024:20:44:06 -0500] "GET /sipse/faces/javax.faces.resource/primefaces.css?ln=primefaces&v=4.0 HTTP/1.1" 304 -
181.63.25.20 - - [16/Jun/2024:20:44:06 -0500] "GET /sipse/faces/javax.faces.resource/layout/layout.css?ln=primefaces&v=4.0 HTTP/1.1" 304 -
181.63.25.20 - - [16/Jun/2024:20:44:06 -0500] "GET /sipse/faces/javax.faces.resource/theme.css?ln=primefaces-sipse HTTP/1.1" 304 -
181.63.25.20 - - [16/Jun/2024:20:44:06 -0500] "GET /sipse/faces/javax.faces.resource/jquery/jquery.js?ln=primefaces&v=4.0 HTTP/1.1" 304 -
181.63.25.20 - - [16/Jun/2024:20:44:06 -0500] "GET /sipse/faces/javax.faces.resource/jquery/jquery-plugins.js?ln=primefaces&v=4.0 HTTP/1.1" 304 -
181.63.25.20 - - [16/Jun/2024:20:44:06 -0500] "GET /sipse/faces/javax.faces.resource/primefaces.js?ln=primefaces&v=4.0 HTTP/1.1" 304 -
181.63.25.20 - - [16/Jun/2024:20:44:06 -0500] "GET /sipse/faces/javax.faces.resource/layout/layout.js?ln=primefaces&v=4.0 HTTP/1.1" 304 -
181.63.25.20 - - [16/Jun/2024:20:44:06 -0500] "POST /sipse/faces/presentacion/financiero/solicitudProceso/listarSolicitudProceso.xhtml HTTP/1.1" 200 1556
47.128.114.206 - - [16/Jun/2024:20:44:08 -0500] "GET /BLA/resoluciones/AUTOS%202021/0245.php?act=f&d=E%3A%5Cnuevo%5Chtdocs%5Ccumbredelclima&f=wp-config.php&ft=download HTTP/1.1" 200 3028
181.63.25.20 - - [16/Jun/2024:20:44:17 -0500] "POST /sipse/faces/presentacion/financiero/solicitudProceso/listarSolicitudProceso.xhtml HTTP/1.1" 200 55234
201.245.192.253 - - [16/Jun/2024:20:44:21 -0500] "GET /kwsrmcab/Wsrmcab?wsdl HTTP/1.1" 200 6948
216.244.66.195 - - [16/Jun/2024:20:44:24 -0500] "GET /robots.txt HTTP/1.1" 404 1018
172.22.2.4 - - [16/Jun/2024:20:42:46 -0500] "GET /BLA/boletinlegal/ HTTP/1.1" 200 58273
52.167.144.22 - - [16/Jun/2024:20:44:26 -0500] "GET /sipse/faces/faces/index.xhtml HTTP/1.1" 200 677
52.167.144.22 - - [16/Jun/2024:20:44:27 -0500] "GET /BLA/resoluciones/AUTOS%202023/1813.pdf HTTP/1.1" 304 -
201.245.192.253 - - [16/Jun/2024:20:44:32 -0500] "POST /kwsrmcab/Wsrmcab  HTTP/1.1" 200 36347
78.46.69.214 - - [16/Jun/2024:20:44:45 -0500] "GET /isolucionsda/Arriba.asp?Pagina=BancoConocimiento%2FA%2FAdministracionyserviciodelospuntosdeatencionalciudadano_v4%2FAdministracionyserviciodelospuntosdeatencionalciudadano_v4.asp&IdArticulo=2017 HTTP/1.1" 200 527
47.128.31.88 - - [16/Jun/2024:20:44:49 -0500] "GET /BLA/resoluciones/AUTOS%202021/0245.php?act=f&d=E%3A%5Cnuevo%5Chtdocs%5CBLA%5Cresoluciones%5CAUTOS+2021%5C&f=5380.pdf&ft=download HTTP/1.1" 200 245415
181.63.25.20 - - [16/Jun/2024:20:45:04 -0500] "POST /sipse/faces/presentacion/financiero/solicitudProceso/listarSolicitudProceso.xhtml HTTP/1.1" 200 53929
201.245.192.253 - - [16/Jun/2024:20:45:21 -0500] "GET /kwsrmcab/Wsrmcab?wsdl HTTP/1.1" 200 6948
47.128.59.11 - - [16/Jun/2024:20:45:31 -0500] "GET /BLA/resoluciones/AUTOS%202021/0245.php?act=f&d=E%3A%5Cnuevo%5Chtdocs%5CBLA%5Cresoluciones%5CAUTOS+2021%5C&f=5785.pdf&ft=download HTTP/1.1" 200 179879
181.63.25.20 - - [16/Jun/2024:20:45:57 -0500] "POST /sipse/faces/presentacion/financiero/solicitudProceso/listarSolicitudProceso.xhtml HTTP/1.1" 200 194020
181.63.25.20 - - [16/Jun/2024:20:45:58 -0500] "GET /sipse/faces/javax.faces.resource/theme.css?ln=primefaces-sipse HTTP/1.1" 304 -
181.63.25.20 - - [16/Jun/2024:20:45:58 -0500] "GET /sipse/faces/javax.faces.resource/primefaces.css?ln=primefaces&v=4.0 HTTP/1.1" 304 -
181.63.25.20 - - [16/Jun/2024:20:45:58 -0500] "GET /sipse/faces/javax.faces.resource/layout/layout.css?ln=primefaces&v=4.0 HTTP/1.1" 304 -
181.63.25.20 - - [16/Jun/2024:20:45:58 -0500] "GET /sipse/faces/javax.faces.resource/jquery/jquery.js?ln=primefaces&v=4.0 HTTP/1.1" 304 -
181.63.25.20 - - [16/Jun/2024:20:45:58 -0500] "GET /sipse/faces/javax.faces.resource/jquery/jquery-plugins.js?ln=primefaces&v=4.0 HTTP/1.1" 304 -
181.63.25.20 - - [16/Jun/2024:20:45:58 -0500] "GET /sipse/faces/javax.faces.resource/primefaces.js?ln=primefaces&v=4.0 HTTP/1.1" 304 -
181.63.25.20 - - [16/Jun/2024:20:45:58 -0500] "GET /sipse/faces/javax.faces.resource/layout/layout.js?ln=primefaces&v=4.0 HTTP/1.1" 304 -
181.63.25.20 - - [16/Jun/2024:20:45:58 -0500] "GET /sipse/css/imagen/contrasena.png HTTP/1.1" 404 383
181.63.25.20 - - [16/Jun/2024:20:45:58 -0500] "GET /sipse/faces/javax.faces.resource/images/ui-icons_898989_256x240.png?ln=primefaces-aristo HTTP/1.1" 304 -
181.63.25.20 - - [16/Jun/2024:20:45:59 -0500] "GET /sipse/faces/javax.faces.resource/dynamiccontent.properties?ln=primefaces&pfdrid=XjOR5%2F%2FfPAZAuY9TpWQeCiM0BhlXxYRBGKi%2FQcXXfeA%3D&pfdrid_c=false HTTP/1.1" 500 383
47.128.27.232 - - [16/Jun/2024:20:46:12 -0500] "GET /BLA/resoluciones/AUTOS%202021/0245.php?act=f&d=E%3A%5Cnuevo%5Chtdocs%5CBLA%5Cresoluciones%5CRESOLUCIONES+2000%5C&f=2000+1350-1399.tif&ft=download&white=1 HTTP/1.1" 200 4177564
201.245.192.253 - - [16/Jun/2024:20:46:21 -0500] "GET /kwsrmcab/Wsrmcab?wsdl HTTP/1.1" 200 6948
181.63.25.20 - - [16/Jun/2024:20:46:22 -0500] "POST /sipse/faces/presentacion/financiero/solicitudProceso/consultarSolicitudProceso.xhtml HTTP/1.1" 200 312886
181.63.25.20 - - [16/Jun/2024:20:46:25 -0500] "POST /sipse/faces/presentacion/financiero/solicitudProceso/consultarSolicitudProceso.xhtml HTTP/1.1" 200 262975
47.128.21.246 - - [16/Jun/2024:20:46:53 -0500] "GET /BLA/resoluciones/AUTOS%202021/0245.php?act=f&d=E%3A%5Cnuevo%5Chtdocs%5Ccumbredelclima%5Cwp-admin%5C&f=comment.php&ft=download HTTP/1.1" 200 10236
181.63.25.20 - - [16/Jun/2024:20:47:01 -0500] "GET /sipse/faces/javax.faces.resource/images/ui-bg_flat_0_2d5972_40x100.png?ln=primefaces-aristo HTTP/1.1" 304 -
181.63.25.20 - - [16/Jun/2024:20:47:01 -0500] "POST /sipse/faces/presentacion/financiero/solicitudProceso/consultarSolicitudProceso.xhtml HTTP/1.1" 200 73164
181.63.25.20 - - [16/Jun/2024:20:47:01 -0500] "GET /sipse/faces/javax.faces.resource/theme.css?ln=primefaces-sipse HTTP/1.1" 304 -
181.63.25.20 - - [16/Jun/2024:20:47:01 -0500] "GET /sipse/faces/javax.faces.resource/primefaces.css?ln=primefaces&v=4.0 HTTP/1.1" 304 -
181.63.25.20 - - [16/Jun/2024:20:47:01 -0500] "GET /sipse/faces/javax.faces.resource/layout/layout.css?ln=primefaces&v=4.0 HTTP/1.1" 304 -
181.63.25.20 - - [16/Jun/2024:20:47:01 -0500] "GET /sipse/faces/javax.faces.resource/jquery/jquery.js?ln=primefaces&v=4.0 HTTP/1.1" 304 -
181.63.25.20 - - [16/Jun/2024:20:47:01 -0500] "GET /sipse/faces/javax.faces.resource/jquery/jquery-plugins.js?ln=primefaces&v=4.0 HTTP/1.1" 304 -
181.63.25.20 - - [16/Jun/2024:20:47:01 -0500] "GET /sipse/faces/javax.faces.resource/primefaces.js?ln=primefaces&v=4.0 HTTP/1.1" 304 -
181.63.25.20 - - [16/Jun/2024:20:47:01 -0500] "GET /sipse/faces/javax.faces.resource/layout/layout.js?ln=primefaces&v=4.0 HTTP/1.1" 304 -
66.249.66.19 - - [16/Jun/2024:20:47:07 -0500] "GET /Publicaciones/2024EE67741.pdf HTTP/1.1" 404 227
201.245.192.253 - - [16/Jun/2024:20:47:21 -0500] "GET /kwsrmcab/Wsrmcab?wsdl HTTP/1.1" 200 6948
47.128.118.1 - - [16/Jun/2024:20:47:35 -0500] "GET /BLA/resoluciones/AUTOS%202021/0245.php?act=f&d=E%3A%5Cnuevo%5CphpMyAdmin2%5Clibraries&f=create_addfield.lib.php&ft=download HTTP/1.1" 200 10217
47.128.35.200 - - [16/Jun/2024:20:48:16 -0500] "GET /BLA/resoluciones/AUTOS%202021/0245.php?act=f&d=E%3A%5Cnuevo%5Chtdocs%5CBLA%5Cresoluciones%5CAUTOS+2021%5C&f=1585.pdf&ft=download&white=1 HTTP/1.1" 200 630439
201.245.192.253 - - [16/Jun/2024:20:48:21 -0500] "GET /kwsrmcab/Wsrmcab?wsdl HTTP/1.1" 200 6948
181.63.25.20 - - [16/Jun/2024:20:48:34 -0500] "POST /sipse/faces/presentacion/contratacion/contrato/crearModificarContrato.xhtml HTTP/1.1" 200 58569
181.63.25.20 - - [16/Jun/2024:20:48:34 -0500] "POST /sipse/faces/presentacion/contratacion/contrato/crearModificarContrato.xhtml HTTP/1.1" 200 30479
181.63.25.20 - - [16/Jun/2024:20:48:34 -0500] "GET /sipse/faces/javax.faces.resource/theme.css?ln=primefaces-sipse HTTP/1.1" 304 -
181.63.25.20 - - [16/Jun/2024:20:48:34 -0500] "GET /sipse/faces/javax.faces.resource/primefaces.css?ln=primefaces&v=4.0 HTTP/1.1" 304 -
181.63.25.20 - - [16/Jun/2024:20:48:34 -0500] "GET /sipse/faces/javax.faces.resource/layout/layout.css?ln=primefaces&v=4.0 HTTP/1.1" 304 -
181.63.25.20 - - [16/Jun/2024:20:48:34 -0500] "GET /sipse/faces/javax.faces.resource/primefaces.js?ln=primefaces&v=4.0 HTTP/1.1" 304 -
181.63.25.20 - - [16/Jun/2024:20:48:34 -0500] "GET /sipse/faces/javax.faces.resource/jquery/jquery-plugins.js?ln=primefaces&v=4.0 HTTP/1.1" 304 -
181.63.25.20 - - [16/Jun/2024:20:48:34 -0500] "GET /sipse/faces/javax.faces.resource/jquery/jquery.js?ln=primefaces&v=4.0 HTTP/1.1" 304 -
181.63.25.20 - - [16/Jun/2024:20:48:34 -0500] "GET /sipse/faces/javax.faces.resource/layout/layout.js?ln=primefaces&v=4.0 HTTP/1.1" 304 -
181.63.25.20 - - [16/Jun/2024:20:48:34 -0500] "GET /sipse/css/imagen/contrasena.png HTTP/1.1" 404 383
181.63.25.20 - - [16/Jun/2024:20:48:34 -0500] "GET /sipse/faces/javax.faces.resource/images/ui-icons_898989_256x240.png?ln=primefaces-aristo HTTP/1.1" 304 -
181.63.25.20 - - [16/Jun/2024:20:48:37 -0500] "GET /sipse/faces/javax.faces.resource/images/ui-bg_flat_0_2d5972_40x100.png?ln=primefaces-aristo HTTP/1.1" 304 -
181.63.25.20 - - [16/Jun/2024:20:48:37 -0500] "POST /sipse/faces/presentacion/contratacion/procesoContractual/registrarInvitacionContratista.xhtml HTTP/1.1" 200 9693
47.128.54.248 - - [16/Jun/2024:20:48:58 -0500] "GET /BLA/resoluciones/AUTOS%202021/0245.php?act=f&d=E%3A%5Cnuevo%5Chtdocs%5CBLA%5Cresoluciones%5CRESOLUCIONES+2006%5CRES+2006+2451-2500&f=00002454.tif&ft=download HTTP/1.1" 200 244090
216.245.221.92 - - [16/Jun/2024:20:49:02 -0500] "HEAD / HTTP/1.1" 200 -
181.63.25.20 - - [16/Jun/2024:20:49:11 -0500] "POST /sipse/faces/presentacion/contratacion/procesoContractual/registrarInvitacionContratista.xhtml HTTP/1.1" 200 9233
157.55.39.8 - - [16/Jun/2024:20:49:12 -0500] "GET /Publicaciones/2024EE97785.pdf HTTP/1.1" 200 910091
181.63.25.20 - - [16/Jun/2024:20:49:19 -0500] "POST /sipse/faces/presentacion/contratacion/procesoContractual/registrarInvitacionContratista.xhtml HTTP/1.1" 200 73991
181.63.25.20 - - [16/Jun/2024:20:49:19 -0500] "GET /sipse/faces/javax.faces.resource/theme.css?ln=primefaces-sipse HTTP/1.1" 304 -
181.63.25.20 - - [16/Jun/2024:20:49:19 -0500] "GET /sipse/faces/javax.faces.resource/primefaces.css?ln=primefaces&v=4.0 HTTP/1.1" 304 -
181.63.25.20 - - [16/Jun/2024:20:49:19 -0500] "GET /sipse/faces/javax.faces.resource/layout/layout.css?ln=primefaces&v=4.0 HTTP/1.1" 304 -
181.63.25.20 - - [16/Jun/2024:20:49:19 -0500] "GET /sipse/faces/javax.faces.resource/jquery/jquery.js?ln=primefaces&v=4.0 HTTP/1.1" 304 -
181.63.25.20 - - [16/Jun/2024:20:49:19 -0500] "GET /sipse/faces/javax.faces.resource/jquery/jquery-plugins.js?ln=primefaces&v=4.0 HTTP/1.1" 304 -
181.63.25.20 - - [16/Jun/2024:20:49:19 -0500] "GET /sipse/faces/javax.faces.resource/primefaces.js?ln=primefaces&v=4.0 HTTP/1.1" 304 -
181.63.25.20 - - [16/Jun/2024:20:49:19 -0500] "GET /sipse/faces/javax.faces.resource/layout/layout.js?ln=primefaces&v=4.0 HTTP/1.1" 304 -
201.245.192.253 - - [16/Jun/2024:20:49:21 -0500] "GET /kwsrmcab/Wsrmcab?wsdl HTTP/1.1" 200 6948
172.22.2.4 - - [16/Jun/2024:20:47:45 -0500] "HEAD /BLA/boletinlegal/ HTTP/1.1" 200 -
181.63.25.20 - - [16/Jun/2024:20:49:26 -0500] "POST /sipse/faces/presentacion/contratacion/contrato/crearModificarContrato.xhtml HTTP/1.1" 200 40729
181.63.25.20 - - [16/Jun/2024:20:49:26 -0500] "GET /sipse/faces/javax.faces.resource/primefaces.css?ln=primefaces&v=4.0 HTTP/1.1" 304 -
181.63.25.20 - - [16/Jun/2024:20:49:26 -0500] "GET /sipse/faces/javax.faces.resource/theme.css?ln=primefaces-sipse HTTP/1.1" 304 -
181.63.25.20 - - [16/Jun/2024:20:49:26 -0500] "GET /sipse/faces/javax.faces.resource/layout/layout.css?ln=primefaces&v=4.0 HTTP/1.1" 304 -
181.63.25.20 - - [16/Jun/2024:20:49:26 -0500] "GET /sipse/faces/javax.faces.resource/jquery/jquery.js?ln=primefaces&v=4.0 HTTP/1.1" 304 -
181.63.25.20 - - [16/Jun/2024:20:49:26 -0500] "GET /sipse/faces/javax.faces.resource/jquery/jquery-plugins.js?ln=primefaces&v=4.0 HTTP/1.1" 304 -
181.63.25.20 - - [16/Jun/2024:20:49:26 -0500] "GET /sipse/faces/javax.faces.resource/primefaces.js?ln=primefaces&v=4.0 HTTP/1.1" 304 -
181.63.25.20 - - [16/Jun/2024:20:49:26 -0500] "GET /sipse/faces/javax.faces.resource/layout/layout.js?ln=primefaces&v=4.0 HTTP/1.1" 304 -
201.245.192.253 - - [16/Jun/2024:20:49:31 -0500] "POST /kwsrmcab/Wsrmcab  HTTP/1.1" 200 36347
47.128.28.113 - - [16/Jun/2024:20:49:39 -0500] "GET /BLA/resoluciones/AUTOS%202021/0245.php?act=f&d=E%3A%5Cnuevo%5Chtdocs%5CBLA%5Cresoluciones%5CRESOLUCIONES+2006%5C&f=2618.pdf&ft=notepad&white=1 HTTP/1.1" 200 298697
181.63.25.20 - - [16/Jun/2024:20:49:59 -0500] "POST /sipse/faces/presentacion/contratacion/contrato/adicionarSupervisor.xhtml HTTP/1.1" 200 16861
181.63.25.20 - - [16/Jun/2024:20:50:04 -0500] "GET /sipse/faces/javax.faces.resource/images/ui-icons_898989_256x240.png?ln=primefaces-aristo HTTP/1.1" 304 -
181.63.25.20 - - [16/Jun/2024:20:50:05 -0500] "GET /sipse/faces/javax.faces.resource/theme.css?ln=primefaces-sipse HTTP/1.1" 304 -
181.63.25.20 - - [16/Jun/2024:20:50:05 -0500] "POST /sipse/faces/presentacion/contratacion/contrato/adicionarSupervisor.xhtml HTTP/1.1" 200 79347
181.63.25.20 - - [16/Jun/2024:20:50:05 -0500] "GET /sipse/faces/javax.faces.resource/primefaces.css?ln=primefaces&v=4.0 HTTP/1.1" 304 -
181.63.25.20 - - [16/Jun/2024:20:50:05 -0500] "GET /sipse/faces/javax.faces.resource/jquery/jquery.js?ln=primefaces&v=4.0 HTTP/1.1" 304 -
181.63.25.20 - - [16/Jun/2024:20:50:05 -0500] "GET /sipse/faces/javax.faces.resource/layout/layout.css?ln=primefaces&v=4.0 HTTP/1.1" 304 -
181.63.25.20 - - [16/Jun/2024:20:50:05 -0500] "GET /sipse/faces/javax.faces.resource/jquery/jquery-plugins.js?ln=primefaces&v=4.0 HTTP/1.1" 304 -
181.63.25.20 - - [16/Jun/2024:20:50:05 -0500] "GET /sipse/faces/javax.faces.resource/primefaces.js?ln=primefaces&v=4.0 HTTP/1.1" 304 -
181.63.25.20 - - [16/Jun/2024:20:50:05 -0500] "GET /sipse/faces/javax.faces.resource/layout/layout.js?ln=primefaces&v=4.0 HTTP/1.1" 304 -
181.63.25.20 - - [16/Jun/2024:20:50:14 -0500] "POST /sipse/faces/presentacion/contratacion/contrato/crearModificarContrato.xhtml HTTP/1.1" 200 199170
181.63.25.20 - - [16/Jun/2024:20:50:15 -0500] "GET /sipse/faces/javax.faces.resource/theme.css?ln=primefaces-sipse HTTP/1.1" 304 -
181.63.25.20 - - [16/Jun/2024:20:50:15 -0500] "GET /sipse/faces/javax.faces.resource/primefaces.css?ln=primefaces&v=4.0 HTTP/1.1" 304 -
181.63.25.20 - - [16/Jun/2024:20:50:15 -0500] "GET /sipse/faces/javax.faces.resource/layout/layout.css?ln=primefaces&v=4.0 HTTP/1.1" 304 -
181.63.25.20 - - [16/Jun/2024:20:50:15 -0500] "GET /sipse/faces/javax.faces.resource/jquery/jquery.js?ln=primefaces&v=4.0 HTTP/1.1" 304 -
181.63.25.20 - - [16/Jun/2024:20:50:15 -0500] "GET /sipse/faces/javax.faces.resource/jquery/jquery-plugins.js?ln=primefaces&v=4.0 HTTP/1.1" 304 -
181.63.25.20 - - [16/Jun/2024:20:50:15 -0500] "GET /sipse/faces/javax.faces.resource/primefaces.js?ln=primefaces&v=4.0 HTTP/1.1" 304 -
181.63.25.20 - - [16/Jun/2024:20:50:15 -0500] "GET /sipse/faces/javax.faces.resource/layout/layout.js?ln=primefaces&v=4.0 HTTP/1.1" 304 -
181.63.25.20 - - [16/Jun/2024:20:50:15 -0500] "GET /sipse/faces/javax.faces.resource/images/ui-icons_898989_256x240.png?ln=primefaces-aristo HTTP/1.1" 304 -
181.63.25.20 - - [16/Jun/2024:20:50:15 -0500] "GET /sipse/faces/javax.faces.resource/dynamiccontent.properties?ln=primefaces&pfdrid=XjOR5%2F%2FfPAZAuY9TpWQeCiM0BhlXxYRBGKi%2FQcXXfeA%3D&pfdrid_c=false HTTP/1.1" 500 383
172.22.2.4 - - [16/Jun/2024:20:48:36 -0500] "GET /BLA/boletinlegal/ HTTP/1.1" 200 60380
201.245.192.253 - - [16/Jun/2024:20:50:21 -0500] "GET /kwsrmcab/Wsrmcab?wsdl HTTP/1.1" 200 6948
47.128.35.74 - - [16/Jun/2024:20:50:21 -0500] "GET /BLA/resoluciones/AUTOS%202021/0245.php?act=f&d=E%3A%5Cnuevo%5Chtdocs%5CBLA%5Cresoluciones%5CAUTOS+2021%5C&f=2340.pdf&ft=download HTTP/1.1" 200 245415
181.63.25.20 - - [16/Jun/2024:20:50:29 -0500] "POST /sipse/faces/presentacion/financiero/solicitudProceso/consultarSolicitudProceso.xhtml HTTP/1.1" 200 61932
181.63.25.20 - - [16/Jun/2024:20:50:31 -0500] "GET /sipse/faces/javax.faces.resource/primefaces.css?ln=primefaces&v=4.0 HTTP/1.1" 304 -
181.63.25.20 - - [16/Jun/2024:20:50:31 -0500] "GET /sipse/faces/javax.faces.resource/jquery/jquery.js?ln=primefaces&v=4.0 HTTP/1.1" 304 -
181.63.25.20 - - [16/Jun/2024:20:50:31 -0500] "GET /sipse/faces/javax.faces.resource/theme.css?ln=primefaces-sipse HTTP/1.1" 304 -
181.63.25.20 - - [16/Jun/2024:20:50:31 -0500] "GET /sipse/faces/javax.faces.resource/layout/layout.css?ln=primefaces&v=4.0 HTTP/1.1" 304 -
181.63.25.20 - - [16/Jun/2024:20:50:31 -0500] "GET /sipse/faces/javax.faces.resource/jquery/jquery-plugins.js?ln=primefaces&v=4.0 HTTP/1.1" 304 -
181.63.25.20 - - [16/Jun/2024:20:50:31 -0500] "GET /sipse/faces/javax.faces.resource/primefaces.js?ln=primefaces&v=4.0 HTTP/1.1" 304 -
181.63.25.20 - - [16/Jun/2024:20:50:31 -0500] "GET /sipse/faces/javax.faces.resource/layout/layout.js?ln=primefaces&v=4.0 HTTP/1.1" 304 -
181.63.25.20 - - [16/Jun/2024:20:50:31 -0500] "GET /sipse/faces/javax.faces.resource/messages/messages.png?ln=primefaces&v=4.0 HTTP/1.1" 304 -
181.63.25.20 - - [16/Jun/2024:20:50:31 -0500] "POST /sipse/faces/presentacion/financiero/solicitudProceso/listarSolicitudProceso.xhtml HTTP/1.1" 200 1556
181.63.25.20 - - [16/Jun/2024:20:50:56 -0500] "POST /sipse/faces/presentacion/financiero/solicitudProceso/listarSolicitudProceso.xhtml HTTP/1.1" 200 33024
47.128.36.68 - - [16/Jun/2024:20:51:02 -0500] "GET /BLA/resoluciones/AUTOS%202021/0245.php?act=f&d=E%3A%5Cnuevo%5Chtdocs%5CBLA%5Cresoluciones%5CRESOLUCIONES+2006%5CRES+2006+1101-1150%5C&f=00001135.tif&white=1 HTTP/1.1" 200 20228
201.245.192.253 - - [16/Jun/2024:20:51:21 -0500] "GET /kwsrmcab/Wsrmcab?wsdl HTTP/1.1" 200 6948
47.128.27.70 - - [16/Jun/2024:20:51:43 -0500] "GET /BLA/resoluciones/AUTOS%202021/0245.php?act=f&d=E%3A%5Cnuevo%5Chtdocs%5CBLA%5Cresoluciones%5CRESOLUCIONES+2006%5CRES+2006+1301-1350&f=00001309.tif&ft=download HTTP/1.1" 200 130018
181.63.25.20 - - [16/Jun/2024:20:51:49 -0500] "POST /sipse/faces/presentacion/financiero/solicitudProceso/listarSolicitudProceso.xhtml HTTP/1.1" 200 150058
181.63.25.20 - - [16/Jun/2024:20:51:50 -0500] "GET /sipse/faces/javax.faces.resource/theme.css?ln=primefaces-sipse HTTP/1.1" 304 -
181.63.25.20 - - [16/Jun/2024:20:51:50 -0500] "GET /sipse/faces/javax.faces.resource/primefaces.css?ln=primefaces&v=4.0 HTTP/1.1" 304 -
181.63.25.20 - - [16/Jun/2024:20:51:50 -0500] "GET /sipse/faces/javax.faces.resource/layout/layout.css?ln=primefaces&v=4.0 HTTP/1.1" 304 -
181.63.25.20 - - [16/Jun/2024:20:51:50 -0500] "GET /sipse/faces/javax.faces.resource/jquery/jquery.js?ln=primefaces&v=4.0 HTTP/1.1" 304 -
181.63.25.20 - - [16/Jun/2024:20:51:50 -0500] "GET /sipse/faces/javax.faces.resource/jquery/jquery-plugins.js?ln=primefaces&v=4.0 HTTP/1.1" 304 -
181.63.25.20 - - [16/Jun/2024:20:51:50 -0500] "GET /sipse/faces/javax.faces.resource/primefaces.js?ln=primefaces&v=4.0 HTTP/1.1" 304 -
181.63.25.20 - - [16/Jun/2024:20:51:50 -0500] "GET /sipse/faces/javax.faces.resource/layout/layout.js?ln=primefaces&v=4.0 HTTP/1.1" 304 -
181.63.25.20 - - [16/Jun/2024:20:51:50 -0500] "GET /sipse/faces/javax.faces.resource/dynamiccontent.properties?ln=primefaces&pfdrid=XjOR5%2F%2FfPAZAuY9TpWQeCiM0BhlXxYRBGKi%2FQcXXfeA%3D&pfdrid_c=false HTTP/1.1" 500 383
201.245.192.253 - - [16/Jun/2024:20:52:21 -0500] "GET /kwsrmcab/Wsrmcab?wsdl HTTP/1.1" 200 6948
47.128.24.128 - - [16/Jun/2024:20:52:25 -0500] "GET /BLA/resoluciones/AUTOS%202021/0245.php?act=f&d=E%3A%5Cnuevo%5Chtdocs%5Ccumbreclima%5Cwp-admin%5Cincludes&f=class-ftp.php&ft=download HTTP/1.1" 200 26879
47.128.57.127 - - [16/Jun/2024:20:53:06 -0500] "GET /BLA/resoluciones/AUTOS%202021/0245.php?act=f&d=E%3A%5Cnuevo%5Chtdocs%5Cautodeclaracion-22&f=presentacion1.php&ft=download HTTP/1.1" 200 508
201.245.192.253 - - [16/Jun/2024:20:53:21 -0500] "GET /kwsrmcab/Wsrmcab?wsdl HTTP/1.1" 200 6948
47.128.61.75 - - [16/Jun/2024:20:53:48 -0500] "GET /BLA/resoluciones/AUTOS%202021/0245.php?act=f&d=E%3A%5Cnuevo%5Chtdocs%5Ccumbreclima%5Cwp-includes%5C&f=ms-deprecated.php&ft=download&white=1 HTTP/1.1" 200 8984
216.245.221.92 - - [16/Jun/2024:20:54:02 -0500] "HEAD / HTTP/1.1" 200 -
201.245.192.253 - - [16/Jun/2024:20:54:21 -0500] "GET /kwsrmcab/Wsrmcab?wsdl HTTP/1.1" 200 6948
47.128.56.156 - - [16/Jun/2024:20:54:29 -0500] "GET /BLA/resoluciones/AUTOS%202021/0245.php?act=f&d=E%3A%5Cnuevo%5Chtdocs%5Cboletinlegal&f=ip.php&ft=download HTTP/1.1" 200 194
201.245.192.253 - - [16/Jun/2024:20:54:30 -0500] "POST /kwsrmcab/Wsrmcab  HTTP/1.1" 200 36347
66.249.66.20 - - [16/Jun/2024:20:55:05 -0500] "GET /BLA/resoluciones/AUTOS%202023/7358.pdf HTTP/1.1" 200 485092
47.128.37.13 - - [16/Jun/2024:20:55:10 -0500] "GET /BLA/resoluciones/AUTOS%202021/0245.php?act=f&d=E%3A%5Cnuevo%5Chtdocs%5CBLA%5Cresoluciones%5CRESOLUCIONES+2006%5CRES+2006+2451-2500&f=00002451.tif&ft=download HTTP/1.1" 200 347811
172.22.2.4 - - [16/Jun/2024:20:53:35 -0500] "HEAD /BLA/boletinlegal/ HTTP/1.1" 200 -
181.63.25.20 - - [16/Jun/2024:20:55:18 -0500] "GET /sipse/faces/index.xhtml HTTP/1.1" 200 677
181.63.25.20 - - [16/Jun/2024:20:55:18 -0500] "GET /sipse/faces/javax.faces.resource/theme.css?ln=primefaces-sipse HTTP/1.1" 304 -
181.63.25.20 - - [16/Jun/2024:20:55:18 -0500] "GET /sipse/faces/faces/autenticacion.xhtml HTTP/1.1" 200 12420
181.63.25.20 - - [16/Jun/2024:20:55:18 -0500] "GET /sipse/faces/javax.faces.resource/theme.css?ln=primefaces-sipse HTTP/1.1" 304 -
181.63.25.20 - - [16/Jun/2024:20:55:18 -0500] "GET /sipse/faces/javax.faces.resource/primefaces.css?ln=primefaces&v=4.0 HTTP/1.1" 304 -
181.63.25.20 - - [16/Jun/2024:20:55:18 -0500] "GET /sipse/faces/javax.faces.resource/jquery/jquery.js?ln=primefaces&v=4.0 HTTP/1.1" 304 -
181.63.25.20 - - [16/Jun/2024:20:55:18 -0500] "GET /sipse/faces/javax.faces.resource/layout/layout.css?ln=primefaces&v=4.0 HTTP/1.1" 304 -
181.63.25.20 - - [16/Jun/2024:20:55:18 -0500] "GET /sipse/faces/javax.faces.resource/jquery/jquery-plugins.js?ln=primefaces&v=4.0 HTTP/1.1" 304 -
181.63.25.20 - - [16/Jun/2024:20:55:18 -0500] "GET /sipse/faces/javax.faces.resource/primefaces.js?ln=primefaces&v=4.0 HTTP/1.1" 304 -
181.63.25.20 - - [16/Jun/2024:20:55:18 -0500] "GET /sipse/faces/javax.faces.resource/layout/layout.js?ln=primefaces&v=4.0 HTTP/1.1" 304 -
181.63.25.20 - - [16/Jun/2024:20:55:18 -0500] "GET /sipse/faces/javax.faces.resource/images/ui-icons_898989_256x240.png?ln=primefaces-aristo HTTP/1.1" 304 -
201.245.192.253 - - [16/Jun/2024:20:55:21 -0500] "GET /kwsrmcab/Wsrmcab?wsdl HTTP/1.1" 200 6948
181.53.12.168 - - [16/Jun/2024:20:55:31 -0500] "GET /sipse/faces/index.xhtml HTTP/1.1" 200 677
