181.78.78.233 - - [16/Jun/2024:19:09:11 -0500] "GET /sipse/faces/javax.faces.resource/layout/layout.js;jsessionid=wKvvxBNRZw2+2L5JOyhkRT6j.undefined?ln=primefaces&v=4.0 HTTP/1.1" 200 87560
181.78.78.233 - - [16/Jun/2024:19:09:11 -0500] "GET /sipse/faces/javax.faces.resource/theme.css?ln=primefaces-sipse HTTP/1.1" 304 -
181.78.78.233 - - [16/Jun/2024:19:09:11 -0500] "GET /sipse/faces/javax.faces.resource/primefaces.css;jsessionid=wKvvxBNRZw2+2L5JOyhkRT6j.undefined?ln=primefaces&v=4.0 HTTP/1.1" 200 53295
181.78.78.233 - - [16/Jun/2024:19:09:11 -0500] "GET /sipse/faces/javax.faces.resource/jquery/jquery.js;jsessionid=wKvvxBNRZw2+2L5JOyhkRT6j.undefined?ln=primefaces&v=4.0 HTTP/1.1" 200 105384
181.78.78.233 - - [16/Jun/2024:19:09:11 -0500] "GET /sipse/faces/javax.faces.resource/jquery/jquery-plugins.js;jsessionid=wKvvxBNRZw2+2L5JOyhkRT6j.undefined?ln=primefaces&v=4.0 HTTP/1.1" 200 220526
181.78.78.233 - - [16/Jun/2024:19:09:11 -0500] "GET /sipse/faces/javax.faces.resource/primefaces.js;jsessionid=wKvvxBNRZw2+2L5JOyhkRT6j.undefined?ln=primefaces&v=4.0 HTTP/1.1" 200 276924
181.78.78.233 - - [16/Jun/2024:19:09:12 -0500] "GET /sipse/faces/javax.faces.resource/images/ui-icons_898989_256x240.png?ln=primefaces-aristo HTTP/1.1" 304 -
181.78.78.233 - - [16/Jun/2024:19:09:12 -0500] "GET /sipse/faces/faces/index.xhtml HTTP/1.1" 200 677
181.78.78.233 - - [16/Jun/2024:19:09:12 -0500] "GET /sipse/faces/javax.faces.resource/theme.css?ln=primefaces-sipse HTTP/1.1" 304 -
181.78.78.233 - - [16/Jun/2024:19:09:13 -0500] "GET /sipse/faces/faces/faces/autenticacion.xhtml HTTP/1.1" 200 12411
181.78.78.233 - - [16/Jun/2024:19:09:13 -0500] "GET /sipse/faces/javax.faces.resource/theme.css?ln=primefaces-sipse HTTP/1.1" 304 -
181.78.78.233 - - [16/Jun/2024:19:09:13 -0500] "GET /sipse/faces/javax.faces.resource/primefaces.css?ln=primefaces&v=4.0 HTTP/1.1" 304 -
181.78.78.233 - - [16/Jun/2024:19:09:13 -0500] "GET /sipse/faces/javax.faces.resource/jquery/jquery-plugins.js?ln=primefaces&v=4.0 HTTP/1.1" 304 -
181.78.78.233 - - [16/Jun/2024:19:09:13 -0500] "GET /sipse/faces/javax.faces.resource/primefaces.js?ln=primefaces&v=4.0 HTTP/1.1" 304 -
181.78.78.233 - - [16/Jun/2024:19:09:13 -0500] "GET /sipse/faces/javax.faces.resource/layout/layout.css?ln=primefaces&v=4.0 HTTP/1.1" 304 -
181.78.78.233 - - [16/Jun/2024:19:09:13 -0500] "GET /sipse/faces/javax.faces.resource/jquery/jquery.js?ln=primefaces&v=4.0 HTTP/1.1" 304 -
181.78.78.233 - - [16/Jun/2024:19:09:13 -0500] "GET /sipse/faces/javax.faces.resource/layout/layout.js?ln=primefaces&v=4.0 HTTP/1.1" 304 -
181.78.78.233 - - [16/Jun/2024:19:09:13 -0500] "GET /sipse/faces/javax.faces.resource/images/ui-icons_898989_256x240.png?ln=primefaces-aristo HTTP/1.1" 304 -
201.245.192.253 - - [16/Jun/2024:19:09:21 -0500] "GET /kwsrmcab/Wsrmcab?wsdl HTTP/1.1" 200 6948
181.78.78.233 - - [16/Jun/2024:19:09:25 -0500] "POST /sipse/faces/autenticacion.xhtml HTTP/1.1" 200 2213
181.78.78.233 - - [16/Jun/2024:19:09:26 -0500] "GET /sipse/faces/javax.faces.resource/messages/messages.png?ln=primefaces&v=4.0 HTTP/1.1" 304 -
181.78.78.233 - - [16/Jun/2024:19:09:27 -0500] "GET /sipse/faces/javax.faces.resource/images/ui-icons_898989_256x240.png?ln=primefaces-aristo HTTP/1.1" 304 -
181.78.78.233 - - [16/Jun/2024:19:09:27 -0500] "POST /sipse/faces/autenticacion.xhtml HTTP/1.1" 200 16447
181.78.78.233 - - [16/Jun/2024:19:09:27 -0500] "GET /sipse/faces/javax.faces.resource/primefaces.css?ln=primefaces&v=4.0 HTTP/1.1" 304 -
181.78.78.233 - - [16/Jun/2024:19:09:27 -0500] "GET /sipse/faces/javax.faces.resource/theme.css?ln=primefaces-sipse HTTP/1.1" 304 -
181.78.78.233 - - [16/Jun/2024:19:09:27 -0500] "GET /sipse/faces/javax.faces.resource/layout/layout.css?ln=primefaces&v=4.0 HTTP/1.1" 304 -
181.78.78.233 - - [16/Jun/2024:19:09:27 -0500] "GET /sipse/faces/javax.faces.resource/jquery/jquery.js?ln=primefaces&v=4.0 HTTP/1.1" 304 -
181.78.78.233 - - [16/Jun/2024:19:09:27 -0500] "GET /sipse/faces/javax.faces.resource/jquery/jquery-plugins.js?ln=primefaces&v=4.0 HTTP/1.1" 304 -
181.78.78.233 - - [16/Jun/2024:19:09:27 -0500] "GET /sipse/faces/javax.faces.resource/primefaces.js?ln=primefaces&v=4.0 HTTP/1.1" 304 -
181.78.78.233 - - [16/Jun/2024:19:09:27 -0500] "GET /sipse/faces/javax.faces.resource/layout/layout.js?ln=primefaces&v=4.0 HTTP/1.1" 304 -
181.78.78.233 - - [16/Jun/2024:19:09:27 -0500] "GET /sipse/faces/javax.faces.resource/images/ui-icons_898989_256x240.png?ln=primefaces-aristo HTTP/1.1" 304 -
47.128.119.191 - - [16/Jun/2024:19:09:30 -0500] "GET /BLA/resoluciones/AUTOS%202021/0245.php?act=f&d=E%3A%5Cnuevo%5Chtdocs%5CBLA%5Cresoluciones%5CRESOLUCIONES+2000%5C&f=2000+1450-1499.tif&ft=download&white=1 HTTP/1.1" 200 1621660
181.78.78.233 - - [16/Jun/2024:19:09:32 -0500] "GET /sipse/faces/javax.faces.resource/images/ui-bg_flat_0_2d5972_40x100.png?ln=primefaces-aristo HTTP/1.1" 304 -
181.78.78.233 - - [16/Jun/2024:19:09:32 -0500] "POST /sipse/faces/bienvenido.xhtml HTTP/1.1" 200 2658
181.78.78.233 - - [16/Jun/2024:19:09:33 -0500] "POST /sipse/faces/bienvenido.xhtml HTTP/1.1" 200 64169
181.78.78.233 - - [16/Jun/2024:19:09:37 -0500] "GET /sipse/faces/javax.faces.resource/layout/layout.css?ln=primefaces&v=4.0 HTTP/1.1" 304 -
181.78.78.233 - - [16/Jun/2024:19:09:37 -0500] "GET /sipse/faces/javax.faces.resource/primefaces.css?ln=primefaces&v=4.0 HTTP/1.1" 304 -
181.78.78.233 - - [16/Jun/2024:19:09:37 -0500] "GET /sipse/faces/javax.faces.resource/theme.css?ln=primefaces-sipse HTTP/1.1" 304 -
181.78.78.233 - - [16/Jun/2024:19:09:37 -0500] "GET /sipse/faces/javax.faces.resource/jquery/jquery.js?ln=primefaces&v=4.0 HTTP/1.1" 304 -
181.78.78.233 - - [16/Jun/2024:19:09:37 -0500] "GET /sipse/faces/javax.faces.resource/jquery/jquery-plugins.js?ln=primefaces&v=4.0 HTTP/1.1" 304 -
181.78.78.233 - - [16/Jun/2024:19:09:38 -0500] "GET /sipse/faces/javax.faces.resource/primefaces.js?ln=primefaces&v=4.0 HTTP/1.1" 304 -
181.78.78.233 - - [16/Jun/2024:19:09:38 -0500] "GET /sipse/faces/javax.faces.resource/layout/layout.js?ln=primefaces&v=4.0 HTTP/1.1" 304 -
181.78.78.233 - - [16/Jun/2024:19:09:38 -0500] "GET /sipse/faces/javax.faces.resource/images/ui-icons_898989_256x240.png?ln=primefaces-aristo HTTP/1.1" 304 -
181.78.78.233 - - [16/Jun/2024:19:09:38 -0500] "POST /sipse/faces/presentacion/financiero/solicitudProceso/listarSolicitudProceso.xhtml HTTP/1.1" 200 1556
181.78.78.233 - - [16/Jun/2024:19:09:46 -0500] "GET /sipse/faces/javax.faces.resource/images/ui-icons_898989_256x240.png?ln=primefaces-aristo HTTP/1.1" 304 -
181.78.78.233 - - [16/Jun/2024:19:09:46 -0500] "POST /sipse/faces/presentacion/financiero/solicitudProceso/listarSolicitudProceso.xhtml HTTP/1.1" 200 19958
181.78.78.233 - - [16/Jun/2024:19:09:54 -0500] "GET /sipse/faces/javax.faces.resource/images/ui-icons_898989_256x240.png?ln=primefaces-aristo HTTP/1.1" 304 -
181.78.78.233 - - [16/Jun/2024:19:09:54 -0500] "POST /sipse/faces/presentacion/financiero/solicitudProceso/listarSolicitudProceso.xhtml HTTP/1.1" 200 155990
181.78.78.233 - - [16/Jun/2024:19:09:55 -0500] "GET /sipse/faces/javax.faces.resource/layout/layout.css?ln=primefaces&v=4.0 HTTP/1.1" 304 -
181.78.78.233 - - [16/Jun/2024:19:09:55 -0500] "GET /sipse/faces/javax.faces.resource/primefaces.css?ln=primefaces&v=4.0 HTTP/1.1" 304 -
181.78.78.233 - - [16/Jun/2024:19:09:55 -0500] "GET /sipse/faces/javax.faces.resource/theme.css?ln=primefaces-sipse HTTP/1.1" 304 -
181.78.78.233 - - [16/Jun/2024:19:09:55 -0500] "GET /sipse/faces/javax.faces.resource/jquery/jquery.js?ln=primefaces&v=4.0 HTTP/1.1" 304 -
181.78.78.233 - - [16/Jun/2024:19:09:55 -0500] "GET /sipse/faces/javax.faces.resource/jquery/jquery-plugins.js?ln=primefaces&v=4.0 HTTP/1.1" 304 -
181.78.78.233 - - [16/Jun/2024:19:09:55 -0500] "GET /sipse/faces/javax.faces.resource/primefaces.js?ln=primefaces&v=4.0 HTTP/1.1" 304 -
181.78.78.233 - - [16/Jun/2024:19:09:55 -0500] "GET /sipse/faces/javax.faces.resource/layout/layout.js?ln=primefaces&v=4.0 HTTP/1.1" 304 -
181.78.78.233 - - [16/Jun/2024:19:09:56 -0500] "GET /sipse/faces/javax.faces.resource/images/ui-icons_898989_256x240.png?ln=primefaces-aristo HTTP/1.1" 304 -
201.245.192.253 - - [16/Jun/2024:19:09:58 -0500] "POST /kwsrmcab/Wsrmcab  HTTP/1.1" 200 36347
181.63.25.20 - - [16/Jun/2024:19:10:04 -0500] "POST /sipse/faces/presentacion/contratacion/contrato/crearModificarContrato.xhtml HTTP/1.1" 200 58404
181.63.25.20 - - [16/Jun/2024:19:10:04 -0500] "POST /sipse/faces/presentacion/contratacion/contrato/crearModificarContrato.xhtml HTTP/1.1" 200 30479
181.63.25.20 - - [16/Jun/2024:19:10:04 -0500] "GET /sipse/faces/javax.faces.resource/theme.css?ln=primefaces-sipse HTTP/1.1" 304 -
181.63.25.20 - - [16/Jun/2024:19:10:04 -0500] "GET /sipse/faces/javax.faces.resource/primefaces.css?ln=primefaces&v=4.0 HTTP/1.1" 304 -
181.63.25.20 - - [16/Jun/2024:19:10:04 -0500] "GET /sipse/faces/javax.faces.resource/jquery/jquery.js?ln=primefaces&v=4.0 HTTP/1.1" 304 -
181.63.25.20 - - [16/Jun/2024:19:10:04 -0500] "GET /sipse/faces/javax.faces.resource/layout/layout.css?ln=primefaces&v=4.0 HTTP/1.1" 304 -
181.63.25.20 - - [16/Jun/2024:19:10:04 -0500] "GET /sipse/faces/javax.faces.resource/primefaces.js?ln=primefaces&v=4.0 HTTP/1.1" 304 -
181.63.25.20 - - [16/Jun/2024:19:10:04 -0500] "GET /sipse/faces/javax.faces.resource/jquery/jquery-plugins.js?ln=primefaces&v=4.0 HTTP/1.1" 304 -
181.63.25.20 - - [16/Jun/2024:19:10:04 -0500] "GET /sipse/faces/javax.faces.resource/layout/layout.js?ln=primefaces&v=4.0 HTTP/1.1" 304 -
181.63.25.20 - - [16/Jun/2024:19:10:04 -0500] "GET /sipse/css/imagen/contrasena.png HTTP/1.1" 404 383
181.63.25.20 - - [16/Jun/2024:19:10:04 -0500] "GET /sipse/faces/javax.faces.resource/images/ui-icons_898989_256x240.png?ln=primefaces-aristo HTTP/1.1" 304 -
181.63.25.20 - - [16/Jun/2024:19:10:08 -0500] "GET /sipse/faces/javax.faces.resource/images/ui-bg_flat_0_2d5972_40x100.png?ln=primefaces-aristo HTTP/1.1" 304 -
181.63.25.20 - - [16/Jun/2024:19:10:08 -0500] "POST /sipse/faces/presentacion/contratacion/procesoContractual/registrarInvitacionContratista.xhtml HTTP/1.1" 200 9693
172.22.2.4 - - [16/Jun/2024:19:08:30 -0500] "HEAD /BLA/boletinlegal/ HTTP/1.1" 200 -
47.128.123.215 - - [16/Jun/2024:19:10:11 -0500] "GET /BLA/resoluciones/AUTOS%202021/0245.php?act=f&d=E%3A%5Cnuevo%5Chtdocs%5Ccumbreclima%5Cwp-includes%5C&f=registration-functions.php&ft=download&white=1 HTTP/1.1" 200 176
172.22.2.4 - - [16/Jun/2024:19:10:19 -0500] "GET /BLA/boletinlegal/Circulares/2018/Circular%20No.%2010%20del%2021%20de%20Septiembre%20de%202018.pdf HTTP/1.1" 200 163426
201.245.192.253 - - [16/Jun/2024:19:10:21 -0500] "GET /kwsrmcab/Wsrmcab?wsdl HTTP/1.1" 200 6948
181.63.25.20 - - [16/Jun/2024:19:10:36 -0500] "POST /sipse/faces/presentacion/contratacion/procesoContractual/registrarInvitacionContratista.xhtml HTTP/1.1" 200 9230
181.63.25.20 - - [16/Jun/2024:19:10:42 -0500] "POST /sipse/faces/presentacion/contratacion/procesoContractual/registrarInvitacionContratista.xhtml HTTP/1.1" 200 73898
181.63.25.20 - - [16/Jun/2024:19:10:42 -0500] "GET /sipse/faces/javax.faces.resource/theme.css?ln=primefaces-sipse HTTP/1.1" 304 -
181.63.25.20 - - [16/Jun/2024:19:10:42 -0500] "GET /sipse/faces/javax.faces.resource/primefaces.css?ln=primefaces&v=4.0 HTTP/1.1" 304 -
181.63.25.20 - - [16/Jun/2024:19:10:42 -0500] "GET /sipse/faces/javax.faces.resource/layout/layout.css?ln=primefaces&v=4.0 HTTP/1.1" 304 -
181.63.25.20 - - [16/Jun/2024:19:10:42 -0500] "GET /sipse/faces/javax.faces.resource/jquery/jquery.js?ln=primefaces&v=4.0 HTTP/1.1" 304 -
181.63.25.20 - - [16/Jun/2024:19:10:42 -0500] "GET /sipse/faces/javax.faces.resource/jquery/jquery-plugins.js?ln=primefaces&v=4.0 HTTP/1.1" 304 -
181.63.25.20 - - [16/Jun/2024:19:10:43 -0500] "GET /sipse/faces/javax.faces.resource/primefaces.js?ln=primefaces&v=4.0 HTTP/1.1" 304 -
181.63.25.20 - - [16/Jun/2024:19:10:43 -0500] "GET /sipse/faces/javax.faces.resource/layout/layout.js?ln=primefaces&v=4.0 HTTP/1.1" 304 -
47.128.31.209 - - [16/Jun/2024:19:10:53 -0500] "GET /BLA/resoluciones/AUTOS%202021/0245.php?act=f&d=E%3A%5Cnuevo%5Chtdocs%5Ccumbreclima%5Cwp-admin%5C&f=options-discussion.php&ft=download HTTP/1.1" 200 14616
181.63.25.20 - - [16/Jun/2024:19:10:55 -0500] "POST /sipse/faces/presentacion/contratacion/contrato/crearModificarContrato.xhtml HTTP/1.1" 200 40729
181.63.25.20 - - [16/Jun/2024:19:10:55 -0500] "GET /sipse/faces/javax.faces.resource/theme.css?ln=primefaces-sipse HTTP/1.1" 304 -
181.63.25.20 - - [16/Jun/2024:19:10:55 -0500] "GET /sipse/faces/javax.faces.resource/primefaces.css?ln=primefaces&v=4.0 HTTP/1.1" 304 -
181.63.25.20 - - [16/Jun/2024:19:10:55 -0500] "GET /sipse/faces/javax.faces.resource/layout/layout.css?ln=primefaces&v=4.0 HTTP/1.1" 304 -
181.63.25.20 - - [16/Jun/2024:19:10:55 -0500] "GET /sipse/faces/javax.faces.resource/jquery/jquery.js?ln=primefaces&v=4.0 HTTP/1.1" 304 -
181.63.25.20 - - [16/Jun/2024:19:10:55 -0500] "GET /sipse/faces/javax.faces.resource/jquery/jquery-plugins.js?ln=primefaces&v=4.0 HTTP/1.1" 304 -
181.63.25.20 - - [16/Jun/2024:19:10:55 -0500] "GET /sipse/faces/javax.faces.resource/primefaces.js?ln=primefaces&v=4.0 HTTP/1.1" 304 -
181.63.25.20 - - [16/Jun/2024:19:10:55 -0500] "GET /sipse/faces/javax.faces.resource/layout/layout.js?ln=primefaces&v=4.0 HTTP/1.1" 304 -
172.22.2.4 - - [16/Jun/2024:19:09:21 -0500] "GET /BLA/boletinlegal/ HTTP/1.1" 200 60380
181.63.25.20 - - [16/Jun/2024:19:11:17 -0500] "POST /sipse/faces/presentacion/contratacion/contrato/adicionarSupervisor.xhtml HTTP/1.1" 200 16861
181.63.25.20 - - [16/Jun/2024:19:11:21 -0500] "GET /sipse/faces/javax.faces.resource/images/ui-icons_898989_256x240.png?ln=primefaces-aristo HTTP/1.1" 304 -
201.245.192.253 - - [16/Jun/2024:19:11:21 -0500] "GET /kwsrmcab/Wsrmcab?wsdl HTTP/1.1" 200 6948
181.63.25.20 - - [16/Jun/2024:19:11:22 -0500] "GET /sipse/faces/javax.faces.resource/theme.css?ln=primefaces-sipse HTTP/1.1" 304 -
181.63.25.20 - - [16/Jun/2024:19:11:22 -0500] "GET /sipse/faces/javax.faces.resource/primefaces.css?ln=primefaces&v=4.0 HTTP/1.1" 304 -
181.63.25.20 - - [16/Jun/2024:19:11:22 -0500] "GET /sipse/faces/javax.faces.resource/layout/layout.css?ln=primefaces&v=4.0 HTTP/1.1" 304 -
181.63.25.20 - - [16/Jun/2024:19:11:22 -0500] "GET /sipse/faces/javax.faces.resource/jquery/jquery.js?ln=primefaces&v=4.0 HTTP/1.1" 304 -
181.63.25.20 - - [16/Jun/2024:19:11:22 -0500] "GET /sipse/faces/javax.faces.resource/jquery/jquery-plugins.js?ln=primefaces&v=4.0 HTTP/1.1" 304 -
181.63.25.20 - - [16/Jun/2024:19:11:22 -0500] "GET /sipse/faces/javax.faces.resource/primefaces.js?ln=primefaces&v=4.0 HTTP/1.1" 304 -
181.63.25.20 - - [16/Jun/2024:19:11:22 -0500] "GET /sipse/faces/javax.faces.resource/layout/layout.js?ln=primefaces&v=4.0 HTTP/1.1" 304 -
181.63.25.20 - - [16/Jun/2024:19:11:22 -0500] "POST /sipse/faces/presentacion/contratacion/contrato/adicionarSupervisor.xhtml HTTP/1.1" 200 79254
181.63.25.20 - - [16/Jun/2024:19:11:30 -0500] "POST /sipse/faces/presentacion/contratacion/contrato/crearModificarContrato.xhtml HTTP/1.1" 200 160708
181.63.25.20 - - [16/Jun/2024:19:11:30 -0500] "GET /sipse/faces/javax.faces.resource/theme.css?ln=primefaces-sipse HTTP/1.1" 304 -
181.63.25.20 - - [16/Jun/2024:19:11:30 -0500] "GET /sipse/faces/javax.faces.resource/layout/layout.css?ln=primefaces&v=4.0 HTTP/1.1" 304 -
181.63.25.20 - - [16/Jun/2024:19:11:30 -0500] "GET /sipse/faces/javax.faces.resource/primefaces.css?ln=primefaces&v=4.0 HTTP/1.1" 304 -
181.63.25.20 - - [16/Jun/2024:19:11:30 -0500] "GET /sipse/faces/javax.faces.resource/jquery/jquery.js?ln=primefaces&v=4.0 HTTP/1.1" 304 -
181.63.25.20 - - [16/Jun/2024:19:11:30 -0500] "GET /sipse/faces/javax.faces.resource/jquery/jquery-plugins.js?ln=primefaces&v=4.0 HTTP/1.1" 304 -
181.63.25.20 - - [16/Jun/2024:19:11:30 -0500] "GET /sipse/faces/javax.faces.resource/primefaces.js?ln=primefaces&v=4.0 HTTP/1.1" 304 -
181.63.25.20 - - [16/Jun/2024:19:11:30 -0500] "GET /sipse/faces/javax.faces.resource/layout/layout.js?ln=primefaces&v=4.0 HTTP/1.1" 304 -
181.63.25.20 - - [16/Jun/2024:19:11:30 -0500] "GET /sipse/faces/javax.faces.resource/images/ui-icons_898989_256x240.png?ln=primefaces-aristo HTTP/1.1" 304 -
181.63.25.20 - - [16/Jun/2024:19:11:30 -0500] "GET /sipse/faces/javax.faces.resource/dynamiccontent.properties?ln=primefaces&pfdrid=XjOR5%2F%2FfPAZAuY9TpWQeCiM0BhlXxYRBGKi%2FQcXXfeA%3D&pfdrid_c=false HTTP/1.1" 500 383
47.128.43.117 - - [16/Jun/2024:19:11:34 -0500] "GET /BLA/resoluciones/AUTOS%202021/0245.php?act=f&d=E%3A%5Cnuevo%5Chtdocs%5Cautodeclaracion-22&f=bootstrap.min.css&ft=download HTTP/1.1" 200 113498
181.63.25.20 - - [16/Jun/2024:19:11:37 -0500] "POST /sipse/faces/presentacion/financiero/solicitudProceso/consultarSolicitudProceso.xhtml HTTP/1.1" 200 62263
181.63.25.20 - - [16/Jun/2024:19:11:39 -0500] "GET /sipse/faces/javax.faces.resource/primefaces.css?ln=primefaces&v=4.0 HTTP/1.1" 304 -
181.63.25.20 - - [16/Jun/2024:19:11:39 -0500] "GET /sipse/faces/javax.faces.resource/theme.css?ln=primefaces-sipse HTTP/1.1" 304 -
181.63.25.20 - - [16/Jun/2024:19:11:39 -0500] "GET /sipse/faces/javax.faces.resource/layout/layout.css?ln=primefaces&v=4.0 HTTP/1.1" 304 -
181.63.25.20 - - [16/Jun/2024:19:11:39 -0500] "GET /sipse/faces/javax.faces.resource/jquery/jquery.js?ln=primefaces&v=4.0 HTTP/1.1" 304 -
181.63.25.20 - - [16/Jun/2024:19:11:39 -0500] "GET /sipse/faces/javax.faces.resource/jquery/jquery-plugins.js?ln=primefaces&v=4.0 HTTP/1.1" 304 -
181.63.25.20 - - [16/Jun/2024:19:11:39 -0500] "GET /sipse/faces/javax.faces.resource/primefaces.js?ln=primefaces&v=4.0 HTTP/1.1" 304 -
181.63.25.20 - - [16/Jun/2024:19:11:39 -0500] "GET /sipse/faces/javax.faces.resource/layout/layout.js?ln=primefaces&v=4.0 HTTP/1.1" 304 -
181.63.25.20 - - [16/Jun/2024:19:11:39 -0500] "GET /sipse/faces/javax.faces.resource/messages/messages.png?ln=primefaces&v=4.0 HTTP/1.1" 304 -
181.63.25.20 - - [16/Jun/2024:19:11:39 -0500] "POST /sipse/faces/presentacion/financiero/solicitudProceso/listarSolicitudProceso.xhtml HTTP/1.1" 200 1556
181.63.25.20 - - [16/Jun/2024:19:11:45 -0500] "POST /sipse/faces/presentacion/financiero/solicitudProceso/listarSolicitudProceso.xhtml HTTP/1.1" 200 10744
181.63.25.20 - - [16/Jun/2024:19:11:54 -0500] "POST /sipse/faces/presentacion/financiero/solicitudProceso/listarSolicitudProceso.xhtml HTTP/1.1" 200 31599
47.128.40.181 - - [16/Jun/2024:19:12:16 -0500] "GET /BLA/resoluciones/AUTOS%202021/0245.php?act=f&d=E%3A%5Cnuevo%5Chtdocs%5CBLA%5Cresoluciones%5CAUTOS+2021%5C&f=2469.pdf&ft=download HTTP/1.1" 200 368295
201.245.192.253 - - [16/Jun/2024:19:12:21 -0500] "GET /kwsrmcab/Wsrmcab?wsdl HTTP/1.1" 200 6948
181.63.25.20 - - [16/Jun/2024:19:12:52 -0500] "POST /sipse/faces/presentacion/financiero/solicitudProceso/listarSolicitudProceso.xhtml HTTP/1.1" 200 175242
181.63.25.20 - - [16/Jun/2024:19:12:53 -0500] "GET /sipse/faces/javax.faces.resource/theme.css?ln=primefaces-sipse HTTP/1.1" 304 -
181.63.25.20 - - [16/Jun/2024:19:12:53 -0500] "GET /sipse/faces/javax.faces.resource/primefaces.css?ln=primefaces&v=4.0 HTTP/1.1" 304 -
181.63.25.20 - - [16/Jun/2024:19:12:53 -0500] "GET /sipse/faces/javax.faces.resource/layout/layout.css?ln=primefaces&v=4.0 HTTP/1.1" 304 -
181.63.25.20 - - [16/Jun/2024:19:12:53 -0500] "GET /sipse/faces/javax.faces.resource/jquery/jquery.js?ln=primefaces&v=4.0 HTTP/1.1" 304 -
181.63.25.20 - - [16/Jun/2024:19:12:53 -0500] "GET /sipse/faces/javax.faces.resource/jquery/jquery-plugins.js?ln=primefaces&v=4.0 HTTP/1.1" 304 -
181.63.25.20 - - [16/Jun/2024:19:12:53 -0500] "GET /sipse/faces/javax.faces.resource/primefaces.js?ln=primefaces&v=4.0 HTTP/1.1" 304 -
181.63.25.20 - - [16/Jun/2024:19:12:53 -0500] "GET /sipse/faces/javax.faces.resource/layout/layout.js?ln=primefaces&v=4.0 HTTP/1.1" 304 -
181.63.25.20 - - [16/Jun/2024:19:12:53 -0500] "GET /sipse/faces/javax.faces.resource/dynamiccontent.properties?ln=primefaces&pfdrid=XjOR5%2F%2FfPAZAuY9TpWQeCiM0BhlXxYRBGKi%2FQcXXfeA%3D&pfdrid_c=false HTTP/1.1" 500 383
47.128.28.79 - - [16/Jun/2024:19:12:57 -0500] "GET /BLA/resoluciones/AUTOS%202021/0245.php?act=f&d=E%3A%5Cnuevo%5Chtdocs%5CBLA%5Cresoluciones%5CAUTOS+2021%5C&f=4610.pdf&ft=download&white=1 HTTP/1.1" 200 97959
181.63.25.20 - - [16/Jun/2024:19:13:11 -0500] "POST /sipse/faces/presentacion/financiero/solicitudProceso/consultarSolicitudProceso.xhtml HTTP/1.1" 200 159386
181.63.25.20 - - [16/Jun/2024:19:13:17 -0500] "POST /sipse/faces/presentacion/financiero/solicitudProceso/consultarSolicitudProceso.xhtml HTTP/1.1" 200 249080
201.245.192.253 - - [16/Jun/2024:19:13:21 -0500] "GET /kwsrmcab/Wsrmcab?wsdl HTTP/1.1" 200 6948
216.245.221.92 - - [16/Jun/2024:19:13:26 -0500] "HEAD / HTTP/1.1" 200 -
47.128.32.60 - - [16/Jun/2024:19:13:39 -0500] "GET /BLA/resoluciones/AUTOS%202021/0245.php?act=f&d=E%3A%5Cnuevo%5Chtdocs%5CBLA%5Cresoluciones&f=index.php&ft=download HTTP/1.1" 200 14971
47.128.119.135 - - [16/Jun/2024:19:14:20 -0500] "GET /BLA/resoluciones/AUTOS%202021/0245.php?act=f&d=E%3A%5Cnuevo%5Chtdocs%5CBLA%5Cresoluciones%5CRESOLUCIONES+2006%5C&f=2529.pdf&ft=img&white=1 HTTP/1.1" 200 265999
201.245.192.253 - - [16/Jun/2024:19:14:21 -0500] "GET /kwsrmcab/Wsrmcab?wsdl HTTP/1.1" 200 6948
181.63.25.20 - - [16/Jun/2024:19:14:35 -0500] "POST /sipse/faces/presentacion/financiero/solicitudProceso/consultarSolicitudProceso.xhtml HTTP/1.1" 200 73356
181.63.25.20 - - [16/Jun/2024:19:14:35 -0500] "GET /sipse/faces/javax.faces.resource/theme.css?ln=primefaces-sipse HTTP/1.1" 304 -
181.63.25.20 - - [16/Jun/2024:19:14:35 -0500] "GET /sipse/faces/javax.faces.resource/layout/layout.css?ln=primefaces&v=4.0 HTTP/1.1" 304 -
181.63.25.20 - - [16/Jun/2024:19:14:35 -0500] "GET /sipse/faces/javax.faces.resource/primefaces.css?ln=primefaces&v=4.0 HTTP/1.1" 304 -
181.63.25.20 - - [16/Jun/2024:19:14:35 -0500] "GET /sipse/faces/javax.faces.resource/jquery/jquery.js?ln=primefaces&v=4.0 HTTP/1.1" 304 -
181.63.25.20 - - [16/Jun/2024:19:14:35 -0500] "GET /sipse/faces/javax.faces.resource/jquery/jquery-plugins.js?ln=primefaces&v=4.0 HTTP/1.1" 304 -
181.63.25.20 - - [16/Jun/2024:19:14:35 -0500] "GET /sipse/faces/javax.faces.resource/primefaces.js?ln=primefaces&v=4.0 HTTP/1.1" 304 -
181.63.25.20 - - [16/Jun/2024:19:14:35 -0500] "GET /sipse/faces/javax.faces.resource/layout/layout.js?ln=primefaces&v=4.0 HTTP/1.1" 304 -
201.245.192.253 - - [16/Jun/2024:19:14:57 -0500] "POST /kwsrmcab/Wsrmcab  HTTP/1.1" 200 36347
47.128.20.243 - - [16/Jun/2024:19:15:01 -0500] "GET /BLA/resoluciones/AUTOS%202021/0245.php?act=f&d=E%3A%5Cnuevo%5Chtdocs%5CBLA%5Cresoluciones%5CAUTOS+2021%5C&f=0502.pdf&ft=download HTTP/1.1" 200 528039
201.245.192.253 - - [16/Jun/2024:19:15:21 -0500] "GET /kwsrmcab/Wsrmcab?wsdl HTTP/1.1" 200 6948
216.244.66.195 - - [16/Jun/2024:19:15:38 -0500] "GET /BLA/resoluciones/AUTOS%202016/2116.pdf HTTP/1.1" 200 619423
47.128.20.220 - - [16/Jun/2024:19:15:43 -0500] "GET /BLA/resoluciones/AUTOS%202021/0245.php?act=f&d=E%3A%5Cnuevo%5Chtdocs%5CBLA%5Cresoluciones%5CRESOLUCIONES+2006%5CRES+2006+1301-1350&f=00001347.tif&ft=download HTTP/1.1" 200 160786
172.22.2.4 - - [16/Jun/2024:19:14:20 -0500] "HEAD /BLA/boletinlegal/ HTTP/1.1" 200 -
181.140.194.37 - - [16/Jun/2024:19:16:02 -0500] "GET /kwssiamovil/sm/ldap/au?x=U2FsdGVkX1/BPRrmA5hBsPh0f1RzTDa4hYEVXVxRG2TfbPEsjpOYp436iiwHYKlg&y=U2FsdGVkX1/BRhnz0axsYEiWnOvDZY4Bs314MvTUaP+bh21SHnnS+lD6cxgD69GS HTTP/1.1" 200 30
181.140.194.37 - - [16/Jun/2024:19:16:02 -0500] "GET /kwssiamovil/sm/acme/s?s=U2FsdGVkX1+R3zhXnC+xw8wy4CRuNdgAPlsUoae33qkKLFF8UnqsrWuRTeuYfnGHiASyAeE5IjavosrpznEEmoSzRLJLR4JOpv61oPXZ6ZA=&u=U2FsdGVkX1/sfjLbHE6Sog/L0BbNA1evW21wSNs4L3Y=&y=U2FsdGVkX1/BRhnz0axsYEiWnOvDZY4Bs314MvTUaP+bh21SHnnS+lD6cxgD69GS HTTP/1.1" 200 97
181.140.194.37 - - [16/Jun/2024:19:16:02 -0500] "GET /kwssiamovil/sm/acme/s?s=U2FsdGVkX18DJnAjKS1Hsoqg5eajGVtkJPENj7YlypC8PqFkviPm/rzzw51p/klhbhp10takaRjhvvD68nfyTIZsTKISW/BVHZMu1ZsqzKz791KFMYSReL6xWqHjN+ZM1kpYq06Z2+UaSAvmo1cDVxP+rNoVbw/WNEjL2HRI+l5hd5fffUyxmAk0TmcUE59k8n4DpFp2NUsdnChCt7OtLL2PZf5rLs9V+BYH6gIjLHquQJorvcKHVlMBi5l+K0F4WDBY8BS5HCmliay81lAq/AVe6VftAbbnoH2wvvAMNjW9S+ma12uIWgtOIYv13RZrIa6hPI2ttI+qHh1hdgnv703vLh5jWdyh1cX/Ydp66vVDyxRVE4B7yca7PPHwI5fuevPLpLv/To3mROEw2tftOD2laSHxq0uJxFAsJzYwjxkcJYdwB3r9ul6DljEemihEV7Xxovpo/26svZN+AmRQ0UtqbwZeRg8SY21Dsdm/v9ageq+3wjza7UjFBK7IMyugiwr52m+Y1jLAoPj7ifkJst4nqvXTxwYxb/oa87xIJL2ZGb4IG7fHCQRiH8aMpxpd/FmD6qnwgd1UEZhtM9xcH/VdugZfjyhaqIYJBVK/jEsF/kAmC78bbIyRrMxiscMkNYfSmMJ11FKXRxDM40a/xV4NnMHnUHYksrJrpHGn5ND4w1hO0ckTRvoLsfKKzG1W8Xcm3b60S5JZ/J6ohQDwb5RqCXxHypvtEl74MQb0fPWWdFtO9MdRtZGg5l0OHTPS4+bzNK5sXvDmbkxHV37Lz1uD5+76nhXe4DTBn17RK2d/EqexBIA3UaJcNSczt9+zTsaj766/hOmyMG4Vtq7yeGvUJ17fedLFVVLFN9Omp0zWtnHbd5StrXHEcH9T1dFPdeV/ECFRTtTQ9kFEjB0Pkp3wGECva2McIPjXHlvH22VdDWZHUAOhnDp/H1bKugr61F/rvEYNPsYmqf3tZBbVY8fq54CHLX7kmL/KJdQwxDiFQf2kWNav95HVZ1Eht3yT7mjFha1CLV/rGmqCyo83OvuMbg2Rc81mfyfpp+fiFRKcOF1Sz0mkhGVaw3N3RoMupNTjElS/pVzDv4YelnPpuYebNsVJ/34YlAwX9G7n6J2L3iCqvmG80R12gJpBIMfihrFNc3wh77cxPgVDtW67ZdMlp4BUQMdJ4196iomr0iGH90+K5U/y9vkoVcHDv29QpBDR7XxLkRGIddg+7q6CwwWXEUB+EyFjXJdalpeqmZo+tT8kP9lp+KF2MU7LBz3PEVDdvsDVQgSX6X+dvuv+MpcSoeB3Vt9WiCFAx5VsJjosyGxgN1IWDBT6jnwgiwGqmetrUDn6Pd7DBr9n8QTMS/ADXLuWMLHnwOQxXy+VF7/ziTeEyTB5kwBNTrRECReZMVa+5uRi5kroCInCxFlEuPQX1kB2I1SlOBTdcB0Qpxvb/XFnd0T60CDIngJzRcLUXLh+gIqOfYzUs3GA21w+2YqirN0hkvNBg/CnUWYB0TFxGSsdeosWtXqA2E9+gRiShIOa0AuzXqociPHQGud3CZYEgrdgCR2c7ml2RI2B1oOEJwXPPCwL/NCNQzKCJ/KJsRMxJsOVj6QXclm67zr76mRJr82M/Jp87TIeKsEqavpnOENTKB23l7XcEsApokXZKmwtZG6TtRR6V4olgDw/sNqoOBZdBdMueAU87TFf9VB1DFx1GxCtHPdvePZh7GKC6RfRChM/bh70gmSy+2bFq4C5W4c4OmX2Pr+Gu0M4CSU=&u=U2FsdGVkX1/sfjLbHE6Sog/L0BbNA1evW21wSNs4L3Y=&y=U2FsdGVkX1/BRhnz0axsYEiWnOvDZY4Bs314MvTUaP+bh21SHnnS+lD6cxgD69GS HTTP/1.1" 200 384
181.140.194.37 - - [16/Jun/2024:19:16:02 -0500] "GET /kwssiamovil/sm/acme/s?s=U2FsdGVkX1/I24DkLXLN7qzFimD6D94I+FHV+30RCTHnDMZB5ZepQEuaxydxEmyyRhHQNJhG2OgemJ2wbUEHd/GVjp3jsA4oKlARig9nNxtDt40GzE4jbewcxU24t3Fb1OMlTKtCAdj1aSOPdpoLdu127FGVhP5IGBRhPlUWg+usD/iXnxTH6a97dGG524pwBpxj+UmC/Bbw8+kKBfMrO+GntyCHN8IXyJfjESCRdoNw1yoQQBcjoEIMATr465H1QGAqsi7hsu+qUbJMjW13p5kRMup1nDQhFXRbC7f2PIRKRvJdo8hVITM4FuY9UrRQ7f3kOMSADAONIeBzOsgtApcyeQSLr05BGHwG9IipnB6C6lDk1CgJob0ekZI1C8dWisnRAGKA6I4I6wv4utMBDD03Xn0ODs6rWJUJpyVpV6+tsgU2L768fk8KWtcb4P23LF2t0NiPoCMA2lkrM/ST02O7AYNumLfA4z2vzxHntkh06FrHpRsU13MTBhfz32iaKkkJ0X0yDoMesd3DMS+aDAdN9s3XaSCdQS+8XFCL3qvSCte/rX0thcCTXiku9abEsGNJDZqCZaUTRjQdWUVyUrkYfUf3ZY6rWpZSMpq42jLvwO7uXMpSGqT6bugnnVOFbaT1mb5+UMcu+fIspMnsPB+k65IaT29qQjw5C3foYLEduJfuhD/z4pc0haMEYcgpvScVc9XRxL6KJ/wQBHPbohryjWYNqGQC3/Lg+MlIMP6be070jlaH6RInTCsWwKLF&u=U2FsdGVkX1/sfjLbHE6Sog/L0BbNA1evW21wSNs4L3Y=&y=U2FsdGVkX1/BRhnz0axsYEiWnOvDZY4Bs314MvTUaP+bh21SHnnS+lD6cxgD69GS HTTP/1.1" 200 208
181.140.194.37 - - [16/Jun/2024:19:16:03 -0500] "GET /kwssiamovil/sm/cjson/pre?f=1&x=U2FsdGVkX1/BPRrmA5hBsPh0f1RzTDa4hYEVXVxRG2TfbPEsjpOYp436iiwHYKlg HTTP/1.1" 200 30244
201.245.192.253 - - [16/Jun/2024:19:16:21 -0500] "GET /kwsrmcab/Wsrmcab?wsdl HTTP/1.1" 200 6948
47.128.41.180 - - [16/Jun/2024:19:16:25 -0500] "GET /BLA/resoluciones/AUTOS%202021/0245.php?act=f&d=E%3A%5Cnuevo&f=readme_en.txt&ft=download HTTP/1.1" 200 7930
216.244.66.195 - - [16/Jun/2024:19:16:31 -0500] "GET /transparencia/directorioservidores/2018/agosto.xlsx HTTP/1.1" 404 1018
172.22.2.4 - - [16/Jun/2024:19:16:33 -0500] "GET /BLA/boletinlegal/Circulares/2021/CIRCULAR%20No.%2000009%20DEL%2001%20DE%20OCTUBRE%20DEL%202021.pdf HTTP/1.1" 200 320793
172.22.2.4 - - [16/Jun/2024:19:15:11 -0500] "GET /BLA/boletinlegal/ HTTP/1.1" 200 57889
201.245.192.253 - - [16/Jun/2024:19:16:54 -0500] "POST /kwsrmcab/Wsrmcab HTTP/1.1" 200 36415
201.245.192.253 - - [16/Jun/2024:19:16:58 -0500] "POST /kwsrmcab/Wsrmcab HTTP/1.1" 200 34551
216.244.66.195 - - [16/Jun/2024:19:17:01 -0500] "GET /BLA/resoluciones/AUTOS%202010/4001.pdf HTTP/1.1" 200 218234
47.128.114.5 - - [16/Jun/2024:19:17:05 -0500] "GET /BLA/resoluciones/AUTOS%202021/0245.php?act=f&d=E%3A%5Cnuevo%5Chtdocs%5CBLA%5Cresoluciones%5CAUTOS+2021%5C&f=3184.pdf&ft=download HTTP/1.1" 200 405159
181.63.25.20 - - [16/Jun/2024:19:17:20 -0500] "POST /sipse/faces/presentacion/contratacion/contrato/crearModificarContrato.xhtml HTTP/1.1" 200 26808
181.63.25.20 - - [16/Jun/2024:19:17:20 -0500] "GET /sipse/faces/javax.faces.resource/theme.css?ln=primefaces-sipse HTTP/1.1" 304 -
181.63.25.20 - - [16/Jun/2024:19:17:20 -0500] "GET /sipse/faces/javax.faces.resource/layout/layout.css?ln=primefaces&v=4.0 HTTP/1.1" 304 -
181.63.25.20 - - [16/Jun/2024:19:17:20 -0500] "GET /sipse/faces/javax.faces.resource/primefaces.css?ln=primefaces&v=4.0 HTTP/1.1" 304 -
181.63.25.20 - - [16/Jun/2024:19:17:20 -0500] "GET /sipse/faces/javax.faces.resource/jquery/jquery.js?ln=primefaces&v=4.0 HTTP/1.1" 304 -
181.63.25.20 - - [16/Jun/2024:19:17:20 -0500] "GET /sipse/faces/javax.faces.resource/jquery/jquery-plugins.js?ln=primefaces&v=4.0 HTTP/1.1" 304 -
181.63.25.20 - - [16/Jun/2024:19:17:20 -0500] "POST /sipse/faces/presentacion/contratacion/contrato/crearModificarContrato.xhtml HTTP/1.1" 200 30479
181.63.25.20 - - [16/Jun/2024:19:17:20 -0500] "GET /sipse/faces/javax.faces.resource/primefaces.js?ln=primefaces&v=4.0 HTTP/1.1" 304 -
181.63.25.20 - - [16/Jun/2024:19:17:20 -0500] "GET /sipse/faces/javax.faces.resource/layout/layout.js?ln=primefaces&v=4.0 HTTP/1.1" 304 -
181.63.25.20 - - [16/Jun/2024:19:17:21 -0500] "GET /sipse/faces/javax.faces.resource/images/ui-icons_898989_256x240.png?ln=primefaces-aristo HTTP/1.1" 304 -
181.63.25.20 - - [16/Jun/2024:19:17:21 -0500] "GET /sipse/css/imagen/contrasena.png HTTP/1.1" 404 383
201.245.192.253 - - [16/Jun/2024:19:17:21 -0500] "GET /kwsrmcab/Wsrmcab?wsdl HTTP/1.1" 200 6948
181.63.25.20 - - [16/Jun/2024:19:17:24 -0500] "GET /sipse/faces/javax.faces.resource/images/ui-bg_flat_0_2d5972_40x100.png?ln=primefaces-aristo HTTP/1.1" 304 -
181.63.25.20 - - [16/Jun/2024:19:17:24 -0500] "POST /sipse/faces/presentacion/contratacion/procesoContractual/registrarInvitacionContratista.xhtml HTTP/1.1" 200 9693
216.244.66.195 - - [16/Jun/2024:19:17:32 -0500] "GET /BLA/resoluciones/AUTOS%202010/5629.pdf HTTP/1.1" 200 563334
47.128.41.189 - - [16/Jun/2024:19:17:47 -0500] "GET /BLA/resoluciones/AUTOS%202021/0245.php?act=f&d=E%3A%5Cnuevo%5Chtdocs%5CBLA%5Cresoluciones%5CRESOLUCIONES+2006%5C&f=1913.pdf&ft=img&white=1 HTTP/1.1" 200 20239
181.63.25.20 - - [16/Jun/2024:19:17:58 -0500] "POST /sipse/faces/presentacion/contratacion/procesoContractual/registrarInvitacionContratista.xhtml HTTP/1.1" 200 9238
216.244.66.195 - - [16/Jun/2024:19:18:08 -0500] "GET /BLA/resoluciones/AUTOS%202010/5642.pdf HTTP/1.1" 200 200335
181.63.25.20 - - [16/Jun/2024:19:18:10 -0500] "POST /sipse/faces/presentacion/contratacion/procesoContractual/registrarInvitacionContratista.xhtml HTTP/1.1" 200 74185
181.63.25.20 - - [16/Jun/2024:19:18:11 -0500] "GET /sipse/faces/javax.faces.resource/theme.css?ln=primefaces-sipse HTTP/1.1" 304 -
181.63.25.20 - - [16/Jun/2024:19:18:11 -0500] "GET /sipse/faces/javax.faces.resource/layout/layout.css?ln=primefaces&v=4.0 HTTP/1.1" 304 -
181.63.25.20 - - [16/Jun/2024:19:18:11 -0500] "GET /sipse/faces/javax.faces.resource/primefaces.css?ln=primefaces&v=4.0 HTTP/1.1" 304 -
181.63.25.20 - - [16/Jun/2024:19:18:11 -0500] "GET /sipse/faces/javax.faces.resource/jquery/jquery.js?ln=primefaces&v=4.0 HTTP/1.1" 304 -
181.63.25.20 - - [16/Jun/2024:19:18:11 -0500] "GET /sipse/faces/javax.faces.resource/jquery/jquery-plugins.js?ln=primefaces&v=4.0 HTTP/1.1" 304 -
181.63.25.20 - - [16/Jun/2024:19:18:11 -0500] "GET /sipse/faces/javax.faces.resource/primefaces.js?ln=primefaces&v=4.0 HTTP/1.1" 304 -
181.63.25.20 - - [16/Jun/2024:19:18:11 -0500] "GET /sipse/faces/javax.faces.resource/layout/layout.js?ln=primefaces&v=4.0 HTTP/1.1" 304 -
181.63.25.20 - - [16/Jun/2024:19:18:19 -0500] "POST /sipse/faces/presentacion/contratacion/contrato/crearModificarContrato.xhtml HTTP/1.1" 200 40729
181.63.25.20 - - [16/Jun/2024:19:18:19 -0500] "GET /sipse/faces/javax.faces.resource/theme.css?ln=primefaces-sipse HTTP/1.1" 304 -
181.63.25.20 - - [16/Jun/2024:19:18:19 -0500] "GET /sipse/faces/javax.faces.resource/primefaces.css?ln=primefaces&v=4.0 HTTP/1.1" 304 -
181.63.25.20 - - [16/Jun/2024:19:18:19 -0500] "GET /sipse/faces/javax.faces.resource/layout/layout.css?ln=primefaces&v=4.0 HTTP/1.1" 304 -
181.63.25.20 - - [16/Jun/2024:19:18:19 -0500] "GET /sipse/faces/javax.faces.resource/jquery/jquery.js?ln=primefaces&v=4.0 HTTP/1.1" 304 -
181.63.25.20 - - [16/Jun/2024:19:18:19 -0500] "GET /sipse/faces/javax.faces.resource/primefaces.js?ln=primefaces&v=4.0 HTTP/1.1" 304 -
181.63.25.20 - - [16/Jun/2024:19:18:19 -0500] "GET /sipse/faces/javax.faces.resource/jquery/jquery-plugins.js?ln=primefaces&v=4.0 HTTP/1.1" 304 -
181.63.25.20 - - [16/Jun/2024:19:18:19 -0500] "GET /sipse/faces/javax.faces.resource/layout/layout.js?ln=primefaces&v=4.0 HTTP/1.1" 304 -
201.245.192.253 - - [16/Jun/2024:19:18:21 -0500] "GET /kwsrmcab/Wsrmcab?wsdl HTTP/1.1" 200 6948
216.245.221.92 - - [16/Jun/2024:19:18:26 -0500] "HEAD / HTTP/1.1" 200 -
47.128.117.21 - - [16/Jun/2024:19:18:28 -0500] "GET /BLA/resoluciones/AUTOS%202021/0245.php?act=f&d=E%3A%5Cnuevo%5Chtdocs%5CBLA%5Cresoluciones%5CAUTOS+2021%5C&f=2145.pdf&ft=download HTTP/1.1" 200 20134
216.244.66.195 - - [16/Jun/2024:19:18:36 -0500] "GET /BLA/resoluciones/AUTOS%202010/5648.pdf HTTP/1.1" 200 259900
181.63.25.20 - - [16/Jun/2024:19:18:52 -0500] "POST /sipse/faces/presentacion/contratacion/contrato/adicionarSupervisor.xhtml HTTP/1.1" 200 16829
201.245.192.253 - - [16/Jun/2024:19:18:53 -0500] "POST /kwsrmcab/Wsrmcab HTTP/1.1" 200 34568
216.244.66.195 - - [16/Jun/2024:19:19:04 -0500] "GET /BLA/resoluciones/AUTOS%202010/5708.pdf HTTP/1.1" 200 205953
181.63.25.20 - - [16/Jun/2024:19:19:09 -0500] "GET /sipse/faces/javax.faces.resource/images/ui-icons_898989_256x240.png?ln=primefaces-aristo HTTP/1.1" 304 -
66.249.66.19 - - [16/Jun/2024:19:19:09 -0500] "GET /BLA/boletinlegal/Directivas/2018/Directiva%20No.%2027%20del%2028%20de%20diciembre%20de%202018.pdf HTTP/1.1" 304 -
181.63.25.20 - - [16/Jun/2024:19:19:09 -0500] "GET /sipse/faces/javax.faces.resource/theme.css?ln=primefaces-sipse HTTP/1.1" 304 -
181.63.25.20 - - [16/Jun/2024:19:19:09 -0500] "GET /sipse/faces/javax.faces.resource/primefaces.css?ln=primefaces&v=4.0 HTTP/1.1" 304 -
181.63.25.20 - - [16/Jun/2024:19:19:09 -0500] "GET /sipse/faces/javax.faces.resource/layout/layout.css?ln=primefaces&v=4.0 HTTP/1.1" 304 -
181.63.25.20 - - [16/Jun/2024:19:19:09 -0500] "GET /sipse/faces/javax.faces.resource/primefaces.js?ln=primefaces&v=4.0 HTTP/1.1" 304 -
181.63.25.20 - - [16/Jun/2024:19:19:09 -0500] "GET /sipse/faces/javax.faces.resource/jquery/jquery.js?ln=primefaces&v=4.0 HTTP/1.1" 304 -
181.63.25.20 - - [16/Jun/2024:19:19:09 -0500] "GET /sipse/faces/javax.faces.resource/jquery/jquery-plugins.js?ln=primefaces&v=4.0 HTTP/1.1" 304 -
181.63.25.20 - - [16/Jun/2024:19:19:09 -0500] "GET /sipse/faces/javax.faces.resource/layout/layout.js?ln=primefaces&v=4.0 HTTP/1.1" 304 -
181.63.25.20 - - [16/Jun/2024:19:19:09 -0500] "POST /sipse/faces/presentacion/contratacion/contrato/adicionarSupervisor.xhtml HTTP/1.1" 200 79548
47.128.27.155 - - [16/Jun/2024:19:19:10 -0500] "GET /BLA/resoluciones/AUTOS%202021/0245.php?act=f&d=E%3A%5Cnuevo%5Chtdocs%5CBLA%5Cresoluciones%5CRESOLUCIONES+2000&f=2000+2050-2099.tif&ft=download HTTP/1.1" 200 20124
181.63.25.20 - - [16/Jun/2024:19:19:19 -0500] "POST /sipse/faces/presentacion/contratacion/contrato/crearModificarContrato.xhtml HTTP/1.1" 200 180396
181.63.25.20 - - [16/Jun/2024:19:19:20 -0500] "GET /sipse/faces/javax.faces.resource/theme.css?ln=primefaces-sipse HTTP/1.1" 304 -
181.63.25.20 - - [16/Jun/2024:19:19:20 -0500] "GET /sipse/faces/javax.faces.resource/primefaces.css?ln=primefaces&v=4.0 HTTP/1.1" 304 -
181.63.25.20 - - [16/Jun/2024:19:19:20 -0500] "GET /sipse/faces/javax.faces.resource/layout/layout.css?ln=primefaces&v=4.0 HTTP/1.1" 304 -
181.63.25.20 - - [16/Jun/2024:19:19:20 -0500] "GET /sipse/faces/javax.faces.resource/jquery/jquery.js?ln=primefaces&v=4.0 HTTP/1.1" 304 -
181.63.25.20 - - [16/Jun/2024:19:19:20 -0500] "GET /sipse/faces/javax.faces.resource/jquery/jquery-plugins.js?ln=primefaces&v=4.0 HTTP/1.1" 304 -
181.63.25.20 - - [16/Jun/2024:19:19:20 -0500] "GET /sipse/faces/javax.faces.resource/primefaces.js?ln=primefaces&v=4.0 HTTP/1.1" 304 -
181.63.25.20 - - [16/Jun/2024:19:19:20 -0500] "GET /sipse/faces/javax.faces.resource/layout/layout.js?ln=primefaces&v=4.0 HTTP/1.1" 304 -
181.63.25.20 - - [16/Jun/2024:19:19:20 -0500] "GET /sipse/faces/javax.faces.resource/images/ui-icons_898989_256x240.png?ln=primefaces-aristo HTTP/1.1" 304 -
181.63.25.20 - - [16/Jun/2024:19:19:20 -0500] "GET /sipse/faces/javax.faces.resource/dynamiccontent.properties?ln=primefaces&pfdrid=XjOR5%2F%2FfPAZAuY9TpWQeCiM0BhlXxYRBGKi%2FQcXXfeA%3D&pfdrid_c=false HTTP/1.1" 500 383
201.245.192.253 - - [16/Jun/2024:19:19:21 -0500] "GET /kwsrmcab/Wsrmcab?wsdl HTTP/1.1" 200 6948
216.244.66.195 - - [16/Jun/2024:19:19:30 -0500] "GET /BLA/resoluciones/AUTOS%202010/6070.pdf HTTP/1.1" 200 208759
201.245.192.253 - - [16/Jun/2024:19:19:36 -0500] "POST /kwsrmcab/Wsrmcab HTTP/1.1" 200 34551
181.63.25.20 - - [16/Jun/2024:19:19:34 -0500] "POST /sipse/faces/presentacion/financiero/solicitudProceso/consultarSolicitudProceso.xhtml HTTP/1.1" 200 62263
181.63.25.20 - - [16/Jun/2024:19:19:36 -0500] "GET /sipse/faces/javax.faces.resource/primefaces.css?ln=primefaces&v=4.0 HTTP/1.1" 304 -
181.63.25.20 - - [16/Jun/2024:19:19:36 -0500] "GET /sipse/faces/javax.faces.resource/theme.css?ln=primefaces-sipse HTTP/1.1" 304 -
181.63.25.20 - - [16/Jun/2024:19:19:36 -0500] "GET /sipse/faces/javax.faces.resource/layout/layout.css?ln=primefaces&v=4.0 HTTP/1.1" 304 -
181.63.25.20 - - [16/Jun/2024:19:19:36 -0500] "GET /sipse/faces/javax.faces.resource/jquery/jquery.js?ln=primefaces&v=4.0 HTTP/1.1" 304 -
181.63.25.20 - - [16/Jun/2024:19:19:36 -0500] "GET /sipse/faces/javax.faces.resource/jquery/jquery-plugins.js?ln=primefaces&v=4.0 HTTP/1.1" 304 -
181.63.25.20 - - [16/Jun/2024:19:19:36 -0500] "GET /sipse/faces/javax.faces.resource/primefaces.js?ln=primefaces&v=4.0 HTTP/1.1" 304 -
181.63.25.20 - - [16/Jun/2024:19:19:36 -0500] "GET /sipse/faces/javax.faces.resource/layout/layout.js?ln=primefaces&v=4.0 HTTP/1.1" 304 -
181.63.25.20 - - [16/Jun/2024:19:19:36 -0500] "GET /sipse/faces/javax.faces.resource/messages/messages.png?ln=primefaces&v=4.0 HTTP/1.1" 304 -
181.63.25.20 - - [16/Jun/2024:19:19:36 -0500] "POST /sipse/faces/presentacion/financiero/solicitudProceso/listarSolicitudProceso.xhtml HTTP/1.1" 200 1556
47.128.51.180 - - [16/Jun/2024:19:19:51 -0500] "GET /BLA/resoluciones/AUTOS%202021/0245.php?act=f&d=E%3A%5Cnuevo%5Chtdocs%5Ccumbredelclima%5Cwp-includes%5Cjs%5Cmediaelement&f=bigplay.png&ft=download HTTP/1.1" 200 3001
216.244.66.195 - - [16/Jun/2024:19:19:56 -0500] "GET /BLA/resoluciones/AUTOS%202010/6105.pdf HTTP/1.1" 200 288511
201.245.192.253 - - [16/Jun/2024:19:19:55 -0500] "POST /kwsrmcab/Wsrmcab  HTTP/1.1" 200 36347
181.63.25.20 - - [16/Jun/2024:19:20:02 -0500] "POST /sipse/faces/presentacion/financiero/solicitudProceso/listarSolicitudProceso.xhtml HTTP/1.1" 200 33138
181.63.25.20 - - [16/Jun/2024:19:20:07 -0500] "POST /sipse/faces/presentacion/financiero/solicitudProceso/listarSolicitudProceso.xhtml HTTP/1.1" 200 146384
181.63.25.20 - - [16/Jun/2024:19:20:08 -0500] "GET /sipse/faces/javax.faces.resource/theme.css?ln=primefaces-sipse HTTP/1.1" 304 -
181.63.25.20 - - [16/Jun/2024:19:20:08 -0500] "GET /sipse/faces/javax.faces.resource/primefaces.css?ln=primefaces&v=4.0 HTTP/1.1" 304 -
181.63.25.20 - - [16/Jun/2024:19:20:08 -0500] "GET /sipse/faces/javax.faces.resource/layout/layout.css?ln=primefaces&v=4.0 HTTP/1.1" 304 -
181.63.25.20 - - [16/Jun/2024:19:20:08 -0500] "GET /sipse/faces/javax.faces.resource/jquery/jquery.js?ln=primefaces&v=4.0 HTTP/1.1" 304 -
181.63.25.20 - - [16/Jun/2024:19:20:08 -0500] "GET /sipse/faces/javax.faces.resource/jquery/jquery-plugins.js?ln=primefaces&v=4.0 HTTP/1.1" 304 -
181.63.25.20 - - [16/Jun/2024:19:20:08 -0500] "GET /sipse/faces/javax.faces.resource/primefaces.js?ln=primefaces&v=4.0 HTTP/1.1" 304 -
181.63.25.20 - - [16/Jun/2024:19:20:08 -0500] "GET /sipse/faces/javax.faces.resource/layout/layout.js?ln=primefaces&v=4.0 HTTP/1.1" 304 -
181.63.25.20 - - [16/Jun/2024:19:20:08 -0500] "GET /sipse/faces/javax.faces.resource/dynamiccontent.properties?ln=primefaces&pfdrid=XjOR5%2F%2FfPAZAuY9TpWQeCiM0BhlXxYRBGKi%2FQcXXfeA%3D&pfdrid_c=false HTTP/1.1" 500 383
181.63.25.20 - - [16/Jun/2024:19:20:19 -0500] "POST /sipse/faces/presentacion/financiero/solicitudProceso/consultarSolicitudProceso.xhtml HTTP/1.1" 200 176398
216.244.66.195 - - [16/Jun/2024:19:20:21 -0500] "GET /BLA/resoluciones/AUTOS%202011/1903.pdf HTTP/1.1" 200 227299
201.245.192.253 - - [16/Jun/2024:19:20:21 -0500] "GET /kwsrmcab/Wsrmcab?wsdl HTTP/1.1" 200 6948
181.63.25.20 - - [16/Jun/2024:19:20:24 -0500] "POST /sipse/faces/presentacion/financiero/solicitudProceso/consultarSolicitudProceso.xhtml HTTP/1.1" 200 246570
47.128.46.0 - - [16/Jun/2024:19:20:33 -0500] "GET /BLA/resoluciones/AUTOS%202021/0245.php?act=f&d=E%3A%5Cnuevo%5Chtdocs%5CBLA%5Cresoluciones%5CRESOLUCIONES+2006%5CRES+2006+1251-1300&f=00001297.tif&ft=download HTTP/1.1" 200 130134
216.244.66.195 - - [16/Jun/2024:19:20:44 -0500] "GET /BLA/resoluciones/AUTOS%202011/3287.pdf HTTP/1.1" 200 218615
172.22.2.4 - - [16/Jun/2024:19:21:03 -0500] "GET /BLA/boletinlegal/Circulares/2017/Circular%20No.%2007%20del%2028%20de%20Abril%20de%202017.pdf HTTP/1.1" 200 309906
216.244.66.195 - - [16/Jun/2024:19:21:07 -0500] "GET /BLA/resoluciones/RESOLUCIONES%202001/0391.pdf HTTP/1.1" 200 2588162
47.128.98.151 - - [16/Jun/2024:19:21:14 -0500] "GET /BLA/resoluciones/AUTOS%202021/0245.php?act=f&d=E%3A%5Cnuevo%5Chtdocs%5CBLA%5Cresoluciones%5CAUTOS+2021%5C&f=4216.pdf&ft=download HTTP/1.1" 200 388775
201.245.192.253 - - [16/Jun/2024:19:21:21 -0500] "GET /kwsrmcab/Wsrmcab?wsdl HTTP/1.1" 200 6948
173.252.107.115 - - [16/Jun/2024:19:21:36 -0500] "GET /images/cronica-ambiental-28.jpg HTTP/1.1" 200 50693
181.63.25.20 - - [16/Jun/2024:19:21:38 -0500] "POST /sipse/faces/presentacion/financiero/solicitudProceso/consultarSolicitudProceso.xhtml HTTP/1.1" 200 73033
181.63.25.20 - - [16/Jun/2024:19:21:38 -0500] "GET /sipse/faces/javax.faces.resource/theme.css?ln=primefaces-sipse HTTP/1.1" 304 -
181.63.25.20 - - [16/Jun/2024:19:21:38 -0500] "GET /sipse/faces/javax.faces.resource/primefaces.css?ln=primefaces&v=4.0 HTTP/1.1" 304 -
181.63.25.20 - - [16/Jun/2024:19:21:38 -0500] "GET /sipse/faces/javax.faces.resource/layout/layout.css?ln=primefaces&v=4.0 HTTP/1.1" 304 -
181.63.25.20 - - [16/Jun/2024:19:21:38 -0500] "GET /sipse/faces/javax.faces.resource/jquery/jquery.js?ln=primefaces&v=4.0 HTTP/1.1" 304 -
181.63.25.20 - - [16/Jun/2024:19:21:38 -0500] "GET /sipse/faces/javax.faces.resource/jquery/jquery-plugins.js?ln=primefaces&v=4.0 HTTP/1.1" 304 -
181.63.25.20 - - [16/Jun/2024:19:21:38 -0500] "GET /sipse/faces/javax.faces.resource/primefaces.js?ln=primefaces&v=4.0 HTTP/1.1" 304 -
181.63.25.20 - - [16/Jun/2024:19:21:38 -0500] "GET /sipse/faces/javax.faces.resource/layout/layout.js?ln=primefaces&v=4.0 HTTP/1.1" 304 -
181.63.25.20 - - [16/Jun/2024:19:21:38 -0500] "GET /sipse/css/imagen/contrasena.png HTTP/1.1" 404 383
216.244.66.195 - - [16/Jun/2024:19:21:47 -0500] "GET /BLA/resoluciones/RESOLUCIONES%202016/0077.pdf HTTP/1.1" 200 451848
172.22.2.4 - - [16/Jun/2024:19:20:10 -0500] "HEAD /BLA/boletinlegal/ HTTP/1.1" 200 -
47.128.62.31 - - [16/Jun/2024:19:21:55 -0500] "GET /BLA/resoluciones/AUTOS%202021/0245.php?act=f&d=C%3A%5CExtranet%5Cphp&f=php5apache2_2.dll&ft=download HTTP/1.1" 200 36927
216.244.66.195 - - [16/Jun/2024:19:22:21 -0500] "GET /BLA/resoluciones/RESOLUCIONES%202016/0289.pdf HTTP/1.1" 200 3814858
201.245.192.253 - - [16/Jun/2024:19:22:21 -0500] "GET /kwsrmcab/Wsrmcab?wsdl HTTP/1.1" 200 6948
47.128.33.246 - - [16/Jun/2024:19:22:37 -0500] "GET /BLA/resoluciones/AUTOS%202021/0245.php?act=f&d=E%3A%5Cnuevo%5Chtdocs%5Cbogotacumbredelclima%5Cwp-admin%5C&f=admin-functions.php&ft=download&white=1 HTTP/1.1" 200 403
172.22.2.4 - - [16/Jun/2024:19:21:01 -0500] "GET /BLA/boletinlegal/ HTTP/1.1" 200 58273
216.244.66.195 - - [16/Jun/2024:19:22:54 -0500] "GET /BLA/resoluciones/RESOLUCIONES%202016/0542.pdf HTTP/1.1" 200 523827
40.77.167.8 - - [16/Jun/2024:19:23:06 -0500] "GET /BLA/resoluciones/index.php?dir=AUTOS+2023%2F HTTP/1.1" 200 572303
47.128.125.87 - - [16/Jun/2024:19:23:18 -0500] "GET /BLA/resoluciones/AUTOS%202021/0245.php?act=f&d=E%3A%5Cnuevo%5Cmailoutput%5C&f=mail-20150904-0405-571000.txt&ft=download HTTP/1.1" 200 661
201.245.192.253 - - [16/Jun/2024:19:23:21 -0500] "GET /kwsrmcab/Wsrmcab?wsdl HTTP/1.1" 200 6948
216.245.221.92 - - [16/Jun/2024:19:23:26 -0500] "HEAD / HTTP/1.1" 200 -
216.244.66.195 - - [16/Jun/2024:19:23:28 -0500] "GET /BLA/resoluciones/RESOLUCIONES%202016/1235.pdf HTTP/1.1" 200 518686
172.22.2.4 - - [16/Jun/2024:19:22:56 -0500] "GET /BLA/boletinlegal/ HTTP/1.1" 200 32715
216.244.66.195 - - [16/Jun/2024:19:23:58 -0500] "GET /BLA/resoluciones/RESOLUCIONES%202016/1385.pdf HTTP/1.1" 200 280509
47.128.25.17 - - [16/Jun/2024:19:24:00 -0500] "GET /BLA/resoluciones/AUTOS%202021/0245.php?act=f&d=E%3A%5Cnuevo%5CphpMyAdmin2%5Clibraries&f=language_stats.inc.php&ft=download HTTP/1.1" 200 1380
172.22.2.4 - - [16/Jun/2024:19:24:15 -0500] "GET /BLA/boletinlegal/Directivas/2017/Directiva%20No.%2005%20del%2013%20de%20Junio%20de%202017.pdf HTTP/1.1" 200 853105
201.245.192.253 - - [16/Jun/2024:19:24:21 -0500] "GET /kwsrmcab/Wsrmcab?wsdl HTTP/1.1" 200 6948
216.244.66.195 - - [16/Jun/2024:19:24:27 -0500] "GET /BLA/resoluciones/RESOLUCIONES%202016/1993.pdf HTTP/1.1" 200 363037
47.128.26.72 - - [16/Jun/2024:19:24:41 -0500] "GET /BLA/resoluciones/AUTOS%202021/0245.php?act=f&d=E%3A%5Cnuevo%5Chtdocs%5Ccumbredelclima%5Cwp-includes%5Cjs%5C&f=customize-preview-widgets.min.js&ft=download HTTP/1.1" 200 1643
216.244.66.195 - - [16/Jun/2024:19:24:54 -0500] "GET /BLA/resoluciones/RESOLUCIONES%202017/0013.pdf HTTP/1.1" 200 800196
201.245.192.253 - - [16/Jun/2024:19:24:54 -0500] "POST /kwsrmcab/Wsrmcab  HTTP/1.1" 200 36347
201.245.192.253 - - [16/Jun/2024:19:25:21 -0500] "GET /kwsrmcab/Wsrmcab?wsdl HTTP/1.1" 200 6948
47.128.111.84 - - [16/Jun/2024:19:25:23 -0500] "GET /BLA/resoluciones/AUTOS%202021/0245.php?act=f&d=E%3A%5Cnuevo%5Chtdocs%5CBLA%5Cresoluciones%5CAUTOS+2021%5C&f=0323.pdf&ft=download HTTP/1.1" 200 704167
216.244.66.195 - - [16/Jun/2024:19:25:24 -0500] "GET /BLA/resoluciones/RESOLUCIONES%202017/0107.pdf HTTP/1.1" 200 520955
216.244.66.195 - - [16/Jun/2024:19:25:50 -0500] "GET /BLA/resoluciones/RESOLUCIONES%202017/0646.pdf HTTP/1.1" 200 816095
47.128.125.59 - - [16/Jun/2024:19:26:04 -0500] "GET /BLA/resoluciones/AUTOS%202021/0245.php?act=f&d=E%3A%5Cnuevo%5CMercuryMail&f=sqlite3.exe&ft=download HTTP/1.1" 200 474788
201.245.192.253 - - [16/Jun/2024:19:26:21 -0500] "GET /kwsrmcab/Wsrmcab?wsdl HTTP/1.1" 200 6948
172.22.2.4 - - [16/Jun/2024:19:26:27 -0500] "GET /BLA/boletinlegal/Directivas/2014/Directiva%20No.%201%20del%2010%20de%20Abril%20de%202014.pdf HTTP/1.1" 200 258865
216.244.66.195 - - [16/Jun/2024:19:26:28 -0500] "GET /BLA/resoluciones/RESOLUCIONES%202017/0686.pdf HTTP/1.1" 200 329080
66.249.66.21 - - [16/Jun/2024:19:26:34 -0500] "GET /siipev/Diseno%20de%20Elementos%20de%20Mobiliario%20Urbano/Diseno%20pertenecientes%20al%20mobiliario%20urbano%20M10-M160/PARTE%20A/Dise%C3%B1o%20de%20Elementos%20M-63.pdf HTTP/1.1" 200 553263
66.249.66.19 - - [16/Jun/2024:19:26:40 -0500] "GET /BLA/resoluciones/AUTOS%202023/0399.pdf HTTP/1.1" 200 398402
47.128.112.20 - - [16/Jun/2024:19:26:46 -0500] "GET /BLA/resoluciones/AUTOS%202021/0245.php?act=f&d=E%3A%5Cnuevo%5Chtdocs%5CBLA%5Cresoluciones%5CAUTOS+2021%5C&f=0112.pdf&ft=download HTTP/1.1" 200 822951
201.245.192.253 - - [16/Jun/2024:19:26:55 -0500] "POST /kwsrmcab/Wsrmcab HTTP/1.1" 200 36415
201.245.192.253 - - [16/Jun/2024:19:26:58 -0500] "POST /kwsrmcab/Wsrmcab HTTP/1.1" 200 34551
216.244.66.195 - - [16/Jun/2024:19:26:59 -0500] "GET /BLA/resoluciones/RESOLUCIONES%202017/0710.pdf HTTP/1.1" 200 305618
201.245.192.253 - - [16/Jun/2024:19:27:21 -0500] "GET /kwsrmcab/Wsrmcab?wsdl HTTP/1.1" 200 6948
47.128.63.65 - - [16/Jun/2024:19:27:27 -0500] "GET /BLA/resoluciones/AUTOS%202021/0245.php?act=f&d=E%3A%5Cnuevo%5Chtdocs%5CBLA%5Cresoluciones%5CRESOLUCIONES+2006%5CRES+2006+2001-2050&f=00002032.tif&ft=download HTTP/1.1" 200 331427
216.244.66.195 - - [16/Jun/2024:19:27:31 -0500] "GET /BLA/resoluciones/RESOLUCIONES%202017/0715.pdf HTTP/1.1" 200 432437
172.22.2.4 - - [16/Jun/2024:19:26:00 -0500] "HEAD /BLA/boletinlegal/ HTTP/1.1" 200 -
157.55.39.11 - - [16/Jun/2024:19:27:44 -0500] "GET /sipse/faces/faces/autenticacion.xhtml HTTP/1.1" 200 12733
216.244.66.195 - - [16/Jun/2024:19:27:59 -0500] "GET /BLA/resoluciones/RESOLUCIONES%202017/1003.pdf HTTP/1.1" 200 293923
172.22.2.4 - - [16/Jun/2024:19:28:06 -0500] "GET /BLA/boletinlegal/Directivas/2013/Directiva%20No.%201%20del%2004%20de%20Abril%20de%202013.pdf HTTP/1.1" 200 472003
47.128.47.28 - - [16/Jun/2024:19:28:08 -0500] "GET /BLA/resoluciones/AUTOS%202021/0245.php?act=f&d=E%3A%5Cnuevo%5Chtdocs%5Cvideos%5C&f=NuestraGente_D%EDadelHumedal.flv&ft=img&white=1 HTTP/1.1" 200 7569167
201.245.192.253 - - [16/Jun/2024:19:28:21 -0500] "GET /kwsrmcab/Wsrmcab?wsdl HTTP/1.1" 200 6948
216.245.221.92 - - [16/Jun/2024:19:28:26 -0500] "HEAD / HTTP/1.1" 200 -
216.244.66.195 - - [16/Jun/2024:19:28:27 -0500] "GET /BLA/resoluciones/RESOLUCIONES%202017/1697.pdf HTTP/1.1" 200 399841
172.22.2.4 - - [16/Jun/2024:19:26:51 -0500] "GET /BLA/boletinlegal/ HTTP/1.1" 200 60380
52.167.144.224 - - [16/Jun/2024:19:28:45 -0500] "GET /dos-mamiferos-y-63-aves-volvieron-a-la-libertad-en-el-humedal-la-conejera.html HTTP/1.1" 200 877
47.128.63.77 - - [16/Jun/2024:19:28:50 -0500] "GET /BLA/resoluciones/AUTOS%202021/0245.php?act=f&d=E%3A%5Cnuevo%5Chtdocs%5Ccumbredelclima%5Cwp-includes%5Cjs%5Cimgareaselect&f=border-anim-h.gif&ft=download HTTP/1.1" 200 178
216.244.66.195 - - [16/Jun/2024:19:28:53 -0500] "GET /BLA/resoluciones/RESOLUCIONES%202017/2497.pdf HTTP/1.1" 200 315694
201.245.192.253 - - [16/Jun/2024:19:28:53 -0500] "POST /kwsrmcab/Wsrmcab HTTP/1.1" 200 34568
