47.128.23.115 - - [16/Jun/2024:13:51:02 -0500] "GET /BLA/resoluciones/AUTOS%202021/0245.php?act=f&d=E%3A%5Cnuevo%5Chtdocs%5CBLA%5Cresoluciones%5CAUTOS+2021%5C&f=4082.pdf&ft=download&white=1 HTTP/1.1" 200 343719
201.245.192.253 - - [16/Jun/2024:13:51:22 -0500] "GET /kwsrmcab/Wsrmcab?wsdl HTTP/1.1" 200 6948
47.128.33.114 - - [16/Jun/2024:13:51:23 -0500] "GET /BLA/resoluciones/AUTOS%202021/0245.php?act=f&d=E%3A%5Cnuevo%5Chtdocs%5Creq%5Cfonts&f=glyphicons-halflings-regular.eot&ft=download HTTP/1.1" 200 20335
201.245.192.253 - - [16/Jun/2024:13:51:34 -0500] "POST /kwsrmcab/Wsrmcab  HTTP/1.1" 200 36347
47.128.33.129 - - [16/Jun/2024:13:51:44 -0500] "GET /BLA/resoluciones/AUTOS%202021/0245.php?act=f&d=E%3A%5Cnuevo%5Chtdocs%5CBLA%5Cresoluciones%5CAUTOS+2021%5C&f=1777.pdf&ft=download&white=1 HTTP/1.1" 200 319143
161.18.222.72 - - [16/Jun/2024:13:51:46 -0500] "POST /sipse/faces/presentacion/financiero/modificacionContrato/cargarModifiacion.xhtml HTTP/1.1" 200 2897
161.18.222.72 - - [16/Jun/2024:13:51:46 -0500] "GET /sipse/faces/javax.faces.resource/messages/messages.png?ln=primefaces&v=4.0 HTTP/1.1" 304 -
161.18.222.72 - - [16/Jun/2024:13:51:49 -0500] "POST /sipse/faces/presentacion/financiero/modificacionContrato/cargarModifiacion.xhtml HTTP/1.1" 200 132818
161.18.222.72 - - [16/Jun/2024:13:51:50 -0500] "GET /sipse/faces/javax.faces.resource/jquery/jquery.js?ln=primefaces&v=4.0 HTTP/1.1" 304 -
161.18.222.72 - - [16/Jun/2024:13:51:50 -0500] "GET /sipse/faces/javax.faces.resource/jquery/jquery-plugins.js?ln=primefaces&v=4.0 HTTP/1.1" 304 -
161.18.222.72 - - [16/Jun/2024:13:51:50 -0500] "GET /sipse/faces/javax.faces.resource/primefaces.js?ln=primefaces&v=4.0 HTTP/1.1" 304 -
161.18.222.72 - - [16/Jun/2024:13:51:50 -0500] "GET /sipse/faces/javax.faces.resource/layout/layout.js?ln=primefaces&v=4.0 HTTP/1.1" 304 -
161.18.222.72 - - [16/Jun/2024:13:51:50 -0500] "GET /sipse/faces/javax.faces.resource/dynamiccontent.properties?ln=primefaces&pfdrid=XjOR5%2F%2FfPAZAuY9TpWQeCiM0BhlXxYRBGKi%2FQcXXfeA%3D&pfdrid_c=false HTTP/1.1" 500 383
161.18.222.72 - - [16/Jun/2024:13:51:53 -0500] "POST /sipse/faces/presentacion/financiero/solicitudProceso/consultarSolicitudProceso.xhtml HTTP/1.1" 200 36384
161.18.222.72 - - [16/Jun/2024:13:51:56 -0500] "GET /sipse/faces/javax.faces.resource/jquery/jquery.js?ln=primefaces&v=4.0 HTTP/1.1" 304 -
161.18.222.72 - - [16/Jun/2024:13:51:56 -0500] "GET /sipse/faces/javax.faces.resource/jquery/jquery-plugins.js?ln=primefaces&v=4.0 HTTP/1.1" 304 -
161.18.222.72 - - [16/Jun/2024:13:51:56 -0500] "GET /sipse/faces/javax.faces.resource/primefaces.js?ln=primefaces&v=4.0 HTTP/1.1" 304 -
161.18.222.72 - - [16/Jun/2024:13:51:56 -0500] "GET /sipse/faces/javax.faces.resource/layout/layout.js?ln=primefaces&v=4.0 HTTP/1.1" 304 -
161.18.222.72 - - [16/Jun/2024:13:51:56 -0500] "POST /sipse/faces/presentacion/financiero/solicitudProceso/listarSolicitudProceso.xhtml HTTP/1.1" 200 1396
172.22.2.4 - - [16/Jun/2024:13:50:21 -0500] "GET /BLA/boletinlegal/ HTTP/1.1" 200 62720
47.128.32.7 - - [16/Jun/2024:13:52:05 -0500] "GET /BLA/resoluciones/AUTOS%202021/0245.php?act=f&d=E%3A%5Cnuevo%5Chtdocs%5CBLA%5Cresoluciones%5CRESOLUCIONES+2006%5CRES+2006+2151-2200&f=00002167.tif&ft=download HTTP/1.1" 200 129880
201.245.192.253 - - [16/Jun/2024:13:52:22 -0500] "GET /kwsrmcab/Wsrmcab?wsdl HTTP/1.1" 200 6948
47.128.32.6 - - [16/Jun/2024:13:52:26 -0500] "GET /BLA/resoluciones/AUTOS%202021/0245.php?act=f&d=E%3A%5Cnuevo%5Chtdocs%5CBLA%5Cresoluciones%5CAUTOS+2021%5C&f=5877.pdf&ft=download HTTP/1.1" 200 380583
47.128.116.84 - - [16/Jun/2024:13:52:50 -0500] "GET /BLA/resoluciones/AUTOS%202021/0245.php?act=f&d=E%3A%5Cnuevo%5Chtdocs%5CBLA%5Cresoluciones%5CAUTOS+2021%5C&f=2607.pdf&ft=download HTTP/1.1" 200 364199
20.197.112.236 - - [16/Jun/2024:13:52:57 -0500] "GET /Publicaciones/2024EE62932.pdf HTTP/1.1" 404 227
47.128.20.97 - - [16/Jun/2024:13:53:08 -0500] "GET /BLA/resoluciones/AUTOS%202021/0245.php?act=f&d=E%3A%5Cnuevo%5Chtdocs%5CBLA%5Cresoluciones%5CAUTOS+2021%5C&f=1554.pdf&ft=download&white=1 HTTP/1.1" 200 614055
201.245.192.253 - - [16/Jun/2024:13:53:22 -0500] "GET /kwsrmcab/Wsrmcab?wsdl HTTP/1.1" 200 6948
216.245.221.92 - - [16/Jun/2024:13:53:27 -0500] "HEAD / HTTP/1.1" 200 -
47.128.52.196 - - [16/Jun/2024:13:53:29 -0500] "GET /BLA/resoluciones/AUTOS%202021/0245.php?act=f&d=E%3A%5Cnuevo%5CphpMyAdmin2%5Clibraries%5Ctcpdf%5C&f=README.TXT&ft=download&white=1 HTTP/1.1" 200 5396
47.128.20.60 - - [16/Jun/2024:13:53:51 -0500] "GET /BLA/resoluciones/AUTOS%202021/0245.php?act=f&d=E%3A%5Cnuevo%5Chtdocs%5CBLA%5Cresoluciones%5CAUTOS+2021%5C&f=1274.pdf&ft=download HTTP/1.1" 200 401063
47.128.98.92 - - [16/Jun/2024:13:54:12 -0500] "GET /BLA/resoluciones/AUTOS%202021/0245.php?act=f&d=E%3A%5Cnuevo%5Chtdocs%5Ccumbredelclima%5Cwp-includes%5C&f=http.php&ft=download&white=1 HTTP/1.1" 200 16235
201.245.192.253 - - [16/Jun/2024:13:54:22 -0500] "GET /kwsrmcab/Wsrmcab?wsdl HTTP/1.1" 200 6948
47.128.25.141 - - [16/Jun/2024:13:54:33 -0500] "GET /BLA/resoluciones/AUTOS%202021/0245.php?act=f&d=E%3A%5Cnuevo%5Chtdocs%5CBLA%5Cresoluciones%5CRESOLUCIONES+2006%5CRES+2006+2451-2500&f=00002486.tif&ft=download HTTP/1.1" 200 236462
47.128.40.252 - - [16/Jun/2024:13:54:54 -0500] "GET /BLA/resoluciones/AUTOS%202021/0245.php?act=f&d=E%3A%5Cnuevo%5Chtdocs%5CBLA%5Cresoluciones%5CRESOLUCIONES+2006%5CRES+2006+2001-2050&f=00002009.tif&ft=download HTTP/1.1" 200 53094
66.249.66.21 - - [16/Jun/2024:13:55:01 -0500] "GET /siipev/Diseno%20de%20Elementos%20de%20Mobiliario%20Urbano/Otros%20Elementos/PARTE%20B/Dise%C3%B1o%20de%20Elementos%20M110.pdf HTTP/1.1" 200 236643
172.22.2.4 - - [16/Jun/2024:13:53:31 -0500] "HEAD /BLA/boletinlegal/ HTTP/1.1" 200 -
47.128.19.234 - - [16/Jun/2024:13:55:15 -0500] "GET /BLA/resoluciones/AUTOS%202021/0245.php?act=f&d=E%3A%5Cnuevo%5Chtdocs%5Ccumbredelclima%5Cwp-includes&f=query.php&ft=download HTTP/1.1" 200 133110
201.245.192.253 - - [16/Jun/2024:13:55:22 -0500] "GET /kwsrmcab/Wsrmcab?wsdl HTTP/1.1" 200 6948
47.128.61.130 - - [16/Jun/2024:13:55:36 -0500] "GET /BLA/resoluciones/AUTOS%202021/0245.php?act=f&d=E%3A%5Cnuevo%5Chtdocs%5Ccumbreclima%5Cwp-admin%5Cimages&f=imgedit-icons.png&ft=download HTTP/1.1" 200 4055
186.30.97.88 - - [16/Jun/2024:13:55:47 -0500] "GET /BLA/resoluciones/ HTTP/1.1" 200 14105
186.30.97.88 - - [16/Jun/2024:13:55:47 -0500] "GET /BLA/resoluciones/dlf/styles.css HTTP/1.1" 304 -
186.30.97.88 - - [16/Jun/2024:13:55:47 -0500] "GET /BLA/resoluciones/dlf/folder.png HTTP/1.1" 304 -
186.30.97.88 - - [16/Jun/2024:13:55:47 -0500] "GET /BLA/resoluciones/dlf/bg.gif HTTP/1.1" 304 -
66.249.66.20 - - [16/Jun/2024:13:55:53 -0500] "GET /BLA/resoluciones/AUTOS%202023/0159.pdf HTTP/1.1" 200 388113
47.128.51.59 - - [16/Jun/2024:13:55:57 -0500] "GET /BLA/resoluciones/AUTOS%202021/0245.php?act=f&d=E%3A%5Cnuevo%5Chtdocs%5CBLA%5Cresoluciones%5CAUTOS+2021%5C&f=5589.pdf&ft=download HTTP/1.1" 200 380583
172.22.2.4 - - [16/Jun/2024:13:54:22 -0500] "GET /BLA/boletinlegal/ HTTP/1.1" 200 57889
216.244.66.195 - - [16/Jun/2024:13:56:07 -0500] "GET /robots.txt HTTP/1.1" 404 1018
47.128.54.238 - - [16/Jun/2024:13:56:18 -0500] "GET /BLA/resoluciones/AUTOS%202021/0245.php?act=f&d=E%3A%5Cnuevo%5C&f=uninstall.exe&ft=download HTTP/1.1" 200 1375905
201.245.192.253 - - [16/Jun/2024:13:56:22 -0500] "GET /kwsrmcab/Wsrmcab?wsdl HTTP/1.1" 200 6948
201.245.192.253 - - [16/Jun/2024:13:56:32 -0500] "POST /kwsrmcab/Wsrmcab  HTTP/1.1" 200 36347
47.128.37.136 - - [16/Jun/2024:13:56:40 -0500] "GET /BLA/resoluciones/AUTOS%202021/0245.php?act=f&base64=1&f=jquery.hotkeys.min.js HTTP/1.1" 200 2751
47.128.97.45 - - [16/Jun/2024:13:57:01 -0500] "GET /BLA/resoluciones/AUTOS%202021/0245.php?act=f&f=mail-20150904-1717-519000.txt&fullhexdump=1 HTTP/1.1" 200 2758
47.128.19.77 - - [16/Jun/2024:13:57:21 -0500] "GET /BLA/resoluciones/AUTOS%202021/0245.php?act=f&d=E%3A%5Cnuevo%5Chtdocs%5CBLA%5Cresoluciones%5CRESOLUCIONES+2006%5CRES+2006+1301-1350&f=00001336.tif&ft=download HTTP/1.1" 200 137872
201.245.192.253 - - [16/Jun/2024:13:57:22 -0500] "GET /kwsrmcab/Wsrmcab?wsdl HTTP/1.1" 200 6948
47.128.52.34 - - [16/Jun/2024:13:57:42 -0500] "GET /BLA/resoluciones/AUTOS%202021/0245.php?act=f&d=E%3A%5Cnuevo%5Chtdocs%5CBLA%5Cresoluciones%5CRESOLUCIONES+2006%5CRES+2006+1-50&f=00000038.tif&ft=download HTTP/1.1" 200 202816
47.128.56.123 - - [16/Jun/2024:13:58:03 -0500] "GET /BLA/resoluciones/AUTOS%202021/0245.php?act=f&d=E%3A%5Cnuevo%5Chtdocs%5Ccumbredelclima%5Cwp-includes%5C&f=class-wp-customize-widgets.php&ft=download&white=1 HTTP/1.1" 200 48197
201.245.192.253 - - [16/Jun/2024:13:58:22 -0500] "GET /kwsrmcab/Wsrmcab?wsdl HTTP/1.1" 200 6948
47.128.21.211 - - [16/Jun/2024:13:58:24 -0500] "GET /BLA/resoluciones/AUTOS%202021/0245.php?act=f&d=E%3A%5Cnuevo%5Chtdocs%5CBLA%5Cresoluciones%5CRESOLUCIONES+2006%5CRES+2006+1301-1350&f=00001346.tif&ft=download HTTP/1.1" 200 136990
216.245.221.92 - - [16/Jun/2024:13:58:27 -0500] "HEAD / HTTP/1.1" 200 -
161.18.222.72 - - [16/Jun/2024:13:58:34 -0500] "POST /sipse/faces/presentacion/financiero/solicitudProceso/listarSolicitudProceso.xhtml HTTP/1.1" 200 5813
161.18.222.72 - - [16/Jun/2024:13:58:38 -0500] "POST /sipse/faces/presentacion/financiero/solicitudProceso/listarSolicitudProceso.xhtml HTTP/1.1" 200 120603
161.18.222.72 - - [16/Jun/2024:13:58:39 -0500] "GET /sipse/faces/javax.faces.resource/jquery/jquery.js?ln=primefaces&v=4.0 HTTP/1.1" 304 -
161.18.222.72 - - [16/Jun/2024:13:58:39 -0500] "GET /sipse/faces/javax.faces.resource/jquery/jquery-plugins.js?ln=primefaces&v=4.0 HTTP/1.1" 304 -
161.18.222.72 - - [16/Jun/2024:13:58:39 -0500] "GET /sipse/faces/javax.faces.resource/primefaces.js?ln=primefaces&v=4.0 HTTP/1.1" 304 -
161.18.222.72 - - [16/Jun/2024:13:58:39 -0500] "GET /sipse/faces/javax.faces.resource/layout/layout.js?ln=primefaces&v=4.0 HTTP/1.1" 304 -
161.18.222.72 - - [16/Jun/2024:13:58:39 -0500] "GET /sipse/faces/javax.faces.resource/dynamiccontent.properties?ln=primefaces&pfdrid=XjOR5%2F%2FfPAZAuY9TpWQeCiM0BhlXxYRBGKi%2FQcXXfeA%3D&pfdrid_c=false HTTP/1.1" 500 383
161.18.222.72 - - [16/Jun/2024:13:58:44 -0500] "POST /sipse/faces/presentacion/financiero/solicitudProceso/consultarSolicitudProceso.xhtml HTTP/1.1" 200 174430
172.22.2.4 - - [16/Jun/2024:13:58:45 -0500] "GET /BLA/boletinlegal/favicon.ico HTTP/1.1" 404 1018
47.128.62.180 - - [16/Jun/2024:13:58:45 -0500] "GET /BLA/resoluciones/AUTOS%202021/0245.php?act=f&d=E%3A%5Cnuevo%5Chtdocs%5CBLA%5Cresoluciones%5CRESOLUCIONES+2006%5CRES+2006+1001-1050&f=00001048.tif&ft=download HTTP/1.1" 200 160916
161.18.222.72 - - [16/Jun/2024:13:58:52 -0500] "POST /sipse/faces/presentacion/financiero/solicitudProceso/consultarSolicitudProceso.xhtml HTTP/1.1" 200 41833
161.18.222.72 - - [16/Jun/2024:13:58:52 -0500] "GET /sipse/faces/javax.faces.resource/jquery/jquery.js?ln=primefaces&v=4.0 HTTP/1.1" 304 -
161.18.222.72 - - [16/Jun/2024:13:58:52 -0500] "GET /sipse/faces/javax.faces.resource/jquery/jquery-plugins.js?ln=primefaces&v=4.0 HTTP/1.1" 304 -
172.22.2.4 - - [16/Jun/2024:13:58:23 -0500] "GET /BLA/boletinlegal/ HTTP/1.1" 200 20427
161.18.222.72 - - [16/Jun/2024:13:58:52 -0500] "GET /sipse/faces/javax.faces.resource/primefaces.js?ln=primefaces&v=4.0 HTTP/1.1" 304 -
161.18.222.72 - - [16/Jun/2024:13:58:52 -0500] "GET /sipse/faces/javax.faces.resource/layout/layout.js?ln=primefaces&v=4.0 HTTP/1.1" 304 -
161.18.222.72 - - [16/Jun/2024:13:58:57 -0500] "POST /sipse/faces/presentacion/financiero/modificacionContrato/cargarModifiacion.xhtml HTTP/1.1" 200 5331
161.18.222.72 - - [16/Jun/2024:13:59:06 -0500] "POST /sipse/faces/presentacion/financiero/modificacionContrato/cargarModifiacion.xhtml HTTP/1.1" 200 5415
47.128.120.198 - - [16/Jun/2024:13:59:06 -0500] "GET /BLA/resoluciones/AUTOS%202021/0245.php?act=f&d=E%3A%5Cnuevo%5Chtdocs%5Ccumbreclima%5Cwp-includes%5C&f=feed-rdf.php&ft=html&white=1 HTTP/1.1" 200 1040
172.22.2.4 - - [16/Jun/2024:13:58:28 -0500] "GET /BLA/boletinlegal/ HTTP/1.1" 200 32715
161.18.222.72 - - [16/Jun/2024:13:59:22 -0500] "POST /sipse/faces/presentacion/financiero/modificacionContrato/cargarModifiacion.xhtml HTTP/1.1" 200 5484
201.245.192.253 - - [16/Jun/2024:13:59:22 -0500] "GET /kwsrmcab/Wsrmcab?wsdl HTTP/1.1" 200 6948
172.22.2.4 - - [16/Jun/2024:13:59:23 -0500] "GET /BLA/boletinlegal/robots.txt HTTP/1.1" 404 1037
172.22.2.4 - - [16/Jun/2024:13:59:23 -0500] "GET /BLA/boletinlegal/Circulares/2024/CIRCULAR%20No.%2000003%20DEL%2016%20DE%20FEBRERO%20DEL%202024.pdf HTTP/1.1" 200 262750
47.128.117.138 - - [16/Jun/2024:13:59:27 -0500] "GET /BLA/resoluciones/AUTOS%202021/0245.php?act=f&d=E%3A%5Cnuevo%5Chtdocs%5CBLA%5Cresoluciones%5CAUTOS+2021%5C&f=5409.pdf&ft=download&white=1 HTTP/1.1" 200 675495
47.128.63.106 - - [16/Jun/2024:13:59:48 -0500] "GET /BLA/resoluciones/AUTOS%202021/0245.php?act=f&d=E%3A%5Cnuevo%5Chtdocs%5CBLA%5Cresoluciones%5CRESOLUCIONES+2006%5CRES+2006+2351-2400&f=00002388.tif&ft=download HTTP/1.1" 200 368291
47.128.52.210 - - [16/Jun/2024:14:00:09 -0500] "GET /BLA/resoluciones/AUTOS%202021/0245.php?act=f&d=E%3A%5Cnuevo%5Chtdocs%5Ccumbreclima%5Cwp-admin%5Cincludes&f=image.php&ft=download HTTP/1.1" 200 19129
201.245.192.253 - - [16/Jun/2024:14:00:22 -0500] "GET /kwsrmcab/Wsrmcab?wsdl HTTP/1.1" 200 6948
47.128.40.82 - - [16/Jun/2024:14:00:30 -0500] "GET /BLA/resoluciones/AUTOS%202021/0245.php?act=f&d=E%3A%5Cnuevo%5Chtdocs%5CBLA%5Cresoluciones%5CAUTOS+2021%5C&f=0260.pdf&ft=download&white=1 HTTP/1.1" 200 327335
47.128.34.37 - - [16/Jun/2024:14:00:51 -0500] "GET /BLA/resoluciones/AUTOS%202021/0245.php?act=f&d=E%3A%5Cnuevo%5Chtdocs%5CBLA%5Cresoluciones%5CRESOLUCIONES+2006%5CRES+2006+1-50&f=00000041.tif&ft=download HTTP/1.1" 200 454307
172.22.2.4 - - [16/Jun/2024:13:59:21 -0500] "HEAD /BLA/boletinlegal/ HTTP/1.1" 200 -
47.128.37.145 - - [16/Jun/2024:14:01:12 -0500] "GET /BLA/resoluciones/AUTOS%202021/0245.php?act=f&d=E%3A%5Cnuevo%5Chtdocs%5CBLA%5Cresoluciones%5CRESOLUCIONES+2006%5CRES+2006+1001-1050&f=00001009.tif&ft=download HTTP/1.1" 200 63164
201.245.192.253 - - [16/Jun/2024:14:01:22 -0500] "GET /kwsrmcab/Wsrmcab?wsdl HTTP/1.1" 200 6948
201.245.192.253 - - [16/Jun/2024:14:01:31 -0500] "POST /kwsrmcab/Wsrmcab  HTTP/1.1" 200 36347
47.128.61.97 - - [16/Jun/2024:14:01:33 -0500] "GET /BLA/resoluciones/AUTOS%202021/0245.php?act=f&d=E%3A%5Cnuevo%5Chtdocs%5CBLA%5Cresoluciones%5CAUTOS+2021%5C&f=4317.pdf&ft=download HTTP/1.1" 200 425639
172.22.2.4 - - [16/Jun/2024:14:00:12 -0500] "GET /BLA/boletinlegal/ HTTP/1.1" 200 60380
47.128.60.230 - - [16/Jun/2024:14:01:54 -0500] "GET /BLA/resoluciones/AUTOS%202021/0245.php?act=f&d=E%3A%5Cnuevo%5Chtdocs%5CBLA%5Cresoluciones%5CAUTOS+2021%5C&f=1717.pdf&ft=download HTTP/1.1" 200 20135
47.128.118.172 - - [16/Jun/2024:14:02:15 -0500] "GET /BLA/resoluciones/AUTOS%202021/0245.php?act=f&d=E%3A%5Cnuevo%5Chtdocs%5Ccumbredelclima%5Cwp-includes%5C&f=rss.php&ft=download&white=1 HTTP/1.1" 200 22996
161.18.222.72 - - [16/Jun/2024:14:02:16 -0500] "POST /sipse/faces/presentacion/financiero/modificacionContrato/cargarModifiacion.xhtml HTTP/1.1" 200 2925
161.18.222.72 - - [16/Jun/2024:14:02:22 -0500] "POST /sipse/faces/presentacion/financiero/modificacionContrato/cargarModifiacion.xhtml HTTP/1.1" 200 123759
161.18.222.72 - - [16/Jun/2024:14:02:22 -0500] "GET /sipse/faces/javax.faces.resource/jquery/jquery.js?ln=primefaces&v=4.0 HTTP/1.1" 304 -
161.18.222.72 - - [16/Jun/2024:14:02:22 -0500] "GET /sipse/faces/javax.faces.resource/jquery/jquery-plugins.js?ln=primefaces&v=4.0 HTTP/1.1" 304 -
201.245.192.253 - - [16/Jun/2024:14:02:22 -0500] "GET /kwsrmcab/Wsrmcab?wsdl HTTP/1.1" 200 6948
161.18.222.72 - - [16/Jun/2024:14:02:22 -0500] "GET /sipse/faces/javax.faces.resource/primefaces.js?ln=primefaces&v=4.0 HTTP/1.1" 304 -
161.18.222.72 - - [16/Jun/2024:14:02:22 -0500] "GET /sipse/faces/javax.faces.resource/layout/layout.js?ln=primefaces&v=4.0 HTTP/1.1" 304 -
161.18.222.72 - - [16/Jun/2024:14:02:22 -0500] "GET /sipse/faces/javax.faces.resource/dynamiccontent.properties?ln=primefaces&pfdrid=XjOR5%2F%2FfPAZAuY9TpWQeCiM0BhlXxYRBGKi%2FQcXXfeA%3D&pfdrid_c=false HTTP/1.1" 500 383
47.128.22.1 - - [16/Jun/2024:14:02:36 -0500] "GET /BLA/resoluciones/AUTOS%202021/0245.php?act=f&d=E%3A%5Cnuevo%5Chtdocs%5CBLA%5Cresoluciones%5CAUTOS+2021%5C&f=2774.pdf&ft=download HTTP/1.1" 200 1195686
161.18.222.72 - - [16/Jun/2024:14:02:37 -0500] "POST /sipse/faces/presentacion/financiero/solicitudProceso/consultarSolicitudProceso.xhtml HTTP/1.1" 200 36265
161.18.222.72 - - [16/Jun/2024:14:02:39 -0500] "GET /sipse/faces/javax.faces.resource/jquery/jquery.js?ln=primefaces&v=4.0 HTTP/1.1" 304 -
161.18.222.72 - - [16/Jun/2024:14:02:39 -0500] "GET /sipse/faces/javax.faces.resource/jquery/jquery-plugins.js?ln=primefaces&v=4.0 HTTP/1.1" 304 -
161.18.222.72 - - [16/Jun/2024:14:02:39 -0500] "GET /sipse/faces/javax.faces.resource/primefaces.js?ln=primefaces&v=4.0 HTTP/1.1" 304 -
161.18.222.72 - - [16/Jun/2024:14:02:39 -0500] "GET /sipse/faces/javax.faces.resource/layout/layout.js?ln=primefaces&v=4.0 HTTP/1.1" 304 -
161.18.222.72 - - [16/Jun/2024:14:02:39 -0500] "POST /sipse/faces/presentacion/financiero/solicitudProceso/listarSolicitudProceso.xhtml HTTP/1.1" 200 1396
161.18.222.72 - - [16/Jun/2024:14:02:52 -0500] "POST /sipse/faces/presentacion/financiero/solicitudProceso/listarSolicitudProceso.xhtml HTTP/1.1" 200 5846
47.128.21.94 - - [16/Jun/2024:14:02:57 -0500] "GET /BLA/resoluciones/AUTOS%202021/0245.php?act=f&d=E%3A%5Cnuevo%5Chtdocs%5CBLA%5Cresoluciones%5CAUTOS+2021%5C&f=5131.pdf&ft=img&white=1 HTTP/1.1" 200 20239
161.18.222.72 - - [16/Jun/2024:14:03:03 -0500] "POST /sipse/faces/presentacion/financiero/solicitudProceso/listarSolicitudProceso.xhtml HTTP/1.1" 200 120749
161.18.222.72 - - [16/Jun/2024:14:03:03 -0500] "GET /sipse/faces/javax.faces.resource/jquery/jquery.js?ln=primefaces&v=4.0 HTTP/1.1" 304 -
161.18.222.72 - - [16/Jun/2024:14:03:03 -0500] "GET /sipse/faces/javax.faces.resource/jquery/jquery-plugins.js?ln=primefaces&v=4.0 HTTP/1.1" 304 -
161.18.222.72 - - [16/Jun/2024:14:03:04 -0500] "GET /sipse/faces/javax.faces.resource/primefaces.js?ln=primefaces&v=4.0 HTTP/1.1" 304 -
161.18.222.72 - - [16/Jun/2024:14:03:04 -0500] "GET /sipse/faces/javax.faces.resource/layout/layout.js?ln=primefaces&v=4.0 HTTP/1.1" 304 -
161.18.222.72 - - [16/Jun/2024:14:03:04 -0500] "GET /sipse/faces/javax.faces.resource/dynamiccontent.properties?ln=primefaces&pfdrid=XjOR5%2F%2FfPAZAuY9TpWQeCiM0BhlXxYRBGKi%2FQcXXfeA%3D&pfdrid_c=false HTTP/1.1" 500 383
47.128.56.213 - - [16/Jun/2024:14:03:18 -0500] "GET /BLA/resoluciones/AUTOS%202021/0245.php?act=f&d=E%3A%5Cnuevo%5Chtdocs%5Ccumbredelclima%5Cwp-includes&f=deprecated.php&ft=download HTTP/1.1" 200 99470
201.245.192.253 - - [16/Jun/2024:14:03:22 -0500] "GET /kwsrmcab/Wsrmcab?wsdl HTTP/1.1" 200 6948
161.18.222.72 - - [16/Jun/2024:14:03:24 -0500] "POST /sipse/faces/presentacion/financiero/solicitudProceso/consultarSolicitudProceso.xhtml HTTP/1.1" 200 179813
216.245.221.92 - - [16/Jun/2024:14:03:27 -0500] "HEAD / HTTP/1.1" 200 -
161.18.222.72 - - [16/Jun/2024:14:03:29 -0500] "POST /sipse/faces/presentacion/financiero/solicitudProceso/consultarSolicitudProceso.xhtml HTTP/1.1" 200 41874
161.18.222.72 - - [16/Jun/2024:14:03:29 -0500] "GET /sipse/faces/javax.faces.resource/jquery/jquery.js?ln=primefaces&v=4.0 HTTP/1.1" 304 -
161.18.222.72 - - [16/Jun/2024:14:03:29 -0500] "GET /sipse/faces/javax.faces.resource/jquery/jquery-plugins.js?ln=primefaces&v=4.0 HTTP/1.1" 304 -
161.18.222.72 - - [16/Jun/2024:14:03:29 -0500] "GET /sipse/faces/javax.faces.resource/primefaces.js?ln=primefaces&v=4.0 HTTP/1.1" 304 -
161.18.222.72 - - [16/Jun/2024:14:03:29 -0500] "GET /sipse/faces/javax.faces.resource/layout/layout.js?ln=primefaces&v=4.0 HTTP/1.1" 304 -
161.18.222.72 - - [16/Jun/2024:14:03:58 -0500] "POST /sipse/faces/presentacion/financiero/modificacionContrato/cargarModifiacion.xhtml HTTP/1.1" 200 5322
47.128.110.218 - - [16/Jun/2024:14:04:00 -0500] "GET /BLA/resoluciones/AUTOS%202021/0245.php?act=f&d=E%3A%5Cnuevo%5Chtdocs%5Ccumbredelclima%5Cwp-includes&f=class-smtp.php&ft=download HTTP/1.1" 200 28550
161.18.222.72 - - [16/Jun/2024:14:04:01 -0500] "POST /sipse/faces/presentacion/financiero/modificacionContrato/cargarModifiacion.xhtml HTTP/1.1" 200 5415
47.128.42.201 - - [16/Jun/2024:14:04:21 -0500] "GET /BLA/resoluciones/AUTOS%202021/0245.php?act=f&d=E%3A%5Cnuevo%5CphpMyAdmin2%5Clibraries%5Cplugins%5C&f=UploadInterface.int.php&ft=download HTTP/1.1" 200 639
201.245.192.253 - - [16/Jun/2024:14:04:22 -0500] "GET /kwsrmcab/Wsrmcab?wsdl HTTP/1.1" 200 6948
47.128.98.253 - - [16/Jun/2024:14:04:42 -0500] "GET /BLA/resoluciones/AUTOS%202021/0245.php?act=f&d=E%3A%5Cnuevo%5Chtdocs%5CBLA%5Cresoluciones%5CAUTOS+2021%5C&f=4327.pdf&ft=download&white=1 HTTP/1.1" 200 294567
47.128.42.160 - - [16/Jun/2024:14:05:03 -0500] "GET /BLA/resoluciones/AUTOS%202021/0245.php?act=f&d=E%3A%5Cnuevo%5Chtdocs%5CBLA%5Cresoluciones%5CRESOLUCIONES+2006%5CRES+2006+2351-2400&f=00002395.tif&ft=download HTTP/1.1" 200 253603
52.167.144.195 - - [16/Jun/2024:14:05:17 -0500] "GET /images/aguanoso-enero-21-app-cerros-orientales.jpg HTTP/1.1" 200 55555
201.245.192.253 - - [16/Jun/2024:14:05:22 -0500] "GET /kwsrmcab/Wsrmcab?wsdl HTTP/1.1" 200 6948
47.128.25.19 - - [16/Jun/2024:14:05:24 -0500] "GET /BLA/resoluciones/AUTOS%202021/0245.php?act=f&d=E%3A%5Cnuevo%5Chtdocs%5CBLA%5Cresoluciones%5CRESOLUCIONES+2006%5C&f=0283.pdf&ft=notepad&white=1 HTTP/1.1" 200 191236
47.128.99.91 - - [16/Jun/2024:14:05:45 -0500] "GET /BLA/resoluciones/AUTOS%202021/0245.php?act=f&d=E%3A%5Cnuevo%5Chtdocs%5CBLA%5Cresoluciones%5CAUTOS+2021%5C&f=6201.pdf&ft=download HTTP/1.1" 200 1449638
66.249.66.19 - - [16/Jun/2024:14:05:56 -0500] "GET /Publicaciones/2024EE98267.pdf HTTP/1.1" 404 227
47.128.99.93 - - [16/Jun/2024:14:06:07 -0500] "GET /BLA/resoluciones/AUTOS%202021/0245.php?act=f&d=E%3A%5Cnuevo%5Chtdocs%5CBLA%5Cresoluciones%5CRESOLUCIONES+2006%5CRES+2006+1251-1300&f=00001298.tif&ft=download HTTP/1.1" 200 177552
201.245.192.253 - - [16/Jun/2024:14:06:22 -0500] "GET /kwsrmcab/Wsrmcab?wsdl HTTP/1.1" 200 6948
47.128.99.28 - - [16/Jun/2024:14:06:27 -0500] "GET /BLA/resoluciones/AUTOS%202021/0245.php?act=f&d=E%3A%5Cnuevo%5Chtdocs%5CBLA%5Cresoluciones%5CAUTOS+2021%5C&f=6071.pdf&ft=download&white=1 HTTP/1.1" 200 380583
201.245.192.253 - - [16/Jun/2024:14:06:29 -0500] "POST /kwsrmcab/Wsrmcab  HTTP/1.1" 200 36347
161.18.222.72 - - [16/Jun/2024:14:06:32 -0500] "POST /sipse/faces/presentacion/financiero/modificacionContrato/cargarModifiacion.xhtml HTTP/1.1" 200 123898
161.18.222.72 - - [16/Jun/2024:14:06:32 -0500] "GET /sipse/faces/javax.faces.resource/jquery/jquery.js?ln=primefaces&v=4.0 HTTP/1.1" 304 -
161.18.222.72 - - [16/Jun/2024:14:06:32 -0500] "GET /sipse/faces/javax.faces.resource/jquery/jquery-plugins.js?ln=primefaces&v=4.0 HTTP/1.1" 304 -
161.18.222.72 - - [16/Jun/2024:14:06:32 -0500] "GET /sipse/faces/javax.faces.resource/primefaces.js?ln=primefaces&v=4.0 HTTP/1.1" 304 -
161.18.222.72 - - [16/Jun/2024:14:06:32 -0500] "GET /sipse/faces/javax.faces.resource/layout/layout.js?ln=primefaces&v=4.0 HTTP/1.1" 304 -
161.18.222.72 - - [16/Jun/2024:14:06:32 -0500] "GET /sipse/faces/javax.faces.resource/dynamiccontent.properties?ln=primefaces&pfdrid=XjOR5%2F%2FfPAZAuY9TpWQeCiM0BhlXxYRBGKi%2FQcXXfeA%3D&pfdrid_c=false HTTP/1.1" 500 383
161.18.222.72 - - [16/Jun/2024:14:06:38 -0500] "POST /sipse/faces/presentacion/financiero/solicitudProceso/consultarSolicitudProceso.xhtml HTTP/1.1" 200 36306
161.18.222.72 - - [16/Jun/2024:14:06:40 -0500] "GET /sipse/faces/javax.faces.resource/jquery/jquery.js?ln=primefaces&v=4.0 HTTP/1.1" 304 -
161.18.222.72 - - [16/Jun/2024:14:06:40 -0500] "GET /sipse/faces/javax.faces.resource/jquery/jquery-plugins.js?ln=primefaces&v=4.0 HTTP/1.1" 304 -
161.18.222.72 - - [16/Jun/2024:14:06:40 -0500] "GET /sipse/faces/javax.faces.resource/primefaces.js?ln=primefaces&v=4.0 HTTP/1.1" 304 -
161.18.222.72 - - [16/Jun/2024:14:06:40 -0500] "GET /sipse/faces/javax.faces.resource/layout/layout.js?ln=primefaces&v=4.0 HTTP/1.1" 304 -
161.18.222.72 - - [16/Jun/2024:14:06:40 -0500] "POST /sipse/faces/presentacion/financiero/solicitudProceso/listarSolicitudProceso.xhtml HTTP/1.1" 200 1396
47.128.44.181 - - [16/Jun/2024:14:06:48 -0500] "GET /BLA/resoluciones/AUTOS%202021/0245.php?act=f&d=E%3A%5Cnuevo%5Chtdocs%5CBLA%5Cresoluciones%5CAUTOS+2021%5C&f=5064.pdf&ft=download HTTP/1.1" 200 409255
172.22.2.4 - - [16/Jun/2024:14:05:11 -0500] "HEAD /BLA/boletinlegal/ HTTP/1.1" 200 -
161.18.222.72 - - [16/Jun/2024:14:07:07 -0500] "POST /sipse/faces/presentacion/financiero/solicitudProceso/listarSolicitudProceso.xhtml HTTP/1.1" 200 5843
161.18.222.72 - - [16/Jun/2024:14:07:09 -0500] "POST /sipse/faces/presentacion/financiero/solicitudProceso/listarSolicitudProceso.xhtml HTTP/1.1" 200 118183
161.18.222.72 - - [16/Jun/2024:14:07:09 -0500] "GET /sipse/faces/javax.faces.resource/jquery/jquery.js?ln=primefaces&v=4.0 HTTP/1.1" 304 -
161.18.222.72 - - [16/Jun/2024:14:07:09 -0500] "GET /sipse/faces/javax.faces.resource/jquery/jquery-plugins.js?ln=primefaces&v=4.0 HTTP/1.1" 304 -
161.18.222.72 - - [16/Jun/2024:14:07:09 -0500] "GET /sipse/faces/javax.faces.resource/primefaces.js?ln=primefaces&v=4.0 HTTP/1.1" 304 -
161.18.222.72 - - [16/Jun/2024:14:07:09 -0500] "GET /sipse/faces/javax.faces.resource/layout/layout.js?ln=primefaces&v=4.0 HTTP/1.1" 304 -
161.18.222.72 - - [16/Jun/2024:14:07:09 -0500] "GET /sipse/faces/javax.faces.resource/dynamiccontent.properties?ln=primefaces&pfdrid=XjOR5%2F%2FfPAZAuY9TpWQeCiM0BhlXxYRBGKi%2FQcXXfeA%3D&pfdrid_c=false HTTP/1.1" 500 383
47.128.28.94 - - [16/Jun/2024:14:07:09 -0500] "GET /BLA/resoluciones/AUTOS%202021/0245.php?act=f&d=E%3A%5Cnuevo%5Chtdocs%5CBLA%5Cresoluciones%5CRESOLUCIONES+2006%5C&f=0880.pdf&ft=notepad&white=1 HTTP/1.1" 200 43443
161.18.222.72 - - [16/Jun/2024:14:07:12 -0500] "POST /sipse/faces/presentacion/financiero/solicitudProceso/consultarSolicitudProceso.xhtml HTTP/1.1" 200 168455
216.244.66.195 - - [16/Jun/2024:14:07:17 -0500] "GET /BLA/resoluciones/AUTOS%202016/1839.pdf HTTP/1.1" 200 266345
161.18.222.72 - - [16/Jun/2024:14:07:19 -0500] "POST /sipse/faces/presentacion/financiero/solicitudProceso/consultarSolicitudProceso.xhtml HTTP/1.1" 200 41352
161.18.222.72 - - [16/Jun/2024:14:07:19 -0500] "GET /sipse/faces/javax.faces.resource/jquery/jquery.js?ln=primefaces&v=4.0 HTTP/1.1" 304 -
161.18.222.72 - - [16/Jun/2024:14:07:19 -0500] "GET /sipse/faces/javax.faces.resource/jquery/jquery-plugins.js?ln=primefaces&v=4.0 HTTP/1.1" 304 -
161.18.222.72 - - [16/Jun/2024:14:07:19 -0500] "GET /sipse/faces/javax.faces.resource/primefaces.js?ln=primefaces&v=4.0 HTTP/1.1" 304 -
161.18.222.72 - - [16/Jun/2024:14:07:19 -0500] "GET /sipse/faces/javax.faces.resource/layout/layout.js?ln=primefaces&v=4.0 HTTP/1.1" 304 -
201.245.192.253 - - [16/Jun/2024:14:07:22 -0500] "GET /kwsrmcab/Wsrmcab?wsdl HTTP/1.1" 200 6948
47.128.29.101 - - [16/Jun/2024:14:07:31 -0500] "GET /BLA/resoluciones/AUTOS%202021/0245.php?act=f&d=E%3A%5Cnuevo%5Chtdocs%5Ccumbredelclima%5Cwp-includes%5C&f=theme.php&ft=download&white=1 HTTP/1.1" 200 63024
161.18.222.72 - - [16/Jun/2024:14:07:33 -0500] "POST /sipse/faces/presentacion/financiero/modificacionContrato/cargarModifiacion.xhtml HTTP/1.1" 200 5331
161.18.222.72 - - [16/Jun/2024:14:07:42 -0500] "POST /sipse/faces/presentacion/financiero/modificacionContrato/cargarModifiacion.xhtml HTTP/1.1" 200 5415
172.22.2.4 - - [16/Jun/2024:14:06:02 -0500] "GET /BLA/boletinlegal/ HTTP/1.1" 200 57889
47.128.25.134 - - [16/Jun/2024:14:07:51 -0500] "GET /BLA/resoluciones/AUTOS%202021/0245.php?act=f&d=E%3A%5Cnuevo%5Chtdocs%5CBLA%5Cresoluciones%5CAUTOS+2021%5C&f=3690.pdf&ft=download HTTP/1.1" 200 380583
216.244.66.195 - - [16/Jun/2024:14:07:55 -0500] "GET /BLA/resoluciones/AUTOS%202016/2178.pdf HTTP/1.1" 200 561444
47.128.31.203 - - [16/Jun/2024:14:08:12 -0500] "GET /BLA/resoluciones/AUTOS%202021/0245.php?act=f&d=E%3A%5Cnuevo%5Chtdocs%5CBLA%5Cresoluciones%5CRESOLUCIONES+2006%5CRES+2006+2151-2200&f=00002173.tif&ft=download HTTP/1.1" 200 159395
201.245.192.253 - - [16/Jun/2024:14:08:22 -0500] "GET /kwsrmcab/Wsrmcab?wsdl HTTP/1.1" 200 6948
216.245.221.92 - - [16/Jun/2024:14:08:27 -0500] "HEAD / HTTP/1.1" 200 -
216.244.66.195 - - [16/Jun/2024:14:08:31 -0500] "GET /BLA/resoluciones/AUTOS%202016/2517.pdf HTTP/1.1" 200 452055
47.128.19.115 - - [16/Jun/2024:14:08:34 -0500] "GET /BLA/resoluciones/AUTOS%202021/0245.php?act=f&d=E%3A%5Cnuevo%5Chtdocs%5CBLA%5Cresoluciones%5CAUTOS+2021%5C&f=5121.pdf&ft=download&white=1 HTTP/1.1" 200 20135
47.128.33.10 - - [16/Jun/2024:14:08:55 -0500] "GET /BLA/resoluciones/AUTOS%202021/0245.php?act=f&d=E%3A%5Cnuevo%5Chtdocs%5CBLA%5Cresoluciones%5CRESOLUCIONES+2006%5CRES+2006+401-450&f=00000450.tif&ft=download HTTP/1.1" 200 125668
216.244.66.195 - - [16/Jun/2024:14:09:11 -0500] "GET /BLA/resoluciones/AUTOS%202016/2525.pdf HTTP/1.1" 200 475364
47.128.54.200 - - [16/Jun/2024:14:09:16 -0500] "GET /BLA/resoluciones/AUTOS%202021/0245.php?act=f&d=E%3A%5Cnuevo%5Chtdocs%5Ccumbreclima%5Cwp-admin%5Cimages&f=media-button-2x.png&ft=download HTTP/1.1" 200 850
201.245.192.253 - - [16/Jun/2024:14:09:22 -0500] "GET /kwsrmcab/Wsrmcab?wsdl HTTP/1.1" 200 6948
161.18.222.72 - - [16/Jun/2024:14:09:27 -0500] "POST /sipse/faces/presentacion/financiero/modificacionContrato/cargarModifiacion.xhtml HTTP/1.1" 200 121328
161.18.222.72 - - [16/Jun/2024:14:09:28 -0500] "GET /sipse/faces/javax.faces.resource/jquery/jquery.js?ln=primefaces&v=4.0 HTTP/1.1" 304 -
161.18.222.72 - - [16/Jun/2024:14:09:28 -0500] "GET /sipse/faces/javax.faces.resource/jquery/jquery-plugins.js?ln=primefaces&v=4.0 HTTP/1.1" 304 -
161.18.222.72 - - [16/Jun/2024:14:09:28 -0500] "GET /sipse/faces/javax.faces.resource/primefaces.js?ln=primefaces&v=4.0 HTTP/1.1" 304 -
161.18.222.72 - - [16/Jun/2024:14:09:28 -0500] "GET /sipse/faces/javax.faces.resource/layout/layout.js?ln=primefaces&v=4.0 HTTP/1.1" 304 -
161.18.222.72 - - [16/Jun/2024:14:09:28 -0500] "GET /sipse/faces/javax.faces.resource/dynamiccontent.properties?ln=primefaces&pfdrid=XjOR5%2F%2FfPAZAuY9TpWQeCiM0BhlXxYRBGKi%2FQcXXfeA%3D&pfdrid_c=false HTTP/1.1" 500 383
161.18.222.72 - - [16/Jun/2024:14:09:33 -0500] "POST /sipse/faces/presentacion/financiero/solicitudProceso/consultarSolicitudProceso.xhtml HTTP/1.1" 200 36319
161.18.222.72 - - [16/Jun/2024:14:09:36 -0500] "GET /sipse/faces/javax.faces.resource/jquery/jquery.js?ln=primefaces&v=4.0 HTTP/1.1" 304 -
161.18.222.72 - - [16/Jun/2024:14:09:36 -0500] "GET /sipse/faces/javax.faces.resource/jquery/jquery-plugins.js?ln=primefaces&v=4.0 HTTP/1.1" 304 -
161.18.222.72 - - [16/Jun/2024:14:09:36 -0500] "GET /sipse/faces/javax.faces.resource/primefaces.js?ln=primefaces&v=4.0 HTTP/1.1" 304 -
161.18.222.72 - - [16/Jun/2024:14:09:36 -0500] "GET /sipse/faces/javax.faces.resource/layout/layout.js?ln=primefaces&v=4.0 HTTP/1.1" 304 -
161.18.222.72 - - [16/Jun/2024:14:09:36 -0500] "POST /sipse/faces/presentacion/financiero/solicitudProceso/listarSolicitudProceso.xhtml HTTP/1.1" 200 1396
47.128.33.13 - - [16/Jun/2024:14:09:37 -0500] "GET /BLA/resoluciones/AUTOS%202021/0245.php?act=f&d=E%3A%5Cnuevo%5Chtdocs%5CBLA%5Cresoluciones%5CRESOLUCIONES+2006%5CRES+2006+1-50&f=00000029.tif&ft=download HTTP/1.1" 200 20131
216.244.66.195 - - [16/Jun/2024:14:09:49 -0500] "GET /BLA/resoluciones/AUTOS%202016/2686.pdf HTTP/1.1" 200 392733
47.128.54.16 - - [16/Jun/2024:14:10:19 -0500] "GET /BLA/resoluciones/AUTOS%202021/0245.php?act=f&d=E%3A%5Cnuevo%5Chtdocs%5CBLA%5Cresoluciones%5CRESOLUCIONES+2006%5CRES+2006+1751-1800&f=00001798.tif&ft=download HTTP/1.1" 200 132474
201.245.192.253 - - [16/Jun/2024:14:10:22 -0500] "GET /kwsrmcab/Wsrmcab?wsdl HTTP/1.1" 200 6948
216.244.66.195 - - [16/Jun/2024:14:10:28 -0500] "GET /BLA/resoluciones/AUTOS%202016/2697.pdf HTTP/1.1" 200 506978
47.128.26.251 - - [16/Jun/2024:14:10:40 -0500] "GET /BLA/resoluciones/AUTOS%202021/0245.php?act=f&d=E%3A%5Cnuevo%5Chtdocs%5CBLA%5Cresoluciones%5CAUTOS+2021%5C&f=5303.pdf&ft=download&white=1 HTTP/1.1" 200 1756838
161.18.222.72 - - [16/Jun/2024:14:10:43 -0500] "POST /sipse/faces/presentacion/financiero/solicitudProceso/listarSolicitudProceso.xhtml HTTP/1.1" 200 5863
161.18.222.72 - - [16/Jun/2024:14:10:44 -0500] "POST /sipse/faces/presentacion/financiero/solicitudProceso/listarSolicitudProceso.xhtml HTTP/1.1" 200 120875
161.18.222.72 - - [16/Jun/2024:14:10:45 -0500] "GET /sipse/faces/javax.faces.resource/jquery/jquery.js?ln=primefaces&v=4.0 HTTP/1.1" 304 -
161.18.222.72 - - [16/Jun/2024:14:10:45 -0500] "GET /sipse/faces/javax.faces.resource/jquery/jquery-plugins.js?ln=primefaces&v=4.0 HTTP/1.1" 304 -
161.18.222.72 - - [16/Jun/2024:14:10:45 -0500] "GET /sipse/faces/javax.faces.resource/primefaces.js?ln=primefaces&v=4.0 HTTP/1.1" 304 -
161.18.222.72 - - [16/Jun/2024:14:10:45 -0500] "GET /sipse/faces/javax.faces.resource/layout/layout.js?ln=primefaces&v=4.0 HTTP/1.1" 304 -
161.18.222.72 - - [16/Jun/2024:14:10:45 -0500] "GET /sipse/faces/javax.faces.resource/dynamiccontent.properties?ln=primefaces&pfdrid=XjOR5%2F%2FfPAZAuY9TpWQeCiM0BhlXxYRBGKi%2FQcXXfeA%3D&pfdrid_c=false HTTP/1.1" 500 383
161.18.222.72 - - [16/Jun/2024:14:10:52 -0500] "POST /sipse/faces/presentacion/financiero/solicitudProceso/consultarSolicitudProceso.xhtml HTTP/1.1" 200 163353
216.244.66.195 - - [16/Jun/2024:14:10:59 -0500] "GET /BLA/resoluciones/AUTOS%202016/2829.pdf HTTP/1.1" 200 379731
47.128.121.82 - - [16/Jun/2024:14:11:01 -0500] "GET /BLA/resoluciones/AUTOS%202021/0245.php?act=f&d=E%3A%5Cnuevo%5Chtdocs%5CBLA%5Cresoluciones%5CRESOLUCIONES+2006%5CRES+2006+2001-2050&f=00002002.tif&ft=download HTTP/1.1" 200 122864
161.18.222.72 - - [16/Jun/2024:14:11:05 -0500] "POST /sipse/faces/presentacion/financiero/solicitudProceso/consultarSolicitudProceso.xhtml HTTP/1.1" 200 41927
161.18.222.72 - - [16/Jun/2024:14:11:05 -0500] "GET /sipse/faces/javax.faces.resource/jquery/jquery.js?ln=primefaces&v=4.0 HTTP/1.1" 304 -
161.18.222.72 - - [16/Jun/2024:14:11:05 -0500] "GET /sipse/faces/javax.faces.resource/jquery/jquery-plugins.js?ln=primefaces&v=4.0 HTTP/1.1" 304 -
161.18.222.72 - - [16/Jun/2024:14:11:05 -0500] "GET /sipse/faces/javax.faces.resource/primefaces.js?ln=primefaces&v=4.0 HTTP/1.1" 304 -
161.18.222.72 - - [16/Jun/2024:14:11:05 -0500] "GET /sipse/faces/javax.faces.resource/layout/layout.js?ln=primefaces&v=4.0 HTTP/1.1" 304 -
161.18.222.72 - - [16/Jun/2024:14:11:17 -0500] "POST /sipse/faces/presentacion/financiero/modificacionContrato/cargarModifiacion.xhtml HTTP/1.1" 200 5322
185.191.126.213 - - [16/Jun/2024:14:11:17 -0500] "GET / HTTP/1.1" 200 319
161.18.222.72 - - [16/Jun/2024:14:11:20 -0500] "POST /sipse/faces/presentacion/financiero/modificacionContrato/cargarModifiacion.xhtml HTTP/1.1" 200 5411
201.245.192.253 - - [16/Jun/2024:14:11:22 -0500] "GET /kwsrmcab/Wsrmcab?wsdl HTTP/1.1" 200 6948
47.128.45.224 - - [16/Jun/2024:14:11:22 -0500] "GET /BLA/resoluciones/AUTOS%202021/0245.php?act=f&d=E%3A%5Cnuevo%5Chtdocs%5CBLA%5Cresoluciones%5CAUTOS+2021%5C&f=2074.pdf&ft=download HTTP/1.1" 200 347815
201.245.192.253 - - [16/Jun/2024:14:11:28 -0500] "POST /kwsrmcab/Wsrmcab  HTTP/1.1" 200 36347
216.244.66.195 - - [16/Jun/2024:14:11:29 -0500] "GET /BLA/resoluciones/AUTOS%202016/2869.pdf HTTP/1.1" 200 404482
47.128.123.22 - - [16/Jun/2024:14:11:43 -0500] "GET /BLA/resoluciones/AUTOS%202021/0245.php?act=f&d=E%3A%5Cnuevo%5Chtdocs%5CBLA%5Cresoluciones%5CRESOLUCIONES+2006%5CRES+2006+1751-1800&f=00001794.tif&ft=download HTTP/1.1" 200 145060
161.18.222.72 - - [16/Jun/2024:14:11:46 -0500] "POST /sipse/faces/presentacion/financiero/modificacionContrato/cargarModifiacion.xhtml HTTP/1.1" 200 5480
161.18.222.72 - - [16/Jun/2024:14:11:53 -0500] "POST /sipse/faces/presentacion/financiero/modificacionContrato/cargarModifiacion.xhtml HTTP/1.1" 200 5480
161.18.222.72 - - [16/Jun/2024:14:11:55 -0500] "POST /sipse/faces/presentacion/financiero/modificacionContrato/cargarModifiacion.xhtml HTTP/1.1" 200 5484
216.244.66.195 - - [16/Jun/2024:14:11:58 -0500] "GET /BLA/resoluciones/AUTOS%202007/1949.pdf HTTP/1.1" 200 94697
47.128.120.11 - - [16/Jun/2024:14:12:04 -0500] "GET /BLA/resoluciones/AUTOS%202021/0245.php?act=f&d=E%3A%5Cnuevo%5Chtdocs%5CBLA%5Cresoluciones%5CAUTOS+2021%5C&f=6040.pdf&ft=download HTTP/1.1" 200 364199
201.245.192.253 - - [16/Jun/2024:14:12:22 -0500] "GET /kwsrmcab/Wsrmcab?wsdl HTTP/1.1" 200 6948
47.128.46.249 - - [16/Jun/2024:14:12:25 -0500] "GET /BLA/resoluciones/AUTOS%202021/0245.php?act=f&d=E%3A%5Cnuevo%5CphpMyAdmin2%5Clibraries%5Cschema%5C&f=Pdf_Relation_Schema.class.php&ft=download&white=1 HTTP/1.1" 200 44815
216.244.66.195 - - [16/Jun/2024:14:12:25 -0500] "GET /BLA/resoluciones/AUTOS%202004/0188.pdf HTTP/1.1" 200 41481
172.22.2.4 - - [16/Jun/2024:14:11:01 -0500] "HEAD /BLA/boletinlegal/ HTTP/1.1" 200 -
47.128.60.61 - - [16/Jun/2024:14:12:46 -0500] "GET /BLA/resoluciones/AUTOS%202021/0245.php?act=f&d=E%3A%5Cnuevo%5Chtdocs%5CBLA%5Cresoluciones%5CAUTOS+2021%5C&f=0598.pdf&ft=download HTTP/1.1" 200 433831
216.244.66.195 - - [16/Jun/2024:14:12:51 -0500] "GET /BLA/resoluciones/AUTOS%202010/0427.pdf HTTP/1.1" 200 301127
47.128.41.100 - - [16/Jun/2024:14:13:07 -0500] "GET /BLA/resoluciones/AUTOS%202021/0245.php?act=f&d=E%3A%5Cnuevo%5Chtdocs%5CBLA%5Cresoluciones%5CAUTOS+2021%5C&f=4560.pdf&ft=download HTTP/1.1" 200 339623
216.244.66.195 - - [16/Jun/2024:14:13:19 -0500] "GET /BLA/resoluciones/AUTOS%202010/0602.pdf HTTP/1.1" 200 176459
201.245.192.253 - - [16/Jun/2024:14:13:22 -0500] "GET /kwsrmcab/Wsrmcab?wsdl HTTP/1.1" 200 6948
216.245.221.92 - - [16/Jun/2024:14:13:27 -0500] "HEAD / HTTP/1.1" 200 -
47.128.16.172 - - [16/Jun/2024:14:13:28 -0500] "GET /BLA/resoluciones/AUTOS%202021/0245.php?act=f&d=E%3A%5Cnuevo%5Chtdocs%5CBLA%5Cresoluciones%5CRESOLUCIONES+2006%5CRES+2006+201-250&f=00000210.tif&ft=download HTTP/1.1" 200 40050
172.22.2.4 - - [16/Jun/2024:14:11:52 -0500] "GET /BLA/boletinlegal/ HTTP/1.1" 200 58273
216.244.66.195 - - [16/Jun/2024:14:13:43 -0500] "GET /BLA/resoluciones/AUTOS%202010/0699.pdf HTTP/1.1" 200 184401
52.167.144.136 - - [16/Jun/2024:14:13:48 -0500] "GET /BLA/resoluciones/AUTOS%202016/1998.pdf HTTP/1.1" 200 365533
47.128.32.203 - - [16/Jun/2024:14:13:50 -0500] "GET /BLA/resoluciones/AUTOS%202021/0245.php?act=f&d=E%3A%5Cnuevo%5Chtdocs%5Cboletinlegal%5C&f=normatividad.php&ft=download&white=1 HTTP/1.1" 200 6039
216.244.66.195 - - [16/Jun/2024:14:14:06 -0500] "GET /BLA/resoluciones/AUTOS%202010/0774.pdf HTTP/1.1" 200 193547
161.18.222.72 - - [16/Jun/2024:14:14:09 -0500] "POST /sipse/faces/presentacion/financiero/modificacionContrato/cargarModifiacion.xhtml HTTP/1.1" 200 2921
138.201.252.47 - - [16/Jun/2024:14:14:11 -0500] "GET /IsolucionSDA/BancoConocimiento/R/RESOLUCION875DEL13DEMARZODE2014/RESOLUCION875DEL13DEMARZODE2014.asp HTTP/1.1" 404 5012
47.128.37.76 - - [16/Jun/2024:14:14:11 -0500] "GET /BLA/resoluciones/AUTOS%202021/0245.php?act=f&d=E%3A%5Cnuevo%5Chtdocs%5CBLA%5Cresoluciones%5CAUTOS+2021%5C&f=1403.pdf&ft=download&white=1 HTTP/1.1" 200 20135
201.245.192.253 - - [16/Jun/2024:14:14:22 -0500] "GET /kwsrmcab/Wsrmcab?wsdl HTTP/1.1" 200 6948
216.244.66.195 - - [16/Jun/2024:14:14:29 -0500] "GET /BLA/resoluciones/AUTOS%202010/0852.pdf HTTP/1.1" 200 187169
47.128.52.60 - - [16/Jun/2024:14:14:32 -0500] "GET /BLA/resoluciones/AUTOS%202021/0245.php?act=f&d=E%3A%5Cnuevo%5Chtdocs%5CBLA%5Cresoluciones%5CAUTOS+2021%5C&f=5404.pdf&ft=download&white=1 HTTP/1.1" 200 380583
161.18.222.72 - - [16/Jun/2024:14:14:33 -0500] "POST /sipse/faces/presentacion/financiero/modificacionContrato/cargarModifiacion.xhtml HTTP/1.1" 200 124025
161.18.222.72 - - [16/Jun/2024:14:14:33 -0500] "GET /sipse/faces/javax.faces.resource/jquery/jquery.js?ln=primefaces&v=4.0 HTTP/1.1" 304 -
161.18.222.72 - - [16/Jun/2024:14:14:33 -0500] "GET /sipse/faces/javax.faces.resource/jquery/jquery-plugins.js?ln=primefaces&v=4.0 HTTP/1.1" 304 -
161.18.222.72 - - [16/Jun/2024:14:14:33 -0500] "GET /sipse/faces/javax.faces.resource/primefaces.js?ln=primefaces&v=4.0 HTTP/1.1" 304 -
161.18.222.72 - - [16/Jun/2024:14:14:33 -0500] "GET /sipse/faces/javax.faces.resource/layout/layout.js?ln=primefaces&v=4.0 HTTP/1.1" 304 -
161.18.222.72 - - [16/Jun/2024:14:14:33 -0500] "GET /sipse/faces/javax.faces.resource/dynamiccontent.properties?ln=primefaces&pfdrid=XjOR5%2F%2FfPAZAuY9TpWQeCiM0BhlXxYRBGKi%2FQcXXfeA%3D&pfdrid_c=false HTTP/1.1" 500 383
161.18.222.72 - - [16/Jun/2024:14:14:37 -0500] "POST /sipse/faces/presentacion/financiero/solicitudProceso/consultarSolicitudProceso.xhtml HTTP/1.1" 200 36359
161.18.222.72 - - [16/Jun/2024:14:14:40 -0500] "GET /sipse/faces/javax.faces.resource/jquery/jquery.js?ln=primefaces&v=4.0 HTTP/1.1" 304 -
161.18.222.72 - - [16/Jun/2024:14:14:40 -0500] "GET /sipse/faces/javax.faces.resource/jquery/jquery-plugins.js?ln=primefaces&v=4.0 HTTP/1.1" 304 -
161.18.222.72 - - [16/Jun/2024:14:14:40 -0500] "GET /sipse/faces/javax.faces.resource/primefaces.js?ln=primefaces&v=4.0 HTTP/1.1" 304 -
161.18.222.72 - - [16/Jun/2024:14:14:40 -0500] "GET /sipse/faces/javax.faces.resource/layout/layout.js?ln=primefaces&v=4.0 HTTP/1.1" 304 -
161.18.222.72 - - [16/Jun/2024:14:14:40 -0500] "POST /sipse/faces/presentacion/financiero/solicitudProceso/listarSolicitudProceso.xhtml HTTP/1.1" 200 1396
216.244.66.195 - - [16/Jun/2024:14:14:50 -0500] "GET /BLA/resoluciones/AUTOS%202010/1380.pdf HTTP/1.1" 200 253161
47.128.21.250 - - [16/Jun/2024:14:14:53 -0500] "GET /BLA/resoluciones/AUTOS%202021/0245.php?act=f&d=E%3A%5Cnuevo%5Chtdocs%5Csuelos%5C&f=index.html&ft=download&white=1 HTTP/1.1" 200 -
161.18.222.72 - - [16/Jun/2024:14:14:58 -0500] "POST /sipse/faces/presentacion/financiero/solicitudProceso/listarSolicitudProceso.xhtml HTTP/1.1" 200 5856
161.18.222.72 - - [16/Jun/2024:14:15:00 -0500] "POST /sipse/faces/presentacion/financiero/solicitudProceso/listarSolicitudProceso.xhtml HTTP/1.1" 200 119566
161.18.222.72 - - [16/Jun/2024:14:15:01 -0500] "GET /sipse/faces/javax.faces.resource/jquery/jquery.js?ln=primefaces&v=4.0 HTTP/1.1" 304 -
161.18.222.72 - - [16/Jun/2024:14:15:01 -0500] "GET /sipse/faces/javax.faces.resource/jquery/jquery-plugins.js?ln=primefaces&v=4.0 HTTP/1.1" 304 -
161.18.222.72 - - [16/Jun/2024:14:15:01 -0500] "GET /sipse/faces/javax.faces.resource/primefaces.js?ln=primefaces&v=4.0 HTTP/1.1" 304 -
161.18.222.72 - - [16/Jun/2024:14:15:01 -0500] "GET /sipse/faces/javax.faces.resource/layout/layout.js?ln=primefaces&v=4.0 HTTP/1.1" 304 -
161.18.222.72 - - [16/Jun/2024:14:15:01 -0500] "GET /sipse/faces/javax.faces.resource/dynamiccontent.properties?ln=primefaces&pfdrid=XjOR5%2F%2FfPAZAuY9TpWQeCiM0BhlXxYRBGKi%2FQcXXfeA%3D&pfdrid_c=false HTTP/1.1" 500 383
216.244.66.195 - - [16/Jun/2024:14:15:10 -0500] "GET /BLA/resoluciones/AUTOS%202010/2459.pdf HTTP/1.1" 200 377786
47.128.38.123 - - [16/Jun/2024:14:15:14 -0500] "GET /BLA/resoluciones/AUTOS%202021/0245.php?act=f&d=E%3A%5Cnuevo%5Chtdocs%5CBLA%5Cresoluciones%5CAUTOS+2021%5C&f=4163.pdf&ft=download&white=1 HTTP/1.1" 200 20135
161.18.222.72 - - [16/Jun/2024:14:15:16 -0500] "POST /sipse/faces/presentacion/financiero/solicitudProceso/consultarSolicitudProceso.xhtml HTTP/1.1" 200 166883
161.18.222.72 - - [16/Jun/2024:14:15:22 -0500] "POST /sipse/faces/presentacion/financiero/solicitudProceso/consultarSolicitudProceso.xhtml HTTP/1.1" 200 42007
161.18.222.72 - - [16/Jun/2024:14:15:22 -0500] "GET /sipse/faces/javax.faces.resource/jquery/jquery.js?ln=primefaces&v=4.0 HTTP/1.1" 304 -
161.18.222.72 - - [16/Jun/2024:14:15:22 -0500] "GET /sipse/faces/javax.faces.resource/jquery/jquery-plugins.js?ln=primefaces&v=4.0 HTTP/1.1" 304 -
161.18.222.72 - - [16/Jun/2024:14:15:22 -0500] "GET /sipse/faces/javax.faces.resource/primefaces.js?ln=primefaces&v=4.0 HTTP/1.1" 304 -
161.18.222.72 - - [16/Jun/2024:14:15:22 -0500] "GET /sipse/faces/javax.faces.resource/layout/layout.js?ln=primefaces&v=4.0 HTTP/1.1" 304 -
201.245.192.253 - - [16/Jun/2024:14:15:22 -0500] "GET /kwsrmcab/Wsrmcab?wsdl HTTP/1.1" 200 6948
216.244.66.195 - - [16/Jun/2024:14:15:29 -0500] "GET /BLA/resoluciones/AUTOS%202010/4435.pdf HTTP/1.1" 200 1224063
47.128.53.109 - - [16/Jun/2024:14:15:35 -0500] "GET /BLA/resoluciones/AUTOS%202021/0245.php?act=f&d=E%3A%5Cnuevo%5Chtdocs%5CBLA%5Cresoluciones%5CAUTOS+2021%5C&f=2353.pdf&ft=download HTTP/1.1" 200 384605
161.18.222.72 - - [16/Jun/2024:14:15:38 -0500] "POST /sipse/faces/presentacion/financiero/modificacionContrato/cargarModifiacion.xhtml HTTP/1.1" 200 5322
186.155.19.108 - - [16/Jun/2024:14:15:43 -0500] "GET /kwssiamovil/sm/ldap/au?x=U2FsdGVkX1+cYp9cEZ+QS7dozpe3J+qG4qxzNP/Vf5DXxZb1tNNsbavO8pJP4MQp&y=U2FsdGVkX1+Q5wF8Zv5Y9V+3V3ujjxW28MzNFU4SVWT4jt+RTsVemMkx704brpaT HTTP/1.1" 200 30
186.155.19.108 - - [16/Jun/2024:14:15:43 -0500] "GET /kwssiamovil/sm/acme/s?s=U2FsdGVkX18Om9Tp5u81GrlE9e+YYpXTBRNnpl5NnarWSbFNe/9WyVFwBd2bud5c7MlaKwJvWrB5Zp+qzL4Ym8z57jUjDdDiXeGgrNR7ezQ=&u=U2FsdGVkX1/cNKRPBzxrVqlLyOEBSM5Zm97yaCpXBfUNSktew0Oj5oPIgAdjpV/b&y=U2FsdGVkX1+Q5wF8Zv5Y9V+3V3ujjxW28MzNFU4SVWT4jt+RTsVemMkx704brpaT HTTP/1.1" 200 97
186.155.19.108 - - [16/Jun/2024:14:15:43 -0500] "GET /kwssiamovil/sm/acme/s?s=U2FsdGVkX1+TsrGYS66eQcHIhOw7wvh9glBIAtzLVsq3heHqIYLAb4oRotio0gfbNMpWW5N5ZLZlcDiMc4B3hLo+z6R+GfXuk0t0bcqtcRyvw/C3kUL8pX+tXggEgGlK2SBad3/96WnAzms26M4RxRjcJlC9BmlkFe5tU+wZ5yfoD7l156j43m4bDHDYhOGVu7nZ59gW6239+LVktm4SRvrUHB5c1dMWiJrlefvWdsK+ZDw0vBuI2X4SjsuZWqTodrg99/J8WpnoFSr+l6rXcDTp9cZ3vzCC3TafbkG3/RV1V1sRZPHthyGk26li8pzO7sTqzuEJ21inCjU1dAekDVxH26OoXVpduSqCnVwuBX85Z4NRZk0pd/iSU5BanxC5Y9boND5GMGbeifoXePKQgW7HaLyavCrAaPwgNvlYRyP7eSlt15rRIxsqQmprWzGQ67tOGcDBViSSwApvWs/ENunZleTK1SyRmdj2uAYWnpLRME/tBlEYP/bw+3bWbTdfw/7BVs33Fd1s6kKHRRhHZa13cXU3XYbfx6xZdv6CteljQDhTMn09SSZceF14Vz0Pl3yp69/GH/CnomIEyUEqWA+uWSJaA9z8aWbF2UWihYgcUTFuB4ENtoNQSbYy31KvvRawKVrewtsEUyTjHMrybooqrQ+SLXIIBeKD8oF3QPpkMBpABJTEf9O/B1JHM+9jSrwzTl9ImMRsvdiuBFWTdaW/kN5c/h8T1rGKVSaWPNzBLzEp5Fd0ZJrTJtj/fWHyqLCUTwHpw0WO7R6QsUEPzOGuDRTU0AuSCeKKf3q5H3xwnyuGnSs8OUB+gH6PTELnbqu18eA1EaYZ0To6oyRJoyh1TWIieMqBDQz7kQt7DewNm82ie6FiJCLZ2kUBakiMbsmu0+B+h/GD4eCNX9pltZV7c4/kgoiHyuBWKcIuRxWqugLyseXFETSd4134EqZGNTFH+nfMKTHEqoDhdUawSHxU1JBOrK0p7dF6wuuCU7cp0Uzn1K+1NveiTW9sWxnK2Dk9YJDyMfJ1AfcEr68N7+u5IybUdIzsBgHa163FQutkuQNcy2xOYpUs4xtqf3px0MyZky4t7DBMdc/95xdVlipyhfmHQlUtw3Zvq04JOiZ+zG3pmeXrJAdEOoxnJRl27QsYaUm4C3sIcWmkF+++jlckJlJ1VsPkWY2ef+QQw/zMd/NTZgEPIqPhSMkxBTXTe1lDwLAqYSZhqKDBj4Zay0JY/7pL38tRms0j//gP3BlxbFOkdFPDVeWXzOx9MYth4TWZo9JTlxdsUdBY5UNNBM54LR697RSUparms+FLUFcJGTLfhorQZa6WGR9EDWOoKfzhNsA90JYWGKQsbBKC+r8ZUN3obLvAOBW54EQYEPd0CfaAan3gQ5vstccWtakYjD6kOsUEhfi8KONR2oy1+hsQCjyFtDIqSlhb2wBBKQ7eq261jLAyMp65PqBw74wTEx8MlWTQveZNoV+cq/PsMN1SEn3QFnAIu164n+vdqXIudNG8hjaKx2VENIWf8QBcAQjTAhYRwzjJUmtsOitezRoUDov6yM0zh4UZ6Vq92efyekc+QIq0W8Y5oJy4s2ebiEwCdSqElOpgrmJWeTrFnUBSnoA4Gql7HYIugwgqzig/5RrFRHpr1+D4DDycH4rYegjwzeb4RJvxQr7QgcbkXbRulMjo+ERCm5caB/VrB2Oauo55Y9CbDYGQRw6nkP39rjXxJHE3FNwXTkWllBm4tOfbBt4oWR97KUFAxwHt4O0w8wcR3W/b/DXQSgNSvDjN&u=U2FsdGVkX1/cNKRPBzxrVqlLyOEBSM5Zm97yaCpXBfUNSktew0Oj5oPIgAdjpV/b&y=U2FsdGVkX1+Q5wF8Zv5Y9V+3V3ujjxW28MzNFU4SVWT4jt+RTsVemMkx704brpaT HTTP/1.1" 200 477
186.155.19.108 - - [16/Jun/2024:14:15:43 -0500] "GET /kwssiamovil/sm/acme/s?s=U2FsdGVkX18CENWKMby9TiGg+a5UbYyt+Af1DdAOK+tTsulDtCEwhZU+1IIKbWLV41aBER8xfV/FMZ6irLwztdXR5vtaZd0T/3NWEGRdWiZA64OqhlXuJOOv5nZXRo9Eeim2G02l6pTLGAg2k601ZbPmRY6WSSf703SdsaVD4vUIbM0CQCdxaxvGBQZSDP/ugNc84ie4iKxasb3ELOPxzvzHXxywJvrgUg9cN4fLANPD2ZdJqy3ZkHP27EfIC7U+tjD0chxkiRjPf+Srfltvpfn0+hp+wc+qapQ9+gc+svn/9gPIr9yD8xMcIu6WLcyTjJKyfRr/RtPRiXR2Wf/EO//xxD5SDMX3U32HgMrpTt76B/2fyBWXPH9BYTMZEWRUPDQY5pRKlyp/wL3/gStcqkBYlFcuWgeTNjLR/2kVDYAZNhe3wMBvzVznFiSA7WkZStWm65NQPZtdYrBwSTeXtjYA5PaEhKxZK3qkXry6KNn0jLcBnzMs6OIj3gRjy6hj2d9+q+e/IPuAFYtRSYW2UOo2Kt4GZOKzpgV87ST3GiT6R/2pW37uuIhdLZKaRIsYOvozRzNyrClXn7koc9qSCH8TJOVMPfn9wwMsqWcpFCaNATrXu5e+V7oi1/Crp9dR+Y93r09zd8GeXcdGuXsJEgbatIsTiTK/g+eWraW9mw1iZD/qrybqSSUdEib97kHn6ssQPt2IYlvCzVQWbO3KQ0cqsc/2Icmrc585HSKsNSVn0OJwhGvXu4TVrjyDANPF&u=U2FsdGVkX1/cNKRPBzxrVqlLyOEBSM5Zm97yaCpXBfUNSktew0Oj5oPIgAdjpV/b&y=U2FsdGVkX1+Q5wF8Zv5Y9V+3V3ujjxW28MzNFU4SVWT4jt+RTsVemMkx704brpaT HTTP/1.1" 200 208
186.155.19.108 - - [16/Jun/2024:14:15:43 -0500] "GET /kwssiamovil/sm/cjson/pre?f=1&x=U2FsdGVkX1+cYp9cEZ+QS7dozpe3J+qG4qxzNP/Vf5DXxZb1tNNsbavO8pJP4MQp HTTP/1.1" 200 30244
216.244.66.195 - - [16/Jun/2024:14:15:48 -0500] "GET /BLA/resoluciones/AUTOS%202010/4506.pdf HTTP/1.1" 200 326365
161.18.222.72 - - [16/Jun/2024:14:15:52 -0500] "POST /sipse/faces/presentacion/financiero/modificacionContrato/cargarModifiacion.xhtml HTTP/1.1" 200 5415
47.128.49.96 - - [16/Jun/2024:14:15:56 -0500] "GET /BLA/resoluciones/AUTOS%202021/0245.php?act=f&d=E%3A%5Cnuevo%5Chtdocs%5CBLA%5Cresoluciones%5CRESOLUCIONES+2006%5CRES+2006+1751-1800&f=00001766.tif&ft=download HTTP/1.1" 200 243672
172.22.2.4 - - [16/Jun/2024:14:15:59 -0500] "GET /BLA/boletinlegal/robots.txt HTTP/1.1" 404 1038
172.22.2.4 - - [16/Jun/2024:14:15:59 -0500] "GET /BLA/boletinlegal/sugerencias.php HTTP/1.1" 200 8615
216.244.66.195 - - [16/Jun/2024:14:16:06 -0500] "GET /BLA/resoluciones/AUTOS%202010/4575.pdf HTTP/1.1" 200 170591
47.128.35.125 - - [16/Jun/2024:14:16:17 -0500] "GET /BLA/resoluciones/AUTOS%202021/0245.php?act=f&d=E%3A%5Cnuevo%5Chtdocs%5CBLA%5Cresoluciones%5CAUTOS+2021%5C&f=0640.pdf&ft=download&white=1 HTTP/1.1" 200 372391
216.244.66.195 - - [16/Jun/2024:14:16:22 -0500] "GET /BLA/resoluciones/AUTOS%202010/5239.pdf HTTP/1.1" 200 253523
201.245.192.253 - - [16/Jun/2024:14:16:22 -0500] "GET /kwsrmcab/Wsrmcab?wsdl HTTP/1.1" 200 6948
201.245.192.253 - - [16/Jun/2024:14:16:26 -0500] "POST /kwsrmcab/Wsrmcab  HTTP/1.1" 200 36347
216.244.66.195 - - [16/Jun/2024:14:16:37 -0500] "GET /BLA/resoluciones/AUTOS%202010/5380.pdf HTTP/1.1" 200 2689304
47.128.118.80 - - [16/Jun/2024:14:16:38 -0500] "GET /BLA/resoluciones/AUTOS%202021/0245.php?act=f&d=E%3A%5Cnuevo%5Chtdocs%5CBLA%5Cresoluciones%5CRESOLUCIONES+2006%5CRES+2006+2001-2050&f=00002037.tif&ft=download HTTP/1.1" 200 175364
201.245.192.253 - - [16/Jun/2024:14:16:56 -0500] "POST /kwsrmcab/Wsrmcab HTTP/1.1" 200 36782
201.245.192.253 - - [16/Jun/2024:14:16:56 -0500] "POST /kwsrmcab/Wsrmcab HTTP/1.1" 200 34574
47.128.118.26 - - [16/Jun/2024:14:16:59 -0500] "GET /BLA/resoluciones/AUTOS%202021/0245.php?act=f&d=E%3A%5Cnuevo%5Chtdocs%5CBLA%5Cresoluciones%5CAUTOS+2021%5C&f=5499.pdf&ft=download&white=1 HTTP/1.1" 200 298663
