181.63.25.20 - - [16/Jun/2024:19:29:02 -0500] "GET /sipse/faces/javax.faces.resource/images/ui-bg_flat_0_2d5972_40x100.png?ln=primefaces-aristo HTTP/1.1" 304 -
181.63.25.20 - - [16/Jun/2024:19:29:02 -0500] "POST /sipse/faces/presentacion/contratacion/contrato/crearModificarContrato.xhtml HTTP/1.1" 200 30479
181.63.25.20 - - [16/Jun/2024:19:29:02 -0500] "POST /sipse/faces/presentacion/contratacion/contrato/crearModificarContrato.xhtml HTTP/1.1" 200 58365
181.63.25.20 - - [16/Jun/2024:19:29:02 -0500] "GET /sipse/faces/javax.faces.resource/theme.css?ln=primefaces-sipse HTTP/1.1" 304 -
181.63.25.20 - - [16/Jun/2024:19:29:02 -0500] "GET /sipse/faces/javax.faces.resource/primefaces.css?ln=primefaces&v=4.0 HTTP/1.1" 304 -
181.63.25.20 - - [16/Jun/2024:19:29:02 -0500] "GET /sipse/faces/javax.faces.resource/layout/layout.css?ln=primefaces&v=4.0 HTTP/1.1" 304 -
181.63.25.20 - - [16/Jun/2024:19:29:02 -0500] "GET /sipse/faces/javax.faces.resource/jquery/jquery.js?ln=primefaces&v=4.0 HTTP/1.1" 304 -
181.63.25.20 - - [16/Jun/2024:19:29:02 -0500] "GET /sipse/faces/javax.faces.resource/primefaces.js?ln=primefaces&v=4.0 HTTP/1.1" 304 -
181.63.25.20 - - [16/Jun/2024:19:29:02 -0500] "GET /sipse/faces/javax.faces.resource/layout/layout.js?ln=primefaces&v=4.0 HTTP/1.1" 304 -
181.63.25.20 - - [16/Jun/2024:19:29:02 -0500] "GET /sipse/faces/javax.faces.resource/jquery/jquery-plugins.js?ln=primefaces&v=4.0 HTTP/1.1" 304 -
181.63.25.20 - - [16/Jun/2024:19:29:02 -0500] "GET /sipse/css/imagen/contrasena.png HTTP/1.1" 404 383
181.63.25.20 - - [16/Jun/2024:19:29:02 -0500] "GET /sipse/faces/javax.faces.resource/images/ui-icons_898989_256x240.png?ln=primefaces-aristo HTTP/1.1" 304 -
181.63.25.20 - - [16/Jun/2024:19:29:05 -0500] "GET /sipse/faces/javax.faces.resource/images/ui-bg_flat_0_2d5972_40x100.png?ln=primefaces-aristo HTTP/1.1" 304 -
181.63.25.20 - - [16/Jun/2024:19:29:05 -0500] "POST /sipse/faces/presentacion/contratacion/procesoContractual/registrarInvitacionContratista.xhtml HTTP/1.1" 200 9693
216.244.66.195 - - [16/Jun/2024:19:29:18 -0500] "GET /BLA/resoluciones/RESOLUCIONES%202017/2959.pdf HTTP/1.1" 200 294927
201.245.192.253 - - [16/Jun/2024:19:29:21 -0500] "GET /kwsrmcab/Wsrmcab?wsdl HTTP/1.1" 200 6948
47.128.63.29 - - [16/Jun/2024:19:29:31 -0500] "GET /BLA/resoluciones/AUTOS%202021/0245.php?act=f&d=E%3A%5Cnuevo%5Chtdocs%5CBLA%5Cresoluciones%5CAUTOS+2021%5C&f=0703.pdf&ft=download&white=1 HTTP/1.1" 200 323239
181.63.25.20 - - [16/Jun/2024:19:29:34 -0500] "POST /sipse/faces/presentacion/contratacion/procesoContractual/registrarInvitacionContratista.xhtml HTTP/1.1" 200 9244
66.249.66.20 - - [16/Jun/2024:19:29:34 -0500] "GET /Publicaciones/2024EE64018.pdf HTTP/1.1" 404 227
66.249.66.20 - - [16/Jun/2024:19:29:35 -0500] "GET /BLA/resoluciones/AUTOS%202023/3216.pdf HTTP/1.1" 200 372720
201.245.192.253 - - [16/Jun/2024:19:29:36 -0500] "POST /kwsrmcab/Wsrmcab HTTP/1.1" 200 34551
172.22.2.4 - - [16/Jun/2024:19:29:40 -0500] "GET /BLA/boletinlegal/actos.php HTTP/1.1" 200 9738
172.22.2.4 - - [16/Jun/2024:19:29:41 -0500] "GET /BLA/boletinlegal/js/ajax_actos.js HTTP/1.1" 200 1322
172.22.2.4 - - [16/Jun/2024:19:29:42 -0500] "GET /BLA/boletinlegal/styles2.css HTTP/1.1" 200 1838
172.22.2.4 - - [16/Jun/2024:19:29:42 -0500] "GET /BLA/boletinlegal/niceforms-default.css HTTP/1.1" 200 6694
172.22.2.4 - - [16/Jun/2024:19:29:42 -0500] "GET /BLA/boletinlegal/style.css HTTP/1.1" 200 9406
172.22.2.4 - - [16/Jun/2024:19:29:42 -0500] "GET /BLA/boletinlegal/js/lib.js HTTP/1.1" 200 6474
172.22.2.4 - - [16/Jun/2024:19:29:42 -0500] "GET /BLA/boletinlegal/js/jquery1.js HTTP/1.1" 200 29846
172.22.2.4 - - [16/Jun/2024:19:29:42 -0500] "GET /BLA/boletinlegal/js/popup.js HTTP/1.1" 200 1270
172.22.2.4 - - [16/Jun/2024:19:29:42 -0500] "GET /BLA/boletinlegal/niceforms.js HTTP/1.1" 200 22876
216.244.66.195 - - [16/Jun/2024:19:29:45 -0500] "GET /BLA/resoluciones/RESOLUCIONES%202017/2967.pdf HTTP/1.1" 200 267191
172.22.2.4 - - [16/Jun/2024:19:29:45 -0500] "GET /BLA/boletinlegal/robots.txt HTTP/1.1" 404 1038
201.245.192.253 - - [16/Jun/2024:19:29:52 -0500] "POST /kwsrmcab/Wsrmcab  HTTP/1.1" 200 36347
181.63.25.20 - - [16/Jun/2024:19:30:05 -0500] "POST /sipse/faces/presentacion/contratacion/procesoContractual/registrarInvitacionContratista.xhtml HTTP/1.1" 200 73859
181.63.25.20 - - [16/Jun/2024:19:30:05 -0500] "GET /sipse/faces/javax.faces.resource/theme.css?ln=primefaces-sipse HTTP/1.1" 304 -
181.63.25.20 - - [16/Jun/2024:19:30:05 -0500] "GET /sipse/faces/javax.faces.resource/primefaces.css?ln=primefaces&v=4.0 HTTP/1.1" 304 -
181.63.25.20 - - [16/Jun/2024:19:30:05 -0500] "GET /sipse/faces/javax.faces.resource/layout/layout.css?ln=primefaces&v=4.0 HTTP/1.1" 304 -
181.63.25.20 - - [16/Jun/2024:19:30:05 -0500] "GET /sipse/faces/javax.faces.resource/jquery/jquery.js?ln=primefaces&v=4.0 HTTP/1.1" 304 -
181.63.25.20 - - [16/Jun/2024:19:30:05 -0500] "GET /sipse/faces/javax.faces.resource/jquery/jquery-plugins.js?ln=primefaces&v=4.0 HTTP/1.1" 304 -
181.63.25.20 - - [16/Jun/2024:19:30:05 -0500] "GET /sipse/faces/javax.faces.resource/primefaces.js?ln=primefaces&v=4.0 HTTP/1.1" 304 -
181.63.25.20 - - [16/Jun/2024:19:30:06 -0500] "GET /sipse/faces/javax.faces.resource/layout/layout.js?ln=primefaces&v=4.0 HTTP/1.1" 304 -
216.244.66.195 - - [16/Jun/2024:19:30:09 -0500] "GET /BLA/resoluciones/RESOLUCIONES%202017/2990.pdf HTTP/1.1" 200 661749
47.128.33.127 - - [16/Jun/2024:19:30:12 -0500] "GET /BLA/resoluciones/AUTOS%202021/0245.php?act=f&d=E%3A%5Cnuevo%5CphpMyAdmin2%5Clibraries&f=relation_cleanup.lib.php&ft=download HTTP/1.1" 200 7566
181.63.25.20 - - [16/Jun/2024:19:30:12 -0500] "POST /sipse/faces/presentacion/contratacion/contrato/crearModificarContrato.xhtml HTTP/1.1" 200 40729
181.63.25.20 - - [16/Jun/2024:19:30:13 -0500] "GET /sipse/faces/javax.faces.resource/primefaces.css?ln=primefaces&v=4.0 HTTP/1.1" 304 -
181.63.25.20 - - [16/Jun/2024:19:30:13 -0500] "GET /sipse/faces/javax.faces.resource/theme.css?ln=primefaces-sipse HTTP/1.1" 304 -
181.63.25.20 - - [16/Jun/2024:19:30:13 -0500] "GET /sipse/faces/javax.faces.resource/jquery/jquery.js?ln=primefaces&v=4.0 HTTP/1.1" 304 -
181.63.25.20 - - [16/Jun/2024:19:30:13 -0500] "GET /sipse/faces/javax.faces.resource/layout/layout.css?ln=primefaces&v=4.0 HTTP/1.1" 304 -
181.63.25.20 - - [16/Jun/2024:19:30:13 -0500] "GET /sipse/faces/javax.faces.resource/layout/layout.js?ln=primefaces&v=4.0 HTTP/1.1" 304 -
181.63.25.20 - - [16/Jun/2024:19:30:13 -0500] "GET /sipse/faces/javax.faces.resource/primefaces.js?ln=primefaces&v=4.0 HTTP/1.1" 304 -
181.63.25.20 - - [16/Jun/2024:19:30:13 -0500] "GET /sipse/faces/javax.faces.resource/jquery/jquery-plugins.js?ln=primefaces&v=4.0 HTTP/1.1" 304 -
201.245.192.253 - - [16/Jun/2024:19:30:21 -0500] "GET /kwsrmcab/Wsrmcab?wsdl HTTP/1.1" 200 6948
172.22.2.4 - - [16/Jun/2024:19:30:23 -0500] "GET /BLA/boletinlegal/robots.txt HTTP/1.1" 404 1038
216.244.66.195 - - [16/Jun/2024:19:30:31 -0500] "GET /BLA/resoluciones/RESOLUCIONES%202017/3622.pdf HTTP/1.1" 200 393537
181.140.194.37 - - [16/Jun/2024:19:30:33 -0500] "GET /kwssiamovil/sm/ldap/au?x=U2FsdGVkX1/bfm0Al3uXsqCK5R+drykwdhL5vOCIMEzHUj/d+e/uEUZXcQxC0SSN&y=U2FsdGVkX189FQmDcSDpwdp6/0SOUS69kkeeqijq09Gte+6oGk9B37DryBHOWwkW HTTP/1.1" 200 30
181.140.194.37 - - [16/Jun/2024:19:30:33 -0500] "GET /kwssiamovil/sm/acme/s?s=U2FsdGVkX1/f9Cpc5iiFZqXKma+qHTAQtb3ugUkq9pRc1y93nFzyWmESZyP9L+q9Et0WQtExnlFdLXMGneJgf0A09fLgKeBPc+LiLg0UrpA=&u=U2FsdGVkX18siI1hncDPIxSYjjHKtfEuosXmqGOSsxE=&y=U2FsdGVkX189FQmDcSDpwdp6/0SOUS69kkeeqijq09Gte+6oGk9B37DryBHOWwkW HTTP/1.1" 200 97
181.140.194.37 - - [16/Jun/2024:19:30:33 -0500] "GET /kwssiamovil/sm/acme/s?s=U2FsdGVkX1/uov3HzbxiFangr7FVEcs5yiXKSEQLj+GZlsIyrPqYvWT/4T8N5ncB1RpF06i2fQL/BsgnYJBlGWAgvXXi3CKH0KBBz3lEUmyoabDPzsIAQTIhU0tfUBkuYrcklHHFJHAOweNrWHt+CZZhfQ9l5Lsl4LLYrBuWvHRTYZMIN33gduCbcps41WTj1z790TNwXTN3Yq6HvhDVPS5thkYWvqY6oj01zioauhd/4ixHsfrJNx6z54jvxbaMe4NrX7IGJidFjd5UsTnLm/EKpOz9t74LO7rVtNHqky2XiiEHxGnB30bkiDcqYS6ToTDY8V2VxPoVFNqf6QVkdDDG0jsThcNbW23Hd4cGssKXAZHbTZJJPwUFffH1muElXFIVmEnlzYPddeheilufN8rvPN0zqp6F1L/ELMbdZYJo/NisP5TsyzR7XZluVL3SHMWuUXEQCP1Bw+028YCgqX4mufp045sFXBYTyj7Gyp6Vo+AOvQJcvQ6m3+jSMuM/3huXI5TQ56HYL4z4P18HLTzY3+I4H+HCIgi/FtCTdgA7yMH7IjbLm8BUorHSsGCAFpeUbZfNKNG45PWeYhz6TTSdobBfbSyFyYMDtB/rKNaGBqyFtSWLElWLXWgoXcnZuVPlUF+nLxjsqtbJfHNmEyBpqNU8kpA82z0rKMFmbTE9xHku/13QDpma74jWTOgL72qLlfAdNlt6VAq16UmDT2mpdVA2K4ArLAF2Td1JXr1f7IsSuFfk5oILYZxx/egWl1e7qGN1h2xTFvdJjU/k2h9t2OUQfpkYAXRZeS8mup3KXPwMoE3qFXlsEAobtYnYsZpr5XDhlP1rl149zEPaao9WLmv16m0n5J0Bbtun0O9qNjCw8EcGbq1Abm/7yLsOFADPQMCmHS5vP1yX1gg9bsOIrAXC+2O+sjqQauF2oUTdzrlOvl7Wo2sCuZ/p0TTduWvVbI+c8DMKFFFN9UIdPLN9JFBe33P7QR5nXzTArjljUzLc38fYq7O8u3Va6G8tl9qDno6XuOvxv5TBJFSER8TgYAVQEJcUAfALdMFbJSnWgsRNDgqAxa1Y+lUUeVVWXY54hAP4ZnEdR6OEFnedYw4ttklKaXcoT9Is9Jzjow8o58Pq8CDy8od6/W5mkb7R8WDL9fM0tPePVNl8hZEet/C+nLaCUL5AzJoW9dA0BCcp5U+Ix0fGlLVQZPAqiikcBAFTnOxnXPjrhGaS3wXuoUhbM+8CamMcFIVx6VqpECO08DHO2+uHXav0KwVvkzdcP2ACS6fIu6ZaDLO6VD904Iuj5JkIoqmTRcguF9nAm8iL5/QmZln/pFZwZitgPbd0Y2yl5SxdT4HGdLeOoE+m52xJ2DXDd8yTu2+lwITi+SDfNRxOHj6F5ua6M5Y9yooUbiT6YTCoYTp2EcO6QwTrS57aKAw8h8A9Cz6V5op521eVfoV9dkdH8EUQa7zEKG+90pwPVXOdGFZPYYnf0eokzJA5gGcQFnpIk109eGH0O7k+mpycw4ph/LLOoQcD2k1YQlQs3NNyxRvde4C0dUcKoCnK3viVtkfZXGCQXRSQDTGuisvdWDUs/W26bZXayJxL/9J/VTsXFEd7eW1Fv9ig5lX96ffsmjxnpDSmfBL9zJGdUEN+C4ltfDtcqlE9a2BDw8R4qlGSyAzCjd5OKtwuJMHoINovrPQ8QJsDLX+SDZgc9Vc+XhfPUTO1kT9HYKvxm3gOA5nwjdcaFtvAb2YR25tpxUQxqV5MsxwH+b43SX8=&u=U2FsdGVkX18siI1hncDPIxSYjjHKtfEuosXmqGOSsxE=&y=U2FsdGVkX189FQmDcSDpwdp6/0SOUS69kkeeqijq09Gte+6oGk9B37DryBHOWwkW HTTP/1.1" 200 384
181.140.194.37 - - [16/Jun/2024:19:30:33 -0500] "GET /kwssiamovil/sm/acme/s?s=U2FsdGVkX1/Qbm+6wh/GT+ixWuVwWx3NUATiguy9DHc0l98FSMRlYt8LfMY+UnE3R8XBAy6XYCS6lkUEyZR5AvH6GgnZtohZBsYRF/BYUFQqz2NzvtJTLOSvtX//UMrsMx8SywGO0+RqAc4S6rHk5Cwo7/MSaTg4yZskpHrPoIVq8Ko63UWx19k0D16Puvdhg17vRkp1CL1JQVnBjIHpfVg6DaMYAvdRhcH7TPvPoBqtAW9fvZhDkHF1GT9nG9ZQDKFixV04MxFtzoiQoDzf8orRz1E/8kIC++6UVcHdg+UaOLJaeZjhK93vKa1aCZgZtA3N/1V16yC/+SwC1+gXMfY4ZJJfQUeUSCrBQU6W4SitpoPSJIoPxolGAqiOOcSA7mXBaTH6D6D5w/sWyqLYrmilelYYEd+sg9zG4DgemVVyHxmdUF/Kx9NRlZSUYD5oq1qXqA5leG83RzFb6DN7UNRnrVYBrcoAf34Ip+9Lz+TUYU1dih017gH81qTHfUBeQzzU1RWAARhKjN0jLpdR2O1YzEyGZoCiN8lLDoMh0m8EC564GQ+xLZID7duIY70MddFwuxbpnqYxUR9uGnT03vQuBF2vxF2KsJt1QBkl59i9IFQcd4/DmekwhyKTQnM4TfJteZx0BjaEO53tshvJwbRww0SEtYi2J84kENwmKvV22U81Ct4ZtU0w25sZKJ749MaOBCxYWTi8XgYwA7gLtcWdUR2x6aCVZWmMT+f+3T0OUJlGjRqnvijkrK2RnWS8&u=U2FsdGVkX18siI1hncDPIxSYjjHKtfEuosXmqGOSsxE=&y=U2FsdGVkX189FQmDcSDpwdp6/0SOUS69kkeeqijq09Gte+6oGk9B37DryBHOWwkW HTTP/1.1" 200 208
181.140.194.37 - - [16/Jun/2024:19:30:33 -0500] "GET /kwssiamovil/sm/cjson/pre?f=1&x=U2FsdGVkX1/bfm0Al3uXsqCK5R+drykwdhL5vOCIMEzHUj/d+e/uEUZXcQxC0SSN HTTP/1.1" 200 30244
216.244.66.195 - - [16/Jun/2024:19:30:54 -0500] "GET /BLA/resoluciones/RESOLUCIONES%202019/0120.pdf HTTP/1.1" 200 278097
172.22.2.4 - - [16/Jun/2024:19:30:54 -0500] "GET /BLA/boletinlegal/robots.txt HTTP/1.1" 404 1038
47.128.119.72 - - [16/Jun/2024:19:30:54 -0500] "GET /BLA/resoluciones/AUTOS%202021/0245.php?act=f&d=E%3A%5Cnuevo%5Chtdocs%5CBLA%5Cresoluciones%5CAUTOS+2021%5C&f=1439.pdf&ft=download HTTP/1.1" 200 343719
181.63.25.20 - - [16/Jun/2024:19:30:56 -0500] "POST /sipse/faces/presentacion/contratacion/contrato/adicionarSupervisor.xhtml HTTP/1.1" 200 17065
157.55.39.11 - - [16/Jun/2024:19:31:05 -0500] "GET /BLA/resoluciones/AUTOS%202023/3345.pdf HTTP/1.1" 304 -
181.63.25.20 - - [16/Jun/2024:19:31:08 -0500] "POST /sipse/faces/presentacion/contratacion/contrato/adicionarSupervisor.xhtml HTTP/1.1" 200 16825
216.244.66.195 - - [16/Jun/2024:19:31:16 -0500] "GET /BLA/resoluciones/RESOLUCIONES%202019/0496.pdf HTTP/1.1" 200 262767
181.63.25.20 - - [16/Jun/2024:19:31:20 -0500] "GET /sipse/faces/javax.faces.resource/images/ui-icons_898989_256x240.png?ln=primefaces-aristo HTTP/1.1" 304 -
147.185.132.157 - - [16/Jun/2024:19:31:20 -0500] "GET / HTTP/1.1" 200 319
181.63.25.20 - - [16/Jun/2024:19:31:20 -0500] "GET /sipse/faces/javax.faces.resource/theme.css?ln=primefaces-sipse HTTP/1.1" 304 -
181.63.25.20 - - [16/Jun/2024:19:31:20 -0500] "GET /sipse/faces/javax.faces.resource/primefaces.css?ln=primefaces&v=4.0 HTTP/1.1" 304 -
181.63.25.20 - - [16/Jun/2024:19:31:20 -0500] "GET /sipse/faces/javax.faces.resource/jquery/jquery.js?ln=primefaces&v=4.0 HTTP/1.1" 304 -
181.63.25.20 - - [16/Jun/2024:19:31:20 -0500] "GET /sipse/faces/javax.faces.resource/jquery/jquery-plugins.js?ln=primefaces&v=4.0 HTTP/1.1" 304 -
181.63.25.20 - - [16/Jun/2024:19:31:20 -0500] "GET /sipse/faces/javax.faces.resource/primefaces.js?ln=primefaces&v=4.0 HTTP/1.1" 304 -
181.63.25.20 - - [16/Jun/2024:19:31:20 -0500] "GET /sipse/faces/javax.faces.resource/layout/layout.css?ln=primefaces&v=4.0 HTTP/1.1" 304 -
181.63.25.20 - - [16/Jun/2024:19:31:20 -0500] "GET /sipse/faces/javax.faces.resource/layout/layout.js?ln=primefaces&v=4.0 HTTP/1.1" 304 -
181.63.25.20 - - [16/Jun/2024:19:31:20 -0500] "POST /sipse/faces/presentacion/contratacion/contrato/adicionarSupervisor.xhtml HTTP/1.1" 200 79222
201.245.192.253 - - [16/Jun/2024:19:31:21 -0500] "GET /kwsrmcab/Wsrmcab?wsdl HTTP/1.1" 200 6948
172.22.2.4 - - [16/Jun/2024:19:31:22 -0500] "GET /BLA/boletinlegal/Directivas/2018/Directiva%20No.%2024%20del%2027%20de%20diciembre%20de%202018.pdf HTTP/1.1" 200 575948
172.22.2.4 - - [16/Jun/2024:19:31:32 -0500] "GET /BLA/boletinlegal/robots.txt HTTP/1.1" 404 1038
181.63.25.20 - - [16/Jun/2024:19:31:32 -0500] "POST /sipse/faces/presentacion/contratacion/contrato/crearModificarContrato.xhtml HTTP/1.1" 200 151532
181.63.25.20 - - [16/Jun/2024:19:31:32 -0500] "GET /sipse/faces/javax.faces.resource/theme.css?ln=primefaces-sipse HTTP/1.1" 304 -
181.63.25.20 - - [16/Jun/2024:19:31:32 -0500] "GET /sipse/faces/javax.faces.resource/primefaces.css?ln=primefaces&v=4.0 HTTP/1.1" 304 -
181.63.25.20 - - [16/Jun/2024:19:31:32 -0500] "GET /sipse/faces/javax.faces.resource/layout/layout.css?ln=primefaces&v=4.0 HTTP/1.1" 304 -
181.63.25.20 - - [16/Jun/2024:19:31:32 -0500] "GET /sipse/faces/javax.faces.resource/jquery/jquery.js?ln=primefaces&v=4.0 HTTP/1.1" 304 -
181.63.25.20 - - [16/Jun/2024:19:31:32 -0500] "GET /sipse/faces/javax.faces.resource/jquery/jquery-plugins.js?ln=primefaces&v=4.0 HTTP/1.1" 304 -
181.63.25.20 - - [16/Jun/2024:19:31:32 -0500] "GET /sipse/faces/javax.faces.resource/primefaces.js?ln=primefaces&v=4.0 HTTP/1.1" 304 -
181.63.25.20 - - [16/Jun/2024:19:31:32 -0500] "GET /sipse/faces/javax.faces.resource/layout/layout.js?ln=primefaces&v=4.0 HTTP/1.1" 304 -
181.63.25.20 - - [16/Jun/2024:19:31:32 -0500] "GET /sipse/faces/javax.faces.resource/images/ui-icons_898989_256x240.png?ln=primefaces-aristo HTTP/1.1" 304 -
181.63.25.20 - - [16/Jun/2024:19:31:32 -0500] "GET /sipse/faces/javax.faces.resource/dynamiccontent.properties?ln=primefaces&pfdrid=XjOR5%2F%2FfPAZAuY9TpWQeCiM0BhlXxYRBGKi%2FQcXXfeA%3D&pfdrid_c=false HTTP/1.1" 500 383
216.244.66.195 - - [16/Jun/2024:19:31:35 -0500] "GET /BLA/resoluciones/RESOLUCIONES%202019/1029.pdf HTTP/1.1" 200 477659
47.128.30.58 - - [16/Jun/2024:19:31:36 -0500] "GET /BLA/resoluciones/AUTOS%202021/0245.php?act=f&d=E%3A%5Cnuevo%5Chtdocs%5CBLA%5Cresoluciones%5CAUTOS+2021%5C&f=2782.pdf&ft=download HTTP/1.1" 200 941735
181.63.25.20 - - [16/Jun/2024:19:31:40 -0500] "POST /sipse/faces/presentacion/financiero/solicitudProceso/consultarSolicitudProceso.xhtml HTTP/1.1" 200 62012
181.63.25.20 - - [16/Jun/2024:19:31:42 -0500] "GET /sipse/faces/javax.faces.resource/theme.css?ln=primefaces-sipse HTTP/1.1" 304 -
181.63.25.20 - - [16/Jun/2024:19:31:42 -0500] "GET /sipse/faces/javax.faces.resource/primefaces.css?ln=primefaces&v=4.0 HTTP/1.1" 304 -
181.63.25.20 - - [16/Jun/2024:19:31:42 -0500] "GET /sipse/faces/javax.faces.resource/layout/layout.css?ln=primefaces&v=4.0 HTTP/1.1" 304 -
181.63.25.20 - - [16/Jun/2024:19:31:42 -0500] "GET /sipse/faces/javax.faces.resource/jquery/jquery.js?ln=primefaces&v=4.0 HTTP/1.1" 304 -
181.63.25.20 - - [16/Jun/2024:19:31:42 -0500] "GET /sipse/faces/javax.faces.resource/jquery/jquery-plugins.js?ln=primefaces&v=4.0 HTTP/1.1" 304 -
181.63.25.20 - - [16/Jun/2024:19:31:42 -0500] "GET /sipse/faces/javax.faces.resource/primefaces.js?ln=primefaces&v=4.0 HTTP/1.1" 304 -
181.63.25.20 - - [16/Jun/2024:19:31:42 -0500] "GET /sipse/faces/javax.faces.resource/layout/layout.js?ln=primefaces&v=4.0 HTTP/1.1" 304 -
181.63.25.20 - - [16/Jun/2024:19:31:42 -0500] "GET /sipse/faces/javax.faces.resource/messages/messages.png?ln=primefaces&v=4.0 HTTP/1.1" 304 -
181.63.25.20 - - [16/Jun/2024:19:31:43 -0500] "POST /sipse/faces/presentacion/financiero/solicitudProceso/listarSolicitudProceso.xhtml HTTP/1.1" 200 1556
181.63.25.20 - - [16/Jun/2024:19:31:48 -0500] "POST /sipse/faces/presentacion/financiero/solicitudProceso/listarSolicitudProceso.xhtml HTTP/1.1" 200 33171
216.244.66.195 - - [16/Jun/2024:19:31:55 -0500] "GET /BLA/resoluciones/index.php?dir=Acuerdos%2F HTTP/1.1" 200 3396
47.128.120.12 - - [16/Jun/2024:19:32:17 -0500] "GET /BLA/resoluciones/AUTOS%202021/0245.php?act=f&d=E%3A%5Cnuevo%5Chtdocs%5Ccumbredelclima%5Cwp-admin%5Cjs%5C&f=custom-background.min.js&ft=download HTTP/1.1" 200 900
201.245.192.253 - - [16/Jun/2024:19:32:21 -0500] "GET /kwsrmcab/Wsrmcab?wsdl HTTP/1.1" 200 6948
172.22.2.4 - - [16/Jun/2024:19:32:41 -0500] "GET /BLA/boletinlegal/Directivas/2015/Directiva%20No.%2001%20del%2014%20de%20Enero%20de%202015.pdf HTTP/1.1" 200 1416322
47.128.43.255 - - [16/Jun/2024:19:32:59 -0500] "GET /BLA/resoluciones/AUTOS%202021/0245.php?act=f&d=E%3A%5Cnuevo%5Chtdocs%5CBLA%5Cresoluciones%5CRESOLUCIONES+2000%5C&f=RESOLUCION+2241+DE+2000.pdf&ft=img&white=1 HTTP/1.1" 200 124336
201.245.192.253 - - [16/Jun/2024:19:33:21 -0500] "GET /kwsrmcab/Wsrmcab?wsdl HTTP/1.1" 200 6948
216.245.221.92 - - [16/Jun/2024:19:33:26 -0500] "HEAD / HTTP/1.1" 200 -
172.22.2.4 - - [16/Jun/2024:19:31:50 -0500] "HEAD /BLA/boletinlegal/ HTTP/1.1" 200 -
172.22.2.4 - - [16/Jun/2024:19:33:40 -0500] "GET /BLA/boletinlegal/Circulares/2019/Circular%2000020%20del%2020%20de%20diciembre%20de%202019.pdf HTTP/1.1" 200 145170
47.128.22.8 - - [16/Jun/2024:19:33:40 -0500] "GET /BLA/resoluciones/AUTOS%202021/0245.php?act=f&d=E%3A%5Cnuevo%5Chtdocs%5Ccumbredelclima%5Cwp-includes&f=taxonomy.php&ft=download HTTP/1.1" 200 157424
172.22.2.4 - - [16/Jun/2024:19:32:23 -0500] "GET /BLA/boletinlegal/ HTTP/1.1" 200 51133
172.22.2.4 - - [16/Jun/2024:19:32:41 -0500] "GET /BLA/boletinlegal/ HTTP/1.1" 200 51561
201.245.192.253 - - [16/Jun/2024:19:34:21 -0500] "GET /kwsrmcab/Wsrmcab?wsdl HTTP/1.1" 200 6948
47.128.29.89 - - [16/Jun/2024:19:34:22 -0500] "GET /BLA/resoluciones/AUTOS%202021/0245.php?act=f&d=E%3A%5Cnuevo%5Ccgi-bin%5C&f=perltest.cgi&ft=download&white=1 HTTP/1.1" 200 363
172.22.2.4 - - [16/Jun/2024:19:34:24 -0500] "GET /BLA/boletinlegal/Circulares/2018/Circular%20No.%2011%20del%2024%20de%20Septiembre%20de%202018.pdf HTTP/1.1" 200 169541
201.245.192.253 - - [16/Jun/2024:19:34:51 -0500] "POST /kwsrmcab/Wsrmcab  HTTP/1.1" 200 36347
172.22.2.4 - - [16/Jun/2024:19:34:55 -0500] "GET /BLA/boletinlegal/Directivas/2016/Directiva%20No.%2004%20del%2023%20de%20Diciembre%20de%202016.pdf HTTP/1.1" 200 327098
47.128.41.127 - - [16/Jun/2024:19:35:03 -0500] "GET /BLA/resoluciones/AUTOS%202021/0245.php?act=f&d=E%3A%5Cnuevo%5Chtdocs%5CBLA%5Cresoluciones%5CAUTOS+2021%5C&f=2083.pdf&ft=download HTTP/1.1" 200 347815
172.22.2.4 - - [16/Jun/2024:19:35:16 -0500] "GET /BLA/boletinlegal/Directivas/2011/Directiva%20No.%2010%20del%2028%20de%20Septiembre%20de%202011.pdf HTTP/1.1" 200 465887
201.245.192.253 - - [16/Jun/2024:19:35:21 -0500] "GET /kwsrmcab/Wsrmcab?wsdl HTTP/1.1" 200 6948
172.22.2.4 - - [16/Jun/2024:19:35:32 -0500] "GET /BLA/boletinlegal/Directivas/2017/Directiva%20No.%2001%20del%2027%20de%20Junio%20de%202018.pdf HTTP/1.1" 200 217496
47.128.97.248 - - [16/Jun/2024:19:35:45 -0500] "GET /BLA/resoluciones/AUTOS%202021/0245.php?act=f&d=E%3A%5Cnuevo%5Chtdocs%5CBLA%5Cresoluciones%5CRESOLUCIONES+2006%5CRES+2006+1751-1800&f=00001781.tif&ft=download HTTP/1.1" 200 161420
172.22.2.4 - - [16/Jun/2024:19:35:47 -0500] "GET /BLA/boletinlegal/Circulares/2019/Circular%20No.%2012%20del%2014%20de%20Marzo%20de%202019.pdf HTTP/1.1" 200 344384
172.22.2.4 - - [16/Jun/2024:19:35:53 -0500] "GET /BLA/boletinlegal/Directivas/2013/Directiva%20No.%203%20del%2016%20de%20julio%20de%202013.pdf HTTP/1.1" 200 127414
172.22.2.4 - - [16/Jun/2024:19:36:05 -0500] "GET /BLA/boletinlegal/Circulares/2022/CIRCULAR%20No.%2000003%20DEL%2007%20DE%20MARZO%20DEL%202022.pdf HTTP/1.1" 200 311468
172.22.2.4 - - [16/Jun/2024:19:36:15 -0500] "GET /BLA/boletinlegal/Circulares/2020/CIRCULAR%20No.%2000019%20DEL%2018%20DE%20DICIEMBRE%20DEL%202020.pdf HTTP/1.1" 200 307959
172.22.2.4 - - [16/Jun/2024:19:36:17 -0500] "GET /BLA/boletinlegal/Circulares/2019/.pdf HTTP/1.1" 404 1218
201.245.192.253 - - [16/Jun/2024:19:36:21 -0500] "GET /kwsrmcab/Wsrmcab?wsdl HTTP/1.1" 200 6948
172.22.2.4 - - [16/Jun/2024:19:36:25 -0500] "GET /BLA/boletinlegal/Circulares/2018/CIRCULAR%20COJUNTA%20042%20DE%202018.pdf HTTP/1.1" 200 515008
47.128.97.229 - - [16/Jun/2024:19:36:26 -0500] "GET /BLA/resoluciones/AUTOS%202021/0245.php?act=f&d=E%3A%5Cnuevo%5Chtdocs%5Cvideos%5C&f=60SegundosJul23.flv&ft=img&white=1 HTTP/1.1" 200 2723599
172.22.2.4 - - [16/Jun/2024:19:36:37 -0500] "GET /BLA/boletinlegal/Circulares/2019/Circular%20No.%200015%20del%2003%20de%20Octubre%20de%202019.pdf HTTP/1.1" 200 165608
172.22.2.4 - - [16/Jun/2024:19:36:48 -0500] "GET /BLA/boletinlegal/Directivas/2018/Directiva%20No.%2025%20del%2027%20de%20diciembre%20de%202018.pdf HTTP/1.1" 200 1351319
201.245.192.253 - - [16/Jun/2024:19:36:55 -0500] "POST /kwsrmcab/Wsrmcab HTTP/1.1" 200 36415
172.22.2.4 - - [16/Jun/2024:19:36:58 -0500] "GET /BLA/boletinlegal/Circulares/2013/Circular%20No.%206%20del%2019%20de%20julio%20de%202013.pdf HTTP/1.1" 200 4210437
201.245.192.253 - - [16/Jun/2024:19:36:58 -0500] "POST /kwsrmcab/Wsrmcab HTTP/1.1" 200 34551
47.128.52.201 - - [16/Jun/2024:19:37:07 -0500] "GET /BLA/resoluciones/AUTOS%202021/0245.php?act=f&d=E%3A%5Cnuevo%5Chtdocs%5Cvideos%5C&f=SINCARRO2013.flv&ft=download&white=1 HTTP/1.1" 200 2768542
172.22.2.4 - - [16/Jun/2024:19:37:09 -0500] "GET /BLA/boletinlegal/robots.txt HTTP/1.1" 404 1038
172.22.2.4 - - [16/Jun/2024:19:37:09 -0500] "GET /BLA/boletinlegal/Circulares/2022/CIRCULAR%20No.%2000004%20DEL%2019%20DE%20MAYO%20DEL%202022.pdf HTTP/1.1" 200 252981
172.22.2.4 - - [16/Jun/2024:19:37:21 -0500] "GET /BLA/boletinlegal/Circulares/2013/Circular%20No.%208%20del%201%20de%20Noviembre%20de%202013.pdf HTTP/1.1" 200 385156
201.245.192.253 - - [16/Jun/2024:19:37:21 -0500] "GET /kwsrmcab/Wsrmcab?wsdl HTTP/1.1" 200 6948
172.22.2.4 - - [16/Jun/2024:19:37:32 -0500] "GET /BLA/boletinlegal/Directivas/2011/Directiva%20No.%2011%20del%2027%20de%20Diciembre%20de%202011.pdf HTTP/1.1" 200 303527
172.22.2.4 - - [16/Jun/2024:19:37:44 -0500] "GET /BLA/boletinlegal/Circulares/2012/Circular%20No.%2014%20del%2011%20de%20Septiembre%20de%202012.pdf HTTP/1.1" 200 3427471
47.128.113.168 - - [16/Jun/2024:19:37:49 -0500] "GET /BLA/resoluciones/AUTOS%202021/0245.php?act=f&d=E%3A%5Cnuevo%5Chtdocs%5CBLA%5Cresoluciones%5CRESOLUCIONES+2006%5CRES+2006+1551-1600&f=00001595.tif&ft=download HTTP/1.1" 200 192034
172.22.2.4 - - [16/Jun/2024:19:37:54 -0500] "GET /BLA/boletinlegal/Directivas/2011/Directiva%20No.%206%20del%208%20de%20Septiembre%20de%202011.pdf HTTP/1.1" 200 996625
172.22.2.4 - - [16/Jun/2024:19:38:14 -0500] "GET /BLA/boletinlegal/Directivas/2011/Directiva%20No.%205%20del%2029%20de%20Agosto%20de%202011.pdf HTTP/1.1" 200 444404
201.245.192.253 - - [16/Jun/2024:19:38:21 -0500] "GET /kwsrmcab/Wsrmcab?wsdl HTTP/1.1" 200 6948
172.22.2.4 - - [16/Jun/2024:19:38:25 -0500] "GET /BLA/boletinlegal/Circulares/2020/Circular%2000010%20del%2027%20de%20julio%20de%202020.pdf HTTP/1.1" 200 422655
216.245.221.92 - - [16/Jun/2024:19:38:26 -0500] "HEAD / HTTP/1.1" 200 -
40.77.167.55 - - [16/Jun/2024:19:38:28 -0500] "GET /%C3%82%C2%BFquieres-aprender-sobre-jardines-verticales-esta-es-tu-oportunidad.html HTTP/1.1" 200 925
47.128.47.32 - - [16/Jun/2024:19:38:30 -0500] "GET /BLA/resoluciones/AUTOS%202021/0245.php?act=f&d=E%3A%5Cnuevo%5Chtdocs%5Ccumbredelclima%5Cwp-includes%5C&f=class-wp-customize-panel.php&ft=download&white=1 HTTP/1.1" 200 7707
172.22.2.4 - - [16/Jun/2024:19:38:51 -0500] "GET /BLA/boletinlegal/Directivas/2016/Directiva%20No.%2002%20del%2019%20de%20Abril%20de%202016.pdf HTTP/1.1" 200 11898321
201.245.192.253 - - [16/Jun/2024:19:38:53 -0500] "POST /kwsrmcab/Wsrmcab HTTP/1.1" 200 34568
47.128.124.174 - - [16/Jun/2024:19:39:12 -0500] "GET /BLA/resoluciones/AUTOS%202021/0245.php?act=f&d=E%3A%5Cnuevo%5Chtdocs%5CBLA%5Cresoluciones%5CRESOLUCIONES+2006%5CRES+2006+2351-2400&f=00002357.tif&ft=download HTTP/1.1" 200 376483
172.22.2.4 - - [16/Jun/2024:19:39:16 -0500] "GET /BLA/boletinlegal/Circulares/2017/Circular%20No.%202%20del%201%20de%20Septiembre%20de%202017.pdf HTTP/1.1" 200 152575
172.22.2.4 - - [16/Jun/2024:19:37:40 -0500] "HEAD /BLA/boletinlegal/ HTTP/1.1" 200 -
201.245.192.253 - - [16/Jun/2024:19:39:21 -0500] "GET /kwsrmcab/Wsrmcab?wsdl HTTP/1.1" 200 6948
172.22.2.4 - - [16/Jun/2024:19:39:27 -0500] "GET /BLA/boletinlegal/Directivas/2011/Directiva%20No.%201%20del%205%20de%20Abril%20de%202011.pdf HTTP/1.1" 200 971292
172.22.2.4 - - [16/Jun/2024:19:39:28 -0500] "GET /BLA/boletinlegal/Circulares/2019/Circular%20No.%200003%20del%2031%20de%20Enero%20de%202019.pdf HTTP/1.1" 200 164676
201.245.192.253 - - [16/Jun/2024:19:39:37 -0500] "POST /kwsrmcab/Wsrmcab HTTP/1.1" 200 34551
172.22.2.4 - - [16/Jun/2024:19:39:43 -0500] "GET /BLA/boletinlegal/Circulares/2013/Circular%20No.%204%20del%2005%20de%20junio%20de%202013.pdf HTTP/1.1" 200 130461
172.22.2.4 - - [16/Jun/2024:19:39:49 -0500] "GET /BLA/boletinlegal/Circulares/2021/CIRCULAR%20No.%2000006%20DEL%2005%20DE%20AGOSTO%20DEL%202021.pdf HTTP/1.1" 200 249615
201.245.192.253 - - [16/Jun/2024:19:39:50 -0500] "POST /kwsrmcab/Wsrmcab  HTTP/1.1" 200 36347
47.128.44.144 - - [16/Jun/2024:19:39:53 -0500] "GET /BLA/resoluciones/AUTOS%202021/0245.php?act=f&d=E%3A%5Cnuevo%5Chtdocs%5CBLA%5Cresoluciones%5CAUTOS+2021%5C&f=3907.pdf&ft=download&white=1 HTTP/1.1" 200 339623
172.22.2.4 - - [16/Jun/2024:19:40:00 -0500] "GET /BLA/boletinlegal/Circulares/2012/Circular%20No.%2016%20del%2022%20de%20octubre%20de%202012.pdf HTTP/1.1" 200 381186
172.22.2.4 - - [16/Jun/2024:19:38:31 -0500] "GET /BLA/boletinlegal/ HTTP/1.1" 200 59083
172.22.2.4 - - [16/Jun/2024:19:40:12 -0500] "GET /BLA/boletinlegal/Circulares/2014/Circular%20No.%201%20del%2008%20de%20Mayo%20de%202014.pdf HTTP/1.1" 200 180124
201.245.192.253 - - [16/Jun/2024:19:40:21 -0500] "GET /kwsrmcab/Wsrmcab?wsdl HTTP/1.1" 200 6948
172.22.2.4 - - [16/Jun/2024:19:40:23 -0500] "GET /BLA/boletinlegal/Directivas/2011/Directiva%20No.%207%20del%2015%20de%20Septiembre%20de%202011.pdf HTTP/1.1" 200 268084
172.22.2.4 - - [16/Jun/2024:19:40:34 -0500] "GET /BLA/boletinlegal/Directivas/2018/Directiva%20No.%2027%20del%2028%20de%20diciembre%20de%202018.pdf HTTP/1.1" 200 2831879
47.128.57.251 - - [16/Jun/2024:19:40:34 -0500] "GET /BLA/resoluciones/AUTOS%202021/0245.php?act=f&d=E%3A%5Cnuevo%5Chtdocs%5Ckmz%5C&f=vallas_otorgadas_dic_2013.kmz&ft=download&white=1 HTTP/1.1" 200 102978
172.22.2.4 - - [16/Jun/2024:19:40:44 -0500] "GET /BLA/boletinlegal/Directivas/2014/Directiva%20No.%204%20del%2006%20de%20Junio%20de%202014.pdf HTTP/1.1" 200 236794
47.128.61.238 - - [16/Jun/2024:19:41:16 -0500] "GET /BLA/resoluciones/AUTOS%202021/0245.php?act=f&d=E%3A%5Cnuevo%5CMercuryMail%5C&f=loader.exe&ft=download HTTP/1.1" 200 68096
172.22.2.4 - - [16/Jun/2024:19:41:17 -0500] "GET /BLA/boletinlegal/Directivas/2022/DIRECTIVA%20No.%2000001%20DEL%2015%20DE%20JUNIO%20DEL%202022.pdf HTTP/1.1" 200 290944
201.245.192.253 - - [16/Jun/2024:19:41:21 -0500] "GET /kwsrmcab/Wsrmcab?wsdl HTTP/1.1" 200 6948
157.55.39.49 - - [16/Jun/2024:19:41:29 -0500] "GET /BLA/resoluciones/AUTOS%202020/2735.pdf HTTP/1.1" 304 -
172.22.2.4 - - [16/Jun/2024:19:41:32 -0500] "GET /BLA/boletinlegal/Directivas/2014/Directiva%20No.%203%20del%2020%20de%20Mayo%20de%202014.pdf HTTP/1.1" 200 504420
172.22.2.4 - - [16/Jun/2024:19:41:49 -0500] "GET /BLA/boletinlegal/Directivas/2019/Directiva%20No.%200001%20del%2011%20de%20junio%20de%202019.pdf HTTP/1.1" 200 228190
172.22.2.4 - - [16/Jun/2024:19:41:55 -0500] "GET /BLA/boletinlegal/Directivas/2019/Directiva%20008%20del%2001%20de%20noviembre%20de%202019.pdf HTTP/1.1" 200 1382642
47.128.38.255 - - [16/Jun/2024:19:41:57 -0500] "GET /BLA/resoluciones/AUTOS%202021/0245.php?act=f&d=E%3A%5Cnuevo%5Chtdocs%5CBLA%5Cresoluciones%5CAUTOS+2021%5C&f=4578.pdf&ft=download&white=1 HTTP/1.1" 200 97959
201.245.192.253 - - [16/Jun/2024:19:42:21 -0500] "GET /kwsrmcab/Wsrmcab?wsdl HTTP/1.1" 200 6948
172.22.2.4 - - [16/Jun/2024:19:42:27 -0500] "GET /BLA/boletinlegal/norma_menu.php HTTP/1.1" 200 6382
47.128.61.247 - - [16/Jun/2024:19:42:39 -0500] "GET /BLA/resoluciones/AUTOS%202021/0245.php?act=f&d=E%3A%5Cnuevo%5Chtdocs%5CBLA%5Cresoluciones%5CAUTOS+2021%5C&f=0844.pdf&ft=download&white=1 HTTP/1.1" 200 20135
173.252.79.4 - - [16/Jun/2024:19:43:07 -0500] "GET /images/01052024%20Nota%20apertura%20senderos%20Cerros.jpeg HTTP/1.1" 200 130671
172.22.2.4 - - [16/Jun/2024:19:43:19 -0500] "GET /BLA/boletinlegal/Circulares/2012/Circular%20No.%207%20del%2008%20de%20Agosto%20de%202012.pdf HTTP/1.1" 200 972955
201.245.192.253 - - [16/Jun/2024:19:43:21 -0500] "GET /kwsrmcab/Wsrmcab?wsdl HTTP/1.1" 200 6948
47.128.117.83 - - [16/Jun/2024:19:43:20 -0500] "GET /BLA/resoluciones/AUTOS%202021/0245.php?act=f&d=E%3A%5Cnuevo%5Chtdocs%5CBLA%5Cresoluciones%5CAUTOS+2021%5C&f=1401.pdf&ft=download&white=1 HTTP/1.1" 200 372391
216.245.221.92 - - [16/Jun/2024:19:43:26 -0500] "HEAD / HTTP/1.1" 200 -
172.22.2.4 - - [16/Jun/2024:19:42:49 -0500] "GET /BLA/boletinlegal/ HTTP/1.1" 200 32715
66.249.66.19 - - [16/Jun/2024:19:43:37 -0500] "GET /BLA/resoluciones/Notificaciones/AUTOS%202023/05416.pdf HTTP/1.1" 304 -
172.22.2.4 - - [16/Jun/2024:19:43:41 -0500] "GET /BLA/boletinlegal/Circulares/2012/Circular%20No.%209%20del%2021%20de%20Agosto%20de%202012.pdf HTTP/1.1" 200 1402289
172.22.2.4 - - [16/Jun/2024:19:43:52 -0500] "GET /BLA/boletinlegal/Circulares/2012/Circular%20No.%202%20del%2014%20de%20Marzo%20de%202012.pdf HTTP/1.1" 200 113666
47.128.43.202 - - [16/Jun/2024:19:44:02 -0500] "GET /BLA/resoluciones/AUTOS%202021/0245.php?act=f&d=E%3A%5Cnuevo%5Chtdocs%5CBLA%5Cresoluciones%5CAUTOS+2021%5C&f=1904.pdf&ft=download&white=1 HTTP/1.1" 200 384679
172.22.2.4 - - [16/Jun/2024:19:44:03 -0500] "GET /BLA/boletinlegal/Circulares/2012/Circular%20No.%2010%20del%2022%20de%20Agosto%20de%202012.pdf HTTP/1.1" 200 1563219
181.63.25.20 - - [16/Jun/2024:19:44:11 -0500] "POST /sipse/faces/presentacion/financiero/solicitudProceso/listarSolicitudProceso.xhtml HTTP/1.1" 200 148348
181.63.25.20 - - [16/Jun/2024:19:44:11 -0500] "GET /sipse/faces/javax.faces.resource/theme.css?ln=primefaces-sipse HTTP/1.1" 304 -
181.63.25.20 - - [16/Jun/2024:19:44:11 -0500] "GET /sipse/faces/javax.faces.resource/primefaces.css?ln=primefaces&v=4.0 HTTP/1.1" 304 -
181.63.25.20 - - [16/Jun/2024:19:44:11 -0500] "GET /sipse/faces/javax.faces.resource/layout/layout.css?ln=primefaces&v=4.0 HTTP/1.1" 304 -
181.63.25.20 - - [16/Jun/2024:19:44:12 -0500] "GET /sipse/faces/javax.faces.resource/jquery/jquery.js?ln=primefaces&v=4.0 HTTP/1.1" 304 -
181.63.25.20 - - [16/Jun/2024:19:44:12 -0500] "GET /sipse/faces/javax.faces.resource/jquery/jquery-plugins.js?ln=primefaces&v=4.0 HTTP/1.1" 304 -
181.63.25.20 - - [16/Jun/2024:19:44:12 -0500] "GET /sipse/faces/javax.faces.resource/primefaces.js?ln=primefaces&v=4.0 HTTP/1.1" 304 -
181.63.25.20 - - [16/Jun/2024:19:44:12 -0500] "GET /sipse/faces/javax.faces.resource/layout/layout.js?ln=primefaces&v=4.0 HTTP/1.1" 304 -
181.63.25.20 - - [16/Jun/2024:19:44:12 -0500] "GET /sipse/css/imagen/contrasena.png HTTP/1.1" 404 383
181.63.25.20 - - [16/Jun/2024:19:44:12 -0500] "GET /sipse/faces/javax.faces.resource/dynamiccontent.properties?ln=primefaces&pfdrid=XjOR5%2F%2FfPAZAuY9TpWQeCiM0BhlXxYRBGKi%2FQcXXfeA%3D&pfdrid_c=false HTTP/1.1" 500 383
172.22.2.4 - - [16/Jun/2024:19:44:14 -0500] "GET /BLA/boletinlegal/Circulares/2012/Circular%20No.%204%20del%2019%20de%20abril%20de%202012.pdf HTTP/1.1" 200 253045
201.245.192.253 - - [16/Jun/2024:19:44:21 -0500] "GET /kwsrmcab/Wsrmcab?wsdl HTTP/1.1" 200 6948
181.63.25.20 - - [16/Jun/2024:19:44:23 -0500] "POST /sipse/faces/presentacion/financiero/solicitudProceso/consultarSolicitudProceso.xhtml HTTP/1.1" 200 180962
181.63.25.20 - - [16/Jun/2024:19:44:34 -0500] "POST /sipse/faces/presentacion/financiero/solicitudProceso/consultarSolicitudProceso.xhtml HTTP/1.1" 200 270678
172.22.2.4 - - [16/Jun/2024:19:44:34 -0500] "GET /BLA/boletinlegal/Circulares/2012/Circular%20No.%203%20del%2023%20de%20Marzo%20de%202012.pdf HTTP/1.1" 200 572950
47.128.127.57 - - [16/Jun/2024:19:44:43 -0500] "GET /BLA/resoluciones/AUTOS%202021/0245.php?act=f&d=E%3A%5Cnuevo%5Chtdocs%5CBLA%5Cresoluciones%5CAUTOS+2021%5C&f=1282.pdf&ft=download HTTP/1.1" 200 896679
172.22.2.4 - - [16/Jun/2024:19:44:46 -0500] "GET /BLA/boletinlegal/Circulares/2012/Circular%20No.%2011%20del%2027%20de%20Agosto%20de%202012.pdf HTTP/1.1" 200 526945
201.245.192.253 - - [16/Jun/2024:19:44:48 -0500] "POST /kwsrmcab/Wsrmcab  HTTP/1.1" 200 36347
172.22.2.4 - - [16/Jun/2024:19:44:52 -0500] "GET /BLA/boletinlegal/Circulares/2012/Circular%20No.%208%20del%2021%20de%20Agosto%20de%202012.pdf HTTP/1.1" 200 963197
172.22.2.4 - - [16/Jun/2024:19:45:08 -0500] "GET /BLA/boletinlegal/Circulares/2012/Circular%20No.%206%20del%2025%20de%20Mayo%20de%202012.pdf HTTP/1.1" 200 387391
172.22.2.4 - - [16/Jun/2024:19:45:09 -0500] "GET /BLA/boletinlegal/Circulares/2012/Circular%20No.%2012%20del%2028%20de%20Agosto%20de%202012.pdf HTTP/1.1" 200 369945
172.22.2.4 - - [16/Jun/2024:19:43:30 -0500] "HEAD /BLA/boletinlegal/ HTTP/1.1" 200 -
172.22.2.4 - - [16/Jun/2024:19:45:20 -0500] "GET /BLA/boletinlegal/Circulares/2012/Circular%20No.%205%20del%2027%20de%20Abril%20de%202012.pdf HTTP/1.1" 200 216613
201.245.192.253 - - [16/Jun/2024:19:45:21 -0500] "GET /kwsrmcab/Wsrmcab?wsdl HTTP/1.1" 200 6948
47.128.25.132 - - [16/Jun/2024:19:45:24 -0500] "GET /BLA/resoluciones/AUTOS%202021/0245.php?act=f&d=E%3A%5Cnuevo%5Chtdocs%5CBLA%5Cresoluciones%5CAUTOS+2021%5C&f=3953.pdf&ft=download HTTP/1.1" 200 401063
172.22.2.4 - - [16/Jun/2024:19:44:21 -0500] "GET /BLA/boletinlegal/ HTTP/1.1" 200 52358
181.63.25.20 - - [16/Jun/2024:19:46:07 -0500] "GET /sipse/faces/javax.faces.resource/images/ui-bg_flat_0_2d5972_40x100.png?ln=primefaces-aristo HTTP/1.1" 304 -
47.128.112.178 - - [16/Jun/2024:19:46:06 -0500] "GET /BLA/resoluciones/AUTOS%202021/0245.php?act=f&d=E%3A%5Cnuevo%5Chtdocs%5CBLA%5Cresoluciones%5CAUTOS+2021%5C&f=0531.pdf&ft=download HTTP/1.1" 200 339623
181.63.25.20 - - [16/Jun/2024:19:46:07 -0500] "POST /sipse/faces/presentacion/financiero/solicitudProceso/consultarSolicitudProceso.xhtml HTTP/1.1" 200 73153
181.63.25.20 - - [16/Jun/2024:19:46:07 -0500] "GET /sipse/faces/javax.faces.resource/theme.css?ln=primefaces-sipse HTTP/1.1" 304 -
181.63.25.20 - - [16/Jun/2024:19:46:07 -0500] "GET /sipse/faces/javax.faces.resource/primefaces.css?ln=primefaces&v=4.0 HTTP/1.1" 304 -
181.63.25.20 - - [16/Jun/2024:19:46:07 -0500] "GET /sipse/faces/javax.faces.resource/jquery/jquery.js?ln=primefaces&v=4.0 HTTP/1.1" 304 -
181.63.25.20 - - [16/Jun/2024:19:46:07 -0500] "GET /sipse/faces/javax.faces.resource/layout/layout.css?ln=primefaces&v=4.0 HTTP/1.1" 304 -
181.63.25.20 - - [16/Jun/2024:19:46:07 -0500] "GET /sipse/faces/javax.faces.resource/jquery/jquery-plugins.js?ln=primefaces&v=4.0 HTTP/1.1" 304 -
181.63.25.20 - - [16/Jun/2024:19:46:07 -0500] "GET /sipse/faces/javax.faces.resource/primefaces.js?ln=primefaces&v=4.0 HTTP/1.1" 304 -
181.63.25.20 - - [16/Jun/2024:19:46:07 -0500] "GET /sipse/faces/javax.faces.resource/layout/layout.js?ln=primefaces&v=4.0 HTTP/1.1" 304 -
201.245.192.253 - - [16/Jun/2024:19:46:21 -0500] "GET /kwsrmcab/Wsrmcab?wsdl HTTP/1.1" 200 6948
47.128.112.157 - - [16/Jun/2024:19:46:47 -0500] "GET /BLA/resoluciones/AUTOS%202021/0245.php?act=f&d=E%3A%5Cnuevo%5Chtdocs%5Chuelladecarbono&f=stylesheet.css&ft=download HTTP/1.1" 200 79
190.237.24.189 - - [16/Jun/2024:19:47:00 -0500] "GET /BLA/resoluciones/RESOLUCIONES%202001/RESOLUCION%20311%20DE%202001.pdf HTTP/1.1" 200 398777
190.237.24.189 - - [16/Jun/2024:19:47:00 -0500] "GET /favicon.ico HTTP/1.1" 200 7782
201.245.192.253 - - [16/Jun/2024:19:47:21 -0500] "GET /kwsrmcab/Wsrmcab?wsdl HTTP/1.1" 200 6948
47.128.45.92 - - [16/Jun/2024:19:47:29 -0500] "GET /BLA/resoluciones/AUTOS%202021/0245.php?act=f&d=E%3A%5Cnuevo%5Chtdocs%5Ccumbredelclima%5Cwp-admin%5C&f=load-scripts.php&ft=download&white=1 HTTP/1.1" 200 2816
47.128.110.162 - - [16/Jun/2024:19:48:10 -0500] "GET /BLA/resoluciones/AUTOS%202021/0245.php?act=f&d=E%3A%5Cnuevo%5Chtdocs%5Ccumbreclima%5Cwp-includes&f=shortcodes.php&ft=download HTTP/1.1" 200 12018
172.22.2.4 - - [16/Jun/2024:19:48:20 -0500] "GET /BLA/boletinlegal/actos.php HTTP/1.1" 200 9738
172.22.2.4 - - [16/Jun/2024:19:48:20 -0500] "GET /BLA/boletinlegal/favicon.ico HTTP/1.1" 404 1230
201.245.192.253 - - [16/Jun/2024:19:48:21 -0500] "GET /kwsrmcab/Wsrmcab?wsdl HTTP/1.1" 200 6948
216.245.221.92 - - [16/Jun/2024:19:48:26 -0500] "HEAD / HTTP/1.1" 200 -
172.22.2.4 - - [16/Jun/2024:19:48:28 -0500] "GET /BLA/boletinlegal/actos.php HTTP/1.1" 200 9738
172.22.2.4 - - [16/Jun/2024:19:48:49 -0500] "GET /BLA/boletinlegal/consulta_actos.php?tipo=resoluciones&no=1742&usuario=&sector=&fecha=2022&resuelve= HTTP/1.1" 200 626
47.128.56.1 - - [16/Jun/2024:19:48:52 -0500] "GET /BLA/resoluciones/AUTOS%202021/0245.php?act=f&d=E%3A%5Cnuevo%5Chtdocs%5CBLA%5Cresoluciones%5CAUTOS+2021%5C&f=5992.pdf&ft=download HTTP/1.1" 200 384679
172.22.2.4 - - [16/Jun/2024:19:48:55 -0500] "GET /BLA/boletinlegal/consulta_actos.php?tipo=resoluciones&no=01742&usuario=&sector=&fecha=2022&resuelve= HTTP/1.1" 200 626
172.22.2.4 - - [16/Jun/2024:19:48:55 -0500] "GET /BLA/boletinlegal/consulta_actos.php?tipo=resoluciones&no=01742&usuario=&sector=&fecha=2022&resuelve= HTTP/1.1" 200 626
172.22.2.4 - - [16/Jun/2024:19:48:56 -0500] "GET /BLA/boletinlegal/consulta_actos.php?tipo=resoluciones&no=01742&usuario=&sector=&fecha=2022&resuelve= HTTP/1.1" 200 626
201.245.192.253 - - [16/Jun/2024:19:49:21 -0500] "GET /kwsrmcab/Wsrmcab?wsdl HTTP/1.1" 200 6948
66.249.66.38 - - [16/Jun/2024:19:49:32 -0500] "GET /elabora-tu-jardin-vertical-y-contribuye-a-mitigar-los-efectos-del-cambio-climatico.html HTTP/1.1" 304 -
47.128.44.101 - - [16/Jun/2024:19:49:33 -0500] "GET /BLA/resoluciones/AUTOS%202021/0245.php?act=f&d=E%3A%5Cnuevo%5CMercuryMail%5C&f=dwarn.mer&ft=download&white=1 HTTP/1.1" 200 656
201.245.192.253 - - [16/Jun/2024:19:49:47 -0500] "POST /kwsrmcab/Wsrmcab  HTTP/1.1" 200 36347
47.128.43.46 - - [16/Jun/2024:19:50:14 -0500] "GET /BLA/resoluciones/AUTOS%202021/0245.php?act=f&d=E%3A%5Cnuevo%5Chtdocs%5CBLA%5Cresoluciones%5CAUTOS+2021%5C&f=3032.pdf&ft=download HTTP/1.1" 200 1064614
201.245.192.253 - - [16/Jun/2024:19:50:21 -0500] "GET /kwsrmcab/Wsrmcab?wsdl HTTP/1.1" 200 6948
66.249.66.20 - - [16/Jun/2024:19:50:37 -0500] "GET /Publicaciones/2024EE77696.pdf HTTP/1.1" 404 227
181.63.25.20 - - [16/Jun/2024:19:50:53 -0500] "POST /sipse/faces/presentacion/contratacion/contrato/crearModificarContrato.xhtml HTTP/1.1" 200 58485
181.63.25.20 - - [16/Jun/2024:19:50:53 -0500] "GET /sipse/faces/javax.faces.resource/theme.css?ln=primefaces-sipse HTTP/1.1" 304 -
181.63.25.20 - - [16/Jun/2024:19:50:53 -0500] "GET /sipse/faces/javax.faces.resource/primefaces.css?ln=primefaces&v=4.0 HTTP/1.1" 304 -
181.63.25.20 - - [16/Jun/2024:19:50:53 -0500] "GET /sipse/faces/javax.faces.resource/layout/layout.css?ln=primefaces&v=4.0 HTTP/1.1" 304 -
181.63.25.20 - - [16/Jun/2024:19:50:53 -0500] "POST /sipse/faces/presentacion/contratacion/contrato/crearModificarContrato.xhtml HTTP/1.1" 200 30479
181.63.25.20 - - [16/Jun/2024:19:50:53 -0500] "GET /sipse/faces/javax.faces.resource/jquery/jquery.js?ln=primefaces&v=4.0 HTTP/1.1" 304 -
181.63.25.20 - - [16/Jun/2024:19:50:53 -0500] "GET /sipse/faces/javax.faces.resource/jquery/jquery-plugins.js?ln=primefaces&v=4.0 HTTP/1.1" 304 -
181.63.25.20 - - [16/Jun/2024:19:50:53 -0500] "GET /sipse/faces/javax.faces.resource/primefaces.js?ln=primefaces&v=4.0 HTTP/1.1" 304 -
181.63.25.20 - - [16/Jun/2024:19:50:53 -0500] "GET /sipse/faces/javax.faces.resource/layout/layout.js?ln=primefaces&v=4.0 HTTP/1.1" 304 -
181.63.25.20 - - [16/Jun/2024:19:50:53 -0500] "GET /sipse/css/imagen/contrasena.png HTTP/1.1" 404 383
181.63.25.20 - - [16/Jun/2024:19:50:53 -0500] "GET /sipse/faces/javax.faces.resource/images/ui-icons_898989_256x240.png?ln=primefaces-aristo HTTP/1.1" 304 -
47.128.30.82 - - [16/Jun/2024:19:50:56 -0500] "GET /BLA/resoluciones/AUTOS%202021/0245.php?act=f&d=E%3A%5Cnuevo%5Chtdocs%5CBLA%5Cresoluciones%5CRESOLUCIONES+2006%5C&f=0759.pdf&ft=img&white=1 HTTP/1.1" 200 168882
181.63.25.20 - - [16/Jun/2024:19:50:57 -0500] "GET /sipse/faces/javax.faces.resource/images/ui-bg_flat_0_2d5972_40x100.png?ln=primefaces-aristo HTTP/1.1" 304 -
181.63.25.20 - - [16/Jun/2024:19:50:57 -0500] "POST /sipse/faces/presentacion/contratacion/procesoContractual/registrarInvitacionContratista.xhtml HTTP/1.1" 200 9693
172.22.2.4 - - [16/Jun/2024:19:49:20 -0500] "HEAD /BLA/boletinlegal/ HTTP/1.1" 200 -
181.63.25.20 - - [16/Jun/2024:19:51:20 -0500] "POST /sipse/faces/presentacion/contratacion/procesoContractual/registrarInvitacionContratista.xhtml HTTP/1.1" 200 9250
201.245.192.253 - - [16/Jun/2024:19:51:21 -0500] "GET /kwsrmcab/Wsrmcab?wsdl HTTP/1.1" 200 6948
181.63.25.20 - - [16/Jun/2024:19:51:25 -0500] "POST /sipse/faces/presentacion/contratacion/procesoContractual/registrarInvitacionContratista.xhtml HTTP/1.1" 200 73982
181.63.25.20 - - [16/Jun/2024:19:51:25 -0500] "GET /sipse/faces/javax.faces.resource/theme.css?ln=primefaces-sipse HTTP/1.1" 304 -
181.63.25.20 - - [16/Jun/2024:19:51:25 -0500] "GET /sipse/faces/javax.faces.resource/layout/layout.css?ln=primefaces&v=4.0 HTTP/1.1" 304 -
181.63.25.20 - - [16/Jun/2024:19:51:25 -0500] "GET /sipse/faces/javax.faces.resource/primefaces.css?ln=primefaces&v=4.0 HTTP/1.1" 304 -
181.63.25.20 - - [16/Jun/2024:19:51:25 -0500] "GET /sipse/faces/javax.faces.resource/jquery/jquery.js?ln=primefaces&v=4.0 HTTP/1.1" 304 -
181.63.25.20 - - [16/Jun/2024:19:51:25 -0500] "GET /sipse/faces/javax.faces.resource/jquery/jquery-plugins.js?ln=primefaces&v=4.0 HTTP/1.1" 304 -
181.63.25.20 - - [16/Jun/2024:19:51:25 -0500] "GET /sipse/faces/javax.faces.resource/primefaces.js?ln=primefaces&v=4.0 HTTP/1.1" 304 -
181.63.25.20 - - [16/Jun/2024:19:51:25 -0500] "GET /sipse/faces/javax.faces.resource/layout/layout.js?ln=primefaces&v=4.0 HTTP/1.1" 304 -
181.63.25.20 - - [16/Jun/2024:19:51:31 -0500] "POST /sipse/faces/presentacion/contratacion/contrato/crearModificarContrato.xhtml HTTP/1.1" 200 40729
181.63.25.20 - - [16/Jun/2024:19:51:32 -0500] "GET /sipse/faces/javax.faces.resource/primefaces.css?ln=primefaces&v=4.0 HTTP/1.1" 304 -
181.63.25.20 - - [16/Jun/2024:19:51:32 -0500] "GET /sipse/faces/javax.faces.resource/theme.css?ln=primefaces-sipse HTTP/1.1" 304 -
181.63.25.20 - - [16/Jun/2024:19:51:32 -0500] "GET /sipse/faces/javax.faces.resource/layout/layout.css?ln=primefaces&v=4.0 HTTP/1.1" 304 -
181.63.25.20 - - [16/Jun/2024:19:51:32 -0500] "GET /sipse/faces/javax.faces.resource/jquery/jquery.js?ln=primefaces&v=4.0 HTTP/1.1" 304 -
181.63.25.20 - - [16/Jun/2024:19:51:32 -0500] "GET /sipse/faces/javax.faces.resource/jquery/jquery-plugins.js?ln=primefaces&v=4.0 HTTP/1.1" 304 -
181.63.25.20 - - [16/Jun/2024:19:51:32 -0500] "GET /sipse/faces/javax.faces.resource/primefaces.js?ln=primefaces&v=4.0 HTTP/1.1" 304 -
181.63.25.20 - - [16/Jun/2024:19:51:32 -0500] "GET /sipse/faces/javax.faces.resource/layout/layout.js?ln=primefaces&v=4.0 HTTP/1.1" 304 -
47.128.96.35 - - [16/Jun/2024:19:51:37 -0500] "GET /BLA/resoluciones/AUTOS%202021/0245.php?act=f&d=E%3A%5Cnuevo%5Chtdocs%5CBLA%5Cresoluciones%5CRESOLUCIONES+2006%5CRES+2006+201-250%5C&f=00000244.tif&ft=notepad&white=1 HTTP/1.1" 200 466629
172.22.2.4 - - [16/Jun/2024:19:50:11 -0500] "GET /BLA/boletinlegal/ HTTP/1.1" 200 57889
181.63.25.20 - - [16/Jun/2024:19:51:52 -0500] "POST /sipse/faces/presentacion/contratacion/contrato/adicionarSupervisor.xhtml HTTP/1.1" 200 16829
216.244.66.195 - - [16/Jun/2024:19:51:52 -0500] "GET /robots.txt HTTP/1.1" 404 1018
181.63.25.20 - - [16/Jun/2024:19:51:57 -0500] "GET /sipse/faces/javax.faces.resource/images/ui-icons_898989_256x240.png?ln=primefaces-aristo HTTP/1.1" 304 -
181.63.25.20 - - [16/Jun/2024:19:51:57 -0500] "GET /sipse/faces/javax.faces.resource/theme.css?ln=primefaces-sipse HTTP/1.1" 304 -
181.63.25.20 - - [16/Jun/2024:19:51:57 -0500] "GET /sipse/faces/javax.faces.resource/primefaces.css?ln=primefaces&v=4.0 HTTP/1.1" 304 -
181.63.25.20 - - [16/Jun/2024:19:51:57 -0500] "GET /sipse/faces/javax.faces.resource/layout/layout.css?ln=primefaces&v=4.0 HTTP/1.1" 304 -
181.63.25.20 - - [16/Jun/2024:19:51:57 -0500] "GET /sipse/faces/javax.faces.resource/jquery/jquery.js?ln=primefaces&v=4.0 HTTP/1.1" 304 -
181.63.25.20 - - [16/Jun/2024:19:51:57 -0500] "GET /sipse/faces/javax.faces.resource/primefaces.js?ln=primefaces&v=4.0 HTTP/1.1" 304 -
181.63.25.20 - - [16/Jun/2024:19:51:57 -0500] "GET /sipse/faces/javax.faces.resource/jquery/jquery-plugins.js?ln=primefaces&v=4.0 HTTP/1.1" 304 -
181.63.25.20 - - [16/Jun/2024:19:51:57 -0500] "GET /sipse/faces/javax.faces.resource/layout/layout.js?ln=primefaces&v=4.0 HTTP/1.1" 304 -
181.63.25.20 - - [16/Jun/2024:19:51:57 -0500] "POST /sipse/faces/presentacion/contratacion/contrato/adicionarSupervisor.xhtml HTTP/1.1" 200 79345
181.63.25.20 - - [16/Jun/2024:19:52:05 -0500] "POST /sipse/faces/presentacion/contratacion/contrato/crearModificarContrato.xhtml HTTP/1.1" 200 153502
181.63.25.20 - - [16/Jun/2024:19:52:05 -0500] "GET /sipse/faces/javax.faces.resource/theme.css?ln=primefaces-sipse HTTP/1.1" 304 -
181.63.25.20 - - [16/Jun/2024:19:52:05 -0500] "GET /sipse/faces/javax.faces.resource/primefaces.css?ln=primefaces&v=4.0 HTTP/1.1" 304 -
181.63.25.20 - - [16/Jun/2024:19:52:05 -0500] "GET /sipse/faces/javax.faces.resource/layout/layout.css?ln=primefaces&v=4.0 HTTP/1.1" 304 -
181.63.25.20 - - [16/Jun/2024:19:52:05 -0500] "GET /sipse/faces/javax.faces.resource/jquery/jquery.js?ln=primefaces&v=4.0 HTTP/1.1" 304 -
181.63.25.20 - - [16/Jun/2024:19:52:05 -0500] "GET /sipse/faces/javax.faces.resource/jquery/jquery-plugins.js?ln=primefaces&v=4.0 HTTP/1.1" 304 -
181.63.25.20 - - [16/Jun/2024:19:52:05 -0500] "GET /sipse/faces/javax.faces.resource/primefaces.js?ln=primefaces&v=4.0 HTTP/1.1" 304 -
181.63.25.20 - - [16/Jun/2024:19:52:05 -0500] "GET /sipse/faces/javax.faces.resource/layout/layout.js?ln=primefaces&v=4.0 HTTP/1.1" 304 -
181.63.25.20 - - [16/Jun/2024:19:52:05 -0500] "GET /sipse/faces/javax.faces.resource/images/ui-icons_898989_256x240.png?ln=primefaces-aristo HTTP/1.1" 304 -
181.63.25.20 - - [16/Jun/2024:19:52:05 -0500] "GET /sipse/faces/javax.faces.resource/dynamiccontent.properties?ln=primefaces&pfdrid=XjOR5%2F%2FfPAZAuY9TpWQeCiM0BhlXxYRBGKi%2FQcXXfeA%3D&pfdrid_c=false HTTP/1.1" 500 383
181.63.25.20 - - [16/Jun/2024:19:52:12 -0500] "POST /sipse/faces/presentacion/financiero/solicitudProceso/consultarSolicitudProceso.xhtml HTTP/1.1" 200 61927
181.63.25.20 - - [16/Jun/2024:19:52:14 -0500] "GET /sipse/faces/javax.faces.resource/theme.css?ln=primefaces-sipse HTTP/1.1" 304 -
181.63.25.20 - - [16/Jun/2024:19:52:14 -0500] "GET /sipse/faces/javax.faces.resource/primefaces.css?ln=primefaces&v=4.0 HTTP/1.1" 304 -
181.63.25.20 - - [16/Jun/2024:19:52:14 -0500] "GET /sipse/faces/javax.faces.resource/layout/layout.css?ln=primefaces&v=4.0 HTTP/1.1" 304 -
181.63.25.20 - - [16/Jun/2024:19:52:14 -0500] "GET /sipse/faces/javax.faces.resource/jquery/jquery.js?ln=primefaces&v=4.0 HTTP/1.1" 304 -
181.63.25.20 - - [16/Jun/2024:19:52:14 -0500] "GET /sipse/faces/javax.faces.resource/jquery/jquery-plugins.js?ln=primefaces&v=4.0 HTTP/1.1" 304 -
181.63.25.20 - - [16/Jun/2024:19:52:14 -0500] "GET /sipse/faces/javax.faces.resource/primefaces.js?ln=primefaces&v=4.0 HTTP/1.1" 304 -
181.63.25.20 - - [16/Jun/2024:19:52:14 -0500] "GET /sipse/faces/javax.faces.resource/layout/layout.js?ln=primefaces&v=4.0 HTTP/1.1" 304 -
181.63.25.20 - - [16/Jun/2024:19:52:14 -0500] "GET /sipse/faces/javax.faces.resource/messages/messages.png?ln=primefaces&v=4.0 HTTP/1.1" 304 -
181.63.25.20 - - [16/Jun/2024:19:52:14 -0500] "POST /sipse/faces/presentacion/financiero/solicitudProceso/listarSolicitudProceso.xhtml HTTP/1.1" 200 1556
181.63.25.20 - - [16/Jun/2024:19:52:19 -0500] "POST /sipse/faces/presentacion/financiero/solicitudProceso/listarSolicitudProceso.xhtml HTTP/1.1" 200 33023
47.128.59.124 - - [16/Jun/2024:19:52:18 -0500] "GET /BLA/resoluciones/AUTOS%202021/0245.php?act=f&d=E%3A%5Cnuevo%5Chtdocs%5CBLA%5Cresoluciones%5CAUTOS+2021%5C&f=0848.pdf&ft=download&white=1 HTTP/1.1" 200 339623
201.245.192.253 - - [16/Jun/2024:19:52:21 -0500] "GET /kwsrmcab/Wsrmcab?wsdl HTTP/1.1" 200 6948
47.128.54.48 - - [16/Jun/2024:19:53:00 -0500] "GET /BLA/resoluciones/AUTOS%202021/0245.php?act=f&d=E%3A%5Cnuevo%5Chtdocs%5CBLA%5Cresoluciones%5CAUTOS+2024&f=01642.pdf&ft=download HTTP/1.1" 200 413350
201.245.192.253 - - [16/Jun/2024:19:53:21 -0500] "GET /kwsrmcab/Wsrmcab?wsdl HTTP/1.1" 200 6948
216.245.221.92 - - [16/Jun/2024:19:53:26 -0500] "HEAD / HTTP/1.1" 200 -
47.128.115.87 - - [16/Jun/2024:19:53:41 -0500] "GET /BLA/resoluciones/AUTOS%202021/0245.php?act=f&d=E%3A%5Cnuevo%5Chtdocs%5CBLA%5Cresoluciones%5CAUTOS+2021%5C&f=6821.pdf&ft=download&white=1 HTTP/1.1" 200 388775
201.245.192.253 - - [16/Jun/2024:19:54:21 -0500] "GET /kwsrmcab/Wsrmcab?wsdl HTTP/1.1" 200 6948
47.128.125.31 - - [16/Jun/2024:19:54:23 -0500] "GET /BLA/resoluciones/AUTOS%202021/0245.php?act=f&d=E%3A%5Cnuevo%5Chtdocs%5CBLA%5Cresoluciones%5CAUTOS+2021%5C&f=4140.pdf&ft=download&white=1 HTTP/1.1" 200 384679
201.245.192.253 - - [16/Jun/2024:19:54:46 -0500] "POST /kwsrmcab/Wsrmcab  HTTP/1.1" 200 36347
66.249.66.20 - - [16/Jun/2024:19:55:04 -0500] "GET /BLA/resoluciones/AUTOS%202023/0192.pdf HTTP/1.1" 200 406547
