181.63.25.20 - - [16/Jun/2024:18:46:23 -0500] "POST /sipse/faces/presentacion/contratacion/procesoContractual/registrarInvitacionContratista.xhtml HTTP/1.1" 200 9693
47.128.39.215 - - [16/Jun/2024:18:46:43 -0500] "GET /BLA/resoluciones/AUTOS%202021/0245.php?act=f&d=E%3A%5Cnuevo%5Cinstall&f=install.sys&ft=download HTTP/1.1" 200 114
181.63.25.20 - - [16/Jun/2024:18:46:46 -0500] "POST /sipse/faces/presentacion/contratacion/procesoContractual/registrarInvitacionContratista.xhtml HTTP/1.1" 200 9229
172.22.2.4 - - [16/Jun/2024:18:45:10 -0500] "HEAD /BLA/boletinlegal/ HTTP/1.1" 200 -
216.244.66.195 - - [16/Jun/2024:18:46:51 -0500] "GET /BLA/resoluciones/AUTOS%202011/4552.pdf HTTP/1.1" 200 122265
216.244.66.195 - - [16/Jun/2024:18:47:09 -0500] "GET /BLA/resoluciones/RESOLUCIONES%202018/01710.pdf HTTP/1.1" 200 266970
181.63.25.20 - - [16/Jun/2024:18:47:13 -0500] "POST /sipse/faces/presentacion/contratacion/procesoContractual/registrarInvitacionContratista.xhtml HTTP/1.1" 200 73904
181.63.25.20 - - [16/Jun/2024:18:47:14 -0500] "GET /sipse/faces/javax.faces.resource/theme.css?ln=primefaces-sipse HTTP/1.1" 304 -
181.63.25.20 - - [16/Jun/2024:18:47:14 -0500] "GET /sipse/faces/javax.faces.resource/primefaces.css?ln=primefaces&v=4.0 HTTP/1.1" 304 -
181.63.25.20 - - [16/Jun/2024:18:47:14 -0500] "GET /sipse/faces/javax.faces.resource/layout/layout.css?ln=primefaces&v=4.0 HTTP/1.1" 304 -
181.63.25.20 - - [16/Jun/2024:18:47:14 -0500] "GET /sipse/faces/javax.faces.resource/jquery/jquery.js?ln=primefaces&v=4.0 HTTP/1.1" 304 -
181.63.25.20 - - [16/Jun/2024:18:47:14 -0500] "GET /sipse/faces/javax.faces.resource/jquery/jquery-plugins.js?ln=primefaces&v=4.0 HTTP/1.1" 304 -
181.63.25.20 - - [16/Jun/2024:18:47:14 -0500] "GET /sipse/faces/javax.faces.resource/primefaces.js?ln=primefaces&v=4.0 HTTP/1.1" 304 -
181.63.25.20 - - [16/Jun/2024:18:47:14 -0500] "GET /sipse/faces/javax.faces.resource/layout/layout.js?ln=primefaces&v=4.0 HTTP/1.1" 304 -
201.245.192.253 - - [16/Jun/2024:18:47:21 -0500] "GET /kwsrmcab/Wsrmcab?wsdl HTTP/1.1" 200 6948
157.55.39.61 - - [16/Jun/2024:18:47:22 -0500] "GET /BLA/resoluciones/AUTOS%202023/1718.pdf HTTP/1.1" 304 -
47.128.51.202 - - [16/Jun/2024:18:47:24 -0500] "GET /BLA/resoluciones/AUTOS%202021/0245.php?act=f&d=E%3A%5Cnuevo%5CphpMyAdmin2&f=tbl_operations.php&ft=download HTTP/1.1" 200 12472
181.63.25.20 - - [16/Jun/2024:18:47:26 -0500] "POST /sipse/faces/presentacion/contratacion/contrato/crearModificarContrato.xhtml HTTP/1.1" 200 40729
181.63.25.20 - - [16/Jun/2024:18:47:27 -0500] "GET /sipse/faces/javax.faces.resource/theme.css?ln=primefaces-sipse HTTP/1.1" 304 -
181.63.25.20 - - [16/Jun/2024:18:47:27 -0500] "GET /sipse/faces/javax.faces.resource/layout/layout.css?ln=primefaces&v=4.0 HTTP/1.1" 304 -
181.63.25.20 - - [16/Jun/2024:18:47:27 -0500] "GET /sipse/faces/javax.faces.resource/primefaces.css?ln=primefaces&v=4.0 HTTP/1.1" 304 -
181.63.25.20 - - [16/Jun/2024:18:47:27 -0500] "GET /sipse/faces/javax.faces.resource/jquery/jquery.js?ln=primefaces&v=4.0 HTTP/1.1" 304 -
181.63.25.20 - - [16/Jun/2024:18:47:27 -0500] "GET /sipse/faces/javax.faces.resource/jquery/jquery-plugins.js?ln=primefaces&v=4.0 HTTP/1.1" 304 -
181.63.25.20 - - [16/Jun/2024:18:47:27 -0500] "GET /sipse/faces/javax.faces.resource/layout/layout.js?ln=primefaces&v=4.0 HTTP/1.1" 304 -
181.63.25.20 - - [16/Jun/2024:18:47:27 -0500] "GET /sipse/faces/javax.faces.resource/primefaces.js?ln=primefaces&v=4.0 HTTP/1.1" 304 -
172.22.2.4 - - [16/Jun/2024:18:46:01 -0500] "GET /BLA/boletinlegal/ HTTP/1.1" 200 57889
181.63.25.20 - - [16/Jun/2024:18:47:54 -0500] "POST /sipse/faces/presentacion/contratacion/contrato/adicionarSupervisor.xhtml HTTP/1.1" 200 16829
47.128.39.45 - - [16/Jun/2024:18:48:06 -0500] "GET /BLA/resoluciones/AUTOS%202021/0245.php?act=f&d=E%3A%5Cnuevo%5Chtdocs%5Cvideos&f=SINCARRO2013.flv&ft=download HTTP/1.1" 200 20126
181.63.25.20 - - [16/Jun/2024:18:48:13 -0500] "GET /sipse/faces/javax.faces.resource/images/ui-icons_898989_256x240.png?ln=primefaces-aristo HTTP/1.1" 304 -
181.63.25.20 - - [16/Jun/2024:18:48:13 -0500] "GET /sipse/faces/javax.faces.resource/theme.css?ln=primefaces-sipse HTTP/1.1" 304 -
181.63.25.20 - - [16/Jun/2024:18:48:13 -0500] "GET /sipse/faces/javax.faces.resource/primefaces.css?ln=primefaces&v=4.0 HTTP/1.1" 304 -
181.63.25.20 - - [16/Jun/2024:18:48:13 -0500] "GET /sipse/faces/javax.faces.resource/jquery/jquery.js?ln=primefaces&v=4.0 HTTP/1.1" 304 -
181.63.25.20 - - [16/Jun/2024:18:48:13 -0500] "GET /sipse/faces/javax.faces.resource/jquery/jquery-plugins.js?ln=primefaces&v=4.0 HTTP/1.1" 304 -
181.63.25.20 - - [16/Jun/2024:18:48:13 -0500] "GET /sipse/faces/javax.faces.resource/primefaces.js?ln=primefaces&v=4.0 HTTP/1.1" 304 -
181.63.25.20 - - [16/Jun/2024:18:48:13 -0500] "GET /sipse/faces/javax.faces.resource/layout/layout.css?ln=primefaces&v=4.0 HTTP/1.1" 304 -
181.63.25.20 - - [16/Jun/2024:18:48:13 -0500] "GET /sipse/faces/javax.faces.resource/layout/layout.js?ln=primefaces&v=4.0 HTTP/1.1" 304 -
181.63.25.20 - - [16/Jun/2024:18:48:13 -0500] "POST /sipse/faces/presentacion/contratacion/contrato/adicionarSupervisor.xhtml HTTP/1.1" 200 79267
172.22.2.4 - - [16/Jun/2024:18:48:19 -0500] "GET /BLA/boletinlegal/Directivas/2022/DIRECTIVA%20No.%2000002%20DEL%2022%20DE%20JUNIO%20DEL%202022.pdf HTTP/1.1" 200 384175
201.245.192.253 - - [16/Jun/2024:18:48:21 -0500] "GET /kwsrmcab/Wsrmcab?wsdl HTTP/1.1" 200 6948
181.63.25.20 - - [16/Jun/2024:18:48:21 -0500] "POST /sipse/faces/presentacion/contratacion/contrato/crearModificarContrato.xhtml HTTP/1.1" 200 156917
181.63.25.20 - - [16/Jun/2024:18:48:21 -0500] "GET /sipse/faces/javax.faces.resource/theme.css?ln=primefaces-sipse HTTP/1.1" 304 -
181.63.25.20 - - [16/Jun/2024:18:48:22 -0500] "GET /sipse/faces/javax.faces.resource/layout/layout.css?ln=primefaces&v=4.0 HTTP/1.1" 304 -
181.63.25.20 - - [16/Jun/2024:18:48:21 -0500] "GET /sipse/faces/javax.faces.resource/primefaces.css?ln=primefaces&v=4.0 HTTP/1.1" 304 -
181.63.25.20 - - [16/Jun/2024:18:48:22 -0500] "GET /sipse/faces/javax.faces.resource/jquery/jquery.js?ln=primefaces&v=4.0 HTTP/1.1" 304 -
181.63.25.20 - - [16/Jun/2024:18:48:22 -0500] "GET /sipse/faces/javax.faces.resource/jquery/jquery-plugins.js?ln=primefaces&v=4.0 HTTP/1.1" 304 -
181.63.25.20 - - [16/Jun/2024:18:48:22 -0500] "GET /sipse/faces/javax.faces.resource/primefaces.js?ln=primefaces&v=4.0 HTTP/1.1" 304 -
181.63.25.20 - - [16/Jun/2024:18:48:22 -0500] "GET /sipse/faces/javax.faces.resource/layout/layout.js?ln=primefaces&v=4.0 HTTP/1.1" 304 -
181.63.25.20 - - [16/Jun/2024:18:48:22 -0500] "GET /sipse/faces/javax.faces.resource/images/ui-icons_898989_256x240.png?ln=primefaces-aristo HTTP/1.1" 304 -
181.63.25.20 - - [16/Jun/2024:18:48:22 -0500] "GET /sipse/faces/javax.faces.resource/dynamiccontent.properties?ln=primefaces&pfdrid=XjOR5%2F%2FfPAZAuY9TpWQeCiM0BhlXxYRBGKi%2FQcXXfeA%3D&pfdrid_c=false HTTP/1.1" 500 383
216.245.221.92 - - [16/Jun/2024:18:48:26 -0500] "HEAD / HTTP/1.1" 200 -
181.63.25.20 - - [16/Jun/2024:18:48:29 -0500] "POST /sipse/faces/presentacion/financiero/solicitudProceso/consultarSolicitudProceso.xhtml HTTP/1.1" 200 62289
181.63.25.20 - - [16/Jun/2024:18:48:32 -0500] "GET /sipse/faces/javax.faces.resource/primefaces.css?ln=primefaces&v=4.0 HTTP/1.1" 304 -
181.63.25.20 - - [16/Jun/2024:18:48:32 -0500] "GET /sipse/faces/javax.faces.resource/theme.css?ln=primefaces-sipse HTTP/1.1" 304 -
181.63.25.20 - - [16/Jun/2024:18:48:32 -0500] "GET /sipse/faces/javax.faces.resource/layout/layout.css?ln=primefaces&v=4.0 HTTP/1.1" 304 -
181.63.25.20 - - [16/Jun/2024:18:48:32 -0500] "GET /sipse/faces/javax.faces.resource/jquery/jquery.js?ln=primefaces&v=4.0 HTTP/1.1" 304 -
181.63.25.20 - - [16/Jun/2024:18:48:32 -0500] "GET /sipse/faces/javax.faces.resource/jquery/jquery-plugins.js?ln=primefaces&v=4.0 HTTP/1.1" 304 -
181.63.25.20 - - [16/Jun/2024:18:48:32 -0500] "GET /sipse/faces/javax.faces.resource/primefaces.js?ln=primefaces&v=4.0 HTTP/1.1" 304 -
181.63.25.20 - - [16/Jun/2024:18:48:32 -0500] "GET /sipse/faces/javax.faces.resource/layout/layout.js?ln=primefaces&v=4.0 HTTP/1.1" 304 -
181.63.25.20 - - [16/Jun/2024:18:48:32 -0500] "GET /sipse/faces/javax.faces.resource/messages/messages.png?ln=primefaces&v=4.0 HTTP/1.1" 304 -
181.63.25.20 - - [16/Jun/2024:18:48:32 -0500] "POST /sipse/faces/presentacion/financiero/solicitudProceso/listarSolicitudProceso.xhtml HTTP/1.1" 200 1556
181.63.25.20 - - [16/Jun/2024:18:48:39 -0500] "POST /sipse/faces/presentacion/financiero/solicitudProceso/listarSolicitudProceso.xhtml HTTP/1.1" 200 33419
47.128.18.192 - - [16/Jun/2024:18:48:47 -0500] "GET /BLA/resoluciones/AUTOS%202021/0245.php?act=f&d=E%3A%5Cnuevo%5Chtdocs%5Cvideos&f=SusanaPOT.flv&ft=download HTTP/1.1" 200 10739360
173.252.107.113 - - [16/Jun/2024:18:49:19 -0500] "GET /images/01052024%20Nota%20apertura%20senderos%20Cerros.jpeg HTTP/1.1" 200 130671
201.245.192.253 - - [16/Jun/2024:18:49:21 -0500] "GET /kwsrmcab/Wsrmcab?wsdl HTTP/1.1" 200 6948
47.128.97.110 - - [16/Jun/2024:18:49:28 -0500] "GET /BLA/resoluciones/AUTOS%202021/0245.php?act=f&d=E%3A%5Cnuevo%5Chtdocs%5Ccumbreclima&f=wp-activate.php&ft=download HTTP/1.1" 200 4951
181.63.25.20 - - [16/Jun/2024:18:49:29 -0500] "POST /sipse/faces/presentacion/financiero/solicitudProceso/listarSolicitudProceso.xhtml HTTP/1.1" 200 153421
181.63.25.20 - - [16/Jun/2024:18:49:30 -0500] "GET /sipse/faces/javax.faces.resource/theme.css?ln=primefaces-sipse HTTP/1.1" 304 -
181.63.25.20 - - [16/Jun/2024:18:49:30 -0500] "GET /sipse/faces/javax.faces.resource/primefaces.css?ln=primefaces&v=4.0 HTTP/1.1" 304 -
181.63.25.20 - - [16/Jun/2024:18:49:30 -0500] "GET /sipse/faces/javax.faces.resource/layout/layout.css?ln=primefaces&v=4.0 HTTP/1.1" 304 -
181.63.25.20 - - [16/Jun/2024:18:49:30 -0500] "GET /sipse/faces/javax.faces.resource/jquery/jquery.js?ln=primefaces&v=4.0 HTTP/1.1" 304 -
181.63.25.20 - - [16/Jun/2024:18:49:30 -0500] "GET /sipse/faces/javax.faces.resource/jquery/jquery-plugins.js?ln=primefaces&v=4.0 HTTP/1.1" 304 -
181.63.25.20 - - [16/Jun/2024:18:49:30 -0500] "GET /sipse/faces/javax.faces.resource/primefaces.js?ln=primefaces&v=4.0 HTTP/1.1" 304 -
181.63.25.20 - - [16/Jun/2024:18:49:30 -0500] "GET /sipse/faces/javax.faces.resource/layout/layout.js?ln=primefaces&v=4.0 HTTP/1.1" 304 -
181.63.25.20 - - [16/Jun/2024:18:49:30 -0500] "GET /sipse/faces/javax.faces.resource/dynamiccontent.properties?ln=primefaces&pfdrid=XjOR5%2F%2FfPAZAuY9TpWQeCiM0BhlXxYRBGKi%2FQcXXfeA%3D&pfdrid_c=false HTTP/1.1" 500 383
66.249.66.37 - - [16/Jun/2024:18:49:32 -0500] "GET /robots.txt HTTP/1.1" 404 1034
66.249.66.37 - - [16/Jun/2024:18:49:32 -0500] "GET /conviertete-en-guardiana-de-los-humedales-y-fortalece-tus-conocimientos-para-la-proteccion-de-estos-ecosistemas-mitigadores-del-cambio-climatico.html HTTP/1.1" 200 1055
66.249.66.39 - - [16/Jun/2024:18:49:33 -0500] "GET /por-obras-del-metro-de-bogota-en-la-av-caracas-secretaria-de-ambiente-recomienda-a-la-ciudadania-realizar-los-tramites-a-traves-de-sus-canales-virtuales.html HTTP/1.1" 200 1270
31.13.103.115 - - [16/Jun/2024:18:49:40 -0500] "GET /distrito-habilita-tres-caminos-en-los-cerros-orientales-para-bienestar-fisico-y-emocional-de-los-ciudadanos.html HTTP/1.1" 200 1033
201.245.192.253 - - [16/Jun/2024:18:50:04 -0500] "POST /kwsrmcab/Wsrmcab  HTTP/1.1" 200 36347
47.128.35.73 - - [16/Jun/2024:18:50:10 -0500] "GET /BLA/resoluciones/AUTOS%202021/0245.php?act=f&d=E%3A%5Cnuevo%5Chtdocs%5CBLA%5Cresoluciones%5CAUTOS+2021%5C&f=2971.pdf&ft=img&white=1 HTTP/1.1" 200 20239
201.245.192.253 - - [16/Jun/2024:18:50:21 -0500] "GET /kwsrmcab/Wsrmcab?wsdl HTTP/1.1" 200 6948
181.63.25.20 - - [16/Jun/2024:18:50:25 -0500] "POST /sipse/faces/presentacion/financiero/solicitudProceso/consultarSolicitudProceso.xhtml HTTP/1.1" 200 104559
181.63.25.20 - - [16/Jun/2024:18:50:31 -0500] "POST /sipse/faces/presentacion/financiero/solicitudProceso/consultarSolicitudProceso.xhtml HTTP/1.1" 200 245501
47.128.97.128 - - [16/Jun/2024:18:50:51 -0500] "GET /BLA/resoluciones/AUTOS%202021/0245.php?act=f&d=E%3A%5Cnuevo%5Chtdocs%5Cautodeclaracion&f=jquery.min.js&ft=download HTTP/1.1" 200 96381
181.63.25.20 - - [16/Jun/2024:18:51:11 -0500] "POST /sipse/faces/presentacion/financiero/solicitudProceso/consultarSolicitudProceso.xhtml HTTP/1.1" 200 72998
181.63.25.20 - - [16/Jun/2024:18:51:12 -0500] "GET /sipse/faces/javax.faces.resource/theme.css?ln=primefaces-sipse HTTP/1.1" 304 -
181.63.25.20 - - [16/Jun/2024:18:51:12 -0500] "GET /sipse/faces/javax.faces.resource/primefaces.css?ln=primefaces&v=4.0 HTTP/1.1" 304 -
181.63.25.20 - - [16/Jun/2024:18:51:12 -0500] "GET /sipse/faces/javax.faces.resource/layout/layout.css?ln=primefaces&v=4.0 HTTP/1.1" 304 -
181.63.25.20 - - [16/Jun/2024:18:51:12 -0500] "GET /sipse/faces/javax.faces.resource/jquery/jquery.js?ln=primefaces&v=4.0 HTTP/1.1" 304 -
181.63.25.20 - - [16/Jun/2024:18:51:12 -0500] "GET /sipse/faces/javax.faces.resource/jquery/jquery-plugins.js?ln=primefaces&v=4.0 HTTP/1.1" 304 -
181.63.25.20 - - [16/Jun/2024:18:51:12 -0500] "GET /sipse/faces/javax.faces.resource/primefaces.js?ln=primefaces&v=4.0 HTTP/1.1" 304 -
181.63.25.20 - - [16/Jun/2024:18:51:12 -0500] "GET /sipse/faces/javax.faces.resource/layout/layout.js?ln=primefaces&v=4.0 HTTP/1.1" 304 -
172.22.2.4 - - [16/Jun/2024:18:51:15 -0500] "GET /BLA/boletinlegal/Circulares/2013/Circular%20No.%205%20del%2013%20de%20junio%20de%202013.pdf HTTP/1.1" 304 -
201.245.192.253 - - [16/Jun/2024:18:51:21 -0500] "GET /kwsrmcab/Wsrmcab?wsdl HTTP/1.1" 200 6948
47.128.97.137 - - [16/Jun/2024:18:51:33 -0500] "GET /BLA/resoluciones/AUTOS%202021/0245.php?act=f&d=E%3A%5Cnuevo%5Chtdocs%5Cvideos&f=60Sgs_Marzo11.flv&ft=download HTTP/1.1" 200 8302237
47.128.31.213 - - [16/Jun/2024:18:52:14 -0500] "GET /BLA/resoluciones/AUTOS%202021/0245.php?act=f&d=C%3A%5CAmbienteBogota%5Cautoliquidacion&f=tope.jpg&ft=download HTTP/1.1" 200 26881
201.245.192.253 - - [16/Jun/2024:18:52:21 -0500] "GET /kwsrmcab/Wsrmcab?wsdl HTTP/1.1" 200 6948
181.63.25.20 - - [16/Jun/2024:18:52:37 -0500] "POST /sipse/faces/presentacion/contratacion/contrato/crearModificarContrato.xhtml HTTP/1.1" 200 58330
181.63.25.20 - - [16/Jun/2024:18:52:37 -0500] "POST /sipse/faces/presentacion/contratacion/contrato/crearModificarContrato.xhtml HTTP/1.1" 200 78890
181.63.25.20 - - [16/Jun/2024:18:52:37 -0500] "GET /sipse/faces/javax.faces.resource/theme.css?ln=primefaces-sipse HTTP/1.1" 304 -
181.63.25.20 - - [16/Jun/2024:18:52:37 -0500] "GET /sipse/faces/javax.faces.resource/primefaces.css?ln=primefaces&v=4.0 HTTP/1.1" 304 -
181.63.25.20 - - [16/Jun/2024:18:52:37 -0500] "GET /sipse/faces/javax.faces.resource/layout/layout.css?ln=primefaces&v=4.0 HTTP/1.1" 304 -
181.63.25.20 - - [16/Jun/2024:18:52:37 -0500] "GET /sipse/faces/javax.faces.resource/jquery/jquery-plugins.js?ln=primefaces&v=4.0 HTTP/1.1" 304 -
181.63.25.20 - - [16/Jun/2024:18:52:37 -0500] "GET /sipse/faces/javax.faces.resource/jquery/jquery.js?ln=primefaces&v=4.0 HTTP/1.1" 304 -
181.63.25.20 - - [16/Jun/2024:18:52:37 -0500] "GET /sipse/faces/javax.faces.resource/primefaces.js?ln=primefaces&v=4.0 HTTP/1.1" 304 -
181.63.25.20 - - [16/Jun/2024:18:52:37 -0500] "GET /sipse/faces/javax.faces.resource/layout/layout.js?ln=primefaces&v=4.0 HTTP/1.1" 304 -
181.63.25.20 - - [16/Jun/2024:18:52:37 -0500] "GET /sipse/faces/javax.faces.resource/images/ui-icons_898989_256x240.png?ln=primefaces-aristo HTTP/1.1" 304 -
172.22.2.4 - - [16/Jun/2024:18:51:00 -0500] "HEAD /BLA/boletinlegal/ HTTP/1.1" 200 -
47.128.32.54 - - [16/Jun/2024:18:52:56 -0500] "GET /BLA/resoluciones/AUTOS%202021/0245.php?act=f&d=E%3A%5Cnuevo%5Chtdocs%5CBLA%5Cresoluciones%5CRESOLUCIONES+2006%5CRES+2006+301-350&f=00000304.tif&ft=download HTTP/1.1" 200 130782
181.63.25.20 - - [16/Jun/2024:18:53:09 -0500] "POST /sipse/faces/presentacion/contratacion/contrato/crearModificarContrato.xhtml HTTP/1.1" 200 58775
181.63.25.20 - - [16/Jun/2024:18:53:09 -0500] "POST /sipse/faces/presentacion/contratacion/contrato/crearModificarContrato.xhtml HTTP/1.1" 200 30479
181.63.25.20 - - [16/Jun/2024:18:53:09 -0500] "GET /sipse/faces/javax.faces.resource/theme.css?ln=primefaces-sipse HTTP/1.1" 304 -
181.63.25.20 - - [16/Jun/2024:18:53:09 -0500] "GET /sipse/faces/javax.faces.resource/primefaces.css?ln=primefaces&v=4.0 HTTP/1.1" 304 -
181.63.25.20 - - [16/Jun/2024:18:53:09 -0500] "GET /sipse/faces/javax.faces.resource/jquery/jquery.js?ln=primefaces&v=4.0 HTTP/1.1" 304 -
181.63.25.20 - - [16/Jun/2024:18:53:09 -0500] "GET /sipse/faces/javax.faces.resource/layout/layout.css?ln=primefaces&v=4.0 HTTP/1.1" 304 -
181.63.25.20 - - [16/Jun/2024:18:53:09 -0500] "GET /sipse/faces/javax.faces.resource/primefaces.js?ln=primefaces&v=4.0 HTTP/1.1" 304 -
181.63.25.20 - - [16/Jun/2024:18:53:09 -0500] "GET /sipse/faces/javax.faces.resource/jquery/jquery-plugins.js?ln=primefaces&v=4.0 HTTP/1.1" 304 -
181.63.25.20 - - [16/Jun/2024:18:53:09 -0500] "GET /sipse/faces/javax.faces.resource/layout/layout.js?ln=primefaces&v=4.0 HTTP/1.1" 304 -
201.245.192.253 - - [16/Jun/2024:18:53:21 -0500] "GET /kwsrmcab/Wsrmcab?wsdl HTTP/1.1" 200 6948
216.245.221.92 - - [16/Jun/2024:18:53:26 -0500] "HEAD / HTTP/1.1" 200 -
172.22.2.4 - - [16/Jun/2024:18:51:51 -0500] "GET /BLA/boletinlegal/ HTTP/1.1" 200 58273
47.128.31.165 - - [16/Jun/2024:18:53:37 -0500] "GET /BLA/resoluciones/AUTOS%202021/0245.php?act=f&d=E%3A%5Cnuevo%5Chtdocs%5CBLA%5Cresoluciones%5CRESOLUCIONES+2006%5CRES+2006+1001-1050&f=00001008.tif&ft=download HTTP/1.1" 200 102134
181.63.25.20 - - [16/Jun/2024:18:53:47 -0500] "POST /sipse/faces/presentacion/contratacion/procesoContractual/registrarInvitacionContratista.xhtml HTTP/1.1" 200 9693
47.128.38.109 - - [16/Jun/2024:18:54:19 -0500] "GET /BLA/resoluciones/AUTOS%202021/0245.php?act=f&d=E%3A%5Cnuevo%5Chtdocs%5CBLA%5Cresoluciones%5CRESOLUCIONES+2006%5CRES+2006+301-350&f=00000334.tif&ft=download HTTP/1.1" 200 257699
201.245.192.253 - - [16/Jun/2024:18:54:21 -0500] "GET /kwsrmcab/Wsrmcab?wsdl HTTP/1.1" 200 6948
181.63.25.20 - - [16/Jun/2024:18:54:41 -0500] "POST /sipse/faces/presentacion/contratacion/procesoContractual/registrarInvitacionContratista.xhtml HTTP/1.1" 200 9233
181.63.25.20 - - [16/Jun/2024:18:54:51 -0500] "POST /sipse/faces/presentacion/contratacion/procesoContractual/registrarInvitacionContratista.xhtml HTTP/1.1" 200 73825
181.63.25.20 - - [16/Jun/2024:18:54:52 -0500] "GET /sipse/faces/javax.faces.resource/theme.css?ln=primefaces-sipse HTTP/1.1" 304 -
181.63.25.20 - - [16/Jun/2024:18:54:52 -0500] "GET /sipse/faces/javax.faces.resource/layout/layout.css?ln=primefaces&v=4.0 HTTP/1.1" 304 -
181.63.25.20 - - [16/Jun/2024:18:54:52 -0500] "GET /sipse/faces/javax.faces.resource/primefaces.css?ln=primefaces&v=4.0 HTTP/1.1" 304 -
181.63.25.20 - - [16/Jun/2024:18:54:52 -0500] "GET /sipse/faces/javax.faces.resource/jquery/jquery.js?ln=primefaces&v=4.0 HTTP/1.1" 304 -
181.63.25.20 - - [16/Jun/2024:18:54:52 -0500] "GET /sipse/faces/javax.faces.resource/jquery/jquery-plugins.js?ln=primefaces&v=4.0 HTTP/1.1" 304 -
181.63.25.20 - - [16/Jun/2024:18:54:52 -0500] "GET /sipse/faces/javax.faces.resource/primefaces.js?ln=primefaces&v=4.0 HTTP/1.1" 304 -
181.63.25.20 - - [16/Jun/2024:18:54:52 -0500] "GET /sipse/faces/javax.faces.resource/layout/layout.js?ln=primefaces&v=4.0 HTTP/1.1" 304 -
181.63.25.20 - - [16/Jun/2024:18:54:52 -0500] "GET /sipse/css/imagen/contrasena.png HTTP/1.1" 404 383
181.63.25.20 - - [16/Jun/2024:18:54:52 -0500] "GET /sipse/faces/javax.faces.resource/images/ui-icons_898989_256x240.png?ln=primefaces-aristo HTTP/1.1" 304 -
47.128.97.61 - - [16/Jun/2024:18:55:00 -0500] "GET /BLA/resoluciones/AUTOS%202021/0245.php?act=f&d=E%3A%5Cnuevo%5Ctmp&f=php3C5F.tmp&ft=download HTTP/1.1" 200 179875
66.249.66.20 - - [16/Jun/2024:18:55:03 -0500] "GET /BLA/resoluciones/RESOLUCIONES%202015/1042.pdf HTTP/1.1" 200 486040
201.245.192.253 - - [16/Jun/2024:18:55:03 -0500] "POST /kwsrmcab/Wsrmcab  HTTP/1.1" 200 36347
66.249.66.21 - - [16/Jun/2024:18:55:04 -0500] "GET /bla/boletinlegal/Directivas/2011/Directiva%20No.%202%20del%2017%20de%20Mayo%20de%202011.pdf HTTP/1.1" 200 495382
66.249.66.20 - - [16/Jun/2024:18:55:05 -0500] "GET /bla/boletinlegal/Directivas/2018/Directiva%20No.%2023%20del%2026%20de%20diciembre%20de%202018.pdf HTTP/1.1" 200 481134
181.63.25.20 - - [16/Jun/2024:18:55:06 -0500] "GET /sipse/faces/javax.faces.resource/primefaces.css?ln=primefaces&v=4.0 HTTP/1.1" 304 -
181.63.25.20 - - [16/Jun/2024:18:55:06 -0500] "GET /sipse/faces/javax.faces.resource/theme.css?ln=primefaces-sipse HTTP/1.1" 304 -
181.63.25.20 - - [16/Jun/2024:18:55:06 -0500] "GET /sipse/faces/javax.faces.resource/layout/layout.css?ln=primefaces&v=4.0 HTTP/1.1" 304 -
181.63.25.20 - - [16/Jun/2024:18:55:06 -0500] "GET /sipse/faces/javax.faces.resource/jquery/jquery.js?ln=primefaces&v=4.0 HTTP/1.1" 304 -
181.63.25.20 - - [16/Jun/2024:18:55:06 -0500] "GET /sipse/faces/javax.faces.resource/jquery/jquery-plugins.js?ln=primefaces&v=4.0 HTTP/1.1" 304 -
181.63.25.20 - - [16/Jun/2024:18:55:06 -0500] "GET /sipse/faces/javax.faces.resource/primefaces.js?ln=primefaces&v=4.0 HTTP/1.1" 304 -
181.63.25.20 - - [16/Jun/2024:18:55:05 -0500] "POST /sipse/faces/presentacion/contratacion/contrato/crearModificarContrato.xhtml HTTP/1.1" 200 40729
181.63.25.20 - - [16/Jun/2024:18:55:06 -0500] "GET /sipse/faces/javax.faces.resource/layout/layout.js?ln=primefaces&v=4.0 HTTP/1.1" 304 -
181.63.25.20 - - [16/Jun/2024:18:55:06 -0500] "GET /sipse/css/imagen/contrasena.png HTTP/1.1" 404 383
181.63.25.20 - - [16/Jun/2024:18:55:06 -0500] "GET /sipse/faces/javax.faces.resource/images/ui-icons_898989_256x240.png?ln=primefaces-aristo HTTP/1.1" 304 -
201.245.192.253 - - [16/Jun/2024:18:55:21 -0500] "GET /kwsrmcab/Wsrmcab?wsdl HTTP/1.1" 200 6948
47.128.110.102 - - [16/Jun/2024:18:55:42 -0500] "GET /BLA/resoluciones/AUTOS%202021/0245.php?act=f&d=E%3A%5Cnuevo%5Chtdocs%5Cvideos&f=flowplayer-3.2.6.min.js&ft=download HTTP/1.1" 200 16815
52.167.144.235 - - [16/Jun/2024:18:55:53 -0500] "GET /por-obras-del-metro-de-bogota-en-la-av-caracas-secretaria-de-ambiente-recomienda-a-la-ciudadania-realizar-los-tramites-a-traves-de-sus-canales-virtuales.html HTTP/1.1" 200 1270
181.63.25.20 - - [16/Jun/2024:18:56:14 -0500] "GET /sipse/faces/javax.faces.resource/images/ui-bg_flat_0_2d5972_40x100.png?ln=primefaces-aristo HTTP/1.1" 304 -
181.63.25.20 - - [16/Jun/2024:18:56:14 -0500] "POST /sipse/faces/presentacion/contratacion/contrato/adicionarSupervisor.xhtml HTTP/1.1" 200 16829
201.245.192.253 - - [16/Jun/2024:18:56:21 -0500] "GET /kwsrmcab/Wsrmcab?wsdl HTTP/1.1" 200 6948
47.128.109.9 - - [16/Jun/2024:18:56:23 -0500] "GET /BLA/resoluciones/AUTOS%202021/0245.php?act=f&d=C%3A%5CUsers%5CAdministrator%5C&f=NTUSER.DAT%7B016888bd-6c6f-11de-8d1d-001e0bcde3ec%7D.TM.blf&ft=notepad HTTP/1.1" 200 65536
181.63.25.20 - - [16/Jun/2024:18:56:33 -0500] "POST /sipse/faces/presentacion/contratacion/contrato/adicionarSupervisor.xhtml HTTP/1.1" 200 79188
181.63.25.20 - - [16/Jun/2024:18:56:33 -0500] "GET /sipse/faces/javax.faces.resource/theme.css?ln=primefaces-sipse HTTP/1.1" 304 -
181.63.25.20 - - [16/Jun/2024:18:56:33 -0500] "GET /sipse/faces/javax.faces.resource/primefaces.css?ln=primefaces&v=4.0 HTTP/1.1" 304 -
181.63.25.20 - - [16/Jun/2024:18:56:33 -0500] "GET /sipse/faces/javax.faces.resource/jquery/jquery-plugins.js?ln=primefaces&v=4.0 HTTP/1.1" 304 -
181.63.25.20 - - [16/Jun/2024:18:56:33 -0500] "GET /sipse/faces/javax.faces.resource/layout/layout.css?ln=primefaces&v=4.0 HTTP/1.1" 304 -
181.63.25.20 - - [16/Jun/2024:18:56:33 -0500] "GET /sipse/faces/javax.faces.resource/primefaces.js?ln=primefaces&v=4.0 HTTP/1.1" 304 -
181.63.25.20 - - [16/Jun/2024:18:56:33 -0500] "GET /sipse/faces/javax.faces.resource/jquery/jquery.js?ln=primefaces&v=4.0 HTTP/1.1" 304 -
181.63.25.20 - - [16/Jun/2024:18:56:33 -0500] "GET /sipse/faces/javax.faces.resource/layout/layout.js?ln=primefaces&v=4.0 HTTP/1.1" 304 -
181.63.25.20 - - [16/Jun/2024:18:56:42 -0500] "POST /sipse/faces/presentacion/contratacion/contrato/crearModificarContrato.xhtml HTTP/1.1" 200 158571
181.63.25.20 - - [16/Jun/2024:18:56:42 -0500] "GET /sipse/faces/javax.faces.resource/primefaces.css?ln=primefaces&v=4.0 HTTP/1.1" 304 -
181.63.25.20 - - [16/Jun/2024:18:56:42 -0500] "GET /sipse/faces/javax.faces.resource/theme.css?ln=primefaces-sipse HTTP/1.1" 304 -
181.63.25.20 - - [16/Jun/2024:18:56:42 -0500] "GET /sipse/faces/javax.faces.resource/layout/layout.css?ln=primefaces&v=4.0 HTTP/1.1" 304 -
181.63.25.20 - - [16/Jun/2024:18:56:42 -0500] "GET /sipse/faces/javax.faces.resource/jquery/jquery.js?ln=primefaces&v=4.0 HTTP/1.1" 304 -
181.63.25.20 - - [16/Jun/2024:18:56:42 -0500] "GET /sipse/faces/javax.faces.resource/jquery/jquery-plugins.js?ln=primefaces&v=4.0 HTTP/1.1" 304 -
181.63.25.20 - - [16/Jun/2024:18:56:42 -0500] "GET /sipse/faces/javax.faces.resource/primefaces.js?ln=primefaces&v=4.0 HTTP/1.1" 304 -
181.63.25.20 - - [16/Jun/2024:18:56:42 -0500] "GET /sipse/faces/javax.faces.resource/layout/layout.js?ln=primefaces&v=4.0 HTTP/1.1" 304 -
181.63.25.20 - - [16/Jun/2024:18:56:42 -0500] "GET /sipse/faces/javax.faces.resource/images/ui-icons_898989_256x240.png?ln=primefaces-aristo HTTP/1.1" 304 -
181.63.25.20 - - [16/Jun/2024:18:56:42 -0500] "GET /sipse/faces/javax.faces.resource/dynamiccontent.properties?ln=primefaces&pfdrid=XjOR5%2F%2FfPAZAuY9TpWQeCiM0BhlXxYRBGKi%2FQcXXfeA%3D&pfdrid_c=false HTTP/1.1" 500 383
181.63.25.20 - - [16/Jun/2024:18:56:53 -0500] "POST /sipse/faces/presentacion/financiero/solicitudProceso/consultarSolicitudProceso.xhtml HTTP/1.1" 200 62233
181.63.25.20 - - [16/Jun/2024:18:56:56 -0500] "GET /sipse/faces/javax.faces.resource/primefaces.css?ln=primefaces&v=4.0 HTTP/1.1" 304 -
181.63.25.20 - - [16/Jun/2024:18:56:56 -0500] "GET /sipse/faces/javax.faces.resource/theme.css?ln=primefaces-sipse HTTP/1.1" 304 -
181.63.25.20 - - [16/Jun/2024:18:56:56 -0500] "GET /sipse/faces/javax.faces.resource/layout/layout.css?ln=primefaces&v=4.0 HTTP/1.1" 304 -
181.63.25.20 - - [16/Jun/2024:18:56:56 -0500] "GET /sipse/faces/javax.faces.resource/jquery/jquery.js?ln=primefaces&v=4.0 HTTP/1.1" 304 -
181.63.25.20 - - [16/Jun/2024:18:56:56 -0500] "GET /sipse/faces/javax.faces.resource/jquery/jquery-plugins.js?ln=primefaces&v=4.0 HTTP/1.1" 304 -
181.63.25.20 - - [16/Jun/2024:18:56:56 -0500] "GET /sipse/faces/javax.faces.resource/primefaces.js?ln=primefaces&v=4.0 HTTP/1.1" 304 -
181.63.25.20 - - [16/Jun/2024:18:56:56 -0500] "GET /sipse/faces/javax.faces.resource/layout/layout.js?ln=primefaces&v=4.0 HTTP/1.1" 304 -
181.63.25.20 - - [16/Jun/2024:18:56:56 -0500] "GET /sipse/faces/javax.faces.resource/messages/messages.png?ln=primefaces&v=4.0 HTTP/1.1" 304 -
181.63.25.20 - - [16/Jun/2024:18:56:56 -0500] "POST /sipse/faces/presentacion/financiero/solicitudProceso/listarSolicitudProceso.xhtml HTTP/1.1" 200 1556
181.63.25.20 - - [16/Jun/2024:18:57:00 -0500] "POST /sipse/faces/presentacion/financiero/solicitudProceso/listarSolicitudProceso.xhtml HTTP/1.1" 200 33477
47.128.115.204 - - [16/Jun/2024:18:57:05 -0500] "GET /BLA/resoluciones/AUTOS%202021/0245.php?act=f&d=E%3A%5Cnuevo%5Chtdocs%5CBLA%5Ccirculares&f=7-2011.pdf&ft=download HTTP/1.1" 200 1105572
172.22.2.4 - - [16/Jun/2024:18:57:14 -0500] "GET /BLA/boletinlegal/actos.php HTTP/1.1" 200 9738
201.245.192.253 - - [16/Jun/2024:18:57:21 -0500] "GET /kwsrmcab/Wsrmcab?wsdl HTTP/1.1" 200 6948
173.252.107.16 - - [16/Jun/2024:18:57:42 -0500] "GET /asi-las-mujeres-que-reverdecen-cuidan-los-arboles-para-la-restauracion-ecologica-de-bogota.html HTTP/1.1" 200 911
47.128.109.61 - - [16/Jun/2024:18:57:46 -0500] "GET /BLA/resoluciones/AUTOS%202021/0245.php?act=f&d=E%3A%5Cnuevo%5Chtdocs%5Cvideos&f=Promo_Viernes10SA.flv&ft=download HTTP/1.1" 200 1474201
201.245.192.253 - - [16/Jun/2024:18:58:21 -0500] "GET /kwsrmcab/Wsrmcab?wsdl HTTP/1.1" 200 6948
66.249.66.38 - - [16/Jun/2024:18:58:23 -0500] "GET /mujeres-que-reverdecen-y-sembradoras-por-la-reactivaccion-el-cuidado-y-el-ambiente-de-la-mano-por-bogota.html HTTP/1.1" 200 891
181.63.25.20 - - [16/Jun/2024:18:58:24 -0500] "POST /sipse/faces/presentacion/financiero/solicitudProceso/listarSolicitudProceso.xhtml HTTP/1.1" 200 150001
181.63.25.20 - - [16/Jun/2024:18:58:25 -0500] "GET /sipse/faces/javax.faces.resource/theme.css?ln=primefaces-sipse HTTP/1.1" 304 -
181.63.25.20 - - [16/Jun/2024:18:58:25 -0500] "GET /sipse/faces/javax.faces.resource/primefaces.css?ln=primefaces&v=4.0 HTTP/1.1" 304 -
181.63.25.20 - - [16/Jun/2024:18:58:25 -0500] "GET /sipse/faces/javax.faces.resource/layout/layout.css?ln=primefaces&v=4.0 HTTP/1.1" 304 -
181.63.25.20 - - [16/Jun/2024:18:58:25 -0500] "GET /sipse/faces/javax.faces.resource/jquery/jquery.js?ln=primefaces&v=4.0 HTTP/1.1" 304 -
181.63.25.20 - - [16/Jun/2024:18:58:25 -0500] "GET /sipse/faces/javax.faces.resource/jquery/jquery-plugins.js?ln=primefaces&v=4.0 HTTP/1.1" 304 -
181.63.25.20 - - [16/Jun/2024:18:58:25 -0500] "GET /sipse/faces/javax.faces.resource/primefaces.js?ln=primefaces&v=4.0 HTTP/1.1" 304 -
181.63.25.20 - - [16/Jun/2024:18:58:25 -0500] "GET /sipse/faces/javax.faces.resource/layout/layout.js?ln=primefaces&v=4.0 HTTP/1.1" 304 -
181.63.25.20 - - [16/Jun/2024:18:58:25 -0500] "GET /sipse/faces/javax.faces.resource/dynamiccontent.properties?ln=primefaces&pfdrid=XjOR5%2F%2FfPAZAuY9TpWQeCiM0BhlXxYRBGKi%2FQcXXfeA%3D&pfdrid_c=false HTTP/1.1" 500 383
216.245.221.92 - - [16/Jun/2024:18:58:26 -0500] "HEAD / HTTP/1.1" 200 -
47.128.21.219 - - [16/Jun/2024:18:58:27 -0500] "GET /BLA/resoluciones/AUTOS%202021/0245.php?act=f&d=E%3A%5Cnuevo%5Chtdocs%5CBLA%5Cresoluciones%5CRESOLUCIONES+2006%5CRES+2006+1751-1800&f=00001776.tif&ft=download HTTP/1.1" 200 155404
172.22.2.4 - - [16/Jun/2024:18:56:50 -0500] "HEAD /BLA/boletinlegal/ HTTP/1.1" 200 -
181.63.25.20 - - [16/Jun/2024:18:58:54 -0500] "POST /sipse/faces/presentacion/financiero/solicitudProceso/consultarSolicitudProceso.xhtml HTTP/1.1" 200 270942
181.63.25.20 - - [16/Jun/2024:18:58:58 -0500] "POST /sipse/faces/presentacion/financiero/solicitudProceso/consultarSolicitudProceso.xhtml HTTP/1.1" 200 276178
47.128.110.172 - - [16/Jun/2024:18:59:09 -0500] "GET /BLA/resoluciones/AUTOS%202021/0245.php?act=f&d=E%3A%5Cnuevo%5Chtdocs%5CBLA%5Cresoluciones%5CRESOLUCIONES+2006%5CRES+2006+1951-2000&f=00001979.tif&ft=download HTTP/1.1" 200 36304
172.22.2.4 - - [16/Jun/2024:18:57:41 -0500] "GET /BLA/boletinlegal/ HTTP/1.1" 200 56779
201.245.192.253 - - [16/Jun/2024:18:59:21 -0500] "GET /kwsrmcab/Wsrmcab?wsdl HTTP/1.1" 200 6948
181.63.25.20 - - [16/Jun/2024:18:59:37 -0500] "POST /sipse/faces/presentacion/financiero/solicitudProceso/consultarSolicitudProceso.xhtml HTTP/1.1" 200 270942
181.63.25.20 - - [16/Jun/2024:18:59:44 -0500] "POST /sipse/faces/presentacion/financiero/solicitudProceso/consultarSolicitudProceso.xhtml HTTP/1.1" 200 276178
47.128.23.222 - - [16/Jun/2024:18:59:50 -0500] "GET /BLA/resoluciones/AUTOS%202021/0245.php?act=f&d=E%3A%5Cnuevo%5Chtdocs%5CBLA%5Cresoluciones%5CRESOLUCIONES+2006%5CRES+2006+2351-2400%5C&f=00002382.tif&white=1 HTTP/1.1" 200 179638
201.245.192.253 - - [16/Jun/2024:19:00:02 -0500] "POST /kwsrmcab/Wsrmcab  HTTP/1.1" 200 36347
216.244.66.195 - - [16/Jun/2024:19:00:09 -0500] "GET /robots.txt HTTP/1.1" 404 1018
172.22.2.4 - - [16/Jun/2024:18:58:38 -0500] "GET /BLA/boletinlegal/ HTTP/1.1" 200 60380
172.22.2.4 - - [16/Jun/2024:19:00:18 -0500] "GET /BLA/boletinlegal/jurisprudencia/analisis/AnalisisC-746-12.docx HTTP/1.1" 304 -
172.22.2.4 - - [16/Jun/2024:19:00:19 -0500] "GET /BLA/boletinlegal/js/jquery.scrollTo-min.js HTTP/1.1" 200 1150
201.245.192.253 - - [16/Jun/2024:19:00:21 -0500] "GET /kwsrmcab/Wsrmcab?wsdl HTTP/1.1" 200 6948
181.63.25.20 - - [16/Jun/2024:19:00:25 -0500] "POST /sipse/faces/presentacion/financiero/solicitudProceso/consultarSolicitudProceso.xhtml HTTP/1.1" 200 73134
181.63.25.20 - - [16/Jun/2024:19:00:25 -0500] "GET /sipse/faces/javax.faces.resource/theme.css?ln=primefaces-sipse HTTP/1.1" 304 -
181.63.25.20 - - [16/Jun/2024:19:00:25 -0500] "GET /sipse/faces/javax.faces.resource/primefaces.css?ln=primefaces&v=4.0 HTTP/1.1" 304 -
181.63.25.20 - - [16/Jun/2024:19:00:25 -0500] "GET /sipse/faces/javax.faces.resource/layout/layout.css?ln=primefaces&v=4.0 HTTP/1.1" 304 -
181.63.25.20 - - [16/Jun/2024:19:00:25 -0500] "GET /sipse/faces/javax.faces.resource/jquery/jquery.js?ln=primefaces&v=4.0 HTTP/1.1" 304 -
181.63.25.20 - - [16/Jun/2024:19:00:25 -0500] "GET /sipse/faces/javax.faces.resource/jquery/jquery-plugins.js?ln=primefaces&v=4.0 HTTP/1.1" 304 -
181.63.25.20 - - [16/Jun/2024:19:00:26 -0500] "GET /sipse/faces/javax.faces.resource/primefaces.js?ln=primefaces&v=4.0 HTTP/1.1" 304 -
181.63.25.20 - - [16/Jun/2024:19:00:26 -0500] "GET /sipse/faces/javax.faces.resource/layout/layout.js?ln=primefaces&v=4.0 HTTP/1.1" 304 -
47.128.23.58 - - [16/Jun/2024:19:00:32 -0500] "GET /BLA/resoluciones/AUTOS%202021/0245.php?act=f&d=E%3A%5Cnuevo%5Chtdocs%5CBLA%5Cresoluciones%5CRESOLUCIONES+2006%5CRES+2006+2251-2300&f=00002271.tif&ft=download HTTP/1.1" 200 294563
185.244.36.221 - - [16/Jun/2024:19:00:52 -0500] "GET / HTTP/1.1" 200 319
66.249.66.20 - - [16/Jun/2024:19:01:03 -0500] "GET /Publicaciones/2024EE67503.pdf HTTP/1.1" 404 227
47.128.110.17 - - [16/Jun/2024:19:01:13 -0500] "GET /BLA/resoluciones/AUTOS%202021/0245.php?act=f&d=E%3A%5Cnuevo%5Ctmp&f=phpDE03.tmp&ft=download HTTP/1.1" 200 225236
172.22.2.4 - - [16/Jun/2024:19:01:19 -0500] "GET /BLA/boletinlegal/Directivas/2017/Directiva%20No.%2002%20del%2017%20de%20Enero%20de%202017.pdf HTTP/1.1" 200 3521427
201.245.192.253 - - [16/Jun/2024:19:01:21 -0500] "GET /kwsrmcab/Wsrmcab?wsdl HTTP/1.1" 200 6948
47.128.110.195 - - [16/Jun/2024:19:01:55 -0500] "GET /BLA/resoluciones/AUTOS%202021/0245.php?act=f&d=E%3A%5Cnuevo%5CphpMyAdmin2&f=server_status_monitor.php&ft=download HTTP/1.1" 200 3490
201.245.192.253 - - [16/Jun/2024:19:02:21 -0500] "GET /kwsrmcab/Wsrmcab?wsdl HTTP/1.1" 200 6948
181.63.25.20 - - [16/Jun/2024:19:02:33 -0500] "POST /sipse/faces/presentacion/contratacion/contrato/crearModificarContrato.xhtml HTTP/1.1" 200 58466
181.63.25.20 - - [16/Jun/2024:19:02:33 -0500] "POST /sipse/faces/presentacion/contratacion/contrato/crearModificarContrato.xhtml HTTP/1.1" 200 30479
181.63.25.20 - - [16/Jun/2024:19:02:33 -0500] "GET /sipse/faces/javax.faces.resource/theme.css?ln=primefaces-sipse HTTP/1.1" 304 -
181.63.25.20 - - [16/Jun/2024:19:02:33 -0500] "GET /sipse/faces/javax.faces.resource/primefaces.css?ln=primefaces&v=4.0 HTTP/1.1" 304 -
181.63.25.20 - - [16/Jun/2024:19:02:33 -0500] "GET /sipse/faces/javax.faces.resource/jquery/jquery.js?ln=primefaces&v=4.0 HTTP/1.1" 304 -
181.63.25.20 - - [16/Jun/2024:19:02:33 -0500] "GET /sipse/faces/javax.faces.resource/layout/layout.css?ln=primefaces&v=4.0 HTTP/1.1" 304 -
181.63.25.20 - - [16/Jun/2024:19:02:33 -0500] "GET /sipse/faces/javax.faces.resource/jquery/jquery-plugins.js?ln=primefaces&v=4.0 HTTP/1.1" 304 -
181.63.25.20 - - [16/Jun/2024:19:02:33 -0500] "GET /sipse/faces/javax.faces.resource/layout/layout.js?ln=primefaces&v=4.0 HTTP/1.1" 304 -
181.63.25.20 - - [16/Jun/2024:19:02:33 -0500] "GET /sipse/faces/javax.faces.resource/primefaces.js?ln=primefaces&v=4.0 HTTP/1.1" 304 -
181.63.25.20 - - [16/Jun/2024:19:02:33 -0500] "GET /sipse/css/imagen/contrasena.png HTTP/1.1" 404 383
181.63.25.20 - - [16/Jun/2024:19:02:33 -0500] "GET /sipse/faces/javax.faces.resource/images/ui-icons_898989_256x240.png?ln=primefaces-aristo HTTP/1.1" 304 -
181.63.25.20 - - [16/Jun/2024:19:02:36 -0500] "GET /sipse/faces/javax.faces.resource/images/ui-bg_flat_0_2d5972_40x100.png?ln=primefaces-aristo HTTP/1.1" 304 -
181.63.25.20 - - [16/Jun/2024:19:02:36 -0500] "POST /sipse/faces/presentacion/contratacion/procesoContractual/registrarInvitacionContratista.xhtml HTTP/1.1" 200 9693
47.128.61.125 - - [16/Jun/2024:19:02:36 -0500] "GET /BLA/resoluciones/AUTOS%202021/0245.php?act=f&d=E%3A%5Cnuevo%5CMercuryMail%5C&f=stdsubw1.mer&ft=download HTTP/1.1" 200 2428
47.128.115.164 - - [16/Jun/2024:19:03:17 -0500] "GET /BLA/resoluciones/AUTOS%202021/0245.php?act=f&d=E%3A%5Cnuevo%5Chtdocs%5Cxampp%5C&f=guestbook-fr.pl&ft=download HTTP/1.1" 200 3361
201.245.192.253 - - [16/Jun/2024:19:03:21 -0500] "GET /kwsrmcab/Wsrmcab?wsdl HTTP/1.1" 200 6948
216.245.221.92 - - [16/Jun/2024:19:03:26 -0500] "HEAD / HTTP/1.1" 200 -
181.63.25.20 - - [16/Jun/2024:19:03:45 -0500] "POST /sipse/faces/presentacion/contratacion/procesoContractual/registrarInvitacionContratista.xhtml HTTP/1.1" 200 9242
181.63.25.20 - - [16/Jun/2024:19:03:51 -0500] "POST /sipse/faces/presentacion/contratacion/procesoContractual/registrarInvitacionContratista.xhtml HTTP/1.1" 200 73965
181.63.25.20 - - [16/Jun/2024:19:03:51 -0500] "GET /sipse/faces/javax.faces.resource/theme.css?ln=primefaces-sipse HTTP/1.1" 304 -
181.63.25.20 - - [16/Jun/2024:19:03:51 -0500] "GET /sipse/faces/javax.faces.resource/primefaces.css?ln=primefaces&v=4.0 HTTP/1.1" 304 -
181.63.25.20 - - [16/Jun/2024:19:03:51 -0500] "GET /sipse/faces/javax.faces.resource/layout/layout.css?ln=primefaces&v=4.0 HTTP/1.1" 304 -
181.63.25.20 - - [16/Jun/2024:19:03:51 -0500] "GET /sipse/faces/javax.faces.resource/jquery/jquery.js?ln=primefaces&v=4.0 HTTP/1.1" 304 -
181.63.25.20 - - [16/Jun/2024:19:03:51 -0500] "GET /sipse/faces/javax.faces.resource/jquery/jquery-plugins.js?ln=primefaces&v=4.0 HTTP/1.1" 304 -
181.63.25.20 - - [16/Jun/2024:19:03:51 -0500] "GET /sipse/faces/javax.faces.resource/primefaces.js?ln=primefaces&v=4.0 HTTP/1.1" 304 -
181.63.25.20 - - [16/Jun/2024:19:03:51 -0500] "GET /sipse/faces/javax.faces.resource/layout/layout.js?ln=primefaces&v=4.0 HTTP/1.1" 304 -
47.128.48.189 - - [16/Jun/2024:19:03:59 -0500] "GET /BLA/resoluciones/AUTOS%202021/0245.php?act=f&d=E%3A%5Cnuevo%5Cmailoutput%5C&f=mail-20150416-2131-495000.txt&ft=download HTTP/1.1" 200 2965
181.63.25.20 - - [16/Jun/2024:19:04:14 -0500] "POST /sipse/faces/presentacion/contratacion/contrato/crearModificarContrato.xhtml HTTP/1.1" 200 40729
181.63.25.20 - - [16/Jun/2024:19:04:14 -0500] "GET /sipse/faces/javax.faces.resource/theme.css?ln=primefaces-sipse HTTP/1.1" 304 -
181.63.25.20 - - [16/Jun/2024:19:04:14 -0500] "GET /sipse/faces/javax.faces.resource/primefaces.css?ln=primefaces&v=4.0 HTTP/1.1" 304 -
181.63.25.20 - - [16/Jun/2024:19:04:14 -0500] "GET /sipse/faces/javax.faces.resource/layout/layout.css?ln=primefaces&v=4.0 HTTP/1.1" 304 -
181.63.25.20 - - [16/Jun/2024:19:04:14 -0500] "GET /sipse/faces/javax.faces.resource/jquery/jquery.js?ln=primefaces&v=4.0 HTTP/1.1" 304 -
181.63.25.20 - - [16/Jun/2024:19:04:14 -0500] "GET /sipse/faces/javax.faces.resource/jquery/jquery-plugins.js?ln=primefaces&v=4.0 HTTP/1.1" 304 -
181.63.25.20 - - [16/Jun/2024:19:04:14 -0500] "GET /sipse/faces/javax.faces.resource/primefaces.js?ln=primefaces&v=4.0 HTTP/1.1" 304 -
181.63.25.20 - - [16/Jun/2024:19:04:14 -0500] "GET /sipse/faces/javax.faces.resource/layout/layout.js?ln=primefaces&v=4.0 HTTP/1.1" 304 -
181.63.25.20 - - [16/Jun/2024:19:04:14 -0500] "GET /sipse/css/imagen/contrasena.png HTTP/1.1" 404 383
181.63.25.20 - - [16/Jun/2024:19:04:14 -0500] "GET /sipse/faces/javax.faces.resource/images/ui-icons_898989_256x240.png?ln=primefaces-aristo HTTP/1.1" 304 -
172.22.2.4 - - [16/Jun/2024:19:02:40 -0500] "HEAD /BLA/boletinlegal/ HTTP/1.1" 200 -
181.63.25.20 - - [16/Jun/2024:19:04:21 -0500] "GET /sipse/faces/javax.faces.resource/images/ui-bg_flat_0_2d5972_40x100.png?ln=primefaces-aristo HTTP/1.1" 304 -
181.63.25.20 - - [16/Jun/2024:19:04:21 -0500] "POST /sipse/faces/presentacion/contratacion/contrato/adicionarSupervisor.xhtml HTTP/1.1" 200 16857
201.245.192.253 - - [16/Jun/2024:19:04:21 -0500] "GET /kwsrmcab/Wsrmcab?wsdl HTTP/1.1" 200 6948
181.63.25.20 - - [16/Jun/2024:19:04:28 -0500] "POST /sipse/faces/presentacion/contratacion/contrato/adicionarSupervisor.xhtml HTTP/1.1" 200 79311
181.63.25.20 - - [16/Jun/2024:19:04:28 -0500] "GET /sipse/faces/javax.faces.resource/theme.css?ln=primefaces-sipse HTTP/1.1" 304 -
181.63.25.20 - - [16/Jun/2024:19:04:28 -0500] "GET /sipse/faces/javax.faces.resource/primefaces.css?ln=primefaces&v=4.0 HTTP/1.1" 304 -
181.63.25.20 - - [16/Jun/2024:19:04:28 -0500] "GET /sipse/faces/javax.faces.resource/jquery/jquery-plugins.js?ln=primefaces&v=4.0 HTTP/1.1" 304 -
181.63.25.20 - - [16/Jun/2024:19:04:28 -0500] "GET /sipse/faces/javax.faces.resource/jquery/jquery.js?ln=primefaces&v=4.0 HTTP/1.1" 304 -
181.63.25.20 - - [16/Jun/2024:19:04:28 -0500] "GET /sipse/faces/javax.faces.resource/layout/layout.css?ln=primefaces&v=4.0 HTTP/1.1" 304 -
181.63.25.20 - - [16/Jun/2024:19:04:28 -0500] "GET /sipse/faces/javax.faces.resource/primefaces.js?ln=primefaces&v=4.0 HTTP/1.1" 304 -
181.63.25.20 - - [16/Jun/2024:19:04:28 -0500] "GET /sipse/faces/javax.faces.resource/layout/layout.js?ln=primefaces&v=4.0 HTTP/1.1" 304 -
181.63.25.20 - - [16/Jun/2024:19:04:38 -0500] "POST /sipse/faces/presentacion/contratacion/contrato/crearModificarContrato.xhtml HTTP/1.1" 200 155159
181.63.25.20 - - [16/Jun/2024:19:04:38 -0500] "GET /sipse/faces/javax.faces.resource/theme.css?ln=primefaces-sipse HTTP/1.1" 304 -
181.63.25.20 - - [16/Jun/2024:19:04:38 -0500] "GET /sipse/faces/javax.faces.resource/primefaces.css?ln=primefaces&v=4.0 HTTP/1.1" 304 -
181.63.25.20 - - [16/Jun/2024:19:04:38 -0500] "GET /sipse/faces/javax.faces.resource/layout/layout.css?ln=primefaces&v=4.0 HTTP/1.1" 304 -
181.63.25.20 - - [16/Jun/2024:19:04:38 -0500] "GET /sipse/faces/javax.faces.resource/jquery/jquery.js?ln=primefaces&v=4.0 HTTP/1.1" 304 -
181.63.25.20 - - [16/Jun/2024:19:04:38 -0500] "GET /sipse/faces/javax.faces.resource/jquery/jquery-plugins.js?ln=primefaces&v=4.0 HTTP/1.1" 304 -
181.63.25.20 - - [16/Jun/2024:19:04:38 -0500] "GET /sipse/faces/javax.faces.resource/primefaces.js?ln=primefaces&v=4.0 HTTP/1.1" 304 -
181.63.25.20 - - [16/Jun/2024:19:04:38 -0500] "GET /sipse/faces/javax.faces.resource/layout/layout.js?ln=primefaces&v=4.0 HTTP/1.1" 304 -
181.63.25.20 - - [16/Jun/2024:19:04:38 -0500] "GET /sipse/faces/javax.faces.resource/images/ui-icons_898989_256x240.png?ln=primefaces-aristo HTTP/1.1" 304 -
181.63.25.20 - - [16/Jun/2024:19:04:39 -0500] "GET /sipse/faces/javax.faces.resource/dynamiccontent.properties?ln=primefaces&pfdrid=XjOR5%2F%2FfPAZAuY9TpWQeCiM0BhlXxYRBGKi%2FQcXXfeA%3D&pfdrid_c=false HTTP/1.1" 500 383
47.128.22.156 - - [16/Jun/2024:19:04:40 -0500] "GET /BLA/resoluciones/AUTOS%202021/0245.php?act=f&d=E%3A%5Cnuevo%5Chtdocs%5Cboletinlegal%5C&f=normatividad.php&ft=download HTTP/1.1" 200 6039
181.63.25.20 - - [16/Jun/2024:19:04:45 -0500] "POST /sipse/faces/presentacion/financiero/solicitudProceso/consultarSolicitudProceso.xhtml HTTP/1.1" 200 62307
181.63.25.20 - - [16/Jun/2024:19:04:49 -0500] "GET /sipse/faces/javax.faces.resource/layout/layout.css?ln=primefaces&v=4.0 HTTP/1.1" 304 -
181.63.25.20 - - [16/Jun/2024:19:04:49 -0500] "GET /sipse/faces/javax.faces.resource/primefaces.css?ln=primefaces&v=4.0 HTTP/1.1" 304 -
181.63.25.20 - - [16/Jun/2024:19:04:49 -0500] "GET /sipse/faces/javax.faces.resource/theme.css?ln=primefaces-sipse HTTP/1.1" 304 -
181.63.25.20 - - [16/Jun/2024:19:04:49 -0500] "GET /sipse/faces/javax.faces.resource/jquery/jquery.js?ln=primefaces&v=4.0 HTTP/1.1" 304 -
181.63.25.20 - - [16/Jun/2024:19:04:49 -0500] "GET /sipse/faces/javax.faces.resource/jquery/jquery-plugins.js?ln=primefaces&v=4.0 HTTP/1.1" 304 -
181.63.25.20 - - [16/Jun/2024:19:04:49 -0500] "GET /sipse/faces/javax.faces.resource/primefaces.js?ln=primefaces&v=4.0 HTTP/1.1" 304 -
181.63.25.20 - - [16/Jun/2024:19:04:49 -0500] "GET /sipse/faces/javax.faces.resource/layout/layout.js?ln=primefaces&v=4.0 HTTP/1.1" 304 -
181.63.25.20 - - [16/Jun/2024:19:04:49 -0500] "GET /sipse/faces/javax.faces.resource/messages/messages.png?ln=primefaces&v=4.0 HTTP/1.1" 304 -
181.63.25.20 - - [16/Jun/2024:19:04:49 -0500] "POST /sipse/faces/presentacion/financiero/solicitudProceso/listarSolicitudProceso.xhtml HTTP/1.1" 200 1556
181.63.25.20 - - [16/Jun/2024:19:04:56 -0500] "POST /sipse/faces/presentacion/financiero/solicitudProceso/listarSolicitudProceso.xhtml HTTP/1.1" 200 33417
201.245.192.253 - - [16/Jun/2024:19:05:01 -0500] "POST /kwsrmcab/Wsrmcab  HTTP/1.1" 200 36347
181.63.25.20 - - [16/Jun/2024:19:05:04 -0500] "POST /sipse/faces/presentacion/financiero/solicitudProceso/listarSolicitudProceso.xhtml HTTP/1.1" 200 33199
172.22.2.4 - - [16/Jun/2024:19:03:31 -0500] "GET /BLA/boletinlegal/ HTTP/1.1" 200 57889
181.63.25.20 - - [16/Jun/2024:19:05:11 -0500] "POST /sipse/faces/presentacion/financiero/solicitudProceso/listarSolicitudProceso.xhtml HTTP/1.1" 200 12496
181.63.25.20 - - [16/Jun/2024:19:05:17 -0500] "POST /sipse/faces/presentacion/financiero/solicitudProceso/listarSolicitudProceso.xhtml HTTP/1.1" 200 33351
201.245.192.253 - - [16/Jun/2024:19:05:21 -0500] "GET /kwsrmcab/Wsrmcab?wsdl HTTP/1.1" 200 6948
47.128.54.157 - - [16/Jun/2024:19:05:22 -0500] "GET /BLA/resoluciones/AUTOS%202021/0245.php?act=f&d=E%3A%5Cnuevo%5Chtdocs%5CBLA%5Cresoluciones%5CRESOLUCIONES+2006%5CRES+2006+2201-2250&f=00002201.tif&ft=download HTTP/1.1" 200 1097378
47.128.49.211 - - [16/Jun/2024:19:06:04 -0500] "GET /BLA/resoluciones/AUTOS%202021/0245.php?act=f&f=2703.pdf&ft=notepad&white=1&d=E%3A%5Cnuevo%5Chtdocs%5CBLA%5Cresoluciones%5CAUTOS+2021%5C HTTP/1.1" 200 466633
181.63.25.20 - - [16/Jun/2024:19:06:11 -0500] "POST /sipse/faces/presentacion/financiero/solicitudProceso/listarSolicitudProceso.xhtml HTTP/1.1" 200 12496
201.245.192.253 - - [16/Jun/2024:19:06:21 -0500] "GET /kwsrmcab/Wsrmcab?wsdl HTTP/1.1" 200 6948
47.128.119.74 - - [16/Jun/2024:19:06:44 -0500] "GET /BLA/resoluciones/AUTOS%202021/0245.php?act=f&d=E%3A%5Cnuevo%5Chtdocs%5Cxampp&f=biorhythm.php&ft=download HTTP/1.1" 200 6621
181.63.25.20 - - [16/Jun/2024:19:06:48 -0500] "POST /sipse/faces/presentacion/financiero/solicitudProceso/listarSolicitudProceso.xhtml HTTP/1.1" 200 155560
181.63.25.20 - - [16/Jun/2024:19:06:49 -0500] "GET /sipse/faces/javax.faces.resource/theme.css?ln=primefaces-sipse HTTP/1.1" 304 -
181.63.25.20 - - [16/Jun/2024:19:06:49 -0500] "GET /sipse/faces/javax.faces.resource/primefaces.css?ln=primefaces&v=4.0 HTTP/1.1" 304 -
181.63.25.20 - - [16/Jun/2024:19:06:49 -0500] "GET /sipse/faces/javax.faces.resource/layout/layout.css?ln=primefaces&v=4.0 HTTP/1.1" 304 -
181.63.25.20 - - [16/Jun/2024:19:06:49 -0500] "GET /sipse/faces/javax.faces.resource/jquery/jquery.js?ln=primefaces&v=4.0 HTTP/1.1" 304 -
181.63.25.20 - - [16/Jun/2024:19:06:49 -0500] "GET /sipse/faces/javax.faces.resource/jquery/jquery-plugins.js?ln=primefaces&v=4.0 HTTP/1.1" 304 -
181.63.25.20 - - [16/Jun/2024:19:06:49 -0500] "GET /sipse/faces/javax.faces.resource/primefaces.js?ln=primefaces&v=4.0 HTTP/1.1" 304 -
181.63.25.20 - - [16/Jun/2024:19:06:49 -0500] "GET /sipse/faces/javax.faces.resource/layout/layout.js?ln=primefaces&v=4.0 HTTP/1.1" 304 -
181.63.25.20 - - [16/Jun/2024:19:06:49 -0500] "GET /sipse/faces/javax.faces.resource/dynamiccontent.properties?ln=primefaces&pfdrid=XjOR5%2F%2FfPAZAuY9TpWQeCiM0BhlXxYRBGKi%2FQcXXfeA%3D&pfdrid_c=false HTTP/1.1" 500 383
157.55.39.56 - - [16/Jun/2024:19:06:54 -0500] "GET /BLA/resoluciones/index.php HTTP/1.1" 200 14105
181.63.25.20 - - [16/Jun/2024:19:07:02 -0500] "POST /sipse/faces/presentacion/financiero/solicitudProceso/consultarSolicitudProceso.xhtml HTTP/1.1" 200 312086
181.63.25.20 - - [16/Jun/2024:19:07:04 -0500] "POST /sipse/faces/presentacion/financiero/solicitudProceso/consultarSolicitudProceso.xhtml HTTP/1.1" 200 264708
201.245.192.253 - - [16/Jun/2024:19:07:21 -0500] "GET /kwsrmcab/Wsrmcab?wsdl HTTP/1.1" 200 6948
47.128.57.63 - - [16/Jun/2024:19:07:26 -0500] "GET /BLA/resoluciones/AUTOS%202021/0245.php?act=f&d=E%3A%5Cnuevo%5Chtdocs%5CAnexos+estudio+Organizacional+SDA%5CANEXO+No.+4+-+ENCUESTA+DE+AN%C1LISIS+ORGANIZACIONAL%5C&f=Encuesta+Oficina+Asesora+de+Comunicaciones.doc&ft=download HTTP/1.1" 200 499329
2.57.122.60 - - [16/Jun/2024:19:07:48 -0500] "GET / HTTP/1.1" 200 319
2.57.122.60 - - [16/Jun/2024:19:07:48 -0500] "GET /favicon.ico HTTP/1.1" 200 7782
47.128.48.45 - - [16/Jun/2024:19:08:07 -0500] "GET /BLA/resoluciones/AUTOS%202021/0245.php?act=f&d=E%3A%5Cnuevo%5Chtdocs%5Ccumbredelclima%5Cwp-includes%5C&f=registration-functions.php&ft=download&white=1 HTTP/1.1" 200 176
181.63.25.20 - - [16/Jun/2024:19:08:19 -0500] "POST /sipse/faces/presentacion/financiero/solicitudProceso/consultarSolicitudProceso.xhtml HTTP/1.1" 200 73072
181.63.25.20 - - [16/Jun/2024:19:08:19 -0500] "GET /sipse/faces/javax.faces.resource/theme.css?ln=primefaces-sipse HTTP/1.1" 304 -
181.63.25.20 - - [16/Jun/2024:19:08:19 -0500] "GET /sipse/faces/javax.faces.resource/layout/layout.css?ln=primefaces&v=4.0 HTTP/1.1" 304 -
181.63.25.20 - - [16/Jun/2024:19:08:19 -0500] "GET /sipse/faces/javax.faces.resource/primefaces.css?ln=primefaces&v=4.0 HTTP/1.1" 304 -
181.63.25.20 - - [16/Jun/2024:19:08:19 -0500] "GET /sipse/faces/javax.faces.resource/jquery/jquery.js?ln=primefaces&v=4.0 HTTP/1.1" 304 -
181.63.25.20 - - [16/Jun/2024:19:08:19 -0500] "GET /sipse/faces/javax.faces.resource/jquery/jquery-plugins.js?ln=primefaces&v=4.0 HTTP/1.1" 304 -
181.63.25.20 - - [16/Jun/2024:19:08:19 -0500] "GET /sipse/faces/javax.faces.resource/primefaces.js?ln=primefaces&v=4.0 HTTP/1.1" 304 -
181.63.25.20 - - [16/Jun/2024:19:08:19 -0500] "GET /sipse/faces/javax.faces.resource/layout/layout.js?ln=primefaces&v=4.0 HTTP/1.1" 304 -
201.245.192.253 - - [16/Jun/2024:19:08:21 -0500] "GET /kwsrmcab/Wsrmcab?wsdl HTTP/1.1" 200 6948
216.245.221.92 - - [16/Jun/2024:19:08:26 -0500] "HEAD / HTTP/1.1" 200 -
52.167.144.19 - - [16/Jun/2024:19:08:46 -0500] "GET /Publicaciones/2023EE72605.pdf HTTP/1.1" 404 227
47.128.57.9 - - [16/Jun/2024:19:08:49 -0500] "GET /BLA/resoluciones/AUTOS%202021/0245.php?act=f&d=E%3A%5Cnuevo%5Chtdocs%5Ccumbreclima%5Cwp-includes%5C&f=class-wp-customize-section.php&ft=download&white=1 HTTP/1.1" 200 10754
181.78.78.233 - - [16/Jun/2024:19:09:11 -0500] "GET /sipse/faces/faces/autenticacion.xhtml HTTP/1.1" 200 12733
181.78.78.233 - - [16/Jun/2024:19:09:11 -0500] "GET /sipse/faces/javax.faces.resource/layout/layout.css;jsessionid=wKvvxBNRZw2+2L5JOyhkRT6j.undefined?ln=primefaces&v=4.0 HTTP/1.1" 200 542
