47.128.28.221 - - [18/Jun/2024:09:08:02 -0500] "GET /BLA/resoluciones/AUTOS%202021/0245.php?act=img&img=download HTTP/1.1" 200 161
47.128.28.221 - - [18/Jun/2024:09:08:02 -0500] "GET /BLA/resoluciones/AUTOS%202021/0245.php?act=img&img=ext_diz HTTP/1.1" 200 1027
47.128.28.221 - - [18/Jun/2024:09:07:55 -0500] "GET /BLA/resoluciones/AUTOS%202021/0245.php?act=f&d=E%3A%5Cnuevo%5Chtdocs%5CBLA%5Cresoluciones%5CRESOLUCIONES+2006%5CRES+2006+1101-1150&f=00001132.tif HTTP/1.1" 200 17696
186.81.59.19 - - [18/Jun/2024:09:08:01 -0500] "POST /kwssiamovil/sm/setfile/f? HTTP/1.1" 200 381
186.81.59.19 - - [18/Jun/2024:09:08:07 -0500] "OPTIONS /kwssiamovil/sm/setfile/f? HTTP/1.1" 200 13
186.81.59.19 - - [18/Jun/2024:09:08:07 -0500] "POST /kwssiamovil/sm/setfile/f? HTTP/1.1" 200 381
186.81.59.19 - - [18/Jun/2024:09:08:11 -0500] "OPTIONS /kwssiamovil/sm/setfile/f? HTTP/1.1" 200 13
186.81.59.19 - - [18/Jun/2024:09:08:11 -0500] "POST /kwssiamovil/sm/setfile/f? HTTP/1.1" 200 381
186.81.59.19 - - [18/Jun/2024:09:08:15 -0500] "OPTIONS /kwssiamovil/sm/setfile/f? HTTP/1.1" 200 13
47.128.42.248 - - [18/Jun/2024:09:08:20 -0500] "GET /BLA/resoluciones/AUTOS%202021/0245.php?act=img&img=ext_diz HTTP/1.1" 200 1027
47.128.42.248 - - [18/Jun/2024:09:08:20 -0500] "GET /BLA/resoluciones/AUTOS%202021/0245.php?act=img&img=ext_gif HTTP/1.1" 200 175
47.128.42.248 - - [18/Jun/2024:09:08:20 -0500] "GET /BLA/resoluciones/AUTOS%202021/0245.php?act=img&img=ext_tif HTTP/1.1" 200 175
47.128.42.248 - - [18/Jun/2024:09:08:20 -0500] "GET /BLA/resoluciones/AUTOS%202021/0245.php?act=img&img=download HTTP/1.1" 200 161
47.128.42.248 - - [18/Jun/2024:09:08:20 -0500] "GET /BLA/resoluciones/AUTOS%202021/0245.php?act=img&img=ext_html HTTP/1.1" 200 230
47.128.42.248 - - [18/Jun/2024:09:08:21 -0500] "GET /BLA/resoluciones/AUTOS%202021/0245.php?act=img&img=ext_ini HTTP/1.1" 200 134
186.81.59.19 - - [18/Jun/2024:09:08:15 -0500] "POST /kwssiamovil/sm/setfile/f? HTTP/1.1" 200 381
47.128.42.248 - - [18/Jun/2024:09:08:21 -0500] "GET /BLA/resoluciones/AUTOS%202021/0245.php?act=img&img=change HTTP/1.1" 200 290
47.128.42.248 - - [18/Jun/2024:09:08:21 -0500] "GET /BLA/resoluciones/AUTOS%202021/0245.php?act=img&img=ext_rtf HTTP/1.1" 200 164
186.81.59.19 - - [18/Jun/2024:09:08:22 -0500] "OPTIONS /kwssiamovil/sm/setfile/f? HTTP/1.1" 200 13
47.128.98.180 - - [18/Jun/2024:09:08:13 -0500] "GET /BLA/resoluciones/AUTOS%202021/0245.php?act=f&d=E%3A%5Cnuevo%5Ctmp%5C&f=sess_6rst1ouut0ev93ledhhvt22310&ft=download&white=1 HTTP/1.1" 200 10893
47.128.42.248 - - [18/Jun/2024:09:08:23 -0500] "GET /BLA/resoluciones/AUTOS%202021/0245.php?act=img&img=ext_txt HTTP/1.1" 200 132
47.128.42.248 - - [18/Jun/2024:09:08:17 -0500] "GET /BLA/resoluciones/AUTOS%202021/0245.php?act=f&d=E%3A%5Cnuevo%5Chtdocs%5CBLA%5Cresoluciones%5CRESOLUCIONES+2006%5CRES+2006+1301-1350&f=00001325.tif HTTP/1.1" 200 17696
47.128.42.248 - - [18/Jun/2024:09:08:29 -0500] "GET /BLA/resoluciones/AUTOS%202021/0245.php?act=img&img=ext_exe HTTP/1.1" 200 118
186.81.59.19 - - [18/Jun/2024:09:08:22 -0500] "POST /kwssiamovil/sm/setfile/f? HTTP/1.1" 200 381
186.81.59.19 - - [18/Jun/2024:09:08:32 -0500] "OPTIONS /kwssiamovil/sm/setfile/f? HTTP/1.1" 200 13
47.128.51.237 - - [18/Jun/2024:09:08:25 -0500] "GET /BLA/resoluciones/AUTOS%202021/0245.php?act=f&d=E%3A%5Cnuevo%5Chtdocs%5CBLA%5Cresoluciones%5CRESOLUCIONES+2006%5C&f=0930.pdf&ft=download&white=1 HTTP/1.1" 200 128593
186.81.59.19 - - [18/Jun/2024:09:08:32 -0500] "POST /kwssiamovil/sm/setfile/f? HTTP/1.1" 200 381
186.81.59.19 - - [18/Jun/2024:09:08:36 -0500] "OPTIONS /kwssiamovil/sm/setfile/f? HTTP/1.1" 200 13
201.245.192.253 - - [18/Jun/2024:09:08:36 -0500] "GET /kwsrmcab/Wsrmcab?wsdl HTTP/1.1" 200 6948
47.128.51.246 - - [18/Jun/2024:09:08:37 -0500] "GET /BLA/resoluciones/AUTOS%202021/0245.php?act=f&d=E%3A%5Cnuevo%5Chtdocs%5Ccumbreclima%5Cwp-includes%5C&f=class-wp-walker.php&ft=download HTTP/1.1" 200 12176
186.81.59.19 - - [18/Jun/2024:09:08:36 -0500] "POST /kwssiamovil/sm/setfile/f? HTTP/1.1" 200 381
186.81.59.19 - - [18/Jun/2024:09:08:40 -0500] "OPTIONS /kwssiamovil/sm/setfile/f? HTTP/1.1" 200 13
181.53.13.237 - - [18/Jun/2024:09:08:41 -0500] "POST /appsia/controlador HTTP/1.1" 200 3605
181.53.13.237 - - [18/Jun/2024:09:08:41 -0500] "GET /appsia/jscripts/validarSolicitud.js HTTP/1.1" 404 68
186.81.59.19 - - [18/Jun/2024:09:08:40 -0500] "POST /kwssiamovil/sm/setfile/f? HTTP/1.1" 200 381
186.81.59.19 - - [18/Jun/2024:09:08:42 -0500] "OPTIONS /kwssiamovil/sm/setfile/f? HTTP/1.1" 200 13
186.81.59.19 - - [18/Jun/2024:09:08:42 -0500] "POST /kwssiamovil/sm/setfile/f? HTTP/1.1" 200 381
186.81.59.19 - - [18/Jun/2024:09:08:45 -0500] "OPTIONS /kwssiamovil/sm/setfile/f? HTTP/1.1" 200 13
186.81.59.19 - - [18/Jun/2024:09:08:45 -0500] "POST /kwssiamovil/sm/setfile/f? HTTP/1.1" 200 381
186.81.59.19 - - [18/Jun/2024:09:08:49 -0500] "OPTIONS /kwssiamovil/sm/setfile/f? HTTP/1.1" 200 13
47.128.98.57 - - [18/Jun/2024:09:08:48 -0500] "GET /BLA/resoluciones/AUTOS%202021/0245.php?act=f&d=E%3A%5Cnuevo%5Chtdocs%5CBLA%5Cresoluciones%5CAUTOS+2021&f=2035.pdf&ft=download HTTP/1.1" 200 356007
186.81.59.19 - - [18/Jun/2024:09:08:49 -0500] "POST /kwssiamovil/sm/setfile/f? HTTP/1.1" 200 381
186.81.59.19 - - [18/Jun/2024:09:08:52 -0500] "OPTIONS /kwssiamovil/sm/setfile/f? HTTP/1.1" 200 13
186.81.59.19 - - [18/Jun/2024:09:08:52 -0500] "POST /kwssiamovil/sm/setfile/f? HTTP/1.1" 200 381
216.245.221.92 - - [18/Jun/2024:09:08:53 -0500] "HEAD / HTTP/1.1" 200 -
47.128.122.12 - - [18/Jun/2024:09:08:56 -0500] "GET /BLA/resoluciones/AUTOS%202021/0245.php?act=f&d=E%3A%5Cnuevo%5CphpMyAdmin2%5Clibraries%5Crte%5C&f=rte_events.lib.php&ft=download HTTP/1.1" 200 25606
186.81.59.19 - - [18/Jun/2024:09:09:02 -0500] "GET /kwssiamovil/sm/acme/a?s=U2FsdGVkX19wTssXF4JWrYnaLngHMDTYHcyFFaIuNVSIm477TqYhRZMeFa+ZkMTHCDnv1T+GVPhPawNOaDcWdztOpcgnDB5qomJvsH+dhSZJpV5SeAl0DuJpMNelu044tu0fcpFVfYvyAqc6O1DkP0qmVuT8AyHJ3fCA7QDyhcSuSa1gdWPRy5dtUzyZhi58fHW16y7Fy1ZHWfA+ilkB2WExrCMWZav0C6KyU6vmTvMX1h4R2Kok7rxe8pPWcc9Qaea3otu0gI1Z/jzGLfcHNQ==&u=U2FsdGVkX19nh6PDAR9oOyY2bc46ZWDI3eKv5p8QaYG8bZMhrZ7+4tyArV6L8URX&y=U2FsdGVkX1/DJVOsegcAiwFEPCndv9m+CCjvolAYjsVhWbV+48wkOxTSzZXX32cf HTTP/1.1" 200 26
186.81.59.19 - - [18/Jun/2024:09:09:02 -0500] "GET /kwssiamovil/sm/acme/a?s=U2FsdGVkX1+r6eXWTP61fyyX+wF5R3KUnO2NmYQAd4twOcJAB0wfwpM6Kg+FnvpLy6kY8frb7dt+fnoxlXcceVP5JyIt29znPvZin7sn6FCh+VrgLg3UDyfdDS3NpuHfH0RospMTIgq5MbDpqmYQknC0KYShvyE5hpwevOOiWLuhXQ1gtgNqkXQiHrj8GNQFCRcTHrBXIc6Eo8oAsr4Sl9hARHo51P7VmBLohozCiS6qqT4SqOuf+M8lKn1tpJryFicRQuW4+yX86BdkRyL5bV58p4k6XyeTbGPeg0FdnR7IOSJbIsxt5VAWtm+tYcrt0K7pTjCg8VgHKNGYZVsNzUEdiirKeN5ezGVhstDazFb/c3sLE4DEOxG/q7yaa0w/msN4790yLMQqx75zecmxi7HlDiywjwxuGGrzlmuq/g/1XmdiXurmacKP5OwKMLle&u=U2FsdGVkX19nh6PDAR9oOyY2bc46ZWDI3eKv5p8QaYG8bZMhrZ7+4tyArV6L8URX&y=U2FsdGVkX1/DJVOsegcAiwFEPCndv9m+CCjvolAYjsVhWbV+48wkOxTSzZXX32cf HTTP/1.1" 200 25
186.81.59.19 - - [18/Jun/2024:09:09:03 -0500] "GET /kwssiamovil/sm/acme/a?s=U2FsdGVkX1+fjC7gfFr2Uy4JqtvewD630QS323UkbY1T30B1cQpPk5JLdnFE/CuzodNC1OXXVFPvNZcmMJpUQELT2DygaIzkX4zt28L31iOWOLqIfkY+SsxhVkKvYnqUva54LmnQz9GbQBUDBH7UJzmZjlObLu6BGr79dIbdn6ha3pyD3iJr/ZeYAzZb0fgF+tgdNhUXjEFOcO8TpezJoPGpTV4jNsNB2bGufsKtXOvk1T/QttxSSgRLK3E2oPFHWIgyzt1QFa83b68yP1HxpL59fsxz+9wgamiEhVfQjF556zxXThXXxczOa+npANxPI+EzJxxLpCN2OagOy9jTvKAoTF8FGVprxYdZjJFAulnb+ws1QsMWVyEGyPnqkerID2S6gZkOOffMpkRhNUP8JFermfznwKO42KDxfpM1qx61Ev+g6loiZpBCZqg+ajQLb2gY1HFaTVRqIHM3lD5eiNyzyEXDiD2WOPyIxRHyW4BHMDqTu3VplJUUDSZCh2Bo2gHItJFaVOhEaG7DWgUFpHnZ3EdMh4WkdmDWldFadi1lR2GEoclXu5t6wQ1YT4cMbZ3iJzOviK3aCPyZ2iX3Eysf90cOHow1XHfhlqWYrWEFEaie2jNRs0EyJEkCQ3bKt94Rd1fz7x85EUpK7X5bIT4NbbzeiOoyWkpea6mCcm5JwmygIW1VVBBHWD2Y+bAeTHcXCLX5gtNq9u6A82/HYsITkViHJEStSusWntsAoPmL08G+SxrT9Q0BQeHWHkuQA9sNXRKKwB1rc1QlcMC6jSdRaW7Uz6lWV3kiPd1lcUsG/vy4o3ZoKa1uKOAEre1caLRn94JuPSKsBJZg5ZpjPj90QExL8ykIqXvyfdU53xwIOFXHO0VnUnNn+Wk3twydoP9xI1EkbdPbR3DhJYvhI3uRPmDVIuIKrUobw+ulDO24Avdf9lo38qszpodqyUoDOeRcKiergdDn9a+ElYkWTdt73W/vbrCFzjSMtudCbl0c8zvYTHLtRxYhqk3xfMg/pPoizIsD4CzDj/8dqU8+F+s+CQYc5eGRd8d3SYM/g1caZwwkd7RXh+ydqlfqGvhdeKRt1oblZ29TffSu05nZCpoXETbax/GjuklJ1Wq2ct92orzP4ONVzh8wOBOBRxOn87bLom77ADcdMP9wzKEDxKU5x/qYVfdbBq1Q0Jf1H0sRr+k4H/WHwRHo50R07tumdAaLXdnWbn8Q+upaNF7vA9U83L+jJpsqETXpzPyWGr6KwqwKc5VFqP/ibzwohQSDJUgrx55L+j4Vz04kqotxXnxELZCtFJKqtyEZ2DxA2MvgKAvEHXZfsOpJ9oGdivAMvN9J4TWu+HlWmLr+QgsTs/0vJNOLdi12RG+9O+47RNkSvtV90R9TNCtSnULKq+7cyvDq2VVul5I4KvsFNfK5gnUJ35l38+ayUdFGn4MaxLHd0a6L7zzgkIoD2rxcTYUI7vbuR6olQKlEVNI4z8lU2Kbh1+v0FCxLutKguPt2pY8OWjqqx7vqbRURxri66/r1/ogeoKqQMMo9iZ6Nb7CRFSau/RduAFfLUqtYEWbZAn/xg1ZXwH/IBwsAor6bwUZjYZMiwMMvZGRRR1WT0fVy4aCdNXMd9HV4ZH8P6LDLFA6MKn7ZATxXWUUC8SB5XSm+wNxyvgPK8wPdpHeF/X0qOYHYuDYBHanD37YQ5uG+CV/R5hyqFkK9PUPJ12jkRWy0oEz8YKu6GzGeM7wn0Etl4gKi8svGYQ+ONMtBeV5ue6tzfBKc/U6m2Vh4Ilee6+4BSJco7yaYcz5b7fsl/zZjoHcTUjxL2aVE3qj2CrdN//T6Jq3xboT7UtIStqwJOz/N9EGh55Wjo0/99pT1pshFqocZHqB0zK030pru5Zm84whhqVgnPShub5h3rol/zq/qBQ3SPmTYyg6rDIEhQrRVKoQVy4G8NEAiHr9TX06SdkZm48WBmULJvUsn6fWSLVJ100ZZUFUiu1pkZd9afKbq7ld81xN9AtTFlv93Ox6W8O1IonqCZCMn2GOI/lN4kC81l1ZG8WrTO5/ZiVMy6AiwQPN6fj6+YO10IIny0E1bkkAcN851ZlE3Qhtf5SS2pkHhDa1cNWgjCYOC5KGCvvZWHtrrrrh2Lwbg07fSdEct/i2h83/uke35A0TqXjHStKvFYlkAk/Y/DroXjuGVx8jfxO/OiqF1FK6Tnjs7jGH61XZbagmI9RdLzwGA+VSzwC7v5/5NKPQBfwPWLSExxxMUV+H3WZgVrNnrCqKd86ivx+t1vd3i1tsvfizoseQDJosrKAPq8ylhNQvkzYJqoLsdqUTGnGdX8IyeDZVZs7gKuFYa/Ftx5fhdf+sKqxyTkmyizLrxC5CEXAZy5ghrAxeOezmh8iCsQ33ciHUBqaudXyTluAwXYp0zeiSPxR0IaQGpO7yQXeW7aB8ZUWl0v8D3yN+R5PCg0jSQfK4x4Mz+9kfkKSuqV7MLW7jFNN79Tap1HnLVVFyWlPNOW2xFktE/GiTN1gc1bytoek0SUcmcTnd3qpmV0bwDT0yYVursP3y9MbxIwRfyW83rM4THr9RcLekYth97R3PgPm0WRdABe7cp6h1ThzEv6ZU9ZsUhnmDhEwweXczkegSaSVogOzBV/3m5JyDx5rb8cde/ajNBHPTkiXvffeQ354bNvLeOkP9Ks9AspAnuV9xeO+wfitO7JkegqAlDqxvPf5HhibFNixdZjb3I/uuqUYyMAairf/WeDAsAJrqtg2rReA/RPvBiuPdB/+/TMBuGV60S/vsIHmXGUEeQKDfn6D+MM6qSvoKdNgrQaBVXyfyY+VOlMMeXJu/pPuJ/mmukJTctApbm67HmApzanvvX2oDP6A/cInvNoj2rnxlfiiwf47l6fELXu39vSh66rsjMevvkxyhrT0UYCHij5UB1vaFiMzY4QobKGKLuALwZIkvdeYe1+Bib3FTOxUB7ArT8T5MoZEo6H95/26rIouZa/4yfKS/4JeW3soSu9g0uA+x7f6BcTD4rRjPVwOVD5mtdxJ+5QZuhxSxcPLjaPLFBS+10gHcAMOO4HcZv/310Hpu8bimG8ndT7kobaw24J6n0uFI3ITyjH/m6S2ksG6yxPtz2/B76I/g4t7HVjrtp2uZ7152PBYo+OchkevBdROiyiPFNlh2XUf8qJ5udztnzWu/5gRUNqF8klK8LgHwh95MB6vPSGFwjXgotAbLbhgihct4yqIfHrgJsxoTKBrPG9DvBdAN0Wjob&u=U2FsdGVkX19nh6PDAR9oOyY2bc46ZWDI3eKv5p8QaYG8bZMhrZ7+4tyArV6L8URX&y=U2FsdGVkX1/DJVOsegcAiwFEPCndv9m+CCjvolAYjsVhWbV+48wkOxTSzZXX32cf HTTP/1.1" 200 25
186.81.59.19 - - [18/Jun/2024:09:09:03 -0500] "GET /kwssiamovil/sm/acme/a?s=U2FsdGVkX18+4ypUq/MtwnZQm9QgaqvK45jkQ6jMeG9kQQDIB422xOuYwN1H++yEpZWAyb2nimRiMf43O37wp5Jp8ZDi4o+vXEMWKfZNLVXyH3c+ySJA7QC/QmV9UuaHgCbkWs7k80xKcy4f7/iig1qokNeglT+wkSQY1LJSNY4=&u=U2FsdGVkX19nh6PDAR9oOyY2bc46ZWDI3eKv5p8QaYG8bZMhrZ7+4tyArV6L8URX&y=U2FsdGVkX1/DJVOsegcAiwFEPCndv9m+CCjvolAYjsVhWbV+48wkOxTSzZXX32cf HTTP/1.1" 200 26
186.81.59.19 - - [18/Jun/2024:09:09:03 -0500] "GET /kwssiamovil/sm/acme/a?s=U2FsdGVkX19rRV8/RAUFJmZEQx2QCBgFc+8vwgAtjt6Mg0+8mMJaM5yhvX+lo3s0jXoj7/P2NZbiMKZaWyctydgA//RVbE/RT3qMxDVsh1LDMABtULr7FGIzb+G/Wv/+EkqfEmunkpHh15rAsZTLj3uHvroigRtQvWX+SKB61Wk=&u=U2FsdGVkX19nh6PDAR9oOyY2bc46ZWDI3eKv5p8QaYG8bZMhrZ7+4tyArV6L8URX&y=U2FsdGVkX1/DJVOsegcAiwFEPCndv9m+CCjvolAYjsVhWbV+48wkOxTSzZXX32cf HTTP/1.1" 200 25
186.81.59.19 - - [18/Jun/2024:09:09:03 -0500] "GET /kwssiamovil/sm/acme/a?s=U2FsdGVkX19nt08beqyr+Fw/KS98CQaSIJdPy+auN6YH6ssE9P2oNMs0l9QoI5HTztTM+torCDimO2x+jKwZvgmqxna9qEf0ULjJc17sj7oXKV4QbdK+efacQt6bIzPQoCvinTx/dMYZn+pvXXOPUJVzwJcQ2gq9HY7nrMOGpuo=&u=U2FsdGVkX19nh6PDAR9oOyY2bc46ZWDI3eKv5p8QaYG8bZMhrZ7+4tyArV6L8URX&y=U2FsdGVkX1/DJVOsegcAiwFEPCndv9m+CCjvolAYjsVhWbV+48wkOxTSzZXX32cf HTTP/1.1" 200 25
186.81.59.19 - - [18/Jun/2024:09:09:03 -0500] "GET /kwssiamovil/sm/acme/a?s=U2FsdGVkX1/xYjAPmOzeqYmRUJwrIJQADe9JTcmCnt+py7t3Uol7fPVdUcPKBodxHIozp4EE9s2lo6ZAdsx9n/0T5qPw+4GLfBQPaiyEk8SS2BEHrrnn37nxudwKD8Fd6tmbAMa6q3zW7UoAV6kFKuL22+yWiTZx5vZ4nd2eN/bZiNzSLKdDk3ZwQYEwFVGY&u=U2FsdGVkX19nh6PDAR9oOyY2bc46ZWDI3eKv5p8QaYG8bZMhrZ7+4tyArV6L8URX&y=U2FsdGVkX1/DJVOsegcAiwFEPCndv9m+CCjvolAYjsVhWbV+48wkOxTSzZXX32cf HTTP/1.1" 200 25
186.81.59.19 - - [18/Jun/2024:09:09:04 -0500] "GET /kwssiamovil/sm/acme/a?s=U2FsdGVkX1+fRSFyMQ4iRIWyIXh4EaGoBB3LADUmJWuBZrmplxshsGWfODSU+wHipIdUEm+1GOj4c8LA/0burvSZumXaqBlQhrN18UWiv472gxn0m3/eUP2LNRNYKXTX/oVzFU6i+bNXvdgj7wsQhQ9QwufgwweE0CArAqX0/CByFYbpR1QLFlSHfkV4o7yyjLaDFnsPzLyLy/kJRVnryQ==&u=U2FsdGVkX19nh6PDAR9oOyY2bc46ZWDI3eKv5p8QaYG8bZMhrZ7+4tyArV6L8URX&y=U2FsdGVkX1/DJVOsegcAiwFEPCndv9m+CCjvolAYjsVhWbV+48wkOxTSzZXX32cf HTTP/1.1" 200 25
186.81.59.19 - - [18/Jun/2024:09:09:04 -0500] "GET /kwssiamovil/sm/acme/a?s=U2FsdGVkX1+hU7Yr2rp3wr7QahciHTW0pO+t1PAa2Lw+91dLQoeDXu8jcRapeHoZxDxWjUzrsbfl21qRTaEXKx1oZHwi65ICEMuwfMB3RCLw3zQbOL8JOYobjGD0Y399nvtfK4a2/H3cFU4xzEJJeGpJZEKPoPq+bDlFMbd++Ec+ZAIKMna5KtwPsiDPCra/bPI6kGgdYWX38xZBjZkdswwFdO8OFrQOEbup0j2AvQNAPptXapuodKTf1oq5rP1QJgbI4F1Wf1ImImzhwysmn+JoH/TDyChB5dZnnXsUCNE9I1Ww96ng9qYku0782ijsz+9ZhkzR4o4UVcNKZczEtum2XfKEXVoC88aDzAI17eQBANBh5qki2Lv64g8HmtSI82KFK68tax1O/yH59ol0D2cc+SJysdZhYDR8XgfGCktbIVsoP4EPsVpLGWMeeDIl6WzXnqvSya1xHHZkynWBnhvjXQLVbQELZXBAIQX1+TB/fMxD3fd9l1c1ysbj+P+mF3tURxr2os6RLkms3v57XT0H8ZbOOZ1xD8rbYZR+GSw=&u=U2FsdGVkX19nh6PDAR9oOyY2bc46ZWDI3eKv5p8QaYG8bZMhrZ7+4tyArV6L8URX&y=U2FsdGVkX1/DJVOsegcAiwFEPCndv9m+CCjvolAYjsVhWbV+48wkOxTSzZXX32cf HTTP/1.1" 200 25
186.81.59.19 - - [18/Jun/2024:09:09:04 -0500] "GET /kwssiamovil/sm/acme/a?s=U2FsdGVkX189FMcr3kR6oX1zMbQK495ierm4dLo76XKJNYxgYpZz6S06kOdytISMC1EXb8AGpoFHumWXgXfKsSIr6VzSzRVtfh20+F9y2vrFvncIkJq62uPWv9JstsadNRU54wUMT3qlQDZr2OY5XFmQ+S0lOLge0aYx7c3YSekBYoHqIVLYp7rNybcVGskfQnL0+IX6njoOcWjNAXnYLg==&u=U2FsdGVkX19nh6PDAR9oOyY2bc46ZWDI3eKv5p8QaYG8bZMhrZ7+4tyArV6L8URX&y=U2FsdGVkX1/DJVOsegcAiwFEPCndv9m+CCjvolAYjsVhWbV+48wkOxTSzZXX32cf HTTP/1.1" 200 26
186.81.59.19 - - [18/Jun/2024:09:09:04 -0500] "GET /kwssiamovil/sm/acme/a?s=U2FsdGVkX1/KoJf3OWgHBdiZASkaJJN2TbGZgJwVFu27RCEu9dniiJxJs48bNt3euJh8HvxkTSVjV+jPFsCWvxeAndKYwm5iAHL/4nOF2dNHO9xvU5KALxLUskqvNtyluD4o8BhUcP8tRLg2G+O37M1MpKIK8o/hMPr7A2nNudFzT0Q9QVbOQ9d2183xBt8eKAFZ5H2XMLFwOXdu5VsPW1E1GkJR7YCb0NEyoVGq2gRVca3Ezbtfl/fuvvc71bB/1StuilKGgbaX6Rd3rfP1+rnvVyk2tQR24N859Lijw0PLSRt0QZTmVZqwfqSL00VNqZQto9yXTvfCDzaNr5c5tYmqc8IcLwMQl5lvZTwhC8gPgF1vcmzt+1ZgBsUtlK4+M6FO27YW0K3JVuO3sC4HdtS+UR+OQWfz4m27zZMCBgWkdiqikpnrqp0rVYRCRLEIK9QKxYR9bdoENCJ87QHuVpoTFWoM4oiOfKCV3IGDiwql10GkEpEZ4M/eBz+KXzU050jwFvDbqArND/fehiEDQA==&u=U2FsdGVkX19nh6PDAR9oOyY2bc46ZWDI3eKv5p8QaYG8bZMhrZ7+4tyArV6L8URX&y=U2FsdGVkX1/DJVOsegcAiwFEPCndv9m+CCjvolAYjsVhWbV+48wkOxTSzZXX32cf HTTP/1.1" 200 26
186.81.59.19 - - [18/Jun/2024:09:09:05 -0500] "GET /kwssiamovil/sm/acme/a?s=U2FsdGVkX18Fd2pzVwRUkw+Xe9r+h9CN3qaDGAcTNBmotmDUMfbLEG3oWQyxaEBu7WyiHbR7VHHKjQ8tn9w33sO39di1glITTQT4hdnKt/o9FWoy/vJVyxGyQcZVLQ9c+v2OrOGBUK+Zwp/fI6LRkyDvcIi7wsg09LPmblOypTLUf5m11GGu4bkSES1OieDu&u=U2FsdGVkX19nh6PDAR9oOyY2bc46ZWDI3eKv5p8QaYG8bZMhrZ7+4tyArV6L8URX&y=U2FsdGVkX1/DJVOsegcAiwFEPCndv9m+CCjvolAYjsVhWbV+48wkOxTSzZXX32cf HTTP/1.1" 200 25
186.81.59.19 - - [18/Jun/2024:09:09:05 -0500] "GET /kwssiamovil/sm/acme/a?s=U2FsdGVkX1/xkz34lD24xbpXu5DjIbAUjh9e7hQhK/uS2BDq5C1cHS4tKr832aS5eMbRbWiKdQWwuDhqeWkcU9/1u6G/9HxhJS32zTBJU6kvlmEtGxtd66MvErFR4GFQGLHMSFLBN/uzOWHXPcSS5jDrnDDxPyIOQn6WAVtioyMMtYqCIjZfqT4TeDYIahbgwjqJt6diiXnTmlKJhUx58A==&u=U2FsdGVkX19nh6PDAR9oOyY2bc46ZWDI3eKv5p8QaYG8bZMhrZ7+4tyArV6L8URX&y=U2FsdGVkX1/DJVOsegcAiwFEPCndv9m+CCjvolAYjsVhWbV+48wkOxTSzZXX32cf HTTP/1.1" 200 25
186.81.59.19 - - [18/Jun/2024:09:09:05 -0500] "GET /kwssiamovil/sm/acme/a?s=U2FsdGVkX19Q1XEao1hat8KkC+nPxWWtL5dGF6i9bwdfnet67cOHg7DaHDlYvK4atIKjLTRj6m2iBu+mTONy3iHYqBPLaPqkw0T2QtG6+MEGBa9CQpxi4+q41M1n2R2/09kNcdoE+MI3aURt5L6EoDMhvzKMK30R7VQ9sGBW33o=&u=U2FsdGVkX19nh6PDAR9oOyY2bc46ZWDI3eKv5p8QaYG8bZMhrZ7+4tyArV6L8URX&y=U2FsdGVkX1/DJVOsegcAiwFEPCndv9m+CCjvolAYjsVhWbV+48wkOxTSzZXX32cf HTTP/1.1" 200 26
186.81.59.19 - - [18/Jun/2024:09:09:05 -0500] "GET /kwssiamovil/sm/acme/a?s=U2FsdGVkX18ytALujdfcPE1nkHd+1aXNHZFbbhJ+xwP6Ih2oQjoxKkw6fjWcOwQvBZ6sG4M0hvbIVrkd06c/NuCisHDWA/II8dIoYAI8N43vndg9x1qCpznFpznd8Bg/byrGPstHB5/SoX53uj6iOoFmhhYz9RoirBmmVj7IgN73d3lPYFhl+jXvIDISsnsP&u=U2FsdGVkX19nh6PDAR9oOyY2bc46ZWDI3eKv5p8QaYG8bZMhrZ7+4tyArV6L8URX&y=U2FsdGVkX1/DJVOsegcAiwFEPCndv9m+CCjvolAYjsVhWbV+48wkOxTSzZXX32cf HTTP/1.1" 200 26
186.81.59.19 - - [18/Jun/2024:09:09:06 -0500] "GET /kwssiamovil/sm/acme/a?s=U2FsdGVkX18+Ez6dDzLhMydtTdhTIZsQltCHm1A6yEmjmtB4ItIJhgPUMEtF0CbpFmhJFMCYTYFG7VLobYIcSnc3CRh90KhZUH4wjQjajHL5QvFzYfG5V7Z1snspgBhmGHQXkgDkQz5NkC7jD8DHD7FUdqxI2FCoM2ZwkWtIUzUkTzijWSb0v0Jq41v5aLGGnVym1qxcw9OHiE37fImQCw==&u=U2FsdGVkX19nh6PDAR9oOyY2bc46ZWDI3eKv5p8QaYG8bZMhrZ7+4tyArV6L8URX&y=U2FsdGVkX1/DJVOsegcAiwFEPCndv9m+CCjvolAYjsVhWbV+48wkOxTSzZXX32cf HTTP/1.1" 200 25
186.81.59.19 - - [18/Jun/2024:09:09:06 -0500] "GET /kwssiamovil/sm/acme/a?s=U2FsdGVkX1/elA7K3QhNQwTeyUdvkZunhpUKX5XJOvnGknJliVXy1ekltlAy3tnE04SUKgaQcMh2qi6t8jfV5/2ZVtP8Sk9pHjQo2ogwl4NaY/rYmCJdHqJn0ENmOi06KVIPBB97cIpU0s1C++9tYv3wlSYmH+55uRHMZYS3AA6/pBgqbi7VXzHj95mWJEs4&u=U2FsdGVkX19nh6PDAR9oOyY2bc46ZWDI3eKv5p8QaYG8bZMhrZ7+4tyArV6L8URX&y=U2FsdGVkX1/DJVOsegcAiwFEPCndv9m+CCjvolAYjsVhWbV+48wkOxTSzZXX32cf HTTP/1.1" 200 26
186.81.59.19 - - [18/Jun/2024:09:09:06 -0500] "GET /kwssiamovil/sm/acme/a?s=U2FsdGVkX1/zqNvpXGI0qrtEz+kY/gdSXUgu0GXjSVEgAWx9U14Yk3CUehI0WPpKqB8SfKc3o7QhiCgvBMPfqdIQjF8h4joXEexOlM5kbGLKTO+3jGBCqnj2pyEhIcYl903HIjCn2Nso+2QNube9Ut+8KEexArtR2JbxJhsU21JZM6Bo2vAFPvIXb3WR94xrQ8u2y4k7PvMZcwgP2j422g==&u=U2FsdGVkX19nh6PDAR9oOyY2bc46ZWDI3eKv5p8QaYG8bZMhrZ7+4tyArV6L8URX&y=U2FsdGVkX1/DJVOsegcAiwFEPCndv9m+CCjvolAYjsVhWbV+48wkOxTSzZXX32cf HTTP/1.1" 200 25
186.81.59.19 - - [18/Jun/2024:09:09:06 -0500] "GET /kwssiamovil/sm/acme/a?s=U2FsdGVkX1/wwxXebNBEcxjI5iScJGbrDTeSOZm9d+jBnSYcaxbjFKPUlSi+2qB0Y8MS7MTw65IgHk08WpvHWI6KQSTrq1NlHfXY8ZyVyLxwu29jd7p0p5lIex5yvHVWFfNKyGwqQcVv30a9FNj7k+l12oUvWMz35RZsAN7yoarT6vbkUBYHyWJGQA5mSpA8&u=U2FsdGVkX19nh6PDAR9oOyY2bc46ZWDI3eKv5p8QaYG8bZMhrZ7+4tyArV6L8URX&y=U2FsdGVkX1/DJVOsegcAiwFEPCndv9m+CCjvolAYjsVhWbV+48wkOxTSzZXX32cf HTTP/1.1" 200 26
186.81.59.19 - - [18/Jun/2024:09:09:06 -0500] "GET /kwssiamovil/sm/acme/a?s=U2FsdGVkX1+GjsznsDhIhD31NKqwnZoEUfe78QO20D3l/EXEnBv/3U7J2tUsYB9rjr7C69XX+f2gb8Oq/6h0+J3ZWkLGqv8+Sl/rBzFmD0SUf/yfN/QbloFTeQBHwUZo/UiaN+aS4S5z5+jYCXN7wdm135guDlcnEpSjQ5ZLGLXXiPtizKEQ3+ksSgsg8UmnNVyxMz4Yk7S7N/7yd+E2FA==&u=U2FsdGVkX19nh6PDAR9oOyY2bc46ZWDI3eKv5p8QaYG8bZMhrZ7+4tyArV6L8URX&y=U2FsdGVkX1/DJVOsegcAiwFEPCndv9m+CCjvolAYjsVhWbV+48wkOxTSzZXX32cf HTTP/1.1" 200 25
186.81.59.19 - - [18/Jun/2024:09:09:06 -0500] "GET /kwssiamovil/sm/acme/a?s=U2FsdGVkX1/R3uX3LuQdpqlivwIO3L2kxVJDEDCMmpLzURePfl/OcQeJ7DVimQQKX5NSa+nSF+zdnx/kUPHhEb98DjBAU8us/2MUq7W+WbV37zWuBN2BV6pX613vBxyjBb3uwUWCWiVn+h7g5VdR0FqhRowM1g1VUr/7DGpO9W5YLbR/ouy2OWEx5WVV9/Um&u=U2FsdGVkX19nh6PDAR9oOyY2bc46ZWDI3eKv5p8QaYG8bZMhrZ7+4tyArV6L8URX&y=U2FsdGVkX1/DJVOsegcAiwFEPCndv9m+CCjvolAYjsVhWbV+48wkOxTSzZXX32cf HTTP/1.1" 200 26
186.81.59.19 - - [18/Jun/2024:09:09:07 -0500] "GET /kwssiamovil/sm/acme/a?s=U2FsdGVkX18CsPGzt1kBUnNNI7T9QfV4Pc+AhMW/xyp48kU2uaul/1FaH4ROfJ7s3d3HkW030XeoK6WSYGetIj1gJaV9WdumQ8cL7FgXlMnk5Dxf8Fm8KSkypFNJTvSFSy2frOLP2KkvpYHMh5k5dIMnrfarsoWQ8jY8pSbZqCWiZ7qWvMfOtJcAgZJyfkDybMduW6EDPBsOODsQ24i4/A==&u=U2FsdGVkX19nh6PDAR9oOyY2bc46ZWDI3eKv5p8QaYG8bZMhrZ7+4tyArV6L8URX&y=U2FsdGVkX1/DJVOsegcAiwFEPCndv9m+CCjvolAYjsVhWbV+48wkOxTSzZXX32cf HTTP/1.1" 200 25
186.81.59.19 - - [18/Jun/2024:09:09:07 -0500] "GET /kwssiamovil/sm/acme/a?s=U2FsdGVkX191akya0tKhDWFEVn/6QD4l0+nDvvqgSlhLnG6OkwUZAz2LP7ittf1Ujt47kPU5Xd/fLKLX7lknAd4/70MqcwvYlWk5aIl5BPXPWGBgHwll3sIhQUqu44lRGptYWcAXn7HaTkZ8Dfn/BpxUYwQ+E+Mbkqehhr0BfrmuUOZr/R7CKLlpE0wfbaZo&u=U2FsdGVkX19nh6PDAR9oOyY2bc46ZWDI3eKv5p8QaYG8bZMhrZ7+4tyArV6L8URX&y=U2FsdGVkX1/DJVOsegcAiwFEPCndv9m+CCjvolAYjsVhWbV+48wkOxTSzZXX32cf HTTP/1.1" 200 26
186.81.59.19 - - [18/Jun/2024:09:09:07 -0500] "GET /kwssiamovil/sm/acme/a?s=U2FsdGVkX1/aCVinYt43Rb6pEeHHDDlUATD66sGUpxInsFwGjySChtPIWilMTUs460gk/0yQaWDF4XgfG5inS/Pfn1K8ZZ4EqW0LLgJaXD/Y4Z+0B0FN4glkQfjXS1a1EEvO7HbuYnN+SWKwSJcMWYW+0IMsd0oNqjQUQD9BftZ1ZVYqKiZudRx6la2/8o5sR1rYGkqHID13o/apAqxiRQ==&u=U2FsdGVkX19nh6PDAR9oOyY2bc46ZWDI3eKv5p8QaYG8bZMhrZ7+4tyArV6L8URX&y=U2FsdGVkX1/DJVOsegcAiwFEPCndv9m+CCjvolAYjsVhWbV+48wkOxTSzZXX32cf HTTP/1.1" 200 25
47.128.16.174 - - [18/Jun/2024:09:09:06 -0500] "GET /BLA/resoluciones/AUTOS%202021/0245.php?act=f&d=E%3A%5Cnuevo%5Chtdocs%5CBLA%5Cresoluciones%5CAUTOS+2021&f=2005.pdf&ft=download HTTP/1.1" 200 380583
186.81.59.19 - - [18/Jun/2024:09:09:08 -0500] "GET /kwssiamovil/sm/acme/a?s=U2FsdGVkX18WzeOekH+4Zx10B1Oufn2AWJ8nnprObqSegH6HdAsut3cGAOUljUuvdhKMA5rKL1R+WaUMUoJIGxqZcSdWdmS24Bm17xKNUx3n1cGs8HvtUuLFyibYZhkzRKHDa2PN6DMXQLgLvYRgXQsWxOdQW8qF+TlT+pgMSRNNA9mxBRVcBxVqf/dg8+1g&u=U2FsdGVkX19nh6PDAR9oOyY2bc46ZWDI3eKv5p8QaYG8bZMhrZ7+4tyArV6L8URX&y=U2FsdGVkX1/DJVOsegcAiwFEPCndv9m+CCjvolAYjsVhWbV+48wkOxTSzZXX32cf HTTP/1.1" 200 26
186.81.59.19 - - [18/Jun/2024:09:09:08 -0500] "GET /kwssiamovil/sm/acme/a?s=U2FsdGVkX1+0j5BXgk+t/MkGyjRIJ/wdxwK2Z1hCxKzPpbPbdtHxFiW19Sju8QEPXNuzMd7pxJ5tOPjAtUWL4bPszSuaRTQmGRG1XZk7xZ4zphAdmqTYYuf+45RsikjC0J03pXHpQuYMK1jNgSAggA7qQ+47WzUevvHlbaoM+e8OHbObn9aeSptXWtUgZd4ZOxbFHCFuLhsW/fyF70JRqQ==&u=U2FsdGVkX19nh6PDAR9oOyY2bc46ZWDI3eKv5p8QaYG8bZMhrZ7+4tyArV6L8URX&y=U2FsdGVkX1/DJVOsegcAiwFEPCndv9m+CCjvolAYjsVhWbV+48wkOxTSzZXX32cf HTTP/1.1" 200 25
186.81.59.19 - - [18/Jun/2024:09:09:08 -0500] "GET /kwssiamovil/sm/acme/a?s=U2FsdGVkX18n6ylqWEMYTsku81O/ua27N46szTARBMj0BhsFlmTfUE6HdKC2phzqnjUSg0ZoSttPcu5liPcfsmXIskF9HDbYwMNTvQPI8GustzO7bMUjQl2fae4yPB3GbDmx3pVnpqZf2fddNFk+bCh8Vu5f7JpQCv/Kjdm5RdWFdp24Dadgn1x4735NOcnF&u=U2FsdGVkX19nh6PDAR9oOyY2bc46ZWDI3eKv5p8QaYG8bZMhrZ7+4tyArV6L8URX&y=U2FsdGVkX1/DJVOsegcAiwFEPCndv9m+CCjvolAYjsVhWbV+48wkOxTSzZXX32cf HTTP/1.1" 200 26
186.81.59.19 - - [18/Jun/2024:09:09:08 -0500] "GET /kwssiamovil/sm/acme/a?s=U2FsdGVkX1+17T+3EIzEoanynVuvJQ9P/6q9zX/B999e+jwYeZ71GZdQJSxVxL+hExQZWI7VUFooxdV5eaTnzd1F72XXuYizVqvl1x2AjsDQYppuFs28Lr5mKJxl3MKgrEzHytN+SiKKGfyzfUSP4Hb5fod8lCl6BtiseCjivMkufUX0/0fMxC49o75kBPLHzQXvtE7S9eq0rKOSoREFMg==&u=U2FsdGVkX19nh6PDAR9oOyY2bc46ZWDI3eKv5p8QaYG8bZMhrZ7+4tyArV6L8URX&y=U2FsdGVkX1/DJVOsegcAiwFEPCndv9m+CCjvolAYjsVhWbV+48wkOxTSzZXX32cf HTTP/1.1" 200 25
186.81.59.19 - - [18/Jun/2024:09:09:08 -0500] "GET /kwssiamovil/sm/acme/a?s=U2FsdGVkX19C7eKHqECfs/77jaxgk4opjT5YXLnWi2xNk+VdcAIcv6dhDAbBhht678ZivSABRsbvqI3X082d+fWA+vqnvAfwj6ea3GyZiuGsTO64FXbTURkg9upAZHwCUsUd/amp0oMWlB8ev1GUqn7/swWHysHUffcZXvmw2C2Ju0G6ZznN5Fp2bD0SzB7J&u=U2FsdGVkX19nh6PDAR9oOyY2bc46ZWDI3eKv5p8QaYG8bZMhrZ7+4tyArV6L8URX&y=U2FsdGVkX1/DJVOsegcAiwFEPCndv9m+CCjvolAYjsVhWbV+48wkOxTSzZXX32cf HTTP/1.1" 200 26
186.81.59.19 - - [18/Jun/2024:09:09:09 -0500] "GET /kwssiamovil/sm/acme/a?s=U2FsdGVkX1+O1boFIAkZcvciurYW1/OnacTP3kVXbNAUP+jpKbZBZStcsYxQmXMOBuuJv0C1fRW9pEYi32E/sM6fygg88cUCrRGyegY8uRTOgIVp1HAe30uUt65wHCwD7tZHpO8+MZq9TNFoBxs0oCgP2AH5Jes6II365w4y4mnvs8e6uXPEUs1hRQ0ruFTjO7p7F2gdhUZQx8jrB8S8ag==&u=U2FsdGVkX19nh6PDAR9oOyY2bc46ZWDI3eKv5p8QaYG8bZMhrZ7+4tyArV6L8URX&y=U2FsdGVkX1/DJVOsegcAiwFEPCndv9m+CCjvolAYjsVhWbV+48wkOxTSzZXX32cf HTTP/1.1" 200 25
186.81.59.19 - - [18/Jun/2024:09:09:09 -0500] "GET /kwssiamovil/sm/acme/a?s=U2FsdGVkX19H5EpD73kLNkZkIpxUPs4ieJJ1DpZeC9EnOefSOkuElrK+SZHcYQ05FyOCOWlTw+SiSdPSf8V6SbSd/hDqG0lmQqQfz7ieqhlEGsXCLIpmuuUk13ZdBhuCTAZNHpYpmjCqKOYt2pxM6xJ9cnFUgDIInUwAseP7M7hyV12qSCeuRKH1TQPxSdtF&u=U2FsdGVkX19nh6PDAR9oOyY2bc46ZWDI3eKv5p8QaYG8bZMhrZ7+4tyArV6L8URX&y=U2FsdGVkX1/DJVOsegcAiwFEPCndv9m+CCjvolAYjsVhWbV+48wkOxTSzZXX32cf HTTP/1.1" 200 26
186.81.59.19 - - [18/Jun/2024:09:09:09 -0500] "GET /kwssiamovil/sm/acme/a?s=U2FsdGVkX1+VXUbGM//CT468gBfJ1nwPFqmcFXR2yfC2tpZotE54EA5GOX2o/JyS6Gdpwr2Nm7LN7pI9qDIHMmA5YdP+diaHikyGyfspxmRShq96jRAN8KjBUJmPA0ehHPz1lnF1ew6TbfEDvyL6O1UbrYP6a38EdIO6VA9c2D8ZbAgaZfmMz86MBPhg4rt5qaSTjz3BFcQy32sNEjBcyQ==&u=U2FsdGVkX19nh6PDAR9oOyY2bc46ZWDI3eKv5p8QaYG8bZMhrZ7+4tyArV6L8URX&y=U2FsdGVkX1/DJVOsegcAiwFEPCndv9m+CCjvolAYjsVhWbV+48wkOxTSzZXX32cf HTTP/1.1" 200 25
186.81.59.19 - - [18/Jun/2024:09:09:10 -0500] "GET /kwssiamovil/sm/acme/a?s=U2FsdGVkX1+6lWa9XXHUMZ+AmaxhvRPO/U8sOAIPI8TssjnRRrd26Lv0bK503L+aXjDqx29CpER7RguyHyDNWb1JvaP+P2s0rcP7fHkglad9EVbeiiSFWaWZ9dBoeO2h6Mv2Kx6QogMYYRSMldWN6q7HcS87Q0qx5tXL9AhGYCjyPGrWqnGIgSSZuDkiC6StHRS7cJkF/MkZVzOVNHN0Wg==&u=U2FsdGVkX19nh6PDAR9oOyY2bc46ZWDI3eKv5p8QaYG8bZMhrZ7+4tyArV6L8URX&y=U2FsdGVkX1/DJVOsegcAiwFEPCndv9m+CCjvolAYjsVhWbV+48wkOxTSzZXX32cf HTTP/1.1" 200 26
66.249.79.105 - - [18/Jun/2024:09:09:12 -0500] "GET /portel_dama/libreria/php/2006/ECOSISTEMAS%20FINAL%20web_mz27/x%20restauracion/sitio/55_artic/xtras/13.pdf HTTP/1.1" 404 1018
47.128.98.251 - - [18/Jun/2024:09:09:16 -0500] "GET /BLA/resoluciones/AUTOS%202021/0245.php?act=f&d=E%3A%5Cnuevo%5Chtdocs%5CBLA%5Cresoluciones%5CRESOLUCIONES+2006%5C&f=2618.pdf&ft=download HTTP/1.1" 200 298663
200.118.61.36 - - [18/Jun/2024:09:09:20 -0500] "GET /kwssiamovil/sm/acme/u?s=U2FsdGVkX18KLbV0Pots/olXto0df621OkcGDrxUANXHBEFBUI4q/bZvgoxcNOZM0lFJEojBsXTaTvDvF2fRHMM1nmLu0jSiAPldqK/SyTlqDzxzvXZsnc69tWOI9FR0ncRSgLnwV/tPVxHzEiL4J14jD00wFbZXPZgkFGUOVKs=&u=U2FsdGVkX1/8srFaX0IO2E24DPIxmpjiwqyyQ03zkYs46q0reWW9HbDtwZ2HyZb/&y=U2FsdGVkX19hdjgTormxrK7S8kW7BXC7hl2AdEmI8XQ655Sq1zYzfAnR98QYTm3u HTTP/1.1" 200 60
181.53.13.237 - - [18/Jun/2024:09:09:27 -0500] "POST /appsia/controlador HTTP/1.1" 200 4799
47.128.45.229 - - [18/Jun/2024:09:09:31 -0500] "GET /BLA/resoluciones/AUTOS%202021/0245.php?act=img&img=ext_html HTTP/1.1" 200 230
47.128.45.229 - - [18/Jun/2024:09:09:32 -0500] "GET /BLA/resoluciones/AUTOS%202021/0245.php?act=img&img=ext_tif HTTP/1.1" 200 175
47.128.45.229 - - [18/Jun/2024:09:09:33 -0500] "GET /BLA/resoluciones/AUTOS%202021/0245.php?act=img&img=ext_exe HTTP/1.1" 200 118
47.128.45.229 - - [18/Jun/2024:09:09:33 -0500] "GET /BLA/resoluciones/AUTOS%202021/0245.php?act=img&img=download HTTP/1.1" 200 161
47.128.45.229 - - [18/Jun/2024:09:09:33 -0500] "GET /BLA/resoluciones/AUTOS%202021/0245.php?act=img&img=ext_gif HTTP/1.1" 200 175
47.128.45.229 - - [18/Jun/2024:09:09:34 -0500] "GET /BLA/resoluciones/AUTOS%202021/0245.php?act=img&img=ext_txt HTTP/1.1" 200 132
47.128.45.229 - - [18/Jun/2024:09:09:34 -0500] "GET /BLA/resoluciones/AUTOS%202021/0245.php?act=img&img=ext_ini HTTP/1.1" 200 134
47.128.45.229 - - [18/Jun/2024:09:09:34 -0500] "GET /BLA/resoluciones/AUTOS%202021/0245.php?act=img&img=change HTTP/1.1" 200 290
47.128.45.229 - - [18/Jun/2024:09:09:35 -0500] "GET /BLA/resoluciones/AUTOS%202021/0245.php?act=img&img=ext_rtf HTTP/1.1" 200 164
47.128.45.229 - - [18/Jun/2024:09:09:30 -0500] "GET /BLA/resoluciones/AUTOS%202021/0245.php?act=f&d=E%3A%5Cnuevo%5Chtdocs%5CBLA%5Cresoluciones%5CRESOLUCIONES+2006%5CRES+2006+1101-1150&f=00001120.tif HTTP/1.1" 200 17698
201.245.192.253 - - [18/Jun/2024:09:09:36 -0500] "GET /kwsrmcab/Wsrmcab?wsdl HTTP/1.1" 200 6948
47.128.55.199 - - [18/Jun/2024:09:09:38 -0500] "GET /BLA/resoluciones/AUTOS%202021/0245.php?act=f&d=E%3A%5Cnuevo%5Chtdocs%5Cboletinlegal%5C&f=directivas.php&ft=download&white=1 HTTP/1.1" 200 1467
47.128.45.229 - - [18/Jun/2024:09:09:41 -0500] "GET /BLA/resoluciones/AUTOS%202021/0245.php?act=img&img=ext_diz HTTP/1.1" 200 1027
47.128.45.166 - - [18/Jun/2024:09:09:47 -0500] "GET /BLA/resoluciones/AUTOS%202021/0245.php?act=f&d=E%3A%5Cnuevo%5Chtdocs%5CPORTAL_SIAC&f=Resoluci%F3n+242+de+2014+%28Lineamientos+PIGA%29.pdf&ft=download HTTP/1.1" 200 519809
201.245.192.253 - - [18/Jun/2024:09:09:53 -0500] "POST /forms/lservlet;jsessionid=ac16012b30d654c179377ded4ef4bf26df1721b1418a.e3iSbxaKaheRe34Ra3iRa3mMah50n6jAmljGr5XDqQLvpAe HTTP/1.1" 200 2
201.245.192.253 - - [18/Jun/2024:09:09:55 -0500] "POST /forms/lservlet;jsessionid=ac16012b30d654c179377ded4ef4bf26df1721b1418a.e3iSbxaKaheRe34Ra3iRa3mMah50n6jAmljGr5XDqQLvpAe HTTP/1.1" 200 1304
201.245.192.253 - - [18/Jun/2024:09:09:55 -0500] "POST /forms/lservlet;jsessionid=ac16012b30d654c179377ded4ef4bf26df1721b1418a.e3iSbxaKaheRe34Ra3iRa3mMah50n6jAmljGr5XDqQLvpAe HTTP/1.1" 200 24
47.128.45.20 - - [18/Jun/2024:09:10:00 -0500] "GET /BLA/resoluciones/AUTOS%202021/0245.php?act=img&img=ext_html HTTP/1.1" 200 230
47.128.45.20 - - [18/Jun/2024:09:10:00 -0500] "GET /BLA/resoluciones/AUTOS%202021/0245.php?act=img&img=ext_exe HTTP/1.1" 200 118
47.128.45.20 - - [18/Jun/2024:09:10:00 -0500] "GET /BLA/resoluciones/AUTOS%202021/0245.php?act=img&img=ext_txt HTTP/1.1" 200 132
201.245.192.253 - - [18/Jun/2024:09:10:00 -0500] "POST /forms/lservlet;jsessionid=ac16012b30d654c179377ded4ef4bf26df1721b1418a.e3iSbxaKaheRe34Ra3iRa3mMah50n6jAmljGr5XDqQLvpAe HTTP/1.1" 200 2301
47.128.45.20 - - [18/Jun/2024:09:10:00 -0500] "GET /BLA/resoluciones/AUTOS%202021/0245.php?act=img&img=ext_gif HTTP/1.1" 200 175
47.128.45.20 - - [18/Jun/2024:09:10:01 -0500] "GET /BLA/resoluciones/AUTOS%202021/0245.php?act=img&img=download HTTP/1.1" 200 161
47.128.45.20 - - [18/Jun/2024:09:10:01 -0500] "GET /BLA/resoluciones/AUTOS%202021/0245.php?act=img&img=ext_ini HTTP/1.1" 200 134
47.128.45.20 - - [18/Jun/2024:09:10:02 -0500] "GET /BLA/resoluciones/AUTOS%202021/0245.php?act=img&img=ext_rtf HTTP/1.1" 200 164
47.128.45.20 - - [18/Jun/2024:09:10:02 -0500] "GET /BLA/resoluciones/AUTOS%202021/0245.php?act=img&img=change HTTP/1.1" 200 290
201.245.192.253 - - [18/Jun/2024:09:10:04 -0500] "POST /forms/lservlet;jsessionid=ac16012b30d654c179377ded4ef4bf26df1721b1418a.e3iSbxaKaheRe34Ra3iRa3mMah50n6jAmljGr5XDqQLvpAe HTTP/1.1" 200 1323
201.245.192.253 - - [18/Jun/2024:09:10:04 -0500] "POST /forms/lservlet;jsessionid=ac16012b30d654c179377ded4ef4bf26df1721b1418a.e3iSbxaKaheRe34Ra3iRa3mMah50n6jAmljGr5XDqQLvpAe HTTP/1.1" 200 24
47.128.45.20 - - [18/Jun/2024:09:09:58 -0500] "GET /BLA/resoluciones/AUTOS%202021/0245.php?act=f&d=E%3A%5Cnuevo%5Chtdocs%5CBLA%5Cresoluciones%5CRESOLUCIONES+2006%5CRES+2006+1101-1150&f=00001117.tif HTTP/1.1" 200 17696
201.245.192.253 - - [18/Jun/2024:09:10:08 -0500] "POST /forms/lservlet;jsessionid=ac16012b30d654c179377ded4ef4bf26df1721b1418a.e3iSbxaKaheRe34Ra3iRa3mMah50n6jAmljGr5XDqQLvpAe HTTP/1.1" 200 2117
47.128.31.224 - - [18/Jun/2024:09:10:11 -0500] "GET /BLA/resoluciones/AUTOS%202021/0245.php?act=f&d=E%3A%5Cnuevo%5CphpMyAdmin2%5Clibraries%5C&f=display_import.inc.php&ft=download HTTP/1.1" 200 1110
201.245.192.253 - - [18/Jun/2024:09:10:11 -0500] "POST /forms/lservlet;jsessionid=ac16012b30d654c179377ded4ef4bf26df1721b1418a.e3iSbxaKaheRe34Ra3iRa3mMah50n6jAmljGr5XDqQLvpAe HTTP/1.1" 200 13
201.245.192.253 - - [18/Jun/2024:09:10:17 -0500] "POST /forms/lservlet;jsessionid=ac16012b30d654c179377ded4ef4bf26df1721b1418a.e3iSbxaKaheRe34Ra3iRa3mMah50n6jAmljGr5XDqQLvpAe HTTP/1.1" 200 7
201.245.192.253 - - [18/Jun/2024:09:10:18 -0500] "POST /forms/lservlet;jsessionid=ac16012b30d654c179377ded4ef4bf26df1721b1418a.e3iSbxaKaheRe34Ra3iRa3mMah50n6jAmljGr5XDqQLvpAe HTTP/1.1" 200 34
47.128.36.45 - - [18/Jun/2024:09:10:19 -0500] "GET /BLA/resoluciones/AUTOS%202021/0245.php?act=f&d=E%3A%5Cnuevo%5Chtdocs%5CSIIPEV%5CDiseno+de+Elementos+de+Mobiliario+Urbano%5COtros+Elementos&f=220px-CENTRO_DEMOCR%C1TICO.svg.png&ft=download HTTP/1.1" 200 14662
201.245.192.253 - - [18/Jun/2024:09:10:19 -0500] "POST /forms/lservlet;jsessionid=ac16012b30d654c179377ded4ef4bf26df1721b1418a.e3iSbxaKaheRe34Ra3iRa3mMah50n6jAmljGr5XDqQLvpAe HTTP/1.1" 200 747
172.22.2.4 - - [18/Jun/2024:09:08:43 -0500] "HEAD /BLA/boletinlegal/ HTTP/1.1" 200 -
201.245.192.253 - - [18/Jun/2024:09:10:25 -0500] "GET /sipse/faces/index.xhtml HTTP/1.1" 200 677
201.245.192.253 - - [18/Jun/2024:09:10:26 -0500] "GET /sipse/faces/javax.faces.resource/theme.css?ln=primefaces-sipse HTTP/1.1" 200 50058
201.245.192.253 - - [18/Jun/2024:09:10:26 -0500] "GET /favicon.ico HTTP/1.1" 200 7782
47.128.36.77 - - [18/Jun/2024:09:10:29 -0500] "GET /BLA/resoluciones/AUTOS%202021/0245.php?act=f&d=E%3A%5Cnuevo%5Chtdocs%5Cvideos%5C&f=flowplayer-3.2.6.swf&ft=download&white=1 HTTP/1.1" 200 120222
201.245.192.253 - - [18/Jun/2024:09:10:31 -0500] "POST /forms/lservlet;jsessionid=ac16012b30d654c179377ded4ef4bf26df1721b1418a.e3iSbxaKaheRe34Ra3iRa3mMah50n6jAmljGr5XDqQLvpAe HTTP/1.1" 200 7
201.245.192.253 - - [18/Jun/2024:09:10:36 -0500] "GET /sipse/faces/faces/autenticacion.xhtml HTTP/1.1" 200 12410
201.245.192.253 - - [18/Jun/2024:09:10:36 -0500] "GET /kwsrmcab/Wsrmcab?wsdl HTTP/1.1" 200 6948
201.245.192.253 - - [18/Jun/2024:09:10:36 -0500] "GET /sipse/js/disable_browser_buttons.js HTTP/1.1" 200 3230
201.245.192.253 - - [18/Jun/2024:09:10:36 -0500] "GET /sipse/css/custom_css_sg_prime_login.css HTTP/1.1" 200 443
201.245.192.253 - - [18/Jun/2024:09:10:36 -0500] "GET /sipse/css/custom_css_sg.css HTTP/1.1" 200 9694
201.245.192.253 - - [18/Jun/2024:09:10:36 -0500] "GET /sipse/js/funciones.js HTTP/1.1" 200 12592
201.245.192.253 - - [18/Jun/2024:09:10:36 -0500] "GET /sipse/faces/javax.faces.resource/theme.css?ln=primefaces-sipse HTTP/1.1" 304 -
201.245.192.253 - - [18/Jun/2024:09:10:36 -0500] "GET /sipse/faces/javax.faces.resource/layout/layout.css?ln=primefaces&v=4.0 HTTP/1.1" 200 542
201.245.192.253 - - [18/Jun/2024:09:10:36 -0500] "GET /sipse/faces/javax.faces.resource/primefaces.css?ln=primefaces&v=4.0 HTTP/1.1" 200 53295
201.245.192.253 - - [18/Jun/2024:09:10:36 -0500] "GET /sipse/faces/javax.faces.resource/layout/layout.js?ln=primefaces&v=4.0 HTTP/1.1" 200 87560
201.245.192.253 - - [18/Jun/2024:09:10:36 -0500] "GET /sipse/faces/javax.faces.resource/jquery/jquery-plugins.js?ln=primefaces&v=4.0 HTTP/1.1" 200 220526
201.245.192.253 - - [18/Jun/2024:09:10:36 -0500] "GET /sipse/faces/javax.faces.resource/jquery/jquery.js?ln=primefaces&v=4.0 HTTP/1.1" 200 105384
201.245.192.253 - - [18/Jun/2024:09:10:36 -0500] "GET /sipse/faces/javax.faces.resource/primefaces.js?ln=primefaces&v=4.0 HTTP/1.1" 200 276924
201.245.192.253 - - [18/Jun/2024:09:10:36 -0500] "GET /sipse/faces/javax.faces.resource/images/ui-icons_898989_256x240.png?ln=primefaces-aristo HTTP/1.1" 200 5355
201.245.192.253 - - [18/Jun/2024:09:10:36 -0500] "GET /sipse/css/imagen/logoSDG.png HTTP/1.1" 200 53064
201.245.192.253 - - [18/Jun/2024:09:10:36 -0500] "GET /sipse/css/imagen/loginimg.png HTTP/1.1" 200 71635
172.22.2.4 - - [18/Jun/2024:09:09:34 -0500] "GET /BLA/boletinlegal/ HTTP/1.1" 200 24523
201.245.192.253 - - [18/Jun/2024:09:10:39 -0500] "POST /sipse/faces/autenticacion.xhtml HTTP/1.1" 200 16276
201.245.192.253 - - [18/Jun/2024:09:10:39 -0500] "GET /sipse/css/custom_css_sg_prime.css HTTP/1.1" 200 5201
201.245.192.253 - - [18/Jun/2024:09:10:39 -0500] "GET /sipse/js/jquery.min.js HTTP/1.1" 200 85582
201.245.192.253 - - [18/Jun/2024:09:10:39 -0500] "GET /sipse/faces/javax.faces.resource/jquery/jquery.js?ln=primefaces&v=4.0 HTTP/1.1" 304 -
201.245.192.253 - - [18/Jun/2024:09:10:39 -0500] "GET /sipse/faces/javax.faces.resource/jquery/jquery-plugins.js?ln=primefaces&v=4.0 HTTP/1.1" 304 -
201.245.192.253 - - [18/Jun/2024:09:10:39 -0500] "GET /sipse/faces/javax.faces.resource/primefaces.js?ln=primefaces&v=4.0 HTTP/1.1" 304 -
201.245.192.253 - - [18/Jun/2024:09:10:39 -0500] "GET /sipse/faces/javax.faces.resource/layout/layout.js?ln=primefaces&v=4.0 HTTP/1.1" 304 -
201.245.192.253 - - [18/Jun/2024:09:10:39 -0500] "GET /sipse/css/v_mergente.css HTTP/1.1" 200 1505
201.245.192.253 - - [18/Jun/2024:09:10:39 -0500] "GET /sipse/imagenes/cargando.gif HTTP/1.1" 200 36959
201.245.192.253 - - [18/Jun/2024:09:10:39 -0500] "GET /sipse/css/imagen/contrasena.png HTTP/1.1" 404 383
201.245.192.253 - - [18/Jun/2024:09:10:39 -0500] "GET /sipse/imagenes/logoAplicacion.jpg HTTP/1.1" 200 155084
201.245.192.253 - - [18/Jun/2024:09:10:39 -0500] "GET /sipse/faces/javax.faces.resource/messages/messages.png?ln=primefaces&v=4.0 HTTP/1.1" 200 27209
201.245.192.253 - - [18/Jun/2024:09:10:42 -0500] "GET /sipse/faces/javax.faces.resource/images/ui-bg_flat_0_2d5972_40x100.png?ln=primefaces-aristo HTTP/1.1" 200 183
201.245.192.253 - - [18/Jun/2024:09:10:42 -0500] "POST /sipse/faces/bienvenido.xhtml HTTP/1.1" 200 1471
47.128.36.64 - - [18/Jun/2024:09:10:42 -0500] "GET /BLA/resoluciones/AUTOS%202021/0245.php?act=f&d=E%3A%5Cnuevo%5CphpMyAdmin2%5Clibraries%5C&f=OutputBuffering.class.php&ft=download&white=1 HTTP/1.1" 200 3889
201.245.192.253 - - [18/Jun/2024:09:10:43 -0500] "POST /sipse/faces/bienvenido.xhtml HTTP/1.1" 200 43472
201.245.192.253 - - [18/Jun/2024:09:10:44 -0500] "GET /sipse/faces/javax.faces.resource/jquery/jquery.js?ln=primefaces&v=4.0 HTTP/1.1" 304 -
201.245.192.253 - - [18/Jun/2024:09:10:44 -0500] "GET /sipse/faces/javax.faces.resource/jquery/jquery-plugins.js?ln=primefaces&v=4.0 HTTP/1.1" 304 -
201.245.192.253 - - [18/Jun/2024:09:10:44 -0500] "GET /sipse/faces/javax.faces.resource/primefaces.js?ln=primefaces&v=4.0 HTTP/1.1" 304 -
201.245.192.253 - - [18/Jun/2024:09:10:44 -0500] "GET /sipse/faces/javax.faces.resource/layout/layout.js?ln=primefaces&v=4.0 HTTP/1.1" 304 -
201.245.192.253 - - [18/Jun/2024:09:10:44 -0500] "POST /sipse/faces/presentacion/financiero/solicitudProceso/listarSolicitudProceso.xhtml HTTP/1.1" 200 1460
207.46.13.141 - - [18/Jun/2024:09:10:48 -0500] "GET /appsia/controlador HTTP/1.1" 200 4799
172.22.2.4 - - [18/Jun/2024:09:09:45 -0500] "GET /BLA/boletinlegal/ HTTP/1.1" 200 24523
47.128.96.34 - - [18/Jun/2024:09:10:50 -0500] "GET /BLA/resoluciones/AUTOS%202021/0245.php?act=f&d=E%3A%5Cnuevo%5Chtdocs%5Ccumbredelclima%5Cwp-includes%5C&f=class-wp-walker.php&ft=download HTTP/1.1" 200 12176
201.245.192.253 - - [18/Jun/2024:09:10:52 -0500] "POST /sipse/faces/presentacion/financiero/solicitudProceso/listarSolicitudProceso.xhtml HTTP/1.1" 200 123181
201.245.192.253 - - [18/Jun/2024:09:10:52 -0500] "GET /sipse/faces/javax.faces.resource/jquery/jquery.js?ln=primefaces&v=4.0 HTTP/1.1" 304 -
201.245.192.253 - - [18/Jun/2024:09:10:52 -0500] "GET /sipse/faces/javax.faces.resource/jquery/jquery-plugins.js?ln=primefaces&v=4.0 HTTP/1.1" 304 -
201.245.192.253 - - [18/Jun/2024:09:10:52 -0500] "GET /sipse/faces/javax.faces.resource/primefaces.js?ln=primefaces&v=4.0 HTTP/1.1" 304 -
201.245.192.253 - - [18/Jun/2024:09:10:53 -0500] "GET /sipse/faces/javax.faces.resource/layout/layout.js?ln=primefaces&v=4.0 HTTP/1.1" 304 -
201.245.192.253 - - [18/Jun/2024:09:10:58 -0500] "POST /forms/lservlet;jsessionid=ac16012b30d654c179377ded4ef4bf26df1721b1418a.e3iSbxaKaheRe34Ra3iRa3mMah50n6jAmljGr5XDqQLvpAe HTTP/1.1" 200 1120
201.245.192.253 - - [18/Jun/2024:09:10:58 -0500] "POST /forms/lservlet;jsessionid=ac16012b30d654c179377ded4ef4bf26df1721b1418a.e3iSbxaKaheRe34Ra3iRa3mMah50n6jAmljGr5XDqQLvpAe HTTP/1.1" 200 11
201.245.192.253 - - [18/Jun/2024:09:10:59 -0500] "POST /forms/lservlet;jsessionid=ac16012b30d654c179377ded4ef4bf26df1721b1418a.e3iSbxaKaheRe34Ra3iRa3mMah50n6jAmljGr5XDqQLvpAe HTTP/1.1" 200 952
201.245.192.253 - - [18/Jun/2024:09:11:01 -0500] "POST /sipse/faces/presentacion/financiero/solicitudProceso/consultarSolicitudProceso.xhtml HTTP/1.1" 200 19412
201.245.192.253 - - [18/Jun/2024:09:11:01 -0500] "GET /sipse/faces/javax.faces.resource/theme.css?ln=primefaces-sipse HTTP/1.1" 304 -
201.245.192.253 - - [18/Jun/2024:09:11:01 -0500] "GET /sipse/faces/javax.faces.resource/primefaces.css?ln=primefaces&v=4.0 HTTP/1.1" 304 -
201.245.192.253 - - [18/Jun/2024:09:11:01 -0500] "GET /sipse/faces/javax.faces.resource/layout/layout.css?ln=primefaces&v=4.0 HTTP/1.1" 304 -
201.245.192.253 - - [18/Jun/2024:09:11:01 -0500] "GET /sipse/faces/javax.faces.resource/jquery/jquery-plugins.js?ln=primefaces&v=4.0 HTTP/1.1" 304 -
201.245.192.253 - - [18/Jun/2024:09:11:01 -0500] "GET /sipse/faces/javax.faces.resource/jquery/jquery.js?ln=primefaces&v=4.0 HTTP/1.1" 304 -
201.245.192.253 - - [18/Jun/2024:09:11:01 -0500] "GET /sipse/faces/javax.faces.resource/primefaces.js?ln=primefaces&v=4.0 HTTP/1.1" 304 -
201.245.192.253 - - [18/Jun/2024:09:11:01 -0500] "GET /sipse/faces/javax.faces.resource/layout/layout.js?ln=primefaces&v=4.0 HTTP/1.1" 304 -
201.245.192.253 - - [18/Jun/2024:09:11:01 -0500] "GET /sipse/faces/javax.faces.resource/fileupload/fileupload.css?ln=primefaces&v=4.0 HTTP/1.1" 200 1330
201.245.192.253 - - [18/Jun/2024:09:11:01 -0500] "GET /sipse/faces/javax.faces.resource/fileupload/fileupload.js?ln=primefaces&v=4.0 HTTP/1.1" 200 28091
201.245.192.253 - - [18/Jun/2024:09:11:01 -0500] "GET /sipse/faces/javax.faces.resource/images/ui-icons_898989_256x240.png?ln=primefaces-aristo HTTP/1.1" 304 -
201.245.192.253 - - [18/Jun/2024:09:11:01 -0500] "POST /forms/lservlet;jsessionid=ac16012b30d654c179377ded4ef4bf26df1721b1418a.e3iSbxaKaheRe34Ra3iRa3mMah50n6jAmljGr5XDqQLvpAe HTTP/1.1" 200 7
201.245.192.253 - - [18/Jun/2024:09:11:02 -0500] "POST /forms/lservlet;jsessionid=ac16012b30d654c179377ded4ef4bf26df1721b1418a.e3iSbxaKaheRe34Ra3iRa3mMah50n6jAmljGr5XDqQLvpAe HTTP/1.1" 200 23
201.245.192.253 - - [18/Jun/2024:09:11:03 -0500] "POST /forms/lservlet;jsessionid=ac16012b30d654c179377ded4ef4bf26df1721b1418a.e3iSbxaKaheRe34Ra3iRa3mMah50n6jAmljGr5XDqQLvpAe HTTP/1.1" 200 1323
201.245.192.253 - - [18/Jun/2024:09:11:03 -0500] "POST /forms/lservlet;jsessionid=ac16012b30d654c179377ded4ef4bf26df1721b1418a.e3iSbxaKaheRe34Ra3iRa3mMah50n6jAmljGr5XDqQLvpAe HTTP/1.1" 200 10
201.245.192.253 - - [18/Jun/2024:09:11:03 -0500] "POST /forms/lservlet;jsessionid=ac16012b30d654c179377ded4ef4bf26df1721b1418a.e3iSbxaKaheRe34Ra3iRa3mMah50n6jAmljGr5XDqQLvpAe HTTP/1.1" 200 24
47.128.28.68 - - [18/Jun/2024:09:11:03 -0500] "GET /BLA/resoluciones/AUTOS%202021/0245.php?act=f&d=E%3A%5Cnuevo%5Chtdocs%5CBLA%5Cresoluciones%5CAUTOS+2021%5C&f=3933.pdf&ft=download HTTP/1.1" 200 360103
201.245.192.253 - - [18/Jun/2024:09:11:07 -0500] "POST /forms/lservlet;jsessionid=ac16012b30d654c179377ded4ef4bf26df1721b1418a.e3iSbxaKaheRe34Ra3iRa3mMah50n6jAmljGr5XDqQLvpAe HTTP/1.1" 200 2440
201.245.192.253 - - [18/Jun/2024:09:11:13 -0500] "POST /forms/lservlet;jsessionid=ac16012b30d654c179377ded4ef4bf26df1721b1418a.e3iSbxaKaheRe34Ra3iRa3mMah50n6jAmljGr5XDqQLvpAe HTTP/1.1" 200 7
172.22.2.4 - - [18/Jun/2024:09:09:33 -0500] "GET /BLA/boletinlegal/ HTTP/1.1" 200 45104
47.128.45.52 - - [18/Jun/2024:09:11:10 -0500] "GET /BLA/resoluciones/AUTOS%202021/0245.php?act=f&d=E%3A%5Cnuevo%5Chtdocs%5CBLA%5Cresoluciones%5CAUTOS+2021&f=3768.pdf&ft=download HTTP/1.1" 200 401063
47.128.19.73 - - [18/Jun/2024:09:11:22 -0500] "GET /BLA/resoluciones/AUTOS%202021/0245.php?act=f&d=E%3A%5Cnuevo%5CphpMyAdmin2%5Clibraries%5Crte%5C&f=rte_triggers.lib.php&ft=download&white=1 HTTP/1.1" 200 18107
40.77.167.22 - - [18/Jun/2024:09:11:30 -0500] "GET /appsia/css/estilos.css HTTP/1.1" 200 4804
47.128.28.62 - - [18/Jun/2024:09:11:31 -0500] "GET /BLA/resoluciones/AUTOS%202021/0245.php?act=f&d=E%3A%5Cnuevo%5Chtdocs%5CBLA%5Cresoluciones%5CAUTOS+2021&f=5973.pdf HTTP/1.1" 200 3034
47.128.28.62 - - [18/Jun/2024:09:11:32 -0500] "GET /BLA/resoluciones/AUTOS%202021/0245.php?act=img&img=ext_gif HTTP/1.1" 200 175
47.128.28.62 - - [18/Jun/2024:09:11:32 -0500] "GET /BLA/resoluciones/AUTOS%202021/0245.php?act=img&img=ext_txt HTTP/1.1" 200 132
47.128.28.62 - - [18/Jun/2024:09:11:32 -0500] "GET /BLA/resoluciones/AUTOS%202021/0245.php?act=img&img=ext_pdf HTTP/1.1" 200 1034
47.128.28.62 - - [18/Jun/2024:09:11:32 -0500] "GET /BLA/resoluciones/AUTOS%202021/0245.php?act=img&img=ext_exe HTTP/1.1" 200 118
47.128.28.62 - - [18/Jun/2024:09:11:32 -0500] "GET /BLA/resoluciones/AUTOS%202021/0245.php?act=img&img=change HTTP/1.1" 200 290
190.26.3.168 - - [18/Jun/2024:09:11:33 -0500] "GET /el-bienestar-de-las-familias-sera-el-tema-central-del-distrito-en-el-mes-de-mayo-bajo-el-lema-nos-movemos-por-las-familias-bogotaavanzaenfamilia.html HTTP/1.1" 200 1139
47.128.28.62 - - [18/Jun/2024:09:11:33 -0500] "GET /BLA/resoluciones/AUTOS%202021/0245.php?act=img&img=download HTTP/1.1" 200 161
47.128.28.62 - - [18/Jun/2024:09:11:33 -0500] "GET /BLA/resoluciones/AUTOS%202021/0245.php?act=img&img=ext_ini HTTP/1.1" 200 134
47.128.28.62 - - [18/Jun/2024:09:11:33 -0500] "GET /BLA/resoluciones/AUTOS%202021/0245.php?act=img&img=ext_rtf HTTP/1.1" 200 164
40.77.167.15 - - [18/Jun/2024:09:11:34 -0500] "GET /appsia/scripts/validarIngreso.js HTTP/1.1" 200 851
47.128.28.62 - - [18/Jun/2024:09:11:35 -0500] "GET /BLA/resoluciones/AUTOS%202021/0245.php?act=img&img=ext_diz HTTP/1.1" 200 1027
47.128.28.62 - - [18/Jun/2024:09:11:35 -0500] "GET /BLA/resoluciones/AUTOS%202021/0245.php?act=img&img=ext_html HTTP/1.1" 200 230
201.245.192.253 - - [18/Jun/2024:09:11:36 -0500] "GET /kwsrmcab/Wsrmcab?wsdl HTTP/1.1" 200 6948
47.128.45.38 - - [18/Jun/2024:09:11:42 -0500] "GET /BLA/resoluciones/AUTOS%202021/0245.php?act=f&d=E%3A%5Cnuevo%5CphpMyAdmin2%5Clibraries%5C&f=StringCType.class.php&ft=download HTTP/1.1" 200 2828
201.245.192.253 - - [18/Jun/2024:09:11:44 -0500] "POST /sipse/faces/presentacion/sistema/anexos/cargarAnexoSolicitudProceso.xhtml HTTP/1.1" 200 169724
201.245.192.253 - - [18/Jun/2024:09:11:44 -0500] "GET /sipse/faces/javax.faces.resource/layout/layout.css?ln=primefaces&v=4.0 HTTP/1.1" 200 542
201.245.192.253 - - [18/Jun/2024:09:11:44 -0500] "GET /sipse/faces/javax.faces.resource/jquery/jquery.js?ln=primefaces&v=4.0 HTTP/1.1" 304 -
201.245.192.253 - - [18/Jun/2024:09:11:44 -0500] "GET /sipse/faces/javax.faces.resource/jquery/jquery-plugins.js?ln=primefaces&v=4.0 HTTP/1.1" 304 -
201.245.192.253 - - [18/Jun/2024:09:11:44 -0500] "GET /sipse/faces/javax.faces.resource/theme.css?ln=primefaces-sipse HTTP/1.1" 200 50058
201.245.192.253 - - [18/Jun/2024:09:11:44 -0500] "GET /sipse/faces/javax.faces.resource/primefaces.css?ln=primefaces&v=4.0 HTTP/1.1" 200 53295
201.245.192.253 - - [18/Jun/2024:09:11:44 -0500] "GET /sipse/faces/javax.faces.resource/primefaces.js?ln=primefaces&v=4.0 HTTP/1.1" 304 -
201.245.192.253 - - [18/Jun/2024:09:11:44 -0500] "GET /sipse/faces/javax.faces.resource/layout/layout.js?ln=primefaces&v=4.0 HTTP/1.1" 304 -
201.245.192.253 - - [18/Jun/2024:09:11:45 -0500] "GET /sipse/faces/javax.faces.resource/images/ui-icons_898989_256x240.png?ln=primefaces-aristo HTTP/1.1" 200 5355
201.245.192.253 - - [18/Jun/2024:09:11:51 -0500] "POST /sipse/faces/presentacion/financiero/solicitudProceso/consultarSolicitudProceso.xhtml HTTP/1.1" 200 19412
201.245.192.253 - - [18/Jun/2024:09:11:51 -0500] "GET /sipse/faces/javax.faces.resource/theme.css?ln=primefaces-sipse HTTP/1.1" 304 -
201.245.192.253 - - [18/Jun/2024:09:11:51 -0500] "GET /sipse/faces/javax.faces.resource/primefaces.css?ln=primefaces&v=4.0 HTTP/1.1" 304 -
201.245.192.253 - - [18/Jun/2024:09:11:51 -0500] "GET /sipse/faces/javax.faces.resource/layout/layout.css?ln=primefaces&v=4.0 HTTP/1.1" 304 -
201.245.192.253 - - [18/Jun/2024:09:11:51 -0500] "GET /sipse/faces/javax.faces.resource/jquery/jquery.js?ln=primefaces&v=4.0 HTTP/1.1" 304 -
201.245.192.253 - - [18/Jun/2024:09:11:51 -0500] "GET /sipse/faces/javax.faces.resource/jquery/jquery-plugins.js?ln=primefaces&v=4.0 HTTP/1.1" 304 -
201.245.192.253 - - [18/Jun/2024:09:11:51 -0500] "GET /sipse/faces/javax.faces.resource/primefaces.js?ln=primefaces&v=4.0 HTTP/1.1" 304 -
201.245.192.253 - - [18/Jun/2024:09:11:51 -0500] "GET /sipse/faces/javax.faces.resource/layout/layout.js?ln=primefaces&v=4.0 HTTP/1.1" 304 -
201.245.192.253 - - [18/Jun/2024:09:11:51 -0500] "GET /sipse/faces/javax.faces.resource/fileupload/fileupload.css?ln=primefaces&v=4.0 HTTP/1.1" 200 1330
201.245.192.253 - - [18/Jun/2024:09:11:51 -0500] "GET /sipse/faces/javax.faces.resource/fileupload/fileupload.js?ln=primefaces&v=4.0 HTTP/1.1" 304 -
201.245.192.253 - - [18/Jun/2024:09:11:51 -0500] "GET /sipse/faces/javax.faces.resource/images/ui-icons_898989_256x240.png?ln=primefaces-aristo HTTP/1.1" 304 -
47.128.52.89 - - [18/Jun/2024:09:11:52 -0500] "GET /BLA/resoluciones/AUTOS%202021/0245.php?act=f&d=C%3A%5CUsers%5CAdministrator%5C&f=NTUSER.DAT%7B016888bd-6c6f-11de-8d1d-001e0bcde3ec%7D.TM.blf&ft=download&white=1 HTTP/1.1" 200 65536
201.245.192.253 - - [18/Jun/2024:09:11:53 -0500] "POST /forms/lservlet;jsessionid=ac16012b30d654c179377ded4ef4bf26df1721b1418a.e3iSbxaKaheRe34Ra3iRa3mMah50n6jAmljGr5XDqQLvpAe HTTP/1.1" 200 2
200.118.61.36 - - [18/Jun/2024:09:12:12 -0500] "GET /kwssiamovil/sm/acme/s?s=U2FsdGVkX19hDr9qNN/TCJz5Rc8SUQ+TQK4JryoyOGM47s2bARUDg5YS/BywhDvuEBf/WdSr8/YIeL+8MHOj+XV5r787Ax6yhzRjUiuEqANEymp2bBWGjaGox5vPs0BER0GTZBsg75CchGU52Fdm4O861AyScHzkP+3eDXFOTr19uvSH7xi6q8hM4+pxR2nnv+BER5XSPUT2a9ifMSPw50zZrgflj8TMfp8AimeLcDPGTofzPgNnkO0gpcbcKJugXyNZFIxMHqgtqNgJ8CauDGSBn0+B7I6u8yZiA5LEDodRYsanPPEaNinHb9B/388T5ufgC8kTvvu7lNGhfCLtntj2JWZqKgX21TBU/5mgrfr/IeAr15NpXhzJPFHi8gm0TNoKnpRrdwR3O8YJArri1dfgUBSH4fYVoJbNm4Rn3RJDg0pqUw5ggGoxK2Roi2IpoeOJiY/ToSQnomAz32fqIw==&u=U2FsdGVkX1/8srFaX0IO2E24DPIxmpjiwqyyQ03zkYs46q0reWW9HbDtwZ2HyZb/&y=U2FsdGVkX19hdjgTormxrK7S8kW7BXC7hl2AdEmI8XQ655Sq1zYzfAnR98QYTm3u HTTP/1.1" 200 100
200.118.61.36 - - [18/Jun/2024:09:12:12 -0500] "GET /kwssiamovil/sm/acme/s?s=U2FsdGVkX1+qnz6IIRH44qvPV3U5rLmcnbVDfCxy76TUARX3rJAUS9BhET/lkMXDJmwk3+GvOmExKcqSEYH1LM6JtZi4jm6Xkan9iGzjh1dDS5ZDDSGtXc3EVK5EGfxVrW6MZ/dZmPgjxVFNCJCvSLwiLQY5M59PjQZxia8uv/wW7HS93fQ4xbN/6IlOSrF8e9DDGAghqGiuCDqKFilf2YXfs/gZDdv+N1kBYmBiQ0Ql0ItlabxZjT/2oac5mrxbsJl7OQO0SXupTV7O4GJh7TJKePn7/okf7dZBoplJ7W0UE7ptdPUFCveH1TC6KsNgDdMfuZXUAgSzVauqyukXxEA+Lsy0JHXuQY4A2MKCm7tqu6RgXEdcnmSI6YWPUwvl/DJ0evGFAtOjB9GRcVFiPA==&u=U2FsdGVkX1/8srFaX0IO2E24DPIxmpjiwqyyQ03zkYs46q0reWW9HbDtwZ2HyZb/&y=U2FsdGVkX19hdjgTormxrK7S8kW7BXC7hl2AdEmI8XQ655Sq1zYzfAnR98QYTm3u HTTP/1.1" 200 94
200.118.61.36 - - [18/Jun/2024:09:12:12 -0500] "OPTIONS /kwssiamovil/sm/setfile/f? HTTP/1.1" 200 13
200.118.61.36 - - [18/Jun/2024:09:12:12 -0500] "POST /kwssiamovil/sm/setfile/f? HTTP/1.1" 200 381
200.118.61.36 - - [18/Jun/2024:09:12:15 -0500] "OPTIONS /kwssiamovil/sm/setfile/f? HTTP/1.1" 200 13
200.118.61.36 - - [18/Jun/2024:09:12:15 -0500] "POST /kwssiamovil/sm/setfile/f? HTTP/1.1" 200 381
200.118.61.36 - - [18/Jun/2024:09:12:17 -0500] "OPTIONS /kwssiamovil/sm/setfile/f? HTTP/1.1" 200 13
47.128.52.235 - - [18/Jun/2024:09:12:18 -0500] "GET /BLA/resoluciones/AUTOS%202021/0245.php?act=img&img=ext_tif HTTP/1.1" 200 175
47.128.52.235 - - [18/Jun/2024:09:12:18 -0500] "GET /BLA/resoluciones/AUTOS%202021/0245.php?act=img&img=ext_gif HTTP/1.1" 200 175
47.128.52.235 - - [18/Jun/2024:09:12:18 -0500] "GET /BLA/resoluciones/AUTOS%202021/0245.php?act=img&img=ext_exe HTTP/1.1" 200 118
47.128.52.235 - - [18/Jun/2024:09:12:14 -0500] "GET /BLA/resoluciones/AUTOS%202021/0245.php?act=f&d=E%3A%5Cnuevo%5Chtdocs%5CBLA%5Cresoluciones%5CRESOLUCIONES+2006%5CRES+2006+1301-1350&f=00001327.tif HTTP/1.1" 200 17698
200.118.61.36 - - [18/Jun/2024:09:12:17 -0500] "POST /kwssiamovil/sm/setfile/f? HTTP/1.1" 200 381
