186.28.227.18 - - [19/Jun/2024:09:49:03 -0500] "GET /sipse/faces/javax.faces.resource/jquery/jquery.js?ln=primefaces&v=4.0 HTTP/1.1" 304 -
186.28.227.18 - - [19/Jun/2024:09:49:03 -0500] "GET /sipse/faces/javax.faces.resource/jquery/jquery-plugins.js?ln=primefaces&v=4.0 HTTP/1.1" 304 -
186.28.227.18 - - [19/Jun/2024:09:49:03 -0500] "GET /sipse/faces/javax.faces.resource/primefaces.js?ln=primefaces&v=4.0 HTTP/1.1" 304 -
186.28.227.18 - - [19/Jun/2024:09:49:03 -0500] "GET /sipse/faces/javax.faces.resource/layout/layout.js?ln=primefaces&v=4.0 HTTP/1.1" 304 -
186.28.227.18 - - [19/Jun/2024:09:49:03 -0500] "POST /sipse/faces/presentacion/financiero/solicitudProceso/consultar.xhtml HTTP/1.1" 200 34736
186.28.227.18 - - [19/Jun/2024:09:49:04 -0500] "POST /sipse/faces/presentacion/financiero/solicitudProceso/consultar.xhtml HTTP/1.1" 200 34736
186.28.227.18 - - [19/Jun/2024:09:49:04 -0500] "POST /sipse/faces/presentacion/financiero/solicitudProceso/consultar.xhtml HTTP/1.1" 200 34736
186.28.227.18 - - [19/Jun/2024:09:49:04 -0500] "POST /sipse/faces/presentacion/financiero/solicitudProceso/consultar.xhtml HTTP/1.1" 200 34736
186.28.227.18 - - [19/Jun/2024:09:49:04 -0500] "POST /sipse/faces/presentacion/financiero/solicitudProceso/consultar.xhtml HTTP/1.1" 200 34736
186.28.227.18 - - [19/Jun/2024:09:49:04 -0500] "POST /sipse/faces/presentacion/financiero/solicitudProceso/consultar.xhtml HTTP/1.1" 200 34736
186.28.227.18 - - [19/Jun/2024:09:49:05 -0500] "POST /sipse/faces/presentacion/financiero/solicitudProceso/consultar.xhtml HTTP/1.1" 200 34736
186.28.227.18 - - [19/Jun/2024:09:49:05 -0500] "POST /sipse/faces/presentacion/financiero/solicitudProceso/consultar.xhtml HTTP/1.1" 200 34736
186.28.227.18 - - [19/Jun/2024:09:49:05 -0500] "POST /sipse/faces/presentacion/financiero/solicitudProceso/consultar.xhtml HTTP/1.1" 200 34736
186.28.227.18 - - [19/Jun/2024:09:49:07 -0500] "POST /sipse/faces/presentacion/financiero/solicitudProceso/consultar.xhtml HTTP/1.1" 200 12806
156.59.198.136 - - [19/Jun/2024:09:49:13 -0500] "GET /BLA/resoluciones/AUTOS%202021/0245.php?act=img&img=ext_sess_ou3lo6sgen836rg5dd4sp0uji7 HTTP/1.0" 200 1034
156.59.198.135 - - [19/Jun/2024:09:49:24 -0500] "GET /BLA/resoluciones/AUTOS%202021/0245.php?act=img&img=ext_copying HTTP/1.0" 200 1034
200.75.48.35 - - [19/Jun/2024:09:49:25 -0500] "POST /sipse/faces/presentacion/financiero/solicitudProceso/consultar.xhtml HTTP/1.1" 200 166107
200.75.48.35 - - [19/Jun/2024:09:49:26 -0500] "GET /sipse/faces/javax.faces.resource/theme.css?ln=primefaces-sipse HTTP/1.1" 304 -
200.75.48.35 - - [19/Jun/2024:09:49:26 -0500] "GET /sipse/faces/javax.faces.resource/primefaces.css?ln=primefaces&v=4.0 HTTP/1.1" 304 -
200.75.48.35 - - [19/Jun/2024:09:49:26 -0500] "GET /sipse/faces/javax.faces.resource/layout/layout.css?ln=primefaces&v=4.0 HTTP/1.1" 304 -
200.75.48.35 - - [19/Jun/2024:09:49:26 -0500] "GET /sipse/faces/javax.faces.resource/jquery/jquery.js?ln=primefaces&v=4.0 HTTP/1.1" 304 -
200.75.48.35 - - [19/Jun/2024:09:49:26 -0500] "GET /sipse/faces/javax.faces.resource/jquery/jquery-plugins.js?ln=primefaces&v=4.0 HTTP/1.1" 304 -
200.75.48.35 - - [19/Jun/2024:09:49:26 -0500] "GET /sipse/faces/javax.faces.resource/primefaces.js?ln=primefaces&v=4.0 HTTP/1.1" 304 -
200.75.48.35 - - [19/Jun/2024:09:49:26 -0500] "GET /sipse/faces/javax.faces.resource/layout/layout.js?ln=primefaces&v=4.0 HTTP/1.1" 304 -
216.244.66.195 - - [19/Jun/2024:09:49:26 -0500] "GET /BLA/resoluciones/RESOLUCIONES%202016/1755.pdf HTTP/1.1" 200 486276
78.153.140.179 - - [19/Jun/2024:09:49:27 -0500] "GET /.env HTTP/1.1" 404 1018
78.153.140.179 - - [19/Jun/2024:09:49:27 -0500] "\x16\x03\x01" 400 226
201.245.192.253 - - [19/Jun/2024:09:49:32 -0500] "GET /kwsrmcab/Wsrmcab?wsdl HTTP/1.1" 200 6948
200.75.48.35 - - [19/Jun/2024:09:49:32 -0500] "POST /sipse/faces/presentacion/financiero/solicitudProceso/consultarSolicitudProceso.xhtml HTTP/1.1" 200 366732
156.59.198.136 - - [19/Jun/2024:09:49:34 -0500] "GET /BLA/resoluciones/AUTOS%202021/0245.php?act=img&img=ext_sess_ur5thn98lsnap55fh714bc0962 HTTP/1.0" 200 1034
201.245.192.253 - - [19/Jun/2024:09:49:42 -0500] "POST /forms/lservlet;jsessionid=ac16012b30d61d0d9576dbc541fdbee5a484bc6a3672.e3iSbxaKaheRe34Ra3iRa3mMah50n6jAmljGr5XDqQLvpAe HTTP/1.1" 200 2
200.75.48.35 - - [19/Jun/2024:09:49:42 -0500] "POST /sipse/faces/presentacion/financiero/solicitudProceso/consultarSolicitudProceso.xhtml HTTP/1.1" 200 2145825
156.59.198.135 - - [19/Jun/2024:09:49:44 -0500] "GET /BLA/resoluciones/AUTOS%202021/0245.php?act=img&img=ext_sess_4evilatqh5bv9i82iv7qt9ek80 HTTP/1.0" 200 1034
216.244.66.195 - - [19/Jun/2024:09:49:55 -0500] "GET /BLA/resoluciones/RESOLUCIONES%202016/2031.pdf HTTP/1.1" 200 456219
156.59.198.135 - - [19/Jun/2024:09:49:55 -0500] "GET /BLA/resoluciones/AUTOS%202021/0245.php?act=img&img=ext_sess_emqjuvun42jmohsihe03qbu9o3 HTTP/1.0" 200 1034
201.245.192.253 - - [19/Jun/2024:09:50:21 -0500] "POST /forms/lservlet;jsessionid=ac16012b30d62ce8354ab2c04ae981fa8f2fd69b26f6.e3iSbxaKaheRe34Ra3iRa3mMah50n6jAmljGr5XDqQLvpAe HTTP/1.1" 200 2
216.244.66.195 - - [19/Jun/2024:09:50:23 -0500] "GET /BLA/resoluciones/RESOLUCIONES%202016/2195.pdf HTTP/1.1" 200 684268
201.245.192.253 - - [19/Jun/2024:09:50:32 -0500] "GET /kwsrmcab/Wsrmcab?wsdl HTTP/1.1" 200 6948
216.244.66.195 - - [19/Jun/2024:09:50:50 -0500] "GET /BLA/resoluciones/RESOLUCIONES%202016/2211.pdf HTTP/1.1" 200 461803
15.235.51.125 - - [19/Jun/2024:09:50:54 -0500] "GET / HTTP/1.1" 200 319
15.235.51.125 - - [19/Jun/2024:09:50:54 -0500] "GET / HTTP/1.1" 200 319
15.235.51.125 - - [19/Jun/2024:09:50:54 -0500] "GET / HTTP/1.1" 200 319
15.235.51.125 - - [19/Jun/2024:09:50:55 -0500] "GET /login HTTP/1.1" 404 1018
15.235.51.125 - - [19/Jun/2024:09:50:55 -0500] "GET /login HTTP/1.1" 404 1018
15.235.51.125 - - [19/Jun/2024:09:50:55 -0500] "GET /login HTTP/1.1" 404 1018
172.22.2.4 - - [19/Jun/2024:09:49:38 -0500] "HEAD /BLA/boletinlegal/ HTTP/1.1" 200 -
216.244.66.195 - - [19/Jun/2024:09:51:20 -0500] "GET /BLA/resoluciones/RESOLUCIONES%202016/2253.pdf HTTP/1.1" 200 363388
157.55.39.49 - - [19/Jun/2024:09:51:29 -0500] "GET /autoliquidacion/grupo%20forestal%20-%20industria%20de%20la%20madera/3-%20INSTRUCTIVO%20REGISTRO%20DE%20NUEVOS%20USUARIOS%20EN%20LA%20PLATAFORMA%20VITAL.pdf HTTP/1.1" 200 644720
201.245.192.253 - - [19/Jun/2024:09:51:32 -0500] "GET /kwsrmcab/Wsrmcab?wsdl HTTP/1.1" 200 6948
69.171.249.14 - - [19/Jun/2024:09:51:35 -0500] "GET /la-moda-circular-es-tendencia-nueva-apuesta-para-avanzar-en-la-sostenibilidad-del-sector-en-bogota.html HTTP/1.1" 200 796
69.171.249.13 - - [19/Jun/2024:09:51:35 -0500] "GET /la-moda-circular-es-tendencia-nueva-apuesta-para-avanzar-en-la-sostenibilidad-del-sector-en-bogota.html HTTP/1.1" 200 796
200.75.48.35 - - [19/Jun/2024:09:51:36 -0500] "POST /sipse/faces/presentacion/financiero/solicitudProceso/consultarSolicitudProceso.xhtml HTTP/1.1" 200 41487
200.75.48.35 - - [19/Jun/2024:09:51:36 -0500] "GET /sipse/faces/javax.faces.resource/theme.css?ln=primefaces-sipse HTTP/1.1" 304 -
186.28.227.18 - - [19/Jun/2024:09:51:36 -0500] "GET /sipse/faces/javax.faces.resource/primefaces.css?ln=primefaces&v=4.0 HTTP/1.1" 304 -
186.28.227.18 - - [19/Jun/2024:09:51:36 -0500] "GET /sipse/faces/javax.faces.resource/layout/layout.css?ln=primefaces&v=4.0 HTTP/1.1" 304 -
186.28.227.18 - - [19/Jun/2024:09:51:36 -0500] "GET /sipse/faces/javax.faces.resource/jquery/jquery.js?ln=primefaces&v=4.0 HTTP/1.1" 304 -
186.28.227.18 - - [19/Jun/2024:09:51:36 -0500] "GET /sipse/faces/javax.faces.resource/jquery/jquery-plugins.js?ln=primefaces&v=4.0 HTTP/1.1" 304 -
186.28.227.18 - - [19/Jun/2024:09:51:36 -0500] "GET /sipse/faces/javax.faces.resource/primefaces.js?ln=primefaces&v=4.0 HTTP/1.1" 304 -
186.28.227.18 - - [19/Jun/2024:09:51:36 -0500] "GET /sipse/faces/javax.faces.resource/layout/layout.js?ln=primefaces&v=4.0 HTTP/1.1" 304 -
186.28.227.18 - - [19/Jun/2024:09:51:37 -0500] "POST /sipse/faces/presentacion/financiero/solicitudProceso/consultar.xhtml HTTP/1.1" 200 34784
186.28.227.18 - - [19/Jun/2024:09:51:37 -0500] "POST /sipse/faces/presentacion/financiero/solicitudProceso/consultar.xhtml HTTP/1.1" 200 34784
186.28.227.18 - - [19/Jun/2024:09:51:37 -0500] "POST /sipse/faces/presentacion/financiero/solicitudProceso/consultar.xhtml HTTP/1.1" 200 34784
186.28.227.18 - - [19/Jun/2024:09:51:37 -0500] "POST /sipse/faces/presentacion/financiero/solicitudProceso/consultar.xhtml HTTP/1.1" 200 34784
186.28.227.18 - - [19/Jun/2024:09:51:37 -0500] "POST /sipse/faces/presentacion/financiero/solicitudProceso/consultar.xhtml HTTP/1.1" 200 34784
186.28.227.18 - - [19/Jun/2024:09:51:38 -0500] "POST /sipse/faces/presentacion/financiero/solicitudProceso/consultar.xhtml HTTP/1.1" 200 34784
186.28.227.18 - - [19/Jun/2024:09:51:38 -0500] "POST /sipse/faces/presentacion/financiero/solicitudProceso/consultar.xhtml HTTP/1.1" 200 34784
186.28.227.18 - - [19/Jun/2024:09:51:38 -0500] "POST /sipse/faces/presentacion/financiero/solicitudProceso/consultar.xhtml HTTP/1.1" 200 34784
186.28.227.18 - - [19/Jun/2024:09:51:38 -0500] "POST /sipse/faces/presentacion/financiero/solicitudProceso/consultar.xhtml HTTP/1.1" 200 34784
186.28.227.18 - - [19/Jun/2024:09:51:38 -0500] "POST /sipse/faces/presentacion/financiero/solicitudProceso/consultar.xhtml HTTP/1.1" 200 34784
186.28.227.18 - - [19/Jun/2024:09:51:39 -0500] "POST /sipse/faces/presentacion/financiero/solicitudProceso/consultar.xhtml HTTP/1.1" 200 34784
186.28.227.18 - - [19/Jun/2024:09:51:41 -0500] "POST /sipse/faces/presentacion/financiero/solicitudProceso/consultar.xhtml HTTP/1.1" 200 12715
201.245.192.253 - - [19/Jun/2024:09:51:42 -0500] "POST /forms/lservlet;jsessionid=ac16012b30d61d0d9576dbc541fdbee5a484bc6a3672.e3iSbxaKaheRe34Ra3iRa3mMah50n6jAmljGr5XDqQLvpAe HTTP/1.1" 200 2
186.28.227.18 - - [19/Jun/2024:09:51:42 -0500] "POST /sipse/faces/presentacion/financiero/solicitudProceso/consultar.xhtml HTTP/1.1" 200 157172
200.75.48.35 - - [19/Jun/2024:09:51:44 -0500] "GET /sipse/faces/javax.faces.resource/layout/layout.css?ln=primefaces&v=4.0 HTTP/1.1" 304 -
186.28.227.18 - - [19/Jun/2024:09:51:44 -0500] "GET /sipse/faces/javax.faces.resource/theme.css?ln=primefaces-sipse HTTP/1.1" 304 -
186.28.227.18 - - [19/Jun/2024:09:51:44 -0500] "GET /sipse/faces/javax.faces.resource/primefaces.css?ln=primefaces&v=4.0 HTTP/1.1" 304 -
186.28.227.18 - - [19/Jun/2024:09:51:44 -0500] "GET /sipse/faces/javax.faces.resource/jquery/jquery.js?ln=primefaces&v=4.0 HTTP/1.1" 304 -
186.28.227.18 - - [19/Jun/2024:09:51:44 -0500] "GET /sipse/faces/javax.faces.resource/jquery/jquery-plugins.js?ln=primefaces&v=4.0 HTTP/1.1" 304 -
186.28.227.18 - - [19/Jun/2024:09:51:44 -0500] "GET /sipse/faces/javax.faces.resource/primefaces.js?ln=primefaces&v=4.0 HTTP/1.1" 304 -
186.28.227.18 - - [19/Jun/2024:09:51:44 -0500] "GET /sipse/faces/javax.faces.resource/layout/layout.js?ln=primefaces&v=4.0 HTTP/1.1" 304 -
216.244.66.195 - - [19/Jun/2024:09:51:47 -0500] "GET /BLA/resoluciones/RESOLUCIONES%202016/2260.pdf HTTP/1.1" 200 359728
172.22.2.4 - - [19/Jun/2024:09:50:28 -0500] "GET /BLA/boletinlegal/ HTTP/1.1" 200 60380
216.244.66.195 - - [19/Jun/2024:09:52:11 -0500] "GET /BLA/resoluciones/RESOLUCIONES%202016/2270.pdf HTTP/1.1" 200 1450771
152.202.78.95 - - [19/Jun/2024:09:52:18 -0500] "GET /BLA/resoluciones/ HTTP/1.1" 200 14105
201.245.192.253 - - [19/Jun/2024:09:52:21 -0500] "POST /forms/lservlet;jsessionid=ac16012b30d62ce8354ab2c04ae981fa8f2fd69b26f6.e3iSbxaKaheRe34Ra3iRa3mMah50n6jAmljGr5XDqQLvpAe HTTP/1.1" 200 2
191.156.189.11 - - [19/Jun/2024:09:52:21 -0500] "GET /sipse/faces/autenticacion.xhtml HTTP/1.1" 200 12736
191.156.183.147 - - [19/Jun/2024:09:52:22 -0500] "GET /sipse/css/custom_css_sg.css HTTP/1.1" 304 -
191.156.191.226 - - [19/Jun/2024:09:52:22 -0500] "GET /sipse/css/custom_css_sg_prime_login.css HTTP/1.1" 304 -
191.156.177.207 - - [19/Jun/2024:09:52:22 -0500] "GET /sipse/faces/javax.faces.resource/layout/layout.css;jsessionid=ztmkORGWJxqi6qn0owsT1jSq.undefined?ln=primefaces&v=4.0 HTTP/1.1" 200 542
191.156.189.11 - - [19/Jun/2024:09:52:22 -0500] "GET /sipse/faces/javax.faces.resource/theme.css?ln=primefaces-sipse HTTP/1.1" 304 -
191.156.177.103 - - [19/Jun/2024:09:52:22 -0500] "GET /sipse/js/disable_browser_buttons.js HTTP/1.1" 304 -
191.156.191.226 - - [19/Jun/2024:09:52:22 -0500] "GET /sipse/faces/javax.faces.resource/primefaces.css;jsessionid=ztmkORGWJxqi6qn0owsT1jSq.undefined?ln=primefaces&v=4.0 HTTP/1.1" 200 53295
191.156.177.103 - - [19/Jun/2024:09:52:22 -0500] "GET /sipse/js/funciones.js HTTP/1.1" 304 -
191.156.189.59 - - [19/Jun/2024:09:52:22 -0500] "GET /sipse/faces/javax.faces.resource/layout/layout.js;jsessionid=ztmkORGWJxqi6qn0owsT1jSq.undefined?ln=primefaces&v=4.0 HTTP/1.1" 200 87560
191.156.191.226 - - [19/Jun/2024:09:52:22 -0500] "GET /sipse/faces/javax.faces.resource/jquery/jquery.js;jsessionid=ztmkORGWJxqi6qn0owsT1jSq.undefined?ln=primefaces&v=4.0 HTTP/1.1" 200 105384
191.156.187.115 - - [19/Jun/2024:09:52:22 -0500] "GET /sipse/faces/javax.faces.resource/jquery/jquery-plugins.js;jsessionid=ztmkORGWJxqi6qn0owsT1jSq.undefined?ln=primefaces&v=4.0 HTTP/1.1" 200 220526
191.156.187.115 - - [19/Jun/2024:09:52:22 -0500] "GET /sipse/faces/javax.faces.resource/primefaces.js;jsessionid=ztmkORGWJxqi6qn0owsT1jSq.undefined?ln=primefaces&v=4.0 HTTP/1.1" 200 276924
191.156.187.115 - - [19/Jun/2024:09:52:24 -0500] "GET /sipse/css/imagen/logoSDG.png HTTP/1.1" 304 -
191.156.187.115 - - [19/Jun/2024:09:52:24 -0500] "GET /sipse/css/imagen/loginimg.png HTTP/1.1" 304 -
191.156.191.226 - - [19/Jun/2024:09:52:24 -0500] "GET /sipse/faces/javax.faces.resource/images/ui-icons_898989_256x240.png?ln=primefaces-aristo HTTP/1.1" 304 -
191.156.191.226 - - [19/Jun/2024:09:52:24 -0500] "GET /sipse/faces/index.xhtml HTTP/1.1" 200 677
191.156.191.226 - - [19/Jun/2024:09:52:25 -0500] "GET /sipse/faces/javax.faces.resource/theme.css?ln=primefaces-sipse HTTP/1.1" 304 -
191.156.191.226 - - [19/Jun/2024:09:52:25 -0500] "GET /sipse/faces/faces/autenticacion.xhtml HTTP/1.1" 200 12414
191.156.183.147 - - [19/Jun/2024:09:52:25 -0500] "GET /sipse/faces/javax.faces.resource/primefaces.css?ln=primefaces&v=4.0 HTTP/1.1" 304 -
191.156.189.11 - - [19/Jun/2024:09:52:25 -0500] "GET /sipse/faces/javax.faces.resource/theme.css?ln=primefaces-sipse HTTP/1.1" 304 -
191.156.183.147 - - [19/Jun/2024:09:52:25 -0500] "GET /sipse/faces/javax.faces.resource/layout/layout.css?ln=primefaces&v=4.0 HTTP/1.1" 304 -
191.156.186.140 - - [19/Jun/2024:09:52:25 -0500] "GET /sipse/faces/javax.faces.resource/jquery/jquery-plugins.js?ln=primefaces&v=4.0 HTTP/1.1" 304 -
191.156.189.59 - - [19/Jun/2024:09:52:25 -0500] "GET /sipse/faces/javax.faces.resource/jquery/jquery.js?ln=primefaces&v=4.0 HTTP/1.1" 304 -
191.156.184.139 - - [19/Jun/2024:09:52:25 -0500] "GET /sipse/faces/javax.faces.resource/primefaces.js?ln=primefaces&v=4.0 HTTP/1.1" 304 -
191.156.183.147 - - [19/Jun/2024:09:52:25 -0500] "GET /sipse/faces/javax.faces.resource/layout/layout.js?ln=primefaces&v=4.0 HTTP/1.1" 304 -
216.245.221.92 - - [19/Jun/2024:09:52:31 -0500] "HEAD / HTTP/1.1" 200 -
201.245.192.253 - - [19/Jun/2024:09:52:32 -0500] "GET /kwsrmcab/Wsrmcab?wsdl HTTP/1.1" 200 6948
191.156.183.147 - - [19/Jun/2024:09:52:33 -0500] "POST /sipse/faces/autenticacion.xhtml HTTP/1.1" 200 2216
191.156.183.147 - - [19/Jun/2024:09:52:33 -0500] "GET /sipse/faces/javax.faces.resource/messages/messages.png?ln=primefaces&v=4.0 HTTP/1.1" 304 -
191.156.183.147 - - [19/Jun/2024:09:52:34 -0500] "GET /sipse/faces/javax.faces.resource/images/ui-icons_898989_256x240.png?ln=primefaces-aristo HTTP/1.1" 304 -
191.156.183.147 - - [19/Jun/2024:09:52:34 -0500] "POST /sipse/faces/autenticacion.xhtml HTTP/1.1" 200 16474
191.156.183.147 - - [19/Jun/2024:09:52:35 -0500] "GET /sipse/css/custom_css_sg_prime.css HTTP/1.1" 304 -
191.156.184.139 - - [19/Jun/2024:09:52:35 -0500] "GET /sipse/faces/javax.faces.resource/theme.css?ln=primefaces-sipse HTTP/1.1" 304 -
191.156.189.59 - - [19/Jun/2024:09:52:35 -0500] "GET /sipse/faces/javax.faces.resource/primefaces.css?ln=primefaces&v=4.0 HTTP/1.1" 304 -
191.156.183.147 - - [19/Jun/2024:09:52:35 -0500] "GET /sipse/js/jquery.min.js HTTP/1.1" 304 -
191.156.186.140 - - [19/Jun/2024:09:52:35 -0500] "GET /sipse/faces/javax.faces.resource/layout/layout.css?ln=primefaces&v=4.0 HTTP/1.1" 304 -
191.156.186.140 - - [19/Jun/2024:09:52:35 -0500] "GET /sipse/faces/javax.faces.resource/jquery/jquery.js?ln=primefaces&v=4.0 HTTP/1.1" 304 -
191.156.186.140 - - [19/Jun/2024:09:52:35 -0500] "GET /sipse/faces/javax.faces.resource/jquery/jquery-plugins.js?ln=primefaces&v=4.0 HTTP/1.1" 304 -
191.156.186.140 - - [19/Jun/2024:09:52:36 -0500] "GET /sipse/faces/javax.faces.resource/primefaces.js?ln=primefaces&v=4.0 HTTP/1.1" 304 -
191.156.186.140 - - [19/Jun/2024:09:52:36 -0500] "GET /sipse/faces/javax.faces.resource/layout/layout.js?ln=primefaces&v=4.0 HTTP/1.1" 304 -
191.156.186.140 - - [19/Jun/2024:09:52:36 -0500] "GET /sipse/css/v_mergente.css HTTP/1.1" 304 -
191.156.183.147 - - [19/Jun/2024:09:52:36 -0500] "GET /sipse/imagenes/cargando.gif HTTP/1.1" 304 -
191.156.189.59 - - [19/Jun/2024:09:52:36 -0500] "GET /sipse/imagenes/logoAplicacion.jpg HTTP/1.1" 304 -
191.156.184.139 - - [19/Jun/2024:09:52:36 -0500] "GET /sipse/css/imagen/contrasena.png HTTP/1.1" 404 383
191.156.184.139 - - [19/Jun/2024:09:52:39 -0500] "GET /sipse/faces/javax.faces.resource/images/ui-bg_flat_0_2d5972_40x100.png?ln=primefaces-aristo HTTP/1.1" 304 -
191.156.189.59 - - [19/Jun/2024:09:52:39 -0500] "POST /sipse/faces/bienvenido.xhtml HTTP/1.1" 200 2658
191.156.189.59 - - [19/Jun/2024:09:52:44 -0500] "POST /sipse/faces/bienvenido.xhtml HTTP/1.1" 200 65133
191.156.189.59 - - [19/Jun/2024:09:52:50 -0500] "GET /sipse/faces/javax.faces.resource/theme.css?ln=primefaces-sipse HTTP/1.1" 304 -
191.156.184.139 - - [19/Jun/2024:09:52:50 -0500] "GET /sipse/faces/javax.faces.resource/primefaces.css?ln=primefaces&v=4.0 HTTP/1.1" 304 -
191.156.186.140 - - [19/Jun/2024:09:52:50 -0500] "GET /sipse/faces/javax.faces.resource/jquery/jquery.js?ln=primefaces&v=4.0 HTTP/1.1" 304 -
191.156.183.147 - - [19/Jun/2024:09:52:50 -0500] "GET /sipse/faces/javax.faces.resource/layout/layout.css?ln=primefaces&v=4.0 HTTP/1.1" 304 -
191.156.184.139 - - [19/Jun/2024:09:52:50 -0500] "GET /sipse/faces/javax.faces.resource/jquery/jquery-plugins.js?ln=primefaces&v=4.0 HTTP/1.1" 304 -
191.156.184.139 - - [19/Jun/2024:09:52:50 -0500] "GET /sipse/faces/javax.faces.resource/primefaces.js?ln=primefaces&v=4.0 HTTP/1.1" 304 -
191.156.184.139 - - [19/Jun/2024:09:52:50 -0500] "GET /sipse/faces/javax.faces.resource/layout/layout.js?ln=primefaces&v=4.0 HTTP/1.1" 304 -
152.202.78.95 - - [19/Jun/2024:09:52:53 -0500] "GET /BLA/resoluciones/index.php?dir=AUTOS+2009%2F HTTP/1.1" 200 400854
191.156.184.139 - - [19/Jun/2024:09:52:51 -0500] "POST /sipse/faces/presentacion/financiero/solicitudProceso/listarSolicitudProceso.xhtml HTTP/1.1" 200 1556
191.156.184.139 - - [19/Jun/2024:09:52:59 -0500] "POST /sipse/faces/presentacion/financiero/solicitudProceso/listarSolicitudProceso.xhtml HTTP/1.1" 200 34473
216.244.66.195 - - [19/Jun/2024:09:53:03 -0500] "GET /BLA/resoluciones/RESOLUCIONES%202017/0245.pdf HTTP/1.1" 200 591703
152.202.78.95 - - [19/Jun/2024:09:53:19 -0500] "GET /BLA/resoluciones/index.php?dir=RESOLUCIONES+2009%2F HTTP/1.1" 200 1694101
152.202.78.95 - - [19/Jun/2024:09:53:24 -0500] "GET /BLA/resoluciones/RESOLUCIONES%202009/4901.pdf HTTP/1.1" 200 596844
201.245.192.253 - - [19/Jun/2024:09:53:32 -0500] "GET /kwsrmcab/Wsrmcab?wsdl HTTP/1.1" 200 6948
201.245.192.253 - - [19/Jun/2024:09:53:30 -0500] "POST /kwsrmcab/Wsrmcab  HTTP/1.1" 200 36347
201.245.192.253 - - [19/Jun/2024:09:53:42 -0500] "POST /forms/lservlet;jsessionid=ac16012b30d61d0d9576dbc541fdbee5a484bc6a3672.e3iSbxaKaheRe34Ra3iRa3mMah50n6jAmljGr5XDqQLvpAe HTTP/1.1" 200 2
216.244.66.195 - - [19/Jun/2024:09:53:44 -0500] "GET /BLA/resoluciones/RESOLUCIONES%202017/0268.pdf HTTP/1.1" 200 484335
191.106.205.7 - - [19/Jun/2024:09:53:51 -0500] "GET /BLA/resoluciones/AUTOS%202023/0112.pdf HTTP/1.1" 200 374681
191.106.205.7 - - [19/Jun/2024:09:53:51 -0500] "GET /favicon.ico HTTP/1.1" 200 7782
66.249.66.21 - - [19/Jun/2024:09:54:04 -0500] "GET /siipev/Diseno%20de%20Elementos%20de%20Mobiliario%20Urbano/Otros%20Elementos/PARTE%20B/Dise%C3%B1o%20de%20Elementos%20M-72.pdf HTTP/1.1" 304 -
201.245.192.253 - - [19/Jun/2024:09:54:21 -0500] "POST /forms/lservlet;jsessionid=ac16012b30d62ce8354ab2c04ae981fa8f2fd69b26f6.e3iSbxaKaheRe34Ra3iRa3mMah50n6jAmljGr5XDqQLvpAe HTTP/1.1" 200 2
191.156.242.79 - - [19/Jun/2024:09:54:24 -0500] "GET /sipse/faces/index.xhtml HTTP/1.1" 200 677
191.156.242.79 - - [19/Jun/2024:09:54:24 -0500] "GET /sipse/faces/javax.faces.resource/theme.css?ln=primefaces-sipse HTTP/1.1" 304 -
191.156.242.79 - - [19/Jun/2024:09:54:24 -0500] "GET /sipse/faces/faces/autenticacion.xhtml HTTP/1.1" 200 12414
191.156.242.79 - - [19/Jun/2024:09:54:25 -0500] "GET /sipse/css/custom_css_sg.css HTTP/1.1" 304 -
191.156.242.79 - - [19/Jun/2024:09:54:25 -0500] "GET /sipse/css/custom_css_sg_prime_login.css HTTP/1.1" 304 -
191.156.242.79 - - [19/Jun/2024:09:54:25 -0500] "GET /sipse/faces/javax.faces.resource/theme.css?ln=primefaces-sipse HTTP/1.1" 304 -
191.156.242.79 - - [19/Jun/2024:09:54:25 -0500] "GET /sipse/faces/javax.faces.resource/primefaces.css?ln=primefaces&v=4.0 HTTP/1.1" 304 -
191.156.252.55 - - [19/Jun/2024:09:54:25 -0500] "GET /sipse/faces/javax.faces.resource/layout/layout.css?ln=primefaces&v=4.0 HTTP/1.1" 304 -
191.156.242.79 - - [19/Jun/2024:09:54:25 -0500] "GET /sipse/js/funciones.js HTTP/1.1" 304 -
191.156.252.55 - - [19/Jun/2024:09:54:25 -0500] "GET /sipse/js/disable_browser_buttons.js HTTP/1.1" 304 -
191.156.242.79 - - [19/Jun/2024:09:54:25 -0500] "GET /sipse/faces/javax.faces.resource/jquery/jquery-plugins.js?ln=primefaces&v=4.0 HTTP/1.1" 304 -
191.156.242.79 - - [19/Jun/2024:09:54:25 -0500] "GET /sipse/faces/javax.faces.resource/primefaces.js?ln=primefaces&v=4.0 HTTP/1.1" 304 -
191.156.242.79 - - [19/Jun/2024:09:54:25 -0500] "GET /sipse/faces/javax.faces.resource/layout/layout.js?ln=primefaces&v=4.0 HTTP/1.1" 304 -
191.156.252.55 - - [19/Jun/2024:09:54:25 -0500] "GET /sipse/faces/javax.faces.resource/jquery/jquery.js?ln=primefaces&v=4.0 HTTP/1.1" 304 -
191.156.242.79 - - [19/Jun/2024:09:54:25 -0500] "GET /sipse/css/imagen/loginimg.png HTTP/1.1" 304 -
191.156.252.55 - - [19/Jun/2024:09:54:25 -0500] "GET /sipse/css/imagen/logoSDG.png HTTP/1.1" 304 -
191.156.242.79 - - [19/Jun/2024:09:54:26 -0500] "GET /sipse/faces/javax.faces.resource/images/ui-icons_898989_256x240.png?ln=primefaces-aristo HTTP/1.1" 304 -
216.244.66.195 - - [19/Jun/2024:09:54:29 -0500] "GET /BLA/resoluciones/RESOLUCIONES%202017/0299.pdf HTTP/1.1" 200 403208
201.245.192.253 - - [19/Jun/2024:09:54:32 -0500] "GET /kwsrmcab/Wsrmcab?wsdl HTTP/1.1" 200 6948
181.53.13.164 - - [19/Jun/2024:09:54:55 -0500] "GET /kwssiamovil/sm/acme/a?s=U2FsdGVkX1+5ibSxHTcg74maNNmZ99Q2c+SMh3fbZCHiJ/8z0bm0il5OL2gQEmlr+8Ocd/9AbCrW1e1gEnB7dXtJ85tyljcA1KOr6kcJXFwir127/gahqxYwRHUUI/tdPrZG+hp9tiDeXH4GCWD5rY1+s+yB0hfQ7G81iOlwfYJ5zn+qWC+Lse9O6dX4tLE4mF12RLWZN2IRKheGIWC8tSiOwhmtP6RsNyaneJe4tf1kiId10Fr6Ko2YN2qsUgY/23PItR2e7YCi4ybuoUC0fQ==&u=U2FsdGVkX18nL/CbNzp9CEf3DCV0qEDa2LZJxVt3NFU=&y=U2FsdGVkX1+8rSKQLO1DLUscqFHChllLdQIFJgsDacTelVfA6VRbpXwJ9Tj8XWqz HTTP/1.1" 200 26
181.53.13.164 - - [19/Jun/2024:09:54:55 -0500] "GET /kwssiamovil/sm/acme/a?s=U2FsdGVkX19j9a8yskYAGc1BaRjNpLMHZPTpaI0b2hjDReh/WUJsDuG79faQSq8Rm8G+OoSeMwnlLiN//vMBF3M3tBk1I7D1V7c1SiQzPcRDrSV2D03iJIs9UsNj/Pc0Z7xhGgxibMzo9WEN+QmgtKR+DkNmqXA4axh6e2uQEdiDK6EZuY6ak62ZPLBnAHNr1fllXAgE+m80EE47ChxnZXL+X/3hmLyLk5I/7do1IFtulmsFOCUIX7l/aAEydPBWwD3SZEOouaLBt1ukIcF+IoQtePfa5C1caJMXbJO4zwC3vlWU2irzoTEHrLFPAaFnKkJr0vBo59o2eC5OcFwLD6xgADbus63IwZIWDL70rIyVAhdTHepG/YrXeIvK/Jb2zytWPNZQWh7Uka0BCMInYiTcaDrrslzk03m7ek4NWkZh/dvIp4erFArzMcSPfmDtKMQDLGk5Nx45bKrnDOs9JBAF02wuYaFXzji127xr/HgbDn9sUZNY99ftOmPpdMfI+FwxgC3lGGT+FpEzwF9He5wxbhBSkU8HZYo6kub8e0ZkaT0qqp1Df9OL9QhDIoUQf/8izHw7IkNz5zQSob/89BVoH0KS7Ubb4oKXcKRMrXkT8HdB4xVfjrnfPj8rIS3L8xpJYSb35Hfy+kavfvJ9W7EMvq0swWaULwvs4z5VtZ0mjnboV5N6lrZiqLYy2nL05ZdWD+bJ91xjyEjFeut/Lo7NHxW58lfOinjObYMWphxjJgsIXHO2Zy0+3eUDMeW+LcqvkPiSY45eXUlxJ1E4c49mBXmYj8cEMR1cAe4Yvp2Tl2SEI/V5y6xdVFNizabrVuN3hI6v+T0fjotxsuK0/voVUnLP9I0N28w2GG5HxQFu22kIhUvpYTvh4mqQmgpmbfmy0VwpZs2TgmPC94vErKWKdeIsMjqrNhMIw3SzO8Doqhq7vz8sH0rj/JF6DW06sCNROhUWpCQy334fYXpRZdCh/AB58Lst5175rmLaMZnfjC8bZaa1Vu+quVUxSoPacLZmG+j/q3AMo4iBWxSViVrF0XhFC8sUcp2Z8swFJbQ6dBYioCwb+Fa+C6obiAA2n28KcQz/7sNoWbuY9qEgk5bJU5ZrCkP4TNwcHuZtgMpEjj9MxD5x/GIr6GJO4NRvGnwilT2kH0HdT1J7giSZosA4BYOvQYic8BllMJzMP5ra1FzQraOvvuWwLAB7/DSNpga2lCNnDzWRyeXAgB07+/I+PGuxIc9F9j9L1mn137WhDbfcYoukS/AIASm8Fp1CHxGA/3dapaO6IjBA3+uLYSK6rzzil6iA5kJQ/Y4FcHT9dQQhFgPxmmvQPSFW/fRMDPPGnJ3qxoN6yZwanlfiyVI3yzwwWjrFsTjGJAbLHEweWo3lqVIdPPxrba7EaQRSm0LUZ/thiN+Bd/y5kRpKWZ4GWENR22GdbfoX3ABUAdUJ6FYCtR/Z1xGaahd/7sfvUfQe5uCHoFFoExovV9RsxYC1pE7mCrMBAUUv9cUfCwdxo348G8Nhc2dAttDYtY61lIdQT9RGCH/zprO7WtXbBwZ2Vah6dJLJ1oaL4jrr5TxGOYUQ0TLlW0zoQhELoXrlhVnrpPkWNIMM/kGlPrz0uA4fVQG8wa9LxT9DEIRXjQQ2uloUpcBtfcAsxglgFrNzyQd3F7b5smcs98iKsDUTQ9Md1/g1y9TFp0DVMO+Z7PjBMQebAC5HPPjprO7SxfcFnPNHL/HHtccc1LL6caIXDYoJ7nTiBGl6rb6Wu4lwRlY=&u=U2FsdGVkX18nL/CbNzp9CEf3DCV0qEDa2LZJxVt3NFU=&y=U2FsdGVkX1+8rSKQLO1DLUscqFHChllLdQIFJgsDacTelVfA6VRbpXwJ9Tj8XWqz HTTP/1.1" 200 26
181.53.13.164 - - [19/Jun/2024:09:54:56 -0500] "GET /kwssiamovil/sm/acme/a?s=U2FsdGVkX1/9rh4U9PM8ogb+Wjp8hd4Vuoa0AAHVoW4bn/6rR1HsWbaVHfGuHxeJEJp7yMlj5qZPe/s1v7BvJ8IrI/sS+1rpooUd/EP+Vv2yGzoeSjZr83EINGZwhKZMjeYS0bdHN+nEAuAENfMO+4IiK7aA4lb2i+0h0czozJY=&u=U2FsdGVkX18nL/CbNzp9CEf3DCV0qEDa2LZJxVt3NFU=&y=U2FsdGVkX1+8rSKQLO1DLUscqFHChllLdQIFJgsDacTelVfA6VRbpXwJ9Tj8XWqz HTTP/1.1" 200 26
181.53.13.164 - - [19/Jun/2024:09:54:56 -0500] "GET /kwssiamovil/sm/acme/a?s=U2FsdGVkX19vsiE6P0gSCBX8F4cUX09ni9x0QSKoHOI4uMJSILS63qPmBWkB+VLYxU4TOQJg0CDFA/Gr9jlmkeQ9RY1S1KXQK7PCota/ucZRy/wEK68gXnOb8OigIZdwOp6oS/6GXpuvyqLiQZS8WRkFgmcxtrWFCq44m71Jr+A=&u=U2FsdGVkX18nL/CbNzp9CEf3DCV0qEDa2LZJxVt3NFU=&y=U2FsdGVkX1+8rSKQLO1DLUscqFHChllLdQIFJgsDacTelVfA6VRbpXwJ9Tj8XWqz HTTP/1.1" 200 26
181.53.13.164 - - [19/Jun/2024:09:54:56 -0500] "GET /kwssiamovil/sm/acme/a?s=U2FsdGVkX1+OF9IzheCi3CnGUMCDh0xNI9BGeG90CK3YfVP+MUtBDUJIx2M3LUjrTw7SJJNpyMJPVMJTV/DaelIgRZNFiYg6VFnBd/FPoK+vI3FfBV0OEzMglJ/1Ng7DS3Pm8ExcAujvb2rFLnBddzfSdaFgXF0KI/Eqc80rFoQ=&u=U2FsdGVkX18nL/CbNzp9CEf3DCV0qEDa2LZJxVt3NFU=&y=U2FsdGVkX1+8rSKQLO1DLUscqFHChllLdQIFJgsDacTelVfA6VRbpXwJ9Tj8XWqz HTTP/1.1" 200 26
181.53.13.164 - - [19/Jun/2024:09:54:56 -0500] "GET /kwssiamovil/sm/acme/a?s=U2FsdGVkX1+xqjIEOLY96Z1DTDLiHj0Ck3dC7gMeAW0CD/l5+PnwEX7udDw7QmNMtaCiVeP4yhIo5rNKvmmfzQtTJQQk3e4UePu8+tmDYDnYsGBlESFUG4OOoYaQkAT/Zm4pVdLQ6xbgSb6DCBcwW7T7vxTVCy+s/kJIbAqsoHgPPWNNcaUdUCAqeWYUy01G&u=U2FsdGVkX18nL/CbNzp9CEf3DCV0qEDa2LZJxVt3NFU=&y=U2FsdGVkX1+8rSKQLO1DLUscqFHChllLdQIFJgsDacTelVfA6VRbpXwJ9Tj8XWqz HTTP/1.1" 200 26
216.244.66.195 - - [19/Jun/2024:09:55:03 -0500] "GET /BLA/resoluciones/RESOLUCIONES%202017/0394.pdf HTTP/1.1" 200 582229
201.245.192.253 - - [19/Jun/2024:09:55:32 -0500] "GET /kwsrmcab/Wsrmcab?wsdl HTTP/1.1" 200 6948
201.245.192.253 - - [19/Jun/2024:09:55:42 -0500] "POST /forms/lservlet;jsessionid=ac16012b30d61d0d9576dbc541fdbee5a484bc6a3672.e3iSbxaKaheRe34Ra3iRa3mMah50n6jAmljGr5XDqQLvpAe HTTP/1.1" 200 2
152.202.78.95 - - [19/Jun/2024:09:55:40 -0500] "GET /BLA/resoluciones/index.php?dir=RESOLUCIONES+2009%2F HTTP/1.1" 200 1694101
216.244.66.195 - - [19/Jun/2024:09:55:47 -0500] "GET /BLA/resoluciones/RESOLUCIONES%202017/0437.pdf HTTP/1.1" 200 329741
152.202.78.95 - - [19/Jun/2024:09:55:48 -0500] "GET /BLA/resoluciones/RESOLUCIONES%202009/4873.pdf HTTP/1.1" 200 565865
47.128.49.235 - - [19/Jun/2024:09:56:09 -0500] "GET /BLA/resoluciones/AUTOS%202021/0245.php?act=f&d=E%3A%5Cnuevo%5Chtdocs%5CBLA%5Cresoluciones%5CAUTOS+2021%5C&f=2354.pdf&ft=notepad&white=1 HTTP/1.1" 200 392905
201.245.192.253 - - [19/Jun/2024:09:56:21 -0500] "POST /forms/lservlet;jsessionid=ac16012b30d62ce8354ab2c04ae981fa8f2fd69b26f6.e3iSbxaKaheRe34Ra3iRa3mMah50n6jAmljGr5XDqQLvpAe HTTP/1.1" 200 2
47.128.49.63 - - [19/Jun/2024:09:56:23 -0500] "GET /BLA/resoluciones/AUTOS%202021/0245.php?act=f&d=E%3A%5Cnuevo%5Chtdocs%5CBLA%5Cresoluciones%5CRESOLUCIONES+2006%5CRES+2006+301-350%5C&f=00000335.tif&white=1 HTTP/1.1" 200 122060
201.245.192.253 - - [19/Jun/2024:09:56:32 -0500] "GET /kwsrmcab/Wsrmcab?wsdl HTTP/1.1" 200 6948
152.202.78.95 - - [19/Jun/2024:09:56:35 -0500] "GET /BLA/resoluciones/index.php?dir=RESOLUCIONES+2011%2F HTTP/1.1" 200 747162
47.128.28.8 - - [19/Jun/2024:09:56:39 -0500] "GET /BLA/resoluciones/AUTOS%202021/0245.php?act=f&d=E%3A%5Cnuevo%5Chtdocs%5Ccumbredelclima%5Cwp-admin%5Cjs%5C&f=svg-painter.min.js&ft=html&white=1 HTTP/1.1" 200 1273
66.249.66.21 - - [19/Jun/2024:09:56:42 -0500] "GET /sipse/faces/index.xhtml HTTP/1.1" 200 677
216.244.66.195 - - [19/Jun/2024:09:56:26 -0500] "GET /BLA/resoluciones/RESOLUCIONES%202017/0466.pdf HTTP/1.1" 200 5784788
47.128.49.237 - - [19/Jun/2024:09:56:50 -0500] "GET /BLA/resoluciones/AUTOS%202021/0245.php?act=f&d=E%3A%5Cnuevo%5Chtdocs%5CResiduos%5Cmetalmecanica%5Cimages&f=page8.swf&ft=download HTTP/1.1" 200 18496
47.128.43.254 - - [19/Jun/2024:09:57:04 -0500] "GET /BLA/resoluciones/AUTOS%202021/0245.php?act=f&d=E%3A%5Cnuevo%5Chtdocs%5CBLA%5Cresoluciones%5CRESOLUCIONES+2006%5CRES+2006+1151-1200&f=00001169.tif&ft=download HTTP/1.1" 200 97955
172.22.2.4 - - [19/Jun/2024:09:55:27 -0500] "HEAD /BLA/boletinlegal/ HTTP/1.1" 200 -
47.128.117.168 - - [19/Jun/2024:09:57:14 -0500] "GET /BLA/resoluciones/AUTOS%202021/server_engines.php%27%20%20%20%20%20.%20PMA_URL_getCommon(array(%27engine%27%20=%3E%20%20%20%20$_REQUEST[%27engine%27]))%20%20%20%20%20.%20%27 HTTP/1.1" 403 1006
216.244.66.195 - - [19/Jun/2024:09:57:16 -0500] "GET /BLA/resoluciones/RESOLUCIONES%202017/0919.pdf HTTP/1.1" 200 825639
47.128.49.232 - - [19/Jun/2024:09:56:29 -0500] "GET /BLA/resoluciones/AUTOS%202021/0245.php?act=f&d=E%3A%5Cnuevo%5Chtdocs%5CBLA%5Cresoluciones%5CRESOLUCIONES+2006%5C&f=0760.pdf&ft=info&fullhexdump=1 HTTP/1.1" 200 417194
216.245.221.92 - - [19/Jun/2024:09:57:31 -0500] "HEAD / HTTP/1.1" 200 -
201.245.192.253 - - [19/Jun/2024:09:57:32 -0500] "GET /kwsrmcab/Wsrmcab?wsdl HTTP/1.1" 200 6948
201.245.192.253 - - [19/Jun/2024:09:57:33 -0500] "GET /sipse/faces/presentacion/financiero/solicitudProceso/consultarHistorialSolProceso.xhtml HTTP/1.1" 302 -
201.245.192.253 - - [19/Jun/2024:09:57:33 -0500] "GET /sipse/faces/autenticacion.xhtml HTTP/1.1" 200 12414
201.245.192.253 - - [19/Jun/2024:09:57:33 -0500] "GET /sipse/js/disable_browser_buttons.js HTTP/1.1" 200 3230
201.245.192.253 - - [19/Jun/2024:09:57:33 -0500] "GET /sipse/js/funciones.js HTTP/1.1" 200 12592
201.245.192.253 - - [19/Jun/2024:09:57:33 -0500] "GET /sipse/css/custom_css_sg_prime_login.css HTTP/1.1" 200 443
201.245.192.253 - - [19/Jun/2024:09:57:33 -0500] "GET /sipse/css/custom_css_sg.css HTTP/1.1" 200 9694
201.245.192.253 - - [19/Jun/2024:09:57:33 -0500] "GET /sipse/faces/javax.faces.resource/theme.css?ln=primefaces-sipse HTTP/1.1" 304 -
201.245.192.253 - - [19/Jun/2024:09:57:33 -0500] "GET /sipse/faces/javax.faces.resource/layout/layout.css?ln=primefaces&v=4.0 HTTP/1.1" 304 -
201.245.192.253 - - [19/Jun/2024:09:57:33 -0500] "GET /sipse/faces/javax.faces.resource/primefaces.css?ln=primefaces&v=4.0 HTTP/1.1" 304 -
201.245.192.253 - - [19/Jun/2024:09:57:33 -0500] "GET /sipse/faces/javax.faces.resource/jquery/jquery-plugins.js?ln=primefaces&v=4.0 HTTP/1.1" 304 -
201.245.192.253 - - [19/Jun/2024:09:57:33 -0500] "GET /sipse/faces/javax.faces.resource/primefaces.js?ln=primefaces&v=4.0 HTTP/1.1" 304 -
201.245.192.253 - - [19/Jun/2024:09:57:33 -0500] "GET /sipse/faces/javax.faces.resource/layout/layout.js?ln=primefaces&v=4.0 HTTP/1.1" 304 -
201.245.192.253 - - [19/Jun/2024:09:57:33 -0500] "GET /sipse/faces/javax.faces.resource/jquery/jquery.js?ln=primefaces&v=4.0 HTTP/1.1" 304 -
201.245.192.253 - - [19/Jun/2024:09:57:34 -0500] "GET /sipse/faces/javax.faces.resource/images/ui-icons_898989_256x240.png?ln=primefaces-aristo HTTP/1.1" 304 -
201.245.192.253 - - [19/Jun/2024:09:57:34 -0500] "GET /sipse/css/imagen/logoSDG.png HTTP/1.1" 200 53064
201.245.192.253 - - [19/Jun/2024:09:57:34 -0500] "GET /sipse/css/imagen/loginimg.png HTTP/1.1" 200 71635
201.245.192.253 - - [19/Jun/2024:09:57:34 -0500] "GET /sipse/faces/index.xhtml HTTP/1.1" 200 677
201.245.192.253 - - [19/Jun/2024:09:57:34 -0500] "GET /sipse/faces/javax.faces.resource/theme.css?ln=primefaces-sipse HTTP/1.1" 304 -
201.245.192.253 - - [19/Jun/2024:09:57:34 -0500] "GET /favicon.ico HTTP/1.1" 200 7782
201.245.192.253 - - [19/Jun/2024:09:57:34 -0500] "GET /sipse/faces/faces/autenticacion.xhtml HTTP/1.1" 200 12414
201.245.192.253 - - [19/Jun/2024:09:57:34 -0500] "GET /sipse/faces/javax.faces.resource/theme.css?ln=primefaces-sipse HTTP/1.1" 304 -
201.245.192.253 - - [19/Jun/2024:09:57:34 -0500] "GET /sipse/faces/javax.faces.resource/jquery/jquery.js?ln=primefaces&v=4.0 HTTP/1.1" 304 -
201.245.192.253 - - [19/Jun/2024:09:57:34 -0500] "GET /sipse/faces/javax.faces.resource/primefaces.js?ln=primefaces&v=4.0 HTTP/1.1" 304 -
201.245.192.253 - - [19/Jun/2024:09:57:34 -0500] "GET /sipse/faces/javax.faces.resource/jquery/jquery-plugins.js?ln=primefaces&v=4.0 HTTP/1.1" 304 -
201.245.192.253 - - [19/Jun/2024:09:57:34 -0500] "GET /sipse/faces/javax.faces.resource/layout/layout.css?ln=primefaces&v=4.0 HTTP/1.1" 304 -
201.245.192.253 - - [19/Jun/2024:09:57:34 -0500] "GET /sipse/faces/javax.faces.resource/primefaces.css?ln=primefaces&v=4.0 HTTP/1.1" 304 -
201.245.192.253 - - [19/Jun/2024:09:57:34 -0500] "GET /sipse/faces/javax.faces.resource/layout/layout.js?ln=primefaces&v=4.0 HTTP/1.1" 304 -
201.245.192.253 - - [19/Jun/2024:09:57:36 -0500] "POST /sipse/faces/autenticacion.xhtml HTTP/1.1" 200 2175
201.245.192.253 - - [19/Jun/2024:09:57:36 -0500] "GET /sipse/faces/javax.faces.resource/messages/messages.png?ln=primefaces&v=4.0 HTTP/1.1" 304 -
201.245.192.253 - - [19/Jun/2024:09:57:39 -0500] "POST /sipse/faces/autenticacion.xhtml HTTP/1.1" 200 2220
201.245.192.253 - - [19/Jun/2024:09:57:40 -0500] "GET /sipse/faces/javax.faces.resource/images/ui-icons_898989_256x240.png?ln=primefaces-aristo HTTP/1.1" 304 -
201.245.192.253 - - [19/Jun/2024:09:57:40 -0500] "POST /sipse/faces/autenticacion.xhtml HTTP/1.1" 200 16478
201.245.192.253 - - [19/Jun/2024:09:57:40 -0500] "GET /sipse/css/custom_css_sg_prime.css HTTP/1.1" 200 5201
201.245.192.253 - - [19/Jun/2024:09:57:40 -0500] "GET /sipse/faces/javax.faces.resource/layout/layout.css?ln=primefaces&v=4.0 HTTP/1.1" 304 -
201.245.192.253 - - [19/Jun/2024:09:57:40 -0500] "GET /sipse/faces/javax.faces.resource/primefaces.css?ln=primefaces&v=4.0 HTTP/1.1" 304 -
201.245.192.253 - - [19/Jun/2024:09:57:40 -0500] "GET /sipse/faces/javax.faces.resource/theme.css?ln=primefaces-sipse HTTP/1.1" 304 -
201.245.192.253 - - [19/Jun/2024:09:57:40 -0500] "GET /sipse/js/jquery.min.js HTTP/1.1" 200 85582
201.245.192.253 - - [19/Jun/2024:09:57:40 -0500] "GET /sipse/faces/javax.faces.resource/jquery/jquery.js?ln=primefaces&v=4.0 HTTP/1.1" 304 -
201.245.192.253 - - [19/Jun/2024:09:57:40 -0500] "GET /sipse/faces/javax.faces.resource/jquery/jquery-plugins.js?ln=primefaces&v=4.0 HTTP/1.1" 304 -
201.245.192.253 - - [19/Jun/2024:09:57:40 -0500] "GET /sipse/faces/javax.faces.resource/primefaces.js?ln=primefaces&v=4.0 HTTP/1.1" 304 -
201.245.192.253 - - [19/Jun/2024:09:57:40 -0500] "GET /sipse/faces/javax.faces.resource/layout/layout.js?ln=primefaces&v=4.0 HTTP/1.1" 304 -
201.245.192.253 - - [19/Jun/2024:09:57:40 -0500] "GET /sipse/css/v_mergente.css HTTP/1.1" 200 1505
201.245.192.253 - - [19/Jun/2024:09:57:40 -0500] "GET /sipse/css/imagen/contrasena.png HTTP/1.1" 404 383
201.245.192.253 - - [19/Jun/2024:09:57:40 -0500] "GET /sipse/imagenes/cargando.gif HTTP/1.1" 200 36959
201.245.192.253 - - [19/Jun/2024:09:57:40 -0500] "GET /sipse/imagenes/logoAplicacion.jpg HTTP/1.1" 200 155084
201.245.192.253 - - [19/Jun/2024:09:57:42 -0500] "POST /forms/lservlet;jsessionid=ac16012b30d61d0d9576dbc541fdbee5a484bc6a3672.e3iSbxaKaheRe34Ra3iRa3mMah50n6jAmljGr5XDqQLvpAe HTTP/1.1" 200 2
66.249.66.20 - - [19/Jun/2024:09:57:42 -0500] "GET /sipse/faces/javax.faces.resource/theme.css?ln=primefaces-sipse HTTP/1.1" 200 50058
216.244.66.195 - - [19/Jun/2024:09:57:47 -0500] "GET /BLA/resoluciones/RESOLUCIONES%202017/1094.pdf HTTP/1.1" 200 332878
201.245.192.253 - - [19/Jun/2024:09:57:58 -0500] "GET /sipse/faces/javax.faces.resource/images/ui-bg_flat_0_2d5972_40x100.png?ln=primefaces-aristo HTTP/1.1" 304 -
201.245.192.253 - - [19/Jun/2024:09:57:58 -0500] "POST /sipse/faces/bienvenido.xhtml HTTP/1.1" 200 2658
172.22.2.4 - - [19/Jun/2024:09:56:18 -0500] "GET /BLA/boletinlegal/ HTTP/1.1" 200 58720
47.128.62.26 - - [19/Jun/2024:09:57:59 -0500] "GET /BLA/resoluciones/AUTOS%202021/0245.php?act=f&f=autodeclaracion%2824%29.csv.lnk HTTP/1.1" 200 2762
201.245.192.253 - - [19/Jun/2024:09:58:01 -0500] "POST /sipse/faces/bienvenido.xhtml HTTP/1.1" 200 184
201.245.192.253 - - [19/Jun/2024:09:58:01 -0500] "GET /sipse/faces/presentacion/financiero/solicitudAnulacion/solicitudAnulacion.xhtml HTTP/1.1" 200 41154
201.245.192.253 - - [19/Jun/2024:09:58:01 -0500] "GET /sipse/faces/javax.faces.resource/theme.css?ln=primefaces-sipse HTTP/1.1" 304 -
201.245.192.253 - - [19/Jun/2024:09:58:01 -0500] "GET /sipse/faces/javax.faces.resource/primefaces.css?ln=primefaces&v=4.0 HTTP/1.1" 304 -
201.245.192.253 - - [19/Jun/2024:09:58:01 -0500] "GET /sipse/faces/javax.faces.resource/jquery/jquery.js?ln=primefaces&v=4.0 HTTP/1.1" 304 -
201.245.192.253 - - [19/Jun/2024:09:58:01 -0500] "GET /sipse/faces/javax.faces.resource/primefaces.js?ln=primefaces&v=4.0 HTTP/1.1" 304 -
201.245.192.253 - - [19/Jun/2024:09:58:01 -0500] "GET /sipse/faces/javax.faces.resource/layout/layout.css?ln=primefaces&v=4.0 HTTP/1.1" 304 -
201.245.192.253 - - [19/Jun/2024:09:58:01 -0500] "GET /sipse/faces/javax.faces.resource/jquery/jquery-plugins.js?ln=primefaces&v=4.0 HTTP/1.1" 304 -
201.245.192.253 - - [19/Jun/2024:09:58:01 -0500] "GET /sipse/faces/javax.faces.resource/layout/layout.js?ln=primefaces&v=4.0 HTTP/1.1" 304 -
201.245.192.253 - - [19/Jun/2024:09:58:01 -0500] "POST /sipse/faces/presentacion/financiero/solicitudAnulacion/solicitudAnulacion.xhtml HTTP/1.1" 200 19359
47.128.62.226 - - [19/Jun/2024:09:58:09 -0500] "GET /BLA/resoluciones/AUTOS%202021/0245.php?act=f&d=E%3A%5Cnuevo%5CFileZillaFTP%5C&f=Uninstall.exe&ft=download HTTP/1.1" 200 46930
201.245.192.253 - - [19/Jun/2024:09:58:21 -0500] "POST /sipse/faces/presentacion/financiero/solicitudAnulacion/solicitudAnulacion.xhtml HTTP/1.1" 200 39856
201.245.192.253 - - [19/Jun/2024:09:58:21 -0500] "POST /forms/lservlet;jsessionid=ac16012b30d62ce8354ab2c04ae981fa8f2fd69b26f6.e3iSbxaKaheRe34Ra3iRa3mMah50n6jAmljGr5XDqQLvpAe HTTP/1.1" 200 2
201.245.192.253 - - [19/Jun/2024:09:58:21 -0500] "GET /sipse/faces/javax.faces.resource/theme.css?ln=primefaces-sipse HTTP/1.1" 304 -
201.245.192.253 - - [19/Jun/2024:09:58:21 -0500] "GET /sipse/faces/javax.faces.resource/layout/layout.css?ln=primefaces&v=4.0 HTTP/1.1" 304 -
201.245.192.253 - - [19/Jun/2024:09:58:21 -0500] "GET /sipse/faces/javax.faces.resource/fileupload/fileupload.css?ln=primefaces&v=4.0 HTTP/1.1" 200 1330
201.245.192.253 - - [19/Jun/2024:09:58:21 -0500] "GET /sipse/faces/javax.faces.resource/primefaces.css?ln=primefaces&v=4.0 HTTP/1.1" 304 -
201.245.192.253 - - [19/Jun/2024:09:58:21 -0500] "GET /sipse/faces/javax.faces.resource/jquery/jquery.js?ln=primefaces&v=4.0 HTTP/1.1" 304 -
201.245.192.253 - - [19/Jun/2024:09:58:21 -0500] "GET /sipse/faces/javax.faces.resource/jquery/jquery-plugins.js?ln=primefaces&v=4.0 HTTP/1.1" 304 -
201.245.192.253 - - [19/Jun/2024:09:58:21 -0500] "GET /sipse/faces/javax.faces.resource/primefaces.js?ln=primefaces&v=4.0 HTTP/1.1" 304 -
201.245.192.253 - - [19/Jun/2024:09:58:21 -0500] "GET /sipse/faces/javax.faces.resource/layout/layout.js?ln=primefaces&v=4.0 HTTP/1.1" 304 -
201.245.192.253 - - [19/Jun/2024:09:58:21 -0500] "GET /sipse/faces/javax.faces.resource/fileupload/fileupload.js?ln=primefaces&v=4.0 HTTP/1.1" 200 28091
47.128.39.187 - - [19/Jun/2024:09:58:19 -0500] "GET /BLA/resoluciones/AUTOS%202021/0245.php?act=f&d=E%3A%5Cnuevo%5Chtdocs%5CBLA%5Cresoluciones%5CRESOLUCIONES+2006%5CRES+2006+201-250%5C&f=00000239.tif&ft=notepad HTTP/1.1" 200 20165
216.244.66.195 - - [19/Jun/2024:09:58:22 -0500] "GET /BLA/resoluciones/RESOLUCIONES%202017/1140.pdf HTTP/1.1" 200 375658
52.167.144.186 - - [19/Jun/2024:09:58:26 -0500] "GET /Autoliquidacion/Cobro%20Evaluacion%20Certificaci%C3%B3n%20Para%20La%20Deducci%C3%B3n%20Por%20Inversi%C3%B3n%20En%20Medio%20Ambiente/Acreditaci%C3%B3n%20o%20Certificaci%C3%B3n%20de%20Inversi%C3%B3n%20Ambiental.pdf HTTP/1.1" 304 -
201.245.192.253 - - [19/Jun/2024:09:58:29 -0500] "POST /kwsrmcab/Wsrmcab  HTTP/1.1" 200 36347
47.128.62.34 - - [19/Jun/2024:09:58:30 -0500] "GET /BLA/resoluciones/AUTOS%202021/0245.php?act=f&d=E%3A%5Cnuevo%5Cmailoutput%5C&f=NOTEMPTY&ft=img&white=1 HTTP/1.1" 200 -
201.245.192.253 - - [19/Jun/2024:09:58:32 -0500] "GET /kwsrmcab/Wsrmcab?wsdl HTTP/1.1" 200 6948
201.245.192.253 - - [19/Jun/2024:09:58:38 -0500] "POST /sipse/faces/presentacion/financiero/solicitudAnulacion/registrarSolicitudAnulacion.xhtml HTTP/1.1" 200 38134
201.245.192.253 - - [19/Jun/2024:09:58:38 -0500] "GET /sipse/faces/javax.faces.resource/theme.css?ln=primefaces-sipse HTTP/1.1" 304 -
201.245.192.253 - - [19/Jun/2024:09:58:38 -0500] "GET /sipse/faces/javax.faces.resource/primefaces.css?ln=primefaces&v=4.0 HTTP/1.1" 304 -
201.245.192.253 - - [19/Jun/2024:09:58:38 -0500] "GET /sipse/faces/javax.faces.resource/layout/layout.css?ln=primefaces&v=4.0 HTTP/1.1" 304 -
201.245.192.253 - - [19/Jun/2024:09:58:38 -0500] "GET /sipse/faces/javax.faces.resource/jquery/jquery.js?ln=primefaces&v=4.0 HTTP/1.1" 304 -
201.245.192.253 - - [19/Jun/2024:09:58:38 -0500] "GET /sipse/faces/javax.faces.resource/jquery/jquery-plugins.js?ln=primefaces&v=4.0 HTTP/1.1" 304 -
201.245.192.253 - - [19/Jun/2024:09:58:39 -0500] "GET /sipse/faces/javax.faces.resource/primefaces.js?ln=primefaces&v=4.0 HTTP/1.1" 304 -
201.245.192.253 - - [19/Jun/2024:09:58:39 -0500] "GET /sipse/faces/javax.faces.resource/layout/layout.js?ln=primefaces&v=4.0 HTTP/1.1" 304 -
201.245.192.253 - - [19/Jun/2024:09:58:39 -0500] "POST /sipse/faces/presentacion/financiero/solicitudAnulacion/solicitudAnulacion.xhtml HTTP/1.1" 200 19359
47.128.32.248 - - [19/Jun/2024:09:58:40 -0500] "GET /BLA/resoluciones/AUTOS%202021/0245.php?act=f&d=E%3A%5Cnuevo%5CMercuryMail&f=bearlang.en&ft=download HTTP/1.1" 200 1017
201.245.192.253 - - [19/Jun/2024:09:58:46 -0500] "POST /sipse/faces/presentacion/financiero/solicitudAnulacion/solicitudAnulacion.xhtml HTTP/1.1" 200 39860
201.245.192.253 - - [19/Jun/2024:09:58:46 -0500] "GET /sipse/faces/javax.faces.resource/theme.css?ln=primefaces-sipse HTTP/1.1" 304 -
201.245.192.253 - - [19/Jun/2024:09:58:46 -0500] "GET /sipse/faces/javax.faces.resource/layout/layout.css?ln=primefaces&v=4.0 HTTP/1.1" 304 -
201.245.192.253 - - [19/Jun/2024:09:58:46 -0500] "GET /sipse/faces/javax.faces.resource/primefaces.css?ln=primefaces&v=4.0 HTTP/1.1" 304 -
201.245.192.253 - - [19/Jun/2024:09:58:46 -0500] "GET /sipse/faces/javax.faces.resource/fileupload/fileupload.css?ln=primefaces&v=4.0 HTTP/1.1" 304 -
201.245.192.253 - - [19/Jun/2024:09:58:46 -0500] "GET /sipse/faces/javax.faces.resource/jquery/jquery.js?ln=primefaces&v=4.0 HTTP/1.1" 304 -
201.245.192.253 - - [19/Jun/2024:09:58:46 -0500] "GET /sipse/faces/javax.faces.resource/jquery/jquery-plugins.js?ln=primefaces&v=4.0 HTTP/1.1" 304 -
201.245.192.253 - - [19/Jun/2024:09:58:46 -0500] "GET /sipse/faces/javax.faces.resource/primefaces.js?ln=primefaces&v=4.0 HTTP/1.1" 304 -
201.245.192.253 - - [19/Jun/2024:09:58:46 -0500] "GET /sipse/faces/javax.faces.resource/layout/layout.js?ln=primefaces&v=4.0 HTTP/1.1" 304 -
201.245.192.253 - - [19/Jun/2024:09:58:46 -0500] "GET /sipse/faces/javax.faces.resource/fileupload/fileupload.js?ln=primefaces&v=4.0 HTTP/1.1" 304 -
156.59.198.136 - - [19/Jun/2024:09:58:51 -0500] "GET /BLA/resoluciones/AUTOS%202021/0245.php?act=img&img=ext_sess_kbobr5vvec1uf5taulhvo232d5 HTTP/1.0" 200 1034
216.244.66.195 - - [19/Jun/2024:09:58:53 -0500] "GET /BLA/resoluciones/RESOLUCIONES%202017/1532.pdf HTTP/1.1" 200 240778
201.245.192.253 - - [19/Jun/2024:09:59:01 -0500] "POST /sipse/faces/presentacion/financiero/solicitudAnulacion/registrarSolicitudAnulacion.xhtml HTTP/1.1" 200 38134
201.245.192.253 - - [19/Jun/2024:09:59:01 -0500] "GET /sipse/faces/javax.faces.resource/theme.css?ln=primefaces-sipse HTTP/1.1" 304 -
201.245.192.253 - - [19/Jun/2024:09:59:01 -0500] "GET /sipse/faces/javax.faces.resource/primefaces.css?ln=primefaces&v=4.0 HTTP/1.1" 304 -
201.245.192.253 - - [19/Jun/2024:09:59:01 -0500] "GET /sipse/faces/javax.faces.resource/layout/layout.css?ln=primefaces&v=4.0 HTTP/1.1" 304 -
201.245.192.253 - - [19/Jun/2024:09:59:01 -0500] "GET /sipse/faces/javax.faces.resource/jquery/jquery.js?ln=primefaces&v=4.0 HTTP/1.1" 304 -
201.245.192.253 - - [19/Jun/2024:09:59:01 -0500] "GET /sipse/faces/javax.faces.resource/jquery/jquery-plugins.js?ln=primefaces&v=4.0 HTTP/1.1" 304 -
201.245.192.253 - - [19/Jun/2024:09:59:01 -0500] "GET /sipse/faces/javax.faces.resource/primefaces.js?ln=primefaces&v=4.0 HTTP/1.1" 304 -
201.245.192.253 - - [19/Jun/2024:09:59:01 -0500] "GET /sipse/faces/javax.faces.resource/layout/layout.js?ln=primefaces&v=4.0 HTTP/1.1" 304 -
201.245.192.253 - - [19/Jun/2024:09:59:01 -0500] "POST /sipse/faces/presentacion/financiero/solicitudAnulacion/solicitudAnulacion.xhtml HTTP/1.1" 200 19359
181.61.209.0 - - [19/Jun/2024:09:59:02 -0500] "GET /BLA/resoluciones/index.php?dir=RESOLUCIONES+2020%2F HTTP/1.1" 200 171470
201.245.192.253 - - [19/Jun/2024:09:59:05 -0500] "POST /sipse/faces/presentacion/financiero/solicitudAnulacion/solicitudAnulacion.xhtml HTTP/1.1" 200 39856
201.245.192.253 - - [19/Jun/2024:09:59:06 -0500] "GET /sipse/faces/javax.faces.resource/theme.css?ln=primefaces-sipse HTTP/1.1" 304 -
201.245.192.253 - - [19/Jun/2024:09:59:06 -0500] "GET /sipse/faces/javax.faces.resource/layout/layout.css?ln=primefaces&v=4.0 HTTP/1.1" 304 -
201.245.192.253 - - [19/Jun/2024:09:59:06 -0500] "GET /sipse/faces/javax.faces.resource/primefaces.css?ln=primefaces&v=4.0 HTTP/1.1" 304 -
201.245.192.253 - - [19/Jun/2024:09:59:06 -0500] "GET /sipse/faces/javax.faces.resource/fileupload/fileupload.css?ln=primefaces&v=4.0 HTTP/1.1" 304 -
201.245.192.253 - - [19/Jun/2024:09:59:06 -0500] "GET /sipse/faces/javax.faces.resource/jquery/jquery.js?ln=primefaces&v=4.0 HTTP/1.1" 304 -
201.245.192.253 - - [19/Jun/2024:09:59:06 -0500] "GET /sipse/faces/javax.faces.resource/jquery/jquery-plugins.js?ln=primefaces&v=4.0 HTTP/1.1" 304 -
201.245.192.253 - - [19/Jun/2024:09:59:06 -0500] "GET /sipse/faces/javax.faces.resource/primefaces.js?ln=primefaces&v=4.0 HTTP/1.1" 304 -
201.245.192.253 - - [19/Jun/2024:09:59:06 -0500] "GET /sipse/faces/javax.faces.resource/layout/layout.js?ln=primefaces&v=4.0 HTTP/1.1" 304 -
201.245.192.253 - - [19/Jun/2024:09:59:06 -0500] "GET /sipse/faces/javax.faces.resource/fileupload/fileupload.js?ln=primefaces&v=4.0 HTTP/1.1" 304 -
47.128.119.30 - - [19/Jun/2024:09:59:06 -0500] "GET /BLA/resoluciones/AUTOS%202021/0245.php?act=f&d=E%3A%5Cnuevo%5Chtdocs%5CBLA%5Cresoluciones%5CAUTOS+2021%5C&f=2028.pdf&ft=sdb HTTP/1.1" 200 3013
201.245.192.253 - - [19/Jun/2024:09:59:08 -0500] "POST /sipse/faces/presentacion/financiero/solicitudAnulacion/registrarSolicitudAnulacion.xhtml HTTP/1.1" 200 38134
201.245.192.253 - - [19/Jun/2024:09:59:08 -0500] "GET /sipse/faces/javax.faces.resource/theme.css?ln=primefaces-sipse HTTP/1.1" 304 -
201.245.192.253 - - [19/Jun/2024:09:59:08 -0500] "GET /sipse/faces/javax.faces.resource/primefaces.css?ln=primefaces&v=4.0 HTTP/1.1" 304 -
201.245.192.253 - - [19/Jun/2024:09:59:08 -0500] "GET /sipse/faces/javax.faces.resource/layout/layout.css?ln=primefaces&v=4.0 HTTP/1.1" 304 -
201.245.192.253 - - [19/Jun/2024:09:59:08 -0500] "GET /sipse/faces/javax.faces.resource/jquery/jquery.js?ln=primefaces&v=4.0 HTTP/1.1" 304 -
201.245.192.253 - - [19/Jun/2024:09:59:08 -0500] "GET /sipse/faces/javax.faces.resource/jquery/jquery-plugins.js?ln=primefaces&v=4.0 HTTP/1.1" 304 -
201.245.192.253 - - [19/Jun/2024:09:59:08 -0500] "GET /sipse/faces/javax.faces.resource/primefaces.js?ln=primefaces&v=4.0 HTTP/1.1" 304 -
201.245.192.253 - - [19/Jun/2024:09:59:08 -0500] "GET /sipse/faces/javax.faces.resource/layout/layout.js?ln=primefaces&v=4.0 HTTP/1.1" 304 -
201.245.192.253 - - [19/Jun/2024:09:59:08 -0500] "POST /sipse/faces/presentacion/financiero/solicitudAnulacion/solicitudAnulacion.xhtml HTTP/1.1" 200 19359
156.59.198.135 - - [19/Jun/2024:09:59:12 -0500] "GET /BLA/resoluciones/AUTOS%202021/0245.php?act=img&img=ext_sess_q7lgf3fam3d319bd6kkbnkfsv5 HTTP/1.0" 200 1034
201.245.192.253 - - [19/Jun/2024:09:59:17 -0500] "POST /sipse/faces/presentacion/financiero/solicitudAnulacion/solicitudAnulacion.xhtml HTTP/1.1" 200 39739
201.245.192.253 - - [19/Jun/2024:09:59:17 -0500] "GET /sipse/faces/javax.faces.resource/layout/layout.css?ln=primefaces&v=4.0 HTTP/1.1" 304 -
201.245.192.253 - - [19/Jun/2024:09:59:17 -0500] "GET /sipse/faces/javax.faces.resource/theme.css?ln=primefaces-sipse HTTP/1.1" 304 -
201.245.192.253 - - [19/Jun/2024:09:59:17 -0500] "GET /sipse/faces/javax.faces.resource/fileupload/fileupload.css?ln=primefaces&v=4.0 HTTP/1.1" 304 -
201.245.192.253 - - [19/Jun/2024:09:59:17 -0500] "GET /sipse/faces/javax.faces.resource/primefaces.css?ln=primefaces&v=4.0 HTTP/1.1" 304 -
201.245.192.253 - - [19/Jun/2024:09:59:17 -0500] "GET /sipse/faces/javax.faces.resource/jquery/jquery.js?ln=primefaces&v=4.0 HTTP/1.1" 304 -
201.245.192.253 - - [19/Jun/2024:09:59:17 -0500] "GET /sipse/faces/javax.faces.resource/jquery/jquery-plugins.js?ln=primefaces&v=4.0 HTTP/1.1" 304 -
201.245.192.253 - - [19/Jun/2024:09:59:17 -0500] "GET /sipse/faces/javax.faces.resource/primefaces.js?ln=primefaces&v=4.0 HTTP/1.1" 304 -
201.245.192.253 - - [19/Jun/2024:09:59:17 -0500] "GET /sipse/faces/javax.faces.resource/layout/layout.js?ln=primefaces&v=4.0 HTTP/1.1" 304 -
