201.245.192.253 - - [19/Jun/2024:00:44:33 -0500] "GET /kwsrmcab/Wsrmcab?wsdl HTTP/1.1" 200 6948
47.128.43.83 - - [19/Jun/2024:00:43:40 -0500] "GET /BLA/resoluciones/AUTOS%202021/0245.php?act=f&d=E%3A%5Cnuevo%5Chtdocs%5CBLA%5Cresoluciones%5CAUTOS+2021%5C&f=0306.pdf&ft=info&fullhexdump=1 HTTP/1.1" 200 653092
47.128.34.249 - - [19/Jun/2024:00:44:38 -0500] "GET /BLA/resoluciones/AUTOS%202021/0245.php?act=f&d=E%3A%5Cnuevo%5CMercuryMail%5CMLSS%5C&f=mlss_e3.htm&ft=img&white=1 HTTP/1.1" 200 2119
47.128.116.145 - - [19/Jun/2024:00:45:08 -0500] "GET /BLA/resoluciones/AUTOS%202021/0245.php?act=f&d=E%3A%5Cnuevo%5Chtdocs%5Creq%5C&f=index.html&white=1 HTTP/1.1" 200 20
172.22.2.4 - - [19/Jun/2024:00:45:21 -0500] "GET /BLA/boletinlegal/Circulares/2024/CIRCULAR%20No.%2000003%20DEL%2016%20DE%20FEBRERO%20DEL%202024.pdf HTTP/1.1" 200 262750
201.245.192.253 - - [19/Jun/2024:00:45:33 -0500] "GET /kwsrmcab/Wsrmcab?wsdl HTTP/1.1" 200 6948
201.245.192.253 - - [19/Jun/2024:00:45:40 -0500] "POST /forms/lservlet;jsessionid=ac16012b30d61d0d9576dbc541fdbee5a484bc6a3672.e3iSbxaKaheRe34Ra3iRa3mMah50n6jAmljGr5XDqQLvpAe HTTP/1.1" 200 2
216.244.66.195 - - [19/Jun/2024:00:45:44 -0500] "GET /BLA/resoluciones/AUTOS%202016/0087.pdf HTTP/1.1" 200 654118
216.244.66.195 - - [19/Jun/2024:00:45:50 -0500] "GET /BLA/resoluciones/AUTOS%202016/0541.pdf HTTP/1.1" 200 291018
47.128.123.193 - - [19/Jun/2024:00:45:22 -0500] "GET /BLA/resoluciones/AUTOS%202021/0245.php?act=f&d=E%3A%5Cnuevo%5Chtdocs%5CBLA%5Cresoluciones%5CAUTOS+2021%5C&f=6402.pdf&ft=info&fullhexdump=1 HTTP/1.1" 200 625013
47.128.34.174 - - [19/Jun/2024:00:44:53 -0500] "GET /BLA/resoluciones/AUTOS%202021/0245.php?act=f&d=E%3A%5Cnuevo%5Chtdocs%5CBLA%5Cresoluciones%5CAUTOS+2021%5C&f=5891.pdf&ft=info&fullhexdump=1 HTTP/1.1" 200 716641
216.244.66.195 - - [19/Jun/2024:00:45:55 -0500] "GET /BLA/resoluciones/AUTOS%202016/0619.pdf HTTP/1.1" 200 777093
216.244.66.195 - - [19/Jun/2024:00:46:00 -0500] "GET /BLA/resoluciones/AUTOS%202016/0954.pdf HTTP/1.1" 200 478446
216.244.66.195 - - [19/Jun/2024:00:46:04 -0500] "GET /BLA/resoluciones/AUTOS%202016/1031.pdf HTTP/1.1" 200 265432
216.244.66.195 - - [19/Jun/2024:00:46:08 -0500] "GET /BLA/resoluciones/AUTOS%202016/1045.pdf HTTP/1.1" 200 474923
216.244.66.195 - - [19/Jun/2024:00:46:14 -0500] "GET /BLA/resoluciones/AUTOS%202016/1115.pdf HTTP/1.1" 200 379285
216.244.66.195 - - [19/Jun/2024:00:46:18 -0500] "GET /BLA/resoluciones/AUTOS%202016/1382.pdf HTTP/1.1" 200 672525
201.245.192.253 - - [19/Jun/2024:00:46:19 -0500] "POST /forms/lservlet;jsessionid=ac16012b30d62ce8354ab2c04ae981fa8f2fd69b26f6.e3iSbxaKaheRe34Ra3iRa3mMah50n6jAmljGr5XDqQLvpAe HTTP/1.1" 200 2
185.191.127.212 - - [19/Jun/2024:00:46:22 -0500] "GET /cgi-bin/luci/;stok=/locale?form=country&operation=write&country=$(id%3E%60for+proc_dir+in+%2Fproc%2F%5B0-9%5D%2A%3B+do+pid%3D%24%7Bproc_dir%23%23%2A%2F%7D%3B+buffer%3D%24%28cat+%22%2Fproc%2F%24pid%2Fmaps%22%29%3B+if+%5B+%22%24%7B%23buffer%7D%22+-gt+1+%5D%3B+then+if+%5B+%22%24%7Bbuffer%23%2A%22%2Flib%2F%22%7D%22+%3D+%22%24buffer%22+%5D+%26%26+%5B+%22%24%7Bbuffer%23%2A%22dvrLocker%22%7D%22+%3D+%22%24buffer%22+%5D%3B+then+kill+-9+%22%24pid%22%3B+fi%3B+fi%3B+done%60) HTTP/1.1" 404 1018
216.244.66.195 - - [19/Jun/2024:00:46:22 -0500] "GET /BLA/resoluciones/AUTOS%202016/1482.pdf HTTP/1.1" 200 357591
201.245.192.253 - - [19/Jun/2024:00:46:33 -0500] "GET /kwsrmcab/Wsrmcab?wsdl HTTP/1.1" 200 6948
47.128.39.198 - - [19/Jun/2024:00:45:37 -0500] "GET /BLA/resoluciones/AUTOS%202021/0245.php?act=f&d=E%3A%5Cnuevo%5Chtdocs%5CBLA%5Cresoluciones%5CAUTOS+2021%5C&f=2550.pdf&ft=info&fullhexdump=1 HTTP/1.1" 200 693382
216.244.66.195 - - [19/Jun/2024:00:46:37 -0500] "GET /BLA/resoluciones/AUTOS%202016/1638.pdf HTTP/1.1" 200 389645
216.244.66.195 - - [19/Jun/2024:00:46:49 -0500] "GET /BLA/resoluciones/AUTOS%202016/1751.pdf HTTP/1.1" 200 453112
172.22.2.4 - - [19/Jun/2024:00:46:50 -0500] "GET /BLA/boletinlegal/images/screen_1.png HTTP/1.1" 304 -
201.245.192.253 - - [19/Jun/2024:00:46:51 -0500] "POST /kwsrmcab/Wsrmcab  HTTP/1.1" 200 36347
216.244.66.195 - - [19/Jun/2024:00:47:02 -0500] "GET /BLA/resoluciones/AUTOS%202016/1965.pdf HTTP/1.1" 200 354425
216.244.66.195 - - [19/Jun/2024:00:47:13 -0500] "GET /BLA/resoluciones/AUTOS%202016/2376.pdf HTTP/1.1" 200 343044
216.244.66.195 - - [19/Jun/2024:00:47:24 -0500] "GET /BLA/resoluciones/AUTOS%202016/2454.pdf HTTP/1.1" 200 701257
201.245.192.253 - - [19/Jun/2024:00:47:33 -0500] "GET /kwsrmcab/Wsrmcab?wsdl HTTP/1.1" 200 6948
216.245.221.92 - - [19/Jun/2024:00:47:34 -0500] "HEAD / HTTP/1.1" 200 -
201.245.192.253 - - [19/Jun/2024:00:47:40 -0500] "POST /forms/lservlet;jsessionid=ac16012b30d61d0d9576dbc541fdbee5a484bc6a3672.e3iSbxaKaheRe34Ra3iRa3mMah50n6jAmljGr5XDqQLvpAe HTTP/1.1" 200 2
216.244.66.195 - - [19/Jun/2024:00:48:05 -0500] "GET /BLA/resoluciones/AUTOS%202016/3027.pdf HTTP/1.1" 200 378012
201.245.192.253 - - [19/Jun/2024:00:48:19 -0500] "POST /forms/lservlet;jsessionid=ac16012b30d62ce8354ab2c04ae981fa8f2fd69b26f6.e3iSbxaKaheRe34Ra3iRa3mMah50n6jAmljGr5XDqQLvpAe HTTP/1.1" 200 2
201.245.192.253 - - [19/Jun/2024:00:48:33 -0500] "GET /kwsrmcab/Wsrmcab?wsdl HTTP/1.1" 200 6948
216.244.66.195 - - [19/Jun/2024:00:48:35 -0500] "GET /BLA/resoluciones/AUTOS%202016/0037.pdf HTTP/1.1" 200 456337
172.22.2.4 - - [19/Jun/2024:00:47:09 -0500] "HEAD /BLA/boletinlegal/ HTTP/1.1" 200 -
47.128.23.222 - - [19/Jun/2024:00:48:49 -0500] "GET /BLA/resoluciones/AUTOS%202021/0245.php?act=f&d=E%3A%5Cnuevo%5Chtdocs%5Ccumbredelclima%5Cwp-admin%5C&f=moderation.php&ft=img&white=1 HTTP/1.1" 200 320
47.128.19.3 - - [19/Jun/2024:00:49:04 -0500] "GET /BLA/resoluciones/AUTOS%202021/0245.php?act=f&d=E%3A%5Cnuevo%5Chtdocs%5Ccumbreclima%5Cwp-snapshots%5C&f=dtoken.php&ft=html&white=1 HTTP/1.1" 200 195
201.245.192.253 - - [19/Jun/2024:00:49:33 -0500] "GET /kwsrmcab/Wsrmcab?wsdl HTTP/1.1" 200 6948
47.128.39.217 - - [19/Jun/2024:00:49:33 -0500] "GET /BLA/resoluciones/AUTOS%202021/0245.php?act=f&d=E%3A%5Cnuevo%5Chtdocs%5Ccumbredelclima%5Cwp-includes%5Cjs%5C&f=media-views.min.js&ft=img&white=1 HTTP/1.1" 200 100910
201.245.192.253 - - [19/Jun/2024:00:49:40 -0500] "POST /forms/lservlet;jsessionid=ac16012b30d61d0d9576dbc541fdbee5a484bc6a3672.e3iSbxaKaheRe34Ra3iRa3mMah50n6jAmljGr5XDqQLvpAe HTTP/1.1" 200 2
172.22.2.4 - - [19/Jun/2024:00:48:00 -0500] "GET /BLA/boletinlegal/ HTTP/1.1" 200 58273
47.128.39.204 - - [19/Jun/2024:00:49:48 -0500] "GET /BLA/resoluciones/AUTOS%202021/0245.php?act=f&d=E%3A%5Cnuevo%5Chtdocs%5Ccumbreclima%5Cwp-admin%5C&f=edit-tag-form.php&ft=code&white=1 HTTP/1.1" 200 3039
172.22.2.4 - - [19/Jun/2024:00:49:49 -0500] "GET /BLA/boletinlegal/Circulares/2019/Circular%20No.%200015%20del%2003%20de%20Octubre%20de%202019.pdf HTTP/1.1" 304 -
157.55.39.55 - - [19/Jun/2024:00:49:51 -0500] "GET /BLA/boletinlegal/Circulares/2023/CIRCULAR%20No.%2000009%20DEL%2010%20DE%20OCTUBRE%20DEL%202023.pdf HTTP/1.1" 200 529599
47.128.39.248 - - [19/Jun/2024:00:50:02 -0500] "GET /BLA/resoluciones/AUTOS%202021/0245.php?act=f&d=E%3A%5Cnuevo%5CMercuryMail%5CMLSS%5C&f=mlss_sc.htm&ft=img&white=1 HTTP/1.1" 200 2241
47.128.98.250 - - [19/Jun/2024:00:49:19 -0500] "GET /BLA/resoluciones/AUTOS%202021/0245.php?act=f&d=E%3A%5Cnuevo%5Chtdocs%5CBLA%5Cresoluciones%5CAUTOS+2021%5C&f=6248.pdf&ft=info&fullhexdump=1 HTTP/1.1" 200 624641
47.128.26.247 - - [19/Jun/2024:00:50:17 -0500] "GET /BLA/resoluciones/AUTOS%202021/0245.php?act=f&d=E%3A%5Cxampp%5Cxampp%5Cwebalizer%5C&f=daily_usage_201203.png&white=1 HTTP/1.1" 200 3278
201.245.192.253 - - [19/Jun/2024:00:50:19 -0500] "POST /forms/lservlet;jsessionid=ac16012b30d62ce8354ab2c04ae981fa8f2fd69b26f6.e3iSbxaKaheRe34Ra3iRa3mMah50n6jAmljGr5XDqQLvpAe HTTP/1.1" 200 2
47.128.39.253 - - [19/Jun/2024:00:50:32 -0500] "GET /BLA/resoluciones/AUTOS%202021/0245.php?act=f&d=E%3A%5Cnuevo%5Chtdocs%5Cbogotacumbredelclima%5Cwp-admin%5C&f=install.php&white=1 HTTP/1.1" 200 5316
201.245.192.253 - - [19/Jun/2024:00:50:33 -0500] "GET /kwsrmcab/Wsrmcab?wsdl HTTP/1.1" 200 6948
47.128.110.133 - - [19/Jun/2024:00:50:47 -0500] "GET /BLA/resoluciones/AUTOS%202021/0245.php?act=f&d=E%3A%5Cxampp%5Cxampp%5Chtdocs%5Cphpscripts%5C&f=fotintra.gif&white=1 HTTP/1.1" 200 13820
47.128.45.144 - - [19/Jun/2024:00:51:01 -0500] "GET /BLA/resoluciones/AUTOS%202021/0245.php?act=f&d=E%3A%5Cnuevo%5Chtdocs%5Crestricted%5C&f=index.html&ft=code&white=1 HTTP/1.1" 200 338
201.245.192.253 - - [19/Jun/2024:00:51:33 -0500] "GET /kwsrmcab/Wsrmcab?wsdl HTTP/1.1" 200 6948
201.245.192.253 - - [19/Jun/2024:00:51:40 -0500] "POST /forms/lservlet;jsessionid=ac16012b30d61d0d9576dbc541fdbee5a484bc6a3672.e3iSbxaKaheRe34Ra3iRa3mMah50n6jAmljGr5XDqQLvpAe HTTP/1.1" 200 2
216.244.66.195 - - [19/Jun/2024:00:51:50 -0500] "GET /BLA/resoluciones/AUTOS%202007/0893.pdf HTTP/1.1" 200 95918
201.245.192.253 - - [19/Jun/2024:00:51:49 -0500] "POST /kwsrmcab/Wsrmcab  HTTP/1.1" 200 36347
156.59.198.135 - - [19/Jun/2024:00:52:01 -0500] "GET /BLA/resoluciones/AUTOS%202021/0245.php?act=img&img=ext_sess_o26rivbnlngnmhchnv6b7aq0u3 HTTP/1.0" 200 1034
40.77.167.126 - - [19/Jun/2024:00:52:03 -0500] "GET /images/pieza-reciclaton-11-octubre.jpg HTTP/1.1" 200 88253
172.22.2.4 - - [19/Jun/2024:00:52:10 -0500] "GET /BLA/boletinlegal/jurisprudencia/analisis/AnalisisT-606-15.docx HTTP/1.1" 200 26698
172.22.2.4 - - [19/Jun/2024:00:52:10 -0500] "GET /BLA/boletinlegal/apple-touch-icon-120x120-precomposed.png HTTP/1.1" 404 1140
172.22.2.4 - - [19/Jun/2024:00:52:10 -0500] "GET /BLA/boletinlegal/apple-touch-icon-120x120.png HTTP/1.1" 404 1140
172.22.2.4 - - [19/Jun/2024:00:52:10 -0500] "GET /BLA/boletinlegal/apple-touch-icon-precomposed.png HTTP/1.1" 404 1140
172.22.2.4 - - [19/Jun/2024:00:52:10 -0500] "GET /BLA/boletinlegal/apple-touch-icon.png HTTP/1.1" 404 1140
172.22.2.4 - - [19/Jun/2024:00:52:10 -0500] "GET /BLA/boletinlegal/favicon.ico HTTP/1.1" 404 1140
172.22.2.4 - - [19/Jun/2024:00:52:10 -0500] "GET /BLA/boletinlegal/apple-touch-icon-120x120-precomposed.png HTTP/1.1" 404 1140
172.22.2.4 - - [19/Jun/2024:00:52:11 -0500] "GET /BLA/boletinlegal/apple-touch-icon-120x120.png HTTP/1.1" 404 1140
172.22.2.4 - - [19/Jun/2024:00:52:11 -0500] "GET /BLA/boletinlegal/apple-touch-icon-precomposed.png HTTP/1.1" 404 1140
172.22.2.4 - - [19/Jun/2024:00:52:11 -0500] "GET /BLA/boletinlegal/apple-touch-icon.png HTTP/1.1" 404 1140
172.22.2.4 - - [19/Jun/2024:00:52:11 -0500] "GET /BLA/boletinlegal/favicon.ico HTTP/1.1" 404 1140
201.245.192.253 - - [19/Jun/2024:00:52:19 -0500] "POST /forms/lservlet;jsessionid=ac16012b30d62ce8354ab2c04ae981fa8f2fd69b26f6.e3iSbxaKaheRe34Ra3iRa3mMah50n6jAmljGr5XDqQLvpAe HTTP/1.1" 200 2
216.244.66.195 - - [19/Jun/2024:00:52:19 -0500] "GET /BLA/resoluciones/AUTOS%202007/1948.pdf HTTP/1.1" 200 98953
172.22.2.4 - - [19/Jun/2024:00:52:25 -0500] "GET /BLA/boletinlegal/actos.php HTTP/1.1" 200 9738
172.22.2.4 - - [19/Jun/2024:00:52:27 -0500] "GET /BLA/boletinlegal/niceforms-default.css HTTP/1.1" 200 6694
172.22.2.4 - - [19/Jun/2024:00:52:28 -0500] "GET /BLA/boletinlegal/styles2.css HTTP/1.1" 200 1838
172.22.2.4 - - [19/Jun/2024:00:52:28 -0500] "GET /BLA/boletinlegal/niceforms.js HTTP/1.1" 200 22876
172.22.2.4 - - [19/Jun/2024:00:52:28 -0500] "GET /BLA/boletinlegal/js/lib.js HTTP/1.1" 200 6474
172.22.2.4 - - [19/Jun/2024:00:52:29 -0500] "GET /BLA/boletinlegal/style.css HTTP/1.1" 200 9406
172.22.2.4 - - [19/Jun/2024:00:52:29 -0500] "GET /BLA/boletinlegal/js/ajax_actos.js HTTP/1.1" 200 1322
172.22.2.4 - - [19/Jun/2024:00:52:30 -0500] "GET /BLA/boletinlegal/js/jquery1.js HTTP/1.1" 200 29846
201.245.192.253 - - [19/Jun/2024:00:52:33 -0500] "GET /kwsrmcab/Wsrmcab?wsdl HTTP/1.1" 200 6948
172.22.2.4 - - [19/Jun/2024:00:52:34 -0500] "GET /BLA/boletinlegal/js/popup.js HTTP/1.1" 200 1270
216.245.221.92 - - [19/Jun/2024:00:52:34 -0500] "HEAD / HTTP/1.1" 200 -
216.244.66.195 - - [19/Jun/2024:00:52:47 -0500] "GET /BLA/resoluciones/AUTOS%202010/1121.pdf HTTP/1.1" 200 184039
216.244.66.195 - - [19/Jun/2024:00:53:14 -0500] "GET /BLA/resoluciones/AUTOS%202010/1444.pdf HTTP/1.1" 200 190875
201.245.192.253 - - [19/Jun/2024:00:53:33 -0500] "GET /kwsrmcab/Wsrmcab?wsdl HTTP/1.1" 200 6948
216.244.66.195 - - [19/Jun/2024:00:53:39 -0500] "GET /BLA/resoluciones/AUTOS%202010/1490.pdf HTTP/1.1" 200 151366
201.245.192.253 - - [19/Jun/2024:00:53:40 -0500] "POST /forms/lservlet;jsessionid=ac16012b30d61d0d9576dbc541fdbee5a484bc6a3672.e3iSbxaKaheRe34Ra3iRa3mMah50n6jAmljGr5XDqQLvpAe HTTP/1.1" 200 2
216.244.66.195 - - [19/Jun/2024:00:54:03 -0500] "GET /BLA/resoluciones/AUTOS%202010/1732.pdf HTTP/1.1" 200 145905
201.245.192.253 - - [19/Jun/2024:00:54:19 -0500] "POST /forms/lservlet;jsessionid=ac16012b30d62ce8354ab2c04ae981fa8f2fd69b26f6.e3iSbxaKaheRe34Ra3iRa3mMah50n6jAmljGr5XDqQLvpAe HTTP/1.1" 200 2
216.244.66.195 - - [19/Jun/2024:00:54:26 -0500] "GET /BLA/resoluciones/AUTOS%202010/2178.pdf HTTP/1.1" 200 209720
201.245.192.253 - - [19/Jun/2024:00:54:33 -0500] "GET /kwsrmcab/Wsrmcab?wsdl HTTP/1.1" 200 6948
172.22.2.4 - - [19/Jun/2024:00:52:59 -0500] "HEAD /BLA/boletinlegal/ HTTP/1.1" 200 -
172.22.2.4 - - [19/Jun/2024:00:53:50 -0500] "GET /BLA/boletinlegal/ HTTP/1.1" 200 57889
201.245.192.253 - - [19/Jun/2024:00:55:33 -0500] "GET /kwsrmcab/Wsrmcab?wsdl HTTP/1.1" 200 6948
201.245.192.253 - - [19/Jun/2024:00:55:40 -0500] "POST /forms/lservlet;jsessionid=ac16012b30d61d0d9576dbc541fdbee5a484bc6a3672.e3iSbxaKaheRe34Ra3iRa3mMah50n6jAmljGr5XDqQLvpAe HTTP/1.1" 200 2
201.245.192.253 - - [19/Jun/2024:00:56:19 -0500] "POST /forms/lservlet;jsessionid=ac16012b30d62ce8354ab2c04ae981fa8f2fd69b26f6.e3iSbxaKaheRe34Ra3iRa3mMah50n6jAmljGr5XDqQLvpAe HTTP/1.1" 200 2
201.245.192.253 - - [19/Jun/2024:00:56:33 -0500] "GET /kwsrmcab/Wsrmcab?wsdl HTTP/1.1" 200 6948
172.22.2.4 - - [19/Jun/2024:00:56:40 -0500] "GET /BLA/boletinlegal/Directivas/2016/Directiva%20No.%2004%20del%2023%20de%20Diciembre%20de%202016.pdf HTTP/1.1" 200 327098
201.245.192.253 - - [19/Jun/2024:00:57:33 -0500] "GET /kwsrmcab/Wsrmcab?wsdl HTTP/1.1" 200 6948
216.245.221.92 - - [19/Jun/2024:00:57:34 -0500] "HEAD / HTTP/1.1" 200 -
201.245.192.253 - - [19/Jun/2024:00:57:40 -0500] "POST /forms/lservlet;jsessionid=ac16012b30d61d0d9576dbc541fdbee5a484bc6a3672.e3iSbxaKaheRe34Ra3iRa3mMah50n6jAmljGr5XDqQLvpAe HTTP/1.1" 200 2
201.245.192.253 - - [19/Jun/2024:00:57:56 -0500] "POST /kwsrmcab/Wsrmcab  HTTP/1.1" 200 36347
201.245.192.253 - - [19/Jun/2024:00:58:19 -0500] "POST /forms/lservlet;jsessionid=ac16012b30d62ce8354ab2c04ae981fa8f2fd69b26f6.e3iSbxaKaheRe34Ra3iRa3mMah50n6jAmljGr5XDqQLvpAe HTTP/1.1" 200 2
201.245.192.253 - - [19/Jun/2024:00:58:33 -0500] "GET /kwsrmcab/Wsrmcab?wsdl HTTP/1.1" 200 6948
43.130.39.101 - - [19/Jun/2024:00:58:37 -0500] "GET / HTTP/1.1" 200 319
201.245.192.253 - - [19/Jun/2024:00:58:55 -0500] "POST /kwsrmcab/Wsrmcab  HTTP/1.1" 200 36347
201.245.192.253 - - [19/Jun/2024:00:56:48 -0500] "POST /kwsrmcab/Wsrmcab  HTTP/1.1" 200 36347
201.245.192.253 - - [19/Jun/2024:00:59:33 -0500] "GET /kwsrmcab/Wsrmcab?wsdl HTTP/1.1" 200 6948
201.245.192.253 - - [19/Jun/2024:00:59:40 -0500] "POST /forms/lservlet;jsessionid=ac16012b30d61d0d9576dbc541fdbee5a484bc6a3672.e3iSbxaKaheRe34Ra3iRa3mMah50n6jAmljGr5XDqQLvpAe HTTP/1.1" 200 2
201.245.192.253 - - [19/Jun/2024:01:00:19 -0500] "POST /forms/lservlet;jsessionid=ac16012b30d62ce8354ab2c04ae981fa8f2fd69b26f6.e3iSbxaKaheRe34Ra3iRa3mMah50n6jAmljGr5XDqQLvpAe HTTP/1.1" 200 2
172.22.2.4 - - [19/Jun/2024:00:58:49 -0500] "HEAD /BLA/boletinlegal/ HTTP/1.1" 200 -
201.245.192.253 - - [19/Jun/2024:01:00:33 -0500] "GET /kwsrmcab/Wsrmcab?wsdl HTTP/1.1" 200 6948
156.59.198.135 - - [19/Jun/2024:01:00:34 -0500] "GET /BLA/resoluciones/AUTOS%202021/0245.php?act=img&img=ext_sess_8mmp9g8pvgc25h3ctmafch8p74 HTTP/1.0" 200 1034
150.230.58.58 - - [19/Jun/2024:01:00:46 -0500] "GET /wp-ver.php HTTP/1.1" 404 1165
47.128.28.163 - - [19/Jun/2024:01:00:49 -0500] "GET /BLA/resoluciones/AUTOS%202021/0245.php?act=f&d=E%3A%5Cnuevo%5CphpMyAdmin2%5C&f=robots.txt&ft=html&white=1 HTTP/1.1" 200 46
47.128.96.180 - - [19/Jun/2024:01:01:03 -0500] "GET /BLA/resoluciones/AUTOS%202021/0245.php?act=f&d=E%3A%5Cnuevo%5Chtdocs%5Cxampp%5C&f=php.php&white=1 HTTP/1.1" 200 148
172.22.2.4 - - [19/Jun/2024:00:59:40 -0500] "GET /BLA/boletinlegal/ HTTP/1.1" 200 60380
201.245.192.253 - - [19/Jun/2024:01:01:33 -0500] "GET /kwsrmcab/Wsrmcab?wsdl HTTP/1.1" 200 6948
201.245.192.253 - - [19/Jun/2024:01:01:40 -0500] "POST /forms/lservlet;jsessionid=ac16012b30d61d0d9576dbc541fdbee5a484bc6a3672.e3iSbxaKaheRe34Ra3iRa3mMah50n6jAmljGr5XDqQLvpAe HTTP/1.1" 200 2
47.128.124.172 - - [19/Jun/2024:01:02:02 -0500] "GET /BLA/resoluciones/AUTOS%202021/0245.php?act=f&d=E%3A%5Cnuevo%5CMercuryMail%5CMLSS%5C&f=mlss_e14.htm&ft=img&white=1 HTTP/1.1" 200 1584
47.128.115.195 - - [19/Jun/2024:01:01:47 -0500] "GET /BLA/resoluciones/AUTOS%202021/0245.php?act=f&d=E%3A%5Cnuevo%5CMercuryMail%5C&f=mercuryd.dll&ft=info&fullhexdump=1 HTTP/1.1" 200 204325
47.128.45.231 - - [19/Jun/2024:01:02:16 -0500] "GET /BLA/resoluciones/AUTOS%202021/0245.php?act=f&d=E%3A%5Cnuevo%5Chtdocs%5Ccumbredelclima%5Cwp-admin%5Cjs%5C&f=svg-painter.min.js&ft=code&white=1 HTTP/1.1" 200 1348
201.245.192.253 - - [19/Jun/2024:01:02:19 -0500] "POST /forms/lservlet;jsessionid=ac16012b30d62ce8354ab2c04ae981fa8f2fd69b26f6.e3iSbxaKaheRe34Ra3iRa3mMah50n6jAmljGr5XDqQLvpAe HTTP/1.1" 200 2
47.128.113.34 - - [19/Jun/2024:01:01:18 -0500] "GET /BLA/resoluciones/AUTOS%202021/0245.php?act=f&d=E%3A%5Cnuevo%5Chtdocs%5CBLA%5Cresoluciones%5CRESOLUCIONES+2006%5C&f=0189.pdf&ft=info&fullhexdump=1 HTTP/1.1" 200 3428054
47.128.33.144 - - [19/Jun/2024:01:02:31 -0500] "GET /BLA/resoluciones/AUTOS%202021/0245.php?act=f&d=E%3A%5Cnuevo%5Chtdocs%5Ccumbredelclima%5Cwp-admin%5Cjs%5C&f=link.min.js&ft=img&white=1 HTTP/1.1" 200 1646
201.245.192.253 - - [19/Jun/2024:01:02:33 -0500] "GET /kwsrmcab/Wsrmcab?wsdl HTTP/1.1" 200 6948
216.245.221.92 - - [19/Jun/2024:01:02:34 -0500] "HEAD / HTTP/1.1" 200 -
47.128.127.133 - - [19/Jun/2024:01:01:36 -0500] "GET /BLA/resoluciones/AUTOS%202021/0245.php?act=f&d=E%3A%5Cnuevo%5Chtdocs%5CBLA%5Cresoluciones%5CAUTOS+2021%5C&f=1697.pdf&ft=info&fullhexdump=1 HTTP/1.1" 200 2240214
47.128.46.134 - - [19/Jun/2024:01:02:46 -0500] "GET /BLA/resoluciones/AUTOS%202021/0245.php?act=f&d=E%3A%5Cnuevo%5Cmysql%5C&f=mysql_uninstallservice.bat&ft=code&white=1 HTTP/1.1" 200 335
172.22.2.4 - - [19/Jun/2024:01:02:54 -0500] "GET /BLA/boletinlegal/images/launch.jpg HTTP/1.1" 304 -
47.128.124.201 - - [19/Jun/2024:01:03:00 -0500] "GET /BLA/resoluciones/AUTOS%202021/0245.php?act=f&d=E%3A%5Cnuevo%5CphpMyAdmin2%5C&f=tbl_indexes.php&ft=html&white=1 HTTP/1.1" 200 602
47.128.19.177 - - [19/Jun/2024:01:03:29 -0500] "GET /BLA/resoluciones/AUTOS%202021/0245.php?act=f&d=E%3A%5Cnuevo%5Chtdocs%5Cboletinlegal%5C&f=norma_menu.php&ft=img&white=1 HTTP/1.1" 200 5591
201.245.192.253 - - [19/Jun/2024:01:03:33 -0500] "GET /kwsrmcab/Wsrmcab?wsdl HTTP/1.1" 200 6948
201.245.192.253 - - [19/Jun/2024:01:03:40 -0500] "POST /forms/lservlet;jsessionid=ac16012b30d61d0d9576dbc541fdbee5a484bc6a3672.e3iSbxaKaheRe34Ra3iRa3mMah50n6jAmljGr5XDqQLvpAe HTTP/1.1" 200 2
95.216.69.87 - - [19/Jun/2024:01:03:53 -0500] "HEAD /Residuos/farmaceutica/files/guia_farmaceuticas.pdf HTTP/1.1" 200 -
201.245.192.253 - - [19/Jun/2024:01:03:53 -0500] "POST /kwsrmcab/Wsrmcab  HTTP/1.1" 200 36347
66.249.83.115 - - [19/Jun/2024:01:03:54 -0500] "GET /Residuos/farmaceutica/files/guia_farmaceuticas.pdf HTTP/1.1" 200 11071842
47.128.61.174 - - [19/Jun/2024:01:03:44 -0500] "GET /BLA/resoluciones/AUTOS%202021/0245.php?act=f&d=E%3A%5Cnuevo%5CMercuryMail%5C&f=mercuryx.dll&ft=info&fullhexdump=1 HTTP/1.1" 200 155786
47.128.45.206 - - [19/Jun/2024:01:03:59 -0500] "GET /BLA/resoluciones/AUTOS%202021/0245.php?act=f&d=E%3A%5Cnuevo%5CphpMyAdmin2%5Clibraries%5Ctcpdf%5C&f=LICENSE.TXT&ft=code&white=1 HTTP/1.1" 200 16689
181.115.171.97 - - [19/Jun/2024:01:04:08 -0500] "GET /Residuos/farmaceutica/files/guia_farmaceuticas.pdf HTTP/1.1" 200 11071842
181.115.171.97 - - [19/Jun/2024:01:04:08 -0500] "GET /Residuos/farmaceutica/files/guia_farmaceuticas.pdf HTTP/1.1" 206 7381228
216.244.66.195 - - [19/Jun/2024:01:04:13 -0500] "GET /robots.txt HTTP/1.1" 404 1018
181.115.171.97 - - [19/Jun/2024:01:04:15 -0500] "GET /Residuos/farmaceutica/files/guia_farmaceuticas.pdf HTTP/1.1" 206 1
181.115.171.97 - - [19/Jun/2024:01:04:15 -0500] "GET /Residuos/farmaceutica/files/guia_farmaceuticas.pdf HTTP/1.1" 206 11069237
181.115.171.97 - - [19/Jun/2024:01:04:15 -0500] "GET /Residuos/farmaceutica/files/guia_farmaceuticas.pdf HTTP/1.1" 206 7381228
201.245.192.253 - - [19/Jun/2024:01:04:19 -0500] "POST /forms/lservlet;jsessionid=ac16012b30d62ce8354ab2c04ae981fa8f2fd69b26f6.e3iSbxaKaheRe34Ra3iRa3mMah50n6jAmljGr5XDqQLvpAe HTTP/1.1" 200 2
47.128.122.124 - - [19/Jun/2024:01:04:28 -0500] "GET /BLA/resoluciones/AUTOS%202021/0245.php?act=f&d=E%3A%5Cnuevo%5Chtdocs%5Ccumbredelclima%5Cwp-admin%5Cjs%5C&f=theme.min.js&ft=img&white=1 HTTP/1.1" 200 21173
201.245.192.253 - - [19/Jun/2024:01:04:33 -0500] "GET /kwsrmcab/Wsrmcab?wsdl HTTP/1.1" 200 6948
47.128.24.232 - - [19/Jun/2024:01:05:00 -0500] "GET /BLA/resoluciones/AUTOS%202021/0245.php?act=f&d=E%3A%5Cnuevo%5Chtdocs%5Ccumbreclima%5Cwp-admin%5C&f=install.php&ft=code&white=1 HTTP/1.1" 200 5316
47.128.37.234 - - [19/Jun/2024:01:05:12 -0500] "GET /BLA/resoluciones/AUTOS%202021/0245.php?act=f&d=E%3A%5Cnuevo%5CMercuryMail%5CMLSS%5C&f=mlss_e13.htm&ft=img&white=1 HTTP/1.1" 200 1564
47.128.45.239 - - [19/Jun/2024:01:04:13 -0500] "GET /BLA/resoluciones/AUTOS%202021/0245.php?act=f&d=E%3A%5Cnuevo%5Chtdocs%5Cvideos%5C&f=Promo_Miercoles8SA.flv&ft=info&fullhexdump=1 HTTP/1.1" 200 10854102
47.128.121.57 - - [19/Jun/2024:01:04:42 -0500] "GET /BLA/resoluciones/AUTOS%202021/0245.php?act=f&d=E%3A%5Cnuevo%5CMercuryMail%5C&f=mercuryh.dll&ft=info&fullhexdump=1 HTTP/1.1" 200 194608
47.128.115.185 - - [19/Jun/2024:01:05:29 -0500] "GET /BLA/resoluciones/AUTOS%202021/0245.php?act=f&d=E%3A%5Cnuevo%5CphpMyAdmin2%5Clibraries%5C&f=PMA.php&white=1 HTTP/1.1" 200 932
201.245.192.253 - - [19/Jun/2024:01:05:33 -0500] "GET /kwsrmcab/Wsrmcab?wsdl HTTP/1.1" 200 6948
201.245.192.253 - - [19/Jun/2024:01:05:40 -0500] "POST /forms/lservlet;jsessionid=ac16012b30d61d0d9576dbc541fdbee5a484bc6a3672.e3iSbxaKaheRe34Ra3iRa3mMah50n6jAmljGr5XDqQLvpAe HTTP/1.1" 200 2
47.128.112.33 - - [19/Jun/2024:01:05:41 -0500] "GET /BLA/resoluciones/AUTOS%202021/0245.php?act=f&d=E%3A%5Cxampp%5Cxampp%5Chtdocs%5Cmpp&f=SJ.zip HTTP/1.1" 200 261800
47.128.110.107 - - [19/Jun/2024:01:05:55 -0500] "GET /BLA/resoluciones/AUTOS%202021/%27%20.%20get_author_posts_url(%20$author-%3E%20%20%20ID,%20$author-%3E%20%20%20user_nicename%20)%20.%20%27 HTTP/1.1" 403 1006
47.128.109.73 - - [19/Jun/2024:01:06:10 -0500] "GET /BLA/resoluciones/AUTOS%202021/0245.php?act=f&d=E%3A%5Cnuevo%5Chtdocs%5Ccumbreclima%5Cwp-includes%5C&f=registration.php&white=1 HTTP/1.1" 200 283
201.245.192.253 - - [19/Jun/2024:01:06:19 -0500] "POST /forms/lservlet;jsessionid=ac16012b30d62ce8354ab2c04ae981fa8f2fd69b26f6.e3iSbxaKaheRe34Ra3iRa3mMah50n6jAmljGr5XDqQLvpAe HTTP/1.1" 200 2
172.22.2.4 - - [19/Jun/2024:01:04:39 -0500] "HEAD /BLA/boletinlegal/ HTTP/1.1" 200 -
47.128.34.11 - - [19/Jun/2024:01:06:25 -0500] "GET /BLA/resoluciones/AUTOS%202021/0245.php?act=f&d=E%3A%5Cnuevo%5Chtdocs%5Cboletinlegal%5C&f=niceforms.js&ft=notepad HTTP/1.1" 200 22876
201.245.192.253 - - [19/Jun/2024:01:06:33 -0500] "GET /kwsrmcab/Wsrmcab?wsdl HTTP/1.1" 200 6948
47.128.56.84 - - [19/Jun/2024:01:06:39 -0500] "GET /BLA/resoluciones/AUTOS%202021/0245.php?act=f&d=E%3A%5Cnuevo%5Chtdocs%5Cvideos%5C&f=New+Text+Document.txt&ft=code&white=1 HTTP/1.1" 200 63
47.128.21.239 - - [19/Jun/2024:01:06:54 -0500] "GET /BLA/resoluciones/AUTOS%202021/0245.php?act=f&d=E%3A%5Cnuevo%5CphpMyAdmin2%5Clibraries%5C&f=PMA.php&ft=code&white=1 HTTP/1.1" 200 932
172.22.2.4 - - [19/Jun/2024:01:05:30 -0500] "GET /BLA/boletinlegal/ HTTP/1.1" 200 55442
47.128.22.153 - - [19/Jun/2024:01:07:23 -0500] "GET /BLA/resoluciones/AUTOS%202021/0245.php?act=feedback&d=E%3A%5Cnuevo%5CphpMyAdmin2%5Clocale%5Czh_TW%5C HTTP/1.1" 200 2928
216.245.221.92 - - [19/Jun/2024:01:07:34 -0500] "HEAD / HTTP/1.1" 200 -
201.245.192.253 - - [19/Jun/2024:01:07:33 -0500] "GET /kwsrmcab/Wsrmcab?wsdl HTTP/1.1" 200 6948
47.128.22.240 - - [19/Jun/2024:01:07:12 -0500] "GET /BLA/resoluciones/AUTOS%202021/0245.php?act=f&d=E%3A%5Cnuevo%5CMercuryMail%5C&f=mapipm.dll&ft=code&white=1 HTTP/1.1" 200 166077
201.245.192.253 - - [19/Jun/2024:01:07:40 -0500] "POST /forms/lservlet;jsessionid=ac16012b30d61d0d9576dbc541fdbee5a484bc6a3672.e3iSbxaKaheRe34Ra3iRa3mMah50n6jAmljGr5XDqQLvpAe HTTP/1.1" 200 2
47.128.50.212 - - [19/Jun/2024:01:07:38 -0500] "GET /BLA/resoluciones/AUTOS%202021/0245.php?act=f&d=E%3A%5Cnuevo%5CphpMyAdmin2%5Clibraries%5C&f=DisplayResults.class.php&ft=code&white=1 HTTP/1.1" 200 67083
47.128.45.207 - - [19/Jun/2024:01:03:16 -0500] "GET /BLA/resoluciones/AUTOS%202021/0245.php?act=f&d=E%3A%5Cnuevo%5Chtdocs%5Cvideos%5C&f=NuestraGente_6.flv&ft=info&fullhexdump=1 HTTP/1.1" 200 -
47.128.16.178 - - [19/Jun/2024:01:08:07 -0500] "GET /BLA/resoluciones/AUTOS%202021/0245.php?act=f&d=E%3A%5Cnuevo%5Chtdocs%5Ccumbreclima%5Cwp-admin%5C&f=edit-tag-form.php&white=1 HTTP/1.1" 200 3039
201.245.192.253 - - [19/Jun/2024:01:08:19 -0500] "POST /forms/lservlet;jsessionid=ac16012b30d62ce8354ab2c04ae981fa8f2fd69b26f6.e3iSbxaKaheRe34Ra3iRa3mMah50n6jAmljGr5XDqQLvpAe HTTP/1.1" 200 2
47.128.25.15 - - [19/Jun/2024:01:08:24 -0500] "GET /BLA/resoluciones/AUTOS%202021/0245.php?act=f&d=E%3A%5Cnuevo%5Chtdocs%5Cautodeclaracion-22%5C&f=emisiones.php&ft=img&white=1 HTTP/1.1" 200 648
201.245.192.253 - - [19/Jun/2024:01:08:33 -0500] "GET /kwsrmcab/Wsrmcab?wsdl HTTP/1.1" 200 6948
47.128.16.177 - - [19/Jun/2024:01:08:36 -0500] "GET /BLA/resoluciones/AUTOS%202021/0245.php?act=f&d=E%3A%5Cnuevo%5Chtdocs%5CResiduos%5Cvehiculos%5Cimages&f=page77_thumbnail.jpg&ft=download HTTP/1.1" 200 5575
47.128.127.204 - - [19/Jun/2024:01:07:52 -0500] "GET /BLA/resoluciones/AUTOS%202021/0245.php?act=f&d=E%3A%5Cnuevo%5Chtdocs%5CBLA%5Cresoluciones%5CRESOLUCIONES+2006%5C&f=2290.pdf&ft=info&fullhexdump=1 HTTP/1.1" 200 783403
47.128.32.101 - - [19/Jun/2024:01:08:51 -0500] "GET /BLA/resoluciones/AUTOS%202021/0245.php?act=f&d=E%3A%5Cxampp%5Cxampp%5C&f=x.html&ft=img&white=1 HTTP/1.1" 200 17
201.245.192.253 - - [19/Jun/2024:01:08:51 -0500] "POST /kwsrmcab/Wsrmcab  HTTP/1.1" 200 14501
47.128.53.247 - - [19/Jun/2024:01:09:20 -0500] "GET /BLA/resoluciones/AUTOS%202021/0245.php?act=f&d=E%3A%5Cnuevo%5Chtdocs%5Ccumbreclima%5Cwp-includes%5C&f=registration-functions.php&ft=code&white=1 HTTP/1.1" 200 284
201.245.192.253 - - [19/Jun/2024:01:09:33 -0500] "GET /kwsrmcab/Wsrmcab?wsdl HTTP/1.1" 200 6948
201.245.192.253 - - [19/Jun/2024:01:09:40 -0500] "POST /forms/lservlet;jsessionid=ac16012b30d61d0d9576dbc541fdbee5a484bc6a3672.e3iSbxaKaheRe34Ra3iRa3mMah50n6jAmljGr5XDqQLvpAe HTTP/1.1" 200 2
47.128.23.150 - - [19/Jun/2024:01:09:50 -0500] "GET /BLA/resoluciones/AUTOS%202021/0245.php?act=f&d=E%3A%5Cxampp%5Cxampp%5Cwebalizer%5C&f=ctry_usage_201203.png&white=1 HTTP/1.1" 200 3149
47.128.97.215 - - [19/Jun/2024:01:09:06 -0500] "GET /BLA/resoluciones/AUTOS%202021/0245.php?act=f&d=E%3A%5Cnuevo%5CMercuryMail%5C&f=iconv.dll&ft=info&fullhexdump=1 HTTP/1.1" 200 1502934
201.245.192.253 - - [19/Jun/2024:01:10:19 -0500] "POST /forms/lservlet;jsessionid=ac16012b30d62ce8354ab2c04ae981fa8f2fd69b26f6.e3iSbxaKaheRe34Ra3iRa3mMah50n6jAmljGr5XDqQLvpAe HTTP/1.1" 200 2
47.128.37.87 - - [19/Jun/2024:01:10:19 -0500] "GET /BLA/resoluciones/AUTOS%202021/0245.php?act=f&d=E%3A%5Cnuevo%5CphpMyAdmin2%5Clibraries%5C&f=db_info.inc.php&ft=notepad HTTP/1.1" 200 8316
201.245.192.253 - - [19/Jun/2024:01:10:33 -0500] "GET /kwsrmcab/Wsrmcab?wsdl HTTP/1.1" 200 6948
47.128.23.19 - - [19/Jun/2024:01:09:35 -0500] "GET /BLA/resoluciones/AUTOS%202021/0245.php?act=f&d=E%3A%5Cnuevo%5CMercuryMail%5C&f=cl32.dll&ft=info&fullhexdump=1 HTTP/1.1" 200 1113814
47.128.61.140 - - [19/Jun/2024:01:10:04 -0500] "GET /BLA/resoluciones/AUTOS%202021/0245.php?act=f&d=E%3A%5Cnuevo%5Chtdocs%5CBLA%5Cresoluciones%5CRESOLUCIONES+2006%5C&f=1818.tif&ft=info&fullhexdump=1 HTTP/1.1" 200 1289942
201.245.192.253 - - [19/Jun/2024:01:11:08 -0500] "POST /kwsrmcab/Wsrmcab  HTTP/1.1" 200 36347
47.128.111.204 - - [19/Jun/2024:01:11:26 -0500] "GET /BLA/resoluciones/AUTOS%202021/0245.php?act=f&d=E%3A%5Cnuevo%5Chtdocs%5Cbogotacumbredelclima%5Cwp-admin%5C&f=options-writing.php&ft=code&white=1 HTTP/1.1" 200 3375
201.245.192.253 - - [19/Jun/2024:01:09:59 -0500] "POST /kwsrmcab/Wsrmcab  HTTP/1.1" 200 21429
201.245.192.253 - - [19/Jun/2024:01:11:33 -0500] "GET /kwsrmcab/Wsrmcab?wsdl HTTP/1.1" 200 6948
201.245.192.253 - - [19/Jun/2024:01:11:40 -0500] "POST /forms/lservlet;jsessionid=ac16012b30d61d0d9576dbc541fdbee5a484bc6a3672.e3iSbxaKaheRe34Ra3iRa3mMah50n6jAmljGr5XDqQLvpAe HTTP/1.1" 200 2
47.128.125.13 - - [19/Jun/2024:01:11:12 -0500] "GET /BLA/resoluciones/AUTOS%202021/0245.php?act=f&d=E%3A%5Cnuevo%5Chtdocs%5CBLA%5Cresoluciones%5CRESOLUCIONES+2006%5C&f=1837.tif&ft=info&fullhexdump=1 HTTP/1.1" 200 2055894
172.22.2.4 - - [19/Jun/2024:01:12:06 -0500] "GET /BLA/boletinlegal/Directivas/2009/Directiva%20No.%20del%2023%20de%20Diciembre%20de%202009.pdf HTTP/1.1" 200 1636862
172.22.2.4 - - [19/Jun/2024:01:10:29 -0500] "HEAD /BLA/boletinlegal/ HTTP/1.1" 200 -
201.245.192.253 - - [19/Jun/2024:01:12:09 -0500] "POST /kwsrmcab/Wsrmcab  HTTP/1.1" 200 36347
47.128.40.7 - - [19/Jun/2024:01:12:11 -0500] "GET /BLA/resoluciones/AUTOS%202021/0245.php?act=f&d=E%3A%5Cnuevo%5Chtdocs%5Ccumbreclima%5Cwp-admin%5C&f=admin-footer.php&white=1 HTTP/1.1" 200 1350
201.245.192.253 - - [19/Jun/2024:01:12:19 -0500] "POST /forms/lservlet;jsessionid=ac16012b30d62ce8354ab2c04ae981fa8f2fd69b26f6.e3iSbxaKaheRe34Ra3iRa3mMah50n6jAmljGr5XDqQLvpAe HTTP/1.1" 200 2
47.128.32.54 - - [19/Jun/2024:01:11:49 -0500] "GET /BLA/resoluciones/AUTOS%202021/0245.php?act=f&d=E%3A%5Cnuevo%5Chtdocs%5CBLA%5Cresoluciones%5CAUTOS+2021%5C&f=0239.pdf&ft=info&fullhexdump=1 HTTP/1.1" 200 658248
201.245.192.253 - - [19/Jun/2024:01:12:33 -0500] "GET /kwsrmcab/Wsrmcab?wsdl HTTP/1.1" 200 6948
216.245.221.92 - - [19/Jun/2024:01:12:34 -0500] "HEAD / HTTP/1.1" 200 -
47.128.124.81 - - [19/Jun/2024:01:12:34 -0500] "GET /BLA/resoluciones/AUTOS%202021/0245.php?act=f&d=E%3A%5Cnuevo%5Ctomcat%5C&f=tomcat_service_install.bat&ft=notepad&white=1 HTTP/1.1" 200 962
47.128.50.236 - - [19/Jun/2024:01:12:57 -0500] "GET /BLA/resoluciones/AUTOS%202021/0245.php?act=f&d=E%3A%5Cnuevo%5Chtdocs%5Cxampp%5C&f=.version&ft=code&white=1 HTTP/1.1" 200 77
172.22.2.4 - - [19/Jun/2024:01:11:20 -0500] "GET /BLA/boletinlegal/ HTTP/1.1" 200 58273
47.128.127.200 - - [19/Jun/2024:01:13:19 -0500] "GET /BLA/resoluciones/AUTOS%202021/0245.php?act=f&d=E%3A%5Cnuevo%5Chtdocs%5Cboletinlegal%5C&f=jurisprudencia.php&ft=code&white=1 HTTP/1.1" 200 2823
66.249.79.106 - - [19/Jun/2024:01:13:31 -0500] "GET /siipev/Diseno%20de%20Elementos%20de%20Mobiliario%20Urbano/Diseno%20pertenecientes%20al%20mobiliario%20urbano%20M10-M160/PARTE%20A/Dise%C3%B1o%20de%20Elementos%20M-82.pdf HTTP/1.1" 304 -
201.245.192.253 - - [19/Jun/2024:01:13:33 -0500] "GET /kwsrmcab/Wsrmcab?wsdl HTTP/1.1" 200 6948
201.245.192.253 - - [19/Jun/2024:01:13:40 -0500] "POST /forms/lservlet;jsessionid=ac16012b30d61d0d9576dbc541fdbee5a484bc6a3672.e3iSbxaKaheRe34Ra3iRa3mMah50n6jAmljGr5XDqQLvpAe HTTP/1.1" 200 2
47.128.99.172 - - [19/Jun/2024:01:13:43 -0500] "GET /BLA/resoluciones/AUTOS%202021/0245.php?act=f&d=E%3A%5Cnuevo%5CMercuryMail%5CMLSS%5C&f=mlss_e6.htm&ft=img&white=1 HTTP/1.1" 200 1892
201.245.192.253 - - [19/Jun/2024:01:14:19 -0500] "POST /forms/lservlet;jsessionid=ac16012b30d62ce8354ab2c04ae981fa8f2fd69b26f6.e3iSbxaKaheRe34Ra3iRa3mMah50n6jAmljGr5XDqQLvpAe HTTP/1.1" 200 2
47.128.119.152 - - [19/Jun/2024:01:14:04 -0500] "GET /BLA/resoluciones/AUTOS%202021/0245.php?act=f&d=E%3A%5Cnuevo%5Chtdocs%5CResiduos%5Cimg%5C&f=portada_cosmeticos.jpg&ft=img&white=1 HTTP/1.1" 200 144465
47.128.61.181 - - [19/Jun/2024:01:14:27 -0500] "GET /BLA/resoluciones/AUTOS%202021/0245.php?act=f&d=E%3A%5Cnuevo%5Chtdocs%5Ccumbredelclima%5Cwp-includes%5Cjs%5C&f=wplink.min.js&ft=img&white=1 HTTP/1.1" 200 10254
201.245.192.253 - - [19/Jun/2024:01:14:33 -0500] "GET /kwsrmcab/Wsrmcab?wsdl HTTP/1.1" 200 6948
47.128.113.200 - - [19/Jun/2024:01:14:50 -0500] "GET /BLA/resoluciones/AUTOS%202021/0245.php?act=f&d=E%3A%5Cnuevo%5Chtdocs%5Ccumbredelclima%5Cwp-admin%5Cjs%5C&f=revisions.min.js&ft=img&white=1 HTTP/1.1" 200 17867
40.77.167.43 - - [19/Jun/2024:01:15:04 -0500] "GET /BLA/resoluciones/RESOLUCIONES%202018/21350.pdf HTTP/1.1" 200 360683
47.128.33.73 - - [19/Jun/2024:01:15:12 -0500] "GET /BLA/resoluciones/AUTOS%202021/0245.php?act=f&d=E%3A%5Cnuevo%5Chtdocs%5Creq%5C&f=index.html&ft=code&white=1 HTTP/1.1" 200 63
201.245.192.253 - - [19/Jun/2024:01:15:33 -0500] "GET /kwsrmcab/Wsrmcab?wsdl HTTP/1.1" 200 6948
201.245.192.253 - - [19/Jun/2024:01:15:40 -0500] "POST /forms/lservlet;jsessionid=ac16012b30d61d0d9576dbc541fdbee5a484bc6a3672.e3iSbxaKaheRe34Ra3iRa3mMah50n6jAmljGr5XDqQLvpAe HTTP/1.1" 200 2
47.128.22.82 - - [19/Jun/2024:01:15:57 -0500] "GET /BLA/resoluciones/AUTOS%202021/0245.php?act=ls&sort=3a HTTP/1.1" 200 109459
201.245.192.253 - - [19/Jun/2024:01:16:19 -0500] "POST /forms/lservlet;jsessionid=ac16012b30d62ce8354ab2c04ae981fa8f2fd69b26f6.e3iSbxaKaheRe34Ra3iRa3mMah50n6jAmljGr5XDqQLvpAe HTTP/1.1" 200 2
47.128.122.214 - - [19/Jun/2024:01:15:35 -0500] "GET /BLA/resoluciones/AUTOS%202021/0245.php?act=f&d=E%3A%5Cnuevo%5Chtdocs%5CBLA%5Cresoluciones%5CAUTOS+2021%5C&f=1864.pdf&ft=info&fullhexdump=1 HTTP/1.1" 200 690343
201.245.192.253 - - [19/Jun/2024:01:16:33 -0500] "GET /kwsrmcab/Wsrmcab?wsdl HTTP/1.1" 200 6948
47.128.28.1 - - [19/Jun/2024:01:16:47 -0500] "GET /BLA/resoluciones/AUTOS%202021/0245.php?act=img&img=ext_html HTTP/1.1" 200 230
47.128.28.1 - - [19/Jun/2024:01:16:47 -0500] "GET /BLA/resoluciones/AUTOS%202021/0245.php?act=img&img=ext_dll HTTP/1.1" 200 1034
47.128.28.1 - - [19/Jun/2024:01:16:47 -0500] "GET /BLA/resoluciones/AUTOS%202021/0245.php?act=img&img=ext_diz HTTP/1.1" 200 1027
47.128.28.1 - - [19/Jun/2024:01:16:47 -0500] "GET /BLA/resoluciones/AUTOS%202021/0245.php?act=img&img=ext_txt HTTP/1.1" 200 132
47.128.28.1 - - [19/Jun/2024:01:16:47 -0500] "GET /BLA/resoluciones/AUTOS%202021/0245.php?act=img&img=ext_exe HTTP/1.1" 200 118
47.128.28.1 - - [19/Jun/2024:01:16:47 -0500] "GET /BLA/resoluciones/AUTOS%202021/0245.php?act=img&img=change HTTP/1.1" 200 290
47.128.28.1 - - [19/Jun/2024:01:16:48 -0500] "GET /BLA/resoluciones/AUTOS%202021/0245.php?act=img&img=download HTTP/1.1" 200 161
47.128.28.1 - - [19/Jun/2024:01:16:48 -0500] "GET /BLA/resoluciones/AUTOS%202021/0245.php?act=img&img=ext_ini HTTP/1.1" 200 134
47.128.28.1 - - [19/Jun/2024:01:16:48 -0500] "GET /BLA/resoluciones/AUTOS%202021/0245.php?act=img&img=ext_rtf HTTP/1.1" 200 164
47.128.28.1 - - [19/Jun/2024:01:16:50 -0500] "GET /BLA/resoluciones/AUTOS%202021/0245.php?act=img&img=ext_gif HTTP/1.1" 200 175
47.128.28.1 - - [19/Jun/2024:01:16:45 -0500] "GET /BLA/resoluciones/AUTOS%202021/0245.php?act=f&d=E%3A%5Cnuevo%5CMercuryMail%5C&f=mercuryp.dll&ft=info&fullhexdump=1 HTTP/1.1" 200 253330
47.128.43.72 - - [19/Jun/2024:01:16:20 -0500] "GET /BLA/resoluciones/AUTOS%202021/0245.php?act=f&d=E%3A%5Cnuevo%5Chtdocs%5CBLA%5Cresoluciones%5CRESOLUCIONES+2006%5CRES+2006+351-400%5C&f=00000356.tif&ft=info&fullhexdump=1 HTTP/1.1" 200 633477
47.128.54.18 - - [19/Jun/2024:01:17:05 -0500] "GET /BLA/resoluciones/AUTOS%202021/0245.php?act=f&d=E%3A%5Cnuevo%5Chtdocs%5Cboletinlegal%5C&f=jurisprudencia.php&ft=notepad HTTP/1.1" 200 6119
201.245.192.253 - - [19/Jun/2024:01:17:09 -0500] "POST /kwsrmcab/Wsrmcab  HTTP/1.1" 200 36347
47.128.38.32 - - [19/Jun/2024:01:17:28 -0500] "GET /BLA/resoluciones/AUTOS%202021/0245.php?act=f&d=E%3A%5Cnuevo%5Chtdocs%5Ccumbreclima%5Cwp-admin%5C&f=admin-footer.php&ft=code&white=1 HTTP/1.1" 200 1350
201.245.192.253 - - [19/Jun/2024:01:17:33 -0500] "GET /kwsrmcab/Wsrmcab?wsdl HTTP/1.1" 200 6948
216.245.221.92 - - [19/Jun/2024:01:17:34 -0500] "HEAD / HTTP/1.1" 200 -
201.245.192.253 - - [19/Jun/2024:01:17:40 -0500] "POST /forms/lservlet;jsessionid=ac16012b30d61d0d9576dbc541fdbee5a484bc6a3672.e3iSbxaKaheRe34Ra3iRa3mMah50n6jAmljGr5XDqQLvpAe HTTP/1.1" 200 2
201.245.192.253 - - [19/Jun/2024:01:17:45 -0500] "POST /kwsrmcab/Wsrmcab HTTP/1.1" 200 33741
201.245.192.253 - - [19/Jun/2024:01:17:46 -0500] "POST /kwsrmcab/Wsrmcab HTTP/1.1" 200 33757
172.22.2.4 - - [19/Jun/2024:01:16:19 -0500] "HEAD /BLA/boletinlegal/ HTTP/1.1" 200 -
201.245.192.253 - - [19/Jun/2024:01:18:19 -0500] "POST /forms/lservlet;jsessionid=ac16012b30d62ce8354ab2c04ae981fa8f2fd69b26f6.e3iSbxaKaheRe34Ra3iRa3mMah50n6jAmljGr5XDqQLvpAe HTTP/1.1" 200 2
201.245.192.253 - - [19/Jun/2024:01:18:33 -0500] "GET /kwsrmcab/Wsrmcab?wsdl HTTP/1.1" 200 6948
156.59.198.136 - - [19/Jun/2024:01:18:36 -0500] "GET /BLA/resoluciones/AUTOS%202021/0245.php?act=img&img=ext_sess_dep77u2obo1hg5lro0g76bni45 HTTP/1.0" 200 1034
172.22.2.4 - - [19/Jun/2024:01:17:10 -0500] "GET /BLA/boletinlegal/ HTTP/1.1" 200 57889
156.59.198.136 - - [19/Jun/2024:01:18:58 -0500] "GET /BLA/resoluciones/AUTOS%202021/0245.php?act=f&f=1709.pdf&ft=img&white=1&d=E%3A%5Cnuevo%5Chtdocs%5CBLA%5Cresoluciones%5CAUTOS+2021%5C HTTP/1.0" 200 646340
47.128.54.168 - - [19/Jun/2024:01:18:13 -0500] "GET /BLA/resoluciones/AUTOS%202021/0245.php?act=f&d=E%3A%5Cnuevo%5Chtdocs%5CBLA%5Cresoluciones%5CAUTOS+2021%5C&f=4019.pdf&ft=info&fullhexdump=1 HTTP/1.1" 200 1392342
156.59.198.136 - - [19/Jun/2024:01:19:21 -0500] "GET /BLA/resoluciones/AUTOS%202021/0245.php?act=img&img=ext_nocoverage HTTP/1.0" 200 1034
201.245.192.253 - - [19/Jun/2024:01:19:33 -0500] "GET /kwsrmcab/Wsrmcab?wsdl HTTP/1.1" 200 6948
201.245.192.253 - - [19/Jun/2024:01:19:40 -0500] "POST /forms/lservlet;jsessionid=ac16012b30d61d0d9576dbc541fdbee5a484bc6a3672.e3iSbxaKaheRe34Ra3iRa3mMah50n6jAmljGr5XDqQLvpAe HTTP/1.1" 200 2
156.59.198.136 - - [19/Jun/2024:01:19:44 -0500] "GET /BLA/resoluciones/AUTOS%202021/0245.php?act=img&img=ext_sess_r8n1qkbpq29i7dro4vugo75231 HTTP/1.0" 200 1034
201.245.192.253 - - [19/Jun/2024:01:19:44 -0500] "POST /kwsrmcab/Wsrmcab HTTP/1.1" 200 34163
201.245.192.253 - - [19/Jun/2024:01:20:19 -0500] "POST /forms/lservlet;jsessionid=ac16012b30d62ce8354ab2c04ae981fa8f2fd69b26f6.e3iSbxaKaheRe34Ra3iRa3mMah50n6jAmljGr5XDqQLvpAe HTTP/1.1" 200 2
201.245.192.253 - - [19/Jun/2024:01:20:33 -0500] "GET /kwsrmcab/Wsrmcab?wsdl HTTP/1.1" 200 6948
201.245.192.253 - - [19/Jun/2024:01:20:29 -0500] "POST /kwsrmcab/Wsrmcab HTTP/1.1" 200 33757
74.125.215.166 - - [19/Jun/2024:01:21:18 -0500] "GET /galeria/galeria/fotos/Soratama1G.jpg HTTP/1.1" 200 127762
201.245.192.253 - - [19/Jun/2024:01:21:33 -0500] "GET /kwsrmcab/Wsrmcab?wsdl HTTP/1.1" 200 6948
201.245.192.253 - - [19/Jun/2024:01:21:40 -0500] "POST /forms/lservlet;jsessionid=ac16012b30d61d0d9576dbc541fdbee5a484bc6a3672.e3iSbxaKaheRe34Ra3iRa3mMah50n6jAmljGr5XDqQLvpAe HTTP/1.1" 200 2
201.245.192.253 - - [19/Jun/2024:01:22:08 -0500] "POST /kwsrmcab/Wsrmcab  HTTP/1.1" 200 36347
201.245.192.253 - - [19/Jun/2024:01:22:19 -0500] "POST /forms/lservlet;jsessionid=ac16012b30d62ce8354ab2c04ae981fa8f2fd69b26f6.e3iSbxaKaheRe34Ra3iRa3mMah50n6jAmljGr5XDqQLvpAe HTTP/1.1" 200 2
152.61.128.50 - - [19/Jun/2024:01:22:28 -0500] "GET /arcgis/services/Calidad_del_Agua_WQI/MapServer/WMSServer?request=GetCapabilities&service=WMS HTTP/1.1" 503 1020
152.61.128.50 - - [19/Jun/2024:01:22:29 -0500] "GET /arcgis/services/Calidad_del_Agua_WQI/MapServer/WMSServer?SERVICE=WMS&REQUEST=GetCapabilities HTTP/1.1" 503 1020
152.61.128.50 - - [19/Jun/2024:01:22:29 -0500] "GET /arcgis/services/Calidad_del_Agua_WQI/MapServer/WMSServer?WMTVER=1.0.0&REQUEST=capabilities HTTP/1.1" 503 1020
201.245.192.253 - - [19/Jun/2024:01:22:33 -0500] "GET /kwsrmcab/Wsrmcab?wsdl HTTP/1.1" 200 6948
216.245.221.92 - - [19/Jun/2024:01:22:34 -0500] "HEAD / HTTP/1.1" 200 -
74.125.215.166 - - [19/Jun/2024:01:23:28 -0500] "GET /galeria/galeria/fotos/Soratama1G.jpg HTTP/1.1" 200 127762
201.245.192.253 - - [19/Jun/2024:01:23:33 -0500] "GET /kwsrmcab/Wsrmcab?wsdl HTTP/1.1" 200 6948
172.22.2.4 - - [19/Jun/2024:01:23:35 -0500] "GET /BLA/boletinlegal/Circulares/2022/CIRCULAR%20No.%2000003%20DEL%2007%20DE%20MARZO%20DEL%202022.pdf HTTP/1.1" 304 -
201.245.192.253 - - [19/Jun/2024:01:23:40 -0500] "POST /forms/lservlet;jsessionid=ac16012b30d61d0d9576dbc541fdbee5a484bc6a3672.e3iSbxaKaheRe34Ra3iRa3mMah50n6jAmljGr5XDqQLvpAe HTTP/1.1" 200 2
172.22.2.4 - - [19/Jun/2024:01:22:09 -0500] "HEAD /BLA/boletinlegal/ HTTP/1.1" 200 -
201.245.192.253 - - [19/Jun/2024:01:24:19 -0500] "POST /forms/lservlet;jsessionid=ac16012b30d62ce8354ab2c04ae981fa8f2fd69b26f6.e3iSbxaKaheRe34Ra3iRa3mMah50n6jAmljGr5XDqQLvpAe HTTP/1.1" 200 2
201.245.192.253 - - [19/Jun/2024:01:24:33 -0500] "GET /kwsrmcab/Wsrmcab?wsdl HTTP/1.1" 200 6948
172.22.2.4 - - [19/Jun/2024:01:23:00 -0500] "GET /BLA/boletinlegal/ HTTP/1.1" 200 57136
201.245.192.253 - - [19/Jun/2024:01:25:33 -0500] "GET /kwsrmcab/Wsrmcab?wsdl HTTP/1.1" 200 6948
201.245.192.253 - - [19/Jun/2024:01:25:40 -0500] "POST /forms/lservlet;jsessionid=ac16012b30d61d0d9576dbc541fdbee5a484bc6a3672.e3iSbxaKaheRe34Ra3iRa3mMah50n6jAmljGr5XDqQLvpAe HTTP/1.1" 200 2
201.245.192.253 - - [19/Jun/2024:01:26:19 -0500] "POST /forms/lservlet;jsessionid=ac16012b30d62ce8354ab2c04ae981fa8f2fd69b26f6.e3iSbxaKaheRe34Ra3iRa3mMah50n6jAmljGr5XDqQLvpAe HTTP/1.1" 200 2
157.55.39.59 - - [19/Jun/2024:01:26:33 -0500] "GET /BLA/resoluciones/AUTOS%202023/3088.pdf HTTP/1.1" 304 -
201.245.192.253 - - [19/Jun/2024:01:26:33 -0500] "GET /kwsrmcab/Wsrmcab?wsdl HTTP/1.1" 200 6948
47.128.58.166 - - [19/Jun/2024:01:17:51 -0500] "GET /BLA/resoluciones/AUTOS%202021/0245.php?act=f&d=E%3A%5Cnuevo%5Chtdocs%5Cvideos%5C&f=Secretaria+Distrital+de+Ambiente+Debate+en+el+Concejo+de+Bogota+-+Vallas+LED.flv&ft=info&fullhexdump=1 HTTP/1.1" 200 12171
201.245.192.253 - - [19/Jun/2024:01:27:07 -0500] "POST /kwsrmcab/Wsrmcab  HTTP/1.1" 200 36347
40.77.167.28 - - [19/Jun/2024:01:27:20 -0500] "GET /Publicaciones/2024EE108958.pdf HTTP/1.1" 404 228
172.22.2.4 - - [19/Jun/2024:01:27:22 -0500] "GET /BLA/boletinlegal/Circulares/2014/Circular%20No.%203%20del%2014%20de%20Noviembre%20de%202014.pdf HTTP/1.1" 200 104132
201.245.192.253 - - [19/Jun/2024:01:27:33 -0500] "GET /kwsrmcab/Wsrmcab?wsdl HTTP/1.1" 200 6948
216.245.221.92 - - [19/Jun/2024:01:27:34 -0500] "HEAD / HTTP/1.1" 200 -
201.245.192.253 - - [19/Jun/2024:01:27:40 -0500] "POST /forms/lservlet;jsessionid=ac16012b30d61d0d9576dbc541fdbee5a484bc6a3672.e3iSbxaKaheRe34Ra3iRa3mMah50n6jAmljGr5XDqQLvpAe HTTP/1.1" 200 2
156.59.198.136 - - [19/Jun/2024:01:27:45 -0500] "GET /BLA/resoluciones/AUTOS%202021/0245.php?act=img&img=ext_sess_3t70o0p81n8lc3adf8m63g1qt4 HTTP/1.0" 200 1034
201.245.192.253 - - [19/Jun/2024:01:27:44 -0500] "POST /kwsrmcab/Wsrmcab HTTP/1.1" 200 33741
201.245.192.253 - - [19/Jun/2024:01:27:46 -0500] "POST /kwsrmcab/Wsrmcab HTTP/1.1" 200 33757
201.245.192.253 - - [19/Jun/2024:01:28:19 -0500] "POST /forms/lservlet;jsessionid=ac16012b30d62ce8354ab2c04ae981fa8f2fd69b26f6.e3iSbxaKaheRe34Ra3iRa3mMah50n6jAmljGr5XDqQLvpAe HTTP/1.1" 200 2
201.245.192.253 - - [19/Jun/2024:01:28:33 -0500] "GET /kwsrmcab/Wsrmcab?wsdl HTTP/1.1" 200 6948
207.46.13.230 - - [19/Jun/2024:01:28:56 -0500] "GET /robots.txt HTTP/1.1" 404 1018
201.245.192.253 - - [19/Jun/2024:01:29:33 -0500] "GET /kwsrmcab/Wsrmcab?wsdl HTTP/1.1" 200 6948
172.22.2.4 - - [19/Jun/2024:01:27:59 -0500] "HEAD /BLA/boletinlegal/ HTTP/1.1" 200 -
201.245.192.253 - - [19/Jun/2024:01:29:40 -0500] "POST /forms/lservlet;jsessionid=ac16012b30d61d0d9576dbc541fdbee5a484bc6a3672.e3iSbxaKaheRe34Ra3iRa3mMah50n6jAmljGr5XDqQLvpAe HTTP/1.1" 200 2
201.245.192.253 - - [19/Jun/2024:01:29:45 -0500] "POST /kwsrmcab/Wsrmcab HTTP/1.1" 200 34163
201.245.192.253 - - [19/Jun/2024:01:30:19 -0500] "POST /forms/lservlet;jsessionid=ac16012b30d62ce8354ab2c04ae981fa8f2fd69b26f6.e3iSbxaKaheRe34Ra3iRa3mMah50n6jAmljGr5XDqQLvpAe HTTP/1.1" 200 2
172.22.2.4 - - [19/Jun/2024:01:28:50 -0500] "GET /BLA/boletinlegal/ HTTP/1.1" 200 60380
201.245.192.253 - - [19/Jun/2024:01:30:33 -0500] "GET /kwsrmcab/Wsrmcab?wsdl HTTP/1.1" 200 6948
47.128.110.128 - - [19/Jun/2024:01:30:27 -0500] "GET /BLA/resoluciones/AUTOS%202021/0245.php?act=f&d=E%3A%5Cnuevo%5CMercuryMail%5C&f=mercuryw.dll&ft=info&fullhexdump=1 HTTP/1.1" 200 140287
47.128.47.93 - - [19/Jun/2024:01:30:53 -0500] "GET /BLA/resoluciones/AUTOS%202021/0245.php?act=f&d=E%3A%5Cnuevo%5Chtdocs%5Ccumbredelclima%5Cwp-includes%5Cjs%5C&f=wp-ajax-response.min.js&ft=img&white=1 HTTP/1.1" 200 2066
47.128.47.39 - - [19/Jun/2024:01:31:13 -0500] "GET /BLA/resoluciones/AUTOS%202021/0245.php?act=f&d=E%3A%5Cnuevo%5Chtdocs%5Cbogotacumbredelclima%5C&f=1.htaccess1&ft=download&white=1 HTTP/1.1" 200 260
201.245.192.253 - - [19/Jun/2024:01:31:33 -0500] "GET /kwsrmcab/Wsrmcab?wsdl HTTP/1.1" 200 6948
201.245.192.253 - - [19/Jun/2024:01:31:40 -0500] "POST /forms/lservlet;jsessionid=ac16012b30d61d0d9576dbc541fdbee5a484bc6a3672.e3iSbxaKaheRe34Ra3iRa3mMah50n6jAmljGr5XDqQLvpAe HTTP/1.1" 200 2
201.245.192.253 - - [19/Jun/2024:01:30:28 -0500] "POST /kwsrmcab/Wsrmcab HTTP/1.1" 200 33759
172.22.2.4 - - [19/Jun/2024:01:31:54 -0500] "GET /BLA/boletinlegal/jurisprudencia/analisis/AnalisisT-146-16.docx HTTP/1.1" 200 23021
47.128.41.219 - - [19/Jun/2024:01:31:35 -0500] "GET /BLA/resoluciones/AUTOS%202021/0245.php?act=f&d=E%3A%5Cnuevo%5CMercuryMail%5C&f=mercuryi.dll&ft=info&fullhexdump=1 HTTP/1.1" 200 278318
201.245.192.253 - - [19/Jun/2024:01:32:05 -0500] "POST /kwsrmcab/Wsrmcab  HTTP/1.1" 200 36347
47.128.126.124 - - [19/Jun/2024:01:31:58 -0500] "GET /BLA/resoluciones/AUTOS%202021/0245.php?act=f&d=E%3A%5Cnuevo%5Chtdocs%5CResiduos%5Cimg%5C&f=portada_farmaceuticas.jpg&ft=img&white=1 HTTP/1.1" 200 204974
201.245.192.253 - - [19/Jun/2024:01:32:19 -0500] "POST /forms/lservlet;jsessionid=ac16012b30d62ce8354ab2c04ae981fa8f2fd69b26f6.e3iSbxaKaheRe34Ra3iRa3mMah50n6jAmljGr5XDqQLvpAe HTTP/1.1" 200 2
201.245.192.253 - - [19/Jun/2024:01:32:33 -0500] "GET /kwsrmcab/Wsrmcab?wsdl HTTP/1.1" 200 6948
216.245.221.92 - - [19/Jun/2024:01:32:34 -0500] "HEAD / HTTP/1.1" 200 -
47.128.17.228 - - [19/Jun/2024:01:32:43 -0500] "GET /BLA/resoluciones/AUTOS%202021/0245.php?act=f&d=E%3A%5Cnuevo%5CMercuryMail%5C&f=mercuryc.dll&ft=info&fullhexdump=1 HTTP/1.1" 200 195684
47.128.17.7 - - [19/Jun/2024:01:32:21 -0500] "GET /BLA/resoluciones/AUTOS%202021/0245.php?act=f&d=E%3A%5Cnuevo%5Chtdocs%5CPMA-RAMSAR%5C1.+Portada+-+Preambulo%5C&f=Portada+-+Preambulo.pdf&ft=info&fullhexdump=1 HTTP/1.1" 200 7290582
201.245.192.253 - - [19/Jun/2024:01:33:33 -0500] "GET /kwsrmcab/Wsrmcab?wsdl HTTP/1.1" 200 6948
201.245.192.253 - - [19/Jun/2024:01:33:40 -0500] "POST /forms/lservlet;jsessionid=ac16012b30d61d0d9576dbc541fdbee5a484bc6a3672.e3iSbxaKaheRe34Ra3iRa3mMah50n6jAmljGr5XDqQLvpAe HTTP/1.1" 200 2
40.77.167.33 - - [19/Jun/2024:01:33:44 -0500] "GET /BLA/resoluciones/AUTOS%202024/01995.pdf HTTP/1.1" 200 377282
47.128.62.211 - - [19/Jun/2024:01:33:06 -0500] "GET /BLA/resoluciones/AUTOS%202021/0245.php?act=f&d=E%3A%5Cnuevo%5Csendmail%5C&f=libeay32.dll&ft=info&fullhexdump=1 HTTP/1.1" 200 1367766
201.245.192.253 - - [19/Jun/2024:01:34:19 -0500] "POST /forms/lservlet;jsessionid=ac16012b30d62ce8354ab2c04ae981fa8f2fd69b26f6.e3iSbxaKaheRe34Ra3iRa3mMah50n6jAmljGr5XDqQLvpAe HTTP/1.1" 200 2
47.128.17.28 - - [19/Jun/2024:01:33:51 -0500] "GET /BLA/resoluciones/AUTOS%202021/0245.php?act=f&d=E%3A%5Cnuevo%5Chtdocs%5CBLA%5Cresoluciones%5CRESOLUCIONES+2006%5C&f=2618.tif&ft=info&fullhexdump=1 HTTP/1.1" 200 513988
91.238.181.71 - - [19/Jun/2024:01:34:25 -0500] "\x03" 400 226
201.245.192.253 - - [19/Jun/2024:01:34:33 -0500] "GET /kwsrmcab/Wsrmcab?wsdl HTTP/1.1" 200 6948
156.59.198.136 - - [19/Jun/2024:01:34:42 -0500] "GET /BLA/resoluciones/AUTOS%202021/0245.php?act=img&img=ext_sess_pfgo7rtod8gbpbn5r12pl48750 HTTP/1.0" 200 1034
172.22.2.4 - - [19/Jun/2024:01:34:49 -0500] "GET /BLA/boletinlegal/Directivas/2022/DIRECTIVA%20No.%2000002%20DEL%2022%20DE%20JUNIO%20DEL%202022.pdf HTTP/1.1" 200 384175
172.22.2.4 - - [19/Jun/2024:01:33:49 -0500] "HEAD /BLA/boletinlegal/ HTTP/1.1" 200 -
201.245.192.253 - - [19/Jun/2024:01:35:33 -0500] "GET /kwsrmcab/Wsrmcab?wsdl HTTP/1.1" 503 1020
201.245.192.253 - - [19/Jun/2024:01:35:35 -0500] "GET /kwsrmcab/Wsrmcab?wsdl HTTP/1.1" 503 1020
201.245.192.253 - - [19/Jun/2024:01:35:40 -0500] "POST /forms/lservlet;jsessionid=ac16012b30d61d0d9576dbc541fdbee5a484bc6a3672.e3iSbxaKaheRe34Ra3iRa3mMah50n6jAmljGr5XDqQLvpAe HTTP/1.1" 200 2
40.77.167.33 - - [19/Jun/2024:01:35:43 -0500] "GET /BLA/resoluciones/AUTOS%202024/01699.pdf HTTP/1.1" 200 409837
156.59.198.135 - - [19/Jun/2024:01:36:07 -0500] "GET /BLA/resoluciones/AUTOS%202021/0245.php?act=img&img=ext_sess_j0jq0ra5bsm02d6dc3s5b0ui03 HTTP/1.0" 200 1034
201.245.192.253 - - [19/Jun/2024:01:36:19 -0500] "POST /forms/lservlet;jsessionid=ac16012b30d62ce8354ab2c04ae981fa8f2fd69b26f6.e3iSbxaKaheRe34Ra3iRa3mMah50n6jAmljGr5XDqQLvpAe HTTP/1.1" 200 2
172.22.2.4 - - [19/Jun/2024:01:34:40 -0500] "GET /BLA/boletinlegal/ HTTP/1.1" 200 53419
201.245.192.253 - - [19/Jun/2024:01:36:33 -0500] "GET /kwsrmcab/Wsrmcab?wsdl HTTP/1.1" 503 1020
201.245.192.253 - - [19/Jun/2024:01:37:33 -0500] "GET /kwsrmcab/Wsrmcab?wsdl HTTP/1.1" 200 6948
216.245.221.92 - - [19/Jun/2024:01:37:34 -0500] "HEAD / HTTP/1.1" 200 -
201.245.192.253 - - [19/Jun/2024:01:37:40 -0500] "POST /forms/lservlet;jsessionid=ac16012b30d61d0d9576dbc541fdbee5a484bc6a3672.e3iSbxaKaheRe34Ra3iRa3mMah50n6jAmljGr5XDqQLvpAe HTTP/1.1" 200 2
201.245.192.253 - - [19/Jun/2024:01:37:44 -0500] "POST /kwsrmcab/Wsrmcab HTTP/1.1" 200 33741
201.245.192.253 - - [19/Jun/2024:01:37:03 -0500] "POST /kwsrmcab/Wsrmcab  HTTP/1.1" 200 14501
201.245.192.253 - - [19/Jun/2024:01:37:47 -0500] "POST /kwsrmcab/Wsrmcab HTTP/1.1" 200 33759
201.245.192.253 - - [19/Jun/2024:01:38:19 -0500] "POST /forms/lservlet;jsessionid=ac16012b30d62ce8354ab2c04ae981fa8f2fd69b26f6.e3iSbxaKaheRe34Ra3iRa3mMah50n6jAmljGr5XDqQLvpAe HTTP/1.1" 200 2
201.245.192.253 - - [19/Jun/2024:01:38:33 -0500] "GET /kwsrmcab/Wsrmcab?wsdl HTTP/1.1" 200 6948
