186.84.88.31 - - [19/Jun/2024:13:20:21 -0500] "GET /kwssiamovil/sm/acme/a?s=U2FsdGVkX1/jQGGNB2eTwn4nier9JvqHlKkdNF2X6Pcm2iDTtdoFHzjLOoFcTahZr0iZKbAbZ36Kp9jUZ1D4RTNuRUJFgrjBAGXFjeaG84z8bZipCKPLxS6WvKABYOQM4Z0lJjazJkssS4NFvn8Xbfj73fFcVVpIVrky8o0SBjY=&u=U2FsdGVkX1/bxIb7AMgHM5/fDn4wJUIm182wxsNiYXg=&y=U2FsdGVkX1+PcjjBK38QxuYNhG++O8KiVW+A/KdrvFUBvmIIalBX5x6gzusdRS9c HTTP/1.1" 200 26
186.84.88.31 - - [19/Jun/2024:13:20:21 -0500] "GET /kwssiamovil/sm/acme/a?s=U2FsdGVkX1/W6LP7/9c0YzVmQIRp8xGmWhluy7FokrZsJYBw4wbmPtGTpxgw30KHu+PZ9Zmr+VWOhUlcp5MKjAXp6pSDu3u/Zdlo7XVADEJkaBB5D70jMCj6+dSTNFIbkFLzBY660YieFEuPst6a7GH1JOQZlNNjo9+0joBLHy0=&u=U2FsdGVkX1/bxIb7AMgHM5/fDn4wJUIm182wxsNiYXg=&y=U2FsdGVkX1+PcjjBK38QxuYNhG++O8KiVW+A/KdrvFUBvmIIalBX5x6gzusdRS9c HTTP/1.1" 200 26
186.84.88.31 - - [19/Jun/2024:13:20:21 -0500] "GET /kwssiamovil/sm/acme/a?s=U2FsdGVkX1/NRN9MwMxuyilMzRoBg3R1f/pqvElLHL8HaRaT1CMztt49q4bzUcvd2dPOR+jT+VRoHNmrIZ1BdaR5lwRyPKJ7iXMFT4RJ/wwI9cfhCmGFS7EMpxI0oZJm14w/JXmsLznTyIoGvpCgXfMHgIFNrNr4oQssyisqkjujG45+81PaByuWL/zRkdRMH9sRiTknaaIGHM9uI3OkpA==&u=U2FsdGVkX1/bxIb7AMgHM5/fDn4wJUIm182wxsNiYXg=&y=U2FsdGVkX1+PcjjBK38QxuYNhG++O8KiVW+A/KdrvFUBvmIIalBX5x6gzusdRS9c HTTP/1.1" 200 26
201.245.192.253 - - [19/Jun/2024:13:20:22 -0500] "POST /forms/lservlet;jsessionid=ac16012b30d62ce8354ab2c04ae981fa8f2fd69b26f6.e3iSbxaKaheRe34Ra3iRa3mMah50n6jAmljGr5XDqQLvpAe HTTP/1.1" 200 2
216.244.66.195 - - [19/Jun/2024:13:20:30 -0500] "GET /BLA/resoluciones/RESOLUCIONES%202017/1966.pdf HTTP/1.1" 200 486581
201.245.192.253 - - [19/Jun/2024:13:20:31 -0500] "GET /kwsrmcab/Wsrmcab?wsdl HTTP/1.1" 200 6948
216.244.66.195 - - [19/Jun/2024:13:21:00 -0500] "GET /BLA/resoluciones/RESOLUCIONES%202017/2198.pdf HTTP/1.1" 200 282147
172.22.2.4 - - [19/Jun/2024:13:19:37 -0500] "HEAD /BLA/boletinlegal/ HTTP/1.1" 200 -
216.244.66.195 - - [19/Jun/2024:13:21:28 -0500] "GET /BLA/resoluciones/RESOLUCIONES%202017/2529.pdf HTTP/1.1" 200 292902
201.245.192.253 - - [19/Jun/2024:13:21:31 -0500] "GET /kwsrmcab/Wsrmcab?wsdl HTTP/1.1" 200 6948
201.245.192.253 - - [19/Jun/2024:13:21:43 -0500] "POST /forms/lservlet;jsessionid=ac16012b30d61d0d9576dbc541fdbee5a484bc6a3672.e3iSbxaKaheRe34Ra3iRa3mMah50n6jAmljGr5XDqQLvpAe HTTP/1.1" 200 2
216.244.66.195 - - [19/Jun/2024:13:21:55 -0500] "GET /BLA/resoluciones/RESOLUCIONES%202017/2669.pdf HTTP/1.1" 200 306590
172.22.2.4 - - [19/Jun/2024:13:20:28 -0500] "GET /BLA/boletinlegal/ HTTP/1.1" 200 60380
181.61.209.238 - - [19/Jun/2024:13:22:16 -0500] "GET /BLA/resoluciones/index.php?dir=RESOLUCIONES+2024%2F HTTP/1.1" 200 23862
201.245.192.253 - - [19/Jun/2024:13:22:22 -0500] "POST /forms/lservlet;jsessionid=ac16012b30d62ce8354ab2c04ae981fa8f2fd69b26f6.e3iSbxaKaheRe34Ra3iRa3mMah50n6jAmljGr5XDqQLvpAe HTTP/1.1" 200 2
216.244.66.195 - - [19/Jun/2024:13:22:22 -0500] "GET /BLA/resoluciones/RESOLUCIONES%202017/2712.pdf HTTP/1.1" 200 483438
216.245.221.92 - - [19/Jun/2024:13:22:31 -0500] "HEAD / HTTP/1.1" 200 -
201.245.192.253 - - [19/Jun/2024:13:22:31 -0500] "GET /kwsrmcab/Wsrmcab?wsdl HTTP/1.1" 200 6948
201.245.192.253 - - [19/Jun/2024:13:20:51 -0500] "POST /kwsrmcab/Wsrmcab HTTP/1.1" 200 34400
172.22.2.4 - - [19/Jun/2024:13:23:01 -0500] "GET /BLA/boletinlegal/actos.php HTTP/1.1" 200 9738
172.22.2.4 - - [19/Jun/2024:13:23:01 -0500] "GET /BLA/boletinlegal/favicon.ico HTTP/1.1" 404 1326
216.244.66.195 - - [19/Jun/2024:13:22:48 -0500] "GET /BLA/resoluciones/RESOLUCIONES%202017/2952.pdf HTTP/1.1" 200 5531676
172.22.2.4 - - [19/Jun/2024:13:23:28 -0500] "GET /BLA/boletinlegal/consulta_actos.php?tipo=resoluciones&no=05427&usuario=&sector=&fecha=2021&resuelve= HTTP/1.1" 200 1186
201.245.192.253 - - [19/Jun/2024:13:23:31 -0500] "GET /kwsrmcab/Wsrmcab?wsdl HTTP/1.1" 200 6948
207.46.13.230 - - [19/Jun/2024:13:23:36 -0500] "GET /robots.txt HTTP/1.1" 404 1018
216.244.66.195 - - [19/Jun/2024:13:23:38 -0500] "GET /BLA/resoluciones/RESOLUCIONES%202017/3001.pdf HTTP/1.1" 200 308004
201.245.192.253 - - [19/Jun/2024:13:23:43 -0500] "POST /forms/lservlet;jsessionid=ac16012b30d61d0d9576dbc541fdbee5a484bc6a3672.e3iSbxaKaheRe34Ra3iRa3mMah50n6jAmljGr5XDqQLvpAe HTTP/1.1" 200 2
52.167.144.166 - - [19/Jun/2024:13:23:43 -0500] "GET /BLA/resoluciones/Notificaciones/AUTOS%202017/1332.pdf HTTP/1.1" 304 -
201.245.192.253 - - [19/Jun/2024:13:23:53 -0500] "POST /kwsrmcab/Wsrmcab  HTTP/1.1" 200 36347
216.244.66.195 - - [19/Jun/2024:13:24:13 -0500] "GET /BLA/resoluciones/RESOLUCIONES%202017/3327.pdf HTTP/1.1" 200 545437
201.245.192.253 - - [19/Jun/2024:13:24:22 -0500] "POST /forms/lservlet;jsessionid=ac16012b30d62ce8354ab2c04ae981fa8f2fd69b26f6.e3iSbxaKaheRe34Ra3iRa3mMah50n6jAmljGr5XDqQLvpAe HTTP/1.1" 200 2
201.245.192.253 - - [19/Jun/2024:13:24:31 -0500] "GET /kwsrmcab/Wsrmcab?wsdl HTTP/1.1" 200 6948
216.244.66.195 - - [19/Jun/2024:13:24:47 -0500] "GET /BLA/resoluciones/RESOLUCIONES%202017/3636.pdf HTTP/1.1" 200 603603
181.237.177.156 - - [19/Jun/2024:13:25:08 -0500] "GET /sipse/faces/index.xhtml HTTP/1.1" 200 677
181.237.177.156 - - [19/Jun/2024:13:25:08 -0500] "GET /sipse/faces/javax.faces.resource/theme.css?ln=primefaces-sipse HTTP/1.1" 200 50058
181.237.177.156 - - [19/Jun/2024:13:25:08 -0500] "GET /sipse/faces/index.xhtml HTTP/1.1" 200 677
181.237.177.156 - - [19/Jun/2024:13:25:08 -0500] "GET /sipse/faces/faces/autenticacion.xhtml HTTP/1.1" 200 12414
181.237.177.156 - - [19/Jun/2024:13:25:08 -0500] "GET /sipse/faces/javax.faces.resource/theme.css?ln=primefaces-sipse HTTP/1.1" 304 -
181.237.177.156 - - [19/Jun/2024:13:25:08 -0500] "GET /favicon.ico HTTP/1.1" 200 7782
181.237.177.156 - - [19/Jun/2024:13:25:08 -0500] "GET /sipse/faces/faces/autenticacion.xhtml HTTP/1.1" 200 12414
181.237.177.156 - - [19/Jun/2024:13:25:08 -0500] "GET /sipse/js/disable_browser_buttons.js HTTP/1.1" 200 3230
181.237.177.156 - - [19/Jun/2024:13:25:08 -0500] "GET /sipse/js/funciones.js HTTP/1.1" 200 12592
181.237.177.156 - - [19/Jun/2024:13:25:08 -0500] "GET /sipse/css/custom_css_sg.css HTTP/1.1" 200 9694
181.237.177.156 - - [19/Jun/2024:13:25:08 -0500] "GET /sipse/css/custom_css_sg_prime_login.css HTTP/1.1" 200 443
181.237.177.156 - - [19/Jun/2024:13:25:08 -0500] "GET /sipse/faces/javax.faces.resource/theme.css?ln=primefaces-sipse HTTP/1.1" 304 -
181.237.177.156 - - [19/Jun/2024:13:25:08 -0500] "GET /sipse/faces/javax.faces.resource/layout/layout.css?ln=primefaces&v=4.0 HTTP/1.1" 200 542
181.237.177.156 - - [19/Jun/2024:13:25:08 -0500] "GET /sipse/faces/javax.faces.resource/primefaces.css?ln=primefaces&v=4.0 HTTP/1.1" 200 53295
181.237.177.156 - - [19/Jun/2024:13:25:09 -0500] "GET /sipse/faces/javax.faces.resource/layout/layout.js?ln=primefaces&v=4.0 HTTP/1.1" 200 87560
181.237.177.156 - - [19/Jun/2024:13:25:08 -0500] "GET /sipse/faces/javax.faces.resource/jquery/jquery.js?ln=primefaces&v=4.0 HTTP/1.1" 200 105384
181.237.177.156 - - [19/Jun/2024:13:25:09 -0500] "GET /sipse/faces/javax.faces.resource/jquery/jquery-plugins.js?ln=primefaces&v=4.0 HTTP/1.1" 200 220526
181.237.177.156 - - [19/Jun/2024:13:25:09 -0500] "GET /sipse/faces/javax.faces.resource/primefaces.js?ln=primefaces&v=4.0 HTTP/1.1" 200 276924
181.237.177.156 - - [19/Jun/2024:13:25:09 -0500] "GET /sipse/faces/javax.faces.resource/images/ui-icons_898989_256x240.png?ln=primefaces-aristo HTTP/1.1" 200 5355
181.237.177.156 - - [19/Jun/2024:13:25:09 -0500] "GET /sipse/css/imagen/logoSDG.png HTTP/1.1" 200 53064
181.237.177.156 - - [19/Jun/2024:13:25:09 -0500] "GET /sipse/css/imagen/loginimg.png HTTP/1.1" 200 71635
216.244.66.195 - - [19/Jun/2024:13:25:28 -0500] "GET /BLA/resoluciones/RESOLUCIONES%202017/3773.pdf HTTP/1.1" 200 729010
201.245.192.253 - - [19/Jun/2024:13:25:31 -0500] "GET /kwsrmcab/Wsrmcab?wsdl HTTP/1.1" 200 6948
201.245.192.253 - - [19/Jun/2024:13:25:43 -0500] "POST /forms/lservlet;jsessionid=ac16012b30d61d0d9576dbc541fdbee5a484bc6a3672.e3iSbxaKaheRe34Ra3iRa3mMah50n6jAmljGr5XDqQLvpAe HTTP/1.1" 200 2
216.244.66.195 - - [19/Jun/2024:13:26:09 -0500] "GET /BLA/resoluciones/RESOLUCIONES%202019/0191.pdf HTTP/1.1" 200 699903
201.245.192.253 - - [19/Jun/2024:13:26:22 -0500] "POST /forms/lservlet;jsessionid=ac16012b30d62ce8354ab2c04ae981fa8f2fd69b26f6.e3iSbxaKaheRe34Ra3iRa3mMah50n6jAmljGr5XDqQLvpAe HTTP/1.1" 200 2
201.245.192.253 - - [19/Jun/2024:13:26:31 -0500] "GET /kwsrmcab/Wsrmcab?wsdl HTTP/1.1" 200 6948
216.244.66.195 - - [19/Jun/2024:13:26:40 -0500] "GET /BLA/resoluciones/RESOLUCIONES%202019/0409.pdf HTTP/1.1" 200 270972
172.22.2.4 - - [19/Jun/2024:13:25:27 -0500] "HEAD /BLA/boletinlegal/ HTTP/1.1" 200 -
216.244.66.195 - - [19/Jun/2024:13:27:09 -0500] "GET /BLA/resoluciones/RESOLUCIONES%202019/0551.pdf HTTP/1.1" 200 233543
216.245.221.92 - - [19/Jun/2024:13:27:31 -0500] "HEAD / HTTP/1.1" 200 -
201.245.192.253 - - [19/Jun/2024:13:27:31 -0500] "GET /kwsrmcab/Wsrmcab?wsdl HTTP/1.1" 200 6948
216.244.66.195 - - [19/Jun/2024:13:27:39 -0500] "GET /BLA/resoluciones/RESOLUCIONES%202019/0699.pdf HTTP/1.1" 200 373866
201.245.192.253 - - [19/Jun/2024:13:27:42 -0500] "POST /kwsrmcab/Wsrmcab HTTP/1.1" 200 34421
201.245.192.253 - - [19/Jun/2024:13:27:43 -0500] "POST /forms/lservlet;jsessionid=ac16012b30d61d0d9576dbc541fdbee5a484bc6a3672.e3iSbxaKaheRe34Ra3iRa3mMah50n6jAmljGr5XDqQLvpAe HTTP/1.1" 200 2
201.245.192.253 - - [19/Jun/2024:13:27:43 -0500] "POST /kwsrmcab/Wsrmcab HTTP/1.1" 200 34400
172.22.2.4 - - [19/Jun/2024:13:26:18 -0500] "GET /BLA/boletinlegal/ HTTP/1.1" 200 60380
216.244.66.195 - - [19/Jun/2024:13:28:11 -0500] "GET /BLA/resoluciones/RESOLUCIONES%202019/1723.pdf HTTP/1.1" 200 378221
201.245.192.253 - - [19/Jun/2024:13:28:22 -0500] "POST /forms/lservlet;jsessionid=ac16012b30d62ce8354ab2c04ae981fa8f2fd69b26f6.e3iSbxaKaheRe34Ra3iRa3mMah50n6jAmljGr5XDqQLvpAe HTTP/1.1" 200 2
201.245.192.253 - - [19/Jun/2024:13:28:31 -0500] "GET /kwsrmcab/Wsrmcab?wsdl HTTP/1.1" 200 6948
216.244.66.195 - - [19/Jun/2024:13:28:38 -0500] "GET /BLA/resoluciones/RESOLUCIONES%202019/1888.pdf HTTP/1.1" 200 287651
186.102.67.86 - - [19/Jun/2024:13:28:58 -0500] "GET /kwssiamovil/sm/ldap/au?x=U2FsdGVkX18va4cyatPNdhC7NoYK/JBNQzR1LsHOyCbSq6+gBi7XotZpGZTcFrfs&y=U2FsdGVkX1+jLUbxLOUQkgcum+GmHAknjodDKx8fZDO/UwZmYThH7q2g5yYiT/S/ HTTP/1.1" 200 30
186.102.67.86 - - [19/Jun/2024:13:28:58 -0500] "GET /kwssiamovil/sm/acme/s?s=U2FsdGVkX1+y3rvqqXzXq/6jgtZtmLl8HUNxPJUVgEHmb2bWET8Xj5sLKF516DQ+AnjC4kR1aqIokUE37GlN8JlEBKvb8aWfyPMawfhKb74=&u=U2FsdGVkX186qWr+BE7sEkUYpMVuhgPuVJ9nt1EeadI=&y=U2FsdGVkX1+jLUbxLOUQkgcum+GmHAknjodDKx8fZDO/UwZmYThH7q2g5yYiT/S/ HTTP/1.1" 200 97
186.102.67.86 - - [19/Jun/2024:13:28:59 -0500] "GET /kwssiamovil/sm/acme/s?s=U2FsdGVkX18jyI8rP9avLgrF5YSRhRrsgsv1AKDfwYqtGhqeUKOuOpLTQCJj3z15AUUN+tLF2qzzHnCo6J7y5ovNNXqx36oEB7FFl9TcK8SUnaja5mdeW4m9ZiOHnDLq9MRTegqUmAoDY3+O59pBN7MxU1PSYR1AS8QGBhEt+cJ9so7AYkTlmSooVsH0uMBQMMEL5BKc/56SCtDZtQ5pTFO/E00RpQ5rRb7iYjWATkc/oW1sHnraLdbuDOxzBvABcoi+EaYZ9VQoeJDAsN+2fMFEMJIwDnSjEdow6NSaxcsXlXVuPT4f7pWtsWC/0OrERo+/4P12z5mpgOfWlNGxhKMpwMB2bXTWIULrF5VR9ZckaxuVfcD6BvWzuOGrx9ZWsP+vfxTi9FyKZTgqdW978/kgncx8XBZ7fiP/cezsmg2fUFgmEK6JJCz59+YiNsVDSNRLb3PQnnieJdywUsnDN2qGhbw6AThFBMcr+lF2XddegTMFwMvglVs2daA2cJYkejSyTujba9oIZhS0w0OLu0elkUaMTBkMhsILgCVgXRl52m/6glNlVMcrpuwYVgB+0AzObeLXzIkjg+7BhcNXlnLNyTbktiulOxa/Svp9jooXRFudJqJR3WGlKrEM5zTgYiqSKxOc6/hL2k+6gMxcGodgmqknyDshuxbaXth/wmTRWi6ua9n6wqOLi3RA1MZbDiKQe5lp+wlG917luSI6PZU66tIWIj9vFWJ11Pe5GM6H4WkHMtHzLNrwdYA5LHAzKBK6pAXeCMFTs1YbgToJy2OEH/L9fgwSmlNHRWnay0orGWmS7i2lN/gujerNTXOa3xCXnO2QtBkm4RooSe4VMwZr+F7reKFt2KolwoDIojVQL1HeI1KipT0cqCkaTZTNBYHiS1c6IANt66UQO2sr4NIxBh4ioBpM7DfO15V0DhodLeYdaqSfhthdlbhmwmlCdyrSjbdFBF8tId8r9LI/cfBQlYZEfUHpG+7iRPTR5I4tD/T8e7aw/jb45xVeZidb7fj3jfNIPOcS2bE2gUU2aTHt5KDVVcdWh8rIEqueTfBZciuS61gUK76ycoQaKTiRwqe31Mf/6OUpikyYtbZnSMFWcczK2F+B2S5e+TAM5GWuz8aRNpPGajIx43hB8SuByvFIKK05lZBK7QOJODojW3jKnKn+nvaYJqjf8PvZTNW4ZHUXYVbK6Q7KHMPdMz81rii4eYFg+tUPXE88QyvjmgdAQPILsgDE8Eb6peJNg0p4X83hMaE5Oi1Zoh6w9zQE3v1AXN2Xv071uX3KEl5DQAwMLNGu+IyL4ONe50Ul4cK/2g2kCkXnqVXzfO7R938g+8gPXZtecB4P6+kkcIDrb9JOP8MfdYJSngHTDmbJ6Q665XqD7A9KId/T1WGuYmHU+uF2BVA4vdpoL+kYaCm+6A89Z1yshJ7R7orWEPx13WYwhkOf4oXQcQKOCdRhFbDXezz3H5sKE6nisIJwLxrD8T9brO21jqhTCza8vSnOdJRhdZyXTzGWf2Jbh6/UKWBI324J3u2mKBEh+zs7By/x587i/X1vQSPEaIzJHeA9xw8KFTyrhY0NYUl4NJ3gdKRFbr/0gDvDtmm/azaivdWWY0wRn7sQJZgSRxkyWvMpjG8OdzuXM9C2w+0KII//MEMbZ24ilzn5Gp4ekHcqqXsJ8VUZWo2i2/80Izk3FD7wS1zL5/cM7TZwu+a2LQuSnZTuyb9h1W2eZcovTDklp6hsMoSVdQ7VasEYy6v7b9qnMLY=&u=U2FsdGVkX186qWr+BE7sEkUYpMVuhgPuVJ9nt1EeadI=&y=U2FsdGVkX1+jLUbxLOUQkgcum+GmHAknjodDKx8fZDO/UwZmYThH7q2g5yYiT/S/ HTTP/1.1" 200 971
186.102.67.86 - - [19/Jun/2024:13:28:59 -0500] "GET /kwssiamovil/sm/acme/s?s=U2FsdGVkX1+V7xn0jvIHobVhVngI/0sj58t+ZAgl9EKNhGfDv7zJ5aYBrVfZ8v3MHj3SkRplQmP29pHOi5w3JAiIjk245LRUCVDqm44gVtPxn5IX7bTtoUDzq89L4TxMxMf3ZKR9nvpeyF73HVHpcpjT3p35nBUE8MtaUj+KCXTPVWIc43XTDAdUZUpanuubflkoBEuqmrHAv9lSMJmbmDJl5XC8hq8mED3eW/sR8HJupLGZKcuT7w2rxK0kMHrpxonYwJO2C8X+70Itfpvd1Jx4KKkLt60knkMS6NMyq9632CyT2EGeE2z8U6CsaoE5mFbLwv0gmYqxwIoKfOE2FsGZciRV+RTbzof8ZgO+yjtGAe28Ax81fmNnMWFFlEbq/NsF6/tMMUWisuCzd++nFqiEIvX0tJaaDwdXuWBs5gRo+5nbqAFHsgLuFmRpGcZJc9c/Z4M7e2eaoBPWQyVN7lE2NSe1O1w9S6s0AfmIITv53cRaUhF3WPXoLKYPWltLsWrBX/xL/z2QkvpW/GTmM7enUv24E9UNL71S02RDguz+IevB44I+5vp3W3RdKQ0Rz7jQcuDGqJuC0T20I/S1nG0MLe3+HfOyuqQF/3bYvZ22SQGAdGmIAxEiSRW/WrJvAYPus2b41X+dImDxzSmF6gn0HvdRDFUq5OCm0hC/1hnpAw5SPsQG8z8vBHz1gg4GdCIEkBEUj63R1OJXbThcH8auHZSxZSyyfqa0rAcjkQIthIayGFru21ucCkZVpHPO&u=U2FsdGVkX186qWr+BE7sEkUYpMVuhgPuVJ9nt1EeadI=&y=U2FsdGVkX1+jLUbxLOUQkgcum+GmHAknjodDKx8fZDO/UwZmYThH7q2g5yYiT/S/ HTTP/1.1" 200 208
186.102.67.86 - - [19/Jun/2024:13:28:59 -0500] "GET /kwssiamovil/sm/cjson/pre?f=1&x=U2FsdGVkX18va4cyatPNdhC7NoYK/JBNQzR1LsHOyCbSq6+gBi7XotZpGZTcFrfs HTTP/1.1" 200 30244
216.244.66.195 - - [19/Jun/2024:13:29:04 -0500] "GET /BLA/resoluciones/RESOLUCIONES%202019/1951.pdf HTTP/1.1" 200 388845
47.128.39.162 - - [19/Jun/2024:13:29:23 -0500] "GET /BLA/resoluciones/AUTOS%202021/0245.php?act=chmod&f=00002502.tif HTTP/1.1" 200 2716
201.245.192.253 - - [19/Jun/2024:13:29:31 -0500] "GET /kwsrmcab/Wsrmcab?wsdl HTTP/1.1" 200 6948
47.128.121.54 - - [19/Jun/2024:13:29:34 -0500] "GET /BLA/resoluciones/AUTOS%202021/0245.php?act=chmod&f=00002516.tif HTTP/1.1" 200 2716
173.252.79.8 - - [19/Jun/2024:13:29:35 -0500] "GET /images/mercados-campesinos-5-mayo.jpg HTTP/1.1" 200 95848
201.245.192.253 - - [19/Jun/2024:13:29:43 -0500] "POST /forms/lservlet;jsessionid=ac16012b30d61d0d9576dbc541fdbee5a484bc6a3672.e3iSbxaKaheRe34Ra3iRa3mMah50n6jAmljGr5XDqQLvpAe HTTP/1.1" 200 2
47.128.39.150 - - [19/Jun/2024:13:29:44 -0500] "GET /BLA/resoluciones/AUTOS%202021/0245.php?act=f&f=00001160.tif&imgsize=50 HTTP/1.1" 200 2743
201.245.192.253 - - [19/Jun/2024:13:28:51 -0500] "POST /kwsrmcab/Wsrmcab  HTTP/1.1" 200 36347
201.245.192.253 - - [19/Jun/2024:13:29:43 -0500] "POST /kwsrmcab/Wsrmcab HTTP/1.1" 200 33506
47.128.39.145 - - [19/Jun/2024:13:29:54 -0500] "GET /BLA/resoluciones/AUTOS%202021/0245.php?act=f&f=00001119.tif&imgsize=50 HTTP/1.1" 200 2742
47.128.111.98 - - [19/Jun/2024:13:30:05 -0500] "GET /BLA/resoluciones/AUTOS%202021/0245.php?act=f&f=00001108.tif&imgsize=20 HTTP/1.1" 200 2743
47.128.32.160 - - [19/Jun/2024:13:30:08 -0500] "GET /robots.txt HTTP/1.1" 404 1049
201.245.192.253 - - [19/Jun/2024:13:30:22 -0500] "POST /forms/lservlet;jsessionid=ac16012b30d62ce8354ab2c04ae981fa8f2fd69b26f6.e3iSbxaKaheRe34Ra3iRa3mMah50n6jAmljGr5XDqQLvpAe HTTP/1.1" 200 2
201.245.192.253 - - [19/Jun/2024:13:30:00 -0500] "POST /kwsrmcab/Wsrmcab  HTTP/1.1" 200 36347
201.245.192.253 - - [19/Jun/2024:13:30:28 -0500] "POST /kwsrmcab/Wsrmcab HTTP/1.1" 200 34400
201.245.192.253 - - [19/Jun/2024:13:30:31 -0500] "GET /kwsrmcab/Wsrmcab?wsdl HTTP/1.1" 200 6948
1.156.148.76 - - [19/Jun/2024:13:30:53 -0500] "GET /robots.txt HTTP/1.1" 404 1049
201.245.192.253 - - [19/Jun/2024:13:31:09 -0500] "POST /kwsrmcab/Wsrmcab  HTTP/1.1" 200 36347
185.244.36.206 - - [19/Jun/2024:13:31:20 -0500] "GET / HTTP/1.1" 200 319
201.245.192.253 - - [19/Jun/2024:13:31:31 -0500] "GET /kwsrmcab/Wsrmcab?wsdl HTTP/1.1" 200 6948
47.128.62.151 - - [19/Jun/2024:13:31:35 -0500] "GET /robots.txt HTTP/1.1" 404 1049
201.245.192.253 - - [19/Jun/2024:13:31:43 -0500] "POST /forms/lservlet;jsessionid=ac16012b30d61d0d9576dbc541fdbee5a484bc6a3672.e3iSbxaKaheRe34Ra3iRa3mMah50n6jAmljGr5XDqQLvpAe HTTP/1.1" 200 2
201.245.192.253 - - [19/Jun/2024:13:32:22 -0500] "POST /forms/lservlet;jsessionid=ac16012b30d62ce8354ab2c04ae981fa8f2fd69b26f6.e3iSbxaKaheRe34Ra3iRa3mMah50n6jAmljGr5XDqQLvpAe HTTP/1.1" 200 2
216.245.221.92 - - [19/Jun/2024:13:32:31 -0500] "HEAD / HTTP/1.1" 200 -
201.245.192.253 - - [19/Jun/2024:13:32:31 -0500] "GET /kwsrmcab/Wsrmcab?wsdl HTTP/1.1" 200 6948
86.42.220.117 - - [19/Jun/2024:13:32:34 -0500] "GET /robots.txt HTTP/1.1" 404 1049
201.245.192.253 - - [19/Jun/2024:13:32:08 -0500] "POST /kwsrmcab/Wsrmcab  HTTP/1.1" 200 14501
172.22.2.4 - - [19/Jun/2024:13:31:17 -0500] "HEAD /BLA/boletinlegal/ HTTP/1.1" 200 -
201.245.192.253 - - [19/Jun/2024:13:32:59 -0500] "GET /sipse/faces/faces/autenticacion.xhtml HTTP/1.1" 200 12414
201.245.192.253 - - [19/Jun/2024:13:32:59 -0500] "GET /sipse/js/disable_browser_buttons.js HTTP/1.1" 304 -
201.245.192.253 - - [19/Jun/2024:13:32:59 -0500] "GET /sipse/js/funciones.js HTTP/1.1" 304 -
201.245.192.253 - - [19/Jun/2024:13:32:59 -0500] "GET /sipse/css/custom_css_sg.css HTTP/1.1" 200 9694
201.245.192.253 - - [19/Jun/2024:13:32:59 -0500] "GET /sipse/css/custom_css_sg_prime_login.css HTTP/1.1" 200 443
201.245.192.253 - - [19/Jun/2024:13:32:59 -0500] "GET /sipse/faces/javax.faces.resource/layout/layout.css?ln=primefaces&v=4.0 HTTP/1.1" 200 542
201.245.192.253 - - [19/Jun/2024:13:32:59 -0500] "GET /sipse/faces/javax.faces.resource/primefaces.css?ln=primefaces&v=4.0 HTTP/1.1" 200 53295
201.245.192.253 - - [19/Jun/2024:13:32:59 -0500] "GET /sipse/faces/javax.faces.resource/theme.css?ln=primefaces-sipse HTTP/1.1" 200 50058
201.245.192.253 - - [19/Jun/2024:13:32:59 -0500] "GET /sipse/faces/javax.faces.resource/jquery/jquery-plugins.js?ln=primefaces&v=4.0 HTTP/1.1" 200 220526
201.245.192.253 - - [19/Jun/2024:13:32:59 -0500] "GET /sipse/faces/javax.faces.resource/jquery/jquery.js?ln=primefaces&v=4.0 HTTP/1.1" 200 105384
201.245.192.253 - - [19/Jun/2024:13:33:00 -0500] "GET /sipse/faces/javax.faces.resource/primefaces.js?ln=primefaces&v=4.0 HTTP/1.1" 200 276924
201.245.192.253 - - [19/Jun/2024:13:33:00 -0500] "GET /sipse/faces/javax.faces.resource/layout/layout.js?ln=primefaces&v=4.0 HTTP/1.1" 200 87560
201.245.192.253 - - [19/Jun/2024:13:33:00 -0500] "GET /sipse/css/imagen/logoSDG.png HTTP/1.1" 304 -
201.245.192.253 - - [19/Jun/2024:13:33:00 -0500] "GET /sipse/css/imagen/loginimg.png HTTP/1.1" 200 71635
201.245.192.253 - - [19/Jun/2024:13:33:00 -0500] "GET /sipse/faces/javax.faces.resource/images/ui-icons_898989_256x240.png?ln=primefaces-aristo HTTP/1.1" 304 -
201.245.192.253 - - [19/Jun/2024:13:33:00 -0500] "GET /sipse/faces/faces/index.xhtml HTTP/1.1" 200 677
201.245.192.253 - - [19/Jun/2024:13:33:00 -0500] "GET /sipse/faces/javax.faces.resource/theme.css?ln=primefaces-sipse HTTP/1.1" 304 -
201.245.192.253 - - [19/Jun/2024:13:33:00 -0500] "GET /favicon.ico HTTP/1.1" 200 7782
201.245.192.253 - - [19/Jun/2024:13:33:00 -0500] "GET /sipse/faces/faces/faces/autenticacion.xhtml HTTP/1.1" 200 12414
201.245.192.253 - - [19/Jun/2024:13:33:01 -0500] "GET /sipse/faces/javax.faces.resource/theme.css?ln=primefaces-sipse HTTP/1.1" 304 -
201.245.192.253 - - [19/Jun/2024:13:33:01 -0500] "GET /sipse/faces/javax.faces.resource/layout/layout.css?ln=primefaces&v=4.0 HTTP/1.1" 304 -
201.245.192.253 - - [19/Jun/2024:13:33:01 -0500] "GET /sipse/faces/javax.faces.resource/primefaces.css?ln=primefaces&v=4.0 HTTP/1.1" 304 -
201.245.192.253 - - [19/Jun/2024:13:33:01 -0500] "GET /sipse/faces/javax.faces.resource/jquery/jquery-plugins.js?ln=primefaces&v=4.0 HTTP/1.1" 304 -
201.245.192.253 - - [19/Jun/2024:13:33:01 -0500] "GET /sipse/faces/javax.faces.resource/jquery/jquery.js?ln=primefaces&v=4.0 HTTP/1.1" 304 -
201.245.192.253 - - [19/Jun/2024:13:33:01 -0500] "GET /sipse/faces/javax.faces.resource/primefaces.js?ln=primefaces&v=4.0 HTTP/1.1" 304 -
201.245.192.253 - - [19/Jun/2024:13:33:01 -0500] "GET /sipse/faces/javax.faces.resource/layout/layout.js?ln=primefaces&v=4.0 HTTP/1.1" 304 -
52.167.144.216 - - [19/Jun/2024:13:33:22 -0500] "GET /BLA/resoluciones/RESOLUCIONES%202010/3045.pdf HTTP/1.1" 200 1225943
201.245.192.253 - - [19/Jun/2024:13:33:31 -0500] "GET /kwsrmcab/Wsrmcab?wsdl HTTP/1.1" 200 6948
47.128.26.227 - - [19/Jun/2024:13:33:32 -0500] "GET /BLA/resoluciones/AUTOS%202021/0245.php?act=f&c=1&f=2214.pdf HTTP/1.1" 200 2740
47.128.26.222 - - [19/Jun/2024:13:33:42 -0500] "GET /BLA/resoluciones/AUTOS%202021/0245.php?act=f&f=icons32-vs-2x.png&imgsize=50 HTTP/1.1" 200 2747
201.245.192.253 - - [19/Jun/2024:13:33:43 -0500] "POST /forms/lservlet;jsessionid=ac16012b30d61d0d9576dbc541fdbee5a484bc6a3672.e3iSbxaKaheRe34Ra3iRa3mMah50n6jAmljGr5XDqQLvpAe HTTP/1.1" 200 2
172.22.2.4 - - [19/Jun/2024:13:32:08 -0500] "GET /BLA/boletinlegal/ HTTP/1.1" 200 57889
47.128.125.60 - - [19/Jun/2024:13:33:53 -0500] "GET /BLA/resoluciones/AUTOS%202021/0245.php?act=f&f=spinner.gif&imgsize=20 HTTP/1.1" 200 2741
47.128.119.120 - - [19/Jun/2024:13:34:03 -0500] "GET /BLA/resoluciones/AUTOS%202021/0245.php?act=chmod&f=mantenimiento.jpg HTTP/1.1" 200 2716
47.128.119.144 - - [19/Jun/2024:13:34:14 -0500] "GET /BLA/resoluciones/AUTOS%202021/0245.php?act=f&f=00002516.tif HTTP/1.1" 200 2742
201.245.192.253 - - [19/Jun/2024:13:34:22 -0500] "POST /forms/lservlet;jsessionid=ac16012b30d62ce8354ab2c04ae981fa8f2fd69b26f6.e3iSbxaKaheRe34Ra3iRa3mMah50n6jAmljGr5XDqQLvpAe HTTP/1.1" 200 2
47.128.51.136 - - [19/Jun/2024:13:34:24 -0500] "GET /BLA/resoluciones/AUTOS%202021/0245.php?act=f&f=00001325.tif&imgsize=50 HTTP/1.1" 200 2742
201.245.192.253 - - [19/Jun/2024:13:33:16 -0500] "POST /kwsrmcab/Wsrmcab  HTTP/1.1" 200 14501
201.245.192.253 - - [19/Jun/2024:13:34:25 -0500] "POST /kwsrmcab/Wsrmcab  HTTP/1.1" 200 36347
201.245.192.253 - - [19/Jun/2024:13:34:31 -0500] "GET /kwsrmcab/Wsrmcab?wsdl HTTP/1.1" 200 6948
47.128.125.244 - - [19/Jun/2024:13:34:35 -0500] "GET /BLA/resoluciones/AUTOS%202021/0245.php?act=f&f=00001580.tif&imgsize=100 HTTP/1.1" 200 2742
47.128.51.145 - - [19/Jun/2024:13:34:46 -0500] "GET /BLA/resoluciones/AUTOS%202021/0245.php?act=f&f=00001185.tif&imgsize=50 HTTP/1.1" 200 2743
47.128.18.62 - - [19/Jun/2024:13:34:56 -0500] "GET /BLA/resoluciones/AUTOS%202021/0245.php?act=f&f=00001159.tif&imgsize=100 HTTP/1.1" 200 2743
47.128.26.65 - - [19/Jun/2024:13:35:08 -0500] "GET /BLA/resoluciones/AUTOS%202021/0245.php?act=f&f=00001115.tif&imgsize=20 HTTP/1.1" 200 2742
201.245.192.253 - - [19/Jun/2024:13:35:24 -0500] "POST /kwsrmcab/Wsrmcab  HTTP/1.1" 200 36347
201.245.192.253 - - [19/Jun/2024:13:35:31 -0500] "GET /kwsrmcab/Wsrmcab?wsdl HTTP/1.1" 200 6948
172.22.2.4 - - [19/Jun/2024:13:35:40 -0500] "GET /BLA/boletinlegal/consulta_actos.php?tipo=resoluciones&no=5137&usuario=&sector=&fecha=2011&resuelve= HTTP/1.1" 200 1088
201.245.192.253 - - [19/Jun/2024:13:35:43 -0500] "POST /forms/lservlet;jsessionid=ac16012b30d61d0d9576dbc541fdbee5a484bc6a3672.e3iSbxaKaheRe34Ra3iRa3mMah50n6jAmljGr5XDqQLvpAe HTTP/1.1" 200 2
172.22.2.4 - - [19/Jun/2024:13:36:08 -0500] "GET /BLA/boletinlegal/consulta_actos.php?tipo=resoluciones&no=5137&usuario=&sector=&fecha=2011&resuelve= HTTP/1.1" 200 1088
201.245.192.253 - - [19/Jun/2024:13:36:22 -0500] "POST /forms/lservlet;jsessionid=ac16012b30d62ce8354ab2c04ae981fa8f2fd69b26f6.e3iSbxaKaheRe34Ra3iRa3mMah50n6jAmljGr5XDqQLvpAe HTTP/1.1" 200 2
201.245.192.253 - - [19/Jun/2024:13:36:31 -0500] "GET /kwsrmcab/Wsrmcab?wsdl HTTP/1.1" 200 6948
172.22.2.4 - - [19/Jun/2024:13:36:48 -0500] "GET /BLA/boletinlegal/jurisprudencia/analisis/analisis%20sentencia%20C%20401%20de%202010.doc HTTP/1.1" 200 34816
186.102.67.86 - - [19/Jun/2024:13:37:17 -0500] "GET /kwssiamovil/sm/acme/a?s=U2FsdGVkX1+bAr5IsjSXYWHi4/0PluH87/3TKUcmGKqhlOSwpOmSQ2xYVyCaHH0r7HVnAqmVKK6rS5VxkAkFvXaa24OQDlJT4YVD+f/K31sW5hl3rOAbQt6JI6fYJ8B1pW/1fEoa/dJ3M5LkpKa/PkJyVoXgsUT8ibte7UTLWBPDfNGLHsoF/ZMGeMkZg7oQG9t8N+S8h7JKuR6YAhrncXfxyi+oYlf6guwKTSov5JlUnb8c6I6p1uDdgHtoib1Y6L57KgSyRbZeSBIBMUsJVg==&u=U2FsdGVkX186qWr+BE7sEkUYpMVuhgPuVJ9nt1EeadI=&y=U2FsdGVkX1+jLUbxLOUQkgcum+GmHAknjodDKx8fZDO/UwZmYThH7q2g5yYiT/S/ HTTP/1.1" 200 26
186.102.67.86 - - [19/Jun/2024:13:37:17 -0500] "GET /kwssiamovil/sm/acme/a?s=U2FsdGVkX18vMvqDNo+dkCsreuFZ/oOQk1tcmpD/o81iQ1weWz9qnOzrE9a1ZUJW0DEINsTyc2YOWD/NGvobIMXBspB3+gpJ1LNRjI2gqEHjQHSetOAV2hsJllcqVpslze2TFoBc1s96ruCakeCpY2a9VS1inlQ+//4TVCTeFjqR454IZVTURhXuh+F2QlnuTZZD/y80F0SMH24ZWPXVAavfaPvZeiLNLEj4rtBdylbtze5E5PvbqVv+wgBmDLyqNs+UqIFgHyj55cXK/GNxLtVLxg4XYqAJYR91TICURddNHjTXYO6AGR37QLr2heqPA19BV5MvRuby10EDy+fDGL5B0ccqbpF7wkJUjje0z2qU8lRGWEEOjHVay14irjidwB9dgRhZg469d8XtIEZ0D4jMyQEecqqfi96ncIDVHrs7ocGeZBRuWAYovpvchnq7H9SEtXmzc2FTTpLV4/jGZKXDa2Hhljth7OJXmhN9X16u54YVTd8k4bZhMXQZi8xdQAjkPBmDKDJSpI1Nw02EdlKMIcU5+52oymPeo+4qMr5a0BY5Ihx6r+F32STd32c0BlV15bA7QTJppFu4p/qOSSWWOjDc3r4hOla0DZP8Ne46ye9FN+fTUI1xiCaZKXa5gDW8aGEsFDHTWb58u+thrzNvRy/S7B0VCn3bK33pd76vEprZJAZhvmRMhSVxc4jyNrjxxai8PVPUlV04xPa4ZTXx9DjQ851AICYlcCIf5nRpX9bA+F8Z4+venykvF6gRf81cC95XfpB6L6vCvYaGzd9XJUS52P0YVxg1bflx4F4hPffiSuA0esIoX3dpwVIjTjcfseScN4QyBd+DFi82II5EEKWduHG5JmMT0ytPtZsrmd+gFVGV9mQYkKyFIvYKL3FxTN5PUXcy9QPHYxDK8CuiyNZN1CjICnBM7rsIEK+yjuDaieHvNHo1daHzQ16xO+MvHLL9EyUTXyZJy/aHbybX8+hBiK9C+mrb86QgqiGYKmO4BZgbFIDDMmnZVkGZPQNSB6jF32TZUfUJJnV8w7B5TX4VwT6rysEofQ3pPM43ny7P1ic/SyOGz76XpjNaMKIKymDbY4F7udSSVP1z0SFTDOX4RzZI2XP5Cx8yDjfhhgeCz2Su0g6PTKBMS+eR4iLMejjivPqB0pmfS1efGN/fWZCyukQ0yC4UYgr2/N1bL+M84UKekH3XFHr6l5xv91ngQ4vJ81v+tdu2m0IdP8q4IofWTsxkzSsD+KcXERvmj/mvXDzwwW7IQqtmhSzR4rtjYGQ+IwdmgzvJ+E3FXsWdbsjxxdNUYz4c3O/AdMVh/A3/mTlGM6oVb2HcuY7hFtgB2UxcYd5YOXcvYF/7sKCdqYT1iCE5v4OPwp37RUZw9OCI9r/EdzXPkQej/n2kNnokxtmdkZlh962r67I5F+0oX235YDYdCX98JElQLaz+4Unj+NqzgSU54iN68CrZyf8KsM76IK5wxXBBYbIl9FRmznGbLHsvTOUKdLJN/WNklC7sOE7HCFgNYj/alvibfnQh75TdfOFMqvMkLCuqEJfcBw5sz+B0sq8rnR8UneBgl3jWH0XODvk8mQzotBhpIdwLWDfQHoSr67MJ5exrxUyUavkdqQrtBUb7tcQ90PHcMSFtrpikhCael2mr6wGysYHRu1xdpgu17fMI+g8B+0VxfDs6kRimj5ETorSnJH3DRiUX3qomBroAx9Rapjw9Pouvoasjoy8oxkLMRoWM7GlCFtUSlQOh80TP5jk6zqDpRUtnyTG+M8xNy6tglRmPtBUWibMSyCatQuidlVBQokTMkcNqriVc+RhZS9nOo8Cy9QyFdau/AO8tBEaUrg1B&u=U2FsdGVkX186qWr+BE7sEkUYpMVuhgPuVJ9nt1EeadI=&y=U2FsdGVkX1+jLUbxLOUQkgcum+GmHAknjodDKx8fZDO/UwZmYThH7q2g5yYiT/S/ HTTP/1.1" 200 26
186.102.67.86 - - [19/Jun/2024:13:37:17 -0500] "GET /kwssiamovil/sm/acme/a?s=U2FsdGVkX1+KGIopOkbbhmbNlY+kU2qvHbj6umzuD+hrssukZcCVZlc0IXTxRbqyTFtguolcJEuvk1AJZ+RrrlPx5rSo4eq5+zcUgapqm8GYdFZsEBCtVUXZecCBowa5SIjxZABDKMFG6Hjdvz92QFJNXHScS/TsWZxnm0TgRws=&u=U2FsdGVkX186qWr+BE7sEkUYpMVuhgPuVJ9nt1EeadI=&y=U2FsdGVkX1+jLUbxLOUQkgcum+GmHAknjodDKx8fZDO/UwZmYThH7q2g5yYiT/S/ HTTP/1.1" 200 26
186.102.67.86 - - [19/Jun/2024:13:37:18 -0500] "GET /kwssiamovil/sm/acme/a?s=U2FsdGVkX194HYMtLbrxaxjG0mYKh/xB3jpo/99qlKcXnf+p5LQoyWxpTUlIaz2qF66Sn2TUcEFF6wab3g0MpMfhUBWcB4SJLBl4FCELshl+OoOZsANlduOkLzh2xaIEwzM54W0gX2MSNo1dAMvmg6xpUWQCeIF/WQ4M9FJkg94=&u=U2FsdGVkX186qWr+BE7sEkUYpMVuhgPuVJ9nt1EeadI=&y=U2FsdGVkX1+jLUbxLOUQkgcum+GmHAknjodDKx8fZDO/UwZmYThH7q2g5yYiT/S/ HTTP/1.1" 200 26
186.102.67.86 - - [19/Jun/2024:13:37:18 -0500] "GET /kwssiamovil/sm/acme/a?s=U2FsdGVkX1+yrh+rEm7hqiNYO4c9VktjnYnmrIfyJxVAafeqHlOuYNzxpW37GI4xq8vr1qm+NZL5q3ofGMzggb2HRd7qySkRrWOvOnaUDNL0EJ/XRFEbCjlCwYoQxwIwpAWTkGtYYBStY9wZ1hSXwZQffDPIs/DZb70kbF64NK4=&u=U2FsdGVkX186qWr+BE7sEkUYpMVuhgPuVJ9nt1EeadI=&y=U2FsdGVkX1+jLUbxLOUQkgcum+GmHAknjodDKx8fZDO/UwZmYThH7q2g5yYiT/S/ HTTP/1.1" 200 26
186.102.67.86 - - [19/Jun/2024:13:37:18 -0500] "GET /kwssiamovil/sm/acme/a?s=U2FsdGVkX1+1lQOvmmNBdJXRC7FdLzncaEQOCeWqvREu49y7NW0T69wyrc43cluBYVwPAKm3R5+XpPPz3AqctXzIjjMWy7HI9LqGh9cZ+J5ipXFC7in83hHWdxC14WSxb6VddWOE5L/ljwJ/mYMO8wCodURl+8J7/9FPK6r+xZte+Ti9pw8VEI8a27TNA52OC6WY6R6vG4qjFhfzjbozoQ==&u=U2FsdGVkX186qWr+BE7sEkUYpMVuhgPuVJ9nt1EeadI=&y=U2FsdGVkX1+jLUbxLOUQkgcum+GmHAknjodDKx8fZDO/UwZmYThH7q2g5yYiT/S/ HTTP/1.1" 200 26
216.245.221.92 - - [19/Jun/2024:13:37:31 -0500] "HEAD / HTTP/1.1" 200 -
201.245.192.253 - - [19/Jun/2024:13:37:31 -0500] "GET /kwsrmcab/Wsrmcab?wsdl HTTP/1.1" 200 6948
47.128.59.222 - - [19/Jun/2024:13:37:36 -0500] "GET /BLA/resoluciones/AUTOS%202021/0245.php?act=f&f=00001104.tif&imgsize=20 HTTP/1.1" 200 2743
216.244.66.195 - - [19/Jun/2024:13:37:36 -0500] "GET /robots.txt HTTP/1.1" 404 1018
201.245.192.253 - - [19/Jun/2024:13:37:43 -0500] "POST /forms/lservlet;jsessionid=ac16012b30d61d0d9576dbc541fdbee5a484bc6a3672.e3iSbxaKaheRe34Ra3iRa3mMah50n6jAmljGr5XDqQLvpAe HTTP/1.1" 200 2
201.245.192.253 - - [19/Jun/2024:13:37:42 -0500] "POST /kwsrmcab/Wsrmcab HTTP/1.1" 200 34421
201.245.192.253 - - [19/Jun/2024:13:37:45 -0500] "POST /kwsrmcab/Wsrmcab HTTP/1.1" 200 34400
47.128.55.206 - - [19/Jun/2024:13:37:48 -0500] "GET /BLA/resoluciones/AUTOS%202021/0245.php?act=f&f=flat.png&imgsize=50 HTTP/1.1" 200 2739
47.128.115.22 - - [19/Jun/2024:13:37:57 -0500] "GET /BLA/resoluciones/AUTOS%202021/0245.php?act=f&f=00001159.tif&imgsize=20 HTTP/1.1" 200 2743
172.22.2.4 - - [19/Jun/2024:13:38:05 -0500] "GET /BLA/boletinlegal/consulta_actos.php?tipo=resoluciones&no=5137&usuario=&sector=&fecha=2009&resuelve= HTTP/1.1" 200 1078
201.245.192.253 - - [19/Jun/2024:13:38:14 -0500] "GET /sipse/faces/index.xhtml HTTP/1.1" 200 677
201.245.192.253 - - [19/Jun/2024:13:38:15 -0500] "GET /sipse/faces/javax.faces.resource/theme.css?ln=primefaces-sipse HTTP/1.1" 304 -
201.245.192.253 - - [19/Jun/2024:13:38:16 -0500] "GET /favicon.ico HTTP/1.1" 200 7782
201.245.192.253 - - [19/Jun/2024:13:38:16 -0500] "GET /sipse/faces/faces/autenticacion.xhtml HTTP/1.1" 200 12414
201.245.192.253 - - [19/Jun/2024:13:38:16 -0500] "GET /sipse/js/disable_browser_buttons.js HTTP/1.1" 304 -
201.245.192.253 - - [19/Jun/2024:13:38:16 -0500] "GET /sipse/js/funciones.js HTTP/1.1" 304 -
201.245.192.253 - - [19/Jun/2024:13:38:16 -0500] "GET /sipse/css/custom_css_sg_prime_login.css HTTP/1.1" 304 -
201.245.192.253 - - [19/Jun/2024:13:38:16 -0500] "GET /sipse/css/custom_css_sg.css HTTP/1.1" 304 -
201.245.192.253 - - [19/Jun/2024:13:38:16 -0500] "GET /sipse/faces/javax.faces.resource/theme.css?ln=primefaces-sipse HTTP/1.1" 304 -
201.245.192.253 - - [19/Jun/2024:13:38:16 -0500] "GET /sipse/faces/javax.faces.resource/primefaces.css?ln=primefaces&v=4.0 HTTP/1.1" 304 -
201.245.192.253 - - [19/Jun/2024:13:38:16 -0500] "GET /sipse/faces/javax.faces.resource/layout/layout.css?ln=primefaces&v=4.0 HTTP/1.1" 304 -
201.245.192.253 - - [19/Jun/2024:13:38:16 -0500] "GET /sipse/faces/javax.faces.resource/jquery/jquery-plugins.js?ln=primefaces&v=4.0 HTTP/1.1" 304 -
201.245.192.253 - - [19/Jun/2024:13:38:16 -0500] "GET /sipse/faces/javax.faces.resource/jquery/jquery.js?ln=primefaces&v=4.0 HTTP/1.1" 304 -
201.245.192.253 - - [19/Jun/2024:13:38:16 -0500] "GET /sipse/faces/javax.faces.resource/layout/layout.js?ln=primefaces&v=4.0 HTTP/1.1" 304 -
201.245.192.253 - - [19/Jun/2024:13:38:16 -0500] "GET /sipse/faces/javax.faces.resource/primefaces.js?ln=primefaces&v=4.0 HTTP/1.1" 304 -
201.245.192.253 - - [19/Jun/2024:13:38:16 -0500] "GET /sipse/css/imagen/logoSDG.png HTTP/1.1" 304 -
201.245.192.253 - - [19/Jun/2024:13:38:16 -0500] "GET /sipse/css/imagen/loginimg.png HTTP/1.1" 304 -
201.245.192.253 - - [19/Jun/2024:13:38:16 -0500] "GET /sipse/faces/javax.faces.resource/images/ui-icons_898989_256x240.png?ln=primefaces-aristo HTTP/1.1" 304 -
201.245.192.253 - - [19/Jun/2024:13:38:19 -0500] "POST /sipse/faces/autenticacion.xhtml HTTP/1.1" 200 2175
201.245.192.253 - - [19/Jun/2024:13:38:19 -0500] "GET /sipse/faces/javax.faces.resource/messages/messages.png?ln=primefaces&v=4.0 HTTP/1.1" 304 -
201.245.192.253 - - [19/Jun/2024:13:38:22 -0500] "POST /forms/lservlet;jsessionid=ac16012b30d62ce8354ab2c04ae981fa8f2fd69b26f6.e3iSbxaKaheRe34Ra3iRa3mMah50n6jAmljGr5XDqQLvpAe HTTP/1.1" 200 2
201.245.192.253 - - [19/Jun/2024:13:38:31 -0500] "GET /kwsrmcab/Wsrmcab?wsdl HTTP/1.1" 200 6948
201.245.192.253 - - [19/Jun/2024:13:38:41 -0500] "GET /sipse/faces/index.xhtml HTTP/1.1" 200 677
201.245.192.253 - - [19/Jun/2024:13:38:41 -0500] "GET /sipse/faces/javax.faces.resource/theme.css?ln=primefaces-sipse HTTP/1.1" 304 -
201.245.192.253 - - [19/Jun/2024:13:38:41 -0500] "GET /sipse/faces/faces/autenticacion.xhtml HTTP/1.1" 200 12414
201.245.192.253 - - [19/Jun/2024:13:38:41 -0500] "GET /sipse/js/disable_browser_buttons.js HTTP/1.1" 304 -
201.245.192.253 - - [19/Jun/2024:13:38:41 -0500] "GET /sipse/js/funciones.js HTTP/1.1" 304 -
201.245.192.253 - - [19/Jun/2024:13:38:41 -0500] "GET /sipse/css/custom_css_sg_prime_login.css HTTP/1.1" 304 -
201.245.192.253 - - [19/Jun/2024:13:38:41 -0500] "GET /sipse/faces/javax.faces.resource/theme.css?ln=primefaces-sipse HTTP/1.1" 304 -
201.245.192.253 - - [19/Jun/2024:13:38:41 -0500] "GET /sipse/faces/javax.faces.resource/layout/layout.css?ln=primefaces&v=4.0 HTTP/1.1" 200 542
201.245.192.253 - - [19/Jun/2024:13:38:41 -0500] "GET /sipse/faces/javax.faces.resource/jquery/jquery-plugins.js?ln=primefaces&v=4.0 HTTP/1.1" 304 -
201.245.192.253 - - [19/Jun/2024:13:38:41 -0500] "GET /sipse/css/custom_css_sg.css HTTP/1.1" 304 -
201.245.192.253 - - [19/Jun/2024:13:38:41 -0500] "GET /sipse/faces/javax.faces.resource/jquery/jquery.js?ln=primefaces&v=4.0 HTTP/1.1" 304 -
201.245.192.253 - - [19/Jun/2024:13:38:41 -0500] "GET /sipse/faces/javax.faces.resource/primefaces.js?ln=primefaces&v=4.0 HTTP/1.1" 304 -
201.245.192.253 - - [19/Jun/2024:13:38:41 -0500] "GET /sipse/faces/javax.faces.resource/layout/layout.js?ln=primefaces&v=4.0 HTTP/1.1" 304 -
201.245.192.253 - - [19/Jun/2024:13:38:41 -0500] "GET /sipse/faces/javax.faces.resource/primefaces.css?ln=primefaces&v=4.0 HTTP/1.1" 200 53295
201.245.192.253 - - [19/Jun/2024:13:38:41 -0500] "GET /sipse/faces/javax.faces.resource/images/ui-icons_898989_256x240.png?ln=primefaces-aristo HTTP/1.1" 200 5355
201.245.192.253 - - [19/Jun/2024:13:38:41 -0500] "GET /sipse/css/imagen/logoSDG.png HTTP/1.1" 200 53064
201.245.192.253 - - [19/Jun/2024:13:38:41 -0500] "GET /sipse/css/imagen/loginimg.png HTTP/1.1" 200 71635
201.245.192.253 - - [19/Jun/2024:13:38:43 -0500] "POST /sipse/faces/autenticacion.xhtml HTTP/1.1" 200 16287
201.245.192.253 - - [19/Jun/2024:13:38:44 -0500] "GET /sipse/css/custom_css_sg_prime.css HTTP/1.1" 304 -
201.245.192.253 - - [19/Jun/2024:13:38:44 -0500] "GET /sipse/js/jquery.min.js HTTP/1.1" 304 -
201.245.192.253 - - [19/Jun/2024:13:38:44 -0500] "GET /sipse/faces/javax.faces.resource/jquery/jquery.js?ln=primefaces&v=4.0 HTTP/1.1" 304 -
201.245.192.253 - - [19/Jun/2024:13:38:44 -0500] "GET /sipse/faces/javax.faces.resource/jquery/jquery-plugins.js?ln=primefaces&v=4.0 HTTP/1.1" 304 -
201.245.192.253 - - [19/Jun/2024:13:38:44 -0500] "GET /sipse/faces/javax.faces.resource/primefaces.js?ln=primefaces&v=4.0 HTTP/1.1" 304 -
201.245.192.253 - - [19/Jun/2024:13:38:44 -0500] "GET /sipse/faces/javax.faces.resource/layout/layout.js?ln=primefaces&v=4.0 HTTP/1.1" 304 -
201.245.192.253 - - [19/Jun/2024:13:38:44 -0500] "GET /sipse/css/v_mergente.css HTTP/1.1" 200 1505
201.245.192.253 - - [19/Jun/2024:13:38:44 -0500] "GET /sipse/imagenes/cargando.gif HTTP/1.1" 200 36959
201.245.192.253 - - [19/Jun/2024:13:38:44 -0500] "GET /sipse/css/imagen/contrasena.png HTTP/1.1" 404 383
201.245.192.253 - - [19/Jun/2024:13:38:44 -0500] "GET /sipse/imagenes/logoAplicacion.jpg HTTP/1.1" 200 155084
201.245.192.253 - - [19/Jun/2024:13:38:44 -0500] "GET /sipse/faces/javax.faces.resource/messages/messages.png?ln=primefaces&v=4.0 HTTP/1.1" 304 -
201.245.192.253 - - [19/Jun/2024:13:38:45 -0500] "GET /sipse/faces/javax.faces.resource/images/ui-bg_flat_0_2d5972_40x100.png?ln=primefaces-aristo HTTP/1.1" 304 -
201.245.192.253 - - [19/Jun/2024:13:38:45 -0500] "POST /sipse/faces/bienvenido.xhtml HTTP/1.1" 200 1471
201.245.192.253 - - [19/Jun/2024:13:38:46 -0500] "POST /sipse/faces/bienvenido.xhtml HTTP/1.1" 200 55055
201.245.192.253 - - [19/Jun/2024:13:38:46 -0500] "GET /sipse/faces/javax.faces.resource/jquery/jquery.js?ln=primefaces&v=4.0 HTTP/1.1" 304 -
201.245.192.253 - - [19/Jun/2024:13:38:46 -0500] "GET /sipse/faces/javax.faces.resource/jquery/jquery-plugins.js?ln=primefaces&v=4.0 HTTP/1.1" 304 -
201.245.192.253 - - [19/Jun/2024:13:38:46 -0500] "GET /sipse/faces/javax.faces.resource/primefaces.js?ln=primefaces&v=4.0 HTTP/1.1" 304 -
201.245.192.253 - - [19/Jun/2024:13:38:46 -0500] "GET /sipse/faces/javax.faces.resource/layout/layout.js?ln=primefaces&v=4.0 HTTP/1.1" 304 -
201.245.192.253 - - [19/Jun/2024:13:38:46 -0500] "POST /sipse/faces/presentacion/financiero/solicitudProceso/listarSolicitudProceso.xhtml HTTP/1.1" 200 1544
172.22.2.4 - - [19/Jun/2024:13:37:07 -0500] "HEAD /BLA/boletinlegal/ HTTP/1.1" 200 -
172.22.2.4 - - [19/Jun/2024:13:39:01 -0500] "GET /BLA/boletinlegal/consulta_actos.php?tipo=resoluciones&no=5137&usuario=&sector=&fecha=2009&resuelve= HTTP/1.1" 200 1078
186.84.89.251 - - [19/Jun/2024:13:39:03 -0500] "GET /BLA/resoluciones/RESOLUCIONES%202009/5137.pdf HTTP/1.1" 200 770779
201.245.192.253 - - [19/Jun/2024:13:39:31 -0500] "GET /kwsrmcab/Wsrmcab?wsdl HTTP/1.1" 200 6948
34.198.201.66 - - [19/Jun/2024:13:39:37 -0500] "HEAD / HTTP/1.1" 200 -
172.22.2.4 - - [19/Jun/2024:13:37:58 -0500] "GET /BLA/boletinlegal/ HTTP/1.1" 200 58720
201.245.192.253 - - [19/Jun/2024:13:39:43 -0500] "POST /forms/lservlet;jsessionid=ac16012b30d61d0d9576dbc541fdbee5a484bc6a3672.e3iSbxaKaheRe34Ra3iRa3mMah50n6jAmljGr5XDqQLvpAe HTTP/1.1" 200 2
52.167.144.24 - - [19/Jun/2024:13:40:16 -0500] "GET /BLA/resoluciones/RESOLUCIONES%202010/6478.pdf HTTP/1.1" 304 -
201.245.192.253 - - [19/Jun/2024:13:40:22 -0500] "POST /forms/lservlet;jsessionid=ac16012b30d62ce8354ab2c04ae981fa8f2fd69b26f6.e3iSbxaKaheRe34Ra3iRa3mMah50n6jAmljGr5XDqQLvpAe HTTP/1.1" 200 2
201.245.192.253 - - [19/Jun/2024:13:40:22 -0500] "POST /kwsrmcab/Wsrmcab  HTTP/1.1" 200 36347
201.245.192.253 - - [19/Jun/2024:13:39:43 -0500] "POST /kwsrmcab/Wsrmcab HTTP/1.1" 200 33506
201.245.192.253 - - [19/Jun/2024:13:40:31 -0500] "GET /kwsrmcab/Wsrmcab?wsdl HTTP/1.1" 200 6948
201.245.192.253 - - [19/Jun/2024:13:41:31 -0500] "GET /kwsrmcab/Wsrmcab?wsdl HTTP/1.1" 200 6948
201.245.192.253 - - [19/Jun/2024:13:41:06 -0500] "POST /kwsrmcab/Wsrmcab HTTP/1.1" 200 34400
201.245.192.253 - - [19/Jun/2024:13:41:43 -0500] "POST /forms/lservlet;jsessionid=ac16012b30d61d0d9576dbc541fdbee5a484bc6a3672.e3iSbxaKaheRe34Ra3iRa3mMah50n6jAmljGr5XDqQLvpAe HTTP/1.1" 200 2
201.245.192.253 - - [19/Jun/2024:13:42:22 -0500] "POST /forms/lservlet;jsessionid=ac16012b30d62ce8354ab2c04ae981fa8f2fd69b26f6.e3iSbxaKaheRe34Ra3iRa3mMah50n6jAmljGr5XDqQLvpAe HTTP/1.1" 200 2
216.245.221.92 - - [19/Jun/2024:13:42:31 -0500] "HEAD / HTTP/1.1" 200 -
201.245.192.253 - - [19/Jun/2024:13:42:31 -0500] "GET /kwsrmcab/Wsrmcab?wsdl HTTP/1.1" 200 6948
201.245.192.253 - - [19/Jun/2024:13:43:31 -0500] "GET /kwsrmcab/Wsrmcab?wsdl HTTP/1.1" 200 6948
201.245.192.253 - - [19/Jun/2024:13:43:43 -0500] "POST /forms/lservlet;jsessionid=ac16012b30d61d0d9576dbc541fdbee5a484bc6a3672.e3iSbxaKaheRe34Ra3iRa3mMah50n6jAmljGr5XDqQLvpAe HTTP/1.1" 200 2
47.128.26.67 - - [19/Jun/2024:13:43:47 -0500] "GET /BLA/resoluciones/AUTOS%202021/0245.php?act=chmod&f=00002507.tif HTTP/1.1" 200 2716
47.128.35.96 - - [19/Jun/2024:13:43:56 -0500] "GET /BLA/resoluciones/AUTOS%202021/0245.php?act=f&f=00001143.tif&imgsize=20 HTTP/1.1" 200 2743
47.128.30.64 - - [19/Jun/2024:13:44:07 -0500] "GET /BLA/resoluciones/AUTOS%202021/0245.php?act=f&f=00000013.tif&imgsize=100 HTTP/1.1" 200 2741
52.167.144.24 - - [19/Jun/2024:13:44:11 -0500] "GET /BLA/resoluciones/RESOLUCIONES%202020/2535.pdf HTTP/1.1" 304 -
47.128.54.58 - - [19/Jun/2024:13:44:18 -0500] "GET /BLA/resoluciones/AUTOS%202021/0245.php?act=f&f=Compromiso_Ciudadano.png&imgsize=100 HTTP/1.1" 200 2751
201.245.192.253 - - [19/Jun/2024:13:44:22 -0500] "POST /forms/lservlet;jsessionid=ac16012b30d62ce8354ab2c04ae981fa8f2fd69b26f6.e3iSbxaKaheRe34Ra3iRa3mMah50n6jAmljGr5XDqQLvpAe HTTP/1.1" 200 2
47.128.28.42 - - [19/Jun/2024:13:44:28 -0500] "GET /BLA/resoluciones/AUTOS%202021/0245.php?act=f&f=Compromiso_Ciudadano.png&imgsize=20 HTTP/1.1" 200 2751
201.245.192.253 - - [19/Jun/2024:13:44:31 -0500] "GET /kwsrmcab/Wsrmcab?wsdl HTTP/1.1" 200 6948
172.22.2.4 - - [19/Jun/2024:13:42:57 -0500] "HEAD /BLA/boletinlegal/ HTTP/1.1" 200 -
47.128.25.157 - - [19/Jun/2024:13:44:38 -0500] "GET /BLA/resoluciones/AUTOS%202021/0245.php?act=f&f=00001127.tif&imgsize=20 HTTP/1.1" 200 2743
186.154.33.145 - - [19/Jun/2024:13:44:44 -0500] "GET /mesa/contrasena.pdf HTTP/1.1" 200 443199
186.154.33.145 - - [19/Jun/2024:13:44:45 -0500] "GET /mesa/contrasena.pdf HTTP/1.1" 206 1
186.154.33.145 - - [19/Jun/2024:13:44:45 -0500] "GET /mesa/contrasena.pdf HTTP/1.1" 206 197783
47.128.53.99 - - [19/Jun/2024:13:44:50 -0500] "GET /BLA/resoluciones/AUTOS%202021/0245.php?act=f&f=00001345.tif&imgsize=50 HTTP/1.1" 200 2742
186.102.67.86 - - [19/Jun/2024:13:44:55 -0500] "GET /kwssiamovil/sm/acme/a?s=U2FsdGVkX1950/FNqvESP9KkbJQhdOV3ywQu8Ggonu6NFxdJIRizSL3qnOnT29ftNaHU6eTjR5vdL8XEkVjeM0dvSGt+duNd/s/YU2kYtWR1NZjs0s2qdxztyKw97EX4d/xY5uMbKCTR0ALaNHWZoPE+yKskoHm1QyiMpsIfkf3RxGEkvYeSZfrUITolL7Vb2x6Oc3IKT7p4hDac8nUsru7eTf+MLSMLiVeV+vEpF5WodSgE3XFrj3cU2ai7SjMCUuu3WCw4NT2mpV8erC6Hig==&u=U2FsdGVkX186qWr+BE7sEkUYpMVuhgPuVJ9nt1EeadI=&y=U2FsdGVkX1+jLUbxLOUQkgcum+GmHAknjodDKx8fZDO/UwZmYThH7q2g5yYiT/S/ HTTP/1.1" 200 26
186.102.67.86 - - [19/Jun/2024:13:44:56 -0500] "GET /kwssiamovil/sm/acme/a?s=U2FsdGVkX19mG6lQ2fKzcYCvzdGJzlut2leqisLDX7e5HoLKvsKt3WYuTYmoesF0e0jt/sppkbJ+qbTCiLoM9doVtgNVxYuhVVJh3oGIg9PdU0KXZKAm6INmINQhSYvz/zXzuve2lgatxy/RbqFEC6+f+NM9crnz3iqQMB4C7UDC6cGuAx0j3BLoFz776TafooOg5c0b4+6otNkbYAs+eFtuY9+386/XUTUzuZXURZOFI1qf/lW8hnf+bMyZ4BT7MtaAsgxIzSYWnQjQobKJBvqWpO5Fb54TbzrmJtkus3pfan4n8/JVB1RPtX6qhhmRRZCdNbw8w0Cbu5x/AduPfJyAhjSUy38PpZ5ocpRKYDTq3Wgy5HvxhsYivzro35WQMt95OThbIlIYcUQXlUA+/hBvL3HReZ1NtAxHu3SIYX0k6YwhPTtc9hyeWzbMJm9d6NBcHVBaKC3Zx090sRexSStmuGI4GG1VFGM941IUmR2zLmxTOPkQqo+RZVMd13VaBMSGOm5IjhKB5u+Tgku/FnD3F9QpMCyKR0sJrmW95CPiajFA/j8oCMPMujjqg15ili5Z0qPJ/IApS/CL2n+h5+DjvFbQZwLjxleVXEYx8GMuXsxNDSEbMtQZHC9PdehW9om+AZM0G6NqSN5jOxlrhrYc8EZ8XH197CMnZnU0wmNZ2zqj+NT2l8n7MGLXWpnjE68xgSEGcBzhzQAfK8wwfWZGLAlWNHKgPK5XyFdYAC7jjeDy5OT6lWlehTfksgZr0vrTWdKh3aU/H5P4CmjafstZfovRwKMqAq4PIkMlOH49C72qe3FPjNlQPRAlrZIS/EP5LYdz/XPlAY3cV2gYtjMGVV5rGisvdhmK4h1zo+sgz8LW/XgMP2MdTLOJxgypQUrXbSV8Q8cLuX+M6uHduuMlqTLHJDTGKrO2oyoOROhF8q06x4GNkxsQC9TEoO6W7JajaElSJFueDy8GIVVh1wOlwEI+CqOW8LG8lLC2HRqqLwsK3CsEDUZfB+0UTbCS6qq39p7ZJ3Sz8TK6kKEBqsuINIBXiuN5Mhna9vBtOw6Oy6pJ6nVGDDwHYNui66Nt8T4A+qF9e40BMFyVEZF/h0SLINSJzIJ79sPrf8RRr5AH0Ypqjbfw+kJJPyFKNsSoQGC6z4XLWYlT5XEGv9CLTbV1EJa5eIWusgwHf1YMJziRbeyOZCbymYRi0Xu55T+URALJlpCgFVgP1LeqrXxivy2y7/8mv4LP/Lb0htL3CJPbBWqJfDQcOhpCQHsoUAe+Ned7cQj1SAcBGrvBYXYYgRB517xS/KB+WrB3zmU731McKtzh85Xxdvpy9X/6d+j6AQaLymuE9RmINj+EzkrRzQZeGdaGAhMSJBwlOfBDo1hadGBcwuTIf09UU2uv9nCStxVYD5g24yTlrQd7T4gccGR1Ofyff68nCDGYZ5c9FyijFYZ73dl4lbwjagI608KnofJPSBKFOL1aH4N20yOM5C7CK9l8Ru6PXxFDQZjcQrv6lsXpkMQgYdrhjkShRgsvW+HhqZ6oXpDcbI5BVRawSwtKvjScC95UpLon9XsXSKsBODeW7La8WbZlH2beEFhQ/naXThCyKtR5IIdE/Af13QGE4J6YglVOG/rkD9M6t5V0uuUMPWufNdNAsPYAg+Rlomh1RCtWVlDecJy8EgFNYCRYmUdXy9PKVtExHXD/m8bspjex7gUqteHnhzlzhV3LnOkqieNscr3aWOGdtgKck60YcVkDfoaQGRdQwMW5GhqB/+j4rwrBeHiNV72Wc49SI5R1sMNeRKfbu5q6y6bGiT0osUkOKLMR2/2JP9puUCFRS7/YX1jBPXyeUpOWEUC8&u=U2FsdGVkX186qWr+BE7sEkUYpMVuhgPuVJ9nt1EeadI=&y=U2FsdGVkX1+jLUbxLOUQkgcum+GmHAknjodDKx8fZDO/UwZmYThH7q2g5yYiT/S/ HTTP/1.1" 200 26
186.102.67.86 - - [19/Jun/2024:13:44:56 -0500] "GET /kwssiamovil/sm/acme/a?s=U2FsdGVkX1+HER61ewxouvm4lGAWmZENoAjfGCg1xiOE2qRH7pLadXDtJ5jo8F6hXbqJnYwK+M4mkqo2/DKqBi+7281JmMKTEQdyba2/AmGUGhF6cH35/9ftyGMWh/9JMzKWo/zaB8kFeo/meeWF7kg9hzu6YcHCfHav39+yf8E=&u=U2FsdGVkX186qWr+BE7sEkUYpMVuhgPuVJ9nt1EeadI=&y=U2FsdGVkX1+jLUbxLOUQkgcum+GmHAknjodDKx8fZDO/UwZmYThH7q2g5yYiT/S/ HTTP/1.1" 200 26
186.102.67.86 - - [19/Jun/2024:13:44:56 -0500] "GET /kwssiamovil/sm/acme/a?s=U2FsdGVkX18CAYONJ9uD9NAgEoxdVVj5T6cVq3OAF1Dczxmyz926xvbugBLjWYpa3oJT/jqwnTwUagtEF4EWvvdzMgsvHfKFvIl6c/DoDqlnefG1vT1SW7XbSVepcyiSaM6FZ6ttBfL+TfUDXud9qnEQSro+7AXeVqXJ18eHTZA=&u=U2FsdGVkX186qWr+BE7sEkUYpMVuhgPuVJ9nt1EeadI=&y=U2FsdGVkX1+jLUbxLOUQkgcum+GmHAknjodDKx8fZDO/UwZmYThH7q2g5yYiT/S/ HTTP/1.1" 200 26
186.102.67.86 - - [19/Jun/2024:13:44:56 -0500] "GET /kwssiamovil/sm/acme/a?s=U2FsdGVkX19S7auWcQ7Q94iOpejAacMrBzjirRjhOfVPmdRSybaXTZS+0VAFPxtMSKw3tdIXCi4bPvy7FpodRsZ1nUSGMG1KMUkuQmHcum63V9FzZWx+EfTM6iwxM6IybTFTcgU/0kRvVX7mNQBubOxPxEfnww+U+1/em+GHKGo=&u=U2FsdGVkX186qWr+BE7sEkUYpMVuhgPuVJ9nt1EeadI=&y=U2FsdGVkX1+jLUbxLOUQkgcum+GmHAknjodDKx8fZDO/UwZmYThH7q2g5yYiT/S/ HTTP/1.1" 200 26
186.102.67.86 - - [19/Jun/2024:13:44:56 -0500] "GET /kwssiamovil/sm/acme/a?s=U2FsdGVkX19rmv6NN9ZRI8quZOaq6co3rWvDmH+htZPng/oafWreFqEF7ASwK0faJu82ObE5JuwFnD2LecLNmocbiSVjGMuTLIqAwQ9MbqIqCq38r4AiVfLV5/A301r0Sios7NlG3DKM6orrBTSwEccGTUazAs7Bw/dmYmeloliKTKMxWcO1f4CvijKcMx4VOfsSAWP//ZsQkW7X9bDLTQ==&u=U2FsdGVkX186qWr+BE7sEkUYpMVuhgPuVJ9nt1EeadI=&y=U2FsdGVkX1+jLUbxLOUQkgcum+GmHAknjodDKx8fZDO/UwZmYThH7q2g5yYiT/S/ HTTP/1.1" 200 26
47.128.117.18 - - [19/Jun/2024:13:45:00 -0500] "GET /BLA/resoluciones/AUTOS%202021/0245.php?act=chmod&f=mantenimiento.png HTTP/1.1" 200 2716
47.128.113.52 - - [19/Jun/2024:13:45:13 -0500] "GET /BLA/resoluciones/AUTOS%202021/0245.php?act=f&f=00002515.tif HTTP/1.1" 200 2742
172.22.2.4 - - [19/Jun/2024:13:45:15 -0500] "GET /BLA/boletinlegal/actos.php HTTP/1.1" 200 9738
172.22.2.4 - - [19/Jun/2024:13:45:15 -0500] "GET /BLA/boletinlegal/styles2.css HTTP/1.1" 200 1838
172.22.2.4 - - [19/Jun/2024:13:45:15 -0500] "GET /BLA/boletinlegal/js/ajax_actos.js HTTP/1.1" 200 1322
172.22.2.4 - - [19/Jun/2024:13:45:15 -0500] "GET /BLA/boletinlegal/niceforms-default.css HTTP/1.1" 200 6694
172.22.2.4 - - [19/Jun/2024:13:45:15 -0500] "GET /BLA/boletinlegal/style.css HTTP/1.1" 200 9406
172.22.2.4 - - [19/Jun/2024:13:45:15 -0500] "GET /BLA/boletinlegal/js/lib.js HTTP/1.1" 200 6474
172.22.2.4 - - [19/Jun/2024:13:45:15 -0500] "GET /BLA/boletinlegal/niceforms.js HTTP/1.1" 200 22876
172.22.2.4 - - [19/Jun/2024:13:45:15 -0500] "GET /BLA/boletinlegal/js/popup.js HTTP/1.1" 200 1270
172.22.2.4 - - [19/Jun/2024:13:45:15 -0500] "GET /BLA/boletinlegal/images/cabezote%20BLEGAL.jpg HTTP/1.1" 200 118164
172.22.2.4 - - [19/Jun/2024:13:45:15 -0500] "GET /BLA/boletinlegal/js/jquery1.js HTTP/1.1" 200 29846
172.22.2.4 - - [19/Jun/2024:13:45:16 -0500] "GET /BLA/boletinlegal/images/subscribe-icon-big.png HTTP/1.1" 200 47702
172.22.2.4 - - [19/Jun/2024:13:45:16 -0500] "GET /BLA/boletinlegal/images/tel.png HTTP/1.1" 200 14477
172.22.2.4 - - [19/Jun/2024:13:45:16 -0500] "GET /BLA/boletinlegal/images/green-yellow-blue-pink-th.png HTTP/1.1" 200 7394
172.22.2.4 - - [19/Jun/2024:13:45:16 -0500] "GET /BLA/boletinlegal/images/historia.png HTTP/1.1" 200 52775
172.22.2.4 - - [19/Jun/2024:13:45:16 -0500] "GET /BLA/boletinlegal/images/registro-usuarios.png HTTP/1.1" 200 8106
172.22.2.4 - - [19/Jun/2024:13:45:16 -0500] "GET /BLA/boletinlegal/images/body_bg.jpg HTTP/1.1" 200 1601
172.22.2.4 - - [19/Jun/2024:13:45:16 -0500] "GET /BLA/boletinlegal/images/bg_top.jpg HTTP/1.1" 200 522
172.22.2.4 - - [19/Jun/2024:13:45:16 -0500] "GET /BLA/boletinlegal/images/menu_bg.jpg HTTP/1.1" 200 620
172.22.2.4 - - [19/Jun/2024:13:45:16 -0500] "GET /BLA/boletinlegal/images/footer_bg.jpg HTTP/1.1" 200 586
172.22.2.4 - - [19/Jun/2024:13:45:16 -0500] "GET /BLA/boletinlegal/images/hover.jpg HTTP/1.1" 200 640
172.22.2.4 - - [19/Jun/2024:13:45:16 -0500] "GET /BLA/boletinlegal/images/text.jpg HTTP/1.1" 200 568
172.22.2.4 - - [19/Jun/2024:13:45:16 -0500] "GET /BLA/boletinlegal/images/menu_lft.gif HTTP/1.1" 200 1713
172.22.2.4 - - [19/Jun/2024:13:45:16 -0500] "GET /BLA/boletinlegal/images/footer_bg_l.jpg HTTP/1.1" 200 776
172.22.2.4 - - [19/Jun/2024:13:45:16 -0500] "GET /BLA/boletinlegal/images/menu_rght.gif HTTP/1.1" 200 1627
172.22.2.4 - - [19/Jun/2024:13:45:16 -0500] "GET /BLA/boletinlegal/images/icono-email.png HTTP/1.1" 200 5544
172.22.2.4 - - [19/Jun/2024:13:45:16 -0500] "GET /BLA/boletinlegal/img/select-left.png HTTP/1.1" 200 263
172.22.2.4 - - [19/Jun/2024:13:45:16 -0500] "GET /BLA/boletinlegal/img/0.png HTTP/1.1" 200 110
172.22.2.4 - - [19/Jun/2024:13:45:16 -0500] "GET /BLA/boletinlegal/img/button.png HTTP/1.1" 200 43241
172.22.2.4 - - [19/Jun/2024:13:45:16 -0500] "GET /BLA/boletinlegal/img/select-right.png HTTP/1.1" 200 44019
172.22.2.4 - - [19/Jun/2024:13:45:16 -0500] "GET /BLA/boletinlegal/img/button-right.png HTTP/1.1" 200 57878
172.22.2.4 - - [19/Jun/2024:13:45:16 -0500] "GET /BLA/boletinlegal/img/button-left.png HTTP/1.1" 200 57071
172.22.2.4 - - [19/Jun/2024:13:45:16 -0500] "GET /BLA/boletinlegal/favicon.ico HTTP/1.1" 404 1326
201.245.192.253 - - [19/Jun/2024:13:45:21 -0500] "POST /kwsrmcab/Wsrmcab  HTTP/1.1" 200 36347
47.128.49.136 - - [19/Jun/2024:13:45:22 -0500] "GET /BLA/resoluciones/AUTOS%202021/0245.php?act=f&f=00001111.tif&imgsize=50 HTTP/1.1" 200 2741
172.22.2.4 - - [19/Jun/2024:13:43:48 -0500] "GET /BLA/boletinlegal/ HTTP/1.1" 200 58273
201.245.192.253 - - [19/Jun/2024:13:45:31 -0500] "GET /kwsrmcab/Wsrmcab?wsdl HTTP/1.1" 200 6948
47.128.25.10 - - [19/Jun/2024:13:45:31 -0500] "GET /BLA/resoluciones/AUTOS%202021/0245.php?act=f&f=apache_pb.png&imgsize=20 HTTP/1.1" 200 2742
157.55.39.56 - - [19/Jun/2024:13:45:33 -0500] "GET /BLA/resoluciones/RESOLUCIONES%202017/0891.pdf HTTP/1.1" 200 911355
47.128.22.175 - - [19/Jun/2024:13:45:42 -0500] "GET /BLA/resoluciones/AUTOS%202021/0245.php?act=f&f=00001163.tif&imgsize=50 HTTP/1.1" 200 2743
201.245.192.253 - - [19/Jun/2024:13:45:43 -0500] "POST /forms/lservlet;jsessionid=ac16012b30d61d0d9576dbc541fdbee5a484bc6a3672.e3iSbxaKaheRe34Ra3iRa3mMah50n6jAmljGr5XDqQLvpAe HTTP/1.1" 200 2
186.102.103.175 - - [19/Jun/2024:13:45:52 -0500] "GET /kwssiamovil/sm/ldap/au?x=U2FsdGVkX1+99CYfrB0YaQyBE6OmHOfbeElQ4G2SQCNtjfvzLPN4B+tOQnsynOVe&y=U2FsdGVkX1+FoOfNt53WIaaOv8MVj0AcHKaMhOTPPvE= HTTP/1.1" 200 30
186.102.103.175 - - [19/Jun/2024:13:45:52 -0500] "GET /kwssiamovil/sm/acme/s?s=U2FsdGVkX19h39na0v9Fq4nKspAMDIMD8b+WEFJWPafGpcVXz06cxj1Oek/CpkS+0xu6fVe4XPmwVaBgK3W1I0pDJtNFxTX0k/xpdadBfzs=&u=U2FsdGVkX18AOI6WtDQsEDYx1ZA/gKbcFfE0av8IoKA=&y=U2FsdGVkX1+FoOfNt53WIaaOv8MVj0AcHKaMhOTPPvE= HTTP/1.1" 200 97
