186.28.227.18 - - [19/Jun/2024:09:37:29 -0500] "POST /sipse/faces/presentacion/financiero/solicitudProceso/consultarSolicitudProceso.xhtml HTTP/1.1" 200 2145825
216.245.221.92 - - [19/Jun/2024:09:37:31 -0500] "HEAD / HTTP/1.1" 200 -
201.245.192.253 - - [19/Jun/2024:09:37:32 -0500] "GET /kwsrmcab/Wsrmcab?wsdl HTTP/1.1" 200 6948
74.125.210.196 - - [19/Jun/2024:09:37:40 -0500] "GET /galeria/galeria/fotos/Soratama1G.jpg HTTP/1.1" 200 127762
201.245.192.253 - - [19/Jun/2024:09:37:42 -0500] "POST /forms/lservlet;jsessionid=ac16012b30d61d0d9576dbc541fdbee5a484bc6a3672.e3iSbxaKaheRe34Ra3iRa3mMah50n6jAmljGr5XDqQLvpAe HTTP/1.1" 200 2
201.245.192.253 - - [19/Jun/2024:09:37:43 -0500] "POST /kwsrmcab/Wsrmcab HTTP/1.1" 200 34033
201.245.192.253 - - [19/Jun/2024:09:37:44 -0500] "POST /kwsrmcab/Wsrmcab HTTP/1.1" 200 33322
216.244.66.195 - - [19/Jun/2024:09:37:48 -0500] "GET /BLA/resoluciones/AUTOS%202010/0346.pdf HTTP/1.1" 200 267569
216.244.66.195 - - [19/Jun/2024:09:38:16 -0500] "GET /BLA/resoluciones/AUTOS%202010/0347.pdf HTTP/1.1" 200 306401
201.245.192.253 - - [19/Jun/2024:09:38:21 -0500] "POST /forms/lservlet;jsessionid=ac16012b30d62ce8354ab2c04ae981fa8f2fd69b26f6.e3iSbxaKaheRe34Ra3iRa3mMah50n6jAmljGr5XDqQLvpAe HTTP/1.1" 200 2
152.202.78.95 - - [19/Jun/2024:09:38:29 -0500] "GET /BLA/resoluciones/index.php?dir=RESOLUCIONES+2009%2F HTTP/1.1" 200 1694101
201.245.192.253 - - [19/Jun/2024:09:38:32 -0500] "GET /kwsrmcab/Wsrmcab?wsdl HTTP/1.1" 200 6948
152.202.78.95 - - [19/Jun/2024:09:38:35 -0500] "GET /BLA/resoluciones/RESOLUCIONES%202009/4884.pdf HTTP/1.1" 200 770462
201.245.192.253 - - [19/Jun/2024:09:38:35 -0500] "POST /kwsrmcab/Wsrmcab  HTTP/1.1" 200 36347
216.244.66.195 - - [19/Jun/2024:09:38:43 -0500] "GET /BLA/resoluciones/AUTOS%202010/0617.pdf HTTP/1.1" 200 161246
216.244.66.195 - - [19/Jun/2024:09:39:09 -0500] "GET /BLA/resoluciones/AUTOS%202010/0709.pdf HTTP/1.1" 200 191599
152.202.78.95 - - [19/Jun/2024:09:39:11 -0500] "GET /BLA/resoluciones/RESOLUCIONES%202009/4898.pdf HTTP/1.1" 200 653294
186.102.29.62 - - [19/Jun/2024:09:39:12 -0500] "GET /kwssiamovil/sm/acme/s?s=U2FsdGVkX1/9DFD8yQZ5U3IdzXJ7KE8Sxx+7maUHgm36hfXH2TCMM1vsE1R/yOMKUwkiPKRCugbSv/lj9ARRBJlK6FZmclOJoEsDK1RFI+31UGmSjy8UcRJ/yhK3HTG8&u=U2FsdGVkX19KlIxIuHdjlYQZT/jUhG9Yi1z0np3MWdw8phBt0U2br4LYHc2rLkPs&y=U2FsdGVkX1+xI4klHSmOyGbEGetDTn8KjvrAviHXkmdIDQxgZVGrZeYOnCeYvgDT HTTP/1.1" 200 105
186.98.77.134 - - [19/Jun/2024:09:39:16 -0500] "GET /kwssiamovil/sm/acme/a?s=U2FsdGVkX18dxJgVl/7jhY8+G9d84bHe5ejINAnnseKES5O7bnJYY7j022iN5nQ6E+HEL2xOE+jKmPySrth1wnztWUrBOlX8QHqcE8RlU7WQVp7PJbZUv0t/pfZGQ+4tFAEMcHwRizJ1769Y+hBz5Lton5L1TKP9xsOWIzcw97mEC4Ijr0W731NAyWaSIShYY6pumRYz5c3BUEu9QcwtWqyi4PiTthq40k4A+/FqmuiFC0hvopaI66J6Rok8t98aKONashEGQE8RFj2NRQ57Hw==&u=U2FsdGVkX19bTik1RTmvm1oE5jgrw6upL6L0WS69ornj33thhpNiXTc3hk9SiNWv&y=U2FsdGVkX1/J49GQm0q/MS+cMmeNMOvAEaBv9uPMWTG/nJQ3/H8ewWWsxPGuivoI HTTP/1.1" 200 26
186.98.77.134 - - [19/Jun/2024:09:39:17 -0500] "GET /kwssiamovil/sm/acme/a?s=U2FsdGVkX1+icYalj5z8r2hSAUp3grCmy8Rp8R1FjSZ7nhLoD1ZAOJK0Nt+lSGGn6THCaxczkLtaEACa6U7qebj6fJLssUUFGIgnp8Vdl7JrXkuJI6oPsw168N0S9AC5RfgfkFcb1TckWCnNm8JNZ+wctKbF6M24NG9Z/3kET3tOXQwUP3UEDToBhGmzVexHOyO5UkaxC29mZ+h8Qq1nCF5GYeAlROLIVwy4fx0+ceOPHbTVH8mi11RV61RcAneKw80w1qdhjPdmHnAAAN8v4pyte1z4OrmEWpBm4z0fPwMvEhthskU/fJbOpZ7Vmx5Kmy53br2plWc1+Oj1raPXLQcNofGjsn10oxQItgtn8GH7hqOqIl2RSW40tRhTPopMDi/7Nyt75xLQryzOp63VkScXMZGkzTcuua6hbt9/jdTnXloUAx8HUZqEdPUXJ0YCjABpFfh3HV5J3vJPsWBlyK/ZUWOOU4o+g1MdlViXmj58q8KBz8UcPpnHjrSvQ6LctUgjDQLNow1SRUS+oQgs9SS0jceF3W/U96fjIEfYTfdBUr1Rkm07VSv8iXNVu7xEyQnG/4CAWSQCSlpVaieG8841lfuUKasCqtGfg6YgQnqr4eYROxLy6QtjY5uxO/B8quBvKUN+U9gCOC946n1J6P2R/08bYChxqEfeZfnGJH83yKW8zy+VFceri1x0ySI5+iRPTqk2M34KtMTvc+CpWDlT6hLCRuOUVxBccyBmEPEjqXhHQL87JXFNI5GRZMzt8+mMwfpVrIwEK3r/u5RHRYHtc4L0B8hwRmX+i6XqwY02mNYrZy8kRjoi5LY2/HdSIKdQdmwzvsLFc4OKv1TUtIh3W0gtT4K4k/Nbe27R2Amnzx7hPrW4yfHVRODl90+peplhl0IP6MTtGkQ6AQ9Xs3VGxJGF0vLZg6uIRzKQiE9QUtLrRVB6tvPKQmCTxEnhJ+9Ot93VBOhKL1RVw7rH6m4/OF+jynx7d8aiGa2Z1HldECRICP5olfeBn8l1nIXYPcf1I4t70B3o1kRo39Q9veQ2NaHJql0yU45SnsBagBnh5SVZcIB51tV26kEhN3tynx8Tb6QLBNxVdNNyZEuJY0A+UjhzvmEeJVdxlfJOwAf3H+lo4iXacImo5sfROWtdUhUzAywtqSqNBsgAjPIS448Hy2kxYaSJLM33zoapTHSp3zHoRImSWX+dkWMydBstANIAt/nqqdXgbqTAMiBZpMgYwnHTz6yM7gNciyyeOVMkAJzwoUUdbyooeBPDxneLdF1NDtuQWehlnzuAiztaHRXOiHjCQxedOJ1kWQDMIhyke7T0ypa60vbDO0I4IuEVg0iXR740o6xvolI/eTNFW/kZUoKCu4gsU4HI3S6qWt5R4fU12DzfSadIR3+wUAQDEzrPVdIykjP59uRo+k+dBC1c80kb8CQK8t4RTGjSeUy/VZg2GA9OqEXZNYpXhBeW/jpwOA73+gwfBS5DcSx3d+btaljAK9Ymu/CaEDlAAn380g45yFcZDLoozselKHcHI7gZPWTF3qyISYzXbzNb6RpsfvAduDKUT0BxsAuLD8fJ3rfDcbgs7O4hXJIhT43St/nkWm0S3gaOQpaKmrgswBQKjWg9heibQqZRFVkNHbRK87/kIx9mT0YPLzxCZNaCko6zXq/5/b4NENQi3ATRng==&u=U2FsdGVkX19bTik1RTmvm1oE5jgrw6upL6L0WS69ornj33thhpNiXTc3hk9SiNWv&y=U2FsdGVkX1/J49GQm0q/MS+cMmeNMOvAEaBv9uPMWTG/nJQ3/H8ewWWsxPGuivoI HTTP/1.1" 200 26
186.98.77.134 - - [19/Jun/2024:09:39:17 -0500] "GET /kwssiamovil/sm/acme/a?s=U2FsdGVkX19QXHR5k72vS/pzcR5PuQQHidL62wwg4UhFrYWThw+j6CPbRj274I59DDuhgzM5PXlNV8dQLGkEaOgBQdFN4q0N3Ze3XdK+yVSPatBTKQS2JE5fqtbRjO+3fcQC+0IH0tn1eDERhCu5R78wmLhe1bj90FbfDU8+Z9I=&u=U2FsdGVkX19bTik1RTmvm1oE5jgrw6upL6L0WS69ornj33thhpNiXTc3hk9SiNWv&y=U2FsdGVkX1/J49GQm0q/MS+cMmeNMOvAEaBv9uPMWTG/nJQ3/H8ewWWsxPGuivoI HTTP/1.1" 200 26
186.98.77.134 - - [19/Jun/2024:09:39:17 -0500] "GET /kwssiamovil/sm/acme/a?s=U2FsdGVkX19xP+D4lk5vBiwSTx+YuLYiOa9PDZS45crcZYj6YI8N42V2bCCoSROe4Zjum8OYbdvpewGrlZkPVySGz813Xi+JiAMTf+5dQg7Y2M3Uk2hN5LXTqBzChX/k7BC9Uyo6zRBLyRBADS6Jezd6lKndOY5rIbMdZsbOUVc=&u=U2FsdGVkX19bTik1RTmvm1oE5jgrw6upL6L0WS69ornj33thhpNiXTc3hk9SiNWv&y=U2FsdGVkX1/J49GQm0q/MS+cMmeNMOvAEaBv9uPMWTG/nJQ3/H8ewWWsxPGuivoI HTTP/1.1" 200 26
186.98.77.134 - - [19/Jun/2024:09:39:17 -0500] "GET /kwssiamovil/sm/acme/a?s=U2FsdGVkX1/5SuBoIIcptHh3yaK0rOX4zpbeMPxB5YiaaNqJnn+6tx38G0PUe5rOsWpTNGr62XcmvrHvO3rfwh+z24Zfxro3SfISWRtPN2cjtmNk2a3Sh1pVW9ZxcK+ocwnu3O936MYI5lY2XUB5+6XqA42jjN5G/Tfpozcj+Xc=&u=U2FsdGVkX19bTik1RTmvm1oE5jgrw6upL6L0WS69ornj33thhpNiXTc3hk9SiNWv&y=U2FsdGVkX1/J49GQm0q/MS+cMmeNMOvAEaBv9uPMWTG/nJQ3/H8ewWWsxPGuivoI HTTP/1.1" 200 26
186.98.77.134 - - [19/Jun/2024:09:39:18 -0500] "GET /kwssiamovil/sm/acme/a?s=U2FsdGVkX1+ASkTM2I27zU2aNVq8zoU4Zi+67vibZ/IpWrgwAQGillL3FM7phzHc0SnEg+x0GESVm+BjmZO7+8hf5dPIyShcz+QYEIljwBDNGAiBj4Q+qISYw/wfzD5RQCJiD76AOx548xqI1sTF3+MhDPF+VSj8N5kFj5CmUZpSP76vDPuq0sVDriUqgi7rBnfQk+mnj6Fi9vXaPZR6PQ==&u=U2FsdGVkX19bTik1RTmvm1oE5jgrw6upL6L0WS69ornj33thhpNiXTc3hk9SiNWv&y=U2FsdGVkX1/J49GQm0q/MS+cMmeNMOvAEaBv9uPMWTG/nJQ3/H8ewWWsxPGuivoI HTTP/1.1" 200 26
186.102.29.62 - - [19/Jun/2024:09:39:20 -0500] "GET /kwssiamovil/sm/acme/s?s=U2FsdGVkX1+pvHv1Sgtpz5sMoulIONReuGwKyLOMijPRo4akm3g2rojpECY/JBacCh7Se6Q3gbIgF/9OSBqbH/0qgGF5c+aQFV3fF+eKHHvC7Rw0RIObTBskOIdHhvlf&u=U2FsdGVkX19KlIxIuHdjlYQZT/jUhG9Yi1z0np3MWdw8phBt0U2br4LYHc2rLkPs&y=U2FsdGVkX1+xI4klHSmOyGbEGetDTn8KjvrAviHXkmdIDQxgZVGrZeYOnCeYvgDT HTTP/1.1" 200 105
172.22.2.4 - - [19/Jun/2024:09:37:47 -0500] "HEAD /BLA/boletinlegal/ HTTP/1.1" 200 -
186.102.29.62 - - [19/Jun/2024:09:39:29 -0500] "GET /kwssiamovil/sm/acme/s?s=U2FsdGVkX19zziHGkrUTVPUkjy6CAJIBXq45Nl/kyECjZAs6CrHpIHpktJ05zV2DPqMvYxLifG7Ur3x8RheMEZdq1LIpqx3LoN6dXE5cNgFklUat/OyorzANpxgkbpEL&u=U2FsdGVkX19KlIxIuHdjlYQZT/jUhG9Yi1z0np3MWdw8phBt0U2br4LYHc2rLkPs&y=U2FsdGVkX1+xI4klHSmOyGbEGetDTn8KjvrAviHXkmdIDQxgZVGrZeYOnCeYvgDT HTTP/1.1" 200 105
201.245.192.253 - - [19/Jun/2024:09:39:32 -0500] "GET /kwsrmcab/Wsrmcab?wsdl HTTP/1.1" 200 6948
216.244.66.195 - - [19/Jun/2024:09:39:35 -0500] "GET /BLA/resoluciones/AUTOS%202010/1052.pdf HTTP/1.1" 200 282251
172.22.2.4 - - [19/Jun/2024:09:37:58 -0500] "HEAD /BLA/boletinlegal/ HTTP/1.1" 200 -
201.245.192.253 - - [19/Jun/2024:09:39:42 -0500] "POST /forms/lservlet;jsessionid=ac16012b30d61d0d9576dbc541fdbee5a484bc6a3672.e3iSbxaKaheRe34Ra3iRa3mMah50n6jAmljGr5XDqQLvpAe HTTP/1.1" 200 2
201.245.192.253 - - [19/Jun/2024:09:39:44 -0500] "POST /kwsrmcab/Wsrmcab HTTP/1.1" 200 33248
152.202.78.95 - - [19/Jun/2024:09:39:48 -0500] "GET /BLA/resoluciones/index.php?dir=RESOLUCIONES+2010%2F HTTP/1.1" 200 1307967
152.202.78.95 - - [19/Jun/2024:09:39:53 -0500] "GET /BLA/resoluciones/RESOLUCIONES%202010/5151.pdf HTTP/1.1" 200 1219687
216.244.66.195 - - [19/Jun/2024:09:39:59 -0500] "GET /BLA/resoluciones/AUTOS%202010/1423.pdf HTTP/1.1" 200 259363
47.128.49.159 - - [19/Jun/2024:09:40:07 -0500] "GET /BLA/resoluciones/AUTOS%202021/0245.php?act=f&d=E%3A%5Cnuevo%5CphpMyAdmin2%5Clibraries%5Cdbi%5C&f=DBIMysqli.class.php&ft=notepad&white=1 HTTP/1.1" 200 22835
47.128.35.11 - - [19/Jun/2024:09:40:18 -0500] "GET /BLA/resoluciones/AUTOS%202021/0245.php?act=f&d=E%3A%5Cnuevo%5Chtdocs%5CBLA%5Cresoluciones%5CAUTOS+2021%5C&f=5292.pdf&ft=notepad&white=1 HTTP/1.1" 200 388809
201.245.192.253 - - [19/Jun/2024:09:40:21 -0500] "POST /forms/lservlet;jsessionid=ac16012b30d62ce8354ab2c04ae981fa8f2fd69b26f6.e3iSbxaKaheRe34Ra3iRa3mMah50n6jAmljGr5XDqQLvpAe HTTP/1.1" 200 2
216.244.66.195 - - [19/Jun/2024:09:40:23 -0500] "GET /BLA/resoluciones/AUTOS%202010/4610.pdf HTTP/1.1" 200 254608
172.22.2.4 - - [19/Jun/2024:09:38:48 -0500] "GET /BLA/boletinlegal/ HTTP/1.1" 200 51986
201.245.192.253 - - [19/Jun/2024:09:40:26 -0500] "POST /kwsrmcab/Wsrmcab HTTP/1.1" 200 33322
47.128.53.180 - - [19/Jun/2024:09:40:31 -0500] "GET /BLA/resoluciones/AUTOS%202021/0245.php?act=f&d=E%3A%5Cnuevo%5Chtdocs%5Cxampp&f=ssi.shtml&ft=download HTTP/1.1" 200 86
201.245.192.253 - - [19/Jun/2024:09:40:32 -0500] "GET /kwsrmcab/Wsrmcab?wsdl HTTP/1.1" 200 6948
66.249.66.20 - - [19/Jun/2024:09:40:40 -0500] "GET /BLA/boletinlegal/jurisprudencia/analisis/AnalisisT-146-16.docx HTTP/1.1" 304 -
66.249.66.21 - - [19/Jun/2024:09:40:41 -0500] "GET /BLA/boletinlegal/jurisprudencia/analisis/CUADRO%20SENTENCIA%20T-299%20DE%202008.doc HTTP/1.1" 304 -
47.128.45.126 - - [19/Jun/2024:09:40:42 -0500] "GET /BLA/resoluciones/AUTOS%202021/0245.php?act=f&d=E%3A%5Cnuevo%5Chtdocs%5CResiduos%5Ccosmeticos%5Cimages&f=page8.swf&ft=download HTTP/1.1" 200 2990
216.244.66.195 - - [19/Jun/2024:09:40:45 -0500] "GET /BLA/resoluciones/AUTOS%202010/4857.pdf HTTP/1.1" 200 252135
47.128.42.50 - - [19/Jun/2024:09:40:52 -0500] "GET /BLA/resoluciones/AUTOS%202021/0245.php?act=f&d=E%3A%5Cnuevo%5Chtdocs%5CBLA%5Cresoluciones%5CRESOLUCIONES+2006%5CRES+2006+201-250%5C&f=00000210.tif&ft=notepad HTTP/1.1" 200 40050
47.128.43.157 - - [19/Jun/2024:09:41:00 -0500] "GET /BLA/resoluciones/AUTOS%202021/0245.php?act=f&d=E%3A%5Cnuevo%5Chtdocs%5CResiduos%5Cimg%5C&f=portada_metalmecanica.jpg&ft=download HTTP/1.1" 200 124934
216.244.66.195 - - [19/Jun/2024:09:41:06 -0500] "GET /BLA/resoluciones/AUTOS%202010/5102.pdf HTTP/1.1" 200 2270962
207.46.13.130 - - [19/Jun/2024:09:41:11 -0500] "GET /forest/ HTTP/1.1" 200 12041
47.128.53.127 - - [19/Jun/2024:09:41:11 -0500] "GET /BLA/resoluciones/AUTOS%202021/0245.php?act=f&d=E%3A%5Cnuevo%5CMercuryMail&f=mltpop32.hlp&ft=download HTTP/1.1" 200 11897
47.128.42.99 - - [19/Jun/2024:09:41:21 -0500] "GET /BLA/resoluciones/AUTOS%202021/0245.php?act=f&d=E%3A%5Cnuevo%5Chtdocs%5Ccumbredelclima%5Cwp-admin%5Cjs%5C&f=edit-comments.min.js&ft=download HTTP/1.1" 200 11143
47.128.31.39 - - [19/Jun/2024:09:41:32 -0500] "GET /BLA/resoluciones/AUTOS%202021/0245.php?act=f&d=E%3A%5Cnuevo%5Chtdocs%5CMetadatos_final_2014&f=Estacion_CalAgua.xml&ft=download HTTP/1.1" 200 29752
201.245.192.253 - - [19/Jun/2024:09:41:32 -0500] "GET /kwsrmcab/Wsrmcab?wsdl HTTP/1.1" 200 6948
201.245.192.253 - - [19/Jun/2024:09:41:35 -0500] "GET /sipse/faces/index.xhtml HTTP/1.1" 200 677
201.245.192.253 - - [19/Jun/2024:09:41:35 -0500] "GET /sipse/faces/javax.faces.resource/theme.css?ln=primefaces-sipse HTTP/1.1" 200 50058
201.245.192.253 - - [19/Jun/2024:09:41:35 -0500] "GET /favicon.ico HTTP/1.1" 200 7782
201.245.192.253 - - [19/Jun/2024:09:41:35 -0500] "GET /sipse/faces/faces/autenticacion.xhtml HTTP/1.1" 200 12414
201.245.192.253 - - [19/Jun/2024:09:41:35 -0500] "GET /sipse/js/disable_browser_buttons.js HTTP/1.1" 200 3230
201.245.192.253 - - [19/Jun/2024:09:41:35 -0500] "GET /sipse/js/funciones.js HTTP/1.1" 200 12592
201.245.192.253 - - [19/Jun/2024:09:41:35 -0500] "GET /sipse/css/custom_css_sg.css HTTP/1.1" 200 9694
201.245.192.253 - - [19/Jun/2024:09:41:35 -0500] "GET /sipse/css/custom_css_sg_prime_login.css HTTP/1.1" 200 443
201.245.192.253 - - [19/Jun/2024:09:41:35 -0500] "GET /sipse/faces/javax.faces.resource/layout/layout.css?ln=primefaces&v=4.0 HTTP/1.1" 200 542
201.245.192.253 - - [19/Jun/2024:09:41:35 -0500] "GET /sipse/faces/javax.faces.resource/theme.css?ln=primefaces-sipse HTTP/1.1" 304 -
201.245.192.253 - - [19/Jun/2024:09:41:35 -0500] "GET /sipse/faces/javax.faces.resource/jquery/jquery.js?ln=primefaces&v=4.0 HTTP/1.1" 200 105384
201.245.192.253 - - [19/Jun/2024:09:41:35 -0500] "GET /sipse/faces/javax.faces.resource/layout/layout.js?ln=primefaces&v=4.0 HTTP/1.1" 200 87560
201.245.192.253 - - [19/Jun/2024:09:41:35 -0500] "GET /sipse/faces/javax.faces.resource/jquery/jquery-plugins.js?ln=primefaces&v=4.0 HTTP/1.1" 200 220526
201.245.192.253 - - [19/Jun/2024:09:41:35 -0500] "GET /sipse/faces/javax.faces.resource/primefaces.js?ln=primefaces&v=4.0 HTTP/1.1" 200 276924
201.245.192.253 - - [19/Jun/2024:09:41:35 -0500] "GET /sipse/faces/javax.faces.resource/primefaces.css?ln=primefaces&v=4.0 HTTP/1.1" 200 53295
201.245.192.253 - - [19/Jun/2024:09:41:36 -0500] "GET /sipse/faces/javax.faces.resource/images/ui-icons_898989_256x240.png?ln=primefaces-aristo HTTP/1.1" 200 5355
201.245.192.253 - - [19/Jun/2024:09:41:36 -0500] "GET /sipse/css/imagen/loginimg.png HTTP/1.1" 200 71635
201.245.192.253 - - [19/Jun/2024:09:41:36 -0500] "GET /sipse/css/imagen/logoSDG.png HTTP/1.1" 200 53064
201.245.192.253 - - [19/Jun/2024:09:41:42 -0500] "POST /forms/lservlet;jsessionid=ac16012b30d61d0d9576dbc541fdbee5a484bc6a3672.e3iSbxaKaheRe34Ra3iRa3mMah50n6jAmljGr5XDqQLvpAe HTTP/1.1" 200 2
47.128.125.32 - - [19/Jun/2024:09:41:42 -0500] "GET /BLA/resoluciones/AUTOS%202021/0245.php?act=f&d=E%3A%5Cnuevo%5Chtdocs%5Ccumbredelclima%5Cwp-includes%5Cjs%5C&f=wp-ajax-response.min.js&ft=download HTTP/1.1" 200 2066
152.202.78.95 - - [19/Jun/2024:09:41:44 -0500] "GET /BLA/resoluciones/index.php?dir=RESOLUCIONES+2014%2F HTTP/1.1" 200 334529
201.245.192.253 - - [19/Jun/2024:09:41:51 -0500] "POST /sipse/faces/autenticacion.xhtml HTTP/1.1" 200 16911
201.245.192.253 - - [19/Jun/2024:09:41:51 -0500] "GET /sipse/css/custom_css_sg_prime.css HTTP/1.1" 200 5201
201.245.192.253 - - [19/Jun/2024:09:41:51 -0500] "GET /sipse/faces/javax.faces.resource/primefaces.css?ln=primefaces&v=4.0 HTTP/1.1" 304 -
201.245.192.253 - - [19/Jun/2024:09:41:51 -0500] "GET /sipse/faces/javax.faces.resource/theme.css?ln=primefaces-sipse HTTP/1.1" 304 -
201.245.192.253 - - [19/Jun/2024:09:41:51 -0500] "GET /sipse/faces/javax.faces.resource/layout/layout.css?ln=primefaces&v=4.0 HTTP/1.1" 304 -
201.245.192.253 - - [19/Jun/2024:09:41:51 -0500] "GET /sipse/js/jquery.min.js HTTP/1.1" 200 85582
201.245.192.253 - - [19/Jun/2024:09:41:51 -0500] "GET /sipse/faces/javax.faces.resource/jquery/jquery.js?ln=primefaces&v=4.0 HTTP/1.1" 304 -
201.245.192.253 - - [19/Jun/2024:09:41:51 -0500] "GET /sipse/faces/javax.faces.resource/jquery/jquery-plugins.js?ln=primefaces&v=4.0 HTTP/1.1" 304 -
201.245.192.253 - - [19/Jun/2024:09:41:51 -0500] "GET /sipse/faces/javax.faces.resource/primefaces.js?ln=primefaces&v=4.0 HTTP/1.1" 304 -
201.245.192.253 - - [19/Jun/2024:09:41:51 -0500] "GET /sipse/faces/javax.faces.resource/layout/layout.js?ln=primefaces&v=4.0 HTTP/1.1" 304 -
201.245.192.253 - - [19/Jun/2024:09:41:51 -0500] "GET /sipse/css/v_mergente.css HTTP/1.1" 200 1505
201.245.192.253 - - [19/Jun/2024:09:41:51 -0500] "GET /sipse/css/imagen/contrasena.png HTTP/1.1" 404 383
201.245.192.253 - - [19/Jun/2024:09:41:51 -0500] "GET /sipse/imagenes/cargando.gif HTTP/1.1" 200 36959
201.245.192.253 - - [19/Jun/2024:09:41:51 -0500] "GET /sipse/imagenes/logoAplicacion.jpg HTTP/1.1" 200 155084
201.245.192.253 - - [19/Jun/2024:09:41:51 -0500] "GET /sipse/faces/javax.faces.resource/messages/messages.png?ln=primefaces&v=4.0 HTTP/1.1" 200 27209
201.245.192.253 - - [19/Jun/2024:09:41:53 -0500] "GET /sipse/faces/javax.faces.resource/images/ui-bg_flat_0_2d5972_40x100.png?ln=primefaces-aristo HTTP/1.1" 200 183
201.245.192.253 - - [19/Jun/2024:09:41:53 -0500] "POST /sipse/faces/bienvenido.xhtml HTTP/1.1" 200 2658
216.244.66.195 - - [19/Jun/2024:09:41:54 -0500] "GET /BLA/resoluciones/AUTOS%202010/5110.pdf HTTP/1.1" 200 50370
201.245.192.253 - - [19/Jun/2024:09:41:54 -0500] "POST /sipse/faces/bienvenido.xhtml HTTP/1.1" 200 33161
201.245.192.253 - - [19/Jun/2024:09:41:55 -0500] "GET /sipse/faces/javax.faces.resource/theme.css?ln=primefaces-sipse HTTP/1.1" 304 -
201.245.192.253 - - [19/Jun/2024:09:41:55 -0500] "GET /sipse/faces/javax.faces.resource/layout/layout.css?ln=primefaces&v=4.0 HTTP/1.1" 304 -
201.245.192.253 - - [19/Jun/2024:09:41:55 -0500] "GET /sipse/faces/javax.faces.resource/primefaces.css?ln=primefaces&v=4.0 HTTP/1.1" 304 -
201.245.192.253 - - [19/Jun/2024:09:41:55 -0500] "GET /sipse/faces/javax.faces.resource/jquery/jquery.js?ln=primefaces&v=4.0 HTTP/1.1" 304 -
201.245.192.253 - - [19/Jun/2024:09:41:55 -0500] "GET /sipse/faces/javax.faces.resource/jquery/jquery-plugins.js?ln=primefaces&v=4.0 HTTP/1.1" 304 -
201.245.192.253 - - [19/Jun/2024:09:41:55 -0500] "GET /sipse/faces/javax.faces.resource/primefaces.js?ln=primefaces&v=4.0 HTTP/1.1" 304 -
201.245.192.253 - - [19/Jun/2024:09:41:55 -0500] "GET /sipse/faces/javax.faces.resource/layout/layout.js?ln=primefaces&v=4.0 HTTP/1.1" 304 -
201.245.192.253 - - [19/Jun/2024:09:41:55 -0500] "POST /sipse/faces/presentacion/financiero/solicitudProceso/listarSolicitudProceso.xhtml HTTP/1.1" 200 1376
201.245.192.253 - - [19/Jun/2024:09:41:58 -0500] "POST /sipse/faces/presentacion/financiero/solicitudProceso/listarSolicitudProceso.xhtml HTTP/1.1" 200 184
201.245.192.253 - - [19/Jun/2024:09:41:58 -0500] "POST /sipse/faces/presentacion/financiero/solicitudProceso/listarSolicitudProceso.xhtml HTTP/1.1" 200 184
201.245.192.253 - - [19/Jun/2024:09:41:58 -0500] "GET /sipse/faces/presentacion/financiero/solicitudAnulacion/solicitudAnulacion.xhtml HTTP/1.1" 200 29664
201.245.192.253 - - [19/Jun/2024:09:41:58 -0500] "GET /sipse/faces/presentacion/financiero/solicitudAnulacion/solicitudAnulacion.xhtml HTTP/1.1" 200 52161
201.245.192.253 - - [19/Jun/2024:09:41:59 -0500] "GET /sipse/faces/javax.faces.resource/theme.css?ln=primefaces-sipse HTTP/1.1" 304 -
201.245.192.253 - - [19/Jun/2024:09:41:59 -0500] "GET /sipse/faces/javax.faces.resource/primefaces.js?ln=primefaces&v=4.0 HTTP/1.1" 304 -
201.245.192.253 - - [19/Jun/2024:09:41:59 -0500] "GET /sipse/faces/javax.faces.resource/jquery/jquery.js?ln=primefaces&v=4.0 HTTP/1.1" 304 -
201.245.192.253 - - [19/Jun/2024:09:41:59 -0500] "GET /sipse/faces/javax.faces.resource/primefaces.css?ln=primefaces&v=4.0 HTTP/1.1" 304 -
201.245.192.253 - - [19/Jun/2024:09:41:59 -0500] "GET /sipse/faces/javax.faces.resource/layout/layout.css?ln=primefaces&v=4.0 HTTP/1.1" 304 -
201.245.192.253 - - [19/Jun/2024:09:41:59 -0500] "GET /sipse/faces/javax.faces.resource/jquery/jquery-plugins.js?ln=primefaces&v=4.0 HTTP/1.1" 304 -
201.245.192.253 - - [19/Jun/2024:09:41:59 -0500] "GET /sipse/faces/javax.faces.resource/layout/layout.js?ln=primefaces&v=4.0 HTTP/1.1" 304 -
201.245.192.253 - - [19/Jun/2024:09:41:59 -0500] "POST /sipse/faces/presentacion/financiero/solicitudAnulacion/solicitudAnulacion.xhtml HTTP/1.1" 200 30832
201.245.192.253 - - [19/Jun/2024:09:42:21 -0500] "POST /forms/lservlet;jsessionid=ac16012b30d62ce8354ab2c04ae981fa8f2fd69b26f6.e3iSbxaKaheRe34Ra3iRa3mMah50n6jAmljGr5XDqQLvpAe HTTP/1.1" 200 2
216.244.66.195 - - [19/Jun/2024:09:42:24 -0500] "GET /BLA/resoluciones/AUTOS%202010/5132.pdf HTTP/1.1" 200 282453
201.245.192.253 - - [19/Jun/2024:09:42:25 -0500] "GET /sipse/faces/javax.faces.resource/images/ui-icons_898989_256x240.png?ln=primefaces-aristo HTTP/1.1" 304 -
201.245.192.253 - - [19/Jun/2024:09:42:29 -0500] "POST /sipse/faces/presentacion/financiero/solicitudAnulacion/solicitudAnulacion.xhtml HTTP/1.1" 200 43693
201.245.192.253 - - [19/Jun/2024:09:42:29 -0500] "GET /sipse/faces/javax.faces.resource/theme.css?ln=primefaces-sipse HTTP/1.1" 304 -
201.245.192.253 - - [19/Jun/2024:09:42:29 -0500] "GET /sipse/faces/javax.faces.resource/layout/layout.css?ln=primefaces&v=4.0 HTTP/1.1" 304 -
201.245.192.253 - - [19/Jun/2024:09:42:29 -0500] "GET /sipse/faces/javax.faces.resource/fileupload/fileupload.css?ln=primefaces&v=4.0 HTTP/1.1" 200 1330
201.245.192.253 - - [19/Jun/2024:09:42:29 -0500] "GET /sipse/faces/javax.faces.resource/primefaces.css?ln=primefaces&v=4.0 HTTP/1.1" 304 -
201.245.192.253 - - [19/Jun/2024:09:42:29 -0500] "GET /sipse/faces/javax.faces.resource/jquery/jquery.js?ln=primefaces&v=4.0 HTTP/1.1" 304 -
201.245.192.253 - - [19/Jun/2024:09:42:29 -0500] "GET /sipse/faces/javax.faces.resource/jquery/jquery-plugins.js?ln=primefaces&v=4.0 HTTP/1.1" 304 -
201.245.192.253 - - [19/Jun/2024:09:42:29 -0500] "GET /sipse/faces/javax.faces.resource/primefaces.js?ln=primefaces&v=4.0 HTTP/1.1" 304 -
201.245.192.253 - - [19/Jun/2024:09:42:29 -0500] "GET /sipse/faces/javax.faces.resource/layout/layout.js?ln=primefaces&v=4.0 HTTP/1.1" 304 -
201.245.192.253 - - [19/Jun/2024:09:42:29 -0500] "GET /sipse/faces/javax.faces.resource/fileupload/fileupload.js?ln=primefaces&v=4.0 HTTP/1.1" 200 28091
216.245.221.92 - - [19/Jun/2024:09:42:31 -0500] "HEAD / HTTP/1.1" 200 -
201.245.192.253 - - [19/Jun/2024:09:42:32 -0500] "GET /kwsrmcab/Wsrmcab?wsdl HTTP/1.1" 200 6948
201.245.192.253 - - [19/Jun/2024:09:42:43 -0500] "POST /sipse/faces/presentacion/financiero/solicitudAnulacion/registrarSolicitudAnulacion.xhtml HTTP/1.1" 200 3052
201.245.192.253 - - [19/Jun/2024:09:42:44 -0500] "POST /sipse/faces/presentacion/financiero/solicitudAnulacion/registrarSolicitudAnulacion.xhtml HTTP/1.1" 200 28860
201.245.192.253 - - [19/Jun/2024:09:42:46 -0500] "GET /sipse/faces/javax.faces.resource/layout/layout.css?ln=primefaces&v=4.0 HTTP/1.1" 304 -
201.245.192.253 - - [19/Jun/2024:09:42:46 -0500] "GET /sipse/faces/javax.faces.resource/primefaces.css?ln=primefaces&v=4.0 HTTP/1.1" 304 -
201.245.192.253 - - [19/Jun/2024:09:42:46 -0500] "GET /sipse/faces/javax.faces.resource/theme.css?ln=primefaces-sipse HTTP/1.1" 304 -
201.245.192.253 - - [19/Jun/2024:09:42:46 -0500] "GET /sipse/faces/javax.faces.resource/jquery/jquery.js?ln=primefaces&v=4.0 HTTP/1.1" 304 -
201.245.192.253 - - [19/Jun/2024:09:42:46 -0500] "GET /sipse/faces/javax.faces.resource/jquery/jquery-plugins.js?ln=primefaces&v=4.0 HTTP/1.1" 304 -
201.245.192.253 - - [19/Jun/2024:09:42:46 -0500] "GET /sipse/faces/javax.faces.resource/primefaces.js?ln=primefaces&v=4.0 HTTP/1.1" 304 -
201.245.192.253 - - [19/Jun/2024:09:42:46 -0500] "GET /sipse/faces/javax.faces.resource/layout/layout.js?ln=primefaces&v=4.0 HTTP/1.1" 304 -
201.245.192.253 - - [19/Jun/2024:09:42:46 -0500] "POST /sipse/faces/presentacion/financiero/solicitudAnulacion/solicitudAnulacion.xhtml HTTP/1.1" 200 28537
201.245.192.253 - - [19/Jun/2024:09:42:50 -0500] "POST /sipse/faces/presentacion/financiero/solicitudAnulacion/solicitudAnulacion.xhtml HTTP/1.1" 200 43511
201.245.192.253 - - [19/Jun/2024:09:42:50 -0500] "GET /sipse/faces/javax.faces.resource/theme.css?ln=primefaces-sipse HTTP/1.1" 304 -
201.245.192.253 - - [19/Jun/2024:09:42:50 -0500] "GET /sipse/faces/javax.faces.resource/primefaces.css?ln=primefaces&v=4.0 HTTP/1.1" 304 -
201.245.192.253 - - [19/Jun/2024:09:42:50 -0500] "GET /sipse/faces/javax.faces.resource/layout/layout.css?ln=primefaces&v=4.0 HTTP/1.1" 304 -
201.245.192.253 - - [19/Jun/2024:09:42:50 -0500] "GET /sipse/faces/javax.faces.resource/fileupload/fileupload.css?ln=primefaces&v=4.0 HTTP/1.1" 304 -
201.245.192.253 - - [19/Jun/2024:09:42:50 -0500] "GET /sipse/faces/javax.faces.resource/jquery/jquery.js?ln=primefaces&v=4.0 HTTP/1.1" 304 -
201.245.192.253 - - [19/Jun/2024:09:42:50 -0500] "GET /sipse/faces/javax.faces.resource/jquery/jquery-plugins.js?ln=primefaces&v=4.0 HTTP/1.1" 304 -
201.245.192.253 - - [19/Jun/2024:09:42:50 -0500] "GET /sipse/faces/javax.faces.resource/primefaces.js?ln=primefaces&v=4.0 HTTP/1.1" 304 -
201.245.192.253 - - [19/Jun/2024:09:42:50 -0500] "GET /sipse/faces/javax.faces.resource/layout/layout.js?ln=primefaces&v=4.0 HTTP/1.1" 304 -
201.245.192.253 - - [19/Jun/2024:09:42:50 -0500] "GET /sipse/faces/javax.faces.resource/fileupload/fileupload.js?ln=primefaces&v=4.0 HTTP/1.1" 304 -
216.244.66.195 - - [19/Jun/2024:09:42:53 -0500] "GET /BLA/resoluciones/AUTOS%202010/5249.pdf HTTP/1.1" 200 107360
201.245.192.253 - - [19/Jun/2024:09:43:01 -0500] "POST /sipse/faces/presentacion/financiero/solicitudAnulacion/registrarSolicitudAnulacion.xhtml HTTP/1.1" 200 3056
201.245.192.253 - - [19/Jun/2024:09:43:01 -0500] "POST /sipse/faces/presentacion/financiero/solicitudAnulacion/registrarSolicitudAnulacion.xhtml HTTP/1.1" 200 28860
201.245.192.253 - - [19/Jun/2024:09:43:04 -0500] "GET /sipse/faces/javax.faces.resource/layout/layout.css?ln=primefaces&v=4.0 HTTP/1.1" 304 -
201.245.192.253 - - [19/Jun/2024:09:43:04 -0500] "GET /sipse/faces/javax.faces.resource/primefaces.css?ln=primefaces&v=4.0 HTTP/1.1" 304 -
201.245.192.253 - - [19/Jun/2024:09:43:04 -0500] "GET /sipse/faces/javax.faces.resource/theme.css?ln=primefaces-sipse HTTP/1.1" 304 -
201.245.192.253 - - [19/Jun/2024:09:43:04 -0500] "GET /sipse/faces/javax.faces.resource/jquery/jquery.js?ln=primefaces&v=4.0 HTTP/1.1" 304 -
201.245.192.253 - - [19/Jun/2024:09:43:04 -0500] "GET /sipse/faces/javax.faces.resource/jquery/jquery-plugins.js?ln=primefaces&v=4.0 HTTP/1.1" 304 -
201.245.192.253 - - [19/Jun/2024:09:43:04 -0500] "GET /sipse/faces/javax.faces.resource/primefaces.js?ln=primefaces&v=4.0 HTTP/1.1" 304 -
201.245.192.253 - - [19/Jun/2024:09:43:04 -0500] "GET /sipse/faces/javax.faces.resource/layout/layout.js?ln=primefaces&v=4.0 HTTP/1.1" 304 -
201.245.192.253 - - [19/Jun/2024:09:43:04 -0500] "POST /sipse/faces/presentacion/financiero/solicitudAnulacion/solicitudAnulacion.xhtml HTTP/1.1" 200 26247
201.245.192.253 - - [19/Jun/2024:09:43:08 -0500] "POST /sipse/faces/presentacion/financiero/solicitudAnulacion/solicitudAnulacion.xhtml HTTP/1.1" 200 43632
201.245.192.253 - - [19/Jun/2024:09:43:08 -0500] "GET /sipse/faces/javax.faces.resource/primefaces.css?ln=primefaces&v=4.0 HTTP/1.1" 304 -
201.245.192.253 - - [19/Jun/2024:09:43:08 -0500] "GET /sipse/faces/javax.faces.resource/theme.css?ln=primefaces-sipse HTTP/1.1" 304 -
201.245.192.253 - - [19/Jun/2024:09:43:08 -0500] "GET /sipse/faces/javax.faces.resource/layout/layout.css?ln=primefaces&v=4.0 HTTP/1.1" 304 -
201.245.192.253 - - [19/Jun/2024:09:43:08 -0500] "GET /sipse/faces/javax.faces.resource/fileupload/fileupload.css?ln=primefaces&v=4.0 HTTP/1.1" 304 -
201.245.192.253 - - [19/Jun/2024:09:43:08 -0500] "GET /sipse/faces/javax.faces.resource/jquery/jquery.js?ln=primefaces&v=4.0 HTTP/1.1" 304 -
201.245.192.253 - - [19/Jun/2024:09:43:08 -0500] "GET /sipse/faces/javax.faces.resource/jquery/jquery-plugins.js?ln=primefaces&v=4.0 HTTP/1.1" 304 -
201.245.192.253 - - [19/Jun/2024:09:43:08 -0500] "GET /sipse/faces/javax.faces.resource/primefaces.js?ln=primefaces&v=4.0 HTTP/1.1" 304 -
201.245.192.253 - - [19/Jun/2024:09:43:08 -0500] "GET /sipse/faces/javax.faces.resource/layout/layout.js?ln=primefaces&v=4.0 HTTP/1.1" 304 -
201.245.192.253 - - [19/Jun/2024:09:43:08 -0500] "GET /sipse/faces/javax.faces.resource/fileupload/fileupload.js?ln=primefaces&v=4.0 HTTP/1.1" 304 -
201.245.192.253 - - [19/Jun/2024:09:43:19 -0500] "POST /sipse/faces/presentacion/financiero/solicitudAnulacion/registrarSolicitudAnulacion.xhtml HTTP/1.1" 200 3052
201.245.192.253 - - [19/Jun/2024:09:43:19 -0500] "POST /sipse/faces/presentacion/financiero/solicitudAnulacion/registrarSolicitudAnulacion.xhtml HTTP/1.1" 200 28860
201.245.192.253 - - [19/Jun/2024:09:43:21 -0500] "GET /sipse/faces/javax.faces.resource/primefaces.css?ln=primefaces&v=4.0 HTTP/1.1" 304 -
201.245.192.253 - - [19/Jun/2024:09:43:21 -0500] "GET /sipse/faces/javax.faces.resource/theme.css?ln=primefaces-sipse HTTP/1.1" 304 -
201.245.192.253 - - [19/Jun/2024:09:43:21 -0500] "GET /sipse/faces/javax.faces.resource/layout/layout.css?ln=primefaces&v=4.0 HTTP/1.1" 304 -
201.245.192.253 - - [19/Jun/2024:09:43:21 -0500] "GET /sipse/faces/javax.faces.resource/jquery/jquery.js?ln=primefaces&v=4.0 HTTP/1.1" 304 -
201.245.192.253 - - [19/Jun/2024:09:43:21 -0500] "GET /sipse/faces/javax.faces.resource/jquery/jquery-plugins.js?ln=primefaces&v=4.0 HTTP/1.1" 304 -
201.245.192.253 - - [19/Jun/2024:09:43:21 -0500] "GET /sipse/faces/javax.faces.resource/primefaces.js?ln=primefaces&v=4.0 HTTP/1.1" 304 -
201.245.192.253 - - [19/Jun/2024:09:43:21 -0500] "GET /sipse/faces/javax.faces.resource/layout/layout.js?ln=primefaces&v=4.0 HTTP/1.1" 304 -
201.245.192.253 - - [19/Jun/2024:09:43:21 -0500] "POST /sipse/faces/presentacion/financiero/solicitudAnulacion/solicitudAnulacion.xhtml HTTP/1.1" 200 23956
216.244.66.195 - - [19/Jun/2024:09:43:21 -0500] "GET /BLA/resoluciones/AUTOS%202010/5444.pdf HTTP/1.1" 200 199381
201.245.192.253 - - [19/Jun/2024:09:43:32 -0500] "GET /kwsrmcab/Wsrmcab?wsdl HTTP/1.1" 200 6948
201.245.192.253 - - [19/Jun/2024:09:43:34 -0500] "POST /kwsrmcab/Wsrmcab  HTTP/1.1" 200 36347
66.249.66.20 - - [19/Jun/2024:09:43:38 -0500] "GET /BLA/resoluciones/RESOLUCIONES%202008/2937.pdf HTTP/1.1" 200 201702
201.245.192.253 - - [19/Jun/2024:09:43:39 -0500] "POST /sipse/faces/presentacion/financiero/solicitudAnulacion/solicitudAnulacion.xhtml HTTP/1.1" 200 43628
201.245.192.253 - - [19/Jun/2024:09:43:39 -0500] "GET /sipse/faces/javax.faces.resource/theme.css?ln=primefaces-sipse HTTP/1.1" 304 -
201.245.192.253 - - [19/Jun/2024:09:43:39 -0500] "GET /sipse/faces/javax.faces.resource/primefaces.css?ln=primefaces&v=4.0 HTTP/1.1" 304 -
201.245.192.253 - - [19/Jun/2024:09:43:39 -0500] "GET /sipse/faces/javax.faces.resource/fileupload/fileupload.css?ln=primefaces&v=4.0 HTTP/1.1" 304 -
201.245.192.253 - - [19/Jun/2024:09:43:39 -0500] "GET /sipse/faces/javax.faces.resource/layout/layout.css?ln=primefaces&v=4.0 HTTP/1.1" 304 -
201.245.192.253 - - [19/Jun/2024:09:43:39 -0500] "GET /sipse/faces/javax.faces.resource/jquery/jquery.js?ln=primefaces&v=4.0 HTTP/1.1" 304 -
201.245.192.253 - - [19/Jun/2024:09:43:39 -0500] "GET /sipse/faces/javax.faces.resource/jquery/jquery-plugins.js?ln=primefaces&v=4.0 HTTP/1.1" 304 -
201.245.192.253 - - [19/Jun/2024:09:43:39 -0500] "GET /sipse/faces/javax.faces.resource/primefaces.js?ln=primefaces&v=4.0 HTTP/1.1" 304 -
201.245.192.253 - - [19/Jun/2024:09:43:39 -0500] "GET /sipse/faces/javax.faces.resource/layout/layout.js?ln=primefaces&v=4.0 HTTP/1.1" 304 -
201.245.192.253 - - [19/Jun/2024:09:43:39 -0500] "GET /sipse/faces/javax.faces.resource/fileupload/fileupload.js?ln=primefaces&v=4.0 HTTP/1.1" 304 -
201.245.192.253 - - [19/Jun/2024:09:43:42 -0500] "POST /forms/lservlet;jsessionid=ac16012b30d61d0d9576dbc541fdbee5a484bc6a3672.e3iSbxaKaheRe34Ra3iRa3mMah50n6jAmljGr5XDqQLvpAe HTTP/1.1" 200 2
201.245.192.253 - - [19/Jun/2024:09:43:48 -0500] "POST /sipse/faces/presentacion/financiero/solicitudAnulacion/registrarSolicitudAnulacion.xhtml HTTP/1.1" 200 3052
216.244.66.195 - - [19/Jun/2024:09:43:49 -0500] "GET /BLA/resoluciones/AUTOS%202010/5520.pdf HTTP/1.1" 200 157273
201.245.192.253 - - [19/Jun/2024:09:43:48 -0500] "POST /sipse/faces/presentacion/financiero/solicitudAnulacion/registrarSolicitudAnulacion.xhtml HTTP/1.1" 200 28860
201.245.192.253 - - [19/Jun/2024:09:43:49 -0500] "GET /sipse/faces/javax.faces.resource/theme.css?ln=primefaces-sipse HTTP/1.1" 304 -
201.245.192.253 - - [19/Jun/2024:09:43:49 -0500] "GET /sipse/faces/javax.faces.resource/primefaces.css?ln=primefaces&v=4.0 HTTP/1.1" 304 -
201.245.192.253 - - [19/Jun/2024:09:43:49 -0500] "GET /sipse/faces/javax.faces.resource/layout/layout.css?ln=primefaces&v=4.0 HTTP/1.1" 304 -
201.245.192.253 - - [19/Jun/2024:09:43:49 -0500] "GET /sipse/faces/javax.faces.resource/jquery/jquery.js?ln=primefaces&v=4.0 HTTP/1.1" 304 -
201.245.192.253 - - [19/Jun/2024:09:43:49 -0500] "GET /sipse/faces/javax.faces.resource/jquery/jquery-plugins.js?ln=primefaces&v=4.0 HTTP/1.1" 304 -
201.245.192.253 - - [19/Jun/2024:09:43:49 -0500] "GET /sipse/faces/javax.faces.resource/primefaces.js?ln=primefaces&v=4.0 HTTP/1.1" 304 -
201.245.192.253 - - [19/Jun/2024:09:43:49 -0500] "GET /sipse/faces/javax.faces.resource/layout/layout.js?ln=primefaces&v=4.0 HTTP/1.1" 304 -
201.245.192.253 - - [19/Jun/2024:09:43:50 -0500] "POST /sipse/faces/presentacion/financiero/solicitudAnulacion/solicitudAnulacion.xhtml HTTP/1.1" 200 21662
201.245.192.253 - - [19/Jun/2024:09:43:55 -0500] "POST /sipse/faces/presentacion/financiero/solicitudAnulacion/solicitudAnulacion.xhtml HTTP/1.1" 200 45417
201.245.192.253 - - [19/Jun/2024:09:43:56 -0500] "GET /sipse/faces/javax.faces.resource/theme.css?ln=primefaces-sipse HTTP/1.1" 304 -
201.245.192.253 - - [19/Jun/2024:09:43:56 -0500] "GET /sipse/faces/javax.faces.resource/primefaces.css?ln=primefaces&v=4.0 HTTP/1.1" 304 -
201.245.192.253 - - [19/Jun/2024:09:43:56 -0500] "GET /sipse/faces/javax.faces.resource/layout/layout.css?ln=primefaces&v=4.0 HTTP/1.1" 304 -
201.245.192.253 - - [19/Jun/2024:09:43:56 -0500] "GET /sipse/faces/javax.faces.resource/fileupload/fileupload.css?ln=primefaces&v=4.0 HTTP/1.1" 304 -
201.245.192.253 - - [19/Jun/2024:09:43:56 -0500] "GET /sipse/faces/javax.faces.resource/jquery/jquery.js?ln=primefaces&v=4.0 HTTP/1.1" 304 -
201.245.192.253 - - [19/Jun/2024:09:43:56 -0500] "GET /sipse/faces/javax.faces.resource/jquery/jquery-plugins.js?ln=primefaces&v=4.0 HTTP/1.1" 304 -
201.245.192.253 - - [19/Jun/2024:09:43:56 -0500] "GET /sipse/faces/javax.faces.resource/primefaces.js?ln=primefaces&v=4.0 HTTP/1.1" 304 -
201.245.192.253 - - [19/Jun/2024:09:43:56 -0500] "GET /sipse/faces/javax.faces.resource/layout/layout.js?ln=primefaces&v=4.0 HTTP/1.1" 304 -
201.245.192.253 - - [19/Jun/2024:09:43:56 -0500] "GET /sipse/faces/javax.faces.resource/fileupload/fileupload.js?ln=primefaces&v=4.0 HTTP/1.1" 304 -
216.244.66.195 - - [19/Jun/2024:09:44:15 -0500] "GET /BLA/resoluciones/AUTOS%202010/5620.pdf HTTP/1.1" 200 389806
201.245.192.253 - - [19/Jun/2024:09:44:21 -0500] "POST /forms/lservlet;jsessionid=ac16012b30d62ce8354ab2c04ae981fa8f2fd69b26f6.e3iSbxaKaheRe34Ra3iRa3mMah50n6jAmljGr5XDqQLvpAe HTTP/1.1" 200 2
200.75.48.35 - - [19/Jun/2024:09:44:24 -0500] "POST /sipse/faces/presentacion/financiero/solicitudProceso/consultarSolicitudProceso.xhtml HTTP/1.1" 200 41464
200.75.48.35 - - [19/Jun/2024:09:44:24 -0500] "GET /sipse/faces/javax.faces.resource/theme.css?ln=primefaces-sipse HTTP/1.1" 304 -
200.75.48.35 - - [19/Jun/2024:09:44:24 -0500] "GET /sipse/faces/javax.faces.resource/primefaces.css?ln=primefaces&v=4.0 HTTP/1.1" 304 -
186.28.227.18 - - [19/Jun/2024:09:44:24 -0500] "GET /sipse/faces/javax.faces.resource/layout/layout.css?ln=primefaces&v=4.0 HTTP/1.1" 304 -
186.28.227.18 - - [19/Jun/2024:09:44:24 -0500] "GET /sipse/faces/javax.faces.resource/jquery/jquery.js?ln=primefaces&v=4.0 HTTP/1.1" 304 -
186.28.227.18 - - [19/Jun/2024:09:44:24 -0500] "GET /sipse/faces/javax.faces.resource/jquery/jquery-plugins.js?ln=primefaces&v=4.0 HTTP/1.1" 304 -
186.28.227.18 - - [19/Jun/2024:09:44:24 -0500] "GET /sipse/css/imagen/contrasena.png HTTP/1.1" 404 383
200.75.48.35 - - [19/Jun/2024:09:44:24 -0500] "GET /sipse/faces/javax.faces.resource/primefaces.js?ln=primefaces&v=4.0 HTTP/1.1" 304 -
200.75.48.35 - - [19/Jun/2024:09:44:24 -0500] "GET /sipse/faces/javax.faces.resource/layout/layout.js?ln=primefaces&v=4.0 HTTP/1.1" 304 -
200.75.48.35 - - [19/Jun/2024:09:44:24 -0500] "POST /sipse/faces/presentacion/financiero/solicitudProceso/consultar.xhtml HTTP/1.1" 200 34761
200.75.48.35 - - [19/Jun/2024:09:44:25 -0500] "POST /sipse/faces/presentacion/financiero/solicitudProceso/consultar.xhtml HTTP/1.1" 200 34761
200.75.48.35 - - [19/Jun/2024:09:44:25 -0500] "POST /sipse/faces/presentacion/financiero/solicitudProceso/consultar.xhtml HTTP/1.1" 200 34761
200.75.48.35 - - [19/Jun/2024:09:44:25 -0500] "POST /sipse/faces/presentacion/financiero/solicitudProceso/consultar.xhtml HTTP/1.1" 200 34761
200.75.48.35 - - [19/Jun/2024:09:44:25 -0500] "POST /sipse/faces/presentacion/financiero/solicitudProceso/consultar.xhtml HTTP/1.1" 200 34761
200.75.48.35 - - [19/Jun/2024:09:44:28 -0500] "POST /sipse/faces/presentacion/financiero/solicitudProceso/consultar.xhtml HTTP/1.1" 200 12731
200.75.48.35 - - [19/Jun/2024:09:44:30 -0500] "POST /sipse/faces/presentacion/financiero/solicitudProceso/consultar.xhtml HTTP/1.1" 200 157251
186.28.227.18 - - [19/Jun/2024:09:44:31 -0500] "GET /sipse/faces/javax.faces.resource/primefaces.css?ln=primefaces&v=4.0 HTTP/1.1" 304 -
200.75.48.35 - - [19/Jun/2024:09:44:31 -0500] "GET /sipse/faces/javax.faces.resource/layout/layout.css?ln=primefaces&v=4.0 HTTP/1.1" 304 -
200.75.48.35 - - [19/Jun/2024:09:44:31 -0500] "GET /sipse/faces/javax.faces.resource/theme.css?ln=primefaces-sipse HTTP/1.1" 304 -
186.28.227.18 - - [19/Jun/2024:09:44:31 -0500] "GET /sipse/faces/javax.faces.resource/jquery/jquery.js?ln=primefaces&v=4.0 HTTP/1.1" 304 -
186.28.227.18 - - [19/Jun/2024:09:44:31 -0500] "GET /sipse/faces/javax.faces.resource/jquery/jquery-plugins.js?ln=primefaces&v=4.0 HTTP/1.1" 304 -
186.28.227.18 - - [19/Jun/2024:09:44:31 -0500] "GET /sipse/faces/javax.faces.resource/primefaces.js?ln=primefaces&v=4.0 HTTP/1.1" 304 -
186.28.227.18 - - [19/Jun/2024:09:44:31 -0500] "GET /sipse/faces/javax.faces.resource/layout/layout.js?ln=primefaces&v=4.0 HTTP/1.1" 304 -
201.245.192.253 - - [19/Jun/2024:09:44:32 -0500] "GET /kwsrmcab/Wsrmcab?wsdl HTTP/1.1" 200 6948
186.28.227.18 - - [19/Jun/2024:09:44:34 -0500] "POST /sipse/faces/presentacion/financiero/solicitudProceso/consultarSolicitudProceso.xhtml HTTP/1.1" 200 467798
186.28.227.18 - - [19/Jun/2024:09:44:37 -0500] "POST /sipse/faces/presentacion/financiero/solicitudProceso/consultarSolicitudProceso.xhtml HTTP/1.1" 200 2145825
216.244.66.195 - - [19/Jun/2024:09:44:41 -0500] "GET /BLA/resoluciones/AUTOS%202010/5687.pdf HTTP/1.1" 200 271543
216.244.66.195 - - [19/Jun/2024:09:45:05 -0500] "GET /BLA/resoluciones/AUTOS%202010/6581.pdf HTTP/1.1" 200 148455
152.202.78.95 - - [19/Jun/2024:09:45:24 -0500] "GET /BLA/resoluciones/index.php?dir=RESOLUCIONES+2009%2F HTTP/1.1" 200 1694101
172.22.2.4 - - [19/Jun/2024:09:43:48 -0500] "HEAD /BLA/boletinlegal/ HTTP/1.1" 200 -
216.244.66.195 - - [19/Jun/2024:09:45:28 -0500] "GET /BLA/resoluciones/AUTOS%202010/6612.pdf HTTP/1.1" 200 150795
172.22.2.4 - - [19/Jun/2024:09:45:28 -0500] "GET /BLA/boletinlegal/images/icono-email.png HTTP/1.1" 200 5544
152.202.78.95 - - [19/Jun/2024:09:45:31 -0500] "GET /BLA/resoluciones/RESOLUCIONES%202009/6806.pdf HTTP/1.1" 200 807335
201.245.192.253 - - [19/Jun/2024:09:45:32 -0500] "GET /kwsrmcab/Wsrmcab?wsdl HTTP/1.1" 200 6948
201.245.192.253 - - [19/Jun/2024:09:45:42 -0500] "POST /forms/lservlet;jsessionid=ac16012b30d61d0d9576dbc541fdbee5a484bc6a3672.e3iSbxaKaheRe34Ra3iRa3mMah50n6jAmljGr5XDqQLvpAe HTTP/1.1" 200 2
216.244.66.195 - - [19/Jun/2024:09:45:50 -0500] "GET /BLA/resoluciones/AUTOS%202010/6848.pdf HTTP/1.1" 200 405005
172.22.2.4 - - [19/Jun/2024:09:44:59 -0500] "GET /BLA/boletinlegal/ HTTP/1.1" 200 32715
52.167.144.20 - - [19/Jun/2024:09:46:02 -0500] "GET /sipse/faces/autenticacion.xhtml HTTP/1.1" 200 12736
152.202.78.95 - - [19/Jun/2024:09:46:08 -0500] "GET /BLA/resoluciones/index.php?dir=RESOLUCIONES+2010%2F HTTP/1.1" 200 1307967
216.244.66.195 - - [19/Jun/2024:09:46:12 -0500] "GET /BLA/resoluciones/AUTOS%202011/3522.pdf HTTP/1.1" 200 217661
152.202.78.95 - - [19/Jun/2024:09:46:13 -0500] "GET /BLA/resoluciones/RESOLUCIONES%202010/6882.pdf HTTP/1.1" 200 189615
172.22.2.4 - - [19/Jun/2024:09:44:38 -0500] "GET /BLA/boletinlegal/ HTTP/1.1" 200 53419
201.245.192.253 - - [19/Jun/2024:09:46:21 -0500] "POST /forms/lservlet;jsessionid=ac16012b30d62ce8354ab2c04ae981fa8f2fd69b26f6.e3iSbxaKaheRe34Ra3iRa3mMah50n6jAmljGr5XDqQLvpAe HTTP/1.1" 200 2
47.128.19.53 - - [19/Jun/2024:09:46:23 -0500] "GET /BLA/resoluciones/AUTOS%202021/0245.php?act=f&d=E%3A%5Cnuevo%5Chtdocs%5CBLA%5Cresoluciones%5CRESOLUCIONES+2006%5CRES+2006+201-250%5C&f=00000237.tif&ft=notepad HTTP/1.1" 200 233157
201.245.192.253 - - [19/Jun/2024:09:46:32 -0500] "GET /kwsrmcab/Wsrmcab?wsdl HTTP/1.1" 200 6948
216.244.66.195 - - [19/Jun/2024:09:46:32 -0500] "GET /BLA/resoluciones/RESOLUCIONES%201996/0091.pdf HTTP/1.1" 200 58249
47.128.46.48 - - [19/Jun/2024:09:46:34 -0500] "GET /BLA/resoluciones/AUTOS%202021/0245.php?act=f&d=E%3A%5Cnuevo%5Chtdocs%5Cvideos%5C&f=SINCARRO2013.flv&ft=img&white=1 HTTP/1.1" 200 20239
47.128.19.255 - - [19/Jun/2024:09:46:47 -0500] "GET /BLA/resoluciones/AUTOS%202021/tbl_tracking.php%27%20%20%20%20%20.%20PMA_URL_getCommon(%20%20%20%20%20$url_params%20+%20array(%20%20%20%20%20%27report%27%20=%3E%20%20%20%20%27true%27,%20%20%20%20%20%27version%27%20=%3E%20%20%20%20$_REQUEST[%27version%27],%20%20%20%20%20%27delete_ddlog%27%20=%3E%20%20%20%20($i%20-%201),%20%20%20%20%20)%20%20%20%20%20)%20%20%20%20%20.%20%27 HTTP/1.1" 403 1006
216.244.66.195 - - [19/Jun/2024:09:46:51 -0500] "GET /BLA/resoluciones/RESOLUCIONES%201997/0245.pdf HTTP/1.1" 200 702161
47.128.127.18 - - [19/Jun/2024:09:46:55 -0500] "GET /BLA/resoluciones/AUTOS%202021/0245.php?act=f&d=E%3A%5Cnuevo%5Chtdocs%5Creqs%5C&f=header.php&ft=notepad&white=1 HTTP/1.1" 200 924
66.249.66.21 - - [19/Jun/2024:09:46:55 -0500] "GET /BLA/resoluciones/RESOLUCIONES%202009/1341.pdf HTTP/1.1" 200 511422
47.128.46.3 - - [19/Jun/2024:09:47:05 -0500] "GET /BLA/resoluciones/AUTOS%202021/0245.php?act=f&d=E%3A%5Cnuevo%5CMercuryMail%5C&f=mlmrge32.dll&ft=img&white=1 HTTP/1.1" 200 20239
216.244.66.195 - - [19/Jun/2024:09:47:12 -0500] "GET /BLA/resoluciones/RESOLUCIONES%202001/1501.pdf HTTP/1.1" 200 48472
47.128.31.29 - - [19/Jun/2024:09:47:19 -0500] "GET /BLA/resoluciones/AUTOS%202021/0245.php?act=f&d=E%3A%5Cnuevo%5Chtdocs%5CBLA%5Cresoluciones%5CRESOLUCIONES+2006%5C&f=0893.tif&white=1 HTTP/1.1" 200 140710
216.244.66.195 - - [19/Jun/2024:09:47:29 -0500] "GET /BLA/resoluciones/RESOLUCIONES%202016/0265.pdf HTTP/1.1" 200 1085660
216.245.221.92 - - [19/Jun/2024:09:47:31 -0500] "HEAD / HTTP/1.1" 200 -
201.245.192.253 - - [19/Jun/2024:09:47:32 -0500] "GET /kwsrmcab/Wsrmcab?wsdl HTTP/1.1" 200 6948
47.128.46.146 - - [19/Jun/2024:09:47:26 -0500] "GET /BLA/resoluciones/AUTOS%202021/0245.php?act=f&d=C%3A%5C&f=xampp-win32-1.8.3-5-VC11-installer.exe&ft=notepad&white=1 HTTP/1.1" 200 4193963
47.128.46.161 - - [19/Jun/2024:09:47:37 -0500] "GET /BLA/resoluciones/AUTOS%202021/0245.php?act=f&d=E%3A%5Cnuevo%5Chtdocs%5Ccumbredelclima%5Cwp-admin%5Cjs&f=theme.min.js&ft=download HTTP/1.1" 200 21173
69.171.249.5 - - [19/Jun/2024:09:47:40 -0500] "GET /con-liberacion-de-fauna-plantaciones-de-arboles-recorridos-interpretativos-y-de-educacion-bogota-celebra-el-dia-mundial-de-los-humedales.html HTTP/1.1" 200 885
69.171.249.17 - - [19/Jun/2024:09:47:40 -0500] "GET /con-liberacion-de-fauna-plantaciones-de-arboles-recorridos-interpretativos-y-de-educacion-bogota-celebra-el-dia-mundial-de-los-humedales.html HTTP/1.1" 200 885
201.245.192.253 - - [19/Jun/2024:09:47:42 -0500] "POST /forms/lservlet;jsessionid=ac16012b30d61d0d9576dbc541fdbee5a484bc6a3672.e3iSbxaKaheRe34Ra3iRa3mMah50n6jAmljGr5XDqQLvpAe HTTP/1.1" 200 2
200.75.48.35 - - [19/Jun/2024:09:47:43 -0500] "POST /sipse/faces/presentacion/financiero/solicitudProceso/consultarSolicitudProceso.xhtml HTTP/1.1" 200 41412
200.75.48.35 - - [19/Jun/2024:09:47:43 -0500] "GET /sipse/faces/javax.faces.resource/theme.css?ln=primefaces-sipse HTTP/1.1" 304 -
200.75.48.35 - - [19/Jun/2024:09:47:43 -0500] "GET /sipse/faces/javax.faces.resource/layout/layout.css?ln=primefaces&v=4.0 HTTP/1.1" 304 -
186.28.227.18 - - [19/Jun/2024:09:47:43 -0500] "GET /sipse/faces/javax.faces.resource/primefaces.css?ln=primefaces&v=4.0 HTTP/1.1" 304 -
186.28.227.18 - - [19/Jun/2024:09:47:43 -0500] "GET /sipse/faces/javax.faces.resource/jquery/jquery.js?ln=primefaces&v=4.0 HTTP/1.1" 304 -
186.28.227.18 - - [19/Jun/2024:09:47:43 -0500] "GET /sipse/faces/javax.faces.resource/jquery/jquery-plugins.js?ln=primefaces&v=4.0 HTTP/1.1" 304 -
186.28.227.18 - - [19/Jun/2024:09:47:43 -0500] "GET /sipse/css/imagen/contrasena.png HTTP/1.1" 404 383
200.75.48.35 - - [19/Jun/2024:09:47:43 -0500] "GET /sipse/faces/javax.faces.resource/primefaces.js?ln=primefaces&v=4.0 HTTP/1.1" 304 -
186.28.227.18 - - [19/Jun/2024:09:47:43 -0500] "GET /sipse/faces/javax.faces.resource/layout/layout.js?ln=primefaces&v=4.0 HTTP/1.1" 304 -
186.28.227.18 - - [19/Jun/2024:09:47:43 -0500] "POST /sipse/faces/presentacion/financiero/solicitudProceso/consultar.xhtml HTTP/1.1" 200 34709
186.28.227.18 - - [19/Jun/2024:09:47:44 -0500] "POST /sipse/faces/presentacion/financiero/solicitudProceso/consultar.xhtml HTTP/1.1" 200 34709
186.28.227.18 - - [19/Jun/2024:09:47:44 -0500] "POST /sipse/faces/presentacion/financiero/solicitudProceso/consultar.xhtml HTTP/1.1" 200 34709
186.28.227.18 - - [19/Jun/2024:09:47:44 -0500] "POST /sipse/faces/presentacion/financiero/solicitudProceso/consultar.xhtml HTTP/1.1" 200 34709
186.28.227.18 - - [19/Jun/2024:09:47:44 -0500] "POST /sipse/faces/presentacion/financiero/solicitudProceso/consultar.xhtml HTTP/1.1" 200 34709
186.28.227.18 - - [19/Jun/2024:09:47:44 -0500] "POST /sipse/faces/presentacion/financiero/solicitudProceso/consultar.xhtml HTTP/1.1" 200 34709
186.28.227.18 - - [19/Jun/2024:09:47:45 -0500] "POST /sipse/faces/presentacion/financiero/solicitudProceso/consultar.xhtml HTTP/1.1" 200 34709
216.244.66.195 - - [19/Jun/2024:09:47:46 -0500] "GET /BLA/resoluciones/RESOLUCIONES%202016/0733.pdf HTTP/1.1" 200 3363627
47.128.30.63 - - [19/Jun/2024:09:47:47 -0500] "GET /BLA/resoluciones/AUTOS%202021/0245.php?act=f&d=E%3A%5Cnuevo%5Chtdocs%5CResiduos%5Cmetalmecanica%5Cimages&f=page84.swf&ft=download HTTP/1.1" 200 28146
186.28.227.18 - - [19/Jun/2024:09:47:47 -0500] "POST /sipse/faces/presentacion/financiero/solicitudProceso/consultar.xhtml HTTP/1.1" 200 12758
186.28.227.18 - - [19/Jun/2024:09:47:50 -0500] "POST /sipse/faces/presentacion/financiero/solicitudProceso/consultar.xhtml HTTP/1.1" 200 150468
200.75.48.35 - - [19/Jun/2024:09:47:51 -0500] "GET /sipse/faces/javax.faces.resource/primefaces.css?ln=primefaces&v=4.0 HTTP/1.1" 304 -
200.75.48.35 - - [19/Jun/2024:09:47:51 -0500] "GET /sipse/faces/javax.faces.resource/layout/layout.css?ln=primefaces&v=4.0 HTTP/1.1" 304 -
186.28.227.18 - - [19/Jun/2024:09:47:51 -0500] "GET /sipse/faces/javax.faces.resource/theme.css?ln=primefaces-sipse HTTP/1.1" 304 -
186.28.227.18 - - [19/Jun/2024:09:47:51 -0500] "GET /sipse/faces/javax.faces.resource/jquery/jquery.js?ln=primefaces&v=4.0 HTTP/1.1" 304 -
186.28.227.18 - - [19/Jun/2024:09:47:51 -0500] "GET /sipse/faces/javax.faces.resource/jquery/jquery-plugins.js?ln=primefaces&v=4.0 HTTP/1.1" 304 -
186.28.227.18 - - [19/Jun/2024:09:47:51 -0500] "GET /sipse/faces/javax.faces.resource/primefaces.js?ln=primefaces&v=4.0 HTTP/1.1" 304 -
186.28.227.18 - - [19/Jun/2024:09:47:51 -0500] "GET /sipse/faces/javax.faces.resource/layout/layout.js?ln=primefaces&v=4.0 HTTP/1.1" 304 -
181.61.209.0 - - [19/Jun/2024:09:47:56 -0500] "GET /BLA/resoluciones/dlf/unknown.png HTTP/1.1" 200 266
181.61.209.0 - - [19/Jun/2024:09:47:56 -0500] "GET /BLA/resoluciones/index.php?dir=RESOLUCIONES+2015%2F HTTP/1.1" 200 131078
47.128.46.134 - - [19/Jun/2024:09:47:58 -0500] "GET /BLA/resoluciones/AUTOS%202021/0245.php?act=f&d=E%3A%5Cnuevo%5Chtdocs%5CResiduos%5Ctextiles%5Cimages&f=page97.swf&ft=download HTTP/1.1" 200 216096
176.9.137.113 - - [19/Jun/2024:09:48:01 -0500] "GET /BLA/boletinlegal/Circulares/2022/CIRCULAR%20No.%2000009%20DEL%2010%20DE%20OCTUBRE%20DEL%202022.pdf HTTP/1.1" 200 292772
156.59.198.136 - - [19/Jun/2024:09:48:08 -0500] "GET /BLA/resoluciones/AUTOS%202021/0245.php?act=img&img=ext_sess_l7eeqgsep1285kc2tuvm6ljfn6 HTTP/1.0" 200 1034
156.59.198.136 - - [19/Jun/2024:09:48:19 -0500] "GET /BLA/resoluciones/AUTOS%202021/0245.php?act=img&img=ext_sess_hul8v3ftokufarpu9m18pesmn5 HTTP/1.0" 200 1034
201.245.192.253 - - [19/Jun/2024:09:48:21 -0500] "POST /forms/lservlet;jsessionid=ac16012b30d62ce8354ab2c04ae981fa8f2fd69b26f6.e3iSbxaKaheRe34Ra3iRa3mMah50n6jAmljGr5XDqQLvpAe HTTP/1.1" 200 2
216.244.66.195 - - [19/Jun/2024:09:48:26 -0500] "GET /BLA/resoluciones/RESOLUCIONES%202016/0771.pdf HTTP/1.1" 200 340077
47.128.52.162 - - [19/Jun/2024:09:48:29 -0500] "GET /BLA/resoluciones/AUTOS%202021/0245.php?act=f&d=E%3A%5Cnuevo%5Chtdocs%5Ccumbredelclima%5Cwp-admin%5Cjs&f=user-suggest.js&ft=download HTTP/1.1" 200 1070
201.245.192.253 - - [19/Jun/2024:09:48:32 -0500] "GET /kwsrmcab/Wsrmcab?wsdl HTTP/1.1" 200 6948
201.245.192.253 - - [19/Jun/2024:09:48:32 -0500] "POST /kwsrmcab/Wsrmcab  HTTP/1.1" 200 36347
66.249.66.19 - - [19/Jun/2024:09:48:42 -0500] "GET /Publicaciones/2024EE84326.pdf HTTP/1.1" 404 227
47.128.54.52 - - [19/Jun/2024:09:48:50 -0500] "GET /BLA/resoluciones/AUTOS%202021/0245.php?act=f&d=E%3A%5Cnuevo%5Chtdocs%5CBLA%5Cresoluciones%5CRESOLUCIONES+2006%5CRES+2006+201-250%5C&f=00000246.tif&ft=notepad HTTP/1.1" 200 20165
47.128.126.180 - - [19/Jun/2024:09:48:43 -0500] "GET /BLA/resoluciones/AUTOS%202021/0245.php?act=f&d=E%3A%5Cnuevo%5Chtdocs%5CBLA%5Cresoluciones%5CRESOLUCIONES+2006%5CRES+2006+1751-1800%5C&f=00001799.tif&white=1 HTTP/1.1" 200 131380
216.244.66.195 - - [19/Jun/2024:09:48:57 -0500] "GET /BLA/resoluciones/RESOLUCIONES%202016/0801.pdf HTTP/1.1" 200 314271
44.227.38.253 - - [19/Jun/2024:09:49:02 -0500] "HEAD / HTTP/1.1" 200 -
156.59.198.135 - - [19/Jun/2024:09:49:02 -0500] "GET /BLA/resoluciones/AUTOS%202021/0245.php?act=img&img=ext_sess_3mmojtrgqefadogiqs33thhr44 HTTP/1.0" 200 1034
186.28.227.18 - - [19/Jun/2024:09:49:03 -0500] "POST /sipse/faces/presentacion/financiero/solicitudProceso/consultarSolicitudProceso.xhtml HTTP/1.1" 200 41439
186.28.227.18 - - [19/Jun/2024:09:49:03 -0500] "GET /sipse/faces/javax.faces.resource/theme.css?ln=primefaces-sipse HTTP/1.1" 304 -
186.28.227.18 - - [19/Jun/2024:09:49:03 -0500] "GET /sipse/faces/javax.faces.resource/primefaces.css?ln=primefaces&v=4.0 HTTP/1.1" 304 -
186.28.227.18 - - [19/Jun/2024:09:49:03 -0500] "GET /sipse/faces/javax.faces.resource/layout/layout.css?ln=primefaces&v=4.0 HTTP/1.1" 304 -
