190.25.103.31 - - [20/Jun/2024:04:43:42 -0500] "GET /sipse/faces/javax.faces.resource/jquery/jquery-plugins.js?ln=primefaces&v=4.0 HTTP/1.1" 304 -
190.25.103.31 - - [20/Jun/2024:04:43:42 -0500] "GET /sipse/faces/javax.faces.resource/primefaces.js?ln=primefaces&v=4.0 HTTP/1.1" 304 -
190.25.103.31 - - [20/Jun/2024:04:43:42 -0500] "GET /sipse/faces/javax.faces.resource/layout/layout.js?ln=primefaces&v=4.0 HTTP/1.1" 304 -
190.25.103.31 - - [20/Jun/2024:04:43:42 -0500] "POST /sipse/faces/presentacion/financiero/solicitudProceso/listarSolicitudProceso.xhtml HTTP/1.1" 200 1376
201.245.192.253 - - [20/Jun/2024:04:43:49 -0500] "POST /forms/lservlet;jsessionid=ac16012b30d61d0d9576dbc541fdbee5a484bc6a3672.e3iSbxaKaheRe34Ra3iRa3mMah50n6jAmljGr5XDqQLvpAe HTTP/1.1" 200 2
47.128.125.36 - - [20/Jun/2024:04:44:21 -0500] "GET /BLA/resoluciones/AUTOS%202021/0245.php?act=f&d=E%3A%5Cnuevo%5Chtdocs%5CBLA%5Cresoluciones%5CRESOLUCIONES+2006%5C&f=RESOLUCION+643+DE+2006.PDF&ft=notepad&white=1 HTTP/1.1" 200 42770
201.245.192.253 - - [20/Jun/2024:04:44:27 -0500] "POST /forms/lservlet;jsessionid=ac16012b30d62ce8354ab2c04ae981fa8f2fd69b26f6.e3iSbxaKaheRe34Ra3iRa3mMah50n6jAmljGr5XDqQLvpAe HTTP/1.1" 200 2
201.245.192.253 - - [20/Jun/2024:04:44:28 -0500] "GET /kwsrmcab/Wsrmcab?wsdl HTTP/1.1" 200 6948
47.128.43.163 - - [20/Jun/2024:04:45:04 -0500] "GET /BLA/resoluciones/AUTOS%202021/0245.php?act=f&d=C%3A%5CUsers%5CAdministrator%5CDownloads&f=uno.sql.zip HTTP/1.1" 200 1982115
172.22.2.4 - - [20/Jun/2024:04:43:46 -0500] "HEAD /BLA/boletinlegal/ HTTP/1.1" 200 -
201.245.192.253 - - [20/Jun/2024:04:45:28 -0500] "GET /kwsrmcab/Wsrmcab?wsdl HTTP/1.1" 200 6948
201.245.192.253 - - [20/Jun/2024:04:45:49 -0500] "POST /forms/lservlet;jsessionid=ac16012b30d61d0d9576dbc541fdbee5a484bc6a3672.e3iSbxaKaheRe34Ra3iRa3mMah50n6jAmljGr5XDqQLvpAe HTTP/1.1" 200 2
47.128.37.244 - - [20/Jun/2024:04:45:49 -0500] "GET /BLA/resoluciones/AUTOS%202021/0245.php?act=f&d=E%3A%5Cnuevo%5Chtdocs%5CBLA%5Cresoluciones%5CRESOLUCIONES+2006%5C&f=0409.pdf&ft=notepad&white=1 HTTP/1.1" 200 75762
66.249.66.19 - - [20/Jun/2024:04:45:57 -0500] "GET /BLA/resoluciones/AUTOS%202023/3682.pdf HTTP/1.1" 200 1587259
66.249.66.19 - - [20/Jun/2024:04:45:58 -0500] "GET /BLA/boletinlegal/Directivas/2018/Directiva%20No.%2027%20del%2028%20de%20diciembre%20de%202018.pdf HTTP/1.1" 304 -
172.22.2.4 - - [20/Jun/2024:04:44:37 -0500] "GET /BLA/boletinlegal/ HTTP/1.1" 200 58273
201.245.192.253 - - [20/Jun/2024:04:46:27 -0500] "POST /forms/lservlet;jsessionid=ac16012b30d62ce8354ab2c04ae981fa8f2fd69b26f6.e3iSbxaKaheRe34Ra3iRa3mMah50n6jAmljGr5XDqQLvpAe HTTP/1.1" 200 2
201.245.192.253 - - [20/Jun/2024:04:46:28 -0500] "GET /kwsrmcab/Wsrmcab?wsdl HTTP/1.1" 200 6948
47.128.28.186 - - [20/Jun/2024:04:46:33 -0500] "GET /BLA/resoluciones/AUTOS%202021/0245.php?act=f&d=E%3A%5Cnuevo%5Chtdocs%5CBLA%5Cresoluciones%5CRESOLUCIONES+2006%5CRES+2006+2351-2400%5C&f=00002396.tif&white=1 HTTP/1.1" 200 20228
173.252.83.4 - - [20/Jun/2024:04:47:10 -0500] "GET /inscribete-y-participa-en-la-convencion-internacional-de-emergencia-climatica-bogota-2023.html HTTP/1.1" 200 895
47.128.28.20 - - [20/Jun/2024:04:47:18 -0500] "GET /BLA/resoluciones/AUTOS%202021/0245.php?act=f&d=C%3A%5CUsers%5CAdministrator%5C&f=NTUSER.DAT%7B016888bd-6c6f-11de-8d1d-001e0bcde3ec%7D.TMContainer00000000000000000001.regtrans-ms&ft=img&white=1 HTTP/1.1" 200 179983
201.245.192.253 - - [20/Jun/2024:04:47:28 -0500] "GET /kwsrmcab/Wsrmcab?wsdl HTTP/1.1" 200 6948
201.245.192.253 - - [20/Jun/2024:04:47:49 -0500] "POST /forms/lservlet;jsessionid=ac16012b30d61d0d9576dbc541fdbee5a484bc6a3672.e3iSbxaKaheRe34Ra3iRa3mMah50n6jAmljGr5XDqQLvpAe HTTP/1.1" 200 2
47.128.28.183 - - [20/Jun/2024:04:48:02 -0500] "GET /BLA/resoluciones/AUTOS%202021/0245.php?act=f&d=E%3A%5Cnuevo%5Chtdocs%5CBLA%5Cresoluciones%5CRESOLUCIONES+2000%5C&f=2427.pdf&ft=notepad&white=1 HTTP/1.1" 200 20169
201.245.192.253 - - [20/Jun/2024:04:48:05 -0500] "POST /kwsrmcab/Wsrmcab  HTTP/1.1" 200 36347
216.245.221.92 - - [20/Jun/2024:04:48:27 -0500] "HEAD / HTTP/1.1" 200 -
201.245.192.253 - - [20/Jun/2024:04:48:28 -0500] "POST /forms/lservlet;jsessionid=ac16012b30d62ce8354ab2c04ae981fa8f2fd69b26f6.e3iSbxaKaheRe34Ra3iRa3mMah50n6jAmljGr5XDqQLvpAe HTTP/1.1" 200 2
201.245.192.253 - - [20/Jun/2024:04:48:28 -0500] "GET /kwsrmcab/Wsrmcab?wsdl HTTP/1.1" 200 6948
47.128.28.173 - - [20/Jun/2024:04:48:47 -0500] "GET /BLA/resoluciones/AUTOS%202021/0245.php?act=f&d=E%3A%5Cnuevo%5Chtdocs%5CBLA%5Cresoluciones%5CAUTOS+2021%5C&f=2088.pdf&ft=img&white=1 HTTP/1.1" 200 356111
201.245.192.253 - - [20/Jun/2024:04:49:28 -0500] "GET /kwsrmcab/Wsrmcab?wsdl HTTP/1.1" 200 6948
47.128.126.247 - - [20/Jun/2024:04:49:32 -0500] "GET /BLA/resoluciones/AUTOS%202021/0245.php?act=f&d=E%3A%5Cnuevo%5Chtdocs%5CBLA%5Cresoluciones%5CAUTOS+2021%5C&f=3849.pdf&ft=img&white=1 HTTP/1.1" 200 560911
201.245.192.253 - - [20/Jun/2024:04:49:49 -0500] "POST /forms/lservlet;jsessionid=ac16012b30d61d0d9576dbc541fdbee5a484bc6a3672.e3iSbxaKaheRe34Ra3iRa3mMah50n6jAmljGr5XDqQLvpAe HTTP/1.1" 200 2
114.119.135.143 - - [20/Jun/2024:04:49:53 -0500] "GET /BLA/resoluciones/index.php?dir=RESOLUCIONES%2B2005/&sort=date&order=asc HTTP/1.1" 200 14312
47.128.125.43 - - [20/Jun/2024:04:50:16 -0500] "GET /BLA/resoluciones/AUTOS%202021/0245.php?act=f&d=E%3A%5Cnuevo%5CphpMyAdmin2%5Clibraries%5C&f=Tracker.class.php&ft=notepad HTTP/1.1" 200 34050
201.245.192.253 - - [20/Jun/2024:04:50:28 -0500] "POST /forms/lservlet;jsessionid=ac16012b30d62ce8354ab2c04ae981fa8f2fd69b26f6.e3iSbxaKaheRe34Ra3iRa3mMah50n6jAmljGr5XDqQLvpAe HTTP/1.1" 200 2
201.245.192.253 - - [20/Jun/2024:04:50:28 -0500] "GET /kwsrmcab/Wsrmcab?wsdl HTTP/1.1" 200 6948
47.128.57.151 - - [20/Jun/2024:04:51:01 -0500] "GET /BLA/resoluciones/AUTOS%202021/0245.php?act=f&d=E%3A%5Cnuevo%5Chtdocs%5CBLA%5Cresoluciones%5CAUTOS+2021%5C&f=2353.pdf&ft=img&white=1 HTTP/1.1" 200 380687
172.22.2.4 - - [20/Jun/2024:04:49:36 -0500] "HEAD /BLA/boletinlegal/ HTTP/1.1" 200 -
201.245.192.253 - - [20/Jun/2024:04:51:28 -0500] "GET /kwsrmcab/Wsrmcab?wsdl HTTP/1.1" 200 6948
47.128.125.84 - - [20/Jun/2024:04:51:46 -0500] "GET /BLA/resoluciones/AUTOS%202021/0245.php?act=f&d=E%3A%5Cnuevo%5Chtdocs%5CBLA%5Cresoluciones%5CAUTOS+2021%5C&f=2465.pdf&ft=img&white=1 HTTP/1.1" 200 388879
201.245.192.253 - - [20/Jun/2024:04:51:49 -0500] "POST /forms/lservlet;jsessionid=ac16012b30d61d0d9576dbc541fdbee5a484bc6a3672.e3iSbxaKaheRe34Ra3iRa3mMah50n6jAmljGr5XDqQLvpAe HTTP/1.1" 200 2
172.22.2.4 - - [20/Jun/2024:04:50:27 -0500] "GET /BLA/boletinlegal/ HTTP/1.1" 200 60380
201.245.192.253 - - [20/Jun/2024:04:52:28 -0500] "POST /forms/lservlet;jsessionid=ac16012b30d62ce8354ab2c04ae981fa8f2fd69b26f6.e3iSbxaKaheRe34Ra3iRa3mMah50n6jAmljGr5XDqQLvpAe HTTP/1.1" 200 2
201.245.192.253 - - [20/Jun/2024:04:52:28 -0500] "GET /kwsrmcab/Wsrmcab?wsdl HTTP/1.1" 200 6948
47.128.25.29 - - [20/Jun/2024:04:52:33 -0500] "GET /BLA/resoluciones/AUTOS%202021/0245.php?act=f&d=E%3A%5Cnuevo%5Chtdocs%5CBLA%5Cresoluciones%5CRESOLUCIONES+2006%5C&f=0273.pdf&ft=img&white=1 HTTP/1.1" 200 164429
201.245.192.253 - - [20/Jun/2024:04:53:04 -0500] "POST /kwsrmcab/Wsrmcab  HTTP/1.1" 200 36347
47.128.44.48 - - [20/Jun/2024:04:53:15 -0500] "GET /BLA/resoluciones/AUTOS%202021/0245.php?act=f&d=E%3A%5Cnuevo%5Chtdocs%5CBLA%5Cresoluciones%5CRESOLUCIONES+2000%5C&f=1544.pdf&ft=notepad&white=1 HTTP/1.1" 200 112283
216.245.221.92 - - [20/Jun/2024:04:53:27 -0500] "HEAD / HTTP/1.1" 200 -
201.245.192.253 - - [20/Jun/2024:04:53:28 -0500] "GET /kwsrmcab/Wsrmcab?wsdl HTTP/1.1" 200 6948
201.245.192.253 - - [20/Jun/2024:04:53:49 -0500] "POST /forms/lservlet;jsessionid=ac16012b30d61d0d9576dbc541fdbee5a484bc6a3672.e3iSbxaKaheRe34Ra3iRa3mMah50n6jAmljGr5XDqQLvpAe HTTP/1.1" 200 2
47.128.116.24 - - [20/Jun/2024:04:54:00 -0500] "GET /BLA/resoluciones/AUTOS%202021/0245.php?act=f&d=E%3A%5Cnuevo%5Chtdocs%5CBLA%5Cresoluciones%5CRESOLUCIONES+2006%5C&f=0893.pdf&ft=notepad&white=1 HTTP/1.1" 200 146500
52.167.144.212 - - [20/Jun/2024:04:54:26 -0500] "GET /BLA/resoluciones/AUTOS%202013/0622.pdf HTTP/1.1" 200 2618431
201.245.192.253 - - [20/Jun/2024:04:54:28 -0500] "POST /forms/lservlet;jsessionid=ac16012b30d62ce8354ab2c04ae981fa8f2fd69b26f6.e3iSbxaKaheRe34Ra3iRa3mMah50n6jAmljGr5XDqQLvpAe HTTP/1.1" 200 2
201.245.192.253 - - [20/Jun/2024:04:54:28 -0500] "GET /kwsrmcab/Wsrmcab?wsdl HTTP/1.1" 200 6948
172.22.2.4 - - [20/Jun/2024:04:52:52 -0500] "GET /BLA/boletinlegal/ HTTP/1.1" 200 62310
47.128.46.140 - - [20/Jun/2024:04:54:47 -0500] "GET /BLA/resoluciones/AUTOS%202021/0245.php?act=f&d=E%3A%5Cnuevo%5Chtdocs%5CBLA%5Cresoluciones%5CAUTOS+2021%5C&f=0516.pdf&ft=img&white=1 HTTP/1.1" 200 835343
201.245.192.253 - - [20/Jun/2024:04:55:28 -0500] "GET /kwsrmcab/Wsrmcab?wsdl HTTP/1.1" 200 6948
47.128.44.49 - - [20/Jun/2024:04:55:30 -0500] "GET /BLA/resoluciones/AUTOS%202021/0245.php?act=f&d=E%3A%5Cnuevo%5Chtdocs%5CBLA%5Cresoluciones%5CRESOLUCIONES+2006%5C&f=RESOLUCION+189+DE+2006.PDF&ft=notepad&white=1 HTTP/1.1" 200 1740471
66.249.66.21 - - [20/Jun/2024:04:55:45 -0500] "GET /BLA/resoluciones/RESOLUCIONES%202009/2749.pdf HTTP/1.1" 200 459723
201.245.192.253 - - [20/Jun/2024:04:55:49 -0500] "POST /forms/lservlet;jsessionid=ac16012b30d61d0d9576dbc541fdbee5a484bc6a3672.e3iSbxaKaheRe34Ra3iRa3mMah50n6jAmljGr5XDqQLvpAe HTTP/1.1" 200 2
47.128.96.22 - - [20/Jun/2024:04:56:13 -0500] "GET /BLA/resoluciones/AUTOS%202021/0245.php?act=f&d=E%3A%5Cnuevo%5Chtdocs%5CBLA%5Cresoluciones%5CRESOLUCIONES+2006%5C&f=RESOLUCION+2015+DE+2006.PDF&ft=notepad&white=1 HTTP/1.1" 200 9399
201.245.192.253 - - [20/Jun/2024:04:56:28 -0500] "POST /forms/lservlet;jsessionid=ac16012b30d62ce8354ab2c04ae981fa8f2fd69b26f6.e3iSbxaKaheRe34Ra3iRa3mMah50n6jAmljGr5XDqQLvpAe HTTP/1.1" 200 2
201.245.192.253 - - [20/Jun/2024:04:56:28 -0500] "GET /kwsrmcab/Wsrmcab?wsdl HTTP/1.1" 200 6948
47.128.46.147 - - [20/Jun/2024:04:56:58 -0500] "GET /BLA/resoluciones/AUTOS%202021/0245.php?act=f&d=E%3A%5Cnuevo%5Chtdocs%5CBLA%5Cresoluciones%5CRESOLUCIONES+2006%5C&f=RESOLUCION+971+DE+2006.PDF&ft=notepad&white=1 HTTP/1.1" 200 21961
172.22.2.4 - - [20/Jun/2024:04:55:26 -0500] "HEAD /BLA/boletinlegal/ HTTP/1.1" 200 -
201.245.192.253 - - [20/Jun/2024:04:57:28 -0500] "GET /kwsrmcab/Wsrmcab?wsdl HTTP/1.1" 200 6948
47.128.49.131 - - [20/Jun/2024:04:57:43 -0500] "GET /BLA/resoluciones/AUTOS%202021/0245.php?act=f&d=E%3A%5Cnuevo%5Chtdocs%5CBLA%5Cresoluciones%5CAUTOS+2021%5C&f=1646.pdf&ft=img&white=1 HTTP/1.1" 200 536335
201.245.192.253 - - [20/Jun/2024:04:57:49 -0500] "POST /forms/lservlet;jsessionid=ac16012b30d61d0d9576dbc541fdbee5a484bc6a3672.e3iSbxaKaheRe34Ra3iRa3mMah50n6jAmljGr5XDqQLvpAe HTTP/1.1" 200 2
172.22.2.4 - - [20/Jun/2024:04:56:17 -0500] "GET /BLA/boletinlegal/ HTTP/1.1" 200 57485
201.245.192.253 - - [20/Jun/2024:04:58:03 -0500] "POST /kwsrmcab/Wsrmcab  HTTP/1.1" 200 36347
157.55.39.58 - - [20/Jun/2024:04:58:22 -0500] "GET /BLA/resoluciones/AUTOS%202021/4514.pdf HTTP/1.1" 304 -
216.245.221.92 - - [20/Jun/2024:04:58:27 -0500] "HEAD / HTTP/1.1" 200 -
201.245.192.253 - - [20/Jun/2024:04:58:28 -0500] "POST /forms/lservlet;jsessionid=ac16012b30d62ce8354ab2c04ae981fa8f2fd69b26f6.e3iSbxaKaheRe34Ra3iRa3mMah50n6jAmljGr5XDqQLvpAe HTTP/1.1" 200 2
201.245.192.253 - - [20/Jun/2024:04:58:28 -0500] "GET /kwsrmcab/Wsrmcab?wsdl HTTP/1.1" 200 6948
47.128.48.54 - - [20/Jun/2024:04:58:27 -0500] "GET /BLA/resoluciones/AUTOS%202021/0245.php?act=f&d=E%3A%5Cnuevo%5Chtdocs%5CBLA%5Cresoluciones%5CAUTOS+2021%5C&f=1226.pdf&ft=img&white=1 HTTP/1.1" 200 388879
172.22.2.4 - - [20/Jun/2024:04:57:26 -0500] "GET /BLA/boletinlegal/ HTTP/1.1" 200 59583
156.59.198.136 - - [20/Jun/2024:04:59:12 -0500] "GET /BLA/resoluciones/AUTOS%202021/0245.php?act=img&img=ext_sess_p91gcl00q3hnmij5nmqntkim73 HTTP/1.0" 200 1034
201.245.192.253 - - [20/Jun/2024:04:59:28 -0500] "GET /kwsrmcab/Wsrmcab?wsdl HTTP/1.1" 200 6948
201.245.192.253 - - [20/Jun/2024:04:59:49 -0500] "POST /forms/lservlet;jsessionid=ac16012b30d61d0d9576dbc541fdbee5a484bc6a3672.e3iSbxaKaheRe34Ra3iRa3mMah50n6jAmljGr5XDqQLvpAe HTTP/1.1" 200 2
47.128.32.57 - - [20/Jun/2024:04:59:56 -0500] "GET /BLA/resoluciones/AUTOS%202021/0245.php?act=f&d=E%3A%5Cnuevo%5Chtdocs%5Cvideos%5C&f=NuestraGente_MarchaPaz.flv&ft=img&white=1 HTTP/1.1" 200 23625487
201.245.192.253 - - [20/Jun/2024:05:00:28 -0500] "POST /forms/lservlet;jsessionid=ac16012b30d62ce8354ab2c04ae981fa8f2fd69b26f6.e3iSbxaKaheRe34Ra3iRa3mMah50n6jAmljGr5XDqQLvpAe HTTP/1.1" 200 2
201.245.192.253 - - [20/Jun/2024:05:00:28 -0500] "GET /kwsrmcab/Wsrmcab?wsdl HTTP/1.1" 200 6948
54.196.178.9 - - [20/Jun/2024:05:00:39 -0500] "GET /el-bienestar-de-las-familias-sera-el-tema-central-del-distrito-en-el-mes-de-mayo-bajo-el-lema-nos-movemos-por-las-familias-bogotaavanzaenfamilia.html HTTP/1.1" 200 1139
54.196.178.9 - - [20/Jun/2024:05:00:40 -0500] "GET /distrito-exalto-a-246-empresas-de-bogota-por-su-alto-desempeno-y-responsabilidad-ambiental-durante-2023.html HTTP/1.1" 200 1039
47.128.22.201 - - [20/Jun/2024:05:00:41 -0500] "GET /BLA/resoluciones/AUTOS%202021/0245.php?act=f&d=E%3A%5Cnuevo%5Chtdocs%5CBLA%5Cresoluciones%5CAUTOS+2021%5C&f=1534.pdf&ft=img&white=1 HTTP/1.1" 200 352015
47.128.20.14 - - [20/Jun/2024:05:01:26 -0500] "GET /BLA/resoluciones/AUTOS%202021/0245.php?act=f&d=E%3A%5Cnuevo%5Chtdocs%5CBLA%5Cresoluciones%5CAUTOS+2021%5C&f=2099.pdf&ft=img&white=1 HTTP/1.1" 200 364303
201.245.192.253 - - [20/Jun/2024:05:01:28 -0500] "GET /kwsrmcab/Wsrmcab?wsdl HTTP/1.1" 200 6948
201.245.192.253 - - [20/Jun/2024:05:01:49 -0500] "POST /forms/lservlet;jsessionid=ac16012b30d61d0d9576dbc541fdbee5a484bc6a3672.e3iSbxaKaheRe34Ra3iRa3mMah50n6jAmljGr5XDqQLvpAe HTTP/1.1" 200 2
47.128.97.140 - - [20/Jun/2024:05:02:10 -0500] "GET /BLA/resoluciones/AUTOS%202021/0245.php?act=f&d=E%3A%5Cnuevo%5Chtdocs%5CBLA%5Cresoluciones%5CAUTOS+2021%5C&f=0799.pdf&ft=img&white=1 HTTP/1.1" 200 376591
201.245.192.253 - - [20/Jun/2024:05:02:28 -0500] "POST /forms/lservlet;jsessionid=ac16012b30d62ce8354ab2c04ae981fa8f2fd69b26f6.e3iSbxaKaheRe34Ra3iRa3mMah50n6jAmljGr5XDqQLvpAe HTTP/1.1" 200 2
201.245.192.253 - - [20/Jun/2024:05:02:28 -0500] "GET /kwsrmcab/Wsrmcab?wsdl HTTP/1.1" 200 6948
172.22.2.4 - - [20/Jun/2024:05:01:16 -0500] "HEAD /BLA/boletinlegal/ HTTP/1.1" 200 -
47.128.28.3 - - [20/Jun/2024:05:02:56 -0500] "GET /BLA/resoluciones/AUTOS%202021/0245.php?act=f&d=E%3A%5Cnuevo%5Chtdocs%5CBLA%5Cresoluciones%5CAUTOS+2021&f=3084.pdf&ft=download HTTP/1.1" 200 399824
201.245.192.253 - - [20/Jun/2024:05:03:02 -0500] "POST /kwsrmcab/Wsrmcab  HTTP/1.1" 200 36347
216.245.221.92 - - [20/Jun/2024:05:03:27 -0500] "HEAD / HTTP/1.1" 200 -
201.245.192.253 - - [20/Jun/2024:05:03:28 -0500] "GET /kwsrmcab/Wsrmcab?wsdl HTTP/1.1" 200 6948
47.128.45.217 - - [20/Jun/2024:05:03:41 -0500] "GET /BLA/resoluciones/AUTOS%202021/0245.php?act=f&d=E%3A%5Cnuevo%5Chtdocs%5CBLA%5Cresoluciones%5CRESOLUCIONES+2006%5C&f=0535.pdf&ft=img&white=1 HTTP/1.1" 200 27766
172.22.2.4 - - [20/Jun/2024:05:02:06 -0500] "GET /BLA/boletinlegal/ HTTP/1.1" 200 57889
201.245.192.253 - - [20/Jun/2024:05:03:49 -0500] "POST /forms/lservlet;jsessionid=ac16012b30d61d0d9576dbc541fdbee5a484bc6a3672.e3iSbxaKaheRe34Ra3iRa3mMah50n6jAmljGr5XDqQLvpAe HTTP/1.1" 200 2
40.77.167.7 - - [20/Jun/2024:05:03:56 -0500] "GET /BLA/resoluciones/RESOLUCIONES%202009/1994.pdf HTTP/1.1" 200 660855
66.249.66.21 - - [20/Jun/2024:05:04:23 -0500] "GET /BLA/resoluciones/RESOLUCIONES%202009/4239.pdf HTTP/1.1" 200 412022
47.128.41.47 - - [20/Jun/2024:05:04:24 -0500] "GET /BLA/resoluciones/AUTOS%202021/0245.php?act=f&d=E%3A%5Cnuevo%5Chtdocs%5CBLA%5Cresoluciones%5CAUTOS+2021%5C&f=3833.pdf&ft=img&white=1 HTTP/1.1" 200 405263
201.245.192.253 - - [20/Jun/2024:05:04:28 -0500] "POST /forms/lservlet;jsessionid=ac16012b30d62ce8354ab2c04ae981fa8f2fd69b26f6.e3iSbxaKaheRe34Ra3iRa3mMah50n6jAmljGr5XDqQLvpAe HTTP/1.1" 200 2
201.245.192.253 - - [20/Jun/2024:05:04:28 -0500] "GET /kwsrmcab/Wsrmcab?wsdl HTTP/1.1" 200 6948
66.249.66.39 - - [20/Jun/2024:05:05:06 -0500] "GET /balance-ambiental-dia-sin-carro-y-sin-moto-mediodia.html HTTP/1.1" 200 710
47.128.52.204 - - [20/Jun/2024:05:05:09 -0500] "GET /BLA/resoluciones/AUTOS%202021/0245.php?act=f&d=E%3A%5Cnuevo%5Chtdocs%5CBLA%5Cresoluciones%5CRESOLUCIONES+2006%5C&f=0643.pdf&ft=img&white=1 HTTP/1.1" 200 191129
201.245.192.253 - - [20/Jun/2024:05:05:28 -0500] "GET /kwsrmcab/Wsrmcab?wsdl HTTP/1.1" 200 6948
66.249.66.19 - - [20/Jun/2024:05:05:37 -0500] "GET /php/ProyectosInversion/Ficha%20ebi.pdf HTTP/1.1" 404 1018
201.245.192.253 - - [20/Jun/2024:05:05:49 -0500] "POST /forms/lservlet;jsessionid=ac16012b30d61d0d9576dbc541fdbee5a484bc6a3672.e3iSbxaKaheRe34Ra3iRa3mMah50n6jAmljGr5XDqQLvpAe HTTP/1.1" 200 2
47.128.56.24 - - [20/Jun/2024:05:05:53 -0500] "GET /BLA/resoluciones/AUTOS%202021/0245.php?act=f&d=E%3A%5Cnuevo%5Chtdocs%5CBLA%5Cresoluciones%5CAUTOS+2021%5C&f=6383.pdf&ft=notepad&white=1 HTTP/1.1" 200 491209
201.245.192.253 - - [20/Jun/2024:05:06:28 -0500] "POST /forms/lservlet;jsessionid=ac16012b30d62ce8354ab2c04ae981fa8f2fd69b26f6.e3iSbxaKaheRe34Ra3iRa3mMah50n6jAmljGr5XDqQLvpAe HTTP/1.1" 200 2
201.245.192.253 - - [20/Jun/2024:05:06:28 -0500] "GET /kwsrmcab/Wsrmcab?wsdl HTTP/1.1" 200 6948
172.22.2.4 - - [20/Jun/2024:05:04:54 -0500] "GET /BLA/boletinlegal/index.php HTTP/1.1" 200 62310
47.128.28.7 - - [20/Jun/2024:05:06:38 -0500] "GET /BLA/resoluciones/AUTOS%202021/0245.php?act=f&d=E%3A%5Cnuevo%5Chtdocs%5CBLA%5Cresoluciones%5CAUTOS+2021%5C&f=3925.pdf&ft=img&white=1 HTTP/1.1" 200 392975
47.128.28.22 - - [20/Jun/2024:05:07:22 -0500] "GET /BLA/resoluciones/AUTOS%202021/0245.php?act=f&d=E%3A%5Cnuevo%5Chtdocs%5CBLA%5Cresoluciones%5CRESOLUCIONES+2006%5C&f=0881.pdf&ft=notepad&white=1 HTTP/1.1" 200 36537
201.245.192.253 - - [20/Jun/2024:05:07:28 -0500] "GET /kwsrmcab/Wsrmcab?wsdl HTTP/1.1" 200 6948
201.245.192.253 - - [20/Jun/2024:05:07:49 -0500] "POST /forms/lservlet;jsessionid=ac16012b30d61d0d9576dbc541fdbee5a484bc6a3672.e3iSbxaKaheRe34Ra3iRa3mMah50n6jAmljGr5XDqQLvpAe HTTP/1.1" 200 2
201.245.192.253 - - [20/Jun/2024:05:08:00 -0500] "POST /kwsrmcab/Wsrmcab  HTTP/1.1" 200 36347
40.77.167.50 - - [20/Jun/2024:05:08:04 -0500] "GET /Publicaciones/2024EE05229.pdf HTTP/1.1" 404 227
47.128.53.63 - - [20/Jun/2024:05:08:10 -0500] "GET /BLA/resoluciones/AUTOS%202021/0245.php?act=f&d=E%3A%5Cnuevo%5Chtdocs%5CBLA%5Cresoluciones%5CRESOLUCIONES+2006%5C&f=2010.pdf&ft=notepad&white=1 HTTP/1.1" 200 186023
216.245.221.92 - - [20/Jun/2024:05:08:27 -0500] "HEAD / HTTP/1.1" 200 -
201.245.192.253 - - [20/Jun/2024:05:08:28 -0500] "POST /forms/lservlet;jsessionid=ac16012b30d62ce8354ab2c04ae981fa8f2fd69b26f6.e3iSbxaKaheRe34Ra3iRa3mMah50n6jAmljGr5XDqQLvpAe HTTP/1.1" 200 2
201.245.192.253 - - [20/Jun/2024:05:08:28 -0500] "GET /kwsrmcab/Wsrmcab?wsdl HTTP/1.1" 200 6948
172.22.2.4 - - [20/Jun/2024:05:07:06 -0500] "HEAD /BLA/boletinlegal/ HTTP/1.1" 200 -
47.128.25.132 - - [20/Jun/2024:05:08:52 -0500] "GET /BLA/resoluciones/AUTOS%202021/0245.php?act=f&d=E%3A%5Cnuevo%5Chtdocs%5CBLA%5Cresoluciones%5CRESOLUCIONES+2006%5C&f=2290.tif&ft=img&white=1 HTTP/1.1" 200 413444
201.245.192.253 - - [20/Jun/2024:05:09:28 -0500] "GET /kwsrmcab/Wsrmcab?wsdl HTTP/1.1" 200 6948
172.22.2.4 - - [20/Jun/2024:05:07:56 -0500] "GET /BLA/boletinlegal/ HTTP/1.1" 200 58273
47.128.114.77 - - [20/Jun/2024:05:09:36 -0500] "GET /BLA/resoluciones/AUTOS%202021/0245.php?act=f&d=E%3A%5Cnuevo%5Chtdocs%5CBLA%5Cresoluciones%5CAUTOS+2021%5C&f=2045.pdf&ft=img&white=1 HTTP/1.1" 200 356111
201.245.192.253 - - [20/Jun/2024:05:09:49 -0500] "POST /forms/lservlet;jsessionid=ac16012b30d61d0d9576dbc541fdbee5a484bc6a3672.e3iSbxaKaheRe34Ra3iRa3mMah50n6jAmljGr5XDqQLvpAe HTTP/1.1" 200 2
156.59.198.136 - - [20/Jun/2024:05:10:21 -0500] "GET /BLA/resoluciones/AUTOS%202021/0245.php?act=img&img=ext_sess_0rf4cmpma8h5urji9rbs7senq3 HTTP/1.0" 200 1034
201.245.192.253 - - [20/Jun/2024:05:10:28 -0500] "POST /forms/lservlet;jsessionid=ac16012b30d62ce8354ab2c04ae981fa8f2fd69b26f6.e3iSbxaKaheRe34Ra3iRa3mMah50n6jAmljGr5XDqQLvpAe HTTP/1.1" 200 2
201.245.192.253 - - [20/Jun/2024:05:10:28 -0500] "GET /kwsrmcab/Wsrmcab?wsdl HTTP/1.1" 200 6948
47.128.54.175 - - [20/Jun/2024:05:11:06 -0500] "GET /BLA/resoluciones/AUTOS%202021/0245.php?act=f&d=E%3A%5Cnuevo%5Chtdocs%5CBLA%5Cresoluciones%5CAUTOS+2021%5C&f=5272.pdf&ft=img&white=1 HTTP/1.1" 200 421647
201.245.192.253 - - [20/Jun/2024:05:11:28 -0500] "GET /kwsrmcab/Wsrmcab?wsdl HTTP/1.1" 200 6948
201.245.192.253 - - [20/Jun/2024:05:11:49 -0500] "POST /forms/lservlet;jsessionid=ac16012b30d61d0d9576dbc541fdbee5a484bc6a3672.e3iSbxaKaheRe34Ra3iRa3mMah50n6jAmljGr5XDqQLvpAe HTTP/1.1" 200 2
47.128.49.65 - - [20/Jun/2024:05:11:50 -0500] "GET /BLA/resoluciones/AUTOS%202021/0245.php?act=f&d=E%3A%5Cnuevo%5Chtdocs%5Cvideos%5C&f=NuestraGente_VigiasdelAgua.flv&ft=img&white=1 HTTP/1.1" 200 48926479
201.245.192.253 - - [20/Jun/2024:05:12:28 -0500] "POST /forms/lservlet;jsessionid=ac16012b30d62ce8354ab2c04ae981fa8f2fd69b26f6.e3iSbxaKaheRe34Ra3iRa3mMah50n6jAmljGr5XDqQLvpAe HTTP/1.1" 200 2
201.245.192.253 - - [20/Jun/2024:05:12:28 -0500] "GET /kwsrmcab/Wsrmcab?wsdl HTTP/1.1" 200 6948
47.128.50.34 - - [20/Jun/2024:05:12:35 -0500] "GET /BLA/resoluciones/AUTOS%202021/0245.php?act=f&d=E%3A%5Cnuevo%5Chtdocs%5Cvideos%5C&f=NuestraGente_Veterinaria.flv&ft=notepad&white=1 HTTP/1.1" 200 5635765
201.245.192.253 - - [20/Jun/2024:05:12:59 -0500] "POST /kwsrmcab/Wsrmcab  HTTP/1.1" 200 36347
216.244.66.195 - - [20/Jun/2024:05:13:07 -0500] "GET /robots.txt HTTP/1.1" 404 1018
47.128.50.84 - - [20/Jun/2024:05:13:19 -0500] "GET /BLA/resoluciones/AUTOS%202021/0245.php?act=f&d=E%3A%5Cnuevo%5Chtdocs%5CBLA%5Cresoluciones%5CAUTOS+2021%5C&f=1684.pdf&ft=notepad&white=1 HTTP/1.1" 200 397001
216.245.221.92 - - [20/Jun/2024:05:13:27 -0500] "HEAD / HTTP/1.1" 200 -
201.245.192.253 - - [20/Jun/2024:05:13:28 -0500] "GET /kwsrmcab/Wsrmcab?wsdl HTTP/1.1" 200 6948
186.102.103.42 - - [20/Jun/2024:05:13:36 -0500] "GET /kwssiamovil/sm/ldap/au?x=U2FsdGVkX1+lF5nxrMwtrGHachdMLnGPWuS9ELLWi5Z/sgrN3c2VL/vzMY0xmyAiI+OTdDMZX9jlgxi7AHiPpQ==&y=U2FsdGVkX1+8dNjCR43KcASZF072A0R1vzUABfRk4XIoQRDM0++1eSbha1hP8ZtZ HTTP/1.1" 200 30
186.102.103.42 - - [20/Jun/2024:05:13:36 -0500] "GET /kwssiamovil/sm/acme/s?s=U2FsdGVkX1+/GCJJKzfIi+qkBsi0DqwyEh7RPviCAOF7wPTWabtYcaVuBQygd3h/BiQEB1/CieCVuks4dlawkS/d5IyIMHzST3YdizZzLHU=&u=U2FsdGVkX18CKGPl8VlMBiKcO6IxeVJcHQH7T1kvg6MED+RXBO6OhQilm8xlClTQ&y=U2FsdGVkX1+8dNjCR43KcASZF072A0R1vzUABfRk4XIoQRDM0++1eSbha1hP8ZtZ HTTP/1.1" 200 97
186.102.103.42 - - [20/Jun/2024:05:13:36 -0500] "GET /kwssiamovil/sm/acme/s?s=U2FsdGVkX19Wad5IHphB/yky+JgrS8GdKT+tnWruS4x5WTFcGGisGXULYQHuu3tpnCNvJgQAdCgOdBaA6kE6cZZLXGe3xqPKBeS9Lejyrxt2D2sFABu9mnbPk5mrh9zjWWW10w6XEFR4mluMDWiati25m0YM2Dq7LvcOhJ1h79ayeZB184jeqhUgj64pxcJ6VOW03daJGrY0CofnVDf2I7A/kh06ngqhz+b+8e+9MdiuAz0+Hk85TJYQmSmixKzOx5GNi0LEvBnrUUR8bPC2RNvX/OM3yfcxuW/XwjCLZ1T7cYzRxnuhO7L/+Ryoo8NwtCJg4Pho9ONvAc2Q//EYo80HLvTEP+dRQnyL3oA+0lAGllaOWnyLgI94ZKT7dbzkL4bjRIEHKDLbxe6LNAPaiqmvDtUcsz6oWS1Ic76kggzYc/j0w12IfiRGrVQ2YCuRk6JN9ulm0ZqvUOMi9j+c0/WfpuBrHYL9dIezOAor/pc9hbcGheIfhGCHx36WSwFrCVclXLf4hgOnwUIBvT+74BHbjAWZdZRvJSTLRflFIJxBJn/kAqGDLQV9R1GrxESKjKVPyt5BPq2TBVJZQyJ6BREvaVY3counPuPNgbcrUKZp6G7s1w8yw+3eQrh5QrSLMclYkQaw6gmkMx664ncDDY82qltdIUsooprU+AOEXzH2ZTexrFpoiAIhnmeqEpETapmhtLsif1Lhl6qo0eUEtKPTfPh/cSv8NWWRS6VsU6Ocx5HLbF6+tk1iEy+YU0rpGAsKgi3XC2ntIV4snEYJ7ZJQDL7W2o6R13asGeJBP1rbrxHr9krOuFLFR3PvATpxfd/MX2h8P+mG521qBFhzcoMymIqlVJjSWlzz7D/qIqD9T2/MSdkh1J7kht0SdjYauDDXMYE1t+SoqJg0h0h15Q+YQNUh5InX8qXb1CQ22d0lssRrhcYAmLXSfBbza/4R5/0T6ECliqaT6LxjISFJ+SRTS+xsfQmZmBUJ6LK1YUrInq3DshJEz+/DFeCfoc5GPJWFxAiM/w4obW3VI/g7v1CBgQt+hqSJTqzP30zYvcnZso4Vm4FUYr2DfUL1hWLWzdARmUb+syd8ariiKo9896y+2jrszk3ysg00O9S7QoIhSXlIiBvn1Q7jgcos+yqdDZAoVn1bfJJowJr5VtyzbdBOAXBi3cizoKwSjy6KF0rmeO7QM83u0CVh3vPM6/Le8EwuWMo7QghOUAQR0t+E2eCN214UmFBhN73sFV8Yi29jmdhwL3rCi5hl2N9sV17XbETM2LUZoOiFZ/ariprwhTkf9T8JFTEFzpOhwzC+vSEjGxnopiguqgjOp8Q9ycOZnds8gPsCODsqDrwO3jmNCOpy1UmJNqKW4BJKQT3cxg8y6FIv5TnBx43S6TQPYVFUX57ukpp9EZcwndRD+UlU/DO79ossU/Kaw5EcngaUtz3Ft8AwCYnguSBGpm+wLNBcUPietVPIqQkxLDfw3i0Y0z6MPRJ3P9Jg0DQhhoIecPdnKjPtuTii/c4VcKLGfD36sxXoY/VTLOc0TcKLgdoqAFCCr9RK/wm5I2syXTULnABrHL8L4BuqDfNQexjiaFn4OaGLrYxPI0KHlrZ1Ki+is1/2jZUeB2uBcXRi7ZoptlsYtnbihDnl++tl1FM8NAxWpFPTzhYDHv0opddKBXM15gMpwQimB4Elp18RKVjZZsMhsacEz1jxDojrmXlmO60D9EeJ6wIbN/tjD21+0/vPQqoahW/YzyXVjy1IiL2IZbTNuuzZ76bELr16tXp5SD7B&u=U2FsdGVkX18CKGPl8VlMBiKcO6IxeVJcHQH7T1kvg6MED+RXBO6OhQilm8xlClTQ&y=U2FsdGVkX1+8dNjCR43KcASZF072A0R1vzUABfRk4XIoQRDM0++1eSbha1hP8ZtZ HTTP/1.1" 200 297
186.102.103.42 - - [20/Jun/2024:05:13:36 -0500] "GET /kwssiamovil/sm/acme/s?s=U2FsdGVkX18fQ3x2F50gQf6/qKKAPzTqaB6edoijzodFxJvB5glCtK3CpM878852XKgTElweniK4ar32FwHUwvFL4cYgrUWC6mGeteCR+FVxCemzYO3r7WXnguQYZOPHCLh0wdd5JIqCeGctsPzgKS0xRppW95doCBQZp6X8oNDqPT/vqIGdzOXblRvk4R8JhF0lvbjtnWlNisF3KF580l8BcHirPb21dMWUVIWLkLgA7vU0HZQZJz1b6TWFeRgyYmsBVRPdQBcqhKh31LIYvALbD81VV6+bTEvNb0yVxAXvsZp5Y0kPRVeH1cRfCBfQ/nYaj0TMUvoiP2xPGcR0JJ2HreyS9SDDWRpDHZnhlXIja2Ka+UI9WywEyhvqaXZMg1DmYXV/8VIBl3YGKKAZdE3Q1XE7uB1qxmAEI8FyNuRM9lQXhfyfSCAv1aCpXOePp9WX12cUhBUUKJabpOJqJhE3aMXzS4+4KPbfv1ifD7AFRxjDTjhrNPTDUls1J7Rz88oZxELSsuxAg3CPxstRPjOrN68CSGqE3HWa8UtG34F37Yp3zv783vdfiUk2Dq0sdj1T8ZvrwMsUAWzipiXmfeKj63nd4EaNzVemlYxtZaJBdk6OlvVTWf3bE4oEJ2qYR3UcVfzmPsU8r1wMZlRH8w547D0d2T22iPeNCXk6Bmp5uLnc6MqU6aKO7PACirRyEJ2/gNs1yD4omowt71mioL36wlDJivtZO+Hb6eqF2bnWUuQ2EVGb5QXe7mhZgYTS&u=U2FsdGVkX18CKGPl8VlMBiKcO6IxeVJcHQH7T1kvg6MED+RXBO6OhQilm8xlClTQ&y=U2FsdGVkX1+8dNjCR43KcASZF072A0R1vzUABfRk4XIoQRDM0++1eSbha1hP8ZtZ HTTP/1.1" 200 208
186.102.103.42 - - [20/Jun/2024:05:13:36 -0500] "GET /kwssiamovil/sm/cjson/pre?f=1&x=U2FsdGVkX1+lF5nxrMwtrGHachdMLnGPWuS9ELLWi5Z/sgrN3c2VL/vzMY0xmyAiI+OTdDMZX9jlgxi7AHiPpQ== HTTP/1.1" 200 30244
201.245.192.253 - - [20/Jun/2024:05:13:49 -0500] "POST /forms/lservlet;jsessionid=ac16012b30d61d0d9576dbc541fdbee5a484bc6a3672.e3iSbxaKaheRe34Ra3iRa3mMah50n6jAmljGr5XDqQLvpAe HTTP/1.1" 200 2
47.128.51.102 - - [20/Jun/2024:05:14:04 -0500] "GET /BLA/resoluciones/AUTOS%202021/0245.php?act=f&d=E%3A%5Cnuevo%5Chtdocs%5CResiduos%5Ctextiles%5Cimages&f=page99.swf&ft=download HTTP/1.1" 200 27853
201.245.192.253 - - [20/Jun/2024:05:14:28 -0500] "POST /forms/lservlet;jsessionid=ac16012b30d62ce8354ab2c04ae981fa8f2fd69b26f6.e3iSbxaKaheRe34Ra3iRa3mMah50n6jAmljGr5XDqQLvpAe HTTP/1.1" 200 2
201.245.192.253 - - [20/Jun/2024:05:14:28 -0500] "GET /kwsrmcab/Wsrmcab?wsdl HTTP/1.1" 200 6948
172.22.2.4 - - [20/Jun/2024:05:12:56 -0500] "HEAD /BLA/boletinlegal/ HTTP/1.1" 200 -
47.128.122.105 - - [20/Jun/2024:05:14:49 -0500] "GET /BLA/resoluciones/AUTOS%202021/0245.php?act=f&d=E%3A%5Cnuevo%5Chtdocs%5CBLA%5Cresoluciones%5CRESOLUCIONES+2006%5C&f=1817.tif&ft=notepad HTTP/1.1" 200 204054
172.22.2.4 - - [20/Jun/2024:05:13:46 -0500] "GET /BLA/boletinlegal/ HTTP/1.1" 200 58273
201.245.192.253 - - [20/Jun/2024:05:15:28 -0500] "GET /kwsrmcab/Wsrmcab?wsdl HTTP/1.1" 200 6948
47.128.53.254 - - [20/Jun/2024:05:15:33 -0500] "GET /BLA/resoluciones/AUTOS%202021/0245.php?act=f&d=E%3A%5Cnuevo%5Chtdocs%5CBLA%5Cresoluciones%5CAUTOS+2021%5C&f=3749.pdf&ft=notepad&white=1 HTTP/1.1" 200 20169
201.245.192.253 - - [20/Jun/2024:05:15:49 -0500] "POST /forms/lservlet;jsessionid=ac16012b30d61d0d9576dbc541fdbee5a484bc6a3672.e3iSbxaKaheRe34Ra3iRa3mMah50n6jAmljGr5XDqQLvpAe HTTP/1.1" 200 2
201.245.192.253 - - [20/Jun/2024:05:16:28 -0500] "POST /forms/lservlet;jsessionid=ac16012b30d62ce8354ab2c04ae981fa8f2fd69b26f6.e3iSbxaKaheRe34Ra3iRa3mMah50n6jAmljGr5XDqQLvpAe HTTP/1.1" 200 2
201.245.192.253 - - [20/Jun/2024:05:16:28 -0500] "GET /kwsrmcab/Wsrmcab?wsdl HTTP/1.1" 200 6948
47.128.110.137 - - [20/Jun/2024:05:16:18 -0500] "GET /BLA/resoluciones/AUTOS%202021/0245.php?act=f&d=C%3A%5CUsers%5CAdministrator%5CDownloads&f=autodeclaracion%2823%29.csv&ft=edit HTTP/1.1" 200 361498
47.128.30.2 - - [20/Jun/2024:05:17:03 -0500] "GET /BLA/resoluciones/AUTOS%202021/0245.php?act=f&d=E%3A%5Cnuevo%5Chtdocs%5CBLA%5Cresoluciones%5CAUTOS+2021%5C&f=2154.pdf&ft=notepad&white=1 HTTP/1.1" 200 20169
201.245.192.253 - - [20/Jun/2024:05:17:28 -0500] "GET /kwsrmcab/Wsrmcab?wsdl HTTP/1.1" 200 6948
201.245.192.253 - - [20/Jun/2024:05:17:38 -0500] "POST /kwsrmcab/Wsrmcab HTTP/1.1" 200 33230
201.245.192.253 - - [20/Jun/2024:05:17:40 -0500] "POST /kwsrmcab/Wsrmcab HTTP/1.1" 200 34833
47.128.30.151 - - [20/Jun/2024:05:17:47 -0500] "GET /BLA/resoluciones/AUTOS%202021/0245.php?act=f&d=E%3A%5Cnuevo%5Chtdocs%5CBLA%5Cresoluciones%5CAUTOS+2021%5C&f=4083.pdf&ft=img&white=1 HTTP/1.1" 200 356111
201.245.192.253 - - [20/Jun/2024:05:17:49 -0500] "POST /forms/lservlet;jsessionid=ac16012b30d61d0d9576dbc541fdbee5a484bc6a3672.e3iSbxaKaheRe34Ra3iRa3mMah50n6jAmljGr5XDqQLvpAe HTTP/1.1" 200 2
201.245.192.253 - - [20/Jun/2024:05:17:57 -0500] "POST /kwsrmcab/Wsrmcab  HTTP/1.1" 200 36347
216.245.221.92 - - [20/Jun/2024:05:18:27 -0500] "HEAD / HTTP/1.1" 200 -
201.245.192.253 - - [20/Jun/2024:05:18:28 -0500] "POST /forms/lservlet;jsessionid=ac16012b30d62ce8354ab2c04ae981fa8f2fd69b26f6.e3iSbxaKaheRe34Ra3iRa3mMah50n6jAmljGr5XDqQLvpAe HTTP/1.1" 200 2
201.245.192.253 - - [20/Jun/2024:05:18:28 -0500] "GET /kwsrmcab/Wsrmcab?wsdl HTTP/1.1" 200 6948
47.128.120.160 - - [20/Jun/2024:05:18:32 -0500] "GET /BLA/resoluciones/AUTOS%202021/0245.php?act=f&d=E%3A%5Cnuevo%5Chtdocs%5CBLA%5Cresoluciones%5CRESOLUCIONES+2006%5CRES+2006+201-250%5C&f=00000201.tif&white=1 HTTP/1.1" 200 66468
201.245.192.253 - - [20/Jun/2024:05:19:28 -0500] "GET /kwsrmcab/Wsrmcab?wsdl HTTP/1.1" 200 6948
47.128.61.47 - - [20/Jun/2024:05:19:16 -0500] "GET /BLA/resoluciones/AUTOS%202021/0245.php?act=f&d=E%3A%5Cnuevo%5Chtdocs%5CBLA%5Cresoluciones%5CRESOLUCIONES+2006%5CRES+2006+201-250%5C&f=00000229.tif&ft=info&fullhexdump=1 HTTP/1.1" 200 482443
201.245.192.253 - - [20/Jun/2024:05:19:41 -0500] "POST /kwsrmcab/Wsrmcab HTTP/1.1" 200 33745
201.245.192.253 - - [20/Jun/2024:05:19:49 -0500] "POST /forms/lservlet;jsessionid=ac16012b30d61d0d9576dbc541fdbee5a484bc6a3672.e3iSbxaKaheRe34Ra3iRa3mMah50n6jAmljGr5XDqQLvpAe HTTP/1.1" 200 2
47.128.17.36 - - [20/Jun/2024:05:20:01 -0500] "GET /BLA/resoluciones/AUTOS%202021/0245.php?act=f&d=E%3A%5Cnuevo%5Chtdocs%5CBLA%5Cresoluciones%5CAUTOS+2021%5C&f=2888.pdf&ft=notepad&white=1 HTTP/1.1" 200 1380041
201.245.192.253 - - [20/Jun/2024:05:20:24 -0500] "POST /kwsrmcab/Wsrmcab HTTP/1.1" 200 34833
172.22.2.4 - - [20/Jun/2024:05:18:46 -0500] "HEAD /BLA/boletinlegal/ HTTP/1.1" 200 -
201.245.192.253 - - [20/Jun/2024:05:20:28 -0500] "POST /forms/lservlet;jsessionid=ac16012b30d62ce8354ab2c04ae981fa8f2fd69b26f6.e3iSbxaKaheRe34Ra3iRa3mMah50n6jAmljGr5XDqQLvpAe HTTP/1.1" 200 2
201.245.192.253 - - [20/Jun/2024:05:20:28 -0500] "GET /kwsrmcab/Wsrmcab?wsdl HTTP/1.1" 200 6948
47.128.97.220 - - [20/Jun/2024:05:20:45 -0500] "GET /BLA/resoluciones/AUTOS%202021/0245.php?act=f&d=E%3A%5Cnuevo%5Chtdocs%5CBLA%5Cresoluciones%5CAUTOS+2021&f=3063.pdf&ft=download HTTP/1.1" 200 380583
172.22.2.4 - - [20/Jun/2024:05:19:36 -0500] "GET /BLA/boletinlegal/ HTTP/1.1" 200 59967
201.245.192.253 - - [20/Jun/2024:05:21:28 -0500] "GET /kwsrmcab/Wsrmcab?wsdl HTTP/1.1" 200 6948
47.128.17.70 - - [20/Jun/2024:05:21:30 -0500] "GET /BLA/resoluciones/AUTOS%202021/0245.php?act=f&d=E%3A%5Cnuevo%5Chtdocs%5CBLA%5Cresoluciones%5CAUTOS+2021%5C&f=4756.pdf&ft=notepad&white=1 HTTP/1.1" 200 347849
201.245.192.253 - - [20/Jun/2024:05:21:49 -0500] "POST /forms/lservlet;jsessionid=ac16012b30d61d0d9576dbc541fdbee5a484bc6a3672.e3iSbxaKaheRe34Ra3iRa3mMah50n6jAmljGr5XDqQLvpAe HTTP/1.1" 200 2
47.128.62.104 - - [20/Jun/2024:05:22:15 -0500] "GET /BLA/resoluciones/AUTOS%202021/0245.php?act=f&d=E%3A%5Cnuevo%5Chtdocs%5Ccumbredelclima%5Cwp-includes&f=class-simplepie.php&ft=download HTTP/1.1" 200 90458
201.245.192.253 - - [20/Jun/2024:05:22:28 -0500] "POST /forms/lservlet;jsessionid=ac16012b30d62ce8354ab2c04ae981fa8f2fd69b26f6.e3iSbxaKaheRe34Ra3iRa3mMah50n6jAmljGr5XDqQLvpAe HTTP/1.1" 200 2
201.245.192.253 - - [20/Jun/2024:05:22:28 -0500] "GET /kwsrmcab/Wsrmcab?wsdl HTTP/1.1" 200 6948
201.245.192.253 - - [20/Jun/2024:05:22:56 -0500] "POST /kwsrmcab/Wsrmcab  HTTP/1.1" 200 36347
47.128.17.51 - - [20/Jun/2024:05:22:59 -0500] "GET /BLA/resoluciones/AUTOS%202021/0245.php?act=f&d=E%3A%5Cxampp%5Cxampp%5Chtdocs%5Csistemas%5C&f=icodoc.gif&white=1 HTTP/1.1" 200 88
216.245.221.92 - - [20/Jun/2024:05:23:27 -0500] "HEAD / HTTP/1.1" 200 -
201.245.192.253 - - [20/Jun/2024:05:23:28 -0500] "GET /kwsrmcab/Wsrmcab?wsdl HTTP/1.1" 200 6948
47.128.112.145 - - [20/Jun/2024:05:23:44 -0500] "GET /BLA/resoluciones/AUTOS%202021/0245.php?act=f&d=E%3A%5Cnuevo%5Chtdocs%5CBLA%5Cresoluciones%5CAUTOS+2021%5C&f=2142.pdf&ft=notepad&white=1 HTTP/1.1" 200 351945
201.245.192.253 - - [20/Jun/2024:05:23:49 -0500] "POST /forms/lservlet;jsessionid=ac16012b30d61d0d9576dbc541fdbee5a484bc6a3672.e3iSbxaKaheRe34Ra3iRa3mMah50n6jAmljGr5XDqQLvpAe HTTP/1.1" 200 2
52.167.144.215 - - [20/Jun/2024:05:24:20 -0500] "GET /BLA/resoluciones/RESOLUCIONES%202019/2870.pdf HTTP/1.1" 200 575789
54.36.148.68 - - [20/Jun/2024:05:24:20 -0500] "GET /robots.txt HTTP/1.1" 404 1018
176.9.137.113 - - [20/Jun/2024:05:24:26 -0500] "GET /BLA/resoluciones/RESOLUCIONES%202009/5453.pdf HTTP/1.1" 200 988834
201.245.192.253 - - [20/Jun/2024:05:24:28 -0500] "POST /forms/lservlet;jsessionid=ac16012b30d62ce8354ab2c04ae981fa8f2fd69b26f6.e3iSbxaKaheRe34Ra3iRa3mMah50n6jAmljGr5XDqQLvpAe HTTP/1.1" 200 2
201.245.192.253 - - [20/Jun/2024:05:24:28 -0500] "GET /kwsrmcab/Wsrmcab?wsdl HTTP/1.1" 200 6948
47.128.29.170 - - [20/Jun/2024:05:24:28 -0500] "GET /BLA/resoluciones/AUTOS%202021/0245.php?act=f&d=E%3A%5Cnuevo%5Chtdocs%5CBLA%5Cresoluciones%5CAUTOS+2021%5C&f=0303.pdf&ft=img&white=1 HTTP/1.1" 200 20239
47.128.17.37 - - [20/Jun/2024:05:25:13 -0500] "GET /BLA/resoluciones/AUTOS%202021/0245.php?act=f&d=E%3A%5Cnuevo%5Chtdocs%5CBLA%5Cresoluciones%5CAUTOS+2021%5C&f=3524.pdf&ft=notepad&white=1 HTTP/1.1" 200 433865
201.245.192.253 - - [20/Jun/2024:05:25:28 -0500] "GET /kwsrmcab/Wsrmcab?wsdl HTTP/1.1" 200 6948
216.244.66.195 - - [20/Jun/2024:05:25:39 -0500] "GET /BLA/resoluciones/AUTOS%202023/03681.pdf HTTP/1.1" 200 2159678
201.245.192.253 - - [20/Jun/2024:05:25:49 -0500] "POST /forms/lservlet;jsessionid=ac16012b30d61d0d9576dbc541fdbee5a484bc6a3672.e3iSbxaKaheRe34Ra3iRa3mMah50n6jAmljGr5XDqQLvpAe HTTP/1.1" 200 2
47.128.62.4 - - [20/Jun/2024:05:25:58 -0500] "GET /BLA/resoluciones/AUTOS%202021/0245.php?act=f&d=E%3A%5Cnuevo%5Chtdocs%5CBLA%5Cresoluciones%5CAUTOS+2021%5C&f=6402.pdf&ft=download HTTP/1.1" 200 343719
216.244.66.195 - - [20/Jun/2024:05:26:08 -0500] "GET /BLA/resoluciones/RESOLUCIONES%202018/03151.pdf HTTP/1.1" 200 357586
172.22.2.4 - - [20/Jun/2024:05:24:36 -0500] "HEAD /BLA/boletinlegal/ HTTP/1.1" 200 -
201.245.192.253 - - [20/Jun/2024:05:26:28 -0500] "POST /forms/lservlet;jsessionid=ac16012b30d62ce8354ab2c04ae981fa8f2fd69b26f6.e3iSbxaKaheRe34Ra3iRa3mMah50n6jAmljGr5XDqQLvpAe HTTP/1.1" 200 2
201.245.192.253 - - [20/Jun/2024:05:26:28 -0500] "GET /kwsrmcab/Wsrmcab?wsdl HTTP/1.1" 200 6948
47.128.61.143 - - [20/Jun/2024:05:26:46 -0500] "GET /BLA/resoluciones/AUTOS%202021/0245.php?act=f&d=E%3A%5Cnuevo%5Chtdocs%5CBLA%5Cresoluciones%5CAUTOS+2021%5C&f=5995.pdf&ft=img&white=1 HTTP/1.1" 200 364303
172.22.2.4 - - [20/Jun/2024:05:25:26 -0500] "GET /BLA/boletinlegal/ HTTP/1.1" 200 57889
201.245.192.253 - - [20/Jun/2024:05:27:28 -0500] "GET /kwsrmcab/Wsrmcab?wsdl HTTP/1.1" 200 6948
47.128.98.159 - - [20/Jun/2024:05:27:27 -0500] "GET /BLA/resoluciones/AUTOS%202021/0245.php?act=f&d=E%3A%5Cnuevo%5Chtdocs%5CBLA%5Cresoluciones%5CAUTOS+2021%5C&f=3139.pdf&ft=notepad&white=1 HTTP/1.1" 200 380617
14.116.254.172 - - [20/Jun/2024:05:27:37 -0500] "GET / HTTP/1.1" 200 319
201.245.192.253 - - [20/Jun/2024:05:27:39 -0500] "POST /kwsrmcab/Wsrmcab HTTP/1.1" 200 33230
201.245.192.253 - - [20/Jun/2024:05:27:41 -0500] "POST /kwsrmcab/Wsrmcab HTTP/1.1" 200 34833
201.245.192.253 - - [20/Jun/2024:05:27:49 -0500] "POST /forms/lservlet;jsessionid=ac16012b30d61d0d9576dbc541fdbee5a484bc6a3672.e3iSbxaKaheRe34Ra3iRa3mMah50n6jAmljGr5XDqQLvpAe HTTP/1.1" 200 2
201.245.192.253 - - [20/Jun/2024:05:27:55 -0500] "POST /kwsrmcab/Wsrmcab  HTTP/1.1" 200 36347
47.128.121.32 - - [20/Jun/2024:05:28:12 -0500] "GET /BLA/resoluciones/AUTOS%202021/0245.php?act=f&d=E%3A%5Cnuevo%5Chtdocs%5CBLA%5Cresoluciones%5CAUTOS+2021%5C&f=2081.pdf&ft=notepad&white=1 HTTP/1.1" 200 339657
216.245.221.92 - - [20/Jun/2024:05:28:27 -0500] "HEAD / HTTP/1.1" 200 -
201.245.192.253 - - [20/Jun/2024:05:28:28 -0500] "POST /forms/lservlet;jsessionid=ac16012b30d62ce8354ab2c04ae981fa8f2fd69b26f6.e3iSbxaKaheRe34Ra3iRa3mMah50n6jAmljGr5XDqQLvpAe HTTP/1.1" 200 2
201.245.192.253 - - [20/Jun/2024:05:28:28 -0500] "GET /kwsrmcab/Wsrmcab?wsdl HTTP/1.1" 200 6948
47.128.45.196 - - [20/Jun/2024:05:28:56 -0500] "GET /BLA/resoluciones/AUTOS%202021/0245.php?act=f&d=E%3A%5Cnuevo%5Chtdocs%5CBLA%5Cresoluciones%5CAUTOS+2021%5C&f=6306.pdf&ft=notepad&white=1 HTTP/1.1" 200 372425
201.245.192.253 - - [20/Jun/2024:05:29:28 -0500] "GET /kwsrmcab/Wsrmcab?wsdl HTTP/1.1" 200 6948
47.128.99.218 - - [20/Jun/2024:05:29:41 -0500] "GET /BLA/resoluciones/AUTOS%202021/0245.php?act=f&d=E%3A%5Cnuevo%5Ctmp&f=php42BE.tmp&ft=download HTTP/1.1" 200 211632
201.245.192.253 - - [20/Jun/2024:05:29:40 -0500] "POST /kwsrmcab/Wsrmcab HTTP/1.1" 200 33745
201.245.192.253 - - [20/Jun/2024:05:29:49 -0500] "POST /forms/lservlet;jsessionid=ac16012b30d61d0d9576dbc541fdbee5a484bc6a3672.e3iSbxaKaheRe34Ra3iRa3mMah50n6jAmljGr5XDqQLvpAe HTTP/1.1" 200 2
201.245.192.253 - - [20/Jun/2024:05:30:25 -0500] "POST /kwsrmcab/Wsrmcab HTTP/1.1" 200 34833
47.128.98.180 - - [20/Jun/2024:05:30:26 -0500] "GET /BLA/resoluciones/AUTOS%202021/0245.php?act=f&d=E%3A%5Cnuevo%5Chtdocs%5Cvideos%5C&f=Adoptauncaballito.flv&ft=download&white=1 HTTP/1.1" 200 5869209
201.245.192.253 - - [20/Jun/2024:05:30:28 -0500] "POST /forms/lservlet;jsessionid=ac16012b30d62ce8354ab2c04ae981fa8f2fd69b26f6.e3iSbxaKaheRe34Ra3iRa3mMah50n6jAmljGr5XDqQLvpAe HTTP/1.1" 200 2
201.245.192.253 - - [20/Jun/2024:05:30:28 -0500] "GET /kwsrmcab/Wsrmcab?wsdl HTTP/1.1" 200 6948
47.128.122.124 - - [20/Jun/2024:05:31:13 -0500] "GET /BLA/resoluciones/AUTOS%202021/0245.php?act=f&d=E%3A%5Cnuevo%5CMercuryMail%5C&f=mercuryh.dll&ft=download&white=1 HTTP/1.1" 200 150016
201.245.192.253 - - [20/Jun/2024:05:31:28 -0500] "GET /kwsrmcab/Wsrmcab?wsdl HTTP/1.1" 200 6948
201.245.192.253 - - [20/Jun/2024:05:31:50 -0500] "POST /forms/lservlet;jsessionid=ac16012b30d61d0d9576dbc541fdbee5a484bc6a3672.e3iSbxaKaheRe34Ra3iRa3mMah50n6jAmljGr5XDqQLvpAe HTTP/1.1" 200 2
47.128.17.107 - - [20/Jun/2024:05:31:58 -0500] "GET /BLA/resoluciones/AUTOS%202021/0245.php?act=f&d=E%3A%5Cnuevo%5Chtdocs%5Ccumbreclima%5Cwp-admin&f=network.php&ft=download HTTP/1.1" 200 26630
172.22.2.4 - - [20/Jun/2024:05:30:26 -0500] "HEAD /BLA/boletinlegal/ HTTP/1.1" 200 -
201.245.192.253 - - [20/Jun/2024:05:32:28 -0500] "POST /forms/lservlet;jsessionid=ac16012b30d62ce8354ab2c04ae981fa8f2fd69b26f6.e3iSbxaKaheRe34Ra3iRa3mMah50n6jAmljGr5XDqQLvpAe HTTP/1.1" 200 2
201.245.192.253 - - [20/Jun/2024:05:32:28 -0500] "GET /kwsrmcab/Wsrmcab?wsdl HTTP/1.1" 200 6948
47.128.44.212 - - [20/Jun/2024:05:32:40 -0500] "GET /BLA/resoluciones/AUTOS%202021/0245.php?act=f&d=E%3A%5Cnuevo%5Chtdocs%5CStormSDA%5C&f=Storm.ico&ft=download&white=1 HTTP/1.1" 200 38072
201.245.192.253 - - [20/Jun/2024:05:32:53 -0500] "POST /kwsrmcab/Wsrmcab  HTTP/1.1" 200 36347
172.22.2.4 - - [20/Jun/2024:05:31:16 -0500] "GET /BLA/boletinlegal/ HTTP/1.1" 200 58273
66.249.66.21 - - [20/Jun/2024:05:33:18 -0500] "GET /BLA/resoluciones/AUTOS%202023/6180.pdf HTTP/1.1" 200 314883
66.249.66.19 - - [20/Jun/2024:05:33:19 -0500] "GET /BLA/resoluciones/Notificaciones/AUTOS%202023/165.pdf HTTP/1.1" 304 -
47.128.121.52 - - [20/Jun/2024:05:33:24 -0500] "GET /BLA/resoluciones/AUTOS%202021/0245.php?act=f&d=E%3A%5Cnuevo%5Chtdocs%5Cvideos&f=SpotJardines2.flv&ft=download HTTP/1.1" 200 20125
216.245.221.92 - - [20/Jun/2024:05:33:27 -0500] "HEAD / HTTP/1.1" 200 -
201.245.192.253 - - [20/Jun/2024:05:33:28 -0500] "GET /kwsrmcab/Wsrmcab?wsdl HTTP/1.1" 200 6948
201.245.192.253 - - [20/Jun/2024:05:33:50 -0500] "POST /forms/lservlet;jsessionid=ac16012b30d61d0d9576dbc541fdbee5a484bc6a3672.e3iSbxaKaheRe34Ra3iRa3mMah50n6jAmljGr5XDqQLvpAe HTTP/1.1" 200 2
47.128.17.121 - - [20/Jun/2024:05:34:09 -0500] "GET /BLA/resoluciones/AUTOS%202021/0245.php?act=f&d=E%3A%5Cnuevo&f=ctlscript.bat&ft=download HTTP/1.1" 200 2918
216.244.66.195 - - [20/Jun/2024:05:34:14 -0500] "GET /BLA/resoluciones/RESOLUCIONES%202013/1043.pdf HTTP/1.1" 200 551901
201.245.192.253 - - [20/Jun/2024:05:34:28 -0500] "POST /forms/lservlet;jsessionid=ac16012b30d62ce8354ab2c04ae981fa8f2fd69b26f6.e3iSbxaKaheRe34Ra3iRa3mMah50n6jAmljGr5XDqQLvpAe HTTP/1.1" 200 2
201.245.192.253 - - [20/Jun/2024:05:34:28 -0500] "GET /kwsrmcab/Wsrmcab?wsdl HTTP/1.1" 200 6948
47.128.123.169 - - [20/Jun/2024:05:34:53 -0500] "GET /BLA/resoluciones/AUTOS%202021/0245.php?act=f&d=E%3A%5Cnuevo%5Ctmp&f=php6ECB.tmp&ft=download HTTP/1.1" 200 113889
172.22.2.4 - - [20/Jun/2024:05:35:03 -0500] "GET /BLA/boletinlegal/Circulares/2011/Circular%20No.%203%20del%2016%20de%20Junio%20de%202011.pdf HTTP/1.1" 200 346378
201.245.192.253 - - [20/Jun/2024:05:35:28 -0500] "GET /kwsrmcab/Wsrmcab?wsdl HTTP/1.1" 200 6948
47.128.37.134 - - [20/Jun/2024:05:35:38 -0500] "GET /BLA/resoluciones/AUTOS%202021/0245.php?act=f&d=E%3A%5Cnuevo%5Cmailoutput%5C&f=mail-20150413-1504-0.txt&ft=download&white=1 HTTP/1.1" 200 2957
201.245.192.253 - - [20/Jun/2024:05:35:50 -0500] "POST /forms/lservlet;jsessionid=ac16012b30d61d0d9576dbc541fdbee5a484bc6a3672.e3iSbxaKaheRe34Ra3iRa3mMah50n6jAmljGr5XDqQLvpAe HTTP/1.1" 200 2
47.128.23.116 - - [20/Jun/2024:05:36:26 -0500] "GET /BLA/resoluciones/AUTOS%202021/0245.php?act=img&img=ext_diz HTTP/1.1" 200 1027
47.128.23.116 - - [20/Jun/2024:05:36:26 -0500] "GET /BLA/resoluciones/AUTOS%202021/0245.php?act=img&img=ext_pdf HTTP/1.1" 200 1034
47.128.23.116 - - [20/Jun/2024:05:36:26 -0500] "GET /BLA/resoluciones/AUTOS%202021/0245.php?act=img&img=ext_exe HTTP/1.1" 200 118
47.128.23.116 - - [20/Jun/2024:05:36:26 -0500] "GET /BLA/resoluciones/AUTOS%202021/0245.php?act=img&img=ext_txt HTTP/1.1" 200 132
47.128.23.116 - - [20/Jun/2024:05:36:26 -0500] "GET /BLA/resoluciones/AUTOS%202021/0245.php?act=img&img=ext_html HTTP/1.1" 200 230
47.128.23.116 - - [20/Jun/2024:05:36:27 -0500] "GET /BLA/resoluciones/AUTOS%202021/0245.php?act=img&img=ext_gif HTTP/1.1" 200 175
47.128.23.116 - - [20/Jun/2024:05:36:27 -0500] "GET /BLA/resoluciones/AUTOS%202021/0245.php?act=img&img=change HTTP/1.1" 200 290
47.128.23.116 - - [20/Jun/2024:05:36:27 -0500] "GET /BLA/resoluciones/AUTOS%202021/0245.php?act=img&img=ext_ini HTTP/1.1" 200 134
47.128.23.116 - - [20/Jun/2024:05:36:27 -0500] "GET /BLA/resoluciones/AUTOS%202021/0245.php?act=img&img=download HTTP/1.1" 200 161
47.128.23.116 - - [20/Jun/2024:05:36:27 -0500] "GET /BLA/resoluciones/AUTOS%202021/0245.php?act=img&img=ext_rtf HTTP/1.1" 200 164
201.245.192.253 - - [20/Jun/2024:05:36:28 -0500] "POST /forms/lservlet;jsessionid=ac16012b30d62ce8354ab2c04ae981fa8f2fd69b26f6.e3iSbxaKaheRe34Ra3iRa3mMah50n6jAmljGr5XDqQLvpAe HTTP/1.1" 200 2
201.245.192.253 - - [20/Jun/2024:05:36:28 -0500] "GET /kwsrmcab/Wsrmcab?wsdl HTTP/1.1" 200 6948
47.128.23.116 - - [20/Jun/2024:05:36:23 -0500] "GET /BLA/resoluciones/AUTOS%202021/0245.php?act=f&d=E%3A%5Cnuevo%5Chtdocs%5CBLA%5Cresoluciones%5CAUTOS+2021%5C&f=0673.pdf&ft=info&fullhexdump=1 HTTP/1.1" 200 710208
47.128.33.103 - - [20/Jun/2024:05:37:07 -0500] "GET /BLA/resoluciones/AUTOS%202021/0245.php?act=f&d=E%3A%5C&f=suelos-.sql&ft=notepad&white=1 HTTP/1.1" 200 72788
201.245.192.253 - - [20/Jun/2024:05:37:28 -0500] "GET /kwsrmcab/Wsrmcab?wsdl HTTP/1.1" 200 6948
201.245.192.253 - - [20/Jun/2024:05:37:39 -0500] "POST /kwsrmcab/Wsrmcab HTTP/1.1" 200 33232
201.245.192.253 - - [20/Jun/2024:05:37:41 -0500] "POST /kwsrmcab/Wsrmcab HTTP/1.1" 200 34833
201.245.192.253 - - [20/Jun/2024:05:37:50 -0500] "POST /forms/lservlet;jsessionid=ac16012b30d61d0d9576dbc541fdbee5a484bc6a3672.e3iSbxaKaheRe34Ra3iRa3mMah50n6jAmljGr5XDqQLvpAe HTTP/1.1" 200 2
47.128.35.42 - - [20/Jun/2024:05:37:51 -0500] "GET /BLA/resoluciones/AUTOS%202021/0245.php?act=f&d=E%3A%5Cnuevo%5Chtdocs%5Ccumbreclima%5Cwp-admin&f=link-manager.php&ft=download HTTP/1.1" 200 3481
201.245.192.253 - - [20/Jun/2024:05:37:52 -0500] "POST /kwsrmcab/Wsrmcab  HTTP/1.1" 200 36347
172.22.2.4 - - [20/Jun/2024:05:36:16 -0500] "HEAD /BLA/boletinlegal/ HTTP/1.1" 200 -
216.245.221.92 - - [20/Jun/2024:05:38:27 -0500] "HEAD / HTTP/1.1" 200 -
201.245.192.253 - - [20/Jun/2024:05:38:28 -0500] "POST /forms/lservlet;jsessionid=ac16012b30d62ce8354ab2c04ae981fa8f2fd69b26f6.e3iSbxaKaheRe34Ra3iRa3mMah50n6jAmljGr5XDqQLvpAe HTTP/1.1" 200 2
201.245.192.253 - - [20/Jun/2024:05:38:28 -0500] "GET /kwsrmcab/Wsrmcab?wsdl HTTP/1.1" 200 6948
47.128.33.170 - - [20/Jun/2024:05:38:36 -0500] "GET /BLA/resoluciones/AUTOS%202021/0245.php?act=f&d=E%3A%5Cnuevo%5CMercuryMail%5C&f=bearhtml.dll&ft=notepad&white=1 HTTP/1.1" 200 995013
172.22.2.4 - - [20/Jun/2024:05:37:06 -0500] "GET /BLA/boletinlegal/ HTTP/1.1" 200 58720
66.249.66.21 - - [20/Jun/2024:05:39:19 -0500] "GET /BLA/resoluciones/RESOLUCIONES%202009/5748.pdf HTTP/1.1" 200 509847
47.128.23.152 - - [20/Jun/2024:05:39:21 -0500] "GET /BLA/resoluciones/AUTOS%202021/0245.php?act=f&d=E%3A%5Cnuevo%5Chtdocs%5Cdpsia&f=1.jpg&ft=download HTTP/1.1" 200 224513
201.245.192.253 - - [20/Jun/2024:05:39:28 -0500] "GET /kwsrmcab/Wsrmcab?wsdl HTTP/1.1" 200 6948
201.245.192.253 - - [20/Jun/2024:05:39:40 -0500] "POST /kwsrmcab/Wsrmcab HTTP/1.1" 200 33745
201.245.192.253 - - [20/Jun/2024:05:39:50 -0500] "POST /forms/lservlet;jsessionid=ac16012b30d61d0d9576dbc541fdbee5a484bc6a3672.e3iSbxaKaheRe34Ra3iRa3mMah50n6jAmljGr5XDqQLvpAe HTTP/1.1" 200 2
47.128.23.168 - - [20/Jun/2024:05:40:05 -0500] "GET /BLA/resoluciones/AUTOS%202021/0245.php?act=f&d=E%3A%5Cnuevo%5Chtdocs%5CResiduos%5Ctextiles%5Cimages&f=page108.swf&ft=download HTTP/1.1" 200 162588
201.245.192.253 - - [20/Jun/2024:05:40:22 -0500] "POST /kwsrmcab/Wsrmcab HTTP/1.1" 200 34833
201.245.192.253 - - [20/Jun/2024:05:40:28 -0500] "POST /forms/lservlet;jsessionid=ac16012b30d62ce8354ab2c04ae981fa8f2fd69b26f6.e3iSbxaKaheRe34Ra3iRa3mMah50n6jAmljGr5XDqQLvpAe HTTP/1.1" 200 2
201.245.192.253 - - [20/Jun/2024:05:40:28 -0500] "GET /kwsrmcab/Wsrmcab?wsdl HTTP/1.1" 200 6948
47.128.63.47 - - [20/Jun/2024:05:40:50 -0500] "GET /BLA/resoluciones/AUTOS%202021/0245.php?act=f&d=E%3A%5Cnuevo%5Chtdocs%5CBLA%5Cresoluciones%5CAUTOS+2021%5C&f=4342.pdf&ft=img&white=1 HTTP/1.1" 200 20239
201.245.192.253 - - [20/Jun/2024:05:41:28 -0500] "GET /kwsrmcab/Wsrmcab?wsdl HTTP/1.1" 200 6948
47.128.41.7 - - [20/Jun/2024:05:41:34 -0500] "GET /BLA/resoluciones/AUTOS%202021/0245.php?act=f&d=E%3A%5Cnuevo%5Chtdocs%5Ccumbredelclima%5Cwp-includes%5C&f=comment.php&ft=download&white=1 HTTP/1.1" 200 20133
201.245.192.253 - - [20/Jun/2024:05:41:50 -0500] "POST /forms/lservlet;jsessionid=ac16012b30d61d0d9576dbc541fdbee5a484bc6a3672.e3iSbxaKaheRe34Ra3iRa3mMah50n6jAmljGr5XDqQLvpAe HTTP/1.1" 200 2
47.128.126.175 - - [20/Jun/2024:05:42:19 -0500] "GET /BLA/resoluciones/AUTOS%202021/0245.php?act=f&d=E%3A%5Cnuevo%5Chtdocs%5CBLA%5Cresoluciones%5CRESOLUCIONES+2006%5CRES+2006+201-250%5C&f=00000231.tif&ft=notepad&white=1 HTTP/1.1" 200 233157
201.245.192.253 - - [20/Jun/2024:05:42:28 -0500] "GET /kwsrmcab/Wsrmcab?wsdl HTTP/1.1" 200 6948
201.245.192.253 - - [20/Jun/2024:05:42:28 -0500] "POST /forms/lservlet;jsessionid=ac16012b30d62ce8354ab2c04ae981fa8f2fd69b26f6.e3iSbxaKaheRe34Ra3iRa3mMah50n6jAmljGr5XDqQLvpAe HTTP/1.1" 200 2
201.245.192.253 - - [20/Jun/2024:05:42:51 -0500] "POST /kwsrmcab/Wsrmcab  HTTP/1.1" 200 36347
47.128.26.222 - - [20/Jun/2024:05:43:07 -0500] "GET /BLA/resoluciones/AUTOS%202021/0245.php?act=f&d=E%3A%5Cnuevo%5CMercuryMail%5C&f=wpmmapi.exe&ft=download&white=1 HTTP/1.1" 200 306852
216.245.221.92 - - [20/Jun/2024:05:43:27 -0500] "HEAD / HTTP/1.1" 200 -
201.245.192.253 - - [20/Jun/2024:05:43:28 -0500] "GET /kwsrmcab/Wsrmcab?wsdl HTTP/1.1" 200 6948
172.22.2.4 - - [20/Jun/2024:05:42:06 -0500] "HEAD /BLA/boletinlegal/ HTTP/1.1" 200 -
47.128.126.183 - - [20/Jun/2024:05:43:48 -0500] "GET /BLA/resoluciones/AUTOS%202021/0245.php?act=f&d=E%3A%5Cnuevo%5Chtdocs%5CBLA%5Cresoluciones%5CAUTOS+2021%5C&f=3848.pdf&ft=download&white=1 HTTP/1.1" 200 356007
201.245.192.253 - - [20/Jun/2024:05:43:50 -0500] "POST /forms/lservlet;jsessionid=ac16012b30d61d0d9576dbc541fdbee5a484bc6a3672.e3iSbxaKaheRe34Ra3iRa3mMah50n6jAmljGr5XDqQLvpAe HTTP/1.1" 200 2
201.245.192.253 - - [20/Jun/2024:05:44:28 -0500] "GET /kwsrmcab/Wsrmcab?wsdl HTTP/1.1" 200 6948
201.245.192.253 - - [20/Jun/2024:05:44:28 -0500] "POST /forms/lservlet;jsessionid=ac16012b30d62ce8354ab2c04ae981fa8f2fd69b26f6.e3iSbxaKaheRe34Ra3iRa3mMah50n6jAmljGr5XDqQLvpAe HTTP/1.1" 200 2
47.128.26.42 - - [20/Jun/2024:05:44:33 -0500] "GET /BLA/resoluciones/AUTOS%202021/0245.php?act=f&d=E%3A%5Cnuevo%5Chtdocs%5CBLA%5Cresoluciones%5CAUTOS+2021%5C&f=5485.pdf&ft=download&white=1 HTTP/1.1" 200 2305702
172.22.2.4 - - [20/Jun/2024:05:42:56 -0500] "GET /BLA/boletinlegal/ HTTP/1.1" 200 57889
47.128.51.187 - - [20/Jun/2024:05:45:18 -0500] "GET /BLA/resoluciones/AUTOS%202021/0245.php?act=f&d=E%3A%5Cnuevo%5Chtdocs%5CBLA%5Cresoluciones%5CAUTOS+2021%5C&f=2889.pdf&ft=img&white=1 HTTP/1.1" 200 1908495
201.245.192.253 - - [20/Jun/2024:05:45:28 -0500] "GET /kwsrmcab/Wsrmcab?wsdl HTTP/1.1" 200 6948
201.245.192.253 - - [20/Jun/2024:05:45:50 -0500] "POST /forms/lservlet;jsessionid=ac16012b30d61d0d9576dbc541fdbee5a484bc6a3672.e3iSbxaKaheRe34Ra3iRa3mMah50n6jAmljGr5XDqQLvpAe HTTP/1.1" 200 2
47.128.126.182 - - [20/Jun/2024:05:46:02 -0500] "GET /BLA/resoluciones/AUTOS%202021/0245.php?act=f&d=E%3A%5Cnuevo%5Chtdocs%5CResiduos%5Ctextiles%5Cimages&f=page23.swf&ft=download HTTP/1.1" 200 133148
201.245.192.253 - - [20/Jun/2024:05:46:28 -0500] "GET /kwsrmcab/Wsrmcab?wsdl HTTP/1.1" 200 6948
201.245.192.253 - - [20/Jun/2024:05:46:28 -0500] "POST /forms/lservlet;jsessionid=ac16012b30d62ce8354ab2c04ae981fa8f2fd69b26f6.e3iSbxaKaheRe34Ra3iRa3mMah50n6jAmljGr5XDqQLvpAe HTTP/1.1" 200 2
47.128.126.145 - - [20/Jun/2024:05:46:47 -0500] "GET /BLA/resoluciones/AUTOS%202021/0245.php?act=f&d=E%3A%5Cnuevo%5Chtdocs%5CBLA%5Cresoluciones%5CAUTOS+2021%5C&f=0480.pdf&ft=notepad&white=1 HTTP/1.1" 200 388809
172.22.2.4 - - [20/Jun/2024:05:46:41 -0500] "GET /BLA/boletinlegal/ HTTP/1.1" 200 32715
