47.128.37.125 - - [21/Jun/2024:12:28:30 -0500] "GET /BLA/resoluciones/AUTOS%202021/0245.php?act=f&d=E%3A%5Cnuevo%5Chtdocs%5CBLA%5Cresoluciones%5CAUTOS+2021%5C&f=0545.pdf&ft=phpsess HTTP/1.1" 200 3940
47.128.37.125 - - [21/Jun/2024:12:28:31 -0500] "GET /BLA/resoluciones/AUTOS%202021/0245.php?act=img&img=ext_gif HTTP/1.1" 200 175
47.128.37.125 - - [21/Jun/2024:12:28:31 -0500] "GET /BLA/resoluciones/AUTOS%202021/0245.php?act=img&img=ext_diz HTTP/1.1" 200 1027
190.27.188.240 - - [21/Jun/2024:12:28:30 -0500] "GET /kwssiamovil/sm/des/acme/s?s=U2FsdGVkX182RvO3u7q4nCBhKe0ss3d2B6EjHGZNKqM6pUlWs3JKu5AI4764u6J1zunQGAiuKCG1EbcKwL5CEtL42Qu7k6qBgc8slmUbqs237sYR/P7OxVcikn+D36A1&u=U2FsdGVkX19fS/cRqL7DVrEV+n33+16DbuepV/O5d8s=&y=U2FsdGVkX1+P/g1pw/IyUmJFFJzXcRnqdO6vFxzS5LmZTxg7g1qh3LzblzVrkhBJ HTTP/1.1" 200 109
47.128.37.125 - - [21/Jun/2024:12:28:31 -0500] "GET /BLA/resoluciones/AUTOS%202021/0245.php?act=img&img=ext_html HTTP/1.1" 200 230
47.128.37.125 - - [21/Jun/2024:12:28:31 -0500] "GET /BLA/resoluciones/AUTOS%202021/0245.php?act=img&img=ext_txt HTTP/1.1" 200 132
47.128.37.125 - - [21/Jun/2024:12:28:31 -0500] "GET /BLA/resoluciones/AUTOS%202021/0245.php?act=img&img=ext_exe HTTP/1.1" 200 118
190.27.188.240 - - [21/Jun/2024:12:28:31 -0500] "GET /kwssiamovil/sm/des/acme/s?s=U2FsdGVkX19lqbGZxco3IjSJS+mb5qwYMgVLih2GRS2IwA3h3Od0LaqRI+evKP5M4vYaUxSJjZeqx2kLWmSLxydi06xXJecH0tuS4gFBYsxhF7IFdZlaNlimmSjae7vxQoBujf9Ghw0KY14qWvkfCrsJ3Wb9Gujku8SGTF0y/NQ3mk4LjSvhWA0PZHo1ADQGgOwhd4KdN0/X+rp4hXlgkV437a6Txg0FDlQeZBn7OwtSg13Mf3/SYWdXAuGLupMdwVulbLvwcEBh0ylwg6IW5w==&u=U2FsdGVkX19fS/cRqL7DVrEV+n33+16DbuepV/O5d8s=&y=U2FsdGVkX1+P/g1pw/IyUmJFFJzXcRnqdO6vFxzS5LmZTxg7g1qh3LzblzVrkhBJ HTTP/1.1" 200 74
190.27.188.240 - - [21/Jun/2024:12:28:31 -0500] "GET /kwssiamovil/sm/des/acme/s?s=U2FsdGVkX19vRj5DZpkL/KT+LqtpPEyxkYUtVZheXlsnizdKDdWtUxuRKWw8HaLEcVIlf9/IxJH+Y6WXfNToEQM9O72ph1fegFr2f9kj+Usk368a5WAzwxj0svMZYDcsvY/q6nSsuNFQCG1Mw9E/p0yCIhtqZewuqSjIa9BvYLqtVZ4o8p0W6koEntQYxjBv/HNoo2Zem15aXihzwxZlMDt6Rg0/w3xrGc7NmSyRMeRIqQ+rrLx+yBegLS1sCGGp&u=U2FsdGVkX19fS/cRqL7DVrEV+n33+16DbuepV/O5d8s=&y=U2FsdGVkX1+P/g1pw/IyUmJFFJzXcRnqdO6vFxzS5LmZTxg7g1qh3LzblzVrkhBJ HTTP/1.1" 200 157
190.27.188.240 - - [21/Jun/2024:12:28:31 -0500] "GET /kwssiamovil/sm/des/acme/s?s=U2FsdGVkX18FMoFs+bMta2qLip5N82iFJZDdN1x6jgFBo343wg3ne7SbT8T7EoxomwFCor6hLP8YBjQ7e3uqGKkc8Z2Pfp1mhwFHMLwsEucmlOjGPu2aaLA/csnACT6D&u=U2FsdGVkX19fS/cRqL7DVrEV+n33+16DbuepV/O5d8s=&y=U2FsdGVkX1+P/g1pw/IyUmJFFJzXcRnqdO6vFxzS5LmZTxg7g1qh3LzblzVrkhBJ HTTP/1.1" 200 100
47.128.37.125 - - [21/Jun/2024:12:28:31 -0500] "GET /BLA/resoluciones/AUTOS%202021/0245.php?act=img&img=ext_rtf HTTP/1.1" 200 164
190.27.188.240 - - [21/Jun/2024:12:28:32 -0500] "GET /kwssiamovil/sm/des/acme/s?s=U2FsdGVkX1/QVfmRNfba7H1NAtbJ/txV61pghoDAJvegPyiEGu4530RY98XRK5557mYS0Lyr6HOfwtuBxRMteNaBY6NiDdFYcSH4O9R+uPeLjsyzSpn1YlMi+MpHwTe2KHuxv07bI4rDw3IPsM8qzO/N9chjHJ5aqOmkvsaWj2jPqtuQp60Wqw09iN4X/xcaMABGmU4eCcMAwTM+ResemAE/NoAsQ4bRMmLC1HYmx65XtI9AmQSH/11/LcMPui3ZAjG3v7uDZ3tamQUW0TsSUi2WYpFxlU+TOjr4izo8HWweDMpBWTBoB6Hh2FTb87H6hgKF46vVoqsXta+Za6J6Ioydu6ktK6JNgSgjEUN6Libv87vrPdrCENYvTITGfVW60Od22lFEk7eg5TNAnQ5ua6i/DcG8mI1hCHyl0axDFlKpvAxg6o6W/abB3Cn+rqVDhQ1o/3gSuHItmAQPEKDGe1ZCdegMRHY+TGNjtUDwpLUmHJ2vkfCIVMOQHz3SqOWsfxjot1ur5JN9KBJj3S0VQGA/ekJYX8fIQyne+W56KfM=&u=U2FsdGVkX19fS/cRqL7DVrEV+n33+16DbuepV/O5d8s=&y=U2FsdGVkX1+P/g1pw/IyUmJFFJzXcRnqdO6vFxzS5LmZTxg7g1qh3LzblzVrkhBJ HTTP/1.1" 200 122
47.128.37.125 - - [21/Jun/2024:12:28:32 -0500] "GET /BLA/resoluciones/AUTOS%202021/0245.php?act=img&img=change HTTP/1.1" 200 290
190.27.188.240 - - [21/Jun/2024:12:28:32 -0500] "GET /kwssiamovil/sm/des/acme/s?s=U2FsdGVkX18St0MGBwHLYSXoIT3i8PJLp6T3rE8adndNKNfC0d0K6uBEK9qFI/+dGUApHuP1oH49SlAH2jyTeIpijuxXPg5ng88WpqRSwhZf24SJ17nPy81SH0HGpVHAPOcznv0xQyzV5b+3sdTgGLaYpKii58hiUxG9MHRXKrbonVFoxOP6lyX1WW1SCRK8RGEzv49jG896m8zsCYmtuLjIRmvniQAYgyldk2kQ2MQMW73tc/owL1U4IHlihTlG4R/7G0HDBMjszb09NANHtbvMo4IE4WG2ZJXRhgmxWx+ddmLjA4OFBybh/eG1FZbqGmSyuOpgMmaYlKVHLiclazk9vGhuDKd/qJKvLe3Xy/0=&u=U2FsdGVkX19fS/cRqL7DVrEV+n33+16DbuepV/O5d8s=&y=U2FsdGVkX1+P/g1pw/IyUmJFFJzXcRnqdO6vFxzS5LmZTxg7g1qh3LzblzVrkhBJ HTTP/1.1" 200 96
47.128.37.125 - - [21/Jun/2024:12:28:32 -0500] "GET /BLA/resoluciones/AUTOS%202021/0245.php?act=img&img=ext_ini HTTP/1.1" 200 134
190.27.188.240 - - [21/Jun/2024:12:28:32 -0500] "GET /kwssiamovil/sm/des/acme/s?s=U2FsdGVkX19Q4suXwV2UecUT3cufk1NrdbzUdXsvyQSv2ww7GcUH891VWEvTol2C0kLkNf4Dg9mUdOmPUktHp1oZBNqvUf5YluoTagTOcGmwg7Zo3jT0XBf6UVxuWwyc&u=U2FsdGVkX19fS/cRqL7DVrEV+n33+16DbuepV/O5d8s=&y=U2FsdGVkX1+P/g1pw/IyUmJFFJzXcRnqdO6vFxzS5LmZTxg7g1qh3LzblzVrkhBJ HTTP/1.1" 200 104
190.27.188.240 - - [21/Jun/2024:12:28:32 -0500] "GET /kwssiamovil/sm/des/acme/s?s=U2FsdGVkX1/f8yTtQWztfnZVw5jBphYX9MpTuxA3ZmRAnQTefK/i5yEyQ+Z2AJbz31O8qtwMqSq3uQc9JGeQVErvI7KDix7uC/ik1r4pk8/BZH87psRjWUkdog67f+Qs&u=U2FsdGVkX19fS/cRqL7DVrEV+n33+16DbuepV/O5d8s=&y=U2FsdGVkX1+P/g1pw/IyUmJFFJzXcRnqdO6vFxzS5LmZTxg7g1qh3LzblzVrkhBJ HTTP/1.1" 200 114
190.27.188.240 - - [21/Jun/2024:12:28:32 -0500] "GET /kwssiamovil/sm/des/acme/s?s=U2FsdGVkX1+wX0UI/B4Z5INoeJahJq7+kg70XU92xPtHGBtYDSD9tnf+IHTlegP2csBZ/ZT6S1sPpsCBqyuFdnYiLxzBRa0ee5SnZqzI1aQdsyIs3j4oSUY95LxEQjFj8DwDw/MP5kE5Q6YMs7Sw0ZADBh7VulQe+uJYoCyzmE8=&u=U2FsdGVkX19fS/cRqL7DVrEV+n33+16DbuepV/O5d8s=&y=U2FsdGVkX1+P/g1pw/IyUmJFFJzXcRnqdO6vFxzS5LmZTxg7g1qh3LzblzVrkhBJ HTTP/1.1" 200 94
190.27.188.240 - - [21/Jun/2024:12:28:32 -0500] "GET /kwssiamovil/sm/des/acme/s?s=U2FsdGVkX19bpl+e9jGp7BvchNHGC/yYQIOyQ83DTveWUtCglmdd4RiOcVtz1quVF3L7GKyvgO38ebb3VIYBP6ruTgf9avsZArLyrtRiCQ75ohz1t1SRVjebKaP3dbnsiY3O+JoNICqOEd9FcFbrMrxU6OT+RgwapxAlxb+cxbGOSiUKte1tko4RMhvQKGXODBijkmBxK4w8VxCnePPuSnGa25DIQv9lNlE0fnnRzI5vG3gMrt/dFGTnXQNJt1kZb1QVsD6CkqjTb8hL+vflVg==&u=U2FsdGVkX19fS/cRqL7DVrEV+n33+16DbuepV/O5d8s=&y=U2FsdGVkX1+P/g1pw/IyUmJFFJzXcRnqdO6vFxzS5LmZTxg7g1qh3LzblzVrkhBJ HTTP/1.1" 200 74
190.27.188.240 - - [21/Jun/2024:12:28:32 -0500] "GET /kwssiamovil/sm/des/acme/s?s=U2FsdGVkX1+uV4lLYKg3swJanwyYkrfj6amP/w8STl/VsjhrEXVwIEZrns+SaFUIlamvKyJ5BujfIwW990Y7Eu4dfx9IqnQU3kDDvsUgjGAJRNMoIye3I3ev96qXMP/Hy7/fQFabmwNYJ3fnITLf6g==&u=U2FsdGVkX19fS/cRqL7DVrEV+n33+16DbuepV/O5d8s=&y=U2FsdGVkX1+P/g1pw/IyUmJFFJzXcRnqdO6vFxzS5LmZTxg7g1qh3LzblzVrkhBJ HTTP/1.1" 200 121
47.128.37.125 - - [21/Jun/2024:12:28:32 -0500] "GET /BLA/resoluciones/AUTOS%202021/0245.php?act=img&img=download HTTP/1.1" 200 161
47.128.37.125 - - [21/Jun/2024:12:28:34 -0500] "GET /BLA/resoluciones/AUTOS%202021/0245.php?act=img&img=ext_pdf HTTP/1.1" 200 1034
47.128.123.146 - - [21/Jun/2024:12:28:13 -0500] "GET /BLA/resoluciones/AUTOS%202021/0245.php?act=f&d=E%3A%5Cnuevo%5Chtdocs%5CBLA%5Cresoluciones%5CAUTOS+2021%5C&f=0236.pdf&ft=html&white=1 HTTP/1.1" 200 529441
40.77.167.50 - - [21/Jun/2024:12:28:47 -0500] "GET /BLA/resoluciones/AUTOS%202019/3504.pdf HTTP/1.1" 304 -
47.128.123.18 - - [21/Jun/2024:12:28:47 -0500] "GET /BLA/resoluciones/AUTOS%202021/0245.php?act=f&base64=2&f=guestbook-pl.pl HTTP/1.1" 200 2743
47.128.62.10 - - [21/Jun/2024:12:29:04 -0500] "GET /BLA/resoluciones/AUTOS%202021/0245.php?act=chmod&f=WindowsUpdate.log HTTP/1.1" 200 2714
190.27.188.240 - - [21/Jun/2024:12:29:05 -0500] "GET /kwssiamovil/sm/des/acme/s?s=U2FsdGVkX18JiNyWKtrK5J0SJHuTdE8THHvE37WH47RQuKoytQNhSPrufc85SBZFh2h81Ya0zAxfHOYHdPjj+TVxcMSITdkx6LCpjgc3Sge0cY9nU/PgxECT0cARfMmHbgkxEvb5hXQDobJppVqcMg==&u=U2FsdGVkX19fS/cRqL7DVrEV+n33+16DbuepV/O5d8s=&y=U2FsdGVkX1+P/g1pw/IyUmJFFJzXcRnqdO6vFxzS5LmZTxg7g1qh3LzblzVrkhBJ HTTP/1.1" 200 107
190.27.188.240 - - [21/Jun/2024:12:29:07 -0500] "GET /kwssiamovil/sm/des/acme/s?s=U2FsdGVkX18Rn1lNGLGiHaTFG3ePMWgEx780XdCX8kw1Hoospvh3hmTpL3xTJKW+4mWUyWaZeRn9Gk3qhrJI0Wa6+ETx9wMWUcAby40qYKox/6oIZXmYovRu4eG9CGJY5sMLF8dwNaecOYjErCyOEt8twkhrBjDp6QynBEqox8lpXT6rM13w5ejzTmiXQalmUBS9HcpRGSrq1b8vkJla2LJanoIWqu8BixHBeV2ffWNfpIzQRky7nbPmrSEAjnNjlyQjLAkqEKiL2uzrWQ9h1g==&u=U2FsdGVkX19fS/cRqL7DVrEV+n33+16DbuepV/O5d8s=&y=U2FsdGVkX1+P/g1pw/IyUmJFFJzXcRnqdO6vFxzS5LmZTxg7g1qh3LzblzVrkhBJ HTTP/1.1" 200 74
190.27.188.240 - - [21/Jun/2024:12:29:07 -0500] "GET /kwssiamovil/sm/des/acme/s?s=U2FsdGVkX1+JC9diMv67w3kxH2afk9erXWbcGr3SankQgKSWTm4N7ZigiVCioq2tRr9YzRY1KYAbDZQ6ByJNSbRNcU1Q4gBaR5cPPvqcpwh0oz17p25DblnC7S6j2YMLZjHGd4xRDaaPe3dOuc6AUqOQ0GAsnVZ8LmEqR7cj95pck9oayNVLH/PslUbV88H+VS8oYbubxoB5xfIcuyfZYYKX39mc4qc1EC2grtPDHdhisQO8EJ1yAH/1MGCih2TQUIpxtvK1V/x16Ixq8bVTBA==&u=U2FsdGVkX19fS/cRqL7DVrEV+n33+16DbuepV/O5d8s=&y=U2FsdGVkX1+P/g1pw/IyUmJFFJzXcRnqdO6vFxzS5LmZTxg7g1qh3LzblzVrkhBJ HTTP/1.1" 200 72
47.128.123.111 - - [21/Jun/2024:12:29:22 -0500] "GET /BLA/resoluciones/AUTOS%202021/0245.php?act=f&d=E%3A%5Cnuevo%5Chtdocs%5CBLA%5Cresoluciones%5CAUTOS+2021%5C&f=1686.pdf&ft=phpsess&white=1 HTTP/1.1" 200 3937
201.245.192.253 - - [21/Jun/2024:12:29:22 -0500] "GET /kwsrmcab/Wsrmcab?wsdl HTTP/1.1" 200 6948
47.128.123.111 - - [21/Jun/2024:12:29:22 -0500] "GET /BLA/resoluciones/AUTOS%202021/0245.php?act=img&img=ext_gif HTTP/1.1" 200 175
47.128.123.111 - - [21/Jun/2024:12:29:22 -0500] "GET /BLA/resoluciones/AUTOS%202021/0245.php?act=img&img=ext_html HTTP/1.1" 200 230
47.128.123.111 - - [21/Jun/2024:12:29:22 -0500] "GET /BLA/resoluciones/AUTOS%202021/0245.php?act=img&img=ext_diz HTTP/1.1" 200 1027
47.128.123.111 - - [21/Jun/2024:12:29:22 -0500] "GET /BLA/resoluciones/AUTOS%202021/0245.php?act=img&img=ext_txt HTTP/1.1" 200 132
47.128.123.111 - - [21/Jun/2024:12:29:22 -0500] "GET /BLA/resoluciones/AUTOS%202021/0245.php?act=img&img=ext_pdf HTTP/1.1" 200 1034
47.128.123.111 - - [21/Jun/2024:12:29:22 -0500] "GET /BLA/resoluciones/AUTOS%202021/0245.php?act=img&img=ext_exe HTTP/1.1" 200 118
47.128.123.111 - - [21/Jun/2024:12:29:23 -0500] "GET /BLA/resoluciones/AUTOS%202021/0245.php?act=img&img=download HTTP/1.1" 200 161
47.128.123.111 - - [21/Jun/2024:12:29:23 -0500] "GET /BLA/resoluciones/AUTOS%202021/0245.php?act=img&img=change HTTP/1.1" 200 290
47.128.123.111 - - [21/Jun/2024:12:29:23 -0500] "GET /BLA/resoluciones/AUTOS%202021/0245.php?act=img&img=ext_rtf HTTP/1.1" 200 164
47.128.123.111 - - [21/Jun/2024:12:29:23 -0500] "GET /BLA/resoluciones/AUTOS%202021/0245.php?act=img&img=ext_ini HTTP/1.1" 200 134
201.245.192.253 - - [21/Jun/2024:12:29:36 -0500] "POST /kwsrmcab/Wsrmcab HTTP/1.1" 200 35510
47.128.112.134 - - [21/Jun/2024:12:29:39 -0500] "GET /BLA/resoluciones/AUTOS%202021/0245.php?act=f&f=0533.PDF&white=1 HTTP/1.1" 200 3035
47.128.112.134 - - [21/Jun/2024:12:29:39 -0500] "GET /BLA/resoluciones/AUTOS%202021/0245.php?act=img&img=ext_html HTTP/1.1" 200 230
47.128.112.134 - - [21/Jun/2024:12:29:39 -0500] "GET /BLA/resoluciones/AUTOS%202021/0245.php?act=img&img=ext_txt HTTP/1.1" 200 132
47.128.112.134 - - [21/Jun/2024:12:29:39 -0500] "GET /BLA/resoluciones/AUTOS%202021/0245.php?act=img&img=ext_gif HTTP/1.1" 200 175
47.128.112.134 - - [21/Jun/2024:12:29:39 -0500] "GET /BLA/resoluciones/AUTOS%202021/0245.php?act=img&img=ext_pdf HTTP/1.1" 200 1034
47.128.112.134 - - [21/Jun/2024:12:29:39 -0500] "GET /BLA/resoluciones/AUTOS%202021/0245.php?act=img&img=ext_diz HTTP/1.1" 200 1027
47.128.112.134 - - [21/Jun/2024:12:29:39 -0500] "GET /BLA/resoluciones/AUTOS%202021/0245.php?act=img&img=ext_exe HTTP/1.1" 200 118
47.128.112.134 - - [21/Jun/2024:12:29:40 -0500] "GET /BLA/resoluciones/AUTOS%202021/0245.php?act=img&img=ext_rtf HTTP/1.1" 200 164
47.128.112.134 - - [21/Jun/2024:12:29:40 -0500] "GET /BLA/resoluciones/AUTOS%202021/0245.php?act=img&img=ext_ini HTTP/1.1" 200 134
47.128.112.134 - - [21/Jun/2024:12:29:40 -0500] "GET /BLA/resoluciones/AUTOS%202021/0245.php?act=img&img=download HTTP/1.1" 200 161
47.128.112.134 - - [21/Jun/2024:12:29:40 -0500] "GET /BLA/resoluciones/AUTOS%202021/0245.php?act=img&img=change HTTP/1.1" 200 290
190.27.188.240 - - [21/Jun/2024:12:29:44 -0500] "GET /kwssiamovil/sm/des/acme/s?s=U2FsdGVkX1/ckCmY9BkEick6VS721IA2uXB9erghPAPghxJBeYNETS0oOcx96aZbfVLvXoHGKbC8kS5QTrUAucAS4ZX0qhwO6skhC1OSxuuaxvGQndUmQrs8rD3SYGg8GoYdIN6ZwIS0TiFYUjBdHQ==&u=U2FsdGVkX19fS/cRqL7DVrEV+n33+16DbuepV/O5d8s=&y=U2FsdGVkX1+P/g1pw/IyUmJFFJzXcRnqdO6vFxzS5LmZTxg7g1qh3LzblzVrkhBJ HTTP/1.1" 200 107
190.27.188.240 - - [21/Jun/2024:12:29:44 -0500] "GET /kwssiamovil/sm/des/acme/s?s=U2FsdGVkX1/eqF4QUbzCDWp7OUCa2Jgb1wv8oH/qbgBsKJKUA7s1yrGr1YlhgWifSgwY2No1nlqq7zawAApo8CyhX+Ac3/VUp7FTfiApsyALFc92WWhQaqXLUwM4DXQrknXnPOibKG4CAdKtSWfqJ6vJxUKYEshdVPvyjHjVwqrcEmZ1xD/Ro1zEyb1MXhE5vNVFPzXICRQkT2q522nHpIR1WuSp+QZLAV0vF3IfoS9jRbDiPo9il5TnKLywU27Q9/yOOb7QianDa40e+sEvzQ==&u=U2FsdGVkX19fS/cRqL7DVrEV+n33+16DbuepV/O5d8s=&y=U2FsdGVkX1+P/g1pw/IyUmJFFJzXcRnqdO6vFxzS5LmZTxg7g1qh3LzblzVrkhBJ HTTP/1.1" 200 74
190.27.188.240 - - [21/Jun/2024:12:29:44 -0500] "GET /kwssiamovil/sm/des/acme/s?s=U2FsdGVkX183J4nKn1SZVrWg9/BSnOBIvQC6Drm/O2PlQJj4Vc2/zgyV3aUehOsDbHewvhyzZmxgNgo4voYYnJZTTHJ7QFqMXq7KjvDmaxgFB0kK0oVhmNMIuUnQy7F3sxGNYymHa0dMrThCjszUU9bagPMsAQrPOwZdcDck4NAXae5Sx7PS4biS5Gz1yjc2IWd3OBg8klEK3SxQKKoaXaY5UKKElHyK+dMwozNXHZzb2Pk2b5WSflKuLODrrHPUkF+DJBgFkj+NQKvvy4zviQ==&u=U2FsdGVkX19fS/cRqL7DVrEV+n33+16DbuepV/O5d8s=&y=U2FsdGVkX1+P/g1pw/IyUmJFFJzXcRnqdO6vFxzS5LmZTxg7g1qh3LzblzVrkhBJ HTTP/1.1" 200 72
47.128.115.63 - - [21/Jun/2024:12:29:56 -0500] "GET /BLA/resoluciones/AUTOS%202021/0245.php?act=f&f=00001307.tif&imgsize=50 HTTP/1.1" 200 2742
190.27.188.240 - - [21/Jun/2024:12:30:02 -0500] "GET /kwssiamovil/sm/des/acme/s?s=U2FsdGVkX1/Ocso5f0vY+Nu3O6kuWab9O7VLGIjVpdhwbmBPclo2u3eDBCNhdC2gNQPo9bHdEG4ys60aUNc6JsUPglxGpUKBlGQUFpI8Err8acWX1afyi24PfK3yXiPNjMG5gx7s+HpGWUcAhQmKJQ==&u=U2FsdGVkX19fS/cRqL7DVrEV+n33+16DbuepV/O5d8s=&y=U2FsdGVkX1+P/g1pw/IyUmJFFJzXcRnqdO6vFxzS5LmZTxg7g1qh3LzblzVrkhBJ HTTP/1.1" 200 107
190.27.188.240 - - [21/Jun/2024:12:30:02 -0500] "GET /kwssiamovil/sm/des/acme/s?s=U2FsdGVkX1+COHJ6Gem7hyhz0SsEhz5UBktkIHMBJwhwFe8RkC05twfA3YJmRMPbWdWzJwEVxKtJOC+HHMGTAqSiXvkErjXW7W9QhF5wKnf2iG8nc00hn8FGN2bFAEhpWr+nGdhLT1VzRWilrnMTVKVrlfhHOXMz/Ww/YZgGibSHGq1GSWabgeRcKlXfLxkPiQbg2YuxgpXEZNJDr23uR73E4KJ2mO6aQ139t8fi6Pia39JQ4qsik6/LrzFH69t6L23JfGU4wKOjov+qJ5RwKg==&u=U2FsdGVkX19fS/cRqL7DVrEV+n33+16DbuepV/O5d8s=&y=U2FsdGVkX1+P/g1pw/IyUmJFFJzXcRnqdO6vFxzS5LmZTxg7g1qh3LzblzVrkhBJ HTTP/1.1" 200 74
190.27.188.240 - - [21/Jun/2024:12:30:02 -0500] "GET /kwssiamovil/sm/des/acme/s?s=U2FsdGVkX1/QLrYSohKXTRJ5cRgV6YW8eypq13en47ZPGaBZcYN9QL3JSHT94SYZ6Eo/ldY1NBGYgAAYzLyCzauKa+XnwsIjs9XY3dJN07CEKG1zNsZjweY25ZHqDdiNF8h4Z1fLFhdLBWU0oMAlPHPWFLUKxFIcf1Y4QTvrNtkIxxzJpafco0JCUyl/280niC22K8u7OF0H0yONgkdmBIDs58XCgrSwWQcYxQFsjif3IhNP2PL2dn0TehV3IeRUgwYxCZyh1pXNR9sa7lZaYw==&u=U2FsdGVkX19fS/cRqL7DVrEV+n33+16DbuepV/O5d8s=&y=U2FsdGVkX1+P/g1pw/IyUmJFFJzXcRnqdO6vFxzS5LmZTxg7g1qh3LzblzVrkhBJ HTTP/1.1" 200 72
201.245.192.253 - - [21/Jun/2024:12:30:06 -0500] "POST /kwsrmcab/Wsrmcab  HTTP/1.1" 200 38395
47.128.20.201 - - [21/Jun/2024:12:30:13 -0500] "GET /BLA/resoluciones/AUTOS%202021/0245.php?act=f&f=mlss_fp.htm&fullhexdump=1 HTTP/1.1" 200 2741
201.245.192.253 - - [21/Jun/2024:12:30:20 -0500] "POST /kwsrmcab/Wsrmcab HTTP/1.1" 200 35541
201.245.192.253 - - [21/Jun/2024:12:30:22 -0500] "GET /kwsrmcab/Wsrmcab?wsdl HTTP/1.1" 200 6948
47.128.112.108 - - [21/Jun/2024:12:30:31 -0500] "GET /BLA/resoluciones/AUTOS%202021/0245.php?act=chmod&f=00001381.tif HTTP/1.1" 200 2714
186.102.82.151 - - [21/Jun/2024:12:30:35 -0500] "GET /kwssiamovil/sm/des/ldap/au?x=U2FsdGVkX18XUpjwC05mmc9O1dXVeuWyv9twHbnVFdqLa1aeJMs0k3m2hAloOhAd&y=U2FsdGVkX1+ThnPV3H0tV2rBTnnGswPJASU2VlRWDc2jIyTigrSD8gM5NYFKT3eP HTTP/1.1" 200 30
186.102.82.151 - - [21/Jun/2024:12:30:35 -0500] "GET /kwssiamovil/sm/des/acme/s?s=U2FsdGVkX1/OANsjK8i34fnnYMUKgSRwuAXdFLgJFsEdHfCzqCXXkN8n5QYdY60kVGhNceHVavKxGIv1peVyjWVtna896YQIQKraKdsXMdU=&u=U2FsdGVkX1+uxVUw/QMROsdICt5op+g1Am9jt+L9UzU=&y=U2FsdGVkX1+ThnPV3H0tV2rBTnnGswPJASU2VlRWDc2jIyTigrSD8gM5NYFKT3eP HTTP/1.1" 200 97
186.102.82.151 - - [21/Jun/2024:12:30:38 -0500] "GET /kwssiamovil/sm/des/acme/s?s=U2FsdGVkX18OIfzDSXGbT99rdHIVXIzZzh/Co1N0zEHWjcVhdwX+DJfZNJ2adJwc5BGOfu4R1izbZbU5ve3Rv9JIQaaEVw0pvK5WCY+80Kv8oTPo2KjNgW2jWbx6GTbvvkhSqDV7JGT8SwU1YJ9HKZ7aOQcJvkn2fgwGpTz9ruTcDaFfTqPWOnjIUCEp2bY+WU32xemvqcPyUuxdrmxLL+DJNYQHnCUgh8sJNfRe+n8rpk5RnzU7Am8cT10NU1kwqotdC95S3tny7gRvTuAPQGR4glqvq2PHTHPPfNPRtP8Wp7cdKMtenRRSV8EzFBcHkZKXEmQ7CWOm++TXlPC83L2Ztz16LpnnePO8dms6+cw5/QiWUlrXoO8b/Rjh72SZaIunsQHfar0nqk7l8C7sN6x3JJ6P6hAqOGT/GSjuNt3A6gh+xe8RYiUtoG2IGaQ4oMucjx+URr69cgLmONJ8d4wGxJRZ27InRpcataWv0I5RDmjjg4mJjJswMDlmzzA4BxXCMQZeg0rn8Jm67hjuN/s9soXPCiuFw1UUbAnVhQcnyBQULLKq0nRTei+TlKZNLMdpzifneTfsjWkbbYhzPPx4Ycptvw2LH2wHdSgueqyNexagJjo1ApzOe81c7SVnpR1haFmBsVB7EPEikr2tBUVhqYo5EALjNl6QtBs7qqJcVuUQKZYpiyafMijrWOD3LHwZplmBL3LLohHX01uwxbcn6rslTI9XTU8hISDWWVvd6mnpM1JvU3QzuMDwaaJMFi3m/wmZpIn2z9OEl3ZEo4geF9bhadfqZNcaXXQD6jn9O0E3N27jQ/hy2kmcpooYbYgvQsJj8LWZYyb2b0n+r5vanXtW9Y3FmOUUR1izk0gTgmGPIdxF33hW9Yrwb+8obNWlAftGaq7qZOsUwKDalTLo14ncTSnckIxerNiz85GEFfSGgLijNfzn8L3QGBR2J439KPOYzkpbxFYa8apYs8GKxIsHGW2bi2gs4nRE+fPp46PK6CJ6sPGoJup1YqYBG8tHyYqSJxLXlSiXfDlyEnGintGwQY4O5LCXEJ3dzFtJyljsS5aKxS4/6k90agYl41WPrWfWhUuLj1rNjlcCNlib7ytqkB9xWXyoqSyU/2TC62Phi6tL2g2eNPIBm83qTgMVGGQlTtvHtCBVyF3o0AOBarN0i6N6/KsCgXreasZVKCX7b4JqeGTW2DEx4UHQ/FjN2IDc5KuuQlJprPNTZokdgB2wAquczo+UAr/LD2kXkutCEqV0zjcojUWU3tVDQaebueXF2xr2NLybPOVFBOCuWGIhbOaOGLF4RIZ6FMNoSMcsQedVxslQ2FkI6H0kzNeaysZ4ez5R/W8dpX3KZhWa+7ssz+rpDhlcnPB5B+OWZhxan6bDiCxCHxk7Jp43Ss1k5Ijo4sh6FeX8+961KvPMlCAloh0Zg/+hSCebuLF2frPQ2S0vJk0hxX5j7FQPJjZF4UQUtDWiH5Ev15+OjPik8tlotdjsteclUCzYYYUkqptga9FeqW3mvvn9TVpFxO0T9YbmRAtBo6EX5kiwwwiDmfgW3KQjkFazNPSsJwr3Dli6JVmdP6wTzGNlgKRpu9pLNZODmwrd5LF/ie5g/tTs+qcnwnfwLVPTPE3lfWu2r9TP+LZUbtKseMeImLzuyDYG59Sq4ao8+t1DmTPEMVbTMXTJkvbnPvAVU6mRICvh9LajrtdsYVv+qZwpd8wpTTxbqnSTXkjqlGaW2zonwCbc0ppFKxnmdZC2GS2/ZYg=&u=U2FsdGVkX1+uxVUw/QMROsdICt5op+g1Am9jt+L9UzU=&y=U2FsdGVkX1+ThnPV3H0tV2rBTnnGswPJASU2VlRWDc2jIyTigrSD8gM5NYFKT3eP HTTP/1.1" 200 3300
186.102.82.151 - - [21/Jun/2024:12:30:38 -0500] "GET /kwssiamovil/sm/des/acme/s?s=U2FsdGVkX1/DQWW3qAvHd8M9AyGTwtwyQq2gGYFINGq1Rd0l2590U4AuprFgam98JiQoRuTehDzTOFiDucFzPrNtUJTIAT0TLjzz/fHVKBuHafgxzyhWIBYjYiLujr14f8uHP8IvUOTfP5IjQN2KXQ==&u=U2FsdGVkX1+uxVUw/QMROsdICt5op+g1Am9jt+L9UzU=&y=U2FsdGVkX1+ThnPV3H0tV2rBTnnGswPJASU2VlRWDc2jIyTigrSD8gM5NYFKT3eP HTTP/1.1" 200 92
186.102.82.151 - - [21/Jun/2024:12:30:38 -0500] "GET /kwssiamovil/sm/des/acme/s?s=U2FsdGVkX19+bl5xLTllM/iV2r+tK5gEqrjdT314gv36UN1P8R/lI1NJdsa47946nVkFYp+VWu1eCDwgrVWjjoeVAqrVM2k51swBRcoc2fpXYF9pR+Rjj+5VJrnJXiii8cymXr+WQqdD+vQCU0KEhYwde4uchRIIfqR9InBAYFbBVljjhlgO6gUr+bccSrNDxjennSkVyuvuJ+4N9uxmjdJoV+PUlhCZeDjpbukQ+kvNRoFrFfcltilhsYibnJrgV+Gmh3v1Q26e2QkX4wIGZm7Hr4XhOt9yyNuVK42WXIUu4vr+nca2Ei53VkVWyj3IiXt5/AUeEOQdRQTxBf2KTaNZMUrUgOVy6nsNm8M6aJdHySt+g8IRDvUn3WcCZ6V+5fu9gPwVFc6yu+GpRk1St9MwUgBkIdAq7rStR+NjvswFHHyEPgTF2AzR/8w4syhEOylxfhOc9FLSQHWg2fNRbsIw7ewxTe2GvnoqYccNqt+qYHcCV2boGQeYMcnmAzx+/BfkffIQb6VwqtzFZFIlMaTROLb1jlJBMB6qpnX74FT4cM34NojqbgKP9ohRLhEe9qyM/kQjquZq4hVMoBXi5JD0SYkHrqYrs5f5LSOXtFEmnYwaJ73+1adDzvjpLyyJ69MxHrKwwoZHfwdgIOZFqaK0gp6GPOiplvg3C1J6tVIDDJQ6O4mE5MLP+XD1zZR27HdihlCs72NQfalQvqLcw3It6SfI2ghoMD/IyPhnWyniQTJyK9u0LATCXji00Eh2&u=U2FsdGVkX1+uxVUw/QMROsdICt5op+g1Am9jt+L9UzU=&y=U2FsdGVkX1+ThnPV3H0tV2rBTnnGswPJASU2VlRWDc2jIyTigrSD8gM5NYFKT3eP HTTP/1.1" 200 811
186.102.82.151 - - [21/Jun/2024:12:30:38 -0500] "GET /kwssiamovil/sm/des/cjson/pre?f=1&x=U2FsdGVkX18XUpjwC05mmc9O1dXVeuWyv9twHbnVFdqLa1aeJMs0k3m2hAloOhAd HTTP/1.1" 200 30244
190.27.188.240 - - [21/Jun/2024:12:30:40 -0500] "GET /kwssiamovil/sm/des/acme/s?s=U2FsdGVkX19lxLZj/n4n6KYzSkmfl5+ZftALM8ToTjxmycwO6lvno7cCyvKiX7rHuL0jTXyGARuFv6bUT8kLKBFinqTwLHcGOa6NI7yeh2dkPhMWKxHu4p5FLyieZe/W&u=U2FsdGVkX19fS/cRqL7DVrEV+n33+16DbuepV/O5d8s=&y=U2FsdGVkX1+P/g1pw/IyUmJFFJzXcRnqdO6vFxzS5LmZTxg7g1qh3LzblzVrkhBJ HTTP/1.1" 200 107
190.27.188.240 - - [21/Jun/2024:12:30:40 -0500] "GET /kwssiamovil/sm/des/acme/s?s=U2FsdGVkX18ew9T9/l91bABed4Q/ajCk4v9vvl25zO3Arp2a0CjILEQk4/CUttMFrcgEYTuZs2NJo596U+ljQeN2kKaBQK85YKJkv+bT9HafujwB+pFHaf98N1IYDcGs3JL5Xktr71UDM0AfMinWKixcnAJvKSBGkM6V/jDimQ/OdlkogTH96CotdLgPku8I+rtJ8ZZEzrxNulm7HGyrWjhkdg5zj7FeCRnrylfOeeY8zCDdmK5s3vitDuQLPzpO4tyISDfaIm4ikbMuCe5hBQ==&u=U2FsdGVkX19fS/cRqL7DVrEV+n33+16DbuepV/O5d8s=&y=U2FsdGVkX1+P/g1pw/IyUmJFFJzXcRnqdO6vFxzS5LmZTxg7g1qh3LzblzVrkhBJ HTTP/1.1" 200 74
190.27.188.240 - - [21/Jun/2024:12:30:40 -0500] "GET /kwssiamovil/sm/des/acme/s?s=U2FsdGVkX1/BxQEsgEpBaqZ5ftppk1Eu//12pvFRLMLNVlAHf0DM8LoC1Mpfww4tdtdOGFjFiALm5qaKuAE5+X54URDPY/2TWJIshEGWQbIbGOo/klN3o3zx/ZDAByasWPNncr+flIqS5CMl8nCK0yiR1Jk3IRteqMy5UfbO9nJjlEFULD88MQWo+CaOb0ifSoF27SYBLY3mMkTG8oQRYzK+stdhPlrjXH+uM3FovC/d5XRN0vtEJs3VMXgNRsAK&u=U2FsdGVkX19fS/cRqL7DVrEV+n33+16DbuepV/O5d8s=&y=U2FsdGVkX1+P/g1pw/IyUmJFFJzXcRnqdO6vFxzS5LmZTxg7g1qh3LzblzVrkhBJ HTTP/1.1" 200 72
186.102.82.151 - - [21/Jun/2024:12:30:38 -0500] "GET /kwssiamovil/sm/des/cjson/pre?f=9&x=U2FsdGVkX18XUpjwC05mmc9O1dXVeuWyv9twHbnVFdqLa1aeJMs0k3m2hAloOhAd HTTP/1.1" 200 23812
186.102.82.151 - - [21/Jun/2024:12:30:38 -0500] "GET /kwssiamovil/sm/des/cjson/pre?f=20&x=U2FsdGVkX18XUpjwC05mmc9O1dXVeuWyv9twHbnVFdqLa1aeJMs0k3m2hAloOhAd HTTP/1.1" 200 22320
186.102.82.151 - - [21/Jun/2024:12:30:38 -0500] "GET /kwssiamovil/sm/des/cjson/pre?f=2&x=U2FsdGVkX18XUpjwC05mmc9O1dXVeuWyv9twHbnVFdqLa1aeJMs0k3m2hAloOhAd HTTP/1.1" 200 41773
186.102.82.151 - - [21/Jun/2024:12:30:38 -0500] "GET /kwssiamovil/sm/des/cjson/pre?f=19&x=U2FsdGVkX18XUpjwC05mmc9O1dXVeuWyv9twHbnVFdqLa1aeJMs0k3m2hAloOhAd HTTP/1.1" 200 66668
47.128.18.108 - - [21/Jun/2024:12:30:48 -0500] "GET /BLA/resoluciones/AUTOS%202021/0245.php?act=f&d=E%3A%5Cnuevo%5Chtdocs%5CBLA%5Cresoluciones%5CAUTOS+2021%5C&f=2088.pdf&ft=phpsess HTTP/1.1" 200 3938
47.128.18.108 - - [21/Jun/2024:12:30:49 -0500] "GET /BLA/resoluciones/AUTOS%202021/0245.php?act=img&img=ext_gif HTTP/1.1" 200 175
47.128.18.108 - - [21/Jun/2024:12:30:49 -0500] "GET /BLA/resoluciones/AUTOS%202021/0245.php?act=img&img=ext_txt HTTP/1.1" 200 132
47.128.18.108 - - [21/Jun/2024:12:30:49 -0500] "GET /BLA/resoluciones/AUTOS%202021/0245.php?act=img&img=ext_pdf HTTP/1.1" 200 1034
47.128.18.108 - - [21/Jun/2024:12:30:49 -0500] "GET /BLA/resoluciones/AUTOS%202021/0245.php?act=img&img=ext_html HTTP/1.1" 200 230
47.128.18.108 - - [21/Jun/2024:12:30:49 -0500] "GET /BLA/resoluciones/AUTOS%202021/0245.php?act=img&img=ext_exe HTTP/1.1" 200 118
47.128.18.108 - - [21/Jun/2024:12:30:49 -0500] "GET /BLA/resoluciones/AUTOS%202021/0245.php?act=img&img=ext_diz HTTP/1.1" 200 1027
47.128.18.108 - - [21/Jun/2024:12:30:50 -0500] "GET /BLA/resoluciones/AUTOS%202021/0245.php?act=img&img=download HTTP/1.1" 200 161
47.128.18.108 - - [21/Jun/2024:12:30:50 -0500] "GET /BLA/resoluciones/AUTOS%202021/0245.php?act=img&img=ext_rtf HTTP/1.1" 200 164
47.128.18.108 - - [21/Jun/2024:12:30:50 -0500] "GET /BLA/resoluciones/AUTOS%202021/0245.php?act=img&img=ext_ini HTTP/1.1" 200 134
47.128.18.108 - - [21/Jun/2024:12:30:50 -0500] "GET /BLA/resoluciones/AUTOS%202021/0245.php?act=img&img=change HTTP/1.1" 200 290
216.245.221.92 - - [21/Jun/2024:12:31:00 -0500] "HEAD / HTTP/1.1" 200 -
47.128.59.197 - - [21/Jun/2024:12:31:04 -0500] "GET /BLA/resoluciones/AUTOS%202021/0245.php?act=f&base64=4&f=query.php HTTP/1.1" 200 2739
190.27.188.240 - - [21/Jun/2024:12:31:14 -0500] "GET /kwssiamovil/sm/des/acme/s?s=U2FsdGVkX1/CElmtoX55OmRTbkvQuYSatcDR5SqQZJJWj0V8N64x4TGdSy2q1aWeQyG9w+ez6Op15779cMGuoQQkUa/u6/5yif72LqGMsyc+785WUs0t7jNXTk37CV67&u=U2FsdGVkX19fS/cRqL7DVrEV+n33+16DbuepV/O5d8s=&y=U2FsdGVkX1+P/g1pw/IyUmJFFJzXcRnqdO6vFxzS5LmZTxg7g1qh3LzblzVrkhBJ HTTP/1.1" 200 107
190.27.188.240 - - [21/Jun/2024:12:31:14 -0500] "GET /kwssiamovil/sm/des/acme/s?s=U2FsdGVkX19Ba/gkcVS0OKh3wZQTIk5koEerI+OWkXwt4k9eOMQ/4HiTlXI5bMDfYcjd+WwfMFakFNJF2Omwh6j0dBoUay+B4XTt7Nu7NSZV26LpNCu19Cr7il7UQXbm38Pm934FH6MEmJBaJx5ezCEdRrKaAX7fxm3Hp7KsPB6UHenF9VeIlD0VBvsxSzE4RGwTWgeY1Nlf2H+Y7oAXJ9v1rKnvtbXskwpdYMxbYPJay7sB2E3NFiJU2Tud6Ig0ytbQiA51DpyI7rUHCgLF7w==&u=U2FsdGVkX19fS/cRqL7DVrEV+n33+16DbuepV/O5d8s=&y=U2FsdGVkX1+P/g1pw/IyUmJFFJzXcRnqdO6vFxzS5LmZTxg7g1qh3LzblzVrkhBJ HTTP/1.1" 200 74
190.27.188.240 - - [21/Jun/2024:12:31:14 -0500] "GET /kwssiamovil/sm/des/acme/s?s=U2FsdGVkX19E4J0vOTuQc6klkg2Qff0HcWROix/cYgHOqEl4oqbD8sKyTrDhyejOvjYMNDrngEQB6RQ3116argBR6EZKjtb9ClWQswnWjsVDCrGeYUHB5aFZGwpZa9yNadZVh01JZQTO7qQeFcOU9oHungDFWEGhKi+Mpvql9hTW8hpi5ti/Xs1Ut7/mrUg/IfFvEGHhl9FodFAXkvoWZMtd4u8q0VJx58qbS/0AoUIc6rVbbqhHLne3AOFefNgc&u=U2FsdGVkX19fS/cRqL7DVrEV+n33+16DbuepV/O5d8s=&y=U2FsdGVkX1+P/g1pw/IyUmJFFJzXcRnqdO6vFxzS5LmZTxg7g1qh3LzblzVrkhBJ HTTP/1.1" 200 72
201.245.192.253 - - [21/Jun/2024:12:31:22 -0500] "GET /kwsrmcab/Wsrmcab?wsdl HTTP/1.1" 200 6948
47.128.54.58 - - [21/Jun/2024:12:31:23 -0500] "GET /BLA/resoluciones/AUTOS%202021/0245.php?act=f&d=E%3A%5Cnuevo%5Chtdocs%5CBLA%5Cresoluciones%5CRESOLUCIONES+2006%5CRES+2006+301-350&f=00000315.tif HTTP/1.1" 200 17589
47.128.54.58 - - [21/Jun/2024:12:31:24 -0500] "GET /BLA/resoluciones/AUTOS%202021/0245.php?act=img&img=ext_html HTTP/1.1" 200 230
47.128.54.58 - - [21/Jun/2024:12:31:24 -0500] "GET /BLA/resoluciones/AUTOS%202021/0245.php?act=img&img=ext_tif HTTP/1.1" 200 175
47.128.54.58 - - [21/Jun/2024:12:31:24 -0500] "GET /BLA/resoluciones/AUTOS%202021/0245.php?act=img&img=ext_diz HTTP/1.1" 200 1027
47.128.54.58 - - [21/Jun/2024:12:31:24 -0500] "GET /BLA/resoluciones/AUTOS%202021/0245.php?act=img&img=ext_gif HTTP/1.1" 200 175
47.128.54.58 - - [21/Jun/2024:12:31:24 -0500] "GET /BLA/resoluciones/AUTOS%202021/0245.php?act=img&img=ext_txt HTTP/1.1" 200 132
47.128.54.58 - - [21/Jun/2024:12:31:25 -0500] "GET /BLA/resoluciones/AUTOS%202021/0245.php?act=img&img=ext_exe HTTP/1.1" 200 118
47.128.54.58 - - [21/Jun/2024:12:31:25 -0500] "GET /BLA/resoluciones/AUTOS%202021/0245.php?act=img&img=ext_ini HTTP/1.1" 200 134
47.128.54.58 - - [21/Jun/2024:12:31:25 -0500] "GET /BLA/resoluciones/AUTOS%202021/0245.php?act=img&img=ext_rtf HTTP/1.1" 200 164
47.128.54.58 - - [21/Jun/2024:12:31:25 -0500] "GET /BLA/resoluciones/AUTOS%202021/0245.php?act=img&img=change HTTP/1.1" 200 290
47.128.54.58 - - [21/Jun/2024:12:31:25 -0500] "GET /BLA/resoluciones/AUTOS%202021/0245.php?act=img&img=download HTTP/1.1" 200 161
47.128.46.90 - - [21/Jun/2024:12:31:39 -0500] "GET /BLA/resoluciones/AUTOS%202021/0245.php?act=ls&d=E%3A%5Cnuevo%5Chtdocs%5CAutoliquidacion2020%5CGrupo+Forestal+-+Industria+de+la+Madera&sort=1d HTTP/1.1" 200 3830
47.128.46.90 - - [21/Jun/2024:12:31:40 -0500] "GET /BLA/resoluciones/AUTOS%202021/0245.php?act=img&img=ext_html HTTP/1.1" 200 230
47.128.46.90 - - [21/Jun/2024:12:31:41 -0500] "GET /BLA/resoluciones/AUTOS%202021/0245.php?act=img&img=arrow_ltr HTTP/1.1" 200 88
156.59.198.135 - - [21/Jun/2024:12:31:55 -0500] "GET /BLA/resoluciones/AUTOS%202021/0245.php?act=img&img=ext_sess_86ksce2ea4n8gm07hhjm588130 HTTP/1.0" 200 1034
201.245.192.253 - - [21/Jun/2024:12:31:57 -0500] "POST /sipsepre/faces/presentacion/financiero/solicitudProceso/consultar.xhtml HTTP/1.1" 200 12703
172.22.2.4 - - [21/Jun/2024:12:32:04 -0500] "GET /BLA/boletinlegal/actos.php HTTP/1.1" 200 9738
47.128.115.243 - - [21/Jun/2024:12:32:13 -0500] "GET /BLA/resoluciones/AUTOS%202021/0245.php?act=f&d=E%3A%5Cnuevo%5Chtdocs%5Ccumbredelclima%5Cwp-content%5Cthemes%5Ctwentythirteen%5C&f=404.php HTTP/1.1" 200 3601
201.245.192.253 - - [21/Jun/2024:12:32:13 -0500] "POST /sipsepre/faces/presentacion/financiero/solicitudProceso/consultar.xhtml HTTP/1.1" 200 119179
186.102.82.151 - - [21/Jun/2024:12:32:14 -0500] "GET /kwssiamovil/sm/des/ldap/au?x=U2FsdGVkX1/hPaA5DMApC/yD7qnEcWCE9GnB2+iAmjvkMEEbPtlGjfHsa3DKjqwR&y=U2FsdGVkX1/nxGvokfCY+Ms8vxICRZ8wPOKTly+xlQHWXU2B0fksE8HmMaMEbpcu HTTP/1.1" 200 30
201.245.192.253 - - [21/Jun/2024:12:32:14 -0500] "GET /sipsepre/faces/javax.faces.resource/jquery/jquery.js?ln=primefaces&v=4.0 HTTP/1.1" 304 -
201.245.192.253 - - [21/Jun/2024:12:32:14 -0500] "GET /sipsepre/faces/javax.faces.resource/jquery/jquery-plugins.js?ln=primefaces&v=4.0 HTTP/1.1" 304 -
201.245.192.253 - - [21/Jun/2024:12:32:14 -0500] "GET /sipsepre/faces/javax.faces.resource/primefaces.js?ln=primefaces&v=4.0 HTTP/1.1" 304 -
186.102.82.151 - - [21/Jun/2024:12:32:14 -0500] "GET /kwssiamovil/sm/des/acme/s?s=U2FsdGVkX1+xVRigfYvTXMnxWsMn99cSYDZBNgXqkVnjGaFVAjSNyez7s9WPV9MLxTi1ZL8c3lIB8nAqkhWd7qjp17AkadmwtlgY4f0IOk8=&u=U2FsdGVkX1/kqO2bLT9Q7ups+8RCpkkKlOVB+VdQf68=&y=U2FsdGVkX1/nxGvokfCY+Ms8vxICRZ8wPOKTly+xlQHWXU2B0fksE8HmMaMEbpcu HTTP/1.1" 200 97
201.245.192.253 - - [21/Jun/2024:12:32:14 -0500] "GET /sipsepre/faces/javax.faces.resource/layout/layout.js?ln=primefaces&v=4.0 HTTP/1.1" 304 -
186.102.82.151 - - [21/Jun/2024:12:32:14 -0500] "GET /kwssiamovil/sm/des/acme/s?s=U2FsdGVkX19+A2n1OfZRsRnDy1aI8F1hHHM6PmV8nzrJlsiNyzjPM6S/Kc62xBctp87PzorWcMhfL4HIjEAwCcJG8I46CMpLeDQjCrxKvkd53nKfKGGm8+s7K2lAn5gor2ewd4EqR66RafDJIsH77lYv9qkqa0mBoIpTwJBWACe7FrEdhXQRi253GVpDIZU0jkMijgO+cDdHjxAyEk/l62fXD3JSAgy7e4orV4BUUv3ctnTMcUEkmvFnOAVp5IMfMwB0X93rmZljTtHxsvP6Ua9Ftj/R/taDmMXcaEd6rRm4sMk3JHgHRX41tFpWGWescbEiJ/KOlkH8Rsxnur/fJKlIf+T2yZuIo7GhjMHOF2ec8HSIb1Lz20o5IM/y161M9/YYXnW1EtyZ7puyhoS/T9fhuWZ/k6LsANevK6BEvYvseMmTN+QjpnksGzvUnI06LSNuA7Fdl+0wacDRlQ2Nyin5kx9bEeY6HyrgstYBE+sx3gPqb/Sen5M5rRw4zT6kT1s94/be9sACF1CiP0hKBYsE1oD1c7RNnTqrkAYZ2CFKJQ9tLf0P1EvQPP8roH05XZoG9V27T5dUecyKAq1Gq+qi8Im1kqEoY5+/IzM0oDy+jM2L4z/ggNVLWpQjOhhKW3tIjy76Q2kYx0ZB0Zv7hI5iIIf8ifcA2a3N/FEqwvXvwTByoYs3YH/p+LxBezy6azLN2wOq06A011D+s5KU2RebZM6eNwToiJE3BtEGcapSrCTB6Ng/iZq1j0ALIiK58hw0hT1EdyVyKwAu/hKvLhj9KaOC1SZtpcVCnU855svUEv1+tVeP54XIWWAX4JUepAp3h3Itd3MEQ3jazP6sQ2lmdVYqHRRkpVpG1Ne0u5ywDe3JHeeLnWf94X2B0ZMfvG/RIjk4mKcRYilejd88jl34vb4va16rce87vwzloSMBM/13W4s23h8QkECdJ2TRRFy1uxuiKB3hDbwCvObHAxk+3vYQ1s9nhcgRvpKXd7RLeYzyGWzR8tk8YxRMYj8BGCe6Fvqh9BbqpkjV2o3rpkQaROisVE87GX32o40NTjTV/Jx02kRL1UQ9EWC+d8aeJQyfCkxT2lLMZBg/MNiwfGj3NhTlqu6vkckQ9qHzPIkv2Xho/cQx1ggoHGuWJa8CTE+ffV7ff1J2WCFhAG5AcCHFfi/eVtIlDk9kuw55c5/g+wbXhYwC2lsY9SM65GACPkyT2Df0/Tsitkj7KVbXpYUUM8PQhzn9a/AR/HnXPtIcRvqmQWPkbN/0ZcaJDVvKLAun1oXQWaEB+LNNqdm17PCZxtgtfciFOOeYK+gr3v3dEmkc+jBWtA3I8q8jGqMVybRlz+VhuTuY0SAyCkQ9rHiPHy7LKk7c8Ab0KLwkNNKybRYIH05P1Ow6N/UqHVMnh2TQSQxgWduPvGd8O70V/RV0djgYh/4lXCUpSTaEz/aI6YXAkOCpVNgBdoaOAAprK2aRmOqwjUofDgpIfXY5Lz3hoSgn6UDP93YYHcYxh0cZlMXEvipN/OYef/bXB6WG9g4CZGaepTk4S+ttgDNme3dZMylRH1ehFElDgOQNFm0VB6wUI0G88QWTkaWxGtOIN+OH50ng0jbIutnydcen1qP1CC4u7y42H5HzU0ZYnQqJ/rltpiqkJsGTSVjQF1p3eOzf/zfuOud/05fuOoUuYQoz2cScy9anFDYWegzO9yXVfR/LQ/9JeQs49yYlmdNM8lCVVASW7eElwa1Kkvc4Sr4GbI3GNMf7LYLrqn9W4BM=&u=U2FsdGVkX1/kqO2bLT9Q7ups+8RCpkkKlOVB+VdQf68=&y=U2FsdGVkX1/nxGvokfCY+Ms8vxICRZ8wPOKTly+xlQHWXU2B0fksE8HmMaMEbpcu HTTP/1.1" 200 3300
186.102.82.151 - - [21/Jun/2024:12:32:14 -0500] "GET /kwssiamovil/sm/des/acme/s?s=U2FsdGVkX19N5OYRvRR9a1t3vmsX7DfpKLUiRLjgtUYb0LflfEGjDxv0WiY2H34WHRnS16DSQ3bVMN+kyI8v4C44DdaVzjVwR53dI+5PUswLgwYfi/yNSMkueqPHBbxwP4CeS7KilAv8A4S94b2o6g==&u=U2FsdGVkX1/kqO2bLT9Q7ups+8RCpkkKlOVB+VdQf68=&y=U2FsdGVkX1/nxGvokfCY+Ms8vxICRZ8wPOKTly+xlQHWXU2B0fksE8HmMaMEbpcu HTTP/1.1" 200 92
186.102.82.151 - - [21/Jun/2024:12:32:15 -0500] "GET /kwssiamovil/sm/des/acme/s?s=U2FsdGVkX1/VLSJmp6/qXDTY7HaWb9wEnfhu5DqIJ27Q4WzXrSWQ/ZO2OBqj1o7+Jy8fCAcNfRScugq80SDyDQrAQyhKJvpfAEhzkaPW+8qun9nvLHQlu9OudRbmYPBPvxBSj2n3sxJMZGw4RZAycrQFR0W59+Ew50yZbafqHUK5PIZyGzlXjM4sAXAGiZgEv8hKiBlM5/YkGAxnK08jOoQanstypbBW14HeDdn8JLSOZTsT08EVIsyDUmgcpw6Y/WJVLutYu7H/IvrfCF/qBxgG3nFUNyFUWEiE6GS8vJNmXwJd6EUY/2yXqb1DxVm4h+bBe03muOON7UVxRjDcacUgRQyaayOeZDzsuSUP8G4RNQrwiQ8vfgUjIFDXENybSkiSv4s8+pyzIr0GqFmCG2ecf6RT4dFqwh46YD2wLgjj9j5n4Agl7+ghjPikAL3AmB1gQsuZYKcPEUaa2LJPR5j46+rzOqDRXZGQ98Tm5UC4r8P4gIRK/lznZQX3g0QyfdcsuTlOx9ARyDOAHGL7Cjckzt8Sj6Q02yDdQBbsutozI2fdXUEoGQdsIDe5s2qu3ff/nHV+pZ2GTOXhF1B9lnZSYNbZ3DuIuaqZAtVoBICrDVBTgyKOAV45EjZqBUFJfV9klkSnBD0Ymv9Beh6OcBEsfZBcPfYxEIQBzjyygECiwhll07l+uq/wxEHcimaBIrYsLseU8ovrmstTiA0RLwhLgLX8JCt7K8+cR/9m6Zi+Fu5diEYJVAJz2UCUNLAv&u=U2FsdGVkX1/kqO2bLT9Q7ups+8RCpkkKlOVB+VdQf68=&y=U2FsdGVkX1/nxGvokfCY+Ms8vxICRZ8wPOKTly+xlQHWXU2B0fksE8HmMaMEbpcu HTTP/1.1" 200 811
47.128.115.243 - - [21/Jun/2024:12:32:15 -0500] "GET /BLA/resoluciones/AUTOS%202021/0245.php?act=img&img=ext_php HTTP/1.1" 200 79
47.128.115.243 - - [21/Jun/2024:12:32:15 -0500] "GET /BLA/resoluciones/AUTOS%202021/0245.php?act=img&img=ext_html HTTP/1.1" 200 230
47.128.115.243 - - [21/Jun/2024:12:32:15 -0500] "GET /BLA/resoluciones/AUTOS%202021/0245.php?act=img&img=ext_gif HTTP/1.1" 200 175
47.128.115.243 - - [21/Jun/2024:12:32:15 -0500] "GET /BLA/resoluciones/AUTOS%202021/0245.php?act=img&img=ext_diz HTTP/1.1" 200 1027
47.128.115.243 - - [21/Jun/2024:12:32:15 -0500] "GET /BLA/resoluciones/AUTOS%202021/0245.php?act=img&img=ext_ini HTTP/1.1" 200 134
47.128.115.243 - - [21/Jun/2024:12:32:16 -0500] "GET /BLA/resoluciones/AUTOS%202021/0245.php?act=img&img=ext_rtf HTTP/1.1" 200 164
47.128.115.243 - - [21/Jun/2024:12:32:16 -0500] "GET /BLA/resoluciones/AUTOS%202021/0245.php?act=img&img=change HTTP/1.1" 200 290
201.245.192.253 - - [21/Jun/2024:12:32:16 -0500] "POST /sipsepre/faces/presentacion/financiero/solicitudProceso/consultarSolicitudProceso.xhtml HTTP/1.1" 200 911
47.128.115.243 - - [21/Jun/2024:12:32:16 -0500] "GET /BLA/resoluciones/AUTOS%202021/0245.php?act=img&img=download HTTP/1.1" 200 161
186.102.82.151 - - [21/Jun/2024:12:32:15 -0500] "GET /kwssiamovil/sm/des/cjson/pre?f=20&x=U2FsdGVkX1/hPaA5DMApC/yD7qnEcWCE9GnB2+iAmjvkMEEbPtlGjfHsa3DKjqwR HTTP/1.1" 200 22320
186.102.82.151 - - [21/Jun/2024:12:32:15 -0500] "GET /kwssiamovil/sm/des/cjson/pre?f=1&x=U2FsdGVkX1/hPaA5DMApC/yD7qnEcWCE9GnB2+iAmjvkMEEbPtlGjfHsa3DKjqwR HTTP/1.1" 200 30244
186.102.82.151 - - [21/Jun/2024:12:32:15 -0500] "GET /kwssiamovil/sm/des/cjson/pre?f=19&x=U2FsdGVkX1/hPaA5DMApC/yD7qnEcWCE9GnB2+iAmjvkMEEbPtlGjfHsa3DKjqwR HTTP/1.1" 200 66668
186.102.82.151 - - [21/Jun/2024:12:32:15 -0500] "GET /kwssiamovil/sm/des/cjson/pre?f=2&x=U2FsdGVkX1/hPaA5DMApC/yD7qnEcWCE9GnB2+iAmjvkMEEbPtlGjfHsa3DKjqwR HTTP/1.1" 200 41773
186.102.82.151 - - [21/Jun/2024:12:32:15 -0500] "GET /kwssiamovil/sm/des/cjson/pre?f=9&x=U2FsdGVkX1/hPaA5DMApC/yD7qnEcWCE9GnB2+iAmjvkMEEbPtlGjfHsa3DKjqwR HTTP/1.1" 200 23812
47.128.115.243 - - [21/Jun/2024:12:32:18 -0500] "GET /BLA/resoluciones/AUTOS%202021/0245.php?act=img&img=ext_txt HTTP/1.1" 200 132
47.128.115.243 - - [21/Jun/2024:12:32:18 -0500] "GET /BLA/resoluciones/AUTOS%202021/0245.php?act=img&img=ext_exe HTTP/1.1" 200 118
201.245.192.253 - - [21/Jun/2024:12:32:22 -0500] "GET /sipsepre/faces/faces/autenticacion HTTP/1.1" 302 -
201.245.192.253 - - [21/Jun/2024:12:32:22 -0500] "GET /kwsrmcab/Wsrmcab?wsdl HTTP/1.1" 200 6948
201.245.192.253 - - [21/Jun/2024:12:32:22 -0500] "GET /sipsepre/faces/autenticacion.xhtml HTTP/1.1" 200 12447
201.245.192.253 - - [21/Jun/2024:12:32:22 -0500] "GET /sipsepre/faces/javax.faces.resource/jquery/jquery-plugins.js?ln=primefaces&v=4.0 HTTP/1.1" 304 -
201.245.192.253 - - [21/Jun/2024:12:32:22 -0500] "GET /sipsepre/faces/javax.faces.resource/layout/layout.css?ln=primefaces&v=4.0 HTTP/1.1" 200 542
201.245.192.253 - - [21/Jun/2024:12:32:22 -0500] "GET /sipsepre/faces/javax.faces.resource/jquery/jquery.js?ln=primefaces&v=4.0 HTTP/1.1" 304 -
201.245.192.253 - - [21/Jun/2024:12:32:22 -0500] "GET /sipsepre/faces/javax.faces.resource/primefaces.js?ln=primefaces&v=4.0 HTTP/1.1" 304 -
201.245.192.253 - - [21/Jun/2024:12:32:22 -0500] "GET /sipsepre/faces/javax.faces.resource/layout/layout.js?ln=primefaces&v=4.0 HTTP/1.1" 304 -
201.245.192.253 - - [21/Jun/2024:12:32:22 -0500] "GET /sipsepre/faces/javax.faces.resource/theme.css?ln=primefaces-sipse HTTP/1.1" 200 50106
201.245.192.253 - - [21/Jun/2024:12:32:22 -0500] "GET /sipsepre/faces/javax.faces.resource/primefaces.css?ln=primefaces&v=4.0 HTTP/1.1" 200 53325
201.245.192.253 - - [21/Jun/2024:12:32:22 -0500] "GET /sipsepre/faces/javax.faces.resource/images/ui-icons_898989_256x240.png?ln=primefaces-aristo HTTP/1.1" 200 5355
201.245.192.253 - - [21/Jun/2024:12:32:22 -0500] "GET /favicon.ico HTTP/1.1" 200 7782
201.245.192.253 - - [21/Jun/2024:12:32:15 -0500] "GET /reportes_sipsepre/sdg/ServletReporte?reporte=solicitud_cdp&Solicitud=14410&pfdrid_c=false HTTP/1.1" 200 16163
201.245.192.253 - - [21/Jun/2024:12:32:26 -0500] "POST /sipsepre/faces/autenticacion.xhtml HTTP/1.1" 200 12006
201.245.192.253 - - [21/Jun/2024:12:32:26 -0500] "GET /sipsepre/faces/javax.faces.resource/jquery/jquery.js?ln=primefaces&v=4.0 HTTP/1.1" 304 -
201.245.192.253 - - [21/Jun/2024:12:32:26 -0500] "GET /sipsepre/faces/javax.faces.resource/jquery/jquery-plugins.js?ln=primefaces&v=4.0 HTTP/1.1" 304 -
201.245.192.253 - - [21/Jun/2024:12:32:26 -0500] "GET /sipsepre/faces/javax.faces.resource/primefaces.js?ln=primefaces&v=4.0 HTTP/1.1" 304 -
201.245.192.253 - - [21/Jun/2024:12:32:26 -0500] "GET /sipsepre/faces/javax.faces.resource/layout/layout.js?ln=primefaces&v=4.0 HTTP/1.1" 304 -
201.245.192.253 - - [21/Jun/2024:12:32:27 -0500] "GET /sipsepre/faces/javax.faces.resource/messages/messages.png?ln=primefaces&v=4.0 HTTP/1.1" 200 27209
201.245.192.253 - - [21/Jun/2024:12:32:29 -0500] "POST /sipsepre/faces/presentacion/sistema/seguridad/seleccionRol.xhtml HTTP/1.1" 200 6684
181.61.210.41 - - [21/Jun/2024:12:32:29 -0500] "GET /BLA/resoluciones/ HTTP/1.1" 200 14105
201.245.192.253 - - [21/Jun/2024:12:32:29 -0500] "GET /sipsepre/faces/javax.faces.resource/images/ui-bg_flat_0_2d5972_40x100.png?ln=primefaces-aristo HTTP/1.1" 200 183
201.245.192.253 - - [21/Jun/2024:12:32:31 -0500] "POST /sipsepre/faces/presentacion/sistema/seguridad/seleccionRol.xhtml HTTP/1.1" 200 16395
201.245.192.253 - - [21/Jun/2024:12:32:31 -0500] "GET /sipsepre/faces/javax.faces.resource/jquery/jquery.js?ln=primefaces&v=4.0 HTTP/1.1" 304 -
201.245.192.253 - - [21/Jun/2024:12:32:31 -0500] "GET /sipsepre/faces/javax.faces.resource/jquery/jquery-plugins.js?ln=primefaces&v=4.0 HTTP/1.1" 304 -
201.245.192.253 - - [21/Jun/2024:12:32:31 -0500] "GET /sipsepre/faces/javax.faces.resource/primefaces.js?ln=primefaces&v=4.0 HTTP/1.1" 304 -
201.245.192.253 - - [21/Jun/2024:12:32:31 -0500] "GET /sipsepre/faces/javax.faces.resource/layout/layout.js?ln=primefaces&v=4.0 HTTP/1.1" 304 -
47.128.54.248 - - [21/Jun/2024:12:32:31 -0500] "GET /BLA/resoluciones/AUTOS%202021/0245.php?act=f&f=search53.xml&fullhexdump=1 HTTP/1.1" 200 2740
181.61.210.41 - - [21/Jun/2024:12:32:39 -0500] "GET /BLA/resoluciones/index.php?dir=AUTOS+2014%2F HTTP/1.1" 200 892005
201.245.192.253 - - [21/Jun/2024:12:32:41 -0500] "POST /sipsepre/faces/bienvenido.xhtml HTTP/1.1" 200 2658
201.245.192.253 - - [21/Jun/2024:12:32:42 -0500] "POST /sipsepre/faces/bienvenido.xhtml HTTP/1.1" 200 63004
201.245.192.253 - - [21/Jun/2024:12:32:43 -0500] "GET /sipsepre/faces/javax.faces.resource/jquery/jquery.js?ln=primefaces&v=4.0 HTTP/1.1" 304 -
201.245.192.253 - - [21/Jun/2024:12:32:43 -0500] "GET /sipsepre/faces/javax.faces.resource/jquery/jquery-plugins.js?ln=primefaces&v=4.0 HTTP/1.1" 304 -
201.245.192.253 - - [21/Jun/2024:12:32:43 -0500] "GET /sipsepre/faces/javax.faces.resource/primefaces.js?ln=primefaces&v=4.0 HTTP/1.1" 304 -
201.245.192.253 - - [21/Jun/2024:12:32:43 -0500] "GET /sipsepre/faces/javax.faces.resource/layout/layout.js?ln=primefaces&v=4.0 HTTP/1.1" 304 -
201.245.192.253 - - [21/Jun/2024:12:32:43 -0500] "POST /sipsepre/faces/presentacion/financiero/solicitudProceso/listarSolicitudProceso.xhtml HTTP/1.1" 200 1556
201.245.192.253 - - [21/Jun/2024:12:32:44 -0500] "POST /sipsepre/faces/presentacion/financiero/solicitudProceso/listarSolicitudProceso.xhtml HTTP/1.1" 200 18745
201.245.192.253 - - [21/Jun/2024:12:32:46 -0500] "POST /sipsepre/faces/presentacion/financiero/solicitudProceso/listarSolicitudProceso.xhtml HTTP/1.1" 200 123756
201.245.192.253 - - [21/Jun/2024:12:32:47 -0500] "GET /sipsepre/faces/javax.faces.resource/jquery/jquery.js?ln=primefaces&v=4.0 HTTP/1.1" 304 -
201.245.192.253 - - [21/Jun/2024:12:32:47 -0500] "GET /sipsepre/faces/javax.faces.resource/jquery/jquery-plugins.js?ln=primefaces&v=4.0 HTTP/1.1" 304 -
201.245.192.253 - - [21/Jun/2024:12:32:47 -0500] "GET /sipsepre/faces/javax.faces.resource/primefaces.js?ln=primefaces&v=4.0 HTTP/1.1" 304 -
201.245.192.253 - - [21/Jun/2024:12:32:47 -0500] "GET /sipsepre/faces/javax.faces.resource/layout/layout.js?ln=primefaces&v=4.0 HTTP/1.1" 304 -
47.128.50.20 - - [21/Jun/2024:12:32:51 -0500] "GET /BLA/resoluciones/AUTOS%202021/0245.php?act=f&f=00000970.tif HTTP/1.1" 200 2741
201.245.192.253 - - [21/Jun/2024:12:32:54 -0500] "POST /sipsepre/faces/presentacion/financiero/solicitudProceso/consultarSolicitudProceso.xhtml HTTP/1.1" 200 6107
172.22.2.4 - - [21/Jun/2024:12:31:15 -0500] "HEAD /BLA/boletinlegal/ HTTP/1.1" 200 -
201.245.192.253 - - [21/Jun/2024:12:32:47 -0500] "GET /reportes_sipsepre/sdg/ServletReporte?reporte=solicitud_cdp&Solicitud=14410&pfdrid_c=false HTTP/1.1" 200 91170
186.102.82.151 - - [21/Jun/2024:12:33:02 -0500] "GET /kwssiamovil/sm/des/acme/s?s=U2FsdGVkX19sbxJdpC0BH6B+fn/A1lIV8BZa7GMEm27yv1didbDfKHNDXyVoWezTtxJ60Wn6yi4PjzmyEc4D8QyKI8fb0G9MelknB89ir81EL+CrN+3LQb6dD0ZA1AO/&u=U2FsdGVkX1/kqO2bLT9Q7ups+8RCpkkKlOVB+VdQf68=&y=U2FsdGVkX1/nxGvokfCY+Ms8vxICRZ8wPOKTly+xlQHWXU2B0fksE8HmMaMEbpcu HTTP/1.1" 200 107
47.128.127.128 - - [21/Jun/2024:12:33:05 -0500] "GET /BLA/resoluciones/AUTOS%202021/0245.php?act=chmod&d=E%3A%5Cnuevo%5Chtdocs%5Ccumbreclima%5Cwp-includes%5C&f=class-wp-customize-panel.php HTTP/1.1" 200 2896
186.102.82.151 - - [21/Jun/2024:12:33:05 -0500] "GET /kwssiamovil/sm/des/acme/s?s=U2FsdGVkX1/KbVlGtwlpK0p5ivKdX+CCH94GEGhmS2fEY1RD4NtnoSrYf3/BYw6CSsEG2yq0eZidqjyFcSkH0q3YSkTxaDsUtEJV9QxPUyB4XjvEJHQAdafY0UHBTHZh61VvXRGfQL8hbeGo6E3moXDpCgGDD8BOtck6SkXRGRwERLMMXG3H+a6qUerJPELpc5NB22a2ZyJz7ID4TQGdoki1yWmJuixnD5jAFpN6ktZBUFYLBL8DEQduT2Ov79V/9pzPf3VAI4LLnLWdXGcgnQ==&u=U2FsdGVkX1/kqO2bLT9Q7ups+8RCpkkKlOVB+VdQf68=&y=U2FsdGVkX1/nxGvokfCY+Ms8vxICRZ8wPOKTly+xlQHWXU2B0fksE8HmMaMEbpcu HTTP/1.1" 200 74
186.102.82.151 - - [21/Jun/2024:12:33:05 -0500] "GET /kwssiamovil/sm/des/acme/s?s=U2FsdGVkX18+9gof7MM1F4hDWD25KImvoZ6KQNL2fD1cnDD/zNYuM2cXkBJS1zMvdnXRJkBPzdPuz9rJtQBxpOACE1dGkUD/WSfw58icH50h4edL0M7kEbViFBbz+q7kzqC1hRgynYf03ZFK9oX0Gr9iOpPrmPnRdhNmIFOZM9oXny5KS+SIyHfgvZWjpzzkguPWotAHvDp49s7gdEdepP2+wYO9D0wJraWPYfLZE+G5YXuWrmKWtnnmdfWeY1dC&u=U2FsdGVkX1/kqO2bLT9Q7ups+8RCpkkKlOVB+VdQf68=&y=U2FsdGVkX1/nxGvokfCY+Ms8vxICRZ8wPOKTly+xlQHWXU2B0fksE8HmMaMEbpcu HTTP/1.1" 200 72
201.245.192.253 - - [21/Jun/2024:12:33:03 -0500] "POST /sipsepre/faces/presentacion/financiero/solicitudProceso/consultarSolicitudProceso.xhtml HTTP/1.1" 200 63481
201.245.192.253 - - [21/Jun/2024:12:33:05 -0500] "GET /sipsepre/faces/javax.faces.resource/jquery/jquery.js?ln=primefaces&v=4.0 HTTP/1.1" 304 -
201.245.192.253 - - [21/Jun/2024:12:33:05 -0500] "GET /sipsepre/faces/javax.faces.resource/jquery/jquery-plugins.js?ln=primefaces&v=4.0 HTTP/1.1" 304 -
201.245.192.253 - - [21/Jun/2024:12:33:05 -0500] "GET /sipsepre/faces/javax.faces.resource/primefaces.js?ln=primefaces&v=4.0 HTTP/1.1" 304 -
201.245.192.253 - - [21/Jun/2024:12:33:06 -0500] "GET /sipsepre/faces/javax.faces.resource/layout/layout.js?ln=primefaces&v=4.0 HTTP/1.1" 304 -
201.245.192.253 - - [21/Jun/2024:12:33:06 -0500] "POST /sipsepre/faces/presentacion/financiero/solicitudProceso/listarSolicitudProceso.xhtml HTTP/1.1" 200 1556
201.245.192.253 - - [21/Jun/2024:12:33:08 -0500] "POST /sipsepre/faces/presentacion/financiero/solicitudProceso/listarSolicitudProceso.xhtml HTTP/1.1" 200 18733
47.128.122.215 - - [21/Jun/2024:12:33:22 -0500] "GET /BLA/resoluciones/AUTOS%202021/0245.php?act=ls&d=E%3A%5Cnuevo%5Chtdocs%5CBLA%5Cresoluciones%5CRESOLUCIONES+2006%5CRES+2006+1551-1600&sort=0d HTTP/1.1" 200 5853
201.245.192.253 - - [21/Jun/2024:12:33:22 -0500] "GET /kwsrmcab/Wsrmcab?wsdl HTTP/1.1" 200 6948
47.128.122.215 - - [21/Jun/2024:12:33:22 -0500] "GET /BLA/resoluciones/AUTOS%202021/0245.php?act=img&img=ext_db HTTP/1.1" 200 1034
47.128.122.215 - - [21/Jun/2024:12:33:23 -0500] "GET /BLA/resoluciones/AUTOS%202021/0245.php?act=img&img=ext_tif HTTP/1.1" 200 175
47.128.122.215 - - [21/Jun/2024:12:33:23 -0500] "GET /BLA/resoluciones/AUTOS%202021/0245.php?act=img&img=ext_dat HTTP/1.1" 200 1034
47.128.122.215 - - [21/Jun/2024:12:33:23 -0500] "GET /BLA/resoluciones/AUTOS%202021/0245.php?act=img&img=arrow_ltr HTTP/1.1" 200 88
47.128.50.206 - - [21/Jun/2024:12:33:40 -0500] "GET /BLA/resoluciones/AUTOS%202021/0245.php?act=f&f=4256.pdf&imgsize=100 HTTP/1.1" 200 3033
47.128.50.206 - - [21/Jun/2024:12:33:41 -0500] "GET /BLA/resoluciones/AUTOS%202021/0245.php?act=img&img=ext_gif HTTP/1.1" 200 175
47.128.50.206 - - [21/Jun/2024:12:33:41 -0500] "GET /BLA/resoluciones/AUTOS%202021/0245.php?act=img&img=ext_html HTTP/1.1" 200 230
47.128.50.206 - - [21/Jun/2024:12:33:41 -0500] "GET /BLA/resoluciones/AUTOS%202021/0245.php?act=img&img=ext_exe HTTP/1.1" 200 118
47.128.50.206 - - [21/Jun/2024:12:33:41 -0500] "GET /BLA/resoluciones/AUTOS%202021/0245.php?act=img&img=ext_pdf HTTP/1.1" 200 1034
47.128.50.206 - - [21/Jun/2024:12:33:41 -0500] "GET /BLA/resoluciones/AUTOS%202021/0245.php?act=img&img=ext_txt HTTP/1.1" 200 132
47.128.50.206 - - [21/Jun/2024:12:33:42 -0500] "GET /BLA/resoluciones/AUTOS%202021/0245.php?act=img&img=change HTTP/1.1" 200 290
47.128.50.206 - - [21/Jun/2024:12:33:42 -0500] "GET /BLA/resoluciones/AUTOS%202021/0245.php?act=img&img=download HTTP/1.1" 200 161
47.128.50.206 - - [21/Jun/2024:12:33:42 -0500] "GET /BLA/resoluciones/AUTOS%202021/0245.php?act=img&img=ext_rtf HTTP/1.1" 200 164
47.128.50.206 - - [21/Jun/2024:12:33:42 -0500] "GET /BLA/resoluciones/AUTOS%202021/0245.php?act=img&img=ext_ini HTTP/1.1" 200 134
47.128.50.206 - - [21/Jun/2024:12:33:44 -0500] "GET /BLA/resoluciones/AUTOS%202021/0245.php?act=img&img=ext_diz HTTP/1.1" 200 1027
172.22.2.4 - - [21/Jun/2024:12:32:06 -0500] "GET /BLA/boletinlegal/ HTTP/1.1" 200 51986
201.245.192.253 - - [21/Jun/2024:12:33:47 -0500] "POST /sipsepre/faces/presentacion/financiero/solicitudProceso/listarSolicitudProceso.xhtml HTTP/1.1" 200 911
201.245.192.253 - - [21/Jun/2024:12:33:48 -0500] "GET /sipsepre/faces/faces/autenticacion HTTP/1.1" 302 -
201.245.192.253 - - [21/Jun/2024:12:33:48 -0500] "GET /sipsepre/faces/autenticacion.xhtml HTTP/1.1" 200 12447
201.245.192.253 - - [21/Jun/2024:12:33:48 -0500] "GET /sipsepre/faces/javax.faces.resource/jquery/jquery.js?ln=primefaces&v=4.0 HTTP/1.1" 304 -
201.245.192.253 - - [21/Jun/2024:12:33:48 -0500] "GET /sipsepre/faces/javax.faces.resource/layout/layout.css?ln=primefaces&v=4.0 HTTP/1.1" 200 542
201.245.192.253 - - [21/Jun/2024:12:33:48 -0500] "GET /sipsepre/faces/javax.faces.resource/jquery/jquery-plugins.js?ln=primefaces&v=4.0 HTTP/1.1" 304 -
201.245.192.253 - - [21/Jun/2024:12:33:48 -0500] "GET /sipsepre/faces/javax.faces.resource/primefaces.js?ln=primefaces&v=4.0 HTTP/1.1" 304 -
201.245.192.253 - - [21/Jun/2024:12:33:48 -0500] "GET /sipsepre/faces/javax.faces.resource/layout/layout.js?ln=primefaces&v=4.0 HTTP/1.1" 304 -
201.245.192.253 - - [21/Jun/2024:12:33:48 -0500] "GET /sipsepre/faces/javax.faces.resource/theme.css?ln=primefaces-sipse HTTP/1.1" 200 50106
201.245.192.253 - - [21/Jun/2024:12:33:48 -0500] "GET /sipsepre/faces/javax.faces.resource/primefaces.css?ln=primefaces&v=4.0 HTTP/1.1" 200 53325
201.245.192.253 - - [21/Jun/2024:12:33:48 -0500] "GET /sipsepre/faces/javax.faces.resource/images/ui-icons_898989_256x240.png?ln=primefaces-aristo HTTP/1.1" 200 5355
201.245.192.253 - - [21/Jun/2024:12:33:48 -0500] "GET /favicon.ico HTTP/1.1" 200 7782
201.245.192.253 - - [21/Jun/2024:12:33:52 -0500] "POST /sipsepre/faces/autenticacion.xhtml HTTP/1.1" 200 16229
201.245.192.253 - - [21/Jun/2024:12:33:52 -0500] "GET /sipsepre/faces/javax.faces.resource/jquery/jquery.js?ln=primefaces&v=4.0 HTTP/1.1" 304 -
201.245.192.253 - - [21/Jun/2024:12:33:52 -0500] "GET /sipsepre/faces/javax.faces.resource/jquery/jquery-plugins.js?ln=primefaces&v=4.0 HTTP/1.1" 304 -
201.245.192.253 - - [21/Jun/2024:12:33:52 -0500] "GET /sipsepre/faces/javax.faces.resource/primefaces.js?ln=primefaces&v=4.0 HTTP/1.1" 304 -
201.245.192.253 - - [21/Jun/2024:12:33:52 -0500] "GET /sipsepre/faces/javax.faces.resource/layout/layout.js?ln=primefaces&v=4.0 HTTP/1.1" 304 -
201.245.192.253 - - [21/Jun/2024:12:33:52 -0500] "GET /sipsepre/faces/javax.faces.resource/messages/messages.png?ln=primefaces&v=4.0 HTTP/1.1" 200 27209
201.245.192.253 - - [21/Jun/2024:12:34:05 -0500] "GET /sipsepre/faces/javax.faces.resource/images/ui-bg_flat_0_2d5972_40x100.png?ln=primefaces-aristo HTTP/1.1" 200 183
201.245.192.253 - - [21/Jun/2024:12:34:05 -0500] "POST /sipsepre/faces/bienvenido.xhtml HTTP/1.1" 200 1471
201.245.192.253 - - [21/Jun/2024:12:34:06 -0500] "POST /sipsepre/faces/bienvenido.xhtml HTTP/1.1" 200 61200
201.245.192.253 - - [21/Jun/2024:12:34:06 -0500] "GET /sipsepre/faces/javax.faces.resource/jquery/jquery.js?ln=primefaces&v=4.0 HTTP/1.1" 304 -
201.245.192.253 - - [21/Jun/2024:12:34:06 -0500] "GET /sipsepre/faces/javax.faces.resource/jquery/jquery-plugins.js?ln=primefaces&v=4.0 HTTP/1.1" 304 -
201.245.192.253 - - [21/Jun/2024:12:34:06 -0500] "GET /sipsepre/faces/javax.faces.resource/primefaces.js?ln=primefaces&v=4.0 HTTP/1.1" 304 -
201.245.192.253 - - [21/Jun/2024:12:34:06 -0500] "GET /sipsepre/faces/javax.faces.resource/layout/layout.js?ln=primefaces&v=4.0 HTTP/1.1" 304 -
201.245.192.253 - - [21/Jun/2024:12:34:06 -0500] "POST /sipsepre/faces/presentacion/financiero/solicitudProceso/listarSolicitudProceso.xhtml HTTP/1.1" 200 1556
47.128.48.133 - - [21/Jun/2024:12:34:07 -0500] "GET /BLA/resoluciones/AUTOS%202021/0245.php?act=f&d=E%3A%5Cnuevo%5Ctmp%5C&f=sess_p50q7jblsl39fb312lh48cfnf1&ft=phpsess HTTP/1.1" 200 2693
201.245.192.253 - - [21/Jun/2024:12:34:08 -0500] "POST /sipsepre/faces/presentacion/financiero/solicitudProceso/listarSolicitudProceso.xhtml HTTP/1.1" 200 18882
201.245.192.253 - - [21/Jun/2024:12:34:09 -0500] "POST /sipsepre/faces/presentacion/financiero/solicitudProceso/listarSolicitudProceso.xhtml HTTP/1.1" 200 122075
201.245.192.253 - - [21/Jun/2024:12:34:10 -0500] "GET /sipsepre/faces/javax.faces.resource/jquery/jquery.js?ln=primefaces&v=4.0 HTTP/1.1" 304 -
201.245.192.253 - - [21/Jun/2024:12:34:10 -0500] "GET /sipsepre/faces/javax.faces.resource/jquery/jquery-plugins.js?ln=primefaces&v=4.0 HTTP/1.1" 304 -
201.245.192.253 - - [21/Jun/2024:12:34:10 -0500] "GET /sipsepre/faces/javax.faces.resource/primefaces.js?ln=primefaces&v=4.0 HTTP/1.1" 304 -
201.245.192.253 - - [21/Jun/2024:12:34:10 -0500] "GET /sipsepre/faces/javax.faces.resource/layout/layout.js?ln=primefaces&v=4.0 HTTP/1.1" 304 -
66.249.66.20 - - [21/Jun/2024:12:34:18 -0500] "GET /BLA/resoluciones/AUTOS%202023/4125.pdf HTTP/1.1" 304 -
