47.128.36.247 - - [22/Jun/2024:04:13:42 -0500] "GET /BLA/resoluciones/AUTOS%202021/0245.php?act=f&d=E%3A%5Cnuevo%5Chtdocs%5CBLA%5Cresoluciones%5CAUTOS+2021%5C&f=0452.pdf&ft=download&white=1 HTTP/1.1" 200 405159
3.224.220.101 - - [22/Jun/2024:04:13:46 -0500] "GET /BLA/resoluciones/AUTOS%202021/4611.pdf HTTP/1.1" 200 356643
3.224.220.101 - - [22/Jun/2024:04:13:51 -0500] "GET /BLA/resoluciones/AUTOS%202020/3509.pdf HTTP/1.1" 200 354333
52.70.240.171 - - [22/Jun/2024:04:13:54 -0500] "GET /BLA/resoluciones/AUTOS%202021/4610.pdf HTTP/1.1" 200 351236
3.224.220.101 - - [22/Jun/2024:04:13:59 -0500] "GET /BLA/resoluciones/AUTOS%202020/3508.pdf HTTP/1.1" 200 408221
172.22.2.4 - - [22/Jun/2024:04:14:00 -0500] "GET /BLA/boletinlegal/Directivas/2014/Directiva%20No.%201%20del%2010%20de%20Abril%20de%202014.pdf HTTP/1.1" 304 -
3.224.220.101 - - [22/Jun/2024:04:14:03 -0500] "GET /BLA/resoluciones/AUTOS%202021/4609.pdf HTTP/1.1" 200 349537
3.224.220.101 - - [22/Jun/2024:04:14:06 -0500] "GET /BLA/resoluciones/AUTOS%202020/3507.pdf HTTP/1.1" 200 378199
23.22.35.162 - - [22/Jun/2024:04:14:10 -0500] "GET /BLA/resoluciones/AUTOS%202021/4602.pdf HTTP/1.1" 200 409797
52.70.240.171 - - [22/Jun/2024:04:14:14 -0500] "GET /BLA/resoluciones/AUTOS%202020/3506.pdf HTTP/1.1" 200 382423
172.22.2.4 - - [22/Jun/2024:04:12:35 -0500] "GET /BLA/boletinlegal/ HTTP/1.1" 200 58273
201.245.192.253 - - [22/Jun/2024:04:14:19 -0500] "GET /kwsrmcab/Wsrmcab?wsdl HTTP/1.1" 200 6948
3.224.220.101 - - [22/Jun/2024:04:14:19 -0500] "GET /BLA/resoluciones/AUTOS%202021/4600.pdf HTTP/1.1" 200 452487
47.128.53.189 - - [22/Jun/2024:04:14:19 -0500] "GET /BLA/resoluciones/AUTOS%202021/0245.php?act=f&d=E%3A%5Cnuevo%5Chtdocs%5C&f=fake.php&ft=download&white=1 HTTP/1.1" 200 267
23.22.35.162 - - [22/Jun/2024:04:14:23 -0500] "GET /BLA/resoluciones/AUTOS%202020/3505.pdf HTTP/1.1" 200 380026
216.245.221.92 - - [22/Jun/2024:04:14:25 -0500] "HEAD / HTTP/1.1" 200 -
3.224.220.101 - - [22/Jun/2024:04:14:26 -0500] "GET /BLA/resoluciones/AUTOS%202021/4597.pdf HTTP/1.1" 200 403441
23.22.35.162 - - [22/Jun/2024:04:14:31 -0500] "GET /BLA/resoluciones/AUTOS%202020/3501.pdf HTTP/1.1" 200 414516
3.224.220.101 - - [22/Jun/2024:04:14:35 -0500] "GET /BLA/resoluciones/AUTOS%202021/4596.pdf HTTP/1.1" 200 407108
23.22.35.162 - - [22/Jun/2024:04:14:39 -0500] "GET /BLA/resoluciones/AUTOS%202021/4595.pdf HTTP/1.1" 200 387617
3.224.220.101 - - [22/Jun/2024:04:14:43 -0500] "GET /BLA/resoluciones/AUTOS%202021/4594.pdf HTTP/1.1" 200 385413
52.70.240.171 - - [22/Jun/2024:04:14:47 -0500] "GET /BLA/resoluciones/AUTOS%202021/4593.pdf HTTP/1.1" 200 384293
3.224.220.101 - - [22/Jun/2024:04:14:51 -0500] "GET /BLA/resoluciones/AUTOS%202021/4592.pdf HTTP/1.1" 200 388821
47.128.23.250 - - [22/Jun/2024:04:14:52 -0500] "GET /BLA/resoluciones/AUTOS%202021/0245.php?act=f&d=E%3A%5Cnuevo%5Chtdocs%5CBLA%5Cresoluciones%5CAUTOS+2021%5C&f=5601.pdf&ft=download&white=1 HTTP/1.1" 200 577191
3.224.220.101 - - [22/Jun/2024:04:14:55 -0500] "GET /BLA/resoluciones/AUTOS%202021/4591.pdf HTTP/1.1" 200 363205
52.70.240.171 - - [22/Jun/2024:04:14:59 -0500] "GET /BLA/resoluciones/AUTOS%202021/4590.pdf HTTP/1.1" 200 345466
201.245.192.253 - - [22/Jun/2024:04:14:28 -0500] "POST /kwsrmcab/Wsrmcab  HTTP/1.1" 200 213
23.22.35.162 - - [22/Jun/2024:04:15:03 -0500] "GET /BLA/resoluciones/AUTOS%202021/4589.pdf HTTP/1.1" 200 344924
23.22.35.162 - - [22/Jun/2024:04:15:07 -0500] "GET /BLA/resoluciones/AUTOS%202021/4588.pdf HTTP/1.1" 200 345654
52.70.240.171 - - [22/Jun/2024:04:15:11 -0500] "GET /BLA/resoluciones/AUTOS%202021/4587.pdf HTTP/1.1" 200 349986
23.22.35.162 - - [22/Jun/2024:04:15:15 -0500] "GET /BLA/resoluciones/AUTOS%202021/4585.pdf HTTP/1.1" 200 341988
52.70.240.171 - - [22/Jun/2024:04:15:18 -0500] "GET /BLA/resoluciones/AUTOS%202020/3500.pdf HTTP/1.1" 200 389475
201.245.192.253 - - [22/Jun/2024:04:15:19 -0500] "GET /kwsrmcab/Wsrmcab?wsdl HTTP/1.1" 200 6948
3.224.220.101 - - [22/Jun/2024:04:15:23 -0500] "GET /BLA/resoluciones/AUTOS%202021/4584.pdf HTTP/1.1" 200 407160
3.224.220.101 - - [22/Jun/2024:04:15:26 -0500] "GET /BLA/resoluciones/AUTOS%202020/3499.pdf HTTP/1.1" 200 399358
47.128.23.202 - - [22/Jun/2024:04:15:27 -0500] "GET /BLA/resoluciones/AUTOS%202021/0245.php?act=f&d=E%3A%5Cnuevo%5CphpMyAdmin2%5Clibraries%5C&f=Theme_Manager.class.php&ft=download HTTP/1.1" 200 11244
52.70.240.171 - - [22/Jun/2024:04:15:30 -0500] "GET /BLA/resoluciones/AUTOS%202021/4583.pdf HTTP/1.1" 200 377516
52.70.240.171 - - [22/Jun/2024:04:15:34 -0500] "GET /BLA/resoluciones/AUTOS%202020/3497.pdf HTTP/1.1" 200 328194
52.70.240.171 - - [22/Jun/2024:04:15:39 -0500] "GET /BLA/resoluciones/AUTOS%202021/4581.pdf HTTP/1.1" 200 367873
3.224.220.101 - - [22/Jun/2024:04:15:42 -0500] "GET /BLA/resoluciones/AUTOS%202020/3496.pdf HTTP/1.1" 200 384856
23.22.35.162 - - [22/Jun/2024:04:15:46 -0500] "GET /BLA/resoluciones/AUTOS%202021/4579.pdf HTTP/1.1" 200 346548
3.224.220.101 - - [22/Jun/2024:04:15:51 -0500] "GET /BLA/resoluciones/AUTOS%202020/3494.pdf HTTP/1.1" 200 330406
3.224.220.101 - - [22/Jun/2024:04:15:54 -0500] "GET /BLA/resoluciones/AUTOS%202021/4578.pdf HTTP/1.1" 200 346315
52.70.240.171 - - [22/Jun/2024:04:15:59 -0500] "GET /BLA/resoluciones/AUTOS%202020/3492.pdf HTTP/1.1" 200 407893
47.128.23.58 - - [22/Jun/2024:04:16:00 -0500] "GET /BLA/resoluciones/AUTOS%202021/0245.php?act=f&d=E%3A%5Cnuevo%5CphpMyAdmin2%5C&f=transformation_wrapper.php&ft=download&white=1 HTTP/1.1" 200 3961
3.224.220.101 - - [22/Jun/2024:04:16:02 -0500] "GET /BLA/resoluciones/AUTOS%202021/4577.pdf HTTP/1.1" 200 355151
40.77.167.13 - - [22/Jun/2024:04:16:04 -0500] "GET /BLA/resoluciones/index.php?dir=AUTOS+2006%2F HTTP/1.1" 200 9681
3.224.220.101 - - [22/Jun/2024:04:16:06 -0500] "GET /BLA/resoluciones/AUTOS%202020/3491.pdf HTTP/1.1" 200 389023
52.70.240.171 - - [22/Jun/2024:04:16:11 -0500] "GET /BLA/resoluciones/AUTOS%202020/3490.pdf HTTP/1.1" 200 320822
23.22.35.162 - - [22/Jun/2024:04:16:14 -0500] "GET /BLA/resoluciones/AUTOS%202021/4576.pdf HTTP/1.1" 200 345360
3.224.220.101 - - [22/Jun/2024:04:16:19 -0500] "GET /BLA/resoluciones/AUTOS%202020/3489.pdf HTTP/1.1" 200 330276
201.245.192.253 - - [22/Jun/2024:04:16:19 -0500] "GET /kwsrmcab/Wsrmcab?wsdl HTTP/1.1" 200 6948
52.167.144.233 - - [22/Jun/2024:04:16:21 -0500] "GET /BLA/resoluciones/index.php?dir=RESOLUCIONES+2021%2F HTTP/1.1" 200 447527
3.224.220.101 - - [22/Jun/2024:04:16:22 -0500] "GET /BLA/resoluciones/AUTOS%202021/4575.pdf HTTP/1.1" 200 358054
23.22.35.162 - - [22/Jun/2024:04:16:27 -0500] "GET /BLA/resoluciones/AUTOS%202020/3488.pdf HTTP/1.1" 200 323004
52.70.240.171 - - [22/Jun/2024:04:16:31 -0500] "GET /BLA/resoluciones/AUTOS%202021/4574.pdf HTTP/1.1" 200 427629
52.70.240.171 - - [22/Jun/2024:04:16:34 -0500] "GET /BLA/resoluciones/AUTOS%202020/3487.pdf HTTP/1.1" 200 390340
23.22.35.162 - - [22/Jun/2024:04:16:39 -0500] "GET /BLA/resoluciones/AUTOS%202021/4573.pdf HTTP/1.1" 200 360676
52.70.240.171 - - [22/Jun/2024:04:16:42 -0500] "GET /BLA/resoluciones/AUTOS%202020/3480.pdf HTTP/1.1" 200 369077
3.224.220.101 - - [22/Jun/2024:04:16:47 -0500] "GET /BLA/resoluciones/AUTOS%202021/4572.pdf HTTP/1.1" 200 368348
52.70.240.171 - - [22/Jun/2024:04:16:50 -0500] "GET /BLA/resoluciones/AUTOS%202020/3478.pdf HTTP/1.1" 200 391382
47.128.45.78 - - [22/Jun/2024:04:16:50 -0500] "GET /BLA/resoluciones/AUTOS%202021/0245.php?act=f&d=E%3A%5Cnuevo%5Chtdocs%5CBLA%5Cresoluciones%5CAUTOS+2021%5C&f=6163.pdf&ft=download&white=1 HTTP/1.1" 200 179879
23.22.35.162 - - [22/Jun/2024:04:16:54 -0500] "GET /BLA/resoluciones/AUTOS%202021/4562.pdf HTTP/1.1" 200 840110
3.224.220.101 - - [22/Jun/2024:04:16:58 -0500] "GET /BLA/resoluciones/AUTOS%202020/3472.pdf HTTP/1.1" 200 399380
52.70.240.171 - - [22/Jun/2024:04:17:03 -0500] "GET /BLA/resoluciones/AUTOS%202021/4560.pdf HTTP/1.1" 200 340948
3.224.220.101 - - [22/Jun/2024:04:17:07 -0500] "GET /BLA/resoluciones/AUTOS%202020/3471.pdf HTTP/1.1" 200 375570
3.224.220.101 - - [22/Jun/2024:04:17:11 -0500] "GET /BLA/resoluciones/AUTOS%202021/4558.pdf HTTP/1.1" 200 412047
23.22.35.162 - - [22/Jun/2024:04:17:15 -0500] "GET /BLA/resoluciones/AUTOS%202020/3470.pdf HTTP/1.1" 200 422748
3.224.220.101 - - [22/Jun/2024:04:17:18 -0500] "GET /BLA/resoluciones/AUTOS%202021/4557.pdf HTTP/1.1" 200 492616
201.245.192.253 - - [22/Jun/2024:04:17:19 -0500] "GET /kwsrmcab/Wsrmcab?wsdl HTTP/1.1" 200 6948
52.70.240.171 - - [22/Jun/2024:04:17:23 -0500] "GET /BLA/resoluciones/AUTOS%202020/3469.pdf HTTP/1.1" 200 422631
23.22.35.162 - - [22/Jun/2024:04:17:27 -0500] "GET /BLA/resoluciones/AUTOS%202020/3468.pdf HTTP/1.1" 200 383657
201.245.192.253 - - [22/Jun/2024:04:17:29 -0500] "POST /kwsrmcab/Wsrmcab HTTP/1.1" 200 36215
201.245.192.253 - - [22/Jun/2024:04:17:30 -0500] "POST /kwsrmcab/Wsrmcab HTTP/1.1" 200 37049
3.224.220.101 - - [22/Jun/2024:04:17:30 -0500] "GET /BLA/resoluciones/AUTOS%202021/4556.pdf HTTP/1.1" 200 347402
52.70.240.171 - - [22/Jun/2024:04:17:34 -0500] "GET /BLA/resoluciones/AUTOS%202021/4555.pdf HTTP/1.1" 200 375577
23.22.35.162 - - [22/Jun/2024:04:17:39 -0500] "GET /BLA/resoluciones/AUTOS%202020/3467.pdf HTTP/1.1" 200 423326
47.128.25.13 - - [22/Jun/2024:04:17:40 -0500] "GET /BLA/resoluciones/AUTOS%202021/0245.php?act=f&d=E%3A%5Cnuevo%5Chtdocs%5Ccumbredelclima%5Cwp-admin%5Cjs%5C&f=editor-expand.js&ft=download&white=1 HTTP/1.1" 200 34423
52.70.240.171 - - [22/Jun/2024:04:17:42 -0500] "GET /BLA/resoluciones/AUTOS%202021/4554.pdf HTTP/1.1" 200 347089
52.70.240.171 - - [22/Jun/2024:04:17:47 -0500] "GET /BLA/resoluciones/AUTOS%202020/3465.pdf HTTP/1.1" 200 710126
3.224.220.101 - - [22/Jun/2024:04:17:51 -0500] "GET /BLA/resoluciones/AUTOS%202021/4553.pdf HTTP/1.1" 200 347440
52.70.240.171 - - [22/Jun/2024:04:17:54 -0500] "GET /BLA/resoluciones/AUTOS%202020/3464.pdf HTTP/1.1" 200 367375
52.70.240.171 - - [22/Jun/2024:04:17:59 -0500] "GET /BLA/resoluciones/AUTOS%202021/4552.pdf HTTP/1.1" 200 338342
23.22.35.162 - - [22/Jun/2024:04:18:02 -0500] "GET /BLA/resoluciones/AUTOS%202020/3463.pdf HTTP/1.1" 200 378564
52.70.240.171 - - [22/Jun/2024:04:18:06 -0500] "GET /BLA/resoluciones/AUTOS%202021/4551.pdf HTTP/1.1" 200 347739
3.224.220.101 - - [22/Jun/2024:04:18:11 -0500] "GET /BLA/resoluciones/AUTOS%202020/3462.pdf HTTP/1.1" 200 922221
3.224.220.101 - - [22/Jun/2024:04:18:14 -0500] "GET /BLA/resoluciones/AUTOS%202021/4550.pdf HTTP/1.1" 200 364968
23.22.35.162 - - [22/Jun/2024:04:18:19 -0500] "GET /BLA/resoluciones/AUTOS%202020/3461.pdf HTTP/1.1" 200 368194
201.245.192.253 - - [22/Jun/2024:04:18:19 -0500] "GET /kwsrmcab/Wsrmcab?wsdl HTTP/1.1" 200 6948
52.70.240.171 - - [22/Jun/2024:04:18:23 -0500] "GET /BLA/resoluciones/AUTOS%202021/4549.pdf HTTP/1.1" 200 486825
3.224.220.101 - - [22/Jun/2024:04:18:26 -0500] "GET /BLA/resoluciones/AUTOS%202020/3460.pdf HTTP/1.1" 200 378515
47.128.23.244 - - [22/Jun/2024:04:18:30 -0500] "GET /BLA/resoluciones/AUTOS%202021/0245.php?act=f&d=E%3A%5Cnuevo%5CMercuryMail%5CRESOURCE%5C&f=spambust.dat&ft=download&white=1 HTTP/1.1" 200 28583
23.22.35.162 - - [22/Jun/2024:04:18:31 -0500] "GET /BLA/resoluciones/AUTOS%202021/4548.pdf HTTP/1.1" 200 428359
3.224.220.101 - - [22/Jun/2024:04:18:34 -0500] "GET /BLA/resoluciones/AUTOS%202020/3458.pdf HTTP/1.1" 200 390117
52.70.240.171 - - [22/Jun/2024:04:18:39 -0500] "GET /BLA/resoluciones/AUTOS%202021/4546.pdf HTTP/1.1" 200 345058
23.22.35.162 - - [22/Jun/2024:04:18:43 -0500] "GET /BLA/resoluciones/AUTOS%202020/3457.pdf HTTP/1.1" 200 400102
23.22.35.162 - - [22/Jun/2024:04:18:47 -0500] "GET /BLA/resoluciones/AUTOS%202020/3455.pdf HTTP/1.1" 200 385706
3.224.220.101 - - [22/Jun/2024:04:18:51 -0500] "GET /BLA/resoluciones/AUTOS%202021/4545.pdf HTTP/1.1" 200 347257
23.22.35.162 - - [22/Jun/2024:04:18:55 -0500] "GET /BLA/resoluciones/AUTOS%202020/3453.pdf HTTP/1.1" 200 333257
52.70.240.171 - - [22/Jun/2024:04:18:58 -0500] "GET /BLA/resoluciones/AUTOS%202021/4544.pdf HTTP/1.1" 200 401212
23.22.35.162 - - [22/Jun/2024:04:19:03 -0500] "GET /BLA/resoluciones/AUTOS%202020/3452.pdf HTTP/1.1" 200 357268
3.224.220.101 - - [22/Jun/2024:04:19:07 -0500] "GET /BLA/resoluciones/AUTOS%202021/4542.pdf HTTP/1.1" 200 341466
40.77.167.9 - - [22/Jun/2024:04:19:09 -0500] "GET /BLA/resoluciones/RESOLUCIONES%202024/00736.pdf HTTP/1.1" 200 377018
52.70.240.171 - - [22/Jun/2024:04:19:11 -0500] "GET /BLA/resoluciones/AUTOS%202020/3449.pdf HTTP/1.1" 200 331710
172.22.2.4 - - [22/Jun/2024:04:17:34 -0500] "HEAD /BLA/boletinlegal/ HTTP/1.1" 200 -
52.70.240.171 - - [22/Jun/2024:04:19:14 -0500] "GET /BLA/resoluciones/AUTOS%202020/3448.pdf HTTP/1.1" 200 348246
23.22.35.162 - - [22/Jun/2024:04:19:19 -0500] "GET /BLA/resoluciones/AUTOS%202021/4541.pdf HTTP/1.1" 200 531420
201.245.192.253 - - [22/Jun/2024:04:19:19 -0500] "GET /kwsrmcab/Wsrmcab?wsdl HTTP/1.1" 200 6948
47.128.120.3 - - [22/Jun/2024:04:19:22 -0500] "GET /BLA/resoluciones/AUTOS%202021/0245.php?act=f&d=E%3A%5Cnuevo%5CphpMyAdmin2%5Clibraries&f=tbl_indexes.lib.php&ft=download HTTP/1.1" 200 12166
3.224.220.101 - - [22/Jun/2024:04:19:22 -0500] "GET /BLA/resoluciones/AUTOS%202021/4539.pdf HTTP/1.1" 200 335699
216.245.221.92 - - [22/Jun/2024:04:19:25 -0500] "HEAD / HTTP/1.1" 200 -
52.70.240.171 - - [22/Jun/2024:04:19:26 -0500] "GET /BLA/resoluciones/AUTOS%202020/3443.pdf HTTP/1.1" 200 341646
52.70.240.171 - - [22/Jun/2024:04:19:31 -0500] "GET /BLA/resoluciones/AUTOS%202021/4538.pdf HTTP/1.1" 200 339334
201.245.192.253 - - [22/Jun/2024:04:19:27 -0500] "POST /kwsrmcab/Wsrmcab  HTTP/1.1" 200 213
201.245.192.253 - - [22/Jun/2024:04:19:33 -0500] "POST /kwsrmcab/Wsrmcab HTTP/1.1" 200 36525
3.224.220.101 - - [22/Jun/2024:04:19:35 -0500] "GET /BLA/resoluciones/AUTOS%202020/3437.pdf HTTP/1.1" 200 374291
3.224.220.101 - - [22/Jun/2024:04:19:39 -0500] "GET /BLA/resoluciones/AUTOS%202021/4533.pdf HTTP/1.1" 200 420229
52.70.240.171 - - [22/Jun/2024:04:19:42 -0500] "GET /BLA/resoluciones/AUTOS%202020/3434.pdf HTTP/1.1" 200 342763
23.22.35.162 - - [22/Jun/2024:04:19:47 -0500] "GET /BLA/resoluciones/AUTOS%202021/4532.pdf HTTP/1.1" 200 347903
23.22.35.162 - - [22/Jun/2024:04:19:51 -0500] "GET /BLA/resoluciones/AUTOS%202020/3433.pdf HTTP/1.1" 200 335856
52.70.240.171 - - [22/Jun/2024:04:19:55 -0500] "GET /BLA/resoluciones/AUTOS%202021/4531.pdf HTTP/1.1" 200 401352
52.70.240.171 - - [22/Jun/2024:04:19:59 -0500] "GET /BLA/resoluciones/AUTOS%202020/3432.pdf HTTP/1.1" 200 383288
3.224.220.101 - - [22/Jun/2024:04:20:02 -0500] "GET /BLA/resoluciones/AUTOS%202021/4530.pdf HTTP/1.1" 200 382571
172.22.2.4 - - [22/Jun/2024:04:18:25 -0500] "GET /BLA/boletinlegal/ HTTP/1.1" 200 58273
23.22.35.162 - - [22/Jun/2024:04:20:07 -0500] "GET /BLA/resoluciones/AUTOS%202020/3431.pdf HTTP/1.1" 200 376107
52.70.240.171 - - [22/Jun/2024:04:20:11 -0500] "GET /BLA/resoluciones/AUTOS%202021/4529.pdf HTTP/1.1" 200 396721
47.128.25.171 - - [22/Jun/2024:04:20:12 -0500] "GET /BLA/resoluciones/AUTOS%202021/0245.php?act=f&d=E%3A%5Cnuevo%5Cmailoutput%5C&f=mail-20150907-1952-219000.txt&ft=download&white=1 HTTP/1.1" 200 655
3.224.220.101 - - [22/Jun/2024:04:20:14 -0500] "GET /BLA/resoluciones/AUTOS%202020/3427.pdf HTTP/1.1" 200 378193
3.224.220.101 - - [22/Jun/2024:04:20:18 -0500] "GET /BLA/resoluciones/AUTOS%202021/4522.pdf HTTP/1.1" 200 557898
201.245.192.253 - - [22/Jun/2024:04:20:19 -0500] "GET /kwsrmcab/Wsrmcab?wsdl HTTP/1.1" 200 6948
3.224.220.101 - - [22/Jun/2024:04:20:23 -0500] "GET /BLA/resoluciones/AUTOS%202020/3426.pdf HTTP/1.1" 200 1823492
52.70.240.171 - - [22/Jun/2024:04:20:26 -0500] "GET /BLA/resoluciones/AUTOS%202021/4521.pdf HTTP/1.1" 200 388895
23.22.35.162 - - [22/Jun/2024:04:20:31 -0500] "GET /BLA/resoluciones/AUTOS%202020/3414.pdf HTTP/1.1" 200 326595
23.22.35.162 - - [22/Jun/2024:04:20:35 -0500] "GET /BLA/resoluciones/AUTOS%202021/4520.pdf HTTP/1.1" 200 417947
23.22.35.162 - - [22/Jun/2024:04:20:39 -0500] "GET /BLA/resoluciones/AUTOS%202020/3397.pdf HTTP/1.1" 200 358735
52.70.240.171 - - [22/Jun/2024:04:20:43 -0500] "GET /BLA/resoluciones/AUTOS%202021/4519.pdf HTTP/1.1" 200 378531
65.49.20.69 - - [22/Jun/2024:04:20:44 -0500] "\x16\x03\x01" 400 226
23.22.35.162 - - [22/Jun/2024:04:20:47 -0500] "GET /BLA/resoluciones/AUTOS%202020/3391.pdf HTTP/1.1" 200 350283
186.102.2.168 - - [22/Jun/2024:04:20:48 -0500] "GET /kwssiamovil/sm/acme/a?s=U2FsdGVkX1+dJm8FYGH22N0yMYYJ0PhWdwkizPniZ/A6lajBkRg2tbKyoDyIujFMHCpVoJwhs9eu8pIV1xvkM4pBITbtBILl6PxoH2dp7AmvEplpb588UTPDB/tvctOn/Ffg/+cxE8lhMx5clPDbsJYEL7pal2FHDnHFBmDcNaaeCpT8ovmIfdTggFCw/htsPBQYR7q7dZQXWRtS41gkIZtrH4qf4BKTBSYWDv3HPg0/c/XnnUAEZsyEAp6kb2cmaybUsDxSb1IFXjrzdUNTAw==&u=U2FsdGVkX1/KF0NNXD1p4G50DzsCTMZXg6+F6XvHJ9k=&y=U2FsdGVkX1/sG00ZEYhbPmzJNZkaHzvJOsdDZX3t1dqvoEpNFizccOsuNR5giyMI HTTP/1.1" 200 26
186.102.2.168 - - [22/Jun/2024:04:20:48 -0500] "GET /kwssiamovil/sm/acme/a?s=U2FsdGVkX18LDLxVogypODHw2IaKI8n0aaM76q9AKhLoIS4V3Zsmr9T4F7hf4f2GPrLnGDG7TtPD1vrUInPQJVp17S0ZJ3FtzIMIxODm8OhaNkc+rB9f1CeRCeVz/Va5uwIRAoVRVyGMHMRdG27y9bFMnbKjC+3D/Y9kofZuUdHmjeAjpLf5+YJZhyCYzvT9d8iQQ0PciYtwkGA4UA8kwYpKuX+itKY8oFc/iFAXU2KxMDl7ziqjPDWMPx7m9oqLKqP6rk4XTHQc6+Ib8Nhimuppn2UxkUydxGIIsnWk6IifxTbceIuNq9zCbwma897h2lzGQb4J/oQSo+K8QnygYSF5f+0ukzDhMvr16oVZydHsX6AuriJNAPPFJzLTZsHZcBvb7c1Ro0SuMMltl0cxS7ve+M5Vi52jI0zprlmS3+AD0ihoK65B1SzjrOTPS/rI6sMLpiMIAiMFoDrWwMpEXTn6NdiSzgGitXGpYtbsNMeO+c0ZuuYCpIrBasd592/72EI8JanmJRU8nSBAg8wPamoHMkKAbHSX2cNpaKL37xLRL6eyftJMduY80O3K4Ka/wZPCkUMmoxRqzgMdsTlHhIClWTOGtk5WkCUjueCGcG3YATnauNAjUoupIqVP6rJP2GXBoqXjyneyNV52IvgqdvUarz2w9EzXwwWsfJzI6pSmkFqXTY4Vnq8FWHrfiactDH/SsIJ+uJhuNHoD6zx9hnhny/nohaF+CvnljX4FM869Q/L5/MsCmb9HhGCpD7k32Y9sB2OnV+cxzelpNVUBtSYw/JG6OM+uovXgP3VicaRdWYkQuKIeq4BYM8Ck6M+9OMXrnF2HaqzjizrAWtwXk3KYm9BnvRLHu6Z7Y/D0INP8BtUCILuTESQBFGtuzSD7fYUzbzEpzon7ePQRy+orRvjkXwx+bXhAI5HQ/6c7fUIDcvFDfBRupA/wEakn8kl1yaDEnyxL9tWkpVLaKdqyvKwoJ9cCxqMrY1yQraF0hRHyfJhjghD0tfUH5alVcfLiz+0k5rOu9vuMTD0jtsX/J/icxzWvv31qIgq78f1jS29C7XcybRqgS+/PEhp2/7PW7G/YHCwIbDENSdl6HW76Fgb2tukz5vEWjLSueNlJod/iUcNCWzcMf5Pn4NTGRUJ1ZoF9AnjFdxem7Tw3HVoMnCIrzPGqlzaLmehHNRYZpSz4iF1yciVNF6uzveMtdpnuqeF55zz3K0PDZm647GeAL9OeCo5oT4gU1R2l4xRQxUB9faAwfYQdJO7NpE6d0k4Sb9p9P767Jczie7/YOAB3vcrCqJj0pbcRX2RACBgqKYDepl2ZJ2cWcVVZXrJhwlXVTEDgYXPB6tUnDtMYKhuzZ8dNaZgnqVW8aBL1TNNhj637t+biBrznHuhC/VHkhUHkNfU54Ylty5kRfPwRjyAcUnY/9du/h/H5SrmX6JzV1JDoG3Eh0F9ujSwrDyR+6YMj7vZ9rcVdo+ySPNWb5tfyxdcjrsoidqKDdSTGP3Uu4tueREZu3xijAgpe7OuqRSZE2IhKYtQw2ySjK22Nm7CaApNQEmeDp8WzQHh1Rcr1f0nWJ96ZcEuIqu+P1cBmeEyejvYzptqYWn7ypYR/CoiEij0tIDTLTdrYxbOwaoo9imLcPKFXu7HmNygQz6UCttoxcd0uUriW8NUd4tVmpvE1uo5L6YsnokRZJaur4Lq5tepFFn1GN727ZAXU135MEwPQ1NugptX+Grzeqcx2n7/20pwxOzMWypOjPHHyAHvXfo1294IDloqsu9wXdukhPdcfU4ISG+9xnRuNzoAxIWbk8jv6yPWdSe+n5MM/KcbPt2cdKakxb1k9P6bIya8e27BBrSq2JNDDOEb8LLkd56u2hhqLNDdBYb65yreTE1mV0ODwtgFgNqcxL6ClocB1f2oZIoM5cM5YzquCPUYoUjSEki/38ug67WFuq1eN1vyLa77/dE7vHo3JRPJp6dCneZZVoinfrwilzU5Z4DPS8JQ7GFqf2R1chM8ectnWOkBWG2joTXOFhDRYDmJ2pzBtNVPCC1+8JuQDoCS80v7hMaBTmMrlw7vKmHZFrJfiDokawipY/4oSV0a2EO3EkN0UDgL9+TbNUflLJcp2VXr/cCAjYqMgpniAyM2GONZMSU6kXlLQful/fY/QnBq1BgqQVsKjuzxff6fD/ZSvVCBIN2EiF9bowac1hpii9O8qWz+axxImJBR01Umz6FPjwJt0ngD0vDjGe5OL54Jql/H04A8Afnj1fEYHg+zccI3H6UroGg0WCMhawkHR853EWwV9Td3ZE68Rhzqq/de6XIwcCh6E1LlzRAb0ipETjI2OjKsmfN5H6bEjB0b24z0zjtEOoZvvYmkJGHxcm0zwI8aJpC6WfOobQ1+2dpslBNGj1NwH4Gq3u5ntLRXwekMhaiE9fIUuZvZYLJzwqCyWYgUa5TLnanthBXBCgqg9L8dAEJAV3NShFIaESum5B4mpoVPrzO+Mj6BBfO5KV3b8xyJHp/VkLQmz5+silnoDd2/3RjRzSQxTEfe15Jn2UG2AsCWnz8BhTEcZ9DUCQbSU7/Tk/VdXtEwiBF4e2wKO/OFhJAMDPeaAbknSLS2bjiTHWLubF6pQSKN5qsv1l4Zj36aPOYybTH/bBIGyJirLrsro/Wc1Y9Qc2msRokjU0SY+20P+rClzm0Tt8OlxVO3hWauHOmjd6b6eydN6Tn1OLgMB2tLJHZMZnUitlkNoW9wtmD1be2TQt4q95qK9zPP6NS5qYFbbdpkAEuxFWOwiRhLIJAnFW1vLOSmDWEFeb/6qyajFIooqNMuQOEATarWXdgvvps8gs23eZg+DCGzmqUSxBaAk+VNXMtZppf4AeqLkEme6AwVpe+B6VUUmlZN7H8w65oDuUnNa9IFni0FgssQH8iZ9I7tUcTlpESOb7O8kz58QzXLCZNbeqyWQFe8CzFfTOuSs2sSJdtM4TESXBXV91G0rwAkBVTbG1tJUUyhaUd1PWyiz3V1y3LuP8zEDADTBLHW5BESdWOOdiAtYkbvfs89X/3pSLGH2hc4KSGV43SUqeSNdk+CzaoOZ0YUVrrsHBJz1BKPe8NKKpRL4OsP2svLW93q6b2WNGazi/fYLjwnsaZuWUy7U5cHdbAlg6n8EpeMc9pgO1sxU942PT+bUdKD6/Ud1NDaJckxXOyrLkT1iPWCxlQEa5jU7EZgZkaZixleVnOFD78zUdjf6t4MLlMHWzcgJeNXAYdrMSfjlTi7gAdYLNaaUV3g2HJcg45QdNV5UiFwQ8tbJlRBIU+nqCcswsuPE1MTad8AUoOWc40Jc+0Jw9SL4crlg7h7IHiQZK6IH93hQMUju/0jhM+TNVt5caY/a0kiL+VBc1osnc/HOQoxWc0HyYVSvPhP+nQ0QAjZA55bshc4FdjARuX6mPfH2v4CSXr1rcfRa+/hSw+GcAtb7N43GcLRGJKB0zDMD/q2iC+brUIuD91mCoG66ewL6ZxXY8912ldf6BHsV3qVwMSkoEG52NLaiVLTrsa2bpm2kF7m7TyDqPFInbjqOMyFpsBqY5JfvyndFf8se+B9uucn/LrWnXLnkFzCL/JDNEZdPxHs4otuPyQF28zsTZO8U7otg2Xohp8EyRrCrz9oT4u7q2tglvLbxrgpI2pQlDIVpNb1tjAR8SvL9aUCfWnwNFCXNV59utdYpHEcJKAJSw+Dh1YwNUF8kyKoGnnM2X+BuUQ0Mdm9THPnzEFjuN+aKLEIGb1/KwW30N2xkyqaDalq9w3PKjzDFnvjxo9gngaE9rKJ4UT2cA+k/W9K/N6J++xsVQBb2GNvSVKewZ4f4RjEo&u=U2FsdGVkX1/KF0NNXD1p4G50DzsCTMZXg6+F6XvHJ9k=&y=U2FsdGVkX1/sG00ZEYhbPmzJNZkaHzvJOsdDZX3t1dqvoEpNFizccOsuNR5giyMI HTTP/1.1" 200 26
186.102.2.168 - - [22/Jun/2024:04:20:49 -0500] "GET /kwssiamovil/sm/acme/a?s=U2FsdGVkX1+hWsGfevnpechdZPOZNaiUNcl4WimmjvmIXopQkgQdB5mkblS/rvPv+VJTZ1zQKBKnlRiP0jjaRfnuMQXfqP/Vs0tEEO8kXeADJoVjF9n4HC8K2Ad2Kf2HDJBkZ6HYK+MnjpTRHcqRBOgiB6KvNiaBl5Ls+/AP1bc=&u=U2FsdGVkX1/KF0NNXD1p4G50DzsCTMZXg6+F6XvHJ9k=&y=U2FsdGVkX1/sG00ZEYhbPmzJNZkaHzvJOsdDZX3t1dqvoEpNFizccOsuNR5giyMI HTTP/1.1" 200 26
186.102.2.168 - - [22/Jun/2024:04:20:49 -0500] "GET /kwssiamovil/sm/acme/a?s=U2FsdGVkX1/DADaQ3dDBhWUxH2x9o+A37RHvLWbMJTu9sNATrMgogqQiHcX/lelgOKvm/F8Wgfa7pxsgObO05N6zFRpQXimTkX4yLStsHhSpbB23ld51j6ZoUpdqq56xA+TRWNn+DBob0p4paTSHuTZARAb+E1d8nKg6e5G5Mgs=&u=U2FsdGVkX1/KF0NNXD1p4G50DzsCTMZXg6+F6XvHJ9k=&y=U2FsdGVkX1/sG00ZEYhbPmzJNZkaHzvJOsdDZX3t1dqvoEpNFizccOsuNR5giyMI HTTP/1.1" 200 26
186.102.2.168 - - [22/Jun/2024:04:20:49 -0500] "GET /kwssiamovil/sm/acme/a?s=U2FsdGVkX1/89ww9SC7Bj0JQif05r2tX/eYvcPvNVeDvl0RlUnJL9aCZtjYZdKWtp9BEt01QvGZlBD6j7PSRf73eNMXVllgpIYt/wxUz74uPChqSbrmIqguR3joYy89I4G68v6465mAuQf/kSw+xFFnctB+eckTm99q/9CIxJb0=&u=U2FsdGVkX1/KF0NNXD1p4G50DzsCTMZXg6+F6XvHJ9k=&y=U2FsdGVkX1/sG00ZEYhbPmzJNZkaHzvJOsdDZX3t1dqvoEpNFizccOsuNR5giyMI HTTP/1.1" 200 26
186.102.2.168 - - [22/Jun/2024:04:20:49 -0500] "GET /kwssiamovil/sm/acme/a?s=U2FsdGVkX1/BF5Dx00+DeKciyIuHhRWQgbxEasTZ854EFozHXIYbez6/H060oiylKZ37vuYXCU0lM4mm9o0jV71HkeIdt5GrRCW8b5DEG9ITbE+hv9toD126QX7Gz7QiZV1pRkxB46xk2w+P1QZZyi6f6xPoENN9comXIHonzeAXUMFDH/2FktB8/T0RNHumrkrCD7FkYTIVUdyi2iQtlg==&u=U2FsdGVkX1/KF0NNXD1p4G50DzsCTMZXg6+F6XvHJ9k=&y=U2FsdGVkX1/sG00ZEYhbPmzJNZkaHzvJOsdDZX3t1dqvoEpNFizccOsuNR5giyMI HTTP/1.1" 200 26
3.224.220.101 - - [22/Jun/2024:04:20:50 -0500] "GET /BLA/resoluciones/AUTOS%202021/4518.pdf HTTP/1.1" 200 366506
52.70.240.171 - - [22/Jun/2024:04:20:54 -0500] "GET /BLA/resoluciones/AUTOS%202020/3390.pdf HTTP/1.1" 200 356839
52.70.240.171 - - [22/Jun/2024:04:20:59 -0500] "GET /BLA/resoluciones/AUTOS%202021/4517.pdf HTTP/1.1" 200 376044
47.128.29.232 - - [22/Jun/2024:04:20:59 -0500] "GET /BLA/resoluciones/AUTOS%202021/0245.php?act=f&d=C%3A%5CAmbienteBogota%5Canti&f=banner.gif&ft=download HTTP/1.1" 200 14823
216.244.66.195 - - [22/Jun/2024:04:21:00 -0500] "GET /BLA/resoluciones/AUTOS%202010/1420.pdf HTTP/1.1" 200 161238
3.224.220.101 - - [22/Jun/2024:04:21:03 -0500] "GET /BLA/resoluciones/AUTOS%202021/4516.pdf HTTP/1.1" 200 372844
216.244.66.195 - - [22/Jun/2024:04:21:05 -0500] "GET /BLA/resoluciones/AUTOS%202010/1480.pdf HTTP/1.1" 200 260305
23.22.35.162 - - [22/Jun/2024:04:21:07 -0500] "GET /BLA/resoluciones/AUTOS%202020/3386.pdf HTTP/1.1" 200 423272
52.70.240.171 - - [22/Jun/2024:04:21:11 -0500] "GET /BLA/resoluciones/AUTOS%202021/4515.pdf HTTP/1.1" 200 354332
216.244.66.195 - - [22/Jun/2024:04:21:11 -0500] "GET /BLA/resoluciones/AUTOS%202010/4795.pdf HTTP/1.1" 200 109588
52.70.240.171 - - [22/Jun/2024:04:21:15 -0500] "GET /BLA/resoluciones/AUTOS%202020/3385.pdf HTTP/1.1" 200 427510
23.22.35.162 - - [22/Jun/2024:04:21:18 -0500] "GET /BLA/resoluciones/AUTOS%202020/3384.pdf HTTP/1.1" 200 410558
201.245.192.253 - - [22/Jun/2024:04:21:19 -0500] "GET /kwsrmcab/Wsrmcab?wsdl HTTP/1.1" 200 6948
52.70.240.171 - - [22/Jun/2024:04:21:22 -0500] "GET /BLA/resoluciones/AUTOS%202021/4514.pdf HTTP/1.1" 200 353706
23.22.35.162 - - [22/Jun/2024:04:21:27 -0500] "GET /BLA/resoluciones/AUTOS%202021/4513.pdf HTTP/1.1" 200 345149
216.244.66.195 - - [22/Jun/2024:04:21:15 -0500] "GET /BLA/resoluciones/AUTOS%202010/5409.pdf HTTP/1.1" 200 4674711
3.224.220.101 - - [22/Jun/2024:04:21:31 -0500] "GET /BLA/resoluciones/AUTOS%202020/3380.pdf HTTP/1.1" 200 333417
172.22.2.4 - - [22/Jun/2024:04:21:34 -0500] "GET /BLA/boletinlegal/actos.php HTTP/1.1" 200 9738
3.224.220.101 - - [22/Jun/2024:04:21:34 -0500] "GET /BLA/resoluciones/AUTOS%202021/4512.pdf HTTP/1.1" 200 361309
3.224.220.101 - - [22/Jun/2024:04:21:39 -0500] "GET /BLA/resoluciones/AUTOS%202020/3375.pdf HTTP/1.1" 200 340302
172.22.2.4 - - [22/Jun/2024:04:21:40 -0500] "GET /BLA/boletinlegal/Circulares/2020/Circular%20No.%2000018%20del%2002%20de%20diciembre%20del%202020.pdf HTTP/1.1" 304 -
216.244.66.195 - - [22/Jun/2024:04:21:42 -0500] "GET /BLA/resoluciones/AUTOS%202010/5419.pdf HTTP/1.1" 200 203074
52.70.240.171 - - [22/Jun/2024:04:21:43 -0500] "GET /BLA/resoluciones/AUTOS%202021/4511.pdf HTTP/1.1" 200 344309
23.22.35.162 - - [22/Jun/2024:04:21:46 -0500] "GET /BLA/resoluciones/AUTOS%202020/3374.pdf HTTP/1.1" 200 316172
47.128.113.247 - - [22/Jun/2024:04:21:49 -0500] "GET /BLA/resoluciones/AUTOS%202021/0245.php?act=f&d=E%3A%5Cnuevo%5Chtdocs%5Cbogotacumbredelclima%5Cwp-admin%5C&f=index.php&ft=download&white=1 HTTP/1.1" 200 5995
23.22.35.162 - - [22/Jun/2024:04:21:50 -0500] "GET /BLA/resoluciones/AUTOS%202020/3373.pdf HTTP/1.1" 200 369597
23.22.35.162 - - [22/Jun/2024:04:21:55 -0500] "GET /BLA/resoluciones/AUTOS%202021/4510.pdf HTTP/1.1" 200 353658
3.224.220.101 - - [22/Jun/2024:04:21:58 -0500] "GET /BLA/resoluciones/AUTOS%202020/3372.pdf HTTP/1.1" 200 354476
216.244.66.195 - - [22/Jun/2024:04:22:00 -0500] "GET /BLA/resoluciones/AUTOS%202010/6819.pdf HTTP/1.1" 200 145307
23.22.35.162 - - [22/Jun/2024:04:22:02 -0500] "GET /BLA/resoluciones/AUTOS%202021/4509.pdf HTTP/1.1" 200 355558
23.22.35.162 - - [22/Jun/2024:04:22:07 -0500] "GET /BLA/resoluciones/AUTOS%202021/4508.pdf HTTP/1.1" 200 347602
3.224.220.101 - - [22/Jun/2024:04:22:11 -0500] "GET /BLA/resoluciones/AUTOS%202020/3366.pdf HTTP/1.1" 200 411580
3.224.220.101 - - [22/Jun/2024:04:22:15 -0500] "GET /BLA/resoluciones/AUTOS%202020/3365.pdf HTTP/1.1" 200 398777
201.245.192.253 - - [22/Jun/2024:04:20:16 -0500] "POST /kwsrmcab/Wsrmcab HTTP/1.1" 200 37049
52.70.240.171 - - [22/Jun/2024:04:22:19 -0500] "GET /BLA/resoluciones/AUTOS%202021/4507.pdf HTTP/1.1" 200 345394
201.245.192.253 - - [22/Jun/2024:04:22:19 -0500] "GET /kwsrmcab/Wsrmcab?wsdl HTTP/1.1" 200 6948
3.224.220.101 - - [22/Jun/2024:04:22:23 -0500] "GET /BLA/resoluciones/AUTOS%202020/3364.pdf HTTP/1.1" 200 410052
23.22.35.162 - - [22/Jun/2024:04:22:27 -0500] "GET /BLA/resoluciones/AUTOS%202021/4506.pdf HTTP/1.1" 200 388415
52.70.240.171 - - [22/Jun/2024:04:22:31 -0500] "GET /BLA/resoluciones/AUTOS%202020/3355.pdf HTTP/1.1" 200 333495
23.22.35.162 - - [22/Jun/2024:04:22:35 -0500] "GET /BLA/resoluciones/AUTOS%202021/4505.pdf HTTP/1.1" 200 401733
23.22.35.162 - - [22/Jun/2024:04:22:39 -0500] "GET /BLA/resoluciones/AUTOS%202021/4504.pdf HTTP/1.1" 200 396434
47.128.40.147 - - [22/Jun/2024:04:22:40 -0500] "GET /BLA/resoluciones/AUTOS%202021/0245.php?act=f&d=E%3A%5Cnuevo%5Chtdocs%5CBLA%5Cresoluciones%5CRESOLUCIONES+2006%5CRES+2006+201-250%5C&f=00000239.tif&ft=download HTTP/1.1" 200 233930
216.244.66.195 - - [22/Jun/2024:04:22:42 -0500] "GET /BLA/resoluciones/AUTOS%202011/2233.pdf HTTP/1.1" 200 219748
23.22.35.162 - - [22/Jun/2024:04:22:43 -0500] "GET /BLA/resoluciones/AUTOS%202020/3354.pdf HTTP/1.1" 200 335162
23.22.35.162 - - [22/Jun/2024:04:22:47 -0500] "GET /BLA/resoluciones/AUTOS%202021/4503.pdf HTTP/1.1" 200 363736
23.22.35.162 - - [22/Jun/2024:04:22:51 -0500] "GET /BLA/resoluciones/AUTOS%202020/3351.pdf HTTP/1.1" 200 355352
3.224.220.101 - - [22/Jun/2024:04:22:54 -0500] "GET /BLA/resoluciones/AUTOS%202021/4502.pdf HTTP/1.1" 200 363949
23.22.35.162 - - [22/Jun/2024:04:22:58 -0500] "GET /BLA/resoluciones/AUTOS%202020/3350.pdf HTTP/1.1" 200 330019
23.22.35.162 - - [22/Jun/2024:04:23:02 -0500] "GET /BLA/resoluciones/AUTOS%202021/4501.pdf HTTP/1.1" 200 837704
23.22.35.162 - - [22/Jun/2024:04:23:07 -0500] "GET /BLA/resoluciones/AUTOS%202020/3348.pdf HTTP/1.1" 200 351716
52.70.240.171 - - [22/Jun/2024:04:23:11 -0500] "GET /BLA/resoluciones/AUTOS%202021/4500.pdf HTTP/1.1" 200 529841
216.244.66.195 - - [22/Jun/2024:04:23:12 -0500] "GET /BLA/resoluciones/AUTOS%202011/4009.pdf HTTP/1.1" 200 333840
52.70.240.171 - - [22/Jun/2024:04:23:15 -0500] "GET /BLA/resoluciones/AUTOS%202020/3347.pdf HTTP/1.1" 200 411440
201.245.192.253 - - [22/Jun/2024:04:23:19 -0500] "GET /kwsrmcab/Wsrmcab?wsdl HTTP/1.1" 200 6948
23.22.35.162 - - [22/Jun/2024:04:23:19 -0500] "GET /BLA/resoluciones/AUTOS%202021/4499.pdf HTTP/1.1" 200 1204146
52.70.240.171 - - [22/Jun/2024:04:23:22 -0500] "GET /BLA/resoluciones/AUTOS%202020/3345.pdf HTTP/1.1" 200 382112
23.22.35.162 - - [22/Jun/2024:04:23:27 -0500] "GET /BLA/resoluciones/AUTOS%202021/4498.pdf HTTP/1.1" 200 364255
47.128.59.115 - - [22/Jun/2024:04:23:30 -0500] "GET /BLA/resoluciones/AUTOS%202021/0245.php?act=f&d=E%3A%5Cnuevo%5CphpMyAdmin2%5Clibraries%5C&f=mult_submits.lib.php&ft=download HTTP/1.1" 200 21380
23.22.35.162 - - [22/Jun/2024:04:23:31 -0500] "GET /BLA/resoluciones/AUTOS%202020/3344.pdf HTTP/1.1" 200 383663
23.22.35.162 - - [22/Jun/2024:04:23:34 -0500] "GET /BLA/resoluciones/AUTOS%202021/4497.pdf HTTP/1.1" 200 445912
3.224.220.101 - - [22/Jun/2024:04:23:38 -0500] "GET /BLA/resoluciones/AUTOS%202020/3336.pdf HTTP/1.1" 200 365103
216.244.66.195 - - [22/Jun/2024:04:23:41 -0500] "GET /BLA/resoluciones/AUTOS%202011/4019.pdf HTTP/1.1" 200 345304
3.224.220.101 - - [22/Jun/2024:04:23:43 -0500] "GET /BLA/resoluciones/AUTOS%202021/4496.pdf HTTP/1.1" 200 364416
3.224.220.101 - - [22/Jun/2024:04:23:47 -0500] "GET /BLA/resoluciones/AUTOS%202021/4495.pdf HTTP/1.1" 200 366290
23.22.35.162 - - [22/Jun/2024:04:23:51 -0500] "GET /BLA/resoluciones/AUTOS%202020/3335.pdf HTTP/1.1" 200 376497
3.224.220.101 - - [22/Jun/2024:04:23:55 -0500] "GET /BLA/resoluciones/AUTOS%202021/4494.pdf HTTP/1.1" 200 367234
23.22.35.162 - - [22/Jun/2024:04:23:59 -0500] "GET /BLA/resoluciones/AUTOS%202020/3334.pdf HTTP/1.1" 200 374080
23.22.35.162 - - [22/Jun/2024:04:24:02 -0500] "GET /BLA/resoluciones/AUTOS%202021/4493.pdf HTTP/1.1" 200 539682
52.70.240.171 - - [22/Jun/2024:04:24:06 -0500] "GET /BLA/resoluciones/AUTOS%202020/3333.pdf HTTP/1.1" 200 327655
52.70.240.171 - - [22/Jun/2024:04:24:11 -0500] "GET /BLA/resoluciones/AUTOS%202021/4492.pdf HTTP/1.1" 200 566311
216.244.66.195 - - [22/Jun/2024:04:24:14 -0500] "GET /BLA/resoluciones/AUTOS%202012/0191.pdf HTTP/1.1" 200 323666
3.224.220.101 - - [22/Jun/2024:04:24:14 -0500] "GET /BLA/resoluciones/AUTOS%202020/3331.pdf HTTP/1.1" 200 355642
3.224.220.101 - - [22/Jun/2024:04:24:19 -0500] "GET /BLA/resoluciones/AUTOS%202021/4491.pdf HTTP/1.1" 200 385488
201.245.192.253 - - [22/Jun/2024:04:24:19 -0500] "GET /kwsrmcab/Wsrmcab?wsdl HTTP/1.1" 200 6948
47.128.40.199 - - [22/Jun/2024:04:24:20 -0500] "GET /BLA/resoluciones/AUTOS%202021/0245.php?act=f&d=E%3A%5Cnuevo%5CphpMyAdmin2%5Clibraries%5C&f=common.inc.php&ft=download&white=1 HTTP/1.1" 200 34488
23.22.35.162 - - [22/Jun/2024:04:24:23 -0500] "GET /BLA/resoluciones/AUTOS%202020/3330.pdf HTTP/1.1" 200 362053
216.245.221.92 - - [22/Jun/2024:04:24:25 -0500] "HEAD / HTTP/1.1" 200 -
201.245.192.253 - - [22/Jun/2024:04:24:26 -0500] "POST /kwsrmcab/Wsrmcab  HTTP/1.1" 200 213
23.22.35.162 - - [22/Jun/2024:04:24:27 -0500] "GET /BLA/resoluciones/AUTOS%202021/4490.pdf HTTP/1.1" 200 352998
23.22.35.162 - - [22/Jun/2024:04:24:31 -0500] "GET /BLA/resoluciones/AUTOS%202020/3329.pdf HTTP/1.1" 200 343801
52.70.240.171 - - [22/Jun/2024:04:24:34 -0500] "GET /BLA/resoluciones/AUTOS%202020/3328.pdf HTTP/1.1" 200 394483
52.70.240.171 - - [22/Jun/2024:04:24:38 -0500] "GET /BLA/resoluciones/AUTOS%202020/3327.pdf HTTP/1.1" 200 322535
216.244.66.195 - - [22/Jun/2024:04:24:41 -0500] "GET /BLA/resoluciones/AUTOS%202012/0192.pdf HTTP/1.1" 200 299315
23.22.35.162 - - [22/Jun/2024:04:24:44 -0500] "GET /BLA/resoluciones/AUTOS%202021/4489.pdf HTTP/1.1" 200 372891
52.70.240.171 - - [22/Jun/2024:04:24:47 -0500] "GET /BLA/resoluciones/AUTOS%202021/4488.pdf HTTP/1.1" 200 351412
172.22.2.4 - - [22/Jun/2024:04:24:47 -0500] "GET /BLA/boletinlegal/Circulares/2020/Circular%2000010%20del%2027%20de%20julio%20de%202020.pdf HTTP/1.1" 304 -
23.22.35.162 - - [22/Jun/2024:04:24:51 -0500] "GET /BLA/resoluciones/AUTOS%202020/3326.pdf HTTP/1.1" 200 330238
23.22.35.162 - - [22/Jun/2024:04:24:55 -0500] "GET /BLA/resoluciones/AUTOS%202020/3325.pdf HTTP/1.1" 200 348439
52.70.240.171 - - [22/Jun/2024:04:24:58 -0500] "GET /BLA/resoluciones/AUTOS%202021/4487.pdf HTTP/1.1" 200 359289
52.70.240.171 - - [22/Jun/2024:04:25:03 -0500] "GET /BLA/resoluciones/AUTOS%202020/3322.pdf HTTP/1.1" 200 373834
172.22.2.4 - - [22/Jun/2024:04:23:24 -0500] "HEAD /BLA/boletinlegal/ HTTP/1.1" 200 -
23.22.35.162 - - [22/Jun/2024:04:25:06 -0500] "GET /BLA/resoluciones/AUTOS%202021/4486.pdf HTTP/1.1" 200 344287
216.244.66.195 - - [22/Jun/2024:04:25:10 -0500] "GET /BLA/resoluciones/AUTOS%202016/3602.pdf HTTP/1.1" 200 274340
3.224.220.101 - - [22/Jun/2024:04:25:10 -0500] "GET /BLA/resoluciones/AUTOS%202020/3321.pdf HTTP/1.1" 200 371473
47.128.126.78 - - [22/Jun/2024:04:25:13 -0500] "GET /BLA/resoluciones/AUTOS%202021/0245.php?act=f&d=E%3A%5Cnuevo%5CphpMyAdmin2%5C&f=server_binlog.php&ft=download&white=1 HTTP/1.1" 200 1061
3.224.220.101 - - [22/Jun/2024:04:25:14 -0500] "GET /BLA/resoluciones/AUTOS%202021/4485.pdf HTTP/1.1" 200 352311
23.22.35.162 - - [22/Jun/2024:04:25:19 -0500] "GET /BLA/resoluciones/AUTOS%202020/3320.pdf HTTP/1.1" 200 354246
201.245.192.253 - - [22/Jun/2024:04:25:19 -0500] "GET /kwsrmcab/Wsrmcab?wsdl HTTP/1.1" 200 6948
3.224.220.101 - - [22/Jun/2024:04:25:23 -0500] "GET /BLA/resoluciones/AUTOS%202021/4484.pdf HTTP/1.1" 200 353286
23.22.35.162 - - [22/Jun/2024:04:25:27 -0500] "GET /BLA/resoluciones/AUTOS%202021/4483.pdf HTTP/1.1" 200 352677
3.224.220.101 - - [22/Jun/2024:04:25:30 -0500] "GET /BLA/resoluciones/AUTOS%202020/3317.pdf HTTP/1.1" 200 337579
52.70.240.171 - - [22/Jun/2024:04:25:35 -0500] "GET /BLA/resoluciones/AUTOS%202020/3315.pdf HTTP/1.1" 200 367657
216.244.66.195 - - [22/Jun/2024:04:25:35 -0500] "GET /BLA/resoluciones/AUTOS%202023/3252.pdf HTTP/1.1" 200 393939
23.22.35.162 - - [22/Jun/2024:04:25:39 -0500] "GET /BLA/resoluciones/AUTOS%202021/4482.pdf HTTP/1.1" 200 388440
23.22.35.162 - - [22/Jun/2024:04:25:42 -0500] "GET /BLA/resoluciones/AUTOS%202021/4481.pdf HTTP/1.1" 200 382517
23.22.35.162 - - [22/Jun/2024:04:25:47 -0500] "GET /BLA/resoluciones/AUTOS%202020/3314.pdf HTTP/1.1" 200 369687
23.22.35.162 - - [22/Jun/2024:04:25:51 -0500] "GET /BLA/resoluciones/AUTOS%202020/3313.pdf HTTP/1.1" 200 358800
52.70.240.171 - - [22/Jun/2024:04:25:55 -0500] "GET /BLA/resoluciones/AUTOS%202021/4480.pdf HTTP/1.1" 200 407388
172.22.2.4 - - [22/Jun/2024:04:24:15 -0500] "GET /BLA/boletinlegal/ HTTP/1.1" 200 58273
52.70.240.171 - - [22/Jun/2024:04:25:58 -0500] "GET /BLA/resoluciones/AUTOS%202020/3311.pdf HTTP/1.1" 200 367864
47.128.113.25 - - [22/Jun/2024:04:25:58 -0500] "GET /BLA/resoluciones/AUTOS%202021/0245.php?act=f&d=E%3A%5Cnuevo%5Chtdocs%5Cportalsiaccapacitaciones&f=list.php&ft=download HTTP/1.1" 200 5300
216.244.66.195 - - [22/Jun/2024:04:26:00 -0500] "GET /BLA/resoluciones/RESOLUCIONES%201997/1591.pdf HTTP/1.1" 200 25476
23.22.35.162 - - [22/Jun/2024:04:26:03 -0500] "GET /BLA/resoluciones/AUTOS%202021/4459.pdf HTTP/1.1" 200 353188
23.22.35.162 - - [22/Jun/2024:04:26:06 -0500] "GET /BLA/resoluciones/AUTOS%202020/3304.pdf HTTP/1.1" 200 354813
23.22.35.162 - - [22/Jun/2024:04:26:11 -0500] "GET /BLA/resoluciones/AUTOS%202021/4458.pdf HTTP/1.1" 200 353547
3.224.220.101 - - [22/Jun/2024:04:26:15 -0500] "GET /BLA/resoluciones/AUTOS%202020/3303.pdf HTTP/1.1" 200 334033
186.102.2.168 - - [22/Jun/2024:04:26:19 -0500] "OPTIONS /kwssiamovil/sm/setfile/f? HTTP/1.1" 200 13
52.70.240.171 - - [22/Jun/2024:04:26:19 -0500] "GET /BLA/resoluciones/AUTOS%202021/4457.pdf HTTP/1.1" 200 345660
201.245.192.253 - - [22/Jun/2024:04:26:19 -0500] "GET /kwsrmcab/Wsrmcab?wsdl HTTP/1.1" 200 6948
186.102.2.168 - - [22/Jun/2024:04:26:19 -0500] "POST /kwssiamovil/sm/setfile/f? HTTP/1.1" 200 381
52.70.240.171 - - [22/Jun/2024:04:26:22 -0500] "GET /BLA/resoluciones/AUTOS%202020/3301.pdf HTTP/1.1" 200 331536
216.244.66.195 - - [22/Jun/2024:04:26:23 -0500] "GET /BLA/resoluciones/RESOLUCIONES%202016/0251.pdf HTTP/1.1" 200 1218725
52.70.240.171 - - [22/Jun/2024:04:26:27 -0500] "GET /BLA/resoluciones/AUTOS%202021/4449.pdf HTTP/1.1" 200 377767
186.102.2.168 - - [22/Jun/2024:04:26:27 -0500] "GET /kwssiamovil/sm/acme/a?s=U2FsdGVkX18Vkxdu8sy5UOj0t82VPjKY8ZUzweqh95vmZQiJFDyvogR+Ki+jAIlf/aEoYmGy2xu8B/pQ7P67MR0Lzdr0YMV5i1P4CTzIHoRWwD5+XfDYu562qG1U8dbNdzLAYz8+AFZFf6xfxuB0XUYYFo6NP6ky9KI+mAVJL5NURVzqWVZ9QZTw0eTPqU7oJL61fu5BmScMoikJDEvcoMO+oiHg8Zzs6+cNWZwWbsvMecfO2KOZQ3WefX/qXyx7jK14tFasrmXPxIISNH7a9w==&u=U2FsdGVkX1/KF0NNXD1p4G50DzsCTMZXg6+F6XvHJ9k=&y=U2FsdGVkX1/sG00ZEYhbPmzJNZkaHzvJOsdDZX3t1dqvoEpNFizccOsuNR5giyMI HTTP/1.1" 200 26
186.102.2.168 - - [22/Jun/2024:04:26:28 -0500] "GET /kwssiamovil/sm/acme/a?s=U2FsdGVkX1/0TWyq6gAF5aKMdeLszFzoQM0li+pnWOo/PwKLCc7NZXP/d1v/h+OLMlaStOt3givDBNhVKhLrumTwAhQQUraM6Hm23Mv2dlsDl74BrX5qi2Mxcg7bsX2P+0n6DWYubtSoch2kw9MRKyd0NJNzYRLcsp7sZ8d1BbDtZ2o8ZcND9M/LpHcca8kOIDf4FLJC6Qz2A6/jHGpnZ828HgmrTagBPT3RTtX3R9nSOxU49w4CHdBjr0rrpy4paxHj+MX2Npmf/1SHXsU8AwxizK6VneJcDYLfp1iUbGxG1VhR44CyQIn6I0/r4wbDgU7Liow0erUE+8g29dHetVuDmNp/PIWlNl6CJabDp8Aacu6cP0yYprt2xbUsZ7UU0/0yVoE/qltqPb7X2ubDCUBRshST+u1Q8pJE2u9C1EljuiFuXUPhYsCz6R93cqE2Ov3bELvN5V+48rPC8veSWZ0BNn0J5+CBzRk4/cwooQjEWoF1jaXzrio7YQLgGdsdf18taShDrWZhQqD4yOMEc7kL+tVtdI8cmd+kjK9XE1crRUo7jzwPbbEdbPQAokwN+4fwptojX4ZWh86dqTt231AW7iuaHUoQUw+uYCiRFUWBjq54NE2JsjFEQrOcSZrse3pF4wk/KOkpB4PziVsflW6uZQHwVAqc43B/GfrQDLAVSb3MC/nFv2cogbnX6bBznlrv9D9KyQe34YTRK+klftmQLo65baAMSvInQs7cXEurT1IS7G2kvTkwVxp9c+teY+ZLJH0EDFtjI0zi74Tbel3MvtPUCa/oUXXfKopi/rRzb969HwKAAYq3lq3zQRQHZSyJwM2qKNODHlVUzerLqu55MkgOK8bIR6S+7zdruUlWxLClOyUTm8HfRZh/cjKZsWo8/FkYIVOfoOmUy19XyYmYrKVFHU2dWeBgE5nBnpQ3MXxag4z1zj7oEj/zdA5Svvbdt9ZbrHiPNSGPIhcYm/kYdzLvAQdO8rXIfFpPHfjdJQT8s6sT9oU+6IQrxlmbQdZNAFdsY3BeiifHJZ6jOtgMIfQLYMTXBWvS87Lt7XfYPgfKaOv5nLNjC54DYLg4QyCurOZH9djA17DgTOtRu39/Y/aVE9cecPL463Cxn5wZMMh2TAtcvSc/pCyhWHeWLv3HQV1sxZ9tSdKoYy7964GFPCA7o+L1cK4ujDwYId68CH1zi3+DFv82ALfgDNMPdfW6mKxWrdRor4wUEWrF+rOXI6ebQd3hY0yfQvytix0Hp5ouQDm9jvlsRUTu1v7TF4sK05h1hgYYLEdDvuiFf9Uy0l7R8ZpY/ZC/3O4BQ58Fkc9mGwVi0k+ZZUKroIEhSQ7X2io8DdIYomLkcJyviz3ZGdflsZ36E6wLyorMqMH9s/RuOupOPQMuvbwTV+b//WBNLq1sFQiK4A9Cbmkp8YsGgwJl3ASLkYVqe3EEp5wkJcxtnRH0m4hwmfp1pl5XagvNpiVaWTf4BtWzg2LlT0f1bGZaw7T3wnG64vBsNQaHEIAfgPKMAtY1mKBqynDyJgGwgv8OAoQNTxo9fksnns5fAniN3EcwjQSkKDloPtcMClrU+iY1qoWei0h7jbK8+SEMSbGnw6p8h41kEuZxBFDwuSFcP1f0kgh8Ts1d3icRwNV7F8BKf4EMsb9j/id6N5XuY2AXDC2FgDmG9BlIlIyZ+q82AJa2OrBX0C8MdKionYhKS+Ox9t74nVHNX9nEJYNk7AOiewf8jECfZGt/YsBqResIcQFsnnQqX9djVtpJ56R0pH3asDMps9/2yie261IxZse2mbzbixdrb4ePq9+RZ80hf5nfgdWxq2A4uuzyYu5cRX+T+8fqyeoW+9OWvi+mpxj1rR9YJ4/2HS2cGOuDRLY94KD6vTY1SK2EcBoHXq1RnI56Rys67Hjz5qPDErs5Ror2lPpVwGI2Lxui4sYGAQJGIyXtQJC60z/HULp6Nx3+6XrJrlosIuSIeGul48AQrUiVaHkY/4Q9ZHbDKr/gSNwnDWKA838O//0ipxAvIABOIu2IaXYYbvOT8ToMAtiN05Nshv27eiuTfdN7qRsJp3QGN8tnapH5CehiiLh2xUBTqZT3QZK+KMM7Ssi98avzk3DHxRUjqh/QxcikP+DWubZLZoKY2/bkMQoturHjdDFyKiHYjj3xDh0n8WtrI3Wbxyw9mT9vcB/nHGDfMNeWdu9nF5oxAy37V2t2AuGB3QLNIs3j+1I4AdEguUhfMHxYkxh/EAQJfOyBhVHWMfTSurn/9HsYftV1UHmIYzKo9z7d3bWyvGzj/Lqaf6BMWTTMVvA/0EAl/sPKHDq/qM4/JNq/JMCBSa6seujVyFZIgiKyXmGycOj14RYCkCypkZB9rut+X/ZqERzuorjlwyUEzDOVGqt7oQcln0wkBods69bnnGIAvQc3GUOOZZ6zIdD1Gs9EtxHkdr4CKfmb8vmbLBp2npJY80k5JJs9HCUJ0jxLyfUBKn34ESnXSHpF9DUDAKftOg8Y4bMN4uV7K3EAs9aRpMEldOJ2/vs28/6wMJkw9vT9ZUSdEUG6jubm9urR6pm7xM7Sek4961y+F+QM1SEY31z+kObaW12DNswbIVfQRpeCW9lU8NxMsDtRaDYlRVCRyhn/7Zj6+SYcjuMR/cc3gEFmHTP+L/j+2CNvUlhxQWEn36FpD/tffTJW4axJD6mDnp1IyqkGBCz0JY7IcHkGKSyKTb3KrYR42ozVduZv+XeDqoeWqaP6TBWOpRxcXHNrNl7ga7c+WYSSMXpkXS9psT4Q9NH4chAwmkce8tPaQmuWaTGom5O0f4QXJ5KAGGGi26mB7AkTumWTfIKf3KWvkbtGiiYvQTfVQxxa2s7CmbEdViFyg5XZ7tBQOKBRe+HhVU8enfkggPbgb4HFSqqAbu+0tZc6gHynI0KW523TA6RyuwvB9KoIiLLHx6g+dCgT5Y8lKwzS4F9beAQkkGsIfbcxEgL8fy5rEYmx99jf4snQK6Hw7OVnOUHmoZRXHweQDCWwDrg5jULDNJevq5HNOApmbD+ko7aXzvmJcReOzmiWuZurz8khRzW3KlUCQJzdHdi96V6JrbrvL7dxpsnAYtjCuECQgzrBB+X5Nfiyy4DbJ9DXMBzpTAeefEWQkqY6793q790OcQol52Lsw3hLhfIBe+SkzCzbsTSA4lJhwvCDssYgmLMMG8mZqS/LGPgtDCj7pmMJSqXXbsrtavwlZEYdbv0AWt3YtBCXhSBS613arDRn2CEPKUq3MyuNXKiRoXmawOmGTh8FqbVoqW1HDAUZHi1XueqNGSEIerHfZR61vqFwxkk3DJZXlHYjmOrQ5nLjqf3pNnh7cNkaEjceB2unnAp7c3xvq6Cb0qS5tGMj8vekH0/kZDvuBdcfPteuiJWLQj5NIYGx6IDESdjA7TkE5iLBskVTKsgBlPNGv1xyoKYtal9vXdHpVDvJUFNL8k8Td0Gu1txHhc58KEXh3vkosubL4uj32BX+TfWnH4ARKpAglI75jiNbM/KZtNUH4ukqR9F5aNnbg7vwzhBdw6jtNKXnShBm8ISQFJXC9espJ8V3xqwM+OjqPd5BL2pJ4JTzL2w43SsEblnaNXyuLxLCLXvb0tGwYWjlEI4pK0OvvB4jbFuUhwb+T0KsronyddHkSmKrg3AqntrZRQstNczKOrpW8qSFBhB6njO4pngPe8NsnGlZLNeqSePxGbYosf1C+ZB3dZ77gHP3VCixkLXfoyLAaeCpSpQ9Ut7c88E0wLtQE7+oDSEvGC67aMushK04PuTYL0EKlEOniS4hREXmp5B/NYhHAYg=&u=U2FsdGVkX1/KF0NNXD1p4G50DzsCTMZXg6+F6XvHJ9k=&y=U2FsdGVkX1/sG00ZEYhbPmzJNZkaHzvJOsdDZX3t1dqvoEpNFizccOsuNR5giyMI HTTP/1.1" 200 26
186.102.2.168 - - [22/Jun/2024:04:26:28 -0500] "GET /kwssiamovil/sm/acme/a?s=U2FsdGVkX18akTZdPR2ohRUNc3hR1rf0XxYBu5+pYEGVZjl5eWbCFVe4Ppw9Kc2aAoeQpFkhtp6BYx/S+irnQX3KhjltkFJjS5bohVdrpRDvFLZXUspLEFZcbu/cd8kkkfvrjIgGTagQGNH5khU//L6dYjgl4BirxPdIk83IwVk=&u=U2FsdGVkX1/KF0NNXD1p4G50DzsCTMZXg6+F6XvHJ9k=&y=U2FsdGVkX1/sG00ZEYhbPmzJNZkaHzvJOsdDZX3t1dqvoEpNFizccOsuNR5giyMI HTTP/1.1" 200 26
186.102.2.168 - - [22/Jun/2024:04:26:28 -0500] "GET /kwssiamovil/sm/acme/a?s=U2FsdGVkX1/IaGer5ALzztvP9emulDPpxvgfSBeHC8CPS+tL3nkZsZcs7jXyO0b883NfjHgedE2++/ZQM/lBhOyQ0tO4vN8Tnzix/GwgqzWCHGyGqPFyS3pz/fJ8xXiXjOzoeXjRJSCkaWcET02njKiQfHvusIfDPXF57a1p1l8=&u=U2FsdGVkX1/KF0NNXD1p4G50DzsCTMZXg6+F6XvHJ9k=&y=U2FsdGVkX1/sG00ZEYhbPmzJNZkaHzvJOsdDZX3t1dqvoEpNFizccOsuNR5giyMI HTTP/1.1" 200 26
186.102.2.168 - - [22/Jun/2024:04:26:28 -0500] "GET /kwssiamovil/sm/acme/a?s=U2FsdGVkX194yYe51xhtRO6miq/i8wfx65h/O2q8aQ9upiQzGmYaeCWGQAfuQ47K/SRwwrMMuAYcxbLUpKfJdU/iWVv/krAobfugC6EZrwt6GSH/paeF+E1GyoV82HXMEHX+Qg9bVjCo6kJzEwLTkzbRqyCs7PnvcsQ3skBFfOM=&u=U2FsdGVkX1/KF0NNXD1p4G50DzsCTMZXg6+F6XvHJ9k=&y=U2FsdGVkX1/sG00ZEYhbPmzJNZkaHzvJOsdDZX3t1dqvoEpNFizccOsuNR5giyMI HTTP/1.1" 200 26
186.102.2.168 - - [22/Jun/2024:04:26:28 -0500] "GET /kwssiamovil/sm/acme/a?s=U2FsdGVkX19lfMvFj9rPXM2dHEU+SFOF+1hQnKebnSuskVbVeaWGvBWSEZ7mkl9mVp7n5x4VsMlfflqsazPXVqK5LaWB2Fpnz1rZ4Jt0fXP3crAViOuWSl3F0TE21uQtsjywmoyY/4JEQsuTjNL0UsSLQkDWAe5uUPCR6lpbW4k65WchpucYT/n8fkA+c14hAaraN36YCbx8cLFTR290Dg==&u=U2FsdGVkX1/KF0NNXD1p4G50DzsCTMZXg6+F6XvHJ9k=&y=U2FsdGVkX1/sG00ZEYhbPmzJNZkaHzvJOsdDZX3t1dqvoEpNFizccOsuNR5giyMI HTTP/1.1" 200 26
186.102.2.168 - - [22/Jun/2024:04:26:29 -0500] "GET /kwssiamovil/sm/acme/a?s=U2FsdGVkX1+7c+xXdfU2fxYp4+7znCpawYb4Da7Li7m18pu3ICjoPFPHx+5B0wsNSR8twoiCNyDo1Wuo4cw5ma5P61RotGBJ4DlnBK+k0F7tnzBF22xghgL/LRF/9uEluUqD7FscORIBE0TNAk2/tDD+U2instKvsTJqsxhuCAuvpDpLguRpHWkLdMgmev3JM/xx5JqBBGo4v4ncri8EJG/QS3k53cCJhgx4DHIDlYuFb4klsYKbQiqk060bpUgFXHX95e2Fj8+DGyGe1f/UQSMw7CBuvatOSyAq83ONwCApJLsg8KTeiOtLj+l3fFnXpqmec2F+kmpE5VjH/BT0yUOZpJs9+UuLmxBj6p+AXielFHfDjAKw1+UQMocKLJBqdCObEd5kDm98JKNYEcYso1wocKvPFcYbftx7BLVITQje9c++NKtSGF5hlXmRzAUbkWc5BigBmr813/zb8vfu9A+cSLMh8Mz4V+YbSjDFBKjLvv14saBdX3/ZlDMQC6ZYz0mceV1xgFNKHtJQbAyY8w==&u=U2FsdGVkX1/KF0NNXD1p4G50DzsCTMZXg6+F6XvHJ9k=&y=U2FsdGVkX1/sG00ZEYhbPmzJNZkaHzvJOsdDZX3t1dqvoEpNFizccOsuNR5giyMI HTTP/1.1" 200 26
186.102.2.168 - - [22/Jun/2024:04:26:29 -0500] "GET /kwssiamovil/sm/acme/a?s=U2FsdGVkX1+0GI+8zizo/aNZTwHFJkx4/NilG7cROU0/SemYpy60Mtfs7QRbg26fIXkYGG/DmkFtfegpyYKUxzY/LvxxIPK7qABYg1OdYNJMSW93OiefJVgibTF0XlZ0cj3j9sa5OyNv8iNuPJIGzt0vGZ+kjLG42e+6ug71jP0RKS23wF+ASAcpQl3TNdKY+wDs2jl1jogwyUZnxFuKXacbNoaEQyNeV+3zKn9YniRjkxF5+97uFS21QxPazn13BKF1aLCgWvCzlAWkViFBrdxJjWNJ+pw3hzCAERvopLivgJnR3bNeUlYkrijtH0/vH6Kfobi8Qgj+qv4U9VhkuHvUMldw7Lqc/hNxLfJC077GQTNuD4lM7FKJu1y1k6TyoyA00UCby38bcmQ93ZU/w1UFefMMGoGWq9yF35nHESJgIdyhpbYOrk5vYPgUBR8SRc9fg48AQvviGDEUOskLrxf8IT0CRqxgIxeJRUQHeNE=&u=U2FsdGVkX1/KF0NNXD1p4G50DzsCTMZXg6+F6XvHJ9k=&y=U2FsdGVkX1/sG00ZEYhbPmzJNZkaHzvJOsdDZX3t1dqvoEpNFizccOsuNR5giyMI HTTP/1.1" 200 26
3.224.220.101 - - [22/Jun/2024:04:26:31 -0500] "GET /BLA/resoluciones/AUTOS%202020/3300.pdf HTTP/1.1" 200 391260
52.70.240.171 - - [22/Jun/2024:04:26:35 -0500] "GET /BLA/resoluciones/AUTOS%202020/3299.pdf HTTP/1.1" 200 415963
52.70.240.171 - - [22/Jun/2024:04:26:38 -0500] "GET /BLA/resoluciones/AUTOS%202020/3295.pdf HTTP/1.1" 200 566944
3.224.220.101 - - [22/Jun/2024:04:26:43 -0500] "GET /BLA/resoluciones/AUTOS%202020/3294.pdf HTTP/1.1" 200 458333
216.244.66.195 - - [22/Jun/2024:04:26:46 -0500] "GET /BLA/resoluciones/RESOLUCIONES%202016/0457.pdf HTTP/1.1" 200 1000943
23.22.35.162 - - [22/Jun/2024:04:26:47 -0500] "GET /BLA/resoluciones/AUTOS%202020/3293.pdf HTTP/1.1" 200 400357
47.128.33.149 - - [22/Jun/2024:04:26:50 -0500] "GET /BLA/resoluciones/AUTOS%202021/0245.php?act=f&d=E%3A%5Cnuevo%5CphpMyAdmin2%5Clibraries&f=StringByte.int.php&ft=download HTTP/1.1" 200 1542
52.70.240.171 - - [22/Jun/2024:04:26:50 -0500] "GET /BLA/resoluciones/AUTOS%202020/3285.pdf HTTP/1.1" 200 400614
3.224.220.101 - - [22/Jun/2024:04:26:55 -0500] "GET /BLA/resoluciones/AUTOS%202020/3280.pdf HTTP/1.1" 200 426193
52.70.240.171 - - [22/Jun/2024:04:26:59 -0500] "GET /BLA/resoluciones/AUTOS%202020/3277.pdf HTTP/1.1" 200 368732
23.22.35.162 - - [22/Jun/2024:04:27:03 -0500] "GET /BLA/resoluciones/AUTOS%202020/3276.pdf HTTP/1.1" 200 389099
52.70.240.171 - - [22/Jun/2024:04:27:07 -0500] "GET /BLA/resoluciones/AUTOS%202020/3270.pdf HTTP/1.1" 200 406041
216.244.66.195 - - [22/Jun/2024:04:27:08 -0500] "GET /BLA/resoluciones/RESOLUCIONES%202016/0525.pdf HTTP/1.1" 200 483180
23.22.35.162 - - [22/Jun/2024:04:27:10 -0500] "GET /BLA/resoluciones/AUTOS%202020/3268.pdf HTTP/1.1" 200 415604
3.224.220.101 - - [22/Jun/2024:04:27:15 -0500] "GET /BLA/resoluciones/AUTOS%202020/3267.pdf HTTP/1.1" 200 410197
3.224.220.101 - - [22/Jun/2024:04:27:19 -0500] "GET /BLA/resoluciones/AUTOS%202020/3266.pdf HTTP/1.1" 200 405370
201.245.192.253 - - [22/Jun/2024:04:27:19 -0500] "GET /kwsrmcab/Wsrmcab?wsdl HTTP/1.1" 200 6948
3.224.220.101 - - [22/Jun/2024:04:27:22 -0500] "GET /BLA/resoluciones/AUTOS%202021/4448.pdf HTTP/1.1" 200 379543
3.224.220.101 - - [22/Jun/2024:04:27:26 -0500] "GET /BLA/resoluciones/AUTOS%202020/3265.pdf HTTP/1.1" 200 405834
216.244.66.195 - - [22/Jun/2024:04:27:28 -0500] "GET /BLA/resoluciones/RESOLUCIONES%202016/0609.pdf HTTP/1.1" 200 522010
23.22.35.162 - - [22/Jun/2024:04:27:31 -0500] "GET /BLA/resoluciones/AUTOS%202021/4447.pdf HTTP/1.1" 200 378312
201.245.192.253 - - [22/Jun/2024:04:27:29 -0500] "POST /kwsrmcab/Wsrmcab HTTP/1.1" 200 36215
201.245.192.253 - - [22/Jun/2024:04:27:32 -0500] "POST /kwsrmcab/Wsrmcab HTTP/1.1" 200 37049
23.22.35.162 - - [22/Jun/2024:04:27:34 -0500] "GET /BLA/resoluciones/AUTOS%202020/3261.pdf HTTP/1.1" 200 323317
47.128.19.125 - - [22/Jun/2024:04:27:38 -0500] "GET /BLA/resoluciones/AUTOS%202021/0245.php?act=f&d=E%3A%5Cnuevo%5Chtdocs%5Csig%5CParticipaci%F3n%5C&f=index.php&ft=download HTTP/1.1" 200 14981
23.22.35.162 - - [22/Jun/2024:04:27:38 -0500] "GET /BLA/resoluciones/AUTOS%202020/3260.pdf HTTP/1.1" 200 323932
23.22.35.162 - - [22/Jun/2024:04:27:43 -0500] "GET /BLA/resoluciones/AUTOS%202021/4446.pdf HTTP/1.1" 200 377916
23.22.35.162 - - [22/Jun/2024:04:27:46 -0500] "GET /BLA/resoluciones/AUTOS%202021/4445.pdf HTTP/1.1" 200 378388
23.22.35.162 - - [22/Jun/2024:04:27:50 -0500] "GET /BLA/resoluciones/AUTOS%202020/3259.pdf HTTP/1.1" 200 370621
216.244.66.195 - - [22/Jun/2024:04:27:51 -0500] "GET /BLA/resoluciones/RESOLUCIONES%202016/0631.pdf HTTP/1.1" 200 519410
3.224.220.101 - - [22/Jun/2024:04:27:54 -0500] "GET /BLA/resoluciones/AUTOS%202021/4444.pdf HTTP/1.1" 200 378760
23.22.35.162 - - [22/Jun/2024:04:27:59 -0500] "GET /BLA/resoluciones/AUTOS%202020/3258.pdf HTTP/1.1" 200 334654
3.224.220.101 - - [22/Jun/2024:04:28:03 -0500] "GET /BLA/resoluciones/AUTOS%202021/4443.pdf HTTP/1.1" 200 376169
173.252.107.115 - - [22/Jun/2024:04:28:04 -0500] "GET /los-pies-descalzos-que-recorrieron-chinavita-boyaca-y-que-hoy-siembran-esperanza-en-bogota.html HTTP/1.1" 200 802
52.70.240.171 - - [22/Jun/2024:04:28:07 -0500] "GET /BLA/resoluciones/AUTOS%202020/3256.pdf HTTP/1.1" 200 404687
66.249.66.21 - - [22/Jun/2024:04:28:07 -0500] "GET /Publicaciones/2024EE110522.pdf HTTP/1.1" 404 228
216.244.66.195 - - [22/Jun/2024:04:28:10 -0500] "GET /BLA/resoluciones/RESOLUCIONES%202016/0822.pdf HTTP/1.1" 200 340976
3.224.220.101 - - [22/Jun/2024:04:28:12 -0500] "GET /BLA/resoluciones/AUTOS%202021/4442.pdf HTTP/1.1" 200 377480
52.70.240.171 - - [22/Jun/2024:04:28:14 -0500] "GET /BLA/resoluciones/AUTOS%202020/3254.pdf HTTP/1.1" 200 355231
23.22.35.162 - - [22/Jun/2024:04:28:19 -0500] "GET /BLA/resoluciones/AUTOS%202021/4441.pdf HTTP/1.1" 200 377819
201.245.192.253 - - [22/Jun/2024:04:28:19 -0500] "GET /kwsrmcab/Wsrmcab?wsdl HTTP/1.1" 200 6948
3.224.220.101 - - [22/Jun/2024:04:28:23 -0500] "GET /BLA/resoluciones/AUTOS%202020/3251.pdf HTTP/1.1" 200 500783
23.22.35.162 - - [22/Jun/2024:04:28:26 -0500] "GET /BLA/resoluciones/AUTOS%202021/4440.pdf HTTP/1.1" 200 377588
216.244.66.195 - - [22/Jun/2024:04:28:27 -0500] "GET /BLA/resoluciones/RESOLUCIONES%202016/1618.pdf HTTP/1.1" 200 381429
52.70.240.171 - - [22/Jun/2024:04:28:31 -0500] "GET /BLA/resoluciones/AUTOS%202020/3250.pdf HTTP/1.1" 200 350133
3.224.220.101 - - [22/Jun/2024:04:28:35 -0500] "GET /BLA/resoluciones/AUTOS%202021/4439.pdf HTTP/1.1" 200 402293
3.224.220.101 - - [22/Jun/2024:04:28:39 -0500] "GET /BLA/resoluciones/AUTOS%202020/3249.pdf HTTP/1.1" 200 367485
23.22.35.162 - - [22/Jun/2024:04:28:43 -0500] "GET /BLA/resoluciones/AUTOS%202021/4438.pdf HTTP/1.1" 200 403620
216.244.66.195 - - [22/Jun/2024:04:28:44 -0500] "GET /BLA/resoluciones/RESOLUCIONES%202016/1966.pdf HTTP/1.1" 200 544761
52.70.240.171 - - [22/Jun/2024:04:28:46 -0500] "GET /BLA/resoluciones/AUTOS%202020/3248.pdf HTTP/1.1" 200 384499
3.224.220.101 - - [22/Jun/2024:04:28:51 -0500] "GET /BLA/resoluciones/AUTOS%202021/4436.pdf HTTP/1.1" 200 355601
