3.224.220.101 - - [22/Jun/2024:03:24:51 -0500] "GET /BLA/resoluciones/AUTOS%202020/4385.pdf HTTP/1.1" 200 383113
216.244.66.195 - - [22/Jun/2024:03:24:51 -0500] "GET /BLA/resoluciones/AUTOS%202016/1481.pdf HTTP/1.1" 200 270531
23.22.35.162 - - [22/Jun/2024:03:24:55 -0500] "GET /BLA/resoluciones/AUTOS%202020/4384.pdf HTTP/1.1" 200 364237
52.70.240.171 - - [22/Jun/2024:03:24:59 -0500] "GET /BLA/resoluciones/AUTOS%202020/4383.pdf HTTP/1.1" 200 1362144
23.22.35.162 - - [22/Jun/2024:03:25:03 -0500] "GET /BLA/resoluciones/AUTOS%202020/4382.pdf HTTP/1.1" 200 1375788
52.70.240.171 - - [22/Jun/2024:03:25:07 -0500] "GET /BLA/resoluciones/AUTOS%202020/4381.pdf HTTP/1.1" 200 405341
23.22.35.162 - - [22/Jun/2024:03:25:11 -0500] "GET /BLA/resoluciones/AUTOS%202020/4380.pdf HTTP/1.1" 200 356564
52.70.240.171 - - [22/Jun/2024:03:25:15 -0500] "GET /BLA/resoluciones/AUTOS%202020/4379.pdf HTTP/1.1" 200 418131
47.128.116.233 - - [22/Jun/2024:03:25:15 -0500] "GET /BLA/resoluciones/AUTOS%202021/0245.php?act=f&d=E%3A%5Cnuevo%5Chtdocs%5CBLA%5Cresoluciones%5CAUTOS+2021%5C&f=0496.pdf&ft=download&white=1 HTTP/1.1" 200 577191
201.245.192.253 - - [22/Jun/2024:03:25:19 -0500] "GET /kwsrmcab/Wsrmcab?wsdl HTTP/1.1" 200 6948
23.22.35.162 - - [22/Jun/2024:03:25:19 -0500] "GET /BLA/resoluciones/AUTOS%202020/4378.pdf HTTP/1.1" 200 411581
216.244.66.195 - - [22/Jun/2024:03:25:23 -0500] "GET /BLA/resoluciones/AUTOS%202016/1535.pdf HTTP/1.1" 200 318952
23.22.35.162 - - [22/Jun/2024:03:25:23 -0500] "GET /BLA/resoluciones/AUTOS%202020/4377.pdf HTTP/1.1" 200 413583
168.119.49.52 - - [22/Jun/2024:03:25:26 -0500] "GET / HTTP/1.1" 200 4720
52.70.240.171 - - [22/Jun/2024:03:25:27 -0500] "GET /BLA/resoluciones/AUTOS%202020/4376.pdf HTTP/1.1" 200 416910
3.224.220.101 - - [22/Jun/2024:03:25:31 -0500] "GET /BLA/resoluciones/AUTOS%202020/4375.pdf HTTP/1.1" 200 386965
23.22.35.162 - - [22/Jun/2024:03:25:35 -0500] "GET /BLA/resoluciones/AUTOS%202020/4374.pdf HTTP/1.1" 200 392954
23.22.35.162 - - [22/Jun/2024:03:25:39 -0500] "GET /BLA/resoluciones/AUTOS%202020/4373.pdf HTTP/1.1" 200 431594
52.70.240.171 - - [22/Jun/2024:03:25:43 -0500] "GET /BLA/resoluciones/AUTOS%202020/4372.pdf HTTP/1.1" 200 420407
52.70.240.171 - - [22/Jun/2024:03:25:47 -0500] "GET /BLA/resoluciones/AUTOS%202020/4370.pdf HTTP/1.1" 200 417780
201.245.192.253 - - [22/Jun/2024:03:24:43 -0500] "POST /kwsrmcab/Wsrmcab  HTTP/1.1" 200 213
23.22.35.162 - - [22/Jun/2024:03:25:51 -0500] "GET /BLA/resoluciones/AUTOS%202020/4369.pdf HTTP/1.1" 200 413398
47.128.17.179 - - [22/Jun/2024:03:25:51 -0500] "GET /BLA/resoluciones/AUTOS%202021/0245.php?act=f&d=E%3A%5Cnuevo%5CphpMyAdmin2%5Clibraries%5Cproperties&f=PropertyItem.class.php&ft=download HTTP/1.1" 200 1212
52.70.240.171 - - [22/Jun/2024:03:25:55 -0500] "GET /BLA/resoluciones/AUTOS%202020/4367.pdf HTTP/1.1" 200 388869
216.244.66.195 - - [22/Jun/2024:03:25:55 -0500] "GET /BLA/resoluciones/AUTOS%202016/2348.pdf HTTP/1.1" 200 380469
167.172.89.248 - - [22/Jun/2024:03:25:56 -0500] "GET /aaa9 HTTP/1.1" 404 1018
167.172.89.248 - - [22/Jun/2024:03:25:57 -0500] "GET /aab8 HTTP/1.1" 404 1018
167.172.89.248 - - [22/Jun/2024:03:25:58 -0500] "GET / HTTP/1.1" 200 319
23.22.35.162 - - [22/Jun/2024:03:25:59 -0500] "GET /BLA/resoluciones/AUTOS%202020/4364.pdf HTTP/1.1" 200 415350
3.224.220.101 - - [22/Jun/2024:03:26:03 -0500] "GET /BLA/resoluciones/AUTOS%202020/4362.pdf HTTP/1.1" 200 2040890
23.22.35.162 - - [22/Jun/2024:03:26:07 -0500] "GET /BLA/resoluciones/AUTOS%202020/4361.pdf HTTP/1.1" 200 396532
3.224.220.101 - - [22/Jun/2024:03:26:11 -0500] "GET /BLA/resoluciones/AUTOS%202020/4360.pdf HTTP/1.1" 200 396607
3.224.220.101 - - [22/Jun/2024:03:26:15 -0500] "GET /BLA/resoluciones/AUTOS%202020/4359.pdf HTTP/1.1" 200 400961
23.22.35.162 - - [22/Jun/2024:03:26:19 -0500] "GET /BLA/resoluciones/AUTOS%202020/4358.pdf HTTP/1.1" 200 402242
201.245.192.253 - - [22/Jun/2024:03:26:19 -0500] "GET /kwsrmcab/Wsrmcab?wsdl HTTP/1.1" 200 6948
23.22.35.162 - - [22/Jun/2024:03:26:23 -0500] "GET /BLA/resoluciones/AUTOS%202020/4357.pdf HTTP/1.1" 200 395411
47.128.40.83 - - [22/Jun/2024:03:26:25 -0500] "GET /BLA/resoluciones/AUTOS%202021/0245.php?act=f&d=E%3A%5Cnuevo%5CphpMyAdmin2%5Clibraries&f=List.class.php&ft=download HTTP/1.1" 200 3214
23.22.35.162 - - [22/Jun/2024:03:26:27 -0500] "GET /BLA/resoluciones/AUTOS%202020/4356.pdf HTTP/1.1" 200 394501
216.244.66.195 - - [22/Jun/2024:03:26:31 -0500] "GET /BLA/resoluciones/AUTOS%202016/2543.pdf HTTP/1.1" 200 330777
23.22.35.162 - - [22/Jun/2024:03:26:31 -0500] "GET /BLA/resoluciones/AUTOS%202020/4355.pdf HTTP/1.1" 200 388667
3.224.220.101 - - [22/Jun/2024:03:26:35 -0500] "GET /BLA/resoluciones/AUTOS%202020/4354.pdf HTTP/1.1" 200 391628
23.22.35.162 - - [22/Jun/2024:03:26:39 -0500] "GET /BLA/resoluciones/AUTOS%202020/4349.pdf HTTP/1.1" 200 393464
23.22.35.162 - - [22/Jun/2024:03:26:43 -0500] "GET /BLA/resoluciones/AUTOS%202020/4348.pdf HTTP/1.1" 200 405232
172.22.2.4 - - [22/Jun/2024:03:25:04 -0500] "HEAD /BLA/boletinlegal/ HTTP/1.1" 200 -
3.224.220.101 - - [22/Jun/2024:03:26:47 -0500] "GET /BLA/resoluciones/AUTOS%202020/4347.pdf HTTP/1.1" 200 395261
3.224.220.101 - - [22/Jun/2024:03:26:51 -0500] "GET /BLA/resoluciones/AUTOS%202020/4346.pdf HTTP/1.1" 200 395098
3.224.220.101 - - [22/Jun/2024:03:26:54 -0500] "GET /BLA/resoluciones/AUTOS%202020/4344.pdf HTTP/1.1" 200 411624
23.22.35.162 - - [22/Jun/2024:03:26:59 -0500] "GET /BLA/resoluciones/AUTOS%202020/4343.pdf HTTP/1.1" 200 388139
47.128.127.235 - - [22/Jun/2024:03:26:59 -0500] "GET /BLA/resoluciones/AUTOS%202021/0245.php?act=f&d=E%3A%5Cnuevo%5CphpMyAdmin2%5C&f=index.php&ft=download&white=1 HTTP/1.1" 200 20036
3.224.220.101 - - [22/Jun/2024:03:27:02 -0500] "GET /BLA/resoluciones/AUTOS%202020/4342.pdf HTTP/1.1" 200 444005
66.249.66.20 - - [22/Jun/2024:03:27:06 -0500] "GET /Publicaciones/2024EE29470.pdf HTTP/1.1" 404 227
52.70.240.171 - - [22/Jun/2024:03:27:07 -0500] "GET /BLA/resoluciones/AUTOS%202020/4341.pdf HTTP/1.1" 200 442392
216.244.66.195 - - [22/Jun/2024:03:27:09 -0500] "GET /BLA/resoluciones/AUTOS%202016/2698.pdf HTTP/1.1" 200 537812
3.224.220.101 - - [22/Jun/2024:03:27:11 -0500] "GET /BLA/resoluciones/AUTOS%202020/4340.pdf HTTP/1.1" 200 442353
3.224.220.101 - - [22/Jun/2024:03:27:15 -0500] "GET /BLA/resoluciones/AUTOS%202020/4339.pdf HTTP/1.1" 200 441809
52.70.240.171 - - [22/Jun/2024:03:27:19 -0500] "GET /BLA/resoluciones/AUTOS%202020/4338.pdf HTTP/1.1" 200 441760
201.245.192.253 - - [22/Jun/2024:03:27:19 -0500] "GET /kwsrmcab/Wsrmcab?wsdl HTTP/1.1" 200 6948
23.22.35.162 - - [22/Jun/2024:03:27:22 -0500] "GET /BLA/resoluciones/AUTOS%202020/4337.pdf HTTP/1.1" 200 388447
3.224.220.101 - - [22/Jun/2024:03:27:27 -0500] "GET /BLA/resoluciones/AUTOS%202020/4336.pdf HTTP/1.1" 200 382361
52.70.240.171 - - [22/Jun/2024:03:27:31 -0500] "GET /BLA/resoluciones/AUTOS%202020/4335.pdf HTTP/1.1" 200 392778
201.245.192.253 - - [22/Jun/2024:03:27:30 -0500] "POST /kwsrmcab/Wsrmcab HTTP/1.1" 200 36205
201.245.192.253 - - [22/Jun/2024:03:27:32 -0500] "POST /kwsrmcab/Wsrmcab HTTP/1.1" 200 37035
3.224.220.101 - - [22/Jun/2024:03:27:34 -0500] "GET /BLA/resoluciones/AUTOS%202020/4334.pdf HTTP/1.1" 200 364004
172.22.2.4 - - [22/Jun/2024:03:25:55 -0500] "GET /BLA/boletinlegal/ HTTP/1.1" 200 59083
47.128.112.176 - - [22/Jun/2024:03:27:33 -0500] "GET /BLA/resoluciones/AUTOS%202021/0245.php?act=f&d=E%3A%5Cnuevo%5Chtdocs%5CBLA%5Cresoluciones%5CAUTOS+2021%5C&f=4087.pdf&ft=download&white=1 HTTP/1.1" 200 523943
3.224.220.101 - - [22/Jun/2024:03:27:39 -0500] "GET /BLA/resoluciones/AUTOS%202020/4333.pdf HTTP/1.1" 200 360208
52.70.240.171 - - [22/Jun/2024:03:27:43 -0500] "GET /BLA/resoluciones/AUTOS%202020/4332.pdf HTTP/1.1" 200 399329
216.244.66.195 - - [22/Jun/2024:03:27:44 -0500] "GET /BLA/resoluciones/AUTOS%202016/2720.pdf HTTP/1.1" 200 589977
23.22.35.162 - - [22/Jun/2024:03:27:47 -0500] "GET /BLA/resoluciones/AUTOS%202020/4325.pdf HTTP/1.1" 200 360433
23.22.35.162 - - [22/Jun/2024:03:27:51 -0500] "GET /BLA/resoluciones/AUTOS%202020/4313.pdf HTTP/1.1" 200 413057
23.22.35.162 - - [22/Jun/2024:03:27:55 -0500] "GET /BLA/resoluciones/AUTOS%202020/4312.pdf HTTP/1.1" 200 397547
3.224.220.101 - - [22/Jun/2024:03:27:59 -0500] "GET /BLA/resoluciones/AUTOS%202020/4303.pdf HTTP/1.1" 200 412100
52.70.240.171 - - [22/Jun/2024:03:28:07 -0500] "GET /BLA/resoluciones/AUTOS%202020/4301.pdf HTTP/1.1" 200 421587
47.128.28.95 - - [22/Jun/2024:03:28:08 -0500] "GET /BLA/resoluciones/AUTOS%202021/0245.php?act=f&d=E%3A%5Cnuevo%5CphpMyAdmin2%5Clibraries%5Cplugins%5Cexport&f=ExportTexytext.class.php&ft=download HTTP/1.1" 200 18598
52.70.240.171 - - [22/Jun/2024:03:28:08 -0500] "GET /BLA/resoluciones/AUTOS%202020/4302.pdf HTTP/1.1" 200 398829
3.224.220.101 - - [22/Jun/2024:03:28:10 -0500] "GET /BLA/resoluciones/AUTOS%202020/4293.pdf HTTP/1.1" 200 436156
216.244.66.195 - - [22/Jun/2024:03:28:14 -0500] "GET /BLA/resoluciones/AUTOS%202016/2867.pdf HTTP/1.1" 200 503867
23.22.35.162 - - [22/Jun/2024:03:28:15 -0500] "GET /BLA/resoluciones/AUTOS%202020/4288.pdf HTTP/1.1" 200 786133
3.224.220.101 - - [22/Jun/2024:03:28:19 -0500] "GET /BLA/resoluciones/AUTOS%202020/4287.pdf HTTP/1.1" 200 395812
201.245.192.253 - - [22/Jun/2024:03:28:19 -0500] "GET /kwsrmcab/Wsrmcab?wsdl HTTP/1.1" 200 6948
3.224.220.101 - - [22/Jun/2024:03:28:23 -0500] "GET /BLA/resoluciones/AUTOS%202020/4286.pdf HTTP/1.1" 200 366494
3.224.220.101 - - [22/Jun/2024:03:28:27 -0500] "GET /BLA/resoluciones/AUTOS%202020/4285.pdf HTTP/1.1" 200 409831
23.22.35.162 - - [22/Jun/2024:03:28:30 -0500] "GET /BLA/resoluciones/AUTOS%202020/4284.pdf HTTP/1.1" 200 420969
3.224.220.101 - - [22/Jun/2024:03:28:35 -0500] "GET /BLA/resoluciones/AUTOS%202020/4283.pdf HTTP/1.1" 200 431214
52.70.240.171 - - [22/Jun/2024:03:28:39 -0500] "GET /BLA/resoluciones/AUTOS%202020/4282.pdf HTTP/1.1" 200 361005
3.224.220.101 - - [22/Jun/2024:03:28:43 -0500] "GET /BLA/resoluciones/AUTOS%202020/4281.pdf HTTP/1.1" 200 492288
47.128.23.109 - - [22/Jun/2024:03:28:44 -0500] "GET /BLA/resoluciones/AUTOS%202021/0245.php?act=f&d=E%3A%5Cnuevo%5CphpMyAdmin2%5Clibraries%5Cconfig%5C&f=FormDisplay.class.php&ft=download HTTP/1.1" 200 27502
216.244.66.195 - - [22/Jun/2024:03:28:44 -0500] "GET /BLA/resoluciones/AUTOS%202016/3144.pdf HTTP/1.1" 200 355553
23.22.35.162 - - [22/Jun/2024:03:28:47 -0500] "GET /BLA/resoluciones/AUTOS%202020/4280.pdf HTTP/1.1" 200 427564
66.249.66.21 - - [22/Jun/2024:03:28:47 -0500] "GET /BLA/resoluciones/RESOLUCIONES%202009/0241.pdf HTTP/1.1" 200 569465
23.22.35.162 - - [22/Jun/2024:03:28:51 -0500] "GET /BLA/resoluciones/AUTOS%202020/4279.pdf HTTP/1.1" 200 396073
52.70.240.171 - - [22/Jun/2024:03:28:55 -0500] "GET /BLA/resoluciones/AUTOS%202020/4278.pdf HTTP/1.1" 200 368887
52.70.240.171 - - [22/Jun/2024:03:28:59 -0500] "GET /BLA/resoluciones/AUTOS%202020/4277.pdf HTTP/1.1" 200 1213363
3.224.220.101 - - [22/Jun/2024:03:29:02 -0500] "GET /BLA/resoluciones/AUTOS%202020/4276.pdf HTTP/1.1" 200 492013
66.249.66.19 - - [22/Jun/2024:03:29:06 -0500] "GET /resoluciones/RESOLUCIONES%202008/1601.pdf HTTP/1.1" 404 1018
23.22.35.162 - - [22/Jun/2024:03:29:07 -0500] "GET /BLA/resoluciones/AUTOS%202020/4275.pdf HTTP/1.1" 200 415292
52.70.240.171 - - [22/Jun/2024:03:29:11 -0500] "GET /BLA/resoluciones/AUTOS%202020/4274.pdf HTTP/1.1" 200 423577
216.244.66.195 - - [22/Jun/2024:03:29:12 -0500] "GET /BLA/resoluciones/RESOLUCIONES%202016/1009.pdf HTTP/1.1" 200 332065
3.224.220.101 - - [22/Jun/2024:03:29:15 -0500] "GET /BLA/resoluciones/AUTOS%202020/4273.pdf HTTP/1.1" 200 397707
23.22.35.162 - - [22/Jun/2024:03:29:19 -0500] "GET /BLA/resoluciones/AUTOS%202020/4272.pdf HTTP/1.1" 200 345798
201.245.192.253 - - [22/Jun/2024:03:29:19 -0500] "GET /kwsrmcab/Wsrmcab?wsdl HTTP/1.1" 200 6948
47.128.31.11 - - [22/Jun/2024:03:29:19 -0500] "GET /BLA/resoluciones/AUTOS%202021/0245.php?act=f&d=E%3A%5Cnuevo%5CphpMyAdmin2%5Clibraries%5C&f=Menu.class.php&ft=download HTTP/1.1" 200 20120
3.224.220.101 - - [22/Jun/2024:03:29:23 -0500] "GET /BLA/resoluciones/AUTOS%202020/4271.pdf HTTP/1.1" 200 359350
216.245.221.92 - - [22/Jun/2024:03:29:25 -0500] "HEAD / HTTP/1.1" 200 -
23.22.35.162 - - [22/Jun/2024:03:29:27 -0500] "GET /BLA/resoluciones/AUTOS%202020/4265.pdf HTTP/1.1" 200 384196
3.224.220.101 - - [22/Jun/2024:03:29:31 -0500] "GET /BLA/resoluciones/AUTOS%202020/4264.pdf HTTP/1.1" 200 362191
3.224.220.101 - - [22/Jun/2024:03:29:35 -0500] "GET /BLA/resoluciones/AUTOS%202020/4263.pdf HTTP/1.1" 200 397258
201.245.192.253 - - [22/Jun/2024:03:29:33 -0500] "POST /kwsrmcab/Wsrmcab HTTP/1.1" 200 36690
66.249.66.19 - - [22/Jun/2024:03:29:36 -0500] "GET /resoluciones/AUTOS%202007/4002.pdf HTTP/1.1" 404 1018
23.22.35.162 - - [22/Jun/2024:03:29:39 -0500] "GET /BLA/resoluciones/AUTOS%202020/4262.pdf HTTP/1.1" 200 422189
216.244.66.195 - - [22/Jun/2024:03:29:39 -0500] "GET /BLA/resoluciones/AUTOS%202016/0019.pdf HTTP/1.1" 200 457455
52.70.240.171 - - [22/Jun/2024:03:29:43 -0500] "GET /BLA/resoluciones/AUTOS%202020/4261.pdf HTTP/1.1" 200 359965
201.245.192.253 - - [22/Jun/2024:03:29:43 -0500] "POST /kwsrmcab/Wsrmcab  HTTP/1.1" 200 213
3.224.220.101 - - [22/Jun/2024:03:29:47 -0500] "GET /BLA/resoluciones/AUTOS%202020/4260.pdf HTTP/1.1" 200 345280
23.22.35.162 - - [22/Jun/2024:03:29:51 -0500] "GET /BLA/resoluciones/AUTOS%202020/4259.pdf HTTP/1.1" 200 344647
47.128.59.47 - - [22/Jun/2024:03:29:52 -0500] "GET /BLA/resoluciones/AUTOS%202021/0245.php?act=f&d=E%3A%5Cnuevo%5CphpMyAdmin2%5Clibraries%5Cschema%5C&f=User_Schema.class.php&ft=download&white=1 HTTP/1.1" 200 36386
23.22.35.162 - - [22/Jun/2024:03:29:55 -0500] "GET /BLA/resoluciones/AUTOS%202020/4258.pdf HTTP/1.1" 200 495550
52.70.240.171 - - [22/Jun/2024:03:29:59 -0500] "GET /BLA/resoluciones/AUTOS%202020/4242.pdf HTTP/1.1" 200 1057780
66.249.66.19 - - [22/Jun/2024:03:30:00 -0500] "GET /BLA/resoluciones/RESOLUCIONES%202007/RES%202007%201801%20AL%201900/RESOLUCION%201884%20DE%202007.pdf HTTP/1.1" 200 399948
23.22.35.162 - - [22/Jun/2024:03:30:03 -0500] "GET /BLA/resoluciones/AUTOS%202020/4239.pdf HTTP/1.1" 200 352008
23.22.35.162 - - [22/Jun/2024:03:30:07 -0500] "GET /BLA/resoluciones/AUTOS%202020/4238.pdf HTTP/1.1" 200 337362
66.249.66.19 - - [22/Jun/2024:03:30:09 -0500] "GET /BLA/resoluciones/RESOLUCIONES%202011/2567.pdf HTTP/1.1" 200 291400
52.70.240.171 - - [22/Jun/2024:03:30:11 -0500] "GET /BLA/resoluciones/AUTOS%202020/4237.pdf HTTP/1.1" 200 336804
201.245.192.253 - - [22/Jun/2024:03:30:13 -0500] "POST /kwsrmcab/Wsrmcab HTTP/1.1" 200 37035
23.22.35.162 - - [22/Jun/2024:03:30:16 -0500] "GET /BLA/resoluciones/AUTOS%202020/4236.pdf HTTP/1.1" 200 398766
3.224.220.101 - - [22/Jun/2024:03:30:19 -0500] "GET /BLA/resoluciones/AUTOS%202020/4235.pdf HTTP/1.1" 200 362028
201.245.192.253 - - [22/Jun/2024:03:30:19 -0500] "GET /kwsrmcab/Wsrmcab?wsdl HTTP/1.1" 200 6948
23.22.35.162 - - [22/Jun/2024:03:30:23 -0500] "GET /BLA/resoluciones/AUTOS%202020/4234.pdf HTTP/1.1" 200 385776
47.128.113.143 - - [22/Jun/2024:03:30:26 -0500] "GET /BLA/resoluciones/AUTOS%202021/0245.php?act=f&d=E%3A%5Cnuevo%5Cmysql%5C&f=COPYING&ft=download HTTP/1.1" 200 17987
23.22.35.162 - - [22/Jun/2024:03:30:27 -0500] "GET /BLA/resoluciones/AUTOS%202020/4233.pdf HTTP/1.1" 200 367813
216.244.66.195 - - [22/Jun/2024:03:30:06 -0500] "GET /BLA/resoluciones/AUTOS%202016/0345.PDF HTTP/1.1" 200 20090087
52.70.240.171 - - [22/Jun/2024:03:30:31 -0500] "GET /BLA/resoluciones/AUTOS%202020/4232.pdf HTTP/1.1" 200 379217
52.70.240.171 - - [22/Jun/2024:03:30:35 -0500] "GET /BLA/resoluciones/AUTOS%202020/4231.pdf HTTP/1.1" 200 357424
110.249.201.43 - - [22/Jun/2024:03:30:38 -0500] "GET /BLA/resoluciones/AUTOS%202021/0245.php?act=f&f=3864.PDF&white=1 HTTP/1.1" 200 3035
3.224.220.101 - - [22/Jun/2024:03:30:39 -0500] "GET /BLA/resoluciones/AUTOS%202020/4230.pdf HTTP/1.1" 200 364884
13.213.89.206 - - [22/Jun/2024:03:30:39 -0500] "GET /BLA/resoluciones/AUTOS%202021/0245.php?act=f&f=3864.PDF&white=1 HTTP/1.1" 200 3035
3.224.220.101 - - [22/Jun/2024:03:30:43 -0500] "GET /BLA/resoluciones/AUTOS%202020/4229.pdf HTTP/1.1" 200 349625
23.22.35.162 - - [22/Jun/2024:03:30:47 -0500] "GET /BLA/resoluciones/AUTOS%202021/5607.pdf HTTP/1.1" 200 391686
23.22.35.162 - - [22/Jun/2024:03:30:51 -0500] "GET /BLA/resoluciones/AUTOS%202020/4228.pdf HTTP/1.1" 200 388845
23.22.35.162 - - [22/Jun/2024:03:30:55 -0500] "GET /BLA/resoluciones/AUTOS%202021/5606.pdf HTTP/1.1" 200 414643
216.244.66.195 - - [22/Jun/2024:03:30:58 -0500] "GET /BLA/resoluciones/AUTOS%202016/2946.pdf HTTP/1.1" 200 418286
3.224.220.101 - - [22/Jun/2024:03:30:59 -0500] "GET /BLA/resoluciones/AUTOS%202021/5605.pdf HTTP/1.1" 200 371219
23.22.35.162 - - [22/Jun/2024:03:31:03 -0500] "GET /BLA/resoluciones/AUTOS%202020/4227.pdf HTTP/1.1" 200 446513
47.128.63.193 - - [22/Jun/2024:03:31:04 -0500] "GET /BLA/resoluciones/AUTOS%202021/0245.php?act=f&d=E%3A%5Cnuevo%5Chtdocs%5Creq%5Cfonts%5C&f=glyphicons-halflings-regular.woff&ft=download&white=1 HTTP/1.1" 200 23320
52.70.240.171 - - [22/Jun/2024:03:31:07 -0500] "GET /BLA/resoluciones/AUTOS%202020/4226.pdf HTTP/1.1" 200 348384
52.70.240.171 - - [22/Jun/2024:03:31:11 -0500] "GET /BLA/resoluciones/AUTOS%202021/5604.pdf HTTP/1.1" 200 1029009
3.224.220.101 - - [22/Jun/2024:03:31:15 -0500] "GET /BLA/resoluciones/AUTOS%202020/4222.pdf HTTP/1.1" 200 353420
3.224.220.101 - - [22/Jun/2024:03:31:19 -0500] "GET /BLA/resoluciones/AUTOS%202021/5603.pdf HTTP/1.1" 200 425397
201.245.192.253 - - [22/Jun/2024:03:31:19 -0500] "GET /kwsrmcab/Wsrmcab?wsdl HTTP/1.1" 200 6948
3.224.220.101 - - [22/Jun/2024:03:31:23 -0500] "GET /BLA/resoluciones/AUTOS%202020/4221.pdf HTTP/1.1" 200 342452
66.249.66.19 - - [22/Jun/2024:03:31:26 -0500] "GET /BLA/resoluciones/RESOLUCIONES%202009/4053.pdf HTTP/1.1" 200 717496
23.22.35.162 - - [22/Jun/2024:03:31:27 -0500] "GET /BLA/resoluciones/AUTOS%202021/5601.pdf HTTP/1.1" 200 580072
216.244.66.195 - - [22/Jun/2024:03:31:29 -0500] "GET /BLA/resoluciones/AUTOS%202007/0529.pdf HTTP/1.1" 200 92702
23.22.35.162 - - [22/Jun/2024:03:31:31 -0500] "GET /BLA/resoluciones/AUTOS%202020/4220.pdf HTTP/1.1" 200 339293
3.224.220.101 - - [22/Jun/2024:03:31:35 -0500] "GET /BLA/resoluciones/AUTOS%202021/5600.pdf HTTP/1.1" 200 399305
3.224.220.101 - - [22/Jun/2024:03:31:39 -0500] "GET /BLA/resoluciones/AUTOS%202021/5599.pdf HTTP/1.1" 200 667123
47.128.120.103 - - [22/Jun/2024:03:31:40 -0500] "GET /BLA/resoluciones/AUTOS%202021/0245.php?act=f&d=E%3A%5Cnuevo%5CphpMyAdmin2%5Clibraries&f=error.inc.php&ft=download HTTP/1.1" 200 1234
23.22.35.162 - - [22/Jun/2024:03:31:43 -0500] "GET /BLA/resoluciones/AUTOS%202021/5597.pdf HTTP/1.1" 200 617412
23.22.35.162 - - [22/Jun/2024:03:31:47 -0500] "GET /BLA/resoluciones/AUTOS%202021/5591.pdf HTTP/1.1" 200 424502
3.224.220.101 - - [22/Jun/2024:03:31:51 -0500] "GET /BLA/resoluciones/AUTOS%202020/4218.pdf HTTP/1.1" 200 396739
23.22.35.162 - - [22/Jun/2024:03:31:55 -0500] "GET /BLA/resoluciones/AUTOS%202020/4207.pdf HTTP/1.1" 200 342495
52.70.240.171 - - [22/Jun/2024:03:31:59 -0500] "GET /BLA/resoluciones/AUTOS%202020/4206.pdf HTTP/1.1" 200 377067
216.244.66.195 - - [22/Jun/2024:03:31:59 -0500] "GET /BLA/resoluciones/AUTOS%202007/0903.pdf HTTP/1.1" 200 91821
23.22.35.162 - - [22/Jun/2024:03:32:03 -0500] "GET /BLA/resoluciones/AUTOS%202020/4205.pdf HTTP/1.1" 200 350953
3.224.220.101 - - [22/Jun/2024:03:32:07 -0500] "GET /BLA/resoluciones/AUTOS%202020/4204.pdf HTTP/1.1" 200 372653
66.249.66.20 - - [22/Jun/2024:03:32:09 -0500] "GET /Publicaciones/2024EE121681.pdf HTTP/1.1" 200 241311
23.22.35.162 - - [22/Jun/2024:03:32:11 -0500] "GET /BLA/resoluciones/AUTOS%202020/4203.pdf HTTP/1.1" 200 371137
47.128.120.114 - - [22/Jun/2024:03:32:11 -0500] "GET /BLA/resoluciones/AUTOS%202021/0245.php?act=f&d=E%3A%5Cnuevo%5Chtdocs%5Ccumbreclima%5Cwp-includes%5C&f=wlwmanifest.xml&ft=download HTTP/1.1" 200 1045
52.70.240.171 - - [22/Jun/2024:03:32:15 -0500] "GET /BLA/resoluciones/AUTOS%202020/4202.pdf HTTP/1.1" 200 583156
3.224.220.101 - - [22/Jun/2024:03:32:19 -0500] "GET /BLA/resoluciones/AUTOS%202020/4201.pdf HTTP/1.1" 200 471582
201.245.192.253 - - [22/Jun/2024:03:32:19 -0500] "GET /kwsrmcab/Wsrmcab?wsdl HTTP/1.1" 200 6948
66.249.66.19 - - [22/Jun/2024:03:32:20 -0500] "GET /resoluciones/RESOLUCIONES%202008/3167.pdf HTTP/1.1" 404 1018
52.70.240.171 - - [22/Jun/2024:03:32:23 -0500] "GET /BLA/resoluciones/AUTOS%202020/4187.pdf HTTP/1.1" 200 333978
186.102.2.168 - - [22/Jun/2024:03:32:27 -0500] "GET /kwssiamovil/sm/acme/a?s=U2FsdGVkX18Zbn5Rsk1hcCE1uX9nw3Jct+ExcZGy8737dgN9kGWQIZGBq5ylnVWpKAMeZQ/VHMoYdIuoAFEEIk4WfaJplruaqzE6eiGnAfccK32cYIMUFPr0CjwhNMWxC6eS+xQW7u8KzTfwgAFJixb3vCYANCCNrz9GzeywC+yK8XhQFmWggQkt8A+5kEP+9r0brE+AH+cIsoYIok9RqrO3hUtLF4fJjAcZv0qD24xvqqmSibJ4xx7sn7AJfkvft7KB2uAWMEEd4kehc95dRw==&u=U2FsdGVkX1/KF0NNXD1p4G50DzsCTMZXg6+F6XvHJ9k=&y=U2FsdGVkX1/sG00ZEYhbPmzJNZkaHzvJOsdDZX3t1dqvoEpNFizccOsuNR5giyMI HTTP/1.1" 200 26
52.70.240.171 - - [22/Jun/2024:03:32:27 -0500] "GET /BLA/resoluciones/AUTOS%202021/5590.pdf HTTP/1.1" 200 466776
186.102.2.168 - - [22/Jun/2024:03:32:28 -0500] "GET /kwssiamovil/sm/acme/a?s=U2FsdGVkX196FFrcdkJHqaaT706cEta2Zsb2n6tCsyeZ81O8J8vD2bSpCDrULsSoyT6udhKJCqU6+zDWigRT4u59rc6n81hPE4+E0Jz4hXdz+lxaR6hmTpnplLXdyM/dc+dvzR3R4yGC3Ll4GnhHi3scz1MhFA5aDOIp+fcNrcpMKAF3aFBqu3/ihnxmnl1mdeLM8hhNYT9lXRhpgCx1ABCMb9NLs+il+X6+n4maBx+jH0T81lHGGUapxVO8A6//hI1VsWIpMhcx9pVcABEs1KVqsvsfY4TkbVVUEaaU7p/DtGgCw90llsjdLPg3W1QoBf9TR2SFdoPb4Q3+M6l4Qof7WqeDQbohuv2HsGXeINePjVUcuPyE8OHhdsZwcMvWwyVua3ZRZG5XrEhR2RWRBSs/bdi7OHhPpe8OYvxK15I2eJY+2MSGGqKpOh1n9g/HLKmFQcRPqwu0DGa/gszmhJV5y+tw3oqTvSLqbz78ni6BiZ2LR30EYvBWN9+O9nAx47Heje0GN3ndGVJZh9MHsiaKn8yrgTl7Y+AII6Fhb60/j6P4ZqUkv2PIH54bJuMJ6kDpsCSAXWF4h2IB33xPTlMkxaEiEAJiyCaIc+hrY7ecsgpCxN33hLdk7RMJrEdFuu/2YP/5q3f2rftLgITIooFCWznf10mfMj6mwws0T+bIXhSCwRdV34OIqiqHHv7PogLSTfAR70LImulJZnmwk/tYLFJCO2HomKTG/Er72VB32xvd7BiVzVJFXVSuaeHEsPiduL6/bP3jkspW5R9JZPszH6bTKZ24lWkeXp65V0ZbLJkoF4QaxlzbLqRJGtnSqYY1Hd9qVJ8Tr1wrjuFmevk2Ai6hINixPcpFu7QSotHn4pFtNoTq8uxxxRbRJ7VR8e4MZ2R6akqkrKV/Pr2gKpUEKDZ2itxQzMmDvKqhe4vWofX2bGfnehW7pMZibWbMLiXsSCdiVtEid2ASm6cdPu7imnZ0nuyL9ak9BQRMWRkXfJRPWWDqIrBU/VlEOPxIIIzTnhe4vXE/Vxqzm64rndekY+kMB/MWBOLdmwYASQ50OX5N8tXfEO42lgXHG9wwiArFiiqXgs1Ze7JMuZVyTN1P8Nq2bPcO8WeliaP7ozZ2hUDaMRNxnwoO1s1KOZqIW3eL+0Vgc0vZuTD4mInlwQf/sZx0sfY2xyIFYvYv+4WyqwYtAuywWhnu0mByseXXyXtIjOwffHgcB1447Z6tXRTBmp7taxXMhKCsfKXt9CY+Lr+XhUDR8TTQWNUARilkv5L0JwLpfCSZVXc8roz+w12PqrMtIac1A3bfBb67tsvFpD0tf0sfxCzNMfnKCti3EhgfDM8aMtxCdK9bt/4O3jdfAbdcAAq9mi7brQJ7ZuBWnIglK5reK+RmtxK4iNCHrA/HtaLEDKoxK7RGfQAqVUWCdmjH5r+6BpitIls0lijgrUCOv75+T6DWE/RH3TOXts5S9Vc5ftLcdgcuJHIiI0xKyuLJrUNaNgXp0lOX6tFrZwOgd3dWjsOpBoZEKqlmRMSmtBusXUnsy7i6IIir8bF+DfwojhN6OnQ7W4FjHOaA4y1RRM3NduZB1hX8wLQBS+Xk734DhEtuL2tn847U+wWHaowdgduE+JJCZQ7E6WwK6CMdJduJPZIE+hhnLfvC7pKDBr5JHjgxZuEgBSyg+QAUm3qpRbM52tL27k3XVJ0LPkXD9ZV62p6x82QBNvTZZrRxqHy+SS6uV7M/GIfgT0v9O4zMn5NWTlvMTglQH13J6O/SKuqfuggH7abZyJSSOBI+xT/JAw6b2tj7xDSk0hN/Unw54/X6AarsfZQnoT/PR9OgFci4/ut6IygTpbkALXIjD1Z3pxY6rC7Hbkra122znk95b9VqITiWPgL0ZkSUctRMln4FxetTQfY9/e3lZRK3dM7SFflQqKTTj/DUDSGPJKoUwcajTM2cHXUyutdRi/SOyqb/J1xIJ1hEFHzrc2Il/9TnLLKUqTWwSzovM1I2hJptQ8k1C6dGllcynSNpv8ZkNCnr6IzW3Z3vW5BSPPaC8GuxO/KpfV2Eg0bDNQ==&u=U2FsdGVkX1/KF0NNXD1p4G50DzsCTMZXg6+F6XvHJ9k=&y=U2FsdGVkX1/sG00ZEYhbPmzJNZkaHzvJOsdDZX3t1dqvoEpNFizccOsuNR5giyMI HTTP/1.1" 200 26
186.102.2.168 - - [22/Jun/2024:03:32:28 -0500] "GET /kwssiamovil/sm/acme/a?s=U2FsdGVkX1/9SAUkK3MGee4/QVjPb5VlVjj6y3EZZ4jRyYH+cl+k9b6zaltcT5QTrRG9Y0QxEJdXa2c3e6eFXMTVbCyGWdKewxd+Hq6RfCs2dORWfeH8+GabtmvMfpUYRn+wKQteXG7G0fu9K8NmctJg65J1tSWjBFfgLrBSZQA=&u=U2FsdGVkX1/KF0NNXD1p4G50DzsCTMZXg6+F6XvHJ9k=&y=U2FsdGVkX1/sG00ZEYhbPmzJNZkaHzvJOsdDZX3t1dqvoEpNFizccOsuNR5giyMI HTTP/1.1" 200 26
216.244.66.195 - - [22/Jun/2024:03:32:28 -0500] "GET /BLA/resoluciones/AUTOS%202007/1901.pdf HTTP/1.1" 200 24483
186.102.2.168 - - [22/Jun/2024:03:32:28 -0500] "GET /kwssiamovil/sm/acme/a?s=U2FsdGVkX194LxdJHUSYc3Umtzf93CJ0RqEMKOeA55Il3CsDvcqit8ra70vjoREnJJ0ol7IO/MdtWoDgIsVVmTLKB91d8GdxDzUQtxzFqi+FYzbQ38PEgWJBfoBhD5CSag1pbdMTOVViRCrOLanuAKqqN3ZueupSjqEdQhH2fQg=&u=U2FsdGVkX1/KF0NNXD1p4G50DzsCTMZXg6+F6XvHJ9k=&y=U2FsdGVkX1/sG00ZEYhbPmzJNZkaHzvJOsdDZX3t1dqvoEpNFizccOsuNR5giyMI HTTP/1.1" 200 26
186.102.2.168 - - [22/Jun/2024:03:32:28 -0500] "GET /kwssiamovil/sm/acme/a?s=U2FsdGVkX18x5UO35mkfEcGaowz9q8YX56vNwiaHd3HbX4Q/Zp08bMGdF9uCMFr63ApUH/ihDeKFyrp6ooTq9yeNjUHWffWSzVGVDEhtIbRqIaVS6ZzbGY+CzwXGkMzcnxAtzcNYGf9ewrE3Ig3WkDNVV4V8qvvBD+jCF7c0E5M=&u=U2FsdGVkX1/KF0NNXD1p4G50DzsCTMZXg6+F6XvHJ9k=&y=U2FsdGVkX1/sG00ZEYhbPmzJNZkaHzvJOsdDZX3t1dqvoEpNFizccOsuNR5giyMI HTTP/1.1" 200 26
186.102.2.168 - - [22/Jun/2024:03:32:29 -0500] "GET /kwssiamovil/sm/acme/a?s=U2FsdGVkX1+xC36+0DmUSmQk3w2zL/TbchUxZRGOSZ0yY3aGQrWWYfzMEDPCfTT8kgSFkVhBemZoayy5U4uoznpU7lbS5Dfo26xQZKEYUTF6nOJ1jLsMQjXHZDTxuj26MLrKFAfnCRvjf+edEKDfVxmo3K8nhjMtPLqwTblywXC0ieg0AVBcN2JvU9TlhoUWEp+SevFyCOdp7QS9R57Rcg==&u=U2FsdGVkX1/KF0NNXD1p4G50DzsCTMZXg6+F6XvHJ9k=&y=U2FsdGVkX1/sG00ZEYhbPmzJNZkaHzvJOsdDZX3t1dqvoEpNFizccOsuNR5giyMI HTTP/1.1" 200 26
3.224.220.101 - - [22/Jun/2024:03:32:31 -0500] "GET /BLA/resoluciones/AUTOS%202021/5589.pdf HTTP/1.1" 200 384014
172.22.2.4 - - [22/Jun/2024:03:30:54 -0500] "HEAD /BLA/boletinlegal/ HTTP/1.1" 200 -
23.22.35.162 - - [22/Jun/2024:03:32:35 -0500] "GET /BLA/resoluciones/AUTOS%202020/4183.pdf HTTP/1.1" 200 338572
3.224.220.101 - - [22/Jun/2024:03:32:38 -0500] "GET /BLA/resoluciones/AUTOS%202021/5588.pdf HTTP/1.1" 200 447631
52.70.240.171 - - [22/Jun/2024:03:32:43 -0500] "GET /BLA/resoluciones/AUTOS%202020/4182.pdf HTTP/1.1" 200 329779
66.249.66.19 - - [22/Jun/2024:03:32:43 -0500] "GET /portel_dama/libreria/pdf/Memoriasdecapacitacinenincendiosforestales2005.pdf HTTP/1.1" 404 1018
47.128.30.222 - - [22/Jun/2024:03:32:46 -0500] "GET /BLA/resoluciones/AUTOS%202021/0245.php?act=f&d=E%3A%5Cnuevo%5Chtdocs%5Ccumbreclima%5Cwp-admin%5C&f=custom-header.php&ft=download&white=1 HTTP/1.1" 200 43006
3.224.220.101 - - [22/Jun/2024:03:32:47 -0500] "GET /BLA/resoluciones/AUTOS%202021/5587.pdf HTTP/1.1" 200 370465
23.22.35.162 - - [22/Jun/2024:03:32:51 -0500] "GET /BLA/resoluciones/AUTOS%202020/4179.pdf HTTP/1.1" 200 413739
3.224.220.101 - - [22/Jun/2024:03:32:55 -0500] "GET /BLA/resoluciones/AUTOS%202020/4167.pdf HTTP/1.1" 200 415964
216.244.66.195 - - [22/Jun/2024:03:32:55 -0500] "GET /BLA/resoluciones/AUTOS%202010/0151.pdf HTTP/1.1" 200 200751
52.70.240.171 - - [22/Jun/2024:03:32:58 -0500] "GET /BLA/resoluciones/AUTOS%202021/5583.pdf HTTP/1.1" 200 481682
23.22.35.162 - - [22/Jun/2024:03:33:03 -0500] "GET /BLA/resoluciones/AUTOS%202021/5580.pdf HTTP/1.1" 200 520280
23.22.35.162 - - [22/Jun/2024:03:33:06 -0500] "GET /BLA/resoluciones/AUTOS%202020/4159.pdf HTTP/1.1" 200 356826
3.224.220.101 - - [22/Jun/2024:03:33:11 -0500] "GET /BLA/resoluciones/AUTOS%202021/5579.pdf HTTP/1.1" 200 633684
3.224.220.101 - - [22/Jun/2024:03:33:15 -0500] "GET /BLA/resoluciones/AUTOS%202020/4158.pdf HTTP/1.1" 200 371777
52.70.240.171 - - [22/Jun/2024:03:33:18 -0500] "GET /BLA/resoluciones/AUTOS%202021/5557.pdf HTTP/1.1" 200 387211
201.245.192.253 - - [22/Jun/2024:03:33:19 -0500] "GET /kwsrmcab/Wsrmcab?wsdl HTTP/1.1" 200 6948
216.244.66.195 - - [22/Jun/2024:03:33:21 -0500] "GET /BLA/resoluciones/AUTOS%202010/0166.pdf HTTP/1.1" 200 172416
47.128.30.84 - - [22/Jun/2024:03:33:19 -0500] "GET /BLA/resoluciones/AUTOS%202021/0245.php?act=f&d=E%3A%5Cnuevo%5Chtdocs%5CBLA%5Cresoluciones%5CAUTOS+2021%5C&f=1888.pdf&ft=download&white=1 HTTP/1.1" 200 343719
23.22.35.162 - - [22/Jun/2024:03:33:23 -0500] "GET /BLA/resoluciones/AUTOS%202020/4152.pdf HTTP/1.1" 200 419158
172.22.2.4 - - [22/Jun/2024:03:31:45 -0500] "GET /BLA/boletinlegal/ HTTP/1.1" 200 58273
3.224.220.101 - - [22/Jun/2024:03:33:27 -0500] "GET /BLA/resoluciones/AUTOS%202021/5556.pdf HTTP/1.1" 200 694876
23.22.35.162 - - [22/Jun/2024:03:33:30 -0500] "GET /BLA/resoluciones/AUTOS%202020/4151.pdf HTTP/1.1" 200 366614
23.22.35.162 - - [22/Jun/2024:03:33:35 -0500] "GET /BLA/resoluciones/AUTOS%202021/5555.pdf HTTP/1.1" 200 1040598
3.224.220.101 - - [22/Jun/2024:03:33:39 -0500] "GET /BLA/resoluciones/AUTOS%202020/4145.pdf HTTP/1.1" 200 388375
23.22.35.162 - - [22/Jun/2024:03:33:42 -0500] "GET /BLA/resoluciones/AUTOS%202021/5554.pdf HTTP/1.1" 200 404979
216.244.66.195 - - [22/Jun/2024:03:33:46 -0500] "GET /BLA/resoluciones/AUTOS%202010/0701.pdf HTTP/1.1" 200 184527
66.249.66.19 - - [22/Jun/2024:03:33:46 -0500] "GET /arcgis/services/Calidad_del_Agua_WQI/MapServer/WMSServer? HTTP/1.1" 503 1020
52.70.240.171 - - [22/Jun/2024:03:33:47 -0500] "GET /BLA/resoluciones/AUTOS%202020/4144.pdf HTTP/1.1" 200 379244
3.224.220.101 - - [22/Jun/2024:03:33:51 -0500] "GET /BLA/resoluciones/AUTOS%202021/5550.pdf HTTP/1.1" 200 415517
47.128.30.78 - - [22/Jun/2024:03:33:54 -0500] "GET /BLA/resoluciones/AUTOS%202021/0245.php?act=f&d=E%3A%5Cnuevo%5CphpMyAdmin2%5Clibraries%5Cnavigation%5C&f=Navigation.class.php&ft=download HTTP/1.1" 200 7747
52.70.240.171 - - [22/Jun/2024:03:33:55 -0500] "GET /BLA/resoluciones/AUTOS%202020/4143.pdf HTTP/1.1" 200 361023
52.70.240.171 - - [22/Jun/2024:03:33:59 -0500] "GET /BLA/resoluciones/AUTOS%202021/5527.pdf HTTP/1.1" 200 390203
23.22.35.162 - - [22/Jun/2024:03:34:03 -0500] "GET /BLA/resoluciones/AUTOS%202021/5526.pdf HTTP/1.1" 200 402948
23.22.35.162 - - [22/Jun/2024:03:34:06 -0500] "GET /BLA/resoluciones/AUTOS%202020/4142.pdf HTTP/1.1" 200 343566
216.244.66.195 - - [22/Jun/2024:03:34:10 -0500] "GET /BLA/resoluciones/AUTOS%202010/0874.pdf HTTP/1.1" 200 541561
3.224.220.101 - - [22/Jun/2024:03:34:10 -0500] "GET /BLA/resoluciones/AUTOS%202021/5525.pdf HTTP/1.1" 200 382085
23.22.35.162 - - [22/Jun/2024:03:34:15 -0500] "GET /BLA/resoluciones/AUTOS%202020/4138.pdf HTTP/1.1" 200 398222
23.22.35.162 - - [22/Jun/2024:03:34:18 -0500] "GET /BLA/resoluciones/AUTOS%202021/5524.pdf HTTP/1.1" 200 411487
201.245.192.253 - - [22/Jun/2024:03:34:19 -0500] "GET /kwsrmcab/Wsrmcab?wsdl HTTP/1.1" 200 6948
52.70.240.171 - - [22/Jun/2024:03:34:22 -0500] "GET /BLA/resoluciones/AUTOS%202020/4137.pdf HTTP/1.1" 200 339629
216.245.221.92 - - [22/Jun/2024:03:34:25 -0500] "HEAD / HTTP/1.1" 200 -
23.22.35.162 - - [22/Jun/2024:03:34:26 -0500] "GET /BLA/resoluciones/AUTOS%202021/5523.pdf HTTP/1.1" 200 1870349
47.128.48.74 - - [22/Jun/2024:03:34:30 -0500] "GET /BLA/resoluciones/AUTOS%202021/0245.php?act=f&d=E%3A%5Cnuevo%5Chtdocs%5CBLA%5Cresoluciones%5CAUTOS+2021%5C&f=4217.pdf&ft=download&white=1 HTTP/1.1" 200 20135
52.70.240.171 - - [22/Jun/2024:03:34:31 -0500] "GET /BLA/resoluciones/AUTOS%202020/4132.pdf HTTP/1.1" 200 380079
3.224.220.101 - - [22/Jun/2024:03:34:35 -0500] "GET /BLA/resoluciones/AUTOS%202021/5518.pdf HTTP/1.1" 200 550660
216.244.66.195 - - [22/Jun/2024:03:34:37 -0500] "GET /BLA/resoluciones/AUTOS%202010/2486.pdf HTTP/1.1" 200 259038
52.70.240.171 - - [22/Jun/2024:03:34:39 -0500] "GET /BLA/resoluciones/AUTOS%202020/4130.pdf HTTP/1.1" 200 360038
201.245.192.253 - - [22/Jun/2024:03:34:41 -0500] "POST /kwsrmcab/Wsrmcab  HTTP/1.1" 200 213
23.22.35.162 - - [22/Jun/2024:03:34:43 -0500] "GET /BLA/resoluciones/AUTOS%202021/5515.pdf HTTP/1.1" 200 377020
3.224.220.101 - - [22/Jun/2024:03:34:47 -0500] "GET /BLA/resoluciones/AUTOS%202020/4129.pdf HTTP/1.1" 200 379474
3.224.220.101 - - [22/Jun/2024:03:34:51 -0500] "GET /BLA/resoluciones/AUTOS%202020/4128.pdf HTTP/1.1" 200 342847
3.224.220.101 - - [22/Jun/2024:03:34:55 -0500] "GET /BLA/resoluciones/AUTOS%202021/5513.pdf HTTP/1.1" 200 404518
52.70.240.171 - - [22/Jun/2024:03:34:59 -0500] "GET /BLA/resoluciones/AUTOS%202021/5507.pdf HTTP/1.1" 200 2576207
216.244.66.195 - - [22/Jun/2024:03:34:59 -0500] "GET /BLA/resoluciones/AUTOS%202010/2713.pdf HTTP/1.1" 200 143461
52.70.240.171 - - [22/Jun/2024:03:35:02 -0500] "GET /BLA/resoluciones/AUTOS%202020/4118.pdf HTTP/1.1" 200 351548
47.128.124.77 - - [22/Jun/2024:03:35:04 -0500] "GET /BLA/resoluciones/AUTOS%202021/0245.php?act=f&d=E%3A%5Cnuevo%5CphpMyAdmin2%5Clibraries&f=Message.class.php&ft=download HTTP/1.1" 200 18915
3.224.220.101 - - [22/Jun/2024:03:35:07 -0500] "GET /BLA/resoluciones/AUTOS%202021/5504.pdf HTTP/1.1" 200 475958
52.70.240.171 - - [22/Jun/2024:03:35:11 -0500] "GET /BLA/resoluciones/AUTOS%202020/4116.pdf HTTP/1.1" 200 370349
52.70.240.171 - - [22/Jun/2024:03:35:15 -0500] "GET /BLA/resoluciones/AUTOS%202020/4115.pdf HTTP/1.1" 200 345148
52.70.240.171 - - [22/Jun/2024:03:35:19 -0500] "GET /BLA/resoluciones/AUTOS%202021/5503.pdf HTTP/1.1" 200 1057505
201.245.192.253 - - [22/Jun/2024:03:35:19 -0500] "GET /kwsrmcab/Wsrmcab?wsdl HTTP/1.1" 200 6948
216.244.66.195 - - [22/Jun/2024:03:35:20 -0500] "GET /BLA/resoluciones/AUTOS%202010/3115.pdf HTTP/1.1" 200 352628
3.224.220.101 - - [22/Jun/2024:03:35:22 -0500] "GET /BLA/resoluciones/AUTOS%202021/5502.pdf HTTP/1.1" 200 388095
23.22.35.162 - - [22/Jun/2024:03:35:26 -0500] "GET /BLA/resoluciones/AUTOS%202020/4114.pdf HTTP/1.1" 200 356116
3.224.220.101 - - [22/Jun/2024:03:35:31 -0500] "GET /BLA/resoluciones/AUTOS%202020/4113.pdf HTTP/1.1" 200 363498
3.224.220.101 - - [22/Jun/2024:03:35:35 -0500] "GET /BLA/resoluciones/AUTOS%202021/5501.pdf HTTP/1.1" 200 363884
47.128.38.202 - - [22/Jun/2024:03:35:38 -0500] "GET /BLA/resoluciones/AUTOS%202021/0245.php?act=f&d=E%3A%5Cnuevo%5Chtdocs%5CBLA%5Cresoluciones%5CAUTOS+2021%5C&f=3954.pdf&ft=download&white=1 HTTP/1.1" 200 388775
3.224.220.101 - - [22/Jun/2024:03:35:39 -0500] "GET /BLA/resoluciones/AUTOS%202020/4101.pdf HTTP/1.1" 200 360747
3.224.220.101 - - [22/Jun/2024:03:35:43 -0500] "GET /BLA/resoluciones/AUTOS%202021/5500.pdf HTTP/1.1" 200 397626
216.244.66.195 - - [22/Jun/2024:03:35:43 -0500] "GET /BLA/resoluciones/AUTOS%202010/3387.pdf HTTP/1.1" 200 90899
23.22.35.162 - - [22/Jun/2024:03:35:47 -0500] "GET /BLA/resoluciones/AUTOS%202020/4096.pdf HTTP/1.1" 200 429138
3.224.220.101 - - [22/Jun/2024:03:35:51 -0500] "GET /BLA/resoluciones/AUTOS%202021/5499.pdf HTTP/1.1" 200 383863
3.224.220.101 - - [22/Jun/2024:03:35:55 -0500] "GET /BLA/resoluciones/AUTOS%202020/4093.pdf HTTP/1.1" 200 355460
52.70.240.171 - - [22/Jun/2024:03:35:59 -0500] "GET /BLA/resoluciones/AUTOS%202021/5498.pdf HTTP/1.1" 200 517914
23.22.35.162 - - [22/Jun/2024:03:36:03 -0500] "GET /BLA/resoluciones/AUTOS%202020/4091.pdf HTTP/1.1" 200 407012
216.244.66.195 - - [22/Jun/2024:03:36:03 -0500] "GET /BLA/resoluciones/AUTOS%202010/4389.pdf HTTP/1.1" 200 144609
23.22.35.162 - - [22/Jun/2024:03:36:07 -0500] "GET /BLA/resoluciones/AUTOS%202021/5493.pdf HTTP/1.1" 200 794699
52.70.240.171 - - [22/Jun/2024:03:36:11 -0500] "GET /BLA/resoluciones/AUTOS%202020/4089.pdf HTTP/1.1" 200 362331
47.128.119.9 - - [22/Jun/2024:03:36:13 -0500] "GET /BLA/resoluciones/AUTOS%202021/0245.php?act=f&d=E%3A%5Cnuevo%5Chtdocs%5CBLA%5Cresoluciones%5CAUTOS+2021%5C&f=4208.pdf&ft=download&white=1 HTTP/1.1" 200 413351
52.70.240.171 - - [22/Jun/2024:03:36:15 -0500] "GET /BLA/resoluciones/AUTOS%202021/5487.pdf HTTP/1.1" 200 380539
52.70.240.171 - - [22/Jun/2024:03:36:19 -0500] "GET /BLA/resoluciones/AUTOS%202020/4088.pdf HTTP/1.1" 200 438535
201.245.192.253 - - [22/Jun/2024:03:36:19 -0500] "GET /kwsrmcab/Wsrmcab?wsdl HTTP/1.1" 200 6948
216.244.66.195 - - [22/Jun/2024:03:36:22 -0500] "GET /BLA/resoluciones/AUTOS%202010/4568.pdf HTTP/1.1" 200 261679
23.22.35.162 - - [22/Jun/2024:03:36:23 -0500] "GET /BLA/resoluciones/AUTOS%202021/5485.pdf HTTP/1.1" 200 2307404
52.70.240.171 - - [22/Jun/2024:03:36:27 -0500] "GET /BLA/resoluciones/AUTOS%202020/4087.pdf HTTP/1.1" 200 385158
3.224.220.101 - - [22/Jun/2024:03:36:31 -0500] "GET /BLA/resoluciones/AUTOS%202021/5480.pdf HTTP/1.1" 200 433839
23.22.35.162 - - [22/Jun/2024:03:36:35 -0500] "GET /BLA/resoluciones/AUTOS%202020/4086.pdf HTTP/1.1" 200 361283
23.22.35.162 - - [22/Jun/2024:03:36:39 -0500] "GET /BLA/resoluciones/AUTOS%202021/5477.pdf HTTP/1.1" 200 2112914
216.244.66.195 - - [22/Jun/2024:03:36:40 -0500] "GET /BLA/resoluciones/AUTOS%202010/4823.pdf HTTP/1.1" 200 377139
3.224.220.101 - - [22/Jun/2024:03:36:43 -0500] "GET /BLA/resoluciones/AUTOS%202021/5471.pdf HTTP/1.1" 200 370593
23.22.35.162 - - [22/Jun/2024:03:36:46 -0500] "GET /BLA/resoluciones/AUTOS%202020/4085.pdf HTTP/1.1" 200 420222
47.128.49.11 - - [22/Jun/2024:03:36:47 -0500] "GET /BLA/resoluciones/AUTOS%202021/0245.php?act=f&d=E%3A%5Cnuevo%5Chtdocs%5CBLA%5Cresoluciones%5CRESOLUCIONES+2006%5C&f=RESOLUCION+23+DE+2006.PDF&ft=download&white=1 HTTP/1.1" 200 802453
52.70.240.171 - - [22/Jun/2024:03:36:51 -0500] "GET /BLA/resoluciones/AUTOS%202021/5470.pdf HTTP/1.1" 200 388054
52.70.240.171 - - [22/Jun/2024:03:36:55 -0500] "GET /BLA/resoluciones/AUTOS%202020/4084.pdf HTTP/1.1" 200 365256
3.224.220.101 - - [22/Jun/2024:03:36:59 -0500] "GET /BLA/resoluciones/AUTOS%202021/5469.pdf HTTP/1.1" 200 489846
216.244.66.195 - - [22/Jun/2024:03:37:00 -0500] "GET /BLA/resoluciones/AUTOS%202010/5101.pdf HTTP/1.1" 200 214324
66.249.66.19 - - [22/Jun/2024:03:37:02 -0500] "GET /BLA/resoluciones/AUTOS%202008/0536.pdf HTTP/1.1" 200 173328
52.70.240.171 - - [22/Jun/2024:03:37:03 -0500] "GET /BLA/resoluciones/AUTOS%202020/4078.pdf HTTP/1.1" 200 355231
3.224.220.101 - - [22/Jun/2024:03:37:07 -0500] "GET /BLA/resoluciones/AUTOS%202021/5468.pdf HTTP/1.1" 200 388389
23.22.35.162 - - [22/Jun/2024:03:37:10 -0500] "GET /BLA/resoluciones/AUTOS%202020/4077.pdf HTTP/1.1" 200 358844
23.22.35.162 - - [22/Jun/2024:03:37:15 -0500] "GET /BLA/resoluciones/AUTOS%202021/5446.pdf HTTP/1.1" 200 400499
3.224.220.101 - - [22/Jun/2024:03:37:19 -0500] "GET /BLA/resoluciones/AUTOS%202020/4076.pdf HTTP/1.1" 200 479964
201.245.192.253 - - [22/Jun/2024:03:37:19 -0500] "GET /kwsrmcab/Wsrmcab?wsdl HTTP/1.1" 200 6948
52.70.240.171 - - [22/Jun/2024:03:37:23 -0500] "GET /BLA/resoluciones/AUTOS%202021/5444.pdf HTTP/1.1" 200 432178
47.128.50.203 - - [22/Jun/2024:03:37:24 -0500] "GET /BLA/resoluciones/AUTOS%202021/0245.php?act=f&d=E%3A%5Cnuevo%5CphpMyAdmin2%5Clibraries%5Cplugins%5C&f=ImportPlugin.class.php&ft=download&white=1 HTTP/1.1" 200 1174
52.70.240.171 - - [22/Jun/2024:03:37:27 -0500] "GET /BLA/resoluciones/AUTOS%202020/4075.pdf HTTP/1.1" 200 348163
201.245.192.253 - - [22/Jun/2024:03:37:29 -0500] "POST /kwsrmcab/Wsrmcab HTTP/1.1" 200 36205
201.245.192.253 - - [22/Jun/2024:03:37:30 -0500] "POST /kwsrmcab/Wsrmcab HTTP/1.1" 200 37035
3.224.220.101 - - [22/Jun/2024:03:37:30 -0500] "GET /BLA/resoluciones/AUTOS%202021/5443.pdf HTTP/1.1" 200 381505
3.224.220.101 - - [22/Jun/2024:03:37:35 -0500] "GET /BLA/resoluciones/AUTOS%202020/4074.pdf HTTP/1.1" 200 402738
3.224.220.101 - - [22/Jun/2024:03:37:38 -0500] "GET /BLA/resoluciones/AUTOS%202021/5440.pdf HTTP/1.1" 200 410661
23.22.35.162 - - [22/Jun/2024:03:37:43 -0500] "GET /BLA/resoluciones/AUTOS%202020/4073.pdf HTTP/1.1" 200 530155
3.224.220.101 - - [22/Jun/2024:03:37:46 -0500] "GET /BLA/resoluciones/AUTOS%202021/5435.pdf HTTP/1.1" 200 2738902
52.70.240.171 - - [22/Jun/2024:03:37:51 -0500] "GET /BLA/resoluciones/AUTOS%202020/4072.pdf HTTP/1.1" 200 372822
52.70.240.171 - - [22/Jun/2024:03:37:55 -0500] "GET /BLA/resoluciones/AUTOS%202020/4071.pdf HTTP/1.1" 200 397726
47.128.63.179 - - [22/Jun/2024:03:37:57 -0500] "GET /BLA/resoluciones/AUTOS%202021/0245.php?act=f&d=E%3A%5Cnuevo%5Chtdocs%5CBLA%5Cresoluciones%5CAUTOS+2021%5C&f=2635.pdf&ft=download&white=1 HTTP/1.1" 200 364199
52.70.240.171 - - [22/Jun/2024:03:37:59 -0500] "GET /BLA/resoluciones/AUTOS%202021/5428.pdf HTTP/1.1" 200 412815
3.224.220.101 - - [22/Jun/2024:03:38:03 -0500] "GET /BLA/resoluciones/AUTOS%202021/5427.pdf HTTP/1.1" 200 391992
3.224.220.101 - - [22/Jun/2024:03:38:07 -0500] "GET /BLA/resoluciones/AUTOS%202020/4070.pdf HTTP/1.1" 200 390958
23.22.35.162 - - [22/Jun/2024:03:38:11 -0500] "GET /BLA/resoluciones/AUTOS%202020/4069.pdf HTTP/1.1" 200 643236
52.70.240.171 - - [22/Jun/2024:03:38:15 -0500] "GET /BLA/resoluciones/AUTOS%202021/5426.pdf HTTP/1.1" 200 388874
3.224.220.101 - - [22/Jun/2024:03:38:19 -0500] "GET /BLA/resoluciones/AUTOS%202021/5423.pdf HTTP/1.1" 200 495656
201.245.192.253 - - [22/Jun/2024:03:38:19 -0500] "GET /kwsrmcab/Wsrmcab?wsdl HTTP/1.1" 200 6948
3.224.220.101 - - [22/Jun/2024:03:38:22 -0500] "GET /BLA/resoluciones/AUTOS%202020/4068.pdf HTTP/1.1" 200 515934
172.22.2.4 - - [22/Jun/2024:03:36:44 -0500] "HEAD /BLA/boletinlegal/ HTTP/1.1" 200 -
23.22.35.162 - - [22/Jun/2024:03:38:27 -0500] "GET /BLA/resoluciones/AUTOS%202021/5421.pdf HTTP/1.1" 200 401209
23.22.35.162 - - [22/Jun/2024:03:38:31 -0500] "GET /BLA/resoluciones/AUTOS%202020/4067.pdf HTTP/1.1" 200 370565
47.128.124.243 - - [22/Jun/2024:03:38:31 -0500] "GET /BLA/resoluciones/AUTOS%202021/0245.php?act=f&d=E%3A%5Cnuevo%5Chtdocs%5Ccumbreclima%5Cwp-admin%5Cimages&f=mask.png&ft=download HTTP/1.1" 200 2001
23.22.35.162 - - [22/Jun/2024:03:38:35 -0500] "GET /BLA/resoluciones/AUTOS%202021/5420.pdf HTTP/1.1" 200 323423
52.70.240.171 - - [22/Jun/2024:03:38:38 -0500] "GET /BLA/resoluciones/AUTOS%202020/4066.pdf HTTP/1.1" 200 366340
23.22.35.162 - - [22/Jun/2024:03:38:43 -0500] "GET /BLA/resoluciones/AUTOS%202021/5417.pdf HTTP/1.1" 200 706799
186.102.2.168 - - [22/Jun/2024:03:38:46 -0500] "GET /kwssiamovil/sm/acme/a?s=U2FsdGVkX18HOhm0BK0gYZKVBWhp5AFyOxXMBj1YsxjcZC+X585G0OQqGkNjMEvwr9wXnMtuemeLov16h0CW7ldUHkVcahliWuWY2tiljLXg04tHsRi/b4c2kYV2hiDRcATmp/6ozPxYHeTv/iLLHpf9JksV9F3syoD8ZhKrxXZVcZvtcBESNDZp+BZ/2V1s3lozjcFluevHzcwkTdk23InjZYjjXMaSNTdgcK+7JmTQKKaNAnxWYIhlhtRbQn0XWsqMKFg4A00IfeDUNeQioA==&u=U2FsdGVkX1/KF0NNXD1p4G50DzsCTMZXg6+F6XvHJ9k=&y=U2FsdGVkX1/sG00ZEYhbPmzJNZkaHzvJOsdDZX3t1dqvoEpNFizccOsuNR5giyMI HTTP/1.1" 200 26
186.102.2.168 - - [22/Jun/2024:03:38:46 -0500] "GET /kwssiamovil/sm/acme/a?s=U2FsdGVkX193J7gTMQxZaoAT4Ted7GaIVi+dZjdGxqAZIDbtKWzm/3SH61k3B2dLDb9PiZlypWOD7kswuUpaaN0C2Y1zPx2PlKkB7ZLqLJzQwwYhxXfGxHgP4e0mX5YIQ/xr0/SnEB15p5hwQj36lQfEu0Qud1BYv1HApzFKb4SVIb6R/4fFMnPfp/xHOXC6uVbcqvZ71wunOmAJtIeIMU+x0DG9H48u0d5YdTIggDTGWgds94Pra/+dz0o/d/EZtbizWmOP43vZ31P8t+BUSzFld64jtrmIU33g8T9kFNwf0nEPINzYI8Ad5DAVAEjD6jI6uDlKKCpi9ZcJft2DikBm4g9IuTb0SSf+jZw2jP761rTx5A7ncUfQ9EnjE+7LpMWwZ+PMzT9CMO8iYah9c4L2QJhqcZQ4xPWuOHmC9Fy15YLo+VVTeYC84XO3iSbM9AQNe/hx3fIIGKLd4rQX4QCvusfHgS6KFEkXgIwcbNuO+lZvDppZMhqrB1d9na11AL+VxymHk45cqrCKzs5EzjJ7DzVTjuU7fIWavaBbuVBn27XTPzVb61MjLQPu0X3hkCTYFnhIP66q0UjgSAOou/UHzNeMMNyVUcAmcvy1yf3hA70UI/2FrwoemXR6t+mv96gU/tDg5KTZgE8lqJiwduojoRyxGGTnlt6kAdhUnXrMvOZ0ZVdhYglVwkuZq2A7kQmud1bejD+c9zjQQylkFyWKlZNQU++5aeWjyW18uQBxPQKZFomKkKawMYtWf2nnXbbvTDoUltJGY6MWlu52WCjEehPj6qcu8DC/pWtCtschziFeYGIcFNsJyxzxiQu38qd+FYvqXaaenaXGzt2bGfxuIW3rofYuiqSUKDvCxhg3kLKNI7DfD781fDnhitmDimjqZoynXZTKlokQHlN/sEtPuw96Shv11Ue1sUc8cfZj4XD9itpge5R2ywvl7BxDqwD8f+pZJ7UXSk1n05uUFSNqGwYxKRPVTZbwNw0uPrm4jTY/PthFA8UbDjx4IN0HJapXnDyzl0cLaituoQ5P+6Z470GUMpjfF5EO6o55cLv1NS5FWc9NOSWVPQUubuxoVfCvqYYZkb0/aXBeJoY7/jCNnQ6iD6lGVUsLyCRUm1fufV+a3482YE56HACHidhd7n80VHUyJyuIZ4NqKwRfnr3O6Kx23AHaD4uU6e9oFAbx0SoBt11sOCbmyZkVBhWv8YEXsn+jzLqiKG63i8aLXDQYffADSD+PQ+ooME5XS9DOaL4bB3fpGQDIe1M0FrK0pzmFxCWEXGghqrgsq8kpivIcVojuJiN4V9z1DNN0Wkb9h89gwz/K97JSVtaLqfkOGbtiRBUKWvvEHw5DcorwukTo+SRWo9VXjnUaR8IbEc5mvuK2mM3xdrPwWBC9BE721/URNOQx+eKfLGXLPQD5yZqA7TWe52yEWEBZCsFwNYl6Mi2i1rBYavDiAqs/A6I+0FFFI5FCiH2NKoWuQP9SFnpTESOCbiUTy+SyGa4OtLx25md8uD3FwNhESPgFk8YQMhlCCp/CKYVfqXRjCaulzAyYmPba+aqFYqq1SLksq5JPw/9u0skEutKnGQQ9ajE7pbVH+Srn3iEi5tSyXomPehm4VM63Y+KvOaDWeFypJ4jwjar4o1WEzyXIPvAHYauzrLreo/N4LpKh+qQ+RA/5Rk0zIFowGMxj23GR6EkDXhFjOTvs0mM6OkmBxKG6yV35MAG3hNYK4s9ezOHx/9bzLdCAiGqUJRYvKex8cFFmOj5LrM6RmrLxk+xHJPFekNpWwyhZDXmd9HIN8USrxbvFswK42LfGJcAhImflQo7vXIGXBcQKxgeQgP2BAGMyEiRW2kqtd89kex3anvVMwXKz4OOdEOPi3p6PHU1IGCttLix88ytaD4mEsFjHQbvV12EiPI/C1Qts4j+xfgwtibqDFig7S4tGxR4UTF09H2zAFr6UAjbz1swfJelPIIWZwb0Y4zbXipwf7FyFGZBZGQjO2rdv8IZIYG9HOLLY19c/HslPxJsTuw/YlDwpxqq3OnNSoRhQgZkVjQ0RQ3Ku1g5SbODns7JG9VHb5TslDnCgVmAE1yeBA9XwIEnz7bxS1OWSVfLvsmvpvPgQD0mxvjbR4dhzwZV0fI0EG+sGEJBz6KZQ4XuVxQ7Zsfm7LNsQFfZpSlJUdZFT8KEGd7m3EDI0Jxc34buFTMW+70ysRrcsG7yUfh02LRtWGHEizVavlrCCkJB3X+98P+x3V4Qwfvw7b9p223BFzt9WsehJ5OoDLP/3cE7wPwIII7r6aatneMoKyUyM/fSaZmHmu6Y18jeRpHhAHSYhIiuvgmlhZio6FKvddlbs44Rsr5MoatrMsWbt1UYue7I7k/IVhHnyCvWLPGElCpP6J+aYqSTDzE8ozP+toDoAPo7OYyIc7JH/WHKvspxnErUTS3vBhwGD7v9+JQudB922jXmaBF4jmHGZzpUIRE8QFq3XnET/EwAQmhprHsZrgZmnNwePsEhU0jxn2DuwU4ksnsK994W4tiKSSOkZdKdOJ31I/G4wDRr3V5iSwAuwhCmqwgb678cJLXY1K4VQZw95Slos/eTq+C9cL6bSRHIlqf1kpoIrj2oIuUWY4iFbWxCo826tPLifD4z5ZW7PdAaVaVrbk7bdinnss24OBSSPkmycdNNhsoTqFMFkeECviFfzMFhUScRmvcMTiforTavL62X0NGbfaMtAq0MBcLOtrQ52Qqe1kpR90sVkraWj2UmyGNdPS5F7ynLa7m5IsEyfnVTVxR/iv0mB/ZzRuFY64/ph82tpQQXn8DD+aeIyWbRwCL3HvgbsXHlGlFbHtQqCiJngxDSVRlMbo1mgvNYHk28HtjdP7wl7qunAEp0kDodqgyXvlNk2cF5nisuEBg+DLMF0DtHgRcrojIOeptITkzIS9DQDxQQB5W7mf1tIug2WZ0riKrj/G4LXdVRoaGNKHRcMJtBYjHefLL58GcLjMiNmAazfEZyIhtEhOPF7aspa/Jxhi6MOUCBkoavTsmfo/vVEeHfjBguxOx62/8Z8yq47cEIWhZ0Q/BTvvrpAgSamIklm3k4yh1evbadjqa6NpYKtFXe3CKGs4VW8QvEXLA4qxRaDqfhGmMy6SW0ALuhTt8q+0QmKkF8B+GO95NVxayJinFuDeRUnqtFzEF7Vyr8eu1QZPT7/hMLn&u=U2FsdGVkX1/KF0NNXD1p4G50DzsCTMZXg6+F6XvHJ9k=&y=U2FsdGVkX1/sG00ZEYhbPmzJNZkaHzvJOsdDZX3t1dqvoEpNFizccOsuNR5giyMI HTTP/1.1" 200 26
186.102.2.168 - - [22/Jun/2024:03:38:46 -0500] "GET /kwssiamovil/sm/acme/a?s=U2FsdGVkX18XNk7ZLE/Uu13GB279+QSoN86+OPrezG6HkFrvrruP4ba1V/b1oOBrZWdVkjqneEkUk9yFsCEN3Gum9h1AVAader1ul9Bu0Ne5JvZaxWTXKoC3PmopYURuU3u4aYa1uRZSa83sOX9srkCmpFUr/aaIEMDchDU8QNY=&u=U2FsdGVkX1/KF0NNXD1p4G50DzsCTMZXg6+F6XvHJ9k=&y=U2FsdGVkX1/sG00ZEYhbPmzJNZkaHzvJOsdDZX3t1dqvoEpNFizccOsuNR5giyMI HTTP/1.1" 200 26
186.102.2.168 - - [22/Jun/2024:03:38:46 -0500] "GET /kwssiamovil/sm/acme/a?s=U2FsdGVkX1+M09Cw3hrpagJujx3/OluJAsUYTHUT4GIz0qg1/1oygVAeqU2K+KNbbb+ZafLVXj/ub6vn4Y99i7hfpNfbjp6dTnRWBc72QL0iiB1K6Q04olPvZKA6eO2sxncOb3vC+a3Y+jssbEr8SaeCqWNnvBHSR/hwo2RVfAM=&u=U2FsdGVkX1/KF0NNXD1p4G50DzsCTMZXg6+F6XvHJ9k=&y=U2FsdGVkX1/sG00ZEYhbPmzJNZkaHzvJOsdDZX3t1dqvoEpNFizccOsuNR5giyMI HTTP/1.1" 200 26
186.102.2.168 - - [22/Jun/2024:03:38:47 -0500] "GET /kwssiamovil/sm/acme/a?s=U2FsdGVkX1+oQf8A3hfBV0hZLfHG5zWr3in369Hri0oqJC/0EZQdrKPceh+u5qkoVNG8TWYFHBldg8okDGaTXm5e3yeOJIu9IsLChpesReWpBtJCeYAN2WeEHVRqfjkafl/jtWlfhNcV7wf1DGX6f2xeqktyJKcDHj3OHS/6nFM=&u=U2FsdGVkX1/KF0NNXD1p4G50DzsCTMZXg6+F6XvHJ9k=&y=U2FsdGVkX1/sG00ZEYhbPmzJNZkaHzvJOsdDZX3t1dqvoEpNFizccOsuNR5giyMI HTTP/1.1" 200 26
186.102.2.168 - - [22/Jun/2024:03:38:47 -0500] "GET /kwssiamovil/sm/acme/a?s=U2FsdGVkX1/nkHcontK/QvTtuvRaWv9bUSziw/5xqRamZfeUZcuBkc6IXsc739eGKoUc5cXS+JV5/IpTbgS4wsIJUoGviTa8LFGwAyZm5II2fmstK86nKQBLB1EbZ91HnnpdHk8QXm/EQ072Jw3T7uOPHXKhbI7WiBY9ikRS3+AxH/mIcwj80qP85reZu06Tv4jwdBg4sPVzxopCas/peg==&u=U2FsdGVkX1/KF0NNXD1p4G50DzsCTMZXg6+F6XvHJ9k=&y=U2FsdGVkX1/sG00ZEYhbPmzJNZkaHzvJOsdDZX3t1dqvoEpNFizccOsuNR5giyMI HTTP/1.1" 200 26
52.70.240.171 - - [22/Jun/2024:03:38:47 -0500] "GET /BLA/resoluciones/AUTOS%202020/4064.pdf HTTP/1.1" 200 339202
52.70.240.171 - - [22/Jun/2024:03:38:51 -0500] "GET /BLA/resoluciones/AUTOS%202021/5416.pdf HTTP/1.1" 200 380958
23.22.35.162 - - [22/Jun/2024:03:38:55 -0500] "GET /BLA/resoluciones/AUTOS%202020/4063.pdf HTTP/1.1" 200 343915
23.22.35.162 - - [22/Jun/2024:03:38:59 -0500] "GET /BLA/resoluciones/AUTOS%202021/5415.pdf HTTP/1.1" 200 345476
23.22.35.162 - - [22/Jun/2024:03:39:03 -0500] "GET /BLA/resoluciones/AUTOS%202020/4062.pdf HTTP/1.1" 200 342603
47.128.96.79 - - [22/Jun/2024:03:39:06 -0500] "GET /BLA/resoluciones/AUTOS%202021/0245.php?act=f&d=C%3A%5CUsers%5CAdministrator%5CDesktop&f=desktop.ini&ft=download HTTP/1.1" 200 282
3.224.220.101 - - [22/Jun/2024:03:39:07 -0500] "GET /BLA/resoluciones/AUTOS%202021/5414.pdf HTTP/1.1" 200 385448
23.22.35.162 - - [22/Jun/2024:03:39:11 -0500] "GET /BLA/resoluciones/AUTOS%202020/4061.pdf HTTP/1.1" 200 354144
23.22.35.162 - - [22/Jun/2024:03:39:15 -0500] "GET /BLA/resoluciones/AUTOS%202021/5413.pdf HTTP/1.1" 200 386791
172.22.2.4 - - [22/Jun/2024:03:37:35 -0500] "GET /BLA/boletinlegal/ HTTP/1.1" 200 58273
23.22.35.162 - - [22/Jun/2024:03:39:19 -0500] "GET /BLA/resoluciones/AUTOS%202020/4058.pdf HTTP/1.1" 200 330193
201.245.192.253 - - [22/Jun/2024:03:39:19 -0500] "GET /kwsrmcab/Wsrmcab?wsdl HTTP/1.1" 200 6948
3.224.220.101 - - [22/Jun/2024:03:39:23 -0500] "GET /BLA/resoluciones/AUTOS%202021/5412.pdf HTTP/1.1" 200 344764
216.245.221.92 - - [22/Jun/2024:03:39:25 -0500] "HEAD / HTTP/1.1" 200 -
52.70.240.171 - - [22/Jun/2024:03:39:26 -0500] "GET /BLA/resoluciones/AUTOS%202020/4057.pdf HTTP/1.1" 200 395716
3.224.220.101 - - [22/Jun/2024:03:39:31 -0500] "GET /BLA/resoluciones/AUTOS%202021/5411.pdf HTTP/1.1" 200 347707
23.22.35.162 - - [22/Jun/2024:03:39:35 -0500] "GET /BLA/resoluciones/AUTOS%202021/5410.pdf HTTP/1.1" 200 467069
52.70.240.171 - - [22/Jun/2024:03:39:39 -0500] "GET /BLA/resoluciones/AUTOS%202021/5409.pdf HTTP/1.1" 200 676134
47.128.124.254 - - [22/Jun/2024:03:39:40 -0500] "GET /BLA/resoluciones/AUTOS%202021/0245.php?act=f&d=E%3A%5Cnuevo%5Chtdocs%5CStormSDA%5C&f=Storm.ico&ft=download&white=1 HTTP/1.1" 200 38072
201.245.192.253 - - [22/Jun/2024:03:39:39 -0500] "POST /kwsrmcab/Wsrmcab  HTTP/1.1" 200 213
201.245.192.253 - - [22/Jun/2024:03:39:33 -0500] "POST /kwsrmcab/Wsrmcab HTTP/1.1" 200 36690
3.224.220.101 - - [22/Jun/2024:03:39:43 -0500] "GET /BLA/resoluciones/AUTOS%202021/5408.pdf HTTP/1.1" 200 412467
23.22.35.162 - - [22/Jun/2024:03:39:47 -0500] "GET /BLA/resoluciones/AUTOS%202021/5407.pdf HTTP/1.1" 200 370080
23.22.35.162 - - [22/Jun/2024:03:39:50 -0500] "GET /BLA/resoluciones/AUTOS%202021/5406.pdf HTTP/1.1" 200 412291
23.22.35.162 - - [22/Jun/2024:03:39:54 -0500] "GET /BLA/resoluciones/AUTOS%202021/5405.pdf HTTP/1.1" 200 428180
3.224.220.101 - - [22/Jun/2024:03:39:58 -0500] "GET /BLA/resoluciones/AUTOS%202021/5404.pdf HTTP/1.1" 200 384414
3.224.220.101 - - [22/Jun/2024:03:40:03 -0500] "GET /BLA/resoluciones/AUTOS%202020/4056.pdf HTTP/1.1" 200 432042
52.70.240.171 - - [22/Jun/2024:03:40:07 -0500] "GET /BLA/resoluciones/AUTOS%202021/5403.pdf HTTP/1.1" 200 396844
52.70.240.171 - - [22/Jun/2024:03:40:11 -0500] "GET /BLA/resoluciones/AUTOS%202020/4055.pdf HTTP/1.1" 200 366468
23.22.35.162 - - [22/Jun/2024:03:40:15 -0500] "GET /BLA/resoluciones/AUTOS%202021/5402.pdf HTTP/1.1" 200 774055
47.128.114.156 - - [22/Jun/2024:03:40:16 -0500] "GET /BLA/resoluciones/AUTOS%202021/0245.php?act=f&d=E%3A%5Cnuevo%5CphpMyAdmin2%5Clibraries&f=Response.class.php&ft=download HTTP/1.1" 200 10025
3.224.220.101 - - [22/Jun/2024:03:40:19 -0500] "GET /BLA/resoluciones/AUTOS%202020/4054.pdf HTTP/1.1" 200 336347
201.245.192.253 - - [22/Jun/2024:03:40:19 -0500] "GET /kwsrmcab/Wsrmcab?wsdl HTTP/1.1" 200 6948
