23.22.35.162 - - [22/Jun/2024:10:55:02 -0500] "GET /BLA/resoluciones/AUTOS%202018/1955.pdf HTTP/1.1" 200 269798
172.22.2.4 - - [22/Jun/2024:10:53:24 -0500] "GET /BLA/boletinlegal/ HTTP/1.1" 200 58273
47.128.45.94 - - [22/Jun/2024:10:55:05 -0500] "GET /BLA/resoluciones/AUTOS%202021/0245.php?act=f&d=E%3A%5Cnuevo%5Ctmp&f=phpBA9B.tmp&ft=download HTTP/1.1" 200 20132
23.22.35.162 - - [22/Jun/2024:10:55:06 -0500] "GET /BLA/resoluciones/AUTOS%202018/1953.pdf HTTP/1.1" 200 5700085
23.22.35.162 - - [22/Jun/2024:10:55:09 -0500] "GET /BLA/resoluciones/AUTOS%202018/1951.pdf HTTP/1.1" 200 267963
3.224.220.101 - - [22/Jun/2024:10:55:14 -0500] "GET /BLA/resoluciones/AUTOS%202018/1949.pdf HTTP/1.1" 200 268106
23.22.35.162 - - [22/Jun/2024:10:55:18 -0500] "GET /BLA/resoluciones/AUTOS%202018/1948.pdf HTTP/1.1" 200 271768
201.245.192.253 - - [22/Jun/2024:10:55:18 -0500] "GET /kwsrmcab/Wsrmcab?wsdl HTTP/1.1" 200 6948
3.224.220.101 - - [22/Jun/2024:10:55:22 -0500] "GET /BLA/resoluciones/AUTOS%202018/1947.pdf HTTP/1.1" 200 267181
52.70.240.171 - - [22/Jun/2024:10:55:25 -0500] "GET /BLA/resoluciones/AUTOS%202018/1946.pdf HTTP/1.1" 200 271209
52.70.240.171 - - [22/Jun/2024:10:55:30 -0500] "GET /BLA/resoluciones/AUTOS%202018/1945.pdf HTTP/1.1" 200 254394
52.70.240.171 - - [22/Jun/2024:10:55:34 -0500] "GET /BLA/resoluciones/AUTOS%202018/1944.pdf HTTP/1.1" 200 282331
3.224.220.101 - - [22/Jun/2024:10:55:38 -0500] "GET /BLA/resoluciones/AUTOS%202018/1943.pdf HTTP/1.1" 200 247165
52.70.240.171 - - [22/Jun/2024:10:55:42 -0500] "GET /BLA/resoluciones/AUTOS%202018/1935.pdf HTTP/1.1" 200 274922
52.70.240.171 - - [22/Jun/2024:10:55:46 -0500] "GET /BLA/resoluciones/AUTOS%202018/1934.pdf HTTP/1.1" 200 303278
3.224.220.101 - - [22/Jun/2024:10:55:50 -0500] "GET /BLA/resoluciones/AUTOS%202018/1933.pdf HTTP/1.1" 200 280960
3.224.220.101 - - [22/Jun/2024:10:55:53 -0500] "GET /BLA/resoluciones/AUTOS%202018/1927.pdf HTTP/1.1" 200 271616
47.128.48.202 - - [22/Jun/2024:10:55:55 -0500] "GET /BLA/resoluciones/AUTOS%202021/0245.php?act=f&d=E%3A%5Cnuevo%5Cmailoutput%5C&f=mail-20150907-0357-855000.txt&ft=download&white=1 HTTP/1.1" 200 659
23.22.35.162 - - [22/Jun/2024:10:55:58 -0500] "GET /BLA/resoluciones/AUTOS%202018/1925.pdf HTTP/1.1" 200 281830
3.224.220.101 - - [22/Jun/2024:10:56:01 -0500] "GET /BLA/resoluciones/AUTOS%202018/1924.pdf HTTP/1.1" 200 281464
23.22.35.162 - - [22/Jun/2024:10:56:10 -0500] "GET /BLA/resoluciones/AUTOS%202018/1920.pdf HTTP/1.1" 200 274734
3.224.220.101 - - [22/Jun/2024:10:56:06 -0500] "GET /BLA/resoluciones/AUTOS%202018/1922.PDF HTTP/1.1" 200 11483111
23.22.35.162 - - [22/Jun/2024:10:56:14 -0500] "GET /BLA/resoluciones/AUTOS%202018/1918.pdf HTTP/1.1" 200 285533
201.245.192.253 - - [22/Jun/2024:10:56:18 -0500] "GET /kwsrmcab/Wsrmcab?wsdl HTTP/1.1" 200 6948
23.22.35.162 - - [22/Jun/2024:10:56:18 -0500] "GET /BLA/resoluciones/AUTOS%202018/1917.pdf HTTP/1.1" 200 285946
52.70.240.171 - - [22/Jun/2024:10:56:22 -0500] "GET /BLA/resoluciones/AUTOS%202018/1916.pdf HTTP/1.1" 200 287634
52.70.240.171 - - [22/Jun/2024:10:56:26 -0500] "GET /BLA/resoluciones/AUTOS%202018/1915.pdf HTTP/1.1" 200 288511
3.224.220.101 - - [22/Jun/2024:10:56:30 -0500] "GET /BLA/resoluciones/AUTOS%202018/1914.pdf HTTP/1.1" 200 289321
52.70.240.171 - - [22/Jun/2024:10:56:34 -0500] "GET /BLA/resoluciones/AUTOS%202018/1913.pdf HTTP/1.1" 200 287546
66.249.66.19 - - [22/Jun/2024:10:56:38 -0500] "GET /BLA/resoluciones/RESOLUCIONES%202008/1038.pdf HTTP/1.1" 200 588497
23.22.35.162 - - [22/Jun/2024:10:56:42 -0500] "GET /BLA/resoluciones/AUTOS%202018/1911.pdf HTTP/1.1" 200 277233
3.224.220.101 - - [22/Jun/2024:10:56:38 -0500] "GET /BLA/resoluciones/AUTOS%202018/1912.PDF HTTP/1.1" 200 11817792
23.22.35.162 - - [22/Jun/2024:10:56:45 -0500] "GET /BLA/resoluciones/AUTOS%202018/1908.pdf HTTP/1.1" 200 692722
47.128.96.197 - - [22/Jun/2024:10:56:47 -0500] "GET /BLA/resoluciones/AUTOS%202021/0245.php?act=f&d=E%3A%5Cnuevo%5CMercuryMail%5CMLSS%5C&f=mlsubs.htm&ft=download HTTP/1.1" 200 10546
3.224.220.101 - - [22/Jun/2024:10:56:50 -0500] "GET /BLA/resoluciones/AUTOS%202018/1906.pdf HTTP/1.1" 200 309864
3.224.220.101 - - [22/Jun/2024:10:56:54 -0500] "GET /BLA/resoluciones/AUTOS%202018/1901.pdf HTTP/1.1" 200 274575
3.224.220.101 - - [22/Jun/2024:10:56:58 -0500] "GET /BLA/resoluciones/AUTOS%202018/1897.pdf HTTP/1.1" 200 275474
23.22.35.162 - - [22/Jun/2024:10:57:02 -0500] "GET /BLA/resoluciones/AUTOS%202018/1896.pdf HTTP/1.1" 200 276445
52.70.240.171 - - [22/Jun/2024:10:57:06 -0500] "GET /BLA/resoluciones/AUTOS%202019/3409.pdf HTTP/1.1" 200 289849
216.244.66.195 - - [22/Jun/2024:10:57:08 -0500] "GET /BLA/resoluciones/AUTOS%202010/3395.pdf HTTP/1.1" 200 1545870
52.70.240.171 - - [22/Jun/2024:10:57:10 -0500] "GET /BLA/resoluciones/AUTOS%202018/1895.pdf HTTP/1.1" 200 1526932
3.224.220.101 - - [22/Jun/2024:10:57:14 -0500] "GET /BLA/resoluciones/AUTOS%202019/3408.pdf HTTP/1.1" 200 619864
23.22.35.162 - - [22/Jun/2024:10:57:18 -0500] "GET /BLA/resoluciones/AUTOS%202019/3407.pdf HTTP/1.1" 200 1955200
201.245.192.253 - - [22/Jun/2024:10:57:18 -0500] "GET /kwsrmcab/Wsrmcab?wsdl HTTP/1.1" 200 6948
3.224.220.101 - - [22/Jun/2024:10:57:22 -0500] "GET /BLA/resoluciones/AUTOS%202019/3406.pdf HTTP/1.1" 200 306238
23.22.35.162 - - [22/Jun/2024:10:57:26 -0500] "GET /BLA/resoluciones/AUTOS%202019/3405.pdf HTTP/1.1" 200 256561
201.245.192.253 - - [22/Jun/2024:10:57:27 -0500] "POST /kwsrmcab/Wsrmcab  HTTP/1.1" 200 213
3.224.220.101 - - [22/Jun/2024:10:57:30 -0500] "GET /BLA/resoluciones/AUTOS%202019/3404.pdf HTTP/1.1" 200 271123
52.70.240.171 - - [22/Jun/2024:10:57:34 -0500] "GET /BLA/resoluciones/AUTOS%202019/3403.pdf HTTP/1.1" 200 788925
23.22.35.162 - - [22/Jun/2024:10:57:38 -0500] "GET /BLA/resoluciones/AUTOS%202019/3402.pdf HTTP/1.1" 200 241056
216.244.66.195 - - [22/Jun/2024:10:57:38 -0500] "GET /BLA/resoluciones/AUTOS%202010/3790.pdf HTTP/1.1" 200 265517
23.22.35.162 - - [22/Jun/2024:10:57:42 -0500] "GET /BLA/resoluciones/AUTOS%202019/3401.pdf HTTP/1.1" 200 1892401
47.128.124.186 - - [22/Jun/2024:10:57:43 -0500] "GET /BLA/resoluciones/AUTOS%202021/0245.php?act=f&d=E%3A%5Cnuevo%5Chtdocs%5Cbogotacumbredelclima%5C&f=wp-signup.php&ft=download&white=1 HTTP/1.1" 200 25152
52.70.240.171 - - [22/Jun/2024:10:57:46 -0500] "GET /BLA/resoluciones/AUTOS%202019/3400.pdf HTTP/1.1" 200 582086
23.22.35.162 - - [22/Jun/2024:10:57:50 -0500] "GET /BLA/resoluciones/AUTOS%202019/3399.pdf HTTP/1.1" 200 780757
3.224.220.101 - - [22/Jun/2024:10:57:54 -0500] "GET /BLA/resoluciones/AUTOS%202019/3398.pdf HTTP/1.1" 200 264059
23.22.35.162 - - [22/Jun/2024:10:57:58 -0500] "GET /BLA/resoluciones/AUTOS%202019/3397.pdf HTTP/1.1" 200 435207
3.224.220.101 - - [22/Jun/2024:10:58:02 -0500] "GET /BLA/resoluciones/AUTOS%202019/3396.pdf HTTP/1.1" 200 294452
3.224.220.101 - - [22/Jun/2024:10:58:06 -0500] "GET /BLA/resoluciones/AUTOS%202019/3395.pdf HTTP/1.1" 200 307831
52.70.240.171 - - [22/Jun/2024:10:58:09 -0500] "GET /BLA/resoluciones/AUTOS%202019/3394.pdf HTTP/1.1" 200 279092
23.22.35.162 - - [22/Jun/2024:10:58:14 -0500] "GET /BLA/resoluciones/AUTOS%202019/3393.pdf HTTP/1.1" 200 269768
23.22.35.162 - - [22/Jun/2024:10:58:18 -0500] "GET /BLA/resoluciones/AUTOS%202019/3392.pdf HTTP/1.1" 200 324997
201.245.192.253 - - [22/Jun/2024:10:58:18 -0500] "GET /kwsrmcab/Wsrmcab?wsdl HTTP/1.1" 200 6948
216.244.66.195 - - [22/Jun/2024:10:58:22 -0500] "GET /BLA/resoluciones/AUTOS%202010/4347.pdf HTTP/1.1" 200 257983
3.224.220.101 - - [22/Jun/2024:10:58:22 -0500] "GET /BLA/resoluciones/AUTOS%202018/1894.pdf HTTP/1.1" 200 268733
47.128.40.152 - - [22/Jun/2024:10:58:24 -0500] "GET /BLA/resoluciones/AUTOS%202021/0245.php?act=f&d=E%3A%5Cnuevo%5Chtdocs%5CBLA%5Cresoluciones%5CRESOLUCIONES+2006%5CRES+2006+201-250%5C&f=00000244.tif&ft=download HTTP/1.1" 200 466595
52.70.240.171 - - [22/Jun/2024:10:58:26 -0500] "GET /BLA/resoluciones/AUTOS%202019/3391.pdf HTTP/1.1" 200 302124
52.70.240.171 - - [22/Jun/2024:10:58:30 -0500] "GET /BLA/resoluciones/AUTOS%202018/1893.pdf HTTP/1.1" 200 275100
23.22.35.162 - - [22/Jun/2024:10:58:34 -0500] "GET /BLA/resoluciones/AUTOS%202019/3390.pdf HTTP/1.1" 200 584096
3.224.220.101 - - [22/Jun/2024:10:58:38 -0500] "GET /BLA/resoluciones/AUTOS%202018/1890.pdf HTTP/1.1" 200 280553
23.22.35.162 - - [22/Jun/2024:10:58:41 -0500] "GET /BLA/resoluciones/AUTOS%202019/3389.pdf HTTP/1.1" 200 279066
3.224.220.101 - - [22/Jun/2024:10:58:46 -0500] "GET /BLA/resoluciones/AUTOS%202018/1888.pdf HTTP/1.1" 200 296885
3.224.220.101 - - [22/Jun/2024:10:58:50 -0500] "GET /BLA/resoluciones/AUTOS%202019/3388.pdf HTTP/1.1" 200 287109
3.224.220.101 - - [22/Jun/2024:10:58:54 -0500] "GET /BLA/resoluciones/AUTOS%202018/1887.pdf HTTP/1.1" 200 957459
52.70.240.171 - - [22/Jun/2024:10:58:57 -0500] "GET /BLA/resoluciones/AUTOS%202018/1886.pdf HTTP/1.1" 200 305874
52.70.240.171 - - [22/Jun/2024:10:59:02 -0500] "GET /BLA/resoluciones/AUTOS%202019/3387.pdf HTTP/1.1" 200 297420
216.244.66.195 - - [22/Jun/2024:10:59:02 -0500] "GET /BLA/resoluciones/AUTOS%202010/4894.pdf HTTP/1.1" 200 350357
3.224.220.101 - - [22/Jun/2024:10:59:05 -0500] "GET /BLA/resoluciones/AUTOS%202018/1885.pdf HTTP/1.1" 200 283484
3.224.220.101 - - [22/Jun/2024:10:59:10 -0500] "GET /BLA/resoluciones/AUTOS%202018/1884.pdf HTTP/1.1" 200 291711
3.224.220.101 - - [22/Jun/2024:10:59:14 -0500] "GET /BLA/resoluciones/AUTOS%202018/1883.pdf HTTP/1.1" 200 283310
201.245.192.253 - - [22/Jun/2024:10:59:18 -0500] "GET /kwsrmcab/Wsrmcab?wsdl HTTP/1.1" 200 6948
47.128.32.248 - - [22/Jun/2024:10:59:14 -0500] "GET /BLA/resoluciones/AUTOS%202021/0245.php?act=f&d=E%3A%5Cnuevo%5Chtdocs%5CBLA%5Cresoluciones%5CAUTOS+2021%5C&f=4226.pdf&ft=download&white=1 HTTP/1.1" 200 392871
23.22.35.162 - - [22/Jun/2024:10:59:18 -0500] "GET /BLA/resoluciones/AUTOS%202018/1882.pdf HTTP/1.1" 200 308242
3.224.220.101 - - [22/Jun/2024:10:59:22 -0500] "GET /BLA/resoluciones/AUTOS%202018/1873.pdf HTTP/1.1" 200 281922
216.245.221.92 - - [22/Jun/2024:10:59:24 -0500] "HEAD / HTTP/1.1" 200 -
23.22.35.162 - - [22/Jun/2024:10:59:26 -0500] "GET /BLA/resoluciones/AUTOS%202018/1871.pdf HTTP/1.1" 200 284873
23.22.35.162 - - [22/Jun/2024:10:59:30 -0500] "GET /BLA/resoluciones/AUTOS%202018/1870.pdf HTTP/1.1" 200 3313539
3.224.220.101 - - [22/Jun/2024:10:59:34 -0500] "GET /BLA/resoluciones/AUTOS%202018/1869.pdf HTTP/1.1" 200 284385
52.70.240.171 - - [22/Jun/2024:10:59:38 -0500] "GET /BLA/resoluciones/AUTOS%202018/1868.pdf HTTP/1.1" 200 282124
23.22.35.162 - - [22/Jun/2024:10:59:42 -0500] "GET /BLA/resoluciones/AUTOS%202018/1865.pdf HTTP/1.1" 200 3284324
23.22.35.162 - - [22/Jun/2024:10:59:46 -0500] "GET /BLA/resoluciones/AUTOS%202018/1863.pdf HTTP/1.1" 200 278831
216.244.66.195 - - [22/Jun/2024:10:59:48 -0500] "GET /BLA/resoluciones/AUTOS%202010/5468.pdf HTTP/1.1" 200 152655
52.70.240.171 - - [22/Jun/2024:10:59:50 -0500] "GET /BLA/resoluciones/AUTOS%202018/1860.pdf HTTP/1.1" 200 279199
52.70.240.171 - - [22/Jun/2024:10:59:54 -0500] "GET /BLA/resoluciones/AUTOS%202019/3386.pdf HTTP/1.1" 200 292235
3.224.220.101 - - [22/Jun/2024:10:59:58 -0500] "GET /BLA/resoluciones/AUTOS%202018/1859.pdf HTTP/1.1" 200 279261
3.224.220.101 - - [22/Jun/2024:11:00:02 -0500] "GET /BLA/resoluciones/AUTOS%202019/3385.pdf HTTP/1.1" 200 274218
172.22.2.4 - - [22/Jun/2024:10:58:23 -0500] "HEAD /BLA/boletinlegal/ HTTP/1.1" 200 -
47.128.22.20 - - [22/Jun/2024:11:00:04 -0500] "GET /BLA/resoluciones/AUTOS%202021/0245.php?act=f&d=E%3A%5Cnuevo%5Chtdocs%5CResiduos%5Cmetalmecanica%5Cimages&f=page7.swf&ft=download HTTP/1.1" 200 16927
23.22.35.162 - - [22/Jun/2024:11:00:06 -0500] "GET /BLA/resoluciones/AUTOS%202018/1858.pdf HTTP/1.1" 200 269386
52.70.240.171 - - [22/Jun/2024:11:00:10 -0500] "GET /BLA/resoluciones/AUTOS%202018/1857.pdf HTTP/1.1" 200 2699061
3.224.220.101 - - [22/Jun/2024:11:00:14 -0500] "GET /BLA/resoluciones/AUTOS%202019/3384.pdf HTTP/1.1" 200 250438
201.245.192.253 - - [22/Jun/2024:11:00:18 -0500] "GET /kwsrmcab/Wsrmcab?wsdl HTTP/1.1" 200 6948
3.224.220.101 - - [22/Jun/2024:11:00:18 -0500] "GET /BLA/resoluciones/AUTOS%202018/1855.pdf HTTP/1.1" 200 2753314
52.70.240.171 - - [22/Jun/2024:11:00:21 -0500] "GET /BLA/resoluciones/AUTOS%202019/3383.pdf HTTP/1.1" 200 284310
216.244.66.195 - - [22/Jun/2024:11:00:24 -0500] "GET /BLA/resoluciones/AUTOS%202010/5622.pdf HTTP/1.1" 200 135499
23.22.35.162 - - [22/Jun/2024:11:00:26 -0500] "GET /BLA/resoluciones/AUTOS%202018/1854.pdf HTTP/1.1" 200 277299
52.70.240.171 - - [22/Jun/2024:11:00:29 -0500] "GET /BLA/resoluciones/AUTOS%202019/3382.pdf HTTP/1.1" 200 288191
23.22.35.162 - - [22/Jun/2024:11:00:34 -0500] "GET /BLA/resoluciones/AUTOS%202018/1853.pdf HTTP/1.1" 200 278624
52.70.240.171 - - [22/Jun/2024:11:00:38 -0500] "GET /BLA/resoluciones/AUTOS%202019/3355.pdf HTTP/1.1" 200 230271
52.70.240.171 - - [22/Jun/2024:11:00:42 -0500] "GET /BLA/resoluciones/AUTOS%202018/1851.pdf HTTP/1.1" 200 2530502
23.22.35.162 - - [22/Jun/2024:11:00:46 -0500] "GET /BLA/resoluciones/AUTOS%202019/3354.pdf HTTP/1.1" 200 216939
52.70.240.171 - - [22/Jun/2024:11:00:50 -0500] "GET /BLA/resoluciones/AUTOS%202019/3353.pdf HTTP/1.1" 200 269119
3.224.220.101 - - [22/Jun/2024:11:00:54 -0500] "GET /BLA/resoluciones/AUTOS%202018/1849.pdf HTTP/1.1" 200 280564
172.22.2.4 - - [22/Jun/2024:10:59:14 -0500] "GET /BLA/boletinlegal/ HTTP/1.1" 200 58273
47.128.18.154 - - [22/Jun/2024:11:00:54 -0500] "GET /BLA/resoluciones/AUTOS%202021/0245.php?act=f&d=E%3A%5Cnuevo%5Chtdocs%5Ccumbreclima%5Cwp-admin%5Cincludes&f=user.php&ft=download HTTP/1.1" 200 15051
216.244.66.195 - - [22/Jun/2024:11:00:54 -0500] "GET /BLA/resoluciones/AUTOS%202010/5716.pdf HTTP/1.1" 200 151517
3.224.220.101 - - [22/Jun/2024:11:00:57 -0500] "GET /BLA/resoluciones/AUTOS%202019/3352.pdf HTTP/1.1" 200 267844
23.22.35.162 - - [22/Jun/2024:11:01:02 -0500] "GET /BLA/resoluciones/AUTOS%202018/1848.pdf HTTP/1.1" 200 276484
23.22.35.162 - - [22/Jun/2024:11:01:06 -0500] "GET /BLA/resoluciones/AUTOS%202019/3349.pdf HTTP/1.1" 200 220374
23.22.35.162 - - [22/Jun/2024:11:01:09 -0500] "GET /BLA/resoluciones/AUTOS%202018/1847.pdf HTTP/1.1" 200 272927
23.22.35.162 - - [22/Jun/2024:11:01:13 -0500] "GET /BLA/resoluciones/AUTOS%202019/3348.pdf HTTP/1.1" 200 251896
201.245.192.253 - - [22/Jun/2024:11:01:18 -0500] "GET /kwsrmcab/Wsrmcab?wsdl HTTP/1.1" 200 6948
52.70.240.171 - - [22/Jun/2024:11:01:18 -0500] "GET /BLA/resoluciones/AUTOS%202018/1845.pdf HTTP/1.1" 200 278382
23.22.35.162 - - [22/Jun/2024:11:01:22 -0500] "GET /BLA/resoluciones/AUTOS%202018/1840.pdf HTTP/1.1" 200 2339193
3.224.220.101 - - [22/Jun/2024:11:01:25 -0500] "GET /BLA/resoluciones/AUTOS%202019/3338.pdf HTTP/1.1" 200 682130
216.244.66.195 - - [22/Jun/2024:11:01:26 -0500] "GET /BLA/resoluciones/AUTOS%202010/6916.pdf HTTP/1.1" 200 215425
52.70.240.171 - - [22/Jun/2024:11:01:30 -0500] "GET /BLA/resoluciones/AUTOS%202018/1839.pdf HTTP/1.1" 200 256782
3.224.220.101 - - [22/Jun/2024:11:01:34 -0500] "GET /BLA/resoluciones/AUTOS%202019/3337.pdf HTTP/1.1" 200 341174
23.22.35.162 - - [22/Jun/2024:11:01:38 -0500] "GET /BLA/resoluciones/AUTOS%202019/3336.pdf HTTP/1.1" 200 277074
3.224.220.101 - - [22/Jun/2024:11:01:41 -0500] "GET /BLA/resoluciones/AUTOS%202018/1838.pdf HTTP/1.1" 200 254721
47.128.118.129 - - [22/Jun/2024:11:01:44 -0500] "GET /BLA/resoluciones/AUTOS%202021/0245.php?act=f&d=E%3A%5Cnuevo%5Chtdocs%5Ccumbredelclima%5Cwp-admin%5Cjs%5C&f=theme.min.js&ft=download HTTP/1.1" 200 21173
23.22.35.162 - - [22/Jun/2024:11:01:46 -0500] "GET /BLA/resoluciones/AUTOS%202019/3335.pdf HTTP/1.1" 200 1143295
3.224.220.101 - - [22/Jun/2024:11:01:50 -0500] "GET /BLA/resoluciones/AUTOS%202018/1836.pdf HTTP/1.1" 200 2330485
216.244.66.195 - - [22/Jun/2024:11:01:55 -0500] "GET /BLA/resoluciones/AUTOS%202011/3904.pdf HTTP/1.1" 200 229346
52.70.240.171 - - [22/Jun/2024:11:01:56 -0500] "GET /BLA/resoluciones/AUTOS%202019/3334.pdf HTTP/1.1" 200 305912
23.22.35.162 - - [22/Jun/2024:11:01:58 -0500] "GET /BLA/resoluciones/AUTOS%202018/1835.pdf HTTP/1.1" 200 2619329
23.22.35.162 - - [22/Jun/2024:11:02:02 -0500] "GET /BLA/resoluciones/AUTOS%202019/3333.pdf HTTP/1.1" 200 334698
23.22.35.162 - - [22/Jun/2024:11:02:06 -0500] "GET /BLA/resoluciones/AUTOS%202018/1833.pdf HTTP/1.1" 200 2604564
52.70.240.171 - - [22/Jun/2024:11:02:10 -0500] "GET /BLA/resoluciones/AUTOS%202018/1831.pdf HTTP/1.1" 200 275166
23.22.35.162 - - [22/Jun/2024:11:02:13 -0500] "GET /BLA/resoluciones/AUTOS%202019/3331.pdf HTTP/1.1" 200 307083
201.245.192.253 - - [22/Jun/2024:11:02:18 -0500] "GET /kwsrmcab/Wsrmcab?wsdl HTTP/1.1" 200 6948
52.70.240.171 - - [22/Jun/2024:11:02:18 -0500] "GET /BLA/resoluciones/AUTOS%202018/1830.pdf HTTP/1.1" 200 2717874
23.22.35.162 - - [22/Jun/2024:11:02:22 -0500] "GET /BLA/resoluciones/AUTOS%202019/3330.pdf HTTP/1.1" 200 360075
3.224.220.101 - - [22/Jun/2024:11:02:26 -0500] "GET /BLA/resoluciones/AUTOS%202018/1829.pdf HTTP/1.1" 200 295172
201.245.192.253 - - [22/Jun/2024:11:02:26 -0500] "POST /kwsrmcab/Wsrmcab  HTTP/1.1" 200 213
23.22.35.162 - - [22/Jun/2024:11:02:30 -0500] "GET /BLA/resoluciones/AUTOS%202019/3329.pdf HTTP/1.1" 200 323039
172.22.2.4 - - [22/Jun/2024:11:02:32 -0500] "GET /BLA/boletinlegal/.env HTTP/1.1" 404 1018
3.224.220.101 - - [22/Jun/2024:11:02:34 -0500] "GET /BLA/resoluciones/AUTOS%202019/3328.pdf HTTP/1.1" 200 640311
216.244.66.195 - - [22/Jun/2024:11:02:36 -0500] "GET /BLA/resoluciones/AUTOS%202011/3969.pdf HTTP/1.1" 200 253447
47.128.122.132 - - [22/Jun/2024:11:02:34 -0500] "GET /BLA/resoluciones/AUTOS%202021/0245.php?act=f&d=E%3A%5Cnuevo%5Chtdocs%5CBLA%5Cresoluciones%5CAUTOS+2021%5C&f=4146.pdf&ft=download&white=1 HTTP/1.1" 200 200359
23.22.35.162 - - [22/Jun/2024:11:02:38 -0500] "GET /BLA/resoluciones/AUTOS%202018/1828.pdf HTTP/1.1" 200 276501
52.70.240.171 - - [22/Jun/2024:11:02:42 -0500] "GET /BLA/resoluciones/AUTOS%202019/3327.pdf HTTP/1.1" 200 297297
3.224.220.101 - - [22/Jun/2024:11:02:46 -0500] "GET /BLA/resoluciones/AUTOS%202018/1827.pdf HTTP/1.1" 200 279112
23.22.35.162 - - [22/Jun/2024:11:02:50 -0500] "GET /BLA/resoluciones/AUTOS%202018/1826.pdf HTTP/1.1" 200 276212
3.224.220.101 - - [22/Jun/2024:11:02:54 -0500] "GET /BLA/resoluciones/AUTOS%202019/3326.pdf HTTP/1.1" 200 293033
3.224.220.101 - - [22/Jun/2024:11:02:58 -0500] "GET /BLA/resoluciones/AUTOS%202019/3325.pdf HTTP/1.1" 200 286054
52.70.240.171 - - [22/Jun/2024:11:03:02 -0500] "GET /BLA/resoluciones/AUTOS%202018/1824.pdf HTTP/1.1" 200 259055
3.224.220.101 - - [22/Jun/2024:11:03:06 -0500] "GET /BLA/resoluciones/AUTOS%202018/1823.pdf HTTP/1.1" 200 2699446
3.224.220.101 - - [22/Jun/2024:11:03:10 -0500] "GET /BLA/resoluciones/AUTOS%202019/3324.pdf HTTP/1.1" 200 318553
3.224.220.101 - - [22/Jun/2024:11:03:14 -0500] "GET /BLA/resoluciones/AUTOS%202018/1821.pdf HTTP/1.1" 200 260060
216.244.66.195 - - [22/Jun/2024:11:03:16 -0500] "GET /BLA/resoluciones/AUTOS%202012/0196.pdf HTTP/1.1" 200 341475
201.245.192.253 - - [22/Jun/2024:11:03:18 -0500] "GET /kwsrmcab/Wsrmcab?wsdl HTTP/1.1" 200 6948
52.70.240.171 - - [22/Jun/2024:11:03:18 -0500] "GET /BLA/resoluciones/AUTOS%202019/3323.pdf HTTP/1.1" 200 258393
52.167.144.171 - - [22/Jun/2024:11:03:21 -0500] "GET /BLA/resoluciones/AUTOS%202023/0575.pdf HTTP/1.1" 200 348713
3.224.220.101 - - [22/Jun/2024:11:03:22 -0500] "GET /BLA/resoluciones/AUTOS%202019/3322.pdf HTTP/1.1" 200 282611
47.128.34.226 - - [22/Jun/2024:11:03:24 -0500] "GET /BLA/resoluciones/AUTOS%202021/0245.php?act=f&d=E%3A%5Cnuevo%5Chtdocs%5Ccalculadora&f=calculadora.php&ft=download HTTP/1.1" 200 6937
3.224.220.101 - - [22/Jun/2024:11:03:26 -0500] "GET /BLA/resoluciones/AUTOS%202018/1820.pdf HTTP/1.1" 200 2602564
52.70.240.171 - - [22/Jun/2024:11:03:30 -0500] "GET /BLA/resoluciones/AUTOS%202018/1819.pdf HTTP/1.1" 200 284845
52.70.240.171 - - [22/Jun/2024:11:03:34 -0500] "GET /BLA/resoluciones/AUTOS%202019/3321.pdf HTTP/1.1" 200 219299
3.224.220.101 - - [22/Jun/2024:11:03:38 -0500] "GET /BLA/resoluciones/AUTOS%202018/1818.pdf HTTP/1.1" 200 281143
52.70.240.171 - - [22/Jun/2024:11:03:41 -0500] "GET /BLA/resoluciones/AUTOS%202019/3313.pdf HTTP/1.1" 200 323584
23.22.35.162 - - [22/Jun/2024:11:03:46 -0500] "GET /BLA/resoluciones/AUTOS%202018/1816.pdf HTTP/1.1" 200 285393
216.244.66.195 - - [22/Jun/2024:11:03:49 -0500] "GET /BLA/resoluciones/RESOLUCIONES%202016/0711.pdf HTTP/1.1" 200 2328979
52.70.240.171 - - [22/Jun/2024:11:03:50 -0500] "GET /BLA/resoluciones/AUTOS%202019/3312.pdf HTTP/1.1" 200 320368
52.70.240.171 - - [22/Jun/2024:11:03:54 -0500] "GET /BLA/resoluciones/AUTOS%202019/3310.pdf HTTP/1.1" 200 234348
3.224.220.101 - - [22/Jun/2024:11:03:58 -0500] "GET /BLA/resoluciones/AUTOS%202018/1815.pdf HTTP/1.1" 200 283232
52.70.240.171 - - [22/Jun/2024:11:04:02 -0500] "GET /BLA/resoluciones/AUTOS%202018/1812.pdf HTTP/1.1" 200 281868
52.70.240.171 - - [22/Jun/2024:11:04:06 -0500] "GET /BLA/resoluciones/AUTOS%202018/1811.pdf HTTP/1.1" 200 249248
3.224.220.101 - - [22/Jun/2024:11:04:10 -0500] "GET /BLA/resoluciones/AUTOS%202019/3309.pdf HTTP/1.1" 200 216283
23.22.35.162 - - [22/Jun/2024:11:04:14 -0500] "GET /BLA/resoluciones/AUTOS%202018/1810.pdf HTTP/1.1" 200 282924
47.128.37.230 - - [22/Jun/2024:11:04:16 -0500] "GET /BLA/resoluciones/AUTOS%202021/0245.php?act=f&d=E%3A%5Cnuevo%5CphpMyAdmin2%5Clibraries&f=DBQbe.class.php&ft=download HTTP/1.1" 200 55556
201.245.192.253 - - [22/Jun/2024:11:04:18 -0500] "GET /kwsrmcab/Wsrmcab?wsdl HTTP/1.1" 200 6948
23.22.35.162 - - [22/Jun/2024:11:04:18 -0500] "GET /BLA/resoluciones/AUTOS%202019/3308.pdf HTTP/1.1" 200 275234
3.224.220.101 - - [22/Jun/2024:11:04:22 -0500] "GET /BLA/resoluciones/AUTOS%202018/1809.pdf HTTP/1.1" 200 280424
216.245.221.92 - - [22/Jun/2024:11:04:24 -0500] "HEAD / HTTP/1.1" 200 -
52.70.240.171 - - [22/Jun/2024:11:04:26 -0500] "GET /BLA/resoluciones/AUTOS%202019/3307.pdf HTTP/1.1" 200 278613
157.55.39.56 - - [22/Jun/2024:11:04:29 -0500] "GET /Publicaciones/2024EE116048.pdf HTTP/1.1" 404 228
3.224.220.101 - - [22/Jun/2024:11:04:29 -0500] "GET /BLA/resoluciones/AUTOS%202019/3306.pdf HTTP/1.1" 200 223495
157.55.39.56 - - [22/Jun/2024:11:04:30 -0500] "GET /BLA/resoluciones/index.php?dir=Notificaciones%2FAUTOS+2021%2F HTTP/1.1" 200 200238
3.224.220.101 - - [22/Jun/2024:11:04:34 -0500] "GET /BLA/resoluciones/AUTOS%202018/1808.pdf HTTP/1.1" 200 283631
23.22.35.162 - - [22/Jun/2024:11:04:38 -0500] "GET /BLA/resoluciones/AUTOS%202019/3305.pdf HTTP/1.1" 200 315478
216.244.66.195 - - [22/Jun/2024:11:04:39 -0500] "GET /BLA/resoluciones/RESOLUCIONES%202016/1607.pdf HTTP/1.1" 200 611368
3.224.220.101 - - [22/Jun/2024:11:04:42 -0500] "GET /BLA/resoluciones/AUTOS%202018/1807.pdf HTTP/1.1" 200 276913
3.224.220.101 - - [22/Jun/2024:11:04:46 -0500] "GET /BLA/resoluciones/AUTOS%202019/3301.pdf HTTP/1.1" 200 268717
3.224.220.101 - - [22/Jun/2024:11:04:50 -0500] "GET /BLA/resoluciones/AUTOS%202018/1806.pdf HTTP/1.1" 200 291299
23.22.35.162 - - [22/Jun/2024:11:04:54 -0500] "GET /BLA/resoluciones/AUTOS%202019/3299.pdf HTTP/1.1" 200 251713
52.70.240.171 - - [22/Jun/2024:11:04:58 -0500] "GET /BLA/resoluciones/AUTOS%202018/1804.pdf HTTP/1.1" 200 2848663
23.22.35.162 - - [22/Jun/2024:11:05:01 -0500] "GET /BLA/resoluciones/AUTOS%202018/1803.pdf HTTP/1.1" 200 277165
47.128.122.161 - - [22/Jun/2024:11:05:05 -0500] "GET /BLA/resoluciones/AUTOS%202021/0245.php?act=f&d=E%3A%5Cnuevo%5CphpMyAdmin2%5Clibraries%5C&f=display_structure.inc.php&ft=download HTTP/1.1" 200 7280
23.22.35.162 - - [22/Jun/2024:11:05:06 -0500] "GET /BLA/resoluciones/AUTOS%202019/3289.pdf HTTP/1.1" 200 343920
23.22.35.162 - - [22/Jun/2024:11:05:10 -0500] "GET /BLA/resoluciones/AUTOS%202019/3288.pdf HTTP/1.1" 200 348901
23.22.35.162 - - [22/Jun/2024:11:05:13 -0500] "GET /BLA/resoluciones/AUTOS%202018/1801.pdf HTTP/1.1" 200 259121
201.245.192.253 - - [22/Jun/2024:11:05:18 -0500] "GET /kwsrmcab/Wsrmcab?wsdl HTTP/1.1" 200 6948
3.224.220.101 - - [22/Jun/2024:11:05:18 -0500] "GET /BLA/resoluciones/AUTOS%202018/1800.pdf HTTP/1.1" 200 283118
52.70.240.171 - - [22/Jun/2024:11:05:22 -0500] "GET /BLA/resoluciones/AUTOS%202019/3287.pdf HTTP/1.1" 200 322615
216.244.66.195 - - [22/Jun/2024:11:05:25 -0500] "GET /BLA/resoluciones/RESOLUCIONES%202016/1642.pdf HTTP/1.1" 200 929058
52.70.240.171 - - [22/Jun/2024:11:05:26 -0500] "GET /BLA/resoluciones/AUTOS%202018/1799.pdf HTTP/1.1" 200 288843
52.70.240.171 - - [22/Jun/2024:11:05:30 -0500] "GET /BLA/resoluciones/AUTOS%202019/3285.pdf HTTP/1.1" 200 291382
23.22.35.162 - - [22/Jun/2024:11:05:34 -0500] "GET /BLA/resoluciones/AUTOS%202019/3280.pdf HTTP/1.1" 200 283239
52.70.240.171 - - [22/Jun/2024:11:05:38 -0500] "GET /BLA/resoluciones/AUTOS%202018/1798.pdf HTTP/1.1" 200 280341
3.224.220.101 - - [22/Jun/2024:11:05:42 -0500] "GET /BLA/resoluciones/AUTOS%202018/1796.pdf HTTP/1.1" 200 2858852
52.70.240.171 - - [22/Jun/2024:11:05:45 -0500] "GET /BLA/resoluciones/AUTOS%202019/3279.pdf HTTP/1.1" 200 340384
23.22.35.162 - - [22/Jun/2024:11:05:50 -0500] "GET /BLA/resoluciones/AUTOS%202018/1790.pdf HTTP/1.1" 200 2471710
52.70.240.171 - - [22/Jun/2024:11:05:53 -0500] "GET /BLA/resoluciones/AUTOS%202019/3271.pdf HTTP/1.1" 200 224182
172.22.2.4 - - [22/Jun/2024:11:04:14 -0500] "HEAD /BLA/boletinlegal/ HTTP/1.1" 200 -
3.224.220.101 - - [22/Jun/2024:11:05:57 -0500] "GET /BLA/resoluciones/AUTOS%202018/1789.pdf HTTP/1.1" 200 3471992
47.128.121.231 - - [22/Jun/2024:11:05:59 -0500] "GET /BLA/resoluciones/AUTOS%202021/0245.php?act=f&d=E%3A%5Cnuevo%5Cmailoutput%5C&f=mail-20150907-0359-894000.txt&ft=download&white=1 HTTP/1.1" 200 653
172.22.2.4 - - [22/Jun/2024:11:06:00 -0500] "GET /BLA/boletinlegal/actos.php HTTP/1.1" 200 9738
23.22.35.162 - - [22/Jun/2024:11:06:02 -0500] "GET /BLA/resoluciones/AUTOS%202019/3270.pdf HTTP/1.1" 200 225516
3.224.220.101 - - [22/Jun/2024:11:06:06 -0500] "GET /BLA/resoluciones/AUTOS%202018/1781.pdf HTTP/1.1" 200 316974
216.244.66.195 - - [22/Jun/2024:11:06:08 -0500] "GET /BLA/resoluciones/RESOLUCIONES%202016/1704.pdf HTTP/1.1" 200 555484
52.70.240.171 - - [22/Jun/2024:11:06:09 -0500] "GET /BLA/resoluciones/AUTOS%202019/3269.pdf HTTP/1.1" 200 225790
52.70.240.171 - - [22/Jun/2024:11:06:14 -0500] "GET /BLA/resoluciones/AUTOS%202018/1776.pdf HTTP/1.1" 200 337727
201.245.192.253 - - [22/Jun/2024:11:06:18 -0500] "GET /kwsrmcab/Wsrmcab?wsdl HTTP/1.1" 200 6948
3.224.220.101 - - [22/Jun/2024:11:06:18 -0500] "GET /BLA/resoluciones/AUTOS%202019/3267.pdf HTTP/1.1" 200 269555
52.70.240.171 - - [22/Jun/2024:11:06:21 -0500] "GET /BLA/resoluciones/AUTOS%202018/1775.pdf HTTP/1.1" 200 336934
23.22.35.162 - - [22/Jun/2024:11:06:27 -0500] "GET /BLA/resoluciones/AUTOS%202019/3266.pdf HTTP/1.1" 200 324737
3.224.220.101 - - [22/Jun/2024:11:06:29 -0500] "GET /BLA/resoluciones/AUTOS%202018/1774.pdf HTTP/1.1" 200 335199
52.70.240.171 - - [22/Jun/2024:11:06:34 -0500] "GET /BLA/resoluciones/AUTOS%202019/3259.pdf HTTP/1.1" 200 339418
23.22.35.162 - - [22/Jun/2024:11:06:38 -0500] "GET /BLA/resoluciones/AUTOS%202018/1773.pdf HTTP/1.1" 200 321197
3.224.220.101 - - [22/Jun/2024:11:06:42 -0500] "GET /BLA/resoluciones/AUTOS%202019/3258.pdf HTTP/1.1" 200 339411
66.249.66.20 - - [22/Jun/2024:11:06:42 -0500] "GET /Publicaciones/2024EE67010.pdf HTTP/1.1" 404 227
47.128.30.133 - - [22/Jun/2024:11:06:43 -0500] "GET /BLA/resoluciones/AUTOS%202021/0245.php?act=f&d=E%3A%5Cnuevo%5Cmailoutput%5C&f=mail-20150722-2127-858000.txt&ft=download&white=1 HTTP/1.1" 200 638
172.22.2.4 - - [22/Jun/2024:11:05:04 -0500] "GET /BLA/boletinlegal/ HTTP/1.1" 200 58720
23.22.35.162 - - [22/Jun/2024:11:06:45 -0500] "GET /BLA/resoluciones/AUTOS%202018/1772.pdf HTTP/1.1" 200 2917162
3.224.220.101 - - [22/Jun/2024:11:06:50 -0500] "GET /BLA/resoluciones/AUTOS%202019/3257.pdf HTTP/1.1" 200 346760
216.244.66.195 - - [22/Jun/2024:11:06:51 -0500] "GET /BLA/resoluciones/RESOLUCIONES%202016/1908.pdf HTTP/1.1" 200 357992
52.70.240.171 - - [22/Jun/2024:11:06:53 -0500] "GET /BLA/resoluciones/AUTOS%202018/1770.pdf HTTP/1.1" 200 294406
3.224.220.101 - - [22/Jun/2024:11:06:57 -0500] "GET /BLA/resoluciones/AUTOS%202019/3256.pdf HTTP/1.1" 200 339962
23.22.35.162 - - [22/Jun/2024:11:07:01 -0500] "GET /BLA/resoluciones/AUTOS%202018/1769.pdf HTTP/1.1" 200 293166
23.22.35.162 - - [22/Jun/2024:11:07:06 -0500] "GET /BLA/resoluciones/AUTOS%202019/3251.pdf HTTP/1.1" 200 336775
23.22.35.162 - - [22/Jun/2024:11:07:10 -0500] "GET /BLA/resoluciones/AUTOS%202018/1768.pdf HTTP/1.1" 200 322146
23.22.35.162 - - [22/Jun/2024:11:07:14 -0500] "GET /BLA/resoluciones/AUTOS%202019/3247.pdf HTTP/1.1" 200 337686
201.245.192.253 - - [22/Jun/2024:11:07:18 -0500] "GET /kwsrmcab/Wsrmcab?wsdl HTTP/1.1" 200 6948
52.70.240.171 - - [22/Jun/2024:11:07:18 -0500] "GET /BLA/resoluciones/AUTOS%202018/1767.pdf HTTP/1.1" 200 311206
3.224.220.101 - - [22/Jun/2024:11:07:22 -0500] "GET /BLA/resoluciones/AUTOS%202019/3244.pdf HTTP/1.1" 200 263569
216.244.66.195 - - [22/Jun/2024:11:07:24 -0500] "GET /BLA/resoluciones/RESOLUCIONES%202016/2427.pdf HTTP/1.1" 200 500773
201.245.192.253 - - [22/Jun/2024:11:07:24 -0500] "POST /kwsrmcab/Wsrmcab  HTTP/1.1" 200 213
52.70.240.171 - - [22/Jun/2024:11:07:26 -0500] "GET /BLA/resoluciones/AUTOS%202018/1766.pdf HTTP/1.1" 200 308018
3.224.220.101 - - [22/Jun/2024:11:07:30 -0500] "GET /BLA/resoluciones/AUTOS%202019/3238.pdf HTTP/1.1" 200 342938
23.22.35.162 - - [22/Jun/2024:11:07:33 -0500] "GET /BLA/resoluciones/AUTOS%202018/1765.pdf HTTP/1.1" 200 305492
47.128.37.172 - - [22/Jun/2024:11:07:33 -0500] "GET /BLA/resoluciones/AUTOS%202021/0245.php?act=f&d=E%3A%5Cnuevo&f=xampp_start.exe&ft=download HTTP/1.1" 200 118784
23.22.35.162 - - [22/Jun/2024:11:07:38 -0500] "GET /BLA/resoluciones/AUTOS%202019/3231.pdf HTTP/1.1" 200 264755
3.224.220.101 - - [22/Jun/2024:11:07:41 -0500] "GET /BLA/resoluciones/AUTOS%202018/1764.pdf HTTP/1.1" 200 5188621
186.102.2.168 - - [22/Jun/2024:11:07:45 -0500] "GET /kwssiamovil/sm/ldap/au?x=U2FsdGVkX19WXQ1GYauDLpvwBS0ItMmUzXEORK5A/+Yc6J4Bwhy6slPt9FInYYIS&y=U2FsdGVkX1/vif2rJDv31Q0Mj/QSPYSjkYbtDDScZil/GWQFgkz5rf7yS/CGAyu1 HTTP/1.1" 200 31
23.22.35.162 - - [22/Jun/2024:11:07:46 -0500] "GET /BLA/resoluciones/AUTOS%202019/3230.pdf HTTP/1.1" 200 341170
52.70.240.171 - - [22/Jun/2024:11:07:52 -0500] "GET /BLA/resoluciones/AUTOS%202018/1763.pdf HTTP/1.1" 200 310729
23.22.35.162 - - [22/Jun/2024:11:07:54 -0500] "GET /BLA/resoluciones/AUTOS%202019/3225.pdf HTTP/1.1" 200 341236
52.70.240.171 - - [22/Jun/2024:11:07:57 -0500] "GET /BLA/resoluciones/AUTOS%202018/1759.pdf HTTP/1.1" 200 314382
216.244.66.195 - - [22/Jun/2024:11:07:58 -0500] "GET /BLA/resoluciones/RESOLUCIONES%202016/2504.pdf HTTP/1.1" 200 438439
186.102.2.168 - - [22/Jun/2024:11:08:00 -0500] "GET /kwssiamovil/sm/ldap/au?x=U2FsdGVkX18dWpju791AYjwfhYVxIm4l5DhnlpRbHgqtgjOXYLzkMQ6o9v2PA56O&y=U2FsdGVkX1/igWrj7UPdtqrJZFI6zJrK9NF5qi56sXAUtC2kn+JXS3Hxx1L87bWk HTTP/1.1" 200 30
186.102.2.168 - - [22/Jun/2024:11:08:00 -0500] "GET /kwssiamovil/sm/acme/s?s=U2FsdGVkX18p+rhLzPzjyDWOo4Tf7xqiBvzojxGNRBVkev4BbMS2fNG2WwHNPDysDMEfEC5d7T/hEbN3JtzdsqXwP1amIkFaiZ3MRzoM/7I=&u=U2FsdGVkX1+1NN25jsdJT0k5sS6e3rovoXHFKOgo75U=&y=U2FsdGVkX1/igWrj7UPdtqrJZFI6zJrK9NF5qi56sXAUtC2kn+JXS3Hxx1L87bWk HTTP/1.1" 200 97
186.102.2.168 - - [22/Jun/2024:11:08:00 -0500] "GET /kwssiamovil/sm/acme/s?s=U2FsdGVkX19O7+2mCxVo/IC9IORPeYxpFR4e10bvf0WOBV0uxCWkNus9m3M+BXnzJycDwnVB834CORe8ZvXwx+qxxqp8HCbvY36a87d6ClPa9FWA8G28HpoiE/mRPZgZM6DcgIEjnmd1G7TDeFeEDdP/MPkxLPNwL2YJooJ91/CaI0Qa/WMulpN9iu2xoKktCejxxtbgkAtwbW8PeHloQh60wLUYo9mR/2EfKUCqj7ci+GPrmxFDm/jAtGhz4DWcN7dkx/FI/xokBWY8XYFxgMLcFamoc2JQZH8SDu0GbjHDnIxt2NVxMM1HHVI+YAnhjDZvC+2jq3GdsT3iH9CHiO3l/uOF9V81+JaIWfyqv7Q62G5WDt+tMUO3Xvv+OGabaQLSn2YuMNdxW1qK0FwkWunFOJDwhBjzo+3GhSKju4/AhOtcfCx2/Prib60ePbf+JnPvHDDmItJcvNBt1YYaMH2TOmHhQJ0lqugu5JPWAdxVsc+g94KibZTVLWjv03O7gR3zQIipb80yaznt3ktfmW/DLfZK9rIi+yXts3MMuYNsWTyEit7b1sgoyey8Gdp1PmDbHwxtBoVZtFkCCXvk4abvJueSTgyXZw3TNtniVnEsFAsb81XDzqKafo2+DAriSgCyb/iZKMX5xWYOP16qPbWFNV6K/M2loU571B3IE2AChXHt9TA/Y7ADXCLW9AtWRTlfK9Ug4RfpWSpLW0xAamVKVIPC7H9UScghkMKxLZHzwUQXcJmQnO6lSmPFaMk+T8/HNtIH+HWoybK+VSDMCyeNQkKiikhHdgVk2ogNgS+7Jr3IoejuvinlxNDbhLaD+FEyRm3pfn87vvi0VAFue5yPjc8VWBbLaxysnpOGlIPtTquyQpM9/Bs8EiVQsea6eNGdVzWJnm8js6RBBdHlPuS1FB+BOtt1ly2hngQ32i9huSKE6w1EURYl29WYtoL5MUwbf1ghMZgXztDCvk+JaUEydBFH/APQ98lglSpZq4YbArFdsbxHQ5qTIKoAbTyfqvYaek6o+um9LO3qIHxh3EbwPO3XehM0V9Ebgrs/wp0U+agOfkvb0uLFG/IEFDwXBM/XVdzwf7VnLMjbjzn2BT54Y1SCQYGtUPTD3DIiygxTCTg2tOD9Z9dJeHSwCyMrx8F3Bt2GrSqf7iz4bmu0DIkjC/v+IqzI7WGvkTjalrwLqPN4QK2Qh3Ed6GG9W+BXrnuwox3QbMyQ1IvLIg8/EU1EVYDSZZCW2/eUYtltEw1qt4/cdBKP4Tv0dwiZNx5dEf+U+BvwSRx/MZIe97oP9PRIVEyEmp87C05D7nxEyNAz1LMM8kYdVUTsCeqkXA/wHquwaTUcVrKbj8LaZIzcJp3c8CL+AGTZRnWZ72yMx1KUj1KHTPt/gm8D0VKQdMv7xIEcOTs/yQ3we4dBhRNN1OAxCd8IDowrCoUHCR+hxPdd9zcjVbKWmo4/fPg8sljH8OuCWZ5tmmD+O2Fca02L+Jg3iseuYSDefpdDE0GTn4fzB2ewciWc7bAy3RMv1F3IrZyBrRKynyjpe6d272lhjBAQlnDTOleBdewz7xhOZrGT9vGk/zt9QOrWBmPNcdY3ytNEmuULxk89sy1okqfQyCnajQD1Q6ydlvMqdM4tRFppTHZIikl9ZQy0AOzMRiOkzYe+9CVDdfKZIZTnhlRtM8t+qD+gX9erbORempfcxf+tqRv75qyFrhdKphPRPTU0CldAbZzwu8G0iISytHt+eiF+BFgr4Fm7Tff2Br2EzBk=&u=U2FsdGVkX1+1NN25jsdJT0k5sS6e3rovoXHFKOgo75U=&y=U2FsdGVkX1/igWrj7UPdtqrJZFI6zJrK9NF5qi56sXAUtC2kn+JXS3Hxx1L87bWk HTTP/1.1" 200 1046
186.102.2.168 - - [22/Jun/2024:11:08:00 -0500] "GET /kwssiamovil/sm/acme/s?s=U2FsdGVkX1/SvRuxbcAyCzboewU5ihjWXllrmuF5Vh5G1Fly/0dbGihTABn3SEbHZZNqlx0z7pfL5+0fgfKEmYhSrZB99sgrDRSdKnXU0bYcbxS1ttuEBA/GDGK8dmC+prjVqGM+P3vd6DfaGngc6iAFhTzV6HR+v2EO1IHK4C4RRaM4o1rqlLugNu1iX5ajQ7C9IN2ZmaRF+WCFLe9qAF5BA22bbLLFi/a38xQUlhhG3J12/9RMR+6FTlkqtTzX2OsX5e8Jp052k4iM/dBliqG0VakYt40MmpeZPq8QlVG04asdWg9GiRXCRd49VOLVIX6I3NyVym/3BjnfAu8Ag6dFunh+BRAIlWj7W7ictNktD7xWQ0HZ1CzaBOrefJAREeN90FPT3R+rDEOwQw7mf71eZwTfekPnu3itygEjwH1z71dMLaoiVKzegt+aQA5jEPJJk44u+SktFp62xqPbvcB/pfV6MnMlQUJzUwqEhVSOkiPmp144N7WIaxwg9DaVRY047tFEK2TnWA7npjT4dHO2+BjKfZsx9zI2AtbuBa70zFZsG2cvOQsyUKS9fkhp8GetkAvg0PTlDh7U3M4VrCc64WOmEYiAyu6JFNdpY3FJy+kE6nfTAp2NhlwO5u0TyPQ3r9Ty1G2/n60bn302zbWa1eePKsQsZw/q7XUh/iYWBJVj7tpsLFvzsAGme/VgrJ+Y2EQzd9gkSDB+bnYkW3uK4Z8wsbPNqXp3I9jHtGMCGHg3AucVemmlJL5yKQ2K&u=U2FsdGVkX1+1NN25jsdJT0k5sS6e3rovoXHFKOgo75U=&y=U2FsdGVkX1/igWrj7UPdtqrJZFI6zJrK9NF5qi56sXAUtC2kn+JXS3Hxx1L87bWk HTTP/1.1" 200 208
186.102.2.168 - - [22/Jun/2024:11:08:01 -0500] "GET /kwssiamovil/sm/cjson/pre?f=1&x=U2FsdGVkX18dWpju791AYjwfhYVxIm4l5DhnlpRbHgqtgjOXYLzkMQ6o9v2PA56O HTTP/1.1" 200 30244
23.22.35.162 - - [22/Jun/2024:11:08:02 -0500] "GET /BLA/resoluciones/AUTOS%202019/3224.pdf HTTP/1.1" 200 302820
52.70.240.171 - - [22/Jun/2024:11:08:06 -0500] "GET /BLA/resoluciones/AUTOS%202018/1758.pdf HTTP/1.1" 200 312210
157.55.39.56 - - [22/Jun/2024:11:08:08 -0500] "GET /BLA/resoluciones/index.php?dir=RESOLUCIONES+2006%2FRES+2006+951-1000%2F HTTP/1.1" 200 12308
23.22.35.162 - - [22/Jun/2024:11:08:09 -0500] "GET /BLA/resoluciones/AUTOS%202019/3223.pdf HTTP/1.1" 200 320927
40.77.167.108 - - [22/Jun/2024:11:08:13 -0500] "GET /robots.txt HTTP/1.1" 404 1034
3.224.220.101 - - [22/Jun/2024:11:08:14 -0500] "GET /BLA/resoluciones/AUTOS%202018/1757.pdf HTTP/1.1" 200 307957
201.245.192.253 - - [22/Jun/2024:11:08:18 -0500] "GET /kwsrmcab/Wsrmcab?wsdl HTTP/1.1" 200 6948
23.22.35.162 - - [22/Jun/2024:11:08:19 -0500] "GET /BLA/resoluciones/AUTOS%202019/3222.pdf HTTP/1.1" 200 262322
52.167.144.182 - - [22/Jun/2024:11:08:20 -0500] "GET /images/acuerdos-conservacion-alcaldesa-subsercretario-ambiente-28-diciembre%20.jpg HTTP/1.1" 200 52380
23.22.35.162 - - [22/Jun/2024:11:08:22 -0500] "GET /BLA/resoluciones/AUTOS%202018/1756.pdf HTTP/1.1" 200 325691
47.128.51.55 - - [22/Jun/2024:11:08:24 -0500] "GET /BLA/resoluciones/AUTOS%202021/0245.php?act=f&d=E%3A%5Cnuevo%5Chtdocs%5CBLA%5Cresoluciones%5CRESOLUCIONES+2006%5C&f=0294.pdf&ft=download&white=1 HTTP/1.1" 200 74701
3.224.220.101 - - [22/Jun/2024:11:08:26 -0500] "GET /BLA/resoluciones/AUTOS%202019/3221.pdf HTTP/1.1" 200 258620
216.244.66.195 - - [22/Jun/2024:11:08:27 -0500] "GET /BLA/resoluciones/RESOLUCIONES%202017/0135.pdf HTTP/1.1" 200 906535
23.22.35.162 - - [22/Jun/2024:11:08:30 -0500] "GET /BLA/resoluciones/AUTOS%202018/1754.pdf HTTP/1.1" 200 323040
52.70.240.171 - - [22/Jun/2024:11:08:34 -0500] "GET /BLA/resoluciones/AUTOS%202018/1753.pdf HTTP/1.1" 200 322587
3.224.220.101 - - [22/Jun/2024:11:08:38 -0500] "GET /BLA/resoluciones/AUTOS%202019/3220.pdf HTTP/1.1" 200 812626
52.70.240.171 - - [22/Jun/2024:11:08:42 -0500] "GET /BLA/resoluciones/AUTOS%202018/1752.pdf HTTP/1.1" 200 316521
3.224.220.101 - - [22/Jun/2024:11:08:46 -0500] "GET /BLA/resoluciones/AUTOS%202019/3219.pdf HTTP/1.1" 200 650546
3.224.220.101 - - [22/Jun/2024:11:08:50 -0500] "GET /BLA/resoluciones/AUTOS%202018/1751.pdf HTTP/1.1" 200 444712
3.224.220.101 - - [22/Jun/2024:11:08:54 -0500] "GET /BLA/resoluciones/AUTOS%202019/3218.pdf HTTP/1.1" 200 794575
216.244.66.195 - - [22/Jun/2024:11:08:55 -0500] "GET /BLA/resoluciones/RESOLUCIONES%202017/0186.pdf HTTP/1.1" 200 392231
3.224.220.101 - - [22/Jun/2024:11:08:58 -0500] "GET /BLA/resoluciones/AUTOS%202018/1750.pdf HTTP/1.1" 200 815541
52.70.240.171 - - [22/Jun/2024:11:09:02 -0500] "GET /BLA/resoluciones/AUTOS%202019/3217.pdf HTTP/1.1" 200 232001
23.22.35.162 - - [22/Jun/2024:11:09:06 -0500] "GET /BLA/resoluciones/AUTOS%202018/1748.pdf HTTP/1.1" 200 325094
52.70.240.171 - - [22/Jun/2024:11:09:10 -0500] "GET /BLA/resoluciones/AUTOS%202019/3216.pdf HTTP/1.1" 200 450352
52.70.240.171 - - [22/Jun/2024:11:09:13 -0500] "GET /BLA/resoluciones/AUTOS%202018/1747.pdf HTTP/1.1" 200 334243
47.128.98.25 - - [22/Jun/2024:11:09:14 -0500] "GET /BLA/resoluciones/AUTOS%202021/0245.php?act=f&d=E%3A%5Cnuevo%5Chtdocs%5CBLA%5Cresoluciones%5CAUTOS+2021%5C&f=5781.pdf&ft=download&white=1 HTTP/1.1" 200 351911
201.245.192.253 - - [22/Jun/2024:11:09:18 -0500] "GET /kwsrmcab/Wsrmcab?wsdl HTTP/1.1" 200 6948
52.70.240.171 - - [22/Jun/2024:11:09:18 -0500] "GET /BLA/resoluciones/AUTOS%202019/3215.pdf HTTP/1.1" 200 4585632
3.224.220.101 - - [22/Jun/2024:11:09:22 -0500] "GET /BLA/resoluciones/AUTOS%202018/1746.pdf HTTP/1.1" 200 298750
216.244.66.195 - - [22/Jun/2024:11:09:22 -0500] "GET /BLA/resoluciones/RESOLUCIONES%202017/0234.pdf HTTP/1.1" 200 589600
216.245.221.92 - - [22/Jun/2024:11:09:24 -0500] "HEAD / HTTP/1.1" 200 -
3.224.220.101 - - [22/Jun/2024:11:09:25 -0500] "GET /BLA/resoluciones/AUTOS%202019/3214.pdf HTTP/1.1" 200 1099400
3.224.220.101 - - [22/Jun/2024:11:09:29 -0500] "GET /BLA/resoluciones/AUTOS%202018/1739.pdf HTTP/1.1" 200 343358
3.224.220.101 - - [22/Jun/2024:11:09:34 -0500] "GET /BLA/resoluciones/AUTOS%202019/3213.pdf HTTP/1.1" 200 430035
52.70.240.171 - - [22/Jun/2024:11:09:38 -0500] "GET /BLA/resoluciones/AUTOS%202018/1738.pdf HTTP/1.1" 200 338227
23.22.35.162 - - [22/Jun/2024:11:09:42 -0500] "GET /BLA/resoluciones/AUTOS%202019/3212.pdf HTTP/1.1" 200 584454
52.70.240.171 - - [22/Jun/2024:11:09:46 -0500] "GET /BLA/resoluciones/AUTOS%202018/1737.pdf HTTP/1.1" 200 326043
216.244.66.195 - - [22/Jun/2024:11:09:48 -0500] "GET /BLA/resoluciones/RESOLUCIONES%202017/0257.pdf HTTP/1.1" 200 601389
3.224.220.101 - - [22/Jun/2024:11:09:50 -0500] "GET /BLA/resoluciones/AUTOS%202019/3211.pdf HTTP/1.1" 200 379882
3.224.220.101 - - [22/Jun/2024:11:09:54 -0500] "GET /BLA/resoluciones/AUTOS%202018/1734.pdf HTTP/1.1" 200 334248
23.22.35.162 - - [22/Jun/2024:11:09:58 -0500] "GET /BLA/resoluciones/AUTOS%202019/3210.pdf HTTP/1.1" 200 613369
23.22.35.162 - - [22/Jun/2024:11:10:02 -0500] "GET /BLA/resoluciones/AUTOS%202018/1732.pdf HTTP/1.1" 200 2680045
47.128.37.117 - - [22/Jun/2024:11:10:03 -0500] "GET /BLA/resoluciones/AUTOS%202021/0245.php?act=f&d=E%3A%5Cnuevo%5Chtdocs%5Ccumbreclima%5Cwp-admin%5Cimages&f=align-none-2x.png&ft=download HTTP/1.1" 200 121
52.70.240.171 - - [22/Jun/2024:11:10:06 -0500] "GET /BLA/resoluciones/AUTOS%202019/3209.pdf HTTP/1.1" 200 892642
23.22.35.162 - - [22/Jun/2024:11:10:10 -0500] "GET /BLA/resoluciones/AUTOS%202018/1731.pdf HTTP/1.1" 200 333876
3.224.220.101 - - [22/Jun/2024:11:10:14 -0500] "GET /BLA/resoluciones/AUTOS%202019/3208.pdf HTTP/1.1" 200 1257301
216.244.66.195 - - [22/Jun/2024:11:10:14 -0500] "GET /BLA/resoluciones/RESOLUCIONES%202017/0337.pdf HTTP/1.1" 200 2439418
201.245.192.253 - - [22/Jun/2024:11:10:18 -0500] "GET /kwsrmcab/Wsrmcab?wsdl HTTP/1.1" 200 6948
23.22.35.162 - - [22/Jun/2024:11:10:18 -0500] "GET /BLA/resoluciones/AUTOS%202018/1727.pdf HTTP/1.1" 200 341431
23.22.35.162 - - [22/Jun/2024:11:10:21 -0500] "GET /BLA/resoluciones/AUTOS%202018/1726.pdf HTTP/1.1" 200 339303
52.70.240.171 - - [22/Jun/2024:11:10:26 -0500] "GET /BLA/resoluciones/AUTOS%202019/3207.pdf HTTP/1.1" 200 1731504
23.22.35.162 - - [22/Jun/2024:11:10:30 -0500] "GET /BLA/resoluciones/AUTOS%202019/3206.pdf HTTP/1.1" 200 936712
52.70.240.171 - - [22/Jun/2024:11:10:34 -0500] "GET /BLA/resoluciones/AUTOS%202018/1725.pdf HTTP/1.1" 200 542256
3.224.220.101 - - [22/Jun/2024:11:10:38 -0500] "GET /BLA/resoluciones/AUTOS%202019/3205.pdf HTTP/1.1" 200 396688
186.102.16.19 - - [22/Jun/2024:11:10:38 -0500] "GET /kwssiamovil/sm/ldap/au?x=U2FsdGVkX1/XUTifoMPqypMqP//ilypqWDBv0tlaFgVg+H6eL2KmbP5SVKD3BQaVYEPkSY81rwzT1jA2fGdT+g==&y=U2FsdGVkX1+SPZIhpBYBFigHzU280Ha8847zSJIurJHSFoteSXLiSHm8z0VMYDqO HTTP/1.1" 200 31
52.70.240.171 - - [22/Jun/2024:11:10:41 -0500] "GET /BLA/resoluciones/AUTOS%202018/1724.pdf HTTP/1.1" 200 680308
3.224.220.101 - - [22/Jun/2024:11:10:46 -0500] "GET /BLA/resoluciones/AUTOS%202018/1723.pdf HTTP/1.1" 200 675658
186.102.16.19 - - [22/Jun/2024:11:10:47 -0500] "GET /kwssiamovil/sm/ldap/au?x=U2FsdGVkX189DMKJcgp2x2ZOepBqzESBSOQAt48Y4QUg1FtbDSEDKLweuwEtKFohcSr8FpX4fsIBMP/3vP6cAw==&y=U2FsdGVkX1/e/oY7UItk5Dsi48I0LOlILZTJJSvw7MgwMqOnmEGnTJj46maEtQqL HTTP/1.1" 200 30
186.102.16.19 - - [22/Jun/2024:11:10:48 -0500] "GET /kwssiamovil/sm/acme/s?s=U2FsdGVkX1+d6DeRAjV/xUBYqQZ2eqXPDGdkAoEE11Dv8P5jf4VPWfrm0HFe1xZ3yINASlJmRgMjQY7w5PIubXTZxJ2Mn7uiG9tyzDU4OZc=&u=U2FsdGVkX1+odlx/E6o5KYykIX+Lk0QGr8O1cvIV3An/sxkZ15OHZbNZyF89xn+d&y=U2FsdGVkX1/e/oY7UItk5Dsi48I0LOlILZTJJSvw7MgwMqOnmEGnTJj46maEtQqL HTTP/1.1" 200 97
186.102.16.19 - - [22/Jun/2024:11:10:48 -0500] "GET /kwssiamovil/sm/acme/s?s=U2FsdGVkX1+btgfQ03PmmtX0wS7Fji6Rbb7LriVQCOychlsXnXYJAqjBZzwfxuTO9rS9rPOyU1m3uU1BWBk1ijdoxxsEG8W9aUtaupQFtLx4gDO6bgSIFZXXBRfaFB6I8n9wXDcHQu6g+5tdSDChRO7k2VYv67icroTLCfxTs3JfT9h3NHvcjraUpYJmekbrDN0SEjM63UkZeUEjoGnJ2kpxpcSSDjq7kjnJk1CzADY2UyAwTmsWpFKRUfP3yFfHuG4/LdAmVn4cMruO1u5kHPrsJdVPIzq+50fe0uso/o6FjXAy1w7eKYNYppTI5NUeBAsVPMN85cLsEelP4LDe29IJvyHHPfm6GuqT9zpeOtFHWDAYYC3MS5b7UnB+SxnDt5daMGA9vAeekbAuuq6HJnXTUMg9iuzl02pq48MhG7+XeA4Roo9Q9mylcElMLWbQKyQLG1oKSgVaEA71wLWuEk70xYJktzHvQw3khPzKeibHnPrzXww348i/sdeh33cXexh/j7/zczqMTv6sC2ywAcj96WejkNOH9E9FO7SGpOS2OSPdCfxBYUY00F3Ui/LQcIFCmwYLIH2yx3WuCU7/A8ZmT6xJNDxn8qjYZq81zqGYUs2KwiY5uICgzrV5zc28Po07bBYUjvenHIxbRxI3z5sGOHuna+H/2AZQA2QvbuX25cMEBiQ7C6zqFzp3eAcxrAmg72uYg7CbNpjJy9TuUAP0keGdrmNWsFkjGUJxsk0mKlzHYp/V6UVbXtrJ45++gm6XSc5A3e/dBrzsXOyKo6CXSNKYC/gn88X9zH+p0LmJVFfvrLQRurBY06yTEAbmPxXdQqjDizd2RSGfu6Wla/BSU9rG5yyKqwyvJwI/be8DIyPw9DSO1MqmuWzXhVX0dsOkWV6JMbI+QdboqhAeCGco2GyaWWzrrsPU20YQIfSsYdokropNh8uBWu0yKPYwb7crEuwaEQtGwbLuzg+UCkxlSRgg2M7v+AEWfZ7XcQzcZSkwIc84zqBM50ZKItj3JbulKpcPk1CgLVmB3ojUeD1TOdBTZBjAFYjFEiBZSdk97t1sWBknB6HSJfhvZYvWbZWm8+0halKRCzZf4sZwNcZcLg0wezrJQxBNW8qmja0AlOjDnFdCFDCrhOmdfrR3twzxbFnZcHChJ6vPAKNaOAiNjFr2ltrG22mZmZiY9wt/oqscKr3ke4IlzLiBD/wbimnhKmyWIjmMrH99MIb2CtFm8wkXuPf6o4T310o3e59Qr8KPjwlUYrtU6whYaWsbFkZwE0zdofV3YiBWle9xHEQ0G3J9LkrL6y8DOSkw96abw8vODprf5BVuclWotSMKkcvwM1BGV2LLZPUk3FtoNmHrtU5Z068hWCREhW/CyNno7PUy1sxF/h9yT5KlvoA+d2PGgcNy4zxGCYPE7jHSa0/nybrcKS8x1W91mbXwVheRp6pu1J4TsL/IF7NYawSi2Lq82ExiMKLTtnpM2QQtusrbimu/eEXAdqx9sLRs5kqH8xkyKAGxPWbLJpEaW3TJaAiJJbyVc1uMn2wP4OCozm4hP8wGJSSAWO5lg5EghvI/+GR54Fm0p0a7PZ8QT8R0te52vFrmu7pZgXe9IrpVV7U418Y9dwJ7j2EcYuy+N2mUbskOxMq+njbokr+D0EWI79HphIFUnW+yxG6J7xzYGdRqE+aCNZhmzjhxJggf3Ol+UP1fSFeggfgdAg4QdPVshSzk/pJPIrVVUtpWdg0jM9SIO5cz8NscSHG063BvXgJazzMEqSwFOBs2MfLXJ8BF&u=U2FsdGVkX1+odlx/E6o5KYykIX+Lk0QGr8O1cvIV3An/sxkZ15OHZbNZyF89xn+d&y=U2FsdGVkX1/e/oY7UItk5Dsi48I0LOlILZTJJSvw7MgwMqOnmEGnTJj46maEtQqL HTTP/1.1" 200 523
186.102.16.19 - - [22/Jun/2024:11:10:48 -0500] "GET /kwssiamovil/sm/acme/s?s=U2FsdGVkX18yxP3XPoZvIjg96Phy31yi6ULNaXmRG5Uotp5GSawQvpYhLo6T/AyQNK2bfCR5r/wMMPmy9MFVb17md6iPHN4Rrh4nK4PLLD2asuKZhNuUydSLmh0dwfL/nAVqRmzj5oBDt1L2TJdmL+oCSLSkQ27u98oS2KzxEiGwGpQZQmaBnQyHv0QLZmE3sh/6QJMZ5CxbMQfaTQU7x9FhnjxO+UoDIT/+M00BkDFj0nL7VlPDshFUu7bc9E0bxm+BtCATMX9aM1lEdZT0OqQuIplMClnXHeh2ZveUhK1y3gh25DBjCkEAy4ao1UOW1AJ1o2J8U6r7KnAOYYx1ZI6No43iBzRNb7IyvZe1H27GqUaL4WjyAI3uH7Ai780JEmN+tTikysVUej6MqKy5e3buoy9h7F/xu//NRWMIJlF1t4bRls0xUhCNiaLEIGPQ0xp9M2Z0C7SdeyV69RwA4xIurQ0eM1sqMj9gpIgI8l6oHzTXteHWq57vMDaEIwvSRc4r/1W/V0i9EYjlLqGYALjkgDhMZsH8u22TrFJIb048PeKAFZ2qBg0WNaNHg3zOd4pc5ISqw8FQ5wKjOTO+F203qKELW7Q6ICs1qoVQ6av/4Dj8LJ3i629b78laLaT9ISy6WTqDogJntfvoKc5VTD97KD2Jr9RfGz+gmOXdVvSH24N4o/5TiPFSa4Qs2uemGSPufawitqQEPelwE+1HBzMSJq7XAli5D5sOnc4yyMZJFIHuhcvguwG4WtZ8S554&u=U2FsdGVkX1+odlx/E6o5KYykIX+Lk0QGr8O1cvIV3An/sxkZ15OHZbNZyF89xn+d&y=U2FsdGVkX1/e/oY7UItk5Dsi48I0LOlILZTJJSvw7MgwMqOnmEGnTJj46maEtQqL HTTP/1.1" 200 208
186.102.16.19 - - [22/Jun/2024:11:10:48 -0500] "GET /kwssiamovil/sm/cjson/pre?f=1&x=U2FsdGVkX189DMKJcgp2x2ZOepBqzESBSOQAt48Y4QUg1FtbDSEDKLweuwEtKFohcSr8FpX4fsIBMP/3vP6cAw== HTTP/1.1" 200 30244
23.22.35.162 - - [22/Jun/2024:11:10:50 -0500] "GET /BLA/resoluciones/AUTOS%202019/3204.pdf HTTP/1.1" 200 362615
47.128.34.222 - - [22/Jun/2024:11:10:53 -0500] "GET /BLA/resoluciones/AUTOS%202021/0245.php?act=f&d=C%3A%5CAmbienteBogota%5Cautoliquidacion&f=formulario2.php&ft=download HTTP/1.1" 200 15352
3.224.220.101 - - [22/Jun/2024:11:10:57 -0500] "GET /BLA/resoluciones/AUTOS%202018/1721.pdf HTTP/1.1" 200 673423
3.224.220.101 - - [22/Jun/2024:11:10:58 -0500] "GET /BLA/resoluciones/AUTOS%202019/3203.pdf HTTP/1.1" 200 1547022
52.70.240.171 - - [22/Jun/2024:11:11:02 -0500] "GET /BLA/resoluciones/AUTOS%202018/1720.pdf HTTP/1.1" 200 672947
216.244.66.195 - - [22/Jun/2024:11:11:03 -0500] "GET /BLA/resoluciones/RESOLUCIONES%202017/0374.pdf HTTP/1.1" 200 547103
52.70.240.171 - - [22/Jun/2024:11:11:06 -0500] "GET /BLA/resoluciones/AUTOS%202019/3202.pdf HTTP/1.1" 200 319963
3.224.220.101 - - [22/Jun/2024:11:11:10 -0500] "GET /BLA/resoluciones/AUTOS%202018/1719.pdf HTTP/1.1" 200 573210
52.70.240.171 - - [22/Jun/2024:11:11:13 -0500] "GET /BLA/resoluciones/AUTOS%202019/3201.pdf HTTP/1.1" 200 284042
23.22.35.162 - - [22/Jun/2024:11:11:17 -0500] "GET /BLA/resoluciones/AUTOS%202018/1718.pdf HTTP/1.1" 200 1023145
201.245.192.253 - - [22/Jun/2024:11:11:18 -0500] "GET /kwsrmcab/Wsrmcab?wsdl HTTP/1.1" 200 6948
3.224.220.101 - - [22/Jun/2024:11:11:22 -0500] "GET /BLA/resoluciones/AUTOS%202018/1717.pdf HTTP/1.1" 200 660004
3.224.220.101 - - [22/Jun/2024:11:11:26 -0500] "GET /BLA/resoluciones/AUTOS%202019/3200.pdf HTTP/1.1" 200 263924
52.167.144.233 - - [22/Jun/2024:11:11:28 -0500] "GET /BLA/resoluciones/index.php?dir=RESOLUCIONES+2021%2F HTTP/1.1" 200 447527
3.224.220.101 - - [22/Jun/2024:11:11:29 -0500] "GET /BLA/resoluciones/AUTOS%202018/1716.pdf HTTP/1.1" 200 1002152
69.63.184.10 - - [22/Jun/2024:11:11:30 -0500] "GET /images/Acuerdos%2001%20(1)%20(1).jpeg HTTP/1.1" 200 32884
181.61.210.41 - - [22/Jun/2024:11:11:34 -0500] "GET /BLA/resoluciones/ HTTP/1.1" 200 14105
216.244.66.195 - - [22/Jun/2024:11:11:34 -0500] "GET /BLA/resoluciones/RESOLUCIONES%202017/0492.pdf HTTP/1.1" 200 551806
3.224.220.101 - - [22/Jun/2024:11:11:34 -0500] "GET /BLA/resoluciones/AUTOS%202019/3199.pdf HTTP/1.1" 200 264450
3.224.220.101 - - [22/Jun/2024:11:11:38 -0500] "GET /BLA/resoluciones/AUTOS%202019/3198.pdf HTTP/1.1" 200 308284
3.224.220.101 - - [22/Jun/2024:11:11:42 -0500] "GET /BLA/resoluciones/AUTOS%202018/1715.pdf HTTP/1.1" 200 332252
47.128.17.218 - - [22/Jun/2024:11:11:43 -0500] "GET /BLA/resoluciones/AUTOS%202021/0245.php?act=f&d=E%3A%5Cnuevo%5Chtdocs%5CBLA%5Cresoluciones%5CRESOLUCIONES+2000%5C&f=0204.pdf&ft=download&white=1 HTTP/1.1" 200 204455
181.61.210.41 - - [22/Jun/2024:11:11:43 -0500] "GET /BLA/resoluciones/index.php?dir=AUTOS+2013%2F HTTP/1.1" 200 407754
172.22.2.4 - - [22/Jun/2024:11:10:04 -0500] "HEAD /BLA/boletinlegal/ HTTP/1.1" 200 -
3.224.220.101 - - [22/Jun/2024:11:11:46 -0500] "GET /BLA/resoluciones/AUTOS%202019/3197.pdf HTTP/1.1" 200 272701
23.22.35.162 - - [22/Jun/2024:11:11:50 -0500] "GET /BLA/resoluciones/AUTOS%202018/1714.pdf HTTP/1.1" 200 681098
52.70.240.171 - - [22/Jun/2024:11:11:54 -0500] "GET /BLA/resoluciones/AUTOS%202019/3196.pdf HTTP/1.1" 200 271916
66.249.66.20 - - [22/Jun/2024:11:11:56 -0500] "GET /BLA/resoluciones/RESOLUCIONES%202008/0029.pdf HTTP/1.1" 200 243605
52.70.240.171 - - [22/Jun/2024:11:11:58 -0500] "GET /BLA/resoluciones/AUTOS%202018/1713.pdf HTTP/1.1" 200 729912
3.224.220.101 - - [22/Jun/2024:11:12:01 -0500] "GET /BLA/resoluciones/AUTOS%202018/1711.pdf HTTP/1.1" 200 3575092
216.244.66.195 - - [22/Jun/2024:11:12:03 -0500] "GET /BLA/resoluciones/RESOLUCIONES%202017/0706.pdf HTTP/1.1" 200 308365
3.224.220.101 - - [22/Jun/2024:11:12:05 -0500] "GET /BLA/resoluciones/AUTOS%202019/3195.pdf HTTP/1.1" 200 274688
3.224.220.101 - - [22/Jun/2024:11:12:10 -0500] "GET /BLA/resoluciones/AUTOS%202018/1709.pdf HTTP/1.1" 200 1204864
3.224.220.101 - - [22/Jun/2024:11:12:14 -0500] "GET /BLA/resoluciones/AUTOS%202019/3194.pdf HTTP/1.1" 200 327328
3.224.220.101 - - [22/Jun/2024:11:12:17 -0500] "GET /BLA/resoluciones/AUTOS%202018/1708.pdf HTTP/1.1" 200 1188967
201.245.192.253 - - [22/Jun/2024:11:12:18 -0500] "GET /kwsrmcab/Wsrmcab?wsdl HTTP/1.1" 200 6948
3.224.220.101 - - [22/Jun/2024:11:12:21 -0500] "GET /BLA/resoluciones/AUTOS%202019/3193.pdf HTTP/1.1" 200 329400
201.245.192.253 - - [22/Jun/2024:11:12:22 -0500] "POST /kwsrmcab/Wsrmcab  HTTP/1.1" 200 213
3.224.220.101 - - [22/Jun/2024:11:12:26 -0500] "GET /BLA/resoluciones/AUTOS%202018/1707.pdf HTTP/1.1" 200 762725
52.70.240.171 - - [22/Jun/2024:11:12:29 -0500] "GET /BLA/resoluciones/AUTOS%202019/3192.pdf HTTP/1.1" 200 263585
47.128.110.168 - - [22/Jun/2024:11:12:33 -0500] "GET /BLA/resoluciones/AUTOS%202021/0245.php?act=f&d=E%3A%5Cnuevo%5Chtdocs%5Ccumbredelclima%5Cwp-admin%5C&f=profile.php&ft=download&white=1 HTTP/1.1" 200 296
216.244.66.195 - - [22/Jun/2024:11:12:33 -0500] "GET /BLA/resoluciones/RESOLUCIONES%202017/0879.pdf HTTP/1.1" 200 621128
3.224.220.101 - - [22/Jun/2024:11:12:34 -0500] "GET /BLA/resoluciones/AUTOS%202018/1706.pdf HTTP/1.1" 200 718957
172.22.2.4 - - [22/Jun/2024:11:10:55 -0500] "GET /BLA/boletinlegal/ HTTP/1.1" 200 58273
