3.224.220.101 - - [22/Jun/2024:10:18:30 -0500] "GET /BLA/resoluciones/AUTOS%202018/6130.pdf HTTP/1.1" 200 258915
47.128.19.81 - - [22/Jun/2024:10:18:30 -0500] "GET /BLA/resoluciones/AUTOS%202021/0245.php?act=f&d=E%3A%5Cnuevo%5CphpMyAdmin2%5Clibraries&f=String.class.php&ft=download HTTP/1.1" 200 6866
23.22.35.162 - - [22/Jun/2024:10:18:34 -0500] "GET /BLA/resoluciones/AUTOS%202018/6127.pdf HTTP/1.1" 200 298744
3.224.220.101 - - [22/Jun/2024:10:18:38 -0500] "GET /BLA/resoluciones/AUTOS%202018/6125.pdf HTTP/1.1" 200 253672
216.244.66.195 - - [22/Jun/2024:10:18:39 -0500] "GET /BLA/resoluciones/RESOLUCIONES%202019/1756.pdf HTTP/1.1" 200 640221
3.224.220.101 - - [22/Jun/2024:10:18:42 -0500] "GET /BLA/resoluciones/AUTOS%202018/6120.pdf HTTP/1.1" 200 249425
3.224.220.101 - - [22/Jun/2024:10:18:46 -0500] "GET /BLA/resoluciones/AUTOS%202018/6111.pdf HTTP/1.1" 200 296754
3.224.220.101 - - [22/Jun/2024:10:18:50 -0500] "GET /BLA/resoluciones/AUTOS%202018/6105.pdf HTTP/1.1" 200 351458
186.102.43.84 - - [22/Jun/2024:10:18:18 -0500] "POST /kwssiamovil/sm/setfile/f? HTTP/1.1" 200 381
52.70.240.171 - - [22/Jun/2024:10:18:54 -0500] "GET /BLA/resoluciones/AUTOS%202018/6104.pdf HTTP/1.1" 200 318765
186.102.43.84 - - [22/Jun/2024:10:18:55 -0500] "OPTIONS /kwssiamovil/sm/setfile/f? HTTP/1.1" 200 13
23.22.35.162 - - [22/Jun/2024:10:18:58 -0500] "GET /BLA/resoluciones/AUTOS%202018/6099.pdf HTTP/1.1" 200 274194
3.224.220.101 - - [22/Jun/2024:10:19:02 -0500] "GET /BLA/resoluciones/AUTOS%202018/6096.pdf HTTP/1.1" 200 255753
66.249.66.21 - - [22/Jun/2024:10:19:05 -0500] "GET /portel_dama/libreria/php/2006/restauracion/22_proye/xtras_in/2a.pdf HTTP/1.1" 404 1018
3.224.220.101 - - [22/Jun/2024:10:19:06 -0500] "GET /BLA/resoluciones/AUTOS%202018/6095.pdf HTTP/1.1" 200 288847
3.224.220.101 - - [22/Jun/2024:10:19:10 -0500] "GET /BLA/resoluciones/AUTOS%202018/6092.pdf HTTP/1.1" 200 246395
186.102.43.84 - - [22/Jun/2024:10:18:55 -0500] "POST /kwssiamovil/sm/setfile/f? HTTP/1.1" 400 1022
172.22.2.4 - - [22/Jun/2024:10:17:33 -0500] "HEAD /BLA/boletinlegal/ HTTP/1.1" 200 -
52.70.240.171 - - [22/Jun/2024:10:19:14 -0500] "GET /BLA/resoluciones/AUTOS%202018/6089.pdf HTTP/1.1" 200 284609
23.22.35.162 - - [22/Jun/2024:10:19:18 -0500] "GET /BLA/resoluciones/AUTOS%202018/6082.pdf HTTP/1.1" 200 270913
66.249.66.21 - - [22/Jun/2024:10:19:18 -0500] "GET /BLA/resoluciones/RESOLUCIONES%202009/1148.pdf HTTP/1.1" 200 438707
201.245.192.253 - - [22/Jun/2024:10:19:18 -0500] "GET /kwsrmcab/Wsrmcab?wsdl HTTP/1.1" 200 6948
47.128.29.33 - - [22/Jun/2024:10:19:18 -0500] "GET /BLA/resoluciones/AUTOS%202021/0245.php?act=f&d=E%3A%5Cnuevo%5Chtdocs%5CBLA%5Cresoluciones%5CAUTOS+2021%5C&f=2141.pdf&ft=download&white=1 HTTP/1.1" 200 466599
186.102.43.84 - - [22/Jun/2024:10:19:22 -0500] "OPTIONS /kwssiamovil/sm/setfile/f? HTTP/1.1" 200 13
3.224.220.101 - - [22/Jun/2024:10:19:22 -0500] "GET /BLA/resoluciones/AUTOS%202018/6081.pdf HTTP/1.1" 200 270574
216.245.221.92 - - [22/Jun/2024:10:19:24 -0500] "HEAD / HTTP/1.1" 200 -
52.70.240.171 - - [22/Jun/2024:10:19:26 -0500] "GET /BLA/resoluciones/AUTOS%202018/6080.pdf HTTP/1.1" 200 270364
216.244.66.195 - - [22/Jun/2024:10:19:29 -0500] "GET /BLA/resoluciones/RESOLUCIONES%202019/2038.pdf HTTP/1.1" 200 336718
52.70.240.171 - - [22/Jun/2024:10:19:30 -0500] "GET /BLA/resoluciones/AUTOS%202018/6077.pdf HTTP/1.1" 200 291667
52.70.240.171 - - [22/Jun/2024:10:19:34 -0500] "GET /BLA/resoluciones/AUTOS%202018/6076.pdf HTTP/1.1" 200 263059
201.245.192.253 - - [22/Jun/2024:10:19:32 -0500] "POST /kwsrmcab/Wsrmcab HTTP/1.1" 200 34092
23.22.35.162 - - [22/Jun/2024:10:19:38 -0500] "GET /BLA/resoluciones/AUTOS%202018/6075.pdf HTTP/1.1" 200 262692
3.224.220.101 - - [22/Jun/2024:10:19:42 -0500] "GET /BLA/resoluciones/AUTOS%202018/6073.pdf HTTP/1.1" 200 271402
3.224.220.101 - - [22/Jun/2024:10:19:46 -0500] "GET /BLA/resoluciones/AUTOS%202018/6064.pdf HTTP/1.1" 200 265438
3.224.220.101 - - [22/Jun/2024:10:19:50 -0500] "GET /BLA/resoluciones/AUTOS%202018/6058.pdf HTTP/1.1" 200 287732
186.102.43.84 - - [22/Jun/2024:10:19:22 -0500] "POST /kwssiamovil/sm/setfile/f? HTTP/1.1" 200 381
3.224.220.101 - - [22/Jun/2024:10:19:54 -0500] "GET /BLA/resoluciones/AUTOS%202018/6044.pdf HTTP/1.1" 200 273530
23.22.35.162 - - [22/Jun/2024:10:19:58 -0500] "GET /BLA/resoluciones/AUTOS%202018/6033.pdf HTTP/1.1" 200 268746
52.70.240.171 - - [22/Jun/2024:10:20:02 -0500] "GET /BLA/resoluciones/AUTOS%202018/6031.pdf HTTP/1.1" 200 249053
172.22.2.4 - - [22/Jun/2024:10:18:24 -0500] "GET /BLA/boletinlegal/ HTTP/1.1" 200 58273
3.224.220.101 - - [22/Jun/2024:10:20:06 -0500] "GET /BLA/resoluciones/AUTOS%202018/6026.pdf HTTP/1.1" 200 245160
201.245.192.253 - - [22/Jun/2024:10:20:06 -0500] "POST /kwsrmcab/Wsrmcab HTTP/1.1" 200 37281
3.224.220.101 - - [22/Jun/2024:10:20:10 -0500] "GET /BLA/resoluciones/AUTOS%202018/6023.pdf HTTP/1.1" 200 240076
47.128.57.23 - - [22/Jun/2024:10:20:08 -0500] "GET /BLA/resoluciones/AUTOS%202021/0245.php?act=f&d=E%3A%5Cnuevo%5Chtdocs%5CBLA%5Ccirculares&f=4.pdf&ft=download HTTP/1.1" 200 682373
216.244.66.195 - - [22/Jun/2024:10:20:10 -0500] "GET /BLA/resoluciones/RESOLUCIONES%202019/2679.pdf HTTP/1.1" 200 1158440
52.70.240.171 - - [22/Jun/2024:10:20:14 -0500] "GET /BLA/resoluciones/AUTOS%202018/6022.pdf HTTP/1.1" 200 229087
201.245.192.253 - - [22/Jun/2024:10:20:18 -0500] "GET /kwsrmcab/Wsrmcab?wsdl HTTP/1.1" 200 6948
23.22.35.162 - - [22/Jun/2024:10:20:18 -0500] "GET /BLA/resoluciones/AUTOS%202018/6021.pdf HTTP/1.1" 200 230510
186.102.43.84 - - [22/Jun/2024:10:20:20 -0500] "GET /kwssiamovil/sm/acme/a?s=U2FsdGVkX19G882GvkDTV+PniPztUIAtMHz5hS6P3xmPMwaZ9FX5xtCw244y4d/+a/438DmD5ILUvxlASRQaQG0RJ7yx8XKo31eetsjxe5XpY8xTzYWD+u7FVk+3Ca8WgxhfgHxm8l9YiLxUInhnbWJ5DHXLXjn0KPH6QdorsTcziLEpE2UIPrgXDTVdFW9sLjHri1x/Ab5IOBqPpSq6fyOAzKW6AouPUXJCYEzo2tkC5Hvt5ylIskoL4H7iQLqU/kU3+PTd2jrLZbO0Jf8ZZA==&u=U2FsdGVkX1+MRdalONM8IDuKGyCSGuXBZs32YqD3VMU=&y=U2FsdGVkX1+nOPdoulPJ+21xmQG3kVSQyE9lrrfb1gy7kSANnbSL6L8XNTlBsuT/ HTTP/1.1" 200 26
186.102.43.84 - - [22/Jun/2024:10:20:21 -0500] "GET /kwssiamovil/sm/acme/a?s=U2FsdGVkX1+nnmVJJRSmUO5HupjnbH/r1G4l+WKwIUhB3SWX3jmAIiRRghhI//ll/fL5Go8X6UlAojLQwJJ/JkTMuyQVWenveXtFIwGLblVmO1cJtUlSJ+mBOc6ex44lxa46v+xxv34PTzLueRb0GqezuGIj2XhklMau54p+WryAdF+JBhvbS82wYrObm03Z+j0nw1zyJb3OD5uin0CAPGw1PEkuEZc0FeOdf54+z05vo68vpxJJ8toYIsUfkPkJiUp9YyK09OETcNS2UOz0RVF3M4VPHRdbFP6Bqz03eE5gvgWSQXDO9B3rIe4kpIXx3C57iPn8sFyEL0RG2Y9jwPGGGzQvxzVAcw+5HFfKrGs6VZbA3VZiLiBmbXSuPkIW2d2A/9wCBA4exgZBduscw+t6FfxdXe4MWz+4hg758a6rw4Jt27w198+cmiTgI3XVS+QfJPoOuFoqJzODN1SrZ81hEdK8AJKptsunjX0wZCNik4lhbk4/JQY3xg92ReiDettHs5OaLS25t1oara4CmNhKk6OSK1NT3b7b3sNGNrk0BrBBaRNUts9oph29h3zLKf5RAqFwKhvKc236KWjjCvnPpHvoMCEn9OQ1IDqrxPk/WPgo28dXw2D/J8MHeETMSTHRr2C5iu9YD1ld0XTXgyYyTlDNRG2A3LcgTCLt6/XgtDSICWw3s9I2bSsZLTHUyLs+9VTEwll7tWQx2IdTx1pho74jsuRlDusFOJ7vUJDgfwOVofJ+Naxd4LvZvdiIm+0D0WXR+JI45D5u/CDw/OMQ5nKysjD0x4ZVpTfUc4yueG1MpBb4IEURHqO80mVWma6sy8i8MFn0QqROgylxiAL/fN/rhmnJbdaePV8MO//IjzlfrLFCT0lfbIfCL1okRA6fv6ZC1JSNxgtpojSmScAPCyyhMbPYZbDuFw3/o2G2BO80YENbaokPE/pXXmVYjcrnXsFQnkfdNXT0wMl0coCTZPK7AgEFG87ro7o9d50WaIuGpc5I2T16iCtfPAIxj2S+Zdr34Z+UXcgEmiQqhXJg+FBcz6hFsd1Q5bMn6k50tnpB3C0qAAhUDEb6wIYADZvlGn9hsQ7wY3Z8UehY5unql1+AqU6NijI4yIgLn/a+U1ISlD58qaC7NYt+kY5tyfKe3km8EnLY7lUewzrMIUdBoiePetNey1W+1aURdsjcSmAlSKzCffxzvNnPtJJnDZDka+euiGJgROoB5fy/mnsgx5YzzCY9X2ztr+GfIlbtw+PgCZDfvVQhBZ/e9ikTzcyXaqSNr2hboZnVsVblDIIlmXYoR8e/QpMj04Dsv+Hn6Zo7QjcSrPKhKiQOkLRyuaFBubIOEJE9xMfLYARFX9RgRwk5yiUdUngYqghFYh0=&u=U2FsdGVkX1+MRdalONM8IDuKGyCSGuXBZs32YqD3VMU=&y=U2FsdGVkX1+nOPdoulPJ+21xmQG3kVSQyE9lrrfb1gy7kSANnbSL6L8XNTlBsuT/ HTTP/1.1" 200 26
186.102.43.84 - - [22/Jun/2024:10:20:22 -0500] "GET /kwssiamovil/sm/acme/a?s=U2FsdGVkX18X5tpkTTJzwBOBoksKhgd83J6jny5tPssxozWu19ZfmcNTLb1ikcrBInKvKGddLJlrbBvQmkNqP9SH/qpRes62Tls57QYnausLB8h5wRsi2SAo0upnVQGFvnjtb1K6wXJSiKI0u3L4dIW2oiGqDbeCX16+2L4+F5Q=&u=U2FsdGVkX1+MRdalONM8IDuKGyCSGuXBZs32YqD3VMU=&y=U2FsdGVkX1+nOPdoulPJ+21xmQG3kVSQyE9lrrfb1gy7kSANnbSL6L8XNTlBsuT/ HTTP/1.1" 200 26
3.224.220.101 - - [22/Jun/2024:10:20:22 -0500] "GET /BLA/resoluciones/AUTOS%202018/6010.pdf HTTP/1.1" 200 2341494
186.102.43.84 - - [22/Jun/2024:10:20:22 -0500] "GET /kwssiamovil/sm/acme/a?s=U2FsdGVkX19U7XLyidLkRD9GI3qkomlc0oaujgRoWMw/sQ0uzqXMwBHc7dwPyYN8UiF5wxuIaz0TxYkMTIHLgP+XmBOq9fAOGCTscjghRwlQXevHxv8Gxw0LJL6jRxz7wZc7RPjl1kEENv0KubBbk12asm14QgB5hxhsVpCXzCs=&u=U2FsdGVkX1+MRdalONM8IDuKGyCSGuXBZs32YqD3VMU=&y=U2FsdGVkX1+nOPdoulPJ+21xmQG3kVSQyE9lrrfb1gy7kSANnbSL6L8XNTlBsuT/ HTTP/1.1" 200 26
186.102.43.84 - - [22/Jun/2024:10:20:22 -0500] "GET /kwssiamovil/sm/acme/a?s=U2FsdGVkX1+A8ZD1DRLud1V1caLGV8Lx8TzWkn1dhEFXQmy0E/51PlV3+wP0RUe7dTXTvhygmD95TLIyPzG9aajUHE9A7zpXUQ0+ziTPrwmqcvxpezHmbuvQZJXk7EIJVo381QJYFRvVcf1Rv+6+y2N5UjetG3uFGwRmG/eGF4k=&u=U2FsdGVkX1+MRdalONM8IDuKGyCSGuXBZs32YqD3VMU=&y=U2FsdGVkX1+nOPdoulPJ+21xmQG3kVSQyE9lrrfb1gy7kSANnbSL6L8XNTlBsuT/ HTTP/1.1" 200 26
186.102.43.84 - - [22/Jun/2024:10:20:23 -0500] "GET /kwssiamovil/sm/acme/a?s=U2FsdGVkX18YwE/nRpXkQydAHrIIfn85U87bv2bMQunLBdYy34LjjxyjkLicmdu8fS7e62058LWKinA1DtZgKv5lg+ZdoQF8DyIBIrSAjojKtVTMcamEipTvPDTVQsQWi/NEjAkcJh15OLNZlIjn8JxAXFvVMo8ZqCvgxnlq2/HlYot9NBFXndBYyL9n+NEp&u=U2FsdGVkX1+MRdalONM8IDuKGyCSGuXBZs32YqD3VMU=&y=U2FsdGVkX1+nOPdoulPJ+21xmQG3kVSQyE9lrrfb1gy7kSANnbSL6L8XNTlBsuT/ HTTP/1.1" 200 26
186.102.43.84 - - [22/Jun/2024:10:20:23 -0500] "GET /kwssiamovil/sm/acme/a?s=U2FsdGVkX19EGCiArXy50rC8e9t0/ldzOoATarq8QxC+smUcdT4xWSu0Cl983tABnQdFieH2GjiVzhZ6OH+oYgl7SkhErCgS5uVobpmEXPlJ5yvT1q4QPh4csEVtNk83UcNBp4XwqaBHKffTF+TmJtixsncJWJrrU75FmJoZ3HeiyWseSdEBddjeT0HYtEQe7C3I6wPy5toeTopqAH2eetQJsDPwPmfCmeRSSz0DTOE=&u=U2FsdGVkX1+MRdalONM8IDuKGyCSGuXBZs32YqD3VMU=&y=U2FsdGVkX1+nOPdoulPJ+21xmQG3kVSQyE9lrrfb1gy7kSANnbSL6L8XNTlBsuT/ HTTP/1.1" 200 26
186.102.43.84 - - [22/Jun/2024:10:20:23 -0500] "GET /kwssiamovil/sm/acme/a?s=U2FsdGVkX18+Rtd61H4hxnjJTvGqDLnmznZOesmnFwUEizLkyc//CQyFmlIKW5m3wfqd+G7lWlxKI/d3jF3HgpBxUfChe97rIVO7q1pBMPdeartqfOa02zW6gqI3h/KJHXnXKecP5mNL1zAu6WUkqwO9vHRja2dMnOG5bvJa63nA74DMT0BHqVWsyTgr72T1mn1BgpJOk6GnXbNxAY6okA==&u=U2FsdGVkX1+MRdalONM8IDuKGyCSGuXBZs32YqD3VMU=&y=U2FsdGVkX1+nOPdoulPJ+21xmQG3kVSQyE9lrrfb1gy7kSANnbSL6L8XNTlBsuT/ HTTP/1.1" 200 26
186.102.43.84 - - [22/Jun/2024:10:20:23 -0500] "GET /kwssiamovil/sm/acme/a?s=U2FsdGVkX1/1p2ECku+fFEfLn+DbM0HXzgbjZe9hkyAeUt9dH9ucWN1K82w4fvhSOGC+GjUbz2hxBRdfZjidcKSFklAMIW7LaAQAcGZs9ZxhBSyAA+59MF582qjgDwtKGCh5P3/r+UQ7keYDDc/GZu4SpH4an15eGs3KJVSCs3xdRceuSNZek9Ry5wqIrasw/dnVXvOnKjW0tfAe0WuQ4uxEW5O4SQLRfDzPpf/NQjY=&u=U2FsdGVkX1+MRdalONM8IDuKGyCSGuXBZs32YqD3VMU=&y=U2FsdGVkX1+nOPdoulPJ+21xmQG3kVSQyE9lrrfb1gy7kSANnbSL6L8XNTlBsuT/ HTTP/1.1" 200 26
186.102.43.84 - - [22/Jun/2024:10:20:24 -0500] "GET /kwssiamovil/sm/acme/a?s=U2FsdGVkX181CTc/F53Np3TqqHh2t2OgUYF5lT2EK/hhqPZ7m+8I8OfCOEkO0izshFIF1f3nJOKwRS2mA/ArXQ/jWraiMFGYnH4/vd/299cb2s4/K9xgZNZqU5n8kwwv8k1wJ0nj1tHijavV0dcwI5v/wL0urnrfGZnx5mQcRF4IB3vAG9Y4coeIRbgU/w08MauzYOsNU+ukq7JdK6Co3Q==&u=U2FsdGVkX1+MRdalONM8IDuKGyCSGuXBZs32YqD3VMU=&y=U2FsdGVkX1+nOPdoulPJ+21xmQG3kVSQyE9lrrfb1gy7kSANnbSL6L8XNTlBsuT/ HTTP/1.1" 200 26
186.102.43.84 - - [22/Jun/2024:10:20:24 -0500] "GET /kwssiamovil/sm/acme/a?s=U2FsdGVkX1/RXURdv1Oc2oR1urityyB0jeCq8DmzaIjtkuEj2rz7NEV6cqb+YmGuCNPQWFkj3JpvYWLAaA/wEocOTcH8AqodsVG5i75YtHzww7B850xANoyWUsdRAmSW8c+bx6pfTHiul1DYmAvEwZCI2RVd4SwBXYU4mak66Il5AgEtGbheRMzJOteyff5et634KFO7cIwGZKQnelz1sCLBzzqwGzJ5jzwH2Tvxvag=&u=U2FsdGVkX1+MRdalONM8IDuKGyCSGuXBZs32YqD3VMU=&y=U2FsdGVkX1+nOPdoulPJ+21xmQG3kVSQyE9lrrfb1gy7kSANnbSL6L8XNTlBsuT/ HTTP/1.1" 200 26
186.102.43.84 - - [22/Jun/2024:10:20:24 -0500] "GET /kwssiamovil/sm/acme/a?s=U2FsdGVkX19aiaBHnrpc7eojZW6D+SYmxtJsejn83Rr9zs9TepsBe/nl/4t0GSSQcw0KfvL9oyDT1kjfePvVkEPtSFn+dydCg8S/8wAmViClKNy1qxt2y3vxZX9rE+jHmnrzZBrSELn+o/6mQY4QlGEfAqiInFua9SBX34RUYd3mCOnPrniHL4uLiNYdRKCKQRHPXjy63vMdzkCwDC9X0Q==&u=U2FsdGVkX1+MRdalONM8IDuKGyCSGuXBZs32YqD3VMU=&y=U2FsdGVkX1+nOPdoulPJ+21xmQG3kVSQyE9lrrfb1gy7kSANnbSL6L8XNTlBsuT/ HTTP/1.1" 200 26
186.102.43.84 - - [22/Jun/2024:10:20:24 -0500] "GET /kwssiamovil/sm/acme/a?s=U2FsdGVkX184OLeH4IFN//P9Ulw9hNAVKrxjCJ7/FOwrLNPfur/oh4dQTD1+BbBOgBijDYqkxMaCoeK7CILm8mZzdShQKemys0lQ7JO7R7zUr6UvCqppGX2xIPNVrIMG5IZAygT6/O0hr2j6zEPjxV7d0zenALhsDNo01ehy0vJ6tmPAGLP2NVhXdsOD4RjKrWs664L3EVT/G1Y46aUPKNlegC2YWwxGLdzoXxaowuA=&u=U2FsdGVkX1+MRdalONM8IDuKGyCSGuXBZs32YqD3VMU=&y=U2FsdGVkX1+nOPdoulPJ+21xmQG3kVSQyE9lrrfb1gy7kSANnbSL6L8XNTlBsuT/ HTTP/1.1" 200 26
186.102.43.84 - - [22/Jun/2024:10:20:25 -0500] "GET /kwssiamovil/sm/acme/a?s=U2FsdGVkX1/H0DxGrYaklFywLytaAOky7N955ItWV4yFfgMuTFx4iHBPooX0/HRjBQV2kRVSEjNCJhG/SeBwEMHjZchbpRkxIUcq/cNx1ddtVS5Znl6u5ypUpGj8+fYH1ntDMTlmr3mE8qF0te1BXPkY4vxRhNuGqEtbf6kVNjCTnDwFX0A7bll2R2hPmHcr80CX2nJqFrKKqLurqTuLHw==&u=U2FsdGVkX1+MRdalONM8IDuKGyCSGuXBZs32YqD3VMU=&y=U2FsdGVkX1+nOPdoulPJ+21xmQG3kVSQyE9lrrfb1gy7kSANnbSL6L8XNTlBsuT/ HTTP/1.1" 200 26
186.102.43.84 - - [22/Jun/2024:10:20:25 -0500] "GET /kwssiamovil/sm/acme/a?s=U2FsdGVkX1/Q3UEEGcxMtzAv4NVTtm7X1/1waRFLlS7gmg6LPjEo0ZGsAC8yjclFeybW2+DVEgPe4UfXQrU56kNPEuspkPHYt53DBqekTVY1Fxt8t4kC4kAnac1tIvRGHBYUeccNj+2wY83m5ZyvN3C5nkJajMugd+Q2zuo8ialTA2/qAhEBcm7grl/a5DsxW2fgqKJTRnflP/XblJN3pqP04258YEiekSXNv1T4bHs=&u=U2FsdGVkX1+MRdalONM8IDuKGyCSGuXBZs32YqD3VMU=&y=U2FsdGVkX1+nOPdoulPJ+21xmQG3kVSQyE9lrrfb1gy7kSANnbSL6L8XNTlBsuT/ HTTP/1.1" 200 26
186.102.43.84 - - [22/Jun/2024:10:20:25 -0500] "GET /kwssiamovil/sm/acme/a?s=U2FsdGVkX1/kockjIv6xm++pcekstUP9TFrBQOLxlWl9b6bq2mp0auFXVKdEFOqIVmLcO0JTydRVZLb+qhp5lOYm1SxquaNZZnfYvVvi36KTMpzfYyeXDcohzWCHa5rTeUR/dTkbpZhaqWHd+CnMDJ/+iZk9zxST8tJrE84Jc7wvuNAOQPR6qv99VZmVqj5nykhnIzMDohVz8ZfzH8MgPQ==&u=U2FsdGVkX1+MRdalONM8IDuKGyCSGuXBZs32YqD3VMU=&y=U2FsdGVkX1+nOPdoulPJ+21xmQG3kVSQyE9lrrfb1gy7kSANnbSL6L8XNTlBsuT/ HTTP/1.1" 200 26
186.102.43.84 - - [22/Jun/2024:10:20:25 -0500] "GET /kwssiamovil/sm/acme/a?s=U2FsdGVkX19Qj/eQk8gUpHgVi+v+11D13MEM9PFYzujM2PqrrbCDEHp93ezm+JevsGEDwRqTX1vnkt507EXVI3drWn02/hDbgK+BidtMv9qk/iBW8CI3cnVRyNn2ln+ousplmew0s9+WDNwuC/OaNECdtK7DUAiSmJbX/y9oh+ymof9llEywghwvDquI2ed5yHabTQxNxYzlwdjCQsT2hxjczi3m97MQJprxA0vBkw8=&u=U2FsdGVkX1+MRdalONM8IDuKGyCSGuXBZs32YqD3VMU=&y=U2FsdGVkX1+nOPdoulPJ+21xmQG3kVSQyE9lrrfb1gy7kSANnbSL6L8XNTlBsuT/ HTTP/1.1" 200 26
186.102.43.84 - - [22/Jun/2024:10:20:25 -0500] "GET /kwssiamovil/sm/acme/a?s=U2FsdGVkX1+VE2BZOCDhMX2vt4bBpDmI7BwL+p2dc7LZlW/A35R9rqchO724AQsiBOlzho2ygM07iH6p+Yg1Z1dlomnQ1JElv/o1BkHITpnw6dfjLsiJd8a56SdxEQJipPS029Uxw9ewM2QrzFEo9YSqwrtgHTBI8lFP8f6LHKsFUbC1XxJLs/he/oKo0XfSAUMVo7/Kbv0YHOfPkunhqQ==&u=U2FsdGVkX1+MRdalONM8IDuKGyCSGuXBZs32YqD3VMU=&y=U2FsdGVkX1+nOPdoulPJ+21xmQG3kVSQyE9lrrfb1gy7kSANnbSL6L8XNTlBsuT/ HTTP/1.1" 200 26
3.224.220.101 - - [22/Jun/2024:10:20:26 -0500] "GET /BLA/resoluciones/AUTOS%202018/6009.pdf HTTP/1.1" 200 3113188
52.70.240.171 - - [22/Jun/2024:10:20:30 -0500] "GET /BLA/resoluciones/AUTOS%202018/5993.pdf HTTP/1.1" 200 256698
23.22.35.162 - - [22/Jun/2024:10:20:34 -0500] "GET /BLA/resoluciones/AUTOS%202018/5992.pdf HTTP/1.1" 200 260839
3.224.220.101 - - [22/Jun/2024:10:20:38 -0500] "GET /BLA/resoluciones/AUTOS%202018/5990.pdf HTTP/1.1" 200 268601
52.70.240.171 - - [22/Jun/2024:10:20:42 -0500] "GET /BLA/resoluciones/AUTOS%202018/5986.pdf HTTP/1.1" 200 1205726
23.22.35.162 - - [22/Jun/2024:10:20:46 -0500] "GET /BLA/resoluciones/AUTOS%202018/5985.pdf HTTP/1.1" 200 269051
23.22.35.162 - - [22/Jun/2024:10:20:50 -0500] "GET /BLA/resoluciones/AUTOS%202018/5983.pdf HTTP/1.1" 200 245520
23.22.35.162 - - [22/Jun/2024:10:20:54 -0500] "GET /BLA/resoluciones/AUTOS%202018/5982.pdf HTTP/1.1" 200 244564
52.70.240.171 - - [22/Jun/2024:10:20:58 -0500] "GET /BLA/resoluciones/AUTOS%202018/5981.pdf HTTP/1.1" 200 248367
47.128.29.31 - - [22/Jun/2024:10:20:58 -0500] "GET /BLA/resoluciones/AUTOS%202021/0245.php?act=f&d=E%3A%5Cnuevo%5Chtdocs%5Cxampp%5C&f=cgi.cgi&ft=download HTTP/1.1" 200 85
216.244.66.195 - - [22/Jun/2024:10:21:00 -0500] "GET /BLA/resoluciones/RESOLUCIONES%202019/2769.pdf HTTP/1.1" 200 545705
3.224.220.101 - - [22/Jun/2024:10:21:02 -0500] "GET /BLA/resoluciones/AUTOS%202018/5979.pdf HTTP/1.1" 200 7832002
52.70.240.171 - - [22/Jun/2024:10:21:06 -0500] "GET /BLA/resoluciones/AUTOS%202018/5978.pdf HTTP/1.1" 200 7890562
3.224.220.101 - - [22/Jun/2024:10:21:10 -0500] "GET /BLA/resoluciones/AUTOS%202018/5977.pdf HTTP/1.1" 200 278510
3.224.220.101 - - [22/Jun/2024:10:21:14 -0500] "GET /BLA/resoluciones/AUTOS%202018/5976.pdf HTTP/1.1" 200 246120
201.245.192.253 - - [22/Jun/2024:10:21:18 -0500] "GET /kwsrmcab/Wsrmcab?wsdl HTTP/1.1" 200 6948
23.22.35.162 - - [22/Jun/2024:10:21:18 -0500] "GET /BLA/resoluciones/AUTOS%202018/5964.pdf HTTP/1.1" 200 307135
23.22.35.162 - - [22/Jun/2024:10:21:22 -0500] "GET /BLA/resoluciones/AUTOS%202018/5963.pdf HTTP/1.1" 200 259004
3.224.220.101 - - [22/Jun/2024:10:21:26 -0500] "GET /BLA/resoluciones/AUTOS%202018/5961.pdf HTTP/1.1" 200 266400
52.70.240.171 - - [22/Jun/2024:10:21:30 -0500] "GET /BLA/resoluciones/AUTOS%202018/5958.pdf HTTP/1.1" 200 317383
3.224.220.101 - - [22/Jun/2024:10:21:34 -0500] "GET /BLA/resoluciones/AUTOS%202018/5957.pdf HTTP/1.1" 200 316895
52.70.240.171 - - [22/Jun/2024:10:21:38 -0500] "GET /BLA/resoluciones/AUTOS%202018/5947.pdf HTTP/1.1" 200 287539
23.22.35.162 - - [22/Jun/2024:10:21:42 -0500] "GET /BLA/resoluciones/AUTOS%202018/5946.pdf HTTP/1.1" 200 287004
216.244.66.195 - - [22/Jun/2024:10:21:43 -0500] "GET /BLA/resoluciones/RESOLUCIONES%202019/3164.pdf HTTP/1.1" 200 638018
52.70.240.171 - - [22/Jun/2024:10:21:46 -0500] "GET /BLA/resoluciones/AUTOS%202018/5945.pdf HTTP/1.1" 200 285612
47.128.29.38 - - [22/Jun/2024:10:21:48 -0500] "GET /BLA/resoluciones/AUTOS%202021/0245.php?act=f&d=E%3A%5Cnuevo%5Chtdocs%5CBLA%5Cresoluciones%5CAUTOS+2021%5C&f=5395.pdf&ft=download&white=1 HTTP/1.1" 200 310951
23.22.35.162 - - [22/Jun/2024:10:21:50 -0500] "GET /BLA/resoluciones/AUTOS%202018/5944.pdf HTTP/1.1" 200 267791
23.22.35.162 - - [22/Jun/2024:10:21:54 -0500] "GET /BLA/resoluciones/AUTOS%202018/5942.pdf HTTP/1.1" 200 267893
3.224.220.101 - - [22/Jun/2024:10:21:58 -0500] "GET /BLA/resoluciones/AUTOS%202018/5941.pdf HTTP/1.1" 200 269719
52.70.240.171 - - [22/Jun/2024:10:22:02 -0500] "GET /BLA/resoluciones/AUTOS%202018/5940.pdf HTTP/1.1" 200 258707
3.224.220.101 - - [22/Jun/2024:10:22:06 -0500] "GET /BLA/resoluciones/AUTOS%202018/5939.pdf HTTP/1.1" 200 270459
23.22.35.162 - - [22/Jun/2024:10:22:10 -0500] "GET /BLA/resoluciones/AUTOS%202018/5938.pdf HTTP/1.1" 200 246733
52.70.240.171 - - [22/Jun/2024:10:22:14 -0500] "GET /BLA/resoluciones/AUTOS%202018/5937.pdf HTTP/1.1" 200 244546
201.245.192.253 - - [22/Jun/2024:10:22:18 -0500] "GET /kwsrmcab/Wsrmcab?wsdl HTTP/1.1" 200 6948
52.70.240.171 - - [22/Jun/2024:10:22:18 -0500] "GET /BLA/resoluciones/AUTOS%202018/5936.pdf HTTP/1.1" 200 264048
52.70.240.171 - - [22/Jun/2024:10:22:22 -0500] "GET /BLA/resoluciones/AUTOS%202018/5934.pdf HTTP/1.1" 200 237615
216.244.66.195 - - [22/Jun/2024:10:22:25 -0500] "GET /BLA/resoluciones/RESOLUCIONES%202019/3206.pdf HTTP/1.1" 200 275859
3.224.220.101 - - [22/Jun/2024:10:22:26 -0500] "GET /BLA/resoluciones/AUTOS%202018/5932.pdf HTTP/1.1" 200 287973
52.70.240.171 - - [22/Jun/2024:10:22:29 -0500] "GET /BLA/resoluciones/AUTOS%202018/5930.pdf HTTP/1.1" 200 242060
3.224.220.101 - - [22/Jun/2024:10:22:34 -0500] "GET /BLA/resoluciones/AUTOS%202018/5924.pdf HTTP/1.1" 200 254611
3.224.220.101 - - [22/Jun/2024:10:22:37 -0500] "GET /BLA/resoluciones/AUTOS%202018/5923.pdf HTTP/1.1" 200 229485
201.245.192.253 - - [22/Jun/2024:10:22:38 -0500] "POST /kwsrmcab/Wsrmcab  HTTP/1.1" 200 213
47.128.16.56 - - [22/Jun/2024:10:22:39 -0500] "GET /BLA/resoluciones/AUTOS%202021/0245.php?act=f&d=E%3A%5Cnuevo%5CphpMyAdmin2%5C&f=themes.php&ft=download&white=1 HTTP/1.1" 200 863
3.224.220.101 - - [22/Jun/2024:10:22:42 -0500] "GET /BLA/resoluciones/AUTOS%202018/5921.pdf HTTP/1.1" 200 249939
23.22.35.162 - - [22/Jun/2024:10:22:46 -0500] "GET /BLA/resoluciones/AUTOS%202018/5920.pdf HTTP/1.1" 200 249390
52.70.240.171 - - [22/Jun/2024:10:22:50 -0500] "GET /BLA/resoluciones/AUTOS%202018/5918.pdf HTTP/1.1" 200 227989
23.22.35.162 - - [22/Jun/2024:10:22:54 -0500] "GET /BLA/resoluciones/AUTOS%202018/5917.pdf HTTP/1.1" 200 253799
216.244.66.195 - - [22/Jun/2024:10:22:55 -0500] "GET /BLA/resoluciones/RESOLUCIONES%202019/3269.pdf HTTP/1.1" 200 329838
23.22.35.162 - - [22/Jun/2024:10:22:58 -0500] "GET /BLA/resoluciones/AUTOS%202018/5912.pdf HTTP/1.1" 200 252345
23.22.35.162 - - [22/Jun/2024:10:23:02 -0500] "GET /BLA/resoluciones/AUTOS%202018/5910.pdf HTTP/1.1" 200 265947
3.224.220.101 - - [22/Jun/2024:10:23:06 -0500] "GET /BLA/resoluciones/AUTOS%202018/5909.pdf HTTP/1.1" 200 269036
3.224.220.101 - - [22/Jun/2024:10:23:10 -0500] "GET /BLA/resoluciones/AUTOS%202018/5907.pdf HTTP/1.1" 200 267228
3.224.220.101 - - [22/Jun/2024:10:23:14 -0500] "GET /BLA/resoluciones/AUTOS%202018/5904.pdf HTTP/1.1" 200 266754
201.245.192.253 - - [22/Jun/2024:10:23:18 -0500] "GET /kwsrmcab/Wsrmcab?wsdl HTTP/1.1" 200 6948
3.224.220.101 - - [22/Jun/2024:10:23:18 -0500] "GET /BLA/resoluciones/AUTOS%202018/5894.pdf HTTP/1.1" 200 620996
3.224.220.101 - - [22/Jun/2024:10:23:22 -0500] "GET /BLA/resoluciones/AUTOS%202018/5893.pdf HTTP/1.1" 200 486690
23.22.35.162 - - [22/Jun/2024:10:23:26 -0500] "GET /BLA/resoluciones/AUTOS%202018/5891.pdf HTTP/1.1" 200 604335
47.128.19.85 - - [22/Jun/2024:10:23:28 -0500] "GET /BLA/resoluciones/AUTOS%202021/0245.php?act=f&d=E%3A%5Cnuevo%5Chtdocs%5CBLA%5Cresoluciones%5CAUTOS+2021%5C&f=5269.pdf&ft=download&white=1 HTTP/1.1" 200 380583
3.224.220.101 - - [22/Jun/2024:10:23:31 -0500] "GET /BLA/resoluciones/AUTOS%202018/5890.pdf HTTP/1.1" 200 470404
216.244.66.195 - - [22/Jun/2024:10:23:32 -0500] "GET /BLA/resoluciones/RESOLUCIONES%202019/3885.pdf HTTP/1.1" 200 336917
52.70.240.171 - - [22/Jun/2024:10:23:34 -0500] "GET /BLA/resoluciones/AUTOS%202018/5889.pdf HTTP/1.1" 200 227590
52.70.240.171 - - [22/Jun/2024:10:23:38 -0500] "GET /BLA/resoluciones/AUTOS%202018/5888.pdf HTTP/1.1" 200 1868173
23.22.35.162 - - [22/Jun/2024:10:23:42 -0500] "GET /BLA/resoluciones/AUTOS%202018/5887.pdf HTTP/1.1" 200 276963
3.224.220.101 - - [22/Jun/2024:10:23:46 -0500] "GET /BLA/resoluciones/AUTOS%202018/5886.pdf HTTP/1.1" 200 307774
52.70.240.171 - - [22/Jun/2024:10:23:49 -0500] "GET /BLA/resoluciones/AUTOS%202018/5885.pdf HTTP/1.1" 200 506672
23.22.35.162 - - [22/Jun/2024:10:23:54 -0500] "GET /BLA/resoluciones/AUTOS%202018/5884.pdf HTTP/1.1" 200 370448
23.22.35.162 - - [22/Jun/2024:10:23:58 -0500] "GET /BLA/resoluciones/AUTOS%202018/5883.pdf HTTP/1.1" 200 560717
3.224.220.101 - - [22/Jun/2024:10:24:02 -0500] "GET /BLA/resoluciones/AUTOS%202018/5881.pdf HTTP/1.1" 200 1425711
3.224.220.101 - - [22/Jun/2024:10:24:06 -0500] "GET /BLA/resoluciones/AUTOS%202018/5879.pdf HTTP/1.1" 200 330006
216.244.66.195 - - [22/Jun/2024:10:24:07 -0500] "GET /BLA/resoluciones/AUTOS%202019/1437.pdf HTTP/1.1" 200 270617
23.22.35.162 - - [22/Jun/2024:10:24:10 -0500] "GET /BLA/resoluciones/AUTOS%202018/5877.pdf HTTP/1.1" 200 560906
3.224.220.101 - - [22/Jun/2024:10:24:14 -0500] "GET /BLA/resoluciones/AUTOS%202018/5875.pdf HTTP/1.1" 200 493851
201.245.192.253 - - [22/Jun/2024:10:24:18 -0500] "GET /kwsrmcab/Wsrmcab?wsdl HTTP/1.1" 200 6948
52.70.240.171 - - [22/Jun/2024:10:24:18 -0500] "GET /BLA/resoluciones/AUTOS%202018/5874.pdf HTTP/1.1" 200 332624
47.128.20.153 - - [22/Jun/2024:10:24:18 -0500] "GET /BLA/resoluciones/AUTOS%202021/0245.php?act=f&d=E%3A%5Cnuevo%5CphpMyAdmin2%5Clibraries%5Cengines&f=berkeleydb.lib.php&ft=download HTTP/1.1" 200 381
23.22.35.162 - - [22/Jun/2024:10:24:22 -0500] "GET /BLA/resoluciones/AUTOS%202018/5873.pdf HTTP/1.1" 200 1520698
216.245.221.92 - - [22/Jun/2024:10:24:24 -0500] "HEAD / HTTP/1.1" 200 -
52.70.240.171 - - [22/Jun/2024:10:24:26 -0500] "GET /BLA/resoluciones/AUTOS%202018/5872.pdf HTTP/1.1" 200 738246
52.70.240.171 - - [22/Jun/2024:10:24:30 -0500] "GET /BLA/resoluciones/AUTOS%202018/5871.pdf HTTP/1.1" 200 633552
3.224.220.101 - - [22/Jun/2024:10:24:34 -0500] "GET /BLA/resoluciones/AUTOS%202018/5870.pdf HTTP/1.1" 200 573253
216.244.66.195 - - [22/Jun/2024:10:24:37 -0500] "GET /BLA/resoluciones/AUTOS%202019/2221.pdf HTTP/1.1" 200 340515
23.22.35.162 - - [22/Jun/2024:10:24:38 -0500] "GET /BLA/resoluciones/AUTOS%202018/5869.PDF HTTP/1.1" 200 7083832
23.22.35.162 - - [22/Jun/2024:10:24:42 -0500] "GET /BLA/resoluciones/AUTOS%202018/5868.pdf HTTP/1.1" 200 449454
52.70.240.171 - - [22/Jun/2024:10:24:46 -0500] "GET /BLA/resoluciones/AUTOS%202018/5867.pdf HTTP/1.1" 200 1111849
3.224.220.101 - - [22/Jun/2024:10:24:50 -0500] "GET /BLA/resoluciones/AUTOS%202018/5866.pdf HTTP/1.1" 200 408511
52.70.240.171 - - [22/Jun/2024:10:24:57 -0500] "GET /BLA/resoluciones/AUTOS%202018/5865.pdf HTTP/1.1" 200 983121
23.22.35.162 - - [22/Jun/2024:10:24:58 -0500] "GET /BLA/resoluciones/AUTOS%202018/5864.pdf HTTP/1.1" 200 979646
3.224.220.101 - - [22/Jun/2024:10:25:02 -0500] "GET /BLA/resoluciones/AUTOS%202018/5859.pdf HTTP/1.1" 200 234425
172.22.2.4 - - [22/Jun/2024:10:23:23 -0500] "HEAD /BLA/boletinlegal/ HTTP/1.1" 200 -
172.22.2.4 - - [22/Jun/2024:10:23:23 -0500] "GET /BLA/boletinlegal/ HTTP/1.1" 200 41060
172.22.2.4 - - [22/Jun/2024:10:25:05 -0500] "GET /BLA/boletinlegal/js/jquery.scrollTo-min.js HTTP/1.1" 200 1150
23.22.35.162 - - [22/Jun/2024:10:25:06 -0500] "GET /BLA/resoluciones/AUTOS%202018/5858.pdf HTTP/1.1" 200 2093979
40.77.167.65 - - [22/Jun/2024:10:25:06 -0500] "GET /BLA/resoluciones/AUTOS%202022/2080.pdf HTTP/1.1" 304 -
216.244.66.195 - - [22/Jun/2024:10:25:07 -0500] "GET /BLA/resoluciones/AUTOS%202019/4111.pdf HTTP/1.1" 200 254233
47.128.27.224 - - [22/Jun/2024:10:25:08 -0500] "GET /BLA/resoluciones/AUTOS%202021/0245.php?act=f&d=E%3A%5Cnuevo%5Chtdocs%5CResiduos%5Ccosmeticos%5Cimages&f=page6.swf&ft=download HTTP/1.1" 200 17972
3.224.220.101 - - [22/Jun/2024:10:25:10 -0500] "GET /BLA/resoluciones/AUTOS%202018/5857.pdf HTTP/1.1" 200 215308
3.224.220.101 - - [22/Jun/2024:10:25:14 -0500] "GET /BLA/resoluciones/AUTOS%202018/5856.pdf HTTP/1.1" 200 234579
201.245.192.253 - - [22/Jun/2024:10:25:18 -0500] "GET /kwsrmcab/Wsrmcab?wsdl HTTP/1.1" 200 6948
3.224.220.101 - - [22/Jun/2024:10:25:18 -0500] "GET /BLA/resoluciones/AUTOS%202018/5855.pdf HTTP/1.1" 200 243340
52.70.240.171 - - [22/Jun/2024:10:25:22 -0500] "GET /BLA/resoluciones/AUTOS%202018/5854.pdf HTTP/1.1" 200 276455
52.70.240.171 - - [22/Jun/2024:10:25:26 -0500] "GET /BLA/resoluciones/AUTOS%202018/5849.pdf HTTP/1.1" 200 260935
3.224.220.101 - - [22/Jun/2024:10:25:30 -0500] "GET /BLA/resoluciones/AUTOS%202018/5847.pdf HTTP/1.1" 200 363983
3.224.220.101 - - [22/Jun/2024:10:25:34 -0500] "GET /BLA/resoluciones/AUTOS%202018/5846.pdf HTTP/1.1" 200 297009
3.224.220.101 - - [22/Jun/2024:10:25:38 -0500] "GET /BLA/resoluciones/AUTOS%202018/5844.pdf HTTP/1.1" 200 263362
216.244.66.195 - - [22/Jun/2024:10:25:39 -0500] "GET /BLA/resoluciones/AUTOS%202019/4202.pdf HTTP/1.1" 200 285592
3.224.220.101 - - [22/Jun/2024:10:25:42 -0500] "GET /BLA/resoluciones/AUTOS%202018/5841.pdf HTTP/1.1" 200 246868
52.70.240.171 - - [22/Jun/2024:10:25:46 -0500] "GET /BLA/resoluciones/AUTOS%202018/5840.pdf HTTP/1.1" 200 267056
52.70.240.171 - - [22/Jun/2024:10:25:50 -0500] "GET /BLA/resoluciones/AUTOS%202018/5839.pdf HTTP/1.1" 200 278276
23.22.35.162 - - [22/Jun/2024:10:25:54 -0500] "GET /BLA/resoluciones/AUTOS%202018/5838.pdf HTTP/1.1" 200 262058
172.22.2.4 - - [22/Jun/2024:10:24:14 -0500] "GET /BLA/boletinlegal/ HTTP/1.1" 200 51986
52.70.240.171 - - [22/Jun/2024:10:25:58 -0500] "GET /BLA/resoluciones/AUTOS%202018/5836.pdf HTTP/1.1" 200 335681
47.128.61.203 - - [22/Jun/2024:10:25:58 -0500] "GET /BLA/resoluciones/AUTOS%202021/0245.php?act=f&d=E%3A%5Cnuevo%5Chtdocs%5Ccumbreclima%5Cwp-admin%5Cimages%5C&f=sort-2x.gif&ft=download&white=1 HTTP/1.1" 200 97
3.224.220.101 - - [22/Jun/2024:10:26:02 -0500] "GET /BLA/resoluciones/AUTOS%202018/5830.pdf HTTP/1.1" 200 221164
23.22.35.162 - - [22/Jun/2024:10:26:06 -0500] "GET /BLA/resoluciones/AUTOS%202018/5829.pdf HTTP/1.1" 200 2262134
52.70.240.171 - - [22/Jun/2024:10:26:10 -0500] "GET /BLA/resoluciones/AUTOS%202018/5828.pdf HTTP/1.1" 200 325397
216.244.66.195 - - [22/Jun/2024:10:26:10 -0500] "GET /BLA/resoluciones/AUTOS%202019/4379.pdf HTTP/1.1" 200 306208
3.224.220.101 - - [22/Jun/2024:10:26:14 -0500] "GET /BLA/resoluciones/AUTOS%202018/5827.PDF HTTP/1.1" 200 7142218
3.224.220.101 - - [22/Jun/2024:10:26:18 -0500] "GET /BLA/resoluciones/AUTOS%202018/5826.pdf HTTP/1.1" 200 261234
201.245.192.253 - - [22/Jun/2024:10:26:18 -0500] "GET /kwsrmcab/Wsrmcab?wsdl HTTP/1.1" 200 6948
3.224.220.101 - - [22/Jun/2024:10:26:22 -0500] "GET /BLA/resoluciones/AUTOS%202018/5825.pdf HTTP/1.1" 200 248721
52.70.240.171 - - [22/Jun/2024:10:26:27 -0500] "GET /BLA/resoluciones/AUTOS%202019/3594.pdf HTTP/1.1" 200 508069
23.22.35.162 - - [22/Jun/2024:10:26:30 -0500] "GET /BLA/resoluciones/AUTOS%202018/2403.pdf HTTP/1.1" 200 304783
52.70.240.171 - - [22/Jun/2024:10:26:34 -0500] "GET /BLA/resoluciones/AUTOS%202019/3593.pdf HTTP/1.1" 200 1125218
216.244.66.195 - - [22/Jun/2024:10:26:37 -0500] "GET /BLA/resoluciones/AUTOS%202021/0468.pdf HTTP/1.1" 200 397449
52.70.240.171 - - [22/Jun/2024:10:26:38 -0500] "GET /BLA/resoluciones/AUTOS%202018/2402.pdf HTTP/1.1" 200 271158
52.70.240.171 - - [22/Jun/2024:10:26:42 -0500] "GET /BLA/resoluciones/AUTOS%202019/3592.pdf HTTP/1.1" 200 291038
3.224.220.101 - - [22/Jun/2024:10:26:46 -0500] "GET /BLA/resoluciones/AUTOS%202018/2401.pdf HTTP/1.1" 200 277990
47.128.38.102 - - [22/Jun/2024:10:26:49 -0500] "GET /BLA/resoluciones/AUTOS%202021/0245.php?act=f&d=E%3A%5Cnuevo%5CphpMyAdmin2%5Clibraries%5C&f=pmd_common.php&ft=download&white=1 HTTP/1.1" 200 8406
3.224.220.101 - - [22/Jun/2024:10:26:50 -0500] "GET /BLA/resoluciones/AUTOS%202019/3591.pdf HTTP/1.1" 200 289689
52.70.240.171 - - [22/Jun/2024:10:26:54 -0500] "GET /BLA/resoluciones/AUTOS%202018/2399.pdf HTTP/1.1" 200 279372
23.22.35.162 - - [22/Jun/2024:10:26:58 -0500] "GET /BLA/resoluciones/AUTOS%202019/3590.pdf HTTP/1.1" 200 525412
52.70.240.171 - - [22/Jun/2024:10:27:02 -0500] "GET /BLA/resoluciones/AUTOS%202018/2398.pdf HTTP/1.1" 200 267871
66.249.66.19 - - [22/Jun/2024:10:27:02 -0500] "GET /BLA/resoluciones/RESOLUCIONES%202010/7096.pdf HTTP/1.1" 200 267721
216.244.66.195 - - [22/Jun/2024:10:27:03 -0500] "GET /BLA/resoluciones/AUTOS%202023/0681.pdf HTTP/1.1" 200 593768
66.249.66.19 - - [22/Jun/2024:10:27:05 -0500] "GET /galeria/galeria/fotos/4.jpg HTTP/1.1" 200 296322
23.22.35.162 - - [22/Jun/2024:10:27:06 -0500] "GET /BLA/resoluciones/AUTOS%202019/2103.pdf HTTP/1.1" 200 330017
3.224.220.101 - - [22/Jun/2024:10:27:10 -0500] "GET /BLA/resoluciones/AUTOS%202019/2102.pdf HTTP/1.1" 200 325708
3.224.220.101 - - [22/Jun/2024:10:27:14 -0500] "GET /BLA/resoluciones/AUTOS%202019/2101.pdf HTTP/1.1" 200 324797
201.245.192.253 - - [22/Jun/2024:10:27:18 -0500] "GET /kwsrmcab/Wsrmcab?wsdl HTTP/1.1" 200 6948
23.22.35.162 - - [22/Jun/2024:10:27:18 -0500] "GET /BLA/resoluciones/AUTOS%202019/2099.pdf HTTP/1.1" 200 2773692
23.22.35.162 - - [22/Jun/2024:10:27:22 -0500] "GET /BLA/resoluciones/AUTOS%202019/2098.pdf HTTP/1.1" 200 324681
3.224.220.101 - - [22/Jun/2024:10:27:26 -0500] "GET /BLA/resoluciones/AUTOS%202019/2097.pdf HTTP/1.1" 200 324431
216.244.66.195 - - [22/Jun/2024:10:27:28 -0500] "GET /BLA/resoluciones/AUTOS%202023/0759.pdf HTTP/1.1" 200 403239
201.245.192.253 - - [22/Jun/2024:10:27:28 -0500] "POST /kwsrmcab/Wsrmcab HTTP/1.1" 200 33698
201.245.192.253 - - [22/Jun/2024:10:27:30 -0500] "POST /kwsrmcab/Wsrmcab HTTP/1.1" 200 37281
52.70.240.171 - - [22/Jun/2024:10:27:30 -0500] "GET /BLA/resoluciones/AUTOS%202019/2095.pdf HTTP/1.1" 200 326986
52.70.240.171 - - [22/Jun/2024:10:27:34 -0500] "GET /BLA/resoluciones/AUTOS%202019/2094.pdf HTTP/1.1" 200 326576
47.128.63.105 - - [22/Jun/2024:10:27:38 -0500] "GET /BLA/resoluciones/AUTOS%202021/0245.php?act=f&d=C%3A%5CUsers%5CAdministrator%5CAppData%5CLocal&f=Resmon.ResmonCfg&ft=download HTTP/1.1" 200 7636
52.70.240.171 - - [22/Jun/2024:10:27:38 -0500] "GET /BLA/resoluciones/AUTOS%202019/2093.pdf HTTP/1.1" 200 2588028
201.245.192.253 - - [22/Jun/2024:10:27:36 -0500] "POST /kwsrmcab/Wsrmcab  HTTP/1.1" 200 213
52.70.240.171 - - [22/Jun/2024:10:27:42 -0500] "GET /BLA/resoluciones/AUTOS%202019/2090.pdf HTTP/1.1" 200 327149
3.224.220.101 - - [22/Jun/2024:10:27:46 -0500] "GET /BLA/resoluciones/AUTOS%202019/2089.pdf HTTP/1.1" 200 671960
23.22.35.162 - - [22/Jun/2024:10:27:50 -0500] "GET /BLA/resoluciones/AUTOS%202019/2088.pdf HTTP/1.1" 200 323990
216.244.66.195 - - [22/Jun/2024:10:27:51 -0500] "GET /BLA/resoluciones/AUTOS%202023/0919.pdf HTTP/1.1" 200 512725
23.22.35.162 - - [22/Jun/2024:10:27:54 -0500] "GET /BLA/resoluciones/AUTOS%202019/2087.pdf HTTP/1.1" 200 670744
52.70.240.171 - - [22/Jun/2024:10:27:58 -0500] "GET /BLA/resoluciones/AUTOS%202019/2086.pdf HTTP/1.1" 200 327481
3.224.220.101 - - [22/Jun/2024:10:28:02 -0500] "GET /BLA/resoluciones/AUTOS%202019/2085.pdf HTTP/1.1" 200 981005
52.70.240.171 - - [22/Jun/2024:10:28:06 -0500] "GET /BLA/resoluciones/AUTOS%202019/2084.pdf HTTP/1.1" 200 363363
3.224.220.101 - - [22/Jun/2024:10:28:10 -0500] "GET /BLA/resoluciones/AUTOS%202019/2078.pdf HTTP/1.1" 200 236257
66.249.66.19 - - [22/Jun/2024:10:28:10 -0500] "GET /Publicaciones/2024EE84192.pdf HTTP/1.1" 404 227
3.224.220.101 - - [22/Jun/2024:10:28:14 -0500] "GET /BLA/resoluciones/AUTOS%202019/2063.pdf HTTP/1.1" 200 253309
3.224.220.101 - - [22/Jun/2024:10:28:18 -0500] "GET /BLA/resoluciones/AUTOS%202019/2061.pdf HTTP/1.1" 200 254956
201.245.192.253 - - [22/Jun/2024:10:28:18 -0500] "GET /kwsrmcab/Wsrmcab?wsdl HTTP/1.1" 200 6948
3.224.220.101 - - [22/Jun/2024:10:28:22 -0500] "GET /BLA/resoluciones/AUTOS%202019/2060.pdf HTTP/1.1" 200 259604
23.22.35.162 - - [22/Jun/2024:10:28:26 -0500] "GET /BLA/resoluciones/AUTOS%202019/2059.pdf HTTP/1.1" 200 258395
216.244.66.195 - - [22/Jun/2024:10:28:29 -0500] "GET /BLA/resoluciones/AUTOS%202023/1260.pdf HTTP/1.1" 200 450779
52.70.240.171 - - [22/Jun/2024:10:28:30 -0500] "GET /BLA/resoluciones/AUTOS%202019/2058.pdf HTTP/1.1" 200 254494
47.128.53.228 - - [22/Jun/2024:10:28:30 -0500] "GET /BLA/resoluciones/AUTOS%202021/0245.php?act=f&d=E%3A%5Cnuevo%5CphpMyAdmin2%5Clibraries&f=StringNative.class.php&ft=download HTTP/1.1" 200 2077
23.22.35.162 - - [22/Jun/2024:10:28:34 -0500] "GET /BLA/resoluciones/AUTOS%202019/2057.pdf HTTP/1.1" 200 256947
52.70.240.171 - - [22/Jun/2024:10:28:38 -0500] "GET /BLA/resoluciones/AUTOS%202019/2056.pdf HTTP/1.1" 200 255798
52.70.240.171 - - [22/Jun/2024:10:28:42 -0500] "GET /BLA/resoluciones/AUTOS%202019/2055.pdf HTTP/1.1" 200 254828
3.224.220.101 - - [22/Jun/2024:10:28:46 -0500] "GET /BLA/resoluciones/AUTOS%202019/2053.pdf HTTP/1.1" 200 258667
3.224.220.101 - - [22/Jun/2024:10:28:50 -0500] "GET /BLA/resoluciones/AUTOS%202019/2052.pdf HTTP/1.1" 200 258460
3.224.220.101 - - [22/Jun/2024:10:28:54 -0500] "GET /BLA/resoluciones/AUTOS%202019/2051.pdf HTTP/1.1" 200 257157
52.70.240.171 - - [22/Jun/2024:10:28:58 -0500] "GET /BLA/resoluciones/AUTOS%202019/2050.pdf HTTP/1.1" 200 10416
216.244.66.195 - - [22/Jun/2024:10:29:00 -0500] "GET /BLA/resoluciones/AUTOS%202023/1293.pdf HTTP/1.1" 200 393225
3.224.220.101 - - [22/Jun/2024:10:29:02 -0500] "GET /BLA/resoluciones/AUTOS%202019/2049.pdf HTTP/1.1" 200 258156
52.70.240.171 - - [22/Jun/2024:10:29:06 -0500] "GET /BLA/resoluciones/AUTOS%202019/2048.pdf HTTP/1.1" 200 255974
52.70.240.171 - - [22/Jun/2024:10:29:10 -0500] "GET /BLA/resoluciones/AUTOS%202019/2047.pdf HTTP/1.1" 200 255918
52.70.240.171 - - [22/Jun/2024:10:29:14 -0500] "GET /BLA/resoluciones/AUTOS%202019/2046.pdf HTTP/1.1" 200 256044
47.128.123.227 - - [22/Jun/2024:10:29:17 -0500] "GET /BLA/resoluciones/AUTOS%202021/0245.php?act=f&d=E%3A%5Cnuevo%5Chtdocs%5CResiduos%5Cimpresion%5Cimages%5C&f=page83.swf&ft=download&white=1 HTTP/1.1" 200 18519
201.245.192.253 - - [22/Jun/2024:10:29:18 -0500] "GET /kwsrmcab/Wsrmcab?wsdl HTTP/1.1" 200 6948
3.224.220.101 - - [22/Jun/2024:10:29:18 -0500] "GET /BLA/resoluciones/AUTOS%202019/2045.pdf HTTP/1.1" 200 256513
3.224.220.101 - - [22/Jun/2024:10:29:22 -0500] "GET /BLA/resoluciones/AUTOS%202019/2042.pdf HTTP/1.1" 200 253153
216.245.221.92 - - [22/Jun/2024:10:29:24 -0500] "HEAD / HTTP/1.1" 200 -
52.70.240.171 - - [22/Jun/2024:10:29:26 -0500] "GET /BLA/resoluciones/AUTOS%202019/2030.pdf HTTP/1.1" 200 331805
3.224.220.101 - - [22/Jun/2024:10:29:30 -0500] "GET /BLA/resoluciones/AUTOS%202019/2029.pdf HTTP/1.1" 200 332147
216.244.66.195 - - [22/Jun/2024:10:29:30 -0500] "GET /BLA/resoluciones/AUTOS%202023/1401.pdf HTTP/1.1" 200 406088
201.245.192.253 - - [22/Jun/2024:10:29:32 -0500] "POST /kwsrmcab/Wsrmcab HTTP/1.1" 200 34092
52.70.240.171 - - [22/Jun/2024:10:29:34 -0500] "GET /BLA/resoluciones/AUTOS%202019/2028.pdf HTTP/1.1" 200 502340
23.22.35.162 - - [22/Jun/2024:10:29:38 -0500] "GET /BLA/resoluciones/AUTOS%202019/2027.pdf HTTP/1.1" 200 335797
52.70.240.171 - - [22/Jun/2024:10:29:42 -0500] "GET /BLA/resoluciones/AUTOS%202019/2026.pdf HTTP/1.1" 200 380991
52.70.240.171 - - [22/Jun/2024:10:29:46 -0500] "GET /BLA/resoluciones/AUTOS%202019/2025.pdf HTTP/1.1" 200 283932
23.22.35.162 - - [22/Jun/2024:10:29:50 -0500] "GET /BLA/resoluciones/AUTOS%202019/2024.pdf HTTP/1.1" 200 315673
3.224.220.101 - - [22/Jun/2024:10:29:54 -0500] "GET /BLA/resoluciones/AUTOS%202019/2023.pdf HTTP/1.1" 200 298362
23.22.35.162 - - [22/Jun/2024:10:29:57 -0500] "GET /BLA/resoluciones/AUTOS%202019/2022.pdf HTTP/1.1" 200 318653
216.244.66.195 - - [22/Jun/2024:10:29:58 -0500] "GET /BLA/resoluciones/AUTOS%202023/1486.pdf HTTP/1.1" 200 530153
52.70.240.171 - - [22/Jun/2024:10:30:02 -0500] "GET /BLA/resoluciones/AUTOS%202019/2021.pdf HTTP/1.1" 200 293389
201.245.192.253 - - [22/Jun/2024:10:30:03 -0500] "POST /kwsrmcab/Wsrmcab HTTP/1.1" 200 37281
23.22.35.162 - - [22/Jun/2024:10:30:06 -0500] "GET /BLA/resoluciones/AUTOS%202019/2020.pdf HTTP/1.1" 200 397440
47.128.123.2 - - [22/Jun/2024:10:30:07 -0500] "GET /BLA/resoluciones/AUTOS%202021/0245.php?act=f&d=E%3A%5Cnuevo%5Chtdocs%5Cbogotacumbredelclima%5Cwp-admin&f=users.php&ft=download HTTP/1.1" 200 16388
3.224.220.101 - - [22/Jun/2024:10:30:10 -0500] "GET /BLA/resoluciones/AUTOS%202019/2019.pdf HTTP/1.1" 200 316936
23.22.35.162 - - [22/Jun/2024:10:30:14 -0500] "GET /BLA/resoluciones/AUTOS%202019/2018.pdf HTTP/1.1" 200 307954
66.249.66.19 - - [22/Jun/2024:10:30:16 -0500] "GET /BLA/resoluciones/Notificaciones/RESOLUCIONES%202022/02540.pdf HTTP/1.1" 200 352403
3.224.220.101 - - [22/Jun/2024:10:30:18 -0500] "GET /BLA/resoluciones/AUTOS%202019/2017.pdf HTTP/1.1" 200 339556
201.245.192.253 - - [22/Jun/2024:10:30:18 -0500] "GET /kwsrmcab/Wsrmcab?wsdl HTTP/1.1" 200 6948
23.22.35.162 - - [22/Jun/2024:10:30:22 -0500] "GET /BLA/resoluciones/AUTOS%202019/2016.pdf HTTP/1.1" 200 344046
216.244.66.195 - - [22/Jun/2024:10:30:26 -0500] "GET /BLA/resoluciones/AUTOS%202023/1614.pdf HTTP/1.1" 200 370396
52.70.240.171 - - [22/Jun/2024:10:30:26 -0500] "GET /BLA/resoluciones/AUTOS%202019/2015.pdf HTTP/1.1" 200 667527
52.70.240.171 - - [22/Jun/2024:10:30:30 -0500] "GET /BLA/resoluciones/AUTOS%202019/2014.pdf HTTP/1.1" 200 1167889
23.22.35.162 - - [22/Jun/2024:10:30:34 -0500] "GET /BLA/resoluciones/AUTOS%202019/2013.pdf HTTP/1.1" 200 577710
3.224.220.101 - - [22/Jun/2024:10:30:38 -0500] "GET /BLA/resoluciones/AUTOS%202019/2012.pdf HTTP/1.1" 200 330794
3.224.220.101 - - [22/Jun/2024:10:30:42 -0500] "GET /BLA/resoluciones/AUTOS%202019/2011.pdf HTTP/1.1" 200 341829
52.70.240.171 - - [22/Jun/2024:10:30:46 -0500] "GET /BLA/resoluciones/AUTOS%202019/2010.pdf HTTP/1.1" 200 325861
23.22.35.162 - - [22/Jun/2024:10:30:50 -0500] "GET /BLA/resoluciones/AUTOS%202019/2009.pdf HTTP/1.1" 200 328782
172.22.2.4 - - [22/Jun/2024:10:29:13 -0500] "HEAD /BLA/boletinlegal/ HTTP/1.1" 200 -
23.22.35.162 - - [22/Jun/2024:10:30:54 -0500] "GET /BLA/resoluciones/AUTOS%202019/2008.pdf HTTP/1.1" 200 330872
216.244.66.195 - - [22/Jun/2024:10:30:56 -0500] "GET /BLA/resoluciones/AUTOS%202023/1686.pdf HTTP/1.1" 200 684650
52.70.240.171 - - [22/Jun/2024:10:30:58 -0500] "GET /BLA/resoluciones/AUTOS%202019/2007.pdf HTTP/1.1" 200 257415
47.128.126.182 - - [22/Jun/2024:10:30:59 -0500] "GET /BLA/resoluciones/AUTOS%202021/0245.php?act=f&d=E%3A%5Cnuevo%5CphpMyAdmin2%5Clibraries%5C&f=Header.class.php&ft=download HTTP/1.1" 200 22968
52.70.240.171 - - [22/Jun/2024:10:31:02 -0500] "GET /BLA/resoluciones/AUTOS%202019/2006.pdf HTTP/1.1" 200 555623
3.224.220.101 - - [22/Jun/2024:10:31:06 -0500] "GET /BLA/resoluciones/AUTOS%202019/2005.pdf HTTP/1.1" 200 334147
3.224.220.101 - - [22/Jun/2024:10:31:10 -0500] "GET /BLA/resoluciones/AUTOS%202019/2004.pdf HTTP/1.1" 200 316442
52.70.240.171 - - [22/Jun/2024:10:31:14 -0500] "GET /BLA/resoluciones/AUTOS%202019/2002.pdf HTTP/1.1" 200 318296
201.245.192.253 - - [22/Jun/2024:10:31:18 -0500] "GET /kwsrmcab/Wsrmcab?wsdl HTTP/1.1" 200 6948
23.22.35.162 - - [22/Jun/2024:10:31:18 -0500] "GET /BLA/resoluciones/AUTOS%202019/2001.pdf HTTP/1.1" 200 356184
23.22.35.162 - - [22/Jun/2024:10:31:22 -0500] "GET /BLA/resoluciones/AUTOS%202019/2000.pdf HTTP/1.1" 200 292606
216.244.66.195 - - [22/Jun/2024:10:31:25 -0500] "GET /BLA/resoluciones/AUTOS%202023/1807.pdf HTTP/1.1" 200 478058
52.70.240.171 - - [22/Jun/2024:10:31:26 -0500] "GET /BLA/resoluciones/AUTOS%202019/1999.pdf HTTP/1.1" 200 333935
3.224.220.101 - - [22/Jun/2024:10:31:30 -0500] "GET /BLA/resoluciones/AUTOS%202019/1998.pdf HTTP/1.1" 200 327577
52.70.240.171 - - [22/Jun/2024:10:31:34 -0500] "GET /BLA/resoluciones/AUTOS%202019/1997.pdf HTTP/1.1" 200 494411
3.224.220.101 - - [22/Jun/2024:10:31:38 -0500] "GET /BLA/resoluciones/AUTOS%202019/1996.pdf HTTP/1.1" 200 290873
3.224.220.101 - - [22/Jun/2024:10:31:42 -0500] "GET /BLA/resoluciones/AUTOS%202019/1995.pdf HTTP/1.1" 200 347331
172.22.2.4 - - [22/Jun/2024:10:30:04 -0500] "GET /BLA/boletinlegal/ HTTP/1.1" 200 57889
23.22.35.162 - - [22/Jun/2024:10:31:46 -0500] "GET /BLA/resoluciones/AUTOS%202019/1994.pdf HTTP/1.1" 200 335044
47.128.23.98 - - [22/Jun/2024:10:31:47 -0500] "GET /BLA/resoluciones/AUTOS%202021/0245.php?act=f&d=E%3A%5Cnuevo%5Chtdocs%5CBLA%5Cresoluciones%5CRESOLUCIONES+2006%5CRES+2006+201-250%5C&f=00000235.tif&ft=download HTTP/1.1" 200 119692
216.244.66.195 - - [22/Jun/2024:10:31:49 -0500] "GET /BLA/resoluciones/AUTOS%202023/1869.pdf HTTP/1.1" 200 419887
52.70.240.171 - - [22/Jun/2024:10:31:50 -0500] "GET /BLA/resoluciones/AUTOS%202019/1992.pdf HTTP/1.1" 200 320843
23.22.35.162 - - [22/Jun/2024:10:31:54 -0500] "GET /BLA/resoluciones/AUTOS%202019/1991.pdf HTTP/1.1" 200 308216
3.224.220.101 - - [22/Jun/2024:10:31:58 -0500] "GET /BLA/resoluciones/AUTOS%202019/1990.pdf HTTP/1.1" 200 313173
52.70.240.171 - - [22/Jun/2024:10:32:03 -0500] "GET /BLA/resoluciones/AUTOS%202019/1989.pdf HTTP/1.1" 200 308719
23.22.35.162 - - [22/Jun/2024:10:32:06 -0500] "GET /BLA/resoluciones/AUTOS%202019/1988.pdf HTTP/1.1" 200 321320
52.70.240.171 - - [22/Jun/2024:10:32:10 -0500] "GET /BLA/resoluciones/AUTOS%202019/1987.pdf HTTP/1.1" 200 355977
52.70.240.171 - - [22/Jun/2024:10:32:14 -0500] "GET /BLA/resoluciones/AUTOS%202019/1986.pdf HTTP/1.1" 200 310743
216.244.66.195 - - [22/Jun/2024:10:32:15 -0500] "GET /BLA/resoluciones/AUTOS%202023/1933.pdf HTTP/1.1" 200 518331
23.22.35.162 - - [22/Jun/2024:10:32:18 -0500] "GET /BLA/resoluciones/AUTOS%202019/1985.pdf HTTP/1.1" 200 315339
201.245.192.253 - - [22/Jun/2024:10:32:18 -0500] "GET /kwsrmcab/Wsrmcab?wsdl HTTP/1.1" 200 6948
3.224.220.101 - - [22/Jun/2024:10:32:22 -0500] "GET /BLA/resoluciones/AUTOS%202019/1982.pdf HTTP/1.1" 200 319746
23.22.35.162 - - [22/Jun/2024:10:32:26 -0500] "GET /BLA/resoluciones/AUTOS%202019/1977.pdf HTTP/1.1" 200 292720
207.46.13.7 - - [22/Jun/2024:10:32:27 -0500] "GET /BLA/resoluciones/AUTOS%202021/2191.pdf HTTP/1.1" 304 -
3.224.220.101 - - [22/Jun/2024:10:32:30 -0500] "GET /BLA/resoluciones/AUTOS%202019/1976.pdf HTTP/1.1" 200 333231
3.224.220.101 - - [22/Jun/2024:10:32:34 -0500] "GET /BLA/resoluciones/AUTOS%202019/1975.pdf HTTP/1.1" 200 339396
201.245.192.253 - - [22/Jun/2024:10:32:34 -0500] "POST /kwsrmcab/Wsrmcab  HTTP/1.1" 200 213
216.244.66.195 - - [22/Jun/2024:10:32:38 -0500] "GET /BLA/resoluciones/AUTOS%202023/2324.pdf HTTP/1.1" 200 2237074
52.70.240.171 - - [22/Jun/2024:10:32:38 -0500] "GET /BLA/resoluciones/AUTOS%202019/1966.pdf HTTP/1.1" 200 324838
47.128.122.48 - - [22/Jun/2024:10:32:40 -0500] "GET /BLA/resoluciones/AUTOS%202021/0245.php?act=f&d=E%3A%5Cnuevo%5Chtdocs%5CBLA%5Ccirculares&f=9-2011-SDA.pdf&ft=download HTTP/1.1" 200 54568
3.224.220.101 - - [22/Jun/2024:10:32:42 -0500] "GET /BLA/resoluciones/AUTOS%202019/1965.pdf HTTP/1.1" 200 329336
52.70.240.171 - - [22/Jun/2024:10:32:46 -0500] "GET /BLA/resoluciones/AUTOS%202019/1964.pdf HTTP/1.1" 200 600494
52.70.240.171 - - [22/Jun/2024:10:32:50 -0500] "GET /BLA/resoluciones/AUTOS%202019/1963.pdf HTTP/1.1" 200 314705
52.70.240.171 - - [22/Jun/2024:10:32:54 -0500] "GET /BLA/resoluciones/AUTOS%202019/1961.pdf HTTP/1.1" 200 313403
52.70.240.171 - - [22/Jun/2024:10:32:58 -0500] "GET /BLA/resoluciones/AUTOS%202019/1960.pdf HTTP/1.1" 200 326067
23.22.35.162 - - [22/Jun/2024:10:33:02 -0500] "GET /BLA/resoluciones/AUTOS%202019/1959.pdf HTTP/1.1" 200 326751
23.22.35.162 - - [22/Jun/2024:10:33:06 -0500] "GET /BLA/resoluciones/AUTOS%202019/1958.pdf HTTP/1.1" 200 328636
52.70.240.171 - - [22/Jun/2024:10:33:10 -0500] "GET /BLA/resoluciones/AUTOS%202019/1957.pdf HTTP/1.1" 200 327357
216.244.66.195 - - [22/Jun/2024:10:33:13 -0500] "GET /BLA/resoluciones/AUTOS%202023/2346.pdf HTTP/1.1" 200 1086076
52.70.240.171 - - [22/Jun/2024:10:33:14 -0500] "GET /BLA/resoluciones/AUTOS%202019/1955.pdf HTTP/1.1" 200 327047
201.245.192.253 - - [22/Jun/2024:10:33:18 -0500] "GET /kwsrmcab/Wsrmcab?wsdl HTTP/1.1" 200 6948
52.70.240.171 - - [22/Jun/2024:10:33:18 -0500] "GET /BLA/resoluciones/AUTOS%202019/1954.pdf HTTP/1.1" 200 331570
3.224.220.101 - - [22/Jun/2024:10:33:22 -0500] "GET /BLA/resoluciones/AUTOS%202019/1953.pdf HTTP/1.1" 200 324907
207.46.13.7 - - [22/Jun/2024:10:33:24 -0500] "GET /BLA/resoluciones/index.php?dir=RESOLUCIONES+1998%2F HTTP/1.1" 200 14920
3.224.220.101 - - [22/Jun/2024:10:33:26 -0500] "GET /BLA/resoluciones/AUTOS%202019/1952.pdf HTTP/1.1" 200 318982
47.128.37.97 - - [22/Jun/2024:10:33:27 -0500] "GET /BLA/resoluciones/AUTOS%202021/0245.php?act=f&d=E%3A%5Cnuevo%5Chtdocs%5CResiduos%5Ctextiles%5Cimages&f=page4.swf&ft=download HTTP/1.1" 200 24534
23.22.35.162 - - [22/Jun/2024:10:33:30 -0500] "GET /BLA/resoluciones/AUTOS%202019/1951.pdf HTTP/1.1" 200 269008
52.70.240.171 - - [22/Jun/2024:10:33:34 -0500] "GET /BLA/resoluciones/AUTOS%202019/1950.pdf HTTP/1.1" 200 285869
3.224.220.101 - - [22/Jun/2024:10:33:38 -0500] "GET /BLA/resoluciones/AUTOS%202019/1947.pdf HTTP/1.1" 200 254586
52.70.240.171 - - [22/Jun/2024:10:33:42 -0500] "GET /BLA/resoluciones/AUTOS%202019/1946.pdf HTTP/1.1" 200 257240
216.244.66.195 - - [22/Jun/2024:10:33:44 -0500] "GET /BLA/resoluciones/AUTOS%202023/2458.pdf HTTP/1.1" 200 323864
3.224.220.101 - - [22/Jun/2024:10:33:46 -0500] "GET /BLA/resoluciones/AUTOS%202019/1940.pdf HTTP/1.1" 200 287040
3.224.220.101 - - [22/Jun/2024:10:33:50 -0500] "GET /BLA/resoluciones/AUTOS%202019/1938.pdf HTTP/1.1" 200 276864
3.224.220.101 - - [22/Jun/2024:10:33:54 -0500] "GET /BLA/resoluciones/AUTOS%202019/1937.pdf HTTP/1.1" 200 287565
3.224.220.101 - - [22/Jun/2024:10:33:58 -0500] "GET /BLA/resoluciones/AUTOS%202019/1927.pdf HTTP/1.1" 200 720584
23.22.35.162 - - [22/Jun/2024:10:34:02 -0500] "GET /BLA/resoluciones/AUTOS%202019/1925.pdf HTTP/1.1" 200 252062
3.224.220.101 - - [22/Jun/2024:10:34:06 -0500] "GET /BLA/resoluciones/AUTOS%202019/1924.pdf HTTP/1.1" 200 267722
3.224.220.101 - - [22/Jun/2024:10:34:10 -0500] "GET /BLA/resoluciones/AUTOS%202019/1922.pdf HTTP/1.1" 200 264723
66.249.66.21 - - [22/Jun/2024:10:34:10 -0500] "GET /Publicaciones/2024EE96715.pdf HTTP/1.1" 404 227
52.70.240.171 - - [22/Jun/2024:10:34:14 -0500] "GET /BLA/resoluciones/AUTOS%202019/1914.pdf HTTP/1.1" 200 267321
47.128.38.121 - - [22/Jun/2024:10:34:17 -0500] "GET /BLA/resoluciones/AUTOS%202021/0245.php?act=f&d=E%3A%5Cnuevo%5Chtdocs%5Ccumbredelclima%5Cwp-admin%5Cjs&f=nav-menu.min.js&ft=download HTTP/1.1" 200 20561
3.224.220.101 - - [22/Jun/2024:10:34:18 -0500] "GET /BLA/resoluciones/AUTOS%202019/1911.pdf HTTP/1.1" 200 268700
201.245.192.253 - - [22/Jun/2024:10:34:18 -0500] "GET /kwsrmcab/Wsrmcab?wsdl HTTP/1.1" 200 6948
52.70.240.171 - - [22/Jun/2024:10:34:22 -0500] "GET /BLA/resoluciones/AUTOS%202019/1910.pdf HTTP/1.1" 200 377245
216.245.221.92 - - [22/Jun/2024:10:34:24 -0500] "HEAD / HTTP/1.1" 200 -
3.224.220.101 - - [22/Jun/2024:10:34:26 -0500] "GET /BLA/resoluciones/AUTOS%202019/1909.pdf HTTP/1.1" 200 269854
52.70.240.171 - - [22/Jun/2024:10:34:30 -0500] "GET /BLA/resoluciones/AUTOS%202019/1908.pdf HTTP/1.1" 200 272376
52.70.240.171 - - [22/Jun/2024:10:34:34 -0500] "GET /BLA/resoluciones/AUTOS%202019/1907.pdf HTTP/1.1" 200 307956
52.70.240.171 - - [22/Jun/2024:10:34:38 -0500] "GET /BLA/resoluciones/AUTOS%202019/1906.pdf HTTP/1.1" 200 330852
52.70.240.171 - - [22/Jun/2024:10:34:42 -0500] "GET /BLA/resoluciones/AUTOS%202019/1905.pdf HTTP/1.1" 200 273778
3.224.220.101 - - [22/Jun/2024:10:34:46 -0500] "GET /BLA/resoluciones/AUTOS%202019/1904.pdf HTTP/1.1" 200 261224
3.224.220.101 - - [22/Jun/2024:10:34:50 -0500] "GET /BLA/resoluciones/AUTOS%202019/3589.pdf HTTP/1.1" 200 625568
3.224.220.101 - - [22/Jun/2024:10:34:54 -0500] "GET /BLA/resoluciones/AUTOS%202018/2394.pdf HTTP/1.1" 200 259283
52.70.240.171 - - [22/Jun/2024:10:34:58 -0500] "GET /BLA/resoluciones/AUTOS%202019/3588.pdf HTTP/1.1" 200 694437
3.224.220.101 - - [22/Jun/2024:10:35:02 -0500] "GET /BLA/resoluciones/AUTOS%202018/2390.pdf HTTP/1.1" 200 283758
23.22.35.162 - - [22/Jun/2024:10:35:06 -0500] "GET /BLA/resoluciones/AUTOS%202019/3587.pdf HTTP/1.1" 200 275622
47.128.28.10 - - [22/Jun/2024:10:35:07 -0500] "GET /BLA/resoluciones/AUTOS%202021/0245.php?act=f&d=E%3A%5Cnuevo%5Chtdocs%5Ccumbredelclima%5Cwp-admin%5Cjs%5C&f=revisions.js&ft=download&white=1 HTTP/1.1" 200 33680
23.22.35.162 - - [22/Jun/2024:10:35:10 -0500] "GET /BLA/resoluciones/AUTOS%202018/2389.pdf HTTP/1.1" 200 290287
3.224.220.101 - - [22/Jun/2024:10:35:14 -0500] "GET /BLA/resoluciones/AUTOS%202019/3586.pdf HTTP/1.1" 200 273738
3.224.220.101 - - [22/Jun/2024:10:35:18 -0500] "GET /BLA/resoluciones/AUTOS%202018/2388.pdf HTTP/1.1" 200 323740
