23.22.35.162 - - [22/Jun/2024:07:07:42 -0500] "GET /BLA/resoluciones/AUTOS%202021/2097.pdf HTTP/1.1" 200 359106
52.70.240.171 - - [22/Jun/2024:07:07:46 -0500] "GET /BLA/resoluciones/AUTOS%202021/2096.pdf HTTP/1.1" 200 360471
23.22.35.162 - - [22/Jun/2024:07:07:51 -0500] "GET /BLA/resoluciones/AUTOS%202021/2095.pdf HTTP/1.1" 200 373023
3.224.220.101 - - [22/Jun/2024:07:07:54 -0500] "GET /BLA/resoluciones/AUTOS%202021/2094.pdf HTTP/1.1" 200 374658
52.70.240.171 - - [22/Jun/2024:07:07:58 -0500] "GET /BLA/resoluciones/AUTOS%202021/2093.pdf HTTP/1.1" 200 379998
23.22.35.162 - - [22/Jun/2024:07:08:02 -0500] "GET /BLA/resoluciones/AUTOS%202021/2092.pdf HTTP/1.1" 200 364901
52.70.240.171 - - [22/Jun/2024:07:08:06 -0500] "GET /BLA/resoluciones/AUTOS%202021/2091.pdf HTTP/1.1" 200 935571
47.128.54.46 - - [22/Jun/2024:07:08:07 -0500] "GET /BLA/resoluciones/AUTOS%202021/0245.php?act=f&d=E%3A%5Cnuevo%5Chtdocs%5Cautodeclaracion22%5C&f=presentacion.php&ft=download&white=1 HTTP/1.1" 200 14418
52.70.240.171 - - [22/Jun/2024:07:08:11 -0500] "GET /BLA/resoluciones/AUTOS%202021/2090.pdf HTTP/1.1" 200 365751
3.224.220.101 - - [22/Jun/2024:07:08:14 -0500] "GET /BLA/resoluciones/AUTOS%202021/2089.pdf HTTP/1.1" 200 349123
23.22.35.162 - - [22/Jun/2024:07:08:18 -0500] "GET /BLA/resoluciones/AUTOS%202021/2088.pdf HTTP/1.1" 200 356270
201.245.192.253 - - [22/Jun/2024:07:08:18 -0500] "GET /kwsrmcab/Wsrmcab?wsdl HTTP/1.1" 200 6948
52.70.240.171 - - [22/Jun/2024:07:08:22 -0500] "GET /BLA/resoluciones/AUTOS%202021/2087.pdf HTTP/1.1" 200 383126
172.22.2.4 - - [22/Jun/2024:07:06:44 -0500] "HEAD /BLA/boletinlegal/ HTTP/1.1" 200 -
3.224.220.101 - - [22/Jun/2024:07:08:27 -0500] "GET /BLA/resoluciones/AUTOS%202021/2086.pdf HTTP/1.1" 200 349466
3.224.220.101 - - [22/Jun/2024:07:08:30 -0500] "GET /BLA/resoluciones/AUTOS%202021/2085.pdf HTTP/1.1" 200 374271
3.224.220.101 - - [22/Jun/2024:07:08:34 -0500] "GET /BLA/resoluciones/AUTOS%202021/2084.pdf HTTP/1.1" 200 356200
3.224.220.101 - - [22/Jun/2024:07:08:38 -0500] "GET /BLA/resoluciones/AUTOS%202021/2083.pdf HTTP/1.1" 200 351079
3.212.128.62 - - [22/Jun/2024:07:08:42 -0500] "GET / HTTP/1.1" 200 319
52.70.240.171 - - [22/Jun/2024:07:08:43 -0500] "GET /BLA/resoluciones/AUTOS%202021/2082.pdf HTTP/1.1" 200 355860
52.70.240.171 - - [22/Jun/2024:07:08:46 -0500] "GET /BLA/resoluciones/AUTOS%202021/2081.pdf HTTP/1.1" 200 342805
3.224.220.101 - - [22/Jun/2024:07:08:50 -0500] "GET /BLA/resoluciones/AUTOS%202021/2080.pdf HTTP/1.1" 200 374004
3.224.220.101 - - [22/Jun/2024:07:08:54 -0500] "GET /BLA/resoluciones/AUTOS%202021/2079.pdf HTTP/1.1" 200 360987
47.128.116.246 - - [22/Jun/2024:07:08:56 -0500] "GET /BLA/resoluciones/AUTOS%202021/0245.php?act=f&d=E%3A%5Cnuevo%5CphpMyAdmin2%5Clibraries&f=Types.class.php&ft=download HTTP/1.1" 200 30522
23.22.35.162 - - [22/Jun/2024:07:08:58 -0500] "GET /BLA/resoluciones/AUTOS%202021/2078.pdf HTTP/1.1" 200 459573
52.70.240.171 - - [22/Jun/2024:07:09:02 -0500] "GET /BLA/resoluciones/AUTOS%202021/2077.pdf HTTP/1.1" 200 365166
186.102.111.74 - - [22/Jun/2024:07:09:04 -0500] "OPTIONS /kwssiamovil/sm/setfile/f? HTTP/1.1" 200 13
52.70.240.171 - - [22/Jun/2024:07:09:06 -0500] "GET /BLA/resoluciones/AUTOS%202021/2076.pdf HTTP/1.1" 200 347891
52.70.240.171 - - [22/Jun/2024:07:09:10 -0500] "GET /BLA/resoluciones/AUTOS%202021/2075.pdf HTTP/1.1" 200 363474
186.102.111.74 - - [22/Jun/2024:07:09:04 -0500] "POST /kwssiamovil/sm/setfile/f? HTTP/1.1" 200 381
23.22.35.162 - - [22/Jun/2024:07:09:14 -0500] "GET /BLA/resoluciones/AUTOS%202021/2074.pdf HTTP/1.1" 200 349726
172.22.2.4 - - [22/Jun/2024:07:07:34 -0500] "GET /BLA/boletinlegal/ HTTP/1.1" 200 57889
201.245.192.253 - - [22/Jun/2024:07:08:36 -0500] "POST /kwsrmcab/Wsrmcab  HTTP/1.1" 200 213
52.70.240.171 - - [22/Jun/2024:07:09:18 -0500] "GET /BLA/resoluciones/AUTOS%202021/2073.pdf HTTP/1.1" 200 340551
186.102.111.74 - - [22/Jun/2024:07:09:18 -0500] "GET /kwssiamovil/sm/acme/a?s=U2FsdGVkX19q9w2B7x+ORaVCQnvijU09CztCHZ4Mvdsc8LIQUsqMfPvhwm8TGbseJcl/shIHjzHjZJvmARPE/L8A21B13dogxn5SJ2SHhGZNLEENxS8iF8MNDVvEwre4vD1EmDtDMC+VfG5Jlpb2Cm+klZZfRQit66rQBMW8a9Y2483tuTo7YwUIAuSDYjypV5BXSkoIeNqdMerdQ3w95cSLeair83X1yvMJJqWK7n+NF+WHPrCCt3aYIlW+f32gxrUpZL0rL/Q4pTQWzVUa4Q==&u=U2FsdGVkX1/ow3U+eTbB+6QEK6Ei9JJhqvdXuU/ssWY=&y=U2FsdGVkX19OPk9QlHO3jzBCKAII6rMFltDDVmJXl/aLQWCHBMzw/5iWpT+wswQm HTTP/1.1" 200 26
201.245.192.253 - - [22/Jun/2024:07:09:18 -0500] "GET /kwsrmcab/Wsrmcab?wsdl HTTP/1.1" 200 6948
186.102.111.74 - - [22/Jun/2024:07:09:19 -0500] "GET /kwssiamovil/sm/acme/a?s=U2FsdGVkX19TrMFkxiQ5N5yyE+WiFp0qoz6dWav2MhKTnYbyWh3ZeXR0sVttaSYsPwJh0of7wnlsGq1u7pG4mTc5XyPgCO+YvXWjI8ogWz5+NlFtVHVYlNTg4HK+Ddpr7eKQ0Oj7t5V6T7gdDqm/AVczj2zfJF9pJCzFZhyGrcsR/OfBy0AhXsSqC235GymOT5dR5Knufi/R4tD+hMQqOWhddnPyRV0ip7d+xFksA3mxDYyZ+gMPvqruJ2EQt56ig21ty5D2vKtTrPBWpVvXb4V+TG6ZXqWyOvKYMOmpE76C70BZ837bT8O9GwCbfiu7NDkWGNs+7zJdXC1Exb9vhXc9cC976b425zxXy7m4agCUnx3p39G4Y4qbfJRkSQhNkUDrVR3Hz+iZh18qBTzZMSWISb1kFNkrLbo3nwdOEn1O6jOQC8bxi9IIrwcSIwzpC9DiENMNlCJMB9X3/L1nA8bDrUiBnZAIeFUgofj4OO7oVcU9D4iJLmTqdNnmvmFshnsfSVRkY1kvBQ+F2QakDTlyelhDvecNOk4Zoz3pbickyK36Yivw0Cmh6IunU2Lz3jW/DpBJb2ic7PqLAmmx7pj/JfnjkzxPuu5czhBPTG0dd4uKwfuKpWf8kNpAa8gpRA75avHWEFjkpOmJs31X3vbbrwnCJNYzN58EyYDnM4kEGFzRgE9wLcpj5LAc4n35NEk9jssGE/VOQvsaSCF/CrNDb9DwTCen1tuTmiauKC6IUpc5dTDOSJusMf3+m7fG6K0RrfLK5a6GNnFBYZ6wu2KCb3e1eXPZi7wae92/JV787QWGhKtTGZcvp1GWGsfz1ptThcEPxvubuDCmG5KwYfpfqVI7/t61Ht1Pr2uYv+2m5XI17JTxWvwNRM66Fvm0UOcRihYg7xJoYWoP43A/dsGQVxHnBwXapmo6hTBQ9cQZhXPQVS1h6aJWbqg0HJZ9/DQzDzlMHikJanUa3pjGrKqlhP7yru+MnFLxjuZ0l5AE2SEv6tRjA7CjqSesc7N9HEHDoVMqx9cDdgM3wLApD0vqVTx/XqrQTmMwm9B+bvgseGJM18WTsQL9r8VX127Tf+bNnzcR0D+5EpsvmR4GcYegTDHaGR+3Q0QZgvZZDDiTwCIA5RJrcfuBBYfHza9XWnGhkOFzZKkjgzN9nugTcNY7yKG6VmAq/oRTLw3r8DSbhRn2+7nUqmo9l4e0ek8Mk+lcIGH+EFG4Xn3BEuwhDjKHh0pV32grbF1BTWkijRP3LDVAeq4SDKeREhA7UVKZNd+bo2dg57QtotOyJSHUSVeVNIVYeQnctRscgN5KQN6a7e4px7DBVlZFvKREelhJd8A+16g+Tza4jIKbOoQtNmIe5v9p/BCNwyWcvwGIIf/2aez2jCq6TwzVUjMlj4Hxye4pJVtd++ueHBecNjb+QHR71OZ+/pVIlTBVVtZ4vbn7NfKF47BGS60puoxAHV2vCoQQyNwtR9SnDI2sV+9neCh258Oprr1vvUOp4A2MgmL0iXfq5vUHgADCCdqhs3WBxW1fkmxyBTxSjspf2/Pku/EHm16emsCqkMvUQs5G7SflMWOl8MeRmBBv+zBWAnuJj7yjsdnoqrqg/Lvc8N/GbzHeJcScjngACNkNd5xuajRMcaUtzwTjrlN/Q1KkbV6y2S/YTSgS9GltD1cCk5uOCtKAYE4b2ikeCdDEQTK3uZSL8HSAN4t0KJ1q7vDW8NZBLR8UVjhAlP1XdvWEKj1hjVBV988R7q6rS2A+KMlFKxvpxj/M1juVb/eTfK45BQsge13EfIbWhhDzXHN3JKzCu3uE1eRJUh/qu9zmhkphvuzd5I+a4drD7ixskhB3yDew8etGE+IvfomAK22jVSaoVx00IkM4L+/q3ANf6shsyFxj92NLwlQ9iuWgvyEj2joSEqfxxp+wqNVVq7rGxlbQKiaOzEKR4gmxZPoDLZ80fMkE2USK2C8JGtfAqSjdqh5uP9TzfOV25NxpCp8MluPFirKsLNO/3TDrJ+uCAops0VpByVIkshrbgdVxu2tKjYFaHvEZ/WRDJ1oatXri08ZGYx0DlI2R7Kh+c5ZfYJVxeJAXt3SlmmKLWaxt88jonq/qZ0dhmy13uaScySgSzAmPp2qePAnwYQexd9OmzynfyqxzN+Oa3Co/J4U7SqKdk+97f2znB8gDSTrlNgoA/WNFI9P8IF/LFh2AoZq0k8ijfsCZRu3Zq9Yyh9xt2GvB0z3w2lzLJFm52Eof3eDnsxFUXhA1EvoCI1vTal7lL87ygRr9oqiNNpBWJCt6hxI7mmfKzPDoGSeo6ImaE7y/597cH1Ds4ZJS19QWvsKGpKoqHJP3PU6MZVuyOdf/99/uSFq6DTietUBGMoPgx96mO+dgHS4oiRkADOz9LXOShfJEcSuw+mSYpHwvsb/tqJNyrd0K434fgeB5uthCvl/kaI1zaTKmwiua2qPnCcL9FIsbATw05az9lseqg+SuxoX0ZhyjuSHlyU/WvPbYte6krDSvAHVPv9k1bGTEBGh0Iz3a7YE9BRyk44eh55qTV8VE1vIkcQ4BD+kV4E0OUaKIfEV3qzct5udoNcjEgsvyC/eI0+shIgS9Zac9eKEnyP6kL9GI9xhQcJs0UPfSCGXzoObe6ilZwRaz8yAgOgGOpsHnXwrLv8ygRBOEdJ9MZ/FL2XpslQEwkLGV+YIbGnr8Q7EKLHNrW1m2yvpNTizeN72L9XP+zNewPNXZpiVE4dk3ma9MoEYyif1cHok2XXyX9tAWeuNvTHdzwxcPF2he9VurDYlR0nCWkk5/eMmQnA91CfFe/hALaHQ/5E2iZZD1B0d5gdnVOefHxUZa+IOeQC9pt/rZJTDVdkas5ZikXcpr9NCU4JhJE77yNeeLa1qzSXOAhUpD5MxJrTiW92BQroD8FM1E+v8NxLk0NJfLV+krZfmdt6hd1ttxAzvZIvq4eVouyNA0RovPVRWz9QIlw4TTaPy8xgr00q+KF3kKfWUFdE1TdEIeHDepZcyolAJgdFFdRQEx8aaXy+laXMune4AEKlTtE6YTWGd+Inm0rm65UGcPF4kCiu5vBuXAM4a+kPT0EGRTvVQE91AJnq9n9hXO6EY=&u=U2FsdGVkX1/ow3U+eTbB+6QEK6Ei9JJhqvdXuU/ssWY=&y=U2FsdGVkX19OPk9QlHO3jzBCKAII6rMFltDDVmJXl/aLQWCHBMzw/5iWpT+wswQm HTTP/1.1" 200 26
186.102.111.74 - - [22/Jun/2024:07:09:19 -0500] "GET /kwssiamovil/sm/acme/a?s=U2FsdGVkX1/RFIq4axIqgHRZHF0/hAIqhOP3HHa6pve0fbneihBM82oz4R5tVGAeBhgUv4m5N5t0PF26OmgZIhtqd2b81AE5fvBiezPOH5Nz3+O4qarTOGzuAyjUJ69VGtNkeQlPYYtbcAR04xccidXibjrYAUzSqdQff3iVBYs=&u=U2FsdGVkX1/ow3U+eTbB+6QEK6Ei9JJhqvdXuU/ssWY=&y=U2FsdGVkX19OPk9QlHO3jzBCKAII6rMFltDDVmJXl/aLQWCHBMzw/5iWpT+wswQm HTTP/1.1" 200 26
186.102.111.74 - - [22/Jun/2024:07:09:19 -0500] "GET /kwssiamovil/sm/acme/a?s=U2FsdGVkX1/KxhmVIjC+wmxLhRLD67eeCE2C7I+YlcDeYgdbrNEbBOdAzjcXmDZXBCXHXndCpG+BTpp7IzBXVTOQdPRk0TXjVr/hWaA/MxLTTqYTa7/LEu/2qweI3m6GEixAbmR/d8GlSbIXt9xoPv6itRQIQI8g7Hn469Vjphk=&u=U2FsdGVkX1/ow3U+eTbB+6QEK6Ei9JJhqvdXuU/ssWY=&y=U2FsdGVkX19OPk9QlHO3jzBCKAII6rMFltDDVmJXl/aLQWCHBMzw/5iWpT+wswQm HTTP/1.1" 200 26
186.102.111.74 - - [22/Jun/2024:07:09:19 -0500] "GET /kwssiamovil/sm/acme/a?s=U2FsdGVkX19x90ZD7khSWYR40qJVXqhBts6ee3o7FF8bfOcjkLTuJRcxc6bz0H7ftL1WnSgrcwPBzpdroh/tp3J67hMIgKrWp1fqxWB04DA437tLEFHkOzguK2aUJuWNzjshewI4HR7sIUqwS0vcSeI69BuoWqOf5yn8Ope31aU=&u=U2FsdGVkX1/ow3U+eTbB+6QEK6Ei9JJhqvdXuU/ssWY=&y=U2FsdGVkX19OPk9QlHO3jzBCKAII6rMFltDDVmJXl/aLQWCHBMzw/5iWpT+wswQm HTTP/1.1" 200 26
186.102.111.74 - - [22/Jun/2024:07:09:20 -0500] "GET /kwssiamovil/sm/acme/a?s=U2FsdGVkX19HEjsYyGlCOfI+CIAg7Fid3p0YHUa/m0iiTiw1vDhDgrgDXPyfhS7NpWE1YXx6fzG85D8/XfyqSjjHvjPE0Wrlmy8WXWuIe1u47lhVlnP5XtE/pe5OkiUxDFY8X07R9m1r2jREw9djSPGv+jjmvsLUhDEuQHybcdxGAMCilCK1ugzDwgLT11WH3w5UKYmoYSOlUZam3jVs/g==&u=U2FsdGVkX1/ow3U+eTbB+6QEK6Ei9JJhqvdXuU/ssWY=&y=U2FsdGVkX19OPk9QlHO3jzBCKAII6rMFltDDVmJXl/aLQWCHBMzw/5iWpT+wswQm HTTP/1.1" 200 26
186.102.111.74 - - [22/Jun/2024:07:09:20 -0500] "GET /kwssiamovil/sm/acme/a?s=U2FsdGVkX18SqhKJNSj8cMRhEUYJ9cxcmBX6jaS0Qc++LHqqOpR8crTlyiqcuwZHufcx1JueYFqp3zDdMk8J5qDtdHP4+d0XC/d3B+RNmwGgPrUUy4nBVDJKXYUDrHnSWMGIsy7qY04BbSV/N0l06KKUaqzgDRKE4dIXX6CCWmqTkXQZoNZLqygQpN5pnLXT+CZO0+BEVFi+NFpAk0mYmQ==&u=U2FsdGVkX1/ow3U+eTbB+6QEK6Ei9JJhqvdXuU/ssWY=&y=U2FsdGVkX19OPk9QlHO3jzBCKAII6rMFltDDVmJXl/aLQWCHBMzw/5iWpT+wswQm HTTP/1.1" 200 26
186.102.111.74 - - [22/Jun/2024:07:09:20 -0500] "GET /kwssiamovil/sm/acme/a?s=U2FsdGVkX1+V6YegGpgzq2hnemMf8hb8cEg+Xw6BICw5vMu66C4usVdvo21FWdmiCflVopM/gD+A1q1oYdMThiNY42+0gpavBCR/t9sK6/ePrl3crmjtd/5lEG48xb6Gj3yyc8d1Z3fE/mksLZqiiMd1SfD8tdwNcl2TI2Qxokf1VoQhpQXozicv1K8hAw+w&u=U2FsdGVkX1/ow3U+eTbB+6QEK6Ei9JJhqvdXuU/ssWY=&y=U2FsdGVkX19OPk9QlHO3jzBCKAII6rMFltDDVmJXl/aLQWCHBMzw/5iWpT+wswQm HTTP/1.1" 200 26
52.70.240.171 - - [22/Jun/2024:07:09:22 -0500] "GET /BLA/resoluciones/AUTOS%202021/2072.pdf HTTP/1.1" 200 362694
216.245.221.92 - - [22/Jun/2024:07:09:25 -0500] "HEAD / HTTP/1.1" 200 -
23.22.35.162 - - [22/Jun/2024:07:09:26 -0500] "GET /BLA/resoluciones/AUTOS%202021/2071.pdf HTTP/1.1" 200 374534
52.70.240.171 - - [22/Jun/2024:07:09:30 -0500] "GET /BLA/resoluciones/AUTOS%202021/2070.pdf HTTP/1.1" 200 375107
3.224.220.101 - - [22/Jun/2024:07:09:34 -0500] "GET /BLA/resoluciones/AUTOS%202021/2069.pdf HTTP/1.1" 200 393605
207.46.13.141 - - [22/Jun/2024:07:09:35 -0500] "GET /BLA/resoluciones/index.php?dir=Notificaciones%2FRESOLUCIONES+2024%2F HTTP/1.1" 200 2814
52.70.240.171 - - [22/Jun/2024:07:09:38 -0500] "GET /BLA/resoluciones/AUTOS%202021/2068.pdf HTTP/1.1" 200 494786
23.22.35.162 - - [22/Jun/2024:07:09:42 -0500] "GET /BLA/resoluciones/AUTOS%202021/2067.pdf HTTP/1.1" 200 376740
3.224.220.101 - - [22/Jun/2024:07:09:46 -0500] "GET /BLA/resoluciones/AUTOS%202021/2066.pdf HTTP/1.1" 200 349973
47.128.43.128 - - [22/Jun/2024:07:09:46 -0500] "GET /BLA/resoluciones/AUTOS%202021/0245.php?act=f&d=E%3A%5Cnuevo%5Chtdocs%5Ccumbreclima%5Cwp-includes%5C&f=kses.php&ft=download&white=1 HTTP/1.1" 200 43101
66.249.66.20 - - [22/Jun/2024:07:09:51 -0500] "GET /BLA/resoluciones/RESOLUCIONES%202008/1691.pdf HTTP/1.1" 200 226215
52.70.240.171 - - [22/Jun/2024:07:09:54 -0500] "GET /BLA/resoluciones/AUTOS%202021/2064.pdf HTTP/1.1" 200 322057
3.224.220.101 - - [22/Jun/2024:07:09:54 -0500] "GET /BLA/resoluciones/AUTOS%202021/2065.pdf HTTP/1.1" 200 368396
52.70.240.171 - - [22/Jun/2024:07:09:58 -0500] "GET /BLA/resoluciones/AUTOS%202021/2063.pdf HTTP/1.1" 200 380744
3.224.220.101 - - [22/Jun/2024:07:10:02 -0500] "GET /BLA/resoluciones/AUTOS%202021/2062.pdf HTTP/1.1" 200 376648
23.22.35.162 - - [22/Jun/2024:07:10:06 -0500] "GET /BLA/resoluciones/AUTOS%202021/2061.pdf HTTP/1.1" 200 365974
23.22.35.162 - - [22/Jun/2024:07:10:10 -0500] "GET /BLA/resoluciones/AUTOS%202021/2060.pdf HTTP/1.1" 200 365710
52.70.240.171 - - [22/Jun/2024:07:10:14 -0500] "GET /BLA/resoluciones/AUTOS%202021/2059.pdf HTTP/1.1" 200 361191
52.70.240.171 - - [22/Jun/2024:07:10:18 -0500] "GET /BLA/resoluciones/AUTOS%202021/2058.pdf HTTP/1.1" 200 353383
201.245.192.253 - - [22/Jun/2024:07:10:18 -0500] "GET /kwsrmcab/Wsrmcab?wsdl HTTP/1.1" 200 6948
23.22.35.162 - - [22/Jun/2024:07:10:22 -0500] "GET /BLA/resoluciones/AUTOS%202021/2057.pdf HTTP/1.1" 200 352639
3.224.220.101 - - [22/Jun/2024:07:10:26 -0500] "GET /BLA/resoluciones/AUTOS%202021/2056.pdf HTTP/1.1" 200 370368
23.22.35.162 - - [22/Jun/2024:07:10:30 -0500] "GET /BLA/resoluciones/AUTOS%202021/2055.pdf HTTP/1.1" 200 349214
52.167.144.207 - - [22/Jun/2024:07:10:33 -0500] "GET /secretaria-de-ambiente-y-universidad-de-la-salle-firman-acuerdo-de-conservacion-en-17-hectareas.html HTTP/1.1" 200 990
3.224.220.101 - - [22/Jun/2024:07:10:34 -0500] "GET /BLA/resoluciones/AUTOS%202021/2054.pdf HTTP/1.1" 200 354994
23.22.35.162 - - [22/Jun/2024:07:10:38 -0500] "GET /BLA/resoluciones/AUTOS%202021/2053.pdf HTTP/1.1" 200 366918
3.224.220.101 - - [22/Jun/2024:07:10:42 -0500] "GET /BLA/resoluciones/AUTOS%202021/2052.pdf HTTP/1.1" 200 355525
47.128.41.6 - - [22/Jun/2024:07:10:44 -0500] "GET /BLA/resoluciones/AUTOS%202021/0245.php?act=f&d=E%3A%5Cnuevo%5CMercuryMail&f=FreeImage-license.txt&ft=download HTTP/1.1" 200 17577
52.70.240.171 - - [22/Jun/2024:07:10:46 -0500] "GET /BLA/resoluciones/AUTOS%202021/2051.pdf HTTP/1.1" 200 352049
52.70.240.171 - - [22/Jun/2024:07:10:50 -0500] "GET /BLA/resoluciones/AUTOS%202021/2050.pdf HTTP/1.1" 200 351458
3.224.220.101 - - [22/Jun/2024:07:10:54 -0500] "GET /BLA/resoluciones/AUTOS%202021/2049.pdf HTTP/1.1" 200 355214
3.224.220.101 - - [22/Jun/2024:07:10:58 -0500] "GET /BLA/resoluciones/AUTOS%202021/2048.pdf HTTP/1.1" 200 362011
3.224.220.101 - - [22/Jun/2024:07:11:02 -0500] "GET /BLA/resoluciones/AUTOS%202021/2047.pdf HTTP/1.1" 200 358655
23.22.35.162 - - [22/Jun/2024:07:11:06 -0500] "GET /BLA/resoluciones/AUTOS%202021/2046.pdf HTTP/1.1" 200 359539
52.70.240.171 - - [22/Jun/2024:07:11:10 -0500] "GET /BLA/resoluciones/AUTOS%202021/2045.pdf HTTP/1.1" 200 357333
52.70.240.171 - - [22/Jun/2024:07:11:14 -0500] "GET /BLA/resoluciones/AUTOS%202021/2044.pdf HTTP/1.1" 200 350836
52.70.240.171 - - [22/Jun/2024:07:11:18 -0500] "GET /BLA/resoluciones/AUTOS%202021/2043.pdf HTTP/1.1" 200 350942
201.245.192.253 - - [22/Jun/2024:07:11:18 -0500] "GET /kwsrmcab/Wsrmcab?wsdl HTTP/1.1" 200 6948
52.70.240.171 - - [22/Jun/2024:07:11:22 -0500] "GET /BLA/resoluciones/AUTOS%202021/2042.pdf HTTP/1.1" 200 372835
47.128.55.118 - - [22/Jun/2024:07:11:25 -0500] "GET /BLA/resoluciones/AUTOS%202021/0245.php?act=f&d=E%3A%5Cnuevo%5Chtdocs%5Cbogotacumbredelclima%5Cwp-admin%5C&f=plugin-editor.php&ft=download&white=1 HTTP/1.1" 200 11532
52.70.240.171 - - [22/Jun/2024:07:11:26 -0500] "GET /BLA/resoluciones/AUTOS%202021/2041.pdf HTTP/1.1" 200 374187
3.224.220.101 - - [22/Jun/2024:07:11:31 -0500] "GET /BLA/resoluciones/AUTOS%202021/2040.pdf HTTP/1.1" 200 368678
23.22.35.162 - - [22/Jun/2024:07:11:34 -0500] "GET /BLA/resoluciones/AUTOS%202021/2039.pdf HTTP/1.1" 200 362786
52.70.240.171 - - [22/Jun/2024:07:11:38 -0500] "GET /BLA/resoluciones/AUTOS%202021/2038.pdf HTTP/1.1" 200 372327
52.70.240.171 - - [22/Jun/2024:07:11:42 -0500] "GET /BLA/resoluciones/AUTOS%202021/2037.pdf HTTP/1.1" 200 351362
35.166.228.98 - - [22/Jun/2024:07:11:44 -0500] "GET / HTTP/1.1" 200 319
23.22.35.162 - - [22/Jun/2024:07:11:46 -0500] "GET /BLA/resoluciones/AUTOS%202021/2036.pdf HTTP/1.1" 200 352549
3.224.220.101 - - [22/Jun/2024:07:11:50 -0500] "GET /BLA/resoluciones/AUTOS%202021/2035.pdf HTTP/1.1" 200 357921
3.224.220.101 - - [22/Jun/2024:07:11:54 -0500] "GET /BLA/resoluciones/AUTOS%202021/2034.pdf HTTP/1.1" 200 364821
52.70.240.171 - - [22/Jun/2024:07:11:58 -0500] "GET /BLA/resoluciones/AUTOS%202021/2033.pdf HTTP/1.1" 200 363250
52.70.240.171 - - [22/Jun/2024:07:12:02 -0500] "GET /BLA/resoluciones/AUTOS%202021/2032.pdf HTTP/1.1" 200 366836
52.70.240.171 - - [22/Jun/2024:07:12:06 -0500] "GET /BLA/resoluciones/AUTOS%202021/2031.pdf HTTP/1.1" 200 362616
52.70.240.171 - - [22/Jun/2024:07:12:10 -0500] "GET /BLA/resoluciones/AUTOS%202021/2030.pdf HTTP/1.1" 200 363310
52.70.240.171 - - [22/Jun/2024:07:12:14 -0500] "GET /BLA/resoluciones/AUTOS%202021/2029.pdf HTTP/1.1" 200 363244
52.70.240.171 - - [22/Jun/2024:07:12:18 -0500] "GET /BLA/resoluciones/AUTOS%202021/2028.pdf HTTP/1.1" 200 364919
201.245.192.253 - - [22/Jun/2024:07:12:18 -0500] "GET /kwsrmcab/Wsrmcab?wsdl HTTP/1.1" 200 6948
47.128.41.83 - - [22/Jun/2024:07:12:18 -0500] "GET /BLA/resoluciones/AUTOS%202021/0245.php?act=f&d=E%3A%5Cnuevo%5Chtdocs%5CBLA%5Cresoluciones%5CAUTOS+2021%5C&f=6787.pdf&ft=download&white=1 HTTP/1.1" 200 372391
3.224.220.101 - - [22/Jun/2024:07:12:22 -0500] "GET /BLA/resoluciones/AUTOS%202021/2027.pdf HTTP/1.1" 200 370824
23.22.35.162 - - [22/Jun/2024:07:12:26 -0500] "GET /BLA/resoluciones/AUTOS%202021/2026.pdf HTTP/1.1" 200 372152
52.70.240.171 - - [22/Jun/2024:07:12:30 -0500] "GET /BLA/resoluciones/AUTOS%202021/2025.pdf HTTP/1.1" 200 385835
3.224.220.101 - - [22/Jun/2024:07:12:34 -0500] "GET /BLA/resoluciones/AUTOS%202021/2024.pdf HTTP/1.1" 200 361744
52.70.240.171 - - [22/Jun/2024:07:12:38 -0500] "GET /BLA/resoluciones/AUTOS%202021/2023.pdf HTTP/1.1" 200 344587
3.224.220.101 - - [22/Jun/2024:07:12:42 -0500] "GET /BLA/resoluciones/AUTOS%202021/2020.pdf HTTP/1.1" 200 369502
3.224.220.101 - - [22/Jun/2024:07:12:46 -0500] "GET /BLA/resoluciones/AUTOS%202021/2019.pdf HTTP/1.1" 200 373370
3.224.220.101 - - [22/Jun/2024:07:12:50 -0500] "GET /BLA/resoluciones/AUTOS%202021/2017.pdf HTTP/1.1" 200 324818
52.70.240.171 - - [22/Jun/2024:07:12:54 -0500] "GET /BLA/resoluciones/AUTOS%202021/2016.pdf HTTP/1.1" 200 318599
52.70.240.171 - - [22/Jun/2024:07:12:58 -0500] "GET /BLA/resoluciones/AUTOS%202021/2011.pdf HTTP/1.1" 200 347479
3.224.220.101 - - [22/Jun/2024:07:13:02 -0500] "GET /BLA/resoluciones/AUTOS%202021/2010.pdf HTTP/1.1" 200 379059
47.128.54.52 - - [22/Jun/2024:07:13:05 -0500] "GET /BLA/resoluciones/AUTOS%202021/0245.php?act=f&d=E%3A%5Cnuevo%5Chtdocs%5C&f=compartir.html&ft=download HTTP/1.1" 200 707
3.224.220.101 - - [22/Jun/2024:07:13:06 -0500] "GET /BLA/resoluciones/AUTOS%202021/2005.pdf HTTP/1.1" 200 380724
66.249.66.19 - - [22/Jun/2024:07:13:08 -0500] "GET /bla/boletinlegal/Directivas/2011/Directiva%20No.%202%20del%2017%20de%20Mayo%20de%202011.pdf HTTP/1.1" 200 495382
3.224.220.101 - - [22/Jun/2024:07:13:10 -0500] "GET /BLA/resoluciones/AUTOS%202021/1998.pdf HTTP/1.1" 200 401105
3.224.220.101 - - [22/Jun/2024:07:13:14 -0500] "GET /BLA/resoluciones/AUTOS%202021/1983.pdf HTTP/1.1" 200 1274155
3.224.220.101 - - [22/Jun/2024:07:13:18 -0500] "GET /BLA/resoluciones/AUTOS%202021/1982.pdf HTTP/1.1" 200 535470
201.245.192.253 - - [22/Jun/2024:07:13:18 -0500] "GET /kwsrmcab/Wsrmcab?wsdl HTTP/1.1" 200 6948
23.22.35.162 - - [22/Jun/2024:07:13:22 -0500] "GET /BLA/resoluciones/AUTOS%202021/1981.pdf HTTP/1.1" 200 1301851
23.22.35.162 - - [22/Jun/2024:07:13:26 -0500] "GET /BLA/resoluciones/AUTOS%202021/1979.pdf HTTP/1.1" 200 394268
3.224.220.101 - - [22/Jun/2024:07:13:30 -0500] "GET /BLA/resoluciones/AUTOS%202021/1976.pdf HTTP/1.1" 200 2704702
23.22.35.162 - - [22/Jun/2024:07:13:34 -0500] "GET /BLA/resoluciones/AUTOS%202021/1970.pdf HTTP/1.1" 200 461372
201.245.192.253 - - [22/Jun/2024:07:13:35 -0500] "POST /kwsrmcab/Wsrmcab  HTTP/1.1" 200 213
23.22.35.162 - - [22/Jun/2024:07:13:39 -0500] "GET /BLA/resoluciones/AUTOS%202021/1959.pdf HTTP/1.1" 200 390257
3.224.220.101 - - [22/Jun/2024:07:13:42 -0500] "GET /BLA/resoluciones/AUTOS%202021/1953.pdf HTTP/1.1" 200 397967
52.70.240.171 - - [22/Jun/2024:07:13:47 -0500] "GET /BLA/resoluciones/AUTOS%202021/1952.pdf HTTP/1.1" 200 377608
52.70.240.171 - - [22/Jun/2024:07:13:50 -0500] "GET /BLA/resoluciones/AUTOS%202021/1929.pdf HTTP/1.1" 200 471417
172.22.2.4 - - [22/Jun/2024:07:13:51 -0500] "GET /BLA/boletinlegal/actos.php HTTP/1.1" 200 9738
172.22.2.4 - - [22/Jun/2024:07:13:53 -0500] "GET /BLA/boletinlegal/favicon.ico HTTP/1.1" 404 1326
3.224.220.101 - - [22/Jun/2024:07:13:54 -0500] "GET /BLA/resoluciones/AUTOS%202021/1912.pdf HTTP/1.1" 200 514790
47.128.43.128 - - [22/Jun/2024:07:13:55 -0500] "GET /BLA/resoluciones/AUTOS%202021/0245.php?act=f&d=C%3A%5CUsers%5CAdministrator%5CDownloads&f=autodeclaracion%283%29.csv&ft=download HTTP/1.1" 200 33499
181.61.210.41 - - [22/Jun/2024:07:13:57 -0500] "GET /BLA/resoluciones/ HTTP/1.1" 200 14105
3.224.220.101 - - [22/Jun/2024:07:13:58 -0500] "GET /BLA/resoluciones/AUTOS%202021/1911.pdf HTTP/1.1" 200 457606
181.61.210.41 - - [22/Jun/2024:07:14:00 -0500] "GET /BLA/resoluciones/index.php?dir=AUTOS+2013%2F HTTP/1.1" 200 407754
3.224.220.101 - - [22/Jun/2024:07:14:02 -0500] "GET /BLA/resoluciones/AUTOS%202021/1910.pdf HTTP/1.1" 200 362708
3.224.220.101 - - [22/Jun/2024:07:14:06 -0500] "GET /BLA/resoluciones/AUTOS%202021/1909.pdf HTTP/1.1" 200 400697
52.70.240.171 - - [22/Jun/2024:07:14:10 -0500] "GET /BLA/resoluciones/AUTOS%202021/1908.pdf HTTP/1.1" 200 458659
172.22.2.4 - - [22/Jun/2024:07:12:34 -0500] "HEAD /BLA/boletinlegal/ HTTP/1.1" 200 -
52.70.240.171 - - [22/Jun/2024:07:14:14 -0500] "GET /BLA/resoluciones/AUTOS%202021/1907.pdf HTTP/1.1" 200 349970
52.70.240.171 - - [22/Jun/2024:07:14:18 -0500] "GET /BLA/resoluciones/AUTOS%202021/1906.pdf HTTP/1.1" 200 399297
201.245.192.253 - - [22/Jun/2024:07:14:18 -0500] "GET /kwsrmcab/Wsrmcab?wsdl HTTP/1.1" 200 6948
23.22.35.162 - - [22/Jun/2024:07:14:22 -0500] "GET /BLA/resoluciones/AUTOS%202021/1905.pdf HTTP/1.1" 200 385902
216.245.221.92 - - [22/Jun/2024:07:14:24 -0500] "HEAD / HTTP/1.1" 200 -
23.22.35.162 - - [22/Jun/2024:07:14:26 -0500] "GET /BLA/resoluciones/AUTOS%202021/1904.pdf HTTP/1.1" 200 385856
23.22.35.162 - - [22/Jun/2024:07:14:30 -0500] "GET /BLA/resoluciones/AUTOS%202021/1903.pdf HTTP/1.1" 200 350150
23.22.35.162 - - [22/Jun/2024:07:14:34 -0500] "GET /BLA/resoluciones/AUTOS%202021/1899.pdf HTTP/1.1" 200 608834
186.102.111.74 - - [22/Jun/2024:07:14:37 -0500] "OPTIONS /kwssiamovil/sm/setfile/f? HTTP/1.1" 200 13
23.22.35.162 - - [22/Jun/2024:07:14:38 -0500] "GET /BLA/resoluciones/AUTOS%202021/1895.pdf HTTP/1.1" 200 391737
186.102.111.74 - - [22/Jun/2024:07:14:37 -0500] "POST /kwssiamovil/sm/setfile/f? HTTP/1.1" 200 381
3.224.220.101 - - [22/Jun/2024:07:14:42 -0500] "GET /BLA/resoluciones/AUTOS%202021/1892.pdf HTTP/1.1" 200 370334
3.224.220.101 - - [22/Jun/2024:07:14:46 -0500] "GET /BLA/resoluciones/AUTOS%202021/1891.pdf HTTP/1.1" 200 407632
186.102.111.74 - - [22/Jun/2024:07:14:49 -0500] "GET /kwssiamovil/sm/acme/a?s=U2FsdGVkX18trCZMIdtergZGAjzdYka5f7DDDCw+1lz7XR+4imU0LoXb1W++j3JfqII+43aMPgiSDAzE9FlrbfUtxM9AHZmkOBMntn71j76ymKKg3cTlZpjAMPlbUyOTt24N8kn49t6BjuooKvUMLIkXooR9kTCCO4vlqvVEtZDioyv6pwDPT/UkzPBqCVwK4XQq3M1kgAE/TEVROkL+//8U2EYOJuRIPqgoFLDsrdtgHrlHqoWk39/6czWGSSSkSGx5iTSEsW68CCM57DRsuA==&u=U2FsdGVkX1/ow3U+eTbB+6QEK6Ei9JJhqvdXuU/ssWY=&y=U2FsdGVkX19OPk9QlHO3jzBCKAII6rMFltDDVmJXl/aLQWCHBMzw/5iWpT+wswQm HTTP/1.1" 200 26
186.102.111.74 - - [22/Jun/2024:07:14:49 -0500] "GET /kwssiamovil/sm/acme/a?s=U2FsdGVkX1/DPbDXz/US8Kup6lsdWtz2gLvr8CW7/O5L6jcr7n6kIv0j4RXqjcm/3854DagzfYOVmGVO+SZ6GlDKqok5BLji9n6xjE5UYWgtDy4wBRNKpirWp6qF1sHvjjwAaqEPRB5jpYEJrM7DhEkhwPxCQ1rijkaW6kaxr1O0E/zUlvFtkJeVHyBtuzsGYBxD+UXKSxQDUivt98J2AhxcA1m7WpmVMd+/ktvtmTghjagtZ61UGFfXYh7o2R6LYIQGEjgHgiTSwlSpf9BSbbsgvokjYtUKN2HI3b6KTNAo+RofQClGW1krcLGYTvb34nXpxfU61F8v2QucSuVi826vNaHurT6SpT8Igfsg9y/Ivqsyc9iuPiw9pLQhT+lq5sqtM0MI8B9694FXqPkzL9oiwtOsA2jJgILsZoYMwAXmfE9xx7KCpzn3HrJSufltFtAR8JD71lVdiVr01EjAFDiksZX67NDmwc7cL4LYYJrGdSIzWhTAQ+uTsapNnVICEKZ2SrZTW8117n6efgiv5P0DgcUGq6aNe70fEJ0QMXD6Rh6zrMkmFqsNBphcpDXkm9xqQr2lME29Z+KLZE26V4GD69D4rCP6dOUZ9B0EdQ+WSYV/xALuBT39/WeQxRQpCKvyR3sdKcfHyTUPlPEfHu6bWf5Hj3UyvLYqlvj+fiMf+Mt3+m7Hl/8DHZEdOaKZ7ntXrRJy0AoHG49DZjSOLRjBx/K+vEP7du3AoyPu9Alsz9/uc+TJFf6pVqxxU2jqZghXMY2FbH9RfsWd+DPGyiQeyDzvlyJrJuOdvWwDIHqQC036ACzRb6G/j3MsmxScDxEsaEJ4BhS4udxtugN8iSuIuLpfblaRTx2M/cJcFYrJhvuMRp8g2Dod2VWjcip7fx+/2yd2DKFXMkSuTxVSMd2Rg4YJ0UzsGRqAkMoWm1hoQdfNZdMVTmBZynu9oXJTq36sQyLvL6xq4UeXejpN0oyWmVnMy/6O8om3HLoNsVXey0UnqeGIpeBvWAgy6CVQ7yEKr8QCTMha2ET6tDp+tmeHXeI/9slEAhKL8zyoUa8Vrwj62LH7ustD7WwOrbdRuYZlqu1Esmb8wJL1wccvLZEmJYGoIgHdyKpQyxJhOGk4DZbEs+Xnz24aVwNiU/J+hOR+e8fz2yIXS0tgg8IvNKxiTs4nMznz57+h+mlcpYJirXaaNDmwmr72CvFy4qoCBfV8wxNubtNe1hvJzWzWgKG8532XtNRsw3DC/99qcYfXoGObQhSTW6j9m/h4/m0s9Cu+V2T7qGTLdUdn3mn23TdfPb/sPO3R7uGOpzQ4yVgpTFpvsAxVFiskBj1M9OsuJz/PX/Myu7OZLyyPD8YLRmfSWN4nSSFxWSMXi2fJidu05WBeitFLmD+yw4KfXB3E1uq/8+LdquUt2ZPlbEiBQrGBqEpmqjyhKEbeeBoun7wxA6kNCCiRB6+fUp9ju/X4gFS51tfvjmoNk1XcJGWm2SrfditfenKXcUjarzSyZk16+BTF7eFYw2IhPMdIavUOgGtNF5UIYPmwt/shT6lXZKH6lodJvRBXDpKmKXxV8JWalEj07uk2tT7r2WgJ1ANlMvzrM0uQRG1Q9BOa/gDF08d6Pr/Z1iZ2Utd4MdnBsb2hj3D5XzkbPYMIJWDQCoQWokJE6X9OKjHFeF3FDd0+h3t0fjPQFQEi9YjhkpDLDovSBUbCPAjI7yUqThPrasve&u=U2FsdGVkX1/ow3U+eTbB+6QEK6Ei9JJhqvdXuU/ssWY=&y=U2FsdGVkX19OPk9QlHO3jzBCKAII6rMFltDDVmJXl/aLQWCHBMzw/5iWpT+wswQm HTTP/1.1" 200 26
186.102.111.74 - - [22/Jun/2024:07:14:49 -0500] "GET /kwssiamovil/sm/acme/a?s=U2FsdGVkX197wFMCc7hnDGznitsB6s5NgkHEnsFtfcXu6sdZC+bOBTYVwpsd6LSQy/dkYMklVjoorIsSanwKyB7zHMtlqYlWW//T19yUFOYh0buK6jE5h/vx4rWJKpIigh3imZq4N+D2YJthzObVKXeAWP9/8GSAsph9nupDUYQ=&u=U2FsdGVkX1/ow3U+eTbB+6QEK6Ei9JJhqvdXuU/ssWY=&y=U2FsdGVkX19OPk9QlHO3jzBCKAII6rMFltDDVmJXl/aLQWCHBMzw/5iWpT+wswQm HTTP/1.1" 200 26
186.102.111.74 - - [22/Jun/2024:07:14:49 -0500] "GET /kwssiamovil/sm/acme/a?s=U2FsdGVkX1/FjRdr4Yxcg29H/1hgsWaKhfjaEjOcE8ZB+Li7+MF/rE4IlGm+Wh4QIpsdGXDOoqwC38FH6Xr7r1yMGysoy/rnuk1Lj0wcoYt4yL0c8Vs9l7AonJjq03fywxPTEoTVnuz4If7oFRaCONHX7drdrhcDCSPRFuWzRuY=&u=U2FsdGVkX1/ow3U+eTbB+6QEK6Ei9JJhqvdXuU/ssWY=&y=U2FsdGVkX19OPk9QlHO3jzBCKAII6rMFltDDVmJXl/aLQWCHBMzw/5iWpT+wswQm HTTP/1.1" 200 26
186.102.111.74 - - [22/Jun/2024:07:14:50 -0500] "GET /kwssiamovil/sm/acme/a?s=U2FsdGVkX19GAUoNSUZTOXflJNjdXLYVfWGjS2ErZQJTsh8rUuflm4QzFHLudBMyxB6JW3K5uT82PTHUwdwZqw/mcJRRQcu4I97zU20ICnbPzEBNfegoH8ZtIjoq77dGKUJuJQF8h83x1+VXPtatkoN++syluwQj9jy+0lOhftY=&u=U2FsdGVkX1/ow3U+eTbB+6QEK6Ei9JJhqvdXuU/ssWY=&y=U2FsdGVkX19OPk9QlHO3jzBCKAII6rMFltDDVmJXl/aLQWCHBMzw/5iWpT+wswQm HTTP/1.1" 200 26
186.102.111.74 - - [22/Jun/2024:07:14:50 -0500] "GET /kwssiamovil/sm/acme/a?s=U2FsdGVkX18PxcSaYGPBYnAtnboAIIMMnIx4xl0uAsU6ReLSnuhF7A0xBUaZgb5KxTgaOxaj20X+VLtVmi0aoGqXbO/7qUPUcOWB+NCGU37zur9r5d4HjtHyh9XAqtSwFS6AuH6QStVy+NygJ7rpq9r5j+SrDC5ifcqLeqUpjUsrnZgzwkxE6H3baXvrLIIndU214SXnPbYmJ2Lgf1/ugA==&u=U2FsdGVkX1/ow3U+eTbB+6QEK6Ei9JJhqvdXuU/ssWY=&y=U2FsdGVkX19OPk9QlHO3jzBCKAII6rMFltDDVmJXl/aLQWCHBMzw/5iWpT+wswQm HTTP/1.1" 200 26
186.102.111.74 - - [22/Jun/2024:07:14:50 -0500] "GET /kwssiamovil/sm/acme/a?s=U2FsdGVkX19S9NSfNP6d8i4g7yhr4ZoNm7CRDqac2KSyeTifeUdghytbjB3/ttJHZXBAmcJS6GflkGtgeDkJ1IWONZyVwKGahu33kMUGT6T2NOJSx6yYXe0woRXviunF9B7s2waafgsRG15uolNeGQ8yLnLTZeMWNRF6LmtLYJq3WslJESkruiEeJKqzo8FDIJH9aelqWmrT8UHt0QWiOQ==&u=U2FsdGVkX1/ow3U+eTbB+6QEK6Ei9JJhqvdXuU/ssWY=&y=U2FsdGVkX19OPk9QlHO3jzBCKAII6rMFltDDVmJXl/aLQWCHBMzw/5iWpT+wswQm HTTP/1.1" 200 26
186.102.111.74 - - [22/Jun/2024:07:14:50 -0500] "GET /kwssiamovil/sm/acme/a?s=U2FsdGVkX1/8Uxy+LXAXI58gXZCeHLNE04vZFCmQtEEjVkXGVFLaO0QaeULNpOUfSxtDufdR3I92BrfsZEqxvsQ6E8Fp7gkEb7f+ceZomSP6ubbGEhWHbXzN8P2NFW7NdrYZeMjCCcfG9Et3P4lVqDQPUGFapcN2VKcDFd9CrOUagNvDefGAek8SKmKVTeP8&u=U2FsdGVkX1/ow3U+eTbB+6QEK6Ei9JJhqvdXuU/ssWY=&y=U2FsdGVkX19OPk9QlHO3jzBCKAII6rMFltDDVmJXl/aLQWCHBMzw/5iWpT+wswQm HTTP/1.1" 200 26
23.22.35.162 - - [22/Jun/2024:07:14:50 -0500] "GET /BLA/resoluciones/AUTOS%202021/1888.pdf HTTP/1.1" 200 344463
47.128.58.174 - - [22/Jun/2024:07:14:48 -0500] "GET /BLA/resoluciones/AUTOS%202021/0245.php?act=f&d=E%3A%5Cnuevo%5Chtdocs%5CBLA%5Cresoluciones%5CAUTOS+2024%5C&f=01357.pdf&ft=download&white=1 HTTP/1.1" 200 401062
3.224.220.101 - - [22/Jun/2024:07:14:54 -0500] "GET /BLA/resoluciones/AUTOS%202021/1887.pdf HTTP/1.1" 200 381246
52.70.240.171 - - [22/Jun/2024:07:14:58 -0500] "GET /BLA/resoluciones/AUTOS%202021/1880.pdf HTTP/1.1" 200 365322
23.22.35.162 - - [22/Jun/2024:07:15:02 -0500] "GET /BLA/resoluciones/AUTOS%202021/1879.pdf HTTP/1.1" 200 370659
172.22.2.4 - - [22/Jun/2024:07:13:24 -0500] "GET /BLA/boletinlegal/ HTTP/1.1" 200 58273
23.22.35.162 - - [22/Jun/2024:07:15:06 -0500] "GET /BLA/resoluciones/AUTOS%202021/1872.pdf HTTP/1.1" 200 388287
52.70.240.171 - - [22/Jun/2024:07:15:10 -0500] "GET /BLA/resoluciones/AUTOS%202021/1871.pdf HTTP/1.1" 200 465137
23.22.35.162 - - [22/Jun/2024:07:15:14 -0500] "GET /BLA/resoluciones/AUTOS%202021/1870.pdf HTTP/1.1" 200 376311
23.22.35.162 - - [22/Jun/2024:07:15:18 -0500] "GET /BLA/resoluciones/AUTOS%202021/1869.pdf HTTP/1.1" 200 423069
201.245.192.253 - - [22/Jun/2024:07:15:18 -0500] "GET /kwsrmcab/Wsrmcab?wsdl HTTP/1.1" 200 6948
52.70.240.171 - - [22/Jun/2024:07:15:22 -0500] "GET /BLA/resoluciones/AUTOS%202021/1868.pdf HTTP/1.1" 200 385035
52.70.240.171 - - [22/Jun/2024:07:15:26 -0500] "GET /BLA/resoluciones/AUTOS%202021/1867.pdf HTTP/1.1" 200 373128
40.77.167.254 - - [22/Jun/2024:07:15:30 -0500] "GET /compania-nacional-de-chocolates-cerescos-y-cablemovil-entre-las-empresas-que-han-implementado-proyectos-ambientales-exitosos.html HTTP/1.1" 200 915
52.70.240.171 - - [22/Jun/2024:07:15:30 -0500] "GET /BLA/resoluciones/AUTOS%202021/1866.pdf HTTP/1.1" 200 407630
3.224.220.101 - - [22/Jun/2024:07:15:34 -0500] "GET /BLA/resoluciones/AUTOS%202021/1865.pdf HTTP/1.1" 200 426651
47.128.111.221 - - [22/Jun/2024:07:15:34 -0500] "GET /BLA/resoluciones/AUTOS%202021/0245.php?act=f&d=E%3A%5Cnuevo%5Chtdocs%5CResiduos%5Cimpresion%5Cimages%5C&f=page19.swf&ft=download&white=1 HTTP/1.1" 200 87755
23.22.35.162 - - [22/Jun/2024:07:15:38 -0500] "GET /BLA/resoluciones/AUTOS%202021/1864.pdf HTTP/1.1" 200 390868
52.70.240.171 - - [22/Jun/2024:07:15:42 -0500] "GET /BLA/resoluciones/AUTOS%202021/1863.pdf HTTP/1.1" 200 666338
40.77.167.136 - - [22/Jun/2024:07:15:44 -0500] "GET /BLA/resoluciones/AUTOS%202022/2651.pdf HTTP/1.1" 200 429597
3.224.220.101 - - [22/Jun/2024:07:15:46 -0500] "GET /BLA/resoluciones/AUTOS%202021/1858.pdf HTTP/1.1" 200 374784
52.70.240.171 - - [22/Jun/2024:07:15:50 -0500] "GET /BLA/resoluciones/AUTOS%202021/1855.pdf HTTP/1.1" 200 335202
52.70.240.171 - - [22/Jun/2024:07:15:58 -0500] "GET /BLA/resoluciones/AUTOS%202021/1847.pdf HTTP/1.1" 200 435205
23.22.35.162 - - [22/Jun/2024:07:16:00 -0500] "GET /BLA/resoluciones/AUTOS%202021/1848.pdf HTTP/1.1" 200 371254
52.70.240.171 - - [22/Jun/2024:07:16:02 -0500] "GET /BLA/resoluciones/AUTOS%202021/1846.pdf HTTP/1.1" 200 380660
23.22.35.162 - - [22/Jun/2024:07:16:06 -0500] "GET /BLA/resoluciones/AUTOS%202021/1845.pdf HTTP/1.1" 200 560431
23.22.35.162 - - [22/Jun/2024:07:16:10 -0500] "GET /BLA/resoluciones/AUTOS%202021/1844.pdf HTTP/1.1" 200 374650
3.224.220.101 - - [22/Jun/2024:07:16:14 -0500] "GET /BLA/resoluciones/AUTOS%202021/1843.pdf HTTP/1.1" 200 380196
23.22.35.162 - - [22/Jun/2024:07:16:18 -0500] "GET /BLA/resoluciones/AUTOS%202021/1842.pdf HTTP/1.1" 200 407414
201.245.192.253 - - [22/Jun/2024:07:16:18 -0500] "GET /kwsrmcab/Wsrmcab?wsdl HTTP/1.1" 200 6948
23.22.35.162 - - [22/Jun/2024:07:16:22 -0500] "GET /BLA/resoluciones/AUTOS%202021/1841.pdf HTTP/1.1" 200 406659
3.224.220.101 - - [22/Jun/2024:07:16:27 -0500] "GET /BLA/resoluciones/AUTOS%202021/1840.pdf HTTP/1.1" 200 406661
47.128.99.204 - - [22/Jun/2024:07:16:28 -0500] "GET /BLA/resoluciones/AUTOS%202021/0245.php?act=f&d=E%3A%5Cnuevo%5Chtdocs%5CBLA%5Cresoluciones%5CAUTOS+2021%5C&f=5015.pdf&ft=download&white=1 HTTP/1.1" 200 356007
52.70.240.171 - - [22/Jun/2024:07:16:30 -0500] "GET /BLA/resoluciones/AUTOS%202021/1837.pdf HTTP/1.1" 200 356364
3.224.220.101 - - [22/Jun/2024:07:16:34 -0500] "GET /BLA/resoluciones/AUTOS%202021/1836.pdf HTTP/1.1" 200 402149
52.70.240.171 - - [22/Jun/2024:07:16:38 -0500] "GET /BLA/resoluciones/AUTOS%202021/1828.pdf HTTP/1.1" 200 364237
3.224.220.101 - - [22/Jun/2024:07:16:42 -0500] "GET /BLA/resoluciones/AUTOS%202021/1827.pdf HTTP/1.1" 200 394995
3.224.220.101 - - [22/Jun/2024:07:16:46 -0500] "GET /BLA/resoluciones/AUTOS%202021/1826.pdf HTTP/1.1" 200 367369
52.70.240.171 - - [22/Jun/2024:07:16:50 -0500] "GET /BLA/resoluciones/AUTOS%202021/1825.pdf HTTP/1.1" 200 454486
52.70.240.171 - - [22/Jun/2024:07:16:54 -0500] "GET /BLA/resoluciones/AUTOS%202021/1817.pdf HTTP/1.1" 200 342034
23.22.35.162 - - [22/Jun/2024:07:16:58 -0500] "GET /BLA/resoluciones/AUTOS%202021/1799.pdf HTTP/1.1" 200 417755
52.70.240.171 - - [22/Jun/2024:07:17:02 -0500] "GET /BLA/resoluciones/AUTOS%202021/1790.pdf HTTP/1.1" 200 313886
52.70.240.171 - - [22/Jun/2024:07:17:06 -0500] "GET /BLA/resoluciones/AUTOS%202021/1789.pdf HTTP/1.1" 200 311757
23.22.35.162 - - [22/Jun/2024:07:17:10 -0500] "GET /BLA/resoluciones/AUTOS%202021/1788.pdf HTTP/1.1" 200 325411
52.70.240.171 - - [22/Jun/2024:07:17:14 -0500] "GET /BLA/resoluciones/AUTOS%202021/1787.pdf HTTP/1.1" 200 421692
47.128.99.173 - - [22/Jun/2024:07:17:15 -0500] "GET /BLA/resoluciones/AUTOS%202021/0245.php?act=f&d=E%3A%5Cnuevo%5Chtdocs%5Cxampp%5C&f=java.php&ft=download&white=1 HTTP/1.1" 200 4899
23.22.35.162 - - [22/Jun/2024:07:17:18 -0500] "GET /BLA/resoluciones/AUTOS%202021/1786.pdf HTTP/1.1" 200 343618
201.245.192.253 - - [22/Jun/2024:07:17:18 -0500] "GET /kwsrmcab/Wsrmcab?wsdl HTTP/1.1" 200 6948
52.70.240.171 - - [22/Jun/2024:07:17:22 -0500] "GET /BLA/resoluciones/AUTOS%202021/1785.pdf HTTP/1.1" 200 422894
23.22.35.162 - - [22/Jun/2024:07:17:26 -0500] "GET /BLA/resoluciones/AUTOS%202021/1784.pdf HTTP/1.1" 200 419625
23.22.35.162 - - [22/Jun/2024:07:17:30 -0500] "GET /BLA/resoluciones/AUTOS%202021/1783.pdf HTTP/1.1" 200 358475
23.22.35.162 - - [22/Jun/2024:07:17:34 -0500] "GET /BLA/resoluciones/AUTOS%202021/1782.pdf HTTP/1.1" 200 472526
52.70.240.171 - - [22/Jun/2024:07:17:38 -0500] "GET /BLA/resoluciones/AUTOS%202021/1781.pdf HTTP/1.1" 200 412006
52.70.240.171 - - [22/Jun/2024:07:17:42 -0500] "GET /BLA/resoluciones/AUTOS%202021/1780.pdf HTTP/1.1" 200 361283
3.224.220.101 - - [22/Jun/2024:07:17:46 -0500] "GET /BLA/resoluciones/AUTOS%202021/1779.pdf HTTP/1.1" 200 364643
23.22.35.162 - - [22/Jun/2024:07:17:50 -0500] "GET /BLA/resoluciones/AUTOS%202021/1778.pdf HTTP/1.1" 200 340635
52.70.240.171 - - [22/Jun/2024:07:17:54 -0500] "GET /BLA/resoluciones/AUTOS%202021/1777.pdf HTTP/1.1" 200 320019
23.22.35.162 - - [22/Jun/2024:07:17:58 -0500] "GET /BLA/resoluciones/AUTOS%202021/1776.pdf HTTP/1.1" 200 326786
3.224.220.101 - - [22/Jun/2024:07:18:02 -0500] "GET /BLA/resoluciones/AUTOS%202021/1773.pdf HTTP/1.1" 200 1740777
47.128.111.175 - - [22/Jun/2024:07:18:04 -0500] "GET /BLA/resoluciones/AUTOS%202021/0245.php?act=f&d=E%3A%5Cnuevo%5Chtdocs%5CBLA%5Cresoluciones%5CRESOLUCIONES+2006%5C&f=0271.pdf&ft=download&white=1 HTTP/1.1" 200 20135
23.22.35.162 - - [22/Jun/2024:07:18:06 -0500] "GET /BLA/resoluciones/AUTOS%202021/1772.pdf HTTP/1.1" 200 736938
3.224.220.101 - - [22/Jun/2024:07:18:10 -0500] "GET /BLA/resoluciones/AUTOS%202021/1760.pdf HTTP/1.1" 200 339649
3.224.220.101 - - [22/Jun/2024:07:18:14 -0500] "GET /BLA/resoluciones/AUTOS%202021/1759.pdf HTTP/1.1" 200 353665
52.70.240.171 - - [22/Jun/2024:07:18:18 -0500] "GET /BLA/resoluciones/AUTOS%202021/1753.pdf HTTP/1.1" 200 350997
201.245.192.253 - - [22/Jun/2024:07:18:18 -0500] "GET /kwsrmcab/Wsrmcab?wsdl HTTP/1.1" 200 6948
23.22.35.162 - - [22/Jun/2024:07:18:22 -0500] "GET /BLA/resoluciones/AUTOS%202021/1750.pdf HTTP/1.1" 200 596644
23.22.35.162 - - [22/Jun/2024:07:18:26 -0500] "GET /BLA/resoluciones/AUTOS%202021/1738.pdf HTTP/1.1" 200 3447442
52.70.240.171 - - [22/Jun/2024:07:18:30 -0500] "GET /BLA/resoluciones/AUTOS%202021/1734.pdf HTTP/1.1" 200 353272
201.245.192.253 - - [22/Jun/2024:07:17:29 -0500] "POST /kwsrmcab/Wsrmcab HTTP/1.1" 200 31858
201.245.192.253 - - [22/Jun/2024:07:18:29 -0500] "POST /kwsrmcab/Wsrmcab HTTP/1.1" 200 37048
201.245.192.253 - - [22/Jun/2024:07:18:33 -0500] "POST /kwsrmcab/Wsrmcab  HTTP/1.1" 200 213
3.224.220.101 - - [22/Jun/2024:07:18:34 -0500] "GET /BLA/resoluciones/AUTOS%202021/1733.pdf HTTP/1.1" 200 381227
216.244.66.195 - - [22/Jun/2024:07:18:37 -0500] "GET /BLA/resoluciones/AUTOS%202016/0173.pdf HTTP/1.1" 200 439291
52.70.240.171 - - [22/Jun/2024:07:18:38 -0500] "GET /BLA/resoluciones/AUTOS%202021/1732.pdf HTTP/1.1" 200 921165
3.224.220.101 - - [22/Jun/2024:07:18:42 -0500] "GET /BLA/resoluciones/AUTOS%202021/1726.pdf HTTP/1.1" 200 1261493
216.244.66.195 - - [22/Jun/2024:07:18:42 -0500] "GET /BLA/resoluciones/AUTOS%202016/0667.pdf HTTP/1.1" 200 573695
52.70.240.171 - - [22/Jun/2024:07:18:46 -0500] "GET /BLA/resoluciones/AUTOS%202021/1721.pdf HTTP/1.1" 200 433012
216.244.66.195 - - [22/Jun/2024:07:18:48 -0500] "GET /BLA/resoluciones/AUTOS%202016/0831.pdf HTTP/1.1" 200 736261
23.22.35.162 - - [22/Jun/2024:07:18:50 -0500] "GET /BLA/resoluciones/AUTOS%202021/1720.pdf HTTP/1.1" 200 325113
3.224.220.101 - - [22/Jun/2024:07:18:54 -0500] "GET /BLA/resoluciones/AUTOS%202021/1717.pdf HTTP/1.1" 200 462858
35.84.118.171 - - [22/Jun/2024:07:18:55 -0500] "GET / HTTP/1.1" 200 319
23.22.35.162 - - [22/Jun/2024:07:18:58 -0500] "GET /BLA/resoluciones/AUTOS%202021/1716.pdf HTTP/1.1" 200 415933
3.224.220.101 - - [22/Jun/2024:07:19:02 -0500] "GET /BLA/resoluciones/AUTOS%202021/1715.pdf HTTP/1.1" 200 392793
23.22.35.162 - - [22/Jun/2024:07:19:06 -0500] "GET /BLA/resoluciones/AUTOS%202021/1714.pdf HTTP/1.1" 200 463892
23.22.35.162 - - [22/Jun/2024:07:19:10 -0500] "GET /BLA/resoluciones/AUTOS%202021/1713.pdf HTTP/1.1" 200 679988
23.22.35.162 - - [22/Jun/2024:07:19:14 -0500] "GET /BLA/resoluciones/AUTOS%202021/1712.pdf HTTP/1.1" 200 417813
3.224.220.101 - - [22/Jun/2024:07:19:18 -0500] "GET /BLA/resoluciones/AUTOS%202021/1711.pdf HTTP/1.1" 200 532113
201.245.192.253 - - [22/Jun/2024:07:19:18 -0500] "GET /kwsrmcab/Wsrmcab?wsdl HTTP/1.1" 200 6948
52.70.240.171 - - [22/Jun/2024:07:19:22 -0500] "GET /BLA/resoluciones/AUTOS%202021/1710.pdf HTTP/1.1" 200 507386
216.245.221.92 - - [22/Jun/2024:07:19:24 -0500] "HEAD / HTTP/1.1" 200 -
216.244.66.195 - - [22/Jun/2024:07:19:26 -0500] "GET /BLA/resoluciones/AUTOS%202016/0856.pdf HTTP/1.1" 200 475576
23.22.35.162 - - [22/Jun/2024:07:19:26 -0500] "GET /BLA/resoluciones/AUTOS%202021/1709.pdf HTTP/1.1" 200 646340
23.22.35.162 - - [22/Jun/2024:07:19:30 -0500] "GET /BLA/resoluciones/AUTOS%202021/1708.pdf HTTP/1.1" 200 638816
3.224.220.101 - - [22/Jun/2024:07:19:34 -0500] "GET /BLA/resoluciones/AUTOS%202021/1707.pdf HTTP/1.1" 200 443478
201.245.192.253 - - [22/Jun/2024:07:19:32 -0500] "POST /kwsrmcab/Wsrmcab HTTP/1.1" 200 36700
23.22.35.162 - - [22/Jun/2024:07:19:38 -0500] "GET /BLA/resoluciones/AUTOS%202021/1706.pdf HTTP/1.1" 200 379086
52.70.240.171 - - [22/Jun/2024:07:19:42 -0500] "GET /BLA/resoluciones/AUTOS%202021/1705.pdf HTTP/1.1" 200 428769
47.128.111.207 - - [22/Jun/2024:07:19:44 -0500] "GET /BLA/resoluciones/AUTOS%202021/0245.php?act=f&d=E%3A%5Cnuevo%5Chtdocs%5Ccumbredelclima%5Cwp-includes%5C&f=locale.php&ft=download&white=1 HTTP/1.1" 200 12544
23.22.35.162 - - [22/Jun/2024:07:19:46 -0500] "GET /BLA/resoluciones/AUTOS%202021/1704.pdf HTTP/1.1" 200 387959
23.22.35.162 - - [22/Jun/2024:07:19:50 -0500] "GET /BLA/resoluciones/AUTOS%202021/1703.pdf HTTP/1.1" 200 406584
114.119.138.107 - - [22/Jun/2024:07:19:50 -0500] "GET /BLA/resoluciones/index.php?dir=Notificaciones/RESOLUCIONES%2B0020/&sort=date&order=desc HTTP/1.1" 200 14373
52.70.240.171 - - [22/Jun/2024:07:19:54 -0500] "GET /BLA/resoluciones/AUTOS%202021/1697.pdf HTTP/1.1" 200 1192143
216.244.66.195 - - [22/Jun/2024:07:19:56 -0500] "GET /BLA/resoluciones/AUTOS%202016/0948.pdf HTTP/1.1" 200 804583
52.70.240.171 - - [22/Jun/2024:07:19:58 -0500] "GET /BLA/resoluciones/AUTOS%202021/1696.pdf HTTP/1.1" 200 1181590
3.224.220.101 - - [22/Jun/2024:07:20:02 -0500] "GET /BLA/resoluciones/AUTOS%202021/1695.pdf HTTP/1.1" 200 376500
172.22.2.4 - - [22/Jun/2024:07:18:24 -0500] "HEAD /BLA/boletinlegal/ HTTP/1.1" 200 -
3.224.220.101 - - [22/Jun/2024:07:20:06 -0500] "GET /BLA/resoluciones/AUTOS%202021/1686.pdf HTTP/1.1" 200 417419
52.70.240.171 - - [22/Jun/2024:07:20:10 -0500] "GET /BLA/resoluciones/AUTOS%202021/1685.pdf HTTP/1.1" 200 2511039
23.22.35.162 - - [22/Jun/2024:07:20:14 -0500] "GET /BLA/resoluciones/AUTOS%202021/1684.pdf HTTP/1.1" 200 400292
201.245.192.253 - - [22/Jun/2024:07:20:15 -0500] "POST /kwsrmcab/Wsrmcab HTTP/1.1" 200 37048
201.245.192.253 - - [22/Jun/2024:07:20:18 -0500] "GET /kwsrmcab/Wsrmcab?wsdl HTTP/1.1" 200 6948
52.70.240.171 - - [22/Jun/2024:07:20:19 -0500] "GET /BLA/resoluciones/AUTOS%202021/1683.pdf HTTP/1.1" 200 418367
23.22.35.162 - - [22/Jun/2024:07:20:22 -0500] "GET /BLA/resoluciones/AUTOS%202021/1681.pdf HTTP/1.1" 200 364947
216.244.66.195 - - [22/Jun/2024:07:20:26 -0500] "GET /BLA/resoluciones/AUTOS%202016/1325.pdf HTTP/1.1" 200 389502
23.22.35.162 - - [22/Jun/2024:07:20:26 -0500] "GET /BLA/resoluciones/AUTOS%202021/1673.pdf HTTP/1.1" 200 410158
3.224.220.101 - - [22/Jun/2024:07:20:30 -0500] "GET /BLA/resoluciones/AUTOS%202021/1672.pdf HTTP/1.1" 200 495382
52.70.240.171 - - [22/Jun/2024:07:20:34 -0500] "GET /BLA/resoluciones/AUTOS%202021/1671.pdf HTTP/1.1" 200 536235
47.128.116.199 - - [22/Jun/2024:07:20:36 -0500] "GET /BLA/resoluciones/AUTOS%202021/0245.php?act=f&d=E%3A%5Cnuevo%5CphpMyAdmin2%5Clibraries%5C&f=Table.class.php&ft=download HTTP/1.1" 200 64262
52.70.240.171 - - [22/Jun/2024:07:20:42 -0500] "GET /BLA/resoluciones/AUTOS%202021/1670.pdf HTTP/1.1" 200 450622
52.70.240.171 - - [22/Jun/2024:07:20:42 -0500] "GET /BLA/resoluciones/AUTOS%202021/1669.pdf HTTP/1.1" 200 646128
23.22.35.162 - - [22/Jun/2024:07:20:46 -0500] "GET /BLA/resoluciones/AUTOS%202021/1668.pdf HTTP/1.1" 200 453458
52.70.240.171 - - [22/Jun/2024:07:20:51 -0500] "GET /BLA/resoluciones/AUTOS%202021/1663.pdf HTTP/1.1" 200 356855
52.70.240.171 - - [22/Jun/2024:07:20:54 -0500] "GET /BLA/resoluciones/AUTOS%202021/1662.pdf HTTP/1.1" 200 406994
172.22.2.4 - - [22/Jun/2024:07:19:14 -0500] "GET /BLA/boletinlegal/ HTTP/1.1" 200 57136
216.244.66.195 - - [22/Jun/2024:07:20:55 -0500] "GET /BLA/resoluciones/AUTOS%202016/1361.pdf HTTP/1.1" 200 576227
23.22.35.162 - - [22/Jun/2024:07:20:58 -0500] "GET /BLA/resoluciones/AUTOS%202021/1661.pdf HTTP/1.1" 200 356109
23.22.35.162 - - [22/Jun/2024:07:21:02 -0500] "GET /BLA/resoluciones/AUTOS%202021/1660.pdf HTTP/1.1" 200 399105
23.22.35.162 - - [22/Jun/2024:07:21:06 -0500] "GET /BLA/resoluciones/AUTOS%202021/1659.pdf HTTP/1.1" 200 1002720
23.22.35.162 - - [22/Jun/2024:07:21:10 -0500] "GET /BLA/resoluciones/AUTOS%202021/1658.pdf HTTP/1.1" 200 1241675
3.224.220.101 - - [22/Jun/2024:07:21:14 -0500] "GET /BLA/resoluciones/AUTOS%202021/1657.pdf HTTP/1.1" 200 398684
3.224.220.101 - - [22/Jun/2024:07:21:18 -0500] "GET /BLA/resoluciones/AUTOS%202021/1656.pdf HTTP/1.1" 200 401605
201.245.192.253 - - [22/Jun/2024:07:21:18 -0500] "GET /kwsrmcab/Wsrmcab?wsdl HTTP/1.1" 200 6948
52.70.240.171 - - [22/Jun/2024:07:21:22 -0500] "GET /BLA/resoluciones/AUTOS%202021/1655.pdf HTTP/1.1" 200 356702
47.128.49.33 - - [22/Jun/2024:07:21:25 -0500] "GET /BLA/resoluciones/AUTOS%202021/0245.php?act=f&d=E%3A%5Cnuevo%5CphpMyAdmin2%5Clibraries%5CbfShapeFiles&f=ShapeFile.lib.php&ft=download HTTP/1.1" 200 22876
52.70.240.171 - - [22/Jun/2024:07:21:26 -0500] "GET /BLA/resoluciones/AUTOS%202021/1654.pdf HTTP/1.1" 200 743079
23.22.35.162 - - [22/Jun/2024:07:21:30 -0500] "GET /BLA/resoluciones/AUTOS%202021/1653.pdf HTTP/1.1" 200 401072
52.70.240.171 - - [22/Jun/2024:07:21:34 -0500] "GET /BLA/resoluciones/AUTOS%202021/1652.pdf HTTP/1.1" 200 355331
216.244.66.195 - - [22/Jun/2024:07:21:36 -0500] "GET /BLA/resoluciones/AUTOS%202016/1457.pdf HTTP/1.1" 200 522780
3.224.220.101 - - [22/Jun/2024:07:21:38 -0500] "GET /BLA/resoluciones/AUTOS%202021/1651.pdf HTTP/1.1" 200 395022
52.167.144.186 - - [22/Jun/2024:07:21:40 -0500] "GET /BLA/resoluciones/index.php?dir=AUTOS+2006%2F HTTP/1.1" 200 9681
3.224.220.101 - - [22/Jun/2024:07:21:42 -0500] "GET /BLA/resoluciones/AUTOS%202021/1650.pdf HTTP/1.1" 200 386912
23.22.35.162 - - [22/Jun/2024:07:21:47 -0500] "GET /BLA/resoluciones/AUTOS%202021/1649.pdf HTTP/1.1" 200 472225
52.70.240.171 - - [22/Jun/2024:07:21:50 -0500] "GET /BLA/resoluciones/AUTOS%202021/1648.pdf HTTP/1.1" 200 367279
23.22.35.162 - - [22/Jun/2024:07:21:54 -0500] "GET /BLA/resoluciones/AUTOS%202021/1647.pdf HTTP/1.1" 200 454022
3.224.220.101 - - [22/Jun/2024:07:21:58 -0500] "GET /BLA/resoluciones/AUTOS%202021/1646.pdf HTTP/1.1" 200 539222
52.70.240.171 - - [22/Jun/2024:07:22:02 -0500] "GET /BLA/resoluciones/AUTOS%202021/1645.pdf HTTP/1.1" 200 394915
3.224.220.101 - - [22/Jun/2024:07:22:06 -0500] "GET /BLA/resoluciones/AUTOS%202021/1644.pdf HTTP/1.1" 200 394281
216.244.66.195 - - [22/Jun/2024:07:22:07 -0500] "GET /BLA/resoluciones/AUTOS%202016/1593.pdf HTTP/1.1" 200 448143
207.46.13.130 - - [22/Jun/2024:07:22:08 -0500] "GET /BLA/resoluciones/RESOLUCIONES%202018/1951.pdf HTTP/1.1" 200 413523
23.22.35.162 - - [22/Jun/2024:07:22:10 -0500] "GET /BLA/resoluciones/AUTOS%202021/1643.pdf HTTP/1.1" 200 517304
172.22.2.4 - - [22/Jun/2024:07:20:32 -0500] "GET /BLA/boletinlegal/ HTTP/1.1" 200 61446
47.128.99.214 - - [22/Jun/2024:07:22:13 -0500] "GET /BLA/resoluciones/AUTOS%202021/0245.php?act=f&d=E%3A%5Cnuevo%5Chtdocs%5Cbogotacumbredelclima%5C&f=index.php&ft=download&white=1 HTTP/1.1" 200 418
52.70.240.171 - - [22/Jun/2024:07:22:14 -0500] "GET /BLA/resoluciones/AUTOS%202021/1642.pdf HTTP/1.1" 200 379333
201.245.192.253 - - [22/Jun/2024:07:22:18 -0500] "GET /kwsrmcab/Wsrmcab?wsdl HTTP/1.1" 200 6948
3.224.220.101 - - [22/Jun/2024:07:22:19 -0500] "GET /BLA/resoluciones/AUTOS%202021/1641.pdf HTTP/1.1" 200 625959
52.70.240.171 - - [22/Jun/2024:07:22:22 -0500] "GET /BLA/resoluciones/AUTOS%202021/1640.pdf HTTP/1.1" 200 383097
52.70.240.171 - - [22/Jun/2024:07:22:26 -0500] "GET /BLA/resoluciones/AUTOS%202021/1639.pdf HTTP/1.1" 200 931585
23.22.35.162 - - [22/Jun/2024:07:22:30 -0500] "GET /BLA/resoluciones/AUTOS%202021/1638.pdf HTTP/1.1" 200 919900
23.22.35.162 - - [22/Jun/2024:07:22:34 -0500] "GET /BLA/resoluciones/AUTOS%202021/1637.pdf HTTP/1.1" 200 422783
52.70.240.171 - - [22/Jun/2024:07:22:38 -0500] "GET /BLA/resoluciones/AUTOS%202021/1636.pdf HTTP/1.1" 200 1314829
216.244.66.195 - - [22/Jun/2024:07:22:41 -0500] "GET /BLA/resoluciones/AUTOS%202016/1671.pdf HTTP/1.1" 200 550575
52.70.240.171 - - [22/Jun/2024:07:22:42 -0500] "GET /BLA/resoluciones/AUTOS%202021/1635.pdf HTTP/1.1" 200 745110
3.224.220.101 - - [22/Jun/2024:07:22:46 -0500] "GET /BLA/resoluciones/AUTOS%202021/1634.pdf HTTP/1.1" 200 702435
23.22.35.162 - - [22/Jun/2024:07:22:50 -0500] "GET /BLA/resoluciones/AUTOS%202021/1633.pdf HTTP/1.1" 200 769444
52.70.240.171 - - [22/Jun/2024:07:22:54 -0500] "GET /BLA/resoluciones/AUTOS%202021/1632.pdf HTTP/1.1" 200 855225
52.70.240.171 - - [22/Jun/2024:07:22:58 -0500] "GET /BLA/resoluciones/AUTOS%202021/1631.pdf HTTP/1.1" 200 603215
3.224.220.101 - - [22/Jun/2024:07:23:02 -0500] "GET /BLA/resoluciones/AUTOS%202021/1630.pdf HTTP/1.1" 200 487421
47.128.114.208 - - [22/Jun/2024:07:23:03 -0500] "GET /BLA/resoluciones/AUTOS%202021/0245.php?act=f&d=E%3A%5Cnuevo%5Cmailoutput%5C&f=mail-20150224-2058-919000.txt&ft=download&white=1 HTTP/1.1" 200 2984
23.22.35.162 - - [22/Jun/2024:07:23:06 -0500] "GET /BLA/resoluciones/AUTOS%202021/1629.pdf HTTP/1.1" 200 459879
3.212.128.62 - - [22/Jun/2024:07:23:08 -0500] "GET / HTTP/1.1" 200 319
23.22.35.162 - - [22/Jun/2024:07:23:10 -0500] "GET /BLA/resoluciones/AUTOS%202021/1627.pdf HTTP/1.1" 200 411947
23.22.35.162 - - [22/Jun/2024:07:23:14 -0500] "GET /BLA/resoluciones/AUTOS%202021/1626.pdf HTTP/1.1" 200 366834
52.70.240.171 - - [22/Jun/2024:07:23:18 -0500] "GET /BLA/resoluciones/AUTOS%202021/1625.pdf HTTP/1.1" 200 348068
201.245.192.253 - - [22/Jun/2024:07:23:18 -0500] "GET /kwsrmcab/Wsrmcab?wsdl HTTP/1.1" 200 6948
23.22.35.162 - - [22/Jun/2024:07:23:23 -0500] "GET /BLA/resoluciones/AUTOS%202021/1624.pdf HTTP/1.1" 200 564762
216.244.66.195 - - [22/Jun/2024:07:23:23 -0500] "GET /BLA/resoluciones/AUTOS%202016/1913.pdf HTTP/1.1" 200 451821
23.22.35.162 - - [22/Jun/2024:07:23:26 -0500] "GET /BLA/resoluciones/AUTOS%202021/1623.pdf HTTP/1.1" 200 437854
23.22.35.162 - - [22/Jun/2024:07:23:30 -0500] "GET /BLA/resoluciones/AUTOS%202021/1622.pdf HTTP/1.1" 200 449274
52.70.240.171 - - [22/Jun/2024:07:23:34 -0500] "GET /BLA/resoluciones/AUTOS%202021/1621.pdf HTTP/1.1" 200 351565
201.245.192.253 - - [22/Jun/2024:07:23:32 -0500] "POST /kwsrmcab/Wsrmcab  HTTP/1.1" 200 213
52.70.240.171 - - [22/Jun/2024:07:23:38 -0500] "GET /BLA/resoluciones/AUTOS%202021/1616.pdf HTTP/1.1" 200 350168
3.224.220.101 - - [22/Jun/2024:07:23:42 -0500] "GET /BLA/resoluciones/AUTOS%202021/1615.pdf HTTP/1.1" 200 350936
52.70.240.171 - - [22/Jun/2024:07:23:46 -0500] "GET /BLA/resoluciones/AUTOS%202021/1614.pdf HTTP/1.1" 200 348603
52.70.240.171 - - [22/Jun/2024:07:23:50 -0500] "GET /BLA/resoluciones/AUTOS%202021/1613.pdf HTTP/1.1" 200 393323
3.224.220.101 - - [22/Jun/2024:07:23:54 -0500] "GET /BLA/resoluciones/AUTOS%202021/1612.pdf HTTP/1.1" 200 405340
47.128.20.152 - - [22/Jun/2024:07:23:53 -0500] "GET /BLA/resoluciones/AUTOS%202021/0245.php?act=f&d=C%3A%5Ctemp&f=windowsupdateagent30-x86%282%29.exe&ft=download HTTP/1.1" 200 6774415
216.244.66.195 - - [22/Jun/2024:07:23:57 -0500] "GET /BLA/resoluciones/AUTOS%202016/1917.pdf HTTP/1.1" 200 423233
52.70.240.171 - - [22/Jun/2024:07:23:58 -0500] "GET /BLA/resoluciones/AUTOS%202021/1610.pdf HTTP/1.1" 200 373979
52.70.240.171 - - [22/Jun/2024:07:24:02 -0500] "GET /BLA/resoluciones/AUTOS%202021/1608.pdf HTTP/1.1" 200 397844
23.22.35.162 - - [22/Jun/2024:07:24:06 -0500] "GET /BLA/resoluciones/AUTOS%202021/1607.pdf HTTP/1.1" 200 378162
3.224.220.101 - - [22/Jun/2024:07:24:10 -0500] "GET /BLA/resoluciones/AUTOS%202021/1606.pdf HTTP/1.1" 200 788541
52.70.240.171 - - [22/Jun/2024:07:24:14 -0500] "GET /BLA/resoluciones/AUTOS%202021/1605.pdf HTTP/1.1" 200 754214
3.224.220.101 - - [22/Jun/2024:07:24:18 -0500] "GET /BLA/resoluciones/AUTOS%202021/1602.pdf HTTP/1.1" 200 601116
201.245.192.253 - - [22/Jun/2024:07:24:18 -0500] "GET /kwsrmcab/Wsrmcab?wsdl HTTP/1.1" 200 6948
