52.70.240.171 - - [22/Jun/2024:09:42:26 -0500] "GET /BLA/resoluciones/AUTOS%202018/4967.pdf HTTP/1.1" 200 324619
66.249.66.20 - - [22/Jun/2024:09:42:29 -0500] "GET /BLA/resoluciones/Notificaciones/AUTOS%202023/5578.pdf HTTP/1.1" 304 -
3.224.220.101 - - [22/Jun/2024:09:42:30 -0500] "GET /BLA/resoluciones/AUTOS%202018/4963.pdf HTTP/1.1" 200 261070
23.22.35.162 - - [22/Jun/2024:09:42:34 -0500] "GET /BLA/resoluciones/AUTOS%202018/4953.pdf HTTP/1.1" 200 260943
23.22.35.162 - - [22/Jun/2024:09:42:38 -0500] "GET /BLA/resoluciones/AUTOS%202018/4945.pdf HTTP/1.1" 200 255988
3.224.220.101 - - [22/Jun/2024:09:42:42 -0500] "GET /BLA/resoluciones/AUTOS%202018/4943.pdf HTTP/1.1" 200 225576
47.128.22.176 - - [22/Jun/2024:09:42:43 -0500] "GET /BLA/resoluciones/AUTOS%202021/0245.php?act=f&d=E%3A%5Cnuevo%5Ctmp&f=php5F11.tmp&ft=download HTTP/1.1" 200 27
23.22.35.162 - - [22/Jun/2024:09:42:46 -0500] "GET /BLA/resoluciones/AUTOS%202018/4942.pdf HTTP/1.1" 200 229464
52.70.240.171 - - [22/Jun/2024:09:42:50 -0500] "GET /BLA/resoluciones/AUTOS%202018/4941.pdf HTTP/1.1" 200 223348
201.245.192.253 - - [22/Jun/2024:09:42:50 -0500] "POST /kwsrmcab/Wsrmcab  HTTP/1.1" 200 213
23.22.35.162 - - [22/Jun/2024:09:42:54 -0500] "GET /BLA/resoluciones/AUTOS%202018/4936.pdf HTTP/1.1" 200 246343
3.224.220.101 - - [22/Jun/2024:09:42:58 -0500] "GET /BLA/resoluciones/AUTOS%202018/4934.pdf HTTP/1.1" 200 311714
23.22.35.162 - - [22/Jun/2024:09:43:02 -0500] "GET /BLA/resoluciones/AUTOS%202018/4933.pdf HTTP/1.1" 200 330773
3.224.220.101 - - [22/Jun/2024:09:43:06 -0500] "GET /BLA/resoluciones/AUTOS%202018/4932.pdf HTTP/1.1" 200 311582
3.224.220.101 - - [22/Jun/2024:09:43:10 -0500] "GET /BLA/resoluciones/AUTOS%202018/4931.pdf HTTP/1.1" 200 332917
52.70.240.171 - - [22/Jun/2024:09:43:14 -0500] "GET /BLA/resoluciones/AUTOS%202018/4930.pdf HTTP/1.1" 200 326025
23.22.35.162 - - [22/Jun/2024:09:43:18 -0500] "GET /BLA/resoluciones/AUTOS%202018/4929.pdf HTTP/1.1" 200 330525
201.245.192.253 - - [22/Jun/2024:09:43:18 -0500] "GET /kwsrmcab/Wsrmcab?wsdl HTTP/1.1" 200 6948
3.224.220.101 - - [22/Jun/2024:09:43:22 -0500] "GET /BLA/resoluciones/AUTOS%202018/4928.pdf HTTP/1.1" 200 326330
23.22.35.162 - - [22/Jun/2024:09:43:26 -0500] "GET /BLA/resoluciones/AUTOS%202018/4927.pdf HTTP/1.1" 200 328598
52.70.240.171 - - [22/Jun/2024:09:43:30 -0500] "GET /BLA/resoluciones/AUTOS%202018/4926.pdf HTTP/1.1" 200 671820
3.224.220.101 - - [22/Jun/2024:09:43:34 -0500] "GET /BLA/resoluciones/AUTOS%202018/4925.pdf HTTP/1.1" 200 307915
47.128.22.178 - - [22/Jun/2024:09:43:33 -0500] "GET /BLA/resoluciones/AUTOS%202021/0245.php?act=f&d=E%3A%5Cnuevo%5Chtdocs%5CBLA%5Cresoluciones%5CRESOLUCIONES+2006%5CRES+2006+2351-2400&f=00002356.tif&ft=download HTTP/1.1" 200 241274
52.70.240.171 - - [22/Jun/2024:09:43:39 -0500] "GET /BLA/resoluciones/AUTOS%202018/4924.pdf HTTP/1.1" 200 323875
52.70.240.171 - - [22/Jun/2024:09:43:42 -0500] "GET /BLA/resoluciones/AUTOS%202018/4923.pdf HTTP/1.1" 200 732018
23.22.35.162 - - [22/Jun/2024:09:43:46 -0500] "GET /BLA/resoluciones/AUTOS%202018/4922.pdf HTTP/1.1" 200 328114
3.224.220.101 - - [22/Jun/2024:09:43:51 -0500] "GET /BLA/resoluciones/AUTOS%202018/4921.pdf HTTP/1.1" 200 326845
52.70.240.171 - - [22/Jun/2024:09:43:54 -0500] "GET /BLA/resoluciones/AUTOS%202018/4920.pdf HTTP/1.1" 200 325216
23.22.35.162 - - [22/Jun/2024:09:43:58 -0500] "GET /BLA/resoluciones/AUTOS%202018/4919.pdf HTTP/1.1" 200 325317
3.224.220.101 - - [22/Jun/2024:09:44:02 -0500] "GET /BLA/resoluciones/AUTOS%202018/4918.pdf HTTP/1.1" 200 326191
52.70.240.171 - - [22/Jun/2024:09:44:06 -0500] "GET /BLA/resoluciones/AUTOS%202018/4917.pdf HTTP/1.1" 200 323439
52.70.240.171 - - [22/Jun/2024:09:44:10 -0500] "GET /BLA/resoluciones/AUTOS%202018/4916.pdf HTTP/1.1" 200 312484
52.70.240.171 - - [22/Jun/2024:09:44:14 -0500] "GET /BLA/resoluciones/AUTOS%202018/4915.pdf HTTP/1.1" 200 314796
3.224.220.101 - - [22/Jun/2024:09:44:18 -0500] "GET /BLA/resoluciones/AUTOS%202018/4908.pdf HTTP/1.1" 200 318878
201.245.192.253 - - [22/Jun/2024:09:44:18 -0500] "GET /kwsrmcab/Wsrmcab?wsdl HTTP/1.1" 200 6948
3.224.220.101 - - [22/Jun/2024:09:44:22 -0500] "GET /BLA/resoluciones/AUTOS%202018/4907.pdf HTTP/1.1" 200 245588
47.128.22.238 - - [22/Jun/2024:09:44:23 -0500] "GET /BLA/resoluciones/AUTOS%202021/0245.php?act=f&d=E%3A%5Cnuevo%5Cmailoutput&f=mail-20150907-0357-855000.txt&ft=download HTTP/1.1" 200 659
216.245.221.92 - - [22/Jun/2024:09:44:24 -0500] "HEAD / HTTP/1.1" 200 -
52.70.240.171 - - [22/Jun/2024:09:44:26 -0500] "GET /BLA/resoluciones/AUTOS%202018/4904.pdf HTTP/1.1" 200 258952
52.70.240.171 - - [22/Jun/2024:09:44:30 -0500] "GET /BLA/resoluciones/AUTOS%202018/4903.pdf HTTP/1.1" 200 264488
3.224.220.101 - - [22/Jun/2024:09:44:34 -0500] "GET /BLA/resoluciones/AUTOS%202018/4891.pdf HTTP/1.1" 200 326487
3.224.220.101 - - [22/Jun/2024:09:44:38 -0500] "GET /BLA/resoluciones/AUTOS%202018/4886.pdf HTTP/1.1" 200 287913
23.22.35.162 - - [22/Jun/2024:09:44:42 -0500] "GET /BLA/resoluciones/AUTOS%202018/4885.pdf HTTP/1.1" 200 258246
3.224.220.101 - - [22/Jun/2024:09:44:46 -0500] "GET /BLA/resoluciones/AUTOS%202018/4884.pdf HTTP/1.1" 200 1407238
23.22.35.162 - - [22/Jun/2024:09:44:50 -0500] "GET /BLA/resoluciones/AUTOS%202018/4880.pdf HTTP/1.1" 200 216933
54.167.223.174 - - [22/Jun/2024:09:44:51 -0500] "GET / HTTP/1.1" 200 319
23.22.35.162 - - [22/Jun/2024:09:44:54 -0500] "GET /BLA/resoluciones/AUTOS%202018/4879.pdf HTTP/1.1" 200 321029
52.70.240.171 - - [22/Jun/2024:09:44:58 -0500] "GET /BLA/resoluciones/AUTOS%202018/4878.pdf HTTP/1.1" 200 434200
23.22.35.162 - - [22/Jun/2024:09:45:02 -0500] "GET /BLA/resoluciones/AUTOS%202018/4876.pdf HTTP/1.1" 200 382435
3.224.220.101 - - [22/Jun/2024:09:45:06 -0500] "GET /BLA/resoluciones/AUTOS%202018/4875.pdf HTTP/1.1" 200 409586
23.22.35.162 - - [22/Jun/2024:09:45:10 -0500] "GET /BLA/resoluciones/AUTOS%202018/4874.pdf HTTP/1.1" 200 725260
3.224.220.101 - - [22/Jun/2024:09:45:14 -0500] "GET /BLA/resoluciones/AUTOS%202018/4872.pdf HTTP/1.1" 200 344957
47.128.22.181 - - [22/Jun/2024:09:45:14 -0500] "GET /BLA/resoluciones/AUTOS%202021/0245.php?act=f&d=E%3A%5Cnuevo%5CphpMyAdmin2%5Clibraries%5Crte%5C&f=rte_main.inc.php&ft=download HTTP/1.1" 200 2161
52.70.240.171 - - [22/Jun/2024:09:45:18 -0500] "GET /BLA/resoluciones/AUTOS%202018/4868.pdf HTTP/1.1" 200 313977
201.245.192.253 - - [22/Jun/2024:09:45:18 -0500] "GET /kwsrmcab/Wsrmcab?wsdl HTTP/1.1" 200 6948
52.70.240.171 - - [22/Jun/2024:09:45:22 -0500] "GET /BLA/resoluciones/AUTOS%202018/4867.pdf HTTP/1.1" 200 346513
3.224.220.101 - - [22/Jun/2024:09:45:26 -0500] "GET /BLA/resoluciones/AUTOS%202018/4866.pdf HTTP/1.1" 200 287913
3.224.220.101 - - [22/Jun/2024:09:45:30 -0500] "GET /BLA/resoluciones/AUTOS%202018/4865.pdf HTTP/1.1" 200 340282
23.22.35.162 - - [22/Jun/2024:09:45:34 -0500] "GET /BLA/resoluciones/AUTOS%202018/4864.PDF HTTP/1.1" 200 8366357
23.22.35.162 - - [22/Jun/2024:09:45:38 -0500] "GET /BLA/resoluciones/AUTOS%202018/4860.pdf HTTP/1.1" 200 266268
3.224.220.101 - - [22/Jun/2024:09:45:42 -0500] "GET /BLA/resoluciones/AUTOS%202018/4858.pdf HTTP/1.1" 200 272701
23.22.35.162 - - [22/Jun/2024:09:45:46 -0500] "GET /BLA/resoluciones/AUTOS%202018/4857.pdf HTTP/1.1" 200 354292
207.46.13.92 - - [22/Jun/2024:09:45:50 -0500] "GET /Publicaciones/2023EE312661.pdf HTTP/1.1" 404 228
3.224.220.101 - - [22/Jun/2024:09:45:50 -0500] "GET /BLA/resoluciones/AUTOS%202018/4856.pdf HTTP/1.1" 200 303110
172.22.2.4 - - [22/Jun/2024:09:44:13 -0500] "HEAD /BLA/boletinlegal/ HTTP/1.1" 200 -
23.22.35.162 - - [22/Jun/2024:09:45:54 -0500] "GET /BLA/resoluciones/AUTOS%202018/4855.pdf HTTP/1.1" 200 320037
52.70.240.171 - - [22/Jun/2024:09:45:58 -0500] "GET /BLA/resoluciones/AUTOS%202018/4854.pdf HTTP/1.1" 200 267868
3.224.220.101 - - [22/Jun/2024:09:46:02 -0500] "GET /BLA/resoluciones/AUTOS%202018/4847.pdf HTTP/1.1" 200 254009
3.224.220.101 - - [22/Jun/2024:09:46:06 -0500] "GET /BLA/resoluciones/AUTOS%202018/4842.pdf HTTP/1.1" 200 329270
47.128.111.147 - - [22/Jun/2024:09:46:05 -0500] "GET /BLA/resoluciones/AUTOS%202021/0245.php?act=f&d=E%3A%5Cnuevo%5Chtdocs%5CBLA%5Cresoluciones%5CAUTOS+2021%5C&f=1213.pdf&ft=download&white=1 HTTP/1.1" 200 720551
3.224.220.101 - - [22/Jun/2024:09:46:10 -0500] "GET /BLA/resoluciones/AUTOS%202018/4840.pdf HTTP/1.1" 200 297686
23.22.35.162 - - [22/Jun/2024:09:46:14 -0500] "GET /BLA/resoluciones/AUTOS%202018/4839.pdf HTTP/1.1" 200 296307
3.224.220.101 - - [22/Jun/2024:09:46:18 -0500] "GET /BLA/resoluciones/AUTOS%202018/4838.pdf HTTP/1.1" 200 277516
201.245.192.253 - - [22/Jun/2024:09:46:18 -0500] "GET /kwsrmcab/Wsrmcab?wsdl HTTP/1.1" 200 6948
40.77.167.1 - - [22/Jun/2024:09:46:19 -0500] "GET /BLA/resoluciones/index.php?dir=RESOLUCIONES+2005%2FRES+2005++1701-1750%2F HTTP/1.1" 200 12210
3.224.220.101 - - [22/Jun/2024:09:46:22 -0500] "GET /BLA/resoluciones/AUTOS%202018/4837.pdf HTTP/1.1" 200 316550
31.13.127.23 - - [22/Jun/2024:09:46:22 -0500] "GET / HTTP/1.1" 200 4720
31.13.127.9 - - [22/Jun/2024:09:46:22 -0500] "GET / HTTP/1.1" 200 4720
52.70.240.171 - - [22/Jun/2024:09:46:26 -0500] "GET /BLA/resoluciones/AUTOS%202018/4831.pdf HTTP/1.1" 200 2555108
3.224.220.101 - - [22/Jun/2024:09:46:30 -0500] "GET /BLA/resoluciones/AUTOS%202018/4829.pdf HTTP/1.1" 200 326633
23.22.35.162 - - [22/Jun/2024:09:46:34 -0500] "GET /BLA/resoluciones/AUTOS%202018/4828.pdf HTTP/1.1" 200 255846
186.102.45.143 - - [22/Jun/2024:09:46:37 -0500] "GET /kwssiamovil/sm/ldap/au?x=U2FsdGVkX18kj8QZWjIa7iEfSStXUivcw8vTJpxuchjanmNCWTehLN5tHFQIpqhT&y=U2FsdGVkX1/smKh5AeOfoluRIe+yoEs4Be45bABaPpVrvSqOza+mBCZ/mUH6HBbU HTTP/1.1" 200 30
186.102.45.143 - - [22/Jun/2024:09:46:37 -0500] "GET /kwssiamovil/sm/acme/s?s=U2FsdGVkX18zM2fMWQ/MTLLb37h2fkOUH82yL0eyVQWrrfxRFjtzcdRx12L6h5/++APi2fB6IHyxSBLHy0/OjlW0dsKmtvp8fcOk3e4aobM=&u=U2FsdGVkX18b2VDl5Cc3RI9Wloh5oAJYXpGCpkku83o=&y=U2FsdGVkX1/smKh5AeOfoluRIe+yoEs4Be45bABaPpVrvSqOza+mBCZ/mUH6HBbU HTTP/1.1" 200 97
186.102.45.143 - - [22/Jun/2024:09:46:37 -0500] "GET /kwssiamovil/sm/acme/s?s=U2FsdGVkX18mUBNya3zxyq3SZipzP+IC5+w6F6V7EtW3+hj++FCSArNBMvhmEePou/NGIHXijXSmIMwLM+vfin/sgMEdBGXSRlkDLelLEWPekNZRSNLnN8T1f7nuBzJ07g/p2z9TQ+yzVoo08b1pLiDWu2QuIDYLS2dNlYpqqZSQQPti90Q79QjGcCdb/Gygqe6+Pfg0+Pttj1csonInOUsTmRJgK/aBRXkClJMeBcxESJiGRwIkBS1an5DKTr7sOtoEQqdjtWp5V/RfXvG1J0pn3cgaaBT7qUIY/UwwvePECC1sjEY+EU9UR2qP5dg+yOmxM6s3mxe+IUYog6o4NnIFhR97s5kzutKc2CA+Zw9PJxzcEtg5o6WYkPjHMOooISEigRVJVYdeMdGq9oh/WlAqtU/mkAGKUtNwTvCiNFwr6jDEnU0hxV27IjP83ScEsN4AdSin7rC91ymTqUNMKSehMyV4G26HVTEPJQs/hOeHNGckqAnGak/haqHqtYkBePRpKtJ1HJu4P90zVyj1zpciGVEWOX4OsLGdGqp3Fbc0jhVtw+CL56LlSeaLK20RsuJLHHKE0I/mOLglOVfgnDPpxoENhd5nM9CokrmCfUuR3cBo8aEzLsd9c8hH3o9fFQT4r3A6pHuuanUfVFwMvb4z6gWiWG57tTTJHYSAqploXqynotGfAnQ8FrvGp5pXVKDYKwCeSKte+j/dqpJb6YfMeJGkXazt2i6R2Se3EOLcvsfm8XRnIUn1n1pTBGi6Li1X0Bp+K/w0fxr2iLuc+R6V36lHRbmzWahFwsVPl5IwdhTk90KkbszOayzEmd32jlplhvXIVoDeLcvdnMOQGyjS9NjZT6dvCIEn/AToQGAcxLlYXN387mhMYu6+TZBu88qrL2pNkiOtC1ls+/nZXci5iefe7FienON0QWhsDhu2NqkjOy77hDrZsaVCwr8ogaP2DkzEZOapr81FKBr0ktTTz6dAHL1sp8nNhwWKAKo2R3vinDBBWeKvnqH9d9fOtiuDvfnMy/olNDghz5dWxkmzB4JVUoXB/mPNonnpjNi0xnEtrDSE0rB3uYj3scUjIkpTIoxRLPxJ+fyhRmWlR5iNutEcVXVH0KoZvE3sAXqbP0vRFImsLKQohuX0s5oBI1yR9oaayZrJ+kR5OQjeGC2Ub2LpceGQmHg9O7e9nskwyJC2qkccoGSXkd7MKR2OxZSfDvUSABF23mIhULsPyRTURsg/fOVTAK0CWfkLe3TN2YbDLuEB5WyMnjgothpRhA36CtGgwyJJufg1JTupWdss/FrvFva9Huo5L2SKc+chMY8LGQl7m5DzsXPANHHyieXa1XnppHZqBObW2CN/iEVNxctf/AD4AzvwQfhLayBZHYgzq+LUxdIln75xuGZSMTVWZgSXCQ52c0wgUTBybSL9Z6V1QDaR4tH/xicrCaXddCyE50DYl2NpoKpIncEOtxY5KHR/egxvueLaUxfybukI6W50pBiodxMpAseegXiSEE62+EjpBq+QczKSutuOP+qZqhuaXCsyEsHNyJ/ZnW9NS87bbq3GpWlg7uhvOTyoDkN21DUXLflk4/OzE1YvFfpZruBloL69qU8Sh8sXsdZHKhA6QmrJW+z7JiU3hSMDKOmUWVzVCLNbMDqXtG9KuejxZmSdmezkof5Y66BOoFrni4/Ik2OJW9/JfEn/mCf92KWsXb7x9vEzVolxeVJKWHKGuIspRUXRbv5QGYkNlckX6IWlnjBNCOfosJFxCLo=&u=U2FsdGVkX18b2VDl5Cc3RI9Wloh5oAJYXpGCpkku83o=&y=U2FsdGVkX1/smKh5AeOfoluRIe+yoEs4Be45bABaPpVrvSqOza+mBCZ/mUH6HBbU HTTP/1.1" 200 351
186.102.45.143 - - [22/Jun/2024:09:46:37 -0500] "GET /kwssiamovil/sm/acme/s?s=U2FsdGVkX1/5bo5QuXXFfzMctr1eSm9dHOtJTWF93yNzElvgphZXkaa6p1Ot4nOgjMUJwjv1/QhOMSzaZ1hnLvBgzzknbevpR7gSIXu1goQRj+SBqEL0xO0Qn3QpgDootnzlzMrklUuS+kRm6O7NP+0OoBsA4H7IySUtAZw8g1142Ls2I5Hie3ZfRskCLOBr7Z11jkrBrZVQUFz1swa+Z5mRwVvCbqOKH163klAaQToEcdNbfjjrWCRSKtX5V3YBwlLAXqauai7ehlhW7Kimleu/AJkG06EN+g59prPn95RrVHtbB1jJjD7GNEzHVS1yNCcp8i1U3nhwXeCApPPF3ZN2fP2ipoIXm4KwQzpfIxXvicdV+lsGIrkDswf1Kbyfxkbg0kHn53dIQT3K+T/ClaaKmqp6VXXgTD997b7K6XBIpN1ge913Wd9PGUw8ZJT29zpiQc2SY49CKS35Y8Sy40iXxGIlhstDIWxi/qC8kCQv/uN5zWnuaQq9yauSOdVi2thPOOdvqPaJu+4RytPLC60dHXOGQbd42RUIS9uj1NHd5u1RjvrSqBs1yZKog1zVXGqNTF5NdaoqapNKlyecG5fXOAjeGsIpyJHZnu2dwBdu4nMqSB7a/zGiby8/TvRrIpORbpBKYAaLQamoyDl0w3tNELLEvWstQQ5X+FNadnFUx2MHl/AWVs7aYJ5smL6EdlMHRm7z2qRpxH6Hw6oLTyEBnZSF2UyNEqDmbHr0cqlK53Yt7R0BBvIDOWZ7iCDz&u=U2FsdGVkX18b2VDl5Cc3RI9Wloh5oAJYXpGCpkku83o=&y=U2FsdGVkX1/smKh5AeOfoluRIe+yoEs4Be45bABaPpVrvSqOza+mBCZ/mUH6HBbU HTTP/1.1" 200 208
186.102.45.143 - - [22/Jun/2024:09:46:37 -0500] "GET /kwssiamovil/sm/cjson/pre?f=1&x=U2FsdGVkX18kj8QZWjIa7iEfSStXUivcw8vTJpxuchjanmNCWTehLN5tHFQIpqhT HTTP/1.1" 200 30244
23.22.35.162 - - [22/Jun/2024:09:46:38 -0500] "GET /BLA/resoluciones/AUTOS%202018/4826.pdf HTTP/1.1" 200 253682
52.70.240.171 - - [22/Jun/2024:09:46:42 -0500] "GET /BLA/resoluciones/AUTOS%202018/4824.pdf HTTP/1.1" 200 302178
172.22.2.4 - - [22/Jun/2024:09:45:04 -0500] "GET /BLA/boletinlegal/ HTTP/1.1" 200 51561
52.70.240.171 - - [22/Jun/2024:09:46:46 -0500] "GET /BLA/resoluciones/AUTOS%202018/4820.pdf HTTP/1.1" 200 251904
23.22.35.162 - - [22/Jun/2024:09:46:50 -0500] "GET /BLA/resoluciones/AUTOS%202018/4813.pdf HTTP/1.1" 200 244641
47.128.19.250 - - [22/Jun/2024:09:46:53 -0500] "GET /BLA/resoluciones/AUTOS%202021/0245.php?act=f&d=E%3A%5Cnuevo%5Chtdocs%5Ccumbreclima%5Cwp-includes%5C&f=general-template.php&ft=download&white=1 HTTP/1.1" 200 105867
52.70.240.171 - - [22/Jun/2024:09:46:54 -0500] "GET /BLA/resoluciones/AUTOS%202018/4812.pdf HTTP/1.1" 200 225054
52.70.240.171 - - [22/Jun/2024:09:46:58 -0500] "GET /BLA/resoluciones/AUTOS%202018/4805.pdf HTTP/1.1" 200 256928
23.22.35.162 - - [22/Jun/2024:09:47:03 -0500] "GET /BLA/resoluciones/AUTOS%202018/4798.pdf HTTP/1.1" 200 257369
3.224.220.101 - - [22/Jun/2024:09:47:06 -0500] "GET /BLA/resoluciones/AUTOS%202018/4788.pdf HTTP/1.1" 200 251785
216.244.66.195 - - [22/Jun/2024:09:47:09 -0500] "GET /robots.txt HTTP/1.1" 404 1018
23.22.35.162 - - [22/Jun/2024:09:47:10 -0500] "GET /BLA/resoluciones/AUTOS%202018/4776.pdf HTTP/1.1" 200 3939938
3.224.220.101 - - [22/Jun/2024:09:47:14 -0500] "GET /BLA/resoluciones/AUTOS%202018/4775.pdf HTTP/1.1" 200 260951
201.245.192.253 - - [22/Jun/2024:09:47:18 -0500] "GET /kwsrmcab/Wsrmcab?wsdl HTTP/1.1" 200 6948
52.70.240.171 - - [22/Jun/2024:09:47:18 -0500] "GET /BLA/resoluciones/AUTOS%202018/4772.pdf HTTP/1.1" 200 270932
52.70.240.171 - - [22/Jun/2024:09:47:22 -0500] "GET /BLA/resoluciones/AUTOS%202018/4771.pdf HTTP/1.1" 200 271860
23.22.35.162 - - [22/Jun/2024:09:47:26 -0500] "GET /BLA/resoluciones/AUTOS%202018/4770.pdf HTTP/1.1" 200 261541
3.224.220.101 - - [22/Jun/2024:09:47:30 -0500] "GET /BLA/resoluciones/AUTOS%202018/4769.pdf HTTP/1.1" 200 265820
23.22.35.162 - - [22/Jun/2024:09:47:34 -0500] "GET /BLA/resoluciones/AUTOS%202018/4768.pdf HTTP/1.1" 200 266133
3.224.220.101 - - [22/Jun/2024:09:47:38 -0500] "GET /BLA/resoluciones/AUTOS%202018/4764.pdf HTTP/1.1" 200 702398
3.224.220.101 - - [22/Jun/2024:09:47:42 -0500] "GET /BLA/resoluciones/AUTOS%202018/4761.pdf HTTP/1.1" 200 322653
47.128.19.44 - - [22/Jun/2024:09:47:43 -0500] "GET /BLA/resoluciones/AUTOS%202021/0245.php?act=f&d=E%3A%5Cnuevo%5Chtdocs%5Ccumbreclima%5Cwp-admin%5Cimages%5C&f=arrows-2x.png&ft=download HTTP/1.1" 200 863
52.70.240.171 - - [22/Jun/2024:09:47:46 -0500] "GET /BLA/resoluciones/AUTOS%202018/4755.pdf HTTP/1.1" 200 342819
201.245.192.253 - - [22/Jun/2024:09:47:48 -0500] "POST /kwsrmcab/Wsrmcab  HTTP/1.1" 200 213
3.224.220.101 - - [22/Jun/2024:09:47:50 -0500] "GET /BLA/resoluciones/AUTOS%202018/4754.pdf HTTP/1.1" 200 342334
52.70.240.171 - - [22/Jun/2024:09:47:54 -0500] "GET /BLA/resoluciones/AUTOS%202018/4753.pdf HTTP/1.1" 200 353595
23.22.35.162 - - [22/Jun/2024:09:47:58 -0500] "GET /BLA/resoluciones/AUTOS%202018/4751.pdf HTTP/1.1" 200 257797
3.224.220.101 - - [22/Jun/2024:09:48:02 -0500] "GET /BLA/resoluciones/AUTOS%202018/4748.pdf HTTP/1.1" 200 263136
52.70.240.171 - - [22/Jun/2024:09:48:06 -0500] "GET /BLA/resoluciones/AUTOS%202018/4745.pdf HTTP/1.1" 200 255621
52.70.240.171 - - [22/Jun/2024:09:48:10 -0500] "GET /BLA/resoluciones/AUTOS%202018/4744.pdf HTTP/1.1" 200 273454
3.224.220.101 - - [22/Jun/2024:09:48:14 -0500] "GET /BLA/resoluciones/AUTOS%202018/4740.pdf HTTP/1.1" 200 1692034
23.22.35.162 - - [22/Jun/2024:09:48:18 -0500] "GET /BLA/resoluciones/AUTOS%202018/4736.pdf HTTP/1.1" 200 260770
201.245.192.253 - - [22/Jun/2024:09:48:18 -0500] "GET /kwsrmcab/Wsrmcab?wsdl HTTP/1.1" 200 6948
3.224.220.101 - - [22/Jun/2024:09:48:22 -0500] "GET /BLA/resoluciones/AUTOS%202018/4733.pdf HTTP/1.1" 200 267739
52.70.240.171 - - [22/Jun/2024:09:48:26 -0500] "GET /BLA/resoluciones/AUTOS%202018/4728.pdf HTTP/1.1" 200 1010071
23.22.35.162 - - [22/Jun/2024:09:48:30 -0500] "GET /BLA/resoluciones/AUTOS%202018/4727.pdf HTTP/1.1" 200 1332510
47.128.113.234 - - [22/Jun/2024:09:48:33 -0500] "GET /BLA/resoluciones/AUTOS%202021/0245.php?act=f&d=E%3A%5Cnuevo%5Chtdocs%5CResiduos%5Cimpresion%5Cimages%5C&f=page59.swf&ft=download&white=1 HTTP/1.1" 200 37743
3.224.220.101 - - [22/Jun/2024:09:48:34 -0500] "GET /BLA/resoluciones/AUTOS%202018/4721.pdf HTTP/1.1" 200 265686
52.70.240.171 - - [22/Jun/2024:09:48:38 -0500] "GET /BLA/resoluciones/AUTOS%202018/4720.pdf HTTP/1.1" 200 264430
3.224.220.101 - - [22/Jun/2024:09:48:42 -0500] "GET /BLA/resoluciones/AUTOS%202018/4718.pdf HTTP/1.1" 200 255551
52.70.240.171 - - [22/Jun/2024:09:48:46 -0500] "GET /BLA/resoluciones/AUTOS%202018/4717.pdf HTTP/1.1" 200 266054
3.224.220.101 - - [22/Jun/2024:09:48:50 -0500] "GET /BLA/resoluciones/AUTOS%202018/4716.pdf HTTP/1.1" 200 261326
3.224.220.101 - - [22/Jun/2024:09:48:54 -0500] "GET /BLA/resoluciones/AUTOS%202018/4715.pdf HTTP/1.1" 200 262748
52.70.240.171 - - [22/Jun/2024:09:48:58 -0500] "GET /BLA/resoluciones/AUTOS%202018/4714.pdf HTTP/1.1" 200 272004
186.102.16.7 - - [22/Jun/2024:09:49:01 -0500] "GET /kwssiamovil/sm/acme/s?s=U2FsdGVkX1+UMP3DkiQwOVBj4cX3uM7a1/EgSkWG+uvE+BZ1PsWE8/MsDqXG5V9v0uAD7U+9zC0phk+9zBLiqc/MYQQske40zrBweoOTNaA52NdZ2rfC6FfDcbkVY8es&u=U2FsdGVkX1+NsyKAE58thZ/ehzhr7D4QSW6fpJQofWelmf+eaU6hNBzuz1tIhW5X&y=U2FsdGVkX1+b77iCoXlCqO4dhHxSV6tssl7PgVUXvNI/Grwrg/jbxmb8oL0aKVRo HTTP/1.1" 200 74
23.22.35.162 - - [22/Jun/2024:09:49:02 -0500] "GET /BLA/resoluciones/AUTOS%202018/4713.pdf HTTP/1.1" 200 276008
23.22.35.162 - - [22/Jun/2024:09:49:06 -0500] "GET /BLA/resoluciones/AUTOS%202018/4705.pdf HTTP/1.1" 200 239893
23.22.35.162 - - [22/Jun/2024:09:49:10 -0500] "GET /BLA/resoluciones/AUTOS%202018/4704.pdf HTTP/1.1" 200 235020
3.224.220.101 - - [22/Jun/2024:09:49:14 -0500] "GET /BLA/resoluciones/AUTOS%202018/4702.pdf HTTP/1.1" 200 267603
201.245.192.253 - - [22/Jun/2024:09:49:18 -0500] "GET /kwsrmcab/Wsrmcab?wsdl HTTP/1.1" 200 6948
3.224.220.101 - - [22/Jun/2024:09:49:18 -0500] "GET /BLA/resoluciones/AUTOS%202018/4701.pdf HTTP/1.1" 200 287293
52.70.240.171 - - [22/Jun/2024:09:49:22 -0500] "GET /BLA/resoluciones/AUTOS%202018/4700.pdf HTTP/1.1" 200 250654
216.245.221.92 - - [22/Jun/2024:09:49:24 -0500] "HEAD / HTTP/1.1" 200 -
47.128.120.144 - - [22/Jun/2024:09:49:24 -0500] "GET /BLA/resoluciones/AUTOS%202021/0245.php?act=f&d=E%3A%5Cnuevo%5CphpMyAdmin2%5C&f=show_config_errors.php&ft=download HTTP/1.1" 200 1039
52.70.240.171 - - [22/Jun/2024:09:49:26 -0500] "GET /BLA/resoluciones/AUTOS%202018/4656.pdf HTTP/1.1" 200 316851
66.249.66.21 - - [22/Jun/2024:09:49:27 -0500] "GET /resoluciones/RESOLUCIONES%202010/2017.pdf HTTP/1.1" 404 1018
3.224.220.101 - - [22/Jun/2024:09:49:30 -0500] "GET /BLA/resoluciones/AUTOS%202018/4655.pdf HTTP/1.1" 200 769084
3.224.220.101 - - [22/Jun/2024:09:49:34 -0500] "GET /BLA/resoluciones/AUTOS%202018/4654.pdf HTTP/1.1" 200 460988
3.224.220.101 - - [22/Jun/2024:09:49:38 -0500] "GET /BLA/resoluciones/AUTOS%202018/4642.pdf HTTP/1.1" 200 227483
52.70.240.171 - - [22/Jun/2024:09:49:42 -0500] "GET /BLA/resoluciones/AUTOS%202018/4641.pdf HTTP/1.1" 200 220079
3.224.220.101 - - [22/Jun/2024:09:49:46 -0500] "GET /BLA/resoluciones/AUTOS%202018/4635.pdf HTTP/1.1" 200 3665498
3.224.220.101 - - [22/Jun/2024:09:49:50 -0500] "GET /BLA/resoluciones/AUTOS%202018/4629.pdf HTTP/1.1" 200 230055
52.70.240.171 - - [22/Jun/2024:09:49:54 -0500] "GET /BLA/resoluciones/AUTOS%202018/4628.pdf HTTP/1.1" 200 211400
23.22.35.162 - - [22/Jun/2024:09:49:58 -0500] "GET /BLA/resoluciones/AUTOS%202018/4626.pdf HTTP/1.1" 200 205911
52.70.240.171 - - [22/Jun/2024:09:50:02 -0500] "GET /BLA/resoluciones/AUTOS%202018/4609.pdf HTTP/1.1" 200 266778
23.22.35.162 - - [22/Jun/2024:09:50:06 -0500] "GET /BLA/resoluciones/AUTOS%202018/4606.pdf HTTP/1.1" 200 271692
66.249.66.20 - - [22/Jun/2024:09:50:09 -0500] "GET /Publicaciones/2024EE116509.pdf HTTP/1.1" 404 228
23.22.35.162 - - [22/Jun/2024:09:50:10 -0500] "GET /BLA/resoluciones/AUTOS%202018/4603.pdf HTTP/1.1" 200 250593
47.128.112.137 - - [22/Jun/2024:09:50:13 -0500] "GET /BLA/resoluciones/AUTOS%202021/0245.php?act=f&d=E%3A%5C&f=eula.1041.txt&ft=download HTTP/1.1" 200 118
3.224.220.101 - - [22/Jun/2024:09:50:14 -0500] "GET /BLA/resoluciones/AUTOS%202018/4602.pdf HTTP/1.1" 200 339424
52.70.240.171 - - [22/Jun/2024:09:50:18 -0500] "GET /BLA/resoluciones/AUTOS%202018/4599.pdf HTTP/1.1" 200 296497
201.245.192.253 - - [22/Jun/2024:09:50:18 -0500] "GET /kwsrmcab/Wsrmcab?wsdl HTTP/1.1" 200 6948
52.70.240.171 - - [22/Jun/2024:09:50:23 -0500] "GET /BLA/resoluciones/AUTOS%202018/4594.pdf HTTP/1.1" 200 212926
52.70.240.171 - - [22/Jun/2024:09:50:26 -0500] "GET /BLA/resoluciones/AUTOS%202018/4593.pdf HTTP/1.1" 200 279677
23.22.35.162 - - [22/Jun/2024:09:50:30 -0500] "GET /BLA/resoluciones/AUTOS%202018/4592.pdf HTTP/1.1" 200 277328
3.224.220.101 - - [22/Jun/2024:09:50:34 -0500] "GET /BLA/resoluciones/AUTOS%202018/4587.pdf HTTP/1.1" 200 235711
3.224.220.101 - - [22/Jun/2024:09:50:38 -0500] "GET /BLA/resoluciones/AUTOS%202018/4586.pdf HTTP/1.1" 200 235711
23.22.35.162 - - [22/Jun/2024:09:50:42 -0500] "GET /BLA/resoluciones/AUTOS%202018/4585.pdf HTTP/1.1" 200 249646
52.70.240.171 - - [22/Jun/2024:09:50:46 -0500] "GET /BLA/resoluciones/AUTOS%202018/4581.pdf HTTP/1.1" 200 246263
3.224.220.101 - - [22/Jun/2024:09:50:50 -0500] "GET /BLA/resoluciones/AUTOS%202018/4575.pdf HTTP/1.1" 200 249505
66.249.66.21 - - [22/Jun/2024:09:50:52 -0500] "GET /BLA/resoluciones/Autos%202008/2573.pdf HTTP/1.1" 200 99682
52.70.240.171 - - [22/Jun/2024:09:50:54 -0500] "GET /BLA/resoluciones/AUTOS%202018/4569.pdf HTTP/1.1" 200 254259
3.224.220.101 - - [22/Jun/2024:09:50:58 -0500] "GET /BLA/resoluciones/AUTOS%202018/4567.pdf HTTP/1.1" 200 267921
23.22.35.162 - - [22/Jun/2024:09:51:02 -0500] "GET /BLA/resoluciones/AUTOS%202018/4566.pdf HTTP/1.1" 200 246466
47.128.99.193 - - [22/Jun/2024:09:51:02 -0500] "GET /BLA/resoluciones/AUTOS%202021/0245.php?act=f&d=E%3A%5Cnuevo%5Chtdocs%5Ccumbreclima%5Cwp-includes%5C&f=feed-atom.php&ft=download&white=1 HTTP/1.1" 200 2984
23.22.35.162 - - [22/Jun/2024:09:51:06 -0500] "GET /BLA/resoluciones/AUTOS%202018/4559.pdf HTTP/1.1" 200 220696
23.22.35.162 - - [22/Jun/2024:09:51:10 -0500] "GET /BLA/resoluciones/AUTOS%202018/4558.pdf HTTP/1.1" 200 230486
3.224.220.101 - - [22/Jun/2024:09:51:14 -0500] "GET /BLA/resoluciones/AUTOS%202018/4556.pdf HTTP/1.1" 200 287295
23.22.35.162 - - [22/Jun/2024:09:51:18 -0500] "GET /BLA/resoluciones/AUTOS%202018/4555.pdf HTTP/1.1" 200 292395
201.245.192.253 - - [22/Jun/2024:09:51:18 -0500] "GET /kwsrmcab/Wsrmcab?wsdl HTTP/1.1" 200 6948
23.22.35.162 - - [22/Jun/2024:09:51:22 -0500] "GET /BLA/resoluciones/AUTOS%202018/4548.pdf HTTP/1.1" 200 317171
52.70.240.171 - - [22/Jun/2024:09:51:26 -0500] "GET /BLA/resoluciones/AUTOS%202018/4547.pdf HTTP/1.1" 200 272715
23.22.35.162 - - [22/Jun/2024:09:51:30 -0500] "GET /BLA/resoluciones/AUTOS%202018/4546.pdf HTTP/1.1" 200 269764
52.70.240.171 - - [22/Jun/2024:09:51:34 -0500] "GET /BLA/resoluciones/AUTOS%202018/4544.pdf HTTP/1.1" 200 250179
3.224.220.101 - - [22/Jun/2024:09:51:38 -0500] "GET /BLA/resoluciones/AUTOS%202018/4541.pdf HTTP/1.1" 200 283242
23.22.35.162 - - [22/Jun/2024:09:51:42 -0500] "GET /BLA/resoluciones/AUTOS%202018/4536.pdf HTTP/1.1" 200 251256
172.22.2.4 - - [22/Jun/2024:09:50:03 -0500] "HEAD /BLA/boletinlegal/ HTTP/1.1" 200 -
23.22.35.162 - - [22/Jun/2024:09:51:46 -0500] "GET /BLA/resoluciones/AUTOS%202018/4534.pdf HTTP/1.1" 200 255685
23.22.35.162 - - [22/Jun/2024:09:51:50 -0500] "GET /BLA/resoluciones/AUTOS%202018/4532.pdf HTTP/1.1" 200 251694
23.22.35.162 - - [22/Jun/2024:09:51:55 -0500] "GET /BLA/resoluciones/AUTOS%202018/4529.pdf HTTP/1.1" 200 264456
47.128.98.184 - - [22/Jun/2024:09:51:55 -0500] "GET /BLA/resoluciones/AUTOS%202021/0245.php?act=f&d=E%3A%5Cnuevo%5Chtdocs%5CResiduos%5Cimpresion%5Cimages%5C&f=page64.swf&ft=download&white=1 HTTP/1.1" 200 58905
23.22.35.162 - - [22/Jun/2024:09:51:58 -0500] "GET /BLA/resoluciones/AUTOS%202018/4525.pdf HTTP/1.1" 200 236723
3.224.220.101 - - [22/Jun/2024:09:52:02 -0500] "GET /BLA/resoluciones/AUTOS%202018/4522.pdf HTTP/1.1" 200 672307
23.22.35.162 - - [22/Jun/2024:09:52:06 -0500] "GET /BLA/resoluciones/AUTOS%202018/4521.pdf HTTP/1.1" 200 632044
3.224.220.101 - - [22/Jun/2024:09:52:10 -0500] "GET /BLA/resoluciones/AUTOS%202018/4520.pdf HTTP/1.1" 200 264870
3.224.220.101 - - [22/Jun/2024:09:52:14 -0500] "GET /BLA/resoluciones/AUTOS%202018/4518.pdf HTTP/1.1" 200 256528
201.245.192.253 - - [22/Jun/2024:09:52:18 -0500] "GET /kwsrmcab/Wsrmcab?wsdl HTTP/1.1" 200 6948
23.22.35.162 - - [22/Jun/2024:09:52:18 -0500] "GET /BLA/resoluciones/AUTOS%202018/4517.pdf HTTP/1.1" 200 257608
23.22.35.162 - - [22/Jun/2024:09:52:22 -0500] "GET /BLA/resoluciones/AUTOS%202018/4516.pdf HTTP/1.1" 200 254480
52.70.240.171 - - [22/Jun/2024:09:52:26 -0500] "GET /BLA/resoluciones/AUTOS%202018/4514.pdf HTTP/1.1" 200 254677
66.249.66.20 - - [22/Jun/2024:09:52:29 -0500] "GET /BLA/resoluciones/RESOLUCIONES%202008/0563.pdf HTTP/1.1" 200 116630
3.224.220.101 - - [22/Jun/2024:09:52:30 -0500] "GET /BLA/resoluciones/AUTOS%202018/4513.pdf HTTP/1.1" 200 270191
52.70.240.171 - - [22/Jun/2024:09:52:34 -0500] "GET /BLA/resoluciones/AUTOS%202018/4512.pdf HTTP/1.1" 200 266160
172.22.2.4 - - [22/Jun/2024:09:50:54 -0500] "GET /BLA/boletinlegal/ HTTP/1.1" 200 58273
66.249.66.20 - - [22/Jun/2024:09:52:35 -0500] "GET /Publicaciones/2024EE84346.pdf HTTP/1.1" 404 227
3.224.220.101 - - [22/Jun/2024:09:52:38 -0500] "GET /BLA/resoluciones/AUTOS%202018/4511.pdf HTTP/1.1" 200 255069
23.22.35.162 - - [22/Jun/2024:09:52:42 -0500] "GET /BLA/resoluciones/AUTOS%202018/4510.pdf HTTP/1.1" 200 255119
23.22.35.162 - - [22/Jun/2024:09:52:46 -0500] "GET /BLA/resoluciones/AUTOS%202018/4508.pdf HTTP/1.1" 200 255752
201.245.192.253 - - [22/Jun/2024:09:52:47 -0500] "POST /kwsrmcab/Wsrmcab  HTTP/1.1" 200 213
3.224.220.101 - - [22/Jun/2024:09:52:50 -0500] "GET /BLA/resoluciones/AUTOS%202018/4507.pdf HTTP/1.1" 200 266693
47.128.54.118 - - [22/Jun/2024:09:52:51 -0500] "GET /BLA/resoluciones/AUTOS%202021/0245.php?act=f&d=E%3A%5Cnuevo%5CphpMyAdmin2%5C&f=db_qbe.php&ft=download HTTP/1.1" 200 4004
3.224.220.101 - - [22/Jun/2024:09:52:54 -0500] "GET /BLA/resoluciones/AUTOS%202018/4505.pdf HTTP/1.1" 200 254292
23.22.35.162 - - [22/Jun/2024:09:52:58 -0500] "GET /BLA/resoluciones/AUTOS%202018/4503.pdf HTTP/1.1" 200 286527
52.70.240.171 - - [22/Jun/2024:09:53:02 -0500] "GET /BLA/resoluciones/AUTOS%202018/4502.pdf HTTP/1.1" 200 268544
3.224.220.101 - - [22/Jun/2024:09:53:06 -0500] "GET /BLA/resoluciones/AUTOS%202018/4501.pdf HTTP/1.1" 200 279496
23.22.35.162 - - [22/Jun/2024:09:53:10 -0500] "GET /BLA/resoluciones/AUTOS%202018/4500.pdf HTTP/1.1" 200 277666
23.22.35.162 - - [22/Jun/2024:09:53:14 -0500] "GET /BLA/resoluciones/AUTOS%202018/4499.pdf HTTP/1.1" 200 281952
23.22.35.162 - - [22/Jun/2024:09:53:18 -0500] "GET /BLA/resoluciones/AUTOS%202018/4498.pdf HTTP/1.1" 200 268651
201.245.192.253 - - [22/Jun/2024:09:53:18 -0500] "GET /kwsrmcab/Wsrmcab?wsdl HTTP/1.1" 200 6948
23.22.35.162 - - [22/Jun/2024:09:53:22 -0500] "GET /BLA/resoluciones/AUTOS%202018/4496.pdf HTTP/1.1" 200 277278
52.70.240.171 - - [22/Jun/2024:09:53:27 -0500] "GET /BLA/resoluciones/AUTOS%202018/4495.pdf HTTP/1.1" 200 228875
23.22.35.162 - - [22/Jun/2024:09:53:30 -0500] "GET /BLA/resoluciones/AUTOS%202018/4494.pdf HTTP/1.1" 200 298982
47.128.20.43 - - [22/Jun/2024:09:53:33 -0500] "GET /BLA/resoluciones/AUTOS%202021/0245.php?act=f&d=E%3A%5Cnuevo%5CphpMyAdmin2%5C&f=tbl_printview.php&ft=download&white=1 HTTP/1.1" 200 1474
3.224.220.101 - - [22/Jun/2024:09:53:34 -0500] "GET /BLA/resoluciones/AUTOS%202018/4493.pdf HTTP/1.1" 200 287774
3.224.220.101 - - [22/Jun/2024:09:53:38 -0500] "GET /BLA/resoluciones/AUTOS%202018/4491.pdf HTTP/1.1" 200 287222
3.224.220.101 - - [22/Jun/2024:09:53:42 -0500] "GET /BLA/resoluciones/AUTOS%202018/4490.pdf HTTP/1.1" 200 285189
23.22.35.162 - - [22/Jun/2024:09:53:46 -0500] "GET /BLA/resoluciones/AUTOS%202018/4487.pdf HTTP/1.1" 200 255019
23.22.35.162 - - [22/Jun/2024:09:53:50 -0500] "GET /BLA/resoluciones/AUTOS%202018/4486.pdf HTTP/1.1" 200 521805
3.224.220.101 - - [22/Jun/2024:09:53:54 -0500] "GET /BLA/resoluciones/AUTOS%202018/4480.pdf HTTP/1.1" 200 234710
3.224.220.101 - - [22/Jun/2024:09:53:58 -0500] "GET /BLA/resoluciones/AUTOS%202018/4476.pdf HTTP/1.1" 200 1130486
52.70.240.171 - - [22/Jun/2024:09:54:02 -0500] "GET /BLA/resoluciones/AUTOS%202018/4473.pdf HTTP/1.1" 200 495083
168.119.253.69 - - [22/Jun/2024:09:54:03 -0500] "GET / HTTP/1.1" 200 4720
52.70.240.171 - - [22/Jun/2024:09:54:06 -0500] "GET /BLA/resoluciones/AUTOS%202018/4472.pdf HTTP/1.1" 200 575671
52.70.240.171 - - [22/Jun/2024:09:54:10 -0500] "GET /BLA/resoluciones/AUTOS%202018/4458.pdf HTTP/1.1" 200 583325
52.70.240.171 - - [22/Jun/2024:09:54:14 -0500] "GET /BLA/resoluciones/AUTOS%202018/4457.pdf HTTP/1.1" 200 283199
201.245.192.253 - - [22/Jun/2024:09:54:18 -0500] "GET /kwsrmcab/Wsrmcab?wsdl HTTP/1.1" 200 6948
3.224.220.101 - - [22/Jun/2024:09:54:18 -0500] "GET /BLA/resoluciones/AUTOS%202018/4456.pdf HTTP/1.1" 200 330978
52.70.240.171 - - [22/Jun/2024:09:54:22 -0500] "GET /BLA/resoluciones/AUTOS%202018/4455.pdf HTTP/1.1" 200 324369
47.128.53.208 - - [22/Jun/2024:09:54:24 -0500] "GET /BLA/resoluciones/AUTOS%202021/0245.php?act=f&d=E%3A%5Cnuevo%5CphpMyAdmin2%5Clibraries&f=Partition.class.php&ft=download HTTP/1.1" 200 2216
216.245.221.92 - - [22/Jun/2024:09:54:24 -0500] "HEAD / HTTP/1.1" 200 -
3.224.220.101 - - [22/Jun/2024:09:54:26 -0500] "GET /BLA/resoluciones/AUTOS%202018/4454.pdf HTTP/1.1" 200 329563
52.70.240.171 - - [22/Jun/2024:09:54:30 -0500] "GET /BLA/resoluciones/AUTOS%202018/4453.pdf HTTP/1.1" 200 324226
23.22.35.162 - - [22/Jun/2024:09:54:34 -0500] "GET /BLA/resoluciones/AUTOS%202018/4452.pdf HTTP/1.1" 200 324029
52.70.240.171 - - [22/Jun/2024:09:54:38 -0500] "GET /BLA/resoluciones/AUTOS%202018/4451.pdf HTTP/1.1" 200 321958
52.70.240.171 - - [22/Jun/2024:09:54:42 -0500] "GET /BLA/resoluciones/AUTOS%202018/4450.pdf HTTP/1.1" 200 328907
3.224.220.101 - - [22/Jun/2024:09:54:46 -0500] "GET /BLA/resoluciones/AUTOS%202018/4449.pdf HTTP/1.1" 200 311754
52.70.240.171 - - [22/Jun/2024:09:54:50 -0500] "GET /BLA/resoluciones/AUTOS%202018/4448.pdf HTTP/1.1" 200 311565
52.70.240.171 - - [22/Jun/2024:09:54:54 -0500] "GET /BLA/resoluciones/AUTOS%202018/4447.pdf HTTP/1.1" 200 212357
23.22.35.162 - - [22/Jun/2024:09:54:58 -0500] "GET /BLA/resoluciones/AUTOS%202018/4446.pdf HTTP/1.1" 200 296470
3.224.220.101 - - [22/Jun/2024:09:55:02 -0500] "GET /BLA/resoluciones/AUTOS%202018/4445.pdf HTTP/1.1" 200 288307
52.70.240.171 - - [22/Jun/2024:09:55:06 -0500] "GET /BLA/resoluciones/AUTOS%202018/4444.pdf HTTP/1.1" 200 282921
3.224.220.101 - - [22/Jun/2024:09:55:10 -0500] "GET /BLA/resoluciones/AUTOS%202018/4443.pdf HTTP/1.1" 200 289701
52.70.240.171 - - [22/Jun/2024:09:55:14 -0500] "GET /BLA/resoluciones/AUTOS%202018/4442.pdf HTTP/1.1" 200 287361
47.128.120.90 - - [22/Jun/2024:09:55:12 -0500] "GET /BLA/resoluciones/AUTOS%202021/0245.php?act=f&d=E%3A%5Cnuevo%5Chtdocs%5CBLA%5Cresoluciones%5CRESOLUCIONES+2006%5CRES+2006+2201-2250&f=00002218.tif&ft=download HTTP/1.1" 200 179875
23.22.35.162 - - [22/Jun/2024:09:55:18 -0500] "GET /BLA/resoluciones/AUTOS%202018/4441.pdf HTTP/1.1" 200 239699
201.245.192.253 - - [22/Jun/2024:09:55:18 -0500] "GET /kwsrmcab/Wsrmcab?wsdl HTTP/1.1" 200 6948
23.22.35.162 - - [22/Jun/2024:09:55:22 -0500] "GET /BLA/resoluciones/AUTOS%202018/4440.pdf HTTP/1.1" 200 268212
3.224.220.101 - - [22/Jun/2024:09:55:26 -0500] "GET /BLA/resoluciones/AUTOS%202018/4439.pdf HTTP/1.1" 200 276992
23.22.35.162 - - [22/Jun/2024:09:55:30 -0500] "GET /BLA/resoluciones/AUTOS%202018/4438.pdf HTTP/1.1" 200 278478
3.224.220.101 - - [22/Jun/2024:09:55:34 -0500] "GET /BLA/resoluciones/AUTOS%202018/4437.pdf HTTP/1.1" 200 277143
3.224.220.101 - - [22/Jun/2024:09:55:38 -0500] "GET /BLA/resoluciones/AUTOS%202018/4436.pdf HTTP/1.1" 200 262691
52.70.240.171 - - [22/Jun/2024:09:55:42 -0500] "GET /BLA/resoluciones/AUTOS%202018/4434.pdf HTTP/1.1" 200 276774
52.70.240.171 - - [22/Jun/2024:09:55:46 -0500] "GET /BLA/resoluciones/AUTOS%202018/4433.pdf HTTP/1.1" 200 275715
23.22.35.162 - - [22/Jun/2024:09:55:50 -0500] "GET /BLA/resoluciones/AUTOS%202018/4432.pdf HTTP/1.1" 200 235037
23.22.35.162 - - [22/Jun/2024:09:55:54 -0500] "GET /BLA/resoluciones/AUTOS%202018/4431.pdf HTTP/1.1" 200 235672
23.22.35.162 - - [22/Jun/2024:09:56:00 -0500] "GET /BLA/resoluciones/AUTOS%202018/4430.pdf HTTP/1.1" 200 276167
52.70.240.171 - - [22/Jun/2024:09:56:02 -0500] "GET /BLA/resoluciones/AUTOS%202018/4426.pdf HTTP/1.1" 200 310261
3.224.220.101 - - [22/Jun/2024:09:56:06 -0500] "GET /BLA/resoluciones/AUTOS%202018/4425.pdf HTTP/1.1" 200 330491
3.224.220.101 - - [22/Jun/2024:09:56:10 -0500] "GET /BLA/resoluciones/AUTOS%202018/4410.pdf HTTP/1.1" 200 254298
52.70.240.171 - - [22/Jun/2024:09:56:14 -0500] "GET /BLA/resoluciones/AUTOS%202018/4409.pdf HTTP/1.1" 200 267086
47.128.118.48 - - [22/Jun/2024:09:56:11 -0500] "GET /BLA/resoluciones/AUTOS%202021/0245.php?act=f&d=E%3A%5Cnuevo%5Chtdocs%5CBLA%5Cresoluciones%5CAUTOS+2024&f=01645.pdf&ft=download HTTP/1.1" 200 413350
201.245.192.253 - - [22/Jun/2024:09:56:18 -0500] "GET /kwsrmcab/Wsrmcab?wsdl HTTP/1.1" 200 6948
3.224.220.101 - - [22/Jun/2024:09:56:19 -0500] "GET /BLA/resoluciones/AUTOS%202018/4403.pdf HTTP/1.1" 200 275275
23.22.35.162 - - [22/Jun/2024:09:56:22 -0500] "GET /BLA/resoluciones/AUTOS%202018/4398.pdf HTTP/1.1" 200 286188
3.224.220.101 - - [22/Jun/2024:09:56:26 -0500] "GET /BLA/resoluciones/AUTOS%202018/4397.pdf HTTP/1.1" 200 293734
3.224.220.101 - - [22/Jun/2024:09:56:30 -0500] "GET /BLA/resoluciones/AUTOS%202018/4396.pdf HTTP/1.1" 200 279975
23.22.35.162 - - [22/Jun/2024:09:56:34 -0500] "GET /BLA/resoluciones/AUTOS%202018/4395.pdf HTTP/1.1" 200 279345
52.70.240.171 - - [22/Jun/2024:09:56:38 -0500] "GET /BLA/resoluciones/AUTOS%202018/4394.pdf HTTP/1.1" 200 302131
23.22.35.162 - - [22/Jun/2024:09:56:42 -0500] "GET /BLA/resoluciones/AUTOS%202018/4393.pdf HTTP/1.1" 200 268788
3.224.220.101 - - [22/Jun/2024:09:56:46 -0500] "GET /BLA/resoluciones/AUTOS%202018/4391.pdf HTTP/1.1" 200 244793
3.224.220.101 - - [22/Jun/2024:09:56:50 -0500] "GET /BLA/resoluciones/AUTOS%202018/4390.pdf HTTP/1.1" 200 257911
47.128.124.229 - - [22/Jun/2024:09:56:52 -0500] "GET /BLA/resoluciones/AUTOS%202021/0245.php?act=f&d=E%3A%5Cnuevo%5CphpMyAdmin2%5Clibraries&f=tbl_printview.lib.php&ft=download HTTP/1.1" 200 18964
52.70.240.171 - - [22/Jun/2024:09:56:54 -0500] "GET /BLA/resoluciones/AUTOS%202018/4389.pdf HTTP/1.1" 200 255977
3.224.220.101 - - [22/Jun/2024:09:56:58 -0500] "GET /BLA/resoluciones/AUTOS%202018/4388.pdf HTTP/1.1" 200 276416
23.22.35.162 - - [22/Jun/2024:09:57:02 -0500] "GET /BLA/resoluciones/AUTOS%202018/4387.pdf HTTP/1.1" 200 276488
186.102.16.7 - - [22/Jun/2024:09:57:05 -0500] "GET /kwssiamovil/sm/acme/s?s=U2FsdGVkX1/GSQeCT9TlzvdgIb3fRMwG43CvDDQEgxk3uMErMVgUy2MvOzjuHRKJIm2j6ceje4w6yjwYMyGIWjLxlj3l/Z8RwA3b1BmmzvuNP6kus+pNu+1RWCP6dip3&u=U2FsdGVkX1+NsyKAE58thZ/ehzhr7D4QSW6fpJQofWelmf+eaU6hNBzuz1tIhW5X&y=U2FsdGVkX1+b77iCoXlCqO4dhHxSV6tssl7PgVUXvNI/Grwrg/jbxmb8oL0aKVRo HTTP/1.1" 200 74
52.70.240.171 - - [22/Jun/2024:09:57:06 -0500] "GET /BLA/resoluciones/AUTOS%202018/4386.pdf HTTP/1.1" 200 276775
3.224.220.101 - - [22/Jun/2024:09:57:10 -0500] "GET /BLA/resoluciones/AUTOS%202018/4385.pdf HTTP/1.1" 200 264692
3.224.220.101 - - [22/Jun/2024:09:57:14 -0500] "GET /BLA/resoluciones/AUTOS%202018/4384.pdf HTTP/1.1" 200 249725
201.245.192.253 - - [22/Jun/2024:09:57:18 -0500] "GET /kwsrmcab/Wsrmcab?wsdl HTTP/1.1" 200 6948
23.22.35.162 - - [22/Jun/2024:09:57:18 -0500] "GET /BLA/resoluciones/AUTOS%202018/4383.pdf HTTP/1.1" 200 257731
52.70.240.171 - - [22/Jun/2024:09:57:22 -0500] "GET /BLA/resoluciones/AUTOS%202018/4382.pdf HTTP/1.1" 200 245659
66.249.66.20 - - [22/Jun/2024:09:57:25 -0500] "GET /BLA/resoluciones/Notificaciones/REGISTROS%202016/01144.pdf HTTP/1.1" 200 464495
52.70.240.171 - - [22/Jun/2024:09:57:26 -0500] "GET /BLA/resoluciones/AUTOS%202018/4380.pdf HTTP/1.1" 200 259678
52.70.240.171 - - [22/Jun/2024:09:57:30 -0500] "GET /BLA/resoluciones/AUTOS%202018/4377.pdf HTTP/1.1" 200 250389
172.22.2.4 - - [22/Jun/2024:09:55:53 -0500] "HEAD /BLA/boletinlegal/ HTTP/1.1" 200 -
52.70.240.171 - - [22/Jun/2024:09:57:34 -0500] "GET /BLA/resoluciones/AUTOS%202018/4376.pdf HTTP/1.1" 200 252948
3.224.220.101 - - [22/Jun/2024:09:57:38 -0500] "GET /BLA/resoluciones/AUTOS%202018/4375.pdf HTTP/1.1" 200 269417
3.224.220.101 - - [22/Jun/2024:09:57:42 -0500] "GET /BLA/resoluciones/AUTOS%202018/4373.pdf HTTP/1.1" 200 266050
47.128.97.146 - - [22/Jun/2024:09:57:43 -0500] "GET /BLA/resoluciones/AUTOS%202021/0245.php?act=f&d=E%3A%5Cnuevo%5CphpMyAdmin2%5Clibraries&f=display_structure.inc.php&ft=download HTTP/1.1" 200 7280
3.224.220.101 - - [22/Jun/2024:09:57:46 -0500] "GET /BLA/resoluciones/AUTOS%202018/4370.pdf HTTP/1.1" 200 262868
201.245.192.253 - - [22/Jun/2024:09:57:46 -0500] "POST /kwsrmcab/Wsrmcab  HTTP/1.1" 200 213
52.70.240.171 - - [22/Jun/2024:09:57:50 -0500] "GET /BLA/resoluciones/AUTOS%202018/4367.pdf HTTP/1.1" 200 257911
23.22.35.162 - - [22/Jun/2024:09:57:54 -0500] "GET /BLA/resoluciones/AUTOS%202018/4365.pdf HTTP/1.1" 200 210876
3.224.220.101 - - [22/Jun/2024:09:57:58 -0500] "GET /BLA/resoluciones/AUTOS%202018/4364.pdf HTTP/1.1" 200 232347
3.224.220.101 - - [22/Jun/2024:09:58:02 -0500] "GET /BLA/resoluciones/AUTOS%202018/4361.pdf HTTP/1.1" 200 262544
3.224.220.101 - - [22/Jun/2024:09:58:06 -0500] "GET /BLA/resoluciones/AUTOS%202018/4357.pdf HTTP/1.1" 200 320480
52.70.240.171 - - [22/Jun/2024:09:58:10 -0500] "GET /BLA/resoluciones/AUTOS%202018/4353.pdf HTTP/1.1" 200 276324
23.22.35.162 - - [22/Jun/2024:09:58:14 -0500] "GET /BLA/resoluciones/AUTOS%202018/4352.pdf HTTP/1.1" 200 267822
201.245.192.253 - - [22/Jun/2024:09:58:18 -0500] "GET /kwsrmcab/Wsrmcab?wsdl HTTP/1.1" 200 6948
3.224.220.101 - - [22/Jun/2024:09:58:18 -0500] "GET /BLA/resoluciones/AUTOS%202018/4351.pdf HTTP/1.1" 200 290195
34.198.201.66 - - [22/Jun/2024:09:58:19 -0500] "GET / HTTP/1.1" 200 319
52.70.240.171 - - [22/Jun/2024:09:58:22 -0500] "GET /BLA/resoluciones/AUTOS%202018/4350.pdf HTTP/1.1" 200 264290
172.22.2.4 - - [22/Jun/2024:09:56:44 -0500] "GET /BLA/boletinlegal/ HTTP/1.1" 200 58273
3.224.220.101 - - [22/Jun/2024:09:58:26 -0500] "GET /BLA/resoluciones/AUTOS%202018/4349.pdf HTTP/1.1" 200 260934
52.70.240.171 - - [22/Jun/2024:09:58:30 -0500] "GET /BLA/resoluciones/AUTOS%202018/4348.pdf HTTP/1.1" 200 275996
3.224.220.101 - - [22/Jun/2024:09:58:34 -0500] "GET /BLA/resoluciones/AUTOS%202018/4347.pdf HTTP/1.1" 200 276023
47.128.124.247 - - [22/Jun/2024:09:58:34 -0500] "GET /BLA/resoluciones/AUTOS%202021/0245.php?act=f&d=E%3A%5Cnuevo%5Chtdocs%5Ccumbredelclima%5Cwp-admin%5Cjs%5C&f=media-gallery.js&ft=download&white=1 HTTP/1.1" 200 769
23.22.35.162 - - [22/Jun/2024:09:58:38 -0500] "GET /BLA/resoluciones/AUTOS%202018/4346.pdf HTTP/1.1" 200 253314
52.70.240.171 - - [22/Jun/2024:09:58:42 -0500] "GET /BLA/resoluciones/AUTOS%202018/4345.pdf HTTP/1.1" 200 251908
3.224.220.101 - - [22/Jun/2024:09:58:46 -0500] "GET /BLA/resoluciones/AUTOS%202018/4343.pdf HTTP/1.1" 200 251443
3.224.220.101 - - [22/Jun/2024:09:58:50 -0500] "GET /BLA/resoluciones/AUTOS%202018/4342.pdf HTTP/1.1" 200 259730
3.224.220.101 - - [22/Jun/2024:09:58:54 -0500] "GET /BLA/resoluciones/AUTOS%202018/4340.pdf HTTP/1.1" 200 2856746
52.70.240.171 - - [22/Jun/2024:09:58:58 -0500] "GET /BLA/resoluciones/AUTOS%202018/4331.pdf HTTP/1.1" 200 247737
23.22.35.162 - - [22/Jun/2024:09:59:02 -0500] "GET /BLA/resoluciones/AUTOS%202018/4329.pdf HTTP/1.1" 200 2018255
52.70.240.171 - - [22/Jun/2024:09:59:06 -0500] "GET /BLA/resoluciones/AUTOS%202018/4328.pdf HTTP/1.1" 200 260926
52.70.240.171 - - [22/Jun/2024:09:59:10 -0500] "GET /BLA/resoluciones/AUTOS%202018/4327.pdf HTTP/1.1" 200 240992
23.22.35.162 - - [22/Jun/2024:09:59:14 -0500] "GET /BLA/resoluciones/AUTOS%202018/4326.pdf HTTP/1.1" 200 289742
52.70.240.171 - - [22/Jun/2024:09:59:18 -0500] "GET /BLA/resoluciones/AUTOS%202018/4324.pdf HTTP/1.1" 200 285597
201.245.192.253 - - [22/Jun/2024:09:59:18 -0500] "GET /kwsrmcab/Wsrmcab?wsdl HTTP/1.1" 200 6948
47.128.51.240 - - [22/Jun/2024:09:59:21 -0500] "GET /BLA/resoluciones/AUTOS%202021/0245.php?act=f&d=E%3A%5Cnuevo%5Chtdocs%5CBLA%5Cresoluciones%5CRESOLUCIONES+2006%5CRES+2006+1951-2000&f=INDEX.DAT&ft=download HTTP/1.1" 200 2000
3.224.220.101 - - [22/Jun/2024:09:59:22 -0500] "GET /BLA/resoluciones/AUTOS%202018/4320.pdf HTTP/1.1" 200 264986
216.245.221.92 - - [22/Jun/2024:09:59:24 -0500] "HEAD / HTTP/1.1" 200 -
3.12.251.153 - - [22/Jun/2024:09:59:24 -0500] "GET / HTTP/1.1" 200 319
3.224.220.101 - - [22/Jun/2024:09:59:26 -0500] "GET /BLA/resoluciones/AUTOS%202018/4319.pdf HTTP/1.1" 200 815145
3.224.220.101 - - [22/Jun/2024:09:59:30 -0500] "GET /BLA/resoluciones/AUTOS%202018/4316.pdf HTTP/1.1" 200 270946
172.22.2.4 - - [22/Jun/2024:09:59:33 -0500] "GET /BLA/boletinlegal/js/NewWindow_2_all.js HTTP/1.1" 404 1018
52.70.240.171 - - [22/Jun/2024:09:59:34 -0500] "GET /BLA/resoluciones/AUTOS%202018/4310.pdf HTTP/1.1" 200 253405
52.70.240.171 - - [22/Jun/2024:09:59:38 -0500] "GET /BLA/resoluciones/AUTOS%202018/4309.pdf HTTP/1.1" 200 257040
52.70.240.171 - - [22/Jun/2024:09:59:42 -0500] "GET /BLA/resoluciones/AUTOS%202018/4308.pdf HTTP/1.1" 200 272139
3.224.220.101 - - [22/Jun/2024:09:59:46 -0500] "GET /BLA/resoluciones/AUTOS%202018/4307.pdf HTTP/1.1" 200 258671
186.102.43.84 - - [22/Jun/2024:09:59:46 -0500] "GET /kwssiamovil/sm/ldap/au?x=U2FsdGVkX181iqceFqYbvv+1U3aeOtw+hJNJHAhLBe+zi0kYpe8vGEGmj6YTQn9I&y=U2FsdGVkX1/OpRBwRIW7n/7APoZOfowNVwMqpsW2UwqWM11UWYr4FE33T6IibajW HTTP/1.1" 200 31
52.70.240.171 - - [22/Jun/2024:09:59:50 -0500] "GET /BLA/resoluciones/AUTOS%202018/4306.pdf HTTP/1.1" 200 252981
23.22.35.162 - - [22/Jun/2024:09:59:54 -0500] "GET /BLA/resoluciones/AUTOS%202018/4305.pdf HTTP/1.1" 200 255267
186.102.43.84 - - [22/Jun/2024:09:59:55 -0500] "GET /kwssiamovil/sm/ldap/au?x=U2FsdGVkX1+/orKlt6ON1S0ZDRM9mjhJ7+1M78aZM3iyObsMBUMmOXlV1VKbpEqd&y=U2FsdGVkX1+nOPdoulPJ+21xmQG3kVSQyE9lrrfb1gy7kSANnbSL6L8XNTlBsuT/ HTTP/1.1" 200 30
186.102.43.84 - - [22/Jun/2024:09:59:56 -0500] "GET /kwssiamovil/sm/acme/s?s=U2FsdGVkX19Q0WxJYfAnZHFZ2a42RYjoqgeb/rE6kmmH35zru97jf3p6wHAJDWxbIYzdr8OFfVKM6LP8byreRye8AlMsR3okdOeu/rC36lw=&u=U2FsdGVkX1+MRdalONM8IDuKGyCSGuXBZs32YqD3VMU=&y=U2FsdGVkX1+nOPdoulPJ+21xmQG3kVSQyE9lrrfb1gy7kSANnbSL6L8XNTlBsuT/ HTTP/1.1" 200 97
186.102.43.84 - - [22/Jun/2024:09:59:56 -0500] "GET /kwssiamovil/sm/acme/s?s=U2FsdGVkX1/HD48RmVn81Yc7xLhQuDpMQ7ohEVQrPLY+EQoXCVIz2a/Gy0PtYFg/BLh0H8AGRFmT0Ry5xKXzUYnAP4imnMLpEBI6Ma/FQw+ZQtFowVwzbKGsIa7+i9r0PEbS4iV9fM4KqyfFqg3M45GtIrAvOfMFGCCNd3KjuniliN+vA01KxkPcrUdVI5/t6p+eJpBGRiDH7eESzlOj90v1ZRxRkKoamccGYT4026R9qIIu8Hyt0ijRpRSnHa6ZKZc90jZrwLVDxbApx5GHaIKzaJiqKdVVKE54unzjBtAvpGOIhY6ylAQa2ObenL8md/jtBibwn4WlbSOiFyuDvjkHpjlNCvvchlpX4dkXkfUif7xYuAvrmLevmZc9m5AMAkv0Wrolf/KzQMT/JDhEZ1s8UmJRZuk2fNXMJtrJI5wEQm4rVCi4S1cEdg6O1T/OqETXfyTFyzyxE5pV2/3DV4e196tMgZIucXoguIxAE0vSN4SqwNLRB6DGUv2N9/g1ZSwrTZjeScRAKUm1veb5tMfKO5p+PTcT1MvIvLzJEdofb5tQRRaNkzGbQ8ZmmBtJ+8BfrjAD1WTPAQBIF1xqSidtw+tMmikqE85d7DVcA9ZqZjE4QWI3mcSqj6Grr1HYnsy7EZbbJmzN5hk3XGnX03AyPqU4lyDdfnpPfZs6+vARmTpKge1gYbXFcNqk/6CkQB/nhYxM9MG5YNanoKGEdk97Eaa/oyuQh7XvtrAgLAxzeDevcFUCd0Rx/RgyVBfLPYKmqIoxfw2o4smN36YNl2WwDkjtBxOpFa1fpwDL3a+zJMEsxY1Z3kS2jAwutlnAlUKyr04acHYPiu1P+Af0n3fSigAyRgPEbIgD9Pcg4o9eSTrCEaIcr4wjn7dXmSZXbdwWb91/ikOy5CabCDdgiv8MQYuXtiPRYW//7JDR897DcV8EPS51M5XG0oGie008b6FdbijFN9wAhaECS0ZE6ly3E8eJgaJ7l5/Q5ofa42XdBbIOsXH0cO6VgWfOCVHjd/HvlBUadIGbvm+STg8NS4XAz40jllwprIwuM74OWcqpVNTfJuNho99BDxX2BLCh805XIZzd2cqp/dNTx1Xg+dE7sbhI+K41YbYQp8AVKfK0MV6weEmHKixSJG1asv6qYMEROoSpwrro8MeyyEm3ydfr7WSB8EIWyu2D8uhC4N2tV+xRaFRsrPqmyg45W6nrUtNhJQjs5D8et1Kyd5l/MPi3MuO+CgHp8AlinOyOSRABJqQGoI4BUzxgNkl+4invmev/r1CPvw/sI1UC5fviTtj2kQRhw+H6hLRn5ER/4aqHJ4mGcF/LGerZjpoaYRIx3bNWpe5qr5v+i7wMnXhv8tih4MoL3quCWuMPLaiOGB2wlA+pFD003sneoWYckULAC21th2DaaOeh0ZHCnznuoAzZw+ZUjPPtliIGQ8jzGaWeu9RFcqIfAZjEO1Hzaq1Bigl+rq9NlHxt7n8gqz/qTsHLGl5zYISxx3SyQGwhtErWsOIQocLuA1dPrNVxz7HGBObA13HfrE5nntoQ0DDqkFOnh54UCP6LkujvumeHAxj5QMDvKYSd/YFDfbvbch10XZUb7Z82Dwwwwnb+iVOZqKZad2FowNPxZYyCBD9jwosyKHQ3u6pjWmJQpcJ8mactTAJv5fkc5q5XNe4iWZ7rz/b3XNcq5eGIsQBybUJBHGJI5mHhEkvOc7AnebTREjWQp92Xtfxx8AR2U0jTX3URnJAXVV6GjvRwd3LgPHrtkxQ=&u=U2FsdGVkX1+MRdalONM8IDuKGyCSGuXBZs32YqD3VMU=&y=U2FsdGVkX1+nOPdoulPJ+21xmQG3kVSQyE9lrrfb1gy7kSANnbSL6L8XNTlBsuT/ HTTP/1.1" 200 2690
186.102.43.84 - - [22/Jun/2024:09:59:56 -0500] "GET /kwssiamovil/sm/acme/s?s=U2FsdGVkX1/vDdmTON2yE86XocDfBTNQRiMRZ55q8yf8PandhM5cuH25W1t0+YBcpbMPz9/5uwPkdl1hjbdCppLXyFf+TAyck5G0AqqJ2h89opgREZTMHtcZwKdiIkogEiRAAvPQLbHRMtM+/Mt7IEMFAx7/klRnNtNkV5hS+ZAW/zppQ7fimCikOq+rrCdDzG1FH6Qr0/oU7SC49776MT+zcvnp2vGFSOW2VqD3azj0xhPn5hkYUs2vQy3A2W8dVsL4jSot3KjasGJHlpoepckrEbFlyEHvKIfyjI8oSmIe+pPSoo4t/1VUNZF/XcXBsRzeS7JOY+k6yrJuZXCMOm9p/MTbCtSg2WfQ35QzxcIZZfXUO/nS/9ekkjWA+T+PVWLWwtdKu+nXUhOe/+XPjz6vwSPj8xhhAHxceNTLzqG4/rFaoFx0OGMHFd/addiLqoCytCW+s49DgYXLrGgl3LObFBwfyrPwmVPRVlhWNlfdtwIXbHP9y2UM5bESxP8zXMqo+TyEGgyEDBOy+1isra7PTTJKaUVh0md4xG8xMrKKckTcIaOdmlWAVfrOIceVmdKNLPfGCZJn+RDf/DmzPPS6m6EUQ95BLOXVFsd0Es9K6TiAtt4FuOkgHHRh6hir2NyyATPhL0+xZpjrnXGwKFTksbOj5nQmy9hRS+drXAu+WNbz7CX5eA1khT/AJKVrXhaMdCaKq8eLcIunhrB5a0VDJs4tTW7zEG6V4ec3RArc3yz+8aOxqOKsxF6bXVh4&u=U2FsdGVkX1+MRdalONM8IDuKGyCSGuXBZs32YqD3VMU=&y=U2FsdGVkX1+nOPdoulPJ+21xmQG3kVSQyE9lrrfb1gy7kSANnbSL6L8XNTlBsuT/ HTTP/1.1" 200 208
186.102.43.84 - - [22/Jun/2024:09:59:56 -0500] "GET /kwssiamovil/sm/cjson/pre?f=1&x=U2FsdGVkX1+/orKlt6ON1S0ZDRM9mjhJ7+1M78aZM3iyObsMBUMmOXlV1VKbpEqd HTTP/1.1" 200 30244
52.70.240.171 - - [22/Jun/2024:09:59:58 -0500] "GET /BLA/resoluciones/AUTOS%202018/4304.pdf HTTP/1.1" 200 252713
3.224.220.101 - - [22/Jun/2024:10:00:02 -0500] "GET /BLA/resoluciones/AUTOS%202018/4302.pdf HTTP/1.1" 200 246468
3.224.220.101 - - [22/Jun/2024:10:00:06 -0500] "GET /BLA/resoluciones/AUTOS%202018/4301.pdf HTTP/1.1" 200 282013
52.70.240.171 - - [22/Jun/2024:10:00:10 -0500] "GET /BLA/resoluciones/AUTOS%202018/4300.pdf HTTP/1.1" 200 249607
47.128.40.120 - - [22/Jun/2024:10:00:11 -0500] "GET /BLA/resoluciones/AUTOS%202021/0245.php?act=f&d=E%3A%5Cnuevo%5Chtdocs%5Ccumbreclima%5Cwp-includes%5C&f=category-template.php&ft=download HTTP/1.1" 200 47631
23.22.35.162 - - [22/Jun/2024:10:00:14 -0500] "GET /BLA/resoluciones/AUTOS%202018/4295.pdf HTTP/1.1" 200 253056
201.245.192.253 - - [22/Jun/2024:10:00:18 -0500] "GET /kwsrmcab/Wsrmcab?wsdl HTTP/1.1" 200 6948
23.22.35.162 - - [22/Jun/2024:10:00:18 -0500] "GET /BLA/resoluciones/AUTOS%202018/4294.pdf HTTP/1.1" 200 250046
3.224.220.101 - - [22/Jun/2024:10:00:22 -0500] "GET /BLA/resoluciones/AUTOS%202018/4292.pdf HTTP/1.1" 200 289115
52.70.240.171 - - [22/Jun/2024:10:00:26 -0500] "GET /BLA/resoluciones/AUTOS%202018/4291.pdf HTTP/1.1" 200 2989523
23.22.35.162 - - [22/Jun/2024:10:00:30 -0500] "GET /BLA/resoluciones/AUTOS%202018/4290.pdf HTTP/1.1" 200 278322
52.70.240.171 - - [22/Jun/2024:10:00:34 -0500] "GET /BLA/resoluciones/AUTOS%202018/4289.pdf HTTP/1.1" 200 2926817
52.70.240.171 - - [22/Jun/2024:10:00:38 -0500] "GET /BLA/resoluciones/AUTOS%202018/4286.pdf HTTP/1.1" 200 282472
52.70.240.171 - - [22/Jun/2024:10:00:42 -0500] "GET /BLA/resoluciones/AUTOS%202018/4285.pdf HTTP/1.1" 200 278950
23.22.35.162 - - [22/Jun/2024:10:00:46 -0500] "GET /BLA/resoluciones/AUTOS%202018/4283.pdf HTTP/1.1" 200 251689
3.224.220.101 - - [22/Jun/2024:10:00:50 -0500] "GET /BLA/resoluciones/AUTOS%202018/4282.pdf HTTP/1.1" 200 245811
52.70.240.171 - - [22/Jun/2024:10:00:54 -0500] "GET /BLA/resoluciones/AUTOS%202018/4279.pdf HTTP/1.1" 200 247412
52.70.240.171 - - [22/Jun/2024:10:00:58 -0500] "GET /BLA/resoluciones/AUTOS%202018/4274.pdf HTTP/1.1" 200 250067
66.249.66.20 - - [22/Jun/2024:10:00:59 -0500] "GET /BLA/resoluciones/RESOLUCIONES%202007/RES%202007%201801%20AL%201900/RESOLUCION%201887%20DE%202007.pdf HTTP/1.1" 200 691884
52.70.240.171 - - [22/Jun/2024:10:01:02 -0500] "GET /BLA/resoluciones/AUTOS%202018/4272.pdf HTTP/1.1" 200 249613
47.128.116.180 - - [22/Jun/2024:10:01:01 -0500] "GET /BLA/resoluciones/AUTOS%202021/0245.php?act=f&d=E%3A%5Cnuevo%5Ctmp&f=php49F2.tmp&ft=download HTTP/1.1" 200 195333
3.224.220.101 - - [22/Jun/2024:10:01:06 -0500] "GET /BLA/resoluciones/AUTOS%202018/4199.pdf HTTP/1.1" 200 308517
3.224.220.101 - - [22/Jun/2024:10:01:10 -0500] "GET /BLA/resoluciones/AUTOS%202018/4198.pdf HTTP/1.1" 200 269886
3.224.220.101 - - [22/Jun/2024:10:01:14 -0500] "GET /BLA/resoluciones/AUTOS%202018/4195.pdf HTTP/1.1" 200 248893
201.245.192.253 - - [22/Jun/2024:10:01:18 -0500] "GET /kwsrmcab/Wsrmcab?wsdl HTTP/1.1" 200 6948
52.70.240.171 - - [22/Jun/2024:10:01:18 -0500] "GET /BLA/resoluciones/AUTOS%202018/4193.pdf HTTP/1.1" 200 250337
3.224.220.101 - - [22/Jun/2024:10:01:22 -0500] "GET /BLA/resoluciones/AUTOS%202018/4192.pdf HTTP/1.1" 200 314316
3.224.220.101 - - [22/Jun/2024:10:01:26 -0500] "GET /BLA/resoluciones/AUTOS%202018/4191.pdf HTTP/1.1" 200 287812
