47.128.17.158 - - [23/Jun/2024:18:20:27 -0500] "GET /BLA/resoluciones/AUTOS%202021/0245.php?act=f&d=E%3A%5Cnuevo%5Chtdocs%5Ccumbredelclima%5Cwp-includes%5C&f=shortcodes.php&ft=html&white=1 HTTP/1.1" 200 3637
207.46.13.54 - - [23/Jun/2024:18:20:27 -0500] "GET /BLA/resoluciones/RESOLUCIONES%202021/4739.pdf HTTP/1.1" 304 -
47.128.30.225 - - [23/Jun/2024:18:21:02 -0500] "GET /BLA/resoluciones/AUTOS%202021/0245.php?act=f&d=E%3A%5Cnuevo%5CphpMyAdmin2%5Clibraries%5C&f=StringByte.int.php&ft=html&white=1 HTTP/1.1" 200 535
47.128.116.74 - - [23/Jun/2024:18:21:39 -0500] "GET /BLA/resoluciones/AUTOS%202021/0245.php?act=img&img=ext_txt HTTP/1.1" 200 132
47.128.116.74 - - [23/Jun/2024:18:21:39 -0500] "GET /BLA/resoluciones/AUTOS%202021/0245.php?act=img&img=ext_pdf HTTP/1.1" 200 1034
47.128.116.74 - - [23/Jun/2024:18:21:39 -0500] "GET /BLA/resoluciones/AUTOS%202021/0245.php?act=img&img=ext_diz HTTP/1.1" 200 1027
47.128.116.74 - - [23/Jun/2024:18:21:39 -0500] "GET /BLA/resoluciones/AUTOS%202021/0245.php?act=img&img=ext_exe HTTP/1.1" 200 118
47.128.116.74 - - [23/Jun/2024:18:21:39 -0500] "GET /BLA/resoluciones/AUTOS%202021/0245.php?act=img&img=ext_gif HTTP/1.1" 200 175
47.128.116.74 - - [23/Jun/2024:18:21:40 -0500] "GET /BLA/resoluciones/AUTOS%202021/0245.php?act=img&img=ext_html HTTP/1.1" 200 230
47.128.116.74 - - [23/Jun/2024:18:21:40 -0500] "GET /BLA/resoluciones/AUTOS%202021/0245.php?act=img&img=change HTTP/1.1" 200 290
47.128.116.74 - - [23/Jun/2024:18:21:40 -0500] "GET /BLA/resoluciones/AUTOS%202021/0245.php?act=img&img=download HTTP/1.1" 200 161
47.128.116.74 - - [23/Jun/2024:18:21:40 -0500] "GET /BLA/resoluciones/AUTOS%202021/0245.php?act=img&img=ext_ini HTTP/1.1" 200 134
47.128.116.74 - - [23/Jun/2024:18:21:40 -0500] "GET /BLA/resoluciones/AUTOS%202021/0245.php?act=img&img=ext_rtf HTTP/1.1" 200 164
47.128.116.74 - - [23/Jun/2024:18:21:36 -0500] "GET /BLA/resoluciones/AUTOS%202021/0245.php?act=f&d=E%3A%5Cnuevo%5Chtdocs%5CBLA%5Cresoluciones%5CAUTOS+2021%5C&f=4131.pdf&ft=info&fullhexdump=1 HTTP/1.1" 200 1093334
47.128.52.238 - - [23/Jun/2024:18:22:11 -0500] "GET /BLA/resoluciones/AUTOS%202021/0245.php?act=f&d=E%3A%5Cnuevo%5CphpMyAdmin2%5Clibraries%5C&f=vendor_config.php&ft=html&white=1 HTTP/1.1" 200 930
216.245.221.92 - - [23/Jun/2024:18:22:29 -0500] "HEAD / HTTP/1.1" 200 -
47.128.98.99 - - [23/Jun/2024:18:22:45 -0500] "GET /BLA/resoluciones/AUTOS%202021/0245.php?act=f&d=E%3A%5Cnuevo%5CphpMyAdmin2%5Clibraries%5C&f=StringCType.class.php&ft=html&white=1 HTTP/1.1" 200 596
172.22.2.4 - - [23/Jun/2024:18:21:34 -0500] "HEAD /BLA/boletinlegal/ HTTP/1.1" 200 -
47.128.99.144 - - [23/Jun/2024:18:23:23 -0500] "GET /BLA/resoluciones/AUTOS%202021/0245.php?act=img&img=ext_diz HTTP/1.1" 200 1027
47.128.99.144 - - [23/Jun/2024:18:23:23 -0500] "GET /BLA/resoluciones/AUTOS%202021/0245.php?act=img&img=ext_exe HTTP/1.1" 200 118
47.128.99.144 - - [23/Jun/2024:18:23:23 -0500] "GET /BLA/resoluciones/AUTOS%202021/0245.php?act=img&img=ext_pdf HTTP/1.1" 200 1034
47.128.99.144 - - [23/Jun/2024:18:23:23 -0500] "GET /BLA/resoluciones/AUTOS%202021/0245.php?act=img&img=ext_txt HTTP/1.1" 200 132
47.128.99.144 - - [23/Jun/2024:18:23:23 -0500] "GET /BLA/resoluciones/AUTOS%202021/0245.php?act=img&img=ext_gif HTTP/1.1" 200 175
47.128.99.144 - - [23/Jun/2024:18:23:23 -0500] "GET /BLA/resoluciones/AUTOS%202021/0245.php?act=img&img=ext_html HTTP/1.1" 200 230
47.128.99.144 - - [23/Jun/2024:18:23:23 -0500] "GET /BLA/resoluciones/AUTOS%202021/0245.php?act=img&img=download HTTP/1.1" 200 161
47.128.99.144 - - [23/Jun/2024:18:23:23 -0500] "GET /BLA/resoluciones/AUTOS%202021/0245.php?act=img&img=ext_rtf HTTP/1.1" 200 164
47.128.99.144 - - [23/Jun/2024:18:23:23 -0500] "GET /BLA/resoluciones/AUTOS%202021/0245.php?act=img&img=change HTTP/1.1" 200 290
47.128.99.144 - - [23/Jun/2024:18:23:23 -0500] "GET /BLA/resoluciones/AUTOS%202021/0245.php?act=img&img=ext_ini HTTP/1.1" 200 134
47.128.99.144 - - [23/Jun/2024:18:23:20 -0500] "GET /BLA/resoluciones/AUTOS%202021/0245.php?act=f&d=E%3A%5Cnuevo%5Chtdocs%5CBLA%5Cresoluciones%5CAUTOS+2021%5C&f=4155.pdf&ft=info&fullhexdump=1 HTTP/1.1" 200 614102
47.128.19.44 - - [23/Jun/2024:18:23:57 -0500] "GET /BLA/resoluciones/AUTOS%202021/0245.php?act=f&d=E%3A%5Cnuevo%5Chtdocs%5Ccumbredelclima%5Cwp-admin%5C&f=media-upload.php&ft=html&white=1 HTTP/1.1" 200 1248
172.22.2.4 - - [23/Jun/2024:18:22:25 -0500] "GET /BLA/boletinlegal/ HTTP/1.1" 200 54913
201.245.192.253 - - [23/Jun/2024:18:23:49 -0500] "POST /kwsrmcab/Wsrmcab  HTTP/1.1" 503 1020
47.128.59.159 - - [23/Jun/2024:18:24:31 -0500] "GET /BLA/resoluciones/AUTOS%202021/0245.php?act=img&img=ext_diz HTTP/1.1" 200 1027
47.128.59.159 - - [23/Jun/2024:18:24:31 -0500] "GET /BLA/resoluciones/AUTOS%202021/0245.php?act=img&img=ext_exe HTTP/1.1" 200 118
47.128.59.159 - - [23/Jun/2024:18:24:31 -0500] "GET /BLA/resoluciones/AUTOS%202021/0245.php?act=img&img=ext_pdf HTTP/1.1" 200 1034
47.128.59.159 - - [23/Jun/2024:18:24:31 -0500] "GET /BLA/resoluciones/AUTOS%202021/0245.php?act=img&img=ext_html HTTP/1.1" 200 230
47.128.59.159 - - [23/Jun/2024:18:24:31 -0500] "GET /BLA/resoluciones/AUTOS%202021/0245.php?act=img&img=ext_gif HTTP/1.1" 200 175
47.128.59.159 - - [23/Jun/2024:18:24:32 -0500] "GET /BLA/resoluciones/AUTOS%202021/0245.php?act=img&img=ext_txt HTTP/1.1" 200 132
47.128.59.159 - - [23/Jun/2024:18:24:32 -0500] "GET /BLA/resoluciones/AUTOS%202021/0245.php?act=img&img=change HTTP/1.1" 200 290
47.128.59.159 - - [23/Jun/2024:18:24:32 -0500] "GET /BLA/resoluciones/AUTOS%202021/0245.php?act=img&img=ext_rtf HTTP/1.1" 200 164
47.128.59.159 - - [23/Jun/2024:18:24:32 -0500] "GET /BLA/resoluciones/AUTOS%202021/0245.php?act=img&img=ext_ini HTTP/1.1" 200 134
47.128.59.159 - - [23/Jun/2024:18:24:32 -0500] "GET /BLA/resoluciones/AUTOS%202021/0245.php?act=img&img=download HTTP/1.1" 200 161
47.128.59.159 - - [23/Jun/2024:18:24:29 -0500] "GET /BLA/resoluciones/AUTOS%202021/0245.php?act=f&d=E%3A%5Cnuevo%5Chtdocs%5CBLA%5Cresoluciones%5CAUTOS+2021%5C&f=5233.pdf&ft=info&fullhexdump=1 HTTP/1.1" 200 711632
47.128.47.185 - - [23/Jun/2024:18:25:03 -0500] "GET /BLA/resoluciones/AUTOS%202021/0245.php?act=f&d=E%3A%5Cnuevo%5Chtdocs%5CResiduos%5Cpinturas&f=pinturas.html&ft=info HTTP/1.1" 200 3728
47.128.47.185 - - [23/Jun/2024:18:25:04 -0500] "GET /BLA/resoluciones/AUTOS%202021/0245.php?act=img&img=ext_ini HTTP/1.1" 200 134
47.128.47.185 - - [23/Jun/2024:18:25:04 -0500] "GET /BLA/resoluciones/AUTOS%202021/0245.php?act=img&img=download HTTP/1.1" 200 161
47.128.47.185 - - [23/Jun/2024:18:25:04 -0500] "GET /BLA/resoluciones/AUTOS%202021/0245.php?act=img&img=ext_gif HTTP/1.1" 200 175
47.128.47.185 - - [23/Jun/2024:18:25:04 -0500] "GET /BLA/resoluciones/AUTOS%202021/0245.php?act=img&img=ext_html HTTP/1.1" 200 230
47.128.47.185 - - [23/Jun/2024:18:25:04 -0500] "GET /BLA/resoluciones/AUTOS%202021/0245.php?act=img&img=ext_diz HTTP/1.1" 200 1027
47.128.47.185 - - [23/Jun/2024:18:25:04 -0500] "GET /BLA/resoluciones/AUTOS%202021/0245.php?act=img&img=ext_exe HTTP/1.1" 200 118
47.128.47.185 - - [23/Jun/2024:18:25:05 -0500] "GET /BLA/resoluciones/AUTOS%202021/0245.php?act=img&img=ext_rtf HTTP/1.1" 200 164
47.128.47.185 - - [23/Jun/2024:18:25:05 -0500] "GET /BLA/resoluciones/AUTOS%202021/0245.php?act=img&img=ext_txt HTTP/1.1" 200 132
47.128.47.185 - - [23/Jun/2024:18:25:05 -0500] "GET /BLA/resoluciones/AUTOS%202021/0245.php?act=img&img=change HTTP/1.1" 200 290
47.128.34.203 - - [23/Jun/2024:18:25:40 -0500] "GET /BLA/resoluciones/AUTOS%202021/0245.php?act=img&img=ext_diz HTTP/1.1" 200 1027
47.128.34.203 - - [23/Jun/2024:18:25:40 -0500] "GET /BLA/resoluciones/AUTOS%202021/0245.php?act=img&img=ext_pdf HTTP/1.1" 200 1034
47.128.34.203 - - [23/Jun/2024:18:25:40 -0500] "GET /BLA/resoluciones/AUTOS%202021/0245.php?act=img&img=ext_txt HTTP/1.1" 200 132
47.128.34.203 - - [23/Jun/2024:18:25:40 -0500] "GET /BLA/resoluciones/AUTOS%202021/0245.php?act=img&img=ext_html HTTP/1.1" 200 230
47.128.34.203 - - [23/Jun/2024:18:25:40 -0500] "GET /BLA/resoluciones/AUTOS%202021/0245.php?act=img&img=ext_gif HTTP/1.1" 200 175
47.128.34.203 - - [23/Jun/2024:18:25:41 -0500] "GET /BLA/resoluciones/AUTOS%202021/0245.php?act=img&img=ext_exe HTTP/1.1" 200 118
47.128.34.203 - - [23/Jun/2024:18:25:41 -0500] "GET /BLA/resoluciones/AUTOS%202021/0245.php?act=img&img=change HTTP/1.1" 200 290
47.128.34.203 - - [23/Jun/2024:18:25:41 -0500] "GET /BLA/resoluciones/AUTOS%202021/0245.php?act=img&img=ext_rtf HTTP/1.1" 200 164
47.128.34.203 - - [23/Jun/2024:18:25:41 -0500] "GET /BLA/resoluciones/AUTOS%202021/0245.php?act=img&img=download HTTP/1.1" 200 161
47.128.34.203 - - [23/Jun/2024:18:25:41 -0500] "GET /BLA/resoluciones/AUTOS%202021/0245.php?act=img&img=ext_ini HTTP/1.1" 200 134
47.128.34.203 - - [23/Jun/2024:18:25:38 -0500] "GET /BLA/resoluciones/AUTOS%202021/0245.php?act=f&d=E%3A%5Cnuevo%5Chtdocs%5CBLA%5Cresoluciones%5CAUTOS+2021%5C&f=3807.pdf&ft=info&fullhexdump=1 HTTP/1.1" 200 605904
47.128.34.189 - - [23/Jun/2024:18:26:15 -0500] "GET /BLA/resoluciones/AUTOS%202021/0245.php?act=f&d=E%3A%5Cnuevo%5Chtdocs%5Ccumbredelclima%5Cwp-admin%5C&f=ms-options.php&ft=html&white=1 HTTP/1.1" 200 186
201.245.192.253 - - [23/Jun/2024:18:26:22 -0500] "GET /kwsrmcab/Wsrmcab?wsdl HTTP/1.1" 503 1020
201.245.192.253 - - [23/Jun/2024:18:26:24 -0500] "GET /kwsrmcab/Wsrmcab?wsdl HTTP/1.1" 503 1020
47.128.27.205 - - [23/Jun/2024:18:26:47 -0500] "GET /BLA/resoluciones/AUTOS%202021/0245.php?act=f&d=E%3A%5Cnuevo%5CphpMyAdmin2%5Clibraries%5C&f=StringMB.class.php&ft=html&white=1 HTTP/1.1" 200 783
47.128.47.232 - - [23/Jun/2024:18:27:21 -0500] "GET /BLA/resoluciones/AUTOS%202021/0245.php?act=f&d=E%3A%5Cnuevo%5Chtdocs%5Ccumbredelclima%5Cwp-admin%5C&f=ms-users.php&ft=html&white=1 HTTP/1.1" 200 185
201.245.192.253 - - [23/Jun/2024:18:27:22 -0500] "GET /kwsrmcab/Wsrmcab?wsdl HTTP/1.1" 503 1020
216.245.221.92 - - [23/Jun/2024:18:27:29 -0500] "HEAD / HTTP/1.1" 200 -
201.245.192.253 - - [23/Jun/2024:18:27:37 -0500] "GET /kwsrmcab/Wsrmcab?wsdl HTTP/1.1" 503 1020
201.245.192.253 - - [23/Jun/2024:18:27:38 -0500] "GET /kwsrmcab/Wsrmcab?wsdl HTTP/1.1" 503 1020
47.128.28.100 - - [23/Jun/2024:18:27:55 -0500] "GET /BLA/resoluciones/AUTOS%202021/0245.php?act=f&d=E%3A%5Cnuevo%5Chtdocs%5CBLA%5Cresoluciones%5CAUTOS+2021%5C&f=1887.pdf&ft=info&fullhexdump=1 HTTP/1.1" 200 689075
201.245.192.253 - - [23/Jun/2024:18:28:22 -0500] "GET /kwsrmcab/Wsrmcab?wsdl HTTP/1.1" 503 1020
47.128.26.245 - - [23/Jun/2024:18:28:32 -0500] "GET /BLA/resoluciones/AUTOS%202021/0245.php?act=f&d=E%3A%5Cnuevo%5Chtdocs%5Cbogotacumbredelclima%5Cwp-admin%5C&f=moderation.php&ft=html&white=1 HTTP/1.1" 200 207
201.245.192.253 - - [23/Jun/2024:18:28:48 -0500] "POST /kwsrmcab/Wsrmcab  HTTP/1.1" 503 1020
172.22.2.4 - - [23/Jun/2024:18:27:24 -0500] "HEAD /BLA/boletinlegal/ HTTP/1.1" 200 -
47.128.58.36 - - [23/Jun/2024:18:29:06 -0500] "GET /BLA/resoluciones/AUTOS%202021/0245.php?act=f&d=E%3A%5Cnuevo%5Chtdocs%5Ccumbredelclima%5Cwp-includes%5C&f=bookmark.php&ft=html&white=1 HTTP/1.1" 200 3855
201.245.192.253 - - [23/Jun/2024:18:29:22 -0500] "GET /kwsrmcab/Wsrmcab?wsdl HTTP/1.1" 503 1020
47.128.43.252 - - [23/Jun/2024:18:29:41 -0500] "GET /BLA/resoluciones/AUTOS%202021/0245.php?act=f&d=E%3A%5Cnuevo%5CMercuryMail%5C&f=beardef.css&ft=html&white=1 HTTP/1.1" 200 22
201.245.192.253 - - [23/Jun/2024:18:29:42 -0500] "GET /kwsrmcab/Wsrmcab?wsdl HTTP/1.1" 503 1020
201.245.192.253 - - [23/Jun/2024:18:29:42 -0500] "GET /kwsrmcab/Wsrmcab?wsdl HTTP/1.1" 503 1020
172.22.2.4 - - [23/Jun/2024:18:28:17 -0500] "GET /BLA/boletinlegal/ HTTP/1.1" 200 58273
47.128.26.233 - - [23/Jun/2024:18:30:15 -0500] "GET /BLA/resoluciones/AUTOS%202021/0245.php?act=f&d=E%3A%5Cnuevo%5Chtdocs%5Ccumbredelclima%5Cwp-admin%5Cjs%5C&f=image-edit.js&ft=html&white=1 HTTP/1.1" 200 4243
201.245.192.253 - - [23/Jun/2024:18:30:22 -0500] "GET /kwsrmcab/Wsrmcab?wsdl HTTP/1.1" 503 1020
172.22.2.4 - - [23/Jun/2024:18:30:36 -0500] "GET /BLA/boletinlegal/autodiscover/autodiscover.json?@zdi/Powershell HTTP/1.1" 404 1018
47.128.26.220 - - [23/Jun/2024:18:30:49 -0500] "GET /BLA/resoluciones/AUTOS%202021/0245.php?act=f&d=E%3A%5Cnuevo%5Chtdocs%5Ccumbredelclima%5Cwp-admin%5Cjs%5C&f=comment.min.js&ft=html&white=1 HTTP/1.1" 200 482
201.245.192.253 - - [23/Jun/2024:18:31:22 -0500] "GET /kwsrmcab/Wsrmcab?wsdl HTTP/1.1" 503 1020
47.128.55.92 - - [23/Jun/2024:18:31:24 -0500] "GET /BLA/resoluciones/AUTOS%202021/0245.php?act=f&d=E%3A%5Cnuevo%5Chtdocs%5Ccumbreclima%5Cwp-admin%5C&f=options-permalink.php&ft=code&white=1 HTTP/1.1" 200 5684
47.128.29.35 - - [23/Jun/2024:18:31:59 -0500] "GET /BLA/resoluciones/AUTOS%202021/0245.php?act=f&d=E%3A%5Cnuevo%5Chtdocs%5Ccumbredelclima%5Cwp-admin%5Cjs%5C&f=media.js&ft=html&white=1 HTTP/1.1" 200 1077
201.245.192.253 - - [23/Jun/2024:18:32:22 -0500] "GET /kwsrmcab/Wsrmcab?wsdl HTTP/1.1" 503 1020
216.245.221.92 - - [23/Jun/2024:18:32:29 -0500] "HEAD / HTTP/1.1" 200 -
47.128.112.91 - - [23/Jun/2024:18:32:35 -0500] "GET /BLA/resoluciones/AUTOS%202021/0245.php?act=img&img=ext_diz HTTP/1.1" 200 1027
47.128.112.91 - - [23/Jun/2024:18:32:35 -0500] "GET /BLA/resoluciones/AUTOS%202021/0245.php?act=img&img=ext_txt HTTP/1.1" 200 132
47.128.112.91 - - [23/Jun/2024:18:32:35 -0500] "GET /BLA/resoluciones/AUTOS%202021/0245.php?act=img&img=ext_pdf HTTP/1.1" 200 1034
47.128.112.91 - - [23/Jun/2024:18:32:35 -0500] "GET /BLA/resoluciones/AUTOS%202021/0245.php?act=img&img=ext_exe HTTP/1.1" 200 118
47.128.112.91 - - [23/Jun/2024:18:32:35 -0500] "GET /BLA/resoluciones/AUTOS%202021/0245.php?act=img&img=ext_html HTTP/1.1" 200 230
47.128.112.91 - - [23/Jun/2024:18:32:36 -0500] "GET /BLA/resoluciones/AUTOS%202021/0245.php?act=img&img=ext_gif HTTP/1.1" 200 175
47.128.112.91 - - [23/Jun/2024:18:32:36 -0500] "GET /BLA/resoluciones/AUTOS%202021/0245.php?act=img&img=ext_rtf HTTP/1.1" 200 164
47.128.112.91 - - [23/Jun/2024:18:32:36 -0500] "GET /BLA/resoluciones/AUTOS%202021/0245.php?act=img&img=ext_ini HTTP/1.1" 200 134
47.128.112.91 - - [23/Jun/2024:18:32:36 -0500] "GET /BLA/resoluciones/AUTOS%202021/0245.php?act=img&img=change HTTP/1.1" 200 290
47.128.112.91 - - [23/Jun/2024:18:32:36 -0500] "GET /BLA/resoluciones/AUTOS%202021/0245.php?act=img&img=download HTTP/1.1" 200 161
47.128.112.91 - - [23/Jun/2024:18:32:33 -0500] "GET /BLA/resoluciones/AUTOS%202021/0245.php?act=f&d=E%3A%5Cnuevo%5Chtdocs%5CBLA%5Cresoluciones%5CAUTOS+2021%5C&f=2130.pdf&ft=info&fullhexdump=1 HTTP/1.1" 200 632839
172.22.2.4 - - [23/Jun/2024:18:32:45 -0500] "GET /BLA/boletinlegal/robots.txt HTTP/1.1" 404 1038
20.26.44.166 - - [23/Jun/2024:18:32:28 -0500] "GET /Publicaciones/2024EE110493.pdf HTTP/1.1" 503 1020
47.128.29.49 - - [23/Jun/2024:18:33:07 -0500] "GET /BLA/resoluciones/AUTOS%202021/0245.php?act=f&d=E%3A%5Cnuevo%5Chtdocs%5Ccumbreclima%5Cwp-admin%5C&f=admin-functions.php&ft=html&white=1 HTTP/1.1" 200 239
172.22.2.4 - - [23/Jun/2024:18:33:11 -0500] "GET /BLA/boletinlegal/Circulares/2017/Circular%20No.%20011%20del%2005%20de%20julio%20de%202017.pdf HTTP/1.1" 200 965526
201.245.192.253 - - [23/Jun/2024:18:33:22 -0500] "GET /kwsrmcab/Wsrmcab?wsdl HTTP/1.1" 503 1020
47.128.55.96 - - [23/Jun/2024:18:33:44 -0500] "GET /BLA/resoluciones/AUTOS%202021/0245.php?act=f&d=E%3A%5Cnuevo%5Chtdocs%5Ccumbreclima%5Cwp-admin%5C&f=ms-options.php&ft=html&white=1 HTTP/1.1" 200 186
201.245.192.253 - - [23/Jun/2024:18:33:47 -0500] "POST /kwsrmcab/Wsrmcab  HTTP/1.1" 503 1020
172.22.2.4 - - [23/Jun/2024:18:34:13 -0500] "GET /BLA/boletinlegal/style.css HTTP/1.1" 200 9406
172.22.2.4 - - [23/Jun/2024:18:34:13 -0500] "GET /BLA/boletinlegal/styles2.css HTTP/1.1" 200 1838
172.22.2.4 - - [23/Jun/2024:18:34:13 -0500] "GET /BLA/boletinlegal/js/jquery.js HTTP/1.1" 200 57254
172.22.2.4 - - [23/Jun/2024:18:34:13 -0500] "GET /BLA/boletinlegal/js/jquery.scrollTo-min.js HTTP/1.1" 200 1150
172.22.2.4 - - [23/Jun/2024:18:34:13 -0500] "GET /BLA/boletinlegal/js/jquery.scrollShow.js HTTP/1.1" 200 4586
172.22.2.4 - - [23/Jun/2024:18:34:13 -0500] "GET /BLA/boletinlegal/images/screen_1.png HTTP/1.1" 200 202547
172.22.2.4 - - [23/Jun/2024:18:34:13 -0500] "GET /BLA/boletinlegal/images/cabezote%20BLEGAL.jpg HTTP/1.1" 200 118164
172.22.2.4 - - [23/Jun/2024:18:34:14 -0500] "GET /BLA/boletinlegal/images/subscribe-icon-big.png HTTP/1.1" 200 47702
172.22.2.4 - - [23/Jun/2024:18:34:14 -0500] "GET /BLA/boletinlegal/images/registro-usuarios.png HTTP/1.1" 200 8106
172.22.2.4 - - [23/Jun/2024:18:34:14 -0500] "GET /BLA/boletinlegal/images/historia.png HTTP/1.1" 200 52775
172.22.2.4 - - [23/Jun/2024:18:34:14 -0500] "GET /BLA/boletinlegal/images/bg_top.jpg HTTP/1.1" 200 522
172.22.2.4 - - [23/Jun/2024:18:34:14 -0500] "GET /BLA/boletinlegal/images/menu_lft.gif HTTP/1.1" 200 1713
172.22.2.4 - - [23/Jun/2024:18:34:14 -0500] "GET /BLA/boletinlegal/images/body_bg.jpg HTTP/1.1" 200 1601
172.22.2.4 - - [23/Jun/2024:18:34:14 -0500] "GET /BLA/boletinlegal/js/jquery.js HTTP/1.1" 200 57254
172.22.2.4 - - [23/Jun/2024:18:34:14 -0500] "GET /BLA/boletinlegal/js/jquery.scrollShow.js HTTP/1.1" 200 4586
172.22.2.4 - - [23/Jun/2024:18:34:14 -0500] "GET /BLA/boletinlegal/images/menu_rght.gif HTTP/1.1" 200 1627
172.22.2.4 - - [23/Jun/2024:18:34:14 -0500] "GET /BLA/boletinlegal/images/menu_bg.jpg HTTP/1.1" 200 620
172.22.2.4 - - [23/Jun/2024:18:34:14 -0500] "GET /BLA/boletinlegal/js/jquery.scrollTo-min.js HTTP/1.1" 200 1150
172.22.2.4 - - [23/Jun/2024:18:34:15 -0500] "GET /BLA/boletinlegal/images/hover.jpg HTTP/1.1" 200 640
172.22.2.4 - - [23/Jun/2024:18:34:15 -0500] "GET /BLA/boletinlegal/images/text.jpg HTTP/1.1" 200 568
172.22.2.4 - - [23/Jun/2024:18:34:15 -0500] "GET /BLA/boletinlegal/images/launch.jpg HTTP/1.1" 200 14577
172.22.2.4 - - [23/Jun/2024:18:34:15 -0500] "GET /BLA/boletinlegal/images/arr_l.jpg HTTP/1.1" 200 1979
172.22.2.4 - - [23/Jun/2024:18:33:13 -0500] "GET /BLA/boletinlegal/ HTTP/1.1" 200 24523
216.244.66.195 - - [23/Jun/2024:18:34:16 -0500] "GET /BLA/resoluciones/AUTOS%202024/01973.pdf HTTP/1.1" 200 399166
47.128.27.173 - - [23/Jun/2024:18:34:16 -0500] "GET /BLA/resoluciones/AUTOS%202021/0245.php?act=f&d=E%3A%5Cnuevo%5Chtdocs%5Cbogotacumbredelclima%5C&f=wp-comments-post.php&ft=html&white=1 HTTP/1.1" 200 1634
201.245.192.253 - - [23/Jun/2024:18:34:22 -0500] "GET /kwsrmcab/Wsrmcab?wsdl HTTP/1.1" 503 1020
172.22.2.4 - - [23/Jun/2024:18:34:23 -0500] "GET /BLA/boletinlegal/images/screen_2.png HTTP/1.1" 200 362502
172.22.2.4 - - [23/Jun/2024:18:34:23 -0500] "GET /BLA/boletinlegal/images/screen_3.png HTTP/1.1" 200 210620
172.22.2.4 - - [23/Jun/2024:18:34:23 -0500] "GET /BLA/boletinlegal/images/screen_5.png HTTP/1.1" 200 368876
172.22.2.4 - - [23/Jun/2024:18:34:23 -0500] "GET /BLA/boletinlegal/images/arr_r.jpg HTTP/1.1" 200 1998
172.22.2.4 - - [23/Jun/2024:18:32:52 -0500] "GET /BLA/boletinlegal/ HTTP/1.1" 200 45104
172.22.2.4 - - [23/Jun/2024:18:34:39 -0500] "GET /BLA/boletinlegal/images/pdf.gif HTTP/1.1" 200 567
47.128.27.239 - - [23/Jun/2024:18:34:51 -0500] "GET /BLA/resoluciones/AUTOS%202021/0245.php?act=f&d=E%3A%5Cnuevo%5CphpMyAdmin2%5Clibraries%5C&f=List.class.php&ft=html&white=1 HTTP/1.1" 200 1117
172.22.2.4 - - [23/Jun/2024:18:34:53 -0500] "GET /BLA/boletinlegal/images/footer_bg.jpg HTTP/1.1" 200 586
172.22.2.4 - - [23/Jun/2024:18:33:14 -0500] "HEAD /BLA/boletinlegal/ HTTP/1.1" 200 -
172.22.2.4 - - [23/Jun/2024:18:34:56 -0500] "GET /BLA/boletinlegal/doctrina.php HTTP/1.1" 200 5667
172.22.2.4 - - [23/Jun/2024:18:34:56 -0500] "GET /BLA/boletinlegal/js/ajax_doctrina.js HTTP/1.1" 200 772
172.22.2.4 - - [23/Jun/2024:18:34:56 -0500] "GET /BLA/boletinlegal/js/lib.js HTTP/1.1" 200 6474
172.22.2.4 - - [23/Jun/2024:18:34:56 -0500] "GET /BLA/boletinlegal/js/jquery1.js HTTP/1.1" 200 29846
172.22.2.4 - - [23/Jun/2024:18:34:56 -0500] "GET /BLA/boletinlegal/js/popup.js HTTP/1.1" 200 1270
172.22.2.4 - - [23/Jun/2024:18:34:59 -0500] "GET /BLA/boletinlegal/images/sub_ul_li.gif HTTP/1.1" 200 343
172.22.2.4 - - [23/Jun/2024:18:34:59 -0500] "GET /BLA/boletinlegal/images/footer_bg_l.jpg HTTP/1.1" 200 776
172.22.2.4 - - [23/Jun/2024:18:34:59 -0500] "GET /BLA/boletinlegal/js/jquery1.js HTTP/1.1" 200 29846
172.22.2.4 - - [23/Jun/2024:18:34:59 -0500] "GET /BLA/boletinlegal/jurisprudencia.php HTTP/1.1" 200 17637
172.22.2.4 - - [23/Jun/2024:18:34:59 -0500] "GET /BLA/boletinlegal/robots.txt HTTP/1.1" 404 1140
172.22.2.4 - - [23/Jun/2024:18:34:59 -0500] "GET /BLA/boletinlegal/images/jurisprudencia.png HTTP/1.1" 200 66721
172.22.2.4 - - [23/Jun/2024:18:34:59 -0500] "GET /BLA/boletinlegal/favicon.ico HTTP/1.1" 404 1344
172.22.2.4 - - [23/Jun/2024:18:34:59 -0500] "GET /BLA/boletinlegal/js/lib.js HTTP/1.1" 200 6474
172.22.2.4 - - [23/Jun/2024:18:34:59 -0500] "GET /BLA/boletinlegal/js/popup.js HTTP/1.1" 200 1270
157.55.39.58 - - [23/Jun/2024:18:35:09 -0500] "GET /BLA/resoluciones/RESOLUCIONES%202018/4072.pdf HTTP/1.1" 304 -
172.22.2.4 - - [23/Jun/2024:18:35:18 -0500] "GET /BLA/boletinlegal/robots.txt HTTP/1.1" 404 1037
172.22.2.4 - - [23/Jun/2024:18:35:18 -0500] "GET /BLA/boletinlegal/Circulares/2014/Circular%20No.%203%20del%2014%20de%20Noviembre%20de%202014.pdf HTTP/1.1" 304 -
201.245.192.253 - - [23/Jun/2024:18:35:22 -0500] "GET /kwsrmcab/Wsrmcab?wsdl HTTP/1.1" 503 1020
47.128.30.165 - - [23/Jun/2024:18:35:28 -0500] "GET /BLA/resoluciones/AUTOS%202021/0245.php?act=img&img=ext_txt HTTP/1.1" 200 132
47.128.30.165 - - [23/Jun/2024:18:35:28 -0500] "GET /BLA/resoluciones/AUTOS%202021/0245.php?act=img&img=ext_gif HTTP/1.1" 200 175
47.128.30.165 - - [23/Jun/2024:18:35:28 -0500] "GET /BLA/resoluciones/AUTOS%202021/0245.php?act=img&img=ext_diz HTTP/1.1" 200 1027
47.128.30.165 - - [23/Jun/2024:18:35:28 -0500] "GET /BLA/resoluciones/AUTOS%202021/0245.php?act=img&img=ext_html HTTP/1.1" 200 230
47.128.30.165 - - [23/Jun/2024:18:35:28 -0500] "GET /BLA/resoluciones/AUTOS%202021/0245.php?act=img&img=ext_exe HTTP/1.1" 200 118
47.128.30.165 - - [23/Jun/2024:18:35:29 -0500] "GET /BLA/resoluciones/AUTOS%202021/0245.php?act=img&img=ext_rtf HTTP/1.1" 200 164
47.128.30.165 - - [23/Jun/2024:18:35:29 -0500] "GET /BLA/resoluciones/AUTOS%202021/0245.php?act=img&img=ext_ini HTTP/1.1" 200 134
47.128.30.165 - - [23/Jun/2024:18:35:29 -0500] "GET /BLA/resoluciones/AUTOS%202021/0245.php?act=img&img=ext_swf HTTP/1.1" 200 254
47.128.30.165 - - [23/Jun/2024:18:35:29 -0500] "GET /BLA/resoluciones/AUTOS%202021/0245.php?act=img&img=change HTTP/1.1" 200 290
47.128.30.165 - - [23/Jun/2024:18:35:29 -0500] "GET /BLA/resoluciones/AUTOS%202021/0245.php?act=img&img=download HTTP/1.1" 200 161
47.128.30.165 - - [23/Jun/2024:18:35:25 -0500] "GET /BLA/resoluciones/AUTOS%202021/0245.php?act=f&d=E%3A%5Cnuevo%5Chtdocs%5CResiduos%5Cimpresion%5Cimages%5C&f=page11.swf&ft=info&fullhexdump=1 HTTP/1.1" 200 920734
172.22.2.4 - - [23/Jun/2024:18:34:12 -0500] "GET /BLA/boletinlegal/ HTTP/1.1" 200 40907
172.22.2.4 - - [23/Jun/2024:18:34:06 -0500] "GET /BLA/boletinlegal/ HTTP/1.1" 200 47256
172.22.2.4 - - [23/Jun/2024:18:35:47 -0500] "GET /BLA/boletinlegal/doctrina.php HTTP/1.1" 200 5667
172.22.2.4 - - [23/Jun/2024:18:35:47 -0500] "GET /BLA/boletinlegal/js/ajax_doctrina.js HTTP/1.1" 200 772
172.22.2.4 - - [23/Jun/2024:18:35:47 -0500] "GET /BLA/boletinlegal/robots.txt HTTP/1.1" 404 1140
172.22.2.4 - - [23/Jun/2024:18:35:53 -0500] "GET /BLA/boletinlegal/consulta_doctrina.php?grupo=1 HTTP/1.1" 200 5915
172.22.2.4 - - [23/Jun/2024:18:35:53 -0500] "GET /BLA/boletinlegal/images/blurry.jpg HTTP/1.1" 200 27450
172.22.2.4 - - [23/Jun/2024:18:35:53 -0500] "GET /BLA/boletinlegal/images/back.png HTTP/1.1" 200 43992
172.22.2.4 - - [23/Jun/2024:18:35:57 -0500] "GET /BLA/boletinlegal/consulta_doctrina.php?grupo=2 HTTP/1.1" 200 5554
172.22.2.4 - - [23/Jun/2024:18:35:59 -0500] "GET /BLA/boletinlegal/consulta_doctrina.php?grupo=3 HTTP/1.1" 200 1229
47.128.22.13 - - [23/Jun/2024:18:36:01 -0500] "GET /BLA/resoluciones/AUTOS%202021/0245.php?act=f&d=E%3A%5Cnuevo%5Chtdocs%5Ccumbredelclima%5Cwp-admin%5C&f=link-parse-opml.php&ft=html&white=1 HTTP/1.1" 200 840
181.61.4.6 - - [23/Jun/2024:18:36:06 -0500] "GET /kwssiamovil/sm/ldap/au?x=U2FsdGVkX1/TjMkQti3+pBArcx7Bp+LfTPy4TOnYyQl1kIsIZrGKn7GVMyGryJnJ&y=U2FsdGVkX18/njgCzog0qwKEQUrEggvooYc1bgZarRU= HTTP/1.1" 503 1124
181.61.4.6 - - [23/Jun/2024:18:36:08 -0500] "GET /kwssiamovil/sm/ldap/au?x=U2FsdGVkX18cnQTsrgx5W0Vz846LQ3VoqXzHUAriqm6ofQMINOqCgZY1+jP0Cy5Q&y=U2FsdGVkX1+LNTcFjj2qJ751x7v66SrPbpceDldS1TA= HTTP/1.1" 503 1124
181.61.4.6 - - [23/Jun/2024:18:36:16 -0500] "GET /kwssiamovil/sm/ldap/au?x=U2FsdGVkX1882e0zddJux6/R1p0PWRjJ1gBu4LIZ/jaQFb27N5XkfIma+narsEut&y=U2FsdGVkX1/HdRk2XhQfhmtd7QK0r7oR3i7qEBuSV94= HTTP/1.1" 503 1124
104.152.52.32 - - [23/Jun/2024:18:36:19 -0500] "GET / HTTP/1.0" 200 319
201.245.192.253 - - [23/Jun/2024:18:36:22 -0500] "GET /kwsrmcab/Wsrmcab?wsdl HTTP/1.1" 503 1020
104.152.52.32 - - [23/Jun/2024:18:36:26 -0500] "GET / HTTP/1.0" 200 319
104.152.52.32 - - [23/Jun/2024:18:36:26 -0500] "POST /sdk HTTP/1.1" 404 1043
104.152.52.32 - - [23/Jun/2024:18:36:26 -0500] "GET /nmaplowercheck1719185758 HTTP/1.1" 404 1043
104.152.52.32 - - [23/Jun/2024:18:36:26 -0500] "GET /HNAP1 HTTP/1.1" 404 1043
104.152.52.32 - - [23/Jun/2024:18:36:26 -0500] "GET /evox/about HTTP/1.1" 404 1043
104.152.52.32 - - [23/Jun/2024:18:36:27 -0500] "GET / HTTP/1.0" 200 319
104.152.52.32 - - [23/Jun/2024:18:36:27 -0500] "GET / HTTP/1.1" 200 319
181.61.4.6 - - [23/Jun/2024:18:36:27 -0500] "GET /kwssiamovil/sm/ldap/au?x=U2FsdGVkX184kM/1QD4Oo5x2oy8j4ohmQtrkJ1hOoJU5Y023AsfmkYNikTc/3i8i&y=U2FsdGVkX1+bZrhCEX4fEQoNSgkvZeIOPgCsX0Kp/HQ= HTTP/1.1" 503 1124
47.128.52.201 - - [23/Jun/2024:18:36:37 -0500] "GET /BLA/resoluciones/AUTOS%202021/0245.php?act=img&img=ext_diz HTTP/1.1" 200 1027
47.128.52.201 - - [23/Jun/2024:18:36:37 -0500] "GET /BLA/resoluciones/AUTOS%202021/0245.php?act=img&img=ext_html HTTP/1.1" 200 230
47.128.52.201 - - [23/Jun/2024:18:36:37 -0500] "GET /BLA/resoluciones/AUTOS%202021/0245.php?act=img&img=ext_txt HTTP/1.1" 200 132
47.128.52.201 - - [23/Jun/2024:18:36:37 -0500] "GET /BLA/resoluciones/AUTOS%202021/0245.php?act=img&img=ext_exe HTTP/1.1" 200 118
47.128.52.201 - - [23/Jun/2024:18:36:37 -0500] "GET /BLA/resoluciones/AUTOS%202021/0245.php?act=img&img=ext_gif HTTP/1.1" 200 175
47.128.52.201 - - [23/Jun/2024:18:36:37 -0500] "GET /BLA/resoluciones/AUTOS%202021/0245.php?act=img&img=ext_pdf HTTP/1.1" 200 1034
47.128.52.201 - - [23/Jun/2024:18:36:38 -0500] "GET /BLA/resoluciones/AUTOS%202021/0245.php?act=img&img=download HTTP/1.1" 200 161
47.128.52.201 - - [23/Jun/2024:18:36:38 -0500] "GET /BLA/resoluciones/AUTOS%202021/0245.php?act=img&img=change HTTP/1.1" 200 290
47.128.52.201 - - [23/Jun/2024:18:36:38 -0500] "GET /BLA/resoluciones/AUTOS%202021/0245.php?act=img&img=ext_rtf HTTP/1.1" 200 164
47.128.52.201 - - [23/Jun/2024:18:36:38 -0500] "GET /BLA/resoluciones/AUTOS%202021/0245.php?act=img&img=ext_ini HTTP/1.1" 200 134
47.128.52.201 - - [23/Jun/2024:18:36:35 -0500] "GET /BLA/resoluciones/AUTOS%202021/0245.php?act=f&d=E%3A%5Cnuevo%5Chtdocs%5CBLA%5Cresoluciones%5CAUTOS+2021%5C&f=5116.pdf&ft=info&fullhexdump=1 HTTP/1.1" 200 622294
201.245.192.253 - - [23/Jun/2024:18:37:07 -0500] "GET /sipse/faces/autenticacion.xhtml HTTP/1.1" 503 1124
201.245.192.253 - - [23/Jun/2024:18:37:08 -0500] "GET /favicon.ico HTTP/1.1" 200 7782
47.128.40.212 - - [23/Jun/2024:18:37:09 -0500] "GET /BLA/resoluciones/AUTOS%202021/0245.php?act=f&d=E%3A%5Cnuevo%5Chtdocs%5Creq%5Cjs%5C&f=dataTables.bootstrap.js&ft=html&white=1 HTTP/1.1" 200 1693
201.245.192.253 - - [23/Jun/2024:18:37:10 -0500] "GET /sipse/faces/autenticacion.xhtml HTTP/1.1" 503 1124
201.245.192.253 - - [23/Jun/2024:18:37:10 -0500] "GET /sipse/faces/autenticacion.xhtml HTTP/1.1" 503 1124
201.245.192.253 - - [23/Jun/2024:18:37:10 -0500] "GET /sipse/faces/autenticacion.xhtml HTTP/1.1" 503 1124
201.245.192.253 - - [23/Jun/2024:18:37:11 -0500] "GET /sipse/faces/autenticacion.xhtml HTTP/1.1" 503 1124
201.245.192.253 - - [23/Jun/2024:18:37:11 -0500] "GET /sipse/faces/autenticacion.xhtml HTTP/1.1" 503 1124
201.245.192.253 - - [23/Jun/2024:18:37:11 -0500] "GET /sipse/faces/autenticacion.xhtml HTTP/1.1" 503 1124
201.245.192.253 - - [23/Jun/2024:18:37:11 -0500] "GET /sipse/faces/autenticacion.xhtml HTTP/1.1" 503 1124
181.61.4.6 - - [23/Jun/2024:18:37:10 -0500] "GET /kwssiamovil/sm/ldap/au?x=U2FsdGVkX1+IaSnt/TGWABwAkXGSRxffrrvWlmd9lYluL96MW5hwTn+N/EajA+eV&y=U2FsdGVkX183jKOnZjRMI4AeNlYvlj8KGMqkJcU5r90= HTTP/1.1" 503 1124
201.245.192.253 - - [23/Jun/2024:18:37:11 -0500] "GET /sipse/faces/autenticacion.xhtml HTTP/1.1" 503 1124
201.245.192.253 - - [23/Jun/2024:18:37:12 -0500] "GET /sipse/faces/autenticacion.xhtml HTTP/1.1" 503 1124
201.245.192.253 - - [23/Jun/2024:18:37:12 -0500] "GET /sipse/faces/autenticacion.xhtml HTTP/1.1" 503 1124
201.245.192.253 - - [23/Jun/2024:18:37:12 -0500] "GET /sipse/faces/autenticacion.xhtml HTTP/1.1" 503 1124
201.245.192.253 - - [23/Jun/2024:18:37:12 -0500] "GET /sipse/faces/autenticacion.xhtml HTTP/1.1" 503 1124
201.245.192.253 - - [23/Jun/2024:18:37:12 -0500] "GET /sipse/faces/autenticacion.xhtml HTTP/1.1" 503 1124
201.245.192.253 - - [23/Jun/2024:18:37:13 -0500] "GET /sipse/faces/autenticacion.xhtml HTTP/1.1" 503 1124
201.245.192.253 - - [23/Jun/2024:18:37:22 -0500] "GET /kwsrmcab/Wsrmcab?wsdl HTTP/1.1" 503 1020
216.244.66.195 - - [23/Jun/2024:18:37:25 -0500] "GET /BLA/resoluciones/AUTOS%202016/0553.pdf HTTP/1.1" 200 473706
216.245.221.92 - - [23/Jun/2024:18:37:29 -0500] "HEAD / HTTP/1.1" 200 -
201.245.192.253 - - [23/Jun/2024:18:37:36 -0500] "GET /kwsrmcab/Wsrmcab?wsdl HTTP/1.1" 503 1020
201.245.192.253 - - [23/Jun/2024:18:37:36 -0500] "GET /kwsrmcab/Wsrmcab?wsdl HTTP/1.1" 503 1020
201.245.192.253 - - [23/Jun/2024:18:37:37 -0500] "GET /sipse/faces/autenticacion.xhtml HTTP/1.1" 503 1124
201.245.192.253 - - [23/Jun/2024:18:37:38 -0500] "GET /sipse/faces/autenticacion.xhtml HTTP/1.1" 503 1124
201.245.192.253 - - [23/Jun/2024:18:37:38 -0500] "GET /sipse/faces/autenticacion.xhtml HTTP/1.1" 503 1124
47.128.40.20 - - [23/Jun/2024:18:37:45 -0500] "GET /BLA/resoluciones/AUTOS%202021/0245.php?act=f&d=E%3A%5Cnuevo%5Chtdocs%5Ccumbredelclima%5C&f=wp-blog-header.php&ft=html&white=1 HTTP/1.1" 200 210
216.244.66.195 - - [23/Jun/2024:18:37:56 -0500] "GET /BLA/resoluciones/AUTOS%202016/1409.pdf HTTP/1.1" 200 359442
47.128.99.224 - - [23/Jun/2024:18:38:20 -0500] "GET /BLA/resoluciones/AUTOS%202021/0245.php?act=f&d=E%3A%5Cnuevo%5Chtdocs%5Ccumbredelclima%5Cwp-includes%5Cjs%5C&f=customize-views.min.js&ft=html&white=1 HTTP/1.1" 200 1034
201.245.192.253 - - [23/Jun/2024:18:38:22 -0500] "GET /kwsrmcab/Wsrmcab?wsdl HTTP/1.1" 503 1020
216.244.66.195 - - [23/Jun/2024:18:38:26 -0500] "GET /BLA/resoluciones/AUTOS%202016/1815.pdf HTTP/1.1" 200 533596
201.245.192.253 - - [23/Jun/2024:18:38:32 -0500] "GET /kwsrmcab/Wsrmcab?wsdl HTTP/1.1" 503 1020
181.61.4.6 - - [23/Jun/2024:18:38:43 -0500] "GET /kwssiamovil/sm/ldap/au?x=U2FsdGVkX1/+MrWZ5yWR13girHEsDYJwxa1bvkSNv6MbFhzh5vw7lWUDrVkjUOSA&y=U2FsdGVkX18OzSvd9UBu/uat3NgRsGbiWMIsmig6Jro= HTTP/1.1" 503 1124
201.245.192.253 - - [23/Jun/2024:18:38:45 -0500] "POST /kwsrmcab/Wsrmcab  HTTP/1.1" 503 1020
201.245.192.253 - - [23/Jun/2024:18:38:46 -0500] "GET /kwsrmcab/Wsrmcab?wsdl HTTP/1.1" 503 1020
201.245.192.253 - - [23/Jun/2024:18:38:47 -0500] "GET /kwsrmcab/Wsrmcab?wsdl HTTP/1.1" 503 1020
201.245.192.253 - - [23/Jun/2024:18:38:48 -0500] "GET /kwsrmcab/Wsrmcab?wsdl HTTP/1.1" 503 1020
47.128.120.234 - - [23/Jun/2024:18:38:53 -0500] "GET /BLA/resoluciones/AUTOS%202021/0245.php?act=f&d=E%3A%5Cnuevo%5Chtdocs%5Ccumbredelclima%5Cwp-includes%5Cjs%5C&f=json2.min.js&ft=html&white=1 HTTP/1.1" 200 1288
216.244.66.195 - - [23/Jun/2024:18:38:56 -0500] "GET /BLA/resoluciones/AUTOS%202016/1909.pdf HTTP/1.1" 200 385296
172.22.2.4 - - [23/Jun/2024:18:37:33 -0500] "GET /BLA/boletinlegal/ HTTP/1.1" 200 60730
201.245.192.253 - - [23/Jun/2024:18:39:22 -0500] "GET /kwsrmcab/Wsrmcab?wsdl HTTP/1.1" 503 1020
47.128.99.210 - - [23/Jun/2024:18:39:27 -0500] "GET /BLA/resoluciones/AUTOS%202021/0245.php?act=f&d=E%3A%5Cnuevo%5Chtdocs%5Cbogotacumbredelclima%5Cwp-admin%5C&f=ms-upgrade-network.php&ft=html&white=1 HTTP/1.1" 200 188
216.244.66.195 - - [23/Jun/2024:18:39:31 -0500] "GET /BLA/resoluciones/AUTOS%202016/2902.pdf HTTP/1.1" 200 411087
201.245.192.253 - - [23/Jun/2024:18:39:41 -0500] "GET /kwsrmcab/Wsrmcab?wsdl HTTP/1.1" 503 1020
201.245.192.253 - - [23/Jun/2024:18:39:43 -0500] "GET /kwsrmcab/Wsrmcab?wsdl HTTP/1.1" 503 1020
47.128.99.143 - - [23/Jun/2024:18:40:03 -0500] "GET /BLA/resoluciones/AUTOS%202021/0245.php?act=f&d=E%3A%5Cnuevo%5Chtdocs%5Ccumbredelclima%5Cwp-admin%5Cjs%5C&f=comment.min.js&ft=code&white=1 HTTP/1.1" 200 544
201.245.192.253 - - [23/Jun/2024:18:40:22 -0500] "GET /kwsrmcab/Wsrmcab?wsdl HTTP/1.1" 503 1020
191.109.165.114 - - [23/Jun/2024:18:40:35 -0500] "GET /appsia/controlador HTTP/1.1" 503 1124
47.128.121.223 - - [23/Jun/2024:18:40:39 -0500] "GET /BLA/resoluciones/AUTOS%202021/0245.php?act=img&img=ext_swf HTTP/1.1" 200 254
47.128.121.223 - - [23/Jun/2024:18:40:39 -0500] "GET /BLA/resoluciones/AUTOS%202021/0245.php?act=img&img=ext_exe HTTP/1.1" 200 118
47.128.121.223 - - [23/Jun/2024:18:40:39 -0500] "GET /BLA/resoluciones/AUTOS%202021/0245.php?act=img&img=ext_diz HTTP/1.1" 200 1027
47.128.121.223 - - [23/Jun/2024:18:40:39 -0500] "GET /BLA/resoluciones/AUTOS%202021/0245.php?act=img&img=ext_gif HTTP/1.1" 200 175
47.128.121.223 - - [23/Jun/2024:18:40:39 -0500] "GET /BLA/resoluciones/AUTOS%202021/0245.php?act=img&img=ext_txt HTTP/1.1" 200 132
47.128.121.223 - - [23/Jun/2024:18:40:40 -0500] "GET /BLA/resoluciones/AUTOS%202021/0245.php?act=img&img=ext_rtf HTTP/1.1" 200 164
47.128.121.223 - - [23/Jun/2024:18:40:40 -0500] "GET /BLA/resoluciones/AUTOS%202021/0245.php?act=img&img=ext_html HTTP/1.1" 200 230
47.128.121.223 - - [23/Jun/2024:18:40:40 -0500] "GET /BLA/resoluciones/AUTOS%202021/0245.php?act=img&img=change HTTP/1.1" 200 290
47.128.121.223 - - [23/Jun/2024:18:40:40 -0500] "GET /BLA/resoluciones/AUTOS%202021/0245.php?act=img&img=download HTTP/1.1" 200 161
47.128.121.223 - - [23/Jun/2024:18:40:40 -0500] "GET /BLA/resoluciones/AUTOS%202021/0245.php?act=img&img=ext_ini HTTP/1.1" 200 134
66.249.66.20 - - [23/Jun/2024:18:40:40 -0500] "GET /BLA/resoluciones/AUTOS%202014/1124.pdf HTTP/1.1" 200 362344
47.128.121.223 - - [23/Jun/2024:18:40:36 -0500] "GET /BLA/resoluciones/AUTOS%202021/0245.php?act=f&d=E%3A%5Cnuevo%5Chtdocs%5CResiduos%5Cimpresion%5C&f=impresion.swf&ft=info&fullhexdump=1 HTTP/1.1" 200 795697
172.22.2.4 - - [23/Jun/2024:18:39:05 -0500] "HEAD /BLA/boletinlegal/ HTTP/1.1" 200 -
47.128.63.82 - - [23/Jun/2024:18:41:11 -0500] "GET /BLA/resoluciones/AUTOS%202021/0245.php?act=f&d=E%3A%5Cnuevo%5CphpMyAdmin2%5Clibraries%5C&f=database_interface.inc.php&ft=html&white=1 HTTP/1.1" 200 893
201.245.192.253 - - [23/Jun/2024:18:41:22 -0500] "GET /kwsrmcab/Wsrmcab?wsdl HTTP/1.1" 200 6948
181.61.4.6 - - [23/Jun/2024:18:41:23 -0500] "GET /kwssiamovil/sm/ldap/au?x=U2FsdGVkX1/oz9FoQSD0TY3e695Qu79kngBFdjxRDkydPu0jePnLfIDX6zGKv9c3&y=U2FsdGVkX1/YNL5PaOll/Ag4+NxSdkF6w/O/zmGFtzA= HTTP/1.1" 200 30
181.61.4.6 - - [23/Jun/2024:18:41:24 -0500] "GET /kwssiamovil/sm/acme/s?s=U2FsdGVkX1+gV4/pRWXQr9ZlTUa1R7/kuL+QpL/13RMxVwJisWL/grG80YnhdQc7/Ih1cUpvvygO4a9YuISE+yfLNEQMS1+vWPuemefEbTc=&u=U2FsdGVkX18bC42a2Te5DL4IkPuDK4yFQJp9lHH1Wlg=&y=U2FsdGVkX1/YNL5PaOll/Ag4+NxSdkF6w/O/zmGFtzA= HTTP/1.1" 200 97
181.61.4.6 - - [23/Jun/2024:18:41:24 -0500] "GET /kwssiamovil/sm/acme/s?s=U2FsdGVkX1/RrgPrBhRisYgK3FmcvCvswj2vH5BReqzYgyQlINjNJVWSwZ6JqqJVEYldOZP9qAtS7SucPEzBrwZzWCVcJtPyQAiVKCLqkl2W/xKr+Dpi8/W/ZBsuvXR979McfaLB6SsLzk3x3ZajKFVlPpIS8vJVNXy/n2/OeCMTWELRIgD6G9oV3BK4DumBzpPgWm6oyDt7SRHpl5w4L0euG1x6MBQx3av6mk3cfY2UJGLKexTTIo8Zf38Ql1iS4JyqyN6BS73d4dGqRhaKRAoAwXqqU630Gy5lfIJ4WpTrQH/e1aib+gCCAbPCmudifb+kGYNpxW0vke4VClAdve2YuXuLMu+hLVpuDV/LzZf6hloIAK8OmIXS85+NymOna/gx4nIbtnTXXK3BXQnjkOzSiGzLek+12vEShjSIoGmiYSF7uNxwrlLMdKxpUJo/Po6nI+X5HdOTkMBKQ1pdKu8RpR5A1AHb6S5faBPSfL4Gf1vLcP0yRjoYuJyTzjmESDK9/Bj2sGnX9+N6OwJYDTLE4RVZAhT5q4yMnpcAtV2y4kloEyk/uxkKy4lzJmBslTXnR8j9S239TFWpvgRThqcBZmzJX0HD6pMSy76T4RMprEAnaw+QRtfXW8wWjL8UY6NKQ5tYol5UeToxEW5b0Yzj7ECEscDFT13c4TemJribl3LPh0EQxuTsu8YN110dRwaDY8AohjnJwEzilGv8Xn6sK2IZVhWQFynhruER8AfiKkgSOGT8lX1qm5r01wOfxzzCgsVLOMeJfYwO/Gyj73nKoq2LajxZp6PpRrvc3OSZsBKrUVVX6pPUJHnEM3Z1KDjHtki+JIETL9c6ruO4PpFBk7FgVykJwgtN09lXenerSwQJA67SSju4xczUuBFtxLorZyhZa2CQKUu4zdfILJCKr5tWITH3s5aWNPHQy6jGtwNjT5WJruKI6VZMffx2LQGQHEZfFOHr9mE6+Lx8tjSYvAOxCN3COk/1Lxbu1SmGbKdbzv81NGVb0ajQL5MAqMmoV3wr0cCRR4UJMy7XxnMFf2NJr55YllTv3AWgz77XbmqekyhdR2KeupwwApNDPweoAo2iOx6pSNrXv9Az786vMbQdOQm3qJ5xbYKC01OlLZKEDeoPofqlsVdbkGuEzMKhrrl3bY+eR9x4RxahAoN8prjP+sdC9rON78XfjfP1aTEf1f4UVJkQdD/FE7eDW+1g7ss5MAcPqdp7m28TGxCq0L5MR90KvX5XmKKM4xDsdCH5OzipL/hBj4Ix4egGYn2J70/zEO5pnsj+UDocJZ+xwQHP64MjGGqXCnlaH4L1Uuydh3lnYTYBjuSsPVBjddgZH2sw/LNOJRgH5/gU0fd6Yx6Oz/RtyK6XgpWIKDlSzgebm5puwgB3IBJkgEQ8TXXnp7Tk0/iigimjRx9g58x6SXgTzBoJmOr6R/M+0/SWup9rTKFXCz+njwRuWcaDyhcg7tMnNBvW8PlIePhNkmjgwAnjTBVOnL1g3cXkCVQkorgu3VKU1D3e2JzUXseQRcUOJVbpjeOKOzm4PjionRdOEwuyxvkqVGWNJ7mZmVKeFiZ5NvvgCMlcPJJpfeoRb0OCoiy0exOJzPyPp+o/cqk91g5sf4ANoDQ0QbvKGOYwQSBGAVMjERDC+Uldt2/CMvDuU0/Dg1D4Pwi8TMJndyyayjw+pv90yz/5ruwYGT/fjfhB5OIOa9M9ZObk8q8U1Ykf9Xh1ESsMK96bph0LV0TuTPHJKJIfJC1C48KrSfo=&u=U2FsdGVkX18bC42a2Te5DL4IkPuDK4yFQJp9lHH1Wlg=&y=U2FsdGVkX1/YNL5PaOll/Ag4+NxSdkF6w/O/zmGFtzA= HTTP/1.1" 200 72
181.61.4.6 - - [23/Jun/2024:18:41:24 -0500] "GET /kwssiamovil/sm/acme/s?s=U2FsdGVkX19VUzk62dy057xsS6/VKIGOmj9AWE2LkLUIClc1CdaC9jHvFSPz418S2uWLE5lFSE5qzkrGqVmUMDVtzzZ5rzUEvgLOtzuUJ6nUVfNIzvp9wDv2Q0M2yI/anMeD7EbQbIkP2y0i1UdIs8DrRxwkW2MCa8F14rN+yQfhYsSa+WKEHfAGoWHehhSY0aQxH5GGhMqim5pYHRc0z2nFbbwRp5Vms8kmeMqP4x91a6y3/VFuCgSL04Z38NM6od7vhdxIfEP6r7QNEouD+jFLpQ3OqIJhT3t/B+mufCERjcmOcKXmTtnn2FGAELDy5xYqumH8ce2kzE+3aW6vBoMGmjvXnwKgWnQI8fBQZ6SvU2BXX8tvpMtW0pahahBFUqOw4fvjb4jxmzRKmvM4GuYdYE29X7Uz1gku4aloiflUM340rWTvmeOER/9ArnKQD3UA0+ggJRwCCtsCuo1nmhKs8oYyX/At5zECoNdbJR/Tc3jy7qaaAWAE6hyOv3kjAmvGfVOkQPqK+YZuwp66fnxSXW+pDRUtRogATkbkRHGDoofvSHYed358OpD5UzhjLTYs89g+64PCXN0WGtRgUa+7bcPYv/MxyKvlZ1131RGtq856+akfEBHb+t7rWP779mFdKlfX3Y8k1Q655h7Run13xPazrHKVHPTqnmIESHaEBOZog+dbOSEHaZk02J2Q8UmgYf6w2tMGJvgBoNHcTvNZEQIfYaXvYKi6mbTDzWcRJ3S71bqz4FuduZ/wms6v&u=U2FsdGVkX18bC42a2Te5DL4IkPuDK4yFQJp9lHH1Wlg=&y=U2FsdGVkX1/YNL5PaOll/Ag4+NxSdkF6w/O/zmGFtzA= HTTP/1.1" 200 72
172.22.2.4 - - [23/Jun/2024:18:39:56 -0500] "GET /BLA/boletinlegal/ HTTP/1.1" 200 57889
201.245.192.253 - - [23/Jun/2024:18:41:40 -0500] "GET /sipse/faces/autenticacion.xhtml HTTP/1.1" 503 1124
201.245.192.253 - - [23/Jun/2024:18:41:41 -0500] "GET /favicon.ico HTTP/1.1" 200 7782
201.245.192.253 - - [23/Jun/2024:18:41:43 -0500] "GET /sipse/faces/autenticacion.xhtml HTTP/1.1" 503 1124
201.245.192.253 - - [23/Jun/2024:18:41:43 -0500] "GET /sipse/faces/autenticacion.xhtml HTTP/1.1" 503 1124
201.245.192.253 - - [23/Jun/2024:18:41:44 -0500] "GET /sipse/faces/autenticacion.xhtml HTTP/1.1" 503 1124
201.245.192.253 - - [23/Jun/2024:18:41:45 -0500] "GET /sipse/faces/autenticacion.xhtml HTTP/1.1" 503 1124
201.245.192.253 - - [23/Jun/2024:18:41:45 -0500] "GET /sipse/faces/autenticacion.xhtml HTTP/1.1" 503 1124
201.245.192.253 - - [23/Jun/2024:18:41:45 -0500] "GET /sipse/faces/autenticacion.xhtml HTTP/1.1" 503 1124
201.245.192.253 - - [23/Jun/2024:18:41:46 -0500] "GET /sipse/faces/autenticacion.xhtml HTTP/1.1" 503 1124
47.128.125.189 - - [23/Jun/2024:18:41:46 -0500] "GET /BLA/resoluciones/AUTOS%202021/0245.php?act=f&d=E%3A%5Cnuevo%5CphpMyAdmin2%5Clibraries%5C&f=display_import_ajax.lib.php&ft=html&white=1 HTTP/1.1" 200 1125
201.245.192.253 - - [23/Jun/2024:18:41:55 -0500] "GET /kwsrmcab/Wsrmcab?wsdl HTTP/1.1" 200 6948
47.128.110.131 - - [23/Jun/2024:18:42:21 -0500] "GET /BLA/resoluciones/AUTOS%202021/0245.php?act=f&d=E%3A%5Cnuevo%5Chtdocs%5Ccumbredelclima%5Cwp-includes%5Cjs%5C&f=customize-preview-widgets.js&ft=html&white=1 HTTP/1.1" 200 1205
201.245.192.253 - - [23/Jun/2024:18:42:22 -0500] "GET /kwsrmcab/Wsrmcab?wsdl HTTP/1.1" 200 6948
216.245.221.92 - - [23/Jun/2024:18:42:29 -0500] "HEAD / HTTP/1.1" 200 -
201.245.192.253 - - [23/Jun/2024:18:42:49 -0500] "POST /kwsrmcab/Wsrmcab HTTP/1.1" 200 35588
47.128.120.168 - - [23/Jun/2024:18:43:20 -0500] "GET /BLA/resoluciones/AUTOS%202021/0245.php?act=img&img=ext_exe HTTP/1.1" 200 118
47.128.120.168 - - [23/Jun/2024:18:43:20 -0500] "GET /BLA/resoluciones/AUTOS%202021/0245.php?act=img&img=ext_txt HTTP/1.1" 200 132
47.128.120.168 - - [23/Jun/2024:18:43:20 -0500] "GET /BLA/resoluciones/AUTOS%202021/0245.php?act=img&img=ext_gif HTTP/1.1" 200 175
47.128.120.168 - - [23/Jun/2024:18:43:20 -0500] "GET /BLA/resoluciones/AUTOS%202021/0245.php?act=img&img=ext_html HTTP/1.1" 200 230
47.128.120.168 - - [23/Jun/2024:18:43:20 -0500] "GET /BLA/resoluciones/AUTOS%202021/0245.php?act=img&img=ext_flv HTTP/1.1" 200 1034
47.128.120.168 - - [23/Jun/2024:18:43:20 -0500] "GET /BLA/resoluciones/AUTOS%202021/0245.php?act=img&img=ext_rtf HTTP/1.1" 200 164
47.128.120.168 - - [23/Jun/2024:18:43:20 -0500] "GET /BLA/resoluciones/AUTOS%202021/0245.php?act=img&img=download HTTP/1.1" 200 161
47.128.120.168 - - [23/Jun/2024:18:43:20 -0500] "GET /BLA/resoluciones/AUTOS%202021/0245.php?act=img&img=change HTTP/1.1" 200 290
47.128.120.168 - - [23/Jun/2024:18:43:20 -0500] "GET /BLA/resoluciones/AUTOS%202021/0245.php?act=img&img=ext_ini HTTP/1.1" 200 134
47.128.120.168 - - [23/Jun/2024:18:43:21 -0500] "GET /BLA/resoluciones/AUTOS%202021/0245.php?act=img&img=ext_diz HTTP/1.1" 200 1027
201.245.192.253 - - [23/Jun/2024:18:43:22 -0500] "GET /kwsrmcab/Wsrmcab?wsdl HTTP/1.1" 200 6948
47.128.120.168 - - [23/Jun/2024:18:42:55 -0500] "GET /BLA/resoluciones/AUTOS%202021/0245.php?act=f&d=E%3A%5Cnuevo%5Chtdocs%5Cvideos%5C&f=SecretarioBonn.flv&ft=info&fullhexdump=1 HTTP/1.1" 200 3768022
201.245.192.253 - - [23/Jun/2024:18:43:27 -0500] "GET /sipse/faces/autenticacion.xhtml HTTP/1.1" 503 1124
47.128.120.201 - - [23/Jun/2024:18:43:29 -0500] "GET /BLA/resoluciones/AUTOS%202021/0245.php?act=f&d=E%3A%5Cnuevo%5Chtdocs%5Ccumbredelclima%5Cwp-admin%5C&f=upgrade-functions.php&ft=html&white=1 HTTP/1.1" 200 227
201.245.192.253 - - [23/Jun/2024:18:43:42 -0500] "POST /kwsrmcab/Wsrmcab  HTTP/1.1" 200 213
172.22.2.4 - - [23/Jun/2024:18:42:08 -0500] "GET /BLA/boletinlegal/ HTTP/1.1" 200 58273
47.128.120.168 - - [23/Jun/2024:18:43:51 -0500] "GET /BLA/resoluciones/AUTOS%202021/0245.php?act=img&img=ext_flv HTTP/1.1" 200 1034
47.128.120.168 - - [23/Jun/2024:18:43:51 -0500] "GET /BLA/resoluciones/AUTOS%202021/0245.php?act=img&img=ext_gif HTTP/1.1" 200 175
47.128.120.168 - - [23/Jun/2024:18:43:51 -0500] "GET /BLA/resoluciones/AUTOS%202021/0245.php?act=img&img=ext_exe HTTP/1.1" 200 118
47.128.120.168 - - [23/Jun/2024:18:43:51 -0500] "GET /BLA/resoluciones/AUTOS%202021/0245.php?act=img&img=ext_diz HTTP/1.1" 200 1027
47.128.120.168 - - [23/Jun/2024:18:43:51 -0500] "GET /BLA/resoluciones/AUTOS%202021/0245.php?act=img&img=ext_html HTTP/1.1" 200 230
47.128.120.168 - - [23/Jun/2024:18:43:52 -0500] "GET /BLA/resoluciones/AUTOS%202021/0245.php?act=img&img=ext_txt HTTP/1.1" 200 132
47.128.120.168 - - [23/Jun/2024:18:43:52 -0500] "GET /BLA/resoluciones/AUTOS%202021/0245.php?act=img&img=download HTTP/1.1" 200 161
47.128.120.168 - - [23/Jun/2024:18:43:52 -0500] "GET /BLA/resoluciones/AUTOS%202021/0245.php?act=img&img=ext_ini HTTP/1.1" 200 134
47.128.120.168 - - [23/Jun/2024:18:43:52 -0500] "GET /BLA/resoluciones/AUTOS%202021/0245.php?act=img&img=ext_rtf HTTP/1.1" 200 164
47.128.120.168 - - [23/Jun/2024:18:43:52 -0500] "GET /BLA/resoluciones/AUTOS%202021/0245.php?act=img&img=change HTTP/1.1" 200 290
47.128.120.168 - - [23/Jun/2024:18:43:25 -0500] "GET /BLA/resoluciones/AUTOS%202021/0245.php?act=f&d=E%3A%5Cnuevo%5Chtdocs%5Cvideos%5C&f=SecretarioBonn.flv&ft=info&fullhexdump=1 HTTP/1.1" 200 3555030
172.22.2.4 - - [23/Jun/2024:18:42:18 -0500] "GET /BLA/boletinlegal/ HTTP/1.1" 200 58273
47.128.31.100 - - [23/Jun/2024:18:44:04 -0500] "GET /BLA/resoluciones/AUTOS%202021/0245.php?act=f&d=E%3A%5Cnuevo%5Chtdocs%5Ccumbredelclima%5Cwp-admin%5C&f=admin-post.php&ft=html&white=1 HTTP/1.1" 200 649
66.249.66.19 - - [23/Jun/2024:18:44:13 -0500] "GET /BLA/resoluciones/RESOLUCIONES%202009/5686.pdf HTTP/1.1" 200 876706
66.249.66.19 - - [23/Jun/2024:18:44:16 -0500] "GET /BLA/resoluciones/RESOLUCIONES%202011/5118.pdf HTTP/1.1" 200 447963
201.245.192.253 - - [23/Jun/2024:18:44:21 -0500] "GET /sipse/faces/autenticacion.xhtml HTTP/1.1" 503 1124
201.245.192.253 - - [23/Jun/2024:18:44:22 -0500] "GET /kwsrmcab/Wsrmcab?wsdl HTTP/1.1" 200 6948
201.245.192.253 - - [23/Jun/2024:18:44:35 -0500] "GET /sipse/faces/autenticacion.xhtml HTTP/1.1" 404 1062
47.128.62.197 - - [23/Jun/2024:18:44:37 -0500] "GET /BLA/resoluciones/AUTOS%202021/0245.php?act=f&d=E%3A%5Cnuevo%5Chtdocs%5Ccumbredelclima%5Cwp-admin%5C&f=link-add.php&ft=html&white=1 HTTP/1.1" 200 426
201.245.192.253 - - [23/Jun/2024:18:44:38 -0500] "GET /sipse/faces/autenticacion.xhtml HTTP/1.1" 404 1062
201.245.192.253 - - [23/Jun/2024:18:44:38 -0500] "GET /sipse/faces/autenticacion.xhtml HTTP/1.1" 404 1062
201.245.192.253 - - [23/Jun/2024:18:44:38 -0500] "GET /sipse/faces/autenticacion.xhtml HTTP/1.1" 404 1062
201.245.192.253 - - [23/Jun/2024:18:44:38 -0500] "GET /sipse/faces/autenticacion.xhtml HTTP/1.1" 404 1062
201.245.192.253 - - [23/Jun/2024:18:44:39 -0500] "GET /sipse/faces/autenticacion.xhtml HTTP/1.1" 404 1062
201.245.192.253 - - [23/Jun/2024:18:44:39 -0500] "GET /sipse/faces/autenticacion.xhtml HTTP/1.1" 404 1062
201.245.192.253 - - [23/Jun/2024:18:44:39 -0500] "GET /sipse/faces/autenticacion.xhtml HTTP/1.1" 404 1062
201.245.192.253 - - [23/Jun/2024:18:44:39 -0500] "GET /sipse/faces/autenticacion.xhtml HTTP/1.1" 404 1062
201.245.192.253 - - [23/Jun/2024:18:44:40 -0500] "GET /sipse/faces/autenticacion.xhtml HTTP/1.1" 404 1062
201.245.192.253 - - [23/Jun/2024:18:44:40 -0500] "GET /sipse/faces/autenticacion.xhtml HTTP/1.1" 404 1062
201.245.192.253 - - [23/Jun/2024:18:44:40 -0500] "GET /sipse/faces/autenticacion.xhtml HTTP/1.1" 404 1062
201.245.192.253 - - [23/Jun/2024:18:44:40 -0500] "GET /sipse/faces/autenticacion.xhtml HTTP/1.1" 404 1062
201.245.192.253 - - [23/Jun/2024:18:44:40 -0500] "GET /sipse/faces/autenticacion.xhtml HTTP/1.1" 404 1062
201.245.192.253 - - [23/Jun/2024:18:44:41 -0500] "GET /sipse/faces/autenticacion.xhtml HTTP/1.1" 404 1062
201.245.192.253 - - [23/Jun/2024:18:44:41 -0500] "GET /sipse/faces/autenticacion.xhtml HTTP/1.1" 404 1062
201.245.192.253 - - [23/Jun/2024:18:44:41 -0500] "GET /sipse/faces/autenticacion.xhtml HTTP/1.1" 404 1062
201.245.192.253 - - [23/Jun/2024:18:44:41 -0500] "GET /sipse/faces/autenticacion.xhtml HTTP/1.1" 404 1062
201.245.192.253 - - [23/Jun/2024:18:44:42 -0500] "GET /sipse/faces/autenticacion.xhtml HTTP/1.1" 404 1062
201.245.192.253 - - [23/Jun/2024:18:44:42 -0500] "GET /sipse/faces/autenticacion.xhtml HTTP/1.1" 404 1062
201.245.192.253 - - [23/Jun/2024:18:44:42 -0500] "GET /sipse/faces/autenticacion.xhtml HTTP/1.1" 404 1062
201.245.192.253 - - [23/Jun/2024:18:44:42 -0500] "GET /sipse/faces/autenticacion.xhtml HTTP/1.1" 404 1062
201.245.192.253 - - [23/Jun/2024:18:44:43 -0500] "GET /sipse/faces/autenticacion.xhtml HTTP/1.1" 404 1062
201.245.192.253 - - [23/Jun/2024:18:44:43 -0500] "GET /sipse/faces/autenticacion.xhtml HTTP/1.1" 404 1062
201.245.192.253 - - [23/Jun/2024:18:44:43 -0500] "GET /sipse/faces/autenticacion.xhtml HTTP/1.1" 404 1062
201.245.192.253 - - [23/Jun/2024:18:44:46 -0500] "GET /sipse/faces/autenticacion.xhtml HTTP/1.1" 404 1062
201.245.192.253 - - [23/Jun/2024:18:44:47 -0500] "GET /sipse/faces/autenticacion.xhtml HTTP/1.1" 404 1062
201.245.192.253 - - [23/Jun/2024:18:44:47 -0500] "GET /sipse/faces/autenticacion.xhtml HTTP/1.1" 404 1062
201.245.192.253 - - [23/Jun/2024:18:44:47 -0500] "GET /sipse/faces/autenticacion.xhtml HTTP/1.1" 404 1062
201.245.192.253 - - [23/Jun/2024:18:44:47 -0500] "GET /sipse/faces/autenticacion.xhtml HTTP/1.1" 404 1062
201.245.192.253 - - [23/Jun/2024:18:44:47 -0500] "GET /sipse/faces/autenticacion.xhtml HTTP/1.1" 404 1062
201.245.192.253 - - [23/Jun/2024:18:44:48 -0500] "GET /sipse/faces/autenticacion.xhtml HTTP/1.1" 404 1062
201.245.192.253 - - [23/Jun/2024:18:44:48 -0500] "GET /sipse/faces/autenticacion.xhtml HTTP/1.1" 404 1062
201.245.192.253 - - [23/Jun/2024:18:44:48 -0500] "GET /sipse/faces/autenticacion.xhtml HTTP/1.1" 404 1062
201.245.192.253 - - [23/Jun/2024:18:44:48 -0500] "GET /sipse/faces/autenticacion.xhtml HTTP/1.1" 404 1062
201.245.192.253 - - [23/Jun/2024:18:44:48 -0500] "GET /sipse/faces/autenticacion.xhtml HTTP/1.1" 404 1062
201.245.192.253 - - [23/Jun/2024:18:44:49 -0500] "GET /sipse/faces/autenticacion.xhtml HTTP/1.1" 404 1062
201.245.192.253 - - [23/Jun/2024:18:44:49 -0500] "GET /sipse/faces/autenticacion.xhtml HTTP/1.1" 404 1062
201.245.192.253 - - [23/Jun/2024:18:44:49 -0500] "GET /sipse/faces/autenticacion.xhtml HTTP/1.1" 404 1062
201.245.192.253 - - [23/Jun/2024:18:44:49 -0500] "GET /sipse/faces/autenticacion.xhtml HTTP/1.1" 404 1062
201.245.192.253 - - [23/Jun/2024:18:44:50 -0500] "GET /sipse/faces/autenticacion.xhtml HTTP/1.1" 404 1062
201.245.192.253 - - [23/Jun/2024:18:44:50 -0500] "GET /sipse/faces/autenticacion.xhtml HTTP/1.1" 404 1062
201.245.192.253 - - [23/Jun/2024:18:44:50 -0500] "GET /sipse/faces/autenticacion.xhtml HTTP/1.1" 404 1062
201.245.192.253 - - [23/Jun/2024:18:44:50 -0500] "GET /sipse/faces/autenticacion.xhtml HTTP/1.1" 404 1062
201.245.192.253 - - [23/Jun/2024:18:44:51 -0500] "GET /sipse/faces/autenticacion.xhtml HTTP/1.1" 404 1062
201.245.192.253 - - [23/Jun/2024:18:44:53 -0500] "GET /sipse/faces/autenticacion.xhtml HTTP/1.1" 404 1062
201.245.192.253 - - [23/Jun/2024:18:44:54 -0500] "GET /sipse/faces/autenticacion.xhtml HTTP/1.1" 404 1062
201.245.192.253 - - [23/Jun/2024:18:44:55 -0500] "GET /sipse/faces/autenticacion.xhtml HTTP/1.1" 404 1062
201.245.192.253 - - [23/Jun/2024:18:44:55 -0500] "GET /sipse/faces/autenticacion.xhtml HTTP/1.1" 404 1062
201.245.192.253 - - [23/Jun/2024:18:44:55 -0500] "GET /sipse/faces/autenticacion.xhtml HTTP/1.1" 404 1062
201.245.192.253 - - [23/Jun/2024:18:44:55 -0500] "GET /sipse/faces/autenticacion.xhtml HTTP/1.1" 404 1062
201.245.192.253 - - [23/Jun/2024:18:44:55 -0500] "GET /sipse/faces/autenticacion.xhtml HTTP/1.1" 404 1062
201.245.192.253 - - [23/Jun/2024:18:44:55 -0500] "GET /sipse/faces/autenticacion.xhtml HTTP/1.1" 404 1062
