66.249.66.19 - - [24/Jun/2024:08:09:06 -0500] "GET /BLA/resoluciones/AUTOS%202020/0736.pdf HTTP/1.1" 200 344923
66.249.66.21 - - [24/Jun/2024:08:09:12 -0500] "GET /BLA/resoluciones/AUTOS%202020/3311.pdf HTTP/1.1" 200 367864
201.245.192.253 - - [24/Jun/2024:08:09:13 -0500] "POST /forms/lservlet;jsessionid=ac16012b30d68bf2a63bb8114a309b53b5e0240382cb.e3iSbxaKaheRe3uRb3iRc3mRci1ynknvrkLOlQzNp65In0 HTTP/1.1" 200 12
66.249.66.21 - - [24/Jun/2024:08:09:17 -0500] "GET /BLA/resoluciones/AUTOS%202020/0858.pdf HTTP/1.1" 200 305269
201.245.192.253 - - [24/Jun/2024:08:09:20 -0500] "GET /kwsrmcab/Wsrmcab?wsdl HTTP/1.1" 200 6948
66.249.66.21 - - [24/Jun/2024:08:09:23 -0500] "GET /BLA/resoluciones/AUTOS%202020/3153.pdf HTTP/1.1" 200 353439
66.249.66.20 - - [24/Jun/2024:08:09:29 -0500] "GET /BLA/resoluciones/AUTOS%202020/3266.pdf HTTP/1.1" 200 405370
186.81.59.19 - - [24/Jun/2024:08:09:31 -0500] "GET /kwssiamovil/sm/ldap/au?x=U2FsdGVkX1/rIjVuHzO5GgOd09581wNepnTwEYqufwQgDTmBz+GA7jmvcuSNWqdH&y=U2FsdGVkX19PLXPi2XDbqa0IaHUiRURf7ZG5dNdoq2FYdOhyVJ5IL7HxbZJG1GR9 HTTP/1.1" 200 30
186.81.59.19 - - [24/Jun/2024:08:09:32 -0500] "GET /kwssiamovil/sm/acme/s?s=U2FsdGVkX1+ePS2Ysxg7YYZeEoRUyFgKcaitlOVy/Aycj52eTTZPDU0G7q8Gy+IA0FNe2hn1JMf1C4ljVoAZpZNVevHssBkfB9cs1AejYck=&u=U2FsdGVkX1+QJDxqTIWp/jYcON8vGIXNKBYxXtrY3WDMkB0wg9Z7OK5Vn7zYPbB+&y=U2FsdGVkX19PLXPi2XDbqa0IaHUiRURf7ZG5dNdoq2FYdOhyVJ5IL7HxbZJG1GR9 HTTP/1.1" 200 97
186.81.59.19 - - [24/Jun/2024:08:09:32 -0500] "GET /kwssiamovil/sm/acme/s?s=U2FsdGVkX1+yv0vI6dTNedrUFYah39n5j3EmP4mHp3ze1jBy9/HRSM6Nwcm+0uZ92453asK5WIdMDz+bgVORQhmBtDM44Y+MOMC5gSN2DYnMggDia7zwc/Vr8QGgKmSRlPPDjPttnOXk11wZVD/qdNm3+rtxSUk/chLNqlWQQRaumQYYSqHiPDvX26q40loLdYys/In0TNI7UnpNyAmt5gHfjB3QpKrHtQ2f1TQaO58QdqEimUp58Mf/bEZ19vycV2FM3gtUQ0iNAwS1mlIyuxQF2Q4Tmc/1Ci2ub8bLh2mez34OxE/4lhZU0VirokvnTqUyTHkI60qZwBxBJFLR0bxnE7OWWa3V3Q632m0H0XZDT6I0g0bNLQ6Jn0g9fJUcF9dDJrTgy+LktBXuP0SWCNeLvoHl54V22pS5Pi4iSWbkJtRevA60tAAW062DIFzY7BJezq+nqpkuSfZflPKE7QQmbr9NpDZSbGR9rXtMD7AQFNa7gzBMCmn/Ks8+YT9imCsT3be9O9me+2xrKb+PWhpQPnDkXL+8tO93I8WlAE9hMXnlwKDgH/RdiM7YBZdWEvsj4hpLnByt9gFieIuL9TAoRQ6yRzTFypYrFc62YWnpxNMqwY3kqzBd53TqXBFGBWeTZFC+6M3WkVoJLXY+44qukqQzw0GW/BWUgNWZIuNI6edcKX5cbSI8wZBAFTB8CIPEfV8huAeQa99GeCtx7YXWUdN+wjrPYsER/V/uySIGgVuUpMEVactRGYS5PJq3LyFs0D4QNWOORWjyKwL/cjvxhHYCFNCobHlvMZSwSRn9SySoXPMY0idhn09Z/I0KOUVYFeP6S9BFbrha2+TKDnnnmsoY/12RthdkUY6lQDx7wyTOPp4gNEavmoyqRiuW30p2EIiz4aOeldk3QqOmauN+ib8hQiboulVJD1Y8RX2oghtx0W7RwYMSiX/k+zWCbxDJg9WkeurqSFmY5tUi4AOhFIjz3H/AO0Cf+UfMDL9o1OC2iiCGOiVsK017I/EaZv0Q0+zfks4AXxEKubLm6x94rc/ueyHf3VsexWvwgdePDbOKdg6QdZEic3yUvjqwc2+FYnVJABXRGDFQF+0lGXcVDDnHzfi6RUDobJw9LgFgJPBzLgT7N2QTE+RFh13hUNg6cTlcrz/X3iGSkcy7DiSK5m0RMrkOSQ83seBpWDlhDn/uYsaTg83esXg43eRCzUIiPlyLM4jc2R8pFPGrskg2XNJdE0Ro+uQiVxTWINCHeAzqsWsOUhlaFve3mggSUQ+SNwcsx+mADj/DUuc/uqFT+GpbubHVTp32om54wQtNlftn6+BFn7A8WrH4jLirIw/yz9//IvWFf675JmgdXvwEMJ2B3RSQjds5KGCe1F4kdDYVwbq9ESCeQphe+UEeP/Mkq5XG1pPoafIIbOYq3eAHqhFV2NRH3OB8ARorH/atT1g79hregY9JYn7iBDR+KRLlxiMkPcRE3LMo+P5qN8GXCBD/9lOXdcORunnGRs2G4eUWw07v2x4uzwtdBtZBI0axcFSscWUVJSyvx3IKxSLJZxWWxCgfJUndq2zdApRHk6BfexHhIRHb5j2QfH8X3VVpjuKiqj0hOehZYAWCHJvThmcZukbX2WxxLsi53eAqGfUuUvk41GANztnJ85TiKaMKceyi4STIbR9C81kl3GjXSP/EBldSOp9PxJ+kWsz2ZcBRD+buJZJkh3OneArdUQdisiPpI5U74LhnvFwnfFY6dzXeARGOWqoYlUUbIwQSGx3ED7L5fwc6L+qFTDkj&u=U2FsdGVkX1+QJDxqTIWp/jYcON8vGIXNKBYxXtrY3WDMkB0wg9Z7OK5Vn7zYPbB+&y=U2FsdGVkX19PLXPi2XDbqa0IaHUiRURf7ZG5dNdoq2FYdOhyVJ5IL7HxbZJG1GR9 HTTP/1.1" 200 450
186.81.59.19 - - [24/Jun/2024:08:09:32 -0500] "GET /kwssiamovil/sm/acme/s?s=U2FsdGVkX1/xNhxBP5JKwYcXagttbukVQRyvJt4SJbphpXdXkDEAZk6he4UGTkI1/P25CZRNmEAfjZeBEhBiPtl8pvY1KO/3HoMuPy24pFJIJr2m48DPS5TprgD+ZHqGhgFRCshYSACtU51TvevR8iwSswg81TLECn+VwAiSPUgwKF23LyVc0/b9ZpBg+GTvPHju1fT7uDJWTUmmZTuhy5POauHJF5ZiRXb19LFMj8/V7/7dBdhPmwbxKLBeUut251dxZ9DHEyuTOoJefguWpFHOOZB6NwvpsWT4FVY5xJtCEdOJaPuJIm8rrzhRbvesqhUr8xEz7sQUYMwngPH3eWmboriN30ecGKyKssoR00jRoLFe1CaqTimdyFJLc5QFgPkMlOUskr5KoLzDVXuhsl/VA6Y/4h7HJ8WfCJz4p0tBS3xbFL/n7qCflZUX8PmzfQQ6S5a5VS9YjTXymciRmVfQ0MFJhXxIwGm6v5TYip4CTyZhhbltdQvPw2OBZ5h8+pGJBmWgA4DS6iYvQBnWEa+QxSTdxFr9CLLIEFeMbqIKQBRggVHRKzUkmxJJBgo7WqBwfHkd/c83z5voFJlHUhuZigorHqJO3tXefNcQhI5nrT05U8S0k6qNqVBKTscOgk3Yt9nlOo/kit9UpVR28QSakh8/kxCHHYTQS8HJXmZhGOdABp5XjxRmE8gRJQHtx4pcWwcdFFEfl0eXzgvtJ+O9Ib110yR9N2l/8nWxpXm6XP0tzz2Y+900blGaNi8c&u=U2FsdGVkX1+QJDxqTIWp/jYcON8vGIXNKBYxXtrY3WDMkB0wg9Z7OK5Vn7zYPbB+&y=U2FsdGVkX19PLXPi2XDbqa0IaHUiRURf7ZG5dNdoq2FYdOhyVJ5IL7HxbZJG1GR9 HTTP/1.1" 200 1095
186.81.59.19 - - [24/Jun/2024:08:09:32 -0500] "GET /kwssiamovil/sm/cjson/pre?f=17&x=U2FsdGVkX1/rIjVuHzO5GgOd09581wNepnTwEYqufwQgDTmBz+GA7jmvcuSNWqdH HTTP/1.1" 200 12113
186.81.59.19 - - [24/Jun/2024:08:09:32 -0500] "GET /kwssiamovil/sm/cjson/pre?f=8&x=U2FsdGVkX1/rIjVuHzO5GgOd09581wNepnTwEYqufwQgDTmBz+GA7jmvcuSNWqdH HTTP/1.1" 200 35458
186.81.59.19 - - [24/Jun/2024:08:09:32 -0500] "GET /kwssiamovil/sm/cjson/pre?f=6&x=U2FsdGVkX1/rIjVuHzO5GgOd09581wNepnTwEYqufwQgDTmBz+GA7jmvcuSNWqdH HTTP/1.1" 200 34689
186.81.59.19 - - [24/Jun/2024:08:09:32 -0500] "GET /kwssiamovil/sm/cjson/pre?f=4&x=U2FsdGVkX1/rIjVuHzO5GgOd09581wNepnTwEYqufwQgDTmBz+GA7jmvcuSNWqdH HTTP/1.1" 200 33325
186.81.59.19 - - [24/Jun/2024:08:09:32 -0500] "GET /kwssiamovil/sm/cjson/pre?f=7&x=U2FsdGVkX1/rIjVuHzO5GgOd09581wNepnTwEYqufwQgDTmBz+GA7jmvcuSNWqdH HTTP/1.1" 200 88604
186.81.59.19 - - [24/Jun/2024:08:09:32 -0500] "GET /kwssiamovil/sm/cjson/pre?f=5&x=U2FsdGVkX1/rIjVuHzO5GgOd09581wNepnTwEYqufwQgDTmBz+GA7jmvcuSNWqdH HTTP/1.1" 200 91415
186.81.59.19 - - [24/Jun/2024:08:09:32 -0500] "GET /kwssiamovil/sm/cjson/pre?f=3&x=U2FsdGVkX1/rIjVuHzO5GgOd09581wNepnTwEYqufwQgDTmBz+GA7jmvcuSNWqdH HTTP/1.1" 200 89923
66.249.66.19 - - [24/Jun/2024:08:09:35 -0500] "GET /BLA/resoluciones/AUTOS%202020/0365.pdf HTTP/1.1" 200 486215
66.249.66.19 - - [24/Jun/2024:08:09:41 -0500] "GET /BLA/resoluciones/AUTOS%202020/3137.pdf HTTP/1.1" 200 2373596
66.249.66.19 - - [24/Jun/2024:08:09:47 -0500] "GET /BLA/resoluciones/AUTOS%202020/2330.pdf HTTP/1.1" 200 342215
172.22.2.4 - - [24/Jun/2024:08:08:08 -0500] "GET /BLA/boletinlegal/ HTTP/1.1" 200 56191
66.249.66.20 - - [24/Jun/2024:08:09:53 -0500] "GET /BLA/resoluciones/AUTOS%202020/1330.pdf HTTP/1.1" 200 313514
66.249.66.19 - - [24/Jun/2024:08:09:59 -0500] "GET /BLA/resoluciones/AUTOS%202020/3826.pdf HTTP/1.1" 200 356274
201.245.192.253 - - [24/Jun/2024:08:09:58 -0500] "POST /kwsrmcab/Wsrmcab  HTTP/1.1" 200 213
66.249.66.21 - - [24/Jun/2024:08:10:05 -0500] "GET /BLA/resoluciones/AUTOS%202020/4612.pdf HTTP/1.1" 200 366619
66.249.66.21 - - [24/Jun/2024:08:10:11 -0500] "GET /BLA/resoluciones/AUTOS%202020/2081.pdf HTTP/1.1" 200 334464
66.249.66.21 - - [24/Jun/2024:08:10:17 -0500] "GET /BLA/resoluciones/AUTOS%202020/1086.pdf HTTP/1.1" 200 360849
201.245.192.253 - - [24/Jun/2024:08:10:20 -0500] "GET /kwsrmcab/Wsrmcab?wsdl HTTP/1.1" 200 6948
66.249.66.21 - - [24/Jun/2024:08:10:23 -0500] "GET /BLA/resoluciones/AUTOS%202020/2414.pdf HTTP/1.1" 200 373292
66.249.66.21 - - [24/Jun/2024:08:10:29 -0500] "GET /BLA/resoluciones/AUTOS%202020/3327.pdf HTTP/1.1" 200 322535
66.249.66.20 - - [24/Jun/2024:08:10:35 -0500] "GET /BLA/resoluciones/AUTOS%202020/2152.pdf HTTP/1.1" 200 1384661
201.245.192.253 - - [24/Jun/2024:08:10:41 -0500] "POST /forms/lservlet;jsessionid=ac16012b30d68bf2a63bb8114a309b53b5e0240382cb.e3iSbxaKaheRe3uRb3iRc3mRci1ynknvrkLOlQzNp65In0 HTTP/1.1" 200 107
66.249.66.20 - - [24/Jun/2024:08:10:41 -0500] "GET /BLA/resoluciones/AUTOS%202020/1005.pdf HTTP/1.1" 200 685158
201.245.192.253 - - [24/Jun/2024:08:10:41 -0500] "POST /forms/lservlet;jsessionid=ac16012b30d68bf2a63bb8114a309b53b5e0240382cb.e3iSbxaKaheRe3uRb3iRc3mRci1ynknvrkLOlQzNp65In0 HTTP/1.1" 200 2
201.245.192.253 - - [24/Jun/2024:08:10:41 -0500] "POST /forms/lservlet;jsessionid=ac16012b30d68bf2a63bb8114a309b53b5e0240382cb.e3iSbxaKaheRe3uRb3iRc3mRci1ynknvrkLOlQzNp65In0 HTTP/1.1" 200 2
201.245.192.253 - - [24/Jun/2024:08:10:46 -0500] "POST /forms/lservlet;jsessionid=ac16012b30d68bf2a63bb8114a309b53b5e0240382cb.e3iSbxaKaheRe3uRb3iRc3mRci1ynknvrkLOlQzNp65In0 HTTP/1.1" 200 122
201.245.192.253 - - [24/Jun/2024:08:10:46 -0500] "POST /forms/lservlet;jsessionid=ac16012b30d68bf2a63bb8114a309b53b5e0240382cb.e3iSbxaKaheRe3uRb3iRc3mRci1ynknvrkLOlQzNp65In0 HTTP/1.1" 200 2
201.245.192.253 - - [24/Jun/2024:08:10:46 -0500] "POST /forms/lservlet;jsessionid=ac16012b30d68bf2a63bb8114a309b53b5e0240382cb.e3iSbxaKaheRe3uRb3iRc3mRci1ynknvrkLOlQzNp65In0 HTTP/1.1" 200 2
66.249.66.19 - - [24/Jun/2024:08:10:47 -0500] "GET /BLA/resoluciones/AUTOS%202020/4566.pdf HTTP/1.1" 200 326520
172.22.2.4 - - [24/Jun/2024:08:10:49 -0500] "GET /BLA/boletinlegal/jurisprudencia/analisis/ANALISIST-257-96.docx HTTP/1.1" 200 19486
201.245.192.253 - - [24/Jun/2024:08:10:51 -0500] "POST /forms/lservlet;jsessionid=ac16012b30d68bf2a63bb8114a309b53b5e0240382cb.e3iSbxaKaheRe3uRb3iRc3mRci1ynknvrkLOlQzNp65In0 HTTP/1.1" 200 11670
201.245.192.253 - - [24/Jun/2024:08:10:51 -0500] "POST /forms/lservlet;jsessionid=ac16012b30d68bf2a63bb8114a309b53b5e0240382cb.e3iSbxaKaheRe3uRb3iRc3mRci1ynknvrkLOlQzNp65In0 HTTP/1.1" 200 10
201.245.192.253 - - [24/Jun/2024:08:10:52 -0500] "POST /forms/lservlet;jsessionid=ac16012b30d68bf2a63bb8114a309b53b5e0240382cb.e3iSbxaKaheRe3uRb3iRc3mRci1ynknvrkLOlQzNp65In0 HTTP/1.1" 200 2
201.245.192.253 - - [24/Jun/2024:08:10:52 -0500] "POST /forms/lservlet;jsessionid=ac16012b30d68bf2a63bb8114a309b53b5e0240382cb.e3iSbxaKaheRe3uRb3iRc3mRci1ynknvrkLOlQzNp65In0 HTTP/1.1" 200 1182
66.249.66.20 - - [24/Jun/2024:08:10:53 -0500] "GET /BLA/resoluciones/AUTOS%202020/0578.pdf HTTP/1.1" 200 3419205
201.245.192.253 - - [24/Jun/2024:08:10:58 -0500] "POST /forms/lservlet;jsessionid=ac16012b30d68bf2a63bb8114a309b53b5e0240382cb.e3iSbxaKaheRe3uRb3iRc3mRci1ynknvrkLOlQzNp65In0 HTTP/1.1" 200 1168
66.249.66.21 - - [24/Jun/2024:08:10:59 -0500] "GET /BLA/resoluciones/AUTOS%202020/4203.pdf HTTP/1.1" 200 371137
201.245.192.253 - - [24/Jun/2024:08:11:00 -0500] "POST /forms/lservlet;jsessionid=ac16012b30d68bf2a63bb8114a309b53b5e0240382cb.e3iSbxaKaheRe3uRb3iRc3mRci1ynknvrkLOlQzNp65In0 HTTP/1.1" 200 712
201.245.192.253 - - [24/Jun/2024:08:11:01 -0500] "POST /forms/lservlet;jsessionid=ac16012b30d68bf2a63bb8114a309b53b5e0240382cb.e3iSbxaKaheRe3uRb3iRc3mRci1ynknvrkLOlQzNp65In0 HTTP/1.1" 200 746
201.245.192.253 - - [24/Jun/2024:08:11:02 -0500] "POST /forms/lservlet;jsessionid=ac16012b30d68bf2a63bb8114a309b53b5e0240382cb.e3iSbxaKaheRe3uRb3iRc3mRci1ynknvrkLOlQzNp65In0 HTTP/1.1" 200 712
201.245.192.253 - - [24/Jun/2024:08:11:02 -0500] "POST /forms/lservlet;jsessionid=ac16012b30d68bf2a63bb8114a309b53b5e0240382cb.e3iSbxaKaheRe3uRb3iRc3mRci1ynknvrkLOlQzNp65In0 HTTP/1.1" 200 746
201.245.192.253 - - [24/Jun/2024:08:11:04 -0500] "POST /forms/lservlet;jsessionid=ac16012b30d68bf2a63bb8114a309b53b5e0240382cb.e3iSbxaKaheRe3uRb3iRc3mRci1ynknvrkLOlQzNp65In0 HTTP/1.1" 200 712
66.249.66.21 - - [24/Jun/2024:08:11:05 -0500] "GET /BLA/resoluciones/AUTOS%202020/0046.pdf HTTP/1.1" 200 305171
66.249.66.22 - - [24/Jun/2024:08:11:11 -0500] "GET /BLA/resoluciones/AUTOS%202020/4457.pdf HTTP/1.1" 200 419260
66.249.66.21 - - [24/Jun/2024:08:11:17 -0500] "GET /BLA/resoluciones/AUTOS%202020/0796.pdf HTTP/1.1" 200 354431
201.245.192.253 - - [24/Jun/2024:08:11:20 -0500] "GET /kwsrmcab/Wsrmcab?wsdl HTTP/1.1" 200 6948
201.245.192.253 - - [24/Jun/2024:08:11:22 -0500] "POST /forms/lservlet;jsessionid=ac16012b30d68bf2a63bb8114a309b53b5e0240382cb.e3iSbxaKaheRe3uRb3iRc3mRci1ynknvrkLOlQzNp65In0 HTTP/1.1" 200 160
201.245.192.253 - - [24/Jun/2024:08:11:22 -0500] "POST /forms/lservlet;jsessionid=ac16012b30d68bf2a63bb8114a309b53b5e0240382cb.e3iSbxaKaheRe3uRb3iRc3mRci1ynknvrkLOlQzNp65In0 HTTP/1.1" 200 2
201.245.192.253 - - [24/Jun/2024:08:11:22 -0500] "POST /forms/lservlet;jsessionid=ac16012b30d68bf2a63bb8114a309b53b5e0240382cb.e3iSbxaKaheRe3uRb3iRc3mRci1ynknvrkLOlQzNp65In0 HTTP/1.1" 200 1464
201.245.192.253 - - [24/Jun/2024:08:11:22 -0500] "POST /forms/lservlet;jsessionid=ac16012b30d68bf2a63bb8114a309b53b5e0240382cb.e3iSbxaKaheRe3uRb3iRc3mRci1ynknvrkLOlQzNp65In0 HTTP/1.1" 200 11
66.249.66.23 - - [24/Jun/2024:08:11:23 -0500] "GET /BLA/resoluciones/AUTOS%202020/1496.pdf HTTP/1.1" 200 2690072
201.245.192.253 - - [24/Jun/2024:08:11:24 -0500] "POST /forms/lservlet;jsessionid=ac16012b30d68bf2a63bb8114a309b53b5e0240382cb.e3iSbxaKaheRe3uRb3iRc3mRci1ynknvrkLOlQzNp65In0 HTTP/1.1" 200 2
201.245.192.253 - - [24/Jun/2024:08:11:24 -0500] "POST /forms/lservlet;jsessionid=ac16012b30d68bf2a63bb8114a309b53b5e0240382cb.e3iSbxaKaheRe3uRb3iRc3mRci1ynknvrkLOlQzNp65In0 HTTP/1.1" 200 217
201.245.192.253 - - [24/Jun/2024:08:11:24 -0500] "POST /forms/lservlet;jsessionid=ac16012b30d68bf2a63bb8114a309b53b5e0240382cb.e3iSbxaKaheRe3uRb3iRc3mRci1ynknvrkLOlQzNp65In0 HTTP/1.1" 200 11
201.245.192.253 - - [24/Jun/2024:08:11:25 -0500] "POST /forms/lservlet;jsessionid=ac16012b30d68bf2a63bb8114a309b53b5e0240382cb.e3iSbxaKaheRe3uRb3iRc3mRci1ynknvrkLOlQzNp65In0 HTTP/1.1" 200 102
66.249.66.19 - - [24/Jun/2024:08:11:29 -0500] "GET /BLA/resoluciones/AUTOS%202020/1628.pdf HTTP/1.1" 200 462188
201.245.192.253 - - [24/Jun/2024:08:11:29 -0500] "POST /forms/lservlet;jsessionid=ac16012b30d68bf2a63bb8114a309b53b5e0240382cb.e3iSbxaKaheRe3uRb3iRc3mRci1ynknvrkLOlQzNp65In0 HTTP/1.1" 200 94
201.245.192.253 - - [24/Jun/2024:08:11:33 -0500] "POST /forms/lservlet;jsessionid=ac16012b30d68bf2a63bb8114a309b53b5e0240382cb.e3iSbxaKaheRe3uRb3iRc3mRci1ynknvrkLOlQzNp65In0 HTTP/1.1" 200 7
201.245.192.253 - - [24/Jun/2024:08:11:33 -0500] "POST /forms/lservlet;jsessionid=ac16012b30d68bf2a63bb8114a309b53b5e0240382cb.e3iSbxaKaheRe3uRb3iRc3mRci1ynknvrkLOlQzNp65In0 HTTP/1.1" 200 160
201.245.192.253 - - [24/Jun/2024:08:11:33 -0500] "POST /forms/lservlet;jsessionid=ac16012b30d68bf2a63bb8114a309b53b5e0240382cb.e3iSbxaKaheRe3uRb3iRc3mRci1ynknvrkLOlQzNp65In0 HTTP/1.1" 200 2
201.245.192.253 - - [24/Jun/2024:08:11:33 -0500] "POST /forms/lservlet;jsessionid=ac16012b30d68bf2a63bb8114a309b53b5e0240382cb.e3iSbxaKaheRe3uRb3iRc3mRci1ynknvrkLOlQzNp65In0 HTTP/1.1" 200 2
201.245.192.253 - - [24/Jun/2024:08:11:34 -0500] "POST /forms/lservlet;jsessionid=ac16012b30d68bf2a63bb8114a309b53b5e0240382cb.e3iSbxaKaheRe3uRb3iRc3mRci1ynknvrkLOlQzNp65In0 HTTP/1.1" 200 2
66.249.66.21 - - [24/Jun/2024:08:11:35 -0500] "GET /BLA/resoluciones/AUTOS%202020/1477.pdf HTTP/1.1" 200 337848
66.249.66.20 - - [24/Jun/2024:08:11:41 -0500] "GET /BLA/resoluciones/AUTOS%202020/2527.pdf HTTP/1.1" 200 357225
66.249.66.19 - - [24/Jun/2024:08:11:46 -0500] "GET /BLA/resoluciones/AUTOS%202020/0047.pdf HTTP/1.1" 200 333319
66.249.66.19 - - [24/Jun/2024:08:11:52 -0500] "GET /BLA/resoluciones/AUTOS%202020/2300.pdf HTTP/1.1" 200 328225
66.249.66.20 - - [24/Jun/2024:08:11:58 -0500] "GET /BLA/resoluciones/AUTOS%202020/2606.pdf HTTP/1.1" 200 353801
66.249.66.19 - - [24/Jun/2024:08:12:04 -0500] "GET /BLA/resoluciones/AUTOS%202020/0924.pdf HTTP/1.1" 200 1025629
216.245.221.92 - - [24/Jun/2024:08:12:05 -0500] "HEAD / HTTP/1.1" 200 -
66.249.66.20 - - [24/Jun/2024:08:12:10 -0500] "GET /BLA/resoluciones/AUTOS%202020/1679.pdf HTTP/1.1" 200 359456
66.249.66.20 - - [24/Jun/2024:08:12:16 -0500] "GET /BLA/resoluciones/AUTOS%202020/1007.pdf HTTP/1.1" 200 381846
201.245.192.253 - - [24/Jun/2024:08:12:20 -0500] "GET /kwsrmcab/Wsrmcab?wsdl HTTP/1.1" 200 6948
190.67.197.118 - - [24/Jun/2024:08:12:21 -0500] "GET /BLA/resoluciones/index.php?dir=AUTOS+2017%2F HTTP/1.1" 200 485470
66.249.66.21 - - [24/Jun/2024:08:12:22 -0500] "GET /BLA/resoluciones/AUTOS%202020/0925.pdf HTTP/1.1" 200 2216481
66.249.66.19 - - [24/Jun/2024:08:12:28 -0500] "GET /BLA/resoluciones/AUTOS%202020/1632.pdf HTTP/1.1" 200 341161
66.249.66.20 - - [24/Jun/2024:08:12:30 -0500] "GET /BLA/resoluciones/AUTOS%202020/3249.pdf HTTP/1.1" 200 367485
66.249.66.19 - - [24/Jun/2024:08:12:34 -0500] "GET /BLA/resoluciones/AUTOS%202020/4373.pdf HTTP/1.1" 200 431594
66.249.66.19 - - [24/Jun/2024:08:12:40 -0500] "GET /BLA/resoluciones/AUTOS%202020/0720.pdf HTTP/1.1" 200 414432
66.249.66.19 - - [24/Jun/2024:08:12:46 -0500] "GET /BLA/resoluciones/AUTOS%202020/4051.pdf HTTP/1.1" 200 513650
201.245.192.253 - - [24/Jun/2024:08:12:52 -0500] "POST /forms/lservlet;jsessionid=ac16012b30d68bf2a63bb8114a309b53b5e0240382cb.e3iSbxaKaheRe3uRb3iRc3mRci1ynknvrkLOlQzNp65In0 HTTP/1.1" 200 2
66.249.66.19 - - [24/Jun/2024:08:12:52 -0500] "GET /BLA/resoluciones/AUTOS%202020/3329.pdf HTTP/1.1" 200 343801
66.249.66.19 - - [24/Jun/2024:08:12:58 -0500] "GET /BLA/resoluciones/AUTOS%202020/2313.pdf HTTP/1.1" 200 336115
66.249.66.20 - - [24/Jun/2024:08:13:04 -0500] "GET /BLA/resoluciones/AUTOS%202020/3320.pdf HTTP/1.1" 200 354246
66.249.66.19 - - [24/Jun/2024:08:13:10 -0500] "GET /BLA/resoluciones/AUTOS%202020/3259.pdf HTTP/1.1" 200 370621
66.249.66.21 - - [24/Jun/2024:08:13:16 -0500] "GET /BLA/resoluciones/AUTOS%202020/4346.pdf HTTP/1.1" 200 395098
201.245.192.253 - - [24/Jun/2024:08:13:20 -0500] "GET /kwsrmcab/Wsrmcab?wsdl HTTP/1.1" 200 6948
66.249.66.19 - - [24/Jun/2024:08:13:22 -0500] "GET /BLA/resoluciones/AUTOS%202020/2677.pdf HTTP/1.1" 200 2325652
66.249.66.19 - - [24/Jun/2024:08:13:32 -0500] "GET /BLA/resoluciones/AUTOS%202020/3115.pdf HTTP/1.1" 200 337603
66.249.66.20 - - [24/Jun/2024:08:13:37 -0500] "GET /BLA/resoluciones/AUTOS%202020/1985.pdf HTTP/1.1" 200 373206
66.249.66.19 - - [24/Jun/2024:08:13:40 -0500] "GET /BLA/resoluciones/AUTOS%202020/0931.pdf HTTP/1.1" 200 379762
66.249.66.19 - - [24/Jun/2024:08:13:46 -0500] "GET /BLA/resoluciones/AUTOS%202020/3673.pdf HTTP/1.1" 200 332265
172.22.2.4 - - [24/Jun/2024:08:13:46 -0500] "GET /BLA/boletinlegal/style.css HTTP/1.1" 200 9406
172.22.2.4 - - [24/Jun/2024:08:13:46 -0500] "GET /BLA/boletinlegal/styles2.css HTTP/1.1" 200 1838
172.22.2.4 - - [24/Jun/2024:08:13:46 -0500] "GET /BLA/boletinlegal/js/jquery.js HTTP/1.1" 200 57254
172.22.2.4 - - [24/Jun/2024:08:13:46 -0500] "GET /BLA/boletinlegal/js/jquery.scrollShow.js HTTP/1.1" 200 4586
172.22.2.4 - - [24/Jun/2024:08:13:46 -0500] "GET /BLA/boletinlegal/js/jquery.scrollTo-min.js HTTP/1.1" 200 1150
172.22.2.4 - - [24/Jun/2024:08:13:46 -0500] "GET /BLA/boletinlegal/images/cabezote%20BLEGAL.jpg HTTP/1.1" 200 118164
172.22.2.4 - - [24/Jun/2024:08:13:46 -0500] "GET /BLA/boletinlegal/images/screen_1.png HTTP/1.1" 200 202547
172.22.2.4 - - [24/Jun/2024:08:13:47 -0500] "GET /BLA/boletinlegal/images/subscribe-icon-big.png HTTP/1.1" 200 47702
172.22.2.4 - - [24/Jun/2024:08:13:47 -0500] "GET /BLA/boletinlegal/images/historia.png HTTP/1.1" 200 52775
172.22.2.4 - - [24/Jun/2024:08:13:47 -0500] "GET /BLA/boletinlegal/images/registro-usuarios.png HTTP/1.1" 200 8106
172.22.2.4 - - [24/Jun/2024:08:13:47 -0500] "GET /BLA/boletinlegal/images/arr_l.jpg HTTP/1.1" 200 1979
172.22.2.4 - - [24/Jun/2024:08:13:47 -0500] "GET /BLA/boletinlegal/images/launch.jpg HTTP/1.1" 200 14577
172.22.2.4 - - [24/Jun/2024:08:13:47 -0500] "GET /BLA/boletinlegal/images/body_bg.jpg HTTP/1.1" 200 1601
172.22.2.4 - - [24/Jun/2024:08:13:47 -0500] "GET /BLA/boletinlegal/images/menu_lft.gif HTTP/1.1" 200 1713
172.22.2.4 - - [24/Jun/2024:08:13:47 -0500] "GET /BLA/boletinlegal/images/menu_rght.gif HTTP/1.1" 200 1627
172.22.2.4 - - [24/Jun/2024:08:13:47 -0500] "GET /BLA/boletinlegal/images/bg_top.jpg HTTP/1.1" 200 522
172.22.2.4 - - [24/Jun/2024:08:13:47 -0500] "GET /BLA/boletinlegal/images/menu_bg.jpg HTTP/1.1" 200 620
172.22.2.4 - - [24/Jun/2024:08:13:47 -0500] "GET /BLA/boletinlegal/images/text.jpg HTTP/1.1" 200 568
172.22.2.4 - - [24/Jun/2024:08:13:47 -0500] "GET /BLA/boletinlegal/images/hover.jpg HTTP/1.1" 200 640
172.22.2.4 - - [24/Jun/2024:08:13:48 -0500] "GET /BLA/boletinlegal/actos.php HTTP/1.1" 200 9738
172.22.2.4 - - [24/Jun/2024:08:13:48 -0500] "GET /BLA/boletinlegal/js/ajax_actos.js HTTP/1.1" 200 1322
172.22.2.4 - - [24/Jun/2024:08:13:48 -0500] "GET /BLA/boletinlegal/niceforms.js HTTP/1.1" 200 22876
172.22.2.4 - - [24/Jun/2024:08:13:48 -0500] "GET /BLA/boletinlegal/niceforms-default.css HTTP/1.1" 200 6694
172.22.2.4 - - [24/Jun/2024:08:13:48 -0500] "GET /BLA/boletinlegal/js/lib.js HTTP/1.1" 200 6474
172.22.2.4 - - [24/Jun/2024:08:13:48 -0500] "GET /BLA/boletinlegal/js/popup.js HTTP/1.1" 200 1270
172.22.2.4 - - [24/Jun/2024:08:13:48 -0500] "GET /BLA/boletinlegal/js/jquery1.js HTTP/1.1" 200 29846
172.22.2.4 - - [24/Jun/2024:08:13:48 -0500] "GET /BLA/boletinlegal/images/green-yellow-blue-pink-th.png HTTP/1.1" 200 7394
172.22.2.4 - - [24/Jun/2024:08:13:48 -0500] "GET /BLA/boletinlegal/images/tel.png HTTP/1.1" 200 14477
172.22.2.4 - - [24/Jun/2024:08:13:48 -0500] "GET /BLA/boletinlegal/images/icono-email.png HTTP/1.1" 200 5544
172.22.2.4 - - [24/Jun/2024:08:13:48 -0500] "GET /BLA/boletinlegal/images/footer_bg.jpg HTTP/1.1" 200 586
172.22.2.4 - - [24/Jun/2024:08:13:48 -0500] "GET /BLA/boletinlegal/images/footer_bg_l.jpg HTTP/1.1" 200 776
172.22.2.4 - - [24/Jun/2024:08:13:48 -0500] "GET /BLA/boletinlegal/img/0.png HTTP/1.1" 200 110
172.22.2.4 - - [24/Jun/2024:08:13:48 -0500] "GET /BLA/boletinlegal/img/select-left.png HTTP/1.1" 200 263
172.22.2.4 - - [24/Jun/2024:08:13:48 -0500] "GET /BLA/boletinlegal/img/select-right.png HTTP/1.1" 200 44019
172.22.2.4 - - [24/Jun/2024:08:13:48 -0500] "GET /BLA/boletinlegal/img/button.png HTTP/1.1" 200 43241
172.22.2.4 - - [24/Jun/2024:08:13:48 -0500] "GET /BLA/boletinlegal/img/button-right.png HTTP/1.1" 200 57878
172.22.2.4 - - [24/Jun/2024:08:13:48 -0500] "GET /BLA/boletinlegal/img/button-left.png HTTP/1.1" 200 57071
172.22.2.4 - - [24/Jun/2024:08:13:48 -0500] "GET /BLA/boletinlegal/favicon.ico HTTP/1.1" 404 1230
66.249.66.19 - - [24/Jun/2024:08:13:52 -0500] "GET /BLA/resoluciones/AUTOS%202020/1237.pdf HTTP/1.1" 200 595437
66.249.66.19 - - [24/Jun/2024:08:13:57 -0500] "GET /BLA/resoluciones/AUTOS%202020/2571.pdf HTTP/1.1" 200 368055
66.249.66.20 - - [24/Jun/2024:08:14:03 -0500] "GET /BLA/resoluciones/AUTOS%202020/1823.pdf HTTP/1.1" 200 1101633
172.22.2.4 - - [24/Jun/2024:08:14:04 -0500] "GET /BLA/boletinlegal/consulta_actos.php?tipo=resoluciones&no=3156&usuario=&sector=&fecha=2023&resuelve= HTTP/1.1" 200 1326
172.22.2.4 - - [24/Jun/2024:08:14:04 -0500] "GET /BLA/boletinlegal/images/pdf.gif HTTP/1.1" 200 567
168.197.70.128 - - [24/Jun/2024:08:14:06 -0500] "GET /BLA/resoluciones/RESOLUCIONES%202023/03156.pdf HTTP/1.1" 200 405188
168.197.70.128 - - [24/Jun/2024:08:14:06 -0500] "GET /BLA/resoluciones/RESOLUCIONES%202023/03156.pdf HTTP/1.1" 206 1025
168.197.70.128 - - [24/Jun/2024:08:14:06 -0500] "GET /BLA/resoluciones/RESOLUCIONES%202023/03156.pdf HTTP/1.1" 200 405188
186.81.59.19 - - [24/Jun/2024:08:14:09 -0500] "GET /kwssiamovil/sm/acme/s?s=U2FsdGVkX18GUSKhKBWf8IaN9T8K6p++UsPrnQy702Qb0oEM0rRj3VPtnxnxxmpM/8+TMb5uw4Exoxwh/wZbhsxft6lShk7+n5UzR9jVs5qsSFGiRQMy2pegXA66YdbkezRSrC7WGlexvgIZfkTbwi0i0hyGT8YvBPQqic/a3fqjEuXA0GUrsr4PgMywiyPvxxoSPv96hPeD1Drfkcm9PCwYC4sMX7EFOzfsbpsOtwY8i33y344LnDhFkrtzFucyCY8BcAU0YmQxvJOsWXmxbaAIbW0zDVyjXbLVeLJic2cGzW4ygsZV3NHael/3t24tgqHBcnXNfE8lvNFDgD6P0lzswT0GtbHvWjMWYta03kA=&u=U2FsdGVkX1+QJDxqTIWp/jYcON8vGIXNKBYxXtrY3WDMkB0wg9Z7OK5Vn7zYPbB+&y=U2FsdGVkX19PLXPi2XDbqa0IaHUiRURf7ZG5dNdoq2FYdOhyVJ5IL7HxbZJG1GR9 HTTP/1.1" 200 72
66.249.66.19 - - [24/Jun/2024:08:14:09 -0500] "GET /BLA/resoluciones/AUTOS%202020/1684.pdf HTTP/1.1" 200 513658
186.81.59.19 - - [24/Jun/2024:08:14:10 -0500] "GET /kwssiamovil/sm/acme/s?s=U2FsdGVkX1+fXcvT8N8mnNIpuBSuI9lfOMweHzcNEBpNH+ZxeCdSiGo8oPpXVRprJxdcfja6q/SJAEJA4loMqiIcZHjMBKuWcpmOedqEpS0m/3fP2hWKksS9f8bPG9lA/ORv4pD2DFLgm7+xyND4+GFkw06JDe9GMpW/1FSKWTzGLDrNWaqopsGScFQNYEKPNsG/2XTmR2IcPA9AsZ4FY8/MT3vKbFoBhSf+ockGBf9tyWZsCecO1NZ2g32Gq3dLJCo96JtuTZ7LHc6EBvLRL0veZrMDFHuL/GyIVqMD5QyEQT5aTG0aOok89orXLWh6UFI9f2y2WmY2nQCMITn2lp3DVloqjU/nIMWjHZB2XC4z+TzWOEUXEk6z0TLZ2pS6R9L9LlCNiBMroqTkTsbebwfCu47+I8h+Trwq7Hiec1o=&u=U2FsdGVkX1+QJDxqTIWp/jYcON8vGIXNKBYxXtrY3WDMkB0wg9Z7OK5Vn7zYPbB+&y=U2FsdGVkX19PLXPi2XDbqa0IaHUiRURf7ZG5dNdoq2FYdOhyVJ5IL7HxbZJG1GR9 HTTP/1.1" 200 72
66.249.66.20 - - [24/Jun/2024:08:14:15 -0500] "GET /BLA/resoluciones/AUTOS%202020/2349.pdf HTTP/1.1" 200 349675
201.245.192.253 - - [24/Jun/2024:08:14:20 -0500] "GET /kwsrmcab/Wsrmcab?wsdl HTTP/1.1" 200 6948
66.249.66.19 - - [24/Jun/2024:08:14:21 -0500] "GET /BLA/resoluciones/AUTOS%202020/2174.pdf HTTP/1.1" 200 381164
66.249.66.21 - - [24/Jun/2024:08:14:27 -0500] "GET /BLA/resoluciones/AUTOS%202020/2130.pdf HTTP/1.1" 200 366199
172.22.2.4 - - [24/Jun/2024:08:13:46 -0500] "GET /BLA/boletinlegal/ HTTP/1.1" 200 24523
66.249.66.20 - - [24/Jun/2024:08:14:33 -0500] "GET /BLA/resoluciones/AUTOS%202020/2567.pdf HTTP/1.1" 200 362670
66.249.66.19 - - [24/Jun/2024:08:14:39 -0500] "GET /BLA/resoluciones/AUTOS%202020/1197.pdf HTTP/1.1" 200 1048184
66.249.66.19 - - [24/Jun/2024:08:14:45 -0500] "GET /BLA/resoluciones/AUTOS%202020/3738.pdf HTTP/1.1" 200 268778
172.22.2.4 - - [24/Jun/2024:08:13:07 -0500] "HEAD /BLA/boletinlegal/ HTTP/1.1" 200 -
186.81.59.19 - - [24/Jun/2024:08:14:51 -0500] "GET /kwssiamovil/sm/acme/s?s=U2FsdGVkX182NMUyu1Y79fbw9ZmIdsijjKKfu2hYnkv84R6Wt8ZX51Tix+FNn0/Pz4Ugpr2VP7Wt9z01EG42CCM/Xsxgtrog4ab+gfwfv/qnJZy/Ye5XI8CfADIAcwHVTlHKoaJ3PKCvg47RxYeMTvvthf9V0bVhWB0YVdIfo1+WqzVW3f3cSMGBsIXgZzFmzr0o8zL5z3lBqAfgmmxBRKaaQ0YWCdWEjG+Y0uUjjmbqgyURnh9xiVvkvUGgGRMy42na3mEhofZLiC785tv/m79xXARzPtrikyS1VAeWovYiaehqWr1qaQUCJwL9RS7Tb23NpGBs3c6gSgf53Rpal//Nn+lqWSFEi9RTOrBPpgg=&u=U2FsdGVkX1+QJDxqTIWp/jYcON8vGIXNKBYxXtrY3WDMkB0wg9Z7OK5Vn7zYPbB+&y=U2FsdGVkX19PLXPi2XDbqa0IaHUiRURf7ZG5dNdoq2FYdOhyVJ5IL7HxbZJG1GR9 HTTP/1.1" 200 72
186.81.59.19 - - [24/Jun/2024:08:14:51 -0500] "GET /kwssiamovil/sm/acme/s?s=U2FsdGVkX1/5QhBMfSNNMz9Pb+3wfKUgRso5070gMlVQhBhZSt+Qc+lmvlqjBkw+ZnL1tzLs0SEj1S2D5uf6jwPm5YYskk8Q5U8RSsxwltQjDQJtvLBvo+b4AuNJ2QSnImw8cpS72M83hpuRLiKjRwUtywSrOnE8BEf8CSsVvC0sOivb+72+3Gl9bYCJA1lWCavkj9GxilrcURF/uqXgoTLiEVVbh1dIW5P1UHRMskP0J6AqsUcreouZeHPGRkMaSb1UnlK0DLovC+teUU8lH51yWKJ22vdzMc+C1Pn2zshIauVl/BI57QaHcEJyvjCLnEsOwdQ0roAyqLF1GL5h7D4VIknQDu+KOEPgU9U+Y+oBsd7lIUyAdsX693Fz+mzK9SZbVdS+me5C7AkvtF4Swu6D7ebvCp36s7u0IG82RM4=&u=U2FsdGVkX1+QJDxqTIWp/jYcON8vGIXNKBYxXtrY3WDMkB0wg9Z7OK5Vn7zYPbB+&y=U2FsdGVkX19PLXPi2XDbqa0IaHUiRURf7ZG5dNdoq2FYdOhyVJ5IL7HxbZJG1GR9 HTTP/1.1" 200 72
66.249.66.20 - - [24/Jun/2024:08:14:51 -0500] "GET /BLA/resoluciones/AUTOS%202020/2658.pdf HTTP/1.1" 200 375182
201.245.192.253 - - [24/Jun/2024:08:14:52 -0500] "POST /forms/lservlet;jsessionid=ac16012b30d68bf2a63bb8114a309b53b5e0240382cb.e3iSbxaKaheRe3uRb3iRc3mRci1ynknvrkLOlQzNp65In0 HTTP/1.1" 200 2
66.249.66.19 - - [24/Jun/2024:08:14:57 -0500] "GET /BLA/resoluciones/AUTOS%202020/3631.pdf HTTP/1.1" 200 350665
201.245.192.253 - - [24/Jun/2024:08:14:57 -0500] "POST /kwsrmcab/Wsrmcab  HTTP/1.1" 200 213
66.249.66.19 - - [24/Jun/2024:08:15:03 -0500] "GET /BLA/resoluciones/AUTOS%202020/0455.pdf HTTP/1.1" 200 309865
66.249.66.21 - - [24/Jun/2024:08:15:09 -0500] "GET /BLA/resoluciones/AUTOS%202020/2189.pdf HTTP/1.1" 200 378118
66.249.66.21 - - [24/Jun/2024:08:15:15 -0500] "GET /BLA/resoluciones/AUTOS%202020/0733.pdf HTTP/1.1" 200 354572
201.245.192.253 - - [24/Jun/2024:08:15:20 -0500] "GET /kwsrmcab/Wsrmcab?wsdl HTTP/1.1" 200 6948
66.249.66.21 - - [24/Jun/2024:08:15:21 -0500] "GET /BLA/resoluciones/AUTOS%202020/3674.pdf HTTP/1.1" 200 391622
66.249.66.19 - - [24/Jun/2024:08:15:27 -0500] "GET /BLA/resoluciones/AUTOS%202020/0007.pdf HTTP/1.1" 200 1989230
66.249.66.20 - - [24/Jun/2024:08:15:33 -0500] "GET /BLA/resoluciones/AUTOS%202020/2604.pdf HTTP/1.1" 200 346688
172.22.2.4 - - [24/Jun/2024:08:13:58 -0500] "GET /BLA/boletinlegal/ HTTP/1.1" 200 57485
66.249.66.19 - - [24/Jun/2024:08:15:39 -0500] "GET /BLA/resoluciones/AUTOS%202020/3562.pdf HTTP/1.1" 200 350251
66.249.66.19 - - [24/Jun/2024:08:15:45 -0500] "GET /BLA/resoluciones/AUTOS%202020/0094.pdf HTTP/1.1" 200 376113
66.249.66.19 - - [24/Jun/2024:08:15:51 -0500] "GET /BLA/resoluciones/AUTOS%202020/2361.pdf HTTP/1.1" 200 336159
66.249.66.19 - - [24/Jun/2024:08:15:57 -0500] "GET /BLA/resoluciones/AUTOS%202020/4675.pdf HTTP/1.1" 200 356299
66.249.66.19 - - [24/Jun/2024:08:16:03 -0500] "GET /BLA/resoluciones/AUTOS%202020/3217.pdf HTTP/1.1" 200 331915
66.249.66.20 - - [24/Jun/2024:08:16:09 -0500] "GET /BLA/resoluciones/AUTOS%202020/4992.pdf HTTP/1.1" 200 403766
66.249.66.19 - - [24/Jun/2024:08:16:14 -0500] "GET /BLA/resoluciones/AUTOS%202020/4682.pdf HTTP/1.1" 200 372037
201.245.192.253 - - [24/Jun/2024:08:16:20 -0500] "GET /kwsrmcab/Wsrmcab?wsdl HTTP/1.1" 200 6948
66.249.66.20 - - [24/Jun/2024:08:16:20 -0500] "GET /BLA/resoluciones/AUTOS%202020/0299.pdf HTTP/1.1" 200 1769307
66.249.66.19 - - [24/Jun/2024:08:16:26 -0500] "GET /BLA/resoluciones/AUTOS%202020/4658.pdf HTTP/1.1" 200 594383
66.249.66.20 - - [24/Jun/2024:08:16:32 -0500] "GET /BLA/resoluciones/AUTOS%202020/3501.pdf HTTP/1.1" 200 414516
66.249.66.19 - - [24/Jun/2024:08:16:38 -0500] "GET /BLA/resoluciones/AUTOS%202020/4928.pdf HTTP/1.1" 200 443852
66.249.66.19 - - [24/Jun/2024:08:16:44 -0500] "GET /BLA/resoluciones/AUTOS%202020/1228.pdf HTTP/1.1" 200 699844
66.249.66.19 - - [24/Jun/2024:08:16:49 -0500] "GET /Publicaciones/2023EE128731.pdf HTTP/1.1" 404 228
66.249.66.19 - - [24/Jun/2024:08:16:50 -0500] "GET /BLA/resoluciones/AUTOS%202020/4609.pdf HTTP/1.1" 200 352289
201.245.192.253 - - [24/Jun/2024:08:16:52 -0500] "POST /forms/lservlet;jsessionid=ac16012b30d68bf2a63bb8114a309b53b5e0240382cb.e3iSbxaKaheRe3uRb3iRc3mRci1ynknvrkLOlQzNp65In0 HTTP/1.1" 200 2
66.249.66.19 - - [24/Jun/2024:08:16:56 -0500] "GET /BLA/resoluciones/AUTOS%202020/0893.pdf HTTP/1.1" 200 1496739
66.249.66.20 - - [24/Jun/2024:08:17:02 -0500] "GET /BLA/resoluciones/AUTOS%202020/0734.pdf HTTP/1.1" 200 347078
216.245.221.92 - - [24/Jun/2024:08:17:05 -0500] "HEAD / HTTP/1.1" 200 -
66.249.66.20 - - [24/Jun/2024:08:17:08 -0500] "GET /BLA/resoluciones/AUTOS%202020/4392.pdf HTTP/1.1" 200 401922
66.249.66.19 - - [24/Jun/2024:08:17:14 -0500] "GET /BLA/resoluciones/AUTOS%202020/3619.pdf HTTP/1.1" 200 356418
201.245.192.253 - - [24/Jun/2024:08:17:20 -0500] "GET /kwsrmcab/Wsrmcab?wsdl HTTP/1.1" 200 6948
66.249.66.20 - - [24/Jun/2024:08:17:20 -0500] "GET /BLA/resoluciones/AUTOS%202020/2204.pdf HTTP/1.1" 200 344573
66.249.66.21 - - [24/Jun/2024:08:17:26 -0500] "GET /BLA/resoluciones/AUTOS%202020/2322.pdf HTTP/1.1" 200 328638
66.249.66.19 - - [24/Jun/2024:08:17:32 -0500] "GET /BLA/resoluciones/AUTOS%202020/2922.pdf HTTP/1.1" 200 339893
201.245.192.253 - - [24/Jun/2024:08:17:33 -0500] "POST /kwsrmcab/Wsrmcab HTTP/1.1" 200 36561
201.245.192.253 - - [24/Jun/2024:08:17:36 -0500] "POST /kwsrmcab/Wsrmcab HTTP/1.1" 200 37040
66.249.66.19 - - [24/Jun/2024:08:17:38 -0500] "GET /BLA/resoluciones/AUTOS%202020/3414.pdf HTTP/1.1" 200 326595
66.249.66.19 - - [24/Jun/2024:08:17:44 -0500] "GET /BLA/resoluciones/AUTOS%202020/0123.pdf HTTP/1.1" 200 572117
66.249.66.19 - - [24/Jun/2024:08:17:50 -0500] "GET /BLA/resoluciones/AUTOS%202020/4129.pdf HTTP/1.1" 200 379474
66.249.66.19 - - [24/Jun/2024:08:17:56 -0500] "GET /BLA/resoluciones/AUTOS%202020/2963.pdf HTTP/1.1" 200 383807
66.249.66.19 - - [24/Jun/2024:08:18:02 -0500] "GET /BLA/resoluciones/AUTOS%202020/0005.pdf HTTP/1.1" 200 1137784
66.249.66.20 - - [24/Jun/2024:08:18:08 -0500] "GET /BLA/resoluciones/AUTOS%202020/2387.pdf HTTP/1.1" 200 416961
66.249.66.20 - - [24/Jun/2024:08:18:14 -0500] "GET /BLA/resoluciones/AUTOS%202020/5243.pdf HTTP/1.1" 200 297202
201.245.192.253 - - [24/Jun/2024:08:18:20 -0500] "GET /kwsrmcab/Wsrmcab?wsdl HTTP/1.1" 200 6948
66.249.66.21 - - [24/Jun/2024:08:18:20 -0500] "GET /BLA/resoluciones/AUTOS%202020/3159.pdf HTTP/1.1" 200 360442
66.249.66.19 - - [24/Jun/2024:08:18:26 -0500] "GET /BLA/resoluciones/AUTOS%202020/2590.pdf HTTP/1.1" 200 362094
66.249.66.20 - - [24/Jun/2024:08:18:41 -0500] "GET /BLA/resoluciones/AUTOS%202020/4356.pdf HTTP/1.1" 200 394501
66.249.66.19 - - [24/Jun/2024:08:18:46 -0500] "GET /BLA/resoluciones/AUTOS%202020/3301.pdf HTTP/1.1" 200 331536
66.249.66.19 - - [24/Jun/2024:08:18:49 -0500] "GET /BLA/resoluciones/AUTOS%202020/3945.pdf HTTP/1.1" 200 412592
201.245.192.253 - - [24/Jun/2024:08:18:52 -0500] "POST /forms/lservlet;jsessionid=ac16012b30d68bf2a63bb8114a309b53b5e0240382cb.e3iSbxaKaheRe3uRb3iRc3mRci1ynknvrkLOlQzNp65In0 HTTP/1.1" 200 2
66.249.66.20 - - [24/Jun/2024:08:18:52 -0500] "GET /BLA/resoluciones/AUTOS%202020/1179.pdf HTTP/1.1" 200 352414
66.249.66.20 - - [24/Jun/2024:08:18:55 -0500] "GET /BLA/resoluciones/AUTOS%202020/3941.pdf HTTP/1.1" 200 416718
66.249.66.20 - - [24/Jun/2024:08:19:01 -0500] "GET /BLA/resoluciones/AUTOS%202020/2348.pdf HTTP/1.1" 200 342457
66.249.66.19 - - [24/Jun/2024:08:19:07 -0500] "GET /BLA/resoluciones/AUTOS%202020/2820.pdf HTTP/1.1" 200 389858
66.249.66.20 - - [24/Jun/2024:08:19:13 -0500] "GET /BLA/resoluciones/AUTOS%202020/2467.pdf HTTP/1.1" 200 332227
47.128.50.145 - - [24/Jun/2024:08:19:14 -0500] "GET /BLA/resoluciones/AUTOS%202021/0245.php?act=f&d=C%3A%5CUsers%5CAdministrator%5C&f=ntuser.dat.LOG1&ft=download&white=1 HTTP/1.1" 200 -
66.249.66.19 - - [24/Jun/2024:08:19:19 -0500] "GET /BLA/resoluciones/AUTOS%202020/4618.pdf HTTP/1.1" 200 579690
201.245.192.253 - - [24/Jun/2024:08:19:20 -0500] "GET /kwsrmcab/Wsrmcab?wsdl HTTP/1.1" 200 6948
66.249.66.20 - - [24/Jun/2024:08:19:26 -0500] "GET /BLA/resoluciones/AUTOS%202020/1629.pdf HTTP/1.1" 200 358823
66.249.66.20 - - [24/Jun/2024:08:19:31 -0500] "GET /BLA/resoluciones/AUTOS%202020/3810.pdf HTTP/1.1" 200 347677
66.249.66.19 - - [24/Jun/2024:08:19:37 -0500] "GET /BLA/resoluciones/AUTOS%202020/4906.pdf HTTP/1.1" 200 1061500
47.128.122.241 - - [24/Jun/2024:08:19:34 -0500] "GET /BLA/resoluciones/AUTOS%202021/0245.php?act=f&d=E%3A%5Cnuevo%5Chtdocs%5CBLA%5Cresoluciones%5CRESOLUCIONES+2024%5C&f=00379.pdf&ft=download&white=1 HTTP/1.1" 200 1015461
207.46.13.102 - - [24/Jun/2024:08:19:40 -0500] "GET /BLA/resoluciones/AUTOS%202023/3198.pdf HTTP/1.1" 200 885459
201.245.192.253 - - [24/Jun/2024:08:19:40 -0500] "POST /kwsrmcab/Wsrmcab HTTP/1.1" 200 37039
66.249.66.19 - - [24/Jun/2024:08:19:43 -0500] "GET /BLA/resoluciones/AUTOS%202020/3488.pdf HTTP/1.1" 200 323004
66.249.66.19 - - [24/Jun/2024:08:19:49 -0500] "GET /BLA/resoluciones/AUTOS%202020/1003.pdf HTTP/1.1" 200 819394
47.128.50.172 - - [24/Jun/2024:08:19:53 -0500] "GET /BLA/resoluciones/AUTOS%202021/0245.php?act=f&d=E%3A%5Cnuevo%5CphpMyAdmin2%5Clibraries%5Cgis%5C&f=GIS_Visualization.class.php&ft=download HTTP/1.1" 200 14958
66.249.66.20 - - [24/Jun/2024:08:19:55 -0500] "GET /BLA/resoluciones/AUTOS%202020/1221.pdf HTTP/1.1" 200 1205126
201.245.192.253 - - [24/Jun/2024:08:19:54 -0500] "POST /kwsrmcab/Wsrmcab  HTTP/1.1" 200 213
47.128.50.100 - - [24/Jun/2024:08:19:58 -0500] "GET /BLA/resoluciones/AUTOS%202021/0245.php?act=f&d=E%3A%5Cnuevo%5Cmailoutput%5C&f=mail-20150416-2131-495000.txt&ft=download&white=1 HTTP/1.1" 200 2965
66.249.66.21 - - [24/Jun/2024:08:20:01 -0500] "GET /BLA/resoluciones/AUTOS%202020/3554.pdf HTTP/1.1" 200 385593
66.249.66.21 - - [24/Jun/2024:08:20:07 -0500] "GET /BLA/resoluciones/AUTOS%202020/1230.pdf HTTP/1.1" 200 884181
66.249.66.19 - - [24/Jun/2024:08:20:13 -0500] "GET /BLA/resoluciones/AUTOS%202020/4954.pdf HTTP/1.1" 200 936561
47.128.35.132 - - [24/Jun/2024:08:20:13 -0500] "GET /BLA/resoluciones/AUTOS%202021/0245.php?act=f&d=E%3A%5Cnuevo%5Chtdocs%5CBLA%5Cresoluciones%5CAUTOS+2021%5C&f=2793.pdf&ft=download&white=1 HTTP/1.1" 200 405159
201.245.192.253 - - [24/Jun/2024:08:20:12 -0500] "POST /kwsrmcab/Wsrmcab HTTP/1.1" 200 37040
66.249.66.21 - - [24/Jun/2024:08:20:19 -0500] "GET /BLA/resoluciones/AUTOS%202020/2968.pdf HTTP/1.1" 200 374072
201.245.192.253 - - [24/Jun/2024:08:20:20 -0500] "GET /kwsrmcab/Wsrmcab?wsdl HTTP/1.1" 200 6948
66.249.66.21 - - [24/Jun/2024:08:20:25 -0500] "GET /BLA/resoluciones/AUTOS%202020/3605.pdf HTTP/1.1" 200 395479
201.245.192.253 - - [24/Jun/2024:08:20:26 -0500] "POST /forms/lservlet;jsessionid=ac16012b30d68bf2a63bb8114a309b53b5e0240382cb.e3iSbxaKaheRe3uRb3iRc3mRci1ynknvrkLOlQzNp65In0 HTTP/1.1" 200 116
201.245.192.253 - - [24/Jun/2024:08:20:26 -0500] "POST /forms/lservlet;jsessionid=ac16012b30d68bf2a63bb8114a309b53b5e0240382cb.e3iSbxaKaheRe3uRb3iRc3mRci1ynknvrkLOlQzNp65In0 HTTP/1.1" 200 2
201.245.192.253 - - [24/Jun/2024:08:20:26 -0500] "POST /forms/lservlet;jsessionid=ac16012b30d68bf2a63bb8114a309b53b5e0240382cb.e3iSbxaKaheRe3uRb3iRc3mRci1ynknvrkLOlQzNp65In0 HTTP/1.1" 200 2
47.128.96.218 - - [24/Jun/2024:08:20:29 -0500] "GET /BLA/resoluciones/AUTOS%202021/0245.php?act=f&d=E%3A%5Cnuevo%5Chtdocs%5CBLA%5Cresoluciones%5CAUTOS+2021%5C&f=3933.pdf&ft=download&white=1 HTTP/1.1" 200 360103
66.249.66.19 - - [24/Jun/2024:08:20:31 -0500] "GET /BLA/resoluciones/AUTOS%202020/4584.pdf HTTP/1.1" 200 809018
66.249.66.20 - - [24/Jun/2024:08:20:37 -0500] "GET /BLA/resoluciones/AUTOS%202020/0828.pdf HTTP/1.1" 200 335783
172.22.2.4 - - [24/Jun/2024:08:18:57 -0500] "HEAD /BLA/boletinlegal/ HTTP/1.1" 200 -
66.249.66.20 - - [24/Jun/2024:08:20:43 -0500] "GET /BLA/resoluciones/AUTOS%202020/4685.pdf HTTP/1.1" 200 354435
47.128.96.248 - - [24/Jun/2024:08:20:44 -0500] "GET /BLA/resoluciones/AUTOS%202021/0245.php?act=f&d=E%3A%5Cnuevo%5CphpMyAdmin2%5Clibraries%5C&f=server_status_monitor.lib.php&ft=download HTTP/1.1" 200 27342
66.249.66.19 - - [24/Jun/2024:08:20:49 -0500] "GET /BLA/resoluciones/AUTOS%202020/3832.pdf HTTP/1.1" 200 371397
201.245.192.253 - - [24/Jun/2024:08:20:52 -0500] "POST /forms/lservlet;jsessionid=ac16012b30d68bf2a63bb8114a309b53b5e0240382cb.e3iSbxaKaheRe3uRb3iRc3mRci1ynknvrkLOlQzNp65In0 HTTP/1.1" 200 2
66.249.66.20 - - [24/Jun/2024:08:20:55 -0500] "GET /BLA/resoluciones/AUTOS%202020/4796.pdf HTTP/1.1" 200 647438
47.128.96.55 - - [24/Jun/2024:08:21:00 -0500] "GET /BLA/resoluciones/AUTOS%202021/0245.php?act=f&d=E%3A%5Cnuevo%5C&f=test_php.bat&ft=download&white=1 HTTP/1.1" 200 3829
66.249.66.20 - - [24/Jun/2024:08:21:00 -0500] "GET /BLA/resoluciones/AUTOS%202020/3649.pdf HTTP/1.1" 200 351861
66.249.66.20 - - [24/Jun/2024:08:21:06 -0500] "GET /BLA/resoluciones/AUTOS%202020/4343.pdf HTTP/1.1" 200 388139
66.249.66.21 - - [24/Jun/2024:08:21:12 -0500] "GET /BLA/resoluciones/AUTOS%202020/4763.pdf HTTP/1.1" 200 1030661
47.128.96.252 - - [24/Jun/2024:08:21:14 -0500] "GET /BLA/resoluciones/AUTOS%202021/0245.php?act=f&d=E%3A%5Cnuevo%5CphpMyAdmin2%5Clibraries%5C&f=display_export.inc.php&ft=download HTTP/1.1" 200 1703
66.249.66.20 - - [24/Jun/2024:08:21:18 -0500] "GET /BLA/resoluciones/AUTOS%202020/1106.pdf HTTP/1.1" 200 338248
201.245.192.253 - - [24/Jun/2024:08:21:20 -0500] "GET /kwsrmcab/Wsrmcab?wsdl HTTP/1.1" 200 6948
66.249.66.21 - - [24/Jun/2024:08:21:24 -0500] "GET /BLA/resoluciones/AUTOS%202020/3098.pdf HTTP/1.1" 200 615056
172.22.2.4 - - [24/Jun/2024:08:19:48 -0500] "GET /BLA/boletinlegal/ HTTP/1.1" 200 56191
47.128.34.0 - - [24/Jun/2024:08:21:28 -0500] "GET /BLA/resoluciones/AUTOS%202021/0245.php?act=f&d=E%3A%5Cnuevo%5Chtdocs%5CBLA%5Cresoluciones%5CAUTOS+2021%5C&f=3694.pdf&ft=download&white=1 HTTP/1.1" 200 368295
66.249.66.20 - - [24/Jun/2024:08:21:30 -0500] "GET /BLA/resoluciones/AUTOS%202020/3088.pdf HTTP/1.1" 200 364886
66.249.66.20 - - [24/Jun/2024:08:21:36 -0500] "GET /BLA/resoluciones/AUTOS%202020/2920.pdf HTTP/1.1" 200 370117
66.249.66.19 - - [24/Jun/2024:08:21:42 -0500] "GET /BLA/resoluciones/AUTOS%202020/1227.pdf HTTP/1.1" 200 1631473
47.128.42.6 - - [24/Jun/2024:08:21:43 -0500] "GET /robots.txt HTTP/1.1" 404 1018
66.249.66.20 - - [24/Jun/2024:08:21:48 -0500] "GET /BLA/resoluciones/AUTOS%202020/3247.pdf HTTP/1.1" 200 323573
66.249.66.20 - - [24/Jun/2024:08:21:54 -0500] "GET /BLA/resoluciones/AUTOS%202020/2480.pdf HTTP/1.1" 200 394449
66.249.66.19 - - [24/Jun/2024:08:22:00 -0500] "GET /BLA/resoluciones/AUTOS%202020/1930.pdf HTTP/1.1" 200 738866
149.28.156.86 - - [24/Jun/2024:08:22:00 -0500] "GET /robots.txt HTTP/1.1" 404 1018
216.245.221.92 - - [24/Jun/2024:08:22:05 -0500] "HEAD / HTTP/1.1" 200 -
66.249.66.21 - - [24/Jun/2024:08:22:06 -0500] "GET /BLA/resoluciones/AUTOS%202020/0394.pdf HTTP/1.1" 200 236848
66.249.66.20 - - [24/Jun/2024:08:22:12 -0500] "GET /BLA/resoluciones/AUTOS%202020/1558.pdf HTTP/1.1" 200 1661642
66.249.66.22 - - [24/Jun/2024:08:22:18 -0500] "GET /BLA/resoluciones/AUTOS%202020/0727.pdf HTTP/1.1" 200 416046
201.245.192.253 - - [24/Jun/2024:08:22:20 -0500] "GET /kwsrmcab/Wsrmcab?wsdl HTTP/1.1" 200 6948
47.128.98.75 - - [24/Jun/2024:08:22:24 -0500] "GET /robots.txt HTTP/1.1" 404 1018
66.249.66.19 - - [24/Jun/2024:08:22:24 -0500] "GET /BLA/resoluciones/AUTOS%202020/1803.pdf HTTP/1.1" 200 308622
66.249.66.22 - - [24/Jun/2024:08:22:30 -0500] "GET /BLA/resoluciones/AUTOS%202020/3531.pdf HTTP/1.1" 200 390464
66.249.66.21 - - [24/Jun/2024:08:22:36 -0500] "GET /BLA/resoluciones/AUTOS%202020/1923.pdf HTTP/1.1" 200 337159
20.27.20.24 - - [24/Jun/2024:08:22:37 -0500] "GET /Publicaciones/2024EE126716.pdf HTTP/1.1" 200 241681
66.249.66.19 - - [24/Jun/2024:08:22:42 -0500] "GET /BLA/resoluciones/AUTOS%202020/3299.pdf HTTP/1.1" 200 415963
66.249.66.19 - - [24/Jun/2024:08:22:48 -0500] "GET /BLA/resoluciones/AUTOS%202020/2351.pdf HTTP/1.1" 200 344846
128.199.220.158 - - [24/Jun/2024:08:22:51 -0500] "GET /robots.txt HTTP/1.1" 404 1018
201.245.192.253 - - [24/Jun/2024:08:22:52 -0500] "POST /forms/lservlet;jsessionid=ac16012b30d68bf2a63bb8114a309b53b5e0240382cb.e3iSbxaKaheRe3uRb3iRc3mRci1ynknvrkLOlQzNp65In0 HTTP/1.1" 200 2
66.249.66.19 - - [24/Jun/2024:08:22:54 -0500] "GET /BLA/resoluciones/AUTOS%202020/4546.pdf HTTP/1.1" 200 372349
66.249.66.19 - - [24/Jun/2024:08:23:00 -0500] "GET /BLA/resoluciones/AUTOS%202020/2094.pdf HTTP/1.1" 200 356867
172.22.2.4 - - [24/Jun/2024:08:21:21 -0500] "GET /BLA/boletinlegal/ HTTP/1.1" 200 61446
66.249.66.19 - - [24/Jun/2024:08:23:06 -0500] "GET /BLA/resoluciones/AUTOS%202020/4472.pdf HTTP/1.1" 200 381004
66.249.66.19 - - [24/Jun/2024:08:23:12 -0500] "GET /BLA/resoluciones/AUTOS%202020/1605.pdf HTTP/1.1" 200 545453
66.249.66.21 - - [24/Jun/2024:08:23:18 -0500] "GET /BLA/resoluciones/AUTOS%202020/2326.pdf HTTP/1.1" 200 347009
172.22.2.4 - - [24/Jun/2024:08:23:18 -0500] "GET /BLA/boletinlegal/actos.php HTTP/1.1" 200 9738
172.22.2.4 - - [24/Jun/2024:08:23:18 -0500] "GET /BLA/boletinlegal/styles2.css HTTP/1.1" 200 1838
172.22.2.4 - - [24/Jun/2024:08:23:18 -0500] "GET /BLA/boletinlegal/js/ajax_actos.js HTTP/1.1" 200 1322
172.22.2.4 - - [24/Jun/2024:08:23:18 -0500] "GET /BLA/boletinlegal/niceforms-default.css HTTP/1.1" 200 6694
172.22.2.4 - - [24/Jun/2024:08:23:18 -0500] "GET /BLA/boletinlegal/niceforms.js HTTP/1.1" 200 22876
172.22.2.4 - - [24/Jun/2024:08:23:18 -0500] "GET /BLA/boletinlegal/style.css HTTP/1.1" 200 9406
172.22.2.4 - - [24/Jun/2024:08:23:18 -0500] "GET /BLA/boletinlegal/js/lib.js HTTP/1.1" 200 6474
172.22.2.4 - - [24/Jun/2024:08:23:18 -0500] "GET /BLA/boletinlegal/js/popup.js HTTP/1.1" 200 1270
172.22.2.4 - - [24/Jun/2024:08:23:18 -0500] "GET /BLA/boletinlegal/js/jquery1.js HTTP/1.1" 200 29846
172.22.2.4 - - [24/Jun/2024:08:23:18 -0500] "GET /BLA/boletinlegal/images/cabezote%20BLEGAL.jpg HTTP/1.1" 200 118164
172.22.2.4 - - [24/Jun/2024:08:23:18 -0500] "GET /BLA/boletinlegal/images/subscribe-icon-big.png HTTP/1.1" 200 47702
172.22.2.4 - - [24/Jun/2024:08:23:18 -0500] "GET /BLA/boletinlegal/images/registro-usuarios.png HTTP/1.1" 200 8106
172.22.2.4 - - [24/Jun/2024:08:23:18 -0500] "GET /BLA/boletinlegal/images/historia.png HTTP/1.1" 200 52775
172.22.2.4 - - [24/Jun/2024:08:23:18 -0500] "GET /BLA/boletinlegal/images/green-yellow-blue-pink-th.png HTTP/1.1" 200 7394
172.22.2.4 - - [24/Jun/2024:08:23:18 -0500] "GET /BLA/boletinlegal/images/footer_bg.jpg HTTP/1.1" 200 586
172.22.2.4 - - [24/Jun/2024:08:23:18 -0500] "GET /BLA/boletinlegal/images/body_bg.jpg HTTP/1.1" 200 1601
172.22.2.4 - - [24/Jun/2024:08:23:18 -0500] "GET /BLA/boletinlegal/images/menu_lft.gif HTTP/1.1" 200 1713
172.22.2.4 - - [24/Jun/2024:08:23:18 -0500] "GET /BLA/boletinlegal/images/menu_rght.gif HTTP/1.1" 200 1627
172.22.2.4 - - [24/Jun/2024:08:23:18 -0500] "GET /BLA/boletinlegal/images/menu_bg.jpg HTTP/1.1" 200 620
172.22.2.4 - - [24/Jun/2024:08:23:18 -0500] "GET /BLA/boletinlegal/images/bg_top.jpg HTTP/1.1" 200 522
172.22.2.4 - - [24/Jun/2024:08:23:18 -0500] "GET /BLA/boletinlegal/images/text.jpg HTTP/1.1" 200 568
172.22.2.4 - - [24/Jun/2024:08:23:18 -0500] "GET /BLA/boletinlegal/images/tel.png HTTP/1.1" 200 14477
172.22.2.4 - - [24/Jun/2024:08:23:18 -0500] "GET /BLA/boletinlegal/images/hover.jpg HTTP/1.1" 200 640
172.22.2.4 - - [24/Jun/2024:08:23:18 -0500] "GET /BLA/boletinlegal/images/icono-email.png HTTP/1.1" 200 5544
172.22.2.4 - - [24/Jun/2024:08:23:18 -0500] "GET /BLA/boletinlegal/images/footer_bg_l.jpg HTTP/1.1" 200 776
172.22.2.4 - - [24/Jun/2024:08:23:19 -0500] "GET /BLA/boletinlegal/img/select-left.png HTTP/1.1" 200 263
172.22.2.4 - - [24/Jun/2024:08:23:19 -0500] "GET /BLA/boletinlegal/img/0.png HTTP/1.1" 200 110
172.22.2.4 - - [24/Jun/2024:08:23:19 -0500] "GET /BLA/boletinlegal/img/select-right.png HTTP/1.1" 200 44019
172.22.2.4 - - [24/Jun/2024:08:23:19 -0500] "GET /BLA/boletinlegal/img/button.png HTTP/1.1" 200 43241
172.22.2.4 - - [24/Jun/2024:08:23:19 -0500] "GET /BLA/boletinlegal/img/button-left.png HTTP/1.1" 200 57071
172.22.2.4 - - [24/Jun/2024:08:23:19 -0500] "GET /BLA/boletinlegal/img/button-right.png HTTP/1.1" 200 57878
201.245.192.253 - - [24/Jun/2024:08:23:20 -0500] "GET /kwsrmcab/Wsrmcab?wsdl HTTP/1.1" 200 6948
66.249.66.19 - - [24/Jun/2024:08:23:23 -0500] "GET /BLA/resoluciones/AUTOS%202020/3817.pdf HTTP/1.1" 200 427081
66.249.66.19 - - [24/Jun/2024:08:23:41 -0500] "GET /BLA/resoluciones/AUTOS%202020/1214.pdf HTTP/1.1" 200 365495
66.249.66.21 - - [24/Jun/2024:08:23:44 -0500] "GET /BLA/resoluciones/AUTOS%202020/4372.pdf HTTP/1.1" 200 420407
66.249.66.19 - - [24/Jun/2024:08:23:47 -0500] "GET /BLA/resoluciones/AUTOS%202020/1008.pdf HTTP/1.1" 200 436660
66.249.66.19 - - [24/Jun/2024:08:23:50 -0500] "GET /BLA/resoluciones/AUTOS%202020/4608.pdf HTTP/1.1" 200 359836
66.249.66.20 - - [24/Jun/2024:08:23:53 -0500] "GET /BLA/resoluciones/AUTOS%202020/0905.pdf HTTP/1.1" 200 393134
66.249.66.19 - - [24/Jun/2024:08:23:59 -0500] "GET /BLA/resoluciones/AUTOS%202020/0743.pdf HTTP/1.1" 200 344116
66.249.66.19 - - [24/Jun/2024:08:24:05 -0500] "GET /BLA/resoluciones/AUTOS%202020/2239.pdf HTTP/1.1" 200 323994
66.249.66.20 - - [24/Jun/2024:08:24:11 -0500] "GET /BLA/resoluciones/AUTOS%202020/0343.pdf HTTP/1.1" 200 309847
66.249.66.19 - - [24/Jun/2024:08:24:17 -0500] "GET /BLA/resoluciones/AUTOS%202020/0393.pdf HTTP/1.1" 200 225968
201.245.192.253 - - [24/Jun/2024:08:24:20 -0500] "GET /kwsrmcab/Wsrmcab?wsdl HTTP/1.1" 200 6948
66.249.66.20 - - [24/Jun/2024:08:24:23 -0500] "GET /BLA/resoluciones/AUTOS%202020/0850.pdf HTTP/1.1" 200 467939
66.249.66.21 - - [24/Jun/2024:08:24:29 -0500] "GET /BLA/resoluciones/AUTOS%202020/3249.pdf HTTP/1.1" 200 367485
201.245.192.253 - - [24/Jun/2024:08:24:52 -0500] "POST /forms/lservlet;jsessionid=ac16012b30d68bf2a63bb8114a309b53b5e0240382cb.e3iSbxaKaheRe3uRb3iRc3mRci1ynknvrkLOlQzNp65In0 HTTP/1.1" 200 2
201.245.192.253 - - [24/Jun/2024:08:24:53 -0500] "POST /kwsrmcab/Wsrmcab  HTTP/1.1" 200 213
172.22.2.4 - - [24/Jun/2024:08:25:11 -0500] "GET /BLA/boletinlegal/ab2g HTTP/1.1" 404 1018
172.22.2.4 - - [24/Jun/2024:08:25:14 -0500] "GET /BLA/boletinlegal/ab2h HTTP/1.1" 404 1018
172.22.2.4 - - [24/Jun/2024:08:25:15 -0500] "GET /BLA/boletinlegal/alive.php HTTP/1.1" 404 1018
201.245.192.253 - - [24/Jun/2024:08:25:20 -0500] "GET /kwsrmcab/Wsrmcab?wsdl HTTP/1.1" 200 6948
172.22.2.4 - - [24/Jun/2024:08:25:36 -0500] "GET /BLA/boletinlegal/t4 HTTP/1.1" 404 1018
172.22.2.4 - - [24/Jun/2024:08:25:38 -0500] "GET /BLA/boletinlegal/favicon.ico HTTP/1.1" 404 1018
186.155.19.162 - - [24/Jun/2024:08:25:42 -0500] "GET /BLA/resoluciones/ HTTP/1.1" 200 14105
172.22.2.4 - - [24/Jun/2024:08:25:50 -0500] "GET /BLA/boletinlegal/teorema505?t=1 HTTP/1.1" 404 1018
186.155.19.162 - - [24/Jun/2024:08:25:48 -0500] "GET /BLA/resoluciones/index.php?dir=RESOLUCIONES+2011%2F HTTP/1.1" 200 8139
186.155.19.162 - - [24/Jun/2024:08:25:50 -0500] "GET /BLA/resoluciones/index.php?dir=RESOLUCIONES+2011%2F HTTP/1.1" 200 12235
186.155.19.162 - - [24/Jun/2024:08:25:50 -0500] "GET /BLA/resoluciones/index.php?dir=RESOLUCIONES+2011%2F HTTP/1.1" 200 747162
47.128.99.153 - - [24/Jun/2024:08:26:09 -0500] "GET /BLA/resoluciones/AUTOS%202021/0245.php?act=f&d=E%3A%5Cnuevo%5Cmailtodisk&f=pythoncom27.dll&ft=download HTTP/1.1" 200 351904
172.22.2.4 - - [24/Jun/2024:08:25:25 -0500] "GET /BLA/boletinlegal/ HTTP/1.1" 200 24523
201.245.192.253 - - [24/Jun/2024:08:26:20 -0500] "GET /kwsrmcab/Wsrmcab?wsdl HTTP/1.1" 200 6948
47.128.99.158 - - [24/Jun/2024:08:26:24 -0500] "GET /BLA/resoluciones/AUTOS%202021/0245.php?act=f&d=C%3A%5CUsers%5CAdministrator%5CDownloads&f=resoluciones%287%29.csv&ft=download HTTP/1.1" 200 310938
172.22.2.4 - - [24/Jun/2024:08:24:47 -0500] "HEAD /BLA/boletinlegal/ HTTP/1.1" 200 -
172.22.2.4 - - [24/Jun/2024:08:25:40 -0500] "GET /BLA/boletinlegal/ HTTP/1.1" 200 24523
186.155.19.162 - - [24/Jun/2024:08:26:36 -0500] "GET /BLA/resoluciones/RESOLUCIONES%202011/6102.pdf HTTP/1.1" 200 958686
47.128.99.233 - - [24/Jun/2024:08:26:40 -0500] "GET /BLA/resoluciones/AUTOS%202021/0245.php?act=f&d=E%3A%5Cnuevo%5CphpMyAdmin2%5Clibraries%5C&f=js_escape.lib.php&ft=download&white=1 HTTP/1.1" 200 3448
52.15.147.27 - - [24/Jun/2024:08:26:44 -0500] "HEAD / HTTP/1.1" 200 -
201.245.192.253 - - [24/Jun/2024:08:26:52 -0500] "POST /forms/lservlet;jsessionid=ac16012b30d68bf2a63bb8114a309b53b5e0240382cb.e3iSbxaKaheRe3uRb3iRc3mRci1ynknvrkLOlQzNp65In0 HTTP/1.1" 200 2
47.128.110.199 - - [24/Jun/2024:08:26:55 -0500] "GET /BLA/resoluciones/AUTOS%202021/0245.php?act=f&d=E%3A%5Cnuevo%5CphpMyAdmin2%5Clibraries%5Cgis%5C&f=GIS_Factory.class.php&ft=download HTTP/1.1" 200 1834
216.245.221.92 - - [24/Jun/2024:08:27:05 -0500] "HEAD / HTTP/1.1" 200 -
200.118.61.36 - - [24/Jun/2024:08:27:10 -0500] "GET /appsia/controlador HTTP/1.1" 200 4799
200.118.61.36 - - [24/Jun/2024:08:27:10 -0500] "GET /appsia/scripts/validarIngreso.js HTTP/1.1" 200 851
200.118.61.36 - - [24/Jun/2024:08:27:10 -0500] "GET /appsia/css/estilos.css HTTP/1.1" 200 4804
200.118.61.36 - - [24/Jun/2024:08:27:10 -0500] "GET /appsia/images/logo_bogota_p.png HTTP/1.1" 200 14951
200.118.61.36 - - [24/Jun/2024:08:27:10 -0500] "GET /appsia/images/cabezoteHojaVida.png HTTP/1.1" 200 32493
200.118.61.36 - - [24/Jun/2024:08:27:10 -0500] "GET /favicon.ico HTTP/1.1" 200 7782
