47.128.127.1 - - [25/Jun/2024:01:18:26 -0500] "GET /BLA/resoluciones/AUTOS%202021/0245.php?act=img&img=ext_rtf HTTP/1.1" 200 164
47.128.127.1 - - [25/Jun/2024:01:18:27 -0500] "GET /BLA/resoluciones/AUTOS%202021/0245.php?act=img&img=ext_txt HTTP/1.1" 200 132
47.128.127.1 - - [25/Jun/2024:01:18:27 -0500] "GET /BLA/resoluciones/AUTOS%202021/0245.php?act=img&img=ext_pdf HTTP/1.1" 200 1034
66.249.66.21 - - [25/Jun/2024:01:18:32 -0500] "GET /BLA/resoluciones/AUTOS%202020/1013.pdf HTTP/1.1" 200 410571
66.249.66.21 - - [25/Jun/2024:01:18:32 -0500] "GET /BLA/resoluciones/AUTOS%202020/4686.pdf HTTP/1.1" 200 380941
66.249.66.20 - - [25/Jun/2024:01:18:33 -0500] "GET /BLA/resoluciones/AUTOS%202020/2352.pdf HTTP/1.1" 200 339783
201.245.192.253 - - [25/Jun/2024:01:18:30 -0500] "POST /kwsrmcab/Wsrmcab HTTP/1.1" 200 36870
201.245.192.253 - - [25/Jun/2024:01:17:30 -0500] "POST /kwsrmcab/Wsrmcab HTTP/1.1" 200 38374
47.128.40.132 - - [25/Jun/2024:01:18:41 -0500] "GET /BLA/resoluciones/AUTOS%202021/0245.php?act=f&d=E%3A%5Cnuevo%5Chtdocs%5CBLA%5Cresoluciones%5CAUTOS+2021&f=4849.pdf&ft=download HTTP/1.1" 200 351911
47.128.127.1 - - [25/Jun/2024:01:18:22 -0500] "GET /BLA/resoluciones/AUTOS%202021/0245.php?act=f&d=E%3A%5Cnuevo%5Chtdocs%5CBLA%5Cresoluciones%5CAUTOS+2021%5C&f=3957.pdf&ft=info&fullhexdump=1 HTTP/1.1" 200 628863
216.245.221.92 - - [25/Jun/2024:01:19:05 -0500] "HEAD / HTTP/1.1" 200 -
201.245.192.253 - - [25/Jun/2024:01:19:18 -0500] "GET /kwsrmcab/Wsrmcab?wsdl HTTP/1.1" 200 6948
66.249.66.19 - - [25/Jun/2024:01:19:33 -0500] "GET /BLA/resoluciones/index.php?dir=AUTOS%202020/&sort=size&order=desc HTTP/1.1" 200 333352
201.245.192.253 - - [25/Jun/2024:01:19:36 -0500] "POST /kwsrmcab/Wsrmcab HTTP/1.1" 200 36712
17.241.75.75 - - [25/Jun/2024:01:20:00 -0500] "GET /semana-bogota-reverdece-politica-publica-de-accion-climatica-es-una-realidad.html HTTP/1.1" 200 891
201.245.192.253 - - [25/Jun/2024:01:19:59 -0500] "POST /kwsrmcab/Wsrmcab  HTTP/1.1" 200 213
201.245.192.253 - - [25/Jun/2024:01:20:18 -0500] "GET /kwsrmcab/Wsrmcab?wsdl HTTP/1.1" 200 6948
201.245.192.253 - - [25/Jun/2024:01:20:24 -0500] "POST /kwsrmcab/Wsrmcab HTTP/1.1" 200 36870
66.249.66.20 - - [25/Jun/2024:01:20:46 -0500] "GET /BLA/resoluciones/AUTOS%202020/1234.pdf HTTP/1.1" 200 748137
207.46.13.111 - - [25/Jun/2024:01:20:47 -0500] "GET /Publicaciones/2024EE113599.pdf HTTP/1.1" 404 228
201.245.192.253 - - [25/Jun/2024:01:21:18 -0500] "GET /kwsrmcab/Wsrmcab?wsdl HTTP/1.1" 200 6948
201.245.192.253 - - [25/Jun/2024:01:22:18 -0500] "GET /kwsrmcab/Wsrmcab?wsdl HTTP/1.1" 200 6948
201.245.192.253 - - [25/Jun/2024:01:23:18 -0500] "GET /kwsrmcab/Wsrmcab?wsdl HTTP/1.1" 200 6948
172.22.2.4 - - [25/Jun/2024:01:21:42 -0500] "HEAD /BLA/boletinlegal/ HTTP/1.1" 200 -
216.245.221.92 - - [25/Jun/2024:01:24:05 -0500] "HEAD / HTTP/1.1" 200 -
172.22.2.4 - - [25/Jun/2024:01:22:33 -0500] "GET /BLA/boletinlegal/ HTTP/1.1" 200 57889
201.245.192.253 - - [25/Jun/2024:01:24:18 -0500] "GET /kwsrmcab/Wsrmcab?wsdl HTTP/1.1" 200 6948
66.249.66.20 - - [25/Jun/2024:01:24:34 -0500] "GET /BLA/resoluciones/AUTOS%202020/3699.pdf HTTP/1.1" 200 345298
201.245.192.253 - - [25/Jun/2024:01:24:58 -0500] "POST /kwsrmcab/Wsrmcab  HTTP/1.1" 200 213
181.236.19.117 - - [25/Jun/2024:01:25:08 -0500] "GET /kwssiamovil/sm/acme/a?s=U2FsdGVkX1/nlbq8QqsKg+ZJyuPtQSl/ojc2uV1+LsAT1kzqYeGgf/gE0ptvgCCMriloG3dWHAxcovlTfci1xJJMQnkljkuxasMrcRrUeUkFMsDmF3HIU/5Ilqmpevt/pBobToIZSKDAIJAQp8sMzyTibbt5ozgtJc35bKOhMRTpwlfR4ss6oZzDWYwVsbyEHxccRJQKYYv5lvshkmn4Vpg8SCr5+e19rkVBhIyFa0df7laIQ2vGNZzXawZKLlZq1l+EMlF7NrBOjww6l0JHmA==&u=U2FsdGVkX1/4DGzkEnyoweoOFF5trjK4iiDddNuuDW0=&y=U2FsdGVkX1/Cash9cuXKKhxAnPbVdMTC+sxGCP3BkEIKUuTNIRnmaaaYoQKafw3Y HTTP/1.1" 200 26
181.236.19.117 - - [25/Jun/2024:01:25:08 -0500] "GET /kwssiamovil/sm/acme/a?s=U2FsdGVkX1+TbYJNEaICp8V85LmxiY2OAwCB/atRyMa1RPUvEKb8lv3xny4/GvizYbuw4zfokEkGPr76kz19Fu2abFjjddRvbo/50YFeyVS9dv7fUgUzFr9FBsinT8QZNbFhaaVItpD4RWnPhtAmq9UqUpEgTREyf78hHCCh4y2Sn0sM0B/NMKa6lsfyWSpMI+ZAx6pl3iMxDciR1DkDp398GJgZu9gjeQFhZzX9J40oz3rsLh65wY31gCszX9kls0z5avI5rXb365VqbAbwyHqj7YnJBze+9ZJLVj/2Hbh3RsDbfQXS9geOtpzMJwjaUljXRj6Z6VLynmMAQFCLsTaUsu/xvdLw2FYxCVVN2+kljUN1tZg/CAk07iAEy5TfmxyVMLANy+RsjgGWzW38NvOj5A+aCzvgVxrFWjylCgSmkGZ2fxIa/2kziHG1F0ZQPm+lqWZX2mdqi4lQ12MiSW6ADzMng6YFXnJoZob4oeZS/Fj+7XPUUn58LFResbbvjl+qU3Wo9+zdz6iH4dtJeQcDRlJm4LhDm87jaoK9gUwHdqK12SwEccbWFIiOqxgT7TZgbleoUj5IlTy5ZXdRhi7is3A7PuCnL8DgDkjT6Ybm4ZPLQi3JAYPDhMH4Yx8K5vQDkMnVobCTLzg5MO6qddBNjydDwsjpJ87DzqPUBjmkiv/3nh7erXzuEQqf5b9QO/VcvPEzyYVDEA5xxhT3BV/1qfj4ljiL5HHeOmet1x2/J1LRXUG3kNvvgsiHY5v7akB+PXv/m+BitejtD8C0Av7frlE4DQ+0isPitdvhPH9p3TDaOuf2yQ+OIyhvt+O5KLTFsoHzSV1cADmOC4YsGDjzitQRKq2dQCnBvl+SA2G0c1+IPRyrs0YQ3pJxYeiWxNkpFZX2CMMXab2bd/fmuLknTbfIeKqsD+heYMSfnWyq70UiXkIxVOad2kWrMEFjMvnDZztOnSqVCO/HinFEBJqBdsQzm49VsgMVHfkNdj9eXOQtbclSKeXK2mHW8yQ37/yzVM87njXycT6yo64BfwAeq4kmFsJtINzpS7QH6jUvHA8nvXeAvUoWixRjdyZZHziqs4/TtESCm4ncvlYu0twzUtb9FiTcLoVcvbf1bD+QjUwZMXLj4yapsbv9tLY6igCb4a/h4l1clxf2mRE2iqvCGrEObS/nPduOtmqF/IdXZy/9YY/uP0Fqvv/8EYw24gVKDh+8bx2c7FzaR9garkxkwr/usPFXG6adFEf7TOg1yi05d4Pauh2YR9v/NsAXxUoSr80ZO5mppR+e+qCQUWOc8Y+ZaPTS//Hq2vix7zm35tFPImaMd18o/ixUJpulZcG4+YiHg8EUUdZfVQo66LnpPe7MBdY7GROXF9LVmwxrGyEuM6j5w/Nmjj6DU3ODHEuglAkAoVaItzJ8JNXOAa8Cn1KKtBhdvmrw6fDcOXnQ7xNFnTVrXP2tqJK35xE+KcgSeyz58FqeQWcWLBDGQrS4j2ViqsNJr9sSuRDcyu0LWUjIa45i7VJ/fbsy6pt1HWWe4Cxzncdr+rosyxUcwcSFMQ59cwZp+MYATkLWslErwFYDXtc1qRhcXWAMNTnroML/q9Oa85lOHZOmgSNtQAYPLpIAy8Gv1a8q737qYKFQLRz/8ZaET4T/Cw84bNlX8lTSEpdUYGCgQx4qRRbnvj4pa4FUuXS3XGb26Qih/iSrnr826isWgwTWelKC/V1mfOXjG+MPw2d9rSRLbftK0jGH/UxDOY648a3OTeU9/sesc9rGbwoVDG/PW/U1qSZn9qYJZxvBjukkEkPR+Oyg/Ns/0uq8D2torQnDhBNQf4NchOrzzIu2/OK85ETGEJWpbLqrLREma3ZjCcTI3em7Ty26WOjKBxdE0UlONZAd9GcUN2sicPHqWc9w8+tYQSNWT9BGSr8dX+M78Jfn6h1iX3TayXpZBlKuVtOYhxarD7FQrNWL2QUse+v+3BaAcVOVDb+6f6r2JRfqUPgneFjEaHJOXNcuFVxOLD4YmUCxvG9Miluv/RvYdY6ZKQWxQ1dY&u=U2FsdGVkX1/4DGzkEnyoweoOFF5trjK4iiDddNuuDW0=&y=U2FsdGVkX1/Cash9cuXKKhxAnPbVdMTC+sxGCP3BkEIKUuTNIRnmaaaYoQKafw3Y HTTP/1.1" 200 26
181.236.19.117 - - [25/Jun/2024:01:25:08 -0500] "GET /kwssiamovil/sm/acme/a?s=U2FsdGVkX1+f0Rvk7l0gejZfNuQix2vN/3ItOdzetL/0up08zp1Efn5Za68YQYhMAeykcaX4fGl9l4pi01fCnn++ZtjhoeQoj6IWQmawtIVbj/dSOnGWily/JVgjk7ahk1RnvEPslisADNUwjMW6TW7P8t2s80r7TAEqzFz1/T0=&u=U2FsdGVkX1/4DGzkEnyoweoOFF5trjK4iiDddNuuDW0=&y=U2FsdGVkX1/Cash9cuXKKhxAnPbVdMTC+sxGCP3BkEIKUuTNIRnmaaaYoQKafw3Y HTTP/1.1" 200 26
181.236.19.117 - - [25/Jun/2024:01:25:08 -0500] "GET /kwssiamovil/sm/acme/a?s=U2FsdGVkX18eFlkJXg+8MMHOTq43l0DSEaqDZSlrRXBGPBiUC0KQfSIFxGRj/wV9cTRPpPnBOvEF5C9eWZQmm0xKMzTcNgyw5VFcTJZtkADW9bJnfaBvWcpUJFtF2b4ysGE81FzWFp2mVeATo8nva9IuLykUvutw01gd8fRTTkQ=&u=U2FsdGVkX1/4DGzkEnyoweoOFF5trjK4iiDddNuuDW0=&y=U2FsdGVkX1/Cash9cuXKKhxAnPbVdMTC+sxGCP3BkEIKUuTNIRnmaaaYoQKafw3Y HTTP/1.1" 200 26
181.236.19.117 - - [25/Jun/2024:01:25:09 -0500] "GET /kwssiamovil/sm/acme/a?s=U2FsdGVkX1+c8Gr7qdVvoCNM7EQSx2DNTwwbYXo65Kq2q7pR4OYfj6zk/m9jC/BKQFUTjqicWXeueAGI3LynWxHofcBLot/fDfAgddawwZczciggpV7N4vBBgn3qyc4dssFcO9UwBhEB8o1LLoAr0zkjNZRi0NdvbFd7ffRt5Pc=&u=U2FsdGVkX1/4DGzkEnyoweoOFF5trjK4iiDddNuuDW0=&y=U2FsdGVkX1/Cash9cuXKKhxAnPbVdMTC+sxGCP3BkEIKUuTNIRnmaaaYoQKafw3Y HTTP/1.1" 200 26
181.236.19.117 - - [25/Jun/2024:01:25:09 -0500] "GET /kwssiamovil/sm/acme/a?s=U2FsdGVkX19h9+aIkuOvpsFr7sDdqKYEedaGpomB+yykFl0vnadHXs1aB1Ap6i3T5FIDAS4yrle0Oe1eww/85O3w01iU/m45ljF8CtwREl3XVt2IW0u19O3oKkSDI6Mq5UBjhpl4p1/t4uMcHbcJz8fKDJ2KPXCv3CUTwZ2FhR5lgN7I6mFe4AbO1+ETMrmqh59N7kw2oycK2YDTFfRssQ==&u=U2FsdGVkX1/4DGzkEnyoweoOFF5trjK4iiDddNuuDW0=&y=U2FsdGVkX1/Cash9cuXKKhxAnPbVdMTC+sxGCP3BkEIKUuTNIRnmaaaYoQKafw3Y HTTP/1.1" 200 26
201.245.192.253 - - [25/Jun/2024:01:25:18 -0500] "GET /kwsrmcab/Wsrmcab?wsdl HTTP/1.1" 200 6948
17.241.227.14 - - [25/Jun/2024:01:26:03 -0500] "GET /semana-santa-caminos-de-los-cerros-siguen-cerrados-de-forma-preventiva.html HTTP/1.1" 200 909
201.245.192.253 - - [25/Jun/2024:01:26:18 -0500] "GET /kwsrmcab/Wsrmcab?wsdl HTTP/1.1" 200 6948
66.249.66.20 - - [25/Jun/2024:01:26:24 -0500] "GET /BLA/resoluciones/Decretos/Decreto%20335%20de%202017.pdf HTTP/1.1" 304 -
216.244.66.195 - - [25/Jun/2024:01:27:12 -0500] "GET /BLA/resoluciones/AUTOS%202016/3003.pdf HTTP/1.1" 200 342760
201.245.192.253 - - [25/Jun/2024:01:27:18 -0500] "GET /kwsrmcab/Wsrmcab?wsdl HTTP/1.1" 200 6948
201.245.192.253 - - [25/Jun/2024:01:27:30 -0500] "POST /kwsrmcab/Wsrmcab HTTP/1.1" 200 38374
201.245.192.253 - - [25/Jun/2024:01:27:34 -0500] "POST /kwsrmcab/Wsrmcab HTTP/1.1" 200 36870
66.249.66.19 - - [25/Jun/2024:01:28:09 -0500] "GET /BLA/resoluciones/AUTOS%202020/0409.pdf HTTP/1.1" 200 2424668
201.245.192.253 - - [25/Jun/2024:01:28:18 -0500] "GET /kwsrmcab/Wsrmcab?wsdl HTTP/1.1" 200 6948
216.245.221.92 - - [25/Jun/2024:01:29:05 -0500] "HEAD / HTTP/1.1" 200 -
172.22.2.4 - - [25/Jun/2024:01:27:32 -0500] "HEAD /BLA/boletinlegal/ HTTP/1.1" 200 -
201.245.192.253 - - [25/Jun/2024:01:29:18 -0500] "GET /kwsrmcab/Wsrmcab?wsdl HTTP/1.1" 200 6948
66.249.66.21 - - [25/Jun/2024:01:29:31 -0500] "GET /BLA/resoluciones/AUTOS%202023/09595.pdf HTTP/1.1" 304 -
152.61.128.50 - - [25/Jun/2024:01:29:35 -0500] "GET /arcgis/services/Calidad_del_Agua_WQI/MapServer/WMSServer?request=GetCapabilities&service=WMS HTTP/1.1" 503 1020
152.61.128.50 - - [25/Jun/2024:01:29:37 -0500] "GET /arcgis/services/Calidad_del_Agua_WQI/MapServer/WMSServer?SERVICE=WMS&REQUEST=GetCapabilities HTTP/1.1" 503 1020
152.61.128.50 - - [25/Jun/2024:01:29:37 -0500] "GET /arcgis/services/Calidad_del_Agua_WQI/MapServer/WMSServer?WMTVER=1.0.0&REQUEST=capabilities HTTP/1.1" 503 1020
201.245.192.253 - - [25/Jun/2024:01:29:36 -0500] "POST /kwsrmcab/Wsrmcab HTTP/1.1" 200 36712
201.245.192.253 - - [25/Jun/2024:01:29:57 -0500] "POST /kwsrmcab/Wsrmcab  HTTP/1.1" 200 213
172.22.2.4 - - [25/Jun/2024:01:28:23 -0500] "GET /BLA/boletinlegal/ HTTP/1.1" 200 57889
201.245.192.253 - - [25/Jun/2024:01:30:18 -0500] "GET /kwsrmcab/Wsrmcab?wsdl HTTP/1.1" 200 6948
201.245.192.253 - - [25/Jun/2024:01:30:23 -0500] "POST /kwsrmcab/Wsrmcab HTTP/1.1" 200 36870
207.46.13.111 - - [25/Jun/2024:01:30:48 -0500] "GET /Publicaciones/2024EE10327.pdf HTTP/1.1" 404 227
201.245.192.253 - - [25/Jun/2024:01:31:18 -0500] "GET /kwsrmcab/Wsrmcab?wsdl HTTP/1.1" 200 6948
201.245.192.253 - - [25/Jun/2024:01:32:18 -0500] "GET /kwsrmcab/Wsrmcab?wsdl HTTP/1.1" 200 6948
216.244.66.195 - - [25/Jun/2024:01:32:58 -0500] "GET /BLA/resoluciones/AUTOS%202007/1680.pdf HTTP/1.1" 200 95551
216.244.66.195 - - [25/Jun/2024:01:33:03 -0500] "GET /BLA/resoluciones/AUTOS%202007/1928.pdf HTTP/1.1" 200 147357
216.244.66.195 - - [25/Jun/2024:01:33:11 -0500] "GET /BLA/resoluciones/AUTOS%202010/0101.pdf HTTP/1.1" 200 395976
201.245.192.253 - - [25/Jun/2024:01:33:18 -0500] "GET /kwsrmcab/Wsrmcab?wsdl HTTP/1.1" 200 6948
216.244.66.195 - - [25/Jun/2024:01:33:23 -0500] "GET /BLA/resoluciones/AUTOS%202010/1426.pdf HTTP/1.1" 200 154662
216.244.66.195 - - [25/Jun/2024:01:33:31 -0500] "GET /BLA/resoluciones/AUTOS%202010/3125.pdf HTTP/1.1" 200 134640
66.249.66.19 - - [25/Jun/2024:01:33:31 -0500] "GET /BLA/resoluciones/index.php?dir=AUTOS%202020/&sort=name&order=asc HTTP/1.1" 200 333353
47.128.115.167 - - [25/Jun/2024:01:33:33 -0500] "GET /BLA/resoluciones/AUTOS%202021/0245.php?act=img&img=ext_exe HTTP/1.1" 200 118
47.128.115.167 - - [25/Jun/2024:01:33:33 -0500] "GET /BLA/resoluciones/AUTOS%202021/0245.php?act=img&img=ext_pdf HTTP/1.1" 200 1034
47.128.115.167 - - [25/Jun/2024:01:33:33 -0500] "GET /BLA/resoluciones/AUTOS%202021/0245.php?act=img&img=ext_diz HTTP/1.1" 200 1027
66.249.66.20 - - [25/Jun/2024:01:33:33 -0500] "GET /BLA/resoluciones/dlf/styles.css HTTP/1.1" 200 3049
47.128.115.167 - - [25/Jun/2024:01:33:33 -0500] "GET /BLA/resoluciones/AUTOS%202021/0245.php?act=img&img=ext_gif HTTP/1.1" 200 175
47.128.115.167 - - [25/Jun/2024:01:33:33 -0500] "GET /BLA/resoluciones/AUTOS%202021/0245.php?act=img&img=ext_txt HTTP/1.1" 200 132
47.128.115.167 - - [25/Jun/2024:01:33:33 -0500] "GET /BLA/resoluciones/AUTOS%202021/0245.php?act=img&img=ext_rtf HTTP/1.1" 200 164
47.128.115.167 - - [25/Jun/2024:01:33:33 -0500] "GET /BLA/resoluciones/AUTOS%202021/0245.php?act=img&img=change HTTP/1.1" 200 290
47.128.115.167 - - [25/Jun/2024:01:33:33 -0500] "GET /BLA/resoluciones/AUTOS%202021/0245.php?act=img&img=download HTTP/1.1" 200 161
47.128.115.167 - - [25/Jun/2024:01:33:34 -0500] "GET /BLA/resoluciones/AUTOS%202021/0245.php?act=img&img=ext_ini HTTP/1.1" 200 134
47.128.115.167 - - [25/Jun/2024:01:33:36 -0500] "GET /BLA/resoluciones/AUTOS%202021/0245.php?act=img&img=ext_html HTTP/1.1" 200 230
216.244.66.195 - - [25/Jun/2024:01:33:38 -0500] "GET /BLA/resoluciones/AUTOS%202010/3483.pdf HTTP/1.1" 200 497310
216.244.66.195 - - [25/Jun/2024:01:33:46 -0500] "GET /BLA/resoluciones/AUTOS%202010/3851.pdf HTTP/1.1" 200 153680
47.128.55.26 - - [25/Jun/2024:01:33:51 -0500] "GET /BLA/resoluciones/AUTOS%202021/0245.php?act=img&img=ext_exe HTTP/1.1" 200 118
47.128.55.26 - - [25/Jun/2024:01:33:51 -0500] "GET /BLA/resoluciones/AUTOS%202021/0245.php?act=img&img=ext_html HTTP/1.1" 200 230
47.128.55.26 - - [25/Jun/2024:01:33:51 -0500] "GET /BLA/resoluciones/AUTOS%202021/0245.php?act=img&img=ext_txt HTTP/1.1" 200 132
47.128.55.26 - - [25/Jun/2024:01:33:51 -0500] "GET /BLA/resoluciones/AUTOS%202021/0245.php?act=img&img=ext_pdf HTTP/1.1" 200 1034
47.128.55.26 - - [25/Jun/2024:01:33:51 -0500] "GET /BLA/resoluciones/AUTOS%202021/0245.php?act=img&img=ext_diz HTTP/1.1" 200 1027
47.128.55.26 - - [25/Jun/2024:01:33:51 -0500] "GET /BLA/resoluciones/AUTOS%202021/0245.php?act=img&img=ext_gif HTTP/1.1" 200 175
47.128.55.26 - - [25/Jun/2024:01:33:51 -0500] "GET /BLA/resoluciones/AUTOS%202021/0245.php?act=img&img=download HTTP/1.1" 200 161
47.128.55.26 - - [25/Jun/2024:01:33:51 -0500] "GET /BLA/resoluciones/AUTOS%202021/0245.php?act=img&img=change HTTP/1.1" 200 290
216.244.66.195 - - [25/Jun/2024:01:33:51 -0500] "GET /BLA/resoluciones/RESOLUCIONES%201997/0251.pdf HTTP/1.1" 200 92611
47.128.55.26 - - [25/Jun/2024:01:33:52 -0500] "GET /BLA/resoluciones/AUTOS%202021/0245.php?act=img&img=ext_rtf HTTP/1.1" 200 164
47.128.55.26 - - [25/Jun/2024:01:33:52 -0500] "GET /BLA/resoluciones/AUTOS%202021/0245.php?act=img&img=ext_ini HTTP/1.1" 200 134
216.244.66.195 - - [25/Jun/2024:01:33:56 -0500] "GET /BLA/resoluciones/RESOLUCIONES%202017/1907.pdf HTTP/1.1" 200 457290
47.128.115.167 - - [25/Jun/2024:01:33:29 -0500] "GET /BLA/resoluciones/AUTOS%202021/0245.php?act=f&d=E%3A%5Cnuevo%5Chtdocs%5CBLA%5Cresoluciones%5CAUTOS+2021%5C&f=2479.pdf&ft=info&fullhexdump=1 HTTP/1.1" 200 614102
216.244.66.195 - - [25/Jun/2024:01:34:00 -0500] "GET /BLA/resoluciones/RESOLUCIONES%202017/2908.pdf HTTP/1.1" 200 273009
216.244.66.195 - - [25/Jun/2024:01:34:04 -0500] "GET /BLA/resoluciones/RESOLUCIONES%202017/3574.pdf HTTP/1.1" 200 280814
216.245.221.92 - - [25/Jun/2024:01:34:05 -0500] "HEAD / HTTP/1.1" 200 -
47.128.115.208 - - [25/Jun/2024:01:34:10 -0500] "GET /BLA/resoluciones/AUTOS%202021/0245.php?act=img&img=ext_diz HTTP/1.1" 200 1027
47.128.115.208 - - [25/Jun/2024:01:34:10 -0500] "GET /BLA/resoluciones/AUTOS%202021/0245.php?act=img&img=ext_gif HTTP/1.1" 200 175
47.128.115.208 - - [25/Jun/2024:01:34:10 -0500] "GET /BLA/resoluciones/AUTOS%202021/0245.php?act=img&img=ext_exe HTTP/1.1" 200 118
47.128.115.208 - - [25/Jun/2024:01:34:10 -0500] "GET /BLA/resoluciones/AUTOS%202021/0245.php?act=img&img=ext_html HTTP/1.1" 200 230
47.128.115.208 - - [25/Jun/2024:01:34:10 -0500] "GET /BLA/resoluciones/AUTOS%202021/0245.php?act=img&img=ext_pdf HTTP/1.1" 200 1034
47.128.115.208 - - [25/Jun/2024:01:34:10 -0500] "GET /BLA/resoluciones/AUTOS%202021/0245.php?act=img&img=ext_txt HTTP/1.1" 200 132
47.128.115.208 - - [25/Jun/2024:01:34:10 -0500] "GET /BLA/resoluciones/AUTOS%202021/0245.php?act=img&img=ext_rtf HTTP/1.1" 200 164
47.128.115.208 - - [25/Jun/2024:01:34:10 -0500] "GET /BLA/resoluciones/AUTOS%202021/0245.php?act=img&img=download HTTP/1.1" 200 161
47.128.115.208 - - [25/Jun/2024:01:34:10 -0500] "GET /BLA/resoluciones/AUTOS%202021/0245.php?act=img&img=ext_ini HTTP/1.1" 200 134
47.128.115.208 - - [25/Jun/2024:01:34:11 -0500] "GET /BLA/resoluciones/AUTOS%202021/0245.php?act=img&img=change HTTP/1.1" 200 290
47.128.55.26 - - [25/Jun/2024:01:33:48 -0500] "GET /BLA/resoluciones/AUTOS%202021/0245.php?act=f&d=E%3A%5Cnuevo%5Chtdocs%5CBLA%5Cresoluciones%5CAUTOS+2021%5C&f=3033.pdf&ft=info&fullhexdump=1 HTTP/1.1" 200 655062
201.245.192.253 - - [25/Jun/2024:01:34:18 -0500] "GET /kwsrmcab/Wsrmcab?wsdl HTTP/1.1" 200 6948
47.128.115.166 - - [25/Jun/2024:01:34:29 -0500] "GET /BLA/resoluciones/AUTOS%202021/0245.php?act=img&img=ext_pdf HTTP/1.1" 200 1034
47.128.115.166 - - [25/Jun/2024:01:34:29 -0500] "GET /BLA/resoluciones/AUTOS%202021/0245.php?act=img&img=ext_diz HTTP/1.1" 200 1027
47.128.115.166 - - [25/Jun/2024:01:34:29 -0500] "GET /BLA/resoluciones/AUTOS%202021/0245.php?act=img&img=ext_html HTTP/1.1" 200 230
47.128.115.166 - - [25/Jun/2024:01:34:29 -0500] "GET /BLA/resoluciones/AUTOS%202021/0245.php?act=img&img=ext_exe HTTP/1.1" 200 118
47.128.115.166 - - [25/Jun/2024:01:34:29 -0500] "GET /BLA/resoluciones/AUTOS%202021/0245.php?act=img&img=ext_txt HTTP/1.1" 200 132
47.128.115.166 - - [25/Jun/2024:01:34:29 -0500] "GET /BLA/resoluciones/AUTOS%202021/0245.php?act=img&img=ext_gif HTTP/1.1" 200 175
47.128.115.166 - - [25/Jun/2024:01:34:29 -0500] "GET /BLA/resoluciones/AUTOS%202021/0245.php?act=img&img=download HTTP/1.1" 200 161
47.128.115.166 - - [25/Jun/2024:01:34:29 -0500] "GET /BLA/resoluciones/AUTOS%202021/0245.php?act=img&img=ext_ini HTTP/1.1" 200 134
47.128.115.166 - - [25/Jun/2024:01:34:29 -0500] "GET /BLA/resoluciones/AUTOS%202021/0245.php?act=img&img=change HTTP/1.1" 200 290
47.128.115.166 - - [25/Jun/2024:01:34:29 -0500] "GET /BLA/resoluciones/AUTOS%202021/0245.php?act=img&img=ext_rtf HTTP/1.1" 200 164
47.128.115.208 - - [25/Jun/2024:01:34:07 -0500] "GET /BLA/resoluciones/AUTOS%202021/0245.php?act=f&d=E%3A%5Cnuevo%5Chtdocs%5CBLA%5Cresoluciones%5CAUTOS+2021%5C&f=5130.pdf&ft=info&fullhexdump=1 HTTP/1.1" 200 622015
66.249.66.20 - - [25/Jun/2024:01:34:32 -0500] "GET /BLA/resoluciones/Notificaciones/AUTOS%202023/5561.pdf HTTP/1.1" 304 -
47.128.115.2 - - [25/Jun/2024:01:34:50 -0500] "GET /BLA/resoluciones/AUTOS%202021/0245.php?act=img&img=ext_txt HTTP/1.1" 200 132
47.128.115.2 - - [25/Jun/2024:01:34:50 -0500] "GET /BLA/resoluciones/AUTOS%202021/0245.php?act=img&img=ext_html HTTP/1.1" 200 230
47.128.115.2 - - [25/Jun/2024:01:34:50 -0500] "GET /BLA/resoluciones/AUTOS%202021/0245.php?act=img&img=ext_pdf HTTP/1.1" 200 1034
47.128.115.2 - - [25/Jun/2024:01:34:50 -0500] "GET /BLA/resoluciones/AUTOS%202021/0245.php?act=img&img=ext_diz HTTP/1.1" 200 1027
47.128.115.2 - - [25/Jun/2024:01:34:50 -0500] "GET /BLA/resoluciones/AUTOS%202021/0245.php?act=img&img=ext_exe HTTP/1.1" 200 118
47.128.115.2 - - [25/Jun/2024:01:34:50 -0500] "GET /BLA/resoluciones/AUTOS%202021/0245.php?act=img&img=ext_gif HTTP/1.1" 200 175
47.128.115.2 - - [25/Jun/2024:01:34:50 -0500] "GET /BLA/resoluciones/AUTOS%202021/0245.php?act=img&img=download HTTP/1.1" 200 161
47.128.115.2 - - [25/Jun/2024:01:34:50 -0500] "GET /BLA/resoluciones/AUTOS%202021/0245.php?act=img&img=ext_rtf HTTP/1.1" 200 164
47.128.115.2 - - [25/Jun/2024:01:34:50 -0500] "GET /BLA/resoluciones/AUTOS%202021/0245.php?act=img&img=ext_ini HTTP/1.1" 200 134
47.128.115.2 - - [25/Jun/2024:01:34:51 -0500] "GET /BLA/resoluciones/AUTOS%202021/0245.php?act=img&img=change HTTP/1.1" 200 290
47.128.115.166 - - [25/Jun/2024:01:34:26 -0500] "GET /BLA/resoluciones/AUTOS%202021/0245.php?act=f&d=E%3A%5Cnuevo%5Chtdocs%5CBLA%5Cresoluciones%5CAUTOS+2021%5C&f=2674.pdf&ft=info&fullhexdump=1 HTTP/1.1" 200 679638
201.245.192.253 - - [25/Jun/2024:01:34:56 -0500] "POST /kwsrmcab/Wsrmcab  HTTP/1.1" 200 213
172.22.2.4 - - [25/Jun/2024:01:33:22 -0500] "HEAD /BLA/boletinlegal/ HTTP/1.1" 200 -
47.128.42.189 - - [25/Jun/2024:01:35:16 -0500] "GET /BLA/resoluciones/AUTOS%202021/0245.php?act=img&img=ext_gif HTTP/1.1" 200 175
47.128.42.189 - - [25/Jun/2024:01:35:16 -0500] "GET /BLA/resoluciones/AUTOS%202021/0245.php?act=img&img=ext_diz HTTP/1.1" 200 1027
47.128.42.189 - - [25/Jun/2024:01:35:16 -0500] "GET /BLA/resoluciones/AUTOS%202021/0245.php?act=img&img=ext_pdf HTTP/1.1" 200 1034
47.128.42.189 - - [25/Jun/2024:01:35:16 -0500] "GET /BLA/resoluciones/AUTOS%202021/0245.php?act=img&img=ext_exe HTTP/1.1" 200 118
47.128.42.189 - - [25/Jun/2024:01:35:16 -0500] "GET /BLA/resoluciones/AUTOS%202021/0245.php?act=img&img=ext_txt HTTP/1.1" 200 132
47.128.42.189 - - [25/Jun/2024:01:35:17 -0500] "GET /BLA/resoluciones/AUTOS%202021/0245.php?act=img&img=ext_html HTTP/1.1" 200 230
47.128.42.189 - - [25/Jun/2024:01:35:17 -0500] "GET /BLA/resoluciones/AUTOS%202021/0245.php?act=img&img=change HTTP/1.1" 200 290
47.128.115.2 - - [25/Jun/2024:01:34:46 -0500] "GET /BLA/resoluciones/AUTOS%202021/0245.php?act=f&d=E%3A%5Cnuevo%5Chtdocs%5CBLA%5Cresoluciones%5CAUTOS+2021%5C&f=2112.pdf&ft=info&fullhexdump=1 HTTP/1.1" 200 646870
47.128.42.189 - - [25/Jun/2024:01:35:17 -0500] "GET /BLA/resoluciones/AUTOS%202021/0245.php?act=img&img=download HTTP/1.1" 200 161
47.128.42.189 - - [25/Jun/2024:01:35:17 -0500] "GET /BLA/resoluciones/AUTOS%202021/0245.php?act=img&img=ext_rtf HTTP/1.1" 200 164
47.128.42.189 - - [25/Jun/2024:01:35:17 -0500] "GET /BLA/resoluciones/AUTOS%202021/0245.php?act=img&img=ext_ini HTTP/1.1" 200 134
201.245.192.253 - - [25/Jun/2024:01:35:18 -0500] "GET /kwsrmcab/Wsrmcab?wsdl HTTP/1.1" 200 6948
47.128.98.129 - - [25/Jun/2024:01:35:23 -0500] "GET /BLA/resoluciones/AUTOS%202021/0245.php?act=chmod&d=C%3A%5Cdmz%5Csrc%5Cxampp-control-panel&f=uNetstatTable.pas HTTP/1.1" 200 2866
47.128.42.189 - - [25/Jun/2024:01:35:09 -0500] "GET /BLA/resoluciones/AUTOS%202021/0245.php?act=f&d=E%3A%5Cnuevo%5Chtdocs%5CBLA%5Cresoluciones%5CAUTOS+2021%5C&f=2889.pdf&ft=info&fullhexdump=1 HTTP/1.1" 200 3636950
47.128.24.62 - - [25/Jun/2024:01:35:45 -0500] "GET /BLA/resoluciones/AUTOS%202021/0245.php?act=img&img=ext_diz HTTP/1.1" 200 1027
47.128.24.62 - - [25/Jun/2024:01:35:45 -0500] "GET /BLA/resoluciones/AUTOS%202021/0245.php?act=img&img=ext_gif HTTP/1.1" 200 175
47.128.24.62 - - [25/Jun/2024:01:35:45 -0500] "GET /BLA/resoluciones/AUTOS%202021/0245.php?act=img&img=ext_pdf HTTP/1.1" 200 1034
47.128.24.62 - - [25/Jun/2024:01:35:45 -0500] "GET /BLA/resoluciones/AUTOS%202021/0245.php?act=img&img=ext_exe HTTP/1.1" 200 118
47.128.24.62 - - [25/Jun/2024:01:35:45 -0500] "GET /BLA/resoluciones/AUTOS%202021/0245.php?act=img&img=ext_html HTTP/1.1" 200 230
47.128.24.62 - - [25/Jun/2024:01:35:45 -0500] "GET /BLA/resoluciones/AUTOS%202021/0245.php?act=img&img=ext_txt HTTP/1.1" 200 132
47.128.24.62 - - [25/Jun/2024:01:35:45 -0500] "GET /BLA/resoluciones/AUTOS%202021/0245.php?act=img&img=download HTTP/1.1" 200 161
47.128.24.62 - - [25/Jun/2024:01:35:45 -0500] "GET /BLA/resoluciones/AUTOS%202021/0245.php?act=img&img=ext_ini HTTP/1.1" 200 134
47.128.24.62 - - [25/Jun/2024:01:35:46 -0500] "GET /BLA/resoluciones/AUTOS%202021/0245.php?act=img&img=change HTTP/1.1" 200 290
47.128.24.62 - - [25/Jun/2024:01:35:46 -0500] "GET /BLA/resoluciones/AUTOS%202021/0245.php?act=img&img=ext_rtf HTTP/1.1" 200 164
181.236.19.117 - - [25/Jun/2024:01:35:49 -0500] "GET /kwssiamovil/sm/acme/a?s=U2FsdGVkX19kq902BL5NJ2g21WRYa2xTTD8mpH5KjftqxR0Cuz9A0Cs4cJWP02bY29QFy6yBZVvClbK8pTvtwCt0uf5xBu3E+/9nvCCPe56EToGqYpQm9S7AePsnQjTQp6YyJfJLX3mc7PsnCPXYpi9YtZnp3TjVMbqR7Md7chdGC/a2WmGJcWT6sZinvZHzXhA5jYLANdQTF04x0FWH9TDW+ysl3nFTL+X/oTMm72gqpLb9r9v7ATWVi/ZOZVYKzM0eiFnUh1Ij1Ul2TGa9gw==&u=U2FsdGVkX1/4DGzkEnyoweoOFF5trjK4iiDddNuuDW0=&y=U2FsdGVkX1/Cash9cuXKKhxAnPbVdMTC+sxGCP3BkEIKUuTNIRnmaaaYoQKafw3Y HTTP/1.1" 503 1124
172.22.2.4 - - [25/Jun/2024:01:34:13 -0500] "GET /BLA/boletinlegal/ HTTP/1.1" 200 59967
47.128.24.82 - - [25/Jun/2024:01:36:06 -0500] "GET /BLA/resoluciones/AUTOS%202021/0245.php?act=img&img=ext_html HTTP/1.1" 200 230
47.128.24.82 - - [25/Jun/2024:01:36:06 -0500] "GET /BLA/resoluciones/AUTOS%202021/0245.php?act=img&img=ext_pdf HTTP/1.1" 200 1034
47.128.24.82 - - [25/Jun/2024:01:36:06 -0500] "GET /BLA/resoluciones/AUTOS%202021/0245.php?act=img&img=ext_exe HTTP/1.1" 200 118
47.128.24.82 - - [25/Jun/2024:01:36:06 -0500] "GET /BLA/resoluciones/AUTOS%202021/0245.php?act=img&img=ext_gif HTTP/1.1" 200 175
47.128.24.82 - - [25/Jun/2024:01:36:07 -0500] "GET /BLA/resoluciones/AUTOS%202021/0245.php?act=img&img=ext_diz HTTP/1.1" 200 1027
47.128.24.82 - - [25/Jun/2024:01:36:07 -0500] "GET /BLA/resoluciones/AUTOS%202021/0245.php?act=img&img=download HTTP/1.1" 200 161
47.128.24.82 - - [25/Jun/2024:01:36:07 -0500] "GET /BLA/resoluciones/AUTOS%202021/0245.php?act=img&img=ext_rtf HTTP/1.1" 200 164
47.128.24.82 - - [25/Jun/2024:01:36:07 -0500] "GET /BLA/resoluciones/AUTOS%202021/0245.php?act=img&img=change HTTP/1.1" 200 290
47.128.24.82 - - [25/Jun/2024:01:36:07 -0500] "GET /BLA/resoluciones/AUTOS%202021/0245.php?act=img&img=ext_ini HTTP/1.1" 200 134
47.128.24.82 - - [25/Jun/2024:01:36:09 -0500] "GET /BLA/resoluciones/AUTOS%202021/0245.php?act=img&img=ext_txt HTTP/1.1" 200 132
47.128.24.62 - - [25/Jun/2024:01:35:42 -0500] "GET /BLA/resoluciones/AUTOS%202021/0245.php?act=f&d=E%3A%5Cnuevo%5Chtdocs%5CBLA%5Cresoluciones%5CAUTOS+2021%5C&f=6054.pdf&ft=info&fullhexdump=1 HTTP/1.1" 200 668006
201.245.192.253 - - [25/Jun/2024:01:36:18 -0500] "GET /kwsrmcab/Wsrmcab?wsdl HTTP/1.1" 503 1020
201.245.192.253 - - [25/Jun/2024:01:36:20 -0500] "GET /kwsrmcab/Wsrmcab?wsdl HTTP/1.1" 503 1020
47.128.42.189 - - [25/Jun/2024:01:36:25 -0500] "GET /BLA/resoluciones/AUTOS%202021/0245.php?act=img&img=ext_exe HTTP/1.1" 200 118
47.128.42.189 - - [25/Jun/2024:01:36:25 -0500] "GET /BLA/resoluciones/AUTOS%202021/0245.php?act=img&img=ext_gif HTTP/1.1" 200 175
47.128.42.189 - - [25/Jun/2024:01:36:25 -0500] "GET /BLA/resoluciones/AUTOS%202021/0245.php?act=img&img=ext_pdf HTTP/1.1" 200 1034
47.128.42.189 - - [25/Jun/2024:01:36:25 -0500] "GET /BLA/resoluciones/AUTOS%202021/0245.php?act=img&img=ext_txt HTTP/1.1" 200 132
47.128.42.189 - - [25/Jun/2024:01:36:25 -0500] "GET /BLA/resoluciones/AUTOS%202021/0245.php?act=img&img=ext_diz HTTP/1.1" 200 1027
47.128.42.189 - - [25/Jun/2024:01:36:26 -0500] "GET /BLA/resoluciones/AUTOS%202021/0245.php?act=img&img=download HTTP/1.1" 200 161
47.128.42.189 - - [25/Jun/2024:01:36:26 -0500] "GET /BLA/resoluciones/AUTOS%202021/0245.php?act=img&img=ext_ini HTTP/1.1" 200 134
47.128.42.189 - - [25/Jun/2024:01:36:26 -0500] "GET /BLA/resoluciones/AUTOS%202021/0245.php?act=img&img=ext_html HTTP/1.1" 200 230
47.128.42.189 - - [25/Jun/2024:01:36:26 -0500] "GET /BLA/resoluciones/AUTOS%202021/0245.php?act=img&img=change HTTP/1.1" 200 290
47.128.42.189 - - [25/Jun/2024:01:36:26 -0500] "GET /BLA/resoluciones/AUTOS%202021/0245.php?act=img&img=ext_rtf HTTP/1.1" 200 164
47.128.24.82 - - [25/Jun/2024:01:36:01 -0500] "GET /BLA/resoluciones/AUTOS%202021/0245.php?act=f&d=E%3A%5Cnuevo%5Chtdocs%5CBLA%5Cresoluciones%5CAUTOS+2021%5C&f=0504.pdf&ft=info&fullhexdump=1 HTTP/1.1" 200 1461974
47.128.97.23 - - [25/Jun/2024:01:36:42 -0500] "GET /BLA/resoluciones/AUTOS%202021/0245.php?act=img&img=ext_diz HTTP/1.1" 200 1027
47.128.97.23 - - [25/Jun/2024:01:36:42 -0500] "GET /BLA/resoluciones/AUTOS%202021/0245.php?act=img&img=ext_gif HTTP/1.1" 200 175
47.128.97.23 - - [25/Jun/2024:01:36:42 -0500] "GET /BLA/resoluciones/AUTOS%202021/0245.php?act=img&img=ext_pdf HTTP/1.1" 200 1034
47.128.97.23 - - [25/Jun/2024:01:36:42 -0500] "GET /BLA/resoluciones/AUTOS%202021/0245.php?act=img&img=ext_html HTTP/1.1" 200 230
47.128.97.23 - - [25/Jun/2024:01:36:42 -0500] "GET /BLA/resoluciones/AUTOS%202021/0245.php?act=img&img=ext_txt HTTP/1.1" 200 132
47.128.97.23 - - [25/Jun/2024:01:36:42 -0500] "GET /BLA/resoluciones/AUTOS%202021/0245.php?act=img&img=ext_exe HTTP/1.1" 200 118
47.128.97.23 - - [25/Jun/2024:01:36:42 -0500] "GET /BLA/resoluciones/AUTOS%202021/0245.php?act=img&img=download HTTP/1.1" 200 161
47.128.97.23 - - [25/Jun/2024:01:36:42 -0500] "GET /BLA/resoluciones/AUTOS%202021/0245.php?act=img&img=ext_ini HTTP/1.1" 200 134
47.128.97.23 - - [25/Jun/2024:01:36:42 -0500] "GET /BLA/resoluciones/AUTOS%202021/0245.php?act=img&img=ext_rtf HTTP/1.1" 200 164
47.128.97.23 - - [25/Jun/2024:01:36:43 -0500] "GET /BLA/resoluciones/AUTOS%202021/0245.php?act=img&img=change HTTP/1.1" 200 290
47.128.42.189 - - [25/Jun/2024:01:36:17 -0500] "GET /BLA/resoluciones/AUTOS%202021/0245.php?act=f&d=E%3A%5Cnuevo%5Chtdocs%5CBLA%5Cresoluciones%5CAUTOS+2021%5C&f=2889.pdf&ft=info&fullhexdump=1 HTTP/1.1" 200 3636950
181.236.19.117 - - [25/Jun/2024:01:36:48 -0500] "GET /kwssiamovil/sm/ldap/au?x=U2FsdGVkX19OKh51DJDnudKuV5wrc167hxiTGev0d1WTNeDLowA9KCZs6FgaBq52&y=U2FsdGVkX19M3MQJEZIVQiGisqkaEOZRJxO9e0KX9pzqHZQ0SaLOeXiDTQqITiMq HTTP/1.1" 503 1124
47.128.53.79 - - [25/Jun/2024:01:36:19 -0500] "GET /BLA/resoluciones/AUTOS%202021/0245.php?act=f&d=E%3A%5Cnuevo%5Chtdocs%5CBLA%5Cresoluciones%5CAUTOS+2021%5C&f=1637.pdf&ft=info&fullhexdump=1 HTTP/1.1" 200 753366
181.236.19.117 - - [25/Jun/2024:01:36:52 -0500] "GET /kwssiamovil/sm/ldap/au?x=U2FsdGVkX18BJSyuLi1jR4IFzDC4h+BpmdvDYnud8tWMgLXtE1FXMdLdO/+8y34p&y=U2FsdGVkX18I1lDryHk+VP2YdrXkpCbZ9ydzNWOwn4T7w3FgktsLaqPffgf7wuTV HTTP/1.1" 200 30
181.236.19.117 - - [25/Jun/2024:01:36:52 -0500] "GET /kwssiamovil/sm/acme/s?s=U2FsdGVkX1/A6/EhIM0+LxRkOFCB5SAiPLe5jJEJpxibbz9SbfgRlRzd1VzmgetIpZ833aK5DHs9L5sg505Y2Gk57vrtrpp9Em+eGdPEZdU=&u=U2FsdGVkX19cP6HoWL5RlYjDNCtPgXmacWOekpIQVq4=&y=U2FsdGVkX18I1lDryHk+VP2YdrXkpCbZ9ydzNWOwn4T7w3FgktsLaqPffgf7wuTV HTTP/1.1" 200 97
181.236.19.117 - - [25/Jun/2024:01:36:52 -0500] "GET /kwssiamovil/sm/acme/s?s=U2FsdGVkX1/XhitubU36WjHuXXwY2yWwUcR8Oo5E2BxyGLObUMHCxhOeOItqnAYtLOv8DJeKMUwDRHggf47XouAiTlVUk6yuD5feavT+qe9Myjocm+qBpSbWmYM3J5ry7cuR7lLIBWj7B2/IIAonBqapsYiEeAqmDidz6XEGAJeJMNs2T+CG4iXxEH7uFVjimBpktbuplxJw2wBXqr63IWEEAAPsejk0hD+B/tImp5AZ9D/IIBHrfbZ1xDTVCsyFeIaRGO2irXz/nsQABkAITgE4JrYW3VLqDb5IwV0NRFsi3GBEDgMiMFUJwpejA/E884sAxcLfNhmITzZtF+Zk1qJsjeDtVVS/7PEAAL3t5enBX42psELDL18tCKhf5CJ0rYRnhgUdKdIX9/48KH09C7jIu2mOwNqhuNmXHWXI6Rp+IFnOllD+6Jb+RITQsH4EqxXNuiiHBsWZ8AFEZfEW8XTACGJpZl6F/48gBywsEqhk/Q7mfUIQGqn7pykhCEkIs8xOSBgCv3OPxMK2SHLhcW8XCUX/Hs3UVtMXJcFhc7YGwkNu4RKT8843QFokOflr9iXTPpzlv8xKjqOxqjh6Ktg7eC/obRs/+fKDaO1KidvuAYyLA9vnRz1QxunthBi30AutzdAaEIaKDPJKwC9eORg7NXGao1oCQd0W+VXXVFakiinYQFjfo8SztNkPaqvywyey+HDadNeeSDaPHi7kMREJkBAKyXiIY3CktXOhVKpmOR03WkvC0npfKCZyryHDWxd1DHLvGIK4iNxD/wYZ7ZFFU+uCjt5EBEgJMEm6fh09uc86JownJfxVLBszSuKHTrmt0EdayA2hRZs5IESxtZJpBMfJ7o4UzGoxhQUiPizuMhUP06pZt1AGlsBdeRyRye49VMYkSaD/AhStXcUR6/XiOeT3JZ6qAeCcsajJ6zTZ3y2tlOPRf9iLXFCej0MmWtUOx8mABrFxob+MvwaS+qm8lEaWrPCIH1SCtTn6ZvtxO/w1mR8nRHRvWSO7+x+WYzkCrfFqNXLdVIZYHWXYRbUO5sK5DT/ZEqeS91YJdgA0iykVDgGNLLXHDdX8e3zLSP0YVWXxim5BZw9dTEM6s0AXu5t1fPCxKuMropiqLRWMDdnSTf5hTv52AVwX+U+ZlIM4UGQu7F4snAWp9+OR1WdZ88D6zYX9ZetlGkLexhnCGG7y+UW0TokO7C0Tw9FKJ/la79iVxDDEAE+7PbTs0YQVGNa63Xmx5Km447HtNV7qwicozgb173PE/E/NXBDwC45PS3H+lAunDWzNoh7paISwHpLpQINGSv9uQRriP7hLwVFAPFRYfobmTceIZGfkAoINufCakjkiwcYzto79j9wxiHhiC3XXwgEfNxXo7DauGcKnjJJwnzFtVMouoN3GKIddmZL5LF5YoNfCv3PDDo+61TLPLbXRvHTqhaUUqyTfYzQYmfM5wvla9o7Y82jgoBOxRSy0lalhOf9WHDParIjFUg38RWdDFdvqCQRy39baAfJAb5jZmdHPjqeOy58XMKbb46vx1W4zp9jJeJP6hQhSLetJKimwvpxLLr2BuXydXQxaJ2eDJBBKNE1H6AeOZseMswfoyAxF0WOVfBdB4w1pkJiaQOLwUbZasRSOqJCO64JR3WyUTCmPjkXazT0sUJWm4d/EtVbjvusUxu7HWIe6v4fhqwOC4XIQGYrySOfVlqwmAefBNQgUdS2Nmkb6d63UdDSb4tH1W7W1uwUkw4KplecOKCwTHux6z99kh8s=&u=U2FsdGVkX19cP6HoWL5RlYjDNCtPgXmacWOekpIQVq4=&y=U2FsdGVkX18I1lDryHk+VP2YdrXkpCbZ9ydzNWOwn4T7w3FgktsLaqPffgf7wuTV HTTP/1.1" 200 1046
181.236.19.117 - - [25/Jun/2024:01:36:52 -0500] "GET /kwssiamovil/sm/acme/s?s=U2FsdGVkX1/qEwMIp4RdL+vapXEA25WTPXtaxkDM9O2Fdfyp3PH+McdsJLd6jm0fxAJKUuvvota1CT8/zHFGoj6+ewjo4YAUDHJ1zFLXLBY6jiPJNuGOB2REdAhQNlUtECti8HloLJsKuA5BTLW1f8fgOdZdzNuxEZLEvikAg7bd3yK6UDfLmW7J1Vmf6MoRg4GtDkUiwJkQllvd3p/VDGZsZSmSgW5iA5x0Jj4VKVX0DWUwKNMYO1b+U/upxrLbUT3FkozQN0EmD1CgLfBtii78/O414wUaShXzC9svkWkmfIa3l8B8SQlPlekoZWUXYtENdeh3TLZoyeaguv16EFZdWJcEwMuf/DiH4NtSXVo10nbfUFkfbmAMY2rOMlJOfIDZmwBSBUlfUe7gZMDdkIW37VUZfhYF0aURc8A+BykjIRwoMZI25Rp6kqED1YnncZnskyXxyeF17nuuuAQRGvwycl8kyPqG4AMKYdfk3TNrW6q5wyg1r8tfCGr+srkYANuIjHKWyi2li1AjfReTHmJSOEnx/P9BanyGcIHDzSaqboTn4Ym/F/E4yyz7Dqdi2TmbZWHPAoYTLozJhgklLrn8pwNJOLscyXd4EJVw18WgT67KncsiyWObiAplj8TFNxLb9+wivfGkuRpmbdYaz57qLzBRU98yGjbUgep5Q89h/Q/pbYeJUR3v0HtbRWjJ0/QNdiEh5RiRfsTS++HzyypdDvk/WiSekFFQaeUjNjxu+kwag/yFwKZf7z7Kane3&u=U2FsdGVkX19cP6HoWL5RlYjDNCtPgXmacWOekpIQVq4=&y=U2FsdGVkX18I1lDryHk+VP2YdrXkpCbZ9ydzNWOwn4T7w3FgktsLaqPffgf7wuTV HTTP/1.1" 200 208
181.236.19.117 - - [25/Jun/2024:01:36:53 -0500] "GET /kwssiamovil/sm/cjson/pre?f=1&x=U2FsdGVkX18BJSyuLi1jR4IFzDC4h+BpmdvDYnud8tWMgLXtE1FXMdLdO/+8y34p HTTP/1.1" 200 30244
47.128.125.142 - - [25/Jun/2024:01:37:04 -0500] "GET /BLA/resoluciones/AUTOS%202021/0245.php?act=img&img=ext_diz HTTP/1.1" 200 1027
47.128.125.142 - - [25/Jun/2024:01:37:04 -0500] "GET /BLA/resoluciones/AUTOS%202021/0245.php?act=img&img=ext_exe HTTP/1.1" 200 118
47.128.125.142 - - [25/Jun/2024:01:37:04 -0500] "GET /BLA/resoluciones/AUTOS%202021/0245.php?act=img&img=ext_pdf HTTP/1.1" 200 1034
47.128.125.142 - - [25/Jun/2024:01:37:04 -0500] "GET /BLA/resoluciones/AUTOS%202021/0245.php?act=img&img=ext_gif HTTP/1.1" 200 175
47.128.125.142 - - [25/Jun/2024:01:37:05 -0500] "GET /BLA/resoluciones/AUTOS%202021/0245.php?act=img&img=ext_txt HTTP/1.1" 200 132
47.128.125.142 - - [25/Jun/2024:01:37:05 -0500] "GET /BLA/resoluciones/AUTOS%202021/0245.php?act=img&img=download HTTP/1.1" 200 161
47.128.125.142 - - [25/Jun/2024:01:37:05 -0500] "GET /BLA/resoluciones/AUTOS%202021/0245.php?act=img&img=ext_rtf HTTP/1.1" 200 164
47.128.125.142 - - [25/Jun/2024:01:37:05 -0500] "GET /BLA/resoluciones/AUTOS%202021/0245.php?act=img&img=change HTTP/1.1" 200 290
47.128.125.142 - - [25/Jun/2024:01:37:05 -0500] "GET /BLA/resoluciones/AUTOS%202021/0245.php?act=img&img=ext_ini HTTP/1.1" 200 134
47.128.125.142 - - [25/Jun/2024:01:37:07 -0500] "GET /BLA/resoluciones/AUTOS%202021/0245.php?act=img&img=ext_html HTTP/1.1" 200 230
47.128.97.23 - - [25/Jun/2024:01:36:39 -0500] "GET /BLA/resoluciones/AUTOS%202021/0245.php?act=f&d=E%3A%5Cnuevo%5Chtdocs%5CBLA%5Cresoluciones%5CAUTOS+2021%5C&f=3604.pdf&ft=info&fullhexdump=1 HTTP/1.1" 200 717471
201.245.192.253 - - [25/Jun/2024:01:37:18 -0500] "GET /kwsrmcab/Wsrmcab?wsdl HTTP/1.1" 503 1020
47.128.55.156 - - [25/Jun/2024:01:37:23 -0500] "GET /BLA/resoluciones/AUTOS%202021/0245.php?act=img&img=ext_diz HTTP/1.1" 200 1027
47.128.55.156 - - [25/Jun/2024:01:37:23 -0500] "GET /BLA/resoluciones/AUTOS%202021/0245.php?act=img&img=ext_html HTTP/1.1" 200 230
47.128.55.156 - - [25/Jun/2024:01:37:23 -0500] "GET /BLA/resoluciones/AUTOS%202021/0245.php?act=img&img=ext_exe HTTP/1.1" 200 118
47.128.55.156 - - [25/Jun/2024:01:37:23 -0500] "GET /BLA/resoluciones/AUTOS%202021/0245.php?act=img&img=ext_gif HTTP/1.1" 200 175
47.128.55.156 - - [25/Jun/2024:01:37:23 -0500] "GET /BLA/resoluciones/AUTOS%202021/0245.php?act=img&img=change HTTP/1.1" 200 290
47.128.55.156 - - [25/Jun/2024:01:37:23 -0500] "GET /BLA/resoluciones/AUTOS%202021/0245.php?act=img&img=ext_pdf HTTP/1.1" 200 1034
47.128.55.156 - - [25/Jun/2024:01:37:23 -0500] "GET /BLA/resoluciones/AUTOS%202021/0245.php?act=img&img=ext_ini HTTP/1.1" 200 134
47.128.55.156 - - [25/Jun/2024:01:37:24 -0500] "GET /BLA/resoluciones/AUTOS%202021/0245.php?act=img&img=download HTTP/1.1" 200 161
47.128.55.156 - - [25/Jun/2024:01:37:24 -0500] "GET /BLA/resoluciones/AUTOS%202021/0245.php?act=img&img=ext_rtf HTTP/1.1" 200 164
47.128.55.156 - - [25/Jun/2024:01:37:26 -0500] "GET /BLA/resoluciones/AUTOS%202021/0245.php?act=img&img=ext_txt HTTP/1.1" 200 132
181.236.19.117 - - [25/Jun/2024:01:37:29 -0500] "GET /kwssiamovil/sm/acme/a?s=U2FsdGVkX19mTu/LFT28amaHojH2fIeADFRvCuKmfcNAwvbI4DkDCsrJenH83A6KQO6PBBmpRB6cUFZm9OOB1zjCyZqqVdbP6iGEmVtknoLCzeVsdYLkE1zPv5Xn/IgxNJ2J5rBXQo9HskFsttcsCwEauR48TMm688zVAYAugrbp6vpdesLrNU59oJYm5vZAwUBL58TukGCLN6BFEQm8+gpUFJNba2WVRL/xLjhYmby4yu3XzZdR7QeGex/V0WTLHhz/hkwfInqLL3zwXWrZ5A==&u=U2FsdGVkX19cP6HoWL5RlYjDNCtPgXmacWOekpIQVq4=&y=U2FsdGVkX18I1lDryHk+VP2YdrXkpCbZ9ydzNWOwn4T7w3FgktsLaqPffgf7wuTV HTTP/1.1" 200 26
181.236.19.117 - - [25/Jun/2024:01:37:29 -0500] "GET /kwssiamovil/sm/acme/a?s=U2FsdGVkX1+OyKZ9ae66oFENvn/OI65TCkqRqKpQCANNzIurrY4s9W2K6wTPmdFK83djOpjyKSXQfnymDa/K5Sn+yXsYb7XyUuW0cyyHpBffjfguiKc8dHGDQfrY7SUHg0eesUNCaVrSmVV5+susrLoVu244+hAYkjR7f2EGduz+DBugwJo0BLmJUXeVeBk/iAI8nnwH/SlRj2Gi3X9ayah2RaPcbC4PvSvBu3D/Qss59kMt525XFxEbn0m5TbbAg1byxI9skoJe1nadHBS2tNusFTnoOUifC2frPTgf/SatrZ0/9Fif3PLRhMQD6KFUnDwkBGFX56K1OoxJY2y1+Wg1w6K6EP3ts2gr5pmgQYwMIreVeDMimjcpzbplXdpYPtgIHOiqVKhxtuAKBeFx8OrM6tX8icTAKAr9VwbvaRifFWtevciGdaDeobs/89t6BPNNwVLtsQHySjSguF3W/hWOmSMHeAe0ZgESZvdWjZUiWp/T4xdMss/snPaPUpDiDSF6Znchb/JsOlERshpkm1L6IzRqsAONTS/0BbUiU1vwqUkKIsR1s21ZTynHN92q2YbcX1KXhl5W7dDW64rDpbWA7Wt0kgVDTXwkcoJ+nHACPqT53bllEoDw0jRxioTKO298q+bNzNLzgptr4nwEabHHzuzWuMV8XUzZWO3AK83ChAVSpYvIMIyryfWAckGXOvjT4fN5aea1j14pYNmrkIkPIRAaOpj6ebWZ/ni5bc34u1KiZNVA1ZS5QNEXTtMRx7lnmi87Z02terag2E4mwQB4KiDhI2IBS2J0Z4qX9csTIuIDEyqMmmFQlyGRYKMzbX8jM3ZBpEdKfRtn7SeFueS67Wp2PLZsFh6CY0xHWPm7W3fNUNywKzJKVVLRxpcPqqUg+Hm1SVlZUoC0i09WuatEpgbr9NLKQCjIpGhxex0VTRQ/779BOuES7ItSXcu1Q47evZDscu2mxvH9VdohlFmYQqd7h2p2nT1qMRe61lAcVeBTgidLp+t34/IjgZdrDbDQ5kc0tq4CvCpUSlsUFUZdax9ur0jhMCMvLNzpJMZnKYYXbQBC+nMcYHgRbKMWnYew0Lj/0xqSJZH7cMOTzzSP7P0IAQb8gX0cro+EcVO26sPZYhA8oOuNA6/m48znT4U/UxzcnoLUXTteas6Y8mtFEgeY805ZBc0gpi9lbejl+3kbKjDi1U+c/xXwUIaDbLSzltEmPLVIjCB2StKMmQS5NxrbZLMxIIS9HrxQWPY0s1a0EN/ak7V0vf2n+ZEaZz8fxlxhAnUg5Q/hUvVayaTAggAFRjcrZc9WZemt31GLtlXoAw/u5lpaL/tnaafMPipo3CSj0vzfxmrP7RZppCge3ZUf1l91bmDfVStjdV6gCpAgRTj5afLh+8ydWcNNQJ0eg+PPbOzUYrO/+kJ2TaArHq/2NPbxf3/kCd87EkFQ+hhL03Qbz+302kjysVfKwBKPbzPb/lSD9yxkfIcC7dzSpCGRNLccN1gBSkpd7DjNKfRhVqxKyHICqfbuEsqbeQjdq6cB5Kd+p3ayW4aPKUJQS6Mc+1j3JmyZsFBwb4KoIi8jfQPtZU4CIK6SDWVBK4QkSduGwJv95QZ5ZOXVk+OPHgUwcy6PT0XtXfmQuPInSppHOYCZnrXG67tbQvtSwoRtpfpf/wYpNA0YtyohW9z73A29PW2P19WjZ7pzzycz8uUdvhgTAtOuZEiqly0vgag8aVv4c0cbtJp7ny/x21v4L3IK9DVshXZM8gzlLdJBOFl6YLaBbJeFhzK2eB1TsXJCVOiMmM6/CvtCc49wi40xiNWCWoFinYdYKg7MSDpvMWTstUVB+9xr/Zd4XmEHjtTtKr9C6S41quiDmbtCQhBDNLFzN5XX5yzTf6DeiQjsZnIEKOgaJ4r5v8sEvi8iay9RwSyMVV6x4dyl1Cq3eTQDHABMDYfBdjBGeEKAttu2nm+LYpXq1RNGhKwDiaq+Wi/qZPAoz4ZityP4wh20KZRKYC3TrUnUqRZBiWsQWL1c9TtPT/n3fT/MGpwfMc7vXFVQYW+fWm/QKkpuZ2k4QgADDwCF+ynL6ItHnEheWfapawmPebSkaXt4rgquwCrpf3mBdJddhrZv3wqMnLVFLzFxxVutBYYIuwd3jR5FeTXqCQdhuBD0FK66IBqWpNXwoxAyiFR3dBP/S/PB9f0U7zulIHkC9uXUdPF4XrBP7pMMXsGEqIMZYok6B3ME699bQpOBTmqf2wyqfr/l4XFz5yzRsWL+guDm/bBlMMVHYAxv+p5K3knnaL4UFl2uARnXwk92tCMGHGdhYV2Ve0kU2//xYtourTonH8AM0lcL/EMxhXP5wi596hSLzEcDPHvMwB+W7kbAVeuIyuUCLlalcZdJpNwVVMoEo8/BiNH6su4mjDJXqJCvTPO0iBl6NIh9FnMk9svlzSaM7IX5tQ2dLbyjWxQdTFJdfVvqTOR7UoNR98pK2OaQN0mrMxxcLlJZGEuD/Xd5tAnOgbxpY/EsW8RwM6thrOBXeTkqZA6OdukKhmmw7ZnzaqUzo1kEeICHgbJhZAo7pSWfIzQdCqnKasLGTm2Zef86O2e+GRcmE+mIvtnMzuDcjUgy9MC1q78nynQMysUewynIEs4wlc/dvT66SiTp7mcv/7rl31r6qpeqBV3bDd68MZUkWd0DwBF4VY/xFnhoDUgYsQ5uchjAtxbgptvFgqtiOCoDVdLf6XBjIVg/FtDtbKvurtS7CZY+fMxP3TxJLg3FzzXbKuUIcBD4OEfE9P4CvhIID1fv/nsOhPpU18v77nQrZotaipfYry4T5Pgi8gFxjPbCK/ikIIKJbFAYCq+l4inXCET9tluMF8hE1NZif0wept+eB2ZAI0AXDg47EUWEzluqXa2cLoNSTt8/6PW6xwoIIEiZe0qf3fXR2z3vUF4YOybNC8NUsjIB6miQ9ycZ0l1tARZru19jT14G2E3hRxbVy2vkJWpRXFZXdeRqyVEYi0Rdh2rwRi81p/U3qJdRLHsZBy7ofU1oX8s4T0me+9X8eC1016XrQZHAYHPBBNzNnFfe7eI9oXjkl22qWichqVb9IjIwZtC83H3niABwkBb6xFTC81X1AXTsWqafA44GX779I3znvg3eT7q/v3HEBmCGwqCG7dJ1IntGrQm1jyU2AxwjZmsy0LwUC6ARnfF/4+6xqxTfT1r5fMzSXelFP0luEATIJw+eyP8DeTsRXVDIft0Caj4EyPFBX9qo+4iKmjKdk0UaqgFisomZqtBLGeThGXJt3r96vW2TC44GgV5JFfbspgUv+cWcW4/oDcxLDo4iEJbkTc5y0+F/OAuIyPb6YVJDd7jBb0gTjiOFUARQv31nhGWeqMRmxuf0R8bpgSUAsDq7fOOQrI86KT1CErO21km5ww==&u=U2FsdGVkX19cP6HoWL5RlYjDNCtPgXmacWOekpIQVq4=&y=U2FsdGVkX18I1lDryHk+VP2YdrXkpCbZ9ydzNWOwn4T7w3FgktsLaqPffgf7wuTV HTTP/1.1" 200 26
181.236.19.117 - - [25/Jun/2024:01:37:29 -0500] "GET /kwssiamovil/sm/acme/a?s=U2FsdGVkX1+qsxRCyT3VszGSOZuh9HHbLXs6Ez+fxvGAmObNg06d1Vy/qdi9bMtIc6hN/OAy1do33uiU9b5xpp7qBawjLaqMi4NpixdQAdvCCHClf4sGcpz923Unfc3b3M/O22nRLY+AR03g2ByfWAUWNvyRgvDPy8zoKVlKZtE=&u=U2FsdGVkX19cP6HoWL5RlYjDNCtPgXmacWOekpIQVq4=&y=U2FsdGVkX18I1lDryHk+VP2YdrXkpCbZ9ydzNWOwn4T7w3FgktsLaqPffgf7wuTV HTTP/1.1" 200 26
181.236.19.117 - - [25/Jun/2024:01:37:30 -0500] "GET /kwssiamovil/sm/acme/a?s=U2FsdGVkX19fXl+/ubfxPT71E5We2Rd7ZgTVB3tdYghVFTKIOVvktg2kjZbEdrdILs5MMLLKCXWqSLB0ahECLRjm9I0Tf34bN33RUkmr8qI/TMVGHOAG+oQWFGfVptT+BtBMoTvIwSqGzto/wsj8U4jYq8bSKBMChfWxhDtuq2A=&u=U2FsdGVkX19cP6HoWL5RlYjDNCtPgXmacWOekpIQVq4=&y=U2FsdGVkX18I1lDryHk+VP2YdrXkpCbZ9ydzNWOwn4T7w3FgktsLaqPffgf7wuTV HTTP/1.1" 200 26
47.128.125.142 - - [25/Jun/2024:01:36:59 -0500] "GET /BLA/resoluciones/AUTOS%202021/0245.php?act=f&d=E%3A%5Cnuevo%5Chtdocs%5CBLA%5Cresoluciones%5CAUTOS+2021%5C&f=2150.pdf&ft=info&fullhexdump=1 HTTP/1.1" 200 622294
181.236.19.117 - - [25/Jun/2024:01:37:30 -0500] "GET /kwssiamovil/sm/acme/a?s=U2FsdGVkX1/L8EFbHMK6cdznyKjGOztiu3WjxL2gq2qU99znD3k6dJw0JlH8d4BzstlXIQcZapfErf6iqQAFru/qIEaOzBbbsJZAWn47mF0p8VK9i9lbWHzk1rtTchwJRIhCAJA/iOprttwS/nSh+KIIh0tydcT7WvGvkvBrQjM=&u=U2FsdGVkX19cP6HoWL5RlYjDNCtPgXmacWOekpIQVq4=&y=U2FsdGVkX18I1lDryHk+VP2YdrXkpCbZ9ydzNWOwn4T7w3FgktsLaqPffgf7wuTV HTTP/1.1" 200 26
181.236.19.117 - - [25/Jun/2024:01:37:30 -0500] "GET /kwssiamovil/sm/acme/a?s=U2FsdGVkX1/9b1tira9G8FJ7uLWrQkRPj5C85J87Y6GlEbO8nSEYHhvdtXQ1YK+NGsHxE9e9c0qsvsbwoz4se1v51oQwQK4WLoSAgCKhkyToNLyG6yEAyGxb0/xAPOvhB6rd3r6svc3dBnYfPj9lUxIdp9WEhte4z6dMW4X2h8h1CT63vc0m3EZzBs+hCZY9Gzi52J4ZE809b2QD4L+wqA==&u=U2FsdGVkX19cP6HoWL5RlYjDNCtPgXmacWOekpIQVq4=&y=U2FsdGVkX18I1lDryHk+VP2YdrXkpCbZ9ydzNWOwn4T7w3FgktsLaqPffgf7wuTV HTTP/1.1" 200 26
47.128.55.156 - - [25/Jun/2024:01:37:21 -0500] "GET /BLA/resoluciones/AUTOS%202021/0245.php?act=f&d=E%3A%5Cnuevo%5Chtdocs%5CBLA%5Cresoluciones%5CAUTOS+2021%5C&f=3745.pdf&ft=info&fullhexdump=1 HTTP/1.1" 200 601814
201.245.192.253 - - [25/Jun/2024:01:38:18 -0500] "GET /kwsrmcab/Wsrmcab?wsdl HTTP/1.1" 200 6948
216.244.66.246 - - [25/Jun/2024:01:38:26 -0500] "GET /robots.txt HTTP/1.1" 404 1034
66.249.66.21 - - [25/Jun/2024:01:38:32 -0500] "GET /BLA/resoluciones/AUTOS%202023/10032.pdf HTTP/1.1" 304 -
201.245.192.253 - - [25/Jun/2024:01:37:30 -0500] "POST /kwsrmcab/Wsrmcab HTTP/1.1" 200 38374
201.245.192.253 - - [25/Jun/2024:01:38:31 -0500] "POST /kwsrmcab/Wsrmcab HTTP/1.1" 200 36870
216.245.221.92 - - [25/Jun/2024:01:39:05 -0500] "HEAD / HTTP/1.1" 200 -
201.245.192.253 - - [25/Jun/2024:01:39:18 -0500] "GET /kwsrmcab/Wsrmcab?wsdl HTTP/1.1" 200 6948
66.249.66.19 - - [25/Jun/2024:01:39:32 -0500] "GET /BLA/resoluciones/AUTOS%202020/1238.pdf HTTP/1.1" 200 872872
201.245.192.253 - - [25/Jun/2024:01:39:37 -0500] "POST /kwsrmcab/Wsrmcab HTTP/1.1" 200 36708
201.245.192.253 - - [25/Jun/2024:01:39:55 -0500] "POST /kwsrmcab/Wsrmcab  HTTP/1.1" 200 213
201.245.192.253 - - [25/Jun/2024:01:40:18 -0500] "GET /kwsrmcab/Wsrmcab?wsdl HTTP/1.1" 200 6948
201.245.192.253 - - [25/Jun/2024:01:40:18 -0500] "POST /kwsrmcab/Wsrmcab HTTP/1.1" 200 36870
172.22.2.4 - - [25/Jun/2024:01:39:12 -0500] "HEAD /BLA/boletinlegal/ HTTP/1.1" 200 -
201.245.192.253 - - [25/Jun/2024:01:41:18 -0500] "GET /kwsrmcab/Wsrmcab?wsdl HTTP/1.1" 200 6948
66.249.66.21 - - [25/Jun/2024:01:41:33 -0500] "GET /BLA/resoluciones/AUTOS%202020/3918.pdf HTTP/1.1" 200 409375
66.249.66.19 - - [25/Jun/2024:01:41:34 -0500] "GET /Publicaciones/2024EE116294.pdf HTTP/1.1" 404 228
172.22.2.4 - - [25/Jun/2024:01:40:03 -0500] "GET /BLA/boletinlegal/ HTTP/1.1" 200 60380
201.245.192.253 - - [25/Jun/2024:01:42:18 -0500] "GET /kwsrmcab/Wsrmcab?wsdl HTTP/1.1" 200 6948
47.128.99.116 - - [25/Jun/2024:01:43:06 -0500] "GET /BLA/resoluciones/AUTOS%202021/0245.php?act=img&img=ext_pdf HTTP/1.1" 200 1034
47.128.99.116 - - [25/Jun/2024:01:43:06 -0500] "GET /BLA/resoluciones/AUTOS%202021/0245.php?act=img&img=ext_txt HTTP/1.1" 200 132
47.128.99.116 - - [25/Jun/2024:01:43:06 -0500] "GET /BLA/resoluciones/AUTOS%202021/0245.php?act=img&img=ext_gif HTTP/1.1" 200 175
47.128.99.116 - - [25/Jun/2024:01:43:06 -0500] "GET /BLA/resoluciones/AUTOS%202021/0245.php?act=img&img=ext_html HTTP/1.1" 200 230
47.128.99.116 - - [25/Jun/2024:01:43:06 -0500] "GET /BLA/resoluciones/AUTOS%202021/0245.php?act=img&img=ext_diz HTTP/1.1" 200 1027
47.128.99.116 - - [25/Jun/2024:01:43:07 -0500] "GET /BLA/resoluciones/AUTOS%202021/0245.php?act=img&img=ext_exe HTTP/1.1" 200 118
47.128.99.116 - - [25/Jun/2024:01:43:07 -0500] "GET /BLA/resoluciones/AUTOS%202021/0245.php?act=img&img=download HTTP/1.1" 200 161
47.128.99.116 - - [25/Jun/2024:01:43:07 -0500] "GET /BLA/resoluciones/AUTOS%202021/0245.php?act=img&img=change HTTP/1.1" 200 290
47.128.99.116 - - [25/Jun/2024:01:43:07 -0500] "GET /BLA/resoluciones/AUTOS%202021/0245.php?act=img&img=ext_rtf HTTP/1.1" 200 164
47.128.99.116 - - [25/Jun/2024:01:43:07 -0500] "GET /BLA/resoluciones/AUTOS%202021/0245.php?act=img&img=ext_ini HTTP/1.1" 200 134
201.245.192.253 - - [25/Jun/2024:01:43:18 -0500] "GET /kwsrmcab/Wsrmcab?wsdl HTTP/1.1" 200 6948
47.128.24.126 - - [25/Jun/2024:01:43:22 -0500] "GET /BLA/resoluciones/AUTOS%202021/0245.php?act=img&img=ext_txt HTTP/1.1" 200 132
47.128.24.126 - - [25/Jun/2024:01:43:22 -0500] "GET /BLA/resoluciones/AUTOS%202021/0245.php?act=img&img=ext_diz HTTP/1.1" 200 1027
47.128.24.126 - - [25/Jun/2024:01:43:22 -0500] "GET /BLA/resoluciones/AUTOS%202021/0245.php?act=img&img=ext_exe HTTP/1.1" 200 118
47.128.24.126 - - [25/Jun/2024:01:43:22 -0500] "GET /BLA/resoluciones/AUTOS%202021/0245.php?act=img&img=ext_pdf HTTP/1.1" 200 1034
47.128.24.126 - - [25/Jun/2024:01:43:22 -0500] "GET /BLA/resoluciones/AUTOS%202021/0245.php?act=img&img=ext_gif HTTP/1.1" 200 175
47.128.24.126 - - [25/Jun/2024:01:43:23 -0500] "GET /BLA/resoluciones/AUTOS%202021/0245.php?act=img&img=ext_html HTTP/1.1" 200 230
47.128.24.126 - - [25/Jun/2024:01:43:23 -0500] "GET /BLA/resoluciones/AUTOS%202021/0245.php?act=img&img=change HTTP/1.1" 200 290
47.128.24.126 - - [25/Jun/2024:01:43:23 -0500] "GET /BLA/resoluciones/AUTOS%202021/0245.php?act=img&img=ext_rtf HTTP/1.1" 200 164
47.128.24.126 - - [25/Jun/2024:01:43:23 -0500] "GET /BLA/resoluciones/AUTOS%202021/0245.php?act=img&img=ext_ini HTTP/1.1" 200 134
47.128.24.126 - - [25/Jun/2024:01:43:23 -0500] "GET /BLA/resoluciones/AUTOS%202021/0245.php?act=img&img=download HTTP/1.1" 200 161
47.128.99.116 - - [25/Jun/2024:01:43:04 -0500] "GET /BLA/resoluciones/AUTOS%202021/0245.php?act=f&d=E%3A%5Cnuevo%5Chtdocs%5CBLA%5Cresoluciones%5CAUTOS+2021%5C&f=4058.pdf&ft=info&fullhexdump=1 HTTP/1.1" 200 702041
47.128.98.134 - - [25/Jun/2024:01:43:41 -0500] "GET /BLA/resoluciones/AUTOS%202021/0245.php?act=img&img=ext_html HTTP/1.1" 200 230
47.128.98.134 - - [25/Jun/2024:01:43:41 -0500] "GET /BLA/resoluciones/AUTOS%202021/0245.php?act=img&img=ext_diz HTTP/1.1" 200 1027
47.128.98.134 - - [25/Jun/2024:01:43:41 -0500] "GET /BLA/resoluciones/AUTOS%202021/0245.php?act=img&img=ext_gif HTTP/1.1" 200 175
47.128.98.134 - - [25/Jun/2024:01:43:41 -0500] "GET /BLA/resoluciones/AUTOS%202021/0245.php?act=img&img=ext_exe HTTP/1.1" 200 118
47.128.98.134 - - [25/Jun/2024:01:43:41 -0500] "GET /BLA/resoluciones/AUTOS%202021/0245.php?act=img&img=ext_pdf HTTP/1.1" 200 1034
47.128.98.134 - - [25/Jun/2024:01:43:42 -0500] "GET /BLA/resoluciones/AUTOS%202021/0245.php?act=img&img=ext_txt HTTP/1.1" 200 132
47.128.98.134 - - [25/Jun/2024:01:43:42 -0500] "GET /BLA/resoluciones/AUTOS%202021/0245.php?act=img&img=ext_rtf HTTP/1.1" 200 164
47.128.98.134 - - [25/Jun/2024:01:43:42 -0500] "GET /BLA/resoluciones/AUTOS%202021/0245.php?act=img&img=change HTTP/1.1" 200 290
47.128.98.134 - - [25/Jun/2024:01:43:42 -0500] "GET /BLA/resoluciones/AUTOS%202021/0245.php?act=img&img=download HTTP/1.1" 200 161
47.128.98.134 - - [25/Jun/2024:01:43:42 -0500] "GET /BLA/resoluciones/AUTOS%202021/0245.php?act=img&img=ext_ini HTTP/1.1" 200 134
47.128.24.126 - - [25/Jun/2024:01:43:20 -0500] "GET /BLA/resoluciones/AUTOS%202021/0245.php?act=f&d=E%3A%5Cnuevo%5Chtdocs%5CBLA%5Cresoluciones%5CAUTOS+2021%5C&f=3831.pdf&ft=info&fullhexdump=1 HTTP/1.1" 200 700118
139.45.201.12 - - [25/Jun/2024:01:43:52 -0500] "GET /galeria/galeria/fotos/GuaymaralTorca4G.jpg HTTP/1.1" 200 373786
47.128.98.165 - - [25/Jun/2024:01:44:00 -0500] "GET /BLA/resoluciones/AUTOS%202021/0245.php?act=img&img=ext_diz HTTP/1.1" 200 1027
47.128.98.165 - - [25/Jun/2024:01:44:00 -0500] "GET /BLA/resoluciones/AUTOS%202021/0245.php?act=img&img=ext_txt HTTP/1.1" 200 132
47.128.98.165 - - [25/Jun/2024:01:44:00 -0500] "GET /BLA/resoluciones/AUTOS%202021/0245.php?act=img&img=ext_pdf HTTP/1.1" 200 1034
47.128.98.165 - - [25/Jun/2024:01:44:00 -0500] "GET /BLA/resoluciones/AUTOS%202021/0245.php?act=img&img=ext_html HTTP/1.1" 200 230
47.128.98.165 - - [25/Jun/2024:01:44:01 -0500] "GET /BLA/resoluciones/AUTOS%202021/0245.php?act=img&img=ext_gif HTTP/1.1" 200 175
47.128.98.165 - - [25/Jun/2024:01:44:01 -0500] "GET /BLA/resoluciones/AUTOS%202021/0245.php?act=img&img=change HTTP/1.1" 200 290
47.128.98.165 - - [25/Jun/2024:01:44:01 -0500] "GET /BLA/resoluciones/AUTOS%202021/0245.php?act=img&img=download HTTP/1.1" 200 161
47.128.98.165 - - [25/Jun/2024:01:44:01 -0500] "GET /BLA/resoluciones/AUTOS%202021/0245.php?act=img&img=ext_ini HTTP/1.1" 200 134
47.128.98.165 - - [25/Jun/2024:01:44:01 -0500] "GET /BLA/resoluciones/AUTOS%202021/0245.php?act=img&img=ext_rtf HTTP/1.1" 200 164
47.128.98.165 - - [25/Jun/2024:01:44:03 -0500] "GET /BLA/resoluciones/AUTOS%202021/0245.php?act=img&img=ext_exe HTTP/1.1" 200 118
216.245.221.92 - - [25/Jun/2024:01:44:05 -0500] "HEAD / HTTP/1.1" 200 -
47.128.98.134 - - [25/Jun/2024:01:43:39 -0500] "GET /BLA/resoluciones/AUTOS%202021/0245.php?act=f&d=E%3A%5Cnuevo%5Chtdocs%5CBLA%5Cresoluciones%5CAUTOS+2021%5C&f=1626.pdf&ft=info&fullhexdump=1 HTTP/1.1" 200 642774
201.245.192.253 - - [25/Jun/2024:01:44:18 -0500] "GET /kwsrmcab/Wsrmcab?wsdl HTTP/1.1" 200 6948
47.128.98.168 - - [25/Jun/2024:01:44:20 -0500] "GET /BLA/resoluciones/AUTOS%202021/0245.php?act=img&img=ext_diz HTTP/1.1" 200 1027
47.128.98.168 - - [25/Jun/2024:01:44:20 -0500] "GET /BLA/resoluciones/AUTOS%202021/0245.php?act=img&img=ext_exe HTTP/1.1" 200 118
47.128.98.168 - - [25/Jun/2024:01:44:20 -0500] "GET /BLA/resoluciones/AUTOS%202021/0245.php?act=img&img=ext_pdf HTTP/1.1" 200 1034
47.128.98.168 - - [25/Jun/2024:01:44:20 -0500] "GET /BLA/resoluciones/AUTOS%202021/0245.php?act=img&img=ext_txt HTTP/1.1" 200 132
