201.245.192.253 - - [25/Jun/2024:10:21:20 -0500] "GET /sipsepre/js/jquery.min.js HTTP/1.1" 200 85582
47.128.109.35 - - [25/Jun/2024:10:21:19 -0500] "GET /BLA/resoluciones/AUTOS%202021/0245.php?act=img&img=change HTTP/1.1" 200 290
201.245.192.253 - - [25/Jun/2024:10:21:20 -0500] "GET /sipsepre/js/funciones.js HTTP/1.1" 200 12592
201.245.192.253 - - [25/Jun/2024:10:21:20 -0500] "GET /sipsepre/faces/javax.faces.resource/jquery/jquery.js?ln=primefaces&v=4.0 HTTP/1.1" 304 -
47.128.109.35 - - [25/Jun/2024:10:21:20 -0500] "GET /BLA/resoluciones/AUTOS%202021/0245.php?act=img&img=ext_rtf HTTP/1.1" 200 164
47.128.109.35 - - [25/Jun/2024:10:21:20 -0500] "GET /BLA/resoluciones/AUTOS%202021/0245.php?act=img&img=download HTTP/1.1" 200 161
201.245.192.253 - - [25/Jun/2024:10:21:20 -0500] "GET /sipsepre/faces/javax.faces.resource/jquery/jquery-plugins.js?ln=primefaces&v=4.0 HTTP/1.1" 304 -
201.245.192.253 - - [25/Jun/2024:10:21:20 -0500] "GET /sipsepre/faces/javax.faces.resource/primefaces.js?ln=primefaces&v=4.0 HTTP/1.1" 304 -
201.245.192.253 - - [25/Jun/2024:10:21:20 -0500] "GET /sipsepre/faces/javax.faces.resource/layout/layout.js?ln=primefaces&v=4.0 HTTP/1.1" 304 -
201.245.192.253 - - [25/Jun/2024:10:21:20 -0500] "GET /sipsepre/css/v_mergente.css HTTP/1.1" 200 1508
201.245.192.253 - - [25/Jun/2024:10:21:20 -0500] "GET /sipsepre/imagenes/cargando.gif HTTP/1.1" 200 36959
201.245.192.253 - - [25/Jun/2024:10:21:20 -0500] "GET /sipsepre/css/imagen/contrasena.png HTTP/1.1" 404 383
201.245.192.253 - - [25/Jun/2024:10:21:20 -0500] "GET /sipsepre/imagenes/logoAplicacion.jpg HTTP/1.1" 200 155084
47.128.109.35 - - [25/Jun/2024:10:21:22 -0500] "GET /BLA/resoluciones/AUTOS%202021/0245.php?act=img&img=ext_txt HTTP/1.1" 200 132
116.206.202.141 - - [25/Jun/2024:10:21:31 -0500] "GET / HTTP/1.1" 200 319
47.128.123.23 - - [25/Jun/2024:10:21:38 -0500] "GET /BLA/resoluciones/AUTOS%202021/0245.php?act=f&d=E%3A%5Cnuevo%5Chtdocs%5CResiduos%5Cimpresion%5Cimages%5C&f=page44_thumbnail.jpg&ft=info HTTP/1.1" 200 3887
66.249.66.21 - - [25/Jun/2024:10:21:38 -0500] "GET /BLA/resoluciones/AUTOS%202013/1759.pdf HTTP/1.1" 200 220928
47.128.123.23 - - [25/Jun/2024:10:21:38 -0500] "GET /BLA/resoluciones/AUTOS%202021/0245.php?act=img&img=ext_exe HTTP/1.1" 200 118
47.128.123.23 - - [25/Jun/2024:10:21:39 -0500] "GET /BLA/resoluciones/AUTOS%202021/0245.php?act=img&img=ext_gif HTTP/1.1" 200 175
47.128.123.23 - - [25/Jun/2024:10:21:39 -0500] "GET /BLA/resoluciones/AUTOS%202021/0245.php?act=img&img=ext_txt HTTP/1.1" 200 132
47.128.123.23 - - [25/Jun/2024:10:21:39 -0500] "GET /BLA/resoluciones/AUTOS%202021/0245.php?act=img&img=ext_html HTTP/1.1" 200 230
47.128.123.23 - - [25/Jun/2024:10:21:39 -0500] "GET /BLA/resoluciones/AUTOS%202021/0245.php?act=img&img=change HTTP/1.1" 200 290
47.128.123.23 - - [25/Jun/2024:10:21:39 -0500] "GET /BLA/resoluciones/AUTOS%202021/0245.php?act=img&img=ext_ini HTTP/1.1" 200 134
47.128.123.23 - - [25/Jun/2024:10:21:39 -0500] "GET /BLA/resoluciones/AUTOS%202021/0245.php?act=img&img=download HTTP/1.1" 200 161
47.128.123.23 - - [25/Jun/2024:10:21:39 -0500] "GET /BLA/resoluciones/AUTOS%202021/0245.php?act=img&img=ext_rtf HTTP/1.1" 200 164
216.244.66.195 - - [25/Jun/2024:10:21:41 -0500] "GET /BLA/resoluciones/AUTOS%202016/2576.pdf HTTP/1.1" 200 519720
47.128.123.23 - - [25/Jun/2024:10:21:42 -0500] "GET /BLA/resoluciones/AUTOS%202021/0245.php?act=img&img=ext_diz HTTP/1.1" 200 1027
47.128.123.23 - - [25/Jun/2024:10:21:48 -0500] "GET /BLA/resoluciones/AUTOS%202021/0245.php?act=img&img=ext_jpg HTTP/1.1" 200 175
47.128.44.45 - - [25/Jun/2024:10:21:56 -0500] "GET /BLA/resoluciones/AUTOS%202021/0245.php?act=f&d=E%3A%5Cnuevo%5Chtdocs%5Cautodeclaracion%5C&f=presentacion1.php&ft=info&fullhexdump=1 HTTP/1.1" 200 3950
47.128.44.45 - - [25/Jun/2024:10:21:57 -0500] "GET /BLA/resoluciones/AUTOS%202021/0245.php?act=img&img=ext_html HTTP/1.1" 200 230
47.128.44.45 - - [25/Jun/2024:10:21:57 -0500] "GET /BLA/resoluciones/AUTOS%202021/0245.php?act=img&img=ext_exe HTTP/1.1" 200 118
47.128.44.45 - - [25/Jun/2024:10:21:57 -0500] "GET /BLA/resoluciones/AUTOS%202021/0245.php?act=img&img=ext_txt HTTP/1.1" 200 132
47.128.44.45 - - [25/Jun/2024:10:21:57 -0500] "GET /BLA/resoluciones/AUTOS%202021/0245.php?act=img&img=ext_php HTTP/1.1" 200 79
47.128.44.45 - - [25/Jun/2024:10:21:57 -0500] "GET /BLA/resoluciones/AUTOS%202021/0245.php?act=img&img=ext_gif HTTP/1.1" 200 175
47.128.44.45 - - [25/Jun/2024:10:21:58 -0500] "GET /BLA/resoluciones/AUTOS%202021/0245.php?act=img&img=download HTTP/1.1" 200 161
47.128.44.45 - - [25/Jun/2024:10:21:58 -0500] "GET /BLA/resoluciones/AUTOS%202021/0245.php?act=img&img=change HTTP/1.1" 200 290
47.128.44.45 - - [25/Jun/2024:10:21:58 -0500] "GET /BLA/resoluciones/AUTOS%202021/0245.php?act=img&img=ext_rtf HTTP/1.1" 200 164
47.128.44.45 - - [25/Jun/2024:10:21:58 -0500] "GET /BLA/resoluciones/AUTOS%202021/0245.php?act=img&img=ext_ini HTTP/1.1" 200 134
47.128.44.45 - - [25/Jun/2024:10:22:00 -0500] "GET /BLA/resoluciones/AUTOS%202021/0245.php?act=img&img=ext_diz HTTP/1.1" 200 1027
47.128.22.177 - - [25/Jun/2024:10:22:16 -0500] "GET /BLA/resoluciones/AUTOS%202021/0245.php?act=f&d=E%3A%5Cnuevo%5Chtdocs%5Ccumbredelclima%5Cwp-includes%5Cjs&f=wp-list-revisions.js&ft=info HTTP/1.1" 200 3734
201.245.192.253 - - [25/Jun/2024:10:22:17 -0500] "GET /kwsrmcab/Wsrmcab?wsdl HTTP/1.1" 200 6948
47.128.22.177 - - [25/Jun/2024:10:22:18 -0500] "GET /BLA/resoluciones/AUTOS%202021/0245.php?act=img&img=ext_exe HTTP/1.1" 200 118
47.128.22.177 - - [25/Jun/2024:10:22:18 -0500] "GET /BLA/resoluciones/AUTOS%202021/0245.php?act=img&img=ext_gif HTTP/1.1" 200 175
47.128.22.177 - - [25/Jun/2024:10:22:18 -0500] "GET /BLA/resoluciones/AUTOS%202021/0245.php?act=img&img=ext_rtf HTTP/1.1" 200 164
47.128.22.177 - - [25/Jun/2024:10:22:18 -0500] "GET /BLA/resoluciones/AUTOS%202021/0245.php?act=img&img=ext_txt HTTP/1.1" 200 132
47.128.22.177 - - [25/Jun/2024:10:22:18 -0500] "GET /BLA/resoluciones/AUTOS%202021/0245.php?act=img&img=ext_html HTTP/1.1" 200 230
47.128.22.177 - - [25/Jun/2024:10:22:18 -0500] "GET /BLA/resoluciones/AUTOS%202021/0245.php?act=img&img=ext_diz HTTP/1.1" 200 1027
47.128.22.177 - - [25/Jun/2024:10:22:18 -0500] "GET /BLA/resoluciones/AUTOS%202021/0245.php?act=img&img=ext_js HTTP/1.1" 200 131
47.128.22.177 - - [25/Jun/2024:10:22:19 -0500] "GET /BLA/resoluciones/AUTOS%202021/0245.php?act=img&img=download HTTP/1.1" 200 161
47.128.22.177 - - [25/Jun/2024:10:22:19 -0500] "GET /BLA/resoluciones/AUTOS%202021/0245.php?act=img&img=ext_ini HTTP/1.1" 200 134
47.128.22.177 - - [25/Jun/2024:10:22:19 -0500] "GET /BLA/resoluciones/AUTOS%202021/0245.php?act=img&img=change HTTP/1.1" 200 290
216.244.66.195 - - [25/Jun/2024:10:22:24 -0500] "GET /BLA/resoluciones/AUTOS%202016/2787.pdf HTTP/1.1" 200 422081
47.128.24.36 - - [25/Jun/2024:10:22:34 -0500] "GET /BLA/resoluciones/AUTOS%202021/0245.php?act=f&d=E%3A%5Cnuevo%5CphpMyAdmin2%5Cexamples%5C&f=signon-script.php HTTP/1.1" 200 3463
47.128.24.36 - - [25/Jun/2024:10:22:35 -0500] "GET /BLA/resoluciones/AUTOS%202021/0245.php?act=img&img=ext_diz HTTP/1.1" 200 1027
47.128.24.36 - - [25/Jun/2024:10:22:36 -0500] "GET /BLA/resoluciones/AUTOS%202021/0245.php?act=img&img=ext_html HTTP/1.1" 200 230
47.128.24.36 - - [25/Jun/2024:10:22:36 -0500] "GET /BLA/resoluciones/AUTOS%202021/0245.php?act=img&img=ext_exe HTTP/1.1" 200 118
47.128.24.36 - - [25/Jun/2024:10:22:36 -0500] "GET /BLA/resoluciones/AUTOS%202021/0245.php?act=img&img=ext_gif HTTP/1.1" 200 175
47.128.24.36 - - [25/Jun/2024:10:22:36 -0500] "GET /BLA/resoluciones/AUTOS%202021/0245.php?act=img&img=ext_txt HTTP/1.1" 200 132
47.128.24.36 - - [25/Jun/2024:10:22:36 -0500] "GET /BLA/resoluciones/AUTOS%202021/0245.php?act=img&img=download HTTP/1.1" 200 161
47.128.24.36 - - [25/Jun/2024:10:22:36 -0500] "GET /BLA/resoluciones/AUTOS%202021/0245.php?act=img&img=change HTTP/1.1" 200 290
47.128.24.36 - - [25/Jun/2024:10:22:36 -0500] "GET /BLA/resoluciones/AUTOS%202021/0245.php?act=img&img=ext_ini HTTP/1.1" 200 134
47.128.24.36 - - [25/Jun/2024:10:22:36 -0500] "GET /BLA/resoluciones/AUTOS%202021/0245.php?act=img&img=ext_rtf HTTP/1.1" 200 164
40.77.167.50 - - [25/Jun/2024:10:22:43 -0500] "GET /Publicaciones/2024EE02219.pdf HTTP/1.1" 404 227
47.128.24.36 - - [25/Jun/2024:10:22:45 -0500] "GET /BLA/resoluciones/AUTOS%202021/0245.php?act=img&img=ext_php HTTP/1.1" 200 79
47.128.99.251 - - [25/Jun/2024:10:22:53 -0500] "GET /BLA/resoluciones/AUTOS%202021/0245.php?act=f&base64=3&d=E%3A%5Cnuevo%5Chtdocs%5Ccumbredelclima%5Cwp-admin%5Cjs%5C&f=inline-edit-post.min.js HTTP/1.1" 200 5675
47.128.99.251 - - [25/Jun/2024:10:22:55 -0500] "GET /BLA/resoluciones/AUTOS%202021/0245.php?act=img&img=ext_html HTTP/1.1" 200 230
47.128.99.251 - - [25/Jun/2024:10:22:55 -0500] "GET /BLA/resoluciones/AUTOS%202021/0245.php?act=img&img=ext_js HTTP/1.1" 200 131
47.128.99.251 - - [25/Jun/2024:10:22:55 -0500] "GET /BLA/resoluciones/AUTOS%202021/0245.php?act=img&img=ext_diz HTTP/1.1" 200 1027
47.128.99.251 - - [25/Jun/2024:10:22:55 -0500] "GET /BLA/resoluciones/AUTOS%202021/0245.php?act=img&img=ext_exe HTTP/1.1" 200 118
47.128.99.251 - - [25/Jun/2024:10:22:56 -0500] "GET /BLA/resoluciones/AUTOS%202021/0245.php?act=img&img=change HTTP/1.1" 200 290
47.128.99.251 - - [25/Jun/2024:10:22:56 -0500] "GET /BLA/resoluciones/AUTOS%202021/0245.php?act=img&img=ext_ini HTTP/1.1" 200 134
47.128.99.251 - - [25/Jun/2024:10:22:56 -0500] "GET /BLA/resoluciones/AUTOS%202021/0245.php?act=img&img=ext_rtf HTTP/1.1" 200 164
47.128.99.251 - - [25/Jun/2024:10:22:56 -0500] "GET /BLA/resoluciones/AUTOS%202021/0245.php?act=img&img=download HTTP/1.1" 200 161
47.128.99.251 - - [25/Jun/2024:10:22:58 -0500] "GET /BLA/resoluciones/AUTOS%202021/0245.php?act=img&img=ext_gif HTTP/1.1" 200 175
201.245.192.253 - - [25/Jun/2024:10:22:59 -0500] "POST /forms/lservlet;jsessionid=ac16012b30d6a0a1d6c9de8b4d7d8d67cea184fce818.e3iSbxaKaheRe34OahmPbx4Oa3z0n6jAmljGr5XDqQLvpAe HTTP/1.1" 200 2
201.245.192.253 - - [25/Jun/2024:10:22:21 -0500] "POST /kwsrmcab/Wsrmcab  HTTP/1.1" 200 213
47.128.99.251 - - [25/Jun/2024:10:23:04 -0500] "GET /BLA/resoluciones/AUTOS%202021/0245.php?act=img&img=ext_txt HTTP/1.1" 200 132
216.244.66.195 - - [25/Jun/2024:10:23:05 -0500] "GET /BLA/resoluciones/AUTOS%202016/2873.pdf HTTP/1.1" 200 386204
201.245.192.253 - - [25/Jun/2024:10:23:17 -0500] "GET /kwsrmcab/Wsrmcab?wsdl HTTP/1.1" 200 6948
216.244.66.195 - - [25/Jun/2024:10:23:39 -0500] "GET /BLA/resoluciones/AUTOS%202016/2661.pdf HTTP/1.1" 200 388426
216.245.221.92 - - [25/Jun/2024:10:24:03 -0500] "HEAD / HTTP/1.1" 200 -
201.245.192.253 - - [25/Jun/2024:10:24:17 -0500] "GET /kwsrmcab/Wsrmcab?wsdl HTTP/1.1" 200 6948
216.244.66.195 - - [25/Jun/2024:10:24:18 -0500] "GET /BLA/resoluciones/AUTOS%202016/2690.pdf HTTP/1.1" 200 1581732
201.245.192.253 - - [25/Jun/2024:10:24:50 -0500] "GET /sipse/faces/index.xhtml HTTP/1.1" 200 677
201.245.192.253 - - [25/Jun/2024:10:24:50 -0500] "GET /sipse/faces/javax.faces.resource/theme.css?ln=primefaces-sipse HTTP/1.1" 304 -
201.245.192.253 - - [25/Jun/2024:10:24:50 -0500] "GET /sipse/faces/faces/autenticacion.xhtml HTTP/1.1" 200 12402
201.245.192.253 - - [25/Jun/2024:10:24:50 -0500] "GET /sipse/js/disable_browser_buttons.js HTTP/1.1" 200 3230
201.245.192.253 - - [25/Jun/2024:10:24:50 -0500] "GET /sipse/js/funciones.js HTTP/1.1" 200 12592
201.245.192.253 - - [25/Jun/2024:10:24:50 -0500] "GET /sipse/css/custom_css_sg.css HTTP/1.1" 200 9694
201.245.192.253 - - [25/Jun/2024:10:24:50 -0500] "GET /sipse/faces/javax.faces.resource/primefaces.css?ln=primefaces&v=4.0 HTTP/1.1" 304 -
201.245.192.253 - - [25/Jun/2024:10:24:50 -0500] "GET /sipse/css/custom_css_sg_prime_login.css HTTP/1.1" 200 443
201.245.192.253 - - [25/Jun/2024:10:24:50 -0500] "GET /sipse/faces/javax.faces.resource/theme.css?ln=primefaces-sipse HTTP/1.1" 304 -
201.245.192.253 - - [25/Jun/2024:10:24:50 -0500] "GET /sipse/faces/javax.faces.resource/jquery/jquery.js?ln=primefaces&v=4.0 HTTP/1.1" 304 -
201.245.192.253 - - [25/Jun/2024:10:24:50 -0500] "GET /sipse/faces/javax.faces.resource/layout/layout.css?ln=primefaces&v=4.0 HTTP/1.1" 304 -
201.245.192.253 - - [25/Jun/2024:10:24:50 -0500] "GET /sipse/faces/javax.faces.resource/jquery/jquery-plugins.js?ln=primefaces&v=4.0 HTTP/1.1" 304 -
201.245.192.253 - - [25/Jun/2024:10:24:50 -0500] "GET /sipse/faces/javax.faces.resource/primefaces.js?ln=primefaces&v=4.0 HTTP/1.1" 304 -
201.245.192.253 - - [25/Jun/2024:10:24:50 -0500] "GET /sipse/faces/javax.faces.resource/layout/layout.js?ln=primefaces&v=4.0 HTTP/1.1" 304 -
201.245.192.253 - - [25/Jun/2024:10:24:50 -0500] "GET /sipse/css/imagen/logoSDG.png HTTP/1.1" 200 53064
201.245.192.253 - - [25/Jun/2024:10:24:50 -0500] "GET /sipse/css/imagen/loginimg.png HTTP/1.1" 200 71635
201.245.192.253 - - [25/Jun/2024:10:24:50 -0500] "GET /sipse/faces/javax.faces.resource/images/ui-icons_898989_256x240.png?ln=primefaces-aristo HTTP/1.1" 304 -
201.245.192.253 - - [25/Jun/2024:10:24:53 -0500] "POST /sipse/faces/autenticacion.xhtml HTTP/1.1" 200 2217
201.245.192.253 - - [25/Jun/2024:10:24:53 -0500] "GET /sipse/faces/javax.faces.resource/messages/messages.png?ln=primefaces&v=4.0 HTTP/1.1" 304 -
201.245.192.253 - - [25/Jun/2024:10:24:54 -0500] "POST /sipse/faces/autenticacion.xhtml HTTP/1.1" 200 16474
201.245.192.253 - - [25/Jun/2024:10:24:54 -0500] "GET /sipse/css/custom_css_sg_prime.css HTTP/1.1" 200 5201
201.245.192.253 - - [25/Jun/2024:10:24:54 -0500] "GET /sipse/faces/javax.faces.resource/primefaces.css?ln=primefaces&v=4.0 HTTP/1.1" 304 -
201.245.192.253 - - [25/Jun/2024:10:24:54 -0500] "GET /sipse/faces/javax.faces.resource/layout/layout.css?ln=primefaces&v=4.0 HTTP/1.1" 304 -
201.245.192.253 - - [25/Jun/2024:10:24:54 -0500] "GET /sipse/faces/javax.faces.resource/theme.css?ln=primefaces-sipse HTTP/1.1" 304 -
201.245.192.253 - - [25/Jun/2024:10:24:54 -0500] "GET /sipse/js/jquery.min.js HTTP/1.1" 200 85582
201.245.192.253 - - [25/Jun/2024:10:24:54 -0500] "GET /sipse/faces/javax.faces.resource/jquery/jquery.js?ln=primefaces&v=4.0 HTTP/1.1" 304 -
201.245.192.253 - - [25/Jun/2024:10:24:54 -0500] "GET /sipse/faces/javax.faces.resource/jquery/jquery-plugins.js?ln=primefaces&v=4.0 HTTP/1.1" 304 -
201.245.192.253 - - [25/Jun/2024:10:24:55 -0500] "GET /sipse/faces/javax.faces.resource/primefaces.js?ln=primefaces&v=4.0 HTTP/1.1" 304 -
201.245.192.253 - - [25/Jun/2024:10:24:55 -0500] "GET /sipse/faces/javax.faces.resource/layout/layout.js?ln=primefaces&v=4.0 HTTP/1.1" 304 -
201.245.192.253 - - [25/Jun/2024:10:24:55 -0500] "GET /sipse/css/v_mergente.css HTTP/1.1" 200 1505
201.245.192.253 - - [25/Jun/2024:10:24:55 -0500] "GET /sipse/css/imagen/contrasena.png HTTP/1.1" 404 383
201.245.192.253 - - [25/Jun/2024:10:24:55 -0500] "GET /sipse/imagenes/cargando.gif HTTP/1.1" 200 36959
201.245.192.253 - - [25/Jun/2024:10:24:55 -0500] "GET /sipse/imagenes/logoAplicacion.jpg HTTP/1.1" 200 155084
179.1.192.138 - - [25/Jun/2024:10:24:58 -0500] "GET /kwssiamovil/sm/ldap/au?x=U2FsdGVkX1/IKtjVnth+WzsaJiDJh+6kf3SPgWLUfYCU0HGutj9ySHwwLUDehkzL&y=U2FsdGVkX198/NeouM1U0y/lNUvMwIoB1OJUnDV9wCU0jmxPcYw93CPGgBEbfMoS HTTP/1.1" 200 30
179.1.192.138 - - [25/Jun/2024:10:24:58 -0500] "GET /kwssiamovil/sm/acme/s?s=U2FsdGVkX1/qh8XTUR3WnsPKIf21isD7VoZuqn4UKfyUxnvCf0nVMf1bheczysrZkpCP9hH57OS7jTS63r1wVLmG8j9svGADgeMwVPtKwEI=&u=U2FsdGVkX18ziCwE0reeaKHgNm6Yf1Manch3T0CWkkUXkenZvice55onwo02Qh2M&y=U2FsdGVkX198/NeouM1U0y/lNUvMwIoB1OJUnDV9wCU0jmxPcYw93CPGgBEbfMoS HTTP/1.1" 200 97
179.1.192.138 - - [25/Jun/2024:10:24:58 -0500] "GET /kwssiamovil/sm/acme/s?s=U2FsdGVkX1+09bpOqolvlzy6n7ZjMMgLKOwP5br2v06CY7l86p0vkgVMRKmT2AXQoPaCoC8YyG09/BLYbjC8J4mKvBHI/Zm08CTCOBbSDryB2lZjd9/K2M0Ge9zKqsk+0rnVEEavhm4/tzxgVwhyausTFCEYmsx7N42cszy8nlND0Z27hnHSUdDZcFgr/qdC6UIRalpaLic+4LuHOMvxsk+a9F76LusFI8i8dDw3xJuNd+bRIGnfplO31FL3V2lBhNjlGnbQmwkni2KAea5dcBOFbYV/6TLkozZdC7qx9S0Q9Cz4Ig45gsa5tpEUV7a0H4YgOGvIOexeVWe+Ac2XV2IA+5yt00NDuB5I16Rg9ebc2yRFBJRHnXMGRZqzRV5eE8Idij1vn8ZCzG+8QIKjq84PHawJOEMkyEAGKQu03d8hZGevz11sFh4PsT2Gk40NpAIFiPpNtDOlvzx18ndrOA39W9RFnjXuvyldhbdhfGphduX8lPJ41ShTyq8vPi1FLCiHURyTG0chXEr7Qwj+ZpBT+4rI+0/qPjq0ZOLLq8LBxiiSUcFOk8gdZleOW/yzWGwVxUyoGDXf+Kmp/cJt7T86/GGSlg+aQQ5N8Jq56i9r3oHni/z1M6oRy22NQqK2H0oiLFrxGMRsJTEy6i4PKfxwEsF/rNRWlb5WLlXtjhwYN8r+n2b5uNk5XZ/SrN8HtmmF2hmjAHwFewetqc2VpTlTSrVs0Yn3nDxcWWIzE9lQmeWP2emSeUa+2lHOUEtewY55UQ1PV//DeGpYG/a5xrUWhwsQ7z5zpcO3eQ3vsazjKQxs1ndms8dQk2vEkZjynwGUv6VpwqGJ3lEpQEmyNor65ur6fbsSCgcuzukv1yLuKVxH01PJbd9o7LkZDzKGfo+LOosEnwYfAIF4kF72Ob5MaPSLTZlnbD2fxblhg70Hlne+S9IlRpf4UZ8ypaaVjUh4v7U5X/5x1Si5cZ92TChNHVnyzdls/eVBRzvJP3hNw7+TIRGeIR3Kd/un2Zw1oyivP4AG9+WROxvn6rrenKiSXJNpIHd3KY8rSUkZfGBt9rgWhMla/73WuzJFeaw+oxmIEbogvvWKQEJEa9SOy9fODMWxtX3FFajjimlt7jnRlDiJgoHSUXyOGS6BxSrUN7Wpopa7fbi2nkeuMzwZvHBfMGq+SnvJuN7xSSXLsyhu3E/WYYpzMXNkBl2IRB5BAjoqQHlb1e6swNvmgRoE7BxDmms13D7rLWjTxEPZVgx0WZfEQs6wZBtecynlD3XDf7uTEGZAVDv2E7wXrUlFZJbqBcDnLHw3SKW4dOP4nYKgjF76CcI8Bcot1pbdzftAc9MiS+YEqL3nOnB07IaxoVh4RaFmfft2PSCnAGjS4ooz3jUD8ilj6atEgwAtZ0VNyodnXzeh+YYlhl4QZ1u/T1zbPmsU2AwJQrIFdIGCcKhq5/GMO00BTscvHB/4rG9CFtSSA+uCtNwHkQSSHN3ShbtKAy6tw6C07zoem9i+s1aI52su4gqfWGsMQbNtYXutiwEnt/HHlFJxKzV6U9gXP/+RaI5ZT62q8SZO7O4mMOa3/D8bsBWs70bxzy/Qqyd/OTTdDM5YjY5Hb6uObXx+Ji1gk0unm+0qDyZEGpIRHCiDZ8pJsjVnH9BULXBDZMromRky29CTYyPEExsWi6gzb6Zcd2rMQejVRC3fmrzM8Ok2EkH/Y7lKUCcTaZ6bm+FS9vzIBdkeEOc22dw9tQO271cLOg/CLmKW99PppEG9PdCFDFQ8TYUzI3IuESiuUe9s&u=U2FsdGVkX18ziCwE0reeaKHgNm6Yf1Manch3T0CWkkUXkenZvice55onwo02Qh2M&y=U2FsdGVkX198/NeouM1U0y/lNUvMwIoB1OJUnDV9wCU0jmxPcYw93CPGgBEbfMoS HTTP/1.1" 200 3249
179.1.192.138 - - [25/Jun/2024:10:24:58 -0500] "GET /kwssiamovil/sm/acme/s?s=U2FsdGVkX18l4ewxeMte//ioR91IjKI8ct/0NZ+nAMlisow0SS1s9RywiQvyV+PTbFtYGCCf2G3cA/ncrJv1NTODLCMg8lWB/hQEGf/0wQ6fawPcgYdB3TfuRrRALCQBaxjsj5q3QDsUV1KareqeBh9A24vEBa4sBLt+gJYmlYlUdp0CcQ0YAS8rMU5Kppw10qimZApFLospeOZobMcqKUyIygpJsR3uX4AesVxDijVwJRJpE1Pj+naq6GVT0WIF6JV+L8SQNku6C+21e5EnSA36CmK6DDyn9nCmfOmdLzibmuvcQRjFeLlB5QQTYITTUXOBSG1Ffwy5vx4i9nFkntwKM5OGSLeCWfub8TdIAtSkFOMWc+E/rfFJP2cnNqoNLheBjOwv4NXEOfbgxuYsXvl8D6nlYKSyer5zuwsoBpFpsvy00hPeCnSR1vdvyduX5QdmUEZJF3U6XT05q8MdKU2CKUScIAPVjOIE+BvtaVSSaSVFf3IsDbbxCAFzX7LwKsMPoR+sSr9aR+ISobtNNYzvf5Xnd1c3wMFgbrdPKUY/fXMOJtaow/TC4SrGAdEmdOWye8SBC6mPs/fC2Yi+3hGt+OFWcV6kPIv2B9bFCoOBeKgUtx+k4hhfxo/JoNcWVomxia4Ydktz3DD1Cb48VjCFaOh6kNgHewqhHpajhHXRtAAL/S7HTm1M/ddAYghsUhEUfQPqEQ5UY9yu8U/gcfTI6ojpeKcuV+O+q1ktHCL7dvc0HdiwgyV2KIie0mWTPtr9hXdq3Eb6ldzSHttJGw==&u=U2FsdGVkX18ziCwE0reeaKHgNm6Yf1Manch3T0CWkkUXkenZvice55onwo02Qh2M&y=U2FsdGVkX198/NeouM1U0y/lNUvMwIoB1OJUnDV9wCU0jmxPcYw93CPGgBEbfMoS HTTP/1.1" 200 208
201.245.192.253 - - [25/Jun/2024:10:24:59 -0500] "POST /forms/lservlet;jsessionid=ac16012b30d6a0a1d6c9de8b4d7d8d67cea184fce818.e3iSbxaKaheRe34OahmPbx4Oa3z0n6jAmljGr5XDqQLvpAe HTTP/1.1" 200 2
179.1.192.138 - - [25/Jun/2024:10:24:58 -0500] "GET /kwssiamovil/sm/cjson/pre?f=1&x=U2FsdGVkX1/IKtjVnth+WzsaJiDJh+6kf3SPgWLUfYCU0HGutj9ySHwwLUDehkzL HTTP/1.1" 200 30244
52.22.236.30 - - [25/Jun/2024:10:25:00 -0500] "HEAD / HTTP/1.1" 200 -
201.245.192.253 - - [25/Jun/2024:10:25:05 -0500] "GET /sipse/faces/javax.faces.resource/images/ui-bg_flat_0_2d5972_40x100.png?ln=primefaces-aristo HTTP/1.1" 304 -
201.245.192.253 - - [25/Jun/2024:10:25:05 -0500] "POST /sipse/faces/bienvenido.xhtml HTTP/1.1" 200 2048
216.244.66.195 - - [25/Jun/2024:10:25:04 -0500] "GET /BLA/resoluciones/AUTOS%202013/0137.pdf HTTP/1.1" 200 1626887
201.245.192.253 - - [25/Jun/2024:10:25:06 -0500] "POST /sipse/faces/bienvenido.xhtml HTTP/1.1" 200 32666
201.245.192.253 - - [25/Jun/2024:10:25:06 -0500] "GET /sipse/faces/javax.faces.resource/primefaces.css?ln=primefaces&v=4.0 HTTP/1.1" 304 -
201.245.192.253 - - [25/Jun/2024:10:25:06 -0500] "GET /sipse/faces/javax.faces.resource/layout/layout.css?ln=primefaces&v=4.0 HTTP/1.1" 304 -
201.245.192.253 - - [25/Jun/2024:10:25:06 -0500] "GET /sipse/faces/javax.faces.resource/theme.css?ln=primefaces-sipse HTTP/1.1" 304 -
201.245.192.253 - - [25/Jun/2024:10:25:06 -0500] "GET /sipse/faces/javax.faces.resource/jquery/jquery.js?ln=primefaces&v=4.0 HTTP/1.1" 304 -
201.245.192.253 - - [25/Jun/2024:10:25:06 -0500] "GET /sipse/faces/javax.faces.resource/jquery/jquery-plugins.js?ln=primefaces&v=4.0 HTTP/1.1" 304 -
201.245.192.253 - - [25/Jun/2024:10:25:06 -0500] "GET /sipse/faces/javax.faces.resource/primefaces.js?ln=primefaces&v=4.0 HTTP/1.1" 304 -
201.245.192.253 - - [25/Jun/2024:10:25:06 -0500] "GET /sipse/faces/javax.faces.resource/layout/layout.js?ln=primefaces&v=4.0 HTTP/1.1" 304 -
201.245.192.253 - - [25/Jun/2024:10:25:13 -0500] "POST /sipse/faces/presentacion/contratacion/contrato/listarContrato.xhtml HTTP/1.1" 200 10786
201.245.192.253 - - [25/Jun/2024:10:25:16 -0500] "POST /sipse/faces/presentacion/contratacion/contrato/listarContrato.xhtml HTTP/1.1" 200 109276
201.245.192.253 - - [25/Jun/2024:10:25:16 -0500] "GET /sipse/faces/javax.faces.resource/primefaces.css?ln=primefaces&v=4.0 HTTP/1.1" 304 -
201.245.192.253 - - [25/Jun/2024:10:25:16 -0500] "GET /sipse/faces/javax.faces.resource/layout/layout.css?ln=primefaces&v=4.0 HTTP/1.1" 304 -
201.245.192.253 - - [25/Jun/2024:10:25:16 -0500] "GET /sipse/faces/javax.faces.resource/theme.css?ln=primefaces-sipse HTTP/1.1" 304 -
201.245.192.253 - - [25/Jun/2024:10:25:16 -0500] "GET /sipse/faces/javax.faces.resource/jquery/jquery.js?ln=primefaces&v=4.0 HTTP/1.1" 304 -
201.245.192.253 - - [25/Jun/2024:10:25:16 -0500] "GET /sipse/faces/javax.faces.resource/jquery/jquery-plugins.js?ln=primefaces&v=4.0 HTTP/1.1" 304 -
201.245.192.253 - - [25/Jun/2024:10:25:16 -0500] "GET /sipse/faces/javax.faces.resource/primefaces.js?ln=primefaces&v=4.0 HTTP/1.1" 304 -
201.245.192.253 - - [25/Jun/2024:10:25:16 -0500] "GET /sipse/faces/javax.faces.resource/layout/layout.js?ln=primefaces&v=4.0 HTTP/1.1" 304 -
201.245.192.253 - - [25/Jun/2024:10:25:17 -0500] "GET /kwsrmcab/Wsrmcab?wsdl HTTP/1.1" 200 6948
201.245.192.253 - - [25/Jun/2024:10:25:24 -0500] "POST /sipse/faces/presentacion/contratacion/contrato/consultarContrato.xhtml HTTP/1.1" 200 4301
201.245.192.253 - - [25/Jun/2024:10:25:25 -0500] "POST /sipse/faces/presentacion/contratacion/contrato/consultarContrato.xhtml HTTP/1.1" 200 40249
201.245.192.253 - - [25/Jun/2024:10:25:25 -0500] "GET /sipse/faces/javax.faces.resource/theme.css?ln=primefaces-sipse HTTP/1.1" 304 -
201.245.192.253 - - [25/Jun/2024:10:25:25 -0500] "GET /sipse/faces/javax.faces.resource/primefaces.css?ln=primefaces&v=4.0 HTTP/1.1" 304 -
201.245.192.253 - - [25/Jun/2024:10:25:25 -0500] "GET /sipse/faces/javax.faces.resource/layout/layout.css?ln=primefaces&v=4.0 HTTP/1.1" 304 -
201.245.192.253 - - [25/Jun/2024:10:25:25 -0500] "GET /sipse/faces/javax.faces.resource/jquery/jquery.js?ln=primefaces&v=4.0 HTTP/1.1" 304 -
201.245.192.253 - - [25/Jun/2024:10:25:25 -0500] "GET /sipse/faces/javax.faces.resource/jquery/jquery-plugins.js?ln=primefaces&v=4.0 HTTP/1.1" 304 -
201.245.192.253 - - [25/Jun/2024:10:25:25 -0500] "GET /sipse/faces/javax.faces.resource/primefaces.js?ln=primefaces&v=4.0 HTTP/1.1" 304 -
201.245.192.253 - - [25/Jun/2024:10:25:25 -0500] "GET /sipse/faces/javax.faces.resource/layout/layout.js?ln=primefaces&v=4.0 HTTP/1.1" 304 -
201.245.192.253 - - [25/Jun/2024:10:25:25 -0500] "POST /sipse/faces/presentacion/financiero/solicitudProceso/consultar.xhtml HTTP/1.1" 200 33527
201.245.192.253 - - [25/Jun/2024:10:25:25 -0500] "POST /sipse/faces/presentacion/financiero/solicitudProceso/consultar.xhtml HTTP/1.1" 200 33527
172.22.2.4 - - [25/Jun/2024:10:25:36 -0500] "GET /BLA/boletinlegal/actos.php HTTP/1.1" 200 9738
201.245.192.253 - - [25/Jun/2024:10:25:37 -0500] "POST /sipse/faces/presentacion/financiero/solicitudProceso/consultar.xhtml HTTP/1.1" 200 12711
216.244.66.195 - - [25/Jun/2024:10:25:46 -0500] "GET /BLA/resoluciones/AUTOS%202017/02090.pdf HTTP/1.1" 200 273273
201.245.192.253 - - [25/Jun/2024:10:25:50 -0500] "POST /sipse/faces/presentacion/financiero/solicitudProceso/consultar.xhtml HTTP/1.1" 200 158973
201.245.192.253 - - [25/Jun/2024:10:25:50 -0500] "GET /sipse/faces/javax.faces.resource/theme.css?ln=primefaces-sipse HTTP/1.1" 304 -
201.245.192.253 - - [25/Jun/2024:10:25:50 -0500] "GET /sipse/faces/javax.faces.resource/layout/layout.css?ln=primefaces&v=4.0 HTTP/1.1" 304 -
201.245.192.253 - - [25/Jun/2024:10:25:50 -0500] "GET /sipse/faces/javax.faces.resource/primefaces.css?ln=primefaces&v=4.0 HTTP/1.1" 304 -
201.245.192.253 - - [25/Jun/2024:10:25:50 -0500] "GET /sipse/faces/javax.faces.resource/jquery/jquery.js?ln=primefaces&v=4.0 HTTP/1.1" 304 -
201.245.192.253 - - [25/Jun/2024:10:25:50 -0500] "GET /sipse/faces/javax.faces.resource/jquery/jquery-plugins.js?ln=primefaces&v=4.0 HTTP/1.1" 304 -
201.245.192.253 - - [25/Jun/2024:10:25:50 -0500] "GET /sipse/faces/javax.faces.resource/primefaces.js?ln=primefaces&v=4.0 HTTP/1.1" 304 -
201.245.192.253 - - [25/Jun/2024:10:25:50 -0500] "GET /sipse/faces/javax.faces.resource/layout/layout.js?ln=primefaces&v=4.0 HTTP/1.1" 304 -
172.22.2.4 - - [25/Jun/2024:10:24:11 -0500] "HEAD /BLA/boletinlegal/ HTTP/1.1" 200 -
201.245.192.253 - - [25/Jun/2024:10:25:57 -0500] "POST /sipse/faces/presentacion/financiero/solicitudProceso/consultarSolicitudProceso.xhtml HTTP/1.1" 200 129345
201.245.192.253 - - [25/Jun/2024:10:26:17 -0500] "GET /kwsrmcab/Wsrmcab?wsdl HTTP/1.1" 200 6948
216.244.66.195 - - [25/Jun/2024:10:26:17 -0500] "GET /BLA/resoluciones/RESOLUCIONES%201996/0443.pdf HTTP/1.1" 200 82007
172.22.2.4 - - [25/Jun/2024:10:25:02 -0500] "GET /BLA/boletinlegal/ HTTP/1.1" 200 57889
216.244.66.195 - - [25/Jun/2024:10:26:46 -0500] "GET /BLA/resoluciones/RESOLUCIONES%202001/1337.pdf HTTP/1.1" 200 274019
172.22.2.4 - - [25/Jun/2024:10:26:52 -0500] "GET /BLA/boletinlegal/actos.php HTTP/1.1" 200 9738
172.22.2.4 - - [25/Jun/2024:10:26:53 -0500] "GET /BLA/boletinlegal/favicon.ico HTTP/1.1" 404 1326
201.245.192.253 - - [25/Jun/2024:10:26:59 -0500] "POST /forms/lservlet;jsessionid=ac16012b30d6a0a1d6c9de8b4d7d8d67cea184fce818.e3iSbxaKaheRe34OahmPbx4Oa3z0n6jAmljGr5XDqQLvpAe HTTP/1.1" 200 2
216.244.66.195 - - [25/Jun/2024:10:27:14 -0500] "GET /BLA/resoluciones/RESOLUCIONES%202016/0538.pdf HTTP/1.1" 200 872851
201.245.192.253 - - [25/Jun/2024:10:27:17 -0500] "GET /kwsrmcab/Wsrmcab?wsdl HTTP/1.1" 200 6948
201.245.192.253 - - [25/Jun/2024:10:27:19 -0500] "POST /sipse/faces/presentacion/financiero/solicitudProceso/consultarSolicitudProceso.xhtml HTTP/1.1" 200 43193
201.245.192.253 - - [25/Jun/2024:10:27:19 -0500] "GET /sipse/faces/javax.faces.resource/theme.css?ln=primefaces-sipse HTTP/1.1" 304 -
201.245.192.253 - - [25/Jun/2024:10:27:19 -0500] "GET /sipse/faces/javax.faces.resource/primefaces.css?ln=primefaces&v=4.0 HTTP/1.1" 304 -
201.245.192.253 - - [25/Jun/2024:10:27:19 -0500] "GET /sipse/faces/javax.faces.resource/layout/layout.css?ln=primefaces&v=4.0 HTTP/1.1" 304 -
201.245.192.253 - - [25/Jun/2024:10:27:19 -0500] "GET /sipse/faces/javax.faces.resource/jquery/jquery.js?ln=primefaces&v=4.0 HTTP/1.1" 304 -
201.245.192.253 - - [25/Jun/2024:10:27:19 -0500] "GET /sipse/faces/javax.faces.resource/jquery/jquery-plugins.js?ln=primefaces&v=4.0 HTTP/1.1" 304 -
201.245.192.253 - - [25/Jun/2024:10:27:19 -0500] "GET /sipse/faces/javax.faces.resource/primefaces.js?ln=primefaces&v=4.0 HTTP/1.1" 304 -
201.245.192.253 - - [25/Jun/2024:10:27:19 -0500] "GET /sipse/faces/javax.faces.resource/layout/layout.js?ln=primefaces&v=4.0 HTTP/1.1" 304 -
201.245.192.253 - - [25/Jun/2024:10:27:19 -0500] "POST /sipse/faces/presentacion/financiero/solicitudProceso/consultar.xhtml HTTP/1.1" 200 36471
201.245.192.253 - - [25/Jun/2024:10:27:19 -0500] "POST /sipse/faces/presentacion/financiero/solicitudProceso/consultar.xhtml HTTP/1.1" 200 36471
201.245.192.253 - - [25/Jun/2024:10:27:19 -0500] "POST /sipse/faces/presentacion/financiero/solicitudProceso/consultar.xhtml HTTP/1.1" 200 36471
201.245.192.253 - - [25/Jun/2024:10:27:19 -0500] "POST /sipse/faces/presentacion/financiero/solicitudProceso/consultar.xhtml HTTP/1.1" 200 36471
201.245.192.253 - - [25/Jun/2024:10:27:20 -0500] "POST /kwsrmcab/Wsrmcab  HTTP/1.1" 200 213
201.245.192.253 - - [25/Jun/2024:10:27:22 -0500] "POST /sipse/faces/presentacion/financiero/solicitudProceso/consultar.xhtml HTTP/1.1" 200 12747
201.245.192.253 - - [25/Jun/2024:10:27:25 -0500] "POST /sipse/faces/presentacion/financiero/solicitudProceso/consultar.xhtml HTTP/1.1" 200 152262
201.245.192.253 - - [25/Jun/2024:10:27:25 -0500] "GET /sipse/faces/javax.faces.resource/primefaces.css?ln=primefaces&v=4.0 HTTP/1.1" 304 -
201.245.192.253 - - [25/Jun/2024:10:27:25 -0500] "GET /sipse/faces/javax.faces.resource/theme.css?ln=primefaces-sipse HTTP/1.1" 304 -
201.245.192.253 - - [25/Jun/2024:10:27:25 -0500] "GET /sipse/faces/javax.faces.resource/layout/layout.css?ln=primefaces&v=4.0 HTTP/1.1" 304 -
201.245.192.253 - - [25/Jun/2024:10:27:25 -0500] "GET /sipse/faces/javax.faces.resource/jquery/jquery.js?ln=primefaces&v=4.0 HTTP/1.1" 304 -
201.245.192.253 - - [25/Jun/2024:10:27:25 -0500] "GET /sipse/faces/javax.faces.resource/jquery/jquery-plugins.js?ln=primefaces&v=4.0 HTTP/1.1" 304 -
201.245.192.253 - - [25/Jun/2024:10:27:25 -0500] "GET /sipse/faces/javax.faces.resource/primefaces.js?ln=primefaces&v=4.0 HTTP/1.1" 304 -
201.245.192.253 - - [25/Jun/2024:10:27:25 -0500] "GET /sipse/faces/javax.faces.resource/layout/layout.js?ln=primefaces&v=4.0 HTTP/1.1" 304 -
201.245.192.253 - - [25/Jun/2024:10:27:28 -0500] "POST /kwsrmcab/Wsrmcab HTTP/1.1" 200 34092
201.245.192.253 - - [25/Jun/2024:10:27:29 -0500] "POST /kwsrmcab/Wsrmcab HTTP/1.1" 200 35128
216.244.66.195 - - [25/Jun/2024:10:27:43 -0500] "GET /BLA/resoluciones/RESOLUCIONES%202016/0665.pdf HTTP/1.1" 200 692870
216.244.66.195 - - [25/Jun/2024:10:28:09 -0500] "GET /BLA/resoluciones/RESOLUCIONES%202017/2896.pdf HTTP/1.1" 200 317230
181.61.209.39 - - [25/Jun/2024:10:28:14 -0500] "GET /BLA/resoluciones/ HTTP/1.1" 200 14105
201.245.192.253 - - [25/Jun/2024:10:28:17 -0500] "GET /kwsrmcab/Wsrmcab?wsdl HTTP/1.1" 200 6948
181.61.209.39 - - [25/Jun/2024:10:28:18 -0500] "GET /BLA/resoluciones/index.php?dir=AUTOS+2014%2F HTTP/1.1" 200 892005
216.244.66.195 - - [25/Jun/2024:10:28:36 -0500] "GET /BLA/resoluciones/RESOLUCIONES%202019/0195.pdf HTTP/1.1" 200 1282199
201.245.192.253 - - [25/Jun/2024:10:28:59 -0500] "POST /forms/lservlet;jsessionid=ac16012b30d6a0a1d6c9de8b4d7d8d67cea184fce818.e3iSbxaKaheRe34OahmPbx4Oa3z0n6jAmljGr5XDqQLvpAe HTTP/1.1" 200 2
216.245.221.92 - - [25/Jun/2024:10:29:03 -0500] "HEAD / HTTP/1.1" 200 -
216.244.66.195 - - [25/Jun/2024:10:29:04 -0500] "GET /BLA/resoluciones/RESOLUCIONES%202019/1653.pdf HTTP/1.1" 200 728800
201.245.192.253 - - [25/Jun/2024:10:29:17 -0500] "GET /kwsrmcab/Wsrmcab?wsdl HTTP/1.1" 200 6948
216.244.66.195 - - [25/Jun/2024:10:29:28 -0500] "GET /BLA/resoluciones/RESOLUCIONES%202019/2881.pdf HTTP/1.1" 200 377478
181.61.209.39 - - [25/Jun/2024:10:29:32 -0500] "GET /BLA/resoluciones/AUTOS%202014/4888.pdf HTTP/1.1" 200 546921
201.245.192.253 - - [25/Jun/2024:10:29:35 -0500] "POST /kwsrmcab/Wsrmcab HTTP/1.1" 200 33568
216.244.66.195 - - [25/Jun/2024:10:29:50 -0500] "GET /BLA/resoluciones/RESOLUCIONES%202019/3170.pdf HTTP/1.1" 200 289799
18.116.205.62 - - [25/Jun/2024:10:30:04 -0500] "HEAD / HTTP/1.1" 200 -
216.244.66.195 - - [25/Jun/2024:10:30:11 -0500] "GET /BLA/resoluciones/RESOLUCIONES%202019/3237.pdf HTTP/1.1" 200 343831
201.245.192.253 - - [25/Jun/2024:10:30:16 -0500] "POST /kwsrmcab/Wsrmcab HTTP/1.1" 200 35128
201.245.192.253 - - [25/Jun/2024:10:30:17 -0500] "GET /kwsrmcab/Wsrmcab?wsdl HTTP/1.1" 200 6948
66.249.66.19 - - [25/Jun/2024:10:30:31 -0500] "GET /Publicaciones/2024EE110522.pdf HTTP/1.1" 404 228
216.244.66.195 - - [25/Jun/2024:10:30:32 -0500] "GET /BLA/resoluciones/RESOLUCIONES%202019/3408.pdf HTTP/1.1" 200 294109
66.249.66.20 - - [25/Jun/2024:10:30:44 -0500] "GET /resoluciones/RESOLUCIONES%202008/3449.pdf HTTP/1.1" 404 1018
216.244.66.195 - - [25/Jun/2024:10:30:51 -0500] "GET /BLA/resoluciones/RESOLUCIONES%202019/3583.pdf HTTP/1.1" 200 298796
201.245.192.253 - - [25/Jun/2024:10:30:59 -0500] "POST /forms/lservlet;jsessionid=ac16012b30d6a0a1d6c9de8b4d7d8d67cea184fce818.e3iSbxaKaheRe34OahmPbx4Oa3z0n6jAmljGr5XDqQLvpAe HTTP/1.1" 200 2
216.244.66.195 - - [25/Jun/2024:10:31:10 -0500] "GET /BLA/resoluciones/RESOLUCIONES%202019/3701.pdf HTTP/1.1" 200 301227
201.245.192.253 - - [25/Jun/2024:10:31:17 -0500] "GET /kwsrmcab/Wsrmcab?wsdl HTTP/1.1" 200 6948
192.168.172.47 - - [25/Jun/2024:10:31:20 -0500] "GET /BLA/boletinlegal/admin/index.php HTTP/1.1" 200 5487
192.168.172.47 - - [25/Jun/2024:10:31:32 -0500] "GET /BLA/boletinlegal/admin/index_files/index_files/tback.gif HTTP/1.1" 404 1322
192.168.172.47 - - [25/Jun/2024:10:31:34 -0500] "GET /BLA/boletinlegal/admin/actos/ingresar.php HTTP/1.1" 200 7210
192.168.172.47 - - [25/Jun/2024:10:31:35 -0500] "GET /BLA/boletinlegal/images/favicon.ico HTTP/1.1" 404 1316
172.22.2.4 - - [25/Jun/2024:10:31:37 -0500] "GET /BLA/boletinlegal/actos.php HTTP/1.1" 200 9738
172.22.2.4 - - [25/Jun/2024:10:31:39 -0500] "GET /BLA/boletinlegal/favicon.ico HTTP/1.1" 404 1326
172.22.2.4 - - [25/Jun/2024:10:30:01 -0500] "HEAD /BLA/boletinlegal/ HTTP/1.1" 200 -
186.86.32.163 - - [25/Jun/2024:10:31:42 -0500] "GET /BLA/resoluciones/ HTTP/1.1" 200 14105
186.86.32.163 - - [25/Jun/2024:10:31:47 -0500] "GET /BLA/resoluciones/index.php?dir=AUTOS+2015%2F HTTP/1.1" 200 588817
201.245.192.253 - - [25/Jun/2024:10:32:17 -0500] "GET /kwsrmcab/Wsrmcab?wsdl HTTP/1.1" 200 6948
172.22.2.4 - - [25/Jun/2024:10:30:51 -0500] "GET /BLA/boletinlegal/ HTTP/1.1" 200 60380
186.30.40.234 - - [25/Jun/2024:10:32:54 -0500] "GET /kwssiamovil/sm/acme/u?s=U2FsdGVkX1+u9PIjPH3DuduSK0dQYtsiXF4QYHmjl8Ej29vzQv1rMHWGrAvgTya8JF8VfVWjqxh0HBcnjzAyG68txwxv9q2IcU+wmGdxRwJAO1dSRk+Cwey83ipkHRdbTd9zLO6nVdHMF5nui08pX6N725N8Kj0aPED9qd0i6bE=&u=U2FsdGVkX18iiqVIHx8u4pXv7Ue/Dtso86N/KT/zgVLwByTfIUlmiWiSijZLkMRr&y=U2FsdGVkX18lGo8uwQJPN4yZ5H6X6/M3hcb7Q3r/TxiKq+9xjL5X1R48nUpmMS9g HTTP/1.1" 200 60
172.22.2.4 - - [25/Jun/2024:10:32:57 -0500] "GET /BLA/boletinlegal/actos.php HTTP/1.1" 200 9738
172.22.2.4 - - [25/Jun/2024:10:32:57 -0500] "GET /BLA/boletinlegal/favicon.ico HTTP/1.1" 404 1326
201.245.192.253 - - [25/Jun/2024:10:32:58 -0500] "POST /sipse/faces/presentacion/financiero/solicitudProceso/consultar.xhtml HTTP/1.1" 200 41130
201.245.192.253 - - [25/Jun/2024:10:32:59 -0500] "GET /sipse/faces/javax.faces.resource/jquery/jquery.js?ln=primefaces&v=4.0 HTTP/1.1" 304 -
201.245.192.253 - - [25/Jun/2024:10:32:59 -0500] "GET /sipse/faces/javax.faces.resource/jquery/jquery-plugins.js?ln=primefaces&v=4.0 HTTP/1.1" 304 -
201.245.192.253 - - [25/Jun/2024:10:32:59 -0500] "GET /sipse/faces/javax.faces.resource/primefaces.js?ln=primefaces&v=4.0 HTTP/1.1" 304 -
201.245.192.253 - - [25/Jun/2024:10:32:59 -0500] "GET /sipse/faces/javax.faces.resource/layout/layout.js?ln=primefaces&v=4.0 HTTP/1.1" 304 -
201.245.192.253 - - [25/Jun/2024:10:32:59 -0500] "POST /sipse/faces/presentacion/financiero/solicitudProceso/listarSolicitudProceso.xhtml HTTP/1.1" 200 34414
201.245.192.253 - - [25/Jun/2024:10:32:59 -0500] "POST /sipse/faces/presentacion/financiero/solicitudProceso/listarSolicitudProceso.xhtml HTTP/1.1" 200 1444
201.245.192.253 - - [25/Jun/2024:10:32:59 -0500] "POST /forms/lservlet;jsessionid=ac16012b30d6a0a1d6c9de8b4d7d8d67cea184fce818.e3iSbxaKaheRe34OahmPbx4Oa3z0n6jAmljGr5XDqQLvpAe HTTP/1.1" 200 2
201.245.192.253 - - [25/Jun/2024:10:32:59 -0500] "POST /sipse/faces/presentacion/financiero/solicitudProceso/listarSolicitudProceso.xhtml HTTP/1.1" 200 1436
172.22.2.4 - - [25/Jun/2024:10:33:01 -0500] "GET /BLA/boletinlegal/consulta_actos.php?tipo=autos&no=2174&usuario=&sector=&fecha=2024&resuelve= HTTP/1.1" 200 626
201.245.192.253 - - [25/Jun/2024:10:33:02 -0500] "POST /sipse/faces/presentacion/financiero/solicitudProceso/listarSolicitudProceso.xhtml HTTP/1.1" 200 117459
201.245.192.253 - - [25/Jun/2024:10:33:02 -0500] "GET /sipse/faces/javax.faces.resource/jquery/jquery.js?ln=primefaces&v=4.0 HTTP/1.1" 304 -
201.245.192.253 - - [25/Jun/2024:10:33:02 -0500] "GET /sipse/faces/javax.faces.resource/jquery/jquery-plugins.js?ln=primefaces&v=4.0 HTTP/1.1" 304 -
201.245.192.253 - - [25/Jun/2024:10:33:02 -0500] "GET /sipse/faces/javax.faces.resource/primefaces.js?ln=primefaces&v=4.0 HTTP/1.1" 304 -
201.245.192.253 - - [25/Jun/2024:10:33:02 -0500] "GET /sipse/faces/javax.faces.resource/layout/layout.js?ln=primefaces&v=4.0 HTTP/1.1" 304 -
201.245.192.253 - - [25/Jun/2024:10:32:18 -0500] "POST /kwsrmcab/Wsrmcab  HTTP/1.1" 200 213
192.168.172.47 - - [25/Jun/2024:10:33:08 -0500] "POST /BLA/boletinlegal/admin/actos/ingresar.php HTTP/1.1" 200 7303
201.245.192.253 - - [25/Jun/2024:10:33:11 -0500] "POST /sipse/faces/presentacion/financiero/solicitudProceso/consultarSolicitudProceso.xhtml HTTP/1.1" 200 19985
201.245.192.253 - - [25/Jun/2024:10:33:11 -0500] "GET /sipse/faces/javax.faces.resource/theme.css?ln=primefaces-sipse HTTP/1.1" 304 -
201.245.192.253 - - [25/Jun/2024:10:33:11 -0500] "GET /sipse/faces/javax.faces.resource/primefaces.css?ln=primefaces&v=4.0 HTTP/1.1" 304 -
201.245.192.253 - - [25/Jun/2024:10:33:11 -0500] "GET /sipse/faces/javax.faces.resource/jquery/jquery.js?ln=primefaces&v=4.0 HTTP/1.1" 304 -
201.245.192.253 - - [25/Jun/2024:10:33:11 -0500] "GET /sipse/faces/javax.faces.resource/layout/layout.css?ln=primefaces&v=4.0 HTTP/1.1" 304 -
201.245.192.253 - - [25/Jun/2024:10:33:11 -0500] "GET /sipse/faces/javax.faces.resource/primefaces.js?ln=primefaces&v=4.0 HTTP/1.1" 304 -
201.245.192.253 - - [25/Jun/2024:10:33:11 -0500] "GET /sipse/faces/javax.faces.resource/layout/layout.js?ln=primefaces&v=4.0 HTTP/1.1" 304 -
201.245.192.253 - - [25/Jun/2024:10:33:11 -0500] "GET /sipse/faces/javax.faces.resource/jquery/jquery-plugins.js?ln=primefaces&v=4.0 HTTP/1.1" 304 -
201.245.192.253 - - [25/Jun/2024:10:33:11 -0500] "GET /sipse/faces/javax.faces.resource/fileupload/fileupload.css?ln=primefaces&v=4.0 HTTP/1.1" 200 1330
201.245.192.253 - - [25/Jun/2024:10:33:11 -0500] "GET /sipse/faces/javax.faces.resource/fileupload/fileupload.js?ln=primefaces&v=4.0 HTTP/1.1" 200 28091
201.245.192.253 - - [25/Jun/2024:10:33:11 -0500] "GET /sipse/faces/javax.faces.resource/images/ui-icons_898989_256x240.png?ln=primefaces-aristo HTTP/1.1" 304 -
172.22.2.4 - - [25/Jun/2024:10:33:11 -0500] "GET /BLA/boletinlegal/consulta_actos.php?tipo=autos&no=2174&usuario=&sector=&fecha=2024&resuelve= HTTP/1.1" 200 1109
201.245.192.253 - - [25/Jun/2024:10:33:17 -0500] "GET /kwsrmcab/Wsrmcab?wsdl HTTP/1.1" 200 6948
201.245.192.253 - - [25/Jun/2024:10:33:21 -0500] "GET /sipse/faces/javax.faces.resource/theme.css?ln=primefaces-sipse HTTP/1.1" 304 -
201.245.192.253 - - [25/Jun/2024:10:33:21 -0500] "GET /sipse/faces/javax.faces.resource/primefaces.css?ln=primefaces&v=4.0 HTTP/1.1" 304 -
201.245.192.253 - - [25/Jun/2024:10:33:21 -0500] "GET /sipse/faces/javax.faces.resource/layout/layout.css?ln=primefaces&v=4.0 HTTP/1.1" 304 -
201.245.192.253 - - [25/Jun/2024:10:33:21 -0500] "GET /sipse/faces/javax.faces.resource/jquery/jquery.js?ln=primefaces&v=4.0 HTTP/1.1" 304 -
201.245.192.253 - - [25/Jun/2024:10:33:21 -0500] "GET /sipse/faces/javax.faces.resource/jquery/jquery-plugins.js?ln=primefaces&v=4.0 HTTP/1.1" 304 -
201.245.192.253 - - [25/Jun/2024:10:33:21 -0500] "GET /sipse/faces/javax.faces.resource/primefaces.js?ln=primefaces&v=4.0 HTTP/1.1" 304 -
201.245.192.253 - - [25/Jun/2024:10:33:21 -0500] "GET /sipse/faces/javax.faces.resource/layout/layout.js?ln=primefaces&v=4.0 HTTP/1.1" 304 -
201.245.192.253 - - [25/Jun/2024:10:33:21 -0500] "POST /sipse/faces/presentacion/sistema/anexos/cargarAnexoSolicitudProceso.xhtml HTTP/1.1" 200 164001
201.245.192.253 - - [25/Jun/2024:10:33:22 -0500] "GET /sipse/faces/javax.faces.resource/images/ui-icons_898989_256x240.png?ln=primefaces-aristo HTTP/1.1" 304 -
201.245.192.253 - - [25/Jun/2024:10:33:24 -0500] "POST /sipse/faces/presentacion/financiero/solicitudProceso/consultarSolicitudProceso.xhtml HTTP/1.1" 200 19985
201.245.192.253 - - [25/Jun/2024:10:33:24 -0500] "GET /sipse/faces/javax.faces.resource/theme.css?ln=primefaces-sipse HTTP/1.1" 304 -
201.245.192.253 - - [25/Jun/2024:10:33:24 -0500] "GET /sipse/faces/javax.faces.resource/primefaces.css?ln=primefaces&v=4.0 HTTP/1.1" 304 -
201.245.192.253 - - [25/Jun/2024:10:33:24 -0500] "GET /sipse/faces/javax.faces.resource/layout/layout.css?ln=primefaces&v=4.0 HTTP/1.1" 304 -
201.245.192.253 - - [25/Jun/2024:10:33:24 -0500] "GET /sipse/faces/javax.faces.resource/jquery/jquery.js?ln=primefaces&v=4.0 HTTP/1.1" 304 -
201.245.192.253 - - [25/Jun/2024:10:33:24 -0500] "GET /sipse/faces/javax.faces.resource/jquery/jquery-plugins.js?ln=primefaces&v=4.0 HTTP/1.1" 304 -
201.245.192.253 - - [25/Jun/2024:10:33:24 -0500] "GET /sipse/faces/javax.faces.resource/primefaces.js?ln=primefaces&v=4.0 HTTP/1.1" 304 -
201.245.192.253 - - [25/Jun/2024:10:33:24 -0500] "GET /sipse/faces/javax.faces.resource/layout/layout.js?ln=primefaces&v=4.0 HTTP/1.1" 304 -
201.245.192.253 - - [25/Jun/2024:10:33:24 -0500] "GET /sipse/faces/javax.faces.resource/fileupload/fileupload.css?ln=primefaces&v=4.0 HTTP/1.1" 304 -
201.245.192.253 - - [25/Jun/2024:10:33:24 -0500] "GET /sipse/faces/javax.faces.resource/fileupload/fileupload.js?ln=primefaces&v=4.0 HTTP/1.1" 304 -
201.245.192.253 - - [25/Jun/2024:10:33:24 -0500] "GET /sipse/faces/javax.faces.resource/images/ui-icons_898989_256x240.png?ln=primefaces-aristo HTTP/1.1" 304 -
201.245.192.253 - - [25/Jun/2024:10:33:28 -0500] "POST /sipse/faces/presentacion/sistema/anexos/cargarAnexoSolicitudProceso.xhtml HTTP/1.1" 200 166438
201.245.192.253 - - [25/Jun/2024:10:33:29 -0500] "GET /sipse/faces/javax.faces.resource/theme.css?ln=primefaces-sipse HTTP/1.1" 304 -
201.245.192.253 - - [25/Jun/2024:10:33:29 -0500] "GET /sipse/faces/javax.faces.resource/primefaces.css?ln=primefaces&v=4.0 HTTP/1.1" 304 -
201.245.192.253 - - [25/Jun/2024:10:33:29 -0500] "GET /sipse/faces/javax.faces.resource/layout/layout.css?ln=primefaces&v=4.0 HTTP/1.1" 304 -
201.245.192.253 - - [25/Jun/2024:10:33:29 -0500] "GET /sipse/faces/javax.faces.resource/jquery/jquery.js?ln=primefaces&v=4.0 HTTP/1.1" 304 -
201.245.192.253 - - [25/Jun/2024:10:33:29 -0500] "GET /sipse/faces/javax.faces.resource/jquery/jquery-plugins.js?ln=primefaces&v=4.0 HTTP/1.1" 304 -
201.245.192.253 - - [25/Jun/2024:10:33:29 -0500] "GET /sipse/faces/javax.faces.resource/primefaces.js?ln=primefaces&v=4.0 HTTP/1.1" 304 -
201.245.192.253 - - [25/Jun/2024:10:33:29 -0500] "GET /sipse/faces/javax.faces.resource/layout/layout.js?ln=primefaces&v=4.0 HTTP/1.1" 304 -
201.245.192.253 - - [25/Jun/2024:10:33:29 -0500] "GET /sipse/faces/javax.faces.resource/images/ui-icons_898989_256x240.png?ln=primefaces-aristo HTTP/1.1" 304 -
172.22.2.4 - - [25/Jun/2024:10:32:56 -0500] "GET /BLA/boletinlegal/ HTTP/1.1" 200 24523
201.245.192.253 - - [25/Jun/2024:10:33:34 -0500] "POST /sipse/faces/presentacion/financiero/solicitudProceso/consultarSolicitudProceso.xhtml HTTP/1.1" 200 167110
201.245.192.253 - - [25/Jun/2024:10:33:34 -0500] "GET /sipse/faces/javax.faces.resource/theme.css?ln=primefaces-sipse HTTP/1.1" 304 -
201.245.192.253 - - [25/Jun/2024:10:33:34 -0500] "GET /sipse/faces/javax.faces.resource/primefaces.css?ln=primefaces&v=4.0 HTTP/1.1" 304 -
201.245.192.253 - - [25/Jun/2024:10:33:34 -0500] "GET /sipse/faces/javax.faces.resource/layout/layout.css?ln=primefaces&v=4.0 HTTP/1.1" 304 -
201.245.192.253 - - [25/Jun/2024:10:33:34 -0500] "GET /sipse/faces/javax.faces.resource/jquery/jquery.js?ln=primefaces&v=4.0 HTTP/1.1" 304 -
201.245.192.253 - - [25/Jun/2024:10:33:34 -0500] "GET /sipse/faces/javax.faces.resource/jquery/jquery-plugins.js?ln=primefaces&v=4.0 HTTP/1.1" 304 -
201.245.192.253 - - [25/Jun/2024:10:33:34 -0500] "GET /sipse/faces/javax.faces.resource/primefaces.js?ln=primefaces&v=4.0 HTTP/1.1" 304 -
201.245.192.253 - - [25/Jun/2024:10:33:34 -0500] "GET /sipse/faces/javax.faces.resource/layout/layout.js?ln=primefaces&v=4.0 HTTP/1.1" 304 -
201.245.192.253 - - [25/Jun/2024:10:33:34 -0500] "GET /sipse/faces/javax.faces.resource/images/ui-icons_898989_256x240.png?ln=primefaces-aristo HTTP/1.1" 304 -
201.245.192.253 - - [25/Jun/2024:10:33:41 -0500] "GET /sipse/faces/javax.faces.resource/images/ui-bg_flat_0_2d5972_40x100.png?ln=primefaces-aristo HTTP/1.1" 304 -
201.245.192.253 - - [25/Jun/2024:10:33:41 -0500] "POST /sipse/faces/presentacion/financiero/solicitudProceso/consultarSolicitudProceso.xhtml HTTP/1.1" 200 38613
201.245.192.253 - - [25/Jun/2024:10:33:44 -0500] "GET /sipse/faces/javax.faces.resource/jquery/jquery.js?ln=primefaces&v=4.0 HTTP/1.1" 304 -
201.245.192.253 - - [25/Jun/2024:10:33:44 -0500] "GET /sipse/faces/javax.faces.resource/jquery/jquery-plugins.js?ln=primefaces&v=4.0 HTTP/1.1" 304 -
201.245.192.253 - - [25/Jun/2024:10:33:44 -0500] "GET /sipse/faces/javax.faces.resource/primefaces.js?ln=primefaces&v=4.0 HTTP/1.1" 304 -
201.245.192.253 - - [25/Jun/2024:10:33:44 -0500] "GET /sipse/faces/javax.faces.resource/layout/layout.js?ln=primefaces&v=4.0 HTTP/1.1" 304 -
201.245.192.253 - - [25/Jun/2024:10:33:44 -0500] "GET /sipse/faces/javax.faces.resource/messages/messages.png?ln=primefaces&v=4.0 HTTP/1.1" 304 -
201.245.192.253 - - [25/Jun/2024:10:33:44 -0500] "POST /sipse/faces/presentacion/financiero/solicitudProceso/listarSolicitudProceso.xhtml HTTP/1.1" 200 1428
52.167.144.232 - - [25/Jun/2024:10:33:53 -0500] "GET /BLA/resoluciones/AUTOS%202022/4179.pdf HTTP/1.1" 200 462068
216.245.221.92 - - [25/Jun/2024:10:34:03 -0500] "HEAD / HTTP/1.1" 200 -
201.245.192.253 - - [25/Jun/2024:10:34:17 -0500] "GET /kwsrmcab/Wsrmcab?wsdl HTTP/1.1" 200 6948
186.30.40.234 - - [25/Jun/2024:10:34:23 -0500] "GET /kwssiamovil/sm/acme/u?s=U2FsdGVkX183qI2PP3K33kuo7ZG/P1VzFOurvdFKCP5rely0CPHnE/pPMp7u05rG5z9queH+4Ok44Jh6Ml3IyRc/BX7GNBoIHyfo8HJBWbOerIdQmwIpsQQokO2wGiBnj7w43ZalZNKEprVSMNT9KVkX3SMIwG+9EDWlXjTiWTs=&u=U2FsdGVkX18iiqVIHx8u4pXv7Ue/Dtso86N/KT/zgVLwByTfIUlmiWiSijZLkMRr&y=U2FsdGVkX18lGo8uwQJPN4yZ5H6X6/M3hcb7Q3r/TxiKq+9xjL5X1R48nUpmMS9g HTTP/1.1" 200 60
66.249.66.20 - - [25/Jun/2024:10:34:29 -0500] "GET /BLA/resoluciones/RESOLUCIONES%202009/0192.pdf HTTP/1.1" 200 257319
186.30.40.234 - - [25/Jun/2024:10:34:47 -0500] "GET /kwssiamovil/sm/acme/u?s=U2FsdGVkX19IpgkcC2GcBE85nl1YmX5m2q31RJ5F04NVsrnuyZvGeMlEADU6ggOZIijUJgGps+0tqK3hpY8eXl2l5hyPopGzyfc7TC7akNaBYczR0+iGaCttal4FiVVhzKIoHicxwW3ZEG3agdKCYZ9v6gUe4qH9DQCZMC8M5t4=&u=U2FsdGVkX18iiqVIHx8u4pXv7Ue/Dtso86N/KT/zgVLwByTfIUlmiWiSijZLkMRr&y=U2FsdGVkX18lGo8uwQJPN4yZ5H6X6/M3hcb7Q3r/TxiKq+9xjL5X1R48nUpmMS9g HTTP/1.1" 200 60
186.30.40.234 - - [25/Jun/2024:10:34:52 -0500] "GET /kwssiamovil/sm/acme/u?s=U2FsdGVkX19iSNMH3HOZHrJwOZ4kUoPeNV54X4N6/RXwt1YIIOAKsRYA4oVOo+Q4z5tMYfWgjpiXVkNaPrsxR+jtXapqxKbeRFektlLoaPEV+t6zeThHA/KSaoBqgZ5lIIn5cyi6tUU3G+U3eC4aE8ONt2OVaV1CXQRH4C2WnHU=&u=U2FsdGVkX18iiqVIHx8u4pXv7Ue/Dtso86N/KT/zgVLwByTfIUlmiWiSijZLkMRr&y=U2FsdGVkX18lGo8uwQJPN4yZ5H6X6/M3hcb7Q3r/TxiKq+9xjL5X1R48nUpmMS9g HTTP/1.1" 200 60
201.245.192.253 - - [25/Jun/2024:10:34:59 -0500] "POST /forms/lservlet;jsessionid=ac16012b30d6a0a1d6c9de8b4d7d8d67cea184fce818.e3iSbxaKaheRe34OahmPbx4Oa3z0n6jAmljGr5XDqQLvpAe HTTP/1.1" 200 2
18.116.205.62 - - [25/Jun/2024:10:35:07 -0500] "HEAD / HTTP/1.1" 200 -
201.245.192.253 - - [25/Jun/2024:10:35:17 -0500] "GET /kwsrmcab/Wsrmcab?wsdl HTTP/1.1" 200 6948
216.244.66.195 - - [25/Jun/2024:10:35:48 -0500] "GET /robots.txt HTTP/1.1" 404 1018
201.245.192.253 - - [25/Jun/2024:10:35:58 -0500] "GET /appsia/controlador HTTP/1.1" 200 4799
201.245.192.253 - - [25/Jun/2024:10:35:58 -0500] "GET /favicon.ico HTTP/1.1" 200 7782
201.245.192.253 - - [25/Jun/2024:10:36:07 -0500] "POST /appsia/controlador HTTP/1.1" 200 5437
201.245.192.253 - - [25/Jun/2024:10:36:08 -0500] "POST /appsia/controlador HTTP/1.1" 200 7724
201.245.192.253 - - [25/Jun/2024:10:36:17 -0500] "GET /kwsrmcab/Wsrmcab?wsdl HTTP/1.1" 200 6948
201.245.192.253 - - [25/Jun/2024:10:36:59 -0500] "POST /forms/lservlet;jsessionid=ac16012b30d6a0a1d6c9de8b4d7d8d67cea184fce818.e3iSbxaKaheRe34OahmPbx4Oa3z0n6jAmljGr5XDqQLvpAe HTTP/1.1" 200 2
201.245.192.253 - - [25/Jun/2024:10:37:17 -0500] "GET /kwsrmcab/Wsrmcab?wsdl HTTP/1.1" 200 6948
201.245.192.253 - - [25/Jun/2024:10:37:17 -0500] "POST /kwsrmcab/Wsrmcab  HTTP/1.1" 200 213
201.245.192.253 - - [25/Jun/2024:10:37:29 -0500] "POST /kwsrmcab/Wsrmcab HTTP/1.1" 200 34092
172.22.2.4 - - [25/Jun/2024:10:35:51 -0500] "HEAD /BLA/boletinlegal/ HTTP/1.1" 200 -
201.245.192.253 - - [25/Jun/2024:10:37:31 -0500] "POST /kwsrmcab/Wsrmcab HTTP/1.1" 200 35128
172.22.2.4 - - [25/Jun/2024:10:38:08 -0500] "GET /BLA/boletinlegal/actos.php HTTP/1.1" 200 9738
172.22.2.4 - - [25/Jun/2024:10:38:08 -0500] "GET /BLA/boletinlegal/favicon.ico HTTP/1.1" 404 1326
172.22.2.4 - - [25/Jun/2024:10:38:09 -0500] "GET /BLA/boletinlegal/actos.php HTTP/1.1" 200 9738
201.245.192.253 - - [25/Jun/2024:10:38:17 -0500] "GET /kwsrmcab/Wsrmcab?wsdl HTTP/1.1" 200 6948
186.155.13.173 - - [25/Jun/2024:10:38:20 -0500] "POST /sipse/faces/presentacion/financiero/solicitudProceso/listarSolicitudProceso.xhtml HTTP/1.1" 200 59964
186.155.13.173 - - [25/Jun/2024:10:38:20 -0500] "POST /sipse/faces/presentacion/financiero/solicitudProceso/listarSolicitudProceso.xhtml HTTP/1.1" 200 59964
186.155.13.173 - - [25/Jun/2024:10:38:20 -0500] "POST /sipse/faces/presentacion/financiero/solicitudProceso/listarSolicitudProceso.xhtml HTTP/1.1" 200 59964
186.155.13.173 - - [25/Jun/2024:10:38:20 -0500] "POST /sipse/faces/presentacion/financiero/solicitudProceso/listarSolicitudProceso.xhtml HTTP/1.1" 200 1552
186.155.13.173 - - [25/Jun/2024:10:38:20 -0500] "POST /sipse/faces/presentacion/financiero/solicitudProceso/listarSolicitudProceso.xhtml HTTP/1.1" 200 1552
186.155.13.173 - - [25/Jun/2024:10:38:21 -0500] "POST /sipse/faces/presentacion/financiero/solicitudProceso/listarSolicitudProceso.xhtml HTTP/1.1" 200 1556
172.22.2.4 - - [25/Jun/2024:10:36:41 -0500] "GET /BLA/boletinlegal/ HTTP/1.1" 200 60380
186.155.13.173 - - [25/Jun/2024:10:38:24 -0500] "POST /sipse/faces/presentacion/financiero/solicitudProceso/listarSolicitudProceso.xhtml HTTP/1.1" 200 59964
186.155.13.173 - - [25/Jun/2024:10:38:24 -0500] "POST /sipse/faces/presentacion/financiero/solicitudProceso/listarSolicitudProceso.xhtml HTTP/1.1" 200 59964
