201.245.192.253 - - [25/Jun/2024:09:17:29 -0500] "POST /kwsrmcab/Wsrmcab HTTP/1.1" 200 34561
201.245.192.253 - - [25/Jun/2024:09:17:31 -0500] "POST /kwsrmcab/Wsrmcab HTTP/1.1" 200 35584
201.245.192.253 - - [25/Jun/2024:09:17:34 -0500] "POST /sipsepre/faces/presentacion/workflow/consultarFlujo.xhtml HTTP/1.1" 200 27066
201.245.192.253 - - [25/Jun/2024:09:17:38 -0500] "POST /sipsepre/faces/presentacion/workflow/consultarFlujo.xhtml HTTP/1.1" 200 35848
201.245.192.253 - - [25/Jun/2024:09:17:41 -0500] "POST /sipsepre/faces/presentacion/workflow/consultarFlujo.xhtml HTTP/1.1" 200 30414
201.245.192.253 - - [25/Jun/2024:09:17:43 -0500] "POST /kwsrmcab/Wsrmcab  HTTP/1.1" 200 213
172.22.2.4 - - [25/Jun/2024:09:17:02 -0500] "GET /BLA/boletinlegal/ HTTP/1.1" 200 32715
200.119.33.95 - - [25/Jun/2024:09:17:53 -0500] "GET /BLA/resoluciones/index.php?dir=RESOLUCIONES+2014%2F HTTP/1.1" 200 334529
216.244.66.195 - - [25/Jun/2024:09:17:55 -0500] "GET /BLA/resoluciones/AUTOS%202016/0820.pdf HTTP/1.1" 200 730617
172.22.2.4 - - [25/Jun/2024:09:17:13 -0500] "GET /BLA/boletinlegal/ HTTP/1.1" 200 32715
200.119.33.95 - - [25/Jun/2024:09:18:03 -0500] "GET /BLA/resoluciones/index.php HTTP/1.1" 200 14105
200.119.33.95 - - [25/Jun/2024:09:18:05 -0500] "GET /BLA/resoluciones/index.php?dir=AUTOS+2013%2F HTTP/1.1" 200 407754
201.245.192.253 - - [25/Jun/2024:09:18:17 -0500] "GET /kwsrmcab/Wsrmcab?wsdl HTTP/1.1" 200 6948
172.22.2.4 - - [25/Jun/2024:09:17:57 -0500] "GET /BLA/boletinlegal/ HTTP/1.1" 200 24523
216.244.66.195 - - [25/Jun/2024:09:18:45 -0500] "GET /BLA/resoluciones/AUTOS%202016/0836.pdf HTTP/1.1" 200 481227
54.167.223.174 - - [25/Jun/2024:09:19:02 -0500] "HEAD / HTTP/1.1" 200 -
216.245.221.92 - - [25/Jun/2024:09:19:04 -0500] "HEAD / HTTP/1.1" 200 -
201.245.192.253 - - [25/Jun/2024:09:19:17 -0500] "GET /kwsrmcab/Wsrmcab?wsdl HTTP/1.1" 200 6948
172.22.2.4 - - [25/Jun/2024:09:17:59 -0500] "GET /BLA/boletinlegal/ HTTP/1.1" 200 53195
216.244.66.195 - - [25/Jun/2024:09:19:32 -0500] "GET /BLA/resoluciones/AUTOS%202016/0884.pdf HTTP/1.1" 200 627120
186.102.67.134 - - [25/Jun/2024:09:19:35 -0500] "GET /kwssiamovil/sm/acme/s?s=U2FsdGVkX1+K2RJkEV62OQ7YmT19cgBA8+BbGI8un9+FybnRXmKWImT9idAIX5HRs1N07nclniSvrvluQGCqyY6PexMAAkqSC5wWRnNvTD7lsNECZMxE6C829SFfCYYNsWRSmB806GCAOeeJ1pt49g==&u=U2FsdGVkX1/Gr2me18YgGIHTSUTJ6UDzUqJ7I+v8jbhoyx9p96Qg6KMgKMt866DP&y=U2FsdGVkX18b8A8I0NGHgTDycxXhtRb/Nw61p1OF2CYmfO2Q3Hki00XdKae9+0ls HTTP/1.1" 200 108
186.102.67.134 - - [25/Jun/2024:09:19:35 -0500] "GET /kwssiamovil/sm/acme/s?s=U2FsdGVkX1/CrQA8386CiVPFY1ZZo9qwcVSlRnwdzl4l7CnEshTVShgqssGqETDnQV2xdnIVSillLQb/eVldjuixbffF6MJDTePACx5buz9JekkzqYMeOmG+P0idAJeC6vdmT0fgHBG/Y5xxG8AqoYmIkqIHO89Ebedf4totlYYlDATQ1yFySMm0s5ypPNHgtdZ5fwxG2D9rNJTo6/zN0cS2uYEdyJKpGlaEzyxA8yl2zgmmM29c4FNRoUpp2sGLzlXVKsZx1IcM09Wxt4jqXA==&u=U2FsdGVkX1/Gr2me18YgGIHTSUTJ6UDzUqJ7I+v8jbhoyx9p96Qg6KMgKMt866DP&y=U2FsdGVkX18b8A8I0NGHgTDycxXhtRb/Nw61p1OF2CYmfO2Q3Hki00XdKae9+0ls HTTP/1.1" 200 74
186.102.67.134 - - [25/Jun/2024:09:19:35 -0500] "GET /kwssiamovil/sm/acme/s?s=U2FsdGVkX1+vF3kT3zdcOGW/TKC1PMjMkRvp/UWwmkIfZwcXXKl/ODRw2oLWo+CI1V+XpjgJyKc5ipCXyxmvYMnxz/43nWn/fj+cESCXlQJVxurKYKli5Gb+6nyVsul4pDkM96UERvJQU4470vJTaLT35CKvdh7VOYLF3F8sfO7BxXhZzy+1tztdySwh3rBo/ileFd2Fw+zwm+CAuaTbn/2bPnifO7erdEzvbHyEVajHK8uz2UgYNisjNXYp8WbIABFh1w1Z5XIaEF6Xzlbw4w==&u=U2FsdGVkX1/Gr2me18YgGIHTSUTJ6UDzUqJ7I+v8jbhoyx9p96Qg6KMgKMt866DP&y=U2FsdGVkX18b8A8I0NGHgTDycxXhtRb/Nw61p1OF2CYmfO2Q3Hki00XdKae9+0ls HTTP/1.1" 200 72
186.102.67.134 - - [25/Jun/2024:09:19:36 -0500] "GET /kwssiamovil/sm/acme/s?s=U2FsdGVkX1+u09H9ssNC8TDbw6eu0YTAOUUO//9nvQBZbKTnlwdK5/VDiPX3V8D8IvCw0xTQuBiqz0JYtWYxLMyYaPy6IdnzywE0DBXuYdB6XYeEIEk+f68cyyY5UCwDOBXrja9SGc66CZMyvfMVlQ==&u=U2FsdGVkX1/Gr2me18YgGIHTSUTJ6UDzUqJ7I+v8jbhoyx9p96Qg6KMgKMt866DP&y=U2FsdGVkX18b8A8I0NGHgTDycxXhtRb/Nw61p1OF2CYmfO2Q3Hki00XdKae9+0ls HTTP/1.1" 200 99
186.102.67.134 - - [25/Jun/2024:09:19:36 -0500] "GET /kwssiamovil/sm/acme/s?s=U2FsdGVkX1/Ivqy+dzadmouk/LdQWfoMDwZp8LIGn9Zvo+oX5+cUgQHNV89B1FWv0GhI8/5okhWUd5jY0UIYCrirpKiwnqhlBz+sRFWxmlWdzKV7h/eKUKIEgSWkj/8mYE6pmti0gu5YXHSYg/C6zKB72RRzsF7GmH30Z0seKIb+/ft4zdX+O6Zp1rdYNd2Fwbuke3wQmkGjpuVA8QPkUTO0YN39Ney37xJT7dT2FpxpVJVHXoL4TSZ5ne+zCDCS6Xiernkb+MhDnn5PR+XG6W+ZAeV/m8P8F6tHiDwz4zIhTgcOH0/ky/gtvKhFN0uqkWTffFvXEzkqrIvxhPgKQnVnZ7wUpPYOdP6B/ZmgppNYj+YzaPfD9PAOJBwvgEgtyQGrgBi9BvQQ2fAdCDG1OXgCRAf6Tal+SfbIUiTIU+TBg0n15p5jFYFhPaipM5mZIjUd1E9Co6nw5y4gRyPstiOHsMZR3ACFdNwxUbdJXLE8mfNXuzWOxQ62FDXedFAKb2MqzHFy0V1R+NKsesLmyGOIZC2OacIljwb2Fhuxl2E=&u=U2FsdGVkX1/Gr2me18YgGIHTSUTJ6UDzUqJ7I+v8jbhoyx9p96Qg6KMgKMt866DP&y=U2FsdGVkX18b8A8I0NGHgTDycxXhtRb/Nw61p1OF2CYmfO2Q3Hki00XdKae9+0ls HTTP/1.1" 200 113
186.102.67.134 - - [25/Jun/2024:09:19:36 -0500] "GET /kwssiamovil/sm/acme/s?s=U2FsdGVkX19naQJQfBOqi+o5VtTsKkyv6qdF6ET44FVfGTH+1QqgNnw0SRGEpmOI+ShAvUXH05PTNRlPCYuzCTHNRLTEiReYW5tt1SkcFrUwRqVib52WNjKnabpRb+NaEG2LvmRXR0Ks6O7CX18uAxGLDzo6De51BzGzQt3Bvov6wVjmjbv6eItQmodHPTqlY/rwzD+byVxmfE1+yhUamY0Dt21Q9HAlc3AROXR1Sfkb39dWh0R59hZCa5zVwuH/tPAmd7snCAmFjq584ex58TmipDRpSOBiLoryeGvp5hqHHPHduhUEkxBJkUObNARMqdopOuPYZRkRXK41gFtZHlGnfhLTdZlwSWZw90yEQzcnRSksfofun73fa8iyM/xm&u=U2FsdGVkX1/Gr2me18YgGIHTSUTJ6UDzUqJ7I+v8jbhoyx9p96Qg6KMgKMt866DP&y=U2FsdGVkX18b8A8I0NGHgTDycxXhtRb/Nw61p1OF2CYmfO2Q3Hki00XdKae9+0ls HTTP/1.1" 200 96
186.102.67.134 - - [25/Jun/2024:09:19:36 -0500] "GET /kwssiamovil/sm/acme/s?s=U2FsdGVkX1/9OKLAndPA61odPr8DzL2RH5m/BFyuzFFaU0Nu/BCjHJRv0oOkTp/xeUh/ATrTV2YVUwzLc3KpxIG61j43zeXgW56P1FSArKn08HqUEphTi8MtUEv+6zdf1BdwasuOzixpta9lK4+/Rw==&u=U2FsdGVkX1/Gr2me18YgGIHTSUTJ6UDzUqJ7I+v8jbhoyx9p96Qg6KMgKMt866DP&y=U2FsdGVkX18b8A8I0NGHgTDycxXhtRb/Nw61p1OF2CYmfO2Q3Hki00XdKae9+0ls HTTP/1.1" 200 95
186.102.67.134 - - [25/Jun/2024:09:19:36 -0500] "GET /kwssiamovil/sm/acme/s?s=U2FsdGVkX19i/75PAzX4j7wUpleIb8GVDesF0+kBFyB5vyWWbO7QIMQKC0mvudTVxAvKTWe+QjTKJLBXZYWN6FCrGP1aWyzerrtM3Qo39Ty3/Qzh72Fo+3s5V8+giDRm4Xk5A2hZiVDERdtkgEqoTA==&u=U2FsdGVkX1/Gr2me18YgGIHTSUTJ6UDzUqJ7I+v8jbhoyx9p96Qg6KMgKMt866DP&y=U2FsdGVkX18b8A8I0NGHgTDycxXhtRb/Nw61p1OF2CYmfO2Q3Hki00XdKae9+0ls HTTP/1.1" 200 74
186.102.67.134 - - [25/Jun/2024:09:19:36 -0500] "GET /kwssiamovil/sm/acme/s?s=U2FsdGVkX19E1cHNXI/tgOduh5P1W4hE9cQcawVHisOQ81kbMK/ddFu1w/ULm9JCLgHbZ9G9kozULj/OaxLpztRq366TXEFG0u/g5jd3IapJ5+U8DSoyTSefC+/NwwKawE7So87WHs2rzei0TcrUnkBkj19epbsTQQmJbS42B/c=&u=U2FsdGVkX1/Gr2me18YgGIHTSUTJ6UDzUqJ7I+v8jbhoyx9p96Qg6KMgKMt866DP&y=U2FsdGVkX18b8A8I0NGHgTDycxXhtRb/Nw61p1OF2CYmfO2Q3Hki00XdKae9+0ls HTTP/1.1" 200 74
186.102.67.134 - - [25/Jun/2024:09:19:36 -0500] "GET /kwssiamovil/sm/acme/s?s=U2FsdGVkX1/pRro3colODm6ISp41XiCDwKzm6Mxhwl1fnwu/MIxUaf7DIdAoDD8hIErMHksg5gRdET0zopPuEGOI9sR4qpryu4etj2CK3upwgSWaHmh9p9tWpKRHfoD5IjxxriqoIk3Q1BWce6X4f37suK8+KIFD46uaX39qx1bo8MH7QU5+9MTL+1feh7dDkRPL/lZFaMP3WlTi2xRh/28e4TI4kHjtXgprvgZMH6Irkx/uI/wwIgBXSLAt9JsjGOWUjEhVG0dgrAeheXfevNT5xcFTFXY8K0BFKN4geec=&u=U2FsdGVkX1/Gr2me18YgGIHTSUTJ6UDzUqJ7I+v8jbhoyx9p96Qg6KMgKMt866DP&y=U2FsdGVkX18b8A8I0NGHgTDycxXhtRb/Nw61p1OF2CYmfO2Q3Hki00XdKae9+0ls HTTP/1.1" 200 74
186.102.67.134 - - [25/Jun/2024:09:19:36 -0500] "GET /kwssiamovil/sm/acme/s?s=U2FsdGVkX1+2vW5i9k342KDSho7R5vgl90U4HNCLmcQYxoTRr9YCnRD747H3Ziu5gW+OviIRlNj7+p/wgoRg/7KTCAHzqyln3hfmlsa/U8qRdYuVknpJWRYp00dT9jH7csotI/fQQGGDG+mNOYcyVSw7r8bUoRuS1cBxWaNx86A=&u=U2FsdGVkX1/Gr2me18YgGIHTSUTJ6UDzUqJ7I+v8jbhoyx9p96Qg6KMgKMt866DP&y=U2FsdGVkX18b8A8I0NGHgTDycxXhtRb/Nw61p1OF2CYmfO2Q3Hki00XdKae9+0ls HTTP/1.1" 200 74
201.245.192.253 - - [25/Jun/2024:09:19:35 -0500] "POST /kwsrmcab/Wsrmcab HTTP/1.1" 200 35000
201.245.192.253 - - [25/Jun/2024:09:20:17 -0500] "GET /kwsrmcab/Wsrmcab?wsdl HTTP/1.1" 200 6948
201.245.192.253 - - [25/Jun/2024:09:20:18 -0500] "POST /kwsrmcab/Wsrmcab HTTP/1.1" 200 35584
216.244.66.195 - - [25/Jun/2024:09:20:22 -0500] "GET /BLA/resoluciones/AUTOS%202016/0981.pdf HTTP/1.1" 200 535631
216.244.66.195 - - [25/Jun/2024:09:21:10 -0500] "GET /BLA/resoluciones/AUTOS%202016/1456.pdf HTTP/1.1" 200 474151
201.245.192.253 - - [25/Jun/2024:09:21:17 -0500] "GET /kwsrmcab/Wsrmcab?wsdl HTTP/1.1" 200 6948
162.55.175.143 - - [25/Jun/2024:09:21:18 -0500] "GET / HTTP/1.1" 200 4720
201.245.192.253 - - [25/Jun/2024:09:21:31 -0500] "POST /sipsepre/faces/presentacion/workflow/consultarFlujo.xhtml HTTP/1.1" 200 34733
201.245.192.253 - - [25/Jun/2024:09:21:34 -0500] "POST /sipsepre/faces/presentacion/workflow/consultarFlujo.xhtml HTTP/1.1" 200 49956
201.245.192.253 - - [25/Jun/2024:09:21:34 -0500] "POST /sipsepre/faces/presentacion/workflow/consultarFlujo.xhtml HTTP/1.1" 200 2235
201.245.192.253 - - [25/Jun/2024:09:21:39 -0500] "POST /sipsepre/faces/presentacion/workflow/consultarFlujo.xhtml HTTP/1.1" 200 44547
172.22.2.4 - - [25/Jun/2024:09:20:01 -0500] "HEAD /BLA/boletinlegal/ HTTP/1.1" 200 -
216.244.66.195 - - [25/Jun/2024:09:21:54 -0500] "GET /BLA/resoluciones/AUTOS%202016/1781.pdf HTTP/1.1" 200 264051
201.245.192.253 - - [25/Jun/2024:09:22:03 -0500] "GET /sipse/faces/faces/autenticacion.xhtml HTTP/1.1" 200 12402
201.245.192.253 - - [25/Jun/2024:09:22:03 -0500] "GET /sipse/js/disable_browser_buttons.js HTTP/1.1" 200 3230
201.245.192.253 - - [25/Jun/2024:09:22:03 -0500] "GET /sipse/js/funciones.js HTTP/1.1" 200 12592
201.245.192.253 - - [25/Jun/2024:09:22:03 -0500] "GET /sipse/css/custom_css_sg_prime_login.css HTTP/1.1" 200 443
201.245.192.253 - - [25/Jun/2024:09:22:03 -0500] "GET /sipse/faces/javax.faces.resource/layout/layout.css?ln=primefaces&v=4.0 HTTP/1.1" 200 542
201.245.192.253 - - [25/Jun/2024:09:22:03 -0500] "GET /sipse/css/custom_css_sg.css HTTP/1.1" 200 9694
201.245.192.253 - - [25/Jun/2024:09:22:03 -0500] "GET /sipse/faces/javax.faces.resource/theme.css?ln=primefaces-sipse HTTP/1.1" 200 50058
201.245.192.253 - - [25/Jun/2024:09:22:03 -0500] "GET /sipse/faces/javax.faces.resource/primefaces.css?ln=primefaces&v=4.0 HTTP/1.1" 200 53295
201.245.192.253 - - [25/Jun/2024:09:22:03 -0500] "GET /sipse/faces/javax.faces.resource/jquery/jquery.js?ln=primefaces&v=4.0 HTTP/1.1" 304 -
201.245.192.253 - - [25/Jun/2024:09:22:03 -0500] "GET /sipse/faces/javax.faces.resource/jquery/jquery-plugins.js?ln=primefaces&v=4.0 HTTP/1.1" 304 -
201.245.192.253 - - [25/Jun/2024:09:22:03 -0500] "GET /sipse/faces/javax.faces.resource/primefaces.js?ln=primefaces&v=4.0 HTTP/1.1" 304 -
201.245.192.253 - - [25/Jun/2024:09:22:03 -0500] "GET /sipse/faces/javax.faces.resource/layout/layout.js?ln=primefaces&v=4.0 HTTP/1.1" 304 -
201.245.192.253 - - [25/Jun/2024:09:22:03 -0500] "GET /sipse/faces/javax.faces.resource/images/ui-icons_898989_256x240.png?ln=primefaces-aristo HTTP/1.1" 200 5355
201.245.192.253 - - [25/Jun/2024:09:22:03 -0500] "GET /sipse/css/imagen/logoSDG.png HTTP/1.1" 200 53064
201.245.192.253 - - [25/Jun/2024:09:22:03 -0500] "GET /sipse/css/imagen/loginimg.png HTTP/1.1" 200 71635
201.245.192.253 - - [25/Jun/2024:09:22:03 -0500] "GET /favicon.ico HTTP/1.1" 200 7782
201.245.192.253 - - [25/Jun/2024:09:22:03 -0500] "GET /sipse/faces/faces/index.xhtml HTTP/1.1" 200 677
201.245.192.253 - - [25/Jun/2024:09:22:03 -0500] "GET /sipse/faces/javax.faces.resource/theme.css?ln=primefaces-sipse HTTP/1.1" 304 -
201.245.192.253 - - [25/Jun/2024:09:22:03 -0500] "GET /sipse/faces/faces/faces/autenticacion.xhtml HTTP/1.1" 200 12402
201.245.192.253 - - [25/Jun/2024:09:22:03 -0500] "GET /sipse/faces/javax.faces.resource/theme.css?ln=primefaces-sipse HTTP/1.1" 304 -
201.245.192.253 - - [25/Jun/2024:09:22:03 -0500] "GET /sipse/faces/javax.faces.resource/primefaces.css?ln=primefaces&v=4.0 HTTP/1.1" 304 -
201.245.192.253 - - [25/Jun/2024:09:22:03 -0500] "GET /sipse/faces/javax.faces.resource/layout/layout.css?ln=primefaces&v=4.0 HTTP/1.1" 304 -
201.245.192.253 - - [25/Jun/2024:09:22:03 -0500] "GET /sipse/faces/javax.faces.resource/jquery/jquery.js?ln=primefaces&v=4.0 HTTP/1.1" 304 -
201.245.192.253 - - [25/Jun/2024:09:22:03 -0500] "GET /sipse/faces/javax.faces.resource/jquery/jquery-plugins.js?ln=primefaces&v=4.0 HTTP/1.1" 304 -
201.245.192.253 - - [25/Jun/2024:09:22:03 -0500] "GET /sipse/faces/javax.faces.resource/primefaces.js?ln=primefaces&v=4.0 HTTP/1.1" 304 -
201.245.192.253 - - [25/Jun/2024:09:22:03 -0500] "GET /sipse/faces/javax.faces.resource/layout/layout.js?ln=primefaces&v=4.0 HTTP/1.1" 304 -
201.245.192.253 - - [25/Jun/2024:09:22:04 -0500] "GET /sipse/faces/javax.faces.resource/images/ui-icons_898989_256x240.png?ln=primefaces-aristo HTTP/1.1" 304 -
201.245.192.253 - - [25/Jun/2024:09:22:17 -0500] "GET /kwsrmcab/Wsrmcab?wsdl HTTP/1.1" 200 6948
172.22.2.4 - - [25/Jun/2024:09:22:21 -0500] "GET /BLA/boletinlegal/Circulares/2024/CIRCULAR%20No.%2000003%20DEL%2016%20DE%20FEBRERO%20DEL%202024.pdf HTTP/1.1" 200 262750
172.22.2.4 - - [25/Jun/2024:09:22:22 -0500] "GET /BLA/boletinlegal/Circulares/2024/CIRCULAR%20No.%2000003%20DEL%2016%20DE%20FEBRERO%20DEL%202024.pdf HTTP/1.1" 206 1025
172.22.2.4 - - [25/Jun/2024:09:22:22 -0500] "GET /BLA/boletinlegal/Circulares/2024/CIRCULAR%20No.%2000003%20DEL%2016%20DE%20FEBRERO%20DEL%202024.pdf HTTP/1.1" 200 262750
172.22.2.4 - - [25/Jun/2024:09:20:52 -0500] "GET /BLA/boletinlegal/ HTTP/1.1" 200 57136
216.244.66.195 - - [25/Jun/2024:09:22:32 -0500] "GET /BLA/resoluciones/AUTOS%202016/1873.pdf HTTP/1.1" 200 609033
201.245.192.253 - - [25/Jun/2024:09:22:42 -0500] "POST /kwsrmcab/Wsrmcab  HTTP/1.1" 200 213
47.128.120.30 - - [25/Jun/2024:09:22:46 -0500] "GET /BLA/resoluciones/AUTOS%202021/0245.php?act=f&d=E%3A%5Cnuevo%5Chtdocs%5CBLA%5Cresoluciones%5CRESOLUCIONES+2006%5C&f=0924.pdf&ft=download&white=1 HTTP/1.1" 200 818855
47.128.30.189 - - [25/Jun/2024:09:23:05 -0500] "GET /BLA/resoluciones/AUTOS%202021/0245.php?act=f&d=E%3A%5Cnuevo%5Chtdocs%5CBLA%5Cresoluciones%5CAUTOS+2021&f=1846.pdf&ft=download HTTP/1.1" 200 20135
201.245.192.253 - - [25/Jun/2024:09:23:17 -0500] "GET /kwsrmcab/Wsrmcab?wsdl HTTP/1.1" 200 6948
216.244.66.195 - - [25/Jun/2024:09:23:22 -0500] "GET /BLA/resoluciones/AUTOS%202016/1951.pdf HTTP/1.1" 200 502441
66.249.66.20 - - [25/Jun/2024:09:23:28 -0500] "GET /BLA/resoluciones/RESOLUCIONES%202009/5767.pdf HTTP/1.1" 200 715997
172.22.2.4 - - [25/Jun/2024:09:23:42 -0500] "GET /BLA/boletinlegal/actos.php HTTP/1.1" 200 9738
172.22.2.4 - - [25/Jun/2024:09:23:43 -0500] "GET /BLA/boletinlegal/js/ajax_actos.js HTTP/1.1" 200 1322
172.22.2.4 - - [25/Jun/2024:09:23:43 -0500] "GET /BLA/boletinlegal/styles2.css HTTP/1.1" 200 1838
172.22.2.4 - - [25/Jun/2024:09:23:43 -0500] "GET /BLA/boletinlegal/style.css HTTP/1.1" 200 9406
172.22.2.4 - - [25/Jun/2024:09:23:43 -0500] "GET /BLA/boletinlegal/niceforms-default.css HTTP/1.1" 200 6694
172.22.2.4 - - [25/Jun/2024:09:23:43 -0500] "GET /BLA/boletinlegal/js/popup.js HTTP/1.1" 200 1270
172.22.2.4 - - [25/Jun/2024:09:23:43 -0500] "GET /BLA/boletinlegal/niceforms.js HTTP/1.1" 200 22876
172.22.2.4 - - [25/Jun/2024:09:23:43 -0500] "GET /BLA/boletinlegal/js/jquery1.js HTTP/1.1" 200 29846
172.22.2.4 - - [25/Jun/2024:09:23:43 -0500] "GET /BLA/boletinlegal/js/lib.js HTTP/1.1" 200 6474
172.22.2.4 - - [25/Jun/2024:09:23:43 -0500] "GET /BLA/boletinlegal/images/cabezote%20BLEGAL.jpg HTTP/1.1" 200 118164
172.22.2.4 - - [25/Jun/2024:09:23:43 -0500] "GET /BLA/boletinlegal/images/subscribe-icon-big.png HTTP/1.1" 200 47702
172.22.2.4 - - [25/Jun/2024:09:23:43 -0500] "GET /BLA/boletinlegal/images/historia.png HTTP/1.1" 200 52775
172.22.2.4 - - [25/Jun/2024:09:23:43 -0500] "GET /BLA/boletinlegal/images/registro-usuarios.png HTTP/1.1" 200 8106
172.22.2.4 - - [25/Jun/2024:09:23:43 -0500] "GET /BLA/boletinlegal/images/tel.png HTTP/1.1" 200 14477
172.22.2.4 - - [25/Jun/2024:09:23:43 -0500] "GET /BLA/boletinlegal/images/green-yellow-blue-pink-th.png HTTP/1.1" 200 7394
172.22.2.4 - - [25/Jun/2024:09:23:43 -0500] "GET /BLA/boletinlegal/images/text.jpg HTTP/1.1" 200 568
172.22.2.4 - - [25/Jun/2024:09:23:43 -0500] "GET /BLA/boletinlegal/images/body_bg.jpg HTTP/1.1" 200 1601
172.22.2.4 - - [25/Jun/2024:09:23:43 -0500] "GET /BLA/boletinlegal/images/footer_bg.jpg HTTP/1.1" 200 586
172.22.2.4 - - [25/Jun/2024:09:23:43 -0500] "GET /BLA/boletinlegal/images/bg_top.jpg HTTP/1.1" 200 522
172.22.2.4 - - [25/Jun/2024:09:23:43 -0500] "GET /BLA/boletinlegal/images/menu_lft.gif HTTP/1.1" 200 1713
172.22.2.4 - - [25/Jun/2024:09:23:43 -0500] "GET /BLA/boletinlegal/images/menu_rght.gif HTTP/1.1" 200 1627
172.22.2.4 - - [25/Jun/2024:09:23:43 -0500] "GET /BLA/boletinlegal/images/menu_bg.jpg HTTP/1.1" 200 620
172.22.2.4 - - [25/Jun/2024:09:23:43 -0500] "GET /BLA/boletinlegal/images/hover.jpg HTTP/1.1" 200 640
172.22.2.4 - - [25/Jun/2024:09:23:43 -0500] "GET /BLA/boletinlegal/images/icono-email.png HTTP/1.1" 200 5544
172.22.2.4 - - [25/Jun/2024:09:23:43 -0500] "GET /BLA/boletinlegal/images/footer_bg_l.jpg HTTP/1.1" 200 776
172.22.2.4 - - [25/Jun/2024:09:23:44 -0500] "GET /BLA/boletinlegal/img/0.png HTTP/1.1" 200 110
172.22.2.4 - - [25/Jun/2024:09:23:44 -0500] "GET /BLA/boletinlegal/img/select-left.png HTTP/1.1" 200 263
172.22.2.4 - - [25/Jun/2024:09:23:44 -0500] "GET /BLA/boletinlegal/img/button.png HTTP/1.1" 200 43241
172.22.2.4 - - [25/Jun/2024:09:23:44 -0500] "GET /BLA/boletinlegal/img/button-left.png HTTP/1.1" 200 57071
172.22.2.4 - - [25/Jun/2024:09:23:44 -0500] "GET /BLA/boletinlegal/img/select-right.png HTTP/1.1" 200 44019
172.22.2.4 - - [25/Jun/2024:09:23:44 -0500] "GET /BLA/boletinlegal/img/button-right.png HTTP/1.1" 200 57878
172.22.2.4 - - [25/Jun/2024:09:23:44 -0500] "GET /BLA/boletinlegal/favicon.ico HTTP/1.1" 404 1326
52.167.144.217 - - [25/Jun/2024:09:23:45 -0500] "GET /BLA/resoluciones/index.php?dir=RESOLUCIONES+2021%2F HTTP/1.1" 200 447527
172.22.2.4 - - [25/Jun/2024:09:23:51 -0500] "GET /BLA/boletinlegal/actos.php HTTP/1.1" 200 9738
172.22.2.4 - - [25/Jun/2024:09:23:51 -0500] "GET /BLA/boletinlegal/styles2.css HTTP/1.1" 200 1838
172.22.2.4 - - [25/Jun/2024:09:23:51 -0500] "GET /BLA/boletinlegal/js/ajax_actos.js HTTP/1.1" 200 1322
172.22.2.4 - - [25/Jun/2024:09:23:52 -0500] "GET /BLA/boletinlegal/niceforms-default.css HTTP/1.1" 200 6694
172.22.2.4 - - [25/Jun/2024:09:23:52 -0500] "GET /BLA/boletinlegal/style.css HTTP/1.1" 200 9406
172.22.2.4 - - [25/Jun/2024:09:23:52 -0500] "GET /BLA/boletinlegal/niceforms.js HTTP/1.1" 200 22876
172.22.2.4 - - [25/Jun/2024:09:23:52 -0500] "GET /BLA/boletinlegal/js/lib.js HTTP/1.1" 200 6474
172.22.2.4 - - [25/Jun/2024:09:23:52 -0500] "GET /BLA/boletinlegal/js/popup.js HTTP/1.1" 200 1270
172.22.2.4 - - [25/Jun/2024:09:23:52 -0500] "GET /BLA/boletinlegal/js/jquery1.js HTTP/1.1" 200 29846
172.22.2.4 - - [25/Jun/2024:09:23:53 -0500] "GET /BLA/boletinlegal/images/registro-usuarios.png HTTP/1.1" 200 8106
172.22.2.4 - - [25/Jun/2024:09:23:53 -0500] "GET /BLA/boletinlegal/images/historia.png HTTP/1.1" 200 52775
172.22.2.4 - - [25/Jun/2024:09:23:53 -0500] "GET /BLA/boletinlegal/images/green-yellow-blue-pink-th.png HTTP/1.1" 200 7394
172.22.2.4 - - [25/Jun/2024:09:23:53 -0500] "GET /BLA/boletinlegal/images/tel.png HTTP/1.1" 200 14477
172.22.2.4 - - [25/Jun/2024:09:23:53 -0500] "GET /BLA/boletinlegal/images/subscribe-icon-big.png HTTP/1.1" 200 47702
172.22.2.4 - - [25/Jun/2024:09:23:53 -0500] "GET /BLA/boletinlegal/images/cabezote%20BLEGAL.jpg HTTP/1.1" 200 118164
172.22.2.4 - - [25/Jun/2024:09:23:53 -0500] "GET /BLA/boletinlegal/images/body_bg.jpg HTTP/1.1" 200 1601
172.22.2.4 - - [25/Jun/2024:09:23:53 -0500] "GET /BLA/boletinlegal/images/footer_bg.jpg HTTP/1.1" 200 586
172.22.2.4 - - [25/Jun/2024:09:23:53 -0500] "GET /BLA/boletinlegal/images/menu_lft.gif HTTP/1.1" 200 1713
172.22.2.4 - - [25/Jun/2024:09:23:53 -0500] "GET /BLA/boletinlegal/images/menu_rght.gif HTTP/1.1" 200 1627
172.22.2.4 - - [25/Jun/2024:09:23:53 -0500] "GET /BLA/boletinlegal/images/menu_bg.jpg HTTP/1.1" 200 620
172.22.2.4 - - [25/Jun/2024:09:23:53 -0500] "GET /BLA/boletinlegal/images/bg_top.jpg HTTP/1.1" 200 522
172.22.2.4 - - [25/Jun/2024:09:23:53 -0500] "GET /BLA/boletinlegal/images/text.jpg HTTP/1.1" 200 568
172.22.2.4 - - [25/Jun/2024:09:23:53 -0500] "GET /BLA/boletinlegal/images/hover.jpg HTTP/1.1" 200 640
172.22.2.4 - - [25/Jun/2024:09:23:53 -0500] "GET /BLA/boletinlegal/images/icono-email.png HTTP/1.1" 200 5544
172.22.2.4 - - [25/Jun/2024:09:23:54 -0500] "GET /BLA/boletinlegal/images/footer_bg_l.jpg HTTP/1.1" 200 776
172.22.2.4 - - [25/Jun/2024:09:23:54 -0500] "GET /BLA/boletinlegal/img/select-right.png HTTP/1.1" 200 44019
172.22.2.4 - - [25/Jun/2024:09:23:54 -0500] "GET /BLA/boletinlegal/img/button.png HTTP/1.1" 200 43241
172.22.2.4 - - [25/Jun/2024:09:23:54 -0500] "GET /BLA/boletinlegal/img/button-left.png HTTP/1.1" 200 57071
172.22.2.4 - - [25/Jun/2024:09:23:54 -0500] "GET /BLA/boletinlegal/img/select-left.png HTTP/1.1" 200 263
172.22.2.4 - - [25/Jun/2024:09:23:54 -0500] "GET /BLA/boletinlegal/img/button-right.png HTTP/1.1" 200 57878
172.22.2.4 - - [25/Jun/2024:09:23:55 -0500] "GET /BLA/boletinlegal/img/0.png HTTP/1.1" 200 110
172.22.2.4 - - [25/Jun/2024:09:23:58 -0500] "GET /BLA/boletinlegal/consulta_actos.php?tipo=autos&no=&usuario=&sector=COMPETENCIA&fecha=2024&resuelve=judith HTTP/1.1" 200 626
190.159.191.138 - - [25/Jun/2024:09:24:01 -0500] "GET /BLA/resoluciones/dlf/styles.css HTTP/1.1" 200 3049
190.159.191.138 - - [25/Jun/2024:09:24:01 -0500] "GET /BLA/resoluciones/ HTTP/1.1" 200 14105
190.159.191.138 - - [25/Jun/2024:09:24:01 -0500] "GET /BLA/resoluciones/dlf/folder.png HTTP/1.1" 200 410
190.159.191.138 - - [25/Jun/2024:09:24:01 -0500] "GET /BLA/resoluciones/dlf/bg.gif HTTP/1.1" 200 54
172.22.2.4 - - [25/Jun/2024:09:24:02 -0500] "GET /BLA/boletinlegal/style.css HTTP/1.1" 200 9406
172.22.2.4 - - [25/Jun/2024:09:24:02 -0500] "GET /BLA/boletinlegal/js/jquery.js HTTP/1.1" 200 57254
172.22.2.4 - - [25/Jun/2024:09:24:03 -0500] "GET /BLA/boletinlegal/js/jquery.scrollTo-min.js HTTP/1.1" 200 1150
172.22.2.4 - - [25/Jun/2024:09:24:03 -0500] "GET /BLA/boletinlegal/js/jquery.scrollShow.js HTTP/1.1" 200 4586
216.244.66.195 - - [25/Jun/2024:09:24:03 -0500] "GET /BLA/resoluciones/AUTOS%202016/2324.pdf HTTP/1.1" 200 373135
172.22.2.4 - - [25/Jun/2024:09:24:03 -0500] "GET /BLA/boletinlegal/images/cabezote%20BLEGAL.jpg HTTP/1.1" 200 118164
172.22.2.4 - - [25/Jun/2024:09:24:04 -0500] "GET /BLA/boletinlegal/styles2.css HTTP/1.1" 200 1838
216.245.221.92 - - [25/Jun/2024:09:24:04 -0500] "HEAD / HTTP/1.1" 200 -
172.22.2.4 - - [25/Jun/2024:09:24:04 -0500] "GET /BLA/boletinlegal/images/arr_l.jpg HTTP/1.1" 200 1979
172.22.2.4 - - [25/Jun/2024:09:24:04 -0500] "GET /BLA/boletinlegal/images/historia.png HTTP/1.1" 200 52775
172.22.2.4 - - [25/Jun/2024:09:24:04 -0500] "GET /BLA/boletinlegal/images/subscribe-icon-big.png HTTP/1.1" 200 47702
172.22.2.4 - - [25/Jun/2024:09:24:04 -0500] "GET /BLA/boletinlegal/images/registro-usuarios.png HTTP/1.1" 200 8106
172.22.2.4 - - [25/Jun/2024:09:24:04 -0500] "GET /BLA/boletinlegal/images/menu_bg.jpg HTTP/1.1" 200 620
172.22.2.4 - - [25/Jun/2024:09:24:04 -0500] "GET /BLA/boletinlegal/images/body_bg.jpg HTTP/1.1" 200 1601
172.22.2.4 - - [25/Jun/2024:09:24:04 -0500] "GET /BLA/boletinlegal/images/menu_rght.gif HTTP/1.1" 200 1627
172.22.2.4 - - [25/Jun/2024:09:24:04 -0500] "GET /BLA/boletinlegal/images/text.jpg HTTP/1.1" 200 568
172.22.2.4 - - [25/Jun/2024:09:24:04 -0500] "GET /BLA/boletinlegal/images/launch.jpg HTTP/1.1" 200 14577
172.22.2.4 - - [25/Jun/2024:09:24:05 -0500] "GET /BLA/boletinlegal/images/hover.jpg HTTP/1.1" 200 640
172.22.2.4 - - [25/Jun/2024:09:24:05 -0500] "GET /BLA/boletinlegal/images/menu_lft.gif HTTP/1.1" 200 1713
172.22.2.4 - - [25/Jun/2024:09:24:05 -0500] "GET /BLA/boletinlegal/images/bg_top.jpg HTTP/1.1" 200 522
172.22.2.4 - - [25/Jun/2024:09:24:05 -0500] "GET /BLA/boletinlegal/images/screen_1.png HTTP/1.1" 200 202547
3.12.251.153 - - [25/Jun/2024:09:24:09 -0500] "HEAD / HTTP/1.1" 200 -
172.22.2.4 - - [25/Jun/2024:09:24:12 -0500] "GET /BLA/boletinlegal/favicon.ico HTTP/1.1" 404 1038
190.159.191.138 - - [25/Jun/2024:09:24:12 -0500] "GET /BLA/resoluciones/dlf/dirup.png HTTP/1.1" 200 644
190.159.191.138 - - [25/Jun/2024:09:24:12 -0500] "GET /BLA/resoluciones/dlf/pdf.gif HTTP/1.1" 200 272
190.159.191.138 - - [25/Jun/2024:09:24:12 -0500] "GET /BLA/resoluciones/index.php?dir=RESOLUCIONES+2024%2F HTTP/1.1" 200 24902
201.245.192.253 - - [25/Jun/2024:09:24:17 -0500] "GET /kwsrmcab/Wsrmcab?wsdl HTTP/1.1" 200 6948
190.159.191.138 - - [25/Jun/2024:09:24:21 -0500] "GET /BLA/resoluciones/RESOLUCIONES%202024/00005.pdf HTTP/1.1" 200 442390
66.249.66.21 - - [25/Jun/2024:09:24:27 -0500] "GET /BLA/resoluciones/RESOLUCIONES%202009/8152.pdf HTTP/1.1" 200 497543
66.249.66.21 - - [25/Jun/2024:09:24:31 -0500] "GET /BLA/resoluciones/Notificaciones/AUTOS%202023/2512.pdf HTTP/1.1" 304 -
172.22.2.4 - - [25/Jun/2024:09:24:02 -0500] "GET /BLA/boletinlegal/ HTTP/1.1" 200 24523
157.55.39.8 - - [25/Jun/2024:09:24:36 -0500] "GET /BLA/resoluciones/RESOLUCIONES%202010/7196.pdf HTTP/1.1" 304 -
216.244.66.195 - - [25/Jun/2024:09:24:51 -0500] "GET /BLA/resoluciones/AUTOS%202016/2388.pdf HTTP/1.1" 200 384964
172.22.2.4 - - [25/Jun/2024:09:25:04 -0500] "GET /BLA/boletinlegal/js/jquery.js HTTP/1.1" 200 57254
172.22.2.4 - - [25/Jun/2024:09:25:04 -0500] "GET /BLA/boletinlegal/images/cabezote%20BLEGAL.jpg HTTP/1.1" 200 118164
172.22.2.4 - - [25/Jun/2024:09:25:04 -0500] "GET /BLA/boletinlegal/images/screen_1.png HTTP/1.1" 200 202547
172.22.2.4 - - [25/Jun/2024:09:25:04 -0500] "GET /BLA/boletinlegal/images/subscribe-icon-big.png HTTP/1.1" 200 47702
172.22.2.4 - - [25/Jun/2024:09:25:04 -0500] "GET /BLA/boletinlegal/images/historia.png HTTP/1.1" 200 52775
172.22.2.4 - - [25/Jun/2024:09:25:06 -0500] "GET /BLA/boletinlegal/actos.php HTTP/1.1" 200 9738
172.22.2.4 - - [25/Jun/2024:09:25:06 -0500] "GET /BLA/boletinlegal/img/select-right.png HTTP/1.1" 200 44019
172.22.2.4 - - [25/Jun/2024:09:25:06 -0500] "GET /BLA/boletinlegal/img/button-right.png HTTP/1.1" 200 57878
172.22.2.4 - - [25/Jun/2024:09:25:06 -0500] "GET /BLA/boletinlegal/img/button-left.png HTTP/1.1" 200 57071
201.245.192.253 - - [25/Jun/2024:09:25:17 -0500] "GET /kwsrmcab/Wsrmcab?wsdl HTTP/1.1" 200 6948
172.22.2.4 - - [25/Jun/2024:09:25:31 -0500] "GET /BLA/boletinlegal/Circulares/2023/CIRCULAR%20No.%2000010%20DEL%2010%20DE%20OCTUBRE%20DEL%202023.pdf HTTP/1.1" 304 -
172.22.2.4 - - [25/Jun/2024:09:25:04 -0500] "GET /BLA/boletinlegal/ HTTP/1.1" 200 24523
172.22.2.4 - - [25/Jun/2024:09:25:43 -0500] "GET /BLA/boletinlegal/consulta_actos.php?tipo=resoluciones&no=1714&usuario=&sector=&fecha=2021&resuelve= HTTP/1.1" 200 626
216.244.66.195 - - [25/Jun/2024:09:25:45 -0500] "GET /BLA/resoluciones/AUTOS%202016/2406.pdf HTTP/1.1" 200 622318
172.22.2.4 - - [25/Jun/2024:09:25:47 -0500] "GET /BLA/boletinlegal/consulta_actos.php?tipo=resoluciones&no=1714&usuario=&sector=&fecha=2021&resuelve= HTTP/1.1" 200 626
172.22.2.4 - - [25/Jun/2024:09:25:49 -0500] "GET /BLA/boletinlegal/consulta_actos.php?tipo=resoluciones&no=1714&usuario=&sector=&fecha=2021&resuelve= HTTP/1.1" 200 626
47.128.31.107 - - [25/Jun/2024:09:26:12 -0500] "GET /BLA/resoluciones/AUTOS%202021/0245.php?act=f&d=E%3A%5Cnuevo%5Chtdocs%5Ccumbreclima%5Cwp-includes%5C&f=class-snoopy.php&ft=download HTTP/1.1" 200 37776
201.245.192.253 - - [25/Jun/2024:09:26:17 -0500] "GET /kwsrmcab/Wsrmcab?wsdl HTTP/1.1" 200 6948
47.128.126.196 - - [25/Jun/2024:09:26:31 -0500] "GET /BLA/resoluciones/AUTOS%202021/0245.php?act=f&d=E%3A%5Cnuevo%5Chtdocs%5Ccumbredelclima%5Cwp-admin&f=themes.php&ft=download HTTP/1.1" 200 18657
216.244.66.195 - - [25/Jun/2024:09:26:33 -0500] "GET /BLA/resoluciones/AUTOS%202016/2519.pdf HTTP/1.1" 200 528739
192.168.169.28 - - [25/Jun/2024:09:26:39 -0500] "GET /BLA/boletinlegal/admin/notificaciones/ingresar.php HTTP/1.1" 200 29988
192.168.169.28 - - [25/Jun/2024:09:26:39 -0500] "GET /BLA/boletinlegal/admin/images/calendario.png HTTP/1.1" 200 4380
192.168.169.28 - - [25/Jun/2024:09:26:39 -0500] "GET /BLA/boletinlegal/images/cabezote%20BLEGAL.jpg HTTP/1.1" 200 118164
172.22.2.4 - - [25/Jun/2024:09:26:46 -0500] "GET /BLA/boletinlegal/Directivas/2019/Directiva%20008%20del%2001%20de%20noviembre%20de%202019.pdf HTTP/1.1" 304 -
201.245.192.253 - - [25/Jun/2024:09:27:17 -0500] "GET /kwsrmcab/Wsrmcab?wsdl HTTP/1.1" 200 6948
47.128.22.72 - - [25/Jun/2024:09:27:23 -0500] "GET /BLA/resoluciones/AUTOS%202021/0245.php?act=f&f=cron6.gif HTTP/1.1" 200 2741
216.244.66.195 - - [25/Jun/2024:09:27:23 -0500] "GET /BLA/resoluciones/AUTOS%202016/2814.pdf HTTP/1.1" 200 534983
201.245.192.253 - - [25/Jun/2024:09:27:29 -0500] "POST /kwsrmcab/Wsrmcab HTTP/1.1" 200 34561
172.22.2.4 - - [25/Jun/2024:09:25:51 -0500] "HEAD /BLA/boletinlegal/ HTTP/1.1" 200 -
201.245.192.253 - - [25/Jun/2024:09:27:31 -0500] "POST /kwsrmcab/Wsrmcab HTTP/1.1" 200 35584
186.102.22.161 - - [25/Jun/2024:09:27:33 -0500] "GET /kwssiamovil/sm/acme/s?s=U2FsdGVkX19Exd10NoXVkMJU2LWNTANDpzMa81kc7GsQstEN8AYGV/DdhDTyKVLrAOSdAItD67KS0JjeAymEjrAkWFmh6P9849FwQZWpQAo/euUCOAQx3hmjQ02YNUSP&u=U2FsdGVkX1+q0GUilfWj1aBr1KJKoXbRqolsbRo+nSU4koTo/RuQxJ40sloPc53A&y=U2FsdGVkX19azUusN4A52E42VG0JEM03PIDg4lsWzmwfFw2fL2ntownNJCLMbTg5 HTTP/1.1" 200 110
66.249.66.20 - - [25/Jun/2024:09:27:37 -0500] "GET /BLA/resoluciones/RESOLUCIONES%202009/7345.pdf HTTP/1.1" 200 371078
201.245.192.253 - - [25/Jun/2024:09:27:39 -0500] "POST /kwsrmcab/Wsrmcab  HTTP/1.1" 200 213
47.128.44.2 - - [25/Jun/2024:09:27:43 -0500] "GET /BLA/resoluciones/AUTOS%202021/0245.php?act=f&f=bogota-transita-hacia-la-circularidad-a-traves-del-plan-distrital-de-desarrollo-2024-2027.html HTTP/1.1" 200 2798
47.128.55.109 - - [25/Jun/2024:09:28:01 -0500] "GET /BLA/resoluciones/AUTOS%202021/0245.php?act=f&f=conoce-los-requisitos-ambientales-para-abrir-un-establecimiento-comercial-en-bogota.html HTTP/1.1" 200 2793
216.244.66.195 - - [25/Jun/2024:09:28:13 -0500] "GET /BLA/resoluciones/AUTOS%202016/2840.pdf HTTP/1.1" 200 523200
201.245.192.253 - - [25/Jun/2024:09:28:17 -0500] "GET /kwsrmcab/Wsrmcab?wsdl HTTP/1.1" 200 6948
191.156.177.206 - - [25/Jun/2024:09:28:19 -0500] "GET /sipse/faces/index.xhtml HTTP/1.1" 200 677
47.128.44.134 - - [25/Jun/2024:09:28:21 -0500] "GET /BLA/resoluciones/AUTOS%202021/0245.php?act=img&img=ext_txt HTTP/1.1" 200 132
47.128.44.134 - - [25/Jun/2024:09:28:21 -0500] "GET /BLA/resoluciones/AUTOS%202021/0245.php?act=img&img=ext_diz HTTP/1.1" 200 1027
47.128.44.134 - - [25/Jun/2024:09:28:21 -0500] "GET /BLA/resoluciones/AUTOS%202021/0245.php?act=img&img=ext_html HTTP/1.1" 200 230
191.156.177.206 - - [25/Jun/2024:09:28:21 -0500] "GET /sipse/faces/javax.faces.resource/theme.css?ln=primefaces-sipse HTTP/1.1" 304 -
172.22.2.4 - - [25/Jun/2024:09:26:42 -0500] "GET /BLA/boletinlegal/ HTTP/1.1" 200 55823
47.128.44.134 - - [25/Jun/2024:09:28:20 -0500] "GET /BLA/resoluciones/AUTOS%202021/0245.php?act=f&base64=3&d=E%3A%5Cnuevo%5Chtdocs%5CResiduos%5Cimg%5C&f=portada_vehiculos.jpg HTTP/1.1" 200 15359
47.128.44.134 - - [25/Jun/2024:09:28:22 -0500] "GET /BLA/resoluciones/AUTOS%202021/0245.php?act=img&img=ext_ini HTTP/1.1" 200 134
47.128.44.134 - - [25/Jun/2024:09:28:22 -0500] "GET /BLA/resoluciones/AUTOS%202021/0245.php?act=img&img=download HTTP/1.1" 200 161
47.128.44.134 - - [25/Jun/2024:09:28:22 -0500] "GET /BLA/resoluciones/AUTOS%202021/0245.php?act=img&img=ext_exe HTTP/1.1" 200 118
191.156.177.206 - - [25/Jun/2024:09:28:22 -0500] "GET /sipse/faces/faces/autenticacion.xhtml HTTP/1.1" 200 12402
191.156.183.34 - - [25/Jun/2024:09:28:22 -0500] "GET /sipse/js/funciones.js HTTP/1.1" 304 -
191.156.183.34 - - [25/Jun/2024:09:28:22 -0500] "GET /sipse/css/custom_css_sg.css HTTP/1.1" 304 -
191.156.177.206 - - [25/Jun/2024:09:28:22 -0500] "GET /sipse/faces/javax.faces.resource/theme.css?ln=primefaces-sipse HTTP/1.1" 304 -
191.156.191.226 - - [25/Jun/2024:09:28:22 -0500] "GET /sipse/js/disable_browser_buttons.js HTTP/1.1" 304 -
47.128.44.134 - - [25/Jun/2024:09:28:22 -0500] "GET /BLA/resoluciones/AUTOS%202021/0245.php?act=img&img=ext_gif HTTP/1.1" 200 175
191.156.179.37 - - [25/Jun/2024:09:28:22 -0500] "GET /sipse/faces/javax.faces.resource/jquery/jquery.js?ln=primefaces&v=4.0 HTTP/1.1" 304 -
191.156.191.226 - - [25/Jun/2024:09:28:22 -0500] "GET /sipse/faces/javax.faces.resource/layout/layout.js?ln=primefaces&v=4.0 HTTP/1.1" 304 -
191.156.191.226 - - [25/Jun/2024:09:28:22 -0500] "GET /sipse/faces/javax.faces.resource/primefaces.js?ln=primefaces&v=4.0 HTTP/1.1" 304 -
191.156.177.206 - - [25/Jun/2024:09:28:22 -0500] "GET /sipse/faces/javax.faces.resource/jquery/jquery-plugins.js?ln=primefaces&v=4.0 HTTP/1.1" 304 -
191.156.183.34 - - [25/Jun/2024:09:28:22 -0500] "GET /sipse/faces/javax.faces.resource/primefaces.css?ln=primefaces&v=4.0 HTTP/1.1" 304 -
191.156.191.226 - - [25/Jun/2024:09:28:22 -0500] "GET /sipse/css/custom_css_sg_prime_login.css HTTP/1.1" 304 -
191.156.179.37 - - [25/Jun/2024:09:28:22 -0500] "GET /sipse/faces/javax.faces.resource/layout/layout.css?ln=primefaces&v=4.0 HTTP/1.1" 304 -
47.128.44.134 - - [25/Jun/2024:09:28:22 -0500] "GET /BLA/resoluciones/AUTOS%202021/0245.php?act=img&img=ext_rtf HTTP/1.1" 200 164
47.128.44.134 - - [25/Jun/2024:09:28:22 -0500] "GET /BLA/resoluciones/AUTOS%202021/0245.php?act=img&img=change HTTP/1.1" 200 290
191.156.179.37 - - [25/Jun/2024:09:28:23 -0500] "GET /sipse/css/imagen/loginimg.png HTTP/1.1" 304 -
191.156.191.226 - - [25/Jun/2024:09:28:23 -0500] "GET /sipse/faces/javax.faces.resource/images/ui-icons_898989_256x240.png?ln=primefaces-aristo HTTP/1.1" 304 -
191.156.179.37 - - [25/Jun/2024:09:28:23 -0500] "GET /sipse/css/imagen/logoSDG.png HTTP/1.1" 304 -
47.128.44.134 - - [25/Jun/2024:09:28:24 -0500] "GET /BLA/resoluciones/AUTOS%202021/0245.php?act=img&img=ext_jpg HTTP/1.1" 200 175
172.22.2.4 - - [25/Jun/2024:09:28:34 -0500] "GET /BLA/boletinlegal/actos.php HTTP/1.1" 200 9738
172.22.2.4 - - [25/Jun/2024:09:28:34 -0500] "GET /BLA/boletinlegal/actos.php HTTP/1.1" 200 9738
172.22.2.4 - - [25/Jun/2024:09:28:34 -0500] "GET /BLA/boletinlegal/styles2.css HTTP/1.1" 200 1838
172.22.2.4 - - [25/Jun/2024:09:28:34 -0500] "GET /BLA/boletinlegal/js/ajax_actos.js HTTP/1.1" 200 1322
172.22.2.4 - - [25/Jun/2024:09:28:34 -0500] "GET /BLA/boletinlegal/favicon.ico HTTP/1.1" 404 1326
186.84.22.77 - - [25/Jun/2024:09:28:36 -0500] "GET /BLA/resoluciones/ HTTP/1.1" 200 14105
186.84.22.77 - - [25/Jun/2024:09:28:38 -0500] "GET /BLA/resoluciones/index.php?dir=AUTOS+2023%2F HTTP/1.1" 200 576456
47.128.56.177 - - [25/Jun/2024:09:28:39 -0500] "GET /BLA/resoluciones/AUTOS%202021/0245.php?act=f&base64=2&d=E%3A%5Cxampp%5Cxampp%5Cwebdav%5C&f=x32.php HTTP/1.1" 200 3244
47.128.56.177 - - [25/Jun/2024:09:28:40 -0500] "GET /BLA/resoluciones/AUTOS%202021/0245.php?act=img&img=ext_gif HTTP/1.1" 200 175
47.128.56.177 - - [25/Jun/2024:09:28:40 -0500] "GET /BLA/resoluciones/AUTOS%202021/0245.php?act=img&img=ext_php HTTP/1.1" 200 79
47.128.56.177 - - [25/Jun/2024:09:28:40 -0500] "GET /BLA/resoluciones/AUTOS%202021/0245.php?act=img&img=ext_exe HTTP/1.1" 200 118
47.128.56.177 - - [25/Jun/2024:09:28:40 -0500] "GET /BLA/resoluciones/AUTOS%202021/0245.php?act=img&img=ext_html HTTP/1.1" 200 230
47.128.56.177 - - [25/Jun/2024:09:28:40 -0500] "GET /BLA/resoluciones/AUTOS%202021/0245.php?act=img&img=ext_diz HTTP/1.1" 200 1027
47.128.56.177 - - [25/Jun/2024:09:28:40 -0500] "GET /BLA/resoluciones/AUTOS%202021/0245.php?act=img&img=download HTTP/1.1" 200 161
47.128.56.177 - - [25/Jun/2024:09:28:40 -0500] "GET /BLA/resoluciones/AUTOS%202021/0245.php?act=img&img=change HTTP/1.1" 200 290
47.128.56.177 - - [25/Jun/2024:09:28:40 -0500] "GET /BLA/resoluciones/AUTOS%202021/0245.php?act=img&img=ext_rtf HTTP/1.1" 200 164
47.128.56.177 - - [25/Jun/2024:09:28:40 -0500] "GET /BLA/resoluciones/AUTOS%202021/0245.php?act=img&img=ext_ini HTTP/1.1" 200 134
47.128.56.177 - - [25/Jun/2024:09:28:43 -0500] "GET /BLA/resoluciones/AUTOS%202021/0245.php?act=img&img=ext_txt HTTP/1.1" 200 132
66.249.66.21 - - [25/Jun/2024:09:28:54 -0500] "GET /resoluciones/RESOLUCIONES%202008/2937.pdf HTTP/1.1" 404 1018
216.244.66.195 - - [25/Jun/2024:09:28:58 -0500] "GET /BLA/resoluciones/AUTOS%202016/2938.pdf HTTP/1.1" 200 1347337
191.156.177.241 - - [25/Jun/2024:09:29:02 -0500] "GET /sipse/faces/index.xhtml HTTP/1.1" 200 677
191.156.177.241 - - [25/Jun/2024:09:29:02 -0500] "GET /sipse/faces/javax.faces.resource/theme.css?ln=primefaces-sipse HTTP/1.1" 304 -
191.156.177.46 - - [25/Jun/2024:09:29:02 -0500] "GET /sipse/faces/javax.faces.resource/theme.css?ln=primefaces-sipse HTTP/1.1" 304 -
191.156.177.241 - - [25/Jun/2024:09:29:02 -0500] "GET /sipse/faces/faces/autenticacion.xhtml HTTP/1.1" 200 12402
191.156.187.236 - - [25/Jun/2024:09:29:02 -0500] "GET /sipse/faces/javax.faces.resource/primefaces.css?ln=primefaces&v=4.0 HTTP/1.1" 304 -
191.156.177.206 - - [25/Jun/2024:09:29:02 -0500] "GET /sipse/faces/javax.faces.resource/jquery/jquery.js?ln=primefaces&v=4.0 HTTP/1.1" 304 -
191.156.187.236 - - [25/Jun/2024:09:29:02 -0500] "GET /sipse/faces/javax.faces.resource/layout/layout.css?ln=primefaces&v=4.0 HTTP/1.1" 304 -
191.156.177.206 - - [25/Jun/2024:09:29:02 -0500] "GET /sipse/faces/javax.faces.resource/jquery/jquery-plugins.js?ln=primefaces&v=4.0 HTTP/1.1" 304 -
191.156.177.46 - - [25/Jun/2024:09:29:02 -0500] "GET /sipse/faces/javax.faces.resource/primefaces.js?ln=primefaces&v=4.0 HTTP/1.1" 304 -
191.156.177.241 - - [25/Jun/2024:09:29:02 -0500] "GET /sipse/faces/javax.faces.resource/layout/layout.js?ln=primefaces&v=4.0 HTTP/1.1" 304 -
191.156.177.241 - - [25/Jun/2024:09:29:02 -0500] "GET /sipse/faces/javax.faces.resource/images/ui-icons_898989_256x240.png?ln=primefaces-aristo HTTP/1.1" 304 -
216.245.221.92 - - [25/Jun/2024:09:29:04 -0500] "HEAD / HTTP/1.1" 200 -
191.156.177.241 - - [25/Jun/2024:09:29:09 -0500] "POST /sipse/faces/autenticacion.xhtml HTTP/1.1" 200 2215
191.156.177.241 - - [25/Jun/2024:09:29:09 -0500] "GET /sipse/faces/javax.faces.resource/messages/messages.png?ln=primefaces&v=4.0 HTTP/1.1" 304 -
191.156.177.241 - - [25/Jun/2024:09:29:11 -0500] "POST /sipse/faces/autenticacion.xhtml HTTP/1.1" 200 16459
191.156.187.236 - - [25/Jun/2024:09:29:11 -0500] "GET /sipse/js/jquery.min.js HTTP/1.1" 304 -
191.156.187.236 - - [25/Jun/2024:09:29:11 -0500] "GET /sipse/faces/javax.faces.resource/layout/layout.css?ln=primefaces&v=4.0 HTTP/1.1" 304 -
191.156.177.46 - - [25/Jun/2024:09:29:11 -0500] "GET /sipse/faces/javax.faces.resource/theme.css?ln=primefaces-sipse HTTP/1.1" 304 -
191.156.177.206 - - [25/Jun/2024:09:29:11 -0500] "GET /sipse/faces/javax.faces.resource/primefaces.css?ln=primefaces&v=4.0 HTTP/1.1" 304 -
191.156.177.241 - - [25/Jun/2024:09:29:11 -0500] "GET /sipse/css/custom_css_sg_prime.css HTTP/1.1" 304 -
191.156.187.236 - - [25/Jun/2024:09:29:11 -0500] "GET /sipse/faces/javax.faces.resource/jquery/jquery.js?ln=primefaces&v=4.0 HTTP/1.1" 304 -
191.156.187.236 - - [25/Jun/2024:09:29:11 -0500] "GET /sipse/faces/javax.faces.resource/jquery/jquery-plugins.js?ln=primefaces&v=4.0 HTTP/1.1" 304 -
191.156.187.236 - - [25/Jun/2024:09:29:11 -0500] "GET /sipse/faces/javax.faces.resource/primefaces.js?ln=primefaces&v=4.0 HTTP/1.1" 304 -
191.156.187.236 - - [25/Jun/2024:09:29:11 -0500] "GET /sipse/faces/javax.faces.resource/layout/layout.js?ln=primefaces&v=4.0 HTTP/1.1" 304 -
191.156.177.206 - - [25/Jun/2024:09:29:11 -0500] "GET /sipse/imagenes/logoAplicacion.jpg HTTP/1.1" 304 -
191.156.187.236 - - [25/Jun/2024:09:29:11 -0500] "GET /sipse/css/v_mergente.css HTTP/1.1" 304 -
191.156.177.46 - - [25/Jun/2024:09:29:11 -0500] "GET /sipse/imagenes/cargando.gif HTTP/1.1" 304 -
191.156.177.241 - - [25/Jun/2024:09:29:11 -0500] "GET /sipse/css/imagen/contrasena.png HTTP/1.1" 404 383
191.156.177.241 - - [25/Jun/2024:09:29:13 -0500] "POST /sipse/faces/bienvenido.xhtml HTTP/1.1" 200 2658
191.156.177.46 - - [25/Jun/2024:09:29:13 -0500] "GET /sipse/faces/javax.faces.resource/images/ui-bg_flat_0_2d5972_40x100.png?ln=primefaces-aristo HTTP/1.1" 304 -
54.167.223.174 - - [25/Jun/2024:09:29:15 -0500] "HEAD / HTTP/1.1" 200 -
191.156.177.46 - - [25/Jun/2024:09:29:14 -0500] "POST /sipse/faces/bienvenido.xhtml HTTP/1.1" 200 64019
191.156.187.236 - - [25/Jun/2024:09:29:15 -0500] "GET /sipse/faces/javax.faces.resource/jquery/jquery.js?ln=primefaces&v=4.0 HTTP/1.1" 304 -
191.156.177.46 - - [25/Jun/2024:09:29:15 -0500] "GET /sipse/faces/javax.faces.resource/theme.css?ln=primefaces-sipse HTTP/1.1" 304 -
191.156.177.206 - - [25/Jun/2024:09:29:15 -0500] "GET /sipse/faces/javax.faces.resource/layout/layout.css?ln=primefaces&v=4.0 HTTP/1.1" 304 -
191.156.177.241 - - [25/Jun/2024:09:29:15 -0500] "GET /sipse/faces/javax.faces.resource/primefaces.css?ln=primefaces&v=4.0 HTTP/1.1" 304 -
191.156.177.46 - - [25/Jun/2024:09:29:15 -0500] "GET /sipse/faces/javax.faces.resource/jquery/jquery-plugins.js?ln=primefaces&v=4.0 HTTP/1.1" 304 -
191.156.177.46 - - [25/Jun/2024:09:29:15 -0500] "GET /sipse/faces/javax.faces.resource/primefaces.js?ln=primefaces&v=4.0 HTTP/1.1" 304 -
191.156.177.46 - - [25/Jun/2024:09:29:15 -0500] "GET /sipse/faces/javax.faces.resource/layout/layout.js?ln=primefaces&v=4.0 HTTP/1.1" 304 -
191.156.177.46 - - [25/Jun/2024:09:29:15 -0500] "POST /sipse/faces/presentacion/financiero/solicitudProceso/listarSolicitudProceso.xhtml HTTP/1.1" 200 1552
201.245.192.253 - - [25/Jun/2024:09:29:17 -0500] "GET /kwsrmcab/Wsrmcab?wsdl HTTP/1.1" 200 6948
201.245.192.253 - - [25/Jun/2024:09:29:36 -0500] "POST /kwsrmcab/Wsrmcab HTTP/1.1" 200 35000
216.244.66.195 - - [25/Jun/2024:09:29:48 -0500] "GET /BLA/resoluciones/AUTOS%202016/3079.pdf HTTP/1.1" 200 345882
201.245.192.253 - - [25/Jun/2024:09:30:17 -0500] "GET /kwsrmcab/Wsrmcab?wsdl HTTP/1.1" 200 6948
201.245.192.253 - - [25/Jun/2024:09:30:19 -0500] "POST /kwsrmcab/Wsrmcab HTTP/1.1" 200 35584
216.244.66.195 - - [25/Jun/2024:09:30:33 -0500] "GET /BLA/resoluciones/RESOLUCIONES%202017/0912.pdf HTTP/1.1" 200 8534055
52.167.144.212 - - [25/Jun/2024:09:31:00 -0500] "GET /BLA/resoluciones/AUTOS%202014/6000.pdf HTTP/1.1" 200 461216
201.245.192.253 - - [25/Jun/2024:09:31:08 -0500] "POST /sipsepre/faces/presentacion/workflow/consultarFlujo.xhtml HTTP/1.1" 200 911
201.245.192.253 - - [25/Jun/2024:09:31:14 -0500] "GET /sipsepre/faces/faces/autenticacion HTTP/1.1" 302 -
201.245.192.253 - - [25/Jun/2024:09:31:14 -0500] "GET /sipsepre/faces/autenticacion.xhtml HTTP/1.1" 200 12438
201.245.192.253 - - [25/Jun/2024:09:31:14 -0500] "GET /sipsepre/faces/javax.faces.resource/theme.css?ln=primefaces-sipse HTTP/1.1" 304 -
201.245.192.253 - - [25/Jun/2024:09:31:14 -0500] "GET /sipsepre/faces/javax.faces.resource/primefaces.css?ln=primefaces&v=4.0 HTTP/1.1" 304 -
201.245.192.253 - - [25/Jun/2024:09:31:14 -0500] "GET /sipsepre/faces/javax.faces.resource/layout/layout.js?ln=primefaces&v=4.0 HTTP/1.1" 304 -
201.245.192.253 - - [25/Jun/2024:09:31:14 -0500] "GET /sipsepre/faces/javax.faces.resource/jquery/jquery-plugins.js?ln=primefaces&v=4.0 HTTP/1.1" 304 -
201.245.192.253 - - [25/Jun/2024:09:31:14 -0500] "GET /sipsepre/faces/javax.faces.resource/layout/layout.css?ln=primefaces&v=4.0 HTTP/1.1" 304 -
201.245.192.253 - - [25/Jun/2024:09:31:14 -0500] "GET /sipsepre/faces/javax.faces.resource/jquery/jquery.js?ln=primefaces&v=4.0 HTTP/1.1" 304 -
201.245.192.253 - - [25/Jun/2024:09:31:14 -0500] "GET /sipsepre/faces/javax.faces.resource/primefaces.js?ln=primefaces&v=4.0 HTTP/1.1" 304 -
201.245.192.253 - - [25/Jun/2024:09:31:14 -0500] "GET /sipsepre/faces/javax.faces.resource/images/ui-icons_898989_256x240.png?ln=primefaces-aristo HTTP/1.1" 200 5355
201.245.192.253 - - [25/Jun/2024:09:31:14 -0500] "GET /favicon.ico HTTP/1.1" 200 7782
201.245.192.253 - - [25/Jun/2024:09:31:17 -0500] "GET /kwsrmcab/Wsrmcab?wsdl HTTP/1.1" 200 6948
201.245.192.253 - - [25/Jun/2024:09:31:17 -0500] "POST /sipsepre/faces/autenticacion.xhtml HTTP/1.1" 200 16844
201.245.192.253 - - [25/Jun/2024:09:31:17 -0500] "GET /sipsepre/faces/javax.faces.resource/jquery/jquery.js?ln=primefaces&v=4.0 HTTP/1.1" 304 -
201.245.192.253 - - [25/Jun/2024:09:31:17 -0500] "GET /sipsepre/faces/javax.faces.resource/jquery/jquery-plugins.js?ln=primefaces&v=4.0 HTTP/1.1" 304 -
201.245.192.253 - - [25/Jun/2024:09:31:17 -0500] "GET /sipsepre/faces/javax.faces.resource/primefaces.js?ln=primefaces&v=4.0 HTTP/1.1" 304 -
201.245.192.253 - - [25/Jun/2024:09:31:17 -0500] "GET /sipsepre/faces/javax.faces.resource/layout/layout.js?ln=primefaces&v=4.0 HTTP/1.1" 304 -
201.245.192.253 - - [25/Jun/2024:09:31:17 -0500] "GET /sipsepre/faces/javax.faces.resource/messages/messages.png?ln=primefaces&v=4.0 HTTP/1.1" 200 27209
201.245.192.253 - - [25/Jun/2024:09:31:19 -0500] "GET /sipsepre/faces/javax.faces.resource/images/ui-bg_flat_0_2d5972_40x100.png?ln=primefaces-aristo HTTP/1.1" 200 183
201.245.192.253 - - [25/Jun/2024:09:31:19 -0500] "POST /sipsepre/faces/bienvenido.xhtml HTTP/1.1" 200 1471
201.245.192.253 - - [25/Jun/2024:09:31:20 -0500] "POST /sipsepre/faces/bienvenido.xhtml HTTP/1.1" 200 9873
201.245.192.253 - - [25/Jun/2024:09:31:21 -0500] "POST /sipsepre/faces/bienvenido.xhtml HTTP/1.1" 200 1471
201.245.192.253 - - [25/Jun/2024:09:31:22 -0500] "POST /sipsepre/faces/bienvenido.xhtml HTTP/1.1" 200 54430
201.245.192.253 - - [25/Jun/2024:09:31:22 -0500] "GET /sipsepre/faces/javax.faces.resource/jquery/jquery.js?ln=primefaces&v=4.0 HTTP/1.1" 304 -
201.245.192.253 - - [25/Jun/2024:09:31:22 -0500] "GET /sipsepre/faces/javax.faces.resource/jquery/jquery-plugins.js?ln=primefaces&v=4.0 HTTP/1.1" 304 -
201.245.192.253 - - [25/Jun/2024:09:31:23 -0500] "GET /sipsepre/faces/javax.faces.resource/primefaces.js?ln=primefaces&v=4.0 HTTP/1.1" 304 -
201.245.192.253 - - [25/Jun/2024:09:31:23 -0500] "GET /sipsepre/faces/javax.faces.resource/layout/layout.js?ln=primefaces&v=4.0 HTTP/1.1" 304 -
201.245.192.253 - - [25/Jun/2024:09:31:23 -0500] "POST /sipsepre/faces/presentacion/financiero/solicitudProceso/listarSolicitudProceso.xhtml HTTP/1.1" 200 1540
201.245.192.253 - - [25/Jun/2024:09:31:36 -0500] "POST /sipsepre/faces/presentacion/financiero/solicitudProceso/listarSolicitudProceso.xhtml HTTP/1.1" 200 121247
201.245.192.253 - - [25/Jun/2024:09:31:36 -0500] "GET /sipsepre/faces/javax.faces.resource/jquery/jquery.js?ln=primefaces&v=4.0 HTTP/1.1" 304 -
201.245.192.253 - - [25/Jun/2024:09:31:36 -0500] "GET /sipsepre/faces/javax.faces.resource/jquery/jquery-plugins.js?ln=primefaces&v=4.0 HTTP/1.1" 304 -
201.245.192.253 - - [25/Jun/2024:09:31:37 -0500] "GET /sipsepre/faces/javax.faces.resource/primefaces.js?ln=primefaces&v=4.0 HTTP/1.1" 304 -
201.245.192.253 - - [25/Jun/2024:09:31:37 -0500] "GET /sipsepre/faces/javax.faces.resource/layout/layout.js?ln=primefaces&v=4.0 HTTP/1.1" 304 -
201.245.192.253 - - [25/Jun/2024:09:31:37 -0500] "GET /reportes_sipsepre/sdg/ServletReporte?reporte=solicitud_cdp&Solicitud=14414&pfdrid_c=false HTTP/1.1" 200 91178
201.245.192.253 - - [25/Jun/2024:09:31:42 -0500] "POST /sipsepre/faces/presentacion/financiero/solicitudProceso/consultarSolicitudProceso.xhtml HTTP/1.1" 200 30253
201.245.192.253 - - [25/Jun/2024:09:31:42 -0500] "GET /sipsepre/faces/javax.faces.resource/jquery/jquery.js?ln=primefaces&v=4.0 HTTP/1.1" 304 -
201.245.192.253 - - [25/Jun/2024:09:31:42 -0500] "GET /sipsepre/faces/javax.faces.resource/jquery/jquery-plugins.js?ln=primefaces&v=4.0 HTTP/1.1" 304 -
201.245.192.253 - - [25/Jun/2024:09:31:42 -0500] "GET /sipsepre/faces/javax.faces.resource/primefaces.js?ln=primefaces&v=4.0 HTTP/1.1" 304 -
201.245.192.253 - - [25/Jun/2024:09:31:42 -0500] "GET /sipsepre/faces/javax.faces.resource/layout/layout.js?ln=primefaces&v=4.0 HTTP/1.1" 304 -
192.168.169.28 - - [25/Jun/2024:09:31:50 -0500] "POST /BLA/boletinlegal/admin/notificaciones/ingresar.php HTTP/1.1" 200 30081
192.168.169.28 - - [25/Jun/2024:09:31:50 -0500] "GET /css/global/buttons.css HTTP/1.1" 404 1312
192.168.169.28 - - [25/Jun/2024:09:31:50 -0500] "GET /BLA/boletinlegal/images/favicon.ico HTTP/1.1" 404 1334
201.245.192.253 - - [25/Jun/2024:09:31:51 -0500] "POST /sipsepre/faces/presentacion/financiero/solicitudProceso/asignarContratacion.xhtml HTTP/1.1" 200 52141
201.245.192.253 - - [25/Jun/2024:09:31:54 -0500] "GET /sipsepre/faces/javax.faces.resource/jquery/jquery.js?ln=primefaces&v=4.0 HTTP/1.1" 304 -
201.245.192.253 - - [25/Jun/2024:09:31:54 -0500] "GET /sipsepre/faces/javax.faces.resource/jquery/jquery-plugins.js?ln=primefaces&v=4.0 HTTP/1.1" 304 -
201.245.192.253 - - [25/Jun/2024:09:31:54 -0500] "GET /sipsepre/faces/javax.faces.resource/primefaces.js?ln=primefaces&v=4.0 HTTP/1.1" 304 -
201.245.192.253 - - [25/Jun/2024:09:31:55 -0500] "GET /sipsepre/faces/javax.faces.resource/layout/layout.js?ln=primefaces&v=4.0 HTTP/1.1" 304 -
201.245.192.253 - - [25/Jun/2024:09:31:55 -0500] "POST /sipsepre/faces/presentacion/financiero/solicitudProceso/listarSolicitudProceso.xhtml HTTP/1.1" 200 1524
186.155.13.173 - - [25/Jun/2024:09:31:55 -0500] "GET /sipse/faces/index.xhtml HTTP/1.1" 200 677
186.155.13.173 - - [25/Jun/2024:09:31:55 -0500] "GET /sipse/faces/javax.faces.resource/theme.css?ln=primefaces-sipse HTTP/1.1" 304 -
186.155.13.173 - - [25/Jun/2024:09:31:55 -0500] "GET /sipse/faces/faces/autenticacion.xhtml HTTP/1.1" 200 12402
186.155.13.173 - - [25/Jun/2024:09:31:55 -0500] "GET /sipse/faces/javax.faces.resource/theme.css?ln=primefaces-sipse HTTP/1.1" 304 -
186.155.13.173 - - [25/Jun/2024:09:31:55 -0500] "GET /sipse/faces/javax.faces.resource/primefaces.css?ln=primefaces&v=4.0 HTTP/1.1" 304 -
186.155.13.173 - - [25/Jun/2024:09:31:55 -0500] "GET /sipse/faces/javax.faces.resource/layout/layout.css?ln=primefaces&v=4.0 HTTP/1.1" 304 -
186.155.13.173 - - [25/Jun/2024:09:31:55 -0500] "GET /sipse/faces/javax.faces.resource/jquery/jquery.js?ln=primefaces&v=4.0 HTTP/1.1" 304 -
186.155.13.173 - - [25/Jun/2024:09:31:55 -0500] "GET /sipse/faces/javax.faces.resource/jquery/jquery-plugins.js?ln=primefaces&v=4.0 HTTP/1.1" 304 -
186.155.13.173 - - [25/Jun/2024:09:31:55 -0500] "GET /sipse/faces/javax.faces.resource/primefaces.js?ln=primefaces&v=4.0 HTTP/1.1" 304 -
186.155.13.173 - - [25/Jun/2024:09:31:55 -0500] "GET /sipse/faces/javax.faces.resource/layout/layout.js?ln=primefaces&v=4.0 HTTP/1.1" 304 -
186.155.13.173 - - [25/Jun/2024:09:31:55 -0500] "GET /sipse/faces/javax.faces.resource/images/ui-icons_898989_256x240.png?ln=primefaces-aristo HTTP/1.1" 304 -
201.245.192.253 - - [25/Jun/2024:09:31:58 -0500] "POST /sipsepre/faces/presentacion/financiero/solicitudProceso/listarSolicitudProceso.xhtml HTTP/1.1" 200 911
186.155.13.173 - - [25/Jun/2024:09:32:00 -0500] "POST /sipse/faces/autenticacion.xhtml HTTP/1.1" 200 2213
