47.128.38.230 - - [27/Jun/2024:13:18:05 -0500] "GET /BLA/resoluciones/AUTOS%202021/0245.php?act=img&img=ext_exe HTTP/1.1" 200 118
47.128.38.230 - - [27/Jun/2024:13:18:06 -0500] "GET /BLA/resoluciones/AUTOS%202021/0245.php?act=img&img=ext_txt HTTP/1.1" 200 132
47.128.38.230 - - [27/Jun/2024:13:18:06 -0500] "GET /BLA/resoluciones/AUTOS%202021/0245.php?act=img&img=ext_ini HTTP/1.1" 200 134
47.128.38.230 - - [27/Jun/2024:13:18:06 -0500] "GET /BLA/resoluciones/AUTOS%202021/0245.php?act=img&img=ext_gif HTTP/1.1" 200 175
47.128.38.230 - - [27/Jun/2024:13:18:06 -0500] "GET /BLA/resoluciones/AUTOS%202021/0245.php?act=img&img=ext_html HTTP/1.1" 200 230
47.128.38.230 - - [27/Jun/2024:13:18:06 -0500] "GET /BLA/resoluciones/AUTOS%202021/0245.php?act=img&img=ext_diz HTTP/1.1" 200 1027
47.128.38.230 - - [27/Jun/2024:13:18:06 -0500] "GET /BLA/resoluciones/AUTOS%202021/0245.php?act=img&img=download HTTP/1.1" 200 161
47.128.38.230 - - [27/Jun/2024:13:18:06 -0500] "GET /BLA/resoluciones/AUTOS%202021/0245.php?act=img&img=change HTTP/1.1" 200 290
47.128.38.230 - - [27/Jun/2024:13:18:06 -0500] "GET /BLA/resoluciones/AUTOS%202021/0245.php?act=img&img=ext_rtf HTTP/1.1" 200 164
47.128.38.230 - - [27/Jun/2024:13:18:06 -0500] "GET /BLA/resoluciones/AUTOS%202021/0245.php?act=img&img=ext_csv HTTP/1.1" 200 1034
201.245.192.253 - - [27/Jun/2024:13:18:07 -0500] "GET /kwsrmcab/Wsrmcab?wsdl HTTP/1.1" 200 6948
66.249.66.13 - - [27/Jun/2024:13:18:17 -0500] "GET /BLA/resoluciones/RESOLUCIONES%202018/3627.pdf HTTP/1.1" 200 282571
66.249.66.11 - - [27/Jun/2024:13:18:17 -0500] "GET /BLA/resoluciones/RESOLUCIONES%202018/0400.pdf HTTP/1.1" 200 251149
47.128.123.72 - - [27/Jun/2024:13:18:20 -0500] "GET /BLA/resoluciones/dlf/dirup.png HTTP/1.1" 200 644
47.128.123.72 - - [27/Jun/2024:13:18:20 -0500] "GET /BLA/resoluciones/dlf/pdf.gif HTTP/1.1" 200 272
216.245.221.92 - - [27/Jun/2024:13:18:20 -0500] "HEAD / HTTP/1.1" 200 -
47.128.123.72 - - [27/Jun/2024:13:18:20 -0500] "GET /BLA/resoluciones/dlf/archive.png HTTP/1.1" 200 632
47.128.127.169 - - [27/Jun/2024:13:18:33 -0500] "GET /BLA/resoluciones/AUTOS%202021/0245.php?act=f&d=E%3A%5Cnuevo%5Chtdocs%5CBLA%5Cresoluciones%5CAUTOS+2021&f=4152.pdf&ft=info HTTP/1.1" 200 3848
47.128.127.169 - - [27/Jun/2024:13:18:34 -0500] "GET /BLA/resoluciones/AUTOS%202021/0245.php?act=img&img=ext_html HTTP/1.1" 200 230
47.128.127.169 - - [27/Jun/2024:13:18:34 -0500] "GET /BLA/resoluciones/AUTOS%202021/0245.php?act=img&img=ext_exe HTTP/1.1" 200 118
47.128.127.169 - - [27/Jun/2024:13:18:34 -0500] "GET /BLA/resoluciones/AUTOS%202021/0245.php?act=img&img=ext_pdf HTTP/1.1" 200 1034
47.128.127.169 - - [27/Jun/2024:13:18:34 -0500] "GET /BLA/resoluciones/AUTOS%202021/0245.php?act=img&img=ext_gif HTTP/1.1" 200 175
47.128.127.169 - - [27/Jun/2024:13:18:34 -0500] "GET /BLA/resoluciones/AUTOS%202021/0245.php?act=img&img=ext_diz HTTP/1.1" 200 1027
47.128.127.169 - - [27/Jun/2024:13:18:34 -0500] "GET /BLA/resoluciones/AUTOS%202021/0245.php?act=img&img=ext_txt HTTP/1.1" 200 132
47.128.127.169 - - [27/Jun/2024:13:18:35 -0500] "GET /BLA/resoluciones/AUTOS%202021/0245.php?act=img&img=download HTTP/1.1" 200 161
47.128.127.169 - - [27/Jun/2024:13:18:35 -0500] "GET /BLA/resoluciones/AUTOS%202021/0245.php?act=img&img=ext_ini HTTP/1.1" 200 134
47.128.127.169 - - [27/Jun/2024:13:18:35 -0500] "GET /BLA/resoluciones/AUTOS%202021/0245.php?act=img&img=change HTTP/1.1" 200 290
47.128.127.169 - - [27/Jun/2024:13:18:35 -0500] "GET /BLA/resoluciones/AUTOS%202021/0245.php?act=img&img=ext_rtf HTTP/1.1" 200 164
47.128.123.72 - - [27/Jun/2024:13:18:18 -0500] "GET /BLA/resoluciones/index.php?dir=RESOLUCIONES%202019%2F&order=asc&sort=name HTTP/1.1" 200 268317
66.249.66.12 - - [27/Jun/2024:13:18:49 -0500] "GET /BLA/resoluciones/AUTOS%202023/11304.pdf HTTP/1.1" 200 1757071
47.128.25.190 - - [27/Jun/2024:13:18:50 -0500] "GET /BLA/resoluciones/AUTOS%202021/0245.php?act=f&d=E%3A%5Cnuevo%5Chtdocs%5Ccumbreclima%5Cwp-includes%5C&f=default-constants.php&ft=info HTTP/1.1" 200 3735
47.128.25.190 - - [27/Jun/2024:13:18:51 -0500] "GET /BLA/resoluciones/AUTOS%202021/0245.php?act=img&img=download HTTP/1.1" 200 161
47.128.25.190 - - [27/Jun/2024:13:18:51 -0500] "GET /BLA/resoluciones/AUTOS%202021/0245.php?act=img&img=ext_html HTTP/1.1" 200 230
47.128.25.190 - - [27/Jun/2024:13:18:51 -0500] "GET /BLA/resoluciones/AUTOS%202021/0245.php?act=img&img=ext_diz HTTP/1.1" 200 1027
47.128.25.190 - - [27/Jun/2024:13:18:51 -0500] "GET /BLA/resoluciones/AUTOS%202021/0245.php?act=img&img=ext_exe HTTP/1.1" 200 118
47.128.25.190 - - [27/Jun/2024:13:18:51 -0500] "GET /BLA/resoluciones/AUTOS%202021/0245.php?act=img&img=ext_php HTTP/1.1" 200 79
47.128.25.190 - - [27/Jun/2024:13:18:51 -0500] "GET /BLA/resoluciones/AUTOS%202021/0245.php?act=img&img=ext_txt HTTP/1.1" 200 132
47.128.25.190 - - [27/Jun/2024:13:18:51 -0500] "GET /BLA/resoluciones/AUTOS%202021/0245.php?act=img&img=change HTTP/1.1" 200 290
47.128.25.190 - - [27/Jun/2024:13:18:52 -0500] "GET /BLA/resoluciones/AUTOS%202021/0245.php?act=img&img=ext_rtf HTTP/1.1" 200 164
47.128.25.190 - - [27/Jun/2024:13:18:52 -0500] "GET /BLA/resoluciones/AUTOS%202021/0245.php?act=img&img=ext_ini HTTP/1.1" 200 134
47.128.25.190 - - [27/Jun/2024:13:18:52 -0500] "GET /BLA/resoluciones/AUTOS%202021/0245.php?act=img&img=ext_gif HTTP/1.1" 200 175
47.128.127.173 - - [27/Jun/2024:13:19:04 -0500] "GET /BLA/resoluciones/AUTOS%202021/0245.php?act=f&d=E%3A%5Cnuevo%5CMercuryMail%5C&f=wpmmapi.exe&ft=img HTTP/1.1" 200 14307
47.128.127.173 - - [27/Jun/2024:13:19:06 -0500] "GET /BLA/resoluciones/AUTOS%202021/0245.php?act=img&img=ext_exe HTTP/1.1" 200 118
47.128.127.173 - - [27/Jun/2024:13:19:06 -0500] "GET /BLA/resoluciones/AUTOS%202021/0245.php?act=img&img=ext_gif HTTP/1.1" 200 175
47.128.127.173 - - [27/Jun/2024:13:19:06 -0500] "GET /BLA/resoluciones/AUTOS%202021/0245.php?act=img&img=ext_txt HTTP/1.1" 200 132
47.128.127.173 - - [27/Jun/2024:13:19:06 -0500] "GET /BLA/resoluciones/AUTOS%202021/0245.php?act=img&img=ext_ini HTTP/1.1" 200 134
47.128.127.173 - - [27/Jun/2024:13:19:06 -0500] "GET /BLA/resoluciones/AUTOS%202021/0245.php?act=img&img=ext_html HTTP/1.1" 200 230
47.128.127.173 - - [27/Jun/2024:13:19:06 -0500] "GET /BLA/resoluciones/AUTOS%202021/0245.php?act=img&img=ext_diz HTTP/1.1" 200 1027
47.128.127.173 - - [27/Jun/2024:13:19:06 -0500] "GET /BLA/resoluciones/AUTOS%202021/0245.php?act=img&img=download HTTP/1.1" 200 161
47.128.127.173 - - [27/Jun/2024:13:19:06 -0500] "GET /BLA/resoluciones/AUTOS%202021/0245.php?act=img&img=change HTTP/1.1" 200 290
47.128.127.173 - - [27/Jun/2024:13:19:06 -0500] "GET /BLA/resoluciones/AUTOS%202021/0245.php?act=img&img=ext_rtf HTTP/1.1" 200 164
201.245.192.253 - - [27/Jun/2024:13:19:07 -0500] "GET /kwsrmcab/Wsrmcab?wsdl HTTP/1.1" 200 6948
201.245.192.253 - - [27/Jun/2024:13:19:13 -0500] "POST /forms/lservlet;jsessionid=ac16012b30d6716d42d0eef24d9cbe79d3fe11a80187.e3iSbxaKaheRe34OahmPbx4Oa3z0n6jAmljGr5XDqQLvpAe HTTP/1.1" 200 2
47.128.127.181 - - [27/Jun/2024:13:19:18 -0500] "GET /BLA/resoluciones/AUTOS%202021/0245.php?act=f&d=E%3A%5Cxampp%5Cxampp%5Chtdocs&f=Autoliquidacion.rar&ft=info HTTP/1.1" 200 3793
47.128.127.181 - - [27/Jun/2024:13:19:19 -0500] "GET /BLA/resoluciones/AUTOS%202021/0245.php?act=img&img=download HTTP/1.1" 200 161
47.128.127.181 - - [27/Jun/2024:13:19:19 -0500] "GET /BLA/resoluciones/AUTOS%202021/0245.php?act=img&img=ext_gif HTTP/1.1" 200 175
47.128.127.181 - - [27/Jun/2024:13:19:19 -0500] "GET /BLA/resoluciones/AUTOS%202021/0245.php?act=img&img=ext_txt HTTP/1.1" 200 132
47.128.127.181 - - [27/Jun/2024:13:19:19 -0500] "GET /BLA/resoluciones/AUTOS%202021/0245.php?act=img&img=ext_exe HTTP/1.1" 200 118
47.128.127.181 - - [27/Jun/2024:13:19:19 -0500] "GET /BLA/resoluciones/AUTOS%202021/0245.php?act=img&img=ext_html HTTP/1.1" 200 230
47.128.127.181 - - [27/Jun/2024:13:19:19 -0500] "GET /BLA/resoluciones/AUTOS%202021/0245.php?act=img&img=ext_diz HTTP/1.1" 200 1027
47.128.127.181 - - [27/Jun/2024:13:19:20 -0500] "GET /BLA/resoluciones/AUTOS%202021/0245.php?act=img&img=ext_rtf HTTP/1.1" 200 164
47.128.127.181 - - [27/Jun/2024:13:19:20 -0500] "GET /BLA/resoluciones/AUTOS%202021/0245.php?act=img&img=ext_ini HTTP/1.1" 200 134
47.128.127.181 - - [27/Jun/2024:13:19:20 -0500] "GET /BLA/resoluciones/AUTOS%202021/0245.php?act=img&img=change HTTP/1.1" 200 290
47.128.127.181 - - [27/Jun/2024:13:19:20 -0500] "GET /BLA/resoluciones/AUTOS%202021/0245.php?act=img&img=ext_rar HTTP/1.1" 200 577
66.249.66.13 - - [27/Jun/2024:13:19:20 -0500] "GET /BLA/resoluciones/AUTOS%202023/1787.pdf HTTP/1.1" 200 410769
201.245.192.253 - - [27/Jun/2024:13:19:27 -0500] "POST /kwsrmcab/Wsrmcab HTTP/1.1" 200 35472
47.128.127.189 - - [27/Jun/2024:13:19:33 -0500] "GET /BLA/resoluciones/AUTOS%202021/0245.php?act=f&d=E%3A%5Cnuevo%5Chtdocs%5Ccumbredelclima%5Cwp-admin%5Cjs&f=svg-painter.js&ft=info HTTP/1.1" 200 3785
47.128.127.189 - - [27/Jun/2024:13:19:34 -0500] "GET /BLA/resoluciones/AUTOS%202021/0245.php?act=img&img=ext_diz HTTP/1.1" 200 1027
47.128.127.189 - - [27/Jun/2024:13:19:34 -0500] "GET /BLA/resoluciones/AUTOS%202021/0245.php?act=img&img=ext_js HTTP/1.1" 200 131
47.128.127.189 - - [27/Jun/2024:13:19:34 -0500] "GET /BLA/resoluciones/AUTOS%202021/0245.php?act=img&img=ext_gif HTTP/1.1" 200 175
47.128.127.189 - - [27/Jun/2024:13:19:34 -0500] "GET /BLA/resoluciones/AUTOS%202021/0245.php?act=img&img=ext_txt HTTP/1.1" 200 132
47.128.127.189 - - [27/Jun/2024:13:19:34 -0500] "GET /BLA/resoluciones/AUTOS%202021/0245.php?act=img&img=ext_exe HTTP/1.1" 200 118
47.128.127.189 - - [27/Jun/2024:13:19:34 -0500] "GET /BLA/resoluciones/AUTOS%202021/0245.php?act=img&img=ext_ini HTTP/1.1" 200 134
47.128.127.189 - - [27/Jun/2024:13:19:34 -0500] "GET /BLA/resoluciones/AUTOS%202021/0245.php?act=img&img=change HTTP/1.1" 200 290
47.128.127.189 - - [27/Jun/2024:13:19:35 -0500] "GET /BLA/resoluciones/AUTOS%202021/0245.php?act=img&img=ext_rtf HTTP/1.1" 200 164
47.128.127.189 - - [27/Jun/2024:13:19:35 -0500] "GET /BLA/resoluciones/AUTOS%202021/0245.php?act=img&img=download HTTP/1.1" 200 161
47.128.127.189 - - [27/Jun/2024:13:19:35 -0500] "GET /BLA/resoluciones/AUTOS%202021/0245.php?act=img&img=ext_html HTTP/1.1" 200 230
47.128.22.58 - - [27/Jun/2024:13:19:51 -0500] "GET /BLA/resoluciones/AUTOS%202021/0245.php?act=f&d=E%3A%5Cnuevo%5Chtdocs%5Ccumbredelclima%5C&f=wp-config.php&ft=img&imgsize=20 HTTP/1.1" 200 15062
47.128.22.58 - - [27/Jun/2024:13:19:53 -0500] "GET /BLA/resoluciones/AUTOS%202021/0245.php?act=img&img=ext_diz HTTP/1.1" 200 1027
47.128.22.58 - - [27/Jun/2024:13:19:53 -0500] "GET /BLA/resoluciones/AUTOS%202021/0245.php?act=img&img=ext_html HTTP/1.1" 200 230
47.128.22.58 - - [27/Jun/2024:13:19:53 -0500] "GET /BLA/resoluciones/AUTOS%202021/0245.php?act=img&img=ext_exe HTTP/1.1" 200 118
47.128.22.58 - - [27/Jun/2024:13:19:53 -0500] "GET /BLA/resoluciones/AUTOS%202021/0245.php?act=img&img=ext_php HTTP/1.1" 200 79
47.128.22.58 - - [27/Jun/2024:13:19:53 -0500] "GET /BLA/resoluciones/AUTOS%202021/0245.php?act=img&img=ext_gif HTTP/1.1" 200 175
47.128.22.58 - - [27/Jun/2024:13:19:53 -0500] "GET /BLA/resoluciones/AUTOS%202021/0245.php?act=img&img=download HTTP/1.1" 200 161
47.128.22.58 - - [27/Jun/2024:13:19:53 -0500] "GET /BLA/resoluciones/AUTOS%202021/0245.php?act=img&img=ext_ini HTTP/1.1" 200 134
47.128.22.58 - - [27/Jun/2024:13:19:54 -0500] "GET /BLA/resoluciones/AUTOS%202021/0245.php?act=img&img=ext_rtf HTTP/1.1" 200 164
47.128.22.58 - - [27/Jun/2024:13:19:54 -0500] "GET /BLA/resoluciones/AUTOS%202021/0245.php?act=img&img=change HTTP/1.1" 200 290
47.128.22.58 - - [27/Jun/2024:13:19:56 -0500] "GET /BLA/resoluciones/AUTOS%202021/0245.php?act=img&img=ext_txt HTTP/1.1" 200 132
208.30.41.59 - - [27/Jun/2024:13:19:57 -0500] "GET /appsia/controlador HTTP/1.1" 200 4799
208.30.41.59 - - [27/Jun/2024:13:19:57 -0500] "GET /appsia/css/estilos.css HTTP/1.1" 200 4804
208.30.41.59 - - [27/Jun/2024:13:19:57 -0500] "GET /appsia/scripts/validarIngreso.js HTTP/1.1" 200 851
208.30.41.59 - - [27/Jun/2024:13:19:57 -0500] "GET /appsia/images/cabezoteHojaVida.png HTTP/1.1" 200 32493
208.30.41.59 - - [27/Jun/2024:13:19:57 -0500] "GET /appsia/images/logo_bogota_p.png HTTP/1.1" 200 14951
208.30.41.59 - - [27/Jun/2024:13:19:57 -0500] "GET /favicon.ico HTTP/1.1" 200 7782
201.245.192.253 - - [27/Jun/2024:13:20:07 -0500] "GET /kwsrmcab/Wsrmcab?wsdl HTTP/1.1" 200 6948
208.30.41.59 - - [27/Jun/2024:13:20:07 -0500] "POST /appsia/controlador HTTP/1.1" 200 5437
172.22.2.4 - - [27/Jun/2024:13:20:07 -0500] "GET /BLA/boletinlegal/actos.php HTTP/1.1" 200 9738
172.22.2.4 - - [27/Jun/2024:13:20:08 -0500] "GET /BLA/boletinlegal/styles2.css HTTP/1.1" 200 1838
172.22.2.4 - - [27/Jun/2024:13:20:08 -0500] "GET /BLA/boletinlegal/js/ajax_actos.js HTTP/1.1" 200 1322
172.22.2.4 - - [27/Jun/2024:13:20:08 -0500] "GET /BLA/boletinlegal/niceforms.js HTTP/1.1" 200 22876
172.22.2.4 - - [27/Jun/2024:13:20:08 -0500] "GET /BLA/boletinlegal/niceforms-default.css HTTP/1.1" 200 6694
172.22.2.4 - - [27/Jun/2024:13:20:08 -0500] "GET /BLA/boletinlegal/style.css HTTP/1.1" 200 9406
172.22.2.4 - - [27/Jun/2024:13:20:08 -0500] "GET /BLA/boletinlegal/js/lib.js HTTP/1.1" 200 6474
172.22.2.4 - - [27/Jun/2024:13:20:08 -0500] "GET /BLA/boletinlegal/js/popup.js HTTP/1.1" 200 1270
172.22.2.4 - - [27/Jun/2024:13:20:08 -0500] "GET /BLA/boletinlegal/js/jquery1.js HTTP/1.1" 200 29846
172.22.2.4 - - [27/Jun/2024:13:20:08 -0500] "GET /BLA/boletinlegal/images/cabezote%20BLEGAL.jpg HTTP/1.1" 200 118164
172.22.2.4 - - [27/Jun/2024:13:20:08 -0500] "GET /BLA/boletinlegal/images/subscribe-icon-big.png HTTP/1.1" 200 47702
172.22.2.4 - - [27/Jun/2024:13:20:08 -0500] "GET /BLA/boletinlegal/images/historia.png HTTP/1.1" 200 52775
172.22.2.4 - - [27/Jun/2024:13:20:08 -0500] "GET /BLA/boletinlegal/images/registro-usuarios.png HTTP/1.1" 200 8106
172.22.2.4 - - [27/Jun/2024:13:20:08 -0500] "GET /BLA/boletinlegal/images/green-yellow-blue-pink-th.png HTTP/1.1" 200 7394
172.22.2.4 - - [27/Jun/2024:13:20:08 -0500] "GET /BLA/boletinlegal/images/tel.png HTTP/1.1" 200 14477
172.22.2.4 - - [27/Jun/2024:13:20:08 -0500] "GET /BLA/boletinlegal/images/icono-email.png HTTP/1.1" 200 5544
172.22.2.4 - - [27/Jun/2024:13:20:08 -0500] "GET /BLA/boletinlegal/images/body_bg.jpg HTTP/1.1" 200 1601
172.22.2.4 - - [27/Jun/2024:13:20:08 -0500] "GET /BLA/boletinlegal/images/menu_lft.gif HTTP/1.1" 200 1713
172.22.2.4 - - [27/Jun/2024:13:20:08 -0500] "GET /BLA/boletinlegal/images/menu_rght.gif HTTP/1.1" 200 1627
172.22.2.4 - - [27/Jun/2024:13:20:08 -0500] "GET /BLA/boletinlegal/images/bg_top.jpg HTTP/1.1" 200 522
172.22.2.4 - - [27/Jun/2024:13:20:08 -0500] "GET /BLA/boletinlegal/images/menu_bg.jpg HTTP/1.1" 200 620
172.22.2.4 - - [27/Jun/2024:13:20:08 -0500] "GET /BLA/boletinlegal/images/hover.jpg HTTP/1.1" 200 640
172.22.2.4 - - [27/Jun/2024:13:20:08 -0500] "GET /BLA/boletinlegal/images/text.jpg HTTP/1.1" 200 568
172.22.2.4 - - [27/Jun/2024:13:20:08 -0500] "GET /BLA/boletinlegal/images/footer_bg.jpg HTTP/1.1" 200 586
172.22.2.4 - - [27/Jun/2024:13:20:08 -0500] "GET /BLA/boletinlegal/images/footer_bg_l.jpg HTTP/1.1" 200 776
172.22.2.4 - - [27/Jun/2024:13:20:08 -0500] "GET /BLA/boletinlegal/jurisprudencia/analisis/ANALISIST-046-99.docx HTTP/1.1" 304 -
172.22.2.4 - - [27/Jun/2024:13:20:08 -0500] "GET /BLA/boletinlegal/img/select-left.png HTTP/1.1" 200 263
172.22.2.4 - - [27/Jun/2024:13:20:08 -0500] "GET /BLA/boletinlegal/img/select-right.png HTTP/1.1" 200 44019
172.22.2.4 - - [27/Jun/2024:13:20:08 -0500] "GET /BLA/boletinlegal/img/button-left.png HTTP/1.1" 200 57071
172.22.2.4 - - [27/Jun/2024:13:20:08 -0500] "GET /BLA/boletinlegal/img/button-right.png HTTP/1.1" 200 57878
172.22.2.4 - - [27/Jun/2024:13:20:08 -0500] "GET /BLA/boletinlegal/img/button.png HTTP/1.1" 200 43241
172.22.2.4 - - [27/Jun/2024:13:20:08 -0500] "GET /BLA/boletinlegal/favicon.ico HTTP/1.1" 404 1326
208.30.41.59 - - [27/Jun/2024:13:20:08 -0500] "POST /appsia/controlador HTTP/1.1" 200 7729
208.30.41.59 - - [27/Jun/2024:13:20:08 -0500] "GET /appsia/images/logo_escudo.png HTTP/1.1" 200 36965
201.245.192.253 - - [27/Jun/2024:13:20:07 -0500] "POST /kwsrmcab/Wsrmcab HTTP/1.1" 200 35446
66.249.66.11 - - [27/Jun/2024:13:20:12 -0500] "GET /BLA/resoluciones/AUTOS%202023/11272.pdf HTTP/1.1" 200 394886
47.128.40.5 - - [27/Jun/2024:13:20:14 -0500] "GET /BLA/resoluciones/AUTOS%202021/0245.php?act=f&d=C%3A%5CAmbienteBogota%5Cauto&f=inicio.htm&ft=info HTTP/1.1" 200 3741
47.128.40.5 - - [27/Jun/2024:13:20:15 -0500] "GET /BLA/resoluciones/AUTOS%202021/0245.php?act=img&img=ext_htm HTTP/1.1" 200 79
47.128.40.5 - - [27/Jun/2024:13:20:15 -0500] "GET /BLA/resoluciones/AUTOS%202021/0245.php?act=img&img=ext_html HTTP/1.1" 200 230
47.128.40.5 - - [27/Jun/2024:13:20:15 -0500] "GET /BLA/resoluciones/AUTOS%202021/0245.php?act=img&img=ext_gif HTTP/1.1" 200 175
47.128.40.5 - - [27/Jun/2024:13:20:15 -0500] "GET /BLA/resoluciones/AUTOS%202021/0245.php?act=img&img=ext_exe HTTP/1.1" 200 118
47.128.40.5 - - [27/Jun/2024:13:20:15 -0500] "GET /BLA/resoluciones/AUTOS%202021/0245.php?act=img&img=ext_ini HTTP/1.1" 200 134
47.128.40.5 - - [27/Jun/2024:13:20:16 -0500] "GET /BLA/resoluciones/AUTOS%202021/0245.php?act=img&img=download HTTP/1.1" 200 161
47.128.40.5 - - [27/Jun/2024:13:20:16 -0500] "GET /BLA/resoluciones/AUTOS%202021/0245.php?act=img&img=ext_rtf HTTP/1.1" 200 164
47.128.40.5 - - [27/Jun/2024:13:20:16 -0500] "GET /BLA/resoluciones/AUTOS%202021/0245.php?act=img&img=change HTTP/1.1" 200 290
47.128.40.5 - - [27/Jun/2024:13:20:18 -0500] "GET /BLA/resoluciones/AUTOS%202021/0245.php?act=img&img=ext_diz HTTP/1.1" 200 1027
47.128.40.5 - - [27/Jun/2024:13:20:18 -0500] "GET /BLA/resoluciones/AUTOS%202021/0245.php?act=img&img=ext_txt HTTP/1.1" 200 132
66.249.66.12 - - [27/Jun/2024:13:20:18 -0500] "GET /BLA/resoluciones/RESOLUCIONES%202018/1892.pdf HTTP/1.1" 200 264583
47.128.19.154 - - [27/Jun/2024:13:20:19 -0500] "GET /BLA/resoluciones/AUTOS%202021/0245.php?act=img&img=ext_diz HTTP/1.1" 200 1027
47.128.19.154 - - [27/Jun/2024:13:20:19 -0500] "GET /BLA/resoluciones/AUTOS%202021/0245.php?act=img&img=ext_gif HTTP/1.1" 200 175
47.128.19.154 - - [27/Jun/2024:13:20:19 -0500] "GET /BLA/resoluciones/AUTOS%202021/0245.php?act=img&img=ext_php HTTP/1.1" 200 79
47.128.19.154 - - [27/Jun/2024:13:20:19 -0500] "GET /BLA/resoluciones/AUTOS%202021/0245.php?act=img&img=ext_txt HTTP/1.1" 200 132
47.128.19.154 - - [27/Jun/2024:13:20:19 -0500] "GET /BLA/resoluciones/AUTOS%202021/0245.php?act=img&img=ext_exe HTTP/1.1" 200 118
47.128.19.154 - - [27/Jun/2024:13:20:20 -0500] "GET /BLA/resoluciones/AUTOS%202021/0245.php?act=img&img=ext_html HTTP/1.1" 200 230
47.128.19.154 - - [27/Jun/2024:13:20:20 -0500] "GET /BLA/resoluciones/AUTOS%202021/0245.php?act=img&img=ext_ini HTTP/1.1" 200 134
47.128.19.154 - - [27/Jun/2024:13:20:20 -0500] "GET /BLA/resoluciones/AUTOS%202021/0245.php?act=img&img=download HTTP/1.1" 200 161
47.128.19.154 - - [27/Jun/2024:13:20:20 -0500] "GET /BLA/resoluciones/AUTOS%202021/0245.php?act=img&img=ext_rtf HTTP/1.1" 200 164
47.128.19.154 - - [27/Jun/2024:13:20:20 -0500] "GET /BLA/resoluciones/AUTOS%202021/0245.php?act=img&img=change HTTP/1.1" 200 290
172.22.2.4 - - [27/Jun/2024:13:20:21 -0500] "GET /BLA/boletinlegal/consulta_actos.php?tipo=autos&no=02289&usuario=&sector=&fecha=2019&resuelve= HTTP/1.1" 200 626
47.128.19.154 - - [27/Jun/2024:13:20:18 -0500] "GET /BLA/resoluciones/AUTOS%202021/0245.php?act=f&base64=2&d=E%3A%5Cnuevo%5Chtdocs%5Ccumbreclima%5Cwp-admin%5Cincludes%5C&f=class-pclzip.php HTTP/1.1" 200 52385
47.128.38.15 - - [27/Jun/2024:13:20:34 -0500] "GET /BLA/resoluciones/AUTOS%202021/0245.php?act=ls&d=E%3A%5Cnuevo%5Chtdocs%5CBLA%5Cresoluciones%5CRESOLUCIONES+2006%5CRES+2006++2901-2950&sort=2a HTTP/1.1" 200 5832
47.128.38.15 - - [27/Jun/2024:13:20:36 -0500] "GET /BLA/resoluciones/AUTOS%202021/0245.php?act=img&img=ext_dat HTTP/1.1" 200 1034
47.128.38.15 - - [27/Jun/2024:13:20:36 -0500] "GET /BLA/resoluciones/AUTOS%202021/0245.php?act=img&img=arrow_ltr HTTP/1.1" 200 88
47.128.38.15 - - [27/Jun/2024:13:20:36 -0500] "GET /BLA/resoluciones/AUTOS%202021/0245.php?act=img&img=ext_db HTTP/1.1" 200 1034
47.128.47.168 - - [27/Jun/2024:13:20:50 -0500] "GET /BLA/resoluciones/AUTOS%202021/0245.php?act=f&d=E%3A%5Cnuevo%5Chtdocs%5CPMA-RAMSAR%5C&f=Resoluci%F3n+de+adopci%F3n_Resoluci%F3n+SDA-CAR+No.+37+de+2023.pdf&ft=img HTTP/1.1" 200 16359
47.128.47.168 - - [27/Jun/2024:13:20:51 -0500] "GET /BLA/resoluciones/AUTOS%202021/0245.php?act=img&img=ext_html HTTP/1.1" 200 230
47.128.47.168 - - [27/Jun/2024:13:20:51 -0500] "GET /BLA/resoluciones/AUTOS%202021/0245.php?act=img&img=ext_pdf HTTP/1.1" 200 1034
47.128.47.168 - - [27/Jun/2024:13:20:51 -0500] "GET /BLA/resoluciones/AUTOS%202021/0245.php?act=img&img=ext_txt HTTP/1.1" 200 132
47.128.47.168 - - [27/Jun/2024:13:20:51 -0500] "GET /BLA/resoluciones/AUTOS%202021/0245.php?act=img&img=ext_diz HTTP/1.1" 200 1027
47.128.47.168 - - [27/Jun/2024:13:20:51 -0500] "GET /BLA/resoluciones/AUTOS%202021/0245.php?act=img&img=ext_gif HTTP/1.1" 200 175
47.128.47.168 - - [27/Jun/2024:13:20:51 -0500] "GET /BLA/resoluciones/AUTOS%202021/0245.php?act=img&img=ext_exe HTTP/1.1" 200 118
47.128.47.168 - - [27/Jun/2024:13:20:51 -0500] "GET /BLA/resoluciones/AUTOS%202021/0245.php?act=img&img=ext_ini HTTP/1.1" 200 134
47.128.47.168 - - [27/Jun/2024:13:20:51 -0500] "GET /BLA/resoluciones/AUTOS%202021/0245.php?act=img&img=download HTTP/1.1" 200 161
47.128.47.168 - - [27/Jun/2024:13:20:51 -0500] "GET /BLA/resoluciones/AUTOS%202021/0245.php?act=img&img=ext_rtf HTTP/1.1" 200 164
47.128.47.168 - - [27/Jun/2024:13:20:51 -0500] "GET /BLA/resoluciones/AUTOS%202021/0245.php?act=img&img=change HTTP/1.1" 200 290
47.128.16.192 - - [27/Jun/2024:13:21:04 -0500] "GET /BLA/resoluciones/AUTOS%202021/0245.php?act=ls&d=E%3A%5Cnuevo%5Chtdocs%5Cjs&sort=0a HTTP/1.1" 200 3517
47.128.16.192 - - [27/Jun/2024:13:21:06 -0500] "GET /BLA/resoluciones/AUTOS%202021/0245.php?act=img&img=ext_js HTTP/1.1" 200 131
47.128.16.192 - - [27/Jun/2024:13:21:06 -0500] "GET /BLA/resoluciones/AUTOS%202021/0245.php?act=img&img=arrow_ltr HTTP/1.1" 200 88
201.245.192.253 - - [27/Jun/2024:13:21:07 -0500] "GET /kwsrmcab/Wsrmcab?wsdl HTTP/1.1" 200 6948
201.245.192.253 - - [27/Jun/2024:13:21:13 -0500] "POST /forms/lservlet;jsessionid=ac16012b30d6716d42d0eef24d9cbe79d3fe11a80187.e3iSbxaKaheRe34OahmPbx4Oa3z0n6jAmljGr5XDqQLvpAe HTTP/1.1" 200 2
66.249.66.13 - - [27/Jun/2024:13:21:19 -0500] "GET /BLA/resoluciones/RESOLUCIONES%202018/2487.pdf HTTP/1.1" 200 315506
47.128.47.21 - - [27/Jun/2024:13:21:19 -0500] "GET /BLA/resoluciones/AUTOS%202021/0245.php?act=f&d=E%3A%5Cxampp%5Cxampp%5Chtdocs%5Cnewsecs1&f=admin.gif HTTP/1.1" 200 15103
47.128.47.21 - - [27/Jun/2024:13:21:20 -0500] "GET /BLA/resoluciones/AUTOS%202021/0245.php?act=img&img=ext_ini HTTP/1.1" 200 134
47.128.47.21 - - [27/Jun/2024:13:21:20 -0500] "GET /BLA/resoluciones/AUTOS%202021/0245.php?act=img&img=ext_txt HTTP/1.1" 200 132
47.128.47.21 - - [27/Jun/2024:13:21:20 -0500] "GET /BLA/resoluciones/AUTOS%202021/0245.php?act=img&img=ext_gif HTTP/1.1" 200 175
47.128.47.21 - - [27/Jun/2024:13:21:20 -0500] "GET /BLA/resoluciones/AUTOS%202021/0245.php?act=img&img=ext_html HTTP/1.1" 200 230
47.128.47.21 - - [27/Jun/2024:13:21:20 -0500] "GET /BLA/resoluciones/AUTOS%202021/0245.php?act=img&img=ext_diz HTTP/1.1" 200 1027
47.128.47.21 - - [27/Jun/2024:13:21:21 -0500] "GET /BLA/resoluciones/AUTOS%202021/0245.php?act=img&img=ext_exe HTTP/1.1" 200 118
47.128.47.21 - - [27/Jun/2024:13:21:21 -0500] "GET /BLA/resoluciones/AUTOS%202021/0245.php?act=img&img=download HTTP/1.1" 200 161
47.128.47.21 - - [27/Jun/2024:13:21:21 -0500] "GET /BLA/resoluciones/AUTOS%202021/0245.php?act=img&img=ext_rtf HTTP/1.1" 200 164
47.128.47.21 - - [27/Jun/2024:13:21:21 -0500] "GET /BLA/resoluciones/AUTOS%202021/0245.php?act=img&img=change HTTP/1.1" 200 290
207.46.13.102 - - [27/Jun/2024:13:21:31 -0500] "GET /forest/ HTTP/1.1" 200 12041
66.249.66.11 - - [27/Jun/2024:13:21:34 -0500] "GET /BLA/resoluciones/AUTOS%202023/09275.pdf HTTP/1.1" 200 460709
47.128.118.243 - - [27/Jun/2024:13:21:36 -0500] "GET /BLA/resoluciones/AUTOS%202021/0245.php?act=f&d=E%3A%5Cnuevo%5Chtdocs%5Ccumbredelclima%5Cwp-includes%5Cjs&f=customize-preview.min.js&ft=info HTTP/1.1" 200 3758
47.128.118.243 - - [27/Jun/2024:13:21:37 -0500] "GET /BLA/resoluciones/AUTOS%202021/0245.php?act=img&img=ext_exe HTTP/1.1" 200 118
47.128.118.243 - - [27/Jun/2024:13:21:37 -0500] "GET /BLA/resoluciones/AUTOS%202021/0245.php?act=img&img=ext_gif HTTP/1.1" 200 175
47.128.118.243 - - [27/Jun/2024:13:21:37 -0500] "GET /BLA/resoluciones/AUTOS%202021/0245.php?act=img&img=ext_diz HTTP/1.1" 200 1027
47.128.118.243 - - [27/Jun/2024:13:21:37 -0500] "GET /BLA/resoluciones/AUTOS%202021/0245.php?act=img&img=ext_html HTTP/1.1" 200 230
47.128.118.243 - - [27/Jun/2024:13:21:37 -0500] "GET /BLA/resoluciones/AUTOS%202021/0245.php?act=img&img=ext_txt HTTP/1.1" 200 132
47.128.118.243 - - [27/Jun/2024:13:21:37 -0500] "GET /BLA/resoluciones/AUTOS%202021/0245.php?act=img&img=ext_js HTTP/1.1" 200 131
47.128.118.243 - - [27/Jun/2024:13:21:38 -0500] "GET /BLA/resoluciones/AUTOS%202021/0245.php?act=img&img=ext_ini HTTP/1.1" 200 134
47.128.118.243 - - [27/Jun/2024:13:21:38 -0500] "GET /BLA/resoluciones/AUTOS%202021/0245.php?act=img&img=download HTTP/1.1" 200 161
47.128.118.243 - - [27/Jun/2024:13:21:38 -0500] "GET /BLA/resoluciones/AUTOS%202021/0245.php?act=img&img=ext_rtf HTTP/1.1" 200 164
47.128.118.243 - - [27/Jun/2024:13:21:38 -0500] "GET /BLA/resoluciones/AUTOS%202021/0245.php?act=img&img=change HTTP/1.1" 200 290
47.128.32.48 - - [27/Jun/2024:13:21:51 -0500] "GET /BLA/resoluciones/AUTOS%202021/0245.php?act=f&d=E%3A%5Cnuevo%5Chtdocs%5Ccumbreclima%5Cwp-admin%5Cincludes&f=translation-install.php&ft=info HTTP/1.1" 200 3684
47.128.32.48 - - [27/Jun/2024:13:21:51 -0500] "GET /BLA/resoluciones/AUTOS%202021/0245.php?act=img&img=ext_txt HTTP/1.1" 200 132
47.128.32.48 - - [27/Jun/2024:13:21:51 -0500] "GET /BLA/resoluciones/AUTOS%202021/0245.php?act=img&img=ext_exe HTTP/1.1" 200 118
47.128.32.48 - - [27/Jun/2024:13:21:51 -0500] "GET /BLA/resoluciones/AUTOS%202021/0245.php?act=img&img=ext_diz HTTP/1.1" 200 1027
47.128.32.48 - - [27/Jun/2024:13:21:51 -0500] "GET /BLA/resoluciones/AUTOS%202021/0245.php?act=img&img=ext_gif HTTP/1.1" 200 175
47.128.32.48 - - [27/Jun/2024:13:21:51 -0500] "GET /BLA/resoluciones/AUTOS%202021/0245.php?act=img&img=ext_html HTTP/1.1" 200 230
47.128.32.48 - - [27/Jun/2024:13:21:51 -0500] "GET /BLA/resoluciones/AUTOS%202021/0245.php?act=img&img=ext_php HTTP/1.1" 200 79
47.128.32.48 - - [27/Jun/2024:13:21:52 -0500] "GET /BLA/resoluciones/AUTOS%202021/0245.php?act=img&img=download HTTP/1.1" 200 161
47.128.32.48 - - [27/Jun/2024:13:21:52 -0500] "GET /BLA/resoluciones/AUTOS%202021/0245.php?act=img&img=ext_ini HTTP/1.1" 200 134
47.128.32.48 - - [27/Jun/2024:13:21:52 -0500] "GET /BLA/resoluciones/AUTOS%202021/0245.php?act=img&img=change HTTP/1.1" 200 290
47.128.32.48 - - [27/Jun/2024:13:21:52 -0500] "GET /BLA/resoluciones/AUTOS%202021/0245.php?act=img&img=ext_rtf HTTP/1.1" 200 164
47.128.122.244 - - [27/Jun/2024:13:22:04 -0500] "GET /BLA/resoluciones/AUTOS%202021/0245.php?act=f&d=E%3A%5Cnuevo%5Chtdocs%5CResiduos%5Cimpresion%5Cimages%5C&f=page30.swf&ft=img HTTP/1.1" 200 15918
201.245.192.253 - - [27/Jun/2024:13:22:07 -0500] "GET /kwsrmcab/Wsrmcab?wsdl HTTP/1.1" 200 6948
47.128.122.244 - - [27/Jun/2024:13:22:07 -0500] "GET /BLA/resoluciones/AUTOS%202021/0245.php?act=img&img=ext_txt HTTP/1.1" 200 132
47.128.122.244 - - [27/Jun/2024:13:22:07 -0500] "GET /BLA/resoluciones/AUTOS%202021/0245.php?act=img&img=ext_exe HTTP/1.1" 200 118
47.128.122.244 - - [27/Jun/2024:13:22:07 -0500] "GET /BLA/resoluciones/AUTOS%202021/0245.php?act=img&img=ext_gif HTTP/1.1" 200 175
47.128.122.244 - - [27/Jun/2024:13:22:07 -0500] "GET /BLA/resoluciones/AUTOS%202021/0245.php?act=img&img=download HTTP/1.1" 200 161
47.128.122.244 - - [27/Jun/2024:13:22:07 -0500] "GET /BLA/resoluciones/AUTOS%202021/0245.php?act=img&img=ext_diz HTTP/1.1" 200 1027
47.128.122.244 - - [27/Jun/2024:13:22:07 -0500] "GET /BLA/resoluciones/AUTOS%202021/0245.php?act=img&img=ext_html HTTP/1.1" 200 230
47.128.122.244 - - [27/Jun/2024:13:22:07 -0500] "GET /BLA/resoluciones/AUTOS%202021/0245.php?act=img&img=ext_ini HTTP/1.1" 200 134
47.128.122.244 - - [27/Jun/2024:13:22:07 -0500] "GET /BLA/resoluciones/AUTOS%202021/0245.php?act=img&img=ext_rtf HTTP/1.1" 200 164
47.128.122.244 - - [27/Jun/2024:13:22:07 -0500] "GET /BLA/resoluciones/AUTOS%202021/0245.php?act=img&img=change HTTP/1.1" 200 290
47.128.122.244 - - [27/Jun/2024:13:22:07 -0500] "GET /BLA/resoluciones/AUTOS%202021/0245.php?act=img&img=ext_swf HTTP/1.1" 200 254
66.249.66.12 - - [27/Jun/2024:13:22:19 -0500] "GET /Publicaciones/2023EE285180.pdf HTTP/1.1" 404 228
66.249.66.13 - - [27/Jun/2024:13:22:20 -0500] "GET /BLA/resoluciones/RESOLUCIONES%202018/1355.pdf HTTP/1.1" 200 206268
66.249.66.12 - - [27/Jun/2024:13:22:21 -0500] "GET /BLA/resoluciones/AUTOS%202020/0409.pdf HTTP/1.1" 304 -
18.116.205.62 - - [27/Jun/2024:13:22:38 -0500] "HEAD / HTTP/1.1" 200 -
201.245.192.253 - - [27/Jun/2024:13:22:39 -0500] "POST /kwsrmcab/Wsrmcab  HTTP/1.1" 200 213
78.153.140.179 - - [27/Jun/2024:13:22:56 -0500] "GET /.env HTTP/1.1" 404 1018
78.153.140.179 - - [27/Jun/2024:13:22:56 -0500] "\x16\x03\x01" 400 226
66.249.66.12 - - [27/Jun/2024:13:22:56 -0500] "GET /BLA/resoluciones/AUTOS%202023/11254.pdf HTTP/1.1" 200 440605
172.22.2.4 - - [27/Jun/2024:13:21:16 -0500] "HEAD /BLA/boletinlegal/ HTTP/1.1" 200 -
201.245.192.253 - - [27/Jun/2024:13:23:07 -0500] "GET /kwsrmcab/Wsrmcab?wsdl HTTP/1.1" 200 6948
201.245.192.253 - - [27/Jun/2024:13:23:13 -0500] "POST /forms/lservlet;jsessionid=ac16012b30d6716d42d0eef24d9cbe79d3fe11a80187.e3iSbxaKaheRe34OahmPbx4Oa3z0n6jAmljGr5XDqQLvpAe HTTP/1.1" 200 2
216.245.221.92 - - [27/Jun/2024:13:23:20 -0500] "HEAD / HTTP/1.1" 200 -
66.249.66.11 - - [27/Jun/2024:13:23:21 -0500] "GET /BLA/resoluciones/RESOLUCIONES%202018/2824.pdf HTTP/1.1" 200 350950
172.22.2.4 - - [27/Jun/2024:13:22:08 -0500] "GET /BLA/boletinlegal/ HTTP/1.1" 200 58273
172.22.2.4 - - [27/Jun/2024:13:23:58 -0500] "GET /BLA/boletinlegal/consulta_actos.php?tipo=resoluciones&no=1213&usuario=&sector=&fecha=2021&resuelve= HTTP/1.1" 200 1094
172.22.2.4 - - [27/Jun/2024:13:24:06 -0500] "GET /BLA/boletinlegal/consulta_actos.php?tipo=resoluciones&no=1213&usuario=&sector=&fecha=2021&resuelve= HTTP/1.1" 200 1094
201.245.192.253 - - [27/Jun/2024:13:24:07 -0500] "GET /kwsrmcab/Wsrmcab?wsdl HTTP/1.1" 200 6948
186.155.87.191 - - [27/Jun/2024:13:24:07 -0500] "GET /BLA/resoluciones/RESOLUCIONES%202021/1213.pdf HTTP/1.1" 200 437163
66.249.66.12 - - [27/Jun/2024:13:24:19 -0500] "GET /BLA/resoluciones/AUTOS%202023/06445.pdf HTTP/1.1" 200 532302
66.249.66.13 - - [27/Jun/2024:13:24:21 -0500] "GET /BLA/resoluciones/RESOLUCIONES%202018/3147.pdf HTTP/1.1" 200 3751565
201.245.192.253 - - [27/Jun/2024:13:25:07 -0500] "GET /kwsrmcab/Wsrmcab?wsdl HTTP/1.1" 200 6948
201.245.192.253 - - [27/Jun/2024:13:25:13 -0500] "POST /forms/lservlet;jsessionid=ac16012b30d6716d42d0eef24d9cbe79d3fe11a80187.e3iSbxaKaheRe34OahmPbx4Oa3z0n6jAmljGr5XDqQLvpAe HTTP/1.1" 200 2
66.249.66.13 - - [27/Jun/2024:13:25:22 -0500] "GET /BLA/resoluciones/RESOLUCIONES%202018/36.pdf HTTP/1.1" 200 325270
66.249.66.12 - - [27/Jun/2024:13:25:41 -0500] "GET /BLA/resoluciones/AUTOS%202023/08969.pdf HTTP/1.1" 200 446715
201.245.192.253 - - [27/Jun/2024:13:26:07 -0500] "GET /kwsrmcab/Wsrmcab?wsdl HTTP/1.1" 200 6948
66.249.66.12 - - [27/Jun/2024:13:26:23 -0500] "GET /BLA/resoluciones/RESOLUCIONES%202018/1653.pdf HTTP/1.1" 200 288928
66.249.66.12 - - [27/Jun/2024:13:26:24 -0500] "GET /BLA/resoluciones/RESOLUCIONES%202018/1478.pdf HTTP/1.1" 200 448352
20.26.44.160 - - [27/Jun/2024:13:26:44 -0500] "GET /Publicaciones/2023EE275506.pdf HTTP/1.1" 404 228
66.249.66.11 - - [27/Jun/2024:13:27:03 -0500] "GET /BLA/resoluciones/AUTOS%202023/08931.pdf HTTP/1.1" 200 508565
201.245.192.253 - - [27/Jun/2024:13:27:07 -0500] "GET /kwsrmcab/Wsrmcab?wsdl HTTP/1.1" 200 6948
201.245.192.253 - - [27/Jun/2024:13:27:13 -0500] "POST /forms/lservlet;jsessionid=ac16012b30d6716d42d0eef24d9cbe79d3fe11a80187.e3iSbxaKaheRe34OahmPbx4Oa3z0n6jAmljGr5XDqQLvpAe HTTP/1.1" 200 2
201.245.192.253 - - [27/Jun/2024:13:27:18 -0500] "POST /kwsrmcab/Wsrmcab HTTP/1.1" 200 36929
201.245.192.253 - - [27/Jun/2024:13:27:20 -0500] "POST /kwsrmcab/Wsrmcab HTTP/1.1" 200 35446
201.245.192.253 - - [27/Jun/2024:13:27:38 -0500] "POST /kwsrmcab/Wsrmcab  HTTP/1.1" 200 213
52.15.147.27 - - [27/Jun/2024:13:27:50 -0500] "HEAD / HTTP/1.1" 200 -
172.22.2.4 - - [27/Jun/2024:13:26:10 -0500] "GET /BLA/boletinlegal/ HTTP/1.1" 200 54913
201.245.192.253 - - [27/Jun/2024:13:28:07 -0500] "GET /kwsrmcab/Wsrmcab?wsdl HTTP/1.1" 200 6948
216.245.221.92 - - [27/Jun/2024:13:28:20 -0500] "HEAD / HTTP/1.1" 200 -
66.249.66.12 - - [27/Jun/2024:13:28:24 -0500] "GET /BLA/resoluciones/RESOLUCIONES%202018/0807.pdf HTTP/1.1" 200 368568
66.249.66.13 - - [27/Jun/2024:13:28:25 -0500] "GET /BLA/resoluciones/RESOLUCIONES%202018/2062.pdf HTTP/1.1" 200 283948
66.249.66.13 - - [27/Jun/2024:13:28:27 -0500] "GET /BLA/resoluciones/AUTOS%202023/10889.pdf HTTP/1.1" 200 408205
172.22.2.4 - - [27/Jun/2024:13:27:07 -0500] "HEAD /BLA/boletinlegal/ HTTP/1.1" 200 -
201.245.192.253 - - [27/Jun/2024:13:29:07 -0500] "GET /kwsrmcab/Wsrmcab?wsdl HTTP/1.1" 200 6948
201.245.192.253 - - [27/Jun/2024:13:29:13 -0500] "POST /forms/lservlet;jsessionid=ac16012b30d6716d42d0eef24d9cbe79d3fe11a80187.e3iSbxaKaheRe34OahmPbx4Oa3z0n6jAmljGr5XDqQLvpAe HTTP/1.1" 200 2
66.249.66.13 - - [27/Jun/2024:13:29:25 -0500] "GET /BLA/resoluciones/RESOLUCIONES%202018/2592.pdf HTTP/1.1" 200 276456
66.249.66.11 - - [27/Jun/2024:13:29:26 -0500] "GET /BLA/resoluciones/RESOLUCIONES%202018/1617.pdf HTTP/1.1" 200 306400
201.245.192.253 - - [27/Jun/2024:13:29:27 -0500] "POST /kwsrmcab/Wsrmcab HTTP/1.1" 200 35472
172.22.2.4 - - [27/Jun/2024:13:27:58 -0500] "GET /BLA/boletinlegal/ HTTP/1.1" 200 51986
66.249.66.12 - - [27/Jun/2024:13:29:48 -0500] "GET /BLA/resoluciones/AUTOS%202023/09674.pdf HTTP/1.1" 200 378288
201.245.192.253 - - [27/Jun/2024:13:30:07 -0500] "GET /kwsrmcab/Wsrmcab?wsdl HTTP/1.1" 200 6948
201.245.192.253 - - [27/Jun/2024:13:30:07 -0500] "POST /kwsrmcab/Wsrmcab HTTP/1.1" 200 35446
52.167.144.230 - - [27/Jun/2024:13:30:09 -0500] "GET /BLA/resoluciones/RESOLUCIONES%201995/0148.pdf HTTP/1.1" 200 46278
201.245.192.253 - - [27/Jun/2024:13:31:07 -0500] "GET /kwsrmcab/Wsrmcab?wsdl HTTP/1.1" 200 6948
201.245.192.253 - - [27/Jun/2024:13:31:13 -0500] "POST /forms/lservlet;jsessionid=ac16012b30d6716d42d0eef24d9cbe79d3fe11a80187.e3iSbxaKaheRe34OahmPbx4Oa3z0n6jAmljGr5XDqQLvpAe HTTP/1.1" 200 2
66.249.66.11 - - [27/Jun/2024:13:31:26 -0500] "GET /BLA/resoluciones/AUTOS%202023/3216.pdf HTTP/1.1" 304 -
66.249.66.12 - - [27/Jun/2024:13:31:27 -0500] "GET /BLA/resoluciones/RESOLUCIONES%202018/2288.pdf HTTP/1.1" 200 283132
66.249.66.11 - - [27/Jun/2024:13:31:27 -0500] "GET /BLA/resoluciones/AUTOS%202023/2854.pdf HTTP/1.1" 200 634362
66.249.66.13 - - [27/Jun/2024:13:31:30 -0500] "GET /BLA/resoluciones/AUTOS%202023/11294.pdf HTTP/1.1" 200 895456
66.249.66.11 - - [27/Jun/2024:13:31:31 -0500] "GET /BLA/resoluciones/RESOLUCIONES%202018/3466.pdf HTTP/1.1" 200 339791
201.245.192.253 - - [27/Jun/2024:13:32:07 -0500] "GET /kwsrmcab/Wsrmcab?wsdl HTTP/1.1" 200 6948
66.249.66.12 - - [27/Jun/2024:13:32:17 -0500] "GET /BLA/resoluciones/RESOLUCIONES%202018/1438.pdf HTTP/1.1" 200 313710
201.245.192.253 - - [27/Jun/2024:13:32:36 -0500] "POST /kwsrmcab/Wsrmcab  HTTP/1.1" 200 213
66.249.66.12 - - [27/Jun/2024:13:32:51 -0500] "GET /BLA/resoluciones/RESOLUCIONES%202018/2090.pdf HTTP/1.1" 200 2562286
201.245.192.253 - - [27/Jun/2024:13:33:07 -0500] "GET /kwsrmcab/Wsrmcab?wsdl HTTP/1.1" 200 6948
47.128.123.163 - - [27/Jun/2024:13:33:07 -0500] "GET /BLA/resoluciones/AUTOS%202021/0245.php?act=f&d=E%3A%5Cnuevo%5Chtdocs%5CResiduos%5Cfarmaceutica%5Cfiles%5Csearch&f=search108.xml&ft=info HTTP/1.1" 200 3752
47.128.123.163 - - [27/Jun/2024:13:33:08 -0500] "GET /BLA/resoluciones/AUTOS%202021/0245.php?act=img&img=ext_exe HTTP/1.1" 200 118
47.128.123.163 - - [27/Jun/2024:13:33:08 -0500] "GET /BLA/resoluciones/AUTOS%202021/0245.php?act=img&img=ext_gif HTTP/1.1" 200 175
47.128.123.163 - - [27/Jun/2024:13:33:08 -0500] "GET /BLA/resoluciones/AUTOS%202021/0245.php?act=img&img=ext_diz HTTP/1.1" 200 1027
47.128.123.163 - - [27/Jun/2024:13:33:08 -0500] "GET /BLA/resoluciones/AUTOS%202021/0245.php?act=img&img=ext_xml HTTP/1.1" 200 231
47.128.123.163 - - [27/Jun/2024:13:33:08 -0500] "GET /BLA/resoluciones/AUTOS%202021/0245.php?act=img&img=ext_txt HTTP/1.1" 200 132
47.128.123.163 - - [27/Jun/2024:13:33:08 -0500] "GET /BLA/resoluciones/AUTOS%202021/0245.php?act=img&img=ext_html HTTP/1.1" 200 230
34.198.201.66 - - [27/Jun/2024:13:33:08 -0500] "HEAD / HTTP/1.1" 200 -
47.128.123.163 - - [27/Jun/2024:13:33:09 -0500] "GET /BLA/resoluciones/AUTOS%202021/0245.php?act=img&img=download HTTP/1.1" 200 161
47.128.123.163 - - [27/Jun/2024:13:33:09 -0500] "GET /BLA/resoluciones/AUTOS%202021/0245.php?act=img&img=ext_rtf HTTP/1.1" 200 164
47.128.123.163 - - [27/Jun/2024:13:33:09 -0500] "GET /BLA/resoluciones/AUTOS%202021/0245.php?act=img&img=change HTTP/1.1" 200 290
47.128.123.163 - - [27/Jun/2024:13:33:09 -0500] "GET /BLA/resoluciones/AUTOS%202021/0245.php?act=img&img=ext_ini HTTP/1.1" 200 134
201.245.192.253 - - [27/Jun/2024:13:33:14 -0500] "POST /forms/lservlet;jsessionid=ac16012b30d6716d42d0eef24d9cbe79d3fe11a80187.e3iSbxaKaheRe34OahmPbx4Oa3z0n6jAmljGr5XDqQLvpAe HTTP/1.1" 200 2
66.249.66.11 - - [27/Jun/2024:13:33:20 -0500] "GET /BLA/resoluciones/AUTOS%202023/10839.pdf HTTP/1.1" 200 1094471
216.245.221.92 - - [27/Jun/2024:13:33:20 -0500] "HEAD / HTTP/1.1" 200 -
47.128.116.31 - - [27/Jun/2024:13:33:48 -0500] "GET /BLA/resoluciones/AUTOS%202021/0245.php?act=img&img=ext_html HTTP/1.1" 200 230
47.128.116.31 - - [27/Jun/2024:13:33:48 -0500] "GET /BLA/resoluciones/AUTOS%202021/0245.php?act=img&img=ext_diz HTTP/1.1" 200 1027
47.128.116.31 - - [27/Jun/2024:13:33:48 -0500] "GET /BLA/resoluciones/AUTOS%202021/0245.php?act=img&img=ext_txt HTTP/1.1" 200 132
47.128.116.31 - - [27/Jun/2024:13:33:45 -0500] "GET /BLA/resoluciones/AUTOS%202021/0245.php?act=f&d=E%3A%5Cnuevo%5Chtdocs%5CSIIPEV%5CDiseno+de+Elementos+de+Mobiliario+Urbano%5C&f=Parte2.html&ft=img HTTP/1.1" 200 16956
47.128.116.31 - - [27/Jun/2024:13:33:49 -0500] "GET /BLA/resoluciones/AUTOS%202021/0245.php?act=img&img=ext_gif HTTP/1.1" 200 175
47.128.116.31 - - [27/Jun/2024:13:33:49 -0500] "GET /BLA/resoluciones/AUTOS%202021/0245.php?act=img&img=ext_ini HTTP/1.1" 200 134
47.128.116.31 - - [27/Jun/2024:13:33:49 -0500] "GET /BLA/resoluciones/AUTOS%202021/0245.php?act=img&img=change HTTP/1.1" 200 290
47.128.116.31 - - [27/Jun/2024:13:33:49 -0500] "GET /BLA/resoluciones/AUTOS%202021/0245.php?act=img&img=ext_exe HTTP/1.1" 200 118
47.128.116.31 - - [27/Jun/2024:13:33:49 -0500] "GET /BLA/resoluciones/AUTOS%202021/0245.php?act=img&img=download HTTP/1.1" 200 161
47.128.116.31 - - [27/Jun/2024:13:33:49 -0500] "GET /BLA/resoluciones/AUTOS%202021/0245.php?act=img&img=ext_rtf HTTP/1.1" 200 164
201.245.192.253 - - [27/Jun/2024:13:34:07 -0500] "GET /kwsrmcab/Wsrmcab?wsdl HTTP/1.1" 200 6948
47.128.21.158 - - [27/Jun/2024:13:34:28 -0500] "GET /BLA/resoluciones/AUTOS%202021/0245.php?act=img&img=ext_diz HTTP/1.1" 200 1027
47.128.21.158 - - [27/Jun/2024:13:34:28 -0500] "GET /BLA/resoluciones/AUTOS%202021/0245.php?act=img&img=ext_html HTTP/1.1" 200 230
47.128.21.158 - - [27/Jun/2024:13:34:28 -0500] "GET /BLA/resoluciones/AUTOS%202021/0245.php?act=img&img=ext_tif HTTP/1.1" 200 175
47.128.21.158 - - [27/Jun/2024:13:34:27 -0500] "GET /BLA/resoluciones/AUTOS%202021/0245.php?act=f&d=E%3A%5Cnuevo%5Chtdocs%5CBLA%5Cresoluciones%5CRESOLUCIONES+2006%5CRES+2006+1951-2000&f=00001980.tif HTTP/1.1" 200 17693
47.128.21.158 - - [27/Jun/2024:13:34:29 -0500] "GET /BLA/resoluciones/AUTOS%202021/0245.php?act=img&img=ext_exe HTTP/1.1" 200 118
47.128.21.158 - - [27/Jun/2024:13:34:29 -0500] "GET /BLA/resoluciones/AUTOS%202021/0245.php?act=img&img=download HTTP/1.1" 200 161
47.128.21.158 - - [27/Jun/2024:13:34:29 -0500] "GET /BLA/resoluciones/AUTOS%202021/0245.php?act=img&img=ext_ini HTTP/1.1" 200 134
47.128.21.158 - - [27/Jun/2024:13:34:29 -0500] "GET /BLA/resoluciones/AUTOS%202021/0245.php?act=img&img=ext_gif HTTP/1.1" 200 175
47.128.21.158 - - [27/Jun/2024:13:34:29 -0500] "GET /BLA/resoluciones/AUTOS%202021/0245.php?act=img&img=ext_rtf HTTP/1.1" 200 164
47.128.21.158 - - [27/Jun/2024:13:34:29 -0500] "GET /BLA/resoluciones/AUTOS%202021/0245.php?act=img&img=change HTTP/1.1" 200 290
47.128.21.158 - - [27/Jun/2024:13:34:32 -0500] "GET /BLA/resoluciones/AUTOS%202021/0245.php?act=img&img=ext_txt HTTP/1.1" 200 132
172.22.2.4 - - [27/Jun/2024:13:32:56 -0500] "HEAD /BLA/boletinlegal/ HTTP/1.1" 200 -
66.249.66.11 - - [27/Jun/2024:13:34:55 -0500] "GET /BLA/resoluciones/AUTOS%202023/11297.pdf HTTP/1.1" 200 410504
52.167.144.187 - - [27/Jun/2024:13:35:06 -0500] "GET /galeria/galeria/jquery.fancybox.js?v=2.1.5 HTTP/1.1" 200 48706
201.245.192.253 - - [27/Jun/2024:13:35:07 -0500] "GET /kwsrmcab/Wsrmcab?wsdl HTTP/1.1" 200 6948
47.128.21.126 - - [27/Jun/2024:13:35:08 -0500] "GET /BLA/resoluciones/AUTOS%202021/0245.php?act=f&d=E%3A%5Cnuevo%5Chtdocs%5CResiduos%5Ctextiles%5Cimages&f=page114_thumbnail.jpg&ft=info HTTP/1.1" 200 3897
47.128.21.126 - - [27/Jun/2024:13:35:11 -0500] "GET /BLA/resoluciones/AUTOS%202021/0245.php?act=img&img=ext_txt HTTP/1.1" 200 132
47.128.21.126 - - [27/Jun/2024:13:35:11 -0500] "GET /BLA/resoluciones/AUTOS%202021/0245.php?act=img&img=ext_html HTTP/1.1" 200 230
47.128.21.126 - - [27/Jun/2024:13:35:11 -0500] "GET /BLA/resoluciones/AUTOS%202021/0245.php?act=img&img=ext_exe HTTP/1.1" 200 118
47.128.21.126 - - [27/Jun/2024:13:35:11 -0500] "GET /BLA/resoluciones/AUTOS%202021/0245.php?act=img&img=ext_jpg HTTP/1.1" 200 175
47.128.21.126 - - [27/Jun/2024:13:35:11 -0500] "GET /BLA/resoluciones/AUTOS%202021/0245.php?act=img&img=ext_gif HTTP/1.1" 200 175
47.128.21.126 - - [27/Jun/2024:13:35:11 -0500] "GET /BLA/resoluciones/AUTOS%202021/0245.php?act=img&img=ext_diz HTTP/1.1" 200 1027
47.128.21.126 - - [27/Jun/2024:13:35:11 -0500] "GET /BLA/resoluciones/AUTOS%202021/0245.php?act=img&img=change HTTP/1.1" 200 290
47.128.21.126 - - [27/Jun/2024:13:35:12 -0500] "GET /BLA/resoluciones/AUTOS%202021/0245.php?act=img&img=ext_ini HTTP/1.1" 200 134
47.128.21.126 - - [27/Jun/2024:13:35:12 -0500] "GET /BLA/resoluciones/AUTOS%202021/0245.php?act=img&img=ext_rtf HTTP/1.1" 200 164
47.128.21.126 - - [27/Jun/2024:13:35:12 -0500] "GET /BLA/resoluciones/AUTOS%202021/0245.php?act=img&img=download HTTP/1.1" 200 161
201.245.192.253 - - [27/Jun/2024:13:35:14 -0500] "POST /forms/lservlet;jsessionid=ac16012b30d6716d42d0eef24d9cbe79d3fe11a80187.e3iSbxaKaheRe34OahmPbx4Oa3z0n6jAmljGr5XDqQLvpAe HTTP/1.1" 200 2
172.22.2.4 - - [27/Jun/2024:13:33:47 -0500] "GET /BLA/boletinlegal/ HTTP/1.1" 200 58273
52.167.144.187 - - [27/Jun/2024:13:35:28 -0500] "GET /BLA/resoluciones/AUTOS%202021/6521.pdf HTTP/1.1" 304 -
47.128.31.175 - - [27/Jun/2024:13:35:50 -0500] "GET /BLA/resoluciones/AUTOS%202021/0245.php?act=f&d=E%3A%5Cnuevo%5Chtdocs%5Ccumbredelclima%5Cwp-admin%5Cjs&f=edit-comments.js&ft=info HTTP/1.1" 200 3754
66.249.66.11 - - [27/Jun/2024:13:35:51 -0500] "GET /BLA/resoluciones/RESOLUCIONES%202018/1260.pdf HTTP/1.1" 200 3562810
47.128.31.175 - - [27/Jun/2024:13:35:52 -0500] "GET /BLA/resoluciones/AUTOS%202021/0245.php?act=img&img=ext_gif HTTP/1.1" 200 175
47.128.31.175 - - [27/Jun/2024:13:35:52 -0500] "GET /BLA/resoluciones/AUTOS%202021/0245.php?act=img&img=ext_diz HTTP/1.1" 200 1027
47.128.31.175 - - [27/Jun/2024:13:35:52 -0500] "GET /BLA/resoluciones/AUTOS%202021/0245.php?act=img&img=ext_exe HTTP/1.1" 200 118
47.128.31.175 - - [27/Jun/2024:13:35:52 -0500] "GET /BLA/resoluciones/AUTOS%202021/0245.php?act=img&img=ext_txt HTTP/1.1" 200 132
47.128.31.175 - - [27/Jun/2024:13:35:52 -0500] "GET /BLA/resoluciones/AUTOS%202021/0245.php?act=img&img=ext_html HTTP/1.1" 200 230
66.249.66.11 - - [27/Jun/2024:13:35:52 -0500] "GET /BLA/resoluciones/RESOLUCIONES%202018/1096.pdf HTTP/1.1" 200 384939
47.128.31.175 - - [27/Jun/2024:13:35:52 -0500] "GET /BLA/resoluciones/AUTOS%202021/0245.php?act=img&img=ext_ini HTTP/1.1" 200 134
47.128.31.175 - - [27/Jun/2024:13:35:52 -0500] "GET /BLA/resoluciones/AUTOS%202021/0245.php?act=img&img=ext_rtf HTTP/1.1" 200 164
47.128.31.175 - - [27/Jun/2024:13:35:52 -0500] "GET /BLA/resoluciones/AUTOS%202021/0245.php?act=img&img=change HTTP/1.1" 200 290
47.128.31.175 - - [27/Jun/2024:13:35:52 -0500] "GET /BLA/resoluciones/AUTOS%202021/0245.php?act=img&img=download HTTP/1.1" 200 161
47.128.31.175 - - [27/Jun/2024:13:35:53 -0500] "GET /BLA/resoluciones/AUTOS%202021/0245.php?act=img&img=ext_js HTTP/1.1" 200 131
201.245.192.253 - - [27/Jun/2024:13:36:07 -0500] "GET /kwsrmcab/Wsrmcab?wsdl HTTP/1.1" 200 6948
216.244.66.195 - - [27/Jun/2024:13:36:10 -0500] "GET /BLA/resoluciones/AUTOS%202016/0932.pdf HTTP/1.1" 200 322028
216.244.66.195 - - [27/Jun/2024:13:36:15 -0500] "GET /BLA/resoluciones/AUTOS%202016/2634.pdf HTTP/1.1" 200 288509
47.128.63.168 - - [27/Jun/2024:13:36:28 -0500] "GET /BLA/resoluciones/AUTOS%202021/0245.php?act=f&d=E%3A%5Cnuevo%5Chtdocs%5CResiduos%5Cfarmaceutica%5Cfiles%5Csearch&f=search76.xml&ft=info HTTP/1.1" 200 3761
47.128.63.168 - - [27/Jun/2024:13:36:29 -0500] "GET /BLA/resoluciones/AUTOS%202021/0245.php?act=img&img=ext_txt HTTP/1.1" 200 132
47.128.63.168 - - [27/Jun/2024:13:36:30 -0500] "GET /BLA/resoluciones/AUTOS%202021/0245.php?act=img&img=ext_xml HTTP/1.1" 200 231
47.128.63.168 - - [27/Jun/2024:13:36:30 -0500] "GET /BLA/resoluciones/AUTOS%202021/0245.php?act=img&img=ext_diz HTTP/1.1" 200 1027
47.128.63.168 - - [27/Jun/2024:13:36:30 -0500] "GET /BLA/resoluciones/AUTOS%202021/0245.php?act=img&img=ext_gif HTTP/1.1" 200 175
47.128.63.168 - - [27/Jun/2024:13:36:30 -0500] "GET /BLA/resoluciones/AUTOS%202021/0245.php?act=img&img=ext_exe HTTP/1.1" 200 118
47.128.63.168 - - [27/Jun/2024:13:36:30 -0500] "GET /BLA/resoluciones/AUTOS%202021/0245.php?act=img&img=ext_html HTTP/1.1" 200 230
47.128.63.168 - - [27/Jun/2024:13:36:30 -0500] "GET /BLA/resoluciones/AUTOS%202021/0245.php?act=img&img=ext_rtf HTTP/1.1" 200 164
47.128.63.168 - - [27/Jun/2024:13:36:30 -0500] "GET /BLA/resoluciones/AUTOS%202021/0245.php?act=img&img=change HTTP/1.1" 200 290
47.128.63.168 - - [27/Jun/2024:13:36:30 -0500] "GET /BLA/resoluciones/AUTOS%202021/0245.php?act=img&img=download HTTP/1.1" 200 161
47.128.63.168 - - [27/Jun/2024:13:36:30 -0500] "GET /BLA/resoluciones/AUTOS%202021/0245.php?act=img&img=ext_ini HTTP/1.1" 200 134
66.249.66.11 - - [27/Jun/2024:13:36:31 -0500] "GET /BLA/resoluciones/RESOLUCIONES%202018/0929.pdf HTTP/1.1" 200 366291
66.249.66.12 - - [27/Jun/2024:13:36:37 -0500] "GET /BLA/resoluciones/AUTOS%202023/09293.pdf HTTP/1.1" 200 450139
66.249.66.11 - - [27/Jun/2024:13:36:38 -0500] "GET /BLA/resoluciones/RESOLUCIONES%202018/0345.pdf HTTP/1.1" 200 405054
186.102.26.188 - - [27/Jun/2024:13:37:04 -0500] "GET /kwssiamovil/sm/ldap/au?x=U2FsdGVkX19H/UoGZDcwjTYHZutbFbZ/YmNopdqnZ+0TIKC2UAyjCTzaLIiefDkG&y=U2FsdGVkX18WBYhGayCyKIbz70IYMvc8m+N4YeeIGWB8Ky68XWWHogwU/E5U5NY4 HTTP/1.1" 200 30
186.102.26.188 - - [27/Jun/2024:13:37:04 -0500] "GET /kwssiamovil/sm/acme/s?s=U2FsdGVkX18kQnUc3LShrJ4pM//lebIJZnEBc5UlPt/BFOxjFlHJteic48WvvFIipOSKq+MgAw6+f/8mUFki7jOGjbqnFx9dxwZ9Bu2pJZM=&u=U2FsdGVkX18JMS7KZcXAS8jqUosl5MbcgORJK7EHmMcjMfZSbqWE0wCQ42J01coF&y=U2FsdGVkX18WBYhGayCyKIbz70IYMvc8m+N4YeeIGWB8Ky68XWWHogwU/E5U5NY4 HTTP/1.1" 200 97
186.102.26.188 - - [27/Jun/2024:13:37:04 -0500] "GET /kwssiamovil/sm/acme/s?s=U2FsdGVkX19rdeTW4G1IZAzohAWu0OEbrjXOEejZJnleQAZByZ3Qelt7fnTM/4TVT47PH/37syzOtH0vY6MRXLdlF2bEX569YROyr56YFtz24HcwqFjen1CAU5xajaAE9+NPdnl6HwE0CH4S+/akxv3eY/RMESmsLj2hXHySMMpssAMqhNtFvTXUThA50pycAlZoBIydN2MTv+eB2Dk64kCezr6RUi5KSX/WlVFAJAjSiBMGjPhG5BTtotKkxeibZEYl+03ZR3T+eE3C6bcnslkoyDF0nPoNyxQ3K6VRecwGJJdQKfODQpcfOCRr5QZYC3GE/RJNFlDOyzp6hJ5CxLrETjUg/61F/lqKjCVc67ezE7+XvvQM/eBQSwJv01tC1Tk9nJwn029nnJDAiQqtFQITZMAaAkhyLdHQckjIUSjaaX3qFJDDegOBIwS9ZCSAot+CNGLQ71M/tKiJddHrvgnvmrRrK7HZ9mcV5cgHDrVzpxeoSVyYrNOIa5H1Jm7JHRUX/GZ+tD/CC0548KB2WJIq99oLQPB1EGOPDUajT+tSBoNHBYj+h2LlCobDA4IqiZKWJSjhr+wc/6D9TNlgkvhQ70mNlypTf8WI/cd5ZHLrY79BjuYmABwdDDmL2KmX8JTm7SGHVy8lHWbBQQtnHexCVo4DkCO3Vfu3Cx/d2PLnbsoZAzGbURDykpskrXJcgF0ftkC2hyfuz23uxZMtDVK8eC01nLKdi2muDdSjPruXtuuJz7tA3VXoOH2P2zNHQnI4MwUjmkvCGjT8Ug7PXcLFTZ5FWdXaxHfNUisAmpXCJXmgIMxzcky65ZgyVugJLfvViYbgAnfna6ueytQGZU+8x1b3DMuKSCTAbKzv6T/8kfIOn/UIviJCEHD/Z/leOGfnOjdKJaAmxD9MuNyFZw0gC2DjxSQt3VrnjisFnw0DPHL3TVtNOvv4mS6CPQuChAMWU2RZdFpCardJIefS5yZCglxRbTycopPkVEApcAaRcDCpeMfLiXfIavnXCIDdj4L9EajfKP3LWPtlrPSGwGTjarBsdhxUw83t33qYiS4+gDEG43DO8CWRWOVP8PGkH6/cCFH7fqBnwVVQ1nbjr3EWPy1ILsudWaKTdej3CE54EfT1HFUuaYI/ppfP3A6iTVhZSISzuLCJzEj/4v4gddwbAFjX3v40DLbh1vrAa7VWBvv/ELENWVJ5f2QJ73p30ZGEeMPDOdEwSpy8zVy9Wz7xyyO2b9jNqKcoARTsw1j++2V2b46YUBxAIpBVVfrFZomUY7PMc7FsuazD048MHWBxFv5+tMywiQu04OnsyWFeDrTk6PpC6GtysBZqPLBjB8s7KhUmohi9boDcVlcbtrD4WVldv6IArO30BQKDKc8himc50/yw1eSUF6ED+kRUvxFXXmhpxi/+RSR/tKu4SaMI4RtneUEKOjNXlLpX74PQzQgiHff+QGmFshMt8rciINx5cT1ThykKQI4tLBI6rmAoOUl64Fq5kf+IFZkT8qtCLRDiNcHtNqb+kwpkkiYOn9P3nw02HyXtIgjBd7q+EAPjP4NOi90AwlQgCqvV/l+fJ7juleuknAuV9IM+Q8/KH6oVtU8o/vH+KIyOKw3xwM2T1LbreG9jqpgsfqEv9/Zlg4R5js1MmLDLRPr79X4Iv2SUq9rP97DlLMMBtf+8gS7kXMGW0tjBX1jlsQ8cpo6CLPUQIw2zphNml4QTtxt9VbOn6O38cb90+/OGR7LMMcbB4iZ+mgz46+oECQA+p12B0fCmaSUI/56QVUQ8i3RB&u=U2FsdGVkX18JMS7KZcXAS8jqUosl5MbcgORJK7EHmMcjMfZSbqWE0wCQ42J01coF&y=U2FsdGVkX18WBYhGayCyKIbz70IYMvc8m+N4YeeIGWB8Ky68XWWHogwU/E5U5NY4 HTTP/1.1" 200 7332
