186.102.26.188 - - [27/Jun/2024:13:37:05 -0500] "GET /kwssiamovil/sm/acme/s?s=U2FsdGVkX1950n8SNDAqcfj2+YXhGkMpUW5Co/6vcp2HXQiDxI47DStANgxdBN6xRzYo7VRTk4ZU/FjLLbcYml1DNnj2yTvHe4f5TRj2PGNURUeQYNY0XPkKZ2Ga4B8/mTvIM7CjyxGehpTBt2qbF6vOCFfXg8z8YwIbGaBsDm0bNvBIrEewPB6YArEx9CORVnpNfjgS+PIdj0Nm1ICEb6R4Z2zsYsM0magp3SsD2To7SlW5xqqJbD/zHZGRVQFrVFrWcReaQL1/tDLgdiJl/8P5ej7ESm6U14VaqcdcBSTuTk7qS4wB/27OTV8n/wyQwu4eZcXFkyhNV3DsFF+PUlBz8sDfZRxD9m1fhRqdCuds1MQNcs9tMJkRVXIcERF/KrJcGGoaFvXtG5TIzyt60o4CD39bdZ/eACEGQjXD+thlrdvcSMnUW0xutnGROYzhyEhi2dKuXy1n/zstJIcEcLbTxF8nACFgJ3c8xem3LQiu4nRvl9SVECGKCCyd017DIuJ7FWxCmmHKnCR8v9iKtxEC873RrzfcvdZVTz0rEIGO2Vcktfg7inS8fI0Ur3eURckhjly1V7pfP/RDGEQKMpwbM/lYwCqqNWANtOiBTlvsBUCoZ1235lqQhg8gn0V7/RuqUPgo9T0R2Yte1dXJJBDU3VocoCXAnZjva90VfI0lhT0gZGYmohEayF1b39O9CV7Vqx7lRaCzl4Tjsl5R0o9Md4LqJMJ4r3bHxpQBhxPD4optGUbCACto/uW2NeZA&u=U2FsdGVkX18JMS7KZcXAS8jqUosl5MbcgORJK7EHmMcjMfZSbqWE0wCQ42J01coF&y=U2FsdGVkX18WBYhGayCyKIbz70IYMvc8m+N4YeeIGWB8Ky68XWWHogwU/E5U5NY4 HTTP/1.1" 200 208
186.102.26.188 - - [27/Jun/2024:13:37:05 -0500] "GET /kwssiamovil/sm/cjson/pre?f=1&x=U2FsdGVkX19H/UoGZDcwjTYHZutbFbZ/YmNopdqnZ+0TIKC2UAyjCTzaLIiefDkG HTTP/1.1" 200 30244
201.245.192.253 - - [27/Jun/2024:13:37:07 -0500] "GET /kwsrmcab/Wsrmcab?wsdl HTTP/1.1" 200 6948
47.128.46.227 - - [27/Jun/2024:13:37:07 -0500] "GET /BLA/resoluciones/AUTOS%202021/0245.php?act=f&d=E%3A%5Cnuevo%5Chtdocs%5CResiduos%5Cfarmaceutica%5Cfiles%5Csearch&f=search43.xml&ft=info HTTP/1.1" 200 3719
47.128.46.227 - - [27/Jun/2024:13:37:08 -0500] "GET /BLA/resoluciones/AUTOS%202021/0245.php?act=img&img=ext_gif HTTP/1.1" 200 175
47.128.46.227 - - [27/Jun/2024:13:37:08 -0500] "GET /BLA/resoluciones/AUTOS%202021/0245.php?act=img&img=ext_diz HTTP/1.1" 200 1027
47.128.46.227 - - [27/Jun/2024:13:37:08 -0500] "GET /BLA/resoluciones/AUTOS%202021/0245.php?act=img&img=ext_xml HTTP/1.1" 200 231
47.128.46.227 - - [27/Jun/2024:13:37:08 -0500] "GET /BLA/resoluciones/AUTOS%202021/0245.php?act=img&img=ext_txt HTTP/1.1" 200 132
47.128.46.227 - - [27/Jun/2024:13:37:08 -0500] "GET /BLA/resoluciones/AUTOS%202021/0245.php?act=img&img=ext_html HTTP/1.1" 200 230
47.128.46.227 - - [27/Jun/2024:13:37:08 -0500] "GET /BLA/resoluciones/AUTOS%202021/0245.php?act=img&img=ext_exe HTTP/1.1" 200 118
47.128.46.227 - - [27/Jun/2024:13:37:09 -0500] "GET /BLA/resoluciones/AUTOS%202021/0245.php?act=img&img=download HTTP/1.1" 200 161
47.128.46.227 - - [27/Jun/2024:13:37:09 -0500] "GET /BLA/resoluciones/AUTOS%202021/0245.php?act=img&img=change HTTP/1.1" 200 290
47.128.46.227 - - [27/Jun/2024:13:37:09 -0500] "GET /BLA/resoluciones/AUTOS%202021/0245.php?act=img&img=ext_ini HTTP/1.1" 200 134
47.128.46.227 - - [27/Jun/2024:13:37:09 -0500] "GET /BLA/resoluciones/AUTOS%202021/0245.php?act=img&img=ext_rtf HTTP/1.1" 200 164
201.245.192.253 - - [27/Jun/2024:13:37:14 -0500] "POST /forms/lservlet;jsessionid=ac16012b30d6716d42d0eef24d9cbe79d3fe11a80187.e3iSbxaKaheRe34OahmPbx4Oa3z0n6jAmljGr5XDqQLvpAe HTTP/1.1" 200 2
201.245.192.253 - - [27/Jun/2024:13:37:18 -0500] "POST /kwsrmcab/Wsrmcab HTTP/1.1" 200 36929
201.245.192.253 - - [27/Jun/2024:13:37:20 -0500] "POST /kwsrmcab/Wsrmcab HTTP/1.1" 200 35446
66.249.66.12 - - [27/Jun/2024:13:37:25 -0500] "GET /BLA/resoluciones/RESOLUCIONES%202018/1661.pdf HTTP/1.1" 200 489193
201.245.192.253 - - [27/Jun/2024:13:37:34 -0500] "POST /kwsrmcab/Wsrmcab  HTTP/1.1" 200 213
47.128.46.45 - - [27/Jun/2024:13:37:49 -0500] "GET /BLA/resoluciones/AUTOS%202021/0245.php?act=f&d=E%3A%5Cnuevo%5Cmailoutput%5C&f=mail-20150114-1600-504000.txt&ft=info&white=1 HTTP/1.1" 200 3650
47.128.46.45 - - [27/Jun/2024:13:37:50 -0500] "GET /BLA/resoluciones/AUTOS%202021/0245.php?act=img&img=ext_ini HTTP/1.1" 200 134
47.128.46.45 - - [27/Jun/2024:13:37:50 -0500] "GET /BLA/resoluciones/AUTOS%202021/0245.php?act=img&img=ext_diz HTTP/1.1" 200 1027
47.128.46.45 - - [27/Jun/2024:13:37:50 -0500] "GET /BLA/resoluciones/AUTOS%202021/0245.php?act=img&img=ext_exe HTTP/1.1" 200 118
47.128.46.45 - - [27/Jun/2024:13:37:50 -0500] "GET /BLA/resoluciones/AUTOS%202021/0245.php?act=img&img=ext_html HTTP/1.1" 200 230
47.128.46.45 - - [27/Jun/2024:13:37:50 -0500] "GET /BLA/resoluciones/AUTOS%202021/0245.php?act=img&img=ext_txt HTTP/1.1" 200 132
47.128.46.45 - - [27/Jun/2024:13:37:50 -0500] "GET /BLA/resoluciones/AUTOS%202021/0245.php?act=img&img=ext_gif HTTP/1.1" 200 175
47.128.46.45 - - [27/Jun/2024:13:37:50 -0500] "GET /BLA/resoluciones/AUTOS%202021/0245.php?act=img&img=download HTTP/1.1" 200 161
47.128.46.45 - - [27/Jun/2024:13:37:50 -0500] "GET /BLA/resoluciones/AUTOS%202021/0245.php?act=img&img=change HTTP/1.1" 200 290
47.128.46.45 - - [27/Jun/2024:13:37:50 -0500] "GET /BLA/resoluciones/AUTOS%202021/0245.php?act=img&img=ext_rtf HTTP/1.1" 200 164
201.245.192.253 - - [27/Jun/2024:13:38:07 -0500] "GET /kwsrmcab/Wsrmcab?wsdl HTTP/1.1" 200 6948
216.245.221.92 - - [27/Jun/2024:13:38:20 -0500] "HEAD / HTTP/1.1" 200 -
66.249.66.13 - - [27/Jun/2024:13:38:20 -0500] "GET /BLA/resoluciones/AUTOS%202023/09695.pdf HTTP/1.1" 200 407942
47.128.46.238 - - [27/Jun/2024:13:38:30 -0500] "GET /BLA/resoluciones/AUTOS%202021/0245.php?act=img&img=ext_pdf HTTP/1.1" 200 1034
47.128.46.238 - - [27/Jun/2024:13:38:30 -0500] "GET /BLA/resoluciones/AUTOS%202021/0245.php?act=img&img=ext_diz HTTP/1.1" 200 1027
47.128.46.238 - - [27/Jun/2024:13:38:30 -0500] "GET /BLA/resoluciones/AUTOS%202021/0245.php?act=img&img=ext_exe HTTP/1.1" 200 118
47.128.46.238 - - [27/Jun/2024:13:38:30 -0500] "GET /BLA/resoluciones/AUTOS%202021/0245.php?act=img&img=ext_gif HTTP/1.1" 200 175
47.128.46.238 - - [27/Jun/2024:13:38:31 -0500] "GET /BLA/resoluciones/AUTOS%202021/0245.php?act=img&img=ext_ini HTTP/1.1" 200 134
47.128.46.238 - - [27/Jun/2024:13:38:31 -0500] "GET /BLA/resoluciones/AUTOS%202021/0245.php?act=img&img=change HTTP/1.1" 200 290
47.128.46.238 - - [27/Jun/2024:13:38:31 -0500] "GET /BLA/resoluciones/AUTOS%202021/0245.php?act=img&img=download HTTP/1.1" 200 161
47.128.46.238 - - [27/Jun/2024:13:38:31 -0500] "GET /BLA/resoluciones/AUTOS%202021/0245.php?act=img&img=ext_rtf HTTP/1.1" 200 164
66.249.66.11 - - [27/Jun/2024:13:38:33 -0500] "GET /BLA/resoluciones/RESOLUCIONES%202024/00164.pdf HTTP/1.1" 200 1343308
47.128.46.238 - - [27/Jun/2024:13:38:33 -0500] "GET /BLA/resoluciones/AUTOS%202021/0245.php?act=img&img=ext_txt HTTP/1.1" 200 132
47.128.46.238 - - [27/Jun/2024:13:38:39 -0500] "GET /BLA/resoluciones/AUTOS%202021/0245.php?act=img&img=ext_html HTTP/1.1" 200 230
18.116.205.62 - - [27/Jun/2024:13:38:39 -0500] "HEAD / HTTP/1.1" 200 -
47.128.46.238 - - [27/Jun/2024:13:38:29 -0500] "GET /BLA/resoluciones/AUTOS%202021/0245.php?act=f&d=E%3A%5Cnuevo%5Chtdocs%5CBLA%5Cresoluciones%5CAUTOS+2021%5C&f=2111.pdf&ft=code HTTP/1.1" 200 333966
66.249.66.11 - - [27/Jun/2024:13:38:51 -0500] "GET /BLA/resoluciones/RESOLUCIONES%202018/1414.pdf HTTP/1.1" 200 3207116
201.245.192.253 - - [27/Jun/2024:13:39:07 -0500] "GET /kwsrmcab/Wsrmcab?wsdl HTTP/1.1" 200 6948
47.128.46.37 - - [27/Jun/2024:13:39:09 -0500] "GET /BLA/resoluciones/AUTOS%202021/0245.php?act=f&f=display_structure.inc.php HTTP/1.1" 200 2753
201.245.192.253 - - [27/Jun/2024:13:39:14 -0500] "POST /forms/lservlet;jsessionid=ac16012b30d6716d42d0eef24d9cbe79d3fe11a80187.e3iSbxaKaheRe34OahmPbx4Oa3z0n6jAmljGr5XDqQLvpAe HTTP/1.1" 200 2
17.241.227.137 - - [27/Jun/2024:13:39:17 -0500] "GET /escenarios-ambientales-humedales-y-parques-de-alta-montana-cerrados-preventivamente-por-incendios-forestales-en-bogota.html HTTP/1.1" 200 913
201.245.192.253 - - [27/Jun/2024:13:39:27 -0500] "POST /kwsrmcab/Wsrmcab HTTP/1.1" 200 35472
47.128.35.31 - - [27/Jun/2024:13:39:49 -0500] "GET /BLA/resoluciones/AUTOS%202021/0245.php?act=f&d=E%3A%5Cnuevo%5CphpMyAdmin2%5Clibraries%5Cplugins%5Cauth&f=recaptchalib.php&ft=info HTTP/1.1" 200 3761
47.128.35.31 - - [27/Jun/2024:13:39:51 -0500] "GET /BLA/resoluciones/AUTOS%202021/0245.php?act=img&img=ext_exe HTTP/1.1" 200 118
47.128.35.31 - - [27/Jun/2024:13:39:51 -0500] "GET /BLA/resoluciones/AUTOS%202021/0245.php?act=img&img=ext_gif HTTP/1.1" 200 175
47.128.35.31 - - [27/Jun/2024:13:39:51 -0500] "GET /BLA/resoluciones/AUTOS%202021/0245.php?act=img&img=ext_html HTTP/1.1" 200 230
47.128.35.31 - - [27/Jun/2024:13:39:51 -0500] "GET /BLA/resoluciones/AUTOS%202021/0245.php?act=img&img=ext_txt HTTP/1.1" 200 132
47.128.35.31 - - [27/Jun/2024:13:39:51 -0500] "GET /BLA/resoluciones/AUTOS%202021/0245.php?act=img&img=ext_ini HTTP/1.1" 200 134
47.128.35.31 - - [27/Jun/2024:13:39:51 -0500] "GET /BLA/resoluciones/AUTOS%202021/0245.php?act=img&img=ext_diz HTTP/1.1" 200 1027
47.128.35.31 - - [27/Jun/2024:13:39:51 -0500] "GET /BLA/resoluciones/AUTOS%202021/0245.php?act=img&img=change HTTP/1.1" 200 290
47.128.35.31 - - [27/Jun/2024:13:39:52 -0500] "GET /BLA/resoluciones/AUTOS%202021/0245.php?act=img&img=download HTTP/1.1" 200 161
47.128.35.31 - - [27/Jun/2024:13:39:52 -0500] "GET /BLA/resoluciones/AUTOS%202021/0245.php?act=img&img=ext_rtf HTTP/1.1" 200 164
47.128.35.31 - - [27/Jun/2024:13:39:52 -0500] "GET /BLA/resoluciones/AUTOS%202021/0245.php?act=img&img=ext_php HTTP/1.1" 200 79
66.249.66.12 - - [27/Jun/2024:13:40:01 -0500] "GET /BLA/resoluciones/AUTOS%202023/08889.pdf HTTP/1.1" 200 522688
201.245.192.253 - - [27/Jun/2024:13:40:07 -0500] "GET /kwsrmcab/Wsrmcab?wsdl HTTP/1.1" 200 6948
66.249.66.11 - - [27/Jun/2024:13:40:07 -0500] "GET /BLA/resoluciones/RESOLUCIONES%202024/00546.pdf HTTP/1.1" 200 376595
66.249.66.11 - - [27/Jun/2024:13:40:11 -0500] "GET /BLA/resoluciones/RESOLUCIONES%202018/1718.pdf HTTP/1.1" 200 266780
172.22.2.4 - - [27/Jun/2024:13:40:14 -0500] "GET /BLA/boletinlegal/owncloud/status.php HTTP/1.1" 404 1018
201.245.192.253 - - [27/Jun/2024:13:40:14 -0500] "POST /kwsrmcab/Wsrmcab HTTP/1.1" 200 35446
172.22.2.4 - - [27/Jun/2024:13:40:20 -0500] "GET /BLA/boletinlegal/status.php HTTP/1.1" 404 1018
172.22.2.4 - - [27/Jun/2024:13:38:46 -0500] "HEAD /BLA/boletinlegal/ HTTP/1.1" 200 -
52.167.144.187 - - [27/Jun/2024:13:40:43 -0500] "GET /BLA/resoluciones/AUTOS%202021/5016.pdf HTTP/1.1" 304 -
172.22.2.4 - - [27/Jun/2024:13:40:58 -0500] "GET /BLA/boletinlegal/jurisprudencia/analisis/analisis%20sentencia%20C%20401%20de%202010.doc HTTP/1.1" 304 -
201.245.192.253 - - [27/Jun/2024:13:41:07 -0500] "GET /kwsrmcab/Wsrmcab?wsdl HTTP/1.1" 200 6948
201.245.192.253 - - [27/Jun/2024:13:41:14 -0500] "POST /forms/lservlet;jsessionid=ac16012b30d6716d42d0eef24d9cbe79d3fe11a80187.e3iSbxaKaheRe34OahmPbx4Oa3z0n6jAmljGr5XDqQLvpAe HTTP/1.1" 200 2
172.22.2.4 - - [27/Jun/2024:13:39:37 -0500] "GET /BLA/boletinlegal/ HTTP/1.1" 200 57485
66.249.66.11 - - [27/Jun/2024:13:41:43 -0500] "GET /BLA/resoluciones/AUTOS%202023/10767.pdf HTTP/1.1" 200 395118
66.249.66.12 - - [27/Jun/2024:13:41:57 -0500] "GET /BLA/resoluciones/RESOLUCIONES%202024/00638.pdf HTTP/1.1" 200 859927
201.245.192.253 - - [27/Jun/2024:13:42:07 -0500] "GET /kwsrmcab/Wsrmcab?wsdl HTTP/1.1" 200 6948
201.245.192.253 - - [27/Jun/2024:13:42:33 -0500] "POST /kwsrmcab/Wsrmcab  HTTP/1.1" 200 213
172.22.2.4 - - [27/Jun/2024:13:43:02 -0500] "GET /BLA/boletinlegal/robots.txt HTTP/1.1" 404 1038
201.245.192.253 - - [27/Jun/2024:13:43:07 -0500] "GET /kwsrmcab/Wsrmcab?wsdl HTTP/1.1" 200 6948
201.245.192.253 - - [27/Jun/2024:13:43:14 -0500] "POST /forms/lservlet;jsessionid=ac16012b30d6716d42d0eef24d9cbe79d3fe11a80187.e3iSbxaKaheRe34OahmPbx4Oa3z0n6jAmljGr5XDqQLvpAe HTTP/1.1" 200 2
216.245.221.92 - - [27/Jun/2024:13:43:20 -0500] "HEAD / HTTP/1.1" 200 -
66.249.66.11 - - [27/Jun/2024:13:43:30 -0500] "GET /BLA/resoluciones/AUTOS%202023/05028.pdf HTTP/1.1" 200 663285
66.249.66.12 - - [27/Jun/2024:13:43:47 -0500] "GET /BLA/resoluciones/RESOLUCIONES%202024/00492.pdf HTTP/1.1" 200 309962
52.22.236.30 - - [27/Jun/2024:13:44:04 -0500] "HEAD / HTTP/1.1" 200 -
201.245.192.253 - - [27/Jun/2024:13:44:07 -0500] "GET /kwsrmcab/Wsrmcab?wsdl HTTP/1.1" 200 6948
172.22.2.4 - - [27/Jun/2024:13:43:04 -0500] "GET /BLA/boletinlegal/index.php HTTP/1.1" 200 61446
201.245.192.253 - - [27/Jun/2024:13:45:07 -0500] "GET /kwsrmcab/Wsrmcab?wsdl HTTP/1.1" 200 6948
66.249.66.11 - - [27/Jun/2024:13:45:08 -0500] "GET /BLA/resoluciones/AUTOS%202023/06444.pdf HTTP/1.1" 200 662745
201.245.192.253 - - [27/Jun/2024:13:45:14 -0500] "POST /forms/lservlet;jsessionid=ac16012b30d6716d42d0eef24d9cbe79d3fe11a80187.e3iSbxaKaheRe34OahmPbx4Oa3z0n6jAmljGr5XDqQLvpAe HTTP/1.1" 200 2
66.249.66.12 - - [27/Jun/2024:13:45:29 -0500] "GET /BLA/resoluciones/AUTOS%202009/0613.pdf HTTP/1.1" 200 121889
201.245.192.253 - - [27/Jun/2024:13:46:07 -0500] "GET /kwsrmcab/Wsrmcab?wsdl HTTP/1.1" 200 6948
172.22.2.4 - - [27/Jun/2024:13:44:37 -0500] "HEAD /BLA/boletinlegal/ HTTP/1.1" 200 -
216.244.66.195 - - [27/Jun/2024:13:46:19 -0500] "GET /robots.txt HTTP/1.1" 404 1018
66.249.66.11 - - [27/Jun/2024:13:46:30 -0500] "GET /BLA/resoluciones/index.php?dir=RESOLUCIONES%202018/&sort=date&order=asc HTTP/1.1" 200 288221
66.249.66.11 - - [27/Jun/2024:13:46:50 -0500] "GET /BLA/resoluciones/AUTOS%202023/10725.pdf HTTP/1.1" 200 1346156
66.220.149.114 - - [27/Jun/2024:13:47:06 -0500] "GET /con-actividade HTTP/1.1" 404 1034
66.220.149.27 - - [27/Jun/2024:13:47:06 -0500] "GET /con-actividade HTTP/1.1" 404 1034
201.245.192.253 - - [27/Jun/2024:13:47:07 -0500] "GET /kwsrmcab/Wsrmcab?wsdl HTTP/1.1" 200 6948
66.220.149.113 - - [27/Jun/2024:13:47:07 -0500] "GET /con-actividade HTTP/1.1" 404 1034
66.220.149.19 - - [27/Jun/2024:13:47:07 -0500] "GET /con-actividade HTTP/1.1" 404 1034
172.22.2.4 - - [27/Jun/2024:13:45:27 -0500] "GET /BLA/boletinlegal/ HTTP/1.1" 200 58273
201.245.192.253 - - [27/Jun/2024:13:47:14 -0500] "POST /forms/lservlet;jsessionid=ac16012b30d6716d42d0eef24d9cbe79d3fe11a80187.e3iSbxaKaheRe34OahmPbx4Oa3z0n6jAmljGr5XDqQLvpAe HTTP/1.1" 200 2
186.31.153.31 - - [27/Jun/2024:13:47:26 -0500] "GET /sipse/faces/presentacion/financiero/solicitudProceso/consultarSolicitudProceso.xhtml HTTP/1.1" 302 -
186.31.153.31 - - [27/Jun/2024:13:47:27 -0500] "GET /sipse/faces/autenticacion.xhtml HTTP/1.1" 200 12402
186.31.153.31 - - [27/Jun/2024:13:47:28 -0500] "GET /sipse/css/custom_css_sg_prime_login.css HTTP/1.1" 304 -
186.31.153.31 - - [27/Jun/2024:13:47:28 -0500] "GET /sipse/js/funciones.js HTTP/1.1" 304 -
186.31.153.31 - - [27/Jun/2024:13:47:28 -0500] "GET /sipse/faces/javax.faces.resource/theme.css?ln=primefaces-sipse HTTP/1.1" 304 -
186.31.153.31 - - [27/Jun/2024:13:47:28 -0500] "GET /sipse/css/custom_css_sg.css HTTP/1.1" 304 -
186.31.153.31 - - [27/Jun/2024:13:47:28 -0500] "GET /sipse/faces/javax.faces.resource/primefaces.css?ln=primefaces&v=4.0 HTTP/1.1" 304 -
186.31.153.31 - - [27/Jun/2024:13:47:28 -0500] "GET /sipse/js/disable_browser_buttons.js HTTP/1.1" 304 -
186.31.153.31 - - [27/Jun/2024:13:47:28 -0500] "GET /sipse/faces/javax.faces.resource/jquery/jquery.js?ln=primefaces&v=4.0 HTTP/1.1" 304 -
186.31.153.31 - - [27/Jun/2024:13:47:28 -0500] "GET /sipse/faces/javax.faces.resource/layout/layout.css?ln=primefaces&v=4.0 HTTP/1.1" 304 -
186.31.153.31 - - [27/Jun/2024:13:47:28 -0500] "GET /sipse/faces/javax.faces.resource/layout/layout.js?ln=primefaces&v=4.0 HTTP/1.1" 304 -
186.31.153.31 - - [27/Jun/2024:13:47:28 -0500] "GET /sipse/faces/javax.faces.resource/jquery/jquery-plugins.js?ln=primefaces&v=4.0 HTTP/1.1" 304 -
186.31.153.31 - - [27/Jun/2024:13:47:28 -0500] "GET /sipse/faces/javax.faces.resource/primefaces.js?ln=primefaces&v=4.0 HTTP/1.1" 304 -
186.31.153.31 - - [27/Jun/2024:13:47:28 -0500] "GET /sipse/css/imagen/loginimg.png HTTP/1.1" 304 -
186.31.153.31 - - [27/Jun/2024:13:47:28 -0500] "GET /sipse/css/imagen/logoSDG.png HTTP/1.1" 304 -
186.31.153.31 - - [27/Jun/2024:13:47:28 -0500] "GET /sipse/faces/javax.faces.resource/images/ui-icons_898989_256x240.png?ln=primefaces-aristo HTTP/1.1" 304 -
186.31.153.31 - - [27/Jun/2024:13:47:29 -0500] "GET /sipse/faces/index.xhtml HTTP/1.1" 200 677
186.31.153.31 - - [27/Jun/2024:13:47:29 -0500] "GET /sipse/faces/javax.faces.resource/theme.css?ln=primefaces-sipse HTTP/1.1" 304 -
186.31.153.31 - - [27/Jun/2024:13:47:29 -0500] "GET /sipse/faces/faces/autenticacion.xhtml HTTP/1.1" 200 12402
186.31.153.31 - - [27/Jun/2024:13:47:29 -0500] "GET /sipse/faces/javax.faces.resource/jquery/jquery.js?ln=primefaces&v=4.0 HTTP/1.1" 304 -
186.31.153.31 - - [27/Jun/2024:13:47:29 -0500] "GET /sipse/faces/javax.faces.resource/theme.css?ln=primefaces-sipse HTTP/1.1" 304 -
186.31.153.31 - - [27/Jun/2024:13:47:29 -0500] "GET /sipse/faces/javax.faces.resource/layout/layout.js?ln=primefaces&v=4.0 HTTP/1.1" 304 -
186.31.153.31 - - [27/Jun/2024:13:47:29 -0500] "GET /sipse/faces/javax.faces.resource/primefaces.js?ln=primefaces&v=4.0 HTTP/1.1" 304 -
186.31.153.31 - - [27/Jun/2024:13:47:29 -0500] "GET /sipse/faces/javax.faces.resource/primefaces.css?ln=primefaces&v=4.0 HTTP/1.1" 304 -
186.31.153.31 - - [27/Jun/2024:13:47:29 -0500] "GET /sipse/faces/javax.faces.resource/layout/layout.css?ln=primefaces&v=4.0 HTTP/1.1" 304 -
186.31.153.31 - - [27/Jun/2024:13:47:29 -0500] "GET /sipse/faces/javax.faces.resource/jquery/jquery-plugins.js?ln=primefaces&v=4.0 HTTP/1.1" 304 -
186.31.153.31 - - [27/Jun/2024:13:47:29 -0500] "GET /sipse/faces/javax.faces.resource/images/ui-icons_898989_256x240.png?ln=primefaces-aristo HTTP/1.1" 304 -
66.249.66.13 - - [27/Jun/2024:13:47:30 -0500] "GET /BLA/resoluciones/index.php?dir=RESOLUCIONES%202018/&sort=size&order=asc HTTP/1.1" 200 288221
66.249.66.11 - - [27/Jun/2024:13:47:31 -0500] "GET /BLA/resoluciones/RESOLUCIONES%202018/4275.pdf HTTP/1.1" 200 703231
201.245.192.253 - - [27/Jun/2024:13:47:31 -0500] "POST /kwsrmcab/Wsrmcab  HTTP/1.1" 200 213
186.31.153.31 - - [27/Jun/2024:13:47:37 -0500] "POST /sipse/faces/autenticacion.xhtml HTTP/1.1" 200 2213
186.31.153.31 - - [27/Jun/2024:13:47:37 -0500] "GET /sipse/faces/javax.faces.resource/messages/messages.png?ln=primefaces&v=4.0 HTTP/1.1" 200 27209
186.31.153.31 - - [27/Jun/2024:13:47:38 -0500] "POST /sipse/faces/autenticacion.xhtml HTTP/1.1" 200 2217
186.31.153.31 - - [27/Jun/2024:13:47:41 -0500] "POST /sipse/faces/autenticacion.xhtml HTTP/1.1" 200 2221
186.31.153.31 - - [27/Jun/2024:13:47:42 -0500] "POST /sipse/faces/autenticacion.xhtml HTTP/1.1" 200 2221
186.31.153.31 - - [27/Jun/2024:13:47:45 -0500] "GET /sipse/faces/javax.faces.resource/images/ui-icons_898989_256x240.png?ln=primefaces-aristo HTTP/1.1" 304 -
186.31.153.31 - - [27/Jun/2024:13:47:45 -0500] "POST /sipse/faces/autenticacion.xhtml HTTP/1.1" 200 16455
186.31.153.31 - - [27/Jun/2024:13:47:46 -0500] "GET /sipse/css/custom_css_sg_prime.css HTTP/1.1" 200 5201
186.31.153.31 - - [27/Jun/2024:13:47:46 -0500] "GET /sipse/faces/javax.faces.resource/primefaces.css?ln=primefaces&v=4.0 HTTP/1.1" 304 -
186.31.153.31 - - [27/Jun/2024:13:47:46 -0500] "GET /sipse/faces/javax.faces.resource/layout/layout.css?ln=primefaces&v=4.0 HTTP/1.1" 304 -
186.31.153.31 - - [27/Jun/2024:13:47:46 -0500] "GET /sipse/faces/javax.faces.resource/theme.css?ln=primefaces-sipse HTTP/1.1" 304 -
186.31.153.31 - - [27/Jun/2024:13:47:46 -0500] "GET /sipse/js/jquery.min.js HTTP/1.1" 200 85582
186.31.153.31 - - [27/Jun/2024:13:47:46 -0500] "GET /sipse/faces/javax.faces.resource/jquery/jquery.js?ln=primefaces&v=4.0 HTTP/1.1" 304 -
186.31.153.31 - - [27/Jun/2024:13:47:46 -0500] "GET /sipse/faces/javax.faces.resource/jquery/jquery-plugins.js?ln=primefaces&v=4.0 HTTP/1.1" 304 -
186.31.153.31 - - [27/Jun/2024:13:47:46 -0500] "GET /sipse/faces/javax.faces.resource/primefaces.js?ln=primefaces&v=4.0 HTTP/1.1" 304 -
186.31.153.31 - - [27/Jun/2024:13:47:46 -0500] "GET /sipse/faces/javax.faces.resource/layout/layout.js?ln=primefaces&v=4.0 HTTP/1.1" 304 -
186.31.153.31 - - [27/Jun/2024:13:47:46 -0500] "GET /sipse/css/v_mergente.css HTTP/1.1" 200 1505
186.31.153.31 - - [27/Jun/2024:13:47:46 -0500] "GET /sipse/css/imagen/contrasena.png HTTP/1.1" 404 383
186.31.153.31 - - [27/Jun/2024:13:47:46 -0500] "GET /sipse/imagenes/cargando.gif HTTP/1.1" 200 36959
186.31.153.31 - - [27/Jun/2024:13:47:46 -0500] "GET /sipse/faces/javax.faces.resource/images/ui-icons_898989_256x240.png?ln=primefaces-aristo HTTP/1.1" 304 -
186.31.153.31 - - [27/Jun/2024:13:47:46 -0500] "GET /sipse/imagenes/logoAplicacion.jpg HTTP/1.1" 200 155084
186.31.153.31 - - [27/Jun/2024:13:47:57 -0500] "GET /sipse/faces/javax.faces.resource/images/ui-bg_flat_0_2d5972_40x100.png?ln=primefaces-aristo HTTP/1.1" 200 183
186.31.153.31 - - [27/Jun/2024:13:47:57 -0500] "POST /sipse/faces/bienvenido.xhtml HTTP/1.1" 200 2073
186.31.153.31 - - [27/Jun/2024:13:47:58 -0500] "POST /sipse/faces/bienvenido.xhtml HTTP/1.1" 200 39082
186.31.153.31 - - [27/Jun/2024:13:47:58 -0500] "GET /sipse/faces/javax.faces.resource/layout/layout.css?ln=primefaces&v=4.0 HTTP/1.1" 304 -
186.31.153.31 - - [27/Jun/2024:13:47:58 -0500] "GET /sipse/faces/javax.faces.resource/primefaces.css?ln=primefaces&v=4.0 HTTP/1.1" 304 -
186.31.153.31 - - [27/Jun/2024:13:47:58 -0500] "GET /sipse/faces/javax.faces.resource/theme.css?ln=primefaces-sipse HTTP/1.1" 304 -
186.31.153.31 - - [27/Jun/2024:13:47:58 -0500] "GET /sipse/faces/javax.faces.resource/jquery/jquery.js?ln=primefaces&v=4.0 HTTP/1.1" 304 -
186.31.153.31 - - [27/Jun/2024:13:47:58 -0500] "GET /sipse/faces/javax.faces.resource/jquery/jquery-plugins.js?ln=primefaces&v=4.0 HTTP/1.1" 304 -
186.31.153.31 - - [27/Jun/2024:13:47:58 -0500] "GET /sipse/faces/javax.faces.resource/primefaces.js?ln=primefaces&v=4.0 HTTP/1.1" 304 -
186.31.153.31 - - [27/Jun/2024:13:47:58 -0500] "GET /sipse/faces/javax.faces.resource/layout/layout.js?ln=primefaces&v=4.0 HTTP/1.1" 304 -
201.244.196.1 - - [27/Jun/2024:13:48:02 -0500] "GET /kwssiamovil/sm/ldap/au?x=U2FsdGVkX19ZWv9Bnb/7LvQQRABmq+nFnlYZ6fbtiBAN5uArmawd6vnUJXfBAlio&y=U2FsdGVkX19m+qJBIf7uRek7iSaVMKr7M84JWvD8lU8= HTTP/1.1" 200 30
201.244.196.1 - - [27/Jun/2024:13:48:02 -0500] "GET /kwssiamovil/sm/acme/s?s=U2FsdGVkX1+xE3r2zSiM4vqPUB++dOSwzzOJF4tlTPXv5165seZzFjrLMU1p4t1pmr1YkBbSb4GUV0S0GRXQZvuJjAy6rIarRtQ4lOkIIz8=&u=U2FsdGVkX1/hx2+PS1/cSnSLn0zydyyGwI6435REZPs=&y=U2FsdGVkX19m+qJBIf7uRek7iSaVMKr7M84JWvD8lU8= HTTP/1.1" 200 70
201.244.196.1 - - [27/Jun/2024:13:48:02 -0500] "GET /kwssiamovil/sm/acme/s?s=U2FsdGVkX1/48VPqXjFAj47kVx9fSpGtR1chKuIrP2QdzlLNa+hFtlyB7vpsYcbdUkRY9bCTMl466+Z89wjpwnQ3vHz/yBqUmHxHD1JBvR+VPpIuMiNUJuo+eJzdp+XgFaEiztngLF2DoGXASdKjJyFQzXbzHoXzkWz5AVNbI0OaCeus0Dc9ck4hkaTa6IyXFuDzi12R61UwA32P/A2OGVPlFi8eb+QAUf2JI76TXf2jmYWTaZkDSC9OQd5Sikb9ZX8rli7yPgJkCN3kBIKL/MLmE/zCv2rPBX7N5qm+CKFepB4RFQgxIG0qQOczwzLCT7nv2keG/r5eNetZnrhVzMNvnwkZtRCvfn0RO2UbkbjaFujqyN/Z6P8aTNMz5Qn/votcbdlat02L0F23Ps5nm0dYzRnMhX9UILEmz1UdGi0dnRRQ7s1SdMKzII2XebvwJpZv/yD/pR0zTxIr4PQVACOxb2iPlpSA4CEMqe7lhJmP5c2LhrRt211+jgrfl3wl1iz8pLgv3H4ryg8Gf+Z6mNLw4oym9xswFQwOVW+aBNcZ7jJbgnUbC6KRudLsKkKHMY2lLmfCbIWyAUtdaLCRMnzV7k/X1rKx10pHsosWQdMMaWYwQjiCY4dqyc728AseJukSLYJcYif1KuQkL0pWhhUH7MZ11OHx8sY16Zn5lHBF37Szl2RWtM5l2nLc6mDh4reg7maIyi7dwgJQ/7/k6DHsBJb8Sj2PHGRf7u3qsxHlwCeZDMMMfjajaav1CyFoXnx6s44IwAJLwYvHvKCDji4dFk2Ky/36r3wB22yhZDl1ixr1UK6NLG1/e1xhs+Ofw+ehske8XUPJ8WKGcPQ+WsxSX1a+tG3vPM3MRyAkfOwRVh6zgD8nwdSqjs1ZUly7TxpzdJOyVWXCkY1td4N548Yik+EL6b/jgXhn/UCh4sS7JB8UEsCc5ADV7hWwUMZiclwAA6fuP73bYsJI1Xsfga4zxRTtG60A2Hrrjw4Q5n/T9lvqtOz7+pG79MXle4rWLHiBj0LEecH+PfDCMch8VxLrJ3N0IanBPLctsNTXJoJhJlJWaEV6jvIzKMNPCnsf+RLh3aEAulg57tuI1wqBDRYXnCiffzIP8makp+c/c3oZjHiPybb2kBhCEOgBYHc70YWXlIpeggx7ZyBf1DBJzjAqmB/fFaYQMCuXVPkf76TYTGHHltVCuwXC/ens72b+KAjC6ciqOB1ZnJRSXOAFBzTMVKcHbjB0J5BMeiVXUPy+2GfQjZfeJypQrBN/fj/a4GI43oArZEGRgR1TA0V/BNNPtTSTvszCJcqS8o2/sjaLHnxqxoAIaof0pyP5i4x882MOFc0CT0Z/tv0QwfHujofZTw6Dosq6y83XXFE1+NKuFfuUhOFZZqt6a6q+wCsMO1tE+gxKL2Vsr1Y1Ax3J9YCFS0W4mCXwuMLvCbStskKFajlDmBW6WspstIFbPeC9mSyplYdcIwPqrrUenz0ZtosZXwa/WToLi8HluX1VZ1li9AIWqEwCwsAnKvMVNtYqtAzIu5OrMhKhy+Uu9QBw7KoKn+WvjlFL0ixR9N/rdcwwAWmNyi6xclwRC86ZpLhSl8tk0uIYUvzQLRrmk/0NtEdn7mAIrHRGVxJeiAtA4pEW7GYRswUCwkMucjRVvvqgYTIjSlJoV076nde7FmgqM48Hf82nWC6OITjKKU+ZUdmLvwpVm+wzSwAXEVjv8nHhDabbc3mfhJ23FomdePq6gu2ZvaHB6YA+SIAqQLoGz0o=&u=U2FsdGVkX1/hx2+PS1/cSnSLn0zydyyGwI6435REZPs=&y=U2FsdGVkX19m+qJBIf7uRek7iSaVMKr7M84JWvD8lU8= HTTP/1.1" 200 3091
201.244.196.1 - - [27/Jun/2024:13:48:03 -0500] "GET /kwssiamovil/sm/acme/s?s=U2FsdGVkX1+No09gdz8rsTZGP04/UsxOWgolql4yq8s0e66wvkfQRJ4qIodVlgLIMh+RkazWxCoeObMgz1V3sOtx9dZD1eBsB+ny3bShRAmECr245DyhmVwHjPfraRl7p3DHEhXlSpQohOLCEZIMYMPzziUc80Wmsryw27p2Lahh4LwfluWCUOkvRrt5M691EOV5F5TUDuQq/5CvkKmgrn/YgwsgW7BwNPM8+ohhStGb3WwS4ZkGzCqt7mma1to3joJY7LjZZBtersTu6/4uOmV7oBIVizCzVhY2+bCbS3w+kn+MOYioKLPbUjc6yLLQyQ+hOgPHpuiiyubzViqJUttMk3S9FuLk30SGCzIJbYHhqnchK/lnDoQC2EmS8gof8xD1MbY7bJ4T5j4Z1wAeaP806hfigGed6/U4uQAMMO1+ZhGcUlRCec43+Bl55MJGVyiTLPPWIbxaa2VUyFIQWOruNjZf3N3qnFtx2tgy6WPJaq0IICvivjIOZibeHMrO3H0Cln8WfLwH7yTu6v0k25/l4/aWZQz0/x53XtPqto9t4FDcPfYTMhbpy4vTc5sW2VUTZF6XDF9fWgN6mkRKJ/0jNuIxkj7aRnWLBk1C3WeKZf/wA0EZP86UdL/LJoHCkGC+VtanNHWfVJQyvWIM+3mkbBc0IEhZR+3KJNBmjESENZogUfyzk8vJa6y/UrJXyMjD84b3XFkGO9GzR7JV01AG8x6vumxFkeBME1l1P3Fr3m5R7OQNDn/eZci8R83w&u=U2FsdGVkX1/hx2+PS1/cSnSLn0zydyyGwI6435REZPs=&y=U2FsdGVkX19m+qJBIf7uRek7iSaVMKr7M84JWvD8lU8= HTTP/1.1" 200 208
201.244.196.1 - - [27/Jun/2024:13:48:03 -0500] "GET /kwssiamovil/sm/cjson/pre?f=1&x=U2FsdGVkX19ZWv9Bnb/7LvQQRABmq+nFnlYZ6fbtiBAN5uArmawd6vnUJXfBAlio HTTP/1.1" 200 30244
201.245.192.253 - - [27/Jun/2024:13:48:07 -0500] "GET /kwsrmcab/Wsrmcab?wsdl HTTP/1.1" 200 6948
216.245.221.92 - - [27/Jun/2024:13:48:20 -0500] "HEAD / HTTP/1.1" 200 -
186.31.153.31 - - [27/Jun/2024:13:48:28 -0500] "POST /sipse/faces/presentacion/financiero/solicitudProceso/consultar.xhtml HTTP/1.1" 302 -
186.31.153.31 - - [27/Jun/2024:13:48:29 -0500] "GET /sipse/faces/autenticacion.xhtml HTTP/1.1" 200 1099
186.31.153.31 - - [27/Jun/2024:13:48:29 -0500] "POST /sipse/faces/presentacion/financiero/solicitudProceso/consultar.xhtml HTTP/1.1" 302 -
186.31.153.31 - - [27/Jun/2024:13:48:29 -0500] "GET /sipse/faces/autenticacion.xhtml HTTP/1.1" 200 1099
186.31.153.31 - - [27/Jun/2024:13:48:33 -0500] "POST /sipse/faces/presentacion/financiero/solicitudProceso/consultar.xhtml HTTP/1.1" 302 -
186.31.153.31 - - [27/Jun/2024:13:48:33 -0500] "GET /sipse/faces/autenticacion.xhtml HTTP/1.1" 200 1099
66.249.66.11 - - [27/Jun/2024:13:48:34 -0500] "GET /BLA/resoluciones/AUTOS%202023/11247.pdf HTTP/1.1" 200 656601
186.31.153.31 - - [27/Jun/2024:13:48:38 -0500] "POST /sipse/faces/presentacion/financiero/solicitudProceso/consultar.xhtml HTTP/1.1" 302 -
186.31.153.31 - - [27/Jun/2024:13:48:38 -0500] "GET /sipse/faces/autenticacion.xhtml HTTP/1.1" 200 1099
186.31.153.31 - - [27/Jun/2024:13:48:43 -0500] "GET /sipse/faces/faces/autenticacion.xhtml HTTP/1.1" 200 12408
201.245.192.253 - - [27/Jun/2024:13:49:07 -0500] "GET /kwsrmcab/Wsrmcab?wsdl HTTP/1.1" 200 6948
201.245.192.253 - - [27/Jun/2024:13:49:14 -0500] "POST /forms/lservlet;jsessionid=ac16012b30d6716d42d0eef24d9cbe79d3fe11a80187.e3iSbxaKaheRe34OahmPbx4Oa3z0n6jAmljGr5XDqQLvpAe HTTP/1.1" 200 2
34.198.201.66 - - [27/Jun/2024:13:49:21 -0500] "HEAD / HTTP/1.1" 200 -
66.249.66.11 - - [27/Jun/2024:13:49:32 -0500] "GET /BLA/resoluciones/RESOLUCIONES%202018/1929.PDF HTTP/1.1" 200 9130816
66.249.66.13 - - [27/Jun/2024:13:49:35 -0500] "GET /BLA/resoluciones/AUTOS%202023/1029.pdf HTTP/1.1" 200 409150
201.245.192.253 - - [27/Jun/2024:13:50:07 -0500] "GET /kwsrmcab/Wsrmcab?wsdl HTTP/1.1" 200 6948
66.249.69.15 - - [27/Jun/2024:13:50:15 -0500] "GET /BLA/resoluciones/AUTOS%202023/11273.pdf HTTP/1.1" 200 537707
201.245.192.253 - - [27/Jun/2024:13:51:07 -0500] "GET /kwsrmcab/Wsrmcab?wsdl HTTP/1.1" 200 6948
201.245.192.253 - - [27/Jun/2024:13:51:14 -0500] "POST /forms/lservlet;jsessionid=ac16012b30d6716d42d0eef24d9cbe79d3fe11a80187.e3iSbxaKaheRe34OahmPbx4Oa3z0n6jAmljGr5XDqQLvpAe HTTP/1.1" 200 2
172.22.2.4 - - [27/Jun/2024:13:51:26 -0500] "GET /BLA/boletinlegal/jurisprudencia/analisis/AnalisisC-746-12.docx HTTP/1.1" 304 -
66.249.66.11 - - [27/Jun/2024:13:51:36 -0500] "GET /BLA/resoluciones/RESOLUCIONES%202024/00765.pdf HTTP/1.1" 200 493429
201.244.196.1 - - [27/Jun/2024:13:51:42 -0500] "GET /kwssiamovil/sm/acme/a?s=U2FsdGVkX18ruFW4OmfEwHpAzXDu4ISHb9TuFSCThPLregB5qRnVz3Fpt9yond4zbgDvKx02DcsRoPQdR2w6xTU82sMjRFD8nzrjjpqbYReNEvcv+YuEIngZmSqBl9PSD4RwMYNXNnFPw6rXp4IGLq5aCmiZ8WBNdP70UVl4/+5RbF/WvPrXKdxT0qV4hEsZusEZaseP8b4ortJCVzZJgQRm0VPTwU2T7vUdbnrwXI4VLHQiyFTepHcaqRJ3FWYjR62ZCYcz6FFW6686Xnbo2A==&u=U2FsdGVkX1/hx2+PS1/cSnSLn0zydyyGwI6435REZPs=&y=U2FsdGVkX19m+qJBIf7uRek7iSaVMKr7M84JWvD8lU8= HTTP/1.1" 200 26
201.244.196.1 - - [27/Jun/2024:13:51:43 -0500] "GET /kwssiamovil/sm/acme/a?s=U2FsdGVkX19ItAmBXiiylsx/VDNc7pXGPWbK6i3kVel1pNCSqw08mF0xmoMVq1SB4RyBfws9Jpw+7C0p4qNARq3yeOsMQm+itMyCPX657uMOz3ph/sFWF51yVI0J91LTktUUrWaf2c8ICwGZSJpjuNjVCMfq2P67Oi2lNPuTpX1otBSERHGQP4SxDTOKB+vyROW/Jxo9U/Of5Y5WpPH+8bnUPchfdZnaMLtSVt6/FrNjyFBdyvNGSaozfh5kow5+qZ2j9rjV8lQcpq2aCkwSy2ilkb1qFiHPYgkbfNXfO9k80+BcAQfWuSq6vhhnJofg6ZKy4q5UVpuFRwXxoOoQ4PHJBNkUE7TPwsESROpZBI8x55pDvgUaciKaN9l+ntr46JBpGqCptn8bDY+8aSeEuIC8pLWg/zRlp+G0DxkF8OSp3MfeWIPc95Hutp48wU3A4G1ZhWO4+olvg+U45LGzy+stA3GDcb/1JLN4WbUvU1r9K6/Ep472x0V3RYdkasdJ84qAy0HAiMjt/j0lCCP4nlljapZnZVUBqSJ6b1aRgsp1KrSkXYogl3hzydCzRnpHZqd+bxSEEU7oSUWJIEjecjYEE8IYFRMcYAgZ82EMB1Rx2uiePc5FmRu/05fPqZa4p+aDydeOYawxIt9MD3Tee9TBKvKG+h46w0lzT5X5TuU8Pf/ELcyTkPPQVw6waq6pEZRtdGLKSP8CeR+FD0mZ6jceCdBVELO3XLIM74K8e9dHDFIqE4clH/5twNSNfKugAcDjOw9+H61Re/wSeD1qWTNZcLhr5sBQ3aObR5cv7GBnVd0mfADFMDI834wSL/8z/H3A3CGTr/Ct5CungRXa9oCstbxvsSunGGQqBRbJXxULugUWWpbwCnOScBIjrAA5g/liHDXoxH1RizcLZMy7amZXr3lq6NaajdJ2rpnHbyvjI1oVzdHvEzhq727ZNc3LvmRVju+f333OXZ1RveN7+3VRfJP2ZpLGdpHe3vFRUN7t+x7OzMtbDgNqVEXj51bCH2lX2wKeoBYCnjl1wz7ZQpHFXons5SSxl4MxWbEdsKX3sW1ZKaX98bJNUpPJXMeCQ0weNqDSuRKizXareTGb6YCiezwX9ouJhycM3RtA+lT0XxRrjaY6Lo/OmTHJgVamJQlHV7ETD0rSIA3Gpyo38M8RXXHJtkdI//t9xi+GjznK3bq7QN6nTZifCUXm2mouaPTrVs7CpVxobIFmNP3Y9Ncq1SgvbwiTFPUdkDJ91u1wcwztGk+SmvJ68/BucYFTx7FwuPIACdjRm/3x2dKOvg==&u=U2FsdGVkX1/hx2+PS1/cSnSLn0zydyyGwI6435REZPs=&y=U2FsdGVkX19m+qJBIf7uRek7iSaVMKr7M84JWvD8lU8= HTTP/1.1" 200 26
201.244.196.1 - - [27/Jun/2024:13:51:43 -0500] "GET /kwssiamovil/sm/acme/a?s=U2FsdGVkX1/afDfTqeqDSFte2KS7TxdWxUjsvD7d5aJQJ297bibkY6ms72VWvCTKJQw6ZH/xKzrWxHeHgM8V5pRb15lkzaH/7UMfb/MInQg0/EvCWlyaKwfKBTE3HVNTl8NrIKWgxqLtLj31jz0dUH1FQyYKWmmMotMYm65s11Y=&u=U2FsdGVkX1/hx2+PS1/cSnSLn0zydyyGwI6435REZPs=&y=U2FsdGVkX19m+qJBIf7uRek7iSaVMKr7M84JWvD8lU8= HTTP/1.1" 200 26
201.244.196.1 - - [27/Jun/2024:13:51:43 -0500] "GET /kwssiamovil/sm/acme/a?s=U2FsdGVkX19aAWfm7w9e2ZQZVEj27hViwJOeDu5otILC/wr289kTVy8nUyOHi4khGhFS3xMYJvkfV3wjD51T+YwyVu5CXOMF6J0hqYJbLcZ1Xy25czx3ynE48XFYPss08OWZR//9GXGRukbkUNcFBg9dRtcFpK1aa+McMkFBqxU=&u=U2FsdGVkX1/hx2+PS1/cSnSLn0zydyyGwI6435REZPs=&y=U2FsdGVkX19m+qJBIf7uRek7iSaVMKr7M84JWvD8lU8= HTTP/1.1" 200 26
201.244.196.1 - - [27/Jun/2024:13:51:44 -0500] "GET /kwssiamovil/sm/acme/a?s=U2FsdGVkX1+z4HiLxduBtE8LcBtAgG4Er+ibqSZDnOaqVcwv3xxHTqSRQZ9VDrASJhYRKCQBb6mh9WAaLE5D0OSaXhDcx9GG84ytyruUL+pNi33A5fxkqnA78bbzBtaLwVvoiOYGGWZWWm87EPEDtnc4NUuASfXv0VGAE8pjGSo=&u=U2FsdGVkX1/hx2+PS1/cSnSLn0zydyyGwI6435REZPs=&y=U2FsdGVkX19m+qJBIf7uRek7iSaVMKr7M84JWvD8lU8= HTTP/1.1" 200 26
201.244.196.1 - - [27/Jun/2024:13:51:44 -0500] "GET /kwssiamovil/sm/acme/a?s=U2FsdGVkX19Cv2eVOPRMLvVkLP0KiLDBoMDMl71wAY2erNzoHmEAil43tQo0f8QUf+l9gAJEgja7FdAhwZeZfckc4zKVmfNIDvzmFrxF1bDcTi1q9+TyYkviK8NATtlc/la8GuoitCbErF2m0u5gJ9iKvHMccnlBn77KC2FdwqRdvDi6IhHlIgjeFzmEkVb7&u=U2FsdGVkX1/hx2+PS1/cSnSLn0zydyyGwI6435REZPs=&y=U2FsdGVkX19m+qJBIf7uRek7iSaVMKr7M84JWvD8lU8= HTTP/1.1" 200 26
66.249.66.11 - - [27/Jun/2024:13:51:56 -0500] "GET /BLA/resoluciones/AUTOS%202023/10977.pdf HTTP/1.1" 200 395035
172.22.2.4 - - [27/Jun/2024:13:50:26 -0500] "HEAD /BLA/boletinlegal/ HTTP/1.1" 200 -
201.245.192.253 - - [27/Jun/2024:13:52:07 -0500] "GET /kwsrmcab/Wsrmcab?wsdl HTTP/1.1" 200 6948
201.245.192.253 - - [27/Jun/2024:13:52:30 -0500] "POST /kwsrmcab/Wsrmcab  HTTP/1.1" 200 213
172.22.2.4 - - [27/Jun/2024:13:51:17 -0500] "GET /BLA/boletinlegal/ HTTP/1.1" 200 58273
157.55.39.54 - - [27/Jun/2024:13:52:59 -0500] "GET /BLA/resoluciones/AUTOS%202014/3107.pdf HTTP/1.1" 200 504747
173.252.95.112 - - [27/Jun/2024:13:53:04 -0500] "GET /bogota-destino-elegido-por-la-universidad-ana-g-mendez-de-puerto-rico-para-explorar-su-riqueza-natural-y-procesos-comunitarios.html HTTP/1.1" 200 1196
201.245.192.253 - - [27/Jun/2024:13:53:07 -0500] "GET /kwsrmcab/Wsrmcab?wsdl HTTP/1.1" 200 6948
201.245.192.253 - - [27/Jun/2024:13:53:14 -0500] "POST /forms/lservlet;jsessionid=ac16012b30d6716d42d0eef24d9cbe79d3fe11a80187.e3iSbxaKaheRe34OahmPbx4Oa3z0n6jAmljGr5XDqQLvpAe HTTP/1.1" 200 2
216.245.221.92 - - [27/Jun/2024:13:53:20 -0500] "HEAD / HTTP/1.1" 200 -
66.249.66.11 - - [27/Jun/2024:13:53:36 -0500] "GET /BLA/resoluciones/RESOLUCIONES%202024/00013.pdf HTTP/1.1" 200 512542
66.249.66.12 - - [27/Jun/2024:13:53:39 -0500] "GET /BLA/resoluciones/AUTOS%202023/06747.pdf HTTP/1.1" 200 399717
52.167.144.145 - - [27/Jun/2024:13:54:05 -0500] "GET /BLA/resoluciones/AUTOS%202014/0100.pdf HTTP/1.1" 200 873178
201.245.192.253 - - [27/Jun/2024:13:54:07 -0500] "GET /kwsrmcab/Wsrmcab?wsdl HTTP/1.1" 200 6948
3.212.128.62 - - [27/Jun/2024:13:54:26 -0500] "HEAD / HTTP/1.1" 200 -
201.245.192.253 - - [27/Jun/2024:13:55:07 -0500] "GET /kwsrmcab/Wsrmcab?wsdl HTTP/1.1" 200 6948
191.104.138.231 - - [27/Jun/2024:13:55:08 -0500] "POST /sipse/faces/presentacion/financiero/solicitudProceso/consultarSolicitudProceso.xhtml HTTP/1.1" 200 36310
191.104.138.231 - - [27/Jun/2024:13:55:09 -0500] "GET /sipse/faces/javax.faces.resource/theme.css?ln=primefaces-sipse HTTP/1.1" 304 -
191.104.138.231 - - [27/Jun/2024:13:55:09 -0500] "GET /sipse/faces/javax.faces.resource/jquery/jquery.js?ln=primefaces&v=4.0 HTTP/1.1" 304 -
191.104.138.231 - - [27/Jun/2024:13:55:09 -0500] "GET /sipse/faces/javax.faces.resource/jquery/jquery-plugins.js?ln=primefaces&v=4.0 HTTP/1.1" 304 -
191.104.138.231 - - [27/Jun/2024:13:55:09 -0500] "GET /sipse/faces/javax.faces.resource/primefaces.js?ln=primefaces&v=4.0 HTTP/1.1" 304 -
191.104.138.231 - - [27/Jun/2024:13:55:09 -0500] "GET /sipse/faces/javax.faces.resource/layout/layout.js?ln=primefaces&v=4.0 HTTP/1.1" 304 -
191.104.138.231 - - [27/Jun/2024:13:55:09 -0500] "GET /sipse/css/imagen/contrasena.png HTTP/1.1" 404 383
191.104.138.231 - - [27/Jun/2024:13:55:09 -0500] "GET /sipse/faces/javax.faces.resource/primefaces.css?ln=primefaces&v=4.0 HTTP/1.1" 304 -
191.104.138.231 - - [27/Jun/2024:13:55:09 -0500] "GET /sipse/faces/javax.faces.resource/layout/layout.css?ln=primefaces&v=4.0 HTTP/1.1" 304 -
191.104.138.231 - - [27/Jun/2024:13:55:09 -0500] "POST /sipse/faces/presentacion/financiero/solicitudProceso/listarSolicitudProceso.xhtml HTTP/1.1" 200 29577
191.104.138.231 - - [27/Jun/2024:13:55:10 -0500] "POST /sipse/faces/presentacion/financiero/solicitudProceso/listarSolicitudProceso.xhtml HTTP/1.1" 200 29577
191.104.138.231 - - [27/Jun/2024:13:55:10 -0500] "POST /sipse/faces/presentacion/financiero/solicitudProceso/listarSolicitudProceso.xhtml HTTP/1.1" 200 29577
191.104.138.231 - - [27/Jun/2024:13:55:11 -0500] "POST /sipse/faces/presentacion/financiero/solicitudProceso/listarSolicitudProceso.xhtml HTTP/1.1" 200 29577
191.104.138.231 - - [27/Jun/2024:13:55:11 -0500] "POST /sipse/faces/presentacion/financiero/solicitudProceso/listarSolicitudProceso.xhtml HTTP/1.1" 200 29577
191.104.138.231 - - [27/Jun/2024:13:55:12 -0500] "POST /sipse/faces/presentacion/financiero/solicitudProceso/listarSolicitudProceso.xhtml HTTP/1.1" 200 29577
191.104.138.231 - - [27/Jun/2024:13:55:13 -0500] "POST /sipse/faces/presentacion/financiero/solicitudProceso/listarSolicitudProceso.xhtml HTTP/1.1" 200 1404
191.104.138.231 - - [27/Jun/2024:13:55:13 -0500] "POST /sipse/faces/presentacion/financiero/solicitudProceso/listarSolicitudProceso.xhtml HTTP/1.1" 200 1388
201.245.192.253 - - [27/Jun/2024:13:55:14 -0500] "POST /forms/lservlet;jsessionid=ac16012b30d6716d42d0eef24d9cbe79d3fe11a80187.e3iSbxaKaheRe34OahmPbx4Oa3z0n6jAmljGr5XDqQLvpAe HTTP/1.1" 200 2
191.104.138.231 - - [27/Jun/2024:13:55:14 -0500] "POST /sipse/faces/presentacion/financiero/solicitudProceso/listarSolicitudProceso.xhtml HTTP/1.1" 200 1408
191.104.138.231 - - [27/Jun/2024:13:55:14 -0500] "POST /sipse/faces/presentacion/financiero/solicitudProceso/listarSolicitudProceso.xhtml HTTP/1.1" 200 1384
191.104.138.231 - - [27/Jun/2024:13:55:15 -0500] "POST /sipse/faces/presentacion/financiero/solicitudProceso/listarSolicitudProceso.xhtml HTTP/1.1" 200 1404
191.104.138.231 - - [27/Jun/2024:13:55:15 -0500] "POST /sipse/faces/presentacion/financiero/solicitudProceso/listarSolicitudProceso.xhtml HTTP/1.1" 200 1384
191.104.138.231 - - [27/Jun/2024:13:55:16 -0500] "POST /sipse/faces/presentacion/financiero/solicitudProceso/listarSolicitudProceso.xhtml HTTP/1.1" 200 1404
66.249.66.13 - - [27/Jun/2024:13:55:21 -0500] "GET /BLA/resoluciones/AUTOS%202023/10826.pdf HTTP/1.1" 200 449265
191.104.138.231 - - [27/Jun/2024:13:55:35 -0500] "POST /sipse/faces/presentacion/financiero/solicitudProceso/listarSolicitudProceso.xhtml HTTP/1.1" 200 23031
191.104.138.231 - - [27/Jun/2024:13:55:36 -0500] "POST /sipse/faces/presentacion/financiero/solicitudProceso/listarSolicitudProceso.xhtml HTTP/1.1" 200 23043
66.249.66.12 - - [27/Jun/2024:13:55:37 -0500] "GET /Publicaciones/2024EE62936.pdf HTTP/1.1" 404 227
66.249.66.12 - - [27/Jun/2024:13:55:38 -0500] "GET /BLA/resoluciones/RESOLUCIONES%202024/00059.pdf HTTP/1.1" 200 672044
191.104.138.231 - - [27/Jun/2024:13:55:38 -0500] "POST /sipse/faces/presentacion/financiero/solicitudProceso/listarSolicitudProceso.xhtml HTTP/1.1" 200 163514
191.104.138.231 - - [27/Jun/2024:13:55:38 -0500] "GET /sipse/faces/javax.faces.resource/theme.css?ln=primefaces-sipse HTTP/1.1" 304 -
191.104.138.231 - - [27/Jun/2024:13:55:38 -0500] "GET /sipse/faces/javax.faces.resource/primefaces.css?ln=primefaces&v=4.0 HTTP/1.1" 304 -
191.104.138.231 - - [27/Jun/2024:13:55:38 -0500] "GET /sipse/faces/javax.faces.resource/layout/layout.css?ln=primefaces&v=4.0 HTTP/1.1" 304 -
191.104.138.231 - - [27/Jun/2024:13:55:38 -0500] "GET /sipse/faces/javax.faces.resource/jquery/jquery.js?ln=primefaces&v=4.0 HTTP/1.1" 304 -
191.104.138.231 - - [27/Jun/2024:13:55:38 -0500] "GET /sipse/faces/javax.faces.resource/jquery/jquery-plugins.js?ln=primefaces&v=4.0 HTTP/1.1" 304 -
191.104.138.231 - - [27/Jun/2024:13:55:39 -0500] "GET /sipse/faces/javax.faces.resource/primefaces.js?ln=primefaces&v=4.0 HTTP/1.1" 304 -
191.104.138.231 - - [27/Jun/2024:13:55:39 -0500] "GET /sipse/faces/javax.faces.resource/layout/layout.js?ln=primefaces&v=4.0 HTTP/1.1" 304 -
191.104.138.231 - - [27/Jun/2024:13:55:39 -0500] "GET /sipse/css/imagen/contrasena.png HTTP/1.1" 404 383
191.104.138.231 - - [27/Jun/2024:13:55:48 -0500] "POST /sipse/faces/presentacion/financiero/solicitudProceso/consultarSolicitudProceso.xhtml HTTP/1.1" 200 1727515
201.245.192.253 - - [27/Jun/2024:13:56:07 -0500] "GET /kwsrmcab/Wsrmcab?wsdl HTTP/1.1" 200 6948
47.128.52.136 - - [27/Jun/2024:13:56:14 -0500] "GET /BLA/resoluciones/AUTOS%202021/0245.php?act=f&d=E%3A%5Cnuevo%5Chtdocs%5Ccumbredelclima%5Cwp-admin%5Cjs%5C&f=password-strength-meter.js&ft=img HTTP/1.1" 200 16459
47.128.52.136 - - [27/Jun/2024:13:56:15 -0500] "GET /BLA/resoluciones/AUTOS%202021/0245.php?act=img&img=ext_js HTTP/1.1" 200 131
47.128.52.136 - - [27/Jun/2024:13:56:15 -0500] "GET /BLA/resoluciones/AUTOS%202021/0245.php?act=img&img=ext_txt HTTP/1.1" 200 132
47.128.52.136 - - [27/Jun/2024:13:56:15 -0500] "GET /BLA/resoluciones/AUTOS%202021/0245.php?act=img&img=ext_html HTTP/1.1" 200 230
47.128.52.136 - - [27/Jun/2024:13:56:15 -0500] "GET /BLA/resoluciones/AUTOS%202021/0245.php?act=img&img=ext_gif HTTP/1.1" 200 175
47.128.52.136 - - [27/Jun/2024:13:56:16 -0500] "GET /BLA/resoluciones/AUTOS%202021/0245.php?act=img&img=download HTTP/1.1" 200 161
47.128.52.136 - - [27/Jun/2024:13:56:16 -0500] "GET /BLA/resoluciones/AUTOS%202021/0245.php?act=img&img=ext_ini HTTP/1.1" 200 134
47.128.52.136 - - [27/Jun/2024:13:56:16 -0500] "GET /BLA/resoluciones/AUTOS%202021/0245.php?act=img&img=ext_rtf HTTP/1.1" 200 164
47.128.52.136 - - [27/Jun/2024:13:56:16 -0500] "GET /BLA/resoluciones/AUTOS%202021/0245.php?act=img&img=change HTTP/1.1" 200 290
47.128.52.136 - - [27/Jun/2024:13:56:18 -0500] "GET /BLA/resoluciones/AUTOS%202021/0245.php?act=img&img=ext_diz HTTP/1.1" 200 1027
47.128.52.136 - - [27/Jun/2024:13:56:18 -0500] "GET /BLA/resoluciones/AUTOS%202021/0245.php?act=img&img=ext_exe HTTP/1.1" 200 118
172.22.2.4 - - [27/Jun/2024:13:56:16 -0500] "GET /BLA/boletinlegal/ HTTP/1.1" 200 16331
66.249.66.11 - - [27/Jun/2024:13:56:38 -0500] "GET /BLA/resoluciones/RESOLUCIONES%202018/1384.pdf HTTP/1.1" 200 4708753
66.249.66.12 - - [27/Jun/2024:13:56:40 -0500] "GET /BLA/resoluciones/RESOLUCIONES%202024/00669.pdf HTTP/1.1" 200 943303
52.167.144.238 - - [27/Jun/2024:13:56:50 -0500] "GET /BLA/resoluciones/RESOLUCIONES%202021/3920.pdf HTTP/1.1" 200 693914
47.128.48.110 - - [27/Jun/2024:13:56:53 -0500] "GET /BLA/resoluciones/AUTOS%202021/0245.php?act=f&d=E%3A%5Cnuevo%5Chtdocs%5Ccumbredelclima%5Cwp-includes%5Cjs%5Cjquery&f=jquery.serialize-object.js&ft=info HTTP/1.1" 200 3823
47.128.48.110 - - [27/Jun/2024:13:56:54 -0500] "GET /BLA/resoluciones/AUTOS%202021/0245.php?act=img&img=ext_html HTTP/1.1" 200 230
47.128.48.110 - - [27/Jun/2024:13:56:54 -0500] "GET /BLA/resoluciones/AUTOS%202021/0245.php?act=img&img=ext_gif HTTP/1.1" 200 175
47.128.48.110 - - [27/Jun/2024:13:56:54 -0500] "GET /BLA/resoluciones/AUTOS%202021/0245.php?act=img&img=ext_js HTTP/1.1" 200 131
47.128.48.110 - - [27/Jun/2024:13:56:54 -0500] "GET /BLA/resoluciones/AUTOS%202021/0245.php?act=img&img=ext_diz HTTP/1.1" 200 1027
47.128.48.110 - - [27/Jun/2024:13:56:55 -0500] "GET /BLA/resoluciones/AUTOS%202021/0245.php?act=img&img=download HTTP/1.1" 200 161
47.128.48.110 - - [27/Jun/2024:13:56:55 -0500] "GET /BLA/resoluciones/AUTOS%202021/0245.php?act=img&img=change HTTP/1.1" 200 290
47.128.48.110 - - [27/Jun/2024:13:56:55 -0500] "GET /BLA/resoluciones/AUTOS%202021/0245.php?act=img&img=ext_ini HTTP/1.1" 200 134
47.128.48.110 - - [27/Jun/2024:13:56:55 -0500] "GET /BLA/resoluciones/AUTOS%202021/0245.php?act=img&img=ext_rtf HTTP/1.1" 200 164
47.128.48.110 - - [27/Jun/2024:13:56:57 -0500] "GET /BLA/resoluciones/AUTOS%202021/0245.php?act=img&img=ext_txt HTTP/1.1" 200 132
47.128.48.110 - - [27/Jun/2024:13:56:57 -0500] "GET /BLA/resoluciones/AUTOS%202021/0245.php?act=img&img=ext_exe HTTP/1.1" 200 118
66.249.66.14 - - [27/Jun/2024:13:57:03 -0500] "GET /BLA/resoluciones/AUTOS%202023/10417.pdf HTTP/1.1" 200 389871
201.245.192.253 - - [27/Jun/2024:13:57:07 -0500] "GET /kwsrmcab/Wsrmcab?wsdl HTTP/1.1" 200 6948
201.245.192.253 - - [27/Jun/2024:13:57:14 -0500] "POST /forms/lservlet;jsessionid=ac16012b30d6716d42d0eef24d9cbe79d3fe11a80187.e3iSbxaKaheRe34OahmPbx4Oa3z0n6jAmljGr5XDqQLvpAe HTTP/1.1" 200 2
201.245.192.253 - - [27/Jun/2024:13:57:28 -0500] "POST /kwsrmcab/Wsrmcab  HTTP/1.1" 200 213
47.128.59.184 - - [27/Jun/2024:13:57:34 -0500] "GET /BLA/resoluciones/AUTOS%202021/0245.php?act=f&f=en-navidad-bogota-protege-el-musgo-y-sus-ecosistemas.html HTTP/1.1" 200 2776
66.249.66.12 - - [27/Jun/2024:13:57:41 -0500] "GET /BLA/resoluciones/RESOLUCIONES%202018/2069.pdf HTTP/1.1" 200 287701
172.22.2.4 - - [27/Jun/2024:13:56:16 -0500] "HEAD /BLA/boletinlegal/ HTTP/1.1" 200 -
201.245.192.253 - - [27/Jun/2024:13:58:07 -0500] "GET /kwsrmcab/Wsrmcab?wsdl HTTP/1.1" 200 6948
47.128.59.172 - - [27/Jun/2024:13:58:14 -0500] "GET /BLA/resoluciones/AUTOS%202021/0245.php?act=f&d=E%3A%5Cxampp%5Cxampp%5Chtdocs%5Cphpscripts&f=cc+map.jpg HTTP/1.1" 200 15243
47.128.59.172 - - [27/Jun/2024:13:58:16 -0500] "GET /BLA/resoluciones/AUTOS%202021/0245.php?act=img&img=ext_exe HTTP/1.1" 200 118
47.128.59.172 - - [27/Jun/2024:13:58:16 -0500] "GET /BLA/resoluciones/AUTOS%202021/0245.php?act=img&img=ext_html HTTP/1.1" 200 230
47.128.59.172 - - [27/Jun/2024:13:58:16 -0500] "GET /BLA/resoluciones/AUTOS%202021/0245.php?act=img&img=ext_txt HTTP/1.1" 200 132
47.128.59.172 - - [27/Jun/2024:13:58:16 -0500] "GET /BLA/resoluciones/AUTOS%202021/0245.php?act=img&img=ext_jpg HTTP/1.1" 200 175
47.128.59.172 - - [27/Jun/2024:13:58:16 -0500] "GET /BLA/resoluciones/AUTOS%202021/0245.php?act=img&img=ext_diz HTTP/1.1" 200 1027
47.128.59.172 - - [27/Jun/2024:13:58:16 -0500] "GET /BLA/resoluciones/AUTOS%202021/0245.php?act=img&img=ext_gif HTTP/1.1" 200 175
47.128.59.172 - - [27/Jun/2024:13:58:16 -0500] "GET /BLA/resoluciones/AUTOS%202021/0245.php?act=img&img=download HTTP/1.1" 200 161
47.128.59.172 - - [27/Jun/2024:13:58:16 -0500] "GET /BLA/resoluciones/AUTOS%202021/0245.php?act=img&img=ext_ini HTTP/1.1" 200 134
47.128.59.172 - - [27/Jun/2024:13:58:16 -0500] "GET /BLA/resoluciones/AUTOS%202021/0245.php?act=img&img=ext_rtf HTTP/1.1" 200 164
47.128.59.172 - - [27/Jun/2024:13:58:17 -0500] "GET /BLA/resoluciones/AUTOS%202021/0245.php?act=img&img=change HTTP/1.1" 200 290
216.245.221.92 - - [27/Jun/2024:13:58:20 -0500] "HEAD / HTTP/1.1" 200 -
201.245.192.253 - - [27/Jun/2024:13:58:21 -0500] "GET /sipsepre/faces/index.xhtml HTTP/1.1" 200 680
201.245.192.253 - - [27/Jun/2024:13:58:21 -0500] "GET /sipsepre/faces/javax.faces.resource/theme.css?ln=primefaces-sipse HTTP/1.1" 200 50106
201.245.192.253 - - [27/Jun/2024:13:58:21 -0500] "GET /sipsepre/faces/faces/autenticacion.xhtml HTTP/1.1" 200 12438
201.245.192.253 - - [27/Jun/2024:13:58:21 -0500] "GET /sipsepre/js/disable_browser_buttons.js HTTP/1.1" 304 -
201.245.192.253 - - [27/Jun/2024:13:58:21 -0500] "GET /sipsepre/js/funciones.js HTTP/1.1" 304 -
201.245.192.253 - - [27/Jun/2024:13:58:21 -0500] "GET /sipsepre/css/custom_css_sg.css HTTP/1.1" 304 -
201.245.192.253 - - [27/Jun/2024:13:58:21 -0500] "GET /sipsepre/css/custom_css_sg_prime_login.css HTTP/1.1" 304 -
201.245.192.253 - - [27/Jun/2024:13:58:21 -0500] "GET /sipsepre/faces/javax.faces.resource/theme.css?ln=primefaces-sipse HTTP/1.1" 304 -
201.245.192.253 - - [27/Jun/2024:13:58:21 -0500] "GET /sipsepre/faces/javax.faces.resource/layout/layout.css?ln=primefaces&v=4.0 HTTP/1.1" 304 -
201.245.192.253 - - [27/Jun/2024:13:58:21 -0500] "GET /sipsepre/faces/javax.faces.resource/primefaces.css?ln=primefaces&v=4.0 HTTP/1.1" 304 -
201.245.192.253 - - [27/Jun/2024:13:58:21 -0500] "GET /sipsepre/faces/javax.faces.resource/jquery/jquery.js?ln=primefaces&v=4.0 HTTP/1.1" 304 -
201.245.192.253 - - [27/Jun/2024:13:58:21 -0500] "GET /sipsepre/faces/javax.faces.resource/jquery/jquery-plugins.js?ln=primefaces&v=4.0 HTTP/1.1" 304 -
201.245.192.253 - - [27/Jun/2024:13:58:21 -0500] "GET /sipsepre/faces/javax.faces.resource/primefaces.js?ln=primefaces&v=4.0 HTTP/1.1" 304 -
201.245.192.253 - - [27/Jun/2024:13:58:21 -0500] "GET /sipsepre/faces/javax.faces.resource/layout/layout.js?ln=primefaces&v=4.0 HTTP/1.1" 304 -
201.245.192.253 - - [27/Jun/2024:13:58:21 -0500] "GET /sipsepre/faces/javax.faces.resource/images/ui-icons_898989_256x240.png?ln=primefaces-aristo HTTP/1.1" 200 5355
201.245.192.253 - - [27/Jun/2024:13:58:21 -0500] "GET /sipsepre/css/imagen/logoSDG.png HTTP/1.1" 200 53064
201.245.192.253 - - [27/Jun/2024:13:58:21 -0500] "GET /sipsepre/css/imagen/loginimg.png HTTP/1.1" 200 71635
186.102.26.188 - - [27/Jun/2024:13:58:22 -0500] "GET /kwssiamovil/sm/acme/a?s=U2FsdGVkX18XJyUdWqCeLJGqPsMvWn0yd1Bya4UuCSt6kBhedJziG1gJoFGjE2C56XiyEu9QYycG/8NswrwHTBKOvr+1vtVY4wOyb1dQOHV7RQvGEp7nrORAoly1H37eauKaM1rG95r00FrOMYP3TBr8vl9wcUgRB1+9yQAfszdIw/ACAwFuwSnW5Kqt6MgptOX9HcaYCLA0dD4OoHUY7ei95pLLtdvA5mS3a/XbCwjBjn9QC2auKKsF15nzaWr6djYp91daYhKNl66WuECmoA==&u=U2FsdGVkX18JMS7KZcXAS8jqUosl5MbcgORJK7EHmMcjMfZSbqWE0wCQ42J01coF&y=U2FsdGVkX18WBYhGayCyKIbz70IYMvc8m+N4YeeIGWB8Ky68XWWHogwU/E5U5NY4 HTTP/1.1" 200 26
186.102.26.188 - - [27/Jun/2024:13:58:22 -0500] "GET /kwssiamovil/sm/acme/a?s=U2FsdGVkX19keMtcHefAM/6ekPE5JMP/mbEuhuPAmjAk0Bs2Nml52EhfDELFBN6FVcYEiGe35dDRntq5ue0c2enP/ChObgxC/j6nEyTNvOPSwRJ5ObDbdTRG8K1yA4wTNdpNtCR0lnbUL42rPHgrOIfoo6OThAzzP8QsppExGyycVrBnk5UdKVCLHyr4/4LH2F0bkDqWR2X/2NzUdAwUq3UfIN3OoE3p5CxKA9Xt7SQBrK2jAryu6Z9z0xkegCr43DbQc9GDETQEaQklibIwmLJ9K9t5bm2yD+ab40j73R0qifYKotQTs3zaZxHQLKmNNPbHvyS/ol0gaQgc1pwYMb+RaHlZZbZwbVZy1tXECyJsTSJE9kCyrK8s8MnzfPhFALJROPk5r/36JP4u2UxZ8YOMegJUEOBBKAhq87X2kgu/4FI/mNHHi2MwB9/DEBbJTxHV3anOnSijXZNoBD9+aDwiAu2Ium9uvJfVM9kuN14F102rxaovfFjQXtt7CF+eydg9VQ4gWWqC7GusPcLR7D1SWVMAwa+OeQG/42IwlqwSc+x/hmRlglVRVxzA0ycPZBCwZpIJXIk4z/kJpMPXkNwq2N5vlWMJCjic3Cr/KZVeSUHizR1KrTSfeZJ4wwq2rVZT38Zb6Vg9eHOVawvJqr2ZKJClmEQDP5aqyFR42lpi4l9luvVGaMVQNMm3trDimuGkw/7jmpZbtUGCQauhNg3RI/e1O8RnxNqM4NFRpt6/wsqx6vrbDaXyyWMsyVUir2uk4jRKCegsGu4sCrz9FPZIjo7RToGhLJJaQRiGTmXD3MzHnAniFjmNGO47YknHr4ptmW/NTWLhB+ft6ao0VnWsl0FLiKQ3YZa05KRC+O7ZuoZh/Kl53id0Bj70pw70bWW2IEgzvtiufbu4oByt8d8MVLrJ/Hsg9js82sccKYvfvFzYIvs27dG3XD7BJV3S+7nUwSmG3G7xxJZ5Jkm5Ohx2aTa5r6O8TgsNlM0rhI+nvTLlphZZBWZRYhvOX1M6kgdRACfgnDN7Eym5ytbz9J5bl5sak/13fSYxR0nX02IAg8e732XdxVkSqxCmZZGSAht4neKRXPy0XRhbHl9CkfdqDvYettQIuvQ7nS41+okEBd5S3nEsn6zzHjY8EZW9IG3/52npghbAt4kgObAFwH+qllHMsllmG//5hHZgLteoPoyPOAepAYKOf4j/9udmlTyRjwzAkfuZg8d0CC0ru88jFHANEqCjU30Htg9Wr99NUGbI+UY2NVRlox/ly5VtybkFYNmU2UJfFraFqgnyM1+5IsXEo7Ndy3Cb84207dAVvZXA3Sa87vfWbtHWKVPNf/XZ3QlE/yn8Qw4yH91SnSo8TkoQFlBZDMA6HrJCaifyhx+IJ0m/UDu8MVPcjDUGPKXA2sih6D2edo6C2rWzHIiD5YTK8gx8jNrmy+j0v56uc0x6fdR+UsyFKe7PHyXUEJBooCiwAtx5eG1UE1ZsnHWn0/gmUxN8WJ3Gs5rtFgxkD1z32MQNRM1hDPxAGDJ1vejjuvieoE+xJGKX2BkEsStBK1ZXjHmbMOlZSg0X9cSfuKsrHpz7dQtmTGS7cKGsPRwrhhXEeXf6wy9emz/S5n7tkMEENT7RAIjfhwxyTKOinla9YrapeVqPE8ZYi3YEJMdw4BYyt3RitTWyyrmyRA0suk8XHWmgffPCeDRf5sGohQGONzh7e+ZR4iVHD/kuQkrJ1I2Un1kTx2eP6ZH/lmUuHG8Hu5hYSX7oyur2HpW69VhRKfbXzR98MhpphhuTCwZUkzp9ksz1d2wytlB6PQO+wMa5qltxvo8HzVLM08nxs3LVxmXq3jCFxBLPXbX9x2gvBlUz8VNzUXzXWATnkQ==&u=U2FsdGVkX18JMS7KZcXAS8jqUosl5MbcgORJK7EHmMcjMfZSbqWE0wCQ42J01coF&y=U2FsdGVkX18WBYhGayCyKIbz70IYMvc8m+N4YeeIGWB8Ky68XWWHogwU/E5U5NY4 HTTP/1.1" 200 26
186.102.26.188 - - [27/Jun/2024:13:58:22 -0500] "GET /kwssiamovil/sm/acme/a?s=U2FsdGVkX18ASDNJcJN6ONIfPMnxCdZCXXRo8qgQio3Hiq9WcudziJg1A0o3VItK38Td2fo6PzNFsnlf+ypNOa4dpqtVsRBHtlZvo7dhUGO7kj/iyLqXEFfPu1guB0SJxaodn/sUfGnKhDGizU7lPKY6KTMVa8Rpcpfu0r6GWm8=&u=U2FsdGVkX18JMS7KZcXAS8jqUosl5MbcgORJK7EHmMcjMfZSbqWE0wCQ42J01coF&y=U2FsdGVkX18WBYhGayCyKIbz70IYMvc8m+N4YeeIGWB8Ky68XWWHogwU/E5U5NY4 HTTP/1.1" 200 26
