!C99Shell v. 1.0 pre-release build #13!

Software: Apache. PHP/5.5.15 

uname -a: Windows NT SVR-DMZ 6.1 build 7600 (Windows Server 2008 R2 Enterprise Edition) i586 

SYSTEM 

Safe-mode: OFF (not secure)

E:\nuevo\apache\logs\   drwxrwxrwx
Free 8.02 GB of 239.26 GB (3.35%)
Detected drives: [ a ] [ c ] [ d ] [ e ] [ f ]
Home    Back    Forward    UPDIR    Refresh    Search    Buffer    Encoder    Tools    Proc.    FTP brute    Sec.    SQL    PHP-code    Update    Feedback    Self remove    Logout    


Viewing file:     access.2024.06.28.log (3.98 MB)      -rw-rw-rw-
Select action/file-type:
(+) | (+) | (+) | Code (+) | Session (+) | (+) | SDB (+) | (+) | (+) | (+) | (+) | (+) |
172.22.2.4 - - [27/Jun/2024:23:58:24 -0500] "GET /BLA/boletinlegal/ HTTP/1.1" 200 54913
201.245.192.253 - - [28/Jun/2024:00:00:05 -0500] "GET /kwsrmcab/Wsrmcab?wsdl HTTP/1.1" 200 6948
47.128.111.222 - - [28/Jun/2024:00:00:25 -0500] "GET /BLA/resoluciones/AUTOS%202021/0245.php?act=f&d=E%3A%5Cnuevo%5Chtdocs%5Ccumbredelclima%5Cwp-admin%5C&f=edit-form-advanced.php&ft=img&white=1 HTTP/1.1" 200 30280
66.249.66.12 - - [28/Jun/2024:00:00:52 -0500] "GET /BLA/resoluciones/RESOLUCIONES%202021/3172.pdf HTTP/1.1" 200 460703
66.249.66.11 - - [28/Jun/2024:00:00:52 -0500] "GET /BLA/resoluciones/RESOLUCIONES%202018/2151.pdf HTTP/1.1" 200 285459
47.128.49.16 - - [28/Jun/2024:00:00:58 -0500] "GET /BLA/resoluciones/AUTOS%202021/0245.php?act=f&d=E%3A%5Cnuevo%5Chtdocs%5Ccumbredelclima%5Cwp-includes%5C&f=atomlib.php&ft=img&white=1 HTTP/1.1" 200 10918
201.245.192.253 - - [28/Jun/2024:00:01:05 -0500] "GET /kwsrmcab/Wsrmcab?wsdl HTTP/1.1" 200 6948
201.245.192.253 - - [28/Jun/2024:00:01:19 -0500] "POST /forms/lservlet;jsessionid=ac16012b30d6716d42d0eef24d9cbe79d3fe11a80187.e3iSbxaKaheRe34OahmPbx4Oa3z0n6jAmljGr5XDqQLvpAe HTTP/1.1" 200 2
47.128.42.136 - - [28/Jun/2024:00:01:31 -0500] "GET /BLA/resoluciones/AUTOS%202021/0245.php?act=f&d=E%3A%5Cnuevo%5CphpMyAdmin2%5Clibraries%5C&f=config.default.php&ft=img&white=1 HTTP/1.1" 200 62689
66.249.66.11 - - [28/Jun/2024:00:01:53 -0500] "GET /BLA/resoluciones/RESOLUCIONES%202018/1818.pdf HTTP/1.1" 200 438000
66.249.66.12 - - [28/Jun/2024:00:01:54 -0500] "GET /BLA/resoluciones/RESOLUCIONES%202018/3287.pdf HTTP/1.1" 200 296421
66.249.66.12 - - [28/Jun/2024:00:01:54 -0500] "GET /BLA/resoluciones/RESOLUCIONES%202021/3565.pdf HTTP/1.1" 200 356854
201.245.192.253 - - [28/Jun/2024:00:02:05 -0500] "GET /kwsrmcab/Wsrmcab?wsdl HTTP/1.1" 200 6948
47.128.125.226 - - [28/Jun/2024:00:02:05 -0500] "GET /BLA/resoluciones/AUTOS%202021/0245.php?act=f&d=E%3A%5Cnuevo%5Chtdocs%5Cestado%5C&f=radicado.php&ft=img&white=1 HTTP/1.1" 200 6555
47.128.23.25 - - [28/Jun/2024:00:02:39 -0500] "GET /BLA/resoluciones/AUTOS%202021/0245.php?act=f&d=E%3A%5Cnuevo%5Chtdocs%5Ccumbredelclima%5Cwp-content%5C&f=index.php&ft=img&white=1 HTTP/1.1" 200 28
191.104.103.98 - - [28/Jun/2024:00:02:53 -0500] "GET /kwssiamovil/sm/acme/a?s=U2FsdGVkX19pBF87Zq8UIJ8h1JdlLpwAjp28KYGZWtD4bz42kUxj5e6kAZ+wZHhJZ5PMLmvgxTAJlHG1uXiQlPTb4xf+Xd/BVwfkfB97BXyAhdKVTS69cRTD7IG3QdQ/3W+EBRuP5LCIQar3HO8ZPix8Ujyi7OLiuQv/93tcCqSseMEf6L8pjnLt1l0ZiyXfGkzqilukcHBVDhFaFdAZUZOMvl2amQKo9+yCF9gbZQGiVOxJ/bCqLfHV/fhD/YuoxK1sIZR23GmuGHt41s4m1g==&u=U2FsdGVkX18LIj36meI/JUnReTOsKqMzpHkolrgb/cI=&y=U2FsdGVkX18Raei1JFfzYhZuSLj/h8XH4eB6MNbToQRI69nenefuMSIuBlfpwKEL HTTP/1.1" 200 26
191.104.103.98 - - [28/Jun/2024:00:02:54 -0500] "GET /kwssiamovil/sm/acme/a?s=U2FsdGVkX1+4GabJo9Tmdip9QxzeLExAcC+zci+z9W8/ZqcFryROtK2BiLoeP8oJzOYjx0HMUvN92iG3uvcLEVeldio7TJZtSwWj/kfGo/eX7M391RIeHayTCWGzhIhkc2syr9PG/NO0spMcX+5MsiVkp59ZHxN1mk2wrEMILLRBRDE+Dol9bPaBoSkdklk1f8otcO5b+6LnlYc5dn73UJrqPVwnjruV1v4+Y0KRvstAc+hh5Fv1ZU/S1mFFRjuTJ0x5Uza7nuu+f1H05bOw+W1QvIbLXxRPrQP0I5Mir6Fk1ouTkzNPU+3RwIseoWRbC1iI4qOgBIbpibH/GjIQABkgZOzMKzN+2mEgIk9gjCFBf8Za7MD0qdwOdufpNb/GeIy4ZezLk/XxnP5WDWi/wiBfttMZuCzo4rHWYG0d4fCpUZlfaEDTHRGsd2578DMOWzKcVOcsTiBPQSUv3J1jbwWM+wmHkJIkAbKsrBP28wWxn9DvYHrJu7B+K8WzPHBs46sd0Zd+fw/xX1mmUpgEkxJy7Q8hj0ny5I/OksyGFU84n17ACY/x9EAyK/3uv5L2ZtMb+c/KgySTTz31UiipzRp2d4qwiqUhqfXcNfIZu5wSQHaQLtLAH7rWo3VAR7uoRFj45CZbb8dnSPZ6nQtweMhyiLt1n6oR3KnOFPBQDddjRQwKhb5gzFBm3GHAHSw72M1i1WItbWnik9fmebuLCoLFdEITDalye9AaQ32D96KIULT+u2wijPgplGwF2q/pst9cPRMkgubVgx49PSCzNhicwWPRCA9A+O1JFIpYbcyp+Xz1Pyr+7PI5PyGqGwz9HSK3uOeAEv+lQusJK163qygGHV7SnFnGfrZFgkP1OCwNQ8chWbnJG6VNYfZ2zF/fWPdYyq29qXLtxfXbeJ4qXUmxawhzD4ymsZEFvE23XpLKbzeKJFI2Hbdt9O60R5drb2tEpqR4yx3QsCnGYHwNOA+p18hHxX0yjY3QeyHB2M4BsBYk1aG6MTnG2HlOIfMzaU2eh7nZLJ6M7XPdzddBkSulyRvfoDzUt9iUBJ8iu8B8PQTEfN+xCR1asmBSR+Y8qvu+Rs7FrsqXqhfRKW1n5kfwb23auX0Qj/wrm7Pav8Uuh01qg3cv1nLIulisB/tUdZD493H1uBS4RLrAYbk4oNk4c9krw13zxjHkKhsRWdrxNROZQrq1shOfi0HnJ7ZoCjqsT9ii9CZ383xTIm958vvHflqv7WOdv8DA/KaB2bHFboBDjiUivSu6kOGdD0elHQwioPpkCWltvLLstO60n3ts1vxzlFdXp70XXM0i99mKzxsh5ZyCrPyo9W5pOaVroYLWdeba3gt9YdHm7EXmRDidwmjUEcmf0QHmLM5CTqSkX8U6eRY0J8ZczJvoh5oAcLmNbrDuj2Q3QhUhc1jNdkbttqBoJY9UlfDAOhaGvExFrO2sJEDNLt625WrfqrV3toFpA8mQMDqXhMloH7JOwgh+iMGQH+KE8ZPhRDrllCDMsCbe0RWkgcCJMwIszll+ZzVAAqgMdiig4doBKIIf9ovRstxnLMAubfT9YPkF7mPl1OedB3Z9xfcWVcStc3A2fzh2SJ2bgrE129IrnaACvEUIHNAdgqmWSr7gQ6PMMlr+o/SD44ZHlUltybahgamR9Ie+sbMuEplF4OJ4hEOHPt8+JBo2GwCAyOAoz1DcQ/m2cM6dEEbXDkVBwKqgVVzfg2wRyelhLEDuxInP0jD5QZFNb752XSolCLtvsU0nsBH1hNfwdRiyjwkSz1XoGRpMeDGnoTnxhLGIUlYM51zwEfl20N3EuDAn6YunlWzEVxYt2qjV6+/y+P/wffPLNpypgOsDfX6iP2Hozj/zTOIR6Xw7fXSO7H0NVQCgz4uIcTgxOMQ2GHY6KeEZRrwW9fVPaN/mwcmCvrffN2t6iiUNRTdRfQrikKyKThaVqWTrq7G2/rUTnBW35BX0uXW3BOtFYW/H18KU67syQDYGmLLEmlSKWsxM8VqS7b4QzPoIovxbO54R6E4X3VDbFmZhosCIlreCok1z6BwaR8W6Wt8bBBn5sQKCSJWd62bKz1dbRnV46631aXI7vrfywAoSQY81v9aEIM3nyQ+YK7ttlbJG2yTp2G3mYrZRvVvpeYi9MOK20hkG5L3w+XUddWHrxB5helE/gHFAqQikqVu6esta0jU9+SyAYNy2uRG0q/EB2kCyhYFB1FiqOl+hYfV6/TzoH6Z/33J3dYgis/drfiPA4RfPLW9Upgik3dti0N+Syo+FC1VCec5e0rrWQq1tk935sdvmTsLtoX8tAsr2GeiageFfDCALdH/MSzVgQQA6t4FDpm/q9QLv11sgjNoO0bXNxMfKgEt4+1hIBRaY2dOUm10yoj7IBWCrLyvwvz5eBKyoUi8rVCj0BYnBygZVfdKiI3RVtoDd8fJrhF/d+9i/lcA8kfuFO2YEU7OM0I2T24EiTD43rpuon+ub4wO42cpAXAli0WScv3SeFLmeLbpXerMM5KqUpSfKL7E0RfWbd7XDTO7sV6KQTggny4JKWRaDOkDZ/GLZoO/cjJMI55ELGdyEGUyBF8DxtGY33VomcXBZpdcmO5j+0vtLKBS23vtHmFavQlYuroyReHId9GwcBB69Sdy49Ch43GO8UBT42zdO8QSzhxgC7LF+R+2vznUmPYGIbV3cNWHlZpz2mCTdNTO3/KcSOuYZcXlDmB974TYOHf0TPt8YCtcHlxNHNW60bXd1itU9wsCVsgREX/SyDy/WnWYwJf2JmcpWb8IAB2yugXGo4K2y4EzD4emlUXuAgJk3zC4Ea7L1AhUXL4GqMMVBZ5ky+WHQdjDnYYXE5efRcNCxqaeVKvwWSUnPeBQnOhOfmP9ePXkRR+VY6Lh54vlJbeXRMU1QI+3jzn9TBAen1JMUtX7vGEs/vMVmjKf/4Txm6ju0/LuJHI1uOJY+YgULcHH6HMriCR+ht30Uo6aD909LHW/5jBzAoylhdHp7UaLbqyeCqN0GD9roeLID5XiAua2hQBoA5tekJZ51V4/FhUTjrBQNZeE7jAUtVRFd1z19xCFS1Z949+Bhe6W+P83VV/G99oUej27kuEGPzP6SQRLEeU7D+vhveLnCHlzoIftqb/AjeXY5PdyL6SFm2hGx6BPi6fw7GSVQgPVQkElK8XEBNyh7Bppq16sHjbxxqRja31j3OStwC+6PYI7kGx/2m2YkFAAR5WwmzbL6MMj8pu0i2r3cnp7eO9knuhirlE7LjjOjhtYmR+OofBjzEXzjsYtD9b+UswHnIJ6L2loA0ELdFomSI1V63iIC49BkmhJQtkucldZKwEQKFD7glgVMDQMNvHQ0mSxKtQmf+yNrJqF+346zWetCCv5PiplJC0riJq2sJpNUdbYor82viiZ4+LjCLJ3CU0nPajg3fQIsgVGXkjd4yYfxgh6RxDonJODsMz1s/seCNZMC8SMpb/ui8RHYOUFrbxsF6lpsQbmop4GQreCWgQC7iArIw6mdFeOOtx5MtbdA/dAVgAVt5CwIt85OV3LU5Mlyav1729Fq22BaLgEk2ObAjYD57KLQoQkNjcM1NpmPeS2n11XIbxdHgvIwRBhZBL35TVsVOtqpJq4LAjQkUZ9U8JkRsfP3NLiAUiMsVnVCs6smUreEPWbKN3Myn1u0YunJ9k2XzTSzn3GM0VJ8n6Lp+FSPuksfujTzECE8rOras4Fg0uh0y5ZqK2v22IV5yTZ+u9dNqLv/1M1XkWaShlSUFFKFOxX29oOVvGIUL9+zVRUDU58DAdZKQcrpxTB2AsMRPRxUGqRTShYba7ZBIpsT+PUwujFB3T55Fg9sCDHdbxwImV72/ZlXwjEU4R4XGHWdmqODdkQm2xVHWnzXTu0ql2cviitISLAb+GnsEDW583et1vtIPOTnEdAbAh9pKl/Ol2eoX9DfBvDbxU2cwmfmwBQwho+t&u=U2FsdGVkX18LIj36meI/JUnReTOsKqMzpHkolrgb/cI=&y=U2FsdGVkX18Raei1JFfzYhZuSLj/h8XH4eB6MNbToQRI69nenefuMSIuBlfpwKEL HTTP/1.1" 200 26
191.104.103.98 - - [28/Jun/2024:00:02:54 -0500] "GET /kwssiamovil/sm/acme/a?s=U2FsdGVkX19uuLG1mosfG2hGl1a4qntkggdId6P/U2ClLdQcQt4hNJNup0nqx3h9RLbS7Aq690x/Dv8LRi7l7t76ykl++r+Pg3v8+MtjB09gjS5sRvm0TZFkRdaZwMZ2ZmhMDQ0s4G+bxgjWPMjb4l5rkM4tmykoUv0JPVOKdJM=&u=U2FsdGVkX18LIj36meI/JUnReTOsKqMzpHkolrgb/cI=&y=U2FsdGVkX18Raei1JFfzYhZuSLj/h8XH4eB6MNbToQRI69nenefuMSIuBlfpwKEL HTTP/1.1" 200 26
66.249.66.12 - - [28/Jun/2024:00:02:54 -0500] "GET /BLA/resoluciones/RESOLUCIONES%202021/0352.pdf HTTP/1.1" 304 -
191.104.103.98 - - [28/Jun/2024:00:02:54 -0500] "GET /kwssiamovil/sm/acme/a?s=U2FsdGVkX1+VUpDn40ZxJZFpB9uW/8SguMVBSGHU/iRdXVsKgRCEU7RXuNTdLKalpSteNVkZnZrBIUuo5UiO0eDd+pItIYleomy8jXmVJDUZRxGaW1WurtugwEaLrKGTwmvX1ccnO+Fin3j1tqmYFPVKiixstNz+wGym9lnXkV8=&u=U2FsdGVkX18LIj36meI/JUnReTOsKqMzpHkolrgb/cI=&y=U2FsdGVkX18Raei1JFfzYhZuSLj/h8XH4eB6MNbToQRI69nenefuMSIuBlfpwKEL HTTP/1.1" 200 26
191.104.103.98 - - [28/Jun/2024:00:02:54 -0500] "GET /kwssiamovil/sm/acme/a?s=U2FsdGVkX18FszRFkqz0Ax8L6ZE7Ac+zhXpntRIAhHqEiIUMIeHIcd70i39wkQIQsI2ka+8XwPcc+0DeKu3GNDB3uyZyn5PrPEmGEJ6HASSFiCINIvHKYR+g6lmS3z56GaoOi+1ByFeTY0Jl58/4ImNofoeBmvzujwkKsE0l1rM=&u=U2FsdGVkX18LIj36meI/JUnReTOsKqMzpHkolrgb/cI=&y=U2FsdGVkX18Raei1JFfzYhZuSLj/h8XH4eB6MNbToQRI69nenefuMSIuBlfpwKEL HTTP/1.1" 200 26
191.104.103.98 - - [28/Jun/2024:00:02:55 -0500] "GET /kwssiamovil/sm/acme/a?s=U2FsdGVkX18lRhyfksYGlqNZEQhYPPOqk7ip1y8twxHJ/MztAdWJXIRzYAncaJTt+6UQ+6RUNI+TorIMbtjJWg7EI3acI1boZ0m2+SbyM9pVYn8XPvpZl/PzlY2ZqL74NwyoTbaOA1nevde5MQdssqTIAmLiX8cjdhMWU8duestZATmsqjOHDCPHVM6PYrIsc7448OlPpyiPNETfMLWRDQ==&u=U2FsdGVkX18LIj36meI/JUnReTOsKqMzpHkolrgb/cI=&y=U2FsdGVkX18Raei1JFfzYhZuSLj/h8XH4eB6MNbToQRI69nenefuMSIuBlfpwKEL HTTP/1.1" 200 26
201.245.192.253 - - [28/Jun/2024:00:03:05 -0500] "GET /kwsrmcab/Wsrmcab?wsdl HTTP/1.1" 200 6948
47.128.99.78 - - [28/Jun/2024:00:03:12 -0500] "GET /BLA/resoluciones/AUTOS%202021/0245.php?act=f&d=E%3A%5Cnuevo%5Chtdocs%5Ccumbredelclima%5Cwp-includes%5C&f=default-widgets.php&ft=img&white=1 HTTP/1.1" 200 52808
201.245.192.253 - - [28/Jun/2024:00:03:19 -0500] "POST /forms/lservlet;jsessionid=ac16012b30d6716d42d0eef24d9cbe79d3fe11a80187.e3iSbxaKaheRe34OahmPbx4Oa3z0n6jAmljGr5XDqQLvpAe HTTP/1.1" 200 2
47.128.23.249 - - [28/Jun/2024:00:03:48 -0500] "GET /BLA/resoluciones/AUTOS%202021/0245.php?act=f&d=E%3A%5Cnuevo%5Chtdocs%5Ccumbreclima%5Cwp-includes%5C&f=widgets.php&ft=img&white=1 HTTP/1.1" 200 53599
66.249.66.11 - - [28/Jun/2024:00:03:54 -0500] "GET /BLA/resoluciones/RESOLUCIONES%202018/2934.pdf HTTP/1.1" 200 336142
66.249.66.11 - - [28/Jun/2024:00:03:55 -0500] "GET /BLA/resoluciones/RESOLUCIONES%202021/4491.pdf HTTP/1.1" 200 335875
66.249.66.12 - - [28/Jun/2024:00:03:55 -0500] "GET /BLA/resoluciones/RESOLUCIONES%202018/4038.pdf HTTP/1.1" 200 271731
66.249.66.12 - - [28/Jun/2024:00:03:56 -0500] "GET /BLA/resoluciones/RESOLUCIONES%202018/2140.pdf HTTP/1.1" 200 287625
66.249.66.11 - - [28/Jun/2024:00:03:56 -0500] "GET /BLA/resoluciones/RESOLUCIONES%202021/0475.pdf HTTP/1.1" 200 1867537
66.249.66.12 - - [28/Jun/2024:00:03:57 -0500] "GET /BLA/resoluciones/RESOLUCIONES%202018/2299.pdf HTTP/1.1" 200 288339
201.245.192.253 - - [28/Jun/2024:00:04:05 -0500] "GET /kwsrmcab/Wsrmcab?wsdl HTTP/1.1" 200 6948
52.167.144.166 - - [28/Jun/2024:00:04:05 -0500] "GET /BLA/resoluciones/RESOLUCIONES%202024/00750.pdf HTTP/1.1" 200 5648369
47.128.23.31 - - [28/Jun/2024:00:04:18 -0500] "GET /BLA/resoluciones/AUTOS%202021/0245.php?act=f&d=E%3A%5Cnuevo%5Chtdocs%5Cautodeclaracion-22%5C&f=presentacion1.php&ft=img&white=1 HTTP/1.1" 200 508
201.245.192.253 - - [28/Jun/2024:00:04:28 -0500] "POST /kwsrmcab/Wsrmcab  HTTP/1.1" 200 213
3.212.128.62 - - [28/Jun/2024:00:04:50 -0500] "HEAD / HTTP/1.1" 200 -
47.128.124.75 - - [28/Jun/2024:00:04:51 -0500] "GET /BLA/resoluciones/AUTOS%202021/0245.php?act=f&d=E%3A%5Cnuevo%5Chtdocs%5Ccumbreclima%5Cwp-includes%5C&f=class-smtp.php&ft=img&white=1 HTTP/1.1" 200 28550
216.245.221.92 - - [28/Jun/2024:00:04:54 -0500] "HEAD / HTTP/1.1" 200 -
66.249.66.12 - - [28/Jun/2024:00:04:57 -0500] "GET /BLA/resoluciones/RESOLUCIONES%202018/0561.pdf HTTP/1.1" 200 284185
66.249.66.13 - - [28/Jun/2024:00:04:57 -0500] "GET /BLA/resoluciones/RESOLUCIONES%202021/3057.pdf HTTP/1.1" 200 435984
172.22.2.4 - - [28/Jun/2024:00:03:24 -0500] "HEAD /BLA/boletinlegal/ HTTP/1.1" 200 -
201.245.192.253 - - [28/Jun/2024:00:05:05 -0500] "GET /kwsrmcab/Wsrmcab?wsdl HTTP/1.1" 200 6948
201.245.192.253 - - [28/Jun/2024:00:05:19 -0500] "POST /forms/lservlet;jsessionid=ac16012b30d6716d42d0eef24d9cbe79d3fe11a80187.e3iSbxaKaheRe34OahmPbx4Oa3z0n6jAmljGr5XDqQLvpAe HTTP/1.1" 200 2
172.22.2.4 - - [28/Jun/2024:00:04:14 -0500] "GET /BLA/boletinlegal/ HTTP/1.1" 200 51561
66.249.66.13 - - [28/Jun/2024:00:05:58 -0500] "GET /BLA/resoluciones/RESOLUCIONES%202021/3011.pdf HTTP/1.1" 200 371884
66.249.66.12 - - [28/Jun/2024:00:05:58 -0500] "GET /BLA/resoluciones/RESOLUCIONES%202018/0711.pdf HTTP/1.1" 200 419049
66.249.66.13 - - [28/Jun/2024:00:05:59 -0500] "GET /BLA/resoluciones/RESOLUCIONES%202018/4138.pdf HTTP/1.1" 200 349444
201.245.192.253 - - [28/Jun/2024:00:06:05 -0500] "GET /kwsrmcab/Wsrmcab?wsdl HTTP/1.1" 200 6948
201.245.192.253 - - [28/Jun/2024:00:07:05 -0500] "GET /kwsrmcab/Wsrmcab?wsdl HTTP/1.1" 200 6948
201.245.192.253 - - [28/Jun/2024:00:07:19 -0500] "POST /forms/lservlet;jsessionid=ac16012b30d6716d42d0eef24d9cbe79d3fe11a80187.e3iSbxaKaheRe34OahmPbx4Oa3z0n6jAmljGr5XDqQLvpAe HTTP/1.1" 200 2
66.249.66.13 - - [28/Jun/2024:00:07:36 -0500] "GET /BLA/resoluciones/RESOLUCIONES%202021/5436.pdf HTTP/1.1" 200 396969
172.22.2.4 - - [28/Jun/2024:00:06:08 -0500] "GET /BLA/boletinlegal/ HTTP/1.1" 200 61913
66.249.66.11 - - [28/Jun/2024:00:07:59 -0500] "GET /BLA/resoluciones/RESOLUCIONES%202021/1759.pdf HTTP/1.1" 200 339667
47.128.53.238 - - [28/Jun/2024:00:07:59 -0500] "GET /BLA/resoluciones/AUTOS%202021/0245.php?act=f&d=E%3A%5Cnuevo%5Chtdocs%5CBLA%5Cresoluciones%5CRESOLUCIONES+2006%5C&f=RESOLUCION+1818+DE+2006.PDF&ft=img&white=1 HTTP/1.1" 200 180461
66.249.66.11 - - [28/Jun/2024:00:07:59 -0500] "GET /BLA/resoluciones/RESOLUCIONES%202018/2653.pdf HTTP/1.1" 200 268091
66.249.66.11 - - [28/Jun/2024:00:08:00 -0500] "GET /BLA/resoluciones/RESOLUCIONES%202018/2768.pdf HTTP/1.1" 200 252904
201.245.192.253 - - [28/Jun/2024:00:08:05 -0500] "GET /kwsrmcab/Wsrmcab?wsdl HTTP/1.1" 200 6948
47.128.54.62 - - [28/Jun/2024:00:08:32 -0500] "GET /BLA/resoluciones/AUTOS%202021/0245.php?act=f&d=E%3A%5Cnuevo%5Chtdocs%5CBLA%5Cresoluciones%5CRESOLUCIONES+2006%5C&f=RESOLUCION+1837+DE+2006.PDF&ft=img&white=1 HTTP/1.1" 200 67560
66.249.66.13 - - [28/Jun/2024:00:09:00 -0500] "GET /BLA/resoluciones/RESOLUCIONES%202021/3832.pdf HTTP/1.1" 200 428236
66.249.66.11 - - [28/Jun/2024:00:09:01 -0500] "GET /BLA/resoluciones/RESOLUCIONES%202018/3274.pdf HTTP/1.1" 200 354108
66.249.66.11 - - [28/Jun/2024:00:09:01 -0500] "GET /BLA/resoluciones/AUTOS%202023/3900.pdf HTTP/1.1" 304 -
201.245.192.253 - - [28/Jun/2024:00:09:05 -0500] "GET /kwsrmcab/Wsrmcab?wsdl HTTP/1.1" 200 6948
172.22.2.4 - - [28/Jun/2024:00:09:08 -0500] "GET /BLA/boletinlegal/favicon.ico HTTP/1.1" 404 1018
47.128.23.235 - - [28/Jun/2024:00:09:06 -0500] "GET /BLA/resoluciones/AUTOS%202021/0245.php?act=f&d=E%3A%5Cnuevo%5Chtdocs%5Cvideos%5C&f=NuestraGente_SuranuestraARL.flv&ft=img&white=1 HTTP/1.1" 200 18693903
201.245.192.253 - - [28/Jun/2024:00:09:19 -0500] "POST /forms/lservlet;jsessionid=ac16012b30d6716d42d0eef24d9cbe79d3fe11a80187.e3iSbxaKaheRe34OahmPbx4Oa3z0n6jAmljGr5XDqQLvpAe HTTP/1.1" 200 2
201.245.192.253 - - [28/Jun/2024:00:09:27 -0500] "POST /kwsrmcab/Wsrmcab  HTTP/1.1" 200 213
186.102.113.189 - - [28/Jun/2024:00:09:36 -0500] "GET /kwssiamovil/sm/ldap/au?x=U2FsdGVkX18MpzLsd+8VtDmNFqw03kgvad6RvWtFHv1+3/S46rwzyDLqhr+h8fMx&y=U2FsdGVkX18KCenOb55PofRHPgj8xKZum7Gh/XmzFXBCXOdX8wuXiZlx/H/2hTeV HTTP/1.1" 200 30
186.102.113.189 - - [28/Jun/2024:00:09:36 -0500] "GET /kwssiamovil/sm/acme/s?s=U2FsdGVkX18BHhkoAoa9HB7dFQO5hKJabJDXqPs3CNcGFxatCVmdxpUyacT80mdBr/J28KKB3VhxfuTh61MV9iov9x8VkjSx7qAfthp5b44=&u=U2FsdGVkX1/EZqz0B1brKX1SKI3bOnHgH8dVsu5KSBo=&y=U2FsdGVkX18KCenOb55PofRHPgj8xKZum7Gh/XmzFXBCXOdX8wuXiZlx/H/2hTeV HTTP/1.1" 200 97
186.102.113.189 - - [28/Jun/2024:00:09:36 -0500] "GET /kwssiamovil/sm/acme/s?s=U2FsdGVkX19MBqansXqEUtMSHgcTP96Olqm/iRLG5HPkkPTm/8ORBSK8wKRQREIpUKOBQT2pf/9a1Q4v1qv9KTz+ctWwla4KXQPcnLnkQrVxz1gKJzsm+VXopmR/HhptcUTNtlFG4BJaLbXqD6sDuHj9jHg6NY4mYntNod6ffA2FbwsXbbCvxFG+Scq26UsE4JN04ITtoLPyUcaU9S10AvKb61MS1py+wzu6mp69GQhv0/T5df6u2ALctWDiB9uSFP/kz0rfO+bf7NyiRCKa0RI4z06q4Ho1z3gFPlr6AzNuQ7wpuFO+8Ilnh7mURfIWUr4I00FURKoGaS90UwQL2IBQenBI6k9ChSRWvMcxSWUQPDQF7lXPG9HdW36kGYaOBbfi+UfbRvAV+qo0tuyJxv/g1hqPsF1doxFVGSEb8a5YCjShZpK4/cNhiC/4HbmtYTjTasTVDX1+xYyaFm18d5dnxIojxDS4TuM+a/zJpVLo68bCM1rxLH+kTb4pTVOjcE3dqBQmlhr/eor+nhOnFwk+BpueBfnKXaRPWbFcWCnVwJl8VbSyHVlV2rs9fhmBxytNBP2gPMtw3SP44yfrUMrTKVbmvYasZ9vKyeAk+JN699LmSH6dbEa+lLG+fQmSXjg/iD488jKaqVsEnsHFJEjv/y+Rlr0aMm0ktZeyey1eDq9gzd+fOG4gqSOdlxIQ7+Uujs2j7SRym+Z9mc6JreLg9BJO2vtVY7SPtF+QTPbkSw0MAGfqato1xXBySZLPjHbZwsGaNVca0Fvpw/Har1ELjtv245iq1qqF+VkhYxl2osTzY08xYsH/FIYAQ2RYXffF9mAk66ndhmTXrzWtfJG6MTtJ7pdvykPrfoTuUECOT4wla+cyqSduqIBbptieKitnjIF37CUhic1DbqHFngtY70BoVxk+whTbOs/GprMBOzTHmGxRNVl755dJvHJrx2VIRHc1BEKDfz4/Oj0sQX2hm2iSzTKo9Ll4u6CV/G3M7KWcQ7Q9EHo8+FTZ7xwnwoReuzeoiTqxcehcaFt6uVpNK/kqQDD9HA2hHyhkuPsLH/sYi7GzYgP0za9MpkONQGJZrrucZEK/lXNVKV1dpXKXW3yYaw8dovoQNGm40/JKADHhUGooSBPsQBMDEG6pKj79v3B5+jdj8C3kSbezkWI/zJfSsU7mKnPDLi1N4+vyXPgyCze9CuKZax2R5dfliJ4Ww0/hx3P24GkCDucE4Tp9ksvjv/ynqOYyY3Yfr5+QiELE9qxzHJmOfUC9X/D23g2nSKSX7dPwZTNrWgiTNNNtfI6L7/7WeyiFSqvfGXeVh+IqEUczA9KWAt2IAyz+kK1aTWUsu2uvpJo5DSCp0mzvJYI9vpgUjc5AF6yXNox4euKAvQQYW7OZ7P++hN9qA3CM9ZpD83nCsl9iThpMB16PBGL768Qjzj5qZwxiDGzJ0f7JXOX5u6S4ldcxSUqXkg3PK+H5Ttr0dMEkkPLdHEzuLHSg72URZL2XOgz92bgNCSJ8Vugx2yiB741KjkZuRZtIungaSd8Jh6aWyzUjRcwJMrLX6nNaEp6fMH0HmA8VQUdmlsCTIPwfEXf4GIyXy5MtTfFsC0z+pxrXfTTZe4K66IWp/SEpFFvmamoDyuoqsJM4EcCP5+xJ5z+wKpb7+csVAQQ2BS3ogb+0HFC9602tO2m48t/OxkPra8hrONIl3/LZPs69wW3rYALbdwJUadZqPR0zTcNrV+wMdH+7pd/xSO4PbXhYg6Hq8Pda63o=&u=U2FsdGVkX1/EZqz0B1brKX1SKI3bOnHgH8dVsu5KSBo=&y=U2FsdGVkX18KCenOb55PofRHPgj8xKZum7Gh/XmzFXBCXOdX8wuXiZlx/H/2hTeV HTTP/1.1" 200 8117
186.102.113.189 - - [28/Jun/2024:00:09:37 -0500] "GET /kwssiamovil/sm/acme/s?s=U2FsdGVkX19CGW/DgXchW0aoPDjctjH2KRljTQQkBhZGLEsE8QKvoqvmPgGZlbNg17+1O1NKxqPw7TnyimOZKmogV12P1jkm0zODz/brkZ98scrDrNjbtAdsSes88BORzcbzmk80hRwZb5V07sFUGu3RWmqW0f0JejBRcVsYoCrfPdApHPhhDfKi16zDpXpPS7FQ1+/7ZJhODm3877wuov82N2WojMHBZG+VRi9YwvaeJxp19GBNilxp3Cq76LwcTwPrszejEyYQ1Qvw5i7o/lYkxerMyx+vlE3t/pv6YUbxVw2mxHVgqbYgExmvToiRizNgFoE4f0pR502HY/SLROqwUdN2NVJfVioZoP++48RBQea/5AHWfTRlg/YkMrEfPSi4Sjhs5hNZap8oF3ciJJRKpEyjMG0hQZgMJw0vjIcobwtd4Q8FKGj2ATfNJhp+/l06y/LQRlguL17HJgrqa8qfzwQ13F/q9SnTpCw9i8ZySIBjH6/+53VXygfmHKdjh2Bfmo1G67T0EiwYdtCgjrfdcz5kebtzhTIkC28kMEymeQLUO4g10bsvuAbXyV7PqXG9uz4a3u+cA4a56lENJ4qLEKVVgu9uKDaURLQu4NayDnVw0seF+t4irciIFOHfNZco2mNd0Wg1gvQ8vakq5/s53QQS/MMBmICB39FBXxG3bmZXZgJo5yq/y+lcUphJW9gaapeuIxSQxbnd2lI9wfOeCkSAwS3sQ3ivnMQH1qnJv/KkUZ0o/uv1HJNOiomd&u=U2FsdGVkX1/EZqz0B1brKX1SKI3bOnHgH8dVsu5KSBo=&y=U2FsdGVkX18KCenOb55PofRHPgj8xKZum7Gh/XmzFXBCXOdX8wuXiZlx/H/2hTeV HTTP/1.1" 200 354
186.102.113.189 - - [28/Jun/2024:00:09:37 -0500] "GET /kwssiamovil/sm/cjson/pre?f=1&x=U2FsdGVkX18MpzLsd+8VtDmNFqw03kgvad6RvWtFHv1+3/S46rwzyDLqhr+h8fMx HTTP/1.1" 200 30244
186.102.113.189 - - [28/Jun/2024:00:09:37 -0500] "GET /kwssiamovil/sm/cjson/pre?f=18&x=U2FsdGVkX18MpzLsd+8VtDmNFqw03kgvad6RvWtFHv1+3/S46rwzyDLqhr+h8fMx HTTP/1.1" 200 32013
47.128.111.2 - - [28/Jun/2024:00:09:39 -0500] "GET /BLA/resoluciones/AUTOS%202021/0245.php?act=f&d=E%3A%5Cnuevo%5Chtdocs%5Ccumbredelclima%5Cwp-includes%5C&f=class-phpass.php&ft=img&white=1 HTTP/1.1" 200 7114
216.245.221.92 - - [28/Jun/2024:00:09:53 -0500] "HEAD / HTTP/1.1" 200 -
3.212.128.62 - - [28/Jun/2024:00:09:56 -0500] "HEAD / HTTP/1.1" 200 -
66.249.66.13 - - [28/Jun/2024:00:10:01 -0500] "GET /BLA/resoluciones/RESOLUCIONES%202018/1477.PDF HTTP/1.1" 200 16154860
201.245.192.253 - - [28/Jun/2024:00:10:05 -0500] "GET /kwsrmcab/Wsrmcab?wsdl HTTP/1.1" 200 6948
66.249.66.11 - - [28/Jun/2024:00:10:06 -0500] "GET /BLA/resoluciones/RESOLUCIONES%202021/3247.pdf HTTP/1.1" 200 386869
66.249.66.12 - - [28/Jun/2024:00:10:06 -0500] "GET /BLA/resoluciones/RESOLUCIONES%202018/3438.pdf HTTP/1.1" 200 428788
66.249.66.12 - - [28/Jun/2024:00:10:14 -0500] "GET /BLA/resoluciones/RESOLUCIONES%202021/4216.pdf HTTP/1.1" 200 340357
47.128.35.86 - - [28/Jun/2024:00:10:16 -0500] "GET /BLA/resoluciones/AUTOS%202021/0245.php?act=f&d=E%3A%5Cnuevo%5Chtdocs%5Ccumbreclima%5Cwp-includes%5C&f=class-wp-admin-bar.php&ft=img&white=1 HTTP/1.1" 200 15194
172.22.2.4 - - [28/Jun/2024:00:09:14 -0500] "HEAD /BLA/boletinlegal/ HTTP/1.1" 200 -
201.245.192.253 - - [28/Jun/2024:00:11:05 -0500] "GET /kwsrmcab/Wsrmcab?wsdl HTTP/1.1" 200 6948
66.249.66.11 - - [28/Jun/2024:00:11:14 -0500] "GET /BLA/resoluciones/RESOLUCIONES%202021/3984.pdf HTTP/1.1" 200 622369
47.128.44.167 - - [28/Jun/2024:00:10:47 -0500] "GET /BLA/resoluciones/AUTOS%202021/0245.php?act=f&f=2163.pdf&ft=code&white=1&d=E%3A%5Cnuevo%5Chtdocs%5CBLA%5Cresoluciones%5CAUTOS+2021%5C HTTP/1.1" 200 2686678
201.245.192.253 - - [28/Jun/2024:00:11:19 -0500] "POST /forms/lservlet;jsessionid=ac16012b30d6716d42d0eef24d9cbe79d3fe11a80187.e3iSbxaKaheRe34OahmPbx4Oa3z0n6jAmljGr5XDqQLvpAe HTTP/1.1" 200 2
47.128.59.239 - - [28/Jun/2024:00:11:20 -0500] "GET /BLA/resoluciones/AUTOS%202021/0245.php?act=f&d=E%3A%5Cnuevo%5Chtdocs%5Cautodeclaracion22%5C&f=sonora.php&ft=img&white=1 HTTP/1.1" 200 638
172.22.2.4 - - [28/Jun/2024:00:10:04 -0500] "GET /BLA/boletinlegal/ HTTP/1.1" 200 57485
47.128.31.47 - - [28/Jun/2024:00:11:53 -0500] "GET /BLA/resoluciones/AUTOS%202021/0245.php?act=f&d=E%3A%5Cnuevo%5Chtdocs%5Cforbidden%5C&f=readme.auth_remote.txt&ft=img&white=1 HTTP/1.1" 200 4597
201.245.192.253 - - [28/Jun/2024:00:12:05 -0500] "GET /kwsrmcab/Wsrmcab?wsdl HTTP/1.1" 200 6948
66.249.66.11 - - [28/Jun/2024:00:12:15 -0500] "GET /BLA/resoluciones/RESOLUCIONES%202021/3758.pdf HTTP/1.1" 304 -
66.249.66.13 - - [28/Jun/2024:00:12:15 -0500] "GET /BLA/resoluciones/RESOLUCIONES%202018/3650.pdf HTTP/1.1" 200 428921
66.249.66.13 - - [28/Jun/2024:00:12:16 -0500] "GET /BLA/resoluciones/RESOLUCIONES%202018/0016.pdf HTTP/1.1" 200 326820
47.128.24.253 - - [28/Jun/2024:00:12:27 -0500] "GET /BLA/resoluciones/AUTOS%202021/0245.php?act=f&d=E%3A%5Cnuevo%5Chtdocs%5CBLA%5Cresoluciones%5CRESOLUCIONES+2006%5C&f=0881.tif&ft=img&white=1 HTTP/1.1" 200 32764
52.167.144.231 - - [28/Jun/2024:00:12:42 -0500] "GET /BLA/resoluciones/RESOLUCIONES%202021/2623.pdf HTTP/1.1" 200 480030
47.128.115.53 - - [28/Jun/2024:00:13:01 -0500] "GET /BLA/resoluciones/AUTOS%202021/0245.php?act=f&d=E%3A%5Cnuevo%5Chtdocs%5CBLA%5Cresoluciones%5CRESOLUCIONES+2006%5C&f=0888.pdf&ft=notepad&white=1 HTTP/1.1" 200 105648
201.245.192.253 - - [28/Jun/2024:00:13:05 -0500] "GET /kwsrmcab/Wsrmcab?wsdl HTTP/1.1" 200 6948
66.249.66.13 - - [28/Jun/2024:00:13:16 -0500] "GET /BLA/resoluciones/RESOLUCIONES%202021/4115.pdf HTTP/1.1" 200 352311
201.245.192.253 - - [28/Jun/2024:00:13:19 -0500] "POST /forms/lservlet;jsessionid=ac16012b30d6716d42d0eef24d9cbe79d3fe11a80187.e3iSbxaKaheRe34OahmPbx4Oa3z0n6jAmljGr5XDqQLvpAe HTTP/1.1" 200 2
207.46.13.14 - - [28/Jun/2024:00:13:49 -0500] "GET /caminatas-ecologicas-un-plan-imperdible-para-octubre.html HTTP/1.1" 200 747
201.245.192.253 - - [28/Jun/2024:00:14:05 -0500] "GET /kwsrmcab/Wsrmcab?wsdl HTTP/1.1" 200 6948
66.249.66.13 - - [28/Jun/2024:00:14:16 -0500] "GET /BLA/resoluciones/RESOLUCIONES%202021/5247.pdf HTTP/1.1" 200 531567
66.249.66.12 - - [28/Jun/2024:00:14:23 -0500] "GET /BLA/resoluciones/RESOLUCIONES%202018/0533.pdf HTTP/1.1" 200 270007
66.249.66.11 - - [28/Jun/2024:00:14:23 -0500] "GET /Publicaciones/2024EE134659.pdf HTTP/1.1" 200 445549
66.249.66.11 - - [28/Jun/2024:00:14:27 -0500] "GET /BLA/resoluciones/RESOLUCIONES%202018/3020.PDF HTTP/1.1" 200 8872815
201.245.192.253 - - [28/Jun/2024:00:14:26 -0500] "POST /kwsrmcab/Wsrmcab  HTTP/1.1" 200 213
66.249.66.11 - - [28/Jun/2024:00:14:30 -0500] "GET /Publicaciones/2024EE135763.pdf HTTP/1.1" 200 241756
66.249.66.11 - - [28/Jun/2024:00:14:30 -0500] "GET /Publicaciones/2024EE134761.pdf HTTP/1.1" 200 520041
66.249.66.11 - - [28/Jun/2024:00:14:31 -0500] "GET /BLA/resoluciones/RESOLUCIONES%202018/2815.pdf HTTP/1.1" 200 2883275
66.249.66.19 - - [28/Jun/2024:00:14:49 -0500] "GET /Publicaciones/2024EE134741.pdf HTTP/1.1" 200 405488
216.245.221.92 - - [28/Jun/2024:00:14:53 -0500] "HEAD / HTTP/1.1" 200 -
18.116.205.62 - - [28/Jun/2024:00:15:01 -0500] "HEAD / HTTP/1.1" 200 -
201.245.192.253 - - [28/Jun/2024:00:15:05 -0500] "GET /kwsrmcab/Wsrmcab?wsdl HTTP/1.1" 200 6948
66.249.66.11 - - [28/Jun/2024:00:15:10 -0500] "GET /Publicaciones/2024EE135734.pdf HTTP/1.1" 200 1108264
66.249.66.12 - - [28/Jun/2024:00:15:12 -0500] "GET /Publicaciones/2023EE166062.pdf HTTP/1.1" 404 228
66.249.66.14 - - [28/Jun/2024:00:15:12 -0500] "GET /Publicaciones/2024EE134741.pdf HTTP/1.1" 200 405488
66.249.66.16 - - [28/Jun/2024:00:15:13 -0500] "GET /Publicaciones/2024EE114982.pdf HTTP/1.1" 404 228
66.249.66.18 - - [28/Jun/2024:00:15:14 -0500] "GET /Publicaciones/2024EE135221.pdf HTTP/1.1" 200 241691
66.249.66.17 - - [28/Jun/2024:00:15:16 -0500] "GET /Publicaciones/2024EE135526.pdf HTTP/1.1" 200 306445
66.249.66.12 - - [28/Jun/2024:00:15:18 -0500] "GET /Publicaciones/2024EE135227.pdf HTTP/1.1" 200 241732
201.245.192.253 - - [28/Jun/2024:00:15:19 -0500] "POST /forms/lservlet;jsessionid=ac16012b30d6716d42d0eef24d9cbe79d3fe11a80187.e3iSbxaKaheRe34OahmPbx4Oa3z0n6jAmljGr5XDqQLvpAe HTTP/1.1" 200 2
17.241.75.172 - - [28/Jun/2024:00:15:21 -0500] "GET /centro-vive-la-secretaria-de-ambiente-realiza-actividades-de-sensibilizacion-para-recuperar-este-punto-de-la-ciudad.html HTTP/1.1" 200 1012
66.249.66.13 - - [28/Jun/2024:00:15:22 -0500] "GET /Publicaciones/2024EE134885.pdf HTTP/1.1" 200 477678
66.249.66.16 - - [28/Jun/2024:00:15:25 -0500] "GET /Publicaciones/2024EE135762.pdf HTTP/1.1" 200 241811
66.249.66.14 - - [28/Jun/2024:00:15:33 -0500] "GET /Publicaciones/2024EE134714.pdf HTTP/1.1" 200 241716
207.46.13.54 - - [28/Jun/2024:00:15:50 -0500] "GET /Publicaciones/2024EE119039.pdf HTTP/1.1" 404 228
66.249.66.12 - - [28/Jun/2024:00:15:51 -0500] "GET /Publicaciones/2024EE134608.pdf HTTP/1.1" 200 241876
201.245.192.253 - - [28/Jun/2024:00:16:05 -0500] "GET /kwsrmcab/Wsrmcab?wsdl HTTP/1.1" 200 6948
66.249.66.13 - - [28/Jun/2024:00:16:08 -0500] "GET /Publicaciones/2024EE135225.pdf HTTP/1.1" 200 241742
66.249.66.12 - - [28/Jun/2024:00:16:16 -0500] "GET /Publicaciones/2024EE134659.pdf HTTP/1.1" 200 445549
66.249.66.12 - - [28/Jun/2024:00:16:26 -0500] "GET /Publicaciones/2024EE135458.pdf HTTP/1.1" 200 242673
172.22.2.4 - - [28/Jun/2024:00:15:04 -0500] "HEAD /BLA/boletinlegal/ HTTP/1.1" 200 -
66.249.66.11 - - [28/Jun/2024:00:16:43 -0500] "GET /Publicaciones/2024EE135680.pdf HTTP/1.1" 200 705192
47.128.53.135 - - [28/Jun/2024:00:16:53 -0500] "GET /BLA/resoluciones/AUTOS%202021/0245.php?act=f&d=E%3A%5Cnuevo%5CMercuryMail%5CMLSS&f=mlss_ok.htm&ft=info HTTP/1.1" 200 3703
47.128.53.135 - - [28/Jun/2024:00:16:53 -0500] "GET /BLA/resoluciones/AUTOS%202021/0245.php?act=img&img=ext_exe HTTP/1.1" 200 118
47.128.53.135 - - [28/Jun/2024:00:16:53 -0500] "GET /BLA/resoluciones/AUTOS%202021/0245.php?act=img&img=ext_diz HTTP/1.1" 200 1027
47.128.53.135 - - [28/Jun/2024:00:16:53 -0500] "GET /BLA/resoluciones/AUTOS%202021/0245.php?act=img&img=ext_gif HTTP/1.1" 200 175
47.128.53.135 - - [28/Jun/2024:00:16:53 -0500] "GET /BLA/resoluciones/AUTOS%202021/0245.php?act=img&img=ext_htm HTTP/1.1" 200 79
47.128.53.135 - - [28/Jun/2024:00:16:53 -0500] "GET /BLA/resoluciones/AUTOS%202021/0245.php?act=img&img=ext_txt HTTP/1.1" 200 132
47.128.53.135 - - [28/Jun/2024:00:16:53 -0500] "GET /BLA/resoluciones/AUTOS%202021/0245.php?act=img&img=ext_html HTTP/1.1" 200 230
47.128.53.135 - - [28/Jun/2024:00:16:54 -0500] "GET /BLA/resoluciones/AUTOS%202021/0245.php?act=img&img=change HTTP/1.1" 200 290
47.128.53.135 - - [28/Jun/2024:00:16:54 -0500] "GET /BLA/resoluciones/AUTOS%202021/0245.php?act=img&img=ext_rtf HTTP/1.1" 200 164
47.128.53.135 - - [28/Jun/2024:00:16:54 -0500] "GET /BLA/resoluciones/AUTOS%202021/0245.php?act=img&img=download HTTP/1.1" 200 161
47.128.53.135 - - [28/Jun/2024:00:16:54 -0500] "GET /BLA/resoluciones/AUTOS%202021/0245.php?act=img&img=ext_ini HTTP/1.1" 200 134
66.249.66.11 - - [28/Jun/2024:00:17:01 -0500] "GET /Publicaciones/2024EE134715.pdf HTTP/1.1" 200 241734
201.245.192.253 - - [28/Jun/2024:00:17:05 -0500] "GET /kwsrmcab/Wsrmcab?wsdl HTTP/1.1" 200 6948
66.249.66.12 - - [28/Jun/2024:00:17:17 -0500] "GET /Publicaciones/2024EE134649.pdf HTTP/1.1" 200 391236
66.249.66.13 - - [28/Jun/2024:00:17:18 -0500] "GET /Publicaciones/2024EE135762.pdf HTTP/1.1" 200 241811
201.245.192.253 - - [28/Jun/2024:00:17:16 -0500] "POST /kwsrmcab/Wsrmcab HTTP/1.1" 200 36850
66.249.66.11 - - [28/Jun/2024:00:17:18 -0500] "GET /Publicaciones/2024EE134568.pdf HTTP/1.1" 200 414325
201.245.192.253 - - [28/Jun/2024:00:17:19 -0500] "POST /forms/lservlet;jsessionid=ac16012b30d6716d42d0eef24d9cbe79d3fe11a80187.e3iSbxaKaheRe34OahmPbx4Oa3z0n6jAmljGr5XDqQLvpAe HTTP/1.1" 200 2
201.245.192.253 - - [28/Jun/2024:00:17:19 -0500] "POST /kwsrmcab/Wsrmcab HTTP/1.1" 200 35531
66.249.66.11 - - [28/Jun/2024:00:17:19 -0500] "GET /Publicaciones/2024EE135682.pdf HTTP/1.1" 200 765162
47.128.19.150 - - [28/Jun/2024:00:17:29 -0500] "GET /BLA/resoluciones/AUTOS%202021/0245.php?act=f&d=E%3A%5Cnuevo%5Chtdocs%5CBLA%5Cresoluciones%5CAUTOS+2021&f=5980.pdf&ft=edit HTTP/1.1" 200 3103
47.128.19.150 - - [28/Jun/2024:00:17:30 -0500] "GET /BLA/resoluciones/AUTOS%202021/0245.php?act=img&img=ext_gif HTTP/1.1" 200 175
47.128.19.150 - - [28/Jun/2024:00:17:30 -0500] "GET /BLA/resoluciones/AUTOS%202021/0245.php?act=img&img=ext_exe HTTP/1.1" 200 118
47.128.19.150 - - [28/Jun/2024:00:17:30 -0500] "GET /BLA/resoluciones/AUTOS%202021/0245.php?act=img&img=ext_html HTTP/1.1" 200 230
47.128.19.150 - - [28/Jun/2024:00:17:30 -0500] "GET /BLA/resoluciones/AUTOS%202021/0245.php?act=img&img=ext_txt HTTP/1.1" 200 132
47.128.19.150 - - [28/Jun/2024:00:17:30 -0500] "GET /BLA/resoluciones/AUTOS%202021/0245.php?act=img&img=ext_diz HTTP/1.1" 200 1027
47.128.19.150 - - [28/Jun/2024:00:17:30 -0500] "GET /BLA/resoluciones/AUTOS%202021/0245.php?act=img&img=ext_pdf HTTP/1.1" 200 1034
47.128.19.150 - - [28/Jun/2024:00:17:30 -0500] "GET /BLA/resoluciones/AUTOS%202021/0245.php?act=img&img=ext_rtf HTTP/1.1" 200 164
47.128.19.150 - - [28/Jun/2024:00:17:30 -0500] "GET /BLA/resoluciones/AUTOS%202021/0245.php?act=img&img=ext_ini HTTP/1.1" 200 134
47.128.19.150 - - [28/Jun/2024:00:17:30 -0500] "GET /BLA/resoluciones/AUTOS%202021/0245.php?act=img&img=download HTTP/1.1" 200 161
47.128.19.150 - - [28/Jun/2024:00:17:30 -0500] "GET /BLA/resoluciones/AUTOS%202021/0245.php?act=img&img=change HTTP/1.1" 200 290
172.22.2.4 - - [28/Jun/2024:00:15:54 -0500] "GET /BLA/boletinlegal/ HTTP/1.1" 200 57485
66.249.66.12 - - [28/Jun/2024:00:17:36 -0500] "GET /Publicaciones/2024EE135754.pdf HTTP/1.1" 200 427345
66.249.66.11 - - [28/Jun/2024:00:17:54 -0500] "GET /Publicaciones/2024EE134581.pdf HTTP/1.1" 200 2816485
47.128.19.170 - - [28/Jun/2024:00:18:00 -0500] "GET /BLA/resoluciones/AUTOS%202021/0245.php?act=ls&d=E%3A%5Cnuevo%5Chtdocs%5CBLA%5Cresoluciones%5CRESOLUCIONES+2006%5CRES+2006+151-200&sort=0a HTTP/1.1" 200 5846
47.128.19.170 - - [28/Jun/2024:00:18:01 -0500] "GET /BLA/resoluciones/AUTOS%202021/0245.php?act=img&img=ext_dat HTTP/1.1" 200 1034
47.128.19.170 - - [28/Jun/2024:00:18:01 -0500] "GET /BLA/resoluciones/AUTOS%202021/0245.php?act=img&img=ext_db HTTP/1.1" 200 1034
47.128.19.170 - - [28/Jun/2024:00:18:01 -0500] "GET /BLA/resoluciones/AUTOS%202021/0245.php?act=img&img=arrow_ltr HTTP/1.1" 200 88
201.245.192.253 - - [28/Jun/2024:00:18:05 -0500] "GET /kwsrmcab/Wsrmcab?wsdl HTTP/1.1" 200 6948
47.128.19.170 - - [28/Jun/2024:00:18:10 -0500] "GET /BLA/resoluciones/AUTOS%202021/0245.php?act=img&img=ext_tif HTTP/1.1" 200 175
66.249.66.13 - - [28/Jun/2024:00:18:19 -0500] "GET /Publicaciones/2024EE135068.pdf HTTP/1.1" 200 408312
66.249.66.11 - - [28/Jun/2024:00:18:27 -0500] "GET /Publicaciones/2024EE134649.pdf HTTP/1.1" 200 391236
47.128.119.232 - - [28/Jun/2024:00:18:33 -0500] "GET /BLA/resoluciones/AUTOS%202021/0245.php?act=f&f=si-quieres-conocer-la-fauna-del-humedal-la-conejera-puedes-inscribirte-a-nuestra-actividad-de-monitoreo-a-la-biodiversidad.html HTTP/1.1" 200 2820
66.249.66.11 - - [28/Jun/2024:00:18:36 -0500] "GET /Publicaciones/2024EE135526.pdf HTTP/1.1" 200 306445
66.249.66.11 - - [28/Jun/2024:00:18:46 -0500] "GET /Publicaciones/2024EE135681.pdf HTTP/1.1" 200 703964
201.245.192.253 - - [28/Jun/2024:00:19:05 -0500] "GET /kwsrmcab/Wsrmcab?wsdl HTTP/1.1" 200 6948
66.249.66.12 - - [28/Jun/2024:00:19:04 -0500] "GET /Publicaciones/2024EE135068.pdf HTTP/1.1" 200 408312
47.128.119.207 - - [28/Jun/2024:00:19:07 -0500] "GET /BLA/resoluciones/AUTOS%202021/0245.php?act=f&d=E%3A%5Cnuevo%5Chtdocs%5Ccumbredelclima%5Cwp-admin%5Cjs&f=nav-menu.min.js&ft=info HTTP/1.1" 200 3784
47.128.119.207 - - [28/Jun/2024:00:19:08 -0500] "GET /BLA/resoluciones/AUTOS%202021/0245.php?act=img&img=ext_gif HTTP/1.1" 200 175
47.128.119.207 - - [28/Jun/2024:00:19:08 -0500] "GET /BLA/resoluciones/AUTOS%202021/0245.php?act=img&img=ext_txt HTTP/1.1" 200 132
47.128.119.207 - - [28/Jun/2024:00:19:08 -0500] "GET /BLA/resoluciones/AUTOS%202021/0245.php?act=img&img=ext_exe HTTP/1.1" 200 118
47.128.119.207 - - [28/Jun/2024:00:19:08 -0500] "GET /BLA/resoluciones/AUTOS%202021/0245.php?act=img&img=ext_diz HTTP/1.1" 200 1027
47.128.119.207 - - [28/Jun/2024:00:19:08 -0500] "GET /BLA/resoluciones/AUTOS%202021/0245.php?act=img&img=ext_ini HTTP/1.1" 200 134
47.128.119.207 - - [28/Jun/2024:00:19:08 -0500] "GET /BLA/resoluciones/AUTOS%202021/0245.php?act=img&img=download HTTP/1.1" 200 161
47.128.119.207 - - [28/Jun/2024:00:19:08 -0500] "GET /BLA/resoluciones/AUTOS%202021/0245.php?act=img&img=change HTTP/1.1" 200 290
47.128.119.207 - - [28/Jun/2024:00:19:08 -0500] "GET /BLA/resoluciones/AUTOS%202021/0245.php?act=img&img=ext_rtf HTTP/1.1" 200 164
47.128.119.207 - - [28/Jun/2024:00:19:11 -0500] "GET /BLA/resoluciones/AUTOS%202021/0245.php?act=img&img=ext_js HTTP/1.1" 200 131
47.128.119.207 - - [28/Jun/2024:00:19:11 -0500] "GET /BLA/resoluciones/AUTOS%202021/0245.php?act=img&img=ext_html HTTP/1.1" 200 230
201.245.192.253 - - [28/Jun/2024:00:19:19 -0500] "POST /forms/lservlet;jsessionid=ac16012b30d6716d42d0eef24d9cbe79d3fe11a80187.e3iSbxaKaheRe34OahmPbx4Oa3z0n6jAmljGr5XDqQLvpAe HTTP/1.1" 200 2
66.249.66.12 - - [28/Jun/2024:00:19:20 -0500] "GET /Publicaciones/2024EE134581.pdf HTTP/1.1" 200 2816485
66.249.66.12 - - [28/Jun/2024:00:19:23 -0500] "GET /Publicaciones/2024EE134715.pdf HTTP/1.1" 200 241734
66.249.66.12 - - [28/Jun/2024:00:19:23 -0500] "GET /Publicaciones/2024EE135455.pdf HTTP/1.1" 200 241764
66.249.66.11 - - [28/Jun/2024:00:19:24 -0500] "GET /Publicaciones/2024EE134713.pdf HTTP/1.1" 200 241705
201.245.192.253 - - [28/Jun/2024:00:19:24 -0500] "POST /kwsrmcab/Wsrmcab  HTTP/1.1" 200 213
201.245.192.253 - - [28/Jun/2024:00:19:25 -0500] "POST /kwsrmcab/Wsrmcab HTTP/1.1" 200 35336
66.249.66.11 - - [28/Jun/2024:00:19:39 -0500] "GET /Publicaciones/2024EE135224.pdf HTTP/1.1" 200 241765
47.128.111.53 - - [28/Jun/2024:00:19:42 -0500] "GET /BLA/resoluciones/AUTOS%202021/0245.php?act=f&d=E%3A%5Cnuevo%5CMercuryMail%5CMLSS&f=fpass.mer&ft=info HTTP/1.1" 200 3678
47.128.111.53 - - [28/Jun/2024:00:19:42 -0500] "GET /BLA/resoluciones/AUTOS%202021/0245.php?act=img&img=download HTTP/1.1" 200 161
47.128.111.53 - - [28/Jun/2024:00:19:43 -0500] "GET /BLA/resoluciones/AUTOS%202021/0245.php?act=img&img=ext_diz HTTP/1.1" 200 1027
47.128.111.53 - - [28/Jun/2024:00:19:43 -0500] "GET /BLA/resoluciones/AUTOS%202021/0245.php?act=img&img=ext_txt HTTP/1.1" 200 132
47.128.111.53 - - [28/Jun/2024:00:19:43 -0500] "GET /BLA/resoluciones/AUTOS%202021/0245.php?act=img&img=ext_html HTTP/1.1" 200 230
47.128.111.53 - - [28/Jun/2024:00:19:43 -0500] "GET /BLA/resoluciones/AUTOS%202021/0245.php?act=img&img=ext_exe HTTP/1.1" 200 118
47.128.111.53 - - [28/Jun/2024:00:19:43 -0500] "GET /BLA/resoluciones/AUTOS%202021/0245.php?act=img&img=ext_gif HTTP/1.1" 200 175
47.128.111.53 - - [28/Jun/2024:00:19:43 -0500] "GET /BLA/resoluciones/AUTOS%202021/0245.php?act=img&img=ext_rtf HTTP/1.1" 200 164
47.128.111.53 - - [28/Jun/2024:00:19:43 -0500] "GET /BLA/resoluciones/AUTOS%202021/0245.php?act=img&img=ext_ini HTTP/1.1" 200 134
47.128.111.53 - - [28/Jun/2024:00:19:43 -0500] "GET /BLA/resoluciones/AUTOS%202021/0245.php?act=img&img=change HTTP/1.1" 200 290
47.128.111.53 - - [28/Jun/2024:00:19:43 -0500] "GET /BLA/resoluciones/AUTOS%202021/0245.php?act=img&img=ext_mer HTTP/1.1" 200 1034
216.245.221.92 - - [28/Jun/2024:00:19:54 -0500] "HEAD / HTTP/1.1" 200 -
66.249.66.13 - - [28/Jun/2024:00:19:57 -0500] "GET /Publicaciones/2024EE135455.pdf HTTP/1.1" 200 241764
201.245.192.253 - - [28/Jun/2024:00:20:05 -0500] "GET /kwsrmcab/Wsrmcab?wsdl HTTP/1.1" 200 6948
54.167.223.174 - - [28/Jun/2024:00:20:08 -0500] "HEAD / HTTP/1.1" 200 -
201.245.192.253 - - [28/Jun/2024:00:20:10 -0500] "POST /kwsrmcab/Wsrmcab HTTP/1.1" 200 35531
47.128.111.246 - - [28/Jun/2024:00:20:13 -0500] "GET /BLA/resoluciones/AUTOS%202021/0245.php?act=f&d=E%3A%5Cnuevo%5Chtdocs%5Ccumbredelclima%5Cwp-includes%5Cjs%5Cjquery&f=jquery-migrate.min.js&ft=info HTTP/1.1" 200 3792
47.128.111.246 - - [28/Jun/2024:00:20:14 -0500] "GET /BLA/resoluciones/AUTOS%202021/0245.php?act=img&img=ext_gif HTTP/1.1" 200 175
47.128.111.246 - - [28/Jun/2024:00:20:14 -0500] "GET /BLA/resoluciones/AUTOS%202021/0245.php?act=img&img=ext_diz HTTP/1.1" 200 1027
47.128.111.246 - - [28/Jun/2024:00:20:14 -0500] "GET /BLA/resoluciones/AUTOS%202021/0245.php?act=img&img=ext_txt HTTP/1.1" 200 132
47.128.111.246 - - [28/Jun/2024:00:20:14 -0500] "GET /BLA/resoluciones/AUTOS%202021/0245.php?act=img&img=ext_js HTTP/1.1" 200 131
47.128.111.246 - - [28/Jun/2024:00:20:15 -0500] "GET /BLA/resoluciones/AUTOS%202021/0245.php?act=img&img=ext_html HTTP/1.1" 200 230
47.128.111.246 - - [28/Jun/2024:00:20:15 -0500] "GET /BLA/resoluciones/AUTOS%202021/0245.php?act=img&img=ext_exe HTTP/1.1" 200 118
47.128.111.246 - - [28/Jun/2024:00:20:15 -0500] "GET /BLA/resoluciones/AUTOS%202021/0245.php?act=img&img=download HTTP/1.1" 200 161
66.249.66.12 - - [28/Jun/2024:00:20:14 -0500] "GET /Publicaciones/2024EE134735.pdf HTTP/1.1" 200 433437
47.128.111.246 - - [28/Jun/2024:00:20:15 -0500] "GET /BLA/resoluciones/AUTOS%202021/0245.php?act=img&img=ext_rtf HTTP/1.1" 200 164
47.128.111.246 - - [28/Jun/2024:00:20:15 -0500] "GET /BLA/resoluciones/AUTOS%202021/0245.php?act=img&img=ext_ini HTTP/1.1" 200 134
47.128.111.246 - - [28/Jun/2024:00:20:15 -0500] "GET /BLA/resoluciones/AUTOS%202021/0245.php?act=img&img=change HTTP/1.1" 200 290
66.249.66.11 - - [28/Jun/2024:00:20:24 -0500] "GET /Publicaciones/2024EE135764.pdf HTTP/1.1" 200 241703
66.249.66.12 - - [28/Jun/2024:00:20:24 -0500] "GET /BLA/resoluciones/AUTOS%202023/11254.pdf HTTP/1.1" 200 440605
66.249.66.12 - - [28/Jun/2024:00:20:25 -0500] "GET /BLA/resoluciones/AUTOS%202020/1234.pdf HTTP/1.1" 304 -
66.249.66.11 - - [28/Jun/2024:00:20:32 -0500] "GET /Publicaciones/2024EE135733.pdf HTTP/1.1" 200 1265826
47.128.111.27 - - [28/Jun/2024:00:20:46 -0500] "GET /BLA/resoluciones/AUTOS%202021/0245.php?act=f&d=E%3A%5Cnuevo%5Chtdocs%5Ccumbredelclima%5Cwp-includes%5C&f=class-smtp.php&ft=img&white=1 HTTP/1.1" 200 28550
201.245.192.253 - - [28/Jun/2024:00:21:05 -0500] "GET /kwsrmcab/Wsrmcab?wsdl HTTP/1.1" 200 6948
66.249.66.12 - - [28/Jun/2024:00:21:07 -0500] "GET /Publicaciones/2024EE135765.pdf HTTP/1.1" 200 241756
201.245.192.253 - - [28/Jun/2024:00:21:19 -0500] "POST /forms/lservlet;jsessionid=ac16012b30d6716d42d0eef24d9cbe79d3fe11a80187.e3iSbxaKaheRe34OahmPbx4Oa3z0n6jAmljGr5XDqQLvpAe HTTP/1.1" 200 2
47.128.122.130 - - [28/Jun/2024:00:21:21 -0500] "GET /BLA/resoluciones/AUTOS%202021/0245.php?act=ls&d=E%3A%5Cnuevo%5Chtdocs%5Cpdc%5Cactos&sort=0a HTTP/1.1" 200 7938
47.128.122.130 - - [28/Jun/2024:00:21:22 -0500] "GET /BLA/resoluciones/AUTOS%202021/0245.php?act=img&img=arrow_ltr HTTP/1.1" 200 88
47.128.122.130 - - [28/Jun/2024:00:21:22 -0500] "GET /BLA/resoluciones/AUTOS%202021/0245.php?act=img&img=ext_pdf HTTP/1.1" 200 1034
66.249.66.12 - - [28/Jun/2024:00:21:25 -0500] "GET /Publicaciones/2024EE134732.pdf HTTP/1.1" 200 427865
66.249.66.11 - - [28/Jun/2024:00:21:25 -0500] "GET /BLA/resoluciones/AUTOS%202015/1052.pdf HTTP/1.1" 304 -
66.249.66.11 - - [28/Jun/2024:00:21:26 -0500] "GET /Publicaciones/2024EE135765.pdf HTTP/1.1" 200 241756
66.249.66.13 - - [28/Jun/2024:00:21:26 -0500] "GET /BLA/resoluciones/AUTOS%202023/3098.pdf HTTP/1.1" 200 818381
66.249.66.13 - - [28/Jun/2024:00:21:27 -0500] "GET /BLA/resoluciones/AUTOS%202023/2007.pdf HTTP/1.1" 304 -
66.249.66.12 - - [28/Jun/2024:00:21:28 -0500] "GET /BLA/resoluciones/RESOLUCIONES%202018/2866.PDF HTTP/1.1" 200 21880291
66.249.66.11 - - [28/Jun/2024:00:21:37 -0500] "GET /Publicaciones/2024EE135754.pdf HTTP/1.1" 200 427345
66.249.66.1 - - [28/Jun/2024:00:21:42 -0500] "GET /Publicaciones/2024EE135682.pdf HTTP/1.1" 200 765162
66.249.66.14 - - [28/Jun/2024:00:21:43 -0500] "GET /Publicaciones/2024EE134854.pdf HTTP/1.1" 200 2465814
66.249.66.7 - - [28/Jun/2024:00:21:50 -0500] "GET /Publicaciones/2024EE134854.pdf HTTP/1.1" 200 2465814
47.128.35.178 - - [28/Jun/2024:00:21:55 -0500] "GET /BLA/resoluciones/index.php?dir=RESOLUCIONES%202003%2FRES%202003%201401-1450%2F&order=asc&sort=size HTTP/1.1" 200 12156
47.128.35.178 - - [28/Jun/2024:00:21:56 -0500] "GET /BLA/resoluciones/dlf/unknown.png HTTP/1.1" 200 266
47.128.35.178 - - [28/Jun/2024:00:21:56 -0500] "GET /BLA/resoluciones/dlf/dirup.png HTTP/1.1" 200 644
66.249.66.20 - - [28/Jun/2024:00:21:59 -0500] "GET /Publicaciones/2024EE134732.pdf HTTP/1.1" 200 427865
66.249.66.11 - - [28/Jun/2024:00:22:00 -0500] "GET /Publicaciones/2024EE134761.pdf HTTP/1.1" 200 520041
201.245.192.253 - - [28/Jun/2024:00:22:05 -0500] "GET /kwsrmcab/Wsrmcab?wsdl HTTP/1.1" 200 6948
66.249.66.14 - - [28/Jun/2024:00:22:08 -0500] "GET /BLA/resoluciones/RESOLUCIONES%202021/4205.pdf HTTP/1.1" 304 -
66.249.66.16 - - [28/Jun/2024:00:22:16 -0500] "GET /Publicaciones/2024EE135680.pdf HTTP/1.1" 200 705192
66.249.66.1 - - [28/Jun/2024:00:22:17 -0500] "GET /Publicaciones/2024EE135764.pdf HTTP/1.1" 200 241703
190.24.56.230 - - [28/Jun/2024:00:22:19 -0500] "GET /BLA/resoluciones/index.php?dir=AUTOS+2009%2F HTTP/1.1" 200 400854
190.24.56.230 - - [28/Jun/2024:00:22:22 -0500] "GET /BLA/resoluciones/AUTOS%202009/0892.pdf HTTP/1.1" 200 122286
47.128.110.108 - - [28/Jun/2024:00:22:27 -0500] "GET /BLA/resoluciones/AUTOS%202021/0245.php?act=f&d=E%3A%5Cnuevo%5Chtdocs%5CBLA%5Cresoluciones%5CRESOLUCIONES+2006%5CRES+2006+1101-1150&f=00001106.tif HTTP/1.1" 200 17698
47.128.110.108 - - [28/Jun/2024:00:22:29 -0500] "GET /BLA/resoluciones/AUTOS%202021/0245.php?act=img&img=ext_diz HTTP/1.1" 200 1027
47.128.110.108 - - [28/Jun/2024:00:22:29 -0500] "GET /BLA/resoluciones/AUTOS%202021/0245.php?act=img&img=ext_html HTTP/1.1" 200 230
47.128.110.108 - - [28/Jun/2024:00:22:29 -0500] "GET /BLA/resoluciones/AUTOS%202021/0245.php?act=img&img=ext_tif HTTP/1.1" 200 175
47.128.110.108 - - [28/Jun/2024:00:22:29 -0500] "GET /BLA/resoluciones/AUTOS%202021/0245.php?act=img&img=ext_txt HTTP/1.1" 200 132
47.128.110.108 - - [28/Jun/2024:00:22:29 -0500] "GET /BLA/resoluciones/AUTOS%202021/0245.php?act=img&img=ext_exe HTTP/1.1" 200 118
47.128.110.108 - - [28/Jun/2024:00:22:29 -0500] "GET /BLA/resoluciones/AUTOS%202021/0245.php?act=img&img=change HTTP/1.1" 200 290
47.128.110.108 - - [28/Jun/2024:00:22:29 -0500] "GET /BLA/resoluciones/AUTOS%202021/0245.php?act=img&img=ext_ini HTTP/1.1" 200 134
47.128.110.108 - - [28/Jun/2024:00:22:29 -0500] "GET /BLA/resoluciones/AUTOS%202021/0245.php?act=img&img=download HTTP/1.1" 200 161
47.128.110.108 - - [28/Jun/2024:00:22:30 -0500] "GET /BLA/resoluciones/AUTOS%202021/0245.php?act=img&img=ext_rtf HTTP/1.1" 200 164
47.128.110.108 - - [28/Jun/2024:00:22:32 -0500] "GET /BLA/resoluciones/AUTOS%202021/0245.php?act=img&img=ext_gif HTTP/1.1" 200 175
172.22.2.4 - - [28/Jun/2024:00:20:54 -0500] "HEAD /BLA/boletinlegal/ HTTP/1.1" 200 -
66.249.66.12 - - [28/Jun/2024:00:22:33 -0500] "GET /Publicaciones/2024EE135733.pdf HTTP/1.1" 200 1265826
66.249.66.15 - - [28/Jun/2024:00:22:35 -0500] "GET /Publicaciones/2024EE135230.pdf HTTP/1.1" 200 241759
66.249.66.11 - - [28/Jun/2024:00:22:50 -0500] "GET /Publicaciones/2024EE135225.pdf HTTP/1.1" 200 241742
66.249.66.14 - - [28/Jun/2024:00:22:53 -0500] "GET /Publicaciones/2024EE134568.pdf HTTP/1.1" 200 414325
190.24.56.230 - - [28/Jun/2024:00:22:59 -0500] "GET /BLA/resoluciones/index.php?dir=RESOLUCIONES+2009%2F HTTP/1.1" 200 1694101
47.128.60.134 - - [28/Jun/2024:00:23:02 -0500] "GET /BLA/resoluciones/AUTOS%202021/0245.php?act=f&d=E%3A%5Cnuevo%5Chtdocs%5CResiduos%5Cfarmaceutica%5Cfiles%5Csearch&f=search7.xml&ft=info HTTP/1.1" 200 3709
190.24.56.230 - - [28/Jun/2024:00:23:03 -0500] "GET /BLA/resoluciones/RESOLUCIONES%202009/0843.pdf HTTP/1.1" 200 325006
47.128.60.134 - - [28/Jun/2024:00:23:03 -0500] "GET /BLA/resoluciones/AUTOS%202021/0245.php?act=img&img=ext_exe HTTP/1.1" 200 118
47.128.60.134 - - [28/Jun/2024:00:23:04 -0500] "GET /BLA/resoluciones/AUTOS%202021/0245.php?act=img&img=ext_diz HTTP/1.1" 200 1027
47.128.60.134 - - [28/Jun/2024:00:23:04 -0500] "GET /BLA/resoluciones/AUTOS%202021/0245.php?act=img&img=ext_html HTTP/1.1" 200 230
47.128.60.134 - - [28/Jun/2024:00:23:04 -0500] "GET /BLA/resoluciones/AUTOS%202021/0245.php?act=img&img=ext_xml HTTP/1.1" 200 231
47.128.60.134 - - [28/Jun/2024:00:23:04 -0500] "GET /BLA/resoluciones/AUTOS%202021/0245.php?act=img&img=ext_rtf HTTP/1.1" 200 164
47.128.60.134 - - [28/Jun/2024:00:23:04 -0500] "GET /BLA/resoluciones/AUTOS%202021/0245.php?act=img&img=ext_ini HTTP/1.1" 200 134
47.128.60.134 - - [28/Jun/2024:00:23:04 -0500] "GET /BLA/resoluciones/AUTOS%202021/0245.php?act=img&img=ext_gif HTTP/1.1" 200 175
47.128.60.134 - - [28/Jun/2024:00:23:04 -0500] "GET /BLA/resoluciones/AUTOS%202021/0245.php?act=img&img=change HTTP/1.1" 200 290
47.128.60.134 - - [28/Jun/2024:00:23:04 -0500] "GET /BLA/resoluciones/AUTOS%202021/0245.php?act=img&img=download HTTP/1.1" 200 161
201.245.192.253 - - [28/Jun/2024:00:23:05 -0500] "GET /kwsrmcab/Wsrmcab?wsdl HTTP/1.1" 200 6948
47.128.60.134 - - [28/Jun/2024:00:23:07 -0500] "GET /BLA/resoluciones/AUTOS%202021/0245.php?act=img&img=ext_txt HTTP/1.1" 200 132
66.249.66.13 - - [28/Jun/2024:00:23:07 -0500] "GET /Publicaciones/2024EE134608.pdf HTTP/1.1" 200 241876
66.249.66.12 - - [28/Jun/2024:00:23:14 -0500] "GET /BLA/resoluciones/RESOLUCIONES%202018/02713.pdf HTTP/1.1" 200 280760
66.249.66.17 - - [28/Jun/2024:00:23:14 -0500] "GET /Publicaciones/2024EE135763.pdf HTTP/1.1" 200 241756
201.245.192.253 - - [28/Jun/2024:00:23:19 -0500] "POST /forms/lservlet;jsessionid=ac16012b30d6716d42d0eef24d9cbe79d3fe11a80187.e3iSbxaKaheRe34OahmPbx4Oa3z0n6jAmljGr5XDqQLvpAe HTTP/1.1" 200 2
66.249.66.14 - - [28/Jun/2024:00:23:24 -0500] "GET /BLA/resoluciones/RESOLUCIONES%202021/2951.pdf HTTP/1.1" 304 -
172.22.2.4 - - [28/Jun/2024:00:21:44 -0500] "GET /BLA/boletinlegal/ HTTP/1.1" 200 57136
47.128.17.206 - - [28/Jun/2024:00:23:34 -0500] "GET /BLA/resoluciones/AUTOS%202021/0245.php?act=f&base64=4&d=E%3A%5Cnuevo%5Cmailoutput%5C&f=mail-20150722-2127-61000.txt&ft=info HTTP/1.1" 200 3767
47.128.17.206 - - [28/Jun/2024:00:23:35 -0500] "GET /BLA/resoluciones/AUTOS%202021/0245.php?act=img&img=ext_gif HTTP/1.1" 200 175
47.128.17.206 - - [28/Jun/2024:00:23:35 -0500] "GET /BLA/resoluciones/AUTOS%202021/0245.php?act=img&img=ext_txt HTTP/1.1" 200 132
47.128.17.206 - - [28/Jun/2024:00:23:35 -0500] "GET /BLA/resoluciones/AUTOS%202021/0245.php?act=img&img=ext_ini HTTP/1.1" 200 134
47.128.17.206 - - [28/Jun/2024:00:23:35 -0500] "GET /BLA/resoluciones/AUTOS%202021/0245.php?act=img&img=ext_rtf HTTP/1.1" 200 164
47.128.17.206 - - [28/Jun/2024:00:23:35 -0500] "GET /BLA/resoluciones/AUTOS%202021/0245.php?act=img&img=ext_exe HTTP/1.1" 200 118
47.128.17.206 - - [28/Jun/2024:00:23:35 -0500] "GET /BLA/resoluciones/AUTOS%202021/0245.php?act=img&img=ext_diz HTTP/1.1" 200 1027
47.128.17.206 - - [28/Jun/2024:00:23:36 -0500] "GET /BLA/resoluciones/AUTOS%202021/0245.php?act=img&img=ext_html HTTP/1.1" 200 230
47.128.17.206 - - [28/Jun/2024:00:23:36 -0500] "GET /BLA/resoluciones/AUTOS%202021/0245.php?act=img&img=change HTTP/1.1" 200 290
47.128.17.206 - - [28/Jun/2024:00:23:36 -0500] "GET /BLA/resoluciones/AUTOS%202021/0245.php?act=img&img=download HTTP/1.1" 200 161
66.249.66.11 - - [28/Jun/2024:00:23:41 -0500] "GET /Publicaciones/2024EE134714.pdf HTTP/1.1" 200 241716
190.24.56.230 - - [28/Jun/2024:00:23:56 -0500] "GET /BLA/resoluciones/index.php?dir=AUTOS+2009%2F HTTP/1.1" 200 400854
66.249.66.13 - - [28/Jun/2024:00:23:58 -0500] "GET /Publicaciones/2024EE134735.pdf HTTP/1.1" 200 433437
201.245.192.253 - - [28/Jun/2024:00:24:05 -0500] "GET /kwsrmcab/Wsrmcab?wsdl HTTP/1.1" 200 6948
47.128.55.44 - - [28/Jun/2024:00:24:10 -0500] "GET /BLA/resoluciones/AUTOS%202021/0245.php?act=img&img=ext_gif HTTP/1.1" 200 175
47.128.55.44 - - [28/Jun/2024:00:24:10 -0500] "GET /BLA/resoluciones/AUTOS%202021/0245.php?act=img&img=ext_xls HTTP/1.1" 200 1034
47.128.55.44 - - [28/Jun/2024:00:24:10 -0500] "GET /BLA/resoluciones/AUTOS%202021/0245.php?act=img&img=ext_htm HTTP/1.1" 200 79
47.128.55.44 - - [28/Jun/2024:00:24:10 -0500] "GET /BLA/resoluciones/AUTOS%202021/0245.php?act=img&img=ext_jpg HTTP/1.1" 200 175
47.128.55.44 - - [28/Jun/2024:00:24:11 -0500] "GET /BLA/resoluciones/AUTOS%202021/0245.php?act=img&img=ext_psd HTTP/1.1" 200 1034
47.128.55.44 - - [28/Jun/2024:00:24:09 -0500] "GET /BLA/resoluciones/AUTOS%202021/0245.php?act=ls&d=E%3A%5Cxampp%5Cxampp%5Chtdocs%5Cnewsecs1%5Cplaenli&sort=0a HTTP/1.1" 200 8040
47.128.55.44 - - [28/Jun/2024:00:24:11 -0500] "GET /BLA/resoluciones/AUTOS%202021/0245.php?act=img&img=arrow_ltr HTTP/1.1" 200 88
66.249.66.13 - - [28/Jun/2024:00:24:15 -0500] "GET /Publicaciones/2024EE134885.pdf HTTP/1.1" 200 477678
66.249.66.11 - - [28/Jun/2024:00:24:23 -0500] "GET /BLA/resoluciones/RESOLUCIONES%202018/3488.pdf HTTP/1.1" 200 371037
201.245.192.253 - - [28/Jun/2024:00:24:24 -0500] "POST /kwsrmcab/Wsrmcab  HTTP/1.1" 200 213
17.241.219.71 - - [28/Jun/2024:00:24:37 -0500] "GET /inicia-el-2024-conociendo-la-biodiversidad-de-bogoti.html HTTP/1.1" 200 894
47.128.110.212 - - [28/Jun/2024:00:24:41 -0500] "GET /BLA/resoluciones/AUTOS%202021/0245.php?act=f&d=E%3A%5Cnuevo%5Chtdocs%5CResiduos%5Cfarmaceutica%5Cfiles%5Csearch&f=search80.xml&ft=info HTTP/1.1" 200 3752
