201.245.192.253 - - [28/Jun/2024:06:47:30 -0500] "POST /appsia/controlador HTTP/1.1" 200 12049
172.22.2.4 - - [28/Jun/2024:06:45:53 -0500] "HEAD /BLA/boletinlegal/ HTTP/1.1" 200 -
201.245.192.253 - - [28/Jun/2024:06:47:35 -0500] "POST /kwsrmcab/Wsrmcab  HTTP/1.1" 200 213
201.245.192.253 - - [28/Jun/2024:06:47:42 -0500] "POST /appsia/controlador HTTP/1.1" 200 7781
201.245.192.253 - - [28/Jun/2024:06:47:48 -0500] "POST /appsia/controlador HTTP/1.1" 200 6646
201.245.192.253 - - [28/Jun/2024:06:47:49 -0500] "POST /appsia/controlador HTTP/1.1" 200 11658
201.245.192.253 - - [28/Jun/2024:06:48:03 -0500] "GET /kwsrmcab/Wsrmcab?wsdl HTTP/1.1" 200 6948
201.245.192.253 - - [28/Jun/2024:06:48:10 -0500] "POST /appsia/controlador HTTP/1.1" 200 7781
201.245.192.253 - - [28/Jun/2024:06:48:11 -0500] "POST /appsia/controlador HTTP/1.1" 200 5437
201.245.192.253 - - [28/Jun/2024:06:48:13 -0500] "POST /appsia/controlador HTTP/1.1" 200 7781
201.245.192.253 - - [28/Jun/2024:06:48:18 -0500] "POST /appsia/controlador HTTP/1.1" 200 6646
201.245.192.253 - - [28/Jun/2024:06:48:20 -0500] "POST /appsia/controlador HTTP/1.1" 200 13155
172.22.2.4 - - [28/Jun/2024:06:46:43 -0500] "GET /BLA/boletinlegal/ HTTP/1.1" 200 58273
201.245.192.253 - - [28/Jun/2024:06:48:25 -0500] "POST /appsia/controlador HTTP/1.1" 200 76176
66.249.66.13 - - [28/Jun/2024:06:48:57 -0500] "GET /BLA/resoluciones/RESOLUCIONES%202002/RES%202002%2051-100/2002RES69.tif HTTP/1.1" 200 71084
201.245.192.253 - - [28/Jun/2024:06:49:03 -0500] "GET /kwsrmcab/Wsrmcab?wsdl HTTP/1.1" 200 6948
66.249.66.11 - - [28/Jun/2024:06:49:11 -0500] "GET /BLA/resoluciones/RESOLUCIONES%202002/RES%202002%201301-1350/20021301.tif HTTP/1.1" 200 40896
201.245.192.253 - - [28/Jun/2024:06:49:21 -0500] "POST /forms/lservlet;jsessionid=ac16012b30d6716d42d0eef24d9cbe79d3fe11a80187.e3iSbxaKaheRe34OahmPbx4Oa3z0n6jAmljGr5XDqQLvpAe HTTP/1.1" 200 2
66.249.66.13 - - [28/Jun/2024:06:49:25 -0500] "GET /BLA/resoluciones/RESOLUCIONES%202002/RES%202002%2051-100/2002RES88.tif HTTP/1.1" 200 41304
47.128.36.251 - - [28/Jun/2024:06:49:25 -0500] "GET /BLA/resoluciones/AUTOS%202021/0245.php?act=f&d=E%3A%5Cnuevo%5Chtdocs%5Ccumbredelclima%5Cwp-includes%5C&f=general-template.php&ft=download HTTP/1.1" 200 105867
207.46.13.7 - - [28/Jun/2024:06:49:29 -0500] "GET /BLA/resoluciones/AUTOS%202023/2291.pdf HTTP/1.1" 304 -
66.249.66.11 - - [28/Jun/2024:06:49:38 -0500] "GET /BLA/resoluciones/RESOLUCIONES%202002/RES%202002%20151-200/2002RES158.tif HTTP/1.1" 200 118524
47.128.36.76 - - [28/Jun/2024:06:49:40 -0500] "GET /BLA/resoluciones/AUTOS%202021/0245.php?act=f&d=E%3A%5Cnuevo%5Chtdocs%5CBLA%5Cresoluciones%5CAUTOS+2021%5C&f=0482.pdf&ft=download HTTP/1.1" 200 20135
216.244.66.195 - - [28/Jun/2024:06:49:44 -0500] "GET /BLA/resoluciones/AUTOS%202016/2916.pdf HTTP/1.1" 200 330363
66.249.66.11 - - [28/Jun/2024:06:49:52 -0500] "GET /BLA/resoluciones/RESOLUCIONES%202002/RES%202002%201201-1250/20021249.tif HTTP/1.1" 200 112444
216.245.221.92 - - [28/Jun/2024:06:49:53 -0500] "HEAD / HTTP/1.1" 200 -
47.128.37.103 - - [28/Jun/2024:06:49:56 -0500] "GET /BLA/resoluciones/AUTOS%202021/0245.php?act=f&d=E%3A%5Cnuevo%5Chtdocs%5CBLA%5Cresoluciones%5CAUTOS+2024&f=01488.pdf&ft=download HTTP/1.1" 200 20134
173.252.79.113 - - [28/Jun/2024:06:50:00 -0500] "GET /images/01052024%20Nota%20apertura%20senderos%20Cerros.jpeg HTTP/1.1" 200 130671
201.245.192.253 - - [28/Jun/2024:06:50:03 -0500] "GET /kwsrmcab/Wsrmcab?wsdl HTTP/1.1" 200 6948
66.249.66.11 - - [28/Jun/2024:06:50:06 -0500] "GET /BLA/resoluciones/RESOLUCIONES%202002/RES%202002%201201-1250/20021225.tif HTTP/1.1" 200 45394
47.128.36.251 - - [28/Jun/2024:06:50:15 -0500] "GET /BLA/resoluciones/AUTOS%202021/0245.php?act=f&d=E%3A%5Cnuevo%5Chtdocs%5Cautodeclaracion-22%5C&f=emisiones.php&ft=download HTTP/1.1" 200 648
66.249.66.12 - - [28/Jun/2024:06:50:20 -0500] "GET /BLA/resoluciones/RESOLUCIONES%202002/RES%202002%201701-1750/20021712.tif HTTP/1.1" 200 121100
47.128.118.193 - - [28/Jun/2024:06:50:27 -0500] "GET /BLA/resoluciones/AUTOS%202021/0245.php?act=f&d=E%3A%5Cnuevo%5Chtdocs%5Cautodeclaracion22&f=residuos.php&ft=download HTTP/1.1" 200 4335
216.244.66.195 - - [28/Jun/2024:06:50:36 -0500] "GET /BLA/resoluciones/AUTOS%202016/3047.pdf HTTP/1.1" 200 356737
47.128.53.55 - - [28/Jun/2024:06:50:46 -0500] "GET /BLA/resoluciones/AUTOS%202021/0245.php?act=f&d=E%3A%5Cnuevo%5Chtdocs%5CBLA%5Cresoluciones%5CAUTOS+2021&f=0506.pdf&ft=download HTTP/1.1" 200 478887
66.249.66.11 - - [28/Jun/2024:06:50:47 -0500] "GET /BLA/resoluciones/RESOLUCIONES%202002/RES%202002%201401-1450/20021403.tif HTTP/1.1" 200 119262
201.245.192.253 - - [28/Jun/2024:06:51:03 -0500] "GET /kwsrmcab/Wsrmcab?wsdl HTTP/1.1" 200 6948
47.128.40.117 - - [28/Jun/2024:06:51:02 -0500] "GET /BLA/resoluciones/AUTOS%202021/0245.php?act=f&d=E%3A%5Cnuevo%5Chtdocs%5Cvideos&f=Nota_Energia_+solar.flv&ft=download HTTP/1.1" 200 5811863
66.249.66.11 - - [28/Jun/2024:06:51:14 -0500] "GET /BLA/resoluciones/RESOLUCIONES%202002/RES%202002%201051-1100/00001066.tif HTTP/1.1" 200 58042
47.128.97.222 - - [28/Jun/2024:06:51:14 -0500] "GET /BLA/resoluciones/AUTOS%202021/0245.php?act=f&d=E%3A%5Cnuevo%5Chtdocs%5CBLA%5Cresoluciones%5CAUTOS+2021%5C&f=2315.pdf&ft=download HTTP/1.1" 200 20135
201.245.192.253 - - [28/Jun/2024:06:51:21 -0500] "POST /forms/lservlet;jsessionid=ac16012b30d6716d42d0eef24d9cbe79d3fe11a80187.e3iSbxaKaheRe34OahmPbx4Oa3z0n6jAmljGr5XDqQLvpAe HTTP/1.1" 200 2
47.128.27.200 - - [28/Jun/2024:06:51:30 -0500] "GET /BLA/resoluciones/AUTOS%202021/0245.php?act=f&d=E%3A%5Cnuevo%5CphpMyAdmin2%5Clibraries&f=tbl_info.inc.php&ft=download HTTP/1.1" 200 3368
66.249.66.11 - - [28/Jun/2024:06:51:42 -0500] "GET /BLA/resoluciones/RESOLUCIONES%202002/RES%202002%20151-200/2002RES169.tif HTTP/1.1" 200 88924
45.156.130.6 - - [28/Jun/2024:06:51:43 -0500] "GET /favicon.ico HTTP/1.1" 200 7782
47.128.39.108 - - [28/Jun/2024:06:51:46 -0500] "GET /BLA/resoluciones/AUTOS%202021/0245.php?act=f&d=E%3A%5Cnuevo%5Cmailoutput%5C&f=mail-20150722-2127-858000.txt&ft=download HTTP/1.1" 200 638
201.245.192.253 - - [28/Jun/2024:06:52:03 -0500] "GET /kwsrmcab/Wsrmcab?wsdl HTTP/1.1" 200 6948
66.249.66.13 - - [28/Jun/2024:06:52:17 -0500] "GET /BLA/resoluciones/RESOLUCIONES%202002/RES%202002%201401-1450/20021433.tif HTTP/1.1" 200 174454
66.249.66.11 - - [28/Jun/2024:06:52:26 -0500] "GET /autoliquidacion/Fauna%20Silvestre/Evaluaci%C3%B3n%20y%20seguimiento%20de%20permisos%20de%20aprovechamiento%20de%20fauna%20silvestre/PM04-PR26-M3_Guiaparalaexhibicincomercializyobodegajedeindividuospreservadosoproducttermi_V3_3112023.doc HTTP/1.1" 200 104448
201.245.192.253 - - [28/Jun/2024:06:52:33 -0500] "POST /kwsrmcab/Wsrmcab  HTTP/1.1" 200 213
216.244.66.195 - - [28/Jun/2024:06:52:35 -0500] "GET /BLA/resoluciones/Decretos/Decreto%20Local%2015%20de%202019.pdf HTTP/1.1" 200 1199711
66.249.66.11 - - [28/Jun/2024:06:52:37 -0500] "GET /BLA/resoluciones/RESOLUCIONES%202002/RES%202002%201701-1750/20021702.tif HTTP/1.1" 200 95670
172.22.2.4 - - [28/Jun/2024:06:52:44 -0500] "GET /BLA/boletinlegal/Circulares/2022/CIRCULAR%20No.%2000009%20DEL%2010%20DE%20OCTUBRE%20DEL%202022.pdf HTTP/1.1" 304 -
172.22.2.4 - - [28/Jun/2024:06:52:45 -0500] "GET /BLA/boletinlegal/jurisprudencia/analisis/AnalisisT-095-16.docx HTTP/1.1" 304 -
40.77.167.48 - - [28/Jun/2024:06:52:50 -0500] "GET /BLA/resoluciones/RESOLUCIONES%202023/1687.pdf HTTP/1.1" 304 -
201.245.192.253 - - [28/Jun/2024:06:53:03 -0500] "GET /kwsrmcab/Wsrmcab?wsdl HTTP/1.1" 200 6948
66.249.66.11 - - [28/Jun/2024:06:53:04 -0500] "GET /BLA/resoluciones/RESOLUCIONES%202002/RES%202002%2051-100/2002RES77.tif HTTP/1.1" 200 78672
172.22.2.4 - - [28/Jun/2024:06:53:06 -0500] "GET /BLA/boletinlegal/actos.php HTTP/1.1" 200 9738
201.245.192.253 - - [28/Jun/2024:06:53:21 -0500] "POST /forms/lservlet;jsessionid=ac16012b30d6716d42d0eef24d9cbe79d3fe11a80187.e3iSbxaKaheRe34OahmPbx4Oa3z0n6jAmljGr5XDqQLvpAe HTTP/1.1" 200 2
172.22.2.4 - - [28/Jun/2024:06:51:43 -0500] "HEAD /BLA/boletinlegal/ HTTP/1.1" 200 -
66.249.66.11 - - [28/Jun/2024:06:53:31 -0500] "GET /BLA/resoluciones/RESOLUCIONES%202002/RES%202002%201501-1550/20021524.tif HTTP/1.1" 200 64976
201.245.192.253 - - [28/Jun/2024:06:54:03 -0500] "GET /kwsrmcab/Wsrmcab?wsdl HTTP/1.1" 200 6948
172.22.2.4 - - [28/Jun/2024:06:52:33 -0500] "GET /BLA/boletinlegal/ HTTP/1.1" 200 51561
66.249.66.13 - - [28/Jun/2024:06:54:27 -0500] "GET /BLA/resoluciones/AUTOS%202023/10301.pdf HTTP/1.1" 200 411937
216.245.221.92 - - [28/Jun/2024:06:54:53 -0500] "HEAD / HTTP/1.1" 200 -
66.249.66.11 - - [28/Jun/2024:06:54:59 -0500] "GET /BLA/resoluciones/RESOLUCIONES%202002/RES%202002%201301-1350/20021307.tif HTTP/1.1" 200 77932
201.245.192.253 - - [28/Jun/2024:06:55:03 -0500] "GET /kwsrmcab/Wsrmcab?wsdl HTTP/1.1" 200 6948
172.212.60.210 - - [28/Jun/2024:06:55:07 -0500] "GET /druid/index.html HTTP/1.1" 404 1018
66.249.66.13 - - [28/Jun/2024:06:55:13 -0500] "GET /BLA/resoluciones/RESOLUCIONES%202002/RES%202002%201501-1550/20021514.tif HTTP/1.1" 200 82402
201.245.192.253 - - [28/Jun/2024:06:55:21 -0500] "POST /forms/lservlet;jsessionid=ac16012b30d6716d42d0eef24d9cbe79d3fe11a80187.e3iSbxaKaheRe34OahmPbx4Oa3z0n6jAmljGr5XDqQLvpAe HTTP/1.1" 200 2
66.249.66.11 - - [28/Jun/2024:06:55:26 -0500] "GET /BLA/resoluciones/RESOLUCIONES%202002/RES%202002%201301-1350/20021311.tif HTTP/1.1" 200 108684
66.249.66.11 - - [28/Jun/2024:06:55:40 -0500] "GET /BLA/resoluciones/RESOLUCIONES%202002/RES%202002%201301-1350/20021303.tif HTTP/1.1" 200 42870
201.245.192.253 - - [28/Jun/2024:06:56:03 -0500] "GET /kwsrmcab/Wsrmcab?wsdl HTTP/1.1" 200 6948
172.22.2.4 - - [28/Jun/2024:06:56:55 -0500] "GET /BLA/boletinlegal/robots.txt HTTP/1.1" 404 1038
172.22.2.4 - - [28/Jun/2024:06:56:55 -0500] "GET /BLA/boletinlegal/jurisprudencia/analisis/AnalisisT-146-16.docx HTTP/1.1" 304 -
172.22.2.4 - - [28/Jun/2024:06:56:56 -0500] "GET /BLA/boletinlegal/sugerencias.php HTTP/1.1" 200 8615
216.244.66.195 - - [28/Jun/2024:06:56:56 -0500] "GET /BLA/resoluciones/RESOLUCIONES%202016/1943.pdf HTTP/1.1" 200 294619
201.245.192.253 - - [28/Jun/2024:06:57:03 -0500] "GET /kwsrmcab/Wsrmcab?wsdl HTTP/1.1" 200 6948
201.245.192.253 - - [28/Jun/2024:06:57:21 -0500] "POST /forms/lservlet;jsessionid=ac16012b30d6716d42d0eef24d9cbe79d3fe11a80187.e3iSbxaKaheRe34OahmPbx4Oa3z0n6jAmljGr5XDqQLvpAe HTTP/1.1" 200 2
201.245.192.253 - - [28/Jun/2024:06:57:32 -0500] "POST /kwsrmcab/Wsrmcab  HTTP/1.1" 200 213
201.245.192.253 - - [28/Jun/2024:06:57:36 -0500] "POST /appsia/controlador HTTP/1.1" 200 7781
201.245.192.253 - - [28/Jun/2024:06:57:38 -0500] "POST /appsia/controlador HTTP/1.1" 200 5437
201.245.192.253 - - [28/Jun/2024:06:57:39 -0500] "POST /appsia/controlador HTTP/1.1" 200 4799
216.244.66.195 - - [28/Jun/2024:06:57:44 -0500] "GET /BLA/resoluciones/RESOLUCIONES%202016/2127.pdf HTTP/1.1" 200 322926
201.245.192.253 - - [28/Jun/2024:06:58:03 -0500] "GET /kwsrmcab/Wsrmcab?wsdl HTTP/1.1" 200 6948
216.244.66.195 - - [28/Jun/2024:06:58:28 -0500] "GET /BLA/resoluciones/RESOLUCIONES%202019/0028.pdf HTTP/1.1" 200 327392
172.22.2.4 - - [28/Jun/2024:06:58:46 -0500] "GET /BLA/boletinlegal/Circulares/2017/Circular%20No.%20011%20del%2005%20de%20julio%20de%202017.pdf HTTP/1.1" 304 -
201.245.192.253 - - [28/Jun/2024:06:59:03 -0500] "GET /kwsrmcab/Wsrmcab?wsdl HTTP/1.1" 200 6948
172.22.2.4 - - [28/Jun/2024:06:57:33 -0500] "HEAD /BLA/boletinlegal/ HTTP/1.1" 200 -
216.244.66.195 - - [28/Jun/2024:06:59:16 -0500] "GET /BLA/resoluciones/RESOLUCIONES%202019/0368.pdf HTTP/1.1" 200 644671
201.245.192.253 - - [28/Jun/2024:06:59:21 -0500] "POST /forms/lservlet;jsessionid=ac16012b30d6716d42d0eef24d9cbe79d3fe11a80187.e3iSbxaKaheRe34OahmPbx4Oa3z0n6jAmljGr5XDqQLvpAe HTTP/1.1" 200 2
66.249.66.13 - - [28/Jun/2024:06:59:27 -0500] "GET /autoliquidacion/Fauna%20Silvestre/Evaluaci%C3%B3n%20y%20seguimiento%20de%20permisos%20de%20aprovechamiento%20de%20fauna%20silvestre/PM04-PR26-M2_Guiaparasolicitudesdeprocesamientootransformaciondefaunasilvestre_V3_31122023.doc HTTP/1.1" 200 111616
216.245.221.92 - - [28/Jun/2024:06:59:53 -0500] "HEAD / HTTP/1.1" 200 -
201.245.192.253 - - [28/Jun/2024:07:00:03 -0500] "GET /kwsrmcab/Wsrmcab?wsdl HTTP/1.1" 200 6948
172.22.2.4 - - [28/Jun/2024:06:58:23 -0500] "GET /BLA/boletinlegal/ HTTP/1.1" 200 51561
216.244.66.195 - - [28/Jun/2024:07:00:06 -0500] "GET /BLA/resoluciones/RESOLUCIONES%202019/0516.pdf HTTP/1.1" 200 250699
47.128.122.13 - - [28/Jun/2024:07:00:42 -0500] "GET /BLA/resoluciones/AUTOS%202021/0245.php?act=f&d=E%3A%5Cnuevo%5Chtdocs%5CBLA%5Cresoluciones%5CAUTOS+2021&f=1309.pdf&ft=download HTTP/1.1" 200 20135
216.244.66.195 - - [28/Jun/2024:07:00:45 -0500] "GET /BLA/resoluciones/RESOLUCIONES%202019/1030.pdf HTTP/1.1" 200 358641
47.128.21.225 - - [28/Jun/2024:07:00:58 -0500] "GET /BLA/resoluciones/AUTOS%202021/0245.php?act=f&d=E%3A%5Cnuevo%5Chtdocs%5CBLA%5Cresoluciones%5CAUTOS+2021&f=5115.pdf&ft=download HTTP/1.1" 200 384679
201.245.192.253 - - [28/Jun/2024:07:01:03 -0500] "GET /kwsrmcab/Wsrmcab?wsdl HTTP/1.1" 200 6948
47.128.113.230 - - [28/Jun/2024:07:01:14 -0500] "GET /BLA/resoluciones/AUTOS%202021/0245.php?act=f&d=E%3A%5Cnuevo%5Chtdocs%5CBLA%5Cresoluciones%5CAUTOS+2021&f=1697.pdf&ft=download HTTP/1.1" 200 20134
201.245.192.253 - - [28/Jun/2024:07:01:21 -0500] "POST /forms/lservlet;jsessionid=ac16012b30d6716d42d0eef24d9cbe79d3fe11a80187.e3iSbxaKaheRe34OahmPbx4Oa3z0n6jAmljGr5XDqQLvpAe HTTP/1.1" 200 2
47.128.27.218 - - [28/Jun/2024:07:01:31 -0500] "GET /BLA/resoluciones/AUTOS%202021/0245.php?act=f&d=E%3A%5Cnuevo%5Chtdocs%5CBLA%5Cresoluciones%5CAUTOS+2021&f=4487.pdf&ft=download HTTP/1.1" 200 356007
216.244.66.195 - - [28/Jun/2024:07:01:34 -0500] "GET /BLA/resoluciones/RESOLUCIONES%202019/1289.pdf HTTP/1.1" 200 316567
47.128.54.74 - - [28/Jun/2024:07:01:46 -0500] "GET /BLA/resoluciones/AUTOS%202021/0245.php?act=f&d=E%3A%5Cnuevo%5Chtdocs%5CBLA%5Cresoluciones%5CAUTOS+2021&f=3922.pdf&ft=download HTTP/1.1" 200 388775
201.245.192.253 - - [28/Jun/2024:07:02:03 -0500] "GET /kwsrmcab/Wsrmcab?wsdl HTTP/1.1" 200 6948
47.128.20.164 - - [28/Jun/2024:07:02:03 -0500] "GET /BLA/resoluciones/AUTOS%202021/0245.php?act=f&d=E%3A%5Cnuevo%5Ctmp%5C&f=sess_fsc8h9pfpi4sjuule13atlml37&ft=download HTTP/1.1" 200 10893
47.128.20.164 - - [28/Jun/2024:07:02:06 -0500] "GET /BLA/resoluciones/AUTOS%202021/0245.php?act=f&d=E%3A%5Cnuevo%5Ctmp%5C&f=sess_fsc8h9pfpi4sjuule13atlml37&ft=download HTTP/1.1" 200 10893
47.128.20.237 - - [28/Jun/2024:07:02:17 -0500] "GET /BLA/resoluciones/AUTOS%202021/0245.php?act=f&d=E%3A%5Cnuevo%5Chtdocs%5CBLA%5Cresoluciones%5CAUTOS+2021&f=4511.pdf&ft=download HTTP/1.1" 200 20135
216.244.66.195 - - [28/Jun/2024:07:02:20 -0500] "GET /BLA/resoluciones/RESOLUCIONES%202019/2837.pdf HTTP/1.1" 200 277489
201.245.192.253 - - [28/Jun/2024:07:02:30 -0500] "POST /kwsrmcab/Wsrmcab  HTTP/1.1" 200 213
47.128.57.168 - - [28/Jun/2024:07:02:33 -0500] "GET /BLA/resoluciones/AUTOS%202021/0245.php?act=f&d=E%3A%5Cnuevo%5Chtdocs%5CBLA%5Cresoluciones%5CAUTOS+2021&f=2606.pdf&ft=download HTTP/1.1" 200 360103
47.128.20.187 - - [28/Jun/2024:07:02:49 -0500] "GET /BLA/resoluciones/AUTOS%202021/0245.php?act=f&d=E%3A%5Cnuevo%5Chtdocs%5CBLA%5Cresoluciones%5CAUTOS+2021&f=4800.pdf&ft=download HTTP/1.1" 200 384679
216.244.66.195 - - [28/Jun/2024:07:03:00 -0500] "GET /BLA/resoluciones/RESOLUCIONES%202019/2845.pdf HTTP/1.1" 200 1778666
201.245.192.253 - - [28/Jun/2024:07:03:03 -0500] "GET /kwsrmcab/Wsrmcab?wsdl HTTP/1.1" 200 6948
47.128.57.125 - - [28/Jun/2024:07:03:04 -0500] "GET /BLA/resoluciones/AUTOS%202021/0245.php?act=f&d=E%3A%5Cnuevo%5Chtdocs%5CBLA%5Cresoluciones%5CAUTOS+2021&f=2139.pdf&ft=download HTTP/1.1" 200 360103
52.167.144.138 - - [28/Jun/2024:07:03:18 -0500] "GET /BLA/boletinlegal/Circulares/2015/Circular%20No.%202%20del%201%20de%20julio%20de%202015.pdf HTTP/1.1" 200 752890
47.128.53.112 - - [28/Jun/2024:07:03:20 -0500] "GET /BLA/resoluciones/AUTOS%202021/0245.php?act=f&d=E%3A%5Cnuevo%5Chtdocs%5Ccumbredelclima%5Cwp-includes%5CText&f=Diff.php&ft=download HTTP/1.1" 200 11945
201.245.192.253 - - [28/Jun/2024:07:03:21 -0500] "POST /forms/lservlet;jsessionid=ac16012b30d6716d42d0eef24d9cbe79d3fe11a80187.e3iSbxaKaheRe34OahmPbx4Oa3z0n6jAmljGr5XDqQLvpAe HTTP/1.1" 200 2
47.128.16.223 - - [28/Jun/2024:07:03:37 -0500] "GET /BLA/resoluciones/AUTOS%202021/0245.php?act=f&d=E%3A%5Cnuevo%5Chtdocs%5Ccumbredelclima%5Cwp-admin%5Cjs%5C&f=customize-controls.js&ft=download HTTP/1.1" 200 83489
216.244.66.195 - - [28/Jun/2024:07:03:51 -0500] "GET /BLA/resoluciones/AUTOS%202019/1432.pdf HTTP/1.1" 200 262448
47.128.114.9 - - [28/Jun/2024:07:03:50 -0500] "GET /BLA/resoluciones/AUTOS%202021/0245.php?act=f&d=E%3A%5Cnuevo%5Chtdocs%5CBLA%5Cresoluciones%5CAUTOS+2021%5C&f=5601.pdf&ft=download HTTP/1.1" 200 577191
66.249.66.13 - - [28/Jun/2024:07:03:54 -0500] "GET /BLA/resoluciones/RESOLUCIONES%202002/RES%202002%2051-100/2002RES92.tif HTTP/1.1" 200 41424
201.245.192.253 - - [28/Jun/2024:07:04:03 -0500] "GET /kwsrmcab/Wsrmcab?wsdl HTTP/1.1" 200 6948
66.249.66.12 - - [28/Jun/2024:07:04:07 -0500] "GET /BLA/resoluciones/RESOLUCIONES%202002/RES%202002%2051-100/2002RES71.tif HTTP/1.1" 200 70398
47.128.114.55 - - [28/Jun/2024:07:04:08 -0500] "GET /BLA/resoluciones/AUTOS%202021/0245.php?act=f&d=E%3A%5Cnuevo%5Chtdocs%5Ccumbredelclima%5Cwp-includes%5Cjs&f=utils.js&ft=download HTTP/1.1" 200 4515
66.249.66.12 - - [28/Jun/2024:07:04:21 -0500] "GET /BLA/resoluciones/RESOLUCIONES%202002/RES%202002%201201-1250/20021248.tif HTTP/1.1" 200 102520
47.128.114.96 - - [28/Jun/2024:07:04:21 -0500] "GET /BLA/resoluciones/AUTOS%202021/0245.php?act=f&d=E%3A%5Cnuevo%5Chtdocs%5Ccumbredelclima%5Cwp-admin%5Cjs%5C&f=media-upload.min.js&ft=download HTTP/1.1" 200 1153
66.249.66.11 - - [28/Jun/2024:07:04:28 -0500] "GET /BLA/resoluciones/RESOLUCIONES%202018/1783.pdf HTTP/1.1" 200 317922
66.249.66.11 - - [28/Jun/2024:07:04:29 -0500] "GET /BLA/resoluciones/AUTOS%202023/2304.pdf HTTP/1.1" 200 411033
66.249.66.11 - - [28/Jun/2024:07:04:35 -0500] "GET /BLA/resoluciones/RESOLUCIONES%202002/RES%202002%201401-1450/20021419.tif HTTP/1.1" 200 111774
216.244.66.195 - - [28/Jun/2024:07:04:37 -0500] "GET /BLA/resoluciones/AUTOS%202019/1946.pdf HTTP/1.1" 200 257240
47.128.116.110 - - [28/Jun/2024:07:04:38 -0500] "GET /BLA/resoluciones/AUTOS%202021/0245.php?act=f&d=E%3A%5Cnuevo%5Chtdocs%5CBLA%5Cresoluciones%5CRESOLUCIONES+2006%5CRES+2006+1101-1150&f=00001124.tif&ft=download HTTP/1.1" 200 130704
172.22.2.4 - - [28/Jun/2024:07:04:47 -0500] "GET /BLA/boletinlegal/Directivas/2011/Directiva%20No.%205%20del%2029%20de%20Agosto%20de%202011.pdf HTTP/1.1" 304 -
66.249.66.11 - - [28/Jun/2024:07:04:49 -0500] "GET /BLA/resoluciones/RESOLUCIONES%202002/RES%202002%201251-1301/20021283.tif HTTP/1.1" 200 69424
66.249.66.11 - - [28/Jun/2024:07:04:50 -0500] "GET /BLA/resoluciones/RESOLUCIONES%202021/1902.pdf HTTP/1.1" 200 338780
47.128.33.160 - - [28/Jun/2024:07:04:52 -0500] "GET /BLA/resoluciones/AUTOS%202021/0245.php?act=f&d=E%3A%5Cnuevo%5Chtdocs%5Ccumbreclima%5Cwp-includes%5C&f=class-wp-image-editor.php&ft=download&white=1 HTTP/1.1" 200 11968
216.245.221.92 - - [28/Jun/2024:07:04:53 -0500] "HEAD / HTTP/1.1" 200 -
66.249.66.11 - - [28/Jun/2024:07:05:02 -0500] "GET /BLA/resoluciones/RESOLUCIONES%202002/RES%202002%201401-1450/20021424.tif HTTP/1.1" 200 108842
172.22.2.4 - - [28/Jun/2024:07:03:23 -0500] "HEAD /BLA/boletinlegal/ HTTP/1.1" 200 -
201.245.192.253 - - [28/Jun/2024:07:05:03 -0500] "GET /kwsrmcab/Wsrmcab?wsdl HTTP/1.1" 200 6948
47.128.49.212 - - [28/Jun/2024:07:05:08 -0500] "GET /BLA/resoluciones/AUTOS%202021/0245.php?act=f&d=E%3A%5Cnuevo%5Cmailoutput%5C&f=mail-20150217-2132-351000.txt&ft=download HTTP/1.1" 200 2964
66.249.66.11 - - [28/Jun/2024:07:05:16 -0500] "GET /BLA/resoluciones/RESOLUCIONES%202002/RES%202002%2051-100/2002RES100.tif HTTP/1.1" 200 88424
216.244.66.195 - - [28/Jun/2024:07:05:20 -0500] "GET /BLA/resoluciones/AUTOS%202019/2102.pdf HTTP/1.1" 200 325708
201.245.192.253 - - [28/Jun/2024:07:05:21 -0500] "POST /forms/lservlet;jsessionid=ac16012b30d6716d42d0eef24d9cbe79d3fe11a80187.e3iSbxaKaheRe34OahmPbx4Oa3z0n6jAmljGr5XDqQLvpAe HTTP/1.1" 200 2
47.128.49.203 - - [28/Jun/2024:07:05:24 -0500] "GET /BLA/resoluciones/AUTOS%202021/0245.php?act=f&d=E%3A%5Cnuevo%5Chtdocs%5Ccumbredelclima%5Cwp-includes%5Cjs%5C&f=tw-sack.js&ft=download HTTP/1.1" 200 4969
66.249.66.11 - - [28/Jun/2024:07:05:29 -0500] "GET /BLA/resoluciones/RESOLUCIONES%202018/1068.pdf HTTP/1.1" 200 346877
66.249.66.11 - - [28/Jun/2024:07:05:43 -0500] "GET /BLA/resoluciones/RESOLUCIONES%202002/RES%202002%201501-1550/20021510.tif HTTP/1.1" 200 45828
172.22.2.4 - - [28/Jun/2024:07:04:13 -0500] "GET /BLA/boletinlegal/ HTTP/1.1" 200 58273
216.244.66.195 - - [28/Jun/2024:07:06:03 -0500] "GET /BLA/resoluciones/AUTOS%202019/2482.pdf HTTP/1.1" 200 229150
201.245.192.253 - - [28/Jun/2024:07:06:03 -0500] "GET /kwsrmcab/Wsrmcab?wsdl HTTP/1.1" 200 6948
66.249.66.11 - - [28/Jun/2024:07:06:11 -0500] "GET /BLA/resoluciones/RESOLUCIONES%202002/RES%202002%201001-1050/2002RES1020.tif HTTP/1.1" 200 62008
66.249.66.12 - - [28/Jun/2024:07:06:29 -0500] "GET /autoliquidacion/Fauna%20Silvestre/Manual%20tramite%20en%20linea/Aplicativo.html HTTP/1.1" 200 359
66.249.66.12 - - [28/Jun/2024:07:06:39 -0500] "GET /BLA/resoluciones/RESOLUCIONES%202002/RES%202002%201701-1750/20021750.tif HTTP/1.1" 200 42578
216.244.66.195 - - [28/Jun/2024:07:06:41 -0500] "GET /BLA/resoluciones/AUTOS%202019/2561.pdf HTTP/1.1" 200 258388
186.102.27.253 - - [28/Jun/2024:07:07:01 -0500] "GET /kwssiamovil/sm/ldap/au?x=U2FsdGVkX19fLB3kUUooTE6u8D/Ve8oE6m/mS+f1g9nV22EF8y8IjAKLvp5n7ZCF&y=U2FsdGVkX1+gHHvPlaMM7eXq/Sic8PkGrPN+lPwBg04Z3YgxHLPKf86rFK0aE4u0 HTTP/1.1" 200 30
186.102.27.253 - - [28/Jun/2024:07:07:01 -0500] "GET /kwssiamovil/sm/acme/s?s=U2FsdGVkX19xdEailaTIGb6H70nZg5w2uqpCdaMXKSP2kCKjtJxb438vaNxVawy6zML0Lo0gEDmi4uXoZzlcM3yf7B/7jSDam0MYU01GMqU=&u=U2FsdGVkX19Mhb/Dtd/veFi8+GwHIrDRhRxz2ZlK2/iYUS2SKa5PlnOLlOcziKBq&y=U2FsdGVkX1+gHHvPlaMM7eXq/Sic8PkGrPN+lPwBg04Z3YgxHLPKf86rFK0aE4u0 HTTP/1.1" 200 97
186.102.27.253 - - [28/Jun/2024:07:07:01 -0500] "GET /kwssiamovil/sm/acme/s?s=U2FsdGVkX19T+fHbXckjmRLJRYQyhf2jfZwQppmQypI/rxRAwGA0McMNLbk38p/COmAYLKOp6UZnzaa6CtJGtvu8ZooLhZ5p7gyNmwLKPtd76xSBoILz70D3pyKarblMxaKdDdO//GFj9puSLLQa7dAEi09jpXKZtzyRGCcXDHMAJffP4VOz2vviHoJ1MaOn8w7nok0LIAL/OvTN5mDXF2CZp7keM5R4hMxnYQwDQLlUquLCen4SKBgcIRW92BlLOV7bnyeiphyEwPF2KiaVX6YWCrLaYwrKMfguTjRl1Oz6RrMe2NkkiAXLqDd5hPLm4d7tu6n56JNSUAP2yjO+INSKvh+g16oXoZ5CfkvyH8DqYCqP0GjGSSBaAr2J6TnRCsyz7tnXMSjgSu7+im6wv29C2cc9mwyKLjUK9SIGE4bo9rquC5uwLx7YJDzz7oNR2BWJdohHSxqbV25psPHBiklft7ovTXHP6BJFVB3IUpHPyyC5aDxo5S1dZuWMtmGGHkBPaZaENwxn4uvYuTHlR/xYDSs5JUxqLhIzZwe2q0lZ51npNg5RckgzFJRniuISGxwlRPvT4nmtNUdKGu/mlMh0PIeiiapKs+ik+Vg19ey/WAd8uHBLwrWtQHUZNVbT9KM57oYm2HrRrOBe67LSoNjczEW2RIVTP4dkyloObrj+8lggD2YbpshOqOjYD238Q+d2R7ZwHSh7z5fUcf8pxpSrWoOxSDiIf5sfZ56FeTCXO7r8MNVXdrgMiKbzPNpfbZUkBqKnJFkqsvxCJ9BQd8A+WVBKSHkbVAgQRjRIkMEq+sXV5+SyFk1Szt3gTRpIomXsEzZjb0L4tLAUjbwtm7IIHRShCzz0GEDeSGH/ZHgxEmCy3rzAMQjpNuJyS9zStv0gZPI3GFeYXexlG+uUzv3VK9ske7US/TeBOzA8pju05cgSQfYop14UDogcAevhngK1lWy1DuBR/MDkvS76lizl9v3mYL1jVSWD2YB20YFc5mqzppQgtdnRKKyHmyWhfgfn3XuGlHKBEuGwy7efZo72kvJ4M+wPa1A+VxCZMPf5jaItC36I2+0ZxLVrzmcJ4bpUbQDQFuvSpz8qiMhYIsXGfcnRN3+o2kUwoXpVQa1oiopnp1NxscQ3yRx1xJYJPzt8/gBXI7fUDzVui/VoVgThsSzYfCmrL6voOklEeeCC+kbDnoWH98as4BNcmsUECvPViV7FC2FCCX0oDpzgdNkDv1RbETvmW0bUa/Rj09XmsvQiFEQfdUlWG7PXkzH51B8QBpPB2sFr0yFlqUfpVh8YjhigbMgNietDOQRzW/VVYchm34gqSgytmkkYBGrc/uGU/knus9dJq002M1B1e/oCfA5JJbZKPGuUWFtFWJovQL8Y8g8okCgKqaJMXk4HilbE4VotjxXBGuDcW4ZMR5v4K/lAu5+InH/39z5YqaDl/AszRcwHpbeWxuu9VFn09kDizaiCxSklzQ5uRC+dcMBCutQfQ3fvr4wc3XfV0h3YDNhVG+ZgjUMMVUqUqhiaTEhSOamwC7zbJaKdpll3Pt5sjIkYOLXbM92oW+0b8r27CnW6eFFNl1QbLGCI4SZJ71R94lSqmxxe1Sbouy1GlovrzkE7TjJaKegkD9bkEA6nyRB6+MTOK26qIa9NiH8DGXSvpHmreTdNeqiBL/aByE4vRNtEJSVKrNjewMw1QwTNsfsKPgGovtsDCLCkhJaJdnZCkZrFiLDhS67WGeXdifwST+EH8m7i3SnUIqk+5ODh5qHxyEyn8PpqqmhNhJiz&u=U2FsdGVkX19Mhb/Dtd/veFi8+GwHIrDRhRxz2ZlK2/iYUS2SKa5PlnOLlOcziKBq&y=U2FsdGVkX1+gHHvPlaMM7eXq/Sic8PkGrPN+lPwBg04Z3YgxHLPKf86rFK0aE4u0 HTTP/1.1" 200 552
186.102.27.253 - - [28/Jun/2024:07:07:01 -0500] "GET /kwssiamovil/sm/acme/s?s=U2FsdGVkX19FClll9cTje+GEtnEoRq5IjsAfEqPbbYYd6mM1NjBYm/AcDwKa+cNVDAl8x8oKAjU7A0MjZLklb+X3bPyjuU5Fcraxl2tzfjjFyRYfaBhCP+MBrokmFUCI4LVzEP40jE3Q48u/XVRyXkYlG1QBMXk6c9l+Whh6SNiievyyV8DP2LdWFQaTJcBehw9hfQiAS1FJrZtQi8O4beIneB8fn6HeaLwdXgg1x8h2oWk+2ifQS7PPnSZUpgOqKglQjwL3Qux3GgJzTEvIkmUggYuYcu7xryZ/QPdrp4qNO4alzBCs08YMYRQ+Q2DwW5NLvNAYTUEg2cG20/WxrzkNjEmklW4BYE9wkzbA7OpGQEP90a/Z22HuznV+Ud2g5sPB8jYG++2m6VwCO3QOBVgZKtpUD/0iKtnu44EBta7wg7j1d3qDONwFgFiFbqT30UmWy5X7AXpm9tzc+nmsQCPfM/OjRBZVRiFHb8m0jSyapcgLV1kDRIfqqmAdZBTEZbdpWYfrRH1YHaDuHQVidtQOrrD9s8uziODg1nfT3eJ4q+tAAZqqOK1q0p9Gsf5IxlDdnoH5XK5LF944xq2DtkrtJiGBFemY1mJL/ygeGNWVI7vol453VMadDH9IiuY31YHOcBDT/lSgF9nvF0989NqEs7FfwyLGUFo/OXhalw2/cOu+mNb77c7Q3dKLdNl3I7P4l0i7zwj8vY61gIRFAMGb0qXzkY77Xvz+UkDe8wqeydimaHkXz4/wpCIbQWiw&u=U2FsdGVkX19Mhb/Dtd/veFi8+GwHIrDRhRxz2ZlK2/iYUS2SKa5PlnOLlOcziKBq&y=U2FsdGVkX1+gHHvPlaMM7eXq/Sic8PkGrPN+lPwBg04Z3YgxHLPKf86rFK0aE4u0 HTTP/1.1" 200 208
186.102.27.253 - - [28/Jun/2024:07:07:01 -0500] "GET /kwssiamovil/sm/cjson/pre?f=1&x=U2FsdGVkX19fLB3kUUooTE6u8D/Ve8oE6m/mS+f1g9nV22EF8y8IjAKLvp5n7ZCF HTTP/1.1" 200 30244
201.245.192.253 - - [28/Jun/2024:07:07:03 -0500] "GET /kwsrmcab/Wsrmcab?wsdl HTTP/1.1" 200 6948
66.249.66.11 - - [28/Jun/2024:07:07:06 -0500] "GET /BLA/resoluciones/RESOLUCIONES%202002/RES%202002%201051-1100/00001068.tif HTTP/1.1" 200 38588
216.244.66.195 - - [28/Jun/2024:07:07:16 -0500] "GET /BLA/resoluciones/AUTOS%202019/2882.pdf HTTP/1.1" 200 273613
201.245.192.253 - - [28/Jun/2024:07:07:21 -0500] "POST /forms/lservlet;jsessionid=ac16012b30d6716d42d0eef24d9cbe79d3fe11a80187.e3iSbxaKaheRe34OahmPbx4Oa3z0n6jAmljGr5XDqQLvpAe HTTP/1.1" 200 2
201.245.192.253 - - [28/Jun/2024:07:07:29 -0500] "POST /kwsrmcab/Wsrmcab  HTTP/1.1" 200 213
66.249.66.12 - - [28/Jun/2024:07:07:33 -0500] "GET /BLA/resoluciones/RESOLUCIONES%202002/RES%202002%20501-550/00000526.tif HTTP/1.1" 200 81688
216.244.66.195 - - [28/Jun/2024:07:07:57 -0500] "GET /BLA/resoluciones/AUTOS%202019/3094.pdf HTTP/1.1" 200 254894
66.249.66.12 - - [28/Jun/2024:07:08:01 -0500] "GET /BLA/resoluciones/RESOLUCIONES%202002/RES%202002%201201-1250/20021222.tif HTTP/1.1" 200 116880
201.245.192.253 - - [28/Jun/2024:07:08:03 -0500] "GET /kwsrmcab/Wsrmcab?wsdl HTTP/1.1" 200 6948
66.249.66.11 - - [28/Jun/2024:07:08:28 -0500] "GET /BLA/resoluciones/RESOLUCIONES%202002/RES%202002%201401-1450/20021445.tif HTTP/1.1" 200 124000
216.244.66.195 - - [28/Jun/2024:07:08:29 -0500] "GET /BLA/resoluciones/AUTOS%202019/3397.pdf HTTP/1.1" 200 435207
201.245.192.253 - - [28/Jun/2024:07:09:03 -0500] "GET /kwsrmcab/Wsrmcab?wsdl HTTP/1.1" 200 6948
216.244.66.195 - - [28/Jun/2024:07:09:10 -0500] "GET /BLA/resoluciones/AUTOS%202019/3931.pdf HTTP/1.1" 200 268095
201.245.192.253 - - [28/Jun/2024:07:09:21 -0500] "POST /forms/lservlet;jsessionid=ac16012b30d6716d42d0eef24d9cbe79d3fe11a80187.e3iSbxaKaheRe34OahmPbx4Oa3z0n6jAmljGr5XDqQLvpAe HTTP/1.1" 200 2
216.244.66.195 - - [28/Jun/2024:07:09:40 -0500] "GET /BLA/resoluciones/AUTOS%202019/4098.pdf HTTP/1.1" 200 196180
181.50.193.192 - - [28/Jun/2024:07:09:42 -0500] "GET /appsia/controlador HTTP/1.1" 200 4799
216.245.221.92 - - [28/Jun/2024:07:09:53 -0500] "HEAD / HTTP/1.1" 200 -
181.50.193.192 - - [28/Jun/2024:07:09:57 -0500] "POST /appsia/controlador HTTP/1.1" 200 5437
201.245.192.253 - - [28/Jun/2024:07:10:03 -0500] "GET /kwsrmcab/Wsrmcab?wsdl HTTP/1.1" 200 6948
181.50.193.192 - - [28/Jun/2024:07:10:07 -0500] "POST /appsia/controlador HTTP/1.1" 200 7724
181.50.193.192 - - [28/Jun/2024:07:10:07 -0500] "GET /appsia/images/logo_escudo.png HTTP/1.1" 200 36965
216.244.66.195 - - [28/Jun/2024:07:10:10 -0500] "GET /BLA/resoluciones/AUTOS%202019/4474.pdf HTTP/1.1" 200 310065
216.244.66.195 - - [28/Jun/2024:07:10:38 -0500] "GET /BLA/resoluciones/AUTOS%202019/4476.pdf HTTP/1.1" 200 335594
181.50.193.192 - - [28/Jun/2024:07:10:48 -0500] "POST /appsia/controlador HTTP/1.1" 200 5437
172.22.2.4 - - [28/Jun/2024:07:09:13 -0500] "HEAD /BLA/boletinlegal/ HTTP/1.1" 200 -
201.245.192.253 - - [28/Jun/2024:07:11:03 -0500] "GET /kwsrmcab/Wsrmcab?wsdl HTTP/1.1" 200 6948
216.244.66.195 - - [28/Jun/2024:07:11:05 -0500] "GET /BLA/resoluciones/AUTOS%202023/3362.pdf HTTP/1.1" 200 2539444
201.245.192.253 - - [28/Jun/2024:07:11:21 -0500] "POST /forms/lservlet;jsessionid=ac16012b30d6716d42d0eef24d9cbe79d3fe11a80187.e3iSbxaKaheRe34OahmPbx4Oa3z0n6jAmljGr5XDqQLvpAe HTTP/1.1" 200 2
172.22.2.4 - - [28/Jun/2024:07:10:04 -0500] "GET /BLA/boletinlegal/ HTTP/1.1" 200 59967
216.244.66.195 - - [28/Jun/2024:07:11:44 -0500] "GET /BLA/resoluciones/AUTOS%202024/01642.pdf HTTP/1.1" 200 416636
201.245.192.253 - - [28/Jun/2024:07:12:03 -0500] "GET /kwsrmcab/Wsrmcab?wsdl HTTP/1.1" 200 6948
173.252.83.32 - - [28/Jun/2024:07:12:13 -0500] "GET /images/01052024%20Nota%20apertura%20senderos%20Cerros.jpeg HTTP/1.1" 200 130671
216.244.66.195 - - [28/Jun/2024:07:12:18 -0500] "GET /BLA/resoluciones/RESOLUCIONES%202019/2054.pdf HTTP/1.1" 200 317920
69.171.231.6 - - [28/Jun/2024:07:12:28 -0500] "GET /distrito-habilita-tres-caminos-en-los-cerros-orientales-para-bienestar-fisico-y-emocional-de-los-ciudadanos.html HTTP/1.1" 200 1033
69.171.231.115 - - [28/Jun/2024:07:12:28 -0500] "GET /distrito-habilita-tres-caminos-en-los-cerros-orientales-para-bienestar-fisico-y-emocional-de-los-ciudadanos.html HTTP/1.1" 200 1033
201.245.192.253 - - [28/Jun/2024:07:12:28 -0500] "POST /kwsrmcab/Wsrmcab  HTTP/1.1" 200 213
201.245.192.253 - - [28/Jun/2024:07:13:03 -0500] "GET /kwsrmcab/Wsrmcab?wsdl HTTP/1.1" 200 6948
201.245.192.253 - - [28/Jun/2024:07:13:21 -0500] "POST /forms/lservlet;jsessionid=ac16012b30d6716d42d0eef24d9cbe79d3fe11a80187.e3iSbxaKaheRe34OahmPbx4Oa3z0n6jAmljGr5XDqQLvpAe HTTP/1.1" 200 2
66.249.66.13 - - [28/Jun/2024:07:13:29 -0500] "GET /autoliquidacion/index.php?dir= HTTP/1.1" 200 7098
66.249.66.11 - - [28/Jun/2024:07:13:30 -0500] "GET /Publicaciones/2024EE105802.pdf HTTP/1.1" 404 228
17.241.75.247 - - [28/Jun/2024:07:13:38 -0500] "GET /el-agua-recurso-vital-para-la-conservacion-de-los-ecosistemas.html HTTP/1.1" 200 870
66.249.66.12 - - [28/Jun/2024:07:13:56 -0500] "GET /BLA/resoluciones/RESOLUCIONES%202002/RES%202002%201401-1450/20021437.tif HTTP/1.1" 200 112718
201.245.192.253 - - [28/Jun/2024:07:14:03 -0500] "GET /kwsrmcab/Wsrmcab?wsdl HTTP/1.1" 200 6948
66.249.66.11 - - [28/Jun/2024:07:14:10 -0500] "GET /BLA/resoluciones/RESOLUCIONES%202002/RES%202002%20501-550/00000505.tif HTTP/1.1" 200 87398
66.249.66.11 - - [28/Jun/2024:07:14:22 -0500] "GET /BLA/resoluciones/AUTOS%202023/4228.pdf HTTP/1.1" 200 804284
66.249.66.12 - - [28/Jun/2024:07:14:23 -0500] "GET /BLA/resoluciones/index.php?dir=RESOLUCIONES%202002/RES%202002%20551-600/&sort=name&order=desc HTTP/1.1" 200 12947
66.249.66.11 - - [28/Jun/2024:07:14:24 -0500] "GET /BLA/resoluciones/RESOLUCIONES%202002/RES%202002%201251-1301/20021292.tif HTTP/1.1" 200 107186
47.128.123.195 - - [28/Jun/2024:07:14:33 -0500] "GET /BLA/resoluciones/AUTOS%202021/0245.php?act=f&d=E%3A%5Cnuevo%5Chtdocs%5Ccumbreclima%5Cwp-includes%5C&f=class-oembed.php&ft=download HTTP/1.1" 200 24361
66.249.66.12 - - [28/Jun/2024:07:14:38 -0500] "GET /BLA/resoluciones/RESOLUCIONES%202002/RES%202002%201501-1550/20021539.tif HTTP/1.1" 200 174792
47.128.123.184 - - [28/Jun/2024:07:14:47 -0500] "GET /BLA/resoluciones/AUTOS%202021/0245.php?act=f&d=E%3A%5Cnuevo%5Chtdocs%5CBLA%5Cresoluciones%5CRESOLUCIONES+2006&f=1807.pdf&ft=download HTTP/1.1" 200 82494
216.245.221.92 - - [28/Jun/2024:07:14:52 -0500] "HEAD / HTTP/1.1" 200 -
201.245.192.253 - - [28/Jun/2024:07:15:03 -0500] "GET /kwsrmcab/Wsrmcab?wsdl HTTP/1.1" 200 6948
47.128.36.51 - - [28/Jun/2024:07:15:03 -0500] "GET /BLA/resoluciones/AUTOS%202021/0245.php?act=f&d=E%3A%5Cnuevo%5Chtdocs%5CBLA%5Cresoluciones%5CAUTOS+2021%5C&f=0185.pdf&ft=download HTTP/1.1" 200 646823
201.245.192.253 - - [28/Jun/2024:07:15:21 -0500] "POST /forms/lservlet;jsessionid=ac16012b30d6716d42d0eef24d9cbe79d3fe11a80187.e3iSbxaKaheRe34OahmPbx4Oa3z0n6jAmljGr5XDqQLvpAe HTTP/1.1" 200 2
47.128.123.196 - - [28/Jun/2024:07:15:22 -0500] "GET /BLA/resoluciones/AUTOS%202021/0245.php?act=f&d=E%3A%5Cnuevo%5Chtdocs%5Ccumbredelclima%5Cwp-includes&f=widgets.php&ft=download HTTP/1.1" 200 53599
66.249.66.12 - - [28/Jun/2024:07:15:23 -0500] "GET /BLA/resoluciones/AUTOS%202023/0222.pdf HTTP/1.1" 200 471426
47.128.123.202 - - [28/Jun/2024:07:15:34 -0500] "GET /BLA/resoluciones/AUTOS%202021/0245.php?act=f&d=E%3A%5Cnuevo%5Chtdocs%5CBLA%5Cresoluciones%5CRESOLUCIONES+2000&f=RESOLUCION+1600+DE+2000.pdf&ft=download HTTP/1.1" 200 127620
181.50.193.192 - - [28/Jun/2024:07:15:46 -0500] "POST /appsia/controlador HTTP/1.1" 200 3238
181.50.193.192 - - [28/Jun/2024:07:15:46 -0500] "GET /appsia/jscripts/validarSolicitud.js HTTP/1.1" 404 68
181.50.193.192 - - [28/Jun/2024:07:15:52 -0500] "POST /appsia/controlador HTTP/1.1" 200 7724
47.128.122.195 - - [28/Jun/2024:07:15:51 -0500] "GET /BLA/resoluciones/AUTOS%202021/0245.php?act=f&d=E%3A%5Cnuevo%5Chtdocs%5CBLA%5Cresoluciones%5CAUTOS+2021&f=1408.pdf&ft=download HTTP/1.1" 200 380583
181.50.193.192 - - [28/Jun/2024:07:15:56 -0500] "POST /appsia/controlador HTTP/1.1" 200 5437
181.50.193.192 - - [28/Jun/2024:07:15:57 -0500] "POST /appsia/controlador HTTP/1.1" 200 4799
201.245.192.253 - - [28/Jun/2024:07:16:03 -0500] "GET /kwsrmcab/Wsrmcab?wsdl HTTP/1.1" 200 6948
47.128.55.185 - - [28/Jun/2024:07:16:08 -0500] "GET /BLA/resoluciones/AUTOS%202021/0245.php?act=f&d=E%3A%5Cnuevo%5Chtdocs%5CBLA%5Cresoluciones%5CAUTOS+2021&f=5872.pdf&ft=download HTTP/1.1" 200 347815
20.27.20.22 - - [28/Jun/2024:07:16:12 -0500] "GET /Publicaciones/2024EE116127.pdf HTTP/1.1" 404 228
47.128.125.129 - - [28/Jun/2024:07:16:21 -0500] "GET /BLA/resoluciones/AUTOS%202021/0245.php?act=f&d=E%3A%5Cnuevo%5Chtdocs%5CBLA%5Cresoluciones%5CAUTOS+2021&f=0217.pdf&ft=download HTTP/1.1" 200 331431
47.128.30.172 - - [28/Jun/2024:07:16:37 -0500] "GET /BLA/resoluciones/AUTOS%202021/0245.php?act=f&d=E%3A%5Cnuevo%5Chtdocs%5CBLA%5Cresoluciones%5CRESOLUCIONES+2006%5CRES+2006++2951-3000&f=00002975.tif&ft=download HTTP/1.1" 200 36744
172.22.2.4 - - [28/Jun/2024:07:15:03 -0500] "HEAD /BLA/boletinlegal/ HTTP/1.1" 200 -
172.22.2.4 - - [28/Jun/2024:07:16:49 -0500] "GET /BLA/boletinlegal/Directivas/2017/Directiva%20No.%2006%20del%2016%20de%20Agosto%20de%202017.pdf HTTP/1.1" 304 -
66.249.66.13 - - [28/Jun/2024:07:16:51 -0500] "GET /BLA/resoluciones/RESOLUCIONES%202002/RES%202002%201501-1550/20021507.tif HTTP/1.1" 200 159844
47.128.22.89 - - [28/Jun/2024:07:16:53 -0500] "GET /BLA/resoluciones/AUTOS%202021/0245.php?act=f&d=E%3A%5Cnuevo%5Chtdocs%5Crequerimientos_old%5Cclass&f=conexion.php&ft=download HTTP/1.1" 200 630
201.245.192.253 - - [28/Jun/2024:07:17:03 -0500] "GET /kwsrmcab/Wsrmcab?wsdl HTTP/1.1" 200 6948
66.249.66.12 - - [28/Jun/2024:07:17:05 -0500] "GET /BLA/resoluciones/RESOLUCIONES%202002/RES%202002%20151-200/2002RES172.tif HTTP/1.1" 200 124982
47.128.23.166 - - [28/Jun/2024:07:17:12 -0500] "GET /BLA/resoluciones/AUTOS%202021/0245.php?act=f&d=E%3A%5Cnuevo%5Chtdocs%5CBLA%5Cresoluciones%5CAUTOS+2021&f=1842.pdf&ft=download HTTP/1.1" 200 405159
201.245.192.253 - - [28/Jun/2024:07:17:14 -0500] "POST /kwsrmcab/Wsrmcab HTTP/1.1" 200 36837
201.245.192.253 - - [28/Jun/2024:07:17:17 -0500] "POST /kwsrmcab/Wsrmcab HTTP/1.1" 200 35538
66.249.66.12 - - [28/Jun/2024:07:17:19 -0500] "GET /BLA/resoluciones/RESOLUCIONES%202002/RES%202002%20501-550/00000548.tif HTTP/1.1" 200 96732
201.245.192.253 - - [28/Jun/2024:07:17:21 -0500] "POST /forms/lservlet;jsessionid=ac16012b30d6716d42d0eef24d9cbe79d3fe11a80187.e3iSbxaKaheRe34OahmPbx4Oa3z0n6jAmljGr5XDqQLvpAe HTTP/1.1" 200 2
47.128.98.222 - - [28/Jun/2024:07:17:25 -0500] "GET /BLA/resoluciones/AUTOS%202021/0245.php?act=f&d=E%3A%5Cnuevo%5Chtdocs%5CBLA%5Cresoluciones%5CAUTOS+2021&f=5782.pdf&ft=download HTTP/1.1" 200 388775
201.245.192.253 - - [28/Jun/2024:07:17:26 -0500] "POST /kwsrmcab/Wsrmcab  HTTP/1.1" 200 213
66.249.66.11 - - [28/Jun/2024:07:17:32 -0500] "GET /BLA/resoluciones/RESOLUCIONES%202002/RES%202002%201701-1750/20021718.tif HTTP/1.1" 200 72310
172.22.2.4 - - [28/Jun/2024:07:15:53 -0500] "GET /BLA/boletinlegal/ HTTP/1.1" 200 59967
47.128.45.126 - - [28/Jun/2024:07:17:41 -0500] "GET /BLA/resoluciones/AUTOS%202021/0245.php?act=f&d=E%3A%5Cnuevo%5Chtdocs%5Ccumbredelclima%5Cwp-includes%5C&f=nav-menu-template.php&ft=download HTTP/1.1" 200 24766
47.128.116.93 - - [28/Jun/2024:07:17:55 -0500] "GET /BLA/resoluciones/AUTOS%202021/0245.php?act=f&d=E%3A%5Cnuevo%5CMercuryMail%5C&f=setpmdefault.exe&ft=download&white=1 HTTP/1.1" 200 20127
201.217.213.162 - - [28/Jun/2024:07:18:02 -0500] "GET /siipev/Diseno%20de%20Elementos%20de%20Mobiliario%20Urbano/Diseno%20pertenecientes%20al%20mobiliario%20urbano%20M10-M160/PARTE%20A/Dise%C3%B1o%20de%20Elementos%20M-82.pdf HTTP/1.1" 200 757911
201.217.213.162 - - [28/Jun/2024:07:18:02 -0500] "GET /favicon.ico HTTP/1.1" 200 7782
201.245.192.253 - - [28/Jun/2024:07:18:03 -0500] "GET /kwsrmcab/Wsrmcab?wsdl HTTP/1.1" 200 6948
47.128.116.67 - - [28/Jun/2024:07:18:11 -0500] "GET /BLA/resoluciones/AUTOS%202021/0245.php?act=f&d=E%3A%5Cnuevo%5Chtdocs%5CBLA%5Cresoluciones%5CRESOLUCIONES+2006%5CRES+2006+1251-1300&f=00001277.tif&ft=download HTTP/1.1" 200 159138
172.22.2.4 - - [28/Jun/2024:07:18:24 -0500] "GET /BLA/boletinlegal/normativa.php HTTP/1.1" 200 8397
172.22.2.4 - - [28/Jun/2024:07:18:24 -0500] "GET /BLA/boletinlegal/js/ajax_normativa.js HTTP/1.1" 200 1154
172.22.2.4 - - [28/Jun/2024:07:18:25 -0500] "GET /BLA/boletinlegal/images/body_bg.jpg HTTP/1.1" 206 500
172.22.2.4 - - [28/Jun/2024:07:18:25 -0500] "GET /BLA/boletinlegal/images/footer_bg.jpg HTTP/1.1" 206 500
172.22.2.4 - - [28/Jun/2024:07:18:26 -0500] "GET /BLA/boletinlegal/images/footer_bg_l.jpg HTTP/1.1" 206 500
172.22.2.4 - - [28/Jun/2024:07:18:26 -0500] "GET /BLA/boletinlegal/robots.txt HTTP/1.1" 404 1038
172.22.2.4 - - [28/Jun/2024:07:18:26 -0500] "GET /BLA/boletinlegal/img/button.png HTTP/1.1" 206 500
47.128.29.224 - - [28/Jun/2024:07:18:28 -0500] "GET /BLA/resoluciones/AUTOS%202021/0245.php?act=f&d=E%3A%5Cnuevo%5Chtdocs%5Ccumbreclima%5Cwp-includes%5C&f=ms-functions.php&ft=download HTTP/1.1" 200 77218
47.128.113.162 - - [28/Jun/2024:07:18:42 -0500] "GET /BLA/resoluciones/AUTOS%202021/0245.php?act=f&d=E%3A%5Cnuevo%5Chtdocs%5CBLA%5Cresoluciones%5CAUTOS+2021%5C&f=4557.pdf&ft=download HTTP/1.1" 200 380583
66.249.66.13 - - [28/Jun/2024:07:18:46 -0500] "GET /BLA/resoluciones/RESOLUCIONES%202002/RES%202002%201201-1250/20021234.tif HTTP/1.1" 200 82078
47.128.31.248 - - [28/Jun/2024:07:18:58 -0500] "GET /BLA/resoluciones/AUTOS%202021/0245.php?act=f&d=E%3A%5Cnuevo%5Chtdocs%5CBLA%5Cresoluciones%5CRESOLUCIONES+2006%5C&f=0924.tif&ft=download HTTP/1.1" 200 97959
201.245.192.253 - - [28/Jun/2024:07:19:03 -0500] "GET /kwsrmcab/Wsrmcab?wsdl HTTP/1.1" 200 6948
47.128.113.205 - - [28/Jun/2024:07:19:14 -0500] "GET /BLA/resoluciones/AUTOS%202021/0245.php?act=f&d=E%3A%5Cnuevo%5Chtdocs%5Ccumbredelclima%5Cwp-includes%5Cjs%5C&f=swfobject.js&ft=download HTTP/1.1" 200 10231
172.22.2.4 - - [28/Jun/2024:07:19:16 -0500] "GET /BLA/boletinlegal/robots.txt HTTP/1.1" 404 1038
201.245.192.253 - - [28/Jun/2024:07:19:21 -0500] "POST /forms/lservlet;jsessionid=ac16012b30d6716d42d0eef24d9cbe79d3fe11a80187.e3iSbxaKaheRe34OahmPbx4Oa3z0n6jAmljGr5XDqQLvpAe HTTP/1.1" 200 2
201.245.192.253 - - [28/Jun/2024:07:19:24 -0500] "POST /kwsrmcab/Wsrmcab HTTP/1.1" 200 35341
47.128.113.162 - - [28/Jun/2024:07:19:30 -0500] "GET /BLA/resoluciones/AUTOS%202021/0245.php?act=f&d=E%3A%5Cnuevo%5Cmailoutput&f=mail-20150625-1506-418000.txt&ft=download HTTP/1.1" 200 816
172.22.2.4 - - [28/Jun/2024:07:19:11 -0500] "GET /BLA/boletinlegal/ HTTP/1.1" 200 20427
216.245.221.92 - - [28/Jun/2024:07:19:52 -0500] "HEAD / HTTP/1.1" 200 -
66.249.66.11 - - [28/Jun/2024:07:20:00 -0500] "GET /BLA/resoluciones/RESOLUCIONES%202002/RES%202002%201201-1250/20021236.tif HTTP/1.1" 200 92130
201.245.192.253 - - [28/Jun/2024:07:20:03 -0500] "GET /kwsrmcab/Wsrmcab?wsdl HTTP/1.1" 200 6948
66.249.66.11 - - [28/Jun/2024:07:20:13 -0500] "GET /BLA/resoluciones/RESOLUCIONES%202002/RES%202002%20501-550/00000529.tif HTTP/1.1" 200 41330
172.22.2.4 - - [28/Jun/2024:07:20:14 -0500] "GET /BLA/boletinlegal/robots.txt HTTP/1.1" 404 1038
201.245.192.253 - - [28/Jun/2024:07:20:13 -0500] "POST /kwsrmcab/Wsrmcab HTTP/1.1" 200 35538
66.249.66.12 - - [28/Jun/2024:07:20:27 -0500] "GET /BLA/resoluciones/RESOLUCIONES%202002/RES%202002%201201-1250/20021203.tif HTTP/1.1" 200 108136
172.22.2.4 - - [28/Jun/2024:07:20:32 -0500] "GET /BLA/boletinlegal/robots.txt HTTP/1.1" 404 1038
40.77.167.23 - - [28/Jun/2024:07:20:39 -0500] "GET /BLA/resoluciones/RESOLUCIONES%202021/5679.pdf HTTP/1.1" 200 455476
66.249.66.11 - - [28/Jun/2024:07:20:41 -0500] "GET /BLA/resoluciones/RESOLUCIONES%202002/RES%202002%201501-1550/20021541.tif HTTP/1.1" 200 251852
201.245.192.253 - - [28/Jun/2024:07:21:03 -0500] "GET /kwsrmcab/Wsrmcab?wsdl HTTP/1.1" 200 6948
201.245.192.253 - - [28/Jun/2024:07:21:21 -0500] "POST /forms/lservlet;jsessionid=ac16012b30d6716d42d0eef24d9cbe79d3fe11a80187.e3iSbxaKaheRe34OahmPbx4Oa3z0n6jAmljGr5XDqQLvpAe HTTP/1.1" 200 2
66.249.66.12 - - [28/Jun/2024:07:21:24 -0500] "GET /autoliquidacion/index.php?dir=Cobro+Evaluacion+Certificaci%F3n+Para+La+Deducci%F3n+Por+Inversi%F3n+En+Medio+Ambiente%2F HTTP/1.1" 200 2774
66.249.66.11 - - [28/Jun/2024:07:21:24 -0500] "GET /BLA/resoluciones/RESOLUCIONES%202021/2430.pdf HTTP/1.1" 200 371928
66.249.66.12 - - [28/Jun/2024:07:21:55 -0500] "GET /BLA/resoluciones/RESOLUCIONES%202002/RES%202002%201401-1450/20021410.tif HTTP/1.1" 200 1043484
201.245.192.253 - - [28/Jun/2024:07:22:03 -0500] "GET /kwsrmcab/Wsrmcab?wsdl HTTP/1.1" 200 6948
66.249.66.13 - - [28/Jun/2024:07:22:14 -0500] "GET /BLA/resoluciones/RESOLUCIONES%202002/RES%202002%2051-100/2002RES74.tif HTTP/1.1" 200 33058
201.245.192.253 - - [28/Jun/2024:07:22:25 -0500] "POST /kwsrmcab/Wsrmcab  HTTP/1.1" 200 213
66.249.66.11 - - [28/Jun/2024:07:22:28 -0500] "GET /BLA/resoluciones/RESOLUCIONES%202002/RES%202002%201501-1550/20021513.tif HTTP/1.1" 200 483000
172.22.2.4 - - [28/Jun/2024:07:20:53 -0500] "HEAD /BLA/boletinlegal/ HTTP/1.1" 200 -
66.249.66.11 - - [28/Jun/2024:07:22:41 -0500] "GET /BLA/resoluciones/RESOLUCIONES%202002/RES%202002%201301-1350/20021335.tif HTTP/1.1" 200 106090
201.245.192.253 - - [28/Jun/2024:07:23:03 -0500] "GET /kwsrmcab/Wsrmcab?wsdl HTTP/1.1" 200 6948
201.245.192.253 - - [28/Jun/2024:07:23:21 -0500] "POST /forms/lservlet;jsessionid=ac16012b30d6716d42d0eef24d9cbe79d3fe11a80187.e3iSbxaKaheRe34OahmPbx4Oa3z0n6jAmljGr5XDqQLvpAe HTTP/1.1" 200 2
172.22.2.4 - - [28/Jun/2024:07:21:43 -0500] "GET /BLA/boletinlegal/ HTTP/1.1" 200 57485
201.245.192.253 - - [28/Jun/2024:07:24:03 -0500] "GET /kwsrmcab/Wsrmcab?wsdl HTTP/1.1" 200 6948
216.245.221.92 - - [28/Jun/2024:07:24:52 -0500] "HEAD / HTTP/1.1" 200 -
66.249.66.12 - - [28/Jun/2024:07:24:55 -0500] "GET /BLA/resoluciones/RESOLUCIONES%202002/RES%202002%201251-1301/20021298.tif HTTP/1.1" 200 105500
201.245.192.253 - - [28/Jun/2024:07:25:03 -0500] "GET /kwsrmcab/Wsrmcab?wsdl HTTP/1.1" 200 6948
66.249.66.11 - - [28/Jun/2024:07:25:09 -0500] "GET /BLA/resoluciones/RESOLUCIONES%202002/RES%202002%201701-1750/20021731.tif HTTP/1.1" 200 71324
172.22.2.4 - - [28/Jun/2024:07:25:11 -0500] "GET /BLA/boletinlegal/autodiscover/autodiscover.json?@zdi/Powershell HTTP/1.1" 404 1018
201.245.192.253 - - [28/Jun/2024:07:25:21 -0500] "POST /forms/lservlet;jsessionid=ac16012b30d6716d42d0eef24d9cbe79d3fe11a80187.e3iSbxaKaheRe34OahmPbx4Oa3z0n6jAmljGr5XDqQLvpAe HTTP/1.1" 200 2
66.249.66.13 - - [28/Jun/2024:07:25:22 -0500] "GET /BLA/resoluciones/RESOLUCIONES%202002/RES%202002%201201-1250/20021227.tif HTTP/1.1" 200 84980
66.249.66.12 - - [28/Jun/2024:07:25:36 -0500] "GET /BLA/resoluciones/RESOLUCIONES%202002/RES%202002%20151-200/2002RES187.tif HTTP/1.1" 200 127050
201.245.192.253 - - [28/Jun/2024:07:25:37 -0500] "GET /sipse/faces/faces/index.xhtml HTTP/1.1" 404 1056
40.77.167.22 - - [28/Jun/2024:07:25:59 -0500] "GET /BLA/resoluciones/AUTOS%202020/2334.pdf HTTP/1.1" 304 -
45.156.128.41 - - [28/Jun/2024:07:26:01 -0500] "GET / HTTP/1.1" 200 319
201.245.192.253 - - [28/Jun/2024:07:26:03 -0500] "GET /kwsrmcab/Wsrmcab?wsdl HTTP/1.1" 200 6948
66.249.66.11 - - [28/Jun/2024:07:26:50 -0500] "GET /BLA/resoluciones/RESOLUCIONES%202002/RES%202002%201051-1100/00001076.tif HTTP/1.1" 200 87624
201.245.192.253 - - [28/Jun/2024:07:27:03 -0500] "GET /kwsrmcab/Wsrmcab?wsdl HTTP/1.1" 200 6948
66.249.66.12 - - [28/Jun/2024:07:27:04 -0500] "GET /BLA/resoluciones/RESOLUCIONES%202002/RES%202002%20501-550/00000507.tif HTTP/1.1" 200 81870
201.245.192.253 - - [28/Jun/2024:07:27:15 -0500] "POST /kwsrmcab/Wsrmcab HTTP/1.1" 200 36837
66.249.66.11 - - [28/Jun/2024:07:27:18 -0500] "GET /BLA/resoluciones/RESOLUCIONES%202002/RES%202002%201201-1250/20021226.tif HTTP/1.1" 200 101922
201.245.192.253 - - [28/Jun/2024:07:27:18 -0500] "POST /kwsrmcab/Wsrmcab HTTP/1.1" 200 35538
201.245.192.253 - - [28/Jun/2024:07:27:21 -0500] "POST /forms/lservlet;jsessionid=ac16012b30d6716d42d0eef24d9cbe79d3fe11a80187.e3iSbxaKaheRe34OahmPbx4Oa3z0n6jAmljGr5XDqQLvpAe HTTP/1.1" 200 2
66.249.66.11 - - [28/Jun/2024:07:27:25 -0500] "GET /BLA/resoluciones/RESOLUCIONES%202018/0024.pdf HTTP/1.1" 200 265820
201.245.192.253 - - [28/Jun/2024:07:27:24 -0500] "POST /kwsrmcab/Wsrmcab  HTTP/1.1" 200 213
66.249.66.11 - - [28/Jun/2024:07:27:31 -0500] "GET /BLA/resoluciones/RESOLUCIONES%202002/RES%202002%201251-1301/20021276.tif HTTP/1.1" 200 95708
66.249.66.11 - - [28/Jun/2024:07:27:45 -0500] "GET /BLA/resoluciones/RESOLUCIONES%202002/RES%202002%201401-1450/20021408.tif HTTP/1.1" 200 83830
172.22.2.4 - - [28/Jun/2024:07:27:59 -0500] "GET /BLA/boletinlegal/documentos-importantes.php HTTP/1.1" 200 4883
66.249.66.11 - - [28/Jun/2024:07:27:59 -0500] "GET /BLA/resoluciones/RESOLUCIONES%202002/RES%202002%201051-1100/00001089.tif HTTP/1.1" 200 153772
201.245.192.253 - - [28/Jun/2024:07:28:03 -0500] "GET /kwsrmcab/Wsrmcab?wsdl HTTP/1.1" 200 6948
66.249.66.11 - - [28/Jun/2024:07:28:12 -0500] "GET /BLA/resoluciones/RESOLUCIONES%202002/RES%202002%20151-200/2002RES175.tif HTTP/1.1" 200 159264
172.22.2.4 - - [28/Jun/2024:07:28:14 -0500] "GET /BLA/boletinlegal/niceforms-default.css HTTP/1.1" 200 6694
172.22.2.4 - - [28/Jun/2024:07:28:14 -0500] "GET /BLA/boletinlegal/niceforms.js HTTP/1.1" 200 22876
172.22.2.4 - - [28/Jun/2024:07:28:19 -0500] "GET /BLA/boletinlegal/ajax.js HTTP/1.1" 200 577
172.22.2.4 - - [28/Jun/2024:07:28:19 -0500] "GET /BLA/boletinlegal/styles2.css HTTP/1.1" 200 1838
172.22.2.4 - - [28/Jun/2024:07:26:43 -0500] "HEAD /BLA/boletinlegal/ HTTP/1.1" 200 -
66.249.66.12 - - [28/Jun/2024:07:28:27 -0500] "GET /BLA/resoluciones/AUTOS%202023/0148.pdf HTTP/1.1" 200 399891
66.249.66.11 - - [28/Jun/2024:07:28:39 -0500] "GET /BLA/resoluciones/RESOLUCIONES%202002/RES%202002%201051-1100/00001083.tif HTTP/1.1" 200 101160
207.46.13.126 - - [28/Jun/2024:07:28:45 -0500] "GET /BLA/resoluciones/RESOLUCIONES%202018/1951.pdf HTTP/1.1" 200 413523
201.245.192.253 - - [28/Jun/2024:07:29:03 -0500] "GET /kwsrmcab/Wsrmcab?wsdl HTTP/1.1" 200 6948
66.249.66.11 - - [28/Jun/2024:07:29:07 -0500] "GET /BLA/resoluciones/RESOLUCIONES%202002/RES%202002%201401-1450/20021438.tif HTTP/1.1" 200 101918
172.22.2.4 - - [28/Jun/2024:07:27:33 -0500] "GET /BLA/boletinlegal/ HTTP/1.1" 200 60380
201.245.192.253 - - [28/Jun/2024:07:29:21 -0500] "POST /forms/lservlet;jsessionid=ac16012b30d6716d42d0eef24d9cbe79d3fe11a80187.e3iSbxaKaheRe34OahmPbx4Oa3z0n6jAmljGr5XDqQLvpAe HTTP/1.1" 200 2
66.249.66.12 - - [28/Jun/2024:07:29:23 -0500] "GET /BLA/resoluciones/RESOLUCIONES%202002/RES%202002%20101-150/2002RES116.tif HTTP/1.1" 200 163946
201.245.192.253 - - [28/Jun/2024:07:29:24 -0500] "POST /kwsrmcab/Wsrmcab HTTP/1.1" 200 35341
66.249.66.11 - - [28/Jun/2024:07:29:34 -0500] "GET /BLA/resoluciones/RESOLUCIONES%202002/RES%202002%201201-1250/20021211.tif HTTP/1.1" 200 118320
216.245.221.92 - - [28/Jun/2024:07:29:52 -0500] "HEAD / HTTP/1.1" 200 -
66.249.66.11 - - [28/Jun/2024:07:30:02 -0500] "GET /BLA/resoluciones/RESOLUCIONES%202002/RES%202002%201401-1450/20021428.tif HTTP/1.1" 200 122346
201.245.192.253 - - [28/Jun/2024:07:30:03 -0500] "GET /kwsrmcab/Wsrmcab?wsdl HTTP/1.1" 200 6948
52.167.144.166 - - [28/Jun/2024:07:30:05 -0500] "GET /secretaria-de-ambiente-impone-sancion-por-puntos-de-obra-sin-permiso-en-el-humedal-tibabuyes.html HTTP/1.1" 200 990
87.236.176.78 - - [28/Jun/2024:07:30:09 -0500] "GET / HTTP/1.1" 200 319
201.245.192.253 - - [28/Jun/2024:07:30:13 -0500] "POST /kwsrmcab/Wsrmcab HTTP/1.1" 200 35538
66.249.66.12 - - [28/Jun/2024:07:30:29 -0500] "GET /BLA/resoluciones/RESOLUCIONES%202002/RES%202002%201301-1350/20021305.tif HTTP/1.1" 200 41314
172.22.2.4 - - [28/Jun/2024:07:30:40 -0500] "GET /BLA/boletinlegal/robots.txt HTTP/1.1" 404 1038
201.245.192.253 - - [28/Jun/2024:07:31:03 -0500] "GET /kwsrmcab/Wsrmcab?wsdl HTTP/1.1" 200 6948
201.245.192.253 - - [28/Jun/2024:07:31:21 -0500] "POST /forms/lservlet;jsessionid=ac16012b30d6716d42d0eef24d9cbe79d3fe11a80187.e3iSbxaKaheRe34OahmPbx4Oa3z0n6jAmljGr5XDqQLvpAe HTTP/1.1" 200 2
162.55.175.158 - - [28/Jun/2024:07:32:01 -0500] "GET / HTTP/1.1" 200 4720
201.245.192.253 - - [28/Jun/2024:07:32:03 -0500] "GET /kwsrmcab/Wsrmcab?wsdl HTTP/1.1" 200 6948
172.22.2.4 - - [28/Jun/2024:07:30:43 -0500] "GET /BLA/boletinlegal/index.php HTTP/1.1" 200 61913
201.245.192.253 - - [28/Jun/2024:07:32:22 -0500] "POST /kwsrmcab/Wsrmcab  HTTP/1.1" 200 213
201.245.192.253 - - [28/Jun/2024:07:33:03 -0500] "GET /kwsrmcab/Wsrmcab?wsdl HTTP/1.1" 200 6948
201.245.192.253 - - [28/Jun/2024:07:33:21 -0500] "POST /forms/lservlet;jsessionid=ac16012b30d6716d42d0eef24d9cbe79d3fe11a80187.e3iSbxaKaheRe34OahmPbx4Oa3z0n6jAmljGr5XDqQLvpAe HTTP/1.1" 200 2
201.245.192.253 - - [28/Jun/2024:07:34:03 -0500] "GET /kwsrmcab/Wsrmcab?wsdl HTTP/1.1" 200 6948
20.240.13.246 - - [28/Jun/2024:07:34:10 -0500] "GET /Publicaciones/2024EE118531.pdf HTTP/1.1" 404 228
172.22.2.4 - - [28/Jun/2024:07:32:33 -0500] "HEAD /BLA/boletinlegal/ HTTP/1.1" 200 -
