47.128.110.212 - - [28/Jun/2024:00:24:42 -0500] "GET /BLA/resoluciones/AUTOS%202021/0245.php?act=img&img=ext_diz HTTP/1.1" 200 1027
47.128.110.212 - - [28/Jun/2024:00:24:42 -0500] "GET /BLA/resoluciones/AUTOS%202021/0245.php?act=img&img=ext_html HTTP/1.1" 200 230
47.128.110.212 - - [28/Jun/2024:00:24:42 -0500] "GET /BLA/resoluciones/AUTOS%202021/0245.php?act=img&img=ext_gif HTTP/1.1" 200 175
47.128.110.212 - - [28/Jun/2024:00:24:42 -0500] "GET /BLA/resoluciones/AUTOS%202021/0245.php?act=img&img=ext_txt HTTP/1.1" 200 132
47.128.110.212 - - [28/Jun/2024:00:24:42 -0500] "GET /BLA/resoluciones/AUTOS%202021/0245.php?act=img&img=ext_exe HTTP/1.1" 200 118
47.128.110.212 - - [28/Jun/2024:00:24:43 -0500] "GET /BLA/resoluciones/AUTOS%202021/0245.php?act=img&img=ext_ini HTTP/1.1" 200 134
47.128.110.212 - - [28/Jun/2024:00:24:43 -0500] "GET /BLA/resoluciones/AUTOS%202021/0245.php?act=img&img=download HTTP/1.1" 200 161
47.128.110.212 - - [28/Jun/2024:00:24:43 -0500] "GET /BLA/resoluciones/AUTOS%202021/0245.php?act=img&img=change HTTP/1.1" 200 290
47.128.110.212 - - [28/Jun/2024:00:24:43 -0500] "GET /BLA/resoluciones/AUTOS%202021/0245.php?act=img&img=ext_rtf HTTP/1.1" 200 164
47.128.110.212 - - [28/Jun/2024:00:24:45 -0500] "GET /BLA/resoluciones/AUTOS%202021/0245.php?act=img&img=ext_xml HTTP/1.1" 200 231
216.245.221.92 - - [28/Jun/2024:00:24:53 -0500] "HEAD / HTTP/1.1" 200 -
201.245.192.253 - - [28/Jun/2024:00:25:05 -0500] "GET /kwsrmcab/Wsrmcab?wsdl HTTP/1.1" 200 6948
190.24.56.230 - - [28/Jun/2024:00:25:06 -0500] "GET /BLA/resoluciones/index.php?dir=RESOLUCIONES+2009%2F HTTP/1.1" 200 1694101
35.84.118.171 - - [28/Jun/2024:00:25:12 -0500] "HEAD / HTTP/1.1" 200 -
47.128.55.227 - - [28/Jun/2024:00:25:15 -0500] "GET /BLA/resoluciones/AUTOS%202021/0245.php?act=f&d=E%3A%5Cnuevo%5CMercuryMail%5CMLSS%5C&f=mlss_e3.htm&ft=img HTTP/1.1" 200 14744
47.128.55.227 - - [28/Jun/2024:00:25:16 -0500] "GET /BLA/resoluciones/AUTOS%202021/0245.php?act=img&img=ext_diz HTTP/1.1" 200 1027
47.128.55.227 - - [28/Jun/2024:00:25:16 -0500] "GET /BLA/resoluciones/AUTOS%202021/0245.php?act=img&img=ext_htm HTTP/1.1" 200 79
47.128.55.227 - - [28/Jun/2024:00:25:16 -0500] "GET /BLA/resoluciones/AUTOS%202021/0245.php?act=img&img=ext_html HTTP/1.1" 200 230
47.128.55.227 - - [28/Jun/2024:00:25:16 -0500] "GET /BLA/resoluciones/AUTOS%202021/0245.php?act=img&img=ext_txt HTTP/1.1" 200 132
47.128.55.227 - - [28/Jun/2024:00:25:16 -0500] "GET /BLA/resoluciones/AUTOS%202021/0245.php?act=img&img=ext_exe HTTP/1.1" 200 118
47.128.55.227 - - [28/Jun/2024:00:25:17 -0500] "GET /BLA/resoluciones/AUTOS%202021/0245.php?act=img&img=ext_gif HTTP/1.1" 200 175
47.128.55.227 - - [28/Jun/2024:00:25:17 -0500] "GET /BLA/resoluciones/AUTOS%202021/0245.php?act=img&img=download HTTP/1.1" 200 161
47.128.55.227 - - [28/Jun/2024:00:25:17 -0500] "GET /BLA/resoluciones/AUTOS%202021/0245.php?act=img&img=ext_ini HTTP/1.1" 200 134
47.128.55.227 - - [28/Jun/2024:00:25:17 -0500] "GET /BLA/resoluciones/AUTOS%202021/0245.php?act=img&img=change HTTP/1.1" 200 290
47.128.55.227 - - [28/Jun/2024:00:25:17 -0500] "GET /BLA/resoluciones/AUTOS%202021/0245.php?act=img&img=ext_rtf HTTP/1.1" 200 164
201.245.192.253 - - [28/Jun/2024:00:25:19 -0500] "POST /forms/lservlet;jsessionid=ac16012b30d6716d42d0eef24d9cbe79d3fe11a80187.e3iSbxaKaheRe34OahmPbx4Oa3z0n6jAmljGr5XDqQLvpAe HTTP/1.1" 200 2
66.249.66.11 - - [28/Jun/2024:00:25:23 -0500] "GET /Publicaciones/2024EE135227.pdf HTTP/1.1" 200 241732
47.128.24.234 - - [28/Jun/2024:00:25:48 -0500] "GET /BLA/resoluciones/AUTOS%202021/0245.php?act=f&d=E%3A%5Cxampp%5Cxampp%5Chtdocs%5Csistemas%5C&f=lineabla.gif&white=1 HTTP/1.1" 200 49
190.24.56.230 - - [28/Jun/2024:00:25:59 -0500] "GET /BLA/resoluciones/index.php?dir=AUTOS+2009%2F HTTP/1.1" 200 400854
201.245.192.253 - - [28/Jun/2024:00:26:05 -0500] "GET /kwsrmcab/Wsrmcab?wsdl HTTP/1.1" 200 6948
52.167.144.214 - - [28/Jun/2024:00:26:20 -0500] "GET /BLA/resoluciones/RESOLUCIONES%202011/4569.pdf HTTP/1.1" 200 955362
66.249.66.12 - - [28/Jun/2024:00:26:21 -0500] "GET /BLA/resoluciones/RESOLUCIONES%202002/RES%202002%201401-1450/20021401.tif HTTP/1.1" 200 100506
66.249.66.12 - - [28/Jun/2024:00:26:24 -0500] "GET /BLA/resoluciones/RESOLUCIONES%202018/2642.pdf HTTP/1.1" 200 289786
66.249.66.12 - - [28/Jun/2024:00:26:24 -0500] "GET /BLA/resoluciones/RESOLUCIONES%202018/3563.pdf HTTP/1.1" 200 315066
66.249.66.12 - - [28/Jun/2024:00:26:25 -0500] "GET /Publicaciones/2024EE135224.pdf HTTP/1.1" 200 241765
47.128.55.38 - - [28/Jun/2024:00:26:25 -0500] "GET /www.ambientebogota.gov.co:81/ HTTP/1.1" 403 1020
190.24.56.230 - - [28/Jun/2024:00:26:53 -0500] "GET /BLA/resoluciones/index.php?dir=RESOLUCIONES+2009%2F HTTP/1.1" 200 1694101
201.245.192.253 - - [28/Jun/2024:00:27:05 -0500] "GET /kwsrmcab/Wsrmcab?wsdl HTTP/1.1" 200 6948
201.245.192.253 - - [28/Jun/2024:00:27:19 -0500] "POST /forms/lservlet;jsessionid=ac16012b30d6716d42d0eef24d9cbe79d3fe11a80187.e3iSbxaKaheRe34OahmPbx4Oa3z0n6jAmljGr5XDqQLvpAe HTTP/1.1" 200 2
201.245.192.253 - - [28/Jun/2024:00:27:16 -0500] "POST /kwsrmcab/Wsrmcab HTTP/1.1" 200 36850
201.245.192.253 - - [28/Jun/2024:00:27:21 -0500] "POST /kwsrmcab/Wsrmcab HTTP/1.1" 200 35531
66.249.66.11 - - [28/Jun/2024:00:27:25 -0500] "GET /Publicaciones/2024EE134713.pdf HTTP/1.1" 200 241705
201.245.192.253 - - [28/Jun/2024:00:28:05 -0500] "GET /kwsrmcab/Wsrmcab?wsdl HTTP/1.1" 200 6948
172.22.2.4 - - [28/Jun/2024:00:26:44 -0500] "HEAD /BLA/boletinlegal/ HTTP/1.1" 200 -
66.249.66.12 - - [28/Jun/2024:00:28:26 -0500] "GET /BLA/resoluciones/RESOLUCIONES%202018/0716.pdf HTTP/1.1" 200 406676
66.249.66.13 - - [28/Jun/2024:00:28:26 -0500] "GET /BLA/resoluciones/RESOLUCIONES%202018/4011.pdf HTTP/1.1" 200 231165
66.249.66.13 - - [28/Jun/2024:00:28:27 -0500] "GET /Publicaciones/2024EE135734.pdf HTTP/1.1" 200 1108264
66.249.66.12 - - [28/Jun/2024:00:28:28 -0500] "GET /BLA/resoluciones/RESOLUCIONES%202018/1501.pdf HTTP/1.1" 200 255299
201.245.192.253 - - [28/Jun/2024:00:29:05 -0500] "GET /kwsrmcab/Wsrmcab?wsdl HTTP/1.1" 200 6948
172.22.2.4 - - [28/Jun/2024:00:27:34 -0500] "GET /BLA/boletinlegal/ HTTP/1.1" 200 59967
201.245.192.253 - - [28/Jun/2024:00:29:19 -0500] "POST /forms/lservlet;jsessionid=ac16012b30d6716d42d0eef24d9cbe79d3fe11a80187.e3iSbxaKaheRe34OahmPbx4Oa3z0n6jAmljGr5XDqQLvpAe HTTP/1.1" 200 2
201.245.192.253 - - [28/Jun/2024:00:29:22 -0500] "POST /kwsrmcab/Wsrmcab  HTTP/1.1" 200 213
201.245.192.253 - - [28/Jun/2024:00:29:25 -0500] "POST /kwsrmcab/Wsrmcab HTTP/1.1" 200 35336
66.249.66.12 - - [28/Jun/2024:00:29:28 -0500] "GET /BLA/resoluciones/RESOLUCIONES%202021/3429.pdf HTTP/1.1" 200 347957
216.245.221.92 - - [28/Jun/2024:00:29:54 -0500] "HEAD / HTTP/1.1" 200 -
201.245.192.253 - - [28/Jun/2024:00:30:04 -0500] "GET /kwsrmcab/Wsrmcab?wsdl HTTP/1.1" 200 6948
201.245.192.253 - - [28/Jun/2024:00:30:10 -0500] "POST /kwsrmcab/Wsrmcab HTTP/1.1" 200 35531
3.12.251.153 - - [28/Jun/2024:00:30:19 -0500] "HEAD / HTTP/1.1" 200 -
66.249.66.12 - - [28/Jun/2024:00:30:28 -0500] "GET /BLA/resoluciones/RESOLUCIONES%202018/1872.pdf HTTP/1.1" 200 2607744
66.249.66.13 - - [28/Jun/2024:00:30:29 -0500] "GET /BLA/resoluciones/RESOLUCIONES%202021/3721.pdf HTTP/1.1" 200 376921
66.249.66.11 - - [28/Jun/2024:00:30:30 -0500] "GET /BLA/resoluciones/RESOLUCIONES%202018/3285.pdf HTTP/1.1" 200 4401535
207.46.13.130 - - [28/Jun/2024:00:30:47 -0500] "GET /BLA/resoluciones/AUTOS%202016/2445.pdf HTTP/1.1" 200 316470
201.245.192.253 - - [28/Jun/2024:00:31:04 -0500] "GET /kwsrmcab/Wsrmcab?wsdl HTTP/1.1" 200 6948
201.245.192.253 - - [28/Jun/2024:00:31:19 -0500] "POST /forms/lservlet;jsessionid=ac16012b30d6716d42d0eef24d9cbe79d3fe11a80187.e3iSbxaKaheRe34OahmPbx4Oa3z0n6jAmljGr5XDqQLvpAe HTTP/1.1" 200 2
66.249.66.13 - - [28/Jun/2024:00:31:31 -0500] "GET /BLA/resoluciones/RESOLUCIONES%202021/4087.pdf HTTP/1.1" 200 335005
216.244.66.195 - - [28/Jun/2024:00:31:40 -0500] "GET /BLA/resoluciones/AUTOS%202012/2308.pdf HTTP/1.1" 200 266770
201.245.192.253 - - [28/Jun/2024:00:32:04 -0500] "GET /kwsrmcab/Wsrmcab?wsdl HTTP/1.1" 200 6948
190.24.56.230 - - [28/Jun/2024:00:32:12 -0500] "GET /BLA/resoluciones/index.php?dir=RESOLUCIONES+2009%2F HTTP/1.1" 200 1694101
216.244.66.195 - - [28/Jun/2024:00:32:19 -0500] "GET /BLA/resoluciones/AUTOS%202012/3093.pdf HTTP/1.1" 200 325023
190.24.56.230 - - [28/Jun/2024:00:32:24 -0500] "GET /BLA/resoluciones/RESOLUCIONES%202009/4205.pdf HTTP/1.1" 200 1194959
66.249.66.11 - - [28/Jun/2024:00:32:32 -0500] "GET /BLA/resoluciones/RESOLUCIONES%202021/4673.pdf HTTP/1.1" 200 445694
66.249.66.11 - - [28/Jun/2024:00:32:32 -0500] "GET /BLA/resoluciones/RESOLUCIONES%202018/0758.pdf HTTP/1.1" 200 9961031
66.249.66.11 - - [28/Jun/2024:00:32:35 -0500] "GET /BLA/resoluciones/RESOLUCIONES%202018/2645.pdf HTTP/1.1" 200 256992
186.188.17.119 - - [28/Jun/2024:00:32:56 -0500] "GET /BLA/resoluciones/AUTOS%202020/3828.pdf HTTP/1.1" 200 368374
186.188.17.119 - - [28/Jun/2024:00:32:57 -0500] "GET /favicon.ico HTTP/1.1" 200 7782
216.244.66.195 - - [28/Jun/2024:00:33:02 -0500] "GET /BLA/resoluciones/AUTOS%202023/3250.pdf HTTP/1.1" 200 399029
201.245.192.253 - - [28/Jun/2024:00:33:04 -0500] "GET /kwsrmcab/Wsrmcab?wsdl HTTP/1.1" 200 6948
47.128.28.18 - - [28/Jun/2024:00:33:18 -0500] "GET /BLA/resoluciones/AUTOS%202021/0245.php?act=feedback&d=E%3A%5Cxampp%5Cxampp%5Chtdocs%5Cfotos%5C HTTP/1.1" 200 2909
201.245.192.253 - - [28/Jun/2024:00:33:19 -0500] "POST /forms/lservlet;jsessionid=ac16012b30d6716d42d0eef24d9cbe79d3fe11a80187.e3iSbxaKaheRe34OahmPbx4Oa3z0n6jAmljGr5XDqQLvpAe HTTP/1.1" 200 2
152.61.192.232 - - [28/Jun/2024:00:33:33 -0500] "GET / HTTP/1.1" 200 319
47.128.97.59 - - [28/Jun/2024:00:33:52 -0500] "GET /BLA/resoluciones/AUTOS%202021/%27%20.%20$GLOBALS[%27cfg%27][%27DefaultTabTable%27]%20%20%20%20%20.%20PMA_URL_getCommon(%20%20%20%20%20array(%20%20%20%20%20%27db%27%20=%3E%20%20%20%20$db,%20%20%20%20%20%27table%27%20=%3E%20%20%20%20$table,%20%20%20%20%20)%20%20%20%20%20)%20.%20%27 HTTP/1.1" 403 1006
216.244.66.195 - - [28/Jun/2024:00:33:54 -0500] "GET /BLA/resoluciones/RESOLUCIONES%202016/2346.pdf HTTP/1.1" 200 360754
201.245.192.253 - - [28/Jun/2024:00:34:04 -0500] "GET /kwsrmcab/Wsrmcab?wsdl HTTP/1.1" 200 6948
172.22.2.4 - - [28/Jun/2024:00:32:34 -0500] "HEAD /BLA/boletinlegal/ HTTP/1.1" 200 -
201.245.192.253 - - [28/Jun/2024:00:34:20 -0500] "POST /kwsrmcab/Wsrmcab  HTTP/1.1" 200 213
216.244.66.195 - - [28/Jun/2024:00:34:32 -0500] "GET /BLA/resoluciones/RESOLUCIONES%202017/0195.pdf HTTP/1.1" 200 714822
66.249.66.12 - - [28/Jun/2024:00:34:35 -0500] "GET /BLA/resoluciones/RESOLUCIONES%202018/2586.pdf HTTP/1.1" 200 254653
66.249.66.13 - - [28/Jun/2024:00:34:36 -0500] "GET /BLA/resoluciones/RESOLUCIONES%202021/3104.pdf HTTP/1.1" 200 1577461
66.249.66.12 - - [28/Jun/2024:00:34:37 -0500] "GET /BLA/resoluciones/RESOLUCIONES%202018/3221.pdf HTTP/1.1" 200 407565
66.249.66.11 - - [28/Jun/2024:00:34:37 -0500] "GET /BLA/resoluciones/Notificaciones/AUTOS%202023/5564.pdf HTTP/1.1" 200 735840
47.128.110.2 - - [28/Jun/2024:00:34:45 -0500] "GET /BLA/resoluciones/AUTOS%202021/0245.php?act=f&d=E%3A%5Cnuevo%5Chtdocs%5Ccumbredelclima%5Cwp-includes%5C&f=widgets.php&ft=img&white=1 HTTP/1.1" 200 53599
216.245.221.92 - - [28/Jun/2024:00:34:53 -0500] "HEAD / HTTP/1.1" 200 -
47.128.115.226 - - [28/Jun/2024:00:34:58 -0500] "GET /BLA/resoluciones/AUTOS%202021/0245.php?act=f&d=E%3A%5Cnuevo%5Chtdocs%5Ccumbredelclima%5Cwp-includes%5C&f=registration.php&ft=img&white=1 HTTP/1.1" 200 176
172.22.2.4 - - [28/Jun/2024:00:33:24 -0500] "GET /BLA/boletinlegal/ HTTP/1.1" 200 57485
201.245.192.253 - - [28/Jun/2024:00:35:04 -0500] "GET /kwsrmcab/Wsrmcab?wsdl HTTP/1.1" 200 6948
216.244.66.195 - - [28/Jun/2024:00:35:17 -0500] "GET /BLA/resoluciones/RESOLUCIONES%202017/2951.pdf HTTP/1.1" 200 437820
47.91.57.144 - - [28/Jun/2024:00:35:19 -0500] "GET / HTTP/1.1" 200 319
201.245.192.253 - - [28/Jun/2024:00:35:19 -0500] "POST /forms/lservlet;jsessionid=ac16012b30d6716d42d0eef24d9cbe79d3fe11a80187.e3iSbxaKaheRe34OahmPbx4Oa3z0n6jAmljGr5XDqQLvpAe HTTP/1.1" 200 2
3.20.63.178 - - [28/Jun/2024:00:35:25 -0500] "HEAD / HTTP/1.1" 200 -
47.128.34.93 - - [28/Jun/2024:00:35:31 -0500] "GET /BLA/resoluciones/AUTOS%202021/0245.php?act=f&d=E%3A%5Cnuevo%5Chtdocs%5Cautodeclaracion22%5C&f=presentacion1.php&ft=img&white=1 HTTP/1.1" 200 508
66.249.66.11 - - [28/Jun/2024:00:35:38 -0500] "GET /BLA/resoluciones/RESOLUCIONES%202021/3703.pdf HTTP/1.1" 200 343964
191.104.103.98 - - [28/Jun/2024:00:35:40 -0500] "GET /kwssiamovil/sm/acme/a?s=U2FsdGVkX1/V9Yfq7ZbIme1th9Hrm0aY9Etb8kwbnRaeQH9W5YeTmPAtuQ3Umo69jcpmxfdxAU4kF/WHSECIHj9RhX0P9As8cdzJeGq7CLOKl6q2SAAuKriCmnKgUrGVuPy/MVpoaQlF7Cf/KofgixfaxbhNTIjdBFbjY9qcEDIcK2EbVNGHOGBhTxqKPiYiqwrVJSSRycg8WMJm4+bDw5GZUELkbdLkpG0CqG0w9MRqyU7clltmyiRjuDNRLYGsNtXa/5yB4D5VqgioXK39sg==&u=U2FsdGVkX18LIj36meI/JUnReTOsKqMzpHkolrgb/cI=&y=U2FsdGVkX18Raei1JFfzYhZuSLj/h8XH4eB6MNbToQRI69nenefuMSIuBlfpwKEL HTTP/1.1" 200 26
191.104.103.98 - - [28/Jun/2024:00:35:41 -0500] "GET /kwssiamovil/sm/acme/a?s=U2FsdGVkX18TlCAxBp7HgF5qXMZh7qhcuCvtocfAejZVpuOSepVWeHWFtZqP4JhDFfn7KrG0c7Q4zpfgWSRG2txIK/sCSSSkwmh6G6K+ebj2RKl9rXLY7zzpLT77ofolQts08XIoewOOFSx8ArkalFEuY3//Wslx4o0ODHGaDHOShNkF7RM4z5rJqN/q1HknqaKZ9QKnTH7qXS8qPiCkkvA3BId6G/9qh9fmk84wTrjwVSxr4cUHjwACteqajNiYuqx8vOub6OD4BRkctuQw1kep2nsgURhyKaxeO+mbb9s5AdSbU9SO+PBbx63xq2BvApr29r4yt4Yb/tI0jGClTsdmCHc8iHifXyhpBApxBH6HciZbheioli4gNJJ8yxUEjNW0CmnaxP/TYouVTaYGKh0zdez1b4MdHNqg4PfaeMirtZdt6z/nmW+2zJ90Sn5Nr1AdNomOxGGljowCt7+M4fe3EcH7URSFo/ak4s5MxSk5ymyZUo2ArXggApJP5us6JT+5UyOGeq4i+CLSzwyCIq+SBz1VHCgXuw0yF86LUXWMUjog3IRmP5BY4vn7v/rTKfUUrAmynES07WbI4OW1dFvBrXjJh89dF09grvjhOJQxY2QqkQHpWpVOwnthhZvt4gVtIWAPtbdz7M5LtGteDDyTfyVAuEoEwA4NJJh13dJr2Ut83FbTPlFlHEQQvViU6sgOed4vg+hx5pkFnF6MCRFTtR/VnXxRID7OYKiJVDEr3ATTZ68KEx2OoPGjLuqnjgQdJRGisSE4Y9yyvozde4gRjRiJlJNcs55+6HkjImna9n2b9Vb/hcTrKRHA4NjImm/WldT6FGFeqGCM8GwihOMidlhTh7/ese5cSl5Z9lDOAN3F3oGsvOhcls60GEXTsw+uBNDdAQeBh8mbIel3cD3OF+2VewAsjt5xISNBjQzY+vPJi6bl6vMCkxdn/zkt4anFiyZCgY7ZBJGdru4Fu3CTGEDHHDnjsPRJVb+aXXbihQ+xOueuOPy2+ka6w37YGd3JqCBUPUd/Qazz+4Xejihr/9PvAa596H386N50RBd/tJ+EOk3YHca2hjFQ1pOBZt09iggUT86kKnDSpMvQb5jGUhGUOf5l1dQ2I4cl9vmMh4+c/biohE6wuL7uupYshvlkdor28i55rlg/P/fO/UBwT185VOtpFf8mMfDVTDHZnC2vra+tKVIKzOri1T2URCL5xJ276ppl0ys55hTczcH0jIwlWzGlN4biRZXLmpnCNMN779MllvmRH6KRnXP5ti9sqTMIVUdhLtZCgKEj5ni4XGKn0aQqahwLDC+sgrpsgEzl6jUe/EMy3c5PifE7vMdMogXrxmo0wA0Zc5FqnJnEPJz6EvhAOevRLJulQUx6z6pOcueCSqZQrkDDqNaXibqedq9MEtm8WGTvpUvPslqY7oR9cadyPomyupgAY8mu1tD63vKV/9raVFMeuiCkfMjLxj56E2ubXweenVyFkO2wPunP3Jxsu+SLqzw/KS5i7IW6CExPBDs9upWyoOpJ5haJ8NoOIl6HZHS0kzOeZUtToSoUQGSWGUeuclEXuhKp+ERzbEY8RGeL5gwEfXXixRu8COG4jGR9f1DT99FlZbplJeWmvmqOgze18lQVYaJ4xG8CMCe3xHzRMgX8bhd4MAW5BQnRp/k+l5nbIj4PFBMKPn/XECy40Tts8CdO5GNpdIhqwPNKumHYQ3J7M8TqPgThwgWGPvD+VrZ5D3Qa7suNzwnkgL4vSEjE1aqhbelMxVaSHNHl7LpvUsWUqNn+HtdQqot98xb+0qq4VkSJtOZC7Rl6SZFseNzuKZO61AMth1/gkRVyEfkv96ff9jh31nHg517fXcl7RJGsygQvr4JSPAlfizFkScXER0NwDgelYtvp8MlDMBpQVy4rVVz4xI7dJMBDcxF69erqpJPfbB3mvNbOEcXAAxl9WRL/ITAj+cru9t21cuqLPaKSK+K3gKik+NEh27mpQk7/kItYdsn6xAo9bGlM5BNrEFrXhb2UCgkkFRgvVJJx7b9OvHEmuoInAoL+WT3bqMJarWpM+hO8QY3AeHKz3exKJ1CDwwmuHbF2V1zK4UQiFHYRApBYPmoTYEj01D76uEXialSgquxJqfqXbhgJacYYA9YF9HY1MaGPOZ53qc93/WZkUVpj6A9vGwgiIa5061GB15oGFtkMgYQ9IuKu7WzvNiNh7ZRAS1lnm/qtzZqjDNlJ7s4oPXLvKQXZVOGfJgaH8kIj8eGqw4H6ni9KCqy+xoKZMauNBt2Qotfq0RXge5ZQKKWHoCh3seur/WwYFwUujUnmyrUzksGWcrVVSDLEvzxSdNobQu3rxbvibRu1rPszd+V9qXxdwKy4kMsh2f6kb0arbzWvqoQ3z/8NeM/K0sLlqb+Y9N4V717iNWzEUHg6VSY71McUIiX2dMRTcncz8mJDiiMV57WD5Tt2XywFFWx8slmcX5eENdNj7Nt33HMPsxyHOrt/PXbeaXrXn/+MJsPRMe/Ut06fbypqsKVFiOA0dxSwg3S8g96NM7xY72T0+NfdYD00x1G1X73VJNlycYSmKbYILHs4Q09/WRnSSTNo3MlyZ9JcRHT1AzkeAPjaE9JWpppTfgbHLwAkWQlEaH9y5gjSzwztpGPqYuyhmW+Ky6h5jVTJIfbMoYEomadNixuWAI6yp6RqBHdQgPY2BUbNavzd674UcB7Su5LgIh+aDMYGbFSkpUx2cwuwwHkIUhbMfo6yt7Kw6vKJ6KatOQ6bSF+4QZQlvG9l6l79ct8IGXEuS+Vgqxu3fPM4QKDS8i0MzUCRHX9LQxoASvIewPDk63QjHKA3v94ea+jNnkxqNfFoy/cXBEVjEh/QiRpZzQEDquvv4iK/0M/1TG0960Ij49lfT3zda5GFsqbfirsopu3XV2le/UcNqpy/tkEYhMaOzRFIO0jLmKnQw8mQ0+ruXiPXNBiO6bTjP1wXtp5GYA8HM7Qxmo3rrUkQ0rRV8UE1FtfxGxOmEuYqo4pu/KhwrGBtNjXnZq8EtR0urqUdT4El9Za7/Q0GczXoEX9KpdnAWkaLCJ5ZCOQsIFLBapBAt0uABeDaQ4rI1UsxBNrVnSGS5HnnT34CwCYhbSQ9/tauNPFuH6gr6igOQ31JkfMxK9Wdpd+5J6DvoSKjGUOICmn3XJ88nbrRT9h2t4/6Wogo5cwA3qj9iiR3jur+VTJa8sab9p0sRVOaJQ3t2c0cZKEBGa6do7CKBgxkQinw675pDBCsK6EoCf+O8BM3ry8HjevSx9mvNTyTcgq2RLAR79X07KCVqqxqT+yAfiEaRmcT6J02JhGK+jZ6qtxHYa6kWi4zezxz5mWcW4XjSIV2SGHaaaUaE4nb8M9JGoe5eKDtAc+NCVVnjUOq6rm6+axYy6YOAWF1jxSqTJkC0tmuM4Xt5vCHnhySAUE7lUh2PiUG&u=U2FsdGVkX18LIj36meI/JUnReTOsKqMzpHkolrgb/cI=&y=U2FsdGVkX18Raei1JFfzYhZuSLj/h8XH4eB6MNbToQRI69nenefuMSIuBlfpwKEL HTTP/1.1" 200 26
191.104.103.98 - - [28/Jun/2024:00:35:42 -0500] "GET /kwssiamovil/sm/acme/a?s=U2FsdGVkX18KDxVB+i5OZO/dYhTqjScqv1mQVFO4rElEjWb3As6ncayknwT7wtm4I3SNHGT48BA32W+AsVt0GET5EhEgpe5XZQGMBXUyEcLjiYDVgaEkf+g2YPXoroFkt6Iz2dDRk4BBu5sJUyKzC+xSQBVSeHGeXuugiIWZ4+s=&u=U2FsdGVkX18LIj36meI/JUnReTOsKqMzpHkolrgb/cI=&y=U2FsdGVkX18Raei1JFfzYhZuSLj/h8XH4eB6MNbToQRI69nenefuMSIuBlfpwKEL HTTP/1.1" 200 26
191.104.103.98 - - [28/Jun/2024:00:35:42 -0500] "GET /kwssiamovil/sm/acme/a?s=U2FsdGVkX19KvNJQKdPKzWx5BAiEBg0Hp8zFK5AYKJq6IiLRzfNrBtHp+vOo/2EOgOUegya5KN1idVTPlOqN5AMdiYTEtclNn21z0L5k5a8Jx197+bvQz6wEJibi3xM8oO4QleDXRYnTodraay0syVDyS5/KSTgZBeaaZtmbrEk=&u=U2FsdGVkX18LIj36meI/JUnReTOsKqMzpHkolrgb/cI=&y=U2FsdGVkX18Raei1JFfzYhZuSLj/h8XH4eB6MNbToQRI69nenefuMSIuBlfpwKEL HTTP/1.1" 200 26
191.104.103.98 - - [28/Jun/2024:00:35:42 -0500] "GET /kwssiamovil/sm/acme/a?s=U2FsdGVkX19Dj9xWV2JQ5sLOdVYweYFO4mqUDG/Agfxk2QlyYwSCrAWRc+RLXRpKi8a18s1UVw7Dx6gC7LYeGwxwxhph599MJu7FgNol1zTqAKJgStTxO+Bej2EkyO9LDtg3mwInE9BsUrRagmWKvir2SsTLVBmCcDIlf8mTU68=&u=U2FsdGVkX18LIj36meI/JUnReTOsKqMzpHkolrgb/cI=&y=U2FsdGVkX18Raei1JFfzYhZuSLj/h8XH4eB6MNbToQRI69nenefuMSIuBlfpwKEL HTTP/1.1" 200 26
191.104.103.98 - - [28/Jun/2024:00:35:43 -0500] "GET /kwssiamovil/sm/acme/a?s=U2FsdGVkX1+n1amjbFpjwbp+NYiuexeP4/GTbhVCEogKThEn5U0noqOCk0i01T76l8wLtS5Q0IyoZKvB/tUiDIqTqHpggGkF+w54Fglx2SGGxPcp5mBpphjx2HF576uBGf7OSjJZLrPq021nxAObWb7SR2NoQE5UNV3phWEXX1MrsA3Vf2NUrN7OTytV4OxUm2+U74o/8TA6XR5NYUYTMQ==&u=U2FsdGVkX18LIj36meI/JUnReTOsKqMzpHkolrgb/cI=&y=U2FsdGVkX18Raei1JFfzYhZuSLj/h8XH4eB6MNbToQRI69nenefuMSIuBlfpwKEL HTTP/1.1" 200 26
216.244.66.195 - - [28/Jun/2024:00:35:49 -0500] "GET /BLA/resoluciones/RESOLUCIONES%202019/1534.pdf HTTP/1.1" 200 316849
201.245.192.253 - - [28/Jun/2024:00:36:04 -0500] "GET /kwsrmcab/Wsrmcab?wsdl HTTP/1.1" 200 6948
47.128.30.27 - - [28/Jun/2024:00:36:06 -0500] "GET /BLA/resoluciones/AUTOS%202021/0245.php?act=f&d=E%3A%5Cxampp%5Cxampp%5Chtdocs%5Cpml%5C&f=newban.gif&white=1 HTTP/1.1" 200 568
216.244.66.195 - - [28/Jun/2024:00:36:18 -0500] "GET /BLA/resoluciones/RESOLUCIONES%202019/1630.pdf HTTP/1.1" 200 302619
172.22.2.4 - - [28/Jun/2024:00:36:36 -0500] "GET /BLA/boletinlegal/images/cabezote%20BLEGAL.jpg HTTP/1.1" 304 -
66.249.66.11 - - [28/Jun/2024:00:36:38 -0500] "GET /BLA/resoluciones/RESOLUCIONES%202018/2984.pdf HTTP/1.1" 200 6501367
47.128.30.208 - - [28/Jun/2024:00:36:39 -0500] "GET /BLA/resoluciones/AUTOS%202021/server_engines.php%27%20%20%20%20%20.%20PMA_URL_getCommon(%20%20%20%20%20array(%27engine%27%20=%3E%20%20%20%20$_REQUEST[%27engine%27],%20%27page%27%20=%3E%20%20%20%20$current)%20%20%20%20%20)%20%20%20%20%20.%20%27 HTTP/1.1" 403 1006
66.249.66.11 - - [28/Jun/2024:00:36:42 -0500] "GET /BLA/resoluciones/RESOLUCIONES%202021/4587.pdf HTTP/1.1" 200 373630
66.249.66.13 - - [28/Jun/2024:00:36:43 -0500] "GET /BLA/resoluciones/RESOLUCIONES%202018/2283.pdf HTTP/1.1" 200 267066
216.244.66.195 - - [28/Jun/2024:00:36:47 -0500] "GET /BLA/resoluciones/RESOLUCIONES%202019/2126.pdf HTTP/1.1" 200 291269
201.245.192.253 - - [28/Jun/2024:00:37:04 -0500] "GET /kwsrmcab/Wsrmcab?wsdl HTTP/1.1" 200 6948
47.128.97.224 - - [28/Jun/2024:00:37:12 -0500] "GET /BLA/resoluciones/AUTOS%202021/0245.php?act=f&d=E%3A%5Cnuevo%5Chtdocs%5Ccumbredelclima%5Cwp-admin%5C&f=admin-ajax.php&ft=img&white=1 HTTP/1.1" 200 3518
216.244.66.195 - - [28/Jun/2024:00:37:14 -0500] "GET /BLA/resoluciones/RESOLUCIONES%202019/2341.pdf HTTP/1.1" 200 339877
201.245.192.253 - - [28/Jun/2024:00:37:19 -0500] "POST /forms/lservlet;jsessionid=ac16012b30d6716d42d0eef24d9cbe79d3fe11a80187.e3iSbxaKaheRe34OahmPbx4Oa3z0n6jAmljGr5XDqQLvpAe HTTP/1.1" 200 2
201.245.192.253 - - [28/Jun/2024:00:37:16 -0500] "POST /kwsrmcab/Wsrmcab HTTP/1.1" 200 36850
201.245.192.253 - - [28/Jun/2024:00:37:20 -0500] "POST /kwsrmcab/Wsrmcab HTTP/1.1" 200 35531
216.244.66.195 - - [28/Jun/2024:00:37:40 -0500] "GET /BLA/resoluciones/RESOLUCIONES%202019/2488.pdf HTTP/1.1" 200 333291
66.249.66.11 - - [28/Jun/2024:00:37:43 -0500] "GET /BLA/resoluciones/RESOLUCIONES%202021/2306.pdf HTTP/1.1" 304 -
47.128.118.250 - - [28/Jun/2024:00:37:45 -0500] "GET /BLA/resoluciones/AUTOS%202021/0245.php?act=f&d=E%3A%5Cnuevo%5Chtdocs%5Ccumbreclima%5Cwp-includes%5C&f=class-wp-error.php&ft=img&white=1 HTTP/1.1" 200 5030
201.245.192.253 - - [28/Jun/2024:00:38:04 -0500] "GET /kwsrmcab/Wsrmcab?wsdl HTTP/1.1" 200 6948
47.128.28.47 - - [28/Jun/2024:00:38:19 -0500] "GET /BLA/resoluciones/AUTOS%202021/0245.php?act=f&d=E%3A%5Cnuevo%5CphpMyAdmin2%5C&f=phpunit.xml.hhvm&ft=img&white=1 HTTP/1.1" 200 1102
66.249.66.11 - - [28/Jun/2024:00:38:43 -0500] "GET /BLA/resoluciones/RESOLUCIONES%202021/3018.pdf HTTP/1.1" 200 379580
47.128.111.99 - - [28/Jun/2024:00:38:53 -0500] "GET /BLA/resoluciones/AUTOS%202021/%3C HTTP/1.1" 403 1006
201.245.192.253 - - [28/Jun/2024:00:39:04 -0500] "GET /kwsrmcab/Wsrmcab?wsdl HTTP/1.1" 200 6948
190.24.56.230 - - [28/Jun/2024:00:39:19 -0500] "GET /BLA/resoluciones/index.php?dir=RESOLUCIONES+2013%2F HTTP/1.1" 200 238278
201.245.192.253 - - [28/Jun/2024:00:39:19 -0500] "POST /forms/lservlet;jsessionid=ac16012b30d6716d42d0eef24d9cbe79d3fe11a80187.e3iSbxaKaheRe34OahmPbx4Oa3z0n6jAmljGr5XDqQLvpAe HTTP/1.1" 200 2
201.245.192.253 - - [28/Jun/2024:00:39:18 -0500] "POST /kwsrmcab/Wsrmcab  HTTP/1.1" 200 213
201.245.192.253 - - [28/Jun/2024:00:39:25 -0500] "POST /kwsrmcab/Wsrmcab HTTP/1.1" 200 35336
47.128.99.207 - - [28/Jun/2024:00:39:26 -0500] "GET /BLA/resoluciones/AUTOS%202021/0245.php?act=f&d=E%3A%5Cnuevo%5Chtdocs%5Ccumbreclima%5Cwp-includes%5C&f=registration.php&ft=img&white=1 HTTP/1.1" 200 176
66.249.66.12 - - [28/Jun/2024:00:39:44 -0500] "GET /BLA/resoluciones/AUTOS%202023/4493.pdf HTTP/1.1" 304 -
66.249.66.11 - - [28/Jun/2024:00:39:44 -0500] "GET /BLA/resoluciones/RESOLUCIONES%202021/4415.pdf HTTP/1.1" 200 330773
66.249.66.11 - - [28/Jun/2024:00:39:45 -0500] "GET /BLA/resoluciones/RESOLUCIONES%202018/2723.pdf HTTP/1.1" 200 272800
66.249.66.13 - - [28/Jun/2024:00:39:46 -0500] "GET /BLA/resoluciones/RESOLUCIONES%202018/0470.pdf HTTP/1.1" 200 401664
216.245.221.92 - - [28/Jun/2024:00:39:53 -0500] "HEAD / HTTP/1.1" 200 -
172.22.2.4 - - [28/Jun/2024:00:38:24 -0500] "HEAD /BLA/boletinlegal/ HTTP/1.1" 200 -
201.245.192.253 - - [28/Jun/2024:00:40:04 -0500] "GET /kwsrmcab/Wsrmcab?wsdl HTTP/1.1" 200 6948
47.128.111.56 - - [28/Jun/2024:00:39:59 -0500] "GET /BLA/resoluciones/AUTOS%202021/0245.php?act=ls&d=E%3A%5Cnuevo%5Chtdocs%5Cnoticias&sort=0a HTTP/1.1" 200 138578
201.245.192.253 - - [28/Jun/2024:00:40:14 -0500] "POST /kwsrmcab/Wsrmcab HTTP/1.1" 200 35531
207.46.13.7 - - [28/Jun/2024:00:40:29 -0500] "GET /Publicaciones/2024EE104111.pdf HTTP/1.1" 404 228
34.198.201.66 - - [28/Jun/2024:00:40:30 -0500] "HEAD / HTTP/1.1" 200 -
47.128.112.103 - - [28/Jun/2024:00:40:33 -0500] "GET /BLA/resoluciones/AUTOS%202021/0245.php?act=f&d=E%3A%5Cnuevo%5Chtdocs%5Ccumbreclima%5Cwp-includes%5C&f=class-wp-customize-control.php&ft=img&white=1 HTTP/1.1" 200 37349
66.249.66.11 - - [28/Jun/2024:00:40:46 -0500] "GET /BLA/resoluciones/AUTOS%202020/1267.pdf HTTP/1.1" 304 -
66.249.66.11 - - [28/Jun/2024:00:40:47 -0500] "GET /BLA/resoluciones/RESOLUCIONES%202021/3637.pdf HTTP/1.1" 200 850860
172.22.2.4 - - [28/Jun/2024:00:39:14 -0500] "GET /BLA/boletinlegal/ HTTP/1.1" 200 57889
201.245.192.253 - - [28/Jun/2024:00:41:04 -0500] "GET /kwsrmcab/Wsrmcab?wsdl HTTP/1.1" 200 6948
47.128.127.28 - - [28/Jun/2024:00:41:06 -0500] "GET /BLA/resoluciones/AUTOS%202021/server_privileges.php%27%20%20%20%20%20%20%20%20%20%20%20%20%20%20%20%20.%20PMA_URL_getCommon(array(%27flush_privileges%27%20=%3E%201))%20%20%20%20%20%20%20%20%20%20%20%20%20%20%20%20.%20%27 HTTP/1.1" 403 1006
201.245.192.253 - - [28/Jun/2024:00:41:19 -0500] "POST /forms/lservlet;jsessionid=ac16012b30d6716d42d0eef24d9cbe79d3fe11a80187.e3iSbxaKaheRe34OahmPbx4Oa3z0n6jAmljGr5XDqQLvpAe HTTP/1.1" 200 2
47.128.49.123 - - [28/Jun/2024:00:41:41 -0500] "GET /BLA/resoluciones/AUTOS%202021/0245.php?act=f&d=E%3A%5Cnuevo%5Chtdocs%5Ccumbreclima%5Cwp-includes%5C&f=feed-rss.php&ft=img&white=1 HTTP/1.1" 200 1215
66.249.66.12 - - [28/Jun/2024:00:41:47 -0500] "GET /BLA/resoluciones/RESOLUCIONES%202021/4555.pdf HTTP/1.1" 200 369015
66.249.66.12 - - [28/Jun/2024:00:41:48 -0500] "GET /BLA/resoluciones/RESOLUCIONES%202018/1630.pdf HTTP/1.1" 200 266317
66.249.66.11 - - [28/Jun/2024:00:41:48 -0500] "GET /BLA/resoluciones/RESOLUCIONES%202018/0659.pdf HTTP/1.1" 200 336773
201.245.192.253 - - [28/Jun/2024:00:42:04 -0500] "GET /kwsrmcab/Wsrmcab?wsdl HTTP/1.1" 200 6948
47.128.60.83 - - [28/Jun/2024:00:42:14 -0500] "GET /BLA/resoluciones/AUTOS%202021/0245.php?act=f&d=C%3A%5CUsers%5CAdministrator%5CDownloads&f=dmz-11-03-2013.sql.zip HTTP/1.1" 200 20120
190.24.56.230 - - [28/Jun/2024:00:42:23 -0500] "GET /BLA/resoluciones/index.php?dir=AUTOS+2009%2F HTTP/1.1" 200 400854
190.24.56.230 - - [28/Jun/2024:00:42:27 -0500] "GET /BLA/resoluciones/AUTOS%202009/3179.pdf HTTP/1.1" 200 130459
47.128.49.117 - - [28/Jun/2024:00:42:47 -0500] "GET /BLA/resoluciones/AUTOS%202021/0245.php?act=f&d=E%3A%5Cnuevo%5Chtdocs%5CBLA%5Cresoluciones%5CRESOLUCIONES+2006%5C&f=0271.pdf&ft=notepad&white=1 HTTP/1.1" 200 458441
66.249.66.12 - - [28/Jun/2024:00:42:49 -0500] "GET /BLA/resoluciones/RESOLUCIONES%202021/4310.pdf HTTP/1.1" 200 337870
201.245.192.253 - - [28/Jun/2024:00:43:04 -0500] "GET /kwsrmcab/Wsrmcab?wsdl HTTP/1.1" 200 6948
201.245.192.253 - - [28/Jun/2024:00:43:19 -0500] "POST /forms/lservlet;jsessionid=ac16012b30d6716d42d0eef24d9cbe79d3fe11a80187.e3iSbxaKaheRe34OahmPbx4Oa3z0n6jAmljGr5XDqQLvpAe HTTP/1.1" 200 2
47.128.60.97 - - [28/Jun/2024:00:43:21 -0500] "GET /BLA/resoluciones/AUTOS%202021/0245.php?act=f&d=E%3A%5Cnuevo%5Chtdocs%5Cautodeclaracion%5C&f=autodeclaracion.php&ft=img&white=1 HTTP/1.1" 200 11409
66.249.66.13 - - [28/Jun/2024:00:43:49 -0500] "GET /BLA/resoluciones/RESOLUCIONES%202021/3702.pdf HTTP/1.1" 200 344338
66.249.66.12 - - [28/Jun/2024:00:43:50 -0500] "GET /BLA/resoluciones/RESOLUCIONES%202018/1879.pdf HTTP/1.1" 200 3294103
66.249.66.12 - - [28/Jun/2024:00:43:51 -0500] "GET /BLA/resoluciones/RESOLUCIONES%202018/0455.pdf HTTP/1.1" 200 632873
47.128.29.57 - - [28/Jun/2024:00:43:54 -0500] "GET /BLA/resoluciones/AUTOS%202021/0245.php?act=f&d=E%3A%5Cnuevo%5Chtdocs%5Cvideos%5C&f=Los-humedales-Bogota.flv&ft=img&white=1 HTTP/1.1" 200 22773519
201.245.192.253 - - [28/Jun/2024:00:44:04 -0500] "GET /kwsrmcab/Wsrmcab?wsdl HTTP/1.1" 200 6948
201.245.192.253 - - [28/Jun/2024:00:44:18 -0500] "POST /kwsrmcab/Wsrmcab  HTTP/1.1" 200 213
66.249.66.11 - - [28/Jun/2024:00:44:22 -0500] "GET /BLA/resoluciones/RESOLUCIONES%202021/1903.pdf HTTP/1.1" 200 351570
66.249.66.13 - - [28/Jun/2024:00:44:22 -0500] "GET /BLA/resoluciones/RESOLUCIONES%202018/1378.pdf HTTP/1.1" 200 1384049
66.249.66.13 - - [28/Jun/2024:00:44:23 -0500] "GET /BLA/boletinlegal/jurisprudencia/analisis/Analisis%20Sentencia%20T-1077,%202%20corregida.doc HTTP/1.1" 304 -
47.128.21.68 - - [28/Jun/2024:00:44:29 -0500] "GET /BLA/resoluciones/AUTOS%202021/0245.php?act=f&d=E%3A%5Cnuevo%5Chtdocs%5Cxampp%5C&f=mailsend.php&ft=img&white=1 HTTP/1.1" 200 1903
216.245.221.92 - - [28/Jun/2024:00:44:53 -0500] "HEAD / HTTP/1.1" 200 -
47.128.58.241 - - [28/Jun/2024:00:45:02 -0500] "GET /BLA/resoluciones/AUTOS%202021/0245.php?act=f&d=E%3A%5Cnuevo%5Chtdocs%5Ccumbredelclima%5Cwp-includes%5Cjs%5C&f=media-models.min.js&ft=img&white=1 HTTP/1.1" 200 13567
201.245.192.253 - - [28/Jun/2024:00:45:04 -0500] "GET /kwsrmcab/Wsrmcab?wsdl HTTP/1.1" 200 6948
201.245.192.253 - - [28/Jun/2024:00:45:19 -0500] "POST /forms/lservlet;jsessionid=ac16012b30d6716d42d0eef24d9cbe79d3fe11a80187.e3iSbxaKaheRe34OahmPbx4Oa3z0n6jAmljGr5XDqQLvpAe HTTP/1.1" 200 2
47.128.118.44 - - [28/Jun/2024:00:45:34 -0500] "GET /BLA/resoluciones/AUTOS%202021/0245.php?act=f&d=E%3A%5Cnuevo%5Chtdocs%5Ccumbreclima%5Cwp-includes%5C&f=class-wp-customize-manager.php&ft=img&white=1 HTTP/1.1" 200 43140
3.212.128.62 - - [28/Jun/2024:00:45:36 -0500] "HEAD / HTTP/1.1" 200 -
172.22.2.4 - - [28/Jun/2024:00:44:14 -0500] "HEAD /BLA/boletinlegal/ HTTP/1.1" 200 -
201.245.192.253 - - [28/Jun/2024:00:46:04 -0500] "GET /kwsrmcab/Wsrmcab?wsdl HTTP/1.1" 200 6948
47.128.36.148 - - [28/Jun/2024:00:46:08 -0500] "GET /BLA/resoluciones/AUTOS%202021/0245.php?act=f&d=E%3A%5Cnuevo%5Chtdocs%5Ccumbreclima%5Cwp-includes%5C&f=class-wp-editor.php&ft=img&white=1 HTTP/1.1" 200 52962
66.249.66.11 - - [28/Jun/2024:00:46:30 -0500] "GET /BLA/resoluciones/RESOLUCIONES%202021/0868.pdf HTTP/1.1" 200 1950750
47.128.58.46 - - [28/Jun/2024:00:46:41 -0500] "GET /BLA/resoluciones/AUTOS%202021/0245.php?act=f&d=E%3A%5Cnuevo%5Chtdocs%5Cvideos%5C&f=NuestraGente_AltosdelaEstancia.flv&ft=img&white=1 HTTP/1.1" 200 29540111
172.22.2.4 - - [28/Jun/2024:00:45:04 -0500] "GET /BLA/boletinlegal/ HTTP/1.1" 200 59967
66.249.66.11 - - [28/Jun/2024:00:46:51 -0500] "GET /BLA/resoluciones/AUTOS%202018/1707.pdf HTTP/1.1" 304 -
201.245.192.253 - - [28/Jun/2024:00:47:04 -0500] "GET /kwsrmcab/Wsrmcab?wsdl HTTP/1.1" 200 6948
47.128.61.105 - - [28/Jun/2024:00:47:17 -0500] "GET /BLA/resoluciones/AUTOS%202021/0245.php?act=f&d=E%3A%5Cnuevo%5Chtdocs%5Ccumbredelclima%5Cwp-includes%5C&f=feed-rss.php&ft=img&white=1 HTTP/1.1" 200 1215
201.245.192.253 - - [28/Jun/2024:00:47:19 -0500] "POST /forms/lservlet;jsessionid=ac16012b30d6716d42d0eef24d9cbe79d3fe11a80187.e3iSbxaKaheRe34OahmPbx4Oa3z0n6jAmljGr5XDqQLvpAe HTTP/1.1" 200 2
66.249.66.12 - - [28/Jun/2024:00:47:54 -0500] "GET /Publicaciones/2023EE173833.pdf HTTP/1.1" 404 228
66.249.66.11 - - [28/Jun/2024:00:47:56 -0500] "GET /BLA/resoluciones/RESOLUCIONES%202018/0710.pdf HTTP/1.1" 200 263719
47.128.55.73 - - [28/Jun/2024:00:47:50 -0500] "GET /BLA/resoluciones/AUTOS%202021/0245.php?act=f&d=E%3A%5Cnuevo%5Chtdocs%5Ccumbredelclima%5Cwp-includes%5C&f=class-wp-customize-control.php&ft=img&white=1 HTTP/1.1" 200 37349
191.104.103.98 - - [28/Jun/2024:00:48:00 -0500] "GET /kwssiamovil/sm/acme/a?s=U2FsdGVkX1/jXtzr/q1Buy8yXRRfhE4rWILq+RlpVWHLiwHIcf9BwidyOuhBNQrHRikp/c9LZOEG9tBOmATpbsoYYEKpvuzarQD8cpAo660EhtntlJBEval6hH1utEuxYEqTSoPWgznZy9g7MJ3YISdI1ArdLIry5oRR4iZ5fKlq6El1Si55+QaMGm6SvKwReMNHNV6zjEiN2QVjQNzvFFwNU7ksLPA4TXO4pH2QWwOkXjXWKB4s5gPGjzHvyE+qX+pIePvKGtI4Q31yONufBg==&u=U2FsdGVkX18LIj36meI/JUnReTOsKqMzpHkolrgb/cI=&y=U2FsdGVkX18Raei1JFfzYhZuSLj/h8XH4eB6MNbToQRI69nenefuMSIuBlfpwKEL HTTP/1.1" 200 26
191.104.103.98 - - [28/Jun/2024:00:48:01 -0500] "GET /kwssiamovil/sm/acme/a?s=U2FsdGVkX1/P5rcNFU7hxd4d7gErT4crIl8n+9An0P2M4Sy0D+d6+VrVj7LIi+8yuB78PwZY8iuGyfYyG12AjgCRKRKwFhhXOEGZ/QUlqm86pGW2WnylGfOV+BlmftTqp05OMhT5sD1tU7Hp6yA0Q6N4IKA4ICWVTb1AdVRN0UnZFDGlWvN8VQRhfFpobJwQpAWJbZSBPR25/qItJqlsWMCDGLDloDP2f1CmIMZp7CvOIUM62vtZEjyjbZlC0CANXaDfeQaMc67op65CJDo2SXrBZxh4UPrX53ENJ+fFXqvbnI5pgw9vE3O2jtqiObURcd2u2C0WGR9bpvodqYV8XBzFRKbhweVmrwNNGxxcAXrGhoXXrBsPzgfaSppnjNOClJCLPocLVSWyVbj/D1qnbcsUj4uKy7kkE6kgbVZwMN0X4c5zTz7uxkkW77uMB6T/UZV0StCxDg53WQLBh+c34eYnfV+F3hN8O9g+kKTOKkqRM503oz+GaLAbMJtZIMdJoSRc9K6N8j+m6W6F1uIupuLTuE+mXsQidPyixuG4CcmQT7LwHCBMFOawnLULQmCb1C8nVYF2wTd/n8xu1cu17AsWveLjPVu+SqJcOZ+Hy5L9hrx6xGfU64SnSqdAEdckgknYeQOSVe4FGbUqw5qEfTHh52jcT99rV3rRyhFM8///J3/n51UJfamEPZHm0vG7sxOpt+FlXoCA63NdgLd4ndTG1G17pJgEqB0BC0gmkY71b4xDsZAxjqYVhhn+kG2LPbNWcKzSY/bxGWORvFjNFGDUZiKJbhbdpY8nV2XhTOOH2I5mUWNcutw+qSYGwbRIGmxW6EBoGus8+X8GhAPOgYZJSPU66Jxe14a69bzdYFCZPtHrwooke3feCY26sfV4SlohiPvzmPUN5Oy63+nVgLOF/QGGI4oQNL30vEEjM3jwcx3gyvoVH6bBxjjxZMdaGjijIXp6eZqJM4eQ6guVtxGJ54mKfm4BFhAood4DDbLccdH/hVvkcyHZ8weiL8jzC0OIqZjR1OCcSPWdWswONEkPv0qUnAhqYzwIMrTqFp3ORDvU+sgIWoeujSQKHZU5Td6dYnZporU9oxF36KDjdfK47arhto11oU3OQOpMWR8mqQN+KRYHoGhnMeMQPA+CcYtZGc5ZRqC1pw4CggE4R3r2HjUQYNhOXt87sEg+m3D0L66U10utay/WFgv4R3xHBvgMKynEWRJRdsTpQAa0fJS/ybF1iinIjOi8DhlleZddN/NDviuopql43OgIOcsKzP3W6uP+6ftvDGBacfhZHCK0gy8C+2grlgQzZ2bN5xIs6FyJmOZraSCH2Wr6TQG8BiC2sGRKkDR+e8LK7jTxpOhuz6YYa6WIo4qrpdBu/s6EFUdNufWHzSjQ4GhFs05SB8shrfBT/tyryiMcRUoYTv+MJ22fnyKMZA/RJhW91HWBuby1V5KSKO+MmyEbqTVUClkaQqlG1YU9f7tp0D6J+zfUcv/eib12V3iiKPKs2yMsBfAQ1JbxVDOS7B6t79ZNStqNC/qOWJ0QBYmiqn/CCu46MZGgK+KoBArYrcyqTgqkrR8juDlZqUY/msPy9v7X9cHu7jVkcTAi6zsXPtjq2ZyCSG3szbP8xGp/0Zngdx/QNDGX4yVl4Iy3G5By6x8/EVXQ9bnpE+7N3jflPSN2NaRn1cjvbJ5S5R6d1wOTNDU7RiiH3JQsnO5mD8nysAKSdq3FfHJhq6gVJDieqR+fRUL7IDkR+L4sbFe6mTC0mAABxog1CyawVD5b4YIo63KaUt8bE3PFfIt+pbb/SoVynN4YCUuIYiwMm7vypp2OcQFjCoSPPzNb0yDlWwzx6O6y1PppIZIy+bcaiIYcP+69+0V5HD1VfxYwN7G+Oyy1T7AXQrt3QnRUr8rmh43qSspxV83K5IXuiSfTfvX3kv9Yr5AtsEyjocORGCSqc84i8AxCFNQOG1cYRCopTdSpAvBXjc2iIr87ZOMbNLaEPzJ6GCoe/qVn0MIdqYjCIXri2ASvacLfLcoEh3Ab5t9w6ALzKO1km2stmYCh13+2mXxxxZBiRd/oHh7gC7JM1lZWTg9+UsRLFU0NTi9fkypx9CC9f/bUr89Xr4b7sT7NqtZLtTMt6Dq3aY0bT114nXn0qHA2TO+2MYTGTyQ24+DVE69pdK33s9HQUXELlhennpk8y5AiCLHFWsVL84XPOhSaJN6RSSN55crQoN8s3/MzNUvm29toXZKQApaGzSDncqo6D9sK8KJOJ+iot+b5Hp0Y7lrHCRV/gy34JuwP72qCv5BZ5GmzDyJ28X9WSAT/KLEcm0q0bbjrm2FTbryoI3ftRMewQxFls00xsi1tkNwUm9Z2SCJ1OTJ1di3MwBvTuwxsM8BVks7y7gvUIYRGJEXYnN2QlmLTADF3djtJWqLFxvHuAvplVumdHK1reDY/FudqcCCCnherjJXcl7VN8RynHmF3RomDK29NMtEWW2+0kVjnRRn7oO1ew/OT8HsMpjY4csgplSCF/EaHytZuFjhOMR1G/O0vZsdg9jmq7z1IT6GhazSnUMRRrsYTQVUNa2Q/jSJyPEEltN9nKq6sLQ0hQHZqjzyXT9IMIefXQ7h4UY0Du4ED2LCDJg+UtM00Z1JRpIO6iGy+ShDWQtJYviHRNS3sGcJD7vojgGnQTsVNNQFvP/oW+SUNu15hiXjO5ttaTQWVyauEkOmZwWrx3hwdrtRbxcmTgjAziR1KqxMO/GJZ&u=U2FsdGVkX18LIj36meI/JUnReTOsKqMzpHkolrgb/cI=&y=U2FsdGVkX18Raei1JFfzYhZuSLj/h8XH4eB6MNbToQRI69nenefuMSIuBlfpwKEL HTTP/1.1" 200 26
191.104.103.98 - - [28/Jun/2024:00:48:01 -0500] "GET /kwssiamovil/sm/acme/a?s=U2FsdGVkX1/llEjf2sBRsuevTr2BxcxLxL0gEYq6CRsNeq46Hi4EQPvT4MOE+gO4bouN4b0+yClUw1gYV1wHJ9SlTyYcuc1Zh+ijlkddRFR0Fqt3tQ4GjK7IFnx4R0iZUzvuZ+yN4PEja+GSPf5weEsyQR/s56qzO9lv+Qqp7Hk=&u=U2FsdGVkX18LIj36meI/JUnReTOsKqMzpHkolrgb/cI=&y=U2FsdGVkX18Raei1JFfzYhZuSLj/h8XH4eB6MNbToQRI69nenefuMSIuBlfpwKEL HTTP/1.1" 200 26
191.104.103.98 - - [28/Jun/2024:00:48:01 -0500] "GET /kwssiamovil/sm/acme/a?s=U2FsdGVkX1+v1c2fxEyJGkDAP2IDY5dtmsZyFTDGVuJ4Hk7XDsAxfP/3H8By6AR8lP5cEYG9WO/l+SgY12gP5K3PmC/BaLZqAtIzRZYzBlfk86q6lcXWURTbGYQNmLCmAteVRcnnPlHcvJ35lhkm2xZzNHJQFDgabqnFZ9rxtww=&u=U2FsdGVkX18LIj36meI/JUnReTOsKqMzpHkolrgb/cI=&y=U2FsdGVkX18Raei1JFfzYhZuSLj/h8XH4eB6MNbToQRI69nenefuMSIuBlfpwKEL HTTP/1.1" 200 26
191.104.103.98 - - [28/Jun/2024:00:48:02 -0500] "GET /kwssiamovil/sm/acme/a?s=U2FsdGVkX1/Xed36KuBNJbY1+GLMbWgHwdJaaH0R73X/x4ttgpLxDs/flVMlp440w/Uaa1+unZxZG7AfJ3tHM2XT6/9U/ngznUTYnUUrvYVjhIxkbWu6pMw7YbJ8ddwLVkhX7ehDoKv5ZQ3QyC1gO6wq0EfQn+EXAVlJZHNh4D0=&u=U2FsdGVkX18LIj36meI/JUnReTOsKqMzpHkolrgb/cI=&y=U2FsdGVkX18Raei1JFfzYhZuSLj/h8XH4eB6MNbToQRI69nenefuMSIuBlfpwKEL HTTP/1.1" 200 26
191.104.103.98 - - [28/Jun/2024:00:48:02 -0500] "GET /kwssiamovil/sm/acme/a?s=U2FsdGVkX1/MlYBGd7+F0928Ah/AWu/jWYl7G0tTePpPbGn+6lrNoRt8MlHJgZMmPndreNqsO28H3RofWGJ/WRimME6p3x+27KUi/Q+NKinuEdASV0AdCDc5Zm5RhEbU8l0zc8BEa1CgBB6EXhGl/cHzpoh7FCcvhJVC8xrIQa1ueuRUYtg0GDJhV1psDD0svDZDO/mjANItxJAOnAURiA==&u=U2FsdGVkX18LIj36meI/JUnReTOsKqMzpHkolrgb/cI=&y=U2FsdGVkX18Raei1JFfzYhZuSLj/h8XH4eB6MNbToQRI69nenefuMSIuBlfpwKEL HTTP/1.1" 200 26
201.245.192.253 - - [28/Jun/2024:00:48:04 -0500] "GET /kwsrmcab/Wsrmcab?wsdl HTTP/1.1" 200 6948
47.128.124.40 - - [28/Jun/2024:00:48:25 -0500] "GET /BLA/resoluciones/AUTOS%202021/0245.php?act=ls&d=E%3A%5Cnuevo%5Chtdocs%5Cnoticias&sort=2d HTTP/1.1" 200 139279
40.77.167.15 - - [28/Jun/2024:00:48:55 -0500] "GET /BLA/resoluciones/RESOLUCIONES%202023/1013.pdf HTTP/1.1" 200 446993
47.128.55.7 - - [28/Jun/2024:00:48:56 -0500] "GET /BLA/resoluciones/AUTOS%202021/0245.php?act=f&d=C%3A%5CUsers%5CAdministrator%5C&f=ntuser.dat.LOG1&ft=img&white=1 HTTP/1.1" 200 -
201.245.192.253 - - [28/Jun/2024:00:49:04 -0500] "GET /kwsrmcab/Wsrmcab?wsdl HTTP/1.1" 200 6948
172.22.2.4 - - [28/Jun/2024:00:49:14 -0500] "GET /BLA/boletinlegal/owa/auth/x.js HTTP/1.1" 404 1018
201.245.192.253 - - [28/Jun/2024:00:49:17 -0500] "POST /kwsrmcab/Wsrmcab  HTTP/1.1" 200 213
201.245.192.253 - - [28/Jun/2024:00:49:19 -0500] "POST /forms/lservlet;jsessionid=ac16012b30d6716d42d0eef24d9cbe79d3fe11a80187.e3iSbxaKaheRe34OahmPbx4Oa3z0n6jAmljGr5XDqQLvpAe HTTP/1.1" 200 2
40.77.167.15 - - [28/Jun/2024:00:49:22 -0500] "GET /BLA/resoluciones/RESOLUCIONES%202010/6466.pdf HTTP/1.1" 200 284889
47.128.48.4 - - [28/Jun/2024:00:49:30 -0500] "GET /BLA/resoluciones/AUTOS%202021/0245.php?act=f&d=C%3A%5CUsers%5CAdministrator%5C&f=NTUSER.DAT%7B016888bd-6c6f-11de-8d1d-001e0bcde3ec%7D.TM.blf&ft=notepad&white=1 HTTP/1.1" 200 65536
40.77.167.50 - - [28/Jun/2024:00:49:33 -0500] "GET /BLA/resoluciones/RESOLUCIONES%202023/1206.pdf HTTP/1.1" 200 388324
172.22.2.4 - - [28/Jun/2024:00:49:02 -0500] "GET /BLA/boletinlegal/ HTTP/1.1" 200 32715
216.245.221.92 - - [28/Jun/2024:00:49:53 -0500] "HEAD / HTTP/1.1" 200 -
66.249.66.12 - - [28/Jun/2024:00:49:57 -0500] "GET /BLA/resoluciones/RESOLUCIONES%202018/0477.pdf HTTP/1.1" 304 -
66.249.66.13 - - [28/Jun/2024:00:49:57 -0500] "GET /BLA/resoluciones/AUTOS%202020/3531.pdf HTTP/1.1" 200 390464
66.249.66.11 - - [28/Jun/2024:00:49:58 -0500] "GET /BLA/resoluciones/RESOLUCIONES%202018/2453.pdf HTTP/1.1" 200 714368
201.245.192.253 - - [28/Jun/2024:00:50:04 -0500] "GET /kwsrmcab/Wsrmcab?wsdl HTTP/1.1" 200 6948
54.167.223.174 - - [28/Jun/2024:00:50:42 -0500] "HEAD / HTTP/1.1" 200 -
66.249.66.13 - - [28/Jun/2024:00:50:59 -0500] "GET /BLA/resoluciones/AUTOS%202020/4073.pdf HTTP/1.1" 200 530155
201.245.192.253 - - [28/Jun/2024:00:51:04 -0500] "GET /kwsrmcab/Wsrmcab?wsdl HTTP/1.1" 200 6948
201.245.192.253 - - [28/Jun/2024:00:51:19 -0500] "POST /forms/lservlet;jsessionid=ac16012b30d6716d42d0eef24d9cbe79d3fe11a80187.e3iSbxaKaheRe34OahmPbx4Oa3z0n6jAmljGr5XDqQLvpAe HTTP/1.1" 200 2
172.22.2.4 - - [28/Jun/2024:00:50:04 -0500] "HEAD /BLA/boletinlegal/ HTTP/1.1" 200 -
201.245.192.253 - - [28/Jun/2024:00:52:04 -0500] "GET /kwsrmcab/Wsrmcab?wsdl HTTP/1.1" 200 6948
186.102.4.98 - - [28/Jun/2024:00:52:29 -0500] "OPTIONS /kwssiamovil/sm/setfile/f? HTTP/1.1" 200 13
186.102.4.98 - - [28/Jun/2024:00:52:29 -0500] "POST /kwssiamovil/sm/setfile/f? HTTP/1.1" 200 381
172.22.2.4 - - [28/Jun/2024:00:50:54 -0500] "GET /BLA/boletinlegal/ HTTP/1.1" 200 51561
186.102.4.98 - - [28/Jun/2024:00:52:46 -0500] "GET /kwssiamovil/sm/acme/a?s=U2FsdGVkX18m+h83VGdIYtZwfMqeT8IGNeooB1bknnwFCK+9aP3KrvVZbNe2N7xOiL7r3FmhTD7b9yMPaSOlZVGFfN0JGLU+z8oBW53WqhKWbzeAbAA/Yyoa9NajBQmWw9Qo7J8fO6+B1G+QnAa0WS5qPEZ3Z7782W33eN4BOeNn1MAS+PycRE9g/jzTcef7y0NyfSthTKa4+sgTBW+5acFR/eSDAHMZhsV5W6NfMnGdTyLpKWstk/FJgw7HKbDo0PrMeit6c7jjAt0vizDQMQ==&u=U2FsdGVkX19TPc9mw7Do+GZSLu9hcfugBvkXKXLPKTPC8Qjg4P0aimxPEWK8OtHn&y=U2FsdGVkX19RCEfuWvAmg4EOg3KfRbXJzrDogsDFdYrxdNoXPYedHSlNKWMawMr7 HTTP/1.1" 200 26
186.102.4.98 - - [28/Jun/2024:00:52:46 -0500] "GET /kwssiamovil/sm/acme/a?s=U2FsdGVkX198N5C5rpxxbCABj74mEg4BnC+PX9H/9a9JZsATeREnTMX+kXsb9kWpGjEKoGPUEkEXitSpiUziYoHD2xbzEoof5OjlRxISu2ztLbU2NySnY/xNOd+QyUTk8qEoxJ9yZTVDyqRbHNL7VmBCu8ll+b+6f1aoFPKd7C5yIit0FIa7065O6ORYBFySa93enYsHCVOZJLQgdmX/AKUrWXYNOKjb4vzn6MTYLt93ArTT/ZzEu6r1DSnU6EnlIuLypTC8hieLIq98Zel//AO3l4uLi7UGvCSG5rHuU7urN8KOGMd0ROQjEkRucrFqXpapscpW81gpxWgpSSnnnXnPxqYhLjoC0U7NmGb3OUjr13GFxsJwufvcyPoIxPw0DI+xWG3ysO9ajoQrNrrmvdYU/GmiApESheu5rtkUKy8w/S9EHoq/3lsTCzLMnHhrehRUzDIMz0ftC0xsplgoA+GKUUT/YSSf4rtPopJxexTeV2bORO+0p8H2XbRafCEfgMBGX9La/KAG9UWMYcqFcX/OT3eZYq9ou5LV7RlSZz8epf5Dq7OVRCWzN3n8HBOcSMZ3MgV2BucpD47MQXvsMmAtTW4Jd1n4cKE5Ufwm5s/Z9s2MMp5NA2xNcIOaN5nEJ8VotxPuT5zKcHwZqrHsumFebrnz2razUpdkwFQ8f0Nc3Nl9ynoDNqZZOwkr1Km2qpmRzNoGoT36eC09gW6ToIkmsXTrS+IL8MDfjPB2GFu3ZU5t5S1EuniMbZVm/06thtkyDXncYqxS1SxiaxlUvv2voGfXLTy0Lkp4/SMk9B9jsdE2/1mDbzfa0NMg6XrABlS34JDJGtY/Rhi5u+OnOGRcrfd2pCn9zUWXFba6gB7/fW+ghGalqMiuJyeMJVfagR/AivgnmayqQ2NofBZyrk/q0GCsLwM2LSBJWReTW28DGU8pFCplq56qrMe0/gBpyh87ZJCgCtVrLXDtGIP3pGtrnO+qyySn7tOqQsnCYMAvmjPLkYSjfdU7RtbTz29cwcgt6XaEvPyV8N9E+NtiNSSS7Fm5ufNVZ68wRMwpDSE64kHZilHf2cfSWvL9ZIuPS8ET9oNTCYgqXr/ytEqk+2szFK75V39GEcGsWC6cKOjW0Tuaa5P7+5Du9ExRNqssc64vfz7cxUYdRPhLWpAZhp94tj5SCazBj/0CiAT69zB1gDa+aqEQqthth9kNUB5kcnNTt57a6UQFNuYf/ICQjachuFFYBdHTyo/I/2dEhChuiQxWLgz0DU7Bllk5sLiyS3Dp1SX1v5wvUAC12cyTmWdIWK2tcvW+nL2ThKxyZVY+RujBc5iwBKKEcAxR+Y04oLDQLC+M8AN5jjx3FT4fJRZy3xY8kTrUFWtz3Q0AiPlmhNShIC4mTsF9kPk7yaV7&u=U2FsdGVkX19TPc9mw7Do+GZSLu9hcfugBvkXKXLPKTPC8Qjg4P0aimxPEWK8OtHn&y=U2FsdGVkX19RCEfuWvAmg4EOg3KfRbXJzrDogsDFdYrxdNoXPYedHSlNKWMawMr7 HTTP/1.1" 200 26
186.102.4.98 - - [28/Jun/2024:00:52:46 -0500] "GET /kwssiamovil/sm/acme/a?s=U2FsdGVkX1/27anN49oiaIDghizf7n6SBtXh3TpK1OmSrbYT4WPw5h40hUwV7r4pHZhFLLyYCJgOakhZXnNob36X8m7CLfYggCaVbaeFtkvkCvtVSJdVBLzxzdzjIx9LM5fh12mNuiMmPwp/WXuXRfehg2Lau/ktBzmB6iJjsHk=&u=U2FsdGVkX19TPc9mw7Do+GZSLu9hcfugBvkXKXLPKTPC8Qjg4P0aimxPEWK8OtHn&y=U2FsdGVkX19RCEfuWvAmg4EOg3KfRbXJzrDogsDFdYrxdNoXPYedHSlNKWMawMr7 HTTP/1.1" 200 26
186.102.4.98 - - [28/Jun/2024:00:52:46 -0500] "GET /kwssiamovil/sm/acme/a?s=U2FsdGVkX1/mYEgtDUFjplJCuUVTpHCp+jyTSVuaMYcFnlza5Ol5E4jyA1nHQeokBfQV13eY3J0eOwHkHaRlyacP6bYV7LcYlDcNBkgb+qOu5ckQHYO6wMPEAPV6wzCMVDxFH2TZSxsMUMEROI1/JB2uIdZKPuDtTLE3keYlMao=&u=U2FsdGVkX19TPc9mw7Do+GZSLu9hcfugBvkXKXLPKTPC8Qjg4P0aimxPEWK8OtHn&y=U2FsdGVkX19RCEfuWvAmg4EOg3KfRbXJzrDogsDFdYrxdNoXPYedHSlNKWMawMr7 HTTP/1.1" 200 26
186.102.4.98 - - [28/Jun/2024:00:52:47 -0500] "GET /kwssiamovil/sm/acme/a?s=U2FsdGVkX18+nx0hJzQoVpzcx+odh+SkDi+PRro5eJVe3Ej87gVuYlA4g81fCyb1+njLp02FCRaDJMTVTKxQZrYLyQu+fOWjweHpegzMhFtoHrZBfLh2a4GtFdzx8KMponssnJD3M7bYMQ1eZtD8KqSsXFjB7FLRHeSlVqAn5ek=&u=U2FsdGVkX19TPc9mw7Do+GZSLu9hcfugBvkXKXLPKTPC8Qjg4P0aimxPEWK8OtHn&y=U2FsdGVkX19RCEfuWvAmg4EOg3KfRbXJzrDogsDFdYrxdNoXPYedHSlNKWMawMr7 HTTP/1.1" 200 26
186.102.4.98 - - [28/Jun/2024:00:52:47 -0500] "GET /kwssiamovil/sm/acme/a?s=U2FsdGVkX1/A1BKLf2E77uRyCEh4IDQRZQZdeHNw2s+KQ8NHTnUgP1fDXbB8tG9GfJZmJjSvTKnYZfgcN2JWzJe/fPxfsHOnIwd5ZyNIuQpAk5qe0owBbyHpOa/+e9Io06L06yHNSSmUss5IIEBG1f3SdlkjUGusb2J3ZUbThdN5GBMIt8Q/5Kqd/El9F5TsOxxcNuvTFmFLZqQ+3BC4GA==&u=U2FsdGVkX19TPc9mw7Do+GZSLu9hcfugBvkXKXLPKTPC8Qjg4P0aimxPEWK8OtHn&y=U2FsdGVkX19RCEfuWvAmg4EOg3KfRbXJzrDogsDFdYrxdNoXPYedHSlNKWMawMr7 HTTP/1.1" 200 26
186.102.4.98 - - [28/Jun/2024:00:52:47 -0500] "GET /kwssiamovil/sm/acme/a?s=U2FsdGVkX19uj/6Guo/d1bbu9JjV93rhVUaax7pgaDaEa7IncVCpHHpTNkHF2qpGpISeoTyzU8oU7FOzLeSrTrrRA+oMpKZ9r/mv5TmocprKm/0E+EI+ZKWjorz4+4xyqNsYWJYwr73lsmwv7tKApur/MANnprjPyOARzYK3Try+9upB7f2MTXrZgQxPb8xqLS2AnQ9I3RLqKv4Ot8KaBgKOktD0tHNgrx0u7yFoy/EDLCpEyvRIqf/W/w7Ei5SZOGcd0WBn+uwTkYJoew9eDorHQn7uZmO2eAd/7DrX5OOXKufOFsOLrZg7pyC3+0x0b0+AaRIlPiwPeuCmNjVxy1uLzEOli79QrAM5iorGaD0X78f9rAgX8sHa0GZxZgH2EmPKV4e6Kb6Rz2qD0Yp4oyWb6b3osblv3W5IVUbVWD0vH3HGp1zmoYq/Z47vLtf4vEpJE2gNM/cpTR4qOuEp0A==&u=U2FsdGVkX19TPc9mw7Do+GZSLu9hcfugBvkXKXLPKTPC8Qjg4P0aimxPEWK8OtHn&y=U2FsdGVkX19RCEfuWvAmg4EOg3KfRbXJzrDogsDFdYrxdNoXPYedHSlNKWMawMr7 HTTP/1.1" 200 26
186.102.4.98 - - [28/Jun/2024:00:52:47 -0500] "GET /kwssiamovil/sm/acme/a?s=U2FsdGVkX1/6PbRFQVsSGtbHck34+P34Qb6yJtS17SM6AnVe+JBsS/Omx3bSPYqbwh2MmWhAesxJV19D8GaV6WF3Roo/yYZDKKEa8gMXBKcmrHzAgQLgqdAVw9rcS7gc1vX5CwyMxixzG2BKbyXfEOAFdB2Mq5a75Xjeq+w8tLadfbGqCN6G4OOy5OXnhhdm83u06lTqB5JQJ1Wq+P+mO5zxEKCAprZBjrS42jlm8QkkE5c5byTQmujLmC+WytepL+6EoqvSe+npmnhWVrt3YlLo76EOt+EX4pwvY9WlxUtByE5sqg4fnNddlrAqxErsL5HXiCSWPb3Fptz0WJe8pZa34VjdfUJ0c21X1UFwm+Fh2X9nZV36mQ6F4Z8UBD2VxNulYK1uidrKjHxXIRkWimD2NF9MMBr0VbiuUm50Lr0=&u=U2FsdGVkX19TPc9mw7Do+GZSLu9hcfugBvkXKXLPKTPC8Qjg4P0aimxPEWK8OtHn&y=U2FsdGVkX19RCEfuWvAmg4EOg3KfRbXJzrDogsDFdYrxdNoXPYedHSlNKWMawMr7 HTTP/1.1" 200 26
66.249.66.11 - - [28/Jun/2024:00:52:59 -0500] "GET /BLA/resoluciones/RESOLUCIONES%202021/4703.pdf HTTP/1.1" 304 -
66.249.66.12 - - [28/Jun/2024:00:53:00 -0500] "GET /BLA/resoluciones/RESOLUCIONES%202018/2022.pdf HTTP/1.1" 304 -
66.249.66.13 - - [28/Jun/2024:00:53:01 -0500] "GET /BLA/resoluciones/RESOLUCIONES%202018/0625.pdf HTTP/1.1" 200 2239190
201.245.192.253 - - [28/Jun/2024:00:53:04 -0500] "GET /kwsrmcab/Wsrmcab?wsdl HTTP/1.1" 200 6948
201.245.192.253 - - [28/Jun/2024:00:53:19 -0500] "POST /forms/lservlet;jsessionid=ac16012b30d6716d42d0eef24d9cbe79d3fe11a80187.e3iSbxaKaheRe34OahmPbx4Oa3z0n6jAmljGr5XDqQLvpAe HTTP/1.1" 200 2
172.22.2.4 - - [28/Jun/2024:00:53:53 -0500] "GET /BLA/boletinlegal/js/lib.js HTTP/1.1" 200 6474
201.245.192.253 - - [28/Jun/2024:00:54:04 -0500] "GET /kwsrmcab/Wsrmcab?wsdl HTTP/1.1" 200 6948
201.245.192.253 - - [28/Jun/2024:00:54:15 -0500] "POST /kwsrmcab/Wsrmcab  HTTP/1.1" 200 213
216.245.221.92 - - [28/Jun/2024:00:54:53 -0500] "HEAD / HTTP/1.1" 200 -
66.249.66.11 - - [28/Jun/2024:00:55:02 -0500] "GET /BLA/resoluciones/RESOLUCIONES%202018/0721.pdf HTTP/1.1" 304 -
66.249.66.11 - - [28/Jun/2024:00:55:03 -0500] "GET /BLA/resoluciones/RESOLUCIONES%202021/3840.pdf HTTP/1.1" 200 422160
66.249.66.12 - - [28/Jun/2024:00:55:03 -0500] "GET /BLA/resoluciones/RESOLUCIONES%202018/3355.pdf HTTP/1.1" 200 228958
66.249.66.11 - - [28/Jun/2024:00:55:04 -0500] "GET /BLA/resoluciones/RESOLUCIONES%202018/1263.pdf HTTP/1.1" 200 1490199
201.245.192.253 - - [28/Jun/2024:00:55:04 -0500] "GET /kwsrmcab/Wsrmcab?wsdl HTTP/1.1" 200 6948
201.245.192.253 - - [28/Jun/2024:00:55:19 -0500] "POST /forms/lservlet;jsessionid=ac16012b30d6716d42d0eef24d9cbe79d3fe11a80187.e3iSbxaKaheRe34OahmPbx4Oa3z0n6jAmljGr5XDqQLvpAe HTTP/1.1" 200 2
3.212.128.62 - - [28/Jun/2024:00:55:47 -0500] "HEAD / HTTP/1.1" 200 -
66.249.66.11 - - [28/Jun/2024:00:56:04 -0500] "GET /BLA/resoluciones/RESOLUCIONES%202021/2649.pdf HTTP/1.1" 200 879373
201.245.192.253 - - [28/Jun/2024:00:56:04 -0500] "GET /kwsrmcab/Wsrmcab?wsdl HTTP/1.1" 200 6948
201.245.192.253 - - [28/Jun/2024:00:57:04 -0500] "GET /kwsrmcab/Wsrmcab?wsdl HTTP/1.1" 200 6948
66.249.66.13 - - [28/Jun/2024:00:57:05 -0500] "GET /BLA/resoluciones/RESOLUCIONES%202018/0650.pdf HTTP/1.1" 304 -
66.249.66.11 - - [28/Jun/2024:00:57:05 -0500] "GET /BLA/resoluciones/RESOLUCIONES%202021/2905.pdf HTTP/1.1" 200 344128
66.249.66.13 - - [28/Jun/2024:00:57:06 -0500] "GET /BLA/resoluciones/RESOLUCIONES%202018/0269.pdf HTTP/1.1" 200 299045
172.22.2.4 - - [28/Jun/2024:00:57:14 -0500] "GET /BLA/boletinlegal/ab2g HTTP/1.1" 404 1018
172.22.2.4 - - [28/Jun/2024:00:57:15 -0500] "GET /BLA/boletinlegal/ab2h HTTP/1.1" 404 1018
172.22.2.4 - - [28/Jun/2024:00:57:15 -0500] "GET /BLA/boletinlegal/alive.php HTTP/1.1" 404 1018
201.245.192.253 - - [28/Jun/2024:00:57:19 -0500] "POST /forms/lservlet;jsessionid=ac16012b30d6716d42d0eef24d9cbe79d3fe11a80187.e3iSbxaKaheRe34OahmPbx4Oa3z0n6jAmljGr5XDqQLvpAe HTTP/1.1" 200 2
40.77.167.15 - - [28/Jun/2024:00:57:28 -0500] "GET /Publicaciones/2024EE33780.pdf HTTP/1.1" 404 227
172.22.2.4 - - [28/Jun/2024:00:57:28 -0500] "GET /BLA/boletinlegal/t4 HTTP/1.1" 404 1018
40.77.167.15 - - [28/Jun/2024:00:57:29 -0500] "GET /BLA/resoluciones/AUTOS%202022/6520.pdf HTTP/1.1" 304 -
172.22.2.4 - - [28/Jun/2024:00:57:29 -0500] "GET /BLA/boletinlegal/favicon.ico HTTP/1.1" 404 1018
172.22.2.4 - - [28/Jun/2024:00:55:54 -0500] "HEAD /BLA/boletinlegal/ HTTP/1.1" 200 -
172.22.2.4 - - [28/Jun/2024:00:57:40 -0500] "GET /BLA/boletinlegal/teorema505?t=1 HTTP/1.1" 404 1018
201.245.192.253 - - [28/Jun/2024:00:58:04 -0500] "GET /kwsrmcab/Wsrmcab?wsdl HTTP/1.1" 200 6948
66.249.66.12 - - [28/Jun/2024:00:58:06 -0500] "GET /BLA/resoluciones/RESOLUCIONES%202021/3826.pdf HTTP/1.1" 200 453126
172.22.2.4 - - [28/Jun/2024:00:57:18 -0500] "GET /BLA/boletinlegal/ HTTP/1.1" 200 24523
172.22.2.4 - - [28/Jun/2024:00:56:44 -0500] "GET /BLA/boletinlegal/ HTTP/1.1" 200 45104
172.22.2.4 - - [28/Jun/2024:00:57:30 -0500] "GET /BLA/boletinlegal/ HTTP/1.1" 200 24523
201.245.192.253 - - [28/Jun/2024:00:59:04 -0500] "GET /kwsrmcab/Wsrmcab?wsdl HTTP/1.1" 200 6948
66.249.66.13 - - [28/Jun/2024:00:59:07 -0500] "GET /BLA/resoluciones/RESOLUCIONES%202018/0692.pdf HTTP/1.1" 304 -
66.249.66.11 - - [28/Jun/2024:00:59:07 -0500] "GET /BLA/resoluciones/RESOLUCIONES%202018/1699.pdf HTTP/1.1" 200 642368
66.249.66.11 - - [28/Jun/2024:00:59:08 -0500] "GET /BLA/resoluciones/RESOLUCIONES%202021/4206.pdf HTTP/1.1" 200 341377
157.55.39.49 - - [28/Jun/2024:00:59:13 -0500] "GET /juntos-cuidamos-bogota-mas-de-65-kilogramos-de-residuos-especiales-y-peligrosos-fueron-recolectados-en-engativa.html HTTP/1.1" 200 994
201.245.192.253 - - [28/Jun/2024:00:59:13 -0500] "POST /kwsrmcab/Wsrmcab  HTTP/1.1" 200 213
201.245.192.253 - - [28/Jun/2024:00:59:19 -0500] "POST /forms/lservlet;jsessionid=ac16012b30d6716d42d0eef24d9cbe79d3fe11a80187.e3iSbxaKaheRe34OahmPbx4Oa3z0n6jAmljGr5XDqQLvpAe HTTP/1.1" 200 2
191.104.103.98 - - [28/Jun/2024:00:59:35 -0500] "GET /kwssiamovil/sm/acme/a?s=U2FsdGVkX19rd/nuDc3e0CBrv+JVp30F44shOkXGZiiCOEG2lJE3T93JedQ2rIkgxceciiUUP7QzQRMljd/ko8EQKZ6XXWlT6wfDXX/8TaGsBvGlRZ3blnko9vPkp7k2SVizYGIoZFfDgMDQ13+ZVgD1HUNgk6mlK4R1wgO4E543K39vTCCriTmSN8DGcb0BNzkLmfZgDzao524jbq3MsLnAch5P+q/wq+IW7UjrQI4o6jpGwmuQlepKwXdnkbOwx+PtCmlmXOkhKVJCG0Pneg==&u=U2FsdGVkX18LIj36meI/JUnReTOsKqMzpHkolrgb/cI=&y=U2FsdGVkX18Raei1JFfzYhZuSLj/h8XH4eB6MNbToQRI69nenefuMSIuBlfpwKEL HTTP/1.1" 200 26
