47.128.48.133 - - [28/Jun/2024:10:16:20 -0500] "GET /BLA/resoluciones/AUTOS%202021/0245.php?act=f&d=E%3A%5Cnuevo%5Chtdocs%5CBLA%5Cresoluciones%5CRESOLUCIONES+2006&f=RESOLUCION+2010+DE+2006.PDF&ft=download HTTP/1.1" 200 45181
66.249.66.11 - - [28/Jun/2024:10:16:32 -0500] "GET /transparencia/directorioservidores/MANUAL%20DE%20FUNCIONES%2002666%20DEL%204-DIC-2015.pdf HTTP/1.1" 200 52098444
186.29.33.66 - - [28/Jun/2024:10:16:35 -0500] "GET /sipsesda/ HTTP/1.1" 200 1477
186.29.33.66 - - [28/Jun/2024:10:16:35 -0500] "GET /css/segobdis.css HTTP/1.1" 404 1264
186.29.33.66 - - [28/Jun/2024:10:16:35 -0500] "GET /sipsesda/faces/login.jspx HTTP/1.1" 200 7588
186.29.33.66 - - [28/Jun/2024:10:16:36 -0500] "GET /sipsesda/js/disable_browser_buttons.js;jsessionid=ac16012b22b82c1a8bd823ff41508206b5d524f27ff9.e34Lc3uRbN4Oc40Mbh90 HTTP/1.1" 200 2767
47.128.110.85 - - [28/Jun/2024:10:16:35 -0500] "GET /BLA/resoluciones/AUTOS%202021/0245.php?act=f&d=E%3A%5Cnuevo%5Chtdocs%5Ccumbreclima%5Cwp-admin%5Cincludes&f=class-wp-plugin-install-list-table.php&ft=download HTTP/1.1" 200 16083
186.29.33.66 - - [28/Jun/2024:10:16:36 -0500] "GET /sipsesda/imagenes/encabezado.jpg;jsessionid=ac16012b22b82c1a8bd823ff41508206b5d524f27ff9.e34Lc3uRbN4Oc40Mbh90 HTTP/1.1" 200 18018
186.29.33.66 - - [28/Jun/2024:10:16:36 -0500] "GET /sipsesda/js/funciones.js;jsessionid=ac16012b22b82c1a8bd823ff41508206b5d524f27ff9.e34Lc3uRbN4Oc40Mbh90 HTTP/1.1" 200 36377
186.29.33.66 - - [28/Jun/2024:10:16:36 -0500] "GET /sipsesda/adf/styles/cache/segobdis16-desktop-10_1_3_4_0-webkit.css;jsessionid=ac16012b22b82c1a8bd823ff41508206b5d524f27ff9.e34Lc3uRbN4Oc40Mbh90 HTTP/1.1" 200 57326
186.29.33.66 - - [28/Jun/2024:10:16:36 -0500] "GET /sipsesda/adf/images/t.gif;jsessionid=ac16012b22b82c1a8bd823ff41508206b5d524f27ff9.e34Lc3uRbN4Oc40Mbh90 HTTP/1.1" 200 86
186.29.33.66 - - [28/Jun/2024:10:16:36 -0500] "GET /sipsesda/adf/jsLibs/Common10_1_3_4_0.js;jsessionid=ac16012b22b82c1a8bd823ff41508206b5d524f27ff9.e34Lc3uRbN4Oc40Mbh90 HTTP/1.1" 200 132959
201.245.192.253 - - [28/Jun/2024:10:16:38 -0500] "POST /kwsrmcab/Wsrmcab  HTTP/1.1" 200 213
186.29.33.66 - - [28/Jun/2024:10:16:38 -0500] "POST /sipsesda/faces/login.jspx;jsessionid=ac16012b22b82c1a8bd823ff41508206b5d524f27ff9.e34Lc3uRbN4Oc40Mbh90 HTTP/1.1" 200 5705
186.29.33.66 - - [28/Jun/2024:10:16:38 -0500] "GET /sipsesda/js/disable_browser_buttons.js HTTP/1.1" 200 2767
186.29.33.66 - - [28/Jun/2024:10:16:38 -0500] "GET /sipsesda/imagenes/encabezado.jpg HTTP/1.1" 200 18018
186.29.33.66 - - [28/Jun/2024:10:16:38 -0500] "GET /sipsesda/js/funciones.js HTTP/1.1" 200 36377
186.29.33.66 - - [28/Jun/2024:10:16:38 -0500] "GET /sipsesda/adf/styles/cache/segobdis16-desktop-10_1_3_4_0-webkit.css HTTP/1.1" 200 57326
186.29.33.66 - - [28/Jun/2024:10:16:38 -0500] "GET /sipsesda/adf/images/t.gif HTTP/1.1" 200 86
186.29.33.66 - - [28/Jun/2024:10:16:38 -0500] "GET /sipsesda/adf/jsLibs/Common10_1_3_4_0.js HTTP/1.1" 200 132959
216.244.66.195 - - [28/Jun/2024:10:16:40 -0500] "GET /BLA/resoluciones/RESOLUCIONES%202019/0744.pdf HTTP/1.1" 200 1937313
66.249.66.11 - - [28/Jun/2024:10:16:40 -0500] "GET /BLA/resoluciones/RESOLUCIONES%202018/1717.pdf HTTP/1.1" 200 265670
141.98.83.197 - - [28/Jun/2024:10:16:43 -0500] "POST /cgi-bin/skk_set.cgi HTTP/1.1" 404 1018
66.249.66.161 - - [28/Jun/2024:10:16:48 -0500] "GET /BLA/resoluciones/RESOLUCIONES%202002/RES%202002%20501-550/00000538.tif HTTP/1.1" 200 80906
47.128.115.169 - - [28/Jun/2024:10:16:54 -0500] "GET /BLA/resoluciones/AUTOS%202021/0245.php?act=f&d=E%3A%5Cnuevo%5CMercuryMail%5C&f=stdsub_4.mer&ft=download HTTP/1.1" 200 4196
201.245.192.253 - - [28/Jun/2024:10:17:03 -0500] "GET /kwsrmcab/Wsrmcab?wsdl HTTP/1.1" 200 6948
201.245.192.253 - - [28/Jun/2024:10:17:14 -0500] "POST /kwsrmcab/Wsrmcab HTTP/1.1" 200 33568
201.245.192.253 - - [28/Jun/2024:10:17:14 -0500] "POST /kwsrmcab/Wsrmcab HTTP/1.1" 200 33180
201.245.192.253 - - [28/Jun/2024:10:17:22 -0500] "POST /forms/lservlet;jsessionid=ac16012b30d6716d42d0eef24d9cbe79d3fe11a80187.e3iSbxaKaheRe34OahmPbx4Oa3z0n6jAmljGr5XDqQLvpAe HTTP/1.1" 200 2
216.244.66.195 - - [28/Jun/2024:10:17:30 -0500] "GET /BLA/resoluciones/RESOLUCIONES%202019/1441.pdf HTTP/1.1" 200 365498
172.22.2.4 - - [28/Jun/2024:10:15:52 -0500] "HEAD /BLA/boletinlegal/ HTTP/1.1" 200 -
201.245.192.253 - - [28/Jun/2024:10:18:03 -0500] "GET /kwsrmcab/Wsrmcab?wsdl HTTP/1.1" 200 6948
66.249.66.12 - - [28/Jun/2024:10:18:06 -0500] "GET /BLA/resoluciones/RESOLUCIONES%202002/RES%202002%201701-1750/20021728.tif HTTP/1.1" 200 69968
216.244.66.195 - - [28/Jun/2024:10:18:17 -0500] "GET /BLA/resoluciones/RESOLUCIONES%202019/1763.pdf HTTP/1.1" 200 458910
172.22.2.4 - - [28/Jun/2024:10:16:43 -0500] "GET /BLA/boletinlegal/ HTTP/1.1" 200 51986
66.249.73.37 - - [28/Jun/2024:10:18:25 -0500] "GET /BLA/resoluciones/RESOLUCIONES%202002/RES%202002%201251-1301/20021300.tif HTTP/1.1" 200 42276
66.249.66.11 - - [28/Jun/2024:10:18:42 -0500] "GET /transparencia/directorioservidores/Octubre2015.xlsx HTTP/1.1" 200 36997
66.249.66.11 - - [28/Jun/2024:10:18:43 -0500] "GET /BLA/resoluciones/RESOLUCIONES%202002/RES%202002%201701-1750/20021701.tif HTTP/1.1" 200 145798
181.119.85.126 - - [28/Jun/2024:10:19:01 -0500] "GET /appsia/controlador HTTP/1.1" 200 4799
181.119.85.126 - - [28/Jun/2024:10:19:01 -0500] "GET /appsia/css/estilos.css HTTP/1.1" 200 4804
181.119.85.126 - - [28/Jun/2024:10:19:01 -0500] "GET /appsia/scripts/validarIngreso.js HTTP/1.1" 200 851
181.119.85.126 - - [28/Jun/2024:10:19:01 -0500] "GET /appsia/images/logo_bogota_p.png HTTP/1.1" 200 14951
181.119.85.126 - - [28/Jun/2024:10:19:01 -0500] "GET /appsia/images/cabezoteHojaVida.png HTTP/1.1" 200 32493
181.119.85.126 - - [28/Jun/2024:10:19:01 -0500] "GET /favicon.ico HTTP/1.1" 200 7782
66.249.66.11 - - [28/Jun/2024:10:19:02 -0500] "GET /BLA/resoluciones/RESOLUCIONES%202002/RES%202002%20151-200/2002RES184.tif HTTP/1.1" 200 81828
201.245.192.253 - - [28/Jun/2024:10:19:03 -0500] "GET /kwsrmcab/Wsrmcab?wsdl HTTP/1.1" 200 6948
181.119.85.126 - - [28/Jun/2024:10:19:05 -0500] "POST /appsia/controlador HTTP/1.1" 200 3599
181.119.85.126 - - [28/Jun/2024:10:19:05 -0500] "GET /appsia/jscripts/validarSolicitud.js HTTP/1.1" 404 68
207.46.13.54 - - [28/Jun/2024:10:19:06 -0500] "GET /sipse/faces/faces/autenticacion.xhtml HTTP/1.1" 404 1080
181.119.85.126 - - [28/Jun/2024:10:19:07 -0500] "POST /appsia/controlador HTTP/1.1" 200 4799
216.244.66.195 - - [28/Jun/2024:10:19:08 -0500] "GET /BLA/resoluciones/RESOLUCIONES%202019/2824.pdf HTTP/1.1" 200 433688
66.249.66.11 - - [28/Jun/2024:10:19:09 -0500] "GET /resoluciones/RESOLUCIONES%202009/0228.pdf HTTP/1.1" 404 1018
201.245.192.253 - - [28/Jun/2024:10:19:12 -0500] "GET /sipsepre/faces/javax.faces.resource/images/ui-bg_flat_0_2d5972_40x100.png?ln=primefaces-aristo HTTP/1.1" 304 -
201.245.192.253 - - [28/Jun/2024:10:19:12 -0500] "POST /sipsepre/faces/presentacion/financiero/solicitudProceso/consultarHistorialSolProceso.xhtml HTTP/1.1" 200 2721
201.245.192.253 - - [28/Jun/2024:10:19:12 -0500] "POST /sipsepre/faces/presentacion/financiero/solicitudProceso/consultarHistorialSolProceso.xhtml HTTP/1.1" 200 40766
201.245.192.253 - - [28/Jun/2024:10:19:13 -0500] "GET /sipsepre/faces/javax.faces.resource/jquery/jquery.js?ln=primefaces&v=4.0 HTTP/1.1" 304 -
201.245.192.253 - - [28/Jun/2024:10:19:13 -0500] "GET /sipsepre/faces/javax.faces.resource/jquery/jquery-plugins.js?ln=primefaces&v=4.0 HTTP/1.1" 304 -
201.245.192.253 - - [28/Jun/2024:10:19:13 -0500] "GET /sipsepre/faces/javax.faces.resource/primefaces.js?ln=primefaces&v=4.0 HTTP/1.1" 304 -
201.245.192.253 - - [28/Jun/2024:10:19:13 -0500] "GET /sipsepre/faces/javax.faces.resource/layout/layout.js?ln=primefaces&v=4.0 HTTP/1.1" 304 -
201.245.192.253 - - [28/Jun/2024:10:19:17 -0500] "POST /sipsepre/faces/presentacion/financiero/solicitudProceso/consultar.xhtml HTTP/1.1" 200 12690
181.119.85.126 - - [28/Jun/2024:10:19:17 -0500] "POST /appsia/controlador HTTP/1.1" 200 5437
66.249.66.13 - - [28/Jun/2024:10:19:20 -0500] "GET /BLA/resoluciones/RESOLUCIONES%202002/RES%202002%20501-550/00000517.tif HTTP/1.1" 200 80890
201.245.192.253 - - [28/Jun/2024:10:19:22 -0500] "POST /forms/lservlet;jsessionid=ac16012b30d6716d42d0eef24d9cbe79d3fe11a80187.e3iSbxaKaheRe34OahmPbx4Oa3z0n6jAmljGr5XDqQLvpAe HTTP/1.1" 200 2
181.119.85.126 - - [28/Jun/2024:10:19:30 -0500] "POST /appsia/controlador HTTP/1.1" 200 266918
181.119.85.126 - - [28/Jun/2024:10:19:30 -0500] "GET /appsia/images/logo_escudo.png HTTP/1.1" 200 36965
66.249.66.12 - - [28/Jun/2024:10:19:35 -0500] "GET /BLA/resoluciones/AUTOS%202009/3399.pdf HTTP/1.1" 200 98068
66.249.66.12 - - [28/Jun/2024:10:19:39 -0500] "GET /BLA/resoluciones/RESOLUCIONES%202002/RES%202002%201001-1050/2002RES1018.tif HTTP/1.1" 200 134624
40.77.167.26 - - [28/Jun/2024:10:19:41 -0500] "GET /BLA/resoluciones/RESOLUCIONES%202022/1890-.pdf HTTP/1.1" 200 290236
66.249.66.11 - - [28/Jun/2024:10:19:43 -0500] "GET /transparencia/directorioservidores/diciembre2016.xlsx HTTP/1.1" 200 89422
216.245.221.92 - - [28/Jun/2024:10:19:52 -0500] "HEAD / HTTP/1.1" 200 -
216.244.66.195 - - [28/Jun/2024:10:19:53 -0500] "GET /BLA/resoluciones/RESOLUCIONES%202019/2863.pdf HTTP/1.1" 200 231020
66.249.66.11 - - [28/Jun/2024:10:19:57 -0500] "GET /BLA/resoluciones/RESOLUCIONES%202002/RES%202002%201201-1250/20021209.tif HTTP/1.1" 200 75910
201.245.192.253 - - [28/Jun/2024:10:20:03 -0500] "GET /kwsrmcab/Wsrmcab?wsdl HTTP/1.1" 200 6948
201.245.192.253 - - [28/Jun/2024:10:19:24 -0500] "POST /kwsrmcab/Wsrmcab HTTP/1.1" 200 24576
201.245.192.253 - - [28/Jun/2024:10:20:24 -0500] "POST /kwsrmcab/Wsrmcab HTTP/1.1" 200 33180
216.244.66.195 - - [28/Jun/2024:10:20:29 -0500] "GET /BLA/resoluciones/RESOLUCIONES%202019/2896.pdf HTTP/1.1" 200 346614
66.249.66.13 - - [28/Jun/2024:10:20:34 -0500] "GET /BLA/resoluciones/RESOLUCIONES%202002/RES%202002%201501-1550/20021530.tif HTTP/1.1" 200 98770
66.249.66.11 - - [28/Jun/2024:10:20:43 -0500] "GET /BLA/resoluciones/RESOLUCIONES%202021/0089.pdf HTTP/1.1" 304 -
66.249.66.11 - - [28/Jun/2024:10:20:44 -0500] "GET /BLA/boletinlegal/Circulares/2019/Circular%20No.%200003%20del%2031%20de%20Enero%20de%202019.pdf HTTP/1.1" 304 -
17.241.75.246 - - [28/Jun/2024:10:20:52 -0500] "GET /idu-y-jardin-botanico-alistan-arbolado-del-corredor-verde.html HTTP/1.1" 200 884
201.245.192.253 - - [28/Jun/2024:10:21:03 -0500] "GET /kwsrmcab/Wsrmcab?wsdl HTTP/1.1" 200 6948
216.244.66.195 - - [28/Jun/2024:10:21:11 -0500] "GET /BLA/resoluciones/RESOLUCIONES%202019/3060.pdf HTTP/1.1" 200 345259
66.249.66.11 - - [28/Jun/2024:10:21:11 -0500] "GET /BLA/resoluciones/RESOLUCIONES%202002/RES%202002%201801-1850/20021803.tif HTTP/1.1" 200 53696
201.245.192.253 - - [28/Jun/2024:10:21:22 -0500] "POST /forms/lservlet;jsessionid=ac16012b30d6716d42d0eef24d9cbe79d3fe11a80187.e3iSbxaKaheRe34OahmPbx4Oa3z0n6jAmljGr5XDqQLvpAe HTTP/1.1" 200 2
201.245.192.253 - - [28/Jun/2024:10:21:36 -0500] "POST /kwsrmcab/Wsrmcab  HTTP/1.1" 200 213
40.77.167.26 - - [28/Jun/2024:10:21:41 -0500] "GET /sipse/faces/presentacion/sistema/anexos/cargarAnexoSolicitudProceso.xhtml HTTP/1.1" 404 1188
66.249.66.11 - - [28/Jun/2024:10:21:45 -0500] "GET /BLA/boletinlegal/Directivas/2022/DIRECTIVA%20No.%2000002%20DEL%2022%20DE%20JUNIO%20DEL%202022.pdf HTTP/1.1" 304 -
66.249.66.11 - - [28/Jun/2024:10:21:45 -0500] "GET /Publicaciones/2024EE63916.pdf HTTP/1.1" 404 227
216.244.66.195 - - [28/Jun/2024:10:21:51 -0500] "GET /BLA/resoluciones/RESOLUCIONES%202019/3451.pdf HTTP/1.1" 200 374119
201.245.192.253 - - [28/Jun/2024:10:22:03 -0500] "GET /kwsrmcab/Wsrmcab?wsdl HTTP/1.1" 200 6948
45.148.10.174 - - [28/Jun/2024:10:22:05 -0500] "POST /cmd,/simZysh/register_main/setCookie HTTP/1.1" 404 1018
181.53.14.156 - - [28/Jun/2024:10:22:25 -0500] "GET /appsia/controlador HTTP/1.1" 200 4799
181.53.14.156 - - [28/Jun/2024:10:22:26 -0500] "GET /appsia/scripts/validarIngreso.js HTTP/1.1" 200 851
181.53.14.156 - - [28/Jun/2024:10:22:26 -0500] "GET /appsia/css/estilos.css HTTP/1.1" 200 4804
181.53.14.156 - - [28/Jun/2024:10:22:26 -0500] "GET /appsia/images/logo_bogota_p.png HTTP/1.1" 200 14951
181.53.14.156 - - [28/Jun/2024:10:22:26 -0500] "GET /appsia/images/cabezoteHojaVida.png HTTP/1.1" 200 32493
216.244.66.195 - - [28/Jun/2024:10:22:34 -0500] "GET /BLA/resoluciones/RESOLUCIONES%202019/3650.pdf HTTP/1.1" 200 317490
186.155.87.191 - - [28/Jun/2024:10:22:43 -0500] "GET /kwssiamovil/sm/acme/a?s=U2FsdGVkX1+OMuZn4BIbs284HHKRbMyIcv2YicO/e1nwMecprLf6JuCIf8/3aYa4LMuT4v+PWibLjPniL1j47MCJooqamOD2A9tZUZ0mNyb5B2RQbYH3pjEFTjE3bF7fX3EXpZoVeK0UEUrNiivuRezp/18EiEbkX8vyIRrjo4es1TRhy8FwoFkA2CZOEPcvScZhHiD4tCwMJQbxr3eG9Uzqo95YAjrTOY1H5akHPlBo6Be3wnwemUwxOA+KnvXivYoyMcUEX8Xaav///36KEQ==&u=U2FsdGVkX1/lO+/czOb1jSg/DmGu9386Q+JaIYEGsLSWbo+DYBEAvayyyVVKZywC&y=U2FsdGVkX19RVx63RwHwKMw3LdK3jnRPNcB4DsxWxTQUSivPV7TLYho146t1ZWNy HTTP/1.1" 200 26
186.155.87.191 - - [28/Jun/2024:10:22:43 -0500] "GET /kwssiamovil/sm/acme/a?s=U2FsdGVkX1+hgvKOcPHr0HdZEsokKe7fDcpdag1evRpJMNBSgWxmVqT689n6HfVMsvlO01uSH+ja+DbjQk2HFIuNIIFaCMPCAFcBMTzgOc/DbXWyjHZrrVGOw34fhnnWOQdEVnz2SsYdMgtNAsBqD64iMrE6AqoprjEUfxX5v1D6MA2pB4WosVHM4QkNyClHVtIrf/A9jGrYtVilYXrKx8eQ65ppy8YNhD1yh3Khy4VN36v6xAnVYBdLp8yubS2bi3cLw6isrxGJb3YkIZkVS4HQWe3SQIde4jIywd1ZQoOBzOz3JRRFTTagH/OHtVEiHUo7Ftwfho/jZL4sal7S2W8yEc8exNX6P2N1wXYRKzhGhrQ8fWMgri6z8SSUKa07nL4ky1VluekITrtYBbWbC3NWpLHYr0wUcUbszGBoQp6P/kjZfRzPJRiOCU6JYJl4pfe2SrrmjMBjgD76qQV1/tW0rS05+uM5dzniyWMN7ZimRr33vbTz6KH6ItKpz/Jm5wx4FcNrrs/MT8/RHGSBkYvuzPV2PxsKP7pf5gTRV3QcKDj5sCBvTgaO24ugpm3ksNBiKPAIKT1acoHc/BXSwymivxoxDvhUODc125Tlzb83Qb+eEdqKJ5CuASs47Cb195rkHWEprT2JjIv4UUk5Yb/vRyy+0S/zgCiOwOeVIDRLZpq2uaYe+Wsi9qPFIgrTuQQhfm2/qnKPnNLDr/GDqoecLBdw1Z3ObuZNjFh1HOorgeBSf0ydUsu4RblHvl0OuGchHAzStrf69nRAtCk34A+rhDKgC06LZR1RQw6uxh++g+CYjAiK+NjAcC2aZeq8/riPLfqjnDbg67KbavQzK2yrUy7AyDHI8LiNl7cXq6+HdNJGNJ2t3clfvy10uTtalH8HUl0c/c9IVXQGX2kPVsCD5NLFbxODD1axEVVW2zTg6LUvRz1EtbcrDgbJdcNlkrpVpjhHq3V8iSoY3MoCcIdoR15GPcci/oHqvlLhb2wkjVwiIEk9E7v23uT9kmZoPLuEwZZtwbjBMw3tm5fUnA0XGS7BcRfuc9pCZBEJnpkIGgBiG1+/Rm51qSAXjrL+EDGFs2Cwy0TRijG+Vs9E68r6Pr0PeFQ9tYKx/xiFWyMVRmQSdS6MQGVakd94ozcHorKuhMcu3CPqgbKf/wVNzFSIrCNYvRuYSyL0LWBRZy5WREz0VkfLMgaoxfpUKNDTVATb3ycJbcDdiKlcFa5UfB/M3KXKXCPQpz5zuKhjLiCIBKCLx9tKOp2n5x2+vg84DfyGtTLqM8WKvyzXovTff350+iW/D874gyAEoccv5/yiCfN1JgoRBhalOj1jfqMoKM7EIb3yt8Xcv67PMdl6It6hg8Dw9ze/Eh23rjb3HPnjEPMcqI9WutmhK1E9LtG3iDHyq5AchZyyCLVW+LS3MVkEWucxt2LvhdwVICR7sfsdZjwbSywwtgQWFPOCgf57rQagxL5ukgnynAlG3XZoXTZht+pu26+TKih1O0e/dOiA3w/9l54wFXWEQK4SyC9f3XCsYH2d/SPbSt/3O4Xx4ZAh3IMB6FaJlwty5Kolht/nXrSb8zsjFXy5OEQEhGRaqmK/SesaUDB4mYLV7qRIXyJ3F4CLeAwfmJC994L/1Sd9ix/lWk/ubIDzemFSsKyGLBgrBxHCVyk8ws3pzR3F4RN9R5+n0IAsae6R3RlSrAMLKKQ4rEZEPnReGZ+3AVbGD8t555C2FShGhd3Gq03KTGzsHD0fXXrFzxBF3cIe72Ydp09pQ53NeP3h8tw7r/o+ehASa0TktkO8pbbNFRsmrxK7ILOJym8aeXXrnMIxwfOICi+73TgZ9A8Gw+qFtV+rVEO+VOa6mWyetqSgvdtpmIhqlkpr7H8L9t0P9VCIt+Q=&u=U2FsdGVkX1/lO+/czOb1jSg/DmGu9386Q+JaIYEGsLSWbo+DYBEAvayyyVVKZywC&y=U2FsdGVkX19RVx63RwHwKMw3LdK3jnRPNcB4DsxWxTQUSivPV7TLYho146t1ZWNy HTTP/1.1" 200 26
186.155.87.191 - - [28/Jun/2024:10:22:43 -0500] "GET /kwssiamovil/sm/acme/a?s=U2FsdGVkX192yZalIRDOUpgJiO+yGAXGch948DJG+5zMb7DsZ/oLkaeuMi4vJsCD+nxs4lRilYJbCI+BP/SjKQYx/jcLfEtyp0QoG9nKNBY+WsIvPEQS5yHQ9xR7Xb9ozRGQGAsJdIjhkxlMNwLYJOCvC/O2+8NvBs1+ycjCkUM=&u=U2FsdGVkX1/lO+/czOb1jSg/DmGu9386Q+JaIYEGsLSWbo+DYBEAvayyyVVKZywC&y=U2FsdGVkX19RVx63RwHwKMw3LdK3jnRPNcB4DsxWxTQUSivPV7TLYho146t1ZWNy HTTP/1.1" 200 26
186.155.87.191 - - [28/Jun/2024:10:22:44 -0500] "GET /kwssiamovil/sm/acme/a?s=U2FsdGVkX18YqAj9MHeopsLrDYUTZzw8QmA0rWLdB7lQhgyGKG0iuTa95zIP9DAorXi1T7iSLodYd/AEQHD83TtmYtN1Fd84FUZ+UveneuQvd3YohVz7AyXq95qe9O94RhV7Hn55SlpeoRPDZbNMTTZeeddkwF0OxDtRCY2hjWU=&u=U2FsdGVkX1/lO+/czOb1jSg/DmGu9386Q+JaIYEGsLSWbo+DYBEAvayyyVVKZywC&y=U2FsdGVkX19RVx63RwHwKMw3LdK3jnRPNcB4DsxWxTQUSivPV7TLYho146t1ZWNy HTTP/1.1" 200 26
186.155.87.191 - - [28/Jun/2024:10:22:44 -0500] "GET /kwssiamovil/sm/acme/a?s=U2FsdGVkX19duCuhr5VBjIs50mnzLRz3h1dqgnDfG6vdiyvw+1B5CSjb89Mh5hneJWRTWkB0Uif2ly7sU98kpKGnp1N9zj7HK88oDv2j0g2QEx1YQEj244Y/4G73GZ6p0+h93AoKHZKGgE1W2yOI/mJI82+sL4hFzZ6fsz9zOX8=&u=U2FsdGVkX1/lO+/czOb1jSg/DmGu9386Q+JaIYEGsLSWbo+DYBEAvayyyVVKZywC&y=U2FsdGVkX19RVx63RwHwKMw3LdK3jnRPNcB4DsxWxTQUSivPV7TLYho146t1ZWNy HTTP/1.1" 200 26
186.155.87.191 - - [28/Jun/2024:10:22:44 -0500] "GET /kwssiamovil/sm/acme/a?s=U2FsdGVkX19yf0j4kP0WMm4nSsSp230OagiwPBsT/unw5b/kz/UfxlyJDaLQkGXhn2VZgR7uygrRyeTb3H5mhNkiPx7UWWCpNf3RUd1xFQtod15mybxtSbkznJIjZ8XR4WhfY8Jz5gWktIgF10ZLzafNt3xG89U+DcVa3uRPtgfwNEJQCapx+bylT3wihSrb3m0o6D6qH8FN2h67qT2m4g==&u=U2FsdGVkX1/lO+/czOb1jSg/DmGu9386Q+JaIYEGsLSWbo+DYBEAvayyyVVKZywC&y=U2FsdGVkX19RVx63RwHwKMw3LdK3jnRPNcB4DsxWxTQUSivPV7TLYho146t1ZWNy HTTP/1.1" 200 26
66.249.66.12 - - [28/Jun/2024:10:22:46 -0500] "GET /transparencia/directorioservidores/enero2016.xlsx HTTP/1.1" 200 37638
66.249.66.12 - - [28/Jun/2024:10:22:46 -0500] "GET /transparencia/directorioservidores/Noviembre2015.xlsx HTTP/1.1" 200 36996
201.245.192.253 - - [28/Jun/2024:10:23:03 -0500] "GET /kwsrmcab/Wsrmcab?wsdl HTTP/1.1" 200 6948
216.244.66.195 - - [28/Jun/2024:10:23:08 -0500] "GET /BLA/resoluciones/RESOLUCIONES%202019/3707.pdf HTTP/1.1" 200 360673
201.245.192.253 - - [28/Jun/2024:10:23:22 -0500] "POST /forms/lservlet;jsessionid=ac16012b30d6716d42d0eef24d9cbe79d3fe11a80187.e3iSbxaKaheRe34OahmPbx4Oa3z0n6jAmljGr5XDqQLvpAe HTTP/1.1" 200 2
172.22.2.4 - - [28/Jun/2024:10:21:42 -0500] "HEAD /BLA/boletinlegal/ HTTP/1.1" 200 -
191.95.55.190 - - [28/Jun/2024:10:23:41 -0500] "GET /sipse/faces/index.xhtml HTTP/1.1" 404 1038
216.244.66.195 - - [28/Jun/2024:10:23:46 -0500] "GET /BLA/resoluciones/RESOLUCIONES%202019/3722.pdf HTTP/1.1" 200 358272
66.249.66.12 - - [28/Jun/2024:10:23:48 -0500] "GET /BLA/resoluciones/RESOLUCIONES%202002/RES%202002%20601-650/00000643.tif HTTP/1.1" 200 112612
201.245.192.253 - - [28/Jun/2024:10:24:03 -0500] "GET /kwsrmcab/Wsrmcab?wsdl HTTP/1.1" 200 6948
66.249.66.11 - - [28/Jun/2024:10:24:06 -0500] "GET /BLA/resoluciones/RESOLUCIONES%202002/RES%202002%20351-400/00000354.tif HTTP/1.1" 200 59120
172.22.2.4 - - [28/Jun/2024:10:22:33 -0500] "GET /BLA/boletinlegal/ HTTP/1.1" 200 60380
216.244.66.195 - - [28/Jun/2024:10:24:17 -0500] "GET /BLA/resoluciones/RESOLUCIONES%202019/3729.pdf HTTP/1.1" 200 802225
66.249.66.12 - - [28/Jun/2024:10:24:24 -0500] "GET /BLA/resoluciones/RESOLUCIONES%202002/RES%202002%20351-400/00000357.tif HTTP/1.1" 200 271310
201.245.192.253 - - [28/Jun/2024:10:24:36 -0500] "POST /sipse/faces/presentacion/contratacion/contrato/adicionarSupervisor.xhtml HTTP/1.1" 404 1185
201.245.192.253 - - [28/Jun/2024:10:24:40 -0500] "POST /sipse/faces/presentacion/contratacion/contrato/adicionarSupervisor.xhtml HTTP/1.1" 404 1185
66.249.66.11 - - [28/Jun/2024:10:24:43 -0500] "GET /BLA/resoluciones/RESOLUCIONES%202002/RES%202002%201451-1500/20021495.tif HTTP/1.1" 200 109824
66.249.66.11 - - [28/Jun/2024:10:24:46 -0500] "GET /transparencia/directorioservidores/2016 HTTP/1.1" 301 270
66.249.66.12 - - [28/Jun/2024:10:24:47 -0500] "GET /transparencia/directorioservidores/2016/ HTTP/1.1" 200 559
216.244.66.195 - - [28/Jun/2024:10:24:47 -0500] "GET /BLA/resoluciones/AUTOS%202019/0334.pdf HTTP/1.1" 200 264007
216.245.221.92 - - [28/Jun/2024:10:24:52 -0500] "HEAD / HTTP/1.1" 200 -
66.249.66.11 - - [28/Jun/2024:10:25:01 -0500] "GET /BLA/resoluciones/RESOLUCIONES%202002/RES%202002%20101-150/2002RES123.tif HTTP/1.1" 200 74660
201.245.192.253 - - [28/Jun/2024:10:25:03 -0500] "GET /kwsrmcab/Wsrmcab?wsdl HTTP/1.1" 200 6948
216.244.66.195 - - [28/Jun/2024:10:25:16 -0500] "GET /BLA/resoluciones/AUTOS%202019/0339.pdf HTTP/1.1" 200 269382
66.249.66.12 - - [28/Jun/2024:10:25:20 -0500] "GET /BLA/resoluciones/RESOLUCIONES%202002/RES%202002%201651-1700/20021655.tif HTTP/1.1" 200 59596
201.245.192.253 - - [28/Jun/2024:10:25:22 -0500] "POST /forms/lservlet;jsessionid=ac16012b30d6716d42d0eef24d9cbe79d3fe11a80187.e3iSbxaKaheRe34OahmPbx4Oa3z0n6jAmljGr5XDqQLvpAe HTTP/1.1" 200 2
201.245.192.253 - - [28/Jun/2024:10:25:28 -0500] "POST /sipsepre/faces/presentacion/financiero/solicitudProceso/listarSolicitudProceso.xhtml HTTP/1.1" 200 125692
201.245.192.253 - - [28/Jun/2024:10:25:29 -0500] "GET /sipsepre/faces/javax.faces.resource/jquery/jquery.js?ln=primefaces&v=4.0 HTTP/1.1" 304 -
201.245.192.253 - - [28/Jun/2024:10:25:29 -0500] "GET /sipsepre/faces/javax.faces.resource/jquery/jquery-plugins.js?ln=primefaces&v=4.0 HTTP/1.1" 304 -
201.245.192.253 - - [28/Jun/2024:10:25:29 -0500] "GET /sipsepre/faces/javax.faces.resource/primefaces.js?ln=primefaces&v=4.0 HTTP/1.1" 304 -
201.245.192.253 - - [28/Jun/2024:10:25:29 -0500] "GET /sipsepre/faces/javax.faces.resource/layout/layout.js?ln=primefaces&v=4.0 HTTP/1.1" 304 -
201.245.192.253 - - [28/Jun/2024:10:25:29 -0500] "GET /reportes_sipsepre/sdg/ServletReporte?reporte=no_hay&solicitud=14433&pfdrid_c=false HTTP/1.1" 200 912
201.245.192.253 - - [28/Jun/2024:10:25:32 -0500] "POST /sipsepre/faces/presentacion/financiero/solicitudProceso/consultarSolicitudProceso.xhtml HTTP/1.1" 200 42866
201.245.192.253 - - [28/Jun/2024:10:25:34 -0500] "GET /sipsepre/faces/javax.faces.resource/jquery/jquery.js?ln=primefaces&v=4.0 HTTP/1.1" 304 -
201.245.192.253 - - [28/Jun/2024:10:25:34 -0500] "GET /sipsepre/faces/javax.faces.resource/jquery/jquery-plugins.js?ln=primefaces&v=4.0 HTTP/1.1" 304 -
201.245.192.253 - - [28/Jun/2024:10:25:34 -0500] "GET /sipsepre/faces/javax.faces.resource/primefaces.js?ln=primefaces&v=4.0 HTTP/1.1" 304 -
201.245.192.253 - - [28/Jun/2024:10:25:34 -0500] "GET /sipsepre/faces/javax.faces.resource/layout/layout.js?ln=primefaces&v=4.0 HTTP/1.1" 304 -
201.245.192.253 - - [28/Jun/2024:10:25:34 -0500] "POST /sipsepre/faces/presentacion/financiero/solicitudProceso/listarSolicitudProceso.xhtml HTTP/1.1" 200 1444
201.245.192.253 - - [28/Jun/2024:10:25:38 -0500] "POST /sipsepre/faces/presentacion/financiero/solicitudProceso/listarSolicitudProceso.xhtml HTTP/1.1" 200 2741
66.249.66.11 - - [28/Jun/2024:10:25:38 -0500] "GET /BLA/resoluciones/RESOLUCIONES%202002/RES%202002%20551-600/00000576.tif HTTP/1.1" 200 87750
201.245.192.253 - - [28/Jun/2024:10:25:38 -0500] "POST /sipsepre/faces/presentacion/financiero/solicitudProceso/listarSolicitudProceso.xhtml HTTP/1.1" 200 41358
201.245.192.253 - - [28/Jun/2024:10:25:39 -0500] "GET /sipsepre/faces/javax.faces.resource/jquery/jquery.js?ln=primefaces&v=4.0 HTTP/1.1" 304 -
201.245.192.253 - - [28/Jun/2024:10:25:39 -0500] "GET /sipsepre/faces/javax.faces.resource/jquery/jquery-plugins.js?ln=primefaces&v=4.0 HTTP/1.1" 304 -
201.245.192.253 - - [28/Jun/2024:10:25:39 -0500] "GET /sipsepre/faces/javax.faces.resource/primefaces.js?ln=primefaces&v=4.0 HTTP/1.1" 304 -
201.245.192.253 - - [28/Jun/2024:10:25:39 -0500] "GET /sipsepre/faces/javax.faces.resource/layout/layout.js?ln=primefaces&v=4.0 HTTP/1.1" 304 -
201.245.192.253 - - [28/Jun/2024:10:25:39 -0500] "POST /sipsepre/faces/presentacion/financiero/solicitudProceso/consultar.xhtml HTTP/1.1" 200 34741
201.245.192.253 - - [28/Jun/2024:10:25:39 -0500] "POST /sipsepre/faces/presentacion/financiero/solicitudProceso/consultar.xhtml HTTP/1.1" 200 34741
201.245.192.253 - - [28/Jun/2024:10:25:39 -0500] "POST /sipsepre/faces/presentacion/financiero/solicitudProceso/consultar.xhtml HTTP/1.1" 200 34741
38.10.180.11 - - [28/Jun/2024:10:25:40 -0500] "GET /sipse/faces/faces/autenticacion.xhtml HTTP/1.1" 404 1080
38.10.180.11 - - [28/Jun/2024:10:25:41 -0500] "GET /favicon.ico HTTP/1.1" 200 7782
201.245.192.253 - - [28/Jun/2024:10:25:42 -0500] "POST /sipsepre/faces/presentacion/financiero/solicitudProceso/consultar.xhtml HTTP/1.1" 200 12705
216.244.66.195 - - [28/Jun/2024:10:25:43 -0500] "GET /BLA/resoluciones/AUTOS%202019/1495.pdf HTTP/1.1" 200 267397
201.245.192.253 - - [28/Jun/2024:10:25:44 -0500] "POST /sipsepre/faces/presentacion/financiero/solicitudProceso/consultar.xhtml HTTP/1.1" 200 123997
201.245.192.253 - - [28/Jun/2024:10:25:47 -0500] "GET /sipsepre/faces/javax.faces.resource/jquery/jquery.js?ln=primefaces&v=4.0 HTTP/1.1" 304 -
201.245.192.253 - - [28/Jun/2024:10:25:47 -0500] "GET /sipsepre/faces/javax.faces.resource/jquery/jquery-plugins.js?ln=primefaces&v=4.0 HTTP/1.1" 304 -
201.245.192.253 - - [28/Jun/2024:10:25:47 -0500] "GET /sipsepre/faces/javax.faces.resource/primefaces.js?ln=primefaces&v=4.0 HTTP/1.1" 304 -
201.245.192.253 - - [28/Jun/2024:10:25:47 -0500] "GET /sipsepre/faces/javax.faces.resource/layout/layout.js?ln=primefaces&v=4.0 HTTP/1.1" 304 -
201.245.192.253 - - [28/Jun/2024:10:25:47 -0500] "GET /reportes_sipsepre/sdg/ServletReporte?reporte=no_hay&solicitud=14433&pfdrid_c=false HTTP/1.1" 200 912
201.245.192.253 - - [28/Jun/2024:10:25:49 -0500] "POST /sipsepre/faces/presentacion/financiero/solicitudProceso/consultarSolicitudProceso.xhtml HTTP/1.1" 200 911
201.245.192.253 - - [28/Jun/2024:10:25:50 -0500] "GET /sipsepre/faces/faces/autenticacion HTTP/1.1" 302 -
201.245.192.253 - - [28/Jun/2024:10:25:50 -0500] "GET /sipsepre/faces/autenticacion.xhtml HTTP/1.1" 200 12439
201.245.192.253 - - [28/Jun/2024:10:25:50 -0500] "GET /sipsepre/faces/javax.faces.resource/theme.css?ln=primefaces-sipse HTTP/1.1" 304 -
201.245.192.253 - - [28/Jun/2024:10:25:50 -0500] "GET /sipsepre/faces/javax.faces.resource/jquery/jquery-plugins.js?ln=primefaces&v=4.0 HTTP/1.1" 304 -
201.245.192.253 - - [28/Jun/2024:10:25:50 -0500] "GET /sipsepre/faces/javax.faces.resource/jquery/jquery.js?ln=primefaces&v=4.0 HTTP/1.1" 304 -
201.245.192.253 - - [28/Jun/2024:10:25:50 -0500] "GET /sipsepre/faces/javax.faces.resource/layout/layout.js?ln=primefaces&v=4.0 HTTP/1.1" 304 -
201.245.192.253 - - [28/Jun/2024:10:25:50 -0500] "GET /sipsepre/faces/javax.faces.resource/primefaces.js?ln=primefaces&v=4.0 HTTP/1.1" 304 -
201.245.192.253 - - [28/Jun/2024:10:25:50 -0500] "GET /sipsepre/faces/javax.faces.resource/layout/layout.css?ln=primefaces&v=4.0 HTTP/1.1" 200 542
201.245.192.253 - - [28/Jun/2024:10:25:50 -0500] "GET /sipsepre/faces/javax.faces.resource/primefaces.css?ln=primefaces&v=4.0 HTTP/1.1" 200 53325
201.245.192.253 - - [28/Jun/2024:10:25:51 -0500] "GET /sipsepre/faces/javax.faces.resource/images/ui-icons_898989_256x240.png?ln=primefaces-aristo HTTP/1.1" 200 5355
201.245.192.253 - - [28/Jun/2024:10:25:54 -0500] "POST /sipsepre/faces/autenticacion.xhtml HTTP/1.1" 200 16852
201.245.192.253 - - [28/Jun/2024:10:25:55 -0500] "GET /sipsepre/faces/javax.faces.resource/jquery/jquery.js?ln=primefaces&v=4.0 HTTP/1.1" 304 -
201.245.192.253 - - [28/Jun/2024:10:25:55 -0500] "GET /sipsepre/faces/javax.faces.resource/jquery/jquery-plugins.js?ln=primefaces&v=4.0 HTTP/1.1" 304 -
201.245.192.253 - - [28/Jun/2024:10:25:56 -0500] "GET /sipsepre/faces/javax.faces.resource/primefaces.js?ln=primefaces&v=4.0 HTTP/1.1" 304 -
201.245.192.253 - - [28/Jun/2024:10:25:56 -0500] "GET /sipsepre/faces/javax.faces.resource/layout/layout.js?ln=primefaces&v=4.0 HTTP/1.1" 304 -
201.245.192.253 - - [28/Jun/2024:10:25:56 -0500] "GET /sipsepre/faces/javax.faces.resource/messages/messages.png?ln=primefaces&v=4.0 HTTP/1.1" 200 27209
201.245.192.253 - - [28/Jun/2024:10:25:57 -0500] "GET /sipsepre/faces/javax.faces.resource/images/ui-bg_flat_0_2d5972_40x100.png?ln=primefaces-aristo HTTP/1.1" 304 -
201.245.192.253 - - [28/Jun/2024:10:25:57 -0500] "POST /sipsepre/faces/bienvenido.xhtml HTTP/1.1" 200 9874
201.245.192.253 - - [28/Jun/2024:10:25:58 -0500] "POST /sipsepre/faces/bienvenido.xhtml HTTP/1.1" 200 3255
201.245.192.253 - - [28/Jun/2024:10:25:59 -0500] "POST /sipsepre/faces/bienvenido.xhtml HTTP/1.1" 200 62601
201.245.192.253 - - [28/Jun/2024:10:25:59 -0500] "GET /sipsepre/faces/javax.faces.resource/jquery/jquery.js?ln=primefaces&v=4.0 HTTP/1.1" 304 -
201.245.192.253 - - [28/Jun/2024:10:25:59 -0500] "GET /sipsepre/faces/javax.faces.resource/jquery/jquery-plugins.js?ln=primefaces&v=4.0 HTTP/1.1" 304 -
201.245.192.253 - - [28/Jun/2024:10:25:59 -0500] "GET /sipsepre/faces/javax.faces.resource/primefaces.js?ln=primefaces&v=4.0 HTTP/1.1" 304 -
201.245.192.253 - - [28/Jun/2024:10:26:00 -0500] "GET /sipsepre/faces/javax.faces.resource/layout/layout.js?ln=primefaces&v=4.0 HTTP/1.1" 304 -
201.245.192.253 - - [28/Jun/2024:10:26:00 -0500] "POST /sipsepre/faces/presentacion/financiero/solicitudProceso/listarSolicitudProceso.xhtml HTTP/1.1" 200 1552
201.245.192.253 - - [28/Jun/2024:10:26:03 -0500] "GET /kwsrmcab/Wsrmcab?wsdl HTTP/1.1" 200 6948
201.245.192.253 - - [28/Jun/2024:10:26:03 -0500] "POST /sipsepre/faces/presentacion/financiero/solicitudProceso/listarSolicitudProceso.xhtml HTTP/1.1" 200 131465
201.245.192.253 - - [28/Jun/2024:10:26:05 -0500] "GET /sipsepre/faces/javax.faces.resource/jquery/jquery.js?ln=primefaces&v=4.0 HTTP/1.1" 304 -
201.245.192.253 - - [28/Jun/2024:10:26:05 -0500] "GET /sipsepre/faces/javax.faces.resource/jquery/jquery-plugins.js?ln=primefaces&v=4.0 HTTP/1.1" 304 -
201.245.192.253 - - [28/Jun/2024:10:26:05 -0500] "GET /sipsepre/faces/javax.faces.resource/primefaces.js?ln=primefaces&v=4.0 HTTP/1.1" 304 -
201.245.192.253 - - [28/Jun/2024:10:26:05 -0500] "GET /sipsepre/faces/javax.faces.resource/layout/layout.js?ln=primefaces&v=4.0 HTTP/1.1" 304 -
201.245.192.253 - - [28/Jun/2024:10:26:05 -0500] "GET /reportes_sipsepre/sdg/ServletReporte?reporte=no_hay&solicitud=14433&pfdrid_c=false HTTP/1.1" 200 912
201.245.192.253 - - [28/Jun/2024:10:26:08 -0500] "POST /sipsepre/faces/presentacion/financiero/solicitudProceso/consultarSolicitudProceso.xhtml HTTP/1.1" 200 25704
201.245.192.253 - - [28/Jun/2024:10:26:09 -0500] "GET /sipsepre/faces/javax.faces.resource/jquery/jquery.js?ln=primefaces&v=4.0 HTTP/1.1" 304 -
201.245.192.253 - - [28/Jun/2024:10:26:09 -0500] "GET /sipsepre/faces/javax.faces.resource/jquery/jquery-plugins.js?ln=primefaces&v=4.0 HTTP/1.1" 304 -
201.245.192.253 - - [28/Jun/2024:10:26:09 -0500] "GET /sipsepre/faces/javax.faces.resource/primefaces.js?ln=primefaces&v=4.0 HTTP/1.1" 304 -
201.245.192.253 - - [28/Jun/2024:10:26:09 -0500] "GET /sipsepre/faces/javax.faces.resource/layout/layout.js?ln=primefaces&v=4.0 HTTP/1.1" 304 -
66.249.66.13 - - [28/Jun/2024:10:26:15 -0500] "GET /BLA/resoluciones/RESOLUCIONES%202002/RES%202002%20551-600/00000584.tif HTTP/1.1" 200 104512
201.245.192.253 - - [28/Jun/2024:10:26:21 -0500] "POST /sipsepre/faces/presentacion/financiero/noHay/crearNoHay.xhtml HTTP/1.1" 200 137281
201.245.192.253 - - [28/Jun/2024:10:26:23 -0500] "GET /sipsepre/faces/javax.faces.resource/jquery/jquery.js?ln=primefaces&v=4.0 HTTP/1.1" 304 -
201.245.192.253 - - [28/Jun/2024:10:26:23 -0500] "GET /sipsepre/faces/javax.faces.resource/jquery/jquery-plugins.js?ln=primefaces&v=4.0 HTTP/1.1" 304 -
201.245.192.253 - - [28/Jun/2024:10:26:23 -0500] "GET /sipsepre/faces/javax.faces.resource/primefaces.js?ln=primefaces&v=4.0 HTTP/1.1" 304 -
201.245.192.253 - - [28/Jun/2024:10:26:23 -0500] "GET /sipsepre/faces/javax.faces.resource/layout/layout.js?ln=primefaces&v=4.0 HTTP/1.1" 304 -
201.245.192.253 - - [28/Jun/2024:10:26:23 -0500] "GET /reportes_sipsepre/sdg/ServletReporte?reporte=no_hay&solicitud=14433&pfdrid_c=false HTTP/1.1" 200 131268
201.245.192.253 - - [28/Jun/2024:10:26:26 -0500] "POST /sipsepre/faces/presentacion/financiero/solicitudProceso/consultarSolicitudProceso.xhtml HTTP/1.1" 200 60318
201.245.192.253 - - [28/Jun/2024:10:26:27 -0500] "GET /sipsepre/faces/javax.faces.resource/jquery/jquery.js?ln=primefaces&v=4.0 HTTP/1.1" 304 -
201.245.192.253 - - [28/Jun/2024:10:26:27 -0500] "GET /sipsepre/faces/javax.faces.resource/jquery/jquery-plugins.js?ln=primefaces&v=4.0 HTTP/1.1" 304 -
201.245.192.253 - - [28/Jun/2024:10:26:28 -0500] "GET /sipsepre/faces/javax.faces.resource/primefaces.js?ln=primefaces&v=4.0 HTTP/1.1" 304 -
201.245.192.253 - - [28/Jun/2024:10:26:28 -0500] "GET /sipsepre/faces/javax.faces.resource/layout/layout.js?ln=primefaces&v=4.0 HTTP/1.1" 304 -
201.245.192.253 - - [28/Jun/2024:10:26:28 -0500] "POST /sipsepre/faces/presentacion/financiero/solicitudProceso/listarSolicitudProceso.xhtml HTTP/1.1" 200 1552
201.245.192.253 - - [28/Jun/2024:10:26:32 -0500] "POST /sipsepre/faces/presentacion/financiero/solicitudProceso/listarSolicitudProceso.xhtml HTTP/1.1" 200 2853
201.245.192.253 - - [28/Jun/2024:10:26:34 -0500] "POST /sipsepre/faces/presentacion/financiero/solicitudProceso/listarSolicitudProceso.xhtml HTTP/1.1" 200 41376
201.245.192.253 - - [28/Jun/2024:10:26:34 -0500] "GET /sipsepre/faces/javax.faces.resource/jquery/jquery.js?ln=primefaces&v=4.0 HTTP/1.1" 304 -
201.245.192.253 - - [28/Jun/2024:10:26:34 -0500] "GET /sipsepre/faces/javax.faces.resource/jquery/jquery-plugins.js?ln=primefaces&v=4.0 HTTP/1.1" 304 -
201.245.192.253 - - [28/Jun/2024:10:26:34 -0500] "GET /sipsepre/faces/javax.faces.resource/primefaces.js?ln=primefaces&v=4.0 HTTP/1.1" 304 -
201.245.192.253 - - [28/Jun/2024:10:26:34 -0500] "GET /sipsepre/faces/javax.faces.resource/layout/layout.js?ln=primefaces&v=4.0 HTTP/1.1" 304 -
201.245.192.253 - - [28/Jun/2024:10:26:35 -0500] "POST /sipsepre/faces/presentacion/financiero/solicitudProceso/consultar.xhtml HTTP/1.1" 200 34741
201.245.192.253 - - [28/Jun/2024:10:26:35 -0500] "POST /sipsepre/faces/presentacion/financiero/solicitudProceso/consultar.xhtml HTTP/1.1" 200 34741
201.245.192.253 - - [28/Jun/2024:10:26:35 -0500] "POST /sipsepre/faces/presentacion/financiero/solicitudProceso/consultar.xhtml HTTP/1.1" 200 34741
201.245.192.253 - - [28/Jun/2024:10:26:35 -0500] "POST /sipsepre/faces/presentacion/financiero/solicitudProceso/consultar.xhtml HTTP/1.1" 200 34741
201.245.192.253 - - [28/Jun/2024:10:26:35 -0500] "POST /sipsepre/faces/presentacion/financiero/solicitudProceso/consultar.xhtml HTTP/1.1" 200 34741
201.245.192.253 - - [28/Jun/2024:10:26:34 -0500] "POST /kwsrmcab/Wsrmcab  HTTP/1.1" 200 213
201.245.192.253 - - [28/Jun/2024:10:26:38 -0500] "POST /sipsepre/faces/presentacion/financiero/solicitudProceso/consultar.xhtml HTTP/1.1" 200 12656
172.22.2.4 - - [28/Jun/2024:10:26:44 -0500] "GET /BLA/boletinlegal/actos.php HTTP/1.1" 200 9738
201.245.192.253 - - [28/Jun/2024:10:26:45 -0500] "POST /sipsepre/faces/presentacion/financiero/solicitudProceso/consultar.xhtml HTTP/1.1" 200 911
201.245.192.253 - - [28/Jun/2024:10:26:46 -0500] "GET /sipsepre/faces/faces/autenticacion HTTP/1.1" 302 -
201.245.192.253 - - [28/Jun/2024:10:26:46 -0500] "GET /sipsepre/faces/autenticacion.xhtml HTTP/1.1" 200 12439
201.245.192.253 - - [28/Jun/2024:10:26:46 -0500] "GET /sipsepre/faces/javax.faces.resource/theme.css?ln=primefaces-sipse HTTP/1.1" 304 -
201.245.192.253 - - [28/Jun/2024:10:26:46 -0500] "GET /sipsepre/faces/javax.faces.resource/primefaces.css?ln=primefaces&v=4.0 HTTP/1.1" 304 -
201.245.192.253 - - [28/Jun/2024:10:26:46 -0500] "GET /sipsepre/faces/javax.faces.resource/jquery/jquery.js?ln=primefaces&v=4.0 HTTP/1.1" 304 -
201.245.192.253 - - [28/Jun/2024:10:26:46 -0500] "GET /sipsepre/faces/javax.faces.resource/layout/layout.css?ln=primefaces&v=4.0 HTTP/1.1" 304 -
201.245.192.253 - - [28/Jun/2024:10:26:46 -0500] "GET /sipsepre/faces/javax.faces.resource/jquery/jquery-plugins.js?ln=primefaces&v=4.0 HTTP/1.1" 304 -
201.245.192.253 - - [28/Jun/2024:10:26:46 -0500] "GET /sipsepre/faces/javax.faces.resource/layout/layout.js?ln=primefaces&v=4.0 HTTP/1.1" 304 -
201.245.192.253 - - [28/Jun/2024:10:26:46 -0500] "GET /sipsepre/faces/javax.faces.resource/primefaces.js?ln=primefaces&v=4.0 HTTP/1.1" 304 -
201.245.192.253 - - [28/Jun/2024:10:26:46 -0500] "GET /sipsepre/faces/javax.faces.resource/images/ui-icons_898989_256x240.png?ln=primefaces-aristo HTTP/1.1" 304 -
172.22.2.4 - - [28/Jun/2024:10:26:46 -0500] "GET /BLA/boletinlegal/favicon.ico HTTP/1.1" 404 1326
66.249.66.11 - - [28/Jun/2024:10:26:47 -0500] "GET /autoliquidacion/Cobro%20Evaluacion%20Certificaci%C3%B3n%20Para%20La%20Deducci%C3%B3n%20Por%20Inversi%C3%B3n%20En%20Medio%20Ambiente/Acreditaci%C3%B3n%20o%20Certificaci%C3%B3n%20de%20Inversi%C3%B3n%20Ambiental.pdf HTTP/1.1" 200 36802
66.249.66.11 - - [28/Jun/2024:10:26:52 -0500] "GET /BLA/resoluciones/RESOLUCIONES%202002/RES%202002%20101-150/2002RES143.tif HTTP/1.1" 200 39620
201.245.192.253 - - [28/Jun/2024:10:26:50 -0500] "POST /sipsepre/faces/autenticacion.xhtml HTTP/1.1" 200 11198
201.245.192.253 - - [28/Jun/2024:10:27:01 -0500] "GET /sipsepre/faces/javax.faces.resource/jquery/jquery.js?ln=primefaces&v=4.0 HTTP/1.1" 304 -
201.245.192.253 - - [28/Jun/2024:10:27:01 -0500] "GET /sipsepre/faces/javax.faces.resource/jquery/jquery-plugins.js?ln=primefaces&v=4.0 HTTP/1.1" 304 -
201.245.192.253 - - [28/Jun/2024:10:27:01 -0500] "GET /sipsepre/faces/javax.faces.resource/primefaces.js?ln=primefaces&v=4.0 HTTP/1.1" 304 -
201.245.192.253 - - [28/Jun/2024:10:27:02 -0500] "GET /sipsepre/faces/javax.faces.resource/layout/layout.js?ln=primefaces&v=4.0 HTTP/1.1" 304 -
201.245.192.253 - - [28/Jun/2024:10:27:02 -0500] "GET /sipsepre/faces/javax.faces.resource/messages/messages.png?ln=primefaces&v=4.0 HTTP/1.1" 304 -
201.245.192.253 - - [28/Jun/2024:10:27:03 -0500] "GET /kwsrmcab/Wsrmcab?wsdl HTTP/1.1" 200 6948
201.245.192.253 - - [28/Jun/2024:10:27:09 -0500] "POST /sipsepre/faces/presentacion/sistema/seguridad/seleccionRol.xhtml HTTP/1.1" 200 5603
201.245.192.253 - - [28/Jun/2024:10:27:11 -0500] "POST /sipsepre/faces/presentacion/sistema/seguridad/seleccionRol.xhtml HTTP/1.1" 200 5603
201.245.192.253 - - [28/Jun/2024:10:27:14 -0500] "POST /kwsrmcab/Wsrmcab HTTP/1.1" 200 33568
201.245.192.253 - - [28/Jun/2024:10:27:14 -0500] "POST /kwsrmcab/Wsrmcab HTTP/1.1" 200 33180
201.245.192.253 - - [28/Jun/2024:10:27:11 -0500] "POST /sipsepre/faces/presentacion/sistema/seguridad/seleccionRol.xhtml HTTP/1.1" 200 15180
201.245.192.253 - - [28/Jun/2024:10:27:17 -0500] "GET /sipsepre/faces/javax.faces.resource/jquery/jquery.js?ln=primefaces&v=4.0 HTTP/1.1" 304 -
201.245.192.253 - - [28/Jun/2024:10:27:17 -0500] "GET /sipsepre/faces/javax.faces.resource/jquery/jquery-plugins.js?ln=primefaces&v=4.0 HTTP/1.1" 304 -
201.245.192.253 - - [28/Jun/2024:10:27:17 -0500] "GET /sipsepre/faces/javax.faces.resource/primefaces.js?ln=primefaces&v=4.0 HTTP/1.1" 304 -
201.245.192.253 - - [28/Jun/2024:10:27:17 -0500] "GET /sipsepre/faces/javax.faces.resource/layout/layout.js?ln=primefaces&v=4.0 HTTP/1.1" 304 -
201.245.192.253 - - [28/Jun/2024:10:27:22 -0500] "POST /forms/lservlet;jsessionid=ac16012b30d6716d42d0eef24d9cbe79d3fe11a80187.e3iSbxaKaheRe34OahmPbx4Oa3z0n6jAmljGr5XDqQLvpAe HTTP/1.1" 200 2
66.249.66.13 - - [28/Jun/2024:10:27:29 -0500] "GET /BLA/resoluciones/RESOLUCIONES%202002/RES%202002%20101-150/2002RES130.tif HTTP/1.1" 200 72240
201.245.192.253 - - [28/Jun/2024:10:28:03 -0500] "GET /kwsrmcab/Wsrmcab?wsdl HTTP/1.1" 200 6948
66.249.66.11 - - [28/Jun/2024:10:28:06 -0500] "GET /BLA/resoluciones/RESOLUCIONES%202002/RES%202002%20101-150/2002RES107.tif HTTP/1.1" 200 218832
201.245.192.253 - - [28/Jun/2024:10:28:34 -0500] "GET /sipsepre/faces/javax.faces.resource/images/ui-bg_flat_0_2d5972_40x100.png?ln=primefaces-aristo HTTP/1.1" 304 -
201.245.192.253 - - [28/Jun/2024:10:28:34 -0500] "POST /sipsepre/faces/bienvenido.xhtml HTTP/1.1" 200 3843
201.245.192.253 - - [28/Jun/2024:10:28:36 -0500] "POST /sipsepre/faces/bienvenido.xhtml HTTP/1.1" 200 41680
201.245.192.253 - - [28/Jun/2024:10:28:38 -0500] "GET /sipsepre/faces/javax.faces.resource/jquery/jquery.js?ln=primefaces&v=4.0 HTTP/1.1" 304 -
201.245.192.253 - - [28/Jun/2024:10:28:38 -0500] "GET /sipsepre/faces/javax.faces.resource/jquery/jquery-plugins.js?ln=primefaces&v=4.0 HTTP/1.1" 304 -
201.245.192.253 - - [28/Jun/2024:10:28:38 -0500] "GET /sipsepre/faces/javax.faces.resource/primefaces.js?ln=primefaces&v=4.0 HTTP/1.1" 304 -
201.245.192.253 - - [28/Jun/2024:10:28:38 -0500] "GET /sipsepre/faces/javax.faces.resource/layout/layout.js?ln=primefaces&v=4.0 HTTP/1.1" 304 -
201.245.192.253 - - [28/Jun/2024:10:28:38 -0500] "POST /sipsepre/faces/presentacion/financiero/solicitudProceso/listarSolicitudProceso.xhtml HTTP/1.1" 200 1444
66.249.66.11 - - [28/Jun/2024:10:28:39 -0500] "GET /BLA/resoluciones/RESOLUCIONES%202021/0007.pdf HTTP/1.1" 200 350546
201.245.192.253 - - [28/Jun/2024:10:28:41 -0500] "POST /sipsepre/faces/presentacion/financiero/solicitudProceso/listarSolicitudProceso.xhtml HTTP/1.1" 200 125050
201.245.192.253 - - [28/Jun/2024:10:28:41 -0500] "GET /sipsepre/faces/javax.faces.resource/jquery/jquery.js?ln=primefaces&v=4.0 HTTP/1.1" 304 -
201.245.192.253 - - [28/Jun/2024:10:28:41 -0500] "GET /sipsepre/faces/javax.faces.resource/jquery/jquery-plugins.js?ln=primefaces&v=4.0 HTTP/1.1" 304 -
201.245.192.253 - - [28/Jun/2024:10:28:41 -0500] "GET /sipsepre/faces/javax.faces.resource/primefaces.js?ln=primefaces&v=4.0 HTTP/1.1" 304 -
201.245.192.253 - - [28/Jun/2024:10:28:42 -0500] "GET /sipsepre/faces/javax.faces.resource/layout/layout.js?ln=primefaces&v=4.0 HTTP/1.1" 304 -
201.245.192.253 - - [28/Jun/2024:10:28:42 -0500] "GET /reportes_sipsepre/sdg/ServletReporte?reporte=no_hay&solicitud=14433&pfdrid_c=false HTTP/1.1" 200 131268
66.249.66.13 - - [28/Jun/2024:10:28:42 -0500] "GET /BLA/resoluciones/RESOLUCIONES%202002/RES%202002%201801-1850/20021836.tif HTTP/1.1" 200 113442
66.249.66.11 - - [28/Jun/2024:10:28:47 -0500] "GET /autoliquidacion/Cobro%20Evaluacion%20Certificaci%C3%B3n%20Para%20La%20Deducci%C3%B3n%20Por%20Inversi%C3%B3n%20En%20Medio%20Ambiente/Aplicativo.html HTTP/1.1" 200 359
201.245.192.253 - - [28/Jun/2024:10:29:03 -0500] "GET /kwsrmcab/Wsrmcab?wsdl HTTP/1.1" 200 6948
201.245.192.253 - - [28/Jun/2024:10:29:03 -0500] "POST /sipsepre/faces/presentacion/financiero/solicitudProceso/consultarSolicitudProceso.xhtml HTTP/1.1" 200 39412
201.245.192.253 - - [28/Jun/2024:10:29:05 -0500] "GET /sipsepre/faces/javax.faces.resource/jquery/jquery.js?ln=primefaces&v=4.0 HTTP/1.1" 304 -
201.245.192.253 - - [28/Jun/2024:10:29:05 -0500] "GET /sipsepre/faces/javax.faces.resource/jquery/jquery-plugins.js?ln=primefaces&v=4.0 HTTP/1.1" 304 -
201.245.192.253 - - [28/Jun/2024:10:29:05 -0500] "GET /sipsepre/faces/javax.faces.resource/primefaces.js?ln=primefaces&v=4.0 HTTP/1.1" 304 -
201.245.192.253 - - [28/Jun/2024:10:29:05 -0500] "GET /sipsepre/faces/javax.faces.resource/layout/layout.js?ln=primefaces&v=4.0 HTTP/1.1" 304 -
201.245.192.253 - - [28/Jun/2024:10:29:06 -0500] "POST /sipsepre/faces/presentacion/financiero/solicitudProceso/listarSolicitudProceso.xhtml HTTP/1.1" 200 1424
201.245.192.253 - - [28/Jun/2024:10:29:08 -0500] "POST /sipsepre/faces/presentacion/financiero/solicitudProceso/listarSolicitudProceso.xhtml HTTP/1.1" 200 2725
201.245.192.253 - - [28/Jun/2024:10:29:09 -0500] "POST /sipsepre/faces/presentacion/financiero/solicitudProceso/listarSolicitudProceso.xhtml HTTP/1.1" 200 40735
201.245.192.253 - - [28/Jun/2024:10:29:09 -0500] "GET /sipsepre/faces/javax.faces.resource/jquery/jquery.js?ln=primefaces&v=4.0 HTTP/1.1" 304 -
201.245.192.253 - - [28/Jun/2024:10:29:09 -0500] "GET /sipsepre/faces/javax.faces.resource/jquery/jquery-plugins.js?ln=primefaces&v=4.0 HTTP/1.1" 304 -
201.245.192.253 - - [28/Jun/2024:10:29:09 -0500] "GET /sipsepre/faces/javax.faces.resource/primefaces.js?ln=primefaces&v=4.0 HTTP/1.1" 304 -
201.245.192.253 - - [28/Jun/2024:10:29:10 -0500] "GET /sipsepre/faces/javax.faces.resource/layout/layout.js?ln=primefaces&v=4.0 HTTP/1.1" 304 -
201.245.192.253 - - [28/Jun/2024:10:29:10 -0500] "POST /sipsepre/faces/presentacion/financiero/solicitudProceso/consultar.xhtml HTTP/1.1" 200 34107
201.245.192.253 - - [28/Jun/2024:10:29:10 -0500] "POST /sipsepre/faces/presentacion/financiero/solicitudProceso/consultar.xhtml HTTP/1.1" 200 34107
201.245.192.253 - - [28/Jun/2024:10:29:10 -0500] "POST /sipsepre/faces/presentacion/financiero/solicitudProceso/consultar.xhtml HTTP/1.1" 200 34107
172.22.2.4 - - [28/Jun/2024:10:27:32 -0500] "HEAD /BLA/boletinlegal/ HTTP/1.1" 200 -
201.245.192.253 - - [28/Jun/2024:10:29:13 -0500] "POST /sipsepre/faces/presentacion/financiero/solicitudProceso/consultar.xhtml HTTP/1.1" 200 12695
201.245.192.253 - - [28/Jun/2024:10:29:18 -0500] "POST /sipsepre/faces/presentacion/financiero/solicitudProceso/consultar.xhtml HTTP/1.1" 200 123367
201.245.192.253 - - [28/Jun/2024:10:29:18 -0500] "GET /sipsepre/faces/javax.faces.resource/jquery/jquery.js?ln=primefaces&v=4.0 HTTP/1.1" 304 -
201.245.192.253 - - [28/Jun/2024:10:29:18 -0500] "GET /sipsepre/faces/javax.faces.resource/jquery/jquery-plugins.js?ln=primefaces&v=4.0 HTTP/1.1" 304 -
201.245.192.253 - - [28/Jun/2024:10:29:18 -0500] "GET /sipsepre/faces/javax.faces.resource/primefaces.js?ln=primefaces&v=4.0 HTTP/1.1" 304 -
201.245.192.253 - - [28/Jun/2024:10:29:18 -0500] "GET /sipsepre/faces/javax.faces.resource/layout/layout.js?ln=primefaces&v=4.0 HTTP/1.1" 304 -
201.245.192.253 - - [28/Jun/2024:10:29:19 -0500] "GET /reportes_sipsepre/sdg/ServletReporte?reporte=no_hay&solicitud=14433&pfdrid_c=false HTTP/1.1" 200 131268
66.249.66.13 - - [28/Jun/2024:10:29:19 -0500] "GET /BLA/resoluciones/RESOLUCIONES%202002/RES%202002%20401-450/00000407.tif HTTP/1.1" 200 58598
172.22.2.4 - - [28/Jun/2024:10:29:21 -0500] "GET /BLA/boletinlegal/consulta_actos.php?tipo=resoluciones&no=0705&usuario=&sector=&fecha=2024&resuelve= HTTP/1.1" 200 626
201.245.192.253 - - [28/Jun/2024:10:29:22 -0500] "POST /forms/lservlet;jsessionid=ac16012b30d6716d42d0eef24d9cbe79d3fe11a80187.e3iSbxaKaheRe34OahmPbx4Oa3z0n6jAmljGr5XDqQLvpAe HTTP/1.1" 200 2
201.245.192.253 - - [28/Jun/2024:10:29:22 -0500] "POST /sipsepre/faces/presentacion/financiero/solicitudProceso/consultarSolicitudProceso.xhtml HTTP/1.1" 200 45078
201.245.192.253 - - [28/Jun/2024:10:29:22 -0500] "GET /sipsepre/faces/javax.faces.resource/theme.css?ln=primefaces-sipse HTTP/1.1" 304 -
201.245.192.253 - - [28/Jun/2024:10:29:22 -0500] "GET /sipsepre/faces/javax.faces.resource/jquery/jquery.js?ln=primefaces&v=4.0 HTTP/1.1" 304 -
201.245.192.253 - - [28/Jun/2024:10:29:22 -0500] "GET /sipsepre/faces/javax.faces.resource/jquery/jquery-plugins.js?ln=primefaces&v=4.0 HTTP/1.1" 304 -
201.245.192.253 - - [28/Jun/2024:10:29:22 -0500] "GET /sipsepre/faces/javax.faces.resource/primefaces.css?ln=primefaces&v=4.0 HTTP/1.1" 304 -
201.245.192.253 - - [28/Jun/2024:10:29:22 -0500] "GET /sipsepre/faces/javax.faces.resource/primefaces.js?ln=primefaces&v=4.0 HTTP/1.1" 304 -
201.245.192.253 - - [28/Jun/2024:10:29:22 -0500] "GET /sipsepre/faces/javax.faces.resource/layout/layout.js?ln=primefaces&v=4.0 HTTP/1.1" 304 -
201.245.192.253 - - [28/Jun/2024:10:29:22 -0500] "GET /sipsepre/faces/javax.faces.resource/layout/layout.css?ln=primefaces&v=4.0 HTTP/1.1" 304 -
201.245.192.253 - - [28/Jun/2024:10:29:22 -0500] "GET /sipsepre/faces/javax.faces.resource/images/ui-icons_898989_256x240.png?ln=primefaces-aristo HTTP/1.1" 304 -
66.249.66.12 - - [28/Jun/2024:10:29:23 -0500] "GET /BLA/resoluciones/RESOLUCIONES%202002/RES%202002%20351-400/00000398.tif HTTP/1.1" 200 57046
201.245.192.253 - - [28/Jun/2024:10:29:25 -0500] "GET /sipsepre/faces/javax.faces.resource/images/ui-bg_flat_0_2d5972_40x100.png?ln=primefaces-aristo HTTP/1.1" 304 -
201.245.192.253 - - [28/Jun/2024:10:29:25 -0500] "POST /sipsepre/faces/presentacion/financiero/solicitudProceso/consultarHistorialSolProceso.xhtml HTTP/1.1" 200 911
201.245.192.253 - - [28/Jun/2024:10:29:26 -0500] "GET /sipsepre/faces/presentacion/financiero/solicitudProceso/faces/autenticacion HTTP/1.1" 302 -
201.245.192.253 - - [28/Jun/2024:10:29:26 -0500] "GET /sipsepre/faces/autenticacion.xhtml HTTP/1.1" 200 12439
201.245.192.253 - - [28/Jun/2024:10:29:26 -0500] "GET /sipsepre/faces/javax.faces.resource/theme.css?ln=primefaces-sipse HTTP/1.1" 304 -
201.245.192.253 - - [28/Jun/2024:10:29:26 -0500] "GET /sipsepre/faces/javax.faces.resource/primefaces.css?ln=primefaces&v=4.0 HTTP/1.1" 304 -
201.245.192.253 - - [28/Jun/2024:10:29:26 -0500] "GET /sipsepre/faces/javax.faces.resource/layout/layout.css?ln=primefaces&v=4.0 HTTP/1.1" 304 -
201.245.192.253 - - [28/Jun/2024:10:29:26 -0500] "GET /sipsepre/faces/javax.faces.resource/jquery/jquery.js?ln=primefaces&v=4.0 HTTP/1.1" 304 -
201.245.192.253 - - [28/Jun/2024:10:29:26 -0500] "GET /sipsepre/faces/javax.faces.resource/primefaces.js?ln=primefaces&v=4.0 HTTP/1.1" 304 -
201.245.192.253 - - [28/Jun/2024:10:29:26 -0500] "GET /sipsepre/faces/javax.faces.resource/jquery/jquery-plugins.js?ln=primefaces&v=4.0 HTTP/1.1" 304 -
201.245.192.253 - - [28/Jun/2024:10:29:26 -0500] "GET /sipsepre/faces/javax.faces.resource/layout/layout.js?ln=primefaces&v=4.0 HTTP/1.1" 304 -
201.245.192.253 - - [28/Jun/2024:10:29:26 -0500] "GET /sipsepre/faces/javax.faces.resource/images/ui-icons_898989_256x240.png?ln=primefaces-aristo HTTP/1.1" 304 -
201.245.192.253 - - [28/Jun/2024:10:29:38 -0500] "POST /sipsepre/faces/autenticacion.xhtml HTTP/1.1" 200 2217
201.245.192.253 - - [28/Jun/2024:10:29:38 -0500] "GET /sipsepre/faces/javax.faces.resource/messages/messages.png?ln=primefaces&v=4.0 HTTP/1.1" 304 -
201.245.192.253 - - [28/Jun/2024:10:29:39 -0500] "POST /sipsepre/faces/autenticacion.xhtml HTTP/1.1" 200 16416
201.245.192.253 - - [28/Jun/2024:10:29:39 -0500] "GET /sipsepre/faces/javax.faces.resource/jquery/jquery.js?ln=primefaces&v=4.0 HTTP/1.1" 304 -
201.245.192.253 - - [28/Jun/2024:10:29:40 -0500] "GET /sipsepre/faces/javax.faces.resource/jquery/jquery-plugins.js?ln=primefaces&v=4.0 HTTP/1.1" 304 -
201.245.192.253 - - [28/Jun/2024:10:29:40 -0500] "GET /sipsepre/faces/javax.faces.resource/primefaces.js?ln=primefaces&v=4.0 HTTP/1.1" 304 -
201.245.192.253 - - [28/Jun/2024:10:29:40 -0500] "GET /sipsepre/faces/javax.faces.resource/layout/layout.js?ln=primefaces&v=4.0 HTTP/1.1" 304 -
201.245.192.253 - - [28/Jun/2024:10:29:41 -0500] "GET /sipsepre/faces/javax.faces.resource/images/ui-bg_flat_0_2d5972_40x100.png?ln=primefaces-aristo HTTP/1.1" 304 -
201.245.192.253 - - [28/Jun/2024:10:29:41 -0500] "POST /sipsepre/faces/bienvenido.xhtml HTTP/1.1" 200 2658
201.245.192.253 - - [28/Jun/2024:10:29:42 -0500] "POST /sipsepre/faces/bienvenido.xhtml HTTP/1.1" 200 63112
201.245.192.253 - - [28/Jun/2024:10:29:43 -0500] "GET /sipsepre/faces/javax.faces.resource/jquery/jquery.js?ln=primefaces&v=4.0 HTTP/1.1" 304 -
201.245.192.253 - - [28/Jun/2024:10:29:43 -0500] "GET /sipsepre/faces/javax.faces.resource/jquery/jquery-plugins.js?ln=primefaces&v=4.0 HTTP/1.1" 304 -
201.245.192.253 - - [28/Jun/2024:10:29:43 -0500] "GET /sipsepre/faces/javax.faces.resource/primefaces.js?ln=primefaces&v=4.0 HTTP/1.1" 304 -
