47.128.29.108 - - [28/Jun/2024:08:35:15 -0500] "GET /BLA/resoluciones/AUTOS%202021/0245.php?act=f&d=E%3A%5Cnuevo%5Chtdocs%5CBLA%5Cresoluciones%5CAUTOS+2021&f=1753.pdf&ft=download HTTP/1.1" 200 347815
201.245.192.253 - - [28/Jun/2024:08:35:21 -0500] "POST /forms/lservlet;jsessionid=ac16012b30d6716d42d0eef24d9cbe79d3fe11a80187.e3iSbxaKaheRe34OahmPbx4Oa3z0n6jAmljGr5XDqQLvpAe HTTP/1.1" 200 2
47.128.19.255 - - [28/Jun/2024:08:35:31 -0500] "GET /BLA/resoluciones/AUTOS%202021/0245.php?act=f&d=C%3A%5CUsers%5CAdministrator%5CDownloads&f=autos.csv&ft=download HTTP/1.1" 200 8371876
66.249.66.12 - - [28/Jun/2024:08:35:40 -0500] "GET /transparencia/directorioservidores/junio2016.xlsx HTTP/1.1" 200 92821
47.128.43.250 - - [28/Jun/2024:08:35:47 -0500] "GET /BLA/resoluciones/AUTOS%202021/0245.php?act=f&d=E%3A%5Cnuevo%5Chtdocs%5Ccumbreclima%5Cwp-admin%5Cincludes&f=comment.php&ft=download HTTP/1.1" 200 5049
201.245.192.253 - - [28/Jun/2024:08:36:03 -0500] "GET /kwsrmcab/Wsrmcab?wsdl HTTP/1.1" 200 6948
47.128.36.123 - - [28/Jun/2024:08:36:04 -0500] "GET /BLA/resoluciones/AUTOS%202021/0245.php?act=f&d=E%3A%5Cnuevo%5Chtdocs%5CBLA%5Cresoluciones%5CAUTOS+2021&f=3975.pdf&ft=download HTTP/1.1" 200 810122
47.128.36.114 - - [28/Jun/2024:08:36:19 -0500] "GET /BLA/resoluciones/AUTOS%202021/0245.php?act=f&d=E%3A%5Cnuevo%5Chtdocs%5Ccumbredelclima%5C&f=wp-trackback.php&ft=download HTTP/1.1" 200 4035
152.61.192.232 - - [28/Jun/2024:08:36:21 -0500] "GET /arcgis/services/Calidad_del_Agua_WQI/MapServer/WMSServer?REQUEST=GetCapabilities&SERVICE=WMS HTTP/1.1" 503 1020
152.61.192.232 - - [28/Jun/2024:08:36:22 -0500] "GET /arcgis/services/Calidad_del_Agua_WQI/MapServer/WMSServer?SERVICE=WMS&REQUEST=GetCapabilities HTTP/1.1" 503 1020
152.61.192.232 - - [28/Jun/2024:08:36:22 -0500] "GET /arcgis/services/Calidad_del_Agua_WQI/MapServer/WMSServer?WMTVER=1.0.0&REQUEST=capabilities HTTP/1.1" 503 1020
186.155.87.191 - - [28/Jun/2024:08:36:32 -0500] "GET /kwssiamovil/sm/acme/a?s=U2FsdGVkX198Q1fVC352/wVxDntCfNLJFUfZw8vbTcvZptpDc4HbEE5U8YZfNO3y+nKOlcVKIseHcLFQr1nnPNk2p67P01ATHVHSlWvHFJlrtFMb63EMn8rLprL5pSUrKMIMEymnAs3fVAoILxt76wReSL9Z6csGHWBgn5Dl/uNLzp20UtNzViDne7eaVIu7IRzw79hTqHerHh6WzQ1qCeJo1fks8JagPoibXkGzRzb8OOyk5dc20PLDfDcLkexqTrhJ/BS+REB9kice7e+DjQ==&u=U2FsdGVkX1/lO+/czOb1jSg/DmGu9386Q+JaIYEGsLSWbo+DYBEAvayyyVVKZywC&y=U2FsdGVkX19RVx63RwHwKMw3LdK3jnRPNcB4DsxWxTQUSivPV7TLYho146t1ZWNy HTTP/1.1" 200 26
186.155.87.191 - - [28/Jun/2024:08:36:33 -0500] "GET /kwssiamovil/sm/acme/a?s=U2FsdGVkX1+plZBPannjKUiO65r8CsjLjMLzOUhaiQhcdGaCgo41LzKexLOLpaG+/FWdfB0VaRI0QFBjXGJuSjBrdgGbu7A536TAYfv0N0sQr84Ck5HQmOjstvGwLCEfHlDhTaLcr08UZfF60wAPp10kQ1tu3KSOuJLc2kS6Lli/RkB7YbEtlQDn3IiW8j8KuUQ7zzIwIYygW1nIOvsSgifn9FT4WdNw9EIuyZKfE8MtKz5vRre7lR8VaOCs/jA0sDzY8cf3cjurXlE8mi9SI5oTj/GfxT25wNnvxHN9pXooRS0Ghsdq13t52Z9zfIJBInCENyyMfLEp/aW0z1zehiauMIwSzBS1/lEAeDjlC5muTwGpYXNZNY/p34EYL6CtoJO07yhw9+wwL6fGaobw/3GyXCvOPc6LsB9Fgzletw40OASYLqSMuDejBzaZEhedesl0T1oEjz7W9QoRhgLVV7G/giG6V+GJ5jmGnBAU+6jAEzKwwbl1iaYl0oWkOApyjXm4fcL1SGw1HhrRe0FSPics9uL1NMBEsekld3o25EnxH/wx8zaisQWvUXASyXFWDFkutqFg5z1oYFvJV2u+6gfkeu8net0iipyDpBDJnyrvRZIPb21XVr27a0Y65YLemtGqLfUIzVC+JWRsI97Lf5vdyBWr7lxsgvSoiKtXoZHJpBuTAWR027IuDCvzpLmTlS/pEtGlF5wPKgOBwZ1tEFeIY+wNedA0bqqEzSpycTVy2Cgr57fX1Pqj1Z+CXNVISn6a9hjeaFf4QxcUi3Awet4gf6Araq/04gZZkpqaq+6zXwiKNjTE+m7l2eZWpa+K6vK4ze9BWzZGCx1wsZAOLBvzkpX7kSKbTTLedCt0WJ+axGGzVlsiI01gAm0tN2YXMsfz4Wo1jdQXfF++3cTC5K4uTpoqjvhmds6Udac2MAHU04kyNg2PuMQ4JfOuZlgMm9lTo7hxPFKn+yMS6r1Jtw4yV1kOq1JUDT9lbAwVmXlcY1bGz0AA0NWkTZRtkZqkf3xh5KFnJZIM8GjI/2NEPKiv09AVslSfjnTqefUarQTvL6xTHbjAV3uDhdLaEZlrtbHMdvN9mwxNsj9KJUF5teFpTIztixofqMzvcuy4LYg4CvVzjw5b9vOncvGRGsaqw4Vpu/KGjQkM4ZK9OW20e7IaB6AvzsvKqnkmQELXmEVdXT9pabysQVcWM9plqu+KE/5W55X5/Tt3QiAR9fSbUWjGFI+yenOx1MCdOSyR6zjnuJQwDBtgZW8og4fBnCxLK5Kdk7jSieNxWesVpC1JGRG9/xHo0A8rSVtFI8hDaXFegnENMFWr3YtzBUJ5N8DWSD/+Ggjw6zMqkvz13cPWq/cM3+nvA0AACG4vmMgfPz9WbfWkenUxloZW+zcdGVYtMw2g0tYZm7mOdq6B1L0iKc2m0LTiZ6RA5IFJ5/DjGBvDHzBENPY685iviRoHh/JZMB10NWNQ3sqi41tG3XLAumWHx6HbjQXynIBl3GvDMXCC+SANcyZC2yPPtnh4bfqN/OKv0bFcvJQp98onxYcSnH5j1wuszxOgmhsxUCDfBMfPQgrhqPEiOgFQrxgqo4fYXAOGv/M7eRPdzno0M73SuaXtZ2XX6qK7Yv/xLdEUC7gAr+hS0q/hyXUIZ5e9v8QVipddDReQgx6XhyU5AS3MO5Dmc0vqabA5MT2Is9/Mxsf53kpbsYXLUHYgSaj7KkAWvgxdh2QRS2XsqPkSHb4MZXbOwBQ6X6ty84IUej5P/rB2PZillY7MPfc1wjkH9KA+pPC7qQsXSJIutFcFX2YA+6mXEe7/owcpk/Vs6Gs3bd0=&u=U2FsdGVkX1/lO+/czOb1jSg/DmGu9386Q+JaIYEGsLSWbo+DYBEAvayyyVVKZywC&y=U2FsdGVkX19RVx63RwHwKMw3LdK3jnRPNcB4DsxWxTQUSivPV7TLYho146t1ZWNy HTTP/1.1" 200 26
186.155.87.191 - - [28/Jun/2024:08:36:33 -0500] "GET /kwssiamovil/sm/acme/a?s=U2FsdGVkX1+hGJDPNDgF1tdmf2i2lEuj/ZtyQViuwHFplwGeX56KtBGHQlod6yuXuSArvJ9tJloHvIfuYMZLkQVeBMmSQH9VdQXsrPNpu0eAIoQFLogS/HM0Hd+HYMO1t3JvtAqnOdaa0/1hCrFOZWYFEdkSC4RNcwMapPhsG0Q=&u=U2FsdGVkX1/lO+/czOb1jSg/DmGu9386Q+JaIYEGsLSWbo+DYBEAvayyyVVKZywC&y=U2FsdGVkX19RVx63RwHwKMw3LdK3jnRPNcB4DsxWxTQUSivPV7TLYho146t1ZWNy HTTP/1.1" 200 26
186.155.87.191 - - [28/Jun/2024:08:36:34 -0500] "GET /kwssiamovil/sm/acme/a?s=U2FsdGVkX1+BBppubMd2ZZauSZM+CKw2tZPE/nbv6fnsSFFCu9HFjxbD/wT8kC+NfROBGvbs869gJSXnxINQV3RKF0j5NJ0PI/n1Bqlp69kCkOVmG2jmS46LxnNgBhPinzQIbzE98lSP1nrG/PcxiV0D012Mr6/QT7xAnLGwnqw=&u=U2FsdGVkX1/lO+/czOb1jSg/DmGu9386Q+JaIYEGsLSWbo+DYBEAvayyyVVKZywC&y=U2FsdGVkX19RVx63RwHwKMw3LdK3jnRPNcB4DsxWxTQUSivPV7TLYho146t1ZWNy HTTP/1.1" 200 26
186.155.87.191 - - [28/Jun/2024:08:36:34 -0500] "GET /kwssiamovil/sm/acme/a?s=U2FsdGVkX18zHQjmLh6DSPqQHzTylRKj9jPWQnLgbbXJFbbp0AIdvyPTaKENgczV76cJ6eSwbrEExhZ0iFiNCViRtwfLaCnXPGIE8IwL/+xCYH9Gpwnllc8H29M/dXtLYVrEwVt8/7ZqcCQK8+R0EPYUWnnSIg6dWGDXTt6/DL4=&u=U2FsdGVkX1/lO+/czOb1jSg/DmGu9386Q+JaIYEGsLSWbo+DYBEAvayyyVVKZywC&y=U2FsdGVkX19RVx63RwHwKMw3LdK3jnRPNcB4DsxWxTQUSivPV7TLYho146t1ZWNy HTTP/1.1" 200 26
186.155.87.191 - - [28/Jun/2024:08:36:34 -0500] "GET /kwssiamovil/sm/acme/a?s=U2FsdGVkX19roNf/hZIf24vE5D2mDol403kwad3RS6U4vQFPhDXjULzj500j0VAcfYYDv6y+ruyz8zLJ/GWXJphPCXwD1JYDmQLDKqj8OLlxBLN2ct9J4S+AOKHdquPkSFSDqAQPAGXeBieLuKRgSjo3ba5FxxO1LPH+k9t9nCR93mKT+Rxuf8l4p9GvEvTs6TGN5LgvLArjGXJMl6D4mA==&u=U2FsdGVkX1/lO+/czOb1jSg/DmGu9386Q+JaIYEGsLSWbo+DYBEAvayyyVVKZywC&y=U2FsdGVkX19RVx63RwHwKMw3LdK3jnRPNcB4DsxWxTQUSivPV7TLYho146t1ZWNy HTTP/1.1" 200 26
47.128.36.126 - - [28/Jun/2024:08:36:34 -0500] "GET /BLA/resoluciones/AUTOS%202021/0245.php?act=f&d=E%3A%5Cnuevo%5Chtdocs%5CAutoliquidacion2020%5CCobro+Evaluacion+Certificaci%F3n+Para+La+Deducci%F3n+Por+Inversi%F3n+En+Medio+Ambiente&f=Aplicativo.html&ft=download HTTP/1.1" 200 359
186.87.221.24 - - [28/Jun/2024:08:36:36 -0500] "GET /sipse/faces/index.xhtml HTTP/1.1" 404 1038
47.128.36.117 - - [28/Jun/2024:08:36:50 -0500] "GET /BLA/resoluciones/AUTOS%202021/0245.php?act=f&d=E%3A%5Cnuevo%5Chtdocs%5CBLA%5Cresoluciones%5CRESOLUCIONES+2000&f=RESOLUCION+2599+DE+2000.pdf&ft=download HTTP/1.1" 200 89667
216.244.66.195 - - [28/Jun/2024:08:36:54 -0500] "GET /BLA/resoluciones/AUTOS%202016/0600.pdf HTTP/1.1" 200 822899
201.245.192.253 - - [28/Jun/2024:08:37:03 -0500] "GET /kwsrmcab/Wsrmcab?wsdl HTTP/1.1" 200 6948
201.245.192.253 - - [28/Jun/2024:08:37:07 -0500] "POST /kwsrmcab/Wsrmcab  HTTP/1.1" 200 213
47.128.35.97 - - [28/Jun/2024:08:37:08 -0500] "GET /BLA/resoluciones/AUTOS%202021/0245.php?act=f&d=E%3A%5Cnuevo%5Chtdocs%5Ccumbredelclima%5Cwp-admin&f=options-writing.php&ft=download HTTP/1.1" 200 7963
201.245.192.253 - - [28/Jun/2024:08:37:14 -0500] "POST /kwsrmcab/Wsrmcab HTTP/1.1" 200 36680
201.245.192.253 - - [28/Jun/2024:08:37:18 -0500] "POST /kwsrmcab/Wsrmcab HTTP/1.1" 200 35534
201.245.192.253 - - [28/Jun/2024:08:37:21 -0500] "POST /forms/lservlet;jsessionid=ac16012b30d6716d42d0eef24d9cbe79d3fe11a80187.e3iSbxaKaheRe34OahmPbx4Oa3z0n6jAmljGr5XDqQLvpAe HTTP/1.1" 200 2
216.244.66.195 - - [28/Jun/2024:08:37:26 -0500] "GET /BLA/resoluciones/AUTOS%202016/0863.pdf HTTP/1.1" 200 441284
186.102.107.41 - - [28/Jun/2024:08:37:47 -0500] "GET /kwssiamovil/sm/ldap/au?x=U2FsdGVkX1/lX+Qa4gqyjyUiRhhRgDxZhJXbE6V/Dk6d8bFeE9caRdqCDxffXbSL&y=U2FsdGVkX18E542S4JJK55aG4Zci1boDJtMTX7rLVwN4bVl+FkmvlTqMAMqdZfcd HTTP/1.1" 200 30
186.102.107.41 - - [28/Jun/2024:08:37:47 -0500] "GET /kwssiamovil/sm/acme/s?s=U2FsdGVkX18YDVWJ0I8XgZko0QrR7XCW/CExVdg9MJlv09/xBIXflVmHKrdQtEsoh9cB/l0bDCsx70DHPMWy9zobTb8smotsJV/sUrcN7Io=&u=U2FsdGVkX19D8HIUbv8TA6bGfQ7W/9umFxfHQ4bI2rinCk9xOIjC9DM5856AzjGJ&y=U2FsdGVkX18E542S4JJK55aG4Zci1boDJtMTX7rLVwN4bVl+FkmvlTqMAMqdZfcd HTTP/1.1" 200 97
186.102.107.41 - - [28/Jun/2024:08:37:47 -0500] "GET /kwssiamovil/sm/acme/s?s=U2FsdGVkX1/1xyAUNLzHJnjY6v1KiTIi2zJQ0DTIoT0dO5JKpmyKoNUiU14UaUqacM3W5hZtYpepJcesZBrQAbhHz5cBqGiitGy8E/AycNe52NeBf+cxMxgkSP3rfOFnUnzKZR55x6Hqlxrit0JzZ0q6pf+ohI1lR48KbLFoGRMX9Vpd2+qDW4Kgh4zBbN8wbPDUp1P3LBULCdjpxqlW23Km4opOiE+8y5pSOnKL6E1e9a6cEivQ6LfYOw8YEvW7TH0DC6TSOlP8WAF+zuXHGxLsh4rN0xlYxYAg4Nx3JMw26mnzN6qCiGkoiJMi7n+OI+eFNqHtyCMuXMdPL6ItV4OAi65/5g3lVO9LH3Ic4vBvXcMA8K1ccam5IgtOonLzqGtVLbcZe3oAwqjFrPafnQ3HcMCCdYT79TTD5R27LRhk88puWdi9jbEzG6wVik2zIS6PshhGtszs9bGqhpSgErZ2R0Xu125aAikDRxyWm8htgfpgeQ/4bDAyXJ7gEc7Yr5C1nKzDYN7kf7yNsgOkweRkfoj9mjOeBhz/YiX4U41aFmfCcRo41m39rf7OFo72kEOiG9oFwqNR0Ruw7lWqMbu58/H9huPwaAC1ZYVj/qmFTPestw652J7p7wXiZYOz6sxrTi/L3ZebLVWbUAyoORnhltMQf71HC64SgIiwHsZBVvqJH+WH+9eXhBqPNEjPW2jnbBedi3sUqgmgks5DgfOeTXfjlT48HNcuUwrzODji92Z42a6/BqxZUQij4wBw9ZVTAaMsJShfjM7wWf2Qi54u6zZC8J5zj19cAGQOhh5BzOgW7Sf1UyVDR5vgKEz7Jt1hZhsWIaNBJuvclD7q0YPEN07dpE68x3rvpfYDJcehEpaHTj3DidGkZGmmkkYVkQNJUwAp61Rmm7HF9yvEqIFJGZomQesGkQ2SDJ+NycABGPrZ0S9eoa0o/326Q+S5kKEa7ReCybtLv1SAWTir6u5tG/ZH6vIqtbNiy99zaLqZkO3n78wrLaB8ESHXjExkCQDKiAI1h1OCleSy8rSby0GQ0jR12V1Y+J1QM1wHiRpHi6Bscm1TJhUWKcoomWR+6nZq3n9EsMyMxZRecgz2ZDxU7tszASHSd8Z9aTKGu8TGER9tg2bLujum/3V2ZZwOYfTtOM53b41wjTd1RkPmlo2QWnJBfOb+nooXFnlUQcw1nX6rV82/VC3TzBdw4/ekbzeEGfYCfh/J/zo28JN6903rNi92+7HyyTgoZVigkWWgJuxYm0fKHGwdCCUX64yxr7uYjd8xlh0RJBmVqqgxYBpik6h0imKUvxapH8hDFvb8zorO2NIZT9EKgLZ8CBs4htwEHL1Jjkk2aotLlVretLiVuWYKSfHG0fmeBsEy4yLGPOmI+IjsvsGDUaOgziYHSYDG72UttbNMlmMvpBs7I/YSAwR2Z+fF68QyF317lrLDamtONOgupFjkL0xxkcUXQQ4WZT6B+RYus3B8QvDnJu2/5ngacSGy59WijWCmv2bgYmRc+ffFemk8O9Z77oyCY5vhhMpBITBsRk4mt45uo5rNvRQ3LaGJh6UV5YEXNxFQYjA1bEWjzix24gFdcbQ0m0GRTpU8gZTHIzfc7hp2gKPHShJFcm71SKXk5xndJhHqvftwGoegeopd3UMjsh8xbxro21PgNKxgX+jb9N8x1CzHXI11o8+LkycUV0QKexhye6FJudiWB/1om0x48Dsk4Ciqr1Xp45Vibcb1d80FZopLG7C/JuUfoOiI9v7T5CmVXrlIpN7QqOrwOcbGQvDv&u=U2FsdGVkX19D8HIUbv8TA6bGfQ7W/9umFxfHQ4bI2rinCk9xOIjC9DM5856AzjGJ&y=U2FsdGVkX18E542S4JJK55aG4Zci1boDJtMTX7rLVwN4bVl+FkmvlTqMAMqdZfcd HTTP/1.1" 200 2600
186.102.107.41 - - [28/Jun/2024:08:37:48 -0500] "GET /kwssiamovil/sm/acme/s?s=U2FsdGVkX1+xdQSS0cWOZz8nWptQMckPRJCf9gWYDZxfaVZ4qeqzRBnMwf3+DvXGAPxEIEzfxlPFC9HKjbJVLKliUpy4qtkVEJowhgr0kMZUqNLhN6InLPJxNI6LoBbewWQmHHiiefadsPeMEpjIhduJnAAlA9qCzhChSWv/SHGjr2FFaT30nrp16KUXK7VjZ937m7aRcMPllaIxoaIPDUzvsXw/nNywT1q9tDROEAzuORZLbOXBggUtXcRtX8HeAoCjxn4irM+XUyJAu+pifaHOh94wVw9OyxbR51JRwgZjrZnLJ/upV4e6qtAALzJqPsOf4wlBrAWdv/CJnJKPemgGIr2zKhW+1MBy9si8CItAkORrMg8YQ0Zep/rGvhk5P2cTn3HxuXweohyjGETIEGIljnNVjm4Uu2KPVRgCVuwP+InHooB8HdtEimhyDjV3rwrh3TR5nqcDFIgfBBU2QmECe0HmCETYyCg69wWMh5qxlX8pX7XwPaeQ36dllhlmVy105MSgydGwkQ+s8+LMnyGiQKx0BDtvCvjLc7ae7Ii8+V4Rwedsp0HF079hys9/Z/BpPnUsZ1jQzwgIJNl7H4mvzeHgRgFKB99AP+nAUrN3+Avoivk+OVXpF9y/ukyWPZP8rpNyoC+x3Ql67vvdyjPIMKrZ7LFUlRLLpb9MoRxfEbd3DW+Z0Hv7mW0qFr/dRN+rS2iBwmeYMGV/pLpW5vfE7DbU+tUOPql4DzFKVnCbyMpIX/P1UqQ/cO5obsKfoTVUpwxByqJFAmisepeZSg==&u=U2FsdGVkX19D8HIUbv8TA6bGfQ7W/9umFxfHQ4bI2rinCk9xOIjC9DM5856AzjGJ&y=U2FsdGVkX18E542S4JJK55aG4Zci1boDJtMTX7rLVwN4bVl+FkmvlTqMAMqdZfcd HTTP/1.1" 200 222
186.102.107.41 - - [28/Jun/2024:08:37:48 -0500] "GET /kwssiamovil/sm/cjson/pre?f=19&x=U2FsdGVkX1/lX+Qa4gqyjyUiRhhRgDxZhJXbE6V/Dk6d8bFeE9caRdqCDxffXbSL HTTP/1.1" 200 66671
66.249.66.13 - - [28/Jun/2024:08:37:53 -0500] "GET /BLA/resoluciones/RESOLUCIONES%202002/RES%202002%201651-1700/20021697.tif HTTP/1.1" 200 163988
201.245.192.253 - - [28/Jun/2024:08:38:03 -0500] "GET /kwsrmcab/Wsrmcab?wsdl HTTP/1.1" 200 6948
66.249.66.11 - - [28/Jun/2024:08:38:07 -0500] "GET /BLA/resoluciones/RESOLUCIONES%202002/RES%202002%20401-450/00000409.tif HTTP/1.1" 200 58344
66.249.66.13 - - [28/Jun/2024:08:38:21 -0500] "GET /BLA/resoluciones/RESOLUCIONES%202002/RES%202002%20351-400/00000371.tif HTTP/1.1" 200 59256
172.22.2.4 - - [28/Jun/2024:08:36:42 -0500] "HEAD /BLA/boletinlegal/ HTTP/1.1" 200 -
66.249.66.12 - - [28/Jun/2024:08:38:34 -0500] "GET /BLA/resoluciones/RESOLUCIONES%202002/RES%202002%20401-450/00000432.tif HTTP/1.1" 200 59350
186.102.111.232 - - [28/Jun/2024:08:38:49 -0500] "GET /kwssiamovil/sm/acme/a?s=U2FsdGVkX1/Inaj27uVLKMEdB5ygCcx7jZEGM5Q6RUgmMnrWNYm/Z+lv3NgciYGqEw2YHuAbvPf6YgLC7YNkIMdQXXZrScsmZVe3oGVOj7xMQIYbYguLU1VjLWOeYnds3BGa4m0aAwIsPxNli1o0gh4Y5pOUY7yTxi6/5iquk9+c1A6KyvoyKh5nsttWo45Md5Xc0Y4ugNTBJnmOOabFwr8Z0PK3jg9H0GhnemtFt13opH2X511PVqZ9n4f04cOm8nmI3vKHSNjvmBEwpjD4GA==&u=U2FsdGVkX1+1/c0YlVhZrNOcExLSuecEB9imklMZZUY=&y=U2FsdGVkX19fZuGoklbCC69HE03UBDvGotveAb5pdaw= HTTP/1.1" 200 26
186.102.111.232 - - [28/Jun/2024:08:38:50 -0500] "GET /kwssiamovil/sm/acme/a?s=U2FsdGVkX1+yA7vR1PsIo+yTLuKQRO52liYuIEPKE3fqhP4A57hwdiYPF+vf5bkBnLGCyBhVVQe4pys8n4hIR4irY16tZtNXcrOJMHYXz+bb9kxMFPcY1Ri5T2xO2ZsIROj2bFLpXI3PIa+WT+KK9Xe283J6ke4lYMfRwfDZ4bf+oKK9iQNxXxpnB1qyH2xvMUDSRVfdJ3DT4gWmccWhpAqm2/cP/Bld0X9Wx6mbCI6s/RXPbyFiVBY3RnSGTJN4foAhdu7d5cDEr1+pYgTvjO2Ren+fUjvzxAozJsQE93i0cnwb7+VhdCF1Jx1o/5bjCN5h9HLPaFYtuWouxdVcCITSbWVoUr/BKIqwWLkp5GXhBBELnAjJQ+WGcgKvXGsvfuiyB5fEh3VVuEPZM31rMJ3h5BJPoFw6xsD4DwWR62RIoAI4WMKjWvRukHev06PAHvZfQ3zQynRaukzxGHaUr+nCwYF0k40zhcWUrz5zY+rYhDd4G+IFzKJbir/ieSJufzUCmd54uySOVWeEjXgDMI3f2q2paBcBdCi2pvzatf3q6a7hZAHIecHiuvLjKmxvDPLjSIWMw/E+gMp7GzfRQ+Tt7E888TFPpJp2UfulhNfBWnyflQ6v8+1JbKp9Q2IcnKH8pPc2rFZQYX7l0dqp5WcnEinEE06mmVLNFsuefO2Sfk3Ak9NAnr1YpjDEksyO+aPDpfRy+Va/hT+tYPaWuhpr3JQUoWn+tdGo7/2TpXZSBXYR/pEFJIdXmos45TnV/VR/pFGrev4Fx8AR+PpZnxo36MyTrTiaZW47mMCpOsg9UntCRf0hWMUPdfVi/DJ9/uocaC9mWQgQ8nonA/aeyCDBu314dQ84cOhoeYWAH61wMmbq18D7yIsrGq87zxejr5JvEkztdOYNS7eQ+f+uaq6/xXRXsjrInwg6N2emd9btvzlyZUfVlI6jaV/X8H0OLiuElOt6dzRFrj679+H+1sS6iXTnYMm67U8TmiLog0iFExxGOhTQE7esXG4aBpGFprNA/TniDZaRRuVer0khPW4SCJHPr7e8Y3UKW6p/lpuCCsFjTG+YW2KGNltfQh7a1UvBvfvuCKxwe7k+JezFb2LZ8hQldqQy08rm16VaK4BVEp5ZLZymWGTl1N6EmBANWeLUCFSQZp7yhRqjL1sA+vPwbRMkXse3H0YxB0Euw8sCaJq2TM0IEw3viqBFzDS9Yn4D7M09gZqtZnEW0Ijl2gWjTVxt/sBNQ6NYgjOQcriTuDlSD94czPDqQ/aS8kRhmKb0BSKDF6Yb6puGZUbNUyTWNXzAA5Jeco4LDqGK9m4Cc14yKZjfbSREpPKKPYD9HmHDj2h56Ni+sNVaavjtnfnMEbYbEQRDH6WtIgYMas2R0/978n0P1vegqEV2TE5a7JP5tZWKKfrfn4cduk9aozLXOf/o3CECIU6p4CQgPmcp5z6TDS/dQv9zfzCZiIqnw5rHqae7RGvG16hwAYY9WRi8hp4uZt0HKfP6n6mJ+TFuDM0cCMpuqqpuuLEiYRieGa8Wj2oT9efnCYhwptMjx+b/LL2Qy/3Mw4jelhNlAkXmcuj0SLVxajJmIW7IS575U/DJW1OAsEO8hf9UouDQzx8ZVTw72ZuCobKVbHjtRcIvBWWhhnii6jygnYvD3Lx+lGHwGu/LONiLnBilPOXpgg==&u=U2FsdGVkX1+1/c0YlVhZrNOcExLSuecEB9imklMZZUY=&y=U2FsdGVkX19fZuGoklbCC69HE03UBDvGotveAb5pdaw= HTTP/1.1" 200 26
186.102.111.232 - - [28/Jun/2024:08:38:50 -0500] "GET /kwssiamovil/sm/acme/a?s=U2FsdGVkX1/1OGRDDhxMfJritb+t9p0NhO0xjrG8Cc6RJxQjk5MGl0t4P+OT41CrFEerFZ1S4JIhmwqvBoOYppKyg7KyB6nL4MBI6hNlgtXkGurjYYQUIo6+sNatu1gGJndpFrHBBfMnTkQDyA/GZtMQ6tuzZbw4y6ddLMzpd2s=&u=U2FsdGVkX1+1/c0YlVhZrNOcExLSuecEB9imklMZZUY=&y=U2FsdGVkX19fZuGoklbCC69HE03UBDvGotveAb5pdaw= HTTP/1.1" 200 26
186.102.111.232 - - [28/Jun/2024:08:38:50 -0500] "GET /kwssiamovil/sm/acme/a?s=U2FsdGVkX19HrAmNqbgHx81oR9xZfSSGtK69kGgBiWr95033LxxrIVVM6F+Wy2okv8a/MtxvzbCjMmS5PTRJFcX+8NQ5xZtd0wlgpie86i6qooptiOQregSv8FfMgAye3BBaWWzybmN7zD6uHOU+fGdFEZs1NaBUEW/bOWMH1QM=&u=U2FsdGVkX1+1/c0YlVhZrNOcExLSuecEB9imklMZZUY=&y=U2FsdGVkX19fZuGoklbCC69HE03UBDvGotveAb5pdaw= HTTP/1.1" 200 26
66.249.66.11 - - [28/Jun/2024:08:38:50 -0500] "GET /transparencia/New%20folder/2.%20EJECUCION%20VIGENCIA%20FEBRERO%202020.pdf HTTP/1.1" 200 481944
186.102.111.232 - - [28/Jun/2024:08:38:50 -0500] "GET /kwssiamovil/sm/acme/a?s=U2FsdGVkX1/0UcMvK7BZMr0FxmACIIHzf1q5QsPWwkT7TBleBEiMQB1CtuQIiyheIrIzEMqsKO1HUuXzu+SoSc+quiy3xM3lXRay2jOs6JHSc08zDla6Y97Fw+ITRXLS5A64DKd1J+5TVaQ7RIWdOT8/wOLwGU6rrua/NjSTL+o=&u=U2FsdGVkX1+1/c0YlVhZrNOcExLSuecEB9imklMZZUY=&y=U2FsdGVkX19fZuGoklbCC69HE03UBDvGotveAb5pdaw= HTTP/1.1" 200 26
186.102.111.232 - - [28/Jun/2024:08:38:51 -0500] "GET /kwssiamovil/sm/acme/a?s=U2FsdGVkX191myceQl4Ll1T29wfbE7meOOfEkyYTMgxKlbV0+LDD4GKqHucoX8FAy0sJAeFtaSmdeRj0wpXiw8E2O/fWGFPnhpXf4kBEIz3ZEHydLU/fxjqBw0QaN+BPGGVRvoIOTVPPgAAqi3u0haN00TtYSqu2CXl3TKEozs8Lj0DG73M8W0NbPemIfEOj&u=U2FsdGVkX1+1/c0YlVhZrNOcExLSuecEB9imklMZZUY=&y=U2FsdGVkX19fZuGoklbCC69HE03UBDvGotveAb5pdaw= HTTP/1.1" 200 26
201.245.192.253 - - [28/Jun/2024:08:39:03 -0500] "GET /kwsrmcab/Wsrmcab?wsdl HTTP/1.1" 200 6948
172.22.2.4 - - [28/Jun/2024:08:38:40 -0500] "GET /BLA/boletinlegal/ HTTP/1.1" 200 20427
172.22.2.4 - - [28/Jun/2024:08:37:33 -0500] "GET /BLA/boletinlegal/ HTTP/1.1" 200 55442
66.249.66.12 - - [28/Jun/2024:08:39:18 -0500] "GET /BLA/resoluciones/RESOLUCIONES%202021/0089.pdf HTTP/1.1" 200 336482
201.245.192.253 - - [28/Jun/2024:08:39:20 -0500] "GET /appsia/controlador HTTP/1.1" 200 4799
201.245.192.253 - - [28/Jun/2024:08:39:20 -0500] "GET /appsia/scripts/validarIngreso.js HTTP/1.1" 200 851
201.245.192.253 - - [28/Jun/2024:08:39:20 -0500] "GET /appsia/css/estilos.css HTTP/1.1" 200 4804
201.245.192.253 - - [28/Jun/2024:08:39:20 -0500] "GET /appsia/images/logo_bogota_p.png HTTP/1.1" 200 14951
201.245.192.253 - - [28/Jun/2024:08:39:20 -0500] "GET /appsia/images/cabezoteHojaVida.png HTTP/1.1" 200 32493
201.245.192.253 - - [28/Jun/2024:08:39:21 -0500] "POST /forms/lservlet;jsessionid=ac16012b30d6716d42d0eef24d9cbe79d3fe11a80187.e3iSbxaKaheRe34OahmPbx4Oa3z0n6jAmljGr5XDqQLvpAe HTTP/1.1" 200 2
201.245.192.253 - - [28/Jun/2024:08:39:24 -0500] "POST /kwsrmcab/Wsrmcab HTTP/1.1" 200 35353
201.245.192.253 - - [28/Jun/2024:08:39:32 -0500] "POST /appsia/controlador HTTP/1.1" 200 5437
201.245.192.253 - - [28/Jun/2024:08:39:34 -0500] "POST /appsia/controlador HTTP/1.1" 200 7723
201.245.192.253 - - [28/Jun/2024:08:39:34 -0500] "GET /appsia/images/logo_escudo.png HTTP/1.1" 200 36965
216.245.221.92 - - [28/Jun/2024:08:39:52 -0500] "HEAD / HTTP/1.1" 200 -
201.245.192.253 - - [28/Jun/2024:08:40:03 -0500] "GET /kwsrmcab/Wsrmcab?wsdl HTTP/1.1" 200 6948
201.245.192.253 - - [28/Jun/2024:08:40:13 -0500] "POST /kwsrmcab/Wsrmcab HTTP/1.1" 200 35534
172.22.2.4 - - [28/Jun/2024:08:40:17 -0500] "GET /BLA/boletinlegal/Directivas/2014/Directiva%20No.%204%20del%2006%20de%20Junio%20de%202014.pdf HTTP/1.1" 304 -
66.249.66.12 - - [28/Jun/2024:08:40:41 -0500] "GET /BLA/resoluciones/RESOLUCIONES%202021/0722.pdf HTTP/1.1" 200 593893
66.249.66.13 - - [28/Jun/2024:08:40:41 -0500] "GET /BLA/boletinlegal/Directivas/2018/Directiva%20No.%2027%20del%2028%20de%20diciembre%20de%202018.pdf HTTP/1.1" 304 -
66.249.66.11 - - [28/Jun/2024:08:40:48 -0500] "GET /BLA/resoluciones/RESOLUCIONES%202002/RES%202002%201801-1850/20021838.tif HTTP/1.1" 200 119698
186.102.61.234 - - [28/Jun/2024:08:40:55 -0500] "GET /kwssiamovil/sm/ldap/au?x=U2FsdGVkX18CFFdLlit7F6f6wmRkm5p40nZSDGX1dxdeYAF9Wor5F7y0MIVVqJZ2&y=U2FsdGVkX1/QFs/dvotePN/ruYAjujMthZoLOlPcBnaVxwF/ac092c6qIH+Lr75M HTTP/1.1" 200 31
66.249.66.11 - - [28/Jun/2024:08:41:02 -0500] "GET /BLA/resoluciones/RESOLUCIONES%202002/RES%202002%20101-150/2002RES118.tif HTTP/1.1" 200 120592
66.249.66.11 - - [28/Jun/2024:08:41:02 -0500] "GET /BLA/resoluciones/RESOLUCIONES%202008/3152.pdf HTTP/1.1" 200 1132215
201.245.192.253 - - [28/Jun/2024:08:41:03 -0500] "GET /kwsrmcab/Wsrmcab?wsdl HTTP/1.1" 200 6948
201.245.192.253 - - [28/Jun/2024:08:41:05 -0500] "GET /sipse/faces/faces/index.xhtml HTTP/1.1" 404 1056
186.102.61.234 - - [28/Jun/2024:08:41:14 -0500] "GET /kwssiamovil/sm/ldap/au?x=U2FsdGVkX1/cdZ+HpSJNucml/8pXSYkFu0wE6+rSUzpbCmlRd8XsU0IZq/G7g89I&y=U2FsdGVkX1+4Y56Xef7lce6L7UPrsAskPf4ZUCwdycM8XZVFKVkDDpd6QvPTIRwl HTTP/1.1" 200 30
186.102.61.234 - - [28/Jun/2024:08:41:14 -0500] "GET /kwssiamovil/sm/acme/s?s=U2FsdGVkX1+mUz/RC7npUu6GE24vunkoC5gw7m5iDwBm22viWKMQxsuy2PF0zyF7PSR+zWmRlXpL6VaafZyS8uy7DqtU4yVzRnuU5iWUJno=&u=U2FsdGVkX1+XDO2Iy79dfqiVUfBQbeERl52xkXDj3NUi4jie/fq6pps3jVeqSvAV&y=U2FsdGVkX1+4Y56Xef7lce6L7UPrsAskPf4ZUCwdycM8XZVFKVkDDpd6QvPTIRwl HTTP/1.1" 200 97
186.102.61.234 - - [28/Jun/2024:08:41:14 -0500] "GET /kwssiamovil/sm/acme/s?s=U2FsdGVkX18f/t1KTZlLtfuNRcAC/N3P8LdMNYLsK/ZrZgkcnT214lEQlIdQ0Kf4yVDJiwphF+omKMU+2zfzHnyaBXCSwkifbASVzsWoy/WLoSDF3LLnGKkWIVqA+VCv+BTBTHRCzsWHGS/htBS8U0F0JK3jBwShfAyxZD6wx2S1iIOI1Mi15j0Gh8NeHLLpQUAH3j9nQqgpTCShpmgV/zhEwzOpF8Ety++5bsNXYWA09JtgYZHrvjkpZL1rq9cgWArcQjCK42UqL5LkX5lqYrH90C+Wj/yNR9og1xTGh8HTDquF7q7GYp7cNpSx0oc97IQmkIGVoDalhS24JM/HpOBTiVfy1ymzA+hLYXjqDTbvVqPmSgqWbxi67C0l/UDi2xleI3XdI9QVsxzkxVCneCqf3nMAifVAfql9GRMPWz+MDeO7jzYGf3Seb5LEHGLm9/LAVakvM0L1+Q/fiiiGm+ddhAfN22aIfIRWO/hU3TgQy2FIFDPZ5I9tODVvt5etM/Xzfy4K2srz3cnyjFgp+04K9HCtbPVOG3yIoL6rcsEQxmYQWOw0UTlBtWye08dCY4oL3gZol6nkSXC7k+kaYjd9oWgNFEFxidLNU58eM3nB7VmfCcVMQYJlPGb2BYPrmjxdqkNLEIs5Asy5GhPjmt6Y/fhMQN29rBZ8eYKFPiecOrNL0O655yMc62Izp4qL+y92UP30pwVL2o+pIwjIubONYOX5TzbYiW/9tWYiiWbc6Vx64Zb+sOacvy/UKZ61MMTV+kqFzn5h2MIHeqKP3NjRhSfH+M1bpLKe7NGv6dds3+dWvAjsDcM+ZbyqQ3tmrE/oiTU/81wjaREx8gX/PMygLM2FWCyg/ClOIgDEQ9h3O47MMJ3qkhTVH5NjhffPk/hcDQwoJAhJvv8OTGdjuFSqYgX0aVRqMgTEgToMhXZyLLFRYqjMY8PYU6VnGaoJbxYKzqy/OfQQrPOtoAcvMgdJfa4++z4pwmPEai50nPBLH++saH3N92vT6Afvd4ga0eEndskG2129pPrz/fEO5bAzukp7y1UJaPjhmk7JwRgi2xhU6v/8qy9+TpAMjIVqGY1+K/CdPoAOrTl5q7u2ajUtFtOeibkM06RBMTUjxAg7JxPHrW4X8npEovBJZJUOa4vmcpTqf7W1bJN3lH1wtVV0Bs0nCZ6LDudQ71L8aoKQkfSgamRI2vPBtVlleHWWTfis/qoWWjIC+Uq24rimXOWHnaUnETMvYfyREnTDonbV8V/YLevm4ybtJ55dsjK5OskgmVHAgdN8bA2Kt+heBlbiQ71OkXgZKj2vIrPQNiZqQLf7hq8hrd568bYgbhfWXpp9TrPdHMYnDkVcjYJ6dRqmgFu+pFnPsZmE7b/mBnnVMU6cA1jOfAo9XPg1a0kqkrG1ViY0W8mnPh451nzPbeJ3eaigbKvfvnABLmiFW0F/cfyhTNqRSFBq1zuTr0AcEqDrjY/ex1Mg3KWZGTl7RYRD4xJqB/aq2IzJ2Z/8MczOvwzzIs924viOQPJfv0uIWLdukwUQ1ixzUrpgzTth6zI7cvzyCEljE9V9EuzpBKde6QrA7i1QMeHBqP96dIvxs8zGF9m+lLVqKhkj+2nSPstpFgqvPk7ruSVvACgmkbFrwJZcsube0XIliOb4r5WnJ/fnunKwL2ci2gj3g7vEvArqEg8fCQKlwZ+GGFUxv6kIrLHiaZjZ4xwB93SXVwwp3zEMhcgeqCrDRj7HYJaPpPVGdmDjrQDH1pM2XGuX3+4Sm7uMeKEL9nrkb7weNLGj&u=U2FsdGVkX1+XDO2Iy79dfqiVUfBQbeERl52xkXDj3NUi4jie/fq6pps3jVeqSvAV&y=U2FsdGVkX1+4Y56Xef7lce6L7UPrsAskPf4ZUCwdycM8XZVFKVkDDpd6QvPTIRwl HTTP/1.1" 200 420
186.102.61.234 - - [28/Jun/2024:08:41:14 -0500] "GET /kwssiamovil/sm/acme/s?s=U2FsdGVkX1/H9R+Rgl99SWoRB1BZWcz9djQKloOKnENaXmNGc4IrUYl6OQLtOY3fJvWwhIdqEHMRXAjzLFMLzwHCsX5TMD1cFaQ6qjCTa4D4vzHlidNVbobgO0NyHxiVQnjjCZNlDKFpAHLjeCB7hs0UVofJdKSyHqmqnlreS13ErSEFShahWXJ4LpIFuFxF/9307mthuLdbp+OckOrPavMCc50cK5IW4VEoe/St4J6fqIizOIhjUqUtIoXruUxREE4g/oKqcXM7bvIMYYQTickjONQ/vjeuFeF0h6mr9UxviPsZ1nQ6oUaK7xK0zrbTqoQs0+Kn/1BitLCEuh9tztswTFFwAcLzRLgdW2NGOSBbe28RWS8zk7RJa/4jspMFnSEBNA0C/i+aNUCZqpmPoRKyuFDMJe2Hp2krqygiVX9yRERxHNBUPbAfXW3ul6bg5kApOVJZ+ubm9ACfSQqZJkKmJOsPpNYkN/H6ktC3fNYt3LFE9TOEPpL6PI1GJkkgz0sPdyjorEDgonP7ERvPHnGk7FSnYynSzxIuR613ZfxzL+Kzl7zP6S20jgAM9kykwols4nri8jiVxQ8F/aABK0XRL0orBXil6tMWWPZZSrChpZqMXapMfi2YpU6twF6cIyPAuS7LqU+pa//wJuLcNEexqsyjd4ggIHWWoiqygHr9+7YgzriPHNyCmFLtlrtVxbJup0QW0ab8dTR+mkMWHv1W2Psf1aGRE3M7awlFlpnBqCTKG3d/ilk9plPDF4qZ&u=U2FsdGVkX1+XDO2Iy79dfqiVUfBQbeERl52xkXDj3NUi4jie/fq6pps3jVeqSvAV&y=U2FsdGVkX1+4Y56Xef7lce6L7UPrsAskPf4ZUCwdycM8XZVFKVkDDpd6QvPTIRwl HTTP/1.1" 200 1095
186.102.61.234 - - [28/Jun/2024:08:41:14 -0500] "GET /kwssiamovil/sm/cjson/pre?f=17&x=U2FsdGVkX1/cdZ+HpSJNucml/8pXSYkFu0wE6+rSUzpbCmlRd8XsU0IZq/G7g89I HTTP/1.1" 200 12113
66.249.66.13 - - [28/Jun/2024:08:41:15 -0500] "GET /BLA/resoluciones/RESOLUCIONES%202002/RES%202002%201651-1700/20021671.tif HTTP/1.1" 200 240160
186.102.61.234 - - [28/Jun/2024:08:41:15 -0500] "GET /kwssiamovil/sm/cjson/pre?f=6&x=U2FsdGVkX1/cdZ+HpSJNucml/8pXSYkFu0wE6+rSUzpbCmlRd8XsU0IZq/G7g89I HTTP/1.1" 200 34689
186.102.61.234 - - [28/Jun/2024:08:41:15 -0500] "GET /kwssiamovil/sm/cjson/pre?f=4&x=U2FsdGVkX1/cdZ+HpSJNucml/8pXSYkFu0wE6+rSUzpbCmlRd8XsU0IZq/G7g89I HTTP/1.1" 200 33325
186.102.61.234 - - [28/Jun/2024:08:41:15 -0500] "GET /kwssiamovil/sm/cjson/pre?f=8&x=U2FsdGVkX1/cdZ+HpSJNucml/8pXSYkFu0wE6+rSUzpbCmlRd8XsU0IZq/G7g89I HTTP/1.1" 200 35458
186.102.61.234 - - [28/Jun/2024:08:41:14 -0500] "GET /kwssiamovil/sm/cjson/pre?f=3&x=U2FsdGVkX1/cdZ+HpSJNucml/8pXSYkFu0wE6+rSUzpbCmlRd8XsU0IZq/G7g89I HTTP/1.1" 200 89923
186.102.61.234 - - [28/Jun/2024:08:41:15 -0500] "GET /kwssiamovil/sm/cjson/pre?f=5&x=U2FsdGVkX1/cdZ+HpSJNucml/8pXSYkFu0wE6+rSUzpbCmlRd8XsU0IZq/G7g89I HTTP/1.1" 200 91415
186.102.61.234 - - [28/Jun/2024:08:41:15 -0500] "GET /kwssiamovil/sm/cjson/pre?f=7&x=U2FsdGVkX1/cdZ+HpSJNucml/8pXSYkFu0wE6+rSUzpbCmlRd8XsU0IZq/G7g89I HTTP/1.1" 200 88604
201.245.192.253 - - [28/Jun/2024:08:41:21 -0500] "POST /forms/lservlet;jsessionid=ac16012b30d6716d42d0eef24d9cbe79d3fe11a80187.e3iSbxaKaheRe34OahmPbx4Oa3z0n6jAmljGr5XDqQLvpAe HTTP/1.1" 200 2
66.249.66.12 - - [28/Jun/2024:08:41:24 -0500] "GET /BLA/resoluciones/RESOLUCIONES%202009/3446.pdf HTTP/1.1" 200 346749
66.249.66.11 - - [28/Jun/2024:08:41:29 -0500] "GET /BLA/resoluciones/RESOLUCIONES%202002/RES%202002%20551-600/00000590.tif HTTP/1.1" 200 43896
66.249.66.11 - - [28/Jun/2024:08:41:36 -0500] "GET /portel_dama/libreria/php/2006/ECOSISTEMAS%20FINAL%20web_mz27/x%20restauracion/sitio/22_proye/xtras_in/2a.pdf HTTP/1.1" 404 1018
66.249.66.11 - - [28/Jun/2024:08:41:43 -0500] "GET /BLA/resoluciones/RESOLUCIONES%202002/RES%202002%201451-1500/20021489.tif HTTP/1.1" 200 63406
201.245.192.253 - - [28/Jun/2024:08:42:03 -0500] "GET /kwsrmcab/Wsrmcab?wsdl HTTP/1.1" 200 6948
201.245.192.253 - - [28/Jun/2024:08:42:06 -0500] "POST /kwsrmcab/Wsrmcab  HTTP/1.1" 200 213
201.245.192.253 - - [28/Jun/2024:08:42:10 -0500] "GET /sipse/faces/faces/index.xhtml HTTP/1.1" 404 1056
47.128.115.105 - - [28/Jun/2024:08:42:21 -0500] "GET /BLA/resoluciones/AUTOS%202021/0245.php?act=f&d=E%3A%5Cnuevo%5Chtdocs%5CBLA%5Cresoluciones%5CAUTOS+2021&f=1733.pdf&ft=download HTTP/1.1" 200 20135
47.128.114.78 - - [28/Jun/2024:08:42:36 -0500] "GET /BLA/resoluciones/AUTOS%202021/0245.php?act=f&d=E%3A%5Cnuevo%5Chtdocs%5CBLA%5Cresoluciones%5CAUTOS+2021&f=3786.pdf&ft=download HTTP/1.1" 200 417447
47.128.40.23 - - [28/Jun/2024:08:42:50 -0500] "GET /BLA/resoluciones/AUTOS%202021/0245.php?act=f&d=E%3A%5Cnuevo%5Chtdocs%5CBLA%5Cresoluciones%5CAUTOS+2021%5C&f=0306.pdf&ft=download HTTP/1.1" 200 360103
201.245.192.253 - - [28/Jun/2024:08:43:03 -0500] "GET /kwsrmcab/Wsrmcab?wsdl HTTP/1.1" 200 6948
47.128.125.47 - - [28/Jun/2024:08:43:06 -0500] "GET /BLA/resoluciones/AUTOS%202021/0245.php?act=f&d=E%3A%5Cnuevo%5Chtdocs%5Cvideos&f=VideoOABFLV.flv&ft=download HTTP/1.1" 200 1769119
47.128.25.173 - - [28/Jun/2024:08:43:20 -0500] "GET /BLA/resoluciones/AUTOS%202021/0245.php?act=f&d=E%3A%5Cnuevo%5Chtdocs%5CBLA%5Cresoluciones%5CAUTOS+2021&f=1847.pdf&ft=download HTTP/1.1" 200 433831
201.245.192.253 - - [28/Jun/2024:08:43:21 -0500] "POST /forms/lservlet;jsessionid=ac16012b30d6716d42d0eef24d9cbe79d3fe11a80187.e3iSbxaKaheRe34OahmPbx4Oa3z0n6jAmljGr5XDqQLvpAe HTTP/1.1" 200 2
47.128.121.157 - - [28/Jun/2024:08:43:36 -0500] "GET /robots.txt HTTP/1.1" 404 1018
47.128.97.152 - - [28/Jun/2024:08:43:53 -0500] "GET /BLA/resoluciones/AUTOS%202021/0245.php?act=f&d=E%3A%5Cnuevo%5Chtdocs%5Ccumbredelclima%5Cwp-admin%5C&f=post-new.php&ft=download HTTP/1.1" 200 2523
201.245.192.253 - - [28/Jun/2024:08:44:03 -0500] "GET /kwsrmcab/Wsrmcab?wsdl HTTP/1.1" 200 6948
172.22.2.4 - - [28/Jun/2024:08:42:32 -0500] "HEAD /BLA/boletinlegal/ HTTP/1.1" 200 -
216.244.66.195 - - [28/Jun/2024:08:44:16 -0500] "GET /BLA/resoluciones/AUTOS%202010/4537.pdf HTTP/1.1" 200 171539
66.249.66.11 - - [28/Jun/2024:08:44:18 -0500] "GET /BLA/resoluciones/AUTOS%202020/2664.pdf HTTP/1.1" 200 354610
47.128.121.181 - - [28/Jun/2024:08:44:16 -0500] "GET /BLA/resoluciones/AUTOS%202021/0245.php?act=f&d=E%3A%5Cnuevo%5Chtdocs%5CBLA%5Cresoluciones%5CRESOLUCIONES+2000%5C&f=2000+2150-2199.tif&ft=download&white=1 HTTP/1.1" 200 20124
66.249.66.11 - - [28/Jun/2024:08:44:23 -0500] "GET /BLA/resoluciones/RESOLUCIONES%202002/RES%202002%20401-450/00000438.tif HTTP/1.1" 200 79138
45.76.149.216 - - [28/Jun/2024:08:44:30 -0500] "GET /robots.txt HTTP/1.1" 404 1018
66.249.66.11 - - [28/Jun/2024:08:44:36 -0500] "GET /BLA/resoluciones/RESOLUCIONES%202008/3495.pdf HTTP/1.1" 200 253984
66.249.66.11 - - [28/Jun/2024:08:44:37 -0500] "GET /BLA/resoluciones/RESOLUCIONES%202002/RES%202002%201701-1750/20021730.tif HTTP/1.1" 200 115864
216.245.221.92 - - [28/Jun/2024:08:44:52 -0500] "HEAD / HTTP/1.1" 200 -
201.245.192.253 - - [28/Jun/2024:08:45:03 -0500] "GET /kwsrmcab/Wsrmcab?wsdl HTTP/1.1" 200 6948
172.22.2.4 - - [28/Jun/2024:08:43:23 -0500] "GET /BLA/boletinlegal/ HTTP/1.1" 200 54300
172.22.2.4 - - [28/Jun/2024:08:45:05 -0500] "GET /BLA/boletinlegal/Circulares/2022/CIRCULAR%20No.%2000009%20DEL%2010%20DE%20OCTUBRE%20DEL%202022.pdf HTTP/1.1" 304 -
201.245.192.253 - - [28/Jun/2024:08:45:21 -0500] "POST /forms/lservlet;jsessionid=ac16012b30d6716d42d0eef24d9cbe79d3fe11a80187.e3iSbxaKaheRe34OahmPbx4Oa3z0n6jAmljGr5XDqQLvpAe HTTP/1.1" 200 2
66.249.66.12 - - [28/Jun/2024:08:45:23 -0500] "GET /BLA/resoluciones/Notificaciones/AUTOS%202023/05418.pdf HTTP/1.1" 304 -
66.249.66.12 - - [28/Jun/2024:08:45:24 -0500] "GET /Publicaciones/2024EE135762.pdf HTTP/1.1" 304 -
66.249.66.12 - - [28/Jun/2024:08:45:24 -0500] "GET /BLA/resoluciones/AUTOS%202023/10326.pdf HTTP/1.1" 304 -
66.249.66.12 - - [28/Jun/2024:08:45:51 -0500] "GET /BLA/resoluciones/RESOLUCIONES%202002/RES%202002%201051-1100/00001095.tif HTTP/1.1" 200 184060
66.249.66.12 - - [28/Jun/2024:08:45:52 -0500] "GET /BLA/resoluciones/AUTOS%202007/3358.pdf HTTP/1.1" 200 116981
66.249.66.11 - - [28/Jun/2024:08:46:00 -0500] "GET /transparencia/directorioservidores/abril2015.pdf HTTP/1.1" 200 325020
201.245.192.253 - - [28/Jun/2024:08:46:03 -0500] "GET /kwsrmcab/Wsrmcab?wsdl HTTP/1.1" 200 6948
66.249.66.11 - - [28/Jun/2024:08:46:04 -0500] "GET /BLA/resoluciones/RESOLUCIONES%202002/RES%202002%20151-200/2002RES160.tif HTTP/1.1" 200 84538
216.244.66.195 - - [28/Jun/2024:08:46:12 -0500] "GET /BLA/resoluciones/RESOLUCIONES%201996/0081.pdf HTTP/1.1" 200 247205
172.22.2.4 - - [28/Jun/2024:08:46:17 -0500] "GET /BLA/boletinlegal/Circulares/2021/CIRCULAR%20No.%2000007%20DEL%2010%20DE%20AGOSTO%20DEL%202021.pdf HTTP/1.1" 304 -
66.249.66.12 - - [28/Jun/2024:08:46:18 -0500] "GET /BLA/resoluciones/RESOLUCIONES%202002/RES%202002%2051-100/2002RES98.tif HTTP/1.1" 200 116594
66.249.66.12 - - [28/Jun/2024:08:46:23 -0500] "GET /BLA/resoluciones/RESOLUCIONES%202010/6043.pdf HTTP/1.1" 200 677303
66.249.66.12 - - [28/Jun/2024:08:46:26 -0500] "GET /BLA/resoluciones/RESOLUCIONES%202009/4082.pdf HTTP/1.1" 200 521211
66.249.66.11 - - [28/Jun/2024:08:46:30 -0500] "GET /BLA/resoluciones/RESOLUCIONES%202009/0728.pdf HTTP/1.1" 200 335316
66.249.66.11 - - [28/Jun/2024:08:46:32 -0500] "GET /BLA/resoluciones/RESOLUCIONES%202002/RES%202002%201001-1050/2002RES1027.tif HTTP/1.1" 200 639306
216.244.66.195 - - [28/Jun/2024:08:46:43 -0500] "GET /BLA/resoluciones/RESOLUCIONES%201996/0345.pdf HTTP/1.1" 200 38476
66.249.66.11 - - [28/Jun/2024:08:46:45 -0500] "GET /BLA/resoluciones/RESOLUCIONES%202002/RES%202002%201201-1250/20021212.tif HTTP/1.1" 200 87706
66.249.66.12 - - [28/Jun/2024:08:46:59 -0500] "GET /BLA/resoluciones/RESOLUCIONES%202002/RES%202002%201701-1750/20021746.tif HTTP/1.1" 200 41594
201.245.192.253 - - [28/Jun/2024:08:47:03 -0500] "GET /kwsrmcab/Wsrmcab?wsdl HTTP/1.1" 200 6948
201.245.192.253 - - [28/Jun/2024:08:47:04 -0500] "POST /kwsrmcab/Wsrmcab  HTTP/1.1" 200 213
216.244.66.195 - - [28/Jun/2024:08:47:12 -0500] "GET /BLA/resoluciones/RESOLUCIONES%201997/0170.pdf HTTP/1.1" 200 167809
66.249.66.11 - - [28/Jun/2024:08:47:14 -0500] "GET /BLA/resoluciones/RESOLUCIONES%202021/2859.pdf HTTP/1.1" 200 348648
66.249.66.11 - - [28/Jun/2024:08:47:18 -0500] "GET /BLA/resoluciones/RESOLUCIONES%202002/RES%202002%20501-550/00000510.tif HTTP/1.1" 200 71070
201.245.192.253 - - [28/Jun/2024:08:47:21 -0500] "POST /forms/lservlet;jsessionid=ac16012b30d6716d42d0eef24d9cbe79d3fe11a80187.e3iSbxaKaheRe34OahmPbx4Oa3z0n6jAmljGr5XDqQLvpAe HTTP/1.1" 200 2
66.249.66.11 - - [28/Jun/2024:08:47:24 -0500] "GET /BLA/resoluciones/AUTOS%202020/1227.pdf HTTP/1.1" 200 1631473
216.244.66.195 - - [28/Jun/2024:08:47:40 -0500] "GET /BLA/resoluciones/RESOLUCIONES%202017/0883.pdf HTTP/1.1" 200 311162
66.249.66.12 - - [28/Jun/2024:08:47:40 -0500] "GET /BLA/resoluciones/RESOLUCIONES%202002/RES%202002%201201-1250/20021201.tif HTTP/1.1" 200 130282
66.249.66.12 - - [28/Jun/2024:08:47:58 -0500] "GET /BLA/resoluciones/RESOLUCIONES%202021/0284.pdf HTTP/1.1" 200 517444
201.245.192.253 - - [28/Jun/2024:08:48:03 -0500] "GET /kwsrmcab/Wsrmcab?wsdl HTTP/1.1" 200 6948
216.244.66.195 - - [28/Jun/2024:08:48:07 -0500] "GET /BLA/resoluciones/RESOLUCIONES%202017/2051.pdf HTTP/1.1" 200 273837
66.249.66.12 - - [28/Jun/2024:08:48:08 -0500] "GET /BLA/resoluciones/RESOLUCIONES%202002/RES%202002%201001-1050/2002RES1005.tif HTTP/1.1" 200 309638
201.245.192.253 - - [28/Jun/2024:08:48:24 -0500] "POST /forms/lservlet;jsessionid=ac16012b30d6716d42d0eef24d9cbe79d3fe11a80187.e3iSbxaKaheRe34OahmPbx4Oa3z0n6jAmljGr5XDqQLvpAe HTTP/1.1" 200 440
201.245.192.253 - - [28/Jun/2024:08:48:24 -0500] "POST /forms/lservlet;jsessionid=ac16012b30d6716d42d0eef24d9cbe79d3fe11a80187.e3iSbxaKaheRe34OahmPbx4Oa3z0n6jAmljGr5XDqQLvpAe HTTP/1.1" 200 1420
201.245.192.253 - - [28/Jun/2024:08:48:24 -0500] "POST /forms/lservlet;jsessionid=ac16012b30d6716d42d0eef24d9cbe79d3fe11a80187.e3iSbxaKaheRe34OahmPbx4Oa3z0n6jAmljGr5XDqQLvpAe HTTP/1.1" 200 122
201.245.192.253 - - [28/Jun/2024:08:48:24 -0500] "POST /forms/lservlet;jsessionid=ac16012b30d6716d42d0eef24d9cbe79d3fe11a80187.e3iSbxaKaheRe34OahmPbx4Oa3z0n6jAmljGr5XDqQLvpAe HTTP/1.1" 200 2
201.245.192.253 - - [28/Jun/2024:08:48:26 -0500] "POST /forms/lservlet;jsessionid=ac16012b30d6716d42d0eef24d9cbe79d3fe11a80187.e3iSbxaKaheRe34OahmPbx4Oa3z0n6jAmljGr5XDqQLvpAe HTTP/1.1" 200 910
201.245.192.253 - - [28/Jun/2024:08:48:27 -0500] "POST /forms/lservlet;jsessionid=ac16012b30d6716d42d0eef24d9cbe79d3fe11a80187.e3iSbxaKaheRe34OahmPbx4Oa3z0n6jAmljGr5XDqQLvpAe HTTP/1.1" 200 13
207.46.13.102 - - [28/Jun/2024:08:48:28 -0500] "GET /BLA/resoluciones/RESOLUCIONES%202008/3894.pdf HTTP/1.1" 200 730597
172.22.2.4 - - [28/Jun/2024:08:48:28 -0500] "GET /BLA/boletinlegal/robots.txt HTTP/1.1" 404 1038
201.245.192.253 - - [28/Jun/2024:08:48:29 -0500] "POST /forms/lservlet;jsessionid=ac16012b30d6716d42d0eef24d9cbe79d3fe11a80187.e3iSbxaKaheRe34OahmPbx4Oa3z0n6jAmljGr5XDqQLvpAe HTTP/1.1" 200 1778
216.244.66.195 - - [28/Jun/2024:08:48:34 -0500] "GET /BLA/resoluciones/RESOLUCIONES%202019/0544.pdf HTTP/1.1" 200 244819
66.249.66.12 - - [28/Jun/2024:08:48:35 -0500] "GET /BLA/resoluciones/RESOLUCIONES%202002/RES%202002%201301-1350/20021308.tif HTTP/1.1" 200 112890
66.249.66.12 - - [28/Jun/2024:08:48:52 -0500] "GET /BLA/resoluciones/RESOLUCIONES%202010/1710.pdf HTTP/1.1" 200 413304
216.244.66.195 - - [28/Jun/2024:08:48:59 -0500] "GET /BLA/resoluciones/RESOLUCIONES%202019/1038.pdf HTTP/1.1" 200 324280
201.245.192.253 - - [28/Jun/2024:08:49:03 -0500] "GET /kwsrmcab/Wsrmcab?wsdl HTTP/1.1" 200 6948
201.245.192.253 - - [28/Jun/2024:08:49:21 -0500] "POST /forms/lservlet;jsessionid=ac16012b30d6716d42d0eef24d9cbe79d3fe11a80187.e3iSbxaKaheRe34OahmPbx4Oa3z0n6jAmljGr5XDqQLvpAe HTTP/1.1" 200 2
66.249.66.12 - - [28/Jun/2024:08:49:21 -0500] "GET /resoluciones/RESOLUCIONES%202008/2955.pdf HTTP/1.1" 404 1018
216.244.66.195 - - [28/Jun/2024:08:49:23 -0500] "GET /BLA/resoluciones/RESOLUCIONES%202019/2264.pdf HTTP/1.1" 200 249521
66.249.66.11 - - [28/Jun/2024:08:49:25 -0500] "GET /BLA/resoluciones/Notificaciones/RESOLUCIONES%202022/3586.pdf HTTP/1.1" 304 -
216.244.66.195 - - [28/Jun/2024:08:49:47 -0500] "GET /BLA/resoluciones/RESOLUCIONES%202019/2541.pdf HTTP/1.1" 200 493273
216.245.221.92 - - [28/Jun/2024:08:49:52 -0500] "HEAD / HTTP/1.1" 200 -
172.22.2.4 - - [28/Jun/2024:08:48:22 -0500] "HEAD /BLA/boletinlegal/ HTTP/1.1" 200 -
66.249.66.11 - - [28/Jun/2024:08:50:03 -0500] "GET /BLA/resoluciones/RESOLUCIONES%202002/RES%202002%201051-1100/00001094.tif HTTP/1.1" 200 109152
201.245.192.253 - - [28/Jun/2024:08:50:03 -0500] "GET /kwsrmcab/Wsrmcab?wsdl HTTP/1.1" 200 6948
201.245.192.253 - - [28/Jun/2024:08:50:07 -0500] "POST /forms/lservlet;jsessionid=ac16012b30d6716d42d0eef24d9cbe79d3fe11a80187.e3iSbxaKaheRe34OahmPbx4Oa3z0n6jAmljGr5XDqQLvpAe HTTP/1.1" 200 944
201.245.192.253 - - [28/Jun/2024:08:50:08 -0500] "POST /forms/lservlet;jsessionid=ac16012b30d6716d42d0eef24d9cbe79d3fe11a80187.e3iSbxaKaheRe34OahmPbx4Oa3z0n6jAmljGr5XDqQLvpAe HTTP/1.1" 200 2054
201.245.192.253 - - [28/Jun/2024:08:50:08 -0500] "POST /forms/lservlet;jsessionid=ac16012b30d6716d42d0eef24d9cbe79d3fe11a80187.e3iSbxaKaheRe34OahmPbx4Oa3z0n6jAmljGr5XDqQLvpAe HTTP/1.1" 200 1318
201.245.192.253 - - [28/Jun/2024:08:50:09 -0500] "POST /forms/lservlet;jsessionid=ac16012b30d6716d42d0eef24d9cbe79d3fe11a80187.e3iSbxaKaheRe34OahmPbx4Oa3z0n6jAmljGr5XDqQLvpAe HTTP/1.1" 200 979
201.245.192.253 - - [28/Jun/2024:08:50:09 -0500] "POST /forms/lservlet;jsessionid=ac16012b30d6716d42d0eef24d9cbe79d3fe11a80187.e3iSbxaKaheRe34OahmPbx4Oa3z0n6jAmljGr5XDqQLvpAe HTTP/1.1" 200 980
201.245.192.253 - - [28/Jun/2024:08:50:09 -0500] "POST /forms/lservlet;jsessionid=ac16012b30d6716d42d0eef24d9cbe79d3fe11a80187.e3iSbxaKaheRe34OahmPbx4Oa3z0n6jAmljGr5XDqQLvpAe HTTP/1.1" 200 757
201.245.192.253 - - [28/Jun/2024:08:50:09 -0500] "POST /forms/lservlet;jsessionid=ac16012b30d6716d42d0eef24d9cbe79d3fe11a80187.e3iSbxaKaheRe34OahmPbx4Oa3z0n6jAmljGr5XDqQLvpAe HTTP/1.1" 200 641
201.245.192.253 - - [28/Jun/2024:08:50:09 -0500] "POST /forms/lservlet;jsessionid=ac16012b30d6716d42d0eef24d9cbe79d3fe11a80187.e3iSbxaKaheRe34OahmPbx4Oa3z0n6jAmljGr5XDqQLvpAe HTTP/1.1" 200 639
201.245.192.253 - - [28/Jun/2024:08:50:09 -0500] "POST /forms/lservlet;jsessionid=ac16012b30d6716d42d0eef24d9cbe79d3fe11a80187.e3iSbxaKaheRe34OahmPbx4Oa3z0n6jAmljGr5XDqQLvpAe HTTP/1.1" 200 664
201.245.192.253 - - [28/Jun/2024:08:50:10 -0500] "POST /forms/lservlet;jsessionid=ac16012b30d6716d42d0eef24d9cbe79d3fe11a80187.e3iSbxaKaheRe34OahmPbx4Oa3z0n6jAmljGr5XDqQLvpAe HTTP/1.1" 200 645
201.245.192.253 - - [28/Jun/2024:08:50:10 -0500] "POST /forms/lservlet;jsessionid=ac16012b30d6716d42d0eef24d9cbe79d3fe11a80187.e3iSbxaKaheRe34OahmPbx4Oa3z0n6jAmljGr5XDqQLvpAe HTTP/1.1" 200 727
201.245.192.253 - - [28/Jun/2024:08:50:10 -0500] "POST /forms/lservlet;jsessionid=ac16012b30d6716d42d0eef24d9cbe79d3fe11a80187.e3iSbxaKaheRe34OahmPbx4Oa3z0n6jAmljGr5XDqQLvpAe HTTP/1.1" 200 1223
201.245.192.253 - - [28/Jun/2024:08:50:10 -0500] "POST /forms/lservlet;jsessionid=ac16012b30d6716d42d0eef24d9cbe79d3fe11a80187.e3iSbxaKaheRe34OahmPbx4Oa3z0n6jAmljGr5XDqQLvpAe HTTP/1.1" 200 713
172.22.2.4 - - [28/Jun/2024:08:48:30 -0500] "GET /BLA/boletinlegal/ HTTP/1.1" 200 48027
201.245.192.253 - - [28/Jun/2024:08:50:10 -0500] "POST /forms/lservlet;jsessionid=ac16012b30d6716d42d0eef24d9cbe79d3fe11a80187.e3iSbxaKaheRe34OahmPbx4Oa3z0n6jAmljGr5XDqQLvpAe HTTP/1.1" 200 920
201.245.192.253 - - [28/Jun/2024:08:50:10 -0500] "POST /forms/lservlet;jsessionid=ac16012b30d6716d42d0eef24d9cbe79d3fe11a80187.e3iSbxaKaheRe34OahmPbx4Oa3z0n6jAmljGr5XDqQLvpAe HTTP/1.1" 200 1065
201.245.192.253 - - [28/Jun/2024:08:50:11 -0500] "POST /forms/lservlet;jsessionid=ac16012b30d6716d42d0eef24d9cbe79d3fe11a80187.e3iSbxaKaheRe34OahmPbx4Oa3z0n6jAmljGr5XDqQLvpAe HTTP/1.1" 200 725
201.245.192.253 - - [28/Jun/2024:08:50:11 -0500] "POST /forms/lservlet;jsessionid=ac16012b30d6716d42d0eef24d9cbe79d3fe11a80187.e3iSbxaKaheRe34OahmPbx4Oa3z0n6jAmljGr5XDqQLvpAe HTTP/1.1" 200 761
201.245.192.253 - - [28/Jun/2024:08:50:11 -0500] "POST /forms/lservlet;jsessionid=ac16012b30d6716d42d0eef24d9cbe79d3fe11a80187.e3iSbxaKaheRe34OahmPbx4Oa3z0n6jAmljGr5XDqQLvpAe HTTP/1.1" 200 890
201.245.192.253 - - [28/Jun/2024:08:50:11 -0500] "POST /forms/lservlet;jsessionid=ac16012b30d6716d42d0eef24d9cbe79d3fe11a80187.e3iSbxaKaheRe34OahmPbx4Oa3z0n6jAmljGr5XDqQLvpAe HTTP/1.1" 200 738
201.245.192.253 - - [28/Jun/2024:08:50:11 -0500] "POST /forms/lservlet;jsessionid=ac16012b30d6716d42d0eef24d9cbe79d3fe11a80187.e3iSbxaKaheRe34OahmPbx4Oa3z0n6jAmljGr5XDqQLvpAe HTTP/1.1" 200 1239
201.245.192.253 - - [28/Jun/2024:08:50:11 -0500] "POST /forms/lservlet;jsessionid=ac16012b30d6716d42d0eef24d9cbe79d3fe11a80187.e3iSbxaKaheRe34OahmPbx4Oa3z0n6jAmljGr5XDqQLvpAe HTTP/1.1" 200 792
201.245.192.253 - - [28/Jun/2024:08:50:12 -0500] "POST /forms/lservlet;jsessionid=ac16012b30d6716d42d0eef24d9cbe79d3fe11a80187.e3iSbxaKaheRe34OahmPbx4Oa3z0n6jAmljGr5XDqQLvpAe HTTP/1.1" 200 681
201.245.192.253 - - [28/Jun/2024:08:50:12 -0500] "POST /forms/lservlet;jsessionid=ac16012b30d6716d42d0eef24d9cbe79d3fe11a80187.e3iSbxaKaheRe34OahmPbx4Oa3z0n6jAmljGr5XDqQLvpAe HTTP/1.1" 200 1038
201.245.192.253 - - [28/Jun/2024:08:50:12 -0500] "POST /forms/lservlet;jsessionid=ac16012b30d6716d42d0eef24d9cbe79d3fe11a80187.e3iSbxaKaheRe34OahmPbx4Oa3z0n6jAmljGr5XDqQLvpAe HTTP/1.1" 200 833
201.245.192.253 - - [28/Jun/2024:08:50:12 -0500] "POST /forms/lservlet;jsessionid=ac16012b30d6716d42d0eef24d9cbe79d3fe11a80187.e3iSbxaKaheRe34OahmPbx4Oa3z0n6jAmljGr5XDqQLvpAe HTTP/1.1" 200 1119
216.244.66.195 - - [28/Jun/2024:08:50:12 -0500] "GET /BLA/resoluciones/RESOLUCIONES%202019/2877.pdf HTTP/1.1" 200 304917
201.245.192.253 - - [28/Jun/2024:08:50:12 -0500] "POST /forms/lservlet;jsessionid=ac16012b30d6716d42d0eef24d9cbe79d3fe11a80187.e3iSbxaKaheRe34OahmPbx4Oa3z0n6jAmljGr5XDqQLvpAe HTTP/1.1" 200 1225
201.245.192.253 - - [28/Jun/2024:08:50:12 -0500] "POST /forms/lservlet;jsessionid=ac16012b30d6716d42d0eef24d9cbe79d3fe11a80187.e3iSbxaKaheRe34OahmPbx4Oa3z0n6jAmljGr5XDqQLvpAe HTTP/1.1" 200 1128
201.245.192.253 - - [28/Jun/2024:08:50:13 -0500] "POST /forms/lservlet;jsessionid=ac16012b30d6716d42d0eef24d9cbe79d3fe11a80187.e3iSbxaKaheRe34OahmPbx4Oa3z0n6jAmljGr5XDqQLvpAe HTTP/1.1" 200 873
201.245.192.253 - - [28/Jun/2024:08:50:13 -0500] "POST /forms/lservlet;jsessionid=ac16012b30d6716d42d0eef24d9cbe79d3fe11a80187.e3iSbxaKaheRe34OahmPbx4Oa3z0n6jAmljGr5XDqQLvpAe HTTP/1.1" 200 1020
201.245.192.253 - - [28/Jun/2024:08:50:13 -0500] "POST /forms/lservlet;jsessionid=ac16012b30d6716d42d0eef24d9cbe79d3fe11a80187.e3iSbxaKaheRe34OahmPbx4Oa3z0n6jAmljGr5XDqQLvpAe HTTP/1.1" 200 564
201.245.192.253 - - [28/Jun/2024:08:50:13 -0500] "POST /forms/lservlet;jsessionid=ac16012b30d6716d42d0eef24d9cbe79d3fe11a80187.e3iSbxaKaheRe34OahmPbx4Oa3z0n6jAmljGr5XDqQLvpAe HTTP/1.1" 200 597
201.245.192.253 - - [28/Jun/2024:08:50:13 -0500] "POST /forms/lservlet;jsessionid=ac16012b30d6716d42d0eef24d9cbe79d3fe11a80187.e3iSbxaKaheRe34OahmPbx4Oa3z0n6jAmljGr5XDqQLvpAe HTTP/1.1" 200 593
201.245.192.253 - - [28/Jun/2024:08:50:13 -0500] "POST /forms/lservlet;jsessionid=ac16012b30d6716d42d0eef24d9cbe79d3fe11a80187.e3iSbxaKaheRe34OahmPbx4Oa3z0n6jAmljGr5XDqQLvpAe HTTP/1.1" 200 1321
201.245.192.253 - - [28/Jun/2024:08:50:14 -0500] "POST /forms/lservlet;jsessionid=ac16012b30d6716d42d0eef24d9cbe79d3fe11a80187.e3iSbxaKaheRe34OahmPbx4Oa3z0n6jAmljGr5XDqQLvpAe HTTP/1.1" 200 936
201.245.192.253 - - [28/Jun/2024:08:50:14 -0500] "POST /forms/lservlet;jsessionid=ac16012b30d6716d42d0eef24d9cbe79d3fe11a80187.e3iSbxaKaheRe34OahmPbx4Oa3z0n6jAmljGr5XDqQLvpAe HTTP/1.1" 200 698
66.249.66.13 - - [28/Jun/2024:08:50:17 -0500] "GET /BLA/resoluciones/RESOLUCIONES%202002/RES%202002%201501-1550/20021534.tif HTTP/1.1" 200 63544
201.245.192.253 - - [28/Jun/2024:08:50:23 -0500] "POST /forms/lservlet;jsessionid=ac16012b30d6716d42d0eef24d9cbe79d3fe11a80187.e3iSbxaKaheRe34OahmPbx4Oa3z0n6jAmljGr5XDqQLvpAe HTTP/1.1" 200 671
201.245.192.253 - - [28/Jun/2024:08:50:23 -0500] "POST /forms/lservlet;jsessionid=ac16012b30d6716d42d0eef24d9cbe79d3fe11a80187.e3iSbxaKaheRe34OahmPbx4Oa3z0n6jAmljGr5XDqQLvpAe HTTP/1.1" 200 693
66.249.66.11 - - [28/Jun/2024:08:50:24 -0500] "GET /BLA/resoluciones/RESOLUCIONES%202008/1547.pdf HTTP/1.1" 200 240912
66.249.66.11 - - [28/Jun/2024:08:50:30 -0500] "GET /BLA/resoluciones/RESOLUCIONES%202002/RES%202002%20401-450/00000424.tif HTTP/1.1" 200 58502
201.245.192.253 - - [28/Jun/2024:08:50:30 -0500] "POST /forms/lservlet;jsessionid=ac16012b30d6716d42d0eef24d9cbe79d3fe11a80187.e3iSbxaKaheRe34OahmPbx4Oa3z0n6jAmljGr5XDqQLvpAe HTTP/1.1" 200 671
201.245.192.253 - - [28/Jun/2024:08:50:31 -0500] "POST /forms/lservlet;jsessionid=ac16012b30d6716d42d0eef24d9cbe79d3fe11a80187.e3iSbxaKaheRe34OahmPbx4Oa3z0n6jAmljGr5XDqQLvpAe HTTP/1.1" 200 1128
201.245.192.253 - - [28/Jun/2024:08:50:31 -0500] "POST /forms/lservlet;jsessionid=ac16012b30d6716d42d0eef24d9cbe79d3fe11a80187.e3iSbxaKaheRe34OahmPbx4Oa3z0n6jAmljGr5XDqQLvpAe HTTP/1.1" 200 873
201.245.192.253 - - [28/Jun/2024:08:50:31 -0500] "POST /forms/lservlet;jsessionid=ac16012b30d6716d42d0eef24d9cbe79d3fe11a80187.e3iSbxaKaheRe34OahmPbx4Oa3z0n6jAmljGr5XDqQLvpAe HTTP/1.1" 200 1069
201.245.192.253 - - [28/Jun/2024:08:50:31 -0500] "POST /forms/lservlet;jsessionid=ac16012b30d6716d42d0eef24d9cbe79d3fe11a80187.e3iSbxaKaheRe34OahmPbx4Oa3z0n6jAmljGr5XDqQLvpAe HTTP/1.1" 200 914
201.245.192.253 - - [28/Jun/2024:08:50:32 -0500] "POST /forms/lservlet;jsessionid=ac16012b30d6716d42d0eef24d9cbe79d3fe11a80187.e3iSbxaKaheRe34OahmPbx4Oa3z0n6jAmljGr5XDqQLvpAe HTTP/1.1" 200 789
201.245.192.253 - - [28/Jun/2024:08:50:32 -0500] "POST /forms/lservlet;jsessionid=ac16012b30d6716d42d0eef24d9cbe79d3fe11a80187.e3iSbxaKaheRe34OahmPbx4Oa3z0n6jAmljGr5XDqQLvpAe HTTP/1.1" 200 975
201.245.192.253 - - [28/Jun/2024:08:50:32 -0500] "POST /forms/lservlet;jsessionid=ac16012b30d6716d42d0eef24d9cbe79d3fe11a80187.e3iSbxaKaheRe34OahmPbx4Oa3z0n6jAmljGr5XDqQLvpAe HTTP/1.1" 200 903
201.245.192.253 - - [28/Jun/2024:08:50:32 -0500] "POST /forms/lservlet;jsessionid=ac16012b30d6716d42d0eef24d9cbe79d3fe11a80187.e3iSbxaKaheRe34OahmPbx4Oa3z0n6jAmljGr5XDqQLvpAe HTTP/1.1" 200 1234
201.245.192.253 - - [28/Jun/2024:08:50:33 -0500] "POST /forms/lservlet;jsessionid=ac16012b30d6716d42d0eef24d9cbe79d3fe11a80187.e3iSbxaKaheRe34OahmPbx4Oa3z0n6jAmljGr5XDqQLvpAe HTTP/1.1" 200 855
201.245.192.253 - - [28/Jun/2024:08:50:33 -0500] "POST /forms/lservlet;jsessionid=ac16012b30d6716d42d0eef24d9cbe79d3fe11a80187.e3iSbxaKaheRe34OahmPbx4Oa3z0n6jAmljGr5XDqQLvpAe HTTP/1.1" 200 1166
201.245.192.253 - - [28/Jun/2024:08:50:33 -0500] "POST /forms/lservlet;jsessionid=ac16012b30d6716d42d0eef24d9cbe79d3fe11a80187.e3iSbxaKaheRe34OahmPbx4Oa3z0n6jAmljGr5XDqQLvpAe HTTP/1.1" 200 1303
201.245.192.253 - - [28/Jun/2024:08:50:33 -0500] "POST /forms/lservlet;jsessionid=ac16012b30d6716d42d0eef24d9cbe79d3fe11a80187.e3iSbxaKaheRe34OahmPbx4Oa3z0n6jAmljGr5XDqQLvpAe HTTP/1.1" 200 847
201.245.192.253 - - [28/Jun/2024:08:50:33 -0500] "POST /forms/lservlet;jsessionid=ac16012b30d6716d42d0eef24d9cbe79d3fe11a80187.e3iSbxaKaheRe34OahmPbx4Oa3z0n6jAmljGr5XDqQLvpAe HTTP/1.1" 200 918
216.244.66.195 - - [28/Jun/2024:08:50:34 -0500] "GET /BLA/resoluciones/RESOLUCIONES%202019/3342.pdf HTTP/1.1" 200 479793
201.245.192.253 - - [28/Jun/2024:08:50:34 -0500] "POST /forms/lservlet;jsessionid=ac16012b30d6716d42d0eef24d9cbe79d3fe11a80187.e3iSbxaKaheRe34OahmPbx4Oa3z0n6jAmljGr5XDqQLvpAe HTTP/1.1" 200 695
66.249.66.11 - - [28/Jun/2024:08:50:35 -0500] "GET /BLA/resoluciones/RESOLUCIONES%202002/RES%202002%201051-1100/00001099.tif HTTP/1.1" 200 78764
201.245.192.253 - - [28/Jun/2024:08:50:43 -0500] "POST /forms/lservlet;jsessionid=ac16012b30d6716d42d0eef24d9cbe79d3fe11a80187.e3iSbxaKaheRe34OahmPbx4Oa3z0n6jAmljGr5XDqQLvpAe HTTP/1.1" 200 701
201.245.192.253 - - [28/Jun/2024:08:50:44 -0500] "POST /forms/lservlet;jsessionid=ac16012b30d6716d42d0eef24d9cbe79d3fe11a80187.e3iSbxaKaheRe34OahmPbx4Oa3z0n6jAmljGr5XDqQLvpAe HTTP/1.1" 200 695
201.245.192.253 - - [28/Jun/2024:08:50:44 -0500] "POST /forms/lservlet;jsessionid=ac16012b30d6716d42d0eef24d9cbe79d3fe11a80187.e3iSbxaKaheRe34OahmPbx4Oa3z0n6jAmljGr5XDqQLvpAe HTTP/1.1" 200 701
201.245.192.253 - - [28/Jun/2024:08:50:45 -0500] "POST /forms/lservlet;jsessionid=ac16012b30d6716d42d0eef24d9cbe79d3fe11a80187.e3iSbxaKaheRe34OahmPbx4Oa3z0n6jAmljGr5XDqQLvpAe HTTP/1.1" 200 695
201.245.192.253 - - [28/Jun/2024:08:50:45 -0500] "POST /forms/lservlet;jsessionid=ac16012b30d6716d42d0eef24d9cbe79d3fe11a80187.e3iSbxaKaheRe34OahmPbx4Oa3z0n6jAmljGr5XDqQLvpAe HTTP/1.1" 200 928
201.245.192.253 - - [28/Jun/2024:08:50:46 -0500] "POST /forms/lservlet;jsessionid=ac16012b30d6716d42d0eef24d9cbe79d3fe11a80187.e3iSbxaKaheRe34OahmPbx4Oa3z0n6jAmljGr5XDqQLvpAe HTTP/1.1" 200 698
201.245.192.253 - - [28/Jun/2024:08:50:46 -0500] "POST /forms/lservlet;jsessionid=ac16012b30d6716d42d0eef24d9cbe79d3fe11a80187.e3iSbxaKaheRe34OahmPbx4Oa3z0n6jAmljGr5XDqQLvpAe HTTP/1.1" 200 701
201.245.192.253 - - [28/Jun/2024:08:50:49 -0500] "POST /forms/lservlet;jsessionid=ac16012b30d6716d42d0eef24d9cbe79d3fe11a80187.e3iSbxaKaheRe34OahmPbx4Oa3z0n6jAmljGr5XDqQLvpAe HTTP/1.1" 200 695
172.22.2.4 - - [28/Jun/2024:08:49:13 -0500] "GET /BLA/boletinlegal/ HTTP/1.1" 200 49794
201.245.192.253 - - [28/Jun/2024:08:50:53 -0500] "POST /forms/lservlet;jsessionid=ac16012b30d6716d42d0eef24d9cbe79d3fe11a80187.e3iSbxaKaheRe34OahmPbx4Oa3z0n6jAmljGr5XDqQLvpAe HTTP/1.1" 200 701
216.244.66.195 - - [28/Jun/2024:08:50:54 -0500] "GET /BLA/resoluciones/RESOLUCIONES%202019/3386.pdf HTTP/1.1" 200 365275
201.245.192.253 - - [28/Jun/2024:08:50:55 -0500] "POST /forms/lservlet;jsessionid=ac16012b30d6716d42d0eef24d9cbe79d3fe11a80187.e3iSbxaKaheRe34OahmPbx4Oa3z0n6jAmljGr5XDqQLvpAe HTTP/1.1" 200 1030
201.245.192.253 - - [28/Jun/2024:08:50:55 -0500] "POST /forms/lservlet;jsessionid=ac16012b30d6716d42d0eef24d9cbe79d3fe11a80187.e3iSbxaKaheRe34OahmPbx4Oa3z0n6jAmljGr5XDqQLvpAe HTTP/1.1" 200 714
201.245.192.253 - - [28/Jun/2024:08:50:56 -0500] "POST /forms/lservlet;jsessionid=ac16012b30d6716d42d0eef24d9cbe79d3fe11a80187.e3iSbxaKaheRe34OahmPbx4Oa3z0n6jAmljGr5XDqQLvpAe HTTP/1.1" 200 1142
201.245.192.253 - - [28/Jun/2024:08:50:56 -0500] "POST /forms/lservlet;jsessionid=ac16012b30d6716d42d0eef24d9cbe79d3fe11a80187.e3iSbxaKaheRe34OahmPbx4Oa3z0n6jAmljGr5XDqQLvpAe HTTP/1.1" 200 979
201.245.192.253 - - [28/Jun/2024:08:50:57 -0500] "POST /forms/lservlet;jsessionid=ac16012b30d6716d42d0eef24d9cbe79d3fe11a80187.e3iSbxaKaheRe34OahmPbx4Oa3z0n6jAmljGr5XDqQLvpAe HTTP/1.1" 200 1242
201.245.192.253 - - [28/Jun/2024:08:50:57 -0500] "POST /forms/lservlet;jsessionid=ac16012b30d6716d42d0eef24d9cbe79d3fe11a80187.e3iSbxaKaheRe34OahmPbx4Oa3z0n6jAmljGr5XDqQLvpAe HTTP/1.1" 200 1348
201.245.192.253 - - [28/Jun/2024:08:50:57 -0500] "POST /forms/lservlet;jsessionid=ac16012b30d6716d42d0eef24d9cbe79d3fe11a80187.e3iSbxaKaheRe34OahmPbx4Oa3z0n6jAmljGr5XDqQLvpAe HTTP/1.1" 200 748
