216.244.66.195 - - [28/Jun/2024:10:48:19 -0500] "GET /BLA/resoluciones/AUTOS%202016/1154.pdf HTTP/1.1" 200 338442
201.245.192.253 - - [28/Jun/2024:10:49:03 -0500] "GET /kwsrmcab/Wsrmcab?wsdl HTTP/1.1" 200 6948
216.244.66.195 - - [28/Jun/2024:10:49:05 -0500] "GET /BLA/resoluciones/AUTOS%202016/1583.pdf HTTP/1.1" 200 334811
201.245.192.253 - - [28/Jun/2024:10:49:22 -0500] "POST /forms/lservlet;jsessionid=ac16012b30d6716d42d0eef24d9cbe79d3fe11a80187.e3iSbxaKaheRe34OahmPbx4Oa3z0n6jAmljGr5XDqQLvpAe HTTP/1.1" 200 2
216.244.66.195 - - [28/Jun/2024:10:49:47 -0500] "GET /BLA/resoluciones/AUTOS%202016/2119.pdf HTTP/1.1" 200 549415
201.245.192.253 - - [28/Jun/2024:10:49:50 -0500] "GET /sipse/faces/faces/index.xhtml HTTP/1.1" 404 1056
216.245.221.92 - - [28/Jun/2024:10:49:52 -0500] "HEAD / HTTP/1.1" 200 -
66.249.66.12 - - [28/Jun/2024:10:49:54 -0500] "GET /BLA/resoluciones/RESOLUCIONES%202002/RES%202002%201051-1100/00001097.tif HTTP/1.1" 200 44356
201.245.192.253 - - [28/Jun/2024:10:50:03 -0500] "GET /kwsrmcab/Wsrmcab?wsdl HTTP/1.1" 200 6948
66.249.66.11 - - [28/Jun/2024:10:50:13 -0500] "GET /BLA/resoluciones/RESOLUCIONES%202002/RES%202002%201301-1350/20021319.tif HTTP/1.1" 200 97946
201.245.192.253 - - [28/Jun/2024:10:50:23 -0500] "POST /sipsepre/faces/presentacion/financiero/solicitudProceso/consultar.xhtml HTTP/1.1" 200 12686
201.245.192.253 - - [28/Jun/2024:10:50:26 -0500] "POST /sipsepre/faces/presentacion/financiero/solicitudProceso/consultar.xhtml HTTP/1.1" 200 128132
201.245.192.253 - - [28/Jun/2024:10:50:27 -0500] "GET /sipsepre/faces/javax.faces.resource/jquery/jquery.js?ln=primefaces&v=4.0 HTTP/1.1" 304 -
201.245.192.253 - - [28/Jun/2024:10:50:27 -0500] "GET /sipsepre/faces/javax.faces.resource/jquery/jquery-plugins.js?ln=primefaces&v=4.0 HTTP/1.1" 304 -
201.245.192.253 - - [28/Jun/2024:10:50:27 -0500] "GET /sipsepre/faces/javax.faces.resource/primefaces.js?ln=primefaces&v=4.0 HTTP/1.1" 304 -
201.245.192.253 - - [28/Jun/2024:10:50:27 -0500] "GET /sipsepre/faces/javax.faces.resource/layout/layout.js?ln=primefaces&v=4.0 HTTP/1.1" 304 -
201.245.192.253 - - [28/Jun/2024:10:50:27 -0500] "GET /reportes_sipsepre/sdg/ServletReporte?reporte=solicitud_cdp&Solicitud=14433&pfdrid_c=false HTTP/1.1" 200 91178
66.249.66.11 - - [28/Jun/2024:10:50:31 -0500] "GET /BLA/resoluciones/RESOLUCIONES%202002/RES%202002%20151-200/2002RES188.tif HTTP/1.1" 200 72784
201.245.192.253 - - [28/Jun/2024:10:50:38 -0500] "POST /sipsepre/faces/presentacion/financiero/solicitudProceso/consultarSolicitudProceso.xhtml HTTP/1.1" 200 78770
216.244.66.195 - - [28/Jun/2024:10:50:40 -0500] "GET /BLA/resoluciones/AUTOS%202016/2696.pdf HTTP/1.1" 200 1078534
172.22.2.4 - - [28/Jun/2024:10:50:49 -0500] "GET /BLA/boletinlegal/conceptos/2013/147.pdf HTTP/1.1" 200 609932
66.249.66.11 - - [28/Jun/2024:10:50:50 -0500] "GET /BLA/resoluciones/RESOLUCIONES%202002/RES%202002%201301-1350/20021316.tif HTTP/1.1" 200 66138
172.22.2.4 - - [28/Jun/2024:10:50:50 -0500] "GET /BLA/boletinlegal/favicon.ico HTTP/1.1" 404 1140
201.245.192.253 - - [28/Jun/2024:10:51:03 -0500] "GET /kwsrmcab/Wsrmcab?wsdl HTTP/1.1" 200 6948
66.249.66.11 - - [28/Jun/2024:10:51:08 -0500] "GET /BLA/resoluciones/RESOLUCIONES%202002/RES%202002%201801-1850/20021822.tif HTTP/1.1" 200 123664
172.22.2.4 - - [28/Jun/2024:10:51:17 -0500] "GET /BLA/boletinlegal/actos.php HTTP/1.1" 200 9738
172.22.2.4 - - [28/Jun/2024:10:51:18 -0500] "GET /BLA/boletinlegal/styles2.css HTTP/1.1" 200 1838
172.22.2.4 - - [28/Jun/2024:10:51:18 -0500] "GET /BLA/boletinlegal/js/ajax_actos.js HTTP/1.1" 200 1322
172.22.2.4 - - [28/Jun/2024:10:51:18 -0500] "GET /BLA/boletinlegal/niceforms.js HTTP/1.1" 200 22876
172.22.2.4 - - [28/Jun/2024:10:51:18 -0500] "GET /BLA/boletinlegal/niceforms-default.css HTTP/1.1" 200 6694
172.22.2.4 - - [28/Jun/2024:10:51:18 -0500] "GET /BLA/boletinlegal/style.css HTTP/1.1" 200 9406
172.22.2.4 - - [28/Jun/2024:10:51:18 -0500] "GET /BLA/boletinlegal/js/lib.js HTTP/1.1" 200 6474
172.22.2.4 - - [28/Jun/2024:10:51:18 -0500] "GET /BLA/boletinlegal/js/popup.js HTTP/1.1" 200 1270
172.22.2.4 - - [28/Jun/2024:10:51:18 -0500] "GET /BLA/boletinlegal/js/jquery1.js HTTP/1.1" 200 29846
172.22.2.4 - - [28/Jun/2024:10:51:18 -0500] "GET /BLA/boletinlegal/images/cabezote%20BLEGAL.jpg HTTP/1.1" 200 118164
172.22.2.4 - - [28/Jun/2024:10:51:18 -0500] "GET /BLA/boletinlegal/images/subscribe-icon-big.png HTTP/1.1" 200 47702
172.22.2.4 - - [28/Jun/2024:10:51:18 -0500] "GET /BLA/boletinlegal/images/historia.png HTTP/1.1" 200 52775
172.22.2.4 - - [28/Jun/2024:10:51:18 -0500] "GET /BLA/boletinlegal/images/body_bg.jpg HTTP/1.1" 200 1601
172.22.2.4 - - [28/Jun/2024:10:51:18 -0500] "GET /BLA/boletinlegal/images/footer_bg.jpg HTTP/1.1" 200 586
172.22.2.4 - - [28/Jun/2024:10:51:18 -0500] "GET /BLA/boletinlegal/images/menu_lft.gif HTTP/1.1" 200 1713
172.22.2.4 - - [28/Jun/2024:10:51:18 -0500] "GET /BLA/boletinlegal/images/menu_rght.gif HTTP/1.1" 200 1627
172.22.2.4 - - [28/Jun/2024:10:51:18 -0500] "GET /BLA/boletinlegal/images/bg_top.jpg HTTP/1.1" 200 522
172.22.2.4 - - [28/Jun/2024:10:51:18 -0500] "GET /BLA/boletinlegal/images/menu_bg.jpg HTTP/1.1" 200 620
172.22.2.4 - - [28/Jun/2024:10:51:18 -0500] "GET /BLA/boletinlegal/images/text.jpg HTTP/1.1" 200 568
172.22.2.4 - - [28/Jun/2024:10:51:18 -0500] "GET /BLA/boletinlegal/images/registro-usuarios.png HTTP/1.1" 200 8106
172.22.2.4 - - [28/Jun/2024:10:51:18 -0500] "GET /BLA/boletinlegal/images/hover.jpg HTTP/1.1" 200 640
172.22.2.4 - - [28/Jun/2024:10:51:18 -0500] "GET /BLA/boletinlegal/images/green-yellow-blue-pink-th.png HTTP/1.1" 200 7394
172.22.2.4 - - [28/Jun/2024:10:51:19 -0500] "GET /BLA/boletinlegal/images/tel.png HTTP/1.1" 200 14477
172.22.2.4 - - [28/Jun/2024:10:51:19 -0500] "GET /BLA/boletinlegal/images/icono-email.png HTTP/1.1" 200 5544
172.22.2.4 - - [28/Jun/2024:10:51:19 -0500] "GET /BLA/boletinlegal/images/footer_bg_l.jpg HTTP/1.1" 200 776
172.22.2.4 - - [28/Jun/2024:10:51:19 -0500] "GET /BLA/boletinlegal/img/select-right.png HTTP/1.1" 200 44019
172.22.2.4 - - [28/Jun/2024:10:51:19 -0500] "GET /BLA/boletinlegal/img/0.png HTTP/1.1" 200 110
172.22.2.4 - - [28/Jun/2024:10:51:19 -0500] "GET /BLA/boletinlegal/img/select-left.png HTTP/1.1" 200 263
172.22.2.4 - - [28/Jun/2024:10:51:19 -0500] "GET /BLA/boletinlegal/img/button-left.png HTTP/1.1" 200 57071
172.22.2.4 - - [28/Jun/2024:10:51:19 -0500] "GET /BLA/boletinlegal/img/button.png HTTP/1.1" 200 43241
172.22.2.4 - - [28/Jun/2024:10:51:19 -0500] "GET /BLA/boletinlegal/favicon.ico HTTP/1.1" 404 1326
172.22.2.4 - - [28/Jun/2024:10:51:19 -0500] "GET /BLA/boletinlegal/img/button-right.png HTTP/1.1" 200 57878
201.245.192.253 - - [28/Jun/2024:10:51:22 -0500] "POST /forms/lservlet;jsessionid=ac16012b30d6716d42d0eef24d9cbe79d3fe11a80187.e3iSbxaKaheRe34OahmPbx4Oa3z0n6jAmljGr5XDqQLvpAe HTTP/1.1" 200 2
66.249.66.11 - - [28/Jun/2024:10:51:27 -0500] "GET /BLA/resoluciones/RESOLUCIONES%202002/RES%202002%201451-1500/20021486.tif HTTP/1.1" 200 44446
201.245.192.253 - - [28/Jun/2024:10:51:27 -0500] "POST /kwsrmcab/Wsrmcab  HTTP/1.1" 200 213
172.22.2.4 - - [28/Jun/2024:10:51:29 -0500] "GET /BLA/boletinlegal/consulta_actos.php?tipo=autos&no=&usuario=&sector=VERTIMIENTOS&fecha=2024&resuelve= HTTP/1.1" 200 12084
172.22.2.4 - - [28/Jun/2024:10:51:29 -0500] "GET /BLA/boletinlegal/images/pdf.gif HTTP/1.1" 200 567
172.22.2.4 - - [28/Jun/2024:10:51:29 -0500] "GET /BLA/boletinlegal/images/background.gif HTTP/1.1" 200 -
216.244.66.195 - - [28/Jun/2024:10:51:31 -0500] "GET /BLA/resoluciones/AUTOS%202016/2792.pdf HTTP/1.1" 200 420658
66.249.66.11 - - [28/Jun/2024:10:51:45 -0500] "GET /BLA/resoluciones/RESOLUCIONES%202002/RES%202002%201251-1301/20021297.tif HTTP/1.1" 200 103102
201.245.192.253 - - [28/Jun/2024:10:52:03 -0500] "GET /kwsrmcab/Wsrmcab?wsdl HTTP/1.1" 200 6948
216.244.66.195 - - [28/Jun/2024:10:52:21 -0500] "GET /BLA/resoluciones/AUTOS%202016/2842.pdf HTTP/1.1" 200 278203
66.249.66.11 - - [28/Jun/2024:10:52:22 -0500] "GET /BLA/resoluciones/RESOLUCIONES%202002/RES%202002%201401-1450/20021425.tif HTTP/1.1" 200 100776
66.249.66.11 - - [28/Jun/2024:10:52:23 -0500] "GET /transparencia/General%20Asignado-/Historico/Apropiacion%20inicial%202011.pdf HTTP/1.1" 200 30106
172.22.2.4 - - [28/Jun/2024:10:50:52 -0500] "HEAD /BLA/boletinlegal/ HTTP/1.1" 200 -
186.155.15.145 - - [28/Jun/2024:10:52:34 -0500] "GET /BLA/resoluciones/AUTOS%202024/01156.pdf HTTP/1.1" 200 400601
186.155.15.145 - - [28/Jun/2024:10:52:34 -0500] "GET /favicon.ico HTTP/1.1" 200 7782
186.29.182.167 - - [28/Jun/2024:10:52:34 -0500] "GET /mesa/video.mp4 HTTP/1.1" 206 98875608
186.29.182.167 - - [28/Jun/2024:10:52:33 -0500] "GET /mesa/video.mp4 HTTP/1.1" 200 99530968
186.29.182.167 - - [28/Jun/2024:10:52:30 -0500] "GET /mesa/video.mp4 HTTP/1.1" 200 99530968
186.29.182.167 - - [28/Jun/2024:10:52:34 -0500] "GET /mesa/video.mp4 HTTP/1.1" 206 99530968
172.22.2.4 - - [28/Jun/2024:10:52:01 -0500] "GET /BLA/boletinlegal/ HTTP/1.1" 200 20427
186.29.182.167 - - [28/Jun/2024:10:52:40 -0500] "GET /mesa/video.mp4 HTTP/1.1" 206 84687064
186.29.182.167 - - [28/Jun/2024:10:52:43 -0500] "GET /mesa/video.mp4 HTTP/1.1" 206 70629592
172.22.2.4 - - [28/Jun/2024:10:52:50 -0500] "POST /BLA/boletinlegal/admin/actos/ingresar.php HTTP/1.1" 200 7303
172.22.2.4 - - [28/Jun/2024:10:52:57 -0500] "GET /BLA/boletinlegal/consulta_actos.php?tipo=resoluciones&no=0705&usuario=&sector=&fecha=2024&resuelve= HTTP/1.1" 200 1122
66.249.66.11 - - [28/Jun/2024:10:52:59 -0500] "GET /BLA/resoluciones/RESOLUCIONES%202002/RES%202002%2051-100/2002RES76.tif HTTP/1.1" 200 35606
216.244.66.195 - - [28/Jun/2024:10:53:02 -0500] "GET /BLA/resoluciones/AUTOS%202007/1962.pdf HTTP/1.1" 200 836451
201.245.192.253 - - [28/Jun/2024:10:53:03 -0500] "GET /kwsrmcab/Wsrmcab?wsdl HTTP/1.1" 200 6948
201.245.192.253 - - [28/Jun/2024:10:53:22 -0500] "POST /forms/lservlet;jsessionid=ac16012b30d6716d42d0eef24d9cbe79d3fe11a80187.e3iSbxaKaheRe34OahmPbx4Oa3z0n6jAmljGr5XDqQLvpAe HTTP/1.1" 200 2
172.22.2.4 - - [28/Jun/2024:10:51:43 -0500] "GET /BLA/boletinlegal/ HTTP/1.1" 200 56779
66.249.66.11 - - [28/Jun/2024:10:53:36 -0500] "GET /BLA/resoluciones/RESOLUCIONES%202002/RES%202002%20601-650/00000625.tif HTTP/1.1" 200 48770
216.244.66.195 - - [28/Jun/2024:10:53:52 -0500] "GET /BLA/resoluciones/AUTOS%202010/0801.pdf HTTP/1.1" 200 185795
201.245.192.253 - - [28/Jun/2024:10:54:03 -0500] "GET /kwsrmcab/Wsrmcab?wsdl HTTP/1.1" 200 6948
66.249.66.11 - - [28/Jun/2024:10:54:12 -0500] "GET /BLA/resoluciones/RESOLUCIONES%202002/RES%202002%2051-100/2002RES62.tif HTTP/1.1" 200 117070
66.249.66.12 - - [28/Jun/2024:10:54:23 -0500] "GET /BLA/resoluciones/RESOLUCIONES%202021/4083.pdf HTTP/1.1" 200 378174
66.249.66.11 - - [28/Jun/2024:10:54:24 -0500] "GET /transparencia/directorioservidores/2016/enero2016.xlsx HTTP/1.1" 200 37639
216.244.66.195 - - [28/Jun/2024:10:54:30 -0500] "GET /BLA/resoluciones/AUTOS%202010/1133.pdf HTTP/1.1" 200 189505
45.238.181.157 - - [28/Jun/2024:10:54:39 -0500] "GET /sipse/faces/index.xhtml HTTP/1.1" 404 1038
186.155.87.191 - - [28/Jun/2024:10:54:47 -0500] "GET /kwssiamovil/sm/acme/a?s=U2FsdGVkX18HpX0EKXy+e5eX75rikryax0xIjgnhanPXy92UohhU7MdqbssATOF233dIs5W/PyK7Mh7hCyBc8woEXxbdJyIKbEYBvrD0v0kj3mEUe2AdMFMYWd2zXXBb9o3Ad0tY3NfRth66YXiX7xc8e5kT/Ugz5TVBIwaZdSmiTr/I67OzvwFHUAYZOASMULqXXKeFzSIVUPlq3HSL06pp2+67te3rnZpH92ZG0Oaw13q3cVYa+DR1WrmNwyroYAOMg7/5WIBbmn548jY8Wg==&u=U2FsdGVkX1/lO+/czOb1jSg/DmGu9386Q+JaIYEGsLSWbo+DYBEAvayyyVVKZywC&y=U2FsdGVkX19RVx63RwHwKMw3LdK3jnRPNcB4DsxWxTQUSivPV7TLYho146t1ZWNy HTTP/1.1" 200 26
186.155.87.191 - - [28/Jun/2024:10:54:48 -0500] "GET /kwssiamovil/sm/acme/a?s=U2FsdGVkX19IY7dUewn3GfQSgwDp18RxOIwY/pg5vqjnS3+I+9MOB616P6W/AIitGHIRVNSryOj9kCPWkucq1+511Wdqv79j//Ke8yTm9N2mbfl4Mt1k8uOjhrXEfVR51EjXSQ/sASKQ0ovhfvJu8imMJLZpY5fzgVuGUVajO0vb0q6/FCtjsebVs1188NQw/CtNu2XJDph00/YjxsArT0f4IKuzfzhD4LqldV4kcSGjNCyrXxPftTxu9usNSzX5LUcVnlokk8vLX2MlBDQwAGaO4KbDVtfRSCUW+4Qz0qH6VmSn9hxT2eaE3OynHQyAwfCRzq//FfbwALhA2XRYrM5SAwUXehv9+RBSYGFx3ax26AtpAnnqk7OHC6vrWaYPa6m2dxSe0w6ifh6MbaHo+G+cRmv1SdRcOdhGacdTh040VgtP5OYpUmhRGqUyNwrVLOR4tzPNjwYe5oQGNCVZEg54bA7VBlKokCM7OKDHO8gQ5sPft3BI/+As/oxvujghLH58ghIizl5oN9kwzsIgXhWDLdAyqHLszvLAw6tT2AnguNTVWlhfhBI1icTou2kLCXoYexP+sKBVOPMcoyv071Jo+m7KlrAwLKlPbdwzP5MV95yX6YLFk+zbG8HQnrMCAgk9zgTCLLvwCYh3hlzCS6Npe2iTgOwamDUPZgLOywa4qjyT2SclaPDHIJ+dsKxgVZtnyOCt55gRWdnzzuIn0MGmoOVZmLw8Cr506gj+iu7iMFDYhI5W8I46xB/E3aJ2GLOj/AlS/Ses8eeAbJc4I9WO8udrGQeok1aOjovaOTSbeNRHSQwA8huU3wE7GxmS6qx51gRYdbvfP2a29DOyEb/jx7MBAJcXg3ms3H2PEjbtjKN6Eruo83Wkpue8HsVaCUhSI9NPH3wLJUV+SvT8IX+QuacLJ/Loewqvmv/AsObi+Was6vm8ROCjDK7npH+BzoQ4lAuY5rGmFb8Kwl+HrZD9NzRVpeDFzoeiI4mMZToWCQ0koBo0PqkTlKi5KuhbNZPscsEufVopYH8+A7iuDS0XwOouSYN7Vmx0ccxCbI6LMlxqREUnWFe4DqvqasZ37fUz6aYcwESC2lAxanmhqwNhTiK4/te8To4E+i49QyncpMzxLZMcN3i2UysomRbubSpVmmQh9kx2FnPYkRC3qB3mi5WBsN0/G4u1VsPqyz0uNRH5duBau0zm7IB0Xfj6hDgoGp4eRfuOloSgFzq3pUE7NT97kx6o3wHCU+qhnFWqcm6AsdhIT10mykZ0Wb1flIO5tKFmZqMh1y+Qkgm3bPDJEoN606hcE2bZMqSKIXNvsxTCiI94AYfBhj2FLSgL2EYZEu5Rja0EK5aZvbBgjwiZKwh2IbOlmRg+3sERxe65cNh9fKOtQd0Ut6AfOX0WEEF8okdWNrsCU0S/qoWjoQ2FL55g69/yuxWE4jk+JHxJWB81ajls9c2FN4U/ewTPyBZKe112tCJpoF+MJvrByKyYmLSjzUIobXTZCf1DO3jiTfxewI2XroT1rtnawhqEddAOyOD7Znthub2pF6D8aZmCAsfbMS70aw8pbBlCugIWe6p7UdeCEqv8IORqNcvj0wJWZo3t3FIXXcmdmVw5lH4ck3TcC4BkosDsf2TBMZlyFKFka7dETuBldFuk/x8qNGprGdD8EtGe7cxIK8EiKMQLf3W9gZ9PAy7K7DSKQvk7iYtBW/AYI23rTiLV3TI3sSfZjqozRmOMIP1K8oQr8CnlyHfSXWi+0eT34YhkLeGzhhlJLF0aygUK4dLfRCRp&u=U2FsdGVkX1/lO+/czOb1jSg/DmGu9386Q+JaIYEGsLSWbo+DYBEAvayyyVVKZywC&y=U2FsdGVkX19RVx63RwHwKMw3LdK3jnRPNcB4DsxWxTQUSivPV7TLYho146t1ZWNy HTTP/1.1" 200 26
186.155.87.191 - - [28/Jun/2024:10:54:48 -0500] "GET /kwssiamovil/sm/acme/a?s=U2FsdGVkX18w7Vcdc4mV88TUEV+EaTpUMNgH+8itqTXtAJYCWeUgag7AVsIGA7ymQ6OY2cCMvCSsOSWOs8Fhab3YZXVjg5+AUuFzongXb5NA5j5e4TGYJT69+SJ9Np2y8drV2YCxeIrhpzkRkFXouCt7ReGM46IbrxxNXelRsYI=&u=U2FsdGVkX1/lO+/czOb1jSg/DmGu9386Q+JaIYEGsLSWbo+DYBEAvayyyVVKZywC&y=U2FsdGVkX19RVx63RwHwKMw3LdK3jnRPNcB4DsxWxTQUSivPV7TLYho146t1ZWNy HTTP/1.1" 200 26
186.155.87.191 - - [28/Jun/2024:10:54:48 -0500] "GET /kwssiamovil/sm/acme/a?s=U2FsdGVkX19/k6e5xpPCUgUlZOTs8h5PTOaDYt1SX8JlY7qYWF4mHXarnhYorF/Pn8zNAH3mPRvSJ8ysPi0keUUx67Ai4S+iOgC982Q9mOxE208A+8X/jpmTDIVHIFDmyU2H4XkT+QbNrcZmgfYjotyhiCTVM07HKSksCtYPBJ4=&u=U2FsdGVkX1/lO+/czOb1jSg/DmGu9386Q+JaIYEGsLSWbo+DYBEAvayyyVVKZywC&y=U2FsdGVkX19RVx63RwHwKMw3LdK3jnRPNcB4DsxWxTQUSivPV7TLYho146t1ZWNy HTTP/1.1" 200 26
186.155.87.191 - - [28/Jun/2024:10:54:48 -0500] "GET /kwssiamovil/sm/acme/a?s=U2FsdGVkX19YXIX1tpvMisyScP/yRTzUpKIfOx+XWr5nqQenApYECRf4PfNOHHzqFGviUmaMBOLuVHwb/+ag9NZTsW6Ua7Z5iFaey0f4n2IPisu+XFloFU982ChWtPqGH/9QCPLUZ2S5fR8rpCsMCYSUl8H7Fg9jsJ/8DNHCnvc=&u=U2FsdGVkX1/lO+/czOb1jSg/DmGu9386Q+JaIYEGsLSWbo+DYBEAvayyyVVKZywC&y=U2FsdGVkX19RVx63RwHwKMw3LdK3jnRPNcB4DsxWxTQUSivPV7TLYho146t1ZWNy HTTP/1.1" 200 26
186.155.87.191 - - [28/Jun/2024:10:54:48 -0500] "GET /kwssiamovil/sm/acme/a?s=U2FsdGVkX19YEckmGIRdcZjcsLtUBYgkybOonT60lamuX+BD6L6Ln+78fVTHKDcovx9kaCFVcqTz4kkvlNiulVYHqyAf3ueqRfS7cKoHl2QUYHk7bWCte5NPzm6+rEypkbBtWqTr5blYq1WZ+/uaF/REEToTzPIGSoDIEGG4gpVG0OJAMPSlxvqHKkKwK5mQ9/v6uXr0xYCm8O3kd3EwuQ==&u=U2FsdGVkX1/lO+/czOb1jSg/DmGu9386Q+JaIYEGsLSWbo+DYBEAvayyyVVKZywC&y=U2FsdGVkX19RVx63RwHwKMw3LdK3jnRPNcB4DsxWxTQUSivPV7TLYho146t1ZWNy HTTP/1.1" 200 26
216.245.221.92 - - [28/Jun/2024:10:54:52 -0500] "HEAD / HTTP/1.1" 200 -
201.245.192.253 - - [28/Jun/2024:10:55:03 -0500] "GET /kwsrmcab/Wsrmcab?wsdl HTTP/1.1" 200 6948
216.244.66.195 - - [28/Jun/2024:10:55:06 -0500] "GET /BLA/resoluciones/AUTOS%202010/1386.pdf HTTP/1.1" 200 235620
201.245.192.253 - - [28/Jun/2024:10:55:22 -0500] "POST /forms/lservlet;jsessionid=ac16012b30d6716d42d0eef24d9cbe79d3fe11a80187.e3iSbxaKaheRe34OahmPbx4Oa3z0n6jAmljGr5XDqQLvpAe HTTP/1.1" 200 2
47.128.38.102 - - [28/Jun/2024:10:55:45 -0500] "GET /BLA/resoluciones/AUTOS%202021/0245.php?act=chmod&f=3126.pdf HTTP/1.1" 200 2713
216.244.66.195 - - [28/Jun/2024:10:55:46 -0500] "GET /BLA/resoluciones/AUTOS%202010/1658.pdf HTTP/1.1" 200 244611
47.128.99.234 - - [28/Jun/2024:10:56:00 -0500] "GET /BLA/resoluciones/AUTOS%202021/0245.php?act=f&f=3682.PDF HTTP/1.1" 200 2740
201.245.192.253 - - [28/Jun/2024:10:56:03 -0500] "GET /kwsrmcab/Wsrmcab?wsdl HTTP/1.1" 200 6948
47.128.38.129 - - [28/Jun/2024:10:56:16 -0500] "GET /BLA/resoluciones/AUTOS%202021/0245.php?act=f&f=3437.pdf HTTP/1.1" 200 2740
66.249.66.12 - - [28/Jun/2024:10:56:24 -0500] "GET /BLA/resoluciones/Notificaciones/AUTOS%202023/5556.pdf HTTP/1.1" 304 -
66.249.66.13 - - [28/Jun/2024:10:56:25 -0500] "GET /transparencia/General%20Asignado/2%20Historico/86%20Apropiacion%20Inicial%202022.pdf HTTP/1.1" 200 365308
201.245.192.253 - - [28/Jun/2024:10:56:27 -0500] "POST /kwsrmcab/Wsrmcab  HTTP/1.1" 200 213
47.128.38.148 - - [28/Jun/2024:10:56:32 -0500] "GET /BLA/resoluciones/AUTOS%202021/0245.php?act=chmod&f=3226.pdf HTTP/1.1" 200 2713
216.244.66.195 - - [28/Jun/2024:10:56:34 -0500] "GET /BLA/resoluciones/AUTOS%202010/2353.pdf HTTP/1.1" 200 1657173
47.128.29.137 - - [28/Jun/2024:10:56:48 -0500] "GET /BLA/resoluciones/AUTOS%202021/0245.php?act=chmod&f=5148.pdf HTTP/1.1" 200 2713
66.249.66.11 - - [28/Jun/2024:10:56:49 -0500] "GET /BLA/resoluciones/RESOLUCIONES%202002/RES%202002%20351-400/00000362.tif HTTP/1.1" 200 60036
17.241.227.88 - - [28/Jun/2024:10:56:58 -0500] "GET /alerta-por-calidad-del-aire-distrito-intensifica-operativos-a-industria-y-vehiculos-en-el-suroccidente-de-bogota.html HTTP/1.1" 200 987
201.245.192.253 - - [28/Jun/2024:10:57:03 -0500] "GET /kwsrmcab/Wsrmcab?wsdl HTTP/1.1" 200 6948
47.128.59.208 - - [28/Jun/2024:10:57:05 -0500] "GET /BLA/resoluciones/AUTOS%202021/0245.php?act=chmod&f=3355.pdf HTTP/1.1" 200 2713
191.95.48.95 - - [28/Jun/2024:10:57:15 -0500] "GET /catalogoisis/Js/LimpiarCombinada.js HTTP/1.1" 200 207
191.95.48.95 - - [28/Jun/2024:10:57:15 -0500] "GET /catalogoisis/Css/Busqueda.css HTTP/1.1" 200 1995
191.95.48.95 - - [28/Jun/2024:10:57:15 -0500] "GET /catalogoisis/Js/CriterioCombinada.js HTTP/1.1" 200 1843
191.95.48.95 - - [28/Jun/2024:10:57:15 -0500] "GET /catalogoisis/Js/AceptarLimpiar.js HTTP/1.1" 200 331
191.95.48.95 - - [28/Jun/2024:10:57:15 -0500] "GET /catalogoisis/Js/Cookies.js HTTP/1.1" 200 1369
191.95.48.95 - - [28/Jun/2024:10:57:14 -0500] "GET /catalogoisis/ HTTP/1.1" 200 8575
191.95.48.95 - - [28/Jun/2024:10:57:15 -0500] "GET /catalogoisis/Js/Remote.js HTTP/1.1" 200 436
66.249.66.11 - - [28/Jun/2024:10:57:15 -0500] "GET /BLA/resoluciones/RESOLUCIONES%202002/RES%202002%201251-1301/20021257.tif HTTP/1.1" 200 103186
191.95.48.95 - - [28/Jun/2024:10:57:15 -0500] "GET /catalogoisis/Js/Enter.js HTTP/1.1" 200 1208
191.95.48.95 - - [28/Jun/2024:10:57:15 -0500] "GET /catalogoisis/Js/Numero.js HTTP/1.1" 200 398
191.95.48.95 - - [28/Jun/2024:10:57:15 -0500] "GET /catalogoisis/Js/Go.js HTTP/1.1" 200 364
191.95.48.95 - - [28/Jun/2024:10:57:15 -0500] "GET /catalogoisis/imagenes/br1c1.gif HTTP/1.1" 200 172
191.95.48.95 - - [28/Jun/2024:10:57:15 -0500] "GET /catalogoisis/imagenes/limpiar1.gif HTTP/1.1" 200 606
191.95.48.95 - - [28/Jun/2024:10:57:15 -0500] "GET /catalogoisis/imagenes/br2c2.gif HTTP/1.1" 200 302
191.95.48.95 - - [28/Jun/2024:10:57:15 -0500] "GET /catalogoisis/imagenes/br3c2.gif HTTP/1.1" 200 285
191.95.48.95 - - [28/Jun/2024:10:57:15 -0500] "GET /catalogoisis/imagenes/br3c3.gif HTTP/1.1" 200 186
191.95.48.95 - - [28/Jun/2024:10:57:15 -0500] "GET /catalogoisis/imagenes/br1c2.gif HTTP/1.1" 200 297
191.95.48.95 - - [28/Jun/2024:10:57:15 -0500] "GET /catalogoisis/imagenes/Header.gif HTTP/1.1" 200 27040
191.95.48.95 - - [28/Jun/2024:10:57:15 -0500] "GET /catalogoisis/imagenes/Turnbo1.gif HTTP/1.1" 200 227
191.95.48.95 - - [28/Jun/2024:10:57:15 -0500] "GET /catalogoisis/imagenes/br2c3.gif HTTP/1.1" 200 416
191.95.48.95 - - [28/Jun/2024:10:57:15 -0500] "GET /catalogoisis/imagenes/br3c1.gif HTTP/1.1" 200 177
191.95.48.95 - - [28/Jun/2024:10:57:15 -0500] "GET /catalogoisis/imagenes/br2c1.gif HTTP/1.1" 200 297
191.95.48.95 - - [28/Jun/2024:10:57:15 -0500] "GET /catalogoisis/imagenes/aceptar1.gif HTTP/1.1" 200 604
191.95.48.95 - - [28/Jun/2024:10:57:15 -0500] "GET /catalogoisis/imagenes/br1c3.gif HTTP/1.1" 200 302
191.95.48.95 - - [28/Jun/2024:10:57:15 -0500] "GET /favicon.ico HTTP/1.1" 200 7782
52.167.144.166 - - [28/Jun/2024:10:57:18 -0500] "GET /BLA/resoluciones/AUTOS%202021/0250.pdf HTTP/1.1" 304 -
47.128.17.63 - - [28/Jun/2024:10:57:20 -0500] "GET /BLA/resoluciones/AUTOS%202021/0245.php?act=chmod&f=3300.pdf HTTP/1.1" 200 2713
201.245.192.253 - - [28/Jun/2024:10:57:22 -0500] "POST /forms/lservlet;jsessionid=ac16012b30d6716d42d0eef24d9cbe79d3fe11a80187.e3iSbxaKaheRe34OahmPbx4Oa3z0n6jAmljGr5XDqQLvpAe HTTP/1.1" 200 2
216.244.66.195 - - [28/Jun/2024:10:57:24 -0500] "GET /BLA/resoluciones/AUTOS%202010/2904.pdf HTTP/1.1" 200 84680
172.22.2.4 - - [28/Jun/2024:10:57:33 -0500] "GET /BLA/boletinlegal/actos.php HTTP/1.1" 200 9738
66.249.66.12 - - [28/Jun/2024:10:57:33 -0500] "GET /BLA/resoluciones/RESOLUCIONES%202002/RES%202002%201251-1301/20021251.tif HTTP/1.1" 200 103982
47.128.17.93 - - [28/Jun/2024:10:57:35 -0500] "GET /BLA/resoluciones/AUTOS%202021/0245.php?act=chmod&f=2219.pdf HTTP/1.1" 200 2713
172.22.2.4 - - [28/Jun/2024:10:57:43 -0500] "GET /BLA/boletinlegal/consulta_actos.php?tipo=resoluciones&no=1585&usuario=&sector=&fecha=2020&resuelve= HTTP/1.1" 200 626
172.22.2.4 - - [28/Jun/2024:10:57:47 -0500] "GET /BLA/boletinlegal/consulta_actos.php?tipo=resoluciones&no=1585&usuario=&sector=&fecha=2020&resuelve= HTTP/1.1" 200 626
172.22.2.4 - - [28/Jun/2024:10:57:48 -0500] "GET /BLA/boletinlegal/consulta_actos.php?tipo=resoluciones&no=1585&usuario=&sector=&fecha=2020&resuelve= HTTP/1.1" 200 626
172.22.2.4 - - [28/Jun/2024:10:57:50 -0500] "GET /BLA/boletinlegal/consulta_actos.php?tipo=resoluciones&no=1585&usuario=&sector=&fecha=2020&resuelve= HTTP/1.1" 200 626
47.128.97.210 - - [28/Jun/2024:10:57:50 -0500] "GET /BLA/resoluciones/AUTOS%202021/0245.php?act=chmod&f=4466.pdf HTTP/1.1" 200 2713
216.244.66.195 - - [28/Jun/2024:10:57:56 -0500] "GET /BLA/resoluciones/AUTOS%202010/3615.pdf HTTP/1.1" 200 202702
201.245.192.253 - - [28/Jun/2024:10:58:03 -0500] "GET /kwsrmcab/Wsrmcab?wsdl HTTP/1.1" 200 6948
207.46.13.125 - - [28/Jun/2024:10:58:15 -0500] "GET /BLA/resoluciones/AUTOS%202019/0285.pdf HTTP/1.1" 200 257430
172.22.2.4 - - [28/Jun/2024:10:56:42 -0500] "HEAD /BLA/boletinlegal/ HTTP/1.1" 200 -
172.22.2.4 - - [28/Jun/2024:10:57:32 -0500] "GET /BLA/boletinlegal/ HTTP/1.1" 200 24523
66.249.66.12 - - [28/Jun/2024:10:58:26 -0500] "GET /transparencia/directorioservidores/2017/enero.xlsx HTTP/1.1" 200 88152
216.244.66.195 - - [28/Jun/2024:10:58:38 -0500] "GET /BLA/resoluciones/AUTOS%202010/4398.pdf HTTP/1.1" 200 144939
201.245.192.253 - - [28/Jun/2024:10:59:03 -0500] "GET /kwsrmcab/Wsrmcab?wsdl HTTP/1.1" 200 6948
172.22.2.4 - - [28/Jun/2024:10:57:33 -0500] "GET /BLA/boletinlegal/ HTTP/1.1" 200 52783
66.249.66.38 - - [28/Jun/2024:10:59:16 -0500] "GET /dia-internacional-de-la-tierra-actividades-para-estar-en-armonia-y-conexion-con-la-naturaleza.html HTTP/1.1" 200 927
216.244.66.195 - - [28/Jun/2024:10:59:17 -0500] "GET /BLA/resoluciones/AUTOS%202010/5416.pdf HTTP/1.1" 200 210782
201.245.192.253 - - [28/Jun/2024:10:59:22 -0500] "POST /forms/lservlet;jsessionid=ac16012b30d6716d42d0eef24d9cbe79d3fe11a80187.e3iSbxaKaheRe34OahmPbx4Oa3z0n6jAmljGr5XDqQLvpAe HTTP/1.1" 200 2
190.67.197.118 - - [28/Jun/2024:10:59:25 -0500] "GET /BLA/resoluciones/index.php?dir=AUTOS+2017%2F HTTP/1.1" 200 485470
172.22.2.4 - - [28/Jun/2024:10:59:26 -0500] "GET /BLA/boletinlegal/images/cabezote%20BLEGAL.jpg HTTP/1.1" 200 118164
172.22.2.4 - - [28/Jun/2024:10:59:26 -0500] "GET /BLA/boletinlegal/favicon.ico HTTP/1.1" 404 1326
201.245.192.253 - - [28/Jun/2024:10:59:28 -0500] "GET /sipsepre/faces/javax.faces.resource/images/ui-bg_flat_0_2d5972_40x100.png?ln=primefaces-aristo HTTP/1.1" 304 -
201.245.192.253 - - [28/Jun/2024:10:59:28 -0500] "POST /sipsepre/faces/presentacion/financiero/solicitudProceso/consultarHistorialSolProceso.xhtml HTTP/1.1" 200 43747
201.245.192.253 - - [28/Jun/2024:10:59:28 -0500] "GET /sipsepre/faces/javax.faces.resource/jquery/jquery.js?ln=primefaces&v=4.0 HTTP/1.1" 304 -
201.245.192.253 - - [28/Jun/2024:10:59:28 -0500] "GET /sipsepre/faces/javax.faces.resource/jquery/jquery-plugins.js?ln=primefaces&v=4.0 HTTP/1.1" 304 -
201.245.192.253 - - [28/Jun/2024:10:59:28 -0500] "GET /sipsepre/faces/javax.faces.resource/primefaces.js?ln=primefaces&v=4.0 HTTP/1.1" 304 -
201.245.192.253 - - [28/Jun/2024:10:59:28 -0500] "GET /sipsepre/faces/javax.faces.resource/layout/layout.js?ln=primefaces&v=4.0 HTTP/1.1" 304 -
201.245.192.253 - - [28/Jun/2024:10:59:50 -0500] "GET /sipsepre/faces/faces/faces/autenticacion.xhtml HTTP/1.1" 200 12439
201.245.192.253 - - [28/Jun/2024:10:59:50 -0500] "GET /sipsepre/js/disable_browser_buttons.js HTTP/1.1" 304 -
201.245.192.253 - - [28/Jun/2024:10:59:50 -0500] "GET /sipsepre/js/funciones.js HTTP/1.1" 304 -
201.245.192.253 - - [28/Jun/2024:10:59:50 -0500] "GET /sipsepre/css/custom_css_sg.css HTTP/1.1" 304 -
201.245.192.253 - - [28/Jun/2024:10:59:50 -0500] "GET /sipsepre/css/custom_css_sg_prime_login.css HTTP/1.1" 304 -
201.245.192.253 - - [28/Jun/2024:10:59:50 -0500] "GET /sipsepre/faces/javax.faces.resource/primefaces.css?ln=primefaces&v=4.0 HTTP/1.1" 304 -
201.245.192.253 - - [28/Jun/2024:10:59:50 -0500] "GET /sipsepre/faces/javax.faces.resource/theme.css?ln=primefaces-sipse HTTP/1.1" 304 -
201.245.192.253 - - [28/Jun/2024:10:59:50 -0500] "GET /sipsepre/faces/javax.faces.resource/layout/layout.css?ln=primefaces&v=4.0 HTTP/1.1" 304 -
201.245.192.253 - - [28/Jun/2024:10:59:50 -0500] "GET /sipsepre/faces/javax.faces.resource/jquery/jquery.js?ln=primefaces&v=4.0 HTTP/1.1" 304 -
201.245.192.253 - - [28/Jun/2024:10:59:50 -0500] "GET /sipsepre/faces/javax.faces.resource/jquery/jquery-plugins.js?ln=primefaces&v=4.0 HTTP/1.1" 304 -
201.245.192.253 - - [28/Jun/2024:10:59:50 -0500] "GET /sipsepre/faces/javax.faces.resource/primefaces.js?ln=primefaces&v=4.0 HTTP/1.1" 304 -
201.245.192.253 - - [28/Jun/2024:10:59:50 -0500] "GET /sipsepre/faces/javax.faces.resource/layout/layout.js?ln=primefaces&v=4.0 HTTP/1.1" 304 -
201.245.192.253 - - [28/Jun/2024:10:59:50 -0500] "GET /sipsepre/faces/javax.faces.resource/images/ui-icons_898989_256x240.png?ln=primefaces-aristo HTTP/1.1" 200 5355
201.245.192.253 - - [28/Jun/2024:10:59:50 -0500] "GET /sipsepre/css/imagen/loginimg.png HTTP/1.1" 200 71635
201.245.192.253 - - [28/Jun/2024:10:59:50 -0500] "GET /sipsepre/css/imagen/logoSDG.png HTTP/1.1" 200 53064
201.245.192.253 - - [28/Jun/2024:10:59:51 -0500] "GET /sipsepre/faces/faces/faces/index.xhtml HTTP/1.1" 200 680
201.245.192.253 - - [28/Jun/2024:10:59:51 -0500] "GET /sipsepre/faces/javax.faces.resource/theme.css?ln=primefaces-sipse HTTP/1.1" 304 -
201.245.192.253 - - [28/Jun/2024:10:59:51 -0500] "GET /favicon.ico HTTP/1.1" 200 7782
201.245.192.253 - - [28/Jun/2024:10:59:51 -0500] "GET /sipsepre/faces/faces/faces/faces/autenticacion.xhtml HTTP/1.1" 200 12439
201.245.192.253 - - [28/Jun/2024:10:59:51 -0500] "GET /sipsepre/faces/javax.faces.resource/theme.css?ln=primefaces-sipse HTTP/1.1" 304 -
201.245.192.253 - - [28/Jun/2024:10:59:51 -0500] "GET /sipsepre/faces/javax.faces.resource/primefaces.css?ln=primefaces&v=4.0 HTTP/1.1" 304 -
201.245.192.253 - - [28/Jun/2024:10:59:51 -0500] "GET /sipsepre/faces/javax.faces.resource/layout/layout.css?ln=primefaces&v=4.0 HTTP/1.1" 304 -
201.245.192.253 - - [28/Jun/2024:10:59:51 -0500] "GET /sipsepre/faces/javax.faces.resource/jquery/jquery-plugins.js?ln=primefaces&v=4.0 HTTP/1.1" 304 -
201.245.192.253 - - [28/Jun/2024:10:59:51 -0500] "GET /sipsepre/faces/javax.faces.resource/jquery/jquery.js?ln=primefaces&v=4.0 HTTP/1.1" 304 -
201.245.192.253 - - [28/Jun/2024:10:59:51 -0500] "GET /sipsepre/faces/javax.faces.resource/primefaces.js?ln=primefaces&v=4.0 HTTP/1.1" 304 -
201.245.192.253 - - [28/Jun/2024:10:59:51 -0500] "GET /sipsepre/faces/javax.faces.resource/layout/layout.js?ln=primefaces&v=4.0 HTTP/1.1" 304 -
201.245.192.253 - - [28/Jun/2024:10:59:51 -0500] "GET /sipsepre/faces/javax.faces.resource/images/ui-icons_898989_256x240.png?ln=primefaces-aristo HTTP/1.1" 304 -
216.245.221.92 - - [28/Jun/2024:10:59:52 -0500] "HEAD / HTTP/1.1" 200 -
201.245.192.253 - - [28/Jun/2024:10:59:54 -0500] "POST /sipsepre/faces/autenticacion.xhtml HTTP/1.1" 200 12006
201.245.192.253 - - [28/Jun/2024:10:59:55 -0500] "GET /sipsepre/css/custom_css_sg_prime.css HTTP/1.1" 200 5201
201.245.192.253 - - [28/Jun/2024:10:59:55 -0500] "GET /sipsepre/faces/javax.faces.resource/jquery/jquery.js?ln=primefaces&v=4.0 HTTP/1.1" 304 -
201.245.192.253 - - [28/Jun/2024:10:59:55 -0500] "GET /sipsepre/faces/javax.faces.resource/jquery/jquery-plugins.js?ln=primefaces&v=4.0 HTTP/1.1" 304 -
201.245.192.253 - - [28/Jun/2024:10:59:55 -0500] "GET /sipsepre/faces/javax.faces.resource/primefaces.js?ln=primefaces&v=4.0 HTTP/1.1" 304 -
201.245.192.253 - - [28/Jun/2024:10:59:55 -0500] "GET /sipsepre/faces/javax.faces.resource/layout/layout.js?ln=primefaces&v=4.0 HTTP/1.1" 304 -
201.245.192.253 - - [28/Jun/2024:10:59:55 -0500] "GET /sipsepre/faces/javax.faces.resource/messages/messages.png?ln=primefaces&v=4.0 HTTP/1.1" 200 27209
172.22.2.4 - - [28/Jun/2024:10:59:58 -0500] "GET /BLA/boletinlegal/favicon.ico HTTP/1.1" 404 1326
172.22.2.4 - - [28/Jun/2024:10:59:58 -0500] "GET /BLA/boletinlegal/actos.php HTTP/1.1" 200 9738
172.22.2.4 - - [28/Jun/2024:10:59:58 -0500] "GET /BLA/boletinlegal/favicon.ico HTTP/1.1" 404 1326
40.77.167.21 - - [28/Jun/2024:10:59:59 -0500] "GET /BLA/resoluciones/index.php?dir=RESOLUCIONES+2021%2F HTTP/1.1" 200 447527
216.244.66.195 - - [28/Jun/2024:11:00:01 -0500] "GET /BLA/resoluciones/AUTOS%202010/5488.pdf HTTP/1.1" 200 142267
201.245.192.253 - - [28/Jun/2024:11:00:01 -0500] "POST /sipsepre/faces/presentacion/sistema/seguridad/seleccionRol.xhtml HTTP/1.1" 200 6684
201.245.192.253 - - [28/Jun/2024:11:00:02 -0500] "GET /sipsepre/faces/javax.faces.resource/images/ui-bg_flat_0_2d5972_40x100.png?ln=primefaces-aristo HTTP/1.1" 200 183
201.245.192.253 - - [28/Jun/2024:11:00:03 -0500] "GET /kwsrmcab/Wsrmcab?wsdl HTTP/1.1" 200 6948
201.245.192.253 - - [28/Jun/2024:11:00:04 -0500] "POST /sipsepre/faces/presentacion/sistema/seguridad/seleccionRol.xhtml HTTP/1.1" 200 16395
201.245.192.253 - - [28/Jun/2024:11:00:04 -0500] "GET /sipsepre/js/jquery.min.js HTTP/1.1" 304 -
201.245.192.253 - - [28/Jun/2024:11:00:04 -0500] "GET /sipsepre/faces/javax.faces.resource/jquery/jquery.js?ln=primefaces&v=4.0 HTTP/1.1" 304 -
201.245.192.253 - - [28/Jun/2024:11:00:04 -0500] "GET /sipsepre/faces/javax.faces.resource/jquery/jquery-plugins.js?ln=primefaces&v=4.0 HTTP/1.1" 304 -
201.245.192.253 - - [28/Jun/2024:11:00:04 -0500] "GET /sipsepre/faces/javax.faces.resource/primefaces.js?ln=primefaces&v=4.0 HTTP/1.1" 304 -
201.245.192.253 - - [28/Jun/2024:11:00:05 -0500] "GET /sipsepre/faces/javax.faces.resource/layout/layout.js?ln=primefaces&v=4.0 HTTP/1.1" 304 -
201.245.192.253 - - [28/Jun/2024:11:00:05 -0500] "GET /sipsepre/css/v_mergente.css HTTP/1.1" 200 1508
201.245.192.253 - - [28/Jun/2024:11:00:05 -0500] "GET /sipsepre/imagenes/cargando.gif HTTP/1.1" 200 36959
201.245.192.253 - - [28/Jun/2024:11:00:05 -0500] "GET /sipsepre/css/imagen/contrasena.png HTTP/1.1" 404 383
201.245.192.253 - - [28/Jun/2024:11:00:05 -0500] "GET /sipsepre/imagenes/logoAplicacion.jpg HTTP/1.1" 200 155084
201.245.192.253 - - [28/Jun/2024:11:00:26 -0500] "POST /sipsepre/faces/bienvenido.xhtml HTTP/1.1" 200 2658
66.249.66.13 - - [28/Jun/2024:11:00:26 -0500] "GET /transparencia/directorioservidores/2016/junio2016.xlsx HTTP/1.1" 200 92924
201.245.192.253 - - [28/Jun/2024:11:00:27 -0500] "POST /sipsepre/faces/bienvenido.xhtml HTTP/1.1" 200 63198
201.245.192.253 - - [28/Jun/2024:11:00:28 -0500] "GET /sipsepre/faces/javax.faces.resource/jquery/jquery.js?ln=primefaces&v=4.0 HTTP/1.1" 304 -
201.245.192.253 - - [28/Jun/2024:11:00:28 -0500] "GET /sipsepre/faces/javax.faces.resource/jquery/jquery-plugins.js?ln=primefaces&v=4.0 HTTP/1.1" 304 -
201.245.192.253 - - [28/Jun/2024:11:00:29 -0500] "GET /sipsepre/faces/javax.faces.resource/primefaces.js?ln=primefaces&v=4.0 HTTP/1.1" 304 -
201.245.192.253 - - [28/Jun/2024:11:00:29 -0500] "GET /sipsepre/faces/javax.faces.resource/layout/layout.js?ln=primefaces&v=4.0 HTTP/1.1" 304 -
201.245.192.253 - - [28/Jun/2024:11:00:29 -0500] "POST /sipsepre/faces/presentacion/financiero/solicitudProceso/listarSolicitudProceso.xhtml HTTP/1.1" 200 1552
201.245.192.253 - - [28/Jun/2024:11:00:31 -0500] "POST /sipsepre/faces/presentacion/financiero/solicitudProceso/listarSolicitudProceso.xhtml HTTP/1.1" 200 2853
201.245.192.253 - - [28/Jun/2024:11:00:33 -0500] "POST /sipsepre/faces/presentacion/financiero/solicitudProceso/listarSolicitudProceso.xhtml HTTP/1.1" 200 40765
201.245.192.253 - - [28/Jun/2024:11:00:33 -0500] "GET /sipsepre/faces/javax.faces.resource/jquery/jquery.js?ln=primefaces&v=4.0 HTTP/1.1" 304 -
201.245.192.253 - - [28/Jun/2024:11:00:33 -0500] "GET /sipsepre/faces/javax.faces.resource/jquery/jquery-plugins.js?ln=primefaces&v=4.0 HTTP/1.1" 304 -
201.245.192.253 - - [28/Jun/2024:11:00:33 -0500] "GET /sipsepre/faces/javax.faces.resource/primefaces.js?ln=primefaces&v=4.0 HTTP/1.1" 304 -
201.245.192.253 - - [28/Jun/2024:11:00:33 -0500] "GET /sipsepre/faces/javax.faces.resource/layout/layout.js?ln=primefaces&v=4.0 HTTP/1.1" 304 -
201.245.192.253 - - [28/Jun/2024:11:00:33 -0500] "POST /sipsepre/faces/presentacion/financiero/solicitudProceso/consultar.xhtml HTTP/1.1" 200 34144
216.244.66.195 - - [28/Jun/2024:11:00:41 -0500] "GET /BLA/resoluciones/AUTOS%202010/5536.pdf HTTP/1.1" 200 1090337
172.22.2.4 - - [28/Jun/2024:11:00:42 -0500] "GET /BLA/boletinlegal/images/screen_2.png HTTP/1.1" 200 362502
172.22.2.4 - - [28/Jun/2024:11:00:42 -0500] "GET /BLA/boletinlegal/images/screen_3.png HTTP/1.1" 200 210620
172.22.2.4 - - [28/Jun/2024:11:00:42 -0500] "GET /BLA/boletinlegal/images/screen_5.png HTTP/1.1" 200 368876
172.22.2.4 - - [28/Jun/2024:11:00:43 -0500] "GET /BLA/boletinlegal/images/arr_r.jpg HTTP/1.1" 200 1998
201.245.192.253 - - [28/Jun/2024:11:00:36 -0500] "POST /sipsepre/faces/presentacion/financiero/solicitudProceso/consultar.xhtml HTTP/1.1" 200 44835
172.22.2.4 - - [28/Jun/2024:11:00:55 -0500] "GET /BLA/boletinlegal/actos.php HTTP/1.1" 200 9738
199.16.157.181 - - [28/Jun/2024:11:00:57 -0500] "GET /secretaria-de-ambiente-y-universidad-de-la-salle-firman-acuerdo-de-conservacion-en-17-hectareas.html HTTP/1.1" 200 990
199.16.157.182 - - [28/Jun/2024:11:00:58 -0500] "GET /images/Acuerdos%2001%20(1)%20(1).jpeg HTTP/1.1" 200 32884
201.245.192.253 - - [28/Jun/2024:11:01:00 -0500] "GET /sipse/faces/index.xhtml HTTP/1.1" 404 1038
201.245.192.253 - - [28/Jun/2024:11:01:03 -0500] "GET /kwsrmcab/Wsrmcab?wsdl HTTP/1.1" 200 6948
201.245.192.253 - - [28/Jun/2024:11:01:11 -0500] "GET /sipse/faces/index.xhtml HTTP/1.1" 404 1038
201.245.192.253 - - [28/Jun/2024:11:01:14 -0500] "GET /sipse/faces/index.xhtml HTTP/1.1" 404 1038
201.245.192.253 - - [28/Jun/2024:11:01:22 -0500] "POST /forms/lservlet;jsessionid=ac16012b30d6716d42d0eef24d9cbe79d3fe11a80187.e3iSbxaKaheRe34OahmPbx4Oa3z0n6jAmljGr5XDqQLvpAe HTTP/1.1" 200 2
201.245.192.253 - - [28/Jun/2024:11:01:25 -0500] "POST /kwsrmcab/Wsrmcab  HTTP/1.1" 200 213
172.22.2.4 - - [28/Jun/2024:11:00:35 -0500] "GET /BLA/boletinlegal/ HTTP/1.1" 200 36811
216.244.66.195 - - [28/Jun/2024:11:01:31 -0500] "GET /BLA/resoluciones/AUTOS%202010/5571.pdf HTTP/1.1" 200 333107
66.249.66.13 - - [28/Jun/2024:11:01:44 -0500] "GET /transparencia/New%20folder/4.%20EJECUCION%20RESERVAS%20ABRIL%202020.pdf HTTP/1.1" 200 180365
172.22.2.4 - - [28/Jun/2024:11:01:44 -0500] "GET /BLA/boletinlegal/consulta_actos.php?tipo=resoluciones&no=2409&usuario=&sector=&fecha=2020&resuelve= HTTP/1.1" 200 1164
191.91.96.111 - - [28/Jun/2024:11:01:47 -0500] "GET /BLA/resoluciones/RESOLUCIONES%202020/2409.pdf HTTP/1.1" 200 678759
181.59.2.82 - - [28/Jun/2024:11:01:51 -0500] "GET /appsia/controlador HTTP/1.1" 200 4799
181.59.2.82 - - [28/Jun/2024:11:01:51 -0500] "GET /appsia/css/estilos.css HTTP/1.1" 200 4804
181.59.2.82 - - [28/Jun/2024:11:01:51 -0500] "GET /appsia/scripts/validarIngreso.js HTTP/1.1" 200 851
181.59.2.82 - - [28/Jun/2024:11:01:51 -0500] "GET /appsia/images/cabezoteHojaVida.png HTTP/1.1" 200 32493
181.59.2.82 - - [28/Jun/2024:11:01:51 -0500] "GET /appsia/images/logo_bogota_p.png HTTP/1.1" 200 14951
181.59.2.82 - - [28/Jun/2024:11:01:51 -0500] "GET /favicon.ico HTTP/1.1" 200 7782
66.249.66.11 - - [28/Jun/2024:11:01:52 -0500] "GET /BLA/resoluciones/RESOLUCIONES%202002/RES%202002%20151-200/2002RES176.tif HTTP/1.1" 200 207922
201.245.192.253 - - [28/Jun/2024:11:01:56 -0500] "GET /sipse/faces/index.xhtml HTTP/1.1" 404 1038
201.245.192.253 - - [28/Jun/2024:11:01:56 -0500] "GET /favicon.ico HTTP/1.1" 200 7782
201.245.192.253 - - [28/Jun/2024:11:02:02 -0500] "POST /sipsepre/faces/presentacion/financiero/solicitudProceso/consultar.xhtml HTTP/1.1" 200 911
201.245.192.253 - - [28/Jun/2024:11:02:03 -0500] "GET /kwsrmcab/Wsrmcab?wsdl HTTP/1.1" 200 6948
201.245.192.253 - - [28/Jun/2024:11:02:03 -0500] "GET /sipsepre/faces/faces/faces/faces/faces/autenticacion HTTP/1.1" 302 -
201.245.192.253 - - [28/Jun/2024:11:02:03 -0500] "GET /sipsepre/faces/autenticacion.xhtml HTTP/1.1" 200 12439
201.245.192.253 - - [28/Jun/2024:11:02:03 -0500] "GET /sipsepre/faces/javax.faces.resource/theme.css?ln=primefaces-sipse HTTP/1.1" 304 -
201.245.192.253 - - [28/Jun/2024:11:02:03 -0500] "GET /sipsepre/faces/javax.faces.resource/layout/layout.css?ln=primefaces&v=4.0 HTTP/1.1" 200 542
201.245.192.253 - - [28/Jun/2024:11:02:03 -0500] "GET /sipsepre/faces/javax.faces.resource/jquery/jquery.js?ln=primefaces&v=4.0 HTTP/1.1" 304 -
201.245.192.253 - - [28/Jun/2024:11:02:03 -0500] "GET /sipsepre/faces/javax.faces.resource/jquery/jquery-plugins.js?ln=primefaces&v=4.0 HTTP/1.1" 304 -
201.245.192.253 - - [28/Jun/2024:11:02:03 -0500] "GET /sipsepre/faces/javax.faces.resource/primefaces.js?ln=primefaces&v=4.0 HTTP/1.1" 304 -
201.245.192.253 - - [28/Jun/2024:11:02:03 -0500] "GET /sipsepre/faces/javax.faces.resource/layout/layout.js?ln=primefaces&v=4.0 HTTP/1.1" 304 -
201.245.192.253 - - [28/Jun/2024:11:02:03 -0500] "GET /sipsepre/faces/javax.faces.resource/primefaces.css?ln=primefaces&v=4.0 HTTP/1.1" 200 53325
201.245.192.253 - - [28/Jun/2024:11:02:03 -0500] "GET /sipsepre/faces/javax.faces.resource/images/ui-icons_898989_256x240.png?ln=primefaces-aristo HTTP/1.1" 200 5355
201.245.192.253 - - [28/Jun/2024:11:02:03 -0500] "GET /favicon.ico HTTP/1.1" 200 7782
172.22.2.4 - - [28/Jun/2024:11:02:06 -0500] "GET /BLA/boletinlegal/actos.php HTTP/1.1" 200 9738
201.245.192.253 - - [28/Jun/2024:11:02:06 -0500] "POST /sipsepre/faces/autenticacion.xhtml HTTP/1.1" 200 16225
201.245.192.253 - - [28/Jun/2024:11:02:06 -0500] "GET /sipsepre/faces/javax.faces.resource/jquery/jquery.js?ln=primefaces&v=4.0 HTTP/1.1" 304 -
201.245.192.253 - - [28/Jun/2024:11:02:06 -0500] "GET /sipsepre/faces/javax.faces.resource/jquery/jquery-plugins.js?ln=primefaces&v=4.0 HTTP/1.1" 304 -
201.245.192.253 - - [28/Jun/2024:11:02:06 -0500] "GET /sipsepre/faces/javax.faces.resource/primefaces.js?ln=primefaces&v=4.0 HTTP/1.1" 304 -
201.245.192.253 - - [28/Jun/2024:11:02:07 -0500] "GET /sipsepre/faces/javax.faces.resource/layout/layout.js?ln=primefaces&v=4.0 HTTP/1.1" 304 -
172.22.2.4 - - [28/Jun/2024:11:02:07 -0500] "GET /BLA/boletinlegal/favicon.ico HTTP/1.1" 404 1326
201.245.192.253 - - [28/Jun/2024:11:02:07 -0500] "GET /sipsepre/faces/javax.faces.resource/messages/messages.png?ln=primefaces&v=4.0 HTTP/1.1" 200 27209
191.156.236.134 - - [28/Jun/2024:11:02:11 -0500] "GET /sipse/faces/javax.faces.resource/theme.css?ln=primefaces-sipse HTTP/1.1" 404 1095
191.156.236.134 - - [28/Jun/2024:11:02:11 -0500] "GET /sipse/faces/faces/autenticacion.xhtml HTTP/1.1" 404 1080
216.244.66.195 - - [28/Jun/2024:11:02:15 -0500] "GET /BLA/resoluciones/AUTOS%202010/6662.pdf HTTP/1.1" 200 374724
201.245.192.253 - - [28/Jun/2024:11:02:15 -0500] "GET /sipse/faces/index.xhtml HTTP/1.1" 404 1038
201.245.192.253 - - [28/Jun/2024:11:02:15 -0500] "GET /favicon.ico HTTP/1.1" 200 7782
172.22.2.4 - - [28/Jun/2024:11:02:21 -0500] "GET /BLA/boletinlegal/robots.txt HTTP/1.1" 404 1038
40.77.167.136 - - [28/Jun/2024:11:02:21 -0500] "GET /BLA/resoluciones/AUTOS%202021/2441.pdf HTTP/1.1" 304 -
66.249.66.11 - - [28/Jun/2024:11:02:27 -0500] "GET /transparencia/General%20Asignado/2%20Historico/97%20Apropiacion%20Inicial%202011.pdf HTTP/1.1" 200 30106
201.245.192.253 - - [28/Jun/2024:11:02:33 -0500] "GET /sipse/faces/index.xhtml HTTP/1.1" 404 1038
201.245.192.253 - - [28/Jun/2024:11:02:33 -0500] "GET /favicon.ico HTTP/1.1" 200 7782
172.22.2.4 - - [28/Jun/2024:11:02:37 -0500] "GET /BLA/boletinlegal/consulta_actos.php?tipo=resoluciones&no=944&usuario=&sector=&fecha=2021&resuelve= HTTP/1.1" 200 2541
172.22.2.4 - - [28/Jun/2024:11:02:37 -0500] "GET /BLA/boletinlegal/images/background.gif HTTP/1.1" 200 -
201.245.192.253 - - [28/Jun/2024:11:02:38 -0500] "GET /sipse/faces/index.xhtml HTTP/1.1" 404 1038
201.245.192.253 - - [28/Jun/2024:11:02:40 -0500] "GET /sipsepre/faces/javax.faces.resource/images/ui-bg_flat_0_2d5972_40x100.png?ln=primefaces-aristo HTTP/1.1" 200 183
201.245.192.253 - - [28/Jun/2024:11:02:40 -0500] "POST /sipsepre/faces/bienvenido.xhtml HTTP/1.1" 200 1471
66.249.66.11 - - [28/Jun/2024:11:02:40 -0500] "GET /BLA/resoluciones/RESOLUCIONES%202002/RES%202002%201201-1250/20021208.tif HTTP/1.1" 200 46866
172.22.2.4 - - [28/Jun/2024:11:01:00 -0500] "HEAD /BLA/boletinlegal/ HTTP/1.1" 200 -
191.156.236.175 - - [28/Jun/2024:11:02:42 -0500] "GET /BLA/resoluciones/RESOLUCIONES%202021/0944.pdf HTTP/1.1" 200 545063
191.156.236.175 - - [28/Jun/2024:11:02:43 -0500] "GET /favicon.ico HTTP/1.1" 200 7782
201.245.192.253 - - [28/Jun/2024:11:02:40 -0500] "POST /sipsepre/faces/bienvenido.xhtml HTTP/1.1" 200 60906
201.245.192.253 - - [28/Jun/2024:11:02:43 -0500] "GET /sipsepre/faces/javax.faces.resource/jquery/jquery.js?ln=primefaces&v=4.0 HTTP/1.1" 304 -
201.245.192.253 - - [28/Jun/2024:11:02:43 -0500] "GET /sipsepre/faces/javax.faces.resource/jquery/jquery-plugins.js?ln=primefaces&v=4.0 HTTP/1.1" 304 -
201.245.192.253 - - [28/Jun/2024:11:02:43 -0500] "GET /sipsepre/faces/javax.faces.resource/primefaces.js?ln=primefaces&v=4.0 HTTP/1.1" 304 -
201.245.192.253 - - [28/Jun/2024:11:02:44 -0500] "GET /sipsepre/faces/javax.faces.resource/layout/layout.js?ln=primefaces&v=4.0 HTTP/1.1" 304 -
201.245.192.253 - - [28/Jun/2024:11:02:44 -0500] "POST /sipsepre/faces/presentacion/financiero/solicitudProceso/listarSolicitudProceso.xhtml HTTP/1.1" 200 1552
66.249.66.11 - - [28/Jun/2024:11:02:58 -0500] "GET /BLA/resoluciones/RESOLUCIONES%202002/RES%202002%201051-1100/00001073.tif HTTP/1.1" 200 38990
201.245.192.253 - - [28/Jun/2024:11:03:03 -0500] "GET /kwsrmcab/Wsrmcab?wsdl HTTP/1.1" 200 6948
216.244.66.195 - - [28/Jun/2024:11:03:05 -0500] "GET /BLA/resoluciones/AUTOS%202012/2388.pdf HTTP/1.1" 200 314616
172.22.2.4 - - [28/Jun/2024:11:02:04 -0500] "GET /BLA/boletinlegal/ HTTP/1.1" 200 24523
66.249.66.11 - - [28/Jun/2024:11:03:17 -0500] "GET /BLA/resoluciones/RESOLUCIONES%202002/RES%202002%20501-550/00000531.tif HTTP/1.1" 200 91568
201.245.192.253 - - [28/Jun/2024:11:03:22 -0500] "POST /forms/lservlet;jsessionid=ac16012b30d6716d42d0eef24d9cbe79d3fe11a80187.e3iSbxaKaheRe34OahmPbx4Oa3z0n6jAmljGr5XDqQLvpAe HTTP/1.1" 200 2
172.22.2.4 - - [28/Jun/2024:11:03:32 -0500] "GET /BLA/boletinlegal/actos.php HTTP/1.1" 200 9738
172.22.2.4 - - [28/Jun/2024:11:03:32 -0500] "GET /BLA/boletinlegal/niceforms.js HTTP/1.1" 200 22876
172.22.2.4 - - [28/Jun/2024:11:03:32 -0500] "GET /BLA/boletinlegal/js/lib.js HTTP/1.1" 200 6474
172.22.2.4 - - [28/Jun/2024:11:03:32 -0500] "GET /BLA/boletinlegal/js/jquery1.js HTTP/1.1" 200 29846
172.22.2.4 - - [28/Jun/2024:11:03:32 -0500] "GET /BLA/boletinlegal/js/popup.js HTTP/1.1" 200 1270
172.22.2.4 - - [28/Jun/2024:11:03:32 -0500] "GET /BLA/boletinlegal/images/cabezote%20BLEGAL.jpg HTTP/1.1" 200 118164
172.22.2.4 - - [28/Jun/2024:11:03:32 -0500] "GET /BLA/boletinlegal/js/ajax_actos.js HTTP/1.1" 200 1322
172.22.2.4 - - [28/Jun/2024:11:03:32 -0500] "GET /BLA/boletinlegal/images/subscribe-icon-big.png HTTP/1.1" 200 47702
172.22.2.4 - - [28/Jun/2024:11:03:32 -0500] "GET /BLA/boletinlegal/images/historia.png HTTP/1.1" 200 52775
172.22.2.4 - - [28/Jun/2024:11:03:32 -0500] "GET /BLA/boletinlegal/images/tel.png HTTP/1.1" 200 14477
172.22.2.4 - - [28/Jun/2024:11:03:32 -0500] "GET /BLA/boletinlegal/images/registro-usuarios.png HTTP/1.1" 200 8106
172.22.2.4 - - [28/Jun/2024:11:03:32 -0500] "GET /BLA/boletinlegal/images/green-yellow-blue-pink-th.png HTTP/1.1" 200 7394
172.22.2.4 - - [28/Jun/2024:11:03:32 -0500] "GET /BLA/boletinlegal/images/icono-email.png HTTP/1.1" 200 5544
172.22.2.4 - - [28/Jun/2024:11:03:32 -0500] "GET /BLA/boletinlegal/images/body_bg.jpg HTTP/1.1" 200 1601
172.22.2.4 - - [28/Jun/2024:11:03:32 -0500] "GET /BLA/boletinlegal/images/menu_lft.gif HTTP/1.1" 200 1713
172.22.2.4 - - [28/Jun/2024:11:03:32 -0500] "GET /BLA/boletinlegal/images/menu_rght.gif HTTP/1.1" 200 1627
172.22.2.4 - - [28/Jun/2024:11:03:32 -0500] "GET /BLA/boletinlegal/images/bg_top.jpg HTTP/1.1" 200 522
172.22.2.4 - - [28/Jun/2024:11:03:32 -0500] "GET /BLA/boletinlegal/images/hover.jpg HTTP/1.1" 200 640
172.22.2.4 - - [28/Jun/2024:11:03:32 -0500] "GET /BLA/boletinlegal/images/text.jpg HTTP/1.1" 200 568
172.22.2.4 - - [28/Jun/2024:11:03:32 -0500] "GET /BLA/boletinlegal/images/menu_bg.jpg HTTP/1.1" 200 620
172.22.2.4 - - [28/Jun/2024:11:03:32 -0500] "GET /BLA/boletinlegal/images/footer_bg.jpg HTTP/1.1" 200 586
172.22.2.4 - - [28/Jun/2024:11:03:32 -0500] "GET /BLA/boletinlegal/images/footer_bg_l.jpg HTTP/1.1" 200 776
172.22.2.4 - - [28/Jun/2024:11:03:32 -0500] "GET /BLA/boletinlegal/img/0.png HTTP/1.1" 200 110
172.22.2.4 - - [28/Jun/2024:11:03:32 -0500] "GET /BLA/boletinlegal/img/button.png HTTP/1.1" 200 43241
172.22.2.4 - - [28/Jun/2024:11:03:32 -0500] "GET /BLA/boletinlegal/img/select-left.png HTTP/1.1" 200 263
172.22.2.4 - - [28/Jun/2024:11:03:32 -0500] "GET /BLA/boletinlegal/img/button-right.png HTTP/1.1" 200 57878
172.22.2.4 - - [28/Jun/2024:11:03:32 -0500] "GET /BLA/boletinlegal/img/button-left.png HTTP/1.1" 200 57071
172.22.2.4 - - [28/Jun/2024:11:03:32 -0500] "GET /BLA/boletinlegal/img/select-right.png HTTP/1.1" 200 44019
172.22.2.4 - - [28/Jun/2024:11:03:32 -0500] "GET /BLA/boletinlegal/favicon.ico HTTP/1.1" 404 1326
66.249.66.11 - - [28/Jun/2024:11:03:35 -0500] "GET /BLA/resoluciones/RESOLUCIONES%202002/RES%202002%201301-1350/20021315.tif HTTP/1.1" 200 64516
172.22.2.4 - - [28/Jun/2024:11:03:38 -0500] "GET /BLA/boletinlegal/consulta_actos.php?tipo=resoluciones&no=0778&usuario=&sector=&fecha=2024&resuelve= HTTP/1.1" 200 626
172.22.2.4 - - [28/Jun/2024:11:03:40 -0500] "GET /BLA/boletinlegal/consulta_actos.php?tipo=autos&no=00405&usuario=&sector=&fecha=2024&resuelve= HTTP/1.1" 200 626
172.22.2.4 - - [28/Jun/2024:11:03:46 -0500] "GET /BLA/boletinlegal/consulta_actos.php?tipo=autos&no=405&usuario=&sector=&fecha=2024&resuelve= HTTP/1.1" 200 626
216.244.66.195 - - [28/Jun/2024:11:03:47 -0500] "GET /BLA/resoluciones/AUTOS%202023/3512.pdf HTTP/1.1" 200 439976
172.22.2.4 - - [28/Jun/2024:11:03:47 -0500] "GET /BLA/boletinlegal/consulta_actos.php?tipo=autos&no=405&usuario=&sector=&fecha=2024&resuelve= HTTP/1.1" 200 626
172.22.2.4 - - [28/Jun/2024:11:03:55 -0500] "POST /BLA/boletinlegal/admin/actos/ingresar.php HTTP/1.1" 200 7303
172.22.2.4 - - [28/Jun/2024:11:04:00 -0500] "GET /BLA/boletinlegal/consulta_actos.php?tipo=resoluciones&no=0778&usuario=&sector=&fecha=2024&resuelve= HTTP/1.1" 200 1092
201.245.192.253 - - [28/Jun/2024:11:04:03 -0500] "GET /kwsrmcab/Wsrmcab?wsdl HTTP/1.1" 200 6948
172.22.2.4 - - [28/Jun/2024:11:02:23 -0500] "GET /BLA/boletinlegal/index.php HTTP/1.1" 200 40647
201.245.192.253 - - [28/Jun/2024:11:04:06 -0500] "POST /sipsepre/faces/presentacion/financiero/solicitudProceso/consultar.xhtml HTTP/1.1" 200 12686
201.245.192.253 - - [28/Jun/2024:11:04:10 -0500] "POST /sipsepre/faces/presentacion/financiero/solicitudProceso/consultar.xhtml HTTP/1.1" 200 127539
201.245.192.253 - - [28/Jun/2024:11:04:11 -0500] "GET /sipsepre/faces/javax.faces.resource/jquery/jquery.js?ln=primefaces&v=4.0 HTTP/1.1" 304 -
201.245.192.253 - - [28/Jun/2024:11:04:11 -0500] "GET /sipsepre/faces/javax.faces.resource/jquery/jquery-plugins.js?ln=primefaces&v=4.0 HTTP/1.1" 304 -
201.245.192.253 - - [28/Jun/2024:11:04:11 -0500] "GET /sipsepre/faces/javax.faces.resource/primefaces.js?ln=primefaces&v=4.0 HTTP/1.1" 304 -
201.245.192.253 - - [28/Jun/2024:11:04:11 -0500] "GET /sipsepre/faces/javax.faces.resource/layout/layout.js?ln=primefaces&v=4.0 HTTP/1.1" 304 -
201.245.192.253 - - [28/Jun/2024:11:04:11 -0500] "GET /reportes_sipsepre/sdg/ServletReporte?reporte=solicitud_cdp&Solicitud=14433&pfdrid_c=false HTTP/1.1" 200 91178
172.22.2.4 - - [28/Jun/2024:11:04:12 -0500] "GET /BLA/boletinlegal/consulta_actos.php?tipo=resoluciones&no=405&usuario=&sector=&fecha=2024&resuelve= HTTP/1.1" 200 1148
172.22.2.4 - - [28/Jun/2024:11:02:32 -0500] "HEAD /BLA/boletinlegal/ HTTP/1.1" 200 -
201.245.192.253 - - [28/Jun/2024:11:04:13 -0500] "POST /sipsepre/faces/presentacion/financiero/solicitudProceso/consultarSolicitudProceso.xhtml HTTP/1.1" 200 54416
201.245.192.253 - - [28/Jun/2024:11:04:14 -0500] "GET /sipsepre/faces/javax.faces.resource/theme.css?ln=primefaces-sipse HTTP/1.1" 304 -
201.245.192.253 - - [28/Jun/2024:11:04:14 -0500] "GET /sipsepre/faces/javax.faces.resource/primefaces.css?ln=primefaces&v=4.0 HTTP/1.1" 304 -
201.245.192.253 - - [28/Jun/2024:11:04:14 -0500] "GET /sipsepre/faces/javax.faces.resource/primefaces.js?ln=primefaces&v=4.0 HTTP/1.1" 304 -
201.245.192.253 - - [28/Jun/2024:11:04:14 -0500] "GET /sipsepre/faces/javax.faces.resource/jquery/jquery-plugins.js?ln=primefaces&v=4.0 HTTP/1.1" 304 -
201.245.192.253 - - [28/Jun/2024:11:04:14 -0500] "GET /sipsepre/faces/javax.faces.resource/jquery/jquery.js?ln=primefaces&v=4.0 HTTP/1.1" 304 -
201.245.192.253 - - [28/Jun/2024:11:04:14 -0500] "GET /sipsepre/faces/javax.faces.resource/layout/layout.js?ln=primefaces&v=4.0 HTTP/1.1" 304 -
