66.249.66.11 - - [29/Jun/2024:08:21:34 -0500] "GET /BLA/resoluciones/RESOLUCIONES%202022/3183.pdf HTTP/1.1" 200 343624
216.244.66.195 - - [29/Jun/2024:08:21:36 -0500] "GET /BLA/resoluciones/AUTOS%202015/4611.pdf HTTP/1.1" 200 468979
66.249.66.11 - - [29/Jun/2024:08:21:39 -0500] "GET /BLA/resoluciones/RESOLUCIONES%202022/4409.pdf HTTP/1.1" 200 464892
216.245.221.92 - - [29/Jun/2024:08:21:50 -0500] "HEAD / HTTP/1.1" 200 -
186.102.118.166 - - [29/Jun/2024:08:21:51 -0500] "GET /kwssiamovil/sm/ldap/au?x=U2FsdGVkX18ALZJWM5/s01S1V0X13E04BPLFL7KQnF9DwAet5kNeq+OuedX5n7nD&y=U2FsdGVkX198/KBFMgJJcaXHTEgywN5dEpILsTAhGamM8NIji1hYxp3bYzR/jO1m HTTP/1.1" 200 30
186.102.118.166 - - [29/Jun/2024:08:21:51 -0500] "GET /kwssiamovil/sm/acme/s?s=U2FsdGVkX19Mxrutv3uJdzUz91ehZRXKWWSxFvQXHJHBRQNRq8GilzpoRVwONhIwWZy8IbgaRJXWPHqznqMHTvxVmOpv2d/nkBXsjcnn2tc=&u=U2FsdGVkX1+G4L2z2p/VTtWSsn1tyT/g0r8jPm8CYxXoyfpnvKwK4DvNqvMulhe3&y=U2FsdGVkX198/KBFMgJJcaXHTEgywN5dEpILsTAhGamM8NIji1hYxp3bYzR/jO1m HTTP/1.1" 200 97
186.102.118.166 - - [29/Jun/2024:08:21:52 -0500] "GET /kwssiamovil/sm/acme/s?s=U2FsdGVkX18LdPUXiHy1g7M3cwBI2xPnNlaZ1Rkbsq0bBFhzPWGmovIjCXKtr6Y4nmtIBJ2gn9imelG2MruyGsDgr6YafwqH+Jh7B6L1yV2R6l64fBVcLSVFYe32w7Fc2A6jinDYZJQtmjAdliDVEN0IcgBHhYz0ktQ7hkby5H8cGBugSCjlqrsOj3T7qhwfEhKEl0hJYC8j82w8URVxKeVXvBZNRkK0G26Y6evA9r2i3kt+vXdi6BoaBrZSObWLp8d5hdsuYsj5AHv43xk/CBhFRdPFAFDQXPZkdp8I2wPHYtHVuwnpjKI2K0H5VL4CuKinqHuUdTF7sXjRrZumtRBbgV/V2hq7ch9Wdte3fCCGvV73ilsFDP94o1pwa4G2NkixIyYmeQ7EwVyAlZEvdytDMUMdrYEoqokF5ksMNf15v0r5qzexmZpnrh+6EtIWmKGfnCAZwDF+Z9O91rGvgH3ukEDyvkaFtV6Sr9mM7JGtw3V1oKNg9/gkjJtXbIhyobcTvPA2tqyCrrdjU70oGdmWp6L+gt05j2t4aG5FQq4cpoXxkOnTOKswJUR62burMHv0zunO+W8bPKrnCDOGJfVorDdQr0E3hCyMD5yailTjcXeKLNFQuby4iv2gAAlp58nO5aJv2UTNaTmNhrPEV1SRYWoTLhAtYDRtjohLPBz70ZQ5x79s+VsyHdAyJ2q6FPzVuka6t7OBHgm7gszQiBSJbN57KLOjlwaVVF5J5D/4J+Kg6FGsz95nvUfuAptd8iqk+Ex5QDCvOWqn0/ZUySdL+ev5lK4YDlzuLQnEOhyOY69qOvFRmsPfWMXNq+zOA0zwVqkOMbHF6a/DWr3pBHI6voc7dHc9FPAv+2HPef/UUBbxHUpQw63llPA1l42cv/0mnCHGuN6HBC/znRktzrzLdiaj38d6leX3N08n8j+L7HEzzYWPwB1ELXdXQlCJcUywXEzyDLNasMjuQFKlJ5WLz+wJBJZd0D/07Yld/rHzUUBZrT1OqNfaT/yXs8kLm7YDLTEFp9Asq6cJtdHLnOYscLc0Hsz+CBo9aC/ycSDrFF1NSx0IdUrDYWdU0Ei+yPUH9AZ3VWj5ec6d8drbzS3MA1D4Fk3IdwQYK6x6daKjxYYaPAPvGPEnsoHNDeWSEFxyT3zwaBMdgQ4bNMd8weYO70sUoyFb6vhKWRzpPC/g7LYpe7ViblCnNCuspVoe9IXY6wVkJpme00ph3V7CzTFfo1iMtKGdMx/68hqYWec9czsR19Drq/eAIL4uX8uJBe7cNhg70lLrfaDFpvMsuNyTerVatv5cvdIxEBYL8gXyDrrFxknza/KSiI1iqny+8zDLjv+PiNFJh7nt4vHkAEkMTkpEObThCI/06kmKTuyTTtW5E95CVDzQJfXHTkMB2PNFPh2CDbpc8+9gLspmKPQigWqthe6ZPBDGJLAyIEPvf3oopxEcDGi1iPBmm4oREsSWB5L3vPJeCWyOJK3I7X2tvtWrV85EyM4T4FPiCmmuyun0eTuMQ+fhPpvPOqF47OgRYKXA7hoVFLV/oRNb766olnoZyrJEVuGqRty0Gn1Z0m9ucsOfkSsvalpdDIm9g4p/W5rtGhSynza1DDzPUKDJgjVsjFb+cjIotHFvf3dY7lN0yek1M2ioC5RotiZapE1xD/U7Ve1yg3bmw9VdXunEEyymeMnpp/TjwoAgJBL77HuhEaljMt5EYibdaOriiWGubwrubxWA1PxOy6VF6KLMpC4+gvsScqafTfLL5Q66ECN1wYdYGoSgDuCYc7Or&u=U2FsdGVkX1+G4L2z2p/VTtWSsn1tyT/g0r8jPm8CYxXoyfpnvKwK4DvNqvMulhe3&y=U2FsdGVkX198/KBFMgJJcaXHTEgywN5dEpILsTAhGamM8NIji1hYxp3bYzR/jO1m HTTP/1.1" 200 8284
186.102.118.166 - - [29/Jun/2024:08:21:52 -0500] "GET /kwssiamovil/sm/acme/s?s=U2FsdGVkX1+hNDjn9vQT7pZQGJOrE7MR+WhgCHr+NSF5bMA8cUOlZCNsrFw6ezSPIllRXtNUUY5LmrGWG11gTmzt/CGkNvf50ooYWZxZI12eAUnVItXiOw2edrYNQc5M1qyJG2zdZWVvzEmpBi4lbli8xmFF9xGbTiZr/0NVM+TEQCq2Ir6qnggHXdI51zQ4enRKP5z+qjH5jhQ/jEOXgubKroZawtO3dVkFg5eF0AXrdk7AkA7dGtn3GkxY5teHY1otSGQFpaXd0AUxbWFZwEsOCrklJGgKCV+Qs8mPzv3WYLy8Zhktevc+3en2Nct7EMGIbg+mO6BDSwkXviS0SV7OL/ZPXBK7bXYWt704digrrl6kQG9DAPB6lK9I7YI2I71bbPay7bndOX2rTWDN1iLVw4zZOfA4ROTldmuWLVnHIo27wGRgYuBvx4ANU3slXDtMKum9ZHmOznzy2fyT/rM+XkfG9mmZm90J+8yQlb1JXU8nZ7bJYsJDA04awbCnjPKGutrV2FRfvxx/58xecDY1O8oE8alO+zphho5wJXjTSw29QdGgyf0y4egDhYGP76XrfGi5WN0oM7cX7VKE5I5CtRzcexXZHSp5G5YRvKQCZm/ENsvrBEIofTBi7bt70cwP8J8QJNgZH1+iBmh96mYix87yjyx+fy82HzQTH0sR/DOK1qdIF1H6m6jRw9pXPUgW1DK7SLKO8AGr3l4VzRkYdYDguRMaXfg3HMm0EQJd2Hwr+rOjQ6rxhUjhfT5Y&u=U2FsdGVkX1+G4L2z2p/VTtWSsn1tyT/g0r8jPm8CYxXoyfpnvKwK4DvNqvMulhe3&y=U2FsdGVkX198/KBFMgJJcaXHTEgywN5dEpILsTAhGamM8NIji1hYxp3bYzR/jO1m HTTP/1.1" 200 208
186.102.118.166 - - [29/Jun/2024:08:21:52 -0500] "GET /kwssiamovil/sm/cjson/pre?f=1&x=U2FsdGVkX18ALZJWM5/s01S1V0X13E04BPLFL7KQnF9DwAet5kNeq+OuedX5n7nD HTTP/1.1" 200 30244
201.245.192.253 - - [29/Jun/2024:08:21:56 -0500] "POST /forms/lservlet;jsessionid=ac16012b30d6716d42d0eef24d9cbe79d3fe11a80187.e3iSbxaKaheRe34OahmPbx4Oa3z0n6jAmljGr5XDqQLvpAe HTTP/1.1" 200 2
201.245.192.253 - - [29/Jun/2024:08:21:58 -0500] "GET /kwsrmcab/Wsrmcab?wsdl HTTP/1.1" 200 6948
172.22.2.4 - - [29/Jun/2024:08:22:23 -0500] "GET /BLA/boletinlegal/actos.php HTTP/1.1" 200 9738
172.22.2.4 - - [29/Jun/2024:08:22:23 -0500] "GET /BLA/boletinlegal/favicon.ico HTTP/1.1" 404 1326
216.244.66.195 - - [29/Jun/2024:08:22:26 -0500] "GET /BLA/resoluciones/AUTOS%202015/7321.pdf HTTP/1.1" 200 541213
66.249.66.11 - - [29/Jun/2024:08:22:34 -0500] "GET /BLA/resoluciones/RESOLUCIONES%202022/1775.pdf HTTP/1.1" 200 466404
172.22.2.4 - - [29/Jun/2024:08:22:37 -0500] "GET /BLA/boletinlegal/robots.txt HTTP/1.1" 404 1038
66.249.66.11 - - [29/Jun/2024:08:22:40 -0500] "GET /BLA/resoluciones/RESOLUCIONES%202022/3461.pdf HTTP/1.1" 200 380695
172.22.2.4 - - [29/Jun/2024:08:22:55 -0500] "GET /BLA/boletinlegal/consulta_actos.php?tipo=resoluciones&no=0824&usuario=&sector=&fecha=2021&resuelve= HTTP/1.1" 200 1101
172.22.2.4 - - [29/Jun/2024:08:22:21 -0500] "GET /BLA/boletinlegal/ HTTP/1.1" 200 24523
186.29.32.106 - - [29/Jun/2024:08:22:57 -0500] "GET /BLA/resoluciones/RESOLUCIONES%202021/0824.pdf HTTP/1.1" 200 610334
186.29.32.106 - - [29/Jun/2024:08:22:58 -0500] "GET /BLA/resoluciones/RESOLUCIONES%202021/0824.pdf HTTP/1.1" 200 610334
186.29.32.106 - - [29/Jun/2024:08:22:58 -0500] "GET /BLA/resoluciones/RESOLUCIONES%202021/0824.pdf HTTP/1.1" 206 1025
201.245.192.253 - - [29/Jun/2024:08:22:58 -0500] "GET /kwsrmcab/Wsrmcab?wsdl HTTP/1.1" 200 6948
190.85.52.177 - - [29/Jun/2024:08:23:01 -0500] "GET /BLA/resoluciones/index.php?dir=RESOLUCIONES+2022%2F HTTP/1.1" 200 330769
190.85.52.177 - - [29/Jun/2024:08:23:08 -0500] "GET /BLA/resoluciones/RESOLUCIONES%202022/1546.pdf HTTP/1.1" 200 564318
172.22.2.4 - - [29/Jun/2024:08:23:16 -0500] "GET /BLA/boletinlegal/robots.txt HTTP/1.1" 404 1038
216.244.66.195 - - [29/Jun/2024:08:23:19 -0500] "GET /BLA/resoluciones/AUTOS%202021/6328.pdf HTTP/1.1" 200 401661
172.22.2.4 - - [29/Jun/2024:08:23:34 -0500] "GET /BLA/boletinlegal/robots.txt HTTP/1.1" 404 1038
66.249.66.11 - - [29/Jun/2024:08:23:35 -0500] "GET /BLA/resoluciones/RESOLUCIONES%202022/2768.pdf HTTP/1.1" 200 500626
66.249.66.11 - - [29/Jun/2024:08:23:40 -0500] "GET /BLA/resoluciones/RESOLUCIONES%202022/0980.pdf HTTP/1.1" 200 336054
66.249.66.11 - - [29/Jun/2024:08:23:40 -0500] "GET /BLA/resoluciones/RESOLUCIONES%202022/0189.pdf HTTP/1.1" 200 512431
66.249.66.11 - - [29/Jun/2024:08:23:41 -0500] "GET /BLA/resoluciones/RESOLUCIONES%202022/0293.pdf HTTP/1.1" 200 339865
66.249.66.12 - - [29/Jun/2024:08:23:56 -0500] "GET /BLA/resoluciones/RESOLUCIONES%202002/RES%202002%20551-600/00000563.tif HTTP/1.1" 200 131344
201.245.192.253 - - [29/Jun/2024:08:23:56 -0500] "POST /forms/lservlet;jsessionid=ac16012b30d6716d42d0eef24d9cbe79d3fe11a80187.e3iSbxaKaheRe34OahmPbx4Oa3z0n6jAmljGr5XDqQLvpAe HTTP/1.1" 200 2
201.245.192.253 - - [29/Jun/2024:08:23:58 -0500] "GET /kwsrmcab/Wsrmcab?wsdl HTTP/1.1" 200 6948
79.110.72.123 - - [29/Jun/2024:08:24:02 -0500] "GET /BLA/resoluciones/RESOLUCIONES%20CONJUNTAS/Resolucion%20conjunta%20No.%20001-2017.pdf HTTP/1.1" 200 332456
186.102.118.166 - - [29/Jun/2024:08:24:03 -0500] "GET /kwssiamovil/sm/ldap/au?x=U2FsdGVkX1+V5KtV/tLDapG5NOe35DkOWEYVhWs7/foeMFo0WspKvCr6qhn5ecuF&y=U2FsdGVkX18IuLSoWiBNRRhPonAzA1TNugZCM0PnvU4oOHWae4J9N1AEDRgkZkr7 HTTP/1.1" 200 30
186.102.118.166 - - [29/Jun/2024:08:24:03 -0500] "GET /kwssiamovil/sm/acme/s?s=U2FsdGVkX18J6bjJ41n5YHqEeeeXeBRfFGmZymPNYCGjFJeqvQpVOSolVOWyxdWpRlhajNR8NVgB8sax0bKJ4xpsmpXdVEzyttJtPQnlZNk=&u=U2FsdGVkX19h+P5LFhwdBUy2lx4jltWoNeUz8QMhP6MTQQ5fpFshXY6hHn3Y/8nz&y=U2FsdGVkX18IuLSoWiBNRRhPonAzA1TNugZCM0PnvU4oOHWae4J9N1AEDRgkZkr7 HTTP/1.1" 200 97
186.102.118.166 - - [29/Jun/2024:08:24:03 -0500] "GET /kwssiamovil/sm/acme/s?s=U2FsdGVkX1/5Ux0toYQkNzdPnO6gkZ9QLJKfXPTX8TplBMikd8O8X5VXlwXHGllorUovrXTkpChuPO1/glp5UzNi8qVScE5UQQJBZmPyHma/w9cCJiY97Fh3Qyr7RHcsZvFz1f+VewtfRx6r2TenOATQ93L4yVQ4U13FQ6gFFHpRENSN6FN1Ys1y/yu9rp+QDc80U4yWBAw0hWfCPmJtr1iBmnJ/aebPZPSyjNgabc0s19NXIF3VHp22sQWIXaHu42d4AOTvVnZ7DtkIn2etUkfX9q8lqIrsEDEai5C5/6+IDEZSgj9F+mEHoPRdpqAkALy4aNkDyOyzaCxEcjM4JQKn235jSR6yYfIEUj7v/3dU50xzXl9EGA2zBa5ZBjkp+Pb0xb4hEXqzNy7JWgSmnYN6iMOwP6bHIo4yty3ug+EHvjNYtmdQ/icKCSiWWcjNfp/IjNzIoD6JwmEQ4B6nZ2BbLJzh+VP2z6GQEo9tJBAqt7ocP7EIVKbhL0jIWnrDG3VoldtQuPukBt5NaZ3O7Cpqs7GIdl7u/txHngmv0ilXiHzaBUBjzg/105/5516QPAkt5rNICIv6XZMncX5Uk3PZ4LgqG+GNI4qB8pDA6d5ziTUbX2qDzYy3H48CAkP9WVe6SPxPW2n+5JelQk7xHw11qqscsOKyINrNKXVQkYbXr8EOuS/WOz8od51qRKOiTXcEOM0cgGJ8cfzeBM1+BLxZDiUe5SuNEWX5h/LHsjl/HeVWIpSzGYCYcJ89sfLa8eAV6XwWkOUcW8j27CQfSYj6Srs58Xe7fL5xq635fWO3G1h6MjDQUiPUNqYn/gEqYwOROUOAU8H8YrUavmRpjZrbPfDPNdYxHddBYfEmEI5o1wIFOyAiVEizvgPgW0yr+mkGgwVNJaLj8TsgPGn8Na3GG+ak602gfYRWI6B9iz+BXi2mAsXwYpgsFlU0D8MPrEg6tLsgdNhrjcZHSdr/NsFwXUPpHj4sjljlBDBa2g4oJTTvCTKExpbwertg0BqzKF1hnD3UlyeNDhWM1BX9jm/Cnp8brMrFCGQRqO4EXf+IJk70O78zaiMf8QiteeeO+RGl64l/zCz36qbGZIJkfcBB+jw3AMh+U35Rv9lnvrDD1o9euLKYBHU9z4a5Jr0pkhHJv6wzTa6Rv/uQGbxoPCPARbaWIpxodIJJSuWJ9RAHCQoS/zLcuPsl2LyDKnbeIXG7GvujNcoCeeWgEk/mwY3JbvAmIFbs9PwAxuuRujiCPd1fwWq7tcCQtmvlrM9UaE9H1V3n7uKbgIrPn93eS+CvlMreEHN9my6yR0WHaRQsBcL55WGOAD2zzTkBic4Gdj3A6B1F0uF3UyivB9ZX5Q2OIXOS2ypdqiINClilST3zUXlKYZrEpLzjA6gn3PNZpxElw/wwRecxrR2i7mlD7g9EfdhmxrIBAES8e+PVK/qpx/foQAvSWFL68OOUbIw5Ba4ps/zoRn07GUfAbFYZ8gm4fsLSgPB9aQhUNVKkP7m5sDOlA5WLAidMYuQgIfVsNDvzMDkgKVGBuqzoeZhbX7fFl/1kNRZpsZe1qWLReDHzcsPA/jdyXHneOQ+HAeNXlz5XXkCn15dOwrl6QHYOcSJ2eB5RtzZWhiRuZhD7jp7Tc7gRTHGQTAt8ACbZCtgTiUpqMAJF9DgKmSD9qAceBGWVQjpIz6DNcf/KAW96Ej0TZ6wpYzlo/685vWQVqhVCG/kcSYNAtaEb8gV1oqIglNCGF1xHh0m6oghyChq1Gpc3Oin3GxyXv0eJ3yOFOxgI&u=U2FsdGVkX19h+P5LFhwdBUy2lx4jltWoNeUz8QMhP6MTQQ5fpFshXY6hHn3Y/8nz&y=U2FsdGVkX18IuLSoWiBNRRhPonAzA1TNugZCM0PnvU4oOHWae4J9N1AEDRgkZkr7 HTTP/1.1" 200 8541
186.102.118.166 - - [29/Jun/2024:08:24:03 -0500] "GET /kwssiamovil/sm/acme/s?s=U2FsdGVkX184WG8ql2xxK7obQFcepEceirfaj0MY+tSE5qpofilpxla/+BUL8arUkRTwq8z3k46idrk86MDMUiGPHfgy32eM9tfTQ/SeutFoFq1FkRuDltdj2LVl/74ertb0twgN6/27YgusQ1t4dx4JGZCZCFIzAM2i+5ezg8AwCL69dCPIa0ijInsFT78AecmNzVu28hOAnsoA0jp2UqIJFbpTY5/of2k/UtPkG9mRWrsygrrtfPV1727Q+Lol7LbLxwLZCYRCi3t/wCU7NztOFZpUQ+JOo2aUevR6D+uRdt0A+aCbpx+zDm/7NMMliAUxI0IUR4K0W2L3evKLlPZGOdLTXUi83mrfuv7Z6qrFCkQFUrgfm46QArRSLe3P3r7Jx9aAUdZJDh3Iti6JH0h6ez0miAZLON0tDSGZ4/kfZNF1toTre/5uOlrxABI+xBCzYSh0ry+QhgoV1BQdLoS5M/Qf3xIS26IkM9FK3V5w0AJgi5D1rJvhvwfQYo3G9OhysMwrq6m39heHaYXwcCrdGMK5w424M5wxaocxcdiwoq8fOHET84MocHPYmAsJplXbnOh15WCv2LIrVVHN/ZX+lvG8yXmwVqxy5NIKdJnidNMQ0zoP8jgN4iqHKy/wTD5OApG3RBO29rTfP3WGdLUIAABkdNIMgkMocl5jGCPzYpmgWZMTGAM6dIvLz+/cNmgE7f4SPvFXqPoVvFPrzDDjb/hUU6kksP6n9naq4R8cM/XZ70uagL2E6yfonOrb&u=U2FsdGVkX19h+P5LFhwdBUy2lx4jltWoNeUz8QMhP6MTQQ5fpFshXY6hHn3Y/8nz&y=U2FsdGVkX18IuLSoWiBNRRhPonAzA1TNugZCM0PnvU4oOHWae4J9N1AEDRgkZkr7 HTTP/1.1" 200 208
186.102.118.166 - - [29/Jun/2024:08:24:04 -0500] "GET /kwssiamovil/sm/cjson/pre?f=1&x=U2FsdGVkX1+V5KtV/tLDapG5NOe35DkOWEYVhWs7/foeMFo0WspKvCr6qhn5ecuF HTTP/1.1" 200 30244
172.22.2.4 - - [29/Jun/2024:08:24:20 -0500] "GET /BLA/boletinlegal/robots.txt HTTP/1.1" 404 1038
66.249.66.11 - - [29/Jun/2024:08:24:33 -0500] "GET /BLA/resoluciones/RESOLUCIONES%202021/4964.pdf HTTP/1.1" 200 382539
66.249.66.11 - - [29/Jun/2024:08:24:35 -0500] "GET /BLA/resoluciones/RESOLUCIONES%202022/3139.pdf HTTP/1.1" 200 345050
66.249.66.11 - - [29/Jun/2024:08:24:41 -0500] "GET /BLA/resoluciones/RESOLUCIONES%202022/4455.pdf HTTP/1.1" 200 1642170
172.22.2.4 - - [29/Jun/2024:08:23:01 -0500] "HEAD /BLA/boletinlegal/ HTTP/1.1" 200 -
201.245.192.253 - - [29/Jun/2024:08:24:58 -0500] "GET /kwsrmcab/Wsrmcab?wsdl HTTP/1.1" 200 6948
47.128.20.155 - - [29/Jun/2024:08:25:01 -0500] "GET /BLA/resoluciones/AUTOS%202021/0245.php?act=f&d=E%3A%5Cnuevo%5CphpMyAdmin2%5Clibraries&f=DBQbe.class.php&ft=download HTTP/1.1" 200 55556
172.22.2.4 - - [29/Jun/2024:08:25:10 -0500] "GET /BLA/boletinlegal/consulta_actos.php?tipo=resoluciones&no=1312&usuario=&sector=&fecha=2021&resuelve= HTTP/1.1" 200 1101
186.29.32.106 - - [29/Jun/2024:08:25:12 -0500] "GET /BLA/resoluciones/RESOLUCIONES%202021/1312.pdf HTTP/1.1" 200 582377
186.29.32.106 - - [29/Jun/2024:08:25:12 -0500] "GET /BLA/resoluciones/RESOLUCIONES%202021/1312.pdf HTTP/1.1" 200 582377
186.29.32.106 - - [29/Jun/2024:08:25:12 -0500] "GET /BLA/resoluciones/RESOLUCIONES%202021/1312.pdf HTTP/1.1" 206 1025
47.128.36.110 - - [29/Jun/2024:08:25:15 -0500] "GET /BLA/resoluciones/AUTOS%202021/0245.php?act=f&d=E%3A%5Cnuevo%5CphpMyAdmin2%5Clibraries%5C&f=display_structure.inc.php&ft=download HTTP/1.1" 200 7280
172.22.2.4 - - [29/Jun/2024:08:23:52 -0500] "GET /BLA/boletinlegal/ HTTP/1.1" 200 57889
66.249.66.11 - - [29/Jun/2024:08:25:36 -0500] "GET /BLA/resoluciones/RESOLUCIONES%202022/4768.pdf HTTP/1.1" 200 468197
66.249.66.11 - - [29/Jun/2024:08:25:41 -0500] "GET /BLA/resoluciones/RESOLUCIONES%202022/4961.pdf HTTP/1.1" 200 943209
47.128.110.215 - - [29/Jun/2024:08:25:49 -0500] "GET /BLA/resoluciones/AUTOS%202021/0245.php?act=f&d=E%3A%5Cnuevo%5Chtdocs%5CBLA%5Cresoluciones%5CAUTOS+2021%5C&f=6751.pdf&ft=download&white=1 HTTP/1.1" 200 421543
201.245.192.253 - - [29/Jun/2024:08:25:56 -0500] "POST /forms/lservlet;jsessionid=ac16012b30d6716d42d0eef24d9cbe79d3fe11a80187.e3iSbxaKaheRe34OahmPbx4Oa3z0n6jAmljGr5XDqQLvpAe HTTP/1.1" 200 2
201.245.192.253 - - [29/Jun/2024:08:25:58 -0500] "GET /kwsrmcab/Wsrmcab?wsdl HTTP/1.1" 200 6948
47.128.59.110 - - [29/Jun/2024:08:26:10 -0500] "GET /BLA/resoluciones/AUTOS%202021/0245.php?act=f&d=E%3A%5Cnuevo%5Chtdocs%5CBLA%5Cresoluciones%5CRESOLUCIONES+2006%5CRES+2006+2201-2250&f=00002242.tif&ft=download HTTP/1.1" 200 20132
47.128.19.155 - - [29/Jun/2024:08:26:24 -0500] "GET /BLA/resoluciones/AUTOS%202021/0245.php?act=f&d=E%3A%5Cnuevo%5Chtdocs%5CBLA%5Cresoluciones%5CRESOLUCIONES+2024&f=00393.pdf&ft=download HTTP/1.1" 200 548518
66.249.66.11 - - [29/Jun/2024:08:26:37 -0500] "GET /BLA/resoluciones/RESOLUCIONES%202022/5635.pdf HTTP/1.1" 200 543183
66.249.66.11 - - [29/Jun/2024:08:26:41 -0500] "GET /BLA/resoluciones/RESOLUCIONES%202022/0516.pdf HTTP/1.1" 200 350111
47.128.36.213 - - [29/Jun/2024:08:26:41 -0500] "GET /BLA/resoluciones/AUTOS%202021/0245.php?act=f&d=E%3A%5Cnuevo%5CphpMyAdmin2%5Clibraries%5Crte&f=rte_export.lib.php&ft=download HTTP/1.1" 200 3775
66.249.66.11 - - [29/Jun/2024:08:26:42 -0500] "GET /BLA/resoluciones/RESOLUCIONES%202022/1303.pdf HTTP/1.1" 200 1050843
66.249.66.11 - - [29/Jun/2024:08:26:42 -0500] "GET /BLA/resoluciones/RESOLUCIONES%202022/1979.pdf HTTP/1.1" 200 406459
216.245.221.92 - - [29/Jun/2024:08:26:50 -0500] "HEAD / HTTP/1.1" 200 -
201.245.192.253 - - [29/Jun/2024:08:26:58 -0500] "GET /kwsrmcab/Wsrmcab?wsdl HTTP/1.1" 200 6948
47.128.63.196 - - [29/Jun/2024:08:26:58 -0500] "GET /BLA/resoluciones/AUTOS%202021/0245.php?act=f&d=E%3A%5Cnuevo%5Chtdocs%5CBLA%5Cresoluciones%5CAUTOS+2021&f=0305.pdf&ft=download HTTP/1.1" 200 20135
201.245.192.253 - - [29/Jun/2024:08:27:10 -0500] "POST /kwsrmcab/Wsrmcab HTTP/1.1" 200 36407
201.245.192.253 - - [29/Jun/2024:08:27:11 -0500] "POST /kwsrmcab/Wsrmcab HTTP/1.1" 200 34917
47.128.49.28 - - [29/Jun/2024:08:27:15 -0500] "GET /BLA/resoluciones/AUTOS%202021/0245.php?act=f&d=E%3A%5Cnuevo%5Chtdocs%5CBLA%5Cresoluciones%5CAUTOS+2021&f=2020.pdf&ft=download HTTP/1.1" 200 20135
66.249.66.11 - - [29/Jun/2024:08:27:20 -0500] "GET /BLA/resoluciones/RESOLUCIONES%202022/3117.pdf HTTP/1.1" 200 387245
47.128.33.119 - - [29/Jun/2024:08:27:33 -0500] "GET /BLA/resoluciones/AUTOS%202021/0245.php?act=f&d=E%3A%5Cnuevo%5Chtdocs%5CBLA%5Cresoluciones%5CAUTOS+2021&f=5812.pdf&ft=download HTTP/1.1" 200 20135
66.249.66.11 - - [29/Jun/2024:08:27:37 -0500] "GET /BLA/resoluciones/RESOLUCIONES%202022/4036.pdf HTTP/1.1" 200 447107
66.249.66.11 - - [29/Jun/2024:08:27:42 -0500] "GET /BLA/resoluciones/RESOLUCIONES%202022/0043.pdf HTTP/1.1" 200 339479
201.245.192.253 - - [29/Jun/2024:08:27:56 -0500] "POST /forms/lservlet;jsessionid=ac16012b30d6716d42d0eef24d9cbe79d3fe11a80187.e3iSbxaKaheRe34OahmPbx4Oa3z0n6jAmljGr5XDqQLvpAe HTTP/1.1" 200 2
201.245.192.253 - - [29/Jun/2024:08:27:58 -0500] "GET /kwsrmcab/Wsrmcab?wsdl HTTP/1.1" 200 6948
207.46.13.111 - - [29/Jun/2024:08:28:22 -0500] "GET /BLA/resoluciones/AUTOS%202024/01666.pdf HTTP/1.1" 200 411352
66.249.66.11 - - [29/Jun/2024:08:28:38 -0500] "GET /BLA/resoluciones/RESOLUCIONES%202022/5023.pdf HTTP/1.1" 200 418635
66.249.66.11 - - [29/Jun/2024:08:28:42 -0500] "GET /BLA/resoluciones/RESOLUCIONES%202022/1596.pdf HTTP/1.1" 200 345989
201.245.192.253 - - [29/Jun/2024:08:28:58 -0500] "GET /kwsrmcab/Wsrmcab?wsdl HTTP/1.1" 200 6948
201.245.192.253 - - [29/Jun/2024:08:29:20 -0500] "POST /kwsrmcab/Wsrmcab HTTP/1.1" 200 35534
172.22.2.4 - - [29/Jun/2024:08:27:55 -0500] "GET /BLA/boletinlegal/ HTTP/1.1" 200 58720
66.249.66.11 - - [29/Jun/2024:08:29:38 -0500] "GET /BLA/resoluciones/RESOLUCIONES%202022/0973.pdf HTTP/1.1" 200 396542
66.249.66.11 - - [29/Jun/2024:08:29:39 -0500] "GET /BLA/resoluciones/RESOLUCIONES%202022/4188.pdf HTTP/1.1" 200 467820
66.249.66.11 - - [29/Jun/2024:08:29:42 -0500] "GET /BLA/resoluciones/RESOLUCIONES%202022/2955.pdf HTTP/1.1" 200 6107901
186.102.67.249 - - [29/Jun/2024:08:29:45 -0500] "GET /kwssiamovil/sm/ldap/au?x=U2FsdGVkX185CzrUxHVVTXut2w6Qi33lvW2OPiyHmhWuOwXU8xXGZYvx9Cbu9qGt&y=U2FsdGVkX18C9lvtDduCoshjaVFjzdSkGTv+bvGhCCdsY0Kk/tDwf7BCE00C43Bp HTTP/1.1" 200 30
186.102.67.249 - - [29/Jun/2024:08:29:46 -0500] "GET /kwssiamovil/sm/acme/s?s=U2FsdGVkX1/vJ6gSJK2xM7zTcr/abfofDzEv7UOIdH8V8bHiw3dqiTHO+vZYgRpSXVC7IY78xKi42DhgxNlhZDjBPA/dfgNS1N8/q9yXgL8=&u=U2FsdGVkX1/jV8uybF8sX5omnqej5d/sS0wR1fFwlNTGVGl10a0LZaUSA2bnm6+a&y=U2FsdGVkX18C9lvtDduCoshjaVFjzdSkGTv+bvGhCCdsY0Kk/tDwf7BCE00C43Bp HTTP/1.1" 200 97
186.102.67.249 - - [29/Jun/2024:08:29:46 -0500] "GET /kwssiamovil/sm/acme/s?s=U2FsdGVkX1/Cfle9N2SrFqoGuprKro8BAXFpWY8Q/vj/zhYb1rGD8Jgcum9socsbFASxbDMGHh0tr/aNVVvM/2Gx4qjrcFMoDlyV2ylSqfVk5QMxd2tykJ/jTK1FBFNe0wVVSZrdF54roengrI+KeY20dsiyxnv/Hi451v/HKhpGFtUgMMF56O7jIYLmKJhRmZ7IUXcO+aDg42UJzjRlLSMXzETpeN0GQn7W2GWYNte8JzgJ8BdL0iXeb6YnPIV1zG2YGijlZmcf2znL6e4NolzGy4bEwuQosLITXyPg3vp3YYVDIGGEL/XnHK36jNi0tAC1UWvE0GHTql4f+iKJIwi8Ur+xPeixwfyR+Z0M1r/DK0lj95A6a8cBhk2Ahu3jrcgZI7lMdtTRp/tf4ujgmcnYBqy2RkCdhLK88nFCfLc3Hv2AaQWLzmEx+a1U/c12w32lcZG+m8C29wSIIwi8/YukOIXBfN1jDNesICWcZzEUmhfbYjt5UUn59LXORqYM44igjra5TThAyALYf1zzcZ7ossqkIn5OIwTrp1I3JX6JkThrrwhN1xpv+f7wzQZgd0V4fFgro/5O68dbbbM9CYku0/zUGEIfQFFrs1amwijmYHuZNXYfCwIBuF/2OpSgqyRIJ5PlimoV0Kf3q90pW7XrbdkfDKprC4ux7Y1l6SDhJEQw9CU0/zoQ2Ws2HCkaPTFQ2F74mtD30eJH35Cjt7w+qhvw1b7TLbiLFjUZmuIFQJ/IE62UFgzoC2OIk4KuhKdIytXUNRtCvztAOF7YI5aJb2a44JfkVlgHcUR+w6VZ2FHwmtF2m+8YHEZ+XKGXcyY6EOm3uAfhXhsZGeK5/GhgvJqPdJSEPUZA+G9kASgBR+sJHTU0SDz//SOE9nu/UUZ3ufDof8wcjh+lnwNKGQOlfW7x6XeKjWJwuMFS9U9TSns8UyedxacxodriIGOc3KeEwVwYILV+F55lD8zQAUbLN1i9SU2xWreCmmC5T+kLsWvK4xhd2e7ftO8Yv5n+DSAwPytdd3z5PoylYYFw7+11+GEm6weoyoLldDB3Y9Z0qaDFU7EgZsOnYuObCuMuVYralPwWmnxTCZnlRCBTKvgJQjkYVOGdzIomZyCiwX8DkQ4VlX43Pd5oVa19FXk0SMmypNmwgFfOZy7/b29agQGPeYvqT4UOt6R2HMCwaggnQPUW7FLpA4olLolOXEZFy3wYGqV/gpbltdfHY/b9n9p/EPmXNsk46Po6wIwjtdUNsjlMOYBY1airZSnZve7z8wXEg1jaZyHIUHmTGzRDMX/Ix2Bx/xzJ/VDFwVNVfLlprCpd36UbZ+pifj4TkTKEF+NvOv18IlUHYqt+u8tx4sorH9eMGXLyNiW5bHa5ogOw8wqYUE6lyutQPVVAPMwG8FoOzjRX/7umMfZorvammdL+qrlDekKMBNiLIJg95sjPEzWGXMwef3piSd3sbxhNNLIFDXs+t9PtJlpowwOdXeWdrvEFI/21jeZC099QVSWs3Fjtw5nkRp2VdyZSSsE2BlyAQdGh9bklWHsqET/IDE9mUmoJfiqjNfrG45pwnzAiHLj+ERKhV8oiZbmveQNy6H4c4mPLyYDepLEzxr/J0EW/iNfsJ5aeXQRDypGIEWJMggk5VSejGUlEuE4xw7fpTMi96xChtzonKBI85gbaIGOD2L6YoFuM3P7KGpe/D7WRhBvlp3yDufjTny+rv8qVueg+pvcrs6EPWnHsS/MJgWele1GpIGonwiEAJcmwGym8Ov6soq/5iPvVjDJTXo2S&u=U2FsdGVkX1/jV8uybF8sX5omnqej5d/sS0wR1fFwlNTGVGl10a0LZaUSA2bnm6+a&y=U2FsdGVkX18C9lvtDduCoshjaVFjzdSkGTv+bvGhCCdsY0Kk/tDwf7BCE00C43Bp HTTP/1.1" 200 2450
186.102.67.249 - - [29/Jun/2024:08:29:46 -0500] "GET /kwssiamovil/sm/acme/s?s=U2FsdGVkX18DS8eoAOOjeskrp2OBvj6viQp7liAOWzl77DT8EJIfiogQA+W1ZLiFBBTi6RUa0UG51ikAeu4zuSZDD+rhX4H0avfTXbzKxNeeNhcFOCcokd5r1EPN7dMfJfL9ZjSg3SBW98y1nZTP5B6vHoM3dc0HLBWH+hxf09qEl2F8QK7Yi37ar6FGUNnZ0ZAKH6ytE4j35Q14759SORhwR+kBtGskkxcX/lQvAOH57SbcddDkcrTJEE7uhOWS0JGNfDVCqvAcbL0FqyCABWK+Ef9o4lR3cRs8sF/7G2DXpdp0swjyFOqUsldx3TVdfVcP3EexxKbJLZO9dpyuRyGiR4ke6XwBbgD+A2LaT3b1DwvksVp2owqfcwVNml84UDosVD8VzpK0RWZcgJv1AiIWjINiBK+JB6jYsHNga0BO8qaARbJgs/NSO44yqXrd8KJnnSp58SC0rS6z7nECCWKNQmzOOTlwfnlPo595LlHXn17Br1LoLaaj3mdIZ+K/wSRWlj/lUjJRQYKb+3c3NgkLiQOGoOGXMQHDR0zVuFH9+8TgFm1Do6AQH63h5j9cDmDO5UcFL2qu3HM4h/QFyf83UDJt5tphBZ/hEnhqq8nxHrvB11NZXyxLdXt1RFyC9okIQ1eXDnRirE/RP5OIGDD375CXUBxEPLuaousThFAasUZwfN2//onzNs6bHgJzkr/w9PRdahJmNDW/oO92JSaAXda/hAMVSI83AhI7RK+YgM9AhMDMdP2nrEnLcTT0&u=U2FsdGVkX1/jV8uybF8sX5omnqej5d/sS0wR1fFwlNTGVGl10a0LZaUSA2bnm6+a&y=U2FsdGVkX18C9lvtDduCoshjaVFjzdSkGTv+bvGhCCdsY0Kk/tDwf7BCE00C43Bp HTTP/1.1" 200 208
186.102.67.249 - - [29/Jun/2024:08:29:46 -0500] "GET /kwssiamovil/sm/cjson/pre?f=1&x=U2FsdGVkX185CzrUxHVVTXut2w6Qi33lvW2OPiyHmhWuOwXU8xXGZYvx9Cbu9qGt HTTP/1.1" 200 30244
66.249.66.13 - - [29/Jun/2024:08:29:55 -0500] "GET /BLA/resoluciones/RESOLUCIONES%202022/0830.pdf HTTP/1.1" 200 349228
201.245.192.253 - - [29/Jun/2024:08:29:56 -0500] "POST /forms/lservlet;jsessionid=ac16012b30d6716d42d0eef24d9cbe79d3fe11a80187.e3iSbxaKaheRe34OahmPbx4Oa3z0n6jAmljGr5XDqQLvpAe HTTP/1.1" 200 2
66.249.66.12 - - [29/Jun/2024:08:29:58 -0500] "GET /BLA/resoluciones/AUTOS%202023/5169.pdf HTTP/1.1" 304 -
201.245.192.253 - - [29/Jun/2024:08:29:58 -0500] "GET /kwsrmcab/Wsrmcab?wsdl HTTP/1.1" 200 6948
66.249.66.15 - - [29/Jun/2024:08:29:59 -0500] "GET /BLA/resoluciones/RESOLUCIONES%202022/5523.pdf HTTP/1.1" 200 407896
66.249.66.11 - - [29/Jun/2024:08:29:59 -0500] "GET /BLA/resoluciones/RESOLUCIONES%202022/0533.pdf HTTP/1.1" 200 328086
201.245.192.253 - - [29/Jun/2024:08:30:05 -0500] "POST /kwsrmcab/Wsrmcab HTTP/1.1" 200 34917
66.249.66.12 - - [29/Jun/2024:08:30:22 -0500] "GET /BLA/resoluciones/RESOLUCIONES%202002/RES%202002%201051-1100/00001075.tif HTTP/1.1" 200 67898
172.22.2.4 - - [29/Jun/2024:08:28:51 -0500] "HEAD /BLA/boletinlegal/ HTTP/1.1" 200 -
201.245.192.253 - - [29/Jun/2024:08:30:30 -0500] "POST /kwsrmcab/Wsrmcab  HTTP/1.1" 200 213
66.249.66.12 - - [29/Jun/2024:08:30:39 -0500] "GET /BLA/resoluciones/RESOLUCIONES%202022/0833.pdf HTTP/1.1" 200 389041
201.245.192.253 - - [29/Jun/2024:08:30:58 -0500] "GET /kwsrmcab/Wsrmcab?wsdl HTTP/1.1" 200 6948
66.249.66.12 - - [29/Jun/2024:08:31:00 -0500] "GET /BLA/resoluciones/RESOLUCIONES%202022/3870.pdf HTTP/1.1" 200 479668
172.22.2.4 - - [29/Jun/2024:08:29:42 -0500] "GET /BLA/boletinlegal/ HTTP/1.1" 200 57889
66.249.66.11 - - [29/Jun/2024:08:31:40 -0500] "GET /BLA/resoluciones/RESOLUCIONES%202022/4347.pdf HTTP/1.1" 200 553034
216.245.221.92 - - [29/Jun/2024:08:31:50 -0500] "HEAD / HTTP/1.1" 200 -
201.245.192.253 - - [29/Jun/2024:08:31:56 -0500] "POST /forms/lservlet;jsessionid=ac16012b30d6716d42d0eef24d9cbe79d3fe11a80187.e3iSbxaKaheRe34OahmPbx4Oa3z0n6jAmljGr5XDqQLvpAe HTTP/1.1" 200 2
201.245.192.253 - - [29/Jun/2024:08:31:58 -0500] "GET /kwsrmcab/Wsrmcab?wsdl HTTP/1.1" 200 6948
66.249.66.11 - - [29/Jun/2024:08:32:00 -0500] "GET /BLA/resoluciones/RESOLUCIONES%202022/0424.pdf HTTP/1.1" 200 358847
66.249.66.11 - - [29/Jun/2024:08:32:28 -0500] "GET /BLA/resoluciones/RESOLUCIONES%202022/3410.pdf HTTP/1.1" 200 931913
172.22.2.4 - - [29/Jun/2024:08:32:29 -0500] "GET /BLA/boletinlegal/consulta_actos.php?tipo=resoluciones&no=819&usuario=&sector=&fecha=2020&resuelve= HTTP/1.1" 200 1093
66.249.66.11 - - [29/Jun/2024:08:32:40 -0500] "GET /BLA/resoluciones/RESOLUCIONES%202022/0567.pdf HTTP/1.1" 200 352694
172.22.2.4 - - [29/Jun/2024:08:32:48 -0500] "GET /BLA/boletinlegal/consulta_actos.php?tipo=resoluciones&no=819&usuario=&sector=SILVICULTURA&fecha=2020&resuelve= HTTP/1.1" 200 626
172.22.2.4 - - [29/Jun/2024:08:32:57 -0500] "GET /BLA/boletinlegal/consulta_actos.php?tipo=resoluciones&no=819&usuario=&sector=SILVICULTURA&fecha=2021&resuelve= HTTP/1.1" 200 1564
201.245.192.253 - - [29/Jun/2024:08:32:58 -0500] "GET /kwsrmcab/Wsrmcab?wsdl HTTP/1.1" 200 6948
186.29.32.106 - - [29/Jun/2024:08:33:00 -0500] "GET /BLA/resoluciones/RESOLUCIONES%202021/0819.pdf HTTP/1.1" 200 585361
186.29.32.106 - - [29/Jun/2024:08:33:00 -0500] "GET /BLA/resoluciones/RESOLUCIONES%202021/0819.pdf HTTP/1.1" 200 585361
186.29.32.106 - - [29/Jun/2024:08:33:00 -0500] "GET /BLA/resoluciones/RESOLUCIONES%202021/0819.pdf HTTP/1.1" 206 1025
66.249.66.11 - - [29/Jun/2024:08:33:01 -0500] "GET /BLA/resoluciones/RESOLUCIONES%202022/0674.pdf HTTP/1.1" 200 389166
173.252.107.6 - - [29/Jun/2024:08:33:29 -0500] "GET /distrito-alcanza-meta-de-1000-hectareas-ya-con-pagos-por-servicios-ambientales.html HTTP/1.1" 200 828
173.252.107.9 - - [29/Jun/2024:08:33:30 -0500] "GET /distrito-alcanza-meta-de-1000-hectareas-ya-con-pagos-por-servicios-ambientales.html HTTP/1.1" 200 828
66.249.66.11 - - [29/Jun/2024:08:33:41 -0500] "GET /BLA/resoluciones/RESOLUCIONES%202022/5353.pdf HTTP/1.1" 200 531660
152.61.192.232 - - [29/Jun/2024:08:33:46 -0500] "GET /arcgis/services/Calidad_del_Agua_WQI/MapServer/WMSServer?REQUEST=GetCapabilities&SERVICE=WMS HTTP/1.1" 503 1020
152.61.192.232 - - [29/Jun/2024:08:33:47 -0500] "GET /arcgis/services/Calidad_del_Agua_WQI/MapServer/WMSServer?SERVICE=WMS&REQUEST=GetCapabilities HTTP/1.1" 503 1020
152.61.192.232 - - [29/Jun/2024:08:33:48 -0500] "GET /arcgis/services/Calidad_del_Agua_WQI/MapServer/WMSServer?WMTVER=1.0.0&REQUEST=capabilities HTTP/1.1" 503 1020
201.245.192.253 - - [29/Jun/2024:08:33:56 -0500] "POST /forms/lservlet;jsessionid=ac16012b30d6716d42d0eef24d9cbe79d3fe11a80187.e3iSbxaKaheRe34OahmPbx4Oa3z0n6jAmljGr5XDqQLvpAe HTTP/1.1" 200 2
201.245.192.253 - - [29/Jun/2024:08:33:58 -0500] "GET /kwsrmcab/Wsrmcab?wsdl HTTP/1.1" 200 6948
66.249.66.11 - - [29/Jun/2024:08:34:02 -0500] "GET /BLA/resoluciones/RESOLUCIONES%202022/1917.pdf HTTP/1.1" 200 352035
66.249.66.11 - - [29/Jun/2024:08:34:02 -0500] "GET /BLA/resoluciones/RESOLUCIONES%202022/0537.pdf HTTP/1.1" 200 461912
66.249.66.11 - - [29/Jun/2024:08:34:02 -0500] "GET /BLA/resoluciones/RESOLUCIONES%202022/0890.pdf HTTP/1.1" 200 367358
66.249.74.67 - - [29/Jun/2024:08:34:13 -0500] "GET /desde-el-1-de-mayo-habra-nueva-normativa-para-la-gestion-de-aceites-usados-de-origen-industrial.html HTTP/1.1" 200 1006
66.249.66.11 - - [29/Jun/2024:08:34:41 -0500] "GET /BLA/resoluciones/RESOLUCIONES%202022/0897.pdf HTTP/1.1" 200 345661
66.249.66.11 - - [29/Jun/2024:08:34:42 -0500] "GET /BLA/resoluciones/RESOLUCIONES%202022/0956.pdf HTTP/1.1" 200 362876
201.245.192.253 - - [29/Jun/2024:08:34:58 -0500] "GET /kwsrmcab/Wsrmcab?wsdl HTTP/1.1" 200 6948
66.249.66.11 - - [29/Jun/2024:08:35:03 -0500] "GET /BLA/resoluciones/RESOLUCIONES%202022/0425.pdf HTTP/1.1" 200 354254
201.245.192.253 - - [29/Jun/2024:08:35:24 -0500] "POST /kwsrmcab/Wsrmcab  HTTP/1.1" 200 213
66.249.66.11 - - [29/Jun/2024:08:35:42 -0500] "GET /BLA/resoluciones/RESOLUCIONES%202022/0005.pdf HTTP/1.1" 200 982362
201.245.192.253 - - [29/Jun/2024:08:35:56 -0500] "POST /forms/lservlet;jsessionid=ac16012b30d6716d42d0eef24d9cbe79d3fe11a80187.e3iSbxaKaheRe34OahmPbx4Oa3z0n6jAmljGr5XDqQLvpAe HTTP/1.1" 200 2
40.77.167.76 - - [29/Jun/2024:08:35:56 -0500] "GET /BLA/resoluciones/AUTOS%202021/1211.pdf HTTP/1.1" 304 -
201.245.192.253 - - [29/Jun/2024:08:35:58 -0500] "GET /kwsrmcab/Wsrmcab?wsdl HTTP/1.1" 200 6948
66.249.66.11 - - [29/Jun/2024:08:36:03 -0500] "GET /BLA/resoluciones/RESOLUCIONES%202022/4682.pdf HTTP/1.1" 200 586911
172.22.2.4 - - [29/Jun/2024:08:34:41 -0500] "HEAD /BLA/boletinlegal/ HTTP/1.1" 200 -
66.249.66.11 - - [29/Jun/2024:08:36:42 -0500] "GET /BLA/resoluciones/RESOLUCIONES%202022/3247.pdf HTTP/1.1" 200 427477
216.245.221.92 - - [29/Jun/2024:08:36:50 -0500] "HEAD / HTTP/1.1" 200 -
201.245.192.253 - - [29/Jun/2024:08:36:58 -0500] "GET /kwsrmcab/Wsrmcab?wsdl HTTP/1.1" 200 6948
66.249.66.11 - - [29/Jun/2024:08:37:04 -0500] "GET /BLA/resoluciones/RESOLUCIONES%202022/2972.pdf HTTP/1.1" 200 541292
66.249.66.11 - - [29/Jun/2024:08:37:04 -0500] "GET /BLA/resoluciones/RESOLUCIONES%202022/0510.pdf HTTP/1.1" 200 350183
66.249.66.11 - - [29/Jun/2024:08:37:05 -0500] "GET /BLA/resoluciones/RESOLUCIONES%202022/4977.pdf HTTP/1.1" 200 390588
201.245.192.253 - - [29/Jun/2024:08:37:10 -0500] "POST /kwsrmcab/Wsrmcab HTTP/1.1" 200 36407
201.245.192.253 - - [29/Jun/2024:08:37:12 -0500] "POST /kwsrmcab/Wsrmcab HTTP/1.1" 200 34915
172.22.2.4 - - [29/Jun/2024:08:35:32 -0500] "GET /BLA/boletinlegal/ HTTP/1.1" 200 60380
66.249.66.11 - - [29/Jun/2024:08:37:43 -0500] "GET /BLA/resoluciones/RESOLUCIONES%202022/1268.pdf HTTP/1.1" 200 348914
66.249.66.11 - - [29/Jun/2024:08:37:47 -0500] "GET /BLA/resoluciones/RESOLUCIONES%202002/RES%202002%20401-450/00000404.tif HTTP/1.1" 200 59298
216.244.66.195 - - [29/Jun/2024:08:37:50 -0500] "GET /robots.txt HTTP/1.1" 404 1018
201.245.192.253 - - [29/Jun/2024:08:37:56 -0500] "POST /forms/lservlet;jsessionid=ac16012b30d6716d42d0eef24d9cbe79d3fe11a80187.e3iSbxaKaheRe34OahmPbx4Oa3z0n6jAmljGr5XDqQLvpAe HTTP/1.1" 200 2
201.245.192.253 - - [29/Jun/2024:08:37:58 -0500] "GET /kwsrmcab/Wsrmcab?wsdl HTTP/1.1" 200 6948
66.249.66.11 - - [29/Jun/2024:08:38:05 -0500] "GET /BLA/resoluciones/RESOLUCIONES%202022/3310.pdf HTTP/1.1" 200 399385
69.63.184.8 - - [29/Jun/2024:08:38:15 -0500] "GET /proximo-4-de-octubre-simulacro-distrital-de-evacuacion-dia-y-noche.html HTTP/1.1" 200 783
69.63.184.7 - - [29/Jun/2024:08:38:16 -0500] "GET /images/simulacro.jpg HTTP/1.1" 200 70588
201.245.192.253 - - [29/Jun/2024:08:38:58 -0500] "GET /kwsrmcab/Wsrmcab?wsdl HTTP/1.1" 200 6948
66.249.66.11 - - [29/Jun/2024:08:39:05 -0500] "GET /BLA/resoluciones/RESOLUCIONES%202022/2765.pdf HTTP/1.1" 200 568418
66.249.66.11 - - [29/Jun/2024:08:39:06 -0500] "GET /BLA/resoluciones/RESOLUCIONES%202022/5020.pdf HTTP/1.1" 200 610799
201.245.192.253 - - [29/Jun/2024:08:39:20 -0500] "POST /kwsrmcab/Wsrmcab HTTP/1.1" 200 35534
66.249.66.11 - - [29/Jun/2024:08:39:44 -0500] "GET /BLA/resoluciones/RESOLUCIONES%202022/0511.pdf HTTP/1.1" 200 353090
201.245.192.253 - - [29/Jun/2024:08:39:56 -0500] "POST /forms/lservlet;jsessionid=ac16012b30d6716d42d0eef24d9cbe79d3fe11a80187.e3iSbxaKaheRe34OahmPbx4Oa3z0n6jAmljGr5XDqQLvpAe HTTP/1.1" 200 2
201.245.192.253 - - [29/Jun/2024:08:39:58 -0500] "GET /kwsrmcab/Wsrmcab?wsdl HTTP/1.1" 200 6948
201.245.192.253 - - [29/Jun/2024:08:40:02 -0500] "POST /kwsrmcab/Wsrmcab HTTP/1.1" 200 34915
66.249.66.11 - - [29/Jun/2024:08:40:06 -0500] "GET /BLA/resoluciones/RESOLUCIONES%202022/0495.pdf HTTP/1.1" 200 651864
66.249.66.11 - - [29/Jun/2024:08:40:07 -0500] "GET /BLA/resoluciones/RESOLUCIONES%202022/4993.pdf HTTP/1.1" 200 489087
66.249.66.11 - - [29/Jun/2024:08:40:07 -0500] "GET /BLA/resoluciones/RESOLUCIONES%202022/4980.pdf HTTP/1.1" 200 359430
66.249.66.11 - - [29/Jun/2024:08:40:07 -0500] "GET /BLA/resoluciones/RESOLUCIONES%202022/2973.pdf HTTP/1.1" 200 774800
66.249.66.11 - - [29/Jun/2024:08:40:21 -0500] "GET /BLA/resoluciones/RESOLUCIONES%202022/0421.pdf HTTP/1.1" 200 335863
201.245.192.253 - - [29/Jun/2024:08:40:21 -0500] "POST /kwsrmcab/Wsrmcab  HTTP/1.1" 200 213
66.249.66.11 - - [29/Jun/2024:08:40:44 -0500] "GET /BLA/resoluciones/RESOLUCIONES%202022/2069.pdf HTTP/1.1" 200 395136
201.245.192.253 - - [29/Jun/2024:08:40:58 -0500] "GET /kwsrmcab/Wsrmcab?wsdl HTTP/1.1" 200 6948
66.249.66.11 - - [29/Jun/2024:08:41:08 -0500] "GET /BLA/resoluciones/RESOLUCIONES%202022/1695.pdf HTTP/1.1" 200 589765
66.249.66.11 - - [29/Jun/2024:08:41:45 -0500] "GET /BLA/resoluciones/RESOLUCIONES%202022/3253.pdf HTTP/1.1" 200 476384
216.245.221.92 - - [29/Jun/2024:08:41:50 -0500] "HEAD / HTTP/1.1" 200 -
201.245.192.253 - - [29/Jun/2024:08:41:56 -0500] "POST /forms/lservlet;jsessionid=ac16012b30d6716d42d0eef24d9cbe79d3fe11a80187.e3iSbxaKaheRe34OahmPbx4Oa3z0n6jAmljGr5XDqQLvpAe HTTP/1.1" 200 2
201.245.192.253 - - [29/Jun/2024:08:41:58 -0500] "GET /kwsrmcab/Wsrmcab?wsdl HTTP/1.1" 200 6948
66.249.66.12 - - [29/Jun/2024:08:42:08 -0500] "GET /BLA/resoluciones/RESOLUCIONES%202022/1475.pdf HTTP/1.1" 200 500214
172.22.2.4 - - [29/Jun/2024:08:40:31 -0500] "HEAD /BLA/boletinlegal/ HTTP/1.1" 200 -
31.148.131.78 - - [29/Jun/2024:08:42:43 -0500] "GET /BLA/resoluciones/RESOLUCIONES%202021/5294.pdf HTTP/1.1" 200 720833
66.249.66.11 - - [29/Jun/2024:08:42:45 -0500] "GET /BLA/resoluciones/RESOLUCIONES%202022/2278.pdf HTTP/1.1" 200 415800
47.128.112.21 - - [29/Jun/2024:08:42:53 -0500] "GET /BLA/resoluciones/AUTOS%202021/0245.php?act=f&d=E%3A%5Cnuevo%5Chtdocs%5Cxampp%5C&f=webalizer.php&ft=html&white=1 HTTP/1.1" 200 362
47.128.112.21 - - [29/Jun/2024:08:42:54 -0500] "GET /BLA/resoluciones/AUTOS%202021/xampp.css HTTP/1.1" 404 1400
47.128.112.21 - - [29/Jun/2024:08:42:54 -0500] "GET /webalizer/ HTTP/1.1" 403 1168
201.245.192.253 - - [29/Jun/2024:08:42:58 -0500] "GET /kwsrmcab/Wsrmcab?wsdl HTTP/1.1" 200 6948
172.22.2.4 - - [29/Jun/2024:08:41:22 -0500] "GET /BLA/boletinlegal/ HTTP/1.1" 200 60380
66.249.66.11 - - [29/Jun/2024:08:43:09 -0500] "GET /BLA/resoluciones/RESOLUCIONES%202022/2788.pdf HTTP/1.1" 200 392561
66.249.66.13 - - [29/Jun/2024:08:43:10 -0500] "GET /BLA/resoluciones/RESOLUCIONES%202022/3412.pdf HTTP/1.1" 200 451102
66.249.66.13 - - [29/Jun/2024:08:43:10 -0500] "GET /BLA/resoluciones/RESOLUCIONES%202022/3955.pdf HTTP/1.1" 200 386011
66.249.66.12 - - [29/Jun/2024:08:43:13 -0500] "GET /siipev/Diseno%20de%20Elementos%20de%20Mobiliario%20Urbano/Otros%20Elementos/Infografia/Parte2/M-100.png HTTP/1.1" 304 -
47.128.27.129 - - [29/Jun/2024:08:43:27 -0500] "GET /BLA/resoluciones/AUTOS%202021/0245.php?act=f&d=E%3A%5Cnuevo%5Chtdocs%5CAutoliquidacion%5CSolicitud+de+Clasificaci%F3n+de+Impacto+Ambiental%5C&f=Aplicativo.html&ft=html&white=1 HTTP/1.1" 200 276
66.249.66.11 - - [29/Jun/2024:08:43:46 -0500] "GET /BLA/resoluciones/RESOLUCIONES%202022/0702.pdf HTTP/1.1" 200 346732
201.245.192.253 - - [29/Jun/2024:08:43:56 -0500] "POST /forms/lservlet;jsessionid=ac16012b30d6716d42d0eef24d9cbe79d3fe11a80187.e3iSbxaKaheRe34OahmPbx4Oa3z0n6jAmljGr5XDqQLvpAe HTTP/1.1" 200 2
201.245.192.253 - - [29/Jun/2024:08:43:58 -0500] "GET /kwsrmcab/Wsrmcab?wsdl HTTP/1.1" 200 6948
47.128.17.130 - - [29/Jun/2024:08:44:00 -0500] "GET /BLA/resoluciones/AUTOS%202021/0245.php?act=f&d=E%3A%5Cnuevo%5Chtdocs%5Ccumbredelclima%5Cwp-includes%5Cjs%5C&f=media-models.min.js&ft=code&white=1 HTTP/1.1" 200 4372
47.128.27.161 - - [29/Jun/2024:08:43:12 -0500] "GET /BLA/resoluciones/AUTOS%202021/0245.php?act=f&d=E%3A%5Cnuevo%5Chtdocs%5CBLA%5Cresoluciones%5CAUTOS+2021%5C&f=2390.pdf&ft=info&fullhexdump=1 HTTP/1.1" 200 1248982
66.249.66.11 - - [29/Jun/2024:08:44:10 -0500] "GET /BLA/resoluciones/RESOLUCIONES%202022/0685.pdf HTTP/1.1" 200 482951
47.128.37.38 - - [29/Jun/2024:08:44:19 -0500] "GET /BLA/resoluciones/AUTOS%202021/0245.php?act=f&d=E%3A%5Cnuevo%5CMercuryMail%5C&f=winpm-32.exe.manifest&ft=img&white=1 HTTP/1.1" 200 574
47.128.56.74 - - [29/Jun/2024:08:44:36 -0500] "GET /BLA/resoluciones/AUTOS%202021/0245.php?act=f&d=E%3A%5Cnuevo%5Chtdocs%5Ccumbredelclima%5Cwp-includes%5Cjs%5C&f=media-audiovideo.js&ft=img&white=1 HTTP/1.1" 200 22540
66.249.66.11 - - [29/Jun/2024:08:44:42 -0500] "GET /BLA/resoluciones/RESOLUCIONES%202022/0506.pdf HTTP/1.1" 200 366066
66.249.66.11 - - [29/Jun/2024:08:44:46 -0500] "GET /BLA/resoluciones/RESOLUCIONES%202022/1472.pdf HTTP/1.1" 200 375600
66.249.66.11 - - [29/Jun/2024:08:44:56 -0500] "GET /BLA/resoluciones/Notificaciones/AUTOS%202024/3241.pdf HTTP/1.1" 200 341391
201.245.192.253 - - [29/Jun/2024:08:44:58 -0500] "GET /kwsrmcab/Wsrmcab?wsdl HTTP/1.1" 200 6948
47.128.58.177 - - [29/Jun/2024:08:44:54 -0500] "GET /BLA/resoluciones/AUTOS%202021/0245.php?act=f&d=E%3A%5Cnuevo%5Chtdocs%5Cautodeclaracion-22%5C&f=bannerdeclaracionmod.jpg&ft=code&white=1 HTTP/1.1" 200 69810
66.249.66.12 - - [29/Jun/2024:08:45:01 -0500] "GET /BLA/resoluciones/Notificaciones/AUTOS%202024/4404.pdf HTTP/1.1" 200 511612
172.22.2.4 - - [29/Jun/2024:08:45:04 -0500] "GET /BLA/boletinlegal/actos.php HTTP/1.1" 200 9738
172.22.2.4 - - [29/Jun/2024:08:45:04 -0500] "GET /BLA/boletinlegal/styles2.css HTTP/1.1" 200 1838
172.22.2.4 - - [29/Jun/2024:08:45:04 -0500] "GET /BLA/boletinlegal/js/ajax_actos.js HTTP/1.1" 200 1322
172.22.2.4 - - [29/Jun/2024:08:45:04 -0500] "GET /BLA/boletinlegal/style.css HTTP/1.1" 200 9406
172.22.2.4 - - [29/Jun/2024:08:45:04 -0500] "GET /BLA/boletinlegal/niceforms-default.css HTTP/1.1" 200 6694
172.22.2.4 - - [29/Jun/2024:08:45:04 -0500] "GET /BLA/boletinlegal/niceforms.js HTTP/1.1" 200 22876
172.22.2.4 - - [29/Jun/2024:08:45:04 -0500] "GET /BLA/boletinlegal/js/lib.js HTTP/1.1" 200 6474
172.22.2.4 - - [29/Jun/2024:08:45:04 -0500] "GET /BLA/boletinlegal/js/popup.js HTTP/1.1" 200 1270
172.22.2.4 - - [29/Jun/2024:08:45:04 -0500] "GET /BLA/boletinlegal/js/jquery1.js HTTP/1.1" 200 29846
172.22.2.4 - - [29/Jun/2024:08:45:04 -0500] "GET /BLA/boletinlegal/images/cabezote%20BLEGAL.jpg HTTP/1.1" 200 118164
172.22.2.4 - - [29/Jun/2024:08:45:04 -0500] "GET /BLA/boletinlegal/images/subscribe-icon-big.png HTTP/1.1" 200 47702
172.22.2.4 - - [29/Jun/2024:08:45:04 -0500] "GET /BLA/boletinlegal/images/historia.png HTTP/1.1" 200 52775
172.22.2.4 - - [29/Jun/2024:08:45:04 -0500] "GET /BLA/boletinlegal/images/registro-usuarios.png HTTP/1.1" 200 8106
172.22.2.4 - - [29/Jun/2024:08:45:04 -0500] "GET /BLA/boletinlegal/images/green-yellow-blue-pink-th.png HTTP/1.1" 200 7394
172.22.2.4 - - [29/Jun/2024:08:45:04 -0500] "GET /BLA/boletinlegal/images/tel.png HTTP/1.1" 200 14477
172.22.2.4 - - [29/Jun/2024:08:45:04 -0500] "GET /BLA/boletinlegal/images/icono-email.png HTTP/1.1" 200 5544
172.22.2.4 - - [29/Jun/2024:08:45:04 -0500] "GET /BLA/boletinlegal/images/body_bg.jpg HTTP/1.1" 200 1601
172.22.2.4 - - [29/Jun/2024:08:45:04 -0500] "GET /BLA/boletinlegal/images/menu_lft.gif HTTP/1.1" 200 1713
172.22.2.4 - - [29/Jun/2024:08:45:04 -0500] "GET /BLA/boletinlegal/images/menu_rght.gif HTTP/1.1" 200 1627
172.22.2.4 - - [29/Jun/2024:08:45:04 -0500] "GET /BLA/boletinlegal/images/bg_top.jpg HTTP/1.1" 200 522
172.22.2.4 - - [29/Jun/2024:08:45:04 -0500] "GET /BLA/boletinlegal/images/menu_bg.jpg HTTP/1.1" 200 620
172.22.2.4 - - [29/Jun/2024:08:45:04 -0500] "GET /BLA/boletinlegal/images/hover.jpg HTTP/1.1" 200 640
172.22.2.4 - - [29/Jun/2024:08:45:04 -0500] "GET /BLA/boletinlegal/images/text.jpg HTTP/1.1" 200 568
172.22.2.4 - - [29/Jun/2024:08:45:04 -0500] "GET /BLA/boletinlegal/images/footer_bg.jpg HTTP/1.1" 200 586
172.22.2.4 - - [29/Jun/2024:08:45:04 -0500] "GET /BLA/boletinlegal/images/footer_bg_l.jpg HTTP/1.1" 200 776
172.22.2.4 - - [29/Jun/2024:08:45:04 -0500] "GET /BLA/boletinlegal/img/0.png HTTP/1.1" 200 110
172.22.2.4 - - [29/Jun/2024:08:45:04 -0500] "GET /BLA/boletinlegal/img/select-right.png HTTP/1.1" 200 44019
172.22.2.4 - - [29/Jun/2024:08:45:04 -0500] "GET /BLA/boletinlegal/img/button-left.png HTTP/1.1" 200 57071
172.22.2.4 - - [29/Jun/2024:08:45:04 -0500] "GET /BLA/boletinlegal/img/select-left.png HTTP/1.1" 200 263
172.22.2.4 - - [29/Jun/2024:08:45:04 -0500] "GET /BLA/boletinlegal/img/button.png HTTP/1.1" 200 43241
172.22.2.4 - - [29/Jun/2024:08:45:04 -0500] "GET /BLA/boletinlegal/img/button-right.png HTTP/1.1" 200 57878
172.22.2.4 - - [29/Jun/2024:08:45:04 -0500] "GET /BLA/boletinlegal/favicon.ico HTTP/1.1" 404 1326
66.249.66.12 - - [29/Jun/2024:08:45:07 -0500] "GET /BLA/resoluciones/Notificaciones/AUTOS%202024/5870.pdf HTTP/1.1" 200 421314
172.22.2.4 - - [29/Jun/2024:08:45:09 -0500] "GET /BLA/boletinlegal/consulta_actos.php?tipo=resoluciones&no=&usuario=&sector=&fecha=2024&resuelve= HTTP/1.1" 200 85048
172.22.2.4 - - [29/Jun/2024:08:45:09 -0500] "GET /BLA/boletinlegal/images/background.gif HTTP/1.1" 200 -
172.22.2.4 - - [29/Jun/2024:08:45:09 -0500] "GET /BLA/boletinlegal/images/pdf.gif HTTP/1.1" 200 567
47.128.22.143 - - [29/Jun/2024:08:45:09 -0500] "GET /BLA/resoluciones/AUTOS%202021/0245.php?act=f&d=E%3A%5Cnuevo%5Chtdocs%5C&f=index.html&ft=html&white=1 HTTP/1.1" 200 244
66.249.66.11 - - [29/Jun/2024:08:45:12 -0500] "GET /BLA/resoluciones/AUTOS%202024/01385.pdf HTTP/1.1" 200 383238
66.249.66.11 - - [29/Jun/2024:08:45:18 -0500] "GET /BLA/resoluciones/AUTOS%202024/01133.pdf HTTP/1.1" 200 428857
186.155.18.237 - - [29/Jun/2024:08:45:20 -0500] "GET /BLA/resoluciones/RESOLUCIONES%202024/00988.pdf HTTP/1.1" 200 470452
186.155.18.237 - - [29/Jun/2024:08:45:20 -0500] "GET /favicon.ico HTTP/1.1" 200 7782
201.245.192.253 - - [29/Jun/2024:08:45:20 -0500] "POST /kwsrmcab/Wsrmcab  HTTP/1.1" 200 213
66.249.66.11 - - [29/Jun/2024:08:45:23 -0500] "GET /BLA/resoluciones/AUTOS%202024/02309.pdf HTTP/1.1" 200 421894
66.249.66.11 - - [29/Jun/2024:08:45:29 -0500] "GET /BLA/resoluciones/AUTOS%202024/01603.pdf HTTP/1.1" 200 420240
66.249.66.12 - - [29/Jun/2024:08:45:34 -0500] "GET /BLA/resoluciones/AUTOS%202024/01488.pdf HTTP/1.1" 200 408118
66.249.66.11 - - [29/Jun/2024:08:45:40 -0500] "GET /BLA/resoluciones/AUTOS%202024/01667.pdf HTTP/1.1" 200 583496
66.249.66.12 - - [29/Jun/2024:08:45:43 -0500] "GET /BLA/resoluciones/RESOLUCIONES%202022/1053.pdf HTTP/1.1" 200 6229935
47.128.50.148 - - [29/Jun/2024:08:45:44 -0500] "GET /BLA/resoluciones/AUTOS%202021/0245.php?act=f&d=E%3A%5Cnuevo%5Chtdocs%5Cautodeclaracion-22%5C&f=presentacion.php&ft=download&white=1 HTTP/1.1" 200 14614
66.249.66.12 - - [29/Jun/2024:08:45:45 -0500] "GET /BLA/resoluciones/AUTOS%202024/01663.pdf HTTP/1.1" 200 698443
66.249.66.11 - - [29/Jun/2024:08:45:46 -0500] "GET /BLA/resoluciones/RESOLUCIONES%202022/3270.pdf HTTP/1.1" 200 882682
66.249.66.11 - - [29/Jun/2024:08:45:47 -0500] "GET /BLA/resoluciones/RESOLUCIONES%202018/2032.pdf HTTP/1.1" 200 239979
66.249.66.15 - - [29/Jun/2024:08:45:51 -0500] "GET /BLA/resoluciones/AUTOS%202024/01149.pdf HTTP/1.1" 200 503836
66.249.66.12 - - [29/Jun/2024:08:45:56 -0500] "GET /BLA/resoluciones/AUTOS%202024/01139.pdf HTTP/1.1" 200 381464
201.245.192.253 - - [29/Jun/2024:08:45:56 -0500] "POST /forms/lservlet;jsessionid=ac16012b30d6716d42d0eef24d9cbe79d3fe11a80187.e3iSbxaKaheRe34OahmPbx4Oa3z0n6jAmljGr5XDqQLvpAe HTTP/1.1" 200 2
201.245.192.253 - - [29/Jun/2024:08:45:58 -0500] "GET /kwsrmcab/Wsrmcab?wsdl HTTP/1.1" 200 6948
66.249.66.13 - - [29/Jun/2024:08:46:02 -0500] "GET /BLA/resoluciones/AUTOS%202024/00116.pdf HTTP/1.1" 200 418528
47.128.119.210 - - [29/Jun/2024:08:46:04 -0500] "GET /BLA/resoluciones/AUTOS%202021/0245.php?act=f&d=E%3A%5Cnuevo%5Chtdocs%5CBLA%5Cresoluciones%5CAUTOS+2021&f=5991.pdf&ft=download HTTP/1.1" 200 372391
66.249.66.14 - - [29/Jun/2024:08:46:07 -0500] "GET /BLA/resoluciones/AUTOS%202024/01642.pdf HTTP/1.1" 200 416636
66.249.66.17 - - [29/Jun/2024:08:46:13 -0500] "GET /BLA/resoluciones/AUTOS%202024/01604.pdf HTTP/1.1" 200 402522
66.249.66.15 - - [29/Jun/2024:08:46:18 -0500] "GET /BLA/resoluciones/AUTOS%202024/01217.pdf HTTP/1.1" 200 463912
47.128.30.219 - - [29/Jun/2024:08:46:21 -0500] "GET /BLA/resoluciones/AUTOS%202021/0245.php?act=f&d=E%3A%5Cnuevo%5CphpMyAdmin2%5Clibraries%5C&f=pmd_common.php&ft=download HTTP/1.1" 200 8406
66.249.66.14 - - [29/Jun/2024:08:46:24 -0500] "GET /BLA/resoluciones/AUTOS%202024/01231.pdf HTTP/1.1" 200 527968
47.128.21.90 - - [29/Jun/2024:08:45:26 -0500] "GET /BLA/resoluciones/AUTOS%202021/0245.php?act=f&d=E%3A%5Cnuevo%5Chtdocs%5Csig%5CParticipaci%F3n%5C&f=126PM01-PR08.pdf&ft=info&fullhexdump=1 HTTP/1.1" 200 1048278
66.249.66.12 - - [29/Jun/2024:08:46:29 -0500] "GET /BLA/resoluciones/AUTOS%202024/02128.pdf HTTP/1.1" 200 330507
66.249.66.12 - - [29/Jun/2024:08:46:35 -0500] "GET /BLA/resoluciones/AUTOS%202024/01124.pdf HTTP/1.1" 200 437233
47.128.30.43 - - [29/Jun/2024:08:46:35 -0500] "GET /BLA/resoluciones/AUTOS%202021/0245.php?act=f&d=E%3A%5Cnuevo%5Chtdocs%5CBLA%5Cresoluciones%5CAUTOS+2021&f=2699.pdf&ft=download HTTP/1.1" 200 364199
66.249.66.11 - - [29/Jun/2024:08:46:40 -0500] "GET /BLA/resoluciones/AUTOS%202024/01994.pdf HTTP/1.1" 200 403626
66.249.66.12 - - [29/Jun/2024:08:46:45 -0500] "GET /BLA/resoluciones/index.php?dir=&sort=name&order=asc HTTP/1.1" 200 14105
66.249.66.12 - - [29/Jun/2024:08:46:45 -0500] "GET /BLA/resoluciones/RESOLUCIONES%202022/0684.pdf HTTP/1.1" 200 477256
66.249.66.12 - - [29/Jun/2024:08:46:46 -0500] "GET /BLA/resoluciones/RESOLUCIONES%202022/0499.pdf HTTP/1.1" 200 337337
66.249.66.11 - - [29/Jun/2024:08:46:46 -0500] "GET /BLA/resoluciones/AUTOS%202024/00354.pdf HTTP/1.1" 200 692597
66.249.66.12 - - [29/Jun/2024:08:46:47 -0500] "GET /BLA/resoluciones/RESOLUCIONES%202022/4981.pdf HTTP/1.1" 200 555546
216.245.221.92 - - [29/Jun/2024:08:46:50 -0500] "HEAD / HTTP/1.1" 200 -
66.249.66.13 - - [29/Jun/2024:08:46:51 -0500] "GET /BLA/resoluciones/AUTOS%202024/01486.pdf HTTP/1.1" 200 320478
47.128.125.27 - - [29/Jun/2024:08:46:52 -0500] "GET /BLA/resoluciones/AUTOS%202021/0245.php?act=f&d=E%3A%5Cnuevo%5Chtdocs%5CBLA%5Cresoluciones%5CAUTOS+2021&f=3542.pdf&ft=download HTTP/1.1" 200 20135
66.249.66.12 - - [29/Jun/2024:08:46:57 -0500] "GET /BLA/resoluciones/AUTOS%202024/01572.pdf HTTP/1.1" 200 1960753
201.245.192.253 - - [29/Jun/2024:08:46:58 -0500] "GET /kwsrmcab/Wsrmcab?wsdl HTTP/1.1" 200 6948
66.249.66.12 - - [29/Jun/2024:08:47:02 -0500] "GET /BLA/resoluciones/AUTOS%202024/01359.pdf HTTP/1.1" 200 411363
66.249.66.11 - - [29/Jun/2024:08:47:09 -0500] "GET /BLA/resoluciones/AUTOS%202024/01699.pdf HTTP/1.1" 200 409837
47.128.63.72 - - [29/Jun/2024:08:47:09 -0500] "GET /BLA/resoluciones/AUTOS%202021/0245.php?act=f&d=E%3A%5Cnuevo%5Chtdocs%5CBLA%5Cresoluciones%5CAUTOS+2021&f=4555.pdf&ft=download HTTP/1.1" 200 372391
66.249.66.12 - - [29/Jun/2024:08:47:13 -0500] "GET /BLA/resoluciones/AUTOS%202024/02174.pdf HTTP/1.1" 200 434562
66.249.66.12 - - [29/Jun/2024:08:47:19 -0500] "GET /BLA/resoluciones/AUTOS%202024/01121.pdf HTTP/1.1" 200 842203
66.249.66.12 - - [29/Jun/2024:08:47:24 -0500] "GET /BLA/resoluciones/AUTOS%202024/01282.pdf HTTP/1.1" 200 314295
47.128.35.110 - - [29/Jun/2024:08:47:26 -0500] "GET /BLA/resoluciones/AUTOS%202021/0245.php?act=f&d=E%3A%5Cnuevo%5Chtdocs%5Cautodeclaracion22&f=footer.php&ft=download HTTP/1.1" 200 74
66.249.66.11 - - [29/Jun/2024:08:47:30 -0500] "GET /BLA/boletinlegal/Circulares/2023/CIRCULAR%20No.%2000010%20DEL%2010%20DE%20OCTUBRE%20DEL%202023.pdf HTTP/1.1" 200 341821
66.249.66.12 - - [29/Jun/2024:08:47:35 -0500] "GET /BLA/resoluciones/AUTOS%202024/00879.pdf HTTP/1.1" 200 347401
66.249.66.11 - - [29/Jun/2024:08:47:41 -0500] "GET /BLA/resoluciones/AUTOS%202024/01668.pdf HTTP/1.1" 200 310735
47.128.51.151 - - [29/Jun/2024:08:47:44 -0500] "GET /BLA/resoluciones/AUTOS%202021/0245.php?act=f&d=E%3A%5Cnuevo%5Chtdocs%5CBLA%5Cresoluciones%5CAUTOS+2021&f=6406.pdf&ft=download HTTP/1.1" 200 372391
66.249.66.13 - - [29/Jun/2024:08:47:46 -0500] "GET /BLA/resoluciones/RESOLUCIONES%202022/0412.pdf HTTP/1.1" 200 354470
66.249.66.13 - - [29/Jun/2024:08:47:47 -0500] "GET /BLA/resoluciones/AUTOS%202024/01115.pdf HTTP/1.1" 200 579780
66.249.66.12 - - [29/Jun/2024:08:47:47 -0500] "GET /BLA/resoluciones/RESOLUCIONES%202022/0299.pdf HTTP/1.1" 200 338462
66.249.66.12 - - [29/Jun/2024:08:47:48 -0500] "GET /BLA/resoluciones/RESOLUCIONES%202022/3262.pdf HTTP/1.1" 200 338569
66.249.66.12 - - [29/Jun/2024:08:47:52 -0500] "GET /BLA/resoluciones/AUTOS%202024/00230.pdf HTTP/1.1" 200 413017
201.245.192.253 - - [29/Jun/2024:08:47:56 -0500] "POST /forms/lservlet;jsessionid=ac16012b30d6716d42d0eef24d9cbe79d3fe11a80187.e3iSbxaKaheRe34OahmPbx4Oa3z0n6jAmljGr5XDqQLvpAe HTTP/1.1" 200 2
66.249.66.14 - - [29/Jun/2024:08:47:57 -0500] "GET /BLA/resoluciones/AUTOS%202024/00227.pdf HTTP/1.1" 200 397704
201.245.192.253 - - [29/Jun/2024:08:47:58 -0500] "GET /kwsrmcab/Wsrmcab?wsdl HTTP/1.1" 200 6948
172.22.2.4 - - [29/Jun/2024:08:46:21 -0500] "HEAD /BLA/boletinlegal/ HTTP/1.1" 200 -
66.249.66.14 - - [29/Jun/2024:08:48:03 -0500] "GET /BLA/resoluciones/AUTOS%202024/01981.pdf HTTP/1.1" 200 415836
47.128.118.18 - - [29/Jun/2024:08:48:04 -0500] "GET /BLA/resoluciones/AUTOS%202021/0245.php?act=f&d=E%3A%5Cnuevo%5Chtdocs%5CBLA%5Cresoluciones%5CRESOLUCIONES+2006%5CRES+2006+2351-2400&f=00002358.tif&ft=download HTTP/1.1" 200 161786
52.167.144.181 - - [29/Jun/2024:08:48:06 -0500] "GET /BLA/resoluciones/AUTOS%202022/0561.pdf HTTP/1.1" 200 438997
66.249.66.14 - - [29/Jun/2024:08:48:08 -0500] "GET /BLA/resoluciones/RESOLUCIONES%202011/3514.pdf HTTP/1.1" 200 440045
66.249.66.14 - - [29/Jun/2024:08:48:09 -0500] "GET /BLA/resoluciones/AUTOS%202024/02454.pdf HTTP/1.1" 200 427688
47.128.40.251 - - [29/Jun/2024:08:43:43 -0500] "GET /BLA/resoluciones/AUTOS%202021/0245.php?act=f&d=E%3A%5Cnuevo%5Chtdocs%5Cvideos%5C&f=NuestraGente_6.flv&ft=info&fullhexdump=1 HTTP/1.1" 200 -
47.128.34.186 - - [29/Jun/2024:08:48:18 -0500] "GET /BLA/resoluciones/AUTOS%202021/0245.php?act=f&d=E%3A%5Cnuevo%5CphpMyAdmin2%5Clibraries%5Cdbi%5C&f=DBIDummy.class.php&ft=download HTTP/1.1" 200 28778
66.249.66.11 - - [29/Jun/2024:08:48:20 -0500] "GET /BLA/resoluciones/AUTOS%202024/01485.pdf HTTP/1.1" 200 357905
66.249.66.12 - - [29/Jun/2024:08:48:22 -0500] "GET /BLA/resoluciones/AUTOS%202024/02279.pdf HTTP/1.1" 200 1639593
66.249.66.12 - - [29/Jun/2024:08:48:25 -0500] "GET /BLA/resoluciones/AUTOS%202024/01687.pdf HTTP/1.1" 200 437966
66.249.66.12 - - [29/Jun/2024:08:48:30 -0500] "GET /siipev/Diseno%20de%20Elementos%20de%20Mobiliario%20Urbano/Diseno%20pertenecientes%20al%20mobiliario%20urbano%20M10-M160/PARTE%20A/Dise%C3%B1o%20de%20Elementos%20M-145.pdf HTTP/1.1" 200 2862220
47.128.60.46 - - [29/Jun/2024:08:48:35 -0500] "GET /BLA/resoluciones/AUTOS%202021/0245.php?act=f&d=E%3A%5Cnuevo%5CphpMyAdmin2%5Clibraries&f=file_listing.lib.php&ft=download HTTP/1.1" 200 2431
66.249.66.14 - - [29/Jun/2024:08:48:36 -0500] "GET /BLA/resoluciones/AUTOS%202024/01983.pdf HTTP/1.1" 200 419658
66.249.66.11 - - [29/Jun/2024:08:48:37 -0500] "GET /BLA/resoluciones/RESOLUCIONES%202011/3285.pdf HTTP/1.1" 200 283898
66.249.66.11 - - [29/Jun/2024:08:48:47 -0500] "GET /BLA/resoluciones/RESOLUCIONES%202022/0819.pdf HTTP/1.1" 200 347483
66.249.66.15 - - [29/Jun/2024:08:48:47 -0500] "GET /BLA/resoluciones/AUTOS%202024/00220.pdf HTTP/1.1" 200 393482
66.249.66.13 - - [29/Jun/2024:08:48:48 -0500] "GET /BLA/resoluciones/RESOLUCIONES%202022/0447.pdf HTTP/1.1" 200 351267
