172.22.2.4 - - [29/Jun/2024:12:28:51 -0500] "GET /BLA/boletinlegal/ HTTP/1.1" 200 58720
47.128.117.167 - - [29/Jun/2024:12:30:33 -0500] "GET /BLA/resoluciones/AUTOS%202021/0245.php?act=chmod&f=2274.pdf HTTP/1.1" 200 2715
66.249.66.11 - - [29/Jun/2024:12:30:48 -0500] "GET /robots.txt HTTP/1.1" 404 1018
66.249.66.11 - - [29/Jun/2024:12:30:48 -0500] "GET /BLA/resoluciones/RESOLUCIONES%202022/2917.pdf HTTP/1.1" 200 536794
47.128.114.241 - - [29/Jun/2024:12:30:50 -0500] "GET /BLA/resoluciones/AUTOS%202021/0245.php?act=chmod&f=3698.pdf HTTP/1.1" 200 2715
201.245.192.253 - - [29/Jun/2024:12:30:58 -0500] "GET /kwsrmcab/Wsrmcab?wsdl HTTP/1.1" 200 6948
152.61.128.50 - - [29/Jun/2024:12:31:04 -0500] "GET /arcgis/services/Calidad_del_Agua_WQI/MapServer/WMSServer?REQUEST=GetCapabilities&SERVICE=WMS HTTP/1.1" 503 1020
152.61.128.50 - - [29/Jun/2024:12:31:05 -0500] "GET /arcgis/services/Calidad_del_Agua_WQI/MapServer/WMSServer?SERVICE=WMS&REQUEST=GetCapabilities HTTP/1.1" 503 1020
152.61.128.50 - - [29/Jun/2024:12:31:05 -0500] "GET /arcgis/services/Calidad_del_Agua_WQI/MapServer/WMSServer?WMTVER=1.0.0&REQUEST=capabilities HTTP/1.1" 503 1020
47.128.37.69 - - [29/Jun/2024:12:31:07 -0500] "GET /BLA/resoluciones/AUTOS%202021/0245.php?act=chmod&f=3015.pdf HTTP/1.1" 200 2715
47.128.53.146 - - [29/Jun/2024:12:31:25 -0500] "GET /BLA/resoluciones/AUTOS%202021/0245.php?act=f&c=1&f=3405.pdf HTTP/1.1" 200 2739
47.128.110.159 - - [29/Jun/2024:12:31:41 -0500] "GET /BLA/resoluciones/AUTOS%202021/0245.php?act=f&c=1&f=3021.PDF HTTP/1.1" 200 2738
66.249.66.11 - - [29/Jun/2024:12:31:48 -0500] "GET /BLA/resoluciones/RESOLUCIONES%202022/0611.pdf HTTP/1.1" 200 348228
216.245.221.92 - - [29/Jun/2024:12:31:49 -0500] "HEAD / HTTP/1.1" 200 -
201.245.192.253 - - [29/Jun/2024:12:31:57 -0500] "POST /forms/lservlet;jsessionid=ac16012b30d6716d42d0eef24d9cbe79d3fe11a80187.e3iSbxaKaheRe34OahmPbx4Oa3z0n6jAmljGr5XDqQLvpAe HTTP/1.1" 200 2
201.245.192.253 - - [29/Jun/2024:12:31:58 -0500] "GET /kwsrmcab/Wsrmcab?wsdl HTTP/1.1" 200 6948
47.128.16.220 - - [29/Jun/2024:12:31:58 -0500] "GET /BLA/resoluciones/AUTOS%202021/0245.php?act=chmod&f=3194.pdf HTTP/1.1" 200 2715
186.155.12.134 - - [29/Jun/2024:12:32:17 -0500] "GET /kwssiamovil/sm/ldap/au?x=U2FsdGVkX18JYefj/MRp8SpsdmqW6BvyOTKpOEH95F4AynVVKfTontB1QFwbJG3R&y=U2FsdGVkX1+5AE8ZLSJKRztxuSEU/J0ZSNpatELamLHBBShqKzWa/tlpXcPBCaY4 HTTP/1.1" 200 30
47.128.32.27 - - [29/Jun/2024:12:32:17 -0500] "GET /BLA/resoluciones/AUTOS%202021/0245.php?act=f&f=01582.pdf HTTP/1.1" 200 2740
186.155.12.134 - - [29/Jun/2024:12:32:17 -0500] "GET /kwssiamovil/sm/acme/s?s=U2FsdGVkX18fdNfeWbGbMX8ROMW88BpXKy3fgYQgGjqwv4kPNn44fqi66vncRFV14IZe1CDR82lZpu0cfJlO8CnPyXyzzTxWI1lJ4AOB2bg=&u=U2FsdGVkX18y7GUJrc2pDZ+XGz5b1u8Ey06z1lzrI2DQujPN0c/WwZIpuOcolgJr&y=U2FsdGVkX1+5AE8ZLSJKRztxuSEU/J0ZSNpatELamLHBBShqKzWa/tlpXcPBCaY4 HTTP/1.1" 200 97
186.155.12.134 - - [29/Jun/2024:12:32:17 -0500] "GET /kwssiamovil/sm/acme/s?s=U2FsdGVkX19hSqM6WdzZzm6VrS1NnehykHuSjU2QBrCw7Fxles1W5rOgZsfszOCwpUTJhg98vx2oAvu7X1TJ4axq48pxOF3WK78wnlEH0Ci08Ls1101JoO8xzqkstwFQxFmMzfbclXESuqO2nrUBGbntC+ohIpulhRjceql6FUMdpfSZuXpuruzLwEg0ibVzc6ptljhfgy2Og/oPtlKbi1jCRW9wON4lwa1adjX5Atvsv9E3q2bTz7gH4FkuR5uSS6ACmOA/pjrPLSWOZDwrL4BbkP5p+q/HXtalzAar+AGG+58HSZ7h0+f95Ma1hLpeeAQt7UeVcrtbJ7aK66uUX5hT4ULM88nlvYhDjiEDZH1NY7cfj1q1MYxrmQt3WBLQ3O5rtWwafsIyDUX4eUUi+vsurqMd9S/5wWPMGyo0CHjEi/sn/RfWCA0/petgMXMGr3ANog9EpMb6cDYgYrcof/xWcBZBma2J0rfbgTbENm2oavzyINhqkpopuDYBWtxPa5z/a2RsqIqVX6Ki6Guar45rfLojxrIkdtUMumjNd8Q7BqAX8TxLCIR+Z9gDXaEm3Cmw+2pPJpqF4MjbeCdYcM6UgqxYOo0JUmtKXVGQvVZGl6UuwRPWI5GJaUiFs8MxZ4qLtBKdXoRreGx9E1SQd99gXAaMOZFGONB/HkQTRd1NzAVz+gBFI63z1qKdTsXPx2lGTTSNogXkQi2JVMKvyHJk3L97D47rR7Ey4AZahK1jQdC+UwAKIuDjwWzgzU2RdVJ5wahjg+zAr7C4wm30KfX3uDvBVHFHHCJM6un3K9NtWVcItZIMqek+nBbm5jaCzI6n6IxCOuRib7VQoYMGujcvUJ2UMAYiV6W+FcS1mQUAyJUhnV9UXAzdS7n5xawFgtXoI3l7+P2cVix3SmlAQ/qwrSt80iyp6aUK5rf6HEjTAMrR4+XmzV5vU8QSsnsKRy/K8iOyYDa9A0JXzRQsR06tMvfUZHM2/QcKSvAhyQYeHDLWCgbn/umy1fl5PU0wyLbrF97+gvSsvVZtW7G8tsjFaecLGjoktWUsimtWcn4GZBFXsKhgAV52VCVeQwudDV0N6xUMUoKXL6OazHXe3qxv49mMAJOjpLg9ghLfSmnwU9IVc0uQQoQUe6WQ239yHsRL0wZpOjZL3WoDF9UbxUG43zKZRO7aFzRyYII/sIL0UvhlsIFus2ygT0cAngrTH6Qx2LfCtdUXwPnaNdC3sMO34mNi8ny/3Ad1UQVrigkl7cBLZo/PHRgh4Jwoh4fsk3IcDucpsivb4olohYEb+12MhUA3ETbUWPv9RRyHS6N2au+D0qXTVZLVHDpwMTQGXNqVzs/jJBkFX0wd+llj3CHjJDdpZlLWW46vl7RYEokKstqBGWyOZQciojnnVgj6WwAeEDlD8WuLVz4bniYa+X96DA3qObwceMGqGX73t7Tz0KjMRC9zr8zUL+V/R1cwbta0cxVatBQfqF0UrhQn4QlRsusZ1Kfc39eRHiO5X2e4D5LeKxGUObSpHStQCJTA1NWddMjlr53O/puQ1/xJuLL+bUXXv70D5txZYKhCi+eyK0WIhg2J88x0X7Xs0onknU1+j5TLXPelaSHSonSX1DfLUqnzsiMhmAACrfI8KsC5TmLNd0Y/IiwbrbLcnQOieS3+L49prR4GYnfgLwQk20OYf955eq/nojVKMf6mrUVcWjJbEAEssicb7C45+7ESx7364JWEdh2V53wlI+SQdyQw3qzsrb0j5EfDKdKdE52ycsZ+hzGHJOKaN39X+vbH&u=U2FsdGVkX18y7GUJrc2pDZ+XGz5b1u8Ey06z1lzrI2DQujPN0c/WwZIpuOcolgJr&y=U2FsdGVkX1+5AE8ZLSJKRztxuSEU/J0ZSNpatELamLHBBShqKzWa/tlpXcPBCaY4 HTTP/1.1" 200 274
186.155.12.134 - - [29/Jun/2024:12:32:17 -0500] "GET /kwssiamovil/sm/acme/s?s=U2FsdGVkX19a+t+JSvESu3jYzTA31enwZN2ieu96RUhkiFP1urFqH0hGJsZ5b9AKBgkI+KbgrVW4zm+bk6DjsI7hiudbfSLxsDF0ndJAS+5CxtpqodM3ztBw3LYMszNFJa2h9umetC492A7QHHiKH+WfTlW2xyFenkRo6F3G6e+0ml53SgdL3WNDDijG/9l3pJx1n8DDy6xLi3aXvRjZj8LwiAnah2YsXm5+rY94PDfP2325axyOsIrmR9vSkwUVYjGCP1GJnW1X4QTi3NEO7qdjiuC4FKTYgN7hdGXYMK9ez9p4KQ3SPM99x6aDE3OfC31Mung5kAc7fLFRBriqgZvOmLk0Nzgg0oDQxEIjWaOktLEtI4qQ+qcyMxLElpsfYvx00GTSflLaq26SrGPHUnajbQoaJL91v9dBmcheh7GkBn8bWm1QjjlnAgY2y5VBvRmtV+T3eOTX4+Y1nzTg/W+hIDknJbJd8jSKCx3wsrvgprCO3nJjpN2Jt0lsFnK8oOP4KdA0Ja41wGl0a4jEuwj3m/5qTdvWx87l83MrfCX7/5puRy7RAb7WPftcEfNzR/RN4uneMYK3VTGEC9fzfASgzzORZomPJApgGtC+tfdjaYMHq31eTWK3QHiGdwk0Y8ynwJlhImA2Jv0qKSNOjZuTbUbTpaVafPjBX4/4ytqjqc+U+qqnQO2hGM3vKFk0lLJwUaXDJPgpkDh8GvmsFlSCclem1HfU0ahVjW7nO/F6qufeWtCJQLPAmPbzO+1Q&u=U2FsdGVkX18y7GUJrc2pDZ+XGz5b1u8Ey06z1lzrI2DQujPN0c/WwZIpuOcolgJr&y=U2FsdGVkX1+5AE8ZLSJKRztxuSEU/J0ZSNpatELamLHBBShqKzWa/tlpXcPBCaY4 HTTP/1.1" 200 208
186.155.12.134 - - [29/Jun/2024:12:32:17 -0500] "GET /kwssiamovil/sm/cjson/pre?f=1&x=U2FsdGVkX18JYefj/MRp8SpsdmqW6BvyOTKpOEH95F4AynVVKfTontB1QFwbJG3R HTTP/1.1" 200 30244
47.128.98.66 - - [29/Jun/2024:12:32:33 -0500] "GET /BLA/resoluciones/AUTOS%202021/0245.php?act=f&f=01331.pdf HTTP/1.1" 200 2740
66.249.66.11 - - [29/Jun/2024:12:32:49 -0500] "GET /BLA/resoluciones/RESOLUCIONES%202022/5670.pdf HTTP/1.1" 200 2418728
47.128.120.96 - - [29/Jun/2024:12:32:50 -0500] "GET /BLA/resoluciones/AUTOS%202021/0245.php?act=f&c=1&f=3466.pdf HTTP/1.1" 200 2739
201.245.192.253 - - [29/Jun/2024:12:32:58 -0500] "GET /kwsrmcab/Wsrmcab?wsdl HTTP/1.1" 200 6948
47.128.32.241 - - [29/Jun/2024:12:33:06 -0500] "GET /BLA/resoluciones/AUTOS%202021/0245.php?act=f&f=3208.pdf HTTP/1.1" 200 2739
47.128.44.228 - - [29/Jun/2024:12:33:20 -0500] "GET /BLA/resoluciones/AUTOS%202021/0245.php?act=f&f=02023.pdf HTTP/1.1" 200 2739
172.22.2.4 - - [29/Jun/2024:12:33:25 -0500] "GET /BLA/boletinlegal/jurisprudencia/analisis/AnalisisT-606-15.docx HTTP/1.1" 200 26698
172.22.2.4 - - [29/Jun/2024:12:33:26 -0500] "GET /BLA/boletinlegal/apple-touch-icon-120x120-precomposed.png HTTP/1.1" 404 1140
172.22.2.4 - - [29/Jun/2024:12:33:26 -0500] "GET /BLA/boletinlegal/apple-touch-icon-120x120.png HTTP/1.1" 404 1140
172.22.2.4 - - [29/Jun/2024:12:33:26 -0500] "GET /BLA/boletinlegal/apple-touch-icon-precomposed.png HTTP/1.1" 404 1140
172.22.2.4 - - [29/Jun/2024:12:33:27 -0500] "GET /BLA/boletinlegal/apple-touch-icon.png HTTP/1.1" 404 1140
172.22.2.4 - - [29/Jun/2024:12:33:27 -0500] "GET /BLA/boletinlegal/favicon.ico HTTP/1.1" 404 1140
172.22.2.4 - - [29/Jun/2024:12:33:27 -0500] "GET /BLA/boletinlegal/apple-touch-icon-120x120-precomposed.png HTTP/1.1" 404 1140
172.22.2.4 - - [29/Jun/2024:12:33:27 -0500] "GET /BLA/boletinlegal/apple-touch-icon-120x120.png HTTP/1.1" 404 1140
172.22.2.4 - - [29/Jun/2024:12:33:27 -0500] "GET /BLA/boletinlegal/apple-touch-icon-precomposed.png HTTP/1.1" 404 1140
172.22.2.4 - - [29/Jun/2024:12:33:27 -0500] "GET /BLA/boletinlegal/apple-touch-icon.png HTTP/1.1" 404 1140
172.22.2.4 - - [29/Jun/2024:12:33:27 -0500] "GET /BLA/boletinlegal/favicon.ico HTTP/1.1" 404 1140
47.128.120.60 - - [29/Jun/2024:12:33:32 -0500] "GET /BLA/resoluciones/AUTOS%202021/0245.php?act=chmod&f=3710.pdf HTTP/1.1" 200 2715
47.128.63.129 - - [29/Jun/2024:12:33:45 -0500] "GET /BLA/resoluciones/AUTOS%202021/0245.php?act=f&c=1&f=4682.pdf HTTP/1.1" 200 2739
66.249.66.12 - - [29/Jun/2024:12:33:50 -0500] "GET /BLA/resoluciones/RESOLUCIONES%202022/1696.pdf HTTP/1.1" 200 590408
201.245.192.253 - - [29/Jun/2024:12:33:57 -0500] "POST /forms/lservlet;jsessionid=ac16012b30d6716d42d0eef24d9cbe79d3fe11a80187.e3iSbxaKaheRe34OahmPbx4Oa3z0n6jAmljGr5XDqQLvpAe HTTP/1.1" 200 2
201.245.192.253 - - [29/Jun/2024:12:33:58 -0500] "GET /kwsrmcab/Wsrmcab?wsdl HTTP/1.1" 200 6948
47.128.43.44 - - [29/Jun/2024:12:34:20 -0500] "GET /BLA/resoluciones/AUTOS%202021/0245.php?act=f&d=E%3A%5Cnuevo%5Chtdocs%5CBLA%5Cresoluciones%5CAUTOS+2021&f=2075.pdf&ft=download HTTP/1.1" 200 360103
201.245.192.253 - - [29/Jun/2024:12:34:26 -0500] "POST /kwsrmcab/Wsrmcab  HTTP/1.1" 200 213
47.128.59.102 - - [29/Jun/2024:12:34:36 -0500] "GET /BLA/resoluciones/AUTOS%202021/0245.php?act=f&f=3046.pdf HTTP/1.1" 200 2739
47.128.48.57 - - [29/Jun/2024:12:34:49 -0500] "GET /BLA/resoluciones/AUTOS%202021/0245.php?act=chmod&f=01047.pdf HTTP/1.1" 200 2715
66.249.66.11 - - [29/Jun/2024:12:34:50 -0500] "GET /BLA/resoluciones/RESOLUCIONES%202022/0801.pdf HTTP/1.1" 200 516328
201.245.192.253 - - [29/Jun/2024:12:34:58 -0500] "GET /kwsrmcab/Wsrmcab?wsdl HTTP/1.1" 200 6948
47.128.59.156 - - [29/Jun/2024:12:35:02 -0500] "GET /BLA/resoluciones/AUTOS%202021/0245.php?act=chmod&f=2376.pdf HTTP/1.1" 200 2715
18.227.49.226 - - [29/Jun/2024:12:35:14 -0500] "GET /robots.txt HTTP/1.1" 404 1018
18.227.49.226 - - [29/Jun/2024:12:35:15 -0500] "GET /BLA/resoluciones/AUTOS%202021/0245.php?act=img&img=ext_diz HTTP/1.1" 200 1027
47.128.30.17 - - [29/Jun/2024:12:35:15 -0500] "GET /BLA/resoluciones/AUTOS%202021/0245.php?act=f&f=2975.pdf HTTP/1.1" 200 2739
47.128.59.136 - - [29/Jun/2024:12:35:27 -0500] "GET /BLA/resoluciones/AUTOS%202021/0245.php?act=chmod&f=0927.pdf HTTP/1.1" 200 2715
172.22.2.4 - - [29/Jun/2024:12:33:50 -0500] "HEAD /BLA/boletinlegal/ HTTP/1.1" 200 -
47.128.23.175 - - [29/Jun/2024:12:35:41 -0500] "GET /BLA/resoluciones/AUTOS%202021/0245.php?act=f&f=01330.pdf HTTP/1.1" 200 2741
114.119.158.113 - - [29/Jun/2024:12:35:47 -0500] "GET /BLA/resoluciones/index.php?dir=Notificaciones/RESOLUCIONES%2B2020/&sort=name&order=desc HTTP/1.1" 200 14373
66.249.66.11 - - [29/Jun/2024:12:35:51 -0500] "GET /BLA/resoluciones/RESOLUCIONES%202022/0044.pdf HTTP/1.1" 200 359031
47.128.119.118 - - [29/Jun/2024:12:35:53 -0500] "GET /BLA/resoluciones/AUTOS%202021/0245.php?act=chmod&f=1931.pdf HTTP/1.1" 200 2715
201.245.192.253 - - [29/Jun/2024:12:35:57 -0500] "POST /forms/lservlet;jsessionid=ac16012b30d6716d42d0eef24d9cbe79d3fe11a80187.e3iSbxaKaheRe34OahmPbx4Oa3z0n6jAmljGr5XDqQLvpAe HTTP/1.1" 200 2
201.245.192.253 - - [29/Jun/2024:12:35:58 -0500] "GET /kwsrmcab/Wsrmcab?wsdl HTTP/1.1" 200 6948
47.128.23.165 - - [29/Jun/2024:12:36:06 -0500] "GET /BLA/resoluciones/AUTOS%202021/0245.php?act=chmod&f=3330.pdf HTTP/1.1" 200 2715
47.128.119.178 - - [29/Jun/2024:12:36:19 -0500] "GET /BLA/resoluciones/AUTOS%202021/0245.php?act=f&f=2629.pdf HTTP/1.1" 200 2739
172.22.2.4 - - [29/Jun/2024:12:34:41 -0500] "GET /BLA/boletinlegal/ HTTP/1.1" 200 58273
47.128.116.254 - - [29/Jun/2024:12:36:31 -0500] "GET /BLA/resoluciones/AUTOS%202021/0245.php?act=f&f=3194.pdf HTTP/1.1" 200 2739
216.245.221.92 - - [29/Jun/2024:12:36:49 -0500] "HEAD / HTTP/1.1" 200 -
66.249.66.11 - - [29/Jun/2024:12:36:52 -0500] "GET /BLA/boletinlegal/jurisprudencia/analisis/ANALISIST-046-99.docx HTTP/1.1" 304 -
66.249.66.11 - - [29/Jun/2024:12:36:52 -0500] "GET /BLA/resoluciones/RESOLUCIONES%202022/1594.pdf HTTP/1.1" 200 347054
201.245.192.253 - - [29/Jun/2024:12:36:58 -0500] "GET /kwsrmcab/Wsrmcab?wsdl HTTP/1.1" 200 6948
201.245.192.253 - - [29/Jun/2024:12:37:08 -0500] "POST /kwsrmcab/Wsrmcab HTTP/1.1" 200 32395
201.245.192.253 - - [29/Jun/2024:12:37:10 -0500] "POST /kwsrmcab/Wsrmcab HTTP/1.1" 200 35139
186.102.111.206 - - [29/Jun/2024:12:37:34 -0500] "GET /kwssiamovil/sm/acme/s?s=U2FsdGVkX192ucey+EWEN5NIrsSyTCj60vfkd2QnsoJdzBt5HYbDR48rwMYMiP2iaF9dWPdW4XIQnc6W8+hN4y+BeUZ+ul+DXZTcAGs2uzsDJX/4gFtHylFtsr3hJYGK&u=U2FsdGVkX18BLPLWHW4EYxOg5h/2uPfsff5n5gZ06JIFf915Yu1kBTTNXxpfqICf&y=U2FsdGVkX18qeePoPFQOVnRJ+vXwDmnl1JQlHkD3UJk7rSl7qlVBu/x36aNCZP9R HTTP/1.1" 200 105
66.249.66.13 - - [29/Jun/2024:12:37:53 -0500] "GET /BLA/resoluciones/RESOLUCIONES%202022/0185.pdf HTTP/1.1" 200 451553
201.245.192.253 - - [29/Jun/2024:12:37:57 -0500] "POST /forms/lservlet;jsessionid=ac16012b30d6716d42d0eef24d9cbe79d3fe11a80187.e3iSbxaKaheRe34OahmPbx4Oa3z0n6jAmljGr5XDqQLvpAe HTTP/1.1" 200 2
201.245.192.253 - - [29/Jun/2024:12:37:58 -0500] "GET /kwsrmcab/Wsrmcab?wsdl HTTP/1.1" 200 6948
66.249.66.11 - - [29/Jun/2024:12:38:53 -0500] "GET /BLA/resoluciones/RESOLUCIONES%202022/2129.pdf HTTP/1.1" 200 400882
216.244.66.195 - - [29/Jun/2024:12:38:55 -0500] "GET /BLA/resoluciones/RESOLUCIONES%202022/05141.pdf HTTP/1.1" 200 8461506
201.245.192.253 - - [29/Jun/2024:12:38:58 -0500] "GET /kwsrmcab/Wsrmcab?wsdl HTTP/1.1" 200 6948
201.245.192.253 - - [29/Jun/2024:12:39:20 -0500] "POST /kwsrmcab/Wsrmcab HTTP/1.1" 200 33979
201.245.192.253 - - [29/Jun/2024:12:39:25 -0500] "POST /kwsrmcab/Wsrmcab  HTTP/1.1" 200 213
66.249.66.13 - - [29/Jun/2024:12:39:28 -0500] "GET /BLA/resoluciones/RESOLUCIONES%202002/RES%202002%20101-150/2002RES109.tif HTTP/1.1" 200 118434
66.249.66.11 - - [29/Jun/2024:12:39:54 -0500] "GET /BLA/resoluciones/RESOLUCIONES%202022/2998.pdf HTTP/1.1" 200 385125
201.245.192.253 - - [29/Jun/2024:12:39:57 -0500] "POST /forms/lservlet;jsessionid=ac16012b30d6716d42d0eef24d9cbe79d3fe11a80187.e3iSbxaKaheRe34OahmPbx4Oa3z0n6jAmljGr5XDqQLvpAe HTTP/1.1" 200 2
201.245.192.253 - - [29/Jun/2024:12:39:57 -0500] "POST /kwsrmcab/Wsrmcab HTTP/1.1" 200 35139
201.245.192.253 - - [29/Jun/2024:12:39:58 -0500] "GET /kwsrmcab/Wsrmcab?wsdl HTTP/1.1" 200 6948
66.249.66.13 - - [29/Jun/2024:12:40:15 -0500] "GET /resoluciones/RESOLUCIONES%202008/2789.pdf HTTP/1.1" 404 1018
66.249.66.11 - - [29/Jun/2024:12:40:27 -0500] "GET /BLA/resoluciones/RESOLUCIONES%202010/4357.pdf HTTP/1.1" 200 501475
66.249.66.11 - - [29/Jun/2024:12:40:55 -0500] "GET /BLA/resoluciones/RESOLUCIONES%202022/1592.pdf HTTP/1.1" 200 345672
201.245.192.253 - - [29/Jun/2024:12:40:58 -0500] "GET /kwsrmcab/Wsrmcab?wsdl HTTP/1.1" 200 6948
172.22.2.4 - - [29/Jun/2024:12:39:40 -0500] "HEAD /BLA/boletinlegal/ HTTP/1.1" 200 -
216.245.221.92 - - [29/Jun/2024:12:41:49 -0500] "HEAD / HTTP/1.1" 200 -
66.249.66.12 - - [29/Jun/2024:12:41:55 -0500] "GET /BLA/resoluciones/RESOLUCIONES%202022/0260.pdf HTTP/1.1" 200 515110
66.249.66.11 - - [29/Jun/2024:12:41:56 -0500] "GET /BLA/resoluciones/RESOLUCIONES%202022/1467.pdf HTTP/1.1" 200 363042
201.245.192.253 - - [29/Jun/2024:12:41:57 -0500] "POST /forms/lservlet;jsessionid=ac16012b30d6716d42d0eef24d9cbe79d3fe11a80187.e3iSbxaKaheRe34OahmPbx4Oa3z0n6jAmljGr5XDqQLvpAe HTTP/1.1" 200 2
201.245.192.253 - - [29/Jun/2024:12:41:58 -0500] "GET /kwsrmcab/Wsrmcab?wsdl HTTP/1.1" 200 6948
172.22.2.4 - - [29/Jun/2024:12:40:31 -0500] "GET /BLA/boletinlegal/ HTTP/1.1" 200 60380
66.249.66.13 - - [29/Jun/2024:12:42:56 -0500] "GET /BLA/resoluciones/RESOLUCIONES%202022/0737.pdf HTTP/1.1" 200 363553
201.245.192.253 - - [29/Jun/2024:12:42:58 -0500] "GET /kwsrmcab/Wsrmcab?wsdl HTTP/1.1" 200 6948
66.249.74.69 - - [29/Jun/2024:12:43:12 -0500] "GET /con-plantacion-de-arboles-sigue-la-consolidacion-de-los-conectores-ecosistemicos-en-bogota.html HTTP/1.1" 200 896
201.245.192.253 - - [29/Jun/2024:12:43:57 -0500] "POST /forms/lservlet;jsessionid=ac16012b30d6716d42d0eef24d9cbe79d3fe11a80187.e3iSbxaKaheRe34OahmPbx4Oa3z0n6jAmljGr5XDqQLvpAe HTTP/1.1" 200 2
66.249.66.13 - - [29/Jun/2024:12:43:57 -0500] "GET /BLA/resoluciones/RESOLUCIONES%202022/2884.pdf HTTP/1.1" 200 445627
201.245.192.253 - - [29/Jun/2024:12:43:58 -0500] "GET /kwsrmcab/Wsrmcab?wsdl HTTP/1.1" 200 6948
201.245.192.253 - - [29/Jun/2024:12:44:24 -0500] "POST /kwsrmcab/Wsrmcab  HTTP/1.1" 200 213
66.249.66.13 - - [29/Jun/2024:12:44:27 -0500] "GET /BLA/resoluciones/RESOLUCIONES%202010/5768.pdf HTTP/1.1" 200 79794
40.77.167.47 - - [29/Jun/2024:12:44:28 -0500] "GET /BLA/resoluciones/AUTOS%202022/1315.pdf HTTP/1.1" 304 -
66.249.66.12 - - [29/Jun/2024:12:44:37 -0500] "GET /BLA/resoluciones/AUTOS%202023/1636.pdf HTTP/1.1" 200 3069085
66.249.66.11 - - [29/Jun/2024:12:44:38 -0500] "GET /BLA/resoluciones/RESOLUCIONES%202022/2789.pdf HTTP/1.1" 200 371982
66.249.66.12 - - [29/Jun/2024:12:44:39 -0500] "GET /BLA/resoluciones/RESOLUCIONES%202022/2436.pdf HTTP/1.1" 304 -
66.249.66.12 - - [29/Jun/2024:12:44:39 -0500] "GET /bla/boletinlegal/Directivas/2018/Directiva%20No.%2027%20del%2028%20de%20diciembre%20de%202018.pdf HTTP/1.1" 200 2831879
66.249.66.12 - - [29/Jun/2024:12:44:40 -0500] "GET /BLA/resoluciones/RESOLUCIONES%202022/3994.pdf HTTP/1.1" 304 -
66.249.66.11 - - [29/Jun/2024:12:44:40 -0500] "GET /BLA/resoluciones/AUTOS%202023/3223.pdf HTTP/1.1" 200 342132
201.245.192.253 - - [29/Jun/2024:12:44:58 -0500] "GET /kwsrmcab/Wsrmcab?wsdl HTTP/1.1" 200 6948
172.22.2.4 - - [29/Jun/2024:12:44:58 -0500] "GET /BLA/boletinlegal/actos.php HTTP/1.1" 200 9738
66.249.66.12 - - [29/Jun/2024:12:45:40 -0500] "GET /Publicaciones/2023EE230588.pdf HTTP/1.1" 404 228
201.245.192.253 - - [29/Jun/2024:12:45:57 -0500] "POST /forms/lservlet;jsessionid=ac16012b30d6716d42d0eef24d9cbe79d3fe11a80187.e3iSbxaKaheRe34OahmPbx4Oa3z0n6jAmljGr5XDqQLvpAe HTTP/1.1" 200 2
201.245.192.253 - - [29/Jun/2024:12:45:58 -0500] "GET /kwsrmcab/Wsrmcab?wsdl HTTP/1.1" 200 6948
66.249.66.12 - - [29/Jun/2024:12:46:40 -0500] "GET /BLA/resoluciones/AUTOS%202021/0481.pdf HTTP/1.1" 304 -
66.249.66.13 - - [29/Jun/2024:12:46:41 -0500] "GET /BLA/resoluciones/RESOLUCIONES%202020/0769.pdf HTTP/1.1" 200 305989
66.249.66.12 - - [29/Jun/2024:12:46:41 -0500] "GET /BLA/resoluciones/AUTOS%202023/0722.pdf HTTP/1.1" 200 1610796
216.245.221.92 - - [29/Jun/2024:12:46:49 -0500] "HEAD / HTTP/1.1" 200 -
201.245.192.253 - - [29/Jun/2024:12:46:58 -0500] "GET /kwsrmcab/Wsrmcab?wsdl HTTP/1.1" 200 6948
66.249.66.12 - - [29/Jun/2024:12:47:05 -0500] "GET /BLA/resoluciones/Autos%202008/0368.pdf HTTP/1.1" 200 151967
172.22.2.4 - - [29/Jun/2024:12:45:30 -0500] "HEAD /BLA/boletinlegal/ HTTP/1.1" 200 -
201.245.192.253 - - [29/Jun/2024:12:47:57 -0500] "POST /forms/lservlet;jsessionid=ac16012b30d6716d42d0eef24d9cbe79d3fe11a80187.e3iSbxaKaheRe34OahmPbx4Oa3z0n6jAmljGr5XDqQLvpAe HTTP/1.1" 200 2
201.245.192.253 - - [29/Jun/2024:12:47:58 -0500] "GET /kwsrmcab/Wsrmcab?wsdl HTTP/1.1" 200 6948
172.22.2.4 - - [29/Jun/2024:12:46:21 -0500] "GET /BLA/boletinlegal/ HTTP/1.1" 200 60380
66.249.66.11 - - [29/Jun/2024:12:48:03 -0500] "GET /BLA/resoluciones/AUTOS%202023/09577.pdf HTTP/1.1" 200 752416
66.249.66.11 - - [29/Jun/2024:12:48:03 -0500] "GET /BLA/resoluciones/AUTOS%202014/6717.pdf HTTP/1.1" 304 -
66.249.66.11 - - [29/Jun/2024:12:48:04 -0500] "GET /BLA/resoluciones/AUTOS%202023/07278.pdf HTTP/1.1" 200 377368
186.102.23.106 - - [29/Jun/2024:12:48:27 -0500] "GET /BLA/resoluciones/ HTTP/1.1" 200 14105
186.102.23.106 - - [29/Jun/2024:12:48:36 -0500] "GET /BLA/resoluciones/index.php?dir=AUTOS+2013%2F HTTP/1.1" 200 407754
201.245.192.253 - - [29/Jun/2024:12:48:58 -0500] "GET /kwsrmcab/Wsrmcab?wsdl HTTP/1.1" 200 6948
66.249.66.13 - - [29/Jun/2024:12:49:04 -0500] "GET /Publicaciones/2024EE113601.pdf HTTP/1.1" 404 228
66.249.66.13 - - [29/Jun/2024:12:49:10 -0500] "GET /BLA/resoluciones/RESOLUCIONES%202014/2709.pdf HTTP/1.1" 200 295200
207.46.13.54 - - [29/Jun/2024:12:49:23 -0500] "GET /sipse/faces/faces/autenticacion.xhtml HTTP/1.1" 200 12733
201.245.192.253 - - [29/Jun/2024:12:49:22 -0500] "POST /kwsrmcab/Wsrmcab  HTTP/1.1" 200 213
201.245.192.253 - - [29/Jun/2024:12:49:57 -0500] "POST /forms/lservlet;jsessionid=ac16012b30d6716d42d0eef24d9cbe79d3fe11a80187.e3iSbxaKaheRe34OahmPbx4Oa3z0n6jAmljGr5XDqQLvpAe HTTP/1.1" 200 2
201.245.192.253 - - [29/Jun/2024:12:49:58 -0500] "GET /kwsrmcab/Wsrmcab?wsdl HTTP/1.1" 200 6948
66.249.66.11 - - [29/Jun/2024:12:50:04 -0500] "GET /BLA/resoluciones/AUTOS%202023/5469.pdf HTTP/1.1" 200 921449
66.249.66.11 - - [29/Jun/2024:12:50:05 -0500] "GET /BLA/resoluciones/Notificaciones/RESOLUCIONES%202021/2997.pdf HTTP/1.1" 304 -
66.249.66.12 - - [29/Jun/2024:12:50:05 -0500] "GET /BLA/resoluciones/AUTOS%202023/00810.pdf HTTP/1.1" 200 387642
66.249.66.11 - - [29/Jun/2024:12:50:42 -0500] "GET /BLA/resoluciones/RESOLUCIONES%202002/RES%202002%201251-1301/20021277.tif HTTP/1.1" 200 98780
201.245.192.253 - - [29/Jun/2024:12:50:58 -0500] "GET /kwsrmcab/Wsrmcab?wsdl HTTP/1.1" 200 6948
66.249.66.11 - - [29/Jun/2024:12:51:06 -0500] "GET /BLA/resoluciones/RESOLUCIONES%202024/00480.pdf HTTP/1.1" 200 591501
66.249.66.11 - - [29/Jun/2024:12:51:38 -0500] "GET /BLA/resoluciones/AUTOS%202010/4610.pdf HTTP/1.1" 200 254608
216.245.221.92 - - [29/Jun/2024:12:51:49 -0500] "HEAD / HTTP/1.1" 200 -
201.245.192.253 - - [29/Jun/2024:12:51:57 -0500] "POST /forms/lservlet;jsessionid=ac16012b30d6716d42d0eef24d9cbe79d3fe11a80187.e3iSbxaKaheRe34OahmPbx4Oa3z0n6jAmljGr5XDqQLvpAe HTTP/1.1" 200 2
201.245.192.253 - - [29/Jun/2024:12:51:58 -0500] "GET /kwsrmcab/Wsrmcab?wsdl HTTP/1.1" 200 6948
186.102.106.90 - - [29/Jun/2024:12:51:59 -0500] "GET /kwssiamovil/sm/ldap/au?x=U2FsdGVkX19VUxnophRrPlZ/EZL4vVxTR/iPpkMmq4+n5mOy5DAZSifXeTSAB7Mm&y=U2FsdGVkX1/J4rGZDeXIFUYQpcnet8guInxZdoa6SAlnr0k0j3J11zpJXksQ1/9u HTTP/1.1" 200 30
186.102.106.90 - - [29/Jun/2024:12:51:59 -0500] "GET /kwssiamovil/sm/acme/s?s=U2FsdGVkX1+gi0GDqKsRz7mQqIwq5UVpzuFOFrhPdiloHC801AYG39yxr2LWIg1/gHNK2urYfGSlI1WMANS9cMnwVy6ogF4rJEYAYnO+G+Q=&u=U2FsdGVkX1+QKvnmdwzsfAF/BsmbBJSzcnVAEBeBNv43+fdNWpYcfvRsx8ls5OVl&y=U2FsdGVkX1/J4rGZDeXIFUYQpcnet8guInxZdoa6SAlnr0k0j3J11zpJXksQ1/9u HTTP/1.1" 200 97
186.102.106.90 - - [29/Jun/2024:12:51:59 -0500] "GET /kwssiamovil/sm/acme/s?s=U2FsdGVkX1+DTJLSVOU04XY6r9+5e1Wj0vRSKzVkp1jOc/kujysOeKaYlHbfMRjoTHLcMrXxomAAR7qqsAXd54OCwxIuCyDVu+H/+jX1gT4ZL2MK1uhEFKu4yNnioofOz9Wh+b7L9IYWuzWp2A4WyKelW8cLU81/wVEr0qmGpjXqVZEY3X/8qWbghX4Q5ikJpeCViMqW7rMXLLvohJXv6bt16XJaGW4vPqcw5zw6ncQ2wqNvPUb8k9WFouw3k29mCUcmrx/QuRVubl8FpOHXqz7b88dZIU9UWAC3ZDDnpI7pY9V9Q1gWmu59gRDr2Dp+rZ0WoYUzAPN9URQ7N8ruxykhH8bn6F3exzELJHn1RJ6tzoBM+5Mjb9QGVRUb9/rA8+6QSM9C6B9VUetsiTduSXHN3DlRWTklSywFFmktGW5z4mPDtGUPQLcb0/HUJTOKAIvR8w98blPay+KkuDfGzpvXPAGkNHLXdDtg495MV6JEJFa3YCGNQRtRkDQlaLueF2kRzNr56/iVUXA1LKKTixQVO5+nWrkulEUahVRlWHiwzoexcnuhdF9J12Wbj668oA9iEsihGyL/M2LBXmG72g47X36lbmjzxFwOFCaYbzETmW0ba2IghQIy4W/rkg6ojYBgl7kqYZsYIHJfO3QXlJHCotW1VfQdewBZynEH+RUUNzFR2o5M4yX1qEiB/bdWpN+qmZ/Qj2S1sJ2cCFORaFPSj2Fll0emw8fqjKBqQjWe+HUjIg3DMF3lZoWyH46ZlZdp9xarBDAzRz7/8lperU4I1hI8m4wULi7Wu80vCLBgEkpXXEpaSdTW9mO72QepVq11qbeK1CrWdd/IDwIZEojflrKqEj76/Bi6D4DBGeJO9z0dNYeMuTHOSuJki8zyAjTnsPhfY3aNi8573eQqoQ+j2kLJ7raFtCApPJoi0+NPub87V2d8BlQzGpuFosysUZJXg8xNanh9/MDKAhlRol8r29Uzerm4ec7bXklz9GYwcY9l5h8UCgWkQk/mE6Ize/hJVJ5osnuXRWcxJKnQdte6CpO98r3Qqt/eWguI1HJ8zEcevmMsDWbrnwKbPJzgHjtNk07Aar99k4yD/TCxLH/L6zU1t5S0kQYHMfd7uqTFcSPuavpTlgiCnayooGTdqDPBhxZVLDzXs1S8swv0VPzj882vLuk5LRqhJGMUnh0mYS8R0SbUarsozi8fx9MpFeDvQxGku205WrykI//4mwsK9YlAl+M//Smld9hdqMZt81zMhPx7X7FcMquHNbdNxMFKi2KOzPWGqVqyxVqBAmhACckIEQiVQGD0Ej9xY3v1cfm8cXaIVr/BsJjIoAY7WDgg/wPuHfsDaHnkDnx5Sq0z7+c2xdcpAFWuAo8lohohlV92b+YPgKD65i1k7MrMYBOyNoUVYsZ8GATWYDqGBTE8EGpdbtle+cwrzfAA/K71GaSMpBX2GAS/i0+SHL22aVYA0we4s+nNgdYsVBgKVjGT1DtCyOBSNJabojPM20LLMvg9Z/XF4GdB+KXtPCJ6ggQxfk7RJdHW+e7BKfZx0XtOEHipctNsevSpu+s5nTpykwYqooYTgr5jJTk4ZgvrsFf/RR3veBBjyCs7ELDE7YOLDyKQPwHurKsYKtQWSq8X1wAPDruN88pMRC5cezvXtVk6dg4ABFGOnDaFtvIfDyy4yb3EICOnNRMHqxKmqxg41TDpZZBgG0SqynFCpkH2RAL9NIrd+zmA+TGvw5uPAVi/ZsksJgdVe6hY+ZaEVTHy0DbnqksPzcNGIFgxDiD0&u=U2FsdGVkX1+QKvnmdwzsfAF/BsmbBJSzcnVAEBeBNv43+fdNWpYcfvRsx8ls5OVl&y=U2FsdGVkX1/J4rGZDeXIFUYQpcnet8guInxZdoa6SAlnr0k0j3J11zpJXksQ1/9u HTTP/1.1" 200 11446
186.102.106.90 - - [29/Jun/2024:12:51:59 -0500] "GET /kwssiamovil/sm/acme/s?s=U2FsdGVkX1/LXy+lGStWtaNmZ7IgUlBAjFFt785RFNP2c9Z0muNJu62Ulnbn+F4ip0GM9wZmGYMrX7WZCQ2YZ0ojOBIeJAyROAiYVPU/KoFjyyZPfkz/5//p2ryMNZfadHjzsGpwm6a318EkoG17rt01YQbP3ApJKgxz7dpGvyRZOsPeT87z7SCrLMxBLH3WR6as3CCCyFCVGOD0QSt9ZmreRXnR7HYgTCc2d3cVzUK6G/buYnt0KwtISW70Kr6l/cXii0xW2uFB6Y51u+Kwibh0Rdx4ApTf6/vr18Yj75CQCNbuk3I285mcRvnrzIJ04/zz6vqoE7Sy63iywWlCMLMLbtNDTfbFeT8JJiNbQFaSxSy+yZEB7JlKRZobGI4M43TPlGAMoAaZ6XH5DsZsGv2Az/5SqAMsAVviwyAccUPYFjrpVx+fOPhDm6F8ap1JQPbes+dzMRhnJ2s/b1syWhReh3cunYovMVFKepslIvO4OIWDG6IENZl77Ssz2bLESGqKUMbvrzp5cw2oQKo3iAuCEQ967T6wn5eRuoIdc0eDgOO4j02hfyOjTy/fvti1sTQIfpeEU5u7xuWBVAweUILzkWN9L9u221cvgnHHlk72ItD9IPixI3Zpcz3FIoKjoJU2GwAiW43R1Y0Ta/WT1Yj7NypHeJfzwzXmADft2on2krxN1nq/DlRyzx/fyl4XEyX62ZB3OzH5sXwFmNZVObebN39HX606a1iWY/H2aSjprXNifUY+75ELYlM28bm2&u=U2FsdGVkX1+QKvnmdwzsfAF/BsmbBJSzcnVAEBeBNv43+fdNWpYcfvRsx8ls5OVl&y=U2FsdGVkX1/J4rGZDeXIFUYQpcnet8guInxZdoa6SAlnr0k0j3J11zpJXksQ1/9u HTTP/1.1" 200 208
186.102.106.90 - - [29/Jun/2024:12:51:59 -0500] "GET /kwssiamovil/sm/cjson/pre?f=1&x=U2FsdGVkX19VUxnophRrPlZ/EZL4vVxTR/iPpkMmq4+n5mOy5DAZSifXeTSAB7Mm HTTP/1.1" 200 30244
66.249.66.12 - - [29/Jun/2024:12:52:07 -0500] "GET /BLA/resoluciones/AUTOS%202023/8579.pdf HTTP/1.1" 200 336728
66.249.66.11 - - [29/Jun/2024:12:52:07 -0500] "GET /BLA/resoluciones/RESOLUCIONES%202022/5631.pdf HTTP/1.1" 200 570534
66.249.66.12 - - [29/Jun/2024:12:52:08 -0500] "GET /BLA/resoluciones/AUTOS%202023/3991.pdf HTTP/1.1" 200 437210
66.249.66.12 - - [29/Jun/2024:12:52:08 -0500] "GET /BLA/resoluciones/RESOLUCIONES%202022/2486.pdf HTTP/1.1" 200 408808
201.245.192.253 - - [29/Jun/2024:12:52:58 -0500] "GET /kwsrmcab/Wsrmcab?wsdl HTTP/1.1" 200 6948
172.22.2.4 - - [29/Jun/2024:12:51:20 -0500] "HEAD /BLA/boletinlegal/ HTTP/1.1" 200 -
66.249.66.12 - - [29/Jun/2024:12:53:08 -0500] "GET /BLA/resoluciones/RESOLUCIONES%202022/2096.pdf HTTP/1.1" 200 380047
172.22.2.4 - - [29/Jun/2024:12:52:11 -0500] "GET /BLA/boletinlegal/ HTTP/1.1" 200 60380
201.245.192.253 - - [29/Jun/2024:12:53:57 -0500] "POST /forms/lservlet;jsessionid=ac16012b30d6716d42d0eef24d9cbe79d3fe11a80187.e3iSbxaKaheRe34OahmPbx4Oa3z0n6jAmljGr5XDqQLvpAe HTTP/1.1" 200 2
201.245.192.253 - - [29/Jun/2024:12:53:58 -0500] "GET /kwsrmcab/Wsrmcab?wsdl HTTP/1.1" 200 6948
66.249.66.11 - - [29/Jun/2024:12:54:09 -0500] "GET /BLA/resoluciones/AUTOS%202023/05855.pdf HTTP/1.1" 200 399847
66.249.66.11 - - [29/Jun/2024:12:54:09 -0500] "GET /BLA/resoluciones/AUTOS%202023/1679.pdf HTTP/1.1" 200 417919
66.249.66.12 - - [29/Jun/2024:12:54:10 -0500] "GET /BLA/resoluciones/RESOLUCIONES%202022/0899.pdf HTTP/1.1" 200 459036
201.245.192.253 - - [29/Jun/2024:12:54:22 -0500] "POST /kwsrmcab/Wsrmcab  HTTP/1.1" 200 213
201.245.192.253 - - [29/Jun/2024:12:54:58 -0500] "GET /kwsrmcab/Wsrmcab?wsdl HTTP/1.1" 200 6948
66.249.66.11 - - [29/Jun/2024:12:55:10 -0500] "GET /sipse/faces/index.xhtml HTTP/1.1" 200 677
66.249.66.11 - - [29/Jun/2024:12:55:12 -0500] "GET /sipse/faces/javax.faces.resource/theme.css?ln=primefaces-sipse HTTP/1.1" 200 50058
201.245.192.253 - - [29/Jun/2024:12:55:57 -0500] "POST /forms/lservlet;jsessionid=ac16012b30d6716d42d0eef24d9cbe79d3fe11a80187.e3iSbxaKaheRe34OahmPbx4Oa3z0n6jAmljGr5XDqQLvpAe HTTP/1.1" 200 2
201.245.192.253 - - [29/Jun/2024:12:55:58 -0500] "GET /kwsrmcab/Wsrmcab?wsdl HTTP/1.1" 200 6948
69.171.251.114 - - [29/Jun/2024:12:56:07 -0500] "GET /images/01052024%20Nota%20apertura%20senderos%20Cerros.jpeg HTTP/1.1" 200 130671
66.249.66.13 - - [29/Jun/2024:12:56:11 -0500] "GET /BLA/resoluciones/AUTOS%202023/5514.pdf HTTP/1.1" 200 1132099
66.249.66.12 - - [29/Jun/2024:12:56:11 -0500] "GET /BLA/resoluciones/RESOLUCIONES%202022/0153.pdf HTTP/1.1" 200 580589
66.249.66.13 - - [29/Jun/2024:12:56:12 -0500] "GET /BLA/resoluciones/AUTOS%202023/3384.pdf HTTP/1.1" 200 2343759
216.245.221.92 - - [29/Jun/2024:12:56:49 -0500] "HEAD / HTTP/1.1" 200 -
201.245.192.253 - - [29/Jun/2024:12:56:57 -0500] "GET /kwsrmcab/Wsrmcab?wsdl HTTP/1.1" 200 6948
172.22.2.4 - - [29/Jun/2024:12:57:04 -0500] "GET /BLA/boletinlegal/robots.txt HTTP/1.1" 404 1037
66.249.66.11 - - [29/Jun/2024:12:57:12 -0500] "GET /BLA/resoluciones/RESOLUCIONES%202022/4609.pdf HTTP/1.1" 200 1805225
201.245.192.253 - - [29/Jun/2024:12:57:57 -0500] "POST /forms/lservlet;jsessionid=ac16012b30d6716d42d0eef24d9cbe79d3fe11a80187.e3iSbxaKaheRe34OahmPbx4Oa3z0n6jAmljGr5XDqQLvpAe HTTP/1.1" 200 2
201.245.192.253 - - [29/Jun/2024:12:57:57 -0500] "GET /kwsrmcab/Wsrmcab?wsdl HTTP/1.1" 200 6948
3.22.242.31 - - [29/Jun/2024:12:58:05 -0500] "GET /BLA/resoluciones/AUTOS%202021/0245.php?act=img&img=back HTTP/1.1" 200 119
66.249.66.11 - - [29/Jun/2024:12:58:13 -0500] "GET /BLA/resoluciones/AUTOS%202023/3056.pdf HTTP/1.1" 200 317596
66.249.66.13 - - [29/Jun/2024:12:58:13 -0500] "GET /BLA/resoluciones/AUTOS%202023/0555.pdf HTTP/1.1" 200 427363
66.249.66.13 - - [29/Jun/2024:12:58:14 -0500] "GET /BLA/resoluciones/RESOLUCIONES%202022/5037.pdf HTTP/1.1" 200 488678
47.128.115.207 - - [29/Jun/2024:12:58:23 -0500] "GET /BLA/resoluciones/AUTOS%202021/0245.php?act=f&f=3507.pdf HTTP/1.1" 200 2739
47.128.125.134 - - [29/Jun/2024:12:58:36 -0500] "GET /BLA/resoluciones/AUTOS%202021/0245.php?act=chmod&f=00258.pdf HTTP/1.1" 200 2715
172.22.2.4 - - [29/Jun/2024:12:57:04 -0500] "GET /BLA/boletinlegal/ HTTP/1.1" 200 51986
47.128.115.198 - - [29/Jun/2024:12:58:49 -0500] "GET /BLA/resoluciones/AUTOS%202021/0245.php?act=chmod&f=2844.pdf HTTP/1.1" 200 2715
172.22.2.4 - - [29/Jun/2024:12:57:10 -0500] "HEAD /BLA/boletinlegal/ HTTP/1.1" 200 -
201.245.192.253 - - [29/Jun/2024:12:58:57 -0500] "GET /kwsrmcab/Wsrmcab?wsdl HTTP/1.1" 200 6948
47.128.113.229 - - [29/Jun/2024:12:59:01 -0500] "GET /BLA/resoluciones/AUTOS%202021/0245.php?act=f&c=1&f=3884.pdf HTTP/1.1" 200 2739
66.249.66.11 - - [29/Jun/2024:12:59:14 -0500] "GET /BLA/resoluciones/RESOLUCIONES%202022/4488.pdf HTTP/1.1" 200 1626201
47.128.121.253 - - [29/Jun/2024:12:59:16 -0500] "GET /BLA/resoluciones/AUTOS%202021/0245.php?act=chmod&f=01715.pdf HTTP/1.1" 200 2715
201.245.192.253 - - [29/Jun/2024:12:59:20 -0500] "POST /kwsrmcab/Wsrmcab  HTTP/1.1" 200 213
47.128.33.176 - - [29/Jun/2024:12:59:27 -0500] "GET /BLA/resoluciones/AUTOS%202021/0245.php?act=f&f=3886.pdf HTTP/1.1" 200 2740
172.22.2.4 - - [29/Jun/2024:12:59:39 -0500] "GET /BLA/boletinlegal/style.css HTTP/1.1" 200 9406
47.128.113.196 - - [29/Jun/2024:12:59:39 -0500] "GET /BLA/resoluciones/AUTOS%202021/0245.php?act=chmod&f=0103.PDF HTTP/1.1" 200 2715
172.22.2.4 - - [29/Jun/2024:12:58:01 -0500] "GET /BLA/boletinlegal/ HTTP/1.1" 200 52358
47.128.113.226 - - [29/Jun/2024:12:59:52 -0500] "GET /BLA/resoluciones/AUTOS%202021/0245.php?act=f&f=00963.pdf HTTP/1.1" 200 2741
201.245.192.253 - - [29/Jun/2024:12:59:57 -0500] "POST /forms/lservlet;jsessionid=ac16012b30d6716d42d0eef24d9cbe79d3fe11a80187.e3iSbxaKaheRe34OahmPbx4Oa3z0n6jAmljGr5XDqQLvpAe HTTP/1.1" 200 2
201.245.192.253 - - [29/Jun/2024:12:59:57 -0500] "GET /kwsrmcab/Wsrmcab?wsdl HTTP/1.1" 200 6948
47.128.113.214 - - [29/Jun/2024:13:00:05 -0500] "GET /BLA/resoluciones/AUTOS%202021/0245.php?act=f&f=3501.pdf HTTP/1.1" 200 2739
66.249.66.12 - - [29/Jun/2024:13:00:14 -0500] "GET /BLA/resoluciones/RESOLUCIONES%202011/1089.pdf HTTP/1.1" 200 264008
66.249.66.13 - - [29/Jun/2024:13:00:15 -0500] "GET /BLA/resoluciones/RESOLUCIONES%202022/3084.pdf HTTP/1.1" 200 787852
66.249.66.11 - - [29/Jun/2024:13:00:15 -0500] "GET /BLA/resoluciones/AUTOS%202023/07860.pdf HTTP/1.1" 200 322259
66.249.66.12 - - [29/Jun/2024:13:00:16 -0500] "GET /Publicaciones/2024EE06819.pdf HTTP/1.1" 404 227
66.249.66.12 - - [29/Jun/2024:13:00:16 -0500] "GET /BLA/resoluciones/RESOLUCIONES%202022/4744.pdf HTTP/1.1" 200 629303
66.249.66.12 - - [29/Jun/2024:13:00:17 -0500] "GET /BLA/resoluciones/AUTOS%202023/5553.pdf HTTP/1.1" 200 1452339
47.128.20.67 - - [29/Jun/2024:13:00:19 -0500] "GET /BLA/resoluciones/AUTOS%202021/0245.php?act=f&f=2187.pdf HTTP/1.1" 200 2740
201.245.192.253 - - [29/Jun/2024:13:00:57 -0500] "GET /kwsrmcab/Wsrmcab?wsdl HTTP/1.1" 200 6948
66.249.66.11 - - [29/Jun/2024:13:01:17 -0500] "GET /BLA/resoluciones/Notificaciones/AUTOS%202023/5725.pdf HTTP/1.1" 304 -
66.249.66.11 - - [29/Jun/2024:13:01:18 -0500] "GET /BLA/resoluciones/RESOLUCIONES%202022/0320.pdf HTTP/1.1" 200 530212
66.249.66.11 - - [29/Jun/2024:13:01:41 -0500] "GET /BLA/resoluciones/RESOLUCIONES%202009/1335.pdf HTTP/1.1" 200 418603
216.245.221.92 - - [29/Jun/2024:13:01:49 -0500] "HEAD / HTTP/1.1" 200 -
201.245.192.253 - - [29/Jun/2024:13:01:57 -0500] "POST /forms/lservlet;jsessionid=ac16012b30d6716d42d0eef24d9cbe79d3fe11a80187.e3iSbxaKaheRe34OahmPbx4Oa3z0n6jAmljGr5XDqQLvpAe HTTP/1.1" 200 2
66.249.66.11 - - [29/Jun/2024:13:01:57 -0500] "GET /BLA/resoluciones/RESOLUCIONES%202002/RES%202002%201651-1700/20021675.tif HTTP/1.1" 200 41074
201.245.192.253 - - [29/Jun/2024:13:01:57 -0500] "GET /kwsrmcab/Wsrmcab?wsdl HTTP/1.1" 200 6948
66.249.66.11 - - [29/Jun/2024:13:02:18 -0500] "GET /BLA/resoluciones/AUTOS%202023/1719.pdf HTTP/1.1" 200 732879
66.249.66.11 - - [29/Jun/2024:13:02:19 -0500] "GET /BLA/resoluciones/RESOLUCIONES%202022/1330.pdf HTTP/1.1" 200 1387006
172.22.2.4 - - [29/Jun/2024:13:01:05 -0500] "GET /BLA/boletinlegal/ HTTP/1.1" 200 62310
172.22.2.4 - - [29/Jun/2024:13:02:45 -0500] "GET /BLA/boletinlegal/Directivas/2018/Directiva%20No.%2027%20del%2028%20de%20diciembre%20de%202018.pdf HTTP/1.1" 304 -
172.22.2.4 - - [29/Jun/2024:13:02:47 -0500] "GET /BLA/boletinlegal/js/jquery.js HTTP/1.1" 200 57254
201.245.192.253 - - [29/Jun/2024:13:02:57 -0500] "GET /kwsrmcab/Wsrmcab?wsdl HTTP/1.1" 200 6948
66.249.66.11 - - [29/Jun/2024:13:03:19 -0500] "GET /BLA/resoluciones/RESOLUCIONES%202022/2218.pdf HTTP/1.1" 200 376550
95.217.8.152 - - [29/Jun/2024:13:03:53 -0500] "GET /Publicaciones/2023EE08742.pdf HTTP/1.1" 404 227
201.245.192.253 - - [29/Jun/2024:13:03:57 -0500] "POST /forms/lservlet;jsessionid=ac16012b30d6716d42d0eef24d9cbe79d3fe11a80187.e3iSbxaKaheRe34OahmPbx4Oa3z0n6jAmljGr5XDqQLvpAe HTTP/1.1" 200 2
201.245.192.253 - - [29/Jun/2024:13:03:57 -0500] "GET /kwsrmcab/Wsrmcab?wsdl HTTP/1.1" 200 6948
40.77.167.33 - - [29/Jun/2024:13:04:18 -0500] "GET /forest/index.php HTTP/1.1" 200 12041
201.245.192.253 - - [29/Jun/2024:13:04:18 -0500] "POST /kwsrmcab/Wsrmcab  HTTP/1.1" 200 213
66.249.66.11 - - [29/Jun/2024:13:04:20 -0500] "GET /BLA/resoluciones/RESOLUCIONES%202022/0411.pdf HTTP/1.1" 200 365785
172.22.2.4 - - [29/Jun/2024:13:03:00 -0500] "HEAD /BLA/boletinlegal/ HTTP/1.1" 200 -
201.245.192.253 - - [29/Jun/2024:13:04:57 -0500] "GET /kwsrmcab/Wsrmcab?wsdl HTTP/1.1" 200 6948
66.249.66.12 - - [29/Jun/2024:13:05:20 -0500] "GET /BLA/resoluciones/RESOLUCIONES%202022/2225.pdf HTTP/1.1" 200 634177
172.22.2.4 - - [29/Jun/2024:13:03:51 -0500] "GET /BLA/boletinlegal/ HTTP/1.1" 200 44355
201.245.192.253 - - [29/Jun/2024:13:05:57 -0500] "POST /forms/lservlet;jsessionid=ac16012b30d6716d42d0eef24d9cbe79d3fe11a80187.e3iSbxaKaheRe34OahmPbx4Oa3z0n6jAmljGr5XDqQLvpAe HTTP/1.1" 200 2
201.245.192.253 - - [29/Jun/2024:13:05:57 -0500] "GET /kwsrmcab/Wsrmcab?wsdl HTTP/1.1" 200 6948
172.22.2.4 - - [29/Jun/2024:13:04:21 -0500] "POST /BLA/boletinlegal/ HTTP/1.1" 200 46859
66.249.66.11 - - [29/Jun/2024:13:06:21 -0500] "GET /BLA/resoluciones/AUTOS%202023/5502.pdf HTTP/1.1" 200 1279082
66.249.66.11 - - [29/Jun/2024:13:06:21 -0500] "GET /BLA/resoluciones/RESOLUCIONES%202022/0367.pdf HTTP/1.1" 200 342484
181.53.12.78 - - [29/Jun/2024:13:06:32 -0500] "GET /BLA/resoluciones/ HTTP/1.1" 200 14105
181.53.12.78 - - [29/Jun/2024:13:06:32 -0500] "GET /favicon.ico HTTP/1.1" 200 7782
181.53.12.78 - - [29/Jun/2024:13:06:40 -0500] "GET /BLA/resoluciones/index.php?dir=AUTOS+2014%2F HTTP/1.1" 200 892005
216.245.221.92 - - [29/Jun/2024:13:06:49 -0500] "HEAD / HTTP/1.1" 200 -
201.245.192.253 - - [29/Jun/2024:13:06:57 -0500] "GET /kwsrmcab/Wsrmcab?wsdl HTTP/1.1" 200 6948
66.249.66.13 - - [29/Jun/2024:13:07:25 -0500] "GET /BLA/resoluciones/RESOLUCIONES%202021/1197.pdf HTTP/1.1" 200 454063
66.249.66.12 - - [29/Jun/2024:13:07:38 -0500] "GET /BLA/resoluciones/RESOLUCIONES%202022/0174.pdf HTTP/1.1" 200 364802
201.245.192.253 - - [29/Jun/2024:13:07:57 -0500] "POST /forms/lservlet;jsessionid=ac16012b30d6716d42d0eef24d9cbe79d3fe11a80187.e3iSbxaKaheRe34OahmPbx4Oa3z0n6jAmljGr5XDqQLvpAe HTTP/1.1" 200 2
201.245.192.253 - - [29/Jun/2024:13:07:57 -0500] "GET /kwsrmcab/Wsrmcab?wsdl HTTP/1.1" 200 6948
66.249.66.11 - - [29/Jun/2024:13:08:27 -0500] "GET /BLA/resoluciones/RESOLUCIONES%202010/0516.pdf HTTP/1.1" 200 655898
186.155.12.134 - - [29/Jun/2024:13:08:37 -0500] "GET /kwssiamovil/sm/acme/a?s=U2FsdGVkX19Elu2EUtc46wT8pX+CH86kpfLmQZUcMZDVY43HwQWYwyRhymCQVHsMkY2PpZ6u/fTg05Iqx7DIYcJlKXrXF3j6I7G5UVVoijEuHNAMk/0JYYA8qXInJZn1E9s6B1wn47W4FpHB1K4LysGEsn3Gb7rFTFnODDgL5Am+D0vuhJ8OdjdiMxy0QexKhxFX2aqe3VvAel4XSZroSiDud/Djk//gOEPJxKKFjmuzktOVDMDEkpWqQCRnybH6kbIBy5DlDTx1IPKRVHfr+w==&u=U2FsdGVkX18y7GUJrc2pDZ+XGz5b1u8Ey06z1lzrI2DQujPN0c/WwZIpuOcolgJr&y=U2FsdGVkX1+5AE8ZLSJKRztxuSEU/J0ZSNpatELamLHBBShqKzWa/tlpXcPBCaY4 HTTP/1.1" 200 26
186.155.12.134 - - [29/Jun/2024:13:08:38 -0500] "GET /kwssiamovil/sm/acme/a?s=U2FsdGVkX1/uE/Y1nM8UdZvzXXZCiRNkXUGmuif540JFV5GAlhFdw9yrBAWtd+UaCY4MUdzHV7p0aAm92M0amc9gaBCC5Rr55pT+m2eml0hRkvbIE/vHsDjZhf77oiz7rxT2x7l5/z9mrPWU5nk3kbgRUQJ0gJcNh7rSMfMWGWpzZlfiiO8YI6V4z9z3liQbKElt9fVSgTvqiZKlLdFdoF5AUsHsV5WX6/+Ul5OklYzAkdif31nHcydZWf/BKY1L4F452O/oFNgVMc18G6UZCiBmO32lFRg8RQZ2pH+6NHlnsBgBmjfzpgKhVaQu6YJxYr0be+LbmQMPxdE1PMGX89CgTsITsToYXYbrkzmOyaYC6h/49iuq0FM4aPQzJIE83yfZMQ8nfR5mamKVrsSyV7GA7WKrD64mJsf/bVcfPgT6S5o/KF+PFLP8zjtuYPkXGWq6GiEDIheh/TO+sSqMNNDNeE/0CLhiVMjYIf0LP/4E/Btj5qOxPYDwJIwrXCI1DIJXGyiobiHfOEcI62yRX3q41HP0CUCb+KHlpc9WZeHTBjG48YZkiZhmIsDu5KamBWIZJA45PnM4Ues/tcGYz4uTr42vYR2agUGSi0WopJ7Zz8L+KyYlKauVJk9kqTRwEw2+F/ly5O5iK03yjdqu9WCQKV9heqILX1QYGY0K5XK8mdhL25OaeLrEyoZfKaAsnfjPi0cl1P2tHENAVtSaJHJvgo7uDgD2xnAIrv4emKdSA+03TJCo0ufdal5If4LYsyDao/lt8mXcCyx6EGQSQkh7Qu08vVRJVftmirgK6YKR5wAgMXeiDkLi2wwgBk4iV5t4M+MvZm8I8A7FhdmfTeoHxt+mrkgfTNxLYFq+bWHwHqeu/VdBHyZ1pe7MjmMh93Ca636iRyL06D9tzLNLpcw6TCWlGpxi1C4HRMXmblbi8mtJL/ifRYG3EoUmqo02H88GIzCIsspJFrBN1W1Ysn9sERrh4xFSTJI0UaoyrPEr+EbHE2l1JBgJo8ieROHMHcKEE2zle2hchgmNzL0XKqfluWoXFVjhxi40IoEvMf/KE0k7S9YXqkCIW91wPy5jZEfFTA3gNHtEkkSOVgFnPFsPd1nxhzylz5XW4EnHd44ZNlxp7kxQ23/+v9E1a2uqyVzOOi3bEJE2NcTsJ/u6r5uxtLGst+6EqhuEWH9/8/cmw9Qio5Rhm7TkfoPHcMVHbcfLGHdtfdR+rMy2Y1DZG6xyL18ka4gxjPZQzCm0UccuZsBPlOnwxnwccu54n7Z4dTHJfeOzjgmf2e7SaUoZr5CQMTA7u8oaTupbifXlOUm1W9FaHzRfJiC8kIem0KaxZGqgv9wAGucCQ7WHtWyaKqSLVCho1chgxwl3jqEpw4QybuixI8qQUSBCFPXbBkXW0OFHg5eplDSk2M/9l58TJMf18iwS9kNBH9UHH6vxsgj9K271D0xtDB3WMgEk8/uzK+ftPlyDD3YmdUpb2hgm9YmSB8ChbPBNLr5WSmaclGzL9+9emd+p+LG01LzAzYbH27ZqzOGDALe0CHOqhSvuRwOCFQBLx13RGIDNa2Zu3CPB7JT1lSywlcxtzrauXleVu+5wd+3aX2wWHJrBsTD8GSsrqHLAJXOdmlsuiz+NAyrV8Pv8K/tnFS800qhaUOgcklz88pRCz1awkZD4tDQnuMW9NbHU0TBLoucJ2BiCHAuNHGnX4s+Elhh+8n31yat5lm5gWPg8U/Ret/LLOWwdXy7GDd606tbFsjLO8PwltqBXs0vIWC/YMkOX4XQi6B9a/g/jHJlVVZH1D6ZWWlIRia540Q0RkbihBG+dcOLIvBjc1m97NDZzBRS2niow7JLc0lySStU4urlMwUDI9aKkDOQegMetZY0Paoks4kss5MM/TOyqQZkM7Aer/fofqWfQ5rhCceQ7XWuizFOs2v+nQdQlxvlsDHCmIwnaPf2HM2Xkgk6qbAttFqq/qH/o25OH5O54uA2u1X/wDgOSsrhMIKUbdrL+QNJHO3TYikEyNX4=&u=U2FsdGVkX18y7GUJrc2pDZ+XGz5b1u8Ey06z1lzrI2DQujPN0c/WwZIpuOcolgJr&y=U2FsdGVkX1+5AE8ZLSJKRztxuSEU/J0ZSNpatELamLHBBShqKzWa/tlpXcPBCaY4 HTTP/1.1" 200 26
186.155.12.134 - - [29/Jun/2024:13:08:38 -0500] "GET /kwssiamovil/sm/acme/a?s=U2FsdGVkX18lAtEZMzgIjzC4TWS77qp7LlOIFLN6ms0bXrhskS6lofoY5mKCjsON8zIoOR6q8PvsBY3OyBIGFRzpG9kU/wRLGHZQZVFUddpct21qKcON9EoZFQlVrf0HqDsuU7CbtiyT03zqyg6r7Wt2PF72dgsPUUKKUuo/I00=&u=U2FsdGVkX18y7GUJrc2pDZ+XGz5b1u8Ey06z1lzrI2DQujPN0c/WwZIpuOcolgJr&y=U2FsdGVkX1+5AE8ZLSJKRztxuSEU/J0ZSNpatELamLHBBShqKzWa/tlpXcPBCaY4 HTTP/1.1" 200 26
186.155.12.134 - - [29/Jun/2024:13:08:38 -0500] "GET /kwssiamovil/sm/acme/a?s=U2FsdGVkX1+PqafiyhkLJjhJy5Shl+km2VH2J7mUyrhp+SV3xvzWGK5jlDqCE0RA5zdaGyJ6JPVIUiXs9u4POjiHogdPITNUT7lCP04o4OeH6hCTs68joE/tSD9Bj4szh/yvQqQ0C2B3AF+fQW5NAKUMezx8wX3ditn/4mdWXJM=&u=U2FsdGVkX18y7GUJrc2pDZ+XGz5b1u8Ey06z1lzrI2DQujPN0c/WwZIpuOcolgJr&y=U2FsdGVkX1+5AE8ZLSJKRztxuSEU/J0ZSNpatELamLHBBShqKzWa/tlpXcPBCaY4 HTTP/1.1" 200 26
186.155.12.134 - - [29/Jun/2024:13:08:38 -0500] "GET /kwssiamovil/sm/acme/a?s=U2FsdGVkX1/0Ddvpv9BvJFs3F0Ka05v+91WNCXWMFgPgR5DrDPpJ+Qre1ogNsE1XynwuTsMnDMkvE0FiOjwPvWkBsclxQk0gxIsERi7ZdTPLV9WoPfpn3RATxiIq38TDEBC1fhssM6ztLRX5TauuxmEcdKLEoIlstmeX65XyYnM=&u=U2FsdGVkX18y7GUJrc2pDZ+XGz5b1u8Ey06z1lzrI2DQujPN0c/WwZIpuOcolgJr&y=U2FsdGVkX1+5AE8ZLSJKRztxuSEU/J0ZSNpatELamLHBBShqKzWa/tlpXcPBCaY4 HTTP/1.1" 200 26
186.155.12.134 - - [29/Jun/2024:13:08:38 -0500] "GET /kwssiamovil/sm/acme/a?s=U2FsdGVkX1+ZFsq3+UoIJ0wnM71LtaGHZQEmg/0M3XEg5Uq9OFrdsdUeZnvbh6sXWB0ULYuDsasHayOxqtP72N95bh9Do5do8CydMI3SzVvE0HCrlRi7j0YSqNUbFq7YngbVfwiTk1iZNcTItN7Z5Ku71H+PwYLS9UABv9yY3UtM/yPEjCfBxLVRU+vVUotHo3Ks5anbWFX8u5U1YJXokg==&u=U2FsdGVkX18y7GUJrc2pDZ+XGz5b1u8Ey06z1lzrI2DQujPN0c/WwZIpuOcolgJr&y=U2FsdGVkX1+5AE8ZLSJKRztxuSEU/J0ZSNpatELamLHBBShqKzWa/tlpXcPBCaY4 HTTP/1.1" 200 26
66.249.66.11 - - [29/Jun/2024:13:08:39 -0500] "GET /BLA/resoluciones/RESOLUCIONES%202022/4450.pdf HTTP/1.1" 200 1716128
190.90.17.234 - - [29/Jun/2024:13:08:52 -0500] "GET /appsia/controlador HTTP/1.1" 200 4799
190.90.17.234 - - [29/Jun/2024:13:08:52 -0500] "GET /appsia/css/estilos.css HTTP/1.1" 200 4804
190.90.17.234 - - [29/Jun/2024:13:08:52 -0500] "GET /appsia/scripts/validarIngreso.js HTTP/1.1" 200 851
190.90.17.234 - - [29/Jun/2024:13:08:52 -0500] "GET /appsia/images/logo_bogota_p.png HTTP/1.1" 200 14951
190.90.17.234 - - [29/Jun/2024:13:08:52 -0500] "GET /appsia/images/cabezoteHojaVida.png HTTP/1.1" 200 32493
190.90.17.234 - - [29/Jun/2024:13:08:53 -0500] "GET /favicon.ico HTTP/1.1" 200 7782
201.245.192.253 - - [29/Jun/2024:13:08:57 -0500] "GET /kwsrmcab/Wsrmcab?wsdl HTTP/1.1" 200 6948
201.245.192.253 - - [29/Jun/2024:13:09:17 -0500] "POST /kwsrmcab/Wsrmcab  HTTP/1.1" 200 213
66.249.66.11 - - [29/Jun/2024:13:09:39 -0500] "GET /BLA/resoluciones/RESOLUCIONES%202022/3950.pdf HTTP/1.1" 200 415932
66.249.66.11 - - [29/Jun/2024:13:09:40 -0500] "GET /BLA/resoluciones/AUTOS%202023/2085.pdf HTTP/1.1" 200 509844
201.245.192.253 - - [29/Jun/2024:13:09:57 -0500] "POST /forms/lservlet;jsessionid=ac16012b30d6716d42d0eef24d9cbe79d3fe11a80187.e3iSbxaKaheRe34OahmPbx4Oa3z0n6jAmljGr5XDqQLvpAe HTTP/1.1" 200 2
201.245.192.253 - - [29/Jun/2024:13:09:57 -0500] "GET /kwsrmcab/Wsrmcab?wsdl HTTP/1.1" 200 6948
66.249.66.12 - - [29/Jun/2024:13:10:02 -0500] "GET /Publicaciones/2024EE63916.pdf HTTP/1.1" 404 227
66.249.66.12 - - [29/Jun/2024:13:10:02 -0500] "GET /BLA/resoluciones/RESOLUCIONES%202022/0759.pdf HTTP/1.1" 200 328935
66.249.74.67 - - [29/Jun/2024:13:10:25 -0500] "GET /por-obras-del-metro-de-bogota-en-la-av-caracas-secretaria-de-ambiente-recomienda-a-la-ciudadania-realizar-los-tramites-a-traves-de-sus-canales-virtuales.html HTTP/1.1" 200 1270
172.22.2.4 - - [29/Jun/2024:13:08:50 -0500] "HEAD /BLA/boletinlegal/ HTTP/1.1" 200 -
66.249.66.13 - - [29/Jun/2024:13:10:40 -0500] "GET /BLA/resoluciones/RESOLUCIONES%202010/4055.pdf HTTP/1.1" 200 490101
201.245.192.253 - - [29/Jun/2024:13:10:57 -0500] "GET /kwsrmcab/Wsrmcab?wsdl HTTP/1.1" 200 6948
66.249.66.11 - - [29/Jun/2024:13:11:02 -0500] "GET /BLA/resoluciones/RESOLUCIONES%202022/0184.pdf HTTP/1.1" 200 357759
186.102.106.90 - - [29/Jun/2024:13:11:08 -0500] "GET /kwssiamovil/sm/acme/s?s=U2FsdGVkX18B2y3i2yuB3yZchnZ454FgkDlujWqcKBb95cxLZ31iu8LBrIHIh8ef7Uy/kTwv+RK4P5x1/F50GQA43FqRqZtgT2YpJiGlcZLolkUdnsLHcu45878lqa6y&u=U2FsdGVkX1+QKvnmdwzsfAF/BsmbBJSzcnVAEBeBNv43+fdNWpYcfvRsx8ls5OVl&y=U2FsdGVkX1/J4rGZDeXIFUYQpcnet8guInxZdoa6SAlnr0k0j3J11zpJXksQ1/9u HTTP/1.1" 200 105
190.90.17.234 - - [29/Jun/2024:13:11:13 -0500] "POST /appsia/controlador HTTP/1.1" 200 4621
190.90.17.234 - - [29/Jun/2024:13:11:16 -0500] "POST /appsia/controlador HTTP/1.1" 200 7726
190.90.17.234 - - [29/Jun/2024:13:11:16 -0500] "GET /appsia/images/logo_escudo.png HTTP/1.1" 200 36965
172.22.2.4 - - [29/Jun/2024:13:09:41 -0500] "GET /BLA/boletinlegal/ HTTP/1.1" 200 57136
216.245.221.92 - - [29/Jun/2024:13:11:49 -0500] "HEAD / HTTP/1.1" 200 -
201.245.192.253 - - [29/Jun/2024:13:11:57 -0500] "POST /forms/lservlet;jsessionid=ac16012b30d6716d42d0eef24d9cbe79d3fe11a80187.e3iSbxaKaheRe34OahmPbx4Oa3z0n6jAmljGr5XDqQLvpAe HTTP/1.1" 200 2
201.245.192.253 - - [29/Jun/2024:13:11:57 -0500] "GET /kwsrmcab/Wsrmcab?wsdl HTTP/1.1" 200 6948
66.249.66.11 - - [29/Jun/2024:13:12:03 -0500] "GET /BLA/resoluciones/RESOLUCIONES%202022/2227.pdf HTTP/1.1" 200 1315310
201.245.192.253 - - [29/Jun/2024:13:12:57 -0500] "GET /kwsrmcab/Wsrmcab?wsdl HTTP/1.1" 200 6948
66.249.66.13 - - [29/Jun/2024:13:13:04 -0500] "GET /BLA/resoluciones/RESOLUCIONES%202022/1394.pdf HTTP/1.1" 200 448600
66.249.66.13 - - [29/Jun/2024:13:13:12 -0500] "GET /siipev/Diseno%20de%20Elementos%20de%20Mobiliario%20Urbano/Otros%20Elementos/Infografia/Parte2/M-91.png HTTP/1.1" 304 -
201.245.192.253 - - [29/Jun/2024:13:13:57 -0500] "POST /forms/lservlet;jsessionid=ac16012b30d6716d42d0eef24d9cbe79d3fe11a80187.e3iSbxaKaheRe34OahmPbx4Oa3z0n6jAmljGr5XDqQLvpAe HTTP/1.1" 200 2
201.245.192.253 - - [29/Jun/2024:13:13:57 -0500] "GET /kwsrmcab/Wsrmcab?wsdl HTTP/1.1" 200 6948
66.249.66.12 - - [29/Jun/2024:13:14:04 -0500] "GET /BLA/resoluciones/AUTOS%202023/5758.pdf HTTP/1.1" 200 476883
66.249.66.11 - - [29/Jun/2024:13:14:05 -0500] "GET /BLA/resoluciones/RESOLUCIONES%202022/0480.pdf HTTP/1.1" 200 354201
201.245.192.253 - - [29/Jun/2024:13:14:16 -0500] "POST /kwsrmcab/Wsrmcab  HTTP/1.1" 200 213
66.249.66.13 - - [29/Jun/2024:13:14:37 -0500] "GET /BLA/resoluciones/RESOLUCIONES%202022/4265.pdf HTTP/1.1" 200 394174
66.249.66.13 - - [29/Jun/2024:13:14:37 -0500] "GET /BLA/boletinlegal/jurisprudencia/analisis/CUADRO%20SENTENCIA%20T-299%20DE%202008.doc HTTP/1.1" 200 40960
201.245.192.253 - - [29/Jun/2024:13:14:57 -0500] "GET /kwsrmcab/Wsrmcab?wsdl HTTP/1.1" 200 6948
66.249.66.11 - - [29/Jun/2024:13:15:37 -0500] "GET /BLA/resoluciones/RESOLUCIONES%202015/0745.pdf HTTP/1.1" 304 -
186.102.44.128 - - [29/Jun/2024:13:15:44 -0500] "GET /kwssiamovil/sm/ldap/au?x=U2FsdGVkX18fe7nhf9tkUk8uQ7KSMLHPQoK5XtpiqKjjnCuDEJ9EFCwhwH8zYQ/O&y=U2FsdGVkX1+lqwNTalJzqylT9Tczl8D2IEN4XRhe4mG/ohqmVumafLUhrrmu66WQ HTTP/1.1" 200 30
186.102.44.128 - - [29/Jun/2024:13:15:44 -0500] "GET /kwssiamovil/sm/acme/s?s=U2FsdGVkX19aZ+ZOuK/aM35sQy0OiROlt58sS7Ge/QSoZLFGD/MRjZyoa9E89sQwcD3ebQ/0ev+NJtNngI3m5JLQErvziNHJBE8iU/usUTo=&u=U2FsdGVkX19jUJf+3O4jMC4tE05gRWIf7sH3owpQCRg=&y=U2FsdGVkX1+lqwNTalJzqylT9Tczl8D2IEN4XRhe4mG/ohqmVumafLUhrrmu66WQ HTTP/1.1" 200 97
186.102.44.128 - - [29/Jun/2024:13:15:44 -0500] "GET /kwssiamovil/sm/acme/s?s=U2FsdGVkX18sgChyLTIeNCGDovjAYW4WeFHubVDa3Bw4637PNC4GaBnI9Kwl3fN761HiDbyOO0Kc0uSLkuA91DT6Qn5Dw5jL4P+c8cbIDGfzas/aUywp6j/9J2ikCDDTIhnEPCWukKfH0laQ/WmTAzIyj0TqXvNAAxPmbWuy2nFCOrANt8bi7eWjT4cn9T8V4053ZzvnJlLz4EaI7fOvucYY3fMbJBVsA9O/PGMIaByofX5XNc3FCiOvJbCuU7/xkVzuC+zf1gRRmD1LDc/O1/KzOHx/36BjeyY2XES3i6iP5AaXnHG3chkI2Estm06zSa8ifuNhUDdtQbK1dPJxlwZkJioWVrD/NKDAz1kdAdzBD8jJys0R2gMbnFIB0RqKnkeHC5DRQT0JeT3eP9OnywuWn0GRhWHhr+okiS3mL6+xgiwSUa+5ESYdIFuKYQ+7Ny8450pIWAIQc6lsoVrrys0MusMNp3PKvqdCYigQkNVfWaKo5m89V77/dvdH8uMhlxc74rcuthamJ/gydSwXLfnu/WAwBn4XxG7gP3NTrnVmOYNg+A1/g2uPZzyOjAdpgArC+Yn49JOrmJ+vBGbR77tvQM8xniyGdMnWhSOPJylFIbYvA41HpwKYjwg3t9TZezkIbSTb9CPpLbB7CB9daj3D02sAw/6DFU3F2MvfCucADtB9T2e2QQBTks5o1wO49yQOVBntPwH9hloY8ffn6oJ4EL9/oWYbwtfnlyTMLxu2hoquibbcxBHCm4ToAPwHkihBO38W5fHb8rL1KbYNNn3ocDScFftIY/+ZOQmOSMYb61Zqv4fKfZlkCNPvCW6lyJoepZAlOmiOvjFoM/TtitNZWcpyZDEd1LXgInvwUX6mg9Qk2uTio7ZnocqDkeYQbtCy2PrV3aEyP840KWh/I/hKNsyfonnO3GQqiF1PFbqEbcrX14u3eNwvZq/Fhm5fMw7a7OO6Mo1Dh4taVtViXFEueYdoJnX2076MHdVoVfcCn/LKnjeI/6/CqBREqSim686E1nb/dKtgMv56eRIXTljqqapqO/FTmP5XR5Dj6nl+9kZRBrpN3qzZ8Lsg36s4SR7t/eOH3z9TN0OO8skcCAIEDGO1fq2mUB5f3GUhcHVP37fdHi0gnqAZ5eFK7nmBxMr6AS8NYXijs8IbnbDykKOk2RkPSZUj1jZSzHbunW5RNnv8KuCg1YPNIyJXYLBqqK5s+nAgrwhtUQ+aw3rrhd4uXYunAzEOpioTPkjYVGaBl0INK4Q6IzQaVrfJ86/RVpU5qmxO0f3BL+N7FtlNDap+6z7ANUVhkKhRohvr4rM+4irE3u6xy1xYXBFtDbW6ASghFgOQIzZd82a0uSNdYmoU2eKNzXCqn1en7TD5iYGVe5EYo/dPFayLrBJr7L1i1QqnGXrOaLaSiB4IEi2/LVAtWCqAObajHNoS3RtboCfF+BdioBlZmL3WqgGyPRGGsUiY9S1TxwAmQDE1RToarIckRgQiVmB2+s7Any4zZjXfiQF1COjlsFIdDf+acn+KIrujHvKaP5MG8CjAkj2agz/1QC8Jp4+Y6MeZHAF5D6aycitP2LsAg1dlgmNjVlVc6FfSO7ALzQxRCc8jXFZhxi1KJfmVk+CRbwZyLr2gchfyC9Wusw4pdYgDi5bsp04r/Npv2wLWGk89z4PPnwCNg2Ct8WaYVrFYYjf71lqefM+Xkuge43V7l7wIDe9wexwEz7B1os/WbPb+DfCadRdr8cRSdKoXjJCkYrafP2hXyxE=&u=U2FsdGVkX19jUJf+3O4jMC4tE05gRWIf7sH3owpQCRg=&y=U2FsdGVkX1+lqwNTalJzqylT9Tczl8D2IEN4XRhe4mG/ohqmVumafLUhrrmu66WQ HTTP/1.1" 200 336
186.102.44.128 - - [29/Jun/2024:13:15:45 -0500] "GET /kwssiamovil/sm/acme/s?s=U2FsdGVkX1/JabvFX7FziUZG+qUpgfNE+8BWH91Q7GmPOjqM9FQ/UmzlIti+wJ1uRX6vimG5vLJIRYFSMy0+7VtieHnvod8gRSxCe+5u9Yy9/F3BTkIp2Ezk+/laTD2RSRvihnBBAtUz77Px3vpfHC/jjoEggkE7m+Qr2G5AH/9Zp+06gQnwcUdwIj+a4+L5G1HwssqhOm8/sk/pjBqKjjrIfeGV8NColTWqHRwv9OLr1wfU/d3Fr6l0k8ztLdBt3589iAPcUFrKeCE/CIN+mnwqAWLwZBeNfyKcFA1ul8LeLOG627/mF3DdAN5eD7KtdmE6jb9AJirU3Nk1ZUebliVFM4goNMvq9yeKJaZh6LdFKyusGd8iU0SpPEtksArFEkc8whoebegDEWQDEZWDkITi8OFFT/LaW3o39BcMpoMFprXp5+F8P/P1z8y7psPC4ejFzuXsD/xdZZkKTvQHpt4yJy2jxgvBhQRe1EE1B5/L2Teej2E0XSX5taWkpStryBQftG4ZDMEXXZV85wLWJhVCtkG3isCUM8nsNa1TsK0+s/4bXHAVEBWpWPYJz8FJKwNMLlud//jCL97Hb+FE37+WrOuqxpH4G795F7nrbKTNgDtrvDnMlJViP92QyQ5vctMSq5y3/jH8G3bK+KARcnROaFFjN8IQs6OFoH4k/1Sce7WhmqEWbuzM15ao7nqOOVe3mcQmdzObe/jIP+rXvIThYi38CBhiDSRjs90Vya+3sJbMH8NEhj3MBl+M1jUg&u=U2FsdGVkX19jUJf+3O4jMC4tE05gRWIf7sH3owpQCRg=&y=U2FsdGVkX1+lqwNTalJzqylT9Tczl8D2IEN4XRhe4mG/ohqmVumafLUhrrmu66WQ HTTP/1.1" 200 208
186.102.44.128 - - [29/Jun/2024:13:15:45 -0500] "GET /kwssiamovil/sm/cjson/pre?f=1&x=U2FsdGVkX18fe7nhf9tkUk8uQ7KSMLHPQoK5XtpiqKjjnCuDEJ9EFCwhwH8zYQ/O HTTP/1.1" 200 30244
201.245.192.253 - - [29/Jun/2024:13:15:57 -0500] "POST /forms/lservlet;jsessionid=ac16012b30d6716d42d0eef24d9cbe79d3fe11a80187.e3iSbxaKaheRe34OahmPbx4Oa3z0n6jAmljGr5XDqQLvpAe HTTP/1.1" 200 2
201.245.192.253 - - [29/Jun/2024:13:15:57 -0500] "GET /kwsrmcab/Wsrmcab?wsdl HTTP/1.1" 200 6948
172.22.2.4 - - [29/Jun/2024:13:14:40 -0500] "HEAD /BLA/boletinlegal/ HTTP/1.1" 200 -
66.249.66.12 - - [29/Jun/2024:13:16:37 -0500] "GET /BLA/resoluciones/RESOLUCIONES%202022/0400.pdf HTTP/1.1" 200 329507
216.245.221.92 - - [29/Jun/2024:13:16:49 -0500] "HEAD / HTTP/1.1" 200 -
