66.249.66.13 - - [29/Jun/2024:00:14:36 -0500] "GET /BLA/resoluciones/RESOLUCIONES%202018/3855.pdf HTTP/1.1" 200 331824
86.42.15.25 - - [29/Jun/2024:00:14:38 -0500] "GET /robots.txt HTTP/1.1" 404 1049
216.244.66.195 - - [29/Jun/2024:00:14:39 -0500] "GET /BLA/resoluciones/AUTOS%202022/6298.pdf HTTP/1.1" 200 319951
172.22.2.4 - - [29/Jun/2024:00:13:02 -0500] "HEAD /BLA/boletinlegal/ HTTP/1.1" 200 -
173.252.95.20 - - [29/Jun/2024:00:14:48 -0500] "GET /images/tinguas.jpg HTTP/1.1" 200 54487
191.104.84.7 - - [29/Jun/2024:00:14:50 -0500] "POST /sipse/faces/presentacion/financiero/solicitudProceso/consultarSolicitudProceso.xhtml HTTP/1.1" 200 45046
191.104.84.7 - - [29/Jun/2024:00:14:50 -0500] "GET /sipse/faces/javax.faces.resource/theme.css?ln=primefaces-sipse HTTP/1.1" 304 -
191.104.84.7 - - [29/Jun/2024:00:14:50 -0500] "GET /sipse/faces/javax.faces.resource/layout/layout.js?ln=primefaces&v=4.0 HTTP/1.1" 304 -
191.104.84.7 - - [29/Jun/2024:00:14:50 -0500] "GET /sipse/faces/javax.faces.resource/primefaces.css?ln=primefaces&v=4.0 HTTP/1.1" 304 -
191.104.84.7 - - [29/Jun/2024:00:14:50 -0500] "GET /sipse/faces/javax.faces.resource/primefaces.js?ln=primefaces&v=4.0 HTTP/1.1" 304 -
191.104.84.7 - - [29/Jun/2024:00:14:50 -0500] "GET /sipse/faces/javax.faces.resource/layout/layout.css?ln=primefaces&v=4.0 HTTP/1.1" 304 -
191.104.84.7 - - [29/Jun/2024:00:14:50 -0500] "GET /sipse/faces/javax.faces.resource/jquery/jquery.js?ln=primefaces&v=4.0 HTTP/1.1" 304 -
191.104.84.7 - - [29/Jun/2024:00:14:50 -0500] "GET /sipse/faces/javax.faces.resource/jquery/jquery-plugins.js?ln=primefaces&v=4.0 HTTP/1.1" 304 -
191.104.84.7 - - [29/Jun/2024:00:14:50 -0500] "GET /sipse/faces/javax.faces.resource/images/ui-icons_898989_256x240.png?ln=primefaces-aristo HTTP/1.1" 304 -
47.128.43.116 - - [29/Jun/2024:00:14:52 -0500] "GET /BLA/resoluciones/AUTOS%202021/0245.php?act=chmod&f=2325.pdf HTTP/1.1" 200 2714
191.104.84.7 - - [29/Jun/2024:00:14:52 -0500] "GET /sipse/faces/javax.faces.resource/images/ui-bg_flat_0_2d5972_40x100.png?ln=primefaces-aristo HTTP/1.1" 304 -
191.104.84.7 - - [29/Jun/2024:00:14:52 -0500] "POST /sipse/faces/presentacion/financiero/solicitudProceso/consultar.xhtml HTTP/1.1" 200 12731
191.104.84.7 - - [29/Jun/2024:00:14:54 -0500] "POST /sipse/faces/presentacion/financiero/solicitudProceso/consultar.xhtml HTTP/1.1" 200 122954
191.104.84.7 - - [29/Jun/2024:00:14:54 -0500] "GET /sipse/faces/javax.faces.resource/jquery/jquery.js?ln=primefaces&v=4.0 HTTP/1.1" 304 -
191.104.84.7 - - [29/Jun/2024:00:14:54 -0500] "GET /sipse/faces/javax.faces.resource/jquery/jquery-plugins.js?ln=primefaces&v=4.0 HTTP/1.1" 304 -
191.104.84.7 - - [29/Jun/2024:00:14:54 -0500] "GET /sipse/faces/javax.faces.resource/primefaces.js?ln=primefaces&v=4.0 HTTP/1.1" 304 -
191.104.84.7 - - [29/Jun/2024:00:14:54 -0500] "GET /sipse/faces/javax.faces.resource/layout/layout.js?ln=primefaces&v=4.0 HTTP/1.1" 304 -
201.245.192.253 - - [29/Jun/2024:00:15:00 -0500] "GET /kwsrmcab/Wsrmcab?wsdl HTTP/1.1" 200 6948
191.104.84.7 - - [29/Jun/2024:00:15:00 -0500] "POST /sipse/faces/presentacion/financiero/solicitudProceso/consultarSolicitudProceso.xhtml HTTP/1.1" 200 35350
191.104.84.7 - - [29/Jun/2024:00:15:00 -0500] "GET /sipse/faces/javax.faces.resource/jquery/jquery-plugins.js?ln=primefaces&v=4.0 HTTP/1.1" 304 -
191.104.84.7 - - [29/Jun/2024:00:15:00 -0500] "GET /sipse/faces/javax.faces.resource/primefaces.js?ln=primefaces&v=4.0 HTTP/1.1" 304 -
191.104.84.7 - - [29/Jun/2024:00:15:00 -0500] "GET /sipse/faces/javax.faces.resource/primefaces.css?ln=primefaces&v=4.0 HTTP/1.1" 304 -
191.104.84.7 - - [29/Jun/2024:00:15:00 -0500] "GET /sipse/faces/javax.faces.resource/theme.css?ln=primefaces-sipse HTTP/1.1" 304 -
191.104.84.7 - - [29/Jun/2024:00:15:00 -0500] "GET /sipse/faces/javax.faces.resource/layout/layout.css?ln=primefaces&v=4.0 HTTP/1.1" 304 -
191.104.84.7 - - [29/Jun/2024:00:15:00 -0500] "GET /sipse/faces/javax.faces.resource/jquery/jquery.js?ln=primefaces&v=4.0 HTTP/1.1" 304 -
191.104.84.7 - - [29/Jun/2024:00:15:00 -0500] "GET /sipse/faces/javax.faces.resource/layout/layout.js?ln=primefaces&v=4.0 HTTP/1.1" 304 -
191.104.84.7 - - [29/Jun/2024:00:15:00 -0500] "GET /sipse/faces/javax.faces.resource/images/ui-icons_898989_256x240.png?ln=primefaces-aristo HTTP/1.1" 304 -
191.104.84.7 - - [29/Jun/2024:00:15:06 -0500] "POST /sipse/faces/presentacion/financiero/solicitudProceso/consultarHistorialSolProceso.xhtml HTTP/1.1" 200 168028
191.104.84.7 - - [29/Jun/2024:00:15:07 -0500] "GET /sipse/faces/javax.faces.resource/theme.css?ln=primefaces-sipse HTTP/1.1" 304 -
191.104.84.7 - - [29/Jun/2024:00:15:07 -0500] "GET /sipse/faces/javax.faces.resource/primefaces.js?ln=primefaces&v=4.0 HTTP/1.1" 304 -
191.104.84.7 - - [29/Jun/2024:00:15:07 -0500] "GET /sipse/faces/javax.faces.resource/jquery/jquery-plugins.js?ln=primefaces&v=4.0 HTTP/1.1" 304 -
191.104.84.7 - - [29/Jun/2024:00:15:07 -0500] "GET /sipse/faces/javax.faces.resource/primefaces.css?ln=primefaces&v=4.0 HTTP/1.1" 304 -
191.104.84.7 - - [29/Jun/2024:00:15:07 -0500] "GET /sipse/faces/javax.faces.resource/layout/layout.css?ln=primefaces&v=4.0 HTTP/1.1" 304 -
191.104.84.7 - - [29/Jun/2024:00:15:07 -0500] "GET /sipse/faces/javax.faces.resource/jquery/jquery.js?ln=primefaces&v=4.0 HTTP/1.1" 304 -
191.104.84.7 - - [29/Jun/2024:00:15:07 -0500] "GET /sipse/faces/javax.faces.resource/layout/layout.js?ln=primefaces&v=4.0 HTTP/1.1" 304 -
191.104.84.7 - - [29/Jun/2024:00:15:07 -0500] "GET /sipse/faces/javax.faces.resource/images/ui-icons_898989_256x240.png?ln=primefaces-aristo HTTP/1.1" 304 -
47.128.114.70 - - [29/Jun/2024:00:15:09 -0500] "GET /BLA/resoluciones/AUTOS%202021/0245.php?act=chmod&f=6849.pdf HTTP/1.1" 200 2714
216.244.66.195 - - [29/Jun/2024:00:15:10 -0500] "GET /BLA/resoluciones/AUTOS%202022/6303.pdf HTTP/1.1" 200 420626
191.104.84.7 - - [29/Jun/2024:00:15:12 -0500] "POST /sipse/faces/presentacion/financiero/solicitudProceso/consultarSolicitudProceso.xhtml HTTP/1.1" 200 44789
191.104.84.7 - - [29/Jun/2024:00:15:12 -0500] "GET /sipse/faces/javax.faces.resource/primefaces.js?ln=primefaces&v=4.0 HTTP/1.1" 304 -
191.104.84.7 - - [29/Jun/2024:00:15:12 -0500] "GET /sipse/faces/javax.faces.resource/primefaces.css?ln=primefaces&v=4.0 HTTP/1.1" 304 -
191.104.84.7 - - [29/Jun/2024:00:15:12 -0500] "GET /sipse/faces/javax.faces.resource/jquery/jquery-plugins.js?ln=primefaces&v=4.0 HTTP/1.1" 304 -
191.104.84.7 - - [29/Jun/2024:00:15:12 -0500] "GET /sipse/faces/javax.faces.resource/jquery/jquery.js?ln=primefaces&v=4.0 HTTP/1.1" 304 -
191.104.84.7 - - [29/Jun/2024:00:15:12 -0500] "GET /sipse/faces/javax.faces.resource/layout/layout.css?ln=primefaces&v=4.0 HTTP/1.1" 304 -
191.104.84.7 - - [29/Jun/2024:00:15:12 -0500] "GET /sipse/faces/javax.faces.resource/theme.css?ln=primefaces-sipse HTTP/1.1" 304 -
191.104.84.7 - - [29/Jun/2024:00:15:12 -0500] "GET /sipse/faces/javax.faces.resource/layout/layout.js?ln=primefaces&v=4.0 HTTP/1.1" 304 -
191.104.84.7 - - [29/Jun/2024:00:15:13 -0500] "GET /sipse/faces/javax.faces.resource/images/ui-icons_898989_256x240.png?ln=primefaces-aristo HTTP/1.1" 304 -
191.104.84.7 - - [29/Jun/2024:00:15:20 -0500] "GET /sipse/faces/javax.faces.resource/images/ui-bg_flat_0_2d5972_40x100.png?ln=primefaces-aristo HTTP/1.1" 304 -
191.104.84.7 - - [29/Jun/2024:00:15:20 -0500] "POST /sipse/faces/presentacion/financiero/solicitudProceso/consultar.xhtml HTTP/1.1" 200 12880
191.104.84.7 - - [29/Jun/2024:00:15:21 -0500] "POST /sipse/faces/presentacion/financiero/solicitudProceso/consultar.xhtml HTTP/1.1" 200 117710
191.104.84.7 - - [29/Jun/2024:00:15:22 -0500] "GET /sipse/faces/javax.faces.resource/jquery/jquery.js?ln=primefaces&v=4.0 HTTP/1.1" 304 -
191.104.84.7 - - [29/Jun/2024:00:15:22 -0500] "GET /sipse/faces/javax.faces.resource/jquery/jquery-plugins.js?ln=primefaces&v=4.0 HTTP/1.1" 304 -
191.104.84.7 - - [29/Jun/2024:00:15:22 -0500] "GET /sipse/faces/javax.faces.resource/primefaces.js?ln=primefaces&v=4.0 HTTP/1.1" 304 -
191.104.84.7 - - [29/Jun/2024:00:15:22 -0500] "GET /sipse/faces/javax.faces.resource/layout/layout.js?ln=primefaces&v=4.0 HTTP/1.1" 304 -
191.104.84.7 - - [29/Jun/2024:00:15:25 -0500] "POST /sipse/faces/presentacion/financiero/solicitudProceso/consultarSolicitudProceso.xhtml HTTP/1.1" 200 37272
191.104.84.7 - - [29/Jun/2024:00:15:25 -0500] "GET /sipse/faces/javax.faces.resource/theme.css?ln=primefaces-sipse HTTP/1.1" 304 -
191.104.84.7 - - [29/Jun/2024:00:15:25 -0500] "GET /sipse/faces/javax.faces.resource/layout/layout.css?ln=primefaces&v=4.0 HTTP/1.1" 304 -
191.104.84.7 - - [29/Jun/2024:00:15:25 -0500] "GET /sipse/faces/javax.faces.resource/jquery/jquery.js?ln=primefaces&v=4.0 HTTP/1.1" 304 -
191.104.84.7 - - [29/Jun/2024:00:15:25 -0500] "GET /sipse/faces/javax.faces.resource/primefaces.js?ln=primefaces&v=4.0 HTTP/1.1" 304 -
191.104.84.7 - - [29/Jun/2024:00:15:25 -0500] "GET /sipse/faces/javax.faces.resource/primefaces.css?ln=primefaces&v=4.0 HTTP/1.1" 304 -
191.104.84.7 - - [29/Jun/2024:00:15:25 -0500] "GET /sipse/faces/javax.faces.resource/jquery/jquery-plugins.js?ln=primefaces&v=4.0 HTTP/1.1" 304 -
191.104.84.7 - - [29/Jun/2024:00:15:25 -0500] "GET /sipse/faces/javax.faces.resource/layout/layout.js?ln=primefaces&v=4.0 HTTP/1.1" 304 -
191.104.84.7 - - [29/Jun/2024:00:15:25 -0500] "GET /sipse/faces/javax.faces.resource/images/ui-icons_898989_256x240.png?ln=primefaces-aristo HTTP/1.1" 304 -
47.128.55.247 - - [29/Jun/2024:00:15:26 -0500] "GET /BLA/resoluciones/AUTOS%202021/0245.php?act=chmod&f=3418.pdf HTTP/1.1" 200 2714
172.22.2.4 - - [29/Jun/2024:00:13:53 -0500] "GET /BLA/boletinlegal/ HTTP/1.1" 200 57889
216.244.66.195 - - [29/Jun/2024:00:15:37 -0500] "GET /BLA/resoluciones/AUTOS%202022/7188.pdf HTTP/1.1" 200 402439
23.26.220.24 - - [29/Jun/2024:00:15:39 -0500] "GET /wp-login.php HTTP/1.1" 404 1018
47.128.58.135 - - [29/Jun/2024:00:15:43 -0500] "GET /BLA/resoluciones/AUTOS%202021/0245.php?act=f&f=2897.pdf HTTP/1.1" 200 2740
66.249.66.13 - - [29/Jun/2024:00:15:43 -0500] "GET /robots.txt HTTP/1.1" 404 1018
201.245.192.253 - - [29/Jun/2024:00:15:55 -0500] "POST /forms/lservlet;jsessionid=ac16012b30d6716d42d0eef24d9cbe79d3fe11a80187.e3iSbxaKaheRe34OahmPbx4Oa3z0n6jAmljGr5XDqQLvpAe HTTP/1.1" 200 2
47.128.58.173 - - [29/Jun/2024:00:16:00 -0500] "GET /BLA/resoluciones/AUTOS%202021/0245.php?act=f&f=3554.pdf HTTP/1.1" 200 2740
76.235.205.239 - - [29/Jun/2024:00:16:00 -0500] "GET /Publicaciones/2023EE09550.pdf HTTP/1.1" 404 227
201.245.192.253 - - [29/Jun/2024:00:16:00 -0500] "GET /kwsrmcab/Wsrmcab?wsdl HTTP/1.1" 200 6948
216.244.66.195 - - [29/Jun/2024:00:16:06 -0500] "GET /BLA/resoluciones/AUTOS%202023/6017.pdf HTTP/1.1" 200 518542
66.249.66.11 - - [29/Jun/2024:00:16:10 -0500] "GET /BLA/resoluciones/RESOLUCIONES%202002/RES%202002%201501-1550/20021527.tif HTTP/1.1" 200 36108
66.249.66.12 - - [29/Jun/2024:00:16:11 -0500] "GET /BLA/resoluciones/RESOLUCIONES%202018/0695.pdf HTTP/1.1" 200 273610
191.104.84.7 - - [29/Jun/2024:00:16:25 -0500] "GET /sipse/faces/javax.faces.resource/theme.css?ln=primefaces-sipse HTTP/1.1" 304 -
191.104.84.7 - - [29/Jun/2024:00:16:25 -0500] "GET /sipse/faces/javax.faces.resource/primefaces.css?ln=primefaces&v=4.0 HTTP/1.1" 304 -
191.104.84.7 - - [29/Jun/2024:00:16:25 -0500] "GET /sipse/faces/javax.faces.resource/layout/layout.css?ln=primefaces&v=4.0 HTTP/1.1" 304 -
191.104.84.7 - - [29/Jun/2024:00:16:25 -0500] "GET /sipse/faces/javax.faces.resource/jquery/jquery-plugins.js?ln=primefaces&v=4.0 HTTP/1.1" 304 -
191.104.84.7 - - [29/Jun/2024:00:16:25 -0500] "GET /sipse/faces/javax.faces.resource/primefaces.js?ln=primefaces&v=4.0 HTTP/1.1" 304 -
191.104.84.7 - - [29/Jun/2024:00:16:25 -0500] "GET /sipse/faces/javax.faces.resource/jquery/jquery.js?ln=primefaces&v=4.0 HTTP/1.1" 304 -
191.104.84.7 - - [29/Jun/2024:00:16:25 -0500] "GET /sipse/faces/javax.faces.resource/layout/layout.js?ln=primefaces&v=4.0 HTTP/1.1" 304 -
191.104.84.7 - - [29/Jun/2024:00:16:25 -0500] "GET /sipse/faces/javax.faces.resource/images/ui-icons_898989_256x240.png?ln=primefaces-aristo HTTP/1.1" 304 -
191.104.84.7 - - [29/Jun/2024:00:16:25 -0500] "POST /sipse/faces/presentacion/financiero/solicitudProceso/consultarHistorialSolProceso.xhtml HTTP/1.1" 200 162784
216.244.66.195 - - [29/Jun/2024:00:16:30 -0500] "GET /BLA/resoluciones/index.php?dir=RESOLUCIONES+2002%2FRES+2002+1651-1700%2F HTTP/1.1" 200 12155
191.104.84.7 - - [29/Jun/2024:00:16:35 -0500] "POST /sipse/faces/presentacion/financiero/solicitudProceso/consultarSolicitudProceso.xhtml HTTP/1.1" 200 257910
191.104.84.7 - - [29/Jun/2024:00:16:37 -0500] "POST /sipse/faces/presentacion/financiero/solicitudProceso/consultarSolicitudProceso.xhtml HTTP/1.1" 200 307185
66.249.66.12 - - [29/Jun/2024:00:16:50 -0500] "GET /robots.txt HTTP/1.1" 404 1018
66.249.66.11 - - [29/Jun/2024:00:16:50 -0500] "GET /BLA/resoluciones/RESOLUCIONES%202021/0050.pdf HTTP/1.1" 200 413727
216.245.221.92 - - [29/Jun/2024:00:16:51 -0500] "HEAD / HTTP/1.1" 200 -
201.245.192.253 - - [29/Jun/2024:00:17:00 -0500] "GET /kwsrmcab/Wsrmcab?wsdl HTTP/1.1" 200 6948
191.104.84.7 - - [29/Jun/2024:00:17:00 -0500] "POST /sipse/faces/presentacion/financiero/solicitudProceso/consultarSolicitudProceso.xhtml HTTP/1.1" 200 44938
191.104.84.7 - - [29/Jun/2024:00:17:01 -0500] "GET /sipse/faces/javax.faces.resource/theme.css?ln=primefaces-sipse HTTP/1.1" 304 -
191.104.84.7 - - [29/Jun/2024:00:17:01 -0500] "GET /sipse/faces/javax.faces.resource/primefaces.css?ln=primefaces&v=4.0 HTTP/1.1" 304 -
191.104.84.7 - - [29/Jun/2024:00:17:01 -0500] "GET /sipse/faces/javax.faces.resource/jquery/jquery-plugins.js?ln=primefaces&v=4.0 HTTP/1.1" 304 -
191.104.84.7 - - [29/Jun/2024:00:17:01 -0500] "GET /sipse/faces/javax.faces.resource/layout/layout.css?ln=primefaces&v=4.0 HTTP/1.1" 304 -
191.104.84.7 - - [29/Jun/2024:00:17:01 -0500] "GET /sipse/faces/javax.faces.resource/primefaces.js?ln=primefaces&v=4.0 HTTP/1.1" 304 -
191.104.84.7 - - [29/Jun/2024:00:17:01 -0500] "GET /sipse/faces/javax.faces.resource/jquery/jquery.js?ln=primefaces&v=4.0 HTTP/1.1" 304 -
191.104.84.7 - - [29/Jun/2024:00:17:01 -0500] "GET /sipse/faces/javax.faces.resource/layout/layout.js?ln=primefaces&v=4.0 HTTP/1.1" 304 -
191.104.84.7 - - [29/Jun/2024:00:17:01 -0500] "GET /sipse/faces/javax.faces.resource/images/ui-icons_898989_256x240.png?ln=primefaces-aristo HTTP/1.1" 304 -
191.104.84.7 - - [29/Jun/2024:00:17:09 -0500] "GET /sipse/faces/javax.faces.resource/images/ui-bg_flat_0_2d5972_40x100.png?ln=primefaces-aristo HTTP/1.1" 304 -
191.104.84.7 - - [29/Jun/2024:00:17:09 -0500] "POST /sipse/faces/presentacion/financiero/solicitudProceso/consultar.xhtml HTTP/1.1" 200 23085
191.104.84.7 - - [29/Jun/2024:00:17:11 -0500] "POST /sipse/faces/presentacion/financiero/solicitudProceso/consultar.xhtml HTTP/1.1" 200 12810
201.245.192.253 - - [29/Jun/2024:00:17:11 -0500] "POST /kwsrmcab/Wsrmcab HTTP/1.1" 200 36688
191.104.84.7 - - [29/Jun/2024:00:17:13 -0500] "POST /sipse/faces/presentacion/financiero/solicitudProceso/consultar.xhtml HTTP/1.1" 200 121033
191.104.84.7 - - [29/Jun/2024:00:17:13 -0500] "GET /sipse/faces/javax.faces.resource/jquery/jquery.js?ln=primefaces&v=4.0 HTTP/1.1" 304 -
191.104.84.7 - - [29/Jun/2024:00:17:13 -0500] "GET /sipse/faces/javax.faces.resource/jquery/jquery-plugins.js?ln=primefaces&v=4.0 HTTP/1.1" 304 -
191.104.84.7 - - [29/Jun/2024:00:17:13 -0500] "GET /sipse/faces/javax.faces.resource/primefaces.js?ln=primefaces&v=4.0 HTTP/1.1" 304 -
191.104.84.7 - - [29/Jun/2024:00:17:13 -0500] "GET /sipse/faces/javax.faces.resource/layout/layout.js?ln=primefaces&v=4.0 HTTP/1.1" 304 -
201.245.192.253 - - [29/Jun/2024:00:17:12 -0500] "POST /kwsrmcab/Wsrmcab HTTP/1.1" 200 35379
191.104.84.7 - - [29/Jun/2024:00:17:16 -0500] "POST /sipse/faces/presentacion/financiero/solicitudProceso/consultarSolicitudProceso.xhtml HTTP/1.1" 200 34640
191.104.84.7 - - [29/Jun/2024:00:17:16 -0500] "GET /sipse/faces/javax.faces.resource/theme.css?ln=primefaces-sipse HTTP/1.1" 304 -
191.104.84.7 - - [29/Jun/2024:00:17:16 -0500] "GET /sipse/faces/javax.faces.resource/jquery/jquery.js?ln=primefaces&v=4.0 HTTP/1.1" 304 -
191.104.84.7 - - [29/Jun/2024:00:17:16 -0500] "GET /sipse/faces/javax.faces.resource/layout/layout.css?ln=primefaces&v=4.0 HTTP/1.1" 304 -
191.104.84.7 - - [29/Jun/2024:00:17:16 -0500] "GET /sipse/faces/javax.faces.resource/primefaces.css?ln=primefaces&v=4.0 HTTP/1.1" 304 -
191.104.84.7 - - [29/Jun/2024:00:17:16 -0500] "GET /sipse/faces/javax.faces.resource/primefaces.js?ln=primefaces&v=4.0 HTTP/1.1" 304 -
191.104.84.7 - - [29/Jun/2024:00:17:16 -0500] "GET /sipse/faces/javax.faces.resource/jquery/jquery-plugins.js?ln=primefaces&v=4.0 HTTP/1.1" 304 -
191.104.84.7 - - [29/Jun/2024:00:17:16 -0500] "GET /sipse/faces/javax.faces.resource/layout/layout.js?ln=primefaces&v=4.0 HTTP/1.1" 304 -
191.104.84.7 - - [29/Jun/2024:00:17:16 -0500] "GET /sipse/faces/javax.faces.resource/images/ui-icons_898989_256x240.png?ln=primefaces-aristo HTTP/1.1" 304 -
201.245.192.253 - - [29/Jun/2024:00:17:37 -0500] "POST /kwsrmcab/Wsrmcab  HTTP/1.1" 200 213
191.104.84.7 - - [29/Jun/2024:00:17:38 -0500] "GET /sipse/faces/javax.faces.resource/theme.css?ln=primefaces-sipse HTTP/1.1" 304 -
191.104.84.7 - - [29/Jun/2024:00:17:38 -0500] "POST /sipse/faces/presentacion/financiero/solicitudProceso/consultarHistorialSolProceso.xhtml HTTP/1.1" 200 166107
191.104.84.7 - - [29/Jun/2024:00:17:38 -0500] "GET /sipse/faces/javax.faces.resource/primefaces.css?ln=primefaces&v=4.0 HTTP/1.1" 304 -
191.104.84.7 - - [29/Jun/2024:00:17:38 -0500] "GET /sipse/faces/javax.faces.resource/layout/layout.css?ln=primefaces&v=4.0 HTTP/1.1" 304 -
191.104.84.7 - - [29/Jun/2024:00:17:38 -0500] "GET /sipse/faces/javax.faces.resource/jquery/jquery-plugins.js?ln=primefaces&v=4.0 HTTP/1.1" 304 -
191.104.84.7 - - [29/Jun/2024:00:17:38 -0500] "GET /sipse/faces/javax.faces.resource/jquery/jquery.js?ln=primefaces&v=4.0 HTTP/1.1" 304 -
191.104.84.7 - - [29/Jun/2024:00:17:38 -0500] "GET /sipse/faces/javax.faces.resource/primefaces.js?ln=primefaces&v=4.0 HTTP/1.1" 304 -
191.104.84.7 - - [29/Jun/2024:00:17:38 -0500] "GET /sipse/faces/javax.faces.resource/layout/layout.js?ln=primefaces&v=4.0 HTTP/1.1" 304 -
191.104.84.7 - - [29/Jun/2024:00:17:38 -0500] "GET /sipse/faces/javax.faces.resource/images/ui-icons_898989_256x240.png?ln=primefaces-aristo HTTP/1.1" 304 -
191.104.84.7 - - [29/Jun/2024:00:17:42 -0500] "POST /sipse/faces/presentacion/financiero/solicitudProceso/consultarSolicitudProceso.xhtml HTTP/1.1" 200 307645
201.245.192.253 - - [29/Jun/2024:00:17:55 -0500] "POST /forms/lservlet;jsessionid=ac16012b30d6716d42d0eef24d9cbe79d3fe11a80187.e3iSbxaKaheRe34OahmPbx4Oa3z0n6jAmljGr5XDqQLvpAe HTTP/1.1" 200 2
201.245.192.253 - - [29/Jun/2024:00:18:00 -0500] "GET /kwsrmcab/Wsrmcab?wsdl HTTP/1.1" 200 6948
191.104.84.7 - - [29/Jun/2024:00:18:04 -0500] "POST /sipse/faces/presentacion/financiero/solicitudProceso/consultarSolicitudProceso.xhtml HTTP/1.1" 200 44864
191.104.84.7 - - [29/Jun/2024:00:18:04 -0500] "GET /sipse/faces/javax.faces.resource/jquery/jquery.js?ln=primefaces&v=4.0 HTTP/1.1" 304 -
191.104.84.7 - - [29/Jun/2024:00:18:04 -0500] "GET /sipse/faces/javax.faces.resource/layout/layout.js?ln=primefaces&v=4.0 HTTP/1.1" 304 -
191.104.84.7 - - [29/Jun/2024:00:18:04 -0500] "GET /sipse/faces/javax.faces.resource/primefaces.js?ln=primefaces&v=4.0 HTTP/1.1" 304 -
191.104.84.7 - - [29/Jun/2024:00:18:04 -0500] "GET /sipse/faces/javax.faces.resource/layout/layout.css?ln=primefaces&v=4.0 HTTP/1.1" 200 542
191.104.84.7 - - [29/Jun/2024:00:18:04 -0500] "GET /sipse/faces/javax.faces.resource/jquery/jquery-plugins.js?ln=primefaces&v=4.0 HTTP/1.1" 304 -
191.104.84.7 - - [29/Jun/2024:00:18:04 -0500] "GET /sipse/faces/javax.faces.resource/theme.css?ln=primefaces-sipse HTTP/1.1" 200 50058
191.104.84.7 - - [29/Jun/2024:00:18:04 -0500] "GET /sipse/faces/javax.faces.resource/primefaces.css?ln=primefaces&v=4.0 HTTP/1.1" 200 53295
191.104.84.7 - - [29/Jun/2024:00:18:04 -0500] "GET /sipse/faces/javax.faces.resource/images/ui-icons_898989_256x240.png?ln=primefaces-aristo HTTP/1.1" 200 5355
191.104.84.7 - - [29/Jun/2024:00:18:07 -0500] "GET /sipse/faces/javax.faces.resource/images/ui-bg_flat_0_2d5972_40x100.png?ln=primefaces-aristo HTTP/1.1" 200 183
191.104.84.7 - - [29/Jun/2024:00:18:07 -0500] "POST /sipse/faces/presentacion/financiero/solicitudProceso/consultar.xhtml HTTP/1.1" 200 12950
191.104.84.7 - - [29/Jun/2024:00:18:09 -0500] "POST /sipse/faces/presentacion/financiero/solicitudProceso/consultar.xhtml HTTP/1.1" 200 123409
191.104.84.7 - - [29/Jun/2024:00:18:09 -0500] "GET /sipse/faces/javax.faces.resource/jquery/jquery.js?ln=primefaces&v=4.0 HTTP/1.1" 304 -
191.104.84.7 - - [29/Jun/2024:00:18:09 -0500] "GET /sipse/faces/javax.faces.resource/jquery/jquery-plugins.js?ln=primefaces&v=4.0 HTTP/1.1" 304 -
191.104.84.7 - - [29/Jun/2024:00:18:09 -0500] "GET /sipse/faces/javax.faces.resource/primefaces.js?ln=primefaces&v=4.0 HTTP/1.1" 304 -
191.104.84.7 - - [29/Jun/2024:00:18:09 -0500] "GET /sipse/faces/javax.faces.resource/layout/layout.js?ln=primefaces&v=4.0 HTTP/1.1" 304 -
191.104.84.7 - - [29/Jun/2024:00:18:13 -0500] "POST /sipse/faces/presentacion/financiero/solicitudProceso/consultarSolicitudProceso.xhtml HTTP/1.1" 200 35348
191.104.84.7 - - [29/Jun/2024:00:18:13 -0500] "GET /sipse/faces/javax.faces.resource/primefaces.css?ln=primefaces&v=4.0 HTTP/1.1" 304 -
191.104.84.7 - - [29/Jun/2024:00:18:13 -0500] "GET /sipse/faces/javax.faces.resource/layout/layout.css?ln=primefaces&v=4.0 HTTP/1.1" 304 -
191.104.84.7 - - [29/Jun/2024:00:18:13 -0500] "GET /sipse/faces/javax.faces.resource/theme.css?ln=primefaces-sipse HTTP/1.1" 304 -
191.104.84.7 - - [29/Jun/2024:00:18:13 -0500] "GET /sipse/faces/javax.faces.resource/primefaces.js?ln=primefaces&v=4.0 HTTP/1.1" 304 -
191.104.84.7 - - [29/Jun/2024:00:18:13 -0500] "GET /sipse/faces/javax.faces.resource/jquery/jquery-plugins.js?ln=primefaces&v=4.0 HTTP/1.1" 304 -
191.104.84.7 - - [29/Jun/2024:00:18:13 -0500] "GET /sipse/faces/javax.faces.resource/jquery/jquery.js?ln=primefaces&v=4.0 HTTP/1.1" 304 -
191.104.84.7 - - [29/Jun/2024:00:18:13 -0500] "GET /sipse/faces/javax.faces.resource/layout/layout.js?ln=primefaces&v=4.0 HTTP/1.1" 304 -
191.104.84.7 - - [29/Jun/2024:00:18:13 -0500] "GET /sipse/faces/javax.faces.resource/images/ui-icons_898989_256x240.png?ln=primefaces-aristo HTTP/1.1" 304 -
66.249.66.13 - - [29/Jun/2024:00:18:24 -0500] "GET /BLA/resoluciones/RESOLUCIONES%202021/4923.pdf HTTP/1.1" 200 350581
66.249.66.11 - - [29/Jun/2024:00:18:24 -0500] "GET /robots.txt HTTP/1.1" 404 1018
191.104.84.7 - - [29/Jun/2024:00:18:36 -0500] "GET /sipse/faces/javax.faces.resource/theme.css?ln=primefaces-sipse HTTP/1.1" 304 -
191.104.84.7 - - [29/Jun/2024:00:18:36 -0500] "GET /sipse/faces/javax.faces.resource/layout/layout.css?ln=primefaces&v=4.0 HTTP/1.1" 304 -
191.104.84.7 - - [29/Jun/2024:00:18:36 -0500] "GET /sipse/faces/javax.faces.resource/primefaces.css?ln=primefaces&v=4.0 HTTP/1.1" 304 -
191.104.84.7 - - [29/Jun/2024:00:18:36 -0500] "GET /sipse/faces/javax.faces.resource/jquery/jquery.js?ln=primefaces&v=4.0 HTTP/1.1" 304 -
191.104.84.7 - - [29/Jun/2024:00:18:36 -0500] "GET /sipse/faces/javax.faces.resource/jquery/jquery-plugins.js?ln=primefaces&v=4.0 HTTP/1.1" 304 -
191.104.84.7 - - [29/Jun/2024:00:18:36 -0500] "POST /sipse/faces/presentacion/financiero/solicitudProceso/consultarHistorialSolProceso.xhtml HTTP/1.1" 200 168483
191.104.84.7 - - [29/Jun/2024:00:18:36 -0500] "GET /sipse/faces/javax.faces.resource/primefaces.js?ln=primefaces&v=4.0 HTTP/1.1" 304 -
191.104.84.7 - - [29/Jun/2024:00:18:36 -0500] "GET /sipse/faces/javax.faces.resource/layout/layout.js?ln=primefaces&v=4.0 HTTP/1.1" 304 -
191.104.84.7 - - [29/Jun/2024:00:18:36 -0500] "GET /sipse/faces/javax.faces.resource/images/ui-icons_898989_256x240.png?ln=primefaces-aristo HTTP/1.1" 304 -
66.249.66.12 - - [29/Jun/2024:00:18:38 -0500] "GET /BLA/resoluciones/RESOLUCIONES%202021/4412.pdf HTTP/1.1" 304 -
191.104.84.7 - - [29/Jun/2024:00:18:40 -0500] "POST /sipse/faces/presentacion/financiero/solicitudProceso/consultarSolicitudProceso.xhtml HTTP/1.1" 200 313596
201.245.192.253 - - [29/Jun/2024:00:19:00 -0500] "GET /kwsrmcab/Wsrmcab?wsdl HTTP/1.1" 200 6948
172.22.2.4 - - [29/Jun/2024:00:18:16 -0500] "GET /BLA/boletinlegal/ HTTP/1.1" 200 32715
191.104.84.7 - - [29/Jun/2024:00:19:02 -0500] "POST /sipse/faces/presentacion/financiero/solicitudProceso/consultarSolicitudProceso.xhtml HTTP/1.1" 200 45008
191.104.84.7 - - [29/Jun/2024:00:19:02 -0500] "GET /sipse/faces/javax.faces.resource/theme.css?ln=primefaces-sipse HTTP/1.1" 304 -
191.104.84.7 - - [29/Jun/2024:00:19:02 -0500] "GET /sipse/faces/javax.faces.resource/layout/layout.css?ln=primefaces&v=4.0 HTTP/1.1" 304 -
191.104.84.7 - - [29/Jun/2024:00:19:02 -0500] "GET /sipse/faces/javax.faces.resource/jquery/jquery.js?ln=primefaces&v=4.0 HTTP/1.1" 304 -
191.104.84.7 - - [29/Jun/2024:00:19:02 -0500] "GET /sipse/faces/javax.faces.resource/primefaces.js?ln=primefaces&v=4.0 HTTP/1.1" 304 -
191.104.84.7 - - [29/Jun/2024:00:19:02 -0500] "GET /sipse/faces/javax.faces.resource/jquery/jquery-plugins.js?ln=primefaces&v=4.0 HTTP/1.1" 304 -
191.104.84.7 - - [29/Jun/2024:00:19:02 -0500] "GET /sipse/faces/javax.faces.resource/layout/layout.js?ln=primefaces&v=4.0 HTTP/1.1" 304 -
191.104.84.7 - - [29/Jun/2024:00:19:02 -0500] "GET /sipse/faces/javax.faces.resource/primefaces.css?ln=primefaces&v=4.0 HTTP/1.1" 304 -
191.104.84.7 - - [29/Jun/2024:00:19:02 -0500] "GET /sipse/faces/javax.faces.resource/images/ui-icons_898989_256x240.png?ln=primefaces-aristo HTTP/1.1" 304 -
191.104.84.7 - - [29/Jun/2024:00:19:05 -0500] "GET /sipse/faces/javax.faces.resource/images/ui-bg_flat_0_2d5972_40x100.png?ln=primefaces-aristo HTTP/1.1" 304 -
191.104.84.7 - - [29/Jun/2024:00:19:05 -0500] "POST /sipse/faces/presentacion/financiero/solicitudProceso/consultar.xhtml HTTP/1.1" 200 12747
191.104.84.7 - - [29/Jun/2024:00:19:09 -0500] "POST /sipse/faces/presentacion/financiero/solicitudProceso/consultar.xhtml HTTP/1.1" 200 123373
191.104.84.7 - - [29/Jun/2024:00:19:09 -0500] "GET /sipse/faces/javax.faces.resource/jquery/jquery.js?ln=primefaces&v=4.0 HTTP/1.1" 304 -
191.104.84.7 - - [29/Jun/2024:00:19:09 -0500] "GET /sipse/faces/javax.faces.resource/jquery/jquery-plugins.js?ln=primefaces&v=4.0 HTTP/1.1" 304 -
191.104.84.7 - - [29/Jun/2024:00:19:09 -0500] "GET /sipse/faces/javax.faces.resource/primefaces.js?ln=primefaces&v=4.0 HTTP/1.1" 304 -
191.104.84.7 - - [29/Jun/2024:00:19:09 -0500] "GET /sipse/faces/javax.faces.resource/layout/layout.js?ln=primefaces&v=4.0 HTTP/1.1" 304 -
191.104.84.7 - - [29/Jun/2024:00:19:15 -0500] "POST /sipse/faces/presentacion/financiero/solicitudProceso/consultarSolicitudProceso.xhtml HTTP/1.1" 200 35364
191.104.84.7 - - [29/Jun/2024:00:19:15 -0500] "GET /sipse/faces/javax.faces.resource/theme.css?ln=primefaces-sipse HTTP/1.1" 304 -
191.104.84.7 - - [29/Jun/2024:00:19:15 -0500] "GET /sipse/faces/javax.faces.resource/primefaces.css?ln=primefaces&v=4.0 HTTP/1.1" 304 -
191.104.84.7 - - [29/Jun/2024:00:19:15 -0500] "GET /sipse/faces/javax.faces.resource/layout/layout.css?ln=primefaces&v=4.0 HTTP/1.1" 304 -
191.104.84.7 - - [29/Jun/2024:00:19:15 -0500] "GET /sipse/faces/javax.faces.resource/primefaces.js?ln=primefaces&v=4.0 HTTP/1.1" 304 -
191.104.84.7 - - [29/Jun/2024:00:19:15 -0500] "GET /sipse/faces/javax.faces.resource/jquery/jquery.js?ln=primefaces&v=4.0 HTTP/1.1" 304 -
191.104.84.7 - - [29/Jun/2024:00:19:15 -0500] "GET /sipse/faces/javax.faces.resource/jquery/jquery-plugins.js?ln=primefaces&v=4.0 HTTP/1.1" 304 -
191.104.84.7 - - [29/Jun/2024:00:19:15 -0500] "GET /sipse/faces/javax.faces.resource/layout/layout.js?ln=primefaces&v=4.0 HTTP/1.1" 304 -
191.104.84.7 - - [29/Jun/2024:00:19:15 -0500] "GET /sipse/faces/javax.faces.resource/images/ui-icons_898989_256x240.png?ln=primefaces-aristo HTTP/1.1" 304 -
191.104.84.7 - - [29/Jun/2024:00:19:21 -0500] "POST /sipse/faces/presentacion/financiero/solicitudProceso/consultarHistorialSolProceso.xhtml HTTP/1.1" 200 168447
191.104.84.7 - - [29/Jun/2024:00:19:21 -0500] "GET /sipse/faces/javax.faces.resource/theme.css?ln=primefaces-sipse HTTP/1.1" 304 -
191.104.84.7 - - [29/Jun/2024:00:19:21 -0500] "GET /sipse/faces/javax.faces.resource/primefaces.css?ln=primefaces&v=4.0 HTTP/1.1" 304 -
191.104.84.7 - - [29/Jun/2024:00:19:21 -0500] "GET /sipse/faces/javax.faces.resource/layout/layout.css?ln=primefaces&v=4.0 HTTP/1.1" 304 -
191.104.84.7 - - [29/Jun/2024:00:19:21 -0500] "GET /sipse/faces/javax.faces.resource/jquery/jquery.js?ln=primefaces&v=4.0 HTTP/1.1" 304 -
191.104.84.7 - - [29/Jun/2024:00:19:21 -0500] "GET /sipse/faces/javax.faces.resource/primefaces.js?ln=primefaces&v=4.0 HTTP/1.1" 304 -
191.104.84.7 - - [29/Jun/2024:00:19:21 -0500] "GET /sipse/faces/javax.faces.resource/jquery/jquery-plugins.js?ln=primefaces&v=4.0 HTTP/1.1" 304 -
191.104.84.7 - - [29/Jun/2024:00:19:21 -0500] "GET /sipse/faces/javax.faces.resource/layout/layout.js?ln=primefaces&v=4.0 HTTP/1.1" 304 -
191.104.84.7 - - [29/Jun/2024:00:19:21 -0500] "GET /sipse/faces/javax.faces.resource/images/ui-icons_898989_256x240.png?ln=primefaces-aristo HTTP/1.1" 304 -
66.249.66.12 - - [29/Jun/2024:00:19:22 -0500] "GET /BLA/resoluciones/RESOLUCIONES%202002/RES%202002%201451-1500/20021477.tif HTTP/1.1" 200 51008
201.245.192.253 - - [29/Jun/2024:00:19:22 -0500] "POST /kwsrmcab/Wsrmcab HTTP/1.1" 200 35531
191.104.84.7 - - [29/Jun/2024:00:19:24 -0500] "POST /sipse/faces/presentacion/financiero/solicitudProceso/consultarSolicitudProceso.xhtml HTTP/1.1" 200 312503
66.249.66.12 - - [29/Jun/2024:00:19:38 -0500] "GET /robots.txt HTTP/1.1" 404 1018
66.249.66.11 - - [29/Jun/2024:00:19:38 -0500] "GET /BLA/resoluciones/RESOLUCIONES%202018/1951.pdf HTTP/1.1" 200 413523
201.245.192.253 - - [29/Jun/2024:00:19:55 -0500] "POST /forms/lservlet;jsessionid=ac16012b30d6716d42d0eef24d9cbe79d3fe11a80187.e3iSbxaKaheRe34OahmPbx4Oa3z0n6jAmljGr5XDqQLvpAe HTTP/1.1" 200 2
66.249.66.11 - - [29/Jun/2024:00:20:00 -0500] "GET /silvicultura/1.pdf HTTP/1.1" 304 -
201.245.192.253 - - [29/Jun/2024:00:20:00 -0500] "GET /kwsrmcab/Wsrmcab?wsdl HTTP/1.1" 200 6948
172.22.2.4 - - [29/Jun/2024:00:18:52 -0500] "HEAD /BLA/boletinlegal/ HTTP/1.1" 200 -
66.249.66.12 - - [29/Jun/2024:00:20:39 -0500] "GET /BLA/resoluciones/AUTOS%202023/09595.pdf HTTP/1.1" 304 -
66.249.66.12 - - [29/Jun/2024:00:20:55 -0500] "GET /BLA/resoluciones/RESOLUCIONES%202018/2987.pdf HTTP/1.1" 200 276019
201.245.192.253 - - [29/Jun/2024:00:21:00 -0500] "GET /kwsrmcab/Wsrmcab?wsdl HTTP/1.1" 200 6948
157.55.39.59 - - [29/Jun/2024:00:21:18 -0500] "GET /BLA/resoluciones/RESOLUCIONES%202016/2044.pdf HTTP/1.1" 200 545549
172.22.2.4 - - [29/Jun/2024:00:19:43 -0500] "GET /BLA/boletinlegal/ HTTP/1.1" 200 57889
66.249.66.11 - - [29/Jun/2024:00:21:25 -0500] "GET /BLA/resoluciones/AUTOS%202023/4307.pdf HTTP/1.1" 200 376960
66.249.66.12 - - [29/Jun/2024:00:21:34 -0500] "GET /BLA/resoluciones/RESOLUCIONES%202021/5105.pdf HTTP/1.1" 200 355993
66.249.66.42 - - [29/Jun/2024:00:21:34 -0500] "GET / HTTP/1.1" 200 4720
66.249.66.40 - - [29/Jun/2024:00:21:48 -0500] "GET /js/url.js HTTP/1.1" 404 1198
216.245.221.92 - - [29/Jun/2024:00:21:51 -0500] "HEAD / HTTP/1.1" 200 -
201.245.192.253 - - [29/Jun/2024:00:21:55 -0500] "POST /forms/lservlet;jsessionid=ac16012b30d6716d42d0eef24d9cbe79d3fe11a80187.e3iSbxaKaheRe34OahmPbx4Oa3z0n6jAmljGr5XDqQLvpAe HTTP/1.1" 200 2
201.245.192.253 - - [29/Jun/2024:00:22:00 -0500] "GET /kwsrmcab/Wsrmcab?wsdl HTTP/1.1" 200 6948
191.104.84.7 - - [29/Jun/2024:00:22:11 -0500] "POST /sipse/faces/presentacion/financiero/solicitudProceso/consultarSolicitudProceso.xhtml HTTP/1.1" 200 35364
191.104.84.7 - - [29/Jun/2024:00:22:11 -0500] "GET /sipse/faces/javax.faces.resource/theme.css?ln=primefaces-sipse HTTP/1.1" 304 -
191.104.84.7 - - [29/Jun/2024:00:22:11 -0500] "GET /sipse/faces/javax.faces.resource/jquery/jquery.js?ln=primefaces&v=4.0 HTTP/1.1" 304 -
191.104.84.7 - - [29/Jun/2024:00:22:11 -0500] "GET /sipse/faces/javax.faces.resource/jquery/jquery-plugins.js?ln=primefaces&v=4.0 HTTP/1.1" 304 -
191.104.84.7 - - [29/Jun/2024:00:22:11 -0500] "GET /sipse/faces/javax.faces.resource/primefaces.js?ln=primefaces&v=4.0 HTTP/1.1" 304 -
191.104.84.7 - - [29/Jun/2024:00:22:11 -0500] "GET /sipse/faces/javax.faces.resource/layout/layout.js?ln=primefaces&v=4.0 HTTP/1.1" 304 -
191.104.84.7 - - [29/Jun/2024:00:22:11 -0500] "GET /sipse/faces/javax.faces.resource/layout/layout.css?ln=primefaces&v=4.0 HTTP/1.1" 304 -
191.104.84.7 - - [29/Jun/2024:00:22:11 -0500] "GET /sipse/faces/javax.faces.resource/primefaces.css?ln=primefaces&v=4.0 HTTP/1.1" 304 -
191.104.84.7 - - [29/Jun/2024:00:22:11 -0500] "GET /sipse/faces/javax.faces.resource/images/ui-icons_898989_256x240.png?ln=primefaces-aristo HTTP/1.1" 304 -
201.245.192.253 - - [29/Jun/2024:00:20:11 -0500] "POST /kwsrmcab/Wsrmcab HTTP/1.1" 200 35379
191.104.84.7 - - [29/Jun/2024:00:22:30 -0500] "GET /sipse/faces/javax.faces.resource/theme.css?ln=primefaces-sipse HTTP/1.1" 304 -
191.104.84.7 - - [29/Jun/2024:00:22:30 -0500] "GET /sipse/faces/javax.faces.resource/primefaces.css?ln=primefaces&v=4.0 HTTP/1.1" 304 -
191.104.84.7 - - [29/Jun/2024:00:22:30 -0500] "GET /sipse/faces/javax.faces.resource/layout/layout.css?ln=primefaces&v=4.0 HTTP/1.1" 304 -
191.104.84.7 - - [29/Jun/2024:00:22:30 -0500] "GET /sipse/faces/javax.faces.resource/jquery/jquery.js?ln=primefaces&v=4.0 HTTP/1.1" 304 -
191.104.84.7 - - [29/Jun/2024:00:22:30 -0500] "GET /sipse/faces/javax.faces.resource/jquery/jquery-plugins.js?ln=primefaces&v=4.0 HTTP/1.1" 304 -
191.104.84.7 - - [29/Jun/2024:00:22:30 -0500] "GET /sipse/faces/javax.faces.resource/primefaces.js?ln=primefaces&v=4.0 HTTP/1.1" 304 -
191.104.84.7 - - [29/Jun/2024:00:22:30 -0500] "GET /sipse/faces/javax.faces.resource/layout/layout.js?ln=primefaces&v=4.0 HTTP/1.1" 304 -
191.104.84.7 - - [29/Jun/2024:00:22:30 -0500] "GET /sipse/faces/javax.faces.resource/images/ui-icons_898989_256x240.png?ln=primefaces-aristo HTTP/1.1" 304 -
191.104.84.7 - - [29/Jun/2024:00:22:30 -0500] "POST /sipse/faces/presentacion/financiero/solicitudProceso/consultarHistorialSolProceso.xhtml HTTP/1.1" 200 168447
66.249.66.12 - - [29/Jun/2024:00:22:30 -0500] "GET /BLA/resoluciones/RESOLUCIONES%202018/3681.pdf HTTP/1.1" 200 238921
191.104.84.7 - - [29/Jun/2024:00:22:32 -0500] "POST /sipse/faces/presentacion/financiero/solicitudProceso/consultarSolicitudProceso.xhtml HTTP/1.1" 200 312503
66.249.66.11 - - [29/Jun/2024:00:22:35 -0500] "GET /BLA/resoluciones/RESOLUCIONES%202002/RES%202002%2051-100/2002RES56.tif HTTP/1.1" 200 86244
201.245.192.253 - - [29/Jun/2024:00:22:36 -0500] "POST /kwsrmcab/Wsrmcab  HTTP/1.1" 200 213
201.245.192.253 - - [29/Jun/2024:00:23:00 -0500] "GET /kwsrmcab/Wsrmcab?wsdl HTTP/1.1" 200 6948
216.244.66.195 - - [29/Jun/2024:00:23:43 -0500] "GET /robots.txt HTTP/1.1" 404 1018
201.245.192.253 - - [29/Jun/2024:00:23:55 -0500] "POST /forms/lservlet;jsessionid=ac16012b30d6716d42d0eef24d9cbe79d3fe11a80187.e3iSbxaKaheRe34OahmPbx4Oa3z0n6jAmljGr5XDqQLvpAe HTTP/1.1" 200 2
201.245.192.253 - - [29/Jun/2024:00:24:00 -0500] "GET /kwsrmcab/Wsrmcab?wsdl HTTP/1.1" 200 6948
66.249.66.11 - - [29/Jun/2024:00:24:05 -0500] "GET /BLA/resoluciones/RESOLUCIONES%202018/3826.pdf HTTP/1.1" 200 406165
66.249.66.13 - - [29/Jun/2024:00:24:43 -0500] "GET /BLA/resoluciones/RESOLUCIONES%202021/0384.pdf HTTP/1.1" 200 580928
201.245.192.253 - - [29/Jun/2024:00:25:00 -0500] "GET /kwsrmcab/Wsrmcab?wsdl HTTP/1.1" 200 6948
172.22.2.4 - - [29/Jun/2024:00:25:32 -0500] "GET /BLA/boletinlegal/actuator/gateway/routes HTTP/1.1" 404 1018
66.249.66.13 - - [29/Jun/2024:00:25:39 -0500] "GET /BLA/resoluciones/RESOLUCIONES%202021/4393.pdf HTTP/1.1" 304 -
66.249.66.11 - - [29/Jun/2024:00:25:42 -0500] "GET /portel_dama/libreria/php/2006/restauracion/22_proye/xtras_in/4.pdf HTTP/1.1" 404 1018
201.245.192.253 - - [29/Jun/2024:00:25:55 -0500] "POST /forms/lservlet;jsessionid=ac16012b30d6716d42d0eef24d9cbe79d3fe11a80187.e3iSbxaKaheRe34OahmPbx4Oa3z0n6jAmljGr5XDqQLvpAe HTTP/1.1" 200 2
201.245.192.253 - - [29/Jun/2024:00:26:00 -0500] "GET /kwsrmcab/Wsrmcab?wsdl HTTP/1.1" 200 6948
66.249.66.11 - - [29/Jun/2024:00:26:18 -0500] "GET /BLA/resoluciones/RESOLUCIONES%202021/5378.pdf HTTP/1.1" 200 511679
172.22.2.4 - - [29/Jun/2024:00:24:42 -0500] "HEAD /BLA/boletinlegal/ HTTP/1.1" 200 -
66.249.66.12 - - [29/Jun/2024:00:26:48 -0500] "GET /BLA/resoluciones/RESOLUCIONES%202002/RES%202002%201301-1350/20021318.tif HTTP/1.1" 200 91610
216.245.221.92 - - [29/Jun/2024:00:26:51 -0500] "HEAD / HTTP/1.1" 200 -
201.245.192.253 - - [29/Jun/2024:00:27:00 -0500] "GET /kwsrmcab/Wsrmcab?wsdl HTTP/1.1" 200 6948
172.22.2.4 - - [29/Jun/2024:00:25:33 -0500] "GET /BLA/boletinlegal/ HTTP/1.1" 200 57136
201.245.192.253 - - [29/Jun/2024:00:27:11 -0500] "POST /kwsrmcab/Wsrmcab HTTP/1.1" 200 36688
66.249.66.13 - - [29/Jun/2024:00:27:14 -0500] "GET /BLA/resoluciones/RESOLUCIONES%202018/2576.pdf HTTP/1.1" 200 237518
201.245.192.253 - - [29/Jun/2024:00:27:15 -0500] "POST /kwsrmcab/Wsrmcab HTTP/1.1" 200 35379
40.77.167.8 - - [29/Jun/2024:00:27:34 -0500] "GET /BLA/resoluciones/RESOLUCIONES%202010/6142.pdf HTTP/1.1" 304 -
201.245.192.253 - - [29/Jun/2024:00:27:34 -0500] "POST /kwsrmcab/Wsrmcab  HTTP/1.1" 200 213
66.249.66.11 - - [29/Jun/2024:00:27:53 -0500] "GET /Publicaciones/2024EE84970.pdf HTTP/1.1" 404 227
201.245.192.253 - - [29/Jun/2024:00:27:55 -0500] "POST /forms/lservlet;jsessionid=ac16012b30d6716d42d0eef24d9cbe79d3fe11a80187.e3iSbxaKaheRe34OahmPbx4Oa3z0n6jAmljGr5XDqQLvpAe HTTP/1.1" 200 2
201.245.192.253 - - [29/Jun/2024:00:28:00 -0500] "GET /kwsrmcab/Wsrmcab?wsdl HTTP/1.1" 200 6948
66.249.66.12 - - [29/Jun/2024:00:28:49 -0500] "GET /BLA/resoluciones/RESOLUCIONES%202018/1316.pdf HTTP/1.1" 200 559488
201.245.192.253 - - [29/Jun/2024:00:29:00 -0500] "GET /kwsrmcab/Wsrmcab?wsdl HTTP/1.1" 200 6948
66.249.66.12 - - [29/Jun/2024:00:29:01 -0500] "GET /BLA/resoluciones/RESOLUCIONES%202002/RES%202002%20601-650/00000629.tif HTTP/1.1" 200 38758
222.189.182.218 - - [29/Jun/2024:00:29:16 -0500] "GET / HTTP/1.1" 200 319
201.245.192.253 - - [29/Jun/2024:00:29:21 -0500] "POST /kwsrmcab/Wsrmcab HTTP/1.1" 200 35531
66.249.66.13 - - [29/Jun/2024:00:29:28 -0500] "GET /BLA/resoluciones/RESOLUCIONES%202021/1335.pdf HTTP/1.1" 200 462541
66.249.66.12 - - [29/Jun/2024:00:29:29 -0500] "GET /BLA/resoluciones/AUTOS%202008/2573.pdf HTTP/1.1" 200 99682
201.245.192.253 - - [29/Jun/2024:00:29:55 -0500] "POST /forms/lservlet;jsessionid=ac16012b30d6716d42d0eef24d9cbe79d3fe11a80187.e3iSbxaKaheRe34OahmPbx4Oa3z0n6jAmljGr5XDqQLvpAe HTTP/1.1" 200 2
201.245.192.253 - - [29/Jun/2024:00:30:00 -0500] "GET /kwsrmcab/Wsrmcab?wsdl HTTP/1.1" 200 6948
201.245.192.253 - - [29/Jun/2024:00:30:07 -0500] "POST /kwsrmcab/Wsrmcab HTTP/1.1" 200 35379
172.22.2.4 - - [29/Jun/2024:00:30:08 -0500] "GET /BLA/boletinlegal/robots.txt HTTP/1.1" 404 1038
66.249.66.13 - - [29/Jun/2024:00:30:24 -0500] "GET /BLA/resoluciones/RESOLUCIONES%202018/0423.pdf HTTP/1.1" 200 288339
201.245.192.253 - - [29/Jun/2024:00:31:00 -0500] "GET /kwsrmcab/Wsrmcab?wsdl HTTP/1.1" 200 6948
66.249.66.11 - - [29/Jun/2024:00:31:02 -0500] "GET /BLA/resoluciones/RESOLUCIONES%202021/2400.pdf HTTP/1.1" 200 607587
172.22.2.4 - - [29/Jun/2024:00:30:10 -0500] "GET /BLA/boletinlegal/index.php HTTP/1.1" 200 45104
216.245.221.92 - - [29/Jun/2024:00:31:51 -0500] "HEAD / HTTP/1.1" 200 -
201.245.192.253 - - [29/Jun/2024:00:31:55 -0500] "POST /forms/lservlet;jsessionid=ac16012b30d6716d42d0eef24d9cbe79d3fe11a80187.e3iSbxaKaheRe34OahmPbx4Oa3z0n6jAmljGr5XDqQLvpAe HTTP/1.1" 200 2
201.245.192.253 - - [29/Jun/2024:00:32:00 -0500] "GET /kwsrmcab/Wsrmcab?wsdl HTTP/1.1" 200 6948
47.128.63.11 - - [29/Jun/2024:00:32:08 -0500] "GET /BLA/resoluciones/AUTOS%202021/0245.php?act=chmod&f=3530.pdf HTTP/1.1" 200 2714
172.22.2.4 - - [29/Jun/2024:00:30:32 -0500] "HEAD /BLA/boletinlegal/ HTTP/1.1" 200 -
66.249.66.13 - - [29/Jun/2024:00:32:14 -0500] "GET /BLA/resoluciones/RESOLUCIONES%202002/RES%202002%20551-600/00000564.tif HTTP/1.1" 200 98242
47.128.111.190 - - [29/Jun/2024:00:32:25 -0500] "GET /BLA/resoluciones/AUTOS%202021/0245.php?act=chmod&f=5153.pdf HTTP/1.1" 200 2714
89.58.51.171 - - [29/Jun/2024:00:32:28 -0500] "GET /Publicaciones/2023EE09669.pdf HTTP/1.1" 404 227
201.245.192.253 - - [29/Jun/2024:00:32:33 -0500] "POST /kwsrmcab/Wsrmcab  HTTP/1.1" 200 213
66.249.66.11 - - [29/Jun/2024:00:32:37 -0500] "GET /BLA/resoluciones/RESOLUCIONES%202021/2601.pdf HTTP/1.1" 304 -
47.128.111.53 - - [29/Jun/2024:00:32:43 -0500] "GET /BLA/resoluciones/AUTOS%202021/0245.php?act=f&f=3174.pdf HTTP/1.1" 200 2740
66.249.66.11 - - [29/Jun/2024:00:32:44 -0500] "GET /BLA/resoluciones/RESOLUCIONES%202018/3132.pdf HTTP/1.1" 200 271706
201.245.192.253 - - [29/Jun/2024:00:33:00 -0500] "GET /kwsrmcab/Wsrmcab?wsdl HTTP/1.1" 200 6948
47.128.18.143 - - [29/Jun/2024:00:33:00 -0500] "GET /BLA/resoluciones/AUTOS%202021/0245.php?act=chmod&f=3024.PDF HTTP/1.1" 200 2714
172.22.2.4 - - [29/Jun/2024:00:31:23 -0500] "GET /BLA/boletinlegal/ HTTP/1.1" 200 55442
47.128.18.108 - - [29/Jun/2024:00:33:17 -0500] "GET /BLA/resoluciones/AUTOS%202021/0245.php?act=f&f=3257.pdf HTTP/1.1" 200 2739
47.128.45.150 - - [29/Jun/2024:00:33:35 -0500] "GET /BLA/resoluciones/AUTOS%202021/0245.php?act=chmod&f=3457.pdf HTTP/1.1" 200 2714
66.249.66.11 - - [29/Jun/2024:00:33:44 -0500] "GET /BLA/resoluciones/RESOLUCIONES%202021/4095.pdf HTTP/1.1" 304 -
47.128.51.28 - - [29/Jun/2024:00:33:51 -0500] "GET /BLA/resoluciones/AUTOS%202021/0245.php?act=chmod&f=2748.pdf HTTP/1.1" 200 2714
201.245.192.253 - - [29/Jun/2024:00:33:55 -0500] "POST /forms/lservlet;jsessionid=ac16012b30d6716d42d0eef24d9cbe79d3fe11a80187.e3iSbxaKaheRe34OahmPbx4Oa3z0n6jAmljGr5XDqQLvpAe HTTP/1.1" 200 2
201.245.192.253 - - [29/Jun/2024:00:34:00 -0500] "GET /kwsrmcab/Wsrmcab?wsdl HTTP/1.1" 200 6948
47.128.118.45 - - [29/Jun/2024:00:34:08 -0500] "GET /BLA/resoluciones/AUTOS%202021/0245.php?act=chmod&f=6561.pdf HTTP/1.1" 200 2714
66.249.66.12 - - [29/Jun/2024:00:34:12 -0500] "GET /BLA/resoluciones/Notificaciones/AUTOS%202023/9800.pdf HTTP/1.1" 200 397098
47.128.37.28 - - [29/Jun/2024:00:34:25 -0500] "GET /BLA/resoluciones/AUTOS%202021/0245.php?act=f&f=2415.pdf HTTP/1.1" 200 2739
47.128.51.3 - - [29/Jun/2024:00:34:43 -0500] "GET /BLA/resoluciones/AUTOS%202021/0245.php?act=chmod&f=3558.pdf HTTP/1.1" 200 2714
47.128.30.231 - - [29/Jun/2024:00:35:00 -0500] "GET /BLA/resoluciones/AUTOS%202021/0245.php?act=f&f=1243.pdf HTTP/1.1" 200 2740
201.245.192.253 - - [29/Jun/2024:00:35:00 -0500] "GET /kwsrmcab/Wsrmcab?wsdl HTTP/1.1" 200 6948
47.128.30.26 - - [29/Jun/2024:00:35:17 -0500] "GET /BLA/resoluciones/AUTOS%202021/0245.php?act=chmod&f=6498.pdf HTTP/1.1" 200 2714
66.249.66.13 - - [29/Jun/2024:00:35:27 -0500] "GET /BLA/resoluciones/RESOLUCIONES%202002/RES%202002%201001-1050/2002RES1006.tif HTTP/1.1" 200 42784
47.128.30.34 - - [29/Jun/2024:00:35:35 -0500] "GET /BLA/resoluciones/AUTOS%202021/0245.php?act=f&f=6537.pdf HTTP/1.1" 200 2740
40.77.167.8 - - [29/Jun/2024:00:35:39 -0500] "GET /BLA/resoluciones/AUTOS%202021/5766.pdf HTTP/1.1" 304 -
66.249.66.12 - - [29/Jun/2024:00:35:44 -0500] "GET /BLA/resoluciones/RESOLUCIONES%202018/1142.pdf HTTP/1.1" 200 421276
66.249.66.12 - - [29/Jun/2024:00:35:46 -0500] "GET /BLA/resoluciones/Notificaciones/AUTOS%202023/9999.pdf HTTP/1.1" 200 392648
152.61.192.232 - - [29/Jun/2024:00:35:48 -0500] "GET / HTTP/1.1" 200 319
47.128.30.23 - - [29/Jun/2024:00:35:51 -0500] "GET /BLA/resoluciones/AUTOS%202021/0245.php?act=chmod&f=5669.pdf HTTP/1.1" 200 2714
201.245.192.253 - - [29/Jun/2024:00:35:55 -0500] "POST /forms/lservlet;jsessionid=ac16012b30d6716d42d0eef24d9cbe79d3fe11a80187.e3iSbxaKaheRe34OahmPbx4Oa3z0n6jAmljGr5XDqQLvpAe HTTP/1.1" 200 2
201.245.192.253 - - [29/Jun/2024:00:36:00 -0500] "GET /kwsrmcab/Wsrmcab?wsdl HTTP/1.1" 200 6948
47.128.126.95 - - [29/Jun/2024:00:36:08 -0500] "GET /BLA/resoluciones/AUTOS%202021/0245.php?act=chmod&f=2853.pdf HTTP/1.1" 200 2714
47.128.43.178 - - [29/Jun/2024:00:36:25 -0500] "GET /BLA/resoluciones/AUTOS%202021/0245.php?act=chmod&f=4990.pdf HTTP/1.1" 200 2714
172.22.2.4 - - [29/Jun/2024:00:36:28 -0500] "GET /BLA/boletinlegal/odinhttpcall1719639378 HTTP/1.1" 404 1018
172.22.2.4 - - [29/Jun/2024:00:36:28 -0500] "POST /BLA/boletinlegal/sdk HTTP/1.1" 404 1018
172.22.2.4 - - [29/Jun/2024:00:36:29 -0500] "GET /BLA/boletinlegal/evox/about HTTP/1.1" 404 1018
172.22.2.4 - - [29/Jun/2024:00:36:29 -0500] "GET /BLA/boletinlegal/HNAP1 HTTP/1.1" 404 1018
47.128.40.103 - - [29/Jun/2024:00:36:43 -0500] "GET /BLA/resoluciones/AUTOS%202021/0245.php?act=f&f=4086.pdf HTTP/1.1" 200 2740
66.249.66.11 - - [29/Jun/2024:00:36:45 -0500] "GET /BLA/resoluciones/RESOLUCIONES%202018/1685.pdf HTTP/1.1" 200 291333
216.244.66.195 - - [29/Jun/2024:00:36:46 -0500] "GET /BLA/resoluciones/AUTOS%202016/2850.pdf HTTP/1.1" 200 388138
216.245.221.92 - - [29/Jun/2024:00:36:51 -0500] "HEAD / HTTP/1.1" 200 -
157.55.39.62 - - [29/Jun/2024:00:36:52 -0500] "GET /Residuos/metalmecanica/metalmecanica.html HTTP/1.1" 200 1969
201.245.192.253 - - [29/Jun/2024:00:37:00 -0500] "GET /kwsrmcab/Wsrmcab?wsdl HTTP/1.1" 200 6948
47.128.59.156 - - [29/Jun/2024:00:36:59 -0500] "GET /BLA/resoluciones/AUTOS%202021/0245.php?act=chmod&f=4765.pdf HTTP/1.1" 200 2714
66.249.66.12 - - [29/Jun/2024:00:37:05 -0500] "GET /BLA/resoluciones/RESOLUCIONES%202010/4891.pdf HTTP/1.1" 200 750137
172.22.2.4 - - [29/Jun/2024:00:36:27 -0500] "GET /BLA/boletinlegal/ HTTP/1.1" 200 20427
47.128.62.61 - - [29/Jun/2024:00:37:17 -0500] "GET /BLA/resoluciones/AUTOS%202021/0245.php?act=f&f=2969.pdf HTTP/1.1" 200 2740
172.22.2.4 - - [29/Jun/2024:00:36:30 -0500] "GET /BLA/boletinlegal/ HTTP/1.1" 200 20427
172.22.2.4 - - [29/Jun/2024:00:36:29 -0500] "GET /BLA/boletinlegal/ HTTP/1.1" 200 20427
172.22.2.4 - - [29/Jun/2024:00:36:31 -0500] "GET /BLA/boletinlegal/ HTTP/1.1" 200 24523
216.244.66.195 - - [29/Jun/2024:00:37:30 -0500] "GET /BLA/resoluciones/AUTOS%202016/2996.pdf HTTP/1.1" 200 438118
201.245.192.253 - - [29/Jun/2024:00:37:31 -0500] "POST /kwsrmcab/Wsrmcab  HTTP/1.1" 200 213
201.245.192.253 - - [29/Jun/2024:00:37:11 -0500] "POST /kwsrmcab/Wsrmcab HTTP/1.1" 200 36688
47.128.41.93 - - [29/Jun/2024:00:37:34 -0500] "GET /BLA/resoluciones/AUTOS%202021/0245.php?act=chmod&f=3470.pdf HTTP/1.1" 200 2714
201.245.192.253 - - [29/Jun/2024:00:37:33 -0500] "POST /kwsrmcab/Wsrmcab HTTP/1.1" 200 35379
47.128.122.253 - - [29/Jun/2024:00:37:51 -0500] "GET /BLA/resoluciones/AUTOS%202021/0245.php?act=chmod&f=3546.pdf HTTP/1.1" 200 2714
172.22.2.4 - - [29/Jun/2024:00:36:55 -0500] "POST /BLA/boletinlegal/ HTTP/1.1" 200 24523
201.245.192.253 - - [29/Jun/2024:00:37:55 -0500] "POST /forms/lservlet;jsessionid=ac16012b30d6716d42d0eef24d9cbe79d3fe11a80187.e3iSbxaKaheRe34OahmPbx4Oa3z0n6jAmljGr5XDqQLvpAe HTTP/1.1" 200 2
201.245.192.253 - - [29/Jun/2024:00:38:00 -0500] "GET /kwsrmcab/Wsrmcab?wsdl HTTP/1.1" 200 6948
172.22.2.4 - - [29/Jun/2024:00:36:22 -0500] "HEAD /BLA/boletinlegal/ HTTP/1.1" 200 -
157.55.39.62 - - [29/Jun/2024:00:38:02 -0500] "GET /Publicaciones/2024EE104111.pdf HTTP/1.1" 404 228
47.128.122.25 - - [29/Jun/2024:00:38:08 -0500] "GET /BLA/resoluciones/AUTOS%202021/0245.php?act=f&f=4598.pdf HTTP/1.1" 200 2740
216.244.66.195 - - [29/Jun/2024:00:38:20 -0500] "GET /BLA/resoluciones/RESOLUCIONES%202016/0347.pdf HTTP/1.1" 200 859063
66.249.66.11 - - [29/Jun/2024:00:38:21 -0500] "GET /BLA/resoluciones/Notificaciones/AUTOS%202023/10289.pdf HTTP/1.1" 200 426376
47.128.62.181 - - [29/Jun/2024:00:38:25 -0500] "GET /BLA/resoluciones/AUTOS%202021/0245.php?act=f&f=3547.pdf HTTP/1.1" 200 2740
66.249.66.11 - - [29/Jun/2024:00:38:40 -0500] "GET /BLA/resoluciones/RESOLUCIONES%202002/RES%202002%20501-550/00000520.tif HTTP/1.1" 200 95626
47.128.23.10 - - [29/Jun/2024:00:38:42 -0500] "GET /BLA/resoluciones/AUTOS%202021/0245.php?act=chmod&f=02714.pdf HTTP/1.1" 200 2714
66.249.66.11 - - [29/Jun/2024:00:38:45 -0500] "GET /BLA/resoluciones/RESOLUCIONES%202018/3838.pdf HTTP/1.1" 200 273986
172.22.2.4 - - [29/Jun/2024:00:37:13 -0500] "GET /BLA/boletinlegal/ HTTP/1.1" 200 55442
47.128.54.68 - - [29/Jun/2024:00:38:59 -0500] "GET /BLA/resoluciones/AUTOS%202021/0245.php?act=chmod&f=3759.pdf HTTP/1.1" 200 2714
201.245.192.253 - - [29/Jun/2024:00:39:00 -0500] "GET /kwsrmcab/Wsrmcab?wsdl HTTP/1.1" 200 6948
13.91.166.22 - - [29/Jun/2024:00:39:03 -0500] "GET /ReportServer HTTP/1.1" 404 1018
66.249.66.11 - - [29/Jun/2024:00:39:09 -0500] "GET /BLA/resoluciones/Notificaciones/AUTOS%202023/10288.pdf HTTP/1.1" 200 396338
216.244.66.195 - - [29/Jun/2024:00:39:13 -0500] "GET /BLA/resoluciones/AUTOS%202016/0021.pdf HTTP/1.1" 200 518815
47.128.53.48 - - [29/Jun/2024:00:39:16 -0500] "GET /BLA/resoluciones/AUTOS%202021/0245.php?act=chmod&f=6668.pdf HTTP/1.1" 200 2714
47.128.17.183 - - [29/Jun/2024:00:39:33 -0500] "GET /BLA/resoluciones/AUTOS%202021/0245.php?act=f&f=2906.pdf HTTP/1.1" 200 2740
47.128.53.216 - - [29/Jun/2024:00:39:51 -0500] "GET /BLA/resoluciones/AUTOS%202021/0245.php?act=chmod&f=3506.pdf HTTP/1.1" 200 2714
201.245.192.253 - - [29/Jun/2024:00:39:55 -0500] "POST /forms/lservlet;jsessionid=ac16012b30d6716d42d0eef24d9cbe79d3fe11a80187.e3iSbxaKaheRe34OahmPbx4Oa3z0n6jAmljGr5XDqQLvpAe HTTP/1.1" 200 2
201.245.192.253 - - [29/Jun/2024:00:40:00 -0500] "GET /kwsrmcab/Wsrmcab?wsdl HTTP/1.1" 200 6948
47.128.53.23 - - [29/Jun/2024:00:40:08 -0500] "GET /BLA/resoluciones/AUTOS%202021/0245.php?act=f&f=4297.pdf HTTP/1.1" 200 2740
201.245.192.253 - - [29/Jun/2024:00:39:21 -0500] "POST /kwsrmcab/Wsrmcab HTTP/1.1" 200 35531
201.245.192.253 - - [29/Jun/2024:00:40:21 -0500] "POST /kwsrmcab/Wsrmcab HTTP/1.1" 200 35379
47.128.121.99 - - [29/Jun/2024:00:40:25 -0500] "GET /BLA/resoluciones/AUTOS%202021/0245.php?act=chmod&f=5147.pdf HTTP/1.1" 200 2714
66.249.66.13 - - [29/Jun/2024:00:40:31 -0500] "GET /BLA/resoluciones/Notificaciones/AUTOS%202024/9744.pdf HTTP/1.1" 200 436058
65.109.109.110 - - [29/Jun/2024:00:40:33 -0500] "GET /Publicaciones/2023EE13432.pdf HTTP/1.1" 404 227
66.249.66.11 - - [29/Jun/2024:00:40:46 -0500] "GET /BLA/resoluciones/RESOLUCIONES%202018/0193.pdf HTTP/1.1" 200 395805
