66.249.66.14 - - [29/Jun/2024:18:45:49 -0500] "GET /BLA/resoluciones/RESOLUCIONES%202016/2296.pdf HTTP/1.1" 200 365908
66.249.66.11 - - [29/Jun/2024:18:45:54 -0500] "GET /BLA/resoluciones/RESOLUCIONES%202016/2509.pdf HTTP/1.1" 200 391340
201.245.192.253 - - [29/Jun/2024:18:45:56 -0500] "GET /kwsrmcab/Wsrmcab?wsdl HTTP/1.1" 200 6948
201.245.192.253 - - [29/Jun/2024:18:45:57 -0500] "POST /forms/lservlet;jsessionid=ac16012b30d6716d42d0eef24d9cbe79d3fe11a80187.e3iSbxaKaheRe34OahmPbx4Oa3z0n6jAmljGr5XDqQLvpAe HTTP/1.1" 200 2
66.249.66.14 - - [29/Jun/2024:18:45:58 -0500] "GET /BLA/resoluciones/RESOLUCIONES%202016/1272.pdf HTTP/1.1" 200 617741
186.155.12.134 - - [29/Jun/2024:18:46:04 -0500] "GET /kwssiamovil/sm/acme/a?s=U2FsdGVkX19pgDkQzDaHvmruAzPozNyxZ1z2wpsO8hSBr1kQCm5KWDjzb0jSBYUH5tH7a9PLaF1n9IuhVaI+6C+FyCW9dCgB/eSPM8aB22wOgEBa03pnV7FX7xetqRP3CSMg7wdS7PGH7eBLL4JE37BdtTBt/BAknmYVbPCq+Z4C8WlEIEkNMRvyK5EuCX5vvFHz89XffXa2w+ThuneIhlOuiTWjUGB6oo3+2hNLRNRTMdUVJdgUnoaY5WCfgEXl4RIEJkh96f2NxHGs6TNBMQ==&u=U2FsdGVkX18y7GUJrc2pDZ+XGz5b1u8Ey06z1lzrI2DQujPN0c/WwZIpuOcolgJr&y=U2FsdGVkX1+5AE8ZLSJKRztxuSEU/J0ZSNpatELamLHBBShqKzWa/tlpXcPBCaY4 HTTP/1.1" 200 26
186.155.12.134 - - [29/Jun/2024:18:46:04 -0500] "GET /kwssiamovil/sm/acme/a?s=U2FsdGVkX1/X/RyAb5y8DjS9AAyEPTac0TG7+tP1/Q5FZO9cDdHf5S6XKTjrzd9M6J4CdliUO2a3HHA9KhpyDNvOvRQbuK9yKAOOZSIWSfaowSS34LT7+D9luUqx0pPKT/bW1JVZ1s24NWpzAPNfrw1+n4OdNNf3BZIyb3iKi5QYY2Ch7tgSKqO5ZPjXT18VmPsZT8HLbTa1qEV2UUdDKQq2qeH9iX6dQOx920cXOcGftDkvLYjo8BnRr1fr3Sq2828PI820EK0YuMJq69Rafw7LJMqKXJGkVogGqSvtkAUqaHpWky0pCqanQvijc5EfbKPVQdqZvmx2ERBFo+Vani/KQjKH4pIirNJ0oGB7MQzSJ/NOJOHwwiITdH0/6LNOK/8lZSYfWZXSVpIE/7ou5MwydVyzYZWGh7gH8tHQl1gzSQEQEse2yTx9YG1zZTwsE2DT/tmzmvpqdaFFEvzwmoOwDSfLDawkFPW8LHXJzDQoK23AOequolrDLLMTg1tqEM8Uboal20L3z1Yxn6Va9CJf1YgJroq8QhloGNINL6NdCG6iqCaiDA3CRx4kBy7X0xL4erUSJ7atFXAsORtDri2ufXwraxtXbAnfficmarBw5nt5Ht+gjin1tOVoHozWWQZSm71VxLKn2a8io4YS4X7nEeiKAxl8kNrfw81Beq3m3PWfTHdU2/1A1DiHhHHUur7LmU+JnslJ6hVfFvBvcoDSeUSb1Th+32nFMdYZDU5uSEXb+FttS2Du+cj6YlMFtfF8+iFDyF0+S8gMNUXBf0DiaQTP2Xh2Def2DkSa7jgxtXyDI7Q/DvvrSUjA+XA/iHb9/eTE0H6Av7ZSLrYzOWXyXh43pQZrwgIbDK9L1P7b0sl+TqzjvTXFS+lPGvS+pD53iHKXveEN4WGSXnOv4SkMpy8iLwDixuHfLwOv2Ozpfiq5i3T4NPpVfEdbebJF2lECtNcTYhZzTOV0qVZYiCKkt5RbxhxHe+XI1wOIdF+uBdEx/yvk0dcuLL+V+BFH/WZ/L3Wco9AqN4LK6dXpsTkqUyoB6rd5N29n95zXYime8Eq2ghQy1s+cw/SDIQJW4EmZCxYkoz4+2qQRy2rIhtNhIrKNOz17vQESFFXr//ABmE9UCTnNof6BCMJCYvQ1b3lIcN3Yj2j1W+BjmCH0y/6/RisIlLr6beopjTZaNJOfZ2D+lDEx5zCvFamBMjzY7gF/jGvPR9XW4j7MLaJoRHrLjx5M8zyS0MHwAD9pOlegJ59/WAbpk1WxHAfil+O1LNCa12OKQPih4u2H7hTqtyaxPNbf43Ybc/cfqiqLYygM8Kug7kA1/l8IWZog5Y4s/H9oFhZ8oOsxGZwGGhm1ZIMyNlv4FHT+WYnfWvKUrJ4urEjeuqRs+70vsB0sE4RxUMkYT+BzUaR2IxonXKG8785erDPOckrdYAgiaXO5IFbg/+ia5jEpGl9hsr9rKgxP2FEsO2xiMKuZBuFvJjwoEwShm76wOOn022V/YVT08JGUp+bwnAiTLRdq9/ToGal2i19+SU+a2oKJNBx1A/KuWq2h9b468aVALoGZCdHJyVhvC4XcRu96AEziVBBCnCDeQ+y5gR7ZHWwZdT6wo5a2GEHjCqX6n3Kes99wnyPkFXkmAQ2OdB3hixQxxwITaz94FmNWQsGZjBmvue1tBf788SU/gEAcOYWmlPkYaZ+adgsxdlLlav1vNYgWEz74KtLTlDqfhWkQoFkLX+2Eekd5x2+tuw9okG8uNA4HnBKY4YZw/sn+GSM979/UQZ1GLWYNnVRXROwMUCSlcp2GBhVpFswU7jwwvATcY23X9BBxXY1jYwbi4qk5trig/a2gV9QcnqxQrL0BirFID+ynlxBu7rPaa+cCanKG9vct6xaxGRtsg+SmYzCl0wnIRByFPsxYSQSdotPOCb71e4kLTlHpSpxBLC15xUdfubcqH01imsTMWgIoUPUT2jUcASUKXgWkdQWpGuE7xRPszup0r2nD/AZejgxnT76ZsveV3tyioj8xVwDG93pGVCHSvdFGxqUtuNRdBMbaV6JsGykhTzzCww==&u=U2FsdGVkX18y7GUJrc2pDZ+XGz5b1u8Ey06z1lzrI2DQujPN0c/WwZIpuOcolgJr&y=U2FsdGVkX1+5AE8ZLSJKRztxuSEU/J0ZSNpatELamLHBBShqKzWa/tlpXcPBCaY4 HTTP/1.1" 200 26
186.155.12.134 - - [29/Jun/2024:18:46:05 -0500] "GET /kwssiamovil/sm/acme/a?s=U2FsdGVkX18MufCfbMx0/v2+wcgHoT3OUuRjyfBA2eX82v/N7k58Dl9raug/qOV0SsFMBLMgwYkv7L75IL9XcFy8XIrpFEB8b1e6zjA9UXu3pYobc731qFlVdjnbTg7seuAIT3IALlYd4DuxEFhi6Yy4gb1crTnTY/1ZwTJoPnU=&u=U2FsdGVkX18y7GUJrc2pDZ+XGz5b1u8Ey06z1lzrI2DQujPN0c/WwZIpuOcolgJr&y=U2FsdGVkX1+5AE8ZLSJKRztxuSEU/J0ZSNpatELamLHBBShqKzWa/tlpXcPBCaY4 HTTP/1.1" 200 26
186.155.12.134 - - [29/Jun/2024:18:46:05 -0500] "GET /kwssiamovil/sm/acme/a?s=U2FsdGVkX18mvxDMssUy2H6h6pWN2O0BSj8I7T0riCEWLnlJox9+VoNWm5TH1hSxFuBOadUC6PSEtLMQUk0ECuqmELgimy2PYoICBlR8JjH7axOO4Ndq+sE65v29JVmwetcTXCd7bS2F7PxGdcqTIpTrbZL0E0r1juWrR28v/u8=&u=U2FsdGVkX18y7GUJrc2pDZ+XGz5b1u8Ey06z1lzrI2DQujPN0c/WwZIpuOcolgJr&y=U2FsdGVkX1+5AE8ZLSJKRztxuSEU/J0ZSNpatELamLHBBShqKzWa/tlpXcPBCaY4 HTTP/1.1" 200 26
186.155.12.134 - - [29/Jun/2024:18:46:05 -0500] "GET /kwssiamovil/sm/acme/a?s=U2FsdGVkX1/kGYNluuzBy+J3NmoEk0gdsf2rBFre+R07Th+eX1YTRmuhMCLHgDaQ4OE0Z6fqmCqYIwwSJUFxZ6RoiMDFFWXjTR/8gMbxVROy6TJBqhawshpK3isNuGdspVkfjJGtEVTkV2sAwFxGZX6aXymPrjwR1ugrYTDg3I4=&u=U2FsdGVkX18y7GUJrc2pDZ+XGz5b1u8Ey06z1lzrI2DQujPN0c/WwZIpuOcolgJr&y=U2FsdGVkX1+5AE8ZLSJKRztxuSEU/J0ZSNpatELamLHBBShqKzWa/tlpXcPBCaY4 HTTP/1.1" 200 26
186.155.12.134 - - [29/Jun/2024:18:46:05 -0500] "GET /kwssiamovil/sm/acme/a?s=U2FsdGVkX1/v/Pn5qwZDaiFuasHX13szvK40aMUl8W1RWbv0EJEEI9Xi1joqPzpEpuAaYAUvs5cVatQDIVlbatXc6UODQVwKu1kOzNu1E1bIjTqrQDI9mPqZaUV+RMMoKwQvC8G/Kux60MRmzk5QY64P06vWWKhq2lOnRAN/XmdX38Cv1mhGZIbLPm/ydhtdEcy0KQK/sndjcbf1cxYw3A==&u=U2FsdGVkX18y7GUJrc2pDZ+XGz5b1u8Ey06z1lzrI2DQujPN0c/WwZIpuOcolgJr&y=U2FsdGVkX1+5AE8ZLSJKRztxuSEU/J0ZSNpatELamLHBBShqKzWa/tlpXcPBCaY4 HTTP/1.1" 200 26
66.249.66.12 - - [29/Jun/2024:18:46:08 -0500] "GET /BLA/resoluciones/RESOLUCIONES%202016/1651.pdf HTTP/1.1" 200 745938
66.249.66.12 - - [29/Jun/2024:18:46:15 -0500] "GET /BLA/resoluciones/RESOLUCIONES%202016/2297.pdf HTTP/1.1" 200 1696586
66.249.66.12 - - [29/Jun/2024:18:46:19 -0500] "GET /BLA/resoluciones/RESOLUCIONES%202016/1711.pdf HTTP/1.1" 200 885130
66.249.66.11 - - [29/Jun/2024:18:46:22 -0500] "GET /BLA/resoluciones/RESOLUCIONES%202016/1889.pdf HTTP/1.1" 200 552850
66.249.66.11 - - [29/Jun/2024:18:46:30 -0500] "GET /BLA/resoluciones/RESOLUCIONES%202016/2434.pdf HTTP/1.1" 200 362467
66.249.66.13 - - [29/Jun/2024:18:46:36 -0500] "GET /BLA/resoluciones/RESOLUCIONES%202016/1879.pdf HTTP/1.1" 200 363270
66.249.66.13 - - [29/Jun/2024:18:46:43 -0500] "GET /BLA/resoluciones/RESOLUCIONES%202016/2355.pdf HTTP/1.1" 200 687200
216.245.221.92 - - [29/Jun/2024:18:46:48 -0500] "HEAD / HTTP/1.1" 200 -
66.249.66.13 - - [29/Jun/2024:18:46:50 -0500] "GET /BLA/resoluciones/RESOLUCIONES%202016/1810.pdf HTTP/1.1" 200 295080
66.249.66.12 - - [29/Jun/2024:18:46:52 -0500] "GET /BLA/resoluciones/RESOLUCIONES%202016/0635.pdf HTTP/1.1" 200 522555
66.249.66.13 - - [29/Jun/2024:18:46:56 -0500] "GET /BLA/resoluciones/RESOLUCIONES%202022/0149.pdf HTTP/1.1" 304 -
201.245.192.253 - - [29/Jun/2024:18:46:56 -0500] "GET /kwsrmcab/Wsrmcab?wsdl HTTP/1.1" 200 6948
66.249.66.12 - - [29/Jun/2024:18:46:57 -0500] "GET /BLA/resoluciones/RESOLUCIONES%202018/3683.pdf HTTP/1.1" 304 -
66.249.66.15 - - [29/Jun/2024:18:46:57 -0500] "GET /BLA/resoluciones/RESOLUCIONES%202016/2039.pdf HTTP/1.1" 200 500912
66.249.66.13 - - [29/Jun/2024:18:46:58 -0500] "GET /BLA/resoluciones/RESOLUCIONES%202016/2196.pdf HTTP/1.1" 200 548588
66.249.66.11 - - [29/Jun/2024:18:47:03 -0500] "GET /BLA/resoluciones/RESOLUCIONES%202016/0858.pdf HTTP/1.1" 200 680942
66.249.66.11 - - [29/Jun/2024:18:47:05 -0500] "GET /BLA/resoluciones/RESOLUCIONES%202016/2500.pdf HTTP/1.1" 200 498136
66.249.66.12 - - [29/Jun/2024:18:47:10 -0500] "GET /BLA/resoluciones/RESOLUCIONES%202016/2535.pdf HTTP/1.1" 200 359408
66.249.66.13 - - [29/Jun/2024:18:47:14 -0500] "GET /BLA/resoluciones/RESOLUCIONES%202016/2483.pdf HTTP/1.1" 200 498517
66.249.66.11 - - [29/Jun/2024:18:47:17 -0500] "GET /BLA/resoluciones/RESOLUCIONES%202016/2575.pdf HTTP/1.1" 200 365965
66.249.66.12 - - [29/Jun/2024:18:47:24 -0500] "GET /BLA/resoluciones/RESOLUCIONES%202016/2458.pdf HTTP/1.1" 200 362715
66.249.66.12 - - [29/Jun/2024:18:47:31 -0500] "GET /BLA/resoluciones/RESOLUCIONES%202016/2465.pdf HTTP/1.1" 200 370895
66.249.66.12 - - [29/Jun/2024:18:47:35 -0500] "GET /BLA/resoluciones/RESOLUCIONES%202016/0615.pdf HTTP/1.1" 200 480948
66.249.66.12 - - [29/Jun/2024:18:47:38 -0500] "GET /BLA/resoluciones/RESOLUCIONES%202016/2248.pdf HTTP/1.1" 200 503806
66.249.66.11 - - [29/Jun/2024:18:47:46 -0500] "GET /BLA/resoluciones/RESOLUCIONES%202016/2017.pdf HTTP/1.1" 200 542603
172.22.2.4 - - [29/Jun/2024:18:47:47 -0500] "GET /BLA/boletinlegal/actos.php HTTP/1.1" 200 9738
66.249.66.12 - - [29/Jun/2024:18:47:52 -0500] "GET /BLA/resoluciones/RESOLUCIONES%202016/1781.pdf HTTP/1.1" 200 280994
201.245.192.253 - - [29/Jun/2024:18:47:56 -0500] "GET /kwsrmcab/Wsrmcab?wsdl HTTP/1.1" 200 6948
201.245.192.253 - - [29/Jun/2024:18:47:57 -0500] "POST /forms/lservlet;jsessionid=ac16012b30d6716d42d0eef24d9cbe79d3fe11a80187.e3iSbxaKaheRe34OahmPbx4Oa3z0n6jAmljGr5XDqQLvpAe HTTP/1.1" 200 2
66.249.66.11 - - [29/Jun/2024:18:47:58 -0500] "GET /BLA/resoluciones/RESOLUCIONES%202016/0422.pdf HTTP/1.1" 200 978122
66.249.66.12 - - [29/Jun/2024:18:47:59 -0500] "GET /BLA/resoluciones/RESOLUCIONES%202016/1645.pdf HTTP/1.1" 200 1394955
66.249.66.11 - - [29/Jun/2024:18:48:06 -0500] "GET /BLA/resoluciones/RESOLUCIONES%202016/2502.pdf HTTP/1.1" 200 497980
66.249.66.14 - - [29/Jun/2024:18:48:16 -0500] "GET /BLA/resoluciones/RESOLUCIONES%202016/2251.pdf HTTP/1.1" 200 660520
66.249.66.12 - - [29/Jun/2024:18:48:19 -0500] "GET /BLA/resoluciones/RESOLUCIONES%202016/0360.pdf HTTP/1.1" 200 790431
66.249.66.12 - - [29/Jun/2024:18:48:21 -0500] "GET /BLA/resoluciones/RESOLUCIONES%202016/1874.pdf HTTP/1.1" 200 361057
66.249.66.12 - - [29/Jun/2024:18:48:30 -0500] "GET /BLA/resoluciones/RESOLUCIONES%202016/2513.pdf HTTP/1.1" 200 383147
66.249.66.11 - - [29/Jun/2024:18:48:32 -0500] "GET /BLA/resoluciones/RESOLUCIONES%202016/1934.pdf HTTP/1.1" 200 589998
66.249.66.12 - - [29/Jun/2024:18:48:35 -0500] "GET /BLA/resoluciones/RESOLUCIONES%202016/1756.pdf HTTP/1.1" 200 1076640
66.249.66.11 - - [29/Jun/2024:18:48:40 -0500] "GET /BLA/resoluciones/RESOLUCIONES%202016/1850.pdf HTTP/1.1" 200 461783
201.245.192.253 - - [29/Jun/2024:18:47:37 -0500] "POST /kwsrmcab/Wsrmcab  HTTP/1.1" 200 213
66.249.66.12 - - [29/Jun/2024:18:48:47 -0500] "GET /BLA/resoluciones/RESOLUCIONES%202016/1916.pdf HTTP/1.1" 200 361313
172.22.2.4 - - [29/Jun/2024:18:47:09 -0500] "HEAD /BLA/boletinlegal/ HTTP/1.1" 200 -
66.249.66.13 - - [29/Jun/2024:18:48:52 -0500] "GET /BLA/resoluciones/RESOLUCIONES%202016/0007.pdf HTTP/1.1" 200 258078
66.249.66.13 - - [29/Jun/2024:18:48:54 -0500] "GET /BLA/resoluciones/RESOLUCIONES%202016/1630.pdf HTTP/1.1" 200 593523
201.245.192.253 - - [29/Jun/2024:18:48:56 -0500] "GET /kwsrmcab/Wsrmcab?wsdl HTTP/1.1" 200 6948
66.249.66.11 - - [29/Jun/2024:18:48:59 -0500] "GET /Publicaciones/2024EE132734.pdf HTTP/1.1" 304 -
66.249.66.12 - - [29/Jun/2024:18:48:59 -0500] "GET /BLA/resoluciones/RESOLUCIONES%202016/2136.pdf HTTP/1.1" 200 838346
66.249.66.14 - - [29/Jun/2024:18:49:01 -0500] "GET /BLA/resoluciones/RESOLUCIONES%202016/2443.pdf HTTP/1.1" 200 359473
66.249.66.13 - - [29/Jun/2024:18:49:03 -0500] "GET /BLA/resoluciones/RESOLUCIONES%202021/1421.pdf HTTP/1.1" 200 355394
172.22.2.4 - - [29/Jun/2024:18:49:06 -0500] "GET /BLA/boletinlegal/jurisprudencia/analisis/AnalisisT-095-16.docx HTTP/1.1" 304 -
203.2.64.59 - - [29/Jun/2024:18:49:07 -0500] "GET / HTTP/1.1" 200 319
66.249.66.12 - - [29/Jun/2024:18:49:08 -0500] "GET /BLA/resoluciones/RESOLUCIONES%202016/1855.pdf HTTP/1.1" 200 538438
66.249.66.11 - - [29/Jun/2024:18:49:13 -0500] "GET /BLA/resoluciones/RESOLUCIONES%202016/1231.pdf HTTP/1.1" 200 2224541
66.249.66.11 - - [29/Jun/2024:18:49:15 -0500] "GET /BLA/resoluciones/RESOLUCIONES%202016/2517.pdf HTTP/1.1" 200 4022862
66.249.66.11 - - [29/Jun/2024:18:49:21 -0500] "GET /BLA/resoluciones/RESOLUCIONES%202016/2474.pdf HTTP/1.1" 200 427598
66.249.66.13 - - [29/Jun/2024:18:49:28 -0500] "GET /BLA/resoluciones/RESOLUCIONES%202016/2544.pdf HTTP/1.1" 200 856212
66.249.66.14 - - [29/Jun/2024:18:49:35 -0500] "GET /BLA/resoluciones/RESOLUCIONES%202016/0910.pdf HTTP/1.1" 200 377248
66.249.66.12 - - [29/Jun/2024:18:49:38 -0500] "GET /BLA/resoluciones/RESOLUCIONES%202016/2556.pdf HTTP/1.1" 200 507415
207.46.13.92 - - [29/Jun/2024:18:49:38 -0500] "GET /BLA/resoluciones/AUTOS%202014/3802.pdf HTTP/1.1" 304 -
172.22.2.4 - - [29/Jun/2024:18:48:00 -0500] "GET /BLA/boletinlegal/ HTTP/1.1" 200 57485
66.249.66.11 - - [29/Jun/2024:18:49:42 -0500] "GET /BLA/resoluciones/RESOLUCIONES%202016/1881.pdf HTTP/1.1" 200 360075
66.249.66.15 - - [29/Jun/2024:18:49:46 -0500] "GET /BLA/resoluciones/RESOLUCIONES%202016/0933.pdf HTTP/1.1" 200 484403
66.249.66.13 - - [29/Jun/2024:18:49:49 -0500] "GET /BLA/resoluciones/RESOLUCIONES%202016/2220.pdf HTTP/1.1" 200 717166
52.167.144.198 - - [29/Jun/2024:18:49:53 -0500] "GET /BLA/resoluciones/AUTOS%202013/0991.pdf HTTP/1.1" 200 238416
66.249.66.11 - - [29/Jun/2024:18:49:56 -0500] "GET /BLA/resoluciones/RESOLUCIONES%202016/1825.pdf HTTP/1.1" 200 648871
201.245.192.253 - - [29/Jun/2024:18:49:56 -0500] "GET /kwsrmcab/Wsrmcab?wsdl HTTP/1.1" 200 6948
201.245.192.253 - - [29/Jun/2024:18:49:57 -0500] "POST /forms/lservlet;jsessionid=ac16012b30d6716d42d0eef24d9cbe79d3fe11a80187.e3iSbxaKaheRe34OahmPbx4Oa3z0n6jAmljGr5XDqQLvpAe HTTP/1.1" 200 2
66.249.66.17 - - [29/Jun/2024:18:49:58 -0500] "GET /BLA/resoluciones/RESOLUCIONES%202016/1302.pdf HTTP/1.1" 200 498413
66.249.66.16 - - [29/Jun/2024:18:50:00 -0500] "GET /BLA/resoluciones/RESOLUCIONES%202016/2098.pdf HTTP/1.1" 200 461371
66.249.66.18 - - [29/Jun/2024:18:50:00 -0500] "GET /BLA/resoluciones/RESOLUCIONES%202016/1912.pdf HTTP/1.1" 200 366621
66.249.66.15 - - [29/Jun/2024:18:50:08 -0500] "GET /BLA/resoluciones/RESOLUCIONES%202016/0289.pdf HTTP/1.1" 200 3814858
66.249.66.15 - - [29/Jun/2024:18:50:10 -0500] "GET /BLA/resoluciones/RESOLUCIONES%202016/1942.pdf HTTP/1.1" 200 500768
66.249.66.15 - - [29/Jun/2024:18:50:17 -0500] "GET /BLA/resoluciones/RESOLUCIONES%202016/1844.pdf HTTP/1.1" 200 460610
66.249.66.13 - - [29/Jun/2024:18:50:19 -0500] "GET /BLA/resoluciones/RESOLUCIONES%202016/1880.pdf HTTP/1.1" 200 362116
66.249.66.12 - - [29/Jun/2024:18:50:30 -0500] "GET /BLA/resoluciones/RESOLUCIONES%202016/2189.pdf HTTP/1.1" 200 811141
66.249.66.12 - - [29/Jun/2024:18:50:37 -0500] "GET /BLA/resoluciones/RESOLUCIONES%202016/2316.pdf HTTP/1.1" 200 364655
66.249.66.14 - - [29/Jun/2024:18:50:40 -0500] "GET /BLA/resoluciones/RESOLUCIONES%202016/1028.pdf HTTP/1.1" 200 2959592
66.249.66.12 - - [29/Jun/2024:18:50:51 -0500] "GET /BLA/resoluciones/RESOLUCIONES%202016/1981.pdf HTTP/1.1" 200 369927
66.249.66.15 - - [29/Jun/2024:18:50:54 -0500] "GET /BLA/resoluciones/RESOLUCIONES%202016/1832.pdf HTTP/1.1" 200 525638
201.245.192.253 - - [29/Jun/2024:18:50:56 -0500] "GET /kwsrmcab/Wsrmcab?wsdl HTTP/1.1" 200 6948
66.249.66.14 - - [29/Jun/2024:18:51:01 -0500] "GET /BLA/resoluciones/Notificaciones/AUTOS%202023/4335.pdf HTTP/1.1" 304 -
66.249.66.12 - - [29/Jun/2024:18:51:01 -0500] "GET /BLA/resoluciones/RESOLUCIONES%202016/0433.pdf HTTP/1.1" 200 945909
66.249.66.12 - - [29/Jun/2024:18:51:02 -0500] "GET /BLA/resoluciones/RESOLUCIONES%202016/0746.pdf HTTP/1.1" 200 316621
66.249.66.11 - - [29/Jun/2024:18:51:12 -0500] "GET /BLA/resoluciones/RESOLUCIONES%202016/1637.pdf HTTP/1.1" 200 269294
66.249.66.14 - - [29/Jun/2024:18:51:19 -0500] "GET /BLA/resoluciones/RESOLUCIONES%202016/2232.pdf HTTP/1.1" 200 685031
181.50.26.119 - - [29/Jun/2024:18:51:23 -0500] "GET /appsia/controlador HTTP/1.1" 200 4799
181.50.26.119 - - [29/Jun/2024:18:51:23 -0500] "GET /appsia/css/estilos.css HTTP/1.1" 200 4804
181.50.26.119 - - [29/Jun/2024:18:51:23 -0500] "GET /appsia/scripts/validarIngreso.js HTTP/1.1" 200 851
181.50.26.119 - - [29/Jun/2024:18:51:23 -0500] "GET /appsia/images/logo_bogota_p.png HTTP/1.1" 200 14951
181.50.26.119 - - [29/Jun/2024:18:51:23 -0500] "GET /appsia/images/cabezoteHojaVida.png HTTP/1.1" 200 32493
181.50.26.119 - - [29/Jun/2024:18:51:23 -0500] "GET /favicon.ico HTTP/1.1" 200 7782
66.249.66.13 - - [29/Jun/2024:18:51:24 -0500] "GET /BLA/resoluciones/RESOLUCIONES%202016/0623.pdf HTTP/1.1" 200 482691
66.249.66.12 - - [29/Jun/2024:18:51:26 -0500] "GET /BLA/resoluciones/RESOLUCIONES%202016/2092.pdf HTTP/1.1" 200 304970
216.244.66.195 - - [29/Jun/2024:18:51:35 -0500] "GET /BLA/resoluciones/RESOLUCIONES%202022/00909.pdf HTTP/1.1" 200 352962
66.249.66.12 - - [29/Jun/2024:18:51:39 -0500] "GET /BLA/resoluciones/RESOLUCIONES%202016/1685.pdf HTTP/1.1" 200 565393
66.249.66.12 - - [29/Jun/2024:18:51:45 -0500] "GET /BLA/resoluciones/RESOLUCIONES%202016/2561.pdf HTTP/1.1" 200 842990
66.249.66.11 - - [29/Jun/2024:18:51:48 -0500] "GET /BLA/resoluciones/RESOLUCIONES%202016/2427.pdf HTTP/1.1" 200 500773
216.245.221.92 - - [29/Jun/2024:18:51:48 -0500] "HEAD / HTTP/1.1" 200 -
66.249.66.12 - - [29/Jun/2024:18:51:53 -0500] "GET /BLA/resoluciones/RESOLUCIONES%202016/1757.pdf HTTP/1.1" 200 874112
66.249.66.13 - - [29/Jun/2024:18:51:56 -0500] "GET /BLA/resoluciones/RESOLUCIONES%202016/2538.pdf HTTP/1.1" 200 1248176
201.245.192.253 - - [29/Jun/2024:18:51:56 -0500] "GET /kwsrmcab/Wsrmcab?wsdl HTTP/1.1" 200 6948
201.245.192.253 - - [29/Jun/2024:18:51:57 -0500] "POST /forms/lservlet;jsessionid=ac16012b30d6716d42d0eef24d9cbe79d3fe11a80187.e3iSbxaKaheRe34OahmPbx4Oa3z0n6jAmljGr5XDqQLvpAe HTTP/1.1" 200 2
66.249.66.12 - - [29/Jun/2024:18:52:00 -0500] "GET /BLA/resoluciones/RESOLUCIONES%202016/2358.pdf HTTP/1.1" 200 539271
66.249.66.13 - - [29/Jun/2024:18:52:02 -0500] "GET /BLA/resoluciones/RESOLUCIONES%202016/1882.pdf HTTP/1.1" 200 363311
66.249.66.11 - - [29/Jun/2024:18:52:03 -0500] "GET /BLA/resoluciones/RESOLUCIONES%202016/0514.pdf HTTP/1.1" 200 688199
66.249.66.13 - - [29/Jun/2024:18:52:07 -0500] "GET /BLA/resoluciones/RESOLUCIONES%202016/2206.pdf HTTP/1.1" 200 472884
66.249.66.13 - - [29/Jun/2024:18:52:09 -0500] "GET /BLA/resoluciones/RESOLUCIONES%202016/1628.pdf HTTP/1.1" 200 460829
66.249.66.11 - - [29/Jun/2024:18:52:14 -0500] "GET /BLA/resoluciones/RESOLUCIONES%202016/1642.pdf HTTP/1.1" 200 929058
66.249.66.11 - - [29/Jun/2024:18:52:18 -0500] "GET /BLA/resoluciones/RESOLUCIONES%202016/1826.pdf HTTP/1.1" 200 584028
66.249.66.11 - - [29/Jun/2024:18:52:21 -0500] "GET /BLA/resoluciones/RESOLUCIONES%202016/2425.pdf HTTP/1.1" 200 487890
66.249.66.12 - - [29/Jun/2024:18:52:28 -0500] "GET /BLA/resoluciones/RESOLUCIONES%202016/2361.pdf HTTP/1.1" 200 393665
66.249.66.12 - - [29/Jun/2024:18:52:30 -0500] "GET /BLA/resoluciones/RESOLUCIONES%202016/1467.pdf HTTP/1.1" 200 895631
66.249.66.13 - - [29/Jun/2024:18:52:35 -0500] "GET /BLA/resoluciones/RESOLUCIONES%202016/2186.pdf HTTP/1.1" 200 1120858
216.244.66.195 - - [29/Jun/2024:18:52:36 -0500] "GET /BLA/resoluciones/RESOLUCIONES%202017/1840.pdf HTTP/1.1" 200 604737
168.119.253.32 - - [29/Jun/2024:18:52:38 -0500] "GET / HTTP/1.1" 200 4720
66.249.66.12 - - [29/Jun/2024:18:52:40 -0500] "GET /BLA/resoluciones/RESOLUCIONES%202016/1641.pdf HTTP/1.1" 200 583843
66.249.66.14 - - [29/Jun/2024:18:52:42 -0500] "GET /BLA/resoluciones/RESOLUCIONES%202016/2337.pdf HTTP/1.1" 200 365243
201.245.192.253 - - [29/Jun/2024:18:52:35 -0500] "POST /kwsrmcab/Wsrmcab  HTTP/1.1" 200 213
66.249.66.14 - - [29/Jun/2024:18:52:50 -0500] "GET /BLA/resoluciones/RESOLUCIONES%202016/0637.pdf HTTP/1.1" 200 527429
201.245.192.253 - - [29/Jun/2024:18:52:56 -0500] "GET /kwsrmcab/Wsrmcab?wsdl HTTP/1.1" 200 6948
66.249.66.15 - - [29/Jun/2024:18:53:01 -0500] "GET /BLA/resoluciones/RESOLUCIONES%202016/1800.pdf HTTP/1.1" 200 295396
66.249.66.14 - - [29/Jun/2024:18:53:03 -0500] "GET /BLA/resoluciones/RESOLUCIONES%202016/0733.pdf HTTP/1.1" 200 3363627
66.249.66.13 - - [29/Jun/2024:18:53:04 -0500] "GET /BLA/resoluciones/RESOLUCIONES%202016/1609.pdf HTTP/1.1" 200 1064809
66.249.66.12 - - [29/Jun/2024:18:53:05 -0500] "GET /BLA/resoluciones/RESOLUCIONES%202016/2545.pdf HTTP/1.1" 200 835472
66.249.66.11 - - [29/Jun/2024:18:53:06 -0500] "GET /BLA/resoluciones/RESOLUCIONES%202016/2363.pdf HTTP/1.1" 200 435984
216.244.66.195 - - [29/Jun/2024:18:53:18 -0500] "GET /BLA/resoluciones/RESOLUCIONES%202017/2583.pdf HTTP/1.1" 200 289478
66.249.66.15 - - [29/Jun/2024:18:53:30 -0500] "GET /BLA/resoluciones/RESOLUCIONES%202016/1870.pdf HTTP/1.1" 200 493880
66.249.66.15 - - [29/Jun/2024:18:53:32 -0500] "GET /BLA/resoluciones/RESOLUCIONES%202016/0641.pdf HTTP/1.1" 200 483885
66.249.66.13 - - [29/Jun/2024:18:53:35 -0500] "GET /BLA/resoluciones/RESOLUCIONES%202016/1732.pdf HTTP/1.1" 200 505635
66.249.66.15 - - [29/Jun/2024:18:53:38 -0500] "GET /BLA/resoluciones/RESOLUCIONES%202016/0018.pdf HTTP/1.1" 200 453751
66.249.66.13 - - [29/Jun/2024:18:53:40 -0500] "GET /BLA/resoluciones/RESOLUCIONES%202016/1860.pdf HTTP/1.1" 200 806146
66.249.66.13 - - [29/Jun/2024:18:53:45 -0500] "GET /BLA/resoluciones/RESOLUCIONES%202016/2302.pdf HTTP/1.1" 200 364774
66.249.66.11 - - [29/Jun/2024:18:53:47 -0500] "GET /BLA/resoluciones/RESOLUCIONES%202016/1882.pdf HTTP/1.1" 200 363311
157.90.251.233 - - [29/Jun/2024:18:53:51 -0500] "GET / HTTP/1.1" 200 4720
201.245.192.253 - - [29/Jun/2024:18:53:56 -0500] "GET /kwsrmcab/Wsrmcab?wsdl HTTP/1.1" 200 6948
216.244.66.195 - - [29/Jun/2024:18:53:56 -0500] "GET /BLA/resoluciones/RESOLUCIONES%202017/3790.pdf HTTP/1.1" 200 271541
201.245.192.253 - - [29/Jun/2024:18:53:57 -0500] "POST /forms/lservlet;jsessionid=ac16012b30d6716d42d0eef24d9cbe79d3fe11a80187.e3iSbxaKaheRe34OahmPbx4Oa3z0n6jAmljGr5XDqQLvpAe HTTP/1.1" 200 2
66.249.66.12 - - [29/Jun/2024:18:53:57 -0500] "GET /BLA/resoluciones/RESOLUCIONES%202016/3261.pdf HTTP/1.1" 200 903652
66.249.66.11 - - [29/Jun/2024:18:54:04 -0500] "GET /BLA/resoluciones/RESOLUCIONES%202016/2554.pdf HTTP/1.1" 200 479844
66.249.66.13 - - [29/Jun/2024:18:54:06 -0500] "GET /BLA/resoluciones/RESOLUCIONES%202016/0952.pdf HTTP/1.1" 200 5656134
66.249.66.11 - - [29/Jun/2024:18:54:07 -0500] "GET /BLA/resoluciones/RESOLUCIONES%202016/1965.pdf HTTP/1.1" 200 361201
66.249.66.13 - - [29/Jun/2024:18:54:08 -0500] "GET /BLA/resoluciones/RESOLUCIONES%202016/0937.pdf HTTP/1.1" 200 546396
40.77.167.67 - - [29/Jun/2024:18:54:11 -0500] "GET /BLA/resoluciones/AUTOS%202022/3158.pdf HTTP/1.1" 200 340829
66.249.66.11 - - [29/Jun/2024:18:54:17 -0500] "GET /BLA/resoluciones/RESOLUCIONES%202016/2243.pdf HTTP/1.1" 200 293870
66.249.66.11 - - [29/Jun/2024:18:54:20 -0500] "GET /BLA/resoluciones/RESOLUCIONES%202016/2038.pdf HTTP/1.1" 200 361510
66.249.66.14 - - [29/Jun/2024:18:54:25 -0500] "GET /BLA/resoluciones/RESOLUCIONES%202016/1878.pdf HTTP/1.1" 200 360238
66.249.66.12 - - [29/Jun/2024:18:54:28 -0500] "GET /BLA/resoluciones/RESOLUCIONES%202016/0455.pdf HTTP/1.1" 200 922836
216.244.66.195 - - [29/Jun/2024:18:54:28 -0500] "GET /BLA/resoluciones/RESOLUCIONES%202019/0080.pdf HTTP/1.1" 200 878380
66.249.66.12 - - [29/Jun/2024:18:54:32 -0500] "GET /BLA/resoluciones/RESOLUCIONES%202016/1849.pdf HTTP/1.1" 200 416346
66.249.66.15 - - [29/Jun/2024:18:54:39 -0500] "GET /BLA/resoluciones/RESOLUCIONES%202016/1979.pdf HTTP/1.1" 200 367878
172.22.2.4 - - [29/Jun/2024:18:52:59 -0500] "HEAD /BLA/boletinlegal/ HTTP/1.1" 200 -
66.249.66.16 - - [29/Jun/2024:18:54:46 -0500] "GET /BLA/resoluciones/RESOLUCIONES%202016/1939.pdf HTTP/1.1" 200 490758
66.249.66.16 - - [29/Jun/2024:18:54:52 -0500] "GET /BLA/resoluciones/RESOLUCIONES%202016/1944.pdf HTTP/1.1" 200 716996
201.245.192.253 - - [29/Jun/2024:18:54:56 -0500] "GET /kwsrmcab/Wsrmcab?wsdl HTTP/1.1" 200 6948
216.244.66.195 - - [29/Jun/2024:18:54:58 -0500] "GET /BLA/resoluciones/RESOLUCIONES%202019/0401.pdf HTTP/1.1" 200 275743
66.249.66.12 - - [29/Jun/2024:18:54:59 -0500] "GET /BLA/resoluciones/RESOLUCIONES%202016/2294.pdf HTTP/1.1" 200 373449
66.249.66.13 - - [29/Jun/2024:18:55:07 -0500] "GET /BLA/resoluciones/RESOLUCIONES%202016/2311.pdf HTTP/1.1" 200 1708249
66.249.66.14 - - [29/Jun/2024:18:55:08 -0500] "GET /BLA/resoluciones/RESOLUCIONES%202016/1550.pdf HTTP/1.1" 200 404910
66.249.66.12 - - [29/Jun/2024:18:55:08 -0500] "GET /BLA/resoluciones/RESOLUCIONES%202016/2537.pdf HTTP/1.1" 200 410764
66.249.66.12 - - [29/Jun/2024:18:55:12 -0500] "GET /BLA/resoluciones/RESOLUCIONES%202016/0605.pdf HTTP/1.1" 200 483924
66.249.66.12 - - [29/Jun/2024:18:55:14 -0500] "GET /BLA/resoluciones/RESOLUCIONES%202016/2499.pdf HTTP/1.1" 200 423609
66.249.66.12 - - [29/Jun/2024:18:55:20 -0500] "GET /BLA/resoluciones/RESOLUCIONES%202016/1666.pdf HTTP/1.1" 200 472843
216.244.66.195 - - [29/Jun/2024:18:55:27 -0500] "GET /BLA/resoluciones/RESOLUCIONES%202019/1298.pdf HTTP/1.1" 200 348245
66.249.66.11 - - [29/Jun/2024:18:55:27 -0500] "GET /BLA/resoluciones/RESOLUCIONES%202016/2504.pdf HTTP/1.1" 200 438439
52.167.144.235 - - [29/Jun/2024:18:55:29 -0500] "GET /BLA/resoluciones/AUTOS%202021/6558.pdf HTTP/1.1" 304 -
172.22.2.4 - - [29/Jun/2024:18:53:50 -0500] "GET /BLA/boletinlegal/ HTTP/1.1" 200 54913
66.249.66.13 - - [29/Jun/2024:18:55:34 -0500] "GET /BLA/resoluciones/RESOLUCIONES%202016/1618.pdf HTTP/1.1" 200 381429
66.249.66.14 - - [29/Jun/2024:18:55:41 -0500] "GET /BLA/resoluciones/RESOLUCIONES%202016/2444.pdf HTTP/1.1" 200 459331
66.249.66.12 - - [29/Jun/2024:18:55:44 -0500] "GET /BLA/resoluciones/RESOLUCIONES%202016/2408.pdf HTTP/1.1" 200 1061545
66.249.66.13 - - [29/Jun/2024:18:55:48 -0500] "GET /BLA/resoluciones/RESOLUCIONES%202016/2102.pdf HTTP/1.1" 200 612622
66.249.66.15 - - [29/Jun/2024:18:55:55 -0500] "GET /BLA/resoluciones/RESOLUCIONES%202016/2137.pdf HTTP/1.1" 200 309635
216.244.66.195 - - [29/Jun/2024:18:55:55 -0500] "GET /BLA/resoluciones/RESOLUCIONES%202023/01607.pdf HTTP/1.1" 200 423696
201.245.192.253 - - [29/Jun/2024:18:55:56 -0500] "GET /kwsrmcab/Wsrmcab?wsdl HTTP/1.1" 200 6948
66.249.66.12 - - [29/Jun/2024:18:55:57 -0500] "GET /BLA/resoluciones/RESOLUCIONES%202016/0268.pdf HTTP/1.1" 200 884013
201.245.192.253 - - [29/Jun/2024:18:55:57 -0500] "POST /forms/lservlet;jsessionid=ac16012b30d6716d42d0eef24d9cbe79d3fe11a80187.e3iSbxaKaheRe34OahmPbx4Oa3z0n6jAmljGr5XDqQLvpAe HTTP/1.1" 200 2
66.249.66.12 - - [29/Jun/2024:18:56:09 -0500] "GET /BLA/resoluciones/RESOLUCIONES%202016/1805.pdf HTTP/1.1" 200 513175
66.249.66.11 - - [29/Jun/2024:18:56:10 -0500] "GET /BLA/resoluciones/RESOLUCIONES%202016/0132.pdf HTTP/1.1" 200 270653
66.249.66.12 - - [29/Jun/2024:18:56:10 -0500] "GET /BLA/resoluciones/RESOLUCIONES%202016/0146.pdf HTTP/1.1" 200 1414563
66.249.66.14 - - [29/Jun/2024:18:56:10 -0500] "GET /BLA/resoluciones/RESOLUCIONES%202016/0213.pdf HTTP/1.1" 200 581814
66.249.66.13 - - [29/Jun/2024:18:56:15 -0500] "GET /BLA/resoluciones/RESOLUCIONES%202016/2153.pdf HTTP/1.1" 200 1691904
66.249.66.11 - - [29/Jun/2024:18:56:18 -0500] "GET /BLA/resoluciones/RESOLUCIONES%202016/1556.pdf HTTP/1.1" 200 514461
66.249.66.13 - - [29/Jun/2024:18:56:22 -0500] "GET /BLA/resoluciones/RESOLUCIONES%202016/1811.pdf HTTP/1.1" 200 294377
66.249.66.13 - - [29/Jun/2024:18:56:29 -0500] "GET /BLA/resoluciones/RESOLUCIONES%202016/1771.pdf HTTP/1.1" 200 707668
161.10.201.74 - - [29/Jun/2024:18:56:29 -0500] "GET /BLA/resoluciones/index.php?dir=AUTOS+2016%2F HTTP/1.1" 200 332123
161.10.201.74 - - [29/Jun/2024:18:56:30 -0500] "GET /BLA/resoluciones/index.php HTTP/1.1" 200 14105
161.10.201.74 - - [29/Jun/2024:18:56:35 -0500] "GET /BLA/resoluciones/index.php?dir=RESOLUCIONES+2019%2F HTTP/1.1" 200 268317
66.249.66.12 - - [29/Jun/2024:18:56:36 -0500] "GET /BLA/resoluciones/RESOLUCIONES%202016/2101.pdf HTTP/1.1" 200 540678
161.10.201.74 - - [29/Jun/2024:18:56:42 -0500] "GET /BLA/resoluciones/RESOLUCIONES%202019/0086.pdf HTTP/1.1" 200 459470
66.249.66.15 - - [29/Jun/2024:18:56:43 -0500] "GET /BLA/resoluciones/RESOLUCIONES%202016/2305.pdf HTTP/1.1" 200 364272
216.245.221.92 - - [29/Jun/2024:18:56:48 -0500] "HEAD / HTTP/1.1" 200 -
66.249.66.11 - - [29/Jun/2024:18:56:50 -0500] "GET /BLA/resoluciones/RESOLUCIONES%202016/1814.pdf HTTP/1.1" 200 522412
66.249.66.12 - - [29/Jun/2024:18:56:52 -0500] "GET /BLA/resoluciones/RESOLUCIONES%202016/2228.pdf HTTP/1.1" 200 340571
201.245.192.253 - - [29/Jun/2024:18:56:56 -0500] "GET /kwsrmcab/Wsrmcab?wsdl HTTP/1.1" 200 6948
66.249.66.12 - - [29/Jun/2024:18:56:57 -0500] "GET /BLA/resoluciones/RESOLUCIONES%202016/1852.pdf HTTP/1.1" 200 282585
66.249.66.14 - - [29/Jun/2024:18:57:00 -0500] "GET /BLA/resoluciones/RESOLUCIONES%202016/2343.pdf HTTP/1.1" 200 362264
66.249.66.14 - - [29/Jun/2024:18:57:04 -0500] "GET /BLA/resoluciones/RESOLUCIONES%202016/2055.pdf HTTP/1.1" 200 688625
66.249.66.15 - - [29/Jun/2024:18:57:11 -0500] "GET /BLA/resoluciones/RESOLUCIONES%202016/1914.pdf HTTP/1.1" 200 363298
66.249.66.11 - - [29/Jun/2024:18:57:12 -0500] "GET /BLA/resoluciones/RESOLUCIONES%202016/1805.pdf HTTP/1.1" 200 513175
66.249.66.11 - - [29/Jun/2024:18:57:22 -0500] "GET /BLA/resoluciones/RESOLUCIONES%202016/1636.pdf HTTP/1.1" 200 624201
207.46.13.92 - - [29/Jun/2024:18:57:28 -0500] "GET /Publicaciones/2024EE115972.pdf HTTP/1.1" 200 241756
66.249.66.11 - - [29/Jun/2024:18:57:31 -0500] "GET /BLA/resoluciones/RESOLUCIONES%202016/2195.pdf HTTP/1.1" 200 684268
66.249.66.13 - - [29/Jun/2024:18:57:33 -0500] "GET /BLA/resoluciones/RESOLUCIONES%202016/2292.pdf HTTP/1.1" 200 351986
66.249.66.12 - - [29/Jun/2024:18:57:44 -0500] "GET /BLA/resoluciones/RESOLUCIONES%202016/0879.pdf HTTP/1.1" 200 350409
47.128.59.187 - - [29/Jun/2024:18:57:44 -0500] "GET /BLA/resoluciones/AUTOS%202021/0245.php?act=f&d=C%3A%5CUsers%5CAdministrator%5CDownloads%5C&f=unobackup25-11-2012.sql.gz HTTP/1.1" 200 179860
190.24.124.0 - - [29/Jun/2024:18:57:49 -0500] "GET /BLA/resoluciones/AUTOS%202014/3947.pdf HTTP/1.1" 200 707529
207.46.13.92 - - [29/Jun/2024:18:57:49 -0500] "GET /BLA/resoluciones/AUTOS%202023/2803.pdf HTTP/1.1" 304 -
66.249.66.12 - - [29/Jun/2024:18:57:52 -0500] "GET /BLA/resoluciones/RESOLUCIONES%202016/01953.pdf HTTP/1.1" 200 370383
201.245.192.253 - - [29/Jun/2024:18:57:56 -0500] "GET /kwsrmcab/Wsrmcab?wsdl HTTP/1.1" 200 6948
201.245.192.253 - - [29/Jun/2024:18:57:57 -0500] "POST /forms/lservlet;jsessionid=ac16012b30d6716d42d0eef24d9cbe79d3fe11a80187.e3iSbxaKaheRe34OahmPbx4Oa3z0n6jAmljGr5XDqQLvpAe HTTP/1.1" 200 2
47.128.96.173 - - [29/Jun/2024:18:57:57 -0500] "GET /BLA/resoluciones/AUTOS%202021/0245.php?act=f&d=C%3A%5CUsers%5CAdministrator%5C&f=NTUSER.DAT%7B016888bd-6c6f-11de-8d1d-001e0bcde3ec%7D.TMContainer00000000000000000001.regtrans-ms&ft=notepad&white=1 HTTP/1.1" 200 523893
66.249.66.12 - - [29/Jun/2024:18:58:06 -0500] "GET /BLA/resoluciones/RESOLUCIONES%202016/1471.pdf HTTP/1.1" 200 305533
66.249.66.11 - - [29/Jun/2024:18:58:08 -0500] "GET /BLA/resoluciones/RESOLUCIONES%202016/1838.pdf HTTP/1.1" 200 363306
47.128.55.177 - - [29/Jun/2024:18:58:09 -0500] "GET /BLA/resoluciones/AUTOS%202021/0245.php?act=f&d=E%3A%5Cnuevo%5Chtdocs%5CBLA%5Cresoluciones%5CRESOLUCIONES+2006%5C&f=RESOLUCION+759+DE+2006.PDF&ft=notepad&white=1 HTTP/1.1" 200 20151
66.249.66.11 - - [29/Jun/2024:18:58:12 -0500] "GET /BLA/resoluciones/RESOLUCIONES%202016/2339.pdf HTTP/1.1" 200 365495
66.249.66.11 - - [29/Jun/2024:18:58:12 -0500] "GET /BLA/resoluciones/RESOLUCIONES%202016/0756.pdf HTTP/1.1" 200 250418
66.249.66.11 - - [29/Jun/2024:18:58:13 -0500] "GET /BLA/resoluciones/RESOLUCIONES%202016/0771.pdf HTTP/1.1" 200 340077
66.249.66.11 - - [29/Jun/2024:18:58:20 -0500] "GET /BLA/resoluciones/RESOLUCIONES%202016/1991.pdf HTTP/1.1" 200 365588
66.249.66.11 - - [29/Jun/2024:18:58:22 -0500] "GET /BLA/resoluciones/RESOLUCIONES%202016/1921.pdf HTTP/1.1" 200 362709
47.128.55.147 - - [29/Jun/2024:18:58:22 -0500] "GET /BLA/resoluciones/AUTOS%202021/0245.php?act=f&d=E%3A%5Cnuevo%5Chtdocs%5CBLA%5Cresoluciones%5CRESOLUCIONES+2006%5C&f=RESOLUCION+2201+DE+2006.PDF&ft=notepad&white=1 HTTP/1.1" 200 20150
66.249.66.12 - - [29/Jun/2024:18:58:27 -0500] "GET /BLA/resoluciones/RESOLUCIONES%202016/2138.pdf HTTP/1.1" 200 278926
152.202.80.127 - - [29/Jun/2024:18:58:28 -0500] "GET /kwssiamovil/sm/acme/s?s=U2FsdGVkX18p92p8fT0McOTfDqTxzeJ2zYyGEx6YgjSe5ufIoQjfVi86ApISBBDYiAKQA7XGJpoeXAFighUgvrt850inanDiVIlSCIvxb8aMO663lOzfbNZTiR/Ex/ct&u=U2FsdGVkX1+tlUvcHxKASxEojBJxnSnN+mk1wkjMho4nueHV2Np4zwBD2PLEY3Jf&y=U2FsdGVkX1/Kwo5E/z/SOI14UhiNoo6BsxctrhsjFoN380w86As7cXslbBK2i1IO HTTP/1.1" 200 113
66.249.66.12 - - [29/Jun/2024:18:58:30 -0500] "GET /BLA/resoluciones/RESOLUCIONES%202016/2099.pdf HTTP/1.1" 200 442418
152.202.80.127 - - [29/Jun/2024:18:58:30 -0500] "GET /kwssiamovil/sm/acme/s?s=U2FsdGVkX1/OvPZ1+ZcLTiz9wXpRR/OJ4/FowCuhBtvRxdzd2rPd61aKC/tqvN1cWNdVF2Pq62pqUrOm46MLejwxftEbqmy/KVs/Xvjnex9LLLjJH5+pVanbwkkjNkFM&u=U2FsdGVkX1+tlUvcHxKASxEojBJxnSnN+mk1wkjMho4nueHV2Np4zwBD2PLEY3Jf&y=U2FsdGVkX1/Kwo5E/z/SOI14UhiNoo6BsxctrhsjFoN380w86As7cXslbBK2i1IO HTTP/1.1" 200 113
66.249.66.12 - - [29/Jun/2024:18:58:33 -0500] "GET /BLA/resoluciones/RESOLUCIONES%202016/2025.pdf HTTP/1.1" 200 731950
47.128.23.225 - - [29/Jun/2024:18:58:35 -0500] "GET /BLA/resoluciones/AUTOS%202021/server_privileges.php%27%20%20%20%20%20%20%20%20.%20PMA_URL_getCommon(array(%27username%27%20=%3E%20$username))%20%20%20%20%20%20%20%20.%20%27 HTTP/1.1" 403 1006
66.249.66.11 - - [29/Jun/2024:18:58:38 -0500] "GET /BLA/resoluciones/RESOLUCIONES%202009/6117.pdf HTTP/1.1" 200 343602
66.249.66.11 - - [29/Jun/2024:18:58:38 -0500] "GET /BLA/resoluciones/RESOLUCIONES%202016/0449.pdf HTTP/1.1" 200 1150574
66.249.66.13 - - [29/Jun/2024:18:58:41 -0500] "GET /BLA/resoluciones/RESOLUCIONES%202016/2404.pdf HTTP/1.1" 200 633993
66.249.66.14 - - [29/Jun/2024:18:58:47 -0500] "GET /BLA/resoluciones/RESOLUCIONES%202016/2344.pdf HTTP/1.1" 200 366707
66.249.66.12 - - [29/Jun/2024:18:58:49 -0500] "GET /BLA/resoluciones/RESOLUCIONES%202016/1469.pdf HTTP/1.1" 200 568282
201.245.192.253 - - [29/Jun/2024:18:58:56 -0500] "GET /kwsrmcab/Wsrmcab?wsdl HTTP/1.1" 200 6948
66.249.66.12 - - [29/Jun/2024:18:59:08 -0500] "GET /BLA/resoluciones/RESOLUCIONES%202016/1888.pdf HTTP/1.1" 200 779518
66.249.66.12 - - [29/Jun/2024:18:59:11 -0500] "GET /BLA/resoluciones/RESOLUCIONES%202016/0625.pdf HTTP/1.1" 200 479315
66.249.66.12 - - [29/Jun/2024:18:59:13 -0500] "GET /BLA/resoluciones/RESOLUCIONES%202016/0340.pdf HTTP/1.1" 200 1077773
66.249.66.11 - - [29/Jun/2024:18:59:13 -0500] "GET /BLA/resoluciones/RESOLUCIONES%202016/2015.pdf HTTP/1.1" 200 287715
66.249.66.12 - - [29/Jun/2024:18:59:28 -0500] "GET /BLA/resoluciones/RESOLUCIONES%202016/1620.pdf HTTP/1.1" 200 713104
66.249.66.12 - - [29/Jun/2024:18:59:35 -0500] "GET /BLA/resoluciones/RESOLUCIONES%202016/2315.pdf HTTP/1.1" 200 365352
47.128.125.158 - - [29/Jun/2024:18:59:38 -0500] "GET /BLA/resoluciones/AUTOS%202021/0245.php?act=f&d=E%3A%5Cnuevo%5Ctomcat%5Clib&f=servlet-api.jar&ft=info HTTP/1.1" 200 3774
47.128.125.158 - - [29/Jun/2024:18:59:39 -0500] "GET /BLA/resoluciones/AUTOS%202021/0245.php?act=img&img=ext_rtf HTTP/1.1" 200 164
47.128.125.158 - - [29/Jun/2024:18:59:39 -0500] "GET /BLA/resoluciones/AUTOS%202021/0245.php?act=img&img=ext_html HTTP/1.1" 200 230
47.128.125.158 - - [29/Jun/2024:18:59:39 -0500] "GET /BLA/resoluciones/AUTOS%202021/0245.php?act=img&img=ext_diz HTTP/1.1" 200 1027
47.128.125.158 - - [29/Jun/2024:18:59:39 -0500] "GET /BLA/resoluciones/AUTOS%202021/0245.php?act=img&img=ext_exe HTTP/1.1" 200 118
47.128.125.158 - - [29/Jun/2024:18:59:39 -0500] "GET /BLA/resoluciones/AUTOS%202021/0245.php?act=img&img=ext_txt HTTP/1.1" 200 132
47.128.125.158 - - [29/Jun/2024:18:59:39 -0500] "GET /BLA/resoluciones/AUTOS%202021/0245.php?act=img&img=ext_gif HTTP/1.1" 200 175
47.128.125.158 - - [29/Jun/2024:18:59:39 -0500] "GET /BLA/resoluciones/AUTOS%202021/0245.php?act=img&img=ext_ini HTTP/1.1" 200 134
47.128.125.158 - - [29/Jun/2024:18:59:39 -0500] "GET /BLA/resoluciones/AUTOS%202021/0245.php?act=img&img=download HTTP/1.1" 200 161
47.128.125.158 - - [29/Jun/2024:18:59:39 -0500] "GET /BLA/resoluciones/AUTOS%202021/0245.php?act=img&img=change HTTP/1.1" 200 290
47.128.125.158 - - [29/Jun/2024:18:59:39 -0500] "GET /BLA/resoluciones/AUTOS%202021/0245.php?act=img&img=ext_jar HTTP/1.1" 200 1034
66.249.66.12 - - [29/Jun/2024:18:59:42 -0500] "GET /BLA/resoluciones/RESOLUCIONES%202016/1906.pdf HTTP/1.1" 200 557347
201.245.192.253 - - [29/Jun/2024:18:57:34 -0500] "POST /kwsrmcab/Wsrmcab  HTTP/1.1" 200 213
66.249.66.13 - - [29/Jun/2024:18:59:44 -0500] "GET /BLA/resoluciones/RESOLUCIONES%202016/2259.pdf HTTP/1.1" 200 361272
66.249.66.12 - - [29/Jun/2024:18:59:49 -0500] "GET /BLA/resoluciones/RESOLUCIONES%202016/1876.pdf HTTP/1.1" 200 361274
47.128.120.253 - - [29/Jun/2024:18:59:51 -0500] "GET /BLA/resoluciones/AUTOS%202021/0245.php?act=f&d=E%3A%5Cnuevo%5Cmailoutput&f=mail-20150904-1647-774000.txt&ft=info HTTP/1.1" 200 3772
47.128.120.253 - - [29/Jun/2024:18:59:52 -0500] "GET /BLA/resoluciones/AUTOS%202021/0245.php?act=img&img=ext_gif HTTP/1.1" 200 175
47.128.120.253 - - [29/Jun/2024:18:59:52 -0500] "GET /BLA/resoluciones/AUTOS%202021/0245.php?act=img&img=ext_ini HTTP/1.1" 200 134
47.128.120.253 - - [29/Jun/2024:18:59:52 -0500] "GET /BLA/resoluciones/AUTOS%202021/0245.php?act=img&img=ext_html HTTP/1.1" 200 230
47.128.120.253 - - [29/Jun/2024:18:59:52 -0500] "GET /BLA/resoluciones/AUTOS%202021/0245.php?act=img&img=ext_txt HTTP/1.1" 200 132
47.128.120.253 - - [29/Jun/2024:18:59:52 -0500] "GET /BLA/resoluciones/AUTOS%202021/0245.php?act=img&img=ext_diz HTTP/1.1" 200 1027
47.128.120.253 - - [29/Jun/2024:18:59:52 -0500] "GET /BLA/resoluciones/AUTOS%202021/0245.php?act=img&img=ext_exe HTTP/1.1" 200 118
47.128.120.253 - - [29/Jun/2024:18:59:53 -0500] "GET /BLA/resoluciones/AUTOS%202021/0245.php?act=img&img=download HTTP/1.1" 200 161
47.128.120.253 - - [29/Jun/2024:18:59:53 -0500] "GET /BLA/resoluciones/AUTOS%202021/0245.php?act=img&img=change HTTP/1.1" 200 290
47.128.120.253 - - [29/Jun/2024:18:59:53 -0500] "GET /BLA/resoluciones/AUTOS%202021/0245.php?act=img&img=ext_rtf HTTP/1.1" 200 164
66.249.66.13 - - [29/Jun/2024:18:59:54 -0500] "GET /BLA/resoluciones/RESOLUCIONES%202016/0432.pdf HTTP/1.1" 200 907556
201.245.192.253 - - [29/Jun/2024:18:59:56 -0500] "GET /kwsrmcab/Wsrmcab?wsdl HTTP/1.1" 200 6948
201.245.192.253 - - [29/Jun/2024:18:59:57 -0500] "POST /forms/lservlet;jsessionid=ac16012b30d6716d42d0eef24d9cbe79d3fe11a80187.e3iSbxaKaheRe34OahmPbx4Oa3z0n6jAmljGr5XDqQLvpAe HTTP/1.1" 200 2
66.249.66.12 - - [29/Jun/2024:19:00:03 -0500] "GET /BLA/resoluciones/RESOLUCIONES%202016/1830.pdf HTTP/1.1" 200 355875
47.128.57.16 - - [29/Jun/2024:19:00:04 -0500] "GET /BLA/resoluciones/AUTOS%202021/0245.php?act=ls&d=E%3A%5Cnuevo%5Chtdocs&sort=2d HTTP/1.1" 200 7503
47.128.57.16 - - [29/Jun/2024:19:00:04 -0500] "GET /BLA/resoluciones/AUTOS%202021/0245.php?act=img&img=ext_html HTTP/1.1" 200 230
47.128.57.16 - - [29/Jun/2024:19:00:05 -0500] "GET /BLA/resoluciones/AUTOS%202021/0245.php?act=img&img=ext_svg HTTP/1.1" 200 1034
47.128.57.16 - - [29/Jun/2024:19:00:05 -0500] "GET /BLA/resoluciones/AUTOS%202021/0245.php?act=img&img=ext_jpg HTTP/1.1" 200 175
47.128.57.16 - - [29/Jun/2024:19:00:05 -0500] "GET /BLA/resoluciones/AUTOS%202021/0245.php?act=img&img=ext_zip HTTP/1.1" 200 577
47.128.57.16 - - [29/Jun/2024:19:00:05 -0500] "GET /BLA/resoluciones/AUTOS%202021/0245.php?act=img&img=ext_falke1 HTTP/1.1" 200 1034
47.128.57.16 - - [29/Jun/2024:19:00:05 -0500] "GET /BLA/resoluciones/AUTOS%202021/0245.php?act=img&img=ext_doc HTTP/1.1" 200 140
47.128.57.16 - - [29/Jun/2024:19:00:05 -0500] "GET /BLA/resoluciones/AUTOS%202021/0245.php?act=img&img=ext_php HTTP/1.1" 200 79
66.249.66.13 - - [29/Jun/2024:19:00:05 -0500] "GET /BLA/resoluciones/RESOLUCIONES%202016/2723.pdf HTTP/1.1" 200 342092
47.128.57.16 - - [29/Jun/2024:19:00:05 -0500] "GET /BLA/resoluciones/AUTOS%202021/0245.php?act=img&img=ext_css HTTP/1.1" 200 134
47.128.57.16 - - [29/Jun/2024:19:00:05 -0500] "GET /BLA/resoluciones/AUTOS%202021/0245.php?act=img&img=ext_png HTTP/1.1" 200 175
47.128.57.16 - - [29/Jun/2024:19:00:05 -0500] "GET /BLA/resoluciones/AUTOS%202021/0245.php?act=img&img=ext_gif HTTP/1.1" 200 175
47.128.57.16 - - [29/Jun/2024:19:00:05 -0500] "GET /BLA/resoluciones/AUTOS%202021/0245.php?act=img&img=ext_ico HTTP/1.1" 200 175
47.128.57.16 - - [29/Jun/2024:19:00:05 -0500] "GET /BLA/resoluciones/AUTOS%202021/0245.php?act=img&img=arrow_ltr HTTP/1.1" 200 88
66.249.66.13 - - [29/Jun/2024:19:00:10 -0500] "GET /BLA/resoluciones/RESOLUCIONES%202016/2256.pdf HTTP/1.1" 200 364882
66.249.66.11 - - [29/Jun/2024:19:00:14 -0500] "GET /BLA/resoluciones/RESOLUCIONES%202016/1704.pdf HTTP/1.1" 200 555484
66.249.66.11 - - [29/Jun/2024:19:00:14 -0500] "GET /BLA/resoluciones/RESOLUCIONES%202016/0220.pdf HTTP/1.1" 200 1354667
66.249.66.12 - - [29/Jun/2024:19:00:15 -0500] "GET /BLA/resoluciones/RESOLUCIONES%202016/1979.pdf HTTP/1.1" 200 367878
66.249.66.12 - - [29/Jun/2024:19:00:16 -0500] "GET /BLA/resoluciones/RESOLUCIONES%202016/2494.pdf HTTP/1.1" 200 485931
47.128.28.213 - - [29/Jun/2024:19:00:16 -0500] "GET /BLA/resoluciones/AUTOS%202021/0245.php?act=f&base64=4&d=E%3A%5Cnuevo%5Chtdocs%5CAnexos+estudio+Organizacional+SDA%5CANEXO+No.+4+-+ENCUESTA+DE+AN%C1LISIS+ORGANIZACIONAL%5C&f=ENCUESTA+SUBIDRECCI%D3N+DE+ECOURBANISMO+Y+GESTION+AMBIENTAL+EMPRESARIAL.DOC&ft=info HTTP/1.1" 200 3740
47.128.28.213 - - [29/Jun/2024:19:00:17 -0500] "GET /BLA/resoluciones/AUTOS%202021/0245.php?act=img&img=ext_txt HTTP/1.1" 200 132
47.128.28.213 - - [29/Jun/2024:19:00:17 -0500] "GET /BLA/resoluciones/AUTOS%202021/0245.php?act=img&img=ext_exe HTTP/1.1" 200 118
47.128.28.213 - - [29/Jun/2024:19:00:17 -0500] "GET /BLA/resoluciones/AUTOS%202021/0245.php?act=img&img=ext_gif HTTP/1.1" 200 175
47.128.28.213 - - [29/Jun/2024:19:00:17 -0500] "GET /BLA/resoluciones/AUTOS%202021/0245.php?act=img&img=ext_diz HTTP/1.1" 200 1027
47.128.28.213 - - [29/Jun/2024:19:00:17 -0500] "GET /BLA/resoluciones/AUTOS%202021/0245.php?act=img&img=ext_doc HTTP/1.1" 200 140
47.128.28.213 - - [29/Jun/2024:19:00:17 -0500] "GET /BLA/resoluciones/AUTOS%202021/0245.php?act=img&img=ext_html HTTP/1.1" 200 230
47.128.28.213 - - [29/Jun/2024:19:00:18 -0500] "GET /BLA/resoluciones/AUTOS%202021/0245.php?act=img&img=ext_ini HTTP/1.1" 200 134
47.128.28.213 - - [29/Jun/2024:19:00:18 -0500] "GET /BLA/resoluciones/AUTOS%202021/0245.php?act=img&img=ext_rtf HTTP/1.1" 200 164
47.128.28.213 - - [29/Jun/2024:19:00:18 -0500] "GET /BLA/resoluciones/AUTOS%202021/0245.php?act=img&img=download HTTP/1.1" 200 161
47.128.28.213 - - [29/Jun/2024:19:00:18 -0500] "GET /BLA/resoluciones/AUTOS%202021/0245.php?act=img&img=change HTTP/1.1" 200 290
66.249.66.11 - - [29/Jun/2024:19:00:18 -0500] "GET /BLA/resoluciones/RESOLUCIONES%202016/2420.pdf HTTP/1.1" 200 733998
66.249.66.12 - - [29/Jun/2024:19:00:20 -0500] "GET /BLA/resoluciones/RESOLUCIONES%202002/RES%202002%2051-100/2002RES99.tif HTTP/1.1" 200 68346
66.249.66.12 - - [29/Jun/2024:19:00:24 -0500] "GET /BLA/resoluciones/RESOLUCIONES%202016/2267.pdf HTTP/1.1" 200 446931
172.22.2.4 - - [29/Jun/2024:18:58:49 -0500] "HEAD /BLA/boletinlegal/ HTTP/1.1" 200 -
66.249.66.12 - - [29/Jun/2024:19:00:30 -0500] "GET /BLA/resoluciones/RESOLUCIONES%202016/2023.pdf HTTP/1.1" 200 769599
47.128.120.75 - - [29/Jun/2024:19:00:30 -0500] "GET /BLA/resoluciones/AUTOS%202021/0245.php?act=f&d=E%3A%5Cnuevo%5Chtdocs%5Ccumbredelclima%5Cwp-includes%5C&f=comment-template.php&ft=html&white=1 HTTP/1.1" 200 17059
66.249.66.11 - - [29/Jun/2024:19:00:37 -0500] "GET /BLA/resoluciones/RESOLUCIONES%202016/2496.pdf HTTP/1.1" 200 423731
66.249.66.11 - - [29/Jun/2024:19:00:40 -0500] "GET /BLA/resoluciones/RESOLUCIONES%202016/1508.pdf HTTP/1.1" 200 372331
47.128.111.14 - - [29/Jun/2024:19:00:42 -0500] "GET /BLA/resoluciones/AUTOS%202021/0245.php?act=f&d=E%3A%5Cnuevo%5Ctomcat%5Cbin&f=tomcat7w.exe&ft=info HTTP/1.1" 200 3644
47.128.111.14 - - [29/Jun/2024:19:00:42 -0500] "GET /BLA/resoluciones/AUTOS%202021/0245.php?act=img&img=ext_gif HTTP/1.1" 200 175
47.128.111.14 - - [29/Jun/2024:19:00:43 -0500] "GET /BLA/resoluciones/AUTOS%202021/0245.php?act=img&img=ext_exe HTTP/1.1" 200 118
47.128.111.14 - - [29/Jun/2024:19:00:43 -0500] "GET /BLA/resoluciones/AUTOS%202021/0245.php?act=img&img=ext_txt HTTP/1.1" 200 132
47.128.111.14 - - [29/Jun/2024:19:00:43 -0500] "GET /BLA/resoluciones/AUTOS%202021/0245.php?act=img&img=ext_html HTTP/1.1" 200 230
47.128.111.14 - - [29/Jun/2024:19:00:43 -0500] "GET /BLA/resoluciones/AUTOS%202021/0245.php?act=img&img=ext_diz HTTP/1.1" 200 1027
47.128.111.14 - - [29/Jun/2024:19:00:43 -0500] "GET /BLA/resoluciones/AUTOS%202021/0245.php?act=img&img=ext_ini HTTP/1.1" 200 134
47.128.111.14 - - [29/Jun/2024:19:00:43 -0500] "GET /BLA/resoluciones/AUTOS%202021/0245.php?act=img&img=download HTTP/1.1" 200 161
47.128.111.14 - - [29/Jun/2024:19:00:43 -0500] "GET /BLA/resoluciones/AUTOS%202021/0245.php?act=img&img=ext_rtf HTTP/1.1" 200 164
47.128.111.14 - - [29/Jun/2024:19:00:43 -0500] "GET /BLA/resoluciones/AUTOS%202021/0245.php?act=img&img=change HTTP/1.1" 200 290
66.249.66.13 - - [29/Jun/2024:19:00:44 -0500] "GET /BLA/resoluciones/RESOLUCIONES%202016/1940.pdf HTTP/1.1" 200 521426
66.249.66.13 - - [29/Jun/2024:19:00:49 -0500] "GET /BLA/resoluciones/RESOLUCIONES%202016/0217.pdf HTTP/1.1" 200 540387
66.249.66.15 - - [29/Jun/2024:19:00:51 -0500] "GET /BLA/resoluciones/RESOLUCIONES%202016/1867.pdf HTTP/1.1" 200 510710
47.128.21.140 - - [29/Jun/2024:19:00:54 -0500] "GET /BLA/resoluciones/AUTOS%202021/0245.php?act=f&d=E%3A%5Cnuevo%5Cmailoutput&f=mail-20150903-1625-773000.txt&ft=info HTTP/1.1" 200 3766
47.128.21.140 - - [29/Jun/2024:19:00:55 -0500] "GET /BLA/resoluciones/AUTOS%202021/0245.php?act=img&img=ext_ini HTTP/1.1" 200 134
47.128.21.140 - - [29/Jun/2024:19:00:55 -0500] "GET /BLA/resoluciones/AUTOS%202021/0245.php?act=img&img=ext_html HTTP/1.1" 200 230
47.128.21.140 - - [29/Jun/2024:19:00:55 -0500] "GET /BLA/resoluciones/AUTOS%202021/0245.php?act=img&img=ext_txt HTTP/1.1" 200 132
47.128.21.140 - - [29/Jun/2024:19:00:55 -0500] "GET /BLA/resoluciones/AUTOS%202021/0245.php?act=img&img=ext_gif HTTP/1.1" 200 175
47.128.21.140 - - [29/Jun/2024:19:00:55 -0500] "GET /BLA/resoluciones/AUTOS%202021/0245.php?act=img&img=ext_diz HTTP/1.1" 200 1027
47.128.21.140 - - [29/Jun/2024:19:00:55 -0500] "GET /BLA/resoluciones/AUTOS%202021/0245.php?act=img&img=ext_exe HTTP/1.1" 200 118
47.128.21.140 - - [29/Jun/2024:19:00:56 -0500] "GET /BLA/resoluciones/AUTOS%202021/0245.php?act=img&img=download HTTP/1.1" 200 161
47.128.21.140 - - [29/Jun/2024:19:00:56 -0500] "GET /BLA/resoluciones/AUTOS%202021/0245.php?act=img&img=ext_rtf HTTP/1.1" 200 164
47.128.21.140 - - [29/Jun/2024:19:00:56 -0500] "GET /BLA/resoluciones/AUTOS%202021/0245.php?act=img&img=change HTTP/1.1" 200 290
201.245.192.253 - - [29/Jun/2024:19:00:56 -0500] "GET /kwsrmcab/Wsrmcab?wsdl HTTP/1.1" 200 6948
66.249.66.13 - - [29/Jun/2024:19:00:59 -0500] "GET /BLA/resoluciones/RESOLUCIONES%202016/1785.pdf HTTP/1.1" 200 439648
66.249.66.15 - - [29/Jun/2024:19:01:05 -0500] "GET /BLA/resoluciones/RESOLUCIONES%202016/1917.pdf HTTP/1.1" 200 370234
47.128.38.192 - - [29/Jun/2024:19:01:09 -0500] "GET /BLA/resoluciones/AUTOS%202021/0245.php?act=img&img=ext_pdf HTTP/1.1" 200 1034
47.128.38.192 - - [29/Jun/2024:19:01:08 -0500] "GET /BLA/resoluciones/AUTOS%202021/0245.php?act=ls&d=E%3A%5Cnuevo%5Chtdocs%5CBLA%5Cresoluciones%5CRESOLUCIONES+2024&sort=0a HTTP/1.1" 200 10908
47.128.38.192 - - [29/Jun/2024:19:01:10 -0500] "GET /BLA/resoluciones/AUTOS%202021/0245.php?act=img&img=arrow_ltr HTTP/1.1" 200 88
66.249.66.14 - - [29/Jun/2024:19:01:10 -0500] "GET /BLA/resoluciones/RESOLUCIONES%202016/0267.pdf HTTP/1.1" 200 1637745
66.249.66.12 - - [29/Jun/2024:19:01:13 -0500] "GET /BLA/resoluciones/RESOLUCIONES%202016/1709.pdf HTTP/1.1" 200 844935
66.249.66.13 - - [29/Jun/2024:19:01:15 -0500] "GET /BLA/resoluciones/RESOLUCIONES%202016/0522.pdf HTTP/1.1" 200 521380
66.249.66.11 - - [29/Jun/2024:19:01:19 -0500] "GET /BLA/resoluciones/RESOLUCIONES%202016/1941.pdf HTTP/1.1" 200 517856
172.22.2.4 - - [29/Jun/2024:18:59:40 -0500] "GET /BLA/boletinlegal/ HTTP/1.1" 200 55442
47.128.47.227 - - [29/Jun/2024:19:01:20 -0500] "GET /BLA/resoluciones/AUTOS%202021/0245.php?act=f&d=E%3A%5Cnuevo%5Chtdocs%5Ccumbreclima%5Cwp-includes%5C&f=cache.php&ft=img&white=1 HTTP/1.1" 200 19180
66.249.66.12 - - [29/Jun/2024:19:01:21 -0500] "GET /BLA/resoluciones/RESOLUCIONES%202016/0143.pdf HTTP/1.1" 200 782016
47.128.47.199 - - [29/Jun/2024:19:01:32 -0500] "GET /BLA/resoluciones/AUTOS%202021/0245.php?act=f&d=E%3A%5Cnuevo%5Chtdocs%5Ccumbredelclima%5Cwp-includes%5C&f=class-wp-customize-manager.php&ft=img&white=1 HTTP/1.1" 200 43140
66.249.66.13 - - [29/Jun/2024:19:01:40 -0500] "GET /BLA/resoluciones/RESOLUCIONES%202016/1698.pdf HTTP/1.1" 200 586527
66.249.66.13 - - [29/Jun/2024:19:01:43 -0500] "GET /BLA/resoluciones/RESOLUCIONES%202016/0439.pdf HTTP/1.1" 200 770400
66.249.66.13 - - [29/Jun/2024:19:01:46 -0500] "GET /BLA/resoluciones/RESOLUCIONES%202016/1966.pdf HTTP/1.1" 200 544761
216.245.221.92 - - [29/Jun/2024:19:01:48 -0500] "HEAD / HTTP/1.1" 200 -
66.249.66.12 - - [29/Jun/2024:19:01:53 -0500] "GET /BLA/resoluciones/RESOLUCIONES%202016/1608.pdf HTTP/1.1" 200 480883
66.249.66.12 - - [29/Jun/2024:19:01:55 -0500] "GET /BLA/resoluciones/RESOLUCIONES%202016/2413.pdf HTTP/1.1" 200 630629
201.245.192.253 - - [29/Jun/2024:19:01:56 -0500] "GET /kwsrmcab/Wsrmcab?wsdl HTTP/1.1" 200 6948
201.245.192.253 - - [29/Jun/2024:19:01:57 -0500] "POST /forms/lservlet;jsessionid=ac16012b30d6716d42d0eef24d9cbe79d3fe11a80187.e3iSbxaKaheRe34OahmPbx4Oa3z0n6jAmljGr5XDqQLvpAe HTTP/1.1" 200 2
66.249.66.14 - - [29/Jun/2024:19:02:00 -0500] "GET /BLA/resoluciones/RESOLUCIONES%202016/2300.pdf HTTP/1.1" 200 359196
66.249.66.12 - - [29/Jun/2024:19:02:07 -0500] "GET /BLA/resoluciones/RESOLUCIONES%202016/2310.pdf HTTP/1.1" 200 367381
66.249.66.12 - - [29/Jun/2024:19:02:16 -0500] "GET /BLA/resoluciones/RESOLUCIONES%202016/1591.pdf HTTP/1.1" 200 1042258
66.249.66.12 - - [29/Jun/2024:19:02:17 -0500] "GET /BLA/resoluciones/RESOLUCIONES%202016/1530.pdf HTTP/1.1" 200 453773
66.249.66.11 - - [29/Jun/2024:19:02:17 -0500] "GET /BLA/resoluciones/RESOLUCIONES%202016/0297.pdf HTTP/1.1" 200 476542
66.249.66.13 - - [29/Jun/2024:19:02:18 -0500] "GET /BLA/resoluciones/RESOLUCIONES%202016/0346.pdf HTTP/1.1" 200 861720
66.249.66.13 - - [29/Jun/2024:19:02:21 -0500] "GET /BLA/resoluciones/RESOLUCIONES%202016/1848.pdf HTTP/1.1" 200 749501
66.249.66.13 - - [29/Jun/2024:19:02:26 -0500] "GET /BLA/resoluciones/RESOLUCIONES%202016/2301.pdf HTTP/1.1" 200 364818
66.249.66.11 - - [29/Jun/2024:19:02:29 -0500] "GET /BLA/resoluciones/RESOLUCIONES%202016/2308.pdf HTTP/1.1" 200 355658
66.249.66.12 - - [29/Jun/2024:19:02:36 -0500] "GET /BLA/resoluciones/RESOLUCIONES%202016/1809.pdf HTTP/1.1" 200 479423
66.249.66.11 - - [29/Jun/2024:19:02:38 -0500] "GET /BLA/resoluciones/RESOLUCIONES%202016/1842.pdf HTTP/1.1" 200 536719
