66.249.66.12 - - [29/Jun/2024:11:01:26 -0500] "GET /BLA/resoluciones/RESOLUCIONES%202022/1292.pdf HTTP/1.1" 200 341099
216.245.221.92 - - [29/Jun/2024:11:01:50 -0500] "HEAD / HTTP/1.1" 200 -
201.245.192.253 - - [29/Jun/2024:11:01:57 -0500] "POST /forms/lservlet;jsessionid=ac16012b30d6716d42d0eef24d9cbe79d3fe11a80187.e3iSbxaKaheRe34OahmPbx4Oa3z0n6jAmljGr5XDqQLvpAe HTTP/1.1" 200 2
201.245.192.253 - - [29/Jun/2024:11:01:58 -0500] "GET /kwsrmcab/Wsrmcab?wsdl HTTP/1.1" 200 6948
3.141.35.109 - - [29/Jun/2024:11:02:03 -0500] "GET /BLA/resoluciones/AUTOS%202021/0245.php?act=img&img=up HTTP/1.1" 200 199
172.22.2.4 - - [29/Jun/2024:11:00:31 -0500] "HEAD /BLA/boletinlegal/ HTTP/1.1" 200 -
66.249.66.13 - - [29/Jun/2024:11:02:27 -0500] "GET /BLA/resoluciones/RESOLUCIONES%202022/3417.pdf HTTP/1.1" 200 732834
66.249.66.13 - - [29/Jun/2024:11:02:28 -0500] "GET /BLA/resoluciones/RESOLUCIONES%202022/1307.pdf HTTP/1.1" 200 2092578
66.249.66.12 - - [29/Jun/2024:11:02:36 -0500] "GET /BLA/resoluciones/RESOLUCIONES%202022/5345.pdf HTTP/1.1" 200 3724074
66.249.66.12 - - [29/Jun/2024:11:02:36 -0500] "GET /BLA/resoluciones/RESOLUCIONES%202022/0616.pdf HTTP/1.1" 200 329952
66.249.66.11 - - [29/Jun/2024:11:02:37 -0500] "GET /BLA/resoluciones/RESOLUCIONES%202022/5021.pdf HTTP/1.1" 200 429345
201.245.192.253 - - [29/Jun/2024:11:02:58 -0500] "GET /kwsrmcab/Wsrmcab?wsdl HTTP/1.1" 200 6948
172.22.2.4 - - [29/Jun/2024:11:01:21 -0500] "GET /BLA/boletinlegal/ HTTP/1.1" 200 60380
66.249.66.13 - - [29/Jun/2024:11:03:19 -0500] "GET /BLA/resoluciones/RESOLUCIONES%202022/4427.pdf HTTP/1.1" 200 579762
66.249.66.12 - - [29/Jun/2024:11:03:20 -0500] "GET /BLA/resoluciones/AUTOS%202023/4838.pdf HTTP/1.1" 200 889797
66.249.66.11 - - [29/Jun/2024:11:03:28 -0500] "GET /BLA/resoluciones/RESOLUCIONES%202022/4873.pdf HTTP/1.1" 200 371376
66.249.66.11 - - [29/Jun/2024:11:03:29 -0500] "GET /BLA/resoluciones/RESOLUCIONES%202022/0232.pdf HTTP/1.1" 200 362812
172.22.2.4 - - [29/Jun/2024:11:03:18 -0500] "GET /BLA/boletinlegal/ HTTP/1.1" 200 24523
201.245.192.253 - - [29/Jun/2024:11:03:57 -0500] "POST /forms/lservlet;jsessionid=ac16012b30d6716d42d0eef24d9cbe79d3fe11a80187.e3iSbxaKaheRe34OahmPbx4Oa3z0n6jAmljGr5XDqQLvpAe HTTP/1.1" 200 2
201.245.192.253 - - [29/Jun/2024:11:03:58 -0500] "GET /kwsrmcab/Wsrmcab?wsdl HTTP/1.1" 200 6948
66.249.66.13 - - [29/Jun/2024:11:04:29 -0500] "GET /BLA/resoluciones/RESOLUCIONES%202022/1062.pdf HTTP/1.1" 200 580284
66.249.66.12 - - [29/Jun/2024:11:04:38 -0500] "GET /BLA/resoluciones/RESOLUCIONES%202022/0065.pdf HTTP/1.1" 200 6234683
66.249.66.11 - - [29/Jun/2024:11:04:39 -0500] "GET /BLA/resoluciones/RESOLUCIONES%202022/1056.pdf HTTP/1.1" 200 1735706
201.245.192.253 - - [29/Jun/2024:11:04:50 -0500] "POST /kwsrmcab/Wsrmcab  HTTP/1.1" 200 213
201.245.192.253 - - [29/Jun/2024:11:04:58 -0500] "GET /kwsrmcab/Wsrmcab?wsdl HTTP/1.1" 200 6948
66.249.66.12 - - [29/Jun/2024:11:05:21 -0500] "GET /BLA/resoluciones/AUTOS%202023/4179.pdf HTTP/1.1" 200 410113
66.249.66.12 - - [29/Jun/2024:11:05:21 -0500] "GET /BLA/resoluciones/RESOLUCIONES%202022/3216.pdf HTTP/1.1" 200 350218
66.249.66.11 - - [29/Jun/2024:11:05:29 -0500] "GET /BLA/resoluciones/RESOLUCIONES%202022/4469.pdf HTTP/1.1" 200 1649247
216.244.66.195 - - [29/Jun/2024:11:05:53 -0500] "GET /robots.txt HTTP/1.1" 404 1018
201.245.192.253 - - [29/Jun/2024:11:05:57 -0500] "POST /forms/lservlet;jsessionid=ac16012b30d6716d42d0eef24d9cbe79d3fe11a80187.e3iSbxaKaheRe34OahmPbx4Oa3z0n6jAmljGr5XDqQLvpAe HTTP/1.1" 200 2
201.245.192.253 - - [29/Jun/2024:11:05:58 -0500] "GET /kwsrmcab/Wsrmcab?wsdl HTTP/1.1" 200 6948
66.249.66.12 - - [29/Jun/2024:11:06:22 -0500] "GET /BLA/resoluciones/RESOLUCIONES%202022/1440.pdf HTTP/1.1" 200 318756
66.249.66.11 - - [29/Jun/2024:11:06:22 -0500] "GET /BLA/resoluciones/RESOLUCIONES%202022/4893.pdf HTTP/1.1" 200 426553
66.249.66.12 - - [29/Jun/2024:11:06:30 -0500] "GET /BLA/resoluciones/RESOLUCIONES%202022/0864.pdf HTTP/1.1" 200 350666
66.249.66.11 - - [29/Jun/2024:11:06:38 -0500] "GET /BLA/resoluciones/AUTOS%202023/4969.pdf HTTP/1.1" 200 526018
66.249.66.11 - - [29/Jun/2024:11:06:40 -0500] "GET /BLA/resoluciones/RESOLUCIONES%202022/3174.pdf HTTP/1.1" 200 360972
216.245.221.92 - - [29/Jun/2024:11:06:50 -0500] "HEAD / HTTP/1.1" 200 -
201.245.192.253 - - [29/Jun/2024:11:06:58 -0500] "GET /kwsrmcab/Wsrmcab?wsdl HTTP/1.1" 200 6948
66.249.66.12 - - [29/Jun/2024:11:07:30 -0500] "GET /BLA/resoluciones/RESOLUCIONES%202022/4454.pdf HTTP/1.1" 200 1672825
66.249.66.12 - - [29/Jun/2024:11:07:40 -0500] "GET /BLA/resoluciones/RESOLUCIONES%202022/2435.pdf HTTP/1.1" 200 391191
66.249.66.12 - - [29/Jun/2024:11:07:41 -0500] "GET /BLA/resoluciones/RESOLUCIONES%202022/0118.pdf HTTP/1.1" 200 1419817
201.245.192.253 - - [29/Jun/2024:11:07:57 -0500] "POST /forms/lservlet;jsessionid=ac16012b30d6716d42d0eef24d9cbe79d3fe11a80187.e3iSbxaKaheRe34OahmPbx4Oa3z0n6jAmljGr5XDqQLvpAe HTTP/1.1" 200 2
201.245.192.253 - - [29/Jun/2024:11:07:58 -0500] "GET /kwsrmcab/Wsrmcab?wsdl HTTP/1.1" 200 6948
172.22.2.4 - - [29/Jun/2024:11:06:21 -0500] "HEAD /BLA/boletinlegal/ HTTP/1.1" 200 -
66.249.66.13 - - [29/Jun/2024:11:08:31 -0500] "GET /BLA/resoluciones/RESOLUCIONES%202022/3397.pdf HTTP/1.1" 200 380028
172.22.2.4 - - [29/Jun/2024:11:07:11 -0500] "GET /BLA/boletinlegal/ HTTP/1.1" 200 57889
66.249.66.11 - - [29/Jun/2024:11:08:51 -0500] "GET /BLA/resoluciones/AUTOS%202023/1405.pdf HTTP/1.1" 200 2448085
201.245.192.253 - - [29/Jun/2024:11:08:58 -0500] "GET /kwsrmcab/Wsrmcab?wsdl HTTP/1.1" 200 6948
66.249.66.13 - - [29/Jun/2024:11:09:28 -0500] "GET /siipev/Diseno%20de%20Elementos%20de%20Mobiliario%20Urbano/Otros%20Elementos/Infografia/Parte2/M-82.png HTTP/1.1" 304 -
66.249.66.13 - - [29/Jun/2024:11:09:31 -0500] "GET /BLA/resoluciones/RESOLUCIONES%202022/0860.pdf HTTP/1.1" 200 354503
201.245.192.253 - - [29/Jun/2024:11:09:48 -0500] "POST /kwsrmcab/Wsrmcab  HTTP/1.1" 200 213
201.245.192.253 - - [29/Jun/2024:11:09:57 -0500] "POST /forms/lservlet;jsessionid=ac16012b30d6716d42d0eef24d9cbe79d3fe11a80187.e3iSbxaKaheRe34OahmPbx4Oa3z0n6jAmljGr5XDqQLvpAe HTTP/1.1" 200 2
201.245.192.253 - - [29/Jun/2024:11:09:58 -0500] "GET /kwsrmcab/Wsrmcab?wsdl HTTP/1.1" 200 6948
47.128.29.101 - - [29/Jun/2024:11:10:04 -0500] "GET /BLA/resoluciones/AUTOS%202021/0245.php?act=chmod&f=02323.pdf HTTP/1.1" 200 2715
47.128.124.123 - - [29/Jun/2024:11:10:21 -0500] "GET /BLA/resoluciones/AUTOS%202021/0245.php?act=f&f=2376.pdf HTTP/1.1" 200 2739
157.55.39.49 - - [29/Jun/2024:11:10:28 -0500] "GET /BLA/resoluciones/00001071.tif HTTP/1.1" 404 1018
66.249.66.11 - - [29/Jun/2024:11:10:32 -0500] "GET /BLA/resoluciones/RESOLUCIONES%202022/3634.pdf HTTP/1.1" 200 496746
47.128.28.72 - - [29/Jun/2024:11:10:39 -0500] "GET /BLA/resoluciones/AUTOS%202021/0245.php?act=chmod&f=03572.pdf HTTP/1.1" 200 2715
66.249.66.11 - - [29/Jun/2024:11:10:41 -0500] "GET /BLA/resoluciones/RESOLUCIONES%202022/0696.pdf HTTP/1.1" 200 338376
66.249.66.11 - - [29/Jun/2024:11:10:41 -0500] "GET /BLA/resoluciones/RESOLUCIONES%202022/3633.pdf HTTP/1.1" 200 436443
162.55.175.144 - - [29/Jun/2024:11:10:48 -0500] "GET / HTTP/1.1" 200 4720
47.128.16.172 - - [29/Jun/2024:11:10:56 -0500] "GET /BLA/resoluciones/AUTOS%202021/0245.php?act=chmod&f=3665.pdf HTTP/1.1" 200 2715
201.245.192.253 - - [29/Jun/2024:11:10:58 -0500] "GET /kwsrmcab/Wsrmcab?wsdl HTTP/1.1" 200 6948
47.128.16.149 - - [29/Jun/2024:11:11:13 -0500] "GET /BLA/resoluciones/AUTOS%202021/0245.php?act=chmod&f=01019.pdf HTTP/1.1" 200 2715
66.249.66.11 - - [29/Jun/2024:11:11:26 -0500] "GET /BLA/resoluciones/AUTOS%202023/5143.pdf HTTP/1.1" 200 437178
47.128.48.45 - - [29/Jun/2024:11:11:29 -0500] "GET /BLA/resoluciones/AUTOS%202021/0245.php?act=chmod&f=1579.pdf HTTP/1.1" 200 2715
66.249.66.11 - - [29/Jun/2024:11:11:33 -0500] "GET /BLA/resoluciones/RESOLUCIONES%202022/0624.pdf HTTP/1.1" 200 616449
47.128.114.151 - - [29/Jun/2024:11:11:49 -0500] "GET /BLA/resoluciones/AUTOS%202021/0245.php?act=chmod&f=3326.pdf HTTP/1.1" 200 2715
216.245.221.92 - - [29/Jun/2024:11:11:49 -0500] "HEAD / HTTP/1.1" 200 -
201.245.192.253 - - [29/Jun/2024:11:11:57 -0500] "POST /forms/lservlet;jsessionid=ac16012b30d6716d42d0eef24d9cbe79d3fe11a80187.e3iSbxaKaheRe34OahmPbx4Oa3z0n6jAmljGr5XDqQLvpAe HTTP/1.1" 200 2
201.245.192.253 - - [29/Jun/2024:11:11:58 -0500] "GET /kwsrmcab/Wsrmcab?wsdl HTTP/1.1" 200 6948
47.128.49.110 - - [29/Jun/2024:11:12:05 -0500] "GET /BLA/resoluciones/AUTOS%202021/0245.php?act=f&f=01019.pdf HTTP/1.1" 200 2739
47.128.48.7 - - [29/Jun/2024:11:12:20 -0500] "GET /BLA/resoluciones/AUTOS%202021/0245.php?act=f&f=3338.pdf HTTP/1.1" 200 2738
66.249.66.12 - - [29/Jun/2024:11:12:33 -0500] "GET /BLA/resoluciones/RESOLUCIONES%202022/3407.pdf HTTP/1.1" 200 1173490
47.128.49.119 - - [29/Jun/2024:11:12:38 -0500] "GET /BLA/resoluciones/AUTOS%202021/0245.php?act=chmod&f=3704.pdf HTTP/1.1" 200 2715
66.249.66.12 - - [29/Jun/2024:11:12:41 -0500] "GET /BLA/resoluciones/RESOLUCIONES%202022/0019.pdf HTTP/1.1" 200 167455
66.249.66.11 - - [29/Jun/2024:11:12:42 -0500] "GET /BLA/resoluciones/RESOLUCIONES%202022/1043.pdf HTTP/1.1" 200 369731
201.245.192.253 - - [29/Jun/2024:11:12:58 -0500] "GET /kwsrmcab/Wsrmcab?wsdl HTTP/1.1" 200 6948
66.249.66.13 - - [29/Jun/2024:11:13:33 -0500] "GET /BLA/resoluciones/RESOLUCIONES%202022/0307.pdf HTTP/1.1" 200 337190
190.232.167.24 - - [29/Jun/2024:11:13:41 -0500] "GET /BLA/resoluciones/RESOLUCIONES%202001/RESOLUCION%20311%20DE%202001.pdf HTTP/1.1" 200 398777
190.232.167.24 - - [29/Jun/2024:11:13:42 -0500] "GET /favicon.ico HTTP/1.1" 200 7782
172.22.2.4 - - [29/Jun/2024:11:12:11 -0500] "HEAD /BLA/boletinlegal/ HTTP/1.1" 200 -
201.245.192.253 - - [29/Jun/2024:11:13:57 -0500] "POST /forms/lservlet;jsessionid=ac16012b30d6716d42d0eef24d9cbe79d3fe11a80187.e3iSbxaKaheRe34OahmPbx4Oa3z0n6jAmljGr5XDqQLvpAe HTTP/1.1" 200 2
201.245.192.253 - - [29/Jun/2024:11:13:58 -0500] "GET /kwsrmcab/Wsrmcab?wsdl HTTP/1.1" 200 6948
66.249.66.11 - - [29/Jun/2024:11:14:00 -0500] "GET /BLA/resoluciones/AUTOS%202023/0048.pdf HTTP/1.1" 200 397946
172.22.2.4 - - [29/Jun/2024:11:13:01 -0500] "GET /BLA/boletinlegal/ HTTP/1.1" 200 57136
201.245.192.253 - - [29/Jun/2024:11:14:47 -0500] "POST /kwsrmcab/Wsrmcab  HTTP/1.1" 200 213
186.102.30.229 - - [29/Jun/2024:11:14:54 -0500] "GET /kwssiamovil/sm/ldap/au?x=U2FsdGVkX195fMZB6C0RRddQQPJzlhWI/krBaM45qA3Djd1e7o9Fk0zgbBEUBh6C&y=U2FsdGVkX1+HxPmnsq3YbMFYE8AlLxkyAwvt1MVzs1yXIdQGz/3axZKv5dL2Phxg HTTP/1.1" 200 30
186.102.30.229 - - [29/Jun/2024:11:14:55 -0500] "GET /kwssiamovil/sm/acme/s?s=U2FsdGVkX1+6tKDiCGlE3nuKrBoMsfARluy5xZ07kDrvo7PNeJte5QOViFbOWwVJJnSC6kvlA2J3XOI/U01eP1Y1VZCRCcVhm97J5+PA7cw=&u=U2FsdGVkX199jBz9weQ0ih1wc/x1Jst6O0es3tISSTzc8B+fxW+tCZn0M5ZUgRIH&y=U2FsdGVkX1+HxPmnsq3YbMFYE8AlLxkyAwvt1MVzs1yXIdQGz/3axZKv5dL2Phxg HTTP/1.1" 200 97
186.102.30.229 - - [29/Jun/2024:11:14:55 -0500] "GET /kwssiamovil/sm/acme/s?s=U2FsdGVkX18Y06M3gWa+IjvrYfZ1srI4D+wVqgL2ZmI8409dO5FjgLUQ+gALyrdQmA0rkegeC6ukQp8KrWArxkXQh/2++bu5OWJQlOyTid2RXv2yADBLP4nCVE3KEoSTCYDQYAG1beWMDPQBmvNM//6pA1GbRSruyhDt7db+/z+ZjOi0IQ3g+keTgZyfFDSduYyT4HV3+FG0SWRAjB56EZRDnlUq3IFcgOpXyu3Bj9PbrQu5JcZ1FwB0AQfJriA2lDhOTqFu82Ac/vXadBUFVHSKLk9OIx8Mx1cB8ezH87KdLuvIVpZ8DB6q4khhaFpDQaSnVnkhpXY4YnNADU1B3+SFImQ4nHhxFNXNjbGu+RStnvSrPCo4VpJ7AQx08b5vML0N7ydevw5Cd9GBuWmz9yyUTqEW9NAXzplyjom7IZq/1AKhSwmPO9tfAWa8zSro2sGu+xEe+yCkcsk0+dYc3U6gp8gSb7auJL4l5LF22ajky0u5f6/4gmS4QQvfA+EM/DzFKJKo5IBlcZxUJVQpqy9JPj/3KKq6Kn3zoUXxXUrj40SJNtICSw8Sy4vWowFeSTJ12jwWp4B2YSVoT3Uv/xt+oR5jL9zatiui4T+SRBSAAKzBbrwYm+jbI9W1gJJ9rwRcd8CX3eZPkXNBPVDj86TqZGizNMnlwR60I8AlveGS84PHmVOc9WhvRdNh4b2YgeczyaGxbIpC7/S8s8pywuIFMzgUx0/T8W4BXYmlzpN3fAMkpgLwquimbgBoXdQ9Oc+mNgN5j6V26Yx5URrq9tVEDKhtslshQzzZU2h2nSAPaBj49Ebmpbu0AiyoUVvyH1I5D0+ivLm4F7Wbqlo68SkKRZbbvzpDspJYzi9JOgAuDKQ7HKkW4XXNcfjQxODb0rXjRd7Vlx5z9j5LNUs8uZYgOAOjDqBaK5D3m1AO1mnN1So9pnrnOjem1nlWLabG+SfB5TgtHCjIcwaQZKGUtXJuCoypMdVCHotGZiCOcHznxL3t8X1Py/0CsdxWHrXaBsCVyxZmpFmQUnv+Lba4LqPTjthTVpGFeVKLXrmhINgclpDIKgSPPBoLZn80n7lxXNW7ejv4U4XMOpx6HDXP0ka940FRJIxqQLr7Pk7HuAOpBHYtwNIiu9wCdG5EBMMNdmc2SFsbMweshqZYAcgOnUKE1T52I/oZtBUR78Dj+eyqzbLA5zfyL/XJVfcFiFflaO5Vtfd+fNbCRRcJuwI1yTvd1+3JFg/DbQeXD5ZVahx7PPOGN7X54gdZsChKy/mEjoboQkH4iubAVFmiWQiKBV1ut/E8EPQLtnguW2YhHB3aNSMkj6rWywIq7KKByDFzgxmKghk17ybyoc3vqjQ0ZYCngyEWmrzib7u9EhsdT5v2QyCRwkop16xfXRNjr93wRfeRo1RVrGKmv/119pP+RwCS7Y1Qh6584Ky29ONY7vGCt1pRg1KF2oa11WVSmXPcZEajItEovowEDqNUogTJugS5nQxfLpc2qg3rRNa1o2FE0Rf88ZoKrTNI5SGXMg0QEk2VL0FcHM2TlCDqzbXCeC47UNOvSgQgRoy7hIrR5Q7tO+661XrABIrPkH5OaH50Xv8krI3iSAZZegQ9XfPYfCLsXc56dXJY5qq7Rh8eWdnB57Tcl2NoShWzVLSnSeVd0PmGKb/EmukHL4eI9F/xlFerMR8Z+jEqmQrNO97B82KCbop9F2diifPHqjP3KBRvm4OmFfzHHs+bNefeGY2NaZDSTI/MG4OdHNxOO9YYRT70K9UR6t1pgiORecQ81R1k&u=U2FsdGVkX199jBz9weQ0ih1wc/x1Jst6O0es3tISSTzc8B+fxW+tCZn0M5ZUgRIH&y=U2FsdGVkX1+HxPmnsq3YbMFYE8AlLxkyAwvt1MVzs1yXIdQGz/3axZKv5dL2Phxg HTTP/1.1" 200 10418
186.102.30.229 - - [29/Jun/2024:11:14:55 -0500] "GET /kwssiamovil/sm/acme/s?s=U2FsdGVkX1+/5vXgz5aOa5xUnIwE8G3pP7K7zm3s9tZnKojEkzdLcce9Bpa8Qq1NYy3APowO2ehSwOiTYL/K/mZMgxS+MihyqrjjpVXKo0ly8Q5re58B/lHa1qy6fFAlG6vYU61rvbTF1PwKZb8KRmceMoyD5b/AnnazwQnDczkXN2cF8AIEfUxsgUGFhB+IJZyyIP4Mv5ZxcArXFowBK1lipkYGAUQLUDiHx3Vu6TlcdcSmBO1Ey6nyRuujDcGQZl6UU7zUgO0JmooavCxtbkPUmM4dd4ngYWSOwKFahZhZnwP+ztrFjtCxNWabUAbX2OnY0FXlYm8AQZJ7jphDRJur74OU961NjiIL5XIxuGnlyPQzvI3m8aeuk5J4w0ZYKrelM0q5cKGrQF1HrBq3MsEwx9kHq7cC+d62OhfIOgLz6uM0odVUajK1o9d4hBJYy4lZ+NDMe7cocIs0m0ZZaz84CpM6Hm0tYjvaY1CCztI/1fqse5XyjmsHhNdDZV7Euw24O5aPja5jzJJ7iZ2PogbRFpsqWZw3Do7mqEmdIxH1y6A378S+P7JD8H2+xTvLBBLQH7fX40+9Mj8rWjG0ShAkCByzESm5tb3rtnDzjpKIGlljF16JS0XbN3gB/4QLri7vnafNQBfT6BfIMksQvjegoIMOacvDkTQC8tMBEaaGKjCZFglp+DcORSV8WBaOjKAH8vhgokBIvugQfIeAXn4pbri976UC0JXYkDyclCPc3UA4MncCEyGrNxNJjeJC&u=U2FsdGVkX199jBz9weQ0ih1wc/x1Jst6O0es3tISSTzc8B+fxW+tCZn0M5ZUgRIH&y=U2FsdGVkX1+HxPmnsq3YbMFYE8AlLxkyAwvt1MVzs1yXIdQGz/3axZKv5dL2Phxg HTTP/1.1" 200 208
186.102.30.229 - - [29/Jun/2024:11:14:55 -0500] "GET /kwssiamovil/sm/cjson/pre?f=1&x=U2FsdGVkX195fMZB6C0RRddQQPJzlhWI/krBaM45qA3Djd1e7o9Fk0zgbBEUBh6C HTTP/1.1" 200 30244
201.245.192.253 - - [29/Jun/2024:11:14:58 -0500] "GET /kwsrmcab/Wsrmcab?wsdl HTTP/1.1" 200 6948
176.9.137.113 - - [29/Jun/2024:11:15:12 -0500] "GET /Publicaciones/2023EE10325.pdf HTTP/1.1" 404 227
52.167.144.235 - - [29/Jun/2024:11:15:45 -0500] "GET /BLA/resoluciones/AUTOS%202018/6477.pdf HTTP/1.1" 200 325906
3.144.172.253 - - [29/Jun/2024:11:15:47 -0500] "GET /BLA/resoluciones/AUTOS%202021/0245.php?act=img&img=sort_desc HTTP/1.1" 200 86
201.245.192.253 - - [29/Jun/2024:11:15:57 -0500] "POST /forms/lservlet;jsessionid=ac16012b30d6716d42d0eef24d9cbe79d3fe11a80187.e3iSbxaKaheRe34OahmPbx4Oa3z0n6jAmljGr5XDqQLvpAe HTTP/1.1" 200 2
201.245.192.253 - - [29/Jun/2024:11:15:58 -0500] "GET /kwsrmcab/Wsrmcab?wsdl HTTP/1.1" 200 6948
66.249.66.11 - - [29/Jun/2024:11:14:36 -0500] "GET /BLA/boletinlegal/ HTTP/1.1" 200 61446
66.249.66.13 - - [29/Jun/2024:11:16:16 -0500] "GET /BLA/resoluciones/RESOLUCIONES%202002/RES%202002%201451-1500/20021452.tif HTTP/1.1" 200 272688
66.249.66.11 - - [29/Jun/2024:11:16:17 -0500] "GET /BLA/boletinlegal/Circulares/2024/CIRCULAR%20No.%2000001%20DEL%2011%20DE%20ENERO%20DEL%202024.pdf HTTP/1.1" 200 298890
66.249.66.13 - - [29/Jun/2024:11:16:17 -0500] "GET /BLA/resoluciones/RESOLUCIONES%202022/1988.pdf HTTP/1.1" 200 467944
66.249.66.11 - - [29/Jun/2024:11:16:18 -0500] "GET /BLA/resoluciones/RESOLUCIONES%202022/5040.pdf HTTP/1.1" 200 484551
66.249.66.11 - - [29/Jun/2024:11:16:19 -0500] "GET /BLA/resoluciones/RESOLUCIONES%202022/1120.pdf HTTP/1.1" 200 692848
66.249.66.11 - - [29/Jun/2024:11:16:20 -0500] "GET /BLA/resoluciones/RESOLUCIONES%202022/0333.pdf HTTP/1.1" 200 467989
66.249.66.11 - - [29/Jun/2024:11:16:21 -0500] "GET /BLA/resoluciones/RESOLUCIONES%202022/0525.pdf HTTP/1.1" 200 352485
66.249.66.12 - - [29/Jun/2024:11:16:23 -0500] "GET /BLA/resoluciones/RESOLUCIONES%202022/0472.pdf HTTP/1.1" 200 908925
66.249.66.11 - - [29/Jun/2024:11:16:25 -0500] "GET /BLA/boletinlegal/js/jquery.js HTTP/1.1" 200 57254
66.249.66.11 - - [29/Jun/2024:11:16:25 -0500] "GET /BLA/boletinlegal/js/jquery.scrollTo-min.js HTTP/1.1" 200 1150
66.249.66.13 - - [29/Jun/2024:11:16:25 -0500] "GET /BLA/boletinlegal/js/jquery.scrollShow.js HTTP/1.1" 200 4586
66.249.66.12 - - [29/Jun/2024:11:16:30 -0500] "GET /BLA/resoluciones/RESOLUCIONES%202022/2121.pdf HTTP/1.1" 200 3104257
216.245.221.92 - - [29/Jun/2024:11:16:49 -0500] "HEAD / HTTP/1.1" 200 -
66.249.66.15 - - [29/Jun/2024:11:16:52 -0500] "GET /BLA/resoluciones/RESOLUCIONES%202022/3118.pdf HTTP/1.1" 200 419852
201.245.192.253 - - [29/Jun/2024:11:16:58 -0500] "GET /kwsrmcab/Wsrmcab?wsdl HTTP/1.1" 200 6948
201.245.192.253 - - [29/Jun/2024:11:17:09 -0500] "POST /kwsrmcab/Wsrmcab HTTP/1.1" 200 33866
201.245.192.253 - - [29/Jun/2024:11:17:12 -0500] "POST /kwsrmcab/Wsrmcab HTTP/1.1" 200 35131
40.77.167.241 - - [29/Jun/2024:11:17:39 -0500] "GET /BLA/resoluciones/AUTOS%202021/1906.pdf HTTP/1.1" 304 -
66.249.66.14 - - [29/Jun/2024:11:17:53 -0500] "GET /BLA/resoluciones/RESOLUCIONES%202022/2933.pdf HTTP/1.1" 200 446111
201.245.192.253 - - [29/Jun/2024:11:17:57 -0500] "POST /forms/lservlet;jsessionid=ac16012b30d6716d42d0eef24d9cbe79d3fe11a80187.e3iSbxaKaheRe34OahmPbx4Oa3z0n6jAmljGr5XDqQLvpAe HTTP/1.1" 200 2
201.245.192.253 - - [29/Jun/2024:11:17:58 -0500] "GET /kwsrmcab/Wsrmcab?wsdl HTTP/1.1" 200 6948
66.249.66.12 - - [29/Jun/2024:11:18:19 -0500] "GET /BLA/resoluciones/RESOLUCIONES%202022/3314.pdf HTTP/1.1" 200 329899
66.249.66.11 - - [29/Jun/2024:11:18:20 -0500] "GET /BLA/resoluciones/RESOLUCIONES%202022/0544.pdf HTTP/1.1" 200 347776
172.22.2.4 - - [29/Jun/2024:11:18:28 -0500] "GET /BLA/boletinlegal/jurisprudencia/analisis/CUADRO%20ANALISIS%20SENTENCIA%20T-411%20DE%201992.doc HTTP/1.1" 200 41984
66.249.66.12 - - [29/Jun/2024:11:18:51 -0500] "GET /BLA/resoluciones/RESOLUCIONES%202010/4900.pdf HTTP/1.1" 200 753573
66.249.66.11 - - [29/Jun/2024:11:18:53 -0500] "GET /BLA/resoluciones/RESOLUCIONES%202022/0315.pdf HTTP/1.1" 304 -
201.245.192.253 - - [29/Jun/2024:11:18:58 -0500] "GET /kwsrmcab/Wsrmcab?wsdl HTTP/1.1" 200 6948
45.148.10.174 - - [29/Jun/2024:11:19:04 -0500] "POST /cmd,/simZysh/register_main/setCookie HTTP/1.1" 404 1018
201.245.192.253 - - [29/Jun/2024:11:19:20 -0500] "POST /kwsrmcab/Wsrmcab HTTP/1.1" 200 33475
172.22.2.4 - - [29/Jun/2024:11:18:01 -0500] "HEAD /BLA/boletinlegal/ HTTP/1.1" 200 -
201.245.192.253 - - [29/Jun/2024:11:19:45 -0500] "POST /kwsrmcab/Wsrmcab  HTTP/1.1" 200 213
66.249.66.12 - - [29/Jun/2024:11:19:54 -0500] "GET /BLA/resoluciones/AUTOS%202023/03968.pdf HTTP/1.1" 200 444299
66.249.66.13 - - [29/Jun/2024:11:19:54 -0500] "GET /BLA/resoluciones/RESOLUCIONES%202022/0951.pdf HTTP/1.1" 200 361600
201.245.192.253 - - [29/Jun/2024:11:19:57 -0500] "POST /forms/lservlet;jsessionid=ac16012b30d6716d42d0eef24d9cbe79d3fe11a80187.e3iSbxaKaheRe34OahmPbx4Oa3z0n6jAmljGr5XDqQLvpAe HTTP/1.1" 200 2
201.245.192.253 - - [29/Jun/2024:11:19:58 -0500] "GET /kwsrmcab/Wsrmcab?wsdl HTTP/1.1" 200 6948
201.245.192.253 - - [29/Jun/2024:11:19:58 -0500] "POST /kwsrmcab/Wsrmcab HTTP/1.1" 200 35131
66.249.66.11 - - [29/Jun/2024:11:20:17 -0500] "GET /BLA/resoluciones/RESOLUCIONES%202002/RES%202002%20351-400/00000372.tif HTTP/1.1" 200 58104
51.222.44.176 - - [29/Jun/2024:11:20:19 -0500] "GET /wso.php HTTP/1.1" 404 1022
51.222.44.176 - - [29/Jun/2024:11:20:20 -0500] "GET /wp-admin/wso.php HTTP/1.1" 404 1022
66.249.66.13 - - [29/Jun/2024:11:20:20 -0500] "GET /BLA/resoluciones/RESOLUCIONES%202022/0219.pdf HTTP/1.1" 200 354510
66.249.66.11 - - [29/Jun/2024:11:20:21 -0500] "GET /BLA/resoluciones/RESOLUCIONES%202022/1073.pdf HTTP/1.1" 200 383630
66.249.66.12 - - [29/Jun/2024:11:20:21 -0500] "GET /BLA/resoluciones/RESOLUCIONES%202022/5629.pdf HTTP/1.1" 200 454632
172.22.2.4 - - [29/Jun/2024:11:18:51 -0500] "GET /BLA/boletinlegal/ HTTP/1.1" 200 60380
18.224.44.148 - - [29/Jun/2024:11:20:41 -0500] "GET /robots.txt HTTP/1.1" 404 1018
18.224.44.148 - - [29/Jun/2024:11:20:42 -0500] "GET /BLA/resoluciones/AUTOS%202021/0245.php?act=img&img=search HTTP/1.1" 200 250
66.249.66.11 - - [29/Jun/2024:11:20:43 -0500] "GET /BLA/resoluciones/RESOLUCIONES%202002/RES%202002%201701-1750/20021705.tif HTTP/1.1" 200 50646
66.249.66.11 - - [29/Jun/2024:11:20:55 -0500] "GET /BLA/resoluciones/RESOLUCIONES%202022/4407.pdf HTTP/1.1" 200 982433
201.245.192.253 - - [29/Jun/2024:11:20:58 -0500] "GET /kwsrmcab/Wsrmcab?wsdl HTTP/1.1" 200 6948
66.249.66.12 - - [29/Jun/2024:11:21:22 -0500] "GET /BLA/resoluciones/AUTOS%202023/09134.pdf HTTP/1.1" 304 -
191.104.84.7 - - [29/Jun/2024:11:21:40 -0500] "GET /sipse/faces/javax.faces.resource/images/ui-bg_flat_0_2d5972_40x100.png?ln=primefaces-aristo HTTP/1.1" 304 -
191.104.84.7 - - [29/Jun/2024:11:21:40 -0500] "POST /sipse/faces/bienvenido.xhtml HTTP/1.1" 200 1471
191.104.84.7 - - [29/Jun/2024:11:21:40 -0500] "POST /sipse/faces/bienvenido.xhtml HTTP/1.1" 200 34505
191.104.84.7 - - [29/Jun/2024:11:21:41 -0500] "GET /sipse/faces/javax.faces.resource/jquery/jquery.js?ln=primefaces&v=4.0 HTTP/1.1" 304 -
191.104.84.7 - - [29/Jun/2024:11:21:41 -0500] "GET /sipse/faces/javax.faces.resource/jquery/jquery-plugins.js?ln=primefaces&v=4.0 HTTP/1.1" 304 -
191.104.84.7 - - [29/Jun/2024:11:21:41 -0500] "GET /sipse/faces/javax.faces.resource/primefaces.js?ln=primefaces&v=4.0 HTTP/1.1" 304 -
191.104.84.7 - - [29/Jun/2024:11:21:41 -0500] "GET /sipse/faces/javax.faces.resource/layout/layout.js?ln=primefaces&v=4.0 HTTP/1.1" 304 -
191.104.84.7 - - [29/Jun/2024:11:21:41 -0500] "POST /sipse/faces/presentacion/financiero/solicitudProceso/listarSolicitudProceso.xhtml HTTP/1.1" 200 1400
216.245.221.92 - - [29/Jun/2024:11:21:49 -0500] "HEAD / HTTP/1.1" 200 -
191.104.84.7 - - [29/Jun/2024:11:21:51 -0500] "POST /sipse/faces/presentacion/financiero/solicitudProceso/listarSolicitudProceso.xhtml HTTP/1.1" 200 2097
191.104.84.7 - - [29/Jun/2024:11:21:51 -0500] "POST /sipse/faces/presentacion/financiero/solicitudProceso/listarSolicitudProceso.xhtml HTTP/1.1" 200 38337
191.104.84.7 - - [29/Jun/2024:11:21:51 -0500] "GET /sipse/faces/javax.faces.resource/jquery/jquery.js?ln=primefaces&v=4.0 HTTP/1.1" 304 -
191.104.84.7 - - [29/Jun/2024:11:21:51 -0500] "GET /sipse/faces/javax.faces.resource/jquery/jquery-plugins.js?ln=primefaces&v=4.0 HTTP/1.1" 304 -
191.104.84.7 - - [29/Jun/2024:11:21:51 -0500] "GET /sipse/faces/javax.faces.resource/primefaces.js?ln=primefaces&v=4.0 HTTP/1.1" 304 -
191.104.84.7 - - [29/Jun/2024:11:21:51 -0500] "GET /sipse/faces/javax.faces.resource/layout/layout.js?ln=primefaces&v=4.0 HTTP/1.1" 304 -
191.104.84.7 - - [29/Jun/2024:11:21:52 -0500] "POST /sipse/faces/presentacion/financiero/solicitudProceso/consultar.xhtml HTTP/1.1" 200 31753
191.104.84.7 - - [29/Jun/2024:11:21:53 -0500] "POST /sipse/faces/presentacion/financiero/solicitudProceso/consultar.xhtml HTTP/1.1" 200 12796
66.249.66.12 - - [29/Jun/2024:11:21:55 -0500] "GET /BLA/resoluciones/AUTOS%202023/3654.pdf HTTP/1.1" 200 3300933
191.104.84.7 - - [29/Jun/2024:11:21:55 -0500] "POST /sipse/faces/presentacion/financiero/solicitudProceso/consultar.xhtml HTTP/1.1" 200 124026
191.104.84.7 - - [29/Jun/2024:11:21:55 -0500] "GET /sipse/faces/javax.faces.resource/jquery/jquery.js?ln=primefaces&v=4.0 HTTP/1.1" 304 -
191.104.84.7 - - [29/Jun/2024:11:21:55 -0500] "GET /sipse/faces/javax.faces.resource/jquery/jquery-plugins.js?ln=primefaces&v=4.0 HTTP/1.1" 304 -
191.104.84.7 - - [29/Jun/2024:11:21:55 -0500] "GET /sipse/faces/javax.faces.resource/primefaces.js?ln=primefaces&v=4.0 HTTP/1.1" 304 -
191.104.84.7 - - [29/Jun/2024:11:21:55 -0500] "GET /sipse/faces/javax.faces.resource/layout/layout.js?ln=primefaces&v=4.0 HTTP/1.1" 304 -
66.249.66.12 - - [29/Jun/2024:11:21:56 -0500] "GET /BLA/resoluciones/RESOLUCIONES%202022/1523.pdf HTTP/1.1" 200 442342
201.245.192.253 - - [29/Jun/2024:11:21:57 -0500] "POST /forms/lservlet;jsessionid=ac16012b30d6716d42d0eef24d9cbe79d3fe11a80187.e3iSbxaKaheRe34OahmPbx4Oa3z0n6jAmljGr5XDqQLvpAe HTTP/1.1" 200 2
201.245.192.253 - - [29/Jun/2024:11:21:58 -0500] "GET /kwsrmcab/Wsrmcab?wsdl HTTP/1.1" 200 6948
191.104.84.7 - - [29/Jun/2024:11:22:00 -0500] "POST /sipse/faces/presentacion/financiero/solicitudProceso/consultarSolicitudProceso.xhtml HTTP/1.1" 200 35362
191.104.84.7 - - [29/Jun/2024:11:22:01 -0500] "GET /sipse/faces/javax.faces.resource/theme.css?ln=primefaces-sipse HTTP/1.1" 304 -
191.104.84.7 - - [29/Jun/2024:11:22:01 -0500] "GET /sipse/faces/javax.faces.resource/jquery/jquery.js?ln=primefaces&v=4.0 HTTP/1.1" 304 -
191.104.84.7 - - [29/Jun/2024:11:22:01 -0500] "GET /sipse/faces/javax.faces.resource/jquery/jquery-plugins.js?ln=primefaces&v=4.0 HTTP/1.1" 304 -
191.104.84.7 - - [29/Jun/2024:11:22:01 -0500] "GET /sipse/faces/javax.faces.resource/layout/layout.css?ln=primefaces&v=4.0 HTTP/1.1" 304 -
191.104.84.7 - - [29/Jun/2024:11:22:01 -0500] "GET /sipse/faces/javax.faces.resource/layout/layout.js?ln=primefaces&v=4.0 HTTP/1.1" 304 -
191.104.84.7 - - [29/Jun/2024:11:22:01 -0500] "GET /sipse/faces/javax.faces.resource/primefaces.js?ln=primefaces&v=4.0 HTTP/1.1" 304 -
191.104.84.7 - - [29/Jun/2024:11:22:01 -0500] "GET /sipse/faces/javax.faces.resource/primefaces.css?ln=primefaces&v=4.0 HTTP/1.1" 304 -
191.104.84.7 - - [29/Jun/2024:11:22:01 -0500] "GET /sipse/faces/javax.faces.resource/images/ui-icons_898989_256x240.png?ln=primefaces-aristo HTTP/1.1" 200 5355
191.104.84.7 - - [29/Jun/2024:11:22:16 -0500] "GET /sipse/faces/javax.faces.resource/theme.css?ln=primefaces-sipse HTTP/1.1" 304 -
191.104.84.7 - - [29/Jun/2024:11:22:16 -0500] "GET /sipse/faces/javax.faces.resource/primefaces.css?ln=primefaces&v=4.0 HTTP/1.1" 304 -
191.104.84.7 - - [29/Jun/2024:11:22:15 -0500] "POST /sipse/faces/presentacion/financiero/solicitudProceso/consultarHistorialSolProceso.xhtml HTTP/1.1" 200 169100
191.104.84.7 - - [29/Jun/2024:11:22:16 -0500] "GET /sipse/faces/javax.faces.resource/layout/layout.css?ln=primefaces&v=4.0 HTTP/1.1" 304 -
191.104.84.7 - - [29/Jun/2024:11:22:16 -0500] "GET /sipse/faces/javax.faces.resource/jquery/jquery.js?ln=primefaces&v=4.0 HTTP/1.1" 304 -
191.104.84.7 - - [29/Jun/2024:11:22:16 -0500] "GET /sipse/faces/javax.faces.resource/jquery/jquery-plugins.js?ln=primefaces&v=4.0 HTTP/1.1" 304 -
191.104.84.7 - - [29/Jun/2024:11:22:16 -0500] "GET /sipse/faces/javax.faces.resource/primefaces.js?ln=primefaces&v=4.0 HTTP/1.1" 304 -
191.104.84.7 - - [29/Jun/2024:11:22:16 -0500] "GET /sipse/faces/javax.faces.resource/layout/layout.js?ln=primefaces&v=4.0 HTTP/1.1" 304 -
191.104.84.7 - - [29/Jun/2024:11:22:16 -0500] "GET /sipse/faces/javax.faces.resource/images/ui-icons_898989_256x240.png?ln=primefaces-aristo HTTP/1.1" 304 -
191.104.84.7 - - [29/Jun/2024:11:22:19 -0500] "POST /sipse/faces/presentacion/financiero/solicitudProceso/consultarSolicitudProceso.xhtml HTTP/1.1" 200 307315
201.245.192.253 - - [29/Jun/2024:11:22:58 -0500] "GET /kwsrmcab/Wsrmcab?wsdl HTTP/1.1" 200 6948
66.249.66.11 - - [29/Jun/2024:11:23:16 -0500] "GET /BLA/resoluciones/RESOLUCIONES%202022/0668.pdf HTTP/1.1" 200 392378
66.249.66.11 - - [29/Jun/2024:11:23:22 -0500] "GET /BLA/resoluciones/RESOLUCIONES%202022/1410.pdf HTTP/1.1" 200 965328
66.249.66.11 - - [29/Jun/2024:11:23:22 -0500] "GET /BLA/resoluciones/RESOLUCIONES%202022/0619.pdf HTTP/1.1" 200 378757
47.128.44.228 - - [29/Jun/2024:11:23:38 -0500] "GET /BLA/resoluciones/AUTOS%202021/0245.php?act=f&f=3326.pdf HTTP/1.1" 200 2739
47.128.110.145 - - [29/Jun/2024:11:23:55 -0500] "GET /BLA/resoluciones/AUTOS%202021/0245.php?act=chmod&f=01617.pdf HTTP/1.1" 200 2715
201.245.192.253 - - [29/Jun/2024:11:23:57 -0500] "POST /forms/lservlet;jsessionid=ac16012b30d6716d42d0eef24d9cbe79d3fe11a80187.e3iSbxaKaheRe34OahmPbx4Oa3z0n6jAmljGr5XDqQLvpAe HTTP/1.1" 200 2
201.245.192.253 - - [29/Jun/2024:11:23:58 -0500] "GET /kwsrmcab/Wsrmcab?wsdl HTTP/1.1" 200 6948
47.128.97.121 - - [29/Jun/2024:11:24:14 -0500] "GET /BLA/resoluciones/AUTOS%202021/0245.php?act=f&f=3342.pdf HTTP/1.1" 200 2739
66.249.66.13 - - [29/Jun/2024:11:24:17 -0500] "GET /BLA/resoluciones/RESOLUCIONES%202022/4607.pdf HTTP/1.1" 200 401390
66.249.66.12 - - [29/Jun/2024:11:24:18 -0500] "GET /BLA/resoluciones/AUTOS%202023/2399.pdf HTTP/1.1" 200 904786
47.128.33.23 - - [29/Jun/2024:11:24:30 -0500] "GET /BLA/resoluciones/AUTOS%202021/0245.php?act=chmod&f=3562.pdf HTTP/1.1" 200 2715
47.128.54.254 - - [29/Jun/2024:11:24:47 -0500] "GET /BLA/resoluciones/AUTOS%202021/0245.php?act=f&f=01047.pdf HTTP/1.1" 200 2741
201.245.192.253 - - [29/Jun/2024:11:24:45 -0500] "POST /kwsrmcab/Wsrmcab  HTTP/1.1" 200 213
172.22.2.4 - - [29/Jun/2024:11:24:56 -0500] "GET /BLA/boletinlegal/Circulares/2013/Circular%20No.%205%20del%2013%20de%20junio%20de%202013.pdf HTTP/1.1" 304 -
201.245.192.253 - - [29/Jun/2024:11:24:58 -0500] "GET /kwsrmcab/Wsrmcab?wsdl HTTP/1.1" 200 6948
47.128.112.180 - - [29/Jun/2024:11:25:05 -0500] "GET /BLA/resoluciones/AUTOS%202021/0245.php?act=f&f=0918.pdf HTTP/1.1" 200 2739
66.249.66.12 - - [29/Jun/2024:11:25:18 -0500] "GET /BLA/resoluciones/RESOLUCIONES%202022/4446.pdf HTTP/1.1" 200 536463
47.128.125.35 - - [29/Jun/2024:11:25:24 -0500] "GET /BLA/resoluciones/AUTOS%202021/0245.php?act=f&c=1&f=1928.pdf HTTP/1.1" 200 2739
66.249.66.11 - - [29/Jun/2024:11:25:25 -0500] "GET /BLA/resoluciones/RESOLUCIONES%202022/0363.pdf HTTP/1.1" 200 8798131
66.249.66.11 - - [29/Jun/2024:11:25:27 -0500] "GET /BLA/resoluciones/RESOLUCIONES%202022/0282.pdf HTTP/1.1" 200 435168
172.22.2.4 - - [29/Jun/2024:11:23:51 -0500] "HEAD /BLA/boletinlegal/ HTTP/1.1" 200 -
47.128.126.113 - - [29/Jun/2024:11:25:41 -0500] "GET /BLA/resoluciones/AUTOS%202021/0245.php?act=chmod&f=3520.pdf HTTP/1.1" 200 2715
201.245.192.253 - - [29/Jun/2024:11:25:57 -0500] "POST /forms/lservlet;jsessionid=ac16012b30d6716d42d0eef24d9cbe79d3fe11a80187.e3iSbxaKaheRe34OahmPbx4Oa3z0n6jAmljGr5XDqQLvpAe HTTP/1.1" 200 2
201.245.192.253 - - [29/Jun/2024:11:25:58 -0500] "GET /kwsrmcab/Wsrmcab?wsdl HTTP/1.1" 200 6948
47.128.125.92 - - [29/Jun/2024:11:25:58 -0500] "GET /BLA/resoluciones/AUTOS%202021/0245.php?act=chmod&f=3189.pdf HTTP/1.1" 200 2715
47.128.49.66 - - [29/Jun/2024:11:26:12 -0500] "GET /BLA/resoluciones/AUTOS%202021/0245.php?act=f&f=1507.pdf HTTP/1.1" 200 2739
66.249.66.13 - - [29/Jun/2024:11:26:19 -0500] "GET /BLA/resoluciones/RESOLUCIONES%202022/3464.pdf HTTP/1.1" 200 593951
172.22.2.4 - - [29/Jun/2024:11:24:41 -0500] "GET /BLA/boletinlegal/ HTTP/1.1" 200 58720
47.128.36.226 - - [29/Jun/2024:11:26:31 -0500] "GET /BLA/resoluciones/AUTOS%202021/0245.php?act=f&f=0068.zip HTTP/1.1" 200 2741
47.128.127.206 - - [29/Jun/2024:11:26:47 -0500] "GET /BLA/resoluciones/AUTOS%202021/0245.php?act=f&f=3230.pdf HTTP/1.1" 200 2739
216.245.221.92 - - [29/Jun/2024:11:26:49 -0500] "HEAD / HTTP/1.1" 200 -
201.245.192.253 - - [29/Jun/2024:11:26:58 -0500] "GET /kwsrmcab/Wsrmcab?wsdl HTTP/1.1" 200 6948
47.128.39.83 - - [29/Jun/2024:11:27:04 -0500] "GET /BLA/resoluciones/AUTOS%202021/0245.php?act=chmod&f=01985.pdf HTTP/1.1" 200 2715
201.245.192.253 - - [29/Jun/2024:11:27:09 -0500] "POST /kwsrmcab/Wsrmcab HTTP/1.1" 200 33866
201.245.192.253 - - [29/Jun/2024:11:27:13 -0500] "POST /kwsrmcab/Wsrmcab HTTP/1.1" 200 35131
191.104.84.7 - - [29/Jun/2024:11:27:16 -0500] "POST /sipse/faces/presentacion/financiero/solicitudProceso/consultarSolicitudProceso.xhtml HTTP/1.1" 200 44854
191.104.84.7 - - [29/Jun/2024:11:27:16 -0500] "GET /sipse/faces/javax.faces.resource/theme.css?ln=primefaces-sipse HTTP/1.1" 304 -
191.104.84.7 - - [29/Jun/2024:11:27:16 -0500] "GET /sipse/faces/javax.faces.resource/jquery/jquery.js?ln=primefaces&v=4.0 HTTP/1.1" 304 -
191.104.84.7 - - [29/Jun/2024:11:27:16 -0500] "GET /sipse/faces/javax.faces.resource/primefaces.css?ln=primefaces&v=4.0 HTTP/1.1" 304 -
191.104.84.7 - - [29/Jun/2024:11:27:16 -0500] "GET /sipse/faces/javax.faces.resource/layout/layout.css?ln=primefaces&v=4.0 HTTP/1.1" 304 -
191.104.84.7 - - [29/Jun/2024:11:27:16 -0500] "GET /sipse/faces/javax.faces.resource/jquery/jquery-plugins.js?ln=primefaces&v=4.0 HTTP/1.1" 304 -
191.104.84.7 - - [29/Jun/2024:11:27:16 -0500] "GET /sipse/faces/javax.faces.resource/layout/layout.js?ln=primefaces&v=4.0 HTTP/1.1" 304 -
191.104.84.7 - - [29/Jun/2024:11:27:16 -0500] "GET /sipse/faces/javax.faces.resource/primefaces.js?ln=primefaces&v=4.0 HTTP/1.1" 304 -
191.104.84.7 - - [29/Jun/2024:11:27:16 -0500] "GET /sipse/faces/javax.faces.resource/images/ui-icons_898989_256x240.png?ln=primefaces-aristo HTTP/1.1" 304 -
191.104.84.7 - - [29/Jun/2024:11:27:18 -0500] "GET /sipse/faces/javax.faces.resource/images/ui-bg_flat_0_2d5972_40x100.png?ln=primefaces-aristo HTTP/1.1" 304 -
191.104.84.7 - - [29/Jun/2024:11:27:18 -0500] "POST /sipse/faces/presentacion/financiero/solicitudProceso/consultar.xhtml HTTP/1.1" 200 12770
191.104.84.7 - - [29/Jun/2024:11:27:19 -0500] "POST /sipse/faces/presentacion/financiero/solicitudProceso/consultar.xhtml HTTP/1.1" 200 124144
66.249.66.11 - - [29/Jun/2024:11:27:20 -0500] "GET /BLA/resoluciones/RESOLUCIONES%202022/2328.pdf HTTP/1.1" 304 -
191.104.84.7 - - [29/Jun/2024:11:27:20 -0500] "GET /sipse/faces/javax.faces.resource/jquery/jquery.js?ln=primefaces&v=4.0 HTTP/1.1" 304 -
191.104.84.7 - - [29/Jun/2024:11:27:20 -0500] "GET /sipse/faces/javax.faces.resource/jquery/jquery-plugins.js?ln=primefaces&v=4.0 HTTP/1.1" 304 -
191.104.84.7 - - [29/Jun/2024:11:27:20 -0500] "GET /sipse/faces/javax.faces.resource/primefaces.js?ln=primefaces&v=4.0 HTTP/1.1" 304 -
191.104.84.7 - - [29/Jun/2024:11:27:20 -0500] "GET /sipse/faces/javax.faces.resource/layout/layout.js?ln=primefaces&v=4.0 HTTP/1.1" 304 -
66.249.66.13 - - [29/Jun/2024:11:27:20 -0500] "GET /BLA/resoluciones/AUTOS%202023/10544.pdf HTTP/1.1" 200 496065
191.104.84.7 - - [29/Jun/2024:11:27:22 -0500] "POST /sipse/faces/presentacion/financiero/solicitudProceso/consultarSolicitudProceso.xhtml HTTP/1.1" 200 35366
191.104.84.7 - - [29/Jun/2024:11:27:22 -0500] "GET /sipse/faces/javax.faces.resource/primefaces.css?ln=primefaces&v=4.0 HTTP/1.1" 304 -
191.104.84.7 - - [29/Jun/2024:11:27:22 -0500] "GET /sipse/faces/javax.faces.resource/theme.css?ln=primefaces-sipse HTTP/1.1" 304 -
191.104.84.7 - - [29/Jun/2024:11:27:22 -0500] "GET /sipse/faces/javax.faces.resource/layout/layout.css?ln=primefaces&v=4.0 HTTP/1.1" 304 -
191.104.84.7 - - [29/Jun/2024:11:27:22 -0500] "GET /sipse/faces/javax.faces.resource/jquery/jquery.js?ln=primefaces&v=4.0 HTTP/1.1" 304 -
191.104.84.7 - - [29/Jun/2024:11:27:22 -0500] "GET /sipse/faces/javax.faces.resource/jquery/jquery-plugins.js?ln=primefaces&v=4.0 HTTP/1.1" 304 -
191.104.84.7 - - [29/Jun/2024:11:27:22 -0500] "GET /sipse/faces/javax.faces.resource/primefaces.js?ln=primefaces&v=4.0 HTTP/1.1" 304 -
191.104.84.7 - - [29/Jun/2024:11:27:22 -0500] "GET /sipse/faces/javax.faces.resource/layout/layout.js?ln=primefaces&v=4.0 HTTP/1.1" 304 -
191.104.84.7 - - [29/Jun/2024:11:27:22 -0500] "GET /sipse/faces/javax.faces.resource/images/ui-icons_898989_256x240.png?ln=primefaces-aristo HTTP/1.1" 304 -
47.128.41.198 - - [29/Jun/2024:11:27:23 -0500] "GET /BLA/resoluciones/AUTOS%202021/0245.php?act=f&f=3327.pdf HTTP/1.1" 200 2739
191.104.84.7 - - [29/Jun/2024:11:27:28 -0500] "POST /sipse/faces/presentacion/financiero/solicitudProceso/consultarHistorialSolProceso.xhtml HTTP/1.1" 200 169218
191.104.84.7 - - [29/Jun/2024:11:27:28 -0500] "GET /sipse/faces/javax.faces.resource/primefaces.css?ln=primefaces&v=4.0 HTTP/1.1" 304 -
191.104.84.7 - - [29/Jun/2024:11:27:28 -0500] "GET /sipse/faces/javax.faces.resource/theme.css?ln=primefaces-sipse HTTP/1.1" 304 -
191.104.84.7 - - [29/Jun/2024:11:27:28 -0500] "GET /sipse/faces/javax.faces.resource/jquery/jquery.js?ln=primefaces&v=4.0 HTTP/1.1" 304 -
191.104.84.7 - - [29/Jun/2024:11:27:28 -0500] "GET /sipse/faces/javax.faces.resource/layout/layout.css?ln=primefaces&v=4.0 HTTP/1.1" 304 -
191.104.84.7 - - [29/Jun/2024:11:27:28 -0500] "GET /sipse/faces/javax.faces.resource/jquery/jquery-plugins.js?ln=primefaces&v=4.0 HTTP/1.1" 304 -
191.104.84.7 - - [29/Jun/2024:11:27:28 -0500] "GET /sipse/faces/javax.faces.resource/primefaces.js?ln=primefaces&v=4.0 HTTP/1.1" 304 -
191.104.84.7 - - [29/Jun/2024:11:27:28 -0500] "GET /sipse/faces/javax.faces.resource/layout/layout.js?ln=primefaces&v=4.0 HTTP/1.1" 304 -
191.104.84.7 - - [29/Jun/2024:11:27:29 -0500] "GET /sipse/faces/javax.faces.resource/images/ui-icons_898989_256x240.png?ln=primefaces-aristo HTTP/1.1" 304 -
191.104.84.7 - - [29/Jun/2024:11:27:32 -0500] "POST /sipse/faces/presentacion/financiero/solicitudProceso/consultarSolicitudProceso.xhtml HTTP/1.1" 200 309471
47.128.30.241 - - [29/Jun/2024:11:27:38 -0500] "GET /BLA/resoluciones/AUTOS%202021/0245.php?act=f&f=2274.pdf HTTP/1.1" 200 2739
47.128.116.239 - - [29/Jun/2024:11:27:55 -0500] "GET /BLA/resoluciones/AUTOS%202021/0245.php?act=f&f=3520.pdf HTTP/1.1" 200 2739
191.104.84.7 - - [29/Jun/2024:11:27:56 -0500] "POST /sipse/faces/presentacion/financiero/solicitudProceso/consultarSolicitudProceso.xhtml HTTP/1.1" 200 44828
191.104.84.7 - - [29/Jun/2024:11:27:57 -0500] "GET /sipse/faces/javax.faces.resource/theme.css?ln=primefaces-sipse HTTP/1.1" 304 -
201.245.192.253 - - [29/Jun/2024:11:27:57 -0500] "POST /forms/lservlet;jsessionid=ac16012b30d6716d42d0eef24d9cbe79d3fe11a80187.e3iSbxaKaheRe34OahmPbx4Oa3z0n6jAmljGr5XDqQLvpAe HTTP/1.1" 200 2
191.104.84.7 - - [29/Jun/2024:11:27:57 -0500] "GET /sipse/faces/javax.faces.resource/primefaces.js?ln=primefaces&v=4.0 HTTP/1.1" 304 -
191.104.84.7 - - [29/Jun/2024:11:27:57 -0500] "GET /sipse/faces/javax.faces.resource/jquery/jquery.js?ln=primefaces&v=4.0 HTTP/1.1" 304 -
191.104.84.7 - - [29/Jun/2024:11:27:57 -0500] "GET /sipse/faces/javax.faces.resource/layout/layout.css?ln=primefaces&v=4.0 HTTP/1.1" 304 -
191.104.84.7 - - [29/Jun/2024:11:27:57 -0500] "GET /sipse/faces/javax.faces.resource/jquery/jquery-plugins.js?ln=primefaces&v=4.0 HTTP/1.1" 304 -
191.104.84.7 - - [29/Jun/2024:11:27:57 -0500] "GET /sipse/faces/javax.faces.resource/primefaces.css?ln=primefaces&v=4.0 HTTP/1.1" 304 -
191.104.84.7 - - [29/Jun/2024:11:27:57 -0500] "GET /sipse/faces/javax.faces.resource/layout/layout.js?ln=primefaces&v=4.0 HTTP/1.1" 304 -
191.104.84.7 - - [29/Jun/2024:11:27:57 -0500] "GET /sipse/faces/javax.faces.resource/images/ui-icons_898989_256x240.png?ln=primefaces-aristo HTTP/1.1" 304 -
172.22.2.4 - - [29/Jun/2024:11:27:57 -0500] "GET /BLA/boletinlegal/Circulares/2024/CIRCULAR%20No.%2000001%20DEL%2011%20DE%20ENERO%20DEL%202024.pdf HTTP/1.1" 200 298890
201.245.192.253 - - [29/Jun/2024:11:27:58 -0500] "GET /kwsrmcab/Wsrmcab?wsdl HTTP/1.1" 200 6948
191.104.84.7 - - [29/Jun/2024:11:27:58 -0500] "GET /sipse/faces/javax.faces.resource/images/ui-bg_flat_0_2d5972_40x100.png?ln=primefaces-aristo HTTP/1.1" 304 -
191.104.84.7 - - [29/Jun/2024:11:27:58 -0500] "POST /sipse/faces/presentacion/financiero/solicitudProceso/consultar.xhtml HTTP/1.1" 200 12760
47.128.113.188 - - [29/Jun/2024:11:28:12 -0500] "GET /BLA/resoluciones/AUTOS%202021/0245.php?act=chmod&f=00995.pdf HTTP/1.1" 200 2715
66.249.66.12 - - [29/Jun/2024:11:28:21 -0500] "GET /BLA/resoluciones/RESOLUCIONES%202022/0585.pdf HTTP/1.1" 200 368342
66.249.66.11 - - [29/Jun/2024:11:28:27 -0500] "GET /BLA/resoluciones/RESOLUCIONES%202022/3411.pdf HTTP/1.1" 200 452144
66.249.66.11 - - [29/Jun/2024:11:28:28 -0500] "GET /BLA/resoluciones/RESOLUCIONES%202022/5019.pdf HTTP/1.1" 200 467389
47.128.29.32 - - [29/Jun/2024:11:28:29 -0500] "GET /BLA/resoluciones/AUTOS%202021/0245.php?act=f&f=3499.pdf HTTP/1.1" 200 2739
191.104.84.7 - - [29/Jun/2024:11:28:49 -0500] "POST /sipse/faces/presentacion/financiero/solicitudProceso/consultar.xhtml HTTP/1.1" 200 123749
191.104.84.7 - - [29/Jun/2024:11:28:49 -0500] "GET /sipse/faces/javax.faces.resource/jquery/jquery.js?ln=primefaces&v=4.0 HTTP/1.1" 304 -
191.104.84.7 - - [29/Jun/2024:11:28:49 -0500] "GET /sipse/faces/javax.faces.resource/jquery/jquery-plugins.js?ln=primefaces&v=4.0 HTTP/1.1" 304 -
47.128.35.94 - - [29/Jun/2024:11:28:49 -0500] "GET /BLA/resoluciones/AUTOS%202021/0245.php?act=chmod&f=3605.pdf HTTP/1.1" 200 2715
191.104.84.7 - - [29/Jun/2024:11:28:49 -0500] "GET /sipse/faces/javax.faces.resource/primefaces.js?ln=primefaces&v=4.0 HTTP/1.1" 304 -
191.104.84.7 - - [29/Jun/2024:11:28:49 -0500] "GET /sipse/faces/javax.faces.resource/layout/layout.js?ln=primefaces&v=4.0 HTTP/1.1" 304 -
191.104.84.7 - - [29/Jun/2024:11:28:53 -0500] "POST /sipse/faces/presentacion/financiero/solicitudProceso/consultarSolicitudProceso.xhtml HTTP/1.1" 200 35368
191.104.84.7 - - [29/Jun/2024:11:28:53 -0500] "GET /sipse/faces/javax.faces.resource/theme.css?ln=primefaces-sipse HTTP/1.1" 304 -
191.104.84.7 - - [29/Jun/2024:11:28:53 -0500] "GET /sipse/faces/javax.faces.resource/jquery/jquery-plugins.js?ln=primefaces&v=4.0 HTTP/1.1" 304 -
191.104.84.7 - - [29/Jun/2024:11:28:53 -0500] "GET /sipse/faces/javax.faces.resource/layout/layout.css?ln=primefaces&v=4.0 HTTP/1.1" 304 -
191.104.84.7 - - [29/Jun/2024:11:28:53 -0500] "GET /sipse/faces/javax.faces.resource/primefaces.css?ln=primefaces&v=4.0 HTTP/1.1" 304 -
191.104.84.7 - - [29/Jun/2024:11:28:53 -0500] "GET /sipse/faces/javax.faces.resource/primefaces.js?ln=primefaces&v=4.0 HTTP/1.1" 304 -
191.104.84.7 - - [29/Jun/2024:11:28:53 -0500] "GET /sipse/faces/javax.faces.resource/jquery/jquery.js?ln=primefaces&v=4.0 HTTP/1.1" 304 -
191.104.84.7 - - [29/Jun/2024:11:28:53 -0500] "GET /sipse/faces/javax.faces.resource/layout/layout.js?ln=primefaces&v=4.0 HTTP/1.1" 304 -
191.104.84.7 - - [29/Jun/2024:11:28:53 -0500] "GET /sipse/faces/javax.faces.resource/images/ui-icons_898989_256x240.png?ln=primefaces-aristo HTTP/1.1" 304 -
201.245.192.253 - - [29/Jun/2024:11:28:58 -0500] "GET /kwsrmcab/Wsrmcab?wsdl HTTP/1.1" 200 6948
191.104.84.7 - - [29/Jun/2024:11:29:03 -0500] "POST /sipse/faces/presentacion/financiero/solicitudProceso/consultarHistorialSolProceso.xhtml HTTP/1.1" 200 168823
191.104.84.7 - - [29/Jun/2024:11:29:03 -0500] "GET /sipse/faces/javax.faces.resource/primefaces.css?ln=primefaces&v=4.0 HTTP/1.1" 304 -
191.104.84.7 - - [29/Jun/2024:11:29:03 -0500] "GET /sipse/faces/javax.faces.resource/theme.css?ln=primefaces-sipse HTTP/1.1" 304 -
191.104.84.7 - - [29/Jun/2024:11:29:03 -0500] "GET /sipse/faces/javax.faces.resource/jquery/jquery-plugins.js?ln=primefaces&v=4.0 HTTP/1.1" 304 -
191.104.84.7 - - [29/Jun/2024:11:29:03 -0500] "GET /sipse/faces/javax.faces.resource/primefaces.js?ln=primefaces&v=4.0 HTTP/1.1" 304 -
191.104.84.7 - - [29/Jun/2024:11:29:03 -0500] "GET /sipse/faces/javax.faces.resource/jquery/jquery.js?ln=primefaces&v=4.0 HTTP/1.1" 304 -
191.104.84.7 - - [29/Jun/2024:11:29:03 -0500] "GET /sipse/faces/javax.faces.resource/layout/layout.css?ln=primefaces&v=4.0 HTTP/1.1" 304 -
191.104.84.7 - - [29/Jun/2024:11:29:03 -0500] "GET /sipse/faces/javax.faces.resource/layout/layout.js?ln=primefaces&v=4.0 HTTP/1.1" 304 -
191.104.84.7 - - [29/Jun/2024:11:29:03 -0500] "GET /sipse/faces/javax.faces.resource/images/ui-icons_898989_256x240.png?ln=primefaces-aristo HTTP/1.1" 304 -
191.104.84.7 - - [29/Jun/2024:11:29:05 -0500] "POST /sipse/faces/presentacion/financiero/solicitudProceso/consultarSolicitudProceso.xhtml HTTP/1.1" 200 313367
191.104.84.7 - - [29/Jun/2024:11:29:20 -0500] "POST /sipse/faces/presentacion/financiero/solicitudProceso/consultarSolicitudProceso.xhtml HTTP/1.1" 200 44818
191.104.84.7 - - [29/Jun/2024:11:29:20 -0500] "GET /sipse/faces/javax.faces.resource/theme.css?ln=primefaces-sipse HTTP/1.1" 304 -
191.104.84.7 - - [29/Jun/2024:11:29:20 -0500] "GET /sipse/faces/javax.faces.resource/jquery/jquery.js?ln=primefaces&v=4.0 HTTP/1.1" 304 -
191.104.84.7 - - [29/Jun/2024:11:29:20 -0500] "GET /sipse/faces/javax.faces.resource/jquery/jquery-plugins.js?ln=primefaces&v=4.0 HTTP/1.1" 304 -
191.104.84.7 - - [29/Jun/2024:11:29:20 -0500] "GET /sipse/faces/javax.faces.resource/layout/layout.css?ln=primefaces&v=4.0 HTTP/1.1" 304 -
191.104.84.7 - - [29/Jun/2024:11:29:20 -0500] "GET /sipse/faces/javax.faces.resource/primefaces.js?ln=primefaces&v=4.0 HTTP/1.1" 304 -
191.104.84.7 - - [29/Jun/2024:11:29:20 -0500] "GET /sipse/faces/javax.faces.resource/layout/layout.js?ln=primefaces&v=4.0 HTTP/1.1" 304 -
191.104.84.7 - - [29/Jun/2024:11:29:20 -0500] "GET /sipse/faces/javax.faces.resource/primefaces.css?ln=primefaces&v=4.0 HTTP/1.1" 304 -
191.104.84.7 - - [29/Jun/2024:11:29:20 -0500] "GET /sipse/faces/javax.faces.resource/images/ui-icons_898989_256x240.png?ln=primefaces-aristo HTTP/1.1" 304 -
201.245.192.253 - - [29/Jun/2024:11:29:19 -0500] "POST /kwsrmcab/Wsrmcab HTTP/1.1" 200 33475
66.249.66.13 - - [29/Jun/2024:11:29:21 -0500] "GET /BLA/resoluciones/RESOLUCIONES%202022/0319.pdf HTTP/1.1" 200 335676
191.104.84.7 - - [29/Jun/2024:11:29:31 -0500] "GET /sipse/faces/javax.faces.resource/images/ui-bg_flat_0_2d5972_40x100.png?ln=primefaces-aristo HTTP/1.1" 304 -
191.104.84.7 - - [29/Jun/2024:11:29:31 -0500] "POST /sipse/faces/presentacion/financiero/solicitudProceso/consultar.xhtml HTTP/1.1" 200 12781
191.104.84.7 - - [29/Jun/2024:11:29:33 -0500] "POST /sipse/faces/presentacion/financiero/solicitudProceso/consultar.xhtml HTTP/1.1" 200 128032
191.104.84.7 - - [29/Jun/2024:11:29:33 -0500] "GET /sipse/faces/javax.faces.resource/jquery/jquery.js?ln=primefaces&v=4.0 HTTP/1.1" 304 -
191.104.84.7 - - [29/Jun/2024:11:29:33 -0500] "GET /sipse/faces/javax.faces.resource/jquery/jquery-plugins.js?ln=primefaces&v=4.0 HTTP/1.1" 304 -
191.104.84.7 - - [29/Jun/2024:11:29:33 -0500] "GET /sipse/faces/javax.faces.resource/primefaces.js?ln=primefaces&v=4.0 HTTP/1.1" 304 -
191.104.84.7 - - [29/Jun/2024:11:29:33 -0500] "GET /sipse/faces/javax.faces.resource/layout/layout.js?ln=primefaces&v=4.0 HTTP/1.1" 304 -
191.104.84.7 - - [29/Jun/2024:11:29:41 -0500] "POST /sipse/faces/presentacion/financiero/solicitudProceso/consultarSolicitudProceso.xhtml HTTP/1.1" 200 37423
191.104.84.7 - - [29/Jun/2024:11:29:41 -0500] "GET /sipse/faces/javax.faces.resource/theme.css?ln=primefaces-sipse HTTP/1.1" 304 -
191.104.84.7 - - [29/Jun/2024:11:29:41 -0500] "GET /sipse/faces/javax.faces.resource/primefaces.css?ln=primefaces&v=4.0 HTTP/1.1" 304 -
191.104.84.7 - - [29/Jun/2024:11:29:41 -0500] "GET /sipse/faces/javax.faces.resource/layout/layout.css?ln=primefaces&v=4.0 HTTP/1.1" 304 -
191.104.84.7 - - [29/Jun/2024:11:29:41 -0500] "GET /sipse/faces/javax.faces.resource/jquery/jquery.js?ln=primefaces&v=4.0 HTTP/1.1" 304 -
191.104.84.7 - - [29/Jun/2024:11:29:41 -0500] "GET /sipse/faces/javax.faces.resource/jquery/jquery-plugins.js?ln=primefaces&v=4.0 HTTP/1.1" 304 -
191.104.84.7 - - [29/Jun/2024:11:29:41 -0500] "GET /sipse/faces/javax.faces.resource/primefaces.js?ln=primefaces&v=4.0 HTTP/1.1" 304 -
191.104.84.7 - - [29/Jun/2024:11:29:41 -0500] "GET /sipse/faces/javax.faces.resource/layout/layout.js?ln=primefaces&v=4.0 HTTP/1.1" 304 -
191.104.84.7 - - [29/Jun/2024:11:29:41 -0500] "GET /sipse/faces/javax.faces.resource/images/ui-icons_898989_256x240.png?ln=primefaces-aristo HTTP/1.1" 304 -
201.245.192.253 - - [29/Jun/2024:11:29:44 -0500] "POST /kwsrmcab/Wsrmcab  HTTP/1.1" 200 213
201.245.192.253 - - [29/Jun/2024:11:29:57 -0500] "POST /forms/lservlet;jsessionid=ac16012b30d6716d42d0eef24d9cbe79d3fe11a80187.e3iSbxaKaheRe34OahmPbx4Oa3z0n6jAmljGr5XDqQLvpAe HTTP/1.1" 200 2
201.245.192.253 - - [29/Jun/2024:11:29:58 -0500] "GET /kwsrmcab/Wsrmcab?wsdl HTTP/1.1" 200 6948
201.245.192.253 - - [29/Jun/2024:11:29:58 -0500] "POST /kwsrmcab/Wsrmcab HTTP/1.1" 200 35131
191.104.84.7 - - [29/Jun/2024:11:30:05 -0500] "GET /sipse/faces/javax.faces.resource/theme.css?ln=primefaces-sipse HTTP/1.1" 304 -
191.104.84.7 - - [29/Jun/2024:11:30:05 -0500] "GET /sipse/faces/javax.faces.resource/primefaces.css?ln=primefaces&v=4.0 HTTP/1.1" 304 -
191.104.84.7 - - [29/Jun/2024:11:30:05 -0500] "GET /sipse/faces/javax.faces.resource/jquery/jquery.js?ln=primefaces&v=4.0 HTTP/1.1" 304 -
191.104.84.7 - - [29/Jun/2024:11:30:05 -0500] "GET /sipse/faces/javax.faces.resource/layout/layout.css?ln=primefaces&v=4.0 HTTP/1.1" 304 -
191.104.84.7 - - [29/Jun/2024:11:30:05 -0500] "GET /sipse/faces/javax.faces.resource/jquery/jquery-plugins.js?ln=primefaces&v=4.0 HTTP/1.1" 304 -
191.104.84.7 - - [29/Jun/2024:11:30:05 -0500] "POST /sipse/faces/presentacion/financiero/solicitudProceso/consultarHistorialSolProceso.xhtml HTTP/1.1" 200 173106
191.104.84.7 - - [29/Jun/2024:11:30:05 -0500] "GET /sipse/faces/javax.faces.resource/primefaces.js?ln=primefaces&v=4.0 HTTP/1.1" 304 -
191.104.84.7 - - [29/Jun/2024:11:30:05 -0500] "GET /sipse/faces/javax.faces.resource/layout/layout.js?ln=primefaces&v=4.0 HTTP/1.1" 304 -
191.104.84.7 - - [29/Jun/2024:11:30:06 -0500] "GET /sipse/faces/javax.faces.resource/images/ui-icons_898989_256x240.png?ln=primefaces-aristo HTTP/1.1" 304 -
191.104.84.7 - - [29/Jun/2024:11:30:18 -0500] "POST /sipse/faces/presentacion/financiero/solicitudProceso/consultarSolicitudProceso.xhtml HTTP/1.1" 200 298524
66.249.66.13 - - [29/Jun/2024:11:30:22 -0500] "GET /BLA/resoluciones/RESOLUCIONES%202022/2318.pdf HTTP/1.1" 200 379892
66.249.66.11 - - [29/Jun/2024:11:30:23 -0500] "GET /BLA/resoluciones/AUTOS%202023/0760.pdf HTTP/1.1" 200 402155
66.249.66.12 - - [29/Jun/2024:11:30:28 -0500] "GET /BLA/resoluciones/RESOLUCIONES%202022/3601.pdf HTTP/1.1" 200 440423
66.249.66.11 - - [29/Jun/2024:11:30:29 -0500] "GET /BLA/resoluciones/RESOLUCIONES%202022/4736.pdf HTTP/1.1" 200 582258
66.249.66.12 - - [29/Jun/2024:11:30:29 -0500] "GET /BLA/resoluciones/RESOLUCIONES%202022/0443.pdf HTTP/1.1" 200 337507
201.245.192.253 - - [29/Jun/2024:11:30:58 -0500] "GET /kwsrmcab/Wsrmcab?wsdl HTTP/1.1" 200 6948
172.22.2.4 - - [29/Jun/2024:11:29:41 -0500] "HEAD /BLA/boletinlegal/ HTTP/1.1" 200 -
66.249.66.11 - - [29/Jun/2024:11:31:23 -0500] "GET /silvicultura/1.pdf HTTP/1.1" 200 334952
66.249.66.13 - - [29/Jun/2024:11:31:24 -0500] "GET /BLA/resoluciones/RESOLUCIONES%202022/2354.pdf HTTP/1.1" 200 412381
66.249.66.12 - - [29/Jun/2024:11:31:30 -0500] "GET /BLA/resoluciones/RESOLUCIONES%202022/2976.pdf HTTP/1.1" 200 445962
66.249.66.11 - - [29/Jun/2024:11:31:37 -0500] "GET /BLA/resoluciones/RESOLUCIONES%202022/0101.pdf HTTP/1.1" 200 414796
66.249.66.11 - - [29/Jun/2024:11:31:43 -0500] "GET /BLA/resoluciones/RESOLUCIONES%202022/1296.pdf HTTP/1.1" 200 343851
216.245.221.92 - - [29/Jun/2024:11:31:49 -0500] "HEAD / HTTP/1.1" 200 -
