186.154.56.72 - - [03/Jul/2024:13:41:05 -0500] "GET /sipse/faces/javax.faces.resource/primefaces.css?ln=primefaces&v=4.0 HTTP/1.1" 304 -
186.154.56.72 - - [03/Jul/2024:13:41:05 -0500] "GET /sipse/faces/javax.faces.resource/jquery/jquery-plugins.js?ln=primefaces&v=4.0 HTTP/1.1" 304 -
186.154.56.72 - - [03/Jul/2024:13:41:05 -0500] "GET /sipse/faces/javax.faces.resource/primefaces.js?ln=primefaces&v=4.0 HTTP/1.1" 304 -
186.154.56.72 - - [03/Jul/2024:13:41:05 -0500] "GET /sipse/faces/javax.faces.resource/layout/layout.js?ln=primefaces&v=4.0 HTTP/1.1" 304 -
186.154.56.72 - - [03/Jul/2024:13:41:06 -0500] "POST /sipse/faces/presentacion/financiero/solicitudProceso/listarSolicitudProceso.xhtml HTTP/1.1" 200 1396
186.154.56.72 - - [03/Jul/2024:13:41:08 -0500] "POST /sipse/faces/presentacion/financiero/solicitudProceso/listarSolicitudProceso.xhtml HTTP/1.1" 200 911
201.245.192.253 - - [03/Jul/2024:13:41:34 -0500] "GET /kwsrmcab/Wsrmcab?wsdl HTTP/1.1" 200 6948
201.245.192.253 - - [03/Jul/2024:13:41:39 -0500] "POST /kwsrmcab/Wsrmcab  HTTP/1.1" 200 38894
201.245.192.253 - - [03/Jul/2024:13:42:10 -0500] "POST /forms/lservlet;jsessionid=ac16012b30d6716d42d0eef24d9cbe79d3fe11a80187.e3iSbxaKaheRe34OahmPbx4Oa3z0n6jAmljGr5XDqQLvpAe HTTP/1.1" 200 2
186.102.32.27 - - [03/Jul/2024:13:42:32 -0500] "GET /kwssiamovil/sm/acme/a?s=U2FsdGVkX1+hNAPBLcXyOwiEPGClyzOwj+OZcG1E+M5SSNJsTmlOgEQIah8Cv86WaR0G9REt8r77kacC+15BOa1zAEl6C0ZPsvwHkmmJGrI0mcMvx5nWFecNbpx8WCL1RNzZetTYj01sglmaHP6PdbOlUfVtomJlStI14h+0oa2NY1UFBDFuo22eEYt5WhH47nnyJTd5wIakEWnL1hoISVQCgImk8VPJfTzTueaR0eo6Im8C2CUoLOgJEbVOr3vFqm46qha5FGMMCxw6E5H2ng==&u=U2FsdGVkX1+bR2/Rvtgu0G4QdZQq9d5X0sCQA6WzuaEWka14+RDORQpUyyRZLKtx&y=U2FsdGVkX19psR0hP72kU54jT/f2xFQWsuLnhsCqM710e0cHFcK9Z4+rSf8TOTnx HTTP/1.1" 200 26
186.102.32.27 - - [03/Jul/2024:13:42:32 -0500] "GET /kwssiamovil/sm/acme/a?s=U2FsdGVkX19TTHgj0dTEblslRYwIRya81LaEDJwX/tcUZ7jD+j8P5uqEbefDALVIi5as/1KGMMRSCmAYJo1ctUj+DkfkEQVYgFvdbKoFzoP9IAGR6YM6Bpp91M2wCxFx3748uy+npTu4vHO1D1BfhBKaSEyWkB/SM3nFkT5UwH1vgn9mALMTwtyoihl7BUSDh3bI8m1J23oJlMEpncAYoH56K1De+XFXHRvxusFSsPs38Ghf53C7Kqc3SwRIcabPSFOSE2uHLR/jv6yydOUQd/jCsrDXh0vOUeHbQHZa0p527Hm7G4HOFVYciDANZD/X67yB2AJQyajwv/WdZA8AL16Z7uHlfceGiadwn4WGBYlpWr1BHonVX+ehx9n9/49CHghMDlqYqjyznd/v9+lHdmVYE5jHEWS6aR2Uw+r/kegyg2CjLtiDBECLkCFLVhVRi6nKObMhEQ/NRSZZmcqxClk6YKagQmIDwvuTfZ4/uvk5J6yuJ3Wp/u5WYm2VmqKqNtAPrRrrQIPlz5LGywVejCgrWQvOZ3V6b5i4aOqASXrFtryP7WsnurActUO6LnN3+YvTcWVwpzUH67+NonvBYlG53z5G5OE4xtqkGE3k7KmjF0doZ8afRDytvYvzaPDAnoBBKESKz/KY8+vNFBryzODPYqR1bDDpzVRk3dhq5kD8Nk+d9/8movLXuPdGb1dZfwPvT75wLeELvBOtoMiYmcrNoWC7RHJZAwlq2fBuVz9CX6ao9+zEVWCjVEP6qkQj09xkuUkgLRMjxtRsVmivLAheKTu5BFULYoCLQx0wSxWAQJFvcFgI5NLw2umlnLqEtHyz41tBTd8FnULVuG3JjgQ1wrXlYKQMbpvZXx4X74Z2VdnahW+2QQX3w46L1TKEU9t6iHrNe6cl0Xqr0x2jTueD2KeoUVKbA8h/ZpiIC20qXL41vXKqUA7zDeuC7899B8H/5LUYiPKe89JSlwPM9EIboMvo0N/LSm7bBaRjzGFFwGy2M5t9UWcLuH/uQoaXfyZn7gHhzpQa7rNXksoC+DPDD82uvsND1H6LKKDK0gh0cQlpa/zpkWeL8rh/BBVrQGM/zb0Ayxd5K8WiK6Nz93O90kI0Gx9ftwRpXcUXLTjgHP3ZA6TV5SdnCvixdOZxnflOJ7hfaIBbT/SBsV6p6VbHLEU9zrHxH6OotXDhX213xvHEum4K4v4EeduKvvnU1bTRnjgQJpyebduAhpzOP/dSyeg/5KtRBTMabLko9XEZ9Rwnde+bFUqSd4Fl0fGsp4a7Cvy7uohLVIzvaITMtq7oOAeCg5oGZNtI/b0U7awHV4bQPxrZuViuCZd5Zqg8iNTDpTNIAE0r/JOGOxzHQVNabebkDtt+XjEZlbgQuKiAL0F1qZ5S8Zop+6yqFAXh/dLJ6SRkQJaVXXNWSdKEI41Kkg1vj6STujs4sO9FbxqkdskE5uBCvrOVXD6yWaxrGKatwLf6QIKbw8KGGgb8fIKeoBPvnbNFAyIYr0u+qjm0sVYbMGIkbBjGWWV28ZU9x00Z5OPdx4RzHKtcm/kXF8G+NFPxvNaU0VuXNr9sKbUE9N9eexSqZPoLfa/RjwpcMXeuQut44HCK4tkiof1icspc9Ry0KzXmdWqb06L9dblOkmMlzWvZNw4gCZdzc+RWbovHtfS3u17Y7xAGpf6f/A==&u=U2FsdGVkX1+bR2/Rvtgu0G4QdZQq9d5X0sCQA6WzuaEWka14+RDORQpUyyRZLKtx&y=U2FsdGVkX19psR0hP72kU54jT/f2xFQWsuLnhsCqM710e0cHFcK9Z4+rSf8TOTnx HTTP/1.1" 200 26
186.102.32.27 - - [03/Jul/2024:13:42:33 -0500] "GET /kwssiamovil/sm/acme/a?s=U2FsdGVkX1/mY8cur/r4u63ZKUipWlJxZc7uP9ckO8F4Yezr1EHA9kD3ATHR+ZtcKaCaeRTVQ4bJHUFljKSAtpJPHxfOUerz8rr62FwgSzgr5//uJq+lx2GzBdUqOMIXVl7SeO9t196tI6Da9lmBNUNpxEBxYsvFCDgLTr2fbzA=&u=U2FsdGVkX1+bR2/Rvtgu0G4QdZQq9d5X0sCQA6WzuaEWka14+RDORQpUyyRZLKtx&y=U2FsdGVkX19psR0hP72kU54jT/f2xFQWsuLnhsCqM710e0cHFcK9Z4+rSf8TOTnx HTTP/1.1" 200 26
186.102.32.27 - - [03/Jul/2024:13:42:33 -0500] "GET /kwssiamovil/sm/acme/a?s=U2FsdGVkX1/Zsh1oty9mDcafkNXm8IBcE2s6Z+uztu5MAEZW9T0Pm1m9PlLGDjMTyqi7ibqs7xsP5olY/EJXsCyvosY2bqvt9xYpM1jBdVjLKUodKwXQ0b8JK7pVWjky6gJp5WFdxtpo9yh+QzZpwnUevv4/eVHi9+X/30c3XyM=&u=U2FsdGVkX1+bR2/Rvtgu0G4QdZQq9d5X0sCQA6WzuaEWka14+RDORQpUyyRZLKtx&y=U2FsdGVkX19psR0hP72kU54jT/f2xFQWsuLnhsCqM710e0cHFcK9Z4+rSf8TOTnx HTTP/1.1" 200 26
186.102.32.27 - - [03/Jul/2024:13:42:33 -0500] "GET /kwssiamovil/sm/acme/a?s=U2FsdGVkX1/A1jpbAUAc8IjejivMOwJ/OuGCgzgC8dBxZQ9ap/K/iISuTXReQUDVdE2Jtu9x86Rg/oDJdGDLK6nLviEEQxkm11PhOQz4VrmG46zFus5aqWeZiUKUZHp0ymuHiCxvB5oXls6KyGtRmbQum2+7uhSdYUOM8S5Viyc=&u=U2FsdGVkX1+bR2/Rvtgu0G4QdZQq9d5X0sCQA6WzuaEWka14+RDORQpUyyRZLKtx&y=U2FsdGVkX19psR0hP72kU54jT/f2xFQWsuLnhsCqM710e0cHFcK9Z4+rSf8TOTnx HTTP/1.1" 200 26
186.102.32.27 - - [03/Jul/2024:13:42:34 -0500] "GET /kwssiamovil/sm/acme/a?s=U2FsdGVkX1+FSCk1i9O3+ueUiDuPS9DgWeAiCNGHCdewHmgJpe905QpF80hZ6SYgNxrtrtdLptaUFcesSJslfsG+hBy3Ca9Nu+AQTUCSzEnD/Bw4OcADEtudlUpGQyktG/RMJnn7QPLbl6z8IeaNXCac4BwRpv/O5lIT8hYyOupcRF9DQru05sNSbg8KdkyQSDlo+G0kS8PTSy5MOrY7ow==&u=U2FsdGVkX1+bR2/Rvtgu0G4QdZQq9d5X0sCQA6WzuaEWka14+RDORQpUyyRZLKtx&y=U2FsdGVkX19psR0hP72kU54jT/f2xFQWsuLnhsCqM710e0cHFcK9Z4+rSf8TOTnx HTTP/1.1" 200 26
201.245.192.253 - - [03/Jul/2024:13:42:34 -0500] "GET /kwsrmcab/Wsrmcab?wsdl HTTP/1.1" 200 6948
190.217.54.222 - - [03/Jul/2024:13:43:27 -0500] "POST /sipse/faces/presentacion/financiero/solicitudProceso/listarSolicitudProceso.xhtml HTTP/1.1" 200 2840
201.245.192.253 - - [03/Jul/2024:13:43:34 -0500] "GET /kwsrmcab/Wsrmcab?wsdl HTTP/1.1" 200 6948
201.245.192.253 - - [03/Jul/2024:13:44:10 -0500] "POST /forms/lservlet;jsessionid=ac16012b30d6716d42d0eef24d9cbe79d3fe11a80187.e3iSbxaKaheRe34OahmPbx4Oa3z0n6jAmljGr5XDqQLvpAe HTTP/1.1" 200 2
216.245.221.92 - - [03/Jul/2024:13:44:26 -0500] "HEAD / HTTP/1.1" 200 -
201.245.192.253 - - [03/Jul/2024:13:44:34 -0500] "GET /kwsrmcab/Wsrmcab?wsdl HTTP/1.1" 200 6948
172.22.2.4 - - [03/Jul/2024:13:42:54 -0500] "GET /BLA/boletinlegal/ HTTP/1.1" 200 54913
172.22.2.4 - - [03/Jul/2024:13:43:42 -0500] "HEAD /BLA/boletinlegal/ HTTP/1.1" 200 -
172.22.2.4 - - [03/Jul/2024:13:45:26 -0500] "GET /BLA/boletinlegal/actos.php HTTP/1.1" 200 9738
201.245.192.253 - - [03/Jul/2024:13:45:34 -0500] "GET /kwsrmcab/Wsrmcab?wsdl HTTP/1.1" 200 6948
172.22.2.4 - - [03/Jul/2024:13:44:09 -0500] "GET /BLA/boletinlegal/ HTTP/1.1" 200 43593
172.22.2.4 - - [03/Jul/2024:13:46:08 -0500] "GET /BLA/boletinlegal/Directivas/2014/Directiva%20No.%202%20del%205%20de%20Mayo%20de%202014.pdf HTTP/1.1" 304 -
201.245.192.253 - - [03/Jul/2024:13:46:10 -0500] "POST /forms/lservlet;jsessionid=ac16012b30d6716d42d0eef24d9cbe79d3fe11a80187.e3iSbxaKaheRe34OahmPbx4Oa3z0n6jAmljGr5XDqQLvpAe HTTP/1.1" 200 2
172.22.2.4 - - [03/Jul/2024:13:44:33 -0500] "GET /BLA/boletinlegal/ HTTP/1.1" 200 49224
201.245.192.253 - - [03/Jul/2024:13:46:34 -0500] "GET /kwsrmcab/Wsrmcab?wsdl HTTP/1.1" 200 6948
201.245.192.253 - - [03/Jul/2024:13:46:36 -0500] "POST /kwsrmcab/Wsrmcab  HTTP/1.1" 200 38894
152.202.80.127 - - [03/Jul/2024:13:46:41 -0500] "GET /kwssiamovil/sm/ldap/au?x=U2FsdGVkX18hBtpP9YenYtXaZFnzpw2t5ROLoRs73IAtkImBdeT1iAS2mlIg1/5g&y=U2FsdGVkX1+FPJ55MqbVUN5QhtLFhSXygNedDkK1XSRFAjIr2o0/3o76qV1+ldf+ HTTP/1.1" 200 30
152.202.80.127 - - [03/Jul/2024:13:46:41 -0500] "GET /kwssiamovil/sm/acme/s?s=U2FsdGVkX18lqZ+v6O7KuPVh6KOGmIH1M6JpcLjggjtI3Ty9qvipHd7AqOm1ogGtSiIhxfE/IogXgX4TvGIw1iQ+0kmvuAmOMGBc+b50PRc=&u=U2FsdGVkX1+4p+nH4hvRh277d9vyW9FA/URQtARowv1022KV7FOXTb831k4pFl1y&y=U2FsdGVkX1+FPJ55MqbVUN5QhtLFhSXygNedDkK1XSRFAjIr2o0/3o76qV1+ldf+ HTTP/1.1" 200 97
152.202.80.127 - - [03/Jul/2024:13:46:41 -0500] "GET /kwssiamovil/sm/acme/s?s=U2FsdGVkX1/T3SsKUkpGsUlKR/7ThQ1RY87KhbR1es37tFr6JZ4DUJifxdUyzdIOKK5QnfiWWOaLkZMbVRhFSK2ZHo7Q2LFwzte/EIDDR6I2Tb3UpXxs1wW8/ecowtLq/HtKiZCFgcSSjN7mZ9mfTdhPRJSrwaO18BEF4ekGHi8egJAMLAjg2tTOEAWAD4d7Do76Dbh0JH6g62kTOTtA38K9v2wAwHj6fJtYAXGeYoIyqMgLxEd8HIUylQ/mg17U/1bX+nmbiPjjaFaqWWtzIsT5S1FDvfJF6nKy4D4xXkpKiuFKy5SD7BGd6+4tjUk++vXysEAIQI+VA1bu8/gL6KQh7SRQgLNsox4fVO2hrdB3sNNSlxgTxBJJMaIkNQ+wc1KkXE8uuZUYMQnAI7UaBtecZfoKurPuTUa84Tjf9zkWfc8fluyvWtObHPrd6GwpSMy7TCm+zUE87kUNB1R7j7fccjNEDl2ucXtZlpUBOuukCznwRXFuCSOmETAT5SBv5hBoCpR4STjAiuD5Nu5IJ5JRFrVMm3bUrfoMhNcE6/FP1dcMMZHUNpqGCBIJPv7xSlSXIE8/hWgx23Q33nkpLW7nyg46F8IG09otDi5zl3dlHZNgHbHsqKFci4gpM/BXEhzgwrPRNLcabfueOsu1Wv7/NQfyBTlC3Ojl5vw/9T1ZZOYG4FQCh/Ybl/+iaq2VaCy/gBE4ocnumUBLBeXGnsxhtvMCNFwOFEle41ErwxSK94ogkZJLlx/UeOoellZdULHHJAWtyQTatMG+1BkQ6JP493k7NKMxSX+qoXpEOoCORCridB7UTWrR2PkxW30vJOp0S30X35qz8AVemjfgGluH4/G0LpGaE7Bi/BThxONS9dbbMnNpwyF8wciqzpr8XyvZwVKOYICX3L1imJw3zmG1rpfOteP8YLZT2J/k7V659iRNN/179qJeGrFJpV0SaGXvRLgzFH6JxIK1oz4tfgqTrF1MeZyf1JdaCc7MBEZ22nmqqneamHl6zqcMxnIynbGbs/+MEVDqo9gElJ1xXuERGebRRoNIsKnEOcafZpmgPfYH2OmpmI43bGdpJrWhUKXQ0KJ+XmYAC2BOkJm4EmPI+f/uHWiQTSaad9OL7tY76a0AAngKzqpRfJTJNLK4hk2z0zYlPKxHPCCTV/ePei+OtAFXtf80cWBuZr8LpgmOP6hjd89JXBeFXlUuf6WkUAUp98mgsbkXLRCtkgHVpACh3QsOpXolsgAwQ2v1cCb3ZLFHrYTiAfoppk29zA0cpupdjLV56seUwKyW+Sk2/9og/+00BU8b/cdme2I1fPUsesTV+tYfOTbPYHklPSiZ1qBuyGM/Mlz85bx7JX2cJNpUHXUTSozx9a47p3lS1vNUHD2P4QOHXEBSeqZbP/xbF5mXpznlxSnGiwtQW5y2p2/WSLbKLm6EhKGL6Q4oF4HIMp5y6bQRq1zE4fKdABf4NPUaOQK+AA5mYjWlQB9Xxe2g+U8gssiNYD/xblJlmsYuzBY4suKjZ35DomIWJXw/PLkYNH7R79NbUxe9nY+u/Mfu6/rUnRdcYTHkgnbdhrA3dwxCVi0lTPk76ubL6G1Cg/+Y+5Oi/kUtIf7SuQnvNVZZ1NjhFYuSdlnm0id6agwIVw7cp2JEtbtPJ+FGjCp94Yz5hCo22O0t0NwNxJoc3avHrQVPziYtGbpJYpwPr0dSbiHJdjU0lHBvAyDoTCjD2LvxLAHle5CUksxkCdBJHU9e9yrb1M/vvYdcj7963TfAwa4l4UpbaWpOVSq+zLB7&u=U2FsdGVkX1+4p+nH4hvRh277d9vyW9FA/URQtARowv1022KV7FOXTb831k4pFl1y&y=U2FsdGVkX1+FPJ55MqbVUN5QhtLFhSXygNedDkK1XSRFAjIr2o0/3o76qV1+ldf+ HTTP/1.1" 200 733
152.202.80.127 - - [03/Jul/2024:13:46:41 -0500] "GET /kwssiamovil/sm/acme/s?s=U2FsdGVkX1+C9kTYGSt1tuIrseTaQiNucBB+oSOSrdOrQrjT0+QedQXTy+yyk7LOMh2VJxcv8t/RXFsGeeiJcGTrdD+y+03bARpvPONY2MEXuVnrfaetowcZhyLajRRRXAri2yuQybe1Odg3anUCzT2p7VmIZV75mNfW56eweQYKjUGY0U9xTlwfpShWyjkDUQHxS/XzOb+ZnGpLyf0hPHpCPLndzy4xudEAqKEarh+zVVH+PeuR1JjiE76c06fTqncAuQipvbmcwICpZyMXgkjym33wCiNsHqerP2OKm0u2TESKT8DT/br9fEdZVjmXqo88n+qA8hUDZjFFIgrB+bDuac3Yxph9Lk2oS2u/D9jCgvND/TI0Et94swhU2ghb+w70m0qbcuLkdP1NqjrVZu4u9OuPTDK/NeW+8e3NmFOAmhBwiJmVRZc9BXc6fSg/6qMtAf8AsncxNpuPLbZzwNI4ZUE0Ou9ywlsC6ipB4iUuJbpk5u5PQb9+3UABs6Rg//Nx3LmM/qHzuTw/2+5agoikX2oYkYJdlta+oJxL1BtBzIIsSfQV4sriptMTAgxDVMUmQc6R3TIsTPovG90eC4fKEc56zATvPXtdtYy0Zg/Y+zYrEbsGF0VXxd1zr35PdqJuiXyFcDJM+ahMgmkfiFWLnE2flRg0RTciOiU4QhlOQSZtSRTS7xXrAYKrscCkKmmbC2vNruOWbORVNCqElr7qbDXjT5xksGlLs6xsnj4jMrgmiNBCGAV7WIPzp1Dg&u=U2FsdGVkX1+4p+nH4hvRh277d9vyW9FA/URQtARowv1022KV7FOXTb831k4pFl1y&y=U2FsdGVkX1+FPJ55MqbVUN5QhtLFhSXygNedDkK1XSRFAjIr2o0/3o76qV1+ldf+ HTTP/1.1" 200 208
152.202.80.127 - - [03/Jul/2024:13:46:41 -0500] "GET /kwssiamovil/sm/cjson/pre?f=1&x=U2FsdGVkX18hBtpP9YenYtXaZFnzpw2t5ROLoRs73IAtkImBdeT1iAS2mlIg1/5g HTTP/1.1" 200 30244
54.146.244.98 - - [03/Jul/2024:13:47:19 -0500] "GET /el-bienestar-de-las-familias-sera-el-tema-central-del-distrito-en-el-mes-de-mayo-bajo-el-lema-nos-movemos-por-las-familias-bogotaavanzaenfamilia.html HTTP/1.1" 200 1139
54.146.244.98 - - [03/Jul/2024:13:47:20 -0500] "GET /distrito-exalto-a-246-empresas-de-bogota-por-su-alto-desempeno-y-responsabilidad-ambiental-durante-2023.html HTTP/1.1" 200 1039
201.245.192.253 - - [03/Jul/2024:13:47:34 -0500] "GET /kwsrmcab/Wsrmcab?wsdl HTTP/1.1" 200 6948
201.245.192.253 - - [03/Jul/2024:13:48:10 -0500] "POST /forms/lservlet;jsessionid=ac16012b30d6716d42d0eef24d9cbe79d3fe11a80187.e3iSbxaKaheRe34OahmPbx4Oa3z0n6jAmljGr5XDqQLvpAe HTTP/1.1" 200 2
201.245.192.253 - - [03/Jul/2024:13:48:34 -0500] "GET /kwsrmcab/Wsrmcab?wsdl HTTP/1.1" 200 6948
201.245.192.253 - - [03/Jul/2024:13:48:42 -0500] "GET /sipse/faces/index.xhtml HTTP/1.1" 200 677
201.245.192.253 - - [03/Jul/2024:13:48:42 -0500] "GET /sipse/faces/javax.faces.resource/theme.css?ln=primefaces-sipse HTTP/1.1" 200 50058
201.245.192.253 - - [03/Jul/2024:13:48:43 -0500] "GET /favicon.ico HTTP/1.1" 200 7782
201.245.192.253 - - [03/Jul/2024:13:48:43 -0500] "GET /sipse/faces/faces/autenticacion.xhtml HTTP/1.1" 200 12413
201.245.192.253 - - [03/Jul/2024:13:48:43 -0500] "GET /sipse/js/disable_browser_buttons.js HTTP/1.1" 200 3230
201.245.192.253 - - [03/Jul/2024:13:48:43 -0500] "GET /sipse/js/funciones.js HTTP/1.1" 200 12592
201.245.192.253 - - [03/Jul/2024:13:48:43 -0500] "GET /sipse/css/custom_css_sg.css HTTP/1.1" 200 9694
201.245.192.253 - - [03/Jul/2024:13:48:43 -0500] "GET /sipse/css/custom_css_sg_prime_login.css HTTP/1.1" 200 443
201.245.192.253 - - [03/Jul/2024:13:48:43 -0500] "GET /sipse/faces/javax.faces.resource/theme.css?ln=primefaces-sipse HTTP/1.1" 304 -
201.245.192.253 - - [03/Jul/2024:13:48:43 -0500] "GET /sipse/faces/javax.faces.resource/layout/layout.css?ln=primefaces&v=4.0 HTTP/1.1" 200 542
201.245.192.253 - - [03/Jul/2024:13:48:43 -0500] "GET /sipse/faces/javax.faces.resource/jquery/jquery.js?ln=primefaces&v=4.0 HTTP/1.1" 200 105384
201.245.192.253 - - [03/Jul/2024:13:48:43 -0500] "GET /sipse/faces/javax.faces.resource/layout/layout.js?ln=primefaces&v=4.0 HTTP/1.1" 200 87560
201.245.192.253 - - [03/Jul/2024:13:48:43 -0500] "GET /sipse/faces/javax.faces.resource/jquery/jquery-plugins.js?ln=primefaces&v=4.0 HTTP/1.1" 200 220526
201.245.192.253 - - [03/Jul/2024:13:48:43 -0500] "GET /sipse/faces/javax.faces.resource/primefaces.js?ln=primefaces&v=4.0 HTTP/1.1" 200 276924
201.245.192.253 - - [03/Jul/2024:13:48:43 -0500] "GET /sipse/faces/javax.faces.resource/primefaces.css?ln=primefaces&v=4.0 HTTP/1.1" 200 53295
201.245.192.253 - - [03/Jul/2024:13:48:43 -0500] "GET /sipse/css/imagen/logoSDG.png HTTP/1.1" 200 53064
201.245.192.253 - - [03/Jul/2024:13:48:43 -0500] "GET /sipse/faces/javax.faces.resource/images/ui-icons_898989_256x240.png?ln=primefaces-aristo HTTP/1.1" 200 5355
201.245.192.253 - - [03/Jul/2024:13:48:43 -0500] "GET /sipse/css/imagen/loginimg.png HTTP/1.1" 200 71635
201.245.192.253 - - [03/Jul/2024:13:48:51 -0500] "POST /sipse/faces/autenticacion.xhtml HTTP/1.1" 200 2187
201.245.192.253 - - [03/Jul/2024:13:48:51 -0500] "GET /sipse/faces/javax.faces.resource/messages/messages.png?ln=primefaces&v=4.0 HTTP/1.1" 200 27209
201.245.192.253 - - [03/Jul/2024:13:49:11 -0500] "POST /sipse/faces/presentacion/financiero/solicitudProceso/consultar.xhtml HTTP/1.1" 200 12768
201.245.192.253 - - [03/Jul/2024:13:49:14 -0500] "POST /sipse/faces/presentacion/financiero/solicitudProceso/consultar.xhtml HTTP/1.1" 200 118770
201.245.192.253 - - [03/Jul/2024:13:49:15 -0500] "GET /sipse/faces/javax.faces.resource/jquery/jquery.js?ln=primefaces&v=4.0 HTTP/1.1" 304 -
201.245.192.253 - - [03/Jul/2024:13:49:15 -0500] "GET /sipse/faces/javax.faces.resource/jquery/jquery-plugins.js?ln=primefaces&v=4.0 HTTP/1.1" 304 -
201.245.192.253 - - [03/Jul/2024:13:49:15 -0500] "GET /sipse/faces/javax.faces.resource/primefaces.js?ln=primefaces&v=4.0 HTTP/1.1" 304 -
201.245.192.253 - - [03/Jul/2024:13:49:15 -0500] "GET /sipse/faces/javax.faces.resource/layout/layout.js?ln=primefaces&v=4.0 HTTP/1.1" 304 -
216.245.221.92 - - [03/Jul/2024:13:49:26 -0500] "HEAD / HTTP/1.1" 200 -
201.245.192.253 - - [03/Jul/2024:13:49:26 -0500] "POST /sipse/faces/presentacion/financiero/solicitudProceso/consultarSolicitudProceso.xhtml HTTP/1.1" 200 31769
201.245.192.253 - - [03/Jul/2024:13:49:27 -0500] "GET /sipse/faces/javax.faces.resource/theme.css?ln=primefaces-sipse HTTP/1.1" 304 -
201.245.192.253 - - [03/Jul/2024:13:49:27 -0500] "GET /sipse/faces/javax.faces.resource/jquery/jquery.js?ln=primefaces&v=4.0 HTTP/1.1" 304 -
201.245.192.253 - - [03/Jul/2024:13:49:27 -0500] "GET /sipse/faces/javax.faces.resource/layout/layout.js?ln=primefaces&v=4.0 HTTP/1.1" 304 -
201.245.192.253 - - [03/Jul/2024:13:49:27 -0500] "GET /sipse/faces/javax.faces.resource/jquery/jquery-plugins.js?ln=primefaces&v=4.0 HTTP/1.1" 304 -
201.245.192.253 - - [03/Jul/2024:13:49:27 -0500] "GET /sipse/faces/javax.faces.resource/layout/layout.css?ln=primefaces&v=4.0 HTTP/1.1" 304 -
201.245.192.253 - - [03/Jul/2024:13:49:27 -0500] "GET /sipse/faces/javax.faces.resource/primefaces.css?ln=primefaces&v=4.0 HTTP/1.1" 304 -
201.245.192.253 - - [03/Jul/2024:13:49:27 -0500] "GET /sipse/faces/javax.faces.resource/primefaces.js?ln=primefaces&v=4.0 HTTP/1.1" 304 -
201.245.192.253 - - [03/Jul/2024:13:49:27 -0500] "GET /sipse/faces/javax.faces.resource/images/ui-icons_898989_256x240.png?ln=primefaces-aristo HTTP/1.1" 304 -
201.245.192.253 - - [03/Jul/2024:13:49:34 -0500] "GET /kwsrmcab/Wsrmcab?wsdl HTTP/1.1" 200 6948
201.245.192.253 - - [03/Jul/2024:13:50:10 -0500] "POST /forms/lservlet;jsessionid=ac16012b30d6716d42d0eef24d9cbe79d3fe11a80187.e3iSbxaKaheRe34OahmPbx4Oa3z0n6jAmljGr5XDqQLvpAe HTTP/1.1" 200 2
172.22.2.4 - - [03/Jul/2024:13:50:20 -0500] "GET /BLA/boletinlegal/actos.php HTTP/1.1" 200 9738
172.22.2.4 - - [03/Jul/2024:13:50:21 -0500] "GET /BLA/boletinlegal/favicon.ico HTTP/1.1" 404 1326
172.22.2.4 - - [03/Jul/2024:13:50:28 -0500] "GET /BLA/boletinlegal/actos.php HTTP/1.1" 200 9738
181.61.208.100 - - [03/Jul/2024:13:50:31 -0500] "GET /BLA/resoluciones/ HTTP/1.1" 200 14105
181.61.208.100 - - [03/Jul/2024:13:50:32 -0500] "GET /favicon.ico HTTP/1.1" 200 7782
201.245.192.253 - - [03/Jul/2024:13:50:34 -0500] "GET /kwsrmcab/Wsrmcab?wsdl HTTP/1.1" 200 6948
172.22.2.4 - - [03/Jul/2024:13:50:56 -0500] "GET /BLA/boletinlegal/actos.php HTTP/1.1" 200 9738
172.22.2.4 - - [03/Jul/2024:13:49:32 -0500] "HEAD /BLA/boletinlegal/ HTTP/1.1" 200 -
201.245.192.253 - - [03/Jul/2024:13:51:34 -0500] "GET /kwsrmcab/Wsrmcab?wsdl HTTP/1.1" 200 6948
201.245.192.253 - - [03/Jul/2024:13:51:34 -0500] "POST /kwsrmcab/Wsrmcab  HTTP/1.1" 200 38894
172.22.2.4 - - [03/Jul/2024:13:50:23 -0500] "GET /BLA/boletinlegal/ HTTP/1.1" 200 57889
201.245.192.253 - - [03/Jul/2024:13:52:10 -0500] "POST /forms/lservlet;jsessionid=ac16012b30d6716d42d0eef24d9cbe79d3fe11a80187.e3iSbxaKaheRe34OahmPbx4Oa3z0n6jAmljGr5XDqQLvpAe HTTP/1.1" 200 2
201.245.192.253 - - [03/Jul/2024:13:52:34 -0500] "GET /kwsrmcab/Wsrmcab?wsdl HTTP/1.1" 200 6948
201.245.192.253 - - [03/Jul/2024:13:53:34 -0500] "GET /kwsrmcab/Wsrmcab?wsdl HTTP/1.1" 200 6948
201.245.192.253 - - [03/Jul/2024:13:54:10 -0500] "POST /forms/lservlet;jsessionid=ac16012b30d6716d42d0eef24d9cbe79d3fe11a80187.e3iSbxaKaheRe34OahmPbx4Oa3z0n6jAmljGr5XDqQLvpAe HTTP/1.1" 200 2
157.55.39.58 - - [03/Jul/2024:13:54:12 -0500] "GET /Publicaciones/2024EE07680.pdf HTTP/1.1" 404 227
216.245.221.92 - - [03/Jul/2024:13:54:26 -0500] "HEAD / HTTP/1.1" 200 -
201.245.192.253 - - [03/Jul/2024:13:54:34 -0500] "GET /kwsrmcab/Wsrmcab?wsdl HTTP/1.1" 200 6948
152.202.80.127 - - [03/Jul/2024:13:54:57 -0500] "GET /kwssiamovil/sm/acme/a?s=U2FsdGVkX19Jku/on+183V4MbY+7SzDtY5WLuFfln0qKFClMnjew32p4Ls2AZCvuXuOd8niWjkdGApEkzt9SPl4/2Lmg05Oc7gCPR24sGrih8lxQEDisMGQxMw6r2LMz2sl/CSESJ5z59Z+CAk89Ylbi2+yeoEjYNjHFdAR/kpMdsvpstdiMF+/WZjSEsc9VkUYZJ15shBF/Z/yHosNmHqWXx7fXYeVbEiRs+guVGvzV2TG83K7W5ZpbWYPUR/rJCJe5pdG7GTASFKPA0VjT/Q==&u=U2FsdGVkX1+4p+nH4hvRh277d9vyW9FA/URQtARowv1022KV7FOXTb831k4pFl1y&y=U2FsdGVkX1+FPJ55MqbVUN5QhtLFhSXygNedDkK1XSRFAjIr2o0/3o76qV1+ldf+ HTTP/1.1" 200 26
152.202.80.127 - - [03/Jul/2024:13:54:57 -0500] "GET /kwssiamovil/sm/acme/a?s=U2FsdGVkX19BRzrDitvW1Kbq4tihkc6fyIXVK0OoyKRH1g8pKL+qnSqaCbDU7jv5FLqq4zmRqC/gytYv+/nWJCJibpWC75dIV1/pyP1vu1y83kDli0M/QEO3DGF0jWoXq66oB79pvfkU1XknPytzm8tBiqtq6t17RmBFl03O7QzGPJtiyl8APBzUizBKudHetQN3WI2qhMUTUXBuUzmI6+A1vaeTJaC8EGBj9BPXjylwWdWNJ+X5yAplDol8tdnQg1ymZCltcLgbqtgYie94MtrqI1BOmSiKQ1GdrGjXn6cz/bRwq0UzGqSGz16Fc5hfLe0ElLxpUuAZRY5T8VuH6EPbYvJUAEEJAlapwDEThLFtWUN4FeS0DVr7/nImPuxQZg4dyNlEUcOmMCCB15XUyZ8I/WVk/CobtJQXRC4tYGJCwI5ZgeVbFMIP413KvGXEjB2fEyRRjs9DFZEvbie488UQbMC0/gwg2i9AwnlbgLpmF17Ty+V0gXxXMhGzSK6dwlHrsDGSDhtkmxoCLqRSSJWIKHMNNDdR5dCTDNDkjfmXSlwHwQZJHm1n8LfsB00z7SyFb1W1z8BGpfV7+z62pgmSUA0LuixGBO1SgWtz4KrV3MlnpMb3O/jp1ftJtslmV5dyiaLoa8b20FQQCjbD6sQjB/EkFkfxooliOD885o9oslDUZXxq9z3LHqYqLf76GmehA1wEnTsk7Qdt9qIsTIlyngrJXecTLGl0ID1hf0fTU1gj9ToYZv3NWTemwtHkE12YNIH6T4S8948sQANyPWk1rUUJswwbg8YUvcyQ07QbeguhBsGvPQTs37TZu72SMX1ZV9S+ASSLKWYyMmN7NYGJfPbIAKo/PGQ2spmLYQ65wRpLStGSYLbORagzi4EE8pL0RN+PK+L0/4kp05zERUSmFqE0r4ZAAvSkc7kKgW6SYArW+oGQ9pe6tM59YyxtvXjDLNV4g4q6nv/CwM07OK3FE+ggw543Veg3niqzqjtytRnXktlqilgeDMCY473I4jIo6pGYduWuoW1d0qcbjSZW7HqJMTv3xaOPxRKOXWWCP32eEp4DZUDiFUdnMJ2gkBnBZj9Cl3bKFRXPcZp07DZT1kmyBh7VvgivcvDpfP06L3Th24aKVy9qdxJfhJm5GYlV7moRWxvbflN3cbNLYCJMlvy3vzh1EKciwbt94eWF1ApDCSE28BZ9JR+Y4d9Ifp6gZKqYO5mYTehRq25BdAEUpKkaxkvkTcD173Qqx2JLTyt3EGucfOTN1cGKUHwbTOwxQtDqbve++pyHiMSC9C0cCupRNBOqBOCgHGAnKahiodrd9bLMkz/3xEfE4FJX4ezVfMSfLA8Z5kQcbqA4uSDOxfvuCE56QXaWBUmQ10xYTNbKn3V74Fp/lP3raTgvLiIQcJ9Q2Eje10AVyP2n9+A8vkiP4ER77PDmOPKoL9iNmNP9BII9axCJQOEl52z8x9FbZLQy8OpEqiLIFfW0thIN9SKScJXS5mMoA53wDMTh44wtYE1mnMsd9R/+av/KtZeEjDT5deG2SkY8auk95f5WuGes9Ad4a23bOtxZaw72wMGsLCtPXbTKD1UGdXudepvJhfNltYMcsHG069M4D/flZJEHd+ZC57T/tbBVEUgXnTF3Z5POywZQyhTSQ00kO91ljAuebTLKVFEq4kxaadn6G+ooMzV/x1tBoFh2mWq/9t7mzFiOLsd6oDpO5ol5Wek8qgWWj5zH/6aAFgPKOznDalN83nZWEIYSpuENTM5ucUv7izqHhGXXYvWy+7oXCbHUKicMCJ82HCWAv0f3Y25r+FWZmarL8bA7XaChmyhMA6WDKtzfdo9H7Sqsqe6VwNzriwCXwLWB1Sh6qNOJOz5MxrwceJEWxh0o7M6JYXgec5pDeEqyhqnI4FfD+QVmGXGmmIaYBTu60WvJt7hGW0YKdlFwg7NH1kkHV9bX1Pz9jwNfShY7IdiO8dBjVkMU2YLZr9M+kjUEn/DkWDRGG53iaimZoZX5nGjTzjWcxEmZyH31LthFMjpO8S6/iUt9qWaaIAmyQatiJl9KLYpgLUEuzNt7h3ynZv/Rdrc9B2gKOzmARIGYOtYdC5zjgdUwTxCnLBuS3ZUGy/KH7yLxTjmuRAGu7i2x7pnsbpXc+nXqIl3ISoW646xmySM5DxcBUP0TdB1LY1FHbdUiAXXxiLxb0w91HOhLrmiC7EplX5U2cCMP2SE8OHuaJNwOI0u5tZVpaN++QFx4UUQtBmKzhic6yBfiSAV7trLLoCtaDqKOmAu0noDK4AqKo7IC9kS+xUJCjoTwUeSwInsNfZKZYLU2eUYFqmTT/vrsSWqNKoYpo26PDEDqvzJoff+HXN/uwrkC1VVBvIsWkXV7nQB7zirjOXEX1AWUEtYRuurZTlmW9rs2hO92/sp2uNGdhgfw9VdhbIBbjphFpq/kJa4MUIXEVv+0oPCzQpgrYVOdgMMyp8NGqUHh58mgliQHgoELCozPcO48r964oxH3Yi1skRHYPhSIHqNp/paLssalLitawr/Jw96cTO0d9eQVTiFTwuO3PG4yZcMPv7fpBIyT1iPWo62Xz6vjUhTBzfxpurCvKH8A97CuQTfclcqTH9MiDLRojc/+dKzRc9+EYuWXu7x8t4sRYDIPL4pUGDyflpLGwIlckTvYJBJMLcKhz7ErfAGjq+tmuJtGTWXpqZBaW3lsc8KzXNSvEWdC5uqKn9ARjHhWMsK9XWuXzyyZZXIC2Aio1p3FDZ4iKqBsVSSo9GjNYXRmbD7ouzrUWHnKlwiqdBMAtwx5J/EH62qruaslDw8JvLNCj/bm5+Ndc712u8pnh4fnsB9qDlyNbWOf09G5E0ASwBDlqXdKhpXhkjWo3g7BdolVFGiPHLHocIMpaevFinWsHrGt/TK9BMuobV3eYzSLCwyNv9QD72yhRE4jF4nM8Td3IDDxLuFtEO3KhqPxvisaLdWGm+alOBVQtFR5LE2qrMO24ll5QRWSRd7Sx96nTr0b9yhIvj2JZtjWxDkVbIXxVzVihQydGW4hAIHqkYFO4xz1iS/0l8O0Usrlbo2wla/G+1I8hWrxV/tH8wHdUlXqmvm7m+QWZU+CQewVw3UWiHqz3o24oYxCBpSyppx7n6Oyj4vsM7EhDZsFW7fBFjRc5ZYpuhQxZUUPkkgPfXnmpKhDeGLa2b7kinIm/6iCubjqtSosnchJKP7GGHJ8QwTMyC/KokLOyS/EuSkefp20mI86VjNPkqfPb83C5bbfjiIy0x1laJxooo/MjXIz7YdIEcDvElJWgOvokUrbqnaIdYNW02oWS8cFosT5q/4P3S1alrPnathCBSYsollK/WXVl3hjuJQkDLye3seThQKaMAV2F19/co7KPLromvirXiRqU5eIvk4bvKSdFzF2Af+S2VfU4jIse0R//u3hTRJYAf6OOvN7S8WzdKU/q+GFJwIonQq6Rl5xaboMbFDE3hdnKw6zCEy2r/SdMSd42CdOViGRfi68cfbsT8nojPeC7DNW1a90Ygp0LYOURaP9AfK1QAjKjkCjBwOg8oSMMApB6ydNr/BgdB63WH7z3K7O69qP+XGDiVTZXdg9czDBW+FGPeo6p7ZgWRTxTcxEmJQShS5TAIOaA/brYnU04+WLmPnphUYcdS0VBSdy9SRGRHsWphUpWr9z1fDcdwEOvlQBlRLUvj//bUUv7XFZ&u=U2FsdGVkX1+4p+nH4hvRh277d9vyW9FA/URQtARowv1022KV7FOXTb831k4pFl1y&y=U2FsdGVkX1+FPJ55MqbVUN5QhtLFhSXygNedDkK1XSRFAjIr2o0/3o76qV1+ldf+ HTTP/1.1" 200 26
152.202.80.127 - - [03/Jul/2024:13:54:57 -0500] "GET /kwssiamovil/sm/acme/a?s=U2FsdGVkX1+Xzl4AjEX7cieDuUFDMuBMeNQ7R0JOSOz7+t3e1gldLQNqxMlqJbyW6Y8Z5NA7lUGgQuYSEG1GCddyHErYQYtDx+wp7yBsGb9nYSAucsNxoHdDkaeXi6MhUpsD/E/DRyyorSUe6PbxIBESoCKiCpAvfq5qDw6/iJg=&u=U2FsdGVkX1+4p+nH4hvRh277d9vyW9FA/URQtARowv1022KV7FOXTb831k4pFl1y&y=U2FsdGVkX1+FPJ55MqbVUN5QhtLFhSXygNedDkK1XSRFAjIr2o0/3o76qV1+ldf+ HTTP/1.1" 200 26
152.202.80.127 - - [03/Jul/2024:13:54:57 -0500] "GET /kwssiamovil/sm/acme/a?s=U2FsdGVkX19fSX97bMLEvzH/qwiXCYyQPWwugVcUd2QqU2s/poXPEzDPfIuggveMRq7t+WQ7HY3ofPNBZVcxUSMPX5e9U4s40v8sRdnUXXbw1YIiuYT0UmoHFqneAORBzcLUbOr3/ZVE2Cq2zVgHL9f8wBCMg6kJ/1lPz8fZmO8=&u=U2FsdGVkX1+4p+nH4hvRh277d9vyW9FA/URQtARowv1022KV7FOXTb831k4pFl1y&y=U2FsdGVkX1+FPJ55MqbVUN5QhtLFhSXygNedDkK1XSRFAjIr2o0/3o76qV1+ldf+ HTTP/1.1" 200 26
152.202.80.127 - - [03/Jul/2024:13:54:58 -0500] "GET /kwssiamovil/sm/acme/a?s=U2FsdGVkX1+jzKXthrMAw7Zmbvnj33xXVQJzJhxZkKwDQDZb5HO4VSvYA08DSOJUCkwyJuS0KHkD5sTXpIi53wjaDBKBePJDPObkiAksBi63k85xT4miAMS/jtOUcN+3k3prp/Z/QVW6h2sqj40XO/IPBTpO1L4Fx47eHH6FAqA=&u=U2FsdGVkX1+4p+nH4hvRh277d9vyW9FA/URQtARowv1022KV7FOXTb831k4pFl1y&y=U2FsdGVkX1+FPJ55MqbVUN5QhtLFhSXygNedDkK1XSRFAjIr2o0/3o76qV1+ldf+ HTTP/1.1" 200 26
152.202.80.127 - - [03/Jul/2024:13:54:58 -0500] "GET /kwssiamovil/sm/acme/a?s=U2FsdGVkX1+ooUYcnW3XmgZilE+Fwo1IgTAjG+hq7kntOQ50nSfi6f/VUFgnoZXBFL+OAwMEHHdszTMr3gg0qf67VE2ggQWgsxcVHDq2aMt1/1fKnoSV51KTbF+b5E30OG4L4kU2pICcB20g45a6xQJvqgAM+4hQGP250H0qcfj3N1qD0rK5nZ0AvWUhhLE4+odAd2kpnWDL/sCO42zEhg==&u=U2FsdGVkX1+4p+nH4hvRh277d9vyW9FA/URQtARowv1022KV7FOXTb831k4pFl1y&y=U2FsdGVkX1+FPJ55MqbVUN5QhtLFhSXygNedDkK1XSRFAjIr2o0/3o76qV1+ldf+ HTTP/1.1" 200 26
201.245.192.253 - - [03/Jul/2024:13:55:34 -0500] "GET /kwsrmcab/Wsrmcab?wsdl HTTP/1.1" 200 6948
192.168.176.22 - - [03/Jul/2024:13:56:07 -0500] "GET /BLA/boletinlegal/admin/usuarios/process.php HTTP/1.1" 302 -
192.168.176.22 - - [03/Jul/2024:13:56:07 -0500] "GET /BLA/boletinlegal/admin/index.php HTTP/1.1" 200 2324
201.245.192.253 - - [03/Jul/2024:13:56:10 -0500] "POST /forms/lservlet;jsessionid=ac16012b30d6716d42d0eef24d9cbe79d3fe11a80187.e3iSbxaKaheRe34OahmPbx4Oa3z0n6jAmljGr5XDqQLvpAe HTTP/1.1" 200 2
66.249.77.166 - - [03/Jul/2024:13:56:20 -0500] "GET /robots.txt HTTP/1.1" 404 1018
66.249.77.166 - - [03/Jul/2024:13:56:20 -0500] "GET /autoliquidacion/Auto%20Declaraci%C3%B3nTr%C3%A1mite%20de%20Licenciamiento%20Urban%C3%ADstico%20y%20Actos%20de%20Reconocimiento%20de%20Usos%20Industriales/Anexo%202.%20Autodeclaraci%C3%B3n%20por%20impacto%20ambiental%20-%20Producci%C3%B3n%20artesanal%20e%20industria%20livian.pdf HTTP/1.1" 200 279699
201.245.192.253 - - [03/Jul/2024:13:56:33 -0500] "POST /kwsrmcab/Wsrmcab  HTTP/1.1" 200 38894
201.245.192.253 - - [03/Jul/2024:13:56:34 -0500] "GET /kwsrmcab/Wsrmcab?wsdl HTTP/1.1" 200 6948
172.22.2.4 - - [03/Jul/2024:13:55:22 -0500] "HEAD /BLA/boletinlegal/ HTTP/1.1" 200 -
157.55.39.58 - - [03/Jul/2024:13:57:17 -0500] "GET /BLA/resoluciones/AUTOS%202021/3054.pdf HTTP/1.1" 304 -
201.245.192.253 - - [03/Jul/2024:13:57:34 -0500] "GET /kwsrmcab/Wsrmcab?wsdl HTTP/1.1" 200 6948
201.245.192.253 - - [03/Jul/2024:13:57:47 -0500] "GET /sipse/faces/javax.faces.resource/theme.css?ln=primefaces-sipse HTTP/1.1" 304 -
201.245.192.253 - - [03/Jul/2024:13:57:48 -0500] "GET /sipse/faces/faces/autenticacion.xhtml HTTP/1.1" 200 12413
201.245.192.253 - - [03/Jul/2024:13:57:48 -0500] "GET /sipse/js/disable_browser_buttons.js HTTP/1.1" 304 -
201.245.192.253 - - [03/Jul/2024:13:57:48 -0500] "GET /sipse/js/funciones.js HTTP/1.1" 304 -
201.245.192.253 - - [03/Jul/2024:13:57:48 -0500] "GET /sipse/css/custom_css_sg.css HTTP/1.1" 304 -
201.245.192.253 - - [03/Jul/2024:13:57:48 -0500] "GET /sipse/css/custom_css_sg_prime_login.css HTTP/1.1" 304 -
201.245.192.253 - - [03/Jul/2024:13:57:48 -0500] "GET /sipse/faces/javax.faces.resource/jquery/jquery-plugins.js?ln=primefaces&v=4.0 HTTP/1.1" 304 -
201.245.192.253 - - [03/Jul/2024:13:57:48 -0500] "GET /sipse/faces/javax.faces.resource/jquery/jquery.js?ln=primefaces&v=4.0 HTTP/1.1" 304 -
201.245.192.253 - - [03/Jul/2024:13:57:48 -0500] "GET /sipse/faces/javax.faces.resource/layout/layout.css?ln=primefaces&v=4.0 HTTP/1.1" 304 -
201.245.192.253 - - [03/Jul/2024:13:57:48 -0500] "GET /sipse/faces/javax.faces.resource/theme.css?ln=primefaces-sipse HTTP/1.1" 304 -
201.245.192.253 - - [03/Jul/2024:13:57:48 -0500] "GET /sipse/faces/javax.faces.resource/primefaces.js?ln=primefaces&v=4.0 HTTP/1.1" 304 -
201.245.192.253 - - [03/Jul/2024:13:57:48 -0500] "GET /sipse/faces/javax.faces.resource/primefaces.css?ln=primefaces&v=4.0 HTTP/1.1" 304 -
201.245.192.253 - - [03/Jul/2024:13:57:48 -0500] "GET /sipse/faces/javax.faces.resource/layout/layout.js?ln=primefaces&v=4.0 HTTP/1.1" 304 -
201.245.192.253 - - [03/Jul/2024:13:57:48 -0500] "GET /sipse/css/imagen/logoSDG.png HTTP/1.1" 304 -
201.245.192.253 - - [03/Jul/2024:13:57:48 -0500] "GET /sipse/css/imagen/loginimg.png HTTP/1.1" 304 -
201.245.192.253 - - [03/Jul/2024:13:57:48 -0500] "GET /sipse/faces/javax.faces.resource/images/ui-icons_898989_256x240.png?ln=primefaces-aristo HTTP/1.1" 304 -
172.22.2.4 - - [03/Jul/2024:13:56:13 -0500] "GET /BLA/boletinlegal/ HTTP/1.1" 200 58273
201.245.192.253 - - [03/Jul/2024:13:58:10 -0500] "POST /forms/lservlet;jsessionid=ac16012b30d6716d42d0eef24d9cbe79d3fe11a80187.e3iSbxaKaheRe34OahmPbx4Oa3z0n6jAmljGr5XDqQLvpAe HTTP/1.1" 200 2
201.245.192.253 - - [03/Jul/2024:13:58:34 -0500] "GET /kwsrmcab/Wsrmcab?wsdl HTTP/1.1" 200 6948
192.168.176.22 - - [03/Jul/2024:13:58:46 -0500] "GET /BLA/boletinlegal/admin/index.php HTTP/1.1" 200 2324
192.168.176.22 - - [03/Jul/2024:13:58:53 -0500] "POST /BLA/boletinlegal/admin/usuarios/process.php HTTP/1.1" 302 -
172.22.2.4 - - [03/Jul/2024:13:58:54 -0500] "GET /BLA/boletinlegal/actos.php HTTP/1.1" 200 9738
192.168.176.22 - - [03/Jul/2024:13:58:53 -0500] "GET /BLA/boletinlegal/admin/index.php HTTP/1.1" 200 5696
192.168.176.22 - - [03/Jul/2024:13:59:05 -0500] "GET /BLA/boletinlegal/admin/index_files/index_files/tback.gif HTTP/1.1" 404 1322
216.245.221.92 - - [03/Jul/2024:13:59:26 -0500] "HEAD / HTTP/1.1" 200 -
201.245.192.253 - - [03/Jul/2024:13:59:34 -0500] "GET /kwsrmcab/Wsrmcab?wsdl HTTP/1.1" 200 6948
192.168.176.22 - - [03/Jul/2024:13:59:57 -0500] "GET /BLA/boletinlegal/admin/actos/ingresar.php HTTP/1.1" 200 7210
201.245.192.253 - - [03/Jul/2024:14:00:10 -0500] "POST /forms/lservlet;jsessionid=ac16012b30d6716d42d0eef24d9cbe79d3fe11a80187.e3iSbxaKaheRe34OahmPbx4Oa3z0n6jAmljGr5XDqQLvpAe HTTP/1.1" 200 2
192.168.176.22 - - [03/Jul/2024:14:00:27 -0500] "POST /BLA/boletinlegal/admin/actos/ingresar.php HTTP/1.1" 200 7303
201.245.192.253 - - [03/Jul/2024:14:00:34 -0500] "GET /kwsrmcab/Wsrmcab?wsdl HTTP/1.1" 200 6948
201.245.192.253 - - [03/Jul/2024:14:00:34 -0500] "GET /sipse/faces/faces/autenticacion.xhtml HTTP/1.1" 200 12413
201.245.192.253 - - [03/Jul/2024:14:00:36 -0500] "GET /sipse/js/disable_browser_buttons.js HTTP/1.1" 200 3230
201.245.192.253 - - [03/Jul/2024:14:00:36 -0500] "GET /sipse/css/custom_css_sg.css HTTP/1.1" 200 9694
201.245.192.253 - - [03/Jul/2024:14:00:36 -0500] "GET /sipse/css/custom_css_sg_prime_login.css HTTP/1.1" 200 443
201.245.192.253 - - [03/Jul/2024:14:00:36 -0500] "GET /sipse/faces/javax.faces.resource/layout/layout.css?ln=primefaces&v=4.0 HTTP/1.1" 200 542
201.245.192.253 - - [03/Jul/2024:14:00:36 -0500] "GET /sipse/js/funciones.js HTTP/1.1" 200 12592
201.245.192.253 - - [03/Jul/2024:14:00:36 -0500] "GET /sipse/faces/javax.faces.resource/jquery/jquery-plugins.js?ln=primefaces&v=4.0 HTTP/1.1" 304 -
201.245.192.253 - - [03/Jul/2024:14:00:36 -0500] "GET /sipse/faces/javax.faces.resource/layout/layout.js?ln=primefaces&v=4.0 HTTP/1.1" 200 87560
201.245.192.253 - - [03/Jul/2024:14:00:36 -0500] "GET /sipse/faces/javax.faces.resource/jquery/jquery.js?ln=primefaces&v=4.0 HTTP/1.1" 200 105384
201.245.192.253 - - [03/Jul/2024:14:00:36 -0500] "GET /sipse/faces/javax.faces.resource/primefaces.css?ln=primefaces&v=4.0 HTTP/1.1" 200 53295
201.245.192.253 - - [03/Jul/2024:14:00:36 -0500] "GET /sipse/faces/javax.faces.resource/theme.css?ln=primefaces-sipse HTTP/1.1" 200 50058
201.245.192.253 - - [03/Jul/2024:14:00:36 -0500] "GET /sipse/faces/javax.faces.resource/primefaces.js?ln=primefaces&v=4.0 HTTP/1.1" 200 276924
201.245.192.253 - - [03/Jul/2024:14:00:36 -0500] "GET /sipse/css/imagen/logoSDG.png HTTP/1.1" 200 53064
201.245.192.253 - - [03/Jul/2024:14:00:37 -0500] "GET /sipse/css/imagen/loginimg.png HTTP/1.1" 200 71635
201.245.192.253 - - [03/Jul/2024:14:00:37 -0500] "GET /sipse/faces/javax.faces.resource/images/ui-icons_898989_256x240.png?ln=primefaces-aristo HTTP/1.1" 304 -
201.245.192.253 - - [03/Jul/2024:14:00:37 -0500] "GET /sipse/faces/faces/index.xhtml HTTP/1.1" 200 677
201.245.192.253 - - [03/Jul/2024:14:00:37 -0500] "GET /sipse/faces/javax.faces.resource/theme.css?ln=primefaces-sipse HTTP/1.1" 304 -
201.245.192.253 - - [03/Jul/2024:14:00:38 -0500] "GET /favicon.ico HTTP/1.1" 200 7782
201.245.192.253 - - [03/Jul/2024:14:00:38 -0500] "GET /sipse/faces/faces/faces/autenticacion.xhtml HTTP/1.1" 200 12413
201.245.192.253 - - [03/Jul/2024:14:00:38 -0500] "GET /sipse/faces/javax.faces.resource/theme.css?ln=primefaces-sipse HTTP/1.1" 304 -
201.245.192.253 - - [03/Jul/2024:14:00:38 -0500] "GET /sipse/faces/javax.faces.resource/primefaces.css?ln=primefaces&v=4.0 HTTP/1.1" 304 -
201.245.192.253 - - [03/Jul/2024:14:00:38 -0500] "GET /sipse/faces/javax.faces.resource/layout/layout.css?ln=primefaces&v=4.0 HTTP/1.1" 304 -
201.245.192.253 - - [03/Jul/2024:14:00:38 -0500] "GET /sipse/faces/javax.faces.resource/jquery/jquery.js?ln=primefaces&v=4.0 HTTP/1.1" 304 -
201.245.192.253 - - [03/Jul/2024:14:00:38 -0500] "GET /sipse/faces/javax.faces.resource/jquery/jquery-plugins.js?ln=primefaces&v=4.0 HTTP/1.1" 304 -
201.245.192.253 - - [03/Jul/2024:14:00:38 -0500] "GET /sipse/faces/javax.faces.resource/primefaces.js?ln=primefaces&v=4.0 HTTP/1.1" 304 -
201.245.192.253 - - [03/Jul/2024:14:00:38 -0500] "GET /sipse/faces/javax.faces.resource/layout/layout.js?ln=primefaces&v=4.0 HTTP/1.1" 304 -
201.245.192.253 - - [03/Jul/2024:14:00:42 -0500] "POST /sipse/faces/autenticacion.xhtml HTTP/1.1" 200 2228
201.245.192.253 - - [03/Jul/2024:14:00:42 -0500] "GET /sipse/faces/javax.faces.resource/messages/messages.png?ln=primefaces&v=4.0 HTTP/1.1" 200 27209
201.245.192.253 - - [03/Jul/2024:14:00:42 -0500] "GET /sipse/faces/javax.faces.resource/images/ui-icons_898989_256x240.png?ln=primefaces-aristo HTTP/1.1" 304 -
201.245.192.253 - - [03/Jul/2024:14:00:43 -0500] "POST /sipse/faces/autenticacion.xhtml HTTP/1.1" 200 16341
201.245.192.253 - - [03/Jul/2024:14:00:43 -0500] "GET /sipse/css/custom_css_sg_prime.css HTTP/1.1" 200 5201
201.245.192.253 - - [03/Jul/2024:14:00:43 -0500] "GET /sipse/faces/javax.faces.resource/theme.css?ln=primefaces-sipse HTTP/1.1" 304 -
201.245.192.253 - - [03/Jul/2024:14:00:43 -0500] "GET /sipse/faces/javax.faces.resource/layout/layout.css?ln=primefaces&v=4.0 HTTP/1.1" 304 -
201.245.192.253 - - [03/Jul/2024:14:00:43 -0500] "GET /sipse/faces/javax.faces.resource/primefaces.css?ln=primefaces&v=4.0 HTTP/1.1" 304 -
201.245.192.253 - - [03/Jul/2024:14:00:43 -0500] "GET /sipse/js/jquery.min.js HTTP/1.1" 200 85582
201.245.192.253 - - [03/Jul/2024:14:00:43 -0500] "GET /sipse/faces/javax.faces.resource/jquery/jquery.js?ln=primefaces&v=4.0 HTTP/1.1" 304 -
201.245.192.253 - - [03/Jul/2024:14:00:43 -0500] "GET /sipse/faces/javax.faces.resource/jquery/jquery-plugins.js?ln=primefaces&v=4.0 HTTP/1.1" 304 -
201.245.192.253 - - [03/Jul/2024:14:00:43 -0500] "GET /sipse/faces/javax.faces.resource/primefaces.js?ln=primefaces&v=4.0 HTTP/1.1" 304 -
201.245.192.253 - - [03/Jul/2024:14:00:43 -0500] "GET /sipse/faces/javax.faces.resource/layout/layout.js?ln=primefaces&v=4.0 HTTP/1.1" 304 -
201.245.192.253 - - [03/Jul/2024:14:00:43 -0500] "GET /sipse/css/v_mergente.css HTTP/1.1" 200 1505
201.245.192.253 - - [03/Jul/2024:14:00:43 -0500] "GET /sipse/css/imagen/contrasena.png HTTP/1.1" 404 383
201.245.192.253 - - [03/Jul/2024:14:00:43 -0500] "GET /sipse/imagenes/cargando.gif HTTP/1.1" 200 36959
201.245.192.253 - - [03/Jul/2024:14:00:43 -0500] "GET /sipse/imagenes/logoAplicacion.jpg HTTP/1.1" 200 155084
201.245.192.253 - - [03/Jul/2024:14:00:52 -0500] "GET /sipse/faces/javax.faces.resource/images/ui-bg_flat_0_2d5972_40x100.png?ln=primefaces-aristo HTTP/1.1" 200 183
201.245.192.253 - - [03/Jul/2024:14:00:52 -0500] "POST /sipse/faces/bienvenido.xhtml HTTP/1.1" 200 2073
201.245.192.253 - - [03/Jul/2024:14:00:53 -0500] "POST /sipse/faces/bienvenido.xhtml HTTP/1.1" 200 38980
201.245.192.253 - - [03/Jul/2024:14:00:53 -0500] "GET /sipse/faces/javax.faces.resource/theme.css?ln=primefaces-sipse HTTP/1.1" 304 -
201.245.192.253 - - [03/Jul/2024:14:00:53 -0500] "GET /sipse/faces/javax.faces.resource/primefaces.css?ln=primefaces&v=4.0 HTTP/1.1" 304 -
201.245.192.253 - - [03/Jul/2024:14:00:53 -0500] "GET /sipse/faces/javax.faces.resource/layout/layout.css?ln=primefaces&v=4.0 HTTP/1.1" 304 -
201.245.192.253 - - [03/Jul/2024:14:00:53 -0500] "GET /sipse/faces/javax.faces.resource/jquery/jquery.js?ln=primefaces&v=4.0 HTTP/1.1" 304 -
201.245.192.253 - - [03/Jul/2024:14:00:54 -0500] "GET /sipse/faces/javax.faces.resource/jquery/jquery-plugins.js?ln=primefaces&v=4.0 HTTP/1.1" 304 -
201.245.192.253 - - [03/Jul/2024:14:00:54 -0500] "GET /sipse/faces/javax.faces.resource/primefaces.js?ln=primefaces&v=4.0 HTTP/1.1" 304 -
201.245.192.253 - - [03/Jul/2024:14:00:54 -0500] "GET /sipse/faces/javax.faces.resource/layout/layout.js?ln=primefaces&v=4.0 HTTP/1.1" 304 -
201.245.192.253 - - [03/Jul/2024:14:00:56 -0500] "POST /sipse/faces/presentacion/financiero/solicitudProceso/consultar.xhtml HTTP/1.1" 200 12795
201.245.192.253 - - [03/Jul/2024:14:00:57 -0500] "POST /sipse/faces/presentacion/financiero/solicitudProceso/consultar.xhtml HTTP/1.1" 200 155879
201.245.192.253 - - [03/Jul/2024:14:00:59 -0500] "GET /sipse/faces/javax.faces.resource/theme.css?ln=primefaces-sipse HTTP/1.1" 304 -
201.245.192.253 - - [03/Jul/2024:14:00:59 -0500] "GET /sipse/faces/javax.faces.resource/primefaces.css?ln=primefaces&v=4.0 HTTP/1.1" 304 -
201.245.192.253 - - [03/Jul/2024:14:00:59 -0500] "GET /sipse/faces/javax.faces.resource/layout/layout.css?ln=primefaces&v=4.0 HTTP/1.1" 304 -
201.245.192.253 - - [03/Jul/2024:14:00:59 -0500] "GET /sipse/faces/javax.faces.resource/jquery/jquery.js?ln=primefaces&v=4.0 HTTP/1.1" 304 -
201.245.192.253 - - [03/Jul/2024:14:00:59 -0500] "GET /sipse/faces/javax.faces.resource/jquery/jquery-plugins.js?ln=primefaces&v=4.0 HTTP/1.1" 304 -
201.245.192.253 - - [03/Jul/2024:14:01:00 -0500] "GET /sipse/faces/javax.faces.resource/primefaces.js?ln=primefaces&v=4.0 HTTP/1.1" 304 -
201.245.192.253 - - [03/Jul/2024:14:01:00 -0500] "GET /sipse/faces/javax.faces.resource/layout/layout.js?ln=primefaces&v=4.0 HTTP/1.1" 304 -
157.55.39.58 - - [03/Jul/2024:14:01:04 -0500] "GET /BLA/resoluciones/AUTOS%202022/2050.pdf HTTP/1.1" 200 379662
201.245.192.253 - - [03/Jul/2024:14:01:04 -0500] "POST /sipse/faces/presentacion/financiero/solicitudProceso/consultarSolicitudProceso.xhtml HTTP/1.1" 200 40198
201.245.192.253 - - [03/Jul/2024:14:01:32 -0500] "POST /kwsrmcab/Wsrmcab  HTTP/1.1" 200 38894
201.245.192.253 - - [03/Jul/2024:14:01:34 -0500] "GET /kwsrmcab/Wsrmcab?wsdl HTTP/1.1" 200 6948
66.249.77.166 - - [03/Jul/2024:14:01:34 -0500] "GET /BLA/resoluciones/RESOLUCIONES%202004/RES%202004%20551-600/00000558.tif HTTP/1.1" 200 96458
192.168.176.22 - - [03/Jul/2024:14:01:44 -0500] "POST /BLA/boletinlegal/admin/actos/ingresar.php HTTP/1.1" 200 7303
201.245.192.253 - - [03/Jul/2024:14:02:10 -0500] "POST /forms/lservlet;jsessionid=ac16012b30d6716d42d0eef24d9cbe79d3fe11a80187.e3iSbxaKaheRe34OahmPbx4Oa3z0n6jAmljGr5XDqQLvpAe HTTP/1.1" 200 2
66.249.77.164 - - [03/Jul/2024:14:02:23 -0500] "GET /BLA/boletinlegal/jurisprudencia/analisis/ANALISIST-046-99.docx HTTP/1.1" 304 -
66.249.77.164 - - [03/Jul/2024:14:02:24 -0500] "GET /BLA/resoluciones/Notificaciones/AUTOS%202023/5578.pdf HTTP/1.1" 304 -
201.245.192.253 - - [03/Jul/2024:14:02:34 -0500] "GET /kwsrmcab/Wsrmcab?wsdl HTTP/1.1" 200 6948
192.168.176.22 - - [03/Jul/2024:14:02:39 -0500] "POST /BLA/boletinlegal/admin/actos/ingresar.php HTTP/1.1" 200 7303
47.128.41.80 - - [03/Jul/2024:14:02:47 -0500] "GET /BLA/resoluciones/AUTOS%202021/0245.php?act=chmod&f=5091.pdf HTTP/1.1" 200 2714
172.22.2.4 - - [03/Jul/2024:14:01:12 -0500] "HEAD /BLA/boletinlegal/ HTTP/1.1" 200 -
47.128.41.8 - - [03/Jul/2024:14:02:56 -0500] "GET /BLA/resoluciones/AUTOS%202021/0245.php?act=chmod&f=4263.pdf HTTP/1.1" 200 2714
47.128.110.105 - - [03/Jul/2024:14:03:07 -0500] "GET /BLA/resoluciones/AUTOS%202021/0245.php?act=f&f=4935.pdf HTTP/1.1" 200 2738
47.128.41.63 - - [03/Jul/2024:14:03:17 -0500] "GET /BLA/resoluciones/AUTOS%202021/0245.php?act=f&f=5595.pdf HTTP/1.1" 200 2738
47.128.41.6 - - [03/Jul/2024:14:03:27 -0500] "GET /BLA/resoluciones/AUTOS%202021/0245.php?act=f&f=5573.pdf HTTP/1.1" 200 2738
201.245.192.253 - - [03/Jul/2024:14:03:34 -0500] "GET /kwsrmcab/Wsrmcab?wsdl HTTP/1.1" 200 6948
192.168.176.22 - - [03/Jul/2024:14:03:34 -0500] "POST /BLA/boletinlegal/admin/actos/ingresar.php HTTP/1.1" 200 7303
47.128.98.180 - - [03/Jul/2024:14:03:37 -0500] "GET /BLA/resoluciones/AUTOS%202021/0245.php?act=f&f=4467.pdf HTTP/1.1" 200 2739
172.22.2.4 - - [03/Jul/2024:14:02:03 -0500] "GET /BLA/boletinlegal/ HTTP/1.1" 200 60380
47.128.98.143 - - [03/Jul/2024:14:03:49 -0500] "GET /BLA/resoluciones/AUTOS%202021/0245.php?act=f&f=3943.pdf HTTP/1.1" 200 2738
47.128.98.192 - - [03/Jul/2024:14:03:58 -0500] "GET /BLA/resoluciones/AUTOS%202021/0245.php?act=f&f=4028.pdf HTTP/1.1" 200 2739
47.128.30.244 - - [03/Jul/2024:14:04:08 -0500] "GET /BLA/resoluciones/AUTOS%202021/0245.php?act=chmod&f=1899-.pdf HTTP/1.1" 200 2714
201.245.192.253 - - [03/Jul/2024:14:04:10 -0500] "POST /forms/lservlet;jsessionid=ac16012b30d6716d42d0eef24d9cbe79d3fe11a80187.e3iSbxaKaheRe34OahmPbx4Oa3z0n6jAmljGr5XDqQLvpAe HTTP/1.1" 200 2
47.128.98.165 - - [03/Jul/2024:14:04:18 -0500] "GET /BLA/resoluciones/AUTOS%202021/0245.php?act=f&f=4969.pdf HTTP/1.1" 200 2738
216.245.221.92 - - [03/Jul/2024:14:04:26 -0500] "HEAD / HTTP/1.1" 200 -
47.128.42.186 - - [03/Jul/2024:14:04:29 -0500] "GET /BLA/resoluciones/AUTOS%202021/0245.php?act=chmod&f=4950.pdf HTTP/1.1" 200 2714
201.245.192.253 - - [03/Jul/2024:14:04:34 -0500] "GET /kwsrmcab/Wsrmcab?wsdl HTTP/1.1" 200 6948
192.168.176.22 - - [03/Jul/2024:14:04:34 -0500] "POST /BLA/boletinlegal/admin/actos/ingresar.php HTTP/1.1" 200 7303
47.128.96.227 - - [03/Jul/2024:14:04:39 -0500] "GET /BLA/resoluciones/AUTOS%202021/0245.php?act=f&f=4253.pdf HTTP/1.1" 200 2738
47.128.29.205 - - [03/Jul/2024:14:04:50 -0500] "GET /BLA/resoluciones/AUTOS%202021/0245.php?act=f&base64=3&f=gallery.min.js HTTP/1.1" 200 2743
47.128.122.114 - - [03/Jul/2024:14:04:59 -0500] "GET /BLA/resoluciones/AUTOS%202021/0245.php?act=f&f=sess_pd1kb458dvhnvcsd3mqv09eoi1 HTTP/1.1" 200 2759
47.128.50.118 - - [03/Jul/2024:14:05:09 -0500] "GET /BLA/resoluciones/AUTOS%202021/0245.php?act=f&f=4804.pdf HTTP/1.1" 200 2739
47.128.47.114 - - [03/Jul/2024:14:05:21 -0500] "GET /BLA/resoluciones/AUTOS%202021/0245.php?act=chmod&f=5551.pdf HTTP/1.1" 200 2714
47.128.47.114 - - [03/Jul/2024:14:05:23 -0500] "GET /BLA/resoluciones/AUTOS%202021/0245.php?act=chmod&f=5551.pdf HTTP/1.1" 200 2714
172.22.2.4 - - [03/Jul/2024:14:05:30 -0500] "GET /BLA/boletinlegal/consulta_actos.php?tipo=resoluciones&no=&usuario=&sector=PEV&fecha=2023&resuelve=niega HTTP/1.1" 200 1646
47.128.34.35 - - [03/Jul/2024:14:05:30 -0500] "GET /BLA/resoluciones/AUTOS%202021/0245.php?act=chmod&f=04025.pdf HTTP/1.1" 200 2714
192.168.176.22 - - [03/Jul/2024:14:05:32 -0500] "POST /BLA/boletinlegal/admin/actos/ingresar.php HTTP/1.1" 200 7303
201.245.192.253 - - [03/Jul/2024:14:05:34 -0500] "GET /kwsrmcab/Wsrmcab?wsdl HTTP/1.1" 200 6948
181.78.209.203 - - [03/Jul/2024:14:05:35 -0500] "GET /BLA/resoluciones/RESOLUCIONES%202023/01501.pdf HTTP/1.1" 200 697287
207.46.13.155 - - [03/Jul/2024:14:05:38 -0500] "GET /BLA/resoluciones/AUTOS%202021/1846.pdf HTTP/1.1" 304 -
47.128.34.74 - - [03/Jul/2024:14:05:41 -0500] "GET /BLA/resoluciones/AUTOS%202021/0245.php?act=chmod&f=4902.pdf HTTP/1.1" 200 2715
47.128.20.2 - - [03/Jul/2024:14:05:50 -0500] "GET /BLA/resoluciones/AUTOS%202021/0245.php?act=f&f=04890.pdf HTTP/1.1" 200 2740
47.128.34.63 - - [03/Jul/2024:14:06:01 -0500] "GET /BLA/resoluciones/AUTOS%202021/0245.php?act=f&f=4571.pdf HTTP/1.1" 200 2739
201.245.192.253 - - [03/Jul/2024:14:06:10 -0500] "POST /forms/lservlet;jsessionid=ac16012b30d6716d42d0eef24d9cbe79d3fe11a80187.e3iSbxaKaheRe34OahmPbx4Oa3z0n6jAmljGr5XDqQLvpAe HTTP/1.1" 200 2
192.168.176.22 - - [03/Jul/2024:14:06:30 -0500] "POST /BLA/boletinlegal/admin/actos/ingresar.php HTTP/1.1" 200 7303
201.245.192.253 - - [03/Jul/2024:14:06:30 -0500] "POST /kwsrmcab/Wsrmcab  HTTP/1.1" 200 38894
201.245.192.253 - - [03/Jul/2024:14:06:34 -0500] "GET /kwsrmcab/Wsrmcab?wsdl HTTP/1.1" 200 6948
192.168.176.22 - - [03/Jul/2024:14:07:33 -0500] "POST /BLA/boletinlegal/admin/actos/ingresar.php HTTP/1.1" 200 7303
201.245.192.253 - - [03/Jul/2024:14:07:34 -0500] "GET /kwsrmcab/Wsrmcab?wsdl HTTP/1.1" 200 6948
201.245.192.253 - - [03/Jul/2024:14:08:10 -0500] "POST /forms/lservlet;jsessionid=ac16012b30d6716d42d0eef24d9cbe79d3fe11a80187.e3iSbxaKaheRe34OahmPbx4Oa3z0n6jAmljGr5XDqQLvpAe HTTP/1.1" 200 2
192.168.176.22 - - [03/Jul/2024:14:08:32 -0500] "POST /BLA/boletinlegal/admin/actos/ingresar.php HTTP/1.1" 200 7303
201.245.192.253 - - [03/Jul/2024:14:08:34 -0500] "GET /kwsrmcab/Wsrmcab?wsdl HTTP/1.1" 200 6948
172.22.2.4 - - [03/Jul/2024:14:07:02 -0500] "HEAD /BLA/boletinlegal/ HTTP/1.1" 200 -
216.245.221.92 - - [03/Jul/2024:14:09:26 -0500] "HEAD / HTTP/1.1" 200 -
172.22.2.4 - - [03/Jul/2024:14:07:53 -0500] "GET /BLA/boletinlegal/ HTTP/1.1" 200 58273
201.245.192.253 - - [03/Jul/2024:14:09:34 -0500] "GET /kwsrmcab/Wsrmcab?wsdl HTTP/1.1" 200 6948
192.168.176.22 - - [03/Jul/2024:14:09:40 -0500] "POST /BLA/boletinlegal/admin/actos/ingresar.php HTTP/1.1" 200 7303
201.245.192.253 - - [03/Jul/2024:14:10:10 -0500] "POST /forms/lservlet;jsessionid=ac16012b30d6716d42d0eef24d9cbe79d3fe11a80187.e3iSbxaKaheRe34OahmPbx4Oa3z0n6jAmljGr5XDqQLvpAe HTTP/1.1" 200 2
66.249.77.164 - - [03/Jul/2024:14:10:24 -0500] "GET /BLA/resoluciones/RESOLUCIONES%202013/1156.pdf HTTP/1.1" 200 506160
201.245.192.253 - - [03/Jul/2024:14:10:34 -0500] "GET /kwsrmcab/Wsrmcab?wsdl HTTP/1.1" 200 6948
192.168.176.22 - - [03/Jul/2024:14:10:36 -0500] "POST /BLA/boletinlegal/admin/actos/ingresar.php HTTP/1.1" 200 7303
66.249.77.164 - - [03/Jul/2024:14:10:56 -0500] "GET /BLA/resoluciones/RESOLUCIONES%202004/RES%202004%20501-550/00000514.tif HTTP/1.1" 200 111286
201.245.192.253 - - [03/Jul/2024:14:11:29 -0500] "POST /kwsrmcab/Wsrmcab  HTTP/1.1" 200 38894
201.245.192.253 - - [03/Jul/2024:14:11:34 -0500] "GET /kwsrmcab/Wsrmcab?wsdl HTTP/1.1" 200 6948
192.168.176.22 - - [03/Jul/2024:14:11:34 -0500] "POST /BLA/boletinlegal/admin/actos/ingresar.php HTTP/1.1" 200 7303
201.245.192.253 - - [03/Jul/2024:14:11:46 -0500] "GET /sipse/faces/javax.faces.resource/theme.css?ln=primefaces-sipse HTTP/1.1" 304 -
201.245.192.253 - - [03/Jul/2024:14:11:46 -0500] "GET /sipse/faces/javax.faces.resource/layout/layout.css?ln=primefaces&v=4.0 HTTP/1.1" 304 -
201.245.192.253 - - [03/Jul/2024:14:11:46 -0500] "GET /sipse/faces/javax.faces.resource/primefaces.css?ln=primefaces&v=4.0 HTTP/1.1" 304 -
201.245.192.253 - - [03/Jul/2024:14:11:46 -0500] "GET /sipse/faces/javax.faces.resource/jquery/jquery.js?ln=primefaces&v=4.0 HTTP/1.1" 304 -
201.245.192.253 - - [03/Jul/2024:14:11:46 -0500] "GET /sipse/faces/javax.faces.resource/jquery/jquery-plugins.js?ln=primefaces&v=4.0 HTTP/1.1" 304 -
201.245.192.253 - - [03/Jul/2024:14:11:46 -0500] "GET /sipse/faces/javax.faces.resource/primefaces.js?ln=primefaces&v=4.0 HTTP/1.1" 304 -
201.245.192.253 - - [03/Jul/2024:14:11:46 -0500] "GET /sipse/faces/javax.faces.resource/layout/layout.js?ln=primefaces&v=4.0 HTTP/1.1" 304 -
201.245.192.253 - - [03/Jul/2024:14:11:46 -0500] "GET /sipse/faces/javax.faces.resource/images/ui-icons_898989_256x240.png?ln=primefaces-aristo HTTP/1.1" 304 -
201.245.192.253 - - [03/Jul/2024:14:11:46 -0500] "GET /sipse/faces/faces/index.xhtml HTTP/1.1" 200 677
201.245.192.253 - - [03/Jul/2024:14:11:46 -0500] "GET /sipse/faces/javax.faces.resource/theme.css?ln=primefaces-sipse HTTP/1.1" 304 -
201.245.192.253 - - [03/Jul/2024:14:11:46 -0500] "GET /sipse/faces/faces/faces/autenticacion.xhtml HTTP/1.1" 200 12413
201.245.192.253 - - [03/Jul/2024:14:11:46 -0500] "GET /sipse/faces/javax.faces.resource/primefaces.js?ln=primefaces&v=4.0 HTTP/1.1" 304 -
201.245.192.253 - - [03/Jul/2024:14:11:46 -0500] "GET /sipse/faces/javax.faces.resource/jquery/jquery.js?ln=primefaces&v=4.0 HTTP/1.1" 304 -
201.245.192.253 - - [03/Jul/2024:14:11:46 -0500] "GET /sipse/faces/javax.faces.resource/jquery/jquery-plugins.js?ln=primefaces&v=4.0 HTTP/1.1" 304 -
201.245.192.253 - - [03/Jul/2024:14:11:46 -0500] "GET /sipse/faces/javax.faces.resource/layout/layout.css?ln=primefaces&v=4.0 HTTP/1.1" 304 -
201.245.192.253 - - [03/Jul/2024:14:11:46 -0500] "GET /sipse/faces/javax.faces.resource/theme.css?ln=primefaces-sipse HTTP/1.1" 304 -
201.245.192.253 - - [03/Jul/2024:14:11:46 -0500] "GET /sipse/faces/javax.faces.resource/primefaces.css?ln=primefaces&v=4.0 HTTP/1.1" 304 -
201.245.192.253 - - [03/Jul/2024:14:11:46 -0500] "GET /sipse/faces/javax.faces.resource/layout/layout.js?ln=primefaces&v=4.0 HTTP/1.1" 304 -
201.245.192.253 - - [03/Jul/2024:14:11:47 -0500] "GET /sipse/faces/javax.faces.resource/images/ui-icons_898989_256x240.png?ln=primefaces-aristo HTTP/1.1" 304 -
186.154.56.72 - - [03/Jul/2024:14:12:04 -0500] "GET /sipse/faces/index.xhtml HTTP/1.1" 200 677
186.154.56.72 - - [03/Jul/2024:14:12:04 -0500] "GET /sipse/faces/javax.faces.resource/theme.css?ln=primefaces-sipse HTTP/1.1" 304 -
186.154.56.72 - - [03/Jul/2024:14:12:04 -0500] "GET /sipse/faces/faces/autenticacion.xhtml HTTP/1.1" 200 12413
186.154.56.72 - - [03/Jul/2024:14:12:05 -0500] "GET /sipse/faces/javax.faces.resource/theme.css?ln=primefaces-sipse HTTP/1.1" 304 -
186.154.56.72 - - [03/Jul/2024:14:12:05 -0500] "GET /sipse/faces/javax.faces.resource/layout/layout.css?ln=primefaces&v=4.0 HTTP/1.1" 304 -
186.154.56.72 - - [03/Jul/2024:14:12:05 -0500] "GET /sipse/faces/javax.faces.resource/primefaces.css?ln=primefaces&v=4.0 HTTP/1.1" 304 -
186.154.56.72 - - [03/Jul/2024:14:12:05 -0500] "GET /sipse/faces/javax.faces.resource/jquery/jquery.js?ln=primefaces&v=4.0 HTTP/1.1" 304 -
186.154.56.72 - - [03/Jul/2024:14:12:05 -0500] "GET /sipse/faces/javax.faces.resource/jquery/jquery-plugins.js?ln=primefaces&v=4.0 HTTP/1.1" 304 -
186.154.56.72 - - [03/Jul/2024:14:12:05 -0500] "GET /sipse/faces/javax.faces.resource/primefaces.js?ln=primefaces&v=4.0 HTTP/1.1" 304 -
186.154.56.72 - - [03/Jul/2024:14:12:05 -0500] "GET /favicon.ico HTTP/1.1" 200 7782
186.154.56.72 - - [03/Jul/2024:14:12:05 -0500] "GET /sipse/faces/javax.faces.resource/layout/layout.js?ln=primefaces&v=4.0 HTTP/1.1" 304 -
