66.249.66.20 - - [03/Jul/2024:07:02:07 -0500] "GET /BLA/resoluciones/RESOLUCIONES%202004/RES%202004%201151-1200/00001156.tif HTTP/1.1" 200 203298
201.245.192.253 - - [03/Jul/2024:07:02:10 -0500] "POST /forms/lservlet;jsessionid=ac16012b30d6716d42d0eef24d9cbe79d3fe11a80187.e3iSbxaKaheRe34OahmPbx4Oa3z0n6jAmljGr5XDqQLvpAe HTTP/1.1" 200 2
172.22.2.4 - - [03/Jul/2024:07:02:18 -0500] "GET /BLA/boletinlegal/favicon.ico HTTP/1.1" 404 1018
201.245.192.253 - - [03/Jul/2024:07:02:35 -0500] "GET /kwsrmcab/Wsrmcab?wsdl HTTP/1.1" 200 6948
172.22.2.4 - - [03/Jul/2024:07:01:58 -0500] "GET /BLA/boletinlegal/ HTTP/1.1" 200 20427
172.22.2.4 - - [03/Jul/2024:07:01:13 -0500] "HEAD /BLA/boletinlegal/ HTTP/1.1" 200 -
172.22.2.4 - - [03/Jul/2024:07:02:03 -0500] "GET /BLA/boletinlegal/ HTTP/1.1" 200 32715
201.245.192.253 - - [03/Jul/2024:07:03:33 -0500] "POST /kwsrmcab/Wsrmcab  HTTP/1.1" 200 38894
201.245.192.253 - - [03/Jul/2024:07:03:35 -0500] "GET /kwsrmcab/Wsrmcab?wsdl HTTP/1.1" 200 6948
172.22.2.4 - - [03/Jul/2024:07:02:04 -0500] "GET /BLA/boletinlegal/ HTTP/1.1" 200 48425
191.156.177.246 - - [03/Jul/2024:07:04:06 -0500] "GET /BLA/resoluciones/AUTOS%202023/0900.pdf HTTP/1.1" 200 622099
191.156.183.34 - - [03/Jul/2024:07:04:08 -0500] "GET /favicon.ico HTTP/1.1" 200 7782
201.245.192.253 - - [03/Jul/2024:07:04:10 -0500] "POST /forms/lservlet;jsessionid=ac16012b30d6716d42d0eef24d9cbe79d3fe11a80187.e3iSbxaKaheRe34OahmPbx4Oa3z0n6jAmljGr5XDqQLvpAe HTTP/1.1" 200 2
66.249.77.165 - - [03/Jul/2024:07:04:25 -0500] "GET /BLA/resoluciones/RESOLUCIONES%202018/2171.pdf HTTP/1.1" 304 -
216.245.221.92 - - [03/Jul/2024:07:04:27 -0500] "HEAD / HTTP/1.1" 200 -
201.245.192.253 - - [03/Jul/2024:07:04:35 -0500] "GET /kwsrmcab/Wsrmcab?wsdl HTTP/1.1" 200 6948
66.249.77.164 - - [03/Jul/2024:07:05:25 -0500] "GET /Publicaciones/2024EE62936.pdf HTTP/1.1" 404 227
201.245.192.253 - - [03/Jul/2024:07:05:35 -0500] "GET /kwsrmcab/Wsrmcab?wsdl HTTP/1.1" 200 6948
201.245.192.253 - - [03/Jul/2024:07:06:10 -0500] "POST /forms/lservlet;jsessionid=ac16012b30d6716d42d0eef24d9cbe79d3fe11a80187.e3iSbxaKaheRe34OahmPbx4Oa3z0n6jAmljGr5XDqQLvpAe HTTP/1.1" 200 2
201.245.192.253 - - [03/Jul/2024:07:06:35 -0500] "GET /kwsrmcab/Wsrmcab?wsdl HTTP/1.1" 200 6948
207.46.13.102 - - [03/Jul/2024:07:06:54 -0500] "GET /BLA/resoluciones/RESOLUCIONES%202021/0897.pdf HTTP/1.1" 200 5879798
172.22.2.4 - - [03/Jul/2024:07:07:15 -0500] "GET /BLA/boletinlegal/jurisprudencia/analisis/AnalisisC-035-16.docx HTTP/1.1" 200 25011
201.245.192.253 - - [03/Jul/2024:07:07:35 -0500] "GET /kwsrmcab/Wsrmcab?wsdl HTTP/1.1" 200 6948
40.77.167.15 - - [03/Jul/2024:07:07:48 -0500] "GET /Publicaciones/2024EE32540.pdf HTTP/1.1" 404 227
201.245.192.253 - - [03/Jul/2024:07:08:10 -0500] "POST /forms/lservlet;jsessionid=ac16012b30d6716d42d0eef24d9cbe79d3fe11a80187.e3iSbxaKaheRe34OahmPbx4Oa3z0n6jAmljGr5XDqQLvpAe HTTP/1.1" 200 2
66.249.77.165 - - [03/Jul/2024:07:08:26 -0500] "GET /BLA/resoluciones/AUTOS%202018/0646.pdf HTTP/1.1" 200 334611
201.245.192.253 - - [03/Jul/2024:07:08:32 -0500] "POST /kwsrmcab/Wsrmcab  HTTP/1.1" 200 38894
201.245.192.253 - - [03/Jul/2024:07:08:35 -0500] "GET /kwsrmcab/Wsrmcab?wsdl HTTP/1.1" 200 6948
172.22.2.4 - - [03/Jul/2024:07:07:03 -0500] "HEAD /BLA/boletinlegal/ HTTP/1.1" 200 -
66.249.77.164 - - [03/Jul/2024:07:09:00 -0500] "GET /BLA/resoluciones/RESOLUCIONES%202021/4084.pdf HTTP/1.1" 200 383586
216.245.221.92 - - [03/Jul/2024:07:09:27 -0500] "HEAD / HTTP/1.1" 200 -
172.22.2.4 - - [03/Jul/2024:07:07:54 -0500] "GET /BLA/boletinlegal/ HTTP/1.1" 200 51561
201.245.192.253 - - [03/Jul/2024:07:09:35 -0500] "GET /kwsrmcab/Wsrmcab?wsdl HTTP/1.1" 200 6948
40.77.189.59 - - [03/Jul/2024:07:09:36 -0500] "GET /sipse/faces/index.xhtml HTTP/1.1" 200 677
40.77.189.59 - - [03/Jul/2024:07:09:37 -0500] "GET /sipse/faces/faces/autenticacion.xhtml HTTP/1.1" 200 12413
40.77.189.59 - - [03/Jul/2024:07:09:37 -0500] "GET /sipse/faces/javax.faces.resource/theme.css?ln=primefaces-sipse HTTP/1.1" 304 -
40.77.189.59 - - [03/Jul/2024:07:09:37 -0500] "GET /sipse/faces/javax.faces.resource/layout/layout.css?ln=primefaces&v=4.0 HTTP/1.1" 200 542
40.77.189.59 - - [03/Jul/2024:07:09:37 -0500] "GET /sipse/faces/javax.faces.resource/layout/layout.js?ln=primefaces&v=4.0 HTTP/1.1" 200 87560
40.77.189.59 - - [03/Jul/2024:07:09:37 -0500] "GET /sipse/faces/javax.faces.resource/primefaces.css?ln=primefaces&v=4.0 HTTP/1.1" 200 53295
40.77.189.59 - - [03/Jul/2024:07:09:37 -0500] "GET /sipse/faces/javax.faces.resource/jquery/jquery.js?ln=primefaces&v=4.0 HTTP/1.1" 200 105384
40.77.189.59 - - [03/Jul/2024:07:09:37 -0500] "GET /sipse/faces/javax.faces.resource/jquery/jquery-plugins.js?ln=primefaces&v=4.0 HTTP/1.1" 200 220526
40.77.189.59 - - [03/Jul/2024:07:09:37 -0500] "GET /sipse/faces/javax.faces.resource/primefaces.js?ln=primefaces&v=4.0 HTTP/1.1" 200 276924
40.77.189.59 - - [03/Jul/2024:07:09:38 -0500] "GET /sipse/faces/javax.faces.resource/images/ui-icons_898989_256x240.png?ln=primefaces-aristo HTTP/1.1" 200 5355
201.245.192.253 - - [03/Jul/2024:07:10:10 -0500] "POST /forms/lservlet;jsessionid=ac16012b30d6716d42d0eef24d9cbe79d3fe11a80187.e3iSbxaKaheRe34OahmPbx4Oa3z0n6jAmljGr5XDqQLvpAe HTTP/1.1" 200 2
66.249.77.165 - - [03/Jul/2024:07:10:16 -0500] "GET /BLA/resoluciones/RESOLUCIONES%202021/5213.pdf HTTP/1.1" 200 374123
186.155.18.159 - - [03/Jul/2024:07:10:17 -0500] "GET /BLA/resoluciones/ HTTP/1.1" 200 14105
186.155.18.159 - - [03/Jul/2024:07:10:17 -0500] "GET /favicon.ico HTTP/1.1" 200 7782
173.252.87.12 - - [03/Jul/2024:07:10:21 -0500] "GET /secretaria-de-ambiente-abre-ciclo-de-capacitaciones-sobre-techos-verdes-y-jardines-verticales.html HTTP/1.1" 200 1078
201.245.192.253 - - [03/Jul/2024:07:10:35 -0500] "GET /kwsrmcab/Wsrmcab?wsdl HTTP/1.1" 200 6948
186.155.18.159 - - [03/Jul/2024:07:10:46 -0500] "GET /BLA/resoluciones/index.php?dir=RESOLUCIONES+2015%2F HTTP/1.1" 200 131252
66.249.77.164 - - [03/Jul/2024:07:11:15 -0500] "GET /BLA/resoluciones/RESOLUCIONES%202021/1256.pdf HTTP/1.1" 200 449818
201.245.192.253 - - [03/Jul/2024:07:11:35 -0500] "GET /kwsrmcab/Wsrmcab?wsdl HTTP/1.1" 200 6948
66.249.77.165 - - [03/Jul/2024:07:11:42 -0500] "GET /BLA/resoluciones/RESOLUCIONES%202018/2095.pdf HTTP/1.1" 200 257468
77.90.7.23 - - [03/Jul/2024:07:12:08 -0500] "GET http://example.com/ HTTP/1.1" 200 319
201.245.192.253 - - [03/Jul/2024:07:12:10 -0500] "POST /forms/lservlet;jsessionid=ac16012b30d6716d42d0eef24d9cbe79d3fe11a80187.e3iSbxaKaheRe34OahmPbx4Oa3z0n6jAmljGr5XDqQLvpAe HTTP/1.1" 200 2
77.90.7.23 - - [03/Jul/2024:07:12:13 -0500] "CONNECT example.com:443 HTTP/1.1" 405 939
77.90.7.23 - - [03/Jul/2024:07:12:16 -0500] "GET http://example.com/ HTTP/1.1" 200 319
77.90.7.23 - - [03/Jul/2024:07:12:18 -0500] "CONNECT example.com:443 HTTP/1.1" 405 939
201.245.192.253 - - [03/Jul/2024:07:12:35 -0500] "GET /kwsrmcab/Wsrmcab?wsdl HTTP/1.1" 200 6948
201.245.192.253 - - [03/Jul/2024:07:13:30 -0500] "POST /kwsrmcab/Wsrmcab  HTTP/1.1" 200 38894
201.245.192.253 - - [03/Jul/2024:07:13:35 -0500] "GET /kwsrmcab/Wsrmcab?wsdl HTTP/1.1" 200 6948
186.102.11.98 - - [03/Jul/2024:07:14:03 -0500] "GET /kwssiamovil/sm/ldap/au?x=U2FsdGVkX1/N5wREMX5YwSZIvUo5hqa0WcPbxibG658fv+tfUslVGcMcKt9rXp2a&y=U2FsdGVkX19psR0hP72kU54jT/f2xFQWsuLnhsCqM710e0cHFcK9Z4+rSf8TOTnx HTTP/1.1" 200 30
186.102.11.98 - - [03/Jul/2024:07:14:04 -0500] "GET /kwssiamovil/sm/acme/s?s=U2FsdGVkX19TWrW9W7s7WWd+DdiC/hwNvijacxiX0DZ6HT7lSM3t/EHrAh5ZJyo9wxhUdXDr1LKBi3NoK6ooHHxl4zd/8IoKLsdNY34ruZo=&u=U2FsdGVkX1+bR2/Rvtgu0G4QdZQq9d5X0sCQA6WzuaEWka14+RDORQpUyyRZLKtx&y=U2FsdGVkX19psR0hP72kU54jT/f2xFQWsuLnhsCqM710e0cHFcK9Z4+rSf8TOTnx HTTP/1.1" 200 97
186.102.11.98 - - [03/Jul/2024:07:14:04 -0500] "GET /kwssiamovil/sm/acme/s?s=U2FsdGVkX1+azhpkrLN0kiJhqbhD6gsAjx/j4wm/+JrUOlGD/QBC2n8M2QjVSS446dS89lcJqXdiqRcUkikZmaR2sV+Qf77l4qfwMZO27aCa2wmNBgbbkvNYROLq7AvnJst5XlZnyI086rp3guR/R8aysX97/nQX8lzD6KhAVQp90CrRRhV+xOIkkGEXpPzGWDlG+oS6c6aNBY57IC6pU739547yOTWno/Fqwgc6LUfRGNBmkMXSpcInFmb+66Q/44YPqdHBSCa+svnA5lz8VoISMmeWXUJW2GHcQG0FcaLuIUYua0rCO7ypns9fKgoIDHTyCmrnBpn63MzqlPcrwNmL/PCqgoEtvXhSaeGtQTZgClBNA5RR8NCB2zAmKUyjYgO3/FW3GuOdI8vaQstpDm6Dac6FujscLro2ahBGhut9N1hwRZ/5bgeJMZz6F6BcqDfRXUTT5mF7y2vwPK2V1sA7Q91UAgtyCYKLgglCEzvBcerBzazE9g/ydOpozEnwi4opizTeDC7j0WRa/UljO7OwUkU7iw3L8yQY/N1/9R37D90N0MrwRLsBz4pjrfJZbn7tvPXEBSVTXnHV0tDl7Ubt7Ce8XA48+/zzLR29ZD6YTmXItVHi1sc52krvxOESz1NsuSn6oc1/P+9dhNrdbVFRo5iI1C3gNEjZvo7TqQQvrvOvOZbx6TMqsyEFkjQbMURNYcbQHA7dIJCNqVQJwmM/MCC9PnTSackQ80EjwNCyPvzxBLOYFoY3gdk/wnNjh1MXExKayYepz8o4FOyldAzhXxaj/aR0Ly389uG5ns6HYN5VhEDbR64RAnv1mqX28uC/kvJMXwhQW+GqcgROrgEGiRYRtkyJOBcMCJVBDFHtbRG3inr1USIrlrftiPc12wdxEETyQvQLPgxbubh7/1yDQAZ7IUcqF1coHfwzZrdEpXgfCjisNnS9nMeI8qB4DqGIRk9cw06ndik3T230DdrIBrLKQEYgdKY3TVgMWzNNOaLA61rn9IQkE4oW8vTMdTWTzvF0qbewASpCawgwF9xN6KwTj6mEFp6D3Qv9nkk3qhq43sdfAKfBdvuS6yyn+eCXKMC4u+mPept3OoHsJjM2eCpB586q9oyqh8FiXnFtbmdq/uEw/udF2m10eVDX1JXxh2y7DlNIfxmMnAuEOtqf6D2/KLqFq3l9jA92FI3r5L0oEdd5R4DGNSAaO+aY81224Yyvy30Z5qrFz2pO1k7XCaqc9+2jCGwy7Wkdn+uxK7W+nswOA+qj8DpJ/L5xpMEchTXrzzdTNziJ7riyvJh3Po3yRcBC/wFt1CfjU8es+6rZienSsaKegt4gZe9z4k1ImgsIxmd1ac6u7NFjB5djORUma3V3N89FUkwghM0ds9g8i4EDmUEaWwES6e9Na7aR099Xste7ThliVSZb2sZTGvg7IX0F+YcNNn4PePvbcFuC1HMZkE/eF3RI468wP/QWiZmb2kf6632bIiW3RsR9/LkClepi+hgtRLg8DYGbrq7k4dgobIr4gnTN7QTZN9l3CzbZAv4a8dVeBr7O/4UL2iI1+YvBMDloXiNm/8huRmRDGdw6pnnfNZ/2TGTPuQJSVo01w3J/kc7ebfeWqM4R6b0fb/oE/KWQU//nT8LnN/G+Z/Xvh7QxfeYa3o70ZvKlApN00iImFruFvewbqAiBrL5OfxD33s21+39c/RDjjIjcJZFwHcv9KugL4jrAz4DwGH/JAwaFgbsG4fG0m++LJs9IbwUx0sCYTQK8dhaQAxTC4gyPyUDCB5ycmHK3&u=U2FsdGVkX1+bR2/Rvtgu0G4QdZQq9d5X0sCQA6WzuaEWka14+RDORQpUyyRZLKtx&y=U2FsdGVkX19psR0hP72kU54jT/f2xFQWsuLnhsCqM710e0cHFcK9Z4+rSf8TOTnx HTTP/1.1" 200 750
186.102.11.98 - - [03/Jul/2024:07:14:04 -0500] "GET /kwssiamovil/sm/acme/s?s=U2FsdGVkX18VGtEyR/gdWSycuwCvO8yzrWa2X3qg+pdnLWcUioo4F5/2VP139DWbhTjuXnKtHB5j2JF6nv7gj8hlSkK6ol3zxnINh2KWhE+SNaXYzzoMpj/zJAV8XvoirVFMTIorb0unKKHm6yaK569m95Sh82fq9JVGwdlT6vDduj4M+a/bE2g7t13V9GWPtJpE+q/d3InXkEeoifqfY3MRwp3MzQP3RJjQ+9XFClVytfMTUpc4gh1irozdxIezncl5vxyGOlN9si1KyzUyk9UL/dvkcbEhaKYWith2z7jgMGg8bu0m0ijN3iTgrP04IQ8NSNnXoh0FBuogawlk7MTyfvpCN25/E+TFWcUERoueeDBXPQRahaOSGZ7L2M0MIDc2+CIlfmcN2irTqMmUHzaSSm/Loh/lnziVDMgWAiejv03g4YIohS+Y01whY4091Ih7K4h0520lF4EZbQXKs4BLDB+M8EVFBgpoA9Yy8ExWMbH5LgeJYjyIyxX4aAJ94tbHHmzBWtoBmGB4x31Qu+ho8YF65TqTwU8UtxABcDdAiMk4+dBZQe8iYArHZ5ZyAimS1VmQvtoolu750C1yO6okKRG0U7gAAIYD8JvAsfO6Lpx+y+6SLFfb3ALaA2dyYgrLyEyKpaKwCMWA2G82B20WmBcL/lFZpt1e1X9EcYPURXrYbt4iIDKZM8D9xm6jVs7ZIF/5W0eeoEXk49k5rscd/bnNw+Z4MC9YFLKrjCu2Wi/x5vldCjx1FzydQQaY&u=U2FsdGVkX1+bR2/Rvtgu0G4QdZQq9d5X0sCQA6WzuaEWka14+RDORQpUyyRZLKtx&y=U2FsdGVkX19psR0hP72kU54jT/f2xFQWsuLnhsCqM710e0cHFcK9Z4+rSf8TOTnx HTTP/1.1" 200 208
66.249.77.166 - - [03/Jul/2024:07:14:05 -0500] "GET /BLA/resoluciones/RESOLUCIONES%202021/3843.pdf HTTP/1.1" 200 353869
186.102.11.98 - - [03/Jul/2024:07:14:04 -0500] "GET /kwssiamovil/sm/cjson/pre?f=1&x=U2FsdGVkX1/N5wREMX5YwSZIvUo5hqa0WcPbxibG658fv+tfUslVGcMcKt9rXp2a HTTP/1.1" 200 30244
201.245.192.253 - - [03/Jul/2024:07:14:10 -0500] "POST /forms/lservlet;jsessionid=ac16012b30d6716d42d0eef24d9cbe79d3fe11a80187.e3iSbxaKaheRe34OahmPbx4Oa3z0n6jAmljGr5XDqQLvpAe HTTP/1.1" 200 2
216.245.221.92 - - [03/Jul/2024:07:14:27 -0500] "HEAD / HTTP/1.1" 200 -
172.22.2.4 - - [03/Jul/2024:07:12:53 -0500] "HEAD /BLA/boletinlegal/ HTTP/1.1" 200 -
201.245.192.253 - - [03/Jul/2024:07:14:35 -0500] "GET /kwsrmcab/Wsrmcab?wsdl HTTP/1.1" 200 6948
66.249.77.164 - - [03/Jul/2024:07:15:02 -0500] "GET /BLA/resoluciones/RESOLUCIONES%202004/RES%202004%201101-1150/00001139.tif HTTP/1.1" 200 187556
172.22.2.4 - - [03/Jul/2024:07:13:44 -0500] "GET /BLA/boletinlegal/ HTTP/1.1" 200 51561
201.245.192.253 - - [03/Jul/2024:07:15:35 -0500] "GET /kwsrmcab/Wsrmcab?wsdl HTTP/1.1" 200 6948
66.249.77.164 - - [03/Jul/2024:07:16:04 -0500] "GET /BLA/resoluciones/RESOLUCIONES%202013/0600.pdf HTTP/1.1" 200 1607449
201.245.192.253 - - [03/Jul/2024:07:16:10 -0500] "POST /forms/lservlet;jsessionid=ac16012b30d6716d42d0eef24d9cbe79d3fe11a80187.e3iSbxaKaheRe34OahmPbx4Oa3z0n6jAmljGr5XDqQLvpAe HTTP/1.1" 200 2
201.245.192.253 - - [03/Jul/2024:07:16:35 -0500] "GET /kwsrmcab/Wsrmcab?wsdl HTTP/1.1" 200 6948
201.245.192.253 - - [03/Jul/2024:07:16:51 -0500] "POST /kwsrmcab/Wsrmcab HTTP/1.1" 200 38883
201.245.192.253 - - [03/Jul/2024:07:16:52 -0500] "POST /kwsrmcab/Wsrmcab HTTP/1.1" 200 33499
66.249.77.164 - - [03/Jul/2024:07:17:02 -0500] "GET /BLA/resoluciones/RESOLUCIONES%202002/RES%202002%201201-1250/20021229.tif HTTP/1.1" 200 106200
201.245.192.253 - - [03/Jul/2024:07:17:35 -0500] "GET /kwsrmcab/Wsrmcab?wsdl HTTP/1.1" 200 6948
186.155.18.159 - - [03/Jul/2024:07:17:44 -0500] "GET /BLA/resoluciones/index.php?dir=RESOLUCIONES+2009%2F HTTP/1.1" 200 1694101
186.155.18.159 - - [03/Jul/2024:07:17:47 -0500] "GET /BLA/resoluciones/RESOLUCIONES%202009/6137.pdf HTTP/1.1" 200 641557
201.245.192.253 - - [03/Jul/2024:07:18:10 -0500] "POST /forms/lservlet;jsessionid=ac16012b30d6716d42d0eef24d9cbe79d3fe11a80187.e3iSbxaKaheRe34OahmPbx4Oa3z0n6jAmljGr5XDqQLvpAe HTTP/1.1" 200 2
201.245.192.253 - - [03/Jul/2024:07:18:29 -0500] "POST /kwsrmcab/Wsrmcab  HTTP/1.1" 200 38894
201.245.192.253 - - [03/Jul/2024:07:18:35 -0500] "GET /kwsrmcab/Wsrmcab?wsdl HTTP/1.1" 200 6948
207.46.13.107 - - [03/Jul/2024:07:18:59 -0500] "GET /BLA/resoluciones/AUTOS%202021/5601.pdf HTTP/1.1" 304 -
201.245.192.253 - - [03/Jul/2024:07:19:05 -0500] "POST /kwsrmcab/Wsrmcab HTTP/1.1" 200 39824
66.249.77.164 - - [03/Jul/2024:07:19:09 -0500] "GET /BLA/resoluciones/RESOLUCIONES%202022/5153.pdf HTTP/1.1" 304 -
114.119.135.143 - - [03/Jul/2024:07:19:27 -0500] "GET /portalsiaccapacitaciones/Soportes%20Capacitaciones%202016/Mesas%20de%20Trabajo%202016/0001.%20MUEVETE%20MEJOR_BTA%20SDM.pdf HTTP/1.1" 200 1764639
216.245.221.92 - - [03/Jul/2024:07:19:27 -0500] "HEAD / HTTP/1.1" 200 -
201.245.192.253 - - [03/Jul/2024:07:19:35 -0500] "GET /kwsrmcab/Wsrmcab?wsdl HTTP/1.1" 200 6948
201.245.192.253 - - [03/Jul/2024:07:19:50 -0500] "POST /kwsrmcab/Wsrmcab HTTP/1.1" 200 33499
201.245.192.253 - - [03/Jul/2024:07:20:10 -0500] "POST /forms/lservlet;jsessionid=ac16012b30d6716d42d0eef24d9cbe79d3fe11a80187.e3iSbxaKaheRe34OahmPbx4Oa3z0n6jAmljGr5XDqQLvpAe HTTP/1.1" 200 2
172.22.2.4 - - [03/Jul/2024:07:18:43 -0500] "HEAD /BLA/boletinlegal/ HTTP/1.1" 200 -
201.245.192.253 - - [03/Jul/2024:07:20:35 -0500] "GET /kwsrmcab/Wsrmcab?wsdl HTTP/1.1" 200 6948
172.22.2.4 - - [03/Jul/2024:07:19:34 -0500] "GET /BLA/boletinlegal/ HTTP/1.1" 200 53419
201.245.192.253 - - [03/Jul/2024:07:21:35 -0500] "GET /kwsrmcab/Wsrmcab?wsdl HTTP/1.1" 200 6948
40.77.167.56 - - [03/Jul/2024:07:21:53 -0500] "GET /Publicaciones/2024EE115263.pdf HTTP/1.1" 404 228
201.245.192.253 - - [03/Jul/2024:07:22:10 -0500] "POST /forms/lservlet;jsessionid=ac16012b30d6716d42d0eef24d9cbe79d3fe11a80187.e3iSbxaKaheRe34OahmPbx4Oa3z0n6jAmljGr5XDqQLvpAe HTTP/1.1" 200 2
186.155.18.159 - - [03/Jul/2024:07:22:25 -0500] "GET /BLA/resoluciones/index.php?dir=RESOLUCIONES+2009%2F HTTP/1.1" 200 1694101
186.155.18.159 - - [03/Jul/2024:07:22:34 -0500] "GET /BLA/resoluciones/RESOLUCIONES%202009/4130.pdf HTTP/1.1" 200 752475
201.245.192.253 - - [03/Jul/2024:07:22:35 -0500] "GET /kwsrmcab/Wsrmcab?wsdl HTTP/1.1" 200 6948
186.155.18.159 - - [03/Jul/2024:07:22:50 -0500] "GET /BLA/resoluciones/index.php?dir=AUTOS+2009%2F HTTP/1.1" 200 400854
40.77.167.38 - - [03/Jul/2024:07:23:09 -0500] "GET /BLA/resoluciones/AUTOS%202021/0749.pdf HTTP/1.1" 304 -
186.155.18.159 - - [03/Jul/2024:07:23:09 -0500] "GET /BLA/resoluciones/AUTOS%202009/3151.pdf HTTP/1.1" 200 130917
66.249.77.165 - - [03/Jul/2024:07:23:11 -0500] "GET /BLA/resoluciones/AUTOS%202018/4133.pdf HTTP/1.1" 200 256460
201.245.192.253 - - [03/Jul/2024:07:23:28 -0500] "POST /kwsrmcab/Wsrmcab  HTTP/1.1" 200 38894
201.245.192.253 - - [03/Jul/2024:07:23:35 -0500] "GET /kwsrmcab/Wsrmcab?wsdl HTTP/1.1" 200 6948
201.245.192.253 - - [03/Jul/2024:07:24:10 -0500] "POST /forms/lservlet;jsessionid=ac16012b30d6716d42d0eef24d9cbe79d3fe11a80187.e3iSbxaKaheRe34OahmPbx4Oa3z0n6jAmljGr5XDqQLvpAe HTTP/1.1" 200 2
216.245.221.92 - - [03/Jul/2024:07:24:27 -0500] "HEAD / HTTP/1.1" 200 -
201.245.192.253 - - [03/Jul/2024:07:24:35 -0500] "GET /kwsrmcab/Wsrmcab?wsdl HTTP/1.1" 200 6948
207.46.13.107 - - [03/Jul/2024:07:24:52 -0500] "GET /BLA/resoluciones/RESOLUCIONES%202017/0961.pdf HTTP/1.1" 200 885289
172.22.2.4 - - [03/Jul/2024:07:25:01 -0500] "GET /BLA/boletinlegal/jurisprudencia.php HTTP/1.1" 200 17637
191.156.177.246 - - [03/Jul/2024:07:25:16 -0500] "GET /appsia/controlador HTTP/1.1" 200 4799
191.156.177.246 - - [03/Jul/2024:07:25:17 -0500] "GET /favicon.ico HTTP/1.1" 200 7782
191.156.177.105 - - [03/Jul/2024:07:25:34 -0500] "POST /appsia/controlador HTTP/1.1" 200 5437
201.245.192.253 - - [03/Jul/2024:07:25:35 -0500] "GET /kwsrmcab/Wsrmcab?wsdl HTTP/1.1" 200 6948
191.156.177.105 - - [03/Jul/2024:07:25:38 -0500] "POST /appsia/controlador HTTP/1.1" 200 10906
201.245.192.253 - - [03/Jul/2024:07:26:10 -0500] "POST /forms/lservlet;jsessionid=ac16012b30d6716d42d0eef24d9cbe79d3fe11a80187.e3iSbxaKaheRe34OahmPbx4Oa3z0n6jAmljGr5XDqQLvpAe HTTP/1.1" 200 2
172.22.2.4 - - [03/Jul/2024:07:24:33 -0500] "HEAD /BLA/boletinlegal/ HTTP/1.1" 200 -
201.245.192.253 - - [03/Jul/2024:07:26:35 -0500] "GET /kwsrmcab/Wsrmcab?wsdl HTTP/1.1" 200 6948
216.244.66.195 - - [03/Jul/2024:07:26:46 -0500] "GET /robots.txt HTTP/1.1" 404 1018
201.245.192.253 - - [03/Jul/2024:07:26:51 -0500] "POST /kwsrmcab/Wsrmcab HTTP/1.1" 200 38883
201.245.192.253 - - [03/Jul/2024:07:26:52 -0500] "POST /kwsrmcab/Wsrmcab HTTP/1.1" 200 33499
172.22.2.4 - - [03/Jul/2024:07:25:24 -0500] "GET /BLA/boletinlegal/ HTTP/1.1" 200 51561
201.245.192.253 - - [03/Jul/2024:07:27:35 -0500] "GET /kwsrmcab/Wsrmcab?wsdl HTTP/1.1" 200 6948
186.155.18.159 - - [03/Jul/2024:07:27:38 -0500] "GET /BLA/resoluciones/index.php?dir=RESOLUCIONES+2011%2F HTTP/1.1" 200 747162
186.155.18.159 - - [03/Jul/2024:07:27:41 -0500] "GET /BLA/resoluciones/index.php?dir=AUTOS+2011%2F HTTP/1.1" 200 638898
186.155.18.159 - - [03/Jul/2024:07:27:43 -0500] "GET /BLA/resoluciones/AUTOS%202011/3290.pdf HTTP/1.1" 200 216275
201.245.192.253 - - [03/Jul/2024:07:28:10 -0500] "POST /forms/lservlet;jsessionid=ac16012b30d6716d42d0eef24d9cbe79d3fe11a80187.e3iSbxaKaheRe34OahmPbx4Oa3z0n6jAmljGr5XDqQLvpAe HTTP/1.1" 200 2
201.245.192.253 - - [03/Jul/2024:07:28:25 -0500] "POST /kwsrmcab/Wsrmcab  HTTP/1.1" 200 38894
201.245.192.253 - - [03/Jul/2024:07:28:35 -0500] "GET /kwsrmcab/Wsrmcab?wsdl HTTP/1.1" 200 6948
201.245.192.253 - - [03/Jul/2024:07:29:05 -0500] "POST /kwsrmcab/Wsrmcab HTTP/1.1" 200 39824
216.245.221.92 - - [03/Jul/2024:07:29:27 -0500] "HEAD / HTTP/1.1" 200 -
201.245.192.253 - - [03/Jul/2024:07:29:35 -0500] "GET /kwsrmcab/Wsrmcab?wsdl HTTP/1.1" 200 6948
201.245.192.253 - - [03/Jul/2024:07:29:51 -0500] "POST /kwsrmcab/Wsrmcab HTTP/1.1" 200 33499
201.245.192.253 - - [03/Jul/2024:07:30:10 -0500] "POST /forms/lservlet;jsessionid=ac16012b30d6716d42d0eef24d9cbe79d3fe11a80187.e3iSbxaKaheRe34OahmPbx4Oa3z0n6jAmljGr5XDqQLvpAe HTTP/1.1" 200 2
201.245.192.253 - - [03/Jul/2024:07:30:35 -0500] "GET /kwsrmcab/Wsrmcab?wsdl HTTP/1.1" 200 6948
201.245.192.253 - - [03/Jul/2024:07:31:35 -0500] "GET /kwsrmcab/Wsrmcab?wsdl HTTP/1.1" 200 6948
66.249.77.164 - - [03/Jul/2024:07:32:03 -0500] "GET /BLA/resoluciones/RESOLUCIONES%202004/RES%202004%201151-1200/00001182.tif HTTP/1.1" 200 192214
172.22.2.4 - - [03/Jul/2024:07:30:23 -0500] "HEAD /BLA/boletinlegal/ HTTP/1.1" 200 -
201.245.192.253 - - [03/Jul/2024:07:32:10 -0500] "POST /forms/lservlet;jsessionid=ac16012b30d6716d42d0eef24d9cbe79d3fe11a80187.e3iSbxaKaheRe34OahmPbx4Oa3z0n6jAmljGr5XDqQLvpAe HTTP/1.1" 200 2
201.245.192.253 - - [03/Jul/2024:07:32:35 -0500] "GET /kwsrmcab/Wsrmcab?wsdl HTTP/1.1" 200 6948
172.22.2.4 - - [03/Jul/2024:07:31:14 -0500] "GET /BLA/boletinlegal/ HTTP/1.1" 200 59967
201.245.192.253 - - [03/Jul/2024:07:33:24 -0500] "POST /kwsrmcab/Wsrmcab  HTTP/1.1" 200 38894
201.245.192.253 - - [03/Jul/2024:07:33:35 -0500] "GET /kwsrmcab/Wsrmcab?wsdl HTTP/1.1" 200 6948
201.245.192.253 - - [03/Jul/2024:07:34:10 -0500] "POST /forms/lservlet;jsessionid=ac16012b30d6716d42d0eef24d9cbe79d3fe11a80187.e3iSbxaKaheRe34OahmPbx4Oa3z0n6jAmljGr5XDqQLvpAe HTTP/1.1" 200 2
216.245.221.92 - - [03/Jul/2024:07:34:27 -0500] "HEAD / HTTP/1.1" 200 -
201.245.192.253 - - [03/Jul/2024:07:34:35 -0500] "GET /kwsrmcab/Wsrmcab?wsdl HTTP/1.1" 200 6948
201.245.192.253 - - [03/Jul/2024:07:35:35 -0500] "GET /kwsrmcab/Wsrmcab?wsdl HTTP/1.1" 200 6948
201.245.192.253 - - [03/Jul/2024:07:36:10 -0500] "POST /forms/lservlet;jsessionid=ac16012b30d6716d42d0eef24d9cbe79d3fe11a80187.e3iSbxaKaheRe34OahmPbx4Oa3z0n6jAmljGr5XDqQLvpAe HTTP/1.1" 200 2
66.249.77.164 - - [03/Jul/2024:07:36:24 -0500] "GET /BLA/resoluciones/RESOLUCIONES%202021/2985.pdf HTTP/1.1" 304 -
201.245.192.253 - - [03/Jul/2024:07:36:35 -0500] "GET /kwsrmcab/Wsrmcab?wsdl HTTP/1.1" 200 6948
201.245.192.253 - - [03/Jul/2024:07:36:50 -0500] "POST /kwsrmcab/Wsrmcab HTTP/1.1" 200 38883
201.245.192.253 - - [03/Jul/2024:07:36:53 -0500] "POST /kwsrmcab/Wsrmcab HTTP/1.1" 200 33499
172.22.2.4 - - [03/Jul/2024:07:37:25 -0500] "GET /BLA/boletinlegal/style.css HTTP/1.1" 200 9406
172.22.2.4 - - [03/Jul/2024:07:37:25 -0500] "GET /BLA/boletinlegal/styles2.css HTTP/1.1" 200 1838
172.22.2.4 - - [03/Jul/2024:07:37:25 -0500] "GET /BLA/boletinlegal/js/jquery.js HTTP/1.1" 200 57254
172.22.2.4 - - [03/Jul/2024:07:37:25 -0500] "GET /BLA/boletinlegal/js/jquery.scrollTo-min.js HTTP/1.1" 200 1150
172.22.2.4 - - [03/Jul/2024:07:37:25 -0500] "GET /BLA/boletinlegal/js/jquery.scrollShow.js HTTP/1.1" 200 4586
172.22.2.4 - - [03/Jul/2024:07:37:25 -0500] "GET /BLA/boletinlegal/images/cabezote%20BLEGAL.jpg HTTP/1.1" 200 118164
172.22.2.4 - - [03/Jul/2024:07:37:25 -0500] "GET /BLA/boletinlegal/images/screen_1.png HTTP/1.1" 200 202547
172.22.2.4 - - [03/Jul/2024:07:37:25 -0500] "GET /BLA/boletinlegal/images/subscribe-icon-big.png HTTP/1.1" 200 47702
172.22.2.4 - - [03/Jul/2024:07:37:25 -0500] "GET /BLA/boletinlegal/images/arr_l.jpg HTTP/1.1" 200 1979
172.22.2.4 - - [03/Jul/2024:07:37:25 -0500] "GET /BLA/boletinlegal/images/registro-usuarios.png HTTP/1.1" 200 8106
172.22.2.4 - - [03/Jul/2024:07:37:25 -0500] "GET /BLA/boletinlegal/images/historia.png HTTP/1.1" 200 52775
172.22.2.4 - - [03/Jul/2024:07:37:25 -0500] "GET /BLA/boletinlegal/images/launch.jpg HTTP/1.1" 200 14577
172.22.2.4 - - [03/Jul/2024:07:37:25 -0500] "GET /BLA/boletinlegal/images/body_bg.jpg HTTP/1.1" 200 1601
172.22.2.4 - - [03/Jul/2024:07:37:25 -0500] "GET /BLA/boletinlegal/images/bg_top.jpg HTTP/1.1" 200 522
172.22.2.4 - - [03/Jul/2024:07:37:25 -0500] "GET /BLA/boletinlegal/images/menu_rght.gif HTTP/1.1" 200 1627
172.22.2.4 - - [03/Jul/2024:07:37:25 -0500] "GET /BLA/boletinlegal/images/menu_lft.gif HTTP/1.1" 200 1713
172.22.2.4 - - [03/Jul/2024:07:37:25 -0500] "GET /BLA/boletinlegal/images/menu_bg.jpg HTTP/1.1" 200 620
172.22.2.4 - - [03/Jul/2024:07:37:25 -0500] "GET /BLA/boletinlegal/images/hover.jpg HTTP/1.1" 200 640
172.22.2.4 - - [03/Jul/2024:07:37:25 -0500] "GET /BLA/boletinlegal/images/text.jpg HTTP/1.1" 200 568
172.22.2.4 - - [03/Jul/2024:07:37:27 -0500] "GET /BLA/boletinlegal/actos.php HTTP/1.1" 200 9738
172.22.2.4 - - [03/Jul/2024:07:37:27 -0500] "GET /BLA/boletinlegal/js/lib.js HTTP/1.1" 200 6474
172.22.2.4 - - [03/Jul/2024:07:37:27 -0500] "GET /BLA/boletinlegal/niceforms-default.css HTTP/1.1" 200 6694
172.22.2.4 - - [03/Jul/2024:07:37:27 -0500] "GET /BLA/boletinlegal/js/ajax_actos.js HTTP/1.1" 200 1322
172.22.2.4 - - [03/Jul/2024:07:37:27 -0500] "GET /BLA/boletinlegal/js/popup.js HTTP/1.1" 200 1270
172.22.2.4 - - [03/Jul/2024:07:37:27 -0500] "GET /BLA/boletinlegal/niceforms.js HTTP/1.1" 200 22876
172.22.2.4 - - [03/Jul/2024:07:37:27 -0500] "GET /BLA/boletinlegal/js/jquery1.js HTTP/1.1" 200 29846
172.22.2.4 - - [03/Jul/2024:07:37:27 -0500] "GET /BLA/boletinlegal/images/green-yellow-blue-pink-th.png HTTP/1.1" 200 7394
172.22.2.4 - - [03/Jul/2024:07:37:27 -0500] "GET /BLA/boletinlegal/images/tel.png HTTP/1.1" 200 14477
172.22.2.4 - - [03/Jul/2024:07:37:27 -0500] "GET /BLA/boletinlegal/images/icono-email.png HTTP/1.1" 200 5544
172.22.2.4 - - [03/Jul/2024:07:37:27 -0500] "GET /BLA/boletinlegal/images/footer_bg.jpg HTTP/1.1" 200 586
172.22.2.4 - - [03/Jul/2024:07:37:27 -0500] "GET /BLA/boletinlegal/images/footer_bg_l.jpg HTTP/1.1" 200 776
172.22.2.4 - - [03/Jul/2024:07:37:27 -0500] "GET /BLA/boletinlegal/img/select-left.png HTTP/1.1" 200 263
172.22.2.4 - - [03/Jul/2024:07:37:27 -0500] "GET /BLA/boletinlegal/img/select-right.png HTTP/1.1" 200 44019
172.22.2.4 - - [03/Jul/2024:07:37:27 -0500] "GET /BLA/boletinlegal/img/0.png HTTP/1.1" 200 110
172.22.2.4 - - [03/Jul/2024:07:37:27 -0500] "GET /BLA/boletinlegal/img/button-left.png HTTP/1.1" 200 57071
172.22.2.4 - - [03/Jul/2024:07:37:27 -0500] "GET /BLA/boletinlegal/img/button.png HTTP/1.1" 200 43241
172.22.2.4 - - [03/Jul/2024:07:37:27 -0500] "GET /BLA/boletinlegal/img/button-right.png HTTP/1.1" 200 57878
172.22.2.4 - - [03/Jul/2024:07:37:27 -0500] "GET /BLA/boletinlegal/favicon.ico HTTP/1.1" 404 1326
172.22.2.4 - - [03/Jul/2024:07:37:35 -0500] "GET /BLA/boletinlegal/consulta_actos.php?tipo=resoluciones&no=2010&usuario=&sector=&fecha=2018&resuelve= HTTP/1.1" 200 626
201.245.192.253 - - [03/Jul/2024:07:37:35 -0500] "GET /kwsrmcab/Wsrmcab?wsdl HTTP/1.1" 200 6948
172.22.2.4 - - [03/Jul/2024:07:37:37 -0500] "GET /BLA/boletinlegal/actos.php HTTP/1.1" 200 9738
172.22.2.4 - - [03/Jul/2024:07:37:37 -0500] "GET /BLA/boletinlegal/js/ajax_actos.js HTTP/1.1" 200 1322
172.22.2.4 - - [03/Jul/2024:07:37:37 -0500] "GET /BLA/boletinlegal/styles2.css HTTP/1.1" 200 1838
172.22.2.4 - - [03/Jul/2024:07:37:37 -0500] "GET /BLA/boletinlegal/niceforms-default.css HTTP/1.1" 200 6694
172.22.2.4 - - [03/Jul/2024:07:37:37 -0500] "GET /BLA/boletinlegal/style.css HTTP/1.1" 200 9406
172.22.2.4 - - [03/Jul/2024:07:37:37 -0500] "GET /BLA/boletinlegal/js/lib.js HTTP/1.1" 200 6474
172.22.2.4 - - [03/Jul/2024:07:37:37 -0500] "GET /BLA/boletinlegal/niceforms.js HTTP/1.1" 200 22876
172.22.2.4 - - [03/Jul/2024:07:37:37 -0500] "GET /BLA/boletinlegal/js/popup.js HTTP/1.1" 200 1270
172.22.2.4 - - [03/Jul/2024:07:37:37 -0500] "GET /BLA/boletinlegal/images/cabezote%20BLEGAL.jpg HTTP/1.1" 200 118164
172.22.2.4 - - [03/Jul/2024:07:37:37 -0500] "GET /BLA/boletinlegal/js/jquery1.js HTTP/1.1" 200 29846
172.22.2.4 - - [03/Jul/2024:07:37:37 -0500] "GET /BLA/boletinlegal/images/tel.png HTTP/1.1" 200 14477
172.22.2.4 - - [03/Jul/2024:07:37:37 -0500] "GET /BLA/boletinlegal/images/registro-usuarios.png HTTP/1.1" 200 8106
172.22.2.4 - - [03/Jul/2024:07:37:37 -0500] "GET /BLA/boletinlegal/images/icono-email.png HTTP/1.1" 200 5544
172.22.2.4 - - [03/Jul/2024:07:37:37 -0500] "GET /BLA/boletinlegal/images/subscribe-icon-big.png HTTP/1.1" 200 47702
172.22.2.4 - - [03/Jul/2024:07:37:37 -0500] "GET /BLA/boletinlegal/images/green-yellow-blue-pink-th.png HTTP/1.1" 200 7394
172.22.2.4 - - [03/Jul/2024:07:37:37 -0500] "GET /BLA/boletinlegal/images/historia.png HTTP/1.1" 200 52775
172.22.2.4 - - [03/Jul/2024:07:37:37 -0500] "GET /BLA/boletinlegal/images/body_bg.jpg HTTP/1.1" 200 1601
172.22.2.4 - - [03/Jul/2024:07:37:37 -0500] "GET /BLA/boletinlegal/images/menu_lft.gif HTTP/1.1" 200 1713
172.22.2.4 - - [03/Jul/2024:07:37:37 -0500] "GET /BLA/boletinlegal/images/footer_bg.jpg HTTP/1.1" 200 586
172.22.2.4 - - [03/Jul/2024:07:37:37 -0500] "GET /BLA/boletinlegal/images/text.jpg HTTP/1.1" 200 568
172.22.2.4 - - [03/Jul/2024:07:37:37 -0500] "GET /BLA/boletinlegal/images/menu_bg.jpg HTTP/1.1" 200 620
172.22.2.4 - - [03/Jul/2024:07:37:37 -0500] "GET /BLA/boletinlegal/images/bg_top.jpg HTTP/1.1" 200 522
172.22.2.4 - - [03/Jul/2024:07:37:37 -0500] "GET /BLA/boletinlegal/images/menu_rght.gif HTTP/1.1" 200 1627
172.22.2.4 - - [03/Jul/2024:07:37:37 -0500] "GET /BLA/boletinlegal/images/hover.jpg HTTP/1.1" 200 640
172.22.2.4 - - [03/Jul/2024:07:37:37 -0500] "GET /BLA/boletinlegal/images/footer_bg_l.jpg HTTP/1.1" 200 776
172.22.2.4 - - [03/Jul/2024:07:37:38 -0500] "GET /BLA/boletinlegal/img/button-left.png HTTP/1.1" 200 57071
172.22.2.4 - - [03/Jul/2024:07:37:38 -0500] "GET /BLA/boletinlegal/img/button-right.png HTTP/1.1" 200 57878
172.22.2.4 - - [03/Jul/2024:07:37:38 -0500] "GET /BLA/boletinlegal/img/0.png HTTP/1.1" 200 110
172.22.2.4 - - [03/Jul/2024:07:37:38 -0500] "GET /BLA/boletinlegal/img/select-left.png HTTP/1.1" 200 263
172.22.2.4 - - [03/Jul/2024:07:37:38 -0500] "GET /BLA/boletinlegal/img/button.png HTTP/1.1" 200 43241
172.22.2.4 - - [03/Jul/2024:07:37:38 -0500] "GET /BLA/boletinlegal/img/select-right.png HTTP/1.1" 200 44019
172.22.2.4 - - [03/Jul/2024:07:37:38 -0500] "GET /BLA/boletinlegal/favicon.ico HTTP/1.1" 404 1326
172.22.2.4 - - [03/Jul/2024:07:37:45 -0500] "GET /BLA/boletinlegal/consulta_actos.php?tipo=autos&no=&usuario=&sector=&fecha=2024&resuelve= HTTP/1.1" 200 61087
172.22.2.4 - - [03/Jul/2024:07:37:45 -0500] "GET /BLA/boletinlegal/images/pdf.gif HTTP/1.1" 200 567
172.22.2.4 - - [03/Jul/2024:07:37:45 -0500] "GET /BLA/boletinlegal/images/background.gif HTTP/1.1" 200 -
161.10.161.4 - - [03/Jul/2024:07:37:46 -0500] "GET /BLA/resoluciones/ HTTP/1.1" 200 14105
161.10.161.4 - - [03/Jul/2024:07:37:46 -0500] "GET /BLA/resoluciones/dlf/folder.png HTTP/1.1" 200 410
161.10.161.4 - - [03/Jul/2024:07:37:46 -0500] "GET /BLA/resoluciones/dlf/styles.css HTTP/1.1" 200 3049
161.10.161.4 - - [03/Jul/2024:07:37:46 -0500] "GET /BLA/resoluciones/dlf/bg.gif HTTP/1.1" 200 54
161.10.161.4 - - [03/Jul/2024:07:37:46 -0500] "GET /favicon.ico HTTP/1.1" 200 7782
161.10.161.4 - - [03/Jul/2024:07:37:50 -0500] "GET /BLA/resoluciones/dlf/dirup.png HTTP/1.1" 200 644
161.10.161.4 - - [03/Jul/2024:07:37:50 -0500] "GET /BLA/resoluciones/dlf/pdf.gif HTTP/1.1" 200 272
161.10.161.4 - - [03/Jul/2024:07:37:49 -0500] "GET /BLA/resoluciones/index.php?dir=RESOLUCIONES+2018%2F HTTP/1.1" 200 288221
172.22.2.4 - - [03/Jul/2024:07:36:13 -0500] "HEAD /BLA/boletinlegal/ HTTP/1.1" 200 -
201.245.192.253 - - [03/Jul/2024:07:38:10 -0500] "POST /forms/lservlet;jsessionid=ac16012b30d6716d42d0eef24d9cbe79d3fe11a80187.e3iSbxaKaheRe34OahmPbx4Oa3z0n6jAmljGr5XDqQLvpAe HTTP/1.1" 200 2
172.22.2.4 - - [03/Jul/2024:07:37:25 -0500] "GET /BLA/boletinlegal/ HTTP/1.1" 200 24523
66.249.77.165 - - [03/Jul/2024:07:38:24 -0500] "GET /BLA/resoluciones/AUTOS%202018/1251.pdf HTTP/1.1" 200 256635
201.245.192.253 - - [03/Jul/2024:07:38:22 -0500] "POST /kwsrmcab/Wsrmcab  HTTP/1.1" 200 38894
201.245.192.253 - - [03/Jul/2024:07:38:35 -0500] "GET /kwsrmcab/Wsrmcab?wsdl HTTP/1.1" 200 6948
172.22.2.4 - - [03/Jul/2024:07:38:36 -0500] "GET /BLA/boletinlegal/consulta_actos.php?tipo=resoluciones&no=&usuario=&sector=&fecha=2024&resuelve= HTTP/1.1" 200 85048
172.22.2.4 - - [03/Jul/2024:07:37:04 -0500] "GET /BLA/boletinlegal/ HTTP/1.1" 200 48425
201.245.192.253 - - [03/Jul/2024:07:39:05 -0500] "POST /kwsrmcab/Wsrmcab HTTP/1.1" 200 39824
216.245.221.92 - - [03/Jul/2024:07:39:27 -0500] "HEAD / HTTP/1.1" 200 -
172.22.2.4 - - [03/Jul/2024:07:39:30 -0500] "GET /BLA/boletinlegal/normativa.php HTTP/1.1" 200 8397
172.22.2.4 - - [03/Jul/2024:07:39:30 -0500] "GET /BLA/boletinlegal/js/ajax_normativa.js HTTP/1.1" 200 1154
201.245.192.253 - - [03/Jul/2024:07:39:35 -0500] "GET /kwsrmcab/Wsrmcab?wsdl HTTP/1.1" 200 6948
201.245.192.253 - - [03/Jul/2024:07:39:51 -0500] "POST /kwsrmcab/Wsrmcab HTTP/1.1" 200 33499
201.245.192.253 - - [03/Jul/2024:07:40:10 -0500] "POST /forms/lservlet;jsessionid=ac16012b30d6716d42d0eef24d9cbe79d3fe11a80187.e3iSbxaKaheRe34OahmPbx4Oa3z0n6jAmljGr5XDqQLvpAe HTTP/1.1" 200 2
216.244.66.195 - - [03/Jul/2024:07:40:23 -0500] "GET /BLA/resoluciones/AUTOS%202010/5509.pdf HTTP/1.1" 200 244760
201.245.192.253 - - [03/Jul/2024:07:40:35 -0500] "GET /kwsrmcab/Wsrmcab?wsdl HTTP/1.1" 200 6948
216.244.66.195 - - [03/Jul/2024:07:40:44 -0500] "GET /BLA/resoluciones/AUTOS%202010/5514.pdf HTTP/1.1" 200 232472
216.244.66.195 - - [03/Jul/2024:07:41:01 -0500] "GET /BLA/resoluciones/AUTOS%202012/0194.pdf HTTP/1.1" 200 282162
216.244.66.195 - - [03/Jul/2024:07:41:18 -0500] "GET /BLA/resoluciones/RESOLUCIONES%202017/0524.pdf HTTP/1.1" 200 291732
190.90.15.108 - - [03/Jul/2024:07:41:23 -0500] "GET /sipse/faces/faces/autenticacion.xhtml HTTP/1.1" 200 12413
190.90.15.108 - - [03/Jul/2024:07:41:23 -0500] "GET /sipse/js/disable_browser_buttons.js HTTP/1.1" 304 -
190.90.15.108 - - [03/Jul/2024:07:41:23 -0500] "GET /sipse/js/funciones.js HTTP/1.1" 304 -
190.90.15.108 - - [03/Jul/2024:07:41:23 -0500] "GET /sipse/faces/javax.faces.resource/layout/layout.css?ln=primefaces&v=4.0 HTTP/1.1" 200 542
190.90.15.108 - - [03/Jul/2024:07:41:23 -0500] "GET /sipse/css/custom_css_sg.css HTTP/1.1" 304 -
190.90.15.108 - - [03/Jul/2024:07:41:23 -0500] "GET /sipse/css/custom_css_sg_prime_login.css HTTP/1.1" 304 -
190.90.15.108 - - [03/Jul/2024:07:41:23 -0500] "GET /sipse/faces/javax.faces.resource/theme.css?ln=primefaces-sipse HTTP/1.1" 304 -
190.90.15.108 - - [03/Jul/2024:07:41:23 -0500] "GET /sipse/faces/javax.faces.resource/primefaces.js?ln=primefaces&v=4.0 HTTP/1.1" 304 -
190.90.15.108 - - [03/Jul/2024:07:41:23 -0500] "GET /sipse/faces/javax.faces.resource/primefaces.css?ln=primefaces&v=4.0 HTTP/1.1" 200 53295
190.90.15.108 - - [03/Jul/2024:07:41:23 -0500] "GET /sipse/faces/javax.faces.resource/jquery/jquery.js?ln=primefaces&v=4.0 HTTP/1.1" 200 105384
190.90.15.108 - - [03/Jul/2024:07:41:23 -0500] "GET /sipse/faces/javax.faces.resource/layout/layout.js?ln=primefaces&v=4.0 HTTP/1.1" 200 87560
190.90.15.108 - - [03/Jul/2024:07:41:23 -0500] "GET /sipse/faces/javax.faces.resource/jquery/jquery-plugins.js?ln=primefaces&v=4.0 HTTP/1.1" 200 220526
190.90.15.108 - - [03/Jul/2024:07:41:24 -0500] "GET /sipse/faces/javax.faces.resource/images/ui-icons_898989_256x240.png?ln=primefaces-aristo HTTP/1.1" 200 5355
190.90.15.108 - - [03/Jul/2024:07:41:24 -0500] "GET /sipse/css/imagen/logoSDG.png HTTP/1.1" 200 53064
190.90.15.108 - - [03/Jul/2024:07:41:24 -0500] "GET /sipse/css/imagen/loginimg.png HTTP/1.1" 200 71635
190.90.15.108 - - [03/Jul/2024:07:41:24 -0500] "GET /sipse/faces/faces/index.xhtml HTTP/1.1" 200 677
190.90.15.108 - - [03/Jul/2024:07:41:24 -0500] "GET /sipse/faces/javax.faces.resource/theme.css?ln=primefaces-sipse HTTP/1.1" 304 -
190.90.15.108 - - [03/Jul/2024:07:41:25 -0500] "GET /sipse/faces/faces/faces/autenticacion.xhtml HTTP/1.1" 200 12413
190.90.15.108 - - [03/Jul/2024:07:41:25 -0500] "GET /sipse/faces/javax.faces.resource/primefaces.css?ln=primefaces&v=4.0 HTTP/1.1" 304 -
190.90.15.108 - - [03/Jul/2024:07:41:25 -0500] "GET /sipse/faces/javax.faces.resource/theme.css?ln=primefaces-sipse HTTP/1.1" 304 -
190.90.15.108 - - [03/Jul/2024:07:41:25 -0500] "GET /sipse/faces/javax.faces.resource/jquery/jquery.js?ln=primefaces&v=4.0 HTTP/1.1" 304 -
190.90.15.108 - - [03/Jul/2024:07:41:25 -0500] "GET /sipse/faces/javax.faces.resource/jquery/jquery-plugins.js?ln=primefaces&v=4.0 HTTP/1.1" 304 -
190.90.15.108 - - [03/Jul/2024:07:41:25 -0500] "GET /sipse/faces/javax.faces.resource/layout/layout.css?ln=primefaces&v=4.0 HTTP/1.1" 304 -
190.90.15.108 - - [03/Jul/2024:07:41:25 -0500] "GET /sipse/faces/javax.faces.resource/primefaces.js?ln=primefaces&v=4.0 HTTP/1.1" 304 -
190.90.15.108 - - [03/Jul/2024:07:41:25 -0500] "GET /sipse/faces/javax.faces.resource/layout/layout.js?ln=primefaces&v=4.0 HTTP/1.1" 304 -
190.90.15.108 - - [03/Jul/2024:07:41:25 -0500] "GET /sipse/faces/javax.faces.resource/images/ui-icons_898989_256x240.png?ln=primefaces-aristo HTTP/1.1" 304 -
190.90.15.108 - - [03/Jul/2024:07:41:28 -0500] "POST /sipse/faces/autenticacion.xhtml HTTP/1.1" 200 2227
190.90.15.108 - - [03/Jul/2024:07:41:28 -0500] "GET /sipse/faces/javax.faces.resource/messages/messages.png?ln=primefaces&v=4.0 HTTP/1.1" 304 -
190.90.15.108 - - [03/Jul/2024:07:41:29 -0500] "POST /sipse/faces/autenticacion.xhtml HTTP/1.1" 200 16337
190.90.15.108 - - [03/Jul/2024:07:41:30 -0500] "GET /sipse/css/custom_css_sg_prime.css HTTP/1.1" 304 -
190.90.15.108 - - [03/Jul/2024:07:41:30 -0500] "GET /sipse/js/jquery.min.js HTTP/1.1" 304 -
190.90.15.108 - - [03/Jul/2024:07:41:30 -0500] "GET /sipse/faces/javax.faces.resource/jquery/jquery.js?ln=primefaces&v=4.0 HTTP/1.1" 304 -
190.90.15.108 - - [03/Jul/2024:07:41:30 -0500] "GET /sipse/faces/javax.faces.resource/jquery/jquery-plugins.js?ln=primefaces&v=4.0 HTTP/1.1" 304 -
190.90.15.108 - - [03/Jul/2024:07:41:30 -0500] "GET /sipse/faces/javax.faces.resource/primefaces.js?ln=primefaces&v=4.0 HTTP/1.1" 304 -
190.90.15.108 - - [03/Jul/2024:07:41:30 -0500] "GET /sipse/faces/javax.faces.resource/layout/layout.js?ln=primefaces&v=4.0 HTTP/1.1" 304 -
190.90.15.108 - - [03/Jul/2024:07:41:30 -0500] "GET /sipse/css/v_mergente.css HTTP/1.1" 200 1505
190.90.15.108 - - [03/Jul/2024:07:41:30 -0500] "GET /sipse/css/imagen/contrasena.png HTTP/1.1" 404 383
190.90.15.108 - - [03/Jul/2024:07:41:30 -0500] "GET /sipse/imagenes/cargando.gif HTTP/1.1" 200 36959
190.90.15.108 - - [03/Jul/2024:07:41:30 -0500] "GET /sipse/imagenes/logoAplicacion.jpg HTTP/1.1" 200 155084
190.90.15.108 - - [03/Jul/2024:07:41:31 -0500] "GET /sipse/faces/javax.faces.resource/images/ui-bg_flat_0_2d5972_40x100.png?ln=primefaces-aristo HTTP/1.1" 304 -
190.90.15.108 - - [03/Jul/2024:07:41:31 -0500] "POST /sipse/faces/bienvenido.xhtml HTTP/1.1" 200 2658
190.90.15.108 - - [03/Jul/2024:07:41:32 -0500] "POST /sipse/faces/bienvenido.xhtml HTTP/1.1" 200 64881
190.90.15.108 - - [03/Jul/2024:07:41:34 -0500] "GET /sipse/faces/javax.faces.resource/jquery/jquery.js?ln=primefaces&v=4.0 HTTP/1.1" 304 -
190.90.15.108 - - [03/Jul/2024:07:41:34 -0500] "GET /sipse/faces/javax.faces.resource/jquery/jquery-plugins.js?ln=primefaces&v=4.0 HTTP/1.1" 304 -
190.90.15.108 - - [03/Jul/2024:07:41:34 -0500] "GET /sipse/faces/javax.faces.resource/primefaces.js?ln=primefaces&v=4.0 HTTP/1.1" 304 -
190.90.15.108 - - [03/Jul/2024:07:41:34 -0500] "GET /sipse/faces/javax.faces.resource/layout/layout.js?ln=primefaces&v=4.0 HTTP/1.1" 304 -
190.90.15.108 - - [03/Jul/2024:07:41:34 -0500] "POST /sipse/faces/presentacion/financiero/solicitudProceso/listarSolicitudProceso.xhtml HTTP/1.1" 200 1556
201.245.192.253 - - [03/Jul/2024:07:41:35 -0500] "GET /kwsrmcab/Wsrmcab?wsdl HTTP/1.1" 200 6948
190.90.15.108 - - [03/Jul/2024:07:41:35 -0500] "POST /sipse/faces/presentacion/financiero/solicitudProceso/listarSolicitudProceso.xhtml HTTP/1.1" 200 4579
216.244.66.195 - - [03/Jul/2024:07:41:36 -0500] "GET /BLA/resoluciones/RESOLUCIONES%202019/0114.pdf HTTP/1.1" 200 318640
190.90.15.108 - - [03/Jul/2024:07:41:41 -0500] "POST /sipse/faces/presentacion/financiero/solicitudProceso/listarSolicitudProceso.xhtml HTTP/1.1" 200 160172
190.90.15.108 - - [03/Jul/2024:07:41:44 -0500] "GET /sipse/faces/javax.faces.resource/jquery/jquery.js?ln=primefaces&v=4.0 HTTP/1.1" 304 -
190.90.15.108 - - [03/Jul/2024:07:41:44 -0500] "GET /sipse/faces/javax.faces.resource/jquery/jquery-plugins.js?ln=primefaces&v=4.0 HTTP/1.1" 304 -
190.90.15.108 - - [03/Jul/2024:07:41:44 -0500] "GET /sipse/faces/javax.faces.resource/primefaces.js?ln=primefaces&v=4.0 HTTP/1.1" 304 -
190.90.15.108 - - [03/Jul/2024:07:41:44 -0500] "GET /sipse/faces/javax.faces.resource/layout/layout.js?ln=primefaces&v=4.0 HTTP/1.1" 304 -
216.244.66.195 - - [03/Jul/2024:07:41:55 -0500] "GET /BLA/resoluciones/RESOLUCIONES%202019/0812.pdf HTTP/1.1" 200 316295
190.90.15.108 - - [03/Jul/2024:07:41:59 -0500] "POST /sipse/faces/presentacion/financiero/solicitudProceso/consultarSolicitudProceso.xhtml HTTP/1.1" 200 82243
201.245.192.253 - - [03/Jul/2024:07:42:10 -0500] "POST /forms/lservlet;jsessionid=ac16012b30d6716d42d0eef24d9cbe79d3fe11a80187.e3iSbxaKaheRe34OahmPbx4Oa3z0n6jAmljGr5XDqQLvpAe HTTP/1.1" 200 2
201.245.192.253 - - [03/Jul/2024:07:42:35 -0500] "GET /kwsrmcab/Wsrmcab?wsdl HTTP/1.1" 200 6948
216.244.66.195 - - [03/Jul/2024:07:42:36 -0500] "GET /BLA/resoluciones/RESOLUCIONES%202019/3485.pdf HTTP/1.1" 200 2165580
172.22.2.4 - - [03/Jul/2024:07:41:27 -0500] "GET /BLA/boletinlegal/ HTTP/1.1" 200 48425
201.245.192.253 - - [03/Jul/2024:07:43:20 -0500] "POST /kwsrmcab/Wsrmcab  HTTP/1.1" 200 38894
66.249.77.166 - - [03/Jul/2024:07:43:24 -0500] "GET /BLA/resoluciones/RESOLUCIONES%202021/0089.pdf HTTP/1.1" 304 -
216.244.66.195 - - [03/Jul/2024:07:43:26 -0500] "GET /BLA/resoluciones/RESOLUCIONES%202019/3929.pdf HTTP/1.1" 200 396512
201.245.192.253 - - [03/Jul/2024:07:43:35 -0500] "GET /kwsrmcab/Wsrmcab?wsdl HTTP/1.1" 200 6948
172.22.2.4 - - [03/Jul/2024:07:42:03 -0500] "HEAD /BLA/boletinlegal/ HTTP/1.1" 200 -
172.22.2.4 - - [03/Jul/2024:07:42:42 -0500] "GET /BLA/boletinlegal/ HTTP/1.1" 200 24523
216.244.66.195 - - [03/Jul/2024:07:44:05 -0500] "GET /BLA/resoluciones/AUTOS%202019/1458.pdf HTTP/1.1" 200 259573
201.245.192.253 - - [03/Jul/2024:07:44:10 -0500] "POST /forms/lservlet;jsessionid=ac16012b30d6716d42d0eef24d9cbe79d3fe11a80187.e3iSbxaKaheRe34OahmPbx4Oa3z0n6jAmljGr5XDqQLvpAe HTTP/1.1" 200 2
216.245.221.92 - - [03/Jul/2024:07:44:27 -0500] "HEAD / HTTP/1.1" 200 -
172.22.2.4 - - [03/Jul/2024:07:42:54 -0500] "GET /BLA/boletinlegal/ HTTP/1.1" 200 51561
201.245.192.253 - - [03/Jul/2024:07:44:35 -0500] "GET /kwsrmcab/Wsrmcab?wsdl HTTP/1.1" 200 6948
216.244.66.195 - - [03/Jul/2024:07:44:40 -0500] "GET /BLA/resoluciones/AUTOS%202019/1991.pdf HTTP/1.1" 200 308216
40.77.167.132 - - [03/Jul/2024:07:44:41 -0500] "GET /Publicaciones/2024EE67451.pdf HTTP/1.1" 404 227
216.244.66.195 - - [03/Jul/2024:07:45:22 -0500] "GET /BLA/resoluciones/AUTOS%202019/2541.pdf HTTP/1.1" 200 257062
201.245.192.253 - - [03/Jul/2024:07:45:35 -0500] "GET /kwsrmcab/Wsrmcab?wsdl HTTP/1.1" 200 6948
172.22.2.4 - - [03/Jul/2024:07:45:52 -0500] "GET /BLA/boletinlegal/Directivas/2017/Directiva%20No.%2001%20del%2017%20de%20Enero%20de%202017.pdf HTTP/1.1" 304 -
216.244.66.195 - - [03/Jul/2024:07:45:55 -0500] "GET /BLA/resoluciones/AUTOS%202019/2672.pdf HTTP/1.1" 200 255695
201.245.192.253 - - [03/Jul/2024:07:46:10 -0500] "POST /forms/lservlet;jsessionid=ac16012b30d6716d42d0eef24d9cbe79d3fe11a80187.e3iSbxaKaheRe34OahmPbx4Oa3z0n6jAmljGr5XDqQLvpAe HTTP/1.1" 200 2
216.244.66.195 - - [03/Jul/2024:07:46:29 -0500] "GET /BLA/resoluciones/AUTOS%202019/2699.pdf HTTP/1.1" 200 253811
201.245.192.253 - - [03/Jul/2024:07:46:35 -0500] "GET /kwsrmcab/Wsrmcab?wsdl HTTP/1.1" 200 6948
216.244.66.195 - - [03/Jul/2024:07:47:03 -0500] "GET /BLA/resoluciones/AUTOS%202019/2855.pdf HTTP/1.1" 200 269791
66.249.77.164 - - [03/Jul/2024:07:47:06 -0500] "GET /BLA/resoluciones/RESOLUCIONES%202002/RES%202002%201501-1550/20021511.tif HTTP/1.1" 200 96938
216.244.66.195 - - [03/Jul/2024:07:47:32 -0500] "GET /BLA/resoluciones/AUTOS%202019/3900.pdf HTTP/1.1" 200 263359
201.245.192.253 - - [03/Jul/2024:07:47:35 -0500] "GET /kwsrmcab/Wsrmcab?wsdl HTTP/1.1" 200 6948
216.244.66.195 - - [03/Jul/2024:07:48:00 -0500] "GET /BLA/resoluciones/AUTOS%202019/4251.pdf HTTP/1.1" 200 261632
201.245.192.253 - - [03/Jul/2024:07:48:10 -0500] "POST /forms/lservlet;jsessionid=ac16012b30d6716d42d0eef24d9cbe79d3fe11a80187.e3iSbxaKaheRe34OahmPbx4Oa3z0n6jAmljGr5XDqQLvpAe HTTP/1.1" 200 2
201.245.192.253 - - [03/Jul/2024:07:48:18 -0500] "POST /kwsrmcab/Wsrmcab  HTTP/1.1" 200 38894
216.244.66.195 - - [03/Jul/2024:07:48:27 -0500] "GET /BLA/resoluciones/AUTOS%202019/4372.pdf HTTP/1.1" 200 309661
201.245.192.253 - - [03/Jul/2024:07:48:35 -0500] "GET /kwsrmcab/Wsrmcab?wsdl HTTP/1.1" 200 6948
216.244.66.195 - - [03/Jul/2024:07:49:06 -0500] "GET /BLA/resoluciones/AUTOS%202019/4377.pdf HTTP/1.1" 200 332500
216.245.221.92 - - [03/Jul/2024:07:49:27 -0500] "HEAD / HTTP/1.1" 200 -
172.22.2.4 - - [03/Jul/2024:07:47:53 -0500] "HEAD /BLA/boletinlegal/ HTTP/1.1" 200 -
201.245.192.253 - - [03/Jul/2024:07:49:35 -0500] "GET /kwsrmcab/Wsrmcab?wsdl HTTP/1.1" 200 6948
186.155.18.159 - - [03/Jul/2024:07:49:38 -0500] "GET /BLA/resoluciones/index.php?dir=AUTOS+2009%2F HTTP/1.1" 200 400854
186.155.18.159 - - [03/Jul/2024:07:49:41 -0500] "GET /BLA/resoluciones/AUTOS%202009/2191.pdf HTTP/1.1" 200 113987
216.244.66.195 - - [03/Jul/2024:07:49:42 -0500] "GET /BLA/resoluciones/AUTOS%202019/4392.pdf HTTP/1.1" 200 274070
201.245.192.253 - - [03/Jul/2024:07:50:10 -0500] "POST /forms/lservlet;jsessionid=ac16012b30d6716d42d0eef24d9cbe79d3fe11a80187.e3iSbxaKaheRe34OahmPbx4Oa3z0n6jAmljGr5XDqQLvpAe HTTP/1.1" 200 2
216.244.66.195 - - [03/Jul/2024:07:50:11 -0500] "GET /BLA/resoluciones/AUTOS%202019/4440.pdf HTTP/1.1" 200 265788
172.22.2.4 - - [03/Jul/2024:07:48:44 -0500] "GET /BLA/boletinlegal/ HTTP/1.1" 200 58273
201.245.192.253 - - [03/Jul/2024:07:50:35 -0500] "GET /kwsrmcab/Wsrmcab?wsdl HTTP/1.1" 200 6948
52.167.144.174 - - [03/Jul/2024:07:50:36 -0500] "GET /BLA/resoluciones/RESOLUCIONES%202018/1401.pdf HTTP/1.1" 200 474364
216.244.66.195 - - [03/Jul/2024:07:50:43 -0500] "GET /BLA/resoluciones/AUTOS%202021/0743.pdf HTTP/1.1" 200 408028
216.244.66.195 - - [03/Jul/2024:07:51:12 -0500] "GET /BLA/resoluciones/AUTOS%202021/5605.pdf HTTP/1.1" 200 371219
201.245.192.253 - - [03/Jul/2024:07:51:35 -0500] "GET /kwsrmcab/Wsrmcab?wsdl HTTP/1.1" 200 6948
216.244.66.195 - - [03/Jul/2024:07:51:38 -0500] "GET /BLA/resoluciones/AUTOS%202023/0911.pdf HTTP/1.1" 200 419092
216.244.66.195 - - [03/Jul/2024:07:52:04 -0500] "GET /BLA/resoluciones/AUTOS%202023/1333.pdf HTTP/1.1" 200 410507
191.96.150.203 - - [03/Jul/2024:07:52:09 -0500] "GET /wp-login.php HTTP/1.1" 404 1018
201.245.192.253 - - [03/Jul/2024:07:52:10 -0500] "POST /forms/lservlet;jsessionid=ac16012b30d6716d42d0eef24d9cbe79d3fe11a80187.e3iSbxaKaheRe34OahmPbx4Oa3z0n6jAmljGr5XDqQLvpAe HTTP/1.1" 200 2
201.245.192.253 - - [03/Jul/2024:07:52:35 -0500] "GET /kwsrmcab/Wsrmcab?wsdl HTTP/1.1" 200 6948
186.155.18.159 - - [03/Jul/2024:07:52:58 -0500] "GET /BLA/resoluciones/index.php?dir=AUTOS+2009%2F HTTP/1.1" 200 400854
186.155.18.159 - - [03/Jul/2024:07:53:00 -0500] "GET /BLA/resoluciones/AUTOS%202009/2190.pdf HTTP/1.1" 200 114002
186.102.26.110 - - [03/Jul/2024:07:53:04 -0500] "GET /kwssiamovil/sm/ldap/au?x=U2FsdGVkX1+Hug9ERx+zOw9usgILYmukzwesM4X1FGSjc8SC/roOfpone+treeOH&y=U2FsdGVkX19y6Bhi0H66OzgJ+dIg0K4pqeJSk2yfiRgpJGJkWVsH4X6DryfHQTs3 HTTP/1.1" 200 30
186.102.26.110 - - [03/Jul/2024:07:53:04 -0500] "GET /kwssiamovil/sm/acme/s?s=U2FsdGVkX1/pkvc3bhmjy7Y5rH7bQNQKDBscNkSwkf3IW52U9Tu4kDerBZaciW9yCaIoTd3c6TP4vrOBFrdANvOni1yP5Gr7Uds3jxC1qdY=&u=U2FsdGVkX1+aFAKbvA2MNz2+JjUhVl6A2sLLgcKxPFPKbiyHsDUe46W829gPAwck&y=U2FsdGVkX19y6Bhi0H66OzgJ+dIg0K4pqeJSk2yfiRgpJGJkWVsH4X6DryfHQTs3 HTTP/1.1" 200 97
186.102.26.110 - - [03/Jul/2024:07:53:04 -0500] "GET /kwssiamovil/sm/acme/s?s=U2FsdGVkX192qXiuO07GxhYVhYxaynGABNUFGBnthhGlquSWOu7WVf5F6x65A3h0xlhWt1vQ02R3CyrMGnQphzxhwDZOwaM0eonYZDcC8rHeglL+DhfZ+Gpl/u+il5Mh3Cn/R7IoD1VoNwykt/8t4rXtp4niHHguJ07ItKLu62s18KUXz6ReIBJkYF/6lkjeuwKerSXlu/0myZtMOCama7KLnCt8mvS8WK1LMKj0VjHLFTgNCR2EoTRhPy/SMW8SrlJNhRrFQIUJSWVe3wjZdKg0Qj8+Qonv86oPgFl1nrZDasQSClRwKYn07B0NoQLV17/1T9981xWxUijd5/ff70hmXXzo/BlEjOKV5NSCAtyaAu7jQABs1T2G5ohgxi9YrIvlu9zAzZGsI8AuMkzozeBL3of/qbLzCnSzv7ffKm7eVsv+uXbKctcK0pxl86Xx4AHajqYdrjDMs+jzmNsqnktd7CfRSCFRza1xX6V4gWvkQfGn7gjc+Rix438QIse+pQGAMwPWG0EpA4rHsBO7bqaZ3SD9yqVYutCWI8G511P5cE52AOsSQzTFQheinOHaNbBvVgdmVgZ2JsqTclxT++yvFQlYoQvrIOq56ZJTKaIBAoZ6/lRWjXHp42AOCYTsfx6Os+Q027hZ0SEHTw2jUukfL0zKyrIIw1Fd3fE2lqTaL9zGZ/IqMPO35hIruG/chSmEs3Evc+Rq3mhEU5IX46E8CLeOGhVKyD7Dt6s35DzpehAFrg/g9KnzvfLzHauCHnZ5mVPC0NUzjRoQ+64MMl5GjlOnNOA7K0srpUVCJIVkkkoztOaJa+Q+XmdCmtByM0kj2RLVpbJIKTeoAV1G9dwziw1FJmQT1Pfd0YZS93PNTm7WAh9Kmxe/DbLIv3SwGzkoIzp/OaJOXlZXeiaHadJFxWpl9my39u0a/e5lnK6WaUN9N8SxltbizxYBWJZZB4utUFShlqwNc/howp8PvZzzw05xGu05BfG1HMVdi74hkqP1/y7N1JRL2CxeaKiw9WvndugbY3q1xiQ9EADsaUUT2EqH6dQiv9Wu/YUH6xcRcasKEgc7avjwceBrA3n//ARx5IXlYep9HzkAFmmj+7PfQu35sZ6ilVTCWFVzBYlS/fz/vomtsXg1/UP2/72hLIufeLtoLqeZQDHkiqTSmEvwgL4H5q2uhwiUCeEwiPs6btaPoXnRjWJJFNLVUyZOmG6jj3ENTqKvjPzHn/JHlYBI1v+mHg6xHVao+eEDbFWo5uYAV1HZx/vd69iqm1JqexSkj2EJ2rzrvvaT6AYxpslDFTFx9XbgIZccEcv/sc3J5xOjJzpbzjbFORtoyXcAsUK6HCTMlz5VNGC6yfq6mlewabzXj7SWFnQiaxjGe1w4jiemEsWWhPCbM4qA68ZSegmFo3mpJgU9/iBngE6R7AwlEVtStbRQJNiawFhRgbdvAncR6REKBkmYItk3ab+l4pvf5lE+AWx3RG/qkqh/gezJ55bk408ifHCJpZPsPbOMVV35LWaEYR6W1wCxuwyLmVheuhGE17AWxYMl0Fkjr3citQtoufR6HytEynUeBu19xqH138JY0eRVO5CDhjIBMmr0S69t8XTa9roDoApzK+0RwiOYK4Hxz1eDpupa/6hkmidTqDO2vHEQnF6QycsFzU4mhr1MwgiTHZOoxR3bGeJhJTc7u7pp91tD+hgE6OfD/xZ126kwx1LF0iNuaF5Y9UI1q4SY9+CaQMocoibFII7z5zA5u4vwDLy/A/mvYVO07f/NAverYkh3JkwkhG1Y&u=U2FsdGVkX1+aFAKbvA2MNz2+JjUhVl6A2sLLgcKxPFPKbiyHsDUe46W829gPAwck&y=U2FsdGVkX19y6Bhi0H66OzgJ+dIg0K4pqeJSk2yfiRgpJGJkWVsH4X6DryfHQTs3 HTTP/1.1" 200 9927
186.102.26.110 - - [03/Jul/2024:07:53:04 -0500] "GET /kwssiamovil/sm/acme/s?s=U2FsdGVkX1+953LA+2i/fXVWiGg/ex3LX0ZnKNelFlioFudzVXtGzrv26axqIwp+HN6p+9sSHn1Sjv2Go9K1nxVRRbW1UbGKRz9cbO9v8w9BHVlxmgo1mJGEjyVl/pFx6Oy2M4V7xZMwxzI/T+kQM1iMGPS/YaTPhY8GYl7GutoJbV15IQ18q2MYj0evlFR17J6P9GbRAIc1YTEwZd+R71jQplycN9wqu1viK41kbt6rshhOruCPm81RmH1XtX/xzyGWo+FYqtyBFzOhkARn75rC2MBNJaGqRU3ZUf+PL2kvJpAbHbwosofe8D9wx0p1KfSNXxO/C1K3u8qKkQgXaEjd8+FCitXyv2YIkVp57Kk4WVferNHsibqw4qgqKIGZ5vVgwJJmb4OTh2lLhffcLsn2MdvixJTUCtGIAo1u53MMcZszA9htiIOKppUkHSCy6zAqLYrBx+m5GjTqGl0yyN4Waj0Omt04BWW9iNQznh/SFxmnmhXu2YyBAmzqEt7HaWzx3VvKExih6QvpzE+r+XRuODyWF5IvkxN6OhcIyFTTc7lJNrwqY5EJmFzSBTi1nkCoDHHbb/uStVEPkSDURFZx3sLq650xRbau6tgQeBLjOR8fhFPTGHhA+tU8qFzcrTgMyhTWvzrauzxOna1VycZ9y3vwED5x/2eJT6TXCyHpl3+7s0tDWSgSvRJh1pal4Yo1ywl460GP/e93lH/anpSDGnwP2eHXRqqmrzzF3BD5zZIKOu0N+3FEBiU1FcJI&u=U2FsdGVkX1+aFAKbvA2MNz2+JjUhVl6A2sLLgcKxPFPKbiyHsDUe46W829gPAwck&y=U2FsdGVkX19y6Bhi0H66OzgJ+dIg0K4pqeJSk2yfiRgpJGJkWVsH4X6DryfHQTs3 HTTP/1.1" 200 208
186.102.26.110 - - [03/Jul/2024:07:53:05 -0500] "GET /kwssiamovil/sm/cjson/pre?f=1&x=U2FsdGVkX1+Hug9ERx+zOw9usgILYmukzwesM4X1FGSjc8SC/roOfpone+treeOH HTTP/1.1" 200 30244
201.245.192.253 - - [03/Jul/2024:07:53:18 -0500] "POST /kwsrmcab/Wsrmcab  HTTP/1.1" 200 38894
201.245.192.253 - - [03/Jul/2024:07:53:35 -0500] "GET /kwsrmcab/Wsrmcab?wsdl HTTP/1.1" 200 6948
190.251.68.197 - - [03/Jul/2024:07:53:54 -0500] "GET /BLA/resoluciones/AUTOS%202023/2195.pdf HTTP/1.1" 200 452673
190.251.68.197 - - [03/Jul/2024:07:53:54 -0500] "GET /favicon.ico HTTP/1.1" 200 7782
201.245.192.253 - - [03/Jul/2024:07:54:10 -0500] "POST /forms/lservlet;jsessionid=ac16012b30d6716d42d0eef24d9cbe79d3fe11a80187.e3iSbxaKaheRe34OahmPbx4Oa3z0n6jAmljGr5XDqQLvpAe HTTP/1.1" 200 2
