201.245.192.253 - - [03/Jul/2024:09:34:33 -0500] "POST /sipse/faces/presentacion/financiero/solicitudProceso/consultar.xhtml HTTP/1.1" 200 12957
201.245.192.253 - - [03/Jul/2024:09:34:35 -0500] "GET /kwsrmcab/Wsrmcab?wsdl HTTP/1.1" 200 6948
201.245.192.253 - - [03/Jul/2024:09:34:35 -0500] "POST /sipse/faces/presentacion/financiero/solicitudProceso/consultar.xhtml HTTP/1.1" 200 154472
201.245.192.253 - - [03/Jul/2024:09:34:37 -0500] "GET /sipse/faces/javax.faces.resource/theme.css?ln=primefaces-sipse HTTP/1.1" 304 -
201.245.192.253 - - [03/Jul/2024:09:34:37 -0500] "GET /sipse/faces/javax.faces.resource/primefaces.css?ln=primefaces&v=4.0 HTTP/1.1" 304 -
201.245.192.253 - - [03/Jul/2024:09:34:37 -0500] "GET /sipse/faces/javax.faces.resource/layout/layout.css?ln=primefaces&v=4.0 HTTP/1.1" 304 -
201.245.192.253 - - [03/Jul/2024:09:34:37 -0500] "GET /sipse/faces/javax.faces.resource/jquery/jquery.js?ln=primefaces&v=4.0 HTTP/1.1" 304 -
201.245.192.253 - - [03/Jul/2024:09:34:37 -0500] "GET /sipse/faces/javax.faces.resource/jquery/jquery-plugins.js?ln=primefaces&v=4.0 HTTP/1.1" 304 -
201.245.192.253 - - [03/Jul/2024:09:34:37 -0500] "GET /sipse/faces/javax.faces.resource/primefaces.js?ln=primefaces&v=4.0 HTTP/1.1" 304 -
201.245.192.253 - - [03/Jul/2024:09:34:37 -0500] "GET /sipse/faces/javax.faces.resource/layout/layout.js?ln=primefaces&v=4.0 HTTP/1.1" 304 -
201.245.192.253 - - [03/Jul/2024:09:34:41 -0500] "POST /sipse/faces/presentacion/financiero/solicitudProceso/consultarSolicitudProceso.xhtml HTTP/1.1" 200 45813
201.245.192.253 - - [03/Jul/2024:09:34:42 -0500] "GET /sipse/faces/javax.faces.resource/primefaces.js?ln=primefaces&v=4.0 HTTP/1.1" 304 -
201.245.192.253 - - [03/Jul/2024:09:34:42 -0500] "GET /sipse/faces/javax.faces.resource/theme.css?ln=primefaces-sipse HTTP/1.1" 304 -
201.245.192.253 - - [03/Jul/2024:09:34:42 -0500] "GET /sipse/faces/javax.faces.resource/layout/layout.css?ln=primefaces&v=4.0 HTTP/1.1" 304 -
201.245.192.253 - - [03/Jul/2024:09:34:42 -0500] "GET /sipse/faces/javax.faces.resource/primefaces.css?ln=primefaces&v=4.0 HTTP/1.1" 304 -
201.245.192.253 - - [03/Jul/2024:09:34:42 -0500] "GET /sipse/faces/javax.faces.resource/jquery/jquery.js?ln=primefaces&v=4.0 HTTP/1.1" 304 -
201.245.192.253 - - [03/Jul/2024:09:34:42 -0500] "GET /sipse/faces/javax.faces.resource/jquery/jquery-plugins.js?ln=primefaces&v=4.0 HTTP/1.1" 304 -
201.245.192.253 - - [03/Jul/2024:09:34:42 -0500] "GET /sipse/faces/javax.faces.resource/layout/layout.js?ln=primefaces&v=4.0 HTTP/1.1" 304 -
216.244.66.195 - - [03/Jul/2024:09:34:58 -0500] "GET /BLA/resoluciones/AUTOS%202021/0109.pdf HTTP/1.1" 200 402085
201.245.192.253 - - [03/Jul/2024:09:35:22 -0500] "POST /sipse/faces/presentacion/financiero/solicitudProceso/consultarHistorialSolProceso.xhtml HTTP/1.1" 200 200266
201.245.192.253 - - [03/Jul/2024:09:35:23 -0500] "GET /sipse/faces/javax.faces.resource/theme.css?ln=primefaces-sipse HTTP/1.1" 304 -
201.245.192.253 - - [03/Jul/2024:09:35:23 -0500] "GET /sipse/faces/javax.faces.resource/primefaces.css?ln=primefaces&v=4.0 HTTP/1.1" 304 -
201.245.192.253 - - [03/Jul/2024:09:35:23 -0500] "GET /sipse/faces/javax.faces.resource/jquery/jquery-plugins.js?ln=primefaces&v=4.0 HTTP/1.1" 304 -
201.245.192.253 - - [03/Jul/2024:09:35:23 -0500] "GET /sipse/faces/javax.faces.resource/layout/layout.css?ln=primefaces&v=4.0 HTTP/1.1" 304 -
201.245.192.253 - - [03/Jul/2024:09:35:23 -0500] "GET /sipse/faces/javax.faces.resource/primefaces.js?ln=primefaces&v=4.0 HTTP/1.1" 304 -
201.245.192.253 - - [03/Jul/2024:09:35:23 -0500] "GET /sipse/faces/javax.faces.resource/jquery/jquery.js?ln=primefaces&v=4.0 HTTP/1.1" 304 -
201.245.192.253 - - [03/Jul/2024:09:35:23 -0500] "GET /sipse/faces/javax.faces.resource/layout/layout.js?ln=primefaces&v=4.0 HTTP/1.1" 304 -
172.22.2.4 - - [03/Jul/2024:09:33:44 -0500] "GET /BLA/boletinlegal/ HTTP/1.1" 200 54300
216.244.66.195 - - [03/Jul/2024:09:35:29 -0500] "GET /BLA/resoluciones/AUTOS%202021/0214.pdf HTTP/1.1" 200 428451
201.245.192.253 - - [03/Jul/2024:09:35:35 -0500] "GET /kwsrmcab/Wsrmcab?wsdl HTTP/1.1" 200 6948
201.245.192.253 - - [03/Jul/2024:09:35:43 -0500] "POST /sipse/faces/presentacion/financiero/solicitudProceso/consultarSolicitudProceso.xhtml HTTP/1.1" 200 97713
186.98.82.173 - - [03/Jul/2024:09:35:43 -0500] "GET /kwssiamovil/sm/acme/a?s=U2FsdGVkX1/QEgD+Flhg3K+TKTJ1qRieKD3YLXWdZFxDtEjmymqUjtRS849d7mS6yDkBAt+FDA6/8Lp7did0jzpz6JBZxCV8c8SM6ZEno9Tuqq1FUv2BwgEgmOpWlSqRoc7OpI1W4tNB7TRRV8XNLfHXOTetXyH+NhyGxfgih66yP9c3PSW3u1zBaTXahsw9PiC5Stv7wZtIGxLLurUokrLpU770yBkZlWKRoC3P6xQv1BF0CPsS/bk8gEZSI9BML+IW3j0lC3Stf9lQvlJMhw==&u=U2FsdGVkX18GSSV01cDUhGUNSzfdXWDG+OwZTwgfvRh8eZWmTs0LQYMsA6c1Y+5G&y=U2FsdGVkX1+YcoNpYgvsCzbumZ3FJ368VPJJMnj7GtMddJd8+Wyh2atgm4nMKA9r HTTP/1.1" 200 26
186.98.82.173 - - [03/Jul/2024:09:35:43 -0500] "GET /kwssiamovil/sm/acme/a?s=U2FsdGVkX1+wXMUON8dRKIee2aYS99abC7UWKmDNtCUlkTrSz2MKd3TdtbFGT2OpDiL2I6+PRsnEMs7mA27W9GWRFzYkdsDYF5eLlY4WfRQPVBoId1aICXynqmlzbstTLlK8fTylMBWXLah8+wlnQxtmwnRgDfSkXRjqScaQRdNNXHDBY3tibuBQHGKjqdW8VRhdTySwjhtCMNFyuCE8YiISEp7vQvaMuNQPH1TWpZ+4iKgg2kPsgD/EsHdHzczvN9t9LFpicvQsyw8ERXhaCQGYpIvMlfMMjKy1iFTe1+uRUwNMn7bTzClRIoUDPJpcNB0wGphbBsFKwhK66M9jiJw1JHTA3jkDQ9MRR6RPlekUsrN4Uf1MRwxwc2djRG/vUpLMJQ21RxnGq/MpLfA6NrLY3Ys4CYxxEmPGHRje9VIMeoOkApGi166L3DmG/wXjl2bUoIlIwqeNKr91u2txOv2zckThHyXsRXYWDABcrGQhV+O5cQWKVMKh4soRpFbo61oBFIN9woUy4glPlFMKyE/PtI2jO8YdwRHHEdXvMx5rCliEKuwzyWjdg3aMsDpjP6f/UhfbEjsUFX1W54njMyiQWe104cV+t2biA8M7nNGqXJp6ZJTxBDQk4GsHSDTF3ujTr+CC6rFDYvGh31FYJ65Jgzdfr6oaHzO8x0aqYRsUPIclSVDF/PpZCAiSG3UjeIUfrIIRXBQrrBeFIG7W/onmKyCvKkH7a+EK+S52innmVB3IAekNTCSfZVpasxaxI+o/uG5XAplLEc6tJF0TstZGQOIIvX1vqvuG6E/y98e+5Lw+p76mrLz32BngS5RAM6z8PROS6P/6ohCNoxn3GcL0s7i0dVk1nId0yDWpucmhjppmHjPt8nSw9UPJadLFnTNl51xKyKHVwjPGDATPJIQyKtfPGku0aD5luJdZ4nL2+w5jd7GIvve5zc0cnXFoLWbjksKUfF4SosNTEVitHbM3MmKJ2gk6WOubAoL/2Ic+O8EAEBPThXcxpyKhOddRCu6vOd2sLWvWSgv3sGKeiWWNrAorDfw1MyNX/bpERSgiYu5LxMsqIQm7/may28Jmh2TV7m+H+dl/2R9mTKw4mTDdx7UNx9VsYZ434R3GpXZeudsVcqK20+7/Lt7yQRg4&u=U2FsdGVkX18GSSV01cDUhGUNSzfdXWDG+OwZTwgfvRh8eZWmTs0LQYMsA6c1Y+5G&y=U2FsdGVkX1+YcoNpYgvsCzbumZ3FJ368VPJJMnj7GtMddJd8+Wyh2atgm4nMKA9r HTTP/1.1" 200 26
186.98.82.173 - - [03/Jul/2024:09:35:43 -0500] "GET /kwssiamovil/sm/acme/a?s=U2FsdGVkX1+j01R0y+XP2bDBbBCTEBtmLgxP6DMF5WHy8LnXgDynCx2K74iZg0FfOFUoW/L5vgucC2XSC+YmnGmp67nERVEoGSdukfjmCK9hNhdfD6UJ/SNXagi4f1kRVLXHK+w3AxYscvbTYLrZmBhLX95bv5bhDuPiEBk2r10=&u=U2FsdGVkX18GSSV01cDUhGUNSzfdXWDG+OwZTwgfvRh8eZWmTs0LQYMsA6c1Y+5G&y=U2FsdGVkX1+YcoNpYgvsCzbumZ3FJ368VPJJMnj7GtMddJd8+Wyh2atgm4nMKA9r HTTP/1.1" 200 26
186.98.82.173 - - [03/Jul/2024:09:35:44 -0500] "GET /kwssiamovil/sm/acme/a?s=U2FsdGVkX18kPbrAYL6AqfdJq9rt6mSNDQL3bvQwsvLI5JkXhzGWin95/2K2mEqDMyKIoeVrjmJPlPQLZc8sa+buGlgNvYftSSCv9kmqnvh2gtz7F2PCF1/19pYMFbB5YhDayyBi/iuPNUer7fts5hC0XrL3ahYIz7Kj4SiOavQ=&u=U2FsdGVkX18GSSV01cDUhGUNSzfdXWDG+OwZTwgfvRh8eZWmTs0LQYMsA6c1Y+5G&y=U2FsdGVkX1+YcoNpYgvsCzbumZ3FJ368VPJJMnj7GtMddJd8+Wyh2atgm4nMKA9r HTTP/1.1" 200 26
186.98.82.173 - - [03/Jul/2024:09:35:44 -0500] "GET /kwssiamovil/sm/acme/a?s=U2FsdGVkX19uc7gGSjwEUOs/tBIMeGFUADMhC9ZhbpWK47JP1szldvjgQlARW/0CUNwr13fJKGFlmDEtJmnpiH8dUZtAZis0tIT5F81BhCXS5k7yCHSzQK/087J0SdE2ME5o8uxkX/SJs30vLW0rEeDKGMUVJzYhsuPBAgo1GqQ=&u=U2FsdGVkX18GSSV01cDUhGUNSzfdXWDG+OwZTwgfvRh8eZWmTs0LQYMsA6c1Y+5G&y=U2FsdGVkX1+YcoNpYgvsCzbumZ3FJ368VPJJMnj7GtMddJd8+Wyh2atgm4nMKA9r HTTP/1.1" 200 26
186.98.82.173 - - [03/Jul/2024:09:35:44 -0500] "GET /kwssiamovil/sm/acme/a?s=U2FsdGVkX1/WfuhaEe6PEes2/Ywgm5zDf75CW9c7OmaxVKjFJHHJX7mL/xXpfSig3rH/V135Aw6IlJUtKfAw4eXB987aAOj0wW3U6eH+3B3T6eSX54nuEs+eeL8ovbD51OZbwp262SyBqrQAA7wpzzPXSyCuL/kVxn/AK1Xe0LRdGkqXlfUkM1jvXglht1IZSzBBr7e0+8DMSs7CQBXLHw==&u=U2FsdGVkX18GSSV01cDUhGUNSzfdXWDG+OwZTwgfvRh8eZWmTs0LQYMsA6c1Y+5G&y=U2FsdGVkX1+YcoNpYgvsCzbumZ3FJ368VPJJMnj7GtMddJd8+Wyh2atgm4nMKA9r HTTP/1.1" 200 26
186.98.82.173 - - [03/Jul/2024:09:35:44 -0500] "GET /kwssiamovil/sm/acme/a?s=U2FsdGVkX19UKcHLOaV6IiCQPCGFGrGWEt2QIxvVGUX+G8LTFazX7KQeoAYxtJS4OOvD3RcW7irY109A90x7W7z4+Tz8dJcFHn+I6HUA1d6ue7tMbnBgO3iBwWg95eHDEjCQJpr+Md39SK9y9qg3j0ZGVWjeGzFphwkqu8diF6dwtnxXJs0sRvFA6qyXxZLGmn1ybb6Y5dW/Kkh5NtgQ/A==&u=U2FsdGVkX18GSSV01cDUhGUNSzfdXWDG+OwZTwgfvRh8eZWmTs0LQYMsA6c1Y+5G&y=U2FsdGVkX1+YcoNpYgvsCzbumZ3FJ368VPJJMnj7GtMddJd8+Wyh2atgm4nMKA9r HTTP/1.1" 200 26
186.98.82.173 - - [03/Jul/2024:09:35:44 -0500] "GET /kwssiamovil/sm/acme/a?s=U2FsdGVkX18prqeg1ewMmqQUr9U0etaS/NHZfxWNYk7RqhBznrHat5Hnwm5/WrWFpAvXpt4/2k19aTddy05Va4abkI5z3wKkd5Hchd0PDVHZcuUr9YNh2cvxvPk1V+rBBnGue3lOQiEbxgYXstKCXXifc695tlsEZxOT3fqGCOaRHib5OH8Y3XuRz9Hj2u9c&u=U2FsdGVkX18GSSV01cDUhGUNSzfdXWDG+OwZTwgfvRh8eZWmTs0LQYMsA6c1Y+5G&y=U2FsdGVkX1+YcoNpYgvsCzbumZ3FJ368VPJJMnj7GtMddJd8+Wyh2atgm4nMKA9r HTTP/1.1" 200 26
186.98.82.173 - - [03/Jul/2024:09:35:44 -0500] "GET /kwssiamovil/sm/acme/a?s=U2FsdGVkX1/i7FbWHrRbPP0AiimlvAWbrSUimJcdNEgQKoB6wleE1q0X/SJ1moxSmdadD4oqjThUu16/WWr1fR/cXLV1N2wRcVM/VU0dCK68p7POBBurv4HEw3RgmJnednddMPQ3Q737QhIfZ/dqTNkwr4TR0fIdg/oLWATyn817KAQiMVm0CmFw7YO33bSHyH1V1YsE54mzwT9p/5M0ng==&u=U2FsdGVkX18GSSV01cDUhGUNSzfdXWDG+OwZTwgfvRh8eZWmTs0LQYMsA6c1Y+5G&y=U2FsdGVkX1+YcoNpYgvsCzbumZ3FJ368VPJJMnj7GtMddJd8+Wyh2atgm4nMKA9r HTTP/1.1" 200 26
186.98.82.173 - - [03/Jul/2024:09:35:44 -0500] "GET /kwssiamovil/sm/acme/a?s=U2FsdGVkX18g6TVavJmYvUh62zTeg2QEwkoI5hEa1Q9/8k5q3boIAus+QHkjstBdPWMqZxvdqreDdLR477qVw4MN86bMDO3Fpp+j1CW3IOxYB6VspMGELS+zoizEwi1pn3xZtiaPO0/m56E5zHqr9yJ5V5iUiz7jqOi2MRCfKTFtrbNVaVtJ8BpN4dC+auc3&u=U2FsdGVkX18GSSV01cDUhGUNSzfdXWDG+OwZTwgfvRh8eZWmTs0LQYMsA6c1Y+5G&y=U2FsdGVkX1+YcoNpYgvsCzbumZ3FJ368VPJJMnj7GtMddJd8+Wyh2atgm4nMKA9r HTTP/1.1" 200 26
186.155.18.159 - - [03/Jul/2024:09:35:45 -0500] "GET /BLA/resoluciones/index.php?dir=RESOLUCIONES+2011%2F HTTP/1.1" 200 747162
186.155.18.159 - - [03/Jul/2024:09:36:05 -0500] "GET /BLA/resoluciones/index.php?dir=AUTOS+2011%2F HTTP/1.1" 200 638898
216.244.66.195 - - [03/Jul/2024:09:36:09 -0500] "GET /BLA/resoluciones/AUTOS%202021/0537.pdf HTTP/1.1" 200 343910
201.245.192.253 - - [03/Jul/2024:09:36:10 -0500] "POST /forms/lservlet;jsessionid=ac16012b30d6716d42d0eef24d9cbe79d3fe11a80187.e3iSbxaKaheRe34OahmPbx4Oa3z0n6jAmljGr5XDqQLvpAe HTTP/1.1" 200 2
201.245.192.253 - - [03/Jul/2024:09:36:34 -0500] "POST /sipse/faces/presentacion/financiero/solicitudAnulacion/solicitudAnulacion.xhtml HTTP/1.1" 302 -
201.245.192.253 - - [03/Jul/2024:09:36:34 -0500] "GET /sipse/faces/autenticacion.xhtml HTTP/1.1" 200 1099
201.245.192.253 - - [03/Jul/2024:09:36:35 -0500] "GET /kwsrmcab/Wsrmcab?wsdl HTTP/1.1" 200 6948
201.245.192.253 - - [03/Jul/2024:09:36:35 -0500] "POST /sipse/faces/presentacion/financiero/solicitudAnulacion/solicitudAnulacion.xhtml HTTP/1.1" 302 -
201.245.192.253 - - [03/Jul/2024:09:36:35 -0500] "GET /sipse/faces/autenticacion.xhtml HTTP/1.1" 200 1099
201.245.192.253 - - [03/Jul/2024:09:36:36 -0500] "POST /sipse/faces/presentacion/financiero/solicitudAnulacion/solicitudAnulacion.xhtml HTTP/1.1" 302 -
201.245.192.253 - - [03/Jul/2024:09:36:36 -0500] "GET /sipse/faces/autenticacion.xhtml HTTP/1.1" 200 1099
201.245.192.253 - - [03/Jul/2024:09:36:37 -0500] "POST /sipse/faces/presentacion/financiero/solicitudAnulacion/solicitudAnulacion.xhtml HTTP/1.1" 302 -
201.245.192.253 - - [03/Jul/2024:09:36:37 -0500] "GET /sipse/faces/autenticacion.xhtml HTTP/1.1" 200 1099
201.245.192.253 - - [03/Jul/2024:09:36:40 -0500] "POST /sipse/faces/presentacion/financiero/solicitudAnulacion/solicitudAnulacion.xhtml HTTP/1.1" 302 -
201.245.192.253 - - [03/Jul/2024:09:36:41 -0500] "GET /sipse/faces/autenticacion.xhtml HTTP/1.1" 200 1099
216.244.66.195 - - [03/Jul/2024:09:36:40 -0500] "GET /BLA/resoluciones/AUTOS%202021/0670.pdf HTTP/1.1" 200 338556
201.245.192.253 - - [03/Jul/2024:09:36:42 -0500] "POST /sipse/faces/presentacion/financiero/solicitudAnulacion/solicitudAnulacion.xhtml HTTP/1.1" 302 -
201.245.192.253 - - [03/Jul/2024:09:36:42 -0500] "GET /sipse/faces/autenticacion.xhtml HTTP/1.1" 200 1099
201.245.192.253 - - [03/Jul/2024:09:36:43 -0500] "POST /sipse/faces/presentacion/financiero/solicitudAnulacion/solicitudAnulacion.xhtml HTTP/1.1" 302 -
201.245.192.253 - - [03/Jul/2024:09:36:43 -0500] "GET /sipse/faces/autenticacion.xhtml HTTP/1.1" 200 1099
201.245.192.253 - - [03/Jul/2024:09:36:46 -0500] "POST /sipse/faces/presentacion/financiero/solicitudAnulacion/solicitudAnulacion.xhtml HTTP/1.1" 302 -
201.245.192.253 - - [03/Jul/2024:09:36:46 -0500] "GET /sipse/faces/autenticacion.xhtml HTTP/1.1" 200 1099
201.245.192.253 - - [03/Jul/2024:09:36:47 -0500] "POST /sipse/faces/presentacion/financiero/solicitudAnulacion/solicitudAnulacion.xhtml HTTP/1.1" 302 -
201.245.192.253 - - [03/Jul/2024:09:36:47 -0500] "GET /sipse/faces/autenticacion.xhtml HTTP/1.1" 200 1099
201.245.192.253 - - [03/Jul/2024:09:36:48 -0500] "POST /sipse/faces/presentacion/financiero/solicitudAnulacion/solicitudAnulacion.xhtml HTTP/1.1" 302 -
201.245.192.253 - - [03/Jul/2024:09:36:48 -0500] "GET /sipse/faces/autenticacion.xhtml HTTP/1.1" 200 1099
201.245.192.253 - - [03/Jul/2024:09:36:50 -0500] "POST /sipse/faces/presentacion/financiero/solicitudAnulacion/solicitudAnulacion.xhtml HTTP/1.1" 302 -
201.245.192.253 - - [03/Jul/2024:09:36:50 -0500] "GET /sipse/faces/autenticacion.xhtml HTTP/1.1" 200 1099
201.245.192.253 - - [03/Jul/2024:09:36:50 -0500] "POST /sipse/faces/presentacion/financiero/solicitudAnulacion/solicitudAnulacion.xhtml HTTP/1.1" 302 -
201.245.192.253 - - [03/Jul/2024:09:36:50 -0500] "GET /sipse/faces/autenticacion.xhtml HTTP/1.1" 200 1099
201.245.192.253 - - [03/Jul/2024:09:36:50 -0500] "POST /kwsrmcab/Wsrmcab HTTP/1.1" 200 39038
201.245.192.253 - - [03/Jul/2024:09:36:51 -0500] "POST /kwsrmcab/Wsrmcab HTTP/1.1" 200 31437
201.245.192.253 - - [03/Jul/2024:09:36:54 -0500] "POST /sipse/faces/presentacion/financiero/solicitudAnulacion/solicitudAnulacion.xhtml HTTP/1.1" 302 -
201.245.192.253 - - [03/Jul/2024:09:36:54 -0500] "GET /sipse/faces/autenticacion.xhtml HTTP/1.1" 200 1099
201.245.192.253 - - [03/Jul/2024:09:36:54 -0500] "POST /sipse/faces/presentacion/financiero/solicitudAnulacion/solicitudAnulacion.xhtml HTTP/1.1" 302 -
201.245.192.253 - - [03/Jul/2024:09:36:54 -0500] "GET /sipse/faces/autenticacion.xhtml HTTP/1.1" 200 1099
186.155.18.159 - - [03/Jul/2024:09:37:01 -0500] "GET /BLA/resoluciones/index.php?dir=RESOLUCIONES+2010%2F HTTP/1.1" 200 1307967
172.22.2.4 - - [03/Jul/2024:09:37:05 -0500] "GET /BLA/boletinlegal/Directivas/2013/Directiva%20No.%201%20del%2004%20de%20Abril%20de%202013.pdf HTTP/1.1" 304 -
186.155.18.159 - - [03/Jul/2024:09:37:05 -0500] "GET /BLA/resoluciones/RESOLUCIONES%202010/3928.pdf HTTP/1.1" 200 773369
216.244.66.195 - - [03/Jul/2024:09:37:15 -0500] "GET /BLA/resoluciones/AUTOS%202021/1498.pdf HTTP/1.1" 200 981549
201.245.192.253 - - [03/Jul/2024:09:37:35 -0500] "GET /kwsrmcab/Wsrmcab?wsdl HTTP/1.1" 200 6948
201.245.192.253 - - [03/Jul/2024:09:37:50 -0500] "POST /kwsrmcab/Wsrmcab  HTTP/1.1" 200 38894
66.249.77.166 - - [03/Jul/2024:09:37:56 -0500] "GET /Publicaciones/2024EE132926.pdf HTTP/1.1" 200 387956
216.244.66.195 - - [03/Jul/2024:09:38:00 -0500] "GET /BLA/resoluciones/AUTOS%202021/5304.pdf HTTP/1.1" 200 902100
66.249.77.164 - - [03/Jul/2024:09:38:10 -0500] "GET /BLA/resoluciones/AUTOS%202013/0029.pdf HTTP/1.1" 200 2249653
201.245.192.253 - - [03/Jul/2024:09:38:10 -0500] "POST /forms/lservlet;jsessionid=ac16012b30d6716d42d0eef24d9cbe79d3fe11a80187.e3iSbxaKaheRe34OahmPbx4Oa3z0n6jAmljGr5XDqQLvpAe HTTP/1.1" 200 2
201.245.192.253 - - [03/Jul/2024:09:38:35 -0500] "GET /kwsrmcab/Wsrmcab?wsdl HTTP/1.1" 200 6948
216.244.66.195 - - [03/Jul/2024:09:38:37 -0500] "GET /BLA/resoluciones/AUTOS%202023/0048.pdf HTTP/1.1" 200 397946
201.245.192.253 - - [03/Jul/2024:09:39:05 -0500] "POST /kwsrmcab/Wsrmcab HTTP/1.1" 200 37486
181.32.186.117 - - [03/Jul/2024:09:39:06 -0500] "GET /kwssiamovil/sm/ldap/au?x=U2FsdGVkX1+nzf17DYSOZjZUCS2MQSCcL8tKwumcnW65ozBC0mo4Az+I/ANyrIhM&y=U2FsdGVkX1/kOd/+VcM3Mu5ojjgw7xF/CrkLMNZ5CU0= HTTP/1.1" 200 30
181.32.186.117 - - [03/Jul/2024:09:39:06 -0500] "GET /kwssiamovil/sm/acme/s?s=U2FsdGVkX19KrQsEsHd+DZuP5W0zlYkP0lSiJtUPhPvb5/+3EdY9w/G5TeIMXciThhLrPqo9JECM2D+hH4cBdB4tzWw1gf0uXLEyZvCVQgo=&u=U2FsdGVkX1+wOZUSYaNXJVvphIaaMfzY0yv2Gac8JMk=&y=U2FsdGVkX1/kOd/+VcM3Mu5ojjgw7xF/CrkLMNZ5CU0= HTTP/1.1" 200 97
181.32.186.117 - - [03/Jul/2024:09:39:06 -0500] "GET /kwssiamovil/sm/acme/s?s=U2FsdGVkX18eiw1iCTzjDtwze1AIBUsF/O3Sye74D0Tfrx4xUTOeFmr7UiYuPZGYcgtWrnrGWVPg1fENkKLcTx5d0hhmyZJ3f4nN4gYlhNyLpT80wufztC8iPi2PzxJYHbueVoEq/dBYTMgDn6JB25Sxcls9pwXn6MwjmCJsGHijOvEHXfv1cTL/pIkgAn2gM2tmmK7DL/cncIDKU9qpa9FFB3/01l7JA2Ce/hbb7zkwl9QRSUxBDJR1RPDFeyQoM9mk5JvhDa/YqsswLvOxFI8F5PkhIXi6bhBw77rsjFfitcipLNPZ26/J6VIQFISHFhvCgTrx0EpbXj69byjjJFIydm4pc1ExYUV+pIofKMAT66r8A4MNROFXESYPOJ/s/fUUKAbqcOTXr0gaWwAbaOBettzOoKR5V/LQXcWwmsUgq63iHGNeN9k3jLbryjg9ZI1uEEcGZX0vpZFCraACEnhRWvro8XjSU8YnGNHaTRjeMEy/dH4i8XtXx4bcXK/sdEXHeoUC8yAX3RmzII00nF0U89vQBqihqacfjImD8m7brG+rWw8tBnL324K/qlIGbIwFYqRvVohd90kmC1vZ05K3P87F9Wp6FJG+HV0sEIXL+cV+gknAVS9eKECHrYnXVMsA4sqUxo4nwae/jK8B4rf0kMcMKMBbAQEQ+5HivyfmcJpBiipLHgu+K5CFrr8FMvdur1on1jZYgjwZPbcvT6VU7vZ1t3sME8Q8Awvi4Z7ZkU1M2RkK3c7sme9vm0RSlCol8rq2TjXnSfab1gTT0rVXDFDouY07cEuwRa407LOotk30Zhc6NNzQi6oGxyTATXqwk/mx9r5Yw7rktj0BzZ3hNFrzqxgGP2tP1DdRYFJmDlOgkP/K2nED3YgBw++libomO1eUWOWQujSY5tAT6NV6n4ujEeNZfETCm1iPaNfSwJ5by1hRH+aEP8ikR4JT2esu2T1GDEVpZFBsKEl8NfXJV/XCNNkE0MA4/tX2dL7XwzMQMVf6FXt5XfuuQ6w+CrLgJfocnu8usa9gni1x3hka7PRxMRiYAEgTuRCGs0VqB+EB+GHL8gYkZ5FGfuRUop3tRkgpbCDNcZn2HJ7JphndsmtMefvrPDtyEh5licXeNo1JSUiIp/qN0EbKeb/NZSg1hI78RuhO1GYW3pkEZ89f0Qq6jyV/RJuiyHBqP3eHpJtea6abz1ZrM8Gqf1f/ufS2woH9nem5qdybCJi7oc3q2JxYeIaJhVOCImaMR8p6RShdqsz2IHx13sJzluPRiC9/lTZnecwt44dL8VwwnscSyBlQmofaI4dw+d1nJBBrG/aNhJBIZ+8sAiaFdN7bWdJYMpoxl3VbkZYkZeB+a0SXcBgrbEz9KkBTsPmF1exE5TERncUGNNk1u7ALn3usSviWTjtyrdW1VPaesTzLhYClA2mjFeSjI0+dqGAIVrjzH1/D13qDJ9Zon+i5yL0FRGjdKxBrih/QhF2mU2BCn0eVoSY60qapht+v03cdUf5Tsjn3fTmAK6VZmuix5Ua4gSipVJFlGtjomnXGTRARl3fYoc55aVioTQTsVXjA4cza9A8Wo4Y3pWbJ+LndJohAESGaNFDlkCn4JKjzwizufXKhvO1Zo/vr8lxpkNZtJD3PLOdiU+vLZh1idAK9/6Gqq7DBNzbye0/oV89sfmI5qJ1owOmO6Edm42ouW2WC0viDaKEPSM39f8Y0gfRD9WsILGh79vzYBgr5i3ifa+lPNlaI7PTMxBLReTKxvVMQHI4=&u=U2FsdGVkX1+wOZUSYaNXJVvphIaaMfzY0yv2Gac8JMk=&y=U2FsdGVkX1/kOd/+VcM3Mu5ojjgw7xF/CrkLMNZ5CU0= HTTP/1.1" 200 314
181.32.186.117 - - [03/Jul/2024:09:39:06 -0500] "GET /kwssiamovil/sm/acme/s?s=U2FsdGVkX1+c3u3QLStMZIF/lQ6gW1mXaePdCuiEfD5LItfbD0QvTPwP9SfOD0SApGwcPfa6XUDQr2Qi4Bx9MyqSFLug+6+PrUN21TeC10+09Z9PxggPi21AA48QjOR/LujQj905vixqkN+EOjKO13DSJ3M7sYhlBmLSUuQVhSeWthm9dmaVgykglu7aqKPDjCUqaQXUr4L5UCiNwaYpUz53jMZBJl1tMIBd849htlF+7aZtjORxOjCzgpnjj15P7rU9/XC+t7ZJgGw58ruaOwvWtgIsojIx0gVx6+gngliBej9OcQ9at5+CJDGho+9BXz77UwQyIOXOcgW0hvTT7RmkoeNCQHvUiGMBNNvVI+oCr+Iko6Z7cNR3YPnHmc3ztXF446+q8avPyr6naKvyONO/n290Xha83NwaG9qPtotRDaBUop2dr1/CeK7Iu6aHNqHqQQfHDlVK8Ji3kU6AHgxO7yzAGFYQFuqx8ogdkFr1xyCAOAMOSh46ug8S0crw6HnmSnYqqsxY1QZLS/TZXhjqLF9wDZjyPi+mQLXBNLWKHRD2lYpkSHt4cfW4qblMXN7l6rqMS00QFauj8/5Fm0JYmILH6CX9XJzHQ3L0tBwo0YqzrCOaFPGYYUUA6KVOkR6EW8uJb0SA8EmZGUJ9ejiSenyZ1UkgVXhf8DT8xV0Q6wNA9/cwpnNi4NGCtiiQH8zfl8WoLQ/136I0cuONFvw2CH9I5gB18PCer/zYBtVwYgBLaecaYNYi+JVGSvWQ&u=U2FsdGVkX1+wOZUSYaNXJVvphIaaMfzY0yv2Gac8JMk=&y=U2FsdGVkX1/kOd/+VcM3Mu5ojjgw7xF/CrkLMNZ5CU0= HTTP/1.1" 200 208
181.32.186.117 - - [03/Jul/2024:09:39:07 -0500] "GET /kwssiamovil/sm/cjson/pre?f=1&x=U2FsdGVkX1+nzf17DYSOZjZUCS2MQSCcL8tKwumcnW65ozBC0mo4Az+I/ANyrIhM HTTP/1.1" 200 30244
216.244.66.195 - - [03/Jul/2024:09:39:11 -0500] "GET /BLA/resoluciones/AUTOS%202023/1025.pdf HTTP/1.1" 200 423824
186.155.18.159 - - [03/Jul/2024:09:39:19 -0500] "GET /BLA/resoluciones/index.php?dir=RESOLUCIONES+2014%2F HTTP/1.1" 200 334529
186.155.18.159 - - [03/Jul/2024:09:39:25 -0500] "GET /BLA/resoluciones/RESOLUCIONES%202014/1796.pdf HTTP/1.1" 200 726545
216.245.221.92 - - [03/Jul/2024:09:39:27 -0500] "HEAD / HTTP/1.1" 200 -
201.245.192.253 - - [03/Jul/2024:09:39:35 -0500] "GET /kwsrmcab/Wsrmcab?wsdl HTTP/1.1" 200 6948
216.244.66.195 - - [03/Jul/2024:09:39:42 -0500] "GET /BLA/resoluciones/AUTOS%202023/1436.pdf HTTP/1.1" 200 513682
201.245.192.253 - - [03/Jul/2024:09:39:47 -0500] "POST /kwsrmcab/Wsrmcab HTTP/1.1" 200 31437
66.249.77.164 - - [03/Jul/2024:09:40:08 -0500] "GET /BLA/resoluciones/RESOLUCIONES%202021/4357.pdf HTTP/1.1" 200 365183
201.245.192.253 - - [03/Jul/2024:09:40:10 -0500] "POST /forms/lservlet;jsessionid=ac16012b30d6716d42d0eef24d9cbe79d3fe11a80187.e3iSbxaKaheRe34OahmPbx4Oa3z0n6jAmljGr5XDqQLvpAe HTTP/1.1" 200 2
216.244.66.195 - - [03/Jul/2024:09:40:11 -0500] "GET /BLA/resoluciones/AUTOS%202023/2241.pdf HTTP/1.1" 200 1727899
66.249.77.165 - - [03/Jul/2024:09:40:13 -0500] "GET /BLA/resoluciones/RESOLUCIONES%202004/RES%202004%202201-2250/00002231.tif HTTP/1.1" 200 88240
186.84.22.218 - - [03/Jul/2024:09:40:17 -0500] "GET /BLA/resoluciones/RESOLUCIONES%202022/5360.pdf HTTP/1.1" 200 341471
186.84.22.218 - - [03/Jul/2024:09:40:18 -0500] "GET /favicon.ico HTTP/1.1" 200 7782
66.249.77.164 - - [03/Jul/2024:09:40:22 -0500] "GET /BLA/resoluciones/RESOLUCIONES%202015/3165.pdf HTTP/1.1" 304 -
172.22.2.4 - - [03/Jul/2024:09:38:43 -0500] "HEAD /BLA/boletinlegal/ HTTP/1.1" 200 -
66.249.77.164 - - [03/Jul/2024:09:40:26 -0500] "GET /BLA/resoluciones/RESOLUCIONES%202008/4132.pdf HTTP/1.1" 200 775302
201.245.192.253 - - [03/Jul/2024:09:40:35 -0500] "GET /kwsrmcab/Wsrmcab?wsdl HTTP/1.1" 200 6948
216.244.66.195 - - [03/Jul/2024:09:40:40 -0500] "GET /BLA/resoluciones/AUTOS%202023/2772.pdf HTTP/1.1" 200 776776
216.244.66.195 - - [03/Jul/2024:09:41:07 -0500] "GET /BLA/resoluciones/AUTOS%202023/2824.pdf HTTP/1.1" 200 891343
172.22.2.4 - - [03/Jul/2024:09:39:34 -0500] "GET /BLA/boletinlegal/ HTTP/1.1" 200 51986
172.22.2.4 - - [03/Jul/2024:09:41:24 -0500] "GET /BLA/boletinlegal/actos.php HTTP/1.1" 200 9738
172.22.2.4 - - [03/Jul/2024:09:41:24 -0500] "GET /BLA/boletinlegal/js/ajax_actos.js HTTP/1.1" 200 1322
172.22.2.4 - - [03/Jul/2024:09:41:24 -0500] "GET /BLA/boletinlegal/niceforms-default.css HTTP/1.1" 200 6694
172.22.2.4 - - [03/Jul/2024:09:41:24 -0500] "GET /BLA/boletinlegal/style.css HTTP/1.1" 200 9406
172.22.2.4 - - [03/Jul/2024:09:41:24 -0500] "GET /BLA/boletinlegal/niceforms.js HTTP/1.1" 200 22876
172.22.2.4 - - [03/Jul/2024:09:41:24 -0500] "GET /BLA/boletinlegal/js/lib.js HTTP/1.1" 200 6474
172.22.2.4 - - [03/Jul/2024:09:41:24 -0500] "GET /BLA/boletinlegal/js/popup.js HTTP/1.1" 200 1270
172.22.2.4 - - [03/Jul/2024:09:41:24 -0500] "GET /BLA/boletinlegal/js/jquery1.js HTTP/1.1" 200 29846
172.22.2.4 - - [03/Jul/2024:09:41:24 -0500] "GET /BLA/boletinlegal/images/cabezote%20BLEGAL.jpg HTTP/1.1" 200 118164
172.22.2.4 - - [03/Jul/2024:09:41:25 -0500] "GET /BLA/boletinlegal/images/subscribe-icon-big.png HTTP/1.1" 200 47702
172.22.2.4 - - [03/Jul/2024:09:41:25 -0500] "GET /BLA/boletinlegal/styles2.css HTTP/1.1" 200 1838
172.22.2.4 - - [03/Jul/2024:09:41:25 -0500] "GET /BLA/boletinlegal/images/historia.png HTTP/1.1" 200 52775
172.22.2.4 - - [03/Jul/2024:09:41:25 -0500] "GET /BLA/boletinlegal/images/registro-usuarios.png HTTP/1.1" 200 8106
172.22.2.4 - - [03/Jul/2024:09:41:25 -0500] "GET /BLA/boletinlegal/images/green-yellow-blue-pink-th.png HTTP/1.1" 200 7394
172.22.2.4 - - [03/Jul/2024:09:41:25 -0500] "GET /BLA/boletinlegal/images/icono-email.png HTTP/1.1" 200 5544
172.22.2.4 - - [03/Jul/2024:09:41:25 -0500] "GET /BLA/boletinlegal/images/tel.png HTTP/1.1" 200 14477
172.22.2.4 - - [03/Jul/2024:09:41:25 -0500] "GET /BLA/boletinlegal/images/body_bg.jpg HTTP/1.1" 200 1601
172.22.2.4 - - [03/Jul/2024:09:41:25 -0500] "GET /BLA/boletinlegal/images/menu_lft.gif HTTP/1.1" 200 1713
172.22.2.4 - - [03/Jul/2024:09:41:25 -0500] "GET /BLA/boletinlegal/images/menu_rght.gif HTTP/1.1" 200 1627
172.22.2.4 - - [03/Jul/2024:09:41:25 -0500] "GET /BLA/boletinlegal/images/bg_top.jpg HTTP/1.1" 200 522
172.22.2.4 - - [03/Jul/2024:09:41:25 -0500] "GET /BLA/boletinlegal/images/menu_bg.jpg HTTP/1.1" 200 620
172.22.2.4 - - [03/Jul/2024:09:41:25 -0500] "GET /BLA/boletinlegal/images/text.jpg HTTP/1.1" 200 568
172.22.2.4 - - [03/Jul/2024:09:41:25 -0500] "GET /BLA/boletinlegal/images/hover.jpg HTTP/1.1" 200 640
172.22.2.4 - - [03/Jul/2024:09:41:25 -0500] "GET /BLA/boletinlegal/images/footer_bg.jpg HTTP/1.1" 200 586
172.22.2.4 - - [03/Jul/2024:09:41:25 -0500] "GET /BLA/boletinlegal/images/footer_bg_l.jpg HTTP/1.1" 200 776
172.22.2.4 - - [03/Jul/2024:09:41:25 -0500] "GET /BLA/boletinlegal/img/0.png HTTP/1.1" 200 110
172.22.2.4 - - [03/Jul/2024:09:41:25 -0500] "GET /BLA/boletinlegal/img/select-left.png HTTP/1.1" 200 263
172.22.2.4 - - [03/Jul/2024:09:41:25 -0500] "GET /BLA/boletinlegal/img/button-left.png HTTP/1.1" 200 57071
172.22.2.4 - - [03/Jul/2024:09:41:25 -0500] "GET /BLA/boletinlegal/img/button-right.png HTTP/1.1" 200 57878
172.22.2.4 - - [03/Jul/2024:09:41:25 -0500] "GET /BLA/boletinlegal/img/button.png HTTP/1.1" 200 43241
172.22.2.4 - - [03/Jul/2024:09:41:25 -0500] "GET /BLA/boletinlegal/img/select-right.png HTTP/1.1" 200 44019
172.22.2.4 - - [03/Jul/2024:09:41:25 -0500] "GET /BLA/boletinlegal/favicon.ico HTTP/1.1" 404 1326
216.244.66.195 - - [03/Jul/2024:09:41:32 -0500] "GET /BLA/resoluciones/AUTOS%202023/3539.pdf HTTP/1.1" 200 733426
201.245.192.253 - - [03/Jul/2024:09:41:35 -0500] "GET /kwsrmcab/Wsrmcab?wsdl HTTP/1.1" 200 6948
172.22.2.4 - - [03/Jul/2024:09:41:35 -0500] "GET /BLA/boletinlegal/consulta_actos.php?tipo=autos&no=3870&usuario=&sector=&fecha=2023&resuelve= HTTP/1.1" 200 626
216.244.66.195 - - [03/Jul/2024:09:41:57 -0500] "GET /BLA/resoluciones/RESOLUCIONES%202024/00617.pdf HTTP/1.1" 200 373135
201.245.192.253 - - [03/Jul/2024:09:42:10 -0500] "POST /forms/lservlet;jsessionid=ac16012b30d6716d42d0eef24d9cbe79d3fe11a80187.e3iSbxaKaheRe34OahmPbx4Oa3z0n6jAmljGr5XDqQLvpAe HTTP/1.1" 200 2
66.249.77.166 - - [03/Jul/2024:09:42:12 -0500] "GET /BLA/resoluciones/AUTOS%202020/1446.pdf HTTP/1.1" 200 1584010
181.32.186.117 - - [03/Jul/2024:09:42:15 -0500] "GET /kwssiamovil/sm/ldap/au?x=U2FsdGVkX18LGGbDee+SvJzQkDo11JhhBkMKe3Tbb1+0ho0wYamV7C/K6DnbNpOY&y=U2FsdGVkX19eJz88BXrLpW04ThY6ay6F/P6LBKdHAxw= HTTP/1.1" 200 30
181.32.186.117 - - [03/Jul/2024:09:42:15 -0500] "GET /kwssiamovil/sm/acme/s?s=U2FsdGVkX1/X27bWwYnBdgiyRP2I6qnOgQipE2XsxHAEHAo0KK+UT5BDWgLLD50RGWJsX+dImIpTmEw1XfVCoe55YQcdamzOrlwqN6tqGu4=&u=U2FsdGVkX18arWs7pASXGsimv62GQ3b6O+u2WlJPLGo=&y=U2FsdGVkX19eJz88BXrLpW04ThY6ay6F/P6LBKdHAxw= HTTP/1.1" 200 97
181.32.186.117 - - [03/Jul/2024:09:42:15 -0500] "GET /kwssiamovil/sm/acme/s?s=U2FsdGVkX1/pIpfQGqD1COndkFDSafWdSFefQFO8IvQd9ufHVP3bZ/u2EeD1Ke5KOOJcQgt+afy0aOXzXgM1TtH/PBpqR/cZcJig+SoVGeD2kWLg5pgsQsag2s63hnSOG4Cs5B4Rm8UGmxR4alFGodseT0EwqLvDmjl5nfAtAIyqVn7rEa6EZawRZOascTP6IYZkGG3ql3W8bKnKtCK6EOxgvWqVi88fIhBmgYUd3c3a7igcXj8bfijw1VwDRl4oNjoCltVC+sLWZtE5hFbEniau/ms7iAdWA2Rbp5LTcQpUtyDtNPIvZtpM7iRuDjssDnrqgDPVtRoXcV7+mDdOagXv0SERXEDYPnEItlvhX2SXIzkE4igqZ62jhe/oOCjsYYQsvnGJGLOQl9yT/+TosoWQBcXqU6E0tqW++zlsfBdZWlGRm6Qies3PfH0q6aiJFZTphxZIJw7kNN9XCmzLAIcGwbxt+esfvANQ4WGjn4D/RKcx4SN+Qr54+qYjaEns35BAq+gY6zE6GgLlhQ9xsMtyjVZ140XVnNX3NZKz6WFuSw6KPaSlv2iGwdwlehXo8YUuhfGnQUxvgr/xSI1W0wOCEmXKl5c3QWq3pWFjMsbWe19xGaItfjjn+v9ILJfVWaMHafuijGllkjc4hnI+A6jyLylyeWCS2ys6V2eF394u9fE2n1jwv9Be8hyouVKhzhEtsS8imWh6O7WG0eessPX/KrU3jKTpOdIL9gcpf0mvigXwgBR9MnwPDyaeQ50Sw2iLRLFOCi6yMkgdC6mGVPLJPPZtOKulIvlnNzL6kyC9Hyi5cgkYYS4z+Cwcs9I9Lt7AfFwmeMTMyV7/bOOBpVpFeP4Ib0vAxRtt0/SjkBIz4Pi2hhLmuYWxwZrODGLe43rwocVmRk5SbnU0kx8RyhomRoE7T6+y4RFWXBVfmbHqB610kNU6Qhi3lFXSoT1XlbqcMZ7bxM7mChfDonpsLe2qHEhFmuEeOrmdQNy6Dmxxndwd5cx6K1NtxaJbPF/TgiTXPF5YURkgPypWM691l/g+NZUtQp2TkaOd7npj3bmg+2gyjOd+WoB25hUCeu5fcf7iV3GWOY1DinR6R838F9R2wOQRFgrGRfrgp2mw2W9ENokOZ5sHF7P9O0nuzyw5aijIsW0bjsvkBNiIMORwiezYJBy4i+PVXF0DdY+Jjw5r3j7mjVlvb8qG3gC6ei+i33BnNuHStBQwptht2SUF34eApkD16ex62bydqXTumiRdVvEV/IgzVM2dHN107Ga+vUudqBQkzJIILYg9OSA6Qt8333Xde4lNCSrQ4+QtaV2DDrb+5RsIWHSXw8C2nur8QWu/fJxrR4zbIsABXvFcSOSciGlz55qa2js+8heno9ojUYIck/ZygY/Ob4JrtkUtkgb8e8HaxBnhc4Iu5eepYH+Y2144RZB7VjDsn4VI6bg2KT4cVRRPkW9PWZfPx6UEkB8VdYUwrYjOknXf4JX7iP6Gu0QB+8bCZeuAIapNEuwdsvNdA7Im3A8eIlbinrZF8ylP7LY3/FcfrME0bikt2qHJIpK1PkmeXOxu88lssQ6a4nEDRFRqDhOtwpsMG5YnUMbT+7mutOBbypOERGxadzTrA7Jj092t71L/IuzTze7LTjY+BxGuTl0L9dbYL6MRALZfPi708F/DQpDQcNNAgTjw949gv9e0z3ryHgBAYvfGN7bzROgzM763id+JsUbkKgaMJ4Y08ZiGfCphn33o+Z/bveeEX0fGn+rK/5x0GGA=&u=U2FsdGVkX18arWs7pASXGsimv62GQ3b6O+u2WlJPLGo=&y=U2FsdGVkX19eJz88BXrLpW04ThY6ay6F/P6LBKdHAxw= HTTP/1.1" 200 514
181.32.186.117 - - [03/Jul/2024:09:42:15 -0500] "GET /kwssiamovil/sm/acme/s?s=U2FsdGVkX1+RRWo84eXtCDSGFcF+/LWkJJ2BFy6mAHYKuO/754XLHuXE4FZ2cBdWOMJfIj8fzg3fq89osr4oHOXgl78rjH6RTHKIX/I0zTAdXHn+/CrRm4flgndRpDIpcojVwE2YgeQVzcyOXJutt90mR3zbRCV0BLYkfaBssbLqT6HHYvaEqGjSt1GUWdpWY8FSijk4U+T/wd0TN5K0ryQuic/ANQ8Yb3/uTxW8UgN7uSL6Ujwrd22yEEDcmtbwQA2wFx4/INUONd4tTMe1LPILFwPTd6ZZPeBiR8DFjlCVOgWX0iOTlyEpFAU7GPJQwueijSTFG+zCg1lAUaQXMwjgW3qP0taYwsNoHEqf/qoGC3zCESinWX93RXU7Ls+WwLttN7P/LnXORP0Jq2yHoc/qPiWcys2vNiqzuWFB1TlJ1jtycHDBdFCzMcbqus48LsyYmVrDc2WBhQzRiYZTCuuaZjTIuEsFggRO6LKE6gjF2lGrgddQoRqf39j1d4JnrRBDuhN13e5HFdWOKdECUMAEhFIY8xaYATZnOtSjazg0pRaNWGorwyTeKyTKKFtY/xn2LdSrKJoGsL9uXMHl2xZeJVwBSlm3hBzwq92V1bh5hnSsqHtqaEKApaG+yP9Q4LJgYhG8tGE0SfCRvS9u80W1xKHR1ItrTDvzXI529HoDIpcdGJX6GO8thQHNoxlEbiGPneX0uXz+ibgWfecDFapWZLVHMNQ3Ioswfaor1kX9voXAAfVv2gWt8BZQbJoE&u=U2FsdGVkX18arWs7pASXGsimv62GQ3b6O+u2WlJPLGo=&y=U2FsdGVkX19eJz88BXrLpW04ThY6ay6F/P6LBKdHAxw= HTTP/1.1" 200 208
181.32.186.117 - - [03/Jul/2024:09:42:15 -0500] "GET /kwssiamovil/sm/cjson/pre?f=1&x=U2FsdGVkX18LGGbDee+SvJzQkDo11JhhBkMKe3Tbb1+0ho0wYamV7C/K6DnbNpOY HTTP/1.1" 200 30244
216.244.66.195 - - [03/Jul/2024:09:42:21 -0500] "GET /BLA/resoluciones/AUTOS%202011/4527.pdf HTTP/1.1" 200 215711
66.249.77.165 - - [03/Jul/2024:09:42:29 -0500] "GET /BLA/resoluciones/AUTOS%202008/0123.pdf HTTP/1.1" 200 92021
201.245.192.253 - - [03/Jul/2024:09:42:35 -0500] "GET /kwsrmcab/Wsrmcab?wsdl HTTP/1.1" 200 6948
216.244.66.195 - - [03/Jul/2024:09:42:44 -0500] "GET /BLA/resoluciones/AUTOS%202011/4877.pdf HTTP/1.1" 200 665749
201.245.192.253 - - [03/Jul/2024:09:42:49 -0500] "POST /kwsrmcab/Wsrmcab  HTTP/1.1" 200 38894
216.244.66.195 - - [03/Jul/2024:09:43:06 -0500] "GET /BLA/resoluciones/AUTOS%202011/4935.pdf HTTP/1.1" 200 1969619
172.22.2.4 - - [03/Jul/2024:09:43:31 -0500] "GET /BLA/boletinlegal/actos.php HTTP/1.1" 200 9738
172.22.2.4 - - [03/Jul/2024:09:43:31 -0500] "GET /BLA/boletinlegal/favicon.ico HTTP/1.1" 404 1326
186.86.32.163 - - [03/Jul/2024:09:43:33 -0500] "GET /BLA/resoluciones/ HTTP/1.1" 200 14105
201.245.192.253 - - [03/Jul/2024:09:43:35 -0500] "GET /kwsrmcab/Wsrmcab?wsdl HTTP/1.1" 200 6948
186.86.32.163 - - [03/Jul/2024:09:43:40 -0500] "GET /BLA/resoluciones/index.php?dir=AUTOS+2014%2F HTTP/1.1" 200 892005
216.244.66.195 - - [03/Jul/2024:09:43:55 -0500] "GET /BLA/resoluciones/AUTOS%202011/4993.pdf HTTP/1.1" 200 234395
172.22.2.4 - - [03/Jul/2024:09:42:25 -0500] "GET /BLA/boletinlegal/ HTTP/1.1" 200 61913
201.245.192.253 - - [03/Jul/2024:09:44:10 -0500] "POST /forms/lservlet;jsessionid=ac16012b30d6716d42d0eef24d9cbe79d3fe11a80187.e3iSbxaKaheRe34OahmPbx4Oa3z0n6jAmljGr5XDqQLvpAe HTTP/1.1" 200 2
216.244.66.195 - - [03/Jul/2024:09:44:25 -0500] "GET /BLA/resoluciones/AUTOS%202011/5005.pdf HTTP/1.1" 200 2538386
172.22.2.4 - - [03/Jul/2024:09:44:25 -0500] "GET /BLA/boletinlegal/consulta_actos.php?tipo=resoluciones&no=&usuario=&sector=&fecha=2023&resuelve=prorroga HTTP/1.1" 200 36715
216.245.221.92 - - [03/Jul/2024:09:44:27 -0500] "HEAD / HTTP/1.1" 200 -
201.245.192.253 - - [03/Jul/2024:09:44:35 -0500] "GET /kwsrmcab/Wsrmcab?wsdl HTTP/1.1" 200 6948
172.22.2.4 - - [03/Jul/2024:09:44:43 -0500] "GET /BLA/boletinlegal/consulta_actos.php?tipo=resoluciones&no=&usuario=&sector=PEV&fecha=2023&resuelve=prorroga HTTP/1.1" 200 1733
186.155.18.159 - - [03/Jul/2024:09:44:45 -0500] "GET /BLA/resoluciones/index.php?dir=RESOLUCIONES+2008%2F HTTP/1.1" 200 976272
45.156.128.47 - - [03/Jul/2024:09:44:47 -0500] "GET /owncloud/status.php HTTP/1.1" 404 1018
45.156.128.47 - - [03/Jul/2024:09:44:48 -0500] "GET /status.php HTTP/1.1" 404 1018
181.78.209.203 - - [03/Jul/2024:09:44:51 -0500] "GET /BLA/resoluciones/RESOLUCIONES%202023/0175.pdf HTTP/1.1" 200 917392
186.155.18.159 - - [03/Jul/2024:09:44:52 -0500] "GET /BLA/resoluciones/RESOLUCIONES%202008/4999.pdf HTTP/1.1" 200 229149
216.244.66.195 - - [03/Jul/2024:09:45:07 -0500] "GET /BLA/resoluciones/AUTOS%202011/5710.pdf HTTP/1.1" 200 260857
186.102.57.148 - - [03/Jul/2024:09:45:07 -0500] "OPTIONS /kwssiamovil/sm/setfile/f? HTTP/1.1" 200 13
186.102.57.148 - - [03/Jul/2024:09:45:07 -0500] "POST /kwssiamovil/sm/setfile/f? HTTP/1.1" 200 381
186.102.57.148 - - [03/Jul/2024:09:45:12 -0500] "OPTIONS /kwssiamovil/sm/setfile/f? HTTP/1.1" 200 13
186.102.57.148 - - [03/Jul/2024:09:45:12 -0500] "POST /kwssiamovil/sm/setfile/f? HTTP/1.1" 200 381
186.102.57.148 - - [03/Jul/2024:09:45:17 -0500] "OPTIONS /kwssiamovil/sm/setfile/f? HTTP/1.1" 200 13
201.245.192.253 - - [03/Jul/2024:09:45:19 -0500] "POST /sipse/faces/presentacion/financiero/solicitudProceso/consultarSolicitudProceso.xhtml HTTP/1.1" 200 41978
201.245.192.253 - - [03/Jul/2024:09:45:20 -0500] "GET /sipse/faces/javax.faces.resource/theme.css?ln=primefaces-sipse HTTP/1.1" 304 -
201.245.192.253 - - [03/Jul/2024:09:45:20 -0500] "GET /sipse/faces/javax.faces.resource/primefaces.css?ln=primefaces&v=4.0 HTTP/1.1" 304 -
201.245.192.253 - - [03/Jul/2024:09:45:20 -0500] "GET /sipse/faces/javax.faces.resource/layout/layout.css?ln=primefaces&v=4.0 HTTP/1.1" 304 -
201.245.192.253 - - [03/Jul/2024:09:45:20 -0500] "GET /sipse/faces/javax.faces.resource/jquery/jquery.js?ln=primefaces&v=4.0 HTTP/1.1" 304 -
201.245.192.253 - - [03/Jul/2024:09:45:20 -0500] "GET /sipse/faces/javax.faces.resource/jquery/jquery-plugins.js?ln=primefaces&v=4.0 HTTP/1.1" 304 -
201.245.192.253 - - [03/Jul/2024:09:45:20 -0500] "GET /sipse/css/imagen/contrasena.png HTTP/1.1" 404 383
201.245.192.253 - - [03/Jul/2024:09:45:20 -0500] "GET /sipse/faces/javax.faces.resource/primefaces.js?ln=primefaces&v=4.0 HTTP/1.1" 304 -
201.245.192.253 - - [03/Jul/2024:09:45:20 -0500] "GET /sipse/faces/javax.faces.resource/layout/layout.js?ln=primefaces&v=4.0 HTTP/1.1" 304 -
201.245.192.253 - - [03/Jul/2024:09:45:20 -0500] "POST /sipse/faces/presentacion/financiero/solicitudProceso/consultar.xhtml HTTP/1.1" 200 35388
201.245.192.253 - - [03/Jul/2024:09:45:20 -0500] "POST /sipse/faces/presentacion/financiero/solicitudProceso/consultar.xhtml HTTP/1.1" 200 35388
201.245.192.253 - - [03/Jul/2024:09:45:20 -0500] "POST /sipse/faces/presentacion/financiero/solicitudProceso/consultar.xhtml HTTP/1.1" 200 35388
201.245.192.253 - - [03/Jul/2024:09:45:20 -0500] "POST /sipse/faces/presentacion/financiero/solicitudProceso/consultar.xhtml HTTP/1.1" 200 35388
186.102.57.148 - - [03/Jul/2024:09:45:17 -0500] "POST /kwssiamovil/sm/setfile/f? HTTP/1.1" 200 381
201.245.192.253 - - [03/Jul/2024:09:45:20 -0500] "POST /sipse/faces/presentacion/financiero/solicitudProceso/consultar.xhtml HTTP/1.1" 200 35388
201.245.192.253 - - [03/Jul/2024:09:45:21 -0500] "POST /sipse/faces/presentacion/financiero/solicitudProceso/consultar.xhtml HTTP/1.1" 200 35388
201.245.192.253 - - [03/Jul/2024:09:45:21 -0500] "POST /sipse/faces/presentacion/financiero/solicitudProceso/consultar.xhtml HTTP/1.1" 200 35388
186.102.57.148 - - [03/Jul/2024:09:45:21 -0500] "OPTIONS /kwssiamovil/sm/setfile/f? HTTP/1.1" 200 13
201.245.192.253 - - [03/Jul/2024:09:45:27 -0500] "POST /sipse/faces/presentacion/financiero/solicitudProceso/consultar.xhtml HTTP/1.1" 200 12822
186.102.57.148 - - [03/Jul/2024:09:45:21 -0500] "POST /kwssiamovil/sm/setfile/f? HTTP/1.1" 200 381
186.102.57.148 - - [03/Jul/2024:09:45:28 -0500] "OPTIONS /kwssiamovil/sm/setfile/f? HTTP/1.1" 200 13
201.245.192.253 - - [03/Jul/2024:09:45:35 -0500] "GET /kwsrmcab/Wsrmcab?wsdl HTTP/1.1" 200 6948
216.244.66.195 - - [03/Jul/2024:09:45:38 -0500] "GET /BLA/resoluciones/AUTOS%202011/5832.pdf HTTP/1.1" 200 241081
201.245.192.253 - - [03/Jul/2024:09:45:37 -0500] "POST /sipse/faces/presentacion/financiero/solicitudProceso/consultar.xhtml HTTP/1.1" 200 118052
201.245.192.253 - - [03/Jul/2024:09:45:39 -0500] "GET /sipse/faces/javax.faces.resource/theme.css?ln=primefaces-sipse HTTP/1.1" 304 -
201.245.192.253 - - [03/Jul/2024:09:45:39 -0500] "GET /sipse/faces/javax.faces.resource/primefaces.css?ln=primefaces&v=4.0 HTTP/1.1" 304 -
201.245.192.253 - - [03/Jul/2024:09:45:39 -0500] "GET /sipse/faces/javax.faces.resource/layout/layout.css?ln=primefaces&v=4.0 HTTP/1.1" 304 -
201.245.192.253 - - [03/Jul/2024:09:45:39 -0500] "GET /sipse/faces/javax.faces.resource/jquery/jquery.js?ln=primefaces&v=4.0 HTTP/1.1" 304 -
201.245.192.253 - - [03/Jul/2024:09:45:39 -0500] "GET /sipse/faces/javax.faces.resource/jquery/jquery-plugins.js?ln=primefaces&v=4.0 HTTP/1.1" 304 -
201.245.192.253 - - [03/Jul/2024:09:45:39 -0500] "GET /sipse/faces/javax.faces.resource/primefaces.js?ln=primefaces&v=4.0 HTTP/1.1" 304 -
201.245.192.253 - - [03/Jul/2024:09:45:39 -0500] "GET /sipse/faces/javax.faces.resource/layout/layout.js?ln=primefaces&v=4.0 HTTP/1.1" 304 -
186.102.57.148 - - [03/Jul/2024:09:45:28 -0500] "POST /kwssiamovil/sm/setfile/f? HTTP/1.1" 200 381
186.102.57.148 - - [03/Jul/2024:09:45:41 -0500] "OPTIONS /kwssiamovil/sm/setfile/f? HTTP/1.1" 200 13
201.245.192.253 - - [03/Jul/2024:09:45:43 -0500] "POST /sipse/faces/presentacion/financiero/solicitudProceso/consultarSolicitudProceso.xhtml HTTP/1.1" 200 32258
201.245.192.253 - - [03/Jul/2024:09:45:43 -0500] "GET /sipse/faces/javax.faces.resource/jquery/jquery.js?ln=primefaces&v=4.0 HTTP/1.1" 304 -
201.245.192.253 - - [03/Jul/2024:09:45:43 -0500] "GET /sipse/faces/javax.faces.resource/theme.css?ln=primefaces-sipse HTTP/1.1" 304 -
201.245.192.253 - - [03/Jul/2024:09:45:43 -0500] "GET /sipse/faces/javax.faces.resource/primefaces.css?ln=primefaces&v=4.0 HTTP/1.1" 304 -
201.245.192.253 - - [03/Jul/2024:09:45:43 -0500] "GET /sipse/faces/javax.faces.resource/primefaces.js?ln=primefaces&v=4.0 HTTP/1.1" 304 -
201.245.192.253 - - [03/Jul/2024:09:45:43 -0500] "GET /sipse/faces/javax.faces.resource/jquery/jquery-plugins.js?ln=primefaces&v=4.0 HTTP/1.1" 304 -
201.245.192.253 - - [03/Jul/2024:09:45:43 -0500] "GET /sipse/faces/javax.faces.resource/layout/layout.css?ln=primefaces&v=4.0 HTTP/1.1" 304 -
201.245.192.253 - - [03/Jul/2024:09:45:43 -0500] "GET /sipse/faces/javax.faces.resource/layout/layout.js?ln=primefaces&v=4.0 HTTP/1.1" 304 -
186.102.57.148 - - [03/Jul/2024:09:45:41 -0500] "POST /kwssiamovil/sm/setfile/f? HTTP/1.1" 200 381
186.102.57.148 - - [03/Jul/2024:09:45:49 -0500] "OPTIONS /kwssiamovil/sm/setfile/f? HTTP/1.1" 200 13
201.245.192.253 - - [03/Jul/2024:09:45:55 -0500] "GET /sipse/faces/javax.faces.resource/jquery/jquery.js?ln=primefaces&v=4.0 HTTP/1.1" 304 -
201.245.192.253 - - [03/Jul/2024:09:45:55 -0500] "GET /sipse/faces/javax.faces.resource/theme.css?ln=primefaces-sipse HTTP/1.1" 304 -
201.245.192.253 - - [03/Jul/2024:09:45:55 -0500] "GET /sipse/faces/javax.faces.resource/jquery/jquery-plugins.js?ln=primefaces&v=4.0 HTTP/1.1" 304 -
201.245.192.253 - - [03/Jul/2024:09:45:55 -0500] "GET /sipse/faces/javax.faces.resource/layout/layout.css?ln=primefaces&v=4.0 HTTP/1.1" 304 -
201.245.192.253 - - [03/Jul/2024:09:45:55 -0500] "GET /sipse/faces/javax.faces.resource/primefaces.css?ln=primefaces&v=4.0 HTTP/1.1" 304 -
201.245.192.253 - - [03/Jul/2024:09:45:55 -0500] "GET /sipse/faces/javax.faces.resource/primefaces.js?ln=primefaces&v=4.0 HTTP/1.1" 304 -
201.245.192.253 - - [03/Jul/2024:09:45:55 -0500] "GET /sipse/faces/javax.faces.resource/layout/layout.js?ln=primefaces&v=4.0 HTTP/1.1" 304 -
201.245.192.253 - - [03/Jul/2024:09:45:54 -0500] "POST /sipse/faces/presentacion/financiero/solicitudProceso/consultarHistorialSolProceso.xhtml HTTP/1.1" 200 162262
186.102.57.148 - - [03/Jul/2024:09:45:49 -0500] "POST /kwssiamovil/sm/setfile/f? HTTP/1.1" 200 381
186.102.57.148 - - [03/Jul/2024:09:45:58 -0500] "OPTIONS /kwssiamovil/sm/setfile/f? HTTP/1.1" 200 13
201.245.192.253 - - [03/Jul/2024:09:45:59 -0500] "POST /sipse/faces/presentacion/financiero/solicitudProceso/consultarSolicitudProceso.xhtml HTTP/1.1" 200 61564
192.168.176.22 - - [03/Jul/2024:09:46:04 -0500] "GET /BLA/boletinlegal/admin/index.php HTTP/1.1" 200 2324
186.102.57.148 - - [03/Jul/2024:09:45:58 -0500] "POST /kwssiamovil/sm/setfile/f? HTTP/1.1" 200 381
186.102.57.148 - - [03/Jul/2024:09:46:06 -0500] "OPTIONS /kwssiamovil/sm/setfile/f? HTTP/1.1" 200 13
216.244.66.195 - - [03/Jul/2024:09:46:09 -0500] "GET /BLA/resoluciones/AUTOS%202011/5987.pdf HTTP/1.1" 200 871759
201.245.192.253 - - [03/Jul/2024:09:46:10 -0500] "POST /forms/lservlet;jsessionid=ac16012b30d6716d42d0eef24d9cbe79d3fe11a80187.e3iSbxaKaheRe34OahmPbx4Oa3z0n6jAmljGr5XDqQLvpAe HTTP/1.1" 200 2
192.168.176.22 - - [03/Jul/2024:09:46:12 -0500] "POST /BLA/boletinlegal/admin/usuarios/process.php HTTP/1.1" 302 -
172.22.2.4 - - [03/Jul/2024:09:44:33 -0500] "HEAD /BLA/boletinlegal/ HTTP/1.1" 200 -
186.102.57.148 - - [03/Jul/2024:09:46:06 -0500] "POST /kwssiamovil/sm/setfile/f? HTTP/1.1" 200 381
186.102.57.148 - - [03/Jul/2024:09:46:22 -0500] "GET /kwssiamovil/sm/acme/a?s=U2FsdGVkX1+748EVjveG8yNI+qD3Xfagk7pTcQGZlAMgq+yXizFo4BW0LoY/CsdTuyPyK9feII98G4mGcM7gw4suenfdd6+Qob3miFjqqdzGx5y20Aa9/hQu7EGIeqjTy4dRydaETZUgV8BUPLV/TAh/4rFxY0WlcCrTPxxhT2R70fcRD4/msbygQVMKCXW6UV92wo9+U0IwRiTUw5GKJ/Ud7VF7aPwXgm03X5uYcM83tR/qN+ibhPCF1CZjaARfHqrBNDRbcDijFPtVs1w02Q==&u=U2FsdGVkX1+Srs9I9g3Iw2A8spg3+CRSCFNAcfZXZm4=&y=U2FsdGVkX1/1xklLZ9uXSzFyODZsKpTORZ54vzlhTYw= HTTP/1.1" 200 26
186.102.57.148 - - [03/Jul/2024:09:46:22 -0500] "GET /kwssiamovil/sm/acme/a?s=U2FsdGVkX19C8GY2ZGFPlKlIVl+pM3F3kBNlMCkyxbjWb4MhnUAbolyWU9JcESsrlK5IJqKXSPVSj1gZReYLlRjDfBDTj2pcWmfdxIZPS3KqKQEfGyG4DtzmCyYdQI1XTGVo0L3GxzOZtgHhfkwl/p3YPIivWbGFUTTY5KDSJo/eKH19epVZRy6D1gCMEzpAKp3OpYYD+NhEpnUdvZBoZ67deIRudOOOoMCSAgY/QMJvL1t/yzuUtAhOpY2pbQjoIl1fWlu47ztymTYP0i4gAm8ipDyCF+GrLe0yKkijTKNu1+Y+IYzH6Ag+K7MWTQ4CTo47iOdY/CjGmlAnaQWHhyiAGkIGMgnEIqzGT0cSrfvP0WOypkOF4ULW8iCWCmnX3guTr3T7GxxWexia6jf2rGN1YNdAqwVIQaPjFjbFfyerCFQ07gYSDFSAlyGDX4sTEAdhYQw+iEE001eib9KrpOd96SSKD9DWV/5rizhfO+Im2WTkMvOi09N6ITWrH4wLNimx0AmQSFfEdkb71TJ12MBc8jpGTppF0Jc2pbx+ozN4qDBVaOu+vZvU/K2qn95xtwNRhvfubkSDt3BXNM59qA3yBlNs4+EgU40jIZtTYzOuGqN8xzgo2ZEnxBXMo/ZX+mkKMWAb3vkZaxdBV4tqxA/9kJ0L8EPu+OQIXopikxVo2D3VUQSnziZkTI7SUI8tI3mAGcl8wNY2TEJFlxhUSVo24R7+zcwmRFYCMn1fErJnpbxCWz7QoR8yO4Cwb3yiB6KMDhXZ4schLqjQ6q/Rk8XZ0Aa0Lr6M9xWmxNUM0RhcqKkMco0jofdLD7poSECbAhZmseJ9OD3F0LkGi7jdrTwCk94wMMgsLK3uAdFWu5ohoRciT1IhBdsyRepmpJpNXwCjvWw+SgPXfpQPJD6ixU4pfzqNcRoPo5CuJCytXdURkX7HNNR2/MU/ze25kR2GM6UAtrwSDPvXq464MhXq4zVkISLtkIywmh2ylkcq+5qOpA9gCdH9ah3fr0vEYG+pyYWoipuvrDBgD0lMRBivZ7mrJ/0DZ44VNwhNT+4ptxK+/efS4NW1A+r2sXHvCrQEGJbWdFTlRhP33BN05AGiQeNmMTIFQA9ScAQQQiukOBOvoGDaKD919VE2YM1q47MqtJoiqKXekNnqrRx0UqI2qK5OojbCUFJKifeGq180QD6ybOchTx2at3+mDy8gqBJ1FaAbdZ+qHQ6Ep2EHPx0lgK7MmttO2kava5sgmUbQqqT2aW2TCdQ/haedQ6nO/SADwcvw5bNrgKVDVV51kNC9iRaIBI0VQ2WDQiM92mXRbzdMmf/5kS9lCyu1mmmzBju4+zPNaIodF4VuYhpjGp8kehbmMRbB3aV4JN3BZoT090Jo3KOLQ/4QbK4tDJDZK0MzdPDjbWdbwhZrycr69W0WXqYYSi4N4/qC5gh6+q1Ivt8=&u=U2FsdGVkX1+Srs9I9g3Iw2A8spg3+CRSCFNAcfZXZm4=&y=U2FsdGVkX1/1xklLZ9uXSzFyODZsKpTORZ54vzlhTYw= HTTP/1.1" 200 26
186.102.57.148 - - [03/Jul/2024:09:46:22 -0500] "GET /kwssiamovil/sm/acme/a?s=U2FsdGVkX1/2MlOkDlW7KQ4QXhO2VZ70zSLu4mQBv0naF6sPVMEzf5Kct8tseyvA4Axrdre3NdTa3pF+GsbOy7IEGAkfaq/qIWebtLF5d/sAy3jL6mt/SDM+7QD/Wp57t6rSpbDE3sZj87h01ITP+41s/nWagqfOqjxCkV6KxR8=&u=U2FsdGVkX1+Srs9I9g3Iw2A8spg3+CRSCFNAcfZXZm4=&y=U2FsdGVkX1/1xklLZ9uXSzFyODZsKpTORZ54vzlhTYw= HTTP/1.1" 200 26
186.102.57.148 - - [03/Jul/2024:09:46:22 -0500] "GET /kwssiamovil/sm/acme/a?s=U2FsdGVkX18qHpSvyUpXt8NKO5aLxD9ng3CkVtw7NYp6km39FuP2Z99AnwVvPg628lLc5kUcBQ/Jb2T4N8lex+KE/0QAJB2UzzTMrHcUnuTEHKvl9H2RsF+NIdNFVa7VjVQk3S31u9Boy/NDBc3FJOzDKT/sPm5OA3hge2t5ivE=&u=U2FsdGVkX1+Srs9I9g3Iw2A8spg3+CRSCFNAcfZXZm4=&y=U2FsdGVkX1/1xklLZ9uXSzFyODZsKpTORZ54vzlhTYw= HTTP/1.1" 200 26
186.102.57.148 - - [03/Jul/2024:09:46:23 -0500] "GET /kwssiamovil/sm/acme/a?s=U2FsdGVkX1/y+IfDdnrFiT6kST42IILhI7VK8+p+Jka+1ADF/ikb9S5MLUT4pvG27I777hAq/cJMs0/rgU7/b42qCmH4clRVCuQSk+Kd0bsC0nX4k0onTjvYlkkYhABzykv5P/BnnS5E2CvWLXUsAZ9FTFaAPXy9/Y0lzDpyIvw=&u=U2FsdGVkX1+Srs9I9g3Iw2A8spg3+CRSCFNAcfZXZm4=&y=U2FsdGVkX1/1xklLZ9uXSzFyODZsKpTORZ54vzlhTYw= HTTP/1.1" 200 26
186.102.57.148 - - [03/Jul/2024:09:46:23 -0500] "GET /kwssiamovil/sm/acme/a?s=U2FsdGVkX1+ZyNsXNmnqoCapD1nrpl+6RwYTiVznhNvQZK9fDD8SvaBK5rWUOms+o2Wcn45s4EepeMcAgHVfO7pop5ehqGMzS9NWQh2WMFQ5OT02hNnYMCzJEHt77DH2tCGtL98c4JZmU1bevaCmlkiNMCSxCmwTx/GnCY4GTFWj4V9RGAqowjBQLwpv43uE&u=U2FsdGVkX1+Srs9I9g3Iw2A8spg3+CRSCFNAcfZXZm4=&y=U2FsdGVkX1/1xklLZ9uXSzFyODZsKpTORZ54vzlhTYw= HTTP/1.1" 200 26
186.102.57.148 - - [03/Jul/2024:09:46:23 -0500] "GET /kwssiamovil/sm/acme/a?s=U2FsdGVkX18Cg13BJVv4vmgMgice/HIDC/5DAXNCoGGPqG9Gcin5ArxAkYosXSmSCp8fq0XB6ahnsFkw2+S1lzHQxvCSFdCwWbG4JocsGiqMLrEA2ZnIIjrlsDSg8edz33NmnDz0ZMnYune7xOjxUi1PHjtoOyYrIW9oAug/5uapouWfqMN6VidYYgvc3d8k0YfzqUKBQQLLiK+Q9OTdMA==&u=U2FsdGVkX1+Srs9I9g3Iw2A8spg3+CRSCFNAcfZXZm4=&y=U2FsdGVkX1/1xklLZ9uXSzFyODZsKpTORZ54vzlhTYw= HTTP/1.1" 200 26
186.102.57.148 - - [03/Jul/2024:09:46:23 -0500] "GET /kwssiamovil/sm/acme/a?s=U2FsdGVkX18OioIX/kt+QU5KfrYgjOkH6/pr0wkQ4AWTzF1kqZsYZ01R8aqQqtKiIG8jeYJO1pO4316GLPI6cWv0IAEUeozaHK7nkQfQpRSdOh7M/qiKHBffJRlyQbtFSHA3nRjWcfungtflk3N+YRPIhwrbZSU/MAUFMmjWGJOOgwLYMlauevN4eUk7OycH&u=U2FsdGVkX1+Srs9I9g3Iw2A8spg3+CRSCFNAcfZXZm4=&y=U2FsdGVkX1/1xklLZ9uXSzFyODZsKpTORZ54vzlhTYw= HTTP/1.1" 200 26
186.102.57.148 - - [03/Jul/2024:09:46:23 -0500] "GET /kwssiamovil/sm/acme/a?s=U2FsdGVkX18uUh9vQ7MNlbIw7LqRMthsWkZ1Ssl7duU0AgVSKROx34Hi7G3mrE6Hx5UJaKC7mtTKZCRGI8yrgChGoIcjtJWx/CbKdB4zVHJtC92NsvYMQJS1X4FP3ppG0S1JGLFuaUXbt6rqNR45e4TfUVlI6GqRYHl1YxuEeIKJzUpXbnD2VAI32TMhcBhACFbUKB5T8eJvQbDGuSU4vg==&u=U2FsdGVkX1+Srs9I9g3Iw2A8spg3+CRSCFNAcfZXZm4=&y=U2FsdGVkX1/1xklLZ9uXSzFyODZsKpTORZ54vzlhTYw= HTTP/1.1" 200 26
186.102.57.148 - - [03/Jul/2024:09:46:23 -0500] "GET /kwssiamovil/sm/acme/a?s=U2FsdGVkX18uhVPYlYahHqvQhZsgkXIy0WN9npy3JIyvpu6a/2Frw4xZ0f4KQ2zGYhi1QtT/mqs9p7KgWG5219TySOe7ydO8TowjSyktDRb6kUcSHgeBd+swko3Sfp0gTSld09uLs9ZIOSQjnxBJ4swsEgttZ+a3AmfTdDlb4ptUawrYOYWgD+zohG7jKGE9&u=U2FsdGVkX1+Srs9I9g3Iw2A8spg3+CRSCFNAcfZXZm4=&y=U2FsdGVkX1/1xklLZ9uXSzFyODZsKpTORZ54vzlhTYw= HTTP/1.1" 200 26
186.102.57.148 - - [03/Jul/2024:09:46:24 -0500] "GET /kwssiamovil/sm/acme/a?s=U2FsdGVkX19Fwni79KayNnV1hASY6yAvSEyf0ZQioYXzb2HlXn1uku4ar9CWrndCBIYoVWUpJfYpYva2NTkYB13jq6xZTLbl3YKHnp5z/vDPMsAPTnJHlYqyxRZSOWuLHXzz8nqUJA6HcQ/gJVbqn/ey0qusz+xpkJexW+KI2QcnpUT8lHL5PRL6NL6WT4QdKkRaT2V+vpwOr5F02Km6HQ==&u=U2FsdGVkX1+Srs9I9g3Iw2A8spg3+CRSCFNAcfZXZm4=&y=U2FsdGVkX1/1xklLZ9uXSzFyODZsKpTORZ54vzlhTYw= HTTP/1.1" 200 26
186.102.57.148 - - [03/Jul/2024:09:46:24 -0500] "GET /kwssiamovil/sm/acme/a?s=U2FsdGVkX1+uPzFHtGhwlHaZg6boz4L1F7/2XoQCG4hUhLadra4OZs0JCrXOobOwGCHmIiypaaEFh9c8ZHuongwOEAbGcqJ08DtvbPE7k5ad52B8inWNDbna4tuokr+L8lz+pU+DMeUo5a/JwRPVvD1H1qhAk7iCwv+N0rDiiLiNgd7rdk5/x8tJje9IgM6r&u=U2FsdGVkX1+Srs9I9g3Iw2A8spg3+CRSCFNAcfZXZm4=&y=U2FsdGVkX1/1xklLZ9uXSzFyODZsKpTORZ54vzlhTYw= HTTP/1.1" 200 26
186.102.57.148 - - [03/Jul/2024:09:46:24 -0500] "GET /kwssiamovil/sm/acme/a?s=U2FsdGVkX18eyYZR+Gaw3KR2WYfMxHeh7wW0wOZKwShchbiWtrpYJevaUBK3kVttbCmlmdjhcXavx569afBxL8n65vIluorjXSKoknOTN43XaTSTL5sVqatsxvw73WG4jbLzyQEtV0aoUvAgTBldd1PEh/xf6elk3H8OnJiPBTFzwsNy35JJU1nSraBIYCxKbOJl7d0UiMeMApyGxRF4KA==&u=U2FsdGVkX1+Srs9I9g3Iw2A8spg3+CRSCFNAcfZXZm4=&y=U2FsdGVkX1/1xklLZ9uXSzFyODZsKpTORZ54vzlhTYw= HTTP/1.1" 200 26
186.102.57.148 - - [03/Jul/2024:09:46:24 -0500] "GET /kwssiamovil/sm/acme/a?s=U2FsdGVkX18rOEYvRX4uKVgwELCKsvDSnPhd2BkDdRKmk3ZGDV0xw6gPaQehqiv5/r35BrUw9XQaFOSo2AX8y3O6ImH4Y1QEMFLpVaX+IaSrZw1RgeQabEerWnGwWEkPYG4zqMEceSkVbxoQgr69n9KXr7l5r0zl3Ngs/vhIq0rc1cPfQiXg2u7RbWjU4rBb&u=U2FsdGVkX1+Srs9I9g3Iw2A8spg3+CRSCFNAcfZXZm4=&y=U2FsdGVkX1/1xklLZ9uXSzFyODZsKpTORZ54vzlhTYw= HTTP/1.1" 200 26
186.102.57.148 - - [03/Jul/2024:09:46:24 -0500] "GET /kwssiamovil/sm/acme/a?s=U2FsdGVkX18jHPH1ZEkE7Irx0KsjOVj2hxPk6rLrV6xwBt2/rUlPAepnH+FttIoDhO62c68vCIPa9mj/VgUmARs+vWmeIbtIYzxuGxeLAFDm7sDItKWhYuVlm1jlYFMRXpHmzrKbA6Z4DNZH8RuKbYmDm3Mc/uXjYGagH9O6AYe1wIulkYtjCt7ymYcpiE2GjmuKGmy9tGvEdjFwbY83Iw==&u=U2FsdGVkX1+Srs9I9g3Iw2A8spg3+CRSCFNAcfZXZm4=&y=U2FsdGVkX1/1xklLZ9uXSzFyODZsKpTORZ54vzlhTYw= HTTP/1.1" 200 26
186.102.57.148 - - [03/Jul/2024:09:46:24 -0500] "GET /kwssiamovil/sm/acme/a?s=U2FsdGVkX18H64tKP173YJv4/jLnahGioSYzpOks9Wm58GJrNuNG4zHwms4P6/WU2nlUUprJxmxdCqfAdc1AT/k84U1DUjOKhTWWBa5fJhR45lUbNbqiUcbpuhRGjbSCFpj9rrYOLN38hgFW4fFPYUlKD2TxC5ifuhyO3rtStmZr5Iv6Desj6PdXOiE8hJLv&u=U2FsdGVkX1+Srs9I9g3Iw2A8spg3+CRSCFNAcfZXZm4=&y=U2FsdGVkX1/1xklLZ9uXSzFyODZsKpTORZ54vzlhTYw= HTTP/1.1" 200 26
192.168.176.22 - - [03/Jul/2024:09:46:12 -0500] "GET /BLA/boletinlegal/admin/index.php HTTP/1.1" 200 5696
192.168.176.22 - - [03/Jul/2024:09:46:25 -0500] "GET /BLA/boletinlegal/admin/index_files/index_files/tback.gif HTTP/1.1" 404 1322
186.102.57.148 - - [03/Jul/2024:09:46:25 -0500] "GET /kwssiamovil/sm/acme/a?s=U2FsdGVkX1+tcOMviEW8BaNeVfSkgFGtfT7F5QPx5nNqHNRTWmZvd204+LID9XJFG9D8ZYe6tpGpEQG1sKFhWVPoqCmjkmKvs1/4K3617kJVRCr5fFlC+3P/TR3O7DPuWBmifK7K3TlMvtXFUW5EuDG9LsSx54wPg17hlZFStmp/YrpZfMOjR2XsTs/CGdwx+jNaJF8GnME3GFWCsTvM1g==&u=U2FsdGVkX1+Srs9I9g3Iw2A8spg3+CRSCFNAcfZXZm4=&y=U2FsdGVkX1/1xklLZ9uXSzFyODZsKpTORZ54vzlhTYw= HTTP/1.1" 200 26
186.102.57.148 - - [03/Jul/2024:09:46:25 -0500] "GET /kwssiamovil/sm/acme/a?s=U2FsdGVkX1+5BLAwJsxQintdbggVuxi7ikzRvIi0AJlWFU3QbWBc1vH+I7zDDnJ+wy1aIUJvWDRxpAwcdB08P9T5Kpcw/s5thKmEzfWXedlvEuACeXHL60FP2PrAg6/bpgmAsyY4sW64FpCizoHcBRxmZPIEJ+zBBCcRMCWa3s59JqHKSZeaMfY9xNut4Gko&u=U2FsdGVkX1+Srs9I9g3Iw2A8spg3+CRSCFNAcfZXZm4=&y=U2FsdGVkX1/1xklLZ9uXSzFyODZsKpTORZ54vzlhTYw= HTTP/1.1" 200 26
186.102.57.148 - - [03/Jul/2024:09:46:25 -0500] "GET /kwssiamovil/sm/acme/a?s=U2FsdGVkX19wnaHnwdAxIPokYOCcQcS4aP91SG01EwkalcGP8OsoSdicbHFtn9+LDYupv3yfcUG0qu58xUTVx5YxxDWFi+lb62q+KwEdDbFCHqBL3AT18PC2O5uIkdVQkht7hq8L8LnXi9fpbicL3awUOE2g07GKcG5I8Ef+ELVGZ7lTnBc5tqzy692lsPiZ+J6wl1lWq49+0uxADJ8RAg==&u=U2FsdGVkX1+Srs9I9g3Iw2A8spg3+CRSCFNAcfZXZm4=&y=U2FsdGVkX1/1xklLZ9uXSzFyODZsKpTORZ54vzlhTYw= HTTP/1.1" 200 26
186.102.57.148 - - [03/Jul/2024:09:46:25 -0500] "GET /kwssiamovil/sm/acme/a?s=U2FsdGVkX19iRAIGUqRCPC+kT7QcFoww9xZvjq+w5pcLMzBgQ1FO0Dcf3rLda0ANqV3ujItp9I9DU9IBwOK35ueF4g3BifUAWb5iriKXr2qsxWsqoysSaYKQLBUGYbzSxjcXoyL1QFwsIpbjQE1BYxg1+1akUfT34Gg98oOV8Fqu5X6yuEosnIo23QRjEoD4&u=U2FsdGVkX1+Srs9I9g3Iw2A8spg3+CRSCFNAcfZXZm4=&y=U2FsdGVkX1/1xklLZ9uXSzFyODZsKpTORZ54vzlhTYw= HTTP/1.1" 200 26
