181.61.4.6 - - [03/Jul/2024:09:20:14 -0500] "GET /kwssiamovil/sm/des/acme/s?s=U2FsdGVkX19KsJqVlQTZ6yq41EwMHUk/1fJeXgiSTFYLv/xboLfepxY0Yvkqp16VGVP+KKr0q7LGWyWhjjlKJBIDzEiNEzbh/FsRcyh87IN66yZV0a3m5my+Wbtb5UtcXzWYBJdJppyKME+2yYT6zmdLmv/dWAzCnkgsmtK8xghQINdx80dQoLHto91Tp2PXf/KM+n4IB1sdEX3xJsoN3rPchqZxLNN7+1bMEa1v0Z9Ed8GeH3ACyYNUZlI4Z0vngwl23CQgA1yW7cOp3fGdSJ0n3ugP9No0bz+9UCM96C6pUCGvbGehmwdkmFz78zCLXEAAlMXEIosZTH/Zq9+cAAEaPlAgeo4JwiP0xIoiiQdKgAtl65CsfiCV5mb8o4oH7G3h5uzh9/7tEx91dlHH0Q0KdpKxD5/lqmCS5xzWM+TaSUAjv7j/wR7PFvsgud2m00EQfZI2xllwI5po/9KAB4He4HMnysEVoX650A7g4MbZLG9LkO6m29loHdgvDS+JvELxTIduiCTwokJMZKqXmvGT0hj+nGvWyGf/WBd+L7VOiHSyKpN0/jVEB6i8hBi413l0J9ohxE+2HIJOwsLyggxM8KQ5/iloQN2uUe4glnhHmyCksz1AbcxVf4EiLJAe1fa2dJAiPaazvV2tKjNY/JlBQhYmrkx2ifVp+S0RwgAz37MQ+Vowne8FNYub8hW6jRgfJcEMaWeIj/li4Vv2pEsfiEdwEB3JDbYWCv3070wGBnSTUBEzEhssabAgKcAvd8ogEhbYR/3rF7eXD1Ws6W2h3NH6aWLcRhgyfCgWRX7CCIJo3VhAzkknIZFrWTAG8TEZUW3fd/JNRLT0I0F3Bgm1IjDReMU5A8mWiNzguivA9/y7Z3pb6JPUdK336+5J44tDoTjjboKvK8N8Bwl9yQRIiiX5xuHe3VSDR3LDTQtQDxNQT1Phh+mtgyzeIae736/hOcIuaNS32kWp4Svqnxtzq7KSSeqj3WEACTEd2gM9sgVirqas+/NoxLRJK3XK6yNezF7qe/0y5BuAcec6Y/01xdAfCRURrn0a4w3WkJ+LhRrl4lXsN8hyz9irpbiPYpxZgCSNsi2o5EpPnaxVw8H45IkqWEOLI/cPX3FXwyaG2+ZXdIfPwqqbocXdyHdfF6kha43qssvMpFkhBCh1NS2JJ5jdQOUfUndDpu1NfbU6dGWo6ozaGbMRTrfFFzDUX0IrXS5FxggIirPKHzZl3z4HrwaUOMXWfQBz54OzLYVDDVy+niWBCXdtEekHIVfBKI4if6wrvCgYi/+Fw7F5ANaA+OCqdMa7bOx4SmoyL7yQZ0g7rnm3keqy+a9tGTBCZXzE6/Ivhop8Ivvxat9dgbbfIpCKBEBLNs4F2+vc2nT2W+PBr8qYcSOfhbSFK0Vuglxr1ndjswZ1UDXplngTKfUTzo8npFTk1BUTofHYSrXLqhsqTDBsOCouQYa6iIWxD+CRmd8ck14HgniMPd224aESgaSYPlfhf9GTd9LAQ9y7Ds//Ngonke3t2Xc3gpQ86txgbhedt5reCTZLHAcVCxnk9riGHboAf/ZPUAdv6aHCp5mhy9LnvFfijMWUnYtxfmX4N3UhTLw/5f85jS/sZoUUReYuTe7pMZmh8nLK+r/vQXVCe33qUO3xKPR3v9ju1K5X2ObSZLngcw8bNZsRXJUC8UTIJYsqYCg+G38JxMe2PzmyKaR+j/zI0iyLzw6f6/uAf07LYg7XCKmvUW6Rzu5f5ZWZU7ZKkFxmBivv0qE=&u=U2FsdGVkX1/jSqJUc5pZYAwoF48Tmu+YrrTTyEgahs8=&y=U2FsdGVkX19D/d6WgHgfBFdXtEpdIDl/V7562XgIjv41/4ZTP0TFHZZTNG45dzZK HTTP/1.1" 200 2914
181.61.4.6 - - [03/Jul/2024:09:20:14 -0500] "GET /kwssiamovil/sm/des/acme/s?s=U2FsdGVkX18SC3a2zSJzU/rqnhRdqxFboNMq9TOXAiQ5ZkxxsEzzXPcZIT4opYD5KAsEaXqnVjtns2mx055eEhjFXPStbFiTqWBpeNZsc+Slt29jL9dHI2kdoX6iUTrK9fvomU+xXhTo61gKBEOugg==&u=U2FsdGVkX19NrqmlvRFSo/K1CZDPYR+hJ65NqmdTVGE=&y=U2FsdGVkX180zxGFmFzS6euBIa4uavLL1EamawCChxP7hKmiwhBoRzLChan8F1XQ HTTP/1.1" 200 92
201.245.192.253 - - [03/Jul/2024:09:20:16 -0500] "POST /sipse/faces/presentacion/financiero/solicitudProceso/listarSolicitudProceso.xhtml HTTP/1.1" 200 38951
201.245.192.253 - - [03/Jul/2024:09:20:17 -0500] "GET /sipse/faces/javax.faces.resource/primefaces.css?ln=primefaces&v=4.0 HTTP/1.1" 304 -
201.245.192.253 - - [03/Jul/2024:09:20:17 -0500] "GET /sipse/faces/javax.faces.resource/layout/layout.css?ln=primefaces&v=4.0 HTTP/1.1" 304 -
201.245.192.253 - - [03/Jul/2024:09:20:17 -0500] "GET /sipse/faces/javax.faces.resource/theme.css?ln=primefaces-sipse HTTP/1.1" 304 -
201.245.192.253 - - [03/Jul/2024:09:20:17 -0500] "GET /sipse/faces/javax.faces.resource/jquery/jquery.js?ln=primefaces&v=4.0 HTTP/1.1" 304 -
201.245.192.253 - - [03/Jul/2024:09:20:17 -0500] "GET /sipse/faces/javax.faces.resource/jquery/jquery-plugins.js?ln=primefaces&v=4.0 HTTP/1.1" 304 -
201.245.192.253 - - [03/Jul/2024:09:20:17 -0500] "GET /sipse/faces/javax.faces.resource/primefaces.js?ln=primefaces&v=4.0 HTTP/1.1" 304 -
201.245.192.253 - - [03/Jul/2024:09:20:17 -0500] "GET /sipse/faces/javax.faces.resource/layout/layout.js?ln=primefaces&v=4.0 HTTP/1.1" 304 -
201.245.192.253 - - [03/Jul/2024:09:20:17 -0500] "POST /sipse/faces/presentacion/financiero/solicitudProceso/consultar.xhtml HTTP/1.1" 200 32361
181.61.4.6 - - [03/Jul/2024:09:20:15 -0500] "GET /kwssiamovil/sm/des/acme/s?s=U2FsdGVkX18Aiu7pWNFhPf8vlObZH8nJqS4z2oCYyj/Ex3byhQZK9+DL2VXmPajF51K9qVMWfCpstmuSzTuegDOXCowdbkezfy7smavf6dZPcXMlXMvH/W2j/YKVeJuVy08CC4+lGq+I1J+xaEgCrgl/pD4g+6fRPDHa+ZQvZxCgXZKPHynU/0U3IF3YTGvFHGDBKEp2VHFf6i71+WwNmRqEVdAg9mqPashO3Vy5DQlDnZPzRiMVxuOu6QfjzVV/sOVqDOvVBBaUQ71YsxCAQmfnOWzE4jHAsWk2fzu71W0F2442V0CkxNXB1deJASAyIk9CK0CSvDfVWV28S3w1kQ1auIANN6/cEZ9/9j2mDngMv3H2dI8BznwcCRoj/2P78Lx7hTM+qrbMXwseBKjflqicz6gueFU8vkx9ksD0lgy0P2fEUtTVe+Wqml9wEt0rqAxfMhVwFLSzNSuk++HAlf8nQwyQ9BgWZ0nNrIk7AJRUNDoSMblKVtycQw+21ZKIHV+DRwtUQSyvFUftwPb0+MtOkqLFcWHdymKW2b4Vm0ldqixm+igi4RNTZC4ZzLu0N0zF5YxDGngqBjdhxEM0AWkRj3q46uM7V48c4+c653yKG7c297xPYjS1wPI92ZrhwX1qvprMji+K8fbbjQJEP4J+qy0iyBPNqIILb7wCLKFOEW3/LdWU1kZ37se8wKByDcFJFLJ6neCTfDbNUg28zdF9ziaJ10Frz17qEZu5HcZJmByPAaAwAuotT/RcyXtY&u=U2FsdGVkX19NrqmlvRFSo/K1CZDPYR+hJ65NqmdTVGE=&y=U2FsdGVkX180zxGFmFzS6euBIa4uavLL1EamawCChxP7hKmiwhBoRzLChan8F1XQ HTTP/1.1" 200 661
181.61.4.6 - - [03/Jul/2024:09:20:15 -0500] "GET /kwssiamovil/sm/des/acme/s?s=U2FsdGVkX19ypXBgythBuMwFn1mw0jn8VQ/qiohYOER8/VijB3hLi6PCzL7Gcw4g282wT2zuoT6jkxt2byLTA0K9BEGba7YIkgorde9jA9H1AkB4p0+x6NY8NarVdFgy07dq2EmodAdfDbnlxfhsZA==&u=U2FsdGVkX1/jSqJUc5pZYAwoF48Tmu+YrrTTyEgahs8=&y=U2FsdGVkX19D/d6WgHgfBFdXtEpdIDl/V7562XgIjv41/4ZTP0TFHZZTNG45dzZK HTTP/1.1" 200 92
201.245.192.253 - - [03/Jul/2024:09:20:19 -0500] "POST /sipse/faces/presentacion/financiero/solicitudProceso/consultar.xhtml HTTP/1.1" 200 12786
181.61.4.6 - - [03/Jul/2024:09:20:18 -0500] "GET /kwssiamovil/sm/des/acme/s?s=U2FsdGVkX18tN5jz8DJjRIyceQNp+RBUIZihQWwUdiv/CvU8NyoaVyC18d+zAnB67sUpjBhZAXgd5zwsJdpBJ8gfZRkuWy+RqpWJ9mrpuLCXrbNLB0MKtzSx3yw962eow3jH+3zNYNH5GmEASHPxBOcaSthnC3QyGX6rH0TUwxUygV5fX5Ln/lSVuvJdn0qH9HoL2Mxx/CNln32YEP7hU7/i5ryM2QLohaOu7g0MWe2mF6LDhPC8xJbmlZFnlAKQcRJq7oar0MVTXl8El/5+to2+se2U1pP1HbZuMH6QDSZvocDyEFnA9qPsK6lpkFgQKS9DqJtCe2m2jKhJ8NF72iFYG6Zr5LqC3k4RHnSzZwKARB4AzVYYe0wCusHSOwTLCAn8lweZUkkP6P877j/xJ0J9pF1Y1vUKLnJr6aVDUqsI7pHHwJpPqc1awWfQfvNo7P5oh3NZCA/kZewm+RlrUq9BFBaZ5eOt7j35C/UXKc67xtRbWlfWW11IjWB0YX3kGMtnAAt7nBx7ZZ0pfzWmEfv/i1hal43ot7sJGtBIpD3I2HayVWbp6MNl8wAVokw/JpTLZILUARozqp7nvyutPdg4aHv3nUlYGr+OSdckLxQ3KHuJXJT1JEYUPNLD5qgRoUIbFP4DgpEKHFy7C/zatGe0xil9ZIpSb1vOE8+x/nLhKkP0Z4/QFmaMPZGyGhVMlEGmtdfGG2MwdYIlOdJLbTC+SDsMJh5P7HhGQp6un8bd2ynfXVINWciUdk5qHJDx&u=U2FsdGVkX1/jSqJUc5pZYAwoF48Tmu+YrrTTyEgahs8=&y=U2FsdGVkX19D/d6WgHgfBFdXtEpdIDl/V7562XgIjv41/4ZTP0TFHZZTNG45dzZK HTTP/1.1" 200 661
201.245.192.253 - - [03/Jul/2024:09:20:21 -0500] "POST /sipse/faces/presentacion/financiero/solicitudProceso/consultar.xhtml HTTP/1.1" 200 157624
201.245.192.253 - - [03/Jul/2024:09:20:23 -0500] "GET /sipse/faces/javax.faces.resource/theme.css?ln=primefaces-sipse HTTP/1.1" 304 -
201.245.192.253 - - [03/Jul/2024:09:20:23 -0500] "GET /sipse/faces/javax.faces.resource/primefaces.css?ln=primefaces&v=4.0 HTTP/1.1" 304 -
201.245.192.253 - - [03/Jul/2024:09:20:23 -0500] "GET /sipse/faces/javax.faces.resource/layout/layout.css?ln=primefaces&v=4.0 HTTP/1.1" 304 -
201.245.192.253 - - [03/Jul/2024:09:20:23 -0500] "GET /sipse/faces/javax.faces.resource/jquery/jquery.js?ln=primefaces&v=4.0 HTTP/1.1" 304 -
201.245.192.253 - - [03/Jul/2024:09:20:23 -0500] "GET /sipse/faces/javax.faces.resource/jquery/jquery-plugins.js?ln=primefaces&v=4.0 HTTP/1.1" 304 -
201.245.192.253 - - [03/Jul/2024:09:20:23 -0500] "GET /sipse/faces/javax.faces.resource/primefaces.js?ln=primefaces&v=4.0 HTTP/1.1" 304 -
201.245.192.253 - - [03/Jul/2024:09:20:23 -0500] "GET /sipse/faces/javax.faces.resource/layout/layout.js?ln=primefaces&v=4.0 HTTP/1.1" 304 -
181.61.4.6 - - [03/Jul/2024:09:20:18 -0500] "GET /kwssiamovil/sm/des/cjson/pre?f=9&x=U2FsdGVkX19J1XT4/SPrfAKWgHJa6Si+nxjkMPXrZ5pmArg3/L82gt5WoZcyyWMx HTTP/1.1" 200 23812
181.61.4.6 - - [03/Jul/2024:09:20:18 -0500] "GET /kwssiamovil/sm/des/cjson/pre?f=1&x=U2FsdGVkX19J1XT4/SPrfAKWgHJa6Si+nxjkMPXrZ5pmArg3/L82gt5WoZcyyWMx HTTP/1.1" 200 30244
181.61.4.6 - - [03/Jul/2024:09:20:23 -0500] "GET /kwssiamovil/sm/des/cjson/pre?f=1&x=U2FsdGVkX18hfuA24PRucQMwDFLClVsi8iumoW689/Hao1c4EA2R38xq5Jp10c41 HTTP/1.1" 200 30244
181.61.4.6 - - [03/Jul/2024:09:20:18 -0500] "GET /kwssiamovil/sm/des/cjson/pre?f=2&x=U2FsdGVkX19J1XT4/SPrfAKWgHJa6Si+nxjkMPXrZ5pmArg3/L82gt5WoZcyyWMx HTTP/1.1" 200 43042
181.61.4.6 - - [03/Jul/2024:09:20:23 -0500] "GET /kwssiamovil/sm/des/cjson/pre?f=2&x=U2FsdGVkX18hfuA24PRucQMwDFLClVsi8iumoW689/Hao1c4EA2R38xq5Jp10c41 HTTP/1.1" 200 43042
181.61.4.6 - - [03/Jul/2024:09:20:18 -0500] "GET /kwssiamovil/sm/des/cjson/pre?f=19&x=U2FsdGVkX19J1XT4/SPrfAKWgHJa6Si+nxjkMPXrZ5pmArg3/L82gt5WoZcyyWMx HTTP/1.1" 200 66668
201.245.192.253 - - [03/Jul/2024:09:20:29 -0500] "POST /sipse/faces/presentacion/financiero/solicitudProceso/consultarSolicitudProceso.xhtml HTTP/1.1" 200 108448
181.61.4.6 - - [03/Jul/2024:09:20:25 -0500] "GET /kwssiamovil/sm/des/cjson/pre?f=9&x=U2FsdGVkX18hfuA24PRucQMwDFLClVsi8iumoW689/Hao1c4EA2R38xq5Jp10c41 HTTP/1.1" 200 23812
181.61.4.6 - - [03/Jul/2024:09:20:26 -0500] "GET /kwssiamovil/sm/des/cjson/pre?f=19&x=U2FsdGVkX18hfuA24PRucQMwDFLClVsi8iumoW689/Hao1c4EA2R38xq5Jp10c41 HTTP/1.1" 200 66668
201.245.192.253 - - [03/Jul/2024:09:20:35 -0500] "GET /kwsrmcab/Wsrmcab?wsdl HTTP/1.1" 200 6948
186.155.18.159 - - [03/Jul/2024:09:20:56 -0500] "GET /BLA/resoluciones/index.php?dir=AUTOS+2009%2F HTTP/1.1" 200 400854
186.155.18.159 - - [03/Jul/2024:09:21:03 -0500] "GET /BLA/resoluciones/AUTOS%202009/0607.pdf HTTP/1.1" 200 127047
201.245.192.253 - - [03/Jul/2024:09:21:35 -0500] "GET /kwsrmcab/Wsrmcab?wsdl HTTP/1.1" 200 6948
66.249.77.165 - - [03/Jul/2024:09:21:35 -0500] "GET /BLA/resoluciones/RESOLUCIONES%202008/2514.pdf HTTP/1.1" 200 251855
186.155.18.159 - - [03/Jul/2024:09:21:51 -0500] "GET /BLA/resoluciones/index.php?dir=RESOLUCIONES+2009%2F HTTP/1.1" 200 1694101
186.155.18.159 - - [03/Jul/2024:09:21:56 -0500] "GET /BLA/resoluciones/RESOLUCIONES%202009/0620.pdf HTTP/1.1" 200 295103
199.16.157.181 - - [03/Jul/2024:09:22:01 -0500] "GET /images/cr%C3%B3nica-29-nov-1_optimized.jpeg HTTP/1.1" 404 1034
201.245.192.253 - - [03/Jul/2024:09:22:10 -0500] "POST /forms/lservlet;jsessionid=ac16012b30d6716d42d0eef24d9cbe79d3fe11a80187.e3iSbxaKaheRe34OahmPbx4Oa3z0n6jAmljGr5XDqQLvpAe HTTP/1.1" 200 2
201.245.192.253 - - [03/Jul/2024:09:22:35 -0500] "GET /kwsrmcab/Wsrmcab?wsdl HTTP/1.1" 200 6948
186.155.18.159 - - [03/Jul/2024:09:22:41 -0500] "GET /BLA/resoluciones/RESOLUCIONES%202009/3865.pdf HTTP/1.1" 200 1141662
172.22.2.4 - - [03/Jul/2024:09:21:13 -0500] "HEAD /BLA/boletinlegal/ HTTP/1.1" 200 -
201.245.192.253 - - [03/Jul/2024:09:22:55 -0500] "POST /kwsrmcab/Wsrmcab  HTTP/1.1" 200 38894
207.46.13.6 - - [03/Jul/2024:09:23:14 -0500] "GET /BLA/resoluciones/RESOLUCIONES%202020/1717.pdf HTTP/1.1" 200 5084516
201.245.192.253 - - [03/Jul/2024:09:23:35 -0500] "GET /kwsrmcab/Wsrmcab?wsdl HTTP/1.1" 200 6948
66.249.77.166 - - [03/Jul/2024:09:23:35 -0500] "GET /BLA/resoluciones/RESOLUCIONES%202009/8105.pdf HTTP/1.1" 200 487103
201.245.192.253 - - [03/Jul/2024:09:23:38 -0500] "POST /sipse/faces/presentacion/financiero/solicitudProceso/consultarSolicitudProceso.xhtml HTTP/1.1" 200 41962
201.245.192.253 - - [03/Jul/2024:09:23:38 -0500] "GET /sipse/faces/javax.faces.resource/theme.css?ln=primefaces-sipse HTTP/1.1" 304 -
201.245.192.253 - - [03/Jul/2024:09:23:38 -0500] "GET /sipse/faces/javax.faces.resource/primefaces.css?ln=primefaces&v=4.0 HTTP/1.1" 304 -
201.245.192.253 - - [03/Jul/2024:09:23:38 -0500] "GET /sipse/faces/javax.faces.resource/layout/layout.css?ln=primefaces&v=4.0 HTTP/1.1" 304 -
201.245.192.253 - - [03/Jul/2024:09:23:38 -0500] "GET /sipse/faces/javax.faces.resource/jquery/jquery.js?ln=primefaces&v=4.0 HTTP/1.1" 304 -
201.245.192.253 - - [03/Jul/2024:09:23:38 -0500] "GET /sipse/faces/javax.faces.resource/jquery/jquery-plugins.js?ln=primefaces&v=4.0 HTTP/1.1" 304 -
201.245.192.253 - - [03/Jul/2024:09:23:38 -0500] "GET /sipse/css/imagen/contrasena.png HTTP/1.1" 404 383
201.245.192.253 - - [03/Jul/2024:09:23:38 -0500] "GET /sipse/faces/javax.faces.resource/primefaces.js?ln=primefaces&v=4.0 HTTP/1.1" 304 -
201.245.192.253 - - [03/Jul/2024:09:23:38 -0500] "GET /sipse/faces/javax.faces.resource/layout/layout.js?ln=primefaces&v=4.0 HTTP/1.1" 304 -
201.245.192.253 - - [03/Jul/2024:09:23:38 -0500] "POST /sipse/faces/presentacion/financiero/solicitudProceso/consultar.xhtml HTTP/1.1" 200 35372
201.245.192.253 - - [03/Jul/2024:09:23:39 -0500] "POST /sipse/faces/presentacion/financiero/solicitudProceso/consultar.xhtml HTTP/1.1" 200 35372
201.245.192.253 - - [03/Jul/2024:09:23:39 -0500] "POST /sipse/faces/presentacion/financiero/solicitudProceso/consultar.xhtml HTTP/1.1" 200 35372
201.245.192.253 - - [03/Jul/2024:09:23:41 -0500] "POST /sipse/faces/presentacion/financiero/solicitudProceso/consultar.xhtml HTTP/1.1" 200 12877
172.22.2.4 - - [03/Jul/2024:09:22:04 -0500] "GET /BLA/boletinlegal/ HTTP/1.1" 200 58273
201.245.192.253 - - [03/Jul/2024:09:23:43 -0500] "POST /sipse/faces/presentacion/financiero/solicitudProceso/consultar.xhtml HTTP/1.1" 200 150442
201.245.192.253 - - [03/Jul/2024:09:23:45 -0500] "GET /sipse/faces/javax.faces.resource/theme.css?ln=primefaces-sipse HTTP/1.1" 304 -
201.245.192.253 - - [03/Jul/2024:09:23:45 -0500] "GET /sipse/faces/javax.faces.resource/primefaces.css?ln=primefaces&v=4.0 HTTP/1.1" 304 -
201.245.192.253 - - [03/Jul/2024:09:23:45 -0500] "GET /sipse/faces/javax.faces.resource/layout/layout.css?ln=primefaces&v=4.0 HTTP/1.1" 304 -
201.245.192.253 - - [03/Jul/2024:09:23:45 -0500] "GET /sipse/faces/javax.faces.resource/jquery/jquery.js?ln=primefaces&v=4.0 HTTP/1.1" 304 -
201.245.192.253 - - [03/Jul/2024:09:23:45 -0500] "GET /sipse/faces/javax.faces.resource/jquery/jquery-plugins.js?ln=primefaces&v=4.0 HTTP/1.1" 304 -
201.245.192.253 - - [03/Jul/2024:09:23:45 -0500] "GET /sipse/faces/javax.faces.resource/primefaces.js?ln=primefaces&v=4.0 HTTP/1.1" 304 -
201.245.192.253 - - [03/Jul/2024:09:23:45 -0500] "GET /sipse/faces/javax.faces.resource/layout/layout.js?ln=primefaces&v=4.0 HTTP/1.1" 304 -
201.245.192.253 - - [03/Jul/2024:09:23:49 -0500] "POST /sipse/faces/presentacion/financiero/solicitudProceso/consultarSolicitudProceso.xhtml HTTP/1.1" 200 342188
201.245.192.253 - - [03/Jul/2024:09:23:54 -0500] "POST /sipse/faces/presentacion/financiero/solicitudProceso/consultarSolicitudProceso.xhtml HTTP/1.1" 200 342188
201.245.192.253 - - [03/Jul/2024:09:24:10 -0500] "POST /forms/lservlet;jsessionid=ac16012b30d6716d42d0eef24d9cbe79d3fe11a80187.e3iSbxaKaheRe34OahmPbx4Oa3z0n6jAmljGr5XDqQLvpAe HTTP/1.1" 200 2
216.245.221.92 - - [03/Jul/2024:09:24:27 -0500] "HEAD / HTTP/1.1" 200 -
201.245.192.253 - - [03/Jul/2024:09:24:35 -0500] "GET /kwsrmcab/Wsrmcab?wsdl HTTP/1.1" 200 6948
181.53.13.219 - - [03/Jul/2024:09:24:41 -0500] "GET /appsia/controlador HTTP/1.1" 200 4799
181.53.13.219 - - [03/Jul/2024:09:25:06 -0500] "POST /appsia/controlador HTTP/1.1" 200 5437
66.249.77.165 - - [03/Jul/2024:09:25:13 -0500] "GET /BLA/resoluciones/RESOLUCIONES%202002/RES%202002%201301-1350/20021312.tif HTTP/1.1" 200 61748
172.22.2.4 - - [03/Jul/2024:09:25:14 -0500] "GET /BLA/boletinlegal/.git/config HTTP/1.1" 404 1018
181.53.13.219 - - [03/Jul/2024:09:25:16 -0500] "POST /appsia/controlador HTTP/1.1" 200 7727
181.53.13.219 - - [03/Jul/2024:09:25:16 -0500] "GET /appsia/images/logo_escudo.png HTTP/1.1" 200 36965
186.102.90.51 - - [03/Jul/2024:09:25:20 -0500] "GET /kwssiamovil/sm/ldap/au?x=U2FsdGVkX19f5I/5MeAEbhBzKx02ZrwLlUz5y2J8FaFGQUoMtHA7oRfXIZ+gjx+tfIMq/aKHT5I3VkR7mL+flA==&y=U2FsdGVkX1/jrWONnfiJqgDVIdjY3v0ZTPqWzzaJZBBl3cx6RNcn9LgqPFbWADNa HTTP/1.1" 200 30
186.102.90.51 - - [03/Jul/2024:09:25:20 -0500] "GET /kwssiamovil/sm/acme/s?s=U2FsdGVkX1/YorhIUjTO7OMhu4A7fh5UPC0/pnGzArbVJLx6oNOtAyIDg7dtESiP8+ztdbdjk3mwEe7/nuWe4NPOPeOB36oAjSv0vM5PT0c=&u=U2FsdGVkX1+cTx72R0NvX9R3N8aFp7JpzeBggSlBOLHHkNtNcw6b7cHSFWHpraXY&y=U2FsdGVkX1/jrWONnfiJqgDVIdjY3v0ZTPqWzzaJZBBl3cx6RNcn9LgqPFbWADNa HTTP/1.1" 200 97
186.102.90.51 - - [03/Jul/2024:09:25:20 -0500] "GET /kwssiamovil/sm/acme/s?s=U2FsdGVkX1+gWeGd5i2RofS1iQ7rEoQ9Ssu7K9YdtGZgiJUb5pO1RpPb+34K73EVnGYggnk3EQzehZPIMrXcI3yEMm7tBYMVv29/NwMoUVGLtRDXBnTRATH8qWPWoBSeqThEesqhH0t9fsCshSMlR5+b9eTyKo0zXKwKfmkzk90BxW+64gRmDgm67WpTGBZEm/g3Hzfor/8NrhBrIVo69xUoSqJDkbtjpCXPm7upX49ERIc/ukT0XPFYy6SL46rnMbTTj9gWIwu9PMdAU9Xetody+qoumtcGE9FKz+t657L4fgSiooFmzn64Sqtq9xEvVtwQ12rJYZrthwPJgpUwrC747aAzaUocT1uEZjbpPZKt0O233gzGh7046Wfqgu9pZVwXqBJaPFYFrj2/NPQOV0P6NHchzDVNTNpXvxPQXDdfXDWMEW7edwgQnBWtX4YvztHqSVBgLCnGPaTZXsJSY8H6Pf6eEiNLhqUD0FOfYwF0dXwWNBEasnkx+dvJK0RXYYRXeq1royF5WGgWUyYMhkmbHjzYHIoF+DBlmFWtQn8nSXR+GOh8E6Bo5Fv7UDLN1iniXFfRYpQwfKeFnPO13zIeKypuztDxL8p7DqieDBxS33/pk5mCAyOcYr2P7fOd6sza64M6UQXpBaoLbtwV+JlyBJbl503dFk9Tesea6E62dbsfELXdJJWW3BMBA22O+1B96AZd0VaUixdC7JnRnVvaJ7HrfM9DC2EjaN6FgQphzoY9hYitqLhtSZMC+qgY0xS95Azb7fG5/Hd+sdTSb6PZUGpEYCEG1gJd+b2pFJE+JiC5DlVMnEXPUlMmjqhyYDHJcVT6PlhpnBW69dMZLN0QNdo+2r4M+bVmDqm1uR3TFM6+1YB41NglNcLD1H4eQTSSiFyXNvWytNjPhmolQaS7yKkKJrBhuDyAy99XrQfCDvSVyXCXkrIPwt9MuerAo3PDBdVXOuAALjNziT46urIt/kLgCLy6YZUlo8p0srEdCPm2auudUrra+AFVdS597dYgKPRWu9LQdEWLMGiF2xU2E9FwmddH6BzyCWIkJaqsE6CAgl1BhoVWUlp8dKvpsTd3oZIdjUestgnGF+zk4E1jPi9zfoq6m5fICNK+JnbgYZbf+iSDfW9kLzsTT77iGnOD2a9H2wlm7pYYUJh6Zm1qUxxpfpmCRtk1/EYpSCITgTnZw2Og/3J9Ri75J6Ke2QFOmIQyz137YGzGvqI1xnynUS1EuZuHYjoBxlbLV9QeRLfcWTyfXdygj5bKaKdRk+puHjSaTig0EZ14jWof61GQigh8gqd8I0vv9mpacvYLgFFjYfUHQNDGLtc3pClCPExIlo0DK5FF3nE8Dh5MOLzUM/vE01SbG7SNSWHKlM4fvF07FYxZ7/FoeQskWPDmTBWNsZSBDQBB3trKHAR24tg+t6yFE0NilTqP1eVcHZbI16sYFqP30KdB6Zl7x4JxJkAy0V6kXwgY32LkfGDWQ7RQHf0K5bD+JWnnJ2NpCV19oSDJg5j14bJmHWdmdysMYl3YyK93xG4gNkRp8Q6WdEVOoJxeAVoEgrGmBofIj1KDFmdIuAQIuYaopX7CmeGlxgScL6KfjWGuJi8j/C14NQC6JMKYteEj9NQfivuxiKpxxVi29+ghbMEHj7H5T2nudFbhVPH01cF60cf5oIKIRX+xurzFgSYH6LMWtceLdcu4s5W1p0W9ZvaSunFnNujWjKvUuq1Vez9yAWd0JlUcs9D67i7LmQWX/pYV3F9jVB9QcvldYNt2Z4l9zB5yJlHj&u=U2FsdGVkX1+cTx72R0NvX9R3N8aFp7JpzeBggSlBOLHHkNtNcw6b7cHSFWHpraXY&y=U2FsdGVkX1/jrWONnfiJqgDVIdjY3v0ZTPqWzzaJZBBl3cx6RNcn9LgqPFbWADNa HTTP/1.1" 200 2187
186.102.90.51 - - [03/Jul/2024:09:25:20 -0500] "GET /kwssiamovil/sm/acme/s?s=U2FsdGVkX1819xmjcaBsMvHEtA/2tIYIpl0q6UFxM4RafDRgj5Qb3Ijx8CQOnro90OCHxXjrhqPCJae2bioIGwzhd7wjHQGi7wbU1igfShPEwBp23jT8F0oWURAKXLMWtEVk/+KLD9mN7GOocRLUVVMDSco3mP9hX0vLkb6JNxB+iK8E9/hyubgGSx6oq+BF00zAg32zyORpptirry11Fd3YA6pPOmSU7o7Hy0KJZDSnWpxjUkjWiZK/3195GyQp8la9hzkrJXEOABG28uHR1SEptoCKQ2BEv8Z65TZlQAFtXL3/62L4RFyF6SNJmIj7gijfZP8cWLRkpsg64sR8s3b2gZehoq/MLAEMove+AumoKeIabCNbDEq53PgJTNwuXdiJGRict0OutdXp4JoEGK0JXdedQMYklrGhDRvBwei2D9xkSTo1WIH5wrk2ZzHKlddVKhoW5IlFPsuMHTCn02F/mggX7/tPWFKBC4pU9ku8ZsWVvL2XPHl3uq2lCO0Zo18gPEMlVVBpDi9CfVOE1tUkpSwMBJi7keAkoGHAYE0BdMNKPqrZU89qhrJKBibCDNup9AjijkgDkQguUVzEYQCtUE16zN52SITUhNolAKRIF9zqPGFd5Z91XFQXqtalGt1wF5Pcae6BG094dREXqZh8B2eNcHJCQt6wdlo26SgkCX2RFyWBeSJ4gybW7SnTTtDe7etlNcjd4GPbomeW2MVreMcNZzT0hEYEPhDgEhAeIjdVaEQ2/eGnBjgBMuLG3Rdx+8juQikM1U6fgb4xiA==&u=U2FsdGVkX1+cTx72R0NvX9R3N8aFp7JpzeBggSlBOLHHkNtNcw6b7cHSFWHpraXY&y=U2FsdGVkX1/jrWONnfiJqgDVIdjY3v0ZTPqWzzaJZBBl3cx6RNcn9LgqPFbWADNa HTTP/1.1" 200 222
186.102.90.51 - - [03/Jul/2024:09:25:20 -0500] "GET /kwssiamovil/sm/cjson/pre?f=19&x=U2FsdGVkX19f5I/5MeAEbhBzKx02ZrwLlUz5y2J8FaFGQUoMtHA7oRfXIZ+gjx+tfIMq/aKHT5I3VkR7mL+flA== HTTP/1.1" 200 66671
181.53.13.219 - - [03/Jul/2024:09:25:23 -0500] "POST /appsia/controlador HTTP/1.1" 200 5437
181.53.13.219 - - [03/Jul/2024:09:25:27 -0500] "POST /appsia/controlador HTTP/1.1" 200 7727
201.245.192.253 - - [03/Jul/2024:09:25:35 -0500] "GET /kwsrmcab/Wsrmcab?wsdl HTTP/1.1" 200 6948
66.249.77.165 - - [03/Jul/2024:09:25:43 -0500] "GET /BLA/resoluciones/RESOLUCIONES%202009/6916.pdf HTTP/1.1" 200 149098
201.245.192.253 - - [03/Jul/2024:09:26:10 -0500] "POST /forms/lservlet;jsessionid=ac16012b30d6716d42d0eef24d9cbe79d3fe11a80187.e3iSbxaKaheRe34OahmPbx4Oa3z0n6jAmljGr5XDqQLvpAe HTTP/1.1" 200 2
201.245.192.253 - - [03/Jul/2024:09:26:35 -0500] "GET /kwsrmcab/Wsrmcab?wsdl HTTP/1.1" 200 6948
201.245.192.253 - - [03/Jul/2024:09:26:50 -0500] "POST /kwsrmcab/Wsrmcab HTTP/1.1" 200 39038
201.245.192.253 - - [03/Jul/2024:09:26:54 -0500] "POST /kwsrmcab/Wsrmcab HTTP/1.1" 200 31437
201.245.192.253 - - [03/Jul/2024:09:27:35 -0500] "GET /kwsrmcab/Wsrmcab?wsdl HTTP/1.1" 200 6948
201.245.192.253 - - [03/Jul/2024:09:27:54 -0500] "POST /kwsrmcab/Wsrmcab  HTTP/1.1" 200 38894
186.155.18.159 - - [03/Jul/2024:09:27:59 -0500] "GET /BLA/resoluciones/index.php?dir=AUTOS+2012%2F HTTP/1.1" 200 277299
186.155.18.159 - - [03/Jul/2024:09:28:04 -0500] "GET /BLA/resoluciones/AUTOS%202012/1700.pdf HTTP/1.1" 200 843199
201.245.192.253 - - [03/Jul/2024:09:28:10 -0500] "POST /forms/lservlet;jsessionid=ac16012b30d6716d42d0eef24d9cbe79d3fe11a80187.e3iSbxaKaheRe34OahmPbx4Oa3z0n6jAmljGr5XDqQLvpAe HTTP/1.1" 200 2
190.90.147.98 - - [03/Jul/2024:09:28:20 -0500] "GET /BLA/resoluciones/index.php?dir=AUTOS+2014%2F HTTP/1.1" 200 892005
201.245.192.253 - - [03/Jul/2024:09:28:35 -0500] "GET /kwsrmcab/Wsrmcab?wsdl HTTP/1.1" 200 6948
186.155.18.159 - - [03/Jul/2024:09:28:36 -0500] "GET /BLA/resoluciones/index.php?dir=RESOLUCIONES+2010%2F HTTP/1.1" 200 1307967
212.102.60.164 - - [03/Jul/2024:09:28:37 -0500] "GET /BLA/boletinlegal/norma_menu.php HTTP/1.1" 200 6382
212.102.60.164 - - [03/Jul/2024:09:28:37 -0500] "GET /BLA/boletinlegal/styles2.css HTTP/1.1" 200 1838
212.102.60.164 - - [03/Jul/2024:09:28:37 -0500] "GET /BLA/boletinlegal/style.css HTTP/1.1" 200 9406
212.102.60.164 - - [03/Jul/2024:09:28:37 -0500] "GET /BLA/boletinlegal/js/lib.js HTTP/1.1" 200 6474
212.102.60.164 - - [03/Jul/2024:09:28:37 -0500] "GET /BLA/boletinlegal/js/popup.js HTTP/1.1" 200 1270
212.102.60.164 - - [03/Jul/2024:09:28:37 -0500] "GET /BLA/boletinlegal/js/ajax.js HTTP/1.1" 200 772
212.102.60.164 - - [03/Jul/2024:09:28:37 -0500] "GET /BLA/boletinlegal/swfobject.js HTTP/1.1" 200 9763
212.102.60.164 - - [03/Jul/2024:09:28:37 -0500] "GET /BLA/boletinlegal/js/jquery1.js HTTP/1.1" 200 29846
212.102.60.164 - - [03/Jul/2024:09:28:37 -0500] "GET /BLA/boletinlegal/images/cabezote%20BLEGAL.jpg HTTP/1.1" 200 118164
212.102.60.164 - - [03/Jul/2024:09:28:38 -0500] "GET /BLA/boletinlegal/images/registro-usuarios.png HTTP/1.1" 200 8106
212.102.60.164 - - [03/Jul/2024:09:28:38 -0500] "GET /BLA/boletinlegal/images/subscribe-icon-big.png HTTP/1.1" 200 47702
212.102.60.164 - - [03/Jul/2024:09:28:38 -0500] "GET /BLA/boletinlegal/images/historia.png HTTP/1.1" 200 52775
212.102.60.164 - - [03/Jul/2024:09:28:38 -0500] "GET /BLA/boletinlegal/images/nuevo.gif HTTP/1.1" 200 26475
212.102.60.164 - - [03/Jul/2024:09:28:38 -0500] "GET /BLA/boletinlegal/images/signo-mas.gif HTTP/1.1" 200 13689
212.102.60.164 - - [03/Jul/2024:09:28:38 -0500] "GET /BLA/boletinlegal/images/signo-menos.gif HTTP/1.1" 200 13454
212.102.60.164 - - [03/Jul/2024:09:28:39 -0500] "GET /BLA/boletinlegal/images/img_3.jpg HTTP/1.1" 200 1841
212.102.60.164 - - [03/Jul/2024:09:28:39 -0500] "GET /BLA/boletinlegal/images/tel.png HTTP/1.1" 200 14477
212.102.60.164 - - [03/Jul/2024:09:28:39 -0500] "GET /BLA/boletinlegal/images/icono-email.png HTTP/1.1" 200 5544
212.102.60.164 - - [03/Jul/2024:09:28:39 -0500] "GET /BLA/boletinlegal/images/body_bg.jpg HTTP/1.1" 200 1601
212.102.60.164 - - [03/Jul/2024:09:28:39 -0500] "GET /BLA/boletinlegal/images/menu_lft.gif HTTP/1.1" 200 1713
212.102.60.164 - - [03/Jul/2024:09:28:39 -0500] "GET /BLA/boletinlegal/images/menu_rght.gif HTTP/1.1" 200 1627
212.102.60.164 - - [03/Jul/2024:09:28:39 -0500] "GET /BLA/boletinlegal/images/bg_top.jpg HTTP/1.1" 200 522
212.102.60.164 - - [03/Jul/2024:09:28:39 -0500] "GET /BLA/boletinlegal/images/menu_bg.jpg HTTP/1.1" 200 620
212.102.60.164 - - [03/Jul/2024:09:28:39 -0500] "GET /BLA/boletinlegal/images/hover.jpg HTTP/1.1" 200 640
212.102.60.164 - - [03/Jul/2024:09:28:39 -0500] "GET /BLA/boletinlegal/images/text.jpg HTTP/1.1" 200 568
212.102.60.164 - - [03/Jul/2024:09:28:39 -0500] "GET /BLA/boletinlegal/images/footer_bg.jpg HTTP/1.1" 200 586
212.102.60.164 - - [03/Jul/2024:09:28:39 -0500] "GET /BLA/boletinlegal/images/footer_bg_l.jpg HTTP/1.1" 200 776
212.102.60.164 - - [03/Jul/2024:09:28:40 -0500] "GET /favicon.ico HTTP/1.1" 200 7782
186.155.18.159 - - [03/Jul/2024:09:28:41 -0500] "GET /BLA/resoluciones/RESOLUCIONES%202010/3656.pdf HTTP/1.1" 200 711269
201.245.192.253 - - [03/Jul/2024:09:28:41 -0500] "GET /sipse/faces/presentacion/financiero/solicitudProceso/consultarHistorialSolProceso.xhtml HTTP/1.1" 302 -
201.245.192.253 - - [03/Jul/2024:09:28:41 -0500] "GET /sipse/faces/autenticacion.xhtml HTTP/1.1" 200 12413
201.245.192.253 - - [03/Jul/2024:09:28:41 -0500] "GET /sipse/js/disable_browser_buttons.js HTTP/1.1" 304 -
201.245.192.253 - - [03/Jul/2024:09:28:41 -0500] "GET /sipse/js/funciones.js HTTP/1.1" 304 -
201.245.192.253 - - [03/Jul/2024:09:28:41 -0500] "GET /sipse/css/custom_css_sg.css HTTP/1.1" 304 -
201.245.192.253 - - [03/Jul/2024:09:28:41 -0500] "GET /sipse/css/custom_css_sg_prime_login.css HTTP/1.1" 304 -
201.245.192.253 - - [03/Jul/2024:09:28:41 -0500] "GET /sipse/faces/javax.faces.resource/primefaces.css?ln=primefaces&v=4.0 HTTP/1.1" 304 -
201.245.192.253 - - [03/Jul/2024:09:28:41 -0500] "GET /sipse/faces/javax.faces.resource/theme.css?ln=primefaces-sipse HTTP/1.1" 304 -
201.245.192.253 - - [03/Jul/2024:09:28:41 -0500] "GET /sipse/faces/javax.faces.resource/layout/layout.css?ln=primefaces&v=4.0 HTTP/1.1" 304 -
201.245.192.253 - - [03/Jul/2024:09:28:42 -0500] "GET /sipse/faces/javax.faces.resource/jquery/jquery.js?ln=primefaces&v=4.0 HTTP/1.1" 304 -
201.245.192.253 - - [03/Jul/2024:09:28:42 -0500] "GET /sipse/faces/javax.faces.resource/jquery/jquery-plugins.js?ln=primefaces&v=4.0 HTTP/1.1" 304 -
201.245.192.253 - - [03/Jul/2024:09:28:42 -0500] "GET /sipse/faces/javax.faces.resource/primefaces.js?ln=primefaces&v=4.0 HTTP/1.1" 304 -
201.245.192.253 - - [03/Jul/2024:09:28:42 -0500] "GET /sipse/faces/javax.faces.resource/layout/layout.js?ln=primefaces&v=4.0 HTTP/1.1" 304 -
201.245.192.253 - - [03/Jul/2024:09:28:42 -0500] "GET /sipse/css/imagen/logoSDG.png HTTP/1.1" 304 -
201.245.192.253 - - [03/Jul/2024:09:28:42 -0500] "GET /sipse/css/imagen/loginimg.png HTTP/1.1" 304 -
201.245.192.253 - - [03/Jul/2024:09:28:42 -0500] "GET /sipse/faces/javax.faces.resource/images/ui-icons_898989_256x240.png?ln=primefaces-aristo HTTP/1.1" 304 -
201.245.192.253 - - [03/Jul/2024:09:28:42 -0500] "GET /sipse/faces/index.xhtml HTTP/1.1" 200 677
201.245.192.253 - - [03/Jul/2024:09:28:42 -0500] "GET /sipse/faces/javax.faces.resource/theme.css?ln=primefaces-sipse HTTP/1.1" 304 -
172.22.2.4 - - [03/Jul/2024:09:27:03 -0500] "HEAD /BLA/boletinlegal/ HTTP/1.1" 200 -
201.245.192.253 - - [03/Jul/2024:09:28:48 -0500] "GET /sipse/faces/faces/autenticacion.xhtml HTTP/1.1" 200 12413
201.245.192.253 - - [03/Jul/2024:09:28:48 -0500] "GET /sipse/faces/javax.faces.resource/primefaces.css?ln=primefaces&v=4.0 HTTP/1.1" 304 -
201.245.192.253 - - [03/Jul/2024:09:28:48 -0500] "GET /sipse/faces/javax.faces.resource/layout/layout.css?ln=primefaces&v=4.0 HTTP/1.1" 304 -
201.245.192.253 - - [03/Jul/2024:09:28:48 -0500] "GET /sipse/faces/javax.faces.resource/theme.css?ln=primefaces-sipse HTTP/1.1" 304 -
201.245.192.253 - - [03/Jul/2024:09:28:48 -0500] "GET /sipse/faces/javax.faces.resource/jquery/jquery-plugins.js?ln=primefaces&v=4.0 HTTP/1.1" 304 -
201.245.192.253 - - [03/Jul/2024:09:28:48 -0500] "GET /sipse/faces/javax.faces.resource/primefaces.js?ln=primefaces&v=4.0 HTTP/1.1" 304 -
201.245.192.253 - - [03/Jul/2024:09:28:48 -0500] "GET /sipse/faces/javax.faces.resource/jquery/jquery.js?ln=primefaces&v=4.0 HTTP/1.1" 304 -
201.245.192.253 - - [03/Jul/2024:09:28:48 -0500] "GET /sipse/faces/javax.faces.resource/layout/layout.js?ln=primefaces&v=4.0 HTTP/1.1" 304 -
201.245.192.253 - - [03/Jul/2024:09:28:48 -0500] "GET /sipse/faces/javax.faces.resource/images/ui-icons_898989_256x240.png?ln=primefaces-aristo HTTP/1.1" 304 -
201.245.192.253 - - [03/Jul/2024:09:28:48 -0500] "GET /sipse/faces/faces/index.xhtml HTTP/1.1" 200 677
201.245.192.253 - - [03/Jul/2024:09:28:48 -0500] "GET /sipse/faces/javax.faces.resource/theme.css?ln=primefaces-sipse HTTP/1.1" 304 -
201.245.192.253 - - [03/Jul/2024:09:28:49 -0500] "GET /sipse/faces/faces/faces/autenticacion.xhtml HTTP/1.1" 200 12413
201.245.192.253 - - [03/Jul/2024:09:28:49 -0500] "GET /sipse/faces/javax.faces.resource/theme.css?ln=primefaces-sipse HTTP/1.1" 304 -
201.245.192.253 - - [03/Jul/2024:09:28:49 -0500] "GET /sipse/faces/javax.faces.resource/jquery/jquery.js?ln=primefaces&v=4.0 HTTP/1.1" 304 -
201.245.192.253 - - [03/Jul/2024:09:28:49 -0500] "GET /sipse/faces/javax.faces.resource/jquery/jquery-plugins.js?ln=primefaces&v=4.0 HTTP/1.1" 304 -
201.245.192.253 - - [03/Jul/2024:09:28:49 -0500] "GET /sipse/faces/javax.faces.resource/primefaces.js?ln=primefaces&v=4.0 HTTP/1.1" 304 -
201.245.192.253 - - [03/Jul/2024:09:28:49 -0500] "GET /sipse/faces/javax.faces.resource/layout/layout.css?ln=primefaces&v=4.0 HTTP/1.1" 304 -
201.245.192.253 - - [03/Jul/2024:09:28:49 -0500] "GET /sipse/faces/javax.faces.resource/primefaces.css?ln=primefaces&v=4.0 HTTP/1.1" 304 -
201.245.192.253 - - [03/Jul/2024:09:28:49 -0500] "GET /sipse/faces/javax.faces.resource/layout/layout.js?ln=primefaces&v=4.0 HTTP/1.1" 304 -
201.245.192.253 - - [03/Jul/2024:09:28:59 -0500] "POST /sipse/faces/autenticacion.xhtml HTTP/1.1" 200 16781
201.245.192.253 - - [03/Jul/2024:09:28:59 -0500] "GET /sipse/css/custom_css_sg_prime.css HTTP/1.1" 304 -
201.245.192.253 - - [03/Jul/2024:09:28:59 -0500] "GET /sipse/js/jquery.min.js HTTP/1.1" 304 -
201.245.192.253 - - [03/Jul/2024:09:28:59 -0500] "GET /sipse/faces/javax.faces.resource/primefaces.css?ln=primefaces&v=4.0 HTTP/1.1" 304 -
201.245.192.253 - - [03/Jul/2024:09:28:59 -0500] "GET /sipse/faces/javax.faces.resource/layout/layout.css?ln=primefaces&v=4.0 HTTP/1.1" 304 -
201.245.192.253 - - [03/Jul/2024:09:28:59 -0500] "GET /sipse/faces/javax.faces.resource/theme.css?ln=primefaces-sipse HTTP/1.1" 304 -
201.245.192.253 - - [03/Jul/2024:09:28:59 -0500] "GET /sipse/faces/javax.faces.resource/jquery/jquery.js?ln=primefaces&v=4.0 HTTP/1.1" 304 -
201.245.192.253 - - [03/Jul/2024:09:28:59 -0500] "GET /sipse/faces/javax.faces.resource/jquery/jquery-plugins.js?ln=primefaces&v=4.0 HTTP/1.1" 304 -
201.245.192.253 - - [03/Jul/2024:09:28:59 -0500] "GET /sipse/faces/javax.faces.resource/primefaces.js?ln=primefaces&v=4.0 HTTP/1.1" 304 -
201.245.192.253 - - [03/Jul/2024:09:28:59 -0500] "GET /sipse/faces/javax.faces.resource/layout/layout.js?ln=primefaces&v=4.0 HTTP/1.1" 304 -
201.245.192.253 - - [03/Jul/2024:09:28:59 -0500] "GET /sipse/css/v_mergente.css HTTP/1.1" 304 -
201.245.192.253 - - [03/Jul/2024:09:28:59 -0500] "GET /sipse/css/imagen/contrasena.png HTTP/1.1" 404 383
201.245.192.253 - - [03/Jul/2024:09:28:59 -0500] "GET /sipse/imagenes/logoAplicacion.jpg HTTP/1.1" 304 -
201.245.192.253 - - [03/Jul/2024:09:28:59 -0500] "GET /sipse/imagenes/cargando.gif HTTP/1.1" 304 -
201.245.192.253 - - [03/Jul/2024:09:28:59 -0500] "GET /sipse/faces/javax.faces.resource/messages/messages.png?ln=primefaces&v=4.0 HTTP/1.1" 304 -
201.245.192.253 - - [03/Jul/2024:09:29:02 -0500] "GET /sipse/faces/javax.faces.resource/images/ui-bg_flat_0_2d5972_40x100.png?ln=primefaces-aristo HTTP/1.1" 304 -
201.245.192.253 - - [03/Jul/2024:09:29:02 -0500] "POST /sipse/faces/bienvenido.xhtml HTTP/1.1" 200 2658
201.245.192.253 - - [03/Jul/2024:09:29:03 -0500] "POST /sipse/faces/bienvenido.xhtml HTTP/1.1" 200 33031
201.245.192.253 - - [03/Jul/2024:09:29:03 -0500] "GET /sipse/faces/javax.faces.resource/primefaces.css?ln=primefaces&v=4.0 HTTP/1.1" 304 -
201.245.192.253 - - [03/Jul/2024:09:29:03 -0500] "GET /sipse/faces/javax.faces.resource/layout/layout.css?ln=primefaces&v=4.0 HTTP/1.1" 304 -
201.245.192.253 - - [03/Jul/2024:09:29:03 -0500] "GET /sipse/faces/javax.faces.resource/theme.css?ln=primefaces-sipse HTTP/1.1" 304 -
201.245.192.253 - - [03/Jul/2024:09:29:03 -0500] "GET /sipse/faces/javax.faces.resource/jquery/jquery.js?ln=primefaces&v=4.0 HTTP/1.1" 304 -
201.245.192.253 - - [03/Jul/2024:09:29:03 -0500] "GET /sipse/faces/javax.faces.resource/jquery/jquery-plugins.js?ln=primefaces&v=4.0 HTTP/1.1" 304 -
201.245.192.253 - - [03/Jul/2024:09:29:03 -0500] "GET /sipse/faces/javax.faces.resource/primefaces.js?ln=primefaces&v=4.0 HTTP/1.1" 304 -
201.245.192.253 - - [03/Jul/2024:09:29:03 -0500] "GET /sipse/faces/javax.faces.resource/layout/layout.js?ln=primefaces&v=4.0 HTTP/1.1" 304 -
201.245.192.253 - - [03/Jul/2024:09:29:04 -0500] "POST /sipse/faces/presentacion/financiero/solicitudProceso/listarSolicitudProceso.xhtml HTTP/1.1" 200 1376
201.245.192.253 - - [03/Jul/2024:09:29:05 -0500] "POST /kwsrmcab/Wsrmcab HTTP/1.1" 200 37486
201.245.192.253 - - [03/Jul/2024:09:29:06 -0500] "POST /sipse/faces/presentacion/financiero/solicitudProceso/listarSolicitudProceso.xhtml HTTP/1.1" 200 2685
201.245.192.253 - - [03/Jul/2024:09:29:07 -0500] "POST /sipse/faces/presentacion/financiero/solicitudProceso/listarSolicitudProceso.xhtml HTTP/1.1" 200 1757
201.245.192.253 - - [03/Jul/2024:09:29:09 -0500] "POST /sipse/faces/presentacion/financiero/solicitudProceso/listarSolicitudProceso.xhtml HTTP/1.1" 200 40737
201.245.192.253 - - [03/Jul/2024:09:29:10 -0500] "GET /sipse/faces/javax.faces.resource/theme.css?ln=primefaces-sipse HTTP/1.1" 304 -
201.245.192.253 - - [03/Jul/2024:09:29:10 -0500] "GET /sipse/faces/javax.faces.resource/primefaces.css?ln=primefaces&v=4.0 HTTP/1.1" 304 -
201.245.192.253 - - [03/Jul/2024:09:29:10 -0500] "GET /sipse/faces/javax.faces.resource/layout/layout.css?ln=primefaces&v=4.0 HTTP/1.1" 304 -
201.245.192.253 - - [03/Jul/2024:09:29:10 -0500] "GET /sipse/faces/javax.faces.resource/jquery/jquery.js?ln=primefaces&v=4.0 HTTP/1.1" 304 -
201.245.192.253 - - [03/Jul/2024:09:29:10 -0500] "GET /sipse/faces/javax.faces.resource/jquery/jquery-plugins.js?ln=primefaces&v=4.0 HTTP/1.1" 304 -
201.245.192.253 - - [03/Jul/2024:09:29:10 -0500] "GET /sipse/faces/javax.faces.resource/primefaces.js?ln=primefaces&v=4.0 HTTP/1.1" 304 -
201.245.192.253 - - [03/Jul/2024:09:29:10 -0500] "GET /sipse/faces/javax.faces.resource/layout/layout.js?ln=primefaces&v=4.0 HTTP/1.1" 304 -
201.245.192.253 - - [03/Jul/2024:09:29:10 -0500] "POST /sipse/faces/presentacion/financiero/solicitudProceso/consultar.xhtml HTTP/1.1" 200 34149
201.245.192.253 - - [03/Jul/2024:09:29:11 -0500] "GET /sipse/faces/javax.faces.resource/images/ui-icons_898989_256x240.png?ln=primefaces-aristo HTTP/1.1" 304 -
201.245.192.253 - - [03/Jul/2024:09:29:12 -0500] "POST /sipse/faces/presentacion/financiero/solicitudProceso/consultar.xhtml HTTP/1.1" 200 12802
201.245.192.253 - - [03/Jul/2024:09:29:14 -0500] "POST /sipse/faces/presentacion/financiero/solicitudProceso/consultar.xhtml HTTP/1.1" 200 163097
201.245.192.253 - - [03/Jul/2024:09:29:16 -0500] "GET /sipse/faces/javax.faces.resource/primefaces.css?ln=primefaces&v=4.0 HTTP/1.1" 304 -
201.245.192.253 - - [03/Jul/2024:09:29:16 -0500] "GET /sipse/faces/javax.faces.resource/layout/layout.css?ln=primefaces&v=4.0 HTTP/1.1" 304 -
201.245.192.253 - - [03/Jul/2024:09:29:16 -0500] "GET /sipse/faces/javax.faces.resource/theme.css?ln=primefaces-sipse HTTP/1.1" 304 -
201.245.192.253 - - [03/Jul/2024:09:29:16 -0500] "GET /sipse/faces/javax.faces.resource/jquery/jquery.js?ln=primefaces&v=4.0 HTTP/1.1" 304 -
201.245.192.253 - - [03/Jul/2024:09:29:16 -0500] "GET /sipse/faces/javax.faces.resource/jquery/jquery-plugins.js?ln=primefaces&v=4.0 HTTP/1.1" 304 -
201.245.192.253 - - [03/Jul/2024:09:29:16 -0500] "GET /sipse/faces/javax.faces.resource/primefaces.js?ln=primefaces&v=4.0 HTTP/1.1" 304 -
201.245.192.253 - - [03/Jul/2024:09:29:16 -0500] "GET /sipse/faces/javax.faces.resource/layout/layout.js?ln=primefaces&v=4.0 HTTP/1.1" 304 -
201.245.192.253 - - [03/Jul/2024:09:29:20 -0500] "POST /sipse/faces/presentacion/financiero/solicitudProceso/consultarSolicitudProceso.xhtml HTTP/1.1" 200 393140
212.102.60.164 - - [03/Jul/2024:09:29:21 -0500] "GET /BLA/boletinlegal/niceforms.js HTTP/1.1" 200 22876
212.102.60.164 - - [03/Jul/2024:09:29:21 -0500] "GET /BLA/boletinlegal/js/ajax_normativa.js HTTP/1.1" 200 1154
212.102.60.164 - - [03/Jul/2024:09:29:20 -0500] "GET /BLA/boletinlegal/normativa.php HTTP/1.1" 200 8397
212.102.60.164 - - [03/Jul/2024:09:29:21 -0500] "GET /BLA/boletinlegal/niceforms-default.css HTTP/1.1" 200 6694
212.102.60.164 - - [03/Jul/2024:09:29:24 -0500] "GET /BLA/boletinlegal/img/select-left.png HTTP/1.1" 200 263
212.102.60.164 - - [03/Jul/2024:09:29:24 -0500] "GET /BLA/boletinlegal/img/0.png HTTP/1.1" 200 110
212.102.60.164 - - [03/Jul/2024:09:29:24 -0500] "GET /BLA/boletinlegal/img/button-left.png HTTP/1.1" 200 57071
212.102.60.164 - - [03/Jul/2024:09:29:24 -0500] "GET /BLA/boletinlegal/img/select-right.png HTTP/1.1" 200 44019
212.102.60.164 - - [03/Jul/2024:09:29:24 -0500] "GET /BLA/boletinlegal/img/button-right.png HTTP/1.1" 200 57878
212.102.60.164 - - [03/Jul/2024:09:29:24 -0500] "GET /BLA/boletinlegal/img/button.png HTTP/1.1" 200 43241
216.245.221.92 - - [03/Jul/2024:09:29:27 -0500] "HEAD / HTTP/1.1" 200 -
172.22.2.4 - - [03/Jul/2024:09:27:54 -0500] "GET /BLA/boletinlegal/ HTTP/1.1" 200 57889
201.245.192.253 - - [03/Jul/2024:09:29:35 -0500] "GET /kwsrmcab/Wsrmcab?wsdl HTTP/1.1" 200 6948
216.244.66.195 - - [03/Jul/2024:09:29:37 -0500] "GET /BLA/resoluciones/AUTOS%202010/3106.pdf HTTP/1.1" 200 420467
212.102.60.164 - - [03/Jul/2024:09:29:38 -0500] "GET /BLA/boletinlegal/consulta_normativa.php?tipo=&sector=Aire&ano=&resuelve= HTTP/1.1" 200 949
212.102.60.164 - - [03/Jul/2024:09:29:38 -0500] "GET /BLA/boletinlegal/images/docs.png HTTP/1.1" 200 10288
216.244.66.195 - - [03/Jul/2024:09:29:47 -0500] "GET /BLA/resoluciones/AUTOS%202019/0099.pdf HTTP/1.1" 200 319524
212.102.60.164 - - [03/Jul/2024:09:29:52 -0500] "GET /bla/resoluciones/RESOLUCIONES%202009/4955.pdf HTTP/1.1" 200 879460
201.245.192.253 - - [03/Jul/2024:09:29:52 -0500] "POST /kwsrmcab/Wsrmcab HTTP/1.1" 200 31437
216.244.66.195 - - [03/Jul/2024:09:29:55 -0500] "GET /BLA/resoluciones/AUTOS%202019/0100.pdf HTTP/1.1" 200 252122
201.245.192.253 - - [03/Jul/2024:09:30:03 -0500] "POST /sipse/faces/presentacion/financiero/solicitudProceso/consultarSolicitudProceso.xhtml HTTP/1.1" 200 42053
201.245.192.253 - - [03/Jul/2024:09:30:04 -0500] "GET /sipse/faces/javax.faces.resource/theme.css?ln=primefaces-sipse HTTP/1.1" 304 -
201.245.192.253 - - [03/Jul/2024:09:30:04 -0500] "GET /sipse/faces/javax.faces.resource/layout/layout.css?ln=primefaces&v=4.0 HTTP/1.1" 304 -
201.245.192.253 - - [03/Jul/2024:09:30:04 -0500] "GET /sipse/faces/javax.faces.resource/primefaces.css?ln=primefaces&v=4.0 HTTP/1.1" 304 -
201.245.192.253 - - [03/Jul/2024:09:30:04 -0500] "GET /sipse/faces/javax.faces.resource/jquery/jquery.js?ln=primefaces&v=4.0 HTTP/1.1" 304 -
201.245.192.253 - - [03/Jul/2024:09:30:04 -0500] "GET /sipse/faces/javax.faces.resource/jquery/jquery-plugins.js?ln=primefaces&v=4.0 HTTP/1.1" 304 -
201.245.192.253 - - [03/Jul/2024:09:30:04 -0500] "GET /sipse/css/imagen/contrasena.png HTTP/1.1" 404 383
201.245.192.253 - - [03/Jul/2024:09:30:04 -0500] "GET /sipse/faces/javax.faces.resource/primefaces.js?ln=primefaces&v=4.0 HTTP/1.1" 304 -
201.245.192.253 - - [03/Jul/2024:09:30:04 -0500] "GET /sipse/faces/javax.faces.resource/layout/layout.js?ln=primefaces&v=4.0 HTTP/1.1" 304 -
201.245.192.253 - - [03/Jul/2024:09:30:04 -0500] "POST /sipse/faces/presentacion/financiero/solicitudProceso/consultar.xhtml HTTP/1.1" 200 35463
201.245.192.253 - - [03/Jul/2024:09:30:04 -0500] "POST /sipse/faces/presentacion/financiero/solicitudProceso/consultar.xhtml HTTP/1.1" 200 35463
201.245.192.253 - - [03/Jul/2024:09:30:04 -0500] "POST /sipse/faces/presentacion/financiero/solicitudProceso/consultar.xhtml HTTP/1.1" 200 35463
201.245.192.253 - - [03/Jul/2024:09:30:04 -0500] "POST /sipse/faces/presentacion/financiero/solicitudProceso/consultar.xhtml HTTP/1.1" 200 35463
201.245.192.253 - - [03/Jul/2024:09:30:05 -0500] "POST /sipse/faces/presentacion/financiero/solicitudProceso/consultar.xhtml HTTP/1.1" 200 35463
201.245.192.253 - - [03/Jul/2024:09:30:08 -0500] "POST /sipse/faces/presentacion/financiero/solicitudProceso/consultar.xhtml HTTP/1.1" 200 12802
201.245.192.253 - - [03/Jul/2024:09:30:10 -0500] "POST /forms/lservlet;jsessionid=ac16012b30d6716d42d0eef24d9cbe79d3fe11a80187.e3iSbxaKaheRe34OahmPbx4Oa3z0n6jAmljGr5XDqQLvpAe HTTP/1.1" 200 2
201.245.192.253 - - [03/Jul/2024:09:30:09 -0500] "POST /sipse/faces/presentacion/financiero/solicitudProceso/consultar.xhtml HTTP/1.1" 200 143512
201.245.192.253 - - [03/Jul/2024:09:30:11 -0500] "GET /sipse/faces/javax.faces.resource/primefaces.css?ln=primefaces&v=4.0 HTTP/1.1" 304 -
201.245.192.253 - - [03/Jul/2024:09:30:11 -0500] "GET /sipse/faces/javax.faces.resource/layout/layout.css?ln=primefaces&v=4.0 HTTP/1.1" 304 -
201.245.192.253 - - [03/Jul/2024:09:30:11 -0500] "GET /sipse/faces/javax.faces.resource/theme.css?ln=primefaces-sipse HTTP/1.1" 304 -
201.245.192.253 - - [03/Jul/2024:09:30:11 -0500] "GET /sipse/faces/javax.faces.resource/jquery/jquery.js?ln=primefaces&v=4.0 HTTP/1.1" 304 -
201.245.192.253 - - [03/Jul/2024:09:30:11 -0500] "GET /sipse/faces/javax.faces.resource/jquery/jquery-plugins.js?ln=primefaces&v=4.0 HTTP/1.1" 304 -
201.245.192.253 - - [03/Jul/2024:09:30:11 -0500] "GET /sipse/faces/javax.faces.resource/primefaces.js?ln=primefaces&v=4.0 HTTP/1.1" 304 -
201.245.192.253 - - [03/Jul/2024:09:30:11 -0500] "GET /sipse/faces/javax.faces.resource/layout/layout.js?ln=primefaces&v=4.0 HTTP/1.1" 304 -
216.244.66.195 - - [03/Jul/2024:09:30:13 -0500] "GET /BLA/resoluciones/AUTOS%202019/1745.pdf HTTP/1.1" 200 256347
201.245.192.253 - - [03/Jul/2024:09:30:14 -0500] "POST /sipse/faces/presentacion/financiero/solicitudProceso/consultarSolicitudProceso.xhtml HTTP/1.1" 200 130238
216.244.66.195 - - [03/Jul/2024:09:30:27 -0500] "GET /BLA/resoluciones/AUTOS%202019/1756.pdf HTTP/1.1" 200 255298
201.245.192.253 - - [03/Jul/2024:09:30:28 -0500] "POST /sipse/faces/presentacion/financiero/solicitudProceso/consultarSolicitudProceso.xhtml HTTP/1.1" 200 43764
201.245.192.253 - - [03/Jul/2024:09:30:29 -0500] "GET /sipse/faces/javax.faces.resource/layout/layout.css?ln=primefaces&v=4.0 HTTP/1.1" 304 -
201.245.192.253 - - [03/Jul/2024:09:30:29 -0500] "GET /sipse/faces/javax.faces.resource/theme.css?ln=primefaces-sipse HTTP/1.1" 304 -
201.245.192.253 - - [03/Jul/2024:09:30:29 -0500] "GET /sipse/faces/javax.faces.resource/primefaces.css?ln=primefaces&v=4.0 HTTP/1.1" 304 -
201.245.192.253 - - [03/Jul/2024:09:30:29 -0500] "GET /sipse/faces/javax.faces.resource/jquery/jquery.js?ln=primefaces&v=4.0 HTTP/1.1" 304 -
201.245.192.253 - - [03/Jul/2024:09:30:29 -0500] "GET /sipse/faces/javax.faces.resource/jquery/jquery-plugins.js?ln=primefaces&v=4.0 HTTP/1.1" 304 -
201.245.192.253 - - [03/Jul/2024:09:30:29 -0500] "GET /sipse/faces/javax.faces.resource/primefaces.js?ln=primefaces&v=4.0 HTTP/1.1" 304 -
201.245.192.253 - - [03/Jul/2024:09:30:29 -0500] "GET /sipse/faces/javax.faces.resource/layout/layout.js?ln=primefaces&v=4.0 HTTP/1.1" 304 -
201.245.192.253 - - [03/Jul/2024:09:30:29 -0500] "POST /sipse/faces/presentacion/financiero/solicitudProceso/consultar.xhtml HTTP/1.1" 200 37176
201.245.192.253 - - [03/Jul/2024:09:30:29 -0500] "POST /sipse/faces/presentacion/financiero/solicitudProceso/consultar.xhtml HTTP/1.1" 200 37176
201.245.192.253 - - [03/Jul/2024:09:30:29 -0500] "POST /sipse/faces/presentacion/financiero/solicitudProceso/consultar.xhtml HTTP/1.1" 200 37176
201.245.192.253 - - [03/Jul/2024:09:30:35 -0500] "GET /kwsrmcab/Wsrmcab?wsdl HTTP/1.1" 200 6948
216.244.66.195 - - [03/Jul/2024:09:30:46 -0500] "GET /BLA/resoluciones/AUTOS%202019/2051.pdf HTTP/1.1" 200 257157
216.244.66.195 - - [03/Jul/2024:09:31:23 -0500] "GET /BLA/resoluciones/AUTOS%202019/2637.pdf HTTP/1.1" 200 269938
201.245.192.253 - - [03/Jul/2024:09:31:35 -0500] "GET /kwsrmcab/Wsrmcab?wsdl HTTP/1.1" 200 6948
216.244.66.195 - - [03/Jul/2024:09:32:03 -0500] "GET /BLA/resoluciones/AUTOS%202019/2843.pdf HTTP/1.1" 200 342140
186.98.82.173 - - [03/Jul/2024:09:32:09 -0500] "OPTIONS /kwssiamovil/sm/setfile/f? HTTP/1.1" 200 13
201.245.192.253 - - [03/Jul/2024:09:32:10 -0500] "POST /forms/lservlet;jsessionid=ac16012b30d6716d42d0eef24d9cbe79d3fe11a80187.e3iSbxaKaheRe34OahmPbx4Oa3z0n6jAmljGr5XDqQLvpAe HTTP/1.1" 200 2
186.98.82.173 - - [03/Jul/2024:09:32:09 -0500] "POST /kwssiamovil/sm/setfile/f? HTTP/1.1" 200 381
162.55.35.116 - - [03/Jul/2024:09:32:10 -0500] "GET / HTTP/1.1" 200 4720
186.98.82.173 - - [03/Jul/2024:09:32:11 -0500] "OPTIONS /kwssiamovil/sm/setfile/f? HTTP/1.1" 200 13
186.98.82.173 - - [03/Jul/2024:09:32:11 -0500] "POST /kwssiamovil/sm/setfile/f? HTTP/1.1" 200 381
172.22.2.4 - - [03/Jul/2024:09:32:18 -0500] "GET /BLA/boletinlegal/actos.php HTTP/1.1" 200 9738
172.22.2.4 - - [03/Jul/2024:09:32:27 -0500] "GET /BLA/boletinlegal/consulta_actos.php?tipo=autos&no=&usuario=ecolcin&sector=&fecha=2007&resuelve= HTTP/1.1" 200 626
172.22.2.4 - - [03/Jul/2024:09:32:30 -0500] "GET /BLA/boletinlegal/consulta_actos.php?tipo=autos&no=&usuario=ecolcin&sector=&fecha=2008&resuelve= HTTP/1.1" 200 626
172.22.2.4 - - [03/Jul/2024:09:32:32 -0500] "GET /BLA/boletinlegal/consulta_actos.php?tipo=autos&no=&usuario=ecolcin&sector=&fecha=2009&resuelve= HTTP/1.1" 200 626
216.244.66.195 - - [03/Jul/2024:09:32:34 -0500] "GET /BLA/resoluciones/AUTOS%202019/2873.pdf HTTP/1.1" 200 340571
172.22.2.4 - - [03/Jul/2024:09:32:34 -0500] "GET /BLA/boletinlegal/consulta_actos.php?tipo=autos&no=&usuario=ecolcin&sector=&fecha=2011&resuelve= HTTP/1.1" 200 1668
201.245.192.253 - - [03/Jul/2024:09:32:35 -0500] "GET /kwsrmcab/Wsrmcab?wsdl HTTP/1.1" 200 6948
172.22.2.4 - - [03/Jul/2024:09:32:41 -0500] "GET /BLA/boletinlegal/ab2g HTTP/1.1" 404 1018
172.22.2.4 - - [03/Jul/2024:09:32:42 -0500] "GET /BLA/boletinlegal/ab2h HTTP/1.1" 404 1018
172.22.2.4 - - [03/Jul/2024:09:32:43 -0500] "GET /BLA/boletinlegal/alive.php HTTP/1.1" 404 1018
172.22.2.4 - - [03/Jul/2024:09:32:46 -0500] "GET /BLA/boletinlegal/consulta_actos.php?tipo=autos&no=&usuario=ecolcin&sector=&fecha=2012&resuelve= HTTP/1.1" 200 626
172.22.2.4 - - [03/Jul/2024:09:32:49 -0500] "GET /BLA/boletinlegal/consulta_actos.php?tipo=autos&no=&usuario=ecolcin&sector=&fecha=2013&resuelve= HTTP/1.1" 200 1468
172.22.2.4 - - [03/Jul/2024:09:32:16 -0500] "GET /BLA/boletinlegal/ HTTP/1.1" 200 24523
201.245.192.253 - - [03/Jul/2024:09:32:53 -0500] "POST /kwsrmcab/Wsrmcab  HTTP/1.1" 200 38894
172.22.2.4 - - [03/Jul/2024:09:32:55 -0500] "GET /BLA/boletinlegal/consulta_actos.php?tipo=autos&no=&usuario=ecolcin&sector=&fecha=2014&resuelve= HTTP/1.1" 200 626
172.22.2.4 - - [03/Jul/2024:09:32:56 -0500] "GET /BLA/boletinlegal/t4 HTTP/1.1" 404 1018
172.22.2.4 - - [03/Jul/2024:09:32:57 -0500] "GET /BLA/boletinlegal/favicon.ico HTTP/1.1" 404 1018
172.22.2.4 - - [03/Jul/2024:09:32:58 -0500] "GET /BLA/boletinlegal/consulta_actos.php?tipo=autos&no=&usuario=ecolcin&sector=&fecha=2015&resuelve= HTTP/1.1" 200 626
172.22.2.4 - - [03/Jul/2024:09:33:03 -0500] "GET /BLA/boletinlegal/consulta_actos.php?tipo=autos&no=&usuario=ecolcin&sector=&fecha=2016&resuelve= HTTP/1.1" 200 626
172.22.2.4 - - [03/Jul/2024:09:33:08 -0500] "GET /BLA/boletinlegal/teorema505?t=1 HTTP/1.1" 404 1018
216.244.66.195 - - [03/Jul/2024:09:33:08 -0500] "GET /BLA/resoluciones/AUTOS%202019/3518.pdf HTTP/1.1" 200 332833
172.22.2.4 - - [03/Jul/2024:09:33:10 -0500] "GET /BLA/boletinlegal/consulta_actos.php?tipo=autos&no=&usuario=ecolcin&sector=&fecha=2017&resuelve= HTTP/1.1" 200 626
172.22.2.4 - - [03/Jul/2024:09:33:11 -0500] "GET /BLA/boletinlegal/consulta_actos.php?tipo=autos&no=&usuario=ecolcin&sector=&fecha=2017&resuelve= HTTP/1.1" 200 626
172.22.2.4 - - [03/Jul/2024:09:33:13 -0500] "GET /BLA/boletinlegal/consulta_actos.php?tipo=autos&no=&usuario=ecolcin&sector=&fecha=2018&resuelve= HTTP/1.1" 200 626
172.22.2.4 - - [03/Jul/2024:09:33:15 -0500] "GET /BLA/boletinlegal/consulta_actos.php?tipo=autos&no=&usuario=ecolcin&sector=&fecha=2019&resuelve= HTTP/1.1" 200 1307
172.22.2.4 - - [03/Jul/2024:09:33:15 -0500] "GET /BLA/boletinlegal/consulta_actos.php?tipo=autos&no=&usuario=ecolcin&sector=&fecha=2019&resuelve= HTTP/1.1" 200 1307
212.102.60.164 - - [03/Jul/2024:09:33:17 -0500] "GET /BLA/boletinlegal/consulta_normativa.php?tipo=&sector=emisiones&ano=&resuelve= HTTP/1.1" 200 19168
212.102.60.164 - - [03/Jul/2024:09:33:18 -0500] "GET /BLA/boletinlegal/images/background.gif HTTP/1.1" 200 -
201.184.112.146 - - [03/Jul/2024:09:33:18 -0500] "GET /BLA/resoluciones/AUTOS%202019/2917.pdf HTTP/1.1" 200 271581
201.245.192.253 - - [03/Jul/2024:09:33:35 -0500] "GET /kwsrmcab/Wsrmcab?wsdl HTTP/1.1" 200 6948
212.102.60.164 - - [03/Jul/2024:09:33:42 -0500] "GET /BLA/resoluciones/RESOLUCIONES%202008/0909.pdf HTTP/1.1" 200 248880
216.244.66.195 - - [03/Jul/2024:09:33:47 -0500] "GET /BLA/resoluciones/AUTOS%202019/3756.pdf HTTP/1.1" 200 268490
172.22.2.4 - - [03/Jul/2024:09:32:46 -0500] "GET /BLA/boletinlegal/ HTTP/1.1" 200 32715
181.59.2.170 - - [03/Jul/2024:09:33:54 -0500] "GET /appsia/controlador HTTP/1.1" 200 4799
181.59.2.170 - - [03/Jul/2024:09:33:54 -0500] "GET /appsia/css/estilos.css HTTP/1.1" 200 4804
181.59.2.170 - - [03/Jul/2024:09:33:54 -0500] "GET /appsia/scripts/validarIngreso.js HTTP/1.1" 200 851
181.59.2.170 - - [03/Jul/2024:09:33:54 -0500] "GET /appsia/images/logo_bogota_p.png HTTP/1.1" 200 14951
181.59.2.170 - - [03/Jul/2024:09:33:54 -0500] "GET /appsia/images/cabezoteHojaVida.png HTTP/1.1" 200 32493
181.59.2.170 - - [03/Jul/2024:09:33:54 -0500] "GET /favicon.ico HTTP/1.1" 200 7782
172.22.2.4 - - [03/Jul/2024:09:32:58 -0500] "GET /BLA/boletinlegal/ HTTP/1.1" 200 24523
201.245.192.253 - - [03/Jul/2024:09:34:10 -0500] "POST /forms/lservlet;jsessionid=ac16012b30d6716d42d0eef24d9cbe79d3fe11a80187.e3iSbxaKaheRe34OahmPbx4Oa3z0n6jAmljGr5XDqQLvpAe HTTP/1.1" 200 2
216.244.66.195 - - [03/Jul/2024:09:34:20 -0500] "GET /BLA/resoluciones/AUTOS%202019/4147.pdf HTTP/1.1" 200 286227
181.59.2.170 - - [03/Jul/2024:09:34:22 -0500] "POST /appsia/controlador HTTP/1.1" 200 5437
181.59.2.170 - - [03/Jul/2024:09:34:26 -0500] "POST /appsia/controlador HTTP/1.1" 200 8439
181.59.2.170 - - [03/Jul/2024:09:34:26 -0500] "GET /appsia/images/logo_escudo.png HTTP/1.1" 200 36965
216.245.221.92 - - [03/Jul/2024:09:34:27 -0500] "HEAD / HTTP/1.1" 200 -
40.77.167.70 - - [03/Jul/2024:09:34:32 -0500] "GET /BLA/resoluciones/index.php?dir=RESOLUCIONES+2006%2FRES+2006+1-50%2F HTTP/1.1" 200 11867
172.22.2.4 - - [03/Jul/2024:09:32:53 -0500] "HEAD /BLA/boletinlegal/ HTTP/1.1" 200 -
