201.245.192.253 - - [03/Jul/2024:12:14:27 -0500] "GET /sipse/faces/javax.faces.resource/primefaces.js?ln=primefaces&v=4.0 HTTP/1.1" 304 -
201.245.192.253 - - [03/Jul/2024:12:14:27 -0500] "GET /sipse/faces/javax.faces.resource/layout/layout.js?ln=primefaces&v=4.0 HTTP/1.1" 304 -
47.128.16.117 - - [03/Jul/2024:12:14:33 -0500] "GET /BLA/resoluciones/AUTOS%202021/0245.php?act=f&f=5134.pdf HTTP/1.1" 200 2739
201.245.192.253 - - [03/Jul/2024:12:14:34 -0500] "GET /kwsrmcab/Wsrmcab?wsdl HTTP/1.1" 200 6948
47.128.16.112 - - [03/Jul/2024:12:14:46 -0500] "GET /BLA/resoluciones/AUTOS%202021/0245.php?act=f&base64=1&f=search11.xml HTTP/1.1" 200 2740
47.128.121.75 - - [03/Jul/2024:12:14:54 -0500] "GET /BLA/resoluciones/AUTOS%202021/0245.php?act=chmod&f=6493.pdf HTTP/1.1" 200 2714
216.244.66.195 - - [03/Jul/2024:12:14:55 -0500] "GET /BLA/resoluciones/AUTOS%202019/2260.pdf HTTP/1.1" 200 260785
66.249.77.164 - - [03/Jul/2024:12:15:01 -0500] "GET /BLA/resoluciones/RESOLUCIONES%202004/RES%202004%201701-1750/00001701.tif HTTP/1.1" 200 138460
47.128.41.75 - - [03/Jul/2024:12:15:04 -0500] "GET /BLA/resoluciones/AUTOS%202021/0245.php?act=chmod&f=5238.pdf HTTP/1.1" 200 2714
47.128.46.237 - - [03/Jul/2024:12:15:15 -0500] "GET /BLA/resoluciones/AUTOS%202021/0245.php?act=chmod&f=03878.pdf HTTP/1.1" 200 2714
47.128.19.197 - - [03/Jul/2024:12:15:25 -0500] "GET /BLA/resoluciones/AUTOS%202021/0245.php?act=chmod&f=sess_vl3g14q1icankefo2cov01l6t5 HTTP/1.1" 200 2714
216.244.66.195 - - [03/Jul/2024:12:15:27 -0500] "GET /BLA/resoluciones/AUTOS%202019/2751.pdf HTTP/1.1" 200 265546
201.245.192.253 - - [03/Jul/2024:12:15:34 -0500] "GET /kwsrmcab/Wsrmcab?wsdl HTTP/1.1" 200 6948
47.128.19.141 - - [03/Jul/2024:12:15:35 -0500] "GET /BLA/resoluciones/AUTOS%202021/0245.php?act=f&f=4905.pdf HTTP/1.1" 200 2738
47.128.46.5 - - [03/Jul/2024:12:15:45 -0500] "GET /BLA/resoluciones/AUTOS%202021/0245.php?act=chmod&f=00390.pdf HTTP/1.1" 200 2714
186.145.59.68 - - [03/Jul/2024:12:15:50 -0500] "POST /sipse/faces/presentacion/financiero/solicitudProceso/listarSolicitudProceso.xhtml HTTP/1.1" 200 14659
47.128.19.175 - - [03/Jul/2024:12:15:55 -0500] "GET /BLA/resoluciones/AUTOS%202021/0245.php?act=f&f=3193.pdf HTTP/1.1" 200 2738
186.145.59.68 - - [03/Jul/2024:12:15:54 -0500] "POST /sipse/faces/presentacion/financiero/solicitudProceso/listarSolicitudProceso.xhtml HTTP/1.1" 200 151506
216.244.66.195 - - [03/Jul/2024:12:15:59 -0500] "GET /BLA/resoluciones/AUTOS%202019/2792.pdf HTTP/1.1" 200 321186
186.145.59.68 - - [03/Jul/2024:12:15:59 -0500] "GET /sipse/faces/javax.faces.resource/theme.css?ln=primefaces-sipse HTTP/1.1" 304 -
186.145.59.68 - - [03/Jul/2024:12:15:59 -0500] "GET /sipse/faces/javax.faces.resource/primefaces.css?ln=primefaces&v=4.0 HTTP/1.1" 304 -
186.145.59.68 - - [03/Jul/2024:12:16:00 -0500] "GET /sipse/faces/javax.faces.resource/layout/layout.css?ln=primefaces&v=4.0 HTTP/1.1" 304 -
186.145.59.68 - - [03/Jul/2024:12:16:00 -0500] "GET /sipse/css/imagen/contrasena.png HTTP/1.1" 404 383
186.145.59.68 - - [03/Jul/2024:12:16:00 -0500] "GET /sipse/faces/javax.faces.resource/jquery/jquery.js?ln=primefaces&v=4.0 HTTP/1.1" 304 -
186.145.59.68 - - [03/Jul/2024:12:16:00 -0500] "GET /sipse/faces/javax.faces.resource/jquery/jquery-plugins.js?ln=primefaces&v=4.0 HTTP/1.1" 304 -
186.145.59.68 - - [03/Jul/2024:12:16:00 -0500] "GET /sipse/faces/javax.faces.resource/primefaces.js?ln=primefaces&v=4.0 HTTP/1.1" 304 -
186.145.59.68 - - [03/Jul/2024:12:16:00 -0500] "GET /sipse/faces/javax.faces.resource/layout/layout.js?ln=primefaces&v=4.0 HTTP/1.1" 304 -
186.145.59.68 - - [03/Jul/2024:12:16:01 -0500] "GET /sipse/faces/javax.faces.resource/images/ui-icons_898989_256x240.png?ln=primefaces-aristo HTTP/1.1" 304 -
186.155.18.159 - - [03/Jul/2024:12:16:02 -0500] "GET /BLA/resoluciones/index.php?dir=RESOLUCIONES+2014%2F HTTP/1.1" 200 334529
201.245.192.253 - - [03/Jul/2024:12:16:10 -0500] "POST /forms/lservlet;jsessionid=ac16012b30d6716d42d0eef24d9cbe79d3fe11a80187.e3iSbxaKaheRe34OahmPbx4Oa3z0n6jAmljGr5XDqQLvpAe HTTP/1.1" 200 2
186.145.59.68 - - [03/Jul/2024:12:16:10 -0500] "POST /sipse/faces/presentacion/financiero/solicitudProceso/consultarSolicitudProceso.xhtml HTTP/1.1" 200 116664
186.145.59.68 - - [03/Jul/2024:12:16:11 -0500] "POST /sipse/faces/presentacion/financiero/solicitudProceso/consultarSolicitudProceso.xhtml HTTP/1.1" 200 419109
66.249.77.164 - - [03/Jul/2024:12:16:24 -0500] "GET /BLA/resoluciones/RESOLUCIONES%202004/RES%202004%201201-1250/00001214.tif HTTP/1.1" 200 92396
186.155.18.159 - - [03/Jul/2024:12:16:25 -0500] "GET /BLA/resoluciones/RESOLUCIONES%202014/3256.pdf HTTP/1.1" 200 612728
216.244.66.195 - - [03/Jul/2024:12:16:28 -0500] "GET /BLA/resoluciones/AUTOS%202019/3466.pdf HTTP/1.1" 200 530250
190.90.15.108 - - [03/Jul/2024:12:16:28 -0500] "POST /sipse/faces/presentacion/financiero/solicitudProceso/consultarSolicitudProceso.xhtml HTTP/1.1" 200 43846
190.90.15.108 - - [03/Jul/2024:12:16:28 -0500] "GET /sipse/js/jquery.min.js HTTP/1.1" 200 15708
190.90.15.108 - - [03/Jul/2024:12:16:29 -0500] "GET /sipse/faces/javax.faces.resource/jquery/jquery.js?ln=primefaces&v=4.0 HTTP/1.1" 304 -
190.90.15.108 - - [03/Jul/2024:12:16:29 -0500] "GET /sipse/faces/javax.faces.resource/jquery/jquery-plugins.js?ln=primefaces&v=4.0 HTTP/1.1" 304 -
190.90.15.108 - - [03/Jul/2024:12:16:29 -0500] "GET /sipse/faces/javax.faces.resource/primefaces.js?ln=primefaces&v=4.0 HTTP/1.1" 304 -
190.90.15.108 - - [03/Jul/2024:12:16:29 -0500] "GET /sipse/faces/javax.faces.resource/layout/layout.js?ln=primefaces&v=4.0 HTTP/1.1" 304 -
190.90.15.108 - - [03/Jul/2024:12:16:29 -0500] "POST /sipse/faces/presentacion/financiero/solicitudProceso/consultar.xhtml HTTP/1.1" 200 37261
190.90.15.108 - - [03/Jul/2024:12:16:29 -0500] "POST /sipse/faces/presentacion/financiero/solicitudProceso/consultar.xhtml HTTP/1.1" 200 37261
190.90.15.108 - - [03/Jul/2024:12:16:30 -0500] "POST /sipse/faces/presentacion/financiero/solicitudProceso/consultar.xhtml HTTP/1.1" 200 37261
190.90.15.108 - - [03/Jul/2024:12:16:30 -0500] "POST /sipse/faces/presentacion/financiero/solicitudProceso/consultar.xhtml HTTP/1.1" 200 37261
190.90.15.108 - - [03/Jul/2024:12:16:31 -0500] "POST /sipse/faces/presentacion/financiero/solicitudProceso/consultar.xhtml HTTP/1.1" 200 37261
201.245.192.253 - - [03/Jul/2024:12:16:34 -0500] "GET /kwsrmcab/Wsrmcab?wsdl HTTP/1.1" 200 6948
190.90.15.108 - - [03/Jul/2024:12:16:39 -0500] "POST /sipse/faces/presentacion/financiero/solicitudProceso/consultar.xhtml HTTP/1.1" 200 12887
66.249.77.164 - - [03/Jul/2024:12:16:41 -0500] "GET /BLA/resoluciones/RESOLUCIONES%202010/1390.pdf HTTP/1.1" 200 348250
190.90.15.108 - - [03/Jul/2024:12:16:45 -0500] "POST /sipse/faces/presentacion/financiero/solicitudProceso/consultar.xhtml HTTP/1.1" 200 152411
190.90.15.108 - - [03/Jul/2024:12:16:47 -0500] "GET /sipse/faces/javax.faces.resource/jquery/jquery.js?ln=primefaces&v=4.0 HTTP/1.1" 304 -
190.90.15.108 - - [03/Jul/2024:12:16:47 -0500] "GET /sipse/faces/javax.faces.resource/jquery/jquery-plugins.js?ln=primefaces&v=4.0 HTTP/1.1" 304 -
190.90.15.108 - - [03/Jul/2024:12:16:48 -0500] "GET /sipse/faces/javax.faces.resource/primefaces.js?ln=primefaces&v=4.0 HTTP/1.1" 304 -
190.90.15.108 - - [03/Jul/2024:12:16:48 -0500] "GET /sipse/faces/javax.faces.resource/layout/layout.js?ln=primefaces&v=4.0 HTTP/1.1" 304 -
201.245.192.253 - - [03/Jul/2024:12:16:50 -0500] "POST /kwsrmcab/Wsrmcab HTTP/1.1" 200 38845
186.145.59.68 - - [03/Jul/2024:12:16:50 -0500] "GET /sipse/faces/javax.faces.resource/images/ui-bg_flat_0_2d5972_40x100.png?ln=primefaces-aristo HTTP/1.1" 304 -
201.245.192.253 - - [03/Jul/2024:12:16:50 -0500] "POST /kwsrmcab/Wsrmcab HTTP/1.1" 200 29876
186.145.59.68 - - [03/Jul/2024:12:16:50 -0500] "POST /sipse/faces/presentacion/financiero/solicitudProceso/consultarSolicitudProceso.xhtml HTTP/1.1" 200 72911
186.145.59.68 - - [03/Jul/2024:12:16:52 -0500] "GET /sipse/faces/javax.faces.resource/theme.css?ln=primefaces-sipse HTTP/1.1" 304 -
186.145.59.68 - - [03/Jul/2024:12:16:52 -0500] "GET /sipse/faces/javax.faces.resource/layout/layout.css?ln=primefaces&v=4.0 HTTP/1.1" 304 -
186.145.59.68 - - [03/Jul/2024:12:16:52 -0500] "GET /sipse/faces/javax.faces.resource/primefaces.css?ln=primefaces&v=4.0 HTTP/1.1" 304 -
186.145.59.68 - - [03/Jul/2024:12:16:52 -0500] "GET /sipse/faces/javax.faces.resource/jquery/jquery.js?ln=primefaces&v=4.0 HTTP/1.1" 304 -
186.145.59.68 - - [03/Jul/2024:12:16:53 -0500] "GET /sipse/faces/javax.faces.resource/jquery/jquery-plugins.js?ln=primefaces&v=4.0 HTTP/1.1" 304 -
186.145.59.68 - - [03/Jul/2024:12:16:53 -0500] "GET /sipse/faces/javax.faces.resource/primefaces.js?ln=primefaces&v=4.0 HTTP/1.1" 304 -
186.145.59.68 - - [03/Jul/2024:12:16:53 -0500] "GET /sipse/faces/javax.faces.resource/layout/layout.js?ln=primefaces&v=4.0 HTTP/1.1" 304 -
216.244.66.195 - - [03/Jul/2024:12:16:54 -0500] "GET /BLA/resoluciones/AUTOS%202019/3516.pdf HTTP/1.1" 200 264671
190.90.15.108 - - [03/Jul/2024:12:16:55 -0500] "POST /sipse/faces/presentacion/financiero/solicitudProceso/consultarSolicitudProceso.xhtml HTTP/1.1" 200 72260
186.155.18.159 - - [03/Jul/2024:12:17:03 -0500] "GET /BLA/resoluciones/index.php?dir=RESOLUCIONES+2011%2F HTTP/1.1" 200 747162
201.245.192.253 - - [03/Jul/2024:12:17:04 -0500] "POST /kwsrmcab/Wsrmcab  HTTP/1.1" 200 38894
216.244.66.195 - - [03/Jul/2024:12:17:25 -0500] "GET /BLA/resoluciones/AUTOS%202019/4191.pdf HTTP/1.1" 200 280479
201.245.192.253 - - [03/Jul/2024:12:17:34 -0500] "GET /kwsrmcab/Wsrmcab?wsdl HTTP/1.1" 200 6948
172.22.2.4 - - [03/Jul/2024:12:16:13 -0500] "HEAD /BLA/boletinlegal/ HTTP/1.1" 200 -
216.244.66.195 - - [03/Jul/2024:12:17:56 -0500] "GET /BLA/resoluciones/AUTOS%202019/4279.pdf HTTP/1.1" 200 314220
186.145.59.68 - - [03/Jul/2024:12:18:00 -0500] "POST /sipse/faces/presentacion/contratacion/contrato/crearModificarContrato.xhtml HTTP/1.1" 200 58449
186.145.59.68 - - [03/Jul/2024:12:18:01 -0500] "GET /sipse/faces/javax.faces.resource/primefaces.css?ln=primefaces&v=4.0 HTTP/1.1" 304 -
186.145.59.68 - - [03/Jul/2024:12:18:01 -0500] "GET /sipse/faces/javax.faces.resource/jquery/jquery.js?ln=primefaces&v=4.0 HTTP/1.1" 304 -
186.145.59.68 - - [03/Jul/2024:12:18:01 -0500] "GET /sipse/faces/javax.faces.resource/layout/layout.css?ln=primefaces&v=4.0 HTTP/1.1" 304 -
186.145.59.68 - - [03/Jul/2024:12:18:01 -0500] "GET /sipse/faces/javax.faces.resource/theme.css?ln=primefaces-sipse HTTP/1.1" 304 -
186.145.59.68 - - [03/Jul/2024:12:18:01 -0500] "GET /sipse/faces/javax.faces.resource/jquery/jquery-plugins.js?ln=primefaces&v=4.0 HTTP/1.1" 304 -
186.145.59.68 - - [03/Jul/2024:12:18:01 -0500] "GET /sipse/faces/javax.faces.resource/primefaces.js?ln=primefaces&v=4.0 HTTP/1.1" 304 -
186.145.59.68 - - [03/Jul/2024:12:18:01 -0500] "GET /sipse/faces/javax.faces.resource/layout/layout.js?ln=primefaces&v=4.0 HTTP/1.1" 304 -
186.145.59.68 - - [03/Jul/2024:12:18:00 -0500] "POST /sipse/faces/presentacion/contratacion/contrato/crearModificarContrato.xhtml HTTP/1.1" 200 30363
201.245.192.253 - - [03/Jul/2024:12:18:10 -0500] "POST /forms/lservlet;jsessionid=ac16012b30d6716d42d0eef24d9cbe79d3fe11a80187.e3iSbxaKaheRe34OahmPbx4Oa3z0n6jAmljGr5XDqQLvpAe HTTP/1.1" 200 2
216.244.66.195 - - [03/Jul/2024:12:18:21 -0500] "GET /BLA/resoluciones/AUTOS%202019/4409.pdf HTTP/1.1" 200 274449
186.29.6.75 - - [03/Jul/2024:12:18:21 -0500] "GET /appsia/controlador HTTP/1.1" 200 4799
186.29.6.75 - - [03/Jul/2024:12:18:21 -0500] "GET /appsia/css/estilos.css HTTP/1.1" 200 4804
186.29.6.75 - - [03/Jul/2024:12:18:21 -0500] "GET /appsia/scripts/validarIngreso.js HTTP/1.1" 200 851
186.29.6.75 - - [03/Jul/2024:12:18:21 -0500] "GET /appsia/images/logo_bogota_p.png HTTP/1.1" 200 14951
186.29.6.75 - - [03/Jul/2024:12:18:21 -0500] "GET /appsia/images/cabezoteHojaVida.png HTTP/1.1" 200 32493
186.29.6.75 - - [03/Jul/2024:12:18:21 -0500] "GET /favicon.ico HTTP/1.1" 200 7782
201.245.192.253 - - [03/Jul/2024:12:18:34 -0500] "GET /kwsrmcab/Wsrmcab?wsdl HTTP/1.1" 200 6948
186.145.59.68 - - [03/Jul/2024:12:18:41 -0500] "POST /sipse/faces/presentacion/contratacion/procesoContractual/registrarInvitacionContratista.xhtml HTTP/1.1" 200 9693
186.155.18.159 - - [03/Jul/2024:12:18:42 -0500] "GET /BLA/resoluciones/index.php?dir=RESOLUCIONES+2010%2F HTTP/1.1" 200 1307967
172.22.2.4 - - [03/Jul/2024:12:17:03 -0500] "GET /BLA/boletinlegal/ HTTP/1.1" 200 57889
186.155.18.159 - - [03/Jul/2024:12:18:48 -0500] "GET /BLA/resoluciones/RESOLUCIONES%202010/0218.pdf HTTP/1.1" 200 595047
216.244.66.195 - - [03/Jul/2024:12:18:52 -0500] "GET /BLA/resoluciones/AUTOS%202019/4482.pdf HTTP/1.1" 200 312744
190.90.15.108 - - [03/Jul/2024:12:18:53 -0500] "POST /sipse/faces/presentacion/financiero/solicitudProceso/consultarSolicitudProceso.xhtml HTTP/1.1" 200 43846
190.90.15.108 - - [03/Jul/2024:12:18:54 -0500] "GET /sipse/faces/javax.faces.resource/jquery/jquery.js?ln=primefaces&v=4.0 HTTP/1.1" 304 -
190.90.15.108 - - [03/Jul/2024:12:18:54 -0500] "GET /sipse/faces/javax.faces.resource/jquery/jquery-plugins.js?ln=primefaces&v=4.0 HTTP/1.1" 304 -
190.90.15.108 - - [03/Jul/2024:12:18:54 -0500] "GET /sipse/faces/javax.faces.resource/primefaces.js?ln=primefaces&v=4.0 HTTP/1.1" 304 -
190.90.15.108 - - [03/Jul/2024:12:18:54 -0500] "GET /sipse/faces/javax.faces.resource/layout/layout.js?ln=primefaces&v=4.0 HTTP/1.1" 304 -
190.90.15.108 - - [03/Jul/2024:12:18:54 -0500] "POST /sipse/faces/presentacion/financiero/solicitudProceso/consultar.xhtml HTTP/1.1" 200 37261
190.90.15.108 - - [03/Jul/2024:12:18:55 -0500] "POST /sipse/faces/presentacion/financiero/solicitudProceso/consultar.xhtml HTTP/1.1" 200 37261
190.90.15.108 - - [03/Jul/2024:12:18:55 -0500] "POST /sipse/faces/presentacion/financiero/solicitudProceso/consultar.xhtml HTTP/1.1" 200 37261
190.90.15.108 - - [03/Jul/2024:12:18:55 -0500] "POST /sipse/faces/presentacion/financiero/solicitudProceso/consultar.xhtml HTTP/1.1" 200 37261
190.90.15.108 - - [03/Jul/2024:12:18:56 -0500] "POST /sipse/faces/presentacion/financiero/solicitudProceso/consultar.xhtml HTTP/1.1" 200 37261
190.90.15.108 - - [03/Jul/2024:12:18:56 -0500] "POST /sipse/faces/presentacion/financiero/solicitudProceso/consultar.xhtml HTTP/1.1" 200 37261
190.90.15.108 - - [03/Jul/2024:12:18:56 -0500] "POST /sipse/faces/presentacion/financiero/solicitudProceso/consultar.xhtml HTTP/1.1" 200 37261
190.90.15.108 - - [03/Jul/2024:12:19:01 -0500] "POST /sipse/faces/presentacion/financiero/solicitudProceso/consultar.xhtml HTTP/1.1" 200 12893
190.90.15.108 - - [03/Jul/2024:12:19:03 -0500] "POST /sipse/faces/presentacion/financiero/solicitudProceso/consultar.xhtml HTTP/1.1" 200 152481
190.90.15.108 - - [03/Jul/2024:12:19:05 -0500] "GET /sipse/faces/javax.faces.resource/jquery/jquery.js?ln=primefaces&v=4.0 HTTP/1.1" 304 -
190.90.15.108 - - [03/Jul/2024:12:19:05 -0500] "GET /sipse/faces/javax.faces.resource/jquery/jquery-plugins.js?ln=primefaces&v=4.0 HTTP/1.1" 304 -
190.90.15.108 - - [03/Jul/2024:12:19:05 -0500] "GET /sipse/faces/javax.faces.resource/primefaces.js?ln=primefaces&v=4.0 HTTP/1.1" 304 -
190.90.15.108 - - [03/Jul/2024:12:19:05 -0500] "GET /sipse/faces/javax.faces.resource/layout/layout.js?ln=primefaces&v=4.0 HTTP/1.1" 304 -
190.90.15.108 - - [03/Jul/2024:12:19:09 -0500] "POST /sipse/faces/presentacion/financiero/solicitudProceso/consultarSolicitudProceso.xhtml HTTP/1.1" 200 72217
216.244.66.195 - - [03/Jul/2024:12:19:18 -0500] "GET /BLA/resoluciones/AUTOS%202019/4493.pdf HTTP/1.1" 200 319365
186.155.18.159 - - [03/Jul/2024:12:19:20 -0500] "GET /BLA/resoluciones/ HTTP/1.1" 200 14105
186.155.18.159 - - [03/Jul/2024:12:19:22 -0500] "GET /BLA/resoluciones/index.php?dir=RESOLUCIONES+2008%2F HTTP/1.1" 200 976272
216.245.221.92 - - [03/Jul/2024:12:19:26 -0500] "HEAD / HTTP/1.1" 200 -
186.155.18.159 - - [03/Jul/2024:12:19:27 -0500] "GET /BLA/resoluciones/RESOLUCIONES%202008/3954.pdf HTTP/1.1" 200 800861
186.145.59.68 - - [03/Jul/2024:12:19:30 -0500] "POST /sipse/faces/presentacion/contratacion/procesoContractual/registrarInvitacionContratista.xhtml HTTP/1.1" 200 9245
201.245.192.253 - - [03/Jul/2024:12:19:34 -0500] "GET /kwsrmcab/Wsrmcab?wsdl HTTP/1.1" 200 6948
186.145.59.68 - - [03/Jul/2024:12:19:34 -0500] "GET /sipse/faces/javax.faces.resource/images/ui-icons_898989_256x240.png?ln=primefaces-aristo HTTP/1.1" 304 -
186.145.59.68 - - [03/Jul/2024:12:19:39 -0500] "POST /sipse/faces/presentacion/contratacion/procesoContractual/registrarInvitacionContratista.xhtml HTTP/1.1" 200 73738
186.145.59.68 - - [03/Jul/2024:12:19:39 -0500] "GET /sipse/faces/javax.faces.resource/theme.css?ln=primefaces-sipse HTTP/1.1" 304 -
186.145.59.68 - - [03/Jul/2024:12:19:40 -0500] "GET /sipse/faces/javax.faces.resource/primefaces.css?ln=primefaces&v=4.0 HTTP/1.1" 304 -
186.145.59.68 - - [03/Jul/2024:12:19:40 -0500] "GET /sipse/faces/javax.faces.resource/jquery/jquery.js?ln=primefaces&v=4.0 HTTP/1.1" 304 -
186.145.59.68 - - [03/Jul/2024:12:19:40 -0500] "GET /sipse/faces/javax.faces.resource/layout/layout.css?ln=primefaces&v=4.0 HTTP/1.1" 304 -
186.145.59.68 - - [03/Jul/2024:12:19:40 -0500] "GET /sipse/faces/javax.faces.resource/jquery/jquery-plugins.js?ln=primefaces&v=4.0 HTTP/1.1" 304 -
186.145.59.68 - - [03/Jul/2024:12:19:41 -0500] "GET /sipse/faces/javax.faces.resource/primefaces.js?ln=primefaces&v=4.0 HTTP/1.1" 304 -
186.145.59.68 - - [03/Jul/2024:12:19:42 -0500] "GET /sipse/faces/javax.faces.resource/layout/layout.js?ln=primefaces&v=4.0 HTTP/1.1" 304 -
157.55.39.204 - - [03/Jul/2024:12:19:43 -0500] "GET /Publicaciones/2024EE123355.pdf HTTP/1.1" 404 228
186.145.59.68 - - [03/Jul/2024:12:19:48 -0500] "GET /sipse/faces/javax.faces.resource/layout/layout.css?ln=primefaces&v=4.0 HTTP/1.1" 304 -
186.145.59.68 - - [03/Jul/2024:12:19:48 -0500] "GET /sipse/faces/javax.faces.resource/primefaces.css?ln=primefaces&v=4.0 HTTP/1.1" 304 -
186.145.59.68 - - [03/Jul/2024:12:19:48 -0500] "GET /sipse/faces/javax.faces.resource/theme.css?ln=primefaces-sipse HTTP/1.1" 304 -
186.145.59.68 - - [03/Jul/2024:12:19:49 -0500] "GET /sipse/faces/javax.faces.resource/primefaces.js?ln=primefaces&v=4.0 HTTP/1.1" 304 -
186.145.59.68 - - [03/Jul/2024:12:19:49 -0500] "GET /sipse/faces/javax.faces.resource/jquery/jquery-plugins.js?ln=primefaces&v=4.0 HTTP/1.1" 304 -
186.145.59.68 - - [03/Jul/2024:12:19:49 -0500] "GET /sipse/faces/javax.faces.resource/jquery/jquery.js?ln=primefaces&v=4.0 HTTP/1.1" 304 -
186.145.59.68 - - [03/Jul/2024:12:19:47 -0500] "POST /sipse/faces/presentacion/contratacion/contrato/crearModificarContrato.xhtml HTTP/1.1" 200 40613
186.145.59.68 - - [03/Jul/2024:12:19:49 -0500] "GET /sipse/faces/javax.faces.resource/layout/layout.js?ln=primefaces&v=4.0 HTTP/1.1" 304 -
186.145.59.68 - - [03/Jul/2024:12:19:52 -0500] "POST /sipse/faces/presentacion/contratacion/contrato/adicionarSupervisor.xhtml HTTP/1.1" 200 16861
216.244.66.195 - - [03/Jul/2024:12:19:56 -0500] "GET /BLA/resoluciones/AUTOS%202023/3171.pdf HTTP/1.1" 200 890698
186.145.59.68 - - [03/Jul/2024:12:20:02 -0500] "GET /sipse/faces/javax.faces.resource/theme.css?ln=primefaces-sipse HTTP/1.1" 304 -
186.145.59.68 - - [03/Jul/2024:12:20:02 -0500] "GET /sipse/faces/javax.faces.resource/layout/layout.css?ln=primefaces&v=4.0 HTTP/1.1" 304 -
186.145.59.68 - - [03/Jul/2024:12:20:02 -0500] "GET /sipse/faces/javax.faces.resource/primefaces.css?ln=primefaces&v=4.0 HTTP/1.1" 304 -
186.145.59.68 - - [03/Jul/2024:12:20:02 -0500] "GET /sipse/faces/javax.faces.resource/jquery/jquery.js?ln=primefaces&v=4.0 HTTP/1.1" 304 -
186.145.59.68 - - [03/Jul/2024:12:20:02 -0500] "GET /sipse/faces/javax.faces.resource/jquery/jquery-plugins.js?ln=primefaces&v=4.0 HTTP/1.1" 304 -
186.145.59.68 - - [03/Jul/2024:12:20:02 -0500] "GET /sipse/faces/javax.faces.resource/primefaces.js?ln=primefaces&v=4.0 HTTP/1.1" 304 -
186.145.59.68 - - [03/Jul/2024:12:20:02 -0500] "GET /sipse/faces/javax.faces.resource/layout/layout.js?ln=primefaces&v=4.0 HTTP/1.1" 304 -
186.145.59.68 - - [03/Jul/2024:12:20:01 -0500] "POST /sipse/faces/presentacion/contratacion/contrato/adicionarSupervisor.xhtml HTTP/1.1" 200 79089
201.245.192.253 - - [03/Jul/2024:12:20:05 -0500] "POST /kwsrmcab/Wsrmcab HTTP/1.1" 200 29876
201.245.192.253 - - [03/Jul/2024:12:19:04 -0500] "POST /kwsrmcab/Wsrmcab HTTP/1.1" 200 33285
186.145.59.68 - - [03/Jul/2024:12:20:07 -0500] "POST /sipse/faces/presentacion/contratacion/contrato/crearModificarContrato.xhtml HTTP/1.1" 200 156656
186.145.59.68 - - [03/Jul/2024:12:20:09 -0500] "GET /sipse/faces/javax.faces.resource/primefaces.css?ln=primefaces&v=4.0 HTTP/1.1" 304 -
186.145.59.68 - - [03/Jul/2024:12:20:09 -0500] "GET /sipse/faces/javax.faces.resource/theme.css?ln=primefaces-sipse HTTP/1.1" 304 -
186.145.59.68 - - [03/Jul/2024:12:20:09 -0500] "GET /sipse/faces/javax.faces.resource/layout/layout.css?ln=primefaces&v=4.0 HTTP/1.1" 304 -
186.145.59.68 - - [03/Jul/2024:12:20:09 -0500] "GET /sipse/faces/javax.faces.resource/jquery/jquery.js?ln=primefaces&v=4.0 HTTP/1.1" 304 -
186.145.59.68 - - [03/Jul/2024:12:20:10 -0500] "GET /sipse/faces/javax.faces.resource/jquery/jquery-plugins.js?ln=primefaces&v=4.0 HTTP/1.1" 304 -
186.145.59.68 - - [03/Jul/2024:12:20:10 -0500] "GET /sipse/faces/javax.faces.resource/primefaces.js?ln=primefaces&v=4.0 HTTP/1.1" 304 -
186.145.59.68 - - [03/Jul/2024:12:20:10 -0500] "GET /sipse/faces/javax.faces.resource/layout/layout.js?ln=primefaces&v=4.0 HTTP/1.1" 304 -
201.245.192.253 - - [03/Jul/2024:12:20:10 -0500] "POST /forms/lservlet;jsessionid=ac16012b30d6716d42d0eef24d9cbe79d3fe11a80187.e3iSbxaKaheRe34OahmPbx4Oa3z0n6jAmljGr5XDqQLvpAe HTTP/1.1" 200 2
186.155.18.159 - - [03/Jul/2024:12:20:21 -0500] "GET /BLA/resoluciones/RESOLUCIONES%202008/2204.pdf HTTP/1.1" 200 386165
186.145.59.68 - - [03/Jul/2024:12:20:19 -0500] "POST /sipse/faces/presentacion/financiero/solicitudProceso/consultarSolicitudProceso.xhtml HTTP/1.1" 200 43676
66.249.77.164 - - [03/Jul/2024:12:20:27 -0500] "GET /portel_dama/libreria/php/2006/ECOSISTEMAS%20FINAL%20web_mz27/restauracion/sitio/55_artic/xtras/10.pdf HTTP/1.1" 404 1018
186.145.59.68 - - [03/Jul/2024:12:20:28 -0500] "GET /sipse/faces/javax.faces.resource/theme.css?ln=primefaces-sipse HTTP/1.1" 304 -
186.145.59.68 - - [03/Jul/2024:12:20:28 -0500] "GET /sipse/faces/javax.faces.resource/primefaces.css?ln=primefaces&v=4.0 HTTP/1.1" 304 -
186.145.59.68 - - [03/Jul/2024:12:20:28 -0500] "GET /sipse/faces/javax.faces.resource/jquery/jquery.js?ln=primefaces&v=4.0 HTTP/1.1" 304 -
186.145.59.68 - - [03/Jul/2024:12:20:28 -0500] "GET /sipse/faces/javax.faces.resource/layout/layout.css?ln=primefaces&v=4.0 HTTP/1.1" 304 -
186.145.59.68 - - [03/Jul/2024:12:20:28 -0500] "GET /sipse/faces/javax.faces.resource/jquery/jquery-plugins.js?ln=primefaces&v=4.0 HTTP/1.1" 304 -
186.145.59.68 - - [03/Jul/2024:12:20:28 -0500] "GET /sipse/faces/javax.faces.resource/primefaces.js?ln=primefaces&v=4.0 HTTP/1.1" 304 -
186.145.59.68 - - [03/Jul/2024:12:20:28 -0500] "GET /sipse/faces/javax.faces.resource/layout/layout.js?ln=primefaces&v=4.0 HTTP/1.1" 304 -
186.145.59.68 - - [03/Jul/2024:12:20:29 -0500] "GET /sipse/faces/javax.faces.resource/messages/messages.png?ln=primefaces&v=4.0 HTTP/1.1" 304 -
186.145.59.68 - - [03/Jul/2024:12:20:29 -0500] "POST /sipse/faces/presentacion/financiero/solicitudProceso/listarSolicitudProceso.xhtml HTTP/1.1" 200 1468
201.245.192.253 - - [03/Jul/2024:12:20:34 -0500] "GET /kwsrmcab/Wsrmcab?wsdl HTTP/1.1" 200 6948
216.244.66.195 - - [03/Jul/2024:12:20:36 -0500] "GET /BLA/resoluciones/RESOLUCIONES%202024/00252.pdf HTTP/1.1" 200 404663
40.77.167.132 - - [03/Jul/2024:12:20:39 -0500] "GET /BLA/resoluciones/RESOLUCIONES%202024/00747.pdf HTTP/1.1" 200 454793
186.155.18.159 - - [03/Jul/2024:12:20:54 -0500] "GET /BLA/resoluciones/index.php?dir=AUTOS+2008%2F HTTP/1.1" 200 569644
186.155.18.159 - - [03/Jul/2024:12:20:58 -0500] "GET /BLA/resoluciones/AUTOS%202008/1791.pdf HTTP/1.1" 200 229947
66.249.77.166 - - [03/Jul/2024:12:21:07 -0500] "GET /BLA/resoluciones/RESOLUCIONES%202009/3581.pdf HTTP/1.1" 200 812525
216.244.66.195 - - [03/Jul/2024:12:21:08 -0500] "GET /BLA/resoluciones/RESOLUCIONES%202024/00699.pdf HTTP/1.1" 200 475887
186.155.18.159 - - [03/Jul/2024:12:21:15 -0500] "GET /BLA/resoluciones/index.php?dir=RESOLUCIONES+2009%2F HTTP/1.1" 200 1694101
186.145.59.68 - - [03/Jul/2024:12:21:30 -0500] "POST /sipse/faces/presentacion/financiero/solicitudProceso/listarSolicitudProceso.xhtml HTTP/1.1" 200 11744
201.245.192.253 - - [03/Jul/2024:12:21:34 -0500] "GET /kwsrmcab/Wsrmcab?wsdl HTTP/1.1" 200 6948
186.155.18.159 - - [03/Jul/2024:12:21:37 -0500] "GET /BLA/resoluciones/RESOLUCIONES%202009/0541.pdf HTTP/1.1" 200 263873
186.145.59.68 - - [03/Jul/2024:12:21:35 -0500] "POST /sipse/faces/presentacion/financiero/solicitudProceso/listarSolicitudProceso.xhtml HTTP/1.1" 200 160324
186.145.59.68 - - [03/Jul/2024:12:21:39 -0500] "GET /sipse/faces/javax.faces.resource/theme.css?ln=primefaces-sipse HTTP/1.1" 304 -
186.145.59.68 - - [03/Jul/2024:12:21:39 -0500] "GET /sipse/faces/javax.faces.resource/layout/layout.css?ln=primefaces&v=4.0 HTTP/1.1" 304 -
186.145.59.68 - - [03/Jul/2024:12:21:39 -0500] "GET /sipse/faces/javax.faces.resource/jquery/jquery.js?ln=primefaces&v=4.0 HTTP/1.1" 304 -
186.145.59.68 - - [03/Jul/2024:12:21:39 -0500] "GET /sipse/faces/javax.faces.resource/primefaces.css?ln=primefaces&v=4.0 HTTP/1.1" 304 -
186.145.59.68 - - [03/Jul/2024:12:21:39 -0500] "GET /sipse/faces/javax.faces.resource/jquery/jquery-plugins.js?ln=primefaces&v=4.0 HTTP/1.1" 304 -
186.145.59.68 - - [03/Jul/2024:12:21:39 -0500] "GET /sipse/faces/javax.faces.resource/primefaces.js?ln=primefaces&v=4.0 HTTP/1.1" 304 -
186.145.59.68 - - [03/Jul/2024:12:21:39 -0500] "GET /sipse/faces/javax.faces.resource/layout/layout.js?ln=primefaces&v=4.0 HTTP/1.1" 304 -
216.244.66.195 - - [03/Jul/2024:12:21:44 -0500] "GET /BLA/resoluciones/RESOLUCIONES%202024/00723.pdf HTTP/1.1" 200 1698575
172.22.2.4 - - [03/Jul/2024:12:21:58 -0500] "GET /BLA/boletinlegal/actos.php HTTP/1.1" 200 9738
172.22.2.4 - - [03/Jul/2024:12:21:58 -0500] "GET /BLA/boletinlegal/styles2.css HTTP/1.1" 200 1838
172.22.2.4 - - [03/Jul/2024:12:21:58 -0500] "GET /BLA/boletinlegal/js/ajax_actos.js HTTP/1.1" 200 1322
172.22.2.4 - - [03/Jul/2024:12:21:58 -0500] "GET /BLA/boletinlegal/niceforms-default.css HTTP/1.1" 200 6694
172.22.2.4 - - [03/Jul/2024:12:21:58 -0500] "GET /BLA/boletinlegal/style.css HTTP/1.1" 200 9406
172.22.2.4 - - [03/Jul/2024:12:21:58 -0500] "GET /BLA/boletinlegal/niceforms.js HTTP/1.1" 200 22876
172.22.2.4 - - [03/Jul/2024:12:21:59 -0500] "GET /BLA/boletinlegal/js/lib.js HTTP/1.1" 200 6474
172.22.2.4 - - [03/Jul/2024:12:21:59 -0500] "GET /BLA/boletinlegal/js/jquery1.js HTTP/1.1" 200 29846
172.22.2.4 - - [03/Jul/2024:12:21:59 -0500] "GET /BLA/boletinlegal/js/popup.js HTTP/1.1" 200 1270
172.22.2.4 - - [03/Jul/2024:12:21:59 -0500] "GET /BLA/boletinlegal/images/cabezote%20BLEGAL.jpg HTTP/1.1" 200 118164
172.22.2.4 - - [03/Jul/2024:12:21:59 -0500] "GET /BLA/boletinlegal/images/subscribe-icon-big.png HTTP/1.1" 200 47702
172.22.2.4 - - [03/Jul/2024:12:21:59 -0500] "GET /BLA/boletinlegal/images/historia.png HTTP/1.1" 200 52775
186.145.59.68 - - [03/Jul/2024:12:21:59 -0500] "POST /sipse/faces/presentacion/financiero/solicitudProceso/consultarSolicitudProceso.xhtml HTTP/1.1" 200 111209
186.145.59.68 - - [03/Jul/2024:12:22:00 -0500] "POST /sipse/faces/presentacion/financiero/solicitudProceso/consultarSolicitudProceso.xhtml HTTP/1.1" 200 433408
201.245.192.253 - - [03/Jul/2024:12:22:03 -0500] "POST /kwsrmcab/Wsrmcab  HTTP/1.1" 200 38894
186.155.18.159 - - [03/Jul/2024:12:22:06 -0500] "GET /BLA/resoluciones/index.php?dir=RESOLUCIONES+2011%2F HTTP/1.1" 200 747162
201.245.192.253 - - [03/Jul/2024:12:22:10 -0500] "POST /forms/lservlet;jsessionid=ac16012b30d6716d42d0eef24d9cbe79d3fe11a80187.e3iSbxaKaheRe34OahmPbx4Oa3z0n6jAmljGr5XDqQLvpAe HTTP/1.1" 200 2
216.244.66.195 - - [03/Jul/2024:12:22:29 -0500] "GET /BLA/resoluciones/AUTOS%202015/5257.pdf HTTP/1.1" 200 497646
186.145.59.68 - - [03/Jul/2024:12:22:30 -0500] "POST /sipse/faces/presentacion/financiero/solicitudProceso/consultarSolicitudProceso.xhtml HTTP/1.1" 200 72978
186.145.59.68 - - [03/Jul/2024:12:22:31 -0500] "GET /sipse/faces/javax.faces.resource/theme.css?ln=primefaces-sipse HTTP/1.1" 304 -
186.145.59.68 - - [03/Jul/2024:12:22:31 -0500] "GET /sipse/faces/javax.faces.resource/jquery/jquery.js?ln=primefaces&v=4.0 HTTP/1.1" 304 -
186.145.59.68 - - [03/Jul/2024:12:22:31 -0500] "GET /sipse/faces/javax.faces.resource/layout/layout.css?ln=primefaces&v=4.0 HTTP/1.1" 304 -
186.145.59.68 - - [03/Jul/2024:12:22:31 -0500] "GET /sipse/faces/javax.faces.resource/primefaces.css?ln=primefaces&v=4.0 HTTP/1.1" 304 -
186.145.59.68 - - [03/Jul/2024:12:22:31 -0500] "GET /sipse/faces/javax.faces.resource/jquery/jquery-plugins.js?ln=primefaces&v=4.0 HTTP/1.1" 304 -
186.145.59.68 - - [03/Jul/2024:12:22:32 -0500] "GET /sipse/faces/javax.faces.resource/primefaces.js?ln=primefaces&v=4.0 HTTP/1.1" 304 -
186.145.59.68 - - [03/Jul/2024:12:22:32 -0500] "GET /sipse/faces/javax.faces.resource/layout/layout.js?ln=primefaces&v=4.0 HTTP/1.1" 304 -
201.245.192.253 - - [03/Jul/2024:12:22:34 -0500] "GET /kwsrmcab/Wsrmcab?wsdl HTTP/1.1" 200 6948
172.22.2.4 - - [03/Jul/2024:12:22:45 -0500] "GET /BLA/boletinlegal/robots.txt HTTP/1.1" 404 1038
190.25.42.234 - - [03/Jul/2024:12:22:48 -0500] "GET /habilitado-nuevo-camino-para-recorrer-los-cerros-guadalupe-aguanoso.html HTTP/1.1" 200 837
216.244.66.195 - - [03/Jul/2024:12:23:01 -0500] "GET /BLA/resoluciones/AUTOS%202021/6808.pdf HTTP/1.1" 200 355555
186.145.59.68 - - [03/Jul/2024:12:23:06 -0500] "POST /sipse/faces/presentacion/contratacion/contrato/crearModificarContrato.xhtml HTTP/1.1" 200 58426
186.145.59.68 - - [03/Jul/2024:12:23:07 -0500] "GET /sipse/faces/javax.faces.resource/theme.css?ln=primefaces-sipse HTTP/1.1" 304 -
186.145.59.68 - - [03/Jul/2024:12:23:07 -0500] "GET /sipse/faces/javax.faces.resource/layout/layout.css?ln=primefaces&v=4.0 HTTP/1.1" 304 -
186.145.59.68 - - [03/Jul/2024:12:23:07 -0500] "GET /sipse/faces/javax.faces.resource/primefaces.css?ln=primefaces&v=4.0 HTTP/1.1" 304 -
186.145.59.68 - - [03/Jul/2024:12:23:07 -0500] "GET /sipse/faces/javax.faces.resource/jquery/jquery-plugins.js?ln=primefaces&v=4.0 HTTP/1.1" 304 -
186.145.59.68 - - [03/Jul/2024:12:23:07 -0500] "GET /sipse/faces/javax.faces.resource/jquery/jquery.js?ln=primefaces&v=4.0 HTTP/1.1" 304 -
186.145.59.68 - - [03/Jul/2024:12:23:07 -0500] "GET /sipse/faces/javax.faces.resource/primefaces.js?ln=primefaces&v=4.0 HTTP/1.1" 304 -
186.145.59.68 - - [03/Jul/2024:12:23:07 -0500] "GET /sipse/faces/javax.faces.resource/layout/layout.js?ln=primefaces&v=4.0 HTTP/1.1" 304 -
186.145.59.68 - - [03/Jul/2024:12:23:07 -0500] "POST /sipse/faces/presentacion/contratacion/contrato/crearModificarContrato.xhtml HTTP/1.1" 200 30363
186.145.59.68 - - [03/Jul/2024:12:23:10 -0500] "POST /sipse/faces/presentacion/contratacion/procesoContractual/registrarInvitacionContratista.xhtml HTTP/1.1" 200 9693
201.245.192.253 - - [03/Jul/2024:12:23:19 -0500] "POST /sipse/faces/presentacion/financiero/solicitudProceso/consultarSolicitudProceso.xhtml HTTP/1.1" 200 36895
201.245.192.253 - - [03/Jul/2024:12:23:20 -0500] "GET /sipse/faces/javax.faces.resource/theme.css?ln=primefaces-sipse HTTP/1.1" 304 -
201.245.192.253 - - [03/Jul/2024:12:23:20 -0500] "GET /sipse/faces/javax.faces.resource/primefaces.css?ln=primefaces&v=4.0 HTTP/1.1" 304 -
201.245.192.253 - - [03/Jul/2024:12:23:20 -0500] "GET /sipse/faces/javax.faces.resource/layout/layout.css?ln=primefaces&v=4.0 HTTP/1.1" 304 -
201.245.192.253 - - [03/Jul/2024:12:23:20 -0500] "GET /sipse/faces/javax.faces.resource/jquery/jquery.js?ln=primefaces&v=4.0 HTTP/1.1" 304 -
201.245.192.253 - - [03/Jul/2024:12:23:20 -0500] "GET /sipse/faces/javax.faces.resource/jquery/jquery-plugins.js?ln=primefaces&v=4.0 HTTP/1.1" 304 -
201.245.192.253 - - [03/Jul/2024:12:23:20 -0500] "GET /sipse/css/imagen/contrasena.png HTTP/1.1" 404 383
201.245.192.253 - - [03/Jul/2024:12:23:20 -0500] "GET /sipse/faces/javax.faces.resource/primefaces.js?ln=primefaces&v=4.0 HTTP/1.1" 304 -
201.245.192.253 - - [03/Jul/2024:12:23:20 -0500] "GET /sipse/faces/javax.faces.resource/layout/layout.js?ln=primefaces&v=4.0 HTTP/1.1" 304 -
201.245.192.253 - - [03/Jul/2024:12:23:20 -0500] "GET /sipse/faces/javax.faces.resource/images/ui-icons_898989_256x240.png?ln=primefaces-aristo HTTP/1.1" 304 -
201.245.192.253 - - [03/Jul/2024:12:23:20 -0500] "POST /sipse/faces/presentacion/financiero/solicitudProceso/listarSolicitudProceso.xhtml HTTP/1.1" 200 30266
201.245.192.253 - - [03/Jul/2024:12:23:21 -0500] "GET /sipse/faces/javax.faces.resource/images/ui-bg_flat_0_2d5972_40x100.png?ln=primefaces-aristo HTTP/1.1" 304 -
201.245.192.253 - - [03/Jul/2024:12:23:21 -0500] "POST /sipse/faces/presentacion/financiero/solicitudProceso/listarSolicitudProceso.xhtml HTTP/1.1" 200 30266
66.249.77.164 - - [03/Jul/2024:12:23:24 -0500] "GET /BLA/resoluciones/AUTOS%202013/1415.pdf HTTP/1.1" 200 1739060
201.245.192.253 - - [03/Jul/2024:12:23:22 -0500] "POST /sipse/faces/presentacion/financiero/solicitudProceso/listarSolicitudProceso.xhtml HTTP/1.1" 200 1396
186.145.59.68 - - [03/Jul/2024:12:23:27 -0500] "POST /sipse/faces/presentacion/contratacion/procesoContractual/registrarInvitacionContratista.xhtml HTTP/1.1" 200 9250
201.245.192.253 - - [03/Jul/2024:12:23:26 -0500] "POST /sipse/faces/presentacion/financiero/solicitudProceso/listarSolicitudProceso.xhtml HTTP/1.1" 200 1396
216.244.66.195 - - [03/Jul/2024:12:23:31 -0500] "GET /BLA/resoluciones/AUTOS%202022/6018.pdf HTTP/1.1" 200 385616
201.245.192.253 - - [03/Jul/2024:12:23:34 -0500] "GET /kwsrmcab/Wsrmcab?wsdl HTTP/1.1" 200 6948
201.245.192.253 - - [03/Jul/2024:12:23:31 -0500] "POST /sipse/faces/presentacion/financiero/solicitudProceso/listarSolicitudProceso.xhtml HTTP/1.1" 200 1404
186.145.59.68 - - [03/Jul/2024:12:23:35 -0500] "POST /sipse/faces/presentacion/contratacion/procesoContractual/registrarInvitacionContratista.xhtml HTTP/1.1" 200 73806
186.145.59.68 - - [03/Jul/2024:12:23:37 -0500] "GET /sipse/faces/javax.faces.resource/theme.css?ln=primefaces-sipse HTTP/1.1" 304 -
186.145.59.68 - - [03/Jul/2024:12:23:37 -0500] "GET /sipse/faces/javax.faces.resource/primefaces.css?ln=primefaces&v=4.0 HTTP/1.1" 304 -
186.145.59.68 - - [03/Jul/2024:12:23:37 -0500] "GET /sipse/faces/javax.faces.resource/layout/layout.css?ln=primefaces&v=4.0 HTTP/1.1" 304 -
186.145.59.68 - - [03/Jul/2024:12:23:37 -0500] "GET /sipse/faces/javax.faces.resource/jquery/jquery.js?ln=primefaces&v=4.0 HTTP/1.1" 304 -
186.145.59.68 - - [03/Jul/2024:12:23:37 -0500] "GET /sipse/faces/javax.faces.resource/jquery/jquery-plugins.js?ln=primefaces&v=4.0 HTTP/1.1" 304 -
186.145.59.68 - - [03/Jul/2024:12:23:37 -0500] "GET /sipse/faces/javax.faces.resource/primefaces.js?ln=primefaces&v=4.0 HTTP/1.1" 304 -
186.145.59.68 - - [03/Jul/2024:12:23:38 -0500] "GET /sipse/faces/javax.faces.resource/layout/layout.js?ln=primefaces&v=4.0 HTTP/1.1" 304 -
201.245.192.253 - - [03/Jul/2024:12:23:39 -0500] "POST /sipse/faces/presentacion/financiero/solicitudProceso/listarSolicitudProceso.xhtml HTTP/1.1" 200 107696
201.245.192.253 - - [03/Jul/2024:12:23:41 -0500] "GET /sipse/faces/javax.faces.resource/theme.css?ln=primefaces-sipse HTTP/1.1" 304 -
201.245.192.253 - - [03/Jul/2024:12:23:41 -0500] "GET /sipse/faces/javax.faces.resource/layout/layout.css?ln=primefaces&v=4.0 HTTP/1.1" 304 -
201.245.192.253 - - [03/Jul/2024:12:23:41 -0500] "GET /sipse/faces/javax.faces.resource/primefaces.css?ln=primefaces&v=4.0 HTTP/1.1" 304 -
201.245.192.253 - - [03/Jul/2024:12:23:41 -0500] "GET /sipse/faces/javax.faces.resource/jquery/jquery.js?ln=primefaces&v=4.0 HTTP/1.1" 304 -
201.245.192.253 - - [03/Jul/2024:12:23:41 -0500] "GET /sipse/faces/javax.faces.resource/jquery/jquery-plugins.js?ln=primefaces&v=4.0 HTTP/1.1" 304 -
201.245.192.253 - - [03/Jul/2024:12:23:41 -0500] "GET /sipse/faces/javax.faces.resource/primefaces.js?ln=primefaces&v=4.0 HTTP/1.1" 304 -
201.245.192.253 - - [03/Jul/2024:12:23:41 -0500] "GET /sipse/faces/javax.faces.resource/layout/layout.js?ln=primefaces&v=4.0 HTTP/1.1" 304 -
172.22.2.4 - - [03/Jul/2024:12:22:03 -0500] "HEAD /BLA/boletinlegal/ HTTP/1.1" 200 -
186.145.59.68 - - [03/Jul/2024:12:23:44 -0500] "GET /sipse/faces/javax.faces.resource/theme.css?ln=primefaces-sipse HTTP/1.1" 304 -
186.145.59.68 - - [03/Jul/2024:12:23:44 -0500] "GET /sipse/faces/javax.faces.resource/primefaces.css?ln=primefaces&v=4.0 HTTP/1.1" 304 -
186.145.59.68 - - [03/Jul/2024:12:23:44 -0500] "GET /sipse/faces/javax.faces.resource/layout/layout.css?ln=primefaces&v=4.0 HTTP/1.1" 304 -
186.145.59.68 - - [03/Jul/2024:12:23:44 -0500] "GET /sipse/faces/javax.faces.resource/jquery/jquery.js?ln=primefaces&v=4.0 HTTP/1.1" 304 -
186.145.59.68 - - [03/Jul/2024:12:23:44 -0500] "GET /sipse/faces/javax.faces.resource/jquery/jquery-plugins.js?ln=primefaces&v=4.0 HTTP/1.1" 304 -
186.145.59.68 - - [03/Jul/2024:12:23:44 -0500] "GET /sipse/faces/javax.faces.resource/primefaces.js?ln=primefaces&v=4.0 HTTP/1.1" 304 -
186.145.59.68 - - [03/Jul/2024:12:23:45 -0500] "GET /sipse/faces/javax.faces.resource/layout/layout.js?ln=primefaces&v=4.0 HTTP/1.1" 304 -
186.145.59.68 - - [03/Jul/2024:12:23:43 -0500] "POST /sipse/faces/presentacion/contratacion/contrato/crearModificarContrato.xhtml HTTP/1.1" 200 40613
201.245.192.253 - - [03/Jul/2024:12:23:48 -0500] "POST /sipse/faces/presentacion/financiero/solicitudProceso/consultarSolicitudProceso.xhtml HTTP/1.1" 200 43774
201.245.192.253 - - [03/Jul/2024:12:23:48 -0500] "GET /sipse/faces/javax.faces.resource/theme.css?ln=primefaces-sipse HTTP/1.1" 304 -
201.245.192.253 - - [03/Jul/2024:12:23:48 -0500] "GET /sipse/faces/javax.faces.resource/primefaces.css?ln=primefaces&v=4.0 HTTP/1.1" 304 -
201.245.192.253 - - [03/Jul/2024:12:23:48 -0500] "GET /sipse/faces/javax.faces.resource/layout/layout.css?ln=primefaces&v=4.0 HTTP/1.1" 304 -
201.245.192.253 - - [03/Jul/2024:12:23:48 -0500] "GET /sipse/faces/javax.faces.resource/jquery/jquery.js?ln=primefaces&v=4.0 HTTP/1.1" 304 -
201.245.192.253 - - [03/Jul/2024:12:23:48 -0500] "GET /sipse/faces/javax.faces.resource/jquery/jquery-plugins.js?ln=primefaces&v=4.0 HTTP/1.1" 304 -
201.245.192.253 - - [03/Jul/2024:12:23:48 -0500] "GET /sipse/css/imagen/contrasena.png HTTP/1.1" 404 383
201.245.192.253 - - [03/Jul/2024:12:23:48 -0500] "GET /sipse/faces/javax.faces.resource/primefaces.js?ln=primefaces&v=4.0 HTTP/1.1" 304 -
201.245.192.253 - - [03/Jul/2024:12:23:48 -0500] "GET /sipse/faces/javax.faces.resource/layout/layout.js?ln=primefaces&v=4.0 HTTP/1.1" 304 -
186.145.59.68 - - [03/Jul/2024:12:23:48 -0500] "POST /sipse/faces/presentacion/contratacion/contrato/adicionarSupervisor.xhtml HTTP/1.1" 200 16861
201.245.192.253 - - [03/Jul/2024:12:23:48 -0500] "POST /sipse/faces/presentacion/financiero/solicitudProceso/consultar.xhtml HTTP/1.1" 200 37186
201.245.192.253 - - [03/Jul/2024:12:23:49 -0500] "POST /sipse/faces/presentacion/financiero/solicitudProceso/consultar.xhtml HTTP/1.1" 200 37186
201.245.192.253 - - [03/Jul/2024:12:23:54 -0500] "POST /sipse/faces/presentacion/financiero/solicitudProceso/consultar.xhtml HTTP/1.1" 200 12838
186.145.59.68 - - [03/Jul/2024:12:23:54 -0500] "GET /sipse/faces/javax.faces.resource/primefaces.css?ln=primefaces&v=4.0 HTTP/1.1" 304 -
186.145.59.68 - - [03/Jul/2024:12:23:54 -0500] "GET /sipse/faces/javax.faces.resource/theme.css?ln=primefaces-sipse HTTP/1.1" 304 -
186.145.59.68 - - [03/Jul/2024:12:23:54 -0500] "GET /sipse/faces/javax.faces.resource/layout/layout.css?ln=primefaces&v=4.0 HTTP/1.1" 304 -
186.145.59.68 - - [03/Jul/2024:12:23:54 -0500] "POST /sipse/faces/presentacion/contratacion/contrato/adicionarSupervisor.xhtml HTTP/1.1" 200 79157
186.145.59.68 - - [03/Jul/2024:12:23:54 -0500] "GET /sipse/faces/javax.faces.resource/primefaces.js?ln=primefaces&v=4.0 HTTP/1.1" 304 -
186.145.59.68 - - [03/Jul/2024:12:23:54 -0500] "GET /sipse/faces/javax.faces.resource/jquery/jquery.js?ln=primefaces&v=4.0 HTTP/1.1" 304 -
186.145.59.68 - - [03/Jul/2024:12:23:54 -0500] "GET /sipse/faces/javax.faces.resource/jquery/jquery-plugins.js?ln=primefaces&v=4.0 HTTP/1.1" 304 -
186.145.59.68 - - [03/Jul/2024:12:23:54 -0500] "GET /sipse/faces/javax.faces.resource/layout/layout.js?ln=primefaces&v=4.0 HTTP/1.1" 304 -
201.245.192.253 - - [03/Jul/2024:12:23:57 -0500] "POST /sipse/faces/presentacion/financiero/solicitudProceso/consultar.xhtml HTTP/1.1" 200 107970
201.245.192.253 - - [03/Jul/2024:12:23:58 -0500] "GET /sipse/faces/javax.faces.resource/theme.css?ln=primefaces-sipse HTTP/1.1" 304 -
201.245.192.253 - - [03/Jul/2024:12:23:58 -0500] "GET /sipse/faces/javax.faces.resource/layout/layout.css?ln=primefaces&v=4.0 HTTP/1.1" 304 -
201.245.192.253 - - [03/Jul/2024:12:23:58 -0500] "GET /sipse/faces/javax.faces.resource/primefaces.css?ln=primefaces&v=4.0 HTTP/1.1" 304 -
201.245.192.253 - - [03/Jul/2024:12:23:58 -0500] "GET /sipse/faces/javax.faces.resource/jquery/jquery.js?ln=primefaces&v=4.0 HTTP/1.1" 304 -
201.245.192.253 - - [03/Jul/2024:12:23:58 -0500] "GET /sipse/faces/javax.faces.resource/jquery/jquery-plugins.js?ln=primefaces&v=4.0 HTTP/1.1" 304 -
201.245.192.253 - - [03/Jul/2024:12:23:58 -0500] "GET /sipse/faces/javax.faces.resource/primefaces.js?ln=primefaces&v=4.0 HTTP/1.1" 304 -
201.245.192.253 - - [03/Jul/2024:12:23:58 -0500] "GET /sipse/faces/javax.faces.resource/layout/layout.js?ln=primefaces&v=4.0 HTTP/1.1" 304 -
216.244.66.195 - - [03/Jul/2024:12:23:59 -0500] "GET /BLA/resoluciones/AUTOS%202022/6415.pdf HTTP/1.1" 200 418368
186.145.59.68 - - [03/Jul/2024:12:23:59 -0500] "POST /sipse/faces/presentacion/contratacion/contrato/crearModificarContrato.xhtml HTTP/1.1" 200 165476
186.145.59.68 - - [03/Jul/2024:12:24:01 -0500] "GET /sipse/faces/javax.faces.resource/theme.css?ln=primefaces-sipse HTTP/1.1" 304 -
186.145.59.68 - - [03/Jul/2024:12:24:01 -0500] "GET /sipse/faces/javax.faces.resource/primefaces.css?ln=primefaces&v=4.0 HTTP/1.1" 304 -
186.145.59.68 - - [03/Jul/2024:12:24:01 -0500] "GET /sipse/faces/javax.faces.resource/jquery/jquery.js?ln=primefaces&v=4.0 HTTP/1.1" 304 -
186.145.59.68 - - [03/Jul/2024:12:24:01 -0500] "GET /sipse/faces/javax.faces.resource/layout/layout.css?ln=primefaces&v=4.0 HTTP/1.1" 304 -
186.145.59.68 - - [03/Jul/2024:12:24:02 -0500] "GET /sipse/faces/javax.faces.resource/jquery/jquery-plugins.js?ln=primefaces&v=4.0 HTTP/1.1" 304 -
186.145.59.68 - - [03/Jul/2024:12:24:02 -0500] "GET /sipse/faces/javax.faces.resource/primefaces.js?ln=primefaces&v=4.0 HTTP/1.1" 304 -
186.145.59.68 - - [03/Jul/2024:12:24:02 -0500] "GET /sipse/faces/javax.faces.resource/layout/layout.js?ln=primefaces&v=4.0 HTTP/1.1" 304 -
201.245.192.253 - - [03/Jul/2024:12:24:06 -0500] "POST /sipse/faces/presentacion/financiero/solicitudProceso/consultarSolicitudProceso.xhtml HTTP/1.1" 200 34262
201.245.192.253 - - [03/Jul/2024:12:24:06 -0500] "GET /sipse/faces/javax.faces.resource/jquery/jquery.js?ln=primefaces&v=4.0 HTTP/1.1" 304 -
201.245.192.253 - - [03/Jul/2024:12:24:06 -0500] "GET /sipse/faces/javax.faces.resource/theme.css?ln=primefaces-sipse HTTP/1.1" 304 -
201.245.192.253 - - [03/Jul/2024:12:24:06 -0500] "GET /sipse/faces/javax.faces.resource/primefaces.css?ln=primefaces&v=4.0 HTTP/1.1" 304 -
201.245.192.253 - - [03/Jul/2024:12:24:06 -0500] "GET /sipse/faces/javax.faces.resource/layout/layout.css?ln=primefaces&v=4.0 HTTP/1.1" 304 -
201.245.192.253 - - [03/Jul/2024:12:24:06 -0500] "GET /sipse/faces/javax.faces.resource/jquery/jquery-plugins.js?ln=primefaces&v=4.0 HTTP/1.1" 304 -
201.245.192.253 - - [03/Jul/2024:12:24:06 -0500] "GET /sipse/faces/javax.faces.resource/primefaces.js?ln=primefaces&v=4.0 HTTP/1.1" 304 -
201.245.192.253 - - [03/Jul/2024:12:24:06 -0500] "GET /sipse/faces/javax.faces.resource/layout/layout.js?ln=primefaces&v=4.0 HTTP/1.1" 304 -
201.245.192.253 - - [03/Jul/2024:12:24:06 -0500] "POST /sipse/faces/presentacion/financiero/solicitudProceso/listarSolicitudProceso.xhtml HTTP/1.1" 200 27648
201.245.192.253 - - [03/Jul/2024:12:24:07 -0500] "POST /sipse/faces/presentacion/financiero/solicitudProceso/listarSolicitudProceso.xhtml HTTP/1.1" 200 27648
201.245.192.253 - - [03/Jul/2024:12:24:07 -0500] "POST /sipse/faces/presentacion/financiero/solicitudProceso/listarSolicitudProceso.xhtml HTTP/1.1" 200 27648
201.245.192.253 - - [03/Jul/2024:12:24:07 -0500] "POST /sipse/faces/presentacion/financiero/solicitudProceso/listarSolicitudProceso.xhtml HTTP/1.1" 200 27648
201.245.192.253 - - [03/Jul/2024:12:24:07 -0500] "POST /sipse/faces/presentacion/financiero/solicitudProceso/listarSolicitudProceso.xhtml HTTP/1.1" 200 1376
201.245.192.253 - - [03/Jul/2024:12:24:07 -0500] "POST /sipse/faces/presentacion/financiero/solicitudProceso/listarSolicitudProceso.xhtml HTTP/1.1" 200 1380
201.245.192.253 - - [03/Jul/2024:12:24:07 -0500] "POST /sipse/faces/presentacion/financiero/solicitudProceso/listarSolicitudProceso.xhtml HTTP/1.1" 200 1384
201.245.192.253 - - [03/Jul/2024:12:24:08 -0500] "POST /sipse/faces/presentacion/financiero/solicitudProceso/listarSolicitudProceso.xhtml HTTP/1.1" 200 1380
201.245.192.253 - - [03/Jul/2024:12:24:08 -0500] "POST /sipse/faces/presentacion/financiero/solicitudProceso/listarSolicitudProceso.xhtml HTTP/1.1" 200 1380
186.145.59.68 - - [03/Jul/2024:12:24:06 -0500] "POST /sipse/faces/presentacion/financiero/solicitudProceso/consultarSolicitudProceso.xhtml HTTP/1.1" 200 40753
186.145.59.68 - - [03/Jul/2024:12:24:10 -0500] "GET /sipse/faces/javax.faces.resource/layout/layout.css?ln=primefaces&v=4.0 HTTP/1.1" 304 -
186.145.59.68 - - [03/Jul/2024:12:24:10 -0500] "GET /sipse/faces/javax.faces.resource/primefaces.css?ln=primefaces&v=4.0 HTTP/1.1" 304 -
186.145.59.68 - - [03/Jul/2024:12:24:10 -0500] "GET /sipse/faces/javax.faces.resource/theme.css?ln=primefaces-sipse HTTP/1.1" 304 -
186.145.59.68 - - [03/Jul/2024:12:24:10 -0500] "GET /sipse/faces/javax.faces.resource/jquery/jquery.js?ln=primefaces&v=4.0 HTTP/1.1" 304 -
186.145.59.68 - - [03/Jul/2024:12:24:10 -0500] "GET /sipse/faces/javax.faces.resource/jquery/jquery-plugins.js?ln=primefaces&v=4.0 HTTP/1.1" 304 -
201.245.192.253 - - [03/Jul/2024:12:24:10 -0500] "POST /sipse/faces/presentacion/financiero/solicitudProceso/listarSolicitudProceso.xhtml HTTP/1.1" 200 4642
201.245.192.253 - - [03/Jul/2024:12:24:10 -0500] "POST /forms/lservlet;jsessionid=ac16012b30d6716d42d0eef24d9cbe79d3fe11a80187.e3iSbxaKaheRe34OahmPbx4Oa3z0n6jAmljGr5XDqQLvpAe HTTP/1.1" 200 2
186.145.59.68 - - [03/Jul/2024:12:24:10 -0500] "GET /sipse/faces/javax.faces.resource/primefaces.js?ln=primefaces&v=4.0 HTTP/1.1" 304 -
201.245.192.253 - - [03/Jul/2024:12:24:10 -0500] "POST /sipse/faces/presentacion/financiero/solicitudProceso/listarSolicitudProceso.xhtml HTTP/1.1" 200 4618
201.245.192.253 - - [03/Jul/2024:12:24:11 -0500] "POST /sipse/faces/presentacion/financiero/solicitudProceso/listarSolicitudProceso.xhtml HTTP/1.1" 200 16259
186.145.59.68 - - [03/Jul/2024:12:24:11 -0500] "GET /sipse/faces/javax.faces.resource/layout/layout.js?ln=primefaces&v=4.0 HTTP/1.1" 304 -
201.245.192.253 - - [03/Jul/2024:12:24:11 -0500] "POST /sipse/faces/presentacion/financiero/solicitudProceso/listarSolicitudProceso.xhtml HTTP/1.1" 200 4614
186.145.59.68 - - [03/Jul/2024:12:24:11 -0500] "POST /sipse/faces/presentacion/financiero/solicitudProceso/listarSolicitudProceso.xhtml HTTP/1.1" 200 1436
201.245.192.253 - - [03/Jul/2024:12:24:13 -0500] "POST /sipse/faces/presentacion/financiero/solicitudProceso/listarSolicitudProceso.xhtml HTTP/1.1" 200 110796
201.245.192.253 - - [03/Jul/2024:12:24:14 -0500] "GET /sipse/faces/javax.faces.resource/theme.css?ln=primefaces-sipse HTTP/1.1" 304 -
201.245.192.253 - - [03/Jul/2024:12:24:14 -0500] "GET /sipse/faces/javax.faces.resource/layout/layout.css?ln=primefaces&v=4.0 HTTP/1.1" 304 -
201.245.192.253 - - [03/Jul/2024:12:24:14 -0500] "GET /sipse/faces/javax.faces.resource/primefaces.css?ln=primefaces&v=4.0 HTTP/1.1" 304 -
201.245.192.253 - - [03/Jul/2024:12:24:14 -0500] "GET /sipse/faces/javax.faces.resource/jquery/jquery.js?ln=primefaces&v=4.0 HTTP/1.1" 304 -
201.245.192.253 - - [03/Jul/2024:12:24:14 -0500] "GET /sipse/faces/javax.faces.resource/jquery/jquery-plugins.js?ln=primefaces&v=4.0 HTTP/1.1" 304 -
201.245.192.253 - - [03/Jul/2024:12:24:14 -0500] "GET /sipse/faces/javax.faces.resource/primefaces.js?ln=primefaces&v=4.0 HTTP/1.1" 304 -
201.245.192.253 - - [03/Jul/2024:12:24:14 -0500] "GET /sipse/faces/javax.faces.resource/layout/layout.js?ln=primefaces&v=4.0 HTTP/1.1" 304 -
201.245.192.253 - - [03/Jul/2024:12:24:17 -0500] "POST /sipse/faces/presentacion/financiero/solicitudProceso/consultarSolicitudProceso.xhtml HTTP/1.1" 200 37835
201.245.192.253 - - [03/Jul/2024:12:24:19 -0500] "GET /sipse/faces/javax.faces.resource/theme.css?ln=primefaces-sipse HTTP/1.1" 304 -
201.245.192.253 - - [03/Jul/2024:12:24:19 -0500] "GET /sipse/faces/javax.faces.resource/primefaces.css?ln=primefaces&v=4.0 HTTP/1.1" 304 -
201.245.192.253 - - [03/Jul/2024:12:24:19 -0500] "GET /sipse/faces/javax.faces.resource/layout/layout.css?ln=primefaces&v=4.0 HTTP/1.1" 304 -
201.245.192.253 - - [03/Jul/2024:12:24:19 -0500] "GET /sipse/faces/javax.faces.resource/jquery/jquery.js?ln=primefaces&v=4.0 HTTP/1.1" 304 -
201.245.192.253 - - [03/Jul/2024:12:24:19 -0500] "GET /sipse/faces/javax.faces.resource/jquery/jquery-plugins.js?ln=primefaces&v=4.0 HTTP/1.1" 304 -
201.245.192.253 - - [03/Jul/2024:12:24:19 -0500] "GET /sipse/faces/javax.faces.resource/primefaces.js?ln=primefaces&v=4.0 HTTP/1.1" 304 -
201.245.192.253 - - [03/Jul/2024:12:24:19 -0500] "GET /sipse/faces/javax.faces.resource/layout/layout.js?ln=primefaces&v=4.0 HTTP/1.1" 304 -
201.245.192.253 - - [03/Jul/2024:12:24:19 -0500] "GET /sipse/faces/javax.faces.resource/messages/messages.png?ln=primefaces&v=4.0 HTTP/1.1" 304 -
201.245.192.253 - - [03/Jul/2024:12:24:19 -0500] "POST /sipse/faces/presentacion/financiero/solicitudProceso/listarSolicitudProceso.xhtml HTTP/1.1" 200 1396
172.22.2.4 - - [03/Jul/2024:12:24:21 -0500] "GET /BLA/boletinlegal/actos.php HTTP/1.1" 200 9738
172.22.2.4 - - [03/Jul/2024:12:24:22 -0500] "GET /BLA/boletinlegal/favicon.ico HTTP/1.1" 404 1326
