172.22.2.4 - - [03/Jul/2024:10:26:14 -0500] "GET /BLA/boletinlegal/ HTTP/1.1" 200 53818
201.245.192.253 - - [03/Jul/2024:10:28:10 -0500] "POST /forms/lservlet;jsessionid=ac16012b30d6716d42d0eef24d9cbe79d3fe11a80187.e3iSbxaKaheRe34OahmPbx4Oa3z0n6jAmljGr5XDqQLvpAe HTTP/1.1" 200 2
200.69.84.134 - - [03/Jul/2024:10:28:10 -0500] "GET /sipse/faces/index.xhtml HTTP/1.1" 200 677
200.69.84.134 - - [03/Jul/2024:10:28:11 -0500] "GET /sipse/faces/javax.faces.resource/theme.css?ln=primefaces-sipse HTTP/1.1" 304 -
200.69.84.134 - - [03/Jul/2024:10:28:11 -0500] "GET /sipse/faces/faces/autenticacion.xhtml HTTP/1.1" 200 12413
200.69.84.134 - - [03/Jul/2024:10:28:11 -0500] "GET /sipse/js/disable_browser_buttons.js HTTP/1.1" 304 -
200.69.84.134 - - [03/Jul/2024:10:28:11 -0500] "GET /sipse/js/funciones.js HTTP/1.1" 304 -
200.69.84.134 - - [03/Jul/2024:10:28:11 -0500] "GET /sipse/css/custom_css_sg.css HTTP/1.1" 304 -
200.69.84.134 - - [03/Jul/2024:10:28:11 -0500] "GET /sipse/css/custom_css_sg_prime_login.css HTTP/1.1" 304 -
200.69.84.134 - - [03/Jul/2024:10:28:11 -0500] "GET /sipse/faces/javax.faces.resource/jquery/jquery-plugins.js?ln=primefaces&v=4.0 HTTP/1.1" 304 -
200.69.84.134 - - [03/Jul/2024:10:28:11 -0500] "GET /sipse/faces/javax.faces.resource/jquery/jquery.js?ln=primefaces&v=4.0 HTTP/1.1" 304 -
200.69.84.134 - - [03/Jul/2024:10:28:11 -0500] "GET /sipse/faces/javax.faces.resource/primefaces.css?ln=primefaces&v=4.0 HTTP/1.1" 304 -
200.69.84.134 - - [03/Jul/2024:10:28:11 -0500] "GET /sipse/faces/javax.faces.resource/layout/layout.css?ln=primefaces&v=4.0 HTTP/1.1" 304 -
200.69.84.134 - - [03/Jul/2024:10:28:11 -0500] "GET /sipse/faces/javax.faces.resource/theme.css?ln=primefaces-sipse HTTP/1.1" 304 -
200.69.84.134 - - [03/Jul/2024:10:28:11 -0500] "GET /sipse/faces/javax.faces.resource/primefaces.js?ln=primefaces&v=4.0 HTTP/1.1" 304 -
200.69.84.134 - - [03/Jul/2024:10:28:11 -0500] "GET /sipse/faces/javax.faces.resource/layout/layout.js?ln=primefaces&v=4.0 HTTP/1.1" 304 -
200.69.84.134 - - [03/Jul/2024:10:28:11 -0500] "GET /sipse/css/imagen/logoSDG.png HTTP/1.1" 304 -
200.69.84.134 - - [03/Jul/2024:10:28:11 -0500] "GET /sipse/css/imagen/loginimg.png HTTP/1.1" 304 -
200.69.84.134 - - [03/Jul/2024:10:28:11 -0500] "GET /sipse/faces/javax.faces.resource/images/ui-icons_898989_256x240.png?ln=primefaces-aristo HTTP/1.1" 304 -
200.69.84.134 - - [03/Jul/2024:10:28:13 -0500] "POST /sipse/faces/autenticacion.xhtml HTTP/1.1" 200 12791
200.69.84.134 - - [03/Jul/2024:10:28:14 -0500] "GET /sipse/css/custom_css_sg_prime.css HTTP/1.1" 304 -
200.69.84.134 - - [03/Jul/2024:10:28:14 -0500] "GET /sipse/faces/javax.faces.resource/theme.css?ln=primefaces-sipse HTTP/1.1" 304 -
200.69.84.134 - - [03/Jul/2024:10:28:14 -0500] "GET /sipse/faces/javax.faces.resource/primefaces.css?ln=primefaces&v=4.0 HTTP/1.1" 304 -
200.69.84.134 - - [03/Jul/2024:10:28:14 -0500] "GET /sipse/faces/javax.faces.resource/layout/layout.css?ln=primefaces&v=4.0 HTTP/1.1" 304 -
200.69.84.134 - - [03/Jul/2024:10:28:14 -0500] "GET /sipse/faces/javax.faces.resource/jquery/jquery.js?ln=primefaces&v=4.0 HTTP/1.1" 304 -
200.69.84.134 - - [03/Jul/2024:10:28:14 -0500] "GET /sipse/faces/javax.faces.resource/jquery/jquery-plugins.js?ln=primefaces&v=4.0 HTTP/1.1" 304 -
200.69.84.134 - - [03/Jul/2024:10:28:14 -0500] "GET /sipse/faces/javax.faces.resource/primefaces.js?ln=primefaces&v=4.0 HTTP/1.1" 304 -
200.69.84.134 - - [03/Jul/2024:10:28:14 -0500] "GET /sipse/faces/javax.faces.resource/layout/layout.js?ln=primefaces&v=4.0 HTTP/1.1" 304 -
200.69.84.134 - - [03/Jul/2024:10:28:14 -0500] "GET /sipse/faces/javax.faces.resource/messages/messages.png?ln=primefaces&v=4.0 HTTP/1.1" 304 -
200.69.84.134 - - [03/Jul/2024:10:28:16 -0500] "POST /sipse/faces/presentacion/sistema/seguridad/seleccionRol.xhtml HTTP/1.1" 200 7500
200.69.84.134 - - [03/Jul/2024:10:28:17 -0500] "GET /sipse/faces/javax.faces.resource/images/ui-bg_flat_0_2d5972_40x100.png?ln=primefaces-aristo HTTP/1.1" 304 -
200.69.84.134 - - [03/Jul/2024:10:28:18 -0500] "POST /sipse/faces/presentacion/sistema/seguridad/seleccionRol.xhtml HTTP/1.1" 200 16353
200.69.84.134 - - [03/Jul/2024:10:28:18 -0500] "GET /sipse/js/jquery.min.js HTTP/1.1" 304 -
200.69.84.134 - - [03/Jul/2024:10:28:18 -0500] "GET /sipse/faces/javax.faces.resource/primefaces.css?ln=primefaces&v=4.0 HTTP/1.1" 304 -
200.69.84.134 - - [03/Jul/2024:10:28:18 -0500] "GET /sipse/faces/javax.faces.resource/layout/layout.css?ln=primefaces&v=4.0 HTTP/1.1" 304 -
200.69.84.134 - - [03/Jul/2024:10:28:18 -0500] "GET /sipse/faces/javax.faces.resource/theme.css?ln=primefaces-sipse HTTP/1.1" 304 -
200.69.84.134 - - [03/Jul/2024:10:28:18 -0500] "GET /sipse/faces/javax.faces.resource/jquery/jquery.js?ln=primefaces&v=4.0 HTTP/1.1" 304 -
186.155.18.159 - - [03/Jul/2024:10:28:18 -0500] "GET /BLA/resoluciones/index.php?dir=AUTOS+2012%2F HTTP/1.1" 200 277299
200.69.84.134 - - [03/Jul/2024:10:28:18 -0500] "GET /sipse/faces/javax.faces.resource/jquery/jquery-plugins.js?ln=primefaces&v=4.0 HTTP/1.1" 304 -
200.69.84.134 - - [03/Jul/2024:10:28:18 -0500] "GET /sipse/faces/javax.faces.resource/primefaces.js?ln=primefaces&v=4.0 HTTP/1.1" 304 -
200.69.84.134 - - [03/Jul/2024:10:28:18 -0500] "GET /sipse/faces/javax.faces.resource/layout/layout.js?ln=primefaces&v=4.0 HTTP/1.1" 304 -
200.69.84.134 - - [03/Jul/2024:10:28:18 -0500] "GET /sipse/css/v_mergente.css HTTP/1.1" 304 -
200.69.84.134 - - [03/Jul/2024:10:28:18 -0500] "GET /sipse/imagenes/logoAplicacion.jpg HTTP/1.1" 304 -
200.69.84.134 - - [03/Jul/2024:10:28:18 -0500] "GET /sipse/imagenes/cargando.gif HTTP/1.1" 304 -
200.69.84.134 - - [03/Jul/2024:10:28:18 -0500] "GET /sipse/css/imagen/contrasena.png HTTP/1.1" 404 383
216.244.66.195 - - [03/Jul/2024:10:28:20 -0500] "GET /BLA/resoluciones/AUTOS%202019/2655.pdf HTTP/1.1" 200 265161
200.69.84.134 - - [03/Jul/2024:10:28:21 -0500] "POST /sipse/faces/bienvenido.xhtml HTTP/1.1" 200 2073
200.69.84.134 - - [03/Jul/2024:10:28:21 -0500] "POST /sipse/faces/bienvenido.xhtml HTTP/1.1" 200 38992
200.69.84.134 - - [03/Jul/2024:10:28:22 -0500] "GET /sipse/faces/javax.faces.resource/theme.css?ln=primefaces-sipse HTTP/1.1" 304 -
200.69.84.134 - - [03/Jul/2024:10:28:22 -0500] "GET /sipse/faces/javax.faces.resource/layout/layout.css?ln=primefaces&v=4.0 HTTP/1.1" 304 -
200.69.84.134 - - [03/Jul/2024:10:28:22 -0500] "GET /sipse/faces/javax.faces.resource/primefaces.css?ln=primefaces&v=4.0 HTTP/1.1" 304 -
200.69.84.134 - - [03/Jul/2024:10:28:22 -0500] "GET /sipse/faces/javax.faces.resource/jquery/jquery.js?ln=primefaces&v=4.0 HTTP/1.1" 304 -
200.69.84.134 - - [03/Jul/2024:10:28:22 -0500] "GET /sipse/faces/javax.faces.resource/jquery/jquery-plugins.js?ln=primefaces&v=4.0 HTTP/1.1" 304 -
200.69.84.134 - - [03/Jul/2024:10:28:22 -0500] "GET /sipse/faces/javax.faces.resource/primefaces.js?ln=primefaces&v=4.0 HTTP/1.1" 304 -
200.69.84.134 - - [03/Jul/2024:10:28:22 -0500] "GET /sipse/faces/javax.faces.resource/layout/layout.js?ln=primefaces&v=4.0 HTTP/1.1" 304 -
186.155.18.159 - - [03/Jul/2024:10:28:23 -0500] "GET /BLA/resoluciones/AUTOS%202012/1376.pdf HTTP/1.1" 200 258573
200.69.84.134 - - [03/Jul/2024:10:28:23 -0500] "POST /sipse/faces/presentacion/financiero/solicitudProceso/consultar.xhtml HTTP/1.1" 200 12934
200.69.84.134 - - [03/Jul/2024:10:28:25 -0500] "POST /sipse/faces/presentacion/financiero/solicitudProceso/consultar.xhtml HTTP/1.1" 200 114631
200.69.84.134 - - [03/Jul/2024:10:28:26 -0500] "GET /sipse/faces/javax.faces.resource/theme.css?ln=primefaces-sipse HTTP/1.1" 304 -
200.69.84.134 - - [03/Jul/2024:10:28:26 -0500] "GET /sipse/faces/javax.faces.resource/primefaces.css?ln=primefaces&v=4.0 HTTP/1.1" 304 -
200.69.84.134 - - [03/Jul/2024:10:28:26 -0500] "GET /sipse/faces/javax.faces.resource/layout/layout.css?ln=primefaces&v=4.0 HTTP/1.1" 304 -
200.69.84.134 - - [03/Jul/2024:10:28:26 -0500] "GET /sipse/faces/javax.faces.resource/jquery/jquery.js?ln=primefaces&v=4.0 HTTP/1.1" 304 -
200.69.84.134 - - [03/Jul/2024:10:28:26 -0500] "GET /sipse/faces/javax.faces.resource/jquery/jquery-plugins.js?ln=primefaces&v=4.0 HTTP/1.1" 304 -
200.69.84.134 - - [03/Jul/2024:10:28:26 -0500] "GET /sipse/faces/javax.faces.resource/primefaces.js?ln=primefaces&v=4.0 HTTP/1.1" 304 -
200.69.84.134 - - [03/Jul/2024:10:28:26 -0500] "GET /sipse/faces/javax.faces.resource/layout/layout.js?ln=primefaces&v=4.0 HTTP/1.1" 304 -
201.245.192.253 - - [03/Jul/2024:10:28:34 -0500] "GET /kwsrmcab/Wsrmcab?wsdl HTTP/1.1" 200 6948
200.69.84.134 - - [03/Jul/2024:10:28:39 -0500] "POST /sipse/faces/presentacion/financiero/solicitudProceso/consultarSolicitudProceso.xhtml HTTP/1.1" 200 42151
200.69.84.134 - - [03/Jul/2024:10:28:39 -0500] "GET /sipse/faces/javax.faces.resource/theme.css?ln=primefaces-sipse HTTP/1.1" 304 -
200.69.84.134 - - [03/Jul/2024:10:28:39 -0500] "GET /sipse/faces/javax.faces.resource/layout/layout.css?ln=primefaces&v=4.0 HTTP/1.1" 304 -
200.69.84.134 - - [03/Jul/2024:10:28:39 -0500] "GET /sipse/faces/javax.faces.resource/primefaces.css?ln=primefaces&v=4.0 HTTP/1.1" 304 -
200.69.84.134 - - [03/Jul/2024:10:28:39 -0500] "GET /sipse/faces/javax.faces.resource/jquery/jquery.js?ln=primefaces&v=4.0 HTTP/1.1" 304 -
200.69.84.134 - - [03/Jul/2024:10:28:39 -0500] "GET /sipse/faces/javax.faces.resource/jquery/jquery-plugins.js?ln=primefaces&v=4.0 HTTP/1.1" 304 -
200.69.84.134 - - [03/Jul/2024:10:28:39 -0500] "GET /sipse/faces/javax.faces.resource/primefaces.js?ln=primefaces&v=4.0 HTTP/1.1" 304 -
200.69.84.134 - - [03/Jul/2024:10:28:39 -0500] "GET /sipse/faces/javax.faces.resource/layout/layout.js?ln=primefaces&v=4.0 HTTP/1.1" 304 -
200.69.84.134 - - [03/Jul/2024:10:28:39 -0500] "POST /sipse/faces/presentacion/financiero/solicitudProceso/consultar.xhtml HTTP/1.1" 200 35550
200.69.84.134 - - [03/Jul/2024:10:28:39 -0500] "POST /sipse/faces/presentacion/financiero/solicitudProceso/consultar.xhtml HTTP/1.1" 200 35550
200.69.84.134 - - [03/Jul/2024:10:28:42 -0500] "POST /sipse/faces/presentacion/financiero/solicitudProceso/consultar.xhtml HTTP/1.1" 200 12859
200.69.84.134 - - [03/Jul/2024:10:28:43 -0500] "POST /sipse/faces/presentacion/financiero/solicitudProceso/consultar.xhtml HTTP/1.1" 200 114532
200.69.84.134 - - [03/Jul/2024:10:28:44 -0500] "GET /sipse/faces/javax.faces.resource/theme.css?ln=primefaces-sipse HTTP/1.1" 304 -
200.69.84.134 - - [03/Jul/2024:10:28:44 -0500] "GET /sipse/faces/javax.faces.resource/layout/layout.css?ln=primefaces&v=4.0 HTTP/1.1" 304 -
200.69.84.134 - - [03/Jul/2024:10:28:44 -0500] "GET /sipse/faces/javax.faces.resource/primefaces.css?ln=primefaces&v=4.0 HTTP/1.1" 304 -
200.69.84.134 - - [03/Jul/2024:10:28:44 -0500] "GET /sipse/faces/javax.faces.resource/jquery/jquery.js?ln=primefaces&v=4.0 HTTP/1.1" 304 -
200.69.84.134 - - [03/Jul/2024:10:28:44 -0500] "GET /sipse/faces/javax.faces.resource/jquery/jquery-plugins.js?ln=primefaces&v=4.0 HTTP/1.1" 304 -
200.69.84.134 - - [03/Jul/2024:10:28:44 -0500] "GET /sipse/faces/javax.faces.resource/primefaces.js?ln=primefaces&v=4.0 HTTP/1.1" 304 -
200.69.84.134 - - [03/Jul/2024:10:28:44 -0500] "GET /sipse/faces/javax.faces.resource/layout/layout.js?ln=primefaces&v=4.0 HTTP/1.1" 304 -
216.244.66.195 - - [03/Jul/2024:10:28:51 -0500] "GET /BLA/resoluciones/AUTOS%202019/2731.pdf HTTP/1.1" 200 278316
186.155.18.159 - - [03/Jul/2024:10:28:58 -0500] "GET /BLA/resoluciones/index.php?dir=RESOLUCIONES+2011%2F HTTP/1.1" 200 747162
201.245.192.253 - - [03/Jul/2024:10:29:04 -0500] "POST /kwsrmcab/Wsrmcab HTTP/1.1" 200 36610
186.102.72.142 - - [03/Jul/2024:10:29:08 -0500] "GET /kwssiamovil/sm/ldap/au?x=U2FsdGVkX19VVbe0AEhTz4FmgKZZgQIP/d9Xf6cSOjEgM5+joNOjfUjrHyaTApYf&y=U2FsdGVkX19Jh/mESTkegjhjyhZx4Nxxzwl8yxaJBakh3YWv1uWheYl541aA9ZnV HTTP/1.1" 200 30
186.102.72.142 - - [03/Jul/2024:10:29:09 -0500] "GET /kwssiamovil/sm/acme/s?s=U2FsdGVkX19R8ygdfWoIoRJpi15VkO/KETxd9f8ww3amPlx3tjQqgLUsIUzfh6JTib/niHideTEzjgy74u3/LEHBtYsKhawjorAEr4+zhi8=&u=U2FsdGVkX1/8j3VRBtzScAfbQpB3NG2euyRLoIYi3E0=&y=U2FsdGVkX19Jh/mESTkegjhjyhZx4Nxxzwl8yxaJBakh3YWv1uWheYl541aA9ZnV HTTP/1.1" 200 97
186.102.72.142 - - [03/Jul/2024:10:29:09 -0500] "GET /kwssiamovil/sm/acme/s?s=U2FsdGVkX18Djkjgvfjhs+US6OBQTsPTtfxna4GqIcjpcvt7kTlN/wkO8vgFs/svC2jjqFBTUgm2DfsF7Bc3P3esmYNEVzGWZIlzsx4lzZGlw825dUDh5Kbq5i2N3Q5qu4W8wSyijLCSBE+wDgZCPJfzR4AdLicY4sTAkzQpnaA/PwUUfAWPA4FDOSldQEYB06uKfSEb/bMTDtPNxylTaUPJu+ecmmrybNtVz5B+G8OYcTjXbdBrc+e1aK6kD4YUAqJ7uYXOqsTmsQqwBk+swC2jYE3MBwxNMzlp/zvxI+T9eKzVCom4jnFLlfA7zhlt1Kq3lU7KSDoytMpvdtfCjC6kpUnIgeQCxsDDFRNe3Ng/do0nWV2fv6UkKw5odA6jd04hd+17WP02DV3OjdbCgpAFEHVQGxfCke3TXi8VPZbAE0ycloFl18E+Lz2Y8f5uVBF8NG+X9hMltd1FauvuzzoEOC8boICPEP99oM+MucQxALUJKYEkFqzb4ZyztaZmpOXL9R01pWjOBPALsrPaELXdVf1UbTVnSt3e7/lm8sA17W0z+8ZgIU+C+mi0P4olj9CJKb3kyKwLpvjJq+WZFSISgbXZLVcwOT2nx3NesIYBa6QZPIEuSuT/6nL2T0I7OuZ3JiTLieTmn3y1Rd1cIHrb8Xrud4fKV57Iz7dZkIeyOQLruor6Yaig0kj9Bg4CSHv46h8buv8xipqKhaH8VPkm5mvy4NQEgsUxmQvQ5bsAoSZRjxe6m3cFAG4ELStCkxQSCSFqmIEzhr2LXfa8uHdc6vX8ZbJK9bnoJXVA+Mi5Wf9TR4JWIG9zrOt6l2D5c7hzTaebrsJOFFFxtS1nIqtXlltdljAZX9FutB4r54vSRkLHH6dAuWK1sRswr/2PRgmiKSC4kWsIdvdfxBkMRFO2u+qQB5fNWv9P/9AcS9PMnsF8bXn656cIkJvfEK4MgL68s+HTVbiH7z+TO6oKFoN58Zj7/Lke9Kvb6tj34BQqtlIDjo9dv6JKQAYRRaiQFWkHSBa6bOPOXz7bbcrCyomwi+9e/3gZlxhfLAYjMPFGihyRqTGlNk421RByoDjRQUXEsYAJTwtoW7hQI3pbVonXLa1pku4iwtWtrlRc/P0Qbzd+xZcBRpXvks16EYS8I1/tLP23Em/gpQb5ecB+uhSluu6F3Mlu5lxnTDMVYA8jvhOTZq7w7KnNOec2Sq4QyNsZV6US78CMQocV8cIJn9bEYuShwGEGUVDQpMAE95xIWfntBsOs/OsWv1Xh/m0ccLzAwHB3eSd7gjrSyPzAWSFT1Yut1zFqRT2JlhlNtiXiQQGUyLrFBNlGWPxqgQ/Le/M18B5tejIjc9QEs7o5uoqR3iIeG13mYnKuCqSRVvIRpyKKzu3NcTeoDsLfuFD45mdhGy3D5zmzK2PBevXhFX21qvOzDYviwtnbuzKsmPAXae1wHxehREAoTCr5YdBp2Q88uoU1jdLsUQ0y3OxZJzEOF5FCZx42kTstk1XSryWpwovsGVmMnIBrY+bbrJiwkJYjYy9elw8AVe4DPbdyOQc5OIOkD7YKOTz5U9V8cK9cWhU3wtop8O+mE26LELs1yh8cH7xfRybOg+T0K4acy/DTMSYG2i7umcFgz4v1hQ7R+lmStiA3Z0m71vM1oyyit8wqiAQfZVbvP3typ/l3sdGqwSdPSmXMywGxvCz8J+duO0ArIE8W6oBVvFOGHS4+86E3A/gosAElaxkL1XNWLWV3HcYUT8bxCeMbGIY03JA=&u=U2FsdGVkX1/8j3VRBtzScAfbQpB3NG2euyRLoIYi3E0=&y=U2FsdGVkX19Jh/mESTkegjhjyhZx4Nxxzwl8yxaJBakh3YWv1uWheYl541aA9ZnV HTTP/1.1" 200 1694
186.102.72.142 - - [03/Jul/2024:10:29:09 -0500] "GET /kwssiamovil/sm/acme/s?s=U2FsdGVkX19qz2AP3IOJ96ln7TNPhq1y1z316Do/X63IYUWrJkeHiNUQH/XkVUhe2CCKSqDa25JsIzYc4+MJSxMrbr7s/qG2bTiHYuDWIQ1p5ZO4YQVlz98y4sEy0A4BXiv7JLyOipwd1AAMAnY2yMcX0wGPRzXXZ79KBmHMJ7guipFR3Ew+qO1Rd6O02r2RmFzoy1WbPNLcX7ocSJCuZLA12x8XXys8YTy0or1054ZdCjYEfOYxkGt6pUIUGTP7tT5I+b7FbDp/PQwLj9PKsI103qLvegu43kUY3vo3zesz2aM8CA1zzt7nTS+PZ1CPHgcgEI9DDZ9duOAmdL28jg6Qjo/yiLDnC2aP7H5b/PBLJsknAbPn/Nqpnw9xKwD6tSOKW/mlbJpbID4f+1r13GpvWS+dsJOF/FMcEmgXb2//GR+5iUz0YNDnn5YVg4TZaaLy/XBIfvTpZlgZJfmW0oS03gxwfAt0rObd1RupzB4W+EtsQobr0xLmVPQSspNS5pn45Ax8nmvkNLEox8DoR2uKqUA0iWnaWySLAnM7plg9B/Rb4l1uwnaes+wQPZIH5wQVs8L1RmaERqr5Z4I9+LgvwjPZc7Amaffcj2SjL6vo1TW4YbLdTKwEk93Z63lS3QR8qWplCjzDNOMU/n9nZWJy0CVDxb5EfHIqtb7JvIGlFvDiO/DN3xSahEj1UKCkorK1podE1MAw+GiePVNjzi+ciOaVjrNbzv3k8y2IXG61VZ+saXaZA1mD5wof9KNK&u=U2FsdGVkX1/8j3VRBtzScAfbQpB3NG2euyRLoIYi3E0=&y=U2FsdGVkX19Jh/mESTkegjhjyhZx4Nxxzwl8yxaJBakh3YWv1uWheYl541aA9ZnV HTTP/1.1" 200 208
186.102.72.142 - - [03/Jul/2024:10:29:09 -0500] "GET /kwssiamovil/sm/cjson/pre?f=1&x=U2FsdGVkX19VVbe0AEhTz4FmgKZZgQIP/d9Xf6cSOjEgM5+joNOjfUjrHyaTApYf HTTP/1.1" 200 30244
186.155.18.159 - - [03/Jul/2024:10:29:17 -0500] "GET /BLA/resoluciones/index.php?dir=RESOLUCIONES+2010%2F HTTP/1.1" 200 1307967
216.244.66.195 - - [03/Jul/2024:10:29:22 -0500] "GET /BLA/resoluciones/AUTOS%202019/2883.pdf HTTP/1.1" 200 272980
186.155.18.159 - - [03/Jul/2024:10:29:22 -0500] "GET /BLA/resoluciones/RESOLUCIONES%202010/7285.pdf HTTP/1.1" 200 1332253
216.245.221.92 - - [03/Jul/2024:10:29:27 -0500] "HEAD / HTTP/1.1" 200 -
172.22.2.4 - - [03/Jul/2024:10:29:31 -0500] "GET /BLA/boletinlegal/consulta_actos.php?tipo=resoluciones&no=03362&usuario=&sector=&fecha=2017&resuelve= HTTP/1.1" 200 626
201.245.192.253 - - [03/Jul/2024:10:29:34 -0500] "GET /kwsrmcab/Wsrmcab?wsdl HTTP/1.1" 200 6948
172.22.2.4 - - [03/Jul/2024:10:29:35 -0500] "GET /BLA/boletinlegal/consulta_actos.php?tipo=resoluciones&no=03362&usuario=&sector=&fecha=2017&resuelve= HTTP/1.1" 200 626
172.22.2.4 - - [03/Jul/2024:10:29:36 -0500] "GET /BLA/boletinlegal/actos.php HTTP/1.1" 200 9738
201.245.192.253 - - [03/Jul/2024:10:29:48 -0500] "POST /kwsrmcab/Wsrmcab HTTP/1.1" 200 28271
216.244.66.195 - - [03/Jul/2024:10:29:50 -0500] "GET /BLA/resoluciones/AUTOS%202019/3091.pdf HTTP/1.1" 200 258913
186.155.18.159 - - [03/Jul/2024:10:29:54 -0500] "GET /BLA/resoluciones/index.php?dir=AUTOS+2010%2F HTTP/1.1" 200 282844
172.22.2.4 - - [03/Jul/2024:10:29:56 -0500] "GET /BLA/boletinlegal/consulta_actos.php?tipo=resoluciones&no=3362&usuario=&sector=&fecha=2017&resuelve= HTTP/1.1" 200 626
201.245.192.253 - - [03/Jul/2024:10:30:01 -0500] "GET /BLA/resoluciones/ HTTP/1.1" 200 14105
201.245.192.253 - - [03/Jul/2024:10:30:08 -0500] "GET /BLA/resoluciones/index.php?dir=RESOLUCIONES+2017%2F HTTP/1.1" 200 296000
201.245.192.253 - - [03/Jul/2024:10:30:10 -0500] "POST /forms/lservlet;jsessionid=ac16012b30d6716d42d0eef24d9cbe79d3fe11a80187.e3iSbxaKaheRe34OahmPbx4Oa3z0n6jAmljGr5XDqQLvpAe HTTP/1.1" 200 2
216.244.66.195 - - [03/Jul/2024:10:30:18 -0500] "GET /BLA/resoluciones/AUTOS%202019/3251.pdf HTTP/1.1" 200 336775
201.245.192.253 - - [03/Jul/2024:10:30:34 -0500] "GET /kwsrmcab/Wsrmcab?wsdl HTTP/1.1" 200 6948
40.77.167.121 - - [03/Jul/2024:10:30:37 -0500] "GET /Publicaciones/2023EE278960.pdf HTTP/1.1" 404 228
40.77.167.1 - - [03/Jul/2024:10:30:41 -0500] "GET /portalsiaccapacitaciones/Listas%20de%20Asistencia%202017 HTTP/1.1" 301 287
216.244.66.195 - - [03/Jul/2024:10:30:56 -0500] "GET /BLA/resoluciones/AUTOS%202019/3429.pdf HTTP/1.1" 200 387630
173.252.107.10 - - [03/Jul/2024:10:31:14 -0500] "GET /images/01052024%20Nota%20apertura%20senderos%20Cerros.jpeg HTTP/1.1" 200 130671
216.244.66.195 - - [03/Jul/2024:10:31:30 -0500] "GET /BLA/resoluciones/AUTOS%202019/3503.pdf HTTP/1.1" 200 313546
201.245.192.253 - - [03/Jul/2024:10:31:34 -0500] "GET /kwsrmcab/Wsrmcab?wsdl HTTP/1.1" 200 6948
186.102.57.148 - - [03/Jul/2024:10:31:44 -0500] "OPTIONS /kwssiamovil/sm/setfile/f? HTTP/1.1" 200 13
186.102.57.148 - - [03/Jul/2024:10:31:44 -0500] "POST /kwssiamovil/sm/setfile/f? HTTP/1.1" 200 381
186.102.57.148 - - [03/Jul/2024:10:31:46 -0500] "OPTIONS /kwssiamovil/sm/setfile/f? HTTP/1.1" 200 13
186.102.57.148 - - [03/Jul/2024:10:31:46 -0500] "POST /kwssiamovil/sm/setfile/f? HTTP/1.1" 200 381
186.102.57.148 - - [03/Jul/2024:10:31:49 -0500] "OPTIONS /kwssiamovil/sm/setfile/f? HTTP/1.1" 200 13
186.102.57.148 - - [03/Jul/2024:10:31:49 -0500] "POST /kwssiamovil/sm/setfile/f? HTTP/1.1" 200 381
186.102.57.148 - - [03/Jul/2024:10:31:52 -0500] "OPTIONS /kwssiamovil/sm/setfile/f? HTTP/1.1" 200 13
186.102.57.148 - - [03/Jul/2024:10:31:52 -0500] "POST /kwssiamovil/sm/setfile/f? HTTP/1.1" 200 381
186.102.57.148 - - [03/Jul/2024:10:31:55 -0500] "OPTIONS /kwssiamovil/sm/setfile/f? HTTP/1.1" 200 13
186.102.72.142 - - [03/Jul/2024:10:31:56 -0500] "-" 408 -
186.102.57.148 - - [03/Jul/2024:10:31:55 -0500] "POST /kwssiamovil/sm/setfile/f? HTTP/1.1" 200 381
186.102.57.148 - - [03/Jul/2024:10:31:58 -0500] "OPTIONS /kwssiamovil/sm/setfile/f? HTTP/1.1" 200 13
186.102.57.148 - - [03/Jul/2024:10:31:58 -0500] "POST /kwssiamovil/sm/setfile/f? HTTP/1.1" 200 381
186.102.57.148 - - [03/Jul/2024:10:32:01 -0500] "OPTIONS /kwssiamovil/sm/setfile/f? HTTP/1.1" 200 13
186.102.57.148 - - [03/Jul/2024:10:32:01 -0500] "POST /kwssiamovil/sm/setfile/f? HTTP/1.1" 200 381
216.244.66.195 - - [03/Jul/2024:10:32:08 -0500] "GET /BLA/resoluciones/AUTOS%202019/3658.pdf HTTP/1.1" 200 293059
186.102.57.148 - - [03/Jul/2024:10:32:10 -0500] "GET /kwssiamovil/sm/acme/a?s=U2FsdGVkX1/0lPRvuaykvgrjGqju2IoTZ6qTyIm1wn3EDx/flzXQ5s+Eu/jDDrpR6/qpgUEEr21xweiE095AhPIGkXbKN+iqJsa01IWAusRf8P3tgwgPLNOtAePR6/cqQeau5ItFGsX6VYpboIOeqfw1s73wz9LC7g6rChUXN3q5FNPNSr6pJGIhMXuSPB3Py4Dc/bNc42rlgPJN2EjVKzP4OMnY64mOFBlyNEr4nUbc9rc3pEpqGE+xKNI1JLHMDgixJE9jPvTGHHYHm7kgKQ==&u=U2FsdGVkX1+Srs9I9g3Iw2A8spg3+CRSCFNAcfZXZm4=&y=U2FsdGVkX1/1xklLZ9uXSzFyODZsKpTORZ54vzlhTYw= HTTP/1.1" 200 26
201.245.192.253 - - [03/Jul/2024:10:32:10 -0500] "POST /forms/lservlet;jsessionid=ac16012b30d6716d42d0eef24d9cbe79d3fe11a80187.e3iSbxaKaheRe34OahmPbx4Oa3z0n6jAmljGr5XDqQLvpAe HTTP/1.1" 200 2
186.102.57.148 - - [03/Jul/2024:10:32:11 -0500] "GET /kwssiamovil/sm/acme/a?s=U2FsdGVkX18M2nEScoN42PDsr5PRCVJbWLgTkBak4kXEHoJavnsItMNEG3WHoQvBHOzNmQbY+HrDv2xtkR9emVvBS9ai43lT6x7zhSVNpzhv6iD6/53S67IW7GVuzKk6oPRADDXvbXisPTADS50CpGALbhQylH7gFF14mcaw32H9/4bSmxoJ24DkW3x7P2IekhlS4qNbC9tr6dTAF4RSU5H6+mLk08OCAk+CTsgN7AkA6rlAYZat0ljQjd+uGN1kp5tcskFXhpcxjvnkCheMyHe6M0w7ZE/2vTcU/xw1xlIjyOG4Rs9i2xvGrQuMCi8l7kV1B5PZZJZgl7GSjpXOv40oAKqNwoXJ7JlniWXrgxT88nMN49CPX5iHwtIT4EPiVUevjERY6FTMFzR1VhtJ7BK/oBdEbkjI+Duvv9htydT7yfe8yVlqKJwoRWnc+shkbj0AL15ULkdH4GpjUxswxAlqAnjOcUI7pmVvtXIqYyAJ7glYuyXXNU2Q5RVB42/IG9mMNcH2kBsar6gfCRW6VHAK0vPkNJ2gZvwIOB69TuvR3Qf9lvtm/NRx6BukKvVxiHsqDzFt25/HYbejZ+n9BhxXw/zfGgkJGDRLldwq+hHEv6wVjxzcCBnVBmWul3MmHEHYI2ezt7FUOc3PIc+jWhNE8y7vQ8F0nPOLqapfeE+lvZqanpUeV1SHLDpHynaad+AnvxLSf94vL0YCzSQM20NFOIEn8JY4csYYHsctD+KU4AOHa0qC8+kAA2WQS4FNYpo0E/9+caAeD1lAg1xmNWG47RXdHqXuzbp/SQJpZYWr8RQqeI6vKpTJc/swRPrXq8ltFzA9dZH8CQ2WFXeCstyc2cAxtFh6Nv08pitpDCGRd32xr2tDNOGPo/BsXM2/ib1D3dzxBOGYSsXBaaAsTbiBXTWD0ya1itDqugH1vDBvWH/1RTwOG4zhIym3BRnQy5xq/cyKPXQmJNcS4+DxYV2jHYn2c1NpqxEQLeKaTewAzj+lAv+w+5hhaTmNYySEvjBd7hueaVwE3CbfYpNJmaEAji9Nq7j24L+8/r1nI8wp5PfwhNqE09WQOc/OxkjVKppu5X7jz9VXV60EmX7ArqS+5L/f8/W30tM2qWBph2P9oV5fqvwJDpbziPUOWpn0sSsU3Dz5Y6sB87h1gOpNzPz4hPDnI4YwU+yZr0zkRImq4xy87/q1TmA7Qyle0d018GGTJ9Hj3QU3k2mW2ymdFuUSDC1Y65P6idzz8/vhEHfq/gR1yT2A9m/e9jh4mzuZeCB+76/mdUZL/8ysXHdZr0hISfHJtQ0n3Tel0AYx/ESQeiiUtJwvwTbs8nzBTr0nmO8rkIRixqVk7VEGSfhOxpoxu336PM6kMHYgsTkKwsE84tyN2moy4LWKsrVx1+D0AzTceJlnfy7Eeh+UwE0keYOzPcZns9vI0Sux6rvY40zWNKDn+MrBWxYI9fl5JLxMZmc8AXto+PzLDHynLWFt3XNV6GlkbQLFogBwLErULGyX/Xft43w4ikqYtuMXyQ+gs+ZsjFvt3XR3+GHOFzPriWfxQH6BQSkkeA3ZkLkxKURQsdZGGzf/9uVmvkEQDN+HQySUp8qu8h0aNAEqTsbC7xmzC16B1ju7z/Qry+5B88LxbU4IEQwAxYU9dAZtf75LoTGgkGZYsEe9J88egYlABZXmG0Nzc+LKnAyL3Ry/M37vZEJZEKwPU+kxZAXVeiampcno8t9SEo0Skcbw/jaE7RmRl+RiQFsb8H10/93WU7cfNbjbVbhDYlLDOYsZJvf7F9jD20Y4RBJTja5yUHzfA7zRGRO1KMIdoo1fP/MODjQEQ8GO/JOrGNSW6ScvGDvJ/ZdQBcH19YA+YedrThMsOWnt5abgwUQiojdgnjMK986GtRNfOV2nkKM+IltVY7kg3tmzMDW7sktjcm/2YAiYBmwuMFwNn/kSplEqaNV9nvifcCQqIBXnJZRE1ozUdK4p+UW/GKV21S6Jc7gZ00nWxO6sVU5AuY6JXwyO4XpdMYJ41ODsrheMuwMmaln44iJi5Ui9JIEdVz1zbEF8t4ZJkpIV+3BiLrfSEYkEOPUCGDYFXgn9OfVVYS6EQKCDkM+JJOb1enb8O7KqyZjFC2qIrW+PqAsutoSEjb3oLbLWGqhxZa5xQdgYX+bc/NOwnmWYo2rc2B2oPqgnlDayJiRlGgYZFIfRA9OLOYFSVQUOgxITElerng9C1GoygPHBs0aaEUDMLdlS0BTsMNvQAgmW8SSvOOwf4xNZ0ygUcPj53Il8ulDJ8OPMRn8TxuoiyRnN4HsUWQDL+LQ428sH4oeFKw==&u=U2FsdGVkX1+Srs9I9g3Iw2A8spg3+CRSCFNAcfZXZm4=&y=U2FsdGVkX1/1xklLZ9uXSzFyODZsKpTORZ54vzlhTYw= HTTP/1.1" 200 26
186.102.57.148 - - [03/Jul/2024:10:32:11 -0500] "GET /kwssiamovil/sm/acme/a?s=U2FsdGVkX18O7BQs4mmPWG2wqIokM7DqURumAOO+wACygaorVJOU91qbhds+9LafMM+LejyaPCwud2ETDXRigm/cOiBsBcR3ZZi79P4/9FEPogMdGzqw+9GAqthgmYDyvF7N8NEv5s8cr/jUEaTBCfy1crWPxZ2MpNrcIwWyGZ0=&u=U2FsdGVkX1+Srs9I9g3Iw2A8spg3+CRSCFNAcfZXZm4=&y=U2FsdGVkX1/1xklLZ9uXSzFyODZsKpTORZ54vzlhTYw= HTTP/1.1" 200 26
186.102.57.148 - - [03/Jul/2024:10:32:11 -0500] "GET /kwssiamovil/sm/acme/a?s=U2FsdGVkX1/egT8SAGAUAsuh3K1mnJi1dIgj6kvoIGMC7jZBmHb5yAVzWXDdwp7gTOeosZ5P+z7178gDOIkSpc9iErxACFbHAvKDbvk7KtUzqh2eN+SNNARKxZdz1CueZ0Bg4ZXoVfC0VGekh5sCY5wa8cLw/wO9IQgcgfmwIjo=&u=U2FsdGVkX1+Srs9I9g3Iw2A8spg3+CRSCFNAcfZXZm4=&y=U2FsdGVkX1/1xklLZ9uXSzFyODZsKpTORZ54vzlhTYw= HTTP/1.1" 200 26
186.102.57.148 - - [03/Jul/2024:10:32:11 -0500] "GET /kwssiamovil/sm/acme/a?s=U2FsdGVkX1/C8tQlC/JHfiwhaG59oHktsd+wU5I9J29/uSxCMhUwSpNNgqPNAubfDAyKbSndmPVXG/JT99Z03rpdYRRIVpiFACyvXVoUTbhgISn8Lbf+xHoEYbsgoEoDY+VvXg3+naZZuwPs9QFEMVOaVMSpTPmvV9ySN8WeNhw=&u=U2FsdGVkX1+Srs9I9g3Iw2A8spg3+CRSCFNAcfZXZm4=&y=U2FsdGVkX1/1xklLZ9uXSzFyODZsKpTORZ54vzlhTYw= HTTP/1.1" 200 26
186.102.57.148 - - [03/Jul/2024:10:32:12 -0500] "GET /kwssiamovil/sm/acme/a?s=U2FsdGVkX1+nFsHlxwVTS3irGcktSZrMSeQCmm6Qr7byi23LA0y2/y9brOXSeTC5p94M6Fgw2K1pnXDQiUzw0aLfcZ/AnuEAh0iWeoc0zogRe/BpDjHa1zGbUB0khykSQHV/KefcQYf+i8Y4MIPU2gI3cnHMbveF2nd9WXep54hbrAzCF5JoUML2Yfi0qr4D&u=U2FsdGVkX1+Srs9I9g3Iw2A8spg3+CRSCFNAcfZXZm4=&y=U2FsdGVkX1/1xklLZ9uXSzFyODZsKpTORZ54vzlhTYw= HTTP/1.1" 200 26
186.102.57.148 - - [03/Jul/2024:10:32:12 -0500] "GET /kwssiamovil/sm/acme/a?s=U2FsdGVkX19BiZfz+RgnuMhw5Zu3ZU8rmtswhnmLZmrBUvytdDOKpd31Fbly3lW52m4gnTWIacesDpnKPfo3gTR/0L+7l55Gq3KV1jzaYo0+4juqZzuuSjaE4hI5Wj5eGyFKT2hk4afCgTar/fcWsfBO3U6g72A8Ry4wBfTMZ4D2pT8X2KLV1JJgP2DHKRr6ReGPP+n8px3KG9BYEZoHAw==&u=U2FsdGVkX1+Srs9I9g3Iw2A8spg3+CRSCFNAcfZXZm4=&y=U2FsdGVkX1/1xklLZ9uXSzFyODZsKpTORZ54vzlhTYw= HTTP/1.1" 200 26
186.102.57.148 - - [03/Jul/2024:10:32:12 -0500] "GET /kwssiamovil/sm/acme/a?s=U2FsdGVkX19CKy8cFfssZ6Xz7uaOIZJyfq/tZfrpzCqW5to3OgIrT34HevnbRD7vc/aLJAXaBe7a6YY4laPyrO2Dcpv6K34YqZk/cuuLFAvO7h9eRyrPpzZSwIkmRKrA7qduvoMfMjP8YojB474US9ZS0oCYc4KmykYEfgU350YXSMaaeCxF+CcxV7/UQ/IJiAi7ivu+mE0H5NzyjyUDr/vGGPFUoLHUZpZenrTodl7VAtgDp9eGaWHJAP/DKx+3Ukmn5XRO23q/UOQWkDEkWQecG9hwoIvbZblK+LTrJGw0ZmzGF068APph6uPgtlz+KXSzZJTV9w8np7mBJIeim4VV/rKjVUT401CMfDgbiza1DVFDVtKxe/O9+uOGGrTut4wxrHqXN3jeGF1sFk6I+FobWgpIm4FWFmITZszz2EdVyZLoyyn5RO7m/BcLqfs3S+JsZLBVSqlcZLg17X7Dng==&u=U2FsdGVkX1+Srs9I9g3Iw2A8spg3+CRSCFNAcfZXZm4=&y=U2FsdGVkX1/1xklLZ9uXSzFyODZsKpTORZ54vzlhTYw= HTTP/1.1" 200 26
186.102.57.148 - - [03/Jul/2024:10:32:13 -0500] "GET /kwssiamovil/sm/acme/a?s=U2FsdGVkX18TYajkSA0kQQRHlZjcL/6VVnp9Uw+xKJWP46l7BppJsJNfmVLDxtqbZIsTjT75WLNR9DeeDU4w0SwYEm6osJAD/FPa/AfZlVlBTTIhhxUr8y9I1bDf0ULNuqkbieklbxrVKGzWh99676zaVkuLMtw6HRnlspKBiogr6qmxa51voAx28EaZv58W&u=U2FsdGVkX1+Srs9I9g3Iw2A8spg3+CRSCFNAcfZXZm4=&y=U2FsdGVkX1/1xklLZ9uXSzFyODZsKpTORZ54vzlhTYw= HTTP/1.1" 200 26
186.102.57.148 - - [03/Jul/2024:10:32:14 -0500] "GET /kwssiamovil/sm/acme/a?s=U2FsdGVkX1+DpGfn/BCHSIFIZDWQTVs58DYPl2i5uzH196dCUd1t1iJy1uPnhx/GK1MfGlsKJdVJ0u/Tq00dKqpMalzaekmuNeEjESMEL0WDG5uNrc9MVoJ6PvYZKhVyiWEqQ5k+Jvdy++5uSTuZN7oQebGHwcZ8Irw/HpXmHJ49RSQmRLvwrWAvBk4McXIL2HLbiTutFCRQEW5pWf730yXSiDP7MIn3F676MhalyZGRTqp/W8JQ6rdBuWN2SzYlJTY6yxEWfmSWaZa0hfdiyawScGNVXylEU1o9vDYI3ViJy6hodzrGPqoY7pU3lq0ndy4jQl8W4M+NwByOTSD9iO6PYIzdGIsUaKVhEIyw4WdO6QafB7CcYk6abpj2uJmJ/fXm8FNutHX/5j2DLMEb4ZE066RwnZIgCU/GY0rk1HR0u+O4DCT+SEfSbsyEidtm&u=U2FsdGVkX1+Srs9I9g3Iw2A8spg3+CRSCFNAcfZXZm4=&y=U2FsdGVkX1/1xklLZ9uXSzFyODZsKpTORZ54vzlhTYw= HTTP/1.1" 200 26
186.102.57.148 - - [03/Jul/2024:10:32:15 -0500] "GET /kwssiamovil/sm/acme/a?s=U2FsdGVkX1934WRV/+6jUwXxqCIPTUZlOuMB1km2KEI5IUevsb7qBvVBuHdt3FEQ+F63If5vIbFWG0DnwCuseUKVFCKkuO6FH5cfenFC236q+9S/Ai3Qkyw36FG8XA1x9BU5vDXQn8R9uJkCUW7HZqlaEdZWp3fXB0Y95T/LFmWXZo9hbn/tuqZRnqrrznoM8Y4RZ3Ntp0hUcSCsxUxWFg==&u=U2FsdGVkX1+Srs9I9g3Iw2A8spg3+CRSCFNAcfZXZm4=&y=U2FsdGVkX1/1xklLZ9uXSzFyODZsKpTORZ54vzlhTYw= HTTP/1.1" 200 26
186.102.57.148 - - [03/Jul/2024:10:32:15 -0500] "GET /kwssiamovil/sm/acme/a?s=U2FsdGVkX19zBiXx3cC/aPpPdaYIQY/udOfWXPAfcOT1ySm414ovpzdjpzOkVVcPg36tcG/69XfLyd6uvaF4M/+PpUg1R6z/ibaPY2dXn0bivmwh4fzhyXbSW4/pgRW4pzFSBtlV3+lxeNYSXq0ocCvv3IIBEJnt3yskPqSPhp5z/xzoLfFttJ5am16vHmZJ&u=U2FsdGVkX1+Srs9I9g3Iw2A8spg3+CRSCFNAcfZXZm4=&y=U2FsdGVkX1/1xklLZ9uXSzFyODZsKpTORZ54vzlhTYw= HTTP/1.1" 200 26
186.102.57.148 - - [03/Jul/2024:10:32:15 -0500] "GET /kwssiamovil/sm/acme/a?s=U2FsdGVkX18tEOdEUHBVDuORR13QBALwX223qWmfhU9X8BLEwMJEuiwufFBwXe0dqPl05VZC2uHdTMXOYLYoKNM1Y56bcJaYha7YH5e2TlGBzhUcr4BvmAOiSrSU6UFhzW+sdj6GTZrOCD0+txlEsNh9mjNtfFST4A8XsbblegcMdPiFLnnThEmz+/+GWgz4/Vy+eIAu2fT5pbwd1W5JdA==&u=U2FsdGVkX1+Srs9I9g3Iw2A8spg3+CRSCFNAcfZXZm4=&y=U2FsdGVkX1/1xklLZ9uXSzFyODZsKpTORZ54vzlhTYw= HTTP/1.1" 200 26
186.102.57.148 - - [03/Jul/2024:10:32:15 -0500] "GET /kwssiamovil/sm/acme/a?s=U2FsdGVkX18Nc/YTT33xWFrlhdbhMV+Efi4pXk5XIMZ8+tBrM9gQN0Xn3bK/Dk0D0uFqHwfat8mj2uc5JVLdb9gn0SWZzsTwL2GpJ3v/qKS69UicqxuYOHGrqBuT7GoE7aWSKc5Pux/WObMBUzwN7EM4lUazcNZaIuKgOfSUoTg/KDAqr2apEU/XkWaPGwEA&u=U2FsdGVkX1+Srs9I9g3Iw2A8spg3+CRSCFNAcfZXZm4=&y=U2FsdGVkX1/1xklLZ9uXSzFyODZsKpTORZ54vzlhTYw= HTTP/1.1" 200 26
186.102.57.148 - - [03/Jul/2024:10:32:16 -0500] "GET /kwssiamovil/sm/acme/a?s=U2FsdGVkX19JBWO8B+IPo4O6EO9n6cWpSqorGf8M9Muq6GuJEALlIUrQubtlCv32jxT/KEO10aV0hOKYVkpxyBp2dU0/1LTpjwnwB+0ib39wCXqVdrFg2+ToJ14xr+3O3a/GDkKaZ3V01lEb2zz9Z89OqMN6r52kA/78u5nP5m4Je1g6RPXlXe7Q3g2rGvnOyIqfI13QGwgKELRuA8G4dQ==&u=U2FsdGVkX1+Srs9I9g3Iw2A8spg3+CRSCFNAcfZXZm4=&y=U2FsdGVkX1/1xklLZ9uXSzFyODZsKpTORZ54vzlhTYw= HTTP/1.1" 200 26
186.102.57.148 - - [03/Jul/2024:10:32:16 -0500] "GET /kwssiamovil/sm/acme/a?s=U2FsdGVkX1+0p8f5IeXHI0JiRJXVjAvx3nmDPtq4bcSfjM1RjBwFSDyxO8i1g3X9V6hnCL5WpmYeR3FxB4aCQ8iwvUNwT1WDP/Uro/qN962s4nrx3xGuMO/1UDEHPsYRzH+iAwovMhdBZgkFRMxJtN06Olt45fiv1PFCRFAGhc2lyEWOPGBgS+JELkTnqxsH&u=U2FsdGVkX1+Srs9I9g3Iw2A8spg3+CRSCFNAcfZXZm4=&y=U2FsdGVkX1/1xklLZ9uXSzFyODZsKpTORZ54vzlhTYw= HTTP/1.1" 200 26
186.102.57.148 - - [03/Jul/2024:10:32:16 -0500] "GET /kwssiamovil/sm/acme/a?s=U2FsdGVkX1+XlbMEIeiqI6jBqHrYHqyGDWZNF+/yXEUQdgX035ck43pRlkZtaVAo3jTpw0b+LOuJdq8/1gEFGmP+zAq1cL38ZoFsRG13RzDi/LLdsFZwEg6ZjZjneBDUPY7HXlfZv2/g0cMR/8GZNBMO+hqYhGMdY2WmpNPOPjS8xddcmgG60a/f2421R7IjGTMq/Os+E/e6yQK+0HDnvg==&u=U2FsdGVkX1+Srs9I9g3Iw2A8spg3+CRSCFNAcfZXZm4=&y=U2FsdGVkX1/1xklLZ9uXSzFyODZsKpTORZ54vzlhTYw= HTTP/1.1" 200 26
186.102.57.148 - - [03/Jul/2024:10:32:16 -0500] "GET /kwssiamovil/sm/acme/a?s=U2FsdGVkX19bFT2San03Csiri35jhc+XqDR/oGb0/1ZZbKHxkWBdMZF+1pvIZ9ygNTcyR9K9Itmk+QAc+mchGggqn+Cqmj3Db2GMjcpGfXHZOVoOakE5Tjsa4GHZ2Qj4lfivBJU+1XyhZ0T1OdDcRr2xRcV8kGaDIzWBvocWYH9NVhG3EbxMKoOGyCW6A31+&u=U2FsdGVkX1+Srs9I9g3Iw2A8spg3+CRSCFNAcfZXZm4=&y=U2FsdGVkX1/1xklLZ9uXSzFyODZsKpTORZ54vzlhTYw= HTTP/1.1" 200 26
186.102.57.148 - - [03/Jul/2024:10:32:16 -0500] "GET /kwssiamovil/sm/acme/a?s=U2FsdGVkX18gKT5XHQEbDtTSR+mLFdZuej3jjGVB4qbsOlktQb8BQtFYWsivLg8LZsBY2mLia2LkHx466D8RZBnURf570dLfYNHjwitBeDGk8WVR/zHJ0/YK3NrWpLNxEFPSPIulvlXKRK4Dz4wii383AlhnJoNYgMEQwD+T03zYmdAh+UUSniDdEVasTuYU7fhPSmF5A7vnnhSuW/tO7g==&u=U2FsdGVkX1+Srs9I9g3Iw2A8spg3+CRSCFNAcfZXZm4=&y=U2FsdGVkX1/1xklLZ9uXSzFyODZsKpTORZ54vzlhTYw= HTTP/1.1" 200 26
186.102.57.148 - - [03/Jul/2024:10:32:17 -0500] "GET /kwssiamovil/sm/acme/a?s=U2FsdGVkX1/6RkZ3DYXrrYlGiQfgcHimAYG40Tf53FzYKiSdBPiSP1fv0fJFyLPloAx80JGJY5F7+1eeUg7SfQft5GrKZ7XGO5roJqIE7EWswpyyZob4Tl6sPLqaMPv6Z2hnUdesEG/IN4bMC2+63EsMRLCypPh9tI5paTtNEXTiY0ohUE8KNaQwZmkm0CwM&u=U2FsdGVkX1+Srs9I9g3Iw2A8spg3+CRSCFNAcfZXZm4=&y=U2FsdGVkX1/1xklLZ9uXSzFyODZsKpTORZ54vzlhTYw= HTTP/1.1" 200 26
201.245.192.253 - - [03/Jul/2024:10:32:34 -0500] "GET /kwsrmcab/Wsrmcab?wsdl HTTP/1.1" 200 6948
201.245.192.253 - - [03/Jul/2024:10:32:37 -0500] "POST /kwsrmcab/Wsrmcab  HTTP/1.1" 200 38894
216.244.66.195 - - [03/Jul/2024:10:32:43 -0500] "GET /BLA/resoluciones/AUTOS%202019/3689.pdf HTTP/1.1" 200 273342
172.22.2.4 - - [03/Jul/2024:10:31:13 -0500] "HEAD /BLA/boletinlegal/ HTTP/1.1" 200 -
216.244.66.195 - - [03/Jul/2024:10:33:17 -0500] "GET /BLA/resoluciones/AUTOS%202019/4393.pdf HTTP/1.1" 200 266568
201.245.192.253 - - [03/Jul/2024:10:33:34 -0500] "GET /kwsrmcab/Wsrmcab?wsdl HTTP/1.1" 200 6948
172.22.2.4 - - [03/Jul/2024:10:32:04 -0500] "GET /BLA/boletinlegal/ HTTP/1.1" 200 57889
216.244.66.195 - - [03/Jul/2024:10:33:46 -0500] "GET /BLA/resoluciones/AUTOS%202021/0104.pdf HTTP/1.1" 200 386423
201.245.192.253 - - [03/Jul/2024:10:34:10 -0500] "POST /forms/lservlet;jsessionid=ac16012b30d6716d42d0eef24d9cbe79d3fe11a80187.e3iSbxaKaheRe34OahmPbx4Oa3z0n6jAmljGr5XDqQLvpAe HTTP/1.1" 200 2
216.244.66.195 - - [03/Jul/2024:10:34:18 -0500] "GET /BLA/resoluciones/AUTOS%202021/0545.pdf HTTP/1.1" 200 344628
201.245.192.253 - - [03/Jul/2024:10:34:23 -0500] "POST /sipse/faces/presentacion/financiero/solicitudProceso/consultarSolicitudProceso.xhtml HTTP/1.1" 200 42089
201.245.192.253 - - [03/Jul/2024:10:34:23 -0500] "GET /sipse/faces/javax.faces.resource/theme.css?ln=primefaces-sipse HTTP/1.1" 304 -
201.245.192.253 - - [03/Jul/2024:10:34:23 -0500] "GET /sipse/faces/javax.faces.resource/layout/layout.css?ln=primefaces&v=4.0 HTTP/1.1" 304 -
201.245.192.253 - - [03/Jul/2024:10:34:23 -0500] "GET /sipse/faces/javax.faces.resource/primefaces.css?ln=primefaces&v=4.0 HTTP/1.1" 304 -
201.245.192.253 - - [03/Jul/2024:10:34:23 -0500] "GET /sipse/faces/javax.faces.resource/jquery/jquery.js?ln=primefaces&v=4.0 HTTP/1.1" 304 -
201.245.192.253 - - [03/Jul/2024:10:34:23 -0500] "GET /sipse/faces/javax.faces.resource/jquery/jquery-plugins.js?ln=primefaces&v=4.0 HTTP/1.1" 304 -
201.245.192.253 - - [03/Jul/2024:10:34:23 -0500] "GET /sipse/css/imagen/contrasena.png HTTP/1.1" 404 383
201.245.192.253 - - [03/Jul/2024:10:34:24 -0500] "GET /sipse/faces/javax.faces.resource/primefaces.js?ln=primefaces&v=4.0 HTTP/1.1" 304 -
201.245.192.253 - - [03/Jul/2024:10:34:24 -0500] "GET /sipse/faces/javax.faces.resource/layout/layout.js?ln=primefaces&v=4.0 HTTP/1.1" 304 -
201.245.192.253 - - [03/Jul/2024:10:34:24 -0500] "POST /sipse/faces/presentacion/financiero/solicitudProceso/consultar.xhtml HTTP/1.1" 200 35500
201.245.192.253 - - [03/Jul/2024:10:34:24 -0500] "POST /sipse/faces/presentacion/financiero/solicitudProceso/consultar.xhtml HTTP/1.1" 200 35500
201.245.192.253 - - [03/Jul/2024:10:34:25 -0500] "POST /sipse/faces/presentacion/financiero/solicitudProceso/consultar.xhtml HTTP/1.1" 200 3834
66.249.77.164 - - [03/Jul/2024:10:34:27 -0500] "GET /BLA/resoluciones/RESOLUCIONES%202002/RES%202002%201501-1550/20021530.tif HTTP/1.1" 200 98770
216.245.221.92 - - [03/Jul/2024:10:34:27 -0500] "HEAD / HTTP/1.1" 200 -
201.245.192.253 - - [03/Jul/2024:10:34:26 -0500] "POST /sipse/faces/presentacion/financiero/solicitudProceso/consultar.xhtml HTTP/1.1" 200 65874
201.245.192.253 - - [03/Jul/2024:10:34:27 -0500] "GET /sipse/faces/javax.faces.resource/theme.css?ln=primefaces-sipse HTTP/1.1" 304 -
201.245.192.253 - - [03/Jul/2024:10:34:27 -0500] "GET /sipse/faces/javax.faces.resource/primefaces.css?ln=primefaces&v=4.0 HTTP/1.1" 304 -
201.245.192.253 - - [03/Jul/2024:10:34:27 -0500] "GET /sipse/faces/javax.faces.resource/layout/layout.css?ln=primefaces&v=4.0 HTTP/1.1" 304 -
201.245.192.253 - - [03/Jul/2024:10:34:27 -0500] "GET /sipse/faces/javax.faces.resource/jquery/jquery.js?ln=primefaces&v=4.0 HTTP/1.1" 304 -
201.245.192.253 - - [03/Jul/2024:10:34:27 -0500] "GET /sipse/faces/javax.faces.resource/jquery/jquery-plugins.js?ln=primefaces&v=4.0 HTTP/1.1" 304 -
201.245.192.253 - - [03/Jul/2024:10:34:27 -0500] "GET /sipse/faces/javax.faces.resource/primefaces.js?ln=primefaces&v=4.0 HTTP/1.1" 304 -
201.245.192.253 - - [03/Jul/2024:10:34:27 -0500] "GET /sipse/faces/javax.faces.resource/layout/layout.js?ln=primefaces&v=4.0 HTTP/1.1" 304 -
201.245.192.253 - - [03/Jul/2024:10:34:27 -0500] "POST /sipse/faces/presentacion/financiero/solicitudProceso/listarSolicitudProceso.xhtml HTTP/1.1" 200 59259
201.245.192.253 - - [03/Jul/2024:10:34:28 -0500] "POST /sipse/faces/presentacion/financiero/solicitudProceso/listarSolicitudProceso.xhtml HTTP/1.1" 200 59259
201.245.192.253 - - [03/Jul/2024:10:34:28 -0500] "POST /sipse/faces/presentacion/financiero/solicitudProceso/listarSolicitudProceso.xhtml HTTP/1.1" 200 59259
201.245.192.253 - - [03/Jul/2024:10:34:28 -0500] "POST /sipse/faces/presentacion/financiero/solicitudProceso/listarSolicitudProceso.xhtml HTTP/1.1" 200 1556
201.245.192.253 - - [03/Jul/2024:10:34:29 -0500] "POST /sipse/faces/presentacion/financiero/solicitudProceso/listarSolicitudProceso.xhtml HTTP/1.1" 200 1564
201.245.192.253 - - [03/Jul/2024:10:34:30 -0500] "POST /sipse/faces/presentacion/financiero/solicitudProceso/listarSolicitudProceso.xhtml HTTP/1.1" 200 1564
201.245.192.253 - - [03/Jul/2024:10:34:30 -0500] "POST /sipse/faces/presentacion/financiero/solicitudProceso/listarSolicitudProceso.xhtml HTTP/1.1" 200 1564
201.245.192.253 - - [03/Jul/2024:10:34:31 -0500] "POST /sipse/faces/presentacion/financiero/solicitudProceso/listarSolicitudProceso.xhtml HTTP/1.1" 200 30807
201.245.192.253 - - [03/Jul/2024:10:34:32 -0500] "POST /sipse/faces/presentacion/financiero/solicitudProceso/listarSolicitudProceso.xhtml HTTP/1.1" 200 10883
201.245.192.253 - - [03/Jul/2024:10:34:34 -0500] "GET /kwsrmcab/Wsrmcab?wsdl HTTP/1.1" 200 6948
201.245.192.253 - - [03/Jul/2024:10:34:40 -0500] "POST /sipse/faces/presentacion/financiero/solicitudProceso/listarSolicitudProceso.xhtml HTTP/1.1" 200 32084
186.145.59.68 - - [03/Jul/2024:10:34:46 -0500] "GET /sipse/faces/index.xhtml HTTP/1.1" 200 677
186.145.59.68 - - [03/Jul/2024:10:34:47 -0500] "GET /sipse/faces/javax.faces.resource/theme.css?ln=primefaces-sipse HTTP/1.1" 200 50058
186.145.59.68 - - [03/Jul/2024:10:34:48 -0500] "GET /favicon.ico HTTP/1.1" 200 7782
216.244.66.195 - - [03/Jul/2024:10:34:49 -0500] "GET /BLA/resoluciones/AUTOS%202021/0597.pdf HTTP/1.1" 200 494085
186.145.59.68 - - [03/Jul/2024:10:34:48 -0500] "GET /sipse/faces/faces/autenticacion.xhtml HTTP/1.1" 200 12413
186.145.59.68 - - [03/Jul/2024:10:34:49 -0500] "GET /sipse/css/custom_css_sg.css HTTP/1.1" 200 9694
186.145.59.68 - - [03/Jul/2024:10:34:49 -0500] "GET /sipse/css/custom_css_sg_prime_login.css HTTP/1.1" 200 443
186.145.59.68 - - [03/Jul/2024:10:34:49 -0500] "GET /sipse/js/disable_browser_buttons.js HTTP/1.1" 200 3230
186.145.59.68 - - [03/Jul/2024:10:34:49 -0500] "GET /sipse/faces/javax.faces.resource/theme.css?ln=primefaces-sipse HTTP/1.1" 304 -
186.145.59.68 - - [03/Jul/2024:10:34:49 -0500] "GET /sipse/faces/javax.faces.resource/layout/layout.css?ln=primefaces&v=4.0 HTTP/1.1" 200 542
186.145.59.68 - - [03/Jul/2024:10:34:49 -0500] "GET /sipse/js/funciones.js HTTP/1.1" 200 12592
186.145.59.68 - - [03/Jul/2024:10:34:49 -0500] "GET /sipse/faces/javax.faces.resource/primefaces.css?ln=primefaces&v=4.0 HTTP/1.1" 200 53295
186.145.59.68 - - [03/Jul/2024:10:34:49 -0500] "GET /sipse/faces/javax.faces.resource/layout/layout.js?ln=primefaces&v=4.0 HTTP/1.1" 200 87560
186.145.59.68 - - [03/Jul/2024:10:34:49 -0500] "GET /sipse/faces/javax.faces.resource/jquery/jquery.js?ln=primefaces&v=4.0 HTTP/1.1" 200 105384
186.145.59.68 - - [03/Jul/2024:10:34:49 -0500] "GET /sipse/faces/javax.faces.resource/jquery/jquery-plugins.js?ln=primefaces&v=4.0 HTTP/1.1" 200 220526
186.145.59.68 - - [03/Jul/2024:10:34:49 -0500] "GET /sipse/faces/javax.faces.resource/primefaces.js?ln=primefaces&v=4.0 HTTP/1.1" 200 276924
186.145.59.68 - - [03/Jul/2024:10:34:51 -0500] "GET /sipse/faces/javax.faces.resource/images/ui-icons_898989_256x240.png?ln=primefaces-aristo HTTP/1.1" 200 5355
186.145.59.68 - - [03/Jul/2024:10:34:51 -0500] "GET /sipse/css/imagen/logoSDG.png HTTP/1.1" 200 53064
186.145.59.68 - - [03/Jul/2024:10:34:51 -0500] "GET /sipse/css/imagen/loginimg.png HTTP/1.1" 200 71635
201.245.192.253 - - [03/Jul/2024:10:34:53 -0500] "POST /sipse/faces/presentacion/financiero/solicitudProceso/listarSolicitudProceso.xhtml HTTP/1.1" 200 43847
201.245.192.253 - - [03/Jul/2024:10:34:54 -0500] "GET /sipse/faces/javax.faces.resource/theme.css?ln=primefaces-sipse HTTP/1.1" 304 -
201.245.192.253 - - [03/Jul/2024:10:34:54 -0500] "GET /sipse/faces/javax.faces.resource/layout/layout.css?ln=primefaces&v=4.0 HTTP/1.1" 304 -
201.245.192.253 - - [03/Jul/2024:10:34:54 -0500] "GET /sipse/faces/javax.faces.resource/primefaces.css?ln=primefaces&v=4.0 HTTP/1.1" 304 -
201.245.192.253 - - [03/Jul/2024:10:34:54 -0500] "GET /sipse/faces/javax.faces.resource/jquery/jquery.js?ln=primefaces&v=4.0 HTTP/1.1" 304 -
201.245.192.253 - - [03/Jul/2024:10:34:54 -0500] "GET /sipse/faces/javax.faces.resource/jquery/jquery-plugins.js?ln=primefaces&v=4.0 HTTP/1.1" 304 -
201.245.192.253 - - [03/Jul/2024:10:34:54 -0500] "GET /sipse/faces/javax.faces.resource/primefaces.js?ln=primefaces&v=4.0 HTTP/1.1" 304 -
201.245.192.253 - - [03/Jul/2024:10:34:54 -0500] "GET /sipse/faces/javax.faces.resource/layout/layout.js?ln=primefaces&v=4.0 HTTP/1.1" 304 -
201.245.192.253 - - [03/Jul/2024:10:34:54 -0500] "POST /sipse/faces/presentacion/financiero/solicitudProceso/consultar.xhtml HTTP/1.1" 200 37258
201.245.192.253 - - [03/Jul/2024:10:34:54 -0500] "POST /sipse/faces/presentacion/financiero/solicitudProceso/consultar.xhtml HTTP/1.1" 200 37258
201.245.192.253 - - [03/Jul/2024:10:34:54 -0500] "POST /sipse/faces/presentacion/financiero/solicitudProceso/consultar.xhtml HTTP/1.1" 200 37258
201.245.192.253 - - [03/Jul/2024:10:34:55 -0500] "POST /sipse/faces/presentacion/financiero/solicitudProceso/consultar.xhtml HTTP/1.1" 200 37258
201.245.192.253 - - [03/Jul/2024:10:35:16 -0500] "POST /sipse/faces/presentacion/financiero/solicitudProceso/consultar.xhtml HTTP/1.1" 200 12832
216.244.66.195 - - [03/Jul/2024:10:35:19 -0500] "GET /BLA/resoluciones/AUTOS%202021/1321.pdf HTTP/1.1" 200 351920
201.245.192.253 - - [03/Jul/2024:10:35:19 -0500] "POST /sipse/faces/presentacion/financiero/solicitudProceso/consultar.xhtml HTTP/1.1" 200 121947
201.245.192.253 - - [03/Jul/2024:10:35:21 -0500] "GET /sipse/faces/javax.faces.resource/layout/layout.css?ln=primefaces&v=4.0 HTTP/1.1" 304 -
201.245.192.253 - - [03/Jul/2024:10:35:21 -0500] "GET /sipse/faces/javax.faces.resource/theme.css?ln=primefaces-sipse HTTP/1.1" 304 -
201.245.192.253 - - [03/Jul/2024:10:35:21 -0500] "GET /sipse/faces/javax.faces.resource/primefaces.css?ln=primefaces&v=4.0 HTTP/1.1" 304 -
201.245.192.253 - - [03/Jul/2024:10:35:21 -0500] "GET /sipse/faces/javax.faces.resource/jquery/jquery.js?ln=primefaces&v=4.0 HTTP/1.1" 304 -
201.245.192.253 - - [03/Jul/2024:10:35:21 -0500] "GET /sipse/faces/javax.faces.resource/jquery/jquery-plugins.js?ln=primefaces&v=4.0 HTTP/1.1" 304 -
201.245.192.253 - - [03/Jul/2024:10:35:21 -0500] "GET /sipse/faces/javax.faces.resource/primefaces.js?ln=primefaces&v=4.0 HTTP/1.1" 304 -
201.245.192.253 - - [03/Jul/2024:10:35:21 -0500] "GET /sipse/faces/javax.faces.resource/layout/layout.js?ln=primefaces&v=4.0 HTTP/1.1" 304 -
186.145.59.68 - - [03/Jul/2024:10:35:31 -0500] "POST /sipse/faces/autenticacion.xhtml HTTP/1.1" 200 16173
186.145.59.68 - - [03/Jul/2024:10:35:31 -0500] "GET /sipse/css/custom_css_sg_prime.css HTTP/1.1" 200 5201
186.145.59.68 - - [03/Jul/2024:10:35:31 -0500] "GET /sipse/faces/javax.faces.resource/theme.css?ln=primefaces-sipse HTTP/1.1" 304 -
186.145.59.68 - - [03/Jul/2024:10:35:32 -0500] "GET /sipse/faces/javax.faces.resource/primefaces.css?ln=primefaces&v=4.0 HTTP/1.1" 304 -
186.145.59.68 - - [03/Jul/2024:10:35:32 -0500] "GET /sipse/faces/javax.faces.resource/layout/layout.css?ln=primefaces&v=4.0 HTTP/1.1" 304 -
186.145.59.68 - - [03/Jul/2024:10:35:32 -0500] "GET /sipse/js/jquery.min.js HTTP/1.1" 200 85582
186.145.59.68 - - [03/Jul/2024:10:35:34 -0500] "GET /sipse/faces/javax.faces.resource/jquery/jquery.js?ln=primefaces&v=4.0 HTTP/1.1" 304 -
186.145.59.68 - - [03/Jul/2024:10:35:34 -0500] "GET /sipse/faces/javax.faces.resource/jquery/jquery-plugins.js?ln=primefaces&v=4.0 HTTP/1.1" 304 -
186.145.59.68 - - [03/Jul/2024:10:35:34 -0500] "GET /sipse/faces/javax.faces.resource/primefaces.js?ln=primefaces&v=4.0 HTTP/1.1" 304 -
186.145.59.68 - - [03/Jul/2024:10:35:34 -0500] "GET /sipse/faces/javax.faces.resource/layout/layout.js?ln=primefaces&v=4.0 HTTP/1.1" 304 -
201.245.192.253 - - [03/Jul/2024:10:35:34 -0500] "GET /kwsrmcab/Wsrmcab?wsdl HTTP/1.1" 200 6948
186.145.59.68 - - [03/Jul/2024:10:35:34 -0500] "GET /sipse/css/v_mergente.css HTTP/1.1" 200 1505
186.145.59.68 - - [03/Jul/2024:10:35:34 -0500] "GET /sipse/css/imagen/contrasena.png HTTP/1.1" 404 383
186.145.59.68 - - [03/Jul/2024:10:35:35 -0500] "GET /sipse/faces/javax.faces.resource/messages/messages.png?ln=primefaces&v=4.0 HTTP/1.1" 200 27209
186.145.59.68 - - [03/Jul/2024:10:35:34 -0500] "GET /sipse/imagenes/cargando.gif HTTP/1.1" 200 36959
186.145.59.68 - - [03/Jul/2024:10:35:34 -0500] "GET /sipse/imagenes/logoAplicacion.jpg HTTP/1.1" 200 155084
186.145.59.68 - - [03/Jul/2024:10:35:37 -0500] "GET /sipse/faces/javax.faces.resource/images/ui-bg_flat_0_2d5972_40x100.png?ln=primefaces-aristo HTTP/1.1" 200 183
186.145.59.68 - - [03/Jul/2024:10:35:37 -0500] "POST /sipse/faces/bienvenido.xhtml HTTP/1.1" 200 1471
201.245.192.253 - - [03/Jul/2024:10:35:39 -0500] "POST /sipse/faces/presentacion/financiero/solicitudProceso/consultarSolicitudProceso.xhtml HTTP/1.1" 200 324557
186.145.59.68 - - [03/Jul/2024:10:35:38 -0500] "POST /sipse/faces/bienvenido.xhtml HTTP/1.1" 200 62841
186.145.59.68 - - [03/Jul/2024:10:35:40 -0500] "GET /sipse/faces/javax.faces.resource/layout/layout.css?ln=primefaces&v=4.0 HTTP/1.1" 304 -
186.145.59.68 - - [03/Jul/2024:10:35:40 -0500] "GET /sipse/faces/javax.faces.resource/theme.css?ln=primefaces-sipse HTTP/1.1" 304 -
186.145.59.68 - - [03/Jul/2024:10:35:40 -0500] "GET /sipse/faces/javax.faces.resource/primefaces.css?ln=primefaces&v=4.0 HTTP/1.1" 304 -
186.145.59.68 - - [03/Jul/2024:10:35:40 -0500] "GET /sipse/faces/javax.faces.resource/jquery/jquery.js?ln=primefaces&v=4.0 HTTP/1.1" 304 -
186.145.59.68 - - [03/Jul/2024:10:35:41 -0500] "GET /sipse/faces/javax.faces.resource/jquery/jquery-plugins.js?ln=primefaces&v=4.0 HTTP/1.1" 304 -
186.102.58.171 - - [03/Jul/2024:10:35:41 -0500] "GET /kwssiamovil/sm/ldap/au?x=U2FsdGVkX194N9U64H74QgbAvREu7RIbyrmQRy8Z1kyRuVeoiRTkxX3ORE19s/EwpbEklkRoZwA74c8NxcWwkQ==&y=U2FsdGVkX1+ATcZwS01JzNs+dB9wxg7+gWWfCjCIrTyPD0/kCjfReVq9SU6CTZE/ HTTP/1.1" 200 30
186.145.59.68 - - [03/Jul/2024:10:35:41 -0500] "GET /sipse/faces/javax.faces.resource/primefaces.js?ln=primefaces&v=4.0 HTTP/1.1" 304 -
186.145.59.68 - - [03/Jul/2024:10:35:41 -0500] "GET /sipse/faces/javax.faces.resource/layout/layout.js?ln=primefaces&v=4.0 HTTP/1.1" 304 -
186.102.58.171 - - [03/Jul/2024:10:35:41 -0500] "GET /kwssiamovil/sm/acme/s?s=U2FsdGVkX18ALm6qZBkVdQAsq593xmANCAbe/0TgCnojdU+hKnvGEY4MEdfnysmxzG2pMMogfK+MicyxNALcNLhsdjMp0LV1DjizHHvrFDo=&u=U2FsdGVkX18UGSnKYW2yZHss828YzFImwNFeoc7uFkva5yMdH9PtKmPnJ0cneQcQ&y=U2FsdGVkX1+ATcZwS01JzNs+dB9wxg7+gWWfCjCIrTyPD0/kCjfReVq9SU6CTZE/ HTTP/1.1" 200 97
186.102.58.171 - - [03/Jul/2024:10:35:41 -0500] "GET /kwssiamovil/sm/acme/s?s=U2FsdGVkX1+VQgjyjIw5TN68SHryxpxJj1/T348XuxbfEBRGhtdu3yl2vN1xPJpe+WUtb+NOyF4bHGpP8FjI+Xg7ZTaka0WJgOpCWWh7YEaTGleX3JikP6OSBvzsb3YqnoIihYbrbSvbLJr8apc+23pSH9MQB6s3JTRNw/I+SQyoZwVzkNTknNJcEFvkJRrkpz90HC2j/zX8RrnVVjWcA4doSrKB4vYyspiwCFVnBp0XlnfST3THBJdEvDspKCXzuD1Nrvzor0DKlO7X7WvDh3ykgRK0smOCST2SuT0S5p9P8x3N9Z1id54U2s+07wD5LCNAThzrmK/ZX1AunBNz210rLxSO8ihmBYaRj8Wo39Cyrt7AeRG01nTGrQ+bH32UoqqLxSUzVKbMaY/HqNeP2WJ6W8SBPRDveywYwBbPYLGR3Yt67quHPT+uUJT7i0X+4q4c+HLxsTRM+IiUf4Y67d+5Q6VpJnMIRvScbq7tv7H8mZFsCvns1iQxPPgz4fvx6GadzKqT5SnWMlWk+bP2XpJN7zSjxOatgyq00ueHAkRiYQe1kj0Z9B7GQNWZhlO66olMFBf1NI0fG6ozO8hKPJk2aQOQSrN4IfpKBay53rzg9D24x9nVJtrOFozFDbuS5a5tDMlw5xy8/PATh3eiZuzelye9E98hrFHfUihmgG9XaAsvFKkrKVydb8vX6k4ZJoxfbm9opY/PDAwibWn6sHZIBHMxWZ1e0Rm4Db4MB17dPNl9jCVJT76FLaaPRIXXY0xy30djsqZHxx6GQzCxfQw/4/U0KgoAdDfhfBiORCvpupneV1AvlP0JO+pGqSXV8YP4bT5sKNIFVfrt0RuBLaFEG1Iznwe1yTIjnZHyX9cHtT5Ay1qUruJhGXkS1raNxoe8Zt1s7K90G52e+Q1XFahqjVB0ZCKgUmBOEbJmYa0orastmVHhmx0ZjVruZuG0u9gmaWgbyeh8tPr17iG5QoROK3awk/oclsdmNOYnwTshJRbexJSJCtPlKJHcauNjttz9MKpMHoDuLrLupDjfYuP4LMwk0rl8FcjtCINRFStc0jAvBgE0LH6BLuzHSFJub3cYzLVCdDFVlwFkWLqxE8bHZlmdB13aoonQuFNU4bBu4cv7MKW4Xx0IQZBFb17tWBZOuEwHjkr/RxRiZnQjY9UenImO6DFlu3N8MOlbOXs8ajT98rl/cYF+gOltjUqVjWxNjKfWpF+NRUdmXYIdEN8PnlkQvuHv6Sb5MieOFqswPXyy/4fBEaQuOvJUTTWFdpVs9E2+IzodUu6b/a49/48iywc03k7KhIFHAfqiEuQ57cSmbXuAjZBi7Guk0m3tw332J3fTsW4oFcv3aWrw56zu+kxrQhuNEUsvXjnt4w4wC/nTvpJXXZrgBmhVmRIKPcC1NafS5ySIMPbnXzTpq0NA/6hnvrhTc1cS/h+/qOBcOSBYiYjjd5tah5GMlF+kwcr/t6Qp7VJia/igYNQLAhZGOIm2C6AFfNn8NOg9lgSQDseJzheD5Tk0cnqAUOUHztyJqktIjQmLJ56sSkLclAkKP0TMtgn11QWrKAwCpjhq8hnNbKkmnAeZWHoiPMbzSiD8uw626Md0WV8LbthkWNDcd2E88IwN+NX1L49dUqnyFQLKElkvt8GiPu+Izyq9FnO1Ue9ySjhjHdVWW/hLKs+zQneQaxgZIpvAa437/RQfJcP1vmvieUlW6pLtkosjBCnqKdUE6lrULusayOrGB2fRgTx6iGOwV1CKR1x9VEQfPhrXaaJeweqXRFDJx+us&u=U2FsdGVkX18UGSnKYW2yZHss828YzFImwNFeoc7uFkva5yMdH9PtKmPnJ0cneQcQ&y=U2FsdGVkX1+ATcZwS01JzNs+dB9wxg7+gWWfCjCIrTyPD0/kCjfReVq9SU6CTZE/ HTTP/1.1" 200 363
186.102.58.171 - - [03/Jul/2024:10:35:41 -0500] "GET /kwssiamovil/sm/acme/s?s=U2FsdGVkX1+DffUmVmmMTP9ns2XdCU8fasqsVP4tQs70WM7Y/t1giQB60KQCVCD6OO5nry5pkx8LOi7sc11Ozq4eMyefVwkp90+ARQ4hQete25S1u6eyzZ/5cW923FFckkdR7ADe/CkQcP3QvoVBNVR5a7ZJWHyBwVj418nZH7XCCpuPynjxlMTN3yC8ailaTTmsfEWWtcLD/KL9ORrwvdSBaDMoUGhoDAsONFywijQ4Q7SVHYIGWkPFUnXQTjn09lMiFwUrqiTBWTT4C+mqyrslO2Uamol2RjVJ+7nKJBP1ZWT7v7lT/ZltAIAVpxzW+vRjRQpLnCka0aScyp0L1YdnWBMj4dRJGnOy4Rndrzt0vqI52pIonbr8H0vaINEg8m9D+rE9zA74ionMLO8TfhDC+n2zpyk7xosx5XsAbz5gEOCGNj7FxvO4vbUQ58Qbm4l94FIf8RObGg0wSEltMqvqPIONcWnRCGt+DxLB+vsgiRdzthzejfhFzo6gG3J4DftWB4qN/U9ZiP940qk15pzYDuV9QmHHANNLgg9WxSV4RNqBn2V1wQq+b+1MR7lC8mi4oB6YrTWo4e1joe0Mj9mPEExolsQX8UN+QMu+XWI9RHyGSurWM1whAh1U/vD9H/LZ7xBbH4c565rM8FU8oUZBs4K810wWd3QedxFL+bcImBnE1PPEqJFEevod8obse+VoyFYVl/abggJiK+KkRWuKG0hsAne/4DQczjyc4IFLFNsaLb27ExuSrvO+a3cn&u=U2FsdGVkX18UGSnKYW2yZHss828YzFImwNFeoc7uFkva5yMdH9PtKmPnJ0cneQcQ&y=U2FsdGVkX1+ATcZwS01JzNs+dB9wxg7+gWWfCjCIrTyPD0/kCjfReVq9SU6CTZE/ HTTP/1.1" 200 208
186.145.59.68 - - [03/Jul/2024:10:35:41 -0500] "POST /sipse/faces/presentacion/financiero/solicitudProceso/listarSolicitudProceso.xhtml HTTP/1.1" 200 1556
186.102.58.171 - - [03/Jul/2024:10:35:42 -0500] "GET /kwssiamovil/sm/cjson/pre?f=1&x=U2FsdGVkX194N9U64H74QgbAvREu7RIbyrmQRy8Z1kyRuVeoiRTkxX3ORE19s/EwpbEklkRoZwA74c8NxcWwkQ== HTTP/1.1" 200 30244
216.244.66.195 - - [03/Jul/2024:10:35:46 -0500] "GET /BLA/resoluciones/AUTOS%202021/2971.pdf HTTP/1.1" 200 1287827
201.245.192.253 - - [03/Jul/2024:10:36:10 -0500] "POST /forms/lservlet;jsessionid=ac16012b30d6716d42d0eef24d9cbe79d3fe11a80187.e3iSbxaKaheRe34OahmPbx4Oa3z0n6jAmljGr5XDqQLvpAe HTTP/1.1" 200 2
216.244.66.195 - - [03/Jul/2024:10:36:12 -0500] "GET /BLA/resoluciones/AUTOS%202021/3624.pdf HTTP/1.1" 200 739402
179.1.192.138 - - [03/Jul/2024:10:36:20 -0500] "OPTIONS /kwssiamovil/sm/setfile/f? HTTP/1.1" 200 13
179.1.192.138 - - [03/Jul/2024:10:36:20 -0500] "POST /kwssiamovil/sm/setfile/f? HTTP/1.1" 200 381
186.155.18.159 - - [03/Jul/2024:10:36:21 -0500] "GET /BLA/resoluciones/index.php?dir=RESOLUCIONES+2011%2F HTTP/1.1" 200 747162
186.155.18.159 - - [03/Jul/2024:10:36:23 -0500] "GET /BLA/resoluciones/RESOLUCIONES%202011/3679.pdf HTTP/1.1" 200 556378
40.77.167.121 - - [03/Jul/2024:10:36:28 -0500] "GET /BLA/resoluciones/index.php?dir=AUTOS+2024%2F HTTP/1.1" 200 22404
162.55.165.184 - - [03/Jul/2024:10:36:32 -0500] "GET / HTTP/1.1" 200 4720
201.245.192.253 - - [03/Jul/2024:10:36:34 -0500] "GET /kwsrmcab/Wsrmcab?wsdl HTTP/1.1" 200 6948
