201.245.192.253 - - [03/Jul/2024:08:46:35 -0500] "GET /kwsrmcab/Wsrmcab?wsdl HTTP/1.1" 200 6948
186.102.90.51 - - [03/Jul/2024:08:46:36 -0500] "GET /kwssiamovil/sm/acme/s?s=U2FsdGVkX19wTpjQrmuD+oLAdJFylLyCpQJBdnHMEsdnCOXXtfcVgUOiKHhX20YWcNA/g/C54FRomPXqqEseO5mEDMIOYqvOjY7MhA0yqWd/Pk3pznQ1df5WkPG5wcrVVSaoOWsG5bxDt+TwXa4wet6/B7xNEoP2KBbHH8jBY6XcLlopxsuWwfK1Us7lTmOh8eAkY0nCCTKR6irXa9LwA80/A04ydvWYRsK6s/vviKJ+1IsqPKrYL3zEyokhFgG6Qprkx0hUC2iKIFKycNls1Q==&u=U2FsdGVkX1/6FGF6Lc3m6+iomFl+cwH5JcVmc0tFCXk5qsOCKNIaT4Q2O73OSY/j&y=U2FsdGVkX1+obTRe2gg8SmRzRh+SgBgkC3fq9pb37/Ymi/Z+oPTp16jsKcMcTXrZ HTTP/1.1" 200 74
186.102.90.51 - - [03/Jul/2024:08:46:36 -0500] "GET /kwssiamovil/sm/acme/s?s=U2FsdGVkX1/zYcCAKRiPSg+NQVltgeD8/WCM3fkIrYGTHc1NuFcZ+vcmtAadv6OeZ4LyYAduWzGFrTTLEcppO0rwkwe2m25QxDgP8Ty1RcKwVaP61TuCMh+6tiPq3YPruQg33afd49T3g2TgKQLkc7RqHTXV8hMfUbBzKKKkzxseIJ3d9YshAeCEURUk4WHbh/NoqggOgQlRnOSOUsIvVgA3CyG6AXJ0/RiL2u8IHQE8ir+u0o6Oc4cxsWUQwYL/&u=U2FsdGVkX1/6FGF6Lc3m6+iomFl+cwH5JcVmc0tFCXk5qsOCKNIaT4Q2O73OSY/j&y=U2FsdGVkX1+obTRe2gg8SmRzRh+SgBgkC3fq9pb37/Ymi/Z+oPTp16jsKcMcTXrZ HTTP/1.1" 200 138
186.102.90.51 - - [03/Jul/2024:08:46:36 -0500] "GET /kwssiamovil/sm/acme/s?s=U2FsdGVkX1/jweihOvfgkb9ALckc2gAPUJCkVQCK9uIL5fPpWjLfsDPC1AZXojc0GQ7E/clwccraNf/8r8Adha9geZEAKTmxlNTSPYqxdAmrUTI4O0mAV3U42ASdsKrJ&u=U2FsdGVkX1/6FGF6Lc3m6+iomFl+cwH5JcVmc0tFCXk5qsOCKNIaT4Q2O73OSY/j&y=U2FsdGVkX1+obTRe2gg8SmRzRh+SgBgkC3fq9pb37/Ymi/Z+oPTp16jsKcMcTXrZ HTTP/1.1" 200 116
186.102.90.51 - - [03/Jul/2024:08:46:36 -0500] "GET /kwssiamovil/sm/acme/s?s=U2FsdGVkX1+TLgbKbrjvdK6uZJGhvbUoIsoNHwIc9Dz315o/7Zs5ZCLt80xGGpWyGdxEUY8OmEbthhgQHcpbG2MOHkwERpzV7Y8Uu7wypb3Xwpxs6VDhJwP+WVTBPQGtS/3/VtnveFFjUJwGwJt5yBH6HCZBodN1Nr347Q55G+612hIU2EJHyoMITEHgtHU6L9TWNAadVSdSOV0ARksg5/L8+1eJbxoH+qB2JtiVa0XN5Som3bNGZEOadk5D0f1n4BoiBIF4CQAeTRT3lJlEZu9SO3kBbHFXzEdCv5qrtaxZO+8uV9THD30IWecyoTRphnIyS7ZuhVVwENUXM4nECyYr9Xic9avvG52isiHRzzJ+ttRB4tjlyuAzEzetwO+D/v4b/1rtQTidd0LAPJ/omb8/J8hIsk8Yyw1Q3jr1X0JnjaWCA00LP9aPFaEaj+8QENI6eSuwQCHR5+QVTJQAFh7ESM5YTtHd/kptPg2vieTPJkNPQctzVej9XdEByvO6i3GgBbxUGrEOipaxwKzNIzcTVXMuvpxKvrYGsfVjKKI=&u=U2FsdGVkX1/6FGF6Lc3m6+iomFl+cwH5JcVmc0tFCXk5qsOCKNIaT4Q2O73OSY/j&y=U2FsdGVkX1+obTRe2gg8SmRzRh+SgBgkC3fq9pb37/Ymi/Z+oPTp16jsKcMcTXrZ HTTP/1.1" 200 74
186.102.90.51 - - [03/Jul/2024:08:46:36 -0500] "GET /kwssiamovil/sm/acme/s?s=U2FsdGVkX19Em9wiQJurjQIEft2oO2voD2AMu3UZeEV7tKMG2swhO19ewXDXOpgj35mDIJMJB+RKXTxo1aJ9l8WXCArCwLB7I265Q/OZu09N2RTLZbfiGOYiS8aA3Y3I2iOaUNG36XkHMgBZ9HVQ6XeMMRtaUZ1uezvD+eJ+XmvCAesLaag970nXRfLRy3+cS4B5h2BLiI+1SiH8Q3XmZIthwXstaN6OPHsA/tn1gnHbGGNL77sxaDz7U7h49+UEmeKcshYt60ox3J/XnvJA0fSlmfBj+wibAv1Os8z1kEDKa/+M1N/d1ifYyHx+0I1P6ZB+W/nSPuPMfI7KOQeG5giuHLuik2zUj7CgiInsdaM=&u=U2FsdGVkX1/6FGF6Lc3m6+iomFl+cwH5JcVmc0tFCXk5qsOCKNIaT4Q2O73OSY/j&y=U2FsdGVkX1+obTRe2gg8SmRzRh+SgBgkC3fq9pb37/Ymi/Z+oPTp16jsKcMcTXrZ HTTP/1.1" 200 74
186.102.90.51 - - [03/Jul/2024:08:46:36 -0500] "GET /kwssiamovil/sm/acme/s?s=U2FsdGVkX197WEErmrd/jpMDjCZmcWfiyC3Bxv5sBGZ/pryXRPNSoBwqHl1oIp544D8bm2GjRuDXhZSb2MCQMBnm1QRZAalh+C8aJJHUcDQeW5MiU1XW6FgzIlQqdXJU&u=U2FsdGVkX1/6FGF6Lc3m6+iomFl+cwH5JcVmc0tFCXk5qsOCKNIaT4Q2O73OSY/j&y=U2FsdGVkX1+obTRe2gg8SmRzRh+SgBgkC3fq9pb37/Ymi/Z+oPTp16jsKcMcTXrZ HTTP/1.1" 200 95
186.102.90.51 - - [03/Jul/2024:08:46:36 -0500] "GET /kwssiamovil/sm/acme/s?s=U2FsdGVkX1+wboEUxzXx9fL2GGry4bRRR2L8FAPpWJAB3EV3bB7LPTMq8OEZrATl8cpIQ1vgchGEE5WDfx8ytzg8+A66gBcrpBfcJk2bathTag3mcewpmckQi6kcbe0a&u=U2FsdGVkX1/6FGF6Lc3m6+iomFl+cwH5JcVmc0tFCXk5qsOCKNIaT4Q2O73OSY/j&y=U2FsdGVkX1+obTRe2gg8SmRzRh+SgBgkC3fq9pb37/Ymi/Z+oPTp16jsKcMcTXrZ HTTP/1.1" 200 126
186.102.90.51 - - [03/Jul/2024:08:46:36 -0500] "GET /kwssiamovil/sm/acme/s?s=U2FsdGVkX19qP4GYlue1hivbKH3A8GkvUF6LYiD4d7buy5FnAA4dGZXFPm4K9pqAGYlqLp8Ih/97oTt3wmKqkNesKcYZ0BcBfHyp2hqhUu8af6YvYw1pBWI6SEvQE63zB3oGcczaB7Opw8btgdQPNA==&u=U2FsdGVkX1/6FGF6Lc3m6+iomFl+cwH5JcVmc0tFCXk5qsOCKNIaT4Q2O73OSY/j&y=U2FsdGVkX1+obTRe2gg8SmRzRh+SgBgkC3fq9pb37/Ymi/Z+oPTp16jsKcMcTXrZ HTTP/1.1" 200 132
186.102.90.51 - - [03/Jul/2024:08:46:36 -0500] "GET /kwssiamovil/sm/acme/s?s=U2FsdGVkX18vopsnDxlF2xdbnKcZTvhdLMmHKCE6A0PAHS2FbVhv8RPDbKSkcLGo7UbdsVpKhrb1WgmR9CI7DVcjBNUQ6zAAW5r0+V21iY103AtuwsSVGq+/VFzC4n57gI5YabF5KPr7avgEInYRelsS7SpkhTU4ir0/U+4niDdxa6RreD4YbmnOUH4eHlnVvIKhynnGeuF7LMl+s1lHodEI2W+Qb6w+3piFgoX9NA6LuEKQ5n6u6L8qo2k8rpTIn3Mv1HzMbG/qJLLjBg/oUw==&u=U2FsdGVkX1/6FGF6Lc3m6+iomFl+cwH5JcVmc0tFCXk5qsOCKNIaT4Q2O73OSY/j&y=U2FsdGVkX1+obTRe2gg8SmRzRh+SgBgkC3fq9pb37/Ymi/Z+oPTp16jsKcMcTXrZ HTTP/1.1" 200 74
186.102.90.51 - - [03/Jul/2024:08:46:37 -0500] "GET /kwssiamovil/sm/acme/s?s=U2FsdGVkX1/N2T3aoDWMUr9eQ+Fe44C1Uq2NG7TRMxl7Yon+3y0lNIID/i7gftgFqwvz6gHbyxY41xmHGwGnVwnpA6M3J/ARjHHib8IHyDdUWXXjuO7J9PRS0UW1uHGqIVjjoNa64afDqBcLd4Uwlg==&u=U2FsdGVkX1/6FGF6Lc3m6+iomFl+cwH5JcVmc0tFCXk5qsOCKNIaT4Q2O73OSY/j&y=U2FsdGVkX1+obTRe2gg8SmRzRh+SgBgkC3fq9pb37/Ymi/Z+oPTp16jsKcMcTXrZ HTTP/1.1" 200 145
216.244.66.195 - - [03/Jul/2024:08:46:40 -0500] "GET /BLA/resoluciones/AUTOS%202023/2294.pdf HTTP/1.1" 200 2803943
157.55.39.200 - - [03/Jul/2024:08:46:40 -0500] "GET /BLA/resoluciones/AUTOS%202023/03276.pdf HTTP/1.1" 304 -
216.244.66.195 - - [03/Jul/2024:08:47:16 -0500] "GET /BLA/resoluciones/AUTOS%202023/2582.pdf HTTP/1.1" 200 956763
201.245.192.253 - - [03/Jul/2024:08:47:35 -0500] "GET /kwsrmcab/Wsrmcab?wsdl HTTP/1.1" 200 6948
216.244.66.195 - - [03/Jul/2024:08:47:46 -0500] "GET /BLA/resoluciones/AUTOS%202023/2739.pdf HTTP/1.1" 200 871517
172.22.2.4 - - [03/Jul/2024:08:46:13 -0500] "HEAD /BLA/boletinlegal/ HTTP/1.1" 200 -
201.245.192.253 - - [03/Jul/2024:08:48:03 -0500] "POST /kwsrmcab/Wsrmcab  HTTP/1.1" 200 38894
201.245.192.253 - - [03/Jul/2024:08:48:10 -0500] "POST /forms/lservlet;jsessionid=ac16012b30d6716d42d0eef24d9cbe79d3fe11a80187.e3iSbxaKaheRe34OahmPbx4Oa3z0n6jAmljGr5XDqQLvpAe HTTP/1.1" 200 2
216.244.66.195 - - [03/Jul/2024:08:48:16 -0500] "GET /BLA/resoluciones/AUTOS%202023/3203.pdf HTTP/1.1" 200 770294
201.245.192.253 - - [03/Jul/2024:08:48:35 -0500] "GET /kwsrmcab/Wsrmcab?wsdl HTTP/1.1" 200 6948
172.22.2.4 - - [03/Jul/2024:08:47:04 -0500] "GET /BLA/boletinlegal/ HTTP/1.1" 200 58273
216.244.66.195 - - [03/Jul/2024:08:48:45 -0500] "GET /BLA/resoluciones/AUTOS%202023/3693.pdf HTTP/1.1" 200 454530
66.249.77.166 - - [03/Jul/2024:08:48:45 -0500] "GET /BLA/resoluciones/RESOLUCIONES%202021/0375.pdf HTTP/1.1" 200 517613
66.249.77.166 - - [03/Jul/2024:08:49:01 -0500] "GET /BLA/resoluciones/RESOLUCIONES%202018/1711.pdf HTTP/1.1" 200 268699
186.155.18.159 - - [03/Jul/2024:08:49:25 -0500] "GET /BLA/resoluciones/index.php?dir=AUTOS+2009%2F HTTP/1.1" 200 400854
216.245.221.92 - - [03/Jul/2024:08:49:27 -0500] "HEAD / HTTP/1.1" 200 -
186.155.18.159 - - [03/Jul/2024:08:49:29 -0500] "GET /BLA/resoluciones/AUTOS%202009/1589.pdf HTTP/1.1" 200 124488
201.245.192.253 - - [03/Jul/2024:08:49:35 -0500] "GET /kwsrmcab/Wsrmcab?wsdl HTTP/1.1" 200 6948
201.245.192.253 - - [03/Jul/2024:08:50:10 -0500] "POST /forms/lservlet;jsessionid=ac16012b30d6716d42d0eef24d9cbe79d3fe11a80187.e3iSbxaKaheRe34OahmPbx4Oa3z0n6jAmljGr5XDqQLvpAe HTTP/1.1" 200 2
66.249.77.165 - - [03/Jul/2024:08:50:14 -0500] "GET /BLA/resoluciones/RESOLUCIONES%202021/5140.pdf HTTP/1.1" 200 348994
66.249.77.164 - - [03/Jul/2024:08:50:24 -0500] "GET /Publicaciones/2024EE63916.pdf HTTP/1.1" 404 227
66.249.77.164 - - [03/Jul/2024:08:50:30 -0500] "GET /BLA/resoluciones/RESOLUCIONES%202024/00167.pdf HTTP/1.1" 200 399518
69.171.249.116 - - [03/Jul/2024:08:50:31 -0500] "GET /distrito-declara-alerta-zonal-por-deterioro-de-calidad-de-aire-y-toma-nuevas-decisiones-en-materia-de-movilidad.html HTTP/1.1" 200 860
69.171.249.8 - - [03/Jul/2024:08:50:31 -0500] "GET /distrito-declara-alerta-zonal-por-deterioro-de-calidad-de-aire-y-toma-nuevas-decisiones-en-materia-de-movilidad.html HTTP/1.1" 200 860
201.245.192.253 - - [03/Jul/2024:08:50:35 -0500] "GET /kwsrmcab/Wsrmcab?wsdl HTTP/1.1" 200 6948
66.249.77.164 - - [03/Jul/2024:08:50:43 -0500] "GET /BLA/resoluciones/RESOLUCIONES%202009/4718.pdf HTTP/1.1" 200 359298
69.171.231.3 - - [03/Jul/2024:08:50:47 -0500] "GET /el-bienestar-de-las-familias-sera-el-tema-central-del-distrito-en-el-mes-de-mayo-bajo-el-lema-nos-movemos-por-las-familias-bogotaavanzaenfamilia.html HTTP/1.1" 200 1139
201.245.192.253 - - [03/Jul/2024:08:51:35 -0500] "GET /kwsrmcab/Wsrmcab?wsdl HTTP/1.1" 200 6948
186.102.72.142 - - [03/Jul/2024:08:51:56 -0500] "GET /kwssiamovil/sm/ldap/au?x=U2FsdGVkX18CkLCKNHykCm909LwmDD6r1Es9VVua9m0nOFpBJOPbFKO2WcLglnZ+&y=U2FsdGVkX1+gxRGOgOXAIfVP2v38FlI9PysuO+dNFkGC+NUJnJGmBluzLaeginL/ HTTP/1.1" 200 30
186.102.72.142 - - [03/Jul/2024:08:51:56 -0500] "GET /kwssiamovil/sm/acme/s?s=U2FsdGVkX1+tti/PLkUGauqpf1uroMen1D/FcIMV3fsQeKI6UZrRGViZAoRDaV227G8whXPC9OkFvRVkOrBwbZZ7et2T41co3sydvC+Hh60=&u=U2FsdGVkX1/0MFC1AXFKSgOLdGTOMxf/Ehvf2orxUSQ=&y=U2FsdGVkX1+gxRGOgOXAIfVP2v38FlI9PysuO+dNFkGC+NUJnJGmBluzLaeginL/ HTTP/1.1" 200 97
186.102.72.142 - - [03/Jul/2024:08:51:56 -0500] "GET /kwssiamovil/sm/acme/s?s=U2FsdGVkX186HJHUoh+LeiEVwfzGl9RLe3dEsTShcLzjXDyPrhNTeSnlqUYlvSg0ZGfTrFd0I8JGXPcnebr/1n8WYaL9yUBNqtHZifTIKuLKJxImFUO5udIxTImQnEOzh4dnI9V/YyCcLpmpGrbV6XlbAceJXeeiUeCVOmFhgy/9ALshjDNPRhu/RJcPFXC0X47iB9Sn02jOtQMM0G5SB5V2gNBYprBvo9YYcEyXtiOuGrmG1s7Bpp0rTd3judDv4axFYLdOBZu2ZRnSW5wNUS9TEHUn0i4iO+aYxZxrejTfr7jr+gEsgTNcMZ4K3dTI90vRug+drldNv5uCxVHNeNDqL48XgMVX2+z+kal46Pyrn9pWDLfFDxFJr0O/tdCLLWS+zaaKAcA2/FUseIzt0dJAqLHzraVjuztRD6ux3lAvQDHj7/oM3rHFp5nL4Ua6g3tZRG0rIvJ1h3t370gzTp0Jaczti8KAxpZSut/or1JO6vK/E9pLnHadNmQusBkr68f+/FtQMa9HeqL6zinMuk7d3c8Hia0LPgatDVVmncyDbhLLxsUotw6jRtZhwTCYJQXoLUIf6HW81lrzJxVPztqCo1G9yIpR8BkmdjnO53vgWeHjYrBOYVGMU+h6X9PIzsebjYJpOuAmkRbymjn+9B7MaZQmykFYYPDZE7TCBx7zh4bCYZWJCygkGZpdjseMk/dlN0wKxpuqMAs7rpCCK1h6uuudnjakFhaboXVAqBaqZYivqhoNMV4XMwLdZsUoz98OMvOp4z4Z+Jn+pWS1ux2mcxmDyMVHRZsRfkrFEd5mq4efnJ4ZD4SlSHo3YLx+JhQ7LY2ou68YP4QOSA1N5XLR+yhaMcbWcHbxMLx+bAAf+fY1HpS7rzW0GjAPtFLxzZyl0hS8kh2HHj2QvPIGuJ5UNPhBr5C/ojc5Sif7OmJfC3JL1DTsskUI1/KtwORk3giR063b/yutc2MMnLp4XMMIXksksqHnPZ2XyRaE3iAuIrLEgfOmAX0NzWvuXG0Fy77KR4axgoreAc2ql9wa947RxYNtC5kFktd7JV7lTV7sH5RXUMKyS/IKlYifiVlfjt5sU9BxA+pS93F0sJ8PPha2WIN0eqjmHyoG8GPhlDXv3jmCmDpGwsccaTKLG+3JElG//xeyJOi2JU2bSgumMfiHMuVi/DhyaxCA5/zu6/XfrIV44tQPD/9QH4Xhvx1mHi/cfPNIPVR8mhgRsr1sqnryXK/1jLqT9q1PsLyWx5ZzHlpaGV8f+n5rD5mwPqHvwIkmIs6z8/v1jSVeVx13wCGpM/k4xC/efJSfbaxhyHlGvOdO7dqs2cij/aakCG93Q2EjIYvRtR/+Y+wNTleYlSKHCCBGfxyyaFVazaAhV45VwV/ATJsUPEp2HsIq1QquZtv0vOtsNTypeo63Fw7VfooaUB5Ncb9UzZKf1ACu8uV7t5KWPkKASFAdS1pgvMCq6RsdbtRo2sIgxcIkCH0zdj/jrZBW7dOceU+AiyR8/Dbao+1FKvOfUdMxNuvcsN+4nShPKgPIQr2frjbD/MMsN4b8VzZKPMKWlrbR/P0C3u22gXiu+EE2i8A7uOGX2nOVlt5eNMhyvg7XonTpyI1pfsbkLTBBrwiB15+mXJxVsnR5lSRJe1s5w/9XlnfSfKSG6dZMXJJjVYNZoA4ymi7qpjsa0bUHydPRvjlcNQzM0gy9S+1ZI4Tg8MUk1gEpZxFQ9cMP42PHA5e562/SAVszayW07GzTDtVx7T69N6Gnx9w=&u=U2FsdGVkX1/0MFC1AXFKSgOLdGTOMxf/Ehvf2orxUSQ=&y=U2FsdGVkX1+gxRGOgOXAIfVP2v38FlI9PysuO+dNFkGC+NUJnJGmBluzLaeginL/ HTTP/1.1" 200 1694
186.102.72.142 - - [03/Jul/2024:08:51:56 -0500] "GET /kwssiamovil/sm/acme/s?s=U2FsdGVkX1+TSguxq47JfgyrxHJy8jfIWvXHyJ7vbFtYaftMGXgA++N7v/q71RwtQkodL/2bZ11NBDXVwvfQoP/5GYjvSmzcg2BQ11MbMD+NMt+9JeH6pXTVqD5kxvb1W0I56ksVtgKvh2ABqkmXqYq+CjokcKoBt4hYbOYetPQXoAUwBL9dJH4IUPkdnzQ2V4jd1Dfe0kyPmJoyQihEYPiUXwL+FacXOcGOi7tQkuInrdSPFT2mOCgOclXgubNFfNOMXu90tZmajn0S68+QaYlfwawDMjajEg7cvb9uhbTUgCBWt4alHl+6QTEQ9hdwng6uJwws6PgwcxqO5M8v9wOEPkXbLiTKAME0rwyy6fMbrMrRPvkz4ZfcaGPbJcCbQvrj/1c2Ymy5PErxuzQOD2zgZXkapMVxdoVvXsjvj0NA6GOgi6UTSHxML23pGUgYWLUdMTvSG3inu7q8vTzh+z6PEgoxOma3ctw3hC58vsGqRNEKrvJyHZniDcU+QzFLxvg77gzwYDOiMm6siKTFuxCtekGxPWCbNq9cHpT4GH0g4vfXIIXCSXQyS1EvkBR1jPLbtmt40hrHjtLzKkLKsB6X3p41E8ez+Gd2waEZ897x2C5aJh0HakU8AlW+D/uYrfRpH7wxGBrdgXDeRejPxIxQ5ckkPt5OZSQNnejOmqQ82HkSgT6gmJxxt5M8koXYW1p525/EwoAE2G/vRF1iJOV5qcspKF7HAtLEA87STcb6prduKt47WXrIAMzipgmF&u=U2FsdGVkX1/0MFC1AXFKSgOLdGTOMxf/Ehvf2orxUSQ=&y=U2FsdGVkX1+gxRGOgOXAIfVP2v38FlI9PysuO+dNFkGC+NUJnJGmBluzLaeginL/ HTTP/1.1" 200 208
186.102.72.142 - - [03/Jul/2024:08:51:58 -0500] "GET /kwssiamovil/sm/cjson/pre?f=1&x=U2FsdGVkX18CkLCKNHykCm909LwmDD6r1Es9VVua9m0nOFpBJOPbFKO2WcLglnZ+ HTTP/1.1" 200 30244
201.245.192.253 - - [03/Jul/2024:08:52:10 -0500] "POST /forms/lservlet;jsessionid=ac16012b30d6716d42d0eef24d9cbe79d3fe11a80187.e3iSbxaKaheRe34OahmPbx4Oa3z0n6jAmljGr5XDqQLvpAe HTTP/1.1" 200 2
66.249.77.165 - - [03/Jul/2024:08:52:29 -0500] "GET /BLA/resoluciones/RESOLUCIONES%202004/RES%202004%202251-2300/00002273.tif HTTP/1.1" 200 139152
201.245.192.253 - - [03/Jul/2024:08:52:35 -0500] "GET /kwsrmcab/Wsrmcab?wsdl HTTP/1.1" 200 6948
181.131.174.235 - - [03/Jul/2024:08:52:37 -0500] "GET /BLA/resoluciones/RESOLUCIONES%202021/2079.pdf HTTP/1.1" 200 557479
201.245.192.253 - - [03/Jul/2024:08:53:02 -0500] "POST /kwsrmcab/Wsrmcab  HTTP/1.1" 200 38894
52.167.144.212 - - [03/Jul/2024:08:53:11 -0500] "GET /BLA/resoluciones/AUTOS%202022/3034.pdf HTTP/1.1" 200 460182
201.245.192.253 - - [03/Jul/2024:08:53:35 -0500] "GET /kwsrmcab/Wsrmcab?wsdl HTTP/1.1" 200 6948
66.249.77.165 - - [03/Jul/2024:08:53:39 -0500] "GET /BLA/resoluciones/AUTOS%202023/11273.pdf HTTP/1.1" 200 537707
172.22.2.4 - - [03/Jul/2024:08:52:03 -0500] "HEAD /BLA/boletinlegal/ HTTP/1.1" 200 -
66.249.77.165 - - [03/Jul/2024:08:53:59 -0500] "GET /BLA/resoluciones/AUTOS%202008/1005.pdf HTTP/1.1" 200 77248
201.245.192.253 - - [03/Jul/2024:08:54:10 -0500] "POST /forms/lservlet;jsessionid=ac16012b30d6716d42d0eef24d9cbe79d3fe11a80187.e3iSbxaKaheRe34OahmPbx4Oa3z0n6jAmljGr5XDqQLvpAe HTTP/1.1" 200 2
216.245.221.92 - - [03/Jul/2024:08:54:27 -0500] "HEAD / HTTP/1.1" 200 -
172.22.2.4 - - [03/Jul/2024:08:52:54 -0500] "GET /BLA/boletinlegal/ HTTP/1.1" 200 57889
201.245.192.253 - - [03/Jul/2024:08:54:35 -0500] "GET /kwsrmcab/Wsrmcab?wsdl HTTP/1.1" 200 6948
66.249.77.164 - - [03/Jul/2024:08:54:50 -0500] "GET /BLA/resoluciones/AUTOS%202008/1968.pdf HTTP/1.1" 200 88322
186.30.31.53 - - [03/Jul/2024:08:55:09 -0500] "GET /appsia/controlador HTTP/1.1" 200 4799
186.30.31.53 - - [03/Jul/2024:08:55:09 -0500] "GET /appsia/css/estilos.css HTTP/1.1" 200 4804
186.30.31.53 - - [03/Jul/2024:08:55:09 -0500] "GET /appsia/scripts/validarIngreso.js HTTP/1.1" 200 851
186.30.31.53 - - [03/Jul/2024:08:55:09 -0500] "GET /appsia/images/cabezoteHojaVida.png HTTP/1.1" 200 32493
186.30.31.53 - - [03/Jul/2024:08:55:09 -0500] "GET /appsia/images/logo_bogota_p.png HTTP/1.1" 200 14951
186.30.31.53 - - [03/Jul/2024:08:55:09 -0500] "GET /favicon.ico HTTP/1.1" 200 7782
40.77.167.62 - - [03/Jul/2024:08:55:13 -0500] "GET /BLA/resoluciones/AUTOS%202023/3333.pdf HTTP/1.1" 304 -
186.30.31.53 - - [03/Jul/2024:08:55:31 -0500] "POST /appsia/controlador HTTP/1.1" 200 3599
186.30.31.53 - - [03/Jul/2024:08:55:31 -0500] "GET /appsia/jscripts/validarSolicitud.js HTTP/1.1" 404 68
201.245.192.253 - - [03/Jul/2024:08:55:35 -0500] "GET /kwsrmcab/Wsrmcab?wsdl HTTP/1.1" 200 6948
186.30.31.53 - - [03/Jul/2024:08:55:49 -0500] "POST /appsia/controlador HTTP/1.1" 200 4799
186.30.31.53 - - [03/Jul/2024:08:56:05 -0500] "POST /appsia/controlador HTTP/1.1" 200 3599
186.30.31.53 - - [03/Jul/2024:08:56:05 -0500] "GET /appsia/jscripts/validarSolicitud.js HTTP/1.1" 404 68
201.245.192.253 - - [03/Jul/2024:08:56:10 -0500] "POST /forms/lservlet;jsessionid=ac16012b30d6716d42d0eef24d9cbe79d3fe11a80187.e3iSbxaKaheRe34OahmPbx4Oa3z0n6jAmljGr5XDqQLvpAe HTTP/1.1" 200 2
186.30.31.53 - - [03/Jul/2024:08:56:12 -0500] "POST /appsia/controlador HTTP/1.1" 200 4799
66.249.77.164 - - [03/Jul/2024:08:56:11 -0500] "GET /Publicaciones/2024EE135526.pdf HTTP/1.1" 200 306445
186.155.18.159 - - [03/Jul/2024:08:56:17 -0500] "GET /BLA/resoluciones/index.php?dir=AUTOS+2009%2F HTTP/1.1" 200 400854
186.155.18.159 - - [03/Jul/2024:08:56:19 -0500] "GET /BLA/resoluciones/AUTOS%202009/3135.pdf HTTP/1.1" 200 131760
66.249.77.164 - - [03/Jul/2024:08:56:24 -0500] "GET /Publicaciones/2024EE131844.pdf HTTP/1.1" 200 346944
186.30.31.53 - - [03/Jul/2024:08:56:27 -0500] "POST /appsia/controlador HTTP/1.1" 200 5437
186.30.31.53 - - [03/Jul/2024:08:56:29 -0500] "POST /appsia/controlador HTTP/1.1" 200 10927
186.30.31.53 - - [03/Jul/2024:08:56:29 -0500] "GET /appsia/images/logo_escudo.png HTTP/1.1" 200 36965
201.245.192.253 - - [03/Jul/2024:08:56:35 -0500] "GET /kwsrmcab/Wsrmcab?wsdl HTTP/1.1" 200 6948
66.249.77.165 - - [03/Jul/2024:08:57:23 -0500] "GET /BLA/resoluciones/RESOLUCIONES%202021/2342.pdf HTTP/1.1" 200 473272
201.245.192.253 - - [03/Jul/2024:08:57:35 -0500] "GET /kwsrmcab/Wsrmcab?wsdl HTTP/1.1" 200 6948
66.249.77.165 - - [03/Jul/2024:08:57:36 -0500] "GET /BLA/resoluciones/AUTOS%202020/1603.pdf HTTP/1.1" 200 470231
201.245.192.253 - - [03/Jul/2024:08:58:01 -0500] "POST /kwsrmcab/Wsrmcab  HTTP/1.1" 200 38894
172.22.2.4 - - [03/Jul/2024:08:58:03 -0500] "GET /BLA/boletinlegal/robots.txt HTTP/1.1" 404 1038
201.245.192.253 - - [03/Jul/2024:08:58:10 -0500] "POST /forms/lservlet;jsessionid=ac16012b30d6716d42d0eef24d9cbe79d3fe11a80187.e3iSbxaKaheRe34OahmPbx4Oa3z0n6jAmljGr5XDqQLvpAe HTTP/1.1" 200 2
201.245.192.253 - - [03/Jul/2024:08:58:35 -0500] "GET /kwsrmcab/Wsrmcab?wsdl HTTP/1.1" 200 6948
216.245.221.92 - - [03/Jul/2024:08:59:27 -0500] "HEAD / HTTP/1.1" 200 -
172.22.2.4 - - [03/Jul/2024:08:57:53 -0500] "HEAD /BLA/boletinlegal/ HTTP/1.1" 200 -
201.245.192.253 - - [03/Jul/2024:08:59:35 -0500] "GET /kwsrmcab/Wsrmcab?wsdl HTTP/1.1" 200 6948
66.249.77.166 - - [03/Jul/2024:08:59:45 -0500] "GET /BLA/resoluciones/RESOLUCIONES%202021/4100.pdf HTTP/1.1" 200 341864
172.22.2.4 - - [03/Jul/2024:08:58:06 -0500] "GET /BLA/boletinlegal/ HTTP/1.1" 200 52358
201.245.192.253 - - [03/Jul/2024:09:00:10 -0500] "POST /forms/lservlet;jsessionid=ac16012b30d6716d42d0eef24d9cbe79d3fe11a80187.e3iSbxaKaheRe34OahmPbx4Oa3z0n6jAmljGr5XDqQLvpAe HTTP/1.1" 200 2
172.22.2.4 - - [03/Jul/2024:08:58:44 -0500] "GET /BLA/boletinlegal/ HTTP/1.1" 200 53818
201.245.192.253 - - [03/Jul/2024:09:00:35 -0500] "GET /kwsrmcab/Wsrmcab?wsdl HTTP/1.1" 200 6948
66.249.77.166 - - [03/Jul/2024:09:01:25 -0500] "GET /BLA/resoluciones/RESOLUCIONES%202008/2523.pdf HTTP/1.1" 200 424388
201.245.192.253 - - [03/Jul/2024:09:01:35 -0500] "GET /kwsrmcab/Wsrmcab?wsdl HTTP/1.1" 200 6948
201.245.192.253 - - [03/Jul/2024:09:02:10 -0500] "POST /forms/lservlet;jsessionid=ac16012b30d6716d42d0eef24d9cbe79d3fe11a80187.e3iSbxaKaheRe34OahmPbx4Oa3z0n6jAmljGr5XDqQLvpAe HTTP/1.1" 200 2
172.22.2.4 - - [03/Jul/2024:09:02:21 -0500] "GET /BLA/boletinlegal/style.css HTTP/1.1" 200 9406
172.22.2.4 - - [03/Jul/2024:09:02:21 -0500] "GET /BLA/boletinlegal/styles2.css HTTP/1.1" 200 1838
172.22.2.4 - - [03/Jul/2024:09:02:21 -0500] "GET /BLA/boletinlegal/js/jquery.js HTTP/1.1" 200 57254
172.22.2.4 - - [03/Jul/2024:09:02:21 -0500] "GET /BLA/boletinlegal/js/jquery.scrollTo-min.js HTTP/1.1" 200 1150
172.22.2.4 - - [03/Jul/2024:09:02:21 -0500] "GET /BLA/boletinlegal/js/jquery.scrollShow.js HTTP/1.1" 200 4586
172.22.2.4 - - [03/Jul/2024:09:02:21 -0500] "GET /BLA/boletinlegal/images/cabezote%20BLEGAL.jpg HTTP/1.1" 200 118164
172.22.2.4 - - [03/Jul/2024:09:02:21 -0500] "GET /BLA/boletinlegal/images/screen_1.png HTTP/1.1" 200 202547
172.22.2.4 - - [03/Jul/2024:09:02:21 -0500] "GET /BLA/boletinlegal/images/historia.png HTTP/1.1" 200 52775
172.22.2.4 - - [03/Jul/2024:09:02:21 -0500] "GET /BLA/boletinlegal/images/subscribe-icon-big.png HTTP/1.1" 200 47702
172.22.2.4 - - [03/Jul/2024:09:02:21 -0500] "GET /BLA/boletinlegal/images/registro-usuarios.png HTTP/1.1" 200 8106
172.22.2.4 - - [03/Jul/2024:09:02:21 -0500] "GET /BLA/boletinlegal/images/hover.jpg HTTP/1.1" 200 640
172.22.2.4 - - [03/Jul/2024:09:02:21 -0500] "GET /BLA/boletinlegal/images/body_bg.jpg HTTP/1.1" 200 1601
172.22.2.4 - - [03/Jul/2024:09:02:21 -0500] "GET /BLA/boletinlegal/images/menu_rght.gif HTTP/1.1" 200 1627
172.22.2.4 - - [03/Jul/2024:09:02:21 -0500] "GET /BLA/boletinlegal/images/menu_lft.gif HTTP/1.1" 200 1713
172.22.2.4 - - [03/Jul/2024:09:02:21 -0500] "GET /BLA/boletinlegal/images/menu_bg.jpg HTTP/1.1" 200 620
172.22.2.4 - - [03/Jul/2024:09:02:21 -0500] "GET /BLA/boletinlegal/images/bg_top.jpg HTTP/1.1" 200 522
172.22.2.4 - - [03/Jul/2024:09:02:21 -0500] "GET /BLA/boletinlegal/images/launch.jpg HTTP/1.1" 200 14577
172.22.2.4 - - [03/Jul/2024:09:02:21 -0500] "GET /BLA/boletinlegal/images/text.jpg HTTP/1.1" 200 568
172.22.2.4 - - [03/Jul/2024:09:02:21 -0500] "GET /BLA/boletinlegal/images/arr_l.jpg HTTP/1.1" 200 1979
172.22.2.4 - - [03/Jul/2024:09:02:24 -0500] "GET /BLA/boletinlegal/conceptos.php HTTP/1.1" 200 7588
172.22.2.4 - - [03/Jul/2024:09:02:24 -0500] "GET /BLA/boletinlegal/niceforms.js HTTP/1.1" 200 22876
172.22.2.4 - - [03/Jul/2024:09:02:24 -0500] "GET /BLA/boletinlegal/js/ajax_conceptos.js HTTP/1.1" 200 1326
172.22.2.4 - - [03/Jul/2024:09:02:24 -0500] "GET /BLA/boletinlegal/niceforms-default.css HTTP/1.1" 200 6694
172.22.2.4 - - [03/Jul/2024:09:02:24 -0500] "GET /BLA/boletinlegal/images/tel.png HTTP/1.1" 200 14477
172.22.2.4 - - [03/Jul/2024:09:02:24 -0500] "GET /BLA/boletinlegal/images/footer_bg.jpg HTTP/1.1" 200 586
172.22.2.4 - - [03/Jul/2024:09:02:24 -0500] "GET /BLA/boletinlegal/images/icono-email.png HTTP/1.1" 200 5544
172.22.2.4 - - [03/Jul/2024:09:02:24 -0500] "GET /BLA/boletinlegal/images/footer_bg_l.jpg HTTP/1.1" 200 776
172.22.2.4 - - [03/Jul/2024:09:02:24 -0500] "GET /BLA/boletinlegal/img/0.png HTTP/1.1" 200 110
172.22.2.4 - - [03/Jul/2024:09:02:24 -0500] "GET /BLA/boletinlegal/img/button-left.png HTTP/1.1" 200 57071
172.22.2.4 - - [03/Jul/2024:09:02:24 -0500] "GET /BLA/boletinlegal/img/select-left.png HTTP/1.1" 200 263
172.22.2.4 - - [03/Jul/2024:09:02:24 -0500] "GET /BLA/boletinlegal/img/button.png HTTP/1.1" 200 43241
172.22.2.4 - - [03/Jul/2024:09:02:24 -0500] "GET /BLA/boletinlegal/img/select-right.png HTTP/1.1" 200 44019
172.22.2.4 - - [03/Jul/2024:09:02:24 -0500] "GET /BLA/boletinlegal/img/button-right.png HTTP/1.1" 200 57878
172.22.2.4 - - [03/Jul/2024:09:02:24 -0500] "GET /BLA/boletinlegal/favicon.ico HTTP/1.1" 404 1334
172.22.2.4 - - [03/Jul/2024:09:02:26 -0500] "GET /BLA/boletinlegal/consulta_conceptos.php?no=&solicitante=&radicado_entrada=&fecha_concepto=2024&objeto= HTTP/1.1" 200 11070
172.22.2.4 - - [03/Jul/2024:09:02:26 -0500] "GET /BLA/boletinlegal/images/background.gif HTTP/1.1" 200 -
172.22.2.4 - - [03/Jul/2024:09:02:26 -0500] "GET /BLA/boletinlegal/images/pdf.gif HTTP/1.1" 200 567
201.245.192.253 - - [03/Jul/2024:09:02:35 -0500] "GET /kwsrmcab/Wsrmcab?wsdl HTTP/1.1" 200 6948
172.22.2.4 - - [03/Jul/2024:09:02:21 -0500] "GET /BLA/boletinlegal/ HTTP/1.1" 200 24523
201.245.192.253 - - [03/Jul/2024:09:03:01 -0500] "POST /kwsrmcab/Wsrmcab  HTTP/1.1" 200 38894
47.128.26.91 - - [03/Jul/2024:09:03:03 -0500] "GET /distrito-exalto-a-246-empresas-de-bogota-por-su-alto-desempeno-y-responsabilidad-ambiental-durante-2023.html HTTP/1.1" 200 1039
66.249.77.166 - - [03/Jul/2024:09:03:11 -0500] "GET /BLA/resoluciones/RESOLUCIONES%202021/0879.pdf HTTP/1.1" 200 418811
172.22.2.4 - - [03/Jul/2024:09:03:15 -0500] "GET /BLA/boletinlegal/conceptos/2024/22.pdf HTTP/1.1" 200 485909
172.22.2.4 - - [03/Jul/2024:09:03:15 -0500] "GET /BLA/boletinlegal/conceptos/2024/22.pdf HTTP/1.1" 200 485909
172.22.2.4 - - [03/Jul/2024:09:03:15 -0500] "GET /BLA/boletinlegal/conceptos/2024/22.pdf HTTP/1.1" 206 1025
47.128.119.101 - - [03/Jul/2024:09:03:22 -0500] "GET /robots.txt HTTP/1.1" 404 1034
201.245.192.253 - - [03/Jul/2024:09:03:35 -0500] "GET /kwsrmcab/Wsrmcab?wsdl HTTP/1.1" 200 6948
186.98.82.173 - - [03/Jul/2024:09:04:08 -0500] "GET /kwssiamovil/sm/ldap/au?x=U2FsdGVkX1/vDovK+lvoV30RCloNiNPchN1223TyVgh2tLw4cdTOG/JWoF6vQi9a&y=U2FsdGVkX1+YcoNpYgvsCzbumZ3FJ368VPJJMnj7GtMddJd8+Wyh2atgm4nMKA9r HTTP/1.1" 200 30
186.98.82.173 - - [03/Jul/2024:09:04:08 -0500] "GET /kwssiamovil/sm/acme/s?s=U2FsdGVkX18Rulbrw+3hiQRGvUxcpnOuFfZ2WNaWxVv6EezbAg7LlSpzwHbIJyZoitf+r5RW46767X1Iv/W6c5aZbp49J+toRADToRkscbs=&u=U2FsdGVkX18GSSV01cDUhGUNSzfdXWDG+OwZTwgfvRh8eZWmTs0LQYMsA6c1Y+5G&y=U2FsdGVkX1+YcoNpYgvsCzbumZ3FJ368VPJJMnj7GtMddJd8+Wyh2atgm4nMKA9r HTTP/1.1" 200 97
186.98.82.173 - - [03/Jul/2024:09:04:08 -0500] "GET /kwssiamovil/sm/acme/s?s=U2FsdGVkX18AQck0HSgIFuhcu1NqiS5LNKpKkjg53xROe4Lb13sTnO4MbvRarxWa3P8VNkyzxUplsMJiXjenXhAyQ4fD6OndJ5ADvPMXKnRUGLfDBa0R6fi+mYsy70gSxm6Lb7Nz7M+QHGR9HRLugBT54k5bL4i6DWC86KOfJkuDn4IzKI4lGYPThOz71NOkOs5UxX6Cbw03HVpTtZ1C1/BWnajx5ARysN2rIRzAXtzZ+UiQR1NJxWr/GgH5sYyLFrH1BeyynzqB0WXbWitHAJ19YENsEPUBfqqjS4+N2sDxtrRIfdIRl8G3aLOgxUmZ6AUlxfgdX0QIZD3h0XDUC5htzWkUYD4gXQnW5cRJzXmw5YO0KF163GJDGcnjTDHxjTW7f9B/47dd+Hk6X+hy1OfsASukUBWLQ/u7w+vtmqbjQ9boYZq5XKWUvHTtTpEGYw3yUFLCt9ZQDPfKO554h5ROtifqCdUaTZwGdz87S9sXjjghcnYlbGR+EYaITBE3AGpvSIAsA89oo/ewzSC3f9pjH6b42jeBE+hSXx/M7hcVU0WHIgCV98k1N9zlvzs3UWo9oXzKJHT6sCYsLzv6P59M/uSP9p23wwfPUi7uxENILYuxMYKnRvxGvRBtDacMWDZdFT2IoXNAYWMwg68G950FFslPdJ4/HkLG2tT4tYmUHJLJTOqbFhen4l45mtnJ/QECH/EeQX+GZMrBqnQ3iHfR7ue1WYRVWMMaVFnrqmU1eO/sfVJ2tl6O4O2yMwkjtu593lOaZ9/WErRD6wc4MKFOPlSDxYjDd8A7v929uqX9MRJU4hErqAET2E9C6LRVlzrVqnsRQxleSZQLqnVNhJl8xYiFLuarXpd9Pq+b7Bst02dH5WkNtU6oTljUQ7jrM2XrCQwKanO7FiGuuvPBqtd+aV5L/u5kWc4t3lGizsW+UXLvVl1Lre4GKPEtfwWlt1znEVTIxCGgrccSs5ZzvRdS4+Whagrm87AtF69EhlAf6QadhdgjkQcfazahR66tGvyEXwGArdmzClAn6vZxpIveiEYxbsN108xyc602rpRRY2yHPMHkPGADjtPAQS2yS2r5Qxv3TE0KG7tPYDKtdXrazJcBJQEy3qXXNeJiMA0JHta751Np5z9EO4/Z49XomLwKyzFmjSZ1iAAf0xt9kDf7ykJPyOTNT+4G0S9ln9E+3z0naVzSHdDWyHHA/88ULM2VzaLEd1ERpvIm1+it7E75WIdDrUfJVASUb12rWRLQe3sNf74PLF1srkCUoOQb1tACFSsusc17wNDD4u99Ot3qOtiKFRh537NLW7ghhr2qdGmY4wm5jMVzX9iGCl+qil2fqQyxr1FYCgICNeX2mo2kKfcTOhbnKEsQwknrrS8rOv1DC8pQAywu8x/Yjr3glCRHT8bM4hUPtDqxkwRLeV6E0cC6ktsXDTcEKRvGXQ65Hwo88wKDDi0yo7V8wsc76tLN2Ml80IjOqsHcqoyxJ2DMTlxmvJdJa85LjMio7eU/onXc/q3pfQkpZxnUcBkokkDISvptmIwCbIDsoDHhG9iOfN1+E/S38B24/KS714MunO/I/DjbKc3YuRUSvJK0VdMaHvhAEefWHv2xFKk2gOcwU6qrq1jALAfMXtA77b28OjqMTx45gFAyHzT4T6O84V4VCDck1hifd08gMd9dlPmsp/1h2EOmA1b4PdU5Z80yjUzmKv5CkPvB7sZRhQYB5ZntMmtdhNTd9h2+3OEtkpSGW0ImdjCivIZy+Rx6TLhZKAWwqkW1KzlbsTduwTHd&u=U2FsdGVkX18GSSV01cDUhGUNSzfdXWDG+OwZTwgfvRh8eZWmTs0LQYMsA6c1Y+5G&y=U2FsdGVkX1+YcoNpYgvsCzbumZ3FJ368VPJJMnj7GtMddJd8+Wyh2atgm4nMKA9r HTTP/1.1" 200 6833
186.98.82.173 - - [03/Jul/2024:09:04:08 -0500] "GET /kwssiamovil/sm/acme/s?s=U2FsdGVkX19KAFxXdl4TEAzR5Tue8QDacF3Tfs0ai72QRJwruxcDsnA4tXteo7UhoDbSzjCW974g3LC9wgsGRIfINXQ8xXS2rwGDJ0isdVTJ7PXo3WXg4GbYDrkMkGosrn9oks4f0uzMADInkhX4XnrmbMJneikXo+aDBiN6Zo2V2g2pCP4TwDZVld356cZtEsiQLstnt315oR/2Vbazyff3eFTG1fnEGlD71UmTl31krPOF1dqT/JDw1cZ8IqiNYsto8ud7Evl2XF15xpz2JAjWPgjJu4Ok8HZ8U6uFsaClw0216k4VtXJcOMNlAJx/rHw9Z4atLizu2BAsdFOUx1u3jeEFFfOpdSg/ZSBpCkZDzOByE/HCiCT/iLtAv4pAftPQkiqQFu0FI6Bqj8y1qZvAMnAP+JAxLUU+V8s7NTO+wl5so5KFSe7Q61L9q3GMg+jFr4hcOKz51dKJE+2rK+RyDWYdLj9OZcWjle2wp38FMZn0WnHeXnfcVXWDvFSDaGoG+6KGUTrb6aaka35wEmub3kVghEGemEA+IcvoV2ySJKAuaIi/4Irj+i7J7PhZ28OnfCO8nAuXOlsA71SsO2P4Gi4es0dUYbDo1tJEUSOZg2KqA8h12DRCyftCA0bW03JzZwJnBf1VYFGpebjLebu5BEiS6O2RXR3AZciH/aFBLb/H1U99VXRY3MSnKZwUmIk5nXpmKGV2SUAVG3pygBByoQKOWglyr4mkEz7zPPe3f+uRCC2jqNccwC9mH8bh&u=U2FsdGVkX18GSSV01cDUhGUNSzfdXWDG+OwZTwgfvRh8eZWmTs0LQYMsA6c1Y+5G&y=U2FsdGVkX1+YcoNpYgvsCzbumZ3FJ368VPJJMnj7GtMddJd8+Wyh2atgm4nMKA9r HTTP/1.1" 200 208
82.2.226.85 - - [03/Jul/2024:09:04:08 -0500] "GET /robots.txt HTTP/1.1" 404 1034
186.98.82.173 - - [03/Jul/2024:09:04:08 -0500] "GET /kwssiamovil/sm/cjson/pre?f=1&x=U2FsdGVkX1/vDovK+lvoV30RCloNiNPchN1223TyVgh2tLw4cdTOG/JWoF6vQi9a HTTP/1.1" 200 30244
201.245.192.253 - - [03/Jul/2024:09:04:10 -0500] "POST /forms/lservlet;jsessionid=ac16012b30d6716d42d0eef24d9cbe79d3fe11a80187.e3iSbxaKaheRe34OahmPbx4Oa3z0n6jAmljGr5XDqQLvpAe HTTP/1.1" 200 2
216.245.221.92 - - [03/Jul/2024:09:04:27 -0500] "HEAD / HTTP/1.1" 200 -
47.128.37.127 - - [03/Jul/2024:09:04:32 -0500] "GET /robots.txt HTTP/1.1" 404 1034
186.145.59.68 - - [03/Jul/2024:09:04:33 -0500] "GET /sipse/js/disable_browser_buttons.js HTTP/1.1" 200 3230
186.145.59.68 - - [03/Jul/2024:09:04:33 -0500] "GET /sipse/css/custom_css_sg.css HTTP/1.1" 200 9694
186.145.59.68 - - [03/Jul/2024:09:04:33 -0500] "GET /sipse/js/funciones.js HTTP/1.1" 200 12592
186.145.59.68 - - [03/Jul/2024:09:04:33 -0500] "GET /sipse/css/custom_css_sg_prime_login.css HTTP/1.1" 200 443
186.145.59.68 - - [03/Jul/2024:09:04:32 -0500] "GET /sipse/faces/autenticacion.xhtml HTTP/1.1" 200 12413
186.145.59.68 - - [03/Jul/2024:09:04:33 -0500] "GET /sipse/faces/javax.faces.resource/layout/layout.css?ln=primefaces&v=4.0 HTTP/1.1" 200 542
186.145.59.68 - - [03/Jul/2024:09:04:33 -0500] "GET /sipse/faces/javax.faces.resource/jquery/jquery.js?ln=primefaces&v=4.0 HTTP/1.1" 304 -
186.145.59.68 - - [03/Jul/2024:09:04:33 -0500] "GET /sipse/faces/javax.faces.resource/jquery/jquery-plugins.js?ln=primefaces&v=4.0 HTTP/1.1" 304 -
186.145.59.68 - - [03/Jul/2024:09:04:33 -0500] "GET /sipse/faces/javax.faces.resource/primefaces.js?ln=primefaces&v=4.0 HTTP/1.1" 304 -
186.145.59.68 - - [03/Jul/2024:09:04:33 -0500] "GET /sipse/faces/javax.faces.resource/theme.css?ln=primefaces-sipse HTTP/1.1" 200 50058
186.145.59.68 - - [03/Jul/2024:09:04:33 -0500] "GET /sipse/faces/javax.faces.resource/primefaces.css?ln=primefaces&v=4.0 HTTP/1.1" 200 53295
186.145.59.68 - - [03/Jul/2024:09:04:33 -0500] "GET /sipse/faces/javax.faces.resource/layout/layout.js?ln=primefaces&v=4.0 HTTP/1.1" 304 -
186.145.59.68 - - [03/Jul/2024:09:04:33 -0500] "GET /sipse/faces/javax.faces.resource/images/ui-icons_898989_256x240.png?ln=primefaces-aristo HTTP/1.1" 200 5355
186.145.59.68 - - [03/Jul/2024:09:04:33 -0500] "GET /sipse/css/imagen/logoSDG.png HTTP/1.1" 200 53064
186.145.59.68 - - [03/Jul/2024:09:04:33 -0500] "GET /sipse/css/imagen/loginimg.png HTTP/1.1" 200 71635
201.245.192.253 - - [03/Jul/2024:09:04:35 -0500] "GET /kwsrmcab/Wsrmcab?wsdl HTTP/1.1" 200 6948
186.145.59.68 - - [03/Jul/2024:09:04:46 -0500] "POST /sipse/faces/autenticacion.xhtml HTTP/1.1" 200 16173
186.145.59.68 - - [03/Jul/2024:09:04:47 -0500] "GET /sipse/css/custom_css_sg_prime.css HTTP/1.1" 200 5201
186.145.59.68 - - [03/Jul/2024:09:04:47 -0500] "GET /sipse/js/jquery.min.js HTTP/1.1" 200 85582
186.145.59.68 - - [03/Jul/2024:09:04:47 -0500] "GET /sipse/faces/javax.faces.resource/jquery/jquery.js?ln=primefaces&v=4.0 HTTP/1.1" 304 -
186.145.59.68 - - [03/Jul/2024:09:04:47 -0500] "GET /sipse/faces/javax.faces.resource/jquery/jquery-plugins.js?ln=primefaces&v=4.0 HTTP/1.1" 304 -
186.145.59.68 - - [03/Jul/2024:09:04:48 -0500] "GET /sipse/faces/javax.faces.resource/primefaces.js?ln=primefaces&v=4.0 HTTP/1.1" 304 -
186.145.59.68 - - [03/Jul/2024:09:04:48 -0500] "GET /sipse/faces/javax.faces.resource/layout/layout.js?ln=primefaces&v=4.0 HTTP/1.1" 304 -
186.145.59.68 - - [03/Jul/2024:09:04:48 -0500] "GET /sipse/css/v_mergente.css HTTP/1.1" 200 1505
186.145.59.68 - - [03/Jul/2024:09:04:48 -0500] "GET /sipse/css/imagen/contrasena.png HTTP/1.1" 404 383
186.145.59.68 - - [03/Jul/2024:09:04:48 -0500] "GET /sipse/imagenes/cargando.gif HTTP/1.1" 200 36959
186.145.59.68 - - [03/Jul/2024:09:04:48 -0500] "GET /sipse/imagenes/logoAplicacion.jpg HTTP/1.1" 200 155084
186.145.59.68 - - [03/Jul/2024:09:04:49 -0500] "GET /sipse/faces/javax.faces.resource/messages/messages.png?ln=primefaces&v=4.0 HTTP/1.1" 200 27209
51.14.28.244 - - [03/Jul/2024:09:04:56 -0500] "GET /robots.txt HTTP/1.1" 404 1034
186.155.18.159 - - [03/Jul/2024:09:05:03 -0500] "GET /BLA/resoluciones/index.php?dir=RESOLUCIONES+2009%2F HTTP/1.1" 200 1694101
186.155.18.159 - - [03/Jul/2024:09:05:07 -0500] "GET /BLA/resoluciones/RESOLUCIONES%202009/8705.pdf HTTP/1.1" 200 600914
172.22.2.4 - - [03/Jul/2024:09:03:43 -0500] "HEAD /BLA/boletinlegal/ HTTP/1.1" 200 -
172.22.2.4 - - [03/Jul/2024:09:05:26 -0500] "GET /BLA/boletinlegal/style.css HTTP/1.1" 200 9406
172.22.2.4 - - [03/Jul/2024:09:05:26 -0500] "GET /BLA/boletinlegal/js/jquery.js HTTP/1.1" 200 57254
172.22.2.4 - - [03/Jul/2024:09:05:26 -0500] "GET /BLA/boletinlegal/styles2.css HTTP/1.1" 200 1838
172.22.2.4 - - [03/Jul/2024:09:05:26 -0500] "GET /BLA/boletinlegal/js/jquery.scrollTo-min.js HTTP/1.1" 200 1150
172.22.2.4 - - [03/Jul/2024:09:05:26 -0500] "GET /BLA/boletinlegal/js/jquery.scrollShow.js HTTP/1.1" 200 4586
172.22.2.4 - - [03/Jul/2024:09:05:26 -0500] "GET /BLA/boletinlegal/images/cabezote%20BLEGAL.jpg HTTP/1.1" 200 118164
172.22.2.4 - - [03/Jul/2024:09:05:26 -0500] "GET /BLA/boletinlegal/images/screen_1.png HTTP/1.1" 200 202547
172.22.2.4 - - [03/Jul/2024:09:05:26 -0500] "GET /BLA/boletinlegal/images/historia.png HTTP/1.1" 200 52775
172.22.2.4 - - [03/Jul/2024:09:05:26 -0500] "GET /BLA/boletinlegal/images/registro-usuarios.png HTTP/1.1" 200 8106
172.22.2.4 - - [03/Jul/2024:09:05:26 -0500] "GET /BLA/boletinlegal/images/subscribe-icon-big.png HTTP/1.1" 200 47702
172.22.2.4 - - [03/Jul/2024:09:05:26 -0500] "GET /BLA/boletinlegal/images/body_bg.jpg HTTP/1.1" 200 1601
172.22.2.4 - - [03/Jul/2024:09:05:26 -0500] "GET /BLA/boletinlegal/images/menu_rght.gif HTTP/1.1" 200 1627
172.22.2.4 - - [03/Jul/2024:09:05:26 -0500] "GET /BLA/boletinlegal/images/menu_bg.jpg HTTP/1.1" 200 620
172.22.2.4 - - [03/Jul/2024:09:05:26 -0500] "GET /BLA/boletinlegal/images/text.jpg HTTP/1.1" 200 568
172.22.2.4 - - [03/Jul/2024:09:05:26 -0500] "GET /BLA/boletinlegal/images/launch.jpg HTTP/1.1" 200 14577
172.22.2.4 - - [03/Jul/2024:09:05:26 -0500] "GET /BLA/boletinlegal/images/hover.jpg HTTP/1.1" 200 640
172.22.2.4 - - [03/Jul/2024:09:05:26 -0500] "GET /BLA/boletinlegal/images/menu_lft.gif HTTP/1.1" 200 1713
172.22.2.4 - - [03/Jul/2024:09:05:26 -0500] "GET /BLA/boletinlegal/images/bg_top.jpg HTTP/1.1" 200 522
172.22.2.4 - - [03/Jul/2024:09:05:26 -0500] "GET /BLA/boletinlegal/images/arr_l.jpg HTTP/1.1" 200 1979
172.22.2.4 - - [03/Jul/2024:09:05:29 -0500] "GET /BLA/boletinlegal/actos.php HTTP/1.1" 200 9738
172.22.2.4 - - [03/Jul/2024:09:05:29 -0500] "GET /BLA/boletinlegal/js/lib.js HTTP/1.1" 200 6474
172.22.2.4 - - [03/Jul/2024:09:05:29 -0500] "GET /BLA/boletinlegal/niceforms-default.css HTTP/1.1" 200 6694
172.22.2.4 - - [03/Jul/2024:09:05:29 -0500] "GET /BLA/boletinlegal/niceforms.js HTTP/1.1" 200 22876
172.22.2.4 - - [03/Jul/2024:09:05:29 -0500] "GET /BLA/boletinlegal/js/popup.js HTTP/1.1" 200 1270
172.22.2.4 - - [03/Jul/2024:09:05:29 -0500] "GET /BLA/boletinlegal/js/jquery1.js HTTP/1.1" 200 29846
172.22.2.4 - - [03/Jul/2024:09:05:29 -0500] "GET /BLA/boletinlegal/js/ajax_actos.js HTTP/1.1" 200 1322
172.22.2.4 - - [03/Jul/2024:09:05:29 -0500] "GET /BLA/boletinlegal/images/green-yellow-blue-pink-th.png HTTP/1.1" 200 7394
172.22.2.4 - - [03/Jul/2024:09:05:29 -0500] "GET /BLA/boletinlegal/images/tel.png HTTP/1.1" 200 14477
172.22.2.4 - - [03/Jul/2024:09:05:29 -0500] "GET /BLA/boletinlegal/images/icono-email.png HTTP/1.1" 200 5544
172.22.2.4 - - [03/Jul/2024:09:05:29 -0500] "GET /BLA/boletinlegal/images/footer_bg.jpg HTTP/1.1" 200 586
172.22.2.4 - - [03/Jul/2024:09:05:29 -0500] "GET /BLA/boletinlegal/images/footer_bg_l.jpg HTTP/1.1" 200 776
172.22.2.4 - - [03/Jul/2024:09:05:29 -0500] "GET /BLA/boletinlegal/img/select-left.png HTTP/1.1" 200 263
172.22.2.4 - - [03/Jul/2024:09:05:29 -0500] "GET /BLA/boletinlegal/img/select-right.png HTTP/1.1" 200 44019
172.22.2.4 - - [03/Jul/2024:09:05:29 -0500] "GET /BLA/boletinlegal/img/button-right.png HTTP/1.1" 200 57878
172.22.2.4 - - [03/Jul/2024:09:05:29 -0500] "GET /BLA/boletinlegal/img/button.png HTTP/1.1" 200 43241
172.22.2.4 - - [03/Jul/2024:09:05:29 -0500] "GET /BLA/boletinlegal/img/0.png HTTP/1.1" 200 110
172.22.2.4 - - [03/Jul/2024:09:05:29 -0500] "GET /BLA/boletinlegal/img/button-left.png HTTP/1.1" 200 57071
172.22.2.4 - - [03/Jul/2024:09:05:29 -0500] "GET /BLA/boletinlegal/favicon.ico HTTP/1.1" 404 1326
201.245.192.253 - - [03/Jul/2024:09:05:35 -0500] "GET /kwsrmcab/Wsrmcab?wsdl HTTP/1.1" 200 6948
172.22.2.4 - - [03/Jul/2024:09:05:36 -0500] "GET /BLA/boletinlegal/consulta_actos.php?tipo=autos&no=&usuario=LITO%20SAS&sector=&fecha=2024&resuelve= HTTP/1.1" 200 1092
172.22.2.4 - - [03/Jul/2024:09:05:36 -0500] "GET /BLA/boletinlegal/images/pdf.gif HTTP/1.1" 200 567
201.184.112.146 - - [03/Jul/2024:09:05:43 -0500] "GET /BLA/resoluciones/AUTOS%202024/02014.pdf HTTP/1.1" 200 319626
201.184.112.146 - - [03/Jul/2024:09:05:43 -0500] "GET /favicon.ico HTTP/1.1" 200 7782
186.155.18.159 - - [03/Jul/2024:09:05:43 -0500] "GET /BLA/resoluciones/index.php?dir=RESOLUCIONES+2014%2F HTTP/1.1" 200 334529
186.155.18.159 - - [03/Jul/2024:09:05:54 -0500] "GET /BLA/resoluciones/RESOLUCIONES%202014/0993.pdf HTTP/1.1" 200 683598
172.22.2.4 - - [03/Jul/2024:09:06:09 -0500] "GET /BLA/boletinlegal/consulta_actos.php?tipo=autos&no=&usuario=LITO%20SAS&sector=&fecha=2023&resuelve= HTTP/1.1" 200 626
201.245.192.253 - - [03/Jul/2024:09:06:10 -0500] "POST /forms/lservlet;jsessionid=ac16012b30d6716d42d0eef24d9cbe79d3fe11a80187.e3iSbxaKaheRe34OahmPbx4Oa3z0n6jAmljGr5XDqQLvpAe HTTP/1.1" 200 2
172.22.2.4 - - [03/Jul/2024:09:04:32 -0500] "GET /BLA/boletinlegal/index.php HTTP/1.1" 200 43593
172.22.2.4 - - [03/Jul/2024:09:04:34 -0500] "GET /BLA/boletinlegal/ HTTP/1.1" 200 43593
172.22.2.4 - - [03/Jul/2024:09:06:20 -0500] "GET /BLA/boletinlegal/consulta_actos.php?tipo=autos&no=&usuario=LITO%20SAS&sector=&fecha=2023&resuelve= HTTP/1.1" 200 626
172.22.2.4 - - [03/Jul/2024:09:05:25 -0500] "GET /BLA/boletinlegal/ HTTP/1.1" 200 24523
172.22.2.4 - - [03/Jul/2024:09:05:28 -0500] "GET /BLA/boletinlegal/index.php HTTP/1.1" 200 24523
172.22.2.4 - - [03/Jul/2024:09:06:26 -0500] "GET /BLA/boletinlegal/consulta_actos.php?tipo=autos&no=&usuario=LITO%20SAS&sector=&fecha=2023&resuelve= HTTP/1.1" 200 626
201.245.192.253 - - [03/Jul/2024:09:06:35 -0500] "GET /kwsrmcab/Wsrmcab?wsdl HTTP/1.1" 200 6948
201.245.192.253 - - [03/Jul/2024:09:07:35 -0500] "GET /kwsrmcab/Wsrmcab?wsdl HTTP/1.1" 200 6948
201.245.192.253 - - [03/Jul/2024:09:08:00 -0500] "POST /kwsrmcab/Wsrmcab  HTTP/1.1" 200 38894
201.245.192.253 - - [03/Jul/2024:09:08:10 -0500] "POST /forms/lservlet;jsessionid=ac16012b30d6716d42d0eef24d9cbe79d3fe11a80187.e3iSbxaKaheRe34OahmPbx4Oa3z0n6jAmljGr5XDqQLvpAe HTTP/1.1" 200 2
66.249.77.164 - - [03/Jul/2024:09:08:29 -0500] "GET /BLA/resoluciones/Notificaciones/RESOLUCIONES%202023/2788.pdf HTTP/1.1" 304 -
191.156.177.207 - - [03/Jul/2024:09:08:32 -0500] "POST /appsia/controlador HTTP/1.1" 200 3227
191.156.189.11 - - [03/Jul/2024:09:08:32 -0500] "GET /appsia/jscripts/validarSolicitud.js HTTP/1.1" 404 68
201.245.192.253 - - [03/Jul/2024:09:08:35 -0500] "GET /kwsrmcab/Wsrmcab?wsdl HTTP/1.1" 200 6948
191.156.177.246 - - [03/Jul/2024:09:08:39 -0500] "POST /appsia/controlador HTTP/1.1" 200 4799
186.102.90.51 - - [03/Jul/2024:09:08:43 -0500] "GET /kwssiamovil/sm/acme/s?s=U2FsdGVkX18rVia3QHBfT06pD2L6i/CP3wa2CKoijEIvPoPOJ35oYe5Ddy4PhWFZhOLJgNC9A/XuX5aKEawO4RonviF4x99LZhjV078RZDjhnUfXX2qcQH0VmGw74O8Y&u=U2FsdGVkX1/6FGF6Lc3m6+iomFl+cwH5JcVmc0tFCXk5qsOCKNIaT4Q2O73OSY/j&y=U2FsdGVkX1+obTRe2gg8SmRzRh+SgBgkC3fq9pb37/Ymi/Z+oPTp16jsKcMcTXrZ HTTP/1.1" 200 107
186.102.90.51 - - [03/Jul/2024:09:08:44 -0500] "GET /kwssiamovil/sm/acme/s?s=U2FsdGVkX1+l5t1wXNJdH8H33q/tRxclztBj6/4YFzHtyXChNfWqi6dGl+BUw8e/Y2pG8gs4rwYc3bje71rrJiuITfUXpHMVa1GgusTYMRjKZEmPSKroa5I7Ryq4NjmaxPKVTiGOxy3/XLa38MAnDs8Mokv3zyEJMH4PYrlqleD6WwLzwhriqL0f1L4Fj+KJa7LC0unEGwXAO4ZFpJbUTfIW0ZYfssHqHAxjA9OxnjfrOS1xsY2VEaaxnVrzZzyD0NIPe63X5sfCoCrccZZvzA==&u=U2FsdGVkX1/6FGF6Lc3m6+iomFl+cwH5JcVmc0tFCXk5qsOCKNIaT4Q2O73OSY/j&y=U2FsdGVkX1+obTRe2gg8SmRzRh+SgBgkC3fq9pb37/Ymi/Z+oPTp16jsKcMcTXrZ HTTP/1.1" 200 74
186.102.90.51 - - [03/Jul/2024:09:08:44 -0500] "GET /kwssiamovil/sm/acme/s?s=U2FsdGVkX18L/qBeXY3Twxf1TiGsue/S44SJ8Ldt18Ys6/gUi3y0UVwItFKlI5mDwY4Xhihox1QyMvA48t/rnt3/ti+10Ec8D6+rVNO879Z1M8L43AXuVblJqpi51iKPhiCbwUXiYHK0qAgXejCmnRleL8GrFOTFWW84IhpKhSJrLaNNMeqTktQNPi/9U1TbRUdkM+hifXkcfEhhxsviLxhOhcsu90Ytw1PyNgkfqSQbELVk9kPgP06qYRRiYyRE&u=U2FsdGVkX1/6FGF6Lc3m6+iomFl+cwH5JcVmc0tFCXk5qsOCKNIaT4Q2O73OSY/j&y=U2FsdGVkX1+obTRe2gg8SmRzRh+SgBgkC3fq9pb37/Ymi/Z+oPTp16jsKcMcTXrZ HTTP/1.1" 200 146
186.102.90.51 - - [03/Jul/2024:09:08:44 -0500] "GET /kwssiamovil/sm/acme/s?s=U2FsdGVkX1/kXuQtkajTrEBaYRl7SSTN6NgPnqbTeb6PhfobNLZmxyoXAkmEVeY2a1Mv9qouHQEiW+BSLPldRKzGE18HfMzt7dj41JJc6GfQ6smYystaIrROtF14lD+h&u=U2FsdGVkX1/6FGF6Lc3m6+iomFl+cwH5JcVmc0tFCXk5qsOCKNIaT4Q2O73OSY/j&y=U2FsdGVkX1+obTRe2gg8SmRzRh+SgBgkC3fq9pb37/Ymi/Z+oPTp16jsKcMcTXrZ HTTP/1.1" 200 142
186.102.90.51 - - [03/Jul/2024:09:08:44 -0500] "GET /kwssiamovil/sm/acme/s?s=U2FsdGVkX18kFG+iTWdB7UxXW0qiA4WuFB8wlQYjDhIznLD9UiRLIc/2n/aIWB7Myun/UQVHgpiV2AkIGSAsZaC7KicDHJc00AguODg1ko4+/KtyIH1VWzeNSFMEgm+H8lDEDTy5CC8nH4rEqzNjEPk5wbYSmaHwH8gWDVjOna1uLKyS0yCrcwxQm6DW/LIwkc5AoCVVmPKhFA9NDqHXML0ob+dMAWIhR+XoIZoj3YQ/zAC8i/TC9239Jb3/jW5bqxklWWZ4Yx3bo0GWTctDRpoib6be488wzraHjXOCU68u1jOXy0CFODXk2YCfLjBDoCjhXUTi6dIpD1ymNK9j2XgwZkgtwvPWS1WRjGGqoRmePuW4lULyjXtNRg6c+3YkusI5zlxJKdef+R5pb66cOSUYWq7KhDx3nM/VMB+g8ZJ6ArM45BnfVio+qSF5MpjIL6Qy6jkBqUumIFkDIMolleTp6AR7OovTWEL3lps2ATCFKP27mbuySv+6T7e8DIgxDnkJHfTE6QuGat7nXDrNEC1Fx+BPgr5c4m2tq+ZxYdY=&u=U2FsdGVkX1/6FGF6Lc3m6+iomFl+cwH5JcVmc0tFCXk5qsOCKNIaT4Q2O73OSY/j&y=U2FsdGVkX1+obTRe2gg8SmRzRh+SgBgkC3fq9pb37/Ymi/Z+oPTp16jsKcMcTXrZ HTTP/1.1" 200 109
186.102.90.51 - - [03/Jul/2024:09:08:44 -0500] "GET /kwssiamovil/sm/acme/s?s=U2FsdGVkX1+jaGzQGURx1swVJhBu3V/jBjpEPJdyhIe9badHhiA+JI4/6/czD2JSJJR/wcT3RPiTE0skVJDZsnJ+jDgeLMolHWkJEkKl1kCAzBIVuKI7nPDMwgBMDfcT8ap3oqmzua0nbJ83uz16FjwpO4biBg46tGnCUtbfD43utYuaFQaEa7zRRgb4Ew9v7NXnJZ3LxOd3N/P9Ng8cFP3C16g4vL3UnzNJmf/QrvLwnQyp907EULhTaqhmLcg9duBDxAY2lZISex/LWR4z9UQ7m7tkF4PYYuTdavkCXt+nqXBdtYmc8QFzV53iuzPOjT7RTviMpyZR05HSB0UOE7yFvDigqEZqD62lBdPljP4=&u=U2FsdGVkX1/6FGF6Lc3m6+iomFl+cwH5JcVmc0tFCXk5qsOCKNIaT4Q2O73OSY/j&y=U2FsdGVkX1+obTRe2gg8SmRzRh+SgBgkC3fq9pb37/Ymi/Z+oPTp16jsKcMcTXrZ HTTP/1.1" 200 96
186.102.90.51 - - [03/Jul/2024:09:08:44 -0500] "GET /kwssiamovil/sm/acme/s?s=U2FsdGVkX18rMJ9/7gwmZNtM1pixoFfSMa7AKfSAWVJdSEnqZLwPULfNO0kw2CMM3p42DWchIruEp+5tPzubgh3SPukwLQeLob25c6dQFTLuD/wSDqZhfjZQsTiLh4TX&u=U2FsdGVkX1/6FGF6Lc3m6+iomFl+cwH5JcVmc0tFCXk5qsOCKNIaT4Q2O73OSY/j&y=U2FsdGVkX1+obTRe2gg8SmRzRh+SgBgkC3fq9pb37/Ymi/Z+oPTp16jsKcMcTXrZ HTTP/1.1" 200 98
186.102.90.51 - - [03/Jul/2024:09:08:44 -0500] "GET /kwssiamovil/sm/acme/s?s=U2FsdGVkX1/b2fvqeHytPfEg1psGhiPAXY2EwDsHqw3D32C6kUE73usdMWGUBnVty+/0zeW3tKTF3My0PAvW5TkRa/fF+aub9ImbcZXfpNJD7V07JP6ihFVzvG4M7d8P&u=U2FsdGVkX1/6FGF6Lc3m6+iomFl+cwH5JcVmc0tFCXk5qsOCKNIaT4Q2O73OSY/j&y=U2FsdGVkX1+obTRe2gg8SmRzRh+SgBgkC3fq9pb37/Ymi/Z+oPTp16jsKcMcTXrZ HTTP/1.1" 200 111
186.102.90.51 - - [03/Jul/2024:09:08:44 -0500] "GET /kwssiamovil/sm/acme/s?s=U2FsdGVkX1/UH2I6xBhaNemW+DlPrCLaSfaaIIt+3D+F8WZMA8q6rQl//Bi18OQg2/S8AGCPFig/FxA3R4Rcz6lw51Ujwrlb0hOGaD0AlcDlyvP2iqcGEgIEf/7fO1A5znhftkeUeo5/ZUEfXkWfzoxYysyX0LgpOJyVPTtIfoc=&u=U2FsdGVkX1/6FGF6Lc3m6+iomFl+cwH5JcVmc0tFCXk5qsOCKNIaT4Q2O73OSY/j&y=U2FsdGVkX1+obTRe2gg8SmRzRh+SgBgkC3fq9pb37/Ymi/Z+oPTp16jsKcMcTXrZ HTTP/1.1" 200 136
186.102.90.51 - - [03/Jul/2024:09:08:44 -0500] "GET /kwssiamovil/sm/acme/s?s=U2FsdGVkX1/U+TBk7Haw3x2tKQXXuPvDTTr4gz9eCLE/335W4qnD6v18bOUsfsK4l6WsT+vqpaa+C/3emveNGJ6C003++j75xkQKeVWboXH+okHbUlgzSmemCqpRXE4v6dypTpmWpYnawfZP6C6yfGlavT/CPtvIEv5J/gX05YdWxVVn6R9SwGGrsOBftrkUzrZ3jKBG0KlLfsI16e7BrBcaQQMWsy5ZcCdb5p99tGgBXx4hCSz51VkQVM5nkB4sBfWIufOCK0dnkg85yRRbGg==&u=U2FsdGVkX1/6FGF6Lc3m6+iomFl+cwH5JcVmc0tFCXk5qsOCKNIaT4Q2O73OSY/j&y=U2FsdGVkX1+obTRe2gg8SmRzRh+SgBgkC3fq9pb37/Ymi/Z+oPTp16jsKcMcTXrZ HTTP/1.1" 200 74
186.102.90.51 - - [03/Jul/2024:09:08:44 -0500] "GET /kwssiamovil/sm/acme/s?s=U2FsdGVkX19X82efD/EwLf/WocD+CKaZzq8Z9eoewyukIAYO1YAMXVjPYrqcB5fVxaSTMNASHTs2oPm3mwUJO+9d8Pl25VBytfm0HJG3+qK2t2VGXXJCD+Aa7mQ8A7ru11Ybwo/REA7cf5ivvXx0xw==&u=U2FsdGVkX1/6FGF6Lc3m6+iomFl+cwH5JcVmc0tFCXk5qsOCKNIaT4Q2O73OSY/j&y=U2FsdGVkX1+obTRe2gg8SmRzRh+SgBgkC3fq9pb37/Ymi/Z+oPTp16jsKcMcTXrZ HTTP/1.1" 200 127
181.53.13.219 - - [03/Jul/2024:09:08:46 -0500] "GET /appsia/controlador HTTP/1.1" 200 4799
181.53.13.219 - - [03/Jul/2024:09:08:46 -0500] "GET /appsia/css/estilos.css HTTP/1.1" 200 4804
181.53.13.219 - - [03/Jul/2024:09:08:46 -0500] "GET /appsia/scripts/validarIngreso.js HTTP/1.1" 200 851
181.53.13.219 - - [03/Jul/2024:09:08:46 -0500] "GET /appsia/images/logo_bogota_p.png HTTP/1.1" 200 14951
181.53.13.219 - - [03/Jul/2024:09:08:46 -0500] "GET /appsia/images/cabezoteHojaVida.png HTTP/1.1" 200 32493
181.53.13.219 - - [03/Jul/2024:09:08:46 -0500] "GET /favicon.ico HTTP/1.1" 200 7782
191.156.179.197 - - [03/Jul/2024:09:08:48 -0500] "POST /appsia/controlador HTTP/1.1" 200 3600
191.156.177.207 - - [03/Jul/2024:09:08:48 -0500] "GET /appsia/jscripts/validarSolicitud.js HTTP/1.1" 404 68
66.249.77.165 - - [03/Jul/2024:09:08:51 -0500] "GET /BLA/resoluciones/RESOLUCIONES%202004/RES%202004%202251-2300/00002263.tif HTTP/1.1" 200 117714
181.53.13.219 - - [03/Jul/2024:09:08:53 -0500] "POST /appsia/controlador HTTP/1.1" 200 3600
181.53.13.219 - - [03/Jul/2024:09:08:54 -0500] "GET /appsia/jscripts/validarSolicitud.js HTTP/1.1" 404 68
181.53.13.219 - - [03/Jul/2024:09:09:04 -0500] "POST /appsia/controlador HTTP/1.1" 200 4799
191.156.177.105 - - [03/Jul/2024:09:09:05 -0500] "GET /appsia/controlador HTTP/1.1" 200 4799
191.156.177.207 - - [03/Jul/2024:09:09:17 -0500] "POST /appsia/controlador HTTP/1.1" 200 3600
191.156.181.250 - - [03/Jul/2024:09:09:18 -0500] "GET /appsia/jscripts/validarSolicitud.js HTTP/1.1" 404 68
191.156.181.250 - - [03/Jul/2024:09:09:23 -0500] "GET /appsia/controlador HTTP/1.1" 200 4799
216.245.221.92 - - [03/Jul/2024:09:09:27 -0500] "HEAD / HTTP/1.1" 200 -
181.53.13.219 - - [03/Jul/2024:09:09:29 -0500] "POST /appsia/controlador HTTP/1.1" 200 3600
181.53.13.219 - - [03/Jul/2024:09:09:29 -0500] "GET /appsia/jscripts/validarSolicitud.js HTTP/1.1" 404 68
201.245.192.253 - - [03/Jul/2024:09:09:35 -0500] "GET /kwsrmcab/Wsrmcab?wsdl HTTP/1.1" 200 6948
191.156.177.179 - - [03/Jul/2024:09:09:41 -0500] "POST /appsia/controlador HTTP/1.1" 200 5437
191.156.177.179 - - [03/Jul/2024:09:09:43 -0500] "POST /appsia/controlador HTTP/1.1" 200 10906
172.22.2.4 - - [03/Jul/2024:09:09:43 -0500] "GET /BLA/boletinlegal/consulta_actos.php?tipo=autos&no=&usuario=LITO%20SAS&sector=&fecha=2018&resuelve= HTTP/1.1" 200 626
172.22.2.4 - - [03/Jul/2024:09:09:45 -0500] "GET /BLA/boletinlegal/consulta_actos.php?tipo=autos&no=&usuario=LITO%20SAS&sector=&fecha=2018&resuelve= HTTP/1.1" 200 626
172.22.2.4 - - [03/Jul/2024:09:09:48 -0500] "GET /BLA/boletinlegal/consulta_actos.php?tipo=autos&no=&usuario=LITO%20SAS&sector=&fecha=2019&resuelve= HTTP/1.1" 200 1304
201.184.112.146 - - [03/Jul/2024:09:09:51 -0500] "GET /BLA/resoluciones/AUTOS%202019/3244.pdf HTTP/1.1" 200 263569
172.22.2.4 - - [03/Jul/2024:09:09:58 -0500] "GET /BLA/boletinlegal/consulta_actos.php?tipo=resoluciones&no=&usuario=LITO%20SAS&sector=&fecha=2024&resuelve= HTTP/1.1" 200 626
201.245.192.253 - - [03/Jul/2024:09:10:10 -0500] "POST /forms/lservlet;jsessionid=ac16012b30d6716d42d0eef24d9cbe79d3fe11a80187.e3iSbxaKaheRe34OahmPbx4Oa3z0n6jAmljGr5XDqQLvpAe HTTP/1.1" 200 2
172.22.2.4 - - [03/Jul/2024:09:10:18 -0500] "GET /BLA/boletinlegal/favicon.ico HTTP/1.1" 404 1326
172.22.2.4 - - [03/Jul/2024:09:10:29 -0500] "GET /BLA/boletinlegal/consulta_actos.php?tipo=autos&no=&usuario=LITO%20SAS&sector=&fecha=2024&resuelve= HTTP/1.1" 200 1092
201.245.192.253 - - [03/Jul/2024:09:10:35 -0500] "GET /kwsrmcab/Wsrmcab?wsdl HTTP/1.1" 200 6948
172.22.2.4 - - [03/Jul/2024:09:10:39 -0500] "GET /BLA/boletinlegal/normativa.php HTTP/1.1" 200 8397
172.22.2.4 - - [03/Jul/2024:09:10:39 -0500] "GET /BLA/boletinlegal/js/ajax_normativa.js HTTP/1.1" 200 1154
172.22.2.4 - - [03/Jul/2024:09:10:40 -0500] "GET /BLA/boletinlegal/conceptos.php HTTP/1.1" 200 7588
172.22.2.4 - - [03/Jul/2024:09:10:40 -0500] "GET /BLA/boletinlegal/js/ajax_conceptos.js HTTP/1.1" 200 1326
172.22.2.4 - - [03/Jul/2024:09:10:48 -0500] "GET /BLA/boletinlegal/consulta_conceptos.php?no=&solicitante=lito%20sas&radicado_entrada=&fecha_concepto=2024&objeto= HTTP/1.1" 200 570
172.22.2.4 - - [03/Jul/2024:09:10:49 -0500] "GET /BLA/boletinlegal/consulta_conceptos.php?no=&solicitante=lito%20sas&radicado_entrada=&fecha_concepto=2024&objeto= HTTP/1.1" 200 570
172.22.2.4 - - [03/Jul/2024:09:10:54 -0500] "GET /BLA/boletinlegal/consulta_conceptos.php?no=&solicitante=lito%20sas&radicado_entrada=&fecha_concepto=2023&objeto= HTTP/1.1" 200 570
172.22.2.4 - - [03/Jul/2024:09:10:54 -0500] "GET /BLA/boletinlegal/consulta_conceptos.php?no=&solicitante=lito%20sas&radicado_entrada=&fecha_concepto=2023&objeto= HTTP/1.1" 200 570
172.22.2.4 - - [03/Jul/2024:09:10:57 -0500] "GET /BLA/boletinlegal/consulta_conceptos.php?no=&solicitante=lito%20sas&radicado_entrada=&fecha_concepto=2022&objeto= HTTP/1.1" 200 570
172.22.2.4 - - [03/Jul/2024:09:11:04 -0500] "GET /BLA/boletinlegal/normativa.php HTTP/1.1" 200 8397
172.22.2.4 - - [03/Jul/2024:09:11:07 -0500] "GET /BLA/boletinlegal/actos.php HTTP/1.1" 200 9738
172.22.2.4 - - [03/Jul/2024:09:09:33 -0500] "HEAD /BLA/boletinlegal/ HTTP/1.1" 200 -
172.22.2.4 - - [03/Jul/2024:09:11:15 -0500] "GET /BLA/boletinlegal/consulta_actos.php?tipo=autos&no=&usuario=&sector=&fecha=2019&resuelve= HTTP/1.1" 200 1369317
172.22.2.4 - - [03/Jul/2024:09:11:17 -0500] "GET /BLA/boletinlegal/images/background.gif HTTP/1.1" 200 -
172.22.2.4 - - [03/Jul/2024:09:11:23 -0500] "GET /BLA/boletinlegal/consulta_actos.php?tipo=autos&no=&usuario=lito%20&sector=&fecha=2019&resuelve= HTTP/1.1" 200 2218
190.242.188.101 - - [03/Jul/2024:09:11:27 -0500] "GET /catalogoisis/ HTTP/1.1" 200 8575
201.184.112.146 - - [03/Jul/2024:09:11:29 -0500] "GET /BLA/resoluciones/AUTOS%202019/3032.pdf HTTP/1.1" 200 270904
190.242.188.101 - - [03/Jul/2024:09:11:29 -0500] "GET /catalogoisis/ HTTP/1.1" 200 8575
190.242.188.101 - - [03/Jul/2024:09:11:29 -0500] "GET /catalogoisis/Css/Busqueda.css HTTP/1.1" 200 1995
190.242.188.101 - - [03/Jul/2024:09:11:29 -0500] "GET /catalogoisis/Js/AceptarLimpiar.js HTTP/1.1" 200 331
190.242.188.101 - - [03/Jul/2024:09:11:29 -0500] "GET /catalogoisis/Js/LimpiarCombinada.js HTTP/1.1" 200 207
190.242.188.101 - - [03/Jul/2024:09:11:29 -0500] "GET /catalogoisis/Js/Cookies.js HTTP/1.1" 200 1369
190.242.188.101 - - [03/Jul/2024:09:11:29 -0500] "GET /catalogoisis/Js/CriterioCombinada.js HTTP/1.1" 200 1843
190.242.188.101 - - [03/Jul/2024:09:11:29 -0500] "GET /catalogoisis/Js/Remote.js HTTP/1.1" 200 436
190.242.188.101 - - [03/Jul/2024:09:11:30 -0500] "GET /catalogoisis/Js/Go.js HTTP/1.1" 200 364
190.242.188.101 - - [03/Jul/2024:09:11:30 -0500] "GET /catalogoisis/Js/Numero.js HTTP/1.1" 200 398
190.242.188.101 - - [03/Jul/2024:09:11:30 -0500] "GET /catalogoisis/Js/Enter.js HTTP/1.1" 200 1208
190.242.188.101 - - [03/Jul/2024:09:11:30 -0500] "GET /catalogoisis/imagenes/br1c1.gif HTTP/1.1" 200 172
