!C99Shell v. 1.0 pre-release build #13!

Software: Apache. PHP/5.5.15 

uname -a: Windows NT SVR-DMZ 6.1 build 7600 (Windows Server 2008 R2 Enterprise Edition) i586 

SYSTEM 

Safe-mode: OFF (not secure)

E:\nuevo\apache\logs\   drwxrwxrwx
Free 9.41 GB of 239.26 GB (3.93%)
Detected drives: [ a ] [ c ] [ d ] [ e ] [ f ]
Home    Back    Forward    UPDIR    Refresh    Search    Buffer    Encoder    Tools    Proc.    FTP brute    Sec.    SQL    PHP-code    Update    Feedback    Self remove    Logout    


Viewing file:     access.2024.07.03.log (4.71 MB)      -rw-rw-rw-
Select action/file-type:
(+) | (+) | (+) | Code (+) | Session (+) | (+) | SDB (+) | (+) | (+) | (+) | (+) | (+) |
201.245.192.253 - - [03/Jul/2024:00:00:09 -0500] "POST /forms/lservlet;jsessionid=ac16012b30d6716d42d0eef24d9cbe79d3fe11a80187.e3iSbxaKaheRe34OahmPbx4Oa3z0n6jAmljGr5XDqQLvpAe HTTP/1.1" 200 2
66.249.66.13 - - [03/Jul/2024:00:00:23 -0500] "GET /BLA/resoluciones/AUTOS%202013/0368.pdf HTTP/1.1" 304 -
201.245.192.253 - - [03/Jul/2024:00:00:36 -0500] "GET /kwsrmcab/Wsrmcab?wsdl HTTP/1.1" 200 6948
157.55.39.61 - - [03/Jul/2024:00:00:52 -0500] "GET /BLA/resoluciones/AUTOS%202013/1960.pdf HTTP/1.1" 200 847916
66.249.66.11 - - [03/Jul/2024:00:01:23 -0500] "GET /BLA/resoluciones/AUTOS%202018/2990.pdf HTTP/1.1" 200 309258
201.245.192.253 - - [03/Jul/2024:00:01:36 -0500] "GET /kwsrmcab/Wsrmcab?wsdl HTTP/1.1" 200 6948
201.245.192.253 - - [03/Jul/2024:00:02:09 -0500] "POST /forms/lservlet;jsessionid=ac16012b30d6716d42d0eef24d9cbe79d3fe11a80187.e3iSbxaKaheRe34OahmPbx4Oa3z0n6jAmljGr5XDqQLvpAe HTTP/1.1" 200 2
157.55.39.61 - - [03/Jul/2024:00:02:13 -0500] "GET /BLA/resoluciones/AUTOS%202015/5129.pdf HTTP/1.1" 304 -
66.249.66.13 - - [03/Jul/2024:00:02:23 -0500] "GET /BLA/resoluciones/AUTOS%202018/4879.pdf HTTP/1.1" 200 321029
201.245.192.253 - - [03/Jul/2024:00:02:36 -0500] "GET /kwsrmcab/Wsrmcab?wsdl HTTP/1.1" 200 6948
172.22.2.4 - - [03/Jul/2024:00:01:14 -0500] "HEAD /BLA/boletinlegal/ HTTP/1.1" 200 -
66.249.66.12 - - [03/Jul/2024:00:03:16 -0500] "GET /BLA/resoluciones/RESOLUCIONES%202021/0398.pdf HTTP/1.1" 200 1542821
201.245.192.253 - - [03/Jul/2024:00:03:19 -0500] "POST /kwsrmcab/Wsrmcab  HTTP/1.1" 200 38894
66.249.66.12 - - [03/Jul/2024:00:03:24 -0500] "GET /BLA/resoluciones/RESOLUCIONES%202009/2225.pdf HTTP/1.1" 200 689144
66.249.66.12 - - [03/Jul/2024:00:03:24 -0500] "GET /BLA/resoluciones/index.php?dir=RESOLUCIONES%202004/RES%202004%20401-450/&sort=name&order=desc HTTP/1.1" 200 12038
201.245.192.253 - - [03/Jul/2024:00:03:36 -0500] "GET /kwsrmcab/Wsrmcab?wsdl HTTP/1.1" 200 6948
172.22.2.4 - - [03/Jul/2024:00:02:05 -0500] "GET /BLA/boletinlegal/ HTTP/1.1" 200 57889
201.245.192.253 - - [03/Jul/2024:00:04:09 -0500] "POST /forms/lservlet;jsessionid=ac16012b30d6716d42d0eef24d9cbe79d3fe11a80187.e3iSbxaKaheRe34OahmPbx4Oa3z0n6jAmljGr5XDqQLvpAe HTTP/1.1" 200 2
52.167.144.209 - - [03/Jul/2024:00:04:13 -0500] "GET /BLA/resoluciones/RESOLUCIONES%202021/1050.pdf HTTP/1.1" 304 -
66.249.66.13 - - [03/Jul/2024:00:04:25 -0500] "GET /BLA/resoluciones/AUTOS%202018/6653.pdf HTTP/1.1" 200 291249
216.245.221.92 - - [03/Jul/2024:00:04:28 -0500] "HEAD / HTTP/1.1" 200 -
201.245.192.253 - - [03/Jul/2024:00:04:36 -0500] "GET /kwsrmcab/Wsrmcab?wsdl HTTP/1.1" 200 6948
40.77.167.75 - - [03/Jul/2024:00:04:50 -0500] "GET /BLA/resoluciones/AUTOS%202022/1663.pdf HTTP/1.1" 200 409669
201.245.192.253 - - [03/Jul/2024:00:05:36 -0500] "GET /kwsrmcab/Wsrmcab?wsdl HTTP/1.1" 200 6948
149.50.103.48 - - [03/Jul/2024:00:05:45 -0500] "GET / HTTP/1.1" 200 319
201.245.192.253 - - [03/Jul/2024:00:06:09 -0500] "POST /forms/lservlet;jsessionid=ac16012b30d6716d42d0eef24d9cbe79d3fe11a80187.e3iSbxaKaheRe34OahmPbx4Oa3z0n6jAmljGr5XDqQLvpAe HTTP/1.1" 200 2
66.249.66.11 - - [03/Jul/2024:00:06:26 -0500] "GET /BLA/resoluciones/AUTOS%202018/5378.pdf HTTP/1.1" 200 299790
201.245.192.253 - - [03/Jul/2024:00:06:36 -0500] "GET /kwsrmcab/Wsrmcab?wsdl HTTP/1.1" 200 6948
52.167.144.209 - - [03/Jul/2024:00:07:14 -0500] "GET /BLA/resoluciones/RESOLUCIONES%202023/01472.pdf HTTP/1.1" 200 764403
66.249.66.12 - - [03/Jul/2024:00:07:27 -0500] "GET /BLA/resoluciones/RESOLUCIONES%202013/1452.pdf HTTP/1.1" 200 866042
201.245.192.253 - - [03/Jul/2024:00:07:36 -0500] "GET /kwsrmcab/Wsrmcab?wsdl HTTP/1.1" 200 6948
172.22.2.4 - - [03/Jul/2024:00:08:04 -0500] "GET /BLA/boletinlegal/robots.txt HTTP/1.1" 404 1038
216.244.66.195 - - [03/Jul/2024:00:08:06 -0500] "GET /BLA/resoluciones/RESOLUCIONES%202017/3584.pdf HTTP/1.1" 200 334837
201.245.192.253 - - [03/Jul/2024:00:08:09 -0500] "POST /forms/lservlet;jsessionid=ac16012b30d6716d42d0eef24d9cbe79d3fe11a80187.e3iSbxaKaheRe34OahmPbx4Oa3z0n6jAmljGr5XDqQLvpAe HTTP/1.1" 200 2
40.77.167.75 - - [03/Jul/2024:00:08:30 -0500] "GET /BLA/resoluciones/index.php?dir=RESOLUCIONES+2006%2FRES+2006+751-800%2F HTTP/1.1" 200 12235
201.245.192.253 - - [03/Jul/2024:00:08:36 -0500] "GET /kwsrmcab/Wsrmcab?wsdl HTTP/1.1" 200 6948
216.244.66.195 - - [03/Jul/2024:00:08:38 -0500] "GET /BLA/resoluciones/RESOLUCIONES%202019/2006.pdf HTTP/1.1" 200 344616
172.22.2.4 - - [03/Jul/2024:00:07:05 -0500] "HEAD /BLA/boletinlegal/ HTTP/1.1" 200 -
201.245.192.253 - - [03/Jul/2024:00:08:16 -0500] "POST /kwsrmcab/Wsrmcab  HTTP/1.1" 200 14501
66.249.66.12 - - [03/Jul/2024:00:09:28 -0500] "GET /BLA/resoluciones/RESOLUCIONES%202013/2175.pdf HTTP/1.1" 200 864994
216.245.221.92 - - [03/Jul/2024:00:09:28 -0500] "HEAD / HTTP/1.1" 200 -
66.249.66.11 - - [03/Jul/2024:00:09:28 -0500] "GET /BLA/resoluciones/RESOLUCIONES%202013/1284.pdf HTTP/1.1" 200 3757696
172.22.2.4 - - [03/Jul/2024:00:07:55 -0500] "GET /BLA/boletinlegal/ HTTP/1.1" 200 48425
201.245.192.253 - - [03/Jul/2024:00:09:36 -0500] "GET /kwsrmcab/Wsrmcab?wsdl HTTP/1.1" 200 6948
172.22.2.4 - - [03/Jul/2024:00:08:04 -0500] "GET /BLA/boletinlegal/ HTTP/1.1" 200 49794
201.245.192.253 - - [03/Jul/2024:00:10:09 -0500] "POST /forms/lservlet;jsessionid=ac16012b30d6716d42d0eef24d9cbe79d3fe11a80187.e3iSbxaKaheRe34OahmPbx4Oa3z0n6jAmljGr5XDqQLvpAe HTTP/1.1" 200 2
201.245.192.253 - - [03/Jul/2024:00:10:36 -0500] "GET /kwsrmcab/Wsrmcab?wsdl HTTP/1.1" 200 6948
201.245.192.253 - - [03/Jul/2024:00:10:34 -0500] "POST /kwsrmcab/Wsrmcab  HTTP/1.1" 200 38894
201.245.192.253 - - [03/Jul/2024:00:09:26 -0500] "POST /kwsrmcab/Wsrmcab  HTTP/1.1" 200 14501
172.22.2.4 - - [03/Jul/2024:00:11:07 -0500] "GET /BLA/boletinlegal/actos.php HTTP/1.1" 200 9738
66.249.66.13 - - [03/Jul/2024:00:11:10 -0500] "GET /BLA/resoluciones/Autos%202008/2153.pdf HTTP/1.1" 200 299198
66.249.66.12 - - [03/Jul/2024:00:11:29 -0500] "GET /BLA/resoluciones/RESOLUCIONES%202013/2523.pdf HTTP/1.1" 200 800695
66.249.66.12 - - [03/Jul/2024:00:11:30 -0500] "GET /BLA/resoluciones/RESOLUCIONES%202009/5862.pdf HTTP/1.1" 200 585450
201.245.192.253 - - [03/Jul/2024:00:11:36 -0500] "GET /kwsrmcab/Wsrmcab?wsdl HTTP/1.1" 200 6948
201.245.192.253 - - [03/Jul/2024:00:11:36 -0500] "POST /kwsrmcab/Wsrmcab  HTTP/1.1" 200 38894
201.245.192.253 - - [03/Jul/2024:00:12:09 -0500] "POST /forms/lservlet;jsessionid=ac16012b30d6716d42d0eef24d9cbe79d3fe11a80187.e3iSbxaKaheRe34OahmPbx4Oa3z0n6jAmljGr5XDqQLvpAe HTTP/1.1" 200 2
201.245.192.253 - - [03/Jul/2024:00:12:36 -0500] "GET /kwsrmcab/Wsrmcab?wsdl HTTP/1.1" 200 6948
66.249.66.12 - - [03/Jul/2024:00:13:31 -0500] "GET /BLA/resoluciones/RESOLUCIONES%202013/2474.pdf HTTP/1.1" 200 875043
201.245.192.253 - - [03/Jul/2024:00:13:36 -0500] "GET /kwsrmcab/Wsrmcab?wsdl HTTP/1.1" 200 6948
66.249.66.10 - - [03/Jul/2024:00:13:51 -0500] "GET /BLA/resoluciones/RESOLUCIONES%202010/6693.pdf HTTP/1.1" 200 2355573
201.245.192.253 - - [03/Jul/2024:00:14:09 -0500] "POST /forms/lservlet;jsessionid=ac16012b30d6716d42d0eef24d9cbe79d3fe11a80187.e3iSbxaKaheRe34OahmPbx4Oa3z0n6jAmljGr5XDqQLvpAe HTTP/1.1" 200 2
216.245.221.92 - - [03/Jul/2024:00:14:28 -0500] "HEAD / HTTP/1.1" 200 -
66.249.66.9 - - [03/Jul/2024:00:14:31 -0500] "GET /BLA/resoluciones/RESOLUCIONES%202013/1168.pdf HTTP/1.1" 200 506771
172.22.2.4 - - [03/Jul/2024:00:12:54 -0500] "HEAD /BLA/boletinlegal/ HTTP/1.1" 200 -
201.245.192.253 - - [03/Jul/2024:00:14:36 -0500] "GET /kwsrmcab/Wsrmcab?wsdl HTTP/1.1" 200 6948
66.249.66.13 - - [03/Jul/2024:00:15:03 -0500] "GET /BLA/resoluciones/RESOLUCIONES%202002/RES%202002%20101-150/2002RES148.tif HTTP/1.1" 200 245072
66.249.66.11 - - [03/Jul/2024:00:15:03 -0500] "GET /BLA/resoluciones/RESOLUCIONES%202004/RES%202004%2001-%2050/00000018.tif HTTP/1.1" 200 24874
172.22.2.4 - - [03/Jul/2024:00:13:45 -0500] "GET /BLA/boletinlegal/ HTTP/1.1" 200 52783
201.245.192.253 - - [03/Jul/2024:00:15:36 -0500] "GET /kwsrmcab/Wsrmcab?wsdl HTTP/1.1" 200 6948
201.245.192.253 - - [03/Jul/2024:00:16:09 -0500] "POST /forms/lservlet;jsessionid=ac16012b30d6716d42d0eef24d9cbe79d3fe11a80187.e3iSbxaKaheRe34OahmPbx4Oa3z0n6jAmljGr5XDqQLvpAe HTTP/1.1" 200 2
173.252.107.4 - - [03/Jul/2024:00:16:12 -0500] "GET /secretaria-de-ambiente-y-car-firman-el-plan-de-manejo-ambiental-del-sitio-ramsar-complejo-de-humedales-urbanos-de-bogota-unico-en-america-latina.html HTTP/1.1" 206 1040
173.252.107.16 - - [03/Jul/2024:00:16:13 -0500] "GET /secretaria-de-ambiente-y-car-firman-el-plan-de-manejo-ambiental-del-sitio-ramsar-complejo-de-humedales-urbanos-de-bogota-unico-en-america-latina.html HTTP/1.1" 200 1040
173.252.107.12 - - [03/Jul/2024:00:16:13 -0500] "GET /secretaria-de-ambiente-y-car-firman-el-plan-de-manejo-ambiental-del-sitio-ramsar-complejo-de-humedales-urbanos-de-bogota-unico-en-america-latina.html HTTP/1.1" 200 1040
66.249.66.13 - - [03/Jul/2024:00:16:14 -0500] "GET /BLA/resoluciones/AUTOS%202018/5921.pdf HTTP/1.1" 200 249939
66.249.66.12 - - [03/Jul/2024:00:16:15 -0500] "GET /BLA/resoluciones/RESOLUCIONES%202009/2824.pdf HTTP/1.1" 200 483802
66.249.66.11 - - [03/Jul/2024:00:16:15 -0500] "GET /BLA/resoluciones/RESOLUCIONES%202013/1797.pdf HTTP/1.1" 200 510759
66.249.66.12 - - [03/Jul/2024:00:16:15 -0500] "GET /BLA/resoluciones/RESOLUCIONES%202004/0676.pdf HTTP/1.1" 200 355479
52.167.144.224 - - [03/Jul/2024:00:16:21 -0500] "GET /BLA/resoluciones/AUTOS%202016/1843.pdf HTTP/1.1" 200 472304
66.249.66.37 - - [03/Jul/2024:00:16:35 -0500] "GET /distrito-exalto-a-246-empresas-de-bogota-por-su-alto-desempeno-y-responsabilidad-ambiental-durante-2023.html HTTP/1.1" 304 -
201.245.192.253 - - [03/Jul/2024:00:16:36 -0500] "GET /kwsrmcab/Wsrmcab?wsdl HTTP/1.1" 200 6948
173.252.95.13 - - [03/Jul/2024:00:16:45 -0500] "GET /images/Convocatoria%20Acercar%202024%20(1)%20(1).jpeg HTTP/1.1" 200 61100
201.245.192.253 - - [03/Jul/2024:00:16:34 -0500] "POST /kwsrmcab/Wsrmcab  HTTP/1.1" 200 38894
201.245.192.253 - - [03/Jul/2024:00:16:51 -0500] "POST /kwsrmcab/Wsrmcab HTTP/1.1" 200 39662
201.245.192.253 - - [03/Jul/2024:00:16:57 -0500] "POST /kwsrmcab/Wsrmcab HTTP/1.1" 200 33486
18.220.54.191 - - [03/Jul/2024:00:17:03 -0500] "GET /robots.txt HTTP/1.1" 404 1018
18.220.54.191 - - [03/Jul/2024:00:17:04 -0500] "GET /BLA/resoluciones/Notificaciones/AUTOS%202023/10417.pdf HTTP/1.1" 200 389871
18.220.54.191 - - [03/Jul/2024:00:17:05 -0500] "GET /BLA/resoluciones/Notificaciones/AUTOS%202023/9574.pdf HTTP/1.1" 200 410878
66.249.66.13 - - [03/Jul/2024:00:17:16 -0500] "GET /BLA/resoluciones/RESOLUCIONES%202009/4603.pdf HTTP/1.1" 200 645477
18.224.62.81 - - [03/Jul/2024:00:17:35 -0500] "GET /BLA/resoluciones/Notificaciones/AUTOS%202023/9261.pdf HTTP/1.1" 200 440314
201.245.192.253 - - [03/Jul/2024:00:17:36 -0500] "GET /kwsrmcab/Wsrmcab?wsdl HTTP/1.1" 200 6948
66.249.66.13 - - [03/Jul/2024:00:18:06 -0500] "GET /BLA/resoluciones/RESOLUCIONES%202010/6041.pdf HTTP/1.1" 200 44165
201.245.192.253 - - [03/Jul/2024:00:18:09 -0500] "POST /forms/lservlet;jsessionid=ac16012b30d6716d42d0eef24d9cbe79d3fe11a80187.e3iSbxaKaheRe34OahmPbx4Oa3z0n6jAmljGr5XDqQLvpAe HTTP/1.1" 200 2
66.249.66.12 - - [03/Jul/2024:00:18:16 -0500] "GET /BLA/resoluciones/RESOLUCIONES%202013/0865.pdf HTTP/1.1" 200 1376146
201.245.192.253 - - [03/Jul/2024:00:18:36 -0500] "GET /kwsrmcab/Wsrmcab?wsdl HTTP/1.1" 200 6948
201.245.192.253 - - [03/Jul/2024:00:18:51 -0500] "POST /kwsrmcab/Wsrmcab  HTTP/1.1" 200 38894
201.245.192.253 - - [03/Jul/2024:00:19:06 -0500] "POST /kwsrmcab/Wsrmcab HTTP/1.1" 200 39638
66.249.66.12 - - [03/Jul/2024:00:19:11 -0500] "GET /portel_dama/libreria/php/2006/restauracion/55_artic/xtras/2.pdf HTTP/1.1" 404 1018
201.245.192.253 - - [03/Jul/2024:00:17:42 -0500] "POST /kwsrmcab/Wsrmcab  HTTP/1.1" 200 38894
66.249.66.11 - - [03/Jul/2024:00:19:17 -0500] "GET /BLA/resoluciones/RESOLUCIONES%202009/4143.pdf HTTP/1.1" 200 783834
66.249.66.12 - - [03/Jul/2024:00:19:17 -0500] "GET /BLA/resoluciones/AUTOS%202007/3104.pdf HTTP/1.1" 200 281754
3.139.69.46 - - [03/Jul/2024:00:19:18 -0500] "GET /BLA/resoluciones/Notificaciones/AUTOS%202023/10335.pdf HTTP/1.1" 200 388073
216.245.221.92 - - [03/Jul/2024:00:19:28 -0500] "HEAD / HTTP/1.1" 200 -
201.245.192.253 - - [03/Jul/2024:00:19:36 -0500] "GET /kwsrmcab/Wsrmcab?wsdl HTTP/1.1" 200 6948
115.231.78.9 - - [03/Jul/2024:00:19:39 -0500] "GET / HTTP/1.1" 200 319
115.231.78.9 - - [03/Jul/2024:00:19:40 -0500] "GET / HTTP/1.1" 200 319
115.231.78.9 - - [03/Jul/2024:00:19:41 -0500] "GET /favicon.ico HTTP/1.1" 200 7782
115.231.78.9 - - [03/Jul/2024:00:19:42 -0500] "GET /robots.txt HTTP/1.1" 404 1018
201.245.192.253 - - [03/Jul/2024:00:19:50 -0500] "POST /kwsrmcab/Wsrmcab HTTP/1.1" 200 33486
201.245.192.253 - - [03/Jul/2024:00:19:53 -0500] "POST /kwsrmcab/Wsrmcab  HTTP/1.1" 200 38894
201.245.192.253 - - [03/Jul/2024:00:20:09 -0500] "POST /forms/lservlet;jsessionid=ac16012b30d6716d42d0eef24d9cbe79d3fe11a80187.e3iSbxaKaheRe34OahmPbx4Oa3z0n6jAmljGr5XDqQLvpAe HTTP/1.1" 200 2
66.249.66.11 - - [03/Jul/2024:00:20:18 -0500] "GET /BLA/resoluciones/RESOLUCIONES%202009/4370.pdf HTTP/1.1" 200 1096617
172.22.2.4 - - [03/Jul/2024:00:18:44 -0500] "HEAD /BLA/boletinlegal/ HTTP/1.1" 200 -
201.245.192.253 - - [03/Jul/2024:00:20:36 -0500] "GET /kwsrmcab/Wsrmcab?wsdl HTTP/1.1" 200 6948
3.137.218.179 - - [03/Jul/2024:00:20:41 -0500] "GET /BLA/resoluciones/Notificaciones/AUTOS%202023/9800.pdf HTTP/1.1" 200 397098
172.22.2.4 - - [03/Jul/2024:00:19:35 -0500] "GET /BLA/boletinlegal/ HTTP/1.1" 200 57889
66.249.66.12 - - [03/Jul/2024:00:21:18 -0500] "GET /BLA/resoluciones/RESOLUCIONES%202009/6204.pdf HTTP/1.1" 200 108200
201.245.192.253 - - [03/Jul/2024:00:21:36 -0500] "GET /kwsrmcab/Wsrmcab?wsdl HTTP/1.1" 200 6948
18.222.167.53 - - [03/Jul/2024:00:21:46 -0500] "GET /BLA/resoluciones/Notificaciones/AUTOS%202023/10352.pdf HTTP/1.1" 200 450481
201.245.192.253 - - [03/Jul/2024:00:22:09 -0500] "POST /forms/lservlet;jsessionid=ac16012b30d6716d42d0eef24d9cbe79d3fe11a80187.e3iSbxaKaheRe34OahmPbx4Oa3z0n6jAmljGr5XDqQLvpAe HTTP/1.1" 200 2
18.216.144.39 - - [03/Jul/2024:00:22:17 -0500] "GET /BLA/resoluciones/Notificaciones/AUTOS%202023/9341.pdf HTTP/1.1" 200 423596
201.245.192.253 - - [03/Jul/2024:00:22:36 -0500] "GET /kwsrmcab/Wsrmcab?wsdl HTTP/1.1" 200 6948
18.220.121.174 - - [03/Jul/2024:00:22:38 -0500] "GET /BLA/resoluciones/Notificaciones/AUTOS%202023/4966.pdf HTTP/1.1" 200 966160
186.98.82.173 - - [03/Jul/2024:00:22:58 -0500] "OPTIONS /kwssiamovil/sm/setfile/f? HTTP/1.1" 200 13
3.133.143.187 - - [03/Jul/2024:00:23:02 -0500] "GET /BLA/resoluciones/Notificaciones/AUTOS%202023/9303.pdf HTTP/1.1" 200 385970
3.133.143.187 - - [03/Jul/2024:00:23:03 -0500] "GET /BLA/resoluciones/Notificaciones/AUTOS%202023/9326.pdf HTTP/1.1" 200 767424
3.133.143.187 - - [03/Jul/2024:00:23:04 -0500] "GET /BLA/resoluciones/Notificaciones/AUTOS%202023/5104.pdf HTTP/1.1" 200 401128
3.133.143.187 - - [03/Jul/2024:00:23:04 -0500] "GET /BLA/resoluciones/Notificaciones/AUTOS%202023/10281.pdf HTTP/1.1" 200 434722
18.189.180.89 - - [03/Jul/2024:00:23:15 -0500] "GET /BLA/resoluciones/Notificaciones/AUTOS%202023/10289.pdf HTTP/1.1" 200 426376
66.249.66.11 - - [03/Jul/2024:00:23:19 -0500] "GET /BLA/resoluciones/RESOLUCIONES%202009/5622.pdf HTTP/1.1" 200 6903021
201.245.192.253 - - [03/Jul/2024:00:23:36 -0500] "GET /kwsrmcab/Wsrmcab?wsdl HTTP/1.1" 200 6948
201.245.192.253 - - [03/Jul/2024:00:24:09 -0500] "POST /forms/lservlet;jsessionid=ac16012b30d6716d42d0eef24d9cbe79d3fe11a80187.e3iSbxaKaheRe34OahmPbx4Oa3z0n6jAmljGr5XDqQLvpAe HTTP/1.1" 200 2
216.245.221.92 - - [03/Jul/2024:00:24:28 -0500] "HEAD / HTTP/1.1" 200 -
201.245.192.253 - - [03/Jul/2024:00:24:36 -0500] "GET /kwsrmcab/Wsrmcab?wsdl HTTP/1.1" 200 6948
3.145.46.38 - - [03/Jul/2024:00:24:46 -0500] "GET /BLA/resoluciones/Notificaciones/AUTOS%202023/9334.pdf HTTP/1.1" 200 630487
201.245.192.253 - - [03/Jul/2024:00:24:50 -0500] "POST /kwsrmcab/Wsrmcab  HTTP/1.1" 200 38894
66.249.66.13 - - [03/Jul/2024:00:24:59 -0500] "GET /BLA/resoluciones/Autos%202008/0401.pdf HTTP/1.1" 200 113228
66.249.66.11 - - [03/Jul/2024:00:25:21 -0500] "GET /BLA/resoluciones/RESOLUCIONES%202009/9670.pdf HTTP/1.1" 200 510594
66.249.66.11 - - [03/Jul/2024:00:25:30 -0500] "GET /BLA/resoluciones/AUTOS%202020/2561.pdf HTTP/1.1" 200 395740
18.222.167.53 - - [03/Jul/2024:00:25:33 -0500] "GET /BLA/resoluciones/Notificaciones/AUTOS%202023/10281.pdf HTTP/1.1" 200 434722
216.244.66.195 - - [03/Jul/2024:00:25:35 -0500] "GET /robots.txt HTTP/1.1" 404 1018
201.245.192.253 - - [03/Jul/2024:00:25:36 -0500] "GET /kwsrmcab/Wsrmcab?wsdl HTTP/1.1" 200 6948
3.145.33.82 - - [03/Jul/2024:00:25:39 -0500] "GET /BLA/resoluciones/Notificaciones/AUTOS%202023/10346.pdf HTTP/1.1" 200 387207
40.77.167.32 - - [03/Jul/2024:00:26:01 -0500] "GET /Publicaciones/2023EE134936.pdf HTTP/1.1" 404 228
201.245.192.253 - - [03/Jul/2024:00:26:09 -0500] "POST /forms/lservlet;jsessionid=ac16012b30d6716d42d0eef24d9cbe79d3fe11a80187.e3iSbxaKaheRe34OahmPbx4Oa3z0n6jAmljGr5XDqQLvpAe HTTP/1.1" 200 2
18.191.202.134 - - [03/Jul/2024:00:26:10 -0500] "GET /BLA/resoluciones/Notificaciones/AUTOS%202023/10321.pdf HTTP/1.1" 200 388698
66.249.66.12 - - [03/Jul/2024:00:26:13 -0500] "GET /BLA/resoluciones/RESOLUCIONES%202004/0004.pdf HTTP/1.1" 200 124595
172.22.2.4 - - [03/Jul/2024:00:24:34 -0500] "HEAD /BLA/boletinlegal/ HTTP/1.1" 200 -
3.129.23.157 - - [03/Jul/2024:00:26:32 -0500] "GET /BLA/resoluciones/Notificaciones/AUTOS%202023/4970.pdf HTTP/1.1" 200 360202
3.129.23.157 - - [03/Jul/2024:00:26:33 -0500] "GET /BLA/resoluciones/Notificaciones/AUTOS%202023/9575.pdf HTTP/1.1" 200 461072
201.245.192.253 - - [03/Jul/2024:00:26:36 -0500] "GET /kwsrmcab/Wsrmcab?wsdl HTTP/1.1" 200 6948
201.245.192.253 - - [03/Jul/2024:00:26:52 -0500] "POST /kwsrmcab/Wsrmcab HTTP/1.1" 200 39662
201.245.192.253 - - [03/Jul/2024:00:26:56 -0500] "POST /kwsrmcab/Wsrmcab HTTP/1.1" 200 33486
172.22.2.4 - - [03/Jul/2024:00:25:25 -0500] "GET /BLA/boletinlegal/ HTTP/1.1" 200 58273
66.249.66.12 - - [03/Jul/2024:00:27:22 -0500] "GET /BLA/resoluciones/RESOLUCIONES%202009/2544.pdf HTTP/1.1" 200 491430
201.245.192.253 - - [03/Jul/2024:00:27:36 -0500] "GET /kwsrmcab/Wsrmcab?wsdl HTTP/1.1" 200 6948
3.149.237.3 - - [03/Jul/2024:00:27:50 -0500] "GET /BLA/resoluciones/Notificaciones/AUTOS%202023/9324.pdf HTTP/1.1" 200 865499
201.245.192.253 - - [03/Jul/2024:00:28:09 -0500] "POST /forms/lservlet;jsessionid=ac16012b30d6716d42d0eef24d9cbe79d3fe11a80187.e3iSbxaKaheRe34OahmPbx4Oa3z0n6jAmljGr5XDqQLvpAe HTTP/1.1" 200 2
66.249.66.12 - - [03/Jul/2024:00:28:22 -0500] "GET /BLA/resoluciones/RESOLUCIONES%202009/1207.pdf HTTP/1.1" 200 409939
66.249.66.12 - - [03/Jul/2024:00:28:24 -0500] "GET /BLA/resoluciones/AUTOS%202018/3261.pdf HTTP/1.1" 200 339177
201.245.192.253 - - [03/Jul/2024:00:28:36 -0500] "GET /kwsrmcab/Wsrmcab?wsdl HTTP/1.1" 200 6948
201.245.192.253 - - [03/Jul/2024:00:29:06 -0500] "POST /kwsrmcab/Wsrmcab HTTP/1.1" 200 39638
66.249.66.13 - - [03/Jul/2024:00:29:24 -0500] "GET /BLA/resoluciones/RESOLUCIONES%202022/0442.pdf HTTP/1.1" 304 -
66.249.66.12 - - [03/Jul/2024:00:29:24 -0500] "GET /BLA/resoluciones/RESOLUCIONES%202009/1801.pdf HTTP/1.1" 200 633698
66.249.66.13 - - [03/Jul/2024:00:29:24 -0500] "GET /BLA/resoluciones/RESOLUCIONES%202013/2068.pdf HTTP/1.1" 200 545439
66.249.66.11 - - [03/Jul/2024:00:29:24 -0500] "GET /BLA/resoluciones/AUTOS%202013/3496.pdf HTTP/1.1" 200 299742
168.119.252.253 - - [03/Jul/2024:00:29:27 -0500] "GET / HTTP/1.1" 200 4720
216.245.221.92 - - [03/Jul/2024:00:29:28 -0500] "HEAD / HTTP/1.1" 200 -
201.245.192.253 - - [03/Jul/2024:00:29:36 -0500] "GET /kwsrmcab/Wsrmcab?wsdl HTTP/1.1" 200 6948
31.13.127.16 - - [03/Jul/2024:00:29:43 -0500] "GET /BLA/resoluciones/RESOLUCIONES%202017/0520.pdf HTTP/1.1" 200 407112
66.249.66.12 - - [03/Jul/2024:00:29:44 -0500] "GET /BLA/resoluciones/RESOLUCIONES%202009/3509.pdf HTTP/1.1" 200 716238
201.245.192.253 - - [03/Jul/2024:00:29:50 -0500] "POST /kwsrmcab/Wsrmcab HTTP/1.1" 200 33486
201.245.192.253 - - [03/Jul/2024:00:29:50 -0500] "POST /kwsrmcab/Wsrmcab  HTTP/1.1" 200 38894
201.245.192.253 - - [03/Jul/2024:00:30:09 -0500] "POST /forms/lservlet;jsessionid=ac16012b30d6716d42d0eef24d9cbe79d3fe11a80187.e3iSbxaKaheRe34OahmPbx4Oa3z0n6jAmljGr5XDqQLvpAe HTTP/1.1" 200 2
66.249.66.21 - - [03/Jul/2024:00:30:25 -0500] "GET /BLA/resoluciones/RESOLUCIONES%202009/8150.pdf HTTP/1.1" 200 497551
66.249.66.19 - - [03/Jul/2024:00:30:26 -0500] "GET /BLA/resoluciones/RESOLUCIONES%202014/1462.pdf HTTP/1.1" 200 812972
66.249.66.37 - - [03/Jul/2024:00:30:30 -0500] "GET / HTTP/1.1" 200 4720
66.249.66.38 - - [03/Jul/2024:00:30:36 -0500] "GET /js/url.js HTTP/1.1" 404 1198
201.245.192.253 - - [03/Jul/2024:00:30:36 -0500] "GET /kwsrmcab/Wsrmcab?wsdl HTTP/1.1" 200 6948
3.148.113.8 - - [03/Jul/2024:00:31:11 -0500] "GET /BLA/resoluciones/Notificaciones/AUTOS%202023/9999.pdf HTTP/1.1" 200 392648
3.148.113.8 - - [03/Jul/2024:00:31:12 -0500] "GET /BLA/resoluciones/Notificaciones/AUTOS%202023/9994.pdf HTTP/1.1" 200 425192
201.245.192.253 - - [03/Jul/2024:00:31:36 -0500] "GET /kwsrmcab/Wsrmcab?wsdl HTTP/1.1" 200 6948
66.249.66.21 - - [03/Jul/2024:00:31:43 -0500] "GET /BLA/resoluciones/RESOLUCIONES%202008/0701.pdf HTTP/1.1" 200 65589
172.22.2.4 - - [03/Jul/2024:00:30:24 -0500] "HEAD /BLA/boletinlegal/ HTTP/1.1" 200 -
201.245.192.253 - - [03/Jul/2024:00:32:09 -0500] "POST /forms/lservlet;jsessionid=ac16012b30d6716d42d0eef24d9cbe79d3fe11a80187.e3iSbxaKaheRe34OahmPbx4Oa3z0n6jAmljGr5XDqQLvpAe HTTP/1.1" 200 2
3.145.57.16 - - [03/Jul/2024:00:32:10 -0500] "GET /BLA/resoluciones/Notificaciones/AUTOS%202023/9556.pdf HTTP/1.1" 200 466688
66.249.66.21 - - [03/Jul/2024:00:32:25 -0500] "GET /BLA/resoluciones/RESOLUCIONES%202009/1117.pdf HTTP/1.1" 200 303348
66.249.66.21 - - [03/Jul/2024:00:32:26 -0500] "GET /BLA/resoluciones/RESOLUCIONES%202009/5851.pdf HTTP/1.1" 200 106884
201.245.192.253 - - [03/Jul/2024:00:32:36 -0500] "GET /kwsrmcab/Wsrmcab?wsdl HTTP/1.1" 200 6948
172.22.2.4 - - [03/Jul/2024:00:31:15 -0500] "GET /BLA/boletinlegal/ HTTP/1.1" 200 57136
18.188.112.220 - - [03/Jul/2024:00:32:57 -0500] "GET /BLA/resoluciones/Notificaciones/AUTOS%202023/9328.pdf HTTP/1.1" 200 494554
66.249.66.19 - - [03/Jul/2024:00:33:03 -0500] "GET /BLA/resoluciones/RESOLUCIONES%202004/RES%202004%20501-550/00000513.tif HTTP/1.1" 200 104606
52.15.162.24 - - [03/Jul/2024:00:33:22 -0500] "GET /BLA/resoluciones/Notificaciones/AUTOS%202023/9999.pdf HTTP/1.1" 200 392648
52.15.162.24 - - [03/Jul/2024:00:33:23 -0500] "GET /BLA/resoluciones/Notificaciones/AUTOS%202023/4966.pdf HTTP/1.1" 200 966160
52.15.162.24 - - [03/Jul/2024:00:33:24 -0500] "GET /BLA/resoluciones/Notificaciones/AUTOS%202023/9556.pdf HTTP/1.1" 200 466688
52.15.162.24 - - [03/Jul/2024:00:33:24 -0500] "GET /BLA/resoluciones/Notificaciones/AUTOS%202023/9328.pdf HTTP/1.1" 200 494554
66.249.66.19 - - [03/Jul/2024:00:33:27 -0500] "GET /BLA/resoluciones/RESOLUCIONES%202009/3934.pdf HTTP/1.1" 200 384883
66.249.66.19 - - [03/Jul/2024:00:33:29 -0500] "GET /BLA/resoluciones/RESOLUCIONES%202021/4263.pdf HTTP/1.1" 200 356244
66.249.66.19 - - [03/Jul/2024:00:33:36 -0500] "GET /BLA/resoluciones/RESOLUCIONES%202013/0097.pdf HTTP/1.1" 200 936078
201.245.192.253 - - [03/Jul/2024:00:33:36 -0500] "GET /kwsrmcab/Wsrmcab?wsdl HTTP/1.1" 200 6948
18.191.198.56 - - [03/Jul/2024:00:33:50 -0500] "GET /BLA/resoluciones/Notificaciones/AUTOS%202023/10270.pdf HTTP/1.1" 200 394331
152.61.192.232 - - [03/Jul/2024:00:33:51 -0500] "GET / HTTP/1.1" 200 319
201.245.192.253 - - [03/Jul/2024:00:34:09 -0500] "POST /forms/lservlet;jsessionid=ac16012b30d6716d42d0eef24d9cbe79d3fe11a80187.e3iSbxaKaheRe34OahmPbx4Oa3z0n6jAmljGr5XDqQLvpAe HTTP/1.1" 200 2
3.135.191.232 - - [03/Jul/2024:00:34:27 -0500] "GET /BLA/resoluciones/Notificaciones/AUTOS%202023/9269.pdf HTTP/1.1" 200 391049
216.245.221.92 - - [03/Jul/2024:00:34:28 -0500] "HEAD / HTTP/1.1" 200 -
172.22.2.4 - - [03/Jul/2024:00:32:49 -0500] "GET /BLA/boletinlegal/ HTTP/1.1" 200 61446
3.145.165.184 - - [03/Jul/2024:00:34:32 -0500] "GET /BLA/resoluciones/Notificaciones/AUTOS%202023/9578.pdf HTTP/1.1" 200 1335779
201.245.192.253 - - [03/Jul/2024:00:34:36 -0500] "GET /kwsrmcab/Wsrmcab?wsdl HTTP/1.1" 200 6948
201.245.192.253 - - [03/Jul/2024:00:34:49 -0500] "POST /kwsrmcab/Wsrmcab  HTTP/1.1" 200 38894
66.249.66.20 - - [03/Jul/2024:00:35:27 -0500] "GET /BLA/resoluciones/RESOLUCIONES%202009/5997.pdf HTTP/1.1" 200 646558
201.245.192.253 - - [03/Jul/2024:00:35:36 -0500] "GET /kwsrmcab/Wsrmcab?wsdl HTTP/1.1" 200 6948
18.216.181.242 - - [03/Jul/2024:00:36:03 -0500] "GET /BLA/resoluciones/Notificaciones/RESOLUCIONES%202024/876.pdf HTTP/1.1" 200 2593506
201.245.192.253 - - [03/Jul/2024:00:36:09 -0500] "POST /forms/lservlet;jsessionid=ac16012b30d6716d42d0eef24d9cbe79d3fe11a80187.e3iSbxaKaheRe34OahmPbx4Oa3z0n6jAmljGr5XDqQLvpAe HTTP/1.1" 200 2
201.245.192.253 - - [03/Jul/2024:00:36:36 -0500] "GET /kwsrmcab/Wsrmcab?wsdl HTTP/1.1" 200 6948
185.191.126.213 - - [03/Jul/2024:00:36:41 -0500] "GET / HTTP/1.1" 200 319
66.249.66.20 - - [03/Jul/2024:00:37:28 -0500] "GET /BLA/resoluciones/RESOLUCIONES%202009/6033.pdf HTTP/1.1" 200 487529
201.245.192.253 - - [03/Jul/2024:00:37:36 -0500] "GET /kwsrmcab/Wsrmcab?wsdl HTTP/1.1" 200 6948
3.22.75.74 - - [03/Jul/2024:00:37:39 -0500] "GET /BLA/resoluciones/Notificaciones/AUTOS%202023/10327.pdf HTTP/1.1" 200 387443
172.22.2.4 - - [03/Jul/2024:00:36:14 -0500] "HEAD /BLA/boletinlegal/ HTTP/1.1" 200 -
201.245.192.253 - - [03/Jul/2024:00:37:52 -0500] "POST /kwsrmcab/Wsrmcab HTTP/1.1" 200 33486
201.245.192.253 - - [03/Jul/2024:00:36:52 -0500] "POST /kwsrmcab/Wsrmcab HTTP/1.1" 200 39662
201.245.192.253 - - [03/Jul/2024:00:38:09 -0500] "POST /forms/lservlet;jsessionid=ac16012b30d6716d42d0eef24d9cbe79d3fe11a80187.e3iSbxaKaheRe34OahmPbx4Oa3z0n6jAmljGr5XDqQLvpAe HTTP/1.1" 200 2
66.249.66.21 - - [03/Jul/2024:00:38:13 -0500] "GET /BLA/resoluciones/Notificaciones/RESOLUCIONES%202022/1492.pdf HTTP/1.1" 200 409009
18.224.62.81 - - [03/Jul/2024:00:38:31 -0500] "GET /BLA/resoluciones/Notificaciones/AUTOS%202023/9303.pdf HTTP/1.1" 200 385970
66.249.66.12 - - [03/Jul/2024:00:38:36 -0500] "GET /Publicaciones/2024EE134364.pdf HTTP/1.1" 200 241780
201.245.192.253 - - [03/Jul/2024:00:38:36 -0500] "GET /kwsrmcab/Wsrmcab?wsdl HTTP/1.1" 200 6948
172.22.2.4 - - [03/Jul/2024:00:37:05 -0500] "GET /BLA/boletinlegal/ HTTP/1.1" 200 51561
201.245.192.253 - - [03/Jul/2024:00:39:06 -0500] "POST /kwsrmcab/Wsrmcab HTTP/1.1" 200 39638
18.118.144.254 - - [03/Jul/2024:00:39:18 -0500] "GET /BLA/resoluciones/Notificaciones/AUTOS%202023/9351.pdf HTTP/1.1" 200 455797
13.59.38.113 - - [03/Jul/2024:00:39:25 -0500] "GET /BLA/resoluciones/Notificaciones/AUTOS%202023/9495.pdf HTTP/1.1" 200 655048
216.245.221.92 - - [03/Jul/2024:00:39:28 -0500] "HEAD / HTTP/1.1" 200 -
66.249.66.13 - - [03/Jul/2024:00:39:30 -0500] "GET /BLA/resoluciones/RESOLUCIONES%202013/0640.pdf HTTP/1.1" 200 2221502
66.249.66.12 - - [03/Jul/2024:00:39:30 -0500] "GET /BLA/resoluciones/RESOLUCIONES%202009/8882.pdf HTTP/1.1" 200 307087
201.245.192.253 - - [03/Jul/2024:00:39:36 -0500] "GET /kwsrmcab/Wsrmcab?wsdl HTTP/1.1" 200 6948
201.245.192.253 - - [03/Jul/2024:00:39:47 -0500] "POST /kwsrmcab/Wsrmcab  HTTP/1.1" 200 38894
3.133.126.171 - - [03/Jul/2024:00:40:00 -0500] "GET /BLA/resoluciones/Notificaciones/AUTOS%202023/10288.pdf HTTP/1.1" 200 396338
201.245.192.253 - - [03/Jul/2024:00:39:56 -0500] "POST /kwsrmcab/Wsrmcab HTTP/1.1" 200 33486
3.133.126.171 - - [03/Jul/2024:00:40:01 -0500] "GET /BLA/resoluciones/Notificaciones/AUTOS%202023/9317.pdf HTTP/1.1" 200 398991
201.245.192.253 - - [03/Jul/2024:00:40:09 -0500] "POST /forms/lservlet;jsessionid=ac16012b30d6716d42d0eef24d9cbe79d3fe11a80187.e3iSbxaKaheRe34OahmPbx4Oa3z0n6jAmljGr5XDqQLvpAe HTTP/1.1" 200 2
172.22.2.4 - - [03/Jul/2024:00:39:42 -0500] "GET /BLA/boletinlegal/ HTTP/1.1" 200 32715
66.249.66.12 - - [03/Jul/2024:00:40:30 -0500] "GET /BLA/resoluciones/RESOLUCIONES%202009/1702.pdf HTTP/1.1" 200 634881
201.245.192.253 - - [03/Jul/2024:00:40:36 -0500] "GET /kwsrmcab/Wsrmcab?wsdl HTTP/1.1" 200 6948
3.139.79.222 - - [03/Jul/2024:00:41:05 -0500] "GET /BLA/resoluciones/Notificaciones/AUTOS%202023/5104.pdf HTTP/1.1" 200 401128
3.144.37.85 - - [03/Jul/2024:00:41:29 -0500] "GET /BLA/resoluciones/Notificaciones/AUTOS%202023/9325.pdf HTTP/1.1" 200 1678191
3.144.37.85 - - [03/Jul/2024:00:41:31 -0500] "GET /BLA/resoluciones/Notificaciones/RESOLUCIONES%202024/876.pdf HTTP/1.1" 200 2593506
3.144.37.85 - - [03/Jul/2024:00:41:32 -0500] "GET /BLA/resoluciones/Notificaciones/AUTOS%202023/9745.pdf HTTP/1.1" 200 405009
3.144.37.85 - - [03/Jul/2024:00:41:33 -0500] "GET /BLA/resoluciones/Notificaciones/AUTOS%202023/9772.pdf HTTP/1.1" 200 414069
3.144.37.85 - - [03/Jul/2024:00:41:33 -0500] "GET /BLA/resoluciones/Notificaciones/AUTOS%202023/9572.pdf HTTP/1.1" 200 427469
18.227.24.11 - - [03/Jul/2024:00:41:35 -0500] "GET /BLA/resoluciones/Notificaciones/AUTOS%202023/9349.pdf HTTP/1.1" 200 461247
201.245.192.253 - - [03/Jul/2024:00:41:36 -0500] "GET /kwsrmcab/Wsrmcab?wsdl HTTP/1.1" 200 6948
201.245.192.253 - - [03/Jul/2024:00:42:09 -0500] "POST /forms/lservlet;jsessionid=ac16012b30d6716d42d0eef24d9cbe79d3fe11a80187.e3iSbxaKaheRe34OahmPbx4Oa3z0n6jAmljGr5XDqQLvpAe HTTP/1.1" 200 2
66.249.66.12 - - [03/Jul/2024:00:42:10 -0500] "GET /BLA/resoluciones/RESOLUCIONES%202021/0102.pdf HTTP/1.1" 200 346050
66.249.66.11 - - [03/Jul/2024:00:42:31 -0500] "GET /BLA/resoluciones/RESOLUCIONES%202009/4290.pdf HTTP/1.1" 200 729147
3.139.107.219 - - [03/Jul/2024:00:42:36 -0500] "GET /BLA/resoluciones/Notificaciones/AUTOS%202023/9326.pdf HTTP/1.1" 200 767424
201.245.192.253 - - [03/Jul/2024:00:42:36 -0500] "GET /kwsrmcab/Wsrmcab?wsdl HTTP/1.1" 200 6948
201.245.192.253 - - [03/Jul/2024:00:43:36 -0500] "GET /kwsrmcab/Wsrmcab?wsdl HTTP/1.1" 200 6948
3.147.7.110 - - [03/Jul/2024:00:43:38 -0500] "GET /BLA/resoluciones/Notificaciones/AUTOS%202023/9573.pdf HTTP/1.1" 200 554003
95.108.213.84 - - [03/Jul/2024:00:43:41 -0500] "GET /robots.txt HTTP/1.1" 404 1034
87.250.224.17 - - [03/Jul/2024:00:43:41 -0500] "GET /mujeres-que-reverdecen-secretaria-de-ambiente-anuncia-el-inicio-de-la-tercera-fase.html HTTP/1.1" 200 954
172.22.2.4 - - [03/Jul/2024:00:42:05 -0500] "HEAD /BLA/boletinlegal/ HTTP/1.1" 200 -
201.245.192.253 - - [03/Jul/2024:00:44:09 -0500] "POST /forms/lservlet;jsessionid=ac16012b30d6716d42d0eef24d9cbe79d3fe11a80187.e3iSbxaKaheRe34OahmPbx4Oa3z0n6jAmljGr5XDqQLvpAe HTTP/1.1" 200 2
216.245.221.92 - - [03/Jul/2024:00:44:28 -0500] "HEAD / HTTP/1.1" 200 -
66.249.66.12 - - [03/Jul/2024:00:44:32 -0500] "GET /BLA/resoluciones/RESOLUCIONES%202009/2158.pdf HTTP/1.1" 200 561571
172.22.2.4 - - [03/Jul/2024:00:42:55 -0500] "GET /BLA/boletinlegal/ HTTP/1.1" 200 56191
18.191.198.56 - - [03/Jul/2024:00:44:36 -0500] "GET /BLA/resoluciones/Notificaciones/RESOLUCIONES%202023/1523.pdf HTTP/1.1" 200 340228
201.245.192.253 - - [03/Jul/2024:00:44:36 -0500] "GET /kwsrmcab/Wsrmcab?wsdl HTTP/1.1" 200 6948
201.245.192.253 - - [03/Jul/2024:00:44:45 -0500] "POST /kwsrmcab/Wsrmcab  HTTP/1.1" 200 38894
66.249.66.11 - - [03/Jul/2024:00:45:03 -0500] "GET /BLA/resoluciones/AUTOS%202018/4715.pdf HTTP/1.1" 304 -
18.216.151.74 - - [03/Jul/2024:00:45:20 -0500] "GET /BLA/resoluciones/Notificaciones/AUTOS%202024/9744.pdf HTTP/1.1" 200 436058
18.191.178.132 - - [03/Jul/2024:00:45:31 -0500] "GET /BLA/resoluciones/Notificaciones/AUTOS%202023/9269.pdf HTTP/1.1" 200 391049
18.191.178.132 - - [03/Jul/2024:00:45:32 -0500] "GET /BLA/resoluciones/Notificaciones/AUTOS%202023/10346.pdf HTTP/1.1" 200 387207
18.191.178.132 - - [03/Jul/2024:00:45:33 -0500] "GET /BLA/resoluciones/Notificaciones/AUTOS%202023/10332.pdf HTTP/1.1" 200 369369
201.245.192.253 - - [03/Jul/2024:00:45:36 -0500] "GET /kwsrmcab/Wsrmcab?wsdl HTTP/1.1" 200 6948
66.249.66.12 - - [03/Jul/2024:00:46:03 -0500] "GET /BLA/resoluciones/AUTOS%202018/6400.pdf HTTP/1.1" 304 -
201.245.192.253 - - [03/Jul/2024:00:46:09 -0500] "POST /forms/lservlet;jsessionid=ac16012b30d6716d42d0eef24d9cbe79d3fe11a80187.e3iSbxaKaheRe34OahmPbx4Oa3z0n6jAmljGr5XDqQLvpAe HTTP/1.1" 200 2
201.245.192.253 - - [03/Jul/2024:00:46:36 -0500] "GET /kwsrmcab/Wsrmcab?wsdl HTTP/1.1" 200 6948
66.249.66.13 - - [03/Jul/2024:00:47:03 -0500] "GET /BLA/resoluciones/RESOLUCIONES%202009/6167.pdf HTTP/1.1" 200 766455
66.249.66.12 - - [03/Jul/2024:00:47:04 -0500] "GET /BLA/resoluciones/AUTOS%202013/0861.pdf HTTP/1.1" 200 1588902
66.249.66.12 - - [03/Jul/2024:00:47:04 -0500] "GET /BLA/resoluciones/RESOLUCIONES%202009/4621.pdf HTTP/1.1" 200 645447
66.249.66.13 - - [03/Jul/2024:00:47:04 -0500] "GET /BLA/resoluciones/index.php?dir=AUTOS%202013/&sort=size&order=asc HTTP/1.1" 200 407754
172.22.2.4 - - [03/Jul/2024:00:47:07 -0500] "GET /BLA/boletinlegal/style.css HTTP/1.1" 200 9406
172.22.2.4 - - [03/Jul/2024:00:47:07 -0500] "GET /BLA/boletinlegal/styles2.css HTTP/1.1" 200 1838
172.22.2.4 - - [03/Jul/2024:00:47:07 -0500] "GET /BLA/boletinlegal/js/jquery.js HTTP/1.1" 200 57254
172.22.2.4 - - [03/Jul/2024:00:47:07 -0500] "GET /BLA/boletinlegal/js/jquery.scrollTo-min.js HTTP/1.1" 200 1150
172.22.2.4 - - [03/Jul/2024:00:47:07 -0500] "GET /BLA/boletinlegal/js/jquery.scrollShow.js HTTP/1.1" 200 4586
172.22.2.4 - - [03/Jul/2024:00:47:07 -0500] "GET /BLA/boletinlegal/images/screen_1.png HTTP/1.1" 200 202547
172.22.2.4 - - [03/Jul/2024:00:47:07 -0500] "GET /BLA/boletinlegal/images/cabezote%20BLEGAL.jpg HTTP/1.1" 200 118164
172.22.2.4 - - [03/Jul/2024:00:47:07 -0500] "GET /BLA/boletinlegal/images/subscribe-icon-big.png HTTP/1.1" 200 47702
172.22.2.4 - - [03/Jul/2024:00:47:07 -0500] "GET /BLA/boletinlegal/images/historia.png HTTP/1.1" 200 52775
172.22.2.4 - - [03/Jul/2024:00:47:07 -0500] "GET /BLA/boletinlegal/images/registro-usuarios.png HTTP/1.1" 200 8106
172.22.2.4 - - [03/Jul/2024:00:47:07 -0500] "GET /BLA/boletinlegal/images/arr_l.jpg HTTP/1.1" 200 1979
172.22.2.4 - - [03/Jul/2024:00:47:07 -0500] "GET /BLA/boletinlegal/images/launch.jpg HTTP/1.1" 200 14577
172.22.2.4 - - [03/Jul/2024:00:47:07 -0500] "GET /BLA/boletinlegal/images/menu_rght.gif HTTP/1.1" 200 1627
172.22.2.4 - - [03/Jul/2024:00:47:07 -0500] "GET /BLA/boletinlegal/images/bg_top.jpg HTTP/1.1" 200 522
172.22.2.4 - - [03/Jul/2024:00:47:07 -0500] "GET /BLA/boletinlegal/images/menu_lft.gif HTTP/1.1" 200 1713
172.22.2.4 - - [03/Jul/2024:00:47:07 -0500] "GET /BLA/boletinlegal/images/menu_bg.jpg HTTP/1.1" 200 620
172.22.2.4 - - [03/Jul/2024:00:47:07 -0500] "GET /BLA/boletinlegal/images/text.jpg HTTP/1.1" 200 568
172.22.2.4 - - [03/Jul/2024:00:47:07 -0500] "GET /BLA/boletinlegal/images/hover.jpg HTTP/1.1" 200 640
172.22.2.4 - - [03/Jul/2024:00:47:07 -0500] "GET /BLA/boletinlegal/images/body_bg.jpg HTTP/1.1" 200 1601
18.227.105.238 - - [03/Jul/2024:00:47:12 -0500] "GET /BLA/resoluciones/Notificaciones/AUTOS%202023/9304.pdf HTTP/1.1" 200 414544
172.22.2.4 - - [03/Jul/2024:00:47:12 -0500] "GET /BLA/boletinlegal/actos.php HTTP/1.1" 200 9738
172.22.2.4 - - [03/Jul/2024:00:47:12 -0500] "GET /BLA/boletinlegal/js/ajax_actos.js HTTP/1.1" 200 1322
172.22.2.4 - - [03/Jul/2024:00:47:12 -0500] "GET /BLA/boletinlegal/niceforms-default.css HTTP/1.1" 200 6694
172.22.2.4 - - [03/Jul/2024:00:47:12 -0500] "GET /BLA/boletinlegal/js/lib.js HTTP/1.1" 200 6474
172.22.2.4 - - [03/Jul/2024:00:47:12 -0500] "GET /BLA/boletinlegal/niceforms.js HTTP/1.1" 200 22876
172.22.2.4 - - [03/Jul/2024:00:47:12 -0500] "GET /BLA/boletinlegal/js/popup.js HTTP/1.1" 200 1270
172.22.2.4 - - [03/Jul/2024:00:47:12 -0500] "GET /BLA/boletinlegal/js/jquery1.js HTTP/1.1" 200 29846
172.22.2.4 - - [03/Jul/2024:00:47:12 -0500] "GET /BLA/boletinlegal/images/green-yellow-blue-pink-th.png HTTP/1.1" 200 7394
172.22.2.4 - - [03/Jul/2024:00:47:12 -0500] "GET /BLA/boletinlegal/images/tel.png HTTP/1.1" 200 14477
172.22.2.4 - - [03/Jul/2024:00:47:12 -0500] "GET /BLA/boletinlegal/images/icono-email.png HTTP/1.1" 200 5544
172.22.2.4 - - [03/Jul/2024:00:47:12 -0500] "GET /BLA/boletinlegal/images/footer_bg.jpg HTTP/1.1" 200 586
172.22.2.4 - - [03/Jul/2024:00:47:12 -0500] "GET /BLA/boletinlegal/images/footer_bg_l.jpg HTTP/1.1" 200 776
172.22.2.4 - - [03/Jul/2024:00:47:12 -0500] "GET /BLA/boletinlegal/img/0.png HTTP/1.1" 200 110
172.22.2.4 - - [03/Jul/2024:00:47:12 -0500] "GET /BLA/boletinlegal/img/select-left.png HTTP/1.1" 200 263
172.22.2.4 - - [03/Jul/2024:00:47:12 -0500] "GET /BLA/boletinlegal/img/select-right.png HTTP/1.1" 200 44019
172.22.2.4 - - [03/Jul/2024:00:47:12 -0500] "GET /BLA/boletinlegal/img/button-left.png HTTP/1.1" 200 57071
172.22.2.4 - - [03/Jul/2024:00:47:12 -0500] "GET /BLA/boletinlegal/img/button.png HTTP/1.1" 200 43241
172.22.2.4 - - [03/Jul/2024:00:47:12 -0500] "GET /BLA/boletinlegal/img/button-right.png HTTP/1.1" 200 57878
172.22.2.4 - - [03/Jul/2024:00:47:12 -0500] "GET /BLA/boletinlegal/favicon.ico HTTP/1.1" 404 1326
18.227.105.238 - - [03/Jul/2024:00:47:13 -0500] "GET /BLA/resoluciones/Notificaciones/AUTOS%202023/4255.pdf HTTP/1.1" 200 919564
172.22.2.4 - - [03/Jul/2024:00:47:28 -0500] "GET /BLA/boletinlegal/consulta_actos.php?tipo=resoluciones&no=&usuario=&sector=COMPETENCIA&fecha=2024&resuelve= HTTP/1.1" 200 4922
172.22.2.4 - - [03/Jul/2024:00:47:28 -0500] "GET /BLA/boletinlegal/images/pdf.gif HTTP/1.1" 200 567
172.22.2.4 - - [03/Jul/2024:00:47:28 -0500] "GET /BLA/boletinlegal/images/background.gif HTTP/1.1" 200 -
201.245.192.253 - - [03/Jul/2024:00:47:36 -0500] "GET /kwsrmcab/Wsrmcab?wsdl HTTP/1.1" 200 6948
172.22.2.4 - - [03/Jul/2024:00:47:06 -0500] "GET /BLA/boletinlegal/ HTTP/1.1" 200 24523
172.22.2.4 - - [03/Jul/2024:00:47:51 -0500] "GET /BLA/boletinlegal/consulta_actos.php?tipo=resoluciones&no=&usuario=&sector=COMPETENCIA&fecha=2024&resuelve=renuncia HTTP/1.1" 200 626
172.22.2.4 - - [03/Jul/2024:00:47:56 -0500] "GET /BLA/boletinlegal/actos.php HTTP/1.1" 200 9738
172.22.2.4 - - [03/Jul/2024:00:48:03 -0500] "GET /BLA/boletinlegal/consulta_actos.php?tipo=resoluciones&no=&usuario=&sector=&fecha=2024&resuelve=renuncia HTTP/1.1" 200 626
18.119.115.113 - - [03/Jul/2024:00:48:07 -0500] "GET /BLA/resoluciones/Notificaciones/AUTOS%202023/9271.pdf HTTP/1.1" 200 402342
201.245.192.253 - - [03/Jul/2024:00:48:09 -0500] "POST /forms/lservlet;jsessionid=ac16012b30d6716d42d0eef24d9cbe79d3fe11a80187.e3iSbxaKaheRe34OahmPbx4Oa3z0n6jAmljGr5XDqQLvpAe HTTP/1.1" 200 2
172.22.2.4 - - [03/Jul/2024:00:48:11 -0500] "GET /BLA/boletinlegal/doctrina.php HTTP/1.1" 200 5667
172.22.2.4 - - [03/Jul/2024:00:48:11 -0500] "GET /BLA/boletinlegal/js/ajax_doctrina.js HTTP/1.1" 200 772
172.22.2.4 - - [03/Jul/2024:00:48:11 -0500] "GET /BLA/boletinlegal/images/sub_ul_li.gif HTTP/1.1" 200 343
172.22.2.4 - - [03/Jul/2024:00:48:13 -0500] "GET /BLA/boletinlegal/jurisprudencia.php HTTP/1.1" 200 17637
172.22.2.4 - - [03/Jul/2024:00:48:13 -0500] "GET /BLA/boletinlegal/images/jurisprudencia.png HTTP/1.1" 200 66721
172.22.2.4 - - [03/Jul/2024:00:48:16 -0500] "GET /BLA/boletinlegal/conceptos.php HTTP/1.1" 200 7588
172.22.2.4 - - [03/Jul/2024:00:48:16 -0500] "GET /BLA/boletinlegal/js/ajax_conceptos.js HTTP/1.1" 200 1326
3.139.69.55 - - [03/Jul/2024:00:48:16 -0500] "GET /BLA/resoluciones/Notificaciones/AUTOS%202023/5847.pdf HTTP/1.1" 200 387180
172.22.2.4 - - [03/Jul/2024:00:48:18 -0500] "GET /BLA/boletinlegal/actos.php HTTP/1.1" 200 9738
172.22.2.4 - - [03/Jul/2024:00:48:19 -0500] "GET /BLA/boletinlegal/normativa.php HTTP/1.1" 200 8397
172.22.2.4 - - [03/Jul/2024:00:48:19 -0500] "GET /BLA/boletinlegal/js/ajax_normativa.js HTTP/1.1" 200 1154
66.249.66.12 - - [03/Jul/2024:00:48:21 -0500] "GET /BLA/resoluciones/RESOLUCIONES%202009/8199.pdf HTTP/1.1" 200 992178
66.249.66.13 - - [03/Jul/2024:00:48:21 -0500] "GET /BLA/resoluciones/AUTOS%202013/0527.pdf HTTP/1.1" 200 490143
201.245.192.253 - - [03/Jul/2024:00:48:36 -0500] "GET /kwsrmcab/Wsrmcab?wsdl HTTP/1.1" 200 6948
172.22.2.4 - - [03/Jul/2024:00:48:37 -0500] "GET /BLA/boletinlegal/images/screen_3.png HTTP/1.1" 200 210620
172.22.2.4 - - [03/Jul/2024:00:48:37 -0500] "GET /BLA/boletinlegal/images/arr_r.jpg HTTP/1.1" 200 1998
172.22.2.4 - - [03/Jul/2024:00:48:37 -0500] "GET /BLA/boletinlegal/images/screen_2.png HTTP/1.1" 200 362502
172.22.2.4 - - [03/Jul/2024:00:48:37 -0500] "GET /BLA/boletinlegal/images/screen_5.png HTTP/1.1" 200 368876
18.218.111.165 - - [03/Jul/2024:00:48:58 -0500] "GET /BLA/resoluciones/Notificaciones/AUTOS%202023/9572.pdf HTTP/1.1" 200 427469
66.249.66.13 - - [03/Jul/2024:00:49:22 -0500] "GET /BLA/resoluciones/RESOLUCIONES%202009/7664.pdf HTTP/1.1" 200 492389
216.245.221.92 - - [03/Jul/2024:00:49:28 -0500] "HEAD / HTTP/1.1" 200 -
172.22.2.4 - - [03/Jul/2024:00:47:55 -0500] "HEAD /BLA/boletinlegal/ HTTP/1.1" 200 -
201.245.192.253 - - [03/Jul/2024:00:49:36 -0500] "GET /kwsrmcab/Wsrmcab?wsdl HTTP/1.1" 200 6948
207.46.13.141 - - [03/Jul/2024:00:49:47 -0500] "GET /BLA/resoluciones/AUTOS%202022/0694.pdf HTTP/1.1" 200 387956
172.22.2.4 - - [03/Jul/2024:00:48:28 -0500] "GET /BLA/boletinlegal/index.php HTTP/1.1" 200 40907
40.77.167.46 - - [03/Jul/2024:00:49:57 -0500] "GET /BLA/resoluciones/AUTOS%202022/1286.pdf HTTP/1.1" 200 398777
172.22.2.4 - - [03/Jul/2024:00:50:05 -0500] "GET /BLA/boletinlegal/normativa.php HTTP/1.1" 200 8397
201.245.192.253 - - [03/Jul/2024:00:50:09 -0500] "POST /forms/lservlet;jsessionid=ac16012b30d6716d42d0eef24d9cbe79d3fe11a80187.e3iSbxaKaheRe34OahmPbx4Oa3z0n6jAmljGr5XDqQLvpAe HTTP/1.1" 200 2
172.22.2.4 - - [03/Jul/2024:00:48:45 -0500] "GET /BLA/boletinlegal/ HTTP/1.1" 200 51986
201.245.192.253 - - [03/Jul/2024:00:50:36 -0500] "GET /kwsrmcab/Wsrmcab?wsdl HTTP/1.1" 200 6948
179.1.192.138 - - [03/Jul/2024:00:50:37 -0500] "GET /kwssiamovil/sm/ldap/au?x=U2FsdGVkX1+/bgFJ3RBIMvlfeVm86ElK/4WCXA4QjHMO4+LQQFbzAijFgUs8SX7G&y=U2FsdGVkX1+sVv6Ts7TIUs77rZKrXeGw23t79CTgksIsaI0BZUkYF92nMQZNxKhp HTTP/1.1" 200 30
179.1.192.138 - - [03/Jul/2024:00:50:38 -0500] "GET /kwssiamovil/sm/acme/s?s=U2FsdGVkX18Un2mdcY7B8xhhWjEfPMc7ObbXz9Z8Lvd3sCMlIxma6COC2IO8l334Ol6zDaOPHYp+leST8Q51ZUjg7KjMURLBn+MeWoshtT0=&u=U2FsdGVkX19OluGJecZ9DACZAoDtMqDkIOP8cONO940B0XCsZcT/qGKLG/WZ/QWL&y=U2FsdGVkX1+sVv6Ts7TIUs77rZKrXeGw23t79CTgksIsaI0BZUkYF92nMQZNxKhp HTTP/1.1" 200 97
179.1.192.138 - - [03/Jul/2024:00:50:39 -0500] "GET /kwssiamovil/sm/acme/s?s=U2FsdGVkX19vlvgWmlIkiDk/icD/jAsn2uhKMPfG+tM79gaN3wud+wrMaWwc+R0bAU/2xVQpP2xUvNo6+eAeuh3fcKE7s4T7MaQW894vjHFaZMrmkGj32UcIhBVagUMO6LTiVdkFKbfvuzTtJcSkT2Fmw6U0LMRL5uxFdC5hMlupbQg3uQY1JgAhsB1pvOyVRz2SncmYAH2HiKmKsjAspSK5fbD0m72bj5ENdSHGwb4e9crRxhyyTznMv5kE+rY5o4s8bc99dqjyzkYqiaGvCXl7moCZ1y7cA/C72oCX6Sqo/qpFnJ2xX9If6kNEhhP7lJa5F/6k739bKL6w4hU67GPG6OjQpmMEOG/Q01N+Da/UO9yGYgr49pXCkT4p7+2e03MWyVfLbaN99qjW/6vQu44EfFpRDWLlFvxiHbpldq1bcMBFs1omxn03IOnqfCiTz8ahi/6MGKHo3LJLcDE2cB9o0rwHLmzTocui/x6A+GqzMJ74Z5pZabHPPq9cXOoy3S3D1aQ+Ebh/3vIte4TDn4P9YKDO4EjKTC/S8VEdP0+Ew8ZpWabZ1Qjtk7bVix/spBHgE4v9r5P6fh/FEyFjrKmN9PgXijbZubOgtdze+lQToAg0w2QJ9zzNUwZr3jKyr4qjF7k//4U3VaYOXEEOTYo3GZS3ussCcvHV1ObgCdAGwokdkDp4MphEH+tGIORXx3QI/Y4k7VtLZk4pUlXJaikuOKF9gZ61PPxVOrrTND6p7mgVlpipEpWY6+Akq2NE77//tIiHqTt5ANh5ECewAbcTiDi110n//cxDKamKaM4iFRG4zCrPLJfoDvYqB65Ks6Wl5dIq2EAlj8gayhHngFZF+w1p+yPYv9UDRKwxWTtxkJLXqekM2poiGs367qMJaJBg2nkUebTr2xUmpLF2eyDRoxv6FY/voywk/yA4K6MusthVp7Lw0HPj5kYINAXMbTEZ4ik6fTLLO5qG22Dnx1LCeJxxS4xItUtkutKxA6STa+8pQRnAh8k0QwURbKrtZ81/IYNl25C7cZMqtC17sxFLxDeddvHRrRqpyNukL3p4EPipQLZt8aAIyF237WiMLHI8BJ0PcfIG+iWTb7ACKYe+lYocMZLUaeYhgWT2RBeNz2Gl3UGR3PxRYhdMQoKv2WssbmOezjcu+wnncpn1XygwgPAJk6BCEbJfSztSs7eeXAZlWYWpBEpLI6jbbl8TowqREcQks9rsq6EFVpsrA9RnjeuCRMyJBVxQQVPe5RB86JTwySVp6oVsTFGNJ/7ZTrGTrHZA6l3zZ7SDTiRHFYYCrfOHakVfvm0OJbcfrkQxpfvi1AvAIhyutiq8Uzyc4BJNQm3A7XMxilwL2tpi/mkvy5wJf0Lu7zqG3tudO9QSTRRgc/3spuvAHm8eGjMRvd4KViGIZwiu5Rl/5Xy0CSCD/MEMr9gW4p5xS90oVMCBolL+cMsCSDlzlW4/9NIlq4brpwIa2vaPGXObBFLaAvD3PA7W39dagCSHWTF7fdt5D3RDEbZgvzj3hzkoQ7f7Gf8X7F3ad1j4Vpy21/c1wr+zJDnhs7dC2YvWW18dV6nDn32XZDOuFEB6gw+PSS6VGCERePmWwrT8JE+mA+tK+1qBhC9M6VHyfRGMZ0r7Q7IbR8emQUS0H94U7fCVo+kJqE7z7omuseC4BYgI/5LjFKvsmCqHXGTZsr0eUWveZKAVae1+eLtU6yoWgEBlR+WXvARJCVKF/kxsc/GsQsZW+uVrQB/qwxhSLL15OZ/pwJfopw3TMswIakejRFy14252&u=U2FsdGVkX19OluGJecZ9DACZAoDtMqDkIOP8cONO940B0XCsZcT/qGKLG/WZ/QWL&y=U2FsdGVkX1+sVv6Ts7TIUs77rZKrXeGw23t79CTgksIsaI0BZUkYF92nMQZNxKhp HTTP/1.1" 200 72
179.1.192.138 - - [03/Jul/2024:00:50:39 -0500] "GET /kwssiamovil/sm/acme/s?s=U2FsdGVkX1+5dOJRGDixF/S34lT0GC4wKEllMtyNgL4OvWuRwCICbwZpcQezszRrlqCO9A8OvvgbD0aF8F1MQ+4hRySLmAjF1YFAfwh2IXULRY+Ej6S32doB0nIcDCASlLLOxiDG0yrClH21/giq8/1zoP9J8eY5zRVb0tBl8zr1Q/Av09YW5LrqfMrxedNxTDOd9VayQaIDvSJJfKi6N/KjYrzmjoP6PpScM+hjmmsmTiQ44MjLwragwoPtZZRc+3WqaWjzFHLuRQO7zpPBpftBmRjFMoVVhZwz5tEVo39X0pwqcaWOVvFbm/n7No8uatXqP9Da4zkVJNFs93L1b5+BgWkey/XBvfH2wZ3tgyGoluqYlLgrJu1OeVtati4sVRNxXtejW1Tbcir5w2p4Q52ZGtSYSphbUjKULhZaLhcnRewcKmju63tlJyF7r9hHsYgGRPW9VmHiye93cvcelyCOXPj7IPxRPzJGEKGdy0BSlqmCLhGx7ST2IqKZ7RS9ml1YQeJ7u+vPt3yvRR3VzYtXVENtLawloZWw1dxxzfHHKHn7YAQajN7Y2z4p9dKyqWg+KJy+hfkqii/01hynt+9qENZcG7REAXPOGWF1pLkVofGQcfQPRMji4I4JXZcynYEFtmwDJZYJs+N03sGagnPXg5pLxkA2pAmYuHaxax+CZXwah9x9zbsA95HsyDOvAK6zV2rK7FX95JImyIkw8p8DlZ7LKafAb09ak2Gj0ytIOzwFqJLrEZBrIxpsg5xpcPOTKq8aAwYUgXoQ85Q+5g==&u=U2FsdGVkX19OluGJecZ9DACZAoDtMqDkIOP8cONO940B0XCsZcT/qGKLG/WZ/QWL&y=U2FsdGVkX1+sVv6Ts7TIUs77rZKrXeGw23t79CTgksIsaI0BZUkYF92nMQZNxKhp HTTP/1.1" 200 208
179.1.192.138 - - [03/Jul/2024:00:50:40 -0500] "GET /kwssiamovil/sm/cjson/pre?f=1&x=U2FsdGVkX1+/bgFJ3RBIMvlfeVm86ElK/4WCXA4QjHMO4+LQQFbzAijFgUs8SX7G HTTP/1.1" 200 14478
66.249.66.12 - - [03/Jul/2024:00:51:03 -0500] "GET /BLA/resoluciones/RESOLUCIONES%202002/RES%202002%201401-1450/20021401.tif HTTP/1.1" 200 100506
66.249.66.11 - - [03/Jul/2024:00:51:23 -0500] "GET /BLA/resoluciones/RESOLUCIONES%202009/1588.pdf HTTP/1.1" 200 703641
201.245.192.253 - - [03/Jul/2024:00:50:53 -0500] "POST /kwsrmcab/Wsrmcab  HTTP/1.1" 500 80
201.245.192.253 - - [03/Jul/2024:00:49:44 -0500] "POST /kwsrmcab/Wsrmcab  HTTP/1.1" 500 221
201.245.192.253 - - [03/Jul/2024:00:51:36 -0500] "GET /kwsrmcab/Wsrmcab?wsdl HTTP/1.1" 200 6948
3.133.154.114 - - [03/Jul/2024:00:52:06 -0500] "GET /BLA/resoluciones/Notificaciones/AUTOS%202023/9325.pdf HTTP/1.1" 200 1678191
201.245.192.253 - - [03/Jul/2024:00:52:09 -0500] "POST /forms/lservlet;jsessionid=ac16012b30d6716d42d0eef24d9cbe79d3fe11a80187.e3iSbxaKaheRe34OahmPbx4Oa3z0n6jAmljGr5XDqQLvpAe HTTP/1.1" 200 2
66.249.66.13 - - [03/Jul/2024:00:52:23 -0500] "GET /BLA/resoluciones/RESOLUCIONES%202009/1121.pdf HTTP/1.1" 200 17734
3.129.209.81 - - [03/Jul/2024:00:52:28 -0500] "GET /BLA/resoluciones/Notificaciones/AUTOS%202023/9351.pdf HTTP/1.1" 200 455797
3.129.209.81 - - [03/Jul/2024:00:52:29 -0500] "GET /BLA/resoluciones/Notificaciones/RESOLUCIONES%202023/1523.pdf HTTP/1.1" 200 340228
3.129.209.81 - - [03/Jul/2024:00:52:29 -0500] "GET /BLA/resoluciones/Notificaciones/AUTOS%202023/10288.pdf HTTP/1.1" 200 396338
3.129.209.81 - - [03/Jul/2024:00:52:30 -0500] "GET /BLA/resoluciones/Notificaciones/AUTOS%202023/9349.pdf HTTP/1.1" 200 461247
3.144.242.91 - - [03/Jul/2024:00:52:34 -0500] "GET /BLA/resoluciones/Notificaciones/AUTOS%202023/9772.pdf HTTP/1.1" 200 414069
201.245.192.253 - - [03/Jul/2024:00:52:36 -0500] "GET /kwsrmcab/Wsrmcab?wsdl HTTP/1.1" 200 6948
157.55.39.11 - - [03/Jul/2024:00:53:00 -0500] "GET /BLA/resoluciones/AUTOS%202021/2153.pdf HTTP/1.1" 304 -
201.245.192.253 - - [03/Jul/2024:00:52:02 -0500] "POST /kwsrmcab/Wsrmcab  HTTP/1.1" 500 80
201.245.192.253 - - [03/Jul/2024:00:53:36 -0500] "GET /kwsrmcab/Wsrmcab?wsdl HTTP/1.1" 200 6948
3.142.134.166 - - [03/Jul/2024:00:54:01 -0500] "GET /BLA/resoluciones/Notificaciones/AUTOS%202023/10388.pdf HTTP/1.1" 200 386252
201.245.192.253 - - [03/Jul/2024:00:54:09 -0500] "POST /forms/lservlet;jsessionid=ac16012b30d6716d42d0eef24d9cbe79d3fe11a80187.e3iSbxaKaheRe34OahmPbx4Oa3z0n6jAmljGr5XDqQLvpAe HTTP/1.1" 200 2
66.249.66.11 - - [03/Jul/2024:00:54:24 -0500] "GET /BLA/resoluciones/AUTOS%202018/2614.pdf HTTP/1.1" 200 2562598
66.249.66.12 - - [03/Jul/2024:00:54:24 -0500] "GET /BLA/resoluciones/RESOLUCIONES%202009/3438.pdf HTTP/1.1" 200 388276
201.245.192.253 - - [03/Jul/2024:00:54:20 -0500] "POST /kwsrmcab/Wsrmcab  HTTP/1.1" 500 221
216.245.221.92 - - [03/Jul/2024:00:54:28 -0500] "HEAD / HTTP/1.1" 200 -
199.16.157.180 - - [03/Jul/2024:00:54:32 -0500] "GET /images/pl%C3%A1sticos%20foto%201..jpg HTTP/1.1" 404 1034
18.222.20.80 - - [03/Jul/2024:00:54:35 -0500] "GET /BLA/resoluciones/Notificaciones/AUTOS%202023/9745.pdf HTTP/1.1" 200 405009
201.245.192.253 - - [03/Jul/2024:00:54:36 -0500] "GET /kwsrmcab/Wsrmcab?wsdl HTTP/1.1" 500 80
3.136.236.143 - - [03/Jul/2024:00:54:47 -0500] "GET /BLA/resoluciones/Notificaciones/AUTOS%202023/10332.pdf HTTP/1.1" 200 369369
201.245.192.253 - - [03/Jul/2024:00:54:46 -0500] "GET /kwsrmcab/Wsrmcab?wsdl HTTP/1.1" 200 6948
172.22.2.4 - - [03/Jul/2024:00:53:44 -0500] "HEAD /BLA/boletinlegal/ HTTP/1.1" 200 -
18.216.148.39 - - [03/Jul/2024:00:55:31 -0500] "GET /BLA/resoluciones/Notificaciones/AUTOS%202023/9753.pdf HTTP/1.1" 200 1356375
201.245.192.253 - - [03/Jul/2024:00:55:36 -0500] "GET /kwsrmcab/Wsrmcab?wsdl HTTP/1.1" 200 6948
201.245.192.253 - - [03/Jul/2024:00:56:09 -0500] "POST /forms/lservlet;jsessionid=ac16012b30d6716d42d0eef24d9cbe79d3fe11a80187.e3iSbxaKaheRe34OahmPbx4Oa3z0n6jAmljGr5XDqQLvpAe HTTP/1.1" 200 2
172.22.2.4 - - [03/Jul/2024:00:54:35 -0500] "GET /BLA/boletinlegal/ HTTP/1.1" 200 57889
66.249.66.19 - - [03/Jul/2024:00:56:25 -0500] "GET /BLA/resoluciones/RESOLUCIONES%202009/7433.pdf HTTP/1.1" 200 830124
66.249.66.19 - - [03/Jul/2024:00:56:25 -0500] "GET /BLA/resoluciones/RESOLUCIONES%202009/1296.pdf HTTP/1.1" 200 853950
201.245.192.253 - - [03/Jul/2024:00:56:36 -0500] "GET /kwsrmcab/Wsrmcab?wsdl HTTP/1.1" 200 6948
