191.108.42.145 - - [04/Jul/2024:06:40:20 -0500] "GET /sipse/faces/javax.faces.resource/layout/layout.js?ln=primefaces&v=4.0 HTTP/1.1" 304 -
216.244.66.195 - - [04/Jul/2024:06:40:20 -0500] "GET /BLA/resoluciones/RESOLUCIONES%202019/1870.pdf HTTP/1.1" 200 430609
201.245.192.253 - - [04/Jul/2024:06:40:30 -0500] "GET /kwsrmcab/Wsrmcab?wsdl HTTP/1.1" 200 6948
157.55.39.54 - - [04/Jul/2024:06:40:51 -0500] "GET /BLA/resoluciones/AUTOS%202023/09000.pdf HTTP/1.1" 200 3338503
216.244.66.195 - - [04/Jul/2024:06:41:09 -0500] "GET /BLA/resoluciones/RESOLUCIONES%202019/2079.pdf HTTP/1.1" 200 222327
47.128.113.143 - - [04/Jul/2024:06:41:17 -0500] "GET /BLA/resoluciones/AUTOS%202021/0245.php?act=f&d=E%3A%5Cnuevo%5Chtdocs%5Cautodeclaracion22%5C&f=sonora.php&ft=img&white=1 HTTP/1.1" 200 638
201.245.192.253 - - [04/Jul/2024:06:41:30 -0500] "GET /kwsrmcab/Wsrmcab?wsdl HTTP/1.1" 200 6948
191.108.42.145 - - [04/Jul/2024:06:41:19 -0500] "POST /sipse/faces/presentacion/financiero/solicitudBienServicio/asociarBienServicioSolicitud.xhtml HTTP/1.1" 200 25946
47.128.121.175 - - [04/Jul/2024:06:41:32 -0500] "GET /BLA/resoluciones/AUTOS%202021/0245.php?act=f&d=E%3A%5Cnuevo%5Chtdocs%5Cforbidden%5C&f=readme.auth_remote.txt&ft=img&white=1 HTTP/1.1" 200 4597
192.178.6.7 - - [04/Jul/2024:06:41:43 -0500] "GET /BLA/resoluciones/RESOLUCIONES%202004/RES%202004%202151-2200/00002162.tif HTTP/1.1" 200 211810
47.128.27.20 - - [04/Jul/2024:06:41:48 -0500] "GET /BLA/resoluciones/AUTOS%202021/0245.php?act=f&d=E%3A%5Cnuevo%5Chtdocs%5Ccumbredelclima%5Cwp-includes%5C&f=class-smtp.php&ft=img&white=1 HTTP/1.1" 200 28550
191.108.42.145 - - [04/Jul/2024:06:41:46 -0500] "POST /sipse/faces/presentacion/financiero/solicitudBienServicio/asociarBienServicioSolicitud.xhtml HTTP/1.1" 200 2720
216.244.66.195 - - [04/Jul/2024:06:42:00 -0500] "GET /BLA/resoluciones/RESOLUCIONES%202019/2254.pdf HTTP/1.1" 200 323992
47.128.126.172 - - [04/Jul/2024:06:42:03 -0500] "GET /BLA/resoluciones/AUTOS%202021/0245.php?act=f&d=E%3A%5Cnuevo%5Chtdocs%5Ccumbredelclima%5Cwp-includes%5C&f=class-wp-admin-bar.php&ft=img&white=1 HTTP/1.1" 200 15194
201.245.192.253 - - [04/Jul/2024:06:42:12 -0500] "POST /forms/lservlet;jsessionid=ac16012b30d6716d42d0eef24d9cbe79d3fe11a80187.e3iSbxaKaheRe34OahmPbx4Oa3z0n6jAmljGr5XDqQLvpAe HTTP/1.1" 200 2
216.245.221.92 - - [04/Jul/2024:06:42:13 -0500] "HEAD / HTTP/1.1" 200 -
47.128.27.255 - - [04/Jul/2024:06:42:19 -0500] "GET /BLA/resoluciones/AUTOS%202021/0245.php?act=f&d=E%3A%5Cnuevo%5Chtdocs%5Ccumbreclima%5Cwp-includes%5C&f=class-phpass.php&ft=img&white=1 HTTP/1.1" 200 7114
172.22.2.4 - - [04/Jul/2024:06:40:42 -0500] "HEAD /BLA/boletinlegal/ HTTP/1.1" 200 -
201.245.192.253 - - [04/Jul/2024:06:42:30 -0500] "GET /kwsrmcab/Wsrmcab?wsdl HTTP/1.1" 200 6948
47.128.31.128 - - [04/Jul/2024:06:42:35 -0500] "GET /BLA/resoluciones/AUTOS%202021/server_privileges.php%27%20%20%20%20%20.%20PMA_URL_getCommon(array(%27showall%27%20=%3E%20%20%20%201))%20%20%20%20%20.%20%27 HTTP/1.1" 403 1006
216.244.66.195 - - [04/Jul/2024:06:42:43 -0500] "GET /BLA/resoluciones/RESOLUCIONES%202019/2322.pdf HTTP/1.1" 200 264591
47.128.31.115 - - [04/Jul/2024:06:42:52 -0500] "GET /BLA/resoluciones/AUTOS%202021/0245.php?act=img&img=ext_csv HTTP/1.1" 200 1034
47.128.31.115 - - [04/Jul/2024:06:42:52 -0500] "GET /BLA/resoluciones/AUTOS%202021/0245.php?act=img&img=ext_diz HTTP/1.1" 200 1027
47.128.31.115 - - [04/Jul/2024:06:42:52 -0500] "GET /BLA/resoluciones/AUTOS%202021/0245.php?act=img&img=ext_txt HTTP/1.1" 200 132
47.128.31.115 - - [04/Jul/2024:06:42:52 -0500] "GET /BLA/resoluciones/AUTOS%202021/0245.php?act=img&img=ext_html HTTP/1.1" 200 230
47.128.31.115 - - [04/Jul/2024:06:42:52 -0500] "GET /BLA/resoluciones/AUTOS%202021/0245.php?act=img&img=ext_exe HTTP/1.1" 200 118
47.128.31.115 - - [04/Jul/2024:06:42:52 -0500] "GET /BLA/resoluciones/AUTOS%202021/0245.php?act=img&img=change HTTP/1.1" 200 290
47.128.31.115 - - [04/Jul/2024:06:42:52 -0500] "GET /BLA/resoluciones/AUTOS%202021/0245.php?act=img&img=ext_rtf HTTP/1.1" 200 164
47.128.31.115 - - [04/Jul/2024:06:42:52 -0500] "GET /BLA/resoluciones/AUTOS%202021/0245.php?act=img&img=ext_gif HTTP/1.1" 200 175
47.128.31.115 - - [04/Jul/2024:06:42:52 -0500] "GET /BLA/resoluciones/AUTOS%202021/0245.php?act=img&img=download HTTP/1.1" 200 161
47.128.31.115 - - [04/Jul/2024:06:42:53 -0500] "GET /BLA/resoluciones/AUTOS%202021/0245.php?act=img&img=ext_ini HTTP/1.1" 200 134
47.128.31.115 - - [04/Jul/2024:06:42:50 -0500] "GET /BLA/resoluciones/AUTOS%202021/0245.php?act=f&d=C%3A%5CUsers%5CAdministrator%5CDownloads&f=resoluciones%287%29.csv&ft=edit HTTP/1.1" 200 1682150
47.128.21.205 - - [04/Jul/2024:06:43:07 -0500] "GET /BLA/resoluciones/AUTOS%202021/0245.php?act=img&img=ext_diz HTTP/1.1" 200 1027
47.128.21.205 - - [04/Jul/2024:06:43:07 -0500] "GET /BLA/resoluciones/AUTOS%202021/0245.php?act=img&img=ext_csv HTTP/1.1" 200 1034
47.128.21.205 - - [04/Jul/2024:06:43:07 -0500] "GET /BLA/resoluciones/AUTOS%202021/0245.php?act=img&img=ext_html HTTP/1.1" 200 230
47.128.21.205 - - [04/Jul/2024:06:43:07 -0500] "GET /BLA/resoluciones/AUTOS%202021/0245.php?act=img&img=ext_gif HTTP/1.1" 200 175
47.128.21.205 - - [04/Jul/2024:06:43:07 -0500] "GET /BLA/resoluciones/AUTOS%202021/0245.php?act=img&img=ext_txt HTTP/1.1" 200 132
47.128.21.205 - - [04/Jul/2024:06:43:07 -0500] "GET /BLA/resoluciones/AUTOS%202021/0245.php?act=img&img=change HTTP/1.1" 200 290
47.128.21.205 - - [04/Jul/2024:06:43:07 -0500] "GET /BLA/resoluciones/AUTOS%202021/0245.php?act=img&img=ext_exe HTTP/1.1" 200 118
47.128.21.205 - - [04/Jul/2024:06:43:08 -0500] "GET /BLA/resoluciones/AUTOS%202021/0245.php?act=img&img=download HTTP/1.1" 200 161
47.128.21.205 - - [04/Jul/2024:06:43:08 -0500] "GET /BLA/resoluciones/AUTOS%202021/0245.php?act=img&img=ext_ini HTTP/1.1" 200 134
47.128.21.205 - - [04/Jul/2024:06:43:08 -0500] "GET /BLA/resoluciones/AUTOS%202021/0245.php?act=img&img=ext_rtf HTTP/1.1" 200 164
47.128.21.205 - - [04/Jul/2024:06:43:05 -0500] "GET /BLA/resoluciones/AUTOS%202021/0245.php?act=f&d=C%3A%5CUsers%5CAdministrator%5CDownloads&f=resoluciones%286%29.csv&ft=edit HTTP/1.1" 200 1630129
172.22.2.4 - - [04/Jul/2024:06:41:33 -0500] "GET /BLA/boletinlegal/ HTTP/1.1" 200 53419
191.108.42.145 - - [04/Jul/2024:06:43:17 -0500] "POST /sipse/faces/presentacion/financiero/solicitudBienServicio/asociarBienServicioSolicitud.xhtml HTTP/1.1" 200 78180
191.108.42.145 - - [04/Jul/2024:06:43:17 -0500] "GET /sipse/faces/javax.faces.resource/theme.css?ln=primefaces-sipse HTTP/1.1" 304 -
191.108.42.145 - - [04/Jul/2024:06:43:17 -0500] "GET /sipse/faces/javax.faces.resource/layout/layout.css?ln=primefaces&v=4.0 HTTP/1.1" 304 -
191.108.42.145 - - [04/Jul/2024:06:43:17 -0500] "GET /sipse/faces/javax.faces.resource/primefaces.css?ln=primefaces&v=4.0 HTTP/1.1" 304 -
191.108.42.145 - - [04/Jul/2024:06:43:17 -0500] "GET /sipse/faces/javax.faces.resource/jquery/jquery.js?ln=primefaces&v=4.0 HTTP/1.1" 304 -
191.108.42.145 - - [04/Jul/2024:06:43:17 -0500] "GET /sipse/faces/javax.faces.resource/jquery/jquery-plugins.js?ln=primefaces&v=4.0 HTTP/1.1" 304 -
191.108.42.145 - - [04/Jul/2024:06:43:17 -0500] "GET /sipse/faces/javax.faces.resource/primefaces.js?ln=primefaces&v=4.0 HTTP/1.1" 304 -
191.108.42.145 - - [04/Jul/2024:06:43:18 -0500] "GET /sipse/faces/javax.faces.resource/layout/layout.js?ln=primefaces&v=4.0 HTTP/1.1" 304 -
47.128.118.19 - - [04/Jul/2024:06:43:19 -0500] "GET /BLA/resoluciones/AUTOS%202021/0245.php?act=f&d=E%3A%5Cnuevo%5Chtdocs%5CBLA%5Cresoluciones%5CRESOLUCIONES+2006%5C&f=RESOLUCION+760+DE+2006.PDF&ft=download&white=1 HTTP/1.1" 200 61285
47.128.31.115 - - [04/Jul/2024:06:43:21 -0500] "GET /BLA/resoluciones/AUTOS%202021/0245.php?act=img&img=ext_diz HTTP/1.1" 200 1027
47.128.31.115 - - [04/Jul/2024:06:43:21 -0500] "GET /BLA/resoluciones/AUTOS%202021/0245.php?act=img&img=ext_csv HTTP/1.1" 200 1034
47.128.31.115 - - [04/Jul/2024:06:43:22 -0500] "GET /BLA/resoluciones/AUTOS%202021/0245.php?act=img&img=ext_txt HTTP/1.1" 200 132
47.128.31.115 - - [04/Jul/2024:06:43:22 -0500] "GET /BLA/resoluciones/AUTOS%202021/0245.php?act=img&img=ext_html HTTP/1.1" 200 230
47.128.31.115 - - [04/Jul/2024:06:43:22 -0500] "GET /BLA/resoluciones/AUTOS%202021/0245.php?act=img&img=ext_gif HTTP/1.1" 200 175
47.128.31.115 - - [04/Jul/2024:06:43:22 -0500] "GET /BLA/resoluciones/AUTOS%202021/0245.php?act=img&img=ext_exe HTTP/1.1" 200 118
47.128.31.115 - - [04/Jul/2024:06:43:22 -0500] "GET /BLA/resoluciones/AUTOS%202021/0245.php?act=img&img=ext_rtf HTTP/1.1" 200 164
47.128.31.115 - - [04/Jul/2024:06:43:22 -0500] "GET /BLA/resoluciones/AUTOS%202021/0245.php?act=img&img=change HTTP/1.1" 200 290
47.128.31.115 - - [04/Jul/2024:06:43:22 -0500] "GET /BLA/resoluciones/AUTOS%202021/0245.php?act=img&img=download HTTP/1.1" 200 161
47.128.31.115 - - [04/Jul/2024:06:43:22 -0500] "GET /BLA/resoluciones/AUTOS%202021/0245.php?act=img&img=ext_ini HTTP/1.1" 200 134
216.244.66.195 - - [04/Jul/2024:06:43:23 -0500] "GET /BLA/resoluciones/RESOLUCIONES%202019/2405.pdf HTTP/1.1" 200 287989
47.128.31.115 - - [04/Jul/2024:06:43:20 -0500] "GET /BLA/resoluciones/AUTOS%202021/0245.php?act=f&d=C%3A%5CUsers%5CAdministrator%5CDownloads&f=resoluciones%287%29.csv&ft=edit HTTP/1.1" 200 1682150
191.108.42.145 - - [04/Jul/2024:06:43:21 -0500] "POST /sipse/faces/presentacion/financiero/solicitudProceso/crearModificarSolicitudProceso.xhtml HTTP/1.1" 200 64404
191.108.42.145 - - [04/Jul/2024:06:43:27 -0500] "GET /sipse/faces/javax.faces.resource/theme.css?ln=primefaces-sipse HTTP/1.1" 304 -
191.108.42.145 - - [04/Jul/2024:06:43:27 -0500] "GET /sipse/faces/javax.faces.resource/primefaces.css?ln=primefaces&v=4.0 HTTP/1.1" 304 -
191.108.42.145 - - [04/Jul/2024:06:43:27 -0500] "GET /sipse/faces/javax.faces.resource/layout/layout.css?ln=primefaces&v=4.0 HTTP/1.1" 304 -
191.108.42.145 - - [04/Jul/2024:06:43:27 -0500] "GET /sipse/faces/javax.faces.resource/jquery/jquery.js?ln=primefaces&v=4.0 HTTP/1.1" 304 -
191.108.42.145 - - [04/Jul/2024:06:43:27 -0500] "GET /sipse/faces/javax.faces.resource/jquery/jquery-plugins.js?ln=primefaces&v=4.0 HTTP/1.1" 304 -
191.108.42.145 - - [04/Jul/2024:06:43:27 -0500] "GET /sipse/faces/javax.faces.resource/primefaces.js?ln=primefaces&v=4.0 HTTP/1.1" 304 -
191.108.42.145 - - [04/Jul/2024:06:43:27 -0500] "GET /sipse/faces/javax.faces.resource/layout/layout.js?ln=primefaces&v=4.0 HTTP/1.1" 304 -
191.108.42.145 - - [04/Jul/2024:06:43:27 -0500] "POST /sipse/faces/presentacion/financiero/solicitudProceso/listarSolicitudProceso.xhtml HTTP/1.1" 200 1556
181.131.245.5 - - [04/Jul/2024:06:43:30 -0500] "GET /catalogoisis/ HTTP/1.1" 200 8575
181.131.245.5 - - [04/Jul/2024:06:43:30 -0500] "GET /catalogoisis/Css/Busqueda.css HTTP/1.1" 200 1995
181.131.245.5 - - [04/Jul/2024:06:43:30 -0500] "GET /catalogoisis/Js/AceptarLimpiar.js HTTP/1.1" 200 331
181.131.245.5 - - [04/Jul/2024:06:43:30 -0500] "GET /catalogoisis/Js/CriterioCombinada.js HTTP/1.1" 200 1843
181.131.245.5 - - [04/Jul/2024:06:43:30 -0500] "GET /catalogoisis/Js/Cookies.js HTTP/1.1" 200 1369
181.131.245.5 - - [04/Jul/2024:06:43:30 -0500] "GET /catalogoisis/Js/LimpiarCombinada.js HTTP/1.1" 200 207
181.131.245.5 - - [04/Jul/2024:06:43:30 -0500] "GET /catalogoisis/Js/Go.js HTTP/1.1" 200 364
181.131.245.5 - - [04/Jul/2024:06:43:30 -0500] "GET /catalogoisis/Js/Remote.js HTTP/1.1" 200 436
181.131.245.5 - - [04/Jul/2024:06:43:30 -0500] "GET /catalogoisis/Js/Numero.js HTTP/1.1" 200 398
181.131.245.5 - - [04/Jul/2024:06:43:30 -0500] "GET /catalogoisis/Js/Enter.js HTTP/1.1" 200 1208
181.131.245.5 - - [04/Jul/2024:06:43:30 -0500] "GET /catalogoisis/imagenes/br1c1.gif HTTP/1.1" 200 172
181.131.245.5 - - [04/Jul/2024:06:43:30 -0500] "GET /catalogoisis/imagenes/Turnbo1.gif HTTP/1.1" 200 227
181.131.245.5 - - [04/Jul/2024:06:43:30 -0500] "GET /catalogoisis/imagenes/limpiar1.gif HTTP/1.1" 200 606
181.131.245.5 - - [04/Jul/2024:06:43:30 -0500] "GET /catalogoisis/imagenes/br3c1.gif HTTP/1.1" 200 177
181.131.245.5 - - [04/Jul/2024:06:43:30 -0500] "GET /catalogoisis/imagenes/aceptar1.gif HTTP/1.1" 200 604
181.131.245.5 - - [04/Jul/2024:06:43:30 -0500] "GET /catalogoisis/imagenes/br1c3.gif HTTP/1.1" 200 302
181.131.245.5 - - [04/Jul/2024:06:43:30 -0500] "GET /catalogoisis/imagenes/br3c3.gif HTTP/1.1" 200 186
181.131.245.5 - - [04/Jul/2024:06:43:30 -0500] "GET /catalogoisis/imagenes/br2c3.gif HTTP/1.1" 200 416
181.131.245.5 - - [04/Jul/2024:06:43:30 -0500] "GET /catalogoisis/imagenes/br2c2.gif HTTP/1.1" 200 302
181.131.245.5 - - [04/Jul/2024:06:43:30 -0500] "GET /catalogoisis/imagenes/br1c2.gif HTTP/1.1" 200 297
181.131.245.5 - - [04/Jul/2024:06:43:30 -0500] "GET /catalogoisis/imagenes/br2c1.gif HTTP/1.1" 200 297
181.131.245.5 - - [04/Jul/2024:06:43:30 -0500] "GET /catalogoisis/imagenes/br3c2.gif HTTP/1.1" 200 285
181.131.245.5 - - [04/Jul/2024:06:43:30 -0500] "GET /catalogoisis/imagenes/Header.gif HTTP/1.1" 200 27040
181.131.245.5 - - [04/Jul/2024:06:43:30 -0500] "GET /favicon.ico HTTP/1.1" 200 7782
201.245.192.253 - - [04/Jul/2024:06:43:30 -0500] "GET /kwsrmcab/Wsrmcab?wsdl HTTP/1.1" 200 6948
47.128.31.123 - - [04/Jul/2024:06:43:35 -0500] "GET /BLA/resoluciones/AUTOS%202021/server_privileges.php%27%20%20%20%20%20%20%20%20.%20PMA_URL_getCommon(array(%27adduser%27%20=%3E%201))%20%20%20%20%20%20%20%20.%20%27 HTTP/1.1" 403 1006
47.128.21.205 - - [04/Jul/2024:06:43:37 -0500] "GET /BLA/resoluciones/AUTOS%202021/0245.php?act=img&img=ext_diz HTTP/1.1" 200 1027
47.128.21.205 - - [04/Jul/2024:06:43:37 -0500] "GET /BLA/resoluciones/AUTOS%202021/0245.php?act=img&img=ext_csv HTTP/1.1" 200 1034
47.128.21.205 - - [04/Jul/2024:06:43:37 -0500] "GET /BLA/resoluciones/AUTOS%202021/0245.php?act=img&img=ext_txt HTTP/1.1" 200 132
47.128.21.205 - - [04/Jul/2024:06:43:37 -0500] "GET /BLA/resoluciones/AUTOS%202021/0245.php?act=img&img=ext_exe HTTP/1.1" 200 118
47.128.21.205 - - [04/Jul/2024:06:43:37 -0500] "GET /BLA/resoluciones/AUTOS%202021/0245.php?act=img&img=ext_gif HTTP/1.1" 200 175
47.128.21.205 - - [04/Jul/2024:06:43:37 -0500] "GET /BLA/resoluciones/AUTOS%202021/0245.php?act=img&img=ext_html HTTP/1.1" 200 230
47.128.21.205 - - [04/Jul/2024:06:43:37 -0500] "GET /BLA/resoluciones/AUTOS%202021/0245.php?act=img&img=change HTTP/1.1" 200 290
47.128.21.205 - - [04/Jul/2024:06:43:37 -0500] "GET /BLA/resoluciones/AUTOS%202021/0245.php?act=img&img=download HTTP/1.1" 200 161
47.128.21.205 - - [04/Jul/2024:06:43:37 -0500] "GET /BLA/resoluciones/AUTOS%202021/0245.php?act=img&img=ext_ini HTTP/1.1" 200 134
47.128.21.205 - - [04/Jul/2024:06:43:38 -0500] "GET /BLA/resoluciones/AUTOS%202021/0245.php?act=img&img=ext_rtf HTTP/1.1" 200 164
191.108.42.145 - - [04/Jul/2024:06:43:39 -0500] "POST /sipse/faces/presentacion/financiero/solicitudProceso/listarSolicitudProceso.xhtml HTTP/1.1" 200 16753
47.128.21.205 - - [04/Jul/2024:06:43:35 -0500] "GET /BLA/resoluciones/AUTOS%202021/0245.php?act=f&d=C%3A%5CUsers%5CAdministrator%5CDownloads&f=resoluciones%286%29.csv&ft=edit HTTP/1.1" 200 1630129
191.108.42.145 - - [04/Jul/2024:06:43:47 -0500] "POST /sipse/faces/presentacion/financiero/solicitudProceso/listarSolicitudProceso.xhtml HTTP/1.1" 200 40454
191.108.42.145 - - [04/Jul/2024:06:43:50 -0500] "POST /sipse/faces/presentacion/financiero/solicitudProceso/listarSolicitudProceso.xhtml HTTP/1.1" 200 39304
191.108.42.145 - - [04/Jul/2024:06:43:53 -0500] "POST /sipse/faces/presentacion/financiero/solicitudProceso/listarSolicitudProceso.xhtml HTTP/1.1" 200 28385
216.244.66.195 - - [04/Jul/2024:06:44:03 -0500] "GET /BLA/resoluciones/RESOLUCIONES%202019/2768.pdf HTTP/1.1" 200 350217
47.128.122.101 - - [04/Jul/2024:06:44:08 -0500] "GET /BLA/resoluciones/AUTOS%202021/0245.php?act=f&d=E%3A%5Cnuevo%5CphpMyAdmin2%5Clibraries%5CbfShapeFiles%5C&f=ShapeFile.lib.php&ft=download HTTP/1.1" 200 20127
201.245.192.253 - - [04/Jul/2024:06:44:12 -0500] "POST /forms/lservlet;jsessionid=ac16012b30d6716d42d0eef24d9cbe79d3fe11a80187.e3iSbxaKaheRe34OahmPbx4Oa3z0n6jAmljGr5XDqQLvpAe HTTP/1.1" 200 2
201.245.192.253 - - [04/Jul/2024:06:44:22 -0500] "POST /kwsrmcab/Wsrmcab  HTTP/1.1" 200 38712
192.178.6.5 - - [04/Jul/2024:06:44:30 -0500] "GET /BLA/resoluciones/RESOLUCIONES%202021/5035.pdf HTTP/1.1" 304 -
201.245.192.253 - - [04/Jul/2024:06:44:30 -0500] "GET /kwsrmcab/Wsrmcab?wsdl HTTP/1.1" 200 6948
192.178.6.6 - - [04/Jul/2024:06:44:36 -0500] "GET /BLA/resoluciones/RESOLUCIONES%202009/8485.pdf HTTP/1.1" 200 3387527
191.108.42.145 - - [04/Jul/2024:06:44:40 -0500] "POST /sipse/faces/presentacion/financiero/solicitudProceso/listarSolicitudProceso.xhtml HTTP/1.1" 200 59033
191.108.42.145 - - [04/Jul/2024:06:44:41 -0500] "GET /sipse/faces/javax.faces.resource/theme.css?ln=primefaces-sipse HTTP/1.1" 304 -
191.108.42.145 - - [04/Jul/2024:06:44:41 -0500] "GET /sipse/faces/javax.faces.resource/primefaces.css?ln=primefaces&v=4.0 HTTP/1.1" 304 -
191.108.42.145 - - [04/Jul/2024:06:44:41 -0500] "GET /sipse/faces/javax.faces.resource/layout/layout.css?ln=primefaces&v=4.0 HTTP/1.1" 304 -
191.108.42.145 - - [04/Jul/2024:06:44:41 -0500] "GET /sipse/faces/javax.faces.resource/jquery/jquery.js?ln=primefaces&v=4.0 HTTP/1.1" 304 -
191.108.42.145 - - [04/Jul/2024:06:44:41 -0500] "GET /sipse/faces/javax.faces.resource/jquery/jquery-plugins.js?ln=primefaces&v=4.0 HTTP/1.1" 304 -
191.108.42.145 - - [04/Jul/2024:06:44:41 -0500] "GET /sipse/faces/javax.faces.resource/primefaces.js?ln=primefaces&v=4.0 HTTP/1.1" 304 -
191.108.42.145 - - [04/Jul/2024:06:44:41 -0500] "GET /sipse/faces/javax.faces.resource/layout/layout.js?ln=primefaces&v=4.0 HTTP/1.1" 304 -
216.244.66.195 - - [04/Jul/2024:06:44:47 -0500] "GET /BLA/resoluciones/RESOLUCIONES%202019/2838.pdf HTTP/1.1" 200 556426
191.108.42.145 - - [04/Jul/2024:06:44:48 -0500] "POST /sipse/faces/presentacion/financiero/solicitudProceso/crearModificarSolicitudProceso.xhtml HTTP/1.1" 200 51780
191.108.42.145 - - [04/Jul/2024:06:44:53 -0500] "POST /sipse/faces/presentacion/financiero/solicitudProceso/crearModificarSolicitudProceso.xhtml HTTP/1.1" 200 25133
191.108.42.145 - - [04/Jul/2024:06:45:25 -0500] "POST /sipse/faces/presentacion/financiero/solicitudProceso/crearModificarSolicitudProceso.xhtml HTTP/1.1" 200 6295
201.245.192.253 - - [04/Jul/2024:06:45:30 -0500] "GET /kwsrmcab/Wsrmcab?wsdl HTTP/1.1" 200 6948
191.108.42.145 - - [04/Jul/2024:06:45:32 -0500] "POST /sipse/faces/presentacion/financiero/solicitudProceso/crearModificarSolicitudProceso.xhtml HTTP/1.1" 200 9536
216.244.66.195 - - [04/Jul/2024:06:45:38 -0500] "GET /BLA/resoluciones/RESOLUCIONES%202019/3372.pdf HTTP/1.1" 200 707306
191.108.42.145 - - [04/Jul/2024:06:45:42 -0500] "POST /sipse/faces/presentacion/financiero/solicitudProceso/crearModificarSolicitudProceso.xhtml HTTP/1.1" 200 7338
191.108.42.145 - - [04/Jul/2024:06:45:49 -0500] "POST /sipse/faces/presentacion/financiero/solicitudProceso/crearModificarSolicitudProceso.xhtml HTTP/1.1" 200 24603
191.108.42.145 - - [04/Jul/2024:06:45:49 -0500] "GET /sipse/faces/javax.faces.resource/theme.css?ln=primefaces-sipse HTTP/1.1" 304 -
191.108.42.145 - - [04/Jul/2024:06:45:49 -0500] "GET /sipse/faces/javax.faces.resource/primefaces.css?ln=primefaces&v=4.0 HTTP/1.1" 304 -
191.108.42.145 - - [04/Jul/2024:06:45:49 -0500] "GET /sipse/faces/javax.faces.resource/layout/layout.js?ln=primefaces&v=4.0 HTTP/1.1" 304 -
191.108.42.145 - - [04/Jul/2024:06:45:49 -0500] "GET /sipse/faces/javax.faces.resource/jquery/jquery-plugins.js?ln=primefaces&v=4.0 HTTP/1.1" 304 -
191.108.42.145 - - [04/Jul/2024:06:45:49 -0500] "GET /sipse/faces/javax.faces.resource/jquery/jquery.js?ln=primefaces&v=4.0 HTTP/1.1" 304 -
191.108.42.145 - - [04/Jul/2024:06:45:49 -0500] "GET /sipse/faces/javax.faces.resource/primefaces.js?ln=primefaces&v=4.0 HTTP/1.1" 304 -
191.108.42.145 - - [04/Jul/2024:06:45:49 -0500] "GET /sipse/faces/javax.faces.resource/layout/layout.css?ln=primefaces&v=4.0 HTTP/1.1" 304 -
191.108.42.145 - - [04/Jul/2024:06:45:53 -0500] "POST /sipse/faces/presentacion/financiero/solicitudProyectoActividad/asociarProyectoSolicitud.xhtml HTTP/1.1" 200 6743
191.108.42.145 - - [04/Jul/2024:06:45:54 -0500] "POST /sipse/faces/presentacion/financiero/solicitudProyectoActividad/asociarProyectoSolicitud.xhtml HTTP/1.1" 200 1700
191.108.42.145 - - [04/Jul/2024:06:45:54 -0500] "POST /sipse/faces/presentacion/financiero/solicitudProyectoActividad/asociarProyectoSolicitud.xhtml HTTP/1.1" 200 76758
191.108.42.145 - - [04/Jul/2024:06:45:55 -0500] "GET /sipse/faces/javax.faces.resource/theme.css?ln=primefaces-sipse HTTP/1.1" 304 -
191.108.42.145 - - [04/Jul/2024:06:45:55 -0500] "GET /sipse/faces/javax.faces.resource/primefaces.css?ln=primefaces&v=4.0 HTTP/1.1" 304 -
191.108.42.145 - - [04/Jul/2024:06:45:55 -0500] "GET /sipse/faces/javax.faces.resource/layout/layout.css?ln=primefaces&v=4.0 HTTP/1.1" 304 -
191.108.42.145 - - [04/Jul/2024:06:45:55 -0500] "GET /sipse/faces/javax.faces.resource/jquery/jquery.js?ln=primefaces&v=4.0 HTTP/1.1" 304 -
191.108.42.145 - - [04/Jul/2024:06:45:55 -0500] "GET /sipse/faces/javax.faces.resource/jquery/jquery-plugins.js?ln=primefaces&v=4.0 HTTP/1.1" 304 -
191.108.42.145 - - [04/Jul/2024:06:45:55 -0500] "GET /sipse/faces/javax.faces.resource/primefaces.js?ln=primefaces&v=4.0 HTTP/1.1" 304 -
191.108.42.145 - - [04/Jul/2024:06:45:55 -0500] "GET /sipse/faces/javax.faces.resource/layout/layout.js?ln=primefaces&v=4.0 HTTP/1.1" 304 -
191.108.42.145 - - [04/Jul/2024:06:45:58 -0500] "POST /sipse/faces/presentacion/financiero/solicitudProyectoActividad/asociarActividadSolicitud.xhtml HTTP/1.1" 200 61515
191.108.42.145 - - [04/Jul/2024:06:46:07 -0500] "POST /sipse/faces/presentacion/financiero/solicitudProyectoActividad/asociarActividadSolicitud.xhtml HTTP/1.1" 200 20077
191.108.42.145 - - [04/Jul/2024:06:46:07 -0500] "GET /sipse/faces/javax.faces.resource/primefaces.css?ln=primefaces&v=4.0 HTTP/1.1" 304 -
191.108.42.145 - - [04/Jul/2024:06:46:07 -0500] "GET /sipse/faces/javax.faces.resource/theme.css?ln=primefaces-sipse HTTP/1.1" 304 -
191.108.42.145 - - [04/Jul/2024:06:46:07 -0500] "GET /sipse/faces/javax.faces.resource/layout/layout.css?ln=primefaces&v=4.0 HTTP/1.1" 304 -
191.108.42.145 - - [04/Jul/2024:06:46:07 -0500] "GET /sipse/faces/javax.faces.resource/jquery/jquery.js?ln=primefaces&v=4.0 HTTP/1.1" 304 -
191.108.42.145 - - [04/Jul/2024:06:46:07 -0500] "GET /sipse/faces/javax.faces.resource/jquery/jquery-plugins.js?ln=primefaces&v=4.0 HTTP/1.1" 304 -
191.108.42.145 - - [04/Jul/2024:06:46:07 -0500] "GET /sipse/faces/javax.faces.resource/primefaces.js?ln=primefaces&v=4.0 HTTP/1.1" 304 -
191.108.42.145 - - [04/Jul/2024:06:46:07 -0500] "GET /sipse/faces/javax.faces.resource/layout/layout.js?ln=primefaces&v=4.0 HTTP/1.1" 304 -
201.245.192.253 - - [04/Jul/2024:06:46:12 -0500] "POST /forms/lservlet;jsessionid=ac16012b30d6716d42d0eef24d9cbe79d3fe11a80187.e3iSbxaKaheRe34OahmPbx4Oa3z0n6jAmljGr5XDqQLvpAe HTTP/1.1" 200 2
191.108.42.145 - - [04/Jul/2024:06:46:13 -0500] "POST /sipse/faces/presentacion/financiero/solicitudProyectoActividad/asociarFuentesSolicitud.xhtml HTTP/1.1" 200 82316
191.108.42.145 - - [04/Jul/2024:06:46:13 -0500] "GET /sipse/faces/javax.faces.resource/layout/layout.css?ln=primefaces&v=4.0 HTTP/1.1" 304 -
191.108.42.145 - - [04/Jul/2024:06:46:13 -0500] "GET /sipse/faces/javax.faces.resource/primefaces.css?ln=primefaces&v=4.0 HTTP/1.1" 304 -
191.108.42.145 - - [04/Jul/2024:06:46:13 -0500] "GET /sipse/faces/javax.faces.resource/jquery/jquery-plugins.js?ln=primefaces&v=4.0 HTTP/1.1" 304 -
191.108.42.145 - - [04/Jul/2024:06:46:13 -0500] "GET /sipse/faces/javax.faces.resource/layout/layout.js?ln=primefaces&v=4.0 HTTP/1.1" 304 -
191.108.42.145 - - [04/Jul/2024:06:46:13 -0500] "GET /sipse/faces/javax.faces.resource/primefaces.js?ln=primefaces&v=4.0 HTTP/1.1" 304 -
191.108.42.145 - - [04/Jul/2024:06:46:13 -0500] "GET /sipse/faces/javax.faces.resource/theme.css?ln=primefaces-sipse HTTP/1.1" 304 -
191.108.42.145 - - [04/Jul/2024:06:46:13 -0500] "GET /sipse/faces/javax.faces.resource/jquery/jquery.js?ln=primefaces&v=4.0 HTTP/1.1" 304 -
216.244.66.195 - - [04/Jul/2024:06:46:28 -0500] "GET /BLA/resoluciones/RESOLUCIONES%202019/3498.pdf HTTP/1.1" 200 346587
201.245.192.253 - - [04/Jul/2024:06:46:30 -0500] "GET /kwsrmcab/Wsrmcab?wsdl HTTP/1.1" 200 6948
191.108.42.145 - - [04/Jul/2024:06:46:43 -0500] "GET /sipse/faces/javax.faces.resource/layout/layout.css?ln=primefaces&v=4.0 HTTP/1.1" 304 -
191.108.42.145 - - [04/Jul/2024:06:46:43 -0500] "GET /sipse/faces/javax.faces.resource/theme.css?ln=primefaces-sipse HTTP/1.1" 304 -
191.108.42.145 - - [04/Jul/2024:06:46:43 -0500] "GET /sipse/faces/javax.faces.resource/jquery/jquery-plugins.js?ln=primefaces&v=4.0 HTTP/1.1" 304 -
191.108.42.145 - - [04/Jul/2024:06:46:43 -0500] "GET /sipse/faces/javax.faces.resource/primefaces.css?ln=primefaces&v=4.0 HTTP/1.1" 304 -
191.108.42.145 - - [04/Jul/2024:06:46:17 -0500] "POST /sipse/faces/presentacion/financiero/solicitudProceso/crearModificarSolicitudProceso.xhtml HTTP/1.1" 200 45540
191.108.42.145 - - [04/Jul/2024:06:46:43 -0500] "GET /sipse/faces/javax.faces.resource/jquery/jquery.js?ln=primefaces&v=4.0 HTTP/1.1" 304 -
191.108.42.145 - - [04/Jul/2024:06:46:43 -0500] "GET /sipse/faces/javax.faces.resource/primefaces.js?ln=primefaces&v=4.0 HTTP/1.1" 304 -
191.108.42.145 - - [04/Jul/2024:06:46:43 -0500] "GET /sipse/faces/javax.faces.resource/layout/layout.js?ln=primefaces&v=4.0 HTTP/1.1" 304 -
152.61.192.232 - - [04/Jul/2024:06:46:52 -0500] "GET /arcgis/services/Calidad_del_Agua_WQI/MapServer/WMSServer?REQUEST=GetCapabilities&SERVICE=WMS HTTP/1.1" 503 1020
152.61.192.232 - - [04/Jul/2024:06:46:53 -0500] "GET /arcgis/services/Calidad_del_Agua_WQI/MapServer/WMSServer?SERVICE=WMS&REQUEST=GetCapabilities HTTP/1.1" 503 1020
152.61.192.232 - - [04/Jul/2024:06:46:53 -0500] "GET /arcgis/services/Calidad_del_Agua_WQI/MapServer/WMSServer?WMTVER=1.0.0&REQUEST=capabilities HTTP/1.1" 503 1020
216.244.66.195 - - [04/Jul/2024:06:47:12 -0500] "GET /BLA/resoluciones/RESOLUCIONES%202019/3566.pdf HTTP/1.1" 200 470290
216.245.221.92 - - [04/Jul/2024:06:47:13 -0500] "HEAD / HTTP/1.1" 200 -
201.245.192.253 - - [04/Jul/2024:06:47:30 -0500] "GET /kwsrmcab/Wsrmcab?wsdl HTTP/1.1" 200 6948
191.108.42.145 - - [04/Jul/2024:06:47:26 -0500] "POST /sipse/faces/presentacion/financiero/solicitudBienServicio/asociarBienServicioSolicitud.xhtml HTTP/1.1" 200 2720
216.244.66.195 - - [04/Jul/2024:06:48:02 -0500] "GET /BLA/resoluciones/RESOLUCIONES%202019/3632.pdf HTTP/1.1" 200 794871
172.22.2.4 - - [04/Jul/2024:06:46:32 -0500] "HEAD /BLA/boletinlegal/ HTTP/1.1" 200 -
201.245.192.253 - - [04/Jul/2024:06:48:12 -0500] "POST /forms/lservlet;jsessionid=ac16012b30d6716d42d0eef24d9cbe79d3fe11a80187.e3iSbxaKaheRe34OahmPbx4Oa3z0n6jAmljGr5XDqQLvpAe HTTP/1.1" 200 2
201.245.192.253 - - [04/Jul/2024:06:48:30 -0500] "GET /kwsrmcab/Wsrmcab?wsdl HTTP/1.1" 200 6948
192.178.6.7 - - [04/Jul/2024:06:48:31 -0500] "GET /BLA/resoluciones/RESOLUCIONES%202008/1740.pdf HTTP/1.1" 200 374771
216.244.66.195 - - [04/Jul/2024:06:48:52 -0500] "GET /BLA/resoluciones/RESOLUCIONES%202019/3808.pdf HTTP/1.1" 200 954142
172.22.2.4 - - [04/Jul/2024:06:47:23 -0500] "GET /BLA/boletinlegal/ HTTP/1.1" 200 56191
191.108.42.145 - - [04/Jul/2024:06:49:05 -0500] "POST /sipse/faces/presentacion/financiero/solicitudBienServicio/asociarBienServicioSolicitud.xhtml HTTP/1.1" 200 78088
191.108.42.145 - - [04/Jul/2024:06:49:05 -0500] "GET /sipse/faces/javax.faces.resource/theme.css?ln=primefaces-sipse HTTP/1.1" 304 -
191.108.42.145 - - [04/Jul/2024:06:49:05 -0500] "GET /sipse/faces/javax.faces.resource/layout/layout.css?ln=primefaces&v=4.0 HTTP/1.1" 304 -
191.108.42.145 - - [04/Jul/2024:06:49:05 -0500] "GET /sipse/faces/javax.faces.resource/primefaces.css?ln=primefaces&v=4.0 HTTP/1.1" 304 -
191.108.42.145 - - [04/Jul/2024:06:49:05 -0500] "GET /sipse/faces/javax.faces.resource/jquery/jquery.js?ln=primefaces&v=4.0 HTTP/1.1" 304 -
191.108.42.145 - - [04/Jul/2024:06:49:05 -0500] "GET /sipse/faces/javax.faces.resource/jquery/jquery-plugins.js?ln=primefaces&v=4.0 HTTP/1.1" 304 -
191.108.42.145 - - [04/Jul/2024:06:49:05 -0500] "GET /sipse/faces/javax.faces.resource/primefaces.js?ln=primefaces&v=4.0 HTTP/1.1" 304 -
191.108.42.145 - - [04/Jul/2024:06:49:05 -0500] "GET /sipse/faces/javax.faces.resource/layout/layout.js?ln=primefaces&v=4.0 HTTP/1.1" 304 -
191.108.42.145 - - [04/Jul/2024:06:49:07 -0500] "POST /sipse/faces/presentacion/financiero/solicitudProceso/crearModificarSolicitudProceso.xhtml HTTP/1.1" 200 64404
191.108.42.145 - - [04/Jul/2024:06:49:12 -0500] "GET /sipse/faces/javax.faces.resource/theme.css?ln=primefaces-sipse HTTP/1.1" 304 -
191.108.42.145 - - [04/Jul/2024:06:49:12 -0500] "GET /sipse/faces/javax.faces.resource/jquery/jquery.js?ln=primefaces&v=4.0 HTTP/1.1" 304 -
191.108.42.145 - - [04/Jul/2024:06:49:12 -0500] "GET /sipse/faces/javax.faces.resource/jquery/jquery-plugins.js?ln=primefaces&v=4.0 HTTP/1.1" 304 -
191.108.42.145 - - [04/Jul/2024:06:49:12 -0500] "GET /sipse/faces/javax.faces.resource/primefaces.css?ln=primefaces&v=4.0 HTTP/1.1" 304 -
191.108.42.145 - - [04/Jul/2024:06:49:12 -0500] "GET /sipse/faces/javax.faces.resource/layout/layout.css?ln=primefaces&v=4.0 HTTP/1.1" 304 -
191.108.42.145 - - [04/Jul/2024:06:49:12 -0500] "GET /sipse/faces/javax.faces.resource/primefaces.js?ln=primefaces&v=4.0 HTTP/1.1" 304 -
191.108.42.145 - - [04/Jul/2024:06:49:12 -0500] "GET /sipse/faces/javax.faces.resource/layout/layout.js?ln=primefaces&v=4.0 HTTP/1.1" 304 -
191.108.42.145 - - [04/Jul/2024:06:49:12 -0500] "POST /sipse/faces/presentacion/financiero/solicitudProceso/listarSolicitudProceso.xhtml HTTP/1.1" 200 1556
201.245.192.253 - - [04/Jul/2024:06:49:20 -0500] "POST /kwsrmcab/Wsrmcab  HTTP/1.1" 200 38712
191.108.42.145 - - [04/Jul/2024:06:49:29 -0500] "POST /sipse/faces/presentacion/financiero/solicitudProceso/listarSolicitudProceso.xhtml HTTP/1.1" 200 40126
201.245.192.253 - - [04/Jul/2024:06:49:30 -0500] "GET /kwsrmcab/Wsrmcab?wsdl HTTP/1.1" 200 6948
191.108.42.145 - - [04/Jul/2024:06:49:32 -0500] "POST /sipse/faces/presentacion/financiero/solicitudProceso/listarSolicitudProceso.xhtml HTTP/1.1" 200 39304
191.108.42.145 - - [04/Jul/2024:06:49:33 -0500] "POST /sipse/faces/presentacion/financiero/solicitudProceso/listarSolicitudProceso.xhtml HTTP/1.1" 200 31332
192.178.6.7 - - [04/Jul/2024:06:49:34 -0500] "GET /BLA/resoluciones/AUTOS%202018/4934.pdf HTTP/1.1" 200 311714
192.178.6.6 - - [04/Jul/2024:06:49:35 -0500] "GET /BLA/resoluciones/AUTOS%202018/2713.pdf HTTP/1.1" 304 -
216.244.66.195 - - [04/Jul/2024:06:49:38 -0500] "GET /BLA/resoluciones/RESOLUCIONES%202001/RESOLUCION%20940%20DE%202001.pdf HTTP/1.1" 200 79907
216.244.66.195 - - [04/Jul/2024:06:50:09 -0500] "GET /BLA/resoluciones/AUTOS%202007/0002.pdf HTTP/1.1" 200 164979
192.178.6.5 - - [04/Jul/2024:06:50:11 -0500] "GET /BLA/resoluciones/RESOLUCIONES%202010/0621.pdf HTTP/1.1" 200 509558
201.245.192.253 - - [04/Jul/2024:06:50:12 -0500] "POST /forms/lservlet;jsessionid=ac16012b30d6716d42d0eef24d9cbe79d3fe11a80187.e3iSbxaKaheRe34OahmPbx4Oa3z0n6jAmljGr5XDqQLvpAe HTTP/1.1" 200 2
191.108.42.145 - - [04/Jul/2024:06:50:12 -0500] "POST /sipse/faces/presentacion/financiero/solicitudProceso/listarSolicitudProceso.xhtml HTTP/1.1" 200 59033
191.108.42.145 - - [04/Jul/2024:06:50:12 -0500] "GET /sipse/faces/javax.faces.resource/theme.css?ln=primefaces-sipse HTTP/1.1" 304 -
191.108.42.145 - - [04/Jul/2024:06:50:12 -0500] "GET /sipse/faces/javax.faces.resource/primefaces.css?ln=primefaces&v=4.0 HTTP/1.1" 304 -
191.108.42.145 - - [04/Jul/2024:06:50:12 -0500] "GET /sipse/faces/javax.faces.resource/layout/layout.css?ln=primefaces&v=4.0 HTTP/1.1" 304 -
191.108.42.145 - - [04/Jul/2024:06:50:12 -0500] "GET /sipse/faces/javax.faces.resource/jquery/jquery.js?ln=primefaces&v=4.0 HTTP/1.1" 304 -
191.108.42.145 - - [04/Jul/2024:06:50:12 -0500] "GET /sipse/faces/javax.faces.resource/jquery/jquery-plugins.js?ln=primefaces&v=4.0 HTTP/1.1" 304 -
191.108.42.145 - - [04/Jul/2024:06:50:12 -0500] "GET /sipse/faces/javax.faces.resource/primefaces.js?ln=primefaces&v=4.0 HTTP/1.1" 304 -
191.108.42.145 - - [04/Jul/2024:06:50:12 -0500] "GET /sipse/faces/javax.faces.resource/layout/layout.js?ln=primefaces&v=4.0 HTTP/1.1" 304 -
172.22.2.4 - - [04/Jul/2024:06:50:16 -0500] "GET /BLA/boletinlegal/actos.php HTTP/1.1" 200 9738
172.22.2.4 - - [04/Jul/2024:06:50:16 -0500] "GET /BLA/boletinlegal/favicon.ico HTTP/1.1" 404 1326
191.108.42.145 - - [04/Jul/2024:06:50:16 -0500] "POST /sipse/faces/presentacion/financiero/solicitudProceso/crearModificarSolicitudProceso.xhtml HTTP/1.1" 200 51780
186.86.32.163 - - [04/Jul/2024:06:50:18 -0500] "GET /BLA/resoluciones/ HTTP/1.1" 200 14105
191.108.42.145 - - [04/Jul/2024:06:50:19 -0500] "POST /sipse/faces/presentacion/financiero/solicitudProceso/crearModificarSolicitudProceso.xhtml HTTP/1.1" 200 25133
47.128.24.44 - - [04/Jul/2024:06:50:21 -0500] "GET /BLA/resoluciones/AUTOS%202021/0245.php?act=img&img=ext_csv HTTP/1.1" 200 1034
47.128.24.44 - - [04/Jul/2024:06:50:21 -0500] "GET /BLA/resoluciones/AUTOS%202021/0245.php?act=img&img=ext_diz HTTP/1.1" 200 1027
47.128.24.44 - - [04/Jul/2024:06:50:21 -0500] "GET /BLA/resoluciones/AUTOS%202021/0245.php?act=img&img=ext_txt HTTP/1.1" 200 132
47.128.24.44 - - [04/Jul/2024:06:50:21 -0500] "GET /BLA/resoluciones/AUTOS%202021/0245.php?act=img&img=ext_gif HTTP/1.1" 200 175
47.128.24.44 - - [04/Jul/2024:06:50:21 -0500] "GET /BLA/resoluciones/AUTOS%202021/0245.php?act=img&img=ext_html HTTP/1.1" 200 230
47.128.24.44 - - [04/Jul/2024:06:50:21 -0500] "GET /BLA/resoluciones/AUTOS%202021/0245.php?act=img&img=ext_exe HTTP/1.1" 200 118
47.128.24.44 - - [04/Jul/2024:06:50:21 -0500] "GET /BLA/resoluciones/AUTOS%202021/0245.php?act=img&img=ext_ini HTTP/1.1" 200 134
47.128.24.44 - - [04/Jul/2024:06:50:21 -0500] "GET /BLA/resoluciones/AUTOS%202021/0245.php?act=img&img=ext_rtf HTTP/1.1" 200 164
47.128.24.44 - - [04/Jul/2024:06:50:21 -0500] "GET /BLA/resoluciones/AUTOS%202021/0245.php?act=img&img=change HTTP/1.1" 200 290
47.128.24.44 - - [04/Jul/2024:06:50:21 -0500] "GET /BLA/resoluciones/AUTOS%202021/0245.php?act=img&img=download HTTP/1.1" 200 161
47.128.24.44 - - [04/Jul/2024:06:50:19 -0500] "GET /BLA/resoluciones/AUTOS%202021/0245.php?act=f&d=C%3A%5CUsers%5CAdministrator%5CDownloads&f=resoluciones%284%29.csv&ft=edit HTTP/1.1" 200 1611786
186.86.32.163 - - [04/Jul/2024:06:50:27 -0500] "GET /BLA/resoluciones/index.php?dir=AUTOS+2014%2F HTTP/1.1" 200 892005
201.245.192.253 - - [04/Jul/2024:06:50:30 -0500] "GET /kwsrmcab/Wsrmcab?wsdl HTTP/1.1" 200 6948
47.128.61.80 - - [04/Jul/2024:06:50:34 -0500] "GET /BLA/resoluciones/AUTOS%202021/0245.php?act=f&f=3156.pdf HTTP/1.1" 200 2739
216.244.66.195 - - [04/Jul/2024:06:50:38 -0500] "GET /BLA/resoluciones/AUTOS%202007/0075.pdf HTTP/1.1" 200 113553
47.128.24.44 - - [04/Jul/2024:06:50:51 -0500] "GET /BLA/resoluciones/AUTOS%202021/0245.php?act=img&img=ext_diz HTTP/1.1" 200 1027
47.128.24.44 - - [04/Jul/2024:06:50:51 -0500] "GET /BLA/resoluciones/AUTOS%202021/0245.php?act=img&img=ext_csv HTTP/1.1" 200 1034
47.128.24.44 - - [04/Jul/2024:06:50:51 -0500] "GET /BLA/resoluciones/AUTOS%202021/0245.php?act=img&img=ext_txt HTTP/1.1" 200 132
47.128.24.44 - - [04/Jul/2024:06:50:51 -0500] "GET /BLA/resoluciones/AUTOS%202021/0245.php?act=img&img=ext_gif HTTP/1.1" 200 175
47.128.24.44 - - [04/Jul/2024:06:50:51 -0500] "GET /BLA/resoluciones/AUTOS%202021/0245.php?act=img&img=ext_html HTTP/1.1" 200 230
47.128.24.44 - - [04/Jul/2024:06:50:51 -0500] "GET /BLA/resoluciones/AUTOS%202021/0245.php?act=img&img=ext_exe HTTP/1.1" 200 118
47.128.24.44 - - [04/Jul/2024:06:50:51 -0500] "GET /BLA/resoluciones/AUTOS%202021/0245.php?act=img&img=change HTTP/1.1" 200 290
47.128.31.63 - - [04/Jul/2024:06:50:51 -0500] "GET /BLA/resoluciones/AUTOS%202021/0245.php?act=img&img=ext_csv HTTP/1.1" 200 1034
47.128.24.44 - - [04/Jul/2024:06:50:51 -0500] "GET /BLA/resoluciones/AUTOS%202021/0245.php?act=img&img=ext_rtf HTTP/1.1" 200 164
47.128.24.44 - - [04/Jul/2024:06:50:51 -0500] "GET /BLA/resoluciones/AUTOS%202021/0245.php?act=img&img=download HTTP/1.1" 200 161
47.128.24.44 - - [04/Jul/2024:06:50:51 -0500] "GET /BLA/resoluciones/AUTOS%202021/0245.php?act=img&img=ext_ini HTTP/1.1" 200 134
47.128.31.63 - - [04/Jul/2024:06:50:52 -0500] "GET /BLA/resoluciones/AUTOS%202021/0245.php?act=img&img=ext_diz HTTP/1.1" 200 1027
47.128.31.63 - - [04/Jul/2024:06:50:52 -0500] "GET /BLA/resoluciones/AUTOS%202021/0245.php?act=img&img=ext_txt HTTP/1.1" 200 132
47.128.31.63 - - [04/Jul/2024:06:50:52 -0500] "GET /BLA/resoluciones/AUTOS%202021/0245.php?act=img&img=ext_gif HTTP/1.1" 200 175
47.128.31.63 - - [04/Jul/2024:06:50:52 -0500] "GET /BLA/resoluciones/AUTOS%202021/0245.php?act=img&img=ext_html HTTP/1.1" 200 230
47.128.31.63 - - [04/Jul/2024:06:50:52 -0500] "GET /BLA/resoluciones/AUTOS%202021/0245.php?act=img&img=ext_exe HTTP/1.1" 200 118
47.128.31.63 - - [04/Jul/2024:06:50:52 -0500] "GET /BLA/resoluciones/AUTOS%202021/0245.php?act=img&img=ext_rtf HTTP/1.1" 200 164
47.128.31.63 - - [04/Jul/2024:06:50:52 -0500] "GET /BLA/resoluciones/AUTOS%202021/0245.php?act=img&img=change HTTP/1.1" 200 290
47.128.31.63 - - [04/Jul/2024:06:50:52 -0500] "GET /BLA/resoluciones/AUTOS%202021/0245.php?act=img&img=download HTTP/1.1" 200 161
47.128.31.63 - - [04/Jul/2024:06:50:52 -0500] "GET /BLA/resoluciones/AUTOS%202021/0245.php?act=img&img=ext_ini HTTP/1.1" 200 134
191.108.42.145 - - [04/Jul/2024:06:50:54 -0500] "POST /sipse/faces/presentacion/financiero/solicitudProceso/crearModificarSolicitudProceso.xhtml HTTP/1.1" 200 6295
47.128.24.44 - - [04/Jul/2024:06:50:49 -0500] "GET /BLA/resoluciones/AUTOS%202021/0245.php?act=f&d=C%3A%5CUsers%5CAdministrator%5CDownloads&f=resoluciones%284%29.csv&ft=edit HTTP/1.1" 200 1611786
47.128.31.63 - - [04/Jul/2024:06:50:49 -0500] "GET /BLA/resoluciones/AUTOS%202021/0245.php?act=f&d=C%3A%5CUsers%5CAdministrator%5CDownloads&f=autos%2810%29.csv&ft=edit HTTP/1.1" 200 1410442
191.108.42.145 - - [04/Jul/2024:06:50:58 -0500] "POST /sipse/faces/presentacion/financiero/solicitudProceso/crearModificarSolicitudProceso.xhtml HTTP/1.1" 200 6295
191.108.42.145 - - [04/Jul/2024:06:51:01 -0500] "POST /sipse/faces/presentacion/financiero/solicitudProceso/crearModificarSolicitudProceso.xhtml HTTP/1.1" 200 6295
216.244.66.195 - - [04/Jul/2024:06:51:09 -0500] "GET /BLA/resoluciones/RESOLUCIONES%202024/00766.pdf HTTP/1.1" 200 519448
47.128.61.93 - - [04/Jul/2024:06:51:04 -0500] "GET /BLA/resoluciones/AUTOS%202021/0245.php?act=f&d=C%3A%5CUsers%5CAdministrator%5CDownloads&f=resoluciones%289%29.csv&ft=edit HTTP/1.1" 200 1778326
47.128.31.242 - - [04/Jul/2024:06:51:20 -0500] "GET /BLA/resoluciones/AUTOS%202021/0245.php?act=f&d=E%3A%5Cnuevo%5Chtdocs%5Cautodeclaracion-22%5C&f=bannerdeclaracionmod.jpg&ft=download&white=1 HTTP/1.1" 200 88233
47.128.31.63 - - [04/Jul/2024:06:51:21 -0500] "GET /BLA/resoluciones/AUTOS%202021/0245.php?act=img&img=ext_csv HTTP/1.1" 200 1034
47.128.31.63 - - [04/Jul/2024:06:51:22 -0500] "GET /BLA/resoluciones/AUTOS%202021/0245.php?act=img&img=ext_diz HTTP/1.1" 200 1027
47.128.31.63 - - [04/Jul/2024:06:51:22 -0500] "GET /BLA/resoluciones/AUTOS%202021/0245.php?act=img&img=ext_html HTTP/1.1" 200 230
47.128.31.63 - - [04/Jul/2024:06:51:22 -0500] "GET /BLA/resoluciones/AUTOS%202021/0245.php?act=img&img=ext_exe HTTP/1.1" 200 118
47.128.31.63 - - [04/Jul/2024:06:51:22 -0500] "GET /BLA/resoluciones/AUTOS%202021/0245.php?act=img&img=ext_txt HTTP/1.1" 200 132
47.128.31.63 - - [04/Jul/2024:06:51:22 -0500] "GET /BLA/resoluciones/AUTOS%202021/0245.php?act=img&img=ext_gif HTTP/1.1" 200 175
47.128.31.63 - - [04/Jul/2024:06:51:22 -0500] "GET /BLA/resoluciones/AUTOS%202021/0245.php?act=img&img=ext_ini HTTP/1.1" 200 134
47.128.31.63 - - [04/Jul/2024:06:51:22 -0500] "GET /BLA/resoluciones/AUTOS%202021/0245.php?act=img&img=change HTTP/1.1" 200 290
47.128.31.63 - - [04/Jul/2024:06:51:22 -0500] "GET /BLA/resoluciones/AUTOS%202021/0245.php?act=img&img=ext_rtf HTTP/1.1" 200 164
47.128.31.63 - - [04/Jul/2024:06:51:22 -0500] "GET /BLA/resoluciones/AUTOS%202021/0245.php?act=img&img=download HTTP/1.1" 200 161
47.128.31.63 - - [04/Jul/2024:06:51:20 -0500] "GET /BLA/resoluciones/AUTOS%202021/0245.php?act=f&d=C%3A%5CUsers%5CAdministrator%5CDownloads&f=autos%2810%29.csv&ft=edit HTTP/1.1" 200 1410442
191.108.42.145 - - [04/Jul/2024:06:51:26 -0500] "POST /sipse/faces/presentacion/financiero/solicitudProceso/crearModificarSolicitudProceso.xhtml HTTP/1.1" 200 9540
201.245.192.253 - - [04/Jul/2024:06:51:30 -0500] "GET /kwsrmcab/Wsrmcab?wsdl HTTP/1.1" 200 6948
47.128.45.104 - - [04/Jul/2024:06:51:35 -0500] "GET /BLA/resoluciones/AUTOS%202021/0245.php?act=f&d=E%3A%5Cnuevo%5CphpMyAdmin2%5Clibraries%5Crte&f=rte_words.lib.php&ft=download HTTP/1.1" 200 2368
47.128.23.184 - - [04/Jul/2024:06:51:51 -0500] "GET /BLA/resoluciones/AUTOS%202021/%27%20%20%20%20%20.%20PMA_linkURL(%20%20%20%20%20%27https:/github.com/phpmyadmin/phpmyadmin/tree/%27%20%20%20%20%20.%20$GLOBALS[%27PMA_Config%27]-%3E%20%20%20get(%27PMA_VERSION_GIT_BRANCH%27)%20%20%20%20%20)%20%20%20%20%20.%20%27 HTTP/1.1" 403 1006
191.108.42.145 - - [04/Jul/2024:06:51:54 -0500] "POST /sipse/faces/presentacion/financiero/solicitudProceso/crearModificarSolicitudProceso.xhtml HTTP/1.1" 200 7342
191.108.42.145 - - [04/Jul/2024:06:52:00 -0500] "POST /sipse/faces/presentacion/financiero/solicitudProceso/crearModificarSolicitudProceso.xhtml HTTP/1.1" 200 24603
191.108.42.145 - - [04/Jul/2024:06:52:00 -0500] "GET /sipse/faces/javax.faces.resource/theme.css?ln=primefaces-sipse HTTP/1.1" 304 -
191.108.42.145 - - [04/Jul/2024:06:52:00 -0500] "GET /sipse/faces/javax.faces.resource/layout/layout.css?ln=primefaces&v=4.0 HTTP/1.1" 304 -
191.108.42.145 - - [04/Jul/2024:06:52:00 -0500] "GET /sipse/faces/javax.faces.resource/jquery/jquery.js?ln=primefaces&v=4.0 HTTP/1.1" 304 -
191.108.42.145 - - [04/Jul/2024:06:52:00 -0500] "GET /sipse/faces/javax.faces.resource/jquery/jquery-plugins.js?ln=primefaces&v=4.0 HTTP/1.1" 304 -
191.108.42.145 - - [04/Jul/2024:06:52:00 -0500] "GET /sipse/faces/javax.faces.resource/primefaces.js?ln=primefaces&v=4.0 HTTP/1.1" 304 -
191.108.42.145 - - [04/Jul/2024:06:52:00 -0500] "GET /sipse/faces/javax.faces.resource/layout/layout.js?ln=primefaces&v=4.0 HTTP/1.1" 304 -
191.108.42.145 - - [04/Jul/2024:06:52:00 -0500] "GET /sipse/faces/javax.faces.resource/primefaces.css?ln=primefaces&v=4.0 HTTP/1.1" 304 -
191.108.42.145 - - [04/Jul/2024:06:52:03 -0500] "POST /sipse/faces/presentacion/financiero/solicitudProyectoActividad/asociarProyectoSolicitud.xhtml HTTP/1.1" 200 6743
191.108.42.145 - - [04/Jul/2024:06:52:04 -0500] "POST /sipse/faces/presentacion/financiero/solicitudProyectoActividad/asociarProyectoSolicitud.xhtml HTTP/1.1" 200 1700
191.108.42.145 - - [04/Jul/2024:06:52:05 -0500] "POST /sipse/faces/presentacion/financiero/solicitudProyectoActividad/asociarProyectoSolicitud.xhtml HTTP/1.1" 200 76758
191.108.42.145 - - [04/Jul/2024:06:52:05 -0500] "GET /sipse/faces/javax.faces.resource/theme.css?ln=primefaces-sipse HTTP/1.1" 304 -
191.108.42.145 - - [04/Jul/2024:06:52:05 -0500] "GET /sipse/faces/javax.faces.resource/layout/layout.css?ln=primefaces&v=4.0 HTTP/1.1" 304 -
191.108.42.145 - - [04/Jul/2024:06:52:05 -0500] "GET /sipse/faces/javax.faces.resource/primefaces.css?ln=primefaces&v=4.0 HTTP/1.1" 304 -
191.108.42.145 - - [04/Jul/2024:06:52:05 -0500] "GET /sipse/faces/javax.faces.resource/jquery/jquery.js?ln=primefaces&v=4.0 HTTP/1.1" 304 -
191.108.42.145 - - [04/Jul/2024:06:52:05 -0500] "GET /sipse/faces/javax.faces.resource/jquery/jquery-plugins.js?ln=primefaces&v=4.0 HTTP/1.1" 304 -
191.108.42.145 - - [04/Jul/2024:06:52:05 -0500] "GET /sipse/faces/javax.faces.resource/primefaces.js?ln=primefaces&v=4.0 HTTP/1.1" 304 -
191.108.42.145 - - [04/Jul/2024:06:52:05 -0500] "GET /sipse/faces/javax.faces.resource/layout/layout.js?ln=primefaces&v=4.0 HTTP/1.1" 304 -
47.128.23.136 - - [04/Jul/2024:06:52:06 -0500] "GET /BLA/resoluciones/AUTOS%202021/0245.php?act=f&d=E%3A%5Cnuevo%5Chtdocs%5CBLA%5Cresoluciones%5CRESOLUCIONES+2006%5CRES+2006+201-250%5C&f=00000229.tif&ft=download HTTP/1.1" 200 20131
191.108.42.145 - - [04/Jul/2024:06:52:09 -0500] "POST /sipse/faces/presentacion/financiero/solicitudProyectoActividad/asociarActividadSolicitud.xhtml HTTP/1.1" 200 61515
201.245.192.253 - - [04/Jul/2024:06:52:12 -0500] "POST /forms/lservlet;jsessionid=ac16012b30d6716d42d0eef24d9cbe79d3fe11a80187.e3iSbxaKaheRe34OahmPbx4Oa3z0n6jAmljGr5XDqQLvpAe HTTP/1.1" 200 2
216.245.221.92 - - [04/Jul/2024:06:52:13 -0500] "HEAD / HTTP/1.1" 200 -
191.108.42.145 - - [04/Jul/2024:06:52:15 -0500] "POST /sipse/faces/presentacion/financiero/solicitudProyectoActividad/asociarActividadSolicitud.xhtml HTTP/1.1" 200 20096
191.108.42.145 - - [04/Jul/2024:06:52:15 -0500] "GET /sipse/faces/javax.faces.resource/primefaces.css?ln=primefaces&v=4.0 HTTP/1.1" 304 -
191.108.42.145 - - [04/Jul/2024:06:52:15 -0500] "GET /sipse/faces/javax.faces.resource/theme.css?ln=primefaces-sipse HTTP/1.1" 304 -
191.108.42.145 - - [04/Jul/2024:06:52:15 -0500] "GET /sipse/faces/javax.faces.resource/layout/layout.css?ln=primefaces&v=4.0 HTTP/1.1" 304 -
191.108.42.145 - - [04/Jul/2024:06:52:15 -0500] "GET /sipse/faces/javax.faces.resource/jquery/jquery.js?ln=primefaces&v=4.0 HTTP/1.1" 304 -
191.108.42.145 - - [04/Jul/2024:06:52:15 -0500] "GET /sipse/faces/javax.faces.resource/jquery/jquery-plugins.js?ln=primefaces&v=4.0 HTTP/1.1" 304 -
191.108.42.145 - - [04/Jul/2024:06:52:15 -0500] "GET /sipse/faces/javax.faces.resource/primefaces.js?ln=primefaces&v=4.0 HTTP/1.1" 304 -
191.108.42.145 - - [04/Jul/2024:06:52:15 -0500] "GET /sipse/faces/javax.faces.resource/layout/layout.js?ln=primefaces&v=4.0 HTTP/1.1" 304 -
47.128.124.22 - - [04/Jul/2024:06:52:22 -0500] "GET /BLA/resoluciones/AUTOS%202021/0245.php?act=f&d=E%3A%5Cnuevo%5Chtdocs%5CBLA%5Cresoluciones%5CAUTOS+2021&f=5851.pdf&ft=download HTTP/1.1" 200 344049
191.108.42.145 - - [04/Jul/2024:06:52:22 -0500] "POST /sipse/faces/presentacion/financiero/solicitudProyectoActividad/asociarFuentesSolicitud.xhtml HTTP/1.1" 200 82389
191.108.42.145 - - [04/Jul/2024:06:52:23 -0500] "GET /sipse/faces/javax.faces.resource/primefaces.css?ln=primefaces&v=4.0 HTTP/1.1" 304 -
191.108.42.145 - - [04/Jul/2024:06:52:23 -0500] "GET /sipse/faces/javax.faces.resource/jquery/jquery.js?ln=primefaces&v=4.0 HTTP/1.1" 304 -
191.108.42.145 - - [04/Jul/2024:06:52:23 -0500] "GET /sipse/faces/javax.faces.resource/primefaces.js?ln=primefaces&v=4.0 HTTP/1.1" 304 -
191.108.42.145 - - [04/Jul/2024:06:52:23 -0500] "GET /sipse/faces/javax.faces.resource/theme.css?ln=primefaces-sipse HTTP/1.1" 304 -
191.108.42.145 - - [04/Jul/2024:06:52:23 -0500] "GET /sipse/faces/javax.faces.resource/jquery/jquery-plugins.js?ln=primefaces&v=4.0 HTTP/1.1" 304 -
191.108.42.145 - - [04/Jul/2024:06:52:23 -0500] "GET /sipse/faces/javax.faces.resource/layout/layout.css?ln=primefaces&v=4.0 HTTP/1.1" 304 -
191.108.42.145 - - [04/Jul/2024:06:52:23 -0500] "GET /sipse/faces/javax.faces.resource/layout/layout.js?ln=primefaces&v=4.0 HTTP/1.1" 304 -
201.245.192.253 - - [04/Jul/2024:06:52:30 -0500] "GET /kwsrmcab/Wsrmcab?wsdl HTTP/1.1" 200 6948
47.128.55.113 - - [04/Jul/2024:06:52:37 -0500] "GET /BLA/resoluciones/AUTOS%202021/0245.php?act=f&d=E%3A%5Cnuevo%5Chtdocs%5CBLA%5Cresoluciones%5CRESOLUCIONES+2000%5C&f=Thumbs.db&ft=download HTTP/1.1" 200 215552
192.178.6.7 - - [04/Jul/2024:06:52:39 -0500] "GET /BLA/resoluciones/AUTOS%202018/1299.pdf HTTP/1.1" 200 280002
191.108.42.145 - - [04/Jul/2024:06:52:28 -0500] "POST /sipse/faces/presentacion/financiero/solicitudProceso/crearModificarSolicitudProceso.xhtml HTTP/1.1" 200 45540
191.108.42.145 - - [04/Jul/2024:06:52:55 -0500] "GET /sipse/faces/javax.faces.resource/theme.css?ln=primefaces-sipse HTTP/1.1" 304 -
191.108.42.145 - - [04/Jul/2024:06:52:55 -0500] "GET /sipse/faces/javax.faces.resource/jquery/jquery.js?ln=primefaces&v=4.0 HTTP/1.1" 304 -
191.108.42.145 - - [04/Jul/2024:06:52:55 -0500] "GET /sipse/faces/javax.faces.resource/jquery/jquery-plugins.js?ln=primefaces&v=4.0 HTTP/1.1" 304 -
191.108.42.145 - - [04/Jul/2024:06:52:55 -0500] "GET /sipse/faces/javax.faces.resource/primefaces.js?ln=primefaces&v=4.0 HTTP/1.1" 304 -
191.108.42.145 - - [04/Jul/2024:06:52:55 -0500] "GET /sipse/faces/javax.faces.resource/layout/layout.css?ln=primefaces&v=4.0 HTTP/1.1" 304 -
191.108.42.145 - - [04/Jul/2024:06:52:55 -0500] "GET /sipse/faces/javax.faces.resource/primefaces.css?ln=primefaces&v=4.0 HTTP/1.1" 304 -
191.108.42.145 - - [04/Jul/2024:06:52:55 -0500] "GET /sipse/faces/javax.faces.resource/layout/layout.js?ln=primefaces&v=4.0 HTTP/1.1" 304 -
192.178.6.5 - - [04/Jul/2024:06:52:58 -0500] "GET /BLA/resoluciones/RESOLUCIONES%202004/RES%202004%201151-1200/00001159.tif HTTP/1.1" 200 192914
191.108.42.145 - - [04/Jul/2024:06:53:00 -0500] "POST /sipse/faces/presentacion/financiero/solicitudBienServicio/asociarBienServicioSolicitud.xhtml HTTP/1.1" 200 2720
191.108.42.145 - - [04/Jul/2024:06:53:17 -0500] "POST /sipse/faces/presentacion/financiero/solicitudBienServicio/asociarBienServicioSolicitud.xhtml HTTP/1.1" 200 78161
191.108.42.145 - - [04/Jul/2024:06:53:17 -0500] "GET /sipse/faces/javax.faces.resource/theme.css?ln=primefaces-sipse HTTP/1.1" 304 -
191.108.42.145 - - [04/Jul/2024:06:53:17 -0500] "GET /sipse/faces/javax.faces.resource/primefaces.css?ln=primefaces&v=4.0 HTTP/1.1" 304 -
191.108.42.145 - - [04/Jul/2024:06:53:17 -0500] "GET /sipse/faces/javax.faces.resource/layout/layout.css?ln=primefaces&v=4.0 HTTP/1.1" 304 -
191.108.42.145 - - [04/Jul/2024:06:53:17 -0500] "GET /sipse/faces/javax.faces.resource/jquery/jquery.js?ln=primefaces&v=4.0 HTTP/1.1" 304 -
191.108.42.145 - - [04/Jul/2024:06:53:17 -0500] "GET /sipse/faces/javax.faces.resource/jquery/jquery-plugins.js?ln=primefaces&v=4.0 HTTP/1.1" 304 -
191.108.42.145 - - [04/Jul/2024:06:53:17 -0500] "GET /sipse/faces/javax.faces.resource/primefaces.js?ln=primefaces&v=4.0 HTTP/1.1" 304 -
191.108.42.145 - - [04/Jul/2024:06:53:17 -0500] "GET /sipse/faces/javax.faces.resource/layout/layout.js?ln=primefaces&v=4.0 HTTP/1.1" 304 -
191.108.42.145 - - [04/Jul/2024:06:53:21 -0500] "POST /sipse/faces/presentacion/financiero/solicitudProceso/crearModificarSolicitudProceso.xhtml HTTP/1.1" 200 64404
