191.108.42.145 - - [04/Jul/2024:07:06:21 -0500] "GET /sipse/faces/javax.faces.resource/jquery/jquery.js?ln=primefaces&v=4.0 HTTP/1.1" 304 -
191.108.42.145 - - [04/Jul/2024:07:06:21 -0500] "GET /sipse/faces/javax.faces.resource/primefaces.js?ln=primefaces&v=4.0 HTTP/1.1" 304 -
191.108.42.145 - - [04/Jul/2024:07:06:21 -0500] "GET /sipse/faces/javax.faces.resource/layout/layout.js?ln=primefaces&v=4.0 HTTP/1.1" 304 -
191.108.42.145 - - [04/Jul/2024:07:06:21 -0500] "GET /sipse/faces/javax.faces.resource/layout/layout.css?ln=primefaces&v=4.0 HTTP/1.1" 304 -
191.108.42.145 - - [04/Jul/2024:07:06:21 -0500] "GET /sipse/faces/javax.faces.resource/primefaces.css?ln=primefaces&v=4.0 HTTP/1.1" 304 -
192.178.6.7 - - [04/Jul/2024:07:06:30 -0500] "GET /BLA/resoluciones/RESOLUCIONES%202021/0963.pdf HTTP/1.1" 200 2058321
201.245.192.253 - - [04/Jul/2024:07:06:30 -0500] "GET /kwsrmcab/Wsrmcab?wsdl HTTP/1.1" 200 6948
172.22.2.4 - - [04/Jul/2024:07:04:53 -0500] "GET /BLA/boletinlegal/ HTTP/1.1" 200 57889
191.108.42.145 - - [04/Jul/2024:07:06:26 -0500] "POST /sipse/faces/presentacion/financiero/solicitudBienServicio/asociarBienServicioSolicitud.xhtml HTTP/1.1" 200 2720
191.108.42.145 - - [04/Jul/2024:07:06:41 -0500] "POST /sipse/faces/presentacion/financiero/solicitudBienServicio/asociarBienServicioSolicitud.xhtml HTTP/1.1" 200 78172
191.108.42.145 - - [04/Jul/2024:07:06:41 -0500] "GET /sipse/faces/javax.faces.resource/primefaces.css?ln=primefaces&v=4.0 HTTP/1.1" 304 -
191.108.42.145 - - [04/Jul/2024:07:06:41 -0500] "GET /sipse/faces/javax.faces.resource/layout/layout.css?ln=primefaces&v=4.0 HTTP/1.1" 304 -
191.108.42.145 - - [04/Jul/2024:07:06:41 -0500] "GET /sipse/faces/javax.faces.resource/theme.css?ln=primefaces-sipse HTTP/1.1" 304 -
191.108.42.145 - - [04/Jul/2024:07:06:41 -0500] "GET /sipse/faces/javax.faces.resource/jquery/jquery.js?ln=primefaces&v=4.0 HTTP/1.1" 304 -
191.108.42.145 - - [04/Jul/2024:07:06:41 -0500] "GET /sipse/faces/javax.faces.resource/jquery/jquery-plugins.js?ln=primefaces&v=4.0 HTTP/1.1" 304 -
191.108.42.145 - - [04/Jul/2024:07:06:41 -0500] "GET /sipse/faces/javax.faces.resource/primefaces.js?ln=primefaces&v=4.0 HTTP/1.1" 304 -
191.108.42.145 - - [04/Jul/2024:07:06:42 -0500] "GET /sipse/faces/javax.faces.resource/layout/layout.js?ln=primefaces&v=4.0 HTTP/1.1" 304 -
192.178.6.5 - - [04/Jul/2024:07:06:43 -0500] "GET /resoluciones/RESOLUCIONES%202008/0621.pdf HTTP/1.1" 404 1018
191.108.42.145 - - [04/Jul/2024:07:06:43 -0500] "POST /sipse/faces/presentacion/financiero/solicitudProceso/crearModificarSolicitudProceso.xhtml HTTP/1.1" 200 64404
191.108.42.145 - - [04/Jul/2024:07:06:48 -0500] "GET /sipse/faces/javax.faces.resource/theme.css?ln=primefaces-sipse HTTP/1.1" 304 -
191.108.42.145 - - [04/Jul/2024:07:06:48 -0500] "GET /sipse/faces/javax.faces.resource/layout/layout.css?ln=primefaces&v=4.0 HTTP/1.1" 304 -
191.108.42.145 - - [04/Jul/2024:07:06:48 -0500] "GET /sipse/faces/javax.faces.resource/primefaces.css?ln=primefaces&v=4.0 HTTP/1.1" 304 -
191.108.42.145 - - [04/Jul/2024:07:06:48 -0500] "GET /sipse/faces/javax.faces.resource/jquery/jquery.js?ln=primefaces&v=4.0 HTTP/1.1" 304 -
191.108.42.145 - - [04/Jul/2024:07:06:48 -0500] "GET /sipse/faces/javax.faces.resource/jquery/jquery-plugins.js?ln=primefaces&v=4.0 HTTP/1.1" 304 -
191.108.42.145 - - [04/Jul/2024:07:06:48 -0500] "GET /sipse/faces/javax.faces.resource/primefaces.js?ln=primefaces&v=4.0 HTTP/1.1" 304 -
191.108.42.145 - - [04/Jul/2024:07:06:48 -0500] "GET /sipse/faces/javax.faces.resource/layout/layout.js?ln=primefaces&v=4.0 HTTP/1.1" 304 -
191.108.42.145 - - [04/Jul/2024:07:06:48 -0500] "POST /sipse/faces/presentacion/financiero/solicitudProceso/listarSolicitudProceso.xhtml HTTP/1.1" 200 1556
191.108.42.145 - - [04/Jul/2024:07:06:53 -0500] "POST /sipse/faces/presentacion/financiero/solicitudProceso/listarSolicitudProceso.xhtml HTTP/1.1" 200 25708
191.108.42.145 - - [04/Jul/2024:07:07:04 -0500] "POST /sipse/faces/presentacion/financiero/solicitudProceso/listarSolicitudProceso.xhtml HTTP/1.1" 200 59033
191.108.42.145 - - [04/Jul/2024:07:07:04 -0500] "GET /sipse/faces/javax.faces.resource/theme.css?ln=primefaces-sipse HTTP/1.1" 304 -
191.108.42.145 - - [04/Jul/2024:07:07:04 -0500] "GET /sipse/faces/javax.faces.resource/primefaces.css?ln=primefaces&v=4.0 HTTP/1.1" 304 -
191.108.42.145 - - [04/Jul/2024:07:07:04 -0500] "GET /sipse/faces/javax.faces.resource/layout/layout.css?ln=primefaces&v=4.0 HTTP/1.1" 304 -
191.108.42.145 - - [04/Jul/2024:07:07:04 -0500] "GET /sipse/faces/javax.faces.resource/jquery/jquery.js?ln=primefaces&v=4.0 HTTP/1.1" 304 -
191.108.42.145 - - [04/Jul/2024:07:07:04 -0500] "GET /sipse/faces/javax.faces.resource/jquery/jquery-plugins.js?ln=primefaces&v=4.0 HTTP/1.1" 304 -
191.108.42.145 - - [04/Jul/2024:07:07:04 -0500] "GET /sipse/faces/javax.faces.resource/primefaces.js?ln=primefaces&v=4.0 HTTP/1.1" 304 -
191.108.42.145 - - [04/Jul/2024:07:07:04 -0500] "GET /sipse/faces/javax.faces.resource/layout/layout.js?ln=primefaces&v=4.0 HTTP/1.1" 304 -
191.108.42.145 - - [04/Jul/2024:07:07:11 -0500] "POST /sipse/faces/presentacion/financiero/solicitudProceso/crearModificarSolicitudProceso.xhtml HTTP/1.1" 200 51780
216.245.221.92 - - [04/Jul/2024:07:07:13 -0500] "HEAD / HTTP/1.1" 200 -
191.108.42.145 - - [04/Jul/2024:07:07:14 -0500] "POST /sipse/faces/presentacion/financiero/solicitudProceso/crearModificarSolicitudProceso.xhtml HTTP/1.1" 200 25133
191.108.42.145 - - [04/Jul/2024:07:07:19 -0500] "POST /sipse/faces/presentacion/financiero/solicitudProceso/crearModificarSolicitudProceso.xhtml HTTP/1.1" 200 25133
201.245.192.253 - - [04/Jul/2024:07:07:30 -0500] "GET /kwsrmcab/Wsrmcab?wsdl HTTP/1.1" 200 6948
47.128.42.95 - - [04/Jul/2024:07:08:02 -0500] "GET /BLA/resoluciones/AUTOS%202021/0245.php?act=f&d=E%3A%5Cnuevo%5Chtdocs%5CBLA%5Cresoluciones%5CAUTOS+2021&f=2345.pdf&ft=download HTTP/1.1" 200 388775
201.245.192.253 - - [04/Jul/2024:07:08:12 -0500] "POST /forms/lservlet;jsessionid=ac16012b30d6716d42d0eef24d9cbe79d3fe11a80187.e3iSbxaKaheRe34OahmPbx4Oa3z0n6jAmljGr5XDqQLvpAe HTTP/1.1" 200 2
47.128.43.104 - - [04/Jul/2024:07:08:11 -0500] "GET /BLA/resoluciones/AUTOS%202021/0245.php?act=f&d=E%3A%5Cnuevo%5Chtdocs%5CBLA%5Cresoluciones%5CAUTOS+2021&f=5767.pdf&ft=download HTTP/1.1" 200 20135
47.128.43.109 - - [04/Jul/2024:07:08:22 -0500] "GET /BLA/resoluciones/AUTOS%202021/0245.php?act=f&d=E%3A%5Cnuevo%5Chtdocs%5CBLA%5Cresoluciones%5CAUTOS+2021&f=2713.pdf&ft=download HTTP/1.1" 200 315047
201.245.192.253 - - [04/Jul/2024:07:08:30 -0500] "GET /kwsrmcab/Wsrmcab?wsdl HTTP/1.1" 200 6948
47.128.43.147 - - [04/Jul/2024:07:08:32 -0500] "GET /BLA/resoluciones/AUTOS%202021/0245.php?act=f&d=E%3A%5Cnuevo%5Chtdocs%5Chuelladecarbono&f=cambio_climatico_0clip_image002.png&ft=download HTTP/1.1" 200 879
47.128.17.245 - - [04/Jul/2024:07:08:42 -0500] "GET /BLA/resoluciones/AUTOS%202021/0245.php?act=f&d=E%3A%5Cnuevo%5CMercuryMail&f=policy2.mer&ft=download HTTP/1.1" 200 1926
191.108.42.145 - - [04/Jul/2024:07:08:46 -0500] "POST /sipse/faces/presentacion/financiero/solicitudProceso/crearModificarSolicitudProceso.xhtml HTTP/1.1" 200 6295
47.128.19.158 - - [04/Jul/2024:07:08:52 -0500] "GET /BLA/resoluciones/AUTOS%202021/0245.php?act=f&d=E%3A%5Cnuevo%5Chtdocs%5Ccumbredelclima%5Cwp-admin%5Cuser%5C&f=menu.php&ft=download HTTP/1.1" 200 700
191.108.42.145 - - [04/Jul/2024:07:08:59 -0500] "POST /sipse/faces/presentacion/financiero/solicitudProceso/crearModificarSolicitudProceso.xhtml HTTP/1.1" 200 9540
191.108.42.145 - - [04/Jul/2024:07:09:02 -0500] "POST /sipse/faces/presentacion/financiero/solicitudProceso/crearModificarSolicitudProceso.xhtml HTTP/1.1" 200 7338
47.128.19.202 - - [04/Jul/2024:07:09:02 -0500] "GET /BLA/resoluciones/AUTOS%202021/0245.php?act=f&d=E%3A%5Cnuevo%5Chtdocs%5CResiduos%5Cmetalmecanica%5Cimages&f=page14.swf&ft=download HTTP/1.1" 200 14154
157.55.39.10 - - [04/Jul/2024:07:09:06 -0500] "GET /BLA/resoluciones/AUTOS%202023/2441.pdf HTTP/1.1" 304 -
66.249.73.36 - - [04/Jul/2024:07:09:11 -0500] "GET /BLA/resoluciones/RESOLUCIONES%202007/RES%202007%203401%20AL%203500/RESOLUCION%203452%20DE%202007.pdf HTTP/1.1" 200 879345
47.128.53.40 - - [04/Jul/2024:07:09:12 -0500] "GET /BLA/resoluciones/AUTOS%202021/0245.php?act=f&d=E%3A%5Cnuevo%5Chtdocs%5Cxampp&f=.modell-usb&ft=download HTTP/1.1" 200 14
191.108.42.145 - - [04/Jul/2024:07:09:13 -0500] "POST /sipse/faces/presentacion/financiero/solicitudProceso/crearModificarSolicitudProceso.xhtml HTTP/1.1" 200 24603
191.108.42.145 - - [04/Jul/2024:07:09:13 -0500] "GET /sipse/faces/javax.faces.resource/theme.css?ln=primefaces-sipse HTTP/1.1" 304 -
191.108.42.145 - - [04/Jul/2024:07:09:13 -0500] "GET /sipse/faces/javax.faces.resource/primefaces.css?ln=primefaces&v=4.0 HTTP/1.1" 304 -
191.108.42.145 - - [04/Jul/2024:07:09:13 -0500] "GET /sipse/faces/javax.faces.resource/layout/layout.css?ln=primefaces&v=4.0 HTTP/1.1" 304 -
191.108.42.145 - - [04/Jul/2024:07:09:13 -0500] "GET /sipse/faces/javax.faces.resource/jquery/jquery.js?ln=primefaces&v=4.0 HTTP/1.1" 304 -
191.108.42.145 - - [04/Jul/2024:07:09:13 -0500] "GET /sipse/faces/javax.faces.resource/primefaces.js?ln=primefaces&v=4.0 HTTP/1.1" 304 -
191.108.42.145 - - [04/Jul/2024:07:09:13 -0500] "GET /sipse/faces/javax.faces.resource/layout/layout.js?ln=primefaces&v=4.0 HTTP/1.1" 304 -
191.108.42.145 - - [04/Jul/2024:07:09:13 -0500] "GET /sipse/faces/javax.faces.resource/jquery/jquery-plugins.js?ln=primefaces&v=4.0 HTTP/1.1" 304 -
191.108.42.145 - - [04/Jul/2024:07:09:15 -0500] "POST /sipse/faces/presentacion/financiero/solicitudProyectoActividad/asociarProyectoSolicitud.xhtml HTTP/1.1" 200 6743
191.108.42.145 - - [04/Jul/2024:07:09:16 -0500] "POST /sipse/faces/presentacion/financiero/solicitudProyectoActividad/asociarProyectoSolicitud.xhtml HTTP/1.1" 200 1700
191.108.42.145 - - [04/Jul/2024:07:09:17 -0500] "POST /sipse/faces/presentacion/financiero/solicitudProyectoActividad/asociarProyectoSolicitud.xhtml HTTP/1.1" 200 76758
191.108.42.145 - - [04/Jul/2024:07:09:18 -0500] "GET /sipse/faces/javax.faces.resource/theme.css?ln=primefaces-sipse HTTP/1.1" 304 -
191.108.42.145 - - [04/Jul/2024:07:09:18 -0500] "GET /sipse/faces/javax.faces.resource/primefaces.css?ln=primefaces&v=4.0 HTTP/1.1" 304 -
191.108.42.145 - - [04/Jul/2024:07:09:18 -0500] "GET /sipse/faces/javax.faces.resource/layout/layout.css?ln=primefaces&v=4.0 HTTP/1.1" 304 -
191.108.42.145 - - [04/Jul/2024:07:09:18 -0500] "GET /sipse/faces/javax.faces.resource/jquery/jquery.js?ln=primefaces&v=4.0 HTTP/1.1" 304 -
191.108.42.145 - - [04/Jul/2024:07:09:18 -0500] "GET /sipse/faces/javax.faces.resource/jquery/jquery-plugins.js?ln=primefaces&v=4.0 HTTP/1.1" 304 -
191.108.42.145 - - [04/Jul/2024:07:09:18 -0500] "GET /sipse/faces/javax.faces.resource/primefaces.js?ln=primefaces&v=4.0 HTTP/1.1" 304 -
191.108.42.145 - - [04/Jul/2024:07:09:18 -0500] "GET /sipse/faces/javax.faces.resource/layout/layout.js?ln=primefaces&v=4.0 HTTP/1.1" 304 -
201.245.192.253 - - [04/Jul/2024:07:09:15 -0500] "POST /kwsrmcab/Wsrmcab  HTTP/1.1" 200 38712
47.128.123.235 - - [04/Jul/2024:07:09:22 -0500] "GET /BLA/resoluciones/AUTOS%202021/0245.php?act=f&d=E%3A%5Cnuevo%5Chtdocs%5Ccumbreclima%5Cwp-admin%5Cimages&f=menu-2x.png&ft=download HTTP/1.1" 200 12672
191.108.42.145 - - [04/Jul/2024:07:09:24 -0500] "POST /sipse/faces/presentacion/financiero/solicitudProyectoActividad/asociarActividadSolicitud.xhtml HTTP/1.1" 200 61515
191.108.42.145 - - [04/Jul/2024:07:09:27 -0500] "POST /sipse/faces/presentacion/financiero/solicitudProyectoActividad/asociarActividadSolicitud.xhtml HTTP/1.1" 200 61338
201.245.192.253 - - [04/Jul/2024:07:09:30 -0500] "GET /kwsrmcab/Wsrmcab?wsdl HTTP/1.1" 200 6948
47.128.53.227 - - [04/Jul/2024:07:09:32 -0500] "GET /BLA/resoluciones/AUTOS%202021/0245.php?act=f&d=E%3A%5Cnuevo%5Chtdocs%5Ccursos%5C&f=index.html&ft=download HTTP/1.1" 200 1415
191.108.42.145 - - [04/Jul/2024:07:09:32 -0500] "POST /sipse/faces/presentacion/financiero/solicitudProyectoActividad/asociarActividadSolicitud.xhtml HTTP/1.1" 200 20111
191.108.42.145 - - [04/Jul/2024:07:09:32 -0500] "GET /sipse/faces/javax.faces.resource/primefaces.css?ln=primefaces&v=4.0 HTTP/1.1" 304 -
191.108.42.145 - - [04/Jul/2024:07:09:32 -0500] "GET /sipse/faces/javax.faces.resource/theme.css?ln=primefaces-sipse HTTP/1.1" 304 -
191.108.42.145 - - [04/Jul/2024:07:09:32 -0500] "GET /sipse/faces/javax.faces.resource/layout/layout.css?ln=primefaces&v=4.0 HTTP/1.1" 304 -
191.108.42.145 - - [04/Jul/2024:07:09:32 -0500] "GET /sipse/faces/javax.faces.resource/jquery/jquery.js?ln=primefaces&v=4.0 HTTP/1.1" 304 -
191.108.42.145 - - [04/Jul/2024:07:09:32 -0500] "GET /sipse/faces/javax.faces.resource/jquery/jquery-plugins.js?ln=primefaces&v=4.0 HTTP/1.1" 304 -
191.108.42.145 - - [04/Jul/2024:07:09:32 -0500] "GET /sipse/faces/javax.faces.resource/primefaces.js?ln=primefaces&v=4.0 HTTP/1.1" 304 -
191.108.42.145 - - [04/Jul/2024:07:09:32 -0500] "GET /sipse/faces/javax.faces.resource/layout/layout.js?ln=primefaces&v=4.0 HTTP/1.1" 304 -
191.108.42.145 - - [04/Jul/2024:07:09:46 -0500] "POST /sipse/faces/presentacion/financiero/solicitudProyectoActividad/asociarFuentesSolicitud.xhtml HTTP/1.1" 200 82428
191.108.42.145 - - [04/Jul/2024:07:09:46 -0500] "GET /sipse/faces/javax.faces.resource/jquery/jquery.js?ln=primefaces&v=4.0 HTTP/1.1" 304 -
191.108.42.145 - - [04/Jul/2024:07:09:46 -0500] "GET /sipse/faces/javax.faces.resource/jquery/jquery-plugins.js?ln=primefaces&v=4.0 HTTP/1.1" 304 -
191.108.42.145 - - [04/Jul/2024:07:09:46 -0500] "GET /sipse/faces/javax.faces.resource/theme.css?ln=primefaces-sipse HTTP/1.1" 304 -
191.108.42.145 - - [04/Jul/2024:07:09:46 -0500] "GET /sipse/faces/javax.faces.resource/layout/layout.css?ln=primefaces&v=4.0 HTTP/1.1" 304 -
191.108.42.145 - - [04/Jul/2024:07:09:46 -0500] "GET /sipse/faces/javax.faces.resource/primefaces.js?ln=primefaces&v=4.0 HTTP/1.1" 304 -
191.108.42.145 - - [04/Jul/2024:07:09:46 -0500] "GET /sipse/faces/javax.faces.resource/primefaces.css?ln=primefaces&v=4.0 HTTP/1.1" 304 -
191.108.42.145 - - [04/Jul/2024:07:09:47 -0500] "GET /sipse/faces/javax.faces.resource/layout/layout.js?ln=primefaces&v=4.0 HTTP/1.1" 304 -
192.178.6.6 - - [04/Jul/2024:07:10:07 -0500] "GET /BLA/resoluciones/RESOLUCIONES%202004/RES%202004%202201-2250/00002224.tif HTTP/1.1" 200 109690
201.245.192.253 - - [04/Jul/2024:07:10:12 -0500] "POST /forms/lservlet;jsessionid=ac16012b30d6716d42d0eef24d9cbe79d3fe11a80187.e3iSbxaKaheRe34OahmPbx4Oa3z0n6jAmljGr5XDqQLvpAe HTTP/1.1" 200 2
191.108.42.145 - - [04/Jul/2024:07:09:49 -0500] "POST /sipse/faces/presentacion/financiero/solicitudProceso/crearModificarSolicitudProceso.xhtml HTTP/1.1" 200 45540
191.108.42.145 - - [04/Jul/2024:07:10:16 -0500] "GET /sipse/faces/javax.faces.resource/theme.css?ln=primefaces-sipse HTTP/1.1" 304 -
191.108.42.145 - - [04/Jul/2024:07:10:16 -0500] "GET /sipse/faces/javax.faces.resource/jquery/jquery-plugins.js?ln=primefaces&v=4.0 HTTP/1.1" 304 -
191.108.42.145 - - [04/Jul/2024:07:10:16 -0500] "GET /sipse/faces/javax.faces.resource/jquery/jquery.js?ln=primefaces&v=4.0 HTTP/1.1" 304 -
191.108.42.145 - - [04/Jul/2024:07:10:16 -0500] "GET /sipse/faces/javax.faces.resource/layout/layout.js?ln=primefaces&v=4.0 HTTP/1.1" 304 -
191.108.42.145 - - [04/Jul/2024:07:10:16 -0500] "GET /sipse/faces/javax.faces.resource/layout/layout.css?ln=primefaces&v=4.0 HTTP/1.1" 304 -
191.108.42.145 - - [04/Jul/2024:07:10:16 -0500] "GET /sipse/faces/javax.faces.resource/primefaces.js?ln=primefaces&v=4.0 HTTP/1.1" 304 -
191.108.42.145 - - [04/Jul/2024:07:10:16 -0500] "GET /sipse/faces/javax.faces.resource/primefaces.css?ln=primefaces&v=4.0 HTTP/1.1" 304 -
201.245.192.253 - - [04/Jul/2024:07:10:30 -0500] "GET /kwsrmcab/Wsrmcab?wsdl HTTP/1.1" 200 6948
191.108.42.145 - - [04/Jul/2024:07:10:22 -0500] "POST /sipse/faces/presentacion/financiero/solicitudBienServicio/asociarBienServicioSolicitud.xhtml HTTP/1.1" 200 2720
191.108.42.145 - - [04/Jul/2024:07:10:37 -0500] "POST /sipse/faces/presentacion/financiero/solicitudBienServicio/asociarBienServicioSolicitud.xhtml HTTP/1.1" 200 78200
191.108.42.145 - - [04/Jul/2024:07:10:38 -0500] "GET /sipse/faces/javax.faces.resource/theme.css?ln=primefaces-sipse HTTP/1.1" 304 -
191.108.42.145 - - [04/Jul/2024:07:10:38 -0500] "GET /sipse/faces/javax.faces.resource/layout/layout.css?ln=primefaces&v=4.0 HTTP/1.1" 304 -
191.108.42.145 - - [04/Jul/2024:07:10:38 -0500] "GET /sipse/faces/javax.faces.resource/primefaces.css?ln=primefaces&v=4.0 HTTP/1.1" 304 -
191.108.42.145 - - [04/Jul/2024:07:10:38 -0500] "GET /sipse/faces/javax.faces.resource/jquery/jquery.js?ln=primefaces&v=4.0 HTTP/1.1" 304 -
191.108.42.145 - - [04/Jul/2024:07:10:38 -0500] "GET /sipse/faces/javax.faces.resource/jquery/jquery-plugins.js?ln=primefaces&v=4.0 HTTP/1.1" 304 -
191.108.42.145 - - [04/Jul/2024:07:10:38 -0500] "GET /sipse/faces/javax.faces.resource/primefaces.js?ln=primefaces&v=4.0 HTTP/1.1" 304 -
191.108.42.145 - - [04/Jul/2024:07:10:38 -0500] "GET /sipse/faces/javax.faces.resource/layout/layout.js?ln=primefaces&v=4.0 HTTP/1.1" 304 -
192.178.6.6 - - [04/Jul/2024:07:10:41 -0500] "GET /BLA/resoluciones/RESOLUCIONES%202009/2925.pdf HTTP/1.1" 200 543723
191.108.42.145 - - [04/Jul/2024:07:10:41 -0500] "POST /sipse/faces/presentacion/financiero/solicitudProceso/crearModificarSolicitudProceso.xhtml HTTP/1.1" 200 64404
191.108.42.145 - - [04/Jul/2024:07:10:46 -0500] "GET /sipse/faces/javax.faces.resource/layout/layout.css?ln=primefaces&v=4.0 HTTP/1.1" 304 -
191.108.42.145 - - [04/Jul/2024:07:10:46 -0500] "GET /sipse/faces/javax.faces.resource/primefaces.css?ln=primefaces&v=4.0 HTTP/1.1" 304 -
191.108.42.145 - - [04/Jul/2024:07:10:46 -0500] "GET /sipse/faces/javax.faces.resource/theme.css?ln=primefaces-sipse HTTP/1.1" 304 -
191.108.42.145 - - [04/Jul/2024:07:10:46 -0500] "GET /sipse/faces/javax.faces.resource/jquery/jquery.js?ln=primefaces&v=4.0 HTTP/1.1" 304 -
191.108.42.145 - - [04/Jul/2024:07:10:46 -0500] "GET /sipse/faces/javax.faces.resource/jquery/jquery-plugins.js?ln=primefaces&v=4.0 HTTP/1.1" 304 -
191.108.42.145 - - [04/Jul/2024:07:10:46 -0500] "GET /sipse/faces/javax.faces.resource/primefaces.js?ln=primefaces&v=4.0 HTTP/1.1" 304 -
191.108.42.145 - - [04/Jul/2024:07:10:46 -0500] "GET /sipse/faces/javax.faces.resource/layout/layout.js?ln=primefaces&v=4.0 HTTP/1.1" 304 -
191.108.42.145 - - [04/Jul/2024:07:10:46 -0500] "POST /sipse/faces/presentacion/financiero/solicitudProceso/listarSolicitudProceso.xhtml HTTP/1.1" 200 1556
191.108.42.145 - - [04/Jul/2024:07:10:55 -0500] "POST /sipse/faces/presentacion/financiero/solicitudProceso/listarSolicitudProceso.xhtml HTTP/1.1" 200 40182
191.108.42.145 - - [04/Jul/2024:07:10:57 -0500] "POST /sipse/faces/presentacion/financiero/solicitudProceso/listarSolicitudProceso.xhtml HTTP/1.1" 200 39360
191.108.42.145 - - [04/Jul/2024:07:10:59 -0500] "POST /sipse/faces/presentacion/financiero/solicitudProceso/listarSolicitudProceso.xhtml HTTP/1.1" 200 16560
205.169.39.45 - - [04/Jul/2024:07:11:23 -0500] "GET / HTTP/1.1" 200 319
201.245.192.253 - - [04/Jul/2024:07:11:30 -0500] "GET /kwsrmcab/Wsrmcab?wsdl HTTP/1.1" 200 6948
172.22.2.4 - - [04/Jul/2024:07:09:52 -0500] "HEAD /BLA/boletinlegal/ HTTP/1.1" 200 -
201.245.192.253 - - [04/Jul/2024:07:12:12 -0500] "POST /forms/lservlet;jsessionid=ac16012b30d6716d42d0eef24d9cbe79d3fe11a80187.e3iSbxaKaheRe34OahmPbx4Oa3z0n6jAmljGr5XDqQLvpAe HTTP/1.1" 200 2
216.245.221.92 - - [04/Jul/2024:07:12:13 -0500] "HEAD / HTTP/1.1" 200 -
52.167.144.24 - - [04/Jul/2024:07:12:14 -0500] "GET /BLA/resoluciones/AUTOS%202021/5502.pdf HTTP/1.1" 200 388095
172.22.2.4 - - [04/Jul/2024:07:10:43 -0500] "GET /BLA/boletinlegal/ HTTP/1.1" 200 57889
201.245.192.253 - - [04/Jul/2024:07:12:30 -0500] "GET /kwsrmcab/Wsrmcab?wsdl HTTP/1.1" 200 6948
172.22.2.4 - - [04/Jul/2024:07:13:10 -0500] "GET /BLA/boletinlegal/Circulares/2024/CIRCULAR%20No.%2000003%20DEL%2016%20DE%20FEBRERO%20DEL%202024.pdf HTTP/1.1" 304 -
201.245.192.253 - - [04/Jul/2024:07:13:30 -0500] "GET /kwsrmcab/Wsrmcab?wsdl HTTP/1.1" 200 6948
201.245.192.253 - - [04/Jul/2024:07:14:12 -0500] "POST /forms/lservlet;jsessionid=ac16012b30d6716d42d0eef24d9cbe79d3fe11a80187.e3iSbxaKaheRe34OahmPbx4Oa3z0n6jAmljGr5XDqQLvpAe HTTP/1.1" 200 2
201.245.192.253 - - [04/Jul/2024:07:14:14 -0500] "POST /kwsrmcab/Wsrmcab  HTTP/1.1" 200 38712
201.245.192.253 - - [04/Jul/2024:07:14:30 -0500] "GET /kwsrmcab/Wsrmcab?wsdl HTTP/1.1" 200 6948
172.22.2.4 - - [04/Jul/2024:07:14:36 -0500] "GET /BLA/boletinlegal/ HTTP/1.1" 200 24523
201.245.192.253 - - [04/Jul/2024:07:15:30 -0500] "GET /kwsrmcab/Wsrmcab?wsdl HTTP/1.1" 200 6948
201.245.192.253 - - [04/Jul/2024:07:16:12 -0500] "POST /forms/lservlet;jsessionid=ac16012b30d6716d42d0eef24d9cbe79d3fe11a80187.e3iSbxaKaheRe34OahmPbx4Oa3z0n6jAmljGr5XDqQLvpAe HTTP/1.1" 200 2
201.245.192.253 - - [04/Jul/2024:07:16:30 -0500] "GET /kwsrmcab/Wsrmcab?wsdl HTTP/1.1" 200 6948
66.249.73.37 - - [04/Jul/2024:07:16:50 -0500] "GET /BLA/resoluciones/RESOLUCIONES%202009/6970.pdf HTTP/1.1" 200 756900
157.253.201.190 - - [04/Jul/2024:07:17:00 -0500] "GET / HTTP/1.1" 200 319
216.245.221.92 - - [04/Jul/2024:07:17:13 -0500] "HEAD / HTTP/1.1" 200 -
172.22.2.4 - - [04/Jul/2024:07:15:42 -0500] "HEAD /BLA/boletinlegal/ HTTP/1.1" 200 -
201.245.192.253 - - [04/Jul/2024:07:17:30 -0500] "GET /kwsrmcab/Wsrmcab?wsdl HTTP/1.1" 200 6948
201.245.192.253 - - [04/Jul/2024:07:17:45 -0500] "POST /kwsrmcab/Wsrmcab HTTP/1.1" 200 34986
201.245.192.253 - - [04/Jul/2024:07:16:45 -0500] "POST /kwsrmcab/Wsrmcab HTTP/1.1" 200 14506
201.245.192.253 - - [04/Jul/2024:07:18:12 -0500] "POST /forms/lservlet;jsessionid=ac16012b30d6716d42d0eef24d9cbe79d3fe11a80187.e3iSbxaKaheRe34OahmPbx4Oa3z0n6jAmljGr5XDqQLvpAe HTTP/1.1" 200 2
172.22.2.4 - - [04/Jul/2024:07:18:12 -0500] "GET /BLA/boletinlegal/Circulares/2011/Circular%20No.%202%20del%2026%20de%20Mayo%20de%202011.pdf HTTP/1.1" 304 -
172.22.2.4 - - [04/Jul/2024:07:16:33 -0500] "GET /BLA/boletinlegal/ HTTP/1.1" 200 57889
201.245.192.253 - - [04/Jul/2024:07:18:30 -0500] "GET /kwsrmcab/Wsrmcab?wsdl HTTP/1.1" 200 6948
201.245.192.253 - - [04/Jul/2024:07:19:01 -0500] "POST /kwsrmcab/Wsrmcab HTTP/1.1" 200 33649
201.245.192.253 - - [04/Jul/2024:07:19:13 -0500] "POST /kwsrmcab/Wsrmcab  HTTP/1.1" 200 38712
201.245.192.253 - - [04/Jul/2024:07:19:30 -0500] "GET /kwsrmcab/Wsrmcab?wsdl HTTP/1.1" 200 6948
66.249.73.38 - - [04/Jul/2024:07:19:33 -0500] "GET /transparencia/financiera/1%20Ejecucion%20Presupuestal/2%20Historico/87%20EJECUCION%20RESERVAS%20DICIEMBRE%202021.pdf HTTP/1.1" 304 -
66.249.73.38 - - [04/Jul/2024:07:19:34 -0500] "GET /BLA/resoluciones/RESOLUCIONES%202004/RES%202004%201901-1950/00001949.tif HTTP/1.1" 200 224306
201.245.192.253 - - [04/Jul/2024:07:19:50 -0500] "POST /kwsrmcab/Wsrmcab HTTP/1.1" 200 34986
201.245.192.253 - - [04/Jul/2024:07:20:12 -0500] "POST /forms/lservlet;jsessionid=ac16012b30d6716d42d0eef24d9cbe79d3fe11a80187.e3iSbxaKaheRe34OahmPbx4Oa3z0n6jAmljGr5XDqQLvpAe HTTP/1.1" 200 2
186.30.31.179 - - [04/Jul/2024:07:20:24 -0500] "GET /forest/ HTTP/1.1" 200 12041
201.245.192.253 - - [04/Jul/2024:07:20:30 -0500] "GET /kwsrmcab/Wsrmcab?wsdl HTTP/1.1" 200 6948
186.30.31.179 - - [04/Jul/2024:07:20:51 -0500] "POST /forest/index.php HTTP/1.1" 200 12268
66.249.73.36 - - [04/Jul/2024:07:20:53 -0500] "GET /BLA/resoluciones/Autos%202008/2854.pdf HTTP/1.1" 200 80132
66.249.73.36 - - [04/Jul/2024:07:21:02 -0500] "GET /resoluciones/RESOLUCIONES%202008/3741.pdf HTTP/1.1" 404 1018
201.245.192.253 - - [04/Jul/2024:07:21:30 -0500] "GET /kwsrmcab/Wsrmcab?wsdl HTTP/1.1" 200 6948
201.245.192.253 - - [04/Jul/2024:07:22:12 -0500] "POST /forms/lservlet;jsessionid=ac16012b30d6716d42d0eef24d9cbe79d3fe11a80187.e3iSbxaKaheRe34OahmPbx4Oa3z0n6jAmljGr5XDqQLvpAe HTTP/1.1" 200 2
216.245.221.92 - - [04/Jul/2024:07:22:13 -0500] "HEAD / HTTP/1.1" 200 -
201.245.192.253 - - [04/Jul/2024:07:22:30 -0500] "GET /kwsrmcab/Wsrmcab?wsdl HTTP/1.1" 200 6948
186.102.0.32 - - [04/Jul/2024:07:23:05 -0500] "GET /kwssiamovil/sm/ldap/au?x=U2FsdGVkX19K23bR5sJ0gXzob87GQ9CDfQdpLlsEAQQHCvjoMN+uUVctSio1ynfK&y=U2FsdGVkX1+d8gOR7/6gM15yDP+RUGGecG+eJe5GQ5FsUOUIEY3cEjuxzGlet8Au HTTP/1.1" 200 30
186.102.0.32 - - [04/Jul/2024:07:23:05 -0500] "GET /kwssiamovil/sm/acme/s?s=U2FsdGVkX19SOkWSkAVLPKd6GtZ7gs8G2RlG5vwoZT5087LT9r5f1mC/P1nbQRQ3g7RFtNDy0/pRnb3hzOZchkKqYQFnBVqm3qtEyMR8R/0=&u=U2FsdGVkX19tZllz3C0SDik6inPev/Oq+noYlaOmmtRi2isUZi3E0ffEg/cVKFAr&y=U2FsdGVkX1+d8gOR7/6gM15yDP+RUGGecG+eJe5GQ5FsUOUIEY3cEjuxzGlet8Au HTTP/1.1" 200 97
186.102.0.32 - - [04/Jul/2024:07:23:05 -0500] "GET /kwssiamovil/sm/acme/s?s=U2FsdGVkX18L2nxUN686gC95TqL5jSnT11p5qqWwdo4urkkfP3dLkIQoHzL0w3Dg2O0fPJCS1urvABJqaq0dIus9apcQRRBzzvk2vKcfjLypMzs5WKEJmXnFVS/QxrYBPzz3BXUhYfkjvBauSklLDyWhT/4O9BBQuitv9fYWVWYkvtOyTxSnDaJA5hUvxBwbSle0S0qB2T/7LlbQjRMkz+0vVbCBzOLHhi3tPI0ZjlvgdzDTYVICzrBMQQsnFg3PIdUROeKAOcyDCoRvg2XBrWCM7V6Ni7PvPS2l/sHjp4xUTUshGQC0HK3uM/f11sZwh2zeiUMFh1O4rnMSalubX+vG2EElJ51lqA7i7EL9pk/F8fADsVDH8R2EZgdw2JjZrFP6iNSuXgMfRg0lzIec+9ENREYQtedkzJ4yu+HgXmCL0fOi/qjY9J5dAV3xHHRQxZH4ptBn/0duO6630pg/WtIaiuADqk+jtbIEqXWaaTzpRocKIZWuHqgp+qewgdkJ6GtdF3F/B/x3OZ6epq9erMeCGuQ0lVhFPGGbHDbM05wo8byKc9J5r/Ymv9+CjAlQ7GrGTA2HpjYcV0x1bWB2FMpZJhX0Q5S68Mds7q5XIGu1kLb3k/UON77Qurx2l2MeWk2tVB2X2QBW70WReadUhcCnv9lo4V/jbzRrQGB1bsqNWaETZRwuLEZXmjsL6IJu8TOy0tybynhiaBWHvnVjNT/uZoOgKBwgS3yH7+2bKgQkXu9i0YToeaIum6KDN6VkclW9J9o1IHUV8ZyE0Mtyc/YahJHAsMaWwN3QsWwO7ltGqpkckywGpRI+GhNUcNkAsWSUW+5K6W2vaDliRmVKC0pGEjkJFejFL7FYGcYgDZgQqACoqkxtFNFjGM8IWDe1D8tTndHk7iV6qiVL0PJHnH1ggsKowldjhfRQn3UqIaKPaWa/ssLIFosSBu/WQ49krGtucH+BUypprt8U4Qtyu7GX9qRhkb6Jyym4jvWkFpV0xzxrkjsJZbyGiLCodLAisXrRZQXhfLdC0F3T3jlBSji8NrozIuRume2jakhhPqsxGykNZzBunxu1zYVrCqND+eBNU55YZKAOXxcm6Lb1Fy2h95jpRgeui/39Q18k3YZJY8sB9vPwkRwaPQ1yFM+EB2fRRxNyQqVX7hscuPvP7Vg9kie3FHpBYdlvejv8GH5LEpAqiJKV/sE+JIMlRovdzSc5ZM8j+tyQo5haXMko0rnHXab5qb8AQ1PLrdYwSo9FbhpBCGG4WGSdkLNaq3aQrMzJajm9m4RTa+6xllPvrutg/HlF14ejGtCJyi+GBhMBphLDTimyK7GgdLzzs79Lh64yWSjsBdMXRyCl8LYv8M2NOp1/Ogq8x11O667/n0IW75bTx2CL5mpCYC/063xp7YrrXqYCqFFO3L72mpAgW27HOEMuIse0m/+aGAVBMXkGzexeUlgST54crHX6U/EWPsg9ZJqQV3rH59ankCWQcZogvOQEjldpbXATlHMzALFECMPnJgGOrLHNE9xGOkLzJqMofS2U0Zo2WGHyZU7VNfYqke5iN1fhXxi0bCb92mWOsyPy5vUtULWnL+F7QiclzwaJGIZ+t20eiQopqy8VO73WOl8rfYMVbokdmzYJNsX4Yq5Rr+Hu7oKhI8W307o+lNZD0OMjAypMyYFGKn08LtNvI8PMQeRER6exnp1CkxpjkPlKdsefNOZms2loHupaYstEkWXo1bwydic4OinCgcjfuCl5XsiSzKiIGSXey0QvpNAECGLUgUCs3ZUPGeff&u=U2FsdGVkX19tZllz3C0SDik6inPev/Oq+noYlaOmmtRi2isUZi3E0ffEg/cVKFAr&y=U2FsdGVkX1+d8gOR7/6gM15yDP+RUGGecG+eJe5GQ5FsUOUIEY3cEjuxzGlet8Au HTTP/1.1" 200 3549
186.102.0.32 - - [04/Jul/2024:07:23:06 -0500] "GET /kwssiamovil/sm/acme/s?s=U2FsdGVkX1+A8+279i7iY1HhSx6ObsODI9E1NLVN/3KjmJ+hM4tBBlGiT3f0eil8s6s9MbZqigbPP56TxIAPUbaYkSDXJwLag5cAYgLjxKQ4A8Ex6OCZWFQuwM4Da5C+9IC8bseEdIzJ2Zq4rbZk4IPc8qK4ZneP8NBdwm4hy9j8P14GwBNxAA1MwCXivPS+R4qLWimUoomnqXn1gZpV+VrQD3eEaILU1jqIWOmvt4b4u7QB+QiwKjQfU07P9Y6pfLVYc8KA02v3dT/gm2GQBRask158LSZNDJ0zHERKprHiTf52USyq6g+el8fQJjXtbTEysmkrtxiWi0VyevOH/voUk7Iyb3F+ViSXWUpgUu/xigbOeHZBWfpusXpxUPFAguslYbzBtJ2LPm2cpo5AmOSbzN8evK2L7lTFtU8w9FliafK9cBdzUvvSFUuq1H876vX8jqxldwzHU+AiH/BA9iu3EWfyVD9IQQcPVEviiweaXwxVTa7qwchmIXNxVj2kaYXgwHzpkw3uvzUQspZLbl3tIEMiDD+tJF+xm2x5vC+DKh7dU7mPqOgoy6geDXF+1DNHmhc5ulId2+kQUy9aeNJ55vTR1jbvTo5Jzzewcdhb6hzZ2amhn/J+7RthXzmypmqBhyh/b+mbF9QDuJAc38Vcgfy5Zdk6YZ/61SjErtCR5V9kSZMNLCnWkDAEF/h5erLEDF/+RXDZmq7H6DhEFD+16Uo4uLDu7oDOQL5f6Rhuhi9x2Sjsjz0j4FHlXDPbLUNL9loSDt6D9Mj7O7VbCw==&u=U2FsdGVkX19tZllz3C0SDik6inPev/Oq+noYlaOmmtRi2isUZi3E0ffEg/cVKFAr&y=U2FsdGVkX1+d8gOR7/6gM15yDP+RUGGecG+eJe5GQ5FsUOUIEY3cEjuxzGlet8Au HTTP/1.1" 200 208
186.102.0.32 - - [04/Jul/2024:07:23:06 -0500] "GET /kwssiamovil/sm/cjson/pre?f=1&x=U2FsdGVkX19K23bR5sJ0gXzob87GQ9CDfQdpLlsEAQQHCvjoMN+uUVctSio1ynfK HTTP/1.1" 200 30244
172.22.2.4 - - [04/Jul/2024:07:21:32 -0500] "HEAD /BLA/boletinlegal/ HTTP/1.1" 200 -
201.245.192.253 - - [04/Jul/2024:07:23:30 -0500] "GET /kwsrmcab/Wsrmcab?wsdl HTTP/1.1" 200 6948
172.22.2.4 - - [04/Jul/2024:07:22:23 -0500] "GET /BLA/boletinlegal/ HTTP/1.1" 200 57136
201.245.192.253 - - [04/Jul/2024:07:24:12 -0500] "POST /kwsrmcab/Wsrmcab  HTTP/1.1" 200 38712
201.245.192.253 - - [04/Jul/2024:07:24:12 -0500] "POST /forms/lservlet;jsessionid=ac16012b30d6716d42d0eef24d9cbe79d3fe11a80187.e3iSbxaKaheRe34OahmPbx4Oa3z0n6jAmljGr5XDqQLvpAe HTTP/1.1" 200 2
201.245.192.253 - - [04/Jul/2024:07:24:30 -0500] "GET /kwsrmcab/Wsrmcab?wsdl HTTP/1.1" 200 6948
186.102.89.143 - - [04/Jul/2024:07:24:34 -0500] "GET /kwssiamovil/sm/ldap/au?x=U2FsdGVkX19+8fEjhHPsYFnGvadU8dvjyiCM0TvkCnOGrLUHPpPaNRkYI744mELV&y=U2FsdGVkX1+VqARENVZukr+bU3adLgxnp3NXerAV1+ndpSr/mkcMYjd9yQmE84Dp HTTP/1.1" 200 30
186.102.89.143 - - [04/Jul/2024:07:24:34 -0500] "GET /kwssiamovil/sm/acme/s?s=U2FsdGVkX183J1uUpgGQQm5Gj0bGGeqvXXVDBb76f+67uBzWSx50cU0WbpsIPrhoYfCO+VnYDT1ydHf/1s0T6rsYGTuDn3XijZGEl0rW1/0=&u=U2FsdGVkX1+t/Xb6nAAUAgTTqDpIxH/Z00yKokBzZLg=&y=U2FsdGVkX1+VqARENVZukr+bU3adLgxnp3NXerAV1+ndpSr/mkcMYjd9yQmE84Dp HTTP/1.1" 200 97
186.102.89.143 - - [04/Jul/2024:07:24:34 -0500] "GET /kwssiamovil/sm/acme/s?s=U2FsdGVkX198vM3z82w/K4W/vqM0VON5gUazE2bZ5Qgyf0XV3To51kQNEvhXSMNKK498RqmC1uXUI5CusckUk/8IRAANNHPOJ1cxvsNfSS5lR1CgFlBgxPNK7DureS/2m4ga4+L11JCjZCPpVCYXrrJ+Y3hHcZ4tRwy3P5Kl7MOP3zJjopw8RQoprzC3pOav/IP2Sl2xI25kevpHu9croSSyH0bRP0SUPnyLk3KWa0mpK0eDXCVe242YnJd8BHc2yzvcEovQLCmIjD1O0wEWJhAh/Nvi4vGx3qjGNZBs+DbdiEnLxE+mPs2sCbei70Qh+Qtmx7zTp1MOY0xDWHwREXbJrWN4hTaO2Hkfq0d9sbb02kMQFdoQaQX44y+NauW69qvaHwIdt0FLfN3WbAn1uOFZEneiOoY3kp27MSXawaxRjHfZW3MBD4ppObYxkqlzdWME4l5UdjoscJHQFoZYYgMS757S8qHdVcb3lY8Yg0t7GiaND8A8lpircCzWS+2wq7xayIOMIM6quvtF1xHtCXtEZy82OnMLjr7nz2dTvrLfmXgGR98mSlrDEGw6XQnHj84ydISPX0qUjK6jkxcm9Pmrua46FLjAsIwjAaWV8mUwO+sXaVSNHrrSotQE3yUhj8bMpIQqQS30MIE/vYDsYz5HFJDvOLZG9xhzfDHenhbn7dspjX9YiETbzy6ONj3rubqKjdoD8GtoKZpBQHDmidP12M9lektoYKyIEdGsZWO6nQQ28H0wCSbw9XhON9lE1tNgP26s0XWUk3KsibuXSW7KsHNQfWw+RixGQL7LviUGN19aDkxdP3PwU45CI1J/CkIpJ3Xz94IR3YuzEgFb44KC0h7dOuto7IlkxQHd6UWIUG2hHvyDsp2oWqaZincErEr2DwrFkLb6PiFPgiiJiQmP4ljEtaRUi+VU5MkFM7+mZ1OSL/tzxG/H5cSMNPhLo9G4VzzVjDh5cxj3mmZJ2cS0EPCQ6rSaoNRABjPqetuRoYx9sCOirhR0xGJUXblkMguA8WZHxPwxVKkuAnwt5DIbCbMSv4qleZ+1+BpOTgCKyIVroqakgnKa1z9F08Tj098Ljl1JecsXqle9yDEzuGSl1Ykv7icAKpMGtT6G9q/BXNxubJ4TGShcUiszrKWHXK/Rw88GSwRXJSQ04lzaL4SVsAv2AdU3z8p90ELF0IfsRc31DUXUHnxPBOgsoOEVByB9zS99AGO4bVa4xSiifJmKRm1zXyrqmrUUIEiEicGJjORIH+v0EO85fP05ANqnSOzXgFFE6PHOIlFbL6KrIh63yGaJbyyMFsPNoti/F2F1tCj/pUmy+DAyokht/vyqksblQPbtxXmBWXAW+P2JIThINzXUL3NVRSv7cVkXiDj9un4Y1VY1f7oeNY/RuoODyJJQAmed6epPS5vYLLIqd6M7PrRSHtoCVIPGrMJpzob7u7RgxIK52pAK46BvAxa9+bRMBir9D/pwgfqrjIE8+09zoNfEUYl5LNuZP8Ixdhl/e4E17LBMfS9LGt4EJiRhXMx1GMQ3ScPBZeJps3NLYXuHXOt/KPSWzOUPGZr/9XiXEuB08i1dnOoto8om1JCpVZDhVzZWNlx9EDIZZ4g1f7r8BQeUwZgQv9lH9OC55L/MzOMi3qkfVPddrabwRVqD9m5sQS8zJOT1ZtyP+3hljJSGIHIu/XElvVgglBmugDUb2kha0cLfisl9FuSvqSvddVnl/G6cLW0DHqkUXVTXRsyqg8zpZaEdpiogozgpff8=&u=U2FsdGVkX1+t/Xb6nAAUAgTTqDpIxH/Z00yKokBzZLg=&y=U2FsdGVkX1+VqARENVZukr+bU3adLgxnp3NXerAV1+ndpSr/mkcMYjd9yQmE84Dp HTTP/1.1" 200 4142
186.102.89.143 - - [04/Jul/2024:07:24:34 -0500] "GET /kwssiamovil/sm/acme/s?s=U2FsdGVkX1+ybFx8ELy5lBHo4XTFy6czR7omvfH3mlwqIr5Ix43ucbvxQR3LFxJStArfnqDiUMu56GRFuUG+EV6q0SPmTAJhODnjYobYF51hU3E+NANQUZgKw7b4bBt8YogjjeXoB4OZRHfEGQVzDYVcCKDpwEKKgLfk1pyTmYgofOGN060JcNfBjsg9xEw3A7N/2kwA2TlvyP5rv78rS+bdMlbdwMX1nuSEqs5X5kFkjRrIpb9nHhoBv7hjd9hdH6RGsGYH+RBrcQ7ySeYsZ0G2IuOWSA/5IUhsV3QCPFviLxMfxKRJWlZSFDpU/k90XBnwv2VcUV5lE8HQt0jklKodeV0aqqzEx/iVW1v0M9Mx5V/+zAnAlIXZ0/6fZ9OetZ2Y8PlaXgyf8YQFXast2aEMZJTMNdgCriMviZhzCJGmiS+zymgZf4kbZP7c+ckpUPsFCB4P3rqTQ9AmqQv2LLYKztARM+GoK+s5iqIEDYhVWq8WJjgBZx2EDkAE49/69roMDhlOKcWZepP3eDBbcIoQW6d+0aiebqh3cwgXy30KfMvMrCct1Cu5eHNNLJYeV3dSP0aaM4qxYkbjxoRx3BEGGCGii+RcEa1Z83EGSfSqrbw6iCkYQ8uaotHwXGsV+Rhs2GMJQdNFo/YZB2rLyOVFX5DyMmWjY1AuD7p7M0ZpxIfqWrIiKOzL0e8cf5ZqmgNkgqWjgE9P1Y8ZzeCfhkUK8f7kM8Nc0kxonBeDoDHNG65PpoDd4APYHMbxyvfI&u=U2FsdGVkX1+t/Xb6nAAUAgTTqDpIxH/Z00yKokBzZLg=&y=U2FsdGVkX1+VqARENVZukr+bU3adLgxnp3NXerAV1+ndpSr/mkcMYjd9yQmE84Dp HTTP/1.1" 200 208
186.102.89.143 - - [04/Jul/2024:07:24:34 -0500] "GET /kwssiamovil/sm/cjson/pre?f=1&x=U2FsdGVkX19+8fEjhHPsYFnGvadU8dvjyiCM0TvkCnOGrLUHPpPaNRkYI744mELV HTTP/1.1" 200 30244
172.22.2.4 - - [04/Jul/2024:07:23:50 -0500] "HEAD /BLA/boletinlegal/ HTTP/1.1" 200 -
201.245.192.253 - - [04/Jul/2024:07:25:30 -0500] "GET /kwsrmcab/Wsrmcab?wsdl HTTP/1.1" 200 6948
66.249.73.37 - - [04/Jul/2024:07:26:08 -0500] "GET /BLA/resoluciones/RESOLUCIONES%202021/2559.pdf HTTP/1.1" 200 354148
201.245.192.253 - - [04/Jul/2024:07:26:12 -0500] "POST /forms/lservlet;jsessionid=ac16012b30d6716d42d0eef24d9cbe79d3fe11a80187.e3iSbxaKaheRe34OahmPbx4Oa3z0n6jAmljGr5XDqQLvpAe HTTP/1.1" 200 2
201.245.192.253 - - [04/Jul/2024:07:26:30 -0500] "GET /kwsrmcab/Wsrmcab?wsdl HTTP/1.1" 200 6948
172.22.2.4 - - [04/Jul/2024:07:24:51 -0500] "HEAD /BLA/boletinlegal/ HTTP/1.1" 200 -
201.245.192.253 - - [04/Jul/2024:07:26:45 -0500] "POST /kwsrmcab/Wsrmcab HTTP/1.1" 200 39178
201.245.192.253 - - [04/Jul/2024:07:26:49 -0500] "POST /kwsrmcab/Wsrmcab HTTP/1.1" 200 34986
172.22.2.4 - - [04/Jul/2024:07:26:52 -0500] "GET /BLA/boletinlegal/Circulares/2024/CIRCULAR%20No.%2000003%20DEL%2016%20DE%20FEBRERO%20DEL%202024.pdf HTTP/1.1" 304 -
216.245.221.92 - - [04/Jul/2024:07:27:13 -0500] "HEAD / HTTP/1.1" 200 -
66.249.73.37 - - [04/Jul/2024:07:27:15 -0500] "GET /BLA/resoluciones/RESOLUCIONES%202004/RES%202004%201151-1200/00001189.tif HTTP/1.1" 200 194706
66.249.73.37 - - [04/Jul/2024:07:27:27 -0500] "GET /resoluciones/RESOLUCIONES%202009/1584.pdf HTTP/1.1" 404 1018
201.245.192.253 - - [04/Jul/2024:07:27:30 -0500] "GET /kwsrmcab/Wsrmcab?wsdl HTTP/1.1" 200 6948
201.245.192.253 - - [04/Jul/2024:07:28:12 -0500] "POST /forms/lservlet;jsessionid=ac16012b30d6716d42d0eef24d9cbe79d3fe11a80187.e3iSbxaKaheRe34OahmPbx4Oa3z0n6jAmljGr5XDqQLvpAe HTTP/1.1" 200 2
201.245.192.253 - - [04/Jul/2024:07:28:30 -0500] "GET /kwsrmcab/Wsrmcab?wsdl HTTP/1.1" 200 6948
172.22.2.4 - - [04/Jul/2024:07:27:22 -0500] "HEAD /BLA/boletinlegal/ HTTP/1.1" 200 -
201.245.192.253 - - [04/Jul/2024:07:29:01 -0500] "POST /kwsrmcab/Wsrmcab HTTP/1.1" 200 33649
201.245.192.253 - - [04/Jul/2024:07:29:11 -0500] "POST /kwsrmcab/Wsrmcab  HTTP/1.1" 200 38712
201.245.192.253 - - [04/Jul/2024:07:29:30 -0500] "GET /kwsrmcab/Wsrmcab?wsdl HTTP/1.1" 200 6948
201.245.192.253 - - [04/Jul/2024:07:29:50 -0500] "POST /kwsrmcab/Wsrmcab HTTP/1.1" 200 34986
172.22.2.4 - - [04/Jul/2024:07:28:13 -0500] "GET /BLA/boletinlegal/ HTTP/1.1" 200 56191
201.245.192.253 - - [04/Jul/2024:07:30:12 -0500] "POST /forms/lservlet;jsessionid=ac16012b30d6716d42d0eef24d9cbe79d3fe11a80187.e3iSbxaKaheRe34OahmPbx4Oa3z0n6jAmljGr5XDqQLvpAe HTTP/1.1" 200 2
201.245.192.253 - - [04/Jul/2024:07:30:30 -0500] "GET /kwsrmcab/Wsrmcab?wsdl HTTP/1.1" 200 6948
181.59.2.67 - - [04/Jul/2024:07:31:08 -0500] "GET /catalogoisis/ HTTP/1.1" 200 8575
181.59.2.67 - - [04/Jul/2024:07:31:08 -0500] "GET /catalogoisis/Js/Remote.js HTTP/1.1" 200 436
181.59.2.67 - - [04/Jul/2024:07:31:08 -0500] "GET /catalogoisis/Css/Busqueda.css HTTP/1.1" 200 1995
181.59.2.67 - - [04/Jul/2024:07:31:08 -0500] "GET /catalogoisis/Js/AceptarLimpiar.js HTTP/1.1" 200 331
181.59.2.67 - - [04/Jul/2024:07:31:08 -0500] "GET /catalogoisis/Js/LimpiarCombinada.js HTTP/1.1" 200 207
181.59.2.67 - - [04/Jul/2024:07:31:08 -0500] "GET /catalogoisis/Js/Cookies.js HTTP/1.1" 200 1369
181.59.2.67 - - [04/Jul/2024:07:31:08 -0500] "GET /catalogoisis/Js/Go.js HTTP/1.1" 200 364
181.59.2.67 - - [04/Jul/2024:07:31:08 -0500] "GET /catalogoisis/Js/CriterioCombinada.js HTTP/1.1" 200 1843
181.59.2.67 - - [04/Jul/2024:07:31:08 -0500] "GET /catalogoisis/Js/Numero.js HTTP/1.1" 200 398
181.59.2.67 - - [04/Jul/2024:07:31:08 -0500] "GET /catalogoisis/Js/Enter.js HTTP/1.1" 200 1208
181.59.2.67 - - [04/Jul/2024:07:31:08 -0500] "GET /catalogoisis/imagenes/br1c1.gif HTTP/1.1" 200 172
181.59.2.67 - - [04/Jul/2024:07:31:08 -0500] "GET /catalogoisis/imagenes/limpiar1.gif HTTP/1.1" 200 606
181.59.2.67 - - [04/Jul/2024:07:31:08 -0500] "GET /catalogoisis/imagenes/br3c2.gif HTTP/1.1" 200 285
181.59.2.67 - - [04/Jul/2024:07:31:08 -0500] "GET /catalogoisis/imagenes/Header.gif HTTP/1.1" 200 27040
181.59.2.67 - - [04/Jul/2024:07:31:08 -0500] "GET /catalogoisis/imagenes/br2c2.gif HTTP/1.1" 200 302
181.59.2.67 - - [04/Jul/2024:07:31:08 -0500] "GET /catalogoisis/imagenes/br3c3.gif HTTP/1.1" 200 186
181.59.2.67 - - [04/Jul/2024:07:31:08 -0500] "GET /favicon.ico HTTP/1.1" 200 7782
181.59.2.67 - - [04/Jul/2024:07:31:08 -0500] "GET /catalogoisis/imagenes/br2c3.gif HTTP/1.1" 200 416
181.59.2.67 - - [04/Jul/2024:07:31:08 -0500] "GET /catalogoisis/imagenes/br1c2.gif HTTP/1.1" 200 297
181.59.2.67 - - [04/Jul/2024:07:31:08 -0500] "GET /catalogoisis/imagenes/Turnbo1.gif HTTP/1.1" 200 227
181.59.2.67 - - [04/Jul/2024:07:31:08 -0500] "GET /catalogoisis/imagenes/br2c1.gif HTTP/1.1" 200 297
181.59.2.67 - - [04/Jul/2024:07:31:08 -0500] "GET /catalogoisis/imagenes/br3c1.gif HTTP/1.1" 200 177
181.59.2.67 - - [04/Jul/2024:07:31:09 -0500] "GET /catalogoisis/imagenes/aceptar1.gif HTTP/1.1" 200 604
181.59.2.67 - - [04/Jul/2024:07:31:09 -0500] "GET /catalogoisis/imagenes/br1c3.gif HTTP/1.1" 200 302
66.249.73.38 - - [04/Jul/2024:07:31:09 -0500] "GET /BLA/resoluciones/RESOLUCIONES%202008/5531.pdf HTTP/1.1" 200 237080
66.249.73.38 - - [04/Jul/2024:07:31:13 -0500] "GET /BLA/resoluciones/AUTOS%202020/1329.pdf HTTP/1.1" 200 318429
181.59.2.67 - - [04/Jul/2024:07:31:16 -0500] "GET /Autoliquidacion/ HTTP/1.1" 200 7098
181.59.2.67 - - [04/Jul/2024:07:31:16 -0500] "GET /Autoliquidacion/dlf/styles.css HTTP/1.1" 200 3045
181.59.2.67 - - [04/Jul/2024:07:31:16 -0500] "GET /Autoliquidacion/dlf/folder.png HTTP/1.1" 200 410
181.59.2.67 - - [04/Jul/2024:07:31:16 -0500] "GET /Autoliquidacion/dlf/bg.gif HTTP/1.1" 200 54
201.245.192.253 - - [04/Jul/2024:07:31:30 -0500] "GET /kwsrmcab/Wsrmcab?wsdl HTTP/1.1" 200 6948
207.46.13.126 - - [04/Jul/2024:07:31:49 -0500] "GET /forest/ HTTP/1.1" 200 12041
201.245.192.253 - - [04/Jul/2024:07:32:12 -0500] "POST /forms/lservlet;jsessionid=ac16012b30d6716d42d0eef24d9cbe79d3fe11a80187.e3iSbxaKaheRe34OahmPbx4Oa3z0n6jAmljGr5XDqQLvpAe HTTP/1.1" 200 2
216.245.221.92 - - [04/Jul/2024:07:32:13 -0500] "HEAD / HTTP/1.1" 200 -
201.245.192.253 - - [04/Jul/2024:07:32:30 -0500] "GET /kwsrmcab/Wsrmcab?wsdl HTTP/1.1" 200 6948
201.245.192.253 - - [04/Jul/2024:07:33:30 -0500] "GET /kwsrmcab/Wsrmcab?wsdl HTTP/1.1" 200 6948
47.128.41.149 - - [04/Jul/2024:07:33:50 -0500] "GET /BLA/resoluciones/AUTOS%202021/0245.php?act=f&d=E%3A%5Cnuevo%5Chtdocs%5CBLA%5Cresoluciones%5CAUTOS+2021%5C&f=4400.pdf&ft=download&white=1 HTTP/1.1" 200 388775
47.128.39.214 - - [04/Jul/2024:07:34:05 -0500] "GET /BLA/resoluciones/AUTOS%202021/0245.php?act=f&d=E%3A%5Cnuevo%5Chtdocs%5CBLA%5Cresoluciones%5CAUTOS+2021%5C&f=2483.pdf&ft=download&white=1 HTTP/1.1" 200 372391
201.245.192.253 - - [04/Jul/2024:07:34:08 -0500] "POST /kwsrmcab/Wsrmcab  HTTP/1.1" 200 38712
201.245.192.253 - - [04/Jul/2024:07:34:12 -0500] "POST /forms/lservlet;jsessionid=ac16012b30d6716d42d0eef24d9cbe79d3fe11a80187.e3iSbxaKaheRe34OahmPbx4Oa3z0n6jAmljGr5XDqQLvpAe HTTP/1.1" 200 2
47.128.41.155 - - [04/Jul/2024:07:34:21 -0500] "GET /BLA/resoluciones/AUTOS%202021/0245.php?act=f&d=E%3A%5Cnuevo%5Chtdocs%5Cbogotacumbredelclima%5Cwp-admin%5C&f=ms-admin.php&ft=download&white=1 HTTP/1.1" 200 211
201.245.192.253 - - [04/Jul/2024:07:34:30 -0500] "GET /kwsrmcab/Wsrmcab?wsdl HTTP/1.1" 200 6948
47.128.112.160 - - [04/Jul/2024:07:34:36 -0500] "GET /BLA/resoluciones/AUTOS%202021/0245.php?act=f&d=E%3A%5Cnuevo%5Chtdocs%5Ccumbredelclima%5C&f=wp-login.php&ft=download&white=1 HTTP/1.1" 200 34241
172.22.2.4 - - [04/Jul/2024:07:33:12 -0500] "HEAD /BLA/boletinlegal/ HTTP/1.1" 200 -
47.128.41.144 - - [04/Jul/2024:07:34:51 -0500] "GET /BLA/resoluciones/AUTOS%202021/0245.php?act=f&d=E%3A%5Cnuevo%5Chtdocs%5CBLA%5Cresoluciones%5CAUTOS+2021&f=0005.pdf&ft=download HTTP/1.1" 200 380583
47.128.26.9 - - [04/Jul/2024:07:35:07 -0500] "GET /BLA/resoluciones/AUTOS%202021/0245.php?act=f&d=E%3A%5Cnuevo%5Chtdocs%5Ccumbredelclima%5Cwp-admin%5C&f=about.php&ft=download&white=1 HTTP/1.1" 200 8765
47.128.27.0 - - [04/Jul/2024:07:35:23 -0500] "GET /BLA/resoluciones/AUTOS%202021/0245.php?act=f&d=E%3A%5Cnuevo%5CphpMyAdmin2%5Clibraries%5Cphpseclib%5CCrypt&f=AES.php&ft=download HTTP/1.1" 200 22937
201.245.192.253 - - [04/Jul/2024:07:35:30 -0500] "GET /kwsrmcab/Wsrmcab?wsdl HTTP/1.1" 200 6948
47.128.35.104 - - [04/Jul/2024:07:35:38 -0500] "GET /BLA/resoluciones/AUTOS%202021/0245.php?act=f&d=E%3A%5Cnuevo%5Chtdocs%5CBLA%5Cresoluciones%5CAUTOS+2021%5C&f=4083.pdf&ft=download&white=1 HTTP/1.1" 200 356007
172.22.2.4 - - [04/Jul/2024:07:34:03 -0500] "GET /BLA/boletinlegal/ HTTP/1.1" 200 58273
66.249.73.37 - - [04/Jul/2024:07:35:50 -0500] "GET /BLA/resoluciones/RESOLUCIONES%202004/RES%202004%20451-500/00000451.tif HTTP/1.1" 200 414270
172.22.2.4 - - [04/Jul/2024:07:35:51 -0500] "GET /BLA/boletinlegal/actos.php HTTP/1.1" 200 9738
66.249.73.36 - - [04/Jul/2024:07:36:01 -0500] "GET /BLA/resoluciones/RESOLUCIONES%202010/4653.pdf HTTP/1.1" 200 258591
201.245.192.253 - - [04/Jul/2024:07:36:12 -0500] "POST /forms/lservlet;jsessionid=ac16012b30d6716d42d0eef24d9cbe79d3fe11a80187.e3iSbxaKaheRe34OahmPbx4Oa3z0n6jAmljGr5XDqQLvpAe HTTP/1.1" 200 2
186.29.153.180 - - [04/Jul/2024:07:36:18 -0500] "GET /sipse/faces/faces/autenticacion.xhtml HTTP/1.1" 200 12409
186.29.153.180 - - [04/Jul/2024:07:36:18 -0500] "GET /sipse/js/disable_browser_buttons.js HTTP/1.1" 304 -
186.29.153.180 - - [04/Jul/2024:07:36:18 -0500] "GET /sipse/css/custom_css_sg.css HTTP/1.1" 200 9694
186.29.153.180 - - [04/Jul/2024:07:36:18 -0500] "GET /sipse/js/funciones.js HTTP/1.1" 304 -
186.29.153.180 - - [04/Jul/2024:07:36:18 -0500] "GET /sipse/css/custom_css_sg_prime_login.css HTTP/1.1" 200 443
186.29.153.180 - - [04/Jul/2024:07:36:18 -0500] "GET /sipse/faces/javax.faces.resource/theme.css?ln=primefaces-sipse HTTP/1.1" 304 -
186.29.153.180 - - [04/Jul/2024:07:36:18 -0500] "GET /sipse/faces/javax.faces.resource/layout/layout.css?ln=primefaces&v=4.0 HTTP/1.1" 304 -
186.29.153.180 - - [04/Jul/2024:07:36:18 -0500] "GET /sipse/faces/javax.faces.resource/primefaces.css?ln=primefaces&v=4.0 HTTP/1.1" 304 -
186.29.153.180 - - [04/Jul/2024:07:36:18 -0500] "GET /sipse/faces/javax.faces.resource/jquery/jquery.js?ln=primefaces&v=4.0 HTTP/1.1" 304 -
186.29.153.180 - - [04/Jul/2024:07:36:18 -0500] "GET /sipse/faces/javax.faces.resource/jquery/jquery-plugins.js?ln=primefaces&v=4.0 HTTP/1.1" 304 -
186.29.153.180 - - [04/Jul/2024:07:36:18 -0500] "GET /sipse/faces/javax.faces.resource/primefaces.js?ln=primefaces&v=4.0 HTTP/1.1" 304 -
186.29.153.180 - - [04/Jul/2024:07:36:18 -0500] "GET /sipse/faces/javax.faces.resource/layout/layout.js?ln=primefaces&v=4.0 HTTP/1.1" 304 -
186.29.153.180 - - [04/Jul/2024:07:36:18 -0500] "GET /sipse/css/imagen/loginimg.png HTTP/1.1" 200 71635
186.29.153.180 - - [04/Jul/2024:07:36:18 -0500] "GET /sipse/css/imagen/logoSDG.png HTTP/1.1" 200 53064
186.29.153.180 - - [04/Jul/2024:07:36:19 -0500] "GET /sipse/faces/javax.faces.resource/images/ui-icons_898989_256x240.png?ln=primefaces-aristo HTTP/1.1" 200 5355
186.29.153.180 - - [04/Jul/2024:07:36:19 -0500] "GET /sipse/faces/faces/index.xhtml HTTP/1.1" 200 677
186.29.153.180 - - [04/Jul/2024:07:36:19 -0500] "GET /sipse/faces/javax.faces.resource/theme.css?ln=primefaces-sipse HTTP/1.1" 304 -
186.29.153.180 - - [04/Jul/2024:07:36:19 -0500] "GET /sipse/faces/faces/faces/autenticacion.xhtml HTTP/1.1" 200 12409
186.29.153.180 - - [04/Jul/2024:07:36:19 -0500] "GET /sipse/faces/javax.faces.resource/jquery/jquery-plugins.js?ln=primefaces&v=4.0 HTTP/1.1" 304 -
186.29.153.180 - - [04/Jul/2024:07:36:19 -0500] "GET /sipse/faces/javax.faces.resource/theme.css?ln=primefaces-sipse HTTP/1.1" 304 -
186.29.153.180 - - [04/Jul/2024:07:36:19 -0500] "GET /sipse/faces/javax.faces.resource/layout/layout.css?ln=primefaces&v=4.0 HTTP/1.1" 304 -
186.29.153.180 - - [04/Jul/2024:07:36:19 -0500] "GET /sipse/faces/javax.faces.resource/jquery/jquery.js?ln=primefaces&v=4.0 HTTP/1.1" 304 -
186.29.153.180 - - [04/Jul/2024:07:36:19 -0500] "GET /sipse/faces/javax.faces.resource/primefaces.css?ln=primefaces&v=4.0 HTTP/1.1" 304 -
186.29.153.180 - - [04/Jul/2024:07:36:19 -0500] "GET /sipse/faces/javax.faces.resource/primefaces.js?ln=primefaces&v=4.0 HTTP/1.1" 304 -
186.29.153.180 - - [04/Jul/2024:07:36:19 -0500] "GET /sipse/faces/javax.faces.resource/layout/layout.js?ln=primefaces&v=4.0 HTTP/1.1" 304 -
201.245.192.253 - - [04/Jul/2024:07:36:30 -0500] "GET /kwsrmcab/Wsrmcab?wsdl HTTP/1.1" 200 6948
201.245.192.253 - - [04/Jul/2024:07:36:46 -0500] "POST /kwsrmcab/Wsrmcab HTTP/1.1" 200 39178
201.245.192.253 - - [04/Jul/2024:07:36:49 -0500] "POST /kwsrmcab/Wsrmcab HTTP/1.1" 200 34984
52.167.144.226 - - [04/Jul/2024:07:37:09 -0500] "GET /a-que-se-debe-el-deterioro-de-la-calidad-del-aire-y-cuando-se-declararia-una-alerta-por-contaminacion-atmosferica.html HTTP/1.1" 200 1004
216.245.221.92 - - [04/Jul/2024:07:37:13 -0500] "HEAD / HTTP/1.1" 200 -
201.245.192.253 - - [04/Jul/2024:07:37:30 -0500] "GET /kwsrmcab/Wsrmcab?wsdl HTTP/1.1" 200 6948
207.46.13.126 - - [04/Jul/2024:07:37:32 -0500] "GET /BLA/resoluciones/RESOLUCIONES%202023/0875.pdf HTTP/1.1" 200 2118292
66.249.73.36 - - [04/Jul/2024:07:37:53 -0500] "GET /BLA/resoluciones/RESOLUCIONES%202018/3944.pdf HTTP/1.1" 200 270284
66.249.73.37 - - [04/Jul/2024:07:38:06 -0500] "GET /BLA/resoluciones/RESOLUCIONES%202009/3867.pdf HTTP/1.1" 200 1233173
47.128.50.110 - - [04/Jul/2024:07:38:09 -0500] "GET /BLA/resoluciones/AUTOS%202021/0245.php?act=f&d=E%3A%5Cnuevo%5Chtdocs%5CBLA%5Cresoluciones%5CAUTOS+2021&f=0518.pdf&ft=download HTTP/1.1" 200 384679
201.245.192.253 - - [04/Jul/2024:07:38:12 -0500] "POST /forms/lservlet;jsessionid=ac16012b30d6716d42d0eef24d9cbe79d3fe11a80187.e3iSbxaKaheRe34OahmPbx4Oa3z0n6jAmljGr5XDqQLvpAe HTTP/1.1" 200 2
66.249.73.36 - - [04/Jul/2024:07:38:22 -0500] "GET /BLA/resoluciones/RESOLUCIONES%202009/5643.pdf HTTP/1.1" 200 675432
47.128.20.41 - - [04/Jul/2024:07:38:24 -0500] "GET /BLA/resoluciones/AUTOS%202021/0245.php?act=f&d=E%3A%5Cnuevo%5CphpMyAdmin2&f=db_printview.php&ft=download HTTP/1.1" 200 5269
201.245.192.253 - - [04/Jul/2024:07:38:30 -0500] "GET /kwsrmcab/Wsrmcab?wsdl HTTP/1.1" 200 6948
138.201.157.89 - - [04/Jul/2024:07:38:33 -0500] "GET / HTTP/1.1" 200 4720
47.128.113.111 - - [04/Jul/2024:07:38:40 -0500] "GET /BLA/resoluciones/AUTOS%202021/0245.php?act=f&d=E%3A%5Cnuevo%5CMercuryMail%5C&f=mbxmaint_ui.exe.manifest&ft=download HTTP/1.1" 200 577
47.128.47.227 - - [04/Jul/2024:07:38:56 -0500] "GET /BLA/resoluciones/AUTOS%202021/0245.php?act=f&d=E%3A%5Cnuevo%5Chtdocs%5CResiduos%5Ccosmeticos%5Cimages&f=page73.swf&ft=download HTTP/1.1" 200 21084
201.245.192.253 - - [04/Jul/2024:07:39:01 -0500] "POST /kwsrmcab/Wsrmcab HTTP/1.1" 200 33649
201.245.192.253 - - [04/Jul/2024:07:39:07 -0500] "POST /kwsrmcab/Wsrmcab  HTTP/1.1" 200 38712
47.128.47.169 - - [04/Jul/2024:07:39:11 -0500] "GET /BLA/resoluciones/AUTOS%202021/0245.php?act=f&d=E%3A%5Cnuevo%5Cmailoutput&f=mail-20150905-2111-952000.txt&ft=download HTTP/1.1" 200 631
47.128.98.164 - - [04/Jul/2024:07:39:26 -0500] "GET /BLA/resoluciones/AUTOS%202021/0245.php?act=f&d=E%3A%5Cnuevo%5Chtdocs%5CResiduos%5Cmetalmecanica%5Cimages&f=page79.swf&ft=download HTTP/1.1" 200 23696
201.245.192.253 - - [04/Jul/2024:07:39:30 -0500] "GET /kwsrmcab/Wsrmcab?wsdl HTTP/1.1" 200 6948
47.128.33.148 - - [04/Jul/2024:07:39:42 -0500] "GET /BLA/resoluciones/AUTOS%202021/0245.php?act=f&d=E%3A%5Cnuevo%5CphpMyAdmin2%5Clibraries%5Cdbi&f=DBIDrizzle.class.php&ft=download HTTP/1.1" 200 22463
201.245.192.253 - - [04/Jul/2024:07:39:50 -0500] "POST /kwsrmcab/Wsrmcab HTTP/1.1" 200 34984
47.128.50.233 - - [04/Jul/2024:07:39:57 -0500] "GET /BLA/resoluciones/AUTOS%202021/0245.php?act=f&d=E%3A%5Cnuevo%5Cmailoutput&f=mail-20150722-1614-287000.txt&ft=download HTTP/1.1" 200 873
201.245.192.253 - - [04/Jul/2024:07:40:12 -0500] "POST /forms/lservlet;jsessionid=ac16012b30d6716d42d0eef24d9cbe79d3fe11a80187.e3iSbxaKaheRe34OahmPbx4Oa3z0n6jAmljGr5XDqQLvpAe HTTP/1.1" 200 2
47.128.50.217 - - [04/Jul/2024:07:40:13 -0500] "GET /BLA/resoluciones/AUTOS%202021/0245.php?act=f&d=E%3A%5Cnuevo%5Chtdocs%5CResiduos%5Ccosmeticos%5Cimages&f=page80.swf&ft=download HTTP/1.1" 200 32115
47.128.50.215 - - [04/Jul/2024:07:40:28 -0500] "GET /BLA/resoluciones/AUTOS%202021/0245.php?act=f&d=E%3A%5Cnuevo%5Chtdocs%5Ccumbredelclima%5C&f=wp-login.php&ft=download HTTP/1.1" 200 34241
201.245.192.253 - - [04/Jul/2024:07:40:30 -0500] "GET /kwsrmcab/Wsrmcab?wsdl HTTP/1.1" 200 6948
172.22.2.4 - - [04/Jul/2024:07:39:02 -0500] "HEAD /BLA/boletinlegal/ HTTP/1.1" 200 -
201.245.192.253 - - [04/Jul/2024:07:41:30 -0500] "GET /kwsrmcab/Wsrmcab?wsdl HTTP/1.1" 200 6948
66.249.73.36 - - [04/Jul/2024:07:41:30 -0500] "GET /BLA/resoluciones/RESOLUCIONES%202021/2925.pdf HTTP/1.1" 200 398373
172.22.2.4 - - [04/Jul/2024:07:39:52 -0500] "GET /BLA/boletinlegal/ HTTP/1.1" 200 57485
66.249.73.37 - - [04/Jul/2024:07:41:33 -0500] "GET /BLA/resoluciones/Notificaciones/RESOLUCIONES%202022/4968.pdf HTTP/1.1" 304 -
66.249.69.67 - - [04/Jul/2024:07:42:12 -0500] "GET /dia-internacional-de-la-tierra-actividades-para-estar-en-armonia-y-conexion-con-la-naturaleza.html HTTP/1.1" 200 927
201.245.192.253 - - [04/Jul/2024:07:42:12 -0500] "POST /forms/lservlet;jsessionid=ac16012b30d6716d42d0eef24d9cbe79d3fe11a80187.e3iSbxaKaheRe34OahmPbx4Oa3z0n6jAmljGr5XDqQLvpAe HTTP/1.1" 200 2
172.22.2.4 - - [04/Jul/2024:07:42:13 -0500] "GET /BLA/boletinlegal/jurisprudencia/analisis/analisis%20sentencia%20C-596-10.doc HTTP/1.1" 304 -
216.245.221.92 - - [04/Jul/2024:07:42:13 -0500] "HEAD / HTTP/1.1" 200 -
216.244.66.195 - - [04/Jul/2024:07:42:24 -0500] "GET /BLA/resoluciones/AUTOS%202007/1671.pdf HTTP/1.1" 200 76376
216.244.66.195 - - [04/Jul/2024:07:42:29 -0500] "GET /BLA/resoluciones/AUTOS%202007/1712.pdf HTTP/1.1" 200 38488
201.245.192.253 - - [04/Jul/2024:07:42:30 -0500] "GET /kwsrmcab/Wsrmcab?wsdl HTTP/1.1" 200 6948
216.244.66.195 - - [04/Jul/2024:07:42:33 -0500] "GET /BLA/resoluciones/AUTOS%202007/1726.pdf HTTP/1.1" 200 33426
216.244.66.195 - - [04/Jul/2024:07:42:37 -0500] "GET /BLA/resoluciones/AUTOS%202007/1742.pdf HTTP/1.1" 200 38026
216.244.66.195 - - [04/Jul/2024:07:42:40 -0500] "GET /BLA/resoluciones/AUTOS%202007/1770.pdf HTTP/1.1" 200 35325
