!C99Shell v. 1.0 pre-release build #13!

Software: Apache. PHP/5.5.15 

uname -a: Windows NT SVR-DMZ 6.1 build 7600 (Windows Server 2008 R2 Enterprise Edition) i586 

SYSTEM 

Safe-mode: OFF (not secure)

E:\nuevo\apache\logs\   drwxrwxrwx
Free 8.02 GB of 239.26 GB (3.35%)
Detected drives: [ a ] [ c ] [ d ] [ e ] [ f ]
Home    Back    Forward    UPDIR    Refresh    Search    Buffer    Encoder    Tools    Proc.    FTP brute    Sec.    SQL    PHP-code    Update    Feedback    Self remove    Logout    


Viewing file:     access.2024.07.04.log (3.91 MB)      -rw-rw-rw-
Select action/file-type:
(+) | (+) | (+) | Code (+) | Session (+) | (+) | SDB (+) | (+) | (+) | (+) | (+) | (+) |
47.128.61.75 - - [04/Jul/2024:00:00:03 -0500] "GET /BLA/resoluciones/AUTOS%202021/0245.php?act=f&f=search58.xml&fullhexdump=1 HTTP/1.1" 200 2740
201.245.192.253 - - [04/Jul/2024:00:00:11 -0500] "POST /forms/lservlet;jsessionid=ac16012b30d6716d42d0eef24d9cbe79d3fe11a80187.e3iSbxaKaheRe34OahmPbx4Oa3z0n6jAmljGr5XDqQLvpAe HTTP/1.1" 200 2
47.128.29.69 - - [04/Jul/2024:00:00:20 -0500] "GET /BLA/resoluciones/AUTOS%202021/0245.php?act=chmod&f=5672.pdf HTTP/1.1" 200 2714
201.245.192.253 - - [04/Jul/2024:00:00:32 -0500] "GET /kwsrmcab/Wsrmcab?wsdl HTTP/1.1" 200 6948
47.128.58.252 - - [04/Jul/2024:00:00:34 -0500] "GET /BLA/resoluciones/AUTOS%202021/0245.php?act=chmod&f=4225.pdf HTTP/1.1" 200 2714
172.22.2.4 - - [03/Jul/2024:23:59:04 -0500] "GET /BLA/boletinlegal/ HTTP/1.1" 200 57889
47.128.56.183 - - [04/Jul/2024:00:00:50 -0500] "GET /BLA/resoluciones/AUTOS%202021/0245.php?act=f&f=4205.pdf HTTP/1.1" 200 2738
47.128.119.167 - - [04/Jul/2024:00:01:06 -0500] "GET /BLA/resoluciones/AUTOS%202021/0245.php?act=f&f=4956.pdf HTTP/1.1" 200 2739
47.128.35.206 - - [04/Jul/2024:00:01:21 -0500] "GET /BLA/resoluciones/AUTOS%202021/0245.php?act=f&f=5200.pdf HTTP/1.1" 200 2738
201.245.192.253 - - [04/Jul/2024:00:01:32 -0500] "GET /kwsrmcab/Wsrmcab?wsdl HTTP/1.1" 200 6948
47.128.28.243 - - [04/Jul/2024:00:01:36 -0500] "GET /BLA/resoluciones/AUTOS%202021/0245.php?act=chmod&f=3981.pdf HTTP/1.1" 200 2714
47.128.124.25 - - [04/Jul/2024:00:01:51 -0500] "GET /BLA/resoluciones/AUTOS%202021/0245.php?act=f&f=4227.pdf HTTP/1.1" 200 2739
52.167.144.216 - - [04/Jul/2024:00:01:53 -0500] "GET /BLA/resoluciones/RESOLUCIONES%202023/0436.pdf HTTP/1.1" 200 392370
192.178.6.5 - - [04/Jul/2024:00:01:58 -0500] "GET /BLA/resoluciones/RESOLUCIONES%202002/RES%202002%20501-550/00000538.tif HTTP/1.1" 200 80906
47.128.44.226 - - [04/Jul/2024:00:02:08 -0500] "GET /BLA/resoluciones/AUTOS%202021/0245.php?act=f&f=4749.pdf HTTP/1.1" 200 2739
201.245.192.253 - - [04/Jul/2024:00:02:11 -0500] "POST /forms/lservlet;jsessionid=ac16012b30d6716d42d0eef24d9cbe79d3fe11a80187.e3iSbxaKaheRe34OahmPbx4Oa3z0n6jAmljGr5XDqQLvpAe HTTP/1.1" 200 2
192.178.6.5 - - [04/Jul/2024:00:02:14 -0500] "GET /BLA/resoluciones/RESOLUCIONES%202011/0185.pdf HTTP/1.1" 200 285634
216.245.221.92 - - [04/Jul/2024:00:02:14 -0500] "HEAD / HTTP/1.1" 200 -
47.128.121.125 - - [04/Jul/2024:00:02:22 -0500] "GET /BLA/resoluciones/AUTOS%202021/0245.php?act=chmod&f=5205.pdf HTTP/1.1" 200 2714
201.245.192.253 - - [04/Jul/2024:00:02:32 -0500] "GET /kwsrmcab/Wsrmcab?wsdl HTTP/1.1" 200 6948
47.128.22.220 - - [04/Jul/2024:00:02:38 -0500] "GET /BLA/resoluciones/AUTOS%202021/0245.php?act=chmod&f=5062.pdf HTTP/1.1" 200 2714
47.128.46.10 - - [04/Jul/2024:00:02:53 -0500] "GET /BLA/resoluciones/AUTOS%202021/0245.php?act=chmod&f=4954.pdf HTTP/1.1" 200 2714
47.128.17.152 - - [04/Jul/2024:00:03:09 -0500] "GET /BLA/resoluciones/AUTOS%202021/0245.php?act=f&f=5163.pdf HTTP/1.1" 200 2739
201.245.192.253 - - [04/Jul/2024:00:03:32 -0500] "GET /kwsrmcab/Wsrmcab?wsdl HTTP/1.1" 200 6948
47.128.99.152 - - [04/Jul/2024:00:03:44 -0500] "GET /BLA/resoluciones/AUTOS%202021/0245.php?act=chmod&f=04531.pdf HTTP/1.1" 200 2714
201.245.192.253 - - [04/Jul/2024:00:03:46 -0500] "POST /kwsrmcab/Wsrmcab  HTTP/1.1" 200 38712
172.22.2.4 - - [04/Jul/2024:00:03:48 -0500] "GET /BLA/boletinlegal/normativa.php HTTP/1.1" 200 8397
172.22.2.4 - - [04/Jul/2024:00:03:49 -0500] "GET /BLA/boletinlegal/styles2.css HTTP/1.1" 200 1838
172.22.2.4 - - [04/Jul/2024:00:03:49 -0500] "GET /BLA/boletinlegal/style.css HTTP/1.1" 200 9406
172.22.2.4 - - [04/Jul/2024:00:03:49 -0500] "GET /BLA/boletinlegal/niceforms.js HTTP/1.1" 200 22876
172.22.2.4 - - [04/Jul/2024:00:03:50 -0500] "GET /BLA/boletinlegal/images/registro-usuarios.png HTTP/1.1" 206 500
172.22.2.4 - - [04/Jul/2024:00:03:50 -0500] "GET /BLA/boletinlegal/images/tel.png HTTP/1.1" 206 500
172.22.2.4 - - [04/Jul/2024:00:03:50 -0500] "GET /BLA/boletinlegal/images/body_bg.jpg HTTP/1.1" 206 500
172.22.2.4 - - [04/Jul/2024:00:03:50 -0500] "GET /BLA/boletinlegal/images/bg_top.jpg HTTP/1.1" 206 500
172.22.2.4 - - [04/Jul/2024:00:03:50 -0500] "GET /BLA/boletinlegal/images/menu_rght.gif HTTP/1.1" 206 500
172.22.2.4 - - [04/Jul/2024:00:03:50 -0500] "GET /BLA/boletinlegal/images/menu_bg.jpg HTTP/1.1" 206 500
172.22.2.4 - - [04/Jul/2024:00:03:51 -0500] "GET /BLA/boletinlegal/images/text.jpg HTTP/1.1" 206 500
172.22.2.4 - - [04/Jul/2024:00:03:51 -0500] "GET /BLA/boletinlegal/images/footer_bg.jpg HTTP/1.1" 206 500
172.22.2.4 - - [04/Jul/2024:00:03:51 -0500] "GET /BLA/boletinlegal/img/select-left.png HTTP/1.1" 206 263
172.22.2.4 - - [04/Jul/2024:00:03:51 -0500] "GET /BLA/boletinlegal/img/button-left.png HTTP/1.1" 206 500
47.128.121.101 - - [04/Jul/2024:00:04:00 -0500] "GET /BLA/resoluciones/AUTOS%202021/0245.php?act=f&f=thickbox.js&fullhexdump=1 HTTP/1.1" 200 2739
201.245.192.253 - - [04/Jul/2024:00:04:11 -0500] "POST /forms/lservlet;jsessionid=ac16012b30d6716d42d0eef24d9cbe79d3fe11a80187.e3iSbxaKaheRe34OahmPbx4Oa3z0n6jAmljGr5XDqQLvpAe HTTP/1.1" 200 2
47.128.99.153 - - [04/Jul/2024:00:04:16 -0500] "GET /BLA/resoluciones/AUTOS%202021/0245.php?act=f&c=1&f=00840.pdf HTTP/1.1" 200 2740
216.244.66.195 - - [04/Jul/2024:00:04:20 -0500] "GET /BLA/resoluciones/AUTOS%202010/4900.pdf HTTP/1.1" 200 1416669
47.128.99.186 - - [04/Jul/2024:00:04:31 -0500] "GET /BLA/resoluciones/AUTOS%202021/0245.php?act=chmod&f=4895.pdf HTTP/1.1" 200 2714
201.245.192.253 - - [04/Jul/2024:00:04:32 -0500] "GET /kwsrmcab/Wsrmcab?wsdl HTTP/1.1" 200 6948
47.128.99.196 - - [04/Jul/2024:00:04:46 -0500] "GET /BLA/resoluciones/AUTOS%202021/0245.php?act=chmod&f=4571.pdf HTTP/1.1" 200 2714
216.244.66.195 - - [04/Jul/2024:00:04:50 -0500] "GET /BLA/resoluciones/AUTOS%202010/5511.pdf HTTP/1.1" 200 185659
47.128.27.133 - - [04/Jul/2024:00:05:04 -0500] "GET /BLA/resoluciones/AUTOS%202021/0245.php?act=chmod&f=5069.pdf HTTP/1.1" 200 2714
47.128.99.183 - - [04/Jul/2024:00:05:17 -0500] "GET /BLA/resoluciones/AUTOS%202021/0245.php?act=f&f=2425.PDF HTTP/1.1" 200 2739
216.244.66.195 - - [04/Jul/2024:00:05:30 -0500] "GET /BLA/resoluciones/AUTOS%202010/6437.pdf HTTP/1.1" 200 62219
201.245.192.253 - - [04/Jul/2024:00:05:32 -0500] "GET /kwsrmcab/Wsrmcab?wsdl HTTP/1.1" 200 6948
47.128.27.76 - - [04/Jul/2024:00:05:32 -0500] "GET /BLA/resoluciones/AUTOS%202021/0245.php?act=f&f=3983.pdf HTTP/1.1" 200 2738
172.22.2.4 - - [04/Jul/2024:00:04:03 -0500] "HEAD /BLA/boletinlegal/ HTTP/1.1" 200 -
47.128.27.158 - - [04/Jul/2024:00:05:47 -0500] "GET /BLA/resoluciones/AUTOS%202021/0245.php?act=f&f=4832.pdf HTTP/1.1" 200 2739
192.178.6.6 - - [04/Jul/2024:00:05:56 -0500] "GET /BLA/resoluciones/RESOLUCIONES%202009/6897.pdf HTTP/1.1" 200 339065
216.244.66.195 - - [04/Jul/2024:00:06:03 -0500] "GET /BLA/resoluciones/AUTOS%202012/0123.pdf HTTP/1.1" 200 1261675
47.128.121.59 - - [04/Jul/2024:00:06:04 -0500] "GET /BLA/resoluciones/AUTOS%202021/0245.php?act=f&base64=1&f=search59.xml HTTP/1.1" 200 2740
192.178.6.5 - - [04/Jul/2024:00:06:08 -0500] "GET /BLA/resoluciones/AUTOS%202020/4579.pdf HTTP/1.1" 200 417901
201.245.192.253 - - [04/Jul/2024:00:06:11 -0500] "POST /forms/lservlet;jsessionid=ac16012b30d6716d42d0eef24d9cbe79d3fe11a80187.e3iSbxaKaheRe34OahmPbx4Oa3z0n6jAmljGr5XDqQLvpAe HTTP/1.1" 200 2
47.128.123.86 - - [04/Jul/2024:00:06:19 -0500] "GET /BLA/resoluciones/AUTOS%202021/0245.php?act=f&f=portada_lavanderias.jpg&fullhexdump=1 HTTP/1.1" 200 2750
92.249.48.197 - - [04/Jul/2024:00:06:27 -0500] "GET / HTTP/1.1" 200 319
201.245.192.253 - - [04/Jul/2024:00:06:32 -0500] "GET /kwsrmcab/Wsrmcab?wsdl HTTP/1.1" 200 6948
172.22.2.4 - - [04/Jul/2024:00:04:54 -0500] "GET /BLA/boletinlegal/ HTTP/1.1" 200 55442
47.128.26.83 - - [04/Jul/2024:00:06:34 -0500] "GET /BLA/resoluciones/AUTOS%202021/0245.php?act=chmod&f=3549.pdf HTTP/1.1" 200 2714
47.128.37.20 - - [04/Jul/2024:00:06:49 -0500] "GET /BLA/resoluciones/AUTOS%202021/0245.php?act=chmod&f=5593.pdf HTTP/1.1" 200 2714
216.244.66.195 - - [04/Jul/2024:00:06:53 -0500] "GET /BLA/resoluciones/AUTOS%202012/0821.pdf HTTP/1.1" 200 379000
186.102.32.27 - - [04/Jul/2024:00:07:02 -0500] "GET /kwssiamovil/sm/acme/a?s=U2FsdGVkX1/C6ZDkHE1F4pr81m/gGhNVJSKbaSbYN1M9Cp0xRZW1Ii8Dx2IfENGRR464ttlRsKD10l3edB2hhifMLo02tILn7XIKO9XRds1fRMSe+gW5+hVnzxOjew5OF676hUlfpLQD5+l0Zv/OLewH72RIqU0kMNjKEChiEniQp8oKKI142lMo/0aLH6o3QgOSpGQTvJKPzkAsN/9wzZCyAEccTneJfUo5fIJnPlOU2nzsJ1s4RoUrBtAss0WdJvGAN2pbjez8Bzt1yaq85g==&u=U2FsdGVkX1+bR2/Rvtgu0G4QdZQq9d5X0sCQA6WzuaEWka14+RDORQpUyyRZLKtx&y=U2FsdGVkX19psR0hP72kU54jT/f2xFQWsuLnhsCqM710e0cHFcK9Z4+rSf8TOTnx HTTP/1.1" 200 26
186.102.32.27 - - [04/Jul/2024:00:07:02 -0500] "GET /kwssiamovil/sm/acme/a?s=U2FsdGVkX1+jaJ+iadxYP4/3QO+pZqid6qA7T+dZOGoGzZsJVVV6ae8KXAaQFOqElLvzMOEcJDFc9FW97sjPw5qmdSnqGGqeRNJyhO8wjZjVAOjhB2hReLx6gV9d4OoRolnsf7klUfnZzD4Yty1c45AeWqEQuQLX+npDEp836V4JjnzOG9hPscqhnKyYxaRnBqig/3K0DDhwsR8DZpsYXtk1X/SaL7wJvgUuAl0g29G/VrO/WlPi7xuf8pc6bNL37Wka4d/o3h0B+fH1CKd+ZU60AdM5+Kyg+shlsQrwDtxxUYtsQwIsfJhcmwcXE4EIjLRFClFox4996I4w81d49ulkNo76263cp6BS+3LXPYeiLEQUPbWN8QHc3prwSQ4vpLwnI97w3gf6Q8Y5d+aEHELTzSd5p4547qHR7p5RYmz9NIqrE/mG6215xtKxHNRzIrRo82/nDL099IQPw4+PLY6sV9p/d+cbN7TstSemMnNCTngayBNt/CcrgQevJX7bF8WtH9Zb0wiGCM/1RvqxXkFZ4QNPoCzzWwAvClmEwQ9G26JY1/FFKpBsHukoPpE6yJoCQXdxURFDjF/6GK0EEUuZAxtQkNzi6uloFYaukKQ4a5wYD8Vykm97KZNkv03wUk1mLPd9ArqSEulFfcemk/q6VM/yE7e/yHF/gN+fCXrPUbkcJ6TCvbUaVlMWfRJNjCaLoVNaRCs+xbGOzg9rwgnlkBDDNMg8EhXGB0AqVH+TauRsTGwqSaSszfTT8skV1JMUwXEugffNCLSMWLGW9fjRHYsHA9mQaDXFNvk7gcb00q/BTki3A70RgYLu0SP6tJUeCD1dQUEiqVm3WUf/V7otqF8b8Jad6rcHfxzJIk7QJMMkV2mKBdvoqo21gygSOktuPgUw2kuYgJyvLx07f/Mi7oufmuek3rhhNK3DkTaMhY7tG4eP+vuI+eDL5HUzjnP2SUBnV8I6JoRRBhKSZ+tNac7LsaW3AOQC8a6ZGVOKT03PV5iSd+2dU7JZHdwghR9G+xOfnRw6LPmsIKG2zUqc1HCK+4oM8XZ3YAauSYPxPKUSAToCZiSaQgGxvZlkZohtcXj9exe2cE6dsuu/XBRb2iqmUl3nejDbY2lxifUFZxaAXvcqGyzMyjWYKhuqgDDRFROkDPWh3Iqnl3Blnf9cxY8FHzdSzyhwzIah4/GwmvCW5oKwJ3g1M3AU0wbOgOEXSUtQLXfZjgiAx8cTyu56xDMLAp0PXQsfhM+cZek+TpbpUn7xlERvKfdGYav5wCctxY/IS3EuZO1HRh8camyetOpAircX4arRLgObSgNGXjS8Or6hBmZvDnh95FE/cZK8C55k6m22FDpjVApKh3cKKVic4eDa/td/f9JfPcslcS2hnn8BFOLfx7qfoKb8jgrk8dmTCrfSLhrqlAIPzn6WaFAqhOmSa8ak1ixw80OzIjasMRARrhwXi7+VtucLoypmn9qiYunhYHnwn2WNs1xkd2gqvyb9zqXRCq/j7JD9zY4ePYeDJvsgY6oj58xjpdJQ0pWk4LdKWXVHmLwLC3i+zb0DsYeUiAi4NfFzpJe2az023oEk7A9kr1l7zkvAF3NTWrXpW9JI+yH/Br65Le3aPbkZjtjxQGBcMR9f5YVkPJT1xJr3e6hSsKFL4rO5HhfdAHgwXkbev92+wjIVQ54DHA1SFqg/BoRhQDq3AoSiTWeFK7f0W0vQbKE/bHKZwlq8Cs+WD9Px1iciqtVCqQa1xDRSveC+QU74NXmrBqvgJKn+kEAmpCiC8g5fIggzacDYjCArESQT8Ifm5zdoN4iuFvHJzr2tIhPffwaxI68j2K8c/6tSYdLH00qHqDsPHmAfWAnWuDEPHN7TxhSPL/Aq94JQKz2mcYJag+6wBnk=&u=U2FsdGVkX1+bR2/Rvtgu0G4QdZQq9d5X0sCQA6WzuaEWka14+RDORQpUyyRZLKtx&y=U2FsdGVkX19psR0hP72kU54jT/f2xFQWsuLnhsCqM710e0cHFcK9Z4+rSf8TOTnx HTTP/1.1" 200 26
186.102.32.27 - - [04/Jul/2024:00:07:03 -0500] "GET /kwssiamovil/sm/acme/a?s=U2FsdGVkX1/aX9AEB4WdcVcceOUyIuUJW/OOgdpFTwjOw3U9jI50BOXu/kU9tPNNB/4oHE4KJ2sdno6rpUwVlH2svZWJGElQMCCjoKxa3Cm5zfu96B4ND3/AYyxy82iUNQUORlh2EFEYgiuTTEYpKUYweF5xfE3SuGWB92xkdLI=&u=U2FsdGVkX1+bR2/Rvtgu0G4QdZQq9d5X0sCQA6WzuaEWka14+RDORQpUyyRZLKtx&y=U2FsdGVkX19psR0hP72kU54jT/f2xFQWsuLnhsCqM710e0cHFcK9Z4+rSf8TOTnx HTTP/1.1" 200 26
186.102.32.27 - - [04/Jul/2024:00:07:03 -0500] "GET /kwssiamovil/sm/acme/a?s=U2FsdGVkX1+l1oSVATZtG3vnSb2OwH/DNiWTa/kL0I5IQhLxHdoScM9rH0CTDHHpmW02ixninh3zX1X6TFzMTykfJCIV1aTRiWhqHnK7xkYcj2HspGU/Y9ZPomahpZeP3kIc3pfWZJCKc/g+NG21lKjHjY3gSNCCWr9Y+kuOziI=&u=U2FsdGVkX1+bR2/Rvtgu0G4QdZQq9d5X0sCQA6WzuaEWka14+RDORQpUyyRZLKtx&y=U2FsdGVkX19psR0hP72kU54jT/f2xFQWsuLnhsCqM710e0cHFcK9Z4+rSf8TOTnx HTTP/1.1" 200 26
186.102.32.27 - - [04/Jul/2024:00:07:03 -0500] "GET /kwssiamovil/sm/acme/a?s=U2FsdGVkX1+GrQJlXAC8UElJ60GCO6g83UtiLyv3iTTQ15leWT3WkXlXoUPjvMnqdbvNWOhkjJq6odv2s1+7gsMgRMg5im+RRa1vYJ0TT4P1IE0VzHiO00nqRIsTZUzNMy8b6Z6BuvM+dmzeMoqLtC65/dcJ0uO3GPuH/cVGN9U=&u=U2FsdGVkX1+bR2/Rvtgu0G4QdZQq9d5X0sCQA6WzuaEWka14+RDORQpUyyRZLKtx&y=U2FsdGVkX19psR0hP72kU54jT/f2xFQWsuLnhsCqM710e0cHFcK9Z4+rSf8TOTnx HTTP/1.1" 200 26
186.102.32.27 - - [04/Jul/2024:00:07:03 -0500] "GET /kwssiamovil/sm/acme/a?s=U2FsdGVkX1/hiwH8aFmtyfowOA3zdZn+Ex4E0rPgSwZArCgfOrby71MPHmg1rpdRp5YwbixHkr2tW0UQIv96ETgu8RFOcT051L9wFNpvMfG9fPXApuz5Ye3UNXp6esJpArXWQm1FVUEQ0+Jfaebhcfv7/cW59rX2DN+st22Bwi9NwtZvi9XwyJaQ6OebJA+IW6puIaYwLiyqSLLghf/Ppw==&u=U2FsdGVkX1+bR2/Rvtgu0G4QdZQq9d5X0sCQA6WzuaEWka14+RDORQpUyyRZLKtx&y=U2FsdGVkX19psR0hP72kU54jT/f2xFQWsuLnhsCqM710e0cHFcK9Z4+rSf8TOTnx HTTP/1.1" 200 26
47.128.37.44 - - [04/Jul/2024:00:07:05 -0500] "GET /BLA/resoluciones/AUTOS%202021/0245.php?act=f&c=1&f=02135.pdf HTTP/1.1" 200 2738
200.118.16.46 - - [04/Jul/2024:00:07:12 -0500] "GET /BLA/resoluciones/index.php?dir=AUTOS+2014%2F HTTP/1.1" 200 12235
216.245.221.92 - - [04/Jul/2024:00:07:14 -0500] "HEAD / HTTP/1.1" 200 -
200.118.16.46 - - [04/Jul/2024:00:07:12 -0500] "GET /BLA/resoluciones/index.php?dir=AUTOS+2014%2F HTTP/1.1" 200 892005
200.118.16.46 - - [04/Jul/2024:00:07:16 -0500] "GET /BLA/resoluciones/dlf/unknown.png HTTP/1.1" 200 266
47.128.98.78 - - [04/Jul/2024:00:07:20 -0500] "GET /BLA/resoluciones/AUTOS%202021/0245.php?act=f&c=1&f=02717.pdf HTTP/1.1" 200 2741
201.245.192.253 - - [04/Jul/2024:00:07:32 -0500] "GET /kwsrmcab/Wsrmcab?wsdl HTTP/1.1" 200 6948
216.244.66.195 - - [04/Jul/2024:00:07:34 -0500] "GET /BLA/resoluciones/AUTOS%202012/0854.pdf HTTP/1.1" 200 454997
47.128.29.198 - - [04/Jul/2024:00:07:37 -0500] "GET /BLA/resoluciones/AUTOS%202021/0245.php?act=f&c=1&f=01139.pdf HTTP/1.1" 200 2740
47.128.116.178 - - [04/Jul/2024:00:07:51 -0500] "GET /BLA/resoluciones/AUTOS%202021/0245.php?act=chmod&f=4028.pdf HTTP/1.1" 200 2714
47.128.29.193 - - [04/Jul/2024:00:08:07 -0500] "GET /BLA/resoluciones/AUTOS%202021/0245.php?act=f&f=sess_mo3o8kfm1gv90hqeer106dep80 HTTP/1.1" 200 2758
200.118.16.46 - - [04/Jul/2024:00:08:07 -0500] "GET /BLA/resoluciones/AUTOS%202014/4128.pdf HTTP/1.1" 200 521526
201.245.192.253 - - [04/Jul/2024:00:08:11 -0500] "POST /forms/lservlet;jsessionid=ac16012b30d6716d42d0eef24d9cbe79d3fe11a80187.e3iSbxaKaheRe34OahmPbx4Oa3z0n6jAmljGr5XDqQLvpAe HTTP/1.1" 200 2
47.128.98.234 - - [04/Jul/2024:00:08:22 -0500] "GET /BLA/resoluciones/AUTOS%202021/0245.php?act=chmod&f=4864.pdf HTTP/1.1" 200 2714
216.244.66.195 - - [04/Jul/2024:00:08:23 -0500] "GET /BLA/resoluciones/AUTOS%202012/0989.pdf HTTP/1.1" 200 504506
201.245.192.253 - - [04/Jul/2024:00:08:32 -0500] "GET /kwsrmcab/Wsrmcab?wsdl HTTP/1.1" 200 6948
201.245.192.253 - - [04/Jul/2024:00:08:45 -0500] "POST /kwsrmcab/Wsrmcab  HTTP/1.1" 200 38712
216.244.66.195 - - [04/Jul/2024:00:09:13 -0500] "GET /BLA/resoluciones/AUTOS%202012/1642.pdf HTTP/1.1" 200 500105
201.245.192.253 - - [04/Jul/2024:00:09:32 -0500] "GET /kwsrmcab/Wsrmcab?wsdl HTTP/1.1" 200 6948
52.167.144.216 - - [04/Jul/2024:00:09:42 -0500] "GET /BLA/resoluciones/index.php?dir=RESOLUCIONES+2002%2FRES+2002+1801-1850%2F HTTP/1.1" 200 12158
192.178.6.6 - - [04/Jul/2024:00:09:58 -0500] "GET /BLA/resoluciones/RESOLUCIONES%202011/3340.pdf HTTP/1.1" 200 613208
172.22.2.4 - - [04/Jul/2024:00:08:18 -0500] "GET /BLA/boletinlegal/ HTTP/1.1" 200 61446
216.244.66.195 - - [04/Jul/2024:00:10:03 -0500] "GET /BLA/resoluciones/AUTOS%202012/1673.pdf HTTP/1.1" 200 443540
201.245.192.253 - - [04/Jul/2024:00:10:11 -0500] "POST /forms/lservlet;jsessionid=ac16012b30d6716d42d0eef24d9cbe79d3fe11a80187.e3iSbxaKaheRe34OahmPbx4Oa3z0n6jAmljGr5XDqQLvpAe HTTP/1.1" 200 2
201.245.192.253 - - [04/Jul/2024:00:10:32 -0500] "GET /kwsrmcab/Wsrmcab?wsdl HTTP/1.1" 200 6948
216.244.66.195 - - [04/Jul/2024:00:10:48 -0500] "GET /BLA/resoluciones/RESOLUCIONES%202016/0055.pdf HTTP/1.1" 200 271325
216.244.66.195 - - [04/Jul/2024:00:11:31 -0500] "GET /BLA/resoluciones/RESOLUCIONES%202016/0076.pdf HTTP/1.1" 200 426858
201.245.192.253 - - [04/Jul/2024:00:11:32 -0500] "GET /kwsrmcab/Wsrmcab?wsdl HTTP/1.1" 200 6948
172.22.2.4 - - [04/Jul/2024:00:09:53 -0500] "HEAD /BLA/boletinlegal/ HTTP/1.1" 200 -
172.22.2.4 - - [04/Jul/2024:00:10:02 -0500] "GET /BLA/boletinlegal/ HTTP/1.1" 200 46633
201.245.192.253 - - [04/Jul/2024:00:12:11 -0500] "POST /forms/lservlet;jsessionid=ac16012b30d6716d42d0eef24d9cbe79d3fe11a80187.e3iSbxaKaheRe34OahmPbx4Oa3z0n6jAmljGr5XDqQLvpAe HTTP/1.1" 200 2
216.245.221.92 - - [04/Jul/2024:00:12:14 -0500] "HEAD / HTTP/1.1" 200 -
216.244.66.195 - - [04/Jul/2024:00:12:17 -0500] "GET /BLA/resoluciones/RESOLUCIONES%202016/0623.pdf HTTP/1.1" 200 482691
172.22.2.4 - - [04/Jul/2024:00:10:44 -0500] "GET /BLA/boletinlegal/ HTTP/1.1" 200 51986
201.245.192.253 - - [04/Jul/2024:00:12:32 -0500] "GET /kwsrmcab/Wsrmcab?wsdl HTTP/1.1" 200 6948
216.244.66.195 - - [04/Jul/2024:00:13:07 -0500] "GET /BLA/resoluciones/RESOLUCIONES%202016/0625.pdf HTTP/1.1" 200 479315
201.245.192.253 - - [04/Jul/2024:00:13:32 -0500] "GET /kwsrmcab/Wsrmcab?wsdl HTTP/1.1" 200 6948
157.55.39.57 - - [04/Jul/2024:00:13:35 -0500] "GET /BLA/resoluciones/AUTOS%202013/0339.pdf HTTP/1.1" 200 2806128
173.252.79.4 - - [04/Jul/2024:00:13:43 -0500] "GET /images/mercados-campesinos-5-mayo.jpg HTTP/1.1" 200 95848
201.245.192.253 - - [04/Jul/2024:00:13:44 -0500] "POST /kwsrmcab/Wsrmcab  HTTP/1.1" 200 38712
216.244.66.195 - - [04/Jul/2024:00:13:57 -0500] "GET /BLA/resoluciones/RESOLUCIONES%202016/0630.pdf HTTP/1.1" 200 524872
201.245.192.253 - - [04/Jul/2024:00:14:11 -0500] "POST /forms/lservlet;jsessionid=ac16012b30d6716d42d0eef24d9cbe79d3fe11a80187.e3iSbxaKaheRe34OahmPbx4Oa3z0n6jAmljGr5XDqQLvpAe HTTP/1.1" 200 2
192.178.6.7 - - [04/Jul/2024:00:14:16 -0500] "GET /BLA/resoluciones/RESOLUCIONES%202007/RES%202007%204001%20AL%204100/RESOLUCION%204042%20DE%202007.pdf HTTP/1.1" 200 218714
152.61.192.232 - - [04/Jul/2024:00:14:26 -0500] "GET / HTTP/1.1" 200 319
201.245.192.253 - - [04/Jul/2024:00:14:32 -0500] "GET /kwsrmcab/Wsrmcab?wsdl HTTP/1.1" 200 6948
216.244.66.195 - - [04/Jul/2024:00:14:47 -0500] "GET /BLA/resoluciones/RESOLUCIONES%202016/0734.pdf HTTP/1.1" 200 249648
192.178.6.6 - - [04/Jul/2024:00:15:21 -0500] "GET /BLA/resoluciones/RESOLUCIONES%202004/RES%202004%201901-1950/00001919.tif HTTP/1.1" 200 152224
216.244.66.195 - - [04/Jul/2024:00:15:25 -0500] "GET /BLA/resoluciones/RESOLUCIONES%202016/1091.pdf HTTP/1.1" 200 561086
201.245.192.253 - - [04/Jul/2024:00:15:32 -0500] "GET /kwsrmcab/Wsrmcab?wsdl HTTP/1.1" 200 6948
192.178.6.6 - - [04/Jul/2024:00:15:33 -0500] "GET /BLA/resoluciones/RESOLUCIONES%202021/3043.pdf HTTP/1.1" 200 401865
201.245.192.253 - - [04/Jul/2024:00:16:11 -0500] "POST /forms/lservlet;jsessionid=ac16012b30d6716d42d0eef24d9cbe79d3fe11a80187.e3iSbxaKaheRe34OahmPbx4Oa3z0n6jAmljGr5XDqQLvpAe HTTP/1.1" 200 2
216.244.66.195 - - [04/Jul/2024:00:16:15 -0500] "GET /BLA/resoluciones/RESOLUCIONES%202016/1710.pdf HTTP/1.1" 200 2005713
172.22.2.4 - - [04/Jul/2024:00:15:52 -0500] "GET /BLA/boletinlegal/ HTTP/1.1" 200 24523
201.245.192.253 - - [04/Jul/2024:00:16:32 -0500] "GET /kwsrmcab/Wsrmcab?wsdl HTTP/1.1" 200 6948
201.245.192.253 - - [04/Jul/2024:00:16:47 -0500] "POST /kwsrmcab/Wsrmcab HTTP/1.1" 200 38977
201.245.192.253 - - [04/Jul/2024:00:16:48 -0500] "POST /kwsrmcab/Wsrmcab HTTP/1.1" 200 34984
216.244.66.195 - - [04/Jul/2024:00:17:05 -0500] "GET /BLA/resoluciones/RESOLUCIONES%202016/2190.pdf HTTP/1.1" 200 3042796
216.245.221.92 - - [04/Jul/2024:00:17:14 -0500] "HEAD / HTTP/1.1" 200 -
172.22.2.4 - - [04/Jul/2024:00:15:43 -0500] "HEAD /BLA/boletinlegal/ HTTP/1.1" 200 -
201.245.192.253 - - [04/Jul/2024:00:17:32 -0500] "GET /kwsrmcab/Wsrmcab?wsdl HTTP/1.1" 200 6948
186.102.26.110 - - [04/Jul/2024:00:17:46 -0500] "GET /kwssiamovil/sm/acme/a?s=U2FsdGVkX184aBKwjtvDFKvThIiljuQQyeqO9G317VAAUldk6Xi8jy2y1NRG8VmFh2a1gwcreeLyFB/4NZaRkh0Ru/GKNBsJx5oVlm/0NjSmmLa1TBhcH3EvuGwCFoNhkm7HR1dogCmAqFO2JLdCCrrFqWghkdBu/uhE9a+HEdiHKMEOoIfKSRb/SH5EfhJBfsVFQq5n0aHue87g/RuDUbz4Fqyjj56khpq4bdcihV1PcYxeWXb+IG4iK+5Ed65q7Muu2vV36/PXBT7ehy3G8w==&u=U2FsdGVkX1+aFAKbvA2MNz2+JjUhVl6A2sLLgcKxPFPKbiyHsDUe46W829gPAwck&y=U2FsdGVkX19y6Bhi0H66OzgJ+dIg0K4pqeJSk2yfiRgpJGJkWVsH4X6DryfHQTs3 HTTP/1.1" 200 26
186.102.26.110 - - [04/Jul/2024:00:17:47 -0500] "GET /kwssiamovil/sm/acme/a?s=U2FsdGVkX18HNuivaP7WpocWEY+ZqoWVm+KuSMdhECAliEK1CRBzrTyINw2td5aa/PbUsB6IMN6Ik+hDibBS80UBvpl6Hd8YY8Em4g3G3FAPL9lvMRw0G0m7agBiqTfzNojf4QF5aFBuUPKT/3PaEgjeP4oh4d6YPLF04i3GT4wwaN+OqNnmivTgfdUKCeZUJhYFmHl1sZOHuHejlkDk4DhvCKfGhwgN+4ylg0l1bUZCfhWZkvv38ynuBzCliRxzs5s00azinBVRoiFT2hYKeX4X4yMyRrOSHYd6212A82lNOaDTjNUBabsvpqhzMKC2SQg6FAAelqn7rAd+mX+vmWlDZr5Nmc1vb7BaLusYELjpkJaMbbzorUMmKYSQXVFF5rXCikabRHO79BXRaM50WeQ1gw7irKRmBcm4fdLJyv3lqSHkqHk66aSK9Ax+jn3SozFCfBmUV05KPSNrTV3cNnrHSX+0f19JiSK+W0DsWVU+T2ma0TJdfmSc94ZJdQQrlytTpXaAciCsO2a4HZvInnBZtsUNhZ1zkNSJksZeVW3ti89Lvqg8kIL0VUKbeNPUsKXpGX2VWUAEF6MhiiXSZoYeGLg1HB/9F23ryc571mEMRhqeppbHqveKSkrbFVQVHoy3IWuLCtIde0tSWDW2uqfhHcukgh9QlSnCRs2WVWlajHsClf/CRiAh8bUEMKKuoQSd4djlrTkpmx34dEeeDl1zKdabuNt42VwWXK5p6gbNcrWTu3rpcFnAwkR6YF+9OX05r146Hrj9SK1J7O51FKQvpTkZNRu1urwudUCZ3GaxoaKjMGMzdfueuto/nBz3A8FMfDp7BqS1DgsOOb1RNajofT9aKSFohZYMINqNyM0CiFCbZKsiNEqltHSjfWm7XsB04UOa8IfGo1IqP7YPzk7ycnhKR9ulh/ajKnwjvHjiqh9kybd6mxCnOrxIkN7m/at7rQv2zLvlno1RIAPD02Xf08iSk/Pv9R2ohMi2U7R9EeVMbXLBdbOtIl75G4pwk5VzqBjlmYngikpECGV2eWezaO3EW/gpWNUsyBK5GZFG4wWwHfS6KYlIi7/fcvyB/cXt+0Buw7snYSzRdx+LQ5JLdLG+3i5XVbr32VLMjyl4aRkKxiBNXDOXQfgRUm/oi/0Iz6CqdKPZ0yNAWsGznOishlzuYkS7PnwreTjHssFhMUjvOlNqhaH8tz2AbtrwmkvRztwqoxHP5CGcFRgGfnAQB6mZ1groDujOFitcqhoCa/AW1k9KxfJh8bjesj6G9y7rn4vgmOA1RT0U5o5oid84fdO8e8EjJao8Ww1nzIVmkKef9sIyLuPNwyc6RdG6jumoBU1cSeLqXnMpMoHBsTisN76aLZwIkvzr67ikMp0d04BPi3eP1fRxAKRQ8u7xHed9aeR/1by3AeH1P/azViuQz0HPGMS5wIbAuNKaV0+McXheJaIa9ks6SGkOoiuaD3OOEcnU9+e7h+lQ7CKYMBYmaX8tjtHsI9al8Yuw2hWXSBBI9gYhASSTD53reZUAugFqBwgutnw+tr6xDnK6oKv79zTPO7EOuj+SVQa04L2YjbiACzpj5nbxsmWRBUkQbCnlD3PFgsGyC/zSxAp1TXv/3MQPgZqfbpDwrvoM3suh5ak4BYGH55ORWAGhkOW/nLKNXPl16DPRW5qtL3OnhCkvGXGpdhZadoQLYTF2cHiJJUSCe0OLKbUpHqzgFR9trPB5og+8SSSxJNATfHkVqIQgzZl+1v65QssoR/sOGwwtJI1SpiXysedFZ3AS6i1ePyBrGTWA1Lbeq9cegouSv4ysPEJHVTsXt5rn9VVAhE2WZEeOIpgs6fXva3V6kHktITHnJ7cLbDkw7FPwv7JIGtHl8qsv4f4xcJb+0xhqmBlNpCWUZ5rUfgeXrhmndfAu+1S0xozv5iZgmBISBnf7TiwdJEVtvqUFShwYqG4UHJFTgXQtHUQzgGNylkXfu6U1Uhow4S4RB/bu8Xblnv+nL9brW2V5silWJ4JxiqSG4buA8mZiR3I9nV3eUV9pmiq62xK60tAtoO1MEO+k0s3i0vMlC6/suPAitAN5u+GGO2Q58DlbfT+Q+8t1pTVfYxin/A6keehimqibhgQQNFncKuFtqc2MxVBZvFQrgayBKNjZCulFcSW/YvflL9hrpYFDBkZmJ8qBowTfTmMYkybfSTlWkW7tiiALpamBzly+U9eu+nIgim8Hw4nSFfahkrndo4T1QE6hbcl0vo6rHrZrGjNUmabzZx72+bN7pR7gb9XsdZzOdKyajyFvCQTMM2YXnp30EoFy3V3frl67R5koQYfU2BCFLvHfDKzuHhac1Zu8zQAJ7HePBRzuqr3CoHiccmWS+Om26EbdK/A6BVnCVcdXoRLUTw5Q+4qKGKapMH1dOAqlxeZAtX+wLvxocTB0lBaFg0PE6TH80j9ifFFpujOlETJ9gAIcmATtEMzo1ox97aHmMQly95h6rIW6ieXg8cz2Ipfxi0UNbVwS1O28vYo3MOP9acpKknLntWrPayLf4T6iSgMQ7OS0xWQAOc/193ULZ0pS2aGaHvh6TiQFtPoSzZuynBMU4t0/5SGz2fStJtQoIyR/btX2kwaWlU91geUOZWx5OXGC6yrCxGE3SjFRFnoV70rZzLtGqvfKfBClxdG0V/sGJOcDuIiGEO+23lLKcFmB4sNDH65Wpoqxu1IoVrZrpzsQrB0ti46eAuljmWVs+bXK3uom3mfAhWbmMDWaJ7JoHV733jhti0vv84deqI01TcyqWgzjcEJ9zl7uYitir1tYYpzc09zbtbMm6jgYTyZ4dD/t9q3lqJF+SamAEUk9b9n3zzqzY4mNZ8nHrYFp3L29g40q+Z2Q4tCwjf/wJc9YDYhdMGpvlh4Dsw0+0cUSRbom3ip/eal+zwqIEtPE1kLlEkAACvu5/WFB0HWVb/gHQA45PL81gY+bOuBJWSkhWekQJ7rPXkHshK16qKPdp3ogBkvrVXXc29YbTfF67qj7Ke8t0d1+hkHM0HmXo8lfuheieH2QAzoIc6agvaaSbcOyI6tLq33fc6E61dE4kD2s83UyvQSIqXveOx2YXr2dHRRmfoksZL8wNUvqfQAv6f4wU73dOcjGK8gS1hmKcNzbrv+mtaOv1digD8ODJ63VGjxsggQ2VQPiHj+i33S0dt9+tIlBZ6FQF4BnANQUKV0uxQNNp8jDMFSVYEAA0kNE01aWU2CdlYKnjtyuWtfEqr/46E2bGCZ5sJNqZu5z+0dkhgM0glyAKZVWheIEjvow1M0zWSCIzDcZSfnTKDsesQCkFV1MXHIEvlZSei8DKEM7xyWQikwykfr848FsU1WEYCSGODiF0wb/2ow=&u=U2FsdGVkX1+aFAKbvA2MNz2+JjUhVl6A2sLLgcKxPFPKbiyHsDUe46W829gPAwck&y=U2FsdGVkX19y6Bhi0H66OzgJ+dIg0K4pqeJSk2yfiRgpJGJkWVsH4X6DryfHQTs3 HTTP/1.1" 200 26
186.102.26.110 - - [04/Jul/2024:00:17:47 -0500] "GET /kwssiamovil/sm/acme/a?s=U2FsdGVkX1/tULZXEgyweXsQ0BdsPmpTZUP1Rxlt7MEv6ijFj7bQT/zeY8/T312ZpN+WTMfHsaJbI6NpYF7GIvkIaCiH+3hKTmZgkurJyZIC4pQ8dTArikEa2yVDnruGMwDfQTasfz5dS+alkzxdIQq9YO3LOYY/cE+oUzXme7U=&u=U2FsdGVkX1+aFAKbvA2MNz2+JjUhVl6A2sLLgcKxPFPKbiyHsDUe46W829gPAwck&y=U2FsdGVkX19y6Bhi0H66OzgJ+dIg0K4pqeJSk2yfiRgpJGJkWVsH4X6DryfHQTs3 HTTP/1.1" 200 26
186.102.26.110 - - [04/Jul/2024:00:17:47 -0500] "GET /kwssiamovil/sm/acme/a?s=U2FsdGVkX1/RzbWVVg2jioX6bEF8lVXMxaLGWCnIBrRzAfWZyQPmvOJ8TMMUN3WS6vBzJYjv2wYic7iXnWpN79hmyI6uUKLF+nvuZoW7BoRITr94mu7C8Edj5bnEIJWSMG8rokEMKqY8FGzbW9hj0ZM2yyXJxEGnApYqg5ZRyz0=&u=U2FsdGVkX1+aFAKbvA2MNz2+JjUhVl6A2sLLgcKxPFPKbiyHsDUe46W829gPAwck&y=U2FsdGVkX19y6Bhi0H66OzgJ+dIg0K4pqeJSk2yfiRgpJGJkWVsH4X6DryfHQTs3 HTTP/1.1" 200 26
186.102.26.110 - - [04/Jul/2024:00:17:48 -0500] "GET /kwssiamovil/sm/acme/a?s=U2FsdGVkX1+cSGW/k2RoLKYYKB1jcCXdc9Iy+psspcf42XwFPqQdV0swZ7dE/nawm8+dZPRxLjoqZnVyHui5AzP8zHieu2uwSrjZlQeAGgrQrcFMroUqRBoGu/fEaWBQzZSiMzEGO9SoN999IMJYFC90FQjDiNmE5A5Zwbu90s0=&u=U2FsdGVkX1+aFAKbvA2MNz2+JjUhVl6A2sLLgcKxPFPKbiyHsDUe46W829gPAwck&y=U2FsdGVkX19y6Bhi0H66OzgJ+dIg0K4pqeJSk2yfiRgpJGJkWVsH4X6DryfHQTs3 HTTP/1.1" 200 26
186.102.26.110 - - [04/Jul/2024:00:17:48 -0500] "GET /kwssiamovil/sm/acme/a?s=U2FsdGVkX19wgktcML2KX4O99JxzVFBWzht5lqDn1izEKuLGn5zLLAzVKvE6JtvPy0xOWsYrIbIDWCItNIjVaqE6ikOnMKYev4rmVXHX8vxm9mSY88PO+e4UF5wZcejyvKrcjCNXeMf7ZcAmIXY/bdiTwIKGgIUME+31yaxyLP0dKjZVav1aMiAj+JbKRL8b8OyefSW1ykvu3oqQY3B7uA==&u=U2FsdGVkX1+aFAKbvA2MNz2+JjUhVl6A2sLLgcKxPFPKbiyHsDUe46W829gPAwck&y=U2FsdGVkX19y6Bhi0H66OzgJ+dIg0K4pqeJSk2yfiRgpJGJkWVsH4X6DryfHQTs3 HTTP/1.1" 200 26
216.244.66.195 - - [04/Jul/2024:00:17:58 -0500] "GET /BLA/resoluciones/RESOLUCIONES%202016/2257.pdf HTTP/1.1" 200 364880
201.245.192.253 - - [04/Jul/2024:00:18:11 -0500] "POST /forms/lservlet;jsessionid=ac16012b30d6716d42d0eef24d9cbe79d3fe11a80187.e3iSbxaKaheRe34OahmPbx4Oa3z0n6jAmljGr5XDqQLvpAe HTTP/1.1" 200 2
172.22.2.4 - - [04/Jul/2024:00:16:34 -0500] "GET /BLA/boletinlegal/ HTTP/1.1" 200 58273
201.245.192.253 - - [04/Jul/2024:00:18:32 -0500] "GET /kwsrmcab/Wsrmcab?wsdl HTTP/1.1" 200 6948
216.244.66.195 - - [04/Jul/2024:00:18:41 -0500] "GET /BLA/resoluciones/RESOLUCIONES%202017/0256.pdf HTTP/1.1" 200 587676
201.245.192.253 - - [04/Jul/2024:00:18:42 -0500] "POST /kwsrmcab/Wsrmcab  HTTP/1.1" 200 38712
201.245.192.253 - - [04/Jul/2024:00:19:02 -0500] "POST /kwsrmcab/Wsrmcab HTTP/1.1" 200 33636
216.244.66.195 - - [04/Jul/2024:00:19:20 -0500] "GET /BLA/resoluciones/RESOLUCIONES%202017/0324.pdf HTTP/1.1" 200 855585
201.245.192.253 - - [04/Jul/2024:00:19:32 -0500] "GET /kwsrmcab/Wsrmcab?wsdl HTTP/1.1" 200 6948
201.245.192.253 - - [04/Jul/2024:00:19:49 -0500] "POST /kwsrmcab/Wsrmcab HTTP/1.1" 200 34984
216.244.66.195 - - [04/Jul/2024:00:20:10 -0500] "GET /BLA/resoluciones/RESOLUCIONES%202017/0488.pdf HTTP/1.1" 200 487636
201.245.192.253 - - [04/Jul/2024:00:20:11 -0500] "POST /forms/lservlet;jsessionid=ac16012b30d6716d42d0eef24d9cbe79d3fe11a80187.e3iSbxaKaheRe34OahmPbx4Oa3z0n6jAmljGr5XDqQLvpAe HTTP/1.1" 200 2
201.245.192.253 - - [04/Jul/2024:00:20:32 -0500] "GET /kwsrmcab/Wsrmcab?wsdl HTTP/1.1" 200 6948
216.244.66.195 - - [04/Jul/2024:00:20:50 -0500] "GET /BLA/resoluciones/RESOLUCIONES%202017/0567.pdf HTTP/1.1" 200 345731
192.178.6.6 - - [04/Jul/2024:00:20:55 -0500] "GET /BLA/resoluciones/RESOLUCIONES%202002/RES%202002%20151-200/2002RES181.tif HTTP/1.1" 200 182596
216.244.66.195 - - [04/Jul/2024:00:21:23 -0500] "GET /BLA/resoluciones/RESOLUCIONES%202017/1113.pdf HTTP/1.1" 200 483024
201.245.192.253 - - [04/Jul/2024:00:21:32 -0500] "GET /kwsrmcab/Wsrmcab?wsdl HTTP/1.1" 200 6948
216.244.66.195 - - [04/Jul/2024:00:21:54 -0500] "GET /BLA/resoluciones/RESOLUCIONES%202017/1182.pdf HTTP/1.1" 200 318135
192.178.6.6 - - [04/Jul/2024:00:21:55 -0500] "GET /BLA/resoluciones/AUTOS%202013/0244.pdf HTTP/1.1" 200 1858482
201.245.192.253 - - [04/Jul/2024:00:22:11 -0500] "POST /forms/lservlet;jsessionid=ac16012b30d6716d42d0eef24d9cbe79d3fe11a80187.e3iSbxaKaheRe34OahmPbx4Oa3z0n6jAmljGr5XDqQLvpAe HTTP/1.1" 200 2
216.245.221.92 - - [04/Jul/2024:00:22:14 -0500] "HEAD / HTTP/1.1" 200 -
173.252.79.5 - - [04/Jul/2024:00:22:24 -0500] "GET /images/caminos-de-los-cerros-1_optimized.jpeg HTTP/1.1" 200 49537
216.244.66.195 - - [04/Jul/2024:00:22:26 -0500] "GET /BLA/resoluciones/RESOLUCIONES%202017/1549.pdf HTTP/1.1" 200 240456
201.245.192.253 - - [04/Jul/2024:00:22:32 -0500] "GET /kwsrmcab/Wsrmcab?wsdl HTTP/1.1" 200 6948
216.244.66.195 - - [04/Jul/2024:00:22:53 -0500] "GET /BLA/resoluciones/RESOLUCIONES%202017/1559.pdf HTTP/1.1" 200 1406866
192.178.6.5 - - [04/Jul/2024:00:23:00 -0500] "GET /BLA/resoluciones/AUTOS%202013/1657.pdf HTTP/1.1" 200 168117
172.22.2.4 - - [04/Jul/2024:00:21:33 -0500] "HEAD /BLA/boletinlegal/ HTTP/1.1" 200 -
192.178.6.5 - - [04/Jul/2024:00:23:20 -0500] "GET /BLA/resoluciones/RESOLUCIONES%202017/1888.pdf HTTP/1.1" 200 764804
216.244.66.195 - - [04/Jul/2024:00:23:22 -0500] "GET /BLA/resoluciones/RESOLUCIONES%202017/1773.pdf HTTP/1.1" 200 914582
201.245.192.253 - - [04/Jul/2024:00:23:32 -0500] "GET /kwsrmcab/Wsrmcab?wsdl HTTP/1.1" 200 6948
201.245.192.253 - - [04/Jul/2024:00:23:41 -0500] "POST /kwsrmcab/Wsrmcab  HTTP/1.1" 200 38712
216.244.66.195 - - [04/Jul/2024:00:24:00 -0500] "GET /BLA/resoluciones/RESOLUCIONES%202017/1832.pdf HTTP/1.1" 200 310075
172.22.2.4 - - [04/Jul/2024:00:22:24 -0500] "GET /BLA/boletinlegal/ HTTP/1.1" 200 60380
201.245.192.253 - - [04/Jul/2024:00:24:11 -0500] "POST /forms/lservlet;jsessionid=ac16012b30d6716d42d0eef24d9cbe79d3fe11a80187.e3iSbxaKaheRe34OahmPbx4Oa3z0n6jAmljGr5XDqQLvpAe HTTP/1.1" 200 2
47.128.50.153 - - [04/Jul/2024:00:24:15 -0500] "GET /BLA/resoluciones/AUTOS%202021/0245.php?act=chmod&f=4698.pdf HTTP/1.1" 200 2714
216.244.66.195 - - [04/Jul/2024:00:24:30 -0500] "GET /BLA/resoluciones/RESOLUCIONES%202017/1978.pdf HTTP/1.1" 200 346805
47.128.58.211 - - [04/Jul/2024:00:24:30 -0500] "GET /BLA/resoluciones/AUTOS%202021/0245.php?act=f&f=04382.pdf HTTP/1.1" 200 2741
201.245.192.253 - - [04/Jul/2024:00:24:32 -0500] "GET /kwsrmcab/Wsrmcab?wsdl HTTP/1.1" 200 6948
47.128.34.10 - - [04/Jul/2024:00:24:46 -0500] "GET /BLA/resoluciones/AUTOS%202021/0245.php?act=f&f=4604.pdf HTTP/1.1" 200 2739
216.244.66.195 - - [04/Jul/2024:00:24:59 -0500] "GET /BLA/resoluciones/RESOLUCIONES%202017/1985.pdf HTTP/1.1" 200 430826
47.128.114.30 - - [04/Jul/2024:00:25:02 -0500] "GET /BLA/resoluciones/AUTOS%202021/0245.php?act=f&c=1&f=02110.pdf HTTP/1.1" 200 2739
192.178.6.7 - - [04/Jul/2024:00:25:14 -0500] "GET /BLA/resoluciones/RESOLUCIONES%202010/6313.pdf HTTP/1.1" 200 2490023
47.128.39.74 - - [04/Jul/2024:00:25:17 -0500] "GET /BLA/resoluciones/AUTOS%202021/0245.php?act=chmod&f=sess_2ov6k7kmjf6tk835ti5f95n3o3 HTTP/1.1" 200 2714
216.244.66.195 - - [04/Jul/2024:00:25:29 -0500] "GET /BLA/resoluciones/RESOLUCIONES%202017/2116.pdf HTTP/1.1" 200 401032
201.245.192.253 - - [04/Jul/2024:00:25:32 -0500] "GET /kwsrmcab/Wsrmcab?wsdl HTTP/1.1" 200 6948
216.244.66.195 - - [04/Jul/2024:00:25:57 -0500] "GET /BLA/resoluciones/RESOLUCIONES%202017/2235.pdf HTTP/1.1" 200 331573
152.204.235.41 - - [04/Jul/2024:00:26:08 -0500] "GET /BLA/resoluciones/RESOLUCIONES%202021/5489.pdf HTTP/1.1" 200 324072
152.204.235.41 - - [04/Jul/2024:00:26:09 -0500] "GET /favicon.ico HTTP/1.1" 200 7782
152.204.235.41 - - [04/Jul/2024:00:26:09 -0500] "GET /BLA/resoluciones/RESOLUCIONES%202021/5489.pdf HTTP/1.1" 200 324072
152.204.235.41 - - [04/Jul/2024:00:26:09 -0500] "GET /BLA/resoluciones/RESOLUCIONES%202021/5489.pdf HTTP/1.1" 206 1025
201.245.192.253 - - [04/Jul/2024:00:26:11 -0500] "POST /forms/lservlet;jsessionid=ac16012b30d6716d42d0eef24d9cbe79d3fe11a80187.e3iSbxaKaheRe34OahmPbx4Oa3z0n6jAmljGr5XDqQLvpAe HTTP/1.1" 200 2
216.244.66.195 - - [04/Jul/2024:00:26:23 -0500] "GET /BLA/resoluciones/RESOLUCIONES%202017/2333.pdf HTTP/1.1" 200 304434
201.245.192.253 - - [04/Jul/2024:00:26:32 -0500] "GET /kwsrmcab/Wsrmcab?wsdl HTTP/1.1" 200 6948
192.178.6.5 - - [04/Jul/2024:00:26:39 -0500] "GET /BLA/resoluciones/RESOLUCIONES%202009/3487.pdf HTTP/1.1" 200 682153
201.245.192.253 - - [04/Jul/2024:00:26:47 -0500] "POST /kwsrmcab/Wsrmcab HTTP/1.1" 200 38977
201.245.192.253 - - [04/Jul/2024:00:26:49 -0500] "POST /kwsrmcab/Wsrmcab HTTP/1.1" 200 34984
172.22.2.4 - - [04/Jul/2024:00:26:57 -0500] "GET /BLA/boletinlegal/Circulares/2022/CIRCULAR%20No.%2000009%20DEL%2010%20DE%20OCTUBRE%20DEL%202022.pdf HTTP/1.1" 304 -
216.245.221.92 - - [04/Jul/2024:00:27:14 -0500] "HEAD / HTTP/1.1" 200 -
201.245.192.253 - - [04/Jul/2024:00:27:32 -0500] "GET /kwsrmcab/Wsrmcab?wsdl HTTP/1.1" 200 6948
157.55.39.8 - - [04/Jul/2024:00:27:41 -0500] "GET /Publicaciones/2024EE23979.pdf HTTP/1.1" 404 227
172.22.2.4 - - [04/Jul/2024:00:27:45 -0500] "GET /BLA/boletinlegal/images/cabezote%20BLEGAL.jpg HTTP/1.1" 304 -
201.245.192.253 - - [04/Jul/2024:00:28:11 -0500] "POST /forms/lservlet;jsessionid=ac16012b30d6716d42d0eef24d9cbe79d3fe11a80187.e3iSbxaKaheRe34OahmPbx4Oa3z0n6jAmljGr5XDqQLvpAe HTTP/1.1" 200 2
201.245.192.253 - - [04/Jul/2024:00:28:32 -0500] "GET /kwsrmcab/Wsrmcab?wsdl HTTP/1.1" 200 6948
201.245.192.253 - - [04/Jul/2024:00:28:40 -0500] "POST /kwsrmcab/Wsrmcab  HTTP/1.1" 200 38712
192.178.6.6 - - [04/Jul/2024:00:28:53 -0500] "GET /BLA/resoluciones/RESOLUCIONES%202004/0390.pdf HTTP/1.1" 200 109205
172.22.2.4 - - [04/Jul/2024:00:27:23 -0500] "HEAD /BLA/boletinlegal/ HTTP/1.1" 200 -
201.245.192.253 - - [04/Jul/2024:00:29:02 -0500] "POST /kwsrmcab/Wsrmcab HTTP/1.1" 200 33636
201.245.192.253 - - [04/Jul/2024:00:29:32 -0500] "GET /kwsrmcab/Wsrmcab?wsdl HTTP/1.1" 200 6948
201.245.192.253 - - [04/Jul/2024:00:29:50 -0500] "POST /kwsrmcab/Wsrmcab HTTP/1.1" 200 34984
172.22.2.4 - - [04/Jul/2024:00:28:14 -0500] "GET /BLA/boletinlegal/ HTTP/1.1" 200 59967
201.245.192.253 - - [04/Jul/2024:00:30:11 -0500] "POST /forms/lservlet;jsessionid=ac16012b30d6716d42d0eef24d9cbe79d3fe11a80187.e3iSbxaKaheRe34OahmPbx4Oa3z0n6jAmljGr5XDqQLvpAe HTTP/1.1" 200 2
192.178.6.5 - - [04/Jul/2024:00:30:24 -0500] "GET /BLA/resoluciones/RESOLUCIONES%202004/RES%202004%20801-850/00000812.tif HTTP/1.1" 200 134058
201.245.192.253 - - [04/Jul/2024:00:30:32 -0500] "GET /kwsrmcab/Wsrmcab?wsdl HTTP/1.1" 200 6948
172.22.2.4 - - [04/Jul/2024:00:30:57 -0500] "GET /BLA/boletinlegal/jurisprudencia/analisis/Analisis%20jurisprudencial%20Sentencia%20C-366-11.doc HTTP/1.1" 200 59392
201.245.192.253 - - [04/Jul/2024:00:31:32 -0500] "GET /kwsrmcab/Wsrmcab?wsdl HTTP/1.1" 200 6948
201.245.192.253 - - [04/Jul/2024:00:32:11 -0500] "POST /forms/lservlet;jsessionid=ac16012b30d6716d42d0eef24d9cbe79d3fe11a80187.e3iSbxaKaheRe34OahmPbx4Oa3z0n6jAmljGr5XDqQLvpAe HTTP/1.1" 200 2
216.245.221.92 - - [04/Jul/2024:00:32:14 -0500] "HEAD / HTTP/1.1" 200 -
201.245.192.253 - - [04/Jul/2024:00:32:32 -0500] "GET /kwsrmcab/Wsrmcab?wsdl HTTP/1.1" 200 6948
192.178.6.5 - - [04/Jul/2024:00:32:49 -0500] "GET /BLA/resoluciones/RESOLUCIONES%202008/2736.pdf HTTP/1.1" 200 173021
216.244.66.195 - - [04/Jul/2024:00:33:17 -0500] "GET /robots.txt HTTP/1.1" 404 1018
52.167.144.24 - - [04/Jul/2024:00:33:24 -0500] "GET /IsolucionSDA/bancoconocimiento/T/TomaFisicaoInventario_v2/TomaFisicaoInventario_v2.asp?IdArticulo=524 HTTP/1.1" 404 4999
201.245.192.253 - - [04/Jul/2024:00:33:32 -0500] "GET /kwsrmcab/Wsrmcab?wsdl HTTP/1.1" 200 6948
201.245.192.253 - - [04/Jul/2024:00:33:38 -0500] "POST /kwsrmcab/Wsrmcab  HTTP/1.1" 200 38712
66.249.66.162 - - [04/Jul/2024:00:33:59 -0500] "GET /robots.txt HTTP/1.1" 404 1043
66.249.66.163 - - [04/Jul/2024:00:33:59 -0500] "GET /BLA/boletinlegal/Directivas/2014/Directiva%20No.%205%20del%2026%20de%20Diciembre%20de%202014.pdf HTTP/1.1" 304 -
201.245.192.253 - - [04/Jul/2024:00:34:11 -0500] "POST /forms/lservlet;jsessionid=ac16012b30d6716d42d0eef24d9cbe79d3fe11a80187.e3iSbxaKaheRe34OahmPbx4Oa3z0n6jAmljGr5XDqQLvpAe HTTP/1.1" 200 2
201.245.192.253 - - [04/Jul/2024:00:34:32 -0500] "GET /kwsrmcab/Wsrmcab?wsdl HTTP/1.1" 200 6948
172.22.2.4 - - [04/Jul/2024:00:33:13 -0500] "HEAD /BLA/boletinlegal/ HTTP/1.1" 200 -
201.245.192.253 - - [04/Jul/2024:00:35:32 -0500] "GET /kwsrmcab/Wsrmcab?wsdl HTTP/1.1" 200 6948
172.22.2.4 - - [04/Jul/2024:00:34:04 -0500] "GET /BLA/boletinlegal/ HTTP/1.1" 200 59967
201.245.192.253 - - [04/Jul/2024:00:36:11 -0500] "POST /forms/lservlet;jsessionid=ac16012b30d6716d42d0eef24d9cbe79d3fe11a80187.e3iSbxaKaheRe34OahmPbx4Oa3z0n6jAmljGr5XDqQLvpAe HTTP/1.1" 200 2
201.245.192.253 - - [04/Jul/2024:00:36:32 -0500] "GET /kwsrmcab/Wsrmcab?wsdl HTTP/1.1" 200 6948
201.245.192.253 - - [04/Jul/2024:00:36:47 -0500] "POST /kwsrmcab/Wsrmcab HTTP/1.1" 200 38977
201.245.192.253 - - [04/Jul/2024:00:36:50 -0500] "POST /kwsrmcab/Wsrmcab HTTP/1.1" 200 34984
216.245.221.92 - - [04/Jul/2024:00:37:14 -0500] "HEAD / HTTP/1.1" 200 -
201.245.192.253 - - [04/Jul/2024:00:37:32 -0500] "GET /kwsrmcab/Wsrmcab?wsdl HTTP/1.1" 200 6948
172.22.2.4 - - [04/Jul/2024:00:37:39 -0500] "GET /BLA/boletinlegal/images/screen_2.png HTTP/1.1" 304 -
201.245.192.253 - - [04/Jul/2024:00:38:11 -0500] "POST /forms/lservlet;jsessionid=ac16012b30d6716d42d0eef24d9cbe79d3fe11a80187.e3iSbxaKaheRe34OahmPbx4Oa3z0n6jAmljGr5XDqQLvpAe HTTP/1.1" 200 2
201.245.192.253 - - [04/Jul/2024:00:38:32 -0500] "GET /kwsrmcab/Wsrmcab?wsdl HTTP/1.1" 200 6948
201.245.192.253 - - [04/Jul/2024:00:38:37 -0500] "POST /kwsrmcab/Wsrmcab  HTTP/1.1" 200 38712
201.245.192.253 - - [04/Jul/2024:00:39:02 -0500] "POST /kwsrmcab/Wsrmcab HTTP/1.1" 200 33636
201.245.192.253 - - [04/Jul/2024:00:39:32 -0500] "GET /kwsrmcab/Wsrmcab?wsdl HTTP/1.1" 200 6948
201.245.192.253 - - [04/Jul/2024:00:39:50 -0500] "POST /kwsrmcab/Wsrmcab HTTP/1.1" 200 34984
201.245.192.253 - - [04/Jul/2024:00:40:11 -0500] "POST /forms/lservlet;jsessionid=ac16012b30d6716d42d0eef24d9cbe79d3fe11a80187.e3iSbxaKaheRe34OahmPbx4Oa3z0n6jAmljGr5XDqQLvpAe HTTP/1.1" 200 2
201.245.192.253 - - [04/Jul/2024:00:40:32 -0500] "GET /kwsrmcab/Wsrmcab?wsdl HTTP/1.1" 200 6948
172.22.2.4 - - [04/Jul/2024:00:39:03 -0500] "HEAD /BLA/boletinlegal/ HTTP/1.1" 200 -
192.178.6.5 - - [04/Jul/2024:00:40:43 -0500] "GET /BLA/resoluciones/RESOLUCIONES%202012/0658.pdf HTTP/1.1" 200 283698
192.178.6.7 - - [04/Jul/2024:00:40:54 -0500] "GET /BLA/resoluciones/Autos%202008/1015.pdf HTTP/1.1" 200 366911
201.245.192.253 - - [04/Jul/2024:00:41:32 -0500] "GET /kwsrmcab/Wsrmcab?wsdl HTTP/1.1" 200 6948
172.22.2.4 - - [04/Jul/2024:00:39:54 -0500] "GET /BLA/boletinlegal/ HTTP/1.1" 200 60380
201.245.192.253 - - [04/Jul/2024:00:42:11 -0500] "POST /forms/lservlet;jsessionid=ac16012b30d6716d42d0eef24d9cbe79d3fe11a80187.e3iSbxaKaheRe34OahmPbx4Oa3z0n6jAmljGr5XDqQLvpAe HTTP/1.1" 200 2
216.245.221.92 - - [04/Jul/2024:00:42:14 -0500] "HEAD / HTTP/1.1" 200 -
201.245.192.253 - - [04/Jul/2024:00:42:32 -0500] "GET /kwsrmcab/Wsrmcab?wsdl HTTP/1.1" 200 6948
201.245.192.253 - - [04/Jul/2024:00:43:32 -0500] "GET /kwsrmcab/Wsrmcab?wsdl HTTP/1.1" 200 6948
201.245.192.253 - - [04/Jul/2024:00:43:35 -0500] "POST /kwsrmcab/Wsrmcab  HTTP/1.1" 200 38712
192.178.6.7 - - [04/Jul/2024:00:44:00 -0500] "GET /Publicaciones/2024EE84369.pdf HTTP/1.1" 404 227
201.245.192.253 - - [04/Jul/2024:00:44:11 -0500] "POST /forms/lservlet;jsessionid=ac16012b30d6716d42d0eef24d9cbe79d3fe11a80187.e3iSbxaKaheRe34OahmPbx4Oa3z0n6jAmljGr5XDqQLvpAe HTTP/1.1" 200 2
201.245.192.253 - - [04/Jul/2024:00:44:32 -0500] "GET /kwsrmcab/Wsrmcab?wsdl HTTP/1.1" 200 6948
201.245.192.253 - - [04/Jul/2024:00:45:32 -0500] "GET /kwsrmcab/Wsrmcab?wsdl HTTP/1.1" 200 6948
201.245.192.253 - - [04/Jul/2024:00:46:11 -0500] "POST /forms/lservlet;jsessionid=ac16012b30d6716d42d0eef24d9cbe79d3fe11a80187.e3iSbxaKaheRe34OahmPbx4Oa3z0n6jAmljGr5XDqQLvpAe HTTP/1.1" 200 2
192.178.6.7 - - [04/Jul/2024:00:46:16 -0500] "GET /BLA/resoluciones/RESOLUCIONES%202021/2958.pdf HTTP/1.1" 200 352365
201.245.192.253 - - [04/Jul/2024:00:46:32 -0500] "GET /kwsrmcab/Wsrmcab?wsdl HTTP/1.1" 200 6948
172.22.2.4 - - [04/Jul/2024:00:44:53 -0500] "HEAD /BLA/boletinlegal/ HTTP/1.1" 200 -
192.178.6.5 - - [04/Jul/2024:00:47:11 -0500] "GET /BLA/boletinlegal/Circulares/2024/CIRCULAR%20No.%2000001%20DEL%2011%20DE%20ENERO%20DEL%202024.pdf HTTP/1.1" 200 298890
216.245.221.92 - - [04/Jul/2024:00:47:14 -0500] "HEAD / HTTP/1.1" 200 -
47.128.59.108 - - [04/Jul/2024:00:47:21 -0500] "GET /BLA/resoluciones/AUTOS%202021/0245.php?act=f&f=5290.pdf HTTP/1.1" 200 2739
172.22.2.4 - - [04/Jul/2024:00:45:43 -0500] "GET /BLA/boletinlegal/ HTTP/1.1" 200 57889
201.245.192.253 - - [04/Jul/2024:00:47:32 -0500] "GET /kwsrmcab/Wsrmcab?wsdl HTTP/1.1" 200 6948
47.128.41.48 - - [04/Jul/2024:00:47:36 -0500] "GET /BLA/resoluciones/AUTOS%202021/0245.php?act=chmod&f=4194.pdf HTTP/1.1" 200 2714
192.178.6.6 - - [04/Jul/2024:00:47:39 -0500] "GET /BLA/resoluciones/RESOLUCIONES%202008/4510.pdf HTTP/1.1" 200 667846
47.128.113.162 - - [04/Jul/2024:00:47:52 -0500] "GET /BLA/resoluciones/AUTOS%202021/0245.php?act=chmod&f=5677.pdf HTTP/1.1" 200 2714
47.128.27.171 - - [04/Jul/2024:00:48:08 -0500] "GET /BLA/resoluciones/AUTOS%202021/0245.php?act=f&f=4378.pdf HTTP/1.1" 200 2739
201.245.192.253 - - [04/Jul/2024:00:48:11 -0500] "POST /forms/lservlet;jsessionid=ac16012b30d6716d42d0eef24d9cbe79d3fe11a80187.e3iSbxaKaheRe34OahmPbx4Oa3z0n6jAmljGr5XDqQLvpAe HTTP/1.1" 200 2
192.178.6.6 - - [04/Jul/2024:00:48:22 -0500] "GET /resoluciones/RESOLUCIONES%202007/RES%202007%202801%20AL%202900/RESOLUCION%202836%20DE%202007.pdf HTTP/1.1" 404 1018
47.128.41.39 - - [04/Jul/2024:00:48:23 -0500] "GET /BLA/resoluciones/AUTOS%202021/0245.php?act=f&f=4311.pdf HTTP/1.1" 200 2739
201.245.192.253 - - [04/Jul/2024:00:48:32 -0500] "GET /kwsrmcab/Wsrmcab?wsdl HTTP/1.1" 200 6948
201.245.192.253 - - [04/Jul/2024:00:48:33 -0500] "POST /kwsrmcab/Wsrmcab  HTTP/1.1" 200 38712
47.128.50.76 - - [04/Jul/2024:00:48:38 -0500] "GET /BLA/resoluciones/AUTOS%202021/0245.php?act=chmod&f=4906.pdf HTTP/1.1" 200 2714
192.178.6.5 - - [04/Jul/2024:00:48:46 -0500] "GET /BLA/resoluciones/RESOLUCIONES%202014/1356.pdf HTTP/1.1" 200 365140
47.128.41.124 - - [04/Jul/2024:00:48:53 -0500] "GET /BLA/resoluciones/AUTOS%202021/0245.php?act=chmod&f=5663.pdf HTTP/1.1" 200 2714
47.128.99.185 - - [04/Jul/2024:00:49:10 -0500] "GET /BLA/resoluciones/AUTOS%202021/0245.php?act=f&f=02598.pdf HTTP/1.1" 200 2740
192.178.6.6 - - [04/Jul/2024:00:49:10 -0500] "GET /BLA/resoluciones/RESOLUCIONES%202009/7300.pdf HTTP/1.1" 200 335910
192.178.6.6 - - [04/Jul/2024:00:49:20 -0500] "GET /BLA/resoluciones/RESOLUCIONES%202004/RES%202004%20251-300/00000272.tif HTTP/1.1" 200 485570
47.128.62.10 - - [04/Jul/2024:00:49:24 -0500] "GET /BLA/resoluciones/AUTOS%202021/0245.php?act=f&f=4677.pdf HTTP/1.1" 200 2739
201.245.192.253 - - [04/Jul/2024:00:49:32 -0500] "GET /kwsrmcab/Wsrmcab?wsdl HTTP/1.1" 200 6948
47.128.41.154 - - [04/Jul/2024:00:49:40 -0500] "GET /BLA/resoluciones/AUTOS%202021/0245.php?act=f&c=1&f=02137.pdf HTTP/1.1" 200 2738
172.22.2.4 - - [04/Jul/2024:00:50:00 -0500] "GET /BLA/boletinlegal/robots.txt HTTP/1.1" 404 1038
201.245.192.253 - - [04/Jul/2024:00:50:11 -0500] "POST /forms/lservlet;jsessionid=ac16012b30d6716d42d0eef24d9cbe79d3fe11a80187.e3iSbxaKaheRe34OahmPbx4Oa3z0n6jAmljGr5XDqQLvpAe HTTP/1.1" 200 2
201.245.192.253 - - [04/Jul/2024:00:50:32 -0500] "GET /kwsrmcab/Wsrmcab?wsdl HTTP/1.1" 200 6948
201.245.192.253 - - [04/Jul/2024:00:51:32 -0500] "GET /kwsrmcab/Wsrmcab?wsdl HTTP/1.1" 200 6948
172.22.2.4 - - [04/Jul/2024:00:51:56 -0500] "GET /BLA/boletinlegal/images/screen_3.png HTTP/1.1" 200 210620
201.245.192.253 - - [04/Jul/2024:00:52:11 -0500] "POST /forms/lservlet;jsessionid=ac16012b30d6716d42d0eef24d9cbe79d3fe11a80187.e3iSbxaKaheRe34OahmPbx4Oa3z0n6jAmljGr5XDqQLvpAe HTTP/1.1" 200 2
216.245.221.92 - - [04/Jul/2024:00:52:14 -0500] "HEAD / HTTP/1.1" 200 -
172.22.2.4 - - [04/Jul/2024:00:50:43 -0500] "HEAD /BLA/boletinlegal/ HTTP/1.1" 200 -
201.245.192.253 - - [04/Jul/2024:00:52:32 -0500] "GET /kwsrmcab/Wsrmcab?wsdl HTTP/1.1" 200 6948
172.22.2.4 - - [04/Jul/2024:00:53:08 -0500] "GET /BLA/boletinlegal/Circulares/2023/CIRCULAR%20No.%2000009%20DEL%2010%20DE%20OCTUBRE%20DEL%202023.pdf HTTP/1.1" 304 -
172.22.2.4 - - [04/Jul/2024:00:51:33 -0500] "GET /BLA/boletinlegal/ HTTP/1.1" 200 57485
192.178.6.5 - - [04/Jul/2024:00:53:22 -0500] "GET /portel_dama/libreria/php/2006/ECOSISTEMAS%20FINAL%20web_mz27/xxx%20humedales/sitio/22_pol/xtras/1.pdf HTTP/1.1" 404 1018
201.245.192.253 - - [04/Jul/2024:00:53:32 -0500] "GET /kwsrmcab/Wsrmcab?wsdl HTTP/1.1" 200 6948
201.245.192.253 - - [04/Jul/2024:00:53:32 -0500] "POST /kwsrmcab/Wsrmcab  HTTP/1.1" 200 38712
201.245.192.253 - - [04/Jul/2024:00:54:11 -0500] "POST /forms/lservlet;jsessionid=ac16012b30d6716d42d0eef24d9cbe79d3fe11a80187.e3iSbxaKaheRe34OahmPbx4Oa3z0n6jAmljGr5XDqQLvpAe HTTP/1.1" 200 2
201.245.192.253 - - [04/Jul/2024:00:54:32 -0500] "GET /kwsrmcab/Wsrmcab?wsdl HTTP/1.1" 200 6948
201.245.192.253 - - [04/Jul/2024:00:55:32 -0500] "GET /kwsrmcab/Wsrmcab?wsdl HTTP/1.1" 200 6948
201.245.192.253 - - [04/Jul/2024:00:56:11 -0500] "POST /forms/lservlet;jsessionid=ac16012b30d6716d42d0eef24d9cbe79d3fe11a80187.e3iSbxaKaheRe34OahmPbx4Oa3z0n6jAmljGr5XDqQLvpAe HTTP/1.1" 200 2
201.245.192.253 - - [04/Jul/2024:00:56:32 -0500] "GET /kwsrmcab/Wsrmcab?wsdl HTTP/1.1" 200 6948
172.22.2.4 - - [04/Jul/2024:00:56:55 -0500] "GET /BLA/boletinlegal/robots.txt HTTP/1.1" 404 1038
172.22.2.4 - - [04/Jul/2024:00:56:55 -0500] "GET /BLA/boletinlegal/Circulares/2017/Circular%20No.%20011%20del%2005%20de%20julio%20de%202017.pdf HTTP/1.1" 200 965526
216.245.221.92 - - [04/Jul/2024:00:57:14 -0500] "HEAD / HTTP/1.1" 200 -
201.245.192.253 - - [04/Jul/2024:00:57:32 -0500] "GET /kwsrmcab/Wsrmcab?wsdl HTTP/1.1" 200 6948
199.16.157.182 - - [04/Jul/2024:00:57:32 -0500] "GET /images/pl%C3%A1sticos%20foto%201..jpg HTTP/1.1" 404 1034
172.22.2.4 - - [04/Jul/2024:00:57:40 -0500] "GET /BLA/boletinlegal/images/screen_5.png HTTP/1.1" 200 368876
201.245.192.253 - - [04/Jul/2024:00:58:11 -0500] "POST /forms/lservlet;jsessionid=ac16012b30d6716d42d0eef24d9cbe79d3fe11a80187.e3iSbxaKaheRe34OahmPbx4Oa3z0n6jAmljGr5XDqQLvpAe HTTP/1.1" 200 2
172.22.2.4 - - [04/Jul/2024:00:56:33 -0500] "HEAD /BLA/boletinlegal/ HTTP/1.1" 200 -
201.245.192.253 - - [04/Jul/2024:00:58:32 -0500] "GET /kwsrmcab/Wsrmcab?wsdl HTTP/1.1" 200 6948
201.245.192.253 - - [04/Jul/2024:00:58:31 -0500] "POST /kwsrmcab/Wsrmcab  HTTP/1.1" 200 38712
156.59.198.136 - - [04/Jul/2024:00:58:39 -0500] "GET /BLA/resoluciones/AUTOS%202021/0245.php?act=f&f=02110.pdf HTTP/1.0" 200 2739
192.178.6.7 - - [04/Jul/2024:00:58:49 -0500] "GET /BLA/resoluciones/RESOLUCIONES%202004/RES%202004%20901-950/00000913.tif HTTP/1.1" 200 89466
172.22.2.4 - - [04/Jul/2024:00:57:24 -0500] "GET /BLA/boletinlegal/ HTTP/1.1" 200 55823
201.245.192.253 - - [04/Jul/2024:00:59:32 -0500] "GET /kwsrmcab/Wsrmcab?wsdl HTTP/1.1" 200 6948
192.178.6.6 - - [04/Jul/2024:00:59:56 -0500] "GET /BLA/resoluciones/RESOLUCIONES%202009/5083.pdf HTTP/1.1" 200 511392
47.128.32.16 - - [04/Jul/2024:00:59:58 -0500] "GET /BLA/resoluciones/AUTOS%202021/0245.php?act=chmod&f=4205.pdf HTTP/1.1" 200 2714
201.245.192.253 - - [04/Jul/2024:01:00:11 -0500] "POST /forms/lservlet;jsessionid=ac16012b30d6716d42d0eef24d9cbe79d3fe11a80187.e3iSbxaKaheRe34OahmPbx4Oa3z0n6jAmljGr5XDqQLvpAe HTTP/1.1" 200 2
47.128.32.145 - - [04/Jul/2024:01:00:13 -0500] "GET /BLA/resoluciones/AUTOS%202021/0245.php?act=chmod&f=4944.pdf HTTP/1.1" 200 2708
47.128.27.188 - - [04/Jul/2024:01:00:29 -0500] "GET /BLA/resoluciones/AUTOS%202021/0245.php?act=f&f=1899-.pdf HTTP/1.1" 200 2739
201.245.192.253 - - [04/Jul/2024:01:00:32 -0500] "GET /kwsrmcab/Wsrmcab?wsdl HTTP/1.1" 200 6948
47.128.42.155 - - [04/Jul/2024:01:00:44 -0500] "GET /BLA/resoluciones/AUTOS%202021/0245.php?act=f&f=4174.pdf HTTP/1.1" 200 2739
47.128.32.15 - - [04/Jul/2024:01:01:00 -0500] "GET /BLA/resoluciones/AUTOS%202021/0245.php?act=f&f=4691.pdf HTTP/1.1" 200 2739
201.245.192.253 - - [04/Jul/2024:01:01:32 -0500] "GET /kwsrmcab/Wsrmcab?wsdl HTTP/1.1" 200 6948
201.245.192.253 - - [04/Jul/2024:01:02:11 -0500] "POST /forms/lservlet;jsessionid=ac16012b30d6716d42d0eef24d9cbe79d3fe11a80187.e3iSbxaKaheRe34OahmPbx4Oa3z0n6jAmljGr5XDqQLvpAe HTTP/1.1" 200 2
216.245.221.92 - - [04/Jul/2024:01:02:14 -0500] "HEAD / HTTP/1.1" 200 -
201.245.192.253 - - [04/Jul/2024:01:02:32 -0500] "GET /kwsrmcab/Wsrmcab?wsdl HTTP/1.1" 200 6948
192.178.6.5 - - [04/Jul/2024:01:02:38 -0500] "GET /Publicaciones/2024EE134854.pdf HTTP/1.1" 200 2465814
201.245.192.253 - - [04/Jul/2024:01:03:28 -0500] "POST /kwsrmcab/Wsrmcab  HTTP/1.1" 200 38712
201.245.192.253 - - [04/Jul/2024:01:03:32 -0500] "GET /kwsrmcab/Wsrmcab?wsdl HTTP/1.1" 200 6948
172.22.2.4 - - [04/Jul/2024:01:02:23 -0500] "HEAD /BLA/boletinlegal/ HTTP/1.1" 200 -
201.245.192.253 - - [04/Jul/2024:01:04:11 -0500] "POST /forms/lservlet;jsessionid=ac16012b30d6716d42d0eef24d9cbe79d3fe11a80187.e3iSbxaKaheRe34OahmPbx4Oa3z0n6jAmljGr5XDqQLvpAe HTTP/1.1" 200 2
201.245.192.253 - - [04/Jul/2024:01:04:32 -0500] "GET /kwsrmcab/Wsrmcab?wsdl HTTP/1.1" 200 6948
172.22.2.4 - - [04/Jul/2024:01:03:13 -0500] "GET /BLA/boletinlegal/ HTTP/1.1" 200 58273
172.22.2.4 - - [04/Jul/2024:01:05:31 -0500] "GET /BLA/boletinlegal/Directivas/2014/Directiva%20No.%205%20del%2026%20de%20Diciembre%20de%202014.pdf HTTP/1.1" 304 -
201.245.192.253 - - [04/Jul/2024:01:05:32 -0500] "GET /kwsrmcab/Wsrmcab?wsdl HTTP/1.1" 200 6948
201.245.192.253 - - [04/Jul/2024:01:06:11 -0500] "POST /forms/lservlet;jsessionid=ac16012b30d6716d42d0eef24d9cbe79d3fe11a80187.e3iSbxaKaheRe34OahmPbx4Oa3z0n6jAmljGr5XDqQLvpAe HTTP/1.1" 200 2
201.245.192.253 - - [04/Jul/2024:01:06:32 -0500] "GET /kwsrmcab/Wsrmcab?wsdl HTTP/1.1" 200 6948
216.245.221.92 - - [04/Jul/2024:01:07:14 -0500] "HEAD / HTTP/1.1" 200 -
192.178.6.7 - - [04/Jul/2024:01:07:30 -0500] "GET /transparencia/General%20Asignado/2%20Historico/85%20Apropiacion%20inicial%202023.pdf HTTP/1.1" 304 -
201.245.192.253 - - [04/Jul/2024:01:07:32 -0500] "GET /kwsrmcab/Wsrmcab?wsdl HTTP/1.1" 200 6948
201.245.192.253 - - [04/Jul/2024:01:08:12 -0500] "POST /forms/lservlet;jsessionid=ac16012b30d6716d42d0eef24d9cbe79d3fe11a80187.e3iSbxaKaheRe34OahmPbx4Oa3z0n6jAmljGr5XDqQLvpAe HTTP/1.1" 200 2
