191.108.42.145 - - [04/Jul/2024:06:23:47 -0500] "GET /sipse/faces/javax.faces.resource/theme.css?ln=primefaces-sipse HTTP/1.1" 304 -
191.108.42.145 - - [04/Jul/2024:06:23:47 -0500] "GET /sipse/faces/javax.faces.resource/primefaces.css?ln=primefaces&v=4.0 HTTP/1.1" 304 -
191.108.42.145 - - [04/Jul/2024:06:23:47 -0500] "GET /sipse/faces/javax.faces.resource/layout/layout.css?ln=primefaces&v=4.0 HTTP/1.1" 304 -
191.108.42.145 - - [04/Jul/2024:06:23:47 -0500] "GET /sipse/faces/javax.faces.resource/jquery/jquery.js?ln=primefaces&v=4.0 HTTP/1.1" 304 -
191.108.42.145 - - [04/Jul/2024:06:23:47 -0500] "GET /sipse/faces/javax.faces.resource/jquery/jquery-plugins.js?ln=primefaces&v=4.0 HTTP/1.1" 304 -
191.108.42.145 - - [04/Jul/2024:06:23:47 -0500] "GET /sipse/faces/javax.faces.resource/primefaces.js?ln=primefaces&v=4.0 HTTP/1.1" 304 -
191.108.42.145 - - [04/Jul/2024:06:23:47 -0500] "GET /sipse/faces/javax.faces.resource/layout/layout.js?ln=primefaces&v=4.0 HTTP/1.1" 304 -
201.245.192.253 - - [04/Jul/2024:06:24:12 -0500] "POST /forms/lservlet;jsessionid=ac16012b30d6716d42d0eef24d9cbe79d3fe11a80187.e3iSbxaKaheRe34OahmPbx4Oa3z0n6jAmljGr5XDqQLvpAe HTTP/1.1" 200 2
191.108.42.145 - - [04/Jul/2024:06:24:23 -0500] "POST /sipse/faces/presentacion/financiero/solicitudProceso/crearModificarSolicitudProceso.xhtml HTTP/1.1" 200 51780
191.108.42.145 - - [04/Jul/2024:06:24:27 -0500] "POST /sipse/faces/presentacion/financiero/solicitudProceso/crearModificarSolicitudProceso.xhtml HTTP/1.1" 200 25133
201.245.192.253 - - [04/Jul/2024:06:24:31 -0500] "GET /kwsrmcab/Wsrmcab?wsdl HTTP/1.1" 200 6948
191.108.42.145 - - [04/Jul/2024:06:24:35 -0500] "POST /sipse/faces/presentacion/financiero/solicitudProceso/crearModificarSolicitudProceso.xhtml HTTP/1.1" 200 6295
191.108.42.145 - - [04/Jul/2024:06:24:40 -0500] "POST /sipse/faces/presentacion/financiero/solicitudProceso/crearModificarSolicitudProceso.xhtml HTTP/1.1" 200 9536
191.108.42.145 - - [04/Jul/2024:06:24:46 -0500] "POST /sipse/faces/presentacion/financiero/solicitudProceso/crearModificarSolicitudProceso.xhtml HTTP/1.1" 200 7338
172.22.2.4 - - [04/Jul/2024:06:23:12 -0500] "HEAD /BLA/boletinlegal/ HTTP/1.1" 200 -
66.220.149.23 - - [04/Jul/2024:06:24:55 -0500] "GET /caminos-de-los-cerros-estaran-cerrados-este-fin-de-semana-en-bogota.html HTTP/1.1" 200 813
191.108.42.145 - - [04/Jul/2024:06:25:01 -0500] "POST /sipse/faces/presentacion/financiero/solicitudProceso/crearModificarSolicitudProceso.xhtml HTTP/1.1" 200 24603
191.108.42.145 - - [04/Jul/2024:06:25:01 -0500] "GET /sipse/faces/javax.faces.resource/theme.css?ln=primefaces-sipse HTTP/1.1" 304 -
191.108.42.145 - - [04/Jul/2024:06:25:01 -0500] "GET /sipse/faces/javax.faces.resource/primefaces.css?ln=primefaces&v=4.0 HTTP/1.1" 304 -
191.108.42.145 - - [04/Jul/2024:06:25:01 -0500] "GET /sipse/faces/javax.faces.resource/primefaces.js?ln=primefaces&v=4.0 HTTP/1.1" 304 -
191.108.42.145 - - [04/Jul/2024:06:25:01 -0500] "GET /sipse/faces/javax.faces.resource/layout/layout.css?ln=primefaces&v=4.0 HTTP/1.1" 304 -
191.108.42.145 - - [04/Jul/2024:06:25:01 -0500] "GET /sipse/faces/javax.faces.resource/jquery/jquery-plugins.js?ln=primefaces&v=4.0 HTTP/1.1" 304 -
191.108.42.145 - - [04/Jul/2024:06:25:01 -0500] "GET /sipse/faces/javax.faces.resource/jquery/jquery.js?ln=primefaces&v=4.0 HTTP/1.1" 304 -
191.108.42.145 - - [04/Jul/2024:06:25:01 -0500] "GET /sipse/faces/javax.faces.resource/layout/layout.js?ln=primefaces&v=4.0 HTTP/1.1" 304 -
191.108.42.145 - - [04/Jul/2024:06:25:05 -0500] "POST /sipse/faces/presentacion/financiero/solicitudProyectoActividad/asociarProyectoSolicitud.xhtml HTTP/1.1" 200 6743
191.108.42.145 - - [04/Jul/2024:06:25:06 -0500] "POST /sipse/faces/presentacion/financiero/solicitudProyectoActividad/asociarProyectoSolicitud.xhtml HTTP/1.1" 200 1700
191.108.42.145 - - [04/Jul/2024:06:25:07 -0500] "POST /sipse/faces/presentacion/financiero/solicitudProyectoActividad/asociarProyectoSolicitud.xhtml HTTP/1.1" 200 76758
191.108.42.145 - - [04/Jul/2024:06:25:07 -0500] "GET /sipse/faces/javax.faces.resource/layout/layout.css?ln=primefaces&v=4.0 HTTP/1.1" 304 -
191.108.42.145 - - [04/Jul/2024:06:25:07 -0500] "GET /sipse/faces/javax.faces.resource/primefaces.css?ln=primefaces&v=4.0 HTTP/1.1" 304 -
191.108.42.145 - - [04/Jul/2024:06:25:07 -0500] "GET /sipse/faces/javax.faces.resource/theme.css?ln=primefaces-sipse HTTP/1.1" 304 -
191.108.42.145 - - [04/Jul/2024:06:25:07 -0500] "GET /sipse/faces/javax.faces.resource/jquery/jquery.js?ln=primefaces&v=4.0 HTTP/1.1" 304 -
191.108.42.145 - - [04/Jul/2024:06:25:07 -0500] "GET /sipse/faces/javax.faces.resource/jquery/jquery-plugins.js?ln=primefaces&v=4.0 HTTP/1.1" 304 -
191.108.42.145 - - [04/Jul/2024:06:25:07 -0500] "GET /sipse/faces/javax.faces.resource/primefaces.js?ln=primefaces&v=4.0 HTTP/1.1" 304 -
191.108.42.145 - - [04/Jul/2024:06:25:07 -0500] "GET /sipse/faces/javax.faces.resource/layout/layout.js?ln=primefaces&v=4.0 HTTP/1.1" 304 -
191.108.42.145 - - [04/Jul/2024:06:25:11 -0500] "POST /sipse/faces/presentacion/financiero/solicitudProyectoActividad/asociarActividadSolicitud.xhtml HTTP/1.1" 200 61515
191.108.42.145 - - [04/Jul/2024:06:25:15 -0500] "POST /sipse/faces/presentacion/financiero/solicitudProyectoActividad/asociarActividadSolicitud.xhtml HTTP/1.1" 200 20077
191.108.42.145 - - [04/Jul/2024:06:25:15 -0500] "GET /sipse/faces/javax.faces.resource/theme.css?ln=primefaces-sipse HTTP/1.1" 304 -
191.108.42.145 - - [04/Jul/2024:06:25:15 -0500] "GET /sipse/faces/javax.faces.resource/primefaces.css?ln=primefaces&v=4.0 HTTP/1.1" 304 -
191.108.42.145 - - [04/Jul/2024:06:25:15 -0500] "GET /sipse/faces/javax.faces.resource/layout/layout.css?ln=primefaces&v=4.0 HTTP/1.1" 304 -
191.108.42.145 - - [04/Jul/2024:06:25:15 -0500] "GET /sipse/faces/javax.faces.resource/jquery/jquery.js?ln=primefaces&v=4.0 HTTP/1.1" 304 -
191.108.42.145 - - [04/Jul/2024:06:25:15 -0500] "GET /sipse/faces/javax.faces.resource/jquery/jquery-plugins.js?ln=primefaces&v=4.0 HTTP/1.1" 304 -
191.108.42.145 - - [04/Jul/2024:06:25:15 -0500] "GET /sipse/faces/javax.faces.resource/primefaces.js?ln=primefaces&v=4.0 HTTP/1.1" 304 -
191.108.42.145 - - [04/Jul/2024:06:25:15 -0500] "GET /sipse/faces/javax.faces.resource/layout/layout.js?ln=primefaces&v=4.0 HTTP/1.1" 304 -
191.108.42.145 - - [04/Jul/2024:06:25:22 -0500] "POST /sipse/faces/presentacion/financiero/solicitudProyectoActividad/asociarFuentesSolicitud.xhtml HTTP/1.1" 200 82337
191.108.42.145 - - [04/Jul/2024:06:25:22 -0500] "GET /sipse/faces/javax.faces.resource/theme.css?ln=primefaces-sipse HTTP/1.1" 304 -
191.108.42.145 - - [04/Jul/2024:06:25:22 -0500] "GET /sipse/faces/javax.faces.resource/layout/layout.css?ln=primefaces&v=4.0 HTTP/1.1" 304 -
191.108.42.145 - - [04/Jul/2024:06:25:22 -0500] "GET /sipse/faces/javax.faces.resource/primefaces.css?ln=primefaces&v=4.0 HTTP/1.1" 304 -
191.108.42.145 - - [04/Jul/2024:06:25:22 -0500] "GET /sipse/faces/javax.faces.resource/jquery/jquery.js?ln=primefaces&v=4.0 HTTP/1.1" 304 -
191.108.42.145 - - [04/Jul/2024:06:25:22 -0500] "GET /sipse/faces/javax.faces.resource/jquery/jquery-plugins.js?ln=primefaces&v=4.0 HTTP/1.1" 304 -
191.108.42.145 - - [04/Jul/2024:06:25:22 -0500] "GET /sipse/faces/javax.faces.resource/primefaces.js?ln=primefaces&v=4.0 HTTP/1.1" 304 -
191.108.42.145 - - [04/Jul/2024:06:25:22 -0500] "GET /sipse/faces/javax.faces.resource/layout/layout.js?ln=primefaces&v=4.0 HTTP/1.1" 304 -
192.178.6.5 - - [04/Jul/2024:06:25:28 -0500] "GET /BLA/resoluciones/RESOLUCIONES%202009/3669.pdf HTTP/1.1" 200 80419
201.245.192.253 - - [04/Jul/2024:06:25:31 -0500] "GET /kwsrmcab/Wsrmcab?wsdl HTTP/1.1" 200 6948
172.22.2.4 - - [04/Jul/2024:06:24:03 -0500] "GET /BLA/boletinlegal/ HTTP/1.1" 200 57889
191.108.42.145 - - [04/Jul/2024:06:25:25 -0500] "POST /sipse/faces/presentacion/financiero/solicitudProceso/crearModificarSolicitudProceso.xhtml HTTP/1.1" 200 45540
191.108.42.145 - - [04/Jul/2024:06:25:51 -0500] "GET /sipse/faces/javax.faces.resource/theme.css?ln=primefaces-sipse HTTP/1.1" 304 -
191.108.42.145 - - [04/Jul/2024:06:25:51 -0500] "GET /sipse/faces/javax.faces.resource/primefaces.css?ln=primefaces&v=4.0 HTTP/1.1" 304 -
191.108.42.145 - - [04/Jul/2024:06:25:51 -0500] "GET /sipse/faces/javax.faces.resource/layout/layout.js?ln=primefaces&v=4.0 HTTP/1.1" 304 -
191.108.42.145 - - [04/Jul/2024:06:25:51 -0500] "GET /sipse/faces/javax.faces.resource/layout/layout.css?ln=primefaces&v=4.0 HTTP/1.1" 304 -
191.108.42.145 - - [04/Jul/2024:06:25:51 -0500] "GET /sipse/faces/javax.faces.resource/primefaces.js?ln=primefaces&v=4.0 HTTP/1.1" 304 -
191.108.42.145 - - [04/Jul/2024:06:25:51 -0500] "GET /sipse/faces/javax.faces.resource/jquery/jquery.js?ln=primefaces&v=4.0 HTTP/1.1" 304 -
191.108.42.145 - - [04/Jul/2024:06:25:51 -0500] "GET /sipse/faces/javax.faces.resource/jquery/jquery-plugins.js?ln=primefaces&v=4.0 HTTP/1.1" 304 -
191.108.42.145 - - [04/Jul/2024:06:25:54 -0500] "POST /sipse/faces/presentacion/financiero/solicitudBienServicio/asociarBienServicioSolicitud.xhtml HTTP/1.1" 200 2720
201.245.192.253 - - [04/Jul/2024:06:26:12 -0500] "POST /forms/lservlet;jsessionid=ac16012b30d6716d42d0eef24d9cbe79d3fe11a80187.e3iSbxaKaheRe34OahmPbx4Oa3z0n6jAmljGr5XDqQLvpAe HTTP/1.1" 200 2
172.22.2.4 - - [04/Jul/2024:06:26:13 -0500] "GET /BLA/boletinlegal/consulta_actos.php?tipo=resoluciones&no=1433&usuario=&sector=SILVICULTURA&fecha=2020&resuelve= HTTP/1.1" 200 626
172.22.2.4 - - [04/Jul/2024:06:26:14 -0500] "GET /BLA/boletinlegal/consulta_actos.php?tipo=resoluciones&no=1433&usuario=&sector=SILVICULTURA&fecha=2020&resuelve= HTTP/1.1" 200 626
47.128.123.250 - - [04/Jul/2024:06:26:19 -0500] "GET /BLA/resoluciones/AUTOS%202021/server_privileges.php%27%20%20%20%20%20%20%20%20%20%20%20%20%20%20%20%20.%20PMA_URL_getCommon(array(%27flush_privileges%27%20=%3E%201))%20%20%20%20%20%20%20%20%20%20%20%20%20%20%20%20.%20%27 HTTP/1.1" 403 1006
172.22.2.4 - - [04/Jul/2024:06:26:19 -0500] "GET /BLA/boletinlegal/consulta_actos.php?tipo=resoluciones&no=01433&usuario=&sector=SILVICULTURA&fecha=2020&resuelve= HTTP/1.1" 200 626
191.108.42.145 - - [04/Jul/2024:06:26:27 -0500] "POST /sipse/faces/presentacion/financiero/solicitudBienServicio/asociarBienServicioSolicitud.xhtml HTTP/1.1" 200 78109
191.108.42.145 - - [04/Jul/2024:06:26:27 -0500] "GET /sipse/faces/javax.faces.resource/theme.css?ln=primefaces-sipse HTTP/1.1" 304 -
191.108.42.145 - - [04/Jul/2024:06:26:27 -0500] "GET /sipse/faces/javax.faces.resource/primefaces.css?ln=primefaces&v=4.0 HTTP/1.1" 304 -
191.108.42.145 - - [04/Jul/2024:06:26:27 -0500] "GET /sipse/faces/javax.faces.resource/layout/layout.css?ln=primefaces&v=4.0 HTTP/1.1" 304 -
191.108.42.145 - - [04/Jul/2024:06:26:27 -0500] "GET /sipse/faces/javax.faces.resource/jquery/jquery.js?ln=primefaces&v=4.0 HTTP/1.1" 304 -
191.108.42.145 - - [04/Jul/2024:06:26:27 -0500] "GET /sipse/faces/javax.faces.resource/jquery/jquery-plugins.js?ln=primefaces&v=4.0 HTTP/1.1" 304 -
191.108.42.145 - - [04/Jul/2024:06:26:27 -0500] "GET /sipse/faces/javax.faces.resource/primefaces.js?ln=primefaces&v=4.0 HTTP/1.1" 304 -
191.108.42.145 - - [04/Jul/2024:06:26:27 -0500] "GET /sipse/faces/javax.faces.resource/layout/layout.js?ln=primefaces&v=4.0 HTTP/1.1" 304 -
192.178.6.6 - - [04/Jul/2024:06:26:28 -0500] "GET /BLA/resoluciones/AUTOS%202020/1186.pdf HTTP/1.1" 200 822411
201.245.192.253 - - [04/Jul/2024:06:26:31 -0500] "GET /kwsrmcab/Wsrmcab?wsdl HTTP/1.1" 200 6948
172.22.2.4 - - [04/Jul/2024:06:26:33 -0500] "GET /BLA/boletinlegal/consulta_actos.php?tipo=resoluciones&no=1625&usuario=&sector=SILVICULTURA&fecha=2023&resuelve= HTTP/1.1" 200 1103
186.29.32.241 - - [04/Jul/2024:06:26:35 -0500] "GET /BLA/resoluciones/RESOLUCIONES%202023/1625.pdf HTTP/1.1" 200 515263
191.108.42.145 - - [04/Jul/2024:06:26:30 -0500] "POST /sipse/faces/presentacion/financiero/solicitudProceso/crearModificarSolicitudProceso.xhtml HTTP/1.1" 200 64404
191.108.42.145 - - [04/Jul/2024:06:26:35 -0500] "GET /sipse/faces/javax.faces.resource/theme.css?ln=primefaces-sipse HTTP/1.1" 304 -
191.108.42.145 - - [04/Jul/2024:06:26:35 -0500] "GET /sipse/faces/javax.faces.resource/layout/layout.css?ln=primefaces&v=4.0 HTTP/1.1" 304 -
191.108.42.145 - - [04/Jul/2024:06:26:35 -0500] "GET /sipse/faces/javax.faces.resource/primefaces.css?ln=primefaces&v=4.0 HTTP/1.1" 304 -
191.108.42.145 - - [04/Jul/2024:06:26:35 -0500] "GET /sipse/faces/javax.faces.resource/jquery/jquery.js?ln=primefaces&v=4.0 HTTP/1.1" 304 -
191.108.42.145 - - [04/Jul/2024:06:26:35 -0500] "GET /sipse/faces/javax.faces.resource/jquery/jquery-plugins.js?ln=primefaces&v=4.0 HTTP/1.1" 304 -
191.108.42.145 - - [04/Jul/2024:06:26:35 -0500] "GET /sipse/faces/javax.faces.resource/primefaces.js?ln=primefaces&v=4.0 HTTP/1.1" 304 -
191.108.42.145 - - [04/Jul/2024:06:26:35 -0500] "GET /sipse/faces/javax.faces.resource/layout/layout.js?ln=primefaces&v=4.0 HTTP/1.1" 304 -
47.128.98.62 - - [04/Jul/2024:06:26:34 -0500] "GET /BLA/resoluciones/AUTOS%202021/0245.php?act=f&d=E%3A%5Cnuevo%5Chtdocs%5Cautodeclaracion%5C&f=autodeclaracion.php&ft=img&white=1 HTTP/1.1" 200 11409
191.108.42.145 - - [04/Jul/2024:06:26:35 -0500] "POST /sipse/faces/presentacion/financiero/solicitudProceso/listarSolicitudProceso.xhtml HTTP/1.1" 200 1556
191.108.42.145 - - [04/Jul/2024:06:26:39 -0500] "POST /sipse/faces/presentacion/financiero/solicitudProceso/listarSolicitudProceso.xhtml HTTP/1.1" 200 10713
191.108.42.145 - - [04/Jul/2024:06:26:46 -0500] "POST /sipse/faces/presentacion/financiero/solicitudProceso/listarSolicitudProceso.xhtml HTTP/1.1" 200 25144
191.108.42.145 - - [04/Jul/2024:06:26:51 -0500] "POST /sipse/faces/presentacion/financiero/solicitudProceso/listarSolicitudProceso.xhtml HTTP/1.1" 200 25144
47.128.46.61 - - [04/Jul/2024:06:26:52 -0500] "GET /BLA/resoluciones/AUTOS%202021/0245.php?act=f&d=E%3A%5Cnuevo%5Chtdocs%5Ccumbredelclima%5Cwp-includes%5C&f=class-phpass.php&ft=img&white=1 HTTP/1.1" 200 7114
191.108.42.145 - - [04/Jul/2024:06:26:52 -0500] "POST /sipse/faces/presentacion/financiero/solicitudProceso/listarSolicitudProceso.xhtml HTTP/1.1" 200 25140
191.108.42.145 - - [04/Jul/2024:06:26:53 -0500] "POST /sipse/faces/presentacion/financiero/solicitudProceso/listarSolicitudProceso.xhtml HTTP/1.1" 200 25144
191.108.42.145 - - [04/Jul/2024:06:26:55 -0500] "POST /sipse/faces/presentacion/financiero/solicitudProceso/listarSolicitudProceso.xhtml HTTP/1.1" 200 39272
191.108.42.145 - - [04/Jul/2024:06:26:57 -0500] "POST /sipse/faces/presentacion/financiero/solicitudProceso/listarSolicitudProceso.xhtml HTTP/1.1" 200 22333
47.128.35.25 - - [04/Jul/2024:06:27:04 -0500] "GET /BLA/resoluciones/AUTOS%202021/0245.php?act=f&d=C%3A%5CUsers%5CAdministrator%5C&f=ntuser.dat.LOG1&ft=img&white=1 HTTP/1.1" 200 -
216.245.221.92 - - [04/Jul/2024:06:27:13 -0500] "HEAD / HTTP/1.1" 200 -
201.245.192.253 - - [04/Jul/2024:06:27:18 -0500] "POST /kwsrmcab/Wsrmcab  HTTP/1.1" 200 38712
191.108.42.145 - - [04/Jul/2024:06:27:20 -0500] "POST /sipse/faces/presentacion/financiero/solicitudProceso/listarSolicitudProceso.xhtml HTTP/1.1" 200 59033
191.108.42.145 - - [04/Jul/2024:06:27:21 -0500] "GET /sipse/faces/javax.faces.resource/theme.css?ln=primefaces-sipse HTTP/1.1" 304 -
191.108.42.145 - - [04/Jul/2024:06:27:21 -0500] "GET /sipse/faces/javax.faces.resource/primefaces.css?ln=primefaces&v=4.0 HTTP/1.1" 304 -
191.108.42.145 - - [04/Jul/2024:06:27:21 -0500] "GET /sipse/faces/javax.faces.resource/layout/layout.css?ln=primefaces&v=4.0 HTTP/1.1" 304 -
191.108.42.145 - - [04/Jul/2024:06:27:21 -0500] "GET /sipse/faces/javax.faces.resource/jquery/jquery.js?ln=primefaces&v=4.0 HTTP/1.1" 304 -
191.108.42.145 - - [04/Jul/2024:06:27:21 -0500] "GET /sipse/faces/javax.faces.resource/jquery/jquery-plugins.js?ln=primefaces&v=4.0 HTTP/1.1" 304 -
191.108.42.145 - - [04/Jul/2024:06:27:21 -0500] "GET /sipse/faces/javax.faces.resource/primefaces.js?ln=primefaces&v=4.0 HTTP/1.1" 304 -
191.108.42.145 - - [04/Jul/2024:06:27:21 -0500] "GET /sipse/faces/javax.faces.resource/layout/layout.js?ln=primefaces&v=4.0 HTTP/1.1" 304 -
201.245.192.253 - - [04/Jul/2024:06:27:31 -0500] "GET /kwsrmcab/Wsrmcab?wsdl HTTP/1.1" 200 6948
191.108.42.145 - - [04/Jul/2024:06:27:44 -0500] "POST /sipse/faces/presentacion/financiero/solicitudProceso/crearModificarSolicitudProceso.xhtml HTTP/1.1" 200 51780
201.245.192.253 - - [04/Jul/2024:06:27:46 -0500] "POST /kwsrmcab/Wsrmcab HTTP/1.1" 200 34854
191.108.42.145 - - [04/Jul/2024:06:27:48 -0500] "POST /sipse/faces/presentacion/financiero/solicitudProceso/crearModificarSolicitudProceso.xhtml HTTP/1.1" 200 25133
191.108.42.145 - - [04/Jul/2024:06:28:05 -0500] "POST /sipse/faces/presentacion/financiero/solicitudProceso/crearModificarSolicitudProceso.xhtml HTTP/1.1" 200 6295
191.108.42.145 - - [04/Jul/2024:06:28:11 -0500] "POST /sipse/faces/presentacion/financiero/solicitudProceso/crearModificarSolicitudProceso.xhtml HTTP/1.1" 200 9536
201.245.192.253 - - [04/Jul/2024:06:28:12 -0500] "POST /forms/lservlet;jsessionid=ac16012b30d6716d42d0eef24d9cbe79d3fe11a80187.e3iSbxaKaheRe34OahmPbx4Oa3z0n6jAmljGr5XDqQLvpAe HTTP/1.1" 200 2
201.245.192.253 - - [04/Jul/2024:06:28:31 -0500] "GET /kwsrmcab/Wsrmcab?wsdl HTTP/1.1" 200 6948
192.178.6.6 - - [04/Jul/2024:06:28:37 -0500] "GET /BLA/resoluciones/AUTOS%202020/3120.pdf HTTP/1.1" 200 353539
201.245.192.253 - - [04/Jul/2024:06:26:46 -0500] "POST /kwsrmcab/Wsrmcab HTTP/1.1" 200 24576
201.245.192.253 - - [04/Jul/2024:06:29:01 -0500] "POST /kwsrmcab/Wsrmcab HTTP/1.1" 200 33633
201.245.192.253 - - [04/Jul/2024:06:29:31 -0500] "GET /kwsrmcab/Wsrmcab?wsdl HTTP/1.1" 200 6948
201.245.192.253 - - [04/Jul/2024:06:29:43 -0500] "POST /kwsrmcab/Wsrmcab HTTP/1.1" 200 34854
23.26.220.24 - - [04/Jul/2024:06:30:11 -0500] "GET /wp-login.php HTTP/1.1" 404 1018
201.245.192.253 - - [04/Jul/2024:06:30:12 -0500] "POST /forms/lservlet;jsessionid=ac16012b30d6716d42d0eef24d9cbe79d3fe11a80187.e3iSbxaKaheRe34OahmPbx4Oa3z0n6jAmljGr5XDqQLvpAe HTTP/1.1" 200 2
192.178.6.6 - - [04/Jul/2024:06:30:28 -0500] "GET /BLA/resoluciones/RESOLUCIONES%202002/RES%202002%20101-150/2002RES133.tif HTTP/1.1" 200 82322
201.245.192.253 - - [04/Jul/2024:06:30:31 -0500] "GET /kwsrmcab/Wsrmcab?wsdl HTTP/1.1" 200 6948
172.22.2.4 - - [04/Jul/2024:06:29:02 -0500] "HEAD /BLA/boletinlegal/ HTTP/1.1" 200 -
191.108.42.145 - - [04/Jul/2024:06:30:52 -0500] "POST /sipse/faces/presentacion/financiero/solicitudProceso/crearModificarSolicitudProceso.xhtml HTTP/1.1" 200 7338
191.108.42.145 - - [04/Jul/2024:06:30:59 -0500] "POST /sipse/faces/presentacion/financiero/solicitudProceso/crearModificarSolicitudProceso.xhtml HTTP/1.1" 200 24603
191.108.42.145 - - [04/Jul/2024:06:30:59 -0500] "GET /sipse/faces/javax.faces.resource/theme.css?ln=primefaces-sipse HTTP/1.1" 304 -
191.108.42.145 - - [04/Jul/2024:06:30:59 -0500] "GET /sipse/faces/javax.faces.resource/primefaces.css?ln=primefaces&v=4.0 HTTP/1.1" 304 -
191.108.42.145 - - [04/Jul/2024:06:30:59 -0500] "GET /sipse/faces/javax.faces.resource/jquery/jquery.js?ln=primefaces&v=4.0 HTTP/1.1" 304 -
191.108.42.145 - - [04/Jul/2024:06:30:59 -0500] "GET /sipse/faces/javax.faces.resource/layout/layout.css?ln=primefaces&v=4.0 HTTP/1.1" 304 -
191.108.42.145 - - [04/Jul/2024:06:30:59 -0500] "GET /sipse/faces/javax.faces.resource/primefaces.js?ln=primefaces&v=4.0 HTTP/1.1" 304 -
191.108.42.145 - - [04/Jul/2024:06:30:59 -0500] "GET /sipse/faces/javax.faces.resource/layout/layout.js?ln=primefaces&v=4.0 HTTP/1.1" 304 -
191.108.42.145 - - [04/Jul/2024:06:30:59 -0500] "GET /sipse/faces/javax.faces.resource/jquery/jquery-plugins.js?ln=primefaces&v=4.0 HTTP/1.1" 304 -
191.108.42.145 - - [04/Jul/2024:06:31:01 -0500] "POST /sipse/faces/presentacion/financiero/solicitudProyectoActividad/asociarProyectoSolicitud.xhtml HTTP/1.1" 200 6743
191.108.42.145 - - [04/Jul/2024:06:31:03 -0500] "POST /sipse/faces/presentacion/financiero/solicitudProyectoActividad/asociarProyectoSolicitud.xhtml HTTP/1.1" 200 1700
191.108.42.145 - - [04/Jul/2024:06:31:04 -0500] "POST /sipse/faces/presentacion/financiero/solicitudProyectoActividad/asociarProyectoSolicitud.xhtml HTTP/1.1" 200 76758
191.108.42.145 - - [04/Jul/2024:06:31:04 -0500] "GET /sipse/faces/javax.faces.resource/primefaces.css?ln=primefaces&v=4.0 HTTP/1.1" 304 -
191.108.42.145 - - [04/Jul/2024:06:31:04 -0500] "GET /sipse/faces/javax.faces.resource/theme.css?ln=primefaces-sipse HTTP/1.1" 304 -
191.108.42.145 - - [04/Jul/2024:06:31:04 -0500] "GET /sipse/faces/javax.faces.resource/layout/layout.css?ln=primefaces&v=4.0 HTTP/1.1" 304 -
191.108.42.145 - - [04/Jul/2024:06:31:04 -0500] "GET /sipse/faces/javax.faces.resource/jquery/jquery.js?ln=primefaces&v=4.0 HTTP/1.1" 304 -
191.108.42.145 - - [04/Jul/2024:06:31:04 -0500] "GET /sipse/faces/javax.faces.resource/jquery/jquery-plugins.js?ln=primefaces&v=4.0 HTTP/1.1" 304 -
191.108.42.145 - - [04/Jul/2024:06:31:04 -0500] "GET /sipse/faces/javax.faces.resource/primefaces.js?ln=primefaces&v=4.0 HTTP/1.1" 304 -
191.108.42.145 - - [04/Jul/2024:06:31:04 -0500] "GET /sipse/faces/javax.faces.resource/layout/layout.js?ln=primefaces&v=4.0 HTTP/1.1" 304 -
191.108.42.145 - - [04/Jul/2024:06:31:11 -0500] "POST /sipse/faces/presentacion/financiero/solicitudProyectoActividad/asociarActividadSolicitud.xhtml HTTP/1.1" 200 61515
191.108.42.145 - - [04/Jul/2024:06:31:13 -0500] "POST /sipse/faces/presentacion/financiero/solicitudProyectoActividad/asociarActividadSolicitud.xhtml HTTP/1.1" 200 61338
191.108.42.145 - - [04/Jul/2024:06:31:16 -0500] "POST /sipse/faces/presentacion/financiero/solicitudProyectoActividad/asociarActividadSolicitud.xhtml HTTP/1.1" 200 20064
191.108.42.145 - - [04/Jul/2024:06:31:16 -0500] "GET /sipse/faces/javax.faces.resource/primefaces.css?ln=primefaces&v=4.0 HTTP/1.1" 304 -
191.108.42.145 - - [04/Jul/2024:06:31:16 -0500] "GET /sipse/faces/javax.faces.resource/theme.css?ln=primefaces-sipse HTTP/1.1" 304 -
191.108.42.145 - - [04/Jul/2024:06:31:16 -0500] "GET /sipse/faces/javax.faces.resource/layout/layout.css?ln=primefaces&v=4.0 HTTP/1.1" 304 -
191.108.42.145 - - [04/Jul/2024:06:31:16 -0500] "GET /sipse/faces/javax.faces.resource/jquery/jquery.js?ln=primefaces&v=4.0 HTTP/1.1" 304 -
191.108.42.145 - - [04/Jul/2024:06:31:16 -0500] "GET /sipse/faces/javax.faces.resource/jquery/jquery-plugins.js?ln=primefaces&v=4.0 HTTP/1.1" 304 -
191.108.42.145 - - [04/Jul/2024:06:31:16 -0500] "GET /sipse/faces/javax.faces.resource/primefaces.js?ln=primefaces&v=4.0 HTTP/1.1" 304 -
191.108.42.145 - - [04/Jul/2024:06:31:16 -0500] "GET /sipse/faces/javax.faces.resource/layout/layout.js?ln=primefaces&v=4.0 HTTP/1.1" 304 -
191.108.42.145 - - [04/Jul/2024:06:31:23 -0500] "POST /sipse/faces/presentacion/financiero/solicitudProyectoActividad/asociarFuentesSolicitud.xhtml HTTP/1.1" 200 82425
191.108.42.145 - - [04/Jul/2024:06:31:23 -0500] "GET /sipse/faces/javax.faces.resource/theme.css?ln=primefaces-sipse HTTP/1.1" 304 -
191.108.42.145 - - [04/Jul/2024:06:31:23 -0500] "GET /sipse/faces/javax.faces.resource/primefaces.css?ln=primefaces&v=4.0 HTTP/1.1" 304 -
191.108.42.145 - - [04/Jul/2024:06:31:23 -0500] "GET /sipse/faces/javax.faces.resource/layout/layout.css?ln=primefaces&v=4.0 HTTP/1.1" 304 -
191.108.42.145 - - [04/Jul/2024:06:31:23 -0500] "GET /sipse/faces/javax.faces.resource/layout/layout.js?ln=primefaces&v=4.0 HTTP/1.1" 304 -
191.108.42.145 - - [04/Jul/2024:06:31:23 -0500] "GET /sipse/faces/javax.faces.resource/jquery/jquery-plugins.js?ln=primefaces&v=4.0 HTTP/1.1" 304 -
191.108.42.145 - - [04/Jul/2024:06:31:23 -0500] "GET /sipse/faces/javax.faces.resource/jquery/jquery.js?ln=primefaces&v=4.0 HTTP/1.1" 304 -
191.108.42.145 - - [04/Jul/2024:06:31:23 -0500] "GET /sipse/faces/javax.faces.resource/primefaces.js?ln=primefaces&v=4.0 HTTP/1.1" 304 -
192.178.6.7 - - [04/Jul/2024:06:31:26 -0500] "GET /BLA/resoluciones/RESOLUCIONES%202011/3471.pdf HTTP/1.1" 200 535192
201.245.192.253 - - [04/Jul/2024:06:31:31 -0500] "GET /kwsrmcab/Wsrmcab?wsdl HTTP/1.1" 200 6948
172.22.2.4 - - [04/Jul/2024:06:29:53 -0500] "GET /BLA/boletinlegal/ HTTP/1.1" 200 53818
47.128.47.215 - - [04/Jul/2024:06:31:40 -0500] "GET /BLA/resoluciones/AUTOS%202021/0245.php?act=f&d=E%3A%5Cnuevo%5Chtdocs%5CBLA%5Cresoluciones%5CRESOLUCIONES+2006%5C&f=1913.pdf&ft=download&white=1 HTTP/1.1" 200 159399
191.108.42.145 - - [04/Jul/2024:06:31:26 -0500] "POST /sipse/faces/presentacion/financiero/solicitudProceso/crearModificarSolicitudProceso.xhtml HTTP/1.1" 200 45540
191.108.42.145 - - [04/Jul/2024:06:31:52 -0500] "GET /sipse/faces/javax.faces.resource/theme.css?ln=primefaces-sipse HTTP/1.1" 304 -
191.108.42.145 - - [04/Jul/2024:06:31:52 -0500] "GET /sipse/faces/javax.faces.resource/primefaces.css?ln=primefaces&v=4.0 HTTP/1.1" 304 -
191.108.42.145 - - [04/Jul/2024:06:31:52 -0500] "GET /sipse/faces/javax.faces.resource/jquery/jquery.js?ln=primefaces&v=4.0 HTTP/1.1" 304 -
191.108.42.145 - - [04/Jul/2024:06:31:52 -0500] "GET /sipse/faces/javax.faces.resource/primefaces.js?ln=primefaces&v=4.0 HTTP/1.1" 304 -
191.108.42.145 - - [04/Jul/2024:06:31:52 -0500] "GET /sipse/faces/javax.faces.resource/layout/layout.js?ln=primefaces&v=4.0 HTTP/1.1" 304 -
191.108.42.145 - - [04/Jul/2024:06:31:52 -0500] "GET /sipse/faces/javax.faces.resource/jquery/jquery-plugins.js?ln=primefaces&v=4.0 HTTP/1.1" 304 -
191.108.42.145 - - [04/Jul/2024:06:31:52 -0500] "GET /sipse/faces/javax.faces.resource/layout/layout.css?ln=primefaces&v=4.0 HTTP/1.1" 304 -
47.128.62.210 - - [04/Jul/2024:06:31:55 -0500] "GET /BLA/resoluciones/AUTOS%202021/0245.php?act=f&d=E%3A%5Cnuevo%5Chtdocs%5Ccumbredelclima%5Cwp-includes%5Cjs%5Cplupload&f=license.txt&ft=download HTTP/1.1" 200 17987
191.108.42.145 - - [04/Jul/2024:06:31:54 -0500] "POST /sipse/faces/presentacion/financiero/solicitudBienServicio/asociarBienServicioSolicitud.xhtml HTTP/1.1" 200 2720
191.108.42.145 - - [04/Jul/2024:06:32:10 -0500] "POST /sipse/faces/presentacion/financiero/solicitudBienServicio/asociarBienServicioSolicitud.xhtml HTTP/1.1" 200 78197
191.108.42.145 - - [04/Jul/2024:06:32:10 -0500] "GET /sipse/faces/javax.faces.resource/theme.css?ln=primefaces-sipse HTTP/1.1" 304 -
191.108.42.145 - - [04/Jul/2024:06:32:10 -0500] "GET /sipse/faces/javax.faces.resource/primefaces.css?ln=primefaces&v=4.0 HTTP/1.1" 304 -
191.108.42.145 - - [04/Jul/2024:06:32:10 -0500] "GET /sipse/faces/javax.faces.resource/layout/layout.css?ln=primefaces&v=4.0 HTTP/1.1" 304 -
191.108.42.145 - - [04/Jul/2024:06:32:10 -0500] "GET /sipse/faces/javax.faces.resource/jquery/jquery.js?ln=primefaces&v=4.0 HTTP/1.1" 304 -
191.108.42.145 - - [04/Jul/2024:06:32:10 -0500] "GET /sipse/faces/javax.faces.resource/jquery/jquery-plugins.js?ln=primefaces&v=4.0 HTTP/1.1" 304 -
191.108.42.145 - - [04/Jul/2024:06:32:10 -0500] "GET /sipse/faces/javax.faces.resource/primefaces.js?ln=primefaces&v=4.0 HTTP/1.1" 304 -
191.108.42.145 - - [04/Jul/2024:06:32:10 -0500] "GET /sipse/faces/javax.faces.resource/layout/layout.js?ln=primefaces&v=4.0 HTTP/1.1" 304 -
47.128.98.1 - - [04/Jul/2024:06:32:11 -0500] "GET /BLA/resoluciones/AUTOS%202021/0245.php?act=f&d=E%3A%5Cnuevo%5CphpMyAdmin2%5Clibraries&f=tbl_chart.lib.php&ft=download HTTP/1.1" 200 10256
201.245.192.253 - - [04/Jul/2024:06:32:12 -0500] "POST /forms/lservlet;jsessionid=ac16012b30d6716d42d0eef24d9cbe79d3fe11a80187.e3iSbxaKaheRe34OahmPbx4Oa3z0n6jAmljGr5XDqQLvpAe HTTP/1.1" 200 2
216.245.221.92 - - [04/Jul/2024:06:32:13 -0500] "HEAD / HTTP/1.1" 200 -
201.245.192.253 - - [04/Jul/2024:06:32:15 -0500] "POST /kwsrmcab/Wsrmcab  HTTP/1.1" 200 38712
191.108.42.145 - - [04/Jul/2024:06:32:13 -0500] "POST /sipse/faces/presentacion/financiero/solicitudProceso/crearModificarSolicitudProceso.xhtml HTTP/1.1" 200 64404
191.108.42.145 - - [04/Jul/2024:06:32:18 -0500] "GET /sipse/faces/javax.faces.resource/theme.css?ln=primefaces-sipse HTTP/1.1" 304 -
191.108.42.145 - - [04/Jul/2024:06:32:18 -0500] "GET /sipse/faces/javax.faces.resource/primefaces.css?ln=primefaces&v=4.0 HTTP/1.1" 304 -
191.108.42.145 - - [04/Jul/2024:06:32:18 -0500] "GET /sipse/faces/javax.faces.resource/layout/layout.css?ln=primefaces&v=4.0 HTTP/1.1" 304 -
191.108.42.145 - - [04/Jul/2024:06:32:18 -0500] "GET /sipse/faces/javax.faces.resource/jquery/jquery.js?ln=primefaces&v=4.0 HTTP/1.1" 304 -
191.108.42.145 - - [04/Jul/2024:06:32:18 -0500] "GET /sipse/faces/javax.faces.resource/jquery/jquery-plugins.js?ln=primefaces&v=4.0 HTTP/1.1" 304 -
191.108.42.145 - - [04/Jul/2024:06:32:18 -0500] "GET /sipse/faces/javax.faces.resource/primefaces.js?ln=primefaces&v=4.0 HTTP/1.1" 304 -
191.108.42.145 - - [04/Jul/2024:06:32:18 -0500] "GET /sipse/faces/javax.faces.resource/layout/layout.js?ln=primefaces&v=4.0 HTTP/1.1" 304 -
191.108.42.145 - - [04/Jul/2024:06:32:18 -0500] "POST /sipse/faces/presentacion/financiero/solicitudProceso/listarSolicitudProceso.xhtml HTTP/1.1" 200 1556
191.108.42.145 - - [04/Jul/2024:06:32:21 -0500] "POST /sipse/faces/presentacion/financiero/solicitudProceso/listarSolicitudProceso.xhtml HTTP/1.1" 200 13685
47.128.53.145 - - [04/Jul/2024:06:32:26 -0500] "GET /BLA/resoluciones/AUTOS%202021/0245.php?act=f&d=E%3A%5Cnuevo%5CphpMyAdmin2%5Clibraries%5Cschema&f=Pdf_Relation_Schema.class.php&ft=download HTTP/1.1" 200 44815
201.245.192.253 - - [04/Jul/2024:06:32:31 -0500] "GET /kwsrmcab/Wsrmcab?wsdl HTTP/1.1" 200 6948
191.108.42.145 - - [04/Jul/2024:06:32:33 -0500] "POST /sipse/faces/presentacion/financiero/solicitudProceso/listarSolicitudProceso.xhtml HTTP/1.1" 200 13526
192.178.6.5 - - [04/Jul/2024:06:32:36 -0500] "GET /BLA/resoluciones/RESOLUCIONES%202007/RES%202007%202101%20AL%202200/RESOLUCION%202148%20DE%202007.pdf HTTP/1.1" 200 181076
191.108.42.145 - - [04/Jul/2024:06:32:39 -0500] "POST /sipse/faces/presentacion/financiero/solicitudProceso/listarSolicitudProceso.xhtml HTTP/1.1" 200 39296
191.108.42.145 - - [04/Jul/2024:06:32:41 -0500] "POST /sipse/faces/presentacion/financiero/solicitudProceso/listarSolicitudProceso.xhtml HTTP/1.1" 200 25393
47.128.41.123 - - [04/Jul/2024:06:32:42 -0500] "GET /BLA/resoluciones/AUTOS%202021/0245.php?act=f&d=E%3A%5Cnuevo%5Chtdocs%5CBLA%5Cresoluciones%5CAUTOS+2021&f=6267.pdf&ft=download HTTP/1.1" 200 20134
47.128.125.23 - - [04/Jul/2024:06:32:57 -0500] "GET /BLA/resoluciones/AUTOS%202021/0245.php?act=f&d=E%3A%5Cnuevo%5Chtdocs%5CBLA%5Cresoluciones%5CAUTOS+2021&f=6738.pdf&ft=download HTTP/1.1" 200 20135
47.128.126.109 - - [04/Jul/2024:06:33:13 -0500] "GET /BLA/resoluciones/AUTOS%202021/0245.php?act=f&d=E%3A%5Cnuevo%5CphpMyAdmin2%5Clibraries%5C&f=mime.lib.php&ft=download HTTP/1.1" 200 744
47.128.119.62 - - [04/Jul/2024:06:33:28 -0500] "GET /BLA/resoluciones/AUTOS%202021/0245.php?act=f&d=E%3A%5Cnuevo%5Chtdocs%5Ccumbreclima%5Cwp-includes%5C&f=class-wp-image-editor-imagick.php&ft=download&white=1 HTTP/1.1" 200 13798
201.245.192.253 - - [04/Jul/2024:06:33:31 -0500] "GET /kwsrmcab/Wsrmcab?wsdl HTTP/1.1" 200 6948
192.178.6.5 - - [04/Jul/2024:06:33:44 -0500] "GET /BLA/resoluciones/RESOLUCIONES%202021/5506.pdf HTTP/1.1" 200 383826
47.128.122.209 - - [04/Jul/2024:06:33:44 -0500] "GET /BLA/resoluciones/AUTOS%202021/0245.php?act=f&d=E%3A%5Cnuevo%5Chtdocs%5CBLA%5Cresoluciones%5CAUTOS+2021&f=3949.pdf&ft=download HTTP/1.1" 200 20135
47.128.32.52 - - [04/Jul/2024:06:33:59 -0500] "GET /BLA/resoluciones/AUTOS%202021/0245.php?act=f&d=E%3A%5Cnuevo%5Chtdocs%5Cmesa&f=contrasena.pdf&ft=download HTTP/1.1" 200 442017
201.245.192.253 - - [04/Jul/2024:06:34:12 -0500] "POST /forms/lservlet;jsessionid=ac16012b30d6716d42d0eef24d9cbe79d3fe11a80187.e3iSbxaKaheRe34OahmPbx4Oa3z0n6jAmljGr5XDqQLvpAe HTTP/1.1" 200 2
192.178.6.5 - - [04/Jul/2024:06:34:30 -0500] "GET /BLA/resoluciones/AUTOS%202020/3793.pdf HTTP/1.1" 200 361940
201.245.192.253 - - [04/Jul/2024:06:34:31 -0500] "GET /kwsrmcab/Wsrmcab?wsdl HTTP/1.1" 200 6948
31.13.127.29 - - [04/Jul/2024:06:34:48 -0500] "GET /images/01052024%20Nota%20apertura%20senderos%20Cerros.jpeg HTTP/1.1" 200 130671
201.245.192.253 - - [04/Jul/2024:06:35:31 -0500] "GET /kwsrmcab/Wsrmcab?wsdl HTTP/1.1" 200 6948
190.90.147.98 - - [04/Jul/2024:06:35:42 -0500] "GET /BLA/resoluciones/index.php?dir=AUTOS+2013%2F HTTP/1.1" 200 407754
201.245.192.253 - - [04/Jul/2024:06:36:12 -0500] "POST /forms/lservlet;jsessionid=ac16012b30d6716d42d0eef24d9cbe79d3fe11a80187.e3iSbxaKaheRe34OahmPbx4Oa3z0n6jAmljGr5XDqQLvpAe HTTP/1.1" 200 2
191.108.42.145 - - [04/Jul/2024:06:36:20 -0500] "POST /sipse/faces/presentacion/financiero/solicitudProceso/listarSolicitudProceso.xhtml HTTP/1.1" 200 59033
191.108.42.145 - - [04/Jul/2024:06:36:20 -0500] "GET /sipse/faces/javax.faces.resource/theme.css?ln=primefaces-sipse HTTP/1.1" 304 -
191.108.42.145 - - [04/Jul/2024:06:36:20 -0500] "GET /sipse/faces/javax.faces.resource/primefaces.css?ln=primefaces&v=4.0 HTTP/1.1" 304 -
191.108.42.145 - - [04/Jul/2024:06:36:20 -0500] "GET /sipse/faces/javax.faces.resource/jquery/jquery.js?ln=primefaces&v=4.0 HTTP/1.1" 304 -
191.108.42.145 - - [04/Jul/2024:06:36:21 -0500] "GET /sipse/faces/javax.faces.resource/layout/layout.css?ln=primefaces&v=4.0 HTTP/1.1" 304 -
191.108.42.145 - - [04/Jul/2024:06:36:21 -0500] "GET /sipse/faces/javax.faces.resource/jquery/jquery-plugins.js?ln=primefaces&v=4.0 HTTP/1.1" 304 -
191.108.42.145 - - [04/Jul/2024:06:36:21 -0500] "GET /sipse/faces/javax.faces.resource/primefaces.js?ln=primefaces&v=4.0 HTTP/1.1" 304 -
191.108.42.145 - - [04/Jul/2024:06:36:21 -0500] "GET /sipse/faces/javax.faces.resource/layout/layout.js?ln=primefaces&v=4.0 HTTP/1.1" 304 -
201.245.192.253 - - [04/Jul/2024:06:36:31 -0500] "GET /kwsrmcab/Wsrmcab?wsdl HTTP/1.1" 200 6948
172.22.2.4 - - [04/Jul/2024:06:34:52 -0500] "HEAD /BLA/boletinlegal/ HTTP/1.1" 200 -
191.108.42.145 - - [04/Jul/2024:06:36:55 -0500] "POST /sipse/faces/presentacion/financiero/solicitudProceso/crearModificarSolicitudProceso.xhtml HTTP/1.1" 200 51780
191.108.42.145 - - [04/Jul/2024:06:36:58 -0500] "POST /sipse/faces/presentacion/financiero/solicitudProceso/crearModificarSolicitudProceso.xhtml HTTP/1.1" 200 25133
201.245.192.253 - - [04/Jul/2024:06:36:46 -0500] "POST /kwsrmcab/Wsrmcab HTTP/1.1" 200 38984
201.245.192.253 - - [04/Jul/2024:06:37:05 -0500] "POST /kwsrmcab/Wsrmcab HTTP/1.1" 200 34854
191.108.42.145 - - [04/Jul/2024:06:37:07 -0500] "POST /sipse/faces/presentacion/financiero/solicitudProceso/crearModificarSolicitudProceso.xhtml HTTP/1.1" 200 6295
216.245.221.92 - - [04/Jul/2024:06:37:13 -0500] "HEAD / HTTP/1.1" 200 -
191.108.42.145 - - [04/Jul/2024:06:37:19 -0500] "POST /sipse/faces/presentacion/financiero/solicitudProceso/crearModificarSolicitudProceso.xhtml HTTP/1.1" 200 6295
172.22.2.4 - - [04/Jul/2024:06:35:43 -0500] "GET /BLA/boletinlegal/ HTTP/1.1" 200 53419
216.244.66.195 - - [04/Jul/2024:06:37:27 -0500] "GET /BLA/resoluciones/RESOLUCIONES%202019/0564.pdf HTTP/1.1" 200 370091
201.245.192.253 - - [04/Jul/2024:06:37:31 -0500] "GET /kwsrmcab/Wsrmcab?wsdl HTTP/1.1" 200 6948
191.108.42.145 - - [04/Jul/2024:06:37:56 -0500] "POST /sipse/faces/presentacion/financiero/solicitudProceso/crearModificarSolicitudProceso.xhtml HTTP/1.1" 200 9540
216.244.66.195 - - [04/Jul/2024:06:37:57 -0500] "GET /BLA/resoluciones/RESOLUCIONES%202019/1267.pdf HTTP/1.1" 200 308963
192.178.6.7 - - [04/Jul/2024:06:38:00 -0500] "GET /BLA/resoluciones/RESOLUCIONES%202021/1210.pdf HTTP/1.1" 200 1299844
191.108.42.145 - - [04/Jul/2024:06:38:03 -0500] "POST /sipse/faces/presentacion/financiero/solicitudProceso/crearModificarSolicitudProceso.xhtml HTTP/1.1" 200 7342
192.178.6.6 - - [04/Jul/2024:06:38:04 -0500] "GET /BLA/resoluciones/RESOLUCIONES%202009/3459.pdf HTTP/1.1" 200 798397
201.245.192.253 - - [04/Jul/2024:06:38:12 -0500] "POST /forms/lservlet;jsessionid=ac16012b30d6716d42d0eef24d9cbe79d3fe11a80187.e3iSbxaKaheRe34OahmPbx4Oa3z0n6jAmljGr5XDqQLvpAe HTTP/1.1" 200 2
191.108.42.145 - - [04/Jul/2024:06:38:17 -0500] "POST /sipse/faces/presentacion/financiero/solicitudProceso/crearModificarSolicitudProceso.xhtml HTTP/1.1" 200 24603
191.108.42.145 - - [04/Jul/2024:06:38:17 -0500] "GET /sipse/faces/javax.faces.resource/theme.css?ln=primefaces-sipse HTTP/1.1" 304 -
191.108.42.145 - - [04/Jul/2024:06:38:17 -0500] "GET /sipse/faces/javax.faces.resource/primefaces.css?ln=primefaces&v=4.0 HTTP/1.1" 304 -
191.108.42.145 - - [04/Jul/2024:06:38:17 -0500] "GET /sipse/faces/javax.faces.resource/layout/layout.css?ln=primefaces&v=4.0 HTTP/1.1" 304 -
191.108.42.145 - - [04/Jul/2024:06:38:17 -0500] "GET /sipse/faces/javax.faces.resource/jquery/jquery.js?ln=primefaces&v=4.0 HTTP/1.1" 304 -
191.108.42.145 - - [04/Jul/2024:06:38:17 -0500] "GET /sipse/faces/javax.faces.resource/layout/layout.js?ln=primefaces&v=4.0 HTTP/1.1" 304 -
191.108.42.145 - - [04/Jul/2024:06:38:17 -0500] "GET /sipse/faces/javax.faces.resource/primefaces.js?ln=primefaces&v=4.0 HTTP/1.1" 304 -
191.108.42.145 - - [04/Jul/2024:06:38:17 -0500] "GET /sipse/faces/javax.faces.resource/jquery/jquery-plugins.js?ln=primefaces&v=4.0 HTTP/1.1" 304 -
191.108.42.145 - - [04/Jul/2024:06:38:19 -0500] "POST /sipse/faces/presentacion/financiero/solicitudProyectoActividad/asociarProyectoSolicitud.xhtml HTTP/1.1" 200 6743
191.108.42.145 - - [04/Jul/2024:06:38:20 -0500] "POST /sipse/faces/presentacion/financiero/solicitudProyectoActividad/asociarProyectoSolicitud.xhtml HTTP/1.1" 200 1700
191.108.42.145 - - [04/Jul/2024:06:38:21 -0500] "POST /sipse/faces/presentacion/financiero/solicitudProyectoActividad/asociarProyectoSolicitud.xhtml HTTP/1.1" 200 76758
191.108.42.145 - - [04/Jul/2024:06:38:21 -0500] "GET /sipse/faces/javax.faces.resource/theme.css?ln=primefaces-sipse HTTP/1.1" 304 -
191.108.42.145 - - [04/Jul/2024:06:38:21 -0500] "GET /sipse/faces/javax.faces.resource/primefaces.css?ln=primefaces&v=4.0 HTTP/1.1" 304 -
191.108.42.145 - - [04/Jul/2024:06:38:21 -0500] "GET /sipse/faces/javax.faces.resource/layout/layout.css?ln=primefaces&v=4.0 HTTP/1.1" 304 -
191.108.42.145 - - [04/Jul/2024:06:38:21 -0500] "GET /sipse/faces/javax.faces.resource/jquery/jquery.js?ln=primefaces&v=4.0 HTTP/1.1" 304 -
191.108.42.145 - - [04/Jul/2024:06:38:21 -0500] "GET /sipse/faces/javax.faces.resource/jquery/jquery-plugins.js?ln=primefaces&v=4.0 HTTP/1.1" 304 -
191.108.42.145 - - [04/Jul/2024:06:38:21 -0500] "GET /sipse/faces/javax.faces.resource/primefaces.js?ln=primefaces&v=4.0 HTTP/1.1" 304 -
191.108.42.145 - - [04/Jul/2024:06:38:21 -0500] "GET /sipse/faces/javax.faces.resource/layout/layout.js?ln=primefaces&v=4.0 HTTP/1.1" 304 -
191.108.42.145 - - [04/Jul/2024:06:38:24 -0500] "POST /sipse/faces/presentacion/financiero/solicitudProyectoActividad/asociarActividadSolicitud.xhtml HTTP/1.1" 200 46539
201.245.192.253 - - [04/Jul/2024:06:37:15 -0500] "POST /kwsrmcab/Wsrmcab  HTTP/1.1" 200 38712
201.245.192.253 - - [04/Jul/2024:06:38:25 -0500] "POST /kwsrmcab/Wsrmcab  HTTP/1.1" 200 38712
191.108.42.145 - - [04/Jul/2024:06:38:26 -0500] "POST /sipse/faces/presentacion/financiero/solicitudProyectoActividad/asociarActividadSolicitud.xhtml HTTP/1.1" 200 61298
192.178.6.6 - - [04/Jul/2024:06:38:29 -0500] "GET /BLA/resoluciones/AUTOS%202018/2380.pdf HTTP/1.1" 200 266576
191.108.42.145 - - [04/Jul/2024:06:38:29 -0500] "POST /sipse/faces/presentacion/financiero/solicitudProyectoActividad/asociarActividadSolicitud.xhtml HTTP/1.1" 200 20130
191.108.42.145 - - [04/Jul/2024:06:38:29 -0500] "GET /sipse/faces/javax.faces.resource/theme.css?ln=primefaces-sipse HTTP/1.1" 304 -
191.108.42.145 - - [04/Jul/2024:06:38:29 -0500] "GET /sipse/faces/javax.faces.resource/primefaces.css?ln=primefaces&v=4.0 HTTP/1.1" 304 -
191.108.42.145 - - [04/Jul/2024:06:38:29 -0500] "GET /sipse/faces/javax.faces.resource/layout/layout.css?ln=primefaces&v=4.0 HTTP/1.1" 304 -
191.108.42.145 - - [04/Jul/2024:06:38:29 -0500] "GET /sipse/faces/javax.faces.resource/jquery/jquery.js?ln=primefaces&v=4.0 HTTP/1.1" 304 -
191.108.42.145 - - [04/Jul/2024:06:38:29 -0500] "GET /sipse/faces/javax.faces.resource/jquery/jquery-plugins.js?ln=primefaces&v=4.0 HTTP/1.1" 304 -
191.108.42.145 - - [04/Jul/2024:06:38:29 -0500] "GET /sipse/faces/javax.faces.resource/primefaces.js?ln=primefaces&v=4.0 HTTP/1.1" 304 -
191.108.42.145 - - [04/Jul/2024:06:38:29 -0500] "GET /sipse/faces/javax.faces.resource/layout/layout.js?ln=primefaces&v=4.0 HTTP/1.1" 304 -
201.245.192.253 - - [04/Jul/2024:06:38:31 -0500] "GET /kwsrmcab/Wsrmcab?wsdl HTTP/1.1" 200 6948
191.108.42.145 - - [04/Jul/2024:06:38:34 -0500] "POST /sipse/faces/presentacion/financiero/solicitudProyectoActividad/asociarFuentesSolicitud.xhtml HTTP/1.1" 200 82408
191.108.42.145 - - [04/Jul/2024:06:38:35 -0500] "GET /sipse/faces/javax.faces.resource/primefaces.css?ln=primefaces&v=4.0 HTTP/1.1" 304 -
191.108.42.145 - - [04/Jul/2024:06:38:35 -0500] "GET /sipse/faces/javax.faces.resource/jquery/jquery.js?ln=primefaces&v=4.0 HTTP/1.1" 304 -
191.108.42.145 - - [04/Jul/2024:06:38:35 -0500] "GET /sipse/faces/javax.faces.resource/layout/layout.css?ln=primefaces&v=4.0 HTTP/1.1" 304 -
191.108.42.145 - - [04/Jul/2024:06:38:35 -0500] "GET /sipse/faces/javax.faces.resource/primefaces.js?ln=primefaces&v=4.0 HTTP/1.1" 304 -
191.108.42.145 - - [04/Jul/2024:06:38:35 -0500] "GET /sipse/faces/javax.faces.resource/theme.css?ln=primefaces-sipse HTTP/1.1" 304 -
191.108.42.145 - - [04/Jul/2024:06:38:35 -0500] "GET /sipse/faces/javax.faces.resource/jquery/jquery-plugins.js?ln=primefaces&v=4.0 HTTP/1.1" 304 -
191.108.42.145 - - [04/Jul/2024:06:38:35 -0500] "GET /sipse/faces/javax.faces.resource/layout/layout.js?ln=primefaces&v=4.0 HTTP/1.1" 304 -
216.244.66.195 - - [04/Jul/2024:06:38:43 -0500] "GET /BLA/resoluciones/RESOLUCIONES%202019/1757.pdf HTTP/1.1" 200 527550
192.178.6.5 - - [04/Jul/2024:06:38:49 -0500] "GET /BLA/resoluciones/RESOLUCIONES%202021/1385.pdf HTTP/1.1" 200 332296
191.108.42.145 - - [04/Jul/2024:06:38:51 -0500] "POST /sipse/faces/presentacion/financiero/solicitudProceso/crearModificarSolicitudProceso.xhtml HTTP/1.1" 200 60927
191.108.42.145 - - [04/Jul/2024:06:38:58 -0500] "POST /sipse/faces/presentacion/financiero/solicitudProceso/crearModificarSolicitudProceso.xhtml HTTP/1.1" 200 2937
201.245.192.253 - - [04/Jul/2024:06:39:01 -0500] "POST /kwsrmcab/Wsrmcab HTTP/1.1" 200 33633
191.108.42.145 - - [04/Jul/2024:06:39:08 -0500] "POST /sipse/faces/presentacion/financiero/solicitudProyectoActividad/confirmDialogEliminarFuentes.xhtml HTTP/1.1" 200 24603
191.108.42.145 - - [04/Jul/2024:06:39:08 -0500] "GET /sipse/faces/javax.faces.resource/theme.css?ln=primefaces-sipse HTTP/1.1" 304 -
191.108.42.145 - - [04/Jul/2024:06:39:08 -0500] "GET /sipse/faces/javax.faces.resource/primefaces.css?ln=primefaces&v=4.0 HTTP/1.1" 304 -
191.108.42.145 - - [04/Jul/2024:06:39:08 -0500] "GET /sipse/faces/javax.faces.resource/primefaces.js?ln=primefaces&v=4.0 HTTP/1.1" 304 -
191.108.42.145 - - [04/Jul/2024:06:39:08 -0500] "GET /sipse/faces/javax.faces.resource/layout/layout.css?ln=primefaces&v=4.0 HTTP/1.1" 304 -
191.108.42.145 - - [04/Jul/2024:06:39:08 -0500] "GET /sipse/faces/javax.faces.resource/jquery/jquery.js?ln=primefaces&v=4.0 HTTP/1.1" 304 -
191.108.42.145 - - [04/Jul/2024:06:39:08 -0500] "GET /sipse/faces/javax.faces.resource/jquery/jquery-plugins.js?ln=primefaces&v=4.0 HTTP/1.1" 304 -
191.108.42.145 - - [04/Jul/2024:06:39:08 -0500] "GET /sipse/faces/javax.faces.resource/layout/layout.js?ln=primefaces&v=4.0 HTTP/1.1" 304 -
191.108.42.145 - - [04/Jul/2024:06:39:12 -0500] "POST /sipse/faces/presentacion/financiero/solicitudProyectoActividad/asociarProyectoSolicitud.xhtml HTTP/1.1" 200 2126
191.108.42.145 - - [04/Jul/2024:06:39:14 -0500] "POST /sipse/faces/presentacion/financiero/solicitudProyectoActividad/asociarProyectoSolicitud.xhtml HTTP/1.1" 200 6759
191.108.42.145 - - [04/Jul/2024:06:39:15 -0500] "POST /sipse/faces/presentacion/financiero/solicitudProyectoActividad/asociarProyectoSolicitud.xhtml HTTP/1.1" 200 1708
191.108.42.145 - - [04/Jul/2024:06:39:16 -0500] "POST /sipse/faces/presentacion/financiero/solicitudProyectoActividad/asociarProyectoSolicitud.xhtml HTTP/1.1" 200 76758
191.108.42.145 - - [04/Jul/2024:06:39:16 -0500] "GET /sipse/faces/javax.faces.resource/layout/layout.css?ln=primefaces&v=4.0 HTTP/1.1" 304 -
191.108.42.145 - - [04/Jul/2024:06:39:16 -0500] "GET /sipse/faces/javax.faces.resource/primefaces.css?ln=primefaces&v=4.0 HTTP/1.1" 304 -
191.108.42.145 - - [04/Jul/2024:06:39:16 -0500] "GET /sipse/faces/javax.faces.resource/theme.css?ln=primefaces-sipse HTTP/1.1" 304 -
191.108.42.145 - - [04/Jul/2024:06:39:16 -0500] "GET /sipse/faces/javax.faces.resource/jquery/jquery.js?ln=primefaces&v=4.0 HTTP/1.1" 304 -
191.108.42.145 - - [04/Jul/2024:06:39:16 -0500] "GET /sipse/faces/javax.faces.resource/jquery/jquery-plugins.js?ln=primefaces&v=4.0 HTTP/1.1" 304 -
191.108.42.145 - - [04/Jul/2024:06:39:16 -0500] "GET /sipse/faces/javax.faces.resource/primefaces.js?ln=primefaces&v=4.0 HTTP/1.1" 304 -
191.108.42.145 - - [04/Jul/2024:06:39:16 -0500] "GET /sipse/faces/javax.faces.resource/layout/layout.js?ln=primefaces&v=4.0 HTTP/1.1" 304 -
191.108.42.145 - - [04/Jul/2024:06:39:23 -0500] "POST /sipse/faces/presentacion/financiero/solicitudProyectoActividad/asociarActividadSolicitud.xhtml HTTP/1.1" 200 61114
201.245.192.253 - - [04/Jul/2024:06:39:24 -0500] "POST /kwsrmcab/Wsrmcab  HTTP/1.1" 200 38712
191.108.42.145 - - [04/Jul/2024:06:39:27 -0500] "POST /sipse/faces/presentacion/financiero/solicitudProyectoActividad/asociarActividadSolicitud.xhtml HTTP/1.1" 200 20130
191.108.42.145 - - [04/Jul/2024:06:39:27 -0500] "GET /sipse/faces/javax.faces.resource/primefaces.css?ln=primefaces&v=4.0 HTTP/1.1" 304 -
191.108.42.145 - - [04/Jul/2024:06:39:27 -0500] "GET /sipse/faces/javax.faces.resource/theme.css?ln=primefaces-sipse HTTP/1.1" 304 -
191.108.42.145 - - [04/Jul/2024:06:39:27 -0500] "GET /sipse/faces/javax.faces.resource/layout/layout.css?ln=primefaces&v=4.0 HTTP/1.1" 304 -
191.108.42.145 - - [04/Jul/2024:06:39:27 -0500] "GET /sipse/faces/javax.faces.resource/jquery/jquery.js?ln=primefaces&v=4.0 HTTP/1.1" 304 -
191.108.42.145 - - [04/Jul/2024:06:39:27 -0500] "GET /sipse/faces/javax.faces.resource/jquery/jquery-plugins.js?ln=primefaces&v=4.0 HTTP/1.1" 304 -
191.108.42.145 - - [04/Jul/2024:06:39:27 -0500] "GET /sipse/faces/javax.faces.resource/primefaces.js?ln=primefaces&v=4.0 HTTP/1.1" 304 -
191.108.42.145 - - [04/Jul/2024:06:39:27 -0500] "GET /sipse/faces/javax.faces.resource/layout/layout.js?ln=primefaces&v=4.0 HTTP/1.1" 304 -
216.244.66.195 - - [04/Jul/2024:06:39:30 -0500] "GET /BLA/resoluciones/RESOLUCIONES%202019/1820.pdf HTTP/1.1" 200 497119
201.245.192.253 - - [04/Jul/2024:06:39:30 -0500] "GET /kwsrmcab/Wsrmcab?wsdl HTTP/1.1" 200 6948
191.108.42.145 - - [04/Jul/2024:06:39:36 -0500] "POST /sipse/faces/presentacion/financiero/solicitudProyectoActividad/asociarFuentesSolicitud.xhtml HTTP/1.1" 200 82408
191.108.42.145 - - [04/Jul/2024:06:39:37 -0500] "GET /sipse/faces/javax.faces.resource/theme.css?ln=primefaces-sipse HTTP/1.1" 304 -
191.108.42.145 - - [04/Jul/2024:06:39:37 -0500] "GET /sipse/faces/javax.faces.resource/layout/layout.css?ln=primefaces&v=4.0 HTTP/1.1" 304 -
191.108.42.145 - - [04/Jul/2024:06:39:37 -0500] "GET /sipse/faces/javax.faces.resource/jquery/jquery.js?ln=primefaces&v=4.0 HTTP/1.1" 304 -
191.108.42.145 - - [04/Jul/2024:06:39:37 -0500] "GET /sipse/faces/javax.faces.resource/primefaces.css?ln=primefaces&v=4.0 HTTP/1.1" 304 -
191.108.42.145 - - [04/Jul/2024:06:39:37 -0500] "GET /sipse/faces/javax.faces.resource/jquery/jquery-plugins.js?ln=primefaces&v=4.0 HTTP/1.1" 304 -
191.108.42.145 - - [04/Jul/2024:06:39:37 -0500] "GET /sipse/faces/javax.faces.resource/primefaces.js?ln=primefaces&v=4.0 HTTP/1.1" 304 -
191.108.42.145 - - [04/Jul/2024:06:39:37 -0500] "GET /sipse/faces/javax.faces.resource/layout/layout.js?ln=primefaces&v=4.0 HTTP/1.1" 304 -
191.108.42.145 - - [04/Jul/2024:06:39:40 -0500] "POST /sipse/faces/presentacion/financiero/solicitudProceso/crearModificarSolicitudProceso.xhtml HTTP/1.1" 200 2937
201.245.192.253 - - [04/Jul/2024:06:39:48 -0500] "POST /kwsrmcab/Wsrmcab HTTP/1.1" 200 34854
191.108.42.145 - - [04/Jul/2024:06:39:51 -0500] "POST /sipse/faces/presentacion/financiero/solicitudProyectoActividad/confirmDialogEliminarFuentes.xhtml HTTP/1.1" 200 82408
191.108.42.145 - - [04/Jul/2024:06:39:52 -0500] "GET /sipse/faces/javax.faces.resource/jquery/jquery.js?ln=primefaces&v=4.0 HTTP/1.1" 304 -
191.108.42.145 - - [04/Jul/2024:06:39:52 -0500] "GET /sipse/faces/javax.faces.resource/theme.css?ln=primefaces-sipse HTTP/1.1" 304 -
191.108.42.145 - - [04/Jul/2024:06:39:52 -0500] "GET /sipse/faces/javax.faces.resource/primefaces.js?ln=primefaces&v=4.0 HTTP/1.1" 304 -
191.108.42.145 - - [04/Jul/2024:06:39:52 -0500] "GET /sipse/faces/javax.faces.resource/layout/layout.css?ln=primefaces&v=4.0 HTTP/1.1" 304 -
191.108.42.145 - - [04/Jul/2024:06:39:52 -0500] "GET /sipse/faces/javax.faces.resource/primefaces.css?ln=primefaces&v=4.0 HTTP/1.1" 304 -
191.108.42.145 - - [04/Jul/2024:06:39:52 -0500] "GET /sipse/faces/javax.faces.resource/jquery/jquery-plugins.js?ln=primefaces&v=4.0 HTTP/1.1" 304 -
191.108.42.145 - - [04/Jul/2024:06:39:52 -0500] "GET /sipse/faces/javax.faces.resource/layout/layout.js?ln=primefaces&v=4.0 HTTP/1.1" 304 -
201.245.192.253 - - [04/Jul/2024:06:40:12 -0500] "POST /forms/lservlet;jsessionid=ac16012b30d6716d42d0eef24d9cbe79d3fe11a80187.e3iSbxaKaheRe34OahmPbx4Oa3z0n6jAmljGr5XDqQLvpAe HTTP/1.1" 200 2
191.108.42.145 - - [04/Jul/2024:06:39:54 -0500] "POST /sipse/faces/presentacion/financiero/solicitudProceso/crearModificarSolicitudProceso.xhtml HTTP/1.1" 200 45540
191.108.42.145 - - [04/Jul/2024:06:40:20 -0500] "GET /sipse/faces/javax.faces.resource/theme.css?ln=primefaces-sipse HTTP/1.1" 304 -
191.108.42.145 - - [04/Jul/2024:06:40:20 -0500] "GET /sipse/faces/javax.faces.resource/layout/layout.css?ln=primefaces&v=4.0 HTTP/1.1" 304 -
191.108.42.145 - - [04/Jul/2024:06:40:20 -0500] "GET /sipse/faces/javax.faces.resource/primefaces.js?ln=primefaces&v=4.0 HTTP/1.1" 304 -
191.108.42.145 - - [04/Jul/2024:06:40:20 -0500] "GET /sipse/faces/javax.faces.resource/jquery/jquery.js?ln=primefaces&v=4.0 HTTP/1.1" 304 -
191.108.42.145 - - [04/Jul/2024:06:40:20 -0500] "GET /sipse/faces/javax.faces.resource/primefaces.css?ln=primefaces&v=4.0 HTTP/1.1" 304 -
191.108.42.145 - - [04/Jul/2024:06:40:20 -0500] "GET /sipse/faces/javax.faces.resource/jquery/jquery-plugins.js?ln=primefaces&v=4.0 HTTP/1.1" 304 -
