152.203.58.57 - - [05/Jul/2024:09:01:58 -0500] "GET /sipse/css/imagen/contrasena.png HTTP/1.1" 404 383
152.203.58.57 - - [05/Jul/2024:09:01:58 -0500] "GET /sipse/faces/javax.faces.resource/messages/messages.png?ln=primefaces&v=4.0 HTTP/1.1" 304 -
152.203.58.57 - - [05/Jul/2024:09:02:00 -0500] "GET /sipse/faces/javax.faces.resource/images/ui-bg_flat_0_2d5972_40x100.png?ln=primefaces-aristo HTTP/1.1" 304 -
152.203.58.57 - - [05/Jul/2024:09:02:00 -0500] "POST /sipse/faces/bienvenido.xhtml HTTP/1.1" 200 2658
152.203.58.57 - - [05/Jul/2024:09:02:01 -0500] "POST /sipse/faces/bienvenido.xhtml HTTP/1.1" 200 36083
152.203.58.57 - - [05/Jul/2024:09:02:03 -0500] "GET /sipse/faces/javax.faces.resource/theme.css?ln=primefaces-sipse HTTP/1.1" 304 -
152.203.58.57 - - [05/Jul/2024:09:02:03 -0500] "GET /sipse/faces/javax.faces.resource/layout/layout.css?ln=primefaces&v=4.0 HTTP/1.1" 304 -
152.203.58.57 - - [05/Jul/2024:09:02:03 -0500] "GET /sipse/faces/javax.faces.resource/primefaces.css?ln=primefaces&v=4.0 HTTP/1.1" 304 -
152.203.58.57 - - [05/Jul/2024:09:02:03 -0500] "GET /sipse/faces/javax.faces.resource/jquery/jquery.js?ln=primefaces&v=4.0 HTTP/1.1" 304 -
152.203.58.57 - - [05/Jul/2024:09:02:03 -0500] "GET /sipse/faces/javax.faces.resource/jquery/jquery-plugins.js?ln=primefaces&v=4.0 HTTP/1.1" 304 -
152.203.58.57 - - [05/Jul/2024:09:02:03 -0500] "GET /sipse/faces/javax.faces.resource/primefaces.js?ln=primefaces&v=4.0 HTTP/1.1" 304 -
152.203.58.57 - - [05/Jul/2024:09:02:03 -0500] "GET /sipse/faces/javax.faces.resource/layout/layout.js?ln=primefaces&v=4.0 HTTP/1.1" 304 -
152.203.58.57 - - [05/Jul/2024:09:02:03 -0500] "POST /sipse/faces/presentacion/financiero/solicitudProceso/listarSolicitudProceso.xhtml HTTP/1.1" 200 1396
152.203.58.57 - - [05/Jul/2024:09:02:05 -0500] "POST /sipse/faces/presentacion/financiero/solicitudProceso/listarSolicitudProceso.xhtml HTTP/1.1" 200 911
152.203.58.57 - - [05/Jul/2024:09:02:06 -0500] "GET /sipse/faces/faces/faces/autenticacion HTTP/1.1" 302 -
152.203.58.57 - - [05/Jul/2024:09:02:06 -0500] "GET /sipse/faces/autenticacion.xhtml HTTP/1.1" 200 12410
152.203.58.57 - - [05/Jul/2024:09:02:07 -0500] "GET /sipse/faces/javax.faces.resource/jquery/jquery.js?ln=primefaces&v=4.0 HTTP/1.1" 304 -
152.203.58.57 - - [05/Jul/2024:09:02:07 -0500] "GET /sipse/faces/javax.faces.resource/primefaces.js?ln=primefaces&v=4.0 HTTP/1.1" 304 -
152.203.58.57 - - [05/Jul/2024:09:02:07 -0500] "GET /sipse/faces/javax.faces.resource/jquery/jquery-plugins.js?ln=primefaces&v=4.0 HTTP/1.1" 304 -
152.203.58.57 - - [05/Jul/2024:09:02:07 -0500] "GET /sipse/faces/javax.faces.resource/layout/layout.css?ln=primefaces&v=4.0 HTTP/1.1" 304 -
152.203.58.57 - - [05/Jul/2024:09:02:07 -0500] "GET /sipse/faces/javax.faces.resource/theme.css?ln=primefaces-sipse HTTP/1.1" 304 -
152.203.58.57 - - [05/Jul/2024:09:02:07 -0500] "GET /sipse/faces/javax.faces.resource/primefaces.css?ln=primefaces&v=4.0 HTTP/1.1" 304 -
152.203.58.57 - - [05/Jul/2024:09:02:07 -0500] "GET /sipse/faces/javax.faces.resource/layout/layout.js?ln=primefaces&v=4.0 HTTP/1.1" 304 -
152.203.58.57 - - [05/Jul/2024:09:02:10 -0500] "POST /sipse/faces/autenticacion.xhtml HTTP/1.1" 200 2225
152.203.58.57 - - [05/Jul/2024:09:02:10 -0500] "POST /sipse/faces/autenticacion.xhtml HTTP/1.1" 200 16341
152.203.58.57 - - [05/Jul/2024:09:02:11 -0500] "GET /sipse/faces/javax.faces.resource/theme.css?ln=primefaces-sipse HTTP/1.1" 304 -
152.203.58.57 - - [05/Jul/2024:09:02:11 -0500] "GET /sipse/faces/javax.faces.resource/layout/layout.css?ln=primefaces&v=4.0 HTTP/1.1" 304 -
152.203.58.57 - - [05/Jul/2024:09:02:11 -0500] "GET /sipse/faces/javax.faces.resource/primefaces.css?ln=primefaces&v=4.0 HTTP/1.1" 304 -
152.203.58.57 - - [05/Jul/2024:09:02:11 -0500] "GET /sipse/faces/javax.faces.resource/jquery/jquery.js?ln=primefaces&v=4.0 HTTP/1.1" 304 -
152.203.58.57 - - [05/Jul/2024:09:02:11 -0500] "GET /sipse/faces/javax.faces.resource/jquery/jquery-plugins.js?ln=primefaces&v=4.0 HTTP/1.1" 304 -
152.203.58.57 - - [05/Jul/2024:09:02:11 -0500] "GET /sipse/faces/javax.faces.resource/primefaces.js?ln=primefaces&v=4.0 HTTP/1.1" 304 -
152.203.58.57 - - [05/Jul/2024:09:02:11 -0500] "GET /sipse/faces/javax.faces.resource/layout/layout.js?ln=primefaces&v=4.0 HTTP/1.1" 304 -
152.203.58.57 - - [05/Jul/2024:09:02:12 -0500] "POST /sipse/faces/bienvenido.xhtml HTTP/1.1" 200 2658
66.249.66.21 - - [05/Jul/2024:09:02:13 -0500] "GET /BLA/resoluciones/Notificaciones/AUTOS%202023/9635.pdf HTTP/1.1" 200 402227
201.245.192.253 - - [05/Jul/2024:09:02:15 -0500] "POST /forms/lservlet;jsessionid=ac16012b30d6716d42d0eef24d9cbe79d3fe11a80187.e3iSbxaKaheRe34OahmPbx4Oa3z0n6jAmljGr5XDqQLvpAe HTTP/1.1" 200 2
207.46.13.107 - - [05/Jul/2024:09:02:16 -0500] "GET /BLA/resoluciones/AUTOS%202021/1712.pdf HTTP/1.1" 304 -
172.22.2.4 - - [05/Jul/2024:09:00:36 -0500] "HEAD /BLA/boletinlegal/ HTTP/1.1" 200 -
152.203.58.57 - - [05/Jul/2024:09:02:13 -0500] "POST /sipse/faces/bienvenido.xhtml HTTP/1.1" 200 63900
152.203.58.57 - - [05/Jul/2024:09:02:19 -0500] "GET /sipse/faces/javax.faces.resource/primefaces.css?ln=primefaces&v=4.0 HTTP/1.1" 304 -
152.203.58.57 - - [05/Jul/2024:09:02:19 -0500] "GET /sipse/faces/javax.faces.resource/layout/layout.css?ln=primefaces&v=4.0 HTTP/1.1" 304 -
152.203.58.57 - - [05/Jul/2024:09:02:19 -0500] "GET /sipse/faces/javax.faces.resource/theme.css?ln=primefaces-sipse HTTP/1.1" 304 -
152.203.58.57 - - [05/Jul/2024:09:02:19 -0500] "GET /sipse/faces/javax.faces.resource/jquery/jquery.js?ln=primefaces&v=4.0 HTTP/1.1" 304 -
152.203.58.57 - - [05/Jul/2024:09:02:19 -0500] "GET /sipse/faces/javax.faces.resource/jquery/jquery-plugins.js?ln=primefaces&v=4.0 HTTP/1.1" 304 -
152.203.58.57 - - [05/Jul/2024:09:02:19 -0500] "GET /sipse/faces/javax.faces.resource/primefaces.js?ln=primefaces&v=4.0 HTTP/1.1" 304 -
152.203.58.57 - - [05/Jul/2024:09:02:19 -0500] "GET /sipse/faces/javax.faces.resource/layout/layout.js?ln=primefaces&v=4.0 HTTP/1.1" 304 -
152.203.58.57 - - [05/Jul/2024:09:02:19 -0500] "POST /sipse/faces/presentacion/financiero/solicitudProceso/listarSolicitudProceso.xhtml HTTP/1.1" 200 1556
201.245.192.253 - - [05/Jul/2024:09:02:25 -0500] "GET /kwsrmcab/Wsrmcab?wsdl HTTP/1.1" 200 6948
152.203.58.57 - - [05/Jul/2024:09:02:28 -0500] "POST /sipse/faces/presentacion/financiero/solicitudProceso/listarSolicitudProceso.xhtml HTTP/1.1" 200 37770
201.245.192.253 - - [05/Jul/2024:09:02:47 -0500] "POST /kwsrmcab/Wsrmcab  HTTP/1.1" 200 38712
186.102.95.15 - - [05/Jul/2024:09:02:48 -0500] "GET /kwssiamovil/sm/ldap/au?x=U2FsdGVkX1/ODgvUur1bxwYN2tp9WFQDqrVlKvsqO4kztgSL/2WeJtjukjrzyFk8&y=U2FsdGVkX1/O4R2tkzGlBr48DzUs0IGZQpPjHvPvejo= HTTP/1.1" 200 30
186.102.95.15 - - [05/Jul/2024:09:02:48 -0500] "GET /kwssiamovil/sm/acme/s?s=U2FsdGVkX19nd96B34ugGWnrFfSepBPC/CE2Qttx+nQO2Qazr/lJY/Rbzy4FizsDQSSCPgqW+S1m5uWgmZd8rGLcrmNmyy1ZvrGH+AkF+ZE=&u=U2FsdGVkX18KhVtCrwPUGbI7OlPhsm6I2J8WkBwFCNc=&y=U2FsdGVkX1/O4R2tkzGlBr48DzUs0IGZQpPjHvPvejo= HTTP/1.1" 200 97
186.102.95.15 - - [05/Jul/2024:09:02:48 -0500] "GET /kwssiamovil/sm/acme/s?s=U2FsdGVkX1+6RCBbYdGKPdlYESFMDo1AlaFi2NfDwtnY3Fhij7oJVwH26MB0+JvF1xocKseRJeuTTF48DyyMstgNkUSs7b3kRnrZLCmiWMEhj5BAsIRCfvHQxI+XdY5n7tRvHRV404yCfihqbD3KE1Ulfp14G5ep8a8Ot3g9wpyF9vsYINFDTlOS1R4h2q5lYvb7K5bWvYZu/nv9lelvEeSASv6qrdsz+/U0bTyc6UGtnvCaDp097EgL9Imx6D6dm63k/JzMq1Tle556Gapu9G4eADk4Rmx6bBiEwldad56T8HHymI8yPVZYYwdpblUtNnz23fRWGuQ0RyB7LAGS86rcZd/oC+V+7OJ8s6oRTCgqPYXglXtmEhFHotsrHXkXqimLskrqo4ZrCPgjcqywtzYM467MyAZAio2ujjPkuHnjUfqqGq/i6VDN/CpfnYqC6Qvcegc4wUhJS6Xgqvx8oL2hXjyyXbpjp55bfXDMdqFpFETjaL8l82S8FL+53xUed/cz17JmHcoArlrpeo7sFVqWl3bIj8T1TSmNHBrBe5MRVkhM96azuhQb3Zg07qXvbyLYUWOs/zGO8l0XUd7TPnhEGp+Au2KbCO7ANRz7ULneSRCfZPEmefFjTIptexT+yIK3o8U+ISmIUuGSQbOAjF0bpAAxIqO0Fm5weTU6H3wHB1mRBk838a5seGqNQk+OePzbpq6wZmvrXUEvc5dWT4deT01Ajh4JB2QBNgrSHg8/uV6TVcpt8QzwetTUDG9Tk9WvlGWqV5+ZK90vDnBZt1p3+wIt0XXIBEHIzT0z/6gVHRRCEVd2r7BQgS5KU9BfiM1cCfdUE67dy+Tlz6pHTasb7IcOtcb7it+LpruFUa71e7+uL0GWeTLiZuaLP9SSlS0vWBYiy4BpCO0u4UdpJRJvhsC8tHeAPpixzCVQ4lCSB262nuyroFi4pM60DbncPuRoBg1kVw9fmZ21BXEz121bbJoMwvZZuwbS/EgqllsR462ALBTolqs1hLpM7syJSIje9MhU8428I26czKRsP6hL1VX7c2AQ99K7LgN21CfUDx/NcPlMGVmIfm3TI55AqFLrZJhRb8wYKj7Y5/E8NAYb43hYLiYWuQAH5eWd3xSdySV7QCJiZD2FQqNuMTvcL0wGFgLHnzELpdNydP0GMip3nCin5zgx8p+ixyI3ulnF3SkN0QzPFDufeFjPLq8s3KWKusEZXJ52g+S+iYORJVeYQ1hNLpKbSc4MdmQ2G1az4rAl6mXbyTF/Zy3QrWAz3O3oYRVrtTd+zxAsr13NuaO75jghEScglVnPidZ1Do0lFkmJ/6dAUxN+aF8ig61kZzFgXRRmh3w4+uHllN0BxUwXb3KquvAMO/R/cPzC0Pd7DuU+iyaqxNQUBaRBaLMJTxSjrYgxTBEWWqDSkAAqppOxLcprVaH1KtD+4cLfrvufydrxZiwlnGSMie+TXO/2saqPd7g+H3unUDdB9NwvOaAh6qi9pZu8X/3kO7pKXRT754BKCyl/EI3QGvAjpVEsLkktY37mKxKONsJERVB9xv6/fVQwMnxuB9E3cAaRTRh4SS/+ndSpKymC51yZ61DQtMzN3i15gC3lolqbjfeYh1ZXjJOkhUjsZbhs93tzuDYmbEAHAvTJiqeQe/r/PjOzPbehAeaV1NCqyHjO+elEQZD1Cl7EoDbQj6z6X+ube/kG1JP8S2gNo67uIF8/OqEf7SrijtHMYn4NK98CPGT85/nI2ghks3MBmL35DOwzWPo=&u=U2FsdGVkX18KhVtCrwPUGbI7OlPhsm6I2J8WkBwFCNc=&y=U2FsdGVkX1/O4R2tkzGlBr48DzUs0IGZQpPjHvPvejo= HTTP/1.1" 200 986
186.102.95.15 - - [05/Jul/2024:09:02:48 -0500] "GET /kwssiamovil/sm/acme/s?s=U2FsdGVkX18WDm293bman8+feCoPhGA2XEdcoLzcTbPF82oDGt2qHIqaLu2opYmRCxqCwx5qviZBGbYvkLvAeaowcJz+aHqrh6R6WcVhnU5Co3pQ/t1aCO6F6GJvz7c78oNQs6/63HZZSqZRaBll8VgF84Am51SQhk7w3BZaWLNXl+9fWEJ5MTp7g0tYmRdNXOK1lVVbG3NRr9Dn44FtXEzCAYHNAkL5k7GQQZ5Ab7I7/NYfalkUIwSxZVZjB9tz4eOglX9fT5mwCin77B+oGDWn4ZkcdA7RmgJLtUO9raAeXxbbiehytvImXqRAQ2EbkmCyntHvIwDIQQp1+n38LlbdZ3n/07uPnr3uBvJVS7FYm87+GIv1mWfhaEOUodV8SuDvTvVYc/V3Kzef49HusXPKVvOm6xNd6m54UJgmI+SOfmeQY8DXfHc1LzfW4jdlusAxwImz2zUD4XAXgTDDqpcSXZQ+xfEDvoBCCD+V7Zixz9c3ch7R/cH4kATtBuH75rPyvIRmyskOUCRQ8f1OTyXZOkOTB6GDUVxJlm8ro6p8MN8iRcNoFYt+5ul8sy2fnTS7eTB2aVxsawx/ToGefljpVirAqpy65Fx+ykq1pz7+ntjJcGU5clbgU0I6to0ODPS8XRE8fDTDi1IcVqoJdn9SmwB9isEsZrY1+MDKFj5uAZKszrByKHSP0uSpiK9IMq3iNhAZ89tUznDhpPC60+2R/K3mixXdqOdtTExkiQcP963shyM72UtO9d1Gq9IA&u=U2FsdGVkX18KhVtCrwPUGbI7OlPhsm6I2J8WkBwFCNc=&y=U2FsdGVkX1/O4R2tkzGlBr48DzUs0IGZQpPjHvPvejo= HTTP/1.1" 200 222
186.102.95.15 - - [05/Jul/2024:09:02:48 -0500] "GET /kwssiamovil/sm/cjson/pre?f=19&x=U2FsdGVkX1/ODgvUur1bxwYN2tp9WFQDqrVlKvsqO4kztgSL/2WeJtjukjrzyFk8 HTTP/1.1" 200 66671
201.245.192.253 - - [05/Jul/2024:09:03:25 -0500] "GET /kwsrmcab/Wsrmcab?wsdl HTTP/1.1" 200 6948
186.102.95.15 - - [05/Jul/2024:09:03:30 -0500] "GET /kwssiamovil/sm/ldap/au?x=U2FsdGVkX18Ger+tV8eNGBKMxhCo7cUaMgsptHGwlX8OFMTj3fUZ8zQzQEtfUj0Z&y=U2FsdGVkX19Ou5sYmEknHjNiMmJYQC8rG/ycwq9JtD0= HTTP/1.1" 200 30
186.102.95.15 - - [05/Jul/2024:09:03:30 -0500] "GET /kwssiamovil/sm/acme/s?s=U2FsdGVkX1+RGq8FQE1D7jWrWiNtbp8cl+wBidqoPd+UkhsI1TgDHWJo2QMtFaU4kyJ3pPrKWYjP//uMCyXDd9MEnUs0SuIdMIzFe4p/lkQ=&u=U2FsdGVkX1/ezhj3TK1FY0wId5IePV/y4/6i5dFr1zQ=&y=U2FsdGVkX19Ou5sYmEknHjNiMmJYQC8rG/ycwq9JtD0= HTTP/1.1" 200 97
186.102.95.15 - - [05/Jul/2024:09:03:30 -0500] "GET /kwssiamovil/sm/acme/s?s=U2FsdGVkX18AtVNNkGRyAzsrWfsvkdv6irTgQF3QdMHvMsh+s1zI4Upa5jSccfXWHbi07mnyhvtI3gAh3HbxgCU6jN1w+EJ/xazvIT3FchEMQ7ItFUxoZbf5i0T4uxgeiCv/LtBB+zD5deDJeI7uTrWUn95nHwjUraabvTw/ye2T9leIap3bRt0JTivJ1tSDYK08s0mpC/z/ZsBXUAZqSO7rSbhYrzizmLL6yvTgElMv6rK63WiuqJ22OD2o3+JckZElyssRTgaOE5ymmX2QKsHtYMkcDmXMi6C0VByYrFHDacmDZzDcwGpEjw2BmCQ1623dhX2stLwwI7iP8IKcCogdLW9Gn5/RM/aGSi6XPz9pt8YR3LGhmnGCm7Xp2j/unXQQz+n6IgjaadY6ikbGe08m21NxH+1V0WTpm0FYKTYNGJeH9RN9RNcF9yrOs3KRIkO3BiW30dj0D/Knn5n9GHWNo+gnwHb4bTM5G6GdklN1YQ/OllhjxfybJn7Yrx6vu9MykwtVYp4vsKyppaUp8I1QfXoLzpgp5rwhlUC+XQSiYNbe4XGdYAhpOTGEb3XwOWNqVC4fhaRYbBlUcdndOJ5lGZ6ZC6ezhY2b8CZ7v4hxJs85s2qh5emy3uliIa2pwOfcvJpg1pizPCCRzE4pwQUkyw5Wp0G2NDmrVwTRvChxrkA1hZ/5y4z72uJgZT7763yLOf4LMpj22VwCOKz0NguQ14QhZNOgmaMPb9nJOWWgLpYkH/0BuMwB3QBVPZfOmdn2WqUfK5v8O0TQOpQgnf91wYa0EVbUYwLGgYotecGwzvR3b55EbU9exP997IeFfizzkFkshRVLs5RcOaYTnB2P2NFF+f8cBINBQCnnbT5q54/TRJPpiwVrVGDPSETxZ0r/JRaazMWmUopx3ICYBGGYL7oKwPzYHcP1DUvjfD5jhg3Ikx9zY8/YmdBEFcNXAi9HsBS8XviZe2OnS9c+pXKLbY1XTRX0IkG58U2mPfWS7abcxSdpTKpzFJ4L43lDsDf3VjteZl3wTd+/lzLXnAJcXI6mnQaNTZECpxMjymhpz3Cjvw5C8AFA2pYcyp/aX59OXdOvThMxu5AAZ8v5FkAwif20QSXE1DOD+Tlkx30g40d/trEQ7l/czDN2Nc0/VaIRhgVHzoqawlbr1/S3swIsHLEsSwOLvSUm6uHXQQK1gsR0iLHBNIZUueP2476fWnM8Nk/0d8smFZFguqmKN0a77Rl23l9yNw0PEazBJ/K7aiGP7+EhXsDA4p/OUHYLpF2f5QjQfPDMBFG2f0tuEys3aKPOEZydXoyEyLsG+PQ6CjVRSl97nFXRcFRc/KPwSDyc6IDc8t34zOlIRzR/EMDDtWd1BwG34g1wJGZN2yGX9IhKgRZWK4m5nHrg4EgYBlzQFkWky2Oe7Q39xISvdfZdngCprT28aeLON1mdjW3abAO9YaLN6wwAzYhBRhrUb26VioYmszoXs3ePb2ux0L3g4SHUW3fyNIPqtsjwXPWHGxF1ujb+YjmU8kxAh0MZRXeL9NbUna7bzkBiDAu2q3vMhA+gEYZnxhtVbp3GGxlT5ODGBBxHlGEnWGhogGecDlIA1vmgWmrnIjJX5XOuIiPGPc8pvk5PwL7Vun3e4wJ3WsmEjxiXtKH7aFFk67aOobB0yk6I0o/QINEZbqkYdZFSPCm8N8Mk9tFS5ia8D9pfEr+C/yKK18NLB1ZnmtUZPa6yQUg/OFIUl/Akmb/OTAZ0QkHstePHF0S2ZxBFcgY=&u=U2FsdGVkX1/ezhj3TK1FY0wId5IePV/y4/6i5dFr1zQ=&y=U2FsdGVkX19Ou5sYmEknHjNiMmJYQC8rG/ycwq9JtD0= HTTP/1.1" 200 986
186.102.95.15 - - [05/Jul/2024:09:03:30 -0500] "GET /kwssiamovil/sm/acme/s?s=U2FsdGVkX1/U62S3Ww5Ydu/qlSEqswgXI9CDHgCsMLGu/W2ACsJTj1lJi/a2Lg73ZKYHmAcd7PmOhRwB6Ajut06KdHg9WmG9QaUGaRdLZ3Q+wcv7MP3ZhEQCa3aR8Cibuohy1qNmxQ0QeXrhPdfkqfFl2NIQ8wWi56VTIlh35xda+2gz48HzTmIKDprI1JvNMNYzrLCM6hjMmQG+6je7bjv4zZCEtLYm5rSSfkuL9bTO2YP02fP8b7vwTGTSFFfpHcHxg3RLxrvobMuE5B41QHj+NrW+sPMfeyd3RlJi9jbSYD8dznt4+olu3RyuwoP+9d9GiVcwNW8DeVzot0Vufd0vHytMglS8CUgAwFAnekEKA/tuoUihpFZ/LeU477VlSafym8lz8U0hOyidx6IOC71qmhB7pQhuZuTFQzbmAN7V8xpL44f6CcTcgjCFqBAtJe5hR/7cwkqOJKayEP7emypdkwqnb4+rTZ6XJY4OlLWJkEY7BxF94JOVaVxdsiHv2p8CLJ74ZSPDPPQxoUaBhLClipIhCMdRwmfrx0VB5+GZjbW9GZHrhNGuMo0BikcHe70NRBhP17viGxhbcPUK8WrOHxpxkj9ug385zvop5aeAbY42DVOr7Po+q/X2X0M2psMlqjIcSAiv5N5KwIM9+x/KSIJGYHJRE5Ro4ZcuE+QeP52VDUrZ+lG1h8VBrt0zVM9XvUm0dJ7Iq2e5k3odsC4x2zwUvWq7XX6Cv4dTyWNqmD9hEHY1ILUxVD/FlVzl&u=U2FsdGVkX1/ezhj3TK1FY0wId5IePV/y4/6i5dFr1zQ=&y=U2FsdGVkX19Ou5sYmEknHjNiMmJYQC8rG/ycwq9JtD0= HTTP/1.1" 200 222
186.102.95.15 - - [05/Jul/2024:09:03:31 -0500] "GET /kwssiamovil/sm/cjson/pre?f=19&x=U2FsdGVkX18Ger+tV8eNGBKMxhCo7cUaMgsptHGwlX8OFMTj3fUZ8zQzQEtfUj0Z HTTP/1.1" 200 66671
181.53.13.164 - - [05/Jul/2024:09:03:38 -0500] "GET /kwssiamovil/sm/acme/a?s=U2FsdGVkX1+d6f5ApZ4DS1eQP1M8ZokoutE7BhSTF1tYbNzVi0iYg4KKkHGHVYZSiYUloV/n1E762/Bc6V/JxXJafrksh8Hk3e4BsOFvq9PuRm9j4y8YtZv4Gpv73xvprFUeRTnWnKVGs76JSHCkhO2AetT4/vcqzQxUlVj6HhBrz3uTl/I1eUG1Ym3kY+/8B0H5I4PcNPjzggTms+Mq3cM9uKW/v6hP5S+RgrVwOCVDemYv+jCCYEDyQm7+Y3/BbdkDatftHK0A22h2oWwzmg==&u=U2FsdGVkX1+ieODnTHS1kI6D4EchtASRFHsQqqjR2r0=&y=U2FsdGVkX1/XHtWhlh0aJcqlLl5n9HLNqCnVhXoAr9Nvb1fzD3Ikc/vb+nibyzrL HTTP/1.1" 200 26
181.53.13.164 - - [05/Jul/2024:09:03:40 -0500] "GET /kwssiamovil/sm/acme/a?s=U2FsdGVkX19KtxAYVSF6YXO5Cs3ZEiK4SPWzQvqNvTHZKK1c1G1kUHi0sev557HqhUYkEe7pfleX9HISTs3NCpR5BM8mAhfiAL7XjvVzWxhx4U4gr26A2VzAlQXcZBzDcP8gyGy8xaLxFdqlUtKRPgOJTU0KCHVoriXdch5nHX4K/MPOc1SL9oPCW3mINwmeCJYP5fSaGF9DstALu5QIYywTP0Xi7MGfdh+RBfvA34Qjni4Qrv/xpKumtgs8yJgvISU/LK6L9F2xmPFZOdDVgk81JnwY1nm9FAkVdZVHwrbfhE1VDfiNDK5puT+KIc43OGFCvr0fRJlqBZSl0Wjkf4m0jyI/mRYANZobPQhXyJkbgT/JGwMJHSeq11RIeCdO9dfpxWy/+ffqMB4OAi1j3QFWVvKfxvWBRzpDWJ20MITTClw116858qHxr77o8RCE6J4jiTjTcpDLg1PprI81VH6P3Pwr4DqF0KLUaQw0it+X68Any6G2S+uOwRO6DgiN1RMG8mE7prxOQCQuHNZk/4FlRoFOoQRQ6XSA4rj9ZjavPH0miVnaJvl5epTKnaBPU1bOCMGO2pYlck72e9aNLNhJmB+9FgO836PKpsvSD5A9SrkR8s09AsMvrNd6UN0BYoHxxE8SsErqzuwUSDMAiG5NDD5GGQtz1TyQQtOvrB/blrfEwc+edYhhRYatH/en8KIBYMW/fwuDTSiyn+Tf8kb1TjGoUZMpqBE/Ym84TayX3ZlYLZLfoURb7lv5fJBrTp1Rvc2Cru67bvr4ZGfUdfVlRMN8BFslIP8Tpz4ylZV3ymuQAHBqcoXZStdUxR+LsckcXC2/g2Qpts5m6gHIKREhPAioeOH02jykyL9SzCZk8Y13wjT1HVgzxOMz+4Cbei+FD4hdqqlo1+7Y1l5j8cN3eNGoiOsT9DGYmU0vciwCY/QgFG8NXtvuHS7Ek8sHdWDON5hkHQb6fx4PHykaWSboXz70V8H7lPsw9JUvuYZ+MQyTjMtlAfXSOU0cq0jBxkrE9c3bYjnj10/klqkEusEXXGhkYvxroQfa4SbVchd6b/uT1XxcRALBDK52H2qWUMP9qDEE2PtvWXKOd3djWNKLqBF8LEwI3na63jDWTjuYVWGDEesgv8hvfsBvA3ZMWydv7g3eDhddTpUFD/oBVz3NAIMBT74HhXcNHq1co5WWqoF9z1eTjzDJ8xfD00Y782vNJPtNHCL71CDnkg+mTasbMPkzCUzehT/fZqVlErI5xipCSOT4oAZddh+XAo0q3QizIdjszjKRMt9Cv+fUbBFTrhlH27vgvNT71zZ3Q4jFs+DW8qoNHOpem6k+v8zU2/S8UhRip1m3t/DORS+rPJMVLemDs9lV4dvSfQYk2BNk1+K4Wzxrd0OhYdB+E9fzESQbzHkrvWneEgvJ0E5VOgL053c9sFTO/qaOPbvkqTqnb12sMFT0uG5SAM3aRfFArROyr3iezK71DZ4krvq4J+m0CjhlTrQq3sxtvbgjFcQb38UXV6+FQvHIotqKYuqCN+RXT0OVwTCYQho+GkLINKjF+zVF5z9CAVKo/kkg+GoYd0ku+jlXxuRxkL8b4ichRaN/v8g8IL6YD7aMqA6cf6TMu5XybfFmYetn9n63P+vRUPLIbHK1tNPwPSEgYaKqZFM6ZvJeUCFZeHTIvyiwdJMa1OWRnxRYV7UW7BjKVyWmx8Zq/P4+Gh+npPgHn72j8Xw8WeYBsbd6J+pYBvGK5Z8uOEblgxV4ezeQUNSH0Kc=&u=U2FsdGVkX1+ieODnTHS1kI6D4EchtASRFHsQqqjR2r0=&y=U2FsdGVkX1/XHtWhlh0aJcqlLl5n9HLNqCnVhXoAr9Nvb1fzD3Ikc/vb+nibyzrL HTTP/1.1" 200 26
181.53.13.164 - - [05/Jul/2024:09:03:40 -0500] "GET /kwssiamovil/sm/acme/a?s=U2FsdGVkX18pqWeiFLLOeQSIqzV5FqHgo4svcwFXi8lwg5aHFQjkvKPXkAIa2PN+oF7kMvtt3WRE+OXpMg3QJIL/I1VbaZoNS3VXauowtZa87pGFfRtEDzZ11VGda8s/leZ9s7ricGnR0eXapL+QYRNmDyvZZAqS1XpSvIoRp1k=&u=U2FsdGVkX1+ieODnTHS1kI6D4EchtASRFHsQqqjR2r0=&y=U2FsdGVkX1/XHtWhlh0aJcqlLl5n9HLNqCnVhXoAr9Nvb1fzD3Ikc/vb+nibyzrL HTTP/1.1" 200 26
181.53.13.164 - - [05/Jul/2024:09:03:40 -0500] "GET /kwssiamovil/sm/acme/a?s=U2FsdGVkX1/SjJ1yNRsqXx03cY/vZwnlCJMgxwzmic4DKvQgZBcqsj1wWJP2q1xRl0BePs/P+Fpa4uw7C51+GKMCH1IK4cnMslslAjo9cwlMSfrd3z4V+9+Yqij6OQTkBngOsZcH/32lP2J1Zh3W2RmXQfq15eXtLLPeffpdaa0=&u=U2FsdGVkX1+ieODnTHS1kI6D4EchtASRFHsQqqjR2r0=&y=U2FsdGVkX1/XHtWhlh0aJcqlLl5n9HLNqCnVhXoAr9Nvb1fzD3Ikc/vb+nibyzrL HTTP/1.1" 200 26
181.53.13.164 - - [05/Jul/2024:09:03:40 -0500] "GET /kwssiamovil/sm/acme/a?s=U2FsdGVkX18tmml28NIa5AqbAPNUpGEE7SztTPIL+t8xraRijy8LfQznLeae/aGetRJ3O5yeyySme3okrKsZDzvUTRq4tsCmJ+NFSJbQcgEV325BTZWDiKjklbO3027l+Z2dU5bs98coypHZNZQ2f47Zp1oZnxqKuStNgkRaYl8=&u=U2FsdGVkX1+ieODnTHS1kI6D4EchtASRFHsQqqjR2r0=&y=U2FsdGVkX1/XHtWhlh0aJcqlLl5n9HLNqCnVhXoAr9Nvb1fzD3Ikc/vb+nibyzrL HTTP/1.1" 200 26
181.53.13.164 - - [05/Jul/2024:09:03:41 -0500] "GET /kwssiamovil/sm/acme/a?s=U2FsdGVkX18eHRyZyZ1RoKe3IgdxPvBeRHrgk9E82HI1pCvBRWUkkR0WICVVsooCB8I6ZWKzY89asRgWtgnkhHaKgPw9DIUO2X4DkbPZ7Q9ACBcYRAVgGee1z6hMnGZTorsZGsWDTj19SnFk0+P8zh8rzFNbgSlqLrnP7fmzGjo4p1huwePruGiC0vUM7J9F&u=U2FsdGVkX1+ieODnTHS1kI6D4EchtASRFHsQqqjR2r0=&y=U2FsdGVkX1/XHtWhlh0aJcqlLl5n9HLNqCnVhXoAr9Nvb1fzD3Ikc/vb+nibyzrL HTTP/1.1" 200 26
172.22.2.4 - - [05/Jul/2024:09:02:16 -0500] "HEAD /BLA/boletinlegal/ HTTP/1.1" 200 -
201.245.192.253 - - [05/Jul/2024:09:04:15 -0500] "POST /forms/lservlet;jsessionid=ac16012b30d6716d42d0eef24d9cbe79d3fe11a80187.e3iSbxaKaheRe34OahmPbx4Oa3z0n6jAmljGr5XDqQLvpAe HTTP/1.1" 200 2
201.245.192.253 - - [05/Jul/2024:09:04:25 -0500] "GET /kwsrmcab/Wsrmcab?wsdl HTTP/1.1" 200 6948
199.16.157.181 - - [05/Jul/2024:09:04:29 -0500] "GET /images/pl%C3%A1sticos%20foto%201..jpg HTTP/1.1" 404 1034
172.22.2.4 - - [05/Jul/2024:09:03:07 -0500] "GET /BLA/boletinlegal/ HTTP/1.1" 200 60380
201.245.192.253 - - [05/Jul/2024:09:05:25 -0500] "GET /kwsrmcab/Wsrmcab?wsdl HTTP/1.1" 200 6948
66.249.66.19 - - [05/Jul/2024:09:05:36 -0500] "GET /Publicaciones/2024EE134251.pdf HTTP/1.1" 200 431487
216.245.221.92 - - [05/Jul/2024:09:06:06 -0500] "HEAD / HTTP/1.1" 200 -
201.245.192.253 - - [05/Jul/2024:09:06:15 -0500] "POST /forms/lservlet;jsessionid=ac16012b30d6716d42d0eef24d9cbe79d3fe11a80187.e3iSbxaKaheRe34OahmPbx4Oa3z0n6jAmljGr5XDqQLvpAe HTTP/1.1" 200 2
201.245.192.253 - - [05/Jul/2024:09:06:25 -0500] "GET /kwsrmcab/Wsrmcab?wsdl HTTP/1.1" 200 6948
172.22.2.4 - - [05/Jul/2024:09:06:34 -0500] "GET /BLA/boletinlegal/actos.php HTTP/1.1" 200 9738
172.22.2.4 - - [05/Jul/2024:09:06:36 -0500] "GET /BLA/boletinlegal/favicon.ico HTTP/1.1" 404 1326
66.249.66.21 - - [05/Jul/2024:09:07:11 -0500] "GET /BLA/resoluciones/RESOLUCIONES%202004/RES%202004%201601-1650/00001631.tif HTTP/1.1" 200 296154
172.22.2.4 - - [05/Jul/2024:09:07:19 -0500] "GET /BLA/boletinlegal/Directivas/2016/Directiva%20No.%2002%20del%2019%20de%20Abril%20de%202016.pdf HTTP/1.1" 200 11898321
172.22.2.4 - - [05/Jul/2024:09:07:20 -0500] "GET /BLA/boletinlegal/Circulares/2018/CIRCULAR%20COJUNTA%20042%20DE%202018.pdf HTTP/1.1" 200 515008
172.22.2.4 - - [05/Jul/2024:09:07:21 -0500] "GET /BLA/boletinlegal/Circulares/2013/Circular%20No.%201%20del%2014%20de%20enero%20de%202013.pdf HTTP/1.1" 200 1298384
201.245.192.253 - - [05/Jul/2024:09:07:25 -0500] "GET /kwsrmcab/Wsrmcab?wsdl HTTP/1.1" 200 6948
66.249.66.20 - - [05/Jul/2024:09:07:36 -0500] "GET /siipev/Diseno%20de%20Elementos%20de%20Mobiliario%20Urbano/Diseno%20pertenecientes%20al%20mobiliario%20urbano%20M10-M160/PARTE%20A/Dise%C3%B1o%20de%20Elementos%20M-20.pdf HTTP/1.1" 304 -
201.245.192.253 - - [05/Jul/2024:09:07:46 -0500] "POST /kwsrmcab/Wsrmcab  HTTP/1.1" 200 38712
201.245.192.253 - - [05/Jul/2024:09:08:15 -0500] "POST /forms/lservlet;jsessionid=ac16012b30d6716d42d0eef24d9cbe79d3fe11a80187.e3iSbxaKaheRe34OahmPbx4Oa3z0n6jAmljGr5XDqQLvpAe HTTP/1.1" 200 2
201.245.192.253 - - [05/Jul/2024:09:08:25 -0500] "GET /kwsrmcab/Wsrmcab?wsdl HTTP/1.1" 200 6948
201.245.192.253 - - [05/Jul/2024:09:09:25 -0500] "GET /kwsrmcab/Wsrmcab?wsdl HTTP/1.1" 200 6948
216.244.66.195 - - [05/Jul/2024:09:09:31 -0500] "GET /robots.txt HTTP/1.1" 404 1018
172.22.2.4 - - [05/Jul/2024:09:09:34 -0500] "GET /BLA/boletinlegal/actos.php HTTP/1.1" 200 9738
172.22.2.4 - - [05/Jul/2024:09:09:35 -0500] "GET /BLA/boletinlegal/favicon.ico HTTP/1.1" 404 1326
172.22.2.4 - - [05/Jul/2024:09:08:06 -0500] "HEAD /BLA/boletinlegal/ HTTP/1.1" 200 -
66.249.66.19 - - [05/Jul/2024:09:09:57 -0500] "GET /BLA/resoluciones/Notificaciones/AUTOS%202024/9744.pdf HTTP/1.1" 200 436058
66.249.66.20 - - [05/Jul/2024:09:10:10 -0500] "GET /BLA/resoluciones/Notificaciones/AUTOS%202024/1574.pdf HTTP/1.1" 200 357468
172.22.2.4 - - [05/Jul/2024:09:10:11 -0500] "GET /BLA/boletinlegal/consulta_actos.php?tipo=resoluciones&no=0152&usuario=&sector=&fecha=2021&resuelve= HTTP/1.1" 200 626
66.249.66.19 - - [05/Jul/2024:09:10:12 -0500] "GET /BLA/resoluciones/RESOLUCIONES%202021/2450.pdf HTTP/1.1" 200 357619
172.22.2.4 - - [05/Jul/2024:09:10:14 -0500] "GET /BLA/boletinlegal/consulta_actos.php?tipo=resoluciones&no=0152&usuario=&sector=&fecha=2021&resuelve= HTTP/1.1" 200 626
201.245.192.253 - - [05/Jul/2024:09:10:15 -0500] "POST /forms/lservlet;jsessionid=ac16012b30d6716d42d0eef24d9cbe79d3fe11a80187.e3iSbxaKaheRe34OahmPbx4Oa3z0n6jAmljGr5XDqQLvpAe HTTP/1.1" 200 2
172.22.2.4 - - [05/Jul/2024:09:10:20 -0500] "GET /BLA/boletinlegal/consulta_actos.php?tipo=resoluciones&no=0152&usuario=&sector=&fecha=2021&resuelve= HTTP/1.1" 200 626
172.22.2.4 - - [05/Jul/2024:09:10:21 -0500] "GET /BLA/boletinlegal/consulta_actos.php?tipo=resoluciones&no=0152&usuario=&sector=&fecha=2021&resuelve= HTTP/1.1" 200 626
172.22.2.4 - - [05/Jul/2024:09:10:21 -0500] "GET /BLA/boletinlegal/consulta_actos.php?tipo=resoluciones&no=0152&usuario=&sector=&fecha=2021&resuelve= HTTP/1.1" 200 626
172.22.2.4 - - [05/Jul/2024:09:10:21 -0500] "GET /BLA/boletinlegal/consulta_actos.php?tipo=resoluciones&no=0152&usuario=&sector=&fecha=2021&resuelve= HTTP/1.1" 200 626
201.245.192.253 - - [05/Jul/2024:09:10:25 -0500] "GET /kwsrmcab/Wsrmcab?wsdl HTTP/1.1" 200 6948
66.249.66.19 - - [05/Jul/2024:09:10:26 -0500] "GET /BLA/resoluciones/Notificaciones/AUTOS%202023/10288.pdf HTTP/1.1" 200 396338
172.22.2.4 - - [05/Jul/2024:09:08:57 -0500] "GET /BLA/boletinlegal/ HTTP/1.1" 200 60380
66.249.66.19 - - [05/Jul/2024:09:10:37 -0500] "GET /BLA/resoluciones/Notificaciones/AUTOS%202023/8012.pdf HTTP/1.1" 200 382316
66.249.66.19 - - [05/Jul/2024:09:10:38 -0500] "GET /BLA/resoluciones/RESOLUCIONES%202021/4875.pdf HTTP/1.1" 200 351860
216.245.221.92 - - [05/Jul/2024:09:11:06 -0500] "HEAD / HTTP/1.1" 200 -
201.245.192.253 - - [05/Jul/2024:09:11:25 -0500] "GET /kwsrmcab/Wsrmcab?wsdl HTTP/1.1" 200 6948
66.249.66.20 - - [05/Jul/2024:09:11:28 -0500] "GET /BLA/resoluciones/AUTOS%202020/4144.pdf HTTP/1.1" 200 379244
66.249.66.19 - - [05/Jul/2024:09:11:36 -0500] "GET /resoluciones/AUTOS%202007/3945.pdf HTTP/1.1" 404 1018
201.245.192.253 - - [05/Jul/2024:09:12:15 -0500] "POST /forms/lservlet;jsessionid=ac16012b30d6716d42d0eef24d9cbe79d3fe11a80187.e3iSbxaKaheRe34OahmPbx4Oa3z0n6jAmljGr5XDqQLvpAe HTTP/1.1" 200 2
190.69.231.17 - - [05/Jul/2024:09:12:25 -0500] "GET /sipse/faces/index.xhtml HTTP/1.1" 200 677
201.245.192.253 - - [05/Jul/2024:09:12:25 -0500] "GET /kwsrmcab/Wsrmcab?wsdl HTTP/1.1" 200 6948
190.69.231.17 - - [05/Jul/2024:09:12:26 -0500] "GET /sipse/faces/javax.faces.resource/theme.css?ln=primefaces-sipse HTTP/1.1" 200 50058
190.69.231.17 - - [05/Jul/2024:09:12:27 -0500] "GET /sipse/faces/faces/autenticacion.xhtml HTTP/1.1" 200 12410
190.69.231.17 - - [05/Jul/2024:09:12:27 -0500] "GET /sipse/js/disable_browser_buttons.js HTTP/1.1" 304 -
190.69.231.17 - - [05/Jul/2024:09:12:27 -0500] "GET /sipse/js/funciones.js HTTP/1.1" 304 -
190.69.231.17 - - [05/Jul/2024:09:12:27 -0500] "GET /sipse/css/custom_css_sg.css HTTP/1.1" 304 -
190.69.231.17 - - [05/Jul/2024:09:12:27 -0500] "GET /sipse/css/custom_css_sg_prime_login.css HTTP/1.1" 304 -
190.69.231.17 - - [05/Jul/2024:09:12:27 -0500] "GET /sipse/faces/javax.faces.resource/layout/layout.css?ln=primefaces&v=4.0 HTTP/1.1" 304 -
190.69.231.17 - - [05/Jul/2024:09:12:27 -0500] "GET /sipse/faces/javax.faces.resource/jquery/jquery.js?ln=primefaces&v=4.0 HTTP/1.1" 304 -
190.69.231.17 - - [05/Jul/2024:09:12:27 -0500] "GET /sipse/faces/javax.faces.resource/theme.css?ln=primefaces-sipse HTTP/1.1" 304 -
190.69.231.17 - - [05/Jul/2024:09:12:27 -0500] "GET /sipse/faces/javax.faces.resource/primefaces.css?ln=primefaces&v=4.0 HTTP/1.1" 304 -
190.69.231.17 - - [05/Jul/2024:09:12:27 -0500] "GET /sipse/faces/javax.faces.resource/primefaces.js?ln=primefaces&v=4.0 HTTP/1.1" 304 -
190.69.231.17 - - [05/Jul/2024:09:12:27 -0500] "GET /sipse/faces/javax.faces.resource/jquery/jquery-plugins.js?ln=primefaces&v=4.0 HTTP/1.1" 304 -
190.69.231.17 - - [05/Jul/2024:09:12:27 -0500] "GET /sipse/faces/javax.faces.resource/layout/layout.js?ln=primefaces&v=4.0 HTTP/1.1" 304 -
190.69.231.17 - - [05/Jul/2024:09:12:28 -0500] "GET /sipse/css/imagen/logoSDG.png HTTP/1.1" 304 -
190.69.231.17 - - [05/Jul/2024:09:12:28 -0500] "GET /sipse/css/imagen/loginimg.png HTTP/1.1" 304 -
190.69.231.17 - - [05/Jul/2024:09:12:28 -0500] "GET /sipse/faces/javax.faces.resource/images/ui-icons_898989_256x240.png?ln=primefaces-aristo HTTP/1.1" 304 -
66.249.66.19 - - [05/Jul/2024:09:12:33 -0500] "GET /BLA/resoluciones/Notificaciones/AUTOS%202023/9722.pdf HTTP/1.1" 200 423333
201.245.192.253 - - [05/Jul/2024:09:12:44 -0500] "POST /kwsrmcab/Wsrmcab  HTTP/1.1" 200 38712
66.249.66.19 - - [05/Jul/2024:09:12:54 -0500] "GET /BLA/resoluciones/AUTOS%202020/3828.pdf HTTP/1.1" 200 368374
66.249.66.19 - - [05/Jul/2024:09:12:59 -0500] "GET /BLA/resoluciones/RESOLUCIONES%202004/RES%202004%202301-2350/00002321.tif HTTP/1.1" 200 121960
66.249.66.19 - - [05/Jul/2024:09:13:10 -0500] "GET /BLA/resoluciones/RESOLUCIONES%202013/2315.pdf HTTP/1.1" 200 688475
66.249.66.19 - - [05/Jul/2024:09:13:24 -0500] "GET /BLA/resoluciones/RESOLUCIONES%202021/0241.pdf HTTP/1.1" 200 394436
201.245.192.253 - - [05/Jul/2024:09:13:25 -0500] "GET /kwsrmcab/Wsrmcab?wsdl HTTP/1.1" 200 6948
181.53.13.164 - - [05/Jul/2024:09:14:08 -0500] "GET /kwssiamovil/sm/acme/u?s=U2FsdGVkX1+5fock1rXt+22G+792/7lzxMc1t2hiq+WtZn1Ig1bYZsMaER8y5r9V1cz7EsSNwL5rcjMlHq3Qpd/mdD4lQ9zUzM4E7VuIc+MweONtIS42JzuL8WIbqnhIaslGiqSsOrX879FW4njU+QQquHkJXyZ6tGHKRRZhzvU=&u=U2FsdGVkX1+ieODnTHS1kI6D4EchtASRFHsQqqjR2r0=&y=U2FsdGVkX1/XHtWhlh0aJcqlLl5n9HLNqCnVhXoAr9Nvb1fzD3Ikc/vb+nibyzrL HTTP/1.1" 200 60
201.245.192.253 - - [05/Jul/2024:09:14:15 -0500] "POST /forms/lservlet;jsessionid=ac16012b30d6716d42d0eef24d9cbe79d3fe11a80187.e3iSbxaKaheRe34OahmPbx4Oa3z0n6jAmljGr5XDqQLvpAe HTTP/1.1" 200 2
190.69.231.17 - - [05/Jul/2024:09:14:22 -0500] "POST /sipse/faces/autenticacion.xhtml HTTP/1.1" 200 2227
190.69.231.17 - - [05/Jul/2024:09:14:22 -0500] "GET /sipse/faces/javax.faces.resource/messages/messages.png?ln=primefaces&v=4.0 HTTP/1.1" 304 -
190.69.231.17 - - [05/Jul/2024:09:14:23 -0500] "POST /sipse/faces/autenticacion.xhtml HTTP/1.1" 200 16341
190.69.231.17 - - [05/Jul/2024:09:14:24 -0500] "GET /sipse/css/custom_css_sg_prime.css HTTP/1.1" 304 -
190.69.231.17 - - [05/Jul/2024:09:14:24 -0500] "GET /sipse/faces/javax.faces.resource/theme.css?ln=primefaces-sipse HTTP/1.1" 304 -
190.69.231.17 - - [05/Jul/2024:09:14:24 -0500] "GET /sipse/js/jquery.min.js HTTP/1.1" 304 -
190.69.231.17 - - [05/Jul/2024:09:14:24 -0500] "GET /sipse/faces/javax.faces.resource/primefaces.css?ln=primefaces&v=4.0 HTTP/1.1" 304 -
190.69.231.17 - - [05/Jul/2024:09:14:24 -0500] "GET /sipse/faces/javax.faces.resource/layout/layout.css?ln=primefaces&v=4.0 HTTP/1.1" 304 -
190.69.231.17 - - [05/Jul/2024:09:14:24 -0500] "GET /sipse/faces/javax.faces.resource/jquery/jquery.js?ln=primefaces&v=4.0 HTTP/1.1" 304 -
190.69.231.17 - - [05/Jul/2024:09:14:24 -0500] "GET /sipse/faces/javax.faces.resource/jquery/jquery-plugins.js?ln=primefaces&v=4.0 HTTP/1.1" 304 -
190.69.231.17 - - [05/Jul/2024:09:14:24 -0500] "GET /sipse/faces/javax.faces.resource/primefaces.js?ln=primefaces&v=4.0 HTTP/1.1" 304 -
190.69.231.17 - - [05/Jul/2024:09:14:24 -0500] "GET /sipse/faces/javax.faces.resource/layout/layout.js?ln=primefaces&v=4.0 HTTP/1.1" 304 -
190.69.231.17 - - [05/Jul/2024:09:14:24 -0500] "GET /sipse/css/v_mergente.css HTTP/1.1" 304 -
190.69.231.17 - - [05/Jul/2024:09:14:24 -0500] "GET /sipse/imagenes/cargando.gif HTTP/1.1" 304 -
190.69.231.17 - - [05/Jul/2024:09:14:24 -0500] "GET /sipse/css/imagen/contrasena.png HTTP/1.1" 404 383
190.69.231.17 - - [05/Jul/2024:09:14:24 -0500] "GET /sipse/imagenes/logoAplicacion.jpg HTTP/1.1" 304 -
201.245.192.253 - - [05/Jul/2024:09:14:28 -0500] "GET /kwsrmcab/Wsrmcab?wsdl HTTP/1.1" 200 6948
201.245.192.253 - - [05/Jul/2024:09:15:25 -0500] "GET /kwsrmcab/Wsrmcab?wsdl HTTP/1.1" 200 6948
172.22.2.4 - - [05/Jul/2024:09:15:34 -0500] "GET /BLA/boletinlegal/Circulares/2019/Circular%20No.%200015%20del%2003%20de%20Octubre%20de%202019.pdf HTTP/1.1" 304 -
172.22.2.4 - - [05/Jul/2024:09:13:56 -0500] "HEAD /BLA/boletinlegal/ HTTP/1.1" 200 -
66.249.66.21 - - [05/Jul/2024:09:15:55 -0500] "GET /BLA/resoluciones/Notificaciones/RESOLUCIONES%202023/3167.pdf HTTP/1.1" 200 429039
216.245.221.92 - - [05/Jul/2024:09:16:06 -0500] "HEAD / HTTP/1.1" 200 -
201.245.192.253 - - [05/Jul/2024:09:16:15 -0500] "POST /forms/lservlet;jsessionid=ac16012b30d6716d42d0eef24d9cbe79d3fe11a80187.e3iSbxaKaheRe34OahmPbx4Oa3z0n6jAmljGr5XDqQLvpAe HTTP/1.1" 200 2
201.245.192.253 - - [05/Jul/2024:09:16:25 -0500] "GET /kwsrmcab/Wsrmcab?wsdl HTTP/1.1" 200 6948
172.22.2.4 - - [05/Jul/2024:09:14:47 -0500] "GET /BLA/boletinlegal/ HTTP/1.1" 200 59083
201.245.192.253 - - [05/Jul/2024:09:17:25 -0500] "GET /kwsrmcab/Wsrmcab?wsdl HTTP/1.1" 200 6948
201.245.192.253 - - [05/Jul/2024:09:16:41 -0500] "POST /kwsrmcab/Wsrmcab HTTP/1.1" 200 21442
201.245.192.253 - - [05/Jul/2024:09:17:41 -0500] "POST /kwsrmcab/Wsrmcab HTTP/1.1" 200 34298
201.245.192.253 - - [05/Jul/2024:09:17:43 -0500] "POST /kwsrmcab/Wsrmcab  HTTP/1.1" 200 38712
47.128.59.158 - - [05/Jul/2024:09:17:44 -0500] "GET /BLA/resoluciones/AUTOS%202021/0245.php?act=f&d=E%3A%5Cnuevo%5Chtdocs%5CBLA%5Cresoluciones%5CRESOLUCIONES+2006%5CRES+2006+1151-1200&f=00001189.tif&ft=download HTTP/1.1" 200 164982
47.128.123.137 - - [05/Jul/2024:09:18:00 -0500] "GET /BLA/resoluciones/AUTOS%202021/0245.php?act=f&d=E%3A%5Cnuevo%5Chtdocs%5CBLA%5Cresoluciones%5CAUTOS+2021&f=2069.pdf&ft=download HTTP/1.1" 200 392871
80.66.76.121 - - [05/Jul/2024:09:18:10 -0500] "\x03" 400 226
47.128.41.9 - - [05/Jul/2024:09:18:15 -0500] "GET /BLA/resoluciones/AUTOS%202021/0245.php?act=f&d=E%3A%5Cnuevo%5Chtdocs%5C&f=autologin.html&ft=download HTTP/1.1" 200 730
201.245.192.253 - - [05/Jul/2024:09:18:15 -0500] "POST /forms/lservlet;jsessionid=ac16012b30d6716d42d0eef24d9cbe79d3fe11a80187.e3iSbxaKaheRe34OahmPbx4Oa3z0n6jAmljGr5XDqQLvpAe HTTP/1.1" 200 2
66.249.66.19 - - [05/Jul/2024:09:18:22 -0500] "GET /BLA/resoluciones/RESOLUCIONES%202021/0878.pdf HTTP/1.1" 200 1318449
201.245.192.253 - - [05/Jul/2024:09:18:25 -0500] "GET /kwsrmcab/Wsrmcab?wsdl HTTP/1.1" 200 6948
47.128.52.44 - - [05/Jul/2024:09:18:30 -0500] "GET /BLA/resoluciones/AUTOS%202021/0245.php?act=f&d=E%3A%5Cnuevo%5CMercuryMail&f=winpm-32.dat&ft=download HTTP/1.1" 200 134849
47.128.110.100 - - [05/Jul/2024:09:18:46 -0500] "GET /BLA/resoluciones/AUTOS%202021/0245.php?act=f&d=E%3A%5Cnuevo%5Chtdocs%5Crdc&f=create.php&ft=download HTTP/1.1" 200 3605
66.249.66.21 - - [05/Jul/2024:09:18:48 -0500] "GET /BLA/resoluciones/RESOLUCIONES%202004/RES%202004%202301-2350/00002327.tif HTTP/1.1" 200 122552
66.249.66.21 - - [05/Jul/2024:09:18:49 -0500] "GET /BLA/resoluciones/Notificaciones/AUTOS%202023/10101.pdf HTTP/1.1" 200 510158
201.245.192.253 - - [05/Jul/2024:09:18:57 -0500] "POST /kwsrmcab/Wsrmcab HTTP/1.1" 200 33177
66.249.66.19 - - [05/Jul/2024:09:19:15 -0500] "GET /resoluciones/RESOLUCIONES%202009/2646.pdf HTTP/1.1" 404 1018
172.22.2.4 - - [05/Jul/2024:09:17:36 -0500] "HEAD /BLA/boletinlegal/ HTTP/1.1" 200 -
47.128.22.143 - - [05/Jul/2024:09:19:17 -0500] "GET /BLA/resoluciones/AUTOS%202021/0245.php?act=f&d=E%3A%5Cnuevo%5Ctmp%5C&f=php7B1B.tmp&ft=download HTTP/1.1" 200 2051747
20.169.253.245 - - [05/Jul/2024:09:19:20 -0500] "GET /bGEtcGFsbW HTTP/1.1" 404 1034
20.169.253.245 - - [05/Jul/2024:09:19:24 -0500] "GET /favicon.ico HTTP/1.1" 404 1218
201.245.192.253 - - [05/Jul/2024:09:19:25 -0500] "GET /kwsrmcab/Wsrmcab?wsdl HTTP/1.1" 200 6948
172.22.2.4 - - [05/Jul/2024:09:17:51 -0500] "GET /BLA/boletinlegal/ HTTP/1.1" 200 54913
47.128.63.119 - - [05/Jul/2024:09:19:33 -0500] "GET /BLA/resoluciones/AUTOS%202021/0245.php?act=f&d=E%3A%5Cmod_evasive&f=mod_evasive20.c&ft=download HTTP/1.1" 200 18242
47.128.21.68 - - [05/Jul/2024:09:19:48 -0500] "GET /BLA/resoluciones/AUTOS%202021/0245.php?act=f&d=E%3A%5Cnuevo%5Chtdocs%5CBLA%5Cresoluciones%5CAUTOS+2021&f=6248.pdf&ft=download HTTP/1.1" 200 356007
201.245.192.253 - - [05/Jul/2024:09:19:53 -0500] "POST /kwsrmcab/Wsrmcab HTTP/1.1" 200 34298
47.128.21.9 - - [05/Jul/2024:09:20:04 -0500] "GET /BLA/resoluciones/AUTOS%202021/0245.php?act=f&d=C%3A%5CAmbienteBogota%5Canti&f=fot.gif&ft=download HTTP/1.1" 200 28020
201.245.192.253 - - [05/Jul/2024:09:20:15 -0500] "POST /forms/lservlet;jsessionid=ac16012b30d6716d42d0eef24d9cbe79d3fe11a80187.e3iSbxaKaheRe34OahmPbx4Oa3z0n6jAmljGr5XDqQLvpAe HTTP/1.1" 200 2
172.22.2.4 - - [05/Jul/2024:09:20:19 -0500] "GET /BLA/boletinlegal/favicon.ico HTTP/1.1" 404 1018
201.245.192.253 - - [05/Jul/2024:09:20:25 -0500] "GET /kwsrmcab/Wsrmcab?wsdl HTTP/1.1" 200 6948
66.249.66.20 - - [05/Jul/2024:09:20:36 -0500] "GET /BLA/resoluciones/RESOLUCIONES%202022/0042.pdf HTTP/1.1" 304 -
66.249.66.19 - - [05/Jul/2024:09:21:01 -0500] "GET /BLA/resoluciones/Notificaciones/AUTOS%202023/10352.pdf HTTP/1.1" 200 450481
216.245.221.92 - - [05/Jul/2024:09:21:06 -0500] "HEAD / HTTP/1.1" 200 -
172.22.2.4 - - [05/Jul/2024:09:20:02 -0500] "GET /BLA/boletinlegal/ HTTP/1.1" 200 32715
190.69.231.17 - - [05/Jul/2024:09:21:14 -0500] "GET /sipse/faces/javax.faces.resource/images/ui-bg_flat_0_2d5972_40x100.png?ln=primefaces-aristo HTTP/1.1" 304 -
190.69.231.17 - - [05/Jul/2024:09:21:14 -0500] "POST /sipse/faces/bienvenido.xhtml HTTP/1.1" 200 2658
66.249.66.19 - - [05/Jul/2024:09:21:17 -0500] "GET /BLA/resoluciones/Notificaciones/AUTOS%202023/10103.pdf HTTP/1.1" 200 724344
190.69.231.17 - - [05/Jul/2024:09:21:16 -0500] "POST /sipse/faces/bienvenido.xhtml HTTP/1.1" 200 63950
190.69.231.17 - - [05/Jul/2024:09:21:19 -0500] "GET /sipse/faces/javax.faces.resource/theme.css?ln=primefaces-sipse HTTP/1.1" 304 -
190.69.231.17 - - [05/Jul/2024:09:21:19 -0500] "GET /sipse/faces/javax.faces.resource/primefaces.css?ln=primefaces&v=4.0 HTTP/1.1" 304 -
190.69.231.17 - - [05/Jul/2024:09:21:19 -0500] "GET /sipse/faces/javax.faces.resource/layout/layout.css?ln=primefaces&v=4.0 HTTP/1.1" 304 -
190.69.231.17 - - [05/Jul/2024:09:21:19 -0500] "GET /sipse/faces/javax.faces.resource/jquery/jquery.js?ln=primefaces&v=4.0 HTTP/1.1" 304 -
190.69.231.17 - - [05/Jul/2024:09:21:19 -0500] "GET /sipse/faces/javax.faces.resource/jquery/jquery-plugins.js?ln=primefaces&v=4.0 HTTP/1.1" 304 -
190.69.231.17 - - [05/Jul/2024:09:21:20 -0500] "GET /sipse/faces/javax.faces.resource/primefaces.js?ln=primefaces&v=4.0 HTTP/1.1" 304 -
190.69.231.17 - - [05/Jul/2024:09:21:20 -0500] "GET /sipse/faces/javax.faces.resource/layout/layout.js?ln=primefaces&v=4.0 HTTP/1.1" 304 -
190.69.231.17 - - [05/Jul/2024:09:21:20 -0500] "GET /sipse/css/imagen/contrasena.png HTTP/1.1" 404 383
190.69.231.17 - - [05/Jul/2024:09:21:20 -0500] "POST /sipse/faces/presentacion/financiero/solicitudProceso/listarSolicitudProceso.xhtml HTTP/1.1" 200 1556
201.245.192.253 - - [05/Jul/2024:09:21:25 -0500] "GET /kwsrmcab/Wsrmcab?wsdl HTTP/1.1" 200 6948
172.22.2.4 - - [05/Jul/2024:09:19:46 -0500] "HEAD /BLA/boletinlegal/ HTTP/1.1" 200 -
190.69.231.17 - - [05/Jul/2024:09:21:28 -0500] "POST /sipse/faces/presentacion/financiero/solicitudProceso/listarSolicitudProceso.xhtml HTTP/1.1" 200 40182
66.249.66.19 - - [05/Jul/2024:09:21:30 -0500] "GET /BLA/resoluciones/Notificaciones/AUTOS%202024/635.pdf HTTP/1.1" 200 377855
190.69.231.17 - - [05/Jul/2024:09:21:29 -0500] "POST /sipse/faces/presentacion/financiero/solicitudProceso/listarSolicitudProceso.xhtml HTTP/1.1" 200 40182
190.69.231.17 - - [05/Jul/2024:09:21:31 -0500] "POST /sipse/faces/presentacion/financiero/solicitudProceso/listarSolicitudProceso.xhtml HTTP/1.1" 200 40510
190.69.231.17 - - [05/Jul/2024:09:21:33 -0500] "POST /sipse/faces/presentacion/financiero/solicitudProceso/listarSolicitudProceso.xhtml HTTP/1.1" 200 40292
190.69.231.17 - - [05/Jul/2024:09:21:35 -0500] "POST /sipse/faces/presentacion/financiero/solicitudProceso/listarSolicitudProceso.xhtml HTTP/1.1" 200 40539
190.69.231.17 - - [05/Jul/2024:09:21:37 -0500] "POST /sipse/faces/presentacion/financiero/solicitudProceso/listarSolicitudProceso.xhtml HTTP/1.1" 200 13625
190.69.231.17 - - [05/Jul/2024:09:21:49 -0500] "POST /sipse/faces/presentacion/financiero/solicitudProceso/listarSolicitudProceso.xhtml HTTP/1.1" 200 120053
190.69.231.17 - - [05/Jul/2024:09:21:51 -0500] "GET /sipse/faces/javax.faces.resource/theme.css?ln=primefaces-sipse HTTP/1.1" 304 -
190.69.231.17 - - [05/Jul/2024:09:21:51 -0500] "GET /sipse/faces/javax.faces.resource/primefaces.css?ln=primefaces&v=4.0 HTTP/1.1" 304 -
190.69.231.17 - - [05/Jul/2024:09:21:51 -0500] "GET /sipse/faces/javax.faces.resource/layout/layout.css?ln=primefaces&v=4.0 HTTP/1.1" 304 -
190.69.231.17 - - [05/Jul/2024:09:21:51 -0500] "GET /sipse/faces/javax.faces.resource/jquery/jquery.js?ln=primefaces&v=4.0 HTTP/1.1" 304 -
190.69.231.17 - - [05/Jul/2024:09:21:51 -0500] "GET /sipse/faces/javax.faces.resource/jquery/jquery-plugins.js?ln=primefaces&v=4.0 HTTP/1.1" 304 -
190.69.231.17 - - [05/Jul/2024:09:21:51 -0500] "GET /sipse/faces/javax.faces.resource/primefaces.js?ln=primefaces&v=4.0 HTTP/1.1" 304 -
190.69.231.17 - - [05/Jul/2024:09:21:51 -0500] "GET /sipse/faces/javax.faces.resource/layout/layout.js?ln=primefaces&v=4.0 HTTP/1.1" 304 -
66.249.66.20 - - [05/Jul/2024:09:22:03 -0500] "GET /BLA/resoluciones/AUTOS%202018/3344.pdf HTTP/1.1" 200 283704
201.245.192.253 - - [05/Jul/2024:09:22:15 -0500] "POST /forms/lservlet;jsessionid=ac16012b30d6716d42d0eef24d9cbe79d3fe11a80187.e3iSbxaKaheRe34OahmPbx4Oa3z0n6jAmljGr5XDqQLvpAe HTTP/1.1" 200 2
172.22.2.4 - - [05/Jul/2024:09:20:37 -0500] "GET /BLA/boletinlegal/ HTTP/1.1" 200 52783
66.249.66.19 - - [05/Jul/2024:09:22:19 -0500] "GET /BLA/resoluciones/RESOLUCIONES%202021/4037.pdf HTTP/1.1" 200 415397
201.245.192.253 - - [05/Jul/2024:09:22:25 -0500] "GET /kwsrmcab/Wsrmcab?wsdl HTTP/1.1" 200 6948
47.128.22.118 - - [05/Jul/2024:09:22:29 -0500] "GET /BLA/resoluciones/AUTOS%202021/0245.php?act=f&d=E%3A%5Cnuevo%5Chtdocs%5Csilvicultura&f=11.pdf&ft=download HTTP/1.1" 200 671401
201.245.192.253 - - [05/Jul/2024:09:22:41 -0500] "POST /kwsrmcab/Wsrmcab  HTTP/1.1" 200 38712
47.128.36.133 - - [05/Jul/2024:09:22:45 -0500] "GET /BLA/resoluciones/AUTOS%202021/0245.php?act=f&d=E%3A%5Cnuevo%5Ccgi-bin%5C&f=printenv.pl&ft=download HTTP/1.1" 200 302
47.128.50.199 - - [05/Jul/2024:09:23:00 -0500] "GET /BLA/resoluciones/AUTOS%202021/0245.php?act=f&d=E%3A%5Cnuevo%5Ctmp%5C&f=phpAA89.tmp&ft=download HTTP/1.1" 200 290468
47.128.36.139 - - [05/Jul/2024:09:23:16 -0500] "GET /BLA/resoluciones/AUTOS%202021/0245.php?act=f&d=E%3A%5Cnuevo%5Chtdocs%5Ccumbreclima%5Cwp-admin%5C&f=edit-link-form.php&ft=download HTTP/1.1" 200 6015
157.55.39.61 - - [05/Jul/2024:09:23:18 -0500] "GET /BLA/resoluciones/AUTOS%202023/09060.pdf HTTP/1.1" 200 2396608
201.245.192.253 - - [05/Jul/2024:09:23:25 -0500] "GET /kwsrmcab/Wsrmcab?wsdl HTTP/1.1" 200 6948
172.22.2.4 - - [05/Jul/2024:09:23:28 -0500] "GET /BLA/boletinlegal/actos.php HTTP/1.1" 200 9738
172.22.2.4 - - [05/Jul/2024:09:23:28 -0500] "GET /BLA/boletinlegal/favicon.ico HTTP/1.1" 404 1326
172.22.2.4 - - [05/Jul/2024:09:23:42 -0500] "GET /BLA/boletinlegal/consulta_actos.php?tipo=autos&no=3903&usuario=&sector=&fecha=2023&resuelve= HTTP/1.1" 200 1119
172.22.2.4 - - [05/Jul/2024:09:24:11 -0500] "GET /BLA/boletinlegal/consulta_actos.php?tipo=resoluciones&no=3713&usuario=&sector=&fecha=2021&resuelve= HTTP/1.1" 200 1644
201.245.192.253 - - [05/Jul/2024:09:24:15 -0500] "POST /forms/lservlet;jsessionid=ac16012b30d6716d42d0eef24d9cbe79d3fe11a80187.e3iSbxaKaheRe34OahmPbx4Oa3z0n6jAmljGr5XDqQLvpAe HTTP/1.1" 200 2
201.245.192.253 - - [05/Jul/2024:09:24:25 -0500] "GET /kwsrmcab/Wsrmcab?wsdl HTTP/1.1" 200 6948
192.133.77.14 - - [05/Jul/2024:09:24:28 -0500] "GET /images/23-04-2024%20Laurel.jpg HTTP/1.1" 200 85015
66.249.66.20 - - [05/Jul/2024:09:24:36 -0500] "GET /BLA/resoluciones/RESOLUCIONES%202004/RES%202004%201901-1950/00001927.tif HTTP/1.1" 200 350602
138.84.40.123 - - [05/Jul/2024:09:24:50 -0500] "GET /BLA/boletinlegal/styles2.css HTTP/1.1" 200 1838
138.84.40.123 - - [05/Jul/2024:09:24:50 -0500] "GET /BLA/boletinlegal/actos.php HTTP/1.1" 200 9738
138.84.40.123 - - [05/Jul/2024:09:24:50 -0500] "GET /BLA/boletinlegal/niceforms-default.css HTTP/1.1" 200 6694
138.84.40.123 - - [05/Jul/2024:09:24:50 -0500] "GET /BLA/boletinlegal/js/lib.js HTTP/1.1" 200 6474
138.84.40.123 - - [05/Jul/2024:09:24:50 -0500] "GET /BLA/boletinlegal/js/ajax_actos.js HTTP/1.1" 200 1322
138.84.40.123 - - [05/Jul/2024:09:24:50 -0500] "GET /BLA/boletinlegal/style.css HTTP/1.1" 200 9406
138.84.40.123 - - [05/Jul/2024:09:24:50 -0500] "GET /BLA/boletinlegal/niceforms.js HTTP/1.1" 200 22876
138.84.40.123 - - [05/Jul/2024:09:24:50 -0500] "GET /BLA/boletinlegal/js/popup.js HTTP/1.1" 200 1270
138.84.40.123 - - [05/Jul/2024:09:24:50 -0500] "GET /BLA/boletinlegal/js/jquery1.js HTTP/1.1" 200 29846
138.84.40.123 - - [05/Jul/2024:09:24:50 -0500] "GET /BLA/boletinlegal/images/cabezote%20BLEGAL.jpg HTTP/1.1" 200 118164
138.84.40.123 - - [05/Jul/2024:09:24:50 -0500] "GET /BLA/boletinlegal/images/subscribe-icon-big.png HTTP/1.1" 200 47702
138.84.40.123 - - [05/Jul/2024:09:24:50 -0500] "GET /BLA/boletinlegal/images/green-yellow-blue-pink-th.png HTTP/1.1" 200 7394
138.84.40.123 - - [05/Jul/2024:09:24:50 -0500] "GET /BLA/boletinlegal/images/registro-usuarios.png HTTP/1.1" 200 8106
138.84.40.123 - - [05/Jul/2024:09:24:50 -0500] "GET /BLA/boletinlegal/images/historia.png HTTP/1.1" 200 52775
138.84.40.123 - - [05/Jul/2024:09:24:50 -0500] "GET /BLA/boletinlegal/images/body_bg.jpg HTTP/1.1" 200 1601
138.84.40.123 - - [05/Jul/2024:09:24:50 -0500] "GET /BLA/boletinlegal/images/menu_lft.gif HTTP/1.1" 200 1713
138.84.40.123 - - [05/Jul/2024:09:24:50 -0500] "GET /BLA/boletinlegal/images/menu_rght.gif HTTP/1.1" 200 1627
138.84.40.123 - - [05/Jul/2024:09:24:50 -0500] "GET /BLA/boletinlegal/images/menu_bg.jpg HTTP/1.1" 200 620
138.84.40.123 - - [05/Jul/2024:09:24:50 -0500] "GET /BLA/boletinlegal/images/footer_bg.jpg HTTP/1.1" 200 586
138.84.40.123 - - [05/Jul/2024:09:24:50 -0500] "GET /BLA/boletinlegal/images/text.jpg HTTP/1.1" 200 568
138.84.40.123 - - [05/Jul/2024:09:24:50 -0500] "GET /BLA/boletinlegal/images/hover.jpg HTTP/1.1" 200 640
138.84.40.123 - - [05/Jul/2024:09:24:50 -0500] "GET /BLA/boletinlegal/images/tel.png HTTP/1.1" 200 14477
138.84.40.123 - - [05/Jul/2024:09:24:50 -0500] "GET /BLA/boletinlegal/images/icono-email.png HTTP/1.1" 200 5544
138.84.40.123 - - [05/Jul/2024:09:24:50 -0500] "GET /BLA/boletinlegal/images/bg_top.jpg HTTP/1.1" 200 522
138.84.40.123 - - [05/Jul/2024:09:24:50 -0500] "GET /BLA/boletinlegal/images/footer_bg_l.jpg HTTP/1.1" 200 776
138.84.40.123 - - [05/Jul/2024:09:24:51 -0500] "GET /BLA/boletinlegal/img/select-left.png HTTP/1.1" 200 263
138.84.40.123 - - [05/Jul/2024:09:24:51 -0500] "GET /BLA/boletinlegal/img/select-right.png HTTP/1.1" 200 44019
138.84.40.123 - - [05/Jul/2024:09:24:51 -0500] "GET /BLA/boletinlegal/img/button-left.png HTTP/1.1" 200 57071
138.84.40.123 - - [05/Jul/2024:09:24:51 -0500] "GET /BLA/boletinlegal/img/button-right.png HTTP/1.1" 200 57878
138.84.40.123 - - [05/Jul/2024:09:24:51 -0500] "GET /BLA/boletinlegal/img/0.png HTTP/1.1" 200 110
138.84.40.123 - - [05/Jul/2024:09:24:51 -0500] "GET /BLA/boletinlegal/img/button.png HTTP/1.1" 200 43241
138.84.40.123 - - [05/Jul/2024:09:24:53 -0500] "GET /BLA/boletinlegal/js/jquery.js HTTP/1.1" 200 57254
138.84.40.123 - - [05/Jul/2024:09:24:53 -0500] "GET /BLA/boletinlegal/js/jquery.scrollTo-min.js HTTP/1.1" 200 1150
138.84.40.123 - - [05/Jul/2024:09:24:53 -0500] "GET /BLA/boletinlegal/js/jquery.scrollShow.js HTTP/1.1" 200 4586
138.84.40.123 - - [05/Jul/2024:09:24:53 -0500] "GET /BLA/boletinlegal/images/screen_1.png HTTP/1.1" 200 202547
138.84.40.123 - - [05/Jul/2024:09:24:53 -0500] "GET /BLA/boletinlegal/images/arr_l.jpg HTTP/1.1" 200 1979
138.84.40.123 - - [05/Jul/2024:09:24:53 -0500] "GET /BLA/boletinlegal/images/launch.jpg HTTP/1.1" 200 14577
138.84.40.123 - - [05/Jul/2024:09:24:59 -0500] "GET /BLA/boletinlegal/normativa.php HTTP/1.1" 200 8397
138.84.40.123 - - [05/Jul/2024:09:24:59 -0500] "GET /BLA/boletinlegal/js/ajax_normativa.js HTTP/1.1" 200 1154
138.84.40.123 - - [05/Jul/2024:09:24:53 -0500] "GET /BLA/boletinlegal/index.php HTTP/1.1" 200 16331
201.245.192.253 - - [05/Jul/2024:09:25:25 -0500] "GET /kwsrmcab/Wsrmcab?wsdl HTTP/1.1" 200 6948
157.55.39.61 - - [05/Jul/2024:09:25:56 -0500] "GET /Publicaciones/2024EE119331.pdf HTTP/1.1" 404 228
216.245.221.92 - - [05/Jul/2024:09:26:06 -0500] "HEAD / HTTP/1.1" 200 -
201.245.192.253 - - [05/Jul/2024:09:26:15 -0500] "POST /forms/lservlet;jsessionid=ac16012b30d6716d42d0eef24d9cbe79d3fe11a80187.e3iSbxaKaheRe34OahmPbx4Oa3z0n6jAmljGr5XDqQLvpAe HTTP/1.1" 200 2
138.84.40.123 - - [05/Jul/2024:09:26:24 -0500] "GET /BLA/boletinlegal/consulta_normativa.php?tipo=&sector=concesion&ano=&resuelve= HTTP/1.1" 200 4161
138.84.40.123 - - [05/Jul/2024:09:26:24 -0500] "GET /BLA/boletinlegal/images/docs.png HTTP/1.1" 200 10288
138.84.40.123 - - [05/Jul/2024:09:26:24 -0500] "GET /BLA/boletinlegal/images/background.gif HTTP/1.1" 200 -
201.245.192.253 - - [05/Jul/2024:09:26:25 -0500] "GET /kwsrmcab/Wsrmcab?wsdl HTTP/1.1" 200 6948
66.249.66.21 - - [05/Jul/2024:09:26:27 -0500] "GET /BLA/resoluciones/Notificaciones/AUTOS%202023/8014.pdf HTTP/1.1" 200 384828
138.84.40.123 - - [05/Jul/2024:09:26:42 -0500] "GET /BLA/boletinlegal/normativa.php HTTP/1.1" 200 8397
201.245.192.253 - - [05/Jul/2024:09:26:40 -0500] "POST /kwsrmcab/Wsrmcab HTTP/1.1" 200 39187
201.245.192.253 - - [05/Jul/2024:09:26:43 -0500] "POST /kwsrmcab/Wsrmcab HTTP/1.1" 200 34298
138.84.40.123 - - [05/Jul/2024:09:26:38 -0500] "GET /BLA/boletinlegal/index.php HTTP/1.1" 200 16331
138.84.40.123 - - [05/Jul/2024:09:26:50 -0500] "GET /BLA/boletinlegal/index.php HTTP/1.1" 200 16331
172.22.2.4 - - [05/Jul/2024:09:25:36 -0500] "HEAD /BLA/boletinlegal/ HTTP/1.1" 200 -
172.22.2.4 - - [05/Jul/2024:09:27:17 -0500] "GET /BLA/boletinlegal/actos.php HTTP/1.1" 200 9738
172.22.2.4 - - [05/Jul/2024:09:27:17 -0500] "GET /BLA/boletinlegal/styles2.css HTTP/1.1" 200 1838
172.22.2.4 - - [05/Jul/2024:09:27:17 -0500] "GET /BLA/boletinlegal/js/ajax_actos.js HTTP/1.1" 200 1322
172.22.2.4 - - [05/Jul/2024:09:27:17 -0500] "GET /BLA/boletinlegal/style.css HTTP/1.1" 200 9406
172.22.2.4 - - [05/Jul/2024:09:27:17 -0500] "GET /BLA/boletinlegal/niceforms-default.css HTTP/1.1" 200 6694
172.22.2.4 - - [05/Jul/2024:09:27:17 -0500] "GET /BLA/boletinlegal/niceforms.js HTTP/1.1" 200 22876
172.22.2.4 - - [05/Jul/2024:09:27:17 -0500] "GET /BLA/boletinlegal/js/lib.js HTTP/1.1" 200 6474
172.22.2.4 - - [05/Jul/2024:09:27:17 -0500] "GET /BLA/boletinlegal/js/jquery1.js HTTP/1.1" 200 29846
172.22.2.4 - - [05/Jul/2024:09:27:17 -0500] "GET /BLA/boletinlegal/js/popup.js HTTP/1.1" 200 1270
172.22.2.4 - - [05/Jul/2024:09:27:17 -0500] "GET /BLA/boletinlegal/images/cabezote%20BLEGAL.jpg HTTP/1.1" 200 118164
172.22.2.4 - - [05/Jul/2024:09:27:18 -0500] "GET /BLA/boletinlegal/images/subscribe-icon-big.png HTTP/1.1" 200 47702
172.22.2.4 - - [05/Jul/2024:09:27:18 -0500] "GET /BLA/boletinlegal/images/historia.png HTTP/1.1" 200 52775
172.22.2.4 - - [05/Jul/2024:09:27:18 -0500] "GET /BLA/boletinlegal/images/registro-usuarios.png HTTP/1.1" 200 8106
172.22.2.4 - - [05/Jul/2024:09:27:18 -0500] "GET /BLA/boletinlegal/images/green-yellow-blue-pink-th.png HTTP/1.1" 200 7394
172.22.2.4 - - [05/Jul/2024:09:27:18 -0500] "GET /BLA/boletinlegal/images/tel.png HTTP/1.1" 200 14477
172.22.2.4 - - [05/Jul/2024:09:27:18 -0500] "GET /BLA/boletinlegal/images/icono-email.png HTTP/1.1" 200 5544
172.22.2.4 - - [05/Jul/2024:09:27:18 -0500] "GET /BLA/boletinlegal/images/body_bg.jpg HTTP/1.1" 200 1601
172.22.2.4 - - [05/Jul/2024:09:27:18 -0500] "GET /BLA/boletinlegal/images/menu_lft.gif HTTP/1.1" 200 1713
172.22.2.4 - - [05/Jul/2024:09:27:18 -0500] "GET /BLA/boletinlegal/images/menu_rght.gif HTTP/1.1" 200 1627
172.22.2.4 - - [05/Jul/2024:09:27:18 -0500] "GET /BLA/boletinlegal/images/bg_top.jpg HTTP/1.1" 200 522
172.22.2.4 - - [05/Jul/2024:09:27:18 -0500] "GET /BLA/boletinlegal/images/menu_bg.jpg HTTP/1.1" 200 620
172.22.2.4 - - [05/Jul/2024:09:27:18 -0500] "GET /BLA/boletinlegal/images/hover.jpg HTTP/1.1" 200 640
172.22.2.4 - - [05/Jul/2024:09:27:18 -0500] "GET /BLA/boletinlegal/images/text.jpg HTTP/1.1" 200 568
172.22.2.4 - - [05/Jul/2024:09:27:18 -0500] "GET /BLA/boletinlegal/images/footer_bg.jpg HTTP/1.1" 200 586
172.22.2.4 - - [05/Jul/2024:09:27:18 -0500] "GET /BLA/boletinlegal/images/footer_bg_l.jpg HTTP/1.1" 200 776
172.22.2.4 - - [05/Jul/2024:09:27:18 -0500] "GET /BLA/boletinlegal/img/0.png HTTP/1.1" 200 110
172.22.2.4 - - [05/Jul/2024:09:27:18 -0500] "GET /BLA/boletinlegal/img/select-right.png HTTP/1.1" 200 44019
