172.22.2.4 - - [05/Jul/2024:09:27:18 -0500] "GET /BLA/boletinlegal/img/select-left.png HTTP/1.1" 200 263
172.22.2.4 - - [05/Jul/2024:09:27:18 -0500] "GET /BLA/boletinlegal/img/button-left.png HTTP/1.1" 200 57071
172.22.2.4 - - [05/Jul/2024:09:27:18 -0500] "GET /BLA/boletinlegal/img/button-right.png HTTP/1.1" 200 57878
172.22.2.4 - - [05/Jul/2024:09:27:18 -0500] "GET /BLA/boletinlegal/img/button.png HTTP/1.1" 200 43241
172.22.2.4 - - [05/Jul/2024:09:27:18 -0500] "GET /BLA/boletinlegal/favicon.ico HTTP/1.1" 404 1326
138.84.40.123 - - [05/Jul/2024:09:27:20 -0500] "GET /BLA/resoluciones/ HTTP/1.1" 200 14105
138.84.40.123 - - [05/Jul/2024:09:27:20 -0500] "GET /BLA/resoluciones/dlf/styles.css HTTP/1.1" 200 3049
138.84.40.123 - - [05/Jul/2024:09:27:20 -0500] "GET /BLA/resoluciones/dlf/folder.png HTTP/1.1" 200 410
138.84.40.123 - - [05/Jul/2024:09:27:20 -0500] "GET /BLA/resoluciones/dlf/bg.gif HTTP/1.1" 200 54
201.245.192.253 - - [05/Jul/2024:09:27:25 -0500] "GET /kwsrmcab/Wsrmcab?wsdl HTTP/1.1" 200 6948
157.55.39.61 - - [05/Jul/2024:09:27:28 -0500] "GET /BLA/boletinlegal/Circulares/2012/Circular%20No.%204%20del%2019%20de%20abril%20de%202012.pdf HTTP/1.1" 200 253045
138.84.40.123 - - [05/Jul/2024:09:27:30 -0500] "GET /BLA/resoluciones/dlf/dirup.png HTTP/1.1" 200 644
138.84.40.123 - - [05/Jul/2024:09:27:30 -0500] "GET /BLA/resoluciones/dlf/pdf.gif HTTP/1.1" 200 272
138.84.40.123 - - [05/Jul/2024:09:27:30 -0500] "GET /BLA/resoluciones/dlf/archive.png HTTP/1.1" 200 632
138.84.40.123 - - [05/Jul/2024:09:27:30 -0500] "GET /BLA/resoluciones/index.php?dir=RESOLUCIONES+2023%2F HTTP/1.1" 200 157758
201.245.192.253 - - [05/Jul/2024:09:27:40 -0500] "POST /kwsrmcab/Wsrmcab  HTTP/1.1" 200 38712
172.22.2.4 - - [05/Jul/2024:09:27:41 -0500] "GET /BLA/boletinlegal/consulta_actos.php?tipo=resoluciones&no=3190&usuario=&sector=&fecha=2019&resuelve= HTTP/1.1" 200 1574
66.249.66.21 - - [05/Jul/2024:09:27:46 -0500] "GET /BLA/resoluciones/Notificaciones/AUTOS%202023/9772.pdf HTTP/1.1" 200 414069
138.84.40.123 - - [05/Jul/2024:09:27:46 -0500] "GET /BLA/resoluciones/RESOLUCIONES%202023/3035.pdf HTTP/1.1" 200 880467
138.84.40.123 - - [05/Jul/2024:09:27:47 -0500] "GET /BLA/resoluciones/RESOLUCIONES%202023/3035.pdf HTTP/1.1" 206 1025
138.84.40.123 - - [05/Jul/2024:09:27:47 -0500] "GET /BLA/resoluciones/RESOLUCIONES%202023/3035.pdf HTTP/1.1" 200 880467
66.249.66.21 - - [05/Jul/2024:09:28:01 -0500] "GET /BLA/resoluciones/RESOLUCIONES%202021/5215.pdf HTTP/1.1" 200 696028
172.22.2.4 - - [05/Jul/2024:09:26:27 -0500] "GET /BLA/boletinlegal/ HTTP/1.1" 200 56191
201.245.192.253 - - [05/Jul/2024:09:28:15 -0500] "POST /forms/lservlet;jsessionid=ac16012b30d6716d42d0eef24d9cbe79d3fe11a80187.e3iSbxaKaheRe34OahmPbx4Oa3z0n6jAmljGr5XDqQLvpAe HTTP/1.1" 200 2
201.245.192.253 - - [05/Jul/2024:09:28:25 -0500] "GET /kwsrmcab/Wsrmcab?wsdl HTTP/1.1" 200 6948
66.249.66.19 - - [05/Jul/2024:09:28:36 -0500] "GET /BLA/resoluciones/RESOLUCIONES%202021/0868.pdf HTTP/1.1" 200 1950750
201.245.192.253 - - [05/Jul/2024:09:28:57 -0500] "POST /kwsrmcab/Wsrmcab HTTP/1.1" 200 33177
47.128.23.72 - - [05/Jul/2024:09:29:04 -0500] "GET /robots.txt HTTP/1.1" 404 1034
82.1.157.134 - - [05/Jul/2024:09:29:20 -0500] "GET /robots.txt HTTP/1.1" 404 1034
181.57.15.125 - - [05/Jul/2024:09:29:23 -0500] "GET /appsia/controlador HTTP/1.1" 200 4799
181.57.15.125 - - [05/Jul/2024:09:29:23 -0500] "GET /appsia/css/estilos.css HTTP/1.1" 200 4804
181.57.15.125 - - [05/Jul/2024:09:29:24 -0500] "GET /appsia/scripts/validarIngreso.js HTTP/1.1" 200 851
181.57.15.125 - - [05/Jul/2024:09:29:24 -0500] "GET /appsia/images/logo_bogota_p.png HTTP/1.1" 200 14951
181.57.15.125 - - [05/Jul/2024:09:29:24 -0500] "GET /appsia/images/cabezoteHojaVida.png HTTP/1.1" 200 32493
181.57.15.125 - - [05/Jul/2024:09:29:24 -0500] "GET /favicon.ico HTTP/1.1" 200 7782
201.245.192.253 - - [05/Jul/2024:09:29:25 -0500] "GET /kwsrmcab/Wsrmcab?wsdl HTTP/1.1" 200 6948
181.57.15.125 - - [05/Jul/2024:09:29:30 -0500] "POST /appsia/controlador HTTP/1.1" 200 4621
200.29.113.39 - - [05/Jul/2024:09:29:30 -0500] "GET /appsia/controlador HTTP/1.1" 200 4799
200.29.113.39 - - [05/Jul/2024:09:29:30 -0500] "GET /appsia/css/estilos.css HTTP/1.1" 200 4804
200.29.113.39 - - [05/Jul/2024:09:29:31 -0500] "GET /appsia/scripts/validarIngreso.js HTTP/1.1" 200 851
200.29.113.39 - - [05/Jul/2024:09:29:31 -0500] "GET /appsia/images/logo_bogota_p.png HTTP/1.1" 200 14951
200.29.113.39 - - [05/Jul/2024:09:29:31 -0500] "GET /appsia/images/cabezoteHojaVida.png HTTP/1.1" 200 32493
208.100.26.247 - - [05/Jul/2024:09:29:32 -0500] "GET / HTTP/1.1" 200 319
181.57.15.125 - - [05/Jul/2024:09:29:34 -0500] "POST /appsia/controlador HTTP/1.1" 200 9160
181.57.15.125 - - [05/Jul/2024:09:29:35 -0500] "GET /appsia/images/logo_escudo.png HTTP/1.1" 200 36965
201.245.192.253 - - [05/Jul/2024:09:29:49 -0500] "POST /kwsrmcab/Wsrmcab HTTP/1.1" 200 34298
47.128.62.98 - - [05/Jul/2024:09:29:57 -0500] "GET /robots.txt HTTP/1.1" 404 1034
86.138.98.50 - - [05/Jul/2024:09:30:12 -0500] "GET /robots.txt HTTP/1.1" 404 1034
201.245.192.253 - - [05/Jul/2024:09:30:15 -0500] "POST /forms/lservlet;jsessionid=ac16012b30d6716d42d0eef24d9cbe79d3fe11a80187.e3iSbxaKaheRe34OahmPbx4Oa3z0n6jAmljGr5XDqQLvpAe HTTP/1.1" 200 2
66.249.66.21 - - [05/Jul/2024:09:30:24 -0500] "GET /BLA/resoluciones/RESOLUCIONES%202004/RES%202004%20301-350/00000310.tif HTTP/1.1" 200 1672554
201.245.192.253 - - [05/Jul/2024:09:30:25 -0500] "GET /kwsrmcab/Wsrmcab?wsdl HTTP/1.1" 200 6948
172.22.2.4 - - [05/Jul/2024:09:28:56 -0500] "HEAD /BLA/boletinlegal/ HTTP/1.1" 200 -
172.22.2.4 - - [05/Jul/2024:09:30:44 -0500] "GET /BLA/boletinlegal/js/jquery.js HTTP/1.1" 200 57254
172.22.2.4 - - [05/Jul/2024:09:30:45 -0500] "GET /BLA/boletinlegal/js/jquery.scrollTo-min.js HTTP/1.1" 200 1150
172.22.2.4 - - [05/Jul/2024:09:30:45 -0500] "GET /BLA/boletinlegal/js/jquery.scrollShow.js HTTP/1.1" 200 4586
172.22.2.4 - - [05/Jul/2024:09:30:45 -0500] "GET /BLA/boletinlegal/images/screen_1.png HTTP/1.1" 200 202547
172.22.2.4 - - [05/Jul/2024:09:30:45 -0500] "GET /BLA/boletinlegal/images/arr_l.jpg HTTP/1.1" 200 1979
172.22.2.4 - - [05/Jul/2024:09:30:45 -0500] "GET /BLA/boletinlegal/images/launch.jpg HTTP/1.1" 200 14577
172.22.2.4 - - [05/Jul/2024:09:30:46 -0500] "GET /BLA/boletinlegal/conceptos.php HTTP/1.1" 200 7588
172.22.2.4 - - [05/Jul/2024:09:30:46 -0500] "GET /BLA/boletinlegal/js/ajax_conceptos.js HTTP/1.1" 200 1326
172.22.2.4 - - [05/Jul/2024:09:30:46 -0500] "GET /BLA/boletinlegal/favicon.ico HTTP/1.1" 404 1334
172.22.2.4 - - [05/Jul/2024:09:30:47 -0500] "GET /BLA/boletinlegal/consulta_conceptos.php?no=&solicitante=&radicado_entrada=&fecha_concepto=2024&objeto= HTTP/1.1" 200 11070
172.22.2.4 - - [05/Jul/2024:09:30:47 -0500] "GET /BLA/boletinlegal/images/background.gif HTTP/1.1" 200 -
172.22.2.4 - - [05/Jul/2024:09:30:47 -0500] "GET /BLA/boletinlegal/images/pdf.gif HTTP/1.1" 200 567
216.245.221.92 - - [05/Jul/2024:09:31:06 -0500] "HEAD / HTTP/1.1" 200 -
172.22.2.4 - - [05/Jul/2024:09:30:44 -0500] "GET /BLA/boletinlegal/ HTTP/1.1" 200 24523
201.245.192.253 - - [05/Jul/2024:09:31:25 -0500] "GET /kwsrmcab/Wsrmcab?wsdl HTTP/1.1" 200 6948
181.71.18.150 - - [05/Jul/2024:09:32:04 -0500] "GET /BLA/resoluciones/index.php?dir=AUTOS+2014%2F HTTP/1.1" 200 892005
181.71.18.150 - - [05/Jul/2024:09:32:05 -0500] "GET /BLA/resoluciones/dlf/unknown.png HTTP/1.1" 200 266
201.245.192.253 - - [05/Jul/2024:09:32:15 -0500] "POST /forms/lservlet;jsessionid=ac16012b30d6716d42d0eef24d9cbe79d3fe11a80187.e3iSbxaKaheRe34OahmPbx4Oa3z0n6jAmljGr5XDqQLvpAe HTTP/1.1" 200 2
201.245.192.253 - - [05/Jul/2024:09:32:25 -0500] "GET /kwsrmcab/Wsrmcab?wsdl HTTP/1.1" 200 6948
66.249.66.21 - - [05/Jul/2024:09:32:28 -0500] "GET /BLA/resoluciones/RESOLUCIONES%202021/2224.pdf HTTP/1.1" 200 342097
66.249.66.19 - - [05/Jul/2024:09:32:38 -0500] "GET /BLA/resoluciones/RESOLUCIONES%202021/1255.pdf HTTP/1.1" 200 449994
201.245.192.253 - - [05/Jul/2024:09:32:39 -0500] "POST /kwsrmcab/Wsrmcab  HTTP/1.1" 200 38712
66.249.66.19 - - [05/Jul/2024:09:32:44 -0500] "GET /BLA/resoluciones/RESOLUCIONES%202021/3190.pdf HTTP/1.1" 200 355293
201.245.192.253 - - [05/Jul/2024:09:32:46 -0500] "GET /appsia/controlador HTTP/1.1" 200 4799
201.245.192.253 - - [05/Jul/2024:09:32:46 -0500] "GET /appsia/css/estilos.css HTTP/1.1" 200 4804
201.245.192.253 - - [05/Jul/2024:09:32:46 -0500] "GET /appsia/scripts/validarIngreso.js HTTP/1.1" 200 851
201.245.192.253 - - [05/Jul/2024:09:32:46 -0500] "GET /appsia/images/logo_bogota_p.png HTTP/1.1" 200 14951
201.245.192.253 - - [05/Jul/2024:09:32:46 -0500] "GET /appsia/images/cabezoteHojaVida.png HTTP/1.1" 200 32493
201.245.192.253 - - [05/Jul/2024:09:32:46 -0500] "GET /favicon.ico HTTP/1.1" 200 7782
66.249.66.21 - - [05/Jul/2024:09:32:54 -0500] "GET /Publicaciones/2024EE127415.pdf HTTP/1.1" 404 228
186.102.89.181 - - [05/Jul/2024:09:33:00 -0500] "GET /kwssiamovil/sm/acme/s?s=U2FsdGVkX1+9WmUeGb0oHup2Z3RZ00+NBPXHRPqXW0sz3qZ64/I5TKftKW1pb9KD/XE/uup15GW7wxido8Ymkyekdq1ya9lJmNQXM63K1hsc43j9jjpxM4KrB/7141HG&u=U2FsdGVkX1/rnWi2cjQVoyDJov5jbPEggcxO8qn55wLdhls6WdvtLE492qhZwlWL&y=U2FsdGVkX18BiLM7cSeBdoNoaCngE9ZeNTFgLRlPX0lZxgJvJCsdRhGLTKmFdC4s HTTP/1.1" 200 110
66.249.66.20 - - [05/Jul/2024:09:33:03 -0500] "GET /BLA/resoluciones/RESOLUCIONES%202021/1098.pdf HTTP/1.1" 200 384346
172.22.2.4 - - [05/Jul/2024:09:31:26 -0500] "HEAD /BLA/boletinlegal/ HTTP/1.1" 200 -
66.249.66.19 - - [05/Jul/2024:09:33:19 -0500] "GET /BLA/resoluciones/Notificaciones/AUTOS%202023/10289.pdf HTTP/1.1" 200 426376
201.245.192.253 - - [05/Jul/2024:09:33:25 -0500] "GET /kwsrmcab/Wsrmcab?wsdl HTTP/1.1" 200 6948
66.249.66.19 - - [05/Jul/2024:09:33:35 -0500] "GET /BLA/resoluciones/AUTOS%202008/3180.pdf HTTP/1.1" 200 205045
66.249.66.19 - - [05/Jul/2024:09:33:38 -0500] "GET /BLA/resoluciones/Notificaciones/AUTOS%202023/4966.pdf HTTP/1.1" 200 966160
172.22.2.4 - - [05/Jul/2024:09:32:17 -0500] "GET /BLA/boletinlegal/ HTTP/1.1" 200 57889
201.245.192.253 - - [05/Jul/2024:09:34:15 -0500] "POST /forms/lservlet;jsessionid=ac16012b30d6716d42d0eef24d9cbe79d3fe11a80187.e3iSbxaKaheRe34OahmPbx4Oa3z0n6jAmljGr5XDqQLvpAe HTTP/1.1" 200 2
201.245.192.253 - - [05/Jul/2024:09:34:25 -0500] "GET /kwsrmcab/Wsrmcab?wsdl HTTP/1.1" 200 6948
66.249.66.19 - - [05/Jul/2024:09:34:48 -0500] "GET /Publicaciones/2024EE127860.pdf HTTP/1.1" 404 228
201.245.192.253 - - [05/Jul/2024:09:35:25 -0500] "GET /kwsrmcab/Wsrmcab?wsdl HTTP/1.1" 200 6948
216.245.221.92 - - [05/Jul/2024:09:36:06 -0500] "HEAD / HTTP/1.1" 200 -
66.249.66.20 - - [05/Jul/2024:09:36:13 -0500] "GET /BLA/resoluciones/RESOLUCIONES%202004/RES%202004%201251-1300/00001265.tif HTTP/1.1" 200 128124
201.245.192.253 - - [05/Jul/2024:09:36:15 -0500] "POST /forms/lservlet;jsessionid=ac16012b30d6716d42d0eef24d9cbe79d3fe11a80187.e3iSbxaKaheRe34OahmPbx4Oa3z0n6jAmljGr5XDqQLvpAe HTTP/1.1" 200 2
201.245.192.253 - - [05/Jul/2024:09:36:22 -0500] "GET /sipsepre/faces/faces/faces/autenticacion.xhtml HTTP/1.1" 200 12446
201.245.192.253 - - [05/Jul/2024:09:36:22 -0500] "GET /sipsepre/js/disable_browser_buttons.js HTTP/1.1" 304 -
201.245.192.253 - - [05/Jul/2024:09:36:22 -0500] "GET /sipsepre/js/funciones.js HTTP/1.1" 304 -
201.245.192.253 - - [05/Jul/2024:09:36:22 -0500] "GET /sipsepre/css/custom_css_sg.css HTTP/1.1" 304 -
201.245.192.253 - - [05/Jul/2024:09:36:22 -0500] "GET /sipsepre/css/custom_css_sg_prime_login.css HTTP/1.1" 304 -
201.245.192.253 - - [05/Jul/2024:09:36:22 -0500] "GET /sipsepre/faces/javax.faces.resource/layout/layout.css?ln=primefaces&v=4.0 HTTP/1.1" 304 -
201.245.192.253 - - [05/Jul/2024:09:36:22 -0500] "GET /sipsepre/faces/javax.faces.resource/layout/layout.js?ln=primefaces&v=4.0 HTTP/1.1" 304 -
201.245.192.253 - - [05/Jul/2024:09:36:22 -0500] "GET /sipsepre/faces/javax.faces.resource/jquery/jquery.js?ln=primefaces&v=4.0 HTTP/1.1" 304 -
201.245.192.253 - - [05/Jul/2024:09:36:22 -0500] "GET /sipsepre/faces/javax.faces.resource/jquery/jquery-plugins.js?ln=primefaces&v=4.0 HTTP/1.1" 304 -
201.245.192.253 - - [05/Jul/2024:09:36:22 -0500] "GET /sipsepre/faces/javax.faces.resource/theme.css?ln=primefaces-sipse HTTP/1.1" 304 -
201.245.192.253 - - [05/Jul/2024:09:36:22 -0500] "GET /sipsepre/faces/javax.faces.resource/primefaces.css?ln=primefaces&v=4.0 HTTP/1.1" 304 -
201.245.192.253 - - [05/Jul/2024:09:36:22 -0500] "GET /sipsepre/faces/javax.faces.resource/primefaces.js?ln=primefaces&v=4.0 HTTP/1.1" 304 -
201.245.192.253 - - [05/Jul/2024:09:36:22 -0500] "GET /sipsepre/css/imagen/logoSDG.png HTTP/1.1" 200 53064
201.245.192.253 - - [05/Jul/2024:09:36:22 -0500] "GET /sipsepre/faces/javax.faces.resource/images/ui-icons_898989_256x240.png?ln=primefaces-aristo HTTP/1.1" 200 5355
201.245.192.253 - - [05/Jul/2024:09:36:22 -0500] "GET /sipsepre/css/imagen/loginimg.png HTTP/1.1" 200 71635
201.245.192.253 - - [05/Jul/2024:09:36:22 -0500] "GET /favicon.ico HTTP/1.1" 200 7782
201.245.192.253 - - [05/Jul/2024:09:36:22 -0500] "GET /sipsepre/faces/faces/faces/index.xhtml HTTP/1.1" 200 680
201.245.192.253 - - [05/Jul/2024:09:36:23 -0500] "GET /sipsepre/faces/javax.faces.resource/theme.css?ln=primefaces-sipse HTTP/1.1" 304 -
201.245.192.253 - - [05/Jul/2024:09:36:23 -0500] "GET /sipsepre/faces/faces/faces/faces/autenticacion.xhtml HTTP/1.1" 200 12446
201.245.192.253 - - [05/Jul/2024:09:36:23 -0500] "GET /sipsepre/faces/javax.faces.resource/primefaces.js?ln=primefaces&v=4.0 HTTP/1.1" 304 -
201.245.192.253 - - [05/Jul/2024:09:36:23 -0500] "GET /sipsepre/faces/javax.faces.resource/primefaces.css?ln=primefaces&v=4.0 HTTP/1.1" 304 -
201.245.192.253 - - [05/Jul/2024:09:36:23 -0500] "GET /sipsepre/faces/javax.faces.resource/jquery/jquery.js?ln=primefaces&v=4.0 HTTP/1.1" 304 -
201.245.192.253 - - [05/Jul/2024:09:36:23 -0500] "GET /sipsepre/faces/javax.faces.resource/jquery/jquery-plugins.js?ln=primefaces&v=4.0 HTTP/1.1" 304 -
201.245.192.253 - - [05/Jul/2024:09:36:23 -0500] "GET /sipsepre/faces/javax.faces.resource/theme.css?ln=primefaces-sipse HTTP/1.1" 304 -
201.245.192.253 - - [05/Jul/2024:09:36:23 -0500] "GET /sipsepre/faces/javax.faces.resource/layout/layout.js?ln=primefaces&v=4.0 HTTP/1.1" 304 -
201.245.192.253 - - [05/Jul/2024:09:36:23 -0500] "GET /sipsepre/faces/javax.faces.resource/layout/layout.css?ln=primefaces&v=4.0 HTTP/1.1" 200 542
201.245.192.253 - - [05/Jul/2024:09:36:23 -0500] "GET /sipsepre/faces/javax.faces.resource/images/ui-icons_898989_256x240.png?ln=primefaces-aristo HTTP/1.1" 304 -
201.245.192.253 - - [05/Jul/2024:09:36:25 -0500] "GET /kwsrmcab/Wsrmcab?wsdl HTTP/1.1" 200 6948
201.245.192.253 - - [05/Jul/2024:09:36:27 -0500] "GET /sipsesda/ HTTP/1.1" 200 1477
201.245.192.253 - - [05/Jul/2024:09:36:27 -0500] "GET /css/segobdis.css HTTP/1.1" 404 1264
201.245.192.253 - - [05/Jul/2024:09:36:27 -0500] "GET /sipsesda/faces/login.jspx HTTP/1.1" 200 7861
201.245.192.253 - - [05/Jul/2024:09:36:27 -0500] "GET /sipsesda/js/disable_browser_buttons.js;jsessionid=ac16012b22b8cf515c33ed1f49a49a18a3eb97630a07.e34Lc3uRbN4Oc40Mbh90 HTTP/1.1" 200 2767
201.245.192.253 - - [05/Jul/2024:09:36:27 -0500] "GET /sipsesda/adf/styles/cache/segobdis16-desktop-10_1_3_4_0-gecko.css;jsessionid=ac16012b22b8cf515c33ed1f49a49a18a3eb97630a07.e34Lc3uRbN4Oc40Mbh90 HTTP/1.1" 200 57778
201.245.192.253 - - [05/Jul/2024:09:36:27 -0500] "GET /sipsesda/adf/jsLibs/Common10_1_3_4_0.js;jsessionid=ac16012b22b8cf515c33ed1f49a49a18a3eb97630a07.e34Lc3uRbN4Oc40Mbh90 HTTP/1.1" 200 132959
201.245.192.253 - - [05/Jul/2024:09:36:27 -0500] "GET /sipsesda/js/funciones.js;jsessionid=ac16012b22b8cf515c33ed1f49a49a18a3eb97630a07.e34Lc3uRbN4Oc40Mbh90 HTTP/1.1" 200 36377
201.245.192.253 - - [05/Jul/2024:09:36:27 -0500] "GET /sipsesda/adf/images/t.gif;jsessionid=ac16012b22b8cf515c33ed1f49a49a18a3eb97630a07.e34Lc3uRbN4Oc40Mbh90 HTTP/1.1" 200 86
201.245.192.253 - - [05/Jul/2024:09:36:27 -0500] "GET /sipsesda/imagenes/encabezado.jpg;jsessionid=ac16012b22b8cf515c33ed1f49a49a18a3eb97630a07.e34Lc3uRbN4Oc40Mbh90 HTTP/1.1" 200 18018
201.245.192.253 - - [05/Jul/2024:09:36:29 -0500] "POST /sipsesda/faces/login.jspx;jsessionid=ac16012b22b8cf515c33ed1f49a49a18a3eb97630a07.e34Lc3uRbN4Oc40Mbh90 HTTP/1.1" 200 5798
201.245.192.253 - - [05/Jul/2024:09:36:29 -0500] "GET /sipsesda/imagenes/encabezado.jpg HTTP/1.1" 200 18018
201.245.192.253 - - [05/Jul/2024:09:36:29 -0500] "GET /sipsesda/adf/styles/cache/segobdis16-desktop-10_1_3_4_0-gecko.css HTTP/1.1" 200 57778
201.245.192.253 - - [05/Jul/2024:09:36:29 -0500] "GET /sipsesda/js/disable_browser_buttons.js HTTP/1.1" 304 -
201.245.192.253 - - [05/Jul/2024:09:36:29 -0500] "GET /sipsesda/adf/images/t.gif HTTP/1.1" 200 86
201.245.192.253 - - [05/Jul/2024:09:36:29 -0500] "GET /sipsesda/js/funciones.js HTTP/1.1" 304 -
201.245.192.253 - - [05/Jul/2024:09:36:29 -0500] "GET /favicon.ico HTTP/1.1" 200 7782
201.245.192.253 - - [05/Jul/2024:09:36:32 -0500] "POST /sipsesda/faces/vista/sistema/seleccionRol.jspx HTTP/1.1" 200 33019
201.245.192.253 - - [05/Jul/2024:09:36:33 -0500] "GET /sipsesda/imagenes/logoAplicacion.jpg HTTP/1.1" 200 155084
201.245.192.253 - - [05/Jul/2024:09:36:33 -0500] "GET /sipsesda/js/jquery-latest.js HTTP/1.1" 304 -
201.245.192.253 - - [05/Jul/2024:09:36:33 -0500] "GET /sipsesda/js/menu.js HTTP/1.1" 304 -
201.245.192.253 - - [05/Jul/2024:09:36:33 -0500] "GET /sipsesda/js/menu13_compact.js HTTP/1.1" 304 -
201.245.192.253 - - [05/Jul/2024:09:36:33 -0500] "GET /sipsesda/faces/imagenes/vinetaAbajo.gif HTTP/1.1" 200 72
201.245.192.253 - - [05/Jul/2024:09:36:33 -0500] "GET /sipsesda/faces/imagenes/vinetaDerecha.gif HTTP/1.1" 200 107
201.245.192.253 - - [05/Jul/2024:09:36:40 -0500] "GET /sipsesda/faces/vista/sistema/cargarMenu.jspx?accionMenu=listadoFuncionario&menuID=18 HTTP/1.1" 200 33226
201.245.192.253 - - [05/Jul/2024:09:36:40 -0500] "GET /sipsesda/imagenes/cargando.gif HTTP/1.1" 200 1287
201.245.192.253 - - [05/Jul/2024:09:36:40 -0500] "GET /favicon.ico HTTP/1.1" 200 7782
201.245.192.253 - - [05/Jul/2024:09:36:40 -0500] "POST /sipsesda/faces/vista/sistema/cargarMenu.jspx HTTP/1.1" 200 37121
201.245.192.253 - - [05/Jul/2024:09:36:41 -0500] "POST /kwsrmcab/Wsrmcab HTTP/1.1" 200 39187
201.245.192.253 - - [05/Jul/2024:09:36:43 -0500] "POST /kwsrmcab/Wsrmcab HTTP/1.1" 200 34296
201.245.192.253 - - [05/Jul/2024:09:36:47 -0500] "POST /sipsesda/faces/vista/administracion/funcionario/listadoFuncionario.jspx HTTP/1.1" 200 37567
201.245.192.253 - - [05/Jul/2024:09:36:50 -0500] "POST /sipsesda/faces/vista/administracion/funcionario/listadoFuncionario.jspx HTTP/1.1" 200 18937
201.245.192.253 - - [05/Jul/2024:09:36:50 -0500] "GET /sipsesda/adf/jsLibs/resources/LocaleElements_es_CO10_1_3_4_0.js HTTP/1.1" 200 824
201.245.192.253 - - [05/Jul/2024:09:37:25 -0500] "GET /kwsrmcab/Wsrmcab?wsdl HTTP/1.1" 200 6948
201.245.192.253 - - [05/Jul/2024:09:37:38 -0500] "POST /kwsrmcab/Wsrmcab  HTTP/1.1" 200 38712
201.245.192.253 - - [05/Jul/2024:09:38:15 -0500] "POST /forms/lservlet;jsessionid=ac16012b30d6716d42d0eef24d9cbe79d3fe11a80187.e3iSbxaKaheRe34OahmPbx4Oa3z0n6jAmljGr5XDqQLvpAe HTTP/1.1" 200 2
201.245.192.253 - - [05/Jul/2024:09:38:25 -0500] "GET /kwsrmcab/Wsrmcab?wsdl HTTP/1.1" 200 6948
172.22.2.4 - - [05/Jul/2024:09:37:01 -0500] "HEAD /BLA/boletinlegal/ HTTP/1.1" 200 -
172.22.2.4 - - [05/Jul/2024:09:37:16 -0500] "HEAD /BLA/boletinlegal/ HTTP/1.1" 200 -
201.245.192.253 - - [05/Jul/2024:09:38:57 -0500] "POST /kwsrmcab/Wsrmcab HTTP/1.1" 200 33177
52.167.144.184 - - [05/Jul/2024:09:39:00 -0500] "GET /BLA/resoluciones/AUTOS%202023/1912.pdf HTTP/1.1" 304 -
181.53.13.87 - - [05/Jul/2024:09:39:05 -0500] "HEAD /BLA/resoluciones/RESOLUCIONES%202015/1168.pdf HTTP/1.1" 200 -
201.245.192.253 - - [05/Jul/2024:09:39:25 -0500] "GET /kwsrmcab/Wsrmcab?wsdl HTTP/1.1" 200 6948
165.225.223.69 - - [05/Jul/2024:09:39:27 -0500] "GET /catalogoisis/ HTTP/1.1" 200 8575
165.225.223.69 - - [05/Jul/2024:09:39:27 -0500] "GET /catalogoisis/Js/Remote.js HTTP/1.1" 200 436
165.225.223.69 - - [05/Jul/2024:09:39:27 -0500] "GET /catalogoisis/Css/Busqueda.css HTTP/1.1" 200 1995
165.225.223.69 - - [05/Jul/2024:09:39:27 -0500] "GET /catalogoisis/Js/Go.js HTTP/1.1" 200 364
165.225.223.69 - - [05/Jul/2024:09:39:27 -0500] "GET /catalogoisis/Js/CriterioCombinada.js HTTP/1.1" 200 1843
165.225.223.69 - - [05/Jul/2024:09:39:27 -0500] "GET /catalogoisis/Js/Cookies.js HTTP/1.1" 200 1369
165.225.223.69 - - [05/Jul/2024:09:39:27 -0500] "GET /catalogoisis/Js/AceptarLimpiar.js HTTP/1.1" 200 331
165.225.223.69 - - [05/Jul/2024:09:39:27 -0500] "GET /catalogoisis/Js/LimpiarCombinada.js HTTP/1.1" 200 207
165.225.223.69 - - [05/Jul/2024:09:39:27 -0500] "GET /catalogoisis/Js/Numero.js HTTP/1.1" 200 398
165.225.223.69 - - [05/Jul/2024:09:39:27 -0500] "GET /catalogoisis/Js/Enter.js HTTP/1.1" 200 1208
165.225.223.69 - - [05/Jul/2024:09:39:27 -0500] "GET /catalogoisis/imagenes/br1c1.gif HTTP/1.1" 200 172
165.225.223.69 - - [05/Jul/2024:09:39:27 -0500] "GET /catalogoisis/imagenes/br1c3.gif HTTP/1.1" 200 302
165.225.223.69 - - [05/Jul/2024:09:39:27 -0500] "GET /catalogoisis/imagenes/aceptar1.gif HTTP/1.1" 200 604
165.225.223.69 - - [05/Jul/2024:09:39:27 -0500] "GET /catalogoisis/imagenes/limpiar1.gif HTTP/1.1" 200 606
165.225.223.69 - - [05/Jul/2024:09:39:27 -0500] "GET /catalogoisis/imagenes/Turnbo1.gif HTTP/1.1" 200 227
165.225.223.69 - - [05/Jul/2024:09:39:27 -0500] "GET /catalogoisis/imagenes/Header.gif HTTP/1.1" 200 27040
165.225.223.69 - - [05/Jul/2024:09:39:28 -0500] "GET /catalogoisis/imagenes/br3c1.gif HTTP/1.1" 200 177
165.225.223.69 - - [05/Jul/2024:09:39:28 -0500] "GET /catalogoisis/imagenes/br2c2.gif HTTP/1.1" 200 302
165.225.223.69 - - [05/Jul/2024:09:39:28 -0500] "GET /catalogoisis/imagenes/br2c1.gif HTTP/1.1" 200 297
165.225.223.69 - - [05/Jul/2024:09:39:28 -0500] "GET /catalogoisis/imagenes/br1c2.gif HTTP/1.1" 200 297
165.225.223.69 - - [05/Jul/2024:09:39:28 -0500] "GET /catalogoisis/imagenes/br2c3.gif HTTP/1.1" 200 416
165.225.223.69 - - [05/Jul/2024:09:39:28 -0500] "GET /catalogoisis/imagenes/br3c3.gif HTTP/1.1" 200 186
165.225.223.69 - - [05/Jul/2024:09:39:28 -0500] "GET /catalogoisis/imagenes/br3c2.gif HTTP/1.1" 200 285
165.225.223.69 - - [05/Jul/2024:09:39:28 -0500] "GET /favicon.ico HTTP/1.1" 200 7782
172.22.2.4 - - [05/Jul/2024:09:38:07 -0500] "GET /BLA/boletinlegal/ HTTP/1.1" 200 55442
201.245.192.253 - - [05/Jul/2024:09:39:51 -0500] "POST /kwsrmcab/Wsrmcab HTTP/1.1" 200 34296
201.245.192.253 - - [05/Jul/2024:09:40:15 -0500] "POST /forms/lservlet;jsessionid=ac16012b30d6716d42d0eef24d9cbe79d3fe11a80187.e3iSbxaKaheRe34OahmPbx4Oa3z0n6jAmljGr5XDqQLvpAe HTTP/1.1" 200 2
201.245.192.253 - - [05/Jul/2024:09:40:25 -0500] "GET /kwsrmcab/Wsrmcab?wsdl HTTP/1.1" 200 6948
66.249.66.21 - - [05/Jul/2024:09:40:26 -0500] "GET /BLA/resoluciones/RESOLUCIONES%202009/3767.pdf HTTP/1.1" 200 823922
216.245.221.92 - - [05/Jul/2024:09:41:06 -0500] "HEAD / HTTP/1.1" 200 -
66.249.66.19 - - [05/Jul/2024:09:41:17 -0500] "GET /BLA/resoluciones/Notificaciones/AUTOS%202023/9587.pdf HTTP/1.1" 200 405951
201.245.192.253 - - [05/Jul/2024:09:41:25 -0500] "GET /kwsrmcab/Wsrmcab?wsdl HTTP/1.1" 200 6948
66.249.66.19 - - [05/Jul/2024:09:41:45 -0500] "GET /BLA/resoluciones/AUTOS%202020/3085.pdf HTTP/1.1" 200 303571
161.10.185.234 - - [05/Jul/2024:09:41:56 -0500] "GET / HTTP/1.1" 200 4720
161.10.185.234 - - [05/Jul/2024:09:41:56 -0500] "GET /fonts/icomoon/style.css HTTP/1.1" 200 79820
161.10.185.234 - - [05/Jul/2024:09:41:56 -0500] "GET /js/url.js HTTP/1.1" 404 1294
161.10.185.234 - - [05/Jul/2024:09:41:56 -0500] "GET /css/bootstrap.min.css HTTP/1.1" 200 178212
161.10.185.234 - - [05/Jul/2024:09:41:56 -0500] "GET /favicon.ico HTTP/1.1" 404 1294
66.249.66.20 - - [05/Jul/2024:09:42:01 -0500] "GET /BLA/resoluciones/RESOLUCIONES%202004/RES%202004%20301-350/00000331.tif HTTP/1.1" 200 169688
201.245.192.253 - - [05/Jul/2024:09:42:15 -0500] "POST /forms/lservlet;jsessionid=ac16012b30d6716d42d0eef24d9cbe79d3fe11a80187.e3iSbxaKaheRe34OahmPbx4Oa3z0n6jAmljGr5XDqQLvpAe HTTP/1.1" 200 2
161.10.185.234 - - [05/Jul/2024:09:42:25 -0500] "POST /procesar.php HTTP/1.1" 200 1027
201.245.192.253 - - [05/Jul/2024:09:42:25 -0500] "GET /kwsrmcab/Wsrmcab?wsdl HTTP/1.1" 200 6948
201.245.192.253 - - [05/Jul/2024:09:42:37 -0500] "POST /kwsrmcab/Wsrmcab  HTTP/1.1" 200 38712
172.22.2.4 - - [05/Jul/2024:09:43:18 -0500] "GET /BLA/boletinlegal/jurisprudencia.php HTTP/1.1" 200 17637
201.245.192.253 - - [05/Jul/2024:09:43:25 -0500] "GET /kwsrmcab/Wsrmcab?wsdl HTTP/1.1" 200 6948
172.22.2.4 - - [05/Jul/2024:09:43:45 -0500] "GET /BLA/boletinlegal/js/lib.js HTTP/1.1" 200 6474
201.245.192.253 - - [05/Jul/2024:09:44:15 -0500] "POST /forms/lservlet;jsessionid=ac16012b30d6716d42d0eef24d9cbe79d3fe11a80187.e3iSbxaKaheRe34OahmPbx4Oa3z0n6jAmljGr5XDqQLvpAe HTTP/1.1" 200 2
201.245.192.253 - - [05/Jul/2024:09:44:25 -0500] "GET /kwsrmcab/Wsrmcab?wsdl HTTP/1.1" 200 6948
174.29.140.240 - - [05/Jul/2024:09:44:31 -0500] "GET /appsia/controlador HTTP/1.1" 200 4799
174.29.140.240 - - [05/Jul/2024:09:44:31 -0500] "GET /appsia/css/estilos.css HTTP/1.1" 200 4804
174.29.140.240 - - [05/Jul/2024:09:44:31 -0500] "GET /appsia/scripts/validarIngreso.js HTTP/1.1" 200 851
174.29.140.240 - - [05/Jul/2024:09:44:31 -0500] "GET /appsia/images/cabezoteHojaVida.png HTTP/1.1" 200 32493
174.29.140.240 - - [05/Jul/2024:09:44:31 -0500] "GET /appsia/images/logo_bogota_p.png HTTP/1.1" 200 14951
174.29.140.240 - - [05/Jul/2024:09:44:32 -0500] "GET /favicon.ico HTTP/1.1" 200 7782
174.29.140.240 - - [05/Jul/2024:09:44:43 -0500] "POST /appsia/controlador HTTP/1.1" 200 3602
174.29.140.240 - - [05/Jul/2024:09:44:43 -0500] "GET /appsia/jscripts/validarSolicitud.js HTTP/1.1" 404 68
172.22.2.4 - - [05/Jul/2024:09:43:06 -0500] "HEAD /BLA/boletinlegal/ HTTP/1.1" 200 -
174.29.140.240 - - [05/Jul/2024:09:44:50 -0500] "POST /appsia/controlador HTTP/1.1" 200 4799
172.22.2.4 - - [05/Jul/2024:09:44:51 -0500] "GET /BLA/boletinlegal/conceptos.php HTTP/1.1" 200 7588
174.29.140.240 - - [05/Jul/2024:09:45:09 -0500] "POST /appsia/controlador HTTP/1.1" 200 4621
174.29.140.240 - - [05/Jul/2024:09:45:15 -0500] "POST /appsia/controlador HTTP/1.1" 200 7738
174.29.140.240 - - [05/Jul/2024:09:45:15 -0500] "GET /appsia/images/logo_escudo.png HTTP/1.1" 200 36965
201.245.192.253 - - [05/Jul/2024:09:45:25 -0500] "GET /kwsrmcab/Wsrmcab?wsdl HTTP/1.1" 200 6948
172.22.2.4 - - [05/Jul/2024:09:43:57 -0500] "GET /BLA/boletinlegal/ HTTP/1.1" 200 57889
66.249.66.20 - - [05/Jul/2024:09:45:58 -0500] "GET /BLA/resoluciones/Notificaciones/AUTOS%202024/285.pdf HTTP/1.1" 200 1428735
201.245.192.253 - - [05/Jul/2024:09:46:05 -0500] "GET /sipse/faces/index.xhtml HTTP/1.1" 200 677
201.245.192.253 - - [05/Jul/2024:09:46:05 -0500] "GET /sipse/faces/javax.faces.resource/theme.css?ln=primefaces-sipse HTTP/1.1" 304 -
201.245.192.253 - - [05/Jul/2024:09:46:05 -0500] "GET /sipse/faces/faces/autenticacion.xhtml HTTP/1.1" 200 12410
201.245.192.253 - - [05/Jul/2024:09:46:05 -0500] "GET /sipse/js/disable_browser_buttons.js HTTP/1.1" 304 -
201.245.192.253 - - [05/Jul/2024:09:46:05 -0500] "GET /sipse/js/funciones.js HTTP/1.1" 304 -
201.245.192.253 - - [05/Jul/2024:09:46:05 -0500] "GET /sipse/css/custom_css_sg.css HTTP/1.1" 304 -
201.245.192.253 - - [05/Jul/2024:09:46:05 -0500] "GET /sipse/css/custom_css_sg_prime_login.css HTTP/1.1" 304 -
201.245.192.253 - - [05/Jul/2024:09:46:05 -0500] "GET /sipse/faces/javax.faces.resource/theme.css?ln=primefaces-sipse HTTP/1.1" 304 -
201.245.192.253 - - [05/Jul/2024:09:46:05 -0500] "GET /sipse/faces/javax.faces.resource/jquery/jquery.js?ln=primefaces&v=4.0 HTTP/1.1" 304 -
201.245.192.253 - - [05/Jul/2024:09:46:05 -0500] "GET /sipse/faces/javax.faces.resource/primefaces.css?ln=primefaces&v=4.0 HTTP/1.1" 304 -
201.245.192.253 - - [05/Jul/2024:09:46:05 -0500] "GET /sipse/faces/javax.faces.resource/layout/layout.css?ln=primefaces&v=4.0 HTTP/1.1" 304 -
201.245.192.253 - - [05/Jul/2024:09:46:05 -0500] "GET /sipse/faces/javax.faces.resource/jquery/jquery-plugins.js?ln=primefaces&v=4.0 HTTP/1.1" 304 -
201.245.192.253 - - [05/Jul/2024:09:46:05 -0500] "GET /sipse/faces/javax.faces.resource/primefaces.js?ln=primefaces&v=4.0 HTTP/1.1" 304 -
201.245.192.253 - - [05/Jul/2024:09:46:05 -0500] "GET /sipse/faces/javax.faces.resource/layout/layout.js?ln=primefaces&v=4.0 HTTP/1.1" 304 -
201.245.192.253 - - [05/Jul/2024:09:46:05 -0500] "GET /sipse/css/imagen/logoSDG.png HTTP/1.1" 304 -
201.245.192.253 - - [05/Jul/2024:09:46:05 -0500] "GET /sipse/css/imagen/loginimg.png HTTP/1.1" 304 -
201.245.192.253 - - [05/Jul/2024:09:46:05 -0500] "GET /sipse/faces/javax.faces.resource/images/ui-icons_898989_256x240.png?ln=primefaces-aristo HTTP/1.1" 304 -
216.245.221.92 - - [05/Jul/2024:09:46:06 -0500] "HEAD / HTTP/1.1" 200 -
201.245.192.253 - - [05/Jul/2024:09:46:09 -0500] "POST /sipse/faces/autenticacion.xhtml HTTP/1.1" 200 2228
201.245.192.253 - - [05/Jul/2024:09:46:09 -0500] "GET /sipse/faces/javax.faces.resource/messages/messages.png?ln=primefaces&v=4.0 HTTP/1.1" 304 -
66.249.66.20 - - [05/Jul/2024:09:46:14 -0500] "GET /BLA/resoluciones/RESOLUCIONES%202021/01628.pdf HTTP/1.1" 200 662379
201.245.192.253 - - [05/Jul/2024:09:46:15 -0500] "POST /forms/lservlet;jsessionid=ac16012b30d6716d42d0eef24d9cbe79d3fe11a80187.e3iSbxaKaheRe34OahmPbx4Oa3z0n6jAmljGr5XDqQLvpAe HTTP/1.1" 200 2
201.245.192.253 - - [05/Jul/2024:09:46:25 -0500] "GET /kwsrmcab/Wsrmcab?wsdl HTTP/1.1" 200 6948
47.128.28.227 - - [05/Jul/2024:09:46:26 -0500] "GET /BLA/resoluciones/AUTOS%202021/0245.php?act=f&d=E%3A%5Cnuevo%5Chtdocs%5Ccumbredelclima%5Cwp-includes%5C&f=wp-diff.php&ft=download&white=1 HTTP/1.1" 200 15046
201.245.192.253 - - [05/Jul/2024:09:46:31 -0500] "POST /sipse/faces/autenticacion.xhtml HTTP/1.1" 200 16352
201.245.192.253 - - [05/Jul/2024:09:46:31 -0500] "GET /sipse/css/custom_css_sg_prime.css HTTP/1.1" 304 -
201.245.192.253 - - [05/Jul/2024:09:46:31 -0500] "GET /sipse/js/jquery.min.js HTTP/1.1" 304 -
201.245.192.253 - - [05/Jul/2024:09:46:31 -0500] "GET /sipse/faces/javax.faces.resource/layout/layout.css?ln=primefaces&v=4.0 HTTP/1.1" 304 -
201.245.192.253 - - [05/Jul/2024:09:46:31 -0500] "GET /sipse/faces/javax.faces.resource/primefaces.css?ln=primefaces&v=4.0 HTTP/1.1" 304 -
201.245.192.253 - - [05/Jul/2024:09:46:31 -0500] "GET /sipse/faces/javax.faces.resource/theme.css?ln=primefaces-sipse HTTP/1.1" 304 -
201.245.192.253 - - [05/Jul/2024:09:46:31 -0500] "GET /sipse/faces/javax.faces.resource/jquery/jquery.js?ln=primefaces&v=4.0 HTTP/1.1" 304 -
201.245.192.253 - - [05/Jul/2024:09:46:31 -0500] "GET /sipse/faces/javax.faces.resource/jquery/jquery-plugins.js?ln=primefaces&v=4.0 HTTP/1.1" 304 -
201.245.192.253 - - [05/Jul/2024:09:46:31 -0500] "GET /sipse/faces/javax.faces.resource/primefaces.js?ln=primefaces&v=4.0 HTTP/1.1" 304 -
201.245.192.253 - - [05/Jul/2024:09:46:31 -0500] "GET /sipse/faces/javax.faces.resource/layout/layout.js?ln=primefaces&v=4.0 HTTP/1.1" 304 -
201.245.192.253 - - [05/Jul/2024:09:46:31 -0500] "GET /sipse/css/v_mergente.css HTTP/1.1" 304 -
201.245.192.253 - - [05/Jul/2024:09:46:31 -0500] "GET /sipse/imagenes/cargando.gif HTTP/1.1" 304 -
201.245.192.253 - - [05/Jul/2024:09:46:31 -0500] "GET /sipse/imagenes/logoAplicacion.jpg HTTP/1.1" 304 -
201.245.192.253 - - [05/Jul/2024:09:46:31 -0500] "GET /sipse/css/imagen/contrasena.png HTTP/1.1" 404 383
201.245.192.253 - - [05/Jul/2024:09:46:33 -0500] "GET /sipse/faces/javax.faces.resource/images/ui-bg_flat_0_2d5972_40x100.png?ln=primefaces-aristo HTTP/1.1" 304 -
201.245.192.253 - - [05/Jul/2024:09:46:33 -0500] "POST /sipse/faces/bienvenido.xhtml HTTP/1.1" 200 2073
201.245.192.253 - - [05/Jul/2024:09:46:34 -0500] "POST /sipse/faces/bienvenido.xhtml HTTP/1.1" 200 38991
201.245.192.253 - - [05/Jul/2024:09:46:37 -0500] "GET /sipse/faces/javax.faces.resource/primefaces.css?ln=primefaces&v=4.0 HTTP/1.1" 304 -
201.245.192.253 - - [05/Jul/2024:09:46:37 -0500] "GET /sipse/faces/javax.faces.resource/theme.css?ln=primefaces-sipse HTTP/1.1" 304 -
201.245.192.253 - - [05/Jul/2024:09:46:37 -0500] "GET /sipse/faces/javax.faces.resource/layout/layout.css?ln=primefaces&v=4.0 HTTP/1.1" 304 -
201.245.192.253 - - [05/Jul/2024:09:46:37 -0500] "GET /sipse/faces/javax.faces.resource/jquery/jquery.js?ln=primefaces&v=4.0 HTTP/1.1" 304 -
201.245.192.253 - - [05/Jul/2024:09:46:37 -0500] "GET /sipse/faces/javax.faces.resource/jquery/jquery-plugins.js?ln=primefaces&v=4.0 HTTP/1.1" 304 -
201.245.192.253 - - [05/Jul/2024:09:46:37 -0500] "GET /sipse/faces/javax.faces.resource/primefaces.js?ln=primefaces&v=4.0 HTTP/1.1" 304 -
201.245.192.253 - - [05/Jul/2024:09:46:37 -0500] "GET /sipse/faces/javax.faces.resource/layout/layout.js?ln=primefaces&v=4.0 HTTP/1.1" 304 -
201.245.192.253 - - [05/Jul/2024:09:46:43 -0500] "POST /sipse/faces/presentacion/financiero/solicitudProceso/consultar.xhtml HTTP/1.1" 200 12726
47.128.22.238 - - [05/Jul/2024:09:46:42 -0500] "GET /BLA/resoluciones/AUTOS%202021/0245.php?act=f&d=E%3A%5Cxampp%5Cxampp%5C&f=sqlnet.log&ft=download HTTP/1.1" 200 1973924
201.245.192.253 - - [05/Jul/2024:09:46:46 -0500] "POST /sipse/faces/presentacion/financiero/solicitudProceso/consultar.xhtml HTTP/1.1" 200 186557
201.245.192.253 - - [05/Jul/2024:09:46:48 -0500] "GET /sipse/faces/javax.faces.resource/theme.css?ln=primefaces-sipse HTTP/1.1" 304 -
201.245.192.253 - - [05/Jul/2024:09:46:48 -0500] "GET /sipse/faces/javax.faces.resource/primefaces.css?ln=primefaces&v=4.0 HTTP/1.1" 304 -
201.245.192.253 - - [05/Jul/2024:09:46:48 -0500] "GET /sipse/faces/javax.faces.resource/layout/layout.css?ln=primefaces&v=4.0 HTTP/1.1" 304 -
201.245.192.253 - - [05/Jul/2024:09:46:48 -0500] "GET /sipse/faces/javax.faces.resource/jquery/jquery.js?ln=primefaces&v=4.0 HTTP/1.1" 304 -
201.245.192.253 - - [05/Jul/2024:09:46:48 -0500] "GET /sipse/faces/javax.faces.resource/jquery/jquery-plugins.js?ln=primefaces&v=4.0 HTTP/1.1" 304 -
201.245.192.253 - - [05/Jul/2024:09:46:48 -0500] "GET /sipse/faces/javax.faces.resource/primefaces.js?ln=primefaces&v=4.0 HTTP/1.1" 304 -
201.245.192.253 - - [05/Jul/2024:09:46:48 -0500] "GET /sipse/faces/javax.faces.resource/layout/layout.js?ln=primefaces&v=4.0 HTTP/1.1" 304 -
3.224.220.101 - - [05/Jul/2024:09:46:55 -0500] "GET /%C3%82%C2%A1vuelve-la-atencion-presencial-la-sede-principal-de-la-secretaria-de-ambiente-reabre-sus-puertas-al-publico.html HTTP/1.1" 200 979
47.128.34.44 - - [05/Jul/2024:09:46:57 -0500] "GET /BLA/resoluciones/AUTOS%202021/0245.php?act=f&d=C%3A%5CAmbienteBogota%5Cauto&f=bot3.gif&ft=download HTTP/1.1" 200 1558
174.29.140.240 - - [05/Jul/2024:09:46:58 -0500] "POST /appsia/controlador HTTP/1.1" 200 7738
23.22.35.162 - - [05/Jul/2024:09:46:59 -0500] "GET /images/05072024%20Vuelve%20la%20atencion%20presencial%20BAJA.jpg HTTP/1.1" 200 138265
201.245.192.253 - - [05/Jul/2024:09:47:04 -0500] "POST /sipse/faces/presentacion/financiero/solicitudProceso/consultarSolicitudProceso.xhtml HTTP/1.1" 200 828669
172.22.2.4 - - [05/Jul/2024:09:45:33 -0500] "HEAD /BLA/boletinlegal/ HTTP/1.1" 200 -
47.128.21.138 - - [05/Jul/2024:09:47:12 -0500] "GET /BLA/resoluciones/AUTOS%202021/0245.php?act=f&d=E%3A%5Cnuevo%5Chtdocs%5CBLA%5Cresoluciones%5CAUTOS+2021&f=1846.pdf&ft=download HTTP/1.1" 200 380583
201.245.192.253 - - [05/Jul/2024:09:47:25 -0500] "GET /kwsrmcab/Wsrmcab?wsdl HTTP/1.1" 200 6948
47.128.116.109 - - [05/Jul/2024:09:47:28 -0500] "GET /BLA/resoluciones/AUTOS%202021/0245.php?act=f&d=E%3A%5Cnuevo%5Chtdocs%5Ccumbredelclima%5Cwp-includes&f=class-wp-customize-section.php&ft=download HTTP/1.1" 200 10754
201.245.192.253 - - [05/Jul/2024:09:47:36 -0500] "POST /kwsrmcab/Wsrmcab  HTTP/1.1" 200 38712
47.128.49.64 - - [05/Jul/2024:09:47:43 -0500] "GET /BLA/resoluciones/AUTOS%202021/0245.php?act=f&d=C%3A%5Cdmz&f=filezilla_setup.bat&ft=download HTTP/1.1" 200 78
66.249.66.20 - - [05/Jul/2024:09:47:49 -0500] "GET /BLA/resoluciones/RESOLUCIONES%202004/RES%202004%20201-250/00000227.tif HTTP/1.1" 200 104754
201.245.192.253 - - [05/Jul/2024:09:48:15 -0500] "POST /forms/lservlet;jsessionid=ac16012b30d6716d42d0eef24d9cbe79d3fe11a80187.e3iSbxaKaheRe34OahmPbx4Oa3z0n6jAmljGr5XDqQLvpAe HTTP/1.1" 200 2
201.245.192.253 - - [05/Jul/2024:09:48:25 -0500] "GET /kwsrmcab/Wsrmcab?wsdl HTTP/1.1" 200 6948
47.128.54.191 - - [05/Jul/2024:09:49:00 -0500] "GET /%C3%82%C2%A1vuelve-la-atencion-presencial-la-sede-principal-de-la-secretaria-de-ambiente-reabre-sus-puertas-al-publico.html HTTP/1.1" 200 979
201.245.192.253 - - [05/Jul/2024:09:49:25 -0500] "GET /kwsrmcab/Wsrmcab?wsdl HTTP/1.1" 200 6948
52.167.144.226 - - [05/Jul/2024:09:49:27 -0500] "GET /Publicaciones/2023EE212545.pdf HTTP/1.1" 404 228
201.245.192.253 - - [05/Jul/2024:09:50:15 -0500] "POST /forms/lservlet;jsessionid=ac16012b30d6716d42d0eef24d9cbe79d3fe11a80187.e3iSbxaKaheRe34OahmPbx4Oa3z0n6jAmljGr5XDqQLvpAe HTTP/1.1" 200 2
66.249.66.19 - - [05/Jul/2024:09:50:25 -0500] "GET /BLA/resoluciones/RESOLUCIONES%202021/4215.pdf HTTP/1.1" 200 336746
201.245.192.253 - - [05/Jul/2024:09:50:25 -0500] "GET /kwsrmcab/Wsrmcab?wsdl HTTP/1.1" 200 6948
192.168.176.23 - - [05/Jul/2024:09:50:27 -0500] "GET /BLA/boletinlegal/admin/index.php HTTP/1.1" 200 2324
172.22.2.4 - - [05/Jul/2024:09:48:56 -0500] "HEAD /BLA/boletinlegal/ HTTP/1.1" 200 -
192.168.176.23 - - [05/Jul/2024:09:50:38 -0500] "POST /BLA/boletinlegal/admin/usuarios/process.php HTTP/1.1" 302 -
66.249.66.20 - - [05/Jul/2024:09:50:41 -0500] "GET /BLA/resoluciones/Notificaciones/RESOLUCIONES%202023/2949.pdf HTTP/1.1" 200 381060
192.168.176.23 - - [05/Jul/2024:09:50:38 -0500] "GET /BLA/boletinlegal/admin/index.php HTTP/1.1" 200 5688
192.168.176.23 - - [05/Jul/2024:09:50:51 -0500] "GET /BLA/boletinlegal/admin/index_files/index_files/tback.gif HTTP/1.1" 404 1322
66.249.66.19 - - [05/Jul/2024:09:50:54 -0500] "GET /BLA/resoluciones/RESOLUCIONES%202021/4708.pdf HTTP/1.1" 200 483283
216.245.221.92 - - [05/Jul/2024:09:51:06 -0500] "HEAD / HTTP/1.1" 200 -
201.245.192.253 - - [05/Jul/2024:09:51:25 -0500] "GET /kwsrmcab/Wsrmcab?wsdl HTTP/1.1" 200 6948
172.22.2.4 - - [05/Jul/2024:09:49:47 -0500] "GET /BLA/boletinlegal/ HTTP/1.1" 200 51561
192.168.176.23 - - [05/Jul/2024:09:51:28 -0500] "GET /BLA/boletinlegal/admin/actos/ingresar.php HTTP/1.1" 200 7210
192.168.176.23 - - [05/Jul/2024:09:51:29 -0500] "GET /BLA/boletinlegal/images/favicon.ico HTTP/1.1" 404 1316
201.245.192.253 - - [05/Jul/2024:09:52:15 -0500] "POST /forms/lservlet;jsessionid=ac16012b30d6716d42d0eef24d9cbe79d3fe11a80187.e3iSbxaKaheRe34OahmPbx4Oa3z0n6jAmljGr5XDqQLvpAe HTTP/1.1" 200 2
201.245.192.253 - - [05/Jul/2024:09:52:25 -0500] "GET /kwsrmcab/Wsrmcab?wsdl HTTP/1.1" 200 6948
201.245.192.253 - - [05/Jul/2024:09:52:34 -0500] "POST /kwsrmcab/Wsrmcab  HTTP/1.1" 200 38712
192.168.176.23 - - [05/Jul/2024:09:52:35 -0500] "POST /BLA/boletinlegal/admin/actos/ingresar.php HTTP/1.1" 200 7303
201.245.192.253 - - [05/Jul/2024:09:53:25 -0500] "GET /kwsrmcab/Wsrmcab?wsdl HTTP/1.1" 200 6948
66.249.66.20 - - [05/Jul/2024:09:53:38 -0500] "GET /BLA/resoluciones/RESOLUCIONES%202004/RES%202004%20201-250/00000243.tif HTTP/1.1" 200 188860
192.168.176.23 - - [05/Jul/2024:09:53:49 -0500] "POST /BLA/boletinlegal/admin/actos/ingresar.php HTTP/1.1" 200 7303
201.245.192.253 - - [05/Jul/2024:09:54:15 -0500] "POST /forms/lservlet;jsessionid=ac16012b30d6716d42d0eef24d9cbe79d3fe11a80187.e3iSbxaKaheRe34OahmPbx4Oa3z0n6jAmljGr5XDqQLvpAe HTTP/1.1" 200 2
201.245.192.253 - - [05/Jul/2024:09:54:25 -0500] "GET /kwsrmcab/Wsrmcab?wsdl HTTP/1.1" 200 6948
185.150.26.246 - - [05/Jul/2024:09:54:28 -0500] "GET / HTTP/1.1" 200 319
172.22.2.4 - - [05/Jul/2024:09:54:49 -0500] "GET /BLA/boletinlegal/jurisprudencia/analisis/AnalisisT-095-16.docx HTTP/1.1" 304 -
213.186.1.154 - - [05/Jul/2024:09:54:53 -0500] "GET /\xc2\xa1vuelve-la-atencion-presencial-la-sede-principal-de-la-secretaria-de-ambiente-reabre-sus-puertas-al-publico.html HTTP/1.1" 404 1034
181.48.245.102 - - [05/Jul/2024:09:55:07 -0500] "GET /appsia/controlador HTTP/1.1" 200 4799
181.48.245.102 - - [05/Jul/2024:09:55:07 -0500] "GET /appsia/css/estilos.css HTTP/1.1" 200 4804
181.48.245.102 - - [05/Jul/2024:09:55:07 -0500] "GET /appsia/scripts/validarIngreso.js HTTP/1.1" 200 851
181.48.245.102 - - [05/Jul/2024:09:55:07 -0500] "GET /appsia/images/logo_bogota_p.png HTTP/1.1" 200 14951
181.48.245.102 - - [05/Jul/2024:09:55:07 -0500] "GET /appsia/images/cabezoteHojaVida.png HTTP/1.1" 200 32493
181.48.245.102 - - [05/Jul/2024:09:55:07 -0500] "GET /favicon.ico HTTP/1.1" 200 7782
192.168.176.23 - - [05/Jul/2024:09:55:12 -0500] "POST /BLA/boletinlegal/admin/actos/ingresar.php HTTP/1.1" 200 7303
201.245.192.253 - - [05/Jul/2024:09:55:25 -0500] "GET /kwsrmcab/Wsrmcab?wsdl HTTP/1.1" 200 6948
172.22.2.4 - - [05/Jul/2024:09:54:00 -0500] "HEAD /BLA/boletinlegal/ HTTP/1.1" 200 -
216.245.221.92 - - [05/Jul/2024:09:56:06 -0500] "HEAD / HTTP/1.1" 200 -
192.168.176.23 - - [05/Jul/2024:09:56:11 -0500] "POST /BLA/boletinlegal/admin/actos/ingresar.php HTTP/1.1" 200 2103
192.168.176.23 - - [05/Jul/2024:09:56:12 -0500] "GET /BLA/boletinlegal/admin/actos/ingresar.php HTTP/1.1" 200 7210
201.245.192.253 - - [05/Jul/2024:09:56:15 -0500] "POST /forms/lservlet;jsessionid=ac16012b30d6716d42d0eef24d9cbe79d3fe11a80187.e3iSbxaKaheRe34OahmPbx4Oa3z0n6jAmljGr5XDqQLvpAe HTTP/1.1" 200 2
192.168.172.66 - - [05/Jul/2024:09:56:15 -0500] "GET /%C3%82%C2%A1vuelve-la-atencion-presencial-la-sede-principal-de-la-secretaria-de-ambiente-reabre-sus-puertas-al-publico.html HTTP/1.1" 200 979
181.48.245.102 - - [05/Jul/2024:09:56:18 -0500] "POST /appsia/controlador HTTP/1.1" 200 4621
201.245.192.253 - - [05/Jul/2024:09:56:22 -0500] "GET /appsia/controlador HTTP/1.1" 200 4799
201.245.192.253 - - [05/Jul/2024:09:56:22 -0500] "GET /appsia/css/estilos.css HTTP/1.1" 200 4804
201.245.192.253 - - [05/Jul/2024:09:56:22 -0500] "GET /appsia/scripts/validarIngreso.js HTTP/1.1" 200 851
201.245.192.253 - - [05/Jul/2024:09:56:22 -0500] "GET /appsia/images/logo_bogota_p.png HTTP/1.1" 200 14951
201.245.192.253 - - [05/Jul/2024:09:56:22 -0500] "GET /appsia/images/cabezoteHojaVida.png HTTP/1.1" 200 32493
201.245.192.253 - - [05/Jul/2024:09:56:22 -0500] "GET /favicon.ico HTTP/1.1" 200 7782
201.245.192.253 - - [05/Jul/2024:09:56:25 -0500] "GET /kwsrmcab/Wsrmcab?wsdl HTTP/1.1" 200 6948
181.48.245.102 - - [05/Jul/2024:09:56:26 -0500] "POST /appsia/controlador HTTP/1.1" 200 8498
181.48.245.102 - - [05/Jul/2024:09:56:26 -0500] "GET /appsia/images/logo_escudo.png HTTP/1.1" 200 36965
172.22.2.4 - - [05/Jul/2024:09:54:46 -0500] "HEAD /BLA/boletinlegal/ HTTP/1.1" 200 -
201.245.192.253 - - [05/Jul/2024:09:56:42 -0500] "POST /appsia/controlador HTTP/1.1" 200 4621
201.245.192.253 - - [05/Jul/2024:09:56:48 -0500] "POST /appsia/controlador HTTP/1.1" 200 8510
201.245.192.253 - - [05/Jul/2024:09:56:48 -0500] "GET /appsia/images/logo_escudo.png HTTP/1.1" 200 36965
47.251.11.3 - - [05/Jul/2024:09:56:52 -0500] "GET / HTTP/1.1" 200 319
47.88.6.178 - - [05/Jul/2024:09:56:53 -0500] "GET /Public/home/js/check.js HTTP/1.1" 404 1018
47.251.13.32 - - [05/Jul/2024:09:56:53 -0500] "GET /static/admin/javascript/hetong.js HTTP/1.1" 404 1018
200.118.242.169 - - [05/Jul/2024:09:57:04 -0500] "GET /kwssiamovil/sm/ldap/au?x=U2FsdGVkX18uTgBMJQCBr/yS7Zy9ENnCUR2JZTEtuZ06vG76nsqdnG+WAaq9LA0yzKDAAsw3vUymMQ8IX23Q4Q==&y=U2FsdGVkX1/6MPqm+CMw74+Y4+1DMYrRJjDgk51oWoSLGn1oFPSXykFZ7/DhUNLK HTTP/1.1" 200 30
200.118.242.169 - - [05/Jul/2024:09:57:04 -0500] "GET /kwssiamovil/sm/acme/s?s=U2FsdGVkX1+OxLnoNwC1IZCAikDCAbmGLozf33oKBCpOs3qKNkLzpam1dm79aF1CJ9vGdfMDfQ36NPQWh3UkAUfG13yjm/qHTWwX2/kz6As=&u=U2FsdGVkX19ZmRuvU+LMKz2xEV8POuZ2zTWGZCUiDsI=&y=U2FsdGVkX1/6MPqm+CMw74+Y4+1DMYrRJjDgk51oWoSLGn1oFPSXykFZ7/DhUNLK HTTP/1.1" 200 97
200.118.242.169 - - [05/Jul/2024:09:57:05 -0500] "GET /kwssiamovil/sm/acme/s?s=U2FsdGVkX19z9amSQl4Tm2ehFdcI2jLccSLvDy24j2O2pnh+gAl1++HKYjSB2bMLkiu/WmQXPuqF6gL5aQPsfFbJdSPyImnHK8vn4bFHdXsEa+EFIf7wikBHk9fexuIRM69b0d9vGgzEB3g5WJrmd0K3t3Q6nujd2wOhmXGMiasT+CS7GZCV41u5jJuT1bbEfMFeKw5IXOvP73IIlSW0jrTeSLEttwZ2othwAwHaGutt9ayAJ7FYH9GIyucwuxpAC5yq6IiLSaKFiOYelOQDAIVrWi0SFBJ7SsgN7GLyIaMAh4vvBdw+5HV3IgbY+phFwLlsLxWZmzJFkBOcGkm5Hcmb2KxJ2lizTtc+5DMXgo3TreAfK5GGs8syL22BbIQy29niNFA7V89PUx6tJT2X8XHFO/QOM7RIG9yxYZqpttBh9Ga2YwUXXkfkn9GOR9jEnzzrOJVzzXsCvsvrgQ98Ak6GvFX8aJ31unm/9P2ClbuK2YVNFa3pZbjOOFZ2swIyfgms0R3nwgPUYkThRGs/hOcnW87Y+rSUHQOnwyv9FCOKBNvvrAbTiVnXqqhoJ557IwSkCUxfRWIX0j4uxosRFQl7Jd8/67fXTQAQFjL7i8hRBnCffasFDXELtLk49qaW2jXNZ+1anZzl4tn7x5zO0aSx7UXKpGCObWB/JZ43B50kBSg3NDmmLyIKeHeZA8pBNA6j3JIDDhLzntYPx9FpuMQlrC80w48SG/7PGpUoy7QRwE34AnsiEq4wxtGyTYO+rDHLshbHTWEmN6563/G4AH5amd2aBt65xA16pKAYrWqeRmeHErFYBkojSmzvh6fGyQwYjM7jv+yEh3zQrpgawk4GwueKv7AyE4PctdWwpjGSKAtcsNs8twhOsdtBWgbjrGaQU95OMRwo4y0bU1PD38Y8wGTJKTWkL6J2NRqVdZya+5Qs/2f0Uirix848/7CXzNEkKeVqOz2wUM082srXTr9BvaogHaJjYvRFF5I3JJwU04C5VcJwg2K4UxHHrJgWXqdwLJEeCK7sHvX/JIlTKMyChG8aT1Q/Q3UtYmG/ULv8+NqvfuB/W9yGZT6qtBS+dgo5LzDcG0p3nROCS+HVznlNZGUjx1gCQbcVEF0g3/YHLzM2L4TCx+/lPdcUGyBQq7o3E9H7W5f01wcD4aL1WiXDt/pmxjgFxehZ0h9IPV6iKK1ZZB6TwfQWW9Dvm/4UcYp7i5LGK+nVZ8OsCNqTPnjb5EdoI6nLOBJw/KOs622lyNUCeAnmqcKr/plMnQ+64rUGigGuj4PB2wlfJ9z6LZTtt57keX+NZmmgysC3/W4HIrWGT3ZhEYCXi3K3FJUIk4j6GNIX6bP9FZCGukE2vQ1Nbowl4qegyaPzEK3klJCRakUHYn2rpVczhrJoxuQ1nfRmp/0ie+/cuXQJZXYAgmo/HhkdNMvo/8GQWfnA45uwYvxMlvvYbKamiR9Vp15BtnHYUeUWlEboGGMhn/YRPQkB5T9yzIO/taVQk614Ejm2ECVUuvXpk8QXBX3CFHGSvPLCI4x3x55V1IZGvKFCH4/8Uci7CuDiBVBE2KPdAkK+5Myc3xVpW5cko0mfJnNuMTi6PUHR0la0/MY3TjLo6yaGvKf1tqgOM9wI4QXTtt1Jk3WH+L93hkKMGkgdpW0WIPBEvcFclkAMGpTbmUyonu5IqWm4cEP/VWWk9imKaKuUR4AzQDeDLe4trMySEu+UHuxXTSrpN6I7tnY4aqGnmjwC/4x5eJiwhMpYA+ihUL8=&u=U2FsdGVkX19ZmRuvU+LMKz2xEV8POuZ2zTWGZCUiDsI=&y=U2FsdGVkX1/6MPqm+CMw74+Y4+1DMYrRJjDgk51oWoSLGn1oFPSXykFZ7/DhUNLK HTTP/1.1" 200 630
200.118.242.169 - - [05/Jul/2024:09:57:05 -0500] "GET /kwssiamovil/sm/acme/s?s=U2FsdGVkX1+ymi2AdE0cOxUuli/OzDGm1MpJ8JRCr/LFt4jI2U+IDRedNeMYqw5FQG0T/hA7NqVgjQyE7ZfsY6w3y7Edx2OkuHMG7YHT7mbW5Yd+2PkYraYNKLzdzKx3h1u/INCXQYiVbaW5jUNTdvjYsaQF+NnS4XaoiISjU2UCKO+0kn4CfOcA/lOD/BI71AbHnwi3zZt4OqWLH7WoOYIoUXH+e0OezW4MhwtwbmGmdPZvaGkO7I9QErc6r7sAgh+wrp/UEEs1m4QF4Cyj/a0uZcY3Br+I6RiS6QLim43Essym7HwbOrYJszJl/oHdF8CxkNBumSuLp480h813v1q5Pyipyj7a7FB566fVq7Cdl7OUpmGVi4vJkoLm3X5nXoo023IlDQBZZZDKKOC2nB/yNqPFVnzIthRkyTzlBEa3oNdfBZvD04GxxTvFr1+Y020LvJvYxOPbTRiPUq9iL0vTSxws2i5fkP+vvYy/AEXbt4R0QmFhdSllE1Emh1qcgCQtgmINivfvKr8OZd+5EOB0LX1cuVdtMv9FWqTCnzenL711GxNNbYZ6PywmM36vqLS83QAal9jA1FJAFro57ITzbQHB38CKNkDJqNr8PFeOpoErIitm7PbjnFQ9mshVcDYFJJT2EDdw5fAUhrtcEU7rWXDt/OcLx9Etrzbnp9+DDuTaWWaD3eDX2ZKwfwCwFhfKled23PAKXJk1UHsKev8GEwifkX4nId88L96dFGAO8ga8cO3IOom59RJPczkK&u=U2FsdGVkX19ZmRuvU+LMKz2xEV8POuZ2zTWGZCUiDsI=&y=U2FsdGVkX1/6MPqm+CMw74+Y4+1DMYrRJjDgk51oWoSLGn1oFPSXykFZ7/DhUNLK HTTP/1.1" 200 208
200.118.242.169 - - [05/Jul/2024:09:57:05 -0500] "GET /kwssiamovil/sm/cjson/pre?f=1&x=U2FsdGVkX18uTgBMJQCBr/yS7Zy9ENnCUR2JZTEtuZ06vG76nsqdnG+WAaq9LA0yzKDAAsw3vUymMQ8IX23Q4Q== HTTP/1.1" 200 30244
181.48.245.102 - - [05/Jul/2024:09:57:12 -0500] "POST /appsia/controlador HTTP/1.1" 200 4621
172.22.2.4 - - [05/Jul/2024:09:55:37 -0500] "GET /BLA/boletinlegal/ HTTP/1.1" 200 59967
181.48.245.102 - - [05/Jul/2024:09:57:21 -0500] "POST /appsia/controlador HTTP/1.1" 200 4799
172.22.2.4 - - [05/Jul/2024:09:57:22 -0500] "GET /BLA/boletinlegal/jurisprudencia/analisis/analisis%20C-595-2010.doc HTTP/1.1" 304 -
201.245.192.253 - - [05/Jul/2024:09:57:25 -0500] "GET /kwsrmcab/Wsrmcab?wsdl HTTP/1.1" 200 6948
201.245.192.253 - - [05/Jul/2024:09:57:32 -0500] "POST /kwsrmcab/Wsrmcab  HTTP/1.1" 200 38712
181.48.245.102 - - [05/Jul/2024:09:57:37 -0500] "POST /appsia/controlador HTTP/1.1" 200 4621
181.48.245.102 - - [05/Jul/2024:09:57:40 -0500] "POST /appsia/controlador HTTP/1.1" 200 7732
192.168.172.66 - - [05/Jul/2024:09:57:41 -0500] "GET /%C3%82%C2%A1vuelve-la-atencion-presencial-la-sede-principal-de-la-secretaria-de-ambiente-reabre-sus-puertas-al-publico.html HTTP/1.1" 200 979
201.245.192.253 - - [05/Jul/2024:09:58:15 -0500] "POST /forms/lservlet;jsessionid=ac16012b30d6716d42d0eef24d9cbe79d3fe11a80187.e3iSbxaKaheRe34OahmPbx4Oa3z0n6jAmljGr5XDqQLvpAe HTTP/1.1" 200 2
192.168.176.23 - - [05/Jul/2024:09:58:16 -0500] "POST /BLA/boletinlegal/admin/actos/ingresar.php HTTP/1.1" 200 7303
201.245.192.253 - - [05/Jul/2024:09:58:25 -0500] "GET /kwsrmcab/Wsrmcab?wsdl HTTP/1.1" 200 6948
181.48.245.102 - - [05/Jul/2024:09:58:51 -0500] "POST /appsia/controlador HTTP/1.1" 200 4621
192.168.176.23 - - [05/Jul/2024:09:59:15 -0500] "POST /BLA/boletinlegal/admin/actos/ingresar.php HTTP/1.1" 200 7303
201.245.192.253 - - [05/Jul/2024:09:59:25 -0500] "GET /kwsrmcab/Wsrmcab?wsdl HTTP/1.1" 200 6948
66.249.66.19 - - [05/Jul/2024:09:59:26 -0500] "GET /BLA/resoluciones/RESOLUCIONES%202004/RES%202004%20151-200/00000175.tif HTTP/1.1" 200 107106
192.168.176.23 - - [05/Jul/2024:09:59:27 -0500] "GET /BLA/boletinlegal/admin/admin.php HTTP/1.1" 302 -
192.168.176.23 - - [05/Jul/2024:09:59:27 -0500] "GET /BLA/boletinlegal/admin/index.php HTTP/1.1" 200 5688
192.168.176.23 - - [05/Jul/2024:09:59:39 -0500] "GET /BLA/boletinlegal/admin/index_files/index_files/tback.gif HTTP/1.1" 404 1322
172.22.2.4 - - [05/Jul/2024:09:59:42 -0500] "GET /BLA/boletinlegal/Circulares/2022/CIRCULAR%20No.%2000003%20DEL%2007%20DE%20MARZO%20DEL%202022.pdf HTTP/1.1" 200 311468
172.22.2.4 - - [05/Jul/2024:09:59:42 -0500] "GET /BLA/boletinlegal/Circulares/2022/CIRCULAR%20No.%2000003%20DEL%2007%20DE%20MARZO%20DEL%202022.pdf HTTP/1.1" 206 1025
172.22.2.4 - - [05/Jul/2024:09:59:42 -0500] "GET /BLA/boletinlegal/Circulares/2022/CIRCULAR%20No.%2000003%20DEL%2007%20DE%20MARZO%20DEL%202022.pdf HTTP/1.1" 200 311468
181.48.245.102 - - [05/Jul/2024:09:59:45 -0500] "POST /appsia/controlador HTTP/1.1" 200 4799
201.245.192.253 - - [05/Jul/2024:10:00:15 -0500] "POST /forms/lservlet;jsessionid=ac16012b30d6716d42d0eef24d9cbe79d3fe11a80187.e3iSbxaKaheRe34OahmPbx4Oa3z0n6jAmljGr5XDqQLvpAe HTTP/1.1" 200 2
201.245.192.253 - - [05/Jul/2024:10:00:25 -0500] "GET /kwsrmcab/Wsrmcab?wsdl HTTP/1.1" 200 6948
192.168.176.23 - - [05/Jul/2024:10:00:30 -0500] "GET /BLA/boletinlegal/admin/usuarios/process.php HTTP/1.1" 302 -
192.168.176.23 - - [05/Jul/2024:10:00:31 -0500] "GET /BLA/boletinlegal/admin/index.php HTTP/1.1" 200 2324
201.245.192.253 - - [05/Jul/2024:10:00:45 -0500] "GET /sipse/faces/index.xhtml HTTP/1.1" 200 677
201.245.192.253 - - [05/Jul/2024:10:00:45 -0500] "GET /sipse/faces/javax.faces.resource/theme.css?ln=primefaces-sipse HTTP/1.1" 304 -
