186.102.95.15 - - [07/Jul/2024:18:18:48 -0500] "GET /kwssiamovil/sm/acme/a?s=U2FsdGVkX1+JXGly5xnG/FYbHDrRnqbEw/RzG0LZPnqp5fVi2OF7CINe2i8XyU0JFjGoXvM5SM6Gj3A03Y2NzX/4L3LaUeYPxIrOB8b0B4ip1KCfTG8F8n9Mk2S/xqwCoFSqHPPiv1Y9KRro8U1Ta0ZwmNmf8CtJ1Zyvj0KFVZyB3eGlel/XNdokV97xFwNZIagk8SpzLKavRh1NOenFE6V0sar08edZFUREfVj8kRM=&u=U2FsdGVkX1/E9oJcBVYeudv7WP2f49Wl0AnKcd/JPWw=&y=U2FsdGVkX19gXt8k/F6GBMlOL78h3HyCWMC85t09xFs= HTTP/1.1" 200 25
186.102.95.15 - - [07/Jul/2024:18:18:48 -0500] "GET /kwssiamovil/sm/acme/a?s=U2FsdGVkX1/TXFRfgPDwkNj7m1s4yVh7zQVxRYS3O3GVkdICdcD8AXSohft0nBAMP0wqVgAwhELhTk+eq7wuEkurYkKxMJGX/n3Jiy86dSVpFgzMxj0L7lwJ0/n0L2evoiN3pyp10UxAZIZ6VBr4zuSALXvrRuem4w4NDDxkt3oMq1wsNzNLsAO88oCLCUTiOCmxS+TZHvkNLj+QB8MIQg==&u=U2FsdGVkX1/E9oJcBVYeudv7WP2f49Wl0AnKcd/JPWw=&y=U2FsdGVkX19gXt8k/F6GBMlOL78h3HyCWMC85t09xFs= HTTP/1.1" 200 26
186.102.95.15 - - [07/Jul/2024:18:18:48 -0500] "GET /kwssiamovil/sm/acme/a?s=U2FsdGVkX1+9jk2c0FiDg6LmtVKXJm0j/4VU6VC5j7SpOIp7aADMDOJhspvppXoIiNIxP8KDU3W8bn3WWTiglgyjHERnMtCrSVh2rJZGcRvAZ13EZfhBvidK/2AOgwNY8NEP3XtnURWPuGnJ22sxxS4Qd+b+xeAWFbCBMpFL3ScxauWWIo4eqODbMHBvTCFmsFsv4iZdQt05a1S9xMpA8LJ2xnRV6HSySHhW7O+kq+c=&u=U2FsdGVkX1/E9oJcBVYeudv7WP2f49Wl0AnKcd/JPWw=&y=U2FsdGVkX19gXt8k/F6GBMlOL78h3HyCWMC85t09xFs= HTTP/1.1" 200 25
186.102.95.15 - - [07/Jul/2024:18:18:48 -0500] "GET /kwssiamovil/sm/acme/a?s=U2FsdGVkX1+kTBbnxM1gc38Z2BO6YBfZjser4ZnwWQ2U4JIV03IIYl7AB7xUiHtNb1UtAkbwWFBjLjFF8EUD8tfw9oPVYAv9ToTZyNWytQvvMZCQqU9rGRbp3socL7PrEjfadOpBSf4S6zRcgVPw4FF8SwJ597i/UK4LK8UJys5bhr73iNFJ2Ypyvy+o3istKnc8lha8JujECttkGw2hBFFw5VbSTfGJ3XQY3gYVFV4=&u=U2FsdGVkX1/E9oJcBVYeudv7WP2f49Wl0AnKcd/JPWw=&y=U2FsdGVkX19gXt8k/F6GBMlOL78h3HyCWMC85t09xFs= HTTP/1.1" 200 25
186.102.95.15 - - [07/Jul/2024:18:18:49 -0500] "GET /kwssiamovil/sm/acme/a?s=U2FsdGVkX195IgfulRAIW3OjS6Cfj+pSM47vs+ouevcdaKLNuNq8aud8bQtkHBRmHearvED6SJRUxLjdm2gZx4oZMxdx0gL8x98wnA0mM90ovFzkYS8RMvp+R6BBniEgq2nNprI/1P7B15fVi2BblVpA/1OOqtQlCxyuLjiYE306LvF25bb5NFQW/YcyR5aKj+1tTU3BgFDpXMYBCnAV4SjfoZSpn/Mq9Ftg3w9qhyQ=&u=U2FsdGVkX1/E9oJcBVYeudv7WP2f49Wl0AnKcd/JPWw=&y=U2FsdGVkX19gXt8k/F6GBMlOL78h3HyCWMC85t09xFs= HTTP/1.1" 200 25
186.102.95.15 - - [07/Jul/2024:18:18:49 -0500] "GET /kwssiamovil/sm/acme/a?s=U2FsdGVkX190diFhvaISvAK123KEeqLSIoL4axPxrvRer2yZXMHTaWIrkrIdvVsJPG5XtnewtxBnJgkQiJH79WUhkE0S8vMyxWOF7NiLu/2XeWnSxzpYgxaroFdPByM7iKGfq/Hfb5QQBDctpYctKqrSZrOuk7oB0Yagk/wzUUalEjr4DhwcYBeyqYVkaoHvxdrQT9XEo3X6+DVKENn6Tp9DnbjgbJmzSI3bbJ5PyMHI8KlzYFLQVllO+6f4UVfTjfcG6bMeyQEr42lLJhaTow==&u=U2FsdGVkX1/E9oJcBVYeudv7WP2f49Wl0AnKcd/JPWw=&y=U2FsdGVkX19gXt8k/F6GBMlOL78h3HyCWMC85t09xFs= HTTP/1.1" 200 25
186.102.95.15 - - [07/Jul/2024:18:18:49 -0500] "GET /kwssiamovil/sm/acme/a?s=U2FsdGVkX1+fewPjVFFMYW0qgjeNcQQnWRd9KMzRMfE28Sxpq/kJvfR4NjKwi/Rmtah2PE91sQM6Uv3JM9kT+Ii7TrKUtTft5Tx/mKdutH4czg654Zo8SHXw+7cztHds7G+4IXTfRKDuao1nxUSWhdKQxC54aQ99dn/4VXVeu4GDXy5zoKHr5ZlBy0Gv3XIY7+TkYDEZi2Ta+IOr2PoQPUcnd94TFuiGV2DM/5iiA7Q=&u=U2FsdGVkX1/E9oJcBVYeudv7WP2f49Wl0AnKcd/JPWw=&y=U2FsdGVkX19gXt8k/F6GBMlOL78h3HyCWMC85t09xFs= HTTP/1.1" 200 25
186.102.95.15 - - [07/Jul/2024:18:18:49 -0500] "GET /kwssiamovil/sm/acme/a?s=U2FsdGVkX1+FGLaAOAxy0uoe5ZA3gsKkDIHnfzIODqiICYX8pKCmXanEoZy5o5ysBXTM3JecFbFigDo+6ND2UUbvySeXbA1YonuIpVQ8ejtVKL4K9EF7K8KoZaS2cp2hpsIMc0IBsp5ej3NMQLr1Kf/KaICSZHzYflOEUDJs5Dnail8J+3KVdyAFYUjoD1qwnxGmHT9M1sETlNVijUwSnmZR/CGmr+WLjxgzfXa3Pl8=&u=U2FsdGVkX1/E9oJcBVYeudv7WP2f49Wl0AnKcd/JPWw=&y=U2FsdGVkX19gXt8k/F6GBMlOL78h3HyCWMC85t09xFs= HTTP/1.1" 200 25
47.128.124.18 - - [07/Jul/2024:18:19:10 -0500] "GET /BLA/resoluciones/index.php?dir=RESOLUCIONES%202005%2FRES%202005%20%201601-1650%2F&order=asc&sort=name HTTP/1.1" 200 12426
201.245.192.253 - - [07/Jul/2024:18:19:14 -0500] "GET /kwsrmcab/Wsrmcab?wsdl HTTP/1.1" 200 6948
186.80.52.117 - - [07/Jul/2024:18:19:16 -0500] "POST /sipse/faces/autenticacion.xhtml HTTP/1.1" 200 2229
186.80.52.117 - - [07/Jul/2024:18:19:16 -0500] "GET /sipse/faces/javax.faces.resource/messages/messages.png?ln=primefaces&v=4.0 HTTP/1.1" 304 -
186.80.52.117 - - [07/Jul/2024:18:19:17 -0500] "POST /sipse/faces/autenticacion.xhtml HTTP/1.1" 200 16330
186.80.52.117 - - [07/Jul/2024:18:19:17 -0500] "GET /sipse/faces/javax.faces.resource/theme.css?ln=primefaces-sipse HTTP/1.1" 304 -
186.80.52.117 - - [07/Jul/2024:18:19:17 -0500] "GET /sipse/css/custom_css_sg_prime.css HTTP/1.1" 200 5201
186.80.52.117 - - [07/Jul/2024:18:19:17 -0500] "GET /sipse/faces/javax.faces.resource/layout/layout.css?ln=primefaces&v=4.0 HTTP/1.1" 304 -
186.80.52.117 - - [07/Jul/2024:18:19:17 -0500] "GET /sipse/faces/javax.faces.resource/primefaces.css?ln=primefaces&v=4.0 HTTP/1.1" 304 -
186.80.52.117 - - [07/Jul/2024:18:19:17 -0500] "GET /sipse/js/jquery.min.js HTTP/1.1" 200 85582
186.80.52.117 - - [07/Jul/2024:18:19:17 -0500] "GET /sipse/faces/javax.faces.resource/jquery/jquery.js?ln=primefaces&v=4.0 HTTP/1.1" 304 -
186.80.52.117 - - [07/Jul/2024:18:19:17 -0500] "GET /sipse/faces/javax.faces.resource/jquery/jquery-plugins.js?ln=primefaces&v=4.0 HTTP/1.1" 304 -
186.80.52.117 - - [07/Jul/2024:18:19:17 -0500] "GET /sipse/faces/javax.faces.resource/primefaces.js?ln=primefaces&v=4.0 HTTP/1.1" 304 -
186.80.52.117 - - [07/Jul/2024:18:19:17 -0500] "GET /sipse/faces/javax.faces.resource/layout/layout.js?ln=primefaces&v=4.0 HTTP/1.1" 304 -
186.80.52.117 - - [07/Jul/2024:18:19:17 -0500] "GET /sipse/css/v_mergente.css HTTP/1.1" 200 1505
186.80.52.117 - - [07/Jul/2024:18:19:17 -0500] "GET /sipse/css/imagen/contrasena.png HTTP/1.1" 404 383
186.80.52.117 - - [07/Jul/2024:18:19:17 -0500] "GET /sipse/imagenes/cargando.gif HTTP/1.1" 200 36959
186.80.52.117 - - [07/Jul/2024:18:19:17 -0500] "GET /sipse/imagenes/logoAplicacion.jpg HTTP/1.1" 200 155084
186.80.52.117 - - [07/Jul/2024:18:19:19 -0500] "GET /sipse/faces/javax.faces.resource/images/ui-bg_flat_0_2d5972_40x100.png?ln=primefaces-aristo HTTP/1.1" 304 -
186.80.52.117 - - [07/Jul/2024:18:19:19 -0500] "POST /sipse/faces/bienvenido.xhtml HTTP/1.1" 200 2658
186.80.52.117 - - [07/Jul/2024:18:19:20 -0500] "POST /sipse/faces/bienvenido.xhtml HTTP/1.1" 200 33021
186.80.52.117 - - [07/Jul/2024:18:19:21 -0500] "GET /sipse/faces/javax.faces.resource/layout/layout.css?ln=primefaces&v=4.0 HTTP/1.1" 304 -
186.80.52.117 - - [07/Jul/2024:18:19:21 -0500] "GET /sipse/faces/javax.faces.resource/theme.css?ln=primefaces-sipse HTTP/1.1" 304 -
186.80.52.117 - - [07/Jul/2024:18:19:21 -0500] "GET /sipse/faces/javax.faces.resource/primefaces.css?ln=primefaces&v=4.0 HTTP/1.1" 304 -
186.80.52.117 - - [07/Jul/2024:18:19:21 -0500] "GET /sipse/faces/javax.faces.resource/jquery/jquery.js?ln=primefaces&v=4.0 HTTP/1.1" 304 -
186.80.52.117 - - [07/Jul/2024:18:19:21 -0500] "GET /sipse/faces/javax.faces.resource/jquery/jquery-plugins.js?ln=primefaces&v=4.0 HTTP/1.1" 304 -
186.80.52.117 - - [07/Jul/2024:18:19:21 -0500] "GET /sipse/faces/javax.faces.resource/primefaces.js?ln=primefaces&v=4.0 HTTP/1.1" 304 -
186.80.52.117 - - [07/Jul/2024:18:19:21 -0500] "GET /sipse/faces/javax.faces.resource/layout/layout.js?ln=primefaces&v=4.0 HTTP/1.1" 304 -
186.80.52.117 - - [07/Jul/2024:18:19:21 -0500] "POST /sipse/faces/presentacion/financiero/solicitudProceso/listarSolicitudProceso.xhtml HTTP/1.1" 200 1376
186.80.52.117 - - [07/Jul/2024:18:19:34 -0500] "POST /sipse/faces/presentacion/financiero/solicitudProceso/listarSolicitudProceso.xhtml HTTP/1.1" 200 2685
186.80.52.117 - - [07/Jul/2024:18:19:35 -0500] "POST /sipse/faces/presentacion/financiero/solicitudProceso/listarSolicitudProceso.xhtml HTTP/1.1" 200 40727
186.80.52.117 - - [07/Jul/2024:18:19:36 -0500] "GET /sipse/faces/javax.faces.resource/primefaces.css?ln=primefaces&v=4.0 HTTP/1.1" 304 -
186.80.52.117 - - [07/Jul/2024:18:19:36 -0500] "GET /sipse/faces/javax.faces.resource/layout/layout.css?ln=primefaces&v=4.0 HTTP/1.1" 304 -
186.80.52.117 - - [07/Jul/2024:18:19:36 -0500] "GET /sipse/faces/javax.faces.resource/theme.css?ln=primefaces-sipse HTTP/1.1" 304 -
186.80.52.117 - - [07/Jul/2024:18:19:36 -0500] "GET /sipse/faces/javax.faces.resource/jquery/jquery.js?ln=primefaces&v=4.0 HTTP/1.1" 304 -
186.80.52.117 - - [07/Jul/2024:18:19:36 -0500] "GET /sipse/faces/javax.faces.resource/jquery/jquery-plugins.js?ln=primefaces&v=4.0 HTTP/1.1" 304 -
186.80.52.117 - - [07/Jul/2024:18:19:36 -0500] "GET /sipse/faces/javax.faces.resource/primefaces.js?ln=primefaces&v=4.0 HTTP/1.1" 304 -
186.80.52.117 - - [07/Jul/2024:18:19:36 -0500] "GET /sipse/faces/javax.faces.resource/layout/layout.js?ln=primefaces&v=4.0 HTTP/1.1" 304 -
186.80.52.117 - - [07/Jul/2024:18:19:36 -0500] "POST /sipse/faces/presentacion/financiero/solicitudProceso/consultar.xhtml HTTP/1.1" 200 34149
172.22.2.4 - - [07/Jul/2024:18:17:58 -0500] "GET /BLA/boletinlegal/ HTTP/1.1" 200 57889
186.80.52.117 - - [07/Jul/2024:18:19:40 -0500] "POST /sipse/faces/presentacion/financiero/solicitudProceso/consultar.xhtml HTTP/1.1" 200 911
186.80.52.117 - - [07/Jul/2024:18:19:42 -0500] "GET /sipse/faces/faces/faces/autenticacion HTTP/1.1" 302 -
186.80.52.117 - - [07/Jul/2024:18:19:42 -0500] "GET /sipse/faces/autenticacion.xhtml HTTP/1.1" 200 12410
186.80.52.117 - - [07/Jul/2024:18:19:42 -0500] "GET /sipse/faces/javax.faces.resource/layout/layout.css?ln=primefaces&v=4.0 HTTP/1.1" 304 -
186.80.52.117 - - [07/Jul/2024:18:19:42 -0500] "GET /sipse/faces/javax.faces.resource/theme.css?ln=primefaces-sipse HTTP/1.1" 304 -
186.80.52.117 - - [07/Jul/2024:18:19:42 -0500] "GET /sipse/faces/javax.faces.resource/jquery/jquery.js?ln=primefaces&v=4.0 HTTP/1.1" 304 -
186.80.52.117 - - [07/Jul/2024:18:19:42 -0500] "GET /sipse/faces/javax.faces.resource/primefaces.css?ln=primefaces&v=4.0 HTTP/1.1" 304 -
186.80.52.117 - - [07/Jul/2024:18:19:42 -0500] "GET /sipse/faces/javax.faces.resource/jquery/jquery-plugins.js?ln=primefaces&v=4.0 HTTP/1.1" 304 -
186.80.52.117 - - [07/Jul/2024:18:19:42 -0500] "GET /sipse/faces/javax.faces.resource/primefaces.js?ln=primefaces&v=4.0 HTTP/1.1" 304 -
186.80.52.117 - - [07/Jul/2024:18:19:42 -0500] "GET /sipse/faces/javax.faces.resource/layout/layout.js?ln=primefaces&v=4.0 HTTP/1.1" 304 -
47.128.28.50 - - [07/Jul/2024:18:19:45 -0500] "GET /BLA/resoluciones/AUTOS%202021/0245.php?act=upload&d=C%3A%5CAmbienteBogota%5Ccounter%5Cdigits%5Cwind%5C HTTP/1.1" 200 2853
201.245.192.253 - - [07/Jul/2024:18:18:48 -0500] "POST /kwsrmcab/Wsrmcab HTTP/1.1" 200 16384
201.245.192.253 - - [07/Jul/2024:18:19:48 -0500] "POST /kwsrmcab/Wsrmcab HTTP/1.1" 200 35073
201.245.192.253 - - [07/Jul/2024:18:20:14 -0500] "GET /kwsrmcab/Wsrmcab?wsdl HTTP/1.1" 200 6948
47.128.122.218 - - [07/Jul/2024:18:20:19 -0500] "GET /BLA/resoluciones/index.php?dir=AUTOS%202006%2FAUTOS%202006%201801-%201900%2F&order=desc&sort=name HTTP/1.1" 200 22158
66.249.66.21 - - [07/Jul/2024:18:20:21 -0500] "GET /BLA/resoluciones/Notificaciones/AUTOS%202023/4404.pdf HTTP/1.1" 200 511612
201.245.192.253 - - [07/Jul/2024:18:20:25 -0500] "POST /forms/lservlet;jsessionid=ac16012b30d6716d42d0eef24d9cbe79d3fe11a80187.e3iSbxaKaheRe34OahmPbx4Oa3z0n6jAmljGr5XDqQLvpAe HTTP/1.1" 200 2
216.245.221.92 - - [07/Jul/2024:18:20:41 -0500] "HEAD / HTTP/1.1" 200 -
167.0.140.90 - - [07/Jul/2024:18:20:48 -0500] "GET /appsia/controlador HTTP/1.1" 200 4799
167.0.140.90 - - [07/Jul/2024:18:20:48 -0500] "GET /appsia/css/estilos.css HTTP/1.1" 200 4804
167.0.140.90 - - [07/Jul/2024:18:20:48 -0500] "GET /appsia/scripts/validarIngreso.js HTTP/1.1" 200 851
167.0.140.90 - - [07/Jul/2024:18:20:48 -0500] "GET /appsia/images/cabezoteHojaVida.png HTTP/1.1" 200 32493
167.0.140.90 - - [07/Jul/2024:18:20:48 -0500] "GET /appsia/images/logo_bogota_p.png HTTP/1.1" 200 14951
167.0.140.90 - - [07/Jul/2024:18:20:48 -0500] "GET /favicon.ico HTTP/1.1" 200 7782
47.128.33.64 - - [07/Jul/2024:18:20:54 -0500] "GET /BLA/resoluciones/AUTOS%202021/0245.php?act=f&f=sess_ma8kj6t4256585abbc2ng5isu1 HTTP/1.1" 200 2760
181.48.255.197 - - [07/Jul/2024:18:21:02 -0500] "GET /appsia/controlador HTTP/1.1" 200 4799
181.48.255.197 - - [07/Jul/2024:18:21:02 -0500] "GET /appsia/css/estilos.css HTTP/1.1" 200 4804
181.48.255.197 - - [07/Jul/2024:18:21:02 -0500] "GET /appsia/scripts/validarIngreso.js HTTP/1.1" 200 851
181.48.255.197 - - [07/Jul/2024:18:21:02 -0500] "GET /appsia/images/cabezoteHojaVida.png HTTP/1.1" 200 32493
181.48.255.197 - - [07/Jul/2024:18:21:02 -0500] "GET /appsia/images/logo_bogota_p.png HTTP/1.1" 200 14951
167.0.140.90 - - [07/Jul/2024:18:21:03 -0500] "POST /appsia/controlador HTTP/1.1" 200 4621
167.0.140.90 - - [07/Jul/2024:18:21:06 -0500] "POST /appsia/controlador HTTP/1.1" 200 7726
167.0.140.90 - - [07/Jul/2024:18:21:06 -0500] "GET /appsia/images/logo_escudo.png HTTP/1.1" 200 36965
201.245.192.253 - - [07/Jul/2024:18:21:14 -0500] "GET /kwsrmcab/Wsrmcab?wsdl HTTP/1.1" 200 6948
47.128.36.80 - - [07/Jul/2024:18:21:29 -0500] "GET /BLA/resoluciones/AUTOS%202021/0245.php?act=f&f=5289.pdf HTTP/1.1" 200 2740
47.128.22.16 - - [07/Jul/2024:18:22:03 -0500] "GET /BLA/resoluciones/index.php?dir=RESOLUCIONES%202005%2FRES%202005%20151-200%2F&order=asc&sort=name HTTP/1.1" 200 12230
201.245.192.253 - - [07/Jul/2024:18:22:08 -0500] "POST /kwsrmcab/Wsrmcab  HTTP/1.1" 200 38712
201.245.192.253 - - [07/Jul/2024:18:22:14 -0500] "GET /kwsrmcab/Wsrmcab?wsdl HTTP/1.1" 200 6948
201.245.192.253 - - [07/Jul/2024:18:22:25 -0500] "POST /forms/lservlet;jsessionid=ac16012b30d6716d42d0eef24d9cbe79d3fe11a80187.e3iSbxaKaheRe34OahmPbx4Oa3z0n6jAmljGr5XDqQLvpAe HTTP/1.1" 200 2
66.249.66.21 - - [07/Jul/2024:18:22:26 -0500] "GET /BLA/resoluciones/Notificaciones/AUTOS%202023/10561.pdf HTTP/1.1" 200 447395
47.128.18.105 - - [07/Jul/2024:18:22:38 -0500] "GET /BLA/resoluciones/AUTOS%202021/0245.php?act=f&f=4372.pdf HTTP/1.1" 200 2740
47.128.127.66 - - [07/Jul/2024:18:23:12 -0500] "GET /BLA/resoluciones/AUTOS%202021/0245.php?act=f&f=5061.pdf HTTP/1.1" 200 2740
201.245.192.253 - - [07/Jul/2024:18:23:14 -0500] "GET /kwsrmcab/Wsrmcab?wsdl HTTP/1.1" 200 6948
47.128.18.100 - - [07/Jul/2024:18:23:47 -0500] "GET /BLA/resoluciones/index.php?dir=RESOLUCIONES%202005%2FRES%202005%20%201651-1700%2F&order=desc&sort=name HTTP/1.1" 200 12422
201.245.192.253 - - [07/Jul/2024:18:24:14 -0500] "GET /kwsrmcab/Wsrmcab?wsdl HTTP/1.1" 200 6948
66.249.66.21 - - [07/Jul/2024:18:24:19 -0500] "GET /BLA/boletinlegal/jurisprudencia/analisis/AnalisisT-146-16.docx HTTP/1.1" 304 -
47.128.127.80 - - [07/Jul/2024:18:24:22 -0500] "GET /BLA/resoluciones/AUTOS%202021/0245.php?act=f&f=5079.pdf HTTP/1.1" 200 2740
201.245.192.253 - - [07/Jul/2024:18:24:25 -0500] "POST /forms/lservlet;jsessionid=ac16012b30d6716d42d0eef24d9cbe79d3fe11a80187.e3iSbxaKaheRe34OahmPbx4Oa3z0n6jAmljGr5XDqQLvpAe HTTP/1.1" 200 2
52.167.144.140 - - [07/Jul/2024:18:24:28 -0500] "GET /BLA/resoluciones/RESOLUCIONES%202021/1944.pdf HTTP/1.1" 304 -
172.22.2.4 - - [07/Jul/2024:18:22:57 -0500] "HEAD /BLA/boletinlegal/ HTTP/1.1" 200 -
167.0.140.90 - - [07/Jul/2024:18:24:37 -0500] "GET /appsia/controlador HTTP/1.1" 200 4621
47.128.126.225 - - [07/Jul/2024:18:24:56 -0500] "GET /BLA/resoluciones/index.php?dir=RESOLUCIONES%202004%2FRES%202004%20501-550%2F&order=desc&sort=size HTTP/1.1" 200 12047
201.245.192.253 - - [07/Jul/2024:18:25:14 -0500] "GET /kwsrmcab/Wsrmcab?wsdl HTTP/1.1" 200 6948
172.22.2.4 - - [07/Jul/2024:18:23:47 -0500] "GET /BLA/boletinlegal/ HTTP/1.1" 200 43032
47.128.20.54 - - [07/Jul/2024:18:25:31 -0500] "GET /BLA/resoluciones/index.php?dir=AUTOS%202006%2FAUTOS%202006%201301-1400%2F&order=desc&sort=size HTTP/1.1" 200 22001
216.245.221.92 - - [07/Jul/2024:18:25:41 -0500] "HEAD / HTTP/1.1" 200 -
66.249.66.19 - - [07/Jul/2024:18:25:47 -0500] "GET /BLA/resoluciones/Notificaciones/AUTOS%202023/10415.pdf HTTP/1.1" 200 385920
172.22.2.4 - - [07/Jul/2024:18:24:12 -0500] "GET /BLA/boletinlegal/ HTTP/1.1" 200 46633
47.128.60.162 - - [07/Jul/2024:18:26:05 -0500] "GET /BLA/resoluciones/index.php?dir=RESOLUCIONES%202005%2FRES%202005%201401-1450%2F&order=desc&sort=date HTTP/1.1" 200 12364
201.245.192.253 - - [07/Jul/2024:18:26:14 -0500] "GET /kwsrmcab/Wsrmcab?wsdl HTTP/1.1" 200 6948
201.245.192.253 - - [07/Jul/2024:18:26:25 -0500] "POST /forms/lservlet;jsessionid=ac16012b30d6716d42d0eef24d9cbe79d3fe11a80187.e3iSbxaKaheRe34OahmPbx4Oa3z0n6jAmljGr5XDqQLvpAe HTTP/1.1" 200 2
201.185.98.0 - - [07/Jul/2024:18:26:30 -0500] "GET /appsia/controlador HTTP/1.1" 200 4799
201.245.192.253 - - [07/Jul/2024:18:26:29 -0500] "POST /kwsrmcab/Wsrmcab HTTP/1.1" 200 34568
201.245.192.253 - - [07/Jul/2024:18:26:32 -0500] "POST /kwsrmcab/Wsrmcab HTTP/1.1" 200 35073
47.128.40.179 - - [07/Jul/2024:18:26:40 -0500] "GET /BLA/resoluciones/AUTOS%202021/0245.php?act=f&f=5261.pdf HTTP/1.1" 200 2740
201.245.192.253 - - [07/Jul/2024:18:27:06 -0500] "POST /kwsrmcab/Wsrmcab  HTTP/1.1" 200 38712
201.245.192.253 - - [07/Jul/2024:18:27:14 -0500] "GET /kwsrmcab/Wsrmcab?wsdl HTTP/1.1" 200 6948
47.128.42.71 - - [07/Jul/2024:18:27:15 -0500] "GET /BLA/resoluciones/index.php?dir=RESOLUCIONES%202004%2FRES%202004%20851-900%2F&order=desc&sort=date HTTP/1.1" 200 12039
201.185.98.0 - - [07/Jul/2024:18:27:43 -0500] "POST /appsia/controlador HTTP/1.1" 200 4621
47.128.21.188 - - [07/Jul/2024:18:27:49 -0500] "GET /BLA/resoluciones/AUTOS%202021/0245.php?act=f&f=1666-.pdf HTTP/1.1" 200 2739
201.185.98.0 - - [07/Jul/2024:18:27:49 -0500] "POST /appsia/controlador HTTP/1.1" 200 7727
201.185.98.0 - - [07/Jul/2024:18:27:49 -0500] "GET /appsia/images/logo_escudo.png HTTP/1.1" 200 36965
201.245.192.253 - - [07/Jul/2024:18:28:14 -0500] "GET /kwsrmcab/Wsrmcab?wsdl HTTP/1.1" 200 6948
47.128.110.246 - - [07/Jul/2024:18:28:24 -0500] "GET /BLA/resoluciones/AUTOS%202021/0245.php?act=f&f=3240-.pdf HTTP/1.1" 200 2740
201.245.192.253 - - [07/Jul/2024:18:28:25 -0500] "POST /forms/lservlet;jsessionid=ac16012b30d6716d42d0eef24d9cbe79d3fe11a80187.e3iSbxaKaheRe34OahmPbx4Oa3z0n6jAmljGr5XDqQLvpAe HTTP/1.1" 200 2
201.245.192.253 - - [07/Jul/2024:18:28:48 -0500] "POST /kwsrmcab/Wsrmcab HTTP/1.1" 200 35059
47.128.16.9 - - [07/Jul/2024:18:28:58 -0500] "GET /BLA/resoluciones/AUTOS%202021/0245.php?act=f&f=6603.pdf HTTP/1.1" 200 2740
201.245.192.253 - - [07/Jul/2024:18:29:14 -0500] "GET /kwsrmcab/Wsrmcab?wsdl HTTP/1.1" 200 6948
66.249.66.20 - - [07/Jul/2024:18:29:20 -0500] "GET /BLA/resoluciones/Notificaciones/REGISTROS%202023/00256.pdf HTTP/1.1" 304 -
47.128.41.95 - - [07/Jul/2024:18:29:33 -0500] "GET /BLA/resoluciones/AUTOS%202021/0245.php?act=f&f=3822.pdf HTTP/1.1" 200 2739
201.245.192.253 - - [07/Jul/2024:18:29:37 -0500] "POST /kwsrmcab/Wsrmcab HTTP/1.1" 200 35073
47.128.42.122 - - [07/Jul/2024:18:30:08 -0500] "GET /BLA/resoluciones/index.php?dir=RESOLUCIONES%202004%2FRES%202004%2051-100%2F&order=asc&sort=name HTTP/1.1" 200 11980
201.245.192.253 - - [07/Jul/2024:18:30:14 -0500] "GET /kwsrmcab/Wsrmcab?wsdl HTTP/1.1" 200 6948
201.245.192.253 - - [07/Jul/2024:18:30:25 -0500] "POST /forms/lservlet;jsessionid=ac16012b30d6716d42d0eef24d9cbe79d3fe11a80187.e3iSbxaKaheRe34OahmPbx4Oa3z0n6jAmljGr5XDqQLvpAe HTTP/1.1" 200 2
172.22.2.4 - - [07/Jul/2024:18:28:47 -0500] "HEAD /BLA/boletinlegal/ HTTP/1.1" 200 -
216.245.221.92 - - [07/Jul/2024:18:30:41 -0500] "HEAD / HTTP/1.1" 200 -
47.128.18.146 - - [07/Jul/2024:18:30:42 -0500] "GET /BLA/resoluciones/index.php?dir=AUTOS%202006%2FAUTOS%202006%202701%20-%202800%2F&order=desc&sort=size HTTP/1.1" 200 22409
66.249.66.20 - - [07/Jul/2024:18:31:12 -0500] "GET /BLA/resoluciones/Notificaciones/AUTOS%202023/9585.pdf HTTP/1.1" 200 2217611
201.245.192.253 - - [07/Jul/2024:18:31:14 -0500] "GET /kwsrmcab/Wsrmcab?wsdl HTTP/1.1" 200 6948
47.128.49.93 - - [07/Jul/2024:18:31:17 -0500] "GET /BLA/resoluciones/AUTOS%202021/0245.php?act=f&f=4999-.pdf HTTP/1.1" 200 2740
172.22.2.4 - - [07/Jul/2024:18:29:37 -0500] "GET /BLA/boletinlegal/ HTTP/1.1" 200 57889
47.128.50.133 - - [07/Jul/2024:18:31:51 -0500] "GET /BLA/resoluciones/index.php?dir=RESOLUCIONES%202005%2FRES%202005%20301-351%2F&order=asc&sort=name HTTP/1.1" 200 12252
201.245.192.253 - - [07/Jul/2024:18:32:05 -0500] "POST /kwsrmcab/Wsrmcab  HTTP/1.1" 200 38712
201.245.192.253 - - [07/Jul/2024:18:32:14 -0500] "GET /kwsrmcab/Wsrmcab?wsdl HTTP/1.1" 200 6948
201.245.192.253 - - [07/Jul/2024:18:32:25 -0500] "POST /forms/lservlet;jsessionid=ac16012b30d6716d42d0eef24d9cbe79d3fe11a80187.e3iSbxaKaheRe34OahmPbx4Oa3z0n6jAmljGr5XDqQLvpAe HTTP/1.1" 200 2
47.128.50.162 - - [07/Jul/2024:18:32:26 -0500] "GET /BLA/resoluciones/index.php?dir=RESOLUCIONES%202004%2FRES%202004%201701-1750%2F&order=desc&sort=size HTTP/1.1" 200 12357
201.245.192.253 - - [07/Jul/2024:18:33:14 -0500] "GET /kwsrmcab/Wsrmcab?wsdl HTTP/1.1" 200 6948
172.22.2.4 - - [07/Jul/2024:18:32:17 -0500] "GET /BLA/boletinlegal/ HTTP/1.1" 200 59967
181.63.25.39 - - [07/Jul/2024:18:33:59 -0500] "GET /BLA/resoluciones/ HTTP/1.1" 200 14105
181.63.25.39 - - [07/Jul/2024:18:34:11 -0500] "GET /BLA/resoluciones/index.php?dir=AUTOS+2016%2F HTTP/1.1" 200 332123
201.245.192.253 - - [07/Jul/2024:18:34:14 -0500] "GET /kwsrmcab/Wsrmcab?wsdl HTTP/1.1" 200 6948
201.245.192.253 - - [07/Jul/2024:18:34:25 -0500] "POST /forms/lservlet;jsessionid=ac16012b30d6716d42d0eef24d9cbe79d3fe11a80187.e3iSbxaKaheRe34OahmPbx4Oa3z0n6jAmljGr5XDqQLvpAe HTTP/1.1" 200 2
201.185.98.0 - - [07/Jul/2024:18:34:42 -0500] "POST /appsia/controlador HTTP/1.1" 200 4621
181.63.25.39 - - [07/Jul/2024:18:34:47 -0500] "GET /BLA/resoluciones/AUTOS%202016/3028.pdf HTTP/1.1" 200 405651
181.63.25.39 - - [07/Jul/2024:18:34:47 -0500] "GET /BLA/resoluciones/AUTOS%202016/3028.pdf HTTP/1.1" 200 405651
181.63.25.39 - - [07/Jul/2024:18:34:47 -0500] "GET /BLA/resoluciones/AUTOS%202016/3028.pdf HTTP/1.1" 206 1025
201.245.192.253 - - [07/Jul/2024:18:35:14 -0500] "GET /kwsrmcab/Wsrmcab?wsdl HTTP/1.1" 200 6948
172.22.2.4 - - [07/Jul/2024:18:33:34 -0500] "HEAD /BLA/boletinlegal/ HTTP/1.1" 200 -
186.102.113.227 - - [07/Jul/2024:18:35:26 -0500] "GET /appsia/controlador HTTP/1.1" 200 4799
186.102.113.227 - - [07/Jul/2024:18:35:26 -0500] "GET /appsia/css/estilos.css HTTP/1.1" 200 4804
186.102.113.227 - - [07/Jul/2024:18:35:26 -0500] "GET /appsia/scripts/validarIngreso.js HTTP/1.1" 200 851
186.102.113.227 - - [07/Jul/2024:18:35:26 -0500] "GET /appsia/images/logo_bogota_p.png HTTP/1.1" 200 14951
186.102.113.227 - - [07/Jul/2024:18:35:26 -0500] "GET /appsia/images/cabezoteHojaVida.png HTTP/1.1" 200 32493
186.102.113.227 - - [07/Jul/2024:18:35:26 -0500] "GET /favicon.ico HTTP/1.1" 200 7782
186.102.113.227 - - [07/Jul/2024:18:35:40 -0500] "POST /appsia/controlador HTTP/1.1" 200 3601
186.102.113.227 - - [07/Jul/2024:18:35:40 -0500] "GET /appsia/jscripts/validarSolicitud.js HTTP/1.1" 404 68
216.245.221.92 - - [07/Jul/2024:18:35:41 -0500] "HEAD / HTTP/1.1" 200 -
186.102.113.227 - - [07/Jul/2024:18:35:48 -0500] "POST /appsia/controlador HTTP/1.1" 200 4799
186.102.113.227 - - [07/Jul/2024:18:35:54 -0500] "POST /appsia/controlador HTTP/1.1" 200 3601
186.102.113.227 - - [07/Jul/2024:18:35:54 -0500] "GET /appsia/jscripts/validarSolicitud.js HTTP/1.1" 404 68
66.249.66.19 - - [07/Jul/2024:18:35:56 -0500] "GET /BLA/resoluciones/Notificaciones/RESOLUCIONES%202023/0388.pdf HTTP/1.1" 304 -
201.245.192.253 - - [07/Jul/2024:18:36:14 -0500] "GET /kwsrmcab/Wsrmcab?wsdl HTTP/1.1" 200 6948
186.102.113.227 - - [07/Jul/2024:18:36:14 -0500] "POST /appsia/controlador HTTP/1.1" 200 4799
172.22.2.4 - - [07/Jul/2024:18:34:37 -0500] "HEAD /BLA/boletinlegal/ HTTP/1.1" 200 -
47.128.44.119 - - [07/Jul/2024:18:36:21 -0500] "GET /BLA/resoluciones/index.php?dir=RESOLUCIONES%202004%2FRES%202004%2001-%2050%2F&order=asc&sort=name HTTP/1.1" 200 11966
201.245.192.253 - - [07/Jul/2024:18:36:25 -0500] "POST /forms/lservlet;jsessionid=ac16012b30d6716d42d0eef24d9cbe79d3fe11a80187.e3iSbxaKaheRe34OahmPbx4Oa3z0n6jAmljGr5XDqQLvpAe HTTP/1.1" 200 2
186.102.113.227 - - [07/Jul/2024:18:36:28 -0500] "POST /appsia/controlador HTTP/1.1" 200 3601
186.102.113.227 - - [07/Jul/2024:18:36:28 -0500] "GET /appsia/jscripts/validarSolicitud.js HTTP/1.1" 404 68
201.245.192.253 - - [07/Jul/2024:18:36:29 -0500] "POST /kwsrmcab/Wsrmcab HTTP/1.1" 200 34568
201.245.192.253 - - [07/Jul/2024:18:36:56 -0500] "POST /kwsrmcab/Wsrmcab HTTP/1.1" 200 35073
47.128.34.251 - - [07/Jul/2024:18:36:55 -0500] "GET /BLA/resoluciones/index.php?dir=RESOLUCIONES%202004%2FRES%202004%201701-1750%2F&order=desc&sort=date HTTP/1.1" 200 12357
186.102.113.227 - - [07/Jul/2024:18:37:01 -0500] "POST /appsia/controlador HTTP/1.1" 200 4799
201.245.192.253 - - [07/Jul/2024:18:37:03 -0500] "POST /kwsrmcab/Wsrmcab  HTTP/1.1" 200 38712
66.249.66.20 - - [07/Jul/2024:18:37:05 -0500] "GET /BLA/boletinlegal/jurisprudencia/analisis/CUADRO%20ANALISIS%20SENTENCIA%20C-554%20DE%202007.doc HTTP/1.1" 200 35328
172.22.2.4 - - [07/Jul/2024:18:35:27 -0500] "GET /BLA/boletinlegal/ HTTP/1.1" 200 59967
201.245.192.253 - - [07/Jul/2024:18:37:14 -0500] "GET /kwsrmcab/Wsrmcab?wsdl HTTP/1.1" 200 6948
47.128.43.124 - - [07/Jul/2024:18:37:30 -0500] "GET /BLA/resoluciones/AUTOS%202021/0245.php?act=f&f=3935.pdf HTTP/1.1" 200 2738
172.22.2.4 - - [07/Jul/2024:18:37:48 -0500] "GET /BLA/boletinlegal/jurisprudencia/analisis/G__Jurisp.%20Junio%202014_ANALISIS%20JURISPRUDENCIA%20C-634-12%20DECOMISO.docx HTTP/1.1" 304 -
186.102.113.227 - - [07/Jul/2024:18:37:56 -0500] "POST /appsia/controlador HTTP/1.1" 200 4621
47.128.110.114 - - [07/Jul/2024:18:38:04 -0500] "GET /BLA/resoluciones/index.php?dir=RESOLUCIONES+2007%2FRES+2007+2001+AL+2100%2F HTTP/1.1" 200 26870
201.245.192.253 - - [07/Jul/2024:18:38:14 -0500] "GET /kwsrmcab/Wsrmcab?wsdl HTTP/1.1" 200 6948
186.102.113.227 - - [07/Jul/2024:18:38:15 -0500] "POST /appsia/controlador HTTP/1.1" 200 14898
186.102.113.227 - - [07/Jul/2024:18:38:15 -0500] "GET /appsia/images/logo_escudo.png HTTP/1.1" 200 36965
201.245.192.253 - - [07/Jul/2024:18:38:25 -0500] "POST /forms/lservlet;jsessionid=ac16012b30d6716d42d0eef24d9cbe79d3fe11a80187.e3iSbxaKaheRe34OahmPbx4Oa3z0n6jAmljGr5XDqQLvpAe HTTP/1.1" 200 2
172.22.2.4 - - [07/Jul/2024:18:36:59 -0500] "GET /BLA/boletinlegal/ HTTP/1.1" 200 61913
47.128.33.26 - - [07/Jul/2024:18:38:39 -0500] "GET /BLA/resoluciones/index.php?dir=RESOLUCIONES%202002%2FRES%202002%201001-1050%2F&order=asc&sort=name HTTP/1.1" 200 12610
47.128.32.43 - - [07/Jul/2024:18:39:14 -0500] "GET /BLA/resoluciones/AUTOS%202021/0245.php?act=f&f=5163.pdf HTTP/1.1" 200 2738
201.245.192.253 - - [07/Jul/2024:18:39:14 -0500] "GET /kwsrmcab/Wsrmcab?wsdl HTTP/1.1" 200 6948
40.77.167.72 - - [07/Jul/2024:18:39:21 -0500] "GET /un-respiro-para-el-ambiente-durante-la-jornada-de-dia-sin-carro-y-sin-moto.html HTTP/1.1" 200 702
47.128.50.231 - - [07/Jul/2024:18:39:48 -0500] "GET /BLA/resoluciones/AUTOS%202021/0245.php?act=f&f=5674.pdf HTTP/1.1" 200 2739
201.245.192.253 - - [07/Jul/2024:18:38:47 -0500] "POST /kwsrmcab/Wsrmcab HTTP/1.1" 200 14506
201.245.192.253 - - [07/Jul/2024:18:39:48 -0500] "POST /kwsrmcab/Wsrmcab HTTP/1.1" 200 35073
201.245.192.253 - - [07/Jul/2024:18:40:14 -0500] "GET /kwsrmcab/Wsrmcab?wsdl HTTP/1.1" 200 6948
172.22.2.4 - - [07/Jul/2024:18:38:41 -0500] "HEAD /BLA/boletinlegal/ HTTP/1.1" 200 -
47.128.119.4 - - [07/Jul/2024:18:40:23 -0500] "GET /BLA/resoluciones/index.php?dir=RESOLUCIONES%202005%2FRES%202005%20551-600%2F&order=asc&sort=name HTTP/1.1" 200 12249
201.245.192.253 - - [07/Jul/2024:18:40:25 -0500] "POST /forms/lservlet;jsessionid=ac16012b30d6716d42d0eef24d9cbe79d3fe11a80187.e3iSbxaKaheRe34OahmPbx4Oa3z0n6jAmljGr5XDqQLvpAe HTTP/1.1" 200 2
216.245.221.92 - - [07/Jul/2024:18:40:41 -0500] "HEAD / HTTP/1.1" 200 -
47.128.54.180 - - [07/Jul/2024:18:40:57 -0500] "GET /BLA/resoluciones/AUTOS%202021/0245.php?act=f&f=5149.pdf HTTP/1.1" 200 2738
201.245.192.253 - - [07/Jul/2024:18:41:14 -0500] "GET /kwsrmcab/Wsrmcab?wsdl HTTP/1.1" 200 6948
47.128.111.54 - - [07/Jul/2024:18:41:32 -0500] "GET /BLA/resoluciones/AUTOS%202021/0245.php?act=f&d=E%3A%5Cnuevo%5Chtdocs%5Ccumbreclima%5Cwp-includes&f=class-wp-http-ixr-client.php&ft=info HTTP/1.1" 200 3729
201.245.192.253 - - [07/Jul/2024:18:42:02 -0500] "POST /kwsrmcab/Wsrmcab  HTTP/1.1" 200 38712
66.249.66.20 - - [07/Jul/2024:18:42:03 -0500] "GET /BLA/resoluciones/Notificaciones/AUTOS%202023/10339.pdf HTTP/1.1" 200 381895
172.22.2.4 - - [07/Jul/2024:18:40:27 -0500] "HEAD /BLA/boletinlegal/ HTTP/1.1" 200 -
47.128.59.40 - - [07/Jul/2024:18:42:06 -0500] "GET /BLA/resoluciones/index.php?dir=RESOLUCIONES%202003%2FRES%202003%201601-1650%2F&order=desc&sort=name HTTP/1.1" 200 12151
201.245.192.253 - - [07/Jul/2024:18:42:14 -0500] "GET /kwsrmcab/Wsrmcab?wsdl HTTP/1.1" 200 6948
201.245.192.253 - - [07/Jul/2024:18:42:25 -0500] "POST /forms/lservlet;jsessionid=ac16012b30d6716d42d0eef24d9cbe79d3fe11a80187.e3iSbxaKaheRe34OahmPbx4Oa3z0n6jAmljGr5XDqQLvpAe HTTP/1.1" 200 2
47.128.113.35 - - [07/Jul/2024:18:42:41 -0500] "GET /BLA/resoluciones/index.php?dir=AUTOS%202006%2FAUTOS%202006%202601%20-%202700%2F&order=asc&sort=name HTTP/1.1" 200 22189
172.22.2.4 - - [07/Jul/2024:18:41:17 -0500] "GET /BLA/boletinlegal/ HTTP/1.1" 200 44355
201.245.192.253 - - [07/Jul/2024:18:43:14 -0500] "GET /kwsrmcab/Wsrmcab?wsdl HTTP/1.1" 200 6948
47.128.60.10 - - [07/Jul/2024:18:43:16 -0500] "GET /BLA/resoluciones/AUTOS%202021/0245.php?act=f&f=3982.pdf HTTP/1.1" 200 2739
172.22.2.4 - - [07/Jul/2024:18:41:41 -0500] "GET /BLA/boletinlegal/ HTTP/1.1" 200 46045
47.128.113.31 - - [07/Jul/2024:18:43:50 -0500] "GET /BLA/resoluciones/index.php?dir=RESOLUCIONES%202005%2FRES%202005%203001-3050%2F&order=asc&sort=name HTTP/1.1" 200 12364
201.245.192.253 - - [07/Jul/2024:18:44:14 -0500] "GET /kwsrmcab/Wsrmcab?wsdl HTTP/1.1" 200 6948
47.128.41.95 - - [07/Jul/2024:18:44:25 -0500] "GET /BLA/resoluciones/AUTOS%202021/0245.php?act=f&f=5226.pdf HTTP/1.1" 200 2739
201.245.192.253 - - [07/Jul/2024:18:44:25 -0500] "POST /forms/lservlet;jsessionid=ac16012b30d6716d42d0eef24d9cbe79d3fe11a80187.e3iSbxaKaheRe34OahmPbx4Oa3z0n6jAmljGr5XDqQLvpAe HTTP/1.1" 200 2
66.249.66.19 - - [07/Jul/2024:18:44:56 -0500] "GET /BLA/resoluciones/Notificaciones/AUTOS%202023/3241.pdf HTTP/1.1" 200 341391
47.128.127.136 - - [07/Jul/2024:18:44:59 -0500] "GET /BLA/resoluciones/AUTOS%202021/0245.php?act=f&f=4999.pdf HTTP/1.1" 200 2738
201.245.192.253 - - [07/Jul/2024:18:45:14 -0500] "GET /kwsrmcab/Wsrmcab?wsdl HTTP/1.1" 200 6948
47.128.127.0 - - [07/Jul/2024:18:45:34 -0500] "GET /BLA/resoluciones/AUTOS%202021/0245.php?act=f&f=04025.pdf HTTP/1.1" 200 2740
216.245.221.92 - - [07/Jul/2024:18:45:41 -0500] "HEAD / HTTP/1.1" 200 -
27.50.12.42 - - [07/Jul/2024:18:45:50 -0500] "GET /BLA/resoluciones/RESOLUCIONES%202001/RESOLUCION%20311%20DE%202001.pdf HTTP/1.1" 200 398777
27.50.12.42 - - [07/Jul/2024:18:45:51 -0500] "GET /favicon.ico HTTP/1.1" 200 7782
47.128.27.220 - - [07/Jul/2024:18:46:09 -0500] "GET /BLA/resoluciones/AUTOS%202021/0245.php?act=f&f=4954.pdf HTTP/1.1" 200 2738
201.245.192.253 - - [07/Jul/2024:18:46:14 -0500] "GET /kwsrmcab/Wsrmcab?wsdl HTTP/1.1" 200 6948
190.69.231.17 - - [07/Jul/2024:18:46:16 -0500] "GET /sipse/faces/index.xhtml HTTP/1.1" 200 677
190.69.231.17 - - [07/Jul/2024:18:46:17 -0500] "GET /sipse/faces/javax.faces.resource/theme.css?ln=primefaces-sipse HTTP/1.1" 304 -
190.69.231.17 - - [07/Jul/2024:18:46:17 -0500] "GET /sipse/faces/faces/autenticacion.xhtml HTTP/1.1" 200 12410
190.69.231.17 - - [07/Jul/2024:18:46:19 -0500] "GET /sipse/js/disable_browser_buttons.js HTTP/1.1" 304 -
190.69.231.17 - - [07/Jul/2024:18:46:19 -0500] "GET /sipse/js/funciones.js HTTP/1.1" 304 -
190.69.231.17 - - [07/Jul/2024:18:46:19 -0500] "GET /sipse/css/custom_css_sg_prime_login.css HTTP/1.1" 304 -
190.69.231.17 - - [07/Jul/2024:18:46:19 -0500] "GET /sipse/faces/javax.faces.resource/theme.css?ln=primefaces-sipse HTTP/1.1" 304 -
190.69.231.17 - - [07/Jul/2024:18:46:19 -0500] "GET /sipse/css/custom_css_sg.css HTTP/1.1" 304 -
190.69.231.17 - - [07/Jul/2024:18:46:19 -0500] "GET /sipse/faces/javax.faces.resource/layout/layout.css?ln=primefaces&v=4.0 HTTP/1.1" 304 -
190.69.231.17 - - [07/Jul/2024:18:46:19 -0500] "GET /sipse/faces/javax.faces.resource/primefaces.css?ln=primefaces&v=4.0 HTTP/1.1" 304 -
190.69.231.17 - - [07/Jul/2024:18:46:19 -0500] "GET /sipse/faces/javax.faces.resource/jquery/jquery.js?ln=primefaces&v=4.0 HTTP/1.1" 304 -
190.69.231.17 - - [07/Jul/2024:18:46:19 -0500] "GET /sipse/faces/javax.faces.resource/jquery/jquery-plugins.js?ln=primefaces&v=4.0 HTTP/1.1" 304 -
190.69.231.17 - - [07/Jul/2024:18:46:19 -0500] "GET /sipse/faces/javax.faces.resource/layout/layout.js?ln=primefaces&v=4.0 HTTP/1.1" 304 -
190.69.231.17 - - [07/Jul/2024:18:46:19 -0500] "GET /sipse/faces/javax.faces.resource/primefaces.js?ln=primefaces&v=4.0 HTTP/1.1" 304 -
190.69.231.17 - - [07/Jul/2024:18:46:19 -0500] "GET /sipse/css/imagen/logoSDG.png HTTP/1.1" 304 -
190.69.231.17 - - [07/Jul/2024:18:46:19 -0500] "GET /sipse/css/imagen/loginimg.png HTTP/1.1" 304 -
190.69.231.17 - - [07/Jul/2024:18:46:19 -0500] "GET /sipse/faces/javax.faces.resource/images/ui-icons_898989_256x240.png?ln=primefaces-aristo HTTP/1.1" 304 -
201.245.192.253 - - [07/Jul/2024:18:46:25 -0500] "POST /forms/lservlet;jsessionid=ac16012b30d6716d42d0eef24d9cbe79d3fe11a80187.e3iSbxaKaheRe34OahmPbx4Oa3z0n6jAmljGr5XDqQLvpAe HTTP/1.1" 200 2
47.128.127.14 - - [07/Jul/2024:18:46:43 -0500] "GET /BLA/resoluciones/AUTOS%202021/0245.php?act=chmod&f=00132.pdf HTTP/1.1" 200 2714
201.245.192.253 - - [07/Jul/2024:18:47:01 -0500] "POST /kwsrmcab/Wsrmcab  HTTP/1.1" 200 38712
52.167.144.163 - - [07/Jul/2024:18:47:12 -0500] "GET /Publicaciones/2023EE271314.pdf HTTP/1.1" 404 228
201.245.192.253 - - [07/Jul/2024:18:47:14 -0500] "GET /kwsrmcab/Wsrmcab?wsdl HTTP/1.1" 200 6948
47.128.127.135 - - [07/Jul/2024:18:47:18 -0500] "GET /BLA/resoluciones/AUTOS%202021/0245.php?act=f&f=3837.pdf HTTP/1.1" 200 2739
66.249.66.20 - - [07/Jul/2024:18:47:28 -0500] "GET /BLA/resoluciones/Notificaciones/AUTOS%202023/4541.pdf HTTP/1.1" 200 369272
172.22.2.4 - - [07/Jul/2024:18:46:09 -0500] "HEAD /BLA/boletinlegal/ HTTP/1.1" 200 -
172.22.2.4 - - [07/Jul/2024:18:46:17 -0500] "HEAD /BLA/boletinlegal/ HTTP/1.1" 200 -
172.22.2.4 - - [07/Jul/2024:18:46:30 -0500] "GET /BLA/boletinlegal/ HTTP/1.1" 200 41508
201.245.192.253 - - [07/Jul/2024:18:48:14 -0500] "GET /kwsrmcab/Wsrmcab?wsdl HTTP/1.1" 200 6948
172.22.2.4 - - [07/Jul/2024:18:48:14 -0500] "GET /BLA/boletinlegal/style.css HTTP/1.1" 200 9406
201.245.192.253 - - [07/Jul/2024:18:48:26 -0500] "POST /forms/lservlet;jsessionid=ac16012b30d6716d42d0eef24d9cbe79d3fe11a80187.e3iSbxaKaheRe34OahmPbx4Oa3z0n6jAmljGr5XDqQLvpAe HTTP/1.1" 200 2
172.22.2.4 - - [07/Jul/2024:18:47:07 -0500] "GET /BLA/boletinlegal/ HTTP/1.1" 200 47256
201.245.192.253 - - [07/Jul/2024:18:49:14 -0500] "GET /kwsrmcab/Wsrmcab?wsdl HTTP/1.1" 200 6948
201.245.192.253 - - [07/Jul/2024:18:50:14 -0500] "GET /kwsrmcab/Wsrmcab?wsdl HTTP/1.1" 200 6948
201.245.192.253 - - [07/Jul/2024:18:50:26 -0500] "POST /forms/lservlet;jsessionid=ac16012b30d6716d42d0eef24d9cbe79d3fe11a80187.e3iSbxaKaheRe34OahmPbx4Oa3z0n6jAmljGr5XDqQLvpAe HTTP/1.1" 200 2
216.245.221.92 - - [07/Jul/2024:18:50:41 -0500] "HEAD / HTTP/1.1" 200 -
201.245.192.253 - - [07/Jul/2024:18:51:14 -0500] "GET /kwsrmcab/Wsrmcab?wsdl HTTP/1.1" 200 6948
52.167.144.163 - - [07/Jul/2024:18:51:56 -0500] "GET /BLA/resoluciones/index.php?dir=RESOLUCIONES+2007%2FRES+2007+801+AL+900%2F HTTP/1.1" 200 26642
52.167.144.163 - - [07/Jul/2024:18:51:56 -0500] "GET /sipse/faces/index.xhtml HTTP/1.1" 200 677
201.245.192.253 - - [07/Jul/2024:18:52:00 -0500] "POST /kwsrmcab/Wsrmcab  HTTP/1.1" 200 38712
201.245.192.253 - - [07/Jul/2024:18:52:14 -0500] "GET /kwsrmcab/Wsrmcab?wsdl HTTP/1.1" 200 6948
201.245.192.253 - - [07/Jul/2024:18:52:25 -0500] "POST /forms/lservlet;jsessionid=ac16012b30d6716d42d0eef24d9cbe79d3fe11a80187.e3iSbxaKaheRe34OahmPbx4Oa3z0n6jAmljGr5XDqQLvpAe HTTP/1.1" 200 2
172.22.2.4 - - [07/Jul/2024:18:51:20 -0500] "GET /BLA/boletinlegal/ HTTP/1.1" 200 55442
201.245.192.253 - - [07/Jul/2024:18:53:14 -0500] "GET /kwsrmcab/Wsrmcab?wsdl HTTP/1.1" 200 6948
172.22.2.4 - - [07/Jul/2024:18:52:07 -0500] "HEAD /BLA/boletinlegal/ HTTP/1.1" 200 -
201.245.192.253 - - [07/Jul/2024:18:54:14 -0500] "GET /kwsrmcab/Wsrmcab?wsdl HTTP/1.1" 200 6948
172.22.2.4 - - [07/Jul/2024:18:52:36 -0500] "HEAD /BLA/boletinlegal/ HTTP/1.1" 200 -
201.245.192.253 - - [07/Jul/2024:18:54:26 -0500] "POST /forms/lservlet;jsessionid=ac16012b30d6716d42d0eef24d9cbe79d3fe11a80187.e3iSbxaKaheRe34OahmPbx4Oa3z0n6jAmljGr5XDqQLvpAe HTTP/1.1" 200 2
162.55.175.141 - - [07/Jul/2024:18:54:31 -0500] "GET / HTTP/1.1" 200 4720
172.22.2.4 - - [07/Jul/2024:18:52:57 -0500] "GET /BLA/boletinlegal/ HTTP/1.1" 200 49224
201.245.192.253 - - [07/Jul/2024:18:55:14 -0500] "GET /kwsrmcab/Wsrmcab?wsdl HTTP/1.1" 200 6948
216.245.221.92 - - [07/Jul/2024:18:55:41 -0500] "HEAD / HTTP/1.1" 200 -
201.245.192.253 - - [07/Jul/2024:18:56:14 -0500] "GET /kwsrmcab/Wsrmcab?wsdl HTTP/1.1" 200 6948
201.245.192.253 - - [07/Jul/2024:18:56:26 -0500] "POST /forms/lservlet;jsessionid=ac16012b30d6716d42d0eef24d9cbe79d3fe11a80187.e3iSbxaKaheRe34OahmPbx4Oa3z0n6jAmljGr5XDqQLvpAe HTTP/1.1" 200 2
201.245.192.253 - - [07/Jul/2024:18:56:58 -0500] "POST /kwsrmcab/Wsrmcab  HTTP/1.1" 200 38712
172.22.2.4 - - [07/Jul/2024:18:57:03 -0500] "GET /BLA/boletinlegal/jurisprudencia/analisis/SENTENCIA%20C-703%20DE%202010.xls HTTP/1.1" 200 38912
201.245.192.253 - - [07/Jul/2024:18:57:14 -0500] "GET /kwsrmcab/Wsrmcab?wsdl HTTP/1.1" 200 6948
66.249.66.19 - - [07/Jul/2024:18:57:24 -0500] "GET /BLA/resoluciones/RESOLUCIONES%202004/RES%202004%20801-850/00000819.tif HTTP/1.1" 200 135014
186.119.80.252 - - [07/Jul/2024:18:57:38 -0500] "GET /BLA/resoluciones/AUTOS%202023/5535.pdf HTTP/1.1" 200 2049246
141.98.83.197 - - [07/Jul/2024:18:57:41 -0500] "GET / HTTP/1.1" 200 319
52.167.144.212 - - [07/Jul/2024:18:57:46 -0500] "GET /BLA/resoluciones/index.php?dir=AUTOS+2010%2F HTTP/1.1" 200 282844
172.22.2.4 - - [07/Jul/2024:18:56:07 -0500] "GET /BLA/boletinlegal/ HTTP/1.1" 200 62310
201.245.192.253 - - [07/Jul/2024:18:58:14 -0500] "GET /kwsrmcab/Wsrmcab?wsdl HTTP/1.1" 200 6948
201.245.192.253 - - [07/Jul/2024:18:58:26 -0500] "POST /forms/lservlet;jsessionid=ac16012b30d6716d42d0eef24d9cbe79d3fe11a80187.e3iSbxaKaheRe34OahmPbx4Oa3z0n6jAmljGr5XDqQLvpAe HTTP/1.1" 200 2
201.245.192.253 - - [07/Jul/2024:18:59:14 -0500] "GET /kwsrmcab/Wsrmcab?wsdl HTTP/1.1" 200 6948
172.22.2.4 - - [07/Jul/2024:18:57:57 -0500] "HEAD /BLA/boletinlegal/ HTTP/1.1" 200 -
213.180.203.220 - - [07/Jul/2024:18:59:49 -0500] "GET /robots.txt HTTP/1.1" 404 1034
87.250.224.10 - - [07/Jul/2024:18:59:50 -0500] "GET /proximo-4-de-octubre-simulacro-distrital-de-evacuacion-dia-y-noche.html HTTP/1.1" 200 783
201.245.192.253 - - [07/Jul/2024:19:00:14 -0500] "GET /kwsrmcab/Wsrmcab?wsdl HTTP/1.1" 200 6948
201.245.192.253 - - [07/Jul/2024:19:00:26 -0500] "POST /forms/lservlet;jsessionid=ac16012b30d6716d42d0eef24d9cbe79d3fe11a80187.e3iSbxaKaheRe34OahmPbx4Oa3z0n6jAmljGr5XDqQLvpAe HTTP/1.1" 200 2
172.22.2.4 - - [07/Jul/2024:18:58:47 -0500] "GET /BLA/boletinlegal/ HTTP/1.1" 200 57889
172.22.2.4 - - [07/Jul/2024:19:00:37 -0500] "GET /BLA/boletinlegal/consulta_actos.php?tipo=resoluciones&no=3389&usuario=&sector=&fecha=2019&resuelve= HTTP/1.1" 200 1082
190.27.141.225 - - [07/Jul/2024:19:00:39 -0500] "GET /BLA/resoluciones/RESOLUCIONES%202019/3389.pdf HTTP/1.1" 200 423560
216.245.221.92 - - [07/Jul/2024:19:00:41 -0500] "HEAD / HTTP/1.1" 200 -
66.249.66.21 - - [07/Jul/2024:19:01:07 -0500] "GET /BLA/resoluciones/AUTOS%202023/3202.pdf HTTP/1.1" 304 -
201.245.192.253 - - [07/Jul/2024:19:01:14 -0500] "GET /kwsrmcab/Wsrmcab?wsdl HTTP/1.1" 200 6948
201.245.192.253 - - [07/Jul/2024:19:01:56 -0500] "POST /kwsrmcab/Wsrmcab  HTTP/1.1" 200 38712
201.245.192.253 - - [07/Jul/2024:19:02:14 -0500] "GET /kwsrmcab/Wsrmcab?wsdl HTTP/1.1" 200 6948
201.245.192.253 - - [07/Jul/2024:19:02:26 -0500] "POST /forms/lservlet;jsessionid=ac16012b30d6716d42d0eef24d9cbe79d3fe11a80187.e3iSbxaKaheRe34OahmPbx4Oa3z0n6jAmljGr5XDqQLvpAe HTTP/1.1" 200 2
66.249.66.21 - - [07/Jul/2024:19:03:08 -0500] "GET /BLA/boletinlegal/Circulares/2020/Circular%20No.%2000018%20del%2002%20de%20diciembre%20del%202020.pdf HTTP/1.1" 200 276868
201.245.192.253 - - [07/Jul/2024:19:03:14 -0500] "GET /kwsrmcab/Wsrmcab?wsdl HTTP/1.1" 200 6948
47.128.58.164 - - [07/Jul/2024:19:03:38 -0500] "GET /BLA/resoluciones/AUTOS%202021/0245.php?act=f&f=5011-.pdf HTTP/1.1" 200 2740
47.128.110.230 - - [07/Jul/2024:19:04:13 -0500] "GET /BLA/resoluciones/index.php?dir=AUTOS%202006%2FAUTOS%202006%201701%20-%201800%2F&order=desc&sort=size HTTP/1.1" 200 22246
201.245.192.253 - - [07/Jul/2024:19:04:14 -0500] "GET /kwsrmcab/Wsrmcab?wsdl HTTP/1.1" 200 6948
201.245.192.253 - - [07/Jul/2024:19:04:26 -0500] "POST /forms/lservlet;jsessionid=ac16012b30d6716d42d0eef24d9cbe79d3fe11a80187.e3iSbxaKaheRe34OahmPbx4Oa3z0n6jAmljGr5XDqQLvpAe HTTP/1.1" 200 2
47.128.37.246 - - [07/Jul/2024:19:04:48 -0500] "GET /BLA/resoluciones/AUTOS%202021/0245.php?act=ls&d=E%3A%5Cnuevo%5Chtdocs%5CBLA%5Cresoluciones%5CAUTOS+2010&sort=0a HTTP/1.1" 200 72819
201.245.192.253 - - [07/Jul/2024:19:05:14 -0500] "GET /kwsrmcab/Wsrmcab?wsdl HTTP/1.1" 200 6948
47.128.110.3 - - [07/Jul/2024:19:05:22 -0500] "GET /BLA/resoluciones/AUTOS%202021/0245.php?act=ls&d=E%3A%5Cnuevo%5CphpMyAdmin2%5Clibraries%5Cplugins%5Cauth&sort=2d HTTP/1.1" 200 3689
172.22.2.4 - - [07/Jul/2024:19:03:47 -0500] "HEAD /BLA/boletinlegal/ HTTP/1.1" 200 -
216.245.221.92 - - [07/Jul/2024:19:05:41 -0500] "HEAD / HTTP/1.1" 200 -
47.128.110.43 - - [07/Jul/2024:19:05:57 -0500] "GET /BLA/resoluciones/AUTOS%202021/0245.php?act=f&f=4783.pdf HTTP/1.1" 200 2739
201.245.192.253 - - [07/Jul/2024:19:06:14 -0500] "GET /kwsrmcab/Wsrmcab?wsdl HTTP/1.1" 200 6948
172.22.2.4 - - [07/Jul/2024:19:04:37 -0500] "GET /BLA/boletinlegal/ HTTP/1.1" 200 57889
201.245.192.253 - - [07/Jul/2024:19:06:26 -0500] "POST /forms/lservlet;jsessionid=ac16012b30d6716d42d0eef24d9cbe79d3fe11a80187.e3iSbxaKaheRe34OahmPbx4Oa3z0n6jAmljGr5XDqQLvpAe HTTP/1.1" 200 2
47.128.38.111 - - [07/Jul/2024:19:06:31 -0500] "GET /BLA/resoluciones/index.php?dir=RESOLUCIONES%202006%2FRES%202006%20401-450%2F&order=desc&sort=date HTTP/1.1" 200 12244
173.252.79.112 - - [07/Jul/2024:19:06:51 -0500] "GET /images/reunion-planta-termovalorizacion-11-mayo.jpg HTTP/1.1" 200 34782
201.245.192.253 - - [07/Jul/2024:19:06:54 -0500] "POST /kwsrmcab/Wsrmcab  HTTP/1.1" 200 38712
47.128.62.53 - - [07/Jul/2024:19:07:06 -0500] "GET /BLA/resoluciones/AUTOS%202021/0245.php?act=f&f=5204.pdf HTTP/1.1" 200 2738
201.245.192.253 - - [07/Jul/2024:19:07:14 -0500] "GET /kwsrmcab/Wsrmcab?wsdl HTTP/1.1" 200 6948
47.128.37.73 - - [07/Jul/2024:19:07:41 -0500] "GET /BLA/resoluciones/index.php?dir=RESOLUCIONES%202002%2FRES%202002%201851-1900%2F&order=asc&sort=name HTTP/1.1" 200 12150
201.245.192.253 - - [07/Jul/2024:19:08:14 -0500] "GET /kwsrmcab/Wsrmcab?wsdl HTTP/1.1" 200 6948
47.128.62.93 - - [07/Jul/2024:19:08:15 -0500] "GET /BLA/resoluciones/AUTOS%202021/0245.php?act=f&f=5243.pdf HTTP/1.1" 200 2739
201.245.192.253 - - [07/Jul/2024:19:08:26 -0500] "POST /forms/lservlet;jsessionid=ac16012b30d6716d42d0eef24d9cbe79d3fe11a80187.e3iSbxaKaheRe34OahmPbx4Oa3z0n6jAmljGr5XDqQLvpAe HTTP/1.1" 200 2
47.128.62.222 - - [07/Jul/2024:19:08:50 -0500] "GET /BLA/resoluciones/AUTOS%202021/0245.php?act=f&f=5541.pdf HTTP/1.1" 200 2738
71.6.232.25 - - [07/Jul/2024:19:08:54 -0500] "GET / HTTP/1.1" 200 319
66.249.66.19 - - [07/Jul/2024:19:09:01 -0500] "GET /BLA/resoluciones/Notificaciones/AUTOS%202023/7682.pdf HTTP/1.1" 304 -
201.245.192.253 - - [07/Jul/2024:19:09:14 -0500] "GET /kwsrmcab/Wsrmcab?wsdl HTTP/1.1" 200 6948
201.245.192.253 - - [07/Jul/2024:19:10:14 -0500] "GET /kwsrmcab/Wsrmcab?wsdl HTTP/1.1" 200 6948
201.245.192.253 - - [07/Jul/2024:19:10:26 -0500] "POST /forms/lservlet;jsessionid=ac16012b30d6716d42d0eef24d9cbe79d3fe11a80187.e3iSbxaKaheRe34OahmPbx4Oa3z0n6jAmljGr5XDqQLvpAe HTTP/1.1" 200 2
216.245.221.92 - - [07/Jul/2024:19:10:41 -0500] "HEAD / HTTP/1.1" 200 -
172.22.2.4 - - [07/Jul/2024:19:09:15 -0500] "HEAD /BLA/boletinlegal/ HTTP/1.1" 200 -
201.245.192.253 - - [07/Jul/2024:19:11:14 -0500] "GET /kwsrmcab/Wsrmcab?wsdl HTTP/1.1" 200 6948
172.22.2.4 - - [07/Jul/2024:19:09:37 -0500] "HEAD /BLA/boletinlegal/ HTTP/1.1" 200 -
40.77.167.243 - - [07/Jul/2024:19:11:27 -0500] "GET /Publicaciones/2023EE203597.pdf HTTP/1.1" 404 228
201.245.192.253 - - [07/Jul/2024:19:11:53 -0500] "POST /kwsrmcab/Wsrmcab  HTTP/1.1" 200 38712
172.22.2.4 - - [07/Jul/2024:19:10:27 -0500] "GET /BLA/boletinlegal/ HTTP/1.1" 200 53818
201.245.192.253 - - [07/Jul/2024:19:12:14 -0500] "GET /kwsrmcab/Wsrmcab?wsdl HTTP/1.1" 200 6948
201.245.192.253 - - [07/Jul/2024:19:12:26 -0500] "POST /forms/lservlet;jsessionid=ac16012b30d6716d42d0eef24d9cbe79d3fe11a80187.e3iSbxaKaheRe34OahmPbx4Oa3z0n6jAmljGr5XDqQLvpAe HTTP/1.1" 200 2
47.128.23.125 - - [07/Jul/2024:19:12:25 -0500] "GET /BLA/resoluciones/AUTOS%202021/0245.php?act=f&f=4179.pdf HTTP/1.1" 200 2738
186.28.207.88 - - [07/Jul/2024:19:12:38 -0500] "GET /BLA/resoluciones/AUTOS%202023/4125.pdf HTTP/1.1" 200 390227
186.28.207.88 - - [07/Jul/2024:19:12:39 -0500] "GET /favicon.ico HTTP/1.1" 200 7782
47.128.45.65 - - [07/Jul/2024:19:13:00 -0500] "GET /BLA/resoluciones/AUTOS%202021/0245.php?act=f&f=5668.pdf HTTP/1.1" 200 2739
172.202.242.209 - - [07/Jul/2024:19:13:02 -0500] "GET /hudson HTTP/1.1" 404 1018
201.245.192.253 - - [07/Jul/2024:19:13:14 -0500] "GET /kwsrmcab/Wsrmcab?wsdl HTTP/1.1" 200 6948
47.128.45.48 - - [07/Jul/2024:19:13:35 -0500] "GET /BLA/resoluciones/index.php?dir=RESOLUCIONES%202004%2FRES%202004%201401-1450%2F&order=desc&sort=date HTTP/1.1" 200 12370
47.128.37.121 - - [07/Jul/2024:19:14:09 -0500] "GET /BLA/resoluciones/index.php?dir=RESOLUCIONES%202002%2FRES%202002%201601-1650%2F&order=desc&sort=size HTTP/1.1" 200 12157
201.245.192.253 - - [07/Jul/2024:19:14:14 -0500] "GET /kwsrmcab/Wsrmcab?wsdl HTTP/1.1" 200 6948
201.245.192.253 - - [07/Jul/2024:19:14:26 -0500] "POST /forms/lservlet;jsessionid=ac16012b30d6716d42d0eef24d9cbe79d3fe11a80187.e3iSbxaKaheRe34OahmPbx4Oa3z0n6jAmljGr5XDqQLvpAe HTTP/1.1" 200 2
47.128.113.230 - - [07/Jul/2024:19:14:44 -0500] "GET /BLA/resoluciones/AUTOS%202021/0245.php?act=f&f=05542.pdf HTTP/1.1" 200 2739
201.245.192.253 - - [07/Jul/2024:19:15:14 -0500] "GET /kwsrmcab/Wsrmcab?wsdl HTTP/1.1" 200 6948
47.128.114.47 - - [07/Jul/2024:19:15:18 -0500] "GET /BLA/resoluciones/index.php?dir=RESOLUCIONES%202004%2FRES%202004%201601-1650%2F&order=desc&sort=date HTTP/1.1" 200 12358
216.245.221.92 - - [07/Jul/2024:19:15:41 -0500] "HEAD / HTTP/1.1" 200 -
47.128.121.209 - - [07/Jul/2024:19:15:53 -0500] "GET /BLA/resoluciones/index.php?dir=RESOLUCIONES%202004%2FRES%202004%201251-1300%2F&order=asc&sort=name HTTP/1.1" 200 12352
201.245.192.253 - - [07/Jul/2024:19:16:14 -0500] "GET /kwsrmcab/Wsrmcab?wsdl HTTP/1.1" 200 6948
40.77.167.62 - - [07/Jul/2024:19:16:23 -0500] "GET /BLA/resoluciones/AUTOS%202023/3487.pdf HTTP/1.1" 304 -
201.245.192.253 - - [07/Jul/2024:19:16:26 -0500] "POST /forms/lservlet;jsessionid=ac16012b30d6716d42d0eef24d9cbe79d3fe11a80187.e3iSbxaKaheRe34OahmPbx4Oa3z0n6jAmljGr5XDqQLvpAe HTTP/1.1" 200 2
47.128.114.71 - - [07/Jul/2024:19:16:28 -0500] "GET /BLA/resoluciones/AUTOS%202021/0245.php?act=f&f=04531.pdf HTTP/1.1" 200 2739
201.245.192.253 - - [07/Jul/2024:19:16:28 -0500] "POST /kwsrmcab/Wsrmcab HTTP/1.1" 200 34572
201.245.192.253 - - [07/Jul/2024:19:16:29 -0500] "POST /kwsrmcab/Wsrmcab HTTP/1.1" 200 35057
201.245.192.253 - - [07/Jul/2024:19:16:51 -0500] "POST /kwsrmcab/Wsrmcab  HTTP/1.1" 200 38712
152.203.58.57 - - [07/Jul/2024:19:16:57 -0500] "POST /sipse/faces/presentacion/financiero/solicitudProceso/listarSolicitudProceso.xhtml HTTP/1.1" 200 49724
47.128.46.62 - - [07/Jul/2024:19:17:02 -0500] "GET /BLA/resoluciones/AUTOS%202021/0245.php?act=f&f=5215.pdf HTTP/1.1" 200 2739
152.203.58.57 - - [07/Jul/2024:19:17:02 -0500] "POST /sipse/faces/presentacion/financiero/solicitudProceso/listarSolicitudProceso.xhtml HTTP/1.1" 200 49303
172.22.2.4 - - [07/Jul/2024:19:15:27 -0500] "HEAD /BLA/boletinlegal/ HTTP/1.1" 200 -
152.203.58.57 - - [07/Jul/2024:19:17:07 -0500] "POST /sipse/faces/presentacion/financiero/solicitudProceso/listarSolicitudProceso.xhtml HTTP/1.1" 200 23427
201.245.192.253 - - [07/Jul/2024:19:17:14 -0500] "GET /kwsrmcab/Wsrmcab?wsdl HTTP/1.1" 200 6948
152.203.58.57 - - [07/Jul/2024:19:17:17 -0500] "POST /sipse/faces/presentacion/financiero/solicitudProceso/listarSolicitudProceso.xhtml HTTP/1.1" 200 128694
152.203.58.57 - - [07/Jul/2024:19:17:19 -0500] "GET /sipse/faces/javax.faces.resource/theme.css?ln=primefaces-sipse HTTP/1.1" 304 -
152.203.58.57 - - [07/Jul/2024:19:17:19 -0500] "GET /sipse/faces/javax.faces.resource/jquery/jquery.js?ln=primefaces&v=4.0 HTTP/1.1" 304 -
152.203.58.57 - - [07/Jul/2024:19:17:19 -0500] "GET /sipse/faces/javax.faces.resource/primefaces.css?ln=primefaces&v=4.0 HTTP/1.1" 304 -
152.203.58.57 - - [07/Jul/2024:19:17:19 -0500] "GET /sipse/css/imagen/contrasena.png HTTP/1.1" 404 383
152.203.58.57 - - [07/Jul/2024:19:17:19 -0500] "GET /sipse/faces/javax.faces.resource/layout/layout.css?ln=primefaces&v=4.0 HTTP/1.1" 304 -
152.203.58.57 - - [07/Jul/2024:19:17:19 -0500] "GET /sipse/faces/javax.faces.resource/jquery/jquery-plugins.js?ln=primefaces&v=4.0 HTTP/1.1" 304 -
152.203.58.57 - - [07/Jul/2024:19:17:19 -0500] "GET /sipse/faces/javax.faces.resource/primefaces.js?ln=primefaces&v=4.0 HTTP/1.1" 304 -
152.203.58.57 - - [07/Jul/2024:19:17:19 -0500] "GET /sipse/faces/javax.faces.resource/layout/layout.js?ln=primefaces&v=4.0 HTTP/1.1" 304 -
152.203.58.57 - - [07/Jul/2024:19:17:19 -0500] "GET /sipse/faces/javax.faces.resource/images/ui-icons_898989_256x240.png?ln=primefaces-aristo HTTP/1.1" 304 -
152.203.58.57 - - [07/Jul/2024:19:17:22 -0500] "GET /sipse/faces/javax.faces.resource/images/ui-bg_flat_0_2d5972_40x100.png?ln=primefaces-aristo HTTP/1.1" 304 -
152.203.58.57 - - [07/Jul/2024:19:17:22 -0500] "POST /sipse/faces/presentacion/financiero/solicitudProceso/consultarSolicitudProceso.xhtml HTTP/1.1" 200 63659
152.203.58.57 - - [07/Jul/2024:19:17:23 -0500] "GET /sipse/faces/javax.faces.resource/layout/layout.css?ln=primefaces&v=4.0 HTTP/1.1" 304 -
152.203.58.57 - - [07/Jul/2024:19:17:23 -0500] "GET /sipse/faces/javax.faces.resource/theme.css?ln=primefaces-sipse HTTP/1.1" 304 -
152.203.58.57 - - [07/Jul/2024:19:17:23 -0500] "GET /sipse/faces/javax.faces.resource/primefaces.css?ln=primefaces&v=4.0 HTTP/1.1" 304 -
