181.59.2.131 - - [07/Jul/2024:07:34:26 -0500] "POST /sipse/faces/presentacion/financiero/solicitudProceso/consultar.xhtml HTTP/1.1" 200 123754
181.59.2.131 - - [07/Jul/2024:07:34:29 -0500] "GET /sipse/faces/javax.faces.resource/theme.css?ln=primefaces-sipse HTTP/1.1" 304 -
181.59.2.131 - - [07/Jul/2024:07:34:29 -0500] "GET /sipse/faces/javax.faces.resource/primefaces.css?ln=primefaces&v=4.0 HTTP/1.1" 304 -
181.59.2.131 - - [07/Jul/2024:07:34:29 -0500] "GET /sipse/faces/javax.faces.resource/layout/layout.css?ln=primefaces&v=4.0 HTTP/1.1" 304 -
181.59.2.131 - - [07/Jul/2024:07:34:29 -0500] "GET /sipse/faces/javax.faces.resource/jquery/jquery.js?ln=primefaces&v=4.0 HTTP/1.1" 304 -
181.59.2.131 - - [07/Jul/2024:07:34:29 -0500] "GET /sipse/faces/javax.faces.resource/jquery/jquery-plugins.js?ln=primefaces&v=4.0 HTTP/1.1" 304 -
181.59.2.131 - - [07/Jul/2024:07:34:29 -0500] "GET /sipse/faces/javax.faces.resource/primefaces.js?ln=primefaces&v=4.0 HTTP/1.1" 304 -
181.59.2.131 - - [07/Jul/2024:07:34:29 -0500] "GET /sipse/faces/javax.faces.resource/layout/layout.js?ln=primefaces&v=4.0 HTTP/1.1" 304 -
181.59.2.131 - - [07/Jul/2024:07:34:29 -0500] "GET /sipse/faces/javax.faces.resource/dynamiccontent.properties?ln=primefaces&pfdrid=XjOR5%2F%2FfPAZAuY9TpWQeCiM0BhlXxYRBGKi%2FQcXXfeA%3D&pfdrid_c=false HTTP/1.1" 500 383
181.59.2.131 - - [07/Jul/2024:07:34:58 -0500] "POST /sipse/faces/presentacion/financiero/solicitudProceso/consultarSolicitudProceso.xhtml HTTP/1.1" 200 465393
201.245.192.253 - - [07/Jul/2024:07:35:16 -0500] "GET /kwsrmcab/Wsrmcab?wsdl HTTP/1.1" 200 6948
216.245.221.92 - - [07/Jul/2024:07:35:42 -0500] "HEAD / HTTP/1.1" 200 -
66.249.66.21 - - [07/Jul/2024:07:35:50 -0500] "GET /autoliquidacion/Auto%20Declaraci%C3%B3nTr%C3%A1mite%20de%20Licenciamiento%20Urban%C3%ADstico%20y%20Actos%20de%20Reconocimiento%20de%20Usos%20Industriales/Anexo%202.%20Autodeclaraci%C3%B3n%20por%20impacto%20ambiental%20-%20Producci%C3%B3n%20artesanal%20e%20industria%20livian.pdf HTTP/1.1" 200 279699
66.249.66.20 - - [07/Jul/2024:07:35:51 -0500] "GET /BLA/boletinlegal/Circulares/2024/CIRCULAR%20No.%2000001%20DEL%2011%20DE%20ENERO%20DEL%202024.pdf HTTP/1.1" 200 298890
201.245.192.253 - - [07/Jul/2024:07:35:04 -0500] "POST /kwsrmcab/Wsrmcab  HTTP/1.1" 200 21429
201.245.192.253 - - [07/Jul/2024:07:36:12 -0500] "POST /kwsrmcab/Wsrmcab  HTTP/1.1" 200 38712
201.245.192.253 - - [07/Jul/2024:07:36:16 -0500] "GET /kwsrmcab/Wsrmcab?wsdl HTTP/1.1" 200 6948
201.245.192.253 - - [07/Jul/2024:07:36:24 -0500] "POST /forms/lservlet;jsessionid=ac16012b30d6716d42d0eef24d9cbe79d3fe11a80187.e3iSbxaKaheRe34OahmPbx4Oa3z0n6jAmljGr5XDqQLvpAe HTTP/1.1" 200 2
201.245.192.253 - - [07/Jul/2024:07:36:31 -0500] "POST /kwsrmcab/Wsrmcab HTTP/1.1" 200 33160
201.245.192.253 - - [07/Jul/2024:07:36:31 -0500] "POST /kwsrmcab/Wsrmcab HTTP/1.1" 200 34839
172.22.2.4 - - [07/Jul/2024:07:36:48 -0500] "GET /BLA/boletinlegal/actos.php HTTP/1.1" 200 9738
172.22.2.4 - - [07/Jul/2024:07:35:28 -0500] "HEAD /BLA/boletinlegal/ HTTP/1.1" 200 -
201.245.192.253 - - [07/Jul/2024:07:37:13 -0500] "POST /kwsrmcab/Wsrmcab  HTTP/1.1" 200 38712
201.245.192.253 - - [07/Jul/2024:07:37:16 -0500] "GET /kwsrmcab/Wsrmcab?wsdl HTTP/1.1" 200 6948
172.22.2.4 - - [07/Jul/2024:07:37:39 -0500] "GET /BLA/boletinlegal/Directivas/2016/Directiva%20No.%2003%20del%2026%20de%20Julio%20de%202016.pdf HTTP/1.1" 200 370200
172.22.2.4 - - [07/Jul/2024:07:37:40 -0500] "GET /BLA/boletinlegal/Circulares/2019/Circular%20No.%2012%20del%2014%20de%20Marzo%20de%202019.pdf HTTP/1.1" 200 344384
172.22.2.4 - - [07/Jul/2024:07:37:40 -0500] "GET /BLA/boletinlegal/Circulares/2023/CIRCULAR%20No.%2000010%20DEL%2010%20DE%20OCTUBRE%20DEL%202023.pdf HTTP/1.1" 200 341821
47.128.18.122 - - [07/Jul/2024:07:37:51 -0500] "GET /BLA/resoluciones/AUTOS%202021/0245.php?act=f&d=E%3A%5Cnuevo%5Chtdocs%5CBLA%5Cresoluciones%5CRESOLUCIONES+2006%5CRES+2006+1301-1350&f=00001328.tif&ft=download HTTP/1.1" 200 290467
172.22.2.4 - - [07/Jul/2024:07:36:19 -0500] "GET /BLA/boletinlegal/ HTTP/1.1" 200 59967
47.128.120.227 - - [07/Jul/2024:07:38:06 -0500] "GET /BLA/resoluciones/AUTOS%202021/0245.php?act=f&d=E%3A%5Cnuevo%5Chtdocs%5CBLA%5Cresoluciones%5CAUTOS+2021&f=0223.pdf&ft=download HTTP/1.1" 200 356007
201.245.192.253 - - [07/Jul/2024:07:38:16 -0500] "GET /kwsrmcab/Wsrmcab?wsdl HTTP/1.1" 200 6948
47.128.29.177 - - [07/Jul/2024:07:38:21 -0500] "GET /BLA/resoluciones/AUTOS%202021/0245.php?act=f&d=E%3A%5Cnuevo%5Chtdocs%5CBLA%5Cresoluciones%5CAUTOS+2021&f=2442.pdf&ft=download HTTP/1.1" 200 351911
201.245.192.253 - - [07/Jul/2024:07:38:24 -0500] "POST /forms/lservlet;jsessionid=ac16012b30d6716d42d0eef24d9cbe79d3fe11a80187.e3iSbxaKaheRe34OahmPbx4Oa3z0n6jAmljGr5XDqQLvpAe HTTP/1.1" 200 2
47.128.18.122 - - [07/Jul/2024:07:38:36 -0500] "GET /BLA/resoluciones/AUTOS%202021/0245.php?act=f&d=E%3A%5Cnuevo%5Chtdocs%5Ccumbreclima%5C&f=wp-activate.php&ft=download HTTP/1.1" 200 4951
201.245.192.253 - - [07/Jul/2024:07:38:50 -0500] "POST /kwsrmcab/Wsrmcab HTTP/1.1" 200 34831
47.128.22.201 - - [07/Jul/2024:07:38:51 -0500] "GET /BLA/resoluciones/AUTOS%202021/0245.php?act=f&d=E%3A%5Cnuevo%5Chtdocs%5CBLA%5Cresoluciones%5CAUTOS+2021&f=2551.pdf&ft=download HTTP/1.1" 200 20134
47.128.127.168 - - [07/Jul/2024:07:39:06 -0500] "GET /BLA/resoluciones/AUTOS%202021/0245.php?act=f&d=E%3A%5Cnuevo%5Chtdocs%5CBLA%5Cresoluciones%5CAUTOS+2021&f=5087.pdf&ft=download HTTP/1.1" 200 97959
201.245.192.253 - - [07/Jul/2024:07:39:16 -0500] "GET /kwsrmcab/Wsrmcab?wsdl HTTP/1.1" 200 6948
47.128.27.87 - - [07/Jul/2024:07:39:21 -0500] "GET /BLA/resoluciones/AUTOS%202021/0245.php?act=f&d=E%3A%5Cnuevo%5Chtdocs%5CBLA%5Cresoluciones%5CRESOLUCIONES+2006%5CRES+2006+1101-1150&f=00001130.tif&ft=download HTTP/1.1" 200 133510
47.128.39.69 - - [07/Jul/2024:07:39:36 -0500] "GET /BLA/resoluciones/AUTOS%202021/0245.php?act=f&d=E%3A%5Cnuevo%5Chtdocs%5CBLA%5Cresoluciones%5CAUTOS+2021&f=5784.pdf&ft=download HTTP/1.1" 200 335527
47.128.19.162 - - [07/Jul/2024:07:39:51 -0500] "GET /BLA/resoluciones/AUTOS%202021/0245.php?act=f&d=E%3A%5Cnuevo%5Chtdocs%5CBLA%5Cresoluciones%5CAUTOS+2021&f=0476.pdf&ft=download HTTP/1.1" 200 97959
47.128.58.164 - - [07/Jul/2024:07:40:06 -0500] "GET /BLA/resoluciones/AUTOS%202021/0245.php?act=f&d=E%3A%5Cnuevo%5Chtdocs%5CBLA%5Cresoluciones%5CAUTOS+2021&f=3140.pdf&ft=download HTTP/1.1" 200 278183
201.245.192.253 - - [07/Jul/2024:07:40:16 -0500] "GET /kwsrmcab/Wsrmcab?wsdl HTTP/1.1" 200 6948
201.245.192.253 - - [07/Jul/2024:07:40:24 -0500] "POST /forms/lservlet;jsessionid=ac16012b30d6716d42d0eef24d9cbe79d3fe11a80187.e3iSbxaKaheRe34OahmPbx4Oa3z0n6jAmljGr5XDqQLvpAe HTTP/1.1" 200 2
216.245.221.92 - - [07/Jul/2024:07:40:42 -0500] "HEAD / HTTP/1.1" 200 -
201.245.192.253 - - [07/Jul/2024:07:39:39 -0500] "POST /kwsrmcab/Wsrmcab HTTP/1.1" 200 34839
201.245.192.253 - - [07/Jul/2024:07:41:16 -0500] "GET /kwsrmcab/Wsrmcab?wsdl HTTP/1.1" 200 6948
46.174.191.31 - - [07/Jul/2024:07:41:21 -0500] "GET / HTTP/1.0" 200 319
47.128.115.53 - - [07/Jul/2024:07:41:34 -0500] "GET /BLA/resoluciones/AUTOS%202021/0245.php?act=f&d=E%3A%5Cnuevo%5Chtdocs%5CBLA%5Cresoluciones%5CAUTOS+2021&f=4459.pdf&ft=download HTTP/1.1" 200 351911
47.128.121.175 - - [07/Jul/2024:07:41:49 -0500] "GET /BLA/resoluciones/AUTOS%202021/0245.php?act=f&d=E%3A%5Cnuevo%5Chtdocs%5CBLA%5Cresoluciones%5CAUTOS+2021&f=5889.pdf&ft=download HTTP/1.1" 200 425639
47.128.115.239 - - [07/Jul/2024:07:42:04 -0500] "GET /BLA/resoluciones/AUTOS%202021/0245.php?act=f&d=E%3A%5Cnuevo%5Chtdocs%5CBLA%5Cresoluciones%5CAUTOS+2021&f=5268.pdf&ft=download HTTP/1.1" 200 380583
201.245.192.253 - - [07/Jul/2024:07:42:12 -0500] "POST /kwsrmcab/Wsrmcab  HTTP/1.1" 200 38712
201.245.192.253 - - [07/Jul/2024:07:42:16 -0500] "GET /kwsrmcab/Wsrmcab?wsdl HTTP/1.1" 200 6948
47.128.21.153 - - [07/Jul/2024:07:42:19 -0500] "GET /BLA/resoluciones/AUTOS%202021/0245.php?act=f&d=E%3A%5Cnuevo%5Chtdocs%5CResiduos%5Ccosmeticos%5Cimages&f=page33.swf&ft=download HTTP/1.1" 200 95341
201.245.192.253 - - [07/Jul/2024:07:42:24 -0500] "POST /forms/lservlet;jsessionid=ac16012b30d6716d42d0eef24d9cbe79d3fe11a80187.e3iSbxaKaheRe34OahmPbx4Oa3z0n6jAmljGr5XDqQLvpAe HTTP/1.1" 200 2
47.128.115.32 - - [07/Jul/2024:07:42:34 -0500] "GET /BLA/resoluciones/AUTOS%202021/0245.php?act=f&d=E%3A%5Cnuevo%5Chtdocs%5CBLA%5Cresoluciones%5CAUTOS+2021&f=6352.pdf&ft=download HTTP/1.1" 200 261799
47.128.52.113 - - [07/Jul/2024:07:42:49 -0500] "GET /BLA/resoluciones/AUTOS%202021/0245.php?act=f&d=E%3A%5Cnuevo%5Chtdocs%5CBLA%5Cresoluciones%5CRESOLUCIONES+2006%5CRES+2006+701-750&f=00000749.tif&ft=download HTTP/1.1" 200 409251
172.22.2.4 - - [07/Jul/2024:07:41:18 -0500] "HEAD /BLA/boletinlegal/ HTTP/1.1" 200 -
47.128.48.36 - - [07/Jul/2024:07:43:04 -0500] "GET /BLA/resoluciones/AUTOS%202021/0245.php?act=f&d=E%3A%5Cnuevo%5Chtdocs%5CResiduos%5Cmetalmecanica%5Cimages&f=page58.swf&ft=download HTTP/1.1" 200 32643
201.245.192.253 - - [07/Jul/2024:07:43:16 -0500] "GET /kwsrmcab/Wsrmcab?wsdl HTTP/1.1" 200 6948
47.128.42.229 - - [07/Jul/2024:07:43:20 -0500] "GET /BLA/resoluciones/AUTOS%202021/0245.php?act=f&d=E%3A%5Cnuevo%5Chtdocs%5CBLA%5Cresoluciones%5CAUTOS+2021&f=4966.pdf&ft=download HTTP/1.1" 200 401063
47.128.121.146 - - [07/Jul/2024:07:43:35 -0500] "GET /BLA/resoluciones/AUTOS%202021/0245.php?act=f&d=E%3A%5Cnuevo%5Chtdocs%5CBLA%5Cresoluciones%5CAUTOS+2021&f=2060.pdf&ft=download HTTP/1.1" 200 364199
172.22.2.4 - - [07/Jul/2024:07:42:09 -0500] "GET /BLA/boletinlegal/ HTTP/1.1" 200 58720
47.128.122.27 - - [07/Jul/2024:07:43:50 -0500] "GET /BLA/resoluciones/AUTOS%202021/0245.php?act=f&d=E%3A%5Cnuevo%5Chtdocs%5CResiduos%5Cmetalmecanica%5Cimages&f=page60.swf&ft=download HTTP/1.1" 200 20134
201.245.192.253 - - [07/Jul/2024:07:44:16 -0500] "GET /kwsrmcab/Wsrmcab?wsdl HTTP/1.1" 200 6948
201.245.192.253 - - [07/Jul/2024:07:44:24 -0500] "POST /forms/lservlet;jsessionid=ac16012b30d6716d42d0eef24d9cbe79d3fe11a80187.e3iSbxaKaheRe34OahmPbx4Oa3z0n6jAmljGr5XDqQLvpAe HTTP/1.1" 200 2
40.77.167.59 - - [07/Jul/2024:07:45:13 -0500] "GET /sipse/faces/index.xhtml HTTP/1.1" 200 677
168.119.51.200 - - [07/Jul/2024:07:45:15 -0500] "GET / HTTP/1.1" 200 4720
201.245.192.253 - - [07/Jul/2024:07:45:16 -0500] "GET /kwsrmcab/Wsrmcab?wsdl HTTP/1.1" 200 6948
216.245.221.92 - - [07/Jul/2024:07:45:42 -0500] "HEAD / HTTP/1.1" 200 -
201.245.192.253 - - [07/Jul/2024:07:46:16 -0500] "GET /kwsrmcab/Wsrmcab?wsdl HTTP/1.1" 200 6948
201.245.192.253 - - [07/Jul/2024:07:46:24 -0500] "POST /forms/lservlet;jsessionid=ac16012b30d6716d42d0eef24d9cbe79d3fe11a80187.e3iSbxaKaheRe34OahmPbx4Oa3z0n6jAmljGr5XDqQLvpAe HTTP/1.1" 200 2
66.249.66.20 - - [07/Jul/2024:07:47:01 -0500] "GET /BLA/resoluciones/Notificaciones/AUTOS%202023/6008.pdf HTTP/1.1" 304 -
201.245.192.253 - - [07/Jul/2024:07:47:16 -0500] "GET /kwsrmcab/Wsrmcab?wsdl HTTP/1.1" 200 6948
201.245.192.253 - - [07/Jul/2024:07:48:16 -0500] "GET /kwsrmcab/Wsrmcab?wsdl HTTP/1.1" 200 6948
201.245.192.253 - - [07/Jul/2024:07:48:19 -0500] "POST /kwsrmcab/Wsrmcab  HTTP/1.1" 200 38712
201.245.192.253 - - [07/Jul/2024:07:48:24 -0500] "POST /forms/lservlet;jsessionid=ac16012b30d6716d42d0eef24d9cbe79d3fe11a80187.e3iSbxaKaheRe34OahmPbx4Oa3z0n6jAmljGr5XDqQLvpAe HTTP/1.1" 200 2
201.245.192.253 - - [07/Jul/2024:07:47:09 -0500] "POST /kwsrmcab/Wsrmcab  HTTP/1.1" 200 14501
172.22.2.4 - - [07/Jul/2024:07:47:08 -0500] "HEAD /BLA/boletinlegal/ HTTP/1.1" 200 -
201.245.192.253 - - [07/Jul/2024:07:49:16 -0500] "GET /kwsrmcab/Wsrmcab?wsdl HTTP/1.1" 200 6948
201.245.192.253 - - [07/Jul/2024:07:49:18 -0500] "POST /kwsrmcab/Wsrmcab  HTTP/1.1" 200 38712
172.22.2.4 - - [07/Jul/2024:07:47:59 -0500] "GET /BLA/boletinlegal/ HTTP/1.1" 200 53818
165.232.154.209 - - [07/Jul/2024:07:50:09 -0500] "\x16\x03\x01" 400 226
165.232.154.209 - - [07/Jul/2024:07:50:09 -0500] "\x16\x03\x01" 400 226
165.232.154.209 - - [07/Jul/2024:07:50:10 -0500] "GET / HTTP/1.1" 200 319
165.232.154.209 - - [07/Jul/2024:07:50:10 -0500] "GET /form.html HTTP/1.1" 404 1018
165.232.154.209 - - [07/Jul/2024:07:50:10 -0500] "GET /upl.php HTTP/1.1" 404 1018
165.232.154.209 - - [07/Jul/2024:07:50:10 -0500] "\x16\x03\x01" 400 226
165.232.154.209 - - [07/Jul/2024:07:50:11 -0500] "GET /geoip/ HTTP/1.1" 404 1018
165.232.154.209 - - [07/Jul/2024:07:50:11 -0500] "GET /favicon.ico HTTP/1.1" 200 7782
165.232.154.209 - - [07/Jul/2024:07:50:11 -0500] "GET /1.php HTTP/1.1" 404 1018
165.232.154.209 - - [07/Jul/2024:07:50:12 -0500] "GET /bundle.js HTTP/1.1" 404 1018
165.232.154.209 - - [07/Jul/2024:07:50:12 -0500] "GET /files/ HTTP/1.1" 404 1018
165.232.154.209 - - [07/Jul/2024:07:50:12 -0500] "GET /systembc/password.php HTTP/1.1" 404 1018
165.232.154.209 - - [07/Jul/2024:07:50:12 -0500] "GET /password.php HTTP/1.1" 404 1018
165.232.154.209 - - [07/Jul/2024:07:50:13 -0500] "GET /info.php HTTP/1.1" 404 1018
201.245.192.253 - - [07/Jul/2024:07:50:16 -0500] "GET /kwsrmcab/Wsrmcab?wsdl HTTP/1.1" 200 6948
201.245.192.253 - - [07/Jul/2024:07:50:24 -0500] "POST /forms/lservlet;jsessionid=ac16012b30d6716d42d0eef24d9cbe79d3fe11a80187.e3iSbxaKaheRe34OahmPbx4Oa3z0n6jAmljGr5XDqQLvpAe HTTP/1.1" 200 2
40.77.167.56 - - [07/Jul/2024:07:50:32 -0500] "GET /el-tratamiento-de-las-aguas-lluvias-grises-y-regeneradas-como-solucion-para-afrontar-los-efectos-del-cambio-climatico.html HTTP/1.1" 200 1014
172.22.2.4 - - [07/Jul/2024:07:49:01 -0500] "GET /BLA/boletinlegal/ HTTP/1.1" 200 49794
216.245.221.92 - - [07/Jul/2024:07:50:42 -0500] "HEAD / HTTP/1.1" 200 -
172.22.2.4 - - [07/Jul/2024:07:49:12 -0500] "HEAD /BLA/boletinlegal/ HTTP/1.1" 200 -
201.245.192.253 - - [07/Jul/2024:07:51:16 -0500] "GET /kwsrmcab/Wsrmcab?wsdl HTTP/1.1" 200 6948
201.245.192.253 - - [07/Jul/2024:07:52:16 -0500] "GET /kwsrmcab/Wsrmcab?wsdl HTTP/1.1" 200 6948
172.22.2.4 - - [07/Jul/2024:07:50:42 -0500] "GET /BLA/boletinlegal/ HTTP/1.1" 200 61446
172.22.2.4 - - [07/Jul/2024:07:52:23 -0500] "GET /BLA/boletinlegal/js/jquery.scrollShow.js HTTP/1.1" 200 4586
201.245.192.253 - - [07/Jul/2024:07:52:24 -0500] "POST /forms/lservlet;jsessionid=ac16012b30d6716d42d0eef24d9cbe79d3fe11a80187.e3iSbxaKaheRe34OahmPbx4Oa3z0n6jAmljGr5XDqQLvpAe HTTP/1.1" 200 2
172.22.2.4 - - [07/Jul/2024:07:52:41 -0500] "GET /BLA/boletinlegal/Directivas/2022/DIRECTIVA%20No.%2000002%20DEL%2022%20DE%20JUNIO%20DEL%202022.pdf HTTP/1.1" 304 -
52.167.144.191 - - [07/Jul/2024:07:52:43 -0500] "GET /BLA/resoluciones/index.php?dir=AUTOS+2014%2F HTTP/1.1" 200 892005
201.245.192.253 - - [07/Jul/2024:07:53:16 -0500] "GET /kwsrmcab/Wsrmcab?wsdl HTTP/1.1" 200 6948
201.245.192.253 - - [07/Jul/2024:07:54:16 -0500] "GET /kwsrmcab/Wsrmcab?wsdl HTTP/1.1" 200 6948
201.245.192.253 - - [07/Jul/2024:07:54:17 -0500] "POST /kwsrmcab/Wsrmcab  HTTP/1.1" 200 38712
201.245.192.253 - - [07/Jul/2024:07:54:24 -0500] "POST /forms/lservlet;jsessionid=ac16012b30d6716d42d0eef24d9cbe79d3fe11a80187.e3iSbxaKaheRe34OahmPbx4Oa3z0n6jAmljGr5XDqQLvpAe HTTP/1.1" 200 2
172.22.2.4 - - [07/Jul/2024:07:52:58 -0500] "HEAD /BLA/boletinlegal/ HTTP/1.1" 200 -
181.59.2.131 - - [07/Jul/2024:07:54:42 -0500] "POST /sipse/faces/presentacion/financiero/solicitudProceso/consultarSolicitudProceso.xhtml HTTP/1.1" 200 65809
181.59.2.131 - - [07/Jul/2024:07:54:44 -0500] "GET /sipse/faces/javax.faces.resource/theme.css?ln=primefaces-sipse HTTP/1.1" 304 -
181.59.2.131 - - [07/Jul/2024:07:54:44 -0500] "GET /sipse/faces/javax.faces.resource/primefaces.css?ln=primefaces&v=4.0 HTTP/1.1" 304 -
181.59.2.131 - - [07/Jul/2024:07:54:44 -0500] "GET /sipse/faces/javax.faces.resource/jquery/jquery.js?ln=primefaces&v=4.0 HTTP/1.1" 304 -
181.59.2.131 - - [07/Jul/2024:07:54:44 -0500] "GET /sipse/faces/javax.faces.resource/layout/layout.css?ln=primefaces&v=4.0 HTTP/1.1" 304 -
181.59.2.131 - - [07/Jul/2024:07:54:44 -0500] "GET /sipse/faces/javax.faces.resource/jquery/jquery-plugins.js?ln=primefaces&v=4.0 HTTP/1.1" 304 -
181.59.2.131 - - [07/Jul/2024:07:54:44 -0500] "GET /sipse/css/imagen/contrasena.png HTTP/1.1" 404 383
181.59.2.131 - - [07/Jul/2024:07:54:44 -0500] "GET /sipse/faces/javax.faces.resource/primefaces.js?ln=primefaces&v=4.0 HTTP/1.1" 304 -
181.59.2.131 - - [07/Jul/2024:07:54:44 -0500] "GET /sipse/faces/javax.faces.resource/layout/layout.js?ln=primefaces&v=4.0 HTTP/1.1" 304 -
181.59.2.131 - - [07/Jul/2024:07:54:44 -0500] "POST /sipse/faces/presentacion/financiero/solicitudProceso/listarSolicitudProceso.xhtml HTTP/1.1" 200 59207
181.59.2.131 - - [07/Jul/2024:07:54:44 -0500] "POST /sipse/faces/presentacion/financiero/solicitudProceso/listarSolicitudProceso.xhtml HTTP/1.1" 200 59207
181.59.2.131 - - [07/Jul/2024:07:54:45 -0500] "POST /sipse/faces/presentacion/financiero/solicitudProceso/listarSolicitudProceso.xhtml HTTP/1.1" 200 1556
181.59.2.131 - - [07/Jul/2024:07:54:47 -0500] "POST /sipse/faces/presentacion/financiero/solicitudProceso/listarSolicitudProceso.xhtml HTTP/1.1" 200 1564
181.59.2.131 - - [07/Jul/2024:07:54:48 -0500] "POST /sipse/faces/presentacion/financiero/solicitudProceso/listarSolicitudProceso.xhtml HTTP/1.1" 200 1564
181.59.2.131 - - [07/Jul/2024:07:55:03 -0500] "POST /sipse/faces/presentacion/financiero/solicitudProceso/listarSolicitudProceso.xhtml HTTP/1.1" 200 60182
181.59.2.131 - - [07/Jul/2024:07:55:04 -0500] "GET /sipse/faces/javax.faces.resource/theme.css?ln=primefaces-sipse HTTP/1.1" 304 -
181.59.2.131 - - [07/Jul/2024:07:55:04 -0500] "GET /sipse/faces/javax.faces.resource/primefaces.css?ln=primefaces&v=4.0 HTTP/1.1" 304 -
181.59.2.131 - - [07/Jul/2024:07:55:04 -0500] "GET /sipse/faces/javax.faces.resource/jquery/jquery.js?ln=primefaces&v=4.0 HTTP/1.1" 304 -
181.59.2.131 - - [07/Jul/2024:07:55:04 -0500] "GET /sipse/faces/javax.faces.resource/layout/layout.css?ln=primefaces&v=4.0 HTTP/1.1" 304 -
181.59.2.131 - - [07/Jul/2024:07:55:04 -0500] "GET /sipse/faces/javax.faces.resource/jquery/jquery-plugins.js?ln=primefaces&v=4.0 HTTP/1.1" 304 -
181.59.2.131 - - [07/Jul/2024:07:55:04 -0500] "GET /sipse/faces/javax.faces.resource/primefaces.js?ln=primefaces&v=4.0 HTTP/1.1" 304 -
181.59.2.131 - - [07/Jul/2024:07:55:04 -0500] "GET /sipse/faces/javax.faces.resource/layout/layout.js?ln=primefaces&v=4.0 HTTP/1.1" 304 -
201.245.192.253 - - [07/Jul/2024:07:55:16 -0500] "GET /kwsrmcab/Wsrmcab?wsdl HTTP/1.1" 200 6948
181.59.2.131 - - [07/Jul/2024:07:55:18 -0500] "POST /sipse/faces/presentacion/financiero/solicitudProceso/crearModificarSolicitudProceso.xhtml HTTP/1.1" 200 27321
172.22.2.4 - - [07/Jul/2024:07:53:49 -0500] "GET /BLA/boletinlegal/ HTTP/1.1" 200 60380
40.77.167.63 - - [07/Jul/2024:07:55:30 -0500] "GET /BLA/resoluciones/AUTOS%202024/01732.pdf HTTP/1.1" 200 341722
216.245.221.92 - - [07/Jul/2024:07:55:42 -0500] "HEAD / HTTP/1.1" 200 -
172.22.2.4 - - [07/Jul/2024:07:55:48 -0500] "GET /BLA/boletinlegal/Directivas/2011/Directiva%20No.%206%20del%208%20de%20Septiembre%20de%202011.pdf HTTP/1.1" 304 -
201.245.192.253 - - [07/Jul/2024:07:56:16 -0500] "GET /kwsrmcab/Wsrmcab?wsdl HTTP/1.1" 200 6948
201.245.192.253 - - [07/Jul/2024:07:56:24 -0500] "POST /forms/lservlet;jsessionid=ac16012b30d6716d42d0eef24d9cbe79d3fe11a80187.e3iSbxaKaheRe34OahmPbx4Oa3z0n6jAmljGr5XDqQLvpAe HTTP/1.1" 200 2
181.59.2.131 - - [07/Jul/2024:07:56:49 -0500] "POST /sipse/faces/presentacion/financiero/solicitudProceso/crearModificarSolicitudProceso.xhtml HTTP/1.1" 200 9390
201.245.192.253 - - [07/Jul/2024:07:57:16 -0500] "GET /kwsrmcab/Wsrmcab?wsdl HTTP/1.1" 200 6948
181.59.2.131 - - [07/Jul/2024:07:57:42 -0500] "POST /sipse/faces/presentacion/financiero/solicitudProceso/crearModificarSolicitudProceso.xhtml HTTP/1.1" 200 24591
181.59.2.131 - - [07/Jul/2024:07:57:42 -0500] "GET /sipse/faces/javax.faces.resource/theme.css?ln=primefaces-sipse HTTP/1.1" 304 -
181.59.2.131 - - [07/Jul/2024:07:57:42 -0500] "GET /sipse/faces/javax.faces.resource/primefaces.css?ln=primefaces&v=4.0 HTTP/1.1" 304 -
181.59.2.131 - - [07/Jul/2024:07:57:42 -0500] "GET /sipse/faces/javax.faces.resource/primefaces.js?ln=primefaces&v=4.0 HTTP/1.1" 304 -
181.59.2.131 - - [07/Jul/2024:07:57:42 -0500] "GET /sipse/faces/javax.faces.resource/jquery/jquery.js?ln=primefaces&v=4.0 HTTP/1.1" 304 -
181.59.2.131 - - [07/Jul/2024:07:57:42 -0500] "GET /sipse/faces/javax.faces.resource/layout/layout.css?ln=primefaces&v=4.0 HTTP/1.1" 304 -
181.59.2.131 - - [07/Jul/2024:07:57:42 -0500] "GET /sipse/faces/javax.faces.resource/jquery/jquery-plugins.js?ln=primefaces&v=4.0 HTTP/1.1" 304 -
181.59.2.131 - - [07/Jul/2024:07:57:42 -0500] "GET /sipse/faces/javax.faces.resource/layout/layout.js?ln=primefaces&v=4.0 HTTP/1.1" 304 -
181.59.2.131 - - [07/Jul/2024:07:58:09 -0500] "POST /sipse/faces/presentacion/financiero/solicitudProyectoActividad/asociarProyectoSolicitud.xhtml HTTP/1.1" 200 6579
181.59.2.131 - - [07/Jul/2024:07:58:10 -0500] "POST /sipse/faces/presentacion/financiero/solicitudProyectoActividad/asociarProyectoSolicitud.xhtml HTTP/1.1" 200 1700
181.59.2.131 - - [07/Jul/2024:07:58:12 -0500] "POST /sipse/faces/presentacion/financiero/solicitudProyectoActividad/asociarProyectoSolicitud.xhtml HTTP/1.1" 200 42761
181.59.2.131 - - [07/Jul/2024:07:58:12 -0500] "GET /sipse/faces/javax.faces.resource/theme.css?ln=primefaces-sipse HTTP/1.1" 304 -
181.59.2.131 - - [07/Jul/2024:07:58:12 -0500] "GET /sipse/faces/javax.faces.resource/primefaces.css?ln=primefaces&v=4.0 HTTP/1.1" 304 -
181.59.2.131 - - [07/Jul/2024:07:58:12 -0500] "GET /sipse/faces/javax.faces.resource/jquery/jquery.js?ln=primefaces&v=4.0 HTTP/1.1" 304 -
181.59.2.131 - - [07/Jul/2024:07:58:12 -0500] "GET /sipse/faces/javax.faces.resource/layout/layout.css?ln=primefaces&v=4.0 HTTP/1.1" 304 -
181.59.2.131 - - [07/Jul/2024:07:58:12 -0500] "GET /sipse/faces/javax.faces.resource/jquery/jquery-plugins.js?ln=primefaces&v=4.0 HTTP/1.1" 304 -
181.59.2.131 - - [07/Jul/2024:07:58:12 -0500] "GET /sipse/faces/javax.faces.resource/primefaces.js?ln=primefaces&v=4.0 HTTP/1.1" 304 -
181.59.2.131 - - [07/Jul/2024:07:58:12 -0500] "GET /sipse/faces/javax.faces.resource/layout/layout.js?ln=primefaces&v=4.0 HTTP/1.1" 304 -
201.245.192.253 - - [07/Jul/2024:07:58:16 -0500] "GET /kwsrmcab/Wsrmcab?wsdl HTTP/1.1" 200 6948
181.59.2.131 - - [07/Jul/2024:07:58:19 -0500] "GET /sipse/faces/javax.faces.resource/images/ui-icons_898989_256x240.png?ln=primefaces-aristo HTTP/1.1" 304 -
181.59.2.131 - - [07/Jul/2024:07:58:23 -0500] "POST /sipse/faces/presentacion/financiero/solicitudProyectoActividad/asociarActividadSolicitud.xhtml HTTP/1.1" 200 20045
181.59.2.131 - - [07/Jul/2024:07:58:23 -0500] "GET /sipse/faces/javax.faces.resource/theme.css?ln=primefaces-sipse HTTP/1.1" 304 -
181.59.2.131 - - [07/Jul/2024:07:58:23 -0500] "GET /sipse/faces/javax.faces.resource/primefaces.css?ln=primefaces&v=4.0 HTTP/1.1" 304 -
181.59.2.131 - - [07/Jul/2024:07:58:23 -0500] "GET /sipse/faces/javax.faces.resource/layout/layout.css?ln=primefaces&v=4.0 HTTP/1.1" 304 -
181.59.2.131 - - [07/Jul/2024:07:58:23 -0500] "GET /sipse/faces/javax.faces.resource/jquery/jquery.js?ln=primefaces&v=4.0 HTTP/1.1" 304 -
181.59.2.131 - - [07/Jul/2024:07:58:23 -0500] "GET /sipse/faces/javax.faces.resource/jquery/jquery-plugins.js?ln=primefaces&v=4.0 HTTP/1.1" 304 -
181.59.2.131 - - [07/Jul/2024:07:58:23 -0500] "GET /sipse/faces/javax.faces.resource/primefaces.js?ln=primefaces&v=4.0 HTTP/1.1" 304 -
181.59.2.131 - - [07/Jul/2024:07:58:23 -0500] "GET /sipse/faces/javax.faces.resource/layout/layout.js?ln=primefaces&v=4.0 HTTP/1.1" 304 -
201.245.192.253 - - [07/Jul/2024:07:58:24 -0500] "POST /forms/lservlet;jsessionid=ac16012b30d6716d42d0eef24d9cbe79d3fe11a80187.e3iSbxaKaheRe34OahmPbx4Oa3z0n6jAmljGr5XDqQLvpAe HTTP/1.1" 200 2
201.245.192.253 - - [07/Jul/2024:07:59:16 -0500] "GET /kwsrmcab/Wsrmcab?wsdl HTTP/1.1" 200 6948
201.245.192.253 - - [07/Jul/2024:07:59:17 -0500] "POST /kwsrmcab/Wsrmcab  HTTP/1.1" 200 38712
47.128.39.176 - - [07/Jul/2024:07:59:56 -0500] "GET /BLA/resoluciones/AUTOS%202021/0245.php?act=f&d=E%3A%5Cnuevo%5Chtdocs%5Ccumbreclima%5Cwp-includes%5C&f=feed-atom-comments.php&ft=download HTTP/1.1" 200 4970
47.128.44.30 - - [07/Jul/2024:08:00:11 -0500] "GET /BLA/resoluciones/AUTOS%202021/0245.php?act=f&d=E%3A%5Cnuevo%5Chtdocs%5CBLA%5Cresoluciones%5CAUTOS+2021&f=4631.pdf&ft=download HTTP/1.1" 200 458407
201.245.192.253 - - [07/Jul/2024:08:00:16 -0500] "GET /kwsrmcab/Wsrmcab?wsdl HTTP/1.1" 200 6948
201.245.192.253 - - [07/Jul/2024:08:00:24 -0500] "POST /forms/lservlet;jsessionid=ac16012b30d6716d42d0eef24d9cbe79d3fe11a80187.e3iSbxaKaheRe34OahmPbx4Oa3z0n6jAmljGr5XDqQLvpAe HTTP/1.1" 200 2
52.167.144.191 - - [07/Jul/2024:08:00:25 -0500] "GET /BLA/resoluciones/AUTOS%202016/1271.pdf HTTP/1.1" 200 468741
172.22.2.4 - - [07/Jul/2024:07:58:46 -0500] "HEAD /BLA/boletinlegal/ HTTP/1.1" 200 -
47.128.35.32 - - [07/Jul/2024:08:00:26 -0500] "GET /BLA/resoluciones/AUTOS%202021/0245.php?act=f&d=E%3A%5Cnuevo%5Chtdocs%5CResiduos%5Cmetalmecanica%5Cimages&f=page88.swf&ft=download HTTP/1.1" 200 24921
172.22.2.4 - - [07/Jul/2024:07:58:48 -0500] "HEAD /BLA/boletinlegal/ HTTP/1.1" 200 -
181.59.2.131 - - [07/Jul/2024:08:00:41 -0500] "GET /sipse/faces/javax.faces.resource/theme.css?ln=primefaces-sipse HTTP/1.1" 304 -
181.59.2.131 - - [07/Jul/2024:08:00:41 -0500] "GET /sipse/faces/javax.faces.resource/layout/layout.css?ln=primefaces&v=4.0 HTTP/1.1" 304 -
181.59.2.131 - - [07/Jul/2024:08:00:41 -0500] "GET /sipse/faces/javax.faces.resource/jquery/jquery-plugins.js?ln=primefaces&v=4.0 HTTP/1.1" 304 -
181.59.2.131 - - [07/Jul/2024:08:00:41 -0500] "POST /sipse/faces/presentacion/financiero/solicitudProyectoActividad/asociarFuentesSolicitud.xhtml HTTP/1.1" 200 66923
181.59.2.131 - - [07/Jul/2024:08:00:41 -0500] "GET /sipse/faces/javax.faces.resource/primefaces.js?ln=primefaces&v=4.0 HTTP/1.1" 304 -
181.59.2.131 - - [07/Jul/2024:08:00:41 -0500] "GET /sipse/faces/javax.faces.resource/primefaces.css?ln=primefaces&v=4.0 HTTP/1.1" 304 -
181.59.2.131 - - [07/Jul/2024:08:00:41 -0500] "GET /sipse/faces/javax.faces.resource/jquery/jquery.js?ln=primefaces&v=4.0 HTTP/1.1" 304 -
181.59.2.131 - - [07/Jul/2024:08:00:41 -0500] "GET /sipse/faces/javax.faces.resource/layout/layout.js?ln=primefaces&v=4.0 HTTP/1.1" 304 -
47.128.31.18 - - [07/Jul/2024:08:00:42 -0500] "GET /BLA/resoluciones/AUTOS%202021/0245.php?act=f&d=E%3A%5Cnuevo%5Chtdocs%5CBLA%5Cresoluciones%5CRESOLUCIONES+2006%5CRES+2006+2451-2500&f=00002466.tif&ft=download HTTP/1.1" 200 93682
216.245.221.92 - - [07/Jul/2024:08:00:42 -0500] "HEAD / HTTP/1.1" 200 -
47.128.120.188 - - [07/Jul/2024:08:00:57 -0500] "GET /BLA/resoluciones/AUTOS%202021/0245.php?act=f&d=E%3A%5Cnuevo%5Chtdocs%5CBLA%5Cresoluciones%5CAUTOS+2021&f=0184.pdf&ft=download HTTP/1.1" 200 392871
47.128.22.32 - - [07/Jul/2024:08:01:12 -0500] "GET /BLA/resoluciones/AUTOS%202021/0245.php?act=f&d=E%3A%5Cnuevo%5Chtdocs%5CBLA%5Cresoluciones%5CAUTOS+2021&f=2132.pdf&ft=download HTTP/1.1" 200 372391
201.245.192.253 - - [07/Jul/2024:08:01:16 -0500] "GET /kwsrmcab/Wsrmcab?wsdl HTTP/1.1" 200 6948
172.22.2.4 - - [07/Jul/2024:07:59:39 -0500] "GET /BLA/boletinlegal/ HTTP/1.1" 200 53419
47.128.22.226 - - [07/Jul/2024:08:01:27 -0500] "GET /BLA/resoluciones/AUTOS%202021/0245.php?act=f&d=E%3A%5Cnuevo%5Chtdocs%5CBLA%5Cresoluciones%5CRESOLUCIONES+2006&f=0059.pdf&ft=download HTTP/1.1" 200 196972
181.59.2.131 - - [07/Jul/2024:08:01:41 -0500] "GET /sipse/faces/javax.faces.resource/theme.css?ln=primefaces-sipse HTTP/1.1" 304 -
181.59.2.131 - - [07/Jul/2024:08:01:05 -0500] "POST /sipse/faces/presentacion/financiero/solicitudProceso/crearModificarSolicitudProceso.xhtml HTTP/1.1" 200 45734
181.59.2.131 - - [07/Jul/2024:08:01:41 -0500] "GET /sipse/faces/javax.faces.resource/jquery/jquery.js?ln=primefaces&v=4.0 HTTP/1.1" 304 -
181.59.2.131 - - [07/Jul/2024:08:01:41 -0500] "GET /sipse/faces/javax.faces.resource/primefaces.css?ln=primefaces&v=4.0 HTTP/1.1" 304 -
181.59.2.131 - - [07/Jul/2024:08:01:41 -0500] "GET /sipse/faces/javax.faces.resource/primefaces.js?ln=primefaces&v=4.0 HTTP/1.1" 304 -
181.59.2.131 - - [07/Jul/2024:08:01:41 -0500] "GET /sipse/faces/javax.faces.resource/layout/layout.css?ln=primefaces&v=4.0 HTTP/1.1" 304 -
181.59.2.131 - - [07/Jul/2024:08:01:41 -0500] "GET /sipse/faces/javax.faces.resource/jquery/jquery-plugins.js?ln=primefaces&v=4.0 HTTP/1.1" 304 -
181.59.2.131 - - [07/Jul/2024:08:01:41 -0500] "GET /sipse/faces/javax.faces.resource/layout/layout.js?ln=primefaces&v=4.0 HTTP/1.1" 304 -
47.128.96.233 - - [07/Jul/2024:08:01:42 -0500] "GET /BLA/resoluciones/AUTOS%202021/0245.php?act=f&d=E%3A%5Cnuevo%5Chtdocs%5CBLA%5Cresoluciones%5CAUTOS+2021&f=6218.pdf&ft=download HTTP/1.1" 200 339623
47.128.22.61 - - [07/Jul/2024:08:01:57 -0500] "GET /BLA/resoluciones/AUTOS%202021/0245.php?act=f&d=E%3A%5Cnuevo%5Chtdocs%5Cbogotacumbredelclima%5Cwp-admin%5C&f=link-add.php&ft=download HTTP/1.1" 200 712
181.59.2.131 - - [07/Jul/2024:08:01:55 -0500] "POST /sipse/faces/presentacion/financiero/contrato/consultarContratosSolicitudProceso.xhtml HTTP/1.1" 200 69562
47.128.22.9 - - [07/Jul/2024:08:02:12 -0500] "GET /BLA/resoluciones/AUTOS%202021/0245.php?act=f&d=E%3A%5Cnuevo%5Chtdocs%5Ccumbredelclima%5Cwp-includes%5C&f=class-wp-theme.php&ft=download HTTP/1.1" 200 39525
201.245.192.253 - - [07/Jul/2024:08:02:16 -0500] "GET /kwsrmcab/Wsrmcab?wsdl HTTP/1.1" 200 6948
181.59.2.131 - - [07/Jul/2024:08:02:10 -0500] "POST /sipse/faces/presentacion/financiero/contrato/consultarContratosSolicitudProceso.xhtml HTTP/1.1" 200 83167
201.245.192.253 - - [07/Jul/2024:08:02:24 -0500] "POST /forms/lservlet;jsessionid=ac16012b30d6716d42d0eef24d9cbe79d3fe11a80187.e3iSbxaKaheRe34OahmPbx4Oa3z0n6jAmljGr5XDqQLvpAe HTTP/1.1" 200 2
47.128.26.35 - - [07/Jul/2024:08:02:27 -0500] "GET /BLA/resoluciones/AUTOS%202021/0245.php?act=f&d=E%3A%5Cnuevo%5Chtdocs%5CBLA%5Cresoluciones%5CAUTOS+2021&f=4481.pdf&ft=download HTTP/1.1" 200 20135
181.59.2.131 - - [07/Jul/2024:08:02:30 -0500] "POST /sipse/faces/presentacion/financiero/contrato/consultarContratosSolicitudProceso.xhtml HTTP/1.1" 200 61591
181.59.2.131 - - [07/Jul/2024:08:02:32 -0500] "GET /sipse/faces/javax.faces.resource/theme.css?ln=primefaces-sipse HTTP/1.1" 304 -
181.59.2.131 - - [07/Jul/2024:08:02:32 -0500] "GET /sipse/faces/javax.faces.resource/primefaces.css?ln=primefaces&v=4.0 HTTP/1.1" 304 -
181.59.2.131 - - [07/Jul/2024:08:02:32 -0500] "GET /sipse/faces/javax.faces.resource/jquery/jquery.js?ln=primefaces&v=4.0 HTTP/1.1" 304 -
181.59.2.131 - - [07/Jul/2024:08:02:32 -0500] "GET /sipse/faces/javax.faces.resource/layout/layout.css?ln=primefaces&v=4.0 HTTP/1.1" 304 -
181.59.2.131 - - [07/Jul/2024:08:02:32 -0500] "GET /sipse/faces/javax.faces.resource/jquery/jquery-plugins.js?ln=primefaces&v=4.0 HTTP/1.1" 304 -
181.59.2.131 - - [07/Jul/2024:08:02:32 -0500] "GET /sipse/faces/javax.faces.resource/primefaces.js?ln=primefaces&v=4.0 HTTP/1.1" 304 -
181.59.2.131 - - [07/Jul/2024:08:02:32 -0500] "GET /sipse/faces/javax.faces.resource/layout/layout.js?ln=primefaces&v=4.0 HTTP/1.1" 304 -
47.128.34.98 - - [07/Jul/2024:08:02:42 -0500] "GET /BLA/resoluciones/AUTOS%202021/0245.php?act=f&d=E%3A%5Cnuevo%5Chtdocs%5CBLA%5Cresoluciones%5CAUTOS+2021&f=0609.pdf&ft=download HTTP/1.1" 200 339623
47.128.42.79 - - [07/Jul/2024:08:02:57 -0500] "GET /BLA/resoluciones/AUTOS%202021/0245.php?act=chmod&f=7826.pdf HTTP/1.1" 200 2715
181.59.2.131 - - [07/Jul/2024:08:03:08 -0500] "POST /sipse/faces/presentacion/financiero/solicitudProceso/crearModificarSolicitudProceso.xhtml HTTP/1.1" 200 65809
181.59.2.131 - - [07/Jul/2024:08:03:08 -0500] "GET /sipse/faces/javax.faces.resource/theme.css?ln=primefaces-sipse HTTP/1.1" 304 -
181.59.2.131 - - [07/Jul/2024:08:03:08 -0500] "GET /sipse/faces/javax.faces.resource/primefaces.css?ln=primefaces&v=4.0 HTTP/1.1" 304 -
181.59.2.131 - - [07/Jul/2024:08:03:08 -0500] "GET /sipse/faces/javax.faces.resource/jquery/jquery.js?ln=primefaces&v=4.0 HTTP/1.1" 304 -
181.59.2.131 - - [07/Jul/2024:08:03:08 -0500] "GET /sipse/faces/javax.faces.resource/layout/layout.css?ln=primefaces&v=4.0 HTTP/1.1" 304 -
181.59.2.131 - - [07/Jul/2024:08:03:08 -0500] "GET /sipse/faces/javax.faces.resource/jquery/jquery-plugins.js?ln=primefaces&v=4.0 HTTP/1.1" 304 -
181.59.2.131 - - [07/Jul/2024:08:03:08 -0500] "GET /sipse/faces/javax.faces.resource/primefaces.js?ln=primefaces&v=4.0 HTTP/1.1" 304 -
181.59.2.131 - - [07/Jul/2024:08:03:08 -0500] "GET /sipse/faces/javax.faces.resource/layout/layout.js?ln=primefaces&v=4.0 HTTP/1.1" 304 -
181.59.2.131 - - [07/Jul/2024:08:03:08 -0500] "POST /sipse/faces/presentacion/financiero/solicitudProceso/listarSolicitudProceso.xhtml HTTP/1.1" 200 59207
181.59.2.131 - - [07/Jul/2024:08:03:09 -0500] "POST /sipse/faces/presentacion/financiero/solicitudProceso/listarSolicitudProceso.xhtml HTTP/1.1" 200 1556
181.59.2.131 - - [07/Jul/2024:08:03:11 -0500] "POST /sipse/faces/presentacion/financiero/solicitudProceso/listarSolicitudProceso.xhtml HTTP/1.1" 200 1564
47.128.38.191 - - [07/Jul/2024:08:03:12 -0500] "GET /BLA/resoluciones/AUTOS%202021/0245.php?act=f&d=E%3A%5Cnuevo%5Chtdocs%5CBLA%5Cresoluciones%5CAUTOS+2021&f=5352.pdf&ft=download HTTP/1.1" 200 822951
181.59.2.131 - - [07/Jul/2024:08:03:16 -0500] "POST /sipse/faces/presentacion/financiero/solicitudProceso/listarSolicitudProceso.xhtml HTTP/1.1" 200 28617
201.245.192.253 - - [07/Jul/2024:08:03:16 -0500] "GET /kwsrmcab/Wsrmcab?wsdl HTTP/1.1" 200 6948
47.128.116.65 - - [07/Jul/2024:08:03:27 -0500] "GET /BLA/resoluciones/AUTOS%202021/0245.php?act=f&d=E%3A%5Cnuevo%5Chtdocs%5CBLA%5Cresoluciones%5CRESOLUCIONES+2006%5CRES+2006+401-450&f=00000446.tif&ft=download HTTP/1.1" 200 134556
172.22.2.4 - - [07/Jul/2024:08:02:43 -0500] "GET /BLA/boletinlegal/ HTTP/1.1" 200 40907
47.128.116.193 - - [07/Jul/2024:08:03:42 -0500] "GET /BLA/resoluciones/AUTOS%202021/0245.php?act=f&d=E%3A%5Cnuevo%5Chtdocs%5CBLA%5Cresoluciones%5CAUTOS+2021&f=5403.pdf&ft=download HTTP/1.1" 200 392871
181.237.230.62 - - [07/Jul/2024:08:03:57 -0500] "GET /kwssiamovil/sm/acme/a?s=U2FsdGVkX18jT5cU8gsVnIo9Y1Ygk3b6s35XTRhoXaRgipWBjnN4+jbEs7/sm5n8/m3SG9QidY/usWHhN8wYc4Yu+eNwshabelXUvwulhYM3sZTLHj5fIdURj5D3qabF8mz4ikkg+HZI0GOlFh5YLAd/Fb/+vV9AOXOWjaFVK0Bj9rGguEjNvQELV98T9fncZD1FQkVc/w3UjtSqnnCTeJPBVhZp8Q3N2PSsa+/zx5EHVSCaiXMOXq27+CKWykIHbvf5NVzfaDtZkBTzXsE0/A==&u=U2FsdGVkX19GKcdJRA2VCx0PlFV4xhXkgNr8QcmF6+k=&y=U2FsdGVkX1/tACgS1L7AOwyZ7PvaHzArHGH7+5HAQfZIReiTygnaULRFp0sJnzDp HTTP/1.1" 200 26
181.237.230.62 - - [07/Jul/2024:08:03:57 -0500] "GET /kwssiamovil/sm/acme/a?s=U2FsdGVkX19Sfg4ubEDK6gpbAkDRqwtClu2O+FNS3N6CIZDVAgmqL0gE8mjkCwJJov7gPcMiAZvOBQ6n7WyEH+PMfTcdQocW6Nxb7iLgi078auCpLACJf74Qv6vsOxOlmp6x8yHnsaKJijlVA937fNQjrQaq+C4KWCE4C3rrNRwVaK181uSEsCFB2P00Uc/rBW86bRckw8RpK/l0BWGQeRv4uts4QxNp57QSNgkyRWlJ8UOEPpjDnuoQBCa8v1EpYyfswgO3kgmJTf6QVxdW9F0nr3nZ2sYiw58n77r8BaxkjqWcdWyjFaYEhe18Dx+uWnoJcZATONJKHR48tdYwefTGjLcS7hiFLq/5OsX2GBBuszZqVia87IjE2FOLZQk9+84VIV65TjU5SHqOvvvs3edUNG+2cvN3bVTNfV8hSBXZtDRkd0JATGDm7lji1/B+zQRbCJQQd7AcEUbiECbCmY1NsTMW2MI3T1Tiis41deLHtJcecE5TY8oqMyeooaZ4eaurGg1pqyCN+tChDi8XJA2M7fv7DDEpk5LpPyQFTEkbjiEBEuqkx4R7ppAl8OHxlWVXHlsgzcp5/ioLif4OnSd+LIB8vKtkPGs/QW0WB/pQuYRt/XWkQ3r2a/cxpi+FfJU3Q3V/aiFtFbzEwVrhL2CbNJzN910JUOI8Wdb5w/KmMa/Luf90BWJY7mXITokm2hQMLtdjKlPVGuixrwjivpP+o2vFxst313HfSanMZG9jJGGKvOB6laDmEdj4llb+XxR2rMNafohMjCP0UP5s6z1mtKUFzTQjrvcjeNrMo9kovPOlCUuDZWKBZg4AmXbjTiSjFi4eymJTrRaifzmMbPI18D6ExBcTwLjEaiQ5jGmhh0b2RifoRmfEoeSecXjtXCVZTp5yw51ziRPc6mBpo+iP1MUTt1bWopmqRKXZ3+ORyfcTSTUaiwoYxJRW7NDsz+At7i8UhxKRbEV98zYMPNq0V6M6KD67mLDOyO93us0k7UKTNlIY7SJ0+BFvnr2OwtIDQ/m/420N/WJxuOiKGKg938JyIgHXuyhXxmro6Ywr6HeDAd929lKVqcY8MPufOkH+VzCZFaAn7unUpA4bn9rByB+2+pAwkILvOd7pANwLmY3gpc2/wVtMKLFypA30GKbgZAj0faCIMjhkyLGxX1tXSHPO6B+T/x1UeqhB5IWe0M+9ppv/WsXIBVff+MeQefl3RrEkJ93HSei5vKWhzuB6PXIdt0YCule7QThRhIoq28oG3yj67Qv3PQBrXDiKUGOlkdssVNa/pkv7NBCmQP9utXt8MmPtje6I8gw6+CQHmTQGDdTh/yrgUuGvm1Y0PbL9+CMcc8QosRmRFdF1YLApQagXfovuQf8mzz6666YCCVLya7dM8FUDQsdgnickUSCY+caNeC2sayzHcrYz37j+mMGf0a+SvGreeDa5m37wOZw1xbjd/M97bXAc01PUkQEXaYtVq1i1M8b+eJlYPdriTnFtOOh2Bj4csyhS1KcjAoDzzGeymDufD/KrmuU1HBNla2QONOqZiOOQnBmnnJ5QJWV9gGeJCn21T3se4lLpvCdlF/3/LxgwPd6QyBXpRpMLb/BkBQwkXhJDcq7ZICEIGzj09g1H8V8dwiuSIZ1zPYy4Bfr0l31bEQ9YAtpZTL+4ZEcsF6LxFjwtH7rzMJNC9BqXzkAA76M+SVTloiY+9yqsbSzcMJty74XQycJnhdPWuW+tW7nuJhZT8dfD2dxOPP9r4nFpnrFoIsRSNzZ9HJZ90dvQEaCvJdd4JCYYlOUprcyLKenIzaGX/8K9TN94rMU7ggXoKxaT3+aGaNYwbqkjDPn+ZBoY6EmsMLuaGoLu2BMu61RvGx7SaQqmLpQ6S/e8b+OcJs4sb+HViSppTtk9IfHfiAqB1fU2v4tbiqQNQI48P0rN5F5U95Hv3Yi73gh7PQT43gk1L6Fe220WaeS9S8Gn7WUcKKS3nwnU&u=U2FsdGVkX19GKcdJRA2VCx0PlFV4xhXkgNr8QcmF6+k=&y=U2FsdGVkX1/tACgS1L7AOwyZ7PvaHzArHGH7+5HAQfZIReiTygnaULRFp0sJnzDp HTTP/1.1" 200 26
181.237.230.62 - - [07/Jul/2024:08:03:57 -0500] "GET /kwssiamovil/sm/acme/a?s=U2FsdGVkX1+qwO6bzDHjb9Lr51SJjHPO4jzb1hvJJtafDMvwhViqOmwqJEYsHeJ/5+wG79cIPQBGwMf9kpZ/JA5LEobzFzBHwMZs8IK012AbrR3pIUnNHGe0FXW/rBARLSn9vNLbZxPkIFWSA1BWpKcOr8vzfjrP63PMs1GXnuY=&u=U2FsdGVkX19GKcdJRA2VCx0PlFV4xhXkgNr8QcmF6+k=&y=U2FsdGVkX1/tACgS1L7AOwyZ7PvaHzArHGH7+5HAQfZIReiTygnaULRFp0sJnzDp HTTP/1.1" 200 26
181.237.230.62 - - [07/Jul/2024:08:03:57 -0500] "GET /kwssiamovil/sm/acme/a?s=U2FsdGVkX187XJ/cKxegBaBk5/BbPgARFHatRATJeMB67tYcDcSEMiq/+5nSWhJyMV+0sFgn8crXgaGlla2HdZUc4vrBkW3NY99rGRB/Jy7C+iZaYvUUqhb+zR4rUyaiSi6/ubmpjVInLdRrTe8rwmDK0Bffepab4kg8TUiJsQE=&u=U2FsdGVkX19GKcdJRA2VCx0PlFV4xhXkgNr8QcmF6+k=&y=U2FsdGVkX1/tACgS1L7AOwyZ7PvaHzArHGH7+5HAQfZIReiTygnaULRFp0sJnzDp HTTP/1.1" 200 26
181.237.230.62 - - [07/Jul/2024:08:03:58 -0500] "GET /kwssiamovil/sm/acme/a?s=U2FsdGVkX18JQdlA4JlAaUqqzI1g9+NAiRQPSRFTcyg5XBNGdtSBJOnyyAO0UeUN1PAzoIM0JvTusSg6Mxykgpr8QMYjO7dCwD3wiTw1PvinFJDnHKMekltfMxyVpQn6VSvma5M8OBLsUnJ4qkKA2GmkLaqm+B6e1hb4YgltUjE=&u=U2FsdGVkX19GKcdJRA2VCx0PlFV4xhXkgNr8QcmF6+k=&y=U2FsdGVkX1/tACgS1L7AOwyZ7PvaHzArHGH7+5HAQfZIReiTygnaULRFp0sJnzDp HTTP/1.1" 200 26
181.237.230.62 - - [07/Jul/2024:08:03:58 -0500] "GET /kwssiamovil/sm/acme/a?s=U2FsdGVkX18stgwJhO8dSiYQnN7DlvmnpBDWr61sEJgBLpWQ7GvA0g5JIc1apZf1QsTFfBgJaS06n03EfsgTMGXGn3DujE5gGdblChNlwkfN2LmzJjzr3Zr2lzIU1lFIURjrpYmS6ikz9moAOaqEcHnqTO6d0P6T8UnJfSdNf/OfDLLfA2y34OgH1bIAVYaILwHKMkmDt8lcmIJ7z0iD4w==&u=U2FsdGVkX19GKcdJRA2VCx0PlFV4xhXkgNr8QcmF6+k=&y=U2FsdGVkX1/tACgS1L7AOwyZ7PvaHzArHGH7+5HAQfZIReiTygnaULRFp0sJnzDp HTTP/1.1" 200 26
181.59.2.131 - - [07/Jul/2024:08:03:58 -0500] "POST /sipse/faces/presentacion/financiero/solicitudProceso/listarSolicitudProceso.xhtml HTTP/1.1" 200 32186
47.128.17.121 - - [07/Jul/2024:08:03:57 -0500] "GET /BLA/resoluciones/AUTOS%202021/0245.php?act=f&d=E%3A%5Cnuevo%5Chtdocs%5CBLA%5Cresoluciones%5CAUTOS+2021&f=5095.pdf&ft=download HTTP/1.1" 200 356007
181.59.2.131 - - [07/Jul/2024:08:04:04 -0500] "POST /sipse/faces/presentacion/financiero/solicitudProceso/listarSolicitudProceso.xhtml HTTP/1.1" 200 31796
40.77.167.63 - - [07/Jul/2024:08:04:11 -0500] "GET /BLA/resoluciones/RESOLUCIONES%202021/2605.pdf HTTP/1.1" 200 868228
47.128.116.200 - - [07/Jul/2024:08:04:13 -0500] "GET /BLA/resoluciones/AUTOS%202021/0245.php?act=f&d=E%3A%5Cnuevo%5Chtdocs%5CBLA%5Cresoluciones%5CAUTOS+2021&f=4851.pdf&ft=download HTTP/1.1" 200 343719
201.245.192.253 - - [07/Jul/2024:08:04:15 -0500] "POST /kwsrmcab/Wsrmcab  HTTP/1.1" 200 38712
201.245.192.253 - - [07/Jul/2024:08:04:16 -0500] "GET /kwsrmcab/Wsrmcab?wsdl HTTP/1.1" 200 6948
201.245.192.253 - - [07/Jul/2024:08:04:24 -0500] "POST /forms/lservlet;jsessionid=ac16012b30d6716d42d0eef24d9cbe79d3fe11a80187.e3iSbxaKaheRe34OahmPbx4Oa3z0n6jAmljGr5XDqQLvpAe HTTP/1.1" 200 2
47.128.46.73 - - [07/Jul/2024:08:04:28 -0500] "GET /BLA/resoluciones/AUTOS%202021/0245.php?act=f&d=E%3A%5Cnuevo%5Chtdocs%5Ccumbredelclima%5Cwp-includes%5C&f=ms-settings.php&ft=download&white=1 HTTP/1.1" 200 8509
201.245.192.253 - - [07/Jul/2024:08:05:16 -0500] "GET /kwsrmcab/Wsrmcab?wsdl HTTP/1.1" 200 6948
66.249.66.20 - - [07/Jul/2024:08:05:21 -0500] "GET /BLA/resoluciones/Notificaciones/RESOLUCIONES%202022/5421.pdf HTTP/1.1" 304 -
216.245.221.92 - - [07/Jul/2024:08:05:42 -0500] "HEAD / HTTP/1.1" 200 -
172.22.2.4 - - [07/Jul/2024:08:04:15 -0500] "HEAD /BLA/boletinlegal/ HTTP/1.1" 200 -
201.245.192.253 - - [07/Jul/2024:08:06:16 -0500] "GET /kwsrmcab/Wsrmcab?wsdl HTTP/1.1" 200 6948
172.22.2.4 - - [07/Jul/2024:08:04:38 -0500] "HEAD /BLA/boletinlegal/ HTTP/1.1" 200 -
201.245.192.253 - - [07/Jul/2024:08:06:24 -0500] "POST /forms/lservlet;jsessionid=ac16012b30d6716d42d0eef24d9cbe79d3fe11a80187.e3iSbxaKaheRe34OahmPbx4Oa3z0n6jAmljGr5XDqQLvpAe HTTP/1.1" 200 2
172.22.2.4 - - [07/Jul/2024:08:05:29 -0500] "GET /BLA/boletinlegal/ HTTP/1.1" 200 52783
201.245.192.253 - - [07/Jul/2024:08:07:16 -0500] "GET /kwsrmcab/Wsrmcab?wsdl HTTP/1.1" 200 6948
172.22.2.4 - - [07/Jul/2024:08:07:37 -0500] "GET /BLA/boletinlegal/Circulares/2022/CIRCULAR%20No.%2000004%20DEL%2019%20DE%20MAYO%20DEL%202022.pdf HTTP/1.1" 200 252981
201.245.192.253 - - [07/Jul/2024:08:08:16 -0500] "GET /kwsrmcab/Wsrmcab?wsdl HTTP/1.1" 200 6948
201.245.192.253 - - [07/Jul/2024:08:08:24 -0500] "POST /forms/lservlet;jsessionid=ac16012b30d6716d42d0eef24d9cbe79d3fe11a80187.e3iSbxaKaheRe34OahmPbx4Oa3z0n6jAmljGr5XDqQLvpAe HTTP/1.1" 200 2
201.245.192.253 - - [07/Jul/2024:08:09:16 -0500] "GET /kwsrmcab/Wsrmcab?wsdl HTTP/1.1" 200 6948
186.102.83.91 - - [07/Jul/2024:08:09:16 -0500] "GET /kwssiamovil/sm/ldap/au?x=U2FsdGVkX19pJlQ4VAse3TDQekxNQYDu88HSbPYJqbK9woi2ZOJy+2NhOLO3Tonc&y=U2FsdGVkX18qe57gObxRl6Jsu4c95Jkdbzfb+Fjkt3l3MLhPpbms8EJNE8HU0MF6 HTTP/1.1" 200 30
186.102.83.91 - - [07/Jul/2024:08:09:17 -0500] "GET /kwssiamovil/sm/acme/s?s=U2FsdGVkX1+xFlG2qn/2+1539geFR5PGmR6J63U5E6Htk5+SKXvYTokt5D11YC6mPumRnlOdHNKkxpQxuqyZWGVQDWd+kV3hRMiGI05VWoU=&u=U2FsdGVkX18fAYAzKrLwxOHnEMplX60qU5flpSRumQQ=&y=U2FsdGVkX18qe57gObxRl6Jsu4c95Jkdbzfb+Fjkt3l3MLhPpbms8EJNE8HU0MF6 HTTP/1.1" 200 97
186.102.83.91 - - [07/Jul/2024:08:09:17 -0500] "GET /kwssiamovil/sm/acme/s?s=U2FsdGVkX1+NhT7OdgXDuVzrBaxJ8zPCM8h4Xk4/08bmQ5BEWBhEDhF70sHBdIruFam6gPloR06t3Squbu2JhLPgqPWUuNrVe7Rypd2vchAcFcJjtP7GXHTd7glLw2HfuHiYF1puzptjnYUYWDBeXMculB6H2P/EDYcMxmSlEA3T9w4gyHl/FmW9A4fx6l7ORCx/NLdyKM/iD3xS1yGmIhuBg08qwsc3ZFBan1tv28qRh/pdmIxG+ume7v2+Igz2dJ1Yk1NckbvuVfyeBLs8XFZhwE9dAYKyPBzkTz/aH5R0BGcuvME8XIAjS6vg4K8qN0Hxf93crJLBtOtbkjYgjCR9+KTuiOba+JRZXh0qADNsbqCwus4c5fWY2/gbAFgvMZc0bbnAfYNrrk4mkqzzuycwbEVunngmAp01oFLdIpJTufJ5SMqAgqHdimRmmoIsn/DFR/D2yN2FMhx1vmsFlQLvITIX8bl+55tsATgfLe/sI8g/kxsoAmESMcZjSjxQusW9BOkxU5/hnerB9rwq3DzMroboqoK8tBr/slq4wePKedo5FWSjVXZ9E0w4WrPR9vY8WeW2xEk7GNMij0miXfXnCYLJuXf3hW0P102/WYIAbwTAnHp3kArc/GRPmMTdNlbXkOFlTlhb1tyaLHqbihn5XfzK9Wk97U5FHFFP1UBk9AoOLUnPT2wlTw0ZQWAuQiFweYLwIZEPdQic0gmtvIgl4YYvsvBkr74S2YtPeHkHgaK2x+ykSC38j2BYs9Z6jD+V+RXK9by+9HGBnvDxlZaqhZwvXcoluSzpER5H+SfinVmzCcT3AIL/ndSMykD4o5gs25aSUi/9We2UiJ3YpoCgUgSnFOw4BPrjXcXQ8epN0QR70G/HW2FIo7qF9LxnvOzsEt18OiH1JNS+WlFZM1g4LmL90qGryZ55LAvlRw+BOoFWPnjYSHKGzymRPcQbP+Zh2Uss/kVGFKsWECX3+eYZb5N5RocYyBsg8oq5gSo3sTV/jsCkeOgO9mnm+7W6WsvvAcMl2sZa3Ugmpzn4CL5JypCY9Jg42/ac6ARDxbLafvoV7EN7ByIfggZ6kbTwvymI1zsnqNnag5EqjER3dvIkob+ZczEyYqtt0JfqGEXw8sA/Ym7dkqwfimIhH8Kb+qfxiAXlRJeGevqBSJy2v5KUZp7EnxciRviAPdvaP40bfThgl7ujbTjgTUdNb5wm3yXQ32MAA09OBsF9AVSgXn/+27CCrUuI73ykscNddg6+QHx8x0bHC/rCZ2556kHZ8jODdg7C2S4EcNpriEogSmY9ZuFODtywep0L3JC/uZDLj7Osfc+6BkPLvvtBzHAgkgbT3ZgSxWga5Uscc6nsgOtPftg8JWUvnR4sU6EXQjZYlfNHNZhcoTv+lauQx23upJyUBv0Ih9d4ipXmLRYNN9Ug+0nSxhSvqroI9gauP8nhKUzfUU3gt1yu9+gg1qYnF7y0CP3C6aBobHwQA4SCxE9x0ZMU1YiMlwKACMQ5qfygYrdac1EobE+MGS6CbxvNZcvJJ0V1U29m6z7BLtTgefDNEWEJ1NcuIYanbsRhD3cS7WisvxWJ57fLihnSjlSk25olkD6REhWINF+P4SyA5g1JQI2oAFnrpK9AcnI/am9P9waZRtONOQvuJshphhjlLQA0o+N/LJ0IvedP+T5GyP1G9JP1Mj0PVPTTg91KMa2UJ5T//Vf0DsHErDRDyd84A0jWnpmgQMp7hooq/6P2veOmAf5axpXGoTp2oKFiUQw=&u=U2FsdGVkX18fAYAzKrLwxOHnEMplX60qU5flpSRumQQ=&y=U2FsdGVkX18qe57gObxRl6Jsu4c95Jkdbzfb+Fjkt3l3MLhPpbms8EJNE8HU0MF6 HTTP/1.1" 200 1586
186.102.83.91 - - [07/Jul/2024:08:09:17 -0500] "GET /kwssiamovil/sm/acme/s?s=U2FsdGVkX1+Jbolk6d8zH2k0eXpoHMFcLQRk9Ef1QhB8KlFc4tiFTXKMfH9gcsm8LGNkqhIDud60gFHC55iebw1nKZUPS62H3oPJU5mnxj8lf0kaooRuHK6nAQj9qu6Z6Ibjio6wrFpXX6ScZYzt4DfoUSAz7TsrRD6xinePwX9uY6PQ92VtwzyLb+x4zkl35TR7vqFwf+WsRRNyhy13GdzV9G5D2o8ws1LervxgYQM8XUeMQDsGHAlCqYyHaghYH1EIy6QduGAUxDT6ksm9cLx/dlVtWgV3kRNOIvB1rr0IkVQbuWDpZMBZ45uZXGf6GdcgFs0kQiNrwak/h3RI6UNRc5zoLF71M/CTfTWgfgPE5hxOM+hCIayhIjXKrzIfhcAuqdfNSPB9ZSBq2VdvCqtRoTr2aZv4YepcftsaldzrFQlx0Btt721YtptKSE71+dDI4S8qMFica3NeZ34g8ZAq8oyhLawkGP/NZV5sD0BHNL3L2gtIIeSUj4xUrG4LEYo044Q7jKsiqseA2ybS+AdIHI4aoLcuhqPjkKCyINUtA+jTiniKr1Y1keMlSpxDkSAdDzQVbyYFDU4/q8nPtCUaWOl/9314V5i1XBeNLdo7qqeCrPDICb4qK6x2Lkjrd7I24H8ixs5mVzzIvHQS14YeycYSAf9V/WOp+1CW8pzuS7EmQ2kBR0kJPCOveCHnQqRJtRQRoW9NFT3xwjfBDdQwXSA4wA3KX3891sCwZ0JT2c107eapQLLwMXQ/3wt6&u=U2FsdGVkX18fAYAzKrLwxOHnEMplX60qU5flpSRumQQ=&y=U2FsdGVkX18qe57gObxRl6Jsu4c95Jkdbzfb+Fjkt3l3MLhPpbms8EJNE8HU0MF6 HTTP/1.1" 200 208
186.102.83.91 - - [07/Jul/2024:08:09:17 -0500] "GET /kwssiamovil/sm/cjson/pre?f=1&x=U2FsdGVkX19pJlQ4VAse3TDQekxNQYDu88HSbPYJqbK9woi2ZOJy+2NhOLO3Tonc HTTP/1.1" 200 30244
172.22.2.4 - - [07/Jul/2024:08:07:59 -0500] "HEAD /BLA/boletinlegal/ HTTP/1.1" 200 -
216.244.66.195 - - [07/Jul/2024:08:09:46 -0500] "GET /robots.txt HTTP/1.1" 404 1018
201.245.192.253 - - [07/Jul/2024:08:10:16 -0500] "GET /kwsrmcab/Wsrmcab?wsdl HTTP/1.1" 200 6948
201.245.192.253 - - [07/Jul/2024:08:10:24 -0500] "POST /forms/lservlet;jsessionid=ac16012b30d6716d42d0eef24d9cbe79d3fe11a80187.e3iSbxaKaheRe34OahmPbx4Oa3z0n6jAmljGr5XDqQLvpAe HTTP/1.1" 200 2
201.245.192.253 - - [07/Jul/2024:08:10:22 -0500] "POST /kwsrmcab/Wsrmcab  HTTP/1.1" 200 38712
47.128.28.154 - - [07/Jul/2024:08:10:29 -0500] "GET /BLA/resoluciones/AUTOS%202021/0245.php?act=f&d=E%3A%5Cnuevo%5Chtdocs%5CBLA%5Cresoluciones%5CAUTOS+2021&f=4507.pdf&ft=download HTTP/1.1" 200 343719
216.245.221.92 - - [07/Jul/2024:08:10:42 -0500] "HEAD / HTTP/1.1" 200 -
201.245.192.253 - - [07/Jul/2024:08:09:14 -0500] "POST /kwsrmcab/Wsrmcab  HTTP/1.1" 200 28373
47.128.97.237 - - [07/Jul/2024:08:10:44 -0500] "GET /BLA/resoluciones/AUTOS%202021/0245.php?act=f&d=E%3A%5Cnuevo%5Chtdocs%5CBLA%5Cresoluciones%5CAUTOS+2021&f=6379.pdf&ft=download HTTP/1.1" 200 384679
47.128.33.57 - - [07/Jul/2024:08:11:00 -0500] "GET /BLA/resoluciones/AUTOS%202021/0245.php?act=f&d=E%3A%5Cnuevo%5Chtdocs%5CResiduos%5Cmetalmecanica%5Cimages&f=page31.swf&ft=download HTTP/1.1" 200 213300
52.167.144.231 - - [07/Jul/2024:08:11:15 -0500] "GET /distrito-exalto-a-246-empresas-de-bogota-por-su-alto-desempeno-y-responsabilidad-ambiental-durante-2023.html HTTP/1.1" 200 1039
47.128.33.43 - - [07/Jul/2024:08:11:15 -0500] "GET /BLA/resoluciones/AUTOS%202021/0245.php?act=f&d=E%3A%5Cnuevo%5Chtdocs%5CBLA%5Cresoluciones%5CAUTOS+2021&f=0465.pdf&ft=download HTTP/1.1" 200 425639
201.245.192.253 - - [07/Jul/2024:08:11:16 -0500] "GET /kwsrmcab/Wsrmcab?wsdl HTTP/1.1" 200 6948
201.245.192.253 - - [07/Jul/2024:08:11:23 -0500] "POST /kwsrmcab/Wsrmcab  HTTP/1.1" 200 38712
47.128.28.181 - - [07/Jul/2024:08:11:30 -0500] "GET /BLA/resoluciones/AUTOS%202021/0245.php?act=f&d=E%3A%5Cnuevo%5Chtdocs%5CResiduos%5Cmetalmecanica%5Cimages&f=page52.swf&ft=download HTTP/1.1" 200 22108
47.128.59.138 - - [07/Jul/2024:08:11:45 -0500] "GET /BLA/resoluciones/AUTOS%202021/0245.php?act=f&d=E%3A%5Cnuevo%5Chtdocs%5CBLA%5Cresoluciones%5CAUTOS+2021&f=3254.pdf&ft=download HTTP/1.1" 200 315047
47.128.42.19 - - [07/Jul/2024:08:12:00 -0500] "GET /BLA/resoluciones/AUTOS%202021/0245.php?act=f&d=E%3A%5Cnuevo%5Chtdocs%5CBLA%5Cresoluciones%5CAUTOS+2021&f=3976.pdf&ft=download HTTP/1.1" 200 343719
172.22.2.4 - - [07/Jul/2024:08:10:28 -0500] "HEAD /BLA/boletinlegal/ HTTP/1.1" 200 -
47.128.120.98 - - [07/Jul/2024:08:12:15 -0500] "GET /BLA/resoluciones/AUTOS%202021/0245.php?act=f&d=E%3A%5Cnuevo%5Chtdocs%5CBLA%5Cresoluciones%5CAUTOS+2021&f=0797.pdf&ft=download HTTP/1.1" 200 392871
201.245.192.253 - - [07/Jul/2024:08:12:16 -0500] "GET /kwsrmcab/Wsrmcab?wsdl HTTP/1.1" 200 6948
201.245.192.253 - - [07/Jul/2024:08:12:24 -0500] "POST /forms/lservlet;jsessionid=ac16012b30d6716d42d0eef24d9cbe79d3fe11a80187.e3iSbxaKaheRe34OahmPbx4Oa3z0n6jAmljGr5XDqQLvpAe HTTP/1.1" 200 2
47.128.57.25 - - [07/Jul/2024:08:12:30 -0500] "GET /BLA/resoluciones/AUTOS%202021/0245.php?act=f&d=E%3A%5Cnuevo%5Chtdocs%5Cautodeclaracion-22%5C&f=autodeclaracion.php&ft=download&white=1 HTTP/1.1" 200 12051
47.128.40.98 - - [07/Jul/2024:08:12:45 -0500] "GET /BLA/resoluciones/AUTOS%202021/0245.php?act=f&d=E%3A%5Cnuevo%5Chtdocs%5CBLA%5Cresoluciones%5CAUTOS+2021&f=6589.pdf&ft=download HTTP/1.1" 200 401063
172.22.2.4 - - [07/Jul/2024:08:11:19 -0500] "GET /BLA/boletinlegal/ HTTP/1.1" 200 57889
201.245.192.253 - - [07/Jul/2024:08:13:16 -0500] "GET /kwsrmcab/Wsrmcab?wsdl HTTP/1.1" 200 6948
181.59.2.131 - - [07/Jul/2024:08:13:40 -0500] "GET /sipse/faces/javax.faces.resource/images/ui-icons_898989_256x240.png?ln=primefaces-aristo HTTP/1.1" 304 -
181.59.2.131 - - [07/Jul/2024:08:13:40 -0500] "POST /sipse/faces/presentacion/financiero/solicitudProceso/listarSolicitudProceso.xhtml HTTP/1.1" 200 153019
181.59.2.131 - - [07/Jul/2024:08:13:42 -0500] "GET /sipse/faces/javax.faces.resource/theme.css?ln=primefaces-sipse HTTP/1.1" 304 -
181.59.2.131 - - [07/Jul/2024:08:13:42 -0500] "GET /sipse/faces/javax.faces.resource/primefaces.css?ln=primefaces&v=4.0 HTTP/1.1" 304 -
181.59.2.131 - - [07/Jul/2024:08:13:42 -0500] "GET /sipse/faces/javax.faces.resource/jquery/jquery.js?ln=primefaces&v=4.0 HTTP/1.1" 304 -
181.59.2.131 - - [07/Jul/2024:08:13:42 -0500] "GET /sipse/faces/javax.faces.resource/layout/layout.css?ln=primefaces&v=4.0 HTTP/1.1" 304 -
181.59.2.131 - - [07/Jul/2024:08:13:42 -0500] "GET /sipse/faces/javax.faces.resource/jquery/jquery-plugins.js?ln=primefaces&v=4.0 HTTP/1.1" 304 -
181.59.2.131 - - [07/Jul/2024:08:13:42 -0500] "GET /sipse/faces/javax.faces.resource/primefaces.js?ln=primefaces&v=4.0 HTTP/1.1" 304 -
181.59.2.131 - - [07/Jul/2024:08:13:42 -0500] "GET /sipse/faces/javax.faces.resource/layout/layout.js?ln=primefaces&v=4.0 HTTP/1.1" 304 -
181.59.2.131 - - [07/Jul/2024:08:13:42 -0500] "GET /sipse/faces/javax.faces.resource/dynamiccontent.properties?ln=primefaces&pfdrid=XjOR5%2F%2FfPAZAuY9TpWQeCiM0BhlXxYRBGKi%2FQcXXfeA%3D&pfdrid_c=false HTTP/1.1" 500 383
47.128.63.14 - - [07/Jul/2024:08:14:07 -0500] "GET /BLA/resoluciones/AUTOS%202021/0245.php?act=f&d=E%3A%5Cnuevo%5Chtdocs%5CResiduos%5Ccosmeticos%5Cimages&f=page76.swf&ft=download HTTP/1.1" 200 15409
181.59.2.131 - - [07/Jul/2024:08:14:08 -0500] "GET /sipse/faces/javax.faces.resource/fileupload/fileupload.css?ln=primefaces&v=4.0 HTTP/1.1" 200 1330
