181.59.2.131 - - [07/Jul/2024:08:14:08 -0500] "POST /sipse/faces/presentacion/financiero/solicitudProceso/consultarSolicitudProceso.xhtml HTTP/1.1" 200 22279
181.59.2.131 - - [07/Jul/2024:08:14:08 -0500] "GET /sipse/faces/javax.faces.resource/theme.css?ln=primefaces-sipse HTTP/1.1" 304 -
181.59.2.131 - - [07/Jul/2024:08:14:08 -0500] "GET /sipse/faces/javax.faces.resource/primefaces.css?ln=primefaces&v=4.0 HTTP/1.1" 304 -
181.59.2.131 - - [07/Jul/2024:08:14:08 -0500] "GET /sipse/faces/javax.faces.resource/layout/layout.css?ln=primefaces&v=4.0 HTTP/1.1" 304 -
181.59.2.131 - - [07/Jul/2024:08:14:08 -0500] "GET /sipse/faces/javax.faces.resource/jquery/jquery.js?ln=primefaces&v=4.0 HTTP/1.1" 304 -
181.59.2.131 - - [07/Jul/2024:08:14:08 -0500] "GET /sipse/faces/javax.faces.resource/jquery/jquery-plugins.js?ln=primefaces&v=4.0 HTTP/1.1" 304 -
181.59.2.131 - - [07/Jul/2024:08:14:08 -0500] "GET /sipse/faces/javax.faces.resource/layout/layout.js?ln=primefaces&v=4.0 HTTP/1.1" 304 -
181.59.2.131 - - [07/Jul/2024:08:14:08 -0500] "GET /sipse/faces/javax.faces.resource/primefaces.js?ln=primefaces&v=4.0 HTTP/1.1" 304 -
181.59.2.131 - - [07/Jul/2024:08:14:08 -0500] "GET /sipse/faces/javax.faces.resource/fileupload/fileupload.js?ln=primefaces&v=4.0 HTTP/1.1" 200 28091
201.245.192.253 - - [07/Jul/2024:08:14:16 -0500] "GET /kwsrmcab/Wsrmcab?wsdl HTTP/1.1" 200 6948
181.59.2.131 - - [07/Jul/2024:08:14:20 -0500] "GET /sipse/faces/javax.faces.resource/theme.css?ln=primefaces-sipse HTTP/1.1" 304 -
181.59.2.131 - - [07/Jul/2024:08:14:20 -0500] "GET /sipse/faces/javax.faces.resource/primefaces.css?ln=primefaces&v=4.0 HTTP/1.1" 304 -
181.59.2.131 - - [07/Jul/2024:08:14:20 -0500] "GET /sipse/faces/javax.faces.resource/layout/layout.css?ln=primefaces&v=4.0 HTTP/1.1" 304 -
181.59.2.131 - - [07/Jul/2024:08:14:20 -0500] "GET /sipse/faces/javax.faces.resource/jquery/jquery.js?ln=primefaces&v=4.0 HTTP/1.1" 304 -
181.59.2.131 - - [07/Jul/2024:08:14:20 -0500] "GET /sipse/faces/javax.faces.resource/jquery/jquery-plugins.js?ln=primefaces&v=4.0 HTTP/1.1" 304 -
181.59.2.131 - - [07/Jul/2024:08:14:20 -0500] "GET /sipse/faces/javax.faces.resource/primefaces.js?ln=primefaces&v=4.0 HTTP/1.1" 304 -
181.59.2.131 - - [07/Jul/2024:08:14:20 -0500] "GET /sipse/faces/javax.faces.resource/layout/layout.js?ln=primefaces&v=4.0 HTTP/1.1" 304 -
181.59.2.131 - - [07/Jul/2024:08:14:18 -0500] "POST /sipse/faces/presentacion/sistema/anexos/cargarAnexoSolicitudProceso.xhtml HTTP/1.1" 200 200786
181.59.2.131 - - [07/Jul/2024:08:14:20 -0500] "GET /sipse/faces/javax.faces.resource/dynamiccontent.properties?ln=primefaces&pfdrid=XjOR5%2F%2FfPAZAuY9TpWQeCiM0BhlXxYRBGKi%2FQcXXfeA%3D&pfdrid_c=false HTTP/1.1" 500 383
47.128.55.101 - - [07/Jul/2024:08:14:22 -0500] "GET /BLA/resoluciones/AUTOS%202021/0245.php?act=f&d=E%3A%5Cnuevo%5Chtdocs%5CResiduos%5Ctextiles%5Cimages&f=page15.swf&ft=download HTTP/1.1" 200 27601
201.245.192.253 - - [07/Jul/2024:08:14:24 -0500] "POST /forms/lservlet;jsessionid=ac16012b30d6716d42d0eef24d9cbe79d3fe11a80187.e3iSbxaKaheRe34OahmPbx4Oa3z0n6jAmljGr5XDqQLvpAe HTTP/1.1" 200 2
181.59.2.131 - - [07/Jul/2024:08:14:24 -0500] "GET /sipse/faces/javax.faces.resource/theme.css?ln=primefaces-sipse HTTP/1.1" 304 -
181.59.2.131 - - [07/Jul/2024:08:14:24 -0500] "GET /sipse/faces/javax.faces.resource/layout/layout.css?ln=primefaces&v=4.0 HTTP/1.1" 304 -
181.59.2.131 - - [07/Jul/2024:08:14:24 -0500] "GET /sipse/faces/javax.faces.resource/jquery/jquery.js?ln=primefaces&v=4.0 HTTP/1.1" 304 -
181.59.2.131 - - [07/Jul/2024:08:14:24 -0500] "GET /sipse/faces/javax.faces.resource/primefaces.css?ln=primefaces&v=4.0 HTTP/1.1" 304 -
181.59.2.131 - - [07/Jul/2024:08:14:24 -0500] "POST /sipse/faces/presentacion/financiero/solicitudProceso/consultarSolicitudProceso.xhtml HTTP/1.1" 200 22279
181.59.2.131 - - [07/Jul/2024:08:14:24 -0500] "GET /sipse/faces/javax.faces.resource/primefaces.js?ln=primefaces&v=4.0 HTTP/1.1" 304 -
181.59.2.131 - - [07/Jul/2024:08:14:24 -0500] "GET /sipse/faces/javax.faces.resource/layout/layout.js?ln=primefaces&v=4.0 HTTP/1.1" 304 -
181.59.2.131 - - [07/Jul/2024:08:14:24 -0500] "GET /sipse/faces/javax.faces.resource/fileupload/fileupload.css?ln=primefaces&v=4.0 HTTP/1.1" 304 -
181.59.2.131 - - [07/Jul/2024:08:14:24 -0500] "GET /sipse/faces/javax.faces.resource/jquery/jquery-plugins.js?ln=primefaces&v=4.0 HTTP/1.1" 304 -
181.59.2.131 - - [07/Jul/2024:08:14:25 -0500] "GET /sipse/faces/javax.faces.resource/fileupload/fileupload.js?ln=primefaces&v=4.0 HTTP/1.1" 304 -
181.59.2.131 - - [07/Jul/2024:08:14:33 -0500] "GET /sipse/faces/javax.faces.resource/primefaces.css?ln=primefaces&v=4.0 HTTP/1.1" 304 -
181.59.2.131 - - [07/Jul/2024:08:14:33 -0500] "GET /sipse/faces/javax.faces.resource/layout/layout.css?ln=primefaces&v=4.0 HTTP/1.1" 304 -
181.59.2.131 - - [07/Jul/2024:08:14:33 -0500] "GET /sipse/faces/javax.faces.resource/theme.css?ln=primefaces-sipse HTTP/1.1" 304 -
181.59.2.131 - - [07/Jul/2024:08:14:33 -0500] "GET /sipse/faces/javax.faces.resource/jquery/jquery.js?ln=primefaces&v=4.0 HTTP/1.1" 304 -
181.59.2.131 - - [07/Jul/2024:08:14:33 -0500] "GET /sipse/faces/javax.faces.resource/jquery/jquery-plugins.js?ln=primefaces&v=4.0 HTTP/1.1" 304 -
181.59.2.131 - - [07/Jul/2024:08:14:33 -0500] "GET /sipse/faces/javax.faces.resource/layout/layout.js?ln=primefaces&v=4.0 HTTP/1.1" 304 -
181.59.2.131 - - [07/Jul/2024:08:14:33 -0500] "GET /sipse/faces/javax.faces.resource/primefaces.js?ln=primefaces&v=4.0 HTTP/1.1" 304 -
181.59.2.131 - - [07/Jul/2024:08:14:32 -0500] "POST /sipse/faces/presentacion/sistema/anexos/cargarAnexoSolicitudProceso.xhtml HTTP/1.1" 200 202571
181.59.2.131 - - [07/Jul/2024:08:14:33 -0500] "GET /sipse/faces/javax.faces.resource/dynamiccontent.properties?ln=primefaces&pfdrid=XjOR5%2F%2FfPAZAuY9TpWQeCiM0BhlXxYRBGKi%2FQcXXfeA%3D&pfdrid_c=false HTTP/1.1" 500 383
47.128.56.181 - - [07/Jul/2024:08:14:37 -0500] "GET /BLA/resoluciones/AUTOS%202021/0245.php?act=f&d=E%3A%5Cnuevo%5Chtdocs%5CBLA%5Cresoluciones%5CAUTOS+2021&f=0287.pdf&ft=download HTTP/1.1" 200 757415
47.128.20.127 - - [07/Jul/2024:08:14:52 -0500] "GET /BLA/resoluciones/AUTOS%202021/0245.php?act=f&d=E%3A%5Cnuevo%5Chtdocs%5CBLA%5Cresoluciones%5CAUTOS+2021&f=6150.pdf&ft=download HTTP/1.1" 200 446119
181.59.2.131 - - [07/Jul/2024:08:14:55 -0500] "POST /sipse/faces/presentacion/financiero/solicitudProceso/consultarSolicitudProceso.xhtml HTTP/1.1" 200 6164
181.59.2.131 - - [07/Jul/2024:08:14:56 -0500] "GET /sipse/faces/javax.faces.resource/messages/messages.png?ln=primefaces&v=4.0 HTTP/1.1" 304 -
181.59.2.131 - - [07/Jul/2024:08:14:58 -0500] "POST /sipse/faces/presentacion/financiero/solicitudProceso/consultarSolicitudProceso.xhtml HTTP/1.1" 200 66347
181.59.2.131 - - [07/Jul/2024:08:15:03 -0500] "GET /sipse/faces/javax.faces.resource/theme.css?ln=primefaces-sipse HTTP/1.1" 304 -
181.59.2.131 - - [07/Jul/2024:08:15:03 -0500] "GET /sipse/faces/javax.faces.resource/primefaces.css?ln=primefaces&v=4.0 HTTP/1.1" 304 -
181.59.2.131 - - [07/Jul/2024:08:15:03 -0500] "GET /sipse/faces/javax.faces.resource/layout/layout.css?ln=primefaces&v=4.0 HTTP/1.1" 304 -
181.59.2.131 - - [07/Jul/2024:08:15:03 -0500] "GET /sipse/faces/javax.faces.resource/jquery/jquery.js?ln=primefaces&v=4.0 HTTP/1.1" 304 -
181.59.2.131 - - [07/Jul/2024:08:15:03 -0500] "GET /sipse/faces/javax.faces.resource/jquery/jquery-plugins.js?ln=primefaces&v=4.0 HTTP/1.1" 304 -
181.59.2.131 - - [07/Jul/2024:08:15:03 -0500] "GET /sipse/faces/javax.faces.resource/primefaces.js?ln=primefaces&v=4.0 HTTP/1.1" 304 -
181.59.2.131 - - [07/Jul/2024:08:15:03 -0500] "GET /sipse/faces/javax.faces.resource/layout/layout.js?ln=primefaces&v=4.0 HTTP/1.1" 304 -
181.59.2.131 - - [07/Jul/2024:08:15:03 -0500] "POST /sipse/faces/presentacion/financiero/solicitudProceso/listarSolicitudProceso.xhtml HTTP/1.1" 200 1556
181.59.2.131 - - [07/Jul/2024:08:15:07 -0500] "POST /sipse/faces/presentacion/financiero/solicitudProceso/listarSolicitudProceso.xhtml HTTP/1.1" 200 28628
47.128.115.129 - - [07/Jul/2024:08:15:07 -0500] "GET /BLA/resoluciones/AUTOS%202021/0245.php?act=f&d=E%3A%5Cnuevo%5Chtdocs%5CBLA%5Cresoluciones%5CAUTOS+2021&f=5132.pdf&ft=download HTTP/1.1" 200 417447
201.245.192.253 - - [07/Jul/2024:08:15:16 -0500] "GET /kwsrmcab/Wsrmcab?wsdl HTTP/1.1" 200 6948
47.128.42.221 - - [07/Jul/2024:08:15:22 -0500] "GET /BLA/resoluciones/AUTOS%202021/0245.php?act=f&d=E%3A%5Cnuevo%5Chtdocs%5CBLA%5Cresoluciones%5CRESOLUCIONES+2006%5CRES+2006+1-50&f=00000015.tif&ft=download HTTP/1.1" 200 38772
47.128.39.129 - - [07/Jul/2024:08:15:37 -0500] "GET /BLA/resoluciones/AUTOS%202021/0245.php?act=f&d=E%3A%5Cnuevo%5Chtdocs%5CAutoliquidacion%5CSolicitud+de+Clasificaci%F3n+de+Impacto+Ambiental&f=Solicitud+clasificacion+impacto+ambiental+lista+de+chequeo.pdf&ft=download HTTP/1.1" 200 47225
216.245.221.92 - - [07/Jul/2024:08:15:42 -0500] "HEAD / HTTP/1.1" 200 -
47.128.42.231 - - [07/Jul/2024:08:15:52 -0500] "GET /BLA/resoluciones/AUTOS%202021/0245.php?act=f&d=E%3A%5Cnuevo%5Chtdocs%5CBLA%5Cresoluciones%5CAUTOS+2021&f=2315.pdf&ft=download HTTP/1.1" 200 364199
181.59.2.131 - - [07/Jul/2024:08:15:54 -0500] "POST /sipse/faces/presentacion/financiero/solicitudProceso/listarSolicitudProceso.xhtml HTTP/1.1" 200 32010
181.59.2.131 - - [07/Jul/2024:08:15:57 -0500] "POST /sipse/faces/presentacion/financiero/solicitudProceso/listarSolicitudProceso.xhtml HTTP/1.1" 200 31957
47.128.44.173 - - [07/Jul/2024:08:16:07 -0500] "GET /BLA/resoluciones/AUTOS%202021/0245.php?act=f&d=E%3A%5Cnuevo%5Chtdocs%5CBLA%5Cresoluciones%5CRESOLUCIONES+2006%5CRES+2006+701-750&f=00000739.tif&ft=download HTTP/1.1" 200 215354
201.245.192.253 - - [07/Jul/2024:08:16:16 -0500] "GET /kwsrmcab/Wsrmcab?wsdl HTTP/1.1" 200 6948
201.245.192.253 - - [07/Jul/2024:08:16:21 -0500] "POST /kwsrmcab/Wsrmcab  HTTP/1.1" 200 38712
47.128.62.162 - - [07/Jul/2024:08:16:23 -0500] "GET /BLA/resoluciones/AUTOS%202021/0245.php?act=f&d=E%3A%5Cnuevo%5Chtdocs%5CBLA%5Cresoluciones%5CAUTOS+2021&f=0820.pdf&ft=download HTTP/1.1" 200 597671
201.245.192.253 - - [07/Jul/2024:08:16:24 -0500] "POST /forms/lservlet;jsessionid=ac16012b30d6716d42d0eef24d9cbe79d3fe11a80187.e3iSbxaKaheRe34OahmPbx4Oa3z0n6jAmljGr5XDqQLvpAe HTTP/1.1" 200 2
201.245.192.253 - - [07/Jul/2024:08:16:31 -0500] "POST /kwsrmcab/Wsrmcab HTTP/1.1" 200 33155
181.59.2.131 - - [07/Jul/2024:08:16:29 -0500] "POST /sipse/faces/presentacion/financiero/solicitudProceso/listarSolicitudProceso.xhtml HTTP/1.1" 200 152115
181.59.2.131 - - [07/Jul/2024:08:16:31 -0500] "GET /sipse/faces/javax.faces.resource/theme.css?ln=primefaces-sipse HTTP/1.1" 304 -
181.59.2.131 - - [07/Jul/2024:08:16:31 -0500] "GET /sipse/faces/javax.faces.resource/jquery/jquery.js?ln=primefaces&v=4.0 HTTP/1.1" 304 -
181.59.2.131 - - [07/Jul/2024:08:16:31 -0500] "GET /sipse/faces/javax.faces.resource/layout/layout.css?ln=primefaces&v=4.0 HTTP/1.1" 304 -
181.59.2.131 - - [07/Jul/2024:08:16:31 -0500] "GET /sipse/faces/javax.faces.resource/primefaces.css?ln=primefaces&v=4.0 HTTP/1.1" 304 -
181.59.2.131 - - [07/Jul/2024:08:16:31 -0500] "GET /sipse/faces/javax.faces.resource/jquery/jquery-plugins.js?ln=primefaces&v=4.0 HTTP/1.1" 304 -
181.59.2.131 - - [07/Jul/2024:08:16:31 -0500] "GET /sipse/faces/javax.faces.resource/primefaces.js?ln=primefaces&v=4.0 HTTP/1.1" 304 -
181.59.2.131 - - [07/Jul/2024:08:16:31 -0500] "GET /sipse/faces/javax.faces.resource/layout/layout.js?ln=primefaces&v=4.0 HTTP/1.1" 304 -
181.59.2.131 - - [07/Jul/2024:08:16:31 -0500] "GET /sipse/faces/javax.faces.resource/dynamiccontent.properties?ln=primefaces&pfdrid=XjOR5%2F%2FfPAZAuY9TpWQeCiM0BhlXxYRBGKi%2FQcXXfeA%3D&pfdrid_c=false HTTP/1.1" 500 383
201.245.192.253 - - [07/Jul/2024:08:16:31 -0500] "POST /kwsrmcab/Wsrmcab HTTP/1.1" 200 34835
47.128.24.239 - - [07/Jul/2024:08:16:38 -0500] "GET /BLA/resoluciones/AUTOS%202021/0245.php?act=f&d=E%3A%5Cnuevo%5Chtdocs%5CBLA%5Cresoluciones%5CAUTOS+2021&f=3079.pdf&ft=download HTTP/1.1" 200 368295
199.16.157.182 - - [07/Jul/2024:08:16:42 -0500] "GET /images/cr%C3%B3nica-29-nov-1_optimized.jpeg HTTP/1.1" 404 1034
47.128.38.44 - - [07/Jul/2024:08:16:53 -0500] "GET /BLA/resoluciones/AUTOS%202021/0245.php?act=f&d=E%3A%5Cnuevo%5Chtdocs%5CBLA%5Cresoluciones%5CAUTOS+2021&f=2681.pdf&ft=download HTTP/1.1" 200 368295
47.128.123.133 - - [07/Jul/2024:08:17:08 -0500] "GET /BLA/resoluciones/AUTOS%202021/0245.php?act=f&d=E%3A%5Cnuevo%5Chtdocs%5CBLA%5Cresoluciones%5CAUTOS+2021&f=5798.pdf&ft=download HTTP/1.1" 200 343719
201.245.192.253 - - [07/Jul/2024:08:17:16 -0500] "GET /kwsrmcab/Wsrmcab?wsdl HTTP/1.1" 200 6948
47.128.50.81 - - [07/Jul/2024:08:17:23 -0500] "GET /BLA/resoluciones/AUTOS%202021/0245.php?act=f&d=E%3A%5Cnuevo%5Chtdocs%5CResiduos%5Cimpresion%5Cimages%5C&f=page27.swf&ft=download&white=1 HTTP/1.1" 200 245413
47.128.38.142 - - [07/Jul/2024:08:17:38 -0500] "GET /BLA/resoluciones/AUTOS%202021/0245.php?act=f&d=E%3A%5Cnuevo%5Chtdocs%5CBLA%5Cresoluciones%5CRESOLUCIONES+2006%5CRES+2006+1751-1800&f=00001770.tif&ft=download HTTP/1.1" 200 199126
47.128.123.211 - - [07/Jul/2024:08:17:53 -0500] "GET /BLA/resoluciones/AUTOS%202021/0245.php?act=f&d=E%3A%5Cnuevo%5Chtdocs%5Ccumbredelclima&f=wp-login.php&ft=download HTTP/1.1" 200 34241
172.22.2.4 - - [07/Jul/2024:08:16:18 -0500] "HEAD /BLA/boletinlegal/ HTTP/1.1" 200 -
47.128.113.237 - - [07/Jul/2024:08:18:08 -0500] "GET /BLA/resoluciones/AUTOS%202021/0245.php?act=f&d=E%3A%5Cnuevo%5Chtdocs%5CBLA%5Cresoluciones%5CRESOLUCIONES+2006%5CRES+2006+1751-1800&f=00001791.tif&ft=download HTTP/1.1" 200 315043
201.245.192.253 - - [07/Jul/2024:08:18:16 -0500] "GET /kwsrmcab/Wsrmcab?wsdl HTTP/1.1" 200 6948
47.128.17.86 - - [07/Jul/2024:08:18:23 -0500] "GET /BLA/resoluciones/AUTOS%202021/0245.php?act=f&d=E%3A%5Cnuevo%5Chtdocs%5CResiduos%5Cimpresion%5Cimages%5C&f=page73.swf&ft=download&white=1 HTTP/1.1" 200 28716
201.245.192.253 - - [07/Jul/2024:08:18:24 -0500] "POST /forms/lservlet;jsessionid=ac16012b30d6716d42d0eef24d9cbe79d3fe11a80187.e3iSbxaKaheRe34OahmPbx4Oa3z0n6jAmljGr5XDqQLvpAe HTTP/1.1" 200 2
47.128.18.173 - - [07/Jul/2024:08:18:38 -0500] "GET /BLA/resoluciones/AUTOS%202021/0245.php?act=f&d=E%3A%5Cnuevo%5Chtdocs%5CBLA%5Cresoluciones%5CAUTOS+2021&f=6145.pdf&ft=download HTTP/1.1" 200 356007
172.22.2.4 - - [07/Jul/2024:08:17:09 -0500] "GET /BLA/boletinlegal/ HTTP/1.1" 200 60380
47.128.36.84 - - [07/Jul/2024:08:18:54 -0500] "GET /BLA/resoluciones/AUTOS%202021/0245.php?act=f&d=E%3A%5Cnuevo%5Chtdocs%5CBLA%5Cresoluciones%5CAUTOS+2021&f=3384.pdf&ft=download HTTP/1.1" 200 405159
47.128.50.172 - - [07/Jul/2024:08:19:09 -0500] "GET /BLA/resoluciones/AUTOS%202021/0245.php?act=f&d=E%3A%5Cnuevo%5Chtdocs%5CBLA%5Cresoluciones%5CAUTOS+2021&f=3152.pdf&ft=download HTTP/1.1" 200 360103
201.245.192.253 - - [07/Jul/2024:08:19:16 -0500] "GET /kwsrmcab/Wsrmcab?wsdl HTTP/1.1" 200 6948
47.128.114.249 - - [07/Jul/2024:08:19:24 -0500] "GET /BLA/resoluciones/AUTOS%202021/0245.php?act=f&d=E%3A%5Cnuevo%5Chtdocs%5CBLA%5Cresoluciones%5CAUTOS+2021&f=6143.pdf&ft=download HTTP/1.1" 200 364199
40.77.167.35 - - [07/Jul/2024:08:19:39 -0500] "GET /Publicaciones/2024EE34641.pdf HTTP/1.1" 404 227
47.128.33.251 - - [07/Jul/2024:08:19:39 -0500] "GET /BLA/resoluciones/AUTOS%202021/0245.php?act=f&d=E%3A%5Cnuevo%5Chtdocs%5CBLA%5Cresoluciones%5CAUTOS+2021&f=5908.pdf&ft=download HTTP/1.1" 200 351911
201.245.192.253 - - [07/Jul/2024:08:19:50 -0500] "POST /kwsrmcab/Wsrmcab HTTP/1.1" 200 34835
201.245.192.253 - - [07/Jul/2024:08:18:49 -0500] "POST /kwsrmcab/Wsrmcab HTTP/1.1" 200 14506
47.128.29.38 - - [07/Jul/2024:08:19:54 -0500] "GET /BLA/resoluciones/AUTOS%202021/0245.php?act=f&d=E%3A%5Cnuevo%5Chtdocs%5CBLA%5Cresoluciones%5CAUTOS+2021&f=6050.pdf&ft=download HTTP/1.1" 200 351911
40.77.167.19 - - [07/Jul/2024:08:20:09 -0500] "GET /distrito-anuncia-areas-potenciales-para-la-creacion-de-21-bosques-urbanos-y-avanza-en-la-meta-de-sembrar-802-000-arboles.html HTTP/1.1" 200 928
47.128.116.75 - - [07/Jul/2024:08:20:09 -0500] "GET /BLA/resoluciones/AUTOS%202021/0245.php?act=f&d=E%3A%5Cnuevo%5Chtdocs%5CBLA%5Cresoluciones%5CAUTOS+2021&f=1325.pdf&ft=download HTTP/1.1" 200 343719
201.245.192.253 - - [07/Jul/2024:08:20:16 -0500] "GET /kwsrmcab/Wsrmcab?wsdl HTTP/1.1" 200 6948
47.128.23.122 - - [07/Jul/2024:08:20:24 -0500] "GET /BLA/resoluciones/AUTOS%202021/0245.php?act=f&d=E%3A%5Cnuevo%5Chtdocs%5Ccumbredelclima%5Cwp-includes%5Cjs%5C&f=wp-emoji-loader.js&ft=download&white=1 HTTP/1.1" 200 3057
201.245.192.253 - - [07/Jul/2024:08:20:24 -0500] "POST /forms/lservlet;jsessionid=ac16012b30d6716d42d0eef24d9cbe79d3fe11a80187.e3iSbxaKaheRe34OahmPbx4Oa3z0n6jAmljGr5XDqQLvpAe HTTP/1.1" 200 2
172.22.2.4 - - [07/Jul/2024:08:18:54 -0500] "HEAD /BLA/boletinlegal/ HTTP/1.1" 200 -
47.128.41.184 - - [07/Jul/2024:08:20:39 -0500] "GET /BLA/resoluciones/AUTOS%202021/0245.php?act=f&d=E%3A%5Cnuevo%5Chtdocs%5CBLA%5Cresoluciones%5CAUTOS+2021&f=6029.pdf&ft=download HTTP/1.1" 200 347815
216.245.221.92 - - [07/Jul/2024:08:20:42 -0500] "HEAD / HTTP/1.1" 200 -
47.128.109.63 - - [07/Jul/2024:08:20:54 -0500] "GET /BLA/resoluciones/AUTOS%202021/0245.php?act=f&d=E%3A%5Cnuevo%5Chtdocs%5CBLA%5Cresoluciones%5CAUTOS+2021&f=4049.pdf&ft=download HTTP/1.1" 200 364199
47.128.48.177 - - [07/Jul/2024:08:21:09 -0500] "GET /BLA/resoluciones/AUTOS%202021/0245.php?act=f&d=E%3A%5Cnuevo%5Chtdocs%5CBLA%5Cresoluciones%5CRESOLUCIONES+2006%5CRES+2006+1101-1150&f=00001123.tif&ft=download HTTP/1.1" 200 130056
201.245.192.253 - - [07/Jul/2024:08:21:16 -0500] "GET /kwsrmcab/Wsrmcab?wsdl HTTP/1.1" 200 6948
201.245.192.253 - - [07/Jul/2024:08:21:20 -0500] "POST /kwsrmcab/Wsrmcab  HTTP/1.1" 200 38712
47.128.32.66 - - [07/Jul/2024:08:21:24 -0500] "GET /BLA/resoluciones/AUTOS%202021/0245.php?act=f&d=E%3A%5Cnuevo%5Chtdocs%5CBLA%5Cresoluciones%5CAUTOS+2021&f=0449.pdf&ft=download HTTP/1.1" 200 429735
45.148.10.251 - - [07/Jul/2024:08:21:36 -0500] "GET / HTTP/1.1" 200 319
201.245.192.253 - - [07/Jul/2024:08:22:16 -0500] "GET /kwsrmcab/Wsrmcab?wsdl HTTP/1.1" 200 6948
201.245.192.253 - - [07/Jul/2024:08:22:24 -0500] "POST /forms/lservlet;jsessionid=ac16012b30d6716d42d0eef24d9cbe79d3fe11a80187.e3iSbxaKaheRe34OahmPbx4Oa3z0n6jAmljGr5XDqQLvpAe HTTP/1.1" 200 2
181.59.2.131 - - [07/Jul/2024:08:22:51 -0500] "POST /sipse/faces/presentacion/financiero/solicitudProceso/consultarSolicitudProceso.xhtml HTTP/1.1" 200 22279
181.59.2.131 - - [07/Jul/2024:08:22:51 -0500] "GET /sipse/faces/javax.faces.resource/theme.css?ln=primefaces-sipse HTTP/1.1" 304 -
181.59.2.131 - - [07/Jul/2024:08:22:51 -0500] "GET /sipse/faces/javax.faces.resource/primefaces.css?ln=primefaces&v=4.0 HTTP/1.1" 304 -
181.59.2.131 - - [07/Jul/2024:08:22:51 -0500] "GET /sipse/faces/javax.faces.resource/jquery/jquery.js?ln=primefaces&v=4.0 HTTP/1.1" 304 -
181.59.2.131 - - [07/Jul/2024:08:22:51 -0500] "GET /sipse/faces/javax.faces.resource/layout/layout.css?ln=primefaces&v=4.0 HTTP/1.1" 304 -
181.59.2.131 - - [07/Jul/2024:08:22:51 -0500] "GET /sipse/faces/javax.faces.resource/jquery/jquery-plugins.js?ln=primefaces&v=4.0 HTTP/1.1" 304 -
181.59.2.131 - - [07/Jul/2024:08:22:51 -0500] "GET /sipse/faces/javax.faces.resource/fileupload/fileupload.css?ln=primefaces&v=4.0 HTTP/1.1" 304 -
181.59.2.131 - - [07/Jul/2024:08:22:51 -0500] "GET /sipse/faces/javax.faces.resource/primefaces.js?ln=primefaces&v=4.0 HTTP/1.1" 304 -
181.59.2.131 - - [07/Jul/2024:08:22:51 -0500] "GET /sipse/faces/javax.faces.resource/layout/layout.js?ln=primefaces&v=4.0 HTTP/1.1" 304 -
181.59.2.131 - - [07/Jul/2024:08:22:51 -0500] "GET /sipse/faces/javax.faces.resource/fileupload/fileupload.js?ln=primefaces&v=4.0 HTTP/1.1" 304 -
181.59.2.131 - - [07/Jul/2024:08:22:51 -0500] "GET /sipse/css/imagen/contrasena.png HTTP/1.1" 404 383
181.59.2.131 - - [07/Jul/2024:08:22:51 -0500] "GET /sipse/faces/javax.faces.resource/images/ui-icons_898989_256x240.png?ln=primefaces-aristo HTTP/1.1" 304 -
181.59.2.131 - - [07/Jul/2024:08:22:58 -0500] "GET /sipse/faces/javax.faces.resource/jquery/jquery.js?ln=primefaces&v=4.0 HTTP/1.1" 304 -
181.59.2.131 - - [07/Jul/2024:08:22:58 -0500] "GET /sipse/faces/javax.faces.resource/jquery/jquery-plugins.js?ln=primefaces&v=4.0 HTTP/1.1" 304 -
181.59.2.131 - - [07/Jul/2024:08:22:58 -0500] "GET /sipse/faces/javax.faces.resource/primefaces.css?ln=primefaces&v=4.0 HTTP/1.1" 304 -
181.59.2.131 - - [07/Jul/2024:08:22:58 -0500] "GET /sipse/faces/javax.faces.resource/layout/layout.css?ln=primefaces&v=4.0 HTTP/1.1" 304 -
181.59.2.131 - - [07/Jul/2024:08:22:58 -0500] "GET /sipse/faces/javax.faces.resource/theme.css?ln=primefaces-sipse HTTP/1.1" 304 -
181.59.2.131 - - [07/Jul/2024:08:22:58 -0500] "GET /sipse/faces/javax.faces.resource/primefaces.js?ln=primefaces&v=4.0 HTTP/1.1" 304 -
181.59.2.131 - - [07/Jul/2024:08:22:58 -0500] "GET /sipse/faces/javax.faces.resource/layout/layout.js?ln=primefaces&v=4.0 HTTP/1.1" 304 -
181.59.2.131 - - [07/Jul/2024:08:22:57 -0500] "POST /sipse/faces/presentacion/sistema/anexos/cargarAnexoSolicitudProceso.xhtml HTTP/1.1" 200 199881
181.59.2.131 - - [07/Jul/2024:08:22:58 -0500] "GET /sipse/faces/javax.faces.resource/images/ui-icons_898989_256x240.png?ln=primefaces-aristo HTTP/1.1" 304 -
181.59.2.131 - - [07/Jul/2024:08:22:59 -0500] "GET /sipse/faces/javax.faces.resource/dynamiccontent.properties?ln=primefaces&pfdrid=XjOR5%2F%2FfPAZAuY9TpWQeCiM0BhlXxYRBGKi%2FQcXXfeA%3D&pfdrid_c=false HTTP/1.1" 500 383
181.59.2.131 - - [07/Jul/2024:08:23:03 -0500] "POST /sipse/faces/presentacion/financiero/solicitudProceso/consultarSolicitudProceso.xhtml HTTP/1.1" 200 22279
181.59.2.131 - - [07/Jul/2024:08:23:03 -0500] "GET /sipse/faces/javax.faces.resource/theme.css?ln=primefaces-sipse HTTP/1.1" 304 -
181.59.2.131 - - [07/Jul/2024:08:23:03 -0500] "GET /sipse/faces/javax.faces.resource/layout/layout.css?ln=primefaces&v=4.0 HTTP/1.1" 304 -
181.59.2.131 - - [07/Jul/2024:08:23:03 -0500] "GET /sipse/faces/javax.faces.resource/jquery/jquery.js?ln=primefaces&v=4.0 HTTP/1.1" 304 -
181.59.2.131 - - [07/Jul/2024:08:23:03 -0500] "GET /sipse/faces/javax.faces.resource/primefaces.css?ln=primefaces&v=4.0 HTTP/1.1" 304 -
181.59.2.131 - - [07/Jul/2024:08:23:03 -0500] "GET /sipse/faces/javax.faces.resource/fileupload/fileupload.css?ln=primefaces&v=4.0 HTTP/1.1" 304 -
181.59.2.131 - - [07/Jul/2024:08:23:03 -0500] "GET /sipse/faces/javax.faces.resource/jquery/jquery-plugins.js?ln=primefaces&v=4.0 HTTP/1.1" 304 -
181.59.2.131 - - [07/Jul/2024:08:23:03 -0500] "GET /sipse/faces/javax.faces.resource/fileupload/fileupload.js?ln=primefaces&v=4.0 HTTP/1.1" 304 -
181.59.2.131 - - [07/Jul/2024:08:23:03 -0500] "GET /sipse/faces/javax.faces.resource/primefaces.js?ln=primefaces&v=4.0 HTTP/1.1" 304 -
181.59.2.131 - - [07/Jul/2024:08:23:03 -0500] "GET /sipse/faces/javax.faces.resource/layout/layout.js?ln=primefaces&v=4.0 HTTP/1.1" 304 -
181.59.2.131 - - [07/Jul/2024:08:23:11 -0500] "GET /sipse/faces/javax.faces.resource/theme.css?ln=primefaces-sipse HTTP/1.1" 304 -
181.59.2.131 - - [07/Jul/2024:08:23:11 -0500] "GET /sipse/faces/javax.faces.resource/jquery/jquery-plugins.js?ln=primefaces&v=4.0 HTTP/1.1" 304 -
181.59.2.131 - - [07/Jul/2024:08:23:11 -0500] "GET /sipse/faces/javax.faces.resource/jquery/jquery.js?ln=primefaces&v=4.0 HTTP/1.1" 304 -
181.59.2.131 - - [07/Jul/2024:08:23:11 -0500] "GET /sipse/faces/javax.faces.resource/primefaces.css?ln=primefaces&v=4.0 HTTP/1.1" 304 -
181.59.2.131 - - [07/Jul/2024:08:23:11 -0500] "GET /sipse/faces/javax.faces.resource/layout/layout.css?ln=primefaces&v=4.0 HTTP/1.1" 304 -
181.59.2.131 - - [07/Jul/2024:08:23:11 -0500] "GET /sipse/faces/javax.faces.resource/primefaces.js?ln=primefaces&v=4.0 HTTP/1.1" 304 -
181.59.2.131 - - [07/Jul/2024:08:23:11 -0500] "GET /sipse/faces/javax.faces.resource/layout/layout.js?ln=primefaces&v=4.0 HTTP/1.1" 304 -
181.59.2.131 - - [07/Jul/2024:08:23:10 -0500] "POST /sipse/faces/presentacion/sistema/anexos/cargarAnexoSolicitudProceso.xhtml HTTP/1.1" 200 201667
181.59.2.131 - - [07/Jul/2024:08:23:11 -0500] "GET /sipse/faces/javax.faces.resource/dynamiccontent.properties?ln=primefaces&pfdrid=XjOR5%2F%2FfPAZAuY9TpWQeCiM0BhlXxYRBGKi%2FQcXXfeA%3D&pfdrid_c=false HTTP/1.1" 500 383
201.245.192.253 - - [07/Jul/2024:08:23:16 -0500] "GET /kwsrmcab/Wsrmcab?wsdl HTTP/1.1" 200 6948
181.59.2.131 - - [07/Jul/2024:08:23:33 -0500] "GET /sipse/faces/javax.faces.resource/images/ui-icons_898989_256x240.png?ln=primefaces-aristo HTTP/1.1" 304 -
69.171.249.9 - - [07/Jul/2024:08:23:34 -0500] "GET /robots.txt HTTP/1.1" 404 1034
69.171.249.113 - - [07/Jul/2024:08:23:34 -0500] "GET /dia-internacional-de-la-tierra-actividades-para-estar-en-armonia-y-conexion-con-la-naturaleza.html HTTP/1.1" 200 927
47.128.52.111 - - [07/Jul/2024:08:23:46 -0500] "GET /BLA/resoluciones/AUTOS%202021/0245.php?act=f&d=E%3A%5Cnuevo%5Chtdocs%5CBLA%5Cresoluciones%5CAUTOS+2021&f=1715.pdf&ft=download HTTP/1.1" 200 388775
172.22.2.4 - - [07/Jul/2024:08:22:08 -0500] "HEAD /BLA/boletinlegal/ HTTP/1.1" 200 -
181.59.2.131 - - [07/Jul/2024:08:23:59 -0500] "GET /sipse/faces/javax.faces.resource/images/ui-bg_flat_0_2d5972_40x100.png?ln=primefaces-aristo HTTP/1.1" 304 -
181.59.2.131 - - [07/Jul/2024:08:23:59 -0500] "POST /sipse/faces/presentacion/financiero/solicitudProceso/consultarSolicitudProceso.xhtml HTTP/1.1" 200 6164
181.59.2.131 - - [07/Jul/2024:08:24:00 -0500] "GET /sipse/faces/javax.faces.resource/messages/messages.png?ln=primefaces&v=4.0 HTTP/1.1" 304 -
47.128.31.63 - - [07/Jul/2024:08:24:01 -0500] "GET /BLA/resoluciones/AUTOS%202021/0245.php?act=f&d=E%3A%5Cnuevo%5Chtdocs%5CBLA%5Cresoluciones%5CAUTOS+2021&f=5270.pdf&ft=download HTTP/1.1" 200 392871
181.59.2.131 - - [07/Jul/2024:08:24:07 -0500] "POST /sipse/faces/presentacion/financiero/solicitudProceso/consultarSolicitudProceso.xhtml HTTP/1.1" 200 6164
47.128.123.55 - - [07/Jul/2024:08:24:16 -0500] "GET /BLA/resoluciones/AUTOS%202021/0245.php?act=f&d=E%3A%5Cnuevo%5Chtdocs%5Ccumbredelclima%5Cwp-admin%5C&f=nav-menus.php&ft=download HTTP/1.1" 200 38832
201.245.192.253 - - [07/Jul/2024:08:24:16 -0500] "GET /kwsrmcab/Wsrmcab?wsdl HTTP/1.1" 200 6948
201.245.192.253 - - [07/Jul/2024:08:24:24 -0500] "POST /forms/lservlet;jsessionid=ac16012b30d6716d42d0eef24d9cbe79d3fe11a80187.e3iSbxaKaheRe34OahmPbx4Oa3z0n6jAmljGr5XDqQLvpAe HTTP/1.1" 200 2
47.128.123.9 - - [07/Jul/2024:08:24:31 -0500] "GET /BLA/resoluciones/AUTOS%202021/0245.php?act=f&d=E%3A%5Cnuevo%5Chtdocs%5Ccumbreclima%5Cwp-includes&f=wp-diff.php&ft=download HTTP/1.1" 200 15046
172.22.2.4 - - [07/Jul/2024:08:22:59 -0500] "GET /BLA/boletinlegal/ HTTP/1.1" 200 57889
181.59.2.131 - - [07/Jul/2024:08:24:45 -0500] "POST /sipse/faces/presentacion/financiero/solicitudProceso/consultarSolicitudProceso.xhtml HTTP/1.1" 200 6164
47.128.31.72 - - [07/Jul/2024:08:24:46 -0500] "GET /BLA/resoluciones/AUTOS%202021/0245.php?act=f&d=E%3A%5Cnuevo%5Chtdocs%5Ccumbreclima%5Cwp-admin&f=tools.php&ft=download HTTP/1.1" 200 5579
181.59.2.131 - - [07/Jul/2024:08:24:47 -0500] "POST /sipse/faces/presentacion/financiero/solicitudProceso/consultarSolicitudProceso.xhtml HTTP/1.1" 200 66347
181.59.2.131 - - [07/Jul/2024:08:24:52 -0500] "GET /sipse/faces/javax.faces.resource/theme.css?ln=primefaces-sipse HTTP/1.1" 304 -
181.59.2.131 - - [07/Jul/2024:08:24:52 -0500] "GET /sipse/faces/javax.faces.resource/jquery/jquery.js?ln=primefaces&v=4.0 HTTP/1.1" 304 -
181.59.2.131 - - [07/Jul/2024:08:24:52 -0500] "GET /sipse/faces/javax.faces.resource/primefaces.css?ln=primefaces&v=4.0 HTTP/1.1" 304 -
181.59.2.131 - - [07/Jul/2024:08:24:52 -0500] "GET /sipse/faces/javax.faces.resource/layout/layout.css?ln=primefaces&v=4.0 HTTP/1.1" 304 -
181.59.2.131 - - [07/Jul/2024:08:24:52 -0500] "GET /sipse/faces/javax.faces.resource/jquery/jquery-plugins.js?ln=primefaces&v=4.0 HTTP/1.1" 304 -
181.59.2.131 - - [07/Jul/2024:08:24:52 -0500] "GET /sipse/faces/javax.faces.resource/primefaces.js?ln=primefaces&v=4.0 HTTP/1.1" 304 -
181.59.2.131 - - [07/Jul/2024:08:24:52 -0500] "GET /sipse/faces/javax.faces.resource/layout/layout.js?ln=primefaces&v=4.0 HTTP/1.1" 304 -
181.59.2.131 - - [07/Jul/2024:08:24:52 -0500] "POST /sipse/faces/presentacion/financiero/solicitudProceso/listarSolicitudProceso.xhtml HTTP/1.1" 200 1556
181.59.2.131 - - [07/Jul/2024:08:25:02 -0500] "POST /sipse/faces/presentacion/financiero/solicitudProceso/listarSolicitudProceso.xhtml HTTP/1.1" 200 28603
47.128.19.22 - - [07/Jul/2024:08:25:01 -0500] "GET /BLA/resoluciones/AUTOS%202021/0245.php?act=f&d=C%3A%5CUsers%5CAdministrator%5CDownloads&f=autos%287%29.csv&ft=download HTTP/1.1" 200 10583713
201.245.192.253 - - [07/Jul/2024:08:25:16 -0500] "GET /kwsrmcab/Wsrmcab?wsdl HTTP/1.1" 200 6948
47.128.121.21 - - [07/Jul/2024:08:25:16 -0500] "GET /BLA/resoluciones/AUTOS%202021/0245.php?act=f&d=E%3A%5Cnuevo%5Chtdocs%5CBLA%5Cresoluciones%5CAUTOS+2021&f=2154.pdf&ft=download HTTP/1.1" 200 380583
181.59.2.131 - - [07/Jul/2024:08:25:17 -0500] "POST /sipse/faces/presentacion/financiero/solicitudProceso/listarSolicitudProceso.xhtml HTTP/1.1" 200 154882
181.59.2.131 - - [07/Jul/2024:08:25:19 -0500] "GET /sipse/faces/javax.faces.resource/theme.css?ln=primefaces-sipse HTTP/1.1" 304 -
181.59.2.131 - - [07/Jul/2024:08:25:19 -0500] "GET /sipse/faces/javax.faces.resource/primefaces.css?ln=primefaces&v=4.0 HTTP/1.1" 304 -
181.59.2.131 - - [07/Jul/2024:08:25:19 -0500] "GET /sipse/faces/javax.faces.resource/jquery/jquery.js?ln=primefaces&v=4.0 HTTP/1.1" 304 -
181.59.2.131 - - [07/Jul/2024:08:25:19 -0500] "GET /sipse/faces/javax.faces.resource/layout/layout.css?ln=primefaces&v=4.0 HTTP/1.1" 304 -
181.59.2.131 - - [07/Jul/2024:08:25:19 -0500] "GET /sipse/faces/javax.faces.resource/jquery/jquery-plugins.js?ln=primefaces&v=4.0 HTTP/1.1" 304 -
181.59.2.131 - - [07/Jul/2024:08:25:19 -0500] "GET /sipse/faces/javax.faces.resource/primefaces.js?ln=primefaces&v=4.0 HTTP/1.1" 304 -
181.59.2.131 - - [07/Jul/2024:08:25:19 -0500] "GET /sipse/faces/javax.faces.resource/layout/layout.js?ln=primefaces&v=4.0 HTTP/1.1" 304 -
181.59.2.131 - - [07/Jul/2024:08:25:20 -0500] "GET /sipse/faces/javax.faces.resource/dynamiccontent.properties?ln=primefaces&pfdrid=XjOR5%2F%2FfPAZAuY9TpWQeCiM0BhlXxYRBGKi%2FQcXXfeA%3D&pfdrid_c=false HTTP/1.1" 500 383
47.128.23.246 - - [07/Jul/2024:08:25:32 -0500] "GET /BLA/resoluciones/AUTOS%202021/0245.php?act=f&d=E%3A%5Cnuevo%5Chtdocs%5CBLA%5Cresoluciones%5CRESOLUCIONES+2006%5CRES+2006+2151-2200&f=00002194.tif&ft=download HTTP/1.1" 200 143766
216.245.221.92 - - [07/Jul/2024:08:25:42 -0500] "HEAD / HTTP/1.1" 200 -
47.128.51.219 - - [07/Jul/2024:08:25:47 -0500] "GET /BLA/resoluciones/AUTOS%202021/0245.php?act=f&d=E%3A%5Cnuevo%5Chtdocs%5CBLA%5Cresoluciones%5CAUTOS+2021&f=1274.pdf&ft=download HTTP/1.1" 200 401063
47.128.121.218 - - [07/Jul/2024:08:26:02 -0500] "GET /BLA/resoluciones/AUTOS%202021/0245.php?act=f&d=E%3A%5Cnuevo%5Chtdocs%5CBLA%5Cresoluciones%5CAUTOS+2021&f=6533.pdf&ft=download HTTP/1.1" 200 405159
201.245.192.253 - - [07/Jul/2024:08:26:16 -0500] "GET /kwsrmcab/Wsrmcab?wsdl HTTP/1.1" 200 6948
201.245.192.253 - - [07/Jul/2024:08:26:19 -0500] "POST /kwsrmcab/Wsrmcab  HTTP/1.1" 200 38712
201.245.192.253 - - [07/Jul/2024:08:26:24 -0500] "POST /forms/lservlet;jsessionid=ac16012b30d6716d42d0eef24d9cbe79d3fe11a80187.e3iSbxaKaheRe34OahmPbx4Oa3z0n6jAmljGr5XDqQLvpAe HTTP/1.1" 200 2
201.245.192.253 - - [07/Jul/2024:08:26:31 -0500] "POST /kwsrmcab/Wsrmcab HTTP/1.1" 200 33155
201.245.192.253 - - [07/Jul/2024:08:26:32 -0500] "POST /kwsrmcab/Wsrmcab HTTP/1.1" 200 34835
40.77.167.46 - - [07/Jul/2024:08:26:44 -0500] "GET /Publicaciones/2024EE123542.pdf HTTP/1.1" 404 228
201.245.192.253 - - [07/Jul/2024:08:27:16 -0500] "GET /kwsrmcab/Wsrmcab?wsdl HTTP/1.1" 200 6948
47.128.127.147 - - [07/Jul/2024:08:27:57 -0500] "GET /BLA/resoluciones/AUTOS%202021/0245.php?act=f&d=E%3A%5Cnuevo%5Chtdocs%5CBLA%5Cresoluciones%5CAUTOS+2021&f=2340.pdf&ft=download HTTP/1.1" 200 384679
185.224.128.43 - - [07/Jul/2024:08:28:04 -0500] "GET / HTTP/1.1" 200 319
181.59.2.131 - - [07/Jul/2024:08:28:04 -0500] "POST /sipse/faces/presentacion/financiero/solicitudProceso/consultarSolicitudProceso.xhtml HTTP/1.1" 200 65859
181.59.2.131 - - [07/Jul/2024:08:28:05 -0500] "GET /sipse/faces/javax.faces.resource/theme.css?ln=primefaces-sipse HTTP/1.1" 304 -
181.59.2.131 - - [07/Jul/2024:08:28:05 -0500] "GET /sipse/faces/javax.faces.resource/primefaces.css?ln=primefaces&v=4.0 HTTP/1.1" 304 -
181.59.2.131 - - [07/Jul/2024:08:28:05 -0500] "GET /sipse/faces/javax.faces.resource/layout/layout.css?ln=primefaces&v=4.0 HTTP/1.1" 304 -
181.59.2.131 - - [07/Jul/2024:08:28:05 -0500] "GET /sipse/faces/javax.faces.resource/jquery/jquery.js?ln=primefaces&v=4.0 HTTP/1.1" 304 -
181.59.2.131 - - [07/Jul/2024:08:28:05 -0500] "GET /sipse/faces/javax.faces.resource/jquery/jquery-plugins.js?ln=primefaces&v=4.0 HTTP/1.1" 304 -
181.59.2.131 - - [07/Jul/2024:08:28:05 -0500] "GET /sipse/faces/javax.faces.resource/primefaces.js?ln=primefaces&v=4.0 HTTP/1.1" 304 -
181.59.2.131 - - [07/Jul/2024:08:28:05 -0500] "GET /sipse/faces/javax.faces.resource/layout/layout.js?ln=primefaces&v=4.0 HTTP/1.1" 304 -
181.59.2.131 - - [07/Jul/2024:08:28:05 -0500] "POST /sipse/faces/presentacion/financiero/solicitudProceso/listarSolicitudProceso.xhtml HTTP/1.1" 200 59257
181.59.2.131 - - [07/Jul/2024:08:28:05 -0500] "POST /sipse/faces/presentacion/financiero/solicitudProceso/listarSolicitudProceso.xhtml HTTP/1.1" 200 59257
181.59.2.131 - - [07/Jul/2024:08:28:06 -0500] "POST /sipse/faces/presentacion/financiero/solicitudProceso/listarSolicitudProceso.xhtml HTTP/1.1" 200 1556
181.59.2.131 - - [07/Jul/2024:08:28:08 -0500] "POST /sipse/faces/presentacion/financiero/solicitudProceso/listarSolicitudProceso.xhtml HTTP/1.1" 200 1564
181.59.2.131 - - [07/Jul/2024:08:28:09 -0500] "POST /sipse/faces/presentacion/financiero/solicitudProceso/listarSolicitudProceso.xhtml HTTP/1.1" 200 1564
47.128.110.34 - - [07/Jul/2024:08:28:11 -0500] "GET /BLA/resoluciones/AUTOS%202021/0245.php?act=f&d=E%3A%5Cnuevo%5Chtdocs%5CBLA%5Cresoluciones%5CAUTOS+2021&f=4789.pdf&ft=download HTTP/1.1" 200 683687
201.245.192.253 - - [07/Jul/2024:08:28:16 -0500] "GET /kwsrmcab/Wsrmcab?wsdl HTTP/1.1" 200 6948
201.245.192.253 - - [07/Jul/2024:08:28:24 -0500] "POST /forms/lservlet;jsessionid=ac16012b30d6716d42d0eef24d9cbe79d3fe11a80187.e3iSbxaKaheRe34OahmPbx4Oa3z0n6jAmljGr5XDqQLvpAe HTTP/1.1" 200 2
47.128.34.6 - - [07/Jul/2024:08:28:26 -0500] "GET /BLA/resoluciones/AUTOS%202021/0245.php?act=f&d=E%3A%5Cnuevo%5Chtdocs%5CBLA%5Cresoluciones%5CRESOLUCIONES+2006%5CRES+2006+401-450&f=00000424.tif&ft=download HTTP/1.1" 200 191906
181.59.2.131 - - [07/Jul/2024:08:28:28 -0500] "POST /sipse/faces/presentacion/financiero/solicitudProceso/listarSolicitudProceso.xhtml HTTP/1.1" 200 59257
181.59.2.131 - - [07/Jul/2024:08:28:29 -0500] "POST /sipse/faces/presentacion/financiero/solicitudProceso/listarSolicitudProceso.xhtml HTTP/1.1" 200 59257
181.59.2.131 - - [07/Jul/2024:08:28:29 -0500] "POST /sipse/faces/presentacion/financiero/solicitudProceso/listarSolicitudProceso.xhtml HTTP/1.1" 200 59257
181.59.2.131 - - [07/Jul/2024:08:28:30 -0500] "POST /sipse/faces/presentacion/financiero/solicitudProceso/listarSolicitudProceso.xhtml HTTP/1.1" 200 59257
181.59.2.131 - - [07/Jul/2024:08:28:31 -0500] "POST /sipse/faces/presentacion/financiero/solicitudProceso/listarSolicitudProceso.xhtml HTTP/1.1" 200 1556
181.59.2.131 - - [07/Jul/2024:08:28:32 -0500] "POST /sipse/faces/presentacion/financiero/solicitudProceso/listarSolicitudProceso.xhtml HTTP/1.1" 200 1564
181.59.2.131 - - [07/Jul/2024:08:28:34 -0500] "POST /sipse/faces/presentacion/financiero/solicitudProceso/listarSolicitudProceso.xhtml HTTP/1.1" 200 1564
181.59.2.131 - - [07/Jul/2024:08:28:35 -0500] "POST /sipse/faces/presentacion/financiero/solicitudProceso/listarSolicitudProceso.xhtml HTTP/1.1" 200 1564
47.128.29.105 - - [07/Jul/2024:08:28:42 -0500] "GET /BLA/resoluciones/AUTOS%202021/0245.php?act=f&d=E%3A%5Cnuevo%5Chtdocs%5CBLA%5Cresoluciones%5CAUTOS+2021&f=4106.pdf&ft=download HTTP/1.1" 200 401063
201.245.192.253 - - [07/Jul/2024:08:28:49 -0500] "POST /kwsrmcab/Wsrmcab HTTP/1.1" 200 34836
47.128.43.161 - - [07/Jul/2024:08:28:57 -0500] "GET /BLA/resoluciones/AUTOS%202021/0245.php?act=f&d=E%3A%5Cnuevo%5Chtdocs%5CBLA%5Cresoluciones%5CRESOLUCIONES+2006%5CRES+2006+701-750&f=00000746.tif&ft=download HTTP/1.1" 200 162880
47.128.17.160 - - [07/Jul/2024:08:29:12 -0500] "GET /BLA/resoluciones/AUTOS%202021/0245.php?act=f&d=E%3A%5Cnuevo%5Chtdocs%5CBLA%5Cresoluciones%5CAUTOS+2021&f=4550.pdf&ft=download HTTP/1.1" 200 364199
201.245.192.253 - - [07/Jul/2024:08:29:16 -0500] "GET /kwsrmcab/Wsrmcab?wsdl HTTP/1.1" 200 6948
47.128.19.108 - - [07/Jul/2024:08:29:27 -0500] "GET /BLA/resoluciones/AUTOS%202021/0245.php?act=f&d=E%3A%5Cnuevo%5Chtdocs%5CBLA%5Cresoluciones%5CRESOLUCIONES+2000&f=2427.pdf&ft=download HTTP/1.1" 200 827047
172.22.2.4 - - [07/Jul/2024:08:27:58 -0500] "HEAD /BLA/boletinlegal/ HTTP/1.1" 200 -
47.128.59.193 - - [07/Jul/2024:08:29:42 -0500] "GET /BLA/resoluciones/AUTOS%202021/0245.php?act=f&d=E%3A%5Cnuevo%5Chtdocs%5CBLA%5Cresoluciones%5CAUTOS+2021&f=5498.pdf&ft=download HTTP/1.1" 200 515751
47.128.17.198 - - [07/Jul/2024:08:29:57 -0500] "GET /BLA/resoluciones/AUTOS%202021/0245.php?act=f&d=E%3A%5Cnuevo%5Chtdocs%5CResiduos%5Cimpresion%5Cimages&f=page16.swf&ft=download HTTP/1.1" 200 209151
47.128.18.74 - - [07/Jul/2024:08:30:12 -0500] "GET /BLA/resoluciones/AUTOS%202021/0245.php?act=f&d=E%3A%5Cnuevo%5Chtdocs%5CBLA%5Cresoluciones%5CAUTOS+2021&f=2553.pdf&ft=download HTTP/1.1" 200 495271
201.245.192.253 - - [07/Jul/2024:08:30:16 -0500] "GET /kwsrmcab/Wsrmcab?wsdl HTTP/1.1" 200 6948
201.245.192.253 - - [07/Jul/2024:08:30:24 -0500] "POST /forms/lservlet;jsessionid=ac16012b30d6716d42d0eef24d9cbe79d3fe11a80187.e3iSbxaKaheRe34OahmPbx4Oa3z0n6jAmljGr5XDqQLvpAe HTTP/1.1" 200 2
115.239.66.39 - - [07/Jul/2024:08:30:25 -0500] "GET / HTTP/1.1" 200 319
172.22.2.4 - - [07/Jul/2024:08:28:49 -0500] "GET /BLA/boletinlegal/ HTTP/1.1" 200 60380
47.128.115.90 - - [07/Jul/2024:08:30:40 -0500] "GET /BLA/resoluciones/AUTOS%202021/0245.php?act=f&d=E%3A%5Cnuevo%5Chtdocs%5CBLA%5Cresoluciones%5CAUTOS+2021&f=5395.pdf&ft=download HTTP/1.1" 200 310951
216.245.221.92 - - [07/Jul/2024:08:30:42 -0500] "HEAD / HTTP/1.1" 200 -
47.128.21.209 - - [07/Jul/2024:08:30:54 -0500] "GET /BLA/resoluciones/AUTOS%202021/0245.php?act=f&d=E%3A%5Cnuevo%5Chtdocs%5CBLA%5Cresoluciones%5CAUTOS+2021&f=4230.pdf&ft=download HTTP/1.1" 200 20135
201.245.192.253 - - [07/Jul/2024:08:29:38 -0500] "POST /kwsrmcab/Wsrmcab HTTP/1.1" 200 34835
47.128.20.133 - - [07/Jul/2024:08:31:09 -0500] "GET /BLA/resoluciones/AUTOS%202021/0245.php?act=f&d=E%3A%5Cnuevo%5Chtdocs%5CBLA%5Cresoluciones%5CAUTOS+2021&f=2040.pdf&ft=download HTTP/1.1" 200 368295
201.245.192.253 - - [07/Jul/2024:08:31:16 -0500] "GET /kwsrmcab/Wsrmcab?wsdl HTTP/1.1" 200 6948
201.245.192.253 - - [07/Jul/2024:08:31:17 -0500] "POST /kwsrmcab/Wsrmcab  HTTP/1.1" 200 38712
47.128.121.59 - - [07/Jul/2024:08:31:24 -0500] "GET /BLA/resoluciones/AUTOS%202021/0245.php?act=f&d=E%3A%5Cnuevo%5Chtdocs%5CResiduos%5Ccosmeticos%5Cimages&f=page81.swf&ft=download HTTP/1.1" 200 323237
47.128.122.127 - - [07/Jul/2024:08:31:40 -0500] "GET /BLA/resoluciones/AUTOS%202021/0245.php?act=f&d=E%3A%5Cnuevo%5Chtdocs%5CBLA%5Cresoluciones%5CAUTOS+2021&f=3974.pdf&ft=download HTTP/1.1" 200 20135
47.128.111.249 - - [07/Jul/2024:08:31:55 -0500] "GET /BLA/resoluciones/AUTOS%202021/0245.php?act=f&d=E%3A%5Cnuevo%5Chtdocs%5CBLA%5Cresoluciones%5CAUTOS+2021&f=2130.pdf&ft=download HTTP/1.1" 200 351911
47.128.121.58 - - [07/Jul/2024:08:32:10 -0500] "GET /BLA/resoluciones/AUTOS%202021/0245.php?act=f&d=E%3A%5Cnuevo%5Chtdocs%5CBLA%5Cresoluciones%5CAUTOS+2021&f=4776.pdf&ft=download HTTP/1.1" 200 20135
201.245.192.253 - - [07/Jul/2024:08:32:16 -0500] "GET /kwsrmcab/Wsrmcab?wsdl HTTP/1.1" 200 6948
201.245.192.253 - - [07/Jul/2024:08:32:24 -0500] "POST /forms/lservlet;jsessionid=ac16012b30d6716d42d0eef24d9cbe79d3fe11a80187.e3iSbxaKaheRe34OahmPbx4Oa3z0n6jAmljGr5XDqQLvpAe HTTP/1.1" 200 2
47.128.26.239 - - [07/Jul/2024:08:32:25 -0500] "GET /BLA/resoluciones/AUTOS%202021/0245.php?act=f&d=E%3A%5Cnuevo%5Chtdocs%5CBLA%5Cresoluciones%5CRESOLUCIONES+2006%5CRES+2006+1-50&f=00000002.tif&ft=download HTTP/1.1" 200 97955
47.128.111.21 - - [07/Jul/2024:08:32:40 -0500] "GET /BLA/resoluciones/AUTOS%202021/0245.php?act=f&d=E%3A%5Cnuevo%5Chtdocs%5CBLA%5Cresoluciones%5CAUTOS+2021&f=1557.pdf&ft=download HTTP/1.1" 200 356007
47.128.19.63 - - [07/Jul/2024:08:32:55 -0500] "GET /BLA/resoluciones/AUTOS%202021/0245.php?act=f&d=E%3A%5Cnuevo%5CMercuryMail%5C&f=mltpop32.hlp&ft=download HTTP/1.1" 200 11897
47.128.111.225 - - [07/Jul/2024:08:33:10 -0500] "GET /BLA/resoluciones/AUTOS%202021/0245.php?act=f&d=E%3A%5Cnuevo%5Chtdocs%5CBLA%5Cresoluciones%5CAUTOS+2021&f=1872.pdf&ft=download HTTP/1.1" 200 364199
201.245.192.253 - - [07/Jul/2024:08:33:16 -0500] "GET /kwsrmcab/Wsrmcab?wsdl HTTP/1.1" 200 6948
47.128.116.87 - - [07/Jul/2024:08:33:25 -0500] "GET /BLA/resoluciones/AUTOS%202021/0245.php?act=f&d=E%3A%5Cnuevo%5Chtdocs%5CBLA%5Cresoluciones%5CAUTOS+2021&f=0576.pdf&ft=download HTTP/1.1" 200 97959
91.92.249.227 - - [07/Jul/2024:08:33:41 -0500] "GET /.git/config HTTP/1.1" 404 1018
47.128.124.51 - - [07/Jul/2024:08:33:40 -0500] "GET /BLA/resoluciones/AUTOS%202021/0245.php?act=f&d=E%3A%5Cnuevo%5Chtdocs%5CBLA%5Cresoluciones%5CAUTOS+2021&f=4103.pdf&ft=download HTTP/1.1" 200 97959
47.128.19.60 - - [07/Jul/2024:08:33:55 -0500] "GET /BLA/resoluciones/AUTOS%202021/0245.php?act=f&d=E%3A%5Cnuevo%5CMercuryMail%5C&f=ph32.dll&ft=download HTTP/1.1" 200 97792
83.147.52.37 - - [07/Jul/2024:08:34:08 -0500] "GET /env.js HTTP/1.1" 404 1018
47.128.19.219 - - [07/Jul/2024:08:34:10 -0500] "GET /BLA/resoluciones/AUTOS%202021/0245.php?act=f&d=E%3A%5Cnuevo%5Chtdocs%5CBLA%5Cresoluciones%5CRESOLUCIONES+2006%5CRES+2006+301-350&f=00000350.tif&ft=download HTTP/1.1" 200 1707682
201.245.192.253 - - [07/Jul/2024:08:34:16 -0500] "GET /kwsrmcab/Wsrmcab?wsdl HTTP/1.1" 200 6948
201.245.192.253 - - [07/Jul/2024:08:34:24 -0500] "POST /forms/lservlet;jsessionid=ac16012b30d6716d42d0eef24d9cbe79d3fe11a80187.e3iSbxaKaheRe34OahmPbx4Oa3z0n6jAmljGr5XDqQLvpAe HTTP/1.1" 200 2
47.128.96.163 - - [07/Jul/2024:08:34:26 -0500] "GET /BLA/resoluciones/AUTOS%202021/0245.php?act=f&d=E%3A%5Cnuevo%5Chtdocs%5CBLA%5Cresoluciones%5CAUTOS+2021&f=0272.pdf&ft=download HTTP/1.1" 200 396967
47.128.19.237 - - [07/Jul/2024:08:34:41 -0500] "GET /BLA/resoluciones/AUTOS%202021/0245.php?act=f&d=E%3A%5Cnuevo%5Chtdocs%5CBLA%5Cresoluciones%5CRESOLUCIONES+2006%5CRES+2006+1951-2000&f=00001958.tif&ft=download HTTP/1.1" 200 156062
47.128.127.121 - - [07/Jul/2024:08:34:56 -0500] "GET /BLA/resoluciones/AUTOS%202021/0245.php?act=f&d=E%3A%5Cnuevo%5Chtdocs%5CBLA%5Cresoluciones%5CRESOLUCIONES+2006%5CRES+2006+1-50&f=00000026.tif&ft=download HTTP/1.1" 200 43804
47.128.114.48 - - [07/Jul/2024:08:35:11 -0500] "GET /BLA/resoluciones/AUTOS%202021/0245.php?act=f&d=E%3A%5Cnuevo%5Chtdocs%5CBLA%5Cresoluciones%5CAUTOS+2021&f=2163.pdf&ft=download HTTP/1.1" 200 261798
201.245.192.253 - - [07/Jul/2024:08:35:16 -0500] "GET /kwsrmcab/Wsrmcab?wsdl HTTP/1.1" 200 6948
47.128.97.185 - - [07/Jul/2024:08:35:26 -0500] "GET /BLA/resoluciones/AUTOS%202021/0245.php?act=f&d=E%3A%5Cnuevo%5Chtdocs%5Ccumbreclima%5Cwp-includes&f=class-wp-editor.php&ft=download HTTP/1.1" 200 52962
172.22.2.4 - - [07/Jul/2024:08:33:48 -0500] "HEAD /BLA/boletinlegal/ HTTP/1.1" 200 -
47.128.28.224 - - [07/Jul/2024:08:35:41 -0500] "GET /BLA/resoluciones/AUTOS%202021/0245.php?act=f&d=E%3A%5Cnuevo%5Chtdocs%5Ccumbredelclima%5Cwp-includes%5C&f=nav-menu.php&ft=download HTTP/1.1" 200 29172
216.245.221.92 - - [07/Jul/2024:08:35:42 -0500] "HEAD / HTTP/1.1" 200 -
47.128.109.33 - - [07/Jul/2024:08:35:56 -0500] "GET /BLA/resoluciones/AUTOS%202021/0245.php?act=f&d=E%3A%5Cnuevo%5Chtdocs%5CBLA%5Cresoluciones%5CAUTOS+2021&f=4233.pdf&ft=download HTTP/1.1" 200 413351
47.128.99.250 - - [07/Jul/2024:08:36:11 -0500] "GET /BLA/resoluciones/AUTOS%202021/0245.php?act=f&d=E%3A%5Cnuevo%5Chtdocs%5CBLA%5Cresoluciones%5CAUTOS+2021&f=2772.pdf&ft=download HTTP/1.1" 200 478887
201.245.192.253 - - [07/Jul/2024:08:36:16 -0500] "GET /kwsrmcab/Wsrmcab?wsdl HTTP/1.1" 200 6948
172.22.2.4 - - [07/Jul/2024:08:34:39 -0500] "GET /BLA/boletinlegal/ HTTP/1.1" 200 47256
201.245.192.253 - - [07/Jul/2024:08:36:24 -0500] "POST /forms/lservlet;jsessionid=ac16012b30d6716d42d0eef24d9cbe79d3fe11a80187.e3iSbxaKaheRe34OahmPbx4Oa3z0n6jAmljGr5XDqQLvpAe HTTP/1.1" 200 2
47.128.39.117 - - [07/Jul/2024:08:36:26 -0500] "GET /BLA/resoluciones/AUTOS%202021/0245.php?act=f&d=E%3A%5Cnuevo%5Chtdocs%5CBLA%5Cresoluciones%5CAUTOS+2021&f=4509.pdf&ft=download HTTP/1.1" 200 351911
201.245.192.253 - - [07/Jul/2024:08:36:15 -0500] "POST /kwsrmcab/Wsrmcab  HTTP/1.1" 200 14501
201.245.192.253 - - [07/Jul/2024:08:36:30 -0500] "POST /kwsrmcab/Wsrmcab HTTP/1.1" 200 33155
201.245.192.253 - - [07/Jul/2024:08:36:32 -0500] "POST /kwsrmcab/Wsrmcab HTTP/1.1" 200 34835
47.128.113.94 - - [07/Jul/2024:08:36:41 -0500] "GET /BLA/resoluciones/AUTOS%202021/0245.php?act=f&d=E%3A%5Cnuevo%5Chtdocs%5CBLA%5Cresoluciones%5CAUTOS+2021&f=2228.pdf&ft=download HTTP/1.1" 200 1097382
47.128.35.216 - - [07/Jul/2024:08:36:56 -0500] "GET /BLA/resoluciones/AUTOS%202021/0245.php?act=f&d=E%3A%5Cnuevo%5Chtdocs%5Csig%5CGestion+Documental%5Cdlf&f=video.gif&ft=download HTTP/1.1" 200 614
66.249.66.19 - - [07/Jul/2024:08:35:21 -0500] "GET /BLA/boletinlegal/ HTTP/1.1" 200 51561
66.249.66.19 - - [07/Jul/2024:08:37:01 -0500] "GET /BLA/resoluciones/RESOLUCIONES%202002/RES%202002%201251-1301/20021294.tif HTTP/1.1" 200 98020
66.249.66.19 - - [07/Jul/2024:08:37:02 -0500] "GET /BLA/boletinlegal/js/jquery.js HTTP/1.1" 200 57254
40.77.167.23 - - [07/Jul/2024:08:37:06 -0500] "GET /BLA/resoluciones/index.php?dir=RESOLUCIONES+2013%2F HTTP/1.1" 200 238278
201.245.192.253 - - [07/Jul/2024:08:37:16 -0500] "GET /kwsrmcab/Wsrmcab?wsdl HTTP/1.1" 200 6948
201.245.192.253 - - [07/Jul/2024:08:37:23 -0500] "POST /kwsrmcab/Wsrmcab  HTTP/1.1" 200 38712
201.245.192.253 - - [07/Jul/2024:08:38:16 -0500] "GET /kwsrmcab/Wsrmcab?wsdl HTTP/1.1" 200 6948
141.98.83.197 - - [07/Jul/2024:08:38:19 -0500] "GET / HTTP/1.1" 200 319
201.245.192.253 - - [07/Jul/2024:08:38:24 -0500] "POST /forms/lservlet;jsessionid=ac16012b30d6716d42d0eef24d9cbe79d3fe11a80187.e3iSbxaKaheRe34OahmPbx4Oa3z0n6jAmljGr5XDqQLvpAe HTTP/1.1" 200 2
201.245.192.253 - - [07/Jul/2024:08:38:49 -0500] "POST /kwsrmcab/Wsrmcab HTTP/1.1" 200 34836
201.245.192.253 - - [07/Jul/2024:08:38:24 -0500] "POST /kwsrmcab/Wsrmcab  HTTP/1.1" 200 16384
201.245.192.253 - - [07/Jul/2024:08:39:16 -0500] "GET /kwsrmcab/Wsrmcab?wsdl HTTP/1.1" 200 6948
201.245.192.253 - - [07/Jul/2024:08:39:32 -0500] "POST /kwsrmcab/Wsrmcab  HTTP/1.1" 200 38712
201.245.192.253 - - [07/Jul/2024:08:39:40 -0500] "POST /kwsrmcab/Wsrmcab HTTP/1.1" 200 34835
91.92.249.227 - - [07/Jul/2024:08:39:52 -0500] "GET /.git/config HTTP/1.1" 404 1018
201.245.192.253 - - [07/Jul/2024:08:40:16 -0500] "GET /kwsrmcab/Wsrmcab?wsdl HTTP/1.1" 200 6948
201.245.192.253 - - [07/Jul/2024:08:40:24 -0500] "POST /forms/lservlet;jsessionid=ac16012b30d6716d42d0eef24d9cbe79d3fe11a80187.e3iSbxaKaheRe34OahmPbx4Oa3z0n6jAmljGr5XDqQLvpAe HTTP/1.1" 200 2
201.245.192.253 - - [07/Jul/2024:08:40:40 -0500] "POST /kwsrmcab/Wsrmcab  HTTP/1.1" 200 38712
216.245.221.92 - - [07/Jul/2024:08:40:42 -0500] "HEAD / HTTP/1.1" 200 -
172.22.2.4 - - [07/Jul/2024:08:39:04 -0500] "HEAD /BLA/boletinlegal/ HTTP/1.1" 200 -
201.245.192.253 - - [07/Jul/2024:08:41:16 -0500] "GET /kwsrmcab/Wsrmcab?wsdl HTTP/1.1" 200 6948
172.22.2.4 - - [07/Jul/2024:08:39:38 -0500] "HEAD /BLA/boletinlegal/ HTTP/1.1" 200 -
172.22.2.4 - - [07/Jul/2024:08:40:29 -0500] "GET /BLA/boletinlegal/ HTTP/1.1" 200 53419
201.245.192.253 - - [07/Jul/2024:08:42:16 -0500] "GET /kwsrmcab/Wsrmcab?wsdl HTTP/1.1" 200 6948
201.245.192.253 - - [07/Jul/2024:08:42:24 -0500] "POST /forms/lservlet;jsessionid=ac16012b30d6716d42d0eef24d9cbe79d3fe11a80187.e3iSbxaKaheRe34OahmPbx4Oa3z0n6jAmljGr5XDqQLvpAe HTTP/1.1" 200 2
172.22.2.4 - - [07/Jul/2024:08:42:50 -0500] "GET /BLA/boletinlegal/jurisprudencia/analisis/AnalisisT-095-16.docx HTTP/1.1" 304 -
201.245.192.253 - - [07/Jul/2024:08:43:16 -0500] "GET /kwsrmcab/Wsrmcab?wsdl HTTP/1.1" 200 6948
52.167.144.219 - - [07/Jul/2024:08:44:09 -0500] "GET /participa-en-la-convocatoria-para-el-aseguramiento-metrologico-de-la-red-de-monitoreo-de-calidad-del-aire-de-bogota.html HTTP/1.1" 200 848
201.245.192.253 - - [07/Jul/2024:08:44:16 -0500] "GET /kwsrmcab/Wsrmcab?wsdl HTTP/1.1" 200 6948
201.245.192.253 - - [07/Jul/2024:08:44:24 -0500] "POST /forms/lservlet;jsessionid=ac16012b30d6716d42d0eef24d9cbe79d3fe11a80187.e3iSbxaKaheRe34OahmPbx4Oa3z0n6jAmljGr5XDqQLvpAe HTTP/1.1" 200 2
201.245.192.253 - - [07/Jul/2024:08:45:16 -0500] "GET /kwsrmcab/Wsrmcab?wsdl HTTP/1.1" 200 6948
201.245.192.253 - - [07/Jul/2024:08:45:39 -0500] "POST /kwsrmcab/Wsrmcab  HTTP/1.1" 200 38712
216.245.221.92 - - [07/Jul/2024:08:45:42 -0500] "HEAD / HTTP/1.1" 200 -
201.245.192.253 - - [07/Jul/2024:08:46:16 -0500] "GET /kwsrmcab/Wsrmcab?wsdl HTTP/1.1" 200 6948
201.245.192.253 - - [07/Jul/2024:08:46:24 -0500] "POST /forms/lservlet;jsessionid=ac16012b30d6716d42d0eef24d9cbe79d3fe11a80187.e3iSbxaKaheRe34OahmPbx4Oa3z0n6jAmljGr5XDqQLvpAe HTTP/1.1" 200 2
172.22.2.4 - - [07/Jul/2024:08:45:28 -0500] "HEAD /BLA/boletinlegal/ HTTP/1.1" 200 -
201.245.192.253 - - [07/Jul/2024:08:47:16 -0500] "GET /kwsrmcab/Wsrmcab?wsdl HTTP/1.1" 200 6948
172.22.2.4 - - [07/Jul/2024:08:46:19 -0500] "GET /BLA/boletinlegal/ HTTP/1.1" 200 56779
201.245.192.253 - - [07/Jul/2024:08:48:16 -0500] "GET /kwsrmcab/Wsrmcab?wsdl HTTP/1.1" 200 6948
52.167.144.226 - - [07/Jul/2024:08:48:20 -0500] "GET /sipse/faces/faces/index.xhtml HTTP/1.1" 200 677
201.245.192.253 - - [07/Jul/2024:08:48:24 -0500] "POST /forms/lservlet;jsessionid=ac16012b30d6716d42d0eef24d9cbe79d3fe11a80187.e3iSbxaKaheRe34OahmPbx4Oa3z0n6jAmljGr5XDqQLvpAe HTTP/1.1" 200 2
87.236.176.163 - - [07/Jul/2024:08:48:42 -0500] "GET / HTTP/1.1" 200 319
66.249.66.21 - - [07/Jul/2024:08:48:43 -0500] "GET /BLA/resoluciones/RESOLUCIONES%202004/RES%202004%20301-350/00000315.tif HTTP/1.1" 200 1272656
201.245.192.253 - - [07/Jul/2024:08:49:16 -0500] "GET /kwsrmcab/Wsrmcab?wsdl HTTP/1.1" 200 6948
