152.203.58.57 - - [07/Jul/2024:13:08:35 -0500] "POST /sipse/faces/presentacion/financiero/estudioPrevio/personalSolicitado/asociarProfesionPersonalSolicitado.xhtml HTTP/1.1" 200 56086
152.203.58.57 - - [07/Jul/2024:13:08:36 -0500] "GET /sipse/faces/javax.faces.resource/primefaces.css?ln=primefaces&v=4.0 HTTP/1.1" 304 -
152.203.58.57 - - [07/Jul/2024:13:08:36 -0500] "GET /sipse/faces/javax.faces.resource/theme.css?ln=primefaces-sipse HTTP/1.1" 304 -
152.203.58.57 - - [07/Jul/2024:13:08:36 -0500] "GET /sipse/faces/javax.faces.resource/layout/layout.css?ln=primefaces&v=4.0 HTTP/1.1" 304 -
152.203.58.57 - - [07/Jul/2024:13:08:36 -0500] "GET /sipse/faces/javax.faces.resource/primefaces.js?ln=primefaces&v=4.0 HTTP/1.1" 304 -
152.203.58.57 - - [07/Jul/2024:13:08:36 -0500] "GET /sipse/faces/javax.faces.resource/jquery/jquery.js?ln=primefaces&v=4.0 HTTP/1.1" 304 -
152.203.58.57 - - [07/Jul/2024:13:08:36 -0500] "GET /sipse/faces/javax.faces.resource/jquery/jquery-plugins.js?ln=primefaces&v=4.0 HTTP/1.1" 304 -
152.203.58.57 - - [07/Jul/2024:13:08:36 -0500] "GET /sipse/faces/javax.faces.resource/layout/layout.js?ln=primefaces&v=4.0 HTTP/1.1" 304 -
152.203.58.57 - - [07/Jul/2024:13:08:36 -0500] "POST /sipse/faces/presentacion/financiero/estudioPrevio/personalSolicitado/personalSolicitadoSolicitudProceso.xhtml HTTP/1.1" 200 36809
152.203.58.57 - - [07/Jul/2024:13:08:37 -0500] "GET /sipse/faces/javax.faces.resource/theme.css?ln=primefaces-sipse HTTP/1.1" 304 -
152.203.58.57 - - [07/Jul/2024:13:08:37 -0500] "GET /sipse/faces/javax.faces.resource/layout/layout.css?ln=primefaces&v=4.0 HTTP/1.1" 304 -
152.203.58.57 - - [07/Jul/2024:13:08:37 -0500] "GET /sipse/faces/javax.faces.resource/primefaces.css?ln=primefaces&v=4.0 HTTP/1.1" 304 -
152.203.58.57 - - [07/Jul/2024:13:08:37 -0500] "GET /sipse/faces/javax.faces.resource/jquery/jquery.js?ln=primefaces&v=4.0 HTTP/1.1" 304 -
152.203.58.57 - - [07/Jul/2024:13:08:37 -0500] "GET /sipse/faces/javax.faces.resource/jquery/jquery-plugins.js?ln=primefaces&v=4.0 HTTP/1.1" 304 -
152.203.58.57 - - [07/Jul/2024:13:08:37 -0500] "GET /sipse/faces/javax.faces.resource/primefaces.js?ln=primefaces&v=4.0 HTTP/1.1" 304 -
152.203.58.57 - - [07/Jul/2024:13:08:37 -0500] "GET /sipse/faces/javax.faces.resource/layout/layout.js?ln=primefaces&v=4.0 HTTP/1.1" 304 -
201.245.192.253 - - [07/Jul/2024:13:08:38 -0500] "POST /kwsrmcab/Wsrmcab  HTTP/1.1" 200 38712
152.203.58.57 - - [07/Jul/2024:13:08:40 -0500] "POST /sipse/faces/presentacion/financiero/estudioPrevio/personalSolicitado/asociarProfesionPersonalSolicitado.xhtml HTTP/1.1" 200 18401
152.203.58.57 - - [07/Jul/2024:13:08:45 -0500] "POST /sipse/faces/presentacion/financiero/estudioPrevio/personalSolicitado/asociarProfesionPersonalSolicitado.xhtml HTTP/1.1" 200 56086
152.203.58.57 - - [07/Jul/2024:13:08:45 -0500] "GET /sipse/faces/javax.faces.resource/theme.css?ln=primefaces-sipse HTTP/1.1" 304 -
152.203.58.57 - - [07/Jul/2024:13:08:45 -0500] "GET /sipse/faces/javax.faces.resource/jquery/jquery-plugins.js?ln=primefaces&v=4.0 HTTP/1.1" 304 -
152.203.58.57 - - [07/Jul/2024:13:08:45 -0500] "GET /sipse/faces/javax.faces.resource/primefaces.css?ln=primefaces&v=4.0 HTTP/1.1" 304 -
152.203.58.57 - - [07/Jul/2024:13:08:45 -0500] "GET /sipse/faces/javax.faces.resource/primefaces.js?ln=primefaces&v=4.0 HTTP/1.1" 304 -
152.203.58.57 - - [07/Jul/2024:13:08:45 -0500] "GET /sipse/faces/javax.faces.resource/jquery/jquery.js?ln=primefaces&v=4.0 HTTP/1.1" 304 -
152.203.58.57 - - [07/Jul/2024:13:08:45 -0500] "GET /sipse/faces/javax.faces.resource/layout/layout.css?ln=primefaces&v=4.0 HTTP/1.1" 304 -
152.203.58.57 - - [07/Jul/2024:13:08:45 -0500] "GET /sipse/faces/javax.faces.resource/layout/layout.js?ln=primefaces&v=4.0 HTTP/1.1" 304 -
216.244.66.195 - - [07/Jul/2024:13:08:47 -0500] "GET /BLA/resoluciones/AUTOS%202012/2437.pdf HTTP/1.1" 200 2316527
152.203.58.57 - - [07/Jul/2024:13:08:47 -0500] "POST /sipse/faces/presentacion/financiero/estudioPrevio/personalSolicitado/personalSolicitadoSolicitudProceso.xhtml HTTP/1.1" 200 178681
152.203.58.57 - - [07/Jul/2024:13:08:48 -0500] "GET /sipse/faces/javax.faces.resource/layout/layout.css?ln=primefaces&v=4.0 HTTP/1.1" 304 -
152.203.58.57 - - [07/Jul/2024:13:08:48 -0500] "GET /sipse/faces/javax.faces.resource/jquery/jquery-plugins.js?ln=primefaces&v=4.0 HTTP/1.1" 304 -
152.203.58.57 - - [07/Jul/2024:13:08:48 -0500] "GET /sipse/faces/javax.faces.resource/primefaces.css?ln=primefaces&v=4.0 HTTP/1.1" 304 -
152.203.58.57 - - [07/Jul/2024:13:08:48 -0500] "GET /sipse/faces/javax.faces.resource/jquery/jquery.js?ln=primefaces&v=4.0 HTTP/1.1" 304 -
152.203.58.57 - - [07/Jul/2024:13:08:48 -0500] "GET /sipse/faces/javax.faces.resource/theme.css?ln=primefaces-sipse HTTP/1.1" 304 -
152.203.58.57 - - [07/Jul/2024:13:08:48 -0500] "GET /sipse/faces/javax.faces.resource/layout/layout.js?ln=primefaces&v=4.0 HTTP/1.1" 304 -
152.203.58.57 - - [07/Jul/2024:13:08:48 -0500] "GET /sipse/faces/javax.faces.resource/primefaces.js?ln=primefaces&v=4.0 HTTP/1.1" 304 -
152.203.58.57 - - [07/Jul/2024:13:08:48 -0500] "GET /sipse/faces/javax.faces.resource/dynamiccontent.properties?ln=primefaces&pfdrid=XjOR5%2F%2FfPAZAuY9TpWQeCiM0BhlXxYRBGKi%2FQcXXfeA%3D&pfdrid_c=false HTTP/1.1" 500 383
66.249.66.20 - - [07/Jul/2024:13:08:52 -0500] "GET /BLA/resoluciones/RESOLUCIONES%202013/1262.pdf HTTP/1.1" 304 -
152.203.58.57 - - [07/Jul/2024:13:08:51 -0500] "POST /sipse/faces/presentacion/financiero/solicitudProceso/consultarSolicitudProceso.xhtml HTTP/1.1" 200 36905
152.203.58.57 - - [07/Jul/2024:13:09:00 -0500] "GET /sipse/faces/javax.faces.resource/theme.css?ln=primefaces-sipse HTTP/1.1" 304 -
152.203.58.57 - - [07/Jul/2024:13:09:00 -0500] "GET /sipse/faces/javax.faces.resource/primefaces.css?ln=primefaces&v=4.0 HTTP/1.1" 304 -
152.203.58.57 - - [07/Jul/2024:13:09:00 -0500] "GET /sipse/faces/javax.faces.resource/layout/layout.css?ln=primefaces&v=4.0 HTTP/1.1" 304 -
152.203.58.57 - - [07/Jul/2024:13:09:00 -0500] "GET /sipse/faces/javax.faces.resource/jquery/jquery.js?ln=primefaces&v=4.0 HTTP/1.1" 304 -
152.203.58.57 - - [07/Jul/2024:13:09:00 -0500] "GET /sipse/faces/javax.faces.resource/jquery/jquery-plugins.js?ln=primefaces&v=4.0 HTTP/1.1" 304 -
152.203.58.57 - - [07/Jul/2024:13:09:00 -0500] "GET /sipse/faces/javax.faces.resource/primefaces.js?ln=primefaces&v=4.0 HTTP/1.1" 304 -
152.203.58.57 - - [07/Jul/2024:13:09:00 -0500] "GET /sipse/faces/javax.faces.resource/layout/layout.js?ln=primefaces&v=4.0 HTTP/1.1" 304 -
152.203.58.57 - - [07/Jul/2024:13:09:01 -0500] "POST /sipse/faces/presentacion/financiero/solicitudProceso/listarSolicitudProceso.xhtml HTTP/1.1" 200 1396
201.245.192.253 - - [07/Jul/2024:13:09:15 -0500] "GET /kwsrmcab/Wsrmcab?wsdl HTTP/1.1" 200 6948
66.249.66.19 - - [07/Jul/2024:13:09:25 -0500] "GET /BLA/resoluciones/RESOLUCIONES%202004/RES%202004%202001-2050/00002027.tif HTTP/1.1" 200 80994
47.128.112.20 - - [07/Jul/2024:13:09:30 -0500] "GET /BLA/resoluciones/AUTOS%202021/0245.php?act=f&c=1&f=6975.pdf HTTP/1.1" 200 2740
216.244.66.195 - - [07/Jul/2024:13:09:37 -0500] "GET /BLA/resoluciones/AUTOS%202012/2465.pdf HTTP/1.1" 200 420635
172.22.2.4 - - [07/Jul/2024:13:07:58 -0500] "HEAD /BLA/boletinlegal/ HTTP/1.1" 200 -
47.128.46.179 - - [07/Jul/2024:13:09:40 -0500] "GET /BLA/resoluciones/AUTOS%202021/0245.php?act=f&f=sess_h0btte77s7m36dnutkgel4c2g2 HTTP/1.1" 200 2760
47.128.21.32 - - [07/Jul/2024:13:09:51 -0500] "GET /BLA/resoluciones/AUTOS%202021/0245.php?act=f&base64=3&f=126PM04-PR107-F-2+Solicitud+inscripcion.doc HTTP/1.1" 200 2772
47.128.125.252 - - [07/Jul/2024:13:10:01 -0500] "GET /BLA/resoluciones/AUTOS%202021/0245.php?act=chmod&f=sess_o0mhqddeap4976pkp2duo8gsd6 HTTP/1.1" 200 2715
47.128.27.250 - - [07/Jul/2024:13:10:12 -0500] "GET /BLA/resoluciones/AUTOS%202021/0245.php?act=f&f=sess_2t7oluq9tkg0dpe3lcnoiosdg6 HTTP/1.1" 200 2758
201.245.192.253 - - [07/Jul/2024:13:10:15 -0500] "GET /kwsrmcab/Wsrmcab?wsdl HTTP/1.1" 200 6948
47.128.114.121 - - [07/Jul/2024:13:10:22 -0500] "GET /BLA/resoluciones/AUTOS%202021/0245.php?act=f&c=1&f=6861.pdf HTTP/1.1" 200 2740
216.244.66.195 - - [07/Jul/2024:13:10:24 -0500] "GET /BLA/resoluciones/AUTOS%202012/2540.pdf HTTP/1.1" 200 1803430
201.245.192.253 - - [07/Jul/2024:13:10:25 -0500] "POST /forms/lservlet;jsessionid=ac16012b30d6716d42d0eef24d9cbe79d3fe11a80187.e3iSbxaKaheRe34OahmPbx4Oa3z0n6jAmljGr5XDqQLvpAe HTTP/1.1" 200 2
172.22.2.4 - - [07/Jul/2024:13:08:48 -0500] "GET /BLA/boletinlegal/ HTTP/1.1" 200 55442
47.128.34.91 - - [07/Jul/2024:13:10:33 -0500] "GET /BLA/resoluciones/AUTOS%202021/0245.php?act=f&c=1&f=7202.pdf HTTP/1.1" 200 2738
216.245.221.92 - - [07/Jul/2024:13:10:41 -0500] "HEAD / HTTP/1.1" 200 -
47.128.113.98 - - [07/Jul/2024:13:10:44 -0500] "GET /BLA/resoluciones/AUTOS%202021/0245.php?act=chmod&f=sess_k4a4cbtdvjc13es74hnu73s2t3 HTTP/1.1" 200 2715
47.128.121.235 - - [07/Jul/2024:13:10:54 -0500] "GET /BLA/resoluciones/AUTOS%202021/0245.php?act=f&c=1&f=7398.pdf HTTP/1.1" 200 2740
47.128.35.230 - - [07/Jul/2024:13:11:05 -0500] "GET /BLA/resoluciones/AUTOS%202021/0245.php?act=f&f=sess_i2hck9ipqii5s13lt0ffp0a9h2 HTTP/1.1" 200 2758
216.244.66.195 - - [07/Jul/2024:13:11:15 -0500] "GET /BLA/resoluciones/AUTOS%202012/2726.pdf HTTP/1.1" 200 392986
201.245.192.253 - - [07/Jul/2024:13:11:15 -0500] "GET /kwsrmcab/Wsrmcab?wsdl HTTP/1.1" 200 6948
152.203.58.57 - - [07/Jul/2024:13:11:37 -0500] "POST /sipse/faces/presentacion/financiero/solicitudProceso/listarSolicitudProceso.xhtml HTTP/1.1" 200 49419
152.203.58.57 - - [07/Jul/2024:13:11:43 -0500] "POST /sipse/faces/presentacion/financiero/solicitudProceso/listarSolicitudProceso.xhtml HTTP/1.1" 200 59013
152.203.58.57 - - [07/Jul/2024:13:11:44 -0500] "GET /sipse/faces/javax.faces.resource/theme.css?ln=primefaces-sipse HTTP/1.1" 304 -
152.203.58.57 - - [07/Jul/2024:13:11:44 -0500] "GET /sipse/faces/javax.faces.resource/primefaces.css?ln=primefaces&v=4.0 HTTP/1.1" 304 -
152.203.58.57 - - [07/Jul/2024:13:11:44 -0500] "GET /sipse/faces/javax.faces.resource/layout/layout.css?ln=primefaces&v=4.0 HTTP/1.1" 304 -
152.203.58.57 - - [07/Jul/2024:13:11:44 -0500] "GET /sipse/faces/javax.faces.resource/jquery/jquery.js?ln=primefaces&v=4.0 HTTP/1.1" 304 -
152.203.58.57 - - [07/Jul/2024:13:11:44 -0500] "GET /sipse/faces/javax.faces.resource/jquery/jquery-plugins.js?ln=primefaces&v=4.0 HTTP/1.1" 304 -
152.203.58.57 - - [07/Jul/2024:13:11:44 -0500] "GET /sipse/faces/javax.faces.resource/primefaces.js?ln=primefaces&v=4.0 HTTP/1.1" 304 -
152.203.58.57 - - [07/Jul/2024:13:11:44 -0500] "GET /sipse/faces/javax.faces.resource/layout/layout.js?ln=primefaces&v=4.0 HTTP/1.1" 304 -
152.203.58.57 - - [07/Jul/2024:13:11:54 -0500] "POST /sipse/faces/presentacion/financiero/solicitudProceso/crearModificarSolicitudProceso.xhtml HTTP/1.1" 200 51780
152.203.58.57 - - [07/Jul/2024:13:11:57 -0500] "POST /sipse/faces/presentacion/financiero/solicitudProceso/crearModificarSolicitudProceso.xhtml HTTP/1.1" 200 25133
152.203.58.57 - - [07/Jul/2024:13:12:01 -0500] "POST /sipse/faces/presentacion/financiero/solicitudProceso/crearModificarSolicitudProceso.xhtml HTTP/1.1" 200 6295
216.244.66.195 - - [07/Jul/2024:13:12:01 -0500] "GET /BLA/resoluciones/AUTOS%202012/2777.pdf HTTP/1.1" 200 347335
152.203.58.57 - - [07/Jul/2024:13:12:05 -0500] "POST /sipse/faces/presentacion/financiero/solicitudProceso/crearModificarSolicitudProceso.xhtml HTTP/1.1" 200 10231
152.203.58.57 - - [07/Jul/2024:13:12:08 -0500] "POST /sipse/faces/presentacion/financiero/solicitudProceso/crearModificarSolicitudProceso.xhtml HTTP/1.1" 200 9572
201.245.192.253 - - [07/Jul/2024:13:12:15 -0500] "GET /kwsrmcab/Wsrmcab?wsdl HTTP/1.1" 200 6948
152.203.58.57 - - [07/Jul/2024:13:12:21 -0500] "POST /sipse/faces/presentacion/financiero/solicitudProceso/crearModificarSolicitudProceso.xhtml HTTP/1.1" 200 63900
152.203.58.57 - - [07/Jul/2024:13:12:22 -0500] "GET /sipse/faces/javax.faces.resource/theme.css?ln=primefaces-sipse HTTP/1.1" 304 -
152.203.58.57 - - [07/Jul/2024:13:12:22 -0500] "GET /sipse/faces/javax.faces.resource/primefaces.css?ln=primefaces&v=4.0 HTTP/1.1" 304 -
152.203.58.57 - - [07/Jul/2024:13:12:22 -0500] "GET /sipse/faces/javax.faces.resource/jquery/jquery.js?ln=primefaces&v=4.0 HTTP/1.1" 304 -
152.203.58.57 - - [07/Jul/2024:13:12:22 -0500] "GET /sipse/faces/javax.faces.resource/jquery/jquery-plugins.js?ln=primefaces&v=4.0 HTTP/1.1" 304 -
152.203.58.57 - - [07/Jul/2024:13:12:22 -0500] "GET /sipse/faces/javax.faces.resource/primefaces.js?ln=primefaces&v=4.0 HTTP/1.1" 304 -
152.203.58.57 - - [07/Jul/2024:13:12:22 -0500] "GET /sipse/faces/javax.faces.resource/layout/layout.js?ln=primefaces&v=4.0 HTTP/1.1" 304 -
152.203.58.57 - - [07/Jul/2024:13:12:22 -0500] "GET /sipse/faces/javax.faces.resource/layout/layout.css?ln=primefaces&v=4.0 HTTP/1.1" 304 -
152.203.58.57 - - [07/Jul/2024:13:12:22 -0500] "POST /sipse/faces/presentacion/financiero/solicitudProceso/listarSolicitudProceso.xhtml HTTP/1.1" 200 57285
152.203.58.57 - - [07/Jul/2024:13:12:24 -0500] "POST /sipse/faces/presentacion/financiero/solicitudProceso/listarSolicitudProceso.xhtml HTTP/1.1" 200 57285
201.245.192.253 - - [07/Jul/2024:13:12:25 -0500] "POST /forms/lservlet;jsessionid=ac16012b30d6716d42d0eef24d9cbe79d3fe11a80187.e3iSbxaKaheRe34OahmPbx4Oa3z0n6jAmljGr5XDqQLvpAe HTTP/1.1" 200 2
152.203.58.57 - - [07/Jul/2024:13:12:24 -0500] "POST /sipse/faces/presentacion/financiero/solicitudProceso/listarSolicitudProceso.xhtml HTTP/1.1" 200 1556
152.203.58.57 - - [07/Jul/2024:13:12:31 -0500] "POST /sipse/faces/presentacion/financiero/solicitudProceso/listarSolicitudProceso.xhtml HTTP/1.1" 200 1564
216.244.66.195 - - [07/Jul/2024:13:12:43 -0500] "GET /BLA/resoluciones/AUTOS%202012/2957.pdf HTTP/1.1" 200 1861325
152.203.58.57 - - [07/Jul/2024:13:12:37 -0500] "POST /sipse/faces/presentacion/financiero/solicitudProceso/listarSolicitudProceso.xhtml HTTP/1.1" 200 1564
186.84.89.56 - - [07/Jul/2024:13:12:44 -0500] "GET /appsia/controlador HTTP/1.1" 200 4799
186.84.89.56 - - [07/Jul/2024:13:12:44 -0500] "GET /appsia/css/estilos.css HTTP/1.1" 200 4804
186.84.89.56 - - [07/Jul/2024:13:12:44 -0500] "GET /appsia/scripts/validarIngreso.js HTTP/1.1" 200 851
186.84.89.56 - - [07/Jul/2024:13:12:44 -0500] "GET /appsia/images/cabezoteHojaVida.png HTTP/1.1" 200 32493
186.84.89.56 - - [07/Jul/2024:13:12:44 -0500] "GET /appsia/images/logo_bogota_p.png HTTP/1.1" 200 14951
186.84.89.56 - - [07/Jul/2024:13:12:45 -0500] "GET /favicon.ico HTTP/1.1" 200 7782
201.245.192.253 - - [07/Jul/2024:13:13:15 -0500] "GET /kwsrmcab/Wsrmcab?wsdl HTTP/1.1" 200 6948
52.167.144.174 - - [07/Jul/2024:13:13:32 -0500] "GET /BLA/resoluciones/RESOLUCIONES%202023/01472.pdf HTTP/1.1" 200 764403
216.244.66.195 - - [07/Jul/2024:13:13:33 -0500] "GET /BLA/resoluciones/AUTOS%202013/0725.pdf HTTP/1.1" 200 1299404
201.245.192.253 - - [07/Jul/2024:13:13:37 -0500] "POST /kwsrmcab/Wsrmcab  HTTP/1.1" 200 38712
66.249.66.19 - - [07/Jul/2024:13:13:54 -0500] "GET /BLA/resoluciones/AUTOS%202023/05550.pdf HTTP/1.1" 304 -
201.245.192.253 - - [07/Jul/2024:13:14:15 -0500] "GET /kwsrmcab/Wsrmcab?wsdl HTTP/1.1" 200 6948
216.244.66.195 - - [07/Jul/2024:13:14:24 -0500] "GET /BLA/resoluciones/AUTOS%202013/1437.pdf HTTP/1.1" 200 1052243
201.245.192.253 - - [07/Jul/2024:13:14:25 -0500] "POST /forms/lservlet;jsessionid=ac16012b30d6716d42d0eef24d9cbe79d3fe11a80187.e3iSbxaKaheRe34OahmPbx4Oa3z0n6jAmljGr5XDqQLvpAe HTTP/1.1" 200 2
216.244.66.195 - - [07/Jul/2024:13:15:14 -0500] "GET /BLA/resoluciones/AUTOS%202013/1609.pdf HTTP/1.1" 200 432136
201.245.192.253 - - [07/Jul/2024:13:15:15 -0500] "GET /kwsrmcab/Wsrmcab?wsdl HTTP/1.1" 200 6948
172.22.2.4 - - [07/Jul/2024:13:13:48 -0500] "HEAD /BLA/boletinlegal/ HTTP/1.1" 200 -
216.245.221.92 - - [07/Jul/2024:13:15:41 -0500] "HEAD / HTTP/1.1" 200 -
216.244.66.195 - - [07/Jul/2024:13:15:49 -0500] "GET /BLA/resoluciones/AUTOS%202013/1702.pdf HTTP/1.1" 200 165427
201.245.192.253 - - [07/Jul/2024:13:16:15 -0500] "GET /kwsrmcab/Wsrmcab?wsdl HTTP/1.1" 200 6948
172.22.2.4 - - [07/Jul/2024:13:14:38 -0500] "GET /BLA/boletinlegal/ HTTP/1.1" 200 58273
216.244.66.195 - - [07/Jul/2024:13:16:20 -0500] "GET /BLA/resoluciones/AUTOS%202013/1820.pdf HTTP/1.1" 200 700201
201.245.192.253 - - [07/Jul/2024:13:16:25 -0500] "POST /forms/lservlet;jsessionid=ac16012b30d6716d42d0eef24d9cbe79d3fe11a80187.e3iSbxaKaheRe34OahmPbx4Oa3z0n6jAmljGr5XDqQLvpAe HTTP/1.1" 200 2
66.249.66.19 - - [07/Jul/2024:13:16:56 -0500] "GET /BLA/resoluciones/Notificaciones/RESOLUCIONES%202023/2788.pdf HTTP/1.1" 304 -
216.244.66.195 - - [07/Jul/2024:13:17:02 -0500] "GET /BLA/resoluciones/AUTOS%202013/1900.pdf HTTP/1.1" 200 581670
201.245.192.253 - - [07/Jul/2024:13:17:15 -0500] "GET /kwsrmcab/Wsrmcab?wsdl HTTP/1.1" 200 6948
216.244.66.195 - - [07/Jul/2024:13:17:32 -0500] "GET /BLA/resoluciones/AUTOS%202013/2119.pdf HTTP/1.1" 200 503654
201.245.192.253 - - [07/Jul/2024:13:16:30 -0500] "POST /kwsrmcab/Wsrmcab HTTP/1.1" 200 14506
201.245.192.253 - - [07/Jul/2024:13:17:30 -0500] "POST /kwsrmcab/Wsrmcab HTTP/1.1" 200 35052
181.32.168.168 - - [07/Jul/2024:13:17:53 -0500] "GET /kwssiamovil/sm/acme/a?s=U2FsdGVkX19CrmpvhWXez8TqD75Bi3Z3WWreleUqQ2Ca9QGiP6mezjQirQDo26j7YewFY8jOVynsvk1JWwelNJq+fVU4Huxrwc0UxjAFK7lb2OIi3OYOalx0nEmXm+JPIlrDBDE0pA9oq9lKX5jJiYi2nSnpoMbmVJwtGqv7XnpTENxp6dAn/sF+8RIsd0t3823xP6OhNjtw81FEmgqEp+R9YrWioe/sG9I+z6wCasp9fKDeEBe4NnhC2YD7nPfRtoWPtWGtDo+60z6RSZ0RdTv0jfnAxfY3RW4zkJGjkFY=&u=U2FsdGVkX1/KW8IHYehsqI0IQEm8vBEJYFOwAHs4phrGt4mzYkrCNr0UK+q62CpR&y=U2FsdGVkX18vdZL+9Wyjn0lOTzSzDlAcqPQvaeE+Ni1s0RvPQAvcoxpz9fMVKRJd HTTP/1.1" 200 26
181.32.168.168 - - [07/Jul/2024:13:17:54 -0500] "GET /kwssiamovil/sm/acme/a?s=U2FsdGVkX1+dtMjG+LPzEXsisMQMhL+aS069iSG3KOMNbvXf5LKdSKWLPoZIRP5clmkFvecgShofin2tfb7QU9BlncFoXG8EfueoKstu3LXa/ozGgXhcV+Ph7AGhZ8BSqxIEsaXsYaxRw6L+8+ig51OHm5uo3d+JPs30thHx8PYRpCs4FfNm1P/tTRrkLee+3RYGe9fNtlXMbbx5IAw3Yw8V8q3WjcsyHx3xI7iEt6+qtpyvC9BgV9gTNz50QV4onRrxEX6JqSqDDApoiaULhwqWNO0aMjLAObfLeiWf8cvx6X8T7XNE0TP5nmT9V0b1y0vCG7ME7WnuQJR9E0zpP4pU1ypl30vu1gT0fFD+12jBViXbLR+XZZOt85Ek/xbhrDjNKiHmXSNsy6Jxp6VQo9lV+yjRanLymauTcsEZ2zSL2RZE5MuDgXk0wJUWQ1kWgCRGlUARXIf0XBvXmE31+L6CE9Dn7FM+xAlbGImDJHj7HHK5Ps8MXOFFi5IzOoyh3yur1LfcdHzSu2P/Y4gaGVysKsazhARZ9HWvLnYD0i0AKclNETjsYGHVxKZwpi+NrGw45976t5dNz7L93g/PmWbihE4G5hvIPqzlULd8G8gLocJ09lEA74Bu/7XNKZsTIYrTSYFkaUVTqVdZMg+UTNkuIBtArhwSv36m7FMTc13QcrgaJDdqvOnq3VyhNeIVuYFKeVpsNat9OVSUa/n/uCfr2E+2PDAEhM0kYGbtfIh1Xyh/r3FAuNSbGM1EQ05cHgAAwpfB2CdQU2/HMCydPuM4ANEwMKiV/umd3by5d6gU72HNtVFhI2TFrd1lZI0CODW7h40OYSUVAY1ANucoT+flTsuPlofsI8HggqtpXBWG1KA3IejtNg1HKXLIPQQImGwC/+0vQepKk2PCt7/KHLKCEL0n26KgX4CHKGlWdzlprq9a+zpF3tS/EtFADjkefjihiVjy1QytWOLMZVHzEoSLBpNsxiF2SyM8AWThrBOCaFxQv1zfVMKfl1xgO76ny/e5plqiqt2vzp1/UZb73Xbf8ZqA1fd8xVKO5ZOnKHFYUAt/m2zrVa4HjP5zTQiYwfJNAtCgFXXh8Rbdd3DoJmij3DHle6y6c5iElhuk8fjIXRlpqi/OEkYwl6bWvAbvrU3kIoqunRIMPHh3hxSAC4VirZ44PLPqdHnmcJNnC1Ob2Er0MMK4tTJPdfIXUfAh+G6nzWhDOjYiCpOkvpH4ufqUv7K/oT7FR9punxxJu7tkgJ6vKD1hCbT4CW/G7B622pW9NEs1tkpbL5BH1+WCAMNKF8X9PE6dOQcg3nYNXxvNVnwe42tVJOA8MzdK1MWSALxLZzI6uH1bqYqe18/Dqjc253h9YWzdE3VOdFaPOvBLFAYErztvdQHXgiT8ez0RZX1jh6qy83zmGKa99Y39BKUkuS760eedzjrlKtvF2puWD9YwndJhpYjDBMK08rpe54dtSftfybK5roXCbuD3NJW7+nbLsIW3YiLJiz1P+fHQXqP173Scsy/2ba8njtm9r3IFzRBvRgItl2I187oBw0mQ6NZ6yfciBxfhU0YzQnwBnT7IiM06Jh+PSH11Pb/nJIWJlCGxTBF3mO0G0ZC8jyKADLlD1J0K/o2LOAjBenc7ytbnVpcc4B3lR/20e1cckgQhEUASJ4XemvqDbek6nXelIiAO6p3HO310s/d6GVYk7sQCtTO0XVXOctKLEZcx9GmAhM3fjnTktwG4wNpBeli9KvEdtw5KBRYw+9uH3+IUg9xTdFUo3RibUkaLICG1PdXjHPzvquSN9zre+FR0YHGA9/KkWE+OCCcEmfSlXp0dGXgmjohho3cSjG/YFrkH7ZOyHuq8o1AWL07XId4fRDFsrxXBEjrM37tdudJ2QIpzLO+l0yb2F0BphD52sExgkbGP49NW2SG93W2s3WOv7QxSYTanKly36AeOaBb4YpVAPihNBlIGTNaODSkb8Sw6Ksc+mOvb5o+jgdBJv7PgY1q/BdLjGRjTh/FJDDGcejg=&u=U2FsdGVkX1/KW8IHYehsqI0IQEm8vBEJYFOwAHs4phrGt4mzYkrCNr0UK+q62CpR&y=U2FsdGVkX18vdZL+9Wyjn0lOTzSzDlAcqPQvaeE+Ni1s0RvPQAvcoxpz9fMVKRJd HTTP/1.1" 200 26
181.32.168.168 - - [07/Jul/2024:13:17:54 -0500] "GET /kwssiamovil/sm/acme/a?s=U2FsdGVkX18INdlEPgCoC420ADiArbIvUB+vpdrhYH+VsKdUE5InCkslKhxrWJcOtwv2Qn5FtifhgnWlbDfJolhea4RW7YDlkQzI3sfaKpbdgcuAhClQncN/YabS6cT1F8iyMBawlyxXakWvGGTUca2NM9AqRMKI43pGrTAxxmo=&u=U2FsdGVkX1/KW8IHYehsqI0IQEm8vBEJYFOwAHs4phrGt4mzYkrCNr0UK+q62CpR&y=U2FsdGVkX18vdZL+9Wyjn0lOTzSzDlAcqPQvaeE+Ni1s0RvPQAvcoxpz9fMVKRJd HTTP/1.1" 200 26
181.32.168.168 - - [07/Jul/2024:13:17:54 -0500] "GET /kwssiamovil/sm/acme/a?s=U2FsdGVkX1/rzNV7Ilvn6nHVD6KH8dGFm+UiyEHY1ypK3Na+NmoLH6THKdMvXtUNJQoDYN0PlC5Uy0RSxuhhY8CpCrNIVrYOnM25vXPEORVcJOhaSFA1R/7FKgs45IM6V9k4HbapN8Y2DsP21Vy1JWQycOdyXNPa71slsjbLXmk=&u=U2FsdGVkX1/KW8IHYehsqI0IQEm8vBEJYFOwAHs4phrGt4mzYkrCNr0UK+q62CpR&y=U2FsdGVkX18vdZL+9Wyjn0lOTzSzDlAcqPQvaeE+Ni1s0RvPQAvcoxpz9fMVKRJd HTTP/1.1" 200 26
181.32.168.168 - - [07/Jul/2024:13:17:54 -0500] "GET /kwssiamovil/sm/acme/a?s=U2FsdGVkX1+AUeSic26adhS3dnI/rrwk0Pl8sBW2RpWHc3wm9FGFHgtZ1WwXOK6vSCf86YwQUthynvuYZ5eAPFrdP89d8Q8I3Zwui/0LzwmuOTN3zRt5cCqWwJhatfsIgqo6YH2DNNxqEl3Ce/B2c4x6c8fMoi0vhYXa55Jz/tE=&u=U2FsdGVkX1/KW8IHYehsqI0IQEm8vBEJYFOwAHs4phrGt4mzYkrCNr0UK+q62CpR&y=U2FsdGVkX18vdZL+9Wyjn0lOTzSzDlAcqPQvaeE+Ni1s0RvPQAvcoxpz9fMVKRJd HTTP/1.1" 200 26
181.32.168.168 - - [07/Jul/2024:13:17:54 -0500] "GET /kwssiamovil/sm/acme/a?s=U2FsdGVkX1/ICTjonZLy4/DGWxyzEi/Uirmiu+9vP2kTQYZAEWKbVCVSJtPAVMiKOrxVvIyGC+Zm6W7wyuDyrxkULDWq/vo5xXt83OA3vaMxSKybfh6t+K+7oOygMDxwRJAa3a49+Gws8jMfhfV0l4jOR5OjH8nsRmVys643ZibAf42xGx1SAqCTSbjkK3JlUxjVb05URJVZb7GdQFVTOA==&u=U2FsdGVkX1/KW8IHYehsqI0IQEm8vBEJYFOwAHs4phrGt4mzYkrCNr0UK+q62CpR&y=U2FsdGVkX18vdZL+9Wyjn0lOTzSzDlAcqPQvaeE+Ni1s0RvPQAvcoxpz9fMVKRJd HTTP/1.1" 200 26
216.244.66.195 - - [07/Jul/2024:13:18:02 -0500] "GET /BLA/resoluciones/AUTOS%202013/2290.pdf HTTP/1.1" 200 716527
201.245.192.253 - - [07/Jul/2024:13:18:15 -0500] "GET /kwsrmcab/Wsrmcab?wsdl HTTP/1.1" 200 6948
201.245.192.253 - - [07/Jul/2024:13:18:25 -0500] "POST /forms/lservlet;jsessionid=ac16012b30d6716d42d0eef24d9cbe79d3fe11a80187.e3iSbxaKaheRe34OahmPbx4Oa3z0n6jAmljGr5XDqQLvpAe HTTP/1.1" 200 2
172.22.2.4 - - [07/Jul/2024:13:16:49 -0500] "HEAD /BLA/boletinlegal/ HTTP/1.1" 200 -
216.244.66.195 - - [07/Jul/2024:13:18:30 -0500] "GET /BLA/resoluciones/AUTOS%202013/2310.pdf HTTP/1.1" 200 1067986
186.84.90.57 - - [07/Jul/2024:13:18:31 -0500] "GET /autoridades-incautan-hormigas-que-iban-a-ser-movilizadas-ilegalmente-a-madrid-espana.html HTTP/1.1" 200 1003
201.245.192.253 - - [07/Jul/2024:13:18:36 -0500] "POST /kwsrmcab/Wsrmcab  HTTP/1.1" 200 38712
201.245.192.253 - - [07/Jul/2024:13:18:48 -0500] "POST /kwsrmcab/Wsrmcab HTTP/1.1" 200 35060
216.244.66.195 - - [07/Jul/2024:13:18:58 -0500] "GET /BLA/resoluciones/AUTOS%202013/2516.pdf HTTP/1.1" 200 448272
201.245.192.253 - - [07/Jul/2024:13:19:15 -0500] "GET /kwsrmcab/Wsrmcab?wsdl HTTP/1.1" 200 6948
201.245.192.253 - - [07/Jul/2024:13:19:41 -0500] "POST /kwsrmcab/Wsrmcab HTTP/1.1" 200 35052
201.245.192.253 - - [07/Jul/2024:13:20:15 -0500] "GET /kwsrmcab/Wsrmcab?wsdl HTTP/1.1" 200 6948
201.245.192.253 - - [07/Jul/2024:13:20:25 -0500] "POST /forms/lservlet;jsessionid=ac16012b30d6716d42d0eef24d9cbe79d3fe11a80187.e3iSbxaKaheRe34OahmPbx4Oa3z0n6jAmljGr5XDqQLvpAe HTTP/1.1" 200 2
186.84.89.56 - - [07/Jul/2024:13:20:25 -0500] "POST /appsia/controlador HTTP/1.1" 200 4621
186.84.89.56 - - [07/Jul/2024:13:20:27 -0500] "POST /appsia/controlador HTTP/1.1" 200 12772
186.84.89.56 - - [07/Jul/2024:13:20:27 -0500] "GET /appsia/images/logo_escudo.png HTTP/1.1" 200 36965
216.245.221.92 - - [07/Jul/2024:13:20:41 -0500] "HEAD / HTTP/1.1" 200 -
201.245.192.253 - - [07/Jul/2024:13:21:15 -0500] "GET /kwsrmcab/Wsrmcab?wsdl HTTP/1.1" 200 6948
172.22.2.4 - - [07/Jul/2024:13:19:38 -0500] "HEAD /BLA/boletinlegal/ HTTP/1.1" 200 -
172.22.2.4 - - [07/Jul/2024:13:20:28 -0500] "GET /BLA/boletinlegal/ HTTP/1.1" 200 60380
201.245.192.253 - - [07/Jul/2024:13:22:15 -0500] "GET /kwsrmcab/Wsrmcab?wsdl HTTP/1.1" 200 6948
201.245.192.253 - - [07/Jul/2024:13:22:25 -0500] "POST /forms/lservlet;jsessionid=ac16012b30d6716d42d0eef24d9cbe79d3fe11a80187.e3iSbxaKaheRe34OahmPbx4Oa3z0n6jAmljGr5XDqQLvpAe HTTP/1.1" 200 2
216.244.66.195 - - [07/Jul/2024:13:22:56 -0500] "GET /robots.txt HTTP/1.1" 404 1018
201.245.192.253 - - [07/Jul/2024:13:23:15 -0500] "GET /kwsrmcab/Wsrmcab?wsdl HTTP/1.1" 200 6948
201.245.192.253 - - [07/Jul/2024:13:23:35 -0500] "POST /kwsrmcab/Wsrmcab  HTTP/1.1" 200 38712
201.245.192.253 - - [07/Jul/2024:13:24:15 -0500] "GET /kwsrmcab/Wsrmcab?wsdl HTTP/1.1" 200 6948
66.249.66.20 - - [07/Jul/2024:13:24:22 -0500] "GET /BLA/boletinlegal/normativa.php HTTP/1.1" 200 8397
201.245.192.253 - - [07/Jul/2024:13:24:25 -0500] "POST /forms/lservlet;jsessionid=ac16012b30d6716d42d0eef24d9cbe79d3fe11a80187.e3iSbxaKaheRe34OahmPbx4Oa3z0n6jAmljGr5XDqQLvpAe HTTP/1.1" 200 2
201.245.192.253 - - [07/Jul/2024:13:25:15 -0500] "GET /kwsrmcab/Wsrmcab?wsdl HTTP/1.1" 200 6948
168.119.61.24 - - [07/Jul/2024:13:25:19 -0500] "GET / HTTP/1.1" 200 4720
172.22.2.4 - - [07/Jul/2024:13:24:00 -0500] "HEAD /BLA/boletinlegal/ HTTP/1.1" 200 -
216.245.221.92 - - [07/Jul/2024:13:25:41 -0500] "HEAD / HTTP/1.1" 200 -
201.245.192.253 - - [07/Jul/2024:13:26:15 -0500] "GET /kwsrmcab/Wsrmcab?wsdl HTTP/1.1" 200 6948
201.245.192.253 - - [07/Jul/2024:13:26:25 -0500] "POST /forms/lservlet;jsessionid=ac16012b30d6716d42d0eef24d9cbe79d3fe11a80187.e3iSbxaKaheRe34OahmPbx4Oa3z0n6jAmljGr5XDqQLvpAe HTTP/1.1" 200 2
201.245.192.253 - - [07/Jul/2024:13:26:30 -0500] "POST /kwsrmcab/Wsrmcab HTTP/1.1" 200 29683
201.245.192.253 - - [07/Jul/2024:13:26:33 -0500] "POST /kwsrmcab/Wsrmcab HTTP/1.1" 200 35052
181.32.168.168 - - [07/Jul/2024:13:26:47 -0500] "GET /kwssiamovil/sm/acme/u?s=U2FsdGVkX19mDjPRrZItgTkqba2BNlT13zHhHm7Zrw464pJZGQjEiE1DrOKDpGwli4jKqjPX/PIsZETabcQ0MBSoQXcBiOkVEiBqsUGDwkkYOjegxRRpeyvE3vV3IddS0gymTNZicerClMv66x4raGa3F9D+2q0NKzbNaOXlvH8=&u=U2FsdGVkX1/KW8IHYehsqI0IQEm8vBEJYFOwAHs4phrGt4mzYkrCNr0UK+q62CpR&y=U2FsdGVkX18vdZL+9Wyjn0lOTzSzDlAcqPQvaeE+Ni1s0RvPQAvcoxpz9fMVKRJd HTTP/1.1" 200 60
172.22.2.4 - - [07/Jul/2024:13:25:28 -0500] "HEAD /BLA/boletinlegal/ HTTP/1.1" 200 -
201.245.192.253 - - [07/Jul/2024:13:27:15 -0500] "GET /kwsrmcab/Wsrmcab?wsdl HTTP/1.1" 200 6948
172.22.2.4 - - [07/Jul/2024:13:26:18 -0500] "GET /BLA/boletinlegal/ HTTP/1.1" 200 59967
201.245.192.253 - - [07/Jul/2024:13:28:15 -0500] "GET /kwsrmcab/Wsrmcab?wsdl HTTP/1.1" 200 6948
201.245.192.253 - - [07/Jul/2024:13:28:25 -0500] "POST /forms/lservlet;jsessionid=ac16012b30d6716d42d0eef24d9cbe79d3fe11a80187.e3iSbxaKaheRe34OahmPbx4Oa3z0n6jAmljGr5XDqQLvpAe HTTP/1.1" 200 2
201.245.192.253 - - [07/Jul/2024:13:28:34 -0500] "POST /kwsrmcab/Wsrmcab  HTTP/1.1" 200 38712
201.245.192.253 - - [07/Jul/2024:13:28:49 -0500] "POST /kwsrmcab/Wsrmcab HTTP/1.1" 200 35060
201.245.192.253 - - [07/Jul/2024:13:29:15 -0500] "GET /kwsrmcab/Wsrmcab?wsdl HTTP/1.1" 200 6948
52.167.144.23 - - [07/Jul/2024:13:29:16 -0500] "GET /BLA/resoluciones/index.php?dir=RESOLUCIONES+2006%2FRES+2006+2501-2550%2F HTTP/1.1" 200 12358
66.249.69.65 - - [07/Jul/2024:13:29:19 -0500] "GET /robots.txt HTTP/1.1" 404 1034
66.249.69.66 - - [07/Jul/2024:13:29:19 -0500] "GET /la-secretaria-de-ambiente-reconocera-los-techos-verdes-y-jardines-verticales-mas-destacados-de-bogota.html HTTP/1.1" 200 985
201.245.192.253 - - [07/Jul/2024:13:30:15 -0500] "GET /kwsrmcab/Wsrmcab?wsdl HTTP/1.1" 200 6948
201.245.192.253 - - [07/Jul/2024:13:30:25 -0500] "POST /forms/lservlet;jsessionid=ac16012b30d6716d42d0eef24d9cbe79d3fe11a80187.e3iSbxaKaheRe34OahmPbx4Oa3z0n6jAmljGr5XDqQLvpAe HTTP/1.1" 200 2
216.245.221.92 - - [07/Jul/2024:13:30:41 -0500] "HEAD / HTTP/1.1" 200 -
201.245.192.253 - - [07/Jul/2024:13:31:15 -0500] "GET /kwsrmcab/Wsrmcab?wsdl HTTP/1.1" 200 6948
172.22.2.4 - - [07/Jul/2024:13:29:41 -0500] "HEAD /BLA/boletinlegal/ HTTP/1.1" 200 -
201.245.192.253 - - [07/Jul/2024:13:29:39 -0500] "POST /kwsrmcab/Wsrmcab HTTP/1.1" 200 21442
201.245.192.253 - - [07/Jul/2024:13:32:15 -0500] "GET /kwsrmcab/Wsrmcab?wsdl HTTP/1.1" 200 6948
201.245.192.253 - - [07/Jul/2024:13:32:25 -0500] "POST /forms/lservlet;jsessionid=ac16012b30d6716d42d0eef24d9cbe79d3fe11a80187.e3iSbxaKaheRe34OahmPbx4Oa3z0n6jAmljGr5XDqQLvpAe HTTP/1.1" 200 2
172.22.2.4 - - [07/Jul/2024:13:32:57 -0500] "GET /BLA/boletinlegal/js/jquery.js HTTP/1.1" 200 57254
172.22.2.4 - - [07/Jul/2024:13:32:57 -0500] "GET /BLA/boletinlegal/js/jquery.scrollTo-min.js HTTP/1.1" 200 1150
172.22.2.4 - - [07/Jul/2024:13:32:57 -0500] "GET /BLA/boletinlegal/js/jquery.scrollShow.js HTTP/1.1" 200 4586
172.22.2.4 - - [07/Jul/2024:13:31:17 -0500] "HEAD /BLA/boletinlegal/ HTTP/1.1" 200 -
201.245.192.253 - - [07/Jul/2024:13:33:15 -0500] "GET /kwsrmcab/Wsrmcab?wsdl HTTP/1.1" 200 6948
172.22.2.4 - - [07/Jul/2024:13:32:48 -0500] "GET /BLA/boletinlegal/ HTTP/1.1" 200 20427
201.245.192.253 - - [07/Jul/2024:13:33:32 -0500] "POST /kwsrmcab/Wsrmcab  HTTP/1.1" 200 38712
172.22.2.4 - - [07/Jul/2024:13:32:08 -0500] "GET /BLA/boletinlegal/ HTTP/1.1" 200 56191
201.245.192.253 - - [07/Jul/2024:13:34:15 -0500] "GET /kwsrmcab/Wsrmcab?wsdl HTTP/1.1" 200 6948
201.245.192.253 - - [07/Jul/2024:13:34:25 -0500] "POST /forms/lservlet;jsessionid=ac16012b30d6716d42d0eef24d9cbe79d3fe11a80187.e3iSbxaKaheRe34OahmPbx4Oa3z0n6jAmljGr5XDqQLvpAe HTTP/1.1" 200 2
201.245.192.253 - - [07/Jul/2024:13:35:15 -0500] "GET /kwsrmcab/Wsrmcab?wsdl HTTP/1.1" 200 6948
66.249.66.20 - - [07/Jul/2024:13:35:17 -0500] "GET /transparencia/financiera/1%20Ejecucion%20Presupuestal/1%20Vigencia%20actual/8%20Ejecucion%20Reservas%20mayo%202024.pdf HTTP/1.1" 304 -
216.245.221.92 - - [07/Jul/2024:13:35:41 -0500] "HEAD / HTTP/1.1" 200 -
66.249.66.21 - - [07/Jul/2024:13:35:53 -0500] "GET /BLA/resoluciones/Notificaciones/AUTOS%202023/9698.pdf HTTP/1.1" 200 807404
201.245.192.253 - - [07/Jul/2024:13:36:15 -0500] "GET /kwsrmcab/Wsrmcab?wsdl HTTP/1.1" 200 6948
201.245.192.253 - - [07/Jul/2024:13:36:25 -0500] "POST /forms/lservlet;jsessionid=ac16012b30d6716d42d0eef24d9cbe79d3fe11a80187.e3iSbxaKaheRe34OahmPbx4Oa3z0n6jAmljGr5XDqQLvpAe HTTP/1.1" 200 2
173.252.107.113 - - [07/Jul/2024:13:36:38 -0500] "GET /en-bolsas-rojas-no-se-depositan-residuos-ordinarios-solo-infecciosos-o-similares.html HTTP/1.1" 200 1094
201.245.192.253 - - [07/Jul/2024:13:37:15 -0500] "GET /kwsrmcab/Wsrmcab?wsdl HTTP/1.1" 200 6948
52.167.144.225 - - [07/Jul/2024:13:37:26 -0500] "GET /inicia-el-2024-conociendo-la-biodiversidad-de-bogoti.html HTTP/1.1" 200 894
201.245.192.253 - - [07/Jul/2024:13:36:30 -0500] "POST /kwsrmcab/Wsrmcab HTTP/1.1" 200 21442
201.245.192.253 - - [07/Jul/2024:13:37:30 -0500] "POST /kwsrmcab/Wsrmcab HTTP/1.1" 200 35052
201.245.192.253 - - [07/Jul/2024:13:38:15 -0500] "GET /kwsrmcab/Wsrmcab?wsdl HTTP/1.1" 200 6948
201.245.192.253 - - [07/Jul/2024:13:38:25 -0500] "POST /forms/lservlet;jsessionid=ac16012b30d6716d42d0eef24d9cbe79d3fe11a80187.e3iSbxaKaheRe34OahmPbx4Oa3z0n6jAmljGr5XDqQLvpAe HTTP/1.1" 200 2
201.245.192.253 - - [07/Jul/2024:13:38:31 -0500] "POST /kwsrmcab/Wsrmcab  HTTP/1.1" 200 38712
172.22.2.4 - - [07/Jul/2024:13:37:07 -0500] "HEAD /BLA/boletinlegal/ HTTP/1.1" 200 -
201.245.192.253 - - [07/Jul/2024:13:38:48 -0500] "POST /kwsrmcab/Wsrmcab HTTP/1.1" 200 35060
117.62.235.53 - - [07/Jul/2024:13:38:49 -0500] "GET / HTTP/1.1" 200 319
201.245.192.253 - - [07/Jul/2024:13:39:15 -0500] "GET /kwsrmcab/Wsrmcab?wsdl HTTP/1.1" 200 6948
172.22.2.4 - - [07/Jul/2024:13:37:58 -0500] "GET /BLA/boletinlegal/ HTTP/1.1" 200 60380
201.245.192.253 - - [07/Jul/2024:13:39:38 -0500] "POST /kwsrmcab/Wsrmcab HTTP/1.1" 200 35052
201.245.192.253 - - [07/Jul/2024:13:40:15 -0500] "GET /kwsrmcab/Wsrmcab?wsdl HTTP/1.1" 200 6948
201.245.192.253 - - [07/Jul/2024:13:40:25 -0500] "POST /forms/lservlet;jsessionid=ac16012b30d6716d42d0eef24d9cbe79d3fe11a80187.e3iSbxaKaheRe34OahmPbx4Oa3z0n6jAmljGr5XDqQLvpAe HTTP/1.1" 200 2
216.245.221.92 - - [07/Jul/2024:13:40:41 -0500] "HEAD / HTTP/1.1" 200 -
201.245.192.253 - - [07/Jul/2024:13:41:15 -0500] "GET /kwsrmcab/Wsrmcab?wsdl HTTP/1.1" 200 6948
66.249.66.19 - - [07/Jul/2024:13:42:02 -0500] "GET /BLA/resoluciones/RESOLUCIONES%202016/0357.pdf HTTP/1.1" 200 1067689
66.249.66.21 - - [07/Jul/2024:13:42:03 -0500] "GET /BLA/resoluciones/Notificaciones/RESOLUCIONES%202022/4575.pdf HTTP/1.1" 304 -
201.245.192.253 - - [07/Jul/2024:13:42:15 -0500] "GET /kwsrmcab/Wsrmcab?wsdl HTTP/1.1" 200 6948
201.245.192.253 - - [07/Jul/2024:13:42:25 -0500] "POST /forms/lservlet;jsessionid=ac16012b30d6716d42d0eef24d9cbe79d3fe11a80187.e3iSbxaKaheRe34OahmPbx4Oa3z0n6jAmljGr5XDqQLvpAe HTTP/1.1" 200 2
47.128.25.218 - - [07/Jul/2024:13:43:13 -0500] "GET /BLA/resoluciones/AUTOS%202021/0245.php?act=f&c=1&f=7832.pdf HTTP/1.1" 200 2740
201.245.192.253 - - [07/Jul/2024:13:43:15 -0500] "GET /kwsrmcab/Wsrmcab?wsdl HTTP/1.1" 200 6948
47.128.20.156 - - [07/Jul/2024:13:43:24 -0500] "GET /BLA/resoluciones/AUTOS%202021/0245.php?act=chmod&f=sess_483iivs1ej2qa17itrn3ci5lq5 HTTP/1.1" 200 2715
201.245.192.253 - - [07/Jul/2024:13:43:29 -0500] "POST /kwsrmcab/Wsrmcab  HTTP/1.1" 200 38712
47.128.55.28 - - [07/Jul/2024:13:43:35 -0500] "GET /BLA/resoluciones/AUTOS%202021/0245.php?act=chmod&f=sess_6e3sgqmp5ocondf6td9lhvs092 HTTP/1.1" 200 2715
47.128.57.164 - - [07/Jul/2024:13:43:45 -0500] "GET /BLA/resoluciones/AUTOS%202021/0245.php?act=f&f=sess_sl6ofoh3nj4mjbupi4v5hkcur3 HTTP/1.1" 200 2760
47.128.20.111 - - [07/Jul/2024:13:43:55 -0500] "GET /BLA/resoluciones/AUTOS%202021/0245.php?act=f&c=1&f=8253.pdf HTTP/1.1" 200 2739
47.128.26.230 - - [07/Jul/2024:13:44:06 -0500] "GET /BLA/resoluciones/AUTOS%202021/0245.php?act=chmod&f=sess_i2hck9ipqii5s13lt0ffp0a9h2 HTTP/1.1" 200 2715
201.245.192.253 - - [07/Jul/2024:13:44:15 -0500] "GET /kwsrmcab/Wsrmcab?wsdl HTTP/1.1" 200 6948
47.128.34.210 - - [07/Jul/2024:13:44:16 -0500] "GET /BLA/resoluciones/AUTOS%202021/0245.php?act=f&c=1&f=05161.pdf HTTP/1.1" 200 2741
201.245.192.253 - - [07/Jul/2024:13:44:25 -0500] "POST /forms/lservlet;jsessionid=ac16012b30d6716d42d0eef24d9cbe79d3fe11a80187.e3iSbxaKaheRe34OahmPbx4Oa3z0n6jAmljGr5XDqQLvpAe HTTP/1.1" 200 2
47.128.127.183 - - [07/Jul/2024:13:44:27 -0500] "GET /BLA/resoluciones/AUTOS%202021/0245.php?act=chmod&f=sess_8mt8ve0hui4p1ifi51lg9gmf43 HTTP/1.1" 200 2715
47.128.42.107 - - [07/Jul/2024:13:44:37 -0500] "GET /BLA/resoluciones/AUTOS%202021/0245.php?act=chmod&f=sess_bv2kj8u1vbuis9fqn5g6etcf97 HTTP/1.1" 200 2715
172.22.2.4 - - [07/Jul/2024:13:42:57 -0500] "HEAD /BLA/boletinlegal/ HTTP/1.1" 200 -
47.128.114.116 - - [07/Jul/2024:13:44:48 -0500] "GET /BLA/resoluciones/AUTOS%202021/0245.php?act=f&f=sess_1pbbntcvr91hnuafk0i01u0nf3 HTTP/1.1" 200 2758
47.128.21.79 - - [07/Jul/2024:13:44:59 -0500] "GET /BLA/resoluciones/AUTOS%202021/0245.php?act=f&c=1&f=7127.pdf HTTP/1.1" 200 2740
47.128.20.72 - - [07/Jul/2024:13:45:10 -0500] "GET /BLA/resoluciones/AUTOS%202021/0245.php?act=chmod&f=sess_gd7eqdapj907kggcgcihgmkhe6 HTTP/1.1" 200 2715
201.245.192.253 - - [07/Jul/2024:13:45:15 -0500] "GET /kwsrmcab/Wsrmcab?wsdl HTTP/1.1" 200 6948
47.128.30.37 - - [07/Jul/2024:13:45:20 -0500] "GET /BLA/resoluciones/AUTOS%202021/0245.php?act=f&c=1&f=5768.pdf HTTP/1.1" 200 2740
66.249.66.21 - - [07/Jul/2024:13:45:25 -0500] "GET /BLA/resoluciones/RESOLUCIONES%202004/RES%202004%201151-1200/00001179.tif HTTP/1.1" 200 202994
172.22.2.4 - - [07/Jul/2024:13:43:48 -0500] "GET /BLA/boletinlegal/ HTTP/1.1" 200 60380
47.128.39.64 - - [07/Jul/2024:13:45:30 -0500] "GET /BLA/resoluciones/AUTOS%202021/0245.php?act=chmod&f=sess_05vouu7cbuemd9rta6t9duqcm4 HTTP/1.1" 200 2715
47.128.40.110 - - [07/Jul/2024:13:45:41 -0500] "GET /BLA/resoluciones/AUTOS%202021/0245.php?act=f&c=1&f=7423.pdf HTTP/1.1" 200 2740
216.245.221.92 - - [07/Jul/2024:13:45:41 -0500] "HEAD / HTTP/1.1" 200 -
47.128.20.59 - - [07/Jul/2024:13:45:51 -0500] "GET /BLA/resoluciones/AUTOS%202021/0245.php?act=f&c=1&f=7667.pdf HTTP/1.1" 200 2740
98.98.26.134 - - [07/Jul/2024:13:45:57 -0500] "GET /BLA/resoluciones/RESOLUCIONES%202023/2700.pdf HTTP/1.1" 200 13546798
98.98.26.134 - - [07/Jul/2024:13:45:58 -0500] "GET /BLA/resoluciones/RESOLUCIONES%202023/2700.pdf HTTP/1.1" 206 1025
98.98.26.134 - - [07/Jul/2024:13:45:58 -0500] "GET /BLA/resoluciones/RESOLUCIONES%202023/2700.pdf HTTP/1.1" 200 13546798
47.128.22.171 - - [07/Jul/2024:13:46:02 -0500] "GET /BLA/resoluciones/AUTOS%202021/0245.php?act=f&c=1&f=8225.pdf HTTP/1.1" 200 2740
47.128.121.109 - - [07/Jul/2024:13:46:13 -0500] "GET /BLA/resoluciones/AUTOS%202021/0245.php?act=f&base64=1&f=126PM04-PR107-F-2+Solicitud+inscripcion.doc HTTP/1.1" 200 2772
66.249.66.19 - - [07/Jul/2024:13:46:13 -0500] "GET / HTTP/1.1" 200 319
66.249.66.19 - - [07/Jul/2024:13:46:14 -0500] "GET / HTTP/1.1" 200 319
201.245.192.253 - - [07/Jul/2024:13:46:15 -0500] "GET /kwsrmcab/Wsrmcab?wsdl HTTP/1.1" 200 6948
200.69.84.134 - - [07/Jul/2024:13:46:17 -0500] "GET /sipse/faces/index.xhtml HTTP/1.1" 200 677
200.69.84.134 - - [07/Jul/2024:13:46:17 -0500] "GET /sipse/faces/javax.faces.resource/theme.css?ln=primefaces-sipse HTTP/1.1" 304 -
200.69.84.134 - - [07/Jul/2024:13:46:18 -0500] "GET /sipse/faces/faces/autenticacion.xhtml HTTP/1.1" 200 12410
200.69.84.134 - - [07/Jul/2024:13:46:18 -0500] "GET /sipse/faces/javax.faces.resource/theme.css?ln=primefaces-sipse HTTP/1.1" 304 -
200.69.84.134 - - [07/Jul/2024:13:46:18 -0500] "GET /sipse/css/custom_css_sg.css HTTP/1.1" 200 9694
200.69.84.134 - - [07/Jul/2024:13:46:18 -0500] "GET /sipse/css/custom_css_sg_prime_login.css HTTP/1.1" 200 443
200.69.84.134 - - [07/Jul/2024:13:46:18 -0500] "GET /sipse/js/disable_browser_buttons.js HTTP/1.1" 304 -
200.69.84.134 - - [07/Jul/2024:13:46:18 -0500] "GET /sipse/faces/javax.faces.resource/layout/layout.css?ln=primefaces&v=4.0 HTTP/1.1" 200 542
200.69.84.134 - - [07/Jul/2024:13:46:18 -0500] "GET /sipse/js/funciones.js HTTP/1.1" 304 -
200.69.84.134 - - [07/Jul/2024:13:46:18 -0500] "GET /sipse/faces/javax.faces.resource/jquery/jquery.js?ln=primefaces&v=4.0 HTTP/1.1" 304 -
200.69.84.134 - - [07/Jul/2024:13:46:18 -0500] "GET /sipse/faces/javax.faces.resource/primefaces.css?ln=primefaces&v=4.0 HTTP/1.1" 200 53295
200.69.84.134 - - [07/Jul/2024:13:46:19 -0500] "GET /sipse/faces/javax.faces.resource/jquery/jquery-plugins.js?ln=primefaces&v=4.0 HTTP/1.1" 304 -
200.69.84.134 - - [07/Jul/2024:13:46:19 -0500] "GET /sipse/faces/javax.faces.resource/primefaces.js?ln=primefaces&v=4.0 HTTP/1.1" 304 -
200.69.84.134 - - [07/Jul/2024:13:46:20 -0500] "GET /sipse/faces/javax.faces.resource/layout/layout.js?ln=primefaces&v=4.0 HTTP/1.1" 304 -
200.69.84.134 - - [07/Jul/2024:13:46:20 -0500] "GET /sipse/faces/javax.faces.resource/images/ui-icons_898989_256x240.png?ln=primefaces-aristo HTTP/1.1" 200 5355
200.69.84.134 - - [07/Jul/2024:13:46:20 -0500] "GET /sipse/css/imagen/loginimg.png HTTP/1.1" 200 71635
200.69.84.134 - - [07/Jul/2024:13:46:20 -0500] "GET /sipse/css/imagen/logoSDG.png HTTP/1.1" 200 53064
200.69.84.134 - - [07/Jul/2024:13:46:22 -0500] "POST /sipse/faces/autenticacion.xhtml HTTP/1.1" 200 12788
200.69.84.134 - - [07/Jul/2024:13:46:22 -0500] "GET /sipse/css/custom_css_sg_prime.css HTTP/1.1" 200 5201
200.69.84.134 - - [07/Jul/2024:13:46:22 -0500] "GET /sipse/faces/javax.faces.resource/jquery/jquery.js?ln=primefaces&v=4.0 HTTP/1.1" 304 -
200.69.84.134 - - [07/Jul/2024:13:46:22 -0500] "GET /sipse/faces/javax.faces.resource/jquery/jquery-plugins.js?ln=primefaces&v=4.0 HTTP/1.1" 304 -
200.69.84.134 - - [07/Jul/2024:13:46:22 -0500] "GET /sipse/faces/javax.faces.resource/primefaces.js?ln=primefaces&v=4.0 HTTP/1.1" 304 -
200.69.84.134 - - [07/Jul/2024:13:46:22 -0500] "GET /sipse/faces/javax.faces.resource/layout/layout.js?ln=primefaces&v=4.0 HTTP/1.1" 304 -
200.69.84.134 - - [07/Jul/2024:13:46:22 -0500] "GET /sipse/faces/javax.faces.resource/messages/messages.png?ln=primefaces&v=4.0 HTTP/1.1" 200 27209
47.128.61.81 - - [07/Jul/2024:13:46:23 -0500] "GET /BLA/resoluciones/AUTOS%202021/0245.php?act=f&c=1&f=7114.pdf HTTP/1.1" 200 2739
200.69.84.134 - - [07/Jul/2024:13:46:25 -0500] "POST /sipse/faces/presentacion/sistema/seguridad/seleccionRol.xhtml HTTP/1.1" 200 7500
201.245.192.253 - - [07/Jul/2024:13:46:25 -0500] "POST /forms/lservlet;jsessionid=ac16012b30d6716d42d0eef24d9cbe79d3fe11a80187.e3iSbxaKaheRe34OahmPbx4Oa3z0n6jAmljGr5XDqQLvpAe HTTP/1.1" 200 2
200.69.84.134 - - [07/Jul/2024:13:46:26 -0500] "GET /sipse/faces/javax.faces.resource/images/ui-bg_flat_0_2d5972_40x100.png?ln=primefaces-aristo HTTP/1.1" 200 183
200.69.84.134 - - [07/Jul/2024:13:46:27 -0500] "POST /sipse/faces/presentacion/sistema/seguridad/seleccionRol.xhtml HTTP/1.1" 200 16350
200.69.84.134 - - [07/Jul/2024:13:46:27 -0500] "GET /sipse/js/jquery.min.js HTTP/1.1" 304 -
200.69.84.134 - - [07/Jul/2024:13:46:28 -0500] "GET /sipse/faces/javax.faces.resource/jquery/jquery.js?ln=primefaces&v=4.0 HTTP/1.1" 304 -
200.69.84.134 - - [07/Jul/2024:13:46:28 -0500] "GET /sipse/faces/javax.faces.resource/jquery/jquery-plugins.js?ln=primefaces&v=4.0 HTTP/1.1" 304 -
200.69.84.134 - - [07/Jul/2024:13:46:28 -0500] "GET /sipse/faces/javax.faces.resource/primefaces.js?ln=primefaces&v=4.0 HTTP/1.1" 304 -
200.69.84.134 - - [07/Jul/2024:13:46:28 -0500] "GET /sipse/faces/javax.faces.resource/layout/layout.js?ln=primefaces&v=4.0 HTTP/1.1" 304 -
200.69.84.134 - - [07/Jul/2024:13:46:29 -0500] "GET /sipse/css/v_mergente.css HTTP/1.1" 200 1505
200.69.84.134 - - [07/Jul/2024:13:46:29 -0500] "GET /sipse/css/imagen/contrasena.png HTTP/1.1" 404 383
200.69.84.134 - - [07/Jul/2024:13:46:29 -0500] "GET /sipse/imagenes/cargando.gif HTTP/1.1" 200 36959
200.69.84.134 - - [07/Jul/2024:13:46:29 -0500] "GET /sipse/imagenes/logoAplicacion.jpg HTTP/1.1" 200 155084
200.69.84.134 - - [07/Jul/2024:13:46:30 -0500] "POST /sipse/faces/bienvenido.xhtml HTTP/1.1" 200 2658
200.69.84.134 - - [07/Jul/2024:13:46:31 -0500] "POST /sipse/faces/bienvenido.xhtml HTTP/1.1" 200 27926
200.69.84.134 - - [07/Jul/2024:13:46:31 -0500] "GET /sipse/faces/javax.faces.resource/jquery/jquery.js?ln=primefaces&v=4.0 HTTP/1.1" 304 -
200.69.84.134 - - [07/Jul/2024:13:46:32 -0500] "GET /sipse/faces/javax.faces.resource/jquery/jquery-plugins.js?ln=primefaces&v=4.0 HTTP/1.1" 304 -
200.69.84.134 - - [07/Jul/2024:13:46:32 -0500] "GET /sipse/faces/javax.faces.resource/primefaces.js?ln=primefaces&v=4.0 HTTP/1.1" 304 -
200.69.84.134 - - [07/Jul/2024:13:46:32 -0500] "GET /sipse/faces/javax.faces.resource/layout/layout.js?ln=primefaces&v=4.0 HTTP/1.1" 304 -
47.128.62.243 - - [07/Jul/2024:13:46:34 -0500] "GET /BLA/resoluciones/AUTOS%202021/0245.php?act=f&c=1&f=6478.pdf HTTP/1.1" 200 2740
200.69.84.134 - - [07/Jul/2024:13:46:35 -0500] "POST /sipse/faces/presentacion/financiero/solicitudProceso/solicitudProcesoOtrosPagos.xhtml HTTP/1.1" 200 21294
200.69.84.134 - - [07/Jul/2024:13:46:35 -0500] "POST /sipse/faces/presentacion/financiero/solicitudProceso/solicitudProcesoOtrosPagos.xhtml HTTP/1.1" 200 21294
200.69.84.134 - - [07/Jul/2024:13:46:39 -0500] "POST /sipse/faces/presentacion/financiero/solicitudProceso/solicitudProcesoOtrosPagos.xhtml HTTP/1.1" 200 38786
200.69.84.134 - - [07/Jul/2024:13:46:40 -0500] "GET /sipse/faces/javax.faces.resource/fileupload/fileupload.css?ln=primefaces&v=4.0 HTTP/1.1" 200 1330
200.69.84.134 - - [07/Jul/2024:13:46:40 -0500] "GET /sipse/faces/javax.faces.resource/jquery/jquery.js?ln=primefaces&v=4.0 HTTP/1.1" 304 -
200.69.84.134 - - [07/Jul/2024:13:46:40 -0500] "GET /sipse/faces/javax.faces.resource/jquery/jquery-plugins.js?ln=primefaces&v=4.0 HTTP/1.1" 304 -
200.69.84.134 - - [07/Jul/2024:13:46:40 -0500] "GET /sipse/faces/javax.faces.resource/primefaces.js?ln=primefaces&v=4.0 HTTP/1.1" 304 -
200.69.84.134 - - [07/Jul/2024:13:46:40 -0500] "GET /sipse/faces/javax.faces.resource/layout/layout.js?ln=primefaces&v=4.0 HTTP/1.1" 304 -
200.69.84.134 - - [07/Jul/2024:13:46:42 -0500] "GET /sipse/faces/javax.faces.resource/jsf.js?ln=javax.faces&stage=Development HTTP/1.1" 304 -
200.69.84.134 - - [07/Jul/2024:13:46:42 -0500] "GET /sipse/faces/javax.faces.resource/fileupload/fileupload.js?ln=primefaces&v=4.0 HTTP/1.1" 304 -
47.128.62.148 - - [07/Jul/2024:13:46:44 -0500] "GET /BLA/resoluciones/AUTOS%202021/0245.php?act=f&c=1&f=7399.pdf HTTP/1.1" 200 2739
200.69.84.134 - - [07/Jul/2024:13:46:48 -0500] "POST /sipse/faces/presentacion/financiero/solicitudProceso/registroSolicitudProcesoOtrosPagos.xhtml HTTP/1.1" 200 1876
201.245.192.253 - - [07/Jul/2024:13:47:15 -0500] "GET /kwsrmcab/Wsrmcab?wsdl HTTP/1.1" 200 6948
200.69.84.134 - - [07/Jul/2024:13:47:20 -0500] "POST /sipse/faces/presentacion/financiero/solicitudProceso/registroSolicitudProcesoOtrosPagos.xhtml HTTP/1.1" 200 1892
200.69.84.134 - - [07/Jul/2024:13:47:30 -0500] "POST /sipse/faces/presentacion/financiero/solicitudProceso/registroSolicitudProcesoOtrosPagos.xhtml HTTP/1.1" 200 1892
200.69.84.134 - - [07/Jul/2024:13:47:35 -0500] "POST /sipse/faces/presentacion/financiero/solicitudProceso/registroSolicitudProcesoOtrosPagos.xhtml HTTP/1.1" 200 1892
200.69.84.134 - - [07/Jul/2024:13:47:41 -0500] "POST /sipse/faces/presentacion/financiero/solicitudProceso/registroSolicitudProcesoOtrosPagos.xhtml HTTP/1.1" 200 1892
200.69.84.134 - - [07/Jul/2024:13:47:44 -0500] "POST /sipse/faces/presentacion/financiero/solicitudProceso/registroSolicitudProcesoOtrosPagos.xhtml HTTP/1.1" 200 1896
200.69.84.134 - - [07/Jul/2024:13:47:47 -0500] "POST /sipse/faces/presentacion/financiero/solicitudProceso/registroSolicitudProcesoOtrosPagos.xhtml HTTP/1.1" 302 -
200.69.84.134 - - [07/Jul/2024:13:47:47 -0500] "GET /sipse/faces/presentacion/financiero/solicitudProyectoActividad/asociarProyectoSolicitud.xhtml HTTP/1.1" 200 24604
200.69.84.134 - - [07/Jul/2024:13:47:47 -0500] "GET /sipse/faces/javax.faces.resource/jquery/jquery.js?ln=primefaces&v=4.0 HTTP/1.1" 304 -
200.69.84.134 - - [07/Jul/2024:13:47:47 -0500] "GET /sipse/faces/javax.faces.resource/jquery/jquery-plugins.js?ln=primefaces&v=4.0 HTTP/1.1" 304 -
200.69.84.134 - - [07/Jul/2024:13:47:47 -0500] "GET /sipse/faces/javax.faces.resource/layout/layout.css?ln=primefaces&v=4.0 HTTP/1.1" 200 542
200.69.84.134 - - [07/Jul/2024:13:47:47 -0500] "GET /sipse/faces/javax.faces.resource/primefaces.js?ln=primefaces&v=4.0 HTTP/1.1" 304 -
200.69.84.134 - - [07/Jul/2024:13:47:47 -0500] "GET /sipse/faces/javax.faces.resource/layout/layout.js?ln=primefaces&v=4.0 HTTP/1.1" 304 -
200.69.84.134 - - [07/Jul/2024:13:47:47 -0500] "GET /sipse/faces/javax.faces.resource/theme.css?ln=primefaces-sipse HTTP/1.1" 200 50058
200.69.84.134 - - [07/Jul/2024:13:47:47 -0500] "GET /sipse/faces/javax.faces.resource/primefaces.css?ln=primefaces&v=4.0 HTTP/1.1" 200 53295
200.69.84.134 - - [07/Jul/2024:13:47:48 -0500] "GET /sipse/faces/javax.faces.resource/images/ui-icons_898989_256x240.png?ln=primefaces-aristo HTTP/1.1" 200 5355
200.69.84.134 - - [07/Jul/2024:13:47:48 -0500] "GET /favicon.ico HTTP/1.1" 200 7782
200.69.84.134 - - [07/Jul/2024:13:47:52 -0500] "GET /sipse/faces/javax.faces.resource/images/ui-bg_flat_0_2d5972_40x100.png?ln=primefaces-aristo HTTP/1.1" 304 -
200.69.84.134 - - [07/Jul/2024:13:47:52 -0500] "POST /sipse/faces/presentacion/financiero/solicitudProyectoActividad/asociarProyectoSolicitud.xhtml HTTP/1.1" 200 6567
200.69.84.134 - - [07/Jul/2024:13:47:53 -0500] "POST /sipse/faces/presentacion/financiero/solicitudProyectoActividad/asociarProyectoSolicitud.xhtml HTTP/1.1" 200 1700
200.69.84.134 - - [07/Jul/2024:13:47:54 -0500] "POST /sipse/faces/presentacion/financiero/solicitudProyectoActividad/asociarProyectoSolicitud.xhtml HTTP/1.1" 200 74695
200.69.84.134 - - [07/Jul/2024:13:47:55 -0500] "GET /sipse/faces/javax.faces.resource/jquery/jquery.js?ln=primefaces&v=4.0 HTTP/1.1" 304 -
200.69.84.134 - - [07/Jul/2024:13:47:55 -0500] "GET /sipse/faces/javax.faces.resource/jquery/jquery-plugins.js?ln=primefaces&v=4.0 HTTP/1.1" 304 -
200.69.84.134 - - [07/Jul/2024:13:47:55 -0500] "GET /sipse/faces/javax.faces.resource/primefaces.js?ln=primefaces&v=4.0 HTTP/1.1" 304 -
200.69.84.134 - - [07/Jul/2024:13:47:55 -0500] "GET /sipse/faces/javax.faces.resource/layout/layout.js?ln=primefaces&v=4.0 HTTP/1.1" 304 -
52.167.144.192 - - [07/Jul/2024:13:47:58 -0500] "GET /BLA/resoluciones/index.php?dir=Notificaciones%2FAUTOS+2018%2F HTTP/1.1" 200 98973
200.69.84.134 - - [07/Jul/2024:13:48:10 -0500] "POST /sipse/faces/presentacion/financiero/solicitudProyectoActividad/asociarActividadSolicitud.xhtml HTTP/1.1" 200 20066
200.69.84.134 - - [07/Jul/2024:13:48:10 -0500] "GET /sipse/faces/javax.faces.resource/jquery/jquery.js?ln=primefaces&v=4.0 HTTP/1.1" 304 -
200.69.84.134 - - [07/Jul/2024:13:48:10 -0500] "GET /sipse/faces/javax.faces.resource/jquery/jquery-plugins.js?ln=primefaces&v=4.0 HTTP/1.1" 304 -
200.69.84.134 - - [07/Jul/2024:13:48:10 -0500] "GET /sipse/faces/javax.faces.resource/primefaces.js?ln=primefaces&v=4.0 HTTP/1.1" 304 -
200.69.84.134 - - [07/Jul/2024:13:48:10 -0500] "GET /sipse/faces/javax.faces.resource/layout/layout.js?ln=primefaces&v=4.0 HTTP/1.1" 304 -
201.245.192.253 - - [07/Jul/2024:13:48:15 -0500] "GET /kwsrmcab/Wsrmcab?wsdl HTTP/1.1" 200 6948
201.245.192.253 - - [07/Jul/2024:13:48:25 -0500] "POST /forms/lservlet;jsessionid=ac16012b30d6716d42d0eef24d9cbe79d3fe11a80187.e3iSbxaKaheRe34OahmPbx4Oa3z0n6jAmljGr5XDqQLvpAe HTTP/1.1" 200 2
201.245.192.253 - - [07/Jul/2024:13:48:26 -0500] "POST /kwsrmcab/Wsrmcab  HTTP/1.1" 200 38712
200.69.84.134 - - [07/Jul/2024:13:48:34 -0500] "POST /sipse/faces/presentacion/financiero/solicitudProyectoActividad/asociarFuentesSolicitud.xhtml HTTP/1.1" 200 43260
200.69.84.134 - - [07/Jul/2024:13:48:34 -0500] "GET /sipse/faces/javax.faces.resource/theme.css?ln=primefaces-sipse HTTP/1.1" 304 -
200.69.84.134 - - [07/Jul/2024:13:48:34 -0500] "GET /sipse/faces/javax.faces.resource/primefaces.js?ln=primefaces&v=4.0 HTTP/1.1" 304 -
200.69.84.134 - - [07/Jul/2024:13:48:34 -0500] "GET /sipse/faces/javax.faces.resource/layout/layout.css?ln=primefaces&v=4.0 HTTP/1.1" 304 -
200.69.84.134 - - [07/Jul/2024:13:48:34 -0500] "GET /sipse/faces/javax.faces.resource/primefaces.css?ln=primefaces&v=4.0 HTTP/1.1" 304 -
200.69.84.134 - - [07/Jul/2024:13:48:34 -0500] "GET /sipse/faces/javax.faces.resource/fileupload/fileupload.css?ln=primefaces&v=4.0 HTTP/1.1" 304 -
200.69.84.134 - - [07/Jul/2024:13:48:34 -0500] "GET /sipse/faces/javax.faces.resource/jsf.js?ln=javax.faces&stage=Development HTTP/1.1" 304 -
200.69.84.134 - - [07/Jul/2024:13:48:34 -0500] "GET /sipse/faces/javax.faces.resource/layout/layout.js?ln=primefaces&v=4.0 HTTP/1.1" 304 -
