47.128.118.1 - - [07/Jul/2024:17:05:10 -0500] "GET /BLA/resoluciones/AUTOS%202021/0245.php?act=f&f=0389.zip HTTP/1.1" 200 2740
201.245.192.253 - - [07/Jul/2024:17:05:14 -0500] "GET /kwsrmcab/Wsrmcab?wsdl HTTP/1.1" 200 6948
47.128.29.148 - - [07/Jul/2024:17:05:21 -0500] "GET /BLA/resoluciones/AUTOS%202021/0245.php?act=f&f=4750.pdf HTTP/1.1" 200 2740
47.128.125.175 - - [07/Jul/2024:17:05:31 -0500] "GET /BLA/resoluciones/index.php?dir=RESOLUCIONES%202002%2FRES%202002%20151-200%2F&order=asc&sort=name HTTP/1.1" 200 12570
216.245.221.92 - - [07/Jul/2024:17:05:41 -0500] "HEAD / HTTP/1.1" 200 -
47.128.125.193 - - [07/Jul/2024:17:05:42 -0500] "GET /BLA/resoluciones/index.php?dir=RESOLUCIONES%202005%2FRES%202005%20551-600%2F&order=desc&sort=date HTTP/1.1" 200 12248
47.128.48.226 - - [07/Jul/2024:17:05:52 -0500] "GET /BLA/resoluciones/AUTOS%202021/0245.php?act=f&f=3979.pdf HTTP/1.1" 200 2739
47.128.27.246 - - [07/Jul/2024:17:06:03 -0500] "GET /BLA/resoluciones/AUTOS%202021/0245.php?act=chmod&f=02835.pdf HTTP/1.1" 200 2715
47.128.125.233 - - [07/Jul/2024:17:06:14 -0500] "GET /BLA/resoluciones/index.php?dir=RESOLUCIONES%202004%2FRES%202004%20401-450%2F&order=asc&sort=size HTTP/1.1" 200 12039
201.245.192.253 - - [07/Jul/2024:17:06:14 -0500] "GET /kwsrmcab/Wsrmcab?wsdl HTTP/1.1" 200 6948
201.245.192.253 - - [07/Jul/2024:17:06:25 -0500] "POST /forms/lservlet;jsessionid=ac16012b30d6716d42d0eef24d9cbe79d3fe11a80187.e3iSbxaKaheRe34OahmPbx4Oa3z0n6jAmljGr5XDqQLvpAe HTTP/1.1" 200 2
201.245.192.253 - - [07/Jul/2024:17:07:14 -0500] "GET /kwsrmcab/Wsrmcab?wsdl HTTP/1.1" 200 6948
201.245.192.253 - - [07/Jul/2024:17:07:29 -0500] "POST /kwsrmcab/Wsrmcab  HTTP/1.1" 200 38712
66.249.66.21 - - [07/Jul/2024:17:08:03 -0500] "GET /autoliquidacion/TR%C3%81MITES%20ACEITES-RESIDUOS-ESTACIONES/REG.%20GENERADOR/LISTA%20DE%20CHEQUEO%20-%20SOLICITUD%20DE%20INSCRIPCI%C3%93N%20EN%20EL%20REGISTRO%20COMO%20GENERADOR%20DE%20RESIDUOS%20O%20DESECHOS%20PELIGROSOS.xls HTTP/1.1" 200 69632
201.245.192.253 - - [07/Jul/2024:17:08:14 -0500] "GET /kwsrmcab/Wsrmcab?wsdl HTTP/1.1" 200 6948
201.245.192.253 - - [07/Jul/2024:17:08:25 -0500] "POST /forms/lservlet;jsessionid=ac16012b30d6716d42d0eef24d9cbe79d3fe11a80187.e3iSbxaKaheRe34OahmPbx4Oa3z0n6jAmljGr5XDqQLvpAe HTTP/1.1" 200 2
172.22.2.4 - - [07/Jul/2024:17:07:07 -0500] "HEAD /BLA/boletinlegal/ HTTP/1.1" 200 -
47.128.42.87 - - [07/Jul/2024:17:08:47 -0500] "GET /BLA/resoluciones/index.php?dir=RESOLUCIONES%202003%2FRES%202003%201151-1200%2F&order=asc&sort=name HTTP/1.1" 200 11570
47.128.18.211 - - [07/Jul/2024:17:08:58 -0500] "GET /BLA/resoluciones/AUTOS%202021/0245.php?act=f&d=E%3A%5Cnuevo%5Chtdocs%5CBLA%5Cresoluciones%5CRESOLUCIONES+2006%5CRES+2006+1251-1300&f=00001257.tif&ft=edit HTTP/1.1" 200 3165
47.128.122.10 - - [07/Jul/2024:17:09:08 -0500] "GET /BLA/resoluciones/AUTOS%202021/0245.php?act=f&d=C%3A%5CAmbienteBogota%5Ccpg1418&f=keyword_create_dict.php HTTP/1.1" 200 4359
201.245.192.253 - - [07/Jul/2024:17:09:14 -0500] "GET /kwsrmcab/Wsrmcab?wsdl HTTP/1.1" 200 6948
47.128.122.213 - - [07/Jul/2024:17:09:19 -0500] "GET /BLA/resoluciones/AUTOS%202021/0245.php?act=f&f=5678.pdf HTTP/1.1" 200 2740
47.128.43.148 - - [07/Jul/2024:17:09:29 -0500] "GET /BLA/resoluciones/AUTOS%202021/0245.php?act=f&f=2425.PDF HTTP/1.1" 200 2740
172.22.2.4 - - [07/Jul/2024:17:07:58 -0500] "GET /BLA/boletinlegal/ HTTP/1.1" 200 57889
47.128.46.95 - - [07/Jul/2024:17:09:40 -0500] "GET /BLA/resoluciones/AUTOS%202021/0245.php?act=f&f=sess_6jje335qslptkda015bo94lsb5 HTTP/1.1" 200 2761
47.128.127.156 - - [07/Jul/2024:17:09:50 -0500] "GET /BLA/resoluciones/AUTOS%202021/0245.php?act=f&f=4605.pdf HTTP/1.1" 200 2739
47.128.30.55 - - [07/Jul/2024:17:10:12 -0500] "GET /BLA/resoluciones/AUTOS%202021/0245.php?act=f&f=5158.pdf HTTP/1.1" 200 2740
201.245.192.253 - - [07/Jul/2024:17:10:14 -0500] "GET /kwsrmcab/Wsrmcab?wsdl HTTP/1.1" 200 6948
47.128.52.208 - - [07/Jul/2024:17:10:22 -0500] "GET /BLA/resoluciones/index.php?dir=AUTOS%202006%2FAUTOS%202006%20101-200%2F&order=desc&sort=date HTTP/1.1" 200 21757
201.245.192.253 - - [07/Jul/2024:17:10:25 -0500] "POST /forms/lservlet;jsessionid=ac16012b30d6716d42d0eef24d9cbe79d3fe11a80187.e3iSbxaKaheRe34OahmPbx4Oa3z0n6jAmljGr5XDqQLvpAe HTTP/1.1" 200 2
47.128.118.150 - - [07/Jul/2024:17:10:33 -0500] "GET /BLA/resoluciones/AUTOS%202021/0245.php?act=f&f=sess_9m482od6uc2303n1oph46cnt55 HTTP/1.1" 200 2759
216.245.221.92 - - [07/Jul/2024:17:10:41 -0500] "HEAD / HTTP/1.1" 200 -
47.128.117.91 - - [07/Jul/2024:17:10:44 -0500] "GET /BLA/resoluciones/AUTOS%202021/0245.php?act=f&f=4683.pdf HTTP/1.1" 200 2740
47.128.116.113 - - [07/Jul/2024:17:10:54 -0500] "GET /BLA/resoluciones/index.php?dir=RESOLUCIONES%202005%2FRES%202005%201101-1150%2F&order=asc&sort=name HTTP/1.1" 200 12363
47.128.31.160 - - [07/Jul/2024:17:11:05 -0500] "GET /BLA/resoluciones/AUTOS%202021/0245.php?act=f&f=4909.pdf HTTP/1.1" 200 2739
201.245.192.253 - - [07/Jul/2024:17:11:14 -0500] "GET /kwsrmcab/Wsrmcab?wsdl HTTP/1.1" 200 6948
47.128.31.196 - - [07/Jul/2024:17:11:15 -0500] "GET /BLA/resoluciones/index.php?dir=RESOLUCIONES%202006%2FRES%202006%201751-1800%2F&order=desc&sort=date HTTP/1.1" 200 12367
181.78.209.200 - - [07/Jul/2024:17:11:24 -0500] "POST /sipse/faces/autenticacion.xhtml HTTP/1.1" 200 11429
181.78.209.200 - - [07/Jul/2024:17:11:24 -0500] "GET /sipse/faces/javax.faces.resource/theme.css?ln=primefaces-sipse HTTP/1.1" 304 -
181.78.209.200 - - [07/Jul/2024:17:11:24 -0500] "GET /sipse/faces/javax.faces.resource/primefaces.css?ln=primefaces&v=4.0 HTTP/1.1" 304 -
181.78.209.200 - - [07/Jul/2024:17:11:24 -0500] "GET /sipse/faces/javax.faces.resource/jquery/jquery.js?ln=primefaces&v=4.0 HTTP/1.1" 304 -
181.78.209.200 - - [07/Jul/2024:17:11:24 -0500] "GET /sipse/faces/javax.faces.resource/layout/layout.css?ln=primefaces&v=4.0 HTTP/1.1" 304 -
181.78.209.200 - - [07/Jul/2024:17:11:24 -0500] "GET /sipse/faces/javax.faces.resource/jquery/jquery-plugins.js?ln=primefaces&v=4.0 HTTP/1.1" 304 -
181.78.209.200 - - [07/Jul/2024:17:11:25 -0500] "GET /sipse/faces/javax.faces.resource/primefaces.js?ln=primefaces&v=4.0 HTTP/1.1" 304 -
181.78.209.200 - - [07/Jul/2024:17:11:25 -0500] "GET /sipse/faces/javax.faces.resource/layout/layout.js?ln=primefaces&v=4.0 HTTP/1.1" 304 -
181.78.209.200 - - [07/Jul/2024:17:11:25 -0500] "GET /sipse/faces/javax.faces.resource/messages/messages.png?ln=primefaces&v=4.0 HTTP/1.1" 304 -
47.128.30.119 - - [07/Jul/2024:17:11:26 -0500] "GET /BLA/resoluciones/index.php?dir=RESOLUCIONES%202004%2FRES%202004%20451-500%2F&order=desc&sort=name HTTP/1.1" 200 12036
181.78.209.200 - - [07/Jul/2024:17:11:27 -0500] "GET /sipse/faces/javax.faces.resource/images/ui-bg_flat_0_2d5972_40x100.png?ln=primefaces-aristo HTTP/1.1" 304 -
181.78.209.200 - - [07/Jul/2024:17:11:29 -0500] "POST /sipse/faces/presentacion/sistema/seguridad/seleccionRol.xhtml HTTP/1.1" 200 16360
181.78.209.200 - - [07/Jul/2024:17:11:29 -0500] "GET /sipse/faces/javax.faces.resource/theme.css?ln=primefaces-sipse HTTP/1.1" 304 -
181.78.209.200 - - [07/Jul/2024:17:11:29 -0500] "GET /sipse/faces/javax.faces.resource/primefaces.css?ln=primefaces&v=4.0 HTTP/1.1" 304 -
181.78.209.200 - - [07/Jul/2024:17:11:29 -0500] "GET /sipse/faces/javax.faces.resource/jquery/jquery.js?ln=primefaces&v=4.0 HTTP/1.1" 304 -
181.78.209.200 - - [07/Jul/2024:17:11:29 -0500] "GET /sipse/faces/javax.faces.resource/layout/layout.css?ln=primefaces&v=4.0 HTTP/1.1" 304 -
181.78.209.200 - - [07/Jul/2024:17:11:30 -0500] "GET /sipse/faces/javax.faces.resource/jquery/jquery-plugins.js?ln=primefaces&v=4.0 HTTP/1.1" 304 -
181.78.209.200 - - [07/Jul/2024:17:11:30 -0500] "GET /sipse/faces/javax.faces.resource/primefaces.js?ln=primefaces&v=4.0 HTTP/1.1" 304 -
181.78.209.200 - - [07/Jul/2024:17:11:30 -0500] "GET /sipse/faces/javax.faces.resource/layout/layout.js?ln=primefaces&v=4.0 HTTP/1.1" 304 -
181.78.209.200 - - [07/Jul/2024:17:11:30 -0500] "GET /sipse/css/imagen/contrasena.png HTTP/1.1" 404 383
181.78.209.200 - - [07/Jul/2024:17:11:32 -0500] "POST /sipse/faces/bienvenido.xhtml HTTP/1.1" 200 2658
181.78.209.200 - - [07/Jul/2024:17:11:33 -0500] "POST /sipse/faces/bienvenido.xhtml HTTP/1.1" 200 64686
181.78.209.200 - - [07/Jul/2024:17:11:35 -0500] "GET /sipse/faces/javax.faces.resource/theme.css?ln=primefaces-sipse HTTP/1.1" 304 -
181.78.209.200 - - [07/Jul/2024:17:11:35 -0500] "GET /sipse/faces/javax.faces.resource/primefaces.css?ln=primefaces&v=4.0 HTTP/1.1" 304 -
181.78.209.200 - - [07/Jul/2024:17:11:36 -0500] "GET /sipse/faces/javax.faces.resource/jquery/jquery.js?ln=primefaces&v=4.0 HTTP/1.1" 304 -
181.78.209.200 - - [07/Jul/2024:17:11:36 -0500] "GET /sipse/faces/javax.faces.resource/layout/layout.css?ln=primefaces&v=4.0 HTTP/1.1" 304 -
181.78.209.200 - - [07/Jul/2024:17:11:36 -0500] "GET /sipse/faces/javax.faces.resource/jquery/jquery-plugins.js?ln=primefaces&v=4.0 HTTP/1.1" 304 -
181.78.209.200 - - [07/Jul/2024:17:11:36 -0500] "GET /sipse/faces/javax.faces.resource/primefaces.js?ln=primefaces&v=4.0 HTTP/1.1" 304 -
181.78.209.200 - - [07/Jul/2024:17:11:36 -0500] "GET /sipse/faces/javax.faces.resource/layout/layout.js?ln=primefaces&v=4.0 HTTP/1.1" 304 -
47.128.99.243 - - [07/Jul/2024:17:11:36 -0500] "GET /BLA/resoluciones/index.php?dir=RESOLUCIONES%202004%2FRES%202004%201801-1850%2F&order=desc&sort=name HTTP/1.1" 200 12357
181.78.209.200 - - [07/Jul/2024:17:11:36 -0500] "POST /sipse/faces/presentacion/financiero/solicitudProceso/listarSolicitudProceso.xhtml HTTP/1.1" 200 1556
181.78.209.200 - - [07/Jul/2024:17:11:41 -0500] "POST /sipse/faces/presentacion/financiero/solicitudProceso/listarSolicitudProceso.xhtml HTTP/1.1" 200 28603
201.245.192.253 - - [07/Jul/2024:17:12:14 -0500] "GET /kwsrmcab/Wsrmcab?wsdl HTTP/1.1" 200 6948
201.245.192.253 - - [07/Jul/2024:17:12:25 -0500] "POST /forms/lservlet;jsessionid=ac16012b30d6716d42d0eef24d9cbe79d3fe11a80187.e3iSbxaKaheRe34OahmPbx4Oa3z0n6jAmljGr5XDqQLvpAe HTTP/1.1" 200 2
201.245.192.253 - - [07/Jul/2024:17:12:28 -0500] "POST /kwsrmcab/Wsrmcab  HTTP/1.1" 200 38712
40.77.167.62 - - [07/Jul/2024:17:12:36 -0500] "GET /Publicaciones/2023EE284260.pdf HTTP/1.1" 404 228
172.22.2.4 - - [07/Jul/2024:17:11:13 -0500] "HEAD /BLA/boletinlegal/ HTTP/1.1" 200 -
201.185.98.0 - - [07/Jul/2024:17:13:06 -0500] "GET /mesa/contrasena.pdf HTTP/1.1" 200 443199
201.185.98.0 - - [07/Jul/2024:17:13:06 -0500] "GET /mesa/contrasena.pdf HTTP/1.1" 206 1
201.185.98.0 - - [07/Jul/2024:17:13:06 -0500] "GET /mesa/contrasena.pdf HTTP/1.1" 206 440551
201.245.192.253 - - [07/Jul/2024:17:13:14 -0500] "GET /kwsrmcab/Wsrmcab?wsdl HTTP/1.1" 200 6948
201.245.192.253 - - [07/Jul/2024:17:14:14 -0500] "GET /kwsrmcab/Wsrmcab?wsdl HTTP/1.1" 200 6948
201.245.192.253 - - [07/Jul/2024:17:14:25 -0500] "POST /forms/lservlet;jsessionid=ac16012b30d6716d42d0eef24d9cbe79d3fe11a80187.e3iSbxaKaheRe34OahmPbx4Oa3z0n6jAmljGr5XDqQLvpAe HTTP/1.1" 200 2
172.22.2.4 - - [07/Jul/2024:17:12:57 -0500] "HEAD /BLA/boletinlegal/ HTTP/1.1" 200 -
201.245.192.253 - - [07/Jul/2024:17:15:14 -0500] "GET /kwsrmcab/Wsrmcab?wsdl HTTP/1.1" 200 6948
172.22.2.4 - - [07/Jul/2024:17:13:48 -0500] "GET /BLA/boletinlegal/ HTTP/1.1" 200 57485
216.245.221.92 - - [07/Jul/2024:17:15:41 -0500] "HEAD / HTTP/1.1" 200 -
201.245.192.253 - - [07/Jul/2024:17:16:14 -0500] "GET /kwsrmcab/Wsrmcab?wsdl HTTP/1.1" 200 6948
201.245.192.253 - - [07/Jul/2024:17:16:25 -0500] "POST /forms/lservlet;jsessionid=ac16012b30d6716d42d0eef24d9cbe79d3fe11a80187.e3iSbxaKaheRe34OahmPbx4Oa3z0n6jAmljGr5XDqQLvpAe HTTP/1.1" 200 2
201.245.192.253 - - [07/Jul/2024:17:16:29 -0500] "POST /kwsrmcab/Wsrmcab HTTP/1.1" 200 34568
201.245.192.253 - - [07/Jul/2024:17:16:32 -0500] "POST /kwsrmcab/Wsrmcab HTTP/1.1" 200 35060
201.245.192.253 - - [07/Jul/2024:17:17:14 -0500] "GET /kwsrmcab/Wsrmcab?wsdl HTTP/1.1" 200 6948
201.245.192.253 - - [07/Jul/2024:17:17:25 -0500] "POST /kwsrmcab/Wsrmcab  HTTP/1.1" 200 38712
181.78.209.200 - - [07/Jul/2024:17:17:38 -0500] "POST /sipse/faces/presentacion/financiero/solicitudProceso/listarSolicitudProceso.xhtml HTTP/1.1" 200 153694
181.78.209.200 - - [07/Jul/2024:17:17:42 -0500] "GET /sipse/faces/javax.faces.resource/theme.css?ln=primefaces-sipse HTTP/1.1" 304 -
181.78.209.200 - - [07/Jul/2024:17:17:43 -0500] "GET /sipse/faces/javax.faces.resource/jquery/jquery.js?ln=primefaces&v=4.0 HTTP/1.1" 304 -
181.78.209.200 - - [07/Jul/2024:17:17:43 -0500] "GET /sipse/faces/javax.faces.resource/primefaces.css?ln=primefaces&v=4.0 HTTP/1.1" 304 -
181.78.209.200 - - [07/Jul/2024:17:17:44 -0500] "GET /sipse/faces/javax.faces.resource/layout/layout.css?ln=primefaces&v=4.0 HTTP/1.1" 304 -
181.78.209.200 - - [07/Jul/2024:17:17:44 -0500] "GET /sipse/faces/javax.faces.resource/jquery/jquery-plugins.js?ln=primefaces&v=4.0 HTTP/1.1" 304 -
181.78.209.200 - - [07/Jul/2024:17:17:45 -0500] "GET /sipse/faces/javax.faces.resource/primefaces.js?ln=primefaces&v=4.0 HTTP/1.1" 304 -
181.78.209.200 - - [07/Jul/2024:17:17:45 -0500] "GET /sipse/faces/javax.faces.resource/layout/layout.js?ln=primefaces&v=4.0 HTTP/1.1" 304 -
181.78.209.200 - - [07/Jul/2024:17:17:51 -0500] "POST /sipse/faces/presentacion/financiero/solicitudProceso/consultarSolicitudProceso.xhtml HTTP/1.1" 200 1056711
201.245.192.253 - - [07/Jul/2024:17:18:14 -0500] "GET /kwsrmcab/Wsrmcab?wsdl HTTP/1.1" 200 6948
173.252.95.12 - - [07/Jul/2024:17:18:16 -0500] "GET /gobierno-de-bogota-hace-recomendaciones-a-la-ciudadania-para-que-tome-acciones-ante-la-mala-calidad-del-aire.html HTTP/1.1" 200 864
173.252.95.2 - - [07/Jul/2024:17:18:16 -0500] "GET /gobierno-de-bogota-hace-recomendaciones-a-la-ciudadania-para-que-tome-acciones-ante-la-mala-calidad-del-aire.html HTTP/1.1" 200 864
173.252.95.21 - - [07/Jul/2024:17:18:16 -0500] "GET /gobierno-de-bogota-hace-recomendaciones-a-la-ciudadania-para-que-tome-acciones-ante-la-mala-calidad-del-aire.html HTTP/1.1" 200 864
201.245.192.253 - - [07/Jul/2024:17:18:25 -0500] "POST /forms/lservlet;jsessionid=ac16012b30d6716d42d0eef24d9cbe79d3fe11a80187.e3iSbxaKaheRe34OahmPbx4Oa3z0n6jAmljGr5XDqQLvpAe HTTP/1.1" 200 2
66.249.66.21 - - [07/Jul/2024:17:19:04 -0500] "GET /BLA/resoluciones/RESOLUCIONES%202021/2230.pdf HTTP/1.1" 200 975712
66.249.66.19 - - [07/Jul/2024:17:19:05 -0500] "GET /BLA/resoluciones/RESOLUCIONES%202016/2308.pdf HTTP/1.1" 200 355658
201.245.192.253 - - [07/Jul/2024:17:19:14 -0500] "GET /kwsrmcab/Wsrmcab?wsdl HTTP/1.1" 200 6948
172.22.2.4 - - [07/Jul/2024:17:19:36 -0500] "GET /BLA/boletinlegal/normativa.php HTTP/1.1" 200 8397
201.245.192.253 - - [07/Jul/2024:17:18:48 -0500] "POST /kwsrmcab/Wsrmcab HTTP/1.1" 200 14506
201.245.192.253 - - [07/Jul/2024:17:19:48 -0500] "POST /kwsrmcab/Wsrmcab HTTP/1.1" 200 35060
201.245.192.253 - - [07/Jul/2024:17:20:14 -0500] "GET /kwsrmcab/Wsrmcab?wsdl HTTP/1.1" 200 6948
201.245.192.253 - - [07/Jul/2024:17:20:25 -0500] "POST /forms/lservlet;jsessionid=ac16012b30d6716d42d0eef24d9cbe79d3fe11a80187.e3iSbxaKaheRe34OahmPbx4Oa3z0n6jAmljGr5XDqQLvpAe HTTP/1.1" 200 2
172.22.2.4 - - [07/Jul/2024:17:18:47 -0500] "HEAD /BLA/boletinlegal/ HTTP/1.1" 200 -
216.245.221.92 - - [07/Jul/2024:17:20:41 -0500] "HEAD / HTTP/1.1" 200 -
201.245.192.253 - - [07/Jul/2024:17:21:14 -0500] "GET /kwsrmcab/Wsrmcab?wsdl HTTP/1.1" 200 6948
172.22.2.4 - - [07/Jul/2024:17:19:38 -0500] "GET /BLA/boletinlegal/ HTTP/1.1" 200 57889
201.245.192.253 - - [07/Jul/2024:17:22:14 -0500] "GET /kwsrmcab/Wsrmcab?wsdl HTTP/1.1" 200 6948
201.245.192.253 - - [07/Jul/2024:17:22:25 -0500] "POST /forms/lservlet;jsessionid=ac16012b30d6716d42d0eef24d9cbe79d3fe11a80187.e3iSbxaKaheRe34OahmPbx4Oa3z0n6jAmljGr5XDqQLvpAe HTTP/1.1" 200 2
201.245.192.253 - - [07/Jul/2024:17:22:24 -0500] "POST /kwsrmcab/Wsrmcab  HTTP/1.1" 200 38712
162.142.125.36 - - [07/Jul/2024:17:22:47 -0500] "\x16\x03\x01" 400 226
181.78.209.200 - - [07/Jul/2024:17:22:54 -0500] "POST /sipse/faces/presentacion/financiero/solicitudProceso/consultarSolicitudProceso.xhtml HTTP/1.1" 200 64686
181.78.209.200 - - [07/Jul/2024:17:23:06 -0500] "GET /sipse/faces/javax.faces.resource/theme.css?ln=primefaces-sipse HTTP/1.1" 304 -
181.78.209.200 - - [07/Jul/2024:17:23:07 -0500] "GET /sipse/faces/javax.faces.resource/primefaces.css?ln=primefaces&v=4.0 HTTP/1.1" 304 -
181.78.209.200 - - [07/Jul/2024:17:23:07 -0500] "GET /sipse/faces/javax.faces.resource/jquery/jquery.js?ln=primefaces&v=4.0 HTTP/1.1" 304 -
181.78.209.200 - - [07/Jul/2024:17:23:11 -0500] "GET /sipse/faces/javax.faces.resource/layout/layout.css?ln=primefaces&v=4.0 HTTP/1.1" 304 -
186.102.4.252 - - [07/Jul/2024:17:23:12 -0500] "GET /kwssiamovil/sm/acme/s?s=U2FsdGVkX18gelwt7NaHUQAtIb8Twn+zoBtISINw54o51PK8SwaFboYyunRny3foZmtn/c7k/0xn01nkrs1YGsto7YtrUgJvXtcL4f4A9Bt6iwCBI7g+TLHQGd/H5mOiIlaavcIdtevqk37QiAQvxVyLMFN++3azUMV7gNJJtXdwXq0j2BqIIDndn00rlWvuJDomkYO0GjNANUZ+P87OA2VCkkLtY2W4hJHb/e13VznPimwvgw80lSSB6mvYWdICvE4ud60kdoNvpBGiM5wmZ9arQS/iezlU2ZepaJnpqVhMZSHanOMyS8TT5x0w07eTFYvygLiVbrTXT4ZoJ8Q6VciNrzo6c3kfVLEp31c536X12wRejGg7o0jLq6BAa7ibpzNbppSWXh10+Y0ehd4x60CKGqK+zbsv1PcLskpkxap5Wj7Cs1U/GJ5sji5rkyKCliiHNB9JeCOZRjFVFl+thA==&u=U2FsdGVkX1/lRwCA8Xt2eA1xrJqtGLfC9w2VKIqKJb5F9ku5zc54YcW4C0id6w+a&y=U2FsdGVkX1+Fu5IXWNS/3lMXga/xRLvrMCFbvt6iA5Q88oUvGr9H5n16wmeVPurN HTTP/1.1" 200 100
186.102.4.252 - - [07/Jul/2024:17:23:12 -0500] "GET /kwssiamovil/sm/acme/s?s=U2FsdGVkX19WBorUEsFDoN3rWqAkeXDZZlWA892dyWAW0bEvSk6veaS0Xu53/n1Ad3M2YSt/scZjWa7wN9+uiGzdtrmmI10Dl7VDO0VIyuNKqfx5n9ch0G+Yn0z80nkOmBpAaq+R0i2GXCNzh2mZu3arVz85py9sUrg5sThQlHaMbuClpaIxHcEi1cbMeimLNLQXkT/1ShCg2gjTevayxHBuIq2vYz0+LAx6pgijFw/5LCxhOaA2ZJjkdmb4nirLGehq7N0tLM/GE6jvuMhQulfTKBWzC39MkoyNzi5X1puUFOpboFnIO+Nk72Icg0VJIcyg0CBKdTdLNAj4FjIM+oFyT69NlP4SwonmlkpsujM3i375MnSHLXnIqMn6BoBzC7HWup8TdBb9kE5VaRTXzw==&u=U2FsdGVkX1/lRwCA8Xt2eA1xrJqtGLfC9w2VKIqKJb5F9ku5zc54YcW4C0id6w+a&y=U2FsdGVkX1+Fu5IXWNS/3lMXga/xRLvrMCFbvt6iA5Q88oUvGr9H5n16wmeVPurN HTTP/1.1" 200 94
186.102.4.252 - - [07/Jul/2024:17:23:12 -0500] "GET /kwssiamovil/sm/acme/s?s=U2FsdGVkX19tp3DsevYHSOo6hLjDIPeSMKGGgcsO7xzBARdJR9sjRUdyno3L4n/3SRv3BO8sJEadTKmCUCj+w014vJcirCdNAXnys5jJVXKRREMT6XNOp3OquOYyoWLEoGv79aOJVX6n/RfmguFKEeNUFYGAqJPXkdAhzqnLJH+iMUlz2tZba8tGpurrAwiVpW04AH2PPaJywc568+oOWT+WW/hXrI+dh25hS1DDvfqAoWy8xoqVw7CnjJWTkBydJq/q0fwC8HTmfFkMXzNVRF0c212+Ue1oWoI2Jq7NI0L36CpZVTg8qxHoPk0UF/SHh0hVrlDIHodLMhWRXC+fa9CI/w/08TQBKcCIeLOHti4aXjcBtbuR4HtPBQQcvWLyXbBgI9fjVe6cyvg1QO2KD0VnK0V72HhO3hWNsEQJ3wtPglwjue9DJ3LSv2B1v8/Z1jmOAK7Q5OdP3rAz3VlC5g==&u=U2FsdGVkX1/lRwCA8Xt2eA1xrJqtGLfC9w2VKIqKJb5F9ku5zc54YcW4C0id6w+a&y=U2FsdGVkX1+Fu5IXWNS/3lMXga/xRLvrMCFbvt6iA5Q88oUvGr9H5n16wmeVPurN HTTP/1.1" 200 100
186.102.4.252 - - [07/Jul/2024:17:23:12 -0500] "GET /kwssiamovil/sm/acme/s?s=U2FsdGVkX1+h7N3hUeRJW2O/5Ow4BqpwXVt/L0sQ/a8=&u=U2FsdGVkX1/lRwCA8Xt2eA1xrJqtGLfC9w2VKIqKJb5F9ku5zc54YcW4C0id6w+a&y=U2FsdGVkX1+Fu5IXWNS/3lMXga/xRLvrMCFbvt6iA5Q88oUvGr9H5n16wmeVPurN HTTP/1.1" 200 70
201.245.192.253 - - [07/Jul/2024:17:23:14 -0500] "GET /kwsrmcab/Wsrmcab?wsdl HTTP/1.1" 200 6948
181.78.209.200 - - [07/Jul/2024:17:23:21 -0500] "GET /sipse/faces/javax.faces.resource/jquery/jquery-plugins.js?ln=primefaces&v=4.0 HTTP/1.1" 304 -
172.22.2.4 - - [07/Jul/2024:17:23:23 -0500] "GET /BLA/boletinlegal/robots.txt HTTP/1.1" 404 1038
186.102.4.252 - - [07/Jul/2024:17:23:29 -0500] "GET /kwssiamovil/sm/acme/a?s=U2FsdGVkX18kYeBUa6bBsRDGVf69E75MLlQEDtmjkw2H8qs8i77UgmbhuhHxSOrt150R5VmlpEunbCHluRgtUydJDzqntWsg9w7qNv+ZdDrTQPWXEQVFcKQT0CPYmZEeLST+fJljxRH8wXH5cNhxhBnGuOx3Th3zbM2rBkyIhuzPdsjOwZGI9M1+KeTBlW0+idqRNnL3Gl/sPq6CQ56vJcOMgAxOrqLbFA0l+ro1ecDZraeaU11njzJphqW4Xg5WSOljGCBMe18eTYGPbZjUe0WQnViAD5fFKJfhDubi6xE=&u=U2FsdGVkX1/lRwCA8Xt2eA1xrJqtGLfC9w2VKIqKJb5F9ku5zc54YcW4C0id6w+a&y=U2FsdGVkX1+Fu5IXWNS/3lMXga/xRLvrMCFbvt6iA5Q88oUvGr9H5n16wmeVPurN HTTP/1.1" 200 26
186.102.4.252 - - [07/Jul/2024:17:23:29 -0500] "GET /kwssiamovil/sm/acme/u?s=U2FsdGVkX1/4HQwHuT/ttEOfckIugx66ydLKL1QY4Iphy2mJhrMBVGsBa+Gkpmf/kmwy5njaJZ9OEQ9DScPcmECwx8/PmTfcpHGnk/2YyAKXceiBbsYTkTv87E7gcEY2kkcRynp8Kdhd/aydx4v/U8bS5zgA2LNdaa0l4a8SDI+G5h3+2KqgjQ148LMD/RLOLqrP5OW4l6LR6cqPUrC9G7fQjRpudOzujLbMDHS9qNIsG1Egg3Mh3wzUBR0aUmqt/vsAS1B3tOshXIv/57rl+0ZBKANgek/BR3a4w6ysA51T6byPOGU49w24Zy/MEaaON8NQGyKBV7NzIrEAXSelfpJtATI4zA0mVOjxta/xOlY5o5Ndh4lHfWj1Xy/GwjKC1SuU9X8lU5LTrXJnrhi7jwF2LExsqT3SGX5pgnJ4GmtfHCG9D6ekYZj3Ltkiha11KhYF9wZAh8vO++dErjZDLmzSSGoPoAgB2enBrWQVv7apEOucIYKfzQbLw/wr3fPEx4Xo0TrA36FLt3a7zPq6HXJGUayeP5Yu6x6hDD4YJpS5JOC29u9synsoBM0EmGmemn8KqiXhsIkZDHLPe8rojiOu4hzQDLEjYXz3Mrr6mxKfE/IGiQxeJM2oH3jQ5xYw+e6Fb2lNgp//6eyzffk5kWdBqWOLGeStqbTN3vtxSxxqSAKyjIML/LSiSixBCNbJVbemVnJ8HRwN34mZ5N7pnQogFAIz/JnaH24mNNeVPuz2F5/8R8v2QdadcXdTjb1ErsvoFWEBTgeKp+brmtUgytwDSnzF+mVanWwpYyWqmuS9K9NCUe8DRfGnNeJhDgQViJahAZFZJHdt3hLHbaPP8hO/njZLxAVDRXD3kzlDarfDEN/xsTrt+2YALPD40+Ce5hxz5/0VT90a5l5/bUYQBnrjSpjr4NLJewzkfQDX8aiqSET9VgWnTYejiL8Gj0/pDbbS0+IKqzh1/RD1aZzW/A8F7Tyj+I+j4UN9rUr1l/uOFqgjUjSVHkOfFQ1MVeHt382aM/6Ixs0JN4n6jAeK2FooSbSsAzX0Xhof7Jdl3v803UHz6a3r60z/HvpiZAhW5wtoGjaNDDCfyEZ+QphT7yhbBmcQmF5legHtnIEeYrCaoBBv0tCWE5XmidukWkqyb0+ujHSqotFMOri459/wE9RDlebn2yhKi6qP55bszOCkusysZWY/Ed0vg1+WXzRDxFyHWV/cUBSpNXxe2MfX41ejpxtdOz0RfrO7hu4J9NCKKhWFJakG1TnjxRmmKdjFnzFsD0p4PdswcsKPnmq/AgeEQ3C64jWryIEtB4eZq3JExpFW9Rje/UmDIQTK3ivEIQkoFq5+3Vldd9ud5GBGx/qYXLIawcc6/V67hg8KGYVYZnaBX8pGBoD9CLT1nFTJIjf+a9ajSt5Pa8JvA++i1ShdcUkFkFnHasFsgi5oPar7vKXL6D7io+Ii3KlkswJfeVAkfqjVq8cQuRVmvbEKwjRgp97tWv/jCq4wrDtVFKIn46qN4ZkBwgX9lFcAIYKQ1wB8j9Qyicl5bhpT9lCYDA1R/4aVzmTXqKoq9rYyWKD4S6VcDIhcQTQG9wUUVQO9LdQVXDUoc82D7CB0BHeqvHrK049P8H7ZSXbKG9dJVFGlzNKSkSV7oEjAWWeebAsIuUAOcP7NfUx6ZerbgNvA9851954CAKLSNpBaO6Wikpv/2Cc0tsFizFIQURY+5SPeClkyUtFeX8pjemI7UtjihZ/WKJjbO0M9Yq5D2SE83ijAicCZgbZtcvse51vhC0RgyOh40xQez7pTWDL8/5n/3c7qvgsDanvLuY8yZFF7VIRXs4lTYVPFrVIXAIvtHB75OfDvhR633z7OWbi5cbkB5cuMdx3HxNZndXrMPFe35Kx4X7QBfufII4NQlLxXbx9VCflBnzcoamiG8UN7Vzh5LHfkwHIwSd7+HtokkReHvHiOHIh97ne23ft2UDKcIIdF9FNgAiqjMPLmMp22zGdt1TjGQ41bTBf2LiDydYVSVLVQ3R69x8LYIOLVrdKNxMkiK4ezvioAjSoL8R9Gq2gP3Bn9+GotEtfRkuYfVLgQ8Zwk+KyBHAXVF+CTgOXsf3iYHkbxvx9MqkfaiAXdpd9F+DO/r8HAspJ+Po7YWC0/OQyDgOCCxpLB9Te1AoC0ZXgzUW3eXHiYrRLKWmr6E1U22Wh0kL2vu+EPdYoVIhSLsaumFTT/M5Dqc2SL/1n7RJ9E323a2pJoUiWSLweoGtwZXovGz+Rc+ufwK1b6uxOMqFL2qIfOlQDvJFbIB4VGV/8c0waJGXQrgHpfMPXWbj1twIJ8tT+kd0lQzZCpi7j3uIE5LTnj8Pjbj9aMaTpdKOIRZEStDHy9UWybqkFKfTTB79y4JVcCoflBxvvB6hOnBNXFcUqWSimmiCMsz37cDZvFlaOkRHVtdAYFr70xU1NXq4EHyVN1ktmyM7B8Fz/P7eIesBPv2zXcBeAC1RLc3UtKA8ZDoFDU6xLG5Se8s+31MnHiY4EbA4SoCEqLmSvQfs7O4Un9Gu5cXv+eXGndhk7n29ZXw46Sa/oVcWGvp3ZjLpcgQSbCqoHNk8Y0leAssp2gBVucU3ty9rNzdFqhIR/z33gTVPI5eTjpcHm7a0NQ5pxLX+nX1I44rcbxxYT/6I4mPVWJOA6YiJx8UtIIATwIct0/YdzIyKRkkjieDzMdha9BjJkAY/MJu/DKvdGrirqRwYURLhS6K3aaeHMxfNpPLQ9BpJ+7+Na7i4M/PGMP4aN7jUM4asx2WSO8H+UMGJ4oaIAfZhGYpALU/tq2mFjlD2iHKlcXKmbCTkyXnlTTNEVfLI2xjMUW9mz6cT/vid/PJfS6MQMxwAfGqEz3UYsXsOWeNiGjfh8QpgpO+ch3bbqig3S8P+lwOWBEZXXSETzIhfW7uIadyp8TpaNmn185dfyzl46WZqC8Xii9dL1cXteaBWL7iyhrTAfABk3BNoxOZDZnYBJHlk4j4pOQVzFPehTp4b7RuGuR2XO5TXBILHc6tKEJrgMIzYdBRvrL5HSD4EXwWQTuHuax7zc3JCHC0KcGKsFv2eef6ysFavyGy0qimxVvX/iebTPEm6oMuronj24KYyvxguuVXUH5Pa3x7Sw+k0Q+GyYyYNc/HYnkBx5M/bNPbyyUtVe1lxBZZH/zp3R9thj99yxBhYFiw4uTAJRH4xE+0lKtiP9EXKTYoXuIXfvpcR9TaztJl//0emSMgl4SyX2CaUD3HbeEAhW4mo24d4XKhmrMRvTjsvVfGhZTohr3Z61JggWryyKq+eU=&u=U2FsdGVkX1/lRwCA8Xt2eA1xrJqtGLfC9w2VKIqKJb5F9ku5zc54YcW4C0id6w+a&y=U2FsdGVkX1+Fu5IXWNS/3lMXga/xRLvrMCFbvt6iA5Q88oUvGr9H5n16wmeVPurN HTTP/1.1" 200 60
186.102.4.252 - - [07/Jul/2024:17:23:30 -0500] "GET /kwssiamovil/sm/acme/u?s=U2FsdGVkX18J6vTJgdWjPdYaFAXOGhrcnJaXtMZYt6hT14TcVZgANwgTpb/iGJs4XgLgoITdQY2UxXgjB2eU/0skorsPxPKBfrCbbCs8pIwbTb/L9MIp/QUINZlsNv1S0Vd1X1HGggQv8Al4Nc4fRA==&u=U2FsdGVkX1/lRwCA8Xt2eA1xrJqtGLfC9w2VKIqKJb5F9ku5zc54YcW4C0id6w+a&y=U2FsdGVkX1+Fu5IXWNS/3lMXga/xRLvrMCFbvt6iA5Q88oUvGr9H5n16wmeVPurN HTTP/1.1" 200 60
186.102.4.252 - - [07/Jul/2024:17:23:30 -0500] "GET /kwssiamovil/sm/acme/a?s=U2FsdGVkX1/a6G0kkucHgIOS1LuHMiyqNVS9JQWFvln5Uo35ElA+9165Iz6yj+60vSab0pWXt3ioNj2t3hcKiBA3jmzs5YRofdKA9B4hW097E3Re2E/1jn21gZ9hzEm19osFo6i3SZgODBwpb6xIv6iMSPBc0EJe8AtCoYTz+y2TGIE6I7eHEuRAmjwwSarSmEzASOgfLZ8KiF01iq4SqiJXTrKdXjE14d1YC+6Cc3dVJ5DjDqHzxiSqeX2OBSTTClxAo/brhXBrtUyVj01a2DJbYviDWhMi86mVe74X12AN4THvKM58qz05cVqjvCmECiixh9WaOJXHdLyJ0Cr4VU8r7bkh6+g95Ll7bi+GVjT21HT5/f9RTrff3KEqh25M4SGrj+HeZbuBiazcVdTzDgdr/MnTIeT2VdIwvoyIX7Wxmth1lTPHvZW8mnelcoHeJsaUBxjJYsMQ+ycLcERtkKmDDfWAfJRUF/zz8NRbWOlru9zgGKzufSTfrW9jMb+sAwEmqGDF615qowKLH6Mpy2FKHa4B9B7MMBYOrdFeOudgQWYXR1lpfN122BKTsYuLhwcNlDdcD463dBfG8ArqvAZDeGNuTW+JkdwL3PUttvVUPUdA/vrPEKQisgGM3fe+dFLXBC+oXkfmiu/SIdx2b/EHOK3x6sgB1TGPSLuc/VUwYCsz6husnt2uX5NuvvP2PXiodwh5n+NXAJLg+1yacs45N3WIs0dfeEQ1HhygICEZV0I18iP8OjxPHqU1BfrlBpwxVK329cLudCXjcz44v9wf7OXrwRfO+f/0em36ab0HWNozYdd3GrpfcNiOv6APIjfzHW+H3p0LlDNimn2fHvUpPvxGX2dimSkEximitUbHoeTOzX+e8GGLPP6MCp+u7QtVEywNTyIsREMLYl4hZg34RH2NI8lNklCViP62imnRmpROF1q0I9yxC6AK2flFBhDXL9ZFe2pi+dVVdbKsvYt/b5SajL0R5et69PqfbTbsItD2qJHZXByh4a1OiHOdg+iOXfAIZ9MbfSKQcvje5ZDfeYn2rVdu6RkQCSdu+F619YTha/OFFIGViNLFrBCt5WF+hhC+lArE3jkffhHgwTUbc2mk0hX1vEwo9UEEeZdizJsRisw72O48ykEJqS2LSZQKKERjPteHmX/N1njh9PMZsp0/HpO75uxF3/V6FfMoSpD3Niy9JXEq277x47qT8/QXrLoALIH9sFrCU0BJ6aYARsFed2VtLQo3Cg3YIdUFDn0/lJwp1t4UeT0EzBreOkcuTOjxt1F7ggVvjxToLpRu542wlYAu+TH4t0/FmDIZfYS0hCvaUfUVReVztk5PhpNOxt8jEdZMIp6mqbM3BnT4x6K0rov/9rx0WSiiK1FRbt3mZt19iHYwIrQgsq/03vIu7Mk486atS9IZZM38x6sZZCLOLSv2mEYerdDHS/o6bohBQIGc0e6Kw9bkjQbGrp2ZL8iyf3Woic/0NoMmPcL/XiYIXNZosTIEpFUwbnXtgNrcsfQuXvFAVp+AhXIk88yUvI56B3Hc03BntayCEjvd7UpZXfvR+QmG1/bB4mFXeXS5A2JqpjXA5bvJbuMuDZweR2LDt0mK7wlXkv6NvsJDNCtbxKK/qcTX+fPNhMUwNMCZk+w1kxItAom6h4g2tZDBDbMqk4OBnDaedKXThA==&u=U2FsdGVkX1/lRwCA8Xt2eA1xrJqtGLfC9w2VKIqKJb5F9ku5zc54YcW4C0id6w+a&y=U2FsdGVkX1+Fu5IXWNS/3lMXga/xRLvrMCFbvt6iA5Q88oUvGr9H5n16wmeVPurN HTTP/1.1" 200 24
186.102.4.252 - - [07/Jul/2024:17:23:30 -0500] "GET /kwssiamovil/sm/acme/a?s=U2FsdGVkX18FLgWP4+i3r3nXfuL/Bfz9IUd/JoQm3ISMeAtO8ibLdQGGEDTXSGRCb2X3IsE53dZ0EMo6a0J8xOSr6/5dXw787c4YHf5zxEnaVYwoy1NnH07IZuv16fbmvq4CQJkozLWMJtFcfiN5UQS0JTbmXn6/uYIPIOgMQeQ=&u=U2FsdGVkX1/lRwCA8Xt2eA1xrJqtGLfC9w2VKIqKJb5F9ku5zc54YcW4C0id6w+a&y=U2FsdGVkX1+Fu5IXWNS/3lMXga/xRLvrMCFbvt6iA5Q88oUvGr9H5n16wmeVPurN HTTP/1.1" 200 26
186.102.4.252 - - [07/Jul/2024:17:23:30 -0500] "GET /kwssiamovil/sm/acme/a?s=U2FsdGVkX18M8YGnfFh2+2LXAqWOSgqgGV3F5a2I6vQNeOpg3HKDAX0bjEqEk266CoNfq5QJlrfrY8twIVh+XfFBetnd1L01PIdupEkcd1WHNAuZOGO7VXFIUkyP4F740tDZF7vObEAdWcpjBCsxGO5sp0vLKqYz91BTKoU0WiHVilCyzS0ESdxyqmLqI0k4BUF61ZBGrpoOqhOwd10ySpj+Jn+hNXpHeceUqcMAezRIUNX2yozjDZFNm3oEJxOdyH9MTK9itx5yPtZrElU2jw==&u=U2FsdGVkX1/lRwCA8Xt2eA1xrJqtGLfC9w2VKIqKJb5F9ku5zc54YcW4C0id6w+a&y=U2FsdGVkX1+Fu5IXWNS/3lMXga/xRLvrMCFbvt6iA5Q88oUvGr9H5n16wmeVPurN HTTP/1.1" 200 24
186.102.4.252 - - [07/Jul/2024:17:23:31 -0500] "GET /kwssiamovil/sm/acme/a?s=U2FsdGVkX1+PGqIOI7Gd9tHIDP7AxDPA5u1UhJNCGKfDxGM6M1UWegyspdW+JWjCwQARfjLQ57P8sIaOHmoEy9aSYazrmYWq7/hU5kwJPPvMJZNJRMQQESrKzrkt9JS1/WkYijR9iMs+irDmwC3KI0ZP4ag3uXfv19UlmKeLCkzYPkRYTiKD6KaIZd9sUHqW+xNxo6iu8pqmvDBCTbUnpJa9NjGPGojtS4AiZMn2Hlb4xBbIcrckiOLF16xJA5JMWhyMJ7fni9pZEpXbgEPec1HTX8YzyNZtXPMicwmT1VoWl/hjaIb1/8HFjEB3NzSE408OzXjf2E3qDegSRnI7AvRlfkBUYj595NDj/S9Nxfg90yYLzqiIm9by1mv/RBLrL8zTub0mD+PX0YyaX+JueDID+ojcZO0/Yo8m/p+Xq0EBa35wASndXFZ5ctofZO+1UFRBW//Ei4XF2eQ582oJvLKYgNEZK3FSSMlz4jFhksUjN9E8qscyGv+7LUUXbuvELozL+uIpmhBiRacY7glqmlk+7M8D0NZL3d8qq0C2TfKV98eeSYVJCBHU04Lj3UIhMdmDjMB9CXN6luHbk4el2wyQC6RQsbN3gm5ZC7WE/0ciLilkGhUCX0MdkUTD/fPiy40rO5KsB+jf9Rs9LeuYq+Ev1yQ4h9e8skrk1OmOMfqoIvDenhPvRwQrzYgq7kugwaVt76WKvnHL+DC8EbwEaqjdop3Clsj5nwGvcJ7OGWK0FP26ZSGsoEsU81STzTvPchXKEZtw1tHyYRhxYMsKMOa0PQlpufsOQKtJ04y2h9X5m1X3PWNSmb6gWGCfnD1rkJOq31Q6SQ+YifAjGRHx/W6T9u31CCa8akKuTNHOeIziYJ7BIztiBmeY9tMLkFU/4hGtuPEEHTMMQBCIhVmPLQWnYE86o3OJaflsmHdTD9iaukaX0AwhJG1AS3/e4s/P0XkHwAfHBTNou8YoQd5vrZqS66BsfGrHOS/+qbLEEk6NYbj04Kx2zaA2FWgPRZfELDtXxg/cRDhmLhK8Z14tjB95xQkz9sMUzNPeyADPhiItnaAQerMDHHLwcxK8dp/naJsMWE2Xf6pCWTECj0ipiYxBpawaFOGIzMNOoAUOa5v9icGnOBO7JhTIr7OEVE2UkMKy+ZjnIX7Bhg3N6dAiuNoJLY1jXpzaUUK8z7kYqsNhyv7D59J3odC2DfKmsErDT/KK0qb9SyJjjqqg20s6TlZk1T/MHmQ5m5kf6GjOKsCbkWgZHwtyKf9D2saYSbMyNE9dbqqrulgypRmdvvN537KkGzrwZo6EaYkVoX+w9JuTMjuiG0nWHB422Widb6wLMdG9VZXr1CTjQDy2UMkfe/Pi6w5qWlhZooSB3dIdHVj9kcn1tV3cC2xeLkGjZQO4VIzNHLmJ9N8migHJCGVjg0jKBUe+Hago6lH9/asSIt/lyOy2TUALmpv47j4mTPU6GTBLB4E8HfaiF/xcbx8/wwOk1th2YxTuWqgcUnXspW8KcruuY2YuBGNlo1txcAutYQ1akTrNCOOFLR+YkcT4WE9v/B0GQ+4jzWYaTtJzdUcMaDOhwDZK+fuHRwN8XvAVeIGQCxcvy90lK1aqRb62IE0diT0sot/7UJnYrGnrfSCV2ySWww0cFraZ6dYRUpICc3IciD0MSTU7ln5hmJojSQ==&u=U2FsdGVkX1/lRwCA8Xt2eA1xrJqtGLfC9w2VKIqKJb5F9ku5zc54YcW4C0id6w+a&y=U2FsdGVkX1+Fu5IXWNS/3lMXga/xRLvrMCFbvt6iA5Q88oUvGr9H5n16wmeVPurN HTTP/1.1" 200 24
186.102.4.252 - - [07/Jul/2024:17:23:31 -0500] "GET /kwssiamovil/sm/acme/a?s=U2FsdGVkX1//g47Pas+eVV+0K3kSsX/Qr8QbHbLjnDtnijuILMPgObgpJxFyBgI77o2nlMPNkwWF1tbQJsm9vg75IQ4ZWXODG8UrJ1pp11N/loqs1CjPjNCoqKUXSj66CESW/NpU4KSJrrOpfn3MsSWe7tO7uezVoK1uSqtRuLQS2MrvyJ3WenBjWjh5p4d20nJeiQyT5Gq687f20l4KoQ==&u=U2FsdGVkX1/lRwCA8Xt2eA1xrJqtGLfC9w2VKIqKJb5F9ku5zc54YcW4C0id6w+a&y=U2FsdGVkX1+Fu5IXWNS/3lMXga/xRLvrMCFbvt6iA5Q88oUvGr9H5n16wmeVPurN HTTP/1.1" 200 24
186.102.4.252 - - [07/Jul/2024:17:23:31 -0500] "GET /kwssiamovil/sm/acme/a?s=U2FsdGVkX1/wGRvKx/SFyIh+Zosjf39Pv7q0toZEJHaP3vUP2PSjwl4QldUY8wt3rdUSzMS54S+eX0mtWknGle2IwZxNfN8mi6VOyPRf2C6d9cOpsLbrlgqdiIDdE8Jo1yf3hYp98NBX7p2eDQcrxQ==&u=U2FsdGVkX1/lRwCA8Xt2eA1xrJqtGLfC9w2VKIqKJb5F9ku5zc54YcW4C0id6w+a&y=U2FsdGVkX1+Fu5IXWNS/3lMXga/xRLvrMCFbvt6iA5Q88oUvGr9H5n16wmeVPurN HTTP/1.1" 200 25
181.78.209.200 - - [07/Jul/2024:17:23:40 -0500] "GET /sipse/faces/javax.faces.resource/primefaces.js?ln=primefaces&v=4.0 HTTP/1.1" 304 -
201.245.192.253 - - [07/Jul/2024:17:24:14 -0500] "GET /kwsrmcab/Wsrmcab?wsdl HTTP/1.1" 200 6948
181.78.209.200 - - [07/Jul/2024:17:24:25 -0500] "GET /sipse/faces/faces/index.xhtml HTTP/1.1" 200 677
201.245.192.253 - - [07/Jul/2024:17:24:25 -0500] "POST /forms/lservlet;jsessionid=ac16012b30d6716d42d0eef24d9cbe79d3fe11a80187.e3iSbxaKaheRe34OahmPbx4Oa3z0n6jAmljGr5XDqQLvpAe HTTP/1.1" 200 2
181.78.209.200 - - [07/Jul/2024:17:24:26 -0500] "GET /sipse/faces/javax.faces.resource/theme.css?ln=primefaces-sipse HTTP/1.1" 304 -
181.78.209.200 - - [07/Jul/2024:17:24:28 -0500] "GET /sipse/faces/faces/faces/autenticacion.xhtml HTTP/1.1" 200 12419
181.78.209.200 - - [07/Jul/2024:17:24:28 -0500] "GET /sipse/faces/javax.faces.resource/theme.css?ln=primefaces-sipse HTTP/1.1" 304 -
181.78.209.200 - - [07/Jul/2024:17:24:28 -0500] "GET /sipse/faces/javax.faces.resource/primefaces.css?ln=primefaces&v=4.0 HTTP/1.1" 304 -
181.78.209.200 - - [07/Jul/2024:17:24:28 -0500] "GET /sipse/faces/javax.faces.resource/layout/layout.css?ln=primefaces&v=4.0 HTTP/1.1" 304 -
181.78.209.200 - - [07/Jul/2024:17:24:28 -0500] "GET /sipse/faces/javax.faces.resource/jquery/jquery.js?ln=primefaces&v=4.0 HTTP/1.1" 304 -
181.78.209.200 - - [07/Jul/2024:17:24:28 -0500] "GET /sipse/faces/javax.faces.resource/jquery/jquery-plugins.js?ln=primefaces&v=4.0 HTTP/1.1" 304 -
181.78.209.200 - - [07/Jul/2024:17:24:28 -0500] "GET /sipse/faces/javax.faces.resource/layout/layout.js?ln=primefaces&v=4.0 HTTP/1.1" 304 -
181.78.209.200 - - [07/Jul/2024:17:24:28 -0500] "GET /sipse/faces/javax.faces.resource/primefaces.js?ln=primefaces&v=4.0 HTTP/1.1" 200 276924
181.78.209.200 - - [07/Jul/2024:17:24:30 -0500] "GET /sipse/faces/javax.faces.resource/images/ui-icons_898989_256x240.png?ln=primefaces-aristo HTTP/1.1" 304 -
181.78.209.200 - - [07/Jul/2024:17:24:42 -0500] "POST /sipse/faces/autenticacion.xhtml HTTP/1.1" 200 11429
181.78.209.200 - - [07/Jul/2024:17:24:42 -0500] "GET /sipse/faces/javax.faces.resource/theme.css?ln=primefaces-sipse HTTP/1.1" 304 -
181.78.209.200 - - [07/Jul/2024:17:24:42 -0500] "GET /sipse/faces/javax.faces.resource/layout/layout.css?ln=primefaces&v=4.0 HTTP/1.1" 304 -
181.78.209.200 - - [07/Jul/2024:17:24:42 -0500] "GET /sipse/faces/javax.faces.resource/primefaces.css?ln=primefaces&v=4.0 HTTP/1.1" 304 -
181.78.209.200 - - [07/Jul/2024:17:24:42 -0500] "GET /sipse/faces/javax.faces.resource/jquery/jquery.js?ln=primefaces&v=4.0 HTTP/1.1" 304 -
181.78.209.200 - - [07/Jul/2024:17:24:42 -0500] "GET /sipse/faces/javax.faces.resource/jquery/jquery-plugins.js?ln=primefaces&v=4.0 HTTP/1.1" 304 -
181.78.209.200 - - [07/Jul/2024:17:24:42 -0500] "GET /sipse/faces/javax.faces.resource/primefaces.js?ln=primefaces&v=4.0 HTTP/1.1" 304 -
181.78.209.200 - - [07/Jul/2024:17:24:43 -0500] "GET /sipse/faces/javax.faces.resource/layout/layout.js?ln=primefaces&v=4.0 HTTP/1.1" 304 -
181.78.209.200 - - [07/Jul/2024:17:24:43 -0500] "GET /sipse/faces/javax.faces.resource/messages/messages.png?ln=primefaces&v=4.0 HTTP/1.1" 304 -
181.78.209.200 - - [07/Jul/2024:17:24:52 -0500] "GET /sipse/faces/javax.faces.resource/images/ui-bg_flat_0_2d5972_40x100.png?ln=primefaces-aristo HTTP/1.1" 304 -
181.78.209.200 - - [07/Jul/2024:17:24:55 -0500] "POST /sipse/faces/presentacion/sistema/seguridad/seleccionRol.xhtml HTTP/1.1" 200 16360
181.78.209.200 - - [07/Jul/2024:17:24:55 -0500] "GET /sipse/faces/javax.faces.resource/theme.css?ln=primefaces-sipse HTTP/1.1" 304 -
181.78.209.200 - - [07/Jul/2024:17:24:55 -0500] "GET /sipse/faces/javax.faces.resource/primefaces.css?ln=primefaces&v=4.0 HTTP/1.1" 304 -
181.78.209.200 - - [07/Jul/2024:17:24:55 -0500] "GET /sipse/faces/javax.faces.resource/layout/layout.css?ln=primefaces&v=4.0 HTTP/1.1" 304 -
181.78.209.200 - - [07/Jul/2024:17:24:55 -0500] "GET /sipse/faces/javax.faces.resource/jquery/jquery.js?ln=primefaces&v=4.0 HTTP/1.1" 304 -
181.78.209.200 - - [07/Jul/2024:17:24:55 -0500] "GET /sipse/faces/javax.faces.resource/jquery/jquery-plugins.js?ln=primefaces&v=4.0 HTTP/1.1" 304 -
181.78.209.200 - - [07/Jul/2024:17:24:55 -0500] "GET /sipse/faces/javax.faces.resource/primefaces.js?ln=primefaces&v=4.0 HTTP/1.1" 304 -
181.78.209.200 - - [07/Jul/2024:17:24:55 -0500] "GET /sipse/faces/javax.faces.resource/layout/layout.js?ln=primefaces&v=4.0 HTTP/1.1" 304 -
181.78.209.200 - - [07/Jul/2024:17:24:55 -0500] "GET /sipse/css/imagen/contrasena.png HTTP/1.1" 404 383
181.78.209.200 - - [07/Jul/2024:17:24:57 -0500] "POST /sipse/faces/bienvenido.xhtml HTTP/1.1" 200 2658
172.22.2.4 - - [07/Jul/2024:17:23:23 -0500] "GET /BLA/boletinlegal/ HTTP/1.1" 200 59967
181.78.209.200 - - [07/Jul/2024:17:25:04 -0500] "POST /sipse/faces/bienvenido.xhtml HTTP/1.1" 200 64686
181.78.209.200 - - [07/Jul/2024:17:25:06 -0500] "GET /sipse/faces/javax.faces.resource/theme.css?ln=primefaces-sipse HTTP/1.1" 304 -
181.78.209.200 - - [07/Jul/2024:17:25:06 -0500] "GET /sipse/faces/javax.faces.resource/primefaces.css?ln=primefaces&v=4.0 HTTP/1.1" 304 -
181.78.209.200 - - [07/Jul/2024:17:25:06 -0500] "GET /sipse/faces/javax.faces.resource/jquery/jquery.js?ln=primefaces&v=4.0 HTTP/1.1" 304 -
181.78.209.200 - - [07/Jul/2024:17:25:06 -0500] "GET /sipse/faces/javax.faces.resource/layout/layout.css?ln=primefaces&v=4.0 HTTP/1.1" 304 -
181.78.209.200 - - [07/Jul/2024:17:25:06 -0500] "GET /sipse/faces/javax.faces.resource/jquery/jquery-plugins.js?ln=primefaces&v=4.0 HTTP/1.1" 304 -
181.78.209.200 - - [07/Jul/2024:17:25:06 -0500] "GET /sipse/faces/javax.faces.resource/primefaces.js?ln=primefaces&v=4.0 HTTP/1.1" 304 -
181.78.209.200 - - [07/Jul/2024:17:25:06 -0500] "GET /sipse/faces/javax.faces.resource/layout/layout.js?ln=primefaces&v=4.0 HTTP/1.1" 304 -
181.78.209.200 - - [07/Jul/2024:17:25:06 -0500] "POST /sipse/faces/presentacion/financiero/solicitudProceso/listarSolicitudProceso.xhtml HTTP/1.1" 200 1556
201.245.192.253 - - [07/Jul/2024:17:25:14 -0500] "GET /kwsrmcab/Wsrmcab?wsdl HTTP/1.1" 200 6948
181.78.209.200 - - [07/Jul/2024:17:25:18 -0500] "POST /sipse/faces/presentacion/financiero/solicitudProceso/listarSolicitudProceso.xhtml HTTP/1.1" 200 28603
181.78.209.200 - - [07/Jul/2024:17:25:25 -0500] "POST /sipse/faces/presentacion/financiero/solicitudProceso/listarSolicitudProceso.xhtml HTTP/1.1" 200 152790
181.78.209.200 - - [07/Jul/2024:17:25:28 -0500] "GET /sipse/faces/javax.faces.resource/theme.css?ln=primefaces-sipse HTTP/1.1" 304 -
181.78.209.200 - - [07/Jul/2024:17:25:28 -0500] "GET /sipse/faces/javax.faces.resource/primefaces.css?ln=primefaces&v=4.0 HTTP/1.1" 304 -
181.78.209.200 - - [07/Jul/2024:17:25:28 -0500] "GET /sipse/faces/javax.faces.resource/jquery/jquery.js?ln=primefaces&v=4.0 HTTP/1.1" 304 -
181.78.209.200 - - [07/Jul/2024:17:25:28 -0500] "GET /sipse/faces/javax.faces.resource/layout/layout.css?ln=primefaces&v=4.0 HTTP/1.1" 304 -
181.78.209.200 - - [07/Jul/2024:17:25:28 -0500] "GET /sipse/faces/javax.faces.resource/jquery/jquery-plugins.js?ln=primefaces&v=4.0 HTTP/1.1" 304 -
181.78.209.200 - - [07/Jul/2024:17:25:28 -0500] "GET /sipse/faces/javax.faces.resource/primefaces.js?ln=primefaces&v=4.0 HTTP/1.1" 304 -
181.78.209.200 - - [07/Jul/2024:17:25:28 -0500] "GET /sipse/faces/javax.faces.resource/layout/layout.js?ln=primefaces&v=4.0 HTTP/1.1" 304 -
216.245.221.92 - - [07/Jul/2024:17:25:41 -0500] "HEAD / HTTP/1.1" 200 -
181.78.209.200 - - [07/Jul/2024:17:25:44 -0500] "POST /sipse/faces/presentacion/financiero/solicitudProceso/consultarSolicitudProceso.xhtml HTTP/1.1" 200 291621
201.245.192.253 - - [07/Jul/2024:17:26:14 -0500] "GET /kwsrmcab/Wsrmcab?wsdl HTTP/1.1" 200 6948
172.22.2.4 - - [07/Jul/2024:17:24:37 -0500] "HEAD /BLA/boletinlegal/ HTTP/1.1" 200 -
201.245.192.253 - - [07/Jul/2024:17:26:25 -0500] "POST /forms/lservlet;jsessionid=ac16012b30d6716d42d0eef24d9cbe79d3fe11a80187.e3iSbxaKaheRe34OahmPbx4Oa3z0n6jAmljGr5XDqQLvpAe HTTP/1.1" 200 2
201.245.192.253 - - [07/Jul/2024:17:26:29 -0500] "POST /kwsrmcab/Wsrmcab HTTP/1.1" 200 34568
201.245.192.253 - - [07/Jul/2024:17:26:32 -0500] "POST /kwsrmcab/Wsrmcab HTTP/1.1" 200 35060
172.22.2.4 - - [07/Jul/2024:17:25:28 -0500] "GET /BLA/boletinlegal/ HTTP/1.1" 200 58273
57.151.67.251 - - [07/Jul/2024:17:27:13 -0500] "GET /druid/index.html HTTP/1.1" 404 1018
201.245.192.253 - - [07/Jul/2024:17:27:14 -0500] "GET /kwsrmcab/Wsrmcab?wsdl HTTP/1.1" 200 6948
201.245.192.253 - - [07/Jul/2024:17:27:22 -0500] "POST /kwsrmcab/Wsrmcab  HTTP/1.1" 200 38712
40.77.167.78 - - [07/Jul/2024:17:27:43 -0500] "GET /BLA/resoluciones/RESOLUCIONES%202011/6519.pdf HTTP/1.1" 200 831269
201.245.192.253 - - [07/Jul/2024:17:28:14 -0500] "GET /kwsrmcab/Wsrmcab?wsdl HTTP/1.1" 200 6948
201.245.192.253 - - [07/Jul/2024:17:28:25 -0500] "POST /forms/lservlet;jsessionid=ac16012b30d6716d42d0eef24d9cbe79d3fe11a80187.e3iSbxaKaheRe34OahmPbx4Oa3z0n6jAmljGr5XDqQLvpAe HTTP/1.1" 200 2
201.245.192.253 - - [07/Jul/2024:17:28:48 -0500] "POST /kwsrmcab/Wsrmcab HTTP/1.1" 200 35050
66.249.66.21 - - [07/Jul/2024:17:29:06 -0500] "GET /Publicaciones/2024EE53838.pdf HTTP/1.1" 404 227
201.245.192.253 - - [07/Jul/2024:17:29:14 -0500] "GET /kwsrmcab/Wsrmcab?wsdl HTTP/1.1" 200 6948
201.245.192.253 - - [07/Jul/2024:17:29:37 -0500] "POST /kwsrmcab/Wsrmcab HTTP/1.1" 200 35060
201.245.192.253 - - [07/Jul/2024:17:30:14 -0500] "GET /kwsrmcab/Wsrmcab?wsdl HTTP/1.1" 200 6948
66.249.69.65 - - [07/Jul/2024:17:30:20 -0500] "GET /secretaria-de-ambiente-abre-inscripciones-para-recorridos-gratuitos-en-aulas-ambientales-de-bogota.html HTTP/1.1" 200 916
201.245.192.253 - - [07/Jul/2024:17:30:25 -0500] "POST /forms/lservlet;jsessionid=ac16012b30d6716d42d0eef24d9cbe79d3fe11a80187.e3iSbxaKaheRe34OahmPbx4Oa3z0n6jAmljGr5XDqQLvpAe HTTP/1.1" 200 2
216.245.221.92 - - [07/Jul/2024:17:30:41 -0500] "HEAD / HTTP/1.1" 200 -
66.249.66.20 - - [07/Jul/2024:17:30:41 -0500] "GET /BLA/resoluciones/RESOLUCIONES%202004/RES%202004%2001-%2050/00000018.tif HTTP/1.1" 200 24874
201.245.192.253 - - [07/Jul/2024:17:31:14 -0500] "GET /kwsrmcab/Wsrmcab?wsdl HTTP/1.1" 200 6948
190.158.204.25 - - [07/Jul/2024:17:31:26 -0500] "GET /sipse/faces/index.xhtml HTTP/1.1" 200 677
190.158.204.25 - - [07/Jul/2024:17:31:27 -0500] "GET /sipse/faces/javax.faces.resource/theme.css?ln=primefaces-sipse HTTP/1.1" 200 50058
190.158.204.25 - - [07/Jul/2024:17:31:27 -0500] "GET /sipse/faces/faces/autenticacion.xhtml HTTP/1.1" 200 12419
190.158.204.25 - - [07/Jul/2024:17:31:27 -0500] "GET /sipse/js/disable_browser_buttons.js HTTP/1.1" 200 3230
190.158.204.25 - - [07/Jul/2024:17:31:28 -0500] "GET /sipse/css/custom_css_sg_prime_login.css HTTP/1.1" 200 443
190.158.204.25 - - [07/Jul/2024:17:31:28 -0500] "GET /sipse/css/custom_css_sg.css HTTP/1.1" 200 9694
190.158.204.25 - - [07/Jul/2024:17:31:28 -0500] "GET /sipse/js/funciones.js HTTP/1.1" 200 12592
190.158.204.25 - - [07/Jul/2024:17:31:28 -0500] "GET /sipse/faces/javax.faces.resource/theme.css?ln=primefaces-sipse HTTP/1.1" 304 -
190.158.204.25 - - [07/Jul/2024:17:31:28 -0500] "GET /sipse/faces/javax.faces.resource/layout/layout.css?ln=primefaces&v=4.0 HTTP/1.1" 200 542
190.158.204.25 - - [07/Jul/2024:17:31:28 -0500] "GET /favicon.ico HTTP/1.1" 200 7782
190.158.204.25 - - [07/Jul/2024:17:31:28 -0500] "GET /sipse/faces/javax.faces.resource/jquery/jquery.js?ln=primefaces&v=4.0 HTTP/1.1" 200 105384
190.158.204.25 - - [07/Jul/2024:17:31:28 -0500] "GET /sipse/faces/javax.faces.resource/layout/layout.js?ln=primefaces&v=4.0 HTTP/1.1" 200 87560
190.158.204.25 - - [07/Jul/2024:17:31:28 -0500] "GET /sipse/faces/javax.faces.resource/primefaces.css?ln=primefaces&v=4.0 HTTP/1.1" 200 53295
190.158.204.25 - - [07/Jul/2024:17:31:28 -0500] "GET /sipse/faces/javax.faces.resource/primefaces.js?ln=primefaces&v=4.0 HTTP/1.1" 200 276924
190.158.204.25 - - [07/Jul/2024:17:31:28 -0500] "GET /sipse/faces/javax.faces.resource/jquery/jquery-plugins.js?ln=primefaces&v=4.0 HTTP/1.1" 200 220526
190.158.204.25 - - [07/Jul/2024:17:31:28 -0500] "GET /sipse/faces/javax.faces.resource/images/ui-icons_898989_256x240.png?ln=primefaces-aristo HTTP/1.1" 200 5355
190.158.204.25 - - [07/Jul/2024:17:31:28 -0500] "GET /sipse/css/imagen/logoSDG.png HTTP/1.1" 200 53064
190.158.204.25 - - [07/Jul/2024:17:31:28 -0500] "GET /sipse/css/imagen/loginimg.png HTTP/1.1" 200 71635
190.158.204.25 - - [07/Jul/2024:17:31:32 -0500] "POST /sipse/faces/autenticacion.xhtml HTTP/1.1" 200 2228
190.158.204.25 - - [07/Jul/2024:17:31:32 -0500] "GET /sipse/faces/javax.faces.resource/messages/messages.png?ln=primefaces&v=4.0 HTTP/1.1" 200 27209
190.158.204.25 - - [07/Jul/2024:17:31:33 -0500] "POST /sipse/faces/autenticacion.xhtml HTTP/1.1" 200 16372
190.158.204.25 - - [07/Jul/2024:17:31:33 -0500] "GET /sipse/css/custom_css_sg_prime.css HTTP/1.1" 200 5201
190.158.204.25 - - [07/Jul/2024:17:31:33 -0500] "GET /sipse/faces/javax.faces.resource/primefaces.css?ln=primefaces&v=4.0 HTTP/1.1" 304 -
190.158.204.25 - - [07/Jul/2024:17:31:34 -0500] "GET /sipse/faces/javax.faces.resource/theme.css?ln=primefaces-sipse HTTP/1.1" 304 -
190.158.204.25 - - [07/Jul/2024:17:31:34 -0500] "GET /sipse/faces/javax.faces.resource/layout/layout.css?ln=primefaces&v=4.0 HTTP/1.1" 304 -
190.158.204.25 - - [07/Jul/2024:17:31:34 -0500] "GET /sipse/js/jquery.min.js HTTP/1.1" 200 85582
190.158.204.25 - - [07/Jul/2024:17:31:34 -0500] "GET /sipse/faces/javax.faces.resource/jquery/jquery.js?ln=primefaces&v=4.0 HTTP/1.1" 304 -
190.158.204.25 - - [07/Jul/2024:17:31:34 -0500] "GET /sipse/faces/javax.faces.resource/jquery/jquery-plugins.js?ln=primefaces&v=4.0 HTTP/1.1" 304 -
190.158.204.25 - - [07/Jul/2024:17:31:34 -0500] "GET /sipse/faces/javax.faces.resource/primefaces.js?ln=primefaces&v=4.0 HTTP/1.1" 304 -
190.158.204.25 - - [07/Jul/2024:17:31:34 -0500] "GET /sipse/faces/javax.faces.resource/layout/layout.js?ln=primefaces&v=4.0 HTTP/1.1" 304 -
190.158.204.25 - - [07/Jul/2024:17:31:34 -0500] "GET /sipse/css/v_mergente.css HTTP/1.1" 200 1505
190.158.204.25 - - [07/Jul/2024:17:31:34 -0500] "GET /sipse/css/imagen/contrasena.png HTTP/1.1" 404 383
190.158.204.25 - - [07/Jul/2024:17:31:34 -0500] "GET /sipse/imagenes/logoAplicacion.jpg HTTP/1.1" 200 155084
190.158.204.25 - - [07/Jul/2024:17:31:34 -0500] "GET /sipse/imagenes/cargando.gif HTTP/1.1" 200 36959
190.158.204.25 - - [07/Jul/2024:17:31:35 -0500] "GET /sipse/faces/javax.faces.resource/images/ui-bg_flat_0_2d5972_40x100.png?ln=primefaces-aristo HTTP/1.1" 200 183
190.158.204.25 - - [07/Jul/2024:17:31:35 -0500] "POST /sipse/faces/bienvenido.xhtml HTTP/1.1" 200 2658
190.158.204.25 - - [07/Jul/2024:17:31:36 -0500] "POST /sipse/faces/bienvenido.xhtml HTTP/1.1" 200 64698
190.158.204.25 - - [07/Jul/2024:17:31:38 -0500] "GET /sipse/faces/javax.faces.resource/theme.css?ln=primefaces-sipse HTTP/1.1" 304 -
190.158.204.25 - - [07/Jul/2024:17:31:38 -0500] "GET /sipse/faces/javax.faces.resource/primefaces.css?ln=primefaces&v=4.0 HTTP/1.1" 304 -
190.158.204.25 - - [07/Jul/2024:17:31:38 -0500] "GET /sipse/faces/javax.faces.resource/layout/layout.css?ln=primefaces&v=4.0 HTTP/1.1" 304 -
190.158.204.25 - - [07/Jul/2024:17:31:38 -0500] "GET /sipse/faces/javax.faces.resource/jquery/jquery.js?ln=primefaces&v=4.0 HTTP/1.1" 304 -
190.158.204.25 - - [07/Jul/2024:17:31:38 -0500] "GET /sipse/faces/javax.faces.resource/jquery/jquery-plugins.js?ln=primefaces&v=4.0 HTTP/1.1" 304 -
190.158.204.25 - - [07/Jul/2024:17:31:38 -0500] "GET /sipse/faces/javax.faces.resource/primefaces.js?ln=primefaces&v=4.0 HTTP/1.1" 304 -
190.158.204.25 - - [07/Jul/2024:17:31:38 -0500] "GET /sipse/faces/javax.faces.resource/layout/layout.js?ln=primefaces&v=4.0 HTTP/1.1" 304 -
190.158.204.25 - - [07/Jul/2024:17:31:38 -0500] "POST /sipse/faces/presentacion/financiero/solicitudProceso/listarSolicitudProceso.xhtml HTTP/1.1" 200 1556
190.158.204.25 - - [07/Jul/2024:17:31:41 -0500] "POST /sipse/faces/presentacion/financiero/solicitudProceso/listarSolicitudProceso.xhtml HTTP/1.1" 200 3781
190.158.204.25 - - [07/Jul/2024:17:31:43 -0500] "POST /sipse/faces/presentacion/financiero/solicitudProceso/listarSolicitudProceso.xhtml HTTP/1.1" 200 4825
190.158.204.25 - - [07/Jul/2024:17:31:44 -0500] "POST /sipse/faces/presentacion/financiero/solicitudProceso/listarSolicitudProceso.xhtml HTTP/1.1" 200 40735
190.158.204.25 - - [07/Jul/2024:17:31:44 -0500] "GET /sipse/faces/javax.faces.resource/theme.css?ln=primefaces-sipse HTTP/1.1" 304 -
190.158.204.25 - - [07/Jul/2024:17:31:44 -0500] "GET /sipse/faces/javax.faces.resource/layout/layout.css?ln=primefaces&v=4.0 HTTP/1.1" 304 -
190.158.204.25 - - [07/Jul/2024:17:31:44 -0500] "GET /sipse/faces/javax.faces.resource/primefaces.css?ln=primefaces&v=4.0 HTTP/1.1" 304 -
190.158.204.25 - - [07/Jul/2024:17:31:44 -0500] "GET /sipse/faces/javax.faces.resource/jquery/jquery.js?ln=primefaces&v=4.0 HTTP/1.1" 304 -
190.158.204.25 - - [07/Jul/2024:17:31:44 -0500] "GET /sipse/faces/javax.faces.resource/jquery/jquery-plugins.js?ln=primefaces&v=4.0 HTTP/1.1" 304 -
190.158.204.25 - - [07/Jul/2024:17:31:44 -0500] "GET /sipse/faces/javax.faces.resource/primefaces.js?ln=primefaces&v=4.0 HTTP/1.1" 304 -
190.158.204.25 - - [07/Jul/2024:17:31:44 -0500] "GET /sipse/faces/javax.faces.resource/layout/layout.js?ln=primefaces&v=4.0 HTTP/1.1" 304 -
190.158.204.25 - - [07/Jul/2024:17:31:44 -0500] "POST /sipse/faces/presentacion/financiero/solicitudProceso/consultar.xhtml HTTP/1.1" 200 34149
190.158.204.25 - - [07/Jul/2024:17:31:46 -0500] "POST /sipse/faces/presentacion/financiero/solicitudProceso/consultar.xhtml HTTP/1.1" 200 12966
190.158.204.25 - - [07/Jul/2024:17:31:49 -0500] "POST /sipse/faces/presentacion/financiero/solicitudProceso/consultar.xhtml HTTP/1.1" 200 161262
190.158.204.25 - - [07/Jul/2024:17:31:52 -0500] "GET /sipse/faces/javax.faces.resource/theme.css?ln=primefaces-sipse HTTP/1.1" 304 -
190.158.204.25 - - [07/Jul/2024:17:31:52 -0500] "GET /sipse/faces/javax.faces.resource/layout/layout.css?ln=primefaces&v=4.0 HTTP/1.1" 304 -
190.158.204.25 - - [07/Jul/2024:17:31:52 -0500] "GET /sipse/faces/javax.faces.resource/primefaces.css?ln=primefaces&v=4.0 HTTP/1.1" 304 -
190.158.204.25 - - [07/Jul/2024:17:31:52 -0500] "GET /sipse/faces/javax.faces.resource/jquery/jquery.js?ln=primefaces&v=4.0 HTTP/1.1" 304 -
190.158.204.25 - - [07/Jul/2024:17:31:52 -0500] "GET /sipse/faces/javax.faces.resource/jquery/jquery-plugins.js?ln=primefaces&v=4.0 HTTP/1.1" 304 -
190.158.204.25 - - [07/Jul/2024:17:31:52 -0500] "GET /sipse/faces/javax.faces.resource/primefaces.js?ln=primefaces&v=4.0 HTTP/1.1" 304 -
190.158.204.25 - - [07/Jul/2024:17:31:52 -0500] "GET /sipse/faces/javax.faces.resource/layout/layout.js?ln=primefaces&v=4.0 HTTP/1.1" 304 -
190.158.204.25 - - [07/Jul/2024:17:32:00 -0500] "POST /sipse/faces/presentacion/financiero/solicitudProceso/consultarSolicitudProceso.xhtml HTTP/1.1" 200 5526
66.249.66.19 - - [07/Jul/2024:17:32:06 -0500] "GET /BLA/boletinlegal/jurisprudencia/analisis/ANALISIST-257-96.docx HTTP/1.1" 304 -
172.22.2.4 - - [07/Jul/2024:17:30:27 -0500] "HEAD /BLA/boletinlegal/ HTTP/1.1" 200 -
201.245.192.253 - - [07/Jul/2024:17:32:14 -0500] "GET /kwsrmcab/Wsrmcab?wsdl HTTP/1.1" 200 6948
201.245.192.253 - - [07/Jul/2024:17:32:20 -0500] "POST /kwsrmcab/Wsrmcab  HTTP/1.1" 200 38712
201.245.192.253 - - [07/Jul/2024:17:32:25 -0500] "POST /forms/lservlet;jsessionid=ac16012b30d6716d42d0eef24d9cbe79d3fe11a80187.e3iSbxaKaheRe34OahmPbx4Oa3z0n6jAmljGr5XDqQLvpAe HTTP/1.1" 200 2
141.98.83.197 - - [07/Jul/2024:17:32:54 -0500] "GET / HTTP/1.1" 200 319
172.22.2.4 - - [07/Jul/2024:17:31:18 -0500] "GET /BLA/boletinlegal/ HTTP/1.1" 200 52358
201.245.192.253 - - [07/Jul/2024:17:33:14 -0500] "GET /kwsrmcab/Wsrmcab?wsdl HTTP/1.1" 200 6948
172.22.2.4 - - [07/Jul/2024:17:32:20 -0500] "GET /BLA/boletinlegal/ HTTP/1.1" 200 58720
201.245.192.253 - - [07/Jul/2024:17:34:14 -0500] "GET /kwsrmcab/Wsrmcab?wsdl HTTP/1.1" 200 6948
201.245.192.253 - - [07/Jul/2024:17:34:25 -0500] "POST /forms/lservlet;jsessionid=ac16012b30d6716d42d0eef24d9cbe79d3fe11a80187.e3iSbxaKaheRe34OahmPbx4Oa3z0n6jAmljGr5XDqQLvpAe HTTP/1.1" 200 2
201.245.192.253 - - [07/Jul/2024:17:35:14 -0500] "GET /kwsrmcab/Wsrmcab?wsdl HTTP/1.1" 200 6948
216.245.221.92 - - [07/Jul/2024:17:35:41 -0500] "HEAD / HTTP/1.1" 200 -
47.128.58.124 - - [07/Jul/2024:17:35:42 -0500] "GET /BLA/resoluciones/AUTOS%202021/0245.php?act=f&f=4688.pdf HTTP/1.1" 200 2740
66.249.66.20 - - [07/Jul/2024:17:35:58 -0500] "GET /galeria/galeria/fotos/Entrenube3G.jpg HTTP/1.1" 304 -
201.245.192.253 - - [07/Jul/2024:17:36:14 -0500] "GET /kwsrmcab/Wsrmcab?wsdl HTTP/1.1" 200 6948
201.245.192.253 - - [07/Jul/2024:17:36:25 -0500] "POST /forms/lservlet;jsessionid=ac16012b30d6716d42d0eef24d9cbe79d3fe11a80187.e3iSbxaKaheRe34OahmPbx4Oa3z0n6jAmljGr5XDqQLvpAe HTTP/1.1" 200 2
66.249.66.21 - - [07/Jul/2024:17:36:59 -0500] "GET /BLA/resoluciones/AUTOS%202020/3809.pdf HTTP/1.1" 304 -
201.245.192.253 - - [07/Jul/2024:17:36:29 -0500] "POST /kwsrmcab/Wsrmcab HTTP/1.1" 200 34568
