190.158.204.25 - - [07/Jul/2024:16:16:02 -0500] "POST /sipse/faces/presentacion/financiero/solicitudProceso/listarSolicitudProceso.xhtml HTTP/1.1" 200 2853
190.158.204.25 - - [07/Jul/2024:16:16:04 -0500] "POST /sipse/faces/presentacion/financiero/solicitudProceso/listarSolicitudProceso.xhtml HTTP/1.1" 200 40735
190.158.204.25 - - [07/Jul/2024:16:16:04 -0500] "GET /sipse/faces/javax.faces.resource/theme.css?ln=primefaces-sipse HTTP/1.1" 304 -
190.158.204.25 - - [07/Jul/2024:16:16:04 -0500] "GET /sipse/faces/javax.faces.resource/layout/layout.css?ln=primefaces&v=4.0 HTTP/1.1" 304 -
190.158.204.25 - - [07/Jul/2024:16:16:04 -0500] "GET /sipse/faces/javax.faces.resource/primefaces.css?ln=primefaces&v=4.0 HTTP/1.1" 304 -
190.158.204.25 - - [07/Jul/2024:16:16:04 -0500] "GET /sipse/faces/javax.faces.resource/jquery/jquery.js?ln=primefaces&v=4.0 HTTP/1.1" 304 -
190.158.204.25 - - [07/Jul/2024:16:16:04 -0500] "GET /sipse/faces/javax.faces.resource/jquery/jquery-plugins.js?ln=primefaces&v=4.0 HTTP/1.1" 304 -
190.158.204.25 - - [07/Jul/2024:16:16:04 -0500] "GET /sipse/faces/javax.faces.resource/primefaces.js?ln=primefaces&v=4.0 HTTP/1.1" 304 -
190.158.204.25 - - [07/Jul/2024:16:16:04 -0500] "GET /sipse/faces/javax.faces.resource/layout/layout.js?ln=primefaces&v=4.0 HTTP/1.1" 304 -
190.158.204.25 - - [07/Jul/2024:16:16:04 -0500] "POST /sipse/faces/presentacion/financiero/solicitudProceso/consultar.xhtml HTTP/1.1" 200 34149
190.158.204.25 - - [07/Jul/2024:16:16:06 -0500] "POST /sipse/faces/presentacion/financiero/solicitudProceso/consultar.xhtml HTTP/1.1" 200 12884
190.158.204.25 - - [07/Jul/2024:16:16:10 -0500] "POST /sipse/faces/presentacion/financiero/solicitudProceso/consultar.xhtml HTTP/1.1" 200 152462
190.158.204.25 - - [07/Jul/2024:16:16:12 -0500] "GET /sipse/faces/javax.faces.resource/theme.css?ln=primefaces-sipse HTTP/1.1" 304 -
190.158.204.25 - - [07/Jul/2024:16:16:12 -0500] "GET /sipse/faces/javax.faces.resource/jquery/jquery.js?ln=primefaces&v=4.0 HTTP/1.1" 304 -
190.158.204.25 - - [07/Jul/2024:16:16:12 -0500] "GET /sipse/faces/javax.faces.resource/primefaces.css?ln=primefaces&v=4.0 HTTP/1.1" 304 -
190.158.204.25 - - [07/Jul/2024:16:16:12 -0500] "GET /sipse/faces/javax.faces.resource/layout/layout.css?ln=primefaces&v=4.0 HTTP/1.1" 304 -
190.158.204.25 - - [07/Jul/2024:16:16:12 -0500] "GET /sipse/faces/javax.faces.resource/jquery/jquery-plugins.js?ln=primefaces&v=4.0 HTTP/1.1" 304 -
190.158.204.25 - - [07/Jul/2024:16:16:12 -0500] "GET /sipse/faces/javax.faces.resource/primefaces.js?ln=primefaces&v=4.0 HTTP/1.1" 304 -
190.158.204.25 - - [07/Jul/2024:16:16:13 -0500] "GET /sipse/faces/javax.faces.resource/layout/layout.js?ln=primefaces&v=4.0 HTTP/1.1" 304 -
190.158.204.25 - - [07/Jul/2024:16:16:13 -0500] "GET /sipse/faces/javax.faces.resource/dynamiccontent.properties?ln=primefaces&pfdrid=XjOR5%2F%2FfPAZAuY9TpWQeCiM0BhlXxYRBGKi%2FQcXXfeA%3D&pfdrid_c=false HTTP/1.1" 500 383
201.245.192.253 - - [07/Jul/2024:16:16:15 -0500] "GET /kwsrmcab/Wsrmcab?wsdl HTTP/1.1" 200 6948
172.22.2.4 - - [07/Jul/2024:16:14:37 -0500] "HEAD /BLA/boletinlegal/ HTTP/1.1" 200 -
190.158.204.25 - - [07/Jul/2024:16:16:18 -0500] "POST /sipse/faces/presentacion/financiero/solicitudProceso/consultarSolicitudProceso.xhtml HTTP/1.1" 200 5526
66.249.66.19 - - [07/Jul/2024:16:16:23 -0500] "GET /BLA/resoluciones/AUTOS%202023/2585.pdf HTTP/1.1" 304 -
201.245.192.253 - - [07/Jul/2024:16:16:25 -0500] "POST /forms/lservlet;jsessionid=ac16012b30d6716d42d0eef24d9cbe79d3fe11a80187.e3iSbxaKaheRe34OahmPbx4Oa3z0n6jAmljGr5XDqQLvpAe HTTP/1.1" 200 2
201.245.192.253 - - [07/Jul/2024:16:16:29 -0500] "POST /kwsrmcab/Wsrmcab HTTP/1.1" 200 34567
201.245.192.253 - - [07/Jul/2024:16:16:32 -0500] "POST /kwsrmcab/Wsrmcab HTTP/1.1" 200 35048
190.158.204.25 - - [07/Jul/2024:16:17:01 -0500] "POST /sipse/faces/presentacion/financiero/solicitudProceso/consultarSolicitudProceso.xhtml HTTP/1.1" 200 43844
190.158.204.25 - - [07/Jul/2024:16:17:01 -0500] "GET /sipse/faces/javax.faces.resource/theme.css?ln=primefaces-sipse HTTP/1.1" 304 -
190.158.204.25 - - [07/Jul/2024:16:17:02 -0500] "GET /sipse/faces/javax.faces.resource/jquery/jquery.js?ln=primefaces&v=4.0 HTTP/1.1" 304 -
190.158.204.25 - - [07/Jul/2024:16:17:02 -0500] "GET /sipse/faces/javax.faces.resource/primefaces.css?ln=primefaces&v=4.0 HTTP/1.1" 304 -
190.158.204.25 - - [07/Jul/2024:16:17:02 -0500] "GET /sipse/faces/javax.faces.resource/layout/layout.css?ln=primefaces&v=4.0 HTTP/1.1" 304 -
190.158.204.25 - - [07/Jul/2024:16:17:02 -0500] "GET /sipse/faces/javax.faces.resource/jquery/jquery-plugins.js?ln=primefaces&v=4.0 HTTP/1.1" 304 -
190.158.204.25 - - [07/Jul/2024:16:17:02 -0500] "GET /sipse/faces/javax.faces.resource/primefaces.js?ln=primefaces&v=4.0 HTTP/1.1" 304 -
190.158.204.25 - - [07/Jul/2024:16:17:02 -0500] "GET /sipse/faces/javax.faces.resource/layout/layout.js?ln=primefaces&v=4.0 HTTP/1.1" 304 -
190.158.204.25 - - [07/Jul/2024:16:17:02 -0500] "POST /sipse/faces/presentacion/financiero/solicitudProceso/consultar.xhtml HTTP/1.1" 200 37258
190.158.204.25 - - [07/Jul/2024:16:17:02 -0500] "POST /sipse/faces/presentacion/financiero/solicitudProceso/consultar.xhtml HTTP/1.1" 200 37258
190.158.204.25 - - [07/Jul/2024:16:17:02 -0500] "POST /sipse/faces/presentacion/financiero/solicitudProceso/consultar.xhtml HTTP/1.1" 200 37258
190.158.204.25 - - [07/Jul/2024:16:17:04 -0500] "POST /sipse/faces/presentacion/financiero/solicitudProceso/consultar.xhtml HTTP/1.1" 200 23081
190.158.204.25 - - [07/Jul/2024:16:17:05 -0500] "POST /sipse/faces/presentacion/financiero/solicitudProceso/consultar.xhtml HTTP/1.1" 200 12829
172.22.2.4 - - [07/Jul/2024:16:15:28 -0500] "GET /BLA/boletinlegal/ HTTP/1.1" 200 41060
190.158.204.25 - - [07/Jul/2024:16:17:08 -0500] "POST /sipse/faces/presentacion/financiero/solicitudProceso/consultar.xhtml HTTP/1.1" 200 158216
190.158.204.25 - - [07/Jul/2024:16:17:10 -0500] "GET /sipse/faces/javax.faces.resource/theme.css?ln=primefaces-sipse HTTP/1.1" 304 -
190.158.204.25 - - [07/Jul/2024:16:17:10 -0500] "GET /sipse/faces/javax.faces.resource/jquery/jquery.js?ln=primefaces&v=4.0 HTTP/1.1" 304 -
190.158.204.25 - - [07/Jul/2024:16:17:10 -0500] "GET /sipse/faces/javax.faces.resource/layout/layout.css?ln=primefaces&v=4.0 HTTP/1.1" 304 -
190.158.204.25 - - [07/Jul/2024:16:17:10 -0500] "GET /sipse/faces/javax.faces.resource/primefaces.css?ln=primefaces&v=4.0 HTTP/1.1" 304 -
190.158.204.25 - - [07/Jul/2024:16:17:10 -0500] "GET /sipse/faces/javax.faces.resource/jquery/jquery-plugins.js?ln=primefaces&v=4.0 HTTP/1.1" 304 -
190.158.204.25 - - [07/Jul/2024:16:17:10 -0500] "GET /sipse/faces/javax.faces.resource/primefaces.js?ln=primefaces&v=4.0 HTTP/1.1" 304 -
190.158.204.25 - - [07/Jul/2024:16:17:11 -0500] "GET /sipse/faces/javax.faces.resource/layout/layout.js?ln=primefaces&v=4.0 HTTP/1.1" 304 -
201.245.192.253 - - [07/Jul/2024:16:17:15 -0500] "GET /kwsrmcab/Wsrmcab?wsdl HTTP/1.1" 200 6948
190.158.204.25 - - [07/Jul/2024:16:17:17 -0500] "POST /sipse/faces/presentacion/financiero/solicitudProceso/consultarSolicitudProceso.xhtml HTTP/1.1" 200 5526
181.50.109.226 - - [07/Jul/2024:16:17:27 -0500] "GET /BLA/resoluciones/RESOLUCIONES%202021/5069.pdf HTTP/1.1" 200 363212
181.50.109.226 - - [07/Jul/2024:16:17:27 -0500] "GET /favicon.ico HTTP/1.1" 200 7782
172.22.2.4 - - [07/Jul/2024:16:15:52 -0500] "HEAD /BLA/boletinlegal/ HTTP/1.1" 200 -
201.245.192.253 - - [07/Jul/2024:16:17:45 -0500] "POST /kwsrmcab/Wsrmcab  HTTP/1.1" 200 38712
201.245.192.253 - - [07/Jul/2024:16:18:15 -0500] "GET /kwsrmcab/Wsrmcab?wsdl HTTP/1.1" 200 6948
201.245.192.253 - - [07/Jul/2024:16:18:25 -0500] "POST /forms/lservlet;jsessionid=ac16012b30d6716d42d0eef24d9cbe79d3fe11a80187.e3iSbxaKaheRe34OahmPbx4Oa3z0n6jAmljGr5XDqQLvpAe HTTP/1.1" 200 2
66.249.66.19 - - [07/Jul/2024:16:18:45 -0500] "GET /BLA/resoluciones/RESOLUCIONES%202021/5262.pdf HTTP/1.1" 200 370932
201.245.192.253 - - [07/Jul/2024:16:19:15 -0500] "GET /kwsrmcab/Wsrmcab?wsdl HTTP/1.1" 200 6948
201.245.192.253 - - [07/Jul/2024:16:18:48 -0500] "POST /kwsrmcab/Wsrmcab HTTP/1.1" 200 16384
201.245.192.253 - - [07/Jul/2024:16:19:48 -0500] "POST /kwsrmcab/Wsrmcab HTTP/1.1" 200 35048
201.245.192.253 - - [07/Jul/2024:16:20:15 -0500] "GET /kwsrmcab/Wsrmcab?wsdl HTTP/1.1" 200 6948
201.245.192.253 - - [07/Jul/2024:16:20:25 -0500] "POST /forms/lservlet;jsessionid=ac16012b30d6716d42d0eef24d9cbe79d3fe11a80187.e3iSbxaKaheRe34OahmPbx4Oa3z0n6jAmljGr5XDqQLvpAe HTTP/1.1" 200 2
172.22.2.4 - - [07/Jul/2024:16:20:35 -0500] "GET /BLA/boletinlegal/js/jquery.js HTTP/1.1" 200 57254
172.22.2.4 - - [07/Jul/2024:16:20:35 -0500] "GET /BLA/boletinlegal/js/jquery.scrollTo-min.js HTTP/1.1" 200 1150
172.22.2.4 - - [07/Jul/2024:16:20:35 -0500] "GET /BLA/boletinlegal/js/jquery.scrollShow.js HTTP/1.1" 200 4586
216.245.221.92 - - [07/Jul/2024:16:20:41 -0500] "HEAD / HTTP/1.1" 200 -
172.22.2.4 - - [07/Jul/2024:16:20:27 -0500] "GET /BLA/boletinlegal/ HTTP/1.1" 200 20427
201.245.192.253 - - [07/Jul/2024:16:21:15 -0500] "GET /kwsrmcab/Wsrmcab?wsdl HTTP/1.1" 200 6948
172.22.2.4 - - [07/Jul/2024:16:20:27 -0500] "HEAD /BLA/boletinlegal/ HTTP/1.1" 200 -
201.245.192.253 - - [07/Jul/2024:16:22:15 -0500] "GET /kwsrmcab/Wsrmcab?wsdl HTTP/1.1" 200 6948
172.22.2.4 - - [07/Jul/2024:16:22:22 -0500] "GET /BLA/boletinlegal/actos.php HTTP/1.1" 200 9738
172.22.2.4 - - [07/Jul/2024:16:22:23 -0500] "GET /BLA/boletinlegal/favicon.ico HTTP/1.1" 404 1326
181.58.62.22 - - [07/Jul/2024:16:22:24 -0500] "GET /BLA/resoluciones/ HTTP/1.1" 200 14105
201.245.192.253 - - [07/Jul/2024:16:22:25 -0500] "POST /forms/lservlet;jsessionid=ac16012b30d6716d42d0eef24d9cbe79d3fe11a80187.e3iSbxaKaheRe34OahmPbx4Oa3z0n6jAmljGr5XDqQLvpAe HTTP/1.1" 200 2
181.58.62.22 - - [07/Jul/2024:16:22:33 -0500] "GET /BLA/resoluciones/index.php?dir=AUTOS+2020%2F HTTP/1.1" 200 333353
201.245.192.253 - - [07/Jul/2024:16:22:43 -0500] "POST /kwsrmcab/Wsrmcab  HTTP/1.1" 200 38712
47.128.23.20 - - [07/Jul/2024:16:22:47 -0500] "GET /BLA/resoluciones/index.php?dir=RESOLUCIONES%202003%2FRES%202003%20101-150%2F&order=asc&sort=name HTTP/1.1" 200 12355
47.128.112.48 - - [07/Jul/2024:16:22:58 -0500] "GET /BLA/resoluciones/AUTOS%202021/0245.php?act=f&f=5164.pdf HTTP/1.1" 200 2739
172.22.2.4 - - [07/Jul/2024:16:21:18 -0500] "GET /BLA/boletinlegal/ HTTP/1.1" 200 52358
47.128.23.215 - - [07/Jul/2024:16:23:08 -0500] "GET /BLA/resoluciones/index.php?dir=AUTOS%202006%2FAUTOS%202006%20601-700%2F&order=asc&sort=name HTTP/1.1" 200 21776
172.22.2.4 - - [07/Jul/2024:16:22:21 -0500] "GET /BLA/boletinlegal/ HTTP/1.1" 200 24523
201.245.192.253 - - [07/Jul/2024:16:23:15 -0500] "GET /kwsrmcab/Wsrmcab?wsdl HTTP/1.1" 200 6948
47.128.23.197 - - [07/Jul/2024:16:23:19 -0500] "GET /BLA/resoluciones/AUTOS%202021/0245.php?act=f&f=4474.pdf HTTP/1.1" 200 2740
47.128.43.235 - - [07/Jul/2024:16:23:29 -0500] "GET /BLA/resoluciones/AUTOS%202021/0245.php?act=f&f=3981.pdf HTTP/1.1" 200 2739
47.128.116.22 - - [07/Jul/2024:16:23:40 -0500] "GET /BLA/resoluciones/index.php?dir=RESOLUCIONES%202003%2FRES%202003%20051-100%2F&order=asc&sort=name HTTP/1.1" 200 11998
47.128.122.131 - - [07/Jul/2024:16:23:50 -0500] "GET /BLA/resoluciones/AUTOS%202021/0245.php?act=f&f=5271.pdf HTTP/1.1" 200 2740
47.128.110.79 - - [07/Jul/2024:16:24:01 -0500] "GET /BLA/resoluciones/AUTOS%202021/0245.php?act=f&f=05491.pdf HTTP/1.1" 200 2740
47.128.40.137 - - [07/Jul/2024:16:24:11 -0500] "GET /BLA/resoluciones/AUTOS%202021/0245.php?act=f&d=E%3A%5Cnuevo%5CphpMyAdmin2%5Clibraries%5Cplugins&f=ExportPlugin.class.php&ft=info HTTP/1.1" 200 3787
201.245.192.253 - - [07/Jul/2024:16:24:15 -0500] "GET /kwsrmcab/Wsrmcab?wsdl HTTP/1.1" 200 6948
47.128.56.185 - - [07/Jul/2024:16:24:22 -0500] "GET /BLA/resoluciones/index.php?dir=RESOLUCIONES%202004%2FRES%202004%20551-600%2F&order=desc&sort=size HTTP/1.1" 200 12046
201.245.192.253 - - [07/Jul/2024:16:24:25 -0500] "POST /forms/lservlet;jsessionid=ac16012b30d6716d42d0eef24d9cbe79d3fe11a80187.e3iSbxaKaheRe34OahmPbx4Oa3z0n6jAmljGr5XDqQLvpAe HTTP/1.1" 200 2
172.22.2.4 - - [07/Jul/2024:16:23:18 -0500] "GET /BLA/boletinlegal/ HTTP/1.1" 200 62310
201.245.192.253 - - [07/Jul/2024:16:25:15 -0500] "GET /kwsrmcab/Wsrmcab?wsdl HTTP/1.1" 200 6948
52.167.144.221 - - [07/Jul/2024:16:25:24 -0500] "GET /appsia/controlador HTTP/1.1" 200 4799
216.245.221.92 - - [07/Jul/2024:16:25:41 -0500] "HEAD / HTTP/1.1" 200 -
52.167.144.176 - - [07/Jul/2024:16:25:52 -0500] "GET /appsia/scripts/validarIngreso.js HTTP/1.1" 200 851
52.167.144.188 - - [07/Jul/2024:16:26:06 -0500] "GET /appsia/css/estilos.css HTTP/1.1" 200 4804
201.245.192.253 - - [07/Jul/2024:16:26:15 -0500] "GET /kwsrmcab/Wsrmcab?wsdl HTTP/1.1" 200 6948
173.252.83.116 - - [07/Jul/2024:16:26:19 -0500] "GET /images/reunion-planta-termovalorizacion-11-mayo.jpg HTTP/1.1" 200 34782
201.245.192.253 - - [07/Jul/2024:16:26:25 -0500] "POST /forms/lservlet;jsessionid=ac16012b30d6716d42d0eef24d9cbe79d3fe11a80187.e3iSbxaKaheRe34OahmPbx4Oa3z0n6jAmljGr5XDqQLvpAe HTTP/1.1" 200 2
201.245.192.253 - - [07/Jul/2024:16:26:30 -0500] "POST /kwsrmcab/Wsrmcab HTTP/1.1" 200 34567
201.245.192.253 - - [07/Jul/2024:16:26:32 -0500] "POST /kwsrmcab/Wsrmcab HTTP/1.1" 200 35048
47.128.53.225 - - [07/Jul/2024:16:26:48 -0500] "GET /BLA/resoluciones/index.php?dir=RESOLUCIONES%202005%2FRES%202005%20151-200%2F&order=desc&sort=size HTTP/1.1" 200 12229
47.128.53.212 - - [07/Jul/2024:16:26:58 -0500] "GET /BLA/resoluciones/AUTOS%202021/0245.php?act=f&f=00417.pdf HTTP/1.1" 200 2741
47.128.24.48 - - [07/Jul/2024:16:27:09 -0500] "GET /BLA/resoluciones/AUTOS%202021/0245.php?act=f&f=4215.pdf HTTP/1.1" 200 2739
201.245.192.253 - - [07/Jul/2024:16:27:15 -0500] "GET /kwsrmcab/Wsrmcab?wsdl HTTP/1.1" 200 6948
47.128.53.44 - - [07/Jul/2024:16:27:20 -0500] "GET /BLA/resoluciones/AUTOS%202021/0245.php?act=f&f=5200.pdf HTTP/1.1" 200 2739
47.128.28.146 - - [07/Jul/2024:16:27:30 -0500] "GET /BLA/resoluciones/AUTOS%202021/0245.php?act=f&f=4946.pdf HTTP/1.1" 200 2739
181.32.168.168 - - [07/Jul/2024:16:27:37 -0500] "GET /kwssiamovil/sm/acme/a?s=U2FsdGVkX185L2i6UINyATA6ovzP1DgXmqg1MKHxcgr793x7zudv2648j+JlrxYRYt5zflAqecrboQU+64CjFbB/5lIY7db7CDvMany/V7rU0DCW9NeSmHnUYLaoLf9XIgcVh0yCJVqLV5bC3nWWhMFLqNTCpUh3lFRfl0hTWQf9XeYjvYn1LJWU2YvUyeEZRN3ExRedYh0+SRLVPrNDQYPAu6TLaSEN4qp5puUNPIr4ZWh1AhK0NeEmgLcE9q+w+djy+tl5yHVZxMdiTFMJMn+f7ti5OqRpVUZ0JwpyoGM=&u=U2FsdGVkX1/KW8IHYehsqI0IQEm8vBEJYFOwAHs4phrGt4mzYkrCNr0UK+q62CpR&y=U2FsdGVkX18vdZL+9Wyjn0lOTzSzDlAcqPQvaeE+Ni1s0RvPQAvcoxpz9fMVKRJd HTTP/1.1" 200 26
181.32.168.168 - - [07/Jul/2024:16:27:38 -0500] "GET /kwssiamovil/sm/acme/a?s=U2FsdGVkX1+dRbFEQxYm/4w7kYum0SPDLjgThcVXl8SRCYNEx2H+bGJmGzTV0jTTNCgd/xVBnrE2wiSyizaQI02OrpBMWBqmQ7SIe3urifbYEiAo5Vnz4HG5SWNjpV72Qi+y30niYgfe6tW4ezr5UtwGnr9k1IjhPutscBG75asDAPAtEhDn2FxgBOUQJzZHY8zH3ffup+6g5v1jEBJsuJla1WxMcnA+kg5ruLxb2RqkDQYo5g0JyMCtv6WWuyxvKPGooRH+Sw0C3aNp/jyqlOwNcLfWgtm9HXFq//4Kn7Arqz/BHD/cqZkDKFj9d1/pcMrIRU+RNmjS8vI2zsu5Bv+zDYY9L6rjhBkP147w4Sk9fk/UFgRCopydVTRn3+5Fmen+xK/rD2EOKHMdcsNyM8kmx3flG1QevAw+PvWWksaeeme4QJfuNa1bACROZxwatWh0BLgErxMlaifM7rJa4E23Hj03BeWpJKwRLBE1VPSwhAChusnT5fIN4gaHIH6jiYHUuE3/0LZv/J1J8qxvbv3lrZPUpNf9crOUwYcuHuD1cvszl65u+LUnj7yUbw4QOgQ+ftdopyr6YwnTsaGWh4PYsFMwTr9AQxpHl0nQY4dMQEDtYCblW1xCEdCKTYyoevuSI210VCV6PzidPcVGzWbgL1yXZS/NjGipZPfkvC5nQUjeFFkbePlZfzBmB/TQbeNyHhtnU2Yu+PwijKz2QtImnAt14FOiMZknFhiBPqOf2MguclJx6ZVBDKNxDA3whCPrcUydHUkcHu2Yf1pa650QPL2V5pJohgcL0xY6sEuBKh006zQpETBxmMMYoB1e03ZDxEtgOeoo1xs2nj3XT0HiYB+4XLRAg6yPZXKFmsH+R5Xwr7T6mZPrh45PuXtpKChVhVh0e/vF3Zh0cT1iB52Zw2B6Y5PYJsQFdkZJ5aqyBescTpc6apVPX6JwOzZEXPqFtNBqZ8aPFDPrgWPGC/Dh40cVMDMpTVunRJnnm2QTkklCk+MZyKKcox7bqMTS6WlDN0Ngv6mkZTXAklRrPTGlal/y2zeckaRz/mImwuv4/cEU9M1hGEVqCTN4lQJYuCE38+ERuJZb8NWLTsI9g+mTiIMPs/bMlOno4aTdV0DeVIGzKn0FsQEO2DXyWd5yXnNKvv6CqNYk5D6cRRDADM5EsCPCmpAYQBapz/YqINIpDM4h63gmLRO1UcECJtcClYzpiSXks5Y0gMaRKYRuKmCA6cPWpsgvfT2sY5cDstNwpcR4dNqtqnqXefx17sxb8vZvCy31uVKBY/VaCtPNWfijalm/0v8cIsMSUgwyC5fbxhUtn952Y0TNMJZwm9hXC9D1sLxHCiFQxcdfeE4opWW7fU4G+/+5MDziWuNT1Yk9mkfYypR+WaKwWSi5Nc6MPFRXb20wMMVsncDQwqzVy5r2nl+WY+o0ODIXYQ7bJKKLTfoAEaTPrYhtrhYoyUjzIpT33FYZWYeDFW2lSwYnF/E+XfBkBr6Gv2vP/8UU5f4s7tP9PSokPey/EbRlxjV7NySIU7nrVxY9ylRzzTEyjuT9PWRP0P7OK9lOoSvvgN8JB0FHFw6nLgatckHrglD7C8PUUB8AoYLddZpo59n83c7t/9Vy5qqkCjL41U7doG62zd2pduTOUCeSkoIJJobN59YBqI8segnw3qUCSgQdzcAjQcDQUtTQ10lkhkqqPtfGI5Yu8LYaktIbJRNiDb1KhBsypjo8TZeQwXaBNieuLoed8cohX44UVmHHYiDzskIgCRqDzw+OMsWa7Mx6T2ZkjJX1oEFr//2K/QVcndR/91uIUc0k32fLdKYKIYD9s3JsO8rk/ADpruVCHQGlHiCl6PaPLeA5tmtiDWKucH2PPyKD5MIf+UoGBpzzmtfln+qtNTLU4kod5Sy17wpsv/e45qmm4R3uNhrxz2wbQzFKj1CzB30FmQc82ZJ0XFgJfRfmsP5Bz0mJyAVwq2e4fMRWqv45Au8boOrxMX/rwQme64j/okYgTPAfRMr+UAaIHky761qftC+3A4iDP860gAt8l8AVplMkX8blSJiYkezVKrowXhOynNYPgejYvJoMw8Yv7lK33XFPBQuljZMHgLWtCHRue2t+Wj2jp2+8P9YG02u4e5hA3MRojf7Ni1V0eO75LcgkrLatHj4+RWH27ecZ4gGv13aD8hr+bD3wVB6HGP9OWx0yD+0IzJ4CbuvoRxQRBTYVsJu+GWkPjGfwiAAXYKtgZlH5N6w4rqwoh+2+4BxVd8qEeGbUp4JHkE86zfoYORbASl0aVZBlwGnBeC+IvfURAR/X74c0TafKHo+aLsfx+Rpqe9nhQU7eC3eaf4N6WDa7P0YipcIWCBs6OoWy4CaojfQj6gxl3/ERTieLvpn5TyhtWzw44icKRgafrC3Xksr15xsnkjSY6zHighTP9gGEluQQKkJjLCQaVfFE53MXP22ejKs+/oWPVjlt5OdqgfH/cFyej8ibbmgP9kE1z4mzGDg8cJGO5Xbiy9Wniw3EwWViGFYty6LtiWmtnXF/GCsrlMyhkemUGdcfgJAWv3pMGaSqw/2djAR8MNrrqlriYXgq9W+R/9L5Gjow70d3Z+JzB0efedAdTU9uGo1gTbWdLJoMvetF4OB2FBRL2N6ua4dqh7V10QHxSd9OSTLINVJhPSyMrdsJlPXc2+22jhr43anm3x3XRW/qPMvA9g==&u=U2FsdGVkX1/KW8IHYehsqI0IQEm8vBEJYFOwAHs4phrGt4mzYkrCNr0UK+q62CpR&y=U2FsdGVkX18vdZL+9Wyjn0lOTzSzDlAcqPQvaeE+Ni1s0RvPQAvcoxpz9fMVKRJd HTTP/1.1" 200 26
181.32.168.168 - - [07/Jul/2024:16:27:38 -0500] "GET /kwssiamovil/sm/acme/a?s=U2FsdGVkX19YF9Q+EM/Mje6GKbJ6xRc9Q0s1EH4d6B6pUyj/qC8o737dIinAypYqdz9wUKXV3kygSVdcx1i2m3MTOZP4s+RpCdtsJR95jVfmELgOUPqGFiMIJuFb+kbpFP38M5VxyutzahXUhU/6x0DA8KxGAI7F1k+X0O+7NYs=&u=U2FsdGVkX1/KW8IHYehsqI0IQEm8vBEJYFOwAHs4phrGt4mzYkrCNr0UK+q62CpR&y=U2FsdGVkX18vdZL+9Wyjn0lOTzSzDlAcqPQvaeE+Ni1s0RvPQAvcoxpz9fMVKRJd HTTP/1.1" 200 26
181.32.168.168 - - [07/Jul/2024:16:27:38 -0500] "GET /kwssiamovil/sm/acme/a?s=U2FsdGVkX1+RArqIDBjmiwGggwLvgcEDZldV6lUmwLqcpJAcBWy1al4LG1JL0eIgApC7lfG4F5dgA1Nw8mGPHm+CklQIb0usD4X8FF+RJB3eCesycQOh1X0JZlGrhTff06DnTSV1vlrSCdmkTNTn0SEdr5nXY0/1lcq55Gb/jXE=&u=U2FsdGVkX1/KW8IHYehsqI0IQEm8vBEJYFOwAHs4phrGt4mzYkrCNr0UK+q62CpR&y=U2FsdGVkX18vdZL+9Wyjn0lOTzSzDlAcqPQvaeE+Ni1s0RvPQAvcoxpz9fMVKRJd HTTP/1.1" 200 26
181.32.168.168 - - [07/Jul/2024:16:27:38 -0500] "GET /kwssiamovil/sm/acme/a?s=U2FsdGVkX1/zmEvDDG44JH7X4zXFYDl8muF+QY7668EaOGUeca/OhVcdJWB0UPyMK74drZkU+0ugmS7lAAwlCSTjOHb8ZSdZmD/DkawGdXYTJaVszig/Y70LoxqEqvtLpJ3eMu/F9gL18pvmh2UpCdarV9hXC8B2vt0yIYGZZ8c=&u=U2FsdGVkX1/KW8IHYehsqI0IQEm8vBEJYFOwAHs4phrGt4mzYkrCNr0UK+q62CpR&y=U2FsdGVkX18vdZL+9Wyjn0lOTzSzDlAcqPQvaeE+Ni1s0RvPQAvcoxpz9fMVKRJd HTTP/1.1" 200 26
181.32.168.168 - - [07/Jul/2024:16:27:39 -0500] "GET /kwssiamovil/sm/acme/a?s=U2FsdGVkX1+3uJQJL9pfeiw6raOxeIjP3aGKAgxw5BwKkLwQO9WMtiST6u+ckBiDDjsBbDbCsR9DHR5zzZoR1Eku2JI5czgcZPGjoPGEDJiMboUS1XMPwXc4SoI4Erp9pVYCTxCXl9HjU8UwXjUW375iV1ViJzaGyyhBpEZMsbYXDReKZt7dWgKxrsgYBi5pjcbsPemjs7mKSbQ425njZg==&u=U2FsdGVkX1/KW8IHYehsqI0IQEm8vBEJYFOwAHs4phrGt4mzYkrCNr0UK+q62CpR&y=U2FsdGVkX18vdZL+9Wyjn0lOTzSzDlAcqPQvaeE+Ni1s0RvPQAvcoxpz9fMVKRJd HTTP/1.1" 200 26
201.245.192.253 - - [07/Jul/2024:16:27:42 -0500] "POST /kwsrmcab/Wsrmcab  HTTP/1.1" 200 38712
47.128.62.4 - - [07/Jul/2024:16:27:41 -0500] "GET /BLA/resoluciones/AUTOS%202021/0245.php?act=f&d=E%3A%5Cnuevo%5Chtdocs%5Creq%5Cfonts%5C&f=glyphicons-halflings-regular.eot&ft=info&fullhexdump=1 HTTP/1.1" 200 49320
47.128.18.24 - - [07/Jul/2024:16:27:52 -0500] "GET /BLA/resoluciones/AUTOS%202021/0245.php?act=f&f=5155.pdf HTTP/1.1" 200 2739
172.22.2.4 - - [07/Jul/2024:16:26:17 -0500] "HEAD /BLA/boletinlegal/ HTTP/1.1" 200 -
47.128.39.109 - - [07/Jul/2024:16:28:02 -0500] "GET /BLA/resoluciones/index.php?dir=RESOLUCIONES%202004%2FRES%202004%20801-850%2F&order=desc&sort=name HTTP/1.1" 200 12047
47.128.54.123 - - [07/Jul/2024:16:28:13 -0500] "GET /BLA/resoluciones/AUTOS%202021/0245.php?act=f&c=1&f=2899.pdf HTTP/1.1" 200 2739
201.245.192.253 - - [07/Jul/2024:16:28:15 -0500] "GET /kwsrmcab/Wsrmcab?wsdl HTTP/1.1" 200 6948
47.128.99.26 - - [07/Jul/2024:16:28:23 -0500] "GET /BLA/resoluciones/index.php?dir=RESOLUCIONES%202002%2FRES%202002%20951-1000%2F&order=asc&sort=name HTTP/1.1" 200 12521
201.245.192.253 - - [07/Jul/2024:16:28:25 -0500] "POST /forms/lservlet;jsessionid=ac16012b30d6716d42d0eef24d9cbe79d3fe11a80187.e3iSbxaKaheRe34OahmPbx4Oa3z0n6jAmljGr5XDqQLvpAe HTTP/1.1" 200 2
172.22.2.4 - - [07/Jul/2024:16:27:08 -0500] "GET /BLA/boletinlegal/ HTTP/1.1" 200 58273
201.245.192.253 - - [07/Jul/2024:16:28:48 -0500] "POST /kwsrmcab/Wsrmcab HTTP/1.1" 200 35065
201.245.192.253 - - [07/Jul/2024:16:29:15 -0500] "GET /kwsrmcab/Wsrmcab?wsdl HTTP/1.1" 200 6948
201.245.192.253 - - [07/Jul/2024:16:29:38 -0500] "POST /kwsrmcab/Wsrmcab HTTP/1.1" 200 35048
201.245.192.253 - - [07/Jul/2024:16:30:15 -0500] "GET /kwsrmcab/Wsrmcab?wsdl HTTP/1.1" 200 6948
201.245.192.253 - - [07/Jul/2024:16:30:25 -0500] "POST /forms/lservlet;jsessionid=ac16012b30d6716d42d0eef24d9cbe79d3fe11a80187.e3iSbxaKaheRe34OahmPbx4Oa3z0n6jAmljGr5XDqQLvpAe HTTP/1.1" 200 2
216.245.221.92 - - [07/Jul/2024:16:30:41 -0500] "HEAD / HTTP/1.1" 200 -
172.22.2.4 - - [07/Jul/2024:16:29:10 -0500] "HEAD /BLA/boletinlegal/ HTTP/1.1" 200 -
201.245.192.253 - - [07/Jul/2024:16:31:15 -0500] "GET /kwsrmcab/Wsrmcab?wsdl HTTP/1.1" 200 6948
52.167.144.145 - - [07/Jul/2024:16:31:23 -0500] "GET /no-uses-musgo-en-la-elaboracion-de-tu-pesebre.html HTTP/1.1" 200 846
201.245.192.253 - - [07/Jul/2024:16:32:15 -0500] "GET /kwsrmcab/Wsrmcab?wsdl HTTP/1.1" 200 6948
201.245.192.253 - - [07/Jul/2024:16:32:25 -0500] "POST /forms/lservlet;jsessionid=ac16012b30d6716d42d0eef24d9cbe79d3fe11a80187.e3iSbxaKaheRe34OahmPbx4Oa3z0n6jAmljGr5XDqQLvpAe HTTP/1.1" 200 2
201.245.192.253 - - [07/Jul/2024:16:32:40 -0500] "POST /kwsrmcab/Wsrmcab  HTTP/1.1" 200 38712
66.249.66.21 - - [07/Jul/2024:16:33:04 -0500] "GET /BLA/resoluciones/RESOLUCIONES%202021/0868.pdf HTTP/1.1" 304 -
201.245.192.253 - - [07/Jul/2024:16:33:15 -0500] "GET /kwsrmcab/Wsrmcab?wsdl HTTP/1.1" 200 6948
47.128.27.143 - - [07/Jul/2024:16:33:33 -0500] "GET /BLA/resoluciones/AUTOS%202021/0245.php?act=f&f=1671-.pdf HTTP/1.1" 200 2740
52.167.144.176 - - [07/Jul/2024:16:33:43 -0500] "GET /BLA/resoluciones/index.php?dir=RESOLUCIONES+2024%2F HTTP/1.1" 200 29403
47.128.27.113 - - [07/Jul/2024:16:33:43 -0500] "GET /BLA/resoluciones/AUTOS%202021/0245.php?act=f&f=3998.pdf HTTP/1.1" 200 2739
172.22.2.4 - - [07/Jul/2024:16:32:07 -0500] "HEAD /BLA/boletinlegal/ HTTP/1.1" 200 -
47.128.55.162 - - [07/Jul/2024:16:33:54 -0500] "GET /BLA/resoluciones/AUTOS%202021/0245.php?act=f&f=4784.pdf HTTP/1.1" 200 2740
172.22.2.4 - - [07/Jul/2024:16:32:30 -0500] "GET /BLA/boletinlegal/ HTTP/1.1" 200 46420
201.245.192.253 - - [07/Jul/2024:16:34:15 -0500] "GET /kwsrmcab/Wsrmcab?wsdl HTTP/1.1" 200 6948
191.156.59.252 - - [07/Jul/2024:16:34:15 -0500] "GET /BLA/resoluciones/RESOLUCIONES%202021/3872.pdf HTTP/1.1" 200 727982
201.245.192.253 - - [07/Jul/2024:16:34:25 -0500] "POST /forms/lservlet;jsessionid=ac16012b30d6716d42d0eef24d9cbe79d3fe11a80187.e3iSbxaKaheRe34OahmPbx4Oa3z0n6jAmljGr5XDqQLvpAe HTTP/1.1" 200 2
172.22.2.4 - - [07/Jul/2024:16:34:35 -0500] "GET /BLA/boletinlegal/actos.php HTTP/1.1" 200 9738
172.22.2.4 - - [07/Jul/2024:16:34:35 -0500] "GET /BLA/boletinlegal/styles2.css HTTP/1.1" 200 1838
172.22.2.4 - - [07/Jul/2024:16:34:35 -0500] "GET /BLA/boletinlegal/niceforms.js HTTP/1.1" 200 22876
172.22.2.4 - - [07/Jul/2024:16:34:35 -0500] "GET /BLA/boletinlegal/style.css HTTP/1.1" 200 9406
172.22.2.4 - - [07/Jul/2024:16:34:35 -0500] "GET /BLA/boletinlegal/niceforms-default.css HTTP/1.1" 200 6694
172.22.2.4 - - [07/Jul/2024:16:34:35 -0500] "GET /BLA/boletinlegal/js/lib.js HTTP/1.1" 200 6474
172.22.2.4 - - [07/Jul/2024:16:34:35 -0500] "GET /BLA/boletinlegal/js/popup.js HTTP/1.1" 200 1270
172.22.2.4 - - [07/Jul/2024:16:34:35 -0500] "GET /BLA/boletinlegal/js/jquery1.js HTTP/1.1" 200 29846
172.22.2.4 - - [07/Jul/2024:16:34:35 -0500] "GET /BLA/boletinlegal/js/ajax_actos.js HTTP/1.1" 200 1322
172.22.2.4 - - [07/Jul/2024:16:34:35 -0500] "GET /BLA/boletinlegal/images/cabezote%20BLEGAL.jpg HTTP/1.1" 200 118164
172.22.2.4 - - [07/Jul/2024:16:34:35 -0500] "GET /BLA/boletinlegal/images/subscribe-icon-big.png HTTP/1.1" 200 47702
172.22.2.4 - - [07/Jul/2024:16:34:35 -0500] "GET /BLA/boletinlegal/images/historia.png HTTP/1.1" 200 52775
172.22.2.4 - - [07/Jul/2024:16:34:35 -0500] "GET /BLA/boletinlegal/images/registro-usuarios.png HTTP/1.1" 200 8106
172.22.2.4 - - [07/Jul/2024:16:34:35 -0500] "GET /BLA/boletinlegal/images/tel.png HTTP/1.1" 200 14477
172.22.2.4 - - [07/Jul/2024:16:34:35 -0500] "GET /BLA/boletinlegal/images/green-yellow-blue-pink-th.png HTTP/1.1" 200 7394
172.22.2.4 - - [07/Jul/2024:16:34:35 -0500] "GET /BLA/boletinlegal/images/icono-email.png HTTP/1.1" 200 5544
172.22.2.4 - - [07/Jul/2024:16:34:35 -0500] "GET /BLA/boletinlegal/images/menu_rght.gif HTTP/1.1" 200 1627
172.22.2.4 - - [07/Jul/2024:16:34:36 -0500] "GET /BLA/boletinlegal/images/body_bg.jpg HTTP/1.1" 200 1601
172.22.2.4 - - [07/Jul/2024:16:34:36 -0500] "GET /BLA/boletinlegal/images/footer_bg.jpg HTTP/1.1" 200 586
172.22.2.4 - - [07/Jul/2024:16:34:36 -0500] "GET /BLA/boletinlegal/images/bg_top.jpg HTTP/1.1" 200 522
172.22.2.4 - - [07/Jul/2024:16:34:36 -0500] "GET /BLA/boletinlegal/images/menu_bg.jpg HTTP/1.1" 200 620
172.22.2.4 - - [07/Jul/2024:16:34:36 -0500] "GET /BLA/boletinlegal/images/menu_lft.gif HTTP/1.1" 200 1713
172.22.2.4 - - [07/Jul/2024:16:34:36 -0500] "GET /BLA/boletinlegal/images/hover.jpg HTTP/1.1" 200 640
172.22.2.4 - - [07/Jul/2024:16:34:36 -0500] "GET /BLA/boletinlegal/images/text.jpg HTTP/1.1" 200 568
172.22.2.4 - - [07/Jul/2024:16:34:36 -0500] "GET /BLA/boletinlegal/images/footer_bg_l.jpg HTTP/1.1" 200 776
172.22.2.4 - - [07/Jul/2024:16:34:36 -0500] "GET /BLA/boletinlegal/img/0.png HTTP/1.1" 200 110
172.22.2.4 - - [07/Jul/2024:16:34:36 -0500] "GET /BLA/boletinlegal/img/select-left.png HTTP/1.1" 200 263
172.22.2.4 - - [07/Jul/2024:16:34:36 -0500] "GET /BLA/boletinlegal/img/select-right.png HTTP/1.1" 200 44019
172.22.2.4 - - [07/Jul/2024:16:34:36 -0500] "GET /BLA/boletinlegal/img/button-left.png HTTP/1.1" 200 57071
172.22.2.4 - - [07/Jul/2024:16:34:36 -0500] "GET /BLA/boletinlegal/img/button.png HTTP/1.1" 200 43241
172.22.2.4 - - [07/Jul/2024:16:34:36 -0500] "GET /BLA/boletinlegal/img/button-right.png HTTP/1.1" 200 57878
172.22.2.4 - - [07/Jul/2024:16:34:36 -0500] "GET /BLA/boletinlegal/favicon.ico HTTP/1.1" 404 1326
172.22.2.4 - - [07/Jul/2024:16:32:58 -0500] "GET /BLA/boletinlegal/ HTTP/1.1" 200 46859
186.84.90.57 - - [07/Jul/2024:16:35:13 -0500] "GET /autoridades-incautan-hormigas-que-iban-a-ser-movilizadas-ilegalmente-a-madrid-espana.html HTTP/1.1" 304 -
201.245.192.253 - - [07/Jul/2024:16:35:15 -0500] "GET /kwsrmcab/Wsrmcab?wsdl HTTP/1.1" 200 6948
216.245.221.92 - - [07/Jul/2024:16:35:41 -0500] "HEAD / HTTP/1.1" 200 -
47.128.32.25 - - [07/Jul/2024:16:35:42 -0500] "GET /BLA/resoluciones/AUTOS%202021/0245.php?act=ls&d=E%3A%5Cnuevo%5Chtdocs%5Ccumbredelclima%5Cwp-includes%5CText%5CDiff&sort=0a HTTP/1.1" 200 3517
66.249.66.19 - - [07/Jul/2024:16:36:02 -0500] "GET /Autoliquidacion/Solicitudes%20relacionadas%20con%20calidad%20del%20aire%20auditiva%20y%20visual/Acompa%C3%B1amiento%20para%20muestreo%20isocin%C3%A9tico%20y%20o%20determinaciones%20de%20emisiones%20a%20fuentes%20fijas/Modelo%20Solicitud%20de%20Acompanamiento.doc HTTP/1.1" 304 -
201.245.192.253 - - [07/Jul/2024:16:36:15 -0500] "GET /kwsrmcab/Wsrmcab?wsdl HTTP/1.1" 200 6948
201.245.192.253 - - [07/Jul/2024:16:36:25 -0500] "POST /forms/lservlet;jsessionid=ac16012b30d6716d42d0eef24d9cbe79d3fe11a80187.e3iSbxaKaheRe34OahmPbx4Oa3z0n6jAmljGr5XDqQLvpAe HTTP/1.1" 200 2
201.245.192.253 - - [07/Jul/2024:16:37:15 -0500] "GET /kwsrmcab/Wsrmcab?wsdl HTTP/1.1" 200 6948
201.245.192.253 - - [07/Jul/2024:16:36:30 -0500] "POST /kwsrmcab/Wsrmcab HTTP/1.1" 200 34567
201.245.192.253 - - [07/Jul/2024:16:37:30 -0500] "POST /kwsrmcab/Wsrmcab HTTP/1.1" 200 35048
201.245.192.253 - - [07/Jul/2024:16:37:38 -0500] "POST /kwsrmcab/Wsrmcab  HTTP/1.1" 200 38712
201.245.192.253 - - [07/Jul/2024:16:38:15 -0500] "GET /kwsrmcab/Wsrmcab?wsdl HTTP/1.1" 200 6948
201.245.192.253 - - [07/Jul/2024:16:38:25 -0500] "POST /forms/lservlet;jsessionid=ac16012b30d6716d42d0eef24d9cbe79d3fe11a80187.e3iSbxaKaheRe34OahmPbx4Oa3z0n6jAmljGr5XDqQLvpAe HTTP/1.1" 200 2
201.245.192.253 - - [07/Jul/2024:16:38:48 -0500] "POST /kwsrmcab/Wsrmcab HTTP/1.1" 200 35065
172.22.2.4 - - [07/Jul/2024:16:37:12 -0500] "GET /BLA/boletinlegal/ HTTP/1.1" 200 59967
173.252.95.5 - - [07/Jul/2024:16:39:05 -0500] "GET /secretaria-de-ambiente-instalo-movil-en-la-quebrada-la-vieja-para-atender-a-la-fauna-silvestre.html HTTP/1.1" 200 1019
173.252.95.9 - - [07/Jul/2024:16:39:05 -0500] "GET /secretaria-de-ambiente-instalo-movil-en-la-quebrada-la-vieja-para-atender-a-la-fauna-silvestre.html HTTP/1.1" 200 1019
201.245.192.253 - - [07/Jul/2024:16:39:15 -0500] "GET /kwsrmcab/Wsrmcab?wsdl HTTP/1.1" 200 6948
66.249.66.20 - - [07/Jul/2024:16:39:16 -0500] "GET /BLA/resoluciones/RESOLUCIONES%202004/RES%202004%201601-1650/00001610.tif HTTP/1.1" 200 23314
172.22.2.4 - - [07/Jul/2024:16:39:31 -0500] "GET /BLA/boletinlegal/Circulares/2020/Circular%20No.%2000018%20del%2002%20de%20diciembre%20del%202020.pdf HTTP/1.1" 304 -
172.22.2.4 - - [07/Jul/2024:16:37:57 -0500] "HEAD /BLA/boletinlegal/ HTTP/1.1" 200 -
201.245.192.253 - - [07/Jul/2024:16:40:15 -0500] "GET /kwsrmcab/Wsrmcab?wsdl HTTP/1.1" 200 6948
201.245.192.253 - - [07/Jul/2024:16:40:25 -0500] "POST /forms/lservlet;jsessionid=ac16012b30d6716d42d0eef24d9cbe79d3fe11a80187.e3iSbxaKaheRe34OahmPbx4Oa3z0n6jAmljGr5XDqQLvpAe HTTP/1.1" 200 2
172.22.2.4 - - [07/Jul/2024:16:38:48 -0500] "GET /BLA/boletinlegal/ HTTP/1.1" 200 57889
216.245.221.92 - - [07/Jul/2024:16:40:41 -0500] "HEAD / HTTP/1.1" 200 -
201.245.192.253 - - [07/Jul/2024:16:39:40 -0500] "POST /kwsrmcab/Wsrmcab HTTP/1.1" 200 14506
201.245.192.253 - - [07/Jul/2024:16:41:15 -0500] "GET /kwsrmcab/Wsrmcab?wsdl HTTP/1.1" 200 6948
47.128.118.16 - - [07/Jul/2024:16:41:19 -0500] "GET /BLA/resoluciones/index.php?dir=RESOLUCIONES%202004%2FRES%202004%201051-1100%2F&order=desc&sort=date HTTP/1.1" 200 12163
47.128.111.64 - - [07/Jul/2024:16:41:29 -0500] "GET /BLA/resoluciones/AUTOS%202021/0245.php?act=f&f=4244.pdf HTTP/1.1" 200 2739
54.36.149.56 - - [07/Jul/2024:16:41:37 -0500] "GET /robots.txt HTTP/1.1" 404 1034
51.222.253.9 - - [07/Jul/2024:16:41:39 -0500] "GET /en-bosa-distrito-inicio-la-consolidacion-de-las-zonas-urbanas-por-un-mejor-aire.html HTTP/1.1" 200 942
51.222.253.17 - - [07/Jul/2024:16:41:39 -0500] "GET /un-respiro-para-el-ambiente-durante-la-jornada-de-dia-sin-carro-y-sin-moto.html HTTP/1.1" 200 702
47.128.37.173 - - [07/Jul/2024:16:41:40 -0500] "GET /BLA/resoluciones/AUTOS%202021/0245.php?act=f&f=06698.pdf HTTP/1.1" 200 2742
201.245.192.253 - - [07/Jul/2024:16:42:15 -0500] "GET /kwsrmcab/Wsrmcab?wsdl HTTP/1.1" 200 6948
201.245.192.253 - - [07/Jul/2024:16:42:25 -0500] "POST /forms/lservlet;jsessionid=ac16012b30d6716d42d0eef24d9cbe79d3fe11a80187.e3iSbxaKaheRe34OahmPbx4Oa3z0n6jAmljGr5XDqQLvpAe HTTP/1.1" 200 2
201.245.192.253 - - [07/Jul/2024:16:42:37 -0500] "POST /kwsrmcab/Wsrmcab  HTTP/1.1" 200 38712
172.22.2.4 - - [07/Jul/2024:16:42:11 -0500] "GET /BLA/boletinlegal/ HTTP/1.1" 200 32715
201.245.192.253 - - [07/Jul/2024:16:43:15 -0500] "GET /kwsrmcab/Wsrmcab?wsdl HTTP/1.1" 200 6948
172.22.2.4 - - [07/Jul/2024:16:41:54 -0500] "GET /BLA/boletinlegal/ HTTP/1.1" 200 54300
201.245.192.253 - - [07/Jul/2024:16:44:15 -0500] "GET /kwsrmcab/Wsrmcab?wsdl HTTP/1.1" 200 6948
201.245.192.253 - - [07/Jul/2024:16:44:25 -0500] "POST /forms/lservlet;jsessionid=ac16012b30d6716d42d0eef24d9cbe79d3fe11a80187.e3iSbxaKaheRe34OahmPbx4Oa3z0n6jAmljGr5XDqQLvpAe HTTP/1.1" 200 2
172.22.2.4 - - [07/Jul/2024:16:43:02 -0500] "HEAD /BLA/boletinlegal/ HTTP/1.1" 200 -
201.245.192.253 - - [07/Jul/2024:16:45:15 -0500] "GET /kwsrmcab/Wsrmcab?wsdl HTTP/1.1" 200 6948
172.22.2.4 - - [07/Jul/2024:16:43:47 -0500] "HEAD /BLA/boletinlegal/ HTTP/1.1" 200 -
216.245.221.92 - - [07/Jul/2024:16:45:41 -0500] "HEAD / HTTP/1.1" 200 -
40.77.167.235 - - [07/Jul/2024:16:45:49 -0500] "GET /BLA/resoluciones/index.php HTTP/1.1" 200 14105
201.245.192.253 - - [07/Jul/2024:16:46:15 -0500] "GET /kwsrmcab/Wsrmcab?wsdl HTTP/1.1" 200 6948
172.22.2.4 - - [07/Jul/2024:16:44:38 -0500] "GET /BLA/boletinlegal/ HTTP/1.1" 200 59083
201.245.192.253 - - [07/Jul/2024:16:46:25 -0500] "POST /forms/lservlet;jsessionid=ac16012b30d6716d42d0eef24d9cbe79d3fe11a80187.e3iSbxaKaheRe34OahmPbx4Oa3z0n6jAmljGr5XDqQLvpAe HTTP/1.1" 200 2
66.249.66.20 - - [07/Jul/2024:16:46:45 -0500] "GET /autoliquidacion2020/index.php?dir=Cobro%20Clasificacion%20Uso%20De%20Vivenda%20En%20Suelo%20Restringido/COMPATIBILIDAD%20USO%20DE%20VIVIENDA/&sort=size&order=asc HTTP/1.1" 200 2741
34.221.210.201 - - [07/Jul/2024:16:46:58 -0500] "GET /Publicaciones/2024EE120621.pdf HTTP/1.1" 404 228
201.245.192.253 - - [07/Jul/2024:16:47:15 -0500] "GET /kwsrmcab/Wsrmcab?wsdl HTTP/1.1" 200 6948
201.245.192.253 - - [07/Jul/2024:16:47:36 -0500] "POST /kwsrmcab/Wsrmcab  HTTP/1.1" 200 38712
40.77.167.235 - - [07/Jul/2024:16:48:11 -0500] "GET /Publicaciones/2023EE232158.pdf HTTP/1.1" 404 228
201.245.192.253 - - [07/Jul/2024:16:48:15 -0500] "GET /kwsrmcab/Wsrmcab?wsdl HTTP/1.1" 200 6948
172.22.2.4 - - [07/Jul/2024:16:46:37 -0500] "GET /BLA/boletinlegal/ HTTP/1.1" 200 62310
201.245.192.253 - - [07/Jul/2024:16:48:25 -0500] "POST /forms/lservlet;jsessionid=ac16012b30d6716d42d0eef24d9cbe79d3fe11a80187.e3iSbxaKaheRe34OahmPbx4Oa3z0n6jAmljGr5XDqQLvpAe HTTP/1.1" 200 2
201.245.192.253 - - [07/Jul/2024:16:49:15 -0500] "GET /kwsrmcab/Wsrmcab?wsdl HTTP/1.1" 200 6948
66.249.66.21 - - [07/Jul/2024:16:49:39 -0500] "GET /BLA/resoluciones/Notificaciones/AUTOS%202018/3444.pdf HTTP/1.1" 200 277544
201.245.192.253 - - [07/Jul/2024:16:50:15 -0500] "GET /kwsrmcab/Wsrmcab?wsdl HTTP/1.1" 200 6948
201.245.192.253 - - [07/Jul/2024:16:50:25 -0500] "POST /forms/lservlet;jsessionid=ac16012b30d6716d42d0eef24d9cbe79d3fe11a80187.e3iSbxaKaheRe34OahmPbx4Oa3z0n6jAmljGr5XDqQLvpAe HTTP/1.1" 200 2
216.245.221.92 - - [07/Jul/2024:16:50:41 -0500] "HEAD / HTTP/1.1" 200 -
201.245.192.253 - - [07/Jul/2024:16:51:14 -0500] "GET /kwsrmcab/Wsrmcab?wsdl HTTP/1.1" 200 6948
172.22.2.4 - - [07/Jul/2024:16:49:37 -0500] "HEAD /BLA/boletinlegal/ HTTP/1.1" 200 -
172.22.2.4 - - [07/Jul/2024:16:50:28 -0500] "GET /BLA/boletinlegal/ HTTP/1.1" 200 53419
201.245.192.253 - - [07/Jul/2024:16:52:14 -0500] "GET /kwsrmcab/Wsrmcab?wsdl HTTP/1.1" 200 6948
201.245.192.253 - - [07/Jul/2024:16:52:25 -0500] "POST /forms/lservlet;jsessionid=ac16012b30d6716d42d0eef24d9cbe79d3fe11a80187.e3iSbxaKaheRe34OahmPbx4Oa3z0n6jAmljGr5XDqQLvpAe HTTP/1.1" 200 2
201.245.192.253 - - [07/Jul/2024:16:52:34 -0500] "POST /kwsrmcab/Wsrmcab  HTTP/1.1" 200 38712
172.22.2.4 - - [07/Jul/2024:16:51:21 -0500] "GET /BLA/boletinlegal/ HTTP/1.1" 200 58273
201.245.192.253 - - [07/Jul/2024:16:53:14 -0500] "GET /kwsrmcab/Wsrmcab?wsdl HTTP/1.1" 200 6948
201.245.192.253 - - [07/Jul/2024:16:54:14 -0500] "GET /kwsrmcab/Wsrmcab?wsdl HTTP/1.1" 200 6948
201.245.192.253 - - [07/Jul/2024:16:54:25 -0500] "POST /forms/lservlet;jsessionid=ac16012b30d6716d42d0eef24d9cbe79d3fe11a80187.e3iSbxaKaheRe34OahmPbx4Oa3z0n6jAmljGr5XDqQLvpAe HTTP/1.1" 200 2
201.245.192.253 - - [07/Jul/2024:16:55:14 -0500] "GET /kwsrmcab/Wsrmcab?wsdl HTTP/1.1" 200 6948
216.245.221.92 - - [07/Jul/2024:16:55:41 -0500] "HEAD / HTTP/1.1" 200 -
172.22.2.4 - - [07/Jul/2024:16:54:03 -0500] "HEAD /BLA/boletinlegal/ HTTP/1.1" 200 -
201.245.192.253 - - [07/Jul/2024:16:56:14 -0500] "GET /kwsrmcab/Wsrmcab?wsdl HTTP/1.1" 200 6948
201.245.192.253 - - [07/Jul/2024:16:56:25 -0500] "POST /forms/lservlet;jsessionid=ac16012b30d6716d42d0eef24d9cbe79d3fe11a80187.e3iSbxaKaheRe34OahmPbx4Oa3z0n6jAmljGr5XDqQLvpAe HTTP/1.1" 200 2
172.22.2.4 - - [07/Jul/2024:16:56:49 -0500] "GET /BLA/boletinlegal/Circulares/2022/CIRCULAR%20No.%2000003%20DEL%2007%20DE%20MARZO%20DEL%202022.pdf HTTP/1.1" 304 -
172.22.2.4 - - [07/Jul/2024:16:55:27 -0500] "HEAD /BLA/boletinlegal/ HTTP/1.1" 200 -
201.245.192.253 - - [07/Jul/2024:16:57:14 -0500] "GET /kwsrmcab/Wsrmcab?wsdl HTTP/1.1" 200 6948
201.245.192.253 - - [07/Jul/2024:16:57:33 -0500] "POST /kwsrmcab/Wsrmcab  HTTP/1.1" 200 38712
66.249.66.21 - - [07/Jul/2024:16:57:46 -0500] "GET /BLA/resoluciones/RESOLUCIONES%202013/1767.pdf HTTP/1.1" 304 -
172.22.2.4 - - [07/Jul/2024:16:56:07 -0500] "GET /BLA/boletinlegal/ HTTP/1.1" 200 43032
172.22.2.4 - - [07/Jul/2024:16:56:18 -0500] "GET /BLA/boletinlegal/ HTTP/1.1" 200 43032
201.245.192.253 - - [07/Jul/2024:16:58:14 -0500] "GET /kwsrmcab/Wsrmcab?wsdl HTTP/1.1" 200 6948
201.245.192.253 - - [07/Jul/2024:16:58:25 -0500] "POST /forms/lservlet;jsessionid=ac16012b30d6716d42d0eef24d9cbe79d3fe11a80187.e3iSbxaKaheRe34OahmPbx4Oa3z0n6jAmljGr5XDqQLvpAe HTTP/1.1" 200 2
192.210.150.32 - - [07/Jul/2024:16:58:59 -0500] "GET /.env HTTP/1.1" 404 1018
201.245.192.253 - - [07/Jul/2024:16:59:14 -0500] "GET /kwsrmcab/Wsrmcab?wsdl HTTP/1.1" 200 6948
66.249.73.38 - - [07/Jul/2024:16:59:58 -0500] "GET /siipev/Diseno%20de%20Elementos%20de%20Mobiliario%20Urbano/Otros%20Elementos/Infografia/Parte2/M-80.png HTTP/1.1" 304 -
201.245.192.253 - - [07/Jul/2024:17:00:14 -0500] "GET /kwsrmcab/Wsrmcab?wsdl HTTP/1.1" 200 6948
201.245.192.253 - - [07/Jul/2024:17:00:25 -0500] "POST /forms/lservlet;jsessionid=ac16012b30d6716d42d0eef24d9cbe79d3fe11a80187.e3iSbxaKaheRe34OahmPbx4Oa3z0n6jAmljGr5XDqQLvpAe HTTP/1.1" 200 2
216.245.221.92 - - [07/Jul/2024:17:00:41 -0500] "HEAD / HTTP/1.1" 200 -
66.249.66.21 - - [07/Jul/2024:17:00:46 -0500] "GET /Publicaciones/2024EE07676.pdf HTTP/1.1" 404 227
201.245.192.253 - - [07/Jul/2024:17:01:14 -0500] "GET /kwsrmcab/Wsrmcab?wsdl HTTP/1.1" 200 6948
52.167.144.188 - - [07/Jul/2024:17:01:28 -0500] "GET /Publicaciones/2024EE125221.pdf HTTP/1.1" 404 228
172.22.2.4 - - [07/Jul/2024:17:01:35 -0500] "GET /BLA/boletinlegal/ HTTP/1.1" 200 20427
201.245.192.253 - - [07/Jul/2024:17:02:14 -0500] "GET /kwsrmcab/Wsrmcab?wsdl HTTP/1.1" 200 6948
201.245.192.253 - - [07/Jul/2024:17:02:25 -0500] "POST /forms/lservlet;jsessionid=ac16012b30d6716d42d0eef24d9cbe79d3fe11a80187.e3iSbxaKaheRe34OahmPbx4Oa3z0n6jAmljGr5XDqQLvpAe HTTP/1.1" 200 2
201.245.192.253 - - [07/Jul/2024:17:02:31 -0500] "POST /kwsrmcab/Wsrmcab  HTTP/1.1" 200 38712
47.128.52.59 - - [07/Jul/2024:17:02:53 -0500] "GET /BLA/resoluciones/AUTOS%202021/0245.php?act=f&f=4864.pdf HTTP/1.1" 200 2740
172.22.2.4 - - [07/Jul/2024:17:01:17 -0500] "HEAD /BLA/boletinlegal/ HTTP/1.1" 200 -
47.128.51.43 - - [07/Jul/2024:17:03:03 -0500] "GET /BLA/resoluciones/AUTOS%202021/0245.php?act=f&f=4136.pdf HTTP/1.1" 200 2740
47.128.51.36 - - [07/Jul/2024:17:03:14 -0500] "GET /BLA/resoluciones/index.php?dir=RESOLUCIONES%202004%2FRES%202004%20301-350%2F&order=desc&sort=size HTTP/1.1" 200 12061
201.245.192.253 - - [07/Jul/2024:17:03:14 -0500] "GET /kwsrmcab/Wsrmcab?wsdl HTTP/1.1" 200 6948
47.128.51.248 - - [07/Jul/2024:17:03:24 -0500] "GET /BLA/resoluciones/index.php?dir=RESOLUCIONES+2007%2FRES+2007+1101+AL+1200%2F HTTP/1.1" 200 26852
47.128.51.214 - - [07/Jul/2024:17:03:35 -0500] "GET /BLA/resoluciones/AUTOS%202021/0245.php?act=f&f=4194.pdf HTTP/1.1" 200 2739
47.128.21.145 - - [07/Jul/2024:17:03:45 -0500] "GET /BLA/resoluciones/index.php?dir=RESOLUCIONES%202004%2FRES%202004%202001-2050%2F&order=desc&sort=date HTTP/1.1" 200 12346
172.22.2.4 - - [07/Jul/2024:17:02:08 -0500] "GET /BLA/boletinlegal/ HTTP/1.1" 200 57889
47.128.21.130 - - [07/Jul/2024:17:03:56 -0500] "GET /BLA/resoluciones/AUTOS%202021/0245.php?act=f&d=E%3A%5Cnuevo%5Chtdocs%5CBLA%5Cresoluciones%5CAUTOS+2021%5C&f=2129.pdf&ft=img HTTP/1.1" 200 15950
47.128.123.228 - - [07/Jul/2024:17:04:07 -0500] "GET /BLA/resoluciones/AUTOS%202021/0245.php?act=f&f=4935.pdf HTTP/1.1" 200 2739
52.167.144.188 - - [07/Jul/2024:17:04:12 -0500] "GET /BLA/resoluciones/RESOLUCIONES%202018/1616.pdf HTTP/1.1" 200 3355134
201.245.192.253 - - [07/Jul/2024:17:04:14 -0500] "GET /kwsrmcab/Wsrmcab?wsdl HTTP/1.1" 200 6948
47.128.21.115 - - [07/Jul/2024:17:04:17 -0500] "GET /BLA/resoluciones/index.php?dir=RESOLUCIONES%202003%2FRES%202003%20951-1000%2F&order=desc&sort=date HTTP/1.1" 200 11178
186.102.4.252 - - [07/Jul/2024:17:04:23 -0500] "GET /kwssiamovil/sm/ldap/au?x=U2FsdGVkX1/0aTwZ/nVpbo+A40QmxjvplHXC+V/etltmM9wrFTjT8bDq3MZ7k7uiPXdsJPZRRilrqSHICRyYHw==&y=U2FsdGVkX1+Fu5IXWNS/3lMXga/xRLvrMCFbvt6iA5Q88oUvGr9H5n16wmeVPurN HTTP/1.1" 200 30
186.102.4.252 - - [07/Jul/2024:17:04:23 -0500] "GET /kwssiamovil/sm/acme/s?s=U2FsdGVkX1/p3lZ0vLNjKTQXGHhPZARl0Uarb4wF6CYBDLn6V26mSpDnb1gJ8nVxxw7A9OusM0jnNwPsfm6ruVvBSdhJkpMrD5uG9oLjD+U=&u=U2FsdGVkX1/lRwCA8Xt2eA1xrJqtGLfC9w2VKIqKJb5F9ku5zc54YcW4C0id6w+a&y=U2FsdGVkX1+Fu5IXWNS/3lMXga/xRLvrMCFbvt6iA5Q88oUvGr9H5n16wmeVPurN HTTP/1.1" 200 70
186.102.4.252 - - [07/Jul/2024:17:04:23 -0500] "GET /kwssiamovil/sm/acme/s?s=U2FsdGVkX18QGb/z620ChWaFUjb0ZROwDXijyMgd0qdTkixq0S24Mgd6K39SsNPrCh/g95UizhU735moMRaAckNIRjb8ogf9cmuso1wDV0ho8AlTolgxqUTmEJTG6lmfNZJpLqp6slyBHyMysUjjYQG0G7POg/I0Bla+r3+hR5yT4gMpHpNZ1ZtKZGUyuy0gfbwWA36BKOdNPZ3rVX18v5s87iFpcJKJkD+NDqaecLjXkLinD9Yuoz808LDNEeeP7HKae0A8GEpbN1Onj4RiRPKkfXigbdJTOw3gdelizPD9LhW7bzBNC/SzTSn6GbAsoXsr/QaQznJAJwI6h70n+wYN/nFMftNsddfePEJyCakkaCW4Uc6RFA0AIhNDZqLYHJ4HtE5bag5/K+7O7uz6sW119g+ok/qop942BLfKdz6G+HV7unKfaEY46Qftfqs/MrZHpKA28mUB39A07+ohSgZm+40b6kLsN1X0ybEiggWPmBEYxV7WwdLIv6vpt0VrqCTYB+Cjw6hHvwt+DxJWFCuoECU9JTmzKEGhY4TYzlb9wcrjRB1tLAHABfnN/CZoIL5geu+TbqOFUFCSA9f4rNpZGmiswx3gsfFeYdAeJmSLRFUOHuxWfPGCFngkGPyoOsj26PNMRPB5OtTrfeyupwCpS5LdOfUlq887lVDz4pNH8khx+S4o94vn1hzxdBIgUFaw1vg8D6x9ciysTmnnWGZ+n38UeKvB/So5EXuBC010U3IYXq610sorU1lgRvM+iNgxFiwg36GcsCDbD9fV/zlwMDqG4BHtZmL80istKyp3aKJ/CJgh7aEwOkcXfIB21dXRSjK7pFgbXR10KNL8M7IqNMc2zXbX/QjQSPhE+KT+hU5SxAlNqaJCncfJunTKE/4x2l2zMQbOp0X74gBBjDIA2TrKeV6lTAtlUpQc8FtCqGPWLCNcQYapchdoDhm5vfzK7dx5yIL+0M7U323KxAw0E2kggbMUHHDGJ/zourvDQ83MOJMijDs/JnY/Rf8AOa/4S6pdnXM/n7fiRHyHeGimBOCdfG6LZzalu/Kypv5uG7hKuPDFReX8Yx4B7n2oQI6epP1x10NlfHSOHDlaAQvKKWmnluStbvJuijiLrUUB5TeT/JyU0KclGBest26uy9Mb9Be3BoZagxR/rxDB0eeD8Mg6wtrTyhCjR83Z5/gH0qpFi/FdnfAYKuaRsTtJNtdRw04xsvysbCUUjRr/vO/YfcTWFNpfGULMgD1ftgi6yLGVVAqzaIQDS0aIS6B4vZq4D7aTaMwu2AXbtya0hLXKWLbcNPrWPtWIgZTO6/guSb00RpD2jfW5sIhddCfTh7Zexi0g8dHUBNBapCDoA5XFS5xl/rMXZ3meg89oUzsDQg6yoazJYn3GRfyH5qAu0oUayUsbFa8PUl0XehUGQePkVu+A0MW+rghXlakJYOgpKYXGVpF13UkfYl8DxHt5EOe/dnv2tS9icOEsQ91ATZIdyW//5aRRhGha/485SCjlPaFOsaEng8Bwr2LVfbRYcOC349aJlmsUJFDAg+9G7yN9tM2f19bdAcwqglbfO8x7WseupYPxCMdG50B+DDMqrD94iSdSJTaBFTVLK+zOMOgDYQPotBvrV6F1KgxBxqTecDEz9gqKcOJXG4mvPoithApKzSi6VBXUSQcni81q+L+gJPngYN46+bhEsB4QCjh4GwJUvrAh86mcSf8e20969Rwz4B0F8Ly5EPXOM1KkRUqYyaUmL3H4G1R9AIwF7IX93Mg8UrQY+rQPFOaKC1zn&u=U2FsdGVkX1/lRwCA8Xt2eA1xrJqtGLfC9w2VKIqKJb5F9ku5zc54YcW4C0id6w+a&y=U2FsdGVkX1+Fu5IXWNS/3lMXga/xRLvrMCFbvt6iA5Q88oUvGr9H5n16wmeVPurN HTTP/1.1" 200 2452
186.102.4.252 - - [07/Jul/2024:17:04:23 -0500] "GET /kwssiamovil/sm/acme/s?s=U2FsdGVkX19vmCtejmuBEhIawoJD0OB5YlRrSXNKZD04pyUfr8gTnFc9lY5kx3KsuN8U3uF0j1cnTXKAJYhUhk0RMceVXmtUBhS2I6GKUyuKzRy6IKerbNC1ymv/O58eWrXUaRh1FtKd8/VS1gmTh8i7LJKi3WzPjMrKuW9k42QLGYAg7snMuY8uCL1QQcU5CG7anLmLj0PulZyHRbLm7+dH3SKmPY6G3XBiIfMT4F1Wx8WyKcwqjYBclUGaDqxv1ff3361RCcsElZUCI49ok2iLykGwQ59bfutvp8OZaCSVC+l+wP2j/skHCOr/n0H92facFtjbtLmC/igA+hlNmDg4hN4LHEMkQA2PZYIfRAgcRSnaHLPFAx7lPtzn+fnFcx6gvdeuQ9zVYHzKFVBMyuv7OvD1bkWrouMoCvbCIIJ6eNibuDuI65AkaZNLtm3tmK4m1tXdSziRNIBKzAMm0hPk8ZMZNVSwXbUd4HMoPkTsIH9znThjIIYCpm6s+o/1bmzCJVarfyOY3Fupcl3Q73CIfTD4oKCb/LTJE+bQOUOtkWC/qDiMvT738fLTRrQFzQ3e+zXYeKrFM8AOzkfZ6nRg1OCMOzelp6XBaVeUAzLHCFp4qI+NZQBKrRCXjLfOK8Xe5TavzfsnNTDjZeF1wKPowIKH2Vfy31eA+Bb5/9Hvvt5hGwQSVSHxhZA6zVOUAfMEFdS8Mzcs2+ORFLuTI7utynxPc9R3tZ9iGdn3NY9HxCEyoyqZld18n+4wNw28IdXlUqTEKn9/rOs3p0nbww==&u=U2FsdGVkX1/lRwCA8Xt2eA1xrJqtGLfC9w2VKIqKJb5F9ku5zc54YcW4C0id6w+a&y=U2FsdGVkX1+Fu5IXWNS/3lMXga/xRLvrMCFbvt6iA5Q88oUvGr9H5n16wmeVPurN HTTP/1.1" 200 222
186.102.4.252 - - [07/Jul/2024:17:04:23 -0500] "GET /kwssiamovil/sm/cjson/pre?f=19&x=U2FsdGVkX1/0aTwZ/nVpbo+A40QmxjvplHXC+V/etltmM9wrFTjT8bDq3MZ7k7uiPXdsJPZRRilrqSHICRyYHw== HTTP/1.1" 200 66671
201.245.192.253 - - [07/Jul/2024:17:04:25 -0500] "POST /forms/lservlet;jsessionid=ac16012b30d6716d42d0eef24d9cbe79d3fe11a80187.e3iSbxaKaheRe34OahmPbx4Oa3z0n6jAmljGr5XDqQLvpAe HTTP/1.1" 200 2
47.128.21.126 - - [07/Jul/2024:17:04:28 -0500] "GET /BLA/resoluciones/AUTOS%202021/0245.php?act=f&f=4832.pdf HTTP/1.1" 200 2740
47.128.53.9 - - [07/Jul/2024:17:04:38 -0500] "GET /BLA/resoluciones/index.php?dir=RESOLUCIONES%202003%2FRES%202003%20101-150%2F&order=desc&sort=date HTTP/1.1" 200 12354
47.128.54.126 - - [07/Jul/2024:17:04:49 -0500] "GET /BLA/resoluciones/AUTOS%202021/0245.php?act=f&f=5547.pdf HTTP/1.1" 200 2739
186.102.4.252 - - [07/Jul/2024:17:04:56 -0500] "GET /kwssiamovil/sm/acme/s?s=U2FsdGVkX189bcbpwl/683fwvnEuepGe3gsYfXAw5D1rqM3M/lNoqu9UtUeaQ06XOxR4czt7of2T+iz51wQjOxHYvCGC/Y8AuKozPlCRc7Hc7AMEcOcetwwY62Cbv/QO&u=U2FsdGVkX1/lRwCA8Xt2eA1xrJqtGLfC9w2VKIqKJb5F9ku5zc54YcW4C0id6w+a&y=U2FsdGVkX1+Fu5IXWNS/3lMXga/xRLvrMCFbvt6iA5Q88oUvGr9H5n16wmeVPurN HTTP/1.1" 200 111
66.249.66.21 - - [07/Jul/2024:17:04:58 -0500] "GET /BLA/resoluciones/RESOLUCIONES%202004/RES%202004%201351-1400/00001361.tif HTTP/1.1" 200 126874
186.102.4.252 - - [07/Jul/2024:17:04:59 -0500] "GET /kwssiamovil/sm/acme/s?s=U2FsdGVkX1+7Dtv626mFAw2lzMs9qmdkC9Z6LipWpLCydUOZQC9amgMKOdIOY/JfX5yCSoU5/d8PyY5LEzO5ZRXp1RJMhcDaM8C6bEcbUgvKeG4baSEF2lMbbPZoCaM1LRZOgnuVvi+Djcf2gjYno1snhZf7GOMNTk5gB9wvxK3GBkrnrCs8NGecMEyQNHgct/JZ5csMMHZ3RlefMz9+a7QAmxwH2upZC3ZvW5oHfqapuo3TQySyHLahI5uvPoFfP0Y/WQX14Qdy5AB9aLE4og==&u=U2FsdGVkX1/lRwCA8Xt2eA1xrJqtGLfC9w2VKIqKJb5F9ku5zc54YcW4C0id6w+a&y=U2FsdGVkX1+Fu5IXWNS/3lMXga/xRLvrMCFbvt6iA5Q88oUvGr9H5n16wmeVPurN HTTP/1.1" 200 74
186.102.4.252 - - [07/Jul/2024:17:04:59 -0500] "GET /kwssiamovil/sm/acme/s?s=U2FsdGVkX19SegnJhS4T3Mc9uAJ9026oJ5O/U5JEXgNfkJWZcalyCk7Xf5CeHKoQx7f9MJmOhGVZg2cPCb2+zsX9KUqNEnoo23T4AXQBfnHYqZnjHZ78+oW6t2MwFlk2A8RafEFw01Pjh9xboDjXR2g5hITooztIx1nFnGv+IDPhtPWkkFvzRwI322SRYPstqdKw3txMNyMRZ8+NnvQFfaULqZyuwHSD1A4qTp2YCoF0W/OffWRG9itvByZwwKR2&u=U2FsdGVkX1/lRwCA8Xt2eA1xrJqtGLfC9w2VKIqKJb5F9ku5zc54YcW4C0id6w+a&y=U2FsdGVkX1+Fu5IXWNS/3lMXga/xRLvrMCFbvt6iA5Q88oUvGr9H5n16wmeVPurN HTTP/1.1" 200 140
186.102.4.252 - - [07/Jul/2024:17:04:59 -0500] "GET /kwssiamovil/sm/acme/s?s=U2FsdGVkX19P9mn7Orf2J7Yn3r8e1uTcoARnrD7iyD6IQ8xo/DC7rLc8quzFtkusso1uOuQT7nxt6yFZiZteUhm46qCmRYbOXy4nAAzuLsalqEAqDZ7hpAmVbKZV+n31&u=U2FsdGVkX1/lRwCA8Xt2eA1xrJqtGLfC9w2VKIqKJb5F9ku5zc54YcW4C0id6w+a&y=U2FsdGVkX1+Fu5IXWNS/3lMXga/xRLvrMCFbvt6iA5Q88oUvGr9H5n16wmeVPurN HTTP/1.1" 200 120
186.102.4.252 - - [07/Jul/2024:17:05:00 -0500] "GET /kwssiamovil/sm/acme/s?s=U2FsdGVkX1+vumb06U0GHwW4dtdpCr2V+OszyGp5cW54CfN8lYx+MzHnjmzaNLKm7vkI6ppmGimahtpkYZZgN2nWiWexd2LTNwZTFTQx5a04LftlUxrsMz9aKU0kAweaJ7llRBIuN3pkTKMSBoCiZ2p/tOihgw8+vPrEBn1k/qRvF1D6L3fUxQcCuhaUpvGilIMoUHF9/ciiWHE2cE8dabmhINZvqWDy4vBegPFCDTtYzbvvuwFO/uqFrss03GvFAL0LIPlv6EvdHC3sa+Q93oA9nlpe+MrUhrUB6jofJnWnpOC40ruFjndlFUD70dwmFiQvFHfKQb/ESrU2ErVzEMRHG1BK3qKiFNRi41BGOiQnOw+3DEAD/7H351pPwlRtjh0/BmjT6n3P2o2sHgtYmt/lKUu4hhcs4R7k5Jdev2D4xqSnIxGBMEv+JwdV9y4q4mjQczvKvtq7M2fuw10EEMMAZtQQgWj47mhdABLW6ZDNMjVSoXkP/4ZmFyzjjAU+CKTa4esWPgx23erKG6eEMCJo2zWkCQZpM7+9wnwa8C8=&u=U2FsdGVkX1/lRwCA8Xt2eA1xrJqtGLfC9w2VKIqKJb5F9ku5zc54YcW4C0id6w+a&y=U2FsdGVkX1+Fu5IXWNS/3lMXga/xRLvrMCFbvt6iA5Q88oUvGr9H5n16wmeVPurN HTTP/1.1" 200 74
186.102.4.252 - - [07/Jul/2024:17:05:00 -0500] "GET /kwssiamovil/sm/acme/s?s=U2FsdGVkX18sl+LTcF6q3jQwtyBihN2/fQ84tnZjCvkQUPC56R6khU/AaikUVSdkHMhTnIIf3HqjRPMzsPbwYmWu6J4SfuACGW+nfn/wInbF6y3ko7FUrLb6NyLRLQd1VZ/fM5OVmSmjgJeRQiUdulQq4XCFElBPgaABj34ZnKhEVg0lnTF3oBK9wRVSRmhP6gMtP3ZMy2d76/vsDh4WY/sqCKLHeTOfvyZo0PaW03+iYVz9BNWpy+fJ58k3swwtTQrgkII374O4z/8pzfz34xhuzK6dWxGazApi+8kqSOytWdBZXXv+iO4TfL9d0CT8ltFRC6BIMdN56Wm7lnI/LnP02c1WYyVMPXhjQ6YSxMo=&u=U2FsdGVkX1/lRwCA8Xt2eA1xrJqtGLfC9w2VKIqKJb5F9ku5zc54YcW4C0id6w+a&y=U2FsdGVkX1+Fu5IXWNS/3lMXga/xRLvrMCFbvt6iA5Q88oUvGr9H5n16wmeVPurN HTTP/1.1" 200 74
186.102.4.252 - - [07/Jul/2024:17:05:00 -0500] "GET /kwssiamovil/sm/acme/s?s=U2FsdGVkX180v/I3zz5xSt5G7WMG2Jr2VgJM/Pjk1GywKecEobycCiiDgZWK8y6GC267I6bZGQin09rwDBKHQ+7aOeYE5QMF7Q0ePvkusO4gV+glblkyIkik2r4dcZ++&u=U2FsdGVkX1/lRwCA8Xt2eA1xrJqtGLfC9w2VKIqKJb5F9ku5zc54YcW4C0id6w+a&y=U2FsdGVkX1+Fu5IXWNS/3lMXga/xRLvrMCFbvt6iA5Q88oUvGr9H5n16wmeVPurN HTTP/1.1" 200 98
186.102.4.252 - - [07/Jul/2024:17:05:00 -0500] "GET /kwssiamovil/sm/acme/s?s=U2FsdGVkX1+Jg9Oj2CWmXIJFlwzU/vI0hPBOnJxB9w+FMJxFldidsjvV8VGqYTgyLpIDWbHJxVsOO1dHs1k+RIwymqqZKf3Pc9kr9t6xdS2chzNEUBOQpV4j85rRHA/L&u=U2FsdGVkX1/lRwCA8Xt2eA1xrJqtGLfC9w2VKIqKJb5F9ku5zc54YcW4C0id6w+a&y=U2FsdGVkX1+Fu5IXWNS/3lMXga/xRLvrMCFbvt6iA5Q88oUvGr9H5n16wmeVPurN HTTP/1.1" 200 107
47.128.34.41 - - [07/Jul/2024:17:04:59 -0500] "GET /BLA/resoluciones/index.php?dir=AUTOS%202006%2FAUTOS%202006%20701-800%2F&order=desc&sort=name HTTP/1.1" 200 21968
186.102.4.252 - - [07/Jul/2024:17:05:00 -0500] "GET /kwssiamovil/sm/acme/s?s=U2FsdGVkX19Q/2K4tUnlu1l/d3YhX/DQhLeLdxZ2O0Vdv7q5cma+tGQCPh+E8kbqlx5RznLxUk0ZPKDPD9aueZlIrjU+W/YISIMVG/y3jvvQOmpVNb84nTOWF0yVvX1lcssQ5/Lp+f80O8rlJryIeYAecsVe3Jm4TtoMIYt788M=&u=U2FsdGVkX1/lRwCA8Xt2eA1xrJqtGLfC9w2VKIqKJb5F9ku5zc54YcW4C0id6w+a&y=U2FsdGVkX1+Fu5IXWNS/3lMXga/xRLvrMCFbvt6iA5Q88oUvGr9H5n16wmeVPurN HTTP/1.1" 200 144
186.102.4.252 - - [07/Jul/2024:17:05:00 -0500] "GET /kwssiamovil/sm/acme/s?s=U2FsdGVkX18wh+RQb/wxRxtcOCGNuJhwgyWldOpBLNi7enjygJ6TNMHsuZNifh5GJm2YCEWIZBYaPBI7XQhXnSze7g5i6fpArZQr6dMfp7PiXlnZ+jOp4OKrM4r8icWhLWaxHSvJ5/6s0QRivO3jzMq4fl2lLjdJN8jKAQtUy2200XEjhicAQ382km7/nBvoSOgMgmHcrOuxgIGlRdIBygT66YFol9CmjwtduispcjaTDGWY+FjYkw8/9WYPpPK2n9HxWjuQautfc6KFL0zHcg==&u=U2FsdGVkX1/lRwCA8Xt2eA1xrJqtGLfC9w2VKIqKJb5F9ku5zc54YcW4C0id6w+a&y=U2FsdGVkX1+Fu5IXWNS/3lMXga/xRLvrMCFbvt6iA5Q88oUvGr9H5n16wmeVPurN HTTP/1.1" 200 74
186.102.4.252 - - [07/Jul/2024:17:05:00 -0500] "GET /kwssiamovil/sm/acme/s?s=U2FsdGVkX1/UU07Ekp0faI1taVZcAA2ElDiic6s+4TUpgEuTDMCVVWTTQqTSIUpdF3zPk7KqUhohKl2zktPlY27cXX1MelzkoGNaP++6kKY6aVlxDx0kwG0Ch5wLj4rQRd7TWF8+bpEnKkW58TI79w==&u=U2FsdGVkX1/lRwCA8Xt2eA1xrJqtGLfC9w2VKIqKJb5F9ku5zc54YcW4C0id6w+a&y=U2FsdGVkX1+Fu5IXWNS/3lMXga/xRLvrMCFbvt6iA5Q88oUvGr9H5n16wmeVPurN HTTP/1.1" 200 116
