201.245.192.253 - - [07/Jul/2024:17:37:14 -0500] "GET /kwsrmcab/Wsrmcab?wsdl HTTP/1.1" 200 6948
201.245.192.253 - - [07/Jul/2024:17:37:15 -0500] "POST /kwsrmcab/Wsrmcab HTTP/1.1" 200 35060
201.245.192.253 - - [07/Jul/2024:17:37:19 -0500] "POST /kwsrmcab/Wsrmcab  HTTP/1.1" 200 38712
172.22.2.4 - - [07/Jul/2024:17:36:17 -0500] "HEAD /BLA/boletinlegal/ HTTP/1.1" 200 -
201.245.192.253 - - [07/Jul/2024:17:38:14 -0500] "GET /kwsrmcab/Wsrmcab?wsdl HTTP/1.1" 200 6948
201.245.192.253 - - [07/Jul/2024:17:38:25 -0500] "POST /forms/lservlet;jsessionid=ac16012b30d6716d42d0eef24d9cbe79d3fe11a80187.e3iSbxaKaheRe34OahmPbx4Oa3z0n6jAmljGr5XDqQLvpAe HTTP/1.1" 200 2
172.22.2.4 - - [07/Jul/2024:17:36:56 -0500] "GET /BLA/boletinlegal/ HTTP/1.1" 200 41060
172.22.2.4 - - [07/Jul/2024:17:37:08 -0500] "GET /BLA/boletinlegal/ HTTP/1.1" 200 41968
201.245.192.253 - - [07/Jul/2024:17:39:14 -0500] "GET /kwsrmcab/Wsrmcab?wsdl HTTP/1.1" 200 6948
87.250.224.223 - - [07/Jul/2024:17:39:34 -0500] "GET /robots.txt HTTP/1.1" 404 1034
213.180.203.50 - - [07/Jul/2024:17:39:35 -0500] "GET /secretaria-de-ambiente-libero-12-animales-silvestres-en-parque-entrenubes-en-los-ultimos-tres-anos-ya-han-retornado-a-la-libertad-12-800.html HTTP/1.1" 200 914
47.128.28.85 - - [07/Jul/2024:17:39:42 -0500] "GET /BLA/resoluciones/AUTOS%202021/0245.php?act=f&f=00942.pdf HTTP/1.1" 200 2740
201.245.192.253 - - [07/Jul/2024:17:38:48 -0500] "POST /kwsrmcab/Wsrmcab HTTP/1.1" 200 14506
201.245.192.253 - - [07/Jul/2024:17:39:48 -0500] "POST /kwsrmcab/Wsrmcab HTTP/1.1" 200 35060
201.245.192.253 - - [07/Jul/2024:17:40:14 -0500] "GET /kwsrmcab/Wsrmcab?wsdl HTTP/1.1" 200 6948
201.245.192.253 - - [07/Jul/2024:17:40:25 -0500] "POST /forms/lservlet;jsessionid=ac16012b30d6716d42d0eef24d9cbe79d3fe11a80187.e3iSbxaKaheRe34OahmPbx4Oa3z0n6jAmljGr5XDqQLvpAe HTTP/1.1" 200 2
216.245.221.92 - - [07/Jul/2024:17:40:41 -0500] "HEAD / HTTP/1.1" 200 -
201.245.192.253 - - [07/Jul/2024:17:41:14 -0500] "GET /kwsrmcab/Wsrmcab?wsdl HTTP/1.1" 200 6948
172.22.2.4 - - [07/Jul/2024:17:41:25 -0500] "GET /BLA/boletinlegal/actos.php HTTP/1.1" 200 9738
172.22.2.4 - - [07/Jul/2024:17:41:26 -0500] "GET /BLA/boletinlegal/favicon.ico HTTP/1.1" 404 1326
186.119.80.252 - - [07/Jul/2024:17:41:30 -0500] "GET /BLA/resoluciones/ HTTP/1.1" 200 14105
186.119.80.252 - - [07/Jul/2024:17:41:33 -0500] "GET /BLA/resoluciones/index.php?dir=AUTOS+2023%2F HTTP/1.1" 200 597718
186.119.80.252 - - [07/Jul/2024:17:42:02 -0500] "GET /BLA/resoluciones/AUTOS%202023/5555.pdf HTTP/1.1" 200 1541085
201.245.192.253 - - [07/Jul/2024:17:42:14 -0500] "GET /kwsrmcab/Wsrmcab?wsdl HTTP/1.1" 200 6948
201.245.192.253 - - [07/Jul/2024:17:42:18 -0500] "POST /kwsrmcab/Wsrmcab  HTTP/1.1" 200 38712
201.245.192.253 - - [07/Jul/2024:17:42:25 -0500] "POST /forms/lservlet;jsessionid=ac16012b30d6716d42d0eef24d9cbe79d3fe11a80187.e3iSbxaKaheRe34OahmPbx4Oa3z0n6jAmljGr5XDqQLvpAe HTTP/1.1" 200 2
40.77.167.38 - - [07/Jul/2024:17:42:53 -0500] "GET /secretaria-de-ambiente-invita-a-proteger-la-culebra-sabanera.html HTTP/1.1" 200 924
201.245.192.253 - - [07/Jul/2024:17:43:14 -0500] "GET /kwsrmcab/Wsrmcab?wsdl HTTP/1.1" 200 6948
172.22.2.4 - - [07/Jul/2024:17:41:39 -0500] "GET /BLA/boletinlegal/ HTTP/1.1" 200 54913
47.128.124.22 - - [07/Jul/2024:17:43:42 -0500] "GET /BLA/resoluciones/AUTOS%202021/0245.php?act=f&f=4097.pdf HTTP/1.1" 200 2740
172.22.2.4 - - [07/Jul/2024:17:42:07 -0500] "HEAD /BLA/boletinlegal/ HTTP/1.1" 200 -
181.59.2.5 - - [07/Jul/2024:17:44:10 -0500] "GET /appsia/controlador HTTP/1.1" 200 4799
201.245.192.253 - - [07/Jul/2024:17:44:14 -0500] "GET /kwsrmcab/Wsrmcab?wsdl HTTP/1.1" 200 6948
181.59.2.5 - - [07/Jul/2024:17:44:24 -0500] "POST /appsia/controlador HTTP/1.1" 200 4621
201.245.192.253 - - [07/Jul/2024:17:44:25 -0500] "POST /forms/lservlet;jsessionid=ac16012b30d6716d42d0eef24d9cbe79d3fe11a80187.e3iSbxaKaheRe34OahmPbx4Oa3z0n6jAmljGr5XDqQLvpAe HTTP/1.1" 200 2
181.59.2.5 - - [07/Jul/2024:17:44:26 -0500] "POST /appsia/controlador HTTP/1.1" 200 7731
172.22.2.4 - - [07/Jul/2024:17:42:58 -0500] "GET /BLA/boletinlegal/ HTTP/1.1" 200 52783
173.252.107.12 - - [07/Jul/2024:17:44:57 -0500] "GET /se-abre-convocatoria-a-organizaciones-ambientales-para-generar-1-070-empleos-verdes-dirigidos-a-mujeres.html HTTP/1.1" 206 1128
173.252.107.5 - - [07/Jul/2024:17:44:57 -0500] "GET /se-abre-convocatoria-a-organizaciones-ambientales-para-generar-1-070-empleos-verdes-dirigidos-a-mujeres.html HTTP/1.1" 200 1128
173.252.107.16 - - [07/Jul/2024:17:44:57 -0500] "GET /se-abre-convocatoria-a-organizaciones-ambientales-para-generar-1-070-empleos-verdes-dirigidos-a-mujeres.html HTTP/1.1" 200 1128
173.252.107.9 - - [07/Jul/2024:17:44:58 -0500] "GET /se-abre-convocatoria-a-organizaciones-ambientales-para-generar-1-070-empleos-verdes-dirigidos-a-mujeres.html HTTP/1.1" 200 1128
173.252.107.114 - - [07/Jul/2024:17:44:59 -0500] "GET /se-abre-convocatoria-a-organizaciones-ambientales-para-generar-1-070-empleos-verdes-dirigidos-a-mujeres.html HTTP/1.1" 200 1128
201.245.192.253 - - [07/Jul/2024:17:45:14 -0500] "GET /kwsrmcab/Wsrmcab?wsdl HTTP/1.1" 200 6948
172.22.2.4 - - [07/Jul/2024:17:43:53 -0500] "HEAD /BLA/boletinlegal/ HTTP/1.1" 200 -
216.245.221.92 - - [07/Jul/2024:17:45:41 -0500] "HEAD / HTTP/1.1" 200 -
201.245.192.253 - - [07/Jul/2024:17:46:14 -0500] "GET /kwsrmcab/Wsrmcab?wsdl HTTP/1.1" 200 6948
201.245.192.253 - - [07/Jul/2024:17:46:25 -0500] "POST /forms/lservlet;jsessionid=ac16012b30d6716d42d0eef24d9cbe79d3fe11a80187.e3iSbxaKaheRe34OahmPbx4Oa3z0n6jAmljGr5XDqQLvpAe HTTP/1.1" 200 2
40.77.167.65 - - [07/Jul/2024:17:47:01 -0500] "GET /BLA/resoluciones/00002221.tif HTTP/1.1" 404 1018
201.245.192.253 - - [07/Jul/2024:17:47:14 -0500] "GET /kwsrmcab/Wsrmcab?wsdl HTTP/1.1" 200 6948
201.245.192.253 - - [07/Jul/2024:17:47:18 -0500] "POST /kwsrmcab/Wsrmcab  HTTP/1.1" 200 38712
47.128.97.50 - - [07/Jul/2024:17:47:42 -0500] "GET /BLA/resoluciones/AUTOS%202021/0245.php?act=f&f=01094.pdf HTTP/1.1" 200 2740
172.22.2.4 - - [07/Jul/2024:17:46:19 -0500] "GET /BLA/boletinlegal/ HTTP/1.1" 200 61913
201.245.192.253 - - [07/Jul/2024:17:48:14 -0500] "GET /kwsrmcab/Wsrmcab?wsdl HTTP/1.1" 200 6948
201.245.192.253 - - [07/Jul/2024:17:48:25 -0500] "POST /forms/lservlet;jsessionid=ac16012b30d6716d42d0eef24d9cbe79d3fe11a80187.e3iSbxaKaheRe34OahmPbx4Oa3z0n6jAmljGr5XDqQLvpAe HTTP/1.1" 200 2
66.249.66.21 - - [07/Jul/2024:17:48:49 -0500] "GET /BLA/resoluciones/RESOLUCIONES%202004/RES%202004%202251-2300/00002276.tif HTTP/1.1" 200 116494
66.249.66.20 - - [07/Jul/2024:17:48:52 -0500] "GET /siipev/Diseno%20de%20Elementos%20de%20Mobiliario%20Urbano/Diseno%20pertenecientes%20al%20mobiliario%20urbano%20M10-M160/PARTE%20A/Dise%C3%B1o%20de%20Elementos%20M-20.pdf HTTP/1.1" 304 -
172.22.2.4 - - [07/Jul/2024:17:48:53 -0500] "GET /BLA/boletinlegal/Circulares/2010/Circular%2003%20de%2015%20de%20marzo%20de%202010.pdf HTTP/1.1" 304 -
201.245.192.253 - - [07/Jul/2024:17:49:14 -0500] "GET /kwsrmcab/Wsrmcab?wsdl HTTP/1.1" 200 6948
172.22.2.4 - - [07/Jul/2024:17:47:57 -0500] "HEAD /BLA/boletinlegal/ HTTP/1.1" 200 -
66.249.66.20 - - [07/Jul/2024:17:50:09 -0500] "GET /BLA/resoluciones/RESOLUCIONES%202010/7772.pdf HTTP/1.1" 304 -
201.245.192.253 - - [07/Jul/2024:17:50:14 -0500] "GET /kwsrmcab/Wsrmcab?wsdl HTTP/1.1" 200 6948
201.245.192.253 - - [07/Jul/2024:17:50:25 -0500] "POST /forms/lservlet;jsessionid=ac16012b30d6716d42d0eef24d9cbe79d3fe11a80187.e3iSbxaKaheRe34OahmPbx4Oa3z0n6jAmljGr5XDqQLvpAe HTTP/1.1" 200 2
172.22.2.4 - - [07/Jul/2024:17:48:48 -0500] "GET /BLA/boletinlegal/ HTTP/1.1" 200 58273
216.245.221.92 - - [07/Jul/2024:17:50:41 -0500] "HEAD / HTTP/1.1" 200 -
201.245.192.253 - - [07/Jul/2024:17:51:14 -0500] "GET /kwsrmcab/Wsrmcab?wsdl HTTP/1.1" 200 6948
40.77.167.65 - - [07/Jul/2024:17:51:21 -0500] "GET /BLA/resoluciones/RESOLUCIONES%202015/2673.pdf HTTP/1.1" 304 -
47.128.58.129 - - [07/Jul/2024:17:51:42 -0500] "GET /BLA/resoluciones/index.php?dir=RESOLUCIONES+2007%2FRES+2007+301+AL+400%2F HTTP/1.1" 200 26381
172.22.2.4 - - [07/Jul/2024:17:52:03 -0500] "GET /BLA/boletinlegal/style.css HTTP/1.1" 200 9406
172.22.2.4 - - [07/Jul/2024:17:52:03 -0500] "GET /BLA/boletinlegal/js/jquery.js HTTP/1.1" 200 57254
172.22.2.4 - - [07/Jul/2024:17:52:03 -0500] "GET /BLA/boletinlegal/styles2.css HTTP/1.1" 200 1838
172.22.2.4 - - [07/Jul/2024:17:52:03 -0500] "GET /BLA/boletinlegal/js/jquery.scrollTo-min.js HTTP/1.1" 200 1150
172.22.2.4 - - [07/Jul/2024:17:52:03 -0500] "GET /BLA/boletinlegal/js/jquery.scrollShow.js HTTP/1.1" 200 4586
172.22.2.4 - - [07/Jul/2024:17:52:03 -0500] "GET /BLA/boletinlegal/images/cabezote%20BLEGAL.jpg HTTP/1.1" 200 118164
172.22.2.4 - - [07/Jul/2024:17:52:03 -0500] "GET /BLA/boletinlegal/images/screen_1.png HTTP/1.1" 200 202547
172.22.2.4 - - [07/Jul/2024:17:52:03 -0500] "GET /BLA/boletinlegal/images/subscribe-icon-big.png HTTP/1.1" 200 47702
172.22.2.4 - - [07/Jul/2024:17:52:03 -0500] "GET /BLA/boletinlegal/images/arr_l.jpg HTTP/1.1" 200 1979
172.22.2.4 - - [07/Jul/2024:17:52:03 -0500] "GET /BLA/boletinlegal/images/historia.png HTTP/1.1" 200 52775
172.22.2.4 - - [07/Jul/2024:17:52:03 -0500] "GET /BLA/boletinlegal/images/registro-usuarios.png HTTP/1.1" 200 8106
172.22.2.4 - - [07/Jul/2024:17:52:03 -0500] "GET /BLA/boletinlegal/images/launch.jpg HTTP/1.1" 200 14577
172.22.2.4 - - [07/Jul/2024:17:52:03 -0500] "GET /BLA/boletinlegal/images/body_bg.jpg HTTP/1.1" 200 1601
172.22.2.4 - - [07/Jul/2024:17:52:03 -0500] "GET /BLA/boletinlegal/images/menu_lft.gif HTTP/1.1" 200 1713
172.22.2.4 - - [07/Jul/2024:17:52:03 -0500] "GET /BLA/boletinlegal/images/bg_top.jpg HTTP/1.1" 200 522
172.22.2.4 - - [07/Jul/2024:17:52:03 -0500] "GET /BLA/boletinlegal/images/menu_rght.gif HTTP/1.1" 200 1627
172.22.2.4 - - [07/Jul/2024:17:52:03 -0500] "GET /BLA/boletinlegal/images/menu_bg.jpg HTTP/1.1" 200 620
172.22.2.4 - - [07/Jul/2024:17:52:03 -0500] "GET /BLA/boletinlegal/images/hover.jpg HTTP/1.1" 200 640
172.22.2.4 - - [07/Jul/2024:17:52:03 -0500] "GET /BLA/boletinlegal/images/text.jpg HTTP/1.1" 200 568
172.22.2.4 - - [07/Jul/2024:17:52:13 -0500] "GET /BLA/boletinlegal/images/screen_2.png HTTP/1.1" 200 362502
172.22.2.4 - - [07/Jul/2024:17:52:13 -0500] "GET /BLA/boletinlegal/images/screen_3.png HTTP/1.1" 200 210620
172.22.2.4 - - [07/Jul/2024:17:52:13 -0500] "GET /BLA/boletinlegal/images/screen_5.png HTTP/1.1" 200 368876
172.22.2.4 - - [07/Jul/2024:17:52:13 -0500] "GET /BLA/boletinlegal/images/arr_r.jpg HTTP/1.1" 200 1998
172.22.2.4 - - [07/Jul/2024:17:52:13 -0500] "GET /BLA/boletinlegal/images/footer_bg.jpg HTTP/1.1" 200 586
201.245.192.253 - - [07/Jul/2024:17:52:14 -0500] "GET /kwsrmcab/Wsrmcab?wsdl HTTP/1.1" 200 6948
186.102.113.227 - - [07/Jul/2024:17:52:17 -0500] "GET /mesa/contrasena.pdf HTTP/1.1" 200 443199
186.102.113.227 - - [07/Jul/2024:17:52:17 -0500] "GET /mesa/contrasena.pdf HTTP/1.1" 206 1
186.102.113.227 - - [07/Jul/2024:17:52:17 -0500] "GET /mesa/contrasena.pdf HTTP/1.1" 206 440671
201.245.192.253 - - [07/Jul/2024:17:52:16 -0500] "POST /kwsrmcab/Wsrmcab  HTTP/1.1" 200 38712
201.245.192.253 - - [07/Jul/2024:17:52:25 -0500] "POST /forms/lservlet;jsessionid=ac16012b30d6716d42d0eef24d9cbe79d3fe11a80187.e3iSbxaKaheRe34OahmPbx4Oa3z0n6jAmljGr5XDqQLvpAe HTTP/1.1" 200 2
172.22.2.4 - - [07/Jul/2024:17:50:59 -0500] "GET /BLA/boletinlegal/ HTTP/1.1" 200 59083
172.22.2.4 - - [07/Jul/2024:17:52:03 -0500] "GET /BLA/boletinlegal/ HTTP/1.1" 200 32715
201.245.192.253 - - [07/Jul/2024:17:53:14 -0500] "GET /kwsrmcab/Wsrmcab?wsdl HTTP/1.1" 200 6948
40.77.167.65 - - [07/Jul/2024:17:53:20 -0500] "GET /Publicaciones/2024EE121510.pdf HTTP/1.1" 404 228
141.98.83.197 - - [07/Jul/2024:17:53:21 -0500] "GET / HTTP/1.1" 200 319
66.249.66.20 - - [07/Jul/2024:17:54:14 -0500] "GET /BLA/resoluciones/Notificaciones/AUTOS%202023/10624.pdf HTTP/1.1" 200 612386
201.245.192.253 - - [07/Jul/2024:17:54:14 -0500] "GET /kwsrmcab/Wsrmcab?wsdl HTTP/1.1" 200 6948
92.249.48.202 - - [07/Jul/2024:17:54:19 -0500] "GET / HTTP/1.1" 200 319
201.245.192.253 - - [07/Jul/2024:17:54:25 -0500] "POST /forms/lservlet;jsessionid=ac16012b30d6716d42d0eef24d9cbe79d3fe11a80187.e3iSbxaKaheRe34OahmPbx4Oa3z0n6jAmljGr5XDqQLvpAe HTTP/1.1" 200 2
201.245.192.253 - - [07/Jul/2024:17:55:14 -0500] "GET /kwsrmcab/Wsrmcab?wsdl HTTP/1.1" 200 6948
172.22.2.4 - - [07/Jul/2024:17:53:47 -0500] "HEAD /BLA/boletinlegal/ HTTP/1.1" 200 -
216.245.221.92 - - [07/Jul/2024:17:55:41 -0500] "HEAD / HTTP/1.1" 200 -
47.128.62.187 - - [07/Jul/2024:17:55:42 -0500] "GET /BLA/resoluciones/AUTOS%202021/0245.php?act=f&f=5595.pdf HTTP/1.1" 200 2740
201.245.192.253 - - [07/Jul/2024:17:56:14 -0500] "GET /kwsrmcab/Wsrmcab?wsdl HTTP/1.1" 200 6948
47.128.36.154 - - [07/Jul/2024:17:56:16 -0500] "GET /BLA/resoluciones/index.php?dir=RESOLUCIONES%202003%2FRES%202003%201501-1550%2F&order=desc&sort=size HTTP/1.1" 200 12136
172.22.2.4 - - [07/Jul/2024:17:54:38 -0500] "GET /BLA/boletinlegal/ HTTP/1.1" 200 57485
201.245.192.253 - - [07/Jul/2024:17:56:25 -0500] "POST /forms/lservlet;jsessionid=ac16012b30d6716d42d0eef24d9cbe79d3fe11a80187.e3iSbxaKaheRe34OahmPbx4Oa3z0n6jAmljGr5XDqQLvpAe HTTP/1.1" 200 2
47.128.36.152 - - [07/Jul/2024:17:56:51 -0500] "GET /BLA/resoluciones/index.php?dir=RESOLUCIONES%202005%2FRES%202005%20251-300%2F&order=desc&sort=size HTTP/1.1" 200 12253
201.245.192.253 - - [07/Jul/2024:17:57:14 -0500] "GET /kwsrmcab/Wsrmcab?wsdl HTTP/1.1" 200 6948
201.245.192.253 - - [07/Jul/2024:17:57:15 -0500] "POST /kwsrmcab/Wsrmcab  HTTP/1.1" 200 38712
172.22.2.4 - - [07/Jul/2024:17:55:45 -0500] "GET /BLA/boletinlegal/ HTTP/1.1" 200 59583
47.128.36.104 - - [07/Jul/2024:17:57:25 -0500] "GET /BLA/resoluciones/index.php?dir=RESOLUCIONES%202004%2FRES%202004%20551-600%2F&order=asc&sort=name HTTP/1.1" 200 12047
172.22.2.4 - - [07/Jul/2024:17:57:38 -0500] "GET /BLA/boletinlegal/actos.php HTTP/1.1" 200 9738
172.22.2.4 - - [07/Jul/2024:17:57:38 -0500] "GET /BLA/boletinlegal/js/jquery1.js HTTP/1.1" 200 29846
172.22.2.4 - - [07/Jul/2024:17:57:39 -0500] "GET /BLA/boletinlegal/images/cabezote%20BLEGAL.jpg HTTP/1.1" 200 118164
172.22.2.4 - - [07/Jul/2024:17:57:39 -0500] "GET /BLA/boletinlegal/images/subscribe-icon-big.png HTTP/1.1" 200 47702
172.22.2.4 - - [07/Jul/2024:17:57:39 -0500] "GET /BLA/boletinlegal/images/historia.png HTTP/1.1" 200 52775
172.22.2.4 - - [07/Jul/2024:17:57:39 -0500] "GET /BLA/boletinlegal/img/select-right.png HTTP/1.1" 200 44019
172.22.2.4 - - [07/Jul/2024:17:57:39 -0500] "GET /BLA/boletinlegal/img/button-left.png HTTP/1.1" 200 57071
172.22.2.4 - - [07/Jul/2024:17:57:39 -0500] "GET /BLA/boletinlegal/img/button-right.png HTTP/1.1" 200 57878
172.22.2.4 - - [07/Jul/2024:17:57:39 -0500] "GET /BLA/boletinlegal/img/button.png HTTP/1.1" 200 43241
172.22.2.4 - - [07/Jul/2024:17:57:54 -0500] "GET /BLA/boletinlegal/consulta_actos.php?tipo=resoluciones&no=1132&usuario=&sector=&fecha=2020&resuelve= HTTP/1.1" 200 1114
190.27.141.225 - - [07/Jul/2024:17:57:57 -0500] "GET /BLA/resoluciones/RESOLUCIONES%202020/1132.pdf HTTP/1.1" 200 397608
47.128.26.77 - - [07/Jul/2024:17:58:00 -0500] "GET /BLA/resoluciones/AUTOS%202021/0245.php?act=f&d=E%3A%5Cnuevo%5Chtdocs%5CBLA%5Cresoluciones%5CAUTOS+2021%5C&f=4255.pdf&ft=img HTTP/1.1" 200 15948
201.185.98.0 - - [07/Jul/2024:17:58:12 -0500] "GET /appsia/controlador HTTP/1.1" 200 4799
201.185.98.0 - - [07/Jul/2024:17:58:13 -0500] "GET /appsia/css/estilos.css HTTP/1.1" 200 4804
201.185.98.0 - - [07/Jul/2024:17:58:13 -0500] "GET /appsia/scripts/validarIngreso.js HTTP/1.1" 200 851
201.185.98.0 - - [07/Jul/2024:17:58:13 -0500] "GET /appsia/images/logo_bogota_p.png HTTP/1.1" 200 14951
201.245.192.253 - - [07/Jul/2024:17:58:14 -0500] "GET /kwsrmcab/Wsrmcab?wsdl HTTP/1.1" 200 6948
201.185.98.0 - - [07/Jul/2024:17:58:14 -0500] "GET /appsia/images/cabezoteHojaVida.png HTTP/1.1" 200 32493
201.185.98.0 - - [07/Jul/2024:17:58:15 -0500] "GET /favicon.ico HTTP/1.1" 200 7782
66.249.66.21 - - [07/Jul/2024:17:58:24 -0500] "GET /BLA/resoluciones/RESOLUCIONES%202004/RES%202004%20801-850/00000849.tif HTTP/1.1" 200 137576
201.245.192.253 - - [07/Jul/2024:17:58:25 -0500] "POST /forms/lservlet;jsessionid=ac16012b30d6716d42d0eef24d9cbe79d3fe11a80187.e3iSbxaKaheRe34OahmPbx4Oa3z0n6jAmljGr5XDqQLvpAe HTTP/1.1" 200 2
47.128.118.135 - - [07/Jul/2024:17:58:35 -0500] "GET /BLA/resoluciones/index.php?dir=RESOLUCIONES%202005%2FRES%202005%20951-1000%2F&order=asc&sort=name HTTP/1.1" 200 12304
47.128.46.4 - - [07/Jul/2024:17:59:09 -0500] "GET /BLA/resoluciones/index.php?dir=RESOLUCIONES%202006%2FRES%202006%20951-1000%2F&order=desc&sort=name HTTP/1.1" 200 12307
201.245.192.253 - - [07/Jul/2024:17:59:14 -0500] "GET /kwsrmcab/Wsrmcab?wsdl HTTP/1.1" 200 6948
47.128.99.192 - - [07/Jul/2024:17:59:44 -0500] "GET /BLA/resoluciones/index.php?dir=RESOLUCIONES%202006%2FRES%202006%20351-400%2F&order=asc&sort=name HTTP/1.1" 200 12234
216.244.66.195 - - [07/Jul/2024:17:59:46 -0500] "GET /robots.txt HTTP/1.1" 404 1018
201.245.192.253 - - [07/Jul/2024:18:00:14 -0500] "GET /kwsrmcab/Wsrmcab?wsdl HTTP/1.1" 200 6948
47.128.124.47 - - [07/Jul/2024:18:00:18 -0500] "GET /BLA/resoluciones/index.php?dir=RESOLUCIONES%202004%2FRES%202004%20451-500%2F&order=desc&sort=date HTTP/1.1" 200 12036
201.245.192.253 - - [07/Jul/2024:18:00:25 -0500] "POST /forms/lservlet;jsessionid=ac16012b30d6716d42d0eef24d9cbe79d3fe11a80187.e3iSbxaKaheRe34OahmPbx4Oa3z0n6jAmljGr5XDqQLvpAe HTTP/1.1" 200 2
172.22.2.4 - - [07/Jul/2024:18:00:35 -0500] "GET /BLA/boletinlegal/consulta_actos.php?tipo=resoluciones&no=3049&usuario=&sector=&fecha=2021&resuelve= HTTP/1.1" 200 1144
190.27.141.225 - - [07/Jul/2024:18:00:38 -0500] "GET /BLA/resoluciones/RESOLUCIONES%202021/3049.pdf HTTP/1.1" 200 449309
216.245.221.92 - - [07/Jul/2024:18:00:41 -0500] "HEAD / HTTP/1.1" 200 -
47.128.42.26 - - [07/Jul/2024:18:00:53 -0500] "GET /BLA/resoluciones/AUTOS%202021/0245.php?act=ls&d=E%3A%5Cnuevo%5Chtdocs%5CBLA%5Cresoluciones%5CAUTOS+2009&sort=2a HTTP/1.1" 200 93013
201.245.192.253 - - [07/Jul/2024:18:01:14 -0500] "GET /kwsrmcab/Wsrmcab?wsdl HTTP/1.1" 200 6948
172.22.2.4 - - [07/Jul/2024:17:59:37 -0500] "HEAD /BLA/boletinlegal/ HTTP/1.1" 200 -
172.22.2.4 - - [07/Jul/2024:17:59:59 -0500] "HEAD /BLA/boletinlegal/ HTTP/1.1" 200 -
47.128.97.216 - - [07/Jul/2024:18:02:02 -0500] "GET /BLA/resoluciones/index.php?dir=RESOLUCIONES%202004%2FRES%202004%20851-900%2F&order=asc&sort=name HTTP/1.1" 200 12040
172.22.2.4 - - [07/Jul/2024:18:00:28 -0500] "GET /BLA/boletinlegal/ HTTP/1.1" 200 46633
201.245.192.253 - - [07/Jul/2024:18:02:14 -0500] "GET /kwsrmcab/Wsrmcab?wsdl HTTP/1.1" 200 6948
201.245.192.253 - - [07/Jul/2024:18:02:14 -0500] "POST /kwsrmcab/Wsrmcab  HTTP/1.1" 200 38712
201.245.192.253 - - [07/Jul/2024:18:02:25 -0500] "POST /forms/lservlet;jsessionid=ac16012b30d6716d42d0eef24d9cbe79d3fe11a80187.e3iSbxaKaheRe34OahmPbx4Oa3z0n6jAmljGr5XDqQLvpAe HTTP/1.1" 200 2
47.128.60.126 - - [07/Jul/2024:18:02:37 -0500] "GET /BLA/resoluciones/index.php?dir=AUTOS%202006%2FAUTOS%202006%20401-500%2F&order=asc&sort=size HTTP/1.1" 200 21769
47.128.36.32 - - [07/Jul/2024:18:03:11 -0500] "GET /BLA/resoluciones/index.php?dir=AUTOS%202006%2FAUTOS%202006%201-100%2F&order=desc&sort=date HTTP/1.1" 200 21538
201.245.192.253 - - [07/Jul/2024:18:03:14 -0500] "GET /kwsrmcab/Wsrmcab?wsdl HTTP/1.1" 200 6948
47.128.35.226 - - [07/Jul/2024:18:03:47 -0500] "GET /BLA/resoluciones/AUTOS%202021/0245.php?act=f&d=E%3A%5Cnuevo%5Chtdocs%5CBLA%5Cresoluciones%5CRESOLUCIONES+2006%5C&f=RESOLUCION+1807+DE+2006.PDF&ft=img HTTP/1.1" 200 16878
201.245.192.253 - - [07/Jul/2024:18:04:14 -0500] "GET /kwsrmcab/Wsrmcab?wsdl HTTP/1.1" 200 6948
201.245.192.253 - - [07/Jul/2024:18:04:25 -0500] "POST /forms/lservlet;jsessionid=ac16012b30d6716d42d0eef24d9cbe79d3fe11a80187.e3iSbxaKaheRe34OahmPbx4Oa3z0n6jAmljGr5XDqQLvpAe HTTP/1.1" 200 2
47.128.47.75 - - [07/Jul/2024:18:04:55 -0500] "GET /BLA/resoluciones/AUTOS%202021/0245.php?act=f&f=4075.pdf HTTP/1.1" 200 2740
201.245.192.253 - - [07/Jul/2024:18:05:14 -0500] "GET /kwsrmcab/Wsrmcab?wsdl HTTP/1.1" 200 6948
216.245.221.92 - - [07/Jul/2024:18:05:41 -0500] "HEAD / HTTP/1.1" 200 -
201.245.192.253 - - [07/Jul/2024:18:06:14 -0500] "GET /kwsrmcab/Wsrmcab?wsdl HTTP/1.1" 200 6948
201.245.192.253 - - [07/Jul/2024:18:06:25 -0500] "POST /forms/lservlet;jsessionid=ac16012b30d6716d42d0eef24d9cbe79d3fe11a80187.e3iSbxaKaheRe34OahmPbx4Oa3z0n6jAmljGr5XDqQLvpAe HTTP/1.1" 200 2
52.167.144.236 - - [07/Jul/2024:18:06:51 -0500] "GET /BLA/resoluciones/AUTOS%202016/2162.pdf HTTP/1.1" 200 512301
172.22.2.4 - - [07/Jul/2024:18:05:27 -0500] "HEAD /BLA/boletinlegal/ HTTP/1.1" 200 -
201.245.192.253 - - [07/Jul/2024:18:07:12 -0500] "POST /kwsrmcab/Wsrmcab  HTTP/1.1" 200 38712
201.245.192.253 - - [07/Jul/2024:18:07:14 -0500] "GET /kwsrmcab/Wsrmcab?wsdl HTTP/1.1" 200 6948
172.22.2.4 - - [07/Jul/2024:18:07:46 -0500] "GET /BLA/boletinlegal/actos.php HTTP/1.1" 200 9738
172.22.2.4 - - [07/Jul/2024:18:07:51 -0500] "GET /BLA/boletinlegal/favicon.ico HTTP/1.1" 404 1326
172.22.2.4 - - [07/Jul/2024:18:06:18 -0500] "GET /BLA/boletinlegal/ HTTP/1.1" 200 60380
201.245.192.253 - - [07/Jul/2024:18:08:14 -0500] "GET /kwsrmcab/Wsrmcab?wsdl HTTP/1.1" 200 6948
201.245.192.253 - - [07/Jul/2024:18:08:25 -0500] "POST /forms/lservlet;jsessionid=ac16012b30d6716d42d0eef24d9cbe79d3fe11a80187.e3iSbxaKaheRe34OahmPbx4Oa3z0n6jAmljGr5XDqQLvpAe HTTP/1.1" 200 2
172.22.2.4 - - [07/Jul/2024:18:08:48 -0500] "GET /BLA/boletinlegal/styles2.css HTTP/1.1" 200 1838
201.245.192.253 - - [07/Jul/2024:18:09:14 -0500] "GET /kwsrmcab/Wsrmcab?wsdl HTTP/1.1" 200 6948
173.252.95.1 - - [07/Jul/2024:18:09:28 -0500] "GET /con-liberacion-de-fauna-plantaciones-de-arboles-recorridos-interpretativos-y-de-educacion-bogota-celebra-el-dia-mundial-de-los-humedales.html HTTP/1.1" 200 885
173.252.95.10 - - [07/Jul/2024:18:09:28 -0500] "GET /con-liberacion-de-fauna-plantaciones-de-arboles-recorridos-interpretativos-y-de-educacion-bogota-celebra-el-dia-mundial-de-los-humedales.html HTTP/1.1" 200 885
172.22.2.4 - - [07/Jul/2024:18:09:45 -0500] "GET /BLA/boletinlegal/Circulares/2018/Circular%20No.%2011%20del%2024%20de%20Septiembre%20de%202018.pdf HTTP/1.1" 200 169541
47.128.18.67 - - [07/Jul/2024:18:10:09 -0500] "GET /BLA/resoluciones/AUTOS%202021/0245.php?act=f&base64=4&d=E%3A%5Cnuevo%5Chtdocs%5CResiduos%5Cvehiculos%5Cimages%5C&f=page96_thumbnail.jpg HTTP/1.1" 200 16210
201.245.192.253 - - [07/Jul/2024:18:10:14 -0500] "GET /kwsrmcab/Wsrmcab?wsdl HTTP/1.1" 200 6948
201.245.192.253 - - [07/Jul/2024:18:10:25 -0500] "POST /forms/lservlet;jsessionid=ac16012b30d6716d42d0eef24d9cbe79d3fe11a80187.e3iSbxaKaheRe34OahmPbx4Oa3z0n6jAmljGr5XDqQLvpAe HTTP/1.1" 200 2
216.245.221.92 - - [07/Jul/2024:18:10:41 -0500] "HEAD / HTTP/1.1" 200 -
201.245.192.253 - - [07/Jul/2024:18:11:14 -0500] "GET /kwsrmcab/Wsrmcab?wsdl HTTP/1.1" 200 6948
66.249.66.21 - - [07/Jul/2024:18:11:19 -0500] "GET /BLA/resoluciones/RESOLUCIONES%202021/1511.pdf HTTP/1.1" 304 -
47.128.119.249 - - [07/Jul/2024:18:11:41 -0500] "GET /BLA/resoluciones/AUTOS%202021/0245.php?act=f&f=01628.pdf HTTP/1.1" 200 2741
40.77.167.121 - - [07/Jul/2024:18:12:05 -0500] "GET /Publicaciones/2023EE245806.pdf HTTP/1.1" 404 228
201.245.192.253 - - [07/Jul/2024:18:12:10 -0500] "POST /kwsrmcab/Wsrmcab  HTTP/1.1" 200 38712
201.245.192.253 - - [07/Jul/2024:18:12:14 -0500] "GET /kwsrmcab/Wsrmcab?wsdl HTTP/1.1" 200 6948
47.128.96.38 - - [07/Jul/2024:18:12:15 -0500] "GET /BLA/resoluciones/index.php?dir=RESOLUCIONES%202005%2FRES%202005%20751-800%2F&order=desc&sort=date HTTP/1.1" 200 12253
66.249.66.20 - - [07/Jul/2024:18:12:19 -0500] "GET /BLA/resoluciones/Notificaciones/AUTOS%202023/5725.pdf HTTP/1.1" 304 -
201.245.192.253 - - [07/Jul/2024:18:12:25 -0500] "POST /forms/lservlet;jsessionid=ac16012b30d6716d42d0eef24d9cbe79d3fe11a80187.e3iSbxaKaheRe34OahmPbx4Oa3z0n6jAmljGr5XDqQLvpAe HTTP/1.1" 200 2
106.75.18.235 - - [07/Jul/2024:18:12:26 -0500] "GET /.vscode/sftp.json HTTP/1.1" 404 1018
47.128.20.200 - - [07/Jul/2024:18:12:50 -0500] "GET /BLA/resoluciones/index.php?dir=RESOLUCIONES%202005%2FRES%202005%201501-1550%2F&order=desc&sort=date HTTP/1.1" 200 12364
172.22.2.4 - - [07/Jul/2024:18:11:17 -0500] "HEAD /BLA/boletinlegal/ HTTP/1.1" 200 -
201.245.192.253 - - [07/Jul/2024:18:13:14 -0500] "GET /kwsrmcab/Wsrmcab?wsdl HTTP/1.1" 200 6948
20.240.18.32 - - [07/Jul/2024:18:13:17 -0500] "GET /Publicaciones/2024EE115308.pdf HTTP/1.1" 404 228
47.128.50.74 - - [07/Jul/2024:18:13:24 -0500] "GET /BLA/resoluciones/AUTOS%202021/0245.php?act=f&f=5160.pdf HTTP/1.1" 200 2740
172.22.2.4 - - [07/Jul/2024:18:12:08 -0500] "GET /BLA/boletinlegal/ HTTP/1.1" 200 57485
47.128.52.232 - - [07/Jul/2024:18:13:59 -0500] "GET /BLA/resoluciones/index.php?dir=RESOLUCIONES%202005%2FRES%202005%20251-300%2F&order=asc&sort=name HTTP/1.1" 200 12254
201.245.192.253 - - [07/Jul/2024:18:14:14 -0500] "GET /kwsrmcab/Wsrmcab?wsdl HTTP/1.1" 200 6948
66.249.69.65 - - [07/Jul/2024:18:14:21 -0500] "GET /%C3%82%C2%A1vuelve-la-atencion-presencial-la-sede-principal-de-la-secretaria-de-ambiente-reabre-sus-puertas-al-publico.html HTTP/1.1" 200 979
201.245.192.253 - - [07/Jul/2024:18:14:25 -0500] "POST /forms/lservlet;jsessionid=ac16012b30d6716d42d0eef24d9cbe79d3fe11a80187.e3iSbxaKaheRe34OahmPbx4Oa3z0n6jAmljGr5XDqQLvpAe HTTP/1.1" 200 2
47.128.113.209 - - [07/Jul/2024:18:14:34 -0500] "GET /BLA/resoluciones/index.php?dir=RESOLUCIONES%202003%2FRES%202003%20301-350%2F&order=desc&sort=size HTTP/1.1" 200 11307
66.249.66.20 - - [07/Jul/2024:18:14:56 -0500] "GET /BLA/resoluciones/Notificaciones/AUTOS%202023/10325.pdf HTTP/1.1" 200 391158
47.128.38.32 - - [07/Jul/2024:18:15:08 -0500] "GET /BLA/resoluciones/AUTOS%202021/0245.php?act=f&f=5206.pdf HTTP/1.1" 200 2740
186.119.80.252 - - [07/Jul/2024:18:15:12 -0500] "GET /BLA/resoluciones/AUTOS%202023/5553.pdf HTTP/1.1" 200 1452339
201.245.192.253 - - [07/Jul/2024:18:15:14 -0500] "GET /kwsrmcab/Wsrmcab?wsdl HTTP/1.1" 200 6948
216.245.221.92 - - [07/Jul/2024:18:15:41 -0500] "HEAD / HTTP/1.1" 200 -
47.128.113.224 - - [07/Jul/2024:18:15:43 -0500] "GET /BLA/resoluciones/index.php?dir=RESOLUCIONES%202002%2FRES%202002%20901-950%2F&order=desc&sort=date HTTP/1.1" 200 12467
201.245.192.253 - - [07/Jul/2024:18:16:14 -0500] "GET /kwsrmcab/Wsrmcab?wsdl HTTP/1.1" 200 6948
47.128.114.239 - - [07/Jul/2024:18:16:17 -0500] "GET /BLA/resoluciones/AUTOS%202021/0245.php?act=f&f=4234.pdf HTTP/1.1" 200 2740
201.245.192.253 - - [07/Jul/2024:18:16:25 -0500] "POST /forms/lservlet;jsessionid=ac16012b30d6716d42d0eef24d9cbe79d3fe11a80187.e3iSbxaKaheRe34OahmPbx4Oa3z0n6jAmljGr5XDqQLvpAe HTTP/1.1" 200 2
201.245.192.253 - - [07/Jul/2024:18:16:28 -0500] "POST /kwsrmcab/Wsrmcab HTTP/1.1" 200 34568
201.245.192.253 - - [07/Jul/2024:18:16:31 -0500] "POST /kwsrmcab/Wsrmcab HTTP/1.1" 200 35073
47.128.16.26 - - [07/Jul/2024:18:16:52 -0500] "GET /BLA/resoluciones/AUTOS%202021/0245.php?act=f&f=4969.pdf HTTP/1.1" 200 2739
201.245.192.253 - - [07/Jul/2024:18:17:09 -0500] "POST /kwsrmcab/Wsrmcab  HTTP/1.1" 200 38712
201.245.192.253 - - [07/Jul/2024:18:17:14 -0500] "GET /kwsrmcab/Wsrmcab?wsdl HTTP/1.1" 200 6948
52.167.144.237 - - [07/Jul/2024:18:17:22 -0500] "GET /alcaldia-de-bogota-y-fundacion-exito-entregaron-en-ciudad-bolivar-la-primera-terraza-verde-de-la-capital.html HTTP/1.1" 200 852
47.128.33.29 - - [07/Jul/2024:18:17:26 -0500] "GET /BLA/resoluciones/AUTOS%202021/0245.php?act=f&d=E%3A%5Cnuevo%5Chtdocs%5CBLA%5Cresoluciones%5CRESOLUCIONES+2000%5C&f=RESOLUCION+509+DE+2000.pdf&ft=img HTTP/1.1" 200 16850
40.77.167.32 - - [07/Jul/2024:18:17:38 -0500] "GET /BLA/resoluciones/RESOLUCIONES%202015/0331.pdf HTTP/1.1" 304 -
47.128.33.27 - - [07/Jul/2024:18:18:01 -0500] "GET /BLA/resoluciones/index.php?dir=AUTOS%202006%2FAUTOS%202006%20401-500%2F&order=desc&sort=date HTTP/1.1" 200 21768
186.102.95.15 - - [07/Jul/2024:18:18:05 -0500] "GET /kwssiamovil/sm/acme/s?s=U2FsdGVkX1/7aabAvIXS1N1XulBc/7CmW3TaOqUGWdIivDL8fFdb9WMBpj7HzvMboRFbE39OD6Tsp+MgsIvubP5tE13bx9JdGZ59ewP5eqmJJI41eBe2/XmlbgbTZ9TMg2GWd09xA0r6i5rYDyxmANvtOcGUNlX62AFQSwbjKphei/MAq4oyTrWwVIpZoJvSrK8Ntgqi++iBDDOuX1YaT2DCzPBXbmoFyF3AkXYed7T5CEWnoDPB9YbrbtDaU6Vm2xfLk1fGCvVrhyG9VY0aI77xBOzZD53jeOEGeVNpmMhxbVF+1ohfhBLH83buzb9qcd+aPeIXO426PajE3QnKMsmbI80doUL8BLzXpYUZrWB+bzYtBhvnE8hks+dCf5xN3/joFOeR7hlz/6AyDP36zvETWZEdFbNJRdaXQSKjqR0JdWSKNA1cOJJAyKURzjqtduxfF3u8ECLKDhiNTvksDQ==&u=U2FsdGVkX1/E9oJcBVYeudv7WP2f49Wl0AnKcd/JPWw=&y=U2FsdGVkX19gXt8k/F6GBMlOL78h3HyCWMC85t09xFs= HTTP/1.1" 200 100
186.102.95.15 - - [07/Jul/2024:18:18:05 -0500] "GET /kwssiamovil/sm/acme/s?s=U2FsdGVkX187m6cXDHBGKCzBz+fMHU5p3UmyeK+4W3ufyojMGkUI5gx3SxZ//vzlZWvyN1Q1zq7+DupkC0fsnrPIolZiORRmZ4zUEglqmv704fozkgF3FSI8X19cu7paM4pdE/C5Y3xqMieF43ju4zAIPkcyilVq7OH9ynnEiB1tKAXjlSGU0j9elsLe2ohSZRuxJTk/XFflemcjYzonu4CdTwL+ehvc2Avgvuy25hruv8S+zLQ9HbxWzgSEknjGyGetuz/KQSyRg9P3FiYMp9k4Jzig1F05H9GevnmN72jO4Ml+NNfUPxMYaFSmDKi8bgOA06oHVFsSbbIvAWvKIAkMcCZ41XAR5Kdym+KVRMBWrLDQ70lnpM/50g8wPaMkxxpiU2MT4T/0k2OTkPbWlg==&u=U2FsdGVkX1/E9oJcBVYeudv7WP2f49Wl0AnKcd/JPWw=&y=U2FsdGVkX19gXt8k/F6GBMlOL78h3HyCWMC85t09xFs= HTTP/1.1" 200 94
186.102.95.15 - - [07/Jul/2024:18:18:06 -0500] "OPTIONS /kwssiamovil/sm/setfile/f? HTTP/1.1" 200 13
186.102.95.15 - - [07/Jul/2024:18:18:06 -0500] "POST /kwssiamovil/sm/setfile/f? HTTP/1.1" 200 381
186.102.95.15 - - [07/Jul/2024:18:18:12 -0500] "OPTIONS /kwssiamovil/sm/setfile/f? HTTP/1.1" 200 13
201.245.192.253 - - [07/Jul/2024:18:18:14 -0500] "GET /kwsrmcab/Wsrmcab?wsdl HTTP/1.1" 200 6948
186.102.95.15 - - [07/Jul/2024:18:18:12 -0500] "POST /kwssiamovil/sm/setfile/f? HTTP/1.1" 200 381
186.102.95.15 - - [07/Jul/2024:18:18:17 -0500] "OPTIONS /kwssiamovil/sm/setfile/f? HTTP/1.1" 200 13
186.80.52.117 - - [07/Jul/2024:18:18:20 -0500] "GET /sipse/faces/index.xhtml HTTP/1.1" 200 677
186.80.52.117 - - [07/Jul/2024:18:18:20 -0500] "GET /sipse/faces/javax.faces.resource/theme.css?ln=primefaces-sipse HTTP/1.1" 304 -
186.80.52.117 - - [07/Jul/2024:18:18:20 -0500] "GET /sipse/faces/faces/autenticacion.xhtml HTTP/1.1" 200 12410
186.80.52.117 - - [07/Jul/2024:18:18:20 -0500] "GET /sipse/js/disable_browser_buttons.js HTTP/1.1" 200 3230
186.80.52.117 - - [07/Jul/2024:18:18:20 -0500] "GET /sipse/css/custom_css_sg.css HTTP/1.1" 200 9694
186.80.52.117 - - [07/Jul/2024:18:18:20 -0500] "GET /sipse/css/custom_css_sg_prime_login.css HTTP/1.1" 200 443
186.80.52.117 - - [07/Jul/2024:18:18:20 -0500] "GET /sipse/faces/javax.faces.resource/layout/layout.css?ln=primefaces&v=4.0 HTTP/1.1" 304 -
186.80.52.117 - - [07/Jul/2024:18:18:20 -0500] "GET /sipse/faces/javax.faces.resource/primefaces.css?ln=primefaces&v=4.0 HTTP/1.1" 304 -
186.80.52.117 - - [07/Jul/2024:18:18:20 -0500] "GET /sipse/faces/javax.faces.resource/theme.css?ln=primefaces-sipse HTTP/1.1" 304 -
186.80.52.117 - - [07/Jul/2024:18:18:20 -0500] "GET /sipse/js/funciones.js HTTP/1.1" 200 12592
186.80.52.117 - - [07/Jul/2024:18:18:20 -0500] "GET /sipse/faces/javax.faces.resource/layout/layout.js?ln=primefaces&v=4.0 HTTP/1.1" 304 -
186.80.52.117 - - [07/Jul/2024:18:18:20 -0500] "GET /sipse/faces/javax.faces.resource/jquery/jquery.js?ln=primefaces&v=4.0 HTTP/1.1" 304 -
186.80.52.117 - - [07/Jul/2024:18:18:20 -0500] "GET /sipse/faces/javax.faces.resource/jquery/jquery-plugins.js?ln=primefaces&v=4.0 HTTP/1.1" 200 220526
186.80.52.117 - - [07/Jul/2024:18:18:20 -0500] "GET /sipse/faces/javax.faces.resource/primefaces.js?ln=primefaces&v=4.0 HTTP/1.1" 200 276924
186.80.52.117 - - [07/Jul/2024:18:18:21 -0500] "GET /sipse/faces/javax.faces.resource/images/ui-icons_898989_256x240.png?ln=primefaces-aristo HTTP/1.1" 304 -
186.80.52.117 - - [07/Jul/2024:18:18:21 -0500] "GET /sipse/css/imagen/logoSDG.png HTTP/1.1" 200 53064
186.80.52.117 - - [07/Jul/2024:18:18:21 -0500] "GET /sipse/css/imagen/loginimg.png HTTP/1.1" 200 71635
186.102.95.15 - - [07/Jul/2024:18:18:17 -0500] "POST /kwssiamovil/sm/setfile/f? HTTP/1.1" 200 381
186.102.95.15 - - [07/Jul/2024:18:18:25 -0500] "OPTIONS /kwssiamovil/sm/setfile/f? HTTP/1.1" 200 13
201.245.192.253 - - [07/Jul/2024:18:18:25 -0500] "POST /forms/lservlet;jsessionid=ac16012b30d6716d42d0eef24d9cbe79d3fe11a80187.e3iSbxaKaheRe34OahmPbx4Oa3z0n6jAmljGr5XDqQLvpAe HTTP/1.1" 200 2
186.102.95.15 - - [07/Jul/2024:18:18:25 -0500] "POST /kwssiamovil/sm/setfile/f? HTTP/1.1" 200 381
186.102.95.15 - - [07/Jul/2024:18:18:30 -0500] "OPTIONS /kwssiamovil/sm/setfile/f? HTTP/1.1" 200 13
186.102.95.15 - - [07/Jul/2024:18:18:30 -0500] "POST /kwssiamovil/sm/setfile/f? HTTP/1.1" 200 381
186.102.95.15 - - [07/Jul/2024:18:18:31 -0500] "GET /kwssiamovil/sm/acme/s?s=U2FsdGVkX1/SFX7lcHIsIxRdOVBfKc+wptdGu+wGmuu/YhrwPOxLOHnlqJRgpt7SbQvpMCs4zrDOZknecfu/h+nKk/4pmVPlO1lwCXJOz3aut4cgeg5YeXnVE0R32xJwKixzh5lpJsXaHaTeaQJlGsQ96X4c9DhqnfoAmIwUfJ8S3r+YynuhG0qkoQhEKwXRrDdj5c7vNJlcC9FH12I1s94gi0jkJcwuaIh05ela5YrMdHplm2m6TrcgJg5Q/veoGmpk1yQ4Qx+ByXv+7ihMBfODzDFa77KTDLEF54muhxrJeKzvmv72OJJyGxSd3TL+22ZMwB4wJNq7rubNdW6IBrSfFNhsAwrymB/yCqAxZcWWFovlYP6mi5XUv+BArAaQzcz+zLIf+qk0D0ncKDOjSJCW33qU4fIPRSAh4hh19N3+APy4ygRyctan1FZ99eN8Tm9tSj6sHviPPt+/PGqtRA==&u=U2FsdGVkX1/E9oJcBVYeudv7WP2f49Wl0AnKcd/JPWw=&y=U2FsdGVkX19gXt8k/F6GBMlOL78h3HyCWMC85t09xFs= HTTP/1.1" 200 100
186.102.95.15 - - [07/Jul/2024:18:18:31 -0500] "GET /kwssiamovil/sm/acme/s?s=U2FsdGVkX1+Wv713Ls2g/Y3ZVfHoLAh/Z3TnKzed97U=&u=U2FsdGVkX1/E9oJcBVYeudv7WP2f49Wl0AnKcd/JPWw=&y=U2FsdGVkX19gXt8k/F6GBMlOL78h3HyCWMC85t09xFs= HTTP/1.1" 200 70
47.128.98.190 - - [07/Jul/2024:18:18:36 -0500] "GET /BLA/resoluciones/index.php?dir=RESOLUCIONES%202002%2FRES%202002%201651-1700%2F&order=asc&sort=name HTTP/1.1" 200 12155
186.102.95.15 - - [07/Jul/2024:18:18:42 -0500] "GET /kwssiamovil/sm/acme/a?s=U2FsdGVkX18zoW6uEN4y7BhyYDENYu0QDJbJ/Y5bkoh01tmQNm15XgFRilPsnVhfljy2R93NGAgp32UBQnP9J/8M1nGtLjYUDzuQBA598rrWalyllkUJ/5KS3cwQ0SqZtDCuJj+WMg7nRzYAEg/0xvzdrLCRsEvvzAaWcfM2DSJP0BCQ5bf3oO1ShQb6BxGXRQmqruaWWdHzH0A9CZ829RbUHSnSWvHSLleMFxocrPTTgwsVzzNox4NqfyiXKn2pFLSfulDUVo8tEkekUy5thg==&u=U2FsdGVkX1/E9oJcBVYeudv7WP2f49Wl0AnKcd/JPWw=&y=U2FsdGVkX19gXt8k/F6GBMlOL78h3HyCWMC85t09xFs= HTTP/1.1" 200 26
186.102.95.15 - - [07/Jul/2024:18:18:43 -0500] "GET /kwssiamovil/sm/acme/u?s=U2FsdGVkX1/076gngS99dsyYjKGk2dCJiLl1IbydXRCaa4on7vWSTI4LJ5iTWRvOultc3ftiv0OAATHgZJjsbrH0937cYH0yBxGLUfzx6UoOOG9LHaXcdZnwNWThWmg7QUWEAK668L9REm16+Pfyj+6Mg0xmzagi0Vy/lsgqWzrh+MGsuvIOrZ9hNIlEPvsHEsMLVQ3GDRypVJr92GY0s9LakIhIBYy5BZ6GdxjD1U0oSdIzMEyRAwiZAEA1KIMKG//T7IkIThEaqTS4cDHAvCJyyVgYGZhDnWXbVzgfRq0bIfr4TELGqTZvZeds3EjoNGNO/6zw0AWzVpgQV6iw9AHzohdLYqcYJNKCmrNmrNSDtfTDm6g0uqMsLR4QPVhq0OCC2m2wOQRiJr6Txen1C2lKmQ3BDjqoRJouE1sqwLRLXElCOHACkjruQOL/zbBMCwVeohavZTRVY78vnC5uxuCBYVL8mzHyZec8cBTU+/sf/HMKO7bMCKPd9figCFvd8Vx3tYTZdcp3VEz9CejVj9CLyKnMBTZbyJzjOqnS9N+psVQJEGftji3tTpWc1+OxfeKvaKxdVSawp7v+yQzAWUJpH7HykFdfM2P2hfcZsguxqLyrIYcRgxGdbJu0GAke4zF0s3JbwX5mujRlGfAWgITcmnKihIMrV/xyWeNbb1+JyNPD3JrlzzYqv6V/ZJ938rdFRgUHrim2BLggCnx3QpvNKKa9o9ulg0tfqdTE54Q+fySCtHk3ulutb9++8yT10IOEvfjC31PerOvoFw7+melVvRoiRod2L8bTDEZI1CuHf9j6Xsq1gEn90ef13Q71uJ2uUEPriBzKbNptCmophK6kFJmVut01i0pBH5Gl+DLvjH1ySup68g6zOz/4BeyQOF9a75jgT9iWZv99KB4PFp4VlxnJGvDG416MDj/+sqSdqKHxoFswsKCJpnP1nnQgFg5Wkw0U91G5Ij79rp7RuSfC6PsLaPAxPDqB8AkltIMUZ8jdVLR1fbqoAkt+Yjwivnhv2ZE2YK57dN/Q9GLFTB1wW9aeo+Qr//mt/Jcw9Jd4aoCo8hF/UcdcblL7UEujZ0GCtU0AD2ym1A03qADM/IsNtgNr+2Jr5lp7tG01g7pk3ud17vkxvvTIaH5XxUcddoc+H+4Pv4DYTsfDD4k8pVuu4elxvCH/epd9E6gfOzJxVFnfWXgERebhMSkCTgSB6IjGAl9qIBPzqyPe2d0DStMrXIs0LY12Ufm7RpL7yNGM28pvkFR+PjK9LaRZ2FBQ8QlvAc3lXvXmXAC2Bf5IEbvMreNmxDsk4nNyUfFyCJTiNI5zV8mvPm9pB05XilOEAsaDxfLVFyBPTUc+OXRkYJEPIDnMUY3f0UfECCpDL4jy0ilMlwoSQRFVfpfyVCjTTwVpPrIN0HdLynRsoYzg8dSzU7XjI7PSk7v/4BXKn0VoYMB21MR01RlGUO43Fz7u8GxeN55Svdw7FSI7axLVGNotlE4E8EeTCodRxPZ77VYJwmNQIX3qCTsT+lNni75trmp1ZNfXNd3Fm3a8NJLiz67O78jP/nb+t0vFFINbHyzLu8ilqNKAABWpPn/42N4Exq7EIOMMv7rfZhs21JMmKDIAvLONrlgFjuZu9nRjA4dpflaTISMPbSVpTTKoFsdvF+Eh0EeeniSw2jK+0nchB+17sHjQoN/PiXTPIOYQbez9MdDKu1es33eJmmge6nDp2Sho823f9Se5Fhd7cIfGklCIX5YK9Fz+ZcP8ekXFyBJOfhyJn/nlOu8O+RylWSnQELGw5QHqAlePnY2ZJMkudgbmD+ZG9UVpwQcDt1dyOUnx9XzvJmFDpJsZJ0WdSCx8Am+Yupm0FZY9bXRP6lqbjcD7rDOPB2vDr7pa5wY4lK+5uT4qNaWHoFLZW8JYQK7HBCTfJCfWqADxmUUGbKcIDLxh7L3L8GmEtvtf3h1lbIUvDBF7ky2ol0d1JCg0gneLnTKLgcktnJQ1n2Ycmq8y7AMRm70aAZXBKCXllKkruqdsKnArbwCG5JXOysMYMV5wXvxhLiFiaHt1EdO3RNVuRkjIPyGlW2UwzrOGzmkLPaMHJxFBH1R3LZ9+UXpYin3tGpqPtJD4LVqFEwm9eyWKfq/HyFY60VhpR1qD79q6cDwJ35wnmPEIOwOnSoAoz3+4vqUGascU5VSRUTdtE1hHbtcE9KoWXZ/GQ5aM8fgxVs4zpLF/EgthPp4cmBEJU0nIQ683eCxDNNggrGjcgpJkXShtjnlvvMzAcYbby/NB686TVR4N/ouMpktGwxE4c/C6uT0Lcbzd9T0zjqyS7uvTzpN0NmlFngqHyn+q4g5/0WDfyKHSbuXgrXciX7r1nmB3m65qJYL/zoPuw8QDu8LW2e+q7s64j49ANEX49/9AO2ob8iW9nwSllCBdGuWUPhox87UTb8mFUw82WQcTBVH6FXAN8GHob4e5BYq++R/tmthRhDbFeO9DGOjWpLOtD/JZKE4w3UuUQjC1Mnzl2xB4uewAjJb09733TLrxwB/zo0ZKEKlWOodryC3Il7WDqTW+0ImYTycjyxDJ52dCTSm5eLI/1nsINlNwBHXecBlfGENeEL1b8V02K+rkI5BFj3MRpt9iQa7hwnPv4AXTskD+ocgb20fHXMwBbmBmvsPRuR+eH1dEYPVGQkFbeyxSxb0jQsT+Ou3MuLatgdmmDNegiA08ma8P47Q9iInilVgEJU/hEKLjifkw2mD4B8/Y2nEamdu3i7gZtZR9GGrfpL/9Zv8YmNnv1yhAabkDThwN3WedkXrUie9uRG8N9tLl87cPKIVAgHipNP1ZjvxAQ4SLKyGMZ+48mwzY41P3WxPSfIwOZFq3+pxVte8oRnbR9+cEUQp8q8IOqPZRjJyyga1bkjbg/aOZyAZOnK/dvOnLF7MbQEza0KI5Ow/h4CuYgimoEJc+PQUe8IuqWKL1Hcb8DJWlGZMluNr9D6z0vAqk9Cj+5r/9xf69b1WpLtVppqGM1VlH0iN/dWRSAXWG91X+5kU2WzZ6pV4Y+anzeSwg+mdTtWlHhm+WhlEZ7rBo3RidNQP7kmGTkkbTgx1Wd/QJTCRDUCFDrapsnRFmSSZcA2ksNNaAjoIgWNaIFAmE1y693k7MFjqav8MiyZn8/bMcXzN8ur9Gi522cl1L4IXROvPesSDLBdOPv3ofqwJLW8inaH+jWiUZEO7/RBEvom1sHRYae9OCXAzyeAv/SBJjTOQpvWy/nt98qmDEG1s9qoniA94kx9rHQSz9hWi95XxaEG3iLZR5RFVJWvkPQ30lC4pyFcg6EC8zGVQ2qiEqcPmz81Ic56xS0UnxvZGBsntNWS/Dd0lIAz9LPPPshspfzL6Ci2d56iIreH2uuQUHiOi8CwMtFTRO1+hK+xjEMsXnSX1z7ZM9caIdrZ3trtHb+CPzysizQH9T1UEBQ++VAp3KndFvPDrsVgW/qUPO2tyfOkOOO4dak3aAUXASos0C7v/0CQatF1VU3RrIVAs00tj2cGfghfNHxyQF+JZBXwgL+U1I3QoW7X8ku/4YRJ9DdG/iNWDTHijwNBz2NZkeg4ADW6edQHWURC8gK12ppC0kzxuP4+0VsftkHeRYysynRNjMqngiOSAC4WFm0egT/WgizOTSu8dRPSAsHXtCETTkY2ZF4C7En3S5hlJYgXsZTODceIvKU14+WAeh2jp+IcLX+H39RSvCHmuUpUnAp6iJSoYgFDRRSwWCqLLf+nDMVdEZ/yLLFtft/ul8iw4vfPECoXJwddPgn8MaJnN1672zuu2UO7dCB9HgLQ5b8Sm9OkJtbb2pkYkNOOX5WoTifaIsErE46z8N8YPkJlTz2YEyErD/RJEtpu8TtuHsGlbBgQzgcEby2Wp5j/VoMk4aaYkq0OReZhkou34IlkpZg7oe1ZHOqBqw2euY3yU8i76A+LO1SvSlV+V0uSuJCiGMKtZ2sTsbdMdZ+oPA0pT8f3jjkvrpS2Wthjs0P1uQCnd+Ukh9WZP0FJMxa5RI5Xie/z58TaMDh4iFnxbk0970flw9lDYyUi/QxozhGeLvgAC0kB5BHalMC7gM7XYf44ChiCSsN+bbEZWyEQU3u0ezomNrbEPZo6BxbLJzezoedHlnLxbvahlSvegihDKa77yQRugQT/qbX6/vLhvD2lBvxaDdkqO9HWTvkLu8DIVoDdflwhKEBTyDqfJEV9OsH3y2Oj0zTflASrsEB67pEntq77zd4I1t/eYei19UdAh7wJzvNqkPjqndkjatCU27O96cGwsLtd7+56IptcR8EzlB53hD2A==&u=U2FsdGVkX1/E9oJcBVYeudv7WP2f49Wl0AnKcd/JPWw=&y=U2FsdGVkX19gXt8k/F6GBMlOL78h3HyCWMC85t09xFs= HTTP/1.1" 200 60
186.102.95.15 - - [07/Jul/2024:18:18:43 -0500] "GET /kwssiamovil/sm/acme/u?s=U2FsdGVkX18Bn7Lbxf8SH8fK33g8jlC/lRPmiFotwuBmHRielQVm3g1zzqHWW/guK+I0QMcdshSUS7JgH7tMbnGKSBjg1ut4JDCkwMsBRS+94/KLlriJDKxfFYrVX6vO9rWjNAtTRAEnXkifvynmRQ==&u=U2FsdGVkX1/E9oJcBVYeudv7WP2f49Wl0AnKcd/JPWw=&y=U2FsdGVkX19gXt8k/F6GBMlOL78h3HyCWMC85t09xFs= HTTP/1.1" 200 60
186.102.95.15 - - [07/Jul/2024:18:18:43 -0500] "GET /kwssiamovil/sm/acme/a?s=U2FsdGVkX19dvK+rj4+b9SCumycY7JP/mGkofwk3UXxg4t5mQY1u4Ioz51g7LJoYOIIDvPb03cnUI3quiYRyN2XkK2bH9aBD8/sQjFRB0sMPi5IzcBU65dBYTlEldkIeIkmZvV3qCVd8mi945uIBLmj/mUuPSZY6/GVcbT0UbibEH4yO+mLESJp4NnKoIF+WWSCloilSrJDXdPmRYM7pwhe3vy4QyEICIjBpJu/YEOwQqw9vXHvgD/4OxjVRqcvW3aDyJolNVsP67agaxq1fCYtHpQbNWHEzKl1Yjh/6LnK5p195egkXnwS1G6paj2+f3EfYfgqMWrJ9QMqpVdUtS57PQKhal5n806kxTYd61BdbyWoiWFwiAOhHibWZY4dSTNUd+tZAig3WjiOC2kB3b6+KHMzT7k3fUorAKmoQzQYHeE0/y1RLGtQJp03PQ7GLYZTQd7QkJmKs+PubjCpPSATMIGBagRbY1nyD01NkINQ6+ksehb+D5UR9oI4tSoRsUX/X7CsFxbCYXFfHo8Mn8haCVNPzKoot2iqPPg3swyDfcY+IlXhoq3J2gnOBWD9yjKGWCFOfAXM8JDuL903Ece4tJrw/cFF+LjYleQBhw4U3JGul+NkVj4gZ8ZNSBJTfDRZrjGQAB0/1W4yUShOnifEsHBfDe2lfcJpDMH9e+YwkrJa2mWYMNCBjEYF1PNWJwisnCQQaHUq8Zf//qOvxL3gFMy0Ws4Y0Qw55EsVsTRN0zV8lqEu13bjKjBaqcT31iyuvVD7RpVV5iSLgRv+4CnK3xY1vCJulDxfdhqukV1rgVetasiNDqCj2/uL4Ge67dV2E/ga9gtEg3SKwkqhn7Wfxu0VHClx5Hpec99iga4z1YFa0DM1361+/Ykl8ut7211pv3z9IqZ3m2tYmTSN1jyj56/lLDnPSUSNjPmuhiORBOuV6AtEaIyIUeMyKrFz65ogY5eugAjiE0soX4Hg+exI6DxJ9iR3sO5MEPbTvcrCe8nuN+rj0kP+5GUpqwMrdXLjaSf1gETRfHiYOE77OOAe0hknXpTJcNQJUryrbhr0IENxxyMGczoiBsealHUQ67/y6IzI9d3L0zrO8co91UnLHyKpm8vjcCp3+GZg6DTAJ8P6DB82yk5Ma5SK0LF+ubF/RjVofTVforXpFhU2nE72Fp7qz1JLTk4+pDdv6jwIcw9LlqTwlGWHV2wvGvKL7wN49g0mBuIqZkg/0g3vZd8WX59XEViASHeamurapU0VVIO8E8K+Ebduoc3nOdRlQsUrPeRTzuzFprq+hmOE1iSJ5+RD11ZTyvRMj7p0n0v0Y/F1nK5h7KxWO4PESndpjEbfky5rRb9K+HAtnpNhHSdH/4gNE67XMOumTCMBV8Y4fp4zBLRNok/vvW7OY8YxBJVP2dTuBkN5MdR6hr0+/IrfYqWIgXQRklxuIMMIxwNye6niO4wmJoEW9X2dbKnEQBDYVtgizS6zWcIPKud/UPRsgyisImEPfJ0ca+lF6iULKbTIBDM9wSw/AeHvl0AzOv4COQyIZtd0b+mdBRi3EdgNMTLiLDM3XkfhEPbvrLF8=&u=U2FsdGVkX1/E9oJcBVYeudv7WP2f49Wl0AnKcd/JPWw=&y=U2FsdGVkX19gXt8k/F6GBMlOL78h3HyCWMC85t09xFs= HTTP/1.1" 200 24
186.102.95.15 - - [07/Jul/2024:18:18:44 -0500] "GET /kwssiamovil/sm/acme/a?s=U2FsdGVkX1/miDwGyypCm1ABzswL772Gw1W5wJqmTGdn3JOd5ETw7xQ5Uk8DhEDEFQkOCGWlG18562GR09iQUZLMIRbt/qRiwY1RDlepKphaYay1VD0nblJxy//O7PWKCjMYw57Um8+/gq062ke6h1p1a5rXpTnxQAKUiQ470KQ=&u=U2FsdGVkX1/E9oJcBVYeudv7WP2f49Wl0AnKcd/JPWw=&y=U2FsdGVkX19gXt8k/F6GBMlOL78h3HyCWMC85t09xFs= HTTP/1.1" 200 26
186.102.95.15 - - [07/Jul/2024:18:18:44 -0500] "GET /kwssiamovil/sm/acme/a?s=U2FsdGVkX18Djz/QJ9z0gXBXulPLBALFaguIVmqa1rjsyhbOxpEJfsJLgn+zK3ktbpBd1hq47/3UY+B+MZRxWRy6Y9Ziv9zj7S8mZjIaZ0FfBXf4grN9N3zmi/8RbEQBBzPQiLoYk/jYK+6YLacliGaOZF1FyreH2RJqZC+GpoPvBJ/1icZHntTXbd2I13BgMyqZG6YcYsVR/0oQTkqLuw==&u=U2FsdGVkX1/E9oJcBVYeudv7WP2f49Wl0AnKcd/JPWw=&y=U2FsdGVkX19gXt8k/F6GBMlOL78h3HyCWMC85t09xFs= HTTP/1.1" 200 24
186.102.95.15 - - [07/Jul/2024:18:18:44 -0500] "GET /kwssiamovil/sm/acme/a?s=U2FsdGVkX19mObvtjJ+Lc7Pi1i1SGDXfnqlYAYzCFUsuTzjPu1+kffs2nU9ye4EcR64RkAHxq/wh33+Ndu8lYlz1bhP+yiPOIUNPpPfs2/sdnlSVdDk2VB9stFs3DPZSlqnNl0ZqIeedRg7TA4Nf3fGkKZtnVOkxMA9RpEOdKfUirBIkDAO4a3W1YJMzfXhHZBYgHuA7677/vxtCIdK1BROzY/8vHaImc1yRHt9cgASx1JqceOe+XBo2ScTyUQlRGrzgrO4zBzAPTGWQjyC0UeaZx+kSKqJezGdQh6Me1E+HdJvAHJEt76t3YsIenrQIoHEHiHW3LXoBPWnZmICXiH5Ny/HAdf/3JJyJKI57mg6bWPFyfc44qBh4DvDw0AGIz4QqktqMukRS7RsDvzH3rh+h7MWZn8If15ZkAbeW/Ez0PCEgl50/Rd5+T1dJW3Hkb3akpExyOTlZnjvdrQShcHe5TkIl/rIZIE0f5pM86anfDTUxs3Gbh1eh/vlGCMJRFfmJk0VNnGfT3GBMmnXkXGtBV+gHiJgcYpqCCmtE1Yqx9yheS4CkHnEYncG2HThGr0MjOYCQwM21x5mFSrWgMMGu1hUT8n3hKwxZfBEGhOiRxk7TGWc02XEQsBJVznVf6MU5ePr0H8TmgvOi/e//NsxXoZbJgZnH9ZdNkNl1cUim2eoChWBo9LlilTCmMP1BE2HCX7fSJ0kSk+D6XGdF+hWc+JRoX6zlBb+HA7R4If6TtCfcZgcc4gy5smUUAO7vuTgGF9UeUGpA4jqcWM2Fn5R9fhVEGJGbK3eI0kiyx7tv/N7pMnWVbPyit4+2/SVSFbiL0rdiSIVqj30a3D9EHgwWLiZJgi7qHLU7vxJFeLZGOwPW9KsaHIAGiSb+nKioEO8bv9OnBzfOV12xZq3weuvdC6qsKENOSRkmvq7NlyQQIqFwyhdexuxZsWsLG5GpFsrKvsozap67lO2lPRqkeSDvn1tSsfv2uqcUex4s44CT/amnjNt6Ey1XYsl6DRW6UySEr1LB3h78xh77BntD+cAzTyWfM3Me0dfd+sTSfwboK6r40u3DmHKsqCA3O/kblOaQ0Cv/yJzql93kzyR0P1cOLT0OTHxZ4KEAg+bZL4MlKL2UmlWklC1hhmyjrfkXlj1/bY2LDF6sRwaXfs8QF6v9I5xogVhKUbVga1YjNw7Jq6RaHlf50yaJU5qrv1DYiit1N9XNecwgItuW3OP2mXuvUbWHXop2IHnQ6C046HSLi0mRuIywincfgkceLgSKi4Ml0g1QQSJ9EfwdQp1HXeZ/wM9DRxGJPyEt0GovsSWkpNOGJ+F/MKHNmNN7GUQXGSiEatvIzkzC+dnkHisXPnWqPYvh2eKX8a4fSoacrQKCWswaVYfLStDFYGYQzoO/ho/cy6NkKOjtPuMWjTK1NZ0Ir2+4lf+XJNMrex6NecMl9YHrCp6qlI/CWsuJNTqa62hIorJAFLLdg5UB7JIJBRLA75aa+zS6JXhcBE/zn+VBJuU8kapokw90Y3G3ksjiTssaqeTcpg3R49WcvAnEvmlzKngd3oRAmJ/YqDtchC0ltmR9uWzSVyeBw0sSc6nGUjb5Sj4GQB4+e4Td5pL5aH5DBmIGFdtM+22wNHJONBoIJB5szY/cb0abWxZcO8aWNPB8K8FHOAPBSnGa4ZKQWzLjJ33wwJuHVn4vVuGMsZiJ2SK0KJHVpWbofGtKDVM8&u=U2FsdGVkX1/E9oJcBVYeudv7WP2f49Wl0AnKcd/JPWw=&y=U2FsdGVkX19gXt8k/F6GBMlOL78h3HyCWMC85t09xFs= HTTP/1.1" 200 24
186.102.95.15 - - [07/Jul/2024:18:18:44 -0500] "GET /kwssiamovil/sm/acme/a?s=U2FsdGVkX1+QJdiDVPIzNLePNKMNdwS2Iw3iTtxGd1SusbXv65JQ6gHl7SI2n9mT/ZSRugQcGRc19gGLSPKOUeMPK+WJNZAX9dlBL1FJfpTXm5IIIilEmBWkeXQAtvyye+Vd3HSAzs716FICVFJrzvW+nCXv/2FPjQQLFidMSDRXshUnUcn4sKmCjZXq8PYI0tjLmxLTN5RqDml3qjXBog==&u=U2FsdGVkX1/E9oJcBVYeudv7WP2f49Wl0AnKcd/JPWw=&y=U2FsdGVkX19gXt8k/F6GBMlOL78h3HyCWMC85t09xFs= HTTP/1.1" 200 25
186.102.95.15 - - [07/Jul/2024:18:18:45 -0500] "GET /kwssiamovil/sm/acme/a?s=U2FsdGVkX1+npgd1ZbX4aILYIZtn1xHxuCk00EMZsCBuhzCZQmkL9zCAmFhd2QMRirAFuxP7jHk8rwqP30WaPv7kLVy15WqSyQuAJEMB9lqoMXOVbMgStnmPk7eBuwmPXnf2qGNL9jREb5kbhqJ7L1+qcnrEN2y9KfPbO5UJBnhT2P+3Qr10FUfzkRHOXisW6QiCfs1RkUHaMRYfhQuHjg==&u=U2FsdGVkX1/E9oJcBVYeudv7WP2f49Wl0AnKcd/JPWw=&y=U2FsdGVkX19gXt8k/F6GBMlOL78h3HyCWMC85t09xFs= HTTP/1.1" 200 24
186.102.95.15 - - [07/Jul/2024:18:18:45 -0500] "GET /kwssiamovil/sm/acme/a?s=U2FsdGVkX19nluQU/XK1SMPbAxbTwsHkWHbvsEH3tUHaJgCJhqa8gayAqVHHUmPb88wMAQAqBql3381Fs9KP/THl9cOf5ATUlFK4iYm+EEa+mAQkjK/lchF9vDchsUleK2FwtEVt/b9vj470illfeZDrLZLBxB0OZg35MN8e2SWR9nOHNVSeUmKOYcrKTvPj7QC3axy/iD00/VW3xF4bvDKwRCBcX6iir1nMVzSA6XCc9hEzQNBTT0kuZ3rWaUL84o9XRvv8uVdJn2LwDi8IpvN+c2gzrLehofVK7Wwhof6dXfzbOBVF+7fek/ALliK9uIyNHfcyRPv1O9NhcpsmPCbkjajK+Vz/kYRonuYu9nM=&u=U2FsdGVkX1/E9oJcBVYeudv7WP2f49Wl0AnKcd/JPWw=&y=U2FsdGVkX19gXt8k/F6GBMlOL78h3HyCWMC85t09xFs= HTTP/1.1" 200 24
186.102.95.15 - - [07/Jul/2024:18:18:45 -0500] "GET /kwssiamovil/sm/acme/a?s=U2FsdGVkX1+DVVoSmuMXcyenSB3g3AvM51hg7nFeVra1aMU07WwKryklTg8gpbA0vnOMHgv4IKL++8lmxtaRefuRgQtr/YrMg7blrACX6/f3KxAttKGd2VCeWUZTINCsYS5xdaB5EFaSh//NLY7XM5Ng4ph8zMa0jry8trntbZ+rAeZGri58yPEw61SjGZX+YS9Bu42u9M21efOmOezXyg==&u=U2FsdGVkX1/E9oJcBVYeudv7WP2f49Wl0AnKcd/JPWw=&y=U2FsdGVkX19gXt8k/F6GBMlOL78h3HyCWMC85t09xFs= HTTP/1.1" 200 24
186.102.95.15 - - [07/Jul/2024:18:18:45 -0500] "GET /kwssiamovil/sm/acme/a?s=U2FsdGVkX1+3xIbX591SML5nZjWvO+cSY9PcYM7BMGFaTA1klKwhMroOG3dpBc6nKcsbPdXBZdX0IoDAnntae6VuoD4wWxt1mp4G/wJBf3X/5Jt4k/2aYRGsSHRtLgDIl9fQearUV7XxTFgpJF/qEjHNpJZqBdsG0bprQjt6h7QvMtx0VAuf3O3hTXF7DPk8&u=U2FsdGVkX1/E9oJcBVYeudv7WP2f49Wl0AnKcd/JPWw=&y=U2FsdGVkX19gXt8k/F6GBMlOL78h3HyCWMC85t09xFs= HTTP/1.1" 200 26
186.102.95.15 - - [07/Jul/2024:18:18:45 -0500] "GET /kwssiamovil/sm/acme/a?s=U2FsdGVkX1+n3Di2TDs1Q9ekAf+PL9aJJG4ZgoyUE/892qkSPE3GS2eSPuo+zsNYJlYe2vPecPqqM33VbDeXqUdzG/r0mLfHjciEU4PqzAPNcPi6YQA1pSHtu/NDisGuwNr2RYazUp6bd98Dt9AFndzx2vvrpd/hXty82O72260dotIoD6P4zGW+kGCpW0PNXHgHJEH69Ww74xifWd5T43lGxO72nZXL+W9zQOCMykR9I3qwb8zhRb6WUk13TXCvEktql1pNfCGV6twKCgWsfT1ymRUVgXp5r5sHOLTnxtB4O7ec5X2Gw3A3Fu0EfY/q&u=U2FsdGVkX1/E9oJcBVYeudv7WP2f49Wl0AnKcd/JPWw=&y=U2FsdGVkX19gXt8k/F6GBMlOL78h3HyCWMC85t09xFs= HTTP/1.1" 200 26
186.102.95.15 - - [07/Jul/2024:18:18:46 -0500] "GET /kwssiamovil/sm/acme/a?s=U2FsdGVkX1/fo7e3Rv7eac5RVmdG9k4CHqPK06zaYZ3arE0eDLyeN9RxiWf39jdVht7neJJ7w32sLa8E/sJVz4C3C+ppWujRLwVbetOhX5hvUYW/FkfXeWs2/bB8znxHZmfFTE/xYGKLu9zJKidOgytXI2dEahgik1gzHIbuQ5b59PVSf5WNv/rQH8SE3q53eSrqv6XJbQXYIVn4PCe50erAhfF8pBka6RZ1s2TEODM=&u=U2FsdGVkX1/E9oJcBVYeudv7WP2f49Wl0AnKcd/JPWw=&y=U2FsdGVkX19gXt8k/F6GBMlOL78h3HyCWMC85t09xFs= HTTP/1.1" 200 25
186.102.95.15 - - [07/Jul/2024:18:18:46 -0500] "GET /kwssiamovil/sm/acme/a?s=U2FsdGVkX18tzlZ1q9Vd7lbAyCZfUmbUBrwrMINWY6KNgApkxoAMjw/p9watRyKKQwGsX6pZdi45En/ZGBf4EDVUqQCkO1geiYe/1FCDNG65lqusv4vJePzJj625Ym8nDMBHc6FSvDEInb6s21pfJhPWkxjCRTd7NZlPMEbUc35ybfqNjVKsTrgkCF/CmDUiw7pSJkr4qXBDSPWEERDZeA==&u=U2FsdGVkX1/E9oJcBVYeudv7WP2f49Wl0AnKcd/JPWw=&y=U2FsdGVkX19gXt8k/F6GBMlOL78h3HyCWMC85t09xFs= HTTP/1.1" 200 25
186.102.95.15 - - [07/Jul/2024:18:18:46 -0500] "GET /kwssiamovil/sm/acme/a?s=U2FsdGVkX1/yyG7N2oGtOKI/Yw5zWaIZc0T44dboqhI+bEKLNT65VM/wlLZIcB8gokoUmZ7yL6rkigiM5c36D5GjsKlmLJcauryIHMiaUlzs6WeBnv19gP+F8iHS7jLm8OFr1tQHR3lM0MaSp9jUOCwoS+k2W9zMalPpMX5o7mr4uMt8sR1mCiwFZq6ISyiMmDp7KlTxCma3JXg2LCG02ZiabjjnCJOzQXX9VrhCDQ0=&u=U2FsdGVkX1/E9oJcBVYeudv7WP2f49Wl0AnKcd/JPWw=&y=U2FsdGVkX19gXt8k/F6GBMlOL78h3HyCWMC85t09xFs= HTTP/1.1" 200 25
186.102.95.15 - - [07/Jul/2024:18:18:46 -0500] "GET /kwssiamovil/sm/acme/a?s=U2FsdGVkX1/lj4Wp6sGNtCWiZPX1W8CtCTkHovOM3oEHma7rHFmQCHYpKkHZNVJV1Hj4N5L57i8bjy4cFW4vpdNzlKzRmCxy66bgxmLD76qAEeC7dRSexf/kSOjywT2ksPGuCAVZUyRzfFkBWWQ4NhUZ3nFPhdI4RCvDquQwRK9fcp7ZyE7RKlqNL6EoKLasDT6tX8NnC228J+3GYfT66A==&u=U2FsdGVkX1/E9oJcBVYeudv7WP2f49Wl0AnKcd/JPWw=&y=U2FsdGVkX19gXt8k/F6GBMlOL78h3HyCWMC85t09xFs= HTTP/1.1" 200 26
186.102.95.15 - - [07/Jul/2024:18:18:46 -0500] "GET /kwssiamovil/sm/acme/a?s=U2FsdGVkX1/EShjuWGcKOrVIdlxrs72QpKx4EISougdT6bTgE/00Y0nUIhiWWlkNAgcbCzwb5whENI3pM13J/aOyMn5wL4t76XegY/Ug2+m8qeBnwePmIp6UaQzhtT39zP0u/jx+p1uzMSyW4/237K1Qa6lnZBwzwiglP846rnHUljDd9Pi0D2mbpwZK2XFIKw89OR+8m71IMeLKVZ4j7gdmylwfuIeooN1buwMR2cw=&u=U2FsdGVkX1/E9oJcBVYeudv7WP2f49Wl0AnKcd/JPWw=&y=U2FsdGVkX19gXt8k/F6GBMlOL78h3HyCWMC85t09xFs= HTTP/1.1" 200 25
186.102.95.15 - - [07/Jul/2024:18:18:47 -0500] "GET /kwssiamovil/sm/acme/a?s=U2FsdGVkX199M98xqyNvTcN+hKuofW1ueBVVesRmSRZwzm6F1SCw9B0xbvVebdKWjyB9MIflcifyizPIe1OMIPZkeldyZr6f0GWLRtuO9VCpaVmj7d0f3XHiKgWCZpweGyUhWIKo7+r4pjnnPOIzTo5zh8wcPC4pNIbFCG8vUQ3ZQTTW5g5jv2T+Eu2HjN6zMUARLNW2nhLrXCttvlmbIojB3+e2b0uXID1aQ4p5UiY=&u=U2FsdGVkX1/E9oJcBVYeudv7WP2f49Wl0AnKcd/JPWw=&y=U2FsdGVkX19gXt8k/F6GBMlOL78h3HyCWMC85t09xFs= HTTP/1.1" 200 25
172.22.2.4 - - [07/Jul/2024:18:17:07 -0500] "HEAD /BLA/boletinlegal/ HTTP/1.1" 200 -
186.102.95.15 - - [07/Jul/2024:18:18:47 -0500] "GET /kwssiamovil/sm/acme/a?s=U2FsdGVkX18iEKCvBhMl6IkIAyKTImdefu//q6JGtzdkjy/aAX9vQVDkh5OmsYhWWiyke1oRmKruHaA4gkQMhOmaiAXOzT8IBQzoWqYpXJRDDLBLmx8w3akBlDbLmrfugNK3PCuafEzGLVJIDDKcK4WgvH91U99Diw07mAX4o3qZItvzV74MqAN+4o3L5wjcP5tqWWrLGVz6klKnF7OsVbw7tlMaDDCSV2DR3JUUh3Q=&u=U2FsdGVkX1/E9oJcBVYeudv7WP2f49Wl0AnKcd/JPWw=&y=U2FsdGVkX19gXt8k/F6GBMlOL78h3HyCWMC85t09xFs= HTTP/1.1" 200 25
186.102.95.15 - - [07/Jul/2024:18:18:47 -0500] "GET /kwssiamovil/sm/acme/a?s=U2FsdGVkX18h1LjJDxtkU5c9DCxVr94l2CJzTZV+z9JivUzTfDoEyxGW3omB3JKluaoW6bCuVWUd025dUNNxxQ9yRHm2gTM81x9vWnLWs9g+Y1GHe2xNljyKkOf/9ETEBQ0QHt8/9zYaQYvt0OuSIbIu97+lfqlVVcpoaCuKTkyCq8p5ieouyIzA90IlHE+HFiea1vyKeICjJqtv40JstQ==&u=U2FsdGVkX1/E9oJcBVYeudv7WP2f49Wl0AnKcd/JPWw=&y=U2FsdGVkX19gXt8k/F6GBMlOL78h3HyCWMC85t09xFs= HTTP/1.1" 200 26
186.102.95.15 - - [07/Jul/2024:18:18:47 -0500] "GET /kwssiamovil/sm/acme/a?s=U2FsdGVkX188GVflODvx1iaYnli77kSJREbORYWxe7LEAqwnnKzZ+VA7wPBQt8um8R+mIPJc5xckXHo9SPvn3d7vG3yU9zEuieuFS59I0HzNuaW3HvWBo+MyS378u85Ct7fNgd/Em1tWWq3CicsJ5zIkwlOp/unGuKfJJi0avdbvs2+1hqBnz+mhoYN1Y/KxVBBhcFA/gxlW/4gtzr4339XcW5j/GumNda+lug94BFc=&u=U2FsdGVkX1/E9oJcBVYeudv7WP2f49Wl0AnKcd/JPWw=&y=U2FsdGVkX19gXt8k/F6GBMlOL78h3HyCWMC85t09xFs= HTTP/1.1" 200 25
186.102.95.15 - - [07/Jul/2024:18:18:47 -0500] "GET /kwssiamovil/sm/acme/a?s=U2FsdGVkX1/CNd+CyChETcmvM7cgxGC1KZSR4QFv7O6DYH5VPVN8e3GwD1Ars8tkHFvxTviGVMAxaGUt9TRTDvwzl/kFxO4606O8hEPj+BKgzCg+v0Gymm6YgeqJGz1qm7mgWIjarZs82Xk7CT2jA2/52iGO0HD8Fkf8nqRyzcyLSljD+cKzLa8PdcfPEMu9GgNpZM+7J7+clUQAL5K+hw==&u=U2FsdGVkX1/E9oJcBVYeudv7WP2f49Wl0AnKcd/JPWw=&y=U2FsdGVkX19gXt8k/F6GBMlOL78h3HyCWMC85t09xFs= HTTP/1.1" 200 25
