!C99Shell v. 1.0 pre-release build #13!

Software: Apache. PHP/5.5.15 

uname -a: Windows NT SVR-DMZ 6.1 build 7600 (Windows Server 2008 R2 Enterprise Edition) i586 

SYSTEM 

Safe-mode: OFF (not secure)

E:\nuevo\apache\logs\   drwxrwxrwx
Free 8.02 GB of 239.26 GB (3.35%)
Detected drives: [ a ] [ c ] [ d ] [ e ] [ f ]
Home    Back    Forward    UPDIR    Refresh    Search    Buffer    Encoder    Tools    Proc.    FTP brute    Sec.    SQL    PHP-code    Update    Feedback    Self remove    Logout    


Viewing file:     access.2024.07.10.log (5.01 MB)      -rw-rw-rw-
Select action/file-type:
(+) | (+) | (+) | Code (+) | Session (+) | (+) | SDB (+) | (+) | (+) | (+) | (+) | (+) |
66.249.66.19 - - [10/Jul/2024:00:00:02 -0500] "GET /BLA/resoluciones/RESOLUCIONES%202021/4142.pdf HTTP/1.1" 200 340754
201.245.192.253 - - [10/Jul/2024:00:00:04 -0500] "GET /kwsrmcab/Wsrmcab?wsdl HTTP/1.1" 200 6948
172.22.2.4 - - [09/Jul/2024:23:58:50 -0500] "HEAD /BLA/boletinlegal/ HTTP/1.1" 200 -
172.22.2.4 - - [10/Jul/2024:00:00:42 -0500] "GET /BLA/boletinlegal/Directivas/2018/Directiva%20No.%2027%20del%2028%20de%20diciembre%20de%202018.pdf HTTP/1.1" 200 2831879
66.249.66.20 - - [10/Jul/2024:00:00:48 -0500] "GET /BLA/resoluciones/RESOLUCIONES%202021/5029.pdf HTTP/1.1" 200 408930
47.128.99.193 - - [10/Jul/2024:00:00:55 -0500] "GET /BLA/resoluciones/AUTOS%202021/0245.php?act=chmod&f=fzs-2016-09-27.log HTTP/1.1" 200 2710
201.245.192.253 - - [10/Jul/2024:00:01:04 -0500] "GET /kwsrmcab/Wsrmcab?wsdl HTTP/1.1" 200 6948
47.128.96.255 - - [10/Jul/2024:00:01:05 -0500] "GET /BLA/resoluciones/AUTOS%202021/0245.php?act=chmod&f=fzs-2017-08-13.log HTTP/1.1" 200 2710
47.128.59.228 - - [10/Jul/2024:00:01:16 -0500] "GET /BLA/resoluciones/AUTOS%202021/0245.php?act=f&f=fzs-2022-10-15.log HTTP/1.1" 200 2744
172.22.2.4 - - [09/Jul/2024:23:59:40 -0500] "GET /BLA/boletinlegal/ HTTP/1.1" 200 60380
47.128.99.152 - - [10/Jul/2024:00:01:25 -0500] "GET /BLA/resoluciones/AUTOS%202021/0245.php?act=f&f=fzs-2016-07-09.log HTTP/1.1" 200 2745
205.210.31.143 - - [10/Jul/2024:00:01:29 -0500] "\x16\x03\x01" 400 226
205.210.31.143 - - [10/Jul/2024:00:01:30 -0500] "\x16\x03\x01" 400 226
47.128.59.218 - - [10/Jul/2024:00:01:37 -0500] "GET /BLA/resoluciones/AUTOS%202021/0245.php?act=f&f=fzs-2017-08-31.log HTTP/1.1" 200 2746
47.128.52.182 - - [10/Jul/2024:00:01:45 -0500] "GET /BLA/resoluciones/AUTOS%202021/0245.php?act=chmod&f=fzs-2019-04-17.log HTTP/1.1" 200 2710
201.245.192.253 - - [10/Jul/2024:00:01:53 -0500] "POST /sipse/faces/presentacion/financiero/solicitudProceso/consultarSolicitudProceso.xhtml HTTP/1.1" 200 911
201.245.192.253 - - [10/Jul/2024:00:02:04 -0500] "GET /kwsrmcab/Wsrmcab?wsdl HTTP/1.1" 200 6948
47.128.98.133 - - [10/Jul/2024:00:02:05 -0500] "GET /BLA/resoluciones/AUTOS%202021/0245.php?act=chmod&f=fzs-2021-05-11.log HTTP/1.1" 200 2710
47.128.18.52 - - [10/Jul/2024:00:02:15 -0500] "GET /BLA/resoluciones/AUTOS%202021/0245.php?act=chmod&f=fzs-2019-09-19.log HTTP/1.1" 200 2710
47.128.97.241 - - [10/Jul/2024:00:02:25 -0500] "GET /BLA/resoluciones/AUTOS%202021/0245.php?act=f&f=fzs-2018-07-18.log HTTP/1.1" 200 2746
66.249.66.19 - - [10/Jul/2024:00:02:28 -0500] "GET /BLA/boletinlegal/Circulares/2019/Circular%20No.%200003%20del%2031%20de%20Enero%20de%202019.pdf HTTP/1.1" 304 -
47.128.30.186 - - [10/Jul/2024:00:02:31 -0500] "GET /BLA/resoluciones/AUTOS%202021/0245.php?act=f&f=fzs-2018-02-13.log HTTP/1.1" 200 2745
201.245.192.253 - - [10/Jul/2024:00:03:04 -0500] "GET /kwsrmcab/Wsrmcab?wsdl HTTP/1.1" 200 6948
216.245.221.92 - - [10/Jul/2024:00:03:13 -0500] "HEAD / HTTP/1.1" 200 -
47.128.52.12 - - [10/Jul/2024:00:03:16 -0500] "GET /BLA/resoluciones/AUTOS%202021/0245.php?act=f&f=fzs-2019-08-18.log HTTP/1.1" 200 2746
201.245.192.253 - - [10/Jul/2024:00:03:21 -0500] "POST /kwsrmcab/Wsrmcab  HTTP/1.1" 200 38712
47.128.34.98 - - [10/Jul/2024:00:03:26 -0500] "GET /BLA/resoluciones/AUTOS%202021/0245.php?act=f&c=1&f=7411.pdf HTTP/1.1" 200 2736
47.128.53.189 - - [10/Jul/2024:00:03:36 -0500] "GET /BLA/resoluciones/AUTOS%202021/0245.php?act=chmod&f=fzs-2015-10-21.log HTTP/1.1" 200 2710
47.128.32.163 - - [10/Jul/2024:00:03:46 -0500] "GET /BLA/resoluciones/AUTOS%202021/0245.php?act=f&f=fzs-2015-10-07.log HTTP/1.1" 200 2745
47.128.52.131 - - [10/Jul/2024:00:03:56 -0500] "GET /BLA/resoluciones/AUTOS%202021/0245.php?act=chmod&f=fzs-2016-06-06.log HTTP/1.1" 200 2710
201.245.192.253 - - [10/Jul/2024:00:04:04 -0500] "GET /kwsrmcab/Wsrmcab?wsdl HTTP/1.1" 200 6948
47.128.17.199 - - [10/Jul/2024:00:04:06 -0500] "GET /BLA/resoluciones/AUTOS%202021/0245.php?act=chmod&f=fzs-2020-04-11.log HTTP/1.1" 200 2710
47.128.98.26 - - [10/Jul/2024:00:04:17 -0500] "GET /BLA/resoluciones/AUTOS%202021/0245.php?act=f&c=1&f=8347.pdf HTTP/1.1" 200 2736
66.249.66.21 - - [10/Jul/2024:00:04:22 -0500] "GET /BLA/resoluciones/RESOLUCIONES%202009/6369.pdf HTTP/1.1" 200 487949
47.128.36.247 - - [10/Jul/2024:00:04:26 -0500] "GET /BLA/resoluciones/AUTOS%202021/0245.php?act=chmod&f=fzs-2021-02-23.log HTTP/1.1" 200 2710
47.128.36.171 - - [10/Jul/2024:00:04:36 -0500] "GET /BLA/resoluciones/AUTOS%202021/0245.php?act=f&f=fzs-2022-08-02.log HTTP/1.1" 200 2745
47.128.46.229 - - [10/Jul/2024:00:04:47 -0500] "GET /BLA/resoluciones/AUTOS%202021/0245.php?act=f&f=fzs-2020-04-02.log HTTP/1.1" 200 2744
201.245.192.253 - - [10/Jul/2024:00:05:04 -0500] "GET /kwsrmcab/Wsrmcab?wsdl HTTP/1.1" 200 6948
47.128.119.140 - - [10/Jul/2024:00:05:05 -0500] "GET /BLA/resoluciones/AUTOS%202021/0245.php?act=chmod&f=6924.pdf HTTP/1.1" 200 2710
47.128.125.112 - - [10/Jul/2024:00:05:15 -0500] "GET /BLA/resoluciones/AUTOS%202021/0245.php?act=chmod&f=fzs-2016-05-08.log HTTP/1.1" 200 2710
47.128.125.131 - - [10/Jul/2024:00:05:25 -0500] "GET /BLA/resoluciones/AUTOS%202021/0245.php?act=f&f=fzs-2019-11-27.log HTTP/1.1" 200 2745
47.128.36.52 - - [10/Jul/2024:00:05:35 -0500] "GET /BLA/resoluciones/AUTOS%202021/0245.php?act=f&f=fzs-2019-08-22.log HTTP/1.1" 200 2745
47.128.36.80 - - [10/Jul/2024:00:05:45 -0500] "GET /BLA/resoluciones/AUTOS%202021/0245.php?act=f&f=fzs-2022-03-22.log HTTP/1.1" 200 2743
47.128.52.54 - - [10/Jul/2024:00:05:55 -0500] "GET /BLA/resoluciones/AUTOS%202021/0245.php?act=chmod&f=fzs-2020-08-31.log HTTP/1.1" 200 2710
66.249.66.20 - - [10/Jul/2024:00:06:03 -0500] "GET /BLA/resoluciones/RESOLUCIONES%202004/RES%202004%202251-2300/00002263.tif HTTP/1.1" 200 117714
201.245.192.253 - - [10/Jul/2024:00:06:04 -0500] "GET /kwsrmcab/Wsrmcab?wsdl HTTP/1.1" 200 6948
47.128.55.248 - - [10/Jul/2024:00:06:05 -0500] "GET /BLA/resoluciones/AUTOS%202021/0245.php?act=f&f=fzs-2022-11-04.log HTTP/1.1" 200 2743
47.128.55.31 - - [10/Jul/2024:00:06:15 -0500] "GET /BLA/resoluciones/AUTOS%202021/0245.php?act=f&f=fzs-2020-04-19.log HTTP/1.1" 200 2744
172.22.2.4 - - [10/Jul/2024:00:04:40 -0500] "HEAD /BLA/boletinlegal/ HTTP/1.1" 200 -
47.128.55.241 - - [10/Jul/2024:00:06:25 -0500] "GET /BLA/resoluciones/AUTOS%202021/0245.php?act=f&c=1&f=7764.pdf HTTP/1.1" 200 2736
47.128.57.154 - - [10/Jul/2024:00:06:35 -0500] "GET /BLA/resoluciones/AUTOS%202021/0245.php?act=f&f=fzs-2021-07-15.log HTTP/1.1" 200 2743
66.249.66.20 - - [10/Jul/2024:00:06:36 -0500] "GET /BLA/resoluciones/RESOLUCIONES%202007/RES%202007%20801%20AL%20900/RESOLUCION%200811%20DE%202007.pdf HTTP/1.1" 200 280492
201.245.192.253 - - [10/Jul/2024:00:07:04 -0500] "GET /kwsrmcab/Wsrmcab?wsdl HTTP/1.1" 200 6948
172.22.2.4 - - [10/Jul/2024:00:05:30 -0500] "GET /BLA/boletinlegal/ HTTP/1.1" 200 57485
201.245.192.253 - - [10/Jul/2024:00:08:04 -0500] "GET /kwsrmcab/Wsrmcab?wsdl HTTP/1.1" 200 6948
216.245.221.92 - - [10/Jul/2024:00:08:13 -0500] "HEAD / HTTP/1.1" 200 -
201.245.192.253 - - [10/Jul/2024:00:08:21 -0500] "POST /kwsrmcab/Wsrmcab  HTTP/1.1" 200 38712
201.245.192.253 - - [10/Jul/2024:00:09:04 -0500] "GET /kwsrmcab/Wsrmcab?wsdl HTTP/1.1" 200 6948
172.22.2.4 - - [10/Jul/2024:00:08:41 -0500] "GET /BLA/boletinlegal/ HTTP/1.1" 200 24523
201.245.192.253 - - [10/Jul/2024:00:10:04 -0500] "GET /kwsrmcab/Wsrmcab?wsdl HTTP/1.1" 200 6948
201.245.192.253 - - [10/Jul/2024:00:11:04 -0500] "GET /kwsrmcab/Wsrmcab?wsdl HTTP/1.1" 200 6948
201.245.192.253 - - [10/Jul/2024:00:12:04 -0500] "GET /kwsrmcab/Wsrmcab?wsdl HTTP/1.1" 200 6948
172.22.2.4 - - [10/Jul/2024:00:10:30 -0500] "HEAD /BLA/boletinlegal/ HTTP/1.1" 200 -
216.244.66.195 - - [10/Jul/2024:00:12:18 -0500] "GET /BLA/resoluciones/AUTOS%202012/0325.pdf HTTP/1.1" 200 555377
47.128.36.136 - - [10/Jul/2024:00:12:33 -0500] "GET /BLA/resoluciones/AUTOS%202021/0245.php?act=f&f=fzs-2016-06-25.log HTTP/1.1" 200 2746
47.128.60.27 - - [10/Jul/2024:00:12:43 -0500] "GET /BLA/resoluciones/AUTOS%202021/0245.php?act=f&c=1&f=5969.pdf HTTP/1.1" 200 2736
216.244.66.195 - - [10/Jul/2024:00:12:48 -0500] "GET /BLA/resoluciones/AUTOS%202012/1516.pdf HTTP/1.1" 200 293130
47.128.35.81 - - [10/Jul/2024:00:12:53 -0500] "GET /BLA/resoluciones/AUTOS%202021/0245.php?act=chmod&f=fzs-2019-06-11.log HTTP/1.1" 200 2710
172.22.2.4 - - [10/Jul/2024:00:11:20 -0500] "GET /BLA/boletinlegal/ HTTP/1.1" 200 58273
47.128.36.146 - - [10/Jul/2024:00:13:03 -0500] "GET /BLA/resoluciones/AUTOS%202021/0245.php?act=chmod&f=fzs-2017-05-06.log HTTP/1.1" 200 2710
201.245.192.253 - - [10/Jul/2024:00:13:04 -0500] "GET /kwsrmcab/Wsrmcab?wsdl HTTP/1.1" 200 6948
216.245.221.92 - - [10/Jul/2024:00:13:13 -0500] "HEAD / HTTP/1.1" 200 -
47.128.35.96 - - [10/Jul/2024:00:13:13 -0500] "GET /BLA/resoluciones/AUTOS%202021/0245.php?act=chmod&f=fzs-2022-12-06.log HTTP/1.1" 200 2710
201.245.192.253 - - [10/Jul/2024:00:13:19 -0500] "POST /kwsrmcab/Wsrmcab  HTTP/1.1" 200 38712
47.128.53.66 - - [10/Jul/2024:00:13:23 -0500] "GET /BLA/resoluciones/AUTOS%202021/0245.php?act=chmod&f=fzs-2021-07-30.log HTTP/1.1" 200 2710
216.244.66.195 - - [10/Jul/2024:00:13:33 -0500] "GET /BLA/resoluciones/RESOLUCIONES%202019/1773.pdf HTTP/1.1" 200 315233
47.128.53.64 - - [10/Jul/2024:00:13:33 -0500] "GET /BLA/resoluciones/AUTOS%202021/0245.php?act=f&f=fzs-2016-10-04.log HTTP/1.1" 200 2745
47.128.44.157 - - [10/Jul/2024:00:13:44 -0500] "GET /BLA/resoluciones/AUTOS%202021/0245.php?act=f&f=6784.pdf HTTP/1.1" 200 2736
47.128.38.66 - - [10/Jul/2024:00:13:53 -0500] "GET /BLA/resoluciones/AUTOS%202021/0245.php?act=chmod&f=fzs-2021-02-01.log HTTP/1.1" 200 2710
47.128.31.200 - - [10/Jul/2024:00:14:03 -0500] "GET /BLA/resoluciones/AUTOS%202021/0245.php?act=f&f=fzs-2016-05-04.log HTTP/1.1" 200 2745
201.245.192.253 - - [10/Jul/2024:00:14:04 -0500] "GET /kwsrmcab/Wsrmcab?wsdl HTTP/1.1" 200 6948
66.249.66.21 - - [10/Jul/2024:00:14:07 -0500] "GET /BLA/resoluciones/Notificaciones/AUTOS%202022/8110.pdf HTTP/1.1" 200 401416
47.128.31.78 - - [10/Jul/2024:00:14:13 -0500] "GET /BLA/resoluciones/AUTOS%202021/0245.php?act=chmod&f=fzs-2020-04-08.log HTTP/1.1" 200 2710
216.244.66.195 - - [10/Jul/2024:00:14:21 -0500] "GET /BLA/resoluciones/RESOLUCIONES%202019/1872.pdf HTTP/1.1" 200 298392
47.128.60.236 - - [10/Jul/2024:00:14:23 -0500] "GET /BLA/resoluciones/AUTOS%202021/0245.php?act=f&f=fzs-2017-05-15.log HTTP/1.1" 200 2745
47.128.62.240 - - [10/Jul/2024:00:14:33 -0500] "GET /BLA/resoluciones/AUTOS%202021/0245.php?act=chmod&f=fzs-2019-08-10.log HTTP/1.1" 200 2710
47.128.60.64 - - [10/Jul/2024:00:14:43 -0500] "GET /BLA/resoluciones/AUTOS%202021/0245.php?act=f&c=1&f=sess_sl6ofoh3nj4mjbupi4v5hkcur3 HTTP/1.1" 200 2756
47.128.25.224 - - [10/Jul/2024:00:14:53 -0500] "GET /BLA/resoluciones/AUTOS%202021/0245.php?act=chmod&f=fzs-2020-11-16.log HTTP/1.1" 200 2710
47.128.123.149 - - [10/Jul/2024:00:15:03 -0500] "GET /BLA/resoluciones/AUTOS%202021/0245.php?act=f&f=4845.pdf HTTP/1.1" 200 2736
201.245.192.253 - - [10/Jul/2024:00:15:04 -0500] "GET /kwsrmcab/Wsrmcab?wsdl HTTP/1.1" 200 6948
216.244.66.195 - - [10/Jul/2024:00:15:11 -0500] "GET /BLA/resoluciones/RESOLUCIONES%202019/2468.pdf HTTP/1.1" 200 6816582
47.128.55.235 - - [10/Jul/2024:00:15:13 -0500] "GET /BLA/resoluciones/AUTOS%202021/0245.php?act=chmod&f=fzs-2017-03-16.log HTTP/1.1" 200 2710
47.128.19.240 - - [10/Jul/2024:00:15:23 -0500] "GET /BLA/resoluciones/AUTOS%202021/0245.php?act=f&f=fzs-2018-01-27.log HTTP/1.1" 200 2746
47.128.122.139 - - [10/Jul/2024:00:15:33 -0500] "GET /BLA/resoluciones/AUTOS%202021/0245.php?act=chmod&f=fzs-2017-10-25.log HTTP/1.1" 200 2710
47.128.23.67 - - [10/Jul/2024:00:15:43 -0500] "GET /BLA/resoluciones/AUTOS%202021/0245.php?act=f&f=fzs-2016-08-12.log HTTP/1.1" 200 2746
66.249.66.19 - - [10/Jul/2024:00:15:53 -0500] "GET /BLA/resoluciones/RESOLUCIONES%202010/6698.pdf HTTP/1.1" 200 769483
216.244.66.195 - - [10/Jul/2024:00:16:01 -0500] "GET /BLA/resoluciones/RESOLUCIONES%202019/3218.pdf HTTP/1.1" 200 372520
201.245.192.253 - - [10/Jul/2024:00:16:04 -0500] "GET /kwsrmcab/Wsrmcab?wsdl HTTP/1.1" 200 6948
47.128.32.223 - - [10/Jul/2024:00:16:21 -0500] "GET /BLA/resoluciones/AUTOS%202021/0245.php?act=f&f=fzs-2018-08-05.log HTTP/1.1" 200 2745
47.128.47.17 - - [10/Jul/2024:00:16:31 -0500] "GET /BLA/resoluciones/AUTOS%202021/0245.php?act=chmod&f=7150.pdf HTTP/1.1" 200 2710
66.249.66.20 - - [10/Jul/2024:00:16:38 -0500] "GET /BLA/resoluciones/RESOLUCIONES%202002/RES%202002%201301-1350/20021312.tif HTTP/1.1" 200 61748
47.128.25.39 - - [10/Jul/2024:00:16:41 -0500] "GET /BLA/resoluciones/AUTOS%202021/0245.php?act=chmod&f=fzs-2020-06-03.log HTTP/1.1" 200 2710
47.128.25.227 - - [10/Jul/2024:00:16:51 -0500] "GET /BLA/resoluciones/AUTOS%202021/0245.php?act=f&f=6670.pdf HTTP/1.1" 200 2736
216.244.66.195 - - [10/Jul/2024:00:16:51 -0500] "GET /BLA/resoluciones/RESOLUCIONES%202019/3329.pdf HTTP/1.1" 200 316507
47.128.34.79 - - [10/Jul/2024:00:17:01 -0500] "GET /BLA/resoluciones/AUTOS%202021/0245.php?act=f&f=fzs-2017-07-28.log HTTP/1.1" 200 2746
201.245.192.253 - - [10/Jul/2024:00:17:04 -0500] "GET /kwsrmcab/Wsrmcab?wsdl HTTP/1.1" 200 6948
47.128.52.51 - - [10/Jul/2024:00:17:11 -0500] "GET /BLA/resoluciones/AUTOS%202021/0245.php?act=f&f=fzs-2016-04-07.log HTTP/1.1" 200 2745
172.22.2.4 - - [10/Jul/2024:00:17:15 -0500] "GET /BLA/boletinlegal/favicon.ico HTTP/1.1" 404 1018
47.128.120.22 - - [10/Jul/2024:00:17:21 -0500] "GET /BLA/resoluciones/AUTOS%202021/0245.php?act=f&f=fzs-2017-11-01.log HTTP/1.1" 200 2745
47.128.111.98 - - [10/Jul/2024:00:17:31 -0500] "GET /BLA/resoluciones/AUTOS%202021/0245.php?act=chmod&f=fzs-2017-09-18.log HTTP/1.1" 200 2710
216.244.66.195 - - [10/Jul/2024:00:17:33 -0500] "GET /BLA/resoluciones/RESOLUCIONES%202019/3366.pdf HTTP/1.1" 200 783461
47.128.116.159 - - [10/Jul/2024:00:17:41 -0500] "GET /BLA/resoluciones/AUTOS%202021/0245.php?act=f&f=6489.pdf HTTP/1.1" 200 2736
47.128.120.2 - - [10/Jul/2024:00:17:51 -0500] "GET /BLA/resoluciones/AUTOS%202021/0245.php?act=chmod&f=fzs-2022-08-24.log HTTP/1.1" 200 2710
172.22.2.4 - - [10/Jul/2024:00:16:19 -0500] "HEAD /BLA/boletinlegal/ HTTP/1.1" 200 -
47.128.46.189 - - [10/Jul/2024:00:18:01 -0500] "GET /BLA/resoluciones/AUTOS%202021/0245.php?act=f&f=7156.pdf HTTP/1.1" 200 2736
201.245.192.253 - - [10/Jul/2024:00:18:04 -0500] "GET /kwsrmcab/Wsrmcab?wsdl HTTP/1.1" 200 6948
47.128.44.120 - - [10/Jul/2024:00:18:11 -0500] "GET /BLA/resoluciones/AUTOS%202021/0245.php?act=f&c=1&f=8596.pdf HTTP/1.1" 200 2736
216.245.221.92 - - [10/Jul/2024:00:18:13 -0500] "HEAD / HTTP/1.1" 200 -
181.53.14.143 - - [10/Jul/2024:00:18:14 -0500] "POST /sipse/faces/presentacion/financiero/solicitudProceso/listarSolicitudProceso.xhtml HTTP/1.1" 200 13567
181.53.14.143 - - [10/Jul/2024:00:18:16 -0500] "POST /sipse/faces/presentacion/financiero/solicitudProceso/listarSolicitudProceso.xhtml HTTP/1.1" 200 120027
181.53.14.143 - - [10/Jul/2024:00:18:18 -0500] "GET /sipse/faces/javax.faces.resource/theme.css?ln=primefaces-sipse HTTP/1.1" 304 -
181.53.14.143 - - [10/Jul/2024:00:18:18 -0500] "GET /sipse/faces/javax.faces.resource/primefaces.css?ln=primefaces&v=4.0 HTTP/1.1" 304 -
181.53.14.143 - - [10/Jul/2024:00:18:18 -0500] "GET /sipse/faces/javax.faces.resource/layout/layout.css?ln=primefaces&v=4.0 HTTP/1.1" 304 -
201.245.192.253 - - [10/Jul/2024:00:18:18 -0500] "POST /kwsrmcab/Wsrmcab  HTTP/1.1" 200 38712
181.53.14.143 - - [10/Jul/2024:00:18:18 -0500] "GET /sipse/faces/javax.faces.resource/jquery/jquery.js?ln=primefaces&v=4.0 HTTP/1.1" 304 -
181.53.14.143 - - [10/Jul/2024:00:18:18 -0500] "GET /sipse/faces/javax.faces.resource/jquery/jquery-plugins.js?ln=primefaces&v=4.0 HTTP/1.1" 304 -
181.53.14.143 - - [10/Jul/2024:00:18:18 -0500] "GET /sipse/faces/javax.faces.resource/primefaces.js?ln=primefaces&v=4.0 HTTP/1.1" 304 -
181.53.14.143 - - [10/Jul/2024:00:18:18 -0500] "GET /sipse/faces/javax.faces.resource/layout/layout.js?ln=primefaces&v=4.0 HTTP/1.1" 304 -
181.53.14.143 - - [10/Jul/2024:00:18:19 -0500] "GET /sipse/css/imagen/contrasena.png HTTP/1.1" 404 383
47.128.97.195 - - [10/Jul/2024:00:18:21 -0500] "GET /BLA/resoluciones/AUTOS%202021/0245.php?act=chmod&f=fzs-2021-10-17.log HTTP/1.1" 200 2710
216.244.66.195 - - [10/Jul/2024:00:18:23 -0500] "GET /BLA/resoluciones/RESOLUCIONES%202019/3630.pdf HTTP/1.1" 200 593812
47.128.44.203 - - [10/Jul/2024:00:18:31 -0500] "GET /BLA/resoluciones/AUTOS%202021/0245.php?act=f&f=fzs-2019-03-01.log HTTP/1.1" 200 2745
47.128.61.126 - - [10/Jul/2024:00:18:41 -0500] "GET /BLA/resoluciones/AUTOS%202021/0245.php?act=f&f=fzs-2018-05-21.log HTTP/1.1" 200 2746
172.22.2.4 - - [10/Jul/2024:00:17:10 -0500] "GET /BLA/boletinlegal/ HTTP/1.1" 200 57136
47.128.38.71 - - [10/Jul/2024:00:18:51 -0500] "GET /BLA/resoluciones/AUTOS%202021/0245.php?act=chmod&f=fzs-2015-12-28.log HTTP/1.1" 200 2710
181.53.14.143 - - [10/Jul/2024:00:18:57 -0500] "POST /sipse/faces/presentacion/financiero/solicitudProceso/consultarSolicitudProceso.xhtml HTTP/1.1" 200 46034
181.53.14.143 - - [10/Jul/2024:00:18:58 -0500] "GET /sipse/faces/javax.faces.resource/theme.css?ln=primefaces-sipse HTTP/1.1" 304 -
181.53.14.143 - - [10/Jul/2024:00:18:58 -0500] "GET /sipse/faces/javax.faces.resource/primefaces.css?ln=primefaces&v=4.0 HTTP/1.1" 304 -
181.53.14.143 - - [10/Jul/2024:00:18:58 -0500] "GET /sipse/faces/javax.faces.resource/layout/layout.css?ln=primefaces&v=4.0 HTTP/1.1" 304 -
181.53.14.143 - - [10/Jul/2024:00:18:58 -0500] "GET /sipse/faces/javax.faces.resource/jquery/jquery.js?ln=primefaces&v=4.0 HTTP/1.1" 304 -
181.53.14.143 - - [10/Jul/2024:00:18:58 -0500] "GET /sipse/faces/javax.faces.resource/jquery/jquery-plugins.js?ln=primefaces&v=4.0 HTTP/1.1" 304 -
181.53.14.143 - - [10/Jul/2024:00:19:00 -0500] "GET /sipse/faces/javax.faces.resource/primefaces.js?ln=primefaces&v=4.0 HTTP/1.1" 304 -
181.53.14.143 - - [10/Jul/2024:00:19:00 -0500] "GET /sipse/faces/javax.faces.resource/layout/layout.js?ln=primefaces&v=4.0 HTTP/1.1" 304 -
47.128.38.32 - - [10/Jul/2024:00:19:01 -0500] "GET /BLA/resoluciones/AUTOS%202021/0245.php?act=f&f=fzs-2024-06-14.log HTTP/1.1" 200 2744
201.245.192.253 - - [10/Jul/2024:00:19:04 -0500] "GET /kwsrmcab/Wsrmcab?wsdl HTTP/1.1" 200 6948
47.128.38.136 - - [10/Jul/2024:00:19:11 -0500] "GET /BLA/resoluciones/AUTOS%202021/0245.php?act=chmod&f=fzs-2019-09-01.log HTTP/1.1" 200 2710
216.244.66.195 - - [10/Jul/2024:00:19:13 -0500] "GET /BLA/resoluciones/RESOLUCIONES%202019/4837.pdf HTTP/1.1" 200 365830
172.22.2.4 - - [10/Jul/2024:00:18:40 -0500] "GET /BLA/boletinlegal/ HTTP/1.1" 200 24523
47.128.38.63 - - [10/Jul/2024:00:19:21 -0500] "GET /BLA/resoluciones/AUTOS%202021/0245.php?act=chmod&f=fzs-2016-02-22.log HTTP/1.1" 200 2710
181.53.14.143 - - [10/Jul/2024:00:19:22 -0500] "POST /sipse/faces/presentacion/financiero/estudioPrevio/personalSolicitado/personalSolicitadoSolicitudProceso.xhtml HTTP/1.1" 200 7051
47.128.39.66 - - [10/Jul/2024:00:19:31 -0500] "GET /BLA/resoluciones/AUTOS%202021/0245.php?act=f&f=fzs-2018-09-13.log HTTP/1.1" 200 2745
181.53.14.143 - - [10/Jul/2024:00:19:34 -0500] "POST /sipse/faces/presentacion/financiero/estudioPrevio/personalSolicitado/personalSolicitadoSolicitudProceso.xhtml HTTP/1.1" 200 36776
181.53.14.143 - - [10/Jul/2024:00:19:35 -0500] "GET /sipse/faces/javax.faces.resource/theme.css?ln=primefaces-sipse HTTP/1.1" 304 -
181.53.14.143 - - [10/Jul/2024:00:19:35 -0500] "GET /sipse/faces/javax.faces.resource/primefaces.css?ln=primefaces&v=4.0 HTTP/1.1" 304 -
181.53.14.143 - - [10/Jul/2024:00:19:35 -0500] "GET /sipse/faces/javax.faces.resource/layout/layout.css?ln=primefaces&v=4.0 HTTP/1.1" 304 -
181.53.14.143 - - [10/Jul/2024:00:19:35 -0500] "GET /sipse/faces/javax.faces.resource/jquery/jquery.js?ln=primefaces&v=4.0 HTTP/1.1" 304 -
181.53.14.143 - - [10/Jul/2024:00:19:35 -0500] "GET /sipse/faces/javax.faces.resource/jquery/jquery-plugins.js?ln=primefaces&v=4.0 HTTP/1.1" 304 -
181.53.14.143 - - [10/Jul/2024:00:19:36 -0500] "GET /sipse/faces/javax.faces.resource/primefaces.js?ln=primefaces&v=4.0 HTTP/1.1" 304 -
181.53.14.143 - - [10/Jul/2024:00:19:36 -0500] "GET /sipse/faces/javax.faces.resource/layout/layout.js?ln=primefaces&v=4.0 HTTP/1.1" 304 -
181.53.14.143 - - [10/Jul/2024:00:19:40 -0500] "POST /sipse/faces/presentacion/financiero/estudioPrevio/personalSolicitado/asociarProfesionPersonalSolicitado.xhtml HTTP/1.1" 200 21401
181.53.14.143 - - [10/Jul/2024:00:19:41 -0500] "POST /sipse/faces/presentacion/financiero/estudioPrevio/personalSolicitado/asociarProfesionPersonalSolicitado.xhtml HTTP/1.1" 200 21401
181.53.14.143 - - [10/Jul/2024:00:19:43 -0500] "POST /sipse/faces/presentacion/financiero/estudioPrevio/personalSolicitado/asociarProfesionPersonalSolicitado.xhtml HTTP/1.1" 200 21157
181.53.14.143 - - [10/Jul/2024:00:19:44 -0500] "POST /sipse/faces/presentacion/financiero/estudioPrevio/personalSolicitado/asociarProfesionPersonalSolicitado.xhtml HTTP/1.1" 200 20787
181.53.14.143 - - [10/Jul/2024:00:19:45 -0500] "POST /sipse/faces/presentacion/financiero/estudioPrevio/personalSolicitado/asociarProfesionPersonalSolicitado.xhtml HTTP/1.1" 200 20877
47.128.58.106 - - [10/Jul/2024:00:19:41 -0500] "GET /BLA/resoluciones/AUTOS%202021/0245.php?act=f&d=E%3A%5Cnuevo%5Chtdocs%5CBLA%5Cresoluciones%5CAUTOS+2021%5C&f=2611.pdf&ft=info&fullhexdump=1 HTTP/1.1" 200 668438
181.53.14.143 - - [10/Jul/2024:00:19:48 -0500] "POST /sipse/faces/presentacion/financiero/estudioPrevio/personalSolicitado/asociarProfesionPersonalSolicitado.xhtml HTTP/1.1" 200 50725
181.53.14.143 - - [10/Jul/2024:00:19:49 -0500] "GET /sipse/faces/javax.faces.resource/primefaces.css?ln=primefaces&v=4.0 HTTP/1.1" 304 -
181.53.14.143 - - [10/Jul/2024:00:19:49 -0500] "GET /sipse/faces/javax.faces.resource/theme.css?ln=primefaces-sipse HTTP/1.1" 304 -
181.53.14.143 - - [10/Jul/2024:00:19:49 -0500] "GET /sipse/faces/javax.faces.resource/jquery/jquery.js?ln=primefaces&v=4.0 HTTP/1.1" 304 -
181.53.14.143 - - [10/Jul/2024:00:19:49 -0500] "GET /sipse/faces/javax.faces.resource/layout/layout.css?ln=primefaces&v=4.0 HTTP/1.1" 304 -
181.53.14.143 - - [10/Jul/2024:00:19:49 -0500] "GET /sipse/faces/javax.faces.resource/jquery/jquery-plugins.js?ln=primefaces&v=4.0 HTTP/1.1" 304 -
181.53.14.143 - - [10/Jul/2024:00:19:49 -0500] "GET /sipse/faces/javax.faces.resource/primefaces.js?ln=primefaces&v=4.0 HTTP/1.1" 304 -
181.53.14.143 - - [10/Jul/2024:00:19:49 -0500] "GET /sipse/faces/javax.faces.resource/layout/layout.js?ln=primefaces&v=4.0 HTTP/1.1" 304 -
47.128.99.162 - - [10/Jul/2024:00:19:51 -0500] "GET /BLA/resoluciones/AUTOS%202021/0245.php?act=f&d=E%3A%5Cnuevo%5Chtdocs%5Ccumbredelclima%5Cwp-includes%5C&f=cron.php&ft=download&white=1 HTTP/1.1" 200 14293
181.53.14.143 - - [10/Jul/2024:00:19:54 -0500] "POST /sipse/faces/presentacion/financiero/estudioPrevio/personalSolicitado/personalSolicitadoSolicitudProceso.xhtml HTTP/1.1" 200 36779
181.53.14.143 - - [10/Jul/2024:00:19:55 -0500] "GET /sipse/faces/javax.faces.resource/theme.css?ln=primefaces-sipse HTTP/1.1" 304 -
181.53.14.143 - - [10/Jul/2024:00:19:55 -0500] "GET /sipse/faces/javax.faces.resource/primefaces.css?ln=primefaces&v=4.0 HTTP/1.1" 304 -
181.53.14.143 - - [10/Jul/2024:00:19:55 -0500] "GET /sipse/faces/javax.faces.resource/jquery/jquery.js?ln=primefaces&v=4.0 HTTP/1.1" 304 -
181.53.14.143 - - [10/Jul/2024:00:19:55 -0500] "GET /sipse/faces/javax.faces.resource/layout/layout.css?ln=primefaces&v=4.0 HTTP/1.1" 304 -
181.53.14.143 - - [10/Jul/2024:00:19:55 -0500] "GET /sipse/faces/javax.faces.resource/jquery/jquery-plugins.js?ln=primefaces&v=4.0 HTTP/1.1" 304 -
181.53.14.143 - - [10/Jul/2024:00:19:55 -0500] "GET /sipse/faces/javax.faces.resource/primefaces.js?ln=primefaces&v=4.0 HTTP/1.1" 304 -
181.53.14.143 - - [10/Jul/2024:00:19:55 -0500] "GET /sipse/faces/javax.faces.resource/layout/layout.js?ln=primefaces&v=4.0 HTTP/1.1" 304 -
216.244.66.195 - - [10/Jul/2024:00:19:59 -0500] "GET /BLA/resoluciones/AUTOS%202019/0285.pdf HTTP/1.1" 200 257430
47.128.62.66 - - [10/Jul/2024:00:20:01 -0500] "GET /BLA/resoluciones/AUTOS%202021/0245.php?act=f&d=C%3A%5CUsers&f=desktop.ini&ft=download HTTP/1.1" 200 174
181.53.14.143 - - [10/Jul/2024:00:20:00 -0500] "POST /sipse/faces/presentacion/financiero/estudioPrevio/personalSolicitado/asociarProfesionPersonalSolicitado.xhtml HTTP/1.1" 200 21157
181.53.14.143 - - [10/Jul/2024:00:20:02 -0500] "POST /sipse/faces/presentacion/financiero/estudioPrevio/personalSolicitado/asociarProfesionPersonalSolicitado.xhtml HTTP/1.1" 200 21033
181.53.14.143 - - [10/Jul/2024:00:20:02 -0500] "POST /sipse/faces/presentacion/financiero/estudioPrevio/personalSolicitado/asociarProfesionPersonalSolicitado.xhtml HTTP/1.1" 200 21033
181.53.14.143 - - [10/Jul/2024:00:20:04 -0500] "POST /sipse/faces/presentacion/financiero/estudioPrevio/personalSolicitado/asociarProfesionPersonalSolicitado.xhtml HTTP/1.1" 200 21033
201.245.192.253 - - [10/Jul/2024:00:20:04 -0500] "GET /kwsrmcab/Wsrmcab?wsdl HTTP/1.1" 200 6948
181.53.14.143 - - [10/Jul/2024:00:20:04 -0500] "POST /sipse/faces/presentacion/financiero/estudioPrevio/personalSolicitado/asociarProfesionPersonalSolicitado.xhtml HTTP/1.1" 200 21037
181.53.14.143 - - [10/Jul/2024:00:20:06 -0500] "POST /sipse/faces/presentacion/financiero/estudioPrevio/personalSolicitado/asociarProfesionPersonalSolicitado.xhtml HTTP/1.1" 200 21033
47.128.113.170 - - [10/Jul/2024:00:20:11 -0500] "GET /BLA/resoluciones/AUTOS%202021/0245.php?act=f&f=fzs-2023-02-24.log HTTP/1.1" 200 2744
181.53.14.143 - - [10/Jul/2024:00:20:11 -0500] "POST /sipse/faces/presentacion/financiero/estudioPrevio/personalSolicitado/asociarProfesionPersonalSolicitado.xhtml HTTP/1.1" 200 20952
181.53.14.143 - - [10/Jul/2024:00:20:14 -0500] "POST /sipse/faces/presentacion/financiero/estudioPrevio/personalSolicitado/asociarProfesionPersonalSolicitado.xhtml HTTP/1.1" 200 21016
181.53.14.143 - - [10/Jul/2024:00:20:19 -0500] "POST /sipse/faces/presentacion/financiero/estudioPrevio/personalSolicitado/asociarProfesionPersonalSolicitado.xhtml HTTP/1.1" 200 20952
47.128.35.117 - - [10/Jul/2024:00:20:21 -0500] "GET /BLA/resoluciones/AUTOS%202021/0245.php?act=chmod&f=fzs-2021-09-06.log HTTP/1.1" 200 2710
181.53.14.143 - - [10/Jul/2024:00:20:25 -0500] "POST /sipse/faces/presentacion/financiero/estudioPrevio/personalSolicitado/asociarProfesionPersonalSolicitado.xhtml HTTP/1.1" 200 21016
172.22.2.4 - - [10/Jul/2024:00:20:25 -0500] "GET /BLA/boletinlegal/robots.txt HTTP/1.1" 404 1038
181.53.14.143 - - [10/Jul/2024:00:20:26 -0500] "POST /sipse/faces/presentacion/financiero/estudioPrevio/personalSolicitado/asociarProfesionPersonalSolicitado.xhtml HTTP/1.1" 200 21220
181.53.14.143 - - [10/Jul/2024:00:20:27 -0500] "POST /sipse/faces/presentacion/financiero/estudioPrevio/personalSolicitado/asociarProfesionPersonalSolicitado.xhtml HTTP/1.1" 200 21100
181.53.14.143 - - [10/Jul/2024:00:20:29 -0500] "POST /sipse/faces/presentacion/financiero/estudioPrevio/personalSolicitado/asociarProfesionPersonalSolicitado.xhtml HTTP/1.1" 200 21280
181.53.14.143 - - [10/Jul/2024:00:20:30 -0500] "POST /sipse/faces/presentacion/financiero/estudioPrevio/personalSolicitado/asociarProfesionPersonalSolicitado.xhtml HTTP/1.1" 200 21235
201.245.192.253 - - [10/Jul/2024:00:20:31 -0500] "POST /kwsrmcab/Wsrmcab HTTP/1.1" 200 36754
181.53.14.143 - - [10/Jul/2024:00:20:35 -0500] "POST /sipse/faces/presentacion/financiero/estudioPrevio/personalSolicitado/asociarProfesionPersonalSolicitado.xhtml HTTP/1.1" 200 53268
201.245.192.253 - - [10/Jul/2024:00:20:32 -0500] "POST /kwsrmcab/Wsrmcab HTTP/1.1" 200 34312
181.53.14.143 - - [10/Jul/2024:00:20:35 -0500] "GET /sipse/faces/javax.faces.resource/theme.css?ln=primefaces-sipse HTTP/1.1" 304 -
181.53.14.143 - - [10/Jul/2024:00:20:35 -0500] "GET /sipse/faces/javax.faces.resource/primefaces.css?ln=primefaces&v=4.0 HTTP/1.1" 304 -
181.53.14.143 - - [10/Jul/2024:00:20:35 -0500] "GET /sipse/faces/javax.faces.resource/layout/layout.css?ln=primefaces&v=4.0 HTTP/1.1" 304 -
181.53.14.143 - - [10/Jul/2024:00:20:35 -0500] "GET /sipse/faces/javax.faces.resource/jquery/jquery-plugins.js?ln=primefaces&v=4.0 HTTP/1.1" 304 -
181.53.14.143 - - [10/Jul/2024:00:20:35 -0500] "GET /sipse/faces/javax.faces.resource/primefaces.js?ln=primefaces&v=4.0 HTTP/1.1" 304 -
181.53.14.143 - - [10/Jul/2024:00:20:35 -0500] "GET /sipse/faces/javax.faces.resource/jquery/jquery.js?ln=primefaces&v=4.0 HTTP/1.1" 304 -
181.53.14.143 - - [10/Jul/2024:00:20:35 -0500] "GET /sipse/faces/javax.faces.resource/layout/layout.js?ln=primefaces&v=4.0 HTTP/1.1" 304 -
201.245.192.253 - - [10/Jul/2024:00:20:33 -0500] "POST /kwsrmcab/Wsrmcab HTTP/1.1" 200 32424
47.128.114.11 - - [10/Jul/2024:00:20:36 -0500] "GET /BLA/resoluciones/AUTOS%202021/0245.php?act=f&f=fzs-2017-01-28.log HTTP/1.1" 200 2746
216.244.66.195 - - [10/Jul/2024:00:20:38 -0500] "GET /BLA/resoluciones/AUTOS%202019/0423.pdf HTTP/1.1" 200 248207
47.128.18.56 - - [10/Jul/2024:00:20:41 -0500] "GET /BLA/resoluciones/AUTOS%202021/0245.php?act=chmod&f=fzs-2021-10-28.log HTTP/1.1" 200 2710
181.53.14.143 - - [10/Jul/2024:00:20:42 -0500] "POST /sipse/faces/presentacion/financiero/estudioPrevio/personalSolicitado/personalSolicitadoSolicitudProceso.xhtml HTTP/1.1" 200 36788
181.53.14.143 - - [10/Jul/2024:00:20:42 -0500] "GET /sipse/faces/javax.faces.resource/theme.css?ln=primefaces-sipse HTTP/1.1" 304 -
181.53.14.143 - - [10/Jul/2024:00:20:42 -0500] "GET /sipse/faces/javax.faces.resource/primefaces.css?ln=primefaces&v=4.0 HTTP/1.1" 304 -
181.53.14.143 - - [10/Jul/2024:00:20:42 -0500] "GET /sipse/faces/javax.faces.resource/layout/layout.css?ln=primefaces&v=4.0 HTTP/1.1" 304 -
181.53.14.143 - - [10/Jul/2024:00:20:42 -0500] "GET /sipse/faces/javax.faces.resource/jquery/jquery.js?ln=primefaces&v=4.0 HTTP/1.1" 304 -
181.53.14.143 - - [10/Jul/2024:00:20:42 -0500] "GET /sipse/faces/javax.faces.resource/jquery/jquery-plugins.js?ln=primefaces&v=4.0 HTTP/1.1" 304 -
181.53.14.143 - - [10/Jul/2024:00:20:42 -0500] "GET /sipse/faces/javax.faces.resource/primefaces.js?ln=primefaces&v=4.0 HTTP/1.1" 304 -
181.53.14.143 - - [10/Jul/2024:00:20:42 -0500] "GET /sipse/faces/javax.faces.resource/layout/layout.js?ln=primefaces&v=4.0 HTTP/1.1" 304 -
181.53.14.143 - - [10/Jul/2024:00:20:46 -0500] "POST /sipse/faces/presentacion/financiero/estudioPrevio/personalSolicitado/asociarProfesionPersonalSolicitado.xhtml HTTP/1.1" 200 21076
181.53.14.143 - - [10/Jul/2024:00:20:48 -0500] "POST /sipse/faces/presentacion/financiero/estudioPrevio/personalSolicitado/asociarProfesionPersonalSolicitado.xhtml HTTP/1.1" 200 21211
181.53.14.143 - - [10/Jul/2024:00:20:50 -0500] "POST /sipse/faces/presentacion/financiero/estudioPrevio/personalSolicitado/asociarProfesionPersonalSolicitado.xhtml HTTP/1.1" 200 21328
47.128.19.127 - - [10/Jul/2024:00:20:51 -0500] "GET /BLA/resoluciones/AUTOS%202021/0245.php?act=chmod&f=fzs-2019-12-25.log HTTP/1.1" 200 2710
181.53.14.143 - - [10/Jul/2024:00:20:53 -0500] "GET /sipse/faces/javax.faces.resource/theme.css?ln=primefaces-sipse HTTP/1.1" 304 -
181.53.14.143 - - [10/Jul/2024:00:20:53 -0500] "POST /sipse/faces/presentacion/financiero/estudioPrevio/personalSolicitado/asociarProfesionPersonalSolicitado.xhtml HTTP/1.1" 200 54543
181.53.14.143 - - [10/Jul/2024:00:20:53 -0500] "GET /sipse/faces/javax.faces.resource/jquery/jquery.js?ln=primefaces&v=4.0 HTTP/1.1" 304 -
181.53.14.143 - - [10/Jul/2024:00:20:53 -0500] "GET /sipse/faces/javax.faces.resource/primefaces.css?ln=primefaces&v=4.0 HTTP/1.1" 304 -
181.53.14.143 - - [10/Jul/2024:00:20:53 -0500] "GET /sipse/faces/javax.faces.resource/jquery/jquery-plugins.js?ln=primefaces&v=4.0 HTTP/1.1" 304 -
181.53.14.143 - - [10/Jul/2024:00:20:53 -0500] "GET /sipse/faces/javax.faces.resource/layout/layout.css?ln=primefaces&v=4.0 HTTP/1.1" 304 -
181.53.14.143 - - [10/Jul/2024:00:20:54 -0500] "GET /sipse/faces/javax.faces.resource/primefaces.js?ln=primefaces&v=4.0 HTTP/1.1" 304 -
181.53.14.143 - - [10/Jul/2024:00:20:54 -0500] "GET /sipse/faces/javax.faces.resource/layout/layout.js?ln=primefaces&v=4.0 HTTP/1.1" 304 -
181.53.14.143 - - [10/Jul/2024:00:20:56 -0500] "POST /sipse/faces/presentacion/financiero/estudioPrevio/personalSolicitado/personalSolicitadoSolicitudProceso.xhtml HTTP/1.1" 200 36803
181.53.14.143 - - [10/Jul/2024:00:20:57 -0500] "GET /sipse/faces/javax.faces.resource/theme.css?ln=primefaces-sipse HTTP/1.1" 304 -
181.53.14.143 - - [10/Jul/2024:00:20:57 -0500] "GET /sipse/faces/javax.faces.resource/primefaces.css?ln=primefaces&v=4.0 HTTP/1.1" 304 -
181.53.14.143 - - [10/Jul/2024:00:20:57 -0500] "GET /sipse/faces/javax.faces.resource/layout/layout.css?ln=primefaces&v=4.0 HTTP/1.1" 304 -
181.53.14.143 - - [10/Jul/2024:00:20:57 -0500] "GET /sipse/faces/javax.faces.resource/jquery/jquery.js?ln=primefaces&v=4.0 HTTP/1.1" 304 -
181.53.14.143 - - [10/Jul/2024:00:20:57 -0500] "GET /sipse/faces/javax.faces.resource/jquery/jquery-plugins.js?ln=primefaces&v=4.0 HTTP/1.1" 304 -
181.53.14.143 - - [10/Jul/2024:00:20:57 -0500] "GET /sipse/faces/javax.faces.resource/primefaces.js?ln=primefaces&v=4.0 HTTP/1.1" 304 -
181.53.14.143 - - [10/Jul/2024:00:20:57 -0500] "GET /sipse/faces/javax.faces.resource/layout/layout.js?ln=primefaces&v=4.0 HTTP/1.1" 304 -
47.128.48.218 - - [10/Jul/2024:00:21:01 -0500] "GET /BLA/resoluciones/AUTOS%202021/0245.php?act=chmod&f=fzs-2019-11-08.log HTTP/1.1" 200 2710
181.53.14.143 - - [10/Jul/2024:00:21:01 -0500] "POST /sipse/faces/presentacion/financiero/estudioPrevio/personalSolicitado/asociarProfesionPersonalSolicitado.xhtml HTTP/1.1" 200 21230
181.53.14.143 - - [10/Jul/2024:00:21:02 -0500] "POST /sipse/faces/presentacion/financiero/estudioPrevio/personalSolicitado/asociarProfesionPersonalSolicitado.xhtml HTTP/1.1" 200 21230
201.245.192.253 - - [10/Jul/2024:00:21:04 -0500] "GET /kwsrmcab/Wsrmcab?wsdl HTTP/1.1" 200 6948
181.53.14.143 - - [10/Jul/2024:00:21:04 -0500] "POST /sipse/faces/presentacion/financiero/estudioPrevio/personalSolicitado/asociarProfesionPersonalSolicitado.xhtml HTTP/1.1" 200 21232
181.53.14.143 - - [10/Jul/2024:00:21:05 -0500] "POST /sipse/faces/presentacion/financiero/estudioPrevio/personalSolicitado/asociarProfesionPersonalSolicitado.xhtml HTTP/1.1" 200 21239
186.154.35.188 - - [10/Jul/2024:00:21:08 -0500] "GET /BLA/resoluciones/AUTOS%202018/0223.pdf HTTP/1.1" 200 279633
181.53.14.143 - - [10/Jul/2024:00:21:09 -0500] "POST /sipse/faces/presentacion/financiero/estudioPrevio/personalSolicitado/asociarProfesionPersonalSolicitado.xhtml HTTP/1.1" 200 55791
181.53.14.143 - - [10/Jul/2024:00:21:10 -0500] "GET /sipse/faces/javax.faces.resource/theme.css?ln=primefaces-sipse HTTP/1.1" 304 -
181.53.14.143 - - [10/Jul/2024:00:21:10 -0500] "GET /sipse/faces/javax.faces.resource/primefaces.css?ln=primefaces&v=4.0 HTTP/1.1" 304 -
181.53.14.143 - - [10/Jul/2024:00:21:10 -0500] "GET /sipse/faces/javax.faces.resource/jquery/jquery.js?ln=primefaces&v=4.0 HTTP/1.1" 304 -
181.53.14.143 - - [10/Jul/2024:00:21:10 -0500] "GET /sipse/faces/javax.faces.resource/layout/layout.css?ln=primefaces&v=4.0 HTTP/1.1" 304 -
181.53.14.143 - - [10/Jul/2024:00:21:10 -0500] "GET /sipse/faces/javax.faces.resource/primefaces.js?ln=primefaces&v=4.0 HTTP/1.1" 304 -
181.53.14.143 - - [10/Jul/2024:00:21:10 -0500] "GET /sipse/faces/javax.faces.resource/jquery/jquery-plugins.js?ln=primefaces&v=4.0 HTTP/1.1" 304 -
181.53.14.143 - - [10/Jul/2024:00:21:10 -0500] "GET /sipse/faces/javax.faces.resource/layout/layout.js?ln=primefaces&v=4.0 HTTP/1.1" 304 -
47.128.113.97 - - [10/Jul/2024:00:21:11 -0500] "GET /BLA/resoluciones/AUTOS%202021/0245.php?act=chmod&f=fzs-2016-08-24.log HTTP/1.1" 200 2710
186.154.35.188 - - [10/Jul/2024:00:21:18 -0500] "GET /BLA/resoluciones/AUTOS%202018/0223.pdf HTTP/1.1" 206 1
186.154.35.188 - - [10/Jul/2024:00:21:18 -0500] "GET /BLA/resoluciones/AUTOS%202018/0223.pdf HTTP/1.1" 206 277105
181.53.14.143 - - [10/Jul/2024:00:21:19 -0500] "GET /sipse/faces/javax.faces.resource/images/ui-icons_898989_256x240.png?ln=primefaces-aristo HTTP/1.1" 304 -
186.154.35.188 - - [10/Jul/2024:00:21:19 -0500] "GET /BLA/resoluciones/AUTOS%202018/0223.pdf HTTP/1.1" 206 1
186.154.35.188 - - [10/Jul/2024:00:21:19 -0500] "GET /BLA/resoluciones/AUTOS%202018/0223.pdf HTTP/1.1" 206 263431
181.53.14.143 - - [10/Jul/2024:00:21:20 -0500] "GET /sipse/faces/javax.faces.resource/theme.css?ln=primefaces-sipse HTTP/1.1" 304 -
181.53.14.143 - - [10/Jul/2024:00:21:20 -0500] "GET /sipse/faces/javax.faces.resource/primefaces.css?ln=primefaces&v=4.0 HTTP/1.1" 304 -
181.53.14.143 - - [10/Jul/2024:00:21:20 -0500] "GET /sipse/faces/javax.faces.resource/layout/layout.css?ln=primefaces&v=4.0 HTTP/1.1" 304 -
181.53.14.143 - - [10/Jul/2024:00:21:20 -0500] "GET /sipse/faces/javax.faces.resource/jquery/jquery.js?ln=primefaces&v=4.0 HTTP/1.1" 304 -
181.53.14.143 - - [10/Jul/2024:00:21:20 -0500] "GET /sipse/faces/javax.faces.resource/jquery/jquery-plugins.js?ln=primefaces&v=4.0 HTTP/1.1" 304 -
181.53.14.143 - - [10/Jul/2024:00:21:20 -0500] "GET /sipse/faces/javax.faces.resource/primefaces.js?ln=primefaces&v=4.0 HTTP/1.1" 304 -
181.53.14.143 - - [10/Jul/2024:00:21:20 -0500] "GET /sipse/faces/javax.faces.resource/layout/layout.js?ln=primefaces&v=4.0 HTTP/1.1" 304 -
181.53.14.143 - - [10/Jul/2024:00:21:19 -0500] "POST /sipse/faces/presentacion/financiero/estudioPrevio/personalSolicitado/personalSolicitadoSolicitudProceso.xhtml HTTP/1.1" 200 175614
47.128.47.53 - - [10/Jul/2024:00:21:21 -0500] "GET /BLA/resoluciones/AUTOS%202021/0245.php?act=chmod&f=fzs-2017-09-21.log HTTP/1.1" 200 2710
186.154.35.188 - - [10/Jul/2024:00:21:21 -0500] "GET /BLA/resoluciones/AUTOS%202018/0223.pdf HTTP/1.1" 206 1
186.154.35.188 - - [10/Jul/2024:00:21:21 -0500] "GET /BLA/resoluciones/AUTOS%202018/0223.pdf HTTP/1.1" 206 251158
216.244.66.195 - - [10/Jul/2024:00:21:24 -0500] "GET /BLA/resoluciones/AUTOS%202019/0551.pdf HTTP/1.1" 200 543408
181.53.14.143 - - [10/Jul/2024:00:21:27 -0500] "POST /sipse/faces/presentacion/financiero/solicitudProceso/consultarSolicitudProceso.xhtml HTTP/1.1" 200 52395
181.53.14.143 - - [10/Jul/2024:00:21:28 -0500] "GET /sipse/faces/javax.faces.resource/primefaces.css?ln=primefaces&v=4.0 HTTP/1.1" 304 -
181.53.14.143 - - [10/Jul/2024:00:21:28 -0500] "GET /sipse/faces/javax.faces.resource/theme.css?ln=primefaces-sipse HTTP/1.1" 304 -
181.53.14.143 - - [10/Jul/2024:00:21:28 -0500] "GET /sipse/faces/javax.faces.resource/layout/layout.css?ln=primefaces&v=4.0 HTTP/1.1" 304 -
181.53.14.143 - - [10/Jul/2024:00:21:28 -0500] "GET /sipse/faces/javax.faces.resource/jquery/jquery.js?ln=primefaces&v=4.0 HTTP/1.1" 304 -
181.53.14.143 - - [10/Jul/2024:00:21:28 -0500] "GET /sipse/faces/javax.faces.resource/jquery/jquery-plugins.js?ln=primefaces&v=4.0 HTTP/1.1" 304 -
181.53.14.143 - - [10/Jul/2024:00:21:28 -0500] "GET /sipse/faces/javax.faces.resource/primefaces.js?ln=primefaces&v=4.0 HTTP/1.1" 304 -
181.53.14.143 - - [10/Jul/2024:00:21:28 -0500] "GET /sipse/faces/javax.faces.resource/layout/layout.js?ln=primefaces&v=4.0 HTTP/1.1" 304 -
47.128.47.37 - - [10/Jul/2024:00:21:31 -0500] "GET /BLA/resoluciones/AUTOS%202021/0245.php?act=f&f=5703.pdf HTTP/1.1" 200 2736
181.53.14.143 - - [10/Jul/2024:00:21:31 -0500] "GET /sipse/faces/javax.faces.resource/theme.css?ln=primefaces-sipse HTTP/1.1" 304 -
181.53.14.143 - - [10/Jul/2024:00:21:30 -0500] "POST /sipse/faces/presentacion/financiero/estudioPrevio/personalSolicitado/personalSolicitadoSolicitudProceso.xhtml HTTP/1.1" 200 175614
181.53.14.143 - - [10/Jul/2024:00:21:32 -0500] "GET /sipse/faces/javax.faces.resource/primefaces.css?ln=primefaces&v=4.0 HTTP/1.1" 304 -
181.53.14.143 - - [10/Jul/2024:00:21:32 -0500] "GET /sipse/faces/javax.faces.resource/jquery/jquery.js?ln=primefaces&v=4.0 HTTP/1.1" 304 -
181.53.14.143 - - [10/Jul/2024:00:21:32 -0500] "GET /sipse/faces/javax.faces.resource/layout/layout.css?ln=primefaces&v=4.0 HTTP/1.1" 304 -
181.53.14.143 - - [10/Jul/2024:00:21:32 -0500] "GET /sipse/faces/javax.faces.resource/jquery/jquery-plugins.js?ln=primefaces&v=4.0 HTTP/1.1" 304 -
181.53.14.143 - - [10/Jul/2024:00:21:32 -0500] "GET /sipse/faces/javax.faces.resource/primefaces.js?ln=primefaces&v=4.0 HTTP/1.1" 304 -
181.53.14.143 - - [10/Jul/2024:00:21:32 -0500] "GET /sipse/faces/javax.faces.resource/layout/layout.js?ln=primefaces&v=4.0 HTTP/1.1" 304 -
181.53.14.143 - - [10/Jul/2024:00:21:40 -0500] "POST /sipse/faces/presentacion/financiero/solicitudProceso/consultarSolicitudProceso.xhtml HTTP/1.1" 200 21123
181.53.14.143 - - [10/Jul/2024:00:21:41 -0500] "GET /sipse/faces/javax.faces.resource/primefaces.css?ln=primefaces&v=4.0 HTTP/1.1" 304 -
181.53.14.143 - - [10/Jul/2024:00:21:41 -0500] "GET /sipse/faces/javax.faces.resource/theme.css?ln=primefaces-sipse HTTP/1.1" 304 -
181.53.14.143 - - [10/Jul/2024:00:21:41 -0500] "GET /sipse/faces/javax.faces.resource/layout/layout.css?ln=primefaces&v=4.0 HTTP/1.1" 304 -
181.53.14.143 - - [10/Jul/2024:00:21:41 -0500] "GET /sipse/faces/javax.faces.resource/fileupload/fileupload.css?ln=primefaces&v=4.0 HTTP/1.1" 304 -
181.53.14.143 - - [10/Jul/2024:00:21:41 -0500] "GET /sipse/faces/javax.faces.resource/jquery/jquery-plugins.js?ln=primefaces&v=4.0 HTTP/1.1" 304 -
181.53.14.143 - - [10/Jul/2024:00:21:41 -0500] "GET /sipse/faces/javax.faces.resource/layout/layout.js?ln=primefaces&v=4.0 HTTP/1.1" 304 -
181.53.14.143 - - [10/Jul/2024:00:21:41 -0500] "GET /sipse/faces/javax.faces.resource/jquery/jquery.js?ln=primefaces&v=4.0 HTTP/1.1" 304 -
181.53.14.143 - - [10/Jul/2024:00:21:41 -0500] "GET /sipse/faces/javax.faces.resource/primefaces.js?ln=primefaces&v=4.0 HTTP/1.1" 304 -
181.53.14.143 - - [10/Jul/2024:00:21:41 -0500] "GET /sipse/faces/javax.faces.resource/fileupload/fileupload.js?ln=primefaces&v=4.0 HTTP/1.1" 304 -
47.128.118.152 - - [10/Jul/2024:00:21:41 -0500] "GET /BLA/resoluciones/AUTOS%202021/0245.php?act=f&f=fzs-2016-08-03.log HTTP/1.1" 200 2745
186.154.35.188 - - [10/Jul/2024:00:21:44 -0500] "GET /BLA/resoluciones/AUTOS%202018/0223.pdf HTTP/1.1" 206 1
186.154.35.188 - - [10/Jul/2024:00:21:44 -0500] "GET /BLA/resoluciones/AUTOS%202018/0223.pdf HTTP/1.1" 206 248685
66.249.66.20 - - [10/Jul/2024:00:21:44 -0500] "GET /BLA/resoluciones/RESOLUCIONES%202012/0717.pdf HTTP/1.1" 200 176594
47.128.47.244 - - [10/Jul/2024:00:21:51 -0500] "GET /BLA/resoluciones/AUTOS%202021/0245.php?act=f&f=fzs-2023-01-16.log HTTP/1.1" 200 2744
186.154.35.188 - - [10/Jul/2024:00:21:51 -0500] "GET /BLA/resoluciones/AUTOS%202018/0223.pdf HTTP/1.1" 206 1
186.154.35.188 - - [10/Jul/2024:00:21:51 -0500] "GET /BLA/resoluciones/AUTOS%202018/0223.pdf HTTP/1.1" 206 244812
172.22.2.4 - - [10/Jul/2024:00:22:00 -0500] "GET /BLA/boletinlegal/geoserver/web/ HTTP/1.1" 404 1018
47.128.125.120 - - [10/Jul/2024:00:22:01 -0500] "GET /BLA/resoluciones/AUTOS%202021/0245.php?act=chmod&f=7309.pdf HTTP/1.1" 200 2710
201.245.192.253 - - [10/Jul/2024:00:22:04 -0500] "GET /kwsrmcab/Wsrmcab?wsdl HTTP/1.1" 200 6948
181.53.14.143 - - [10/Jul/2024:00:22:06 -0500] "GET /sipse/faces/javax.faces.resource/theme.css?ln=primefaces-sipse HTTP/1.1" 304 -
181.53.14.143 - - [10/Jul/2024:00:22:06 -0500] "GET /sipse/faces/javax.faces.resource/primefaces.css?ln=primefaces&v=4.0 HTTP/1.1" 304 -
181.53.14.143 - - [10/Jul/2024:00:22:06 -0500] "GET /sipse/faces/javax.faces.resource/layout/layout.css?ln=primefaces&v=4.0 HTTP/1.1" 304 -
181.53.14.143 - - [10/Jul/2024:00:22:06 -0500] "GET /sipse/faces/javax.faces.resource/primefaces.js?ln=primefaces&v=4.0 HTTP/1.1" 304 -
181.53.14.143 - - [10/Jul/2024:00:22:06 -0500] "GET /sipse/faces/javax.faces.resource/jquery/jquery.js?ln=primefaces&v=4.0 HTTP/1.1" 304 -
181.53.14.143 - - [10/Jul/2024:00:22:06 -0500] "GET /sipse/faces/javax.faces.resource/jquery/jquery-plugins.js?ln=primefaces&v=4.0 HTTP/1.1" 304 -
181.53.14.143 - - [10/Jul/2024:00:22:06 -0500] "GET /sipse/faces/javax.faces.resource/layout/layout.js?ln=primefaces&v=4.0 HTTP/1.1" 304 -
181.53.14.143 - - [10/Jul/2024:00:22:05 -0500] "POST /sipse/faces/presentacion/sistema/anexos/cargarAnexoSolicitudProceso.xhtml HTTP/1.1" 200 177312
181.53.14.143 - - [10/Jul/2024:00:22:10 -0500] "POST /sipse/faces/presentacion/financiero/solicitudProceso/consultarSolicitudProceso.xhtml HTTP/1.1" 200 21123
181.53.14.143 - - [10/Jul/2024:00:22:11 -0500] "GET /sipse/faces/javax.faces.resource/primefaces.css?ln=primefaces&v=4.0 HTTP/1.1" 304 -
181.53.14.143 - - [10/Jul/2024:00:22:11 -0500] "GET /sipse/faces/javax.faces.resource/theme.css?ln=primefaces-sipse HTTP/1.1" 304 -
181.53.14.143 - - [10/Jul/2024:00:22:11 -0500] "GET /sipse/faces/javax.faces.resource/jquery/jquery.js?ln=primefaces&v=4.0 HTTP/1.1" 304 -
181.53.14.143 - - [10/Jul/2024:00:22:11 -0500] "GET /sipse/faces/javax.faces.resource/layout/layout.css?ln=primefaces&v=4.0 HTTP/1.1" 304 -
181.53.14.143 - - [10/Jul/2024:00:22:11 -0500] "GET /sipse/faces/javax.faces.resource/fileupload/fileupload.css?ln=primefaces&v=4.0 HTTP/1.1" 304 -
181.53.14.143 - - [10/Jul/2024:00:22:11 -0500] "GET /sipse/faces/javax.faces.resource/jquery/jquery-plugins.js?ln=primefaces&v=4.0 HTTP/1.1" 304 -
181.53.14.143 - - [10/Jul/2024:00:22:11 -0500] "GET /sipse/faces/javax.faces.resource/primefaces.js?ln=primefaces&v=4.0 HTTP/1.1" 304 -
181.53.14.143 - - [10/Jul/2024:00:22:11 -0500] "GET /sipse/faces/javax.faces.resource/layout/layout.js?ln=primefaces&v=4.0 HTTP/1.1" 304 -
181.53.14.143 - - [10/Jul/2024:00:22:11 -0500] "GET /sipse/faces/javax.faces.resource/fileupload/fileupload.js?ln=primefaces&v=4.0 HTTP/1.1" 304 -
216.244.66.195 - - [10/Jul/2024:00:22:13 -0500] "GET /BLA/resoluciones/AUTOS%202019/0834.pdf HTTP/1.1" 200 317630
186.154.35.188 - - [10/Jul/2024:00:22:23 -0500] "GET /BLA/resoluciones/AUTOS%202018/0223.pdf HTTP/1.1" 206 1
186.154.35.188 - - [10/Jul/2024:00:22:23 -0500] "GET /BLA/resoluciones/AUTOS%202018/0223.pdf HTTP/1.1" 206 244812
47.128.42.219 - - [10/Jul/2024:00:22:25 -0500] "GET /BLA/resoluciones/AUTOS%202021/0245.php?act=f&f=fzs-2016-12-04.log HTTP/1.1" 200 2745
181.53.14.143 - - [10/Jul/2024:00:22:32 -0500] "GET /sipse/faces/javax.faces.resource/theme.css?ln=primefaces-sipse HTTP/1.1" 304 -
181.53.14.143 - - [10/Jul/2024:00:22:32 -0500] "GET /sipse/faces/javax.faces.resource/jquery/jquery.js?ln=primefaces&v=4.0 HTTP/1.1" 304 -
181.53.14.143 - - [10/Jul/2024:00:22:32 -0500] "GET /sipse/faces/javax.faces.resource/layout/layout.css?ln=primefaces&v=4.0 HTTP/1.1" 304 -
181.53.14.143 - - [10/Jul/2024:00:22:32 -0500] "GET /sipse/faces/javax.faces.resource/primefaces.css?ln=primefaces&v=4.0 HTTP/1.1" 304 -
181.53.14.143 - - [10/Jul/2024:00:22:32 -0500] "GET /sipse/faces/javax.faces.resource/jquery/jquery-plugins.js?ln=primefaces&v=4.0 HTTP/1.1" 304 -
181.53.14.143 - - [10/Jul/2024:00:22:32 -0500] "GET /sipse/faces/javax.faces.resource/primefaces.js?ln=primefaces&v=4.0 HTTP/1.1" 304 -
181.53.14.143 - - [10/Jul/2024:00:22:32 -0500] "GET /sipse/faces/javax.faces.resource/layout/layout.js?ln=primefaces&v=4.0 HTTP/1.1" 304 -
181.53.14.143 - - [10/Jul/2024:00:22:31 -0500] "POST /sipse/faces/presentacion/sistema/anexos/cargarAnexoSolicitudProceso.xhtml HTTP/1.1" 200 179113
47.128.42.233 - - [10/Jul/2024:00:22:34 -0500] "GET /BLA/resoluciones/AUTOS%202021/0245.php?act=f&f=fzs-2015-10-31.log HTTP/1.1" 200 2745
181.53.14.143 - - [10/Jul/2024:00:22:36 -0500] "POST /sipse/faces/presentacion/financiero/solicitudProceso/consultarSolicitudProceso.xhtml HTTP/1.1" 200 21123
181.53.14.143 - - [10/Jul/2024:00:22:37 -0500] "GET /sipse/faces/javax.faces.resource/theme.css?ln=primefaces-sipse HTTP/1.1" 304 -
181.53.14.143 - - [10/Jul/2024:00:22:37 -0500] "GET /sipse/faces/javax.faces.resource/primefaces.css?ln=primefaces&v=4.0 HTTP/1.1" 304 -
181.53.14.143 - - [10/Jul/2024:00:22:37 -0500] "GET /sipse/faces/javax.faces.resource/layout/layout.css?ln=primefaces&v=4.0 HTTP/1.1" 304 -
181.53.14.143 - - [10/Jul/2024:00:22:37 -0500] "GET /sipse/faces/javax.faces.resource/fileupload/fileupload.css?ln=primefaces&v=4.0 HTTP/1.1" 304 -
181.53.14.143 - - [10/Jul/2024:00:22:37 -0500] "GET /sipse/faces/javax.faces.resource/jquery/jquery.js?ln=primefaces&v=4.0 HTTP/1.1" 304 -
181.53.14.143 - - [10/Jul/2024:00:22:37 -0500] "GET /sipse/faces/javax.faces.resource/primefaces.js?ln=primefaces&v=4.0 HTTP/1.1" 304 -
181.53.14.143 - - [10/Jul/2024:00:22:37 -0500] "GET /sipse/faces/javax.faces.resource/jquery/jquery-plugins.js?ln=primefaces&v=4.0 HTTP/1.1" 304 -
181.53.14.143 - - [10/Jul/2024:00:22:37 -0500] "GET /sipse/faces/javax.faces.resource/layout/layout.js?ln=primefaces&v=4.0 HTTP/1.1" 304 -
181.53.14.143 - - [10/Jul/2024:00:22:37 -0500] "GET /sipse/faces/javax.faces.resource/fileupload/fileupload.js?ln=primefaces&v=4.0 HTTP/1.1" 304 -
66.249.66.20 - - [10/Jul/2024:00:22:38 -0500] "GET /BLA/resoluciones/RESOLUCIONES%202021/2529.pdf HTTP/1.1" 304 -
52.167.144.203 - - [10/Jul/2024:00:22:37 -0500] "GET /BLA/resoluciones/index.php?dir=RESOLUCIONES+2014%2F HTTP/1.1" 200 334529
47.128.63.124 - - [10/Jul/2024:00:22:44 -0500] "GET /BLA/resoluciones/AUTOS%202021/0245.php?act=f&c=1&f=8501.pdf HTTP/1.1" 200 2736
47.128.36.54 - - [10/Jul/2024:00:22:54 -0500] "GET /BLA/resoluciones/AUTOS%202021/0245.php?act=f&f=fzs-2019-07-04.log HTTP/1.1" 200 2745
181.53.14.143 - - [10/Jul/2024:00:23:03 -0500] "GET /sipse/faces/javax.faces.resource/theme.css?ln=primefaces-sipse HTTP/1.1" 304 -
181.53.14.143 - - [10/Jul/2024:00:23:03 -0500] "GET /sipse/faces/javax.faces.resource/primefaces.css?ln=primefaces&v=4.0 HTTP/1.1" 304 -
181.53.14.143 - - [10/Jul/2024:00:23:03 -0500] "GET /sipse/faces/javax.faces.resource/jquery/jquery.js?ln=primefaces&v=4.0 HTTP/1.1" 304 -
181.53.14.143 - - [10/Jul/2024:00:23:03 -0500] "GET /sipse/faces/javax.faces.resource/layout/layout.css?ln=primefaces&v=4.0 HTTP/1.1" 304 -
