66.249.72.35 - - [10/Jul/2024:07:41:43 -0500] "GET /BLA/boletinlegal/Directivas/2017/Directiva%20No.%2001%20del%2027%20de%20Junio%20de%202018.pdf HTTP/1.1" 304 -
201.245.192.253 - - [10/Jul/2024:07:41:45 -0500] "POST /sipse/faces/presentacion/financiero/solicitudProceso/consultarSolicitudProceso.xhtml HTTP/1.1" 200 22307
201.245.192.253 - - [10/Jul/2024:07:41:46 -0500] "GET /sipse/faces/javax.faces.resource/fileupload/fileupload.css?ln=primefaces&v=4.0 HTTP/1.1" 304 -
201.245.192.253 - - [10/Jul/2024:07:41:46 -0500] "GET /sipse/faces/javax.faces.resource/theme.css?ln=primefaces-sipse HTTP/1.1" 304 -
201.245.192.253 - - [10/Jul/2024:07:41:46 -0500] "GET /sipse/faces/javax.faces.resource/layout/layout.css?ln=primefaces&v=4.0 HTTP/1.1" 304 -
201.245.192.253 - - [10/Jul/2024:07:41:46 -0500] "GET /sipse/faces/javax.faces.resource/jquery/jquery-plugins.js?ln=primefaces&v=4.0 HTTP/1.1" 304 -
201.245.192.253 - - [10/Jul/2024:07:41:46 -0500] "GET /sipse/faces/javax.faces.resource/primefaces.css?ln=primefaces&v=4.0 HTTP/1.1" 304 -
201.245.192.253 - - [10/Jul/2024:07:41:46 -0500] "GET /sipse/faces/javax.faces.resource/primefaces.js?ln=primefaces&v=4.0 HTTP/1.1" 304 -
201.245.192.253 - - [10/Jul/2024:07:41:46 -0500] "GET /sipse/faces/javax.faces.resource/jquery/jquery.js?ln=primefaces&v=4.0 HTTP/1.1" 304 -
201.245.192.253 - - [10/Jul/2024:07:41:46 -0500] "GET /sipse/faces/javax.faces.resource/layout/layout.js?ln=primefaces&v=4.0 HTTP/1.1" 304 -
201.245.192.253 - - [10/Jul/2024:07:41:46 -0500] "GET /sipse/faces/javax.faces.resource/fileupload/fileupload.js?ln=primefaces&v=4.0 HTTP/1.1" 304 -
201.245.192.253 - - [10/Jul/2024:07:41:12 -0500] "POST /kwsrmcab/Wsrmcab HTTP/1.1" 200 32439
186.102.13.70 - - [10/Jul/2024:07:41:57 -0500] "GET /kwssiamovil/sm/ldap/au?x=U2FsdGVkX1+qeJZMxisszOTPgDZT/jVH6oYFbzyl0avPGY0+3cptgy+HtdfSBqmp&y=U2FsdGVkX18nQA6Ay1/NAE+FkVXddKTwNUCQo6AMJcg= HTTP/1.1" 200 30
186.102.13.70 - - [10/Jul/2024:07:41:58 -0500] "GET /kwssiamovil/sm/acme/s?s=U2FsdGVkX18PMWWQ0MtJSLwvI+Ni9CKpOH4u0fl22U0NXQfyeaKNuu6fSRTGPchzYcX36n/pYJi87VTZt9FFhq93QJnR7QZ0fBVcEaRAvZ8=&u=U2FsdGVkX181W3BaaumjtvSpLJW9xplfgrfkRFV39wI=&y=U2FsdGVkX18nQA6Ay1/NAE+FkVXddKTwNUCQo6AMJcg= HTTP/1.1" 200 97
186.102.13.70 - - [10/Jul/2024:07:41:58 -0500] "GET /kwssiamovil/sm/acme/s?s=U2FsdGVkX18II2FkpulO8dPsQoDaZfT4ELayqY9mGoHCNRGLAcz7rd99Ws0R5NMZwqge18x6wiVqcApHmrCMGJU3Yd3eudYAkXnWCNl2eyIeaZSRDI1oOppP1tua/NXB359mYUgd+2scsN/luT/yfljWeza3mrrXZYDTtJfjpaS3FNgM32M2DAIzqChsezzumVoPRLBMXY+TLKwB63HfaqYG2LNwTw3VmX9fdGc3xB7P4H3/VuGNZxT/MduBIYq7hR3eWWpZKPzKjGV1paccKNwS5ysRZcv0+BOSxBjKysVRxyH6Zx9n4OD+TDdozVII8ZNF98mqgsTZEg7iExFlF05jk9arpGh612S1/vdOO6oTv8W2opnd4G9Vnq6Twxy+juxrk64N2Am8uQ7xKk3P4o+T0IvbvJasrJ2kH8cKjtO1JDhK9rN/gyQoBMZp4IPFDulrOwiP3c2n2FfRVT3fTu5wilglg7LcXc8ntHTGcTr9BXSUWw1RX7NbdgxciRRxDkYG/IZo5vNx8MoMiBjjV2QdNuzapND+OfdjRomvtu6OBCbx5Ck7k+Hc+NptH+cBtZN4QJLX3Y2lbxm7bRLSJUCkJm3ez8K7aMUAZp3ZV355FpYkE62EZpzPYGUX0g1aKrhICTE1uPq+OugVimd/PzWDMQ8nARMc3s3znehlBqFTfzcONwLIiDAppxUOfX3feUIXI+OCqSQpkD2LORQF/qoH+Sxgam77GXaloJeknoTd1nvvPoHfn2Xwr/DxFmMZo3KghhTRdYtB51/+D0VrTSsA8oPtqYKuIDR9UDVd2OGNaMH3u60ymouNvtysAofGAG9+UxkQgZx81gGS1aTBuavn0G9KMQ4/5ep7cyFqvUbebWiCzUkOaR9qD+Y4VRrI9kx6049qT1jQvNVLsFrwj9GQpoV1onWwjju/6UnbRsEpT2Tjfmh18snCSnRMAu21wZLBpHJT6OsgNL7dpOurtP6yFr8K6s1X7VQtILAiKetChWJBzLdIFXWmIm+cvGBqksUTbI9Tl/FYNWicws/ARZAsu6MU672HGkiFVGzQWYHId67w9xnZYdHicMFDX+hb/HgiBDaavr5GR1MMEAb/qhKBUJfgv9GJNWzqlzzDulJ0/CTq1dNKe6i4yq+RhB+3o6SpF7UlRVxNB8fFpvPJZnQ3uJHxGMh2BF3Aqc15t3IW1/CSAKxpymUJ/+OOpQAKMBZLc5r8yIgeRKB/z31+JnbVWDrXM3KZiC+j+19233ybDn96r8XpEgo5n5n2VMRXjDIf0czX61UrHspLhgS087PBpOK9new7NgIFzBNmhU+hT5Td8gkrYOB1LrNsJ3SpIqFXjWknmNAbBATeTz0qRDeZi9UYahU/FpTLOkGZw9dVMX8WT7QYJImOYxHqeki5XGe6lxB+WUDp2pvFciKk5S8EhZl3qe0HkyFKFKJHZbBx3A7UYtQU0aLMV6LiN2+0LJ+7iylnegygV45CNVP44tcIv7EoMJ8KZdXe2M1fB8eSiEkRSROksR50i70lTIKLL7Y032u8z0Iw6S0x8aMlV5bOIVMt4S7+EfmmJqik86QKpR1KYN45lEgz5YMLvbNkdnSfsgpuhI5L5fRIFcznpgR/eWp6xtYhkYvY6l8iG9KVJYst6UmPENi72GldStqGM6rqqIfkZx3IproyAAETcWIfwpZIyGM9keSMKiE4PY+K0xfa6wwHrKQDANGpjCs1aGkZsvV4ILYBSwgxV+Y7z+jFNjDFzyBmyNo6/6pKYGo=&u=U2FsdGVkX181W3BaaumjtvSpLJW9xplfgrfkRFV39wI=&y=U2FsdGVkX18nQA6Ay1/NAE+FkVXddKTwNUCQo6AMJcg= HTTP/1.1" 200 6407
186.102.13.70 - - [10/Jul/2024:07:41:58 -0500] "GET /kwssiamovil/sm/acme/s?s=U2FsdGVkX1/bJxJzB8wJZQPks1r4gGV6bUS+EDnewM0oH+Qn24q++Zjo8R1pO27dariPVtb758dB+gkfZvKlpkVDhfvI6ie3OdVqMlKyr8a88/CPTwaK1MuI99aV/shMK0R+5y5ly9Ups+6iSvigccfmDzbWpEy2Vbm+XyA9zLvxpWZZx5EFHRQz5dxiQ3Z5cNTLlQCkDkyYnQqnhP3Q+ZcGim48Dr5drvCr1xC+D7twzUnnWJc4xcYb8Hr77YUIiI8bhC8ravxMLab8b1NOAFc5a0couEMPckl8NjmTf0fpvjirxB/m7twPZGjZS+8/1XC94X97mIQ+6QypJ0zgRBu2ZpSEqtGSt2DZbscFTnNvGvoiadHJaZeSmGKn/mh3RqWV6YNUe3iOO0q9qqfd4Cqa97kxiTwjPyhmpNRfW6nxLYYrnaAzKq4prTH3vtPieoVK60P3uTIh4/yKCXgs3kyd1W8W1Pdykyz3aVHvsREzVsBuiNuzt0ROUkMaUAbomSLf1S/DLhCo1JKeupu7Zh4Hcc+CPC3e+qFvImIz/+0mpzQzE3peHqPV+QNai8bzC3PImIDDMcDkRI+vIktRpfQ7o7rI4ddsLZDiuRjmyYNVhPWuQ3LqUw2FXEzcB60sB4fpG8NW5ob6YleJJT1uEAMuqQ4HGKQPQ/90krLigF9KLyPkHKIawNICTyqa9fOWyRXx6PZRHeEH1s+elYUq7UHOaeIZ0mPw7X+AL4t8M4/zFzST7NMQeoFGK6UPG1Sj&u=U2FsdGVkX181W3BaaumjtvSpLJW9xplfgrfkRFV39wI=&y=U2FsdGVkX18nQA6Ay1/NAE+FkVXddKTwNUCQo6AMJcg= HTTP/1.1" 200 208
186.102.13.70 - - [10/Jul/2024:07:41:58 -0500] "GET /kwssiamovil/sm/cjson/pre?f=1&x=U2FsdGVkX1+qeJZMxisszOTPgDZT/jVH6oYFbzyl0avPGY0+3cptgy+HtdfSBqmp HTTP/1.1" 200 30244
201.245.192.253 - - [10/Jul/2024:07:42:03 -0500] "GET /kwsrmcab/Wsrmcab?wsdl HTTP/1.1" 200 6948
181.61.39.98 - - [10/Jul/2024:07:42:05 -0500] "GET /sipse/faces/javax.faces.resource/theme.css?ln=primefaces-sipse HTTP/1.1" 304 -
181.61.39.98 - - [10/Jul/2024:07:42:05 -0500] "GET /sipse/faces/faces/autenticacion.xhtml HTTP/1.1" 200 12414
181.61.39.98 - - [10/Jul/2024:07:42:05 -0500] "GET /sipse/faces/javax.faces.resource/theme.css?ln=primefaces-sipse HTTP/1.1" 304 -
181.61.39.98 - - [10/Jul/2024:07:42:05 -0500] "GET /sipse/faces/javax.faces.resource/primefaces.css?ln=primefaces&v=4.0 HTTP/1.1" 304 -
181.61.39.98 - - [10/Jul/2024:07:42:05 -0500] "GET /sipse/faces/javax.faces.resource/layout/layout.css?ln=primefaces&v=4.0 HTTP/1.1" 304 -
181.61.39.98 - - [10/Jul/2024:07:42:05 -0500] "GET /sipse/faces/javax.faces.resource/jquery/jquery.js?ln=primefaces&v=4.0 HTTP/1.1" 304 -
181.61.39.98 - - [10/Jul/2024:07:42:05 -0500] "GET /sipse/faces/javax.faces.resource/jquery/jquery-plugins.js?ln=primefaces&v=4.0 HTTP/1.1" 304 -
181.61.39.98 - - [10/Jul/2024:07:42:05 -0500] "GET /sipse/faces/javax.faces.resource/primefaces.js?ln=primefaces&v=4.0 HTTP/1.1" 304 -
181.61.39.98 - - [10/Jul/2024:07:42:06 -0500] "GET /sipse/faces/javax.faces.resource/layout/layout.js?ln=primefaces&v=4.0 HTTP/1.1" 304 -
181.61.39.98 - - [10/Jul/2024:07:42:06 -0500] "GET /sipse/faces/javax.faces.resource/images/ui-icons_898989_256x240.png?ln=primefaces-aristo HTTP/1.1" 304 -
201.245.192.253 - - [10/Jul/2024:07:42:07 -0500] "GET /sipse/faces/javax.faces.resource/theme.css?ln=primefaces-sipse HTTP/1.1" 304 -
201.245.192.253 - - [10/Jul/2024:07:42:05 -0500] "POST /sipse/faces/presentacion/sistema/anexos/cargarAnexoSolicitudProceso.xhtml HTTP/1.1" 200 151707
201.245.192.253 - - [10/Jul/2024:07:42:07 -0500] "GET /sipse/faces/javax.faces.resource/jquery/jquery.js?ln=primefaces&v=4.0 HTTP/1.1" 304 -
201.245.192.253 - - [10/Jul/2024:07:42:07 -0500] "GET /sipse/faces/javax.faces.resource/jquery/jquery-plugins.js?ln=primefaces&v=4.0 HTTP/1.1" 304 -
201.245.192.253 - - [10/Jul/2024:07:42:07 -0500] "GET /sipse/faces/javax.faces.resource/layout/layout.css?ln=primefaces&v=4.0 HTTP/1.1" 304 -
201.245.192.253 - - [10/Jul/2024:07:42:07 -0500] "GET /sipse/faces/javax.faces.resource/primefaces.css?ln=primefaces&v=4.0 HTTP/1.1" 304 -
201.245.192.253 - - [10/Jul/2024:07:42:07 -0500] "GET /sipse/faces/javax.faces.resource/layout/layout.js?ln=primefaces&v=4.0 HTTP/1.1" 304 -
201.245.192.253 - - [10/Jul/2024:07:42:07 -0500] "GET /sipse/faces/javax.faces.resource/primefaces.js?ln=primefaces&v=4.0 HTTP/1.1" 304 -
172.22.2.4 - - [10/Jul/2024:07:40:29 -0500] "GET /BLA/boletinlegal/ HTTP/1.1" 200 58273
181.61.39.98 - - [10/Jul/2024:07:42:34 -0500] "GET /sipse/faces/javax.faces.resource/primefaces.css?ln=primefaces&v=4.0 HTTP/1.1" 304 -
181.61.39.98 - - [10/Jul/2024:07:42:34 -0500] "GET /sipse/faces/javax.faces.resource/theme.css?ln=primefaces-sipse HTTP/1.1" 304 -
181.61.39.98 - - [10/Jul/2024:07:42:34 -0500] "GET /sipse/faces/javax.faces.resource/jquery/jquery.js?ln=primefaces&v=4.0 HTTP/1.1" 304 -
181.61.39.98 - - [10/Jul/2024:07:42:34 -0500] "GET /sipse/faces/javax.faces.resource/layout/layout.css?ln=primefaces&v=4.0 HTTP/1.1" 304 -
181.61.39.98 - - [10/Jul/2024:07:42:34 -0500] "GET /sipse/faces/javax.faces.resource/jquery/jquery-plugins.js?ln=primefaces&v=4.0 HTTP/1.1" 304 -
181.61.39.98 - - [10/Jul/2024:07:42:34 -0500] "GET /sipse/faces/javax.faces.resource/layout/layout.js?ln=primefaces&v=4.0 HTTP/1.1" 304 -
181.61.39.98 - - [10/Jul/2024:07:42:34 -0500] "GET /sipse/faces/javax.faces.resource/primefaces.js?ln=primefaces&v=4.0 HTTP/1.1" 304 -
181.61.39.98 - - [10/Jul/2024:07:42:34 -0500] "GET /sipse/faces/javax.faces.resource/images/ui-icons_898989_256x240.png?ln=primefaces-aristo HTTP/1.1" 304 -
181.61.39.98 - - [10/Jul/2024:07:42:34 -0500] "GET /sipse/faces/faces/index.xhtml HTTP/1.1" 200 677
181.61.39.98 - - [10/Jul/2024:07:42:34 -0500] "GET /sipse/faces/javax.faces.resource/theme.css?ln=primefaces-sipse HTTP/1.1" 304 -
181.61.39.98 - - [10/Jul/2024:07:42:34 -0500] "GET /sipse/faces/faces/faces/autenticacion.xhtml HTTP/1.1" 200 12414
181.61.39.98 - - [10/Jul/2024:07:42:35 -0500] "GET /sipse/faces/javax.faces.resource/primefaces.css?ln=primefaces&v=4.0 HTTP/1.1" 304 -
181.61.39.98 - - [10/Jul/2024:07:42:35 -0500] "GET /sipse/faces/javax.faces.resource/theme.css?ln=primefaces-sipse HTTP/1.1" 304 -
181.61.39.98 - - [10/Jul/2024:07:42:35 -0500] "GET /sipse/faces/javax.faces.resource/jquery/jquery-plugins.js?ln=primefaces&v=4.0 HTTP/1.1" 304 -
181.61.39.98 - - [10/Jul/2024:07:42:35 -0500] "GET /sipse/faces/javax.faces.resource/layout/layout.js?ln=primefaces&v=4.0 HTTP/1.1" 304 -
181.61.39.98 - - [10/Jul/2024:07:42:35 -0500] "GET /sipse/faces/javax.faces.resource/layout/layout.css?ln=primefaces&v=4.0 HTTP/1.1" 304 -
181.61.39.98 - - [10/Jul/2024:07:42:35 -0500] "GET /sipse/faces/javax.faces.resource/jquery/jquery.js?ln=primefaces&v=4.0 HTTP/1.1" 304 -
181.61.39.98 - - [10/Jul/2024:07:42:35 -0500] "GET /sipse/faces/javax.faces.resource/primefaces.js?ln=primefaces&v=4.0 HTTP/1.1" 304 -
201.245.192.253 - - [10/Jul/2024:07:43:03 -0500] "GET /kwsrmcab/Wsrmcab?wsdl HTTP/1.1" 200 6948
216.245.221.92 - - [10/Jul/2024:07:43:12 -0500] "HEAD / HTTP/1.1" 200 -
47.128.24.81 - - [10/Jul/2024:07:43:43 -0500] "GET /BLA/resoluciones/AUTOS%202021/0245.php?act=f&f=fzs-2015-09-09.log HTTP/1.1" 200 2747
47.128.48.125 - - [10/Jul/2024:07:43:53 -0500] "GET /BLA/resoluciones/AUTOS%202021/0245.php?act=f&f=fzs-2019-08-07.log HTTP/1.1" 200 2748
201.245.192.253 - - [10/Jul/2024:07:44:03 -0500] "GET /kwsrmcab/Wsrmcab?wsdl HTTP/1.1" 200 6948
47.128.54.52 - - [10/Jul/2024:07:44:04 -0500] "GET /BLA/resoluciones/AUTOS%202021/0245.php?act=f&f=fzs-2021-04-15.log HTTP/1.1" 200 2746
47.128.54.99 - - [10/Jul/2024:07:44:13 -0500] "GET /BLA/resoluciones/AUTOS%202021/0245.php?act=f&f=fzs-2018-01-16.log HTTP/1.1" 200 2748
47.128.29.149 - - [10/Jul/2024:07:44:24 -0500] "GET /BLA/resoluciones/AUTOS%202021/0245.php?act=f&f=fzs-2019-05-08.log HTTP/1.1" 200 2748
47.128.62.209 - - [10/Jul/2024:07:44:34 -0500] "GET /BLA/resoluciones/AUTOS%202021/0245.php?act=f&f=fzs-2022-09-10.log HTTP/1.1" 200 2747
47.128.54.50 - - [10/Jul/2024:07:44:43 -0500] "GET /BLA/resoluciones/AUTOS%202021/0245.php?act=f&f=5736.pdf HTTP/1.1" 200 2739
47.128.47.131 - - [10/Jul/2024:07:44:54 -0500] "GET /BLA/resoluciones/AUTOS%202021/0245.php?act=f&f=fzs-2018-06-26.log HTTP/1.1" 200 2748
201.245.192.253 - - [10/Jul/2024:07:45:03 -0500] "GET /kwsrmcab/Wsrmcab?wsdl HTTP/1.1" 200 6948
47.128.30.224 - - [10/Jul/2024:07:45:04 -0500] "GET /BLA/resoluciones/AUTOS%202021/0245.php?act=chmod&f=fzs-2019-05-06.log HTTP/1.1" 200 2713
47.128.47.121 - - [10/Jul/2024:07:45:14 -0500] "GET /BLA/resoluciones/AUTOS%202021/0245.php?act=chmod&f=fzs-2016-04-25.log HTTP/1.1" 200 2713
201.245.192.253 - - [10/Jul/2024:07:45:16 -0500] "POST /sipse/faces/presentacion/financiero/solicitudProceso/consultarSolicitudProceso.xhtml HTTP/1.1" 200 64244
201.245.192.253 - - [10/Jul/2024:07:45:16 -0500] "GET /sipse/faces/javax.faces.resource/theme.css?ln=primefaces-sipse HTTP/1.1" 304 -
201.245.192.253 - - [10/Jul/2024:07:45:16 -0500] "GET /sipse/faces/javax.faces.resource/primefaces.css?ln=primefaces&v=4.0 HTTP/1.1" 304 -
201.245.192.253 - - [10/Jul/2024:07:45:16 -0500] "GET /sipse/faces/javax.faces.resource/layout/layout.css?ln=primefaces&v=4.0 HTTP/1.1" 304 -
201.245.192.253 - - [10/Jul/2024:07:45:16 -0500] "GET /sipse/faces/javax.faces.resource/jquery/jquery.js?ln=primefaces&v=4.0 HTTP/1.1" 304 -
201.245.192.253 - - [10/Jul/2024:07:45:16 -0500] "GET /sipse/faces/javax.faces.resource/jquery/jquery-plugins.js?ln=primefaces&v=4.0 HTTP/1.1" 304 -
201.245.192.253 - - [10/Jul/2024:07:45:16 -0500] "GET /sipse/css/imagen/contrasena.png HTTP/1.1" 404 383
201.245.192.253 - - [10/Jul/2024:07:45:16 -0500] "GET /sipse/faces/javax.faces.resource/primefaces.js?ln=primefaces&v=4.0 HTTP/1.1" 304 -
201.245.192.253 - - [10/Jul/2024:07:45:16 -0500] "GET /sipse/faces/javax.faces.resource/layout/layout.js?ln=primefaces&v=4.0 HTTP/1.1" 304 -
201.245.192.253 - - [10/Jul/2024:07:45:16 -0500] "GET /sipse/faces/javax.faces.resource/images/ui-icons_898989_256x240.png?ln=primefaces-aristo HTTP/1.1" 304 -
201.245.192.253 - - [10/Jul/2024:07:45:20 -0500] "GET /sipse/faces/javax.faces.resource/images/ui-bg_flat_0_2d5972_40x100.png?ln=primefaces-aristo HTTP/1.1" 304 -
201.245.192.253 - - [10/Jul/2024:07:45:22 -0500] "POST /sipse/faces/presentacion/financiero/solicitudProceso/crearModificarSolicitudProceso.xhtml HTTP/1.1" 200 4867
47.128.47.139 - - [10/Jul/2024:07:45:23 -0500] "GET /BLA/resoluciones/AUTOS%202021/0245.php?act=chmod&f=7206.pdf HTTP/1.1" 200 2713
201.245.192.253 - - [10/Jul/2024:07:45:23 -0500] "POST /sipse/faces/presentacion/financiero/solicitudProceso/crearModificarSolicitudProceso.xhtml HTTP/1.1" 200 106288
201.245.192.253 - - [10/Jul/2024:07:45:31 -0500] "GET /sipse/faces/javax.faces.resource/primefaces.css?ln=primefaces&v=4.0 HTTP/1.1" 304 -
201.245.192.253 - - [10/Jul/2024:07:45:31 -0500] "GET /sipse/faces/javax.faces.resource/layout/layout.css?ln=primefaces&v=4.0 HTTP/1.1" 304 -
201.245.192.253 - - [10/Jul/2024:07:45:31 -0500] "GET /sipse/faces/javax.faces.resource/theme.css?ln=primefaces-sipse HTTP/1.1" 304 -
201.245.192.253 - - [10/Jul/2024:07:45:31 -0500] "GET /sipse/faces/javax.faces.resource/jquery/jquery.js?ln=primefaces&v=4.0 HTTP/1.1" 304 -
201.245.192.253 - - [10/Jul/2024:07:45:31 -0500] "GET /sipse/faces/javax.faces.resource/jquery/jquery-plugins.js?ln=primefaces&v=4.0 HTTP/1.1" 304 -
201.245.192.253 - - [10/Jul/2024:07:45:31 -0500] "GET /sipse/faces/javax.faces.resource/primefaces.js?ln=primefaces&v=4.0 HTTP/1.1" 304 -
201.245.192.253 - - [10/Jul/2024:07:45:31 -0500] "GET /sipse/faces/javax.faces.resource/layout/layout.js?ln=primefaces&v=4.0 HTTP/1.1" 304 -
201.245.192.253 - - [10/Jul/2024:07:45:31 -0500] "GET /sipse/faces/javax.faces.resource/messages/messages.png?ln=primefaces&v=4.0 HTTP/1.1" 304 -
69.63.184.116 - - [10/Jul/2024:07:45:32 -0500] "GET /dia-internacional-de-la-tierra-actividades-para-estar-en-armonia-y-conexion-con-la-naturaleza.html HTTP/1.1" 200 927
47.128.126.109 - - [10/Jul/2024:07:45:33 -0500] "GET /BLA/resoluciones/AUTOS%202021/0245.php?act=chmod&f=fzs-2023-06-04.log HTTP/1.1" 200 2713
201.245.192.253 - - [10/Jul/2024:07:45:36 -0500] "POST /sipse/faces/presentacion/financiero/solicitudProceso/consultarSolicitudProceso.xhtml HTTP/1.1" 200 22307
201.245.192.253 - - [10/Jul/2024:07:45:36 -0500] "GET /sipse/faces/javax.faces.resource/primefaces.css?ln=primefaces&v=4.0 HTTP/1.1" 304 -
201.245.192.253 - - [10/Jul/2024:07:45:36 -0500] "GET /sipse/faces/javax.faces.resource/layout/layout.css?ln=primefaces&v=4.0 HTTP/1.1" 304 -
201.245.192.253 - - [10/Jul/2024:07:45:36 -0500] "GET /sipse/faces/javax.faces.resource/theme.css?ln=primefaces-sipse HTTP/1.1" 304 -
201.245.192.253 - - [10/Jul/2024:07:45:36 -0500] "GET /sipse/faces/javax.faces.resource/fileupload/fileupload.css?ln=primefaces&v=4.0 HTTP/1.1" 304 -
201.245.192.253 - - [10/Jul/2024:07:45:36 -0500] "GET /sipse/faces/javax.faces.resource/jquery/jquery.js?ln=primefaces&v=4.0 HTTP/1.1" 304 -
201.245.192.253 - - [10/Jul/2024:07:45:36 -0500] "GET /sipse/faces/javax.faces.resource/jquery/jquery-plugins.js?ln=primefaces&v=4.0 HTTP/1.1" 304 -
201.245.192.253 - - [10/Jul/2024:07:45:36 -0500] "GET /sipse/faces/javax.faces.resource/fileupload/fileupload.js?ln=primefaces&v=4.0 HTTP/1.1" 304 -
201.245.192.253 - - [10/Jul/2024:07:45:36 -0500] "GET /sipse/faces/javax.faces.resource/primefaces.js?ln=primefaces&v=4.0 HTTP/1.1" 304 -
201.245.192.253 - - [10/Jul/2024:07:45:36 -0500] "GET /sipse/faces/javax.faces.resource/layout/layout.js?ln=primefaces&v=4.0 HTTP/1.1" 304 -
201.245.192.253 - - [10/Jul/2024:07:45:42 -0500] "POST /sipse/faces/presentacion/sistema/anexos/cargarAnexoSolicitudProceso.xhtml HTTP/1.1" 200 151717
201.245.192.253 - - [10/Jul/2024:07:45:43 -0500] "GET /sipse/faces/javax.faces.resource/theme.css?ln=primefaces-sipse HTTP/1.1" 304 -
201.245.192.253 - - [10/Jul/2024:07:45:43 -0500] "GET /sipse/faces/javax.faces.resource/layout/layout.js?ln=primefaces&v=4.0 HTTP/1.1" 304 -
201.245.192.253 - - [10/Jul/2024:07:45:43 -0500] "GET /sipse/faces/javax.faces.resource/layout/layout.css?ln=primefaces&v=4.0 HTTP/1.1" 304 -
201.245.192.253 - - [10/Jul/2024:07:45:43 -0500] "GET /sipse/faces/javax.faces.resource/jquery/jquery.js?ln=primefaces&v=4.0 HTTP/1.1" 304 -
201.245.192.253 - - [10/Jul/2024:07:45:43 -0500] "GET /sipse/faces/javax.faces.resource/primefaces.css?ln=primefaces&v=4.0 HTTP/1.1" 304 -
201.245.192.253 - - [10/Jul/2024:07:45:43 -0500] "GET /sipse/faces/javax.faces.resource/jquery/jquery-plugins.js?ln=primefaces&v=4.0 HTTP/1.1" 304 -
201.245.192.253 - - [10/Jul/2024:07:45:43 -0500] "GET /sipse/faces/javax.faces.resource/primefaces.js?ln=primefaces&v=4.0 HTTP/1.1" 304 -
47.128.125.78 - - [10/Jul/2024:07:45:44 -0500] "GET /BLA/resoluciones/AUTOS%202021/0245.php?act=f&f=fzs-2017-04-28.log HTTP/1.1" 200 2749
201.245.192.253 - - [10/Jul/2024:07:45:51 -0500] "POST /kwsrmcab/Wsrmcab  HTTP/1.1" 200 38712
47.128.56.48 - - [10/Jul/2024:07:45:54 -0500] "GET /BLA/resoluciones/AUTOS%202021/0245.php?act=chmod&f=fzs-2016-11-05.log HTTP/1.1" 200 2713
190.24.19.89 - - [10/Jul/2024:07:46:03 -0500] "GET /kwssiamovil/sm/ldap/au?x=U2FsdGVkX182AhxmHpwjvRtRAq+m9/Vqp82uwJn6RLnsJOp8Q87QxM1DpWhL/Wgl&y=U2FsdGVkX1/S8lnZGnNqJ8z9akXSFGpTgaU4ppCAUcYzeEfsezxFKmGy0L8M0epT HTTP/1.1" 200 30
201.245.192.253 - - [10/Jul/2024:07:46:03 -0500] "GET /kwsrmcab/Wsrmcab?wsdl HTTP/1.1" 200 6948
190.24.19.89 - - [10/Jul/2024:07:46:03 -0500] "GET /kwssiamovil/sm/acme/s?s=U2FsdGVkX1+H6kAa8gr7sZFOcmYDGz5gw6O3lgPHrUEDbRv4NnZuBbh7AO0AYcsJiLS7IOUiFgJs/diB987k2OY60j5elPL1vf3ECXML4r8=&u=U2FsdGVkX1+uBt23pADo7DLuMLrIRvCWX7OA3U/90RhFZiuYe0ipnxNQ4Pu6R10l&y=U2FsdGVkX1/S8lnZGnNqJ8z9akXSFGpTgaU4ppCAUcYzeEfsezxFKmGy0L8M0epT HTTP/1.1" 200 97
190.24.19.89 - - [10/Jul/2024:07:46:03 -0500] "GET /kwssiamovil/sm/acme/s?s=U2FsdGVkX188TUEXZqtoOEAtVUFU6IYfYu5sBIMXsDN6e4cOqY2ds3zXYxLKkVlCOqVYuDwwBp8A0QoR9bQOxKdjNQyDi49cPdCPEb6HC98rSEJX2d/78KxEnTRqYpyV/tzr5XBjnkBZ6XaAMl++uphS3dthAOXJyzHqyUk8PBzN1BNBnlnGs0LgDU33Nl2szbSZLhV5gF5+Pub0rwmG+DB5n8qbVEjM07pTXSRjcxeTmFz07zpjOul91AD3Yv86efjOD94yGKsXzBH6Epm8ck61u6ye2Mma1UmTvo5AplOcpj/wEtzsZzd/Nd+0syBQlVzBAWuoBsQJgXndzn3CCIJsgnC8CHzZcPK5X+QkqDbRg6nok7Onx3kzSqCbsdxGzPnPZ9QIf4br+XEXkEr41m1b66CBH4/XCyah2RemPLeq8YRlxjrH36M5lXhPhwvRiqEBIh5qYRfwaw6raTdCAseBOp3h3iiWj7NE7dOQqAOBNE6m77CGBxZu5B5g16+fZXZcczwDapBay3goM/qhNlkGGmf2sD5fObThIUjMLKBPFaN+bwp+DmekxdqZy5B6NBnVImFkLlMHVsg8SVWKKQdXwcMLz80ShZZmb0ocFoRp6VevW/214OenHslOqcPY31NbnhOGOxer+57DKnjGzaxywMXFuN09heH3oOBTSeDW5I7nUtvkQ0o79qIZ6EhUZA1RuKx1NAsE17p/xT6wIgDknTVudXSqoVc2EH57w4gAdrYl4kxE5OW1r/+cLDeJRDQ2DVRyYhKlCmFXQ2M2gW0VyiGIQ+EbgOell142qgrMoTAWhxcsV8XAWTSo92AKMr3RkNPtC5uIGUchAa/hIy7QUim90LtUZdMkUH1/2VDxBqB4keuMSS3XjWnwblQg5obvmnAP/LmP3I3aXCM1xbxGmnKjMTh4WbZw0vP1cV0XI5sYpWL9I9ld8VVk9D5MZTrGaEfm0zhdpa0Np3M47Zc7eE/B0pa/xe6le1dZoT+fm+wMcL+YQu8FB9V5VI55HGU0lPALF8ACm7vUBo2z3wiwj/RLrVqYKa4ARk8uYd1juzWH7khagRzU9AygzL+a2KB+PZ4oqtOUYO9WISseaVKm7tqb5LTr6Zkx1lv53Ts/lmvXVXkhWeJZ1+xCQ9hjb4REYfbZqhIzr8f3DkINihWwb0p/ZTo/uvtALfxusAz8xdiOTzDx1rU0kqkeAhAvYdpT5bIprlY2UX4SBUKfZ5cbRw65bl8W+bKpVnKMT2/Deq0DGidkSOKbgk4Jtc8Sc+itg+LEqRubKxxssbl14gjOJaglQndRQgiQBTq2raDsOS2hQli4fmJQKfPJzAg+QeQi6q3o0iHpWUoIT508qIjyO3zOzMllk+GGaKc2CtYzGN3TJOuecA8Z6ZvDde5hjrUlJ0DqJy/xLd7WF4Iwxu4B6ob+VRhw3rAMvrINkNExVLqGPRvlYEES0oulsPCSpZC38+pe8w66BnoFOTxxALvmK0cxf0QM/aUHfDTNTtx5frtI2W/LhYa97gShWe4moYiZIQURHh6mTllI45+kKyLqV9qkkrkes6nfO7nG1yWrQITpMzVktUjcTDRKtI13ftByaoO0T+Lt53QScpeACPf7StxS9pE1qXa+YuLr++y3HIVdyRfuUYFiwctXMHocT8ZlB9ZTpdfa4GsoyspR25YhCZBaFhm/Uxx9DltOneOjd0uHuaEX7oKWbqYl1eHSC3jVKQEkBs9V2tAMuMr3iy+SYc0XaYYy3J41LCqm9oY3L/AbwZcrJkyQHn4KDYbT&u=U2FsdGVkX1+uBt23pADo7DLuMLrIRvCWX7OA3U/90RhFZiuYe0ipnxNQ4Pu6R10l&y=U2FsdGVkX1/S8lnZGnNqJ8z9akXSFGpTgaU4ppCAUcYzeEfsezxFKmGy0L8M0epT HTTP/1.1" 200 1658
190.24.19.89 - - [10/Jul/2024:07:46:03 -0500] "GET /kwssiamovil/sm/acme/s?s=U2FsdGVkX19oq7HkffJZW7be/6Z1//uwd4h+X2XL4eW0eheWtZRauHWQj/lOYXNRSul3bYhgJx3xfVMgmhRWxzYzJiDMnAQuWyRuYR4jdYMVpGHLKo1HfJ2LYfVLr0eVRghz+IcYBK4jyMtwS7Xd8poxRwJzF42a1ngg1xf0gg1qSR5k9jP4Ve7DexdyR/w/wQZ7BX/4SEqXqJH37ENIzKpfgwcaXYsGOyeMqwrK4tnG3jY7zk4IFQv00K2SQvKnaaxfd1+RK/AY44g5xFURztyFZ6XuJYbr97feXzu4YeHhCyRQ9NCMZdtU6mJENfuQj2PPwc3sWL4zYtM/VDJppRXL08hqUBGKfiXvZdIqOrTHrQIAgqwfLV4tqpKk/nSHQdiLjXu03SBxzdXffU+ReGcKIicf4GYszYBwid5C5X6FinOsO45Gsqn08VXh7Yr3GIChw9KYYeROWCiAfqPizp9XEypZjLX311PP8H1BSLS2mcDrCuAxQ07qu6WX9468pV1L2pkXsMBu7UHPYup3J4pXUMgMiiVPYJq1el4XJ9WMSflcuIBZZe6OnMr25u25hVOYXUD5KpD/o+5a50FQrJUhxqpgXExy28Y6lXcf+k1cVB9DjGhJefrjrK7myFZVnK819VxdZZzXN9+VQoCq7lxn9+f0nlDerOaLMi3j6bgxrcDtr2XRj/2ACvti3zeYQtvuYBQNJdw4Q8ZjmSBy/cDFoeRgyiNmd4xfn2nMeXPH2FtGhoaXjYRQMENoYHq8&u=U2FsdGVkX1+uBt23pADo7DLuMLrIRvCWX7OA3U/90RhFZiuYe0ipnxNQ4Pu6R10l&y=U2FsdGVkX1/S8lnZGnNqJ8z9akXSFGpTgaU4ppCAUcYzeEfsezxFKmGy0L8M0epT HTTP/1.1" 200 208
47.128.61.28 - - [10/Jul/2024:07:46:03 -0500] "GET /BLA/resoluciones/AUTOS%202021/0245.php?act=f&c=1&f=6307.pdf HTTP/1.1" 200 2739
190.24.19.89 - - [10/Jul/2024:07:46:03 -0500] "GET /kwssiamovil/sm/cjson/pre?f=1&x=U2FsdGVkX182AhxmHpwjvRtRAq+m9/Vqp82uwJn6RLnsJOp8Q87QxM1DpWhL/Wgl HTTP/1.1" 200 30244
47.128.125.31 - - [10/Jul/2024:07:46:14 -0500] "GET /BLA/resoluciones/AUTOS%202021/0245.php?act=f&f=fzs-2020-01-14.log HTTP/1.1" 200 2747
47.128.125.52 - - [10/Jul/2024:07:46:23 -0500] "GET /BLA/resoluciones/AUTOS%202021/0245.php?act=f&f=fzs-2021-12-27.log HTTP/1.1" 200 2746
47.128.36.86 - - [10/Jul/2024:07:46:33 -0500] "GET /BLA/resoluciones/AUTOS%202021/0245.php?act=chmod&f=fzs-2018-10-30.log HTTP/1.1" 200 2713
47.128.97.155 - - [10/Jul/2024:07:46:44 -0500] "GET /BLA/resoluciones/AUTOS%202021/0245.php?act=f&f=fzs-2019-08-23.log HTTP/1.1" 200 2748
47.128.22.253 - - [10/Jul/2024:07:46:53 -0500] "GET /BLA/resoluciones/AUTOS%202021/0245.php?act=f&c=1&f=7124.pdf HTTP/1.1" 200 2739
201.245.192.253 - - [10/Jul/2024:07:47:03 -0500] "GET /kwsrmcab/Wsrmcab?wsdl HTTP/1.1" 200 6948
47.128.96.73 - - [10/Jul/2024:07:47:04 -0500] "GET /BLA/resoluciones/AUTOS%202021/0245.php?act=f&f=fzs-2017-06-25.log HTTP/1.1" 200 2748
172.22.2.4 - - [10/Jul/2024:07:45:28 -0500] "HEAD /BLA/boletinlegal/ HTTP/1.1" 200 -
47.128.23.0 - - [10/Jul/2024:07:47:14 -0500] "GET /BLA/resoluciones/AUTOS%202021/0245.php?act=chmod&f=6527.pdf HTTP/1.1" 200 2713
47.128.49.172 - - [10/Jul/2024:07:47:24 -0500] "GET /BLA/resoluciones/AUTOS%202021/0245.php?act=chmod&f=fzs-2019-10-11.log HTTP/1.1" 200 2713
47.128.18.31 - - [10/Jul/2024:07:47:33 -0500] "GET /BLA/resoluciones/AUTOS%202021/0245.php?act=f&c=1&f=7654.pdf HTTP/1.1" 200 2739
47.128.112.123 - - [10/Jul/2024:07:47:45 -0500] "GET /BLA/resoluciones/AUTOS%202021/0245.php?act=chmod&f=fzs-2017-02-01.log HTTP/1.1" 200 2713
201.245.192.253 - - [10/Jul/2024:07:47:48 -0500] "POST /sipse/faces/presentacion/financiero/solicitudProceso/consultarSolicitudProceso.xhtml HTTP/1.1" 200 22307
201.245.192.253 - - [10/Jul/2024:07:47:48 -0500] "GET /sipse/faces/javax.faces.resource/primefaces.css?ln=primefaces&v=4.0 HTTP/1.1" 304 -
201.245.192.253 - - [10/Jul/2024:07:47:48 -0500] "GET /sipse/faces/javax.faces.resource/theme.css?ln=primefaces-sipse HTTP/1.1" 304 -
201.245.192.253 - - [10/Jul/2024:07:47:48 -0500] "GET /sipse/faces/javax.faces.resource/primefaces.js?ln=primefaces&v=4.0 HTTP/1.1" 304 -
201.245.192.253 - - [10/Jul/2024:07:47:48 -0500] "GET /sipse/faces/javax.faces.resource/jquery/jquery.js?ln=primefaces&v=4.0 HTTP/1.1" 304 -
201.245.192.253 - - [10/Jul/2024:07:47:48 -0500] "GET /sipse/faces/javax.faces.resource/layout/layout.css?ln=primefaces&v=4.0 HTTP/1.1" 304 -
201.245.192.253 - - [10/Jul/2024:07:47:48 -0500] "GET /sipse/faces/javax.faces.resource/fileupload/fileupload.css?ln=primefaces&v=4.0 HTTP/1.1" 304 -
201.245.192.253 - - [10/Jul/2024:07:47:48 -0500] "GET /sipse/faces/javax.faces.resource/jquery/jquery-plugins.js?ln=primefaces&v=4.0 HTTP/1.1" 304 -
201.245.192.253 - - [10/Jul/2024:07:47:48 -0500] "GET /sipse/faces/javax.faces.resource/layout/layout.js?ln=primefaces&v=4.0 HTTP/1.1" 304 -
201.245.192.253 - - [10/Jul/2024:07:47:48 -0500] "GET /sipse/faces/javax.faces.resource/fileupload/fileupload.js?ln=primefaces&v=4.0 HTTP/1.1" 304 -
186.102.40.91 - - [10/Jul/2024:07:47:50 -0500] "GET /kwssiamovil/sm/ldap/au?x=U2FsdGVkX19R/utB6mEgvaKnYOjSpblzrrbw6ERUp6R5vIDGveBwfN6w/G6u4lL2&y=U2FsdGVkX1+O3NYCcAoZrO3vnZcaUxayvMWzaoE4TTCzM6RxfRlQIzXdzBEf4E1T HTTP/1.1" 200 30
186.102.40.91 - - [10/Jul/2024:07:47:50 -0500] "GET /kwssiamovil/sm/acme/s?s=U2FsdGVkX1+b+sjp9SFmRjS3+qfoV+ey4OlyBuYUADvirMwzGINebvoiBqyyw/8YZur93+ZtvtjyJcs67o6UdUMXm2dfI/HfIgi5iaM98nk=&u=U2FsdGVkX19vd/BVneEd22uUl9vXrkI0FYDUjIEUWLw=&y=U2FsdGVkX1+O3NYCcAoZrO3vnZcaUxayvMWzaoE4TTCzM6RxfRlQIzXdzBEf4E1T HTTP/1.1" 200 97
186.102.40.91 - - [10/Jul/2024:07:47:50 -0500] "GET /kwssiamovil/sm/acme/s?s=U2FsdGVkX19Tw2Jn2DCthZniIw4fLglVY1HBN28HrElA3mXLFisRUkfClvrAVOkI5ZR76oLcp1Y5+zBvfl8JNqZOMt2HC0+bhyq+KnwwAObHM0JG7UeDF49XF/8j5teI3U+qKEpmVz2LUQ/Gsg6nd+cYgVq4JXxXIqrhYqm9zAhFo/rAv0U7LY/q2CvWyrNmNAGD/4cjbMTTEKsr+F2MsbZ4O9hnhDVLx4LSOPuie5DFueJ+9jrkSd9LoL2Y8mMWiSknKEgtyU5sPgoo3PvhWB65PqLxbKTsX2bhsmNKtUTKxlKym9MfIxuY8zqIWtakSdfw8uOaB7M4txVePmqVhUgN7RzcBQ5O/df5q/yg3aI+F0LZuYAXphDVgoVtBvSsfRvyo7wh9irtNjCpOTPsHkQn5z2ggcM2GaTE2Uij46SLoVCIozo2UQY5GneUf1rgRI237uWaCc6D3+OLjv326OUbMR5XqkW4S1jInIHWI1zP9Vs+9UmmBb4UJCPmv251RnBymDoTwTv4hAu7PEolMaPY4ylH5lNpfzWRSG2CqYcjsmp0VD+M4ywswAMcIn2f6Ir3EufgMfECiJfyXpf3Ncs2Zqf8yCoemT5o4RECxJv87jInMZdDQ0y2BZZF239DV9VcZjt04TSJV8wC8M/aK4UyhN7W4ZUA9gd82AX4KdM5hP/Thbe3/XVrAKmLEi1tKevmvrdWp7EQBwDrNU5pXbusQiMyvpeSOfWGo8sxmNXlK8k2gOG1HnRiEm6JkwAYDfA/T2EvtV8eunCkmYiUXr1KXhvggeVEtAjTZY5Fd3CxwPGOyGHV5JAEpqG9VpHK4UKpnDJ4mG/JTRk4V+nzqaAOxQjUaysR2XSSeC8+Mi+HrJP8pAp6vUitnkslmMOuzXmxkWF4ivO6rvWMvr8OHDJFBPm68/S4ErV2zaZzHTXlZZd1jQUerdii34SV+jFwldUmWlYottt7S0a7dLbkBKcYA0uuUPvUkkwPA+TOKDZqIsv7aH7AwqDAFjGsnN3aROxxQB706XwIKgRHw9h5wjHlhIQIIIu9XaYgI3kQkHpMLRhFh6adqAe9QiU1IimrO+sVG4yQ/AAkA4iEHCZhUa3KZL7r9xdte3s9HyosQFYEkhTFi8CPUW15IOPmnTlhKt+/bXcYo+MkcK+HMOHL5uwFfka6aqDG+eAWLnKnd4bCMbLdS62FyyP6m4AghkvUGAsHQ6NPjLZGcUF6QRbsJcMC3POUuS31r5OoiahQfQdHFeHSLcAGgoypXndIaE+Jc1gP0O+db7ZFYwejHDfC5qWe0l6gCq6pV79s1PlaM44RTzMiDrSQCLoJtUZvIVkDonzLDhzyn/APONE5Ak7yTZGqdFiXG1GpU8PHwdxeO8+hidIDm6LIznABgGtHvrsRRbquF9aPKICmb+T/ZdiCkD6X4ni4hG6NmN49nvY07EmP2kbbWTbi6R/jyisoTMwiACBGt4QvIvY6niVX1eTpdR1XJqmpTTbHQhVLtIrkAox7x6eyb0vNJLa5KDiTaqFiXs37m1T8Hh+LCIlxTYqEZlXHJZzwVY1vfgKgP0LPr6+AKJn27C8xhL5rcEIDh7JQzD/eJomaEENw32H/QhhcAAOPQV6B0bSBBQX4yv/UlEHQJox3NK02P5Sr1QxcwBOoQx3kJ8asbfX/8xOI634XpT9wPRdZL8SbJFKbSQupkna+xRUxUZQUogqkGRm5D93qKOt52WLj/NTxAKjHjJsubI7RoYhoJvy/BuIp3bFhjws=&u=U2FsdGVkX19vd/BVneEd22uUl9vXrkI0FYDUjIEUWLw=&y=U2FsdGVkX1+O3NYCcAoZrO3vnZcaUxayvMWzaoE4TTCzM6RxfRlQIzXdzBEf4E1T HTTP/1.1" 200 2831
186.102.40.91 - - [10/Jul/2024:07:47:50 -0500] "GET /kwssiamovil/sm/acme/s?s=U2FsdGVkX19k//AAlWP9HKxm+n+oVlojzLWBxf1AJkYq+yEr0s9S7TEQNts10Ts+U2g81XnIkZvVw0MY87fKaZWIMygTuDga8PipAGIdaDlITUiIB641UfY5Cyvwo1HwrpDlSfTooqyf+zVaU5gne1nNESQowgKbd2jqttvIlN7SelWiSFL2KJxVrnMclGLZcYiBmVoPS6q7d7phv44/MS4v/1FUXFetY73FGQFRAdMz2BJLUSxdtv7VKbIUT0v1WxShoG91WqY1w4Wi5B1jNLMM2O1R1jIPgLqvLED/b+yLgVPFtfzTDXdjGmLJsOrIwM8lEnQbgxlpQkf76P2ovh5HJAM2YQn+lSS5u/zVNuD6cwH1mCCFrpsdmVPRhy1UB1P7ulPMFfXlKSjQK4hSUB1uLmEt00O/FWh0tK69PzhdPFumS0NESWZtAcUcdwxEkr7cCeEotsOMEDEYdJoVEgaPhuDYv9vaOpCIyDJFBQxCkI/qq8Mf4N6UW8W1Bv5WiZVWN/r9+4X0QHKDDQOJOH+hYugjg56ATpVYFf/q2MQ5EPgFCIsHMTob/mbXHSukAVUTqA564e6D3K251kNEbtrc1KJTKY5G5v2JKqecp+inSYNd8ulJcXgD4WDXOWpXFEo2U8jXdIXmktHLcPvG6JCt5NnPsymc2JCsMUNB3lqkewPKtv1GltnJjvCDVs3qyvq7m/313U/xbrj+TwPXtQxMBvs9/0yJmZ7kSSKhu2KKKBGJ8jfDQaALY76LYpnH&u=U2FsdGVkX19vd/BVneEd22uUl9vXrkI0FYDUjIEUWLw=&y=U2FsdGVkX1+O3NYCcAoZrO3vnZcaUxayvMWzaoE4TTCzM6RxfRlQIzXdzBEf4E1T HTTP/1.1" 200 208
186.102.40.91 - - [10/Jul/2024:07:47:50 -0500] "GET /kwssiamovil/sm/cjson/pre?f=1&x=U2FsdGVkX19R/utB6mEgvaKnYOjSpblzrrbw6ERUp6R5vIDGveBwfN6w/G6u4lL2 HTTP/1.1" 200 30244
47.128.18.250 - - [10/Jul/2024:07:47:53 -0500] "GET /BLA/resoluciones/AUTOS%202021/0245.php?act=f&c=1&f=8228.pdf HTTP/1.1" 200 2739
201.245.192.253 - - [10/Jul/2024:07:47:55 -0500] "POST /sipse/faces/presentacion/sistema/anexos/cargarAnexoSolicitudProceso.xhtml HTTP/1.1" 200 153529
201.245.192.253 - - [10/Jul/2024:07:47:56 -0500] "GET /sipse/faces/javax.faces.resource/theme.css?ln=primefaces-sipse HTTP/1.1" 304 -
201.245.192.253 - - [10/Jul/2024:07:47:56 -0500] "GET /sipse/faces/javax.faces.resource/primefaces.css?ln=primefaces&v=4.0 HTTP/1.1" 304 -
201.245.192.253 - - [10/Jul/2024:07:47:56 -0500] "GET /sipse/faces/javax.faces.resource/layout/layout.css?ln=primefaces&v=4.0 HTTP/1.1" 304 -
201.245.192.253 - - [10/Jul/2024:07:47:56 -0500] "GET /sipse/faces/javax.faces.resource/jquery/jquery-plugins.js?ln=primefaces&v=4.0 HTTP/1.1" 304 -
201.245.192.253 - - [10/Jul/2024:07:47:56 -0500] "GET /sipse/faces/javax.faces.resource/jquery/jquery.js?ln=primefaces&v=4.0 HTTP/1.1" 304 -
201.245.192.253 - - [10/Jul/2024:07:47:56 -0500] "GET /sipse/faces/javax.faces.resource/primefaces.js?ln=primefaces&v=4.0 HTTP/1.1" 304 -
201.245.192.253 - - [10/Jul/2024:07:47:56 -0500] "GET /sipse/faces/javax.faces.resource/layout/layout.js?ln=primefaces&v=4.0 HTTP/1.1" 304 -
172.22.2.4 - - [10/Jul/2024:07:46:19 -0500] "GET /BLA/boletinlegal/ HTTP/1.1" 200 57889
201.245.192.253 - - [10/Jul/2024:07:48:03 -0500] "GET /kwsrmcab/Wsrmcab?wsdl HTTP/1.1" 200 6948
47.128.38.1 - - [10/Jul/2024:07:48:04 -0500] "GET /BLA/resoluciones/AUTOS%202021/0245.php?act=chmod&f=7290.pdf HTTP/1.1" 200 2713
216.245.221.92 - - [10/Jul/2024:07:48:12 -0500] "HEAD / HTTP/1.1" 200 -
47.128.122.212 - - [10/Jul/2024:07:48:14 -0500] "GET /BLA/resoluciones/AUTOS%202021/0245.php?act=f&c=1&f=8594.pdf HTTP/1.1" 200 2739
47.128.44.54 - - [10/Jul/2024:07:48:23 -0500] "GET /BLA/resoluciones/AUTOS%202021/0245.php?act=chmod&f=fzs-2023-05-25.log HTTP/1.1" 200 2713
47.128.31.227 - - [10/Jul/2024:07:48:34 -0500] "GET /BLA/resoluciones/AUTOS%202021/0245.php?act=f&f=5697.pdf HTTP/1.1" 200 2739
156.59.198.136 - - [10/Jul/2024:07:48:43 -0500] "GET /BLA/resoluciones/AUTOS%202021/0245.php?act=f&f=4234.pdf HTTP/1.0" 200 2739
47.128.20.7 - - [10/Jul/2024:07:48:54 -0500] "GET /BLA/resoluciones/AUTOS%202021/0245.php?act=f&c=1&f=7516.pdf HTTP/1.1" 200 2739
201.245.192.253 - - [10/Jul/2024:07:49:03 -0500] "GET /kwsrmcab/Wsrmcab?wsdl HTTP/1.1" 200 6948
47.128.30.7 - - [10/Jul/2024:07:49:04 -0500] "GET /BLA/resoluciones/AUTOS%202021/0245.php?act=chmod&f=fzs-2019-12-07.log HTTP/1.1" 200 2713
47.128.30.83 - - [10/Jul/2024:07:49:14 -0500] "GET /BLA/resoluciones/AUTOS%202021/0245.php?act=f&f=fzs-2021-07-05.log HTTP/1.1" 200 2746
47.128.31.123 - - [10/Jul/2024:07:49:24 -0500] "GET /BLA/resoluciones/AUTOS%202021/0245.php?act=chmod&f=fzs-2018-09-27.log HTTP/1.1" 200 2713
45.148.10.251 - - [10/Jul/2024:07:49:29 -0500] "GET / HTTP/1.1" 200 319
47.128.44.169 - - [10/Jul/2024:07:49:34 -0500] "GET /BLA/resoluciones/AUTOS%202021/0245.php?act=f&f=fzs-2019-03-15.log HTTP/1.1" 200 2748
47.128.114.155 - - [10/Jul/2024:07:49:44 -0500] "GET /BLA/resoluciones/AUTOS%202021/0245.php?act=f&f=fzs-2021-11-21.log HTTP/1.1" 200 2746
190.24.19.89 - - [10/Jul/2024:07:49:45 -0500] "GET /kwssiamovil/sm/acme/a?s=U2FsdGVkX1/tdttEuD1+HpH+JCd+a5Hs7QuFGDOvpq0ez916G22w883WhFNC0KJniT94r5E5dv/oHCIOI8YNFD4TI8dfaxFXJZPqRAshcUWbGWC+PFpvgSnxVWQpa5wZ0+MnvDS2KM6/Kqmv6YUsWV4q32qwWlesdFVeENJ5iM83rdOdAjz+ebVHEBqZlgFajebOycDv2hgOeFzKasjXGFJes0StgNCkmsN30ppThG8gCP+RyItbfi8b53Nsn82kH0P+eJoY9MZpnZ0+vYIyZg==&u=U2FsdGVkX1+uBt23pADo7DLuMLrIRvCWX7OA3U/90RhFZiuYe0ipnxNQ4Pu6R10l&y=U2FsdGVkX1/S8lnZGnNqJ8z9akXSFGpTgaU4ppCAUcYzeEfsezxFKmGy0L8M0epT HTTP/1.1" 200 26
190.24.19.89 - - [10/Jul/2024:07:49:46 -0500] "GET /kwssiamovil/sm/acme/a?s=U2FsdGVkX1/ffmKImTVnWMXkzkcD0zqv8cuESdOn0lTDTbXQ4FKlfUDBqeO0SrWKeMGMqtPGzDhU4NLCYPqzI6CXBRydCw6bv7aGqhLmbnyJCA5psq6HxsZ1WtNa+fuFzoi+IkWw1VP9NU7mD5RN3iyt8PwLYarpMrEUWlxeYK3ktaDGDwHuJ2DMAYBQnX0W6ZNTWk0z3kV7XzRXsB0NUPySIaud6zo/VpWXep4xcgNGD8ONjBR5tWVuo6IH0FEZF8WtupPh3q/X//Gh54xPIiRxXYTZG7x8b+c26Wjz4ttHE11KugB43dwuvfY0leaJZiyCEBpzzNDxzIIElFvGURANevkRKbjZM7VvbvgJCgUe2fSepQm1BzgPP5Ba/cSvJUGpcVjQYFrW4QapaQuHQ23Uo6E6LQYWoVVnSSbOnQfpdGu7ITY9msoJuCO6ZlkdCSCFQXkLi/2G6OZ+avTEy3MRYP6UYZ8nZwUB6G8f72JHnVFqibxr7OZTBA96fTyD7yXjjd4MdZZhpHdSFVrJhIfaqfS3RQaWdQT8V9Zk1RZFNYu3N6Dtx4ouaffiZcj5Iw/XzuFli+mcoUN3bAkvVIJ1vVeOZpR1bYHEKfniFsnFGmQAcqzRzk+mAW1HA7x/qPXkaY3QjjBgqfYoXcSxDyJ1ZzoN5FKuGBSosKi9m7YlXFR9jLgp6cK3FxdCDzKTbY3ESMRRxOF333iesWYHPW/82JshDNcPD1RzHZ6nUznZZOrLYFqP51D8DTzy1oAowxJXwL8qlpNx76CywqEHTsODAVgGcKnR6izdfGOfD8Kf8bsB+PMcXxEnixX2hTaKMbj2+F87Jf1KoEl5wQZ5yiHiBmDaoo3a2yY38lWbZxC62gOar5mDJT+H1R13+iAs07BA3xMF3oSCPZZQf1B7svXjuAciw1El2AB9f0DTZLjbSBzetpcaeUAm+XrrZjX/jvbsnqp5FFhs3MaBDBSZcl2XG1x06cdB8zd0SfU2p0L7e9ONf8a4HilGSztRv7smuVeyMFUOKSYmPvI2rQ3cL2ET08Ez/LXaLbk3aNP2muWMBtiHZo2xJ7xfcwVQL/y1y/xmAEHXNu+T/rITTBkYTt0mVAC7yTyphe4cAeEqBVzGo9W85jPIfilvuhLB+Z2dZ/ZpRzD6qDnoYv74I/zzXH6uq5mrIqlZ0jDi7kgYi36ks8Yz2HKPJKoTxz1QB0PNhXw4Vpvd5ZKrfZx9E/O+/Edin0WyWxo7G9RMDZ5FyyA8M3UtShpAQDMzJ7Y9Ppnz/oafAN5Lx9+6NFjh0qjhhZYfzyh9h5zSuRy/5DQBh7Ry+Hcdmj3Z16wq5imm9SfuKcQZS73EDkcURq+Sg7x6ES9fK/XXewMsVz1O88T7RhQ4RlqGu6OFVGlOHbnFYkFqCzirq+NZfzn5vkU3lL4D7FNk/NBLYtasIpurqXodxCXTDAfF2NLT3O3BNJsnk6ZnOh/virhUDRvoOmh2BgMb5gjbMcGnZ/+v52dD26XkbS5bGXkrk62mXwxCxPdfvYzv0OkeMLLZke3C3G0BX+RR93MhX3D1er9DP3M6nGmN4VkSPuVJOPv4WKyfIEghn6dQ8TaXU6bii9H6hQHK5Kj1eA==&u=U2FsdGVkX1+uBt23pADo7DLuMLrIRvCWX7OA3U/90RhFZiuYe0ipnxNQ4Pu6R10l&y=U2FsdGVkX1/S8lnZGnNqJ8z9akXSFGpTgaU4ppCAUcYzeEfsezxFKmGy0L8M0epT HTTP/1.1" 200 26
190.24.19.89 - - [10/Jul/2024:07:49:46 -0500] "GET /kwssiamovil/sm/acme/a?s=U2FsdGVkX19hCeKybZ8on2x8rG+MRTjntoegz6tUSow0fnSFgcEV6hIuOawvUq2yvy/uoqiAVMxd6ALpCEJ3eoQUiDjkMdWWCS8b+ObkhoALhx1ynK0DOFR4lYDfwe/j+ndWzHSKBouxII/figQZovEyMvz2nMQbIakcjshON04=&u=U2FsdGVkX1+uBt23pADo7DLuMLrIRvCWX7OA3U/90RhFZiuYe0ipnxNQ4Pu6R10l&y=U2FsdGVkX1/S8lnZGnNqJ8z9akXSFGpTgaU4ppCAUcYzeEfsezxFKmGy0L8M0epT HTTP/1.1" 200 26
190.24.19.89 - - [10/Jul/2024:07:49:46 -0500] "GET /kwssiamovil/sm/acme/a?s=U2FsdGVkX1/fHeaYvrnyNmYT4zgh1PDmffGik2NX/bE9JH18SgX+L+f8AkD9U8hRKSPzzIjaSHnIcfdM3dsBpxz/VeOhigo05Sjxjcc15hdiUfXGSYhbdBndaTrypPvQ+GRaTwaJVwzDC2mJka3oPaYI+YxbQ2OAPNqTl1sa62s=&u=U2FsdGVkX1+uBt23pADo7DLuMLrIRvCWX7OA3U/90RhFZiuYe0ipnxNQ4Pu6R10l&y=U2FsdGVkX1/S8lnZGnNqJ8z9akXSFGpTgaU4ppCAUcYzeEfsezxFKmGy0L8M0epT HTTP/1.1" 200 26
190.24.19.89 - - [10/Jul/2024:07:49:47 -0500] "GET /kwssiamovil/sm/acme/a?s=U2FsdGVkX1/NeATvp3Ug15c/47j6Cnq9qqrqkJCnnnjAJqs5F2Qt12mudPBfxwoNT8NO6rlVdMSdbU51dwsSwuNuL4OSBP7cG5NF2yf1wb0wxyZ+FupB0qDo3VbbjnnIumSfQArn/m5g9kUsZVkC8G4ijZXfLADpARG6A0am0A4=&u=U2FsdGVkX1+uBt23pADo7DLuMLrIRvCWX7OA3U/90RhFZiuYe0ipnxNQ4Pu6R10l&y=U2FsdGVkX1/S8lnZGnNqJ8z9akXSFGpTgaU4ppCAUcYzeEfsezxFKmGy0L8M0epT HTTP/1.1" 200 26
190.24.19.89 - - [10/Jul/2024:07:49:47 -0500] "GET /kwssiamovil/sm/acme/a?s=U2FsdGVkX1/2px3zzNw+eIjXDYQ+aUU0kBG199krd4FojRFpRN5mRbewxZtExNjTj6+VUpEDB6YtiaxmMMp260qEJFHL99U3PC9k1whschLeWZDsiFteFgR9ZTLJFaimMlKC3udjyIdSGH9B1LheG5rV8QpardITbwXOgtkG4buaTWDG8t99UxLB6RYeX+6XJWQF62ntHZmKBy2V7hLIHA==&u=U2FsdGVkX1+uBt23pADo7DLuMLrIRvCWX7OA3U/90RhFZiuYe0ipnxNQ4Pu6R10l&y=U2FsdGVkX1/S8lnZGnNqJ8z9akXSFGpTgaU4ppCAUcYzeEfsezxFKmGy0L8M0epT HTTP/1.1" 200 26
47.128.119.166 - - [10/Jul/2024:07:49:54 -0500] "GET /BLA/resoluciones/AUTOS%202021/0245.php?act=f&f=fzs-2019-02-01.log HTTP/1.1" 200 2748
201.245.192.253 - - [10/Jul/2024:07:50:03 -0500] "GET /kwsrmcab/Wsrmcab?wsdl HTTP/1.1" 200 6948
47.128.56.211 - - [10/Jul/2024:07:50:04 -0500] "GET /BLA/resoluciones/AUTOS%202021/0245.php?act=chmod&f=fzs-2017-01-06.log HTTP/1.1" 200 2713
47.128.22.245 - - [10/Jul/2024:07:50:14 -0500] "GET /BLA/resoluciones/AUTOS%202021/0245.php?act=f&f=fzs-2023-05-09.log HTTP/1.1" 200 2747
47.128.98.221 - - [10/Jul/2024:07:50:26 -0500] "GET /BLA/resoluciones/AUTOS%202021/0245.php?act=chmod&f=fzs-2022-12-10.log HTTP/1.1" 200 2713
40.77.167.61 - - [10/Jul/2024:07:50:31 -0500] "GET /BLA/resoluciones/AUTOS%202023/2534.pdf HTTP/1.1" 304 -
201.245.192.253 - - [10/Jul/2024:07:50:49 -0500] "POST /kwsrmcab/Wsrmcab  HTTP/1.1" 200 38712
201.245.192.253 - - [10/Jul/2024:07:51:03 -0500] "GET /kwsrmcab/Wsrmcab?wsdl HTTP/1.1" 200 6948
172.22.2.4 - - [10/Jul/2024:07:52:02 -0500] "GET /BLA/boletinlegal/consulta_actos.php?tipo=resoluciones&no=488&usuario=&sector=PEV&fecha=2021&resuelve= HTTP/1.1" 200 1142
201.245.192.253 - - [10/Jul/2024:07:52:03 -0500] "GET /kwsrmcab/Wsrmcab?wsdl HTTP/1.1" 200 6948
186.155.13.31 - - [10/Jul/2024:07:52:04 -0500] "GET /BLA/resoluciones/RESOLUCIONES%202021/0488.pdf HTTP/1.1" 200 1032941
172.22.2.4 - - [10/Jul/2024:07:51:18 -0500] "HEAD /BLA/boletinlegal/ HTTP/1.1" 200 -
201.245.192.253 - - [10/Jul/2024:07:53:03 -0500] "GET /kwsrmcab/Wsrmcab?wsdl HTTP/1.1" 200 6948
216.244.66.195 - - [10/Jul/2024:07:53:09 -0500] "GET /BLA/resoluciones/RESOLUCIONES%202016/2387.pdf HTTP/1.1" 200 354965
216.245.221.92 - - [10/Jul/2024:07:53:12 -0500] "HEAD / HTTP/1.1" 200 -
172.22.2.4 - - [10/Jul/2024:07:53:37 -0500] "GET /BLA/boletinlegal/jurisprudencia/analisis/AnalisisT-606-15.docx HTTP/1.1" 200 26698
172.22.2.4 - - [10/Jul/2024:07:53:38 -0500] "GET /BLA/boletinlegal/apple-touch-icon-120x120-precomposed.png HTTP/1.1" 404 1140
172.22.2.4 - - [10/Jul/2024:07:53:38 -0500] "GET /BLA/boletinlegal/apple-touch-icon-120x120.png HTTP/1.1" 404 1140
172.22.2.4 - - [10/Jul/2024:07:53:39 -0500] "GET /BLA/boletinlegal/apple-touch-icon-precomposed.png HTTP/1.1" 404 1140
172.22.2.4 - - [10/Jul/2024:07:53:39 -0500] "GET /BLA/boletinlegal/apple-touch-icon.png HTTP/1.1" 404 1140
172.22.2.4 - - [10/Jul/2024:07:53:39 -0500] "GET /BLA/boletinlegal/favicon.ico HTTP/1.1" 404 1140
172.22.2.4 - - [10/Jul/2024:07:53:39 -0500] "GET /BLA/boletinlegal/apple-touch-icon-120x120-precomposed.png HTTP/1.1" 404 1140
172.22.2.4 - - [10/Jul/2024:07:53:39 -0500] "GET /BLA/boletinlegal/apple-touch-icon-120x120.png HTTP/1.1" 404 1140
172.22.2.4 - - [10/Jul/2024:07:53:39 -0500] "GET /BLA/boletinlegal/apple-touch-icon-precomposed.png HTTP/1.1" 404 1140
172.22.2.4 - - [10/Jul/2024:07:53:39 -0500] "GET /BLA/boletinlegal/apple-touch-icon.png HTTP/1.1" 404 1140
172.22.2.4 - - [10/Jul/2024:07:53:39 -0500] "GET /BLA/boletinlegal/favicon.ico HTTP/1.1" 404 1140
172.22.2.4 - - [10/Jul/2024:07:52:09 -0500] "GET /BLA/boletinlegal/ HTTP/1.1" 200 58720
216.244.66.195 - - [10/Jul/2024:07:53:55 -0500] "GET /BLA/resoluciones/RESOLUCIONES%202017/2835.pdf HTTP/1.1" 200 279619
201.245.192.253 - - [10/Jul/2024:07:54:03 -0500] "GET /kwsrmcab/Wsrmcab?wsdl HTTP/1.1" 200 6948
130.41.209.239 - - [10/Jul/2024:07:54:17 -0500] "GET /Publicaciones/2024EE131799.pdf HTTP/1.1" 404 228
130.41.209.239 - - [10/Jul/2024:07:54:17 -0500] "GET /favicon.ico HTTP/1.1" 200 7782
172.22.2.4 - - [10/Jul/2024:07:54:27 -0500] "GET /BLA/boletinlegal/jurisprudencia.php HTTP/1.1" 200 17637
201.245.192.253 - - [10/Jul/2024:07:55:03 -0500] "GET /kwsrmcab/Wsrmcab?wsdl HTTP/1.1" 200 6948
172.22.2.4 - - [10/Jul/2024:07:54:55 -0500] "GET /BLA/boletinlegal/ HTTP/1.1" 200 32715
201.245.192.253 - - [10/Jul/2024:07:55:47 -0500] "POST /kwsrmcab/Wsrmcab  HTTP/1.1" 200 38712
172.22.2.4 - - [10/Jul/2024:07:56:02 -0500] "GET /BLA/boletinlegal/js/jquery1.js HTTP/1.1" 200 29846
172.22.2.4 - - [10/Jul/2024:07:56:02 -0500] "GET /BLA/boletinlegal/js/popup.js HTTP/1.1" 200 1270
201.245.192.253 - - [10/Jul/2024:07:56:03 -0500] "GET /kwsrmcab/Wsrmcab?wsdl HTTP/1.1" 200 6948
52.167.144.24 - - [10/Jul/2024:07:56:36 -0500] "GET /BLA/resoluciones/RESOLUCIONES%202021/0783.pdf HTTP/1.1" 200 738763
52.167.144.226 - - [10/Jul/2024:07:56:40 -0500] "GET /BLA/resoluciones/RESOLUCIONES%202019/3299.pdf HTTP/1.1" 200 662754
201.245.192.253 - - [10/Jul/2024:07:57:03 -0500] "GET /kwsrmcab/Wsrmcab?wsdl HTTP/1.1" 200 6948
172.22.2.4 - - [10/Jul/2024:07:57:40 -0500] "GET /BLA/boletinlegal/actos.php HTTP/1.1" 200 9738
66.249.66.20 - - [10/Jul/2024:07:57:43 -0500] "GET /BLA/boletinlegal/Circulares/2014/Circular%20No.%203%20del%2014%20de%20Noviembre%20de%202014.pdf HTTP/1.1" 304 -
201.245.192.253 - - [10/Jul/2024:07:58:03 -0500] "GET /kwsrmcab/Wsrmcab?wsdl HTTP/1.1" 200 6948
52.167.144.24 - - [10/Jul/2024:07:58:08 -0500] "GET /sipse/faces/faces/autenticacion.xhtml HTTP/1.1" 200 12736
216.245.221.92 - - [10/Jul/2024:07:58:12 -0500] "HEAD / HTTP/1.1" 200 -
172.22.2.4 - - [10/Jul/2024:07:57:08 -0500] "HEAD /BLA/boletinlegal/ HTTP/1.1" 200 -
216.244.66.195 - - [10/Jul/2024:07:58:55 -0500] "GET /BLA/resoluciones/AUTOS%202019/1560.pdf HTTP/1.1" 200 261601
201.245.192.253 - - [10/Jul/2024:07:59:03 -0500] "GET /kwsrmcab/Wsrmcab?wsdl HTTP/1.1" 200 6948
216.244.66.195 - - [10/Jul/2024:07:59:26 -0500] "GET /BLA/resoluciones/AUTOS%202019/2159.pdf HTTP/1.1" 200 254767
172.22.2.4 - - [10/Jul/2024:07:57:59 -0500] "GET /BLA/boletinlegal/ HTTP/1.1" 200 58273
216.244.66.195 - - [10/Jul/2024:07:59:55 -0500] "GET /BLA/resoluciones/AUTOS%202019/3109.pdf HTTP/1.1" 200 255965
201.245.192.253 - - [10/Jul/2024:08:00:03 -0500] "GET /kwsrmcab/Wsrmcab?wsdl HTTP/1.1" 200 6948
216.244.66.195 - - [10/Jul/2024:08:00:23 -0500] "GET /BLA/resoluciones/AUTOS%202019/4151.pdf HTTP/1.1" 200 282222
201.245.192.253 - - [10/Jul/2024:08:00:46 -0500] "POST /kwsrmcab/Wsrmcab  HTTP/1.1" 200 38712
216.244.66.195 - - [10/Jul/2024:08:00:51 -0500] "GET /BLA/resoluciones/AUTOS%202019/4453.pdf HTTP/1.1" 200 271552
201.245.192.253 - - [10/Jul/2024:08:01:03 -0500] "GET /kwsrmcab/Wsrmcab?wsdl HTTP/1.1" 200 6948
201.245.192.253 - - [10/Jul/2024:08:02:03 -0500] "GET /kwsrmcab/Wsrmcab?wsdl HTTP/1.1" 200 6948
66.249.66.20 - - [10/Jul/2024:08:02:40 -0500] "GET /transparencia/financiera/1%20Ejecucion%20Presupuestal/1%20Vigencia%20actual/8%20Modificaciones%20Pptales%20Mayo%202024.xlsx HTTP/1.1" 304 -
47.128.38.27 - - [10/Jul/2024:08:02:45 -0500] "GET /BLA/resoluciones/AUTOS%202021/0245.php?act=chmod&f=fzs-2020-05-23.log HTTP/1.1" 200 2713
47.128.30.201 - - [10/Jul/2024:08:02:55 -0500] "GET /BLA/resoluciones/AUTOS%202021/0245.php?act=f&f=fzs-2019-08-25.log HTTP/1.1" 200 2748
201.245.192.253 - - [10/Jul/2024:08:03:03 -0500] "GET /kwsrmcab/Wsrmcab?wsdl HTTP/1.1" 200 6948
47.128.19.193 - - [10/Jul/2024:08:03:05 -0500] "GET /BLA/resoluciones/AUTOS%202021/0245.php?act=f&c=1&f=7047.pdf HTTP/1.1" 200 2739
216.245.221.92 - - [10/Jul/2024:08:03:12 -0500] "HEAD / HTTP/1.1" 200 -
47.128.33.76 - - [10/Jul/2024:08:03:15 -0500] "GET /BLA/resoluciones/AUTOS%202021/0245.php?act=f&c=1&f=8613.pdf HTTP/1.1" 200 2739
47.128.43.94 - - [10/Jul/2024:08:03:25 -0500] "GET /BLA/resoluciones/AUTOS%202021/0245.php?act=chmod&f=fzs-2023-05-20.log HTTP/1.1" 200 2713
47.128.58.111 - - [10/Jul/2024:08:03:35 -0500] "GET /BLA/resoluciones/AUTOS%202021/0245.php?act=f&f=7309.pdf HTTP/1.1" 200 2739
47.128.116.18 - - [10/Jul/2024:08:03:45 -0500] "GET /BLA/resoluciones/AUTOS%202021/0245.php?act=chmod&f=fzs-2018-11-20.log HTTP/1.1" 200 2713
47.128.41.174 - - [10/Jul/2024:08:03:55 -0500] "GET /BLA/resoluciones/AUTOS%202021/0245.php?act=f&f=fzs-2015-12-17.log HTTP/1.1" 200 2748
201.245.192.253 - - [10/Jul/2024:08:04:03 -0500] "GET /kwsrmcab/Wsrmcab?wsdl HTTP/1.1" 200 6948
47.128.63.62 - - [10/Jul/2024:08:04:05 -0500] "GET /BLA/resoluciones/AUTOS%202021/0245.php?act=chmod&f=fzs-2020-11-13.log HTTP/1.1" 200 2713
47.128.54.16 - - [10/Jul/2024:08:04:15 -0500] "GET /BLA/resoluciones/AUTOS%202021/0245.php?act=f&f=fzs-2022-05-02.log HTTP/1.1" 200 2747
172.22.2.4 - - [10/Jul/2024:08:02:59 -0500] "HEAD /BLA/boletinlegal/ HTTP/1.1" 200 -
47.128.119.0 - - [10/Jul/2024:08:04:58 -0500] "GET /BLA/resoluciones/AUTOS%202021/0245.php?act=chmod&f=fzs-2020-12-09.log HTTP/1.1" 200 2713
201.245.192.253 - - [10/Jul/2024:08:05:03 -0500] "GET /kwsrmcab/Wsrmcab?wsdl HTTP/1.1" 200 6948
216.244.66.195 - - [10/Jul/2024:08:05:08 -0500] "GET /BLA/resoluciones/RESOLUCIONES%202019/0215.pdf HTTP/1.1" 200 368541
47.128.127.140 - - [10/Jul/2024:08:05:08 -0500] "GET /BLA/resoluciones/AUTOS%202021/0245.php?act=chmod&f=fzs-2016-02-27.log HTTP/1.1" 200 2713
47.128.22.48 - - [10/Jul/2024:08:05:18 -0500] "GET /BLA/resoluciones/AUTOS%202021/0245.php?act=chmod&f=fzs-2016-07-07.log HTTP/1.1" 200 2713
47.128.22.34 - - [10/Jul/2024:08:05:28 -0500] "GET /BLA/resoluciones/AUTOS%202021/0245.php?act=f&f=fzs-2022-07-20.log HTTP/1.1" 200 2746
172.22.2.4 - - [10/Jul/2024:08:03:49 -0500] "GET /BLA/boletinlegal/ HTTP/1.1" 200 58720
47.128.61.199 - - [10/Jul/2024:08:05:38 -0500] "GET /BLA/resoluciones/AUTOS%202021/0245.php?act=chmod&f=fzs-2021-12-09.log HTTP/1.1" 200 2713
201.245.192.253 - - [10/Jul/2024:08:05:44 -0500] "POST /kwsrmcab/Wsrmcab  HTTP/1.1" 200 38712
47.128.113.178 - - [10/Jul/2024:08:05:48 -0500] "GET /BLA/resoluciones/AUTOS%202021/0245.php?act=f&f=fzs-2018-06-04.log HTTP/1.1" 200 2748
47.128.97.43 - - [10/Jul/2024:08:05:58 -0500] "GET /BLA/resoluciones/AUTOS%202021/0245.php?act=chmod&f=fzs-2022-11-18.log HTTP/1.1" 200 2713
201.245.192.253 - - [10/Jul/2024:08:06:03 -0500] "GET /kwsrmcab/Wsrmcab?wsdl HTTP/1.1" 200 6948
47.128.97.65 - - [10/Jul/2024:08:06:08 -0500] "GET /BLA/resoluciones/AUTOS%202021/0245.php?act=chmod&f=fzs-2023-06-10.log HTTP/1.1" 200 2713
47.128.21.197 - - [10/Jul/2024:08:06:19 -0500] "GET /BLA/resoluciones/AUTOS%202021/0245.php?act=f&f=0251-.pdf HTTP/1.1" 200 2739
186.84.40.48 - - [10/Jul/2024:08:06:26 -0500] "GET /procesar.php HTTP/1.1" 200 891
47.128.57.184 - - [10/Jul/2024:08:06:28 -0500] "GET /BLA/resoluciones/AUTOS%202021/0245.php?act=chmod&f=fzs-2019-08-28.log HTTP/1.1" 200 2713
52.167.144.24 - - [10/Jul/2024:08:06:36 -0500] "GET /Publicaciones/2024EE120136.pdf HTTP/1.1" 404 228
47.128.16.36 - - [10/Jul/2024:08:06:38 -0500] "GET /BLA/resoluciones/AUTOS%202021/0245.php?act=chmod&f=fzs-2022-07-15.log HTTP/1.1" 200 2713
47.128.16.243 - - [10/Jul/2024:08:06:48 -0500] "GET /BLA/resoluciones/AUTOS%202021/0245.php?act=f&f=fzs-2019-01-27.log HTTP/1.1" 200 2748
47.128.16.197 - - [10/Jul/2024:08:06:58 -0500] "GET /BLA/resoluciones/AUTOS%202021/0245.php?act=f&f=fzs-2020-09-03.log HTTP/1.1" 200 2747
201.245.192.253 - - [10/Jul/2024:08:07:03 -0500] "GET /kwsrmcab/Wsrmcab?wsdl HTTP/1.1" 200 6948
181.59.244.61 - - [10/Jul/2024:08:07:07 -0500] "GET / HTTP/1.1" 200 319
181.59.244.61 - - [10/Jul/2024:08:07:07 -0500] "GET /sipse/faces/index.xhtml HTTP/1.1" 200 677
181.59.244.61 - - [10/Jul/2024:08:07:07 -0500] "GET /sipse/faces/javax.faces.resource/theme.css?ln=primefaces-sipse HTTP/1.1" 200 50058
181.59.244.61 - - [10/Jul/2024:08:07:08 -0500] "GET /favicon.ico HTTP/1.1" 200 7782
47.128.16.211 - - [10/Jul/2024:08:07:08 -0500] "GET /BLA/resoluciones/AUTOS%202021/0245.php?act=f&f=fzs-2022-06-18.log HTTP/1.1" 200 2747
181.59.244.61 - - [10/Jul/2024:08:07:15 -0500] "GET / HTTP/1.1" 200 319
181.59.244.61 - - [10/Jul/2024:08:07:15 -0500] "GET /sipse/faces/faces/autenticacion.xhtml HTTP/1.1" 200 12414
181.59.244.61 - - [10/Jul/2024:08:07:15 -0500] "GET /sipse/js/disable_browser_buttons.js HTTP/1.1" 200 3230
181.59.244.61 - - [10/Jul/2024:08:07:15 -0500] "GET /sipse/css/custom_css_sg_prime_login.css HTTP/1.1" 200 443
181.59.244.61 - - [10/Jul/2024:08:07:15 -0500] "GET /sipse/js/funciones.js HTTP/1.1" 200 12592
181.59.244.61 - - [10/Jul/2024:08:07:15 -0500] "GET /sipse/css/custom_css_sg.css HTTP/1.1" 200 9694
181.59.244.61 - - [10/Jul/2024:08:07:15 -0500] "GET /sipse/faces/javax.faces.resource/layout/layout.js?ln=primefaces&v=4.0 HTTP/1.1" 200 87560
181.59.244.61 - - [10/Jul/2024:08:07:16 -0500] "GET /sipse/faces/javax.faces.resource/theme.css?ln=primefaces-sipse HTTP/1.1" 304 -
181.59.244.61 - - [10/Jul/2024:08:07:16 -0500] "GET /sipse/faces/javax.faces.resource/layout/layout.css?ln=primefaces&v=4.0 HTTP/1.1" 200 542
181.59.244.61 - - [10/Jul/2024:08:07:15 -0500] "GET /sipse/faces/javax.faces.resource/primefaces.css?ln=primefaces&v=4.0 HTTP/1.1" 200 53295
181.59.244.61 - - [10/Jul/2024:08:07:15 -0500] "GET /sipse/faces/javax.faces.resource/jquery/jquery.js?ln=primefaces&v=4.0 HTTP/1.1" 200 105384
181.59.244.61 - - [10/Jul/2024:08:07:15 -0500] "GET /sipse/faces/javax.faces.resource/primefaces.js?ln=primefaces&v=4.0 HTTP/1.1" 200 276924
181.59.244.61 - - [10/Jul/2024:08:07:16 -0500] "GET /sipse/faces/javax.faces.resource/jquery/jquery-plugins.js?ln=primefaces&v=4.0 HTTP/1.1" 200 220526
181.59.244.61 - - [10/Jul/2024:08:07:16 -0500] "GET /sipse/faces/javax.faces.resource/images/ui-icons_898989_256x240.png?ln=primefaces-aristo HTTP/1.1" 200 5355
181.59.244.61 - - [10/Jul/2024:08:07:16 -0500] "GET /sipse/css/imagen/logoSDG.png HTTP/1.1" 200 53064
181.59.244.61 - - [10/Jul/2024:08:07:16 -0500] "GET /sipse/css/imagen/loginimg.png HTTP/1.1" 200 71635
47.128.121.117 - - [10/Jul/2024:08:07:18 -0500] "GET /BLA/resoluciones/AUTOS%202021/0245.php?act=f&c=1&f=sess_akihq0ll6pao050p2s64rpdr72 HTTP/1.1" 200 2758
181.59.244.61 - - [10/Jul/2024:08:07:21 -0500] "POST /sipse/faces/autenticacion.xhtml HTTP/1.1" 200 16162
181.59.244.61 - - [10/Jul/2024:08:07:22 -0500] "GET /sipse/css/custom_css_sg_prime.css HTTP/1.1" 200 5201
