186.102.111.36 - - [11/Jul/2024:08:44:23 -0500] "GET /kwssiamovil/sm/acme/s?s=U2FsdGVkX19k/7lc+adJlKycUA+zizDsU9208ZYvDgqGW+UlvzKgsWa50ih1IJinUb/VgPeehOIbZ5G/uc02wwr9e5jDePisG5H/N9WxYVY=&u=U2FsdGVkX19hztKaPhFjUa9hUxDQCam80fK7p4/Lgh+OD0k6Niw5sSKypXmDZJBq&y=U2FsdGVkX1/IPgmlvs+CtHzJMhVlvOzuuPZezns9ZwLG7SnXGTbFJwkNs8bmCeD5 HTTP/1.1" 200 97
186.102.111.36 - - [11/Jul/2024:08:44:23 -0500] "GET /kwssiamovil/sm/acme/s?s=U2FsdGVkX1/qdCgClHozTTgmsIpmV2kZeic7ZxNQFvmY27JCiO0pD3zDJlDQfj6kZNi62mEmxfAAwKgzvaAFpa4qeazZDBTGa0A5f+NYbVlPyF9dH2+J17kEBpI5fc3VbU2xZJprb1s2PtswjLGsO/rd1m7hebo9yisRqxYnMkprcjQueQyczm9UaQUzIlhQCpXPf194Ay/8VTrhBAxqJ3PvLu4DalSQER40Mdaw7jftMiNiz66BulFnxoYxN7T72KfoV6CPquxWv8z7EpmOpX1uVQOsbnrOTlcPYD6w+PAI1mzc4mvHMxG/SytiRN8FGlAB7qkpqhGro8fWDTHzXQ7WqKP2nlLIc6beMDFTsWgDhQDY5AKbGH0Hn+thwd4FIs1lRW2CWNMPV7si9YTt+UVYU0kEW/keY73jYyyww9Xdyjb3lY3M2EZ6Tlv1Q0smIKPH34Qk6xVPUeHEk77IvceL0uTd2btGf2WKQt4Zjx1uzDcD2pRe8+Jq51gwGTr77NnmZS3Ub17cv7WRVd/WDxg5k1GBTn1Nc9Aqh4OJ2L6KqlOJZrenr6AVu903WXYK7GtqZ5sN4zEdTM1mSvkAQo5jI5ougGUG2W7PSMk8C7TbnJwzkwzR+d643TSgvAqOYpglVdC1rFJ2ZXRnSlIGVE1KfW6XpUU+IDJEGH2pzHpuD3usAS6BlPPTyMRCyASSw2RUUq5DqcVvD42OcsbBkhLxwLxkK5nFSAzmjgIw1iQ9ug11iJV7zeZsu6huChxzASt48/KZ/JiI48ellEi1+BB83/5HZdKi+gl2Dh4KUL7sPJF/g9hVWVD15XTtgueFG2VZ56M+3hrPGWL1zwy/Opwirf9jDLfxTHOnxWPrXmqRlf1D4/IP6Z6P0dGXjY0JkvYIsCLepA/qXjiGbzvcC1cqj6eeq8oboigLlKJ+Ke0mIcbE6mvq3JTfM7jXEU9OUtn8uuAZ6r93OOwfqsXCIdgsfFhX/RxU9KQd5LmM14aWb5yAAeXGtvbZPcbL4aEt+sZBNAzEpWF/QHx/ZAJCu3xd+q+sLvkOVE8vdd6UnUQCeIYZ4MAKWsPs02ZPeRmFSnMlLT/auIHeYRk+nOOOcFx8r8AYiIvus9log4M4DyzUqYqIZbjzMfyCZQ0NPJ0T0tXu9uW9m5L7IeLnlAqo/bWa1sf9NVAi6I8m+Bd/zIhDlsGFpCHyMeO3Yx/xK0dLc2UevEhQucXvL+c3SqgsUFhQmlnPgyToIfuRSqf+EiKiFoyQiWXZO2uwUiqOcNwD6sQN43St/eQwyljdnxxlSxLbI+x4RW3CIUg5vpgDwQqiytphmKOkVkzmELEB8OijcS6Zlrn8XptPHEaQJ3TeJ7qY9E/+15Myv89CxvVfA8HdR3WSIu1x3ddODMV1rQtDF6tIyfkgYluFhDhB92evKRa9YNO41de1zskm10/PyPSW8BXAHovvllhHCX9Vu+IkmvvlkB+ljke7sQwFQjxYm1f9iXpO9tE0yHHSKVowMkjXo6KCRc1UALipTSPMKqoNvDaP+/rnehK/Th62QeOiSHSGnE8XvMSGRdEvAkmnJswOaJVNmDYJm8OUfHZPodoCVkHjHMROqNLvGirzAHhzgePzLjpOJe44nq3Xf96YllDleVsYblIpx2RYlBzH1oACZILso/zydDQzPkfkST82XxqrH5cpmWwLWZ6nLAOwOl7fWEObxZLNw0sHajq7ZZSDTAGBqnQumb8ivFLZ/L7uLZ8CMvIRQ0J9meeJmswQAgilaX/s6cJIPdKz9dhYSV2C&u=U2FsdGVkX19hztKaPhFjUa9hUxDQCam80fK7p4/Lgh+OD0k6Niw5sSKypXmDZJBq&y=U2FsdGVkX1/IPgmlvs+CtHzJMhVlvOzuuPZezns9ZwLG7SnXGTbFJwkNs8bmCeD5 HTTP/1.1" 200 1397
186.102.111.36 - - [11/Jul/2024:08:44:24 -0500] "GET /kwssiamovil/sm/acme/s?s=U2FsdGVkX1/kbqL0fM9wROG5IcBMrZLAhAHze+O7K4YWaCYc+UPNWDVA93iyJTtOGakJOyhk97N8NcciVn2c88WkjQ7Up0Oxu/KAVKuxLDaTzTSPQ8PDl6/V76ZKu6o41Hr0b3LcPTDaN6D4Oz+3+uR4Lp0ADV1w6lQzqdj0IzKf1/OQoaH9hO99xFFMOJwhe0evF31t2ZHh154/RVME6fp0WBPXQg/1LAIflOzfQi5+qdLAMyLFS/cjqTm0T4md8mwoj7XO4bjgcQMK77vhjoUGLOlWdQUqJ5wo1uvhBg9X54uTA64WgYFRxLyLDSgK4085zChCeOPCsyfRbWRk2iOY3ncSa0nJMG4lr2I/d6fqYqyzu9LrLqsOPEMTbQk4Na9fgysKD6zrGAHUIfwEqUOYDxtwgHUun87vFysKXrXxmeXfSX9t3H2siw76j0N22/lQzaz5wjPN6DZzVJdHb1/7K6nJi9S7EFZwmeydXjHiFKx4N6OhFQbrx2TnzsHdHbRL1QiiguTdryN1QeKW25rygJ3K+lpB5jXNKTmRiyvOf1LMzlV+AFVcCzIjC30O9eL/ea54cxAglwuftBRVTKu87PSe05z/Oz66ka5LIlImU2CqlzQkXyzvqYlg82U69rs0E9/JWhPChucvegjM03VF6wJqSyupZJLyQaNcQBjZelc6i52BgKDE3ZJ2jqiEdmhkmssvnFHqwx67dR4RWWH9og7Na2+RemobCziJDDzNOWqCdaCcei8Td7X5dp1F&u=U2FsdGVkX19hztKaPhFjUa9hUxDQCam80fK7p4/Lgh+OD0k6Niw5sSKypXmDZJBq&y=U2FsdGVkX1/IPgmlvs+CtHzJMhVlvOzuuPZezns9ZwLG7SnXGTbFJwkNs8bmCeD5 HTTP/1.1" 200 208
186.102.111.36 - - [11/Jul/2024:08:44:24 -0500] "GET /kwssiamovil/sm/cjson/pre?f=1&x=U2FsdGVkX19zuIs/07MzAPRsZG0H59sYxrP+Wc/X6YyYowQeBmxkdIfHkr1qPlw1 HTTP/1.1" 200 30244
66.249.66.21 - - [11/Jul/2024:08:44:29 -0500] "GET /BLA/resoluciones/RESOLUCIONES%202009/6214.pdf HTTP/1.1" 200 908133
47.128.51.254 - - [11/Jul/2024:08:44:30 -0500] "GET /BLA/resoluciones/AUTOS%202021/0245.php?act=f&d=E%3A%5Cnuevo%5C&f=filezilla_setup.bat&ft=download HTTP/1.1" 200 78
47.128.98.50 - - [11/Jul/2024:08:44:40 -0500] "GET /BLA/resoluciones/AUTOS%202021/0245.php?act=f&d=E%3A%5Cnuevo%5Chtdocs%5Ccumbreclima%5Cwp-includes%5C&f=class-phpass.php&ft=download HTTP/1.1" 200 7114
47.128.98.43 - - [11/Jul/2024:08:44:50 -0500] "GET /BLA/resoluciones/AUTOS%202021/0245.php?act=f&d=E%3A%5Cnuevo%5Chtdocs%5Ccumbredelclima%5C&f=wp-blog-header.php&ft=download&white=1 HTTP/1.1" 200 271
201.245.192.253 - - [11/Jul/2024:08:44:58 -0500] "GET /kwsrmcab/Wsrmcab?wsdl HTTP/1.1" 200 6948
47.128.38.79 - - [11/Jul/2024:08:45:00 -0500] "GET /BLA/resoluciones/AUTOS%202021/0245.php?act=f&d=E%3A%5Cnuevo%5Chtdocs%5Ccumbreclima%5Cwp-includes%5C&f=functions.wp-styles.php&ft=download&white=1 HTTP/1.1" 200 7392
47.128.38.51 - - [11/Jul/2024:08:45:10 -0500] "GET /BLA/resoluciones/AUTOS%202021/0245.php?act=f&d=E%3A%5Cnuevo%5Chtdocs%5CBLA%5Cresoluciones%5CAUTOS+2021&f=4502.pdf&ft=download HTTP/1.1" 200 360103
47.128.127.229 - - [11/Jul/2024:08:45:20 -0500] "GET /BLA/resoluciones/AUTOS%202021/0245.php?act=f&d=E%3A%5Cnuevo%5Chtdocs%5CBLA%5Cresoluciones%5CAUTOS+2021&f=5341.pdf&ft=download HTTP/1.1" 200 368295
47.128.45.164 - - [11/Jul/2024:08:45:30 -0500] "GET /BLA/resoluciones/AUTOS%202021/0245.php?act=f&d=E%3A%5Cnuevo%5Chtdocs%5CBLA%5Cresoluciones%5CAUTOS+2021&f=4515.pdf&ft=download HTTP/1.1" 200 245415
47.128.124.155 - - [11/Jul/2024:08:45:40 -0500] "GET /BLA/resoluciones/AUTOS%202021/0245.php?act=f&d=E%3A%5Cnuevo%5Chtdocs%5CBLA%5Cresoluciones%5CRESOLUCIONES+2006%5CRES+2006+701-750&f=00000721.tif&ft=download HTTP/1.1" 200 223356
47.128.125.131 - - [11/Jul/2024:08:45:50 -0500] "GET /BLA/resoluciones/AUTOS%202021/0245.php?act=f&d=E%3A%5Cmod_evasive&f=mod_evasive.c&ft=download HTTP/1.1" 200 19395
201.245.192.253 - - [11/Jul/2024:08:45:58 -0500] "GET /kwsrmcab/Wsrmcab?wsdl HTTP/1.1" 200 6948
47.128.42.176 - - [11/Jul/2024:08:46:00 -0500] "GET /BLA/resoluciones/AUTOS%202021/0245.php?act=f&d=E%3A%5Cnuevo%5Chtdocs%5CBLA%5Cresoluciones%5CAUTOS+2021&f=1685.pdf&ft=download HTTP/1.1" 200 2510502
186.102.16.113 - - [11/Jul/2024:08:46:08 -0500] "OPTIONS /kwssiamovil/sm/setfile/f? HTTP/1.1" 200 13
216.245.221.92 - - [11/Jul/2024:08:46:09 -0500] "HEAD / HTTP/1.1" 200 -
186.102.16.113 - - [11/Jul/2024:08:46:08 -0500] "POST /kwssiamovil/sm/setfile/f? HTTP/1.1" 200 381
172.22.2.4 - - [11/Jul/2024:08:44:29 -0500] "HEAD /BLA/boletinlegal/ HTTP/1.1" 200 -
190.109.20.168 - - [11/Jul/2024:08:46:11 -0500] "POST /sipse/faces/presentacion/financiero/solicitudProceso/detalleSolicitudProcesoOtrosPagos.xhtml HTTP/1.1" 200 44359
190.109.20.168 - - [11/Jul/2024:08:46:11 -0500] "GET /sipse/faces/javax.faces.resource/jquery/jquery.js?ln=primefaces&v=4.0 HTTP/1.1" 304 -
190.109.20.168 - - [11/Jul/2024:08:46:11 -0500] "GET /sipse/faces/javax.faces.resource/jquery/jquery-plugins.js?ln=primefaces&v=4.0 HTTP/1.1" 304 -
190.109.20.168 - - [11/Jul/2024:08:46:11 -0500] "GET /sipse/faces/javax.faces.resource/primefaces.js?ln=primefaces&v=4.0 HTTP/1.1" 304 -
190.109.20.168 - - [11/Jul/2024:08:46:11 -0500] "GET /sipse/faces/javax.faces.resource/layout/layout.js?ln=primefaces&v=4.0 HTTP/1.1" 304 -
47.128.40.42 - - [11/Jul/2024:08:46:11 -0500] "GET /BLA/resoluciones/AUTOS%202021/0245.php?act=f&d=E%3A%5Cnuevo%5Chtdocs%5CBLA%5Cresoluciones%5CAUTOS+2021&f=0804.pdf&ft=download HTTP/1.1" 200 446119
190.109.20.168 - - [11/Jul/2024:08:46:12 -0500] "POST /sipse/faces/presentacion/financiero/solicitudProceso/solicitudProcesoOtrosPagos.xhtml HTTP/1.1" 200 37735
190.109.20.168 - - [11/Jul/2024:08:46:15 -0500] "POST /sipse/faces/presentacion/financiero/solicitudProceso/solicitudProcesoOtrosPagos.xhtml HTTP/1.1" 200 52367
190.109.20.168 - - [11/Jul/2024:08:46:16 -0500] "GET /sipse/faces/javax.faces.resource/jquery/jquery.js?ln=primefaces&v=4.0 HTTP/1.1" 304 -
190.109.20.168 - - [11/Jul/2024:08:46:16 -0500] "GET /sipse/faces/javax.faces.resource/jquery/jquery-plugins.js?ln=primefaces&v=4.0 HTTP/1.1" 304 -
190.109.20.168 - - [11/Jul/2024:08:46:16 -0500] "GET /sipse/faces/javax.faces.resource/primefaces.js?ln=primefaces&v=4.0 HTTP/1.1" 304 -
190.109.20.168 - - [11/Jul/2024:08:46:16 -0500] "GET /sipse/faces/javax.faces.resource/layout/layout.js?ln=primefaces&v=4.0 HTTP/1.1" 304 -
186.102.16.113 - - [11/Jul/2024:08:46:16 -0500] "GET /kwssiamovil/sm/acme/a?s=U2FsdGVkX19YiqXoV5m6wS5wA7APQFHBLeTFuv7NeG3j7cVCjLS7OiObLpYdHb8X23RZ419N6Dk9Dpf7fYf2r6QlbZXWaaHRfjFLj4gHPOaUDZS6GxQanL5NAosrg366Lk/+BvH4/mTFrfNMuEiGJMoV3V3S/2XpILBf76QXRDDzLeNDp2uFdVl/4kimR6gzFMDv1mJzXfMIJwCGlzFhstNi1iU9y5KuWiUUa5ysPHFqpOKsVgTOV+rLeNSgbzVyRk1pzO6uz5pHnsBZEyjvGQ==&u=U2FsdGVkX19dqSK/MAkmA1n7gSmXiAEQClXDGoW9ACm6S5699AGT21Niu3QZgulf&y=U2FsdGVkX19WA+di/U8ACIEd7ZP+sLgLJDvMEK1nUbwtEKbNZDcoO2GFoJsD3zps HTTP/1.1" 200 26
190.109.20.168 - - [11/Jul/2024:08:46:17 -0500] "GET /sipse/faces/javax.faces.resource/jsf.js?ln=javax.faces&stage=Development HTTP/1.1" 304 -
190.109.20.168 - - [11/Jul/2024:08:46:17 -0500] "GET /sipse/faces/javax.faces.resource/fileupload/fileupload.js?ln=primefaces&v=4.0 HTTP/1.1" 304 -
186.102.16.113 - - [11/Jul/2024:08:46:17 -0500] "GET /kwssiamovil/sm/acme/a?s=U2FsdGVkX19iQ5rA8Ud5FNHpFCpThcVbbptHXwih9lPAMIkH7Y/CIWybgNQnUc5+XLdHenFSlk3JyfpJtBIQ0Af1ceIPrZ9HMXXaFKd0CUoJ7daLgN7kvMpgAJZ4eb9OsascPBjkhb/mFIUvn8Cekfttyw1Gqe9R8m7yWsellOfNKMdtGZjJHGIfSH7YcyyduCOwz0myVq6i68IObQ8Qp0PWrEeIQn57libCiBbPTg9n7udHM51O/eh6U+6TyGXx+wpYKgJvb5uTDxCShqxEytF1mzgrwLamrOUDJ+Mfv06npPMkBKElCKo+0Gd7/31JFDAm9j/yChaB4Nv7peOptCbprapSftZTa3z/C80QGn1WOkWuOvV/Y83yXsbI50d+NFejAy3MtEcKwtfYhJcH2c8hc5xyPXJO1KHNECyRdRTi386KvfYmtCX3HSefxg+Zigz7ITDfEL7a8EtpnG4S4cFRQjb0/6XzkF/JlkcPuidSY5ZIlPQLv7vJsAAVQ2pTAdM2GJcmt3IT4uGDUO0oUfp+tRioNhOPE0hOvWrj8M7eJsPwn8ntO5b1fhuUS0qKGGubQgTZiWlxMQOWsErnadLHJYKeGCK3oGeWGIVIsZxfSdGhClSwbrtDwXQiIq0gbzt65SSF5PNfg9BGGpMk44ln0S+1PBjE3foXpSWQnNjFG+HSjE/oCYJ5TCf2o9rFCDuMHQPK1XM9JHQIJTLscsJBarmtfO+Xde3XhEkavJLFo3NRC/KMQXZIGfln6+zFzcrNpU9eRQiH8BDiVTFQvjYha25htN4/P4Mp6bdpmRXZ6ete6vNorfg690/gKvUQT2x3dCYxYsORC5zlKFhXhPJf2apbha2bk3JQf+WHZLJs7/+r67gEFN9evKHXAvwzylDTFO4gW8LiS9FcRQVG5zbm4NmyLhkwCpmaju7aVs4mkhHb+HPtrENA6UWi94qmqdRiyCcPVZlcRBMOCAKsI2m0eD/lnixs1M2vjBN7kobaHUmAOa2jbt9FTj6ECX6avfWqbvVBTFUvEP7molfJVeN1ztmQFiZU0FG9YoHAaPPLu7xWFKRI8i54cfFXFpRwECAfo1TynYcc350BXid7RotgM+mpZNk7NXm/4M8k98sd00LGgHz48l5Hh9FmN5FYjOrA0yD1KvrP/3MJ8FJ2MSu1dXBLwLe0Jm1TOANm6awbl/FHs1RfLqD/cblltp2+GSTHF6BfWchM6oWrSfG6V9ChJMDduCNck/NwhC4vBpW/AIMFEFZXu+JR/oF4mjPgVhTwPZuhos94REc51/NbQ8V4Fi6IhHyXsnUzvpujrX1diVfld1qQ5gYI1KAwzQRV78uIzBk9VzEvHLVSKymmUGnh6IGLvCx1iY10BudjTWLBGxZAePXCVU+JMAYsLBdE2jjbBnAREesHjYfWJKNlpw==&u=U2FsdGVkX19dqSK/MAkmA1n7gSmXiAEQClXDGoW9ACm6S5699AGT21Niu3QZgulf&y=U2FsdGVkX19WA+di/U8ACIEd7ZP+sLgLJDvMEK1nUbwtEKbNZDcoO2GFoJsD3zps HTTP/1.1" 200 26
186.102.16.113 - - [11/Jul/2024:08:46:17 -0500] "GET /kwssiamovil/sm/acme/a?s=U2FsdGVkX1+hGE90FF9qyJY04qL4PvOoLE0wvabMCHKhgr19Qj68WUIW/3iw0gUJP+GkMsqZkOntqSapl4E8syQ2vPtaQbst7KxScj7zX6yewJNPXDmQiDJWRL+6pxxBXZzhNMfEMq1e9H1wZfLgEyBhxMMFBY4sN9g6woQ2G98=&u=U2FsdGVkX19dqSK/MAkmA1n7gSmXiAEQClXDGoW9ACm6S5699AGT21Niu3QZgulf&y=U2FsdGVkX19WA+di/U8ACIEd7ZP+sLgLJDvMEK1nUbwtEKbNZDcoO2GFoJsD3zps HTTP/1.1" 200 26
186.102.16.113 - - [11/Jul/2024:08:46:17 -0500] "GET /kwssiamovil/sm/acme/a?s=U2FsdGVkX1/vU3+57Y9AAFuWM0WSAF0YP7NlBlqytJkiOYaAMUzvMGnKk6idQLmJqbjeUT349o9R+vEcmfcHgjzswz7sqa0eSnJa7KbnOcoGSg9dLqeqyJe0wAv02dsQoP6Qq7kHoyXyhkIkEAbOVAM5BtC9MnJ46aNPrUnL9hE=&u=U2FsdGVkX19dqSK/MAkmA1n7gSmXiAEQClXDGoW9ACm6S5699AGT21Niu3QZgulf&y=U2FsdGVkX19WA+di/U8ACIEd7ZP+sLgLJDvMEK1nUbwtEKbNZDcoO2GFoJsD3zps HTTP/1.1" 200 26
186.102.16.113 - - [11/Jul/2024:08:46:18 -0500] "GET /kwssiamovil/sm/acme/a?s=U2FsdGVkX1/x1PSy4ce7KBE3NIiLR/aObMx7t8RrX0FWvSbK+gYdI8rFVodryaAPEeKzQuljHQc9UQGVGBSEG+HSEVLHuwJx/pFgt1xDJctap35mQVZRGP6qy376k7RI+lNjXjYnEkZYHwM39guRunMGzyPGlitIdFX7JOsN/bU=&u=U2FsdGVkX19dqSK/MAkmA1n7gSmXiAEQClXDGoW9ACm6S5699AGT21Niu3QZgulf&y=U2FsdGVkX19WA+di/U8ACIEd7ZP+sLgLJDvMEK1nUbwtEKbNZDcoO2GFoJsD3zps HTTP/1.1" 200 26
186.102.16.113 - - [11/Jul/2024:08:46:18 -0500] "GET /kwssiamovil/sm/acme/a?s=U2FsdGVkX18L92RWbzlGY/WXWTV1UlXrC09mq44ii6ixtZCBfxzsvpjUTfQ3hQGKzXxlAX4dyWHmNjg6FVw26o34VfzjoTK/IEFUt/z+WX7yD1TeA8fh6Vcm3QDxevhAiYWbRNLXWuajSmPXBXAzYVcPRR+i1564/1KMPfibV+29cfStvM3vwLr2goM7POZItjHouOvKgKfd6clhllVfYg==&u=U2FsdGVkX19dqSK/MAkmA1n7gSmXiAEQClXDGoW9ACm6S5699AGT21Niu3QZgulf&y=U2FsdGVkX19WA+di/U8ACIEd7ZP+sLgLJDvMEK1nUbwtEKbNZDcoO2GFoJsD3zps HTTP/1.1" 200 26
186.102.16.113 - - [11/Jul/2024:08:46:18 -0500] "GET /kwssiamovil/sm/acme/a?s=U2FsdGVkX1+n/u/FwyLR4GUFJGU+rzS7bg+lSSj5WCT1kXrOIoxQBmH/NNIa/Rq7ZdPc9b09T9WQhhcOt9/csbbHbfRhJ/+HTj7TWGG5Y+GdoZ9wkUXWdF/KR230BKZd0DTJzK/fpQeC1xB4k76be6nKiKRztLmMzJVxwp+hGs8gZw6V4WizlGaRVnz9P3JiJhMTi2CFIP0sMZKjaFWLxXXX9nMjOycd/aeNipOCYtBMizKeZwuvEtKRbXtYVRcneKNVRX6oEaSj8FIt09CRQEKYreW/si31swI/m3kwDXYJEXiO6qPjRS0OvOX0e7Il1H4pfnsalkSH/ayY8TvlwXsXKFe6gAvH6Bs+cbBVon/zpRs2lotVgMlJlpMNrWNnOjuhA2yHR53OptjTdj7CdQ8P3NmIEfnNjUIrIF0XNUoVHhtRjuH43QFkuwxB19w5QjxYOweasIbKVLO/8BDbcg==&u=U2FsdGVkX19dqSK/MAkmA1n7gSmXiAEQClXDGoW9ACm6S5699AGT21Niu3QZgulf&y=U2FsdGVkX19WA+di/U8ACIEd7ZP+sLgLJDvMEK1nUbwtEKbNZDcoO2GFoJsD3zps HTTP/1.1" 200 26
186.102.16.113 - - [11/Jul/2024:08:46:19 -0500] "GET /kwssiamovil/sm/acme/a?s=U2FsdGVkX1+AAVKf8EGFWwR2I+qA9cNygX/Xa00IrHJpyGrQ31NnxE477oQy1NCcLPK5zC5jzE9w6ifC3Yy7gOt+6kkRvhhA+emTA3LH/mAYT2REifQLynGjW7XJJtynYGrjM8Q0xsoHYkru0GBuG6RUGPsbxkWRvRFS5T1EMSttUf0cwAlZMkXEe97UeaHlUXMFQPQ35w7vyxO7U4EvcTSqWPC5Rx0GHQZZLOM/vpSvoe0ec6vhKg7YGh2hlprX0w6YSNxwtStagTp5vgfvJXWnYrsyVA+XzceMH34tH0uZo/7No0H4GDuPAJ8wCgFczYfa8AqXdlUsuZt8LB3xrZZHHEfy9CEMX8CMlNHYFrozHGu3K1zcPYMcGxpM59N0sSdH4ZlqImfMLahsyAsrtF/8EO8c/ncHTqZm/LrHxj6UaGRqgsBibdSaR7c19xIG&u=U2FsdGVkX19dqSK/MAkmA1n7gSmXiAEQClXDGoW9ACm6S5699AGT21Niu3QZgulf&y=U2FsdGVkX19WA+di/U8ACIEd7ZP+sLgLJDvMEK1nUbwtEKbNZDcoO2GFoJsD3zps HTTP/1.1" 200 26
47.128.40.41 - - [11/Jul/2024:08:46:20 -0500] "GET /BLA/resoluciones/AUTOS%202021/0245.php?act=f&d=E%3A%5Cnuevo%5Chtdocs%5CBLA%5Cresoluciones%5CRESOLUCIONES+2006%5CRES+2006+201-250&f=00000250.tif&ft=download HTTP/1.1" 200 166196
190.109.20.168 - - [11/Jul/2024:08:46:23 -0500] "POST /sipse/faces/presentacion/financiero/solicitudProceso/registroSolicitudProcesoOtrosPagos.xhtml HTTP/1.1" 200 1876
47.128.40.34 - - [11/Jul/2024:08:46:31 -0500] "GET /BLA/resoluciones/AUTOS%202021/0245.php?act=f&d=E%3A%5Cnuevo%5Chtdocs%5CBLA%5Cresoluciones%5CAUTOS+2021&f=2019.pdf&ft=download HTTP/1.1" 200 372391
47.128.40.76 - - [11/Jul/2024:08:46:41 -0500] "GET /BLA/resoluciones/AUTOS%202021/0245.php?act=f&d=E%3A%5Cnuevo%5Chtdocs%5CBLA%5Cresoluciones%5CAUTOS+2021&f=4558.pdf&ft=download HTTP/1.1" 200 409255
47.128.96.237 - - [11/Jul/2024:08:46:51 -0500] "GET /BLA/resoluciones/AUTOS%202021/0245.php?act=f&d=E%3A%5Cnuevo%5Chtdocs%5CBLA%5Cresoluciones%5CAUTOS+2021&f=3596.pdf&ft=download HTTP/1.1" 200 364199
201.245.192.253 - - [11/Jul/2024:08:46:58 -0500] "GET /kwsrmcab/Wsrmcab?wsdl HTTP/1.1" 200 6948
172.22.2.4 - - [11/Jul/2024:08:45:19 -0500] "GET /BLA/boletinlegal/ HTTP/1.1" 200 54913
47.128.61.133 - - [11/Jul/2024:08:47:01 -0500] "GET /BLA/resoluciones/AUTOS%202021/0245.php?act=f&d=E%3A%5Cnuevo%5Chtdocs%5CBLA%5Cresoluciones%5CAUTOS+2021&f=0206.pdf&ft=download HTTP/1.1" 200 20135
190.69.231.17 - - [11/Jul/2024:08:47:07 -0500] "POST /sipse/faces/presentacion/financiero/solicitudProceso/consultarSolicitudProceso.xhtml HTTP/1.1" 200 28957
190.69.231.17 - - [11/Jul/2024:08:47:08 -0500] "GET /sipse/faces/javax.faces.resource/theme.css?ln=primefaces-sipse HTTP/1.1" 304 -
190.69.231.17 - - [11/Jul/2024:08:47:08 -0500] "GET /sipse/faces/javax.faces.resource/primefaces.css?ln=primefaces&v=4.0 HTTP/1.1" 304 -
190.69.231.17 - - [11/Jul/2024:08:47:08 -0500] "GET /sipse/faces/javax.faces.resource/jquery/jquery.js?ln=primefaces&v=4.0 HTTP/1.1" 304 -
190.69.231.17 - - [11/Jul/2024:08:47:08 -0500] "GET /sipse/faces/javax.faces.resource/layout/layout.css?ln=primefaces&v=4.0 HTTP/1.1" 304 -
190.69.231.17 - - [11/Jul/2024:08:47:08 -0500] "GET /sipse/faces/javax.faces.resource/jquery/jquery-plugins.js?ln=primefaces&v=4.0 HTTP/1.1" 304 -
190.69.231.17 - - [11/Jul/2024:08:47:08 -0500] "GET /sipse/faces/javax.faces.resource/primefaces.js?ln=primefaces&v=4.0 HTTP/1.1" 304 -
190.69.231.17 - - [11/Jul/2024:08:47:08 -0500] "GET /sipse/faces/javax.faces.resource/layout/layout.js?ln=primefaces&v=4.0 HTTP/1.1" 304 -
190.69.231.17 - - [11/Jul/2024:08:47:08 -0500] "GET /sipse/css/imagen/contrasena.png HTTP/1.1" 404 383
190.69.231.17 - - [11/Jul/2024:08:47:08 -0500] "GET /sipse/faces/javax.faces.resource/images/ui-icons_898989_256x240.png?ln=primefaces-aristo HTTP/1.1" 304 -
47.128.47.181 - - [11/Jul/2024:08:47:12 -0500] "GET /BLA/resoluciones/AUTOS%202021/0245.php?act=f&d=E%3A%5Cnuevo%5Chtdocs%5CBLA%5Cresoluciones%5CAUTOS+2021&f=1671.pdf&ft=download HTTP/1.1" 200 536231
201.245.192.253 - - [11/Jul/2024:08:47:21 -0500] "POST /kwsrmcab/Wsrmcab  HTTP/1.1" 200 38712
47.128.33.50 - - [11/Jul/2024:08:47:21 -0500] "GET /BLA/resoluciones/AUTOS%202021/0245.php?act=f&d=E%3A%5Cnuevo%5Chtdocs%5CBLA%5Cresoluciones%5CAUTOS+2021&f=2079.pdf&ft=download HTTP/1.1" 200 20135
47.128.33.230 - - [11/Jul/2024:08:47:31 -0500] "GET /BLA/resoluciones/AUTOS%202021/0245.php?act=f&d=E%3A%5Cnuevo%5Chtdocs%5CBLA%5Cresoluciones%5CAUTOS+2021&f=2336.pdf&ft=download HTTP/1.1" 200 245415
47.128.27.88 - - [11/Jul/2024:08:47:41 -0500] "GET /BLA/resoluciones/AUTOS%202021/0245.php?act=f&d=E%3A%5Cnuevo%5Chtdocs%5CBLA%5Cresoluciones%5CAUTOS+2021&f=6332.pdf&ft=download HTTP/1.1" 200 417447
47.128.35.130 - - [11/Jul/2024:08:47:51 -0500] "GET /BLA/resoluciones/AUTOS%202021/0245.php?act=f&d=E%3A%5Cnuevo%5Chtdocs%5CBLA%5Cresoluciones%5CAUTOS+2021&f=1661.pdf&ft=download HTTP/1.1" 200 356007
201.245.192.253 - - [11/Jul/2024:08:47:58 -0500] "GET /kwsrmcab/Wsrmcab?wsdl HTTP/1.1" 200 6948
172.22.2.4 - - [11/Jul/2024:08:48:35 -0500] "GET /BLA/boletinlegal/.well-known/traffic-advice HTTP/1.1" 404 1038
172.22.2.4 - - [11/Jul/2024:08:48:35 -0500] "GET /BLA/boletinlegal/actos.php HTTP/1.1" 200 9738
201.245.192.253 - - [11/Jul/2024:08:48:58 -0500] "GET /kwsrmcab/Wsrmcab?wsdl HTTP/1.1" 200 6948
172.22.2.4 - - [11/Jul/2024:08:49:08 -0500] "GET /BLA/boletinlegal/actos.php HTTP/1.1" 200 9738
172.22.2.4 - - [11/Jul/2024:08:49:08 -0500] "GET /BLA/boletinlegal/images/subscribe-icon-big.png HTTP/1.1" 200 47702
172.22.2.4 - - [11/Jul/2024:08:49:08 -0500] "GET /BLA/boletinlegal/images/historia.png HTTP/1.1" 200 52775
172.22.2.4 - - [11/Jul/2024:08:49:08 -0500] "GET /BLA/boletinlegal/images/cabezote%20BLEGAL.jpg HTTP/1.1" 200 118164
172.22.2.4 - - [11/Jul/2024:08:49:08 -0500] "GET /BLA/boletinlegal/img/select-right.png HTTP/1.1" 200 44019
172.22.2.4 - - [11/Jul/2024:08:49:08 -0500] "GET /BLA/boletinlegal/img/button-left.png HTTP/1.1" 200 57071
172.22.2.4 - - [11/Jul/2024:08:49:08 -0500] "GET /BLA/boletinlegal/img/button.png HTTP/1.1" 200 43241
172.22.2.4 - - [11/Jul/2024:08:49:08 -0500] "GET /BLA/boletinlegal/img/button-right.png HTTP/1.1" 200 57878
172.22.2.4 - - [11/Jul/2024:08:49:08 -0500] "GET /BLA/boletinlegal/favicon.ico HTTP/1.1" 404 1230
186.102.101.235 - - [11/Jul/2024:08:49:15 -0500] "GET /kwssiamovil/sm/ldap/au?x=U2FsdGVkX1/ghh4WqZKGJgJ3xzwE07Nb1AMZ9uEZs3vA5BJz2XvmTWYWiw+WlZ3b&y=U2FsdGVkX18Kctd3K5zMoXm8aDG6y2L95YgXCaVAUvM9RH5qyK6K03k9vgDyOUtr HTTP/1.1" 200 31
190.109.20.168 - - [11/Jul/2024:08:49:18 -0500] "POST /sipse/faces/presentacion/financiero/solicitudProceso/registroSolicitudProcesoOtrosPagos.xhtml HTTP/1.1" 200 1892
186.102.101.235 - - [11/Jul/2024:08:49:24 -0500] "GET /kwssiamovil/sm/ldap/au?x=U2FsdGVkX1/DkJ/kNXZtNS+a62CqMQV1qAv2KzN0Q8Zt4GjfAwibPX6wL+da3fU7&y=U2FsdGVkX1/oYErsY4Qg+XJ47HNdLQnGKlZHW8YXSLJlhMqXHTbkyJjOV+jrHS5P HTTP/1.1" 200 30
186.102.101.235 - - [11/Jul/2024:08:49:24 -0500] "GET /kwssiamovil/sm/acme/s?s=U2FsdGVkX19uiU4o7jGbgi02QWGDOqRvOoFj7t9N+jPt/AJP5j1mrCkGw7K/T+3AkqrstKaXjUkjNZnw0SGaRM28fEQsptVeT8IQ5QOQ0KM=&u=U2FsdGVkX1/8EvyKHmNyAVTW/vf923cPpfZBJr2iz6s=&y=U2FsdGVkX1/oYErsY4Qg+XJ47HNdLQnGKlZHW8YXSLJlhMqXHTbkyJjOV+jrHS5P HTTP/1.1" 200 97
186.102.101.235 - - [11/Jul/2024:08:49:24 -0500] "GET /kwssiamovil/sm/acme/s?s=U2FsdGVkX1/jcVAXfqnL6ZxyZ1OgUwI+WYd64DD8GOHJM6Ina6bmNZCdSAojyp+Vu1EwXtyKP47cI18pb0D2THS+SQlwcaWu66SSwd3vS+bbpbVbKs9GgW8J/9eYhNpeh+wdkt7kxuGfJqRy6QTbjvD8CRTz1rvc2laI8fwNRM7fnc6hFCZ4qQaUM2tepKY0JJ4i6XJH79OSexYMkhiIaghJU+Dv+tqlepI6yAvV6DY+OApVVtRX11eAhrs2/tHvo9T2yUO7OR24W8zdbfwarQXnlc0afCk1E+qLpdNayolUQNLuHfrcQeLE3885fWwnOYNXtewj9iiyKlvnkmFfSyrBiGwMyA5rwRdQBobNJOih0R56wKcA73v/k7bUIErNuPG/hJIIhp+dZwZ/4UF1IAxHqeMyfo77I1DjAsRTtWjvz7Ar4oRZLpO3Y4USGKpSdDk/PQl9rwY9ytVUK3uOgv5lcUPt4Mi+GoDhqCBeBCXmEshcKIs20R4JK5+DBf+Sxe7N7SnxHIsJSy/MsvhtpUjNN6q1mVKz3w35LwvBtXIcZzTor9qrlK5jGJicnvZL0gJBjxLeSwdfq8m1dNKJI1YGSUnO62NPMAW62UjJWLTGFLTxDQzDfp979tF8QHwG50N5xaAGOJO/xYx1tZAzMKbZRyg/4mBaFDnzNriIK4B6ORLS+0HzE8LRE7u2NW986D81CLzH2dzwMU7ShXgaqoaOWpBeXCYWCQgxyK61xgJ8spVxSq8l0Yv3wB1jCv9kBArg7O3bMEDWfzArm16NwopQsoSRVY23ZSM2+lmJzfCT6IV+FIrmoX0S3oekHNfZc4iripuwP/uVj2ERMaO/SrCzB7+MG/RqL4HBgqMuF4WcZ5Ol6EzzRdotWpWvkwBTJ7LWvp5q4vzUNmkcP7aws/tKe/umfs+LxI25I6jDArIZfkYrdXuPhbL1K90vRU/iLn/e/Wxax/9t5zlrlH3RTMWm3oAoGe8toVFUUvMIW1tXasCDvvzvik+jiubnTW1x+b4VuadJOlZ0M1AJA43vuXq2KgnU/UMRzNDLrA4dxHs5okGYEhBhTj0ZAreFQYxGRlIjB0ETrYFXxZ5Iw296nCqLmIF49uoQinuiTA9NYxJWxGHtoZcFU0EXQVcmEBXkRhw7GVVSULPguK+nPJJGaWhUrkjM1Ssya/evutJfMWLS5krMV/DJkLG6yBTk7TkvXFSKR/sGOCMEQI1JH9ycRwuVGKtkDWx5+aQC8EJxJlsHzH+yoKHyVIxVldjnqasD4owlau0BhbPskP7wP5z/JjJQDsRmQM78605rAxlX/7mrRgUCw/L98B4ae0LDASgblPhmCpK29MS8ODC71PUKY0CZXeS6z7WPUvH0hiME3XytNO93lZFCps4tgMSEaOWNOXd4ji1wPzToBwWVjRewt6ifhNMiybrDG+PlMy3x9jaq6vvOKIyaDguxAm00N6EzHqT/AbrXdZ1di0nv6vAk76OKGXRA3tB9WScD+waB1+Jd+2vhXXMgj0spTO718bokFg1ofiYinKrJmAeztka+v9lBWSW17meYlsxZjhx/Lw3XBm9rvnQ2NmZAaqjHvaHm+oMRo5gK26lAgXF0v1M7lKYQUZx/GLgj6MG3MgQcMuEyeGSQO9CaOQ7ti3JMI9egcsR6Yrq1xV5TUh9c0M2d4euHODA0QV3igBu3cmUwtoDN7+a68ZGMhDrbpYZUr6jRM+6z3PhRDdbhfbHA6JbUwQkbRn+fdCSFD1c2nM0Oa+Q=&u=U2FsdGVkX1/8EvyKHmNyAVTW/vf923cPpfZBJr2iz6s=&y=U2FsdGVkX1/oYErsY4Qg+XJ47HNdLQnGKlZHW8YXSLJlhMqXHTbkyJjOV+jrHS5P HTTP/1.1" 200 629
186.102.101.235 - - [11/Jul/2024:08:49:25 -0500] "GET /kwssiamovil/sm/acme/s?s=U2FsdGVkX1//2aypXHfwqcFiUo04i5Uw059Q6SvmIvp35BVnU0yelBwxBTwld/xvKJFs0f9NeNoQ6t4g9dJ7iOk+L5+uDYxV6Ik/w3+GEewtqRnQGVshp3eXxNT4fGoWxy0mvy9gIkRdq9lRwTOaQptswn2rceGAI+v/uU/Ga/qMvoRxt0Yfg0mazEeu0Bx16n6Tod2/U55uzj+sW/o76VQ63bWzGqqXCAHap2zncIYp1IiyGtOUtOn3X3UVuZ9WmEE7Ub/3q4YJb3M9qbAp9kbdkpe3mraJuVolR9c8WuxkHcM23f/tJj8NBcJFKMGvY1fHbfP1Jul3nM7lf+x2t/okpYhKaf0Usme/yfFGr9raoNFEnd9YFGM2KF3fyowi4vllkAGWxso8nNBiy0SlAo8F1B76k7wB4IYw8vJHKHpScZ//STDB4gkOsHM3cozwwAPOdsqZB08hcew30Vb5vEWTen+FqHCZ4LcTkpUCEJ/TfpIy+AVY0iufMV39XY1G7ubXG3+dJvHpKYFxC4gskij5UtUM7EQyn3azwdPRlTAJXxqd+adfL7AQKdZa6c+2lzyR75/dBt7tOrb7KmdZMM2aNIl50+4m6rGT7W9qvpxbNln+dov6qp0EpEiUdKpmqg4oQvZhX8nTasBhLdkuBvn4KRdQ2Mz5a8355g4GmtE3uMsvvBx9Zw3qIta28kA32VQlbz6onRE2A0I9d5EaZoRZnDqEKxIHFmA5kO9cv9G6R/I3weRI89XCzvy7Y0pp&u=U2FsdGVkX1/8EvyKHmNyAVTW/vf923cPpfZBJr2iz6s=&y=U2FsdGVkX1/oYErsY4Qg+XJ47HNdLQnGKlZHW8YXSLJlhMqXHTbkyJjOV+jrHS5P HTTP/1.1" 200 208
186.102.101.235 - - [11/Jul/2024:08:49:25 -0500] "GET /kwssiamovil/sm/cjson/pre?f=1&x=U2FsdGVkX1/DkJ/kNXZtNS+a62CqMQV1qAv2KzN0Q8Zt4GjfAwibPX6wL+da3fU7 HTTP/1.1" 200 30244
172.22.2.4 - - [11/Jul/2024:08:49:01 -0500] "GET /BLA/boletinlegal/ HTTP/1.1" 200 20427
172.22.2.4 - - [11/Jul/2024:08:49:47 -0500] "GET /BLA/boletinlegal/consulta_actos.php?tipo=resoluciones&no=00756&usuario=&sector=SILVICULTURA&fecha=2021&resuelve= HTTP/1.1" 200 626
190.109.20.168 - - [11/Jul/2024:08:49:48 -0500] "POST /sipse/faces/presentacion/financiero/solicitudProceso/registroSolicitudProcesoOtrosPagos.xhtml HTTP/1.1" 200 1892
172.22.2.4 - - [11/Jul/2024:08:49:55 -0500] "GET /BLA/boletinlegal/consulta_actos.php?tipo=resoluciones&no=756&usuario=&sector=SILVICULTURA&fecha=2021&resuelve= HTTP/1.1" 200 995
172.22.2.4 - - [11/Jul/2024:08:49:55 -0500] "GET /BLA/boletinlegal/images/pdf.gif HTTP/1.1" 200 567
201.245.192.253 - - [11/Jul/2024:08:49:58 -0500] "GET /kwsrmcab/Wsrmcab?wsdl HTTP/1.1" 200 6948
190.109.20.168 - - [11/Jul/2024:08:49:58 -0500] "POST /sipse/faces/presentacion/financiero/solicitudProceso/registroSolicitudProcesoOtrosPagos.xhtml HTTP/1.1" 302 -
190.109.20.168 - - [11/Jul/2024:08:49:58 -0500] "GET /sipse/faces/presentacion/financiero/solicitudProyectoActividad/asociarProyectoSolicitud.xhtml HTTP/1.1" 200 24596
190.109.20.168 - - [11/Jul/2024:08:49:58 -0500] "GET /sipse/faces/javax.faces.resource/theme.css?ln=primefaces-sipse HTTP/1.1" 304 -
190.109.20.168 - - [11/Jul/2024:08:49:58 -0500] "GET /sipse/faces/javax.faces.resource/primefaces.css?ln=primefaces&v=4.0 HTTP/1.1" 304 -
190.109.20.168 - - [11/Jul/2024:08:49:58 -0500] "GET /sipse/faces/javax.faces.resource/layout/layout.css?ln=primefaces&v=4.0 HTTP/1.1" 304 -
190.109.20.168 - - [11/Jul/2024:08:49:58 -0500] "GET /sipse/faces/javax.faces.resource/jquery/jquery-plugins.js?ln=primefaces&v=4.0 HTTP/1.1" 304 -
190.109.20.168 - - [11/Jul/2024:08:49:58 -0500] "GET /sipse/faces/javax.faces.resource/jquery/jquery.js?ln=primefaces&v=4.0 HTTP/1.1" 304 -
190.109.20.168 - - [11/Jul/2024:08:49:58 -0500] "GET /sipse/faces/javax.faces.resource/primefaces.js?ln=primefaces&v=4.0 HTTP/1.1" 304 -
190.109.20.168 - - [11/Jul/2024:08:49:58 -0500] "GET /sipse/faces/javax.faces.resource/layout/layout.js?ln=primefaces&v=4.0 HTTP/1.1" 304 -
190.109.20.168 - - [11/Jul/2024:08:49:58 -0500] "GET /sipse/faces/javax.faces.resource/images/ui-icons_898989_256x240.png?ln=primefaces-aristo HTTP/1.1" 304 -
186.30.26.18 - - [11/Jul/2024:08:50:01 -0500] "GET /BLA/resoluciones/RESOLUCIONES%202021/0756.pdf HTTP/1.1" 200 524360
186.30.26.18 - - [11/Jul/2024:08:50:01 -0500] "GET /favicon.ico HTTP/1.1" 200 7782
190.109.20.168 - - [11/Jul/2024:08:50:01 -0500] "GET /sipse/faces/javax.faces.resource/images/ui-bg_flat_0_2d5972_40x100.png?ln=primefaces-aristo HTTP/1.1" 304 -
190.109.20.168 - - [11/Jul/2024:08:50:01 -0500] "POST /sipse/faces/presentacion/financiero/solicitudProyectoActividad/asociarProyectoSolicitud.xhtml HTTP/1.1" 200 9141
190.69.231.17 - - [11/Jul/2024:08:50:10 -0500] "GET /sipse/faces/javax.faces.resource/images/ui-bg_flat_0_2d5972_40x100.png?ln=primefaces-aristo HTTP/1.1" 304 -
190.69.231.17 - - [11/Jul/2024:08:50:10 -0500] "POST /sipse/faces/presentacion/financiero/solicitudProceso/consultarHistorialSolProceso.xhtml HTTP/1.1" 200 42079
190.69.231.17 - - [11/Jul/2024:08:50:10 -0500] "GET /sipse/faces/javax.faces.resource/theme.css?ln=primefaces-sipse HTTP/1.1" 304 -
190.69.231.17 - - [11/Jul/2024:08:50:10 -0500] "GET /sipse/faces/javax.faces.resource/primefaces.css?ln=primefaces&v=4.0 HTTP/1.1" 304 -
190.69.231.17 - - [11/Jul/2024:08:50:10 -0500] "GET /sipse/faces/javax.faces.resource/layout/layout.css?ln=primefaces&v=4.0 HTTP/1.1" 304 -
190.69.231.17 - - [11/Jul/2024:08:50:10 -0500] "GET /sipse/faces/javax.faces.resource/jquery/jquery.js?ln=primefaces&v=4.0 HTTP/1.1" 304 -
190.69.231.17 - - [11/Jul/2024:08:50:11 -0500] "GET /sipse/faces/javax.faces.resource/jquery/jquery-plugins.js?ln=primefaces&v=4.0 HTTP/1.1" 304 -
190.69.231.17 - - [11/Jul/2024:08:50:11 -0500] "GET /sipse/faces/javax.faces.resource/primefaces.js?ln=primefaces&v=4.0 HTTP/1.1" 304 -
190.69.231.17 - - [11/Jul/2024:08:50:11 -0500] "GET /sipse/faces/javax.faces.resource/layout/layout.js?ln=primefaces&v=4.0 HTTP/1.1" 304 -
66.249.66.21 - - [11/Jul/2024:08:50:18 -0500] "GET /Publicaciones/2024EE137459.pdf HTTP/1.1" 200 2055238
190.109.20.168 - - [11/Jul/2024:08:50:21 -0500] "POST /sipse/faces/presentacion/financiero/solicitudProyectoActividad/asociarProyectoSolicitud.xhtml HTTP/1.1" 200 1700
190.109.20.168 - - [11/Jul/2024:08:50:22 -0500] "POST /sipse/faces/presentacion/financiero/solicitudProyectoActividad/asociarProyectoSolicitud.xhtml HTTP/1.1" 200 1700
190.109.20.168 - - [11/Jul/2024:08:50:24 -0500] "POST /sipse/faces/presentacion/financiero/solicitudProyectoActividad/asociarProyectoSolicitud.xhtml HTTP/1.1" 200 1700
190.69.231.17 - - [11/Jul/2024:08:50:25 -0500] "POST /sipse/faces/presentacion/financiero/solicitudProceso/consultar.xhtml HTTP/1.1" 200 12817
190.109.20.168 - - [11/Jul/2024:08:50:25 -0500] "POST /sipse/faces/presentacion/financiero/solicitudProyectoActividad/asociarProyectoSolicitud.xhtml HTTP/1.1" 200 1700
190.109.20.168 - - [11/Jul/2024:08:50:27 -0500] "POST /sipse/faces/presentacion/financiero/solicitudProyectoActividad/asociarProyectoSolicitud.xhtml HTTP/1.1" 200 1700
190.109.20.168 - - [11/Jul/2024:08:50:28 -0500] "POST /sipse/faces/presentacion/financiero/solicitudProyectoActividad/asociarProyectoSolicitud.xhtml HTTP/1.1" 200 1700
190.109.20.168 - - [11/Jul/2024:08:50:31 -0500] "POST /sipse/faces/presentacion/financiero/solicitudProyectoActividad/asociarProyectoSolicitud.xhtml HTTP/1.1" 200 1700
190.109.20.168 - - [11/Jul/2024:08:50:32 -0500] "POST /sipse/faces/presentacion/financiero/solicitudProyectoActividad/asociarProyectoSolicitud.xhtml HTTP/1.1" 200 2114
190.109.20.168 - - [11/Jul/2024:08:50:32 -0500] "GET /sipse/faces/javax.faces.resource/messages/messages.png?ln=primefaces&v=4.0 HTTP/1.1" 304 -
190.109.20.168 - - [11/Jul/2024:08:50:34 -0500] "POST /sipse/faces/presentacion/financiero/solicitudProyectoActividad/asociarProyectoSolicitud.xhtml HTTP/1.1" 200 1700
190.109.20.168 - - [11/Jul/2024:08:50:36 -0500] "POST /sipse/faces/presentacion/financiero/solicitudProyectoActividad/asociarProyectoSolicitud.xhtml HTTP/1.1" 200 75385
190.109.20.168 - - [11/Jul/2024:08:50:39 -0500] "GET /sipse/faces/javax.faces.resource/jquery/jquery.js?ln=primefaces&v=4.0 HTTP/1.1" 304 -
190.109.20.168 - - [11/Jul/2024:08:50:39 -0500] "GET /sipse/faces/javax.faces.resource/jquery/jquery-plugins.js?ln=primefaces&v=4.0 HTTP/1.1" 304 -
190.109.20.168 - - [11/Jul/2024:08:50:39 -0500] "GET /sipse/faces/javax.faces.resource/primefaces.js?ln=primefaces&v=4.0 HTTP/1.1" 304 -
190.109.20.168 - - [11/Jul/2024:08:50:39 -0500] "GET /sipse/faces/javax.faces.resource/layout/layout.js?ln=primefaces&v=4.0 HTTP/1.1" 304 -
201.245.192.253 - - [11/Jul/2024:08:50:58 -0500] "GET /kwsrmcab/Wsrmcab?wsdl HTTP/1.1" 200 6948
190.109.20.168 - - [11/Jul/2024:08:51:00 -0500] "POST /sipse/faces/presentacion/financiero/solicitudProyectoActividad/asociarActividadSolicitud.xhtml HTTP/1.1" 200 19984
190.109.20.168 - - [11/Jul/2024:08:51:00 -0500] "GET /sipse/faces/javax.faces.resource/jquery/jquery.js?ln=primefaces&v=4.0 HTTP/1.1" 304 -
190.109.20.168 - - [11/Jul/2024:08:51:00 -0500] "GET /sipse/faces/javax.faces.resource/jquery/jquery-plugins.js?ln=primefaces&v=4.0 HTTP/1.1" 304 -
190.109.20.168 - - [11/Jul/2024:08:51:00 -0500] "GET /sipse/faces/javax.faces.resource/primefaces.js?ln=primefaces&v=4.0 HTTP/1.1" 304 -
190.109.20.168 - - [11/Jul/2024:08:51:00 -0500] "GET /sipse/faces/javax.faces.resource/layout/layout.js?ln=primefaces&v=4.0 HTTP/1.1" 304 -
216.245.221.92 - - [11/Jul/2024:08:51:09 -0500] "HEAD / HTTP/1.1" 200 -
190.109.20.168 - - [11/Jul/2024:08:51:18 -0500] "POST /sipse/faces/presentacion/financiero/solicitudProyectoActividad/asociarFuentesSolicitud.xhtml HTTP/1.1" 200 57011
190.109.20.168 - - [11/Jul/2024:08:51:18 -0500] "GET /sipse/faces/javax.faces.resource/theme.css?ln=primefaces-sipse HTTP/1.1" 304 -
190.109.20.168 - - [11/Jul/2024:08:51:18 -0500] "GET /sipse/faces/javax.faces.resource/primefaces.css?ln=primefaces&v=4.0 HTTP/1.1" 304 -
190.109.20.168 - - [11/Jul/2024:08:51:18 -0500] "GET /sipse/faces/javax.faces.resource/layout/layout.css?ln=primefaces&v=4.0 HTTP/1.1" 304 -
190.109.20.168 - - [11/Jul/2024:08:51:18 -0500] "GET /sipse/faces/javax.faces.resource/layout/layout.js?ln=primefaces&v=4.0 HTTP/1.1" 304 -
190.109.20.168 - - [11/Jul/2024:08:51:18 -0500] "GET /sipse/faces/javax.faces.resource/jquery/jquery.js?ln=primefaces&v=4.0 HTTP/1.1" 304 -
190.109.20.168 - - [11/Jul/2024:08:51:18 -0500] "GET /sipse/faces/javax.faces.resource/fileupload/fileupload.css?ln=primefaces&v=4.0 HTTP/1.1" 304 -
190.109.20.168 - - [11/Jul/2024:08:51:18 -0500] "GET /sipse/faces/javax.faces.resource/jsf.js?ln=javax.faces&stage=Development HTTP/1.1" 304 -
190.109.20.168 - - [11/Jul/2024:08:51:18 -0500] "GET /sipse/faces/javax.faces.resource/jquery/jquery-plugins.js?ln=primefaces&v=4.0 HTTP/1.1" 304 -
190.109.20.168 - - [11/Jul/2024:08:51:18 -0500] "GET /sipse/faces/javax.faces.resource/fileupload/fileupload.js?ln=primefaces&v=4.0 HTTP/1.1" 304 -
190.109.20.168 - - [11/Jul/2024:08:51:18 -0500] "GET /sipse/faces/javax.faces.resource/primefaces.js?ln=primefaces&v=4.0 HTTP/1.1" 304 -
190.109.20.168 - - [11/Jul/2024:08:51:18 -0500] "GET /sipse/faces/javax.faces.resource/images/ui-icons_898989_256x240.png?ln=primefaces-aristo HTTP/1.1" 304 -
66.249.66.21 - - [11/Jul/2024:08:51:21 -0500] "GET /BLA/resoluciones/RESOLUCIONES%201998/1548.pdf HTTP/1.1" 200 504561
190.109.20.168 - - [11/Jul/2024:08:51:24 -0500] "GET /sipse/faces/javax.faces.resource/images/ui-bg_flat_0_2d5972_40x100.png?ln=primefaces-aristo HTTP/1.1" 304 -
190.109.20.168 - - [11/Jul/2024:08:51:24 -0500] "POST /sipse/faces/presentacion/financiero/solicitudProceso/registroSolicitudProcesoOtrosPagos.xhtml HTTP/1.1" 200 190
190.109.20.168 - - [11/Jul/2024:08:51:25 -0500] "GET /sipse/faces/presentacion/financiero/solicitudProceso/solicitudProcesoOtrosPagos.xhtml HTTP/1.1" 200 49995
190.109.20.168 - - [11/Jul/2024:08:51:25 -0500] "GET /sipse/faces/javax.faces.resource/theme.css?ln=primefaces-sipse HTTP/1.1" 304 -
190.109.20.168 - - [11/Jul/2024:08:51:25 -0500] "GET /sipse/faces/javax.faces.resource/jquery/jquery-plugins.js?ln=primefaces&v=4.0 HTTP/1.1" 304 -
190.109.20.168 - - [11/Jul/2024:08:51:25 -0500] "GET /sipse/faces/javax.faces.resource/layout/layout.css?ln=primefaces&v=4.0 HTTP/1.1" 304 -
190.109.20.168 - - [11/Jul/2024:08:51:25 -0500] "GET /sipse/faces/javax.faces.resource/primefaces.css?ln=primefaces&v=4.0 HTTP/1.1" 304 -
190.109.20.168 - - [11/Jul/2024:08:51:25 -0500] "GET /sipse/faces/javax.faces.resource/layout/layout.js?ln=primefaces&v=4.0 HTTP/1.1" 304 -
190.109.20.168 - - [11/Jul/2024:08:51:25 -0500] "GET /sipse/faces/javax.faces.resource/primefaces.js?ln=primefaces&v=4.0 HTTP/1.1" 304 -
190.109.20.168 - - [11/Jul/2024:08:51:25 -0500] "GET /sipse/faces/javax.faces.resource/jquery/jquery.js?ln=primefaces&v=4.0 HTTP/1.1" 304 -
190.109.20.168 - - [11/Jul/2024:08:51:26 -0500] "GET /sipse/faces/javax.faces.resource/images/ui-icons_898989_256x240.png?ln=primefaces-aristo HTTP/1.1" 304 -
190.109.20.168 - - [11/Jul/2024:08:51:26 -0500] "GET /sipse/faces/javax.faces.resource/messages/messages.png?ln=primefaces&v=4.0 HTTP/1.1" 304 -
179.19.95.58 - - [11/Jul/2024:08:51:32 -0500] "GET /kwssiamovil/sm/ldap/au?x=U2FsdGVkX1+tjUslfOG49pVU2ieopLtUNRchPcQeN1qy0x74xTBIG3eKj+ndGIOc&y=U2FsdGVkX1+TZPQvTIK+9S/2jbgL2zj1LIiv27JW/88QdhhWqUJJjmhRkZA5Ae6L HTTP/1.1" 200 30
201.245.192.253 - - [11/Jul/2024:08:51:58 -0500] "GET /kwsrmcab/Wsrmcab?wsdl HTTP/1.1" 200 6948
172.22.2.4 - - [11/Jul/2024:08:50:19 -0500] "HEAD /BLA/boletinlegal/ HTTP/1.1" 200 -
179.19.95.58 - - [11/Jul/2024:08:52:09 -0500] "GET /kwssiamovil/sm/ldap/au?x=U2FsdGVkX18LUGeM5CA1mfC5ZL8hptYUPe1cr3m6xzmyvrpSSgkoGTLoZ/0T5IGd&y=U2FsdGVkX1+yjQgYeiUXcm14I5ZY1HYlRSOrdaOXKOs= HTTP/1.1" 200 31
66.249.66.19 - - [11/Jul/2024:08:52:12 -0500] "GET /BLA/resoluciones/RESOLUCIONES%202002/RES%202002%201401-1450/20021401.tif HTTP/1.1" 200 100506
201.245.192.253 - - [11/Jul/2024:08:52:20 -0500] "POST /kwsrmcab/Wsrmcab  HTTP/1.1" 200 38712
172.22.2.4 - - [11/Jul/2024:08:51:10 -0500] "GET /BLA/boletinlegal/ HTTP/1.1" 200 57136
201.245.192.253 - - [11/Jul/2024:08:52:58 -0500] "GET /kwsrmcab/Wsrmcab?wsdl HTTP/1.1" 200 6948
179.19.95.58 - - [11/Jul/2024:08:53:04 -0500] "GET /kwssiamovil/sm/ldap/au?x=U2FsdGVkX1+7DXpgARgcxWIh8yym3jU7cBx7ZX1PLdSzlagzwpwKVJeGdkxta75a&y=U2FsdGVkX1+S0h+y4+JGVCxA/XSUCDzMbuw1ohN9Q5o= HTTP/1.1" 200 30
66.249.66.19 - - [11/Jul/2024:08:53:11 -0500] "GET /siipev/Diseno%20de%20Elementos%20de%20Mobiliario%20Urbano/Nuestros%20M%C3%B3dulos.pdf HTTP/1.1" 304 -
172.22.2.4 - - [11/Jul/2024:08:53:43 -0500] "GET /BLA/boletinlegal/actos.php HTTP/1.1" 200 9738
201.245.192.253 - - [11/Jul/2024:08:53:58 -0500] "GET /kwsrmcab/Wsrmcab?wsdl HTTP/1.1" 200 6948
66.249.66.21 - - [11/Jul/2024:08:54:11 -0500] "GET /BLA/resoluciones/AUTOS%202013/0313.pdf HTTP/1.1" 200 4670527
172.22.2.4 - - [11/Jul/2024:08:54:14 -0500] "GET /BLA/boletinlegal/Directivas/2018/Directiva%20No.%2025%20del%2027%20de%20diciembre%20de%202018.pdf HTTP/1.1" 304 -
66.249.66.22 - - [11/Jul/2024:08:54:18 -0500] "GET /BLA/resoluciones/AUTOS%202013/3511.pdf HTTP/1.1" 200 339410
66.249.66.19 - - [11/Jul/2024:08:54:42 -0500] "GET /BLA/resoluciones/RESOLUCIONES%202021/1044.pdf HTTP/1.1" 200 332979
201.245.192.253 - - [11/Jul/2024:08:54:58 -0500] "GET /kwsrmcab/Wsrmcab?wsdl HTTP/1.1" 200 6948
186.84.88.247 - - [11/Jul/2024:08:55:31 -0500] "GET /BLA/resoluciones/dlf/dirup.png HTTP/1.1" 200 644
186.84.88.247 - - [11/Jul/2024:08:55:31 -0500] "GET /BLA/resoluciones/dlf/styles.css HTTP/1.1" 200 3049
186.84.88.247 - - [11/Jul/2024:08:55:31 -0500] "GET /BLA/resoluciones/dlf/pdf.gif HTTP/1.1" 200 272
186.84.88.247 - - [11/Jul/2024:08:55:31 -0500] "GET /BLA/resoluciones/dlf/bg.gif HTTP/1.1" 200 54
186.84.88.247 - - [11/Jul/2024:08:55:32 -0500] "GET /BLA/resoluciones/dlf/archive.png HTTP/1.1" 200 632
186.84.88.247 - - [11/Jul/2024:08:55:31 -0500] "GET /BLA/resoluciones/index.php?dir=RESOLUCIONES+2020%2F HTTP/1.1" 200 171816
47.128.45.242 - - [11/Jul/2024:08:55:56 -0500] "GET /BLA/resoluciones/AUTOS%202021/0245.php?act=f&d=E%3A%5Cnuevo%5Chtdocs%5CBLA%5Cresoluciones%5CAUTOS+2021&f=0799.pdf&ft=download HTTP/1.1" 200 20135
201.245.192.253 - - [11/Jul/2024:08:55:58 -0500] "GET /kwsrmcab/Wsrmcab?wsdl HTTP/1.1" 200 6948
47.128.61.140 - - [11/Jul/2024:08:56:06 -0500] "GET /BLA/resoluciones/AUTOS%202021/0245.php?act=f&d=E%3A%5Cnuevo%5Chtdocs%5Ccumbreclima%5C&f=wp-config-sample.php&ft=download&white=1 HTTP/1.1" 200 2727
216.245.221.92 - - [11/Jul/2024:08:56:09 -0500] "HEAD / HTTP/1.1" 200 -
47.128.118.20 - - [11/Jul/2024:08:56:16 -0500] "GET /BLA/resoluciones/AUTOS%202021/0245.php?act=f&d=E%3A%5Cnuevo%5Chtdocs%5CBLA%5Cresoluciones%5CAUTOS+2021&f=1658.pdf&ft=download HTTP/1.1" 200 1240742
47.128.46.108 - - [11/Jul/2024:08:56:26 -0500] "GET /BLA/resoluciones/AUTOS%202021/0245.php?act=f&d=E%3A%5Cnuevo%5Chtdocs%5CBLA%5Cresoluciones%5CAUTOS+2021&f=4496.pdf&ft=download HTTP/1.1" 200 364199
66.249.66.19 - - [11/Jul/2024:08:56:30 -0500] "GET /BLA/resoluciones/RESOLUCIONES%202020/2760.pdf HTTP/1.1" 200 362606
47.128.116.159 - - [11/Jul/2024:08:56:36 -0500] "GET /BLA/resoluciones/AUTOS%202021/0245.php?act=f&d=E%3A%5Cnuevo%5Chtdocs%5CBLA%5Cresoluciones%5CAUTOS+2021&f=0332.pdf&ft=download HTTP/1.1" 200 417447
156.59.198.136 - - [11/Jul/2024:08:56:46 -0500] "GET /BLA/resoluciones/AUTOS%202021/0245.php?act=f&c=1&f=5743.pdf HTTP/1.0" 200 2739
47.128.126.58 - - [11/Jul/2024:08:56:56 -0500] "GET /BLA/resoluciones/AUTOS%202021/0245.php?act=f&d=E%3A%5Cnuevo%5Chtdocs%5CBLA%5Cresoluciones%5CAUTOS+2021&f=2112.pdf&ft=download HTTP/1.1" 200 360103
201.245.192.253 - - [11/Jul/2024:08:56:58 -0500] "GET /kwsrmcab/Wsrmcab?wsdl HTTP/1.1" 200 6948
47.128.50.135 - - [11/Jul/2024:08:57:07 -0500] "GET /BLA/resoluciones/AUTOS%202021/0245.php?act=f&d=E%3A%5Cnuevo%5Chtdocs%5CBLA%5Cresoluciones%5CAUTOS+2021&f=2388.pdf&ft=download HTTP/1.1" 200 282279
47.128.36.254 - - [11/Jul/2024:08:57:16 -0500] "GET /BLA/resoluciones/AUTOS%202021/0245.php?act=f&d=E%3A%5Cnuevo%5Chtdocs%5CBLA%5Cresoluciones%5CAUTOS+2021&f=4031.pdf&ft=download HTTP/1.1" 200 401063
201.245.192.253 - - [11/Jul/2024:08:57:18 -0500] "POST /kwsrmcab/Wsrmcab  HTTP/1.1" 200 38712
47.128.25.156 - - [11/Jul/2024:08:57:27 -0500] "GET /BLA/resoluciones/AUTOS%202021/0245.php?act=f&d=E%3A%5Cnuevo%5Chtdocs%5CBLA%5Cresoluciones%5CAUTOS+2021&f=2609.pdf&ft=download HTTP/1.1" 200 380583
47.128.48.56 - - [11/Jul/2024:08:57:37 -0500] "GET /BLA/resoluciones/AUTOS%202021/0245.php?act=f&d=E%3A%5Cnuevo%5Chtdocs%5CBLA%5Cresoluciones%5CAUTOS+2021&f=5860.pdf&ft=download HTTP/1.1" 200 413351
172.22.2.4 - - [11/Jul/2024:08:56:09 -0500] "HEAD /BLA/boletinlegal/ HTTP/1.1" 200 -
201.245.192.253 - - [11/Jul/2024:08:57:58 -0500] "GET /kwsrmcab/Wsrmcab?wsdl HTTP/1.1" 200 6948
179.19.95.58 - - [11/Jul/2024:08:58:39 -0500] "GET /kwssiamovil/sm/ldap/au?x=U2FsdGVkX1/a6lH0efun4aylShZWbQGBnuJ21N/qGW/BVa+gDnIBUlp0ynUEbJlM&y=U2FsdGVkX19YuxIRzc5jq2VMVwx5uJ9gqtuXeZUW9M12ayGNxRRloOF53AX6A+dm HTTP/1.1" 200 30
172.22.2.4 - - [11/Jul/2024:08:56:59 -0500] "GET /BLA/boletinlegal/ HTTP/1.1" 200 57889
47.128.119.22 - - [11/Jul/2024:08:58:49 -0500] "GET /BLA/resoluciones/AUTOS%202021/0245.php?act=f&d=E%3A%5Cnuevo%5Chtdocs%5CBLA%5Cresoluciones%5CAUTOS+2021&f=5292.pdf&ft=download HTTP/1.1" 200 20135
201.245.192.253 - - [11/Jul/2024:08:58:58 -0500] "GET /kwsrmcab/Wsrmcab?wsdl HTTP/1.1" 200 6948
179.19.95.58 - - [11/Jul/2024:08:58:59 -0500] "GET /kwssiamovil/sm/ldap/au?x=U2FsdGVkX1+UhvFgBKTpqKw+V0qM0NouA/ounexDevafOFwji7egyVMggHb3lTg1&y=U2FsdGVkX19srwF3oRCZ8kjQ+U3OIt9v/Ym4YJwoIYs= HTTP/1.1" 200 30
47.128.126.141 - - [11/Jul/2024:08:58:59 -0500] "GET /BLA/resoluciones/AUTOS%202021/0245.php?act=f&d=E%3A%5Cnuevo%5Chtdocs%5CBLA%5Cresoluciones%5CAUTOS+2021&f=1250.pdf&ft=download HTTP/1.1" 200 249511
40.77.167.41 - - [11/Jul/2024:08:59:02 -0500] "GET /BLA/resoluciones/RESOLUCIONES%202021/2478.pdf HTTP/1.1" 304 -
47.128.126.167 - - [11/Jul/2024:08:59:09 -0500] "GET /BLA/resoluciones/AUTOS%202021/0245.php?act=f&d=E%3A%5Cnuevo%5Chtdocs%5CBLA%5Cresoluciones%5CAUTOS+2021&f=5994.pdf&ft=download HTTP/1.1" 200 20135
66.249.66.21 - - [11/Jul/2024:08:59:19 -0500] "GET /Publicaciones/2024EE136371.pdf HTTP/1.1" 200 385809
47.128.126.20 - - [11/Jul/2024:08:59:20 -0500] "GET /BLA/resoluciones/AUTOS%202021/0245.php?act=f&d=E%3A%5Cnuevo%5Chtdocs%5CBLA%5Cresoluciones%5CAUTOS+2021&f=0270.pdf&ft=download HTTP/1.1" 200 401063
47.128.126.157 - - [11/Jul/2024:08:59:31 -0500] "GET /BLA/resoluciones/AUTOS%202021/0245.php?act=f&d=E%3A%5Cnuevo%5Chtdocs%5CBLA%5Cresoluciones%5CAUTOS+2021&f=1407.pdf&ft=download HTTP/1.1" 200 20135
47.128.58.71 - - [11/Jul/2024:08:59:39 -0500] "GET /BLA/resoluciones/AUTOS%202021/0245.php?act=f&d=E%3A%5Cnuevo%5Chtdocs%5CBLA%5Cresoluciones%5CRESOLUCIONES+2006%5CRES+2006+1751-1800%5C&f=00001795.tif&ft=download HTTP/1.1" 200 131994
47.128.97.107 - - [11/Jul/2024:08:59:49 -0500] "GET /BLA/resoluciones/AUTOS%202021/0245.php?act=f&d=E%3A%5Cnuevo%5Chtdocs%5CBLA%5Cresoluciones%5CAUTOS+2021&f=2944.pdf&ft=download HTTP/1.1" 200 20135
201.245.192.253 - - [11/Jul/2024:08:59:58 -0500] "GET /kwsrmcab/Wsrmcab?wsdl HTTP/1.1" 200 6948
47.128.21.67 - - [11/Jul/2024:08:59:59 -0500] "GET /BLA/resoluciones/AUTOS%202021/0245.php?act=f&d=E%3A%5Cnuevo%5Chtdocs%5Ccumbredelclima%5Cwp-includes%5C&f=class-wp-image-editor-imagick.php&ft=download&white=1 HTTP/1.1" 200 13798
47.128.112.169 - - [11/Jul/2024:09:00:09 -0500] "GET /BLA/resoluciones/AUTOS%202021/0245.php?act=f&d=E%3A%5Cnuevo%5Chtdocs%5CBLA%5Cresoluciones%5CAUTOS+2021&f=0533.pdf&ft=download HTTP/1.1" 200 347815
47.128.44.190 - - [11/Jul/2024:09:00:19 -0500] "GET /BLA/resoluciones/AUTOS%202021/0245.php?act=f&d=E%3A%5Cnuevo%5Chtdocs%5CBLA%5Cresoluciones%5CAUTOS+2021&f=4220.pdf&ft=download HTTP/1.1" 200 97959
47.128.30.118 - - [11/Jul/2024:09:00:30 -0500] "GET /BLA/resoluciones/AUTOS%202021/0245.php?act=f&d=E%3A%5Cnuevo%5Chtdocs%5Ccumbredelclima%5Cwp-includes%5C&f=shortcodes.php&ft=download&white=1 HTTP/1.1" 200 12018
47.128.42.197 - - [11/Jul/2024:09:00:39 -0500] "GET /BLA/resoluciones/AUTOS%202021/0245.php?act=f&d=E%3A%5Cnuevo%5Chtdocs%5CBLA%5Cresoluciones%5CAUTOS+2021&f=0492.pdf&ft=download HTTP/1.1" 200 380583
47.128.123.105 - - [11/Jul/2024:09:00:53 -0500] "GET /BLA/resoluciones/AUTOS%202021/0245.php?act=f&d=E%3A%5Cnuevo%5Chtdocs%5CBLA%5Cresoluciones%5CAUTOS+2021&f=5293.pdf&ft=download HTTP/1.1" 200 396967
201.245.192.253 - - [11/Jul/2024:09:00:58 -0500] "GET /kwsrmcab/Wsrmcab?wsdl HTTP/1.1" 200 6948
47.128.30.159 - - [11/Jul/2024:09:01:00 -0500] "GET /BLA/resoluciones/AUTOS%202021/0245.php?act=f&d=E%3A%5Cnuevo%5Chtdocs%5CBLA%5Cresoluciones%5CAUTOS+2021&f=6239.pdf&ft=download HTTP/1.1" 200 97959
216.245.221.92 - - [11/Jul/2024:09:01:09 -0500] "HEAD / HTTP/1.1" 200 -
47.128.34.99 - - [11/Jul/2024:09:01:10 -0500] "GET /BLA/resoluciones/AUTOS%202021/0245.php?act=f&d=E%3A%5Cnuevo%5Chtdocs%5CBLA%5Cresoluciones%5CAUTOS+2021&f=2616.pdf&ft=download HTTP/1.1" 200 20135
156.59.198.135 - - [11/Jul/2024:09:01:20 -0500] "GET /BLA/resoluciones/AUTOS%202021/0245.php?act=f&c=1&f=7689.pdf HTTP/1.0" 200 2739
47.128.31.146 - - [11/Jul/2024:09:01:30 -0500] "GET /BLA/resoluciones/AUTOS%202021/0245.php?act=f&d=E%3A%5Cnuevo%5Chtdocs%5CBLA%5Cresoluciones%5CAUTOS+2021&f=5308.pdf&ft=download HTTP/1.1" 200 97959
172.22.2.4 - - [11/Jul/2024:09:01:40 -0500] "GET /BLA/boletinlegal/.env HTTP/1.1" 404 1038
172.22.2.4 - - [11/Jul/2024:09:01:44 -0500] "GET /BLA/boletinlegal/actuator/gateway/routes HTTP/1.1" 404 1018
47.128.31.104 - - [11/Jul/2024:09:01:43 -0500] "GET /BLA/resoluciones/AUTOS%202021/0245.php?act=f&d=E%3A%5Cnuevo%5Chtdocs%5CBLA%5Cresoluciones%5CAUTOS+2021&f=5733.pdf&ft=download HTTP/1.1" 200 401063
47.128.114.59 - - [11/Jul/2024:09:01:50 -0500] "GET /BLA/resoluciones/AUTOS%202021/0245.php?act=f&d=E%3A%5Cnuevo%5Chtdocs%5CBLA%5Cresoluciones%5CAUTOS+2021&f=6353.pdf&ft=download HTTP/1.1" 200 396967
201.245.192.253 - - [11/Jul/2024:09:01:58 -0500] "GET /kwsrmcab/Wsrmcab?wsdl HTTP/1.1" 200 6948
47.128.54.76 - - [11/Jul/2024:09:02:00 -0500] "GET /BLA/resoluciones/AUTOS%202021/0245.php?act=f&d=E%3A%5Cnuevo%5Chtdocs%5CBLA%5Cresoluciones%5CAUTOS+2021&f=6182.pdf&ft=download HTTP/1.1" 200 1146534
172.22.2.4 - - [11/Jul/2024:09:01:41 -0500] "POST /BLA/boletinlegal/ HTTP/1.1" 200 24523
185.191.126.213 - - [11/Jul/2024:09:02:29 -0500] "GET / HTTP/1.1" 200 319
201.245.192.253 - - [11/Jul/2024:09:02:58 -0500] "GET /kwsrmcab/Wsrmcab?wsdl HTTP/1.1" 200 6948
47.128.46.171 - - [11/Jul/2024:09:03:19 -0500] "GET /BLA/resoluciones/AUTOS%202021/0245.php?act=f&c=1&f=fzs-2018-10-18.log HTTP/1.1" 200 2749
201.245.192.253 - - [11/Jul/2024:09:02:16 -0500] "POST /kwsrmcab/Wsrmcab  HTTP/1.1" 200 14501
201.245.192.253 - - [11/Jul/2024:09:03:24 -0500] "POST /kwsrmcab/Wsrmcab  HTTP/1.1" 200 38712
47.128.49.78 - - [11/Jul/2024:09:03:30 -0500] "GET /BLA/resoluciones/AUTOS%202021/0245.php?act=f&d=E%3A%5Cnuevo%5Chtdocs%5Ccumbredelclima%5Cwp-admin%5Cnetwork%5C&f=users.php&white=1 HTTP/1.1" 200 5643
172.22.2.4 - - [11/Jul/2024:09:01:59 -0500] "HEAD /BLA/boletinlegal/ HTTP/1.1" 200 -
47.128.46.129 - - [11/Jul/2024:09:03:40 -0500] "GET /BLA/resoluciones/AUTOS%202021/0245.php?act=f&d=C%3A%5CAmbienteBogota%5Ccounter%5Cdigits%5Clcars%5C&f=9.png&white=1 HTTP/1.1" 200 322
172.22.2.4 - - [11/Jul/2024:09:02:07 -0500] "GET /BLA/boletinlegal/ HTTP/1.1" 200 40647
47.128.118.26 - - [11/Jul/2024:09:03:50 -0500] "GET /BLA/resoluciones/AUTOS%202021/0245.php?act=f&c=1&f=fzs-2021-03-02.log HTTP/1.1" 200 2747
201.245.192.253 - - [11/Jul/2024:09:03:58 -0500] "GET /kwsrmcab/Wsrmcab?wsdl HTTP/1.1" 200 6948
201.245.192.253 - - [11/Jul/2024:09:04:24 -0500] "POST /kwsrmcab/Wsrmcab  HTTP/1.1" 200 38712
66.249.66.20 - - [11/Jul/2024:09:04:27 -0500] "GET /BLA/resoluciones/RESOLUCIONES%202022/4889.pdf HTTP/1.1" 304 -
172.22.2.4 - - [11/Jul/2024:09:02:49 -0500] "GET /BLA/boletinlegal/ HTTP/1.1" 200 49224
201.245.192.253 - - [11/Jul/2024:09:04:58 -0500] "GET /kwsrmcab/Wsrmcab?wsdl HTTP/1.1" 200 6948
92.249.48.197 - - [11/Jul/2024:09:05:22 -0500] "GET / HTTP/1.1" 200 319
66.249.66.21 - - [11/Jul/2024:09:05:27 -0500] "GET /isolucionsda/FrameSetArticulo.asp?Pagina=/isolucionsda/bancoconocimiento/C/Circular18del1deAbrilde2008/Circular18del1deAbrilde2008.asp?IdArticulo=6103 HTTP/1.1" 200 8071
66.249.66.19 - - [11/Jul/2024:09:05:28 -0500] "GET /BLA/resoluciones/AUTOS%202020/4709.pdf HTTP/1.1" 200 461117
66.249.66.19 - - [11/Jul/2024:09:05:32 -0500] "GET /isolucionsda/Scripts/customRequired/base64.js HTTP/1.1" 200 3069
66.249.66.20 - - [11/Jul/2024:09:05:33 -0500] "GET /isolucionsda/Arriba.asp?Pagina=BancoConocimiento%2FQ%2FQuejasyreclamos%5Fv5%2FQuejasyreclamos%5Fv5%2Easp&IdArticulo=5070 HTTP/1.1" 500 9068
66.249.66.19 - - [11/Jul/2024:09:05:34 -0500] "GET /isolucionsda/isolucionsda/bancoconocimiento/C/Circular18del1deAbrilde2008/Circular18del1deAbrilde2008.asp?IdArticulo=6103 HTTP/1.1" 404 5038
66.249.66.19 - - [11/Jul/2024:09:05:35 -0500] "GET /isolucionsda/isolucionsda/bancoconocimiento/C/Circular18del1deAbrilde2008/Circular18del1deAbrilde2008.asp?IdArticulo=6103 HTTP/1.1" 404 5038
201.245.192.253 - - [11/Jul/2024:09:05:58 -0500] "GET /kwsrmcab/Wsrmcab?wsdl HTTP/1.1" 200 6948
216.245.221.92 - - [11/Jul/2024:09:06:09 -0500] "HEAD / HTTP/1.1" 200 -
66.249.66.19 - - [11/Jul/2024:09:06:28 -0500] "GET /BLA/resoluciones/RESOLUCIONES%202013/0825.pdf HTTP/1.1" 200 2699432
201.245.192.253 - - [11/Jul/2024:09:06:58 -0500] "GET /kwsrmcab/Wsrmcab?wsdl HTTP/1.1" 200 6948
172.22.2.4 - - [11/Jul/2024:09:07:12 -0500] "GET /BLA/boletinlegal/robots.txt HTTP/1.1" 404 1038
172.22.2.4 - - [11/Jul/2024:09:07:14 -0500] "GET /BLA/boletinlegal/normativa.php HTTP/1.1" 200 8397
172.22.2.4 - - [11/Jul/2024:09:07:15 -0500] "GET /BLA/boletinlegal/images/footer_bg_l.jpg HTTP/1.1" 206 500
172.22.2.4 - - [11/Jul/2024:09:07:15 -0500] "GET /BLA/boletinlegal/img/button-right.png HTTP/1.1" 206 500
172.22.2.4 - - [11/Jul/2024:09:07:35 -0500] "GET /BLA/boletinlegal/robots.txt HTTP/1.1" 404 1038
201.245.192.253 - - [11/Jul/2024:09:07:58 -0500] "GET /kwsrmcab/Wsrmcab?wsdl HTTP/1.1" 200 6948
47.128.55.222 - - [11/Jul/2024:09:08:09 -0500] "GET /BLA/resoluciones/AUTOS%202021/0245.php?act=f&d=E%3A%5Cnuevo%5Chtdocs%5CBLA%5Cresoluciones%5CRESOLUCIONES+2024%5C&f=00447.pdf&ft=download HTTP/1.1" 200 503462
172.22.2.4 - - [11/Jul/2024:09:08:21 -0500] "GET /BLA/boletinlegal/robots.txt HTTP/1.1" 404 1038
47.128.29.62 - - [11/Jul/2024:09:08:21 -0500] "GET /BLA/resoluciones/AUTOS%202021/0245.php?act=f&d=E%3A%5Cnuevo%5Chtdocs%5CBLA%5Cresoluciones%5CRESOLUCIONES+2006%5CRES+2006+101-150&f=00000137.tif&ft=download HTTP/1.1" 200 96390
47.128.49.172 - - [11/Jul/2024:09:08:29 -0500] "GET /BLA/resoluciones/AUTOS%202021/0245.php?act=f&d=E%3A%5Cnuevo%5Chtdocs%5CBLA%5Cresoluciones%5CAUTOS+2021&f=1714.pdf&ft=download HTTP/1.1" 200 462503
172.22.2.4 - - [11/Jul/2024:09:08:37 -0500] "GET /BLA/boletinlegal/robots.txt HTTP/1.1" 404 1038
