201.245.192.253 - - [11/Jul/2024:07:08:46 -0500] "GET /appsia/images/cabezoteHojaVida.png HTTP/1.1" 200 32493
201.245.192.253 - - [11/Jul/2024:07:08:46 -0500] "GET /favicon.ico HTTP/1.1" 200 7782
201.245.192.253 - - [11/Jul/2024:07:08:58 -0500] "GET /kwsrmcab/Wsrmcab?wsdl HTTP/1.1" 200 6948
201.245.192.253 - - [11/Jul/2024:07:08:59 -0500] "POST /appsia/controlador HTTP/1.1" 200 5437
201.245.192.253 - - [11/Jul/2024:07:09:01 -0500] "POST /appsia/controlador HTTP/1.1" 200 7771
201.245.192.253 - - [11/Jul/2024:07:09:04 -0500] "POST /appsia/controlador HTTP/1.1" 200 5230
172.22.2.4 - - [11/Jul/2024:07:09:06 -0500] "GET /BLA/boletinlegal/nmaplowercheck1720699719 HTTP/1.1" 404 1043
172.22.2.4 - - [11/Jul/2024:07:09:06 -0500] "POST /BLA/boletinlegal/sdk HTTP/1.1" 404 1043
172.22.2.4 - - [11/Jul/2024:07:09:06 -0500] "GET /BLA/boletinlegal/evox/about HTTP/1.1" 404 1043
172.22.2.4 - - [11/Jul/2024:07:09:07 -0500] "GET /BLA/boletinlegal/HNAP1 HTTP/1.1" 404 1043
201.245.192.253 - - [11/Jul/2024:07:09:08 -0500] "GET /appsia/controlador?comando=ingresarMenuPrincipal&id=52062050&funcionario=SONIA+PERALTA+HUERTAS&desde=52062050&hasta=52062050&version=52062050&accion=Regresar HTTP/1.1" 200 5437
201.245.192.253 - - [11/Jul/2024:07:09:10 -0500] "POST /appsia/controlador HTTP/1.1" 200 7771
201.245.192.253 - - [11/Jul/2024:07:09:15 -0500] "POST /appsia/controlador HTTP/1.1" 200 6636
201.245.192.253 - - [11/Jul/2024:07:09:16 -0500] "POST /appsia/controlador HTTP/1.1" 200 10916
47.128.53.66 - - [11/Jul/2024:07:09:24 -0500] "GET /BLA/resoluciones/AUTOS%202021/0245.php?act=f&d=E%3A%5Cnuevo%5Chtdocs%5Ccumbredelclima%5Cwp-admin%5Cnetwork&f=site-info.php&ft=download HTTP/1.1" 200 8511
47.128.53.80 - - [11/Jul/2024:07:09:34 -0500] "GET /BLA/resoluciones/AUTOS%202021/0245.php?act=f&d=E%3A%5Cnuevo%5Chtdocs%5CResiduos%5Cmetalmecanica%5Cimages&f=page5.swf&ft=download HTTP/1.1" 200 23463
172.22.2.4 - - [11/Jul/2024:07:09:06 -0500] "GET /BLA/boletinlegal/ HTTP/1.1" 200 20427
47.128.35.14 - - [11/Jul/2024:07:09:44 -0500] "GET /BLA/resoluciones/AUTOS%202021/0245.php?act=f&d=E%3A%5Cnuevo%5Chtdocs%5Cmesa&f=red.mp4&ft=download HTTP/1.1" 200 229031
172.22.2.4 - - [11/Jul/2024:07:09:07 -0500] "GET /BLA/boletinlegal/ HTTP/1.1" 200 20427
172.22.2.4 - - [11/Jul/2024:07:09:07 -0500] "GET /BLA/boletinlegal/ HTTP/1.1" 200 20427
47.128.121.62 - - [11/Jul/2024:07:09:54 -0500] "GET /BLA/resoluciones/AUTOS%202021/0245.php?act=f&d=E%3A%5Cnuevo%5Chtdocs%5Cboletinlegal&f=circulares.php&ft=download HTTP/1.1" 200 1467
201.245.192.253 - - [11/Jul/2024:07:09:58 -0500] "GET /kwsrmcab/Wsrmcab?wsdl HTTP/1.1" 200 6948
47.128.46.238 - - [11/Jul/2024:07:10:04 -0500] "GET /BLA/resoluciones/AUTOS%202021/0245.php?act=f&d=E%3A%5Cnuevo%5Chtdocs%5CBLA%5Cresoluciones%5CRESOLUCIONES+2024&f=00492.pdf&ft=download HTTP/1.1" 200 306854
116.203.250.97 - - [11/Jul/2024:07:10:09 -0500] "GET / HTTP/1.1" 200 4720
201.245.192.253 - - [11/Jul/2024:07:10:12 -0500] "POST /appsia/controlador HTTP/1.1" 200 5437
201.245.192.253 - - [11/Jul/2024:07:10:14 -0500] "POST /appsia/controlador HTTP/1.1" 200 4799
47.128.46.226 - - [11/Jul/2024:07:10:14 -0500] "GET /BLA/resoluciones/AUTOS%202021/0245.php?act=f&d=E%3A%5Cnuevo%5Chtdocs%5CBLA%5Cresoluciones%5CAUTOS+2021&f=6802.pdf&ft=download HTTP/1.1" 200 20135
47.128.46.54 - - [11/Jul/2024:07:10:24 -0500] "GET /BLA/resoluciones/AUTOS%202021/0245.php?act=f&d=E%3A%5Cnuevo%5Chtdocs%5CBLA%5Cresoluciones%5CAUTOS+2021&f=2201.pdf&ft=download HTTP/1.1" 200 708263
47.128.97.74 - - [11/Jul/2024:07:10:34 -0500] "GET /BLA/resoluciones/AUTOS%202021/0245.php?act=f&d=E%3A%5Cnuevo%5Chtdocs%5CResiduos%5Cmetalmecanica%5Cimages%5C&f=page8.swf&ft=download HTTP/1.1" 200 18496
201.245.192.253 - - [11/Jul/2024:07:10:38 -0500] "POST /kwsrmcab/Wsrmcab  HTTP/1.1" 200 38712
213.180.203.198 - - [11/Jul/2024:07:10:40 -0500] "GET /robots.txt HTTP/1.1" 404 1034
5.255.231.100 - - [11/Jul/2024:07:10:41 -0500] "GET /este-jueves-muevete-sostenible-y-dale-un-respiro-a-la-ciudad-en-el-dia-sin-carro-y-sin-moto.html HTTP/1.1" 200 913
47.128.97.95 - - [11/Jul/2024:07:10:44 -0500] "GET /BLA/resoluciones/AUTOS%202021/0245.php?act=f&d=E%3A%5Cnuevo%5Chtdocs%5CBLA%5Cresoluciones%5CAUTOS+2021&f=4545.pdf&ft=download HTTP/1.1" 200 343719
47.128.60.186 - - [11/Jul/2024:07:10:54 -0500] "GET /BLA/resoluciones/AUTOS%202021/0245.php?act=f&d=E%3A%5Cnuevo%5Chtdocs%5CBLA%5Cresoluciones%5CAUTOS+2021&f=6049.pdf&ft=download HTTP/1.1" 200 97959
201.245.192.253 - - [11/Jul/2024:07:10:58 -0500] "GET /kwsrmcab/Wsrmcab?wsdl HTTP/1.1" 200 6948
47.128.120.37 - - [11/Jul/2024:07:11:04 -0500] "GET /BLA/resoluciones/AUTOS%202021/0245.php?act=f&d=E%3A%5Cnuevo%5Chtdocs%5Ccumbreclima&f=xmlrpc.php&ft=download HTTP/1.1" 200 3032
216.245.221.92 - - [11/Jul/2024:07:11:09 -0500] "HEAD / HTTP/1.1" 200 -
47.128.60.159 - - [11/Jul/2024:07:11:16 -0500] "GET /BLA/resoluciones/AUTOS%202021/0245.php?act=f&d=E%3A%5Cnuevo%5Chtdocs%5CBLA%5Cresoluciones%5CAUTOS+2021&f=6611.pdf&ft=download HTTP/1.1" 200 372391
47.128.60.170 - - [11/Jul/2024:07:11:25 -0500] "GET /BLA/resoluciones/AUTOS%202021/0245.php?act=f&d=E%3A%5Cnuevo%5Chtdocs%5CBLA%5Cresoluciones%5CAUTOS+2021&f=1855.pdf&ft=download HTTP/1.1" 200 331431
47.128.60.204 - - [11/Jul/2024:07:11:35 -0500] "GET /BLA/resoluciones/AUTOS%202021/0245.php?act=f&d=E%3A%5Cnuevo%5Chtdocs%5CBLA%5Cresoluciones%5CAUTOS+2021&f=4173.pdf&ft=download HTTP/1.1" 200 347815
47.128.127.195 - - [11/Jul/2024:07:11:45 -0500] "GET /BLA/resoluciones/AUTOS%202021/0245.php?act=f&d=E%3A%5Cnuevo%5Chtdocs%5CBLA%5Cresoluciones%5CRESOLUCIONES+2006%5CRES+2006+1951-2000&f=00001986.tif&ft=download HTTP/1.1" 200 95326
47.128.22.33 - - [11/Jul/2024:07:11:55 -0500] "GET /BLA/resoluciones/AUTOS%202021/0245.php?act=f&d=E%3A%5Cnuevo%5CMercuryMail%5C&f=beardef.css&ft=download HTTP/1.1" 200 2
201.245.192.253 - - [11/Jul/2024:07:11:58 -0500] "GET /kwsrmcab/Wsrmcab?wsdl HTTP/1.1" 200 6948
47.128.18.69 - - [11/Jul/2024:07:12:04 -0500] "GET /BLA/resoluciones/AUTOS%202021/0245.php?act=f&d=E%3A%5Cnuevo%5Chtdocs%5CBLA%5Cresoluciones%5CAUTOS+2021&f=1613.pdf&ft=download HTTP/1.1" 200 392871
66.249.66.19 - - [11/Jul/2024:07:12:06 -0500] "GET /BLA/resoluciones/RESOLUCIONES%202021/0321.pdf HTTP/1.1" 304 -
47.128.22.65 - - [11/Jul/2024:07:12:15 -0500] "GET /BLA/resoluciones/AUTOS%202021/0245.php?act=f&d=E%3A%5Cnuevo%5Chtdocs%5CBLA%5Cresoluciones%5CRESOLUCIONES+2006%5CRES+2006+201-250&f=00000222.tif&ft=download HTTP/1.1" 200 203410
191.156.48.228 - - [11/Jul/2024:07:12:20 -0500] "GET /sipse/faces/index.xhtml HTTP/1.1" 200 677
191.156.48.228 - - [11/Jul/2024:07:12:21 -0500] "GET /sipse/faces/javax.faces.resource/theme.css?ln=primefaces-sipse HTTP/1.1" 200 50058
191.156.48.228 - - [11/Jul/2024:07:12:23 -0500] "GET /sipse/faces/faces/autenticacion.xhtml HTTP/1.1" 200 12410
191.156.51.94 - - [11/Jul/2024:07:12:23 -0500] "GET /sipse/js/funciones.js HTTP/1.1" 304 -
191.156.48.228 - - [11/Jul/2024:07:12:23 -0500] "GET /sipse/css/custom_css_sg.css HTTP/1.1" 304 -
191.156.52.116 - - [11/Jul/2024:07:12:24 -0500] "GET /sipse/css/custom_css_sg_prime_login.css HTTP/1.1" 304 -
191.156.51.94 - - [11/Jul/2024:07:12:24 -0500] "GET /sipse/js/disable_browser_buttons.js HTTP/1.1" 304 -
191.156.52.116 - - [11/Jul/2024:07:12:24 -0500] "GET /sipse/faces/javax.faces.resource/theme.css?ln=primefaces-sipse HTTP/1.1" 304 -
191.156.52.239 - - [11/Jul/2024:07:12:24 -0500] "GET /sipse/faces/javax.faces.resource/layout/layout.css?ln=primefaces&v=4.0 HTTP/1.1" 304 -
191.156.48.228 - - [11/Jul/2024:07:12:24 -0500] "GET /sipse/faces/javax.faces.resource/jquery/jquery.js?ln=primefaces&v=4.0 HTTP/1.1" 304 -
191.156.52.116 - - [11/Jul/2024:07:12:24 -0500] "GET /sipse/faces/javax.faces.resource/primefaces.css?ln=primefaces&v=4.0 HTTP/1.1" 304 -
191.156.52.116 - - [11/Jul/2024:07:12:24 -0500] "GET /sipse/faces/javax.faces.resource/jquery/jquery-plugins.js?ln=primefaces&v=4.0 HTTP/1.1" 304 -
191.156.52.239 - - [11/Jul/2024:07:12:24 -0500] "GET /sipse/faces/javax.faces.resource/primefaces.js?ln=primefaces&v=4.0 HTTP/1.1" 304 -
191.156.48.228 - - [11/Jul/2024:07:12:24 -0500] "GET /sipse/faces/javax.faces.resource/layout/layout.js?ln=primefaces&v=4.0 HTTP/1.1" 304 -
191.156.48.228 - - [11/Jul/2024:07:12:24 -0500] "GET /sipse/css/imagen/logoSDG.png HTTP/1.1" 304 -
191.156.52.239 - - [11/Jul/2024:07:12:24 -0500] "GET /sipse/css/imagen/loginimg.png HTTP/1.1" 304 -
191.156.52.116 - - [11/Jul/2024:07:12:24 -0500] "GET /sipse/faces/javax.faces.resource/images/ui-icons_898989_256x240.png?ln=primefaces-aristo HTTP/1.1" 304 -
47.128.22.92 - - [11/Jul/2024:07:12:24 -0500] "GET /BLA/resoluciones/AUTOS%202021/0245.php?act=f&d=E%3A%5Cnuevo%5Chtdocs%5CBLA%5Cresoluciones%5CAUTOS+2021&f=0818.pdf&ft=download HTTP/1.1" 200 458407
191.156.52.116 - - [11/Jul/2024:07:12:32 -0500] "POST /sipse/faces/autenticacion.xhtml HTTP/1.1" 200 11153
191.156.52.116 - - [11/Jul/2024:07:12:33 -0500] "GET /sipse/css/custom_css_sg_prime.css HTTP/1.1" 304 -
191.156.51.94 - - [11/Jul/2024:07:12:33 -0500] "GET /sipse/faces/javax.faces.resource/jquery/jquery.js?ln=primefaces&v=4.0 HTTP/1.1" 304 -
191.156.52.239 - - [11/Jul/2024:07:12:33 -0500] "GET /sipse/faces/javax.faces.resource/primefaces.css?ln=primefaces&v=4.0 HTTP/1.1" 304 -
191.156.48.228 - - [11/Jul/2024:07:12:33 -0500] "GET /sipse/faces/javax.faces.resource/theme.css?ln=primefaces-sipse HTTP/1.1" 304 -
191.156.52.116 - - [11/Jul/2024:07:12:33 -0500] "GET /sipse/faces/javax.faces.resource/layout/layout.css?ln=primefaces&v=4.0 HTTP/1.1" 304 -
191.156.52.116 - - [11/Jul/2024:07:12:33 -0500] "GET /sipse/faces/javax.faces.resource/jquery/jquery-plugins.js?ln=primefaces&v=4.0 HTTP/1.1" 304 -
191.156.52.116 - - [11/Jul/2024:07:12:34 -0500] "GET /sipse/faces/javax.faces.resource/primefaces.js?ln=primefaces&v=4.0 HTTP/1.1" 304 -
191.156.52.116 - - [11/Jul/2024:07:12:34 -0500] "GET /sipse/faces/javax.faces.resource/layout/layout.js?ln=primefaces&v=4.0 HTTP/1.1" 304 -
47.128.55.28 - - [11/Jul/2024:07:12:34 -0500] "GET /BLA/resoluciones/AUTOS%202021/0245.php?act=f&d=E%3A%5Cnuevo%5Chtdocs%5Crequerimientos_old&f=footer.php&ft=download HTTP/1.1" 200 557
191.156.52.116 - - [11/Jul/2024:07:12:35 -0500] "GET /sipse/faces/javax.faces.resource/messages/messages.png?ln=primefaces&v=4.0 HTTP/1.1" 304 -
191.156.52.116 - - [11/Jul/2024:07:12:37 -0500] "POST /sipse/faces/presentacion/sistema/seguridad/seleccionRol.xhtml HTTP/1.1" 200 5588
191.156.52.116 - - [11/Jul/2024:07:12:38 -0500] "POST /sipse/faces/presentacion/sistema/seguridad/seleccionRol.xhtml HTTP/1.1" 200 16344
191.156.51.94 - - [11/Jul/2024:07:12:39 -0500] "GET /sipse/js/jquery.min.js HTTP/1.1" 304 -
191.156.52.239 - - [11/Jul/2024:07:12:39 -0500] "GET /sipse/faces/javax.faces.resource/layout/layout.css?ln=primefaces&v=4.0 HTTP/1.1" 304 -
191.156.52.116 - - [11/Jul/2024:07:12:39 -0500] "GET /sipse/faces/javax.faces.resource/theme.css?ln=primefaces-sipse HTTP/1.1" 304 -
191.156.48.228 - - [11/Jul/2024:07:12:39 -0500] "GET /sipse/faces/javax.faces.resource/primefaces.css?ln=primefaces&v=4.0 HTTP/1.1" 304 -
191.156.51.94 - - [11/Jul/2024:07:12:40 -0500] "GET /sipse/faces/javax.faces.resource/jquery/jquery.js?ln=primefaces&v=4.0 HTTP/1.1" 304 -
191.156.51.94 - - [11/Jul/2024:07:12:40 -0500] "GET /sipse/faces/javax.faces.resource/jquery/jquery-plugins.js?ln=primefaces&v=4.0 HTTP/1.1" 304 -
191.156.51.94 - - [11/Jul/2024:07:12:41 -0500] "GET /sipse/faces/javax.faces.resource/primefaces.js?ln=primefaces&v=4.0 HTTP/1.1" 304 -
191.156.51.94 - - [11/Jul/2024:07:12:41 -0500] "GET /sipse/faces/javax.faces.resource/layout/layout.js?ln=primefaces&v=4.0 HTTP/1.1" 304 -
191.156.52.116 - - [11/Jul/2024:07:12:41 -0500] "GET /sipse/imagenes/logoAplicacion.jpg HTTP/1.1" 304 -
191.156.51.94 - - [11/Jul/2024:07:12:41 -0500] "GET /sipse/css/v_mergente.css HTTP/1.1" 304 -
191.156.48.228 - - [11/Jul/2024:07:12:41 -0500] "GET /sipse/imagenes/cargando.gif HTTP/1.1" 304 -
191.156.52.239 - - [11/Jul/2024:07:12:41 -0500] "GET /sipse/css/imagen/contrasena.png HTTP/1.1" 404 383
47.128.44.5 - - [11/Jul/2024:07:12:45 -0500] "GET /BLA/resoluciones/AUTOS%202021/0245.php?act=f&d=E%3A%5Cnuevo%5Chtdocs%5Ccumbreclima%5Cwp-includes%5C&f=meta.php&ft=download HTTP/1.1" 200 50432
172.22.2.4 - - [11/Jul/2024:07:11:09 -0500] "HEAD /BLA/boletinlegal/ HTTP/1.1" 200 -
47.128.36.12 - - [11/Jul/2024:07:12:54 -0500] "GET /BLA/resoluciones/AUTOS%202021/0245.php?act=f&d=C%3A%5CUsers%5CAdministrator%5CDesktop&f=%7E%24nfigurar+el+servidor.doc&ft=download HTTP/1.1" 200 162
201.245.192.253 - - [11/Jul/2024:07:12:58 -0500] "GET /kwsrmcab/Wsrmcab?wsdl HTTP/1.1" 200 6948
47.128.111.138 - - [11/Jul/2024:07:13:04 -0500] "GET /BLA/resoluciones/AUTOS%202021/0245.php?act=f&d=E%3A%5Cnuevo%5Chtdocs%5CBLA%5Cresoluciones%5CRESOLUCIONES+2006%5CRES+2006+2151-2200&f=00002177.tif&ft=download HTTP/1.1" 200 170240
47.128.42.101 - - [11/Jul/2024:07:13:15 -0500] "GET /BLA/resoluciones/AUTOS%202021/0245.php?act=f&d=E%3A%5Cnuevo%5Chtdocs%5CResiduos%5Cimpresion%5Cimages%5C&f=page89.swf&ft=download&white=1 HTTP/1.1" 200 33843
47.128.53.250 - - [11/Jul/2024:07:13:25 -0500] "GET /BLA/resoluciones/AUTOS%202021/0245.php?act=f&d=E%3A%5Cnuevo%5CMercuryMail%5C&f=MERCURY.INI&ft=download HTTP/1.1" 200 7297
47.128.25.23 - - [11/Jul/2024:07:13:35 -0500] "GET /BLA/resoluciones/AUTOS%202021/0245.php?act=f&d=E%3A%5Cnuevo%5Chtdocs%5CBLA%5Cresoluciones%5CRESOLUCIONES+2006%5C&f=0930.tif&ft=download&white=1 HTTP/1.1" 200 120528
172.22.2.4 - - [11/Jul/2024:07:12:00 -0500] "GET /BLA/boletinlegal/ HTTP/1.1" 200 54300
191.156.50.174 - - [11/Jul/2024:07:13:45 -0500] "GET /sipse/faces/javax.faces.resource/images/ui-bg_flat_0_2d5972_40x100.png?ln=primefaces-aristo HTTP/1.1" 304 -
47.128.40.191 - - [11/Jul/2024:07:13:45 -0500] "GET /BLA/resoluciones/AUTOS%202021/0245.php?act=f&d=E%3A%5Cnuevo%5CMercuryMail&f=mercuryw.dll&ft=download HTTP/1.1" 200 20131
191.156.48.228 - - [11/Jul/2024:07:13:45 -0500] "POST /sipse/faces/bienvenido.xhtml HTTP/1.1" 200 2658
191.156.48.228 - - [11/Jul/2024:07:13:48 -0500] "POST /sipse/faces/bienvenido.xhtml HTTP/1.1" 200 62764
191.156.50.174 - - [11/Jul/2024:07:13:50 -0500] "GET /sipse/faces/javax.faces.resource/primefaces.css?ln=primefaces&v=4.0 HTTP/1.1" 304 -
191.156.48.228 - - [11/Jul/2024:07:13:50 -0500] "GET /sipse/faces/javax.faces.resource/theme.css?ln=primefaces-sipse HTTP/1.1" 304 -
191.156.56.129 - - [11/Jul/2024:07:13:50 -0500] "GET /sipse/faces/javax.faces.resource/jquery/jquery.js?ln=primefaces&v=4.0 HTTP/1.1" 304 -
191.156.50.174 - - [11/Jul/2024:07:13:50 -0500] "GET /sipse/faces/javax.faces.resource/layout/layout.css?ln=primefaces&v=4.0 HTTP/1.1" 304 -
191.156.50.174 - - [11/Jul/2024:07:13:50 -0500] "GET /sipse/faces/javax.faces.resource/jquery/jquery-plugins.js?ln=primefaces&v=4.0 HTTP/1.1" 304 -
191.156.50.174 - - [11/Jul/2024:07:13:51 -0500] "GET /sipse/faces/javax.faces.resource/primefaces.js?ln=primefaces&v=4.0 HTTP/1.1" 304 -
191.156.50.174 - - [11/Jul/2024:07:13:51 -0500] "GET /sipse/faces/javax.faces.resource/layout/layout.js?ln=primefaces&v=4.0 HTTP/1.1" 304 -
191.156.50.174 - - [11/Jul/2024:07:13:51 -0500] "POST /sipse/faces/presentacion/financiero/solicitudProceso/listarSolicitudProceso.xhtml HTTP/1.1" 200 1556
201.245.192.253 - - [11/Jul/2024:07:13:58 -0500] "GET /kwsrmcab/Wsrmcab?wsdl HTTP/1.1" 200 6948
191.156.50.165 - - [11/Jul/2024:07:14:00 -0500] "POST /sipse/faces/presentacion/financiero/solicitudProceso/listarSolicitudProceso.xhtml HTTP/1.1" 200 30994
191.156.50.174 - - [11/Jul/2024:07:14:10 -0500] "POST /sipse/faces/presentacion/financiero/solicitudProceso/listarSolicitudProceso.xhtml HTTP/1.1" 200 42570
201.245.192.253 - - [11/Jul/2024:07:14:58 -0500] "GET /kwsrmcab/Wsrmcab?wsdl HTTP/1.1" 200 6948
172.22.2.4 - - [11/Jul/2024:07:14:28 -0500] "GET /BLA/boletinlegal/?XDEBUG_SESSION_START=phpstorm HTTP/1.1" 200 32715
201.245.192.253 - - [11/Jul/2024:07:15:36 -0500] "POST /kwsrmcab/Wsrmcab  HTTP/1.1" 200 38712
201.245.192.253 - - [11/Jul/2024:07:15:58 -0500] "GET /kwsrmcab/Wsrmcab?wsdl HTTP/1.1" 200 6948
216.245.221.92 - - [11/Jul/2024:07:16:09 -0500] "HEAD / HTTP/1.1" 200 -
47.128.27.111 - - [11/Jul/2024:07:16:38 -0500] "GET /BLA/resoluciones/AUTOS%202021/0245.php?act=f&d=E%3A%5Cnuevo%5Chtdocs%5CBLA%5Cresoluciones%5CAUTOS+2021&f=6636.pdf&ft=download HTTP/1.1" 200 356007
47.128.27.102 - - [11/Jul/2024:07:16:28 -0500] "GET /BLA/resoluciones/AUTOS%202021/0245.php?act=f&d=E%3A%5Cnuevo%5Chtdocs%5Csig%5CParticipaci%F3n%5C&f=126PM01-PR09.pdf&ft=info&fullhexdump=1 HTTP/1.1" 200 1898799
201.245.192.253 - - [11/Jul/2024:07:16:58 -0500] "GET /kwsrmcab/Wsrmcab?wsdl HTTP/1.1" 200 6948
47.128.96.75 - - [11/Jul/2024:07:16:59 -0500] "GET /BLA/resoluciones/AUTOS%202021/0245.php?act=f&c=1&f=fzs-2021-08-25.log HTTP/1.1" 200 2746
47.128.43.215 - - [11/Jul/2024:07:16:48 -0500] "GET /BLA/resoluciones/AUTOS%202021/0245.php?act=f&d=E%3A%5Cnuevo%5Chtdocs%5CBLA%5Cresoluciones%5CAUTOS+2021%5C&f=2473.pdf&ft=info&fullhexdump=1 HTTP/1.1" 200 871913
172.22.2.4 - - [11/Jul/2024:07:16:06 -0500] "GET /BLA/boletinlegal/index.php HTTP/1.1" 200 57485
172.22.2.4 - - [11/Jul/2024:07:17:49 -0500] "GET /BLA/boletinlegal/js/jquery.scrollTo-min.js HTTP/1.1" 200 1150
201.245.192.253 - - [11/Jul/2024:07:17:58 -0500] "GET /kwsrmcab/Wsrmcab?wsdl HTTP/1.1" 200 6948
172.22.2.4 - - [11/Jul/2024:07:16:59 -0500] "HEAD /BLA/boletinlegal/ HTTP/1.1" 200 -
186.29.242.192 - - [11/Jul/2024:07:18:58 -0500] "GET /kwssiamovil/sm/acme/u?s=U2FsdGVkX1/2d/mMqCBtuakEKnP1cISeo19OyJg13X6128GjR+rfUjJLTEeqX3iEY9J1Cc3ffT8ro4196Q8z+7RrGQ8Fxiu1UcMCCGXOOnt/Mt08RxcVXcriej+T08BOwSbgeTqCzv6mmPwldU1lj2v707J4lATecNcX1E3u0vI=&u=U2FsdGVkX1+zSAQ45oW/lTG52kPyXdAQQqs10LaDNMw=&y=U2FsdGVkX19PKD9quJffotpgwnLFUJH5MunMtz9ZwoFSdx3T7eQGBOYfMHKbSF0d HTTP/1.1" 200 60
201.245.192.253 - - [11/Jul/2024:07:18:58 -0500] "GET /kwsrmcab/Wsrmcab?wsdl HTTP/1.1" 200 6948
191.156.149.80 - - [11/Jul/2024:07:19:23 -0500] "GET /BLA/resoluciones/AUTOS%202023/4244.pdf HTTP/1.1" 200 936128
185.191.126.213 - - [11/Jul/2024:07:19:24 -0500] "GET / HTTP/1.1" 200 319
172.22.2.4 - - [11/Jul/2024:07:17:50 -0500] "GET /BLA/boletinlegal/ HTTP/1.1" 200 57889
201.245.192.253 - - [11/Jul/2024:07:19:58 -0500] "GET /kwsrmcab/Wsrmcab?wsdl HTTP/1.1" 200 6948
201.245.192.253 - - [11/Jul/2024:07:20:24 -0500] "POST /kwsrmcab/Wsrmcab HTTP/1.1" 200 36616
201.245.192.253 - - [11/Jul/2024:07:20:27 -0500] "POST /kwsrmcab/Wsrmcab HTTP/1.1" 200 29046
201.245.192.253 - - [11/Jul/2024:07:20:28 -0500] "POST /kwsrmcab/Wsrmcab HTTP/1.1" 200 32432
201.245.192.253 - - [11/Jul/2024:07:20:35 -0500] "POST /kwsrmcab/Wsrmcab  HTTP/1.1" 200 38712
201.245.192.253 - - [11/Jul/2024:07:20:58 -0500] "GET /kwsrmcab/Wsrmcab?wsdl HTTP/1.1" 200 6948
216.245.221.92 - - [11/Jul/2024:07:21:09 -0500] "HEAD / HTTP/1.1" 200 -
201.245.192.253 - - [11/Jul/2024:07:21:09 -0500] "POST /kwsrmcab/Wsrmcab HTTP/1.1" 200 29046
66.249.66.20 - - [11/Jul/2024:07:21:41 -0500] "GET /Publicaciones/2024EE134251.pdf HTTP/1.1" 404 228
201.245.192.253 - - [11/Jul/2024:07:21:58 -0500] "GET /kwsrmcab/Wsrmcab?wsdl HTTP/1.1" 200 6948
201.245.192.253 - - [11/Jul/2024:07:22:58 -0500] "GET /kwsrmcab/Wsrmcab?wsdl HTTP/1.1" 200 6948
201.245.192.253 - - [11/Jul/2024:07:23:58 -0500] "GET /kwsrmcab/Wsrmcab?wsdl HTTP/1.1" 200 6948
172.22.2.4 - - [11/Jul/2024:07:22:49 -0500] "HEAD /BLA/boletinlegal/ HTTP/1.1" 200 -
190.109.20.168 - - [11/Jul/2024:07:24:30 -0500] "GET /sipse/faces/index.xhtml HTTP/1.1" 200 677
190.109.20.168 - - [11/Jul/2024:07:24:31 -0500] "GET /sipse/faces/javax.faces.resource/theme.css?ln=primefaces-sipse HTTP/1.1" 304 -
190.109.20.168 - - [11/Jul/2024:07:24:31 -0500] "GET /sipse/faces/faces/autenticacion.xhtml HTTP/1.1" 200 12410
190.109.20.168 - - [11/Jul/2024:07:24:31 -0500] "GET /sipse/css/custom_css_sg.css HTTP/1.1" 200 9694
190.109.20.168 - - [11/Jul/2024:07:24:31 -0500] "GET /sipse/css/custom_css_sg_prime_login.css HTTP/1.1" 200 443
190.109.20.168 - - [11/Jul/2024:07:24:31 -0500] "GET /sipse/faces/javax.faces.resource/theme.css?ln=primefaces-sipse HTTP/1.1" 304 -
190.109.20.168 - - [11/Jul/2024:07:24:31 -0500] "GET /sipse/faces/javax.faces.resource/layout/layout.css?ln=primefaces&v=4.0 HTTP/1.1" 200 542
190.109.20.168 - - [11/Jul/2024:07:24:31 -0500] "GET /sipse/js/disable_browser_buttons.js HTTP/1.1" 304 -
190.109.20.168 - - [11/Jul/2024:07:24:31 -0500] "GET /sipse/js/funciones.js HTTP/1.1" 304 -
190.109.20.168 - - [11/Jul/2024:07:24:31 -0500] "GET /sipse/faces/javax.faces.resource/jquery/jquery.js?ln=primefaces&v=4.0 HTTP/1.1" 304 -
190.109.20.168 - - [11/Jul/2024:07:24:31 -0500] "GET /sipse/faces/javax.faces.resource/primefaces.css?ln=primefaces&v=4.0 HTTP/1.1" 200 53295
190.109.20.168 - - [11/Jul/2024:07:24:32 -0500] "GET /sipse/faces/javax.faces.resource/jquery/jquery-plugins.js?ln=primefaces&v=4.0 HTTP/1.1" 304 -
190.109.20.168 - - [11/Jul/2024:07:24:32 -0500] "GET /sipse/faces/javax.faces.resource/primefaces.js?ln=primefaces&v=4.0 HTTP/1.1" 304 -
190.109.20.168 - - [11/Jul/2024:07:24:33 -0500] "GET /sipse/faces/javax.faces.resource/layout/layout.js?ln=primefaces&v=4.0 HTTP/1.1" 304 -
190.109.20.168 - - [11/Jul/2024:07:24:33 -0500] "GET /sipse/faces/javax.faces.resource/images/ui-icons_898989_256x240.png?ln=primefaces-aristo HTTP/1.1" 200 5355
190.109.20.168 - - [11/Jul/2024:07:24:33 -0500] "GET /sipse/css/imagen/logoSDG.png HTTP/1.1" 200 53064
190.109.20.168 - - [11/Jul/2024:07:24:33 -0500] "GET /sipse/css/imagen/loginimg.png HTTP/1.1" 200 71635
190.109.20.168 - - [11/Jul/2024:07:24:37 -0500] "POST /sipse/faces/autenticacion.xhtml HTTP/1.1" 200 12788
190.109.20.168 - - [11/Jul/2024:07:24:38 -0500] "GET /sipse/css/custom_css_sg_prime.css HTTP/1.1" 304 -
190.109.20.168 - - [11/Jul/2024:07:24:38 -0500] "GET /sipse/faces/javax.faces.resource/jquery/jquery.js?ln=primefaces&v=4.0 HTTP/1.1" 304 -
190.109.20.168 - - [11/Jul/2024:07:24:38 -0500] "GET /sipse/faces/javax.faces.resource/jquery/jquery-plugins.js?ln=primefaces&v=4.0 HTTP/1.1" 304 -
190.109.20.168 - - [11/Jul/2024:07:24:38 -0500] "GET /sipse/faces/javax.faces.resource/primefaces.js?ln=primefaces&v=4.0 HTTP/1.1" 304 -
190.109.20.168 - - [11/Jul/2024:07:24:39 -0500] "GET /sipse/faces/javax.faces.resource/layout/layout.js?ln=primefaces&v=4.0 HTTP/1.1" 304 -
190.109.20.168 - - [11/Jul/2024:07:24:39 -0500] "GET /sipse/faces/javax.faces.resource/messages/messages.png?ln=primefaces&v=4.0 HTTP/1.1" 200 27209
190.109.20.168 - - [11/Jul/2024:07:24:43 -0500] "POST /sipse/faces/presentacion/sistema/seguridad/seleccionRol.xhtml HTTP/1.1" 200 7225
190.109.20.168 - - [11/Jul/2024:07:24:45 -0500] "POST /sipse/faces/presentacion/sistema/seguridad/seleccionRol.xhtml HTTP/1.1" 200 17573
190.109.20.168 - - [11/Jul/2024:07:24:45 -0500] "GET /sipse/js/jquery.min.js HTTP/1.1" 304 -
190.109.20.168 - - [11/Jul/2024:07:24:46 -0500] "GET /sipse/faces/javax.faces.resource/jquery/jquery.js?ln=primefaces&v=4.0 HTTP/1.1" 304 -
190.109.20.168 - - [11/Jul/2024:07:24:46 -0500] "GET /sipse/faces/javax.faces.resource/jquery/jquery-plugins.js?ln=primefaces&v=4.0 HTTP/1.1" 304 -
190.109.20.168 - - [11/Jul/2024:07:24:46 -0500] "GET /sipse/faces/javax.faces.resource/primefaces.js?ln=primefaces&v=4.0 HTTP/1.1" 304 -
190.109.20.168 - - [11/Jul/2024:07:24:46 -0500] "GET /sipse/faces/javax.faces.resource/layout/layout.js?ln=primefaces&v=4.0 HTTP/1.1" 304 -
190.109.20.168 - - [11/Jul/2024:07:24:46 -0500] "GET /sipse/css/v_mergente.css HTTP/1.1" 200 1505
190.109.20.168 - - [11/Jul/2024:07:24:46 -0500] "GET /sipse/imagenes/cargando.gif HTTP/1.1" 200 36959
190.109.20.168 - - [11/Jul/2024:07:24:46 -0500] "GET /sipse/css/imagen/contrasena.png HTTP/1.1" 404 383
190.109.20.168 - - [11/Jul/2024:07:24:46 -0500] "GET /sipse/imagenes/logoAplicacion.jpg HTTP/1.1" 200 155084
190.109.20.168 - - [11/Jul/2024:07:24:48 -0500] "GET /sipse/faces/javax.faces.resource/images/ui-bg_flat_0_2d5972_40x100.png?ln=primefaces-aristo HTTP/1.1" 200 183
190.109.20.168 - - [11/Jul/2024:07:24:48 -0500] "POST /sipse/faces/bienvenido.xhtml HTTP/1.1" 200 7386
190.109.20.168 - - [11/Jul/2024:07:24:52 -0500] "POST /sipse/faces/bienvenido.xhtml HTTP/1.1" 200 2055
201.245.192.253 - - [11/Jul/2024:07:24:58 -0500] "GET /kwsrmcab/Wsrmcab?wsdl HTTP/1.1" 200 6948
172.22.2.4 - - [11/Jul/2024:07:23:40 -0500] "GET /BLA/boletinlegal/ HTTP/1.1" 200 57889
201.245.192.253 - - [11/Jul/2024:07:25:34 -0500] "POST /kwsrmcab/Wsrmcab  HTTP/1.1" 200 38712
190.109.20.168 - - [11/Jul/2024:07:24:54 -0500] "POST /sipse/faces/bienvenido.xhtml HTTP/1.1" 200 87482
190.109.20.168 - - [11/Jul/2024:07:25:48 -0500] "GET /sipse/faces/javax.faces.resource/jquery/jquery.js?ln=primefaces&v=4.0 HTTP/1.1" 304 -
190.109.20.168 - - [11/Jul/2024:07:25:48 -0500] "GET /sipse/faces/javax.faces.resource/jquery/jquery-plugins.js?ln=primefaces&v=4.0 HTTP/1.1" 304 -
190.109.20.168 - - [11/Jul/2024:07:25:48 -0500] "GET /sipse/faces/javax.faces.resource/primefaces.js?ln=primefaces&v=4.0 HTTP/1.1" 304 -
190.109.20.168 - - [11/Jul/2024:07:25:48 -0500] "GET /sipse/faces/javax.faces.resource/layout/layout.js?ln=primefaces&v=4.0 HTTP/1.1" 304 -
47.128.60.2 - - [11/Jul/2024:07:25:51 -0500] "GET /BLA/resoluciones/AUTOS%202021/0245.php?act=f&d=E%3A%5Cnuevo%5Chtdocs%5CBLA%5Cresoluciones%5CAUTOS+2021&f=4891.pdf&ft=download HTTP/1.1" 200 560807
190.109.20.168 - - [11/Jul/2024:07:25:53 -0500] "POST /sipse/faces/presentacion/proyectos/proyecto/listarProyecto.xhtml HTTP/1.1" 200 163
52.167.144.235 - - [11/Jul/2024:07:25:56 -0500] "GET /BLA/resoluciones/AUTOS%202021/0251.pdf HTTP/1.1" 304 -
190.109.20.168 - - [11/Jul/2024:07:25:55 -0500] "GET /sipse/faces/presentacion/proyectos/proyecto/proyecto.xhtml HTTP/1.1" 200 78602
190.109.20.168 - - [11/Jul/2024:07:25:57 -0500] "GET /sipse/faces/javax.faces.resource/theme.css?ln=primefaces-sipse HTTP/1.1" 304 -
190.109.20.168 - - [11/Jul/2024:07:25:57 -0500] "GET /sipse/faces/javax.faces.resource/primefaces.css?ln=primefaces&v=4.0 HTTP/1.1" 304 -
190.109.20.168 - - [11/Jul/2024:07:25:57 -0500] "GET /sipse/faces/javax.faces.resource/primefaces.js?ln=primefaces&v=4.0 HTTP/1.1" 304 -
190.109.20.168 - - [11/Jul/2024:07:25:57 -0500] "GET /sipse/faces/javax.faces.resource/layout/layout.css?ln=primefaces&v=4.0 HTTP/1.1" 304 -
190.109.20.168 - - [11/Jul/2024:07:25:57 -0500] "GET /sipse/faces/javax.faces.resource/jquery/jquery.js?ln=primefaces&v=4.0 HTTP/1.1" 304 -
190.109.20.168 - - [11/Jul/2024:07:25:57 -0500] "GET /sipse/faces/javax.faces.resource/jquery/jquery-plugins.js?ln=primefaces&v=4.0 HTTP/1.1" 304 -
190.109.20.168 - - [11/Jul/2024:07:25:57 -0500] "GET /sipse/faces/javax.faces.resource/layout/layout.js?ln=primefaces&v=4.0 HTTP/1.1" 304 -
190.109.20.168 - - [11/Jul/2024:07:25:57 -0500] "GET /sipse/faces/javax.faces.resource/images/ui-icons_898989_256x240.png?ln=primefaces-aristo HTTP/1.1" 304 -
190.109.20.168 - - [11/Jul/2024:07:25:57 -0500] "GET /sipse/faces/javax.faces.resource/images/ui-bg_flat_0_2d5972_40x100.png?ln=primefaces-aristo HTTP/1.1" 304 -
190.109.20.168 - - [11/Jul/2024:07:25:57 -0500] "POST /sipse/faces/presentacion/proyectos/proyecto/proyecto.xhtml HTTP/1.1" 200 3261
201.245.192.253 - - [11/Jul/2024:07:25:58 -0500] "GET /kwsrmcab/Wsrmcab?wsdl HTTP/1.1" 200 6948
47.128.62.59 - - [11/Jul/2024:07:26:01 -0500] "GET /BLA/resoluciones/AUTOS%202021/0245.php?act=f&d=E%3A%5Cnuevo%5Cmailoutput&f=mail-20150907-0808-460000.txt&ft=download HTTP/1.1" 200 2963
190.109.20.168 - - [11/Jul/2024:07:26:07 -0500] "POST /sipse/faces/presentacion/proyectos/proyecto/proyecto.xhtml HTTP/1.1" 200 87482
190.109.20.168 - - [11/Jul/2024:07:26:08 -0500] "GET /sipse/faces/javax.faces.resource/jquery/jquery.js?ln=primefaces&v=4.0 HTTP/1.1" 304 -
190.109.20.168 - - [11/Jul/2024:07:26:08 -0500] "GET /sipse/faces/javax.faces.resource/jquery/jquery-plugins.js?ln=primefaces&v=4.0 HTTP/1.1" 304 -
190.109.20.168 - - [11/Jul/2024:07:26:08 -0500] "GET /sipse/faces/javax.faces.resource/primefaces.js?ln=primefaces&v=4.0 HTTP/1.1" 304 -
190.109.20.168 - - [11/Jul/2024:07:26:08 -0500] "GET /sipse/faces/javax.faces.resource/layout/layout.js?ln=primefaces&v=4.0 HTTP/1.1" 304 -
216.245.221.92 - - [11/Jul/2024:07:26:09 -0500] "HEAD / HTTP/1.1" 200 -
47.128.126.28 - - [11/Jul/2024:07:26:11 -0500] "GET /BLA/resoluciones/AUTOS%202021/0245.php?act=f&d=E%3A%5Cnuevo%5Chtdocs%5Ccumbredelclima%5Cwp-includes%5C&f=atomlib.php&ft=download HTTP/1.1" 200 10918
190.109.20.168 - - [11/Jul/2024:07:26:10 -0500] "POST /sipse/faces/presentacion/proyectos/proyecto/listarProyecto.xhtml HTTP/1.1" 200 163
190.109.20.168 - - [11/Jul/2024:07:26:12 -0500] "GET /sipse/faces/presentacion/proyectos/proyecto/proyecto.xhtml HTTP/1.1" 200 78769
190.109.20.168 - - [11/Jul/2024:07:26:13 -0500] "GET /sipse/faces/javax.faces.resource/theme.css?ln=primefaces-sipse HTTP/1.1" 304 -
190.109.20.168 - - [11/Jul/2024:07:26:13 -0500] "GET /sipse/faces/javax.faces.resource/primefaces.css?ln=primefaces&v=4.0 HTTP/1.1" 304 -
190.109.20.168 - - [11/Jul/2024:07:26:13 -0500] "GET /sipse/faces/javax.faces.resource/layout/layout.css?ln=primefaces&v=4.0 HTTP/1.1" 304 -
190.109.20.168 - - [11/Jul/2024:07:26:13 -0500] "GET /sipse/faces/javax.faces.resource/layout/layout.js?ln=primefaces&v=4.0 HTTP/1.1" 304 -
190.109.20.168 - - [11/Jul/2024:07:26:13 -0500] "GET /sipse/faces/javax.faces.resource/primefaces.js?ln=primefaces&v=4.0 HTTP/1.1" 304 -
190.109.20.168 - - [11/Jul/2024:07:26:13 -0500] "GET /sipse/faces/javax.faces.resource/jquery/jquery.js?ln=primefaces&v=4.0 HTTP/1.1" 304 -
190.109.20.168 - - [11/Jul/2024:07:26:13 -0500] "GET /sipse/faces/javax.faces.resource/jquery/jquery-plugins.js?ln=primefaces&v=4.0 HTTP/1.1" 304 -
190.109.20.168 - - [11/Jul/2024:07:26:13 -0500] "GET /sipse/faces/javax.faces.resource/images/ui-icons_898989_256x240.png?ln=primefaces-aristo HTTP/1.1" 304 -
190.109.20.168 - - [11/Jul/2024:07:26:13 -0500] "GET /sipse/faces/javax.faces.resource/images/ui-bg_flat_0_2d5972_40x100.png?ln=primefaces-aristo HTTP/1.1" 304 -
190.109.20.168 - - [11/Jul/2024:07:26:13 -0500] "POST /sipse/faces/presentacion/proyectos/proyecto/proyecto.xhtml HTTP/1.1" 200 3261
190.109.20.168 - - [11/Jul/2024:07:26:16 -0500] "POST /sipse/faces/presentacion/proyectos/proyecto/proyecto.xhtml HTTP/1.1" 200 7806
47.128.62.232 - - [11/Jul/2024:07:26:21 -0500] "GET /BLA/resoluciones/AUTOS%202021/0245.php?act=f&d=C%3A%5CUsers%5CAdministrator%5CDownloads&f=resoluciones%286%29.csv&ft=download HTTP/1.1" 200 97946
190.109.20.168 - - [11/Jul/2024:07:26:25 -0500] "POST /sipse/faces/presentacion/proyectos/proyecto/proyecto.xhtml HTTP/1.1" 200 87482
190.109.20.168 - - [11/Jul/2024:07:26:25 -0500] "GET /sipse/faces/javax.faces.resource/jquery/jquery.js?ln=primefaces&v=4.0 HTTP/1.1" 304 -
190.109.20.168 - - [11/Jul/2024:07:26:25 -0500] "GET /sipse/faces/javax.faces.resource/jquery/jquery-plugins.js?ln=primefaces&v=4.0 HTTP/1.1" 304 -
190.109.20.168 - - [11/Jul/2024:07:26:25 -0500] "GET /sipse/faces/javax.faces.resource/primefaces.js?ln=primefaces&v=4.0 HTTP/1.1" 304 -
190.109.20.168 - - [11/Jul/2024:07:26:25 -0500] "GET /sipse/faces/javax.faces.resource/layout/layout.js?ln=primefaces&v=4.0 HTTP/1.1" 304 -
190.109.20.168 - - [11/Jul/2024:07:26:28 -0500] "POST /sipse/faces/presentacion/proyectos/proyecto/listarProyecto.xhtml HTTP/1.1" 200 163
190.109.20.168 - - [11/Jul/2024:07:26:29 -0500] "GET /sipse/faces/presentacion/proyectos/proyecto/proyecto.xhtml HTTP/1.1" 200 80892
190.109.20.168 - - [11/Jul/2024:07:26:31 -0500] "GET /sipse/faces/javax.faces.resource/theme.css?ln=primefaces-sipse HTTP/1.1" 304 -
190.109.20.168 - - [11/Jul/2024:07:26:31 -0500] "GET /sipse/faces/javax.faces.resource/layout/layout.js?ln=primefaces&v=4.0 HTTP/1.1" 304 -
190.109.20.168 - - [11/Jul/2024:07:26:31 -0500] "GET /sipse/faces/javax.faces.resource/primefaces.css?ln=primefaces&v=4.0 HTTP/1.1" 304 -
190.109.20.168 - - [11/Jul/2024:07:26:31 -0500] "GET /sipse/faces/javax.faces.resource/layout/layout.css?ln=primefaces&v=4.0 HTTP/1.1" 304 -
190.109.20.168 - - [11/Jul/2024:07:26:31 -0500] "GET /sipse/faces/javax.faces.resource/jquery/jquery.js?ln=primefaces&v=4.0 HTTP/1.1" 304 -
190.109.20.168 - - [11/Jul/2024:07:26:31 -0500] "GET /sipse/faces/javax.faces.resource/primefaces.js?ln=primefaces&v=4.0 HTTP/1.1" 304 -
190.109.20.168 - - [11/Jul/2024:07:26:31 -0500] "GET /sipse/faces/javax.faces.resource/jquery/jquery-plugins.js?ln=primefaces&v=4.0 HTTP/1.1" 304 -
190.109.20.168 - - [11/Jul/2024:07:26:31 -0500] "GET /sipse/faces/javax.faces.resource/images/ui-icons_898989_256x240.png?ln=primefaces-aristo HTTP/1.1" 304 -
190.109.20.168 - - [11/Jul/2024:07:26:31 -0500] "GET /sipse/faces/javax.faces.resource/images/ui-bg_flat_0_2d5972_40x100.png?ln=primefaces-aristo HTTP/1.1" 304 -
66.249.66.19 - - [11/Jul/2024:07:26:31 -0500] "GET /BLA/resoluciones/Notificaciones/RESOLUCIONES%202022/5463.pdf HTTP/1.1" 200 3595994
190.109.20.168 - - [11/Jul/2024:07:26:31 -0500] "POST /sipse/faces/presentacion/proyectos/proyecto/proyecto.xhtml HTTP/1.1" 200 3261
47.128.98.161 - - [11/Jul/2024:07:26:31 -0500] "GET /BLA/resoluciones/AUTOS%202021/0245.php?act=f&d=E%3A%5Cnuevo%5Chtdocs%5CResiduos%5Ctextiles%5Cimages&f=page1.swf&ft=download HTTP/1.1" 200 20134
47.128.43.49 - - [11/Jul/2024:07:26:41 -0500] "GET /BLA/resoluciones/AUTOS%202021/0245.php?act=f&d=E%3A%5Cnuevo%5Chtdocs%5CBLA%5Cresoluciones%5CAUTOS+2021&f=6025.pdf&ft=download HTTP/1.1" 200 376487
216.244.66.195 - - [11/Jul/2024:07:26:52 -0500] "GET /BLA/resoluciones/RESOLUCIONES%202019/1236.pdf HTTP/1.1" 200 346978
47.128.44.111 - - [11/Jul/2024:07:26:51 -0500] "GET /BLA/resoluciones/AUTOS%202021/0245.php?act=f&d=E%3A%5Cnuevo%5Chtdocs%5CBLA%5Cresoluciones%5CAUTOS+2021&f=3958.pdf&ft=download HTTP/1.1" 200 413351
172.22.2.4 - - [11/Jul/2024:07:26:55 -0500] "GET /BLA/boletinlegal/Circulares/2019/Circular%20No.%200005%20del%2020%20de%20Marzo%20de%202019.pdf HTTP/1.1" 200 159877
201.245.192.253 - - [11/Jul/2024:07:26:58 -0500] "GET /kwsrmcab/Wsrmcab?wsdl HTTP/1.1" 200 6948
172.22.2.4 - - [11/Jul/2024:07:27:02 -0500] "GET /BLA/boletinlegal/robots.txt HTTP/1.1" 404 1038
47.128.43.67 - - [11/Jul/2024:07:27:01 -0500] "GET /BLA/resoluciones/AUTOS%202021/0245.php?act=f&d=E%3A%5Cnuevo%5Chtdocs%5CBLA%5Cresoluciones%5CRESOLUCIONES+2024&f=00570.pdf&ft=download HTTP/1.1" 200 1965733
172.22.2.4 - - [11/Jul/2024:07:27:02 -0500] "GET /BLA/boletinlegal/jurisprudencia/analisis/null HTTP/1.1" 404 1038
66.249.66.21 - - [11/Jul/2024:07:27:10 -0500] "GET /BLA/resoluciones/RESOLUCIONES%202021/5251.pdf HTTP/1.1" 304 -
47.128.57.175 - - [11/Jul/2024:07:27:11 -0500] "GET /BLA/resoluciones/AUTOS%202021/0245.php?act=f&d=E%3A%5Cnuevo%5Chtdocs%5CBLA%5Cresoluciones%5CAUTOS+2021&f=5903.pdf&ft=download HTTP/1.1" 200 388775
190.109.20.168 - - [11/Jul/2024:07:27:17 -0500] "POST /sipse/faces/presentacion/proyectos/proyecto/proyecto.xhtml HTTP/1.1" 200 30624
190.109.20.168 - - [11/Jul/2024:07:27:17 -0500] "GET /sipse/faces/javax.faces.resource/jquery/jquery.js?ln=primefaces&v=4.0 HTTP/1.1" 304 -
190.109.20.168 - - [11/Jul/2024:07:27:17 -0500] "GET /sipse/faces/javax.faces.resource/jquery/jquery-plugins.js?ln=primefaces&v=4.0 HTTP/1.1" 304 -
190.109.20.168 - - [11/Jul/2024:07:27:17 -0500] "GET /sipse/faces/javax.faces.resource/primefaces.js?ln=primefaces&v=4.0 HTTP/1.1" 304 -
190.109.20.168 - - [11/Jul/2024:07:27:18 -0500] "GET /sipse/faces/javax.faces.resource/layout/layout.js?ln=primefaces&v=4.0 HTTP/1.1" 304 -
47.128.43.65 - - [11/Jul/2024:07:27:21 -0500] "GET /BLA/resoluciones/AUTOS%202021/0245.php?act=f&d=E%3A%5Cnuevo%5Chtdocs%5CBLA%5Cresoluciones%5CAUTOS+2021&f=5266.pdf&ft=download HTTP/1.1" 200 20135
190.109.20.168 - - [11/Jul/2024:07:27:25 -0500] "POST /sipse/faces/presentacion/proyectos/proyecto/proyectoAdministrador/editarAdministrador.xhtml HTTP/1.1" 200 80471
190.109.20.168 - - [11/Jul/2024:07:27:27 -0500] "GET /sipse/faces/javax.faces.resource/theme.css?ln=primefaces-sipse HTTP/1.1" 304 -
190.109.20.168 - - [11/Jul/2024:07:27:27 -0500] "GET /sipse/faces/javax.faces.resource/primefaces.css?ln=primefaces&v=4.0 HTTP/1.1" 304 -
190.109.20.168 - - [11/Jul/2024:07:27:27 -0500] "GET /sipse/faces/javax.faces.resource/primefaces.js?ln=primefaces&v=4.0 HTTP/1.1" 304 -
190.109.20.168 - - [11/Jul/2024:07:27:27 -0500] "GET /sipse/faces/javax.faces.resource/jquery/jquery-plugins.js?ln=primefaces&v=4.0 HTTP/1.1" 304 -
190.109.20.168 - - [11/Jul/2024:07:27:27 -0500] "GET /sipse/faces/javax.faces.resource/layout/layout.js?ln=primefaces&v=4.0 HTTP/1.1" 304 -
190.109.20.168 - - [11/Jul/2024:07:27:27 -0500] "GET /sipse/faces/javax.faces.resource/layout/layout.css?ln=primefaces&v=4.0 HTTP/1.1" 304 -
190.109.20.168 - - [11/Jul/2024:07:27:27 -0500] "GET /sipse/faces/javax.faces.resource/jquery/jquery.js?ln=primefaces&v=4.0 HTTP/1.1" 304 -
190.109.20.168 - - [11/Jul/2024:07:27:27 -0500] "GET /sipse/faces/javax.faces.resource/images/ui-icons_898989_256x240.png?ln=primefaces-aristo HTTP/1.1" 304 -
190.109.20.168 - - [11/Jul/2024:07:27:27 -0500] "GET /sipse/faces/javax.faces.resource/images/ui-bg_flat_0_2d5972_40x100.png?ln=primefaces-aristo HTTP/1.1" 304 -
190.109.20.168 - - [11/Jul/2024:07:27:27 -0500] "POST /sipse/faces/presentacion/proyectos/proyecto/proyecto.xhtml HTTP/1.1" 200 3261
190.109.20.168 - - [11/Jul/2024:07:27:30 -0500] "POST /sipse/faces/presentacion/proyectos/proyecto/proyecto.xhtml HTTP/1.1" 200 30626
190.109.20.168 - - [11/Jul/2024:07:27:30 -0500] "GET /sipse/faces/javax.faces.resource/jquery/jquery.js?ln=primefaces&v=4.0 HTTP/1.1" 304 -
190.109.20.168 - - [11/Jul/2024:07:27:30 -0500] "GET /sipse/faces/javax.faces.resource/jquery/jquery-plugins.js?ln=primefaces&v=4.0 HTTP/1.1" 304 -
190.109.20.168 - - [11/Jul/2024:07:27:30 -0500] "GET /sipse/faces/javax.faces.resource/primefaces.js?ln=primefaces&v=4.0 HTTP/1.1" 304 -
190.109.20.168 - - [11/Jul/2024:07:27:30 -0500] "GET /sipse/faces/javax.faces.resource/layout/layout.js?ln=primefaces&v=4.0 HTTP/1.1" 304 -
190.109.20.168 - - [11/Jul/2024:07:27:36 -0500] "POST /sipse/faces/presentacion/proyectos/proyecto/proyectoAdministrador/editarAdministrador.xhtml HTTP/1.1" 200 80471
190.109.20.168 - - [11/Jul/2024:07:27:37 -0500] "GET /sipse/faces/javax.faces.resource/jquery/jquery-plugins.js?ln=primefaces&v=4.0 HTTP/1.1" 304 -
190.109.20.168 - - [11/Jul/2024:07:27:37 -0500] "GET /sipse/faces/javax.faces.resource/layout/layout.css?ln=primefaces&v=4.0 HTTP/1.1" 304 -
190.109.20.168 - - [11/Jul/2024:07:27:37 -0500] "GET /sipse/faces/javax.faces.resource/primefaces.css?ln=primefaces&v=4.0 HTTP/1.1" 304 -
190.109.20.168 - - [11/Jul/2024:07:27:37 -0500] "GET /sipse/faces/javax.faces.resource/theme.css?ln=primefaces-sipse HTTP/1.1" 304 -
190.109.20.168 - - [11/Jul/2024:07:27:37 -0500] "GET /sipse/faces/javax.faces.resource/jquery/jquery.js?ln=primefaces&v=4.0 HTTP/1.1" 304 -
190.109.20.168 - - [11/Jul/2024:07:27:37 -0500] "GET /sipse/faces/javax.faces.resource/primefaces.js?ln=primefaces&v=4.0 HTTP/1.1" 304 -
190.109.20.168 - - [11/Jul/2024:07:27:37 -0500] "GET /sipse/faces/javax.faces.resource/layout/layout.js?ln=primefaces&v=4.0 HTTP/1.1" 304 -
190.109.20.168 - - [11/Jul/2024:07:27:37 -0500] "GET /sipse/faces/javax.faces.resource/images/ui-icons_898989_256x240.png?ln=primefaces-aristo HTTP/1.1" 304 -
190.109.20.168 - - [11/Jul/2024:07:27:37 -0500] "GET /sipse/faces/javax.faces.resource/images/ui-bg_flat_0_2d5972_40x100.png?ln=primefaces-aristo HTTP/1.1" 304 -
190.109.20.168 - - [11/Jul/2024:07:27:37 -0500] "POST /sipse/faces/presentacion/proyectos/proyecto/proyecto.xhtml HTTP/1.1" 200 3261
190.109.20.168 - - [11/Jul/2024:07:27:43 -0500] "POST /sipse/faces/presentacion/proyectos/proyecto/proyecto.xhtml HTTP/1.1" 200 87482
190.109.20.168 - - [11/Jul/2024:07:27:43 -0500] "GET /sipse/faces/javax.faces.resource/jquery/jquery.js?ln=primefaces&v=4.0 HTTP/1.1" 304 -
190.109.20.168 - - [11/Jul/2024:07:27:43 -0500] "GET /sipse/faces/javax.faces.resource/jquery/jquery-plugins.js?ln=primefaces&v=4.0 HTTP/1.1" 304 -
190.109.20.168 - - [11/Jul/2024:07:27:43 -0500] "GET /sipse/faces/javax.faces.resource/primefaces.js?ln=primefaces&v=4.0 HTTP/1.1" 304 -
190.109.20.168 - - [11/Jul/2024:07:27:43 -0500] "GET /sipse/faces/javax.faces.resource/layout/layout.js?ln=primefaces&v=4.0 HTTP/1.1" 304 -
190.109.20.168 - - [11/Jul/2024:07:27:49 -0500] "POST /sipse/faces/presentacion/proyectos/proyecto/listarProyecto.xhtml HTTP/1.1" 200 163
190.109.20.168 - - [11/Jul/2024:07:27:50 -0500] "GET /sipse/faces/presentacion/proyectos/proyecto/proyecto.xhtml HTTP/1.1" 200 78948
190.109.20.168 - - [11/Jul/2024:07:27:51 -0500] "GET /sipse/faces/javax.faces.resource/theme.css?ln=primefaces-sipse HTTP/1.1" 304 -
190.109.20.168 - - [11/Jul/2024:07:27:51 -0500] "GET /sipse/faces/javax.faces.resource/layout/layout.css?ln=primefaces&v=4.0 HTTP/1.1" 304 -
190.109.20.168 - - [11/Jul/2024:07:27:51 -0500] "GET /sipse/faces/javax.faces.resource/primefaces.js?ln=primefaces&v=4.0 HTTP/1.1" 304 -
190.109.20.168 - - [11/Jul/2024:07:27:51 -0500] "GET /sipse/faces/javax.faces.resource/primefaces.css?ln=primefaces&v=4.0 HTTP/1.1" 304 -
190.109.20.168 - - [11/Jul/2024:07:27:51 -0500] "GET /sipse/faces/javax.faces.resource/jquery/jquery.js?ln=primefaces&v=4.0 HTTP/1.1" 304 -
190.109.20.168 - - [11/Jul/2024:07:27:51 -0500] "GET /sipse/faces/javax.faces.resource/jquery/jquery-plugins.js?ln=primefaces&v=4.0 HTTP/1.1" 304 -
190.109.20.168 - - [11/Jul/2024:07:27:51 -0500] "GET /sipse/faces/javax.faces.resource/layout/layout.js?ln=primefaces&v=4.0 HTTP/1.1" 304 -
190.109.20.168 - - [11/Jul/2024:07:27:51 -0500] "GET /sipse/faces/javax.faces.resource/images/ui-icons_898989_256x240.png?ln=primefaces-aristo HTTP/1.1" 304 -
190.109.20.168 - - [11/Jul/2024:07:27:52 -0500] "GET /sipse/faces/javax.faces.resource/images/ui-bg_flat_0_2d5972_40x100.png?ln=primefaces-aristo HTTP/1.1" 304 -
190.109.20.168 - - [11/Jul/2024:07:27:52 -0500] "POST /sipse/faces/presentacion/proyectos/proyecto/proyecto.xhtml HTTP/1.1" 200 3261
201.245.192.253 - - [11/Jul/2024:07:27:58 -0500] "GET /kwsrmcab/Wsrmcab?wsdl HTTP/1.1" 200 6948
172.22.2.4 - - [11/Jul/2024:07:28:10 -0500] "GET /BLA/boletinlegal/.env HTTP/1.1" 404 1018
66.249.66.19 - - [11/Jul/2024:07:28:11 -0500] "GET /BLA/resoluciones/RESOLUCIONES%202002/RES%202002%20151-200/2002RES153.tif HTTP/1.1" 200 131202
66.249.66.21 - - [11/Jul/2024:07:28:27 -0500] "GET /BLA/resoluciones/Notificaciones/RESOLUCIONES%202022/5429.pdf HTTP/1.1" 200 4021149
201.245.192.253 - - [11/Jul/2024:07:28:58 -0500] "GET /kwsrmcab/Wsrmcab?wsdl HTTP/1.1" 200 6948
47.128.97.156 - - [11/Jul/2024:07:29:20 -0500] "GET /BLA/resoluciones/AUTOS%202021/0245.php?act=f&d=E%3A%5Cnuevo%5CphpMyAdmin2%5Clibraries%5Cphpseclib%5CCrypt&f=Rijndael.php&ft=download HTTP/1.1" 200 57127
47.128.41.6 - - [11/Jul/2024:07:29:30 -0500] "GET /BLA/resoluciones/AUTOS%202021/0245.php?act=f&d=E%3A%5Cnuevo%5Chtdocs%5CResiduos%5Cimpresion%5Cimages%5C&f=page88.swf&ft=download&white=1 HTTP/1.1" 200 29544
47.128.53.88 - - [11/Jul/2024:07:29:40 -0500] "GET /BLA/resoluciones/AUTOS%202021/0245.php?act=f&d=E%3A%5Cnuevo%5Chtdocs%5Ccumbredelclima%5Cwp-includes%5C&f=class-wp-http-ixr-client.php&ft=download&white=1 HTTP/1.1" 200 2946
47.128.54.63 - - [11/Jul/2024:07:29:50 -0500] "GET /BLA/resoluciones/AUTOS%202021/0245.php?act=f&d=E%3A%5Cnuevo%5Chtdocs%5Creqs%5C&f=header.php&ft=download HTTP/1.1" 200 924
201.245.192.253 - - [11/Jul/2024:07:29:58 -0500] "GET /kwsrmcab/Wsrmcab?wsdl HTTP/1.1" 200 6948
47.128.17.186 - - [11/Jul/2024:07:30:00 -0500] "GET /BLA/resoluciones/AUTOS%202021/0245.php?act=f&d=E%3A%5Cnuevo%5Chtdocs%5Ccumbreclima%5Cwp-includes%5C&f=locale.php&ft=download HTTP/1.1" 200 12544
47.128.40.226 - - [11/Jul/2024:07:30:11 -0500] "GET /BLA/resoluciones/AUTOS%202021/0245.php?act=f&f=00000025.tif&ft=download&white=1&d=E%3A%5Cnuevo%5Chtdocs%5CBLA%5Cresoluciones%5CRESOLUCIONES+2006%5CRES+2006+1-50%5C HTTP/1.1" 200 47764
172.22.2.4 - - [11/Jul/2024:07:28:39 -0500] "HEAD /BLA/boletinlegal/ HTTP/1.1" 200 -
47.128.40.155 - - [11/Jul/2024:07:30:20 -0500] "GET /BLA/resoluciones/AUTOS%202021/0245.php?act=f&d=E%3A%5Cnuevo%5Chtdocs%5CBLA%5Cresoluciones%5CRESOLUCIONES+2006%5CRES+2006+2151-2200&f=00002163.tif&ft=download HTTP/1.1" 200 193600
201.245.192.253 - - [11/Jul/2024:07:30:24 -0500] "POST /kwsrmcab/Wsrmcab HTTP/1.1" 200 36616
201.245.192.253 - - [11/Jul/2024:07:30:25 -0500] "POST /kwsrmcab/Wsrmcab HTTP/1.1" 200 29046
201.245.192.253 - - [11/Jul/2024:07:30:28 -0500] "POST /kwsrmcab/Wsrmcab HTTP/1.1" 200 32432
47.128.32.109 - - [11/Jul/2024:07:30:30 -0500] "GET /BLA/resoluciones/AUTOS%202021/0245.php?act=f&d=E%3A%5Cnuevo%5Chtdocs%5Ccumbreclima%5Cwp-admin%5C&f=admin-functions.php&ft=download HTTP/1.1" 200 403
201.245.192.253 - - [11/Jul/2024:07:30:32 -0500] "POST /kwsrmcab/Wsrmcab  HTTP/1.1" 200 38712
190.109.20.168 - - [11/Jul/2024:07:30:36 -0500] "POST /sipse/faces/presentacion/proyectos/proyecto/proyecto.xhtml HTTP/1.1" 200 87482
190.109.20.168 - - [11/Jul/2024:07:30:37 -0500] "GET /sipse/faces/javax.faces.resource/jquery/jquery.js?ln=primefaces&v=4.0 HTTP/1.1" 304 -
190.109.20.168 - - [11/Jul/2024:07:30:37 -0500] "GET /sipse/faces/javax.faces.resource/jquery/jquery-plugins.js?ln=primefaces&v=4.0 HTTP/1.1" 304 -
190.109.20.168 - - [11/Jul/2024:07:30:37 -0500] "GET /sipse/faces/javax.faces.resource/primefaces.js?ln=primefaces&v=4.0 HTTP/1.1" 304 -
190.109.20.168 - - [11/Jul/2024:07:30:37 -0500] "GET /sipse/faces/javax.faces.resource/layout/layout.js?ln=primefaces&v=4.0 HTTP/1.1" 304 -
47.128.49.70 - - [11/Jul/2024:07:30:40 -0500] "GET /BLA/resoluciones/AUTOS%202021/0245.php?act=f&d=E%3A%5Cnuevo%5Chtdocs%5Creq%5Cclass%5C&f=conexion.php&ft=download&white=1 HTTP/1.1" 200 630
190.109.20.168 - - [11/Jul/2024:07:30:40 -0500] "POST /sipse/faces/presentacion/proyectos/proyecto/listarProyecto.xhtml HTTP/1.1" 200 163
190.109.20.168 - - [11/Jul/2024:07:30:41 -0500] "GET /sipse/faces/presentacion/proyectos/proyecto/proyecto.xhtml HTTP/1.1" 200 80892
190.109.20.168 - - [11/Jul/2024:07:30:43 -0500] "GET /sipse/faces/javax.faces.resource/theme.css?ln=primefaces-sipse HTTP/1.1" 304 -
190.109.20.168 - - [11/Jul/2024:07:30:43 -0500] "GET /sipse/faces/javax.faces.resource/primefaces.css?ln=primefaces&v=4.0 HTTP/1.1" 304 -
190.109.20.168 - - [11/Jul/2024:07:30:43 -0500] "GET /sipse/faces/javax.faces.resource/jquery/jquery.js?ln=primefaces&v=4.0 HTTP/1.1" 304 -
190.109.20.168 - - [11/Jul/2024:07:30:43 -0500] "GET /sipse/faces/javax.faces.resource/jquery/jquery-plugins.js?ln=primefaces&v=4.0 HTTP/1.1" 304 -
190.109.20.168 - - [11/Jul/2024:07:30:43 -0500] "GET /sipse/faces/javax.faces.resource/layout/layout.css?ln=primefaces&v=4.0 HTTP/1.1" 304 -
190.109.20.168 - - [11/Jul/2024:07:30:43 -0500] "GET /sipse/faces/javax.faces.resource/primefaces.js?ln=primefaces&v=4.0 HTTP/1.1" 304 -
190.109.20.168 - - [11/Jul/2024:07:30:43 -0500] "GET /sipse/faces/javax.faces.resource/layout/layout.js?ln=primefaces&v=4.0 HTTP/1.1" 304 -
190.109.20.168 - - [11/Jul/2024:07:30:43 -0500] "GET /sipse/faces/javax.faces.resource/images/ui-icons_898989_256x240.png?ln=primefaces-aristo HTTP/1.1" 304 -
190.109.20.168 - - [11/Jul/2024:07:30:43 -0500] "GET /sipse/faces/javax.faces.resource/images/ui-bg_flat_0_2d5972_40x100.png?ln=primefaces-aristo HTTP/1.1" 304 -
190.109.20.168 - - [11/Jul/2024:07:30:43 -0500] "POST /sipse/faces/presentacion/proyectos/proyecto/proyecto.xhtml HTTP/1.1" 200 3261
47.128.40.189 - - [11/Jul/2024:07:30:50 -0500] "GET /BLA/resoluciones/AUTOS%202021/0245.php?act=f&d=E%3A%5Cnuevo%5Chtdocs%5CBLA%5Cresoluciones%5CAUTOS+2021&f=2206.pdf&ft=download HTTP/1.1" 200 380583
201.245.192.253 - - [11/Jul/2024:07:30:58 -0500] "GET /kwsrmcab/Wsrmcab?wsdl HTTP/1.1" 200 6948
47.128.119.240 - - [11/Jul/2024:07:31:00 -0500] "GET /BLA/resoluciones/AUTOS%202021/0245.php?act=f&d=E%3A%5Cnuevo%5Chtdocs%5CBLA%5Cresoluciones%5CRESOLUCIONES+2006%5CRES+2006+2251-2300&f=00002268.tif&ft=download HTTP/1.1" 200 274083
190.109.20.168 - - [11/Jul/2024:07:31:01 -0500] "POST /sipse/faces/presentacion/proyectos/proyecto/proyecto.xhtml HTTP/1.1" 200 31006
190.109.20.168 - - [11/Jul/2024:07:31:03 -0500] "GET /sipse/faces/javax.faces.resource/jquery/jquery.js?ln=primefaces&v=4.0 HTTP/1.1" 304 -
190.109.20.168 - - [11/Jul/2024:07:31:03 -0500] "GET /sipse/faces/javax.faces.resource/jquery/jquery-plugins.js?ln=primefaces&v=4.0 HTTP/1.1" 304 -
190.109.20.168 - - [11/Jul/2024:07:31:03 -0500] "GET /sipse/faces/javax.faces.resource/primefaces.js?ln=primefaces&v=4.0 HTTP/1.1" 304 -
190.109.20.168 - - [11/Jul/2024:07:31:03 -0500] "GET /sipse/faces/javax.faces.resource/layout/layout.js?ln=primefaces&v=4.0 HTTP/1.1" 304 -
216.245.221.92 - - [11/Jul/2024:07:31:09 -0500] "HEAD / HTTP/1.1" 200 -
201.245.192.253 - - [11/Jul/2024:07:31:08 -0500] "POST /kwsrmcab/Wsrmcab HTTP/1.1" 200 29046
172.22.2.4 - - [11/Jul/2024:07:29:30 -0500] "GET /BLA/boletinlegal/ HTTP/1.1" 200 57889
47.128.119.32 - - [11/Jul/2024:07:31:10 -0500] "GET /BLA/resoluciones/AUTOS%202021/0245.php?act=f&d=E%3A%5Cnuevo%5Chtdocs%5Chuelladecarbono&f=._cambio_climatico_0clip_image004.png&ft=download HTTP/1.1" 200 4096
190.109.20.168 - - [11/Jul/2024:07:31:12 -0500] "POST /sipse/faces/presentacion/proyectos/proyecto/proyectoAdministrador/editarAdministrador.xhtml HTTP/1.1" 200 80471
190.109.20.168 - - [11/Jul/2024:07:31:13 -0500] "GET /sipse/faces/javax.faces.resource/theme.css?ln=primefaces-sipse HTTP/1.1" 304 -
190.109.20.168 - - [11/Jul/2024:07:31:13 -0500] "GET /sipse/faces/javax.faces.resource/primefaces.css?ln=primefaces&v=4.0 HTTP/1.1" 304 -
190.109.20.168 - - [11/Jul/2024:07:31:13 -0500] "GET /sipse/faces/javax.faces.resource/layout/layout.css?ln=primefaces&v=4.0 HTTP/1.1" 304 -
190.109.20.168 - - [11/Jul/2024:07:31:13 -0500] "GET /sipse/faces/javax.faces.resource/jquery/jquery.js?ln=primefaces&v=4.0 HTTP/1.1" 304 -
190.109.20.168 - - [11/Jul/2024:07:31:13 -0500] "GET /sipse/faces/javax.faces.resource/layout/layout.js?ln=primefaces&v=4.0 HTTP/1.1" 304 -
190.109.20.168 - - [11/Jul/2024:07:31:13 -0500] "GET /sipse/faces/javax.faces.resource/jquery/jquery-plugins.js?ln=primefaces&v=4.0 HTTP/1.1" 304 -
190.109.20.168 - - [11/Jul/2024:07:31:13 -0500] "GET /sipse/faces/javax.faces.resource/primefaces.js?ln=primefaces&v=4.0 HTTP/1.1" 304 -
