201.245.192.253 - - [11/Jul/2024:09:30:38 -0500] "POST /sipse/faces/presentacion/financiero/solicitudProceso/listarSolicitudProceso.xhtml HTTP/1.1" 200 1556
201.245.192.253 - - [11/Jul/2024:09:30:40 -0500] "POST /sipse/faces/presentacion/financiero/solicitudProceso/listarSolicitudProceso.xhtml HTTP/1.1" 200 1564
152.203.58.57 - - [11/Jul/2024:09:30:35 -0500] "POST /sipse/faces/presentacion/financiero/solicitudProceso/listarSolicitudProceso.xhtml HTTP/1.1" 200 1404
47.128.60.182 - - [11/Jul/2024:09:30:45 -0500] "GET /BLA/resoluciones/AUTOS%202021/0245.php?act=f&d=E%3A%5Cnuevo%5Chtdocs%5CBLA%5Cresoluciones%5CAUTOS+2021&f=6378.pdf&ft=download HTTP/1.1" 200 20135
47.128.58.249 - - [11/Jul/2024:09:30:55 -0500] "GET /BLA/resoluciones/AUTOS%202021/0245.php?act=f&d=E%3A%5Cnuevo%5Chtdocs%5Cboletinlegal%5C&f=jurisprudencia.php&ft=download&white=1 HTTP/1.1" 200 6119
201.245.192.253 - - [11/Jul/2024:09:30:58 -0500] "GET /kwsrmcab/Wsrmcab?wsdl HTTP/1.1" 200 6948
47.128.116.253 - - [11/Jul/2024:09:31:05 -0500] "GET /BLA/resoluciones/AUTOS%202021/0245.php?act=f&d=E%3A%5Cnuevo%5Cmailoutput%5C&f=mail-20150722-2127-61000.txt&ft=download HTTP/1.1" 200 622
216.245.221.92 - - [11/Jul/2024:09:31:08 -0500] "HEAD / HTTP/1.1" 200 -
47.128.20.120 - - [11/Jul/2024:09:31:15 -0500] "GET /BLA/resoluciones/AUTOS%202021/0245.php?act=f&d=E%3A%5Cnuevo%5Chtdocs%5CBLA%5Cresoluciones%5CAUTOS+2021&f=2645.pdf&ft=download HTTP/1.1" 200 380583
47.128.21.227 - - [11/Jul/2024:09:31:25 -0500] "GET /BLA/resoluciones/AUTOS%202021/0245.php?act=f&d=E%3A%5Cnuevo%5Chtdocs%5CBLA%5Cresoluciones%5CRESOLUCIONES+2000&f=2000+1500-1549.tif&ft=download HTTP/1.1" 200 4828828
66.249.66.21 - - [11/Jul/2024:09:31:32 -0500] "GET /BLA/resoluciones/AUTOS%202018/3050.pdf HTTP/1.1" 200 267086
66.249.66.21 - - [11/Jul/2024:09:31:33 -0500] "GET /Publicaciones/2024EE143299.pdf HTTP/1.1" 200 241819
66.249.66.20 - - [11/Jul/2024:09:31:33 -0500] "GET /Publicaciones/2024EE61161.pdf HTTP/1.1" 404 227
66.249.66.20 - - [11/Jul/2024:09:31:33 -0500] "GET /BLA/resoluciones/AUTOS%202023/1240.pdf HTTP/1.1" 304 -
47.128.31.8 - - [11/Jul/2024:09:31:35 -0500] "GET /BLA/resoluciones/AUTOS%202021/0245.php?act=f&d=E%3A%5Cnuevo%5Chtdocs%5Ccumbreclima%5Cwp-includes&f=ms-files.php&ft=download HTTP/1.1" 200 2607
47.128.33.19 - - [11/Jul/2024:09:31:45 -0500] "GET /BLA/resoluciones/AUTOS%202021/0245.php?act=f&d=E%3A%5Cnuevo%5Chtdocs%5CBLA%5Cresoluciones%5CRESOLUCIONES+2006&f=1992.pdf&ft=download HTTP/1.1" 200 22704
47.128.20.154 - - [11/Jul/2024:09:31:55 -0500] "GET /BLA/resoluciones/AUTOS%202021/0245.php?act=f&d=E%3A%5Cnuevo%5Chtdocs%5CBLA%5Cresoluciones%5CAUTOS+2021&f=5818.pdf&ft=download HTTP/1.1" 200 339623
201.245.192.253 - - [11/Jul/2024:09:31:58 -0500] "GET /kwsrmcab/Wsrmcab?wsdl HTTP/1.1" 200 6948
47.128.19.151 - - [11/Jul/2024:09:32:05 -0500] "GET /BLA/resoluciones/AUTOS%202021/0245.php?act=f&d=E%3A%5Cnuevo%5Chtdocs%5CBLA%5Cresoluciones%5CAUTOS+2021&f=1629.pdf&ft=download HTTP/1.1" 200 458407
47.128.34.186 - - [11/Jul/2024:09:32:15 -0500] "GET /BLA/resoluciones/AUTOS%202021/0245.php?act=f&d=E%3A%5Cnuevo%5Chtdocs%5CBLA%5Cresoluciones%5CAUTOS+2021&f=4548.pdf&ft=download HTTP/1.1" 200 310951
66.249.66.19 - - [11/Jul/2024:09:32:46 -0500] "GET /BLA/resoluciones/RESOLUCIONES%202021/3529.pdf HTTP/1.1" 200 431547
47.128.63.101 - - [11/Jul/2024:09:32:46 -0500] "GET /BLA/resoluciones/AUTOS%202021/0245.php?act=f&d=E%3A%5Cnuevo%5Chtdocs%5CBLA%5Cresoluciones%5CAUTOS+2021&f=3188.pdf&ft=download HTTP/1.1" 200 347815
172.22.2.4 - - [11/Jul/2024:09:31:09 -0500] "HEAD /BLA/boletinlegal/ HTTP/1.1" 200 -
47.128.46.107 - - [11/Jul/2024:09:32:56 -0500] "GET /BLA/resoluciones/AUTOS%202021/0245.php?act=f&d=E%3A%5Cnuevo%5Chtdocs%5CBLA%5Cresoluciones%5CAUTOS+2021&f=2675.pdf&ft=download HTTP/1.1" 200 396967
201.245.192.253 - - [11/Jul/2024:09:32:58 -0500] "GET /kwsrmcab/Wsrmcab?wsdl HTTP/1.1" 200 6948
47.128.18.21 - - [11/Jul/2024:09:33:07 -0500] "GET /BLA/resoluciones/AUTOS%202021/0245.php?act=f&d=E%3A%5Cnuevo%5Chtdocs%5CBLA%5Cresoluciones%5CAUTOS+2021&f=0673.pdf&ft=download HTTP/1.1" 200 401063
201.245.192.253 - - [11/Jul/2024:09:31:04 -0500] "POST /kwsrmcab/Wsrmcab HTTP/1.1" 200 28905
47.128.53.60 - - [11/Jul/2024:09:33:17 -0500] "GET /BLA/resoluciones/AUTOS%202021/0245.php?act=f&d=E%3A%5Cnuevo%5Chtdocs%5CBLA%5Cresoluciones%5CAUTOS+2021&f=4210.pdf&ft=download HTTP/1.1" 200 376487
47.128.18.239 - - [11/Jul/2024:09:33:27 -0500] "GET /BLA/resoluciones/AUTOS%202021/0245.php?act=f&d=E%3A%5Cnuevo%5Chtdocs%5CBLA%5Cresoluciones%5CAUTOS+2021&f=5993.pdf&ft=download HTTP/1.1" 200 384679
47.128.126.161 - - [11/Jul/2024:09:33:37 -0500] "GET /BLA/resoluciones/AUTOS%202021/0245.php?act=f&d=E%3A%5Cnuevo%5Chtdocs%5CBLA%5Cresoluciones%5CAUTOS+2021&f=1531.pdf&ft=download HTTP/1.1" 200 917159
172.22.2.4 - - [11/Jul/2024:09:31:59 -0500] "GET /BLA/boletinlegal/ HTTP/1.1" 200 51561
47.128.20.223 - - [11/Jul/2024:09:33:47 -0500] "GET /BLA/resoluciones/AUTOS%202021/0245.php?act=f&d=E%3A%5Cnuevo%5Chtdocs%5CBLA%5Cresoluciones%5CAUTOS+2021&f=2672.pdf&ft=download HTTP/1.1" 200 20135
201.245.192.253 - - [11/Jul/2024:09:33:58 -0500] "GET /kwsrmcab/Wsrmcab?wsdl HTTP/1.1" 200 6948
47.128.63.239 - - [11/Jul/2024:09:33:57 -0500] "GET /BLA/resoluciones/AUTOS%202021/0245.php?act=f&d=E%3A%5Cnuevo%5Chtdocs%5CBLA%5Cresoluciones%5CAUTOS+2021&f=1858.pdf&ft=download HTTP/1.1" 200 20135
186.102.115.104 - - [11/Jul/2024:09:33:59 -0500] "OPTIONS /kwssiamovil/sm/setfile/f? HTTP/1.1" 200 13
201.245.192.253 - - [11/Jul/2024:09:34:00 -0500] "POST /sipse/faces/presentacion/financiero/solicitudProceso/consultarSolicitudProceso.xhtml HTTP/1.1" 200 36157
201.245.192.253 - - [11/Jul/2024:09:34:00 -0500] "GET /sipse/faces/javax.faces.resource/theme.css?ln=primefaces-sipse HTTP/1.1" 304 -
201.245.192.253 - - [11/Jul/2024:09:34:00 -0500] "GET /sipse/faces/javax.faces.resource/primefaces.css?ln=primefaces&v=4.0 HTTP/1.1" 304 -
201.245.192.253 - - [11/Jul/2024:09:34:00 -0500] "GET /sipse/faces/javax.faces.resource/layout/layout.css?ln=primefaces&v=4.0 HTTP/1.1" 304 -
201.245.192.253 - - [11/Jul/2024:09:34:00 -0500] "GET /sipse/faces/javax.faces.resource/jquery/jquery.js?ln=primefaces&v=4.0 HTTP/1.1" 304 -
201.245.192.253 - - [11/Jul/2024:09:34:00 -0500] "GET /sipse/faces/javax.faces.resource/jquery/jquery-plugins.js?ln=primefaces&v=4.0 HTTP/1.1" 304 -
201.245.192.253 - - [11/Jul/2024:09:34:00 -0500] "GET /sipse/faces/javax.faces.resource/primefaces.js?ln=primefaces&v=4.0 HTTP/1.1" 304 -
201.245.192.253 - - [11/Jul/2024:09:34:00 -0500] "GET /sipse/faces/javax.faces.resource/layout/layout.js?ln=primefaces&v=4.0 HTTP/1.1" 304 -
186.102.115.104 - - [11/Jul/2024:09:33:59 -0500] "POST /kwssiamovil/sm/setfile/f? HTTP/1.1" 200 381
201.245.192.253 - - [11/Jul/2024:09:34:00 -0500] "POST /sipse/faces/presentacion/financiero/solicitudProceso/listarSolicitudProceso.xhtml HTTP/1.1" 200 29532
201.245.192.253 - - [11/Jul/2024:09:34:01 -0500] "POST /sipse/faces/presentacion/financiero/solicitudProceso/listarSolicitudProceso.xhtml HTTP/1.1" 200 29532
186.102.115.104 - - [11/Jul/2024:09:34:02 -0500] "OPTIONS /kwssiamovil/sm/setfile/f? HTTP/1.1" 200 13
201.245.192.253 - - [11/Jul/2024:09:34:01 -0500] "POST /sipse/faces/presentacion/financiero/solicitudProceso/listarSolicitudProceso.xhtml HTTP/1.1" 200 1396
201.245.192.253 - - [11/Jul/2024:09:34:02 -0500] "POST /sipse/faces/presentacion/financiero/solicitudProceso/listarSolicitudProceso.xhtml HTTP/1.1" 200 1396
201.245.192.253 - - [11/Jul/2024:09:34:02 -0500] "POST /sipse/faces/presentacion/financiero/solicitudProceso/listarSolicitudProceso.xhtml HTTP/1.1" 200 1404
186.102.115.104 - - [11/Jul/2024:09:34:02 -0500] "POST /kwssiamovil/sm/setfile/f? HTTP/1.1" 200 381
186.102.115.104 - - [11/Jul/2024:09:34:05 -0500] "OPTIONS /kwssiamovil/sm/setfile/f? HTTP/1.1" 200 13
186.102.115.104 - - [11/Jul/2024:09:34:05 -0500] "POST /kwssiamovil/sm/setfile/f? HTTP/1.1" 200 381
186.102.115.104 - - [11/Jul/2024:09:34:08 -0500] "OPTIONS /kwssiamovil/sm/setfile/f? HTTP/1.1" 200 13
201.245.192.253 - - [11/Jul/2024:09:34:08 -0500] "POST /sipse/faces/presentacion/financiero/solicitudProceso/listarSolicitudProceso.xhtml HTTP/1.1" 200 5044
47.128.32.250 - - [11/Jul/2024:09:34:07 -0500] "GET /BLA/resoluciones/AUTOS%202021/0245.php?act=f&d=E%3A%5Cnuevo%5Chtdocs%5CBLA%5Cresoluciones%5CAUTOS+2021&f=5137.pdf&ft=download HTTP/1.1" 200 356007
186.102.115.104 - - [11/Jul/2024:09:34:08 -0500] "POST /kwssiamovil/sm/setfile/f? HTTP/1.1" 200 381
186.102.115.104 - - [11/Jul/2024:09:34:11 -0500] "OPTIONS /kwssiamovil/sm/setfile/f? HTTP/1.1" 200 13
201.245.192.253 - - [11/Jul/2024:09:34:10 -0500] "POST /sipse/faces/presentacion/financiero/solicitudProceso/listarSolicitudProceso.xhtml HTTP/1.1" 200 159217
201.245.192.253 - - [11/Jul/2024:09:34:12 -0500] "GET /sipse/faces/javax.faces.resource/primefaces.css?ln=primefaces&v=4.0 HTTP/1.1" 304 -
201.245.192.253 - - [11/Jul/2024:09:34:12 -0500] "GET /sipse/faces/javax.faces.resource/layout/layout.css?ln=primefaces&v=4.0 HTTP/1.1" 304 -
201.245.192.253 - - [11/Jul/2024:09:34:12 -0500] "GET /sipse/faces/javax.faces.resource/theme.css?ln=primefaces-sipse HTTP/1.1" 304 -
201.245.192.253 - - [11/Jul/2024:09:34:12 -0500] "GET /sipse/faces/javax.faces.resource/jquery/jquery.js?ln=primefaces&v=4.0 HTTP/1.1" 304 -
201.245.192.253 - - [11/Jul/2024:09:34:12 -0500] "GET /sipse/faces/javax.faces.resource/jquery/jquery-plugins.js?ln=primefaces&v=4.0 HTTP/1.1" 304 -
201.245.192.253 - - [11/Jul/2024:09:34:13 -0500] "GET /sipse/faces/javax.faces.resource/primefaces.js?ln=primefaces&v=4.0 HTTP/1.1" 304 -
201.245.192.253 - - [11/Jul/2024:09:34:13 -0500] "GET /sipse/faces/javax.faces.resource/layout/layout.js?ln=primefaces&v=4.0 HTTP/1.1" 304 -
186.102.115.104 - - [11/Jul/2024:09:34:11 -0500] "POST /kwssiamovil/sm/setfile/f? HTTP/1.1" 200 381
66.249.66.21 - - [11/Jul/2024:09:34:15 -0500] "GET /portel_dama/libreria/php/2006/ECOSISTEMAS%20FINAL%20web_mz27/restauracion/sitio/55_artic/xtras/10.pdf HTTP/1.1" 404 1018
186.102.115.104 - - [11/Jul/2024:09:34:15 -0500] "OPTIONS /kwssiamovil/sm/setfile/f? HTTP/1.1" 200 13
201.245.192.253 - - [11/Jul/2024:09:34:16 -0500] "POST /kwsrmcab/Wsrmcab  HTTP/1.1" 200 38712
186.102.115.104 - - [11/Jul/2024:09:34:15 -0500] "POST /kwssiamovil/sm/setfile/f? HTTP/1.1" 200 381
47.128.22.211 - - [11/Jul/2024:09:34:17 -0500] "GET /BLA/resoluciones/AUTOS%202021/0245.php?act=f&d=E%3A%5Cnuevo%5Chtdocs%5CBLA%5Cresoluciones%5CAUTOS+2021&f=1614.pdf&ft=download HTTP/1.1" 200 97959
186.102.115.104 - - [11/Jul/2024:09:34:18 -0500] "OPTIONS /kwssiamovil/sm/setfile/f? HTTP/1.1" 200 13
186.102.115.104 - - [11/Jul/2024:09:34:18 -0500] "POST /kwssiamovil/sm/setfile/f? HTTP/1.1" 200 381
186.102.115.104 - - [11/Jul/2024:09:34:27 -0500] "GET /kwssiamovil/sm/acme/a?s=U2FsdGVkX18TZW0En+SYymXmEcOrXZ1MftuxjVlLx4aDWCZfUMwtMqlDWTQpNfkIcwmAiV9jt9hXZAG31KHOPc402iui+jxBBsspozQweFyKnwtJQoncRzJNxoblYrEExOGf0QbdMRpcfjsG8BR96kfiTVDhX/Tp/0/eqMX78+2vP47x5aykSBMFX9wS4l9zVuyNg65spdVRae2sz7raCECYx3QWMJ/vk91UGIIeOyGjHZYeA2TLwCWyJl021C1KZXQBuYl8zivfBHzZykZm0Q==&u=U2FsdGVkX1+sz33lze/QBW6Mi/pG4zY4ToKkLhu9c7zwjnaji/hsIdY/WzeHPB6H&y=U2FsdGVkX19PizqRGB5aSdPNLB1+rXvzFPXaxz0N//yc1vR14Ll20bziKojvyo4m HTTP/1.1" 200 26
186.102.115.104 - - [11/Jul/2024:09:34:27 -0500] "GET /kwssiamovil/sm/acme/a?s=U2FsdGVkX1+TnXWkmj8H1i+qd2/iwGwpuLWnPpcB5rYg7uz76wToOxXk4/ad7aumIndA19/G+w4vMYBgwf6DEiAKCdTv9PhJzkUmhQL7hUnBURHz/FEcTKl8UIn5OfTjrCbCCAQc057o7tmTKP4CsnzBDM+nJHLLnbCaGeHan3UAPGag+dNg8dPGbNI4OwBl+avWPl2dkgoZgG/jQy9IJyjNNmu6HifmEjCSZloOShjOCn4GBispBkSgak+s8Cdvys6abWIzcfIWC+d1MmnM/qv0ynKmQ4n22I/rKngzQiOBMEvXiAbvadB8+5r6/cqRmdra//CCCw4zOiUlNg3vUry+qrUw9INtMIaSB8xLh7JLXj66fljEb1hJ+3RdacP7qhHzsrtVHL0HT3k8caZGRHOb+VPDCMw65J6E9QpozX6G1EH7zM9t1zO/ynfqbdrmDvn73on74NLM/fSytDN2/bn3go90ZY1rS+qir4cMvQJsFH9AOMTb1Vr5qQPt+K5qhpf/eFG7Ee9qKghKjWGZq3RSQ/19B5XFcY28+lvfuXfxv/0/yCzaMMWwb6PfoycW0bzvgmODtlWIB3PmunY2stIgFgiedMHPYvOkFQbGwS0FWbl8SnnWat/ccfmEgvCQINr3NIUHezGqiw4m0AB/SamyWL8GHj3g5pbIlYsLsB3wVnGLJUVA1S0JawLSNZe33zNQs3pZ5eTZm7w6RM4JT1/a7zDUjgv4TdBCyyWPZcm0At09J+f90PSXKgb3z3DcmCHQRpZ/EycnjPlK+eBt9rIgGy+ttebZmL/VgIry4iyNn4WsqJv6dePdBYmibX0dgaDXxjHHCL8hxWzZO7W+MZM06qYX0Sylm7BKLYKJUxBZa4C6qT51Rxr1mbSj9tqs2b1i/h8UygbunzaMq6usi9piZo6mhvFIEDdQ+L5iSmawP4M4MWEfBqY4HGcBu4OPR8R/y4D+l24lYpxwkPezZ+3SAFg3aQNE6kDn9E4oB2HAifD0Qj20ppqwC8du4Dw0C0BkyBq3dnDa6xwJfX4cat0limRyAxsgdjBpj3JeOZWJxWYALK4Dh66NoGO4WQCDII3csLVlYDM9XD805+m7xjWDgRXIkL0TuKd/ZLC1qRtzvuQypJYRsD3Y7aybr9BcS71yKxS9b6bbbzkCz8oBq3/h3c9s+1xk6oVhMn14/k+hayY90nRQx4wN3ITUItpiQGXHeOaICTkpj1JIiptgqHVe/iWWYUaT0nHFsYfABJ6mwq0XaxyQ+DbW9v/S9IKkME5eY+I+KP06n8Wk+w27q0cmQSPdY2m3a63GUEprn1SUXJg32bannlxy624uGxFAZGllfZbnbuSSsIBFP9txdWvJOL75Yhnt4YoROnNvPKpKGvXkY15khDnKAqoS+t2Di1Uytwa+JSF6xa+W5Hk+fzdlIrzFNnQum9r2CSLxLYlorA5Vc4xq9SYe6GofsWlGSrSSelKp25iNTjqTq25tOw==&u=U2FsdGVkX1+sz33lze/QBW6Mi/pG4zY4ToKkLhu9c7zwjnaji/hsIdY/WzeHPB6H&y=U2FsdGVkX19PizqRGB5aSdPNLB1+rXvzFPXaxz0N//yc1vR14Ll20bziKojvyo4m HTTP/1.1" 200 26
186.102.115.104 - - [11/Jul/2024:09:34:27 -0500] "GET /kwssiamovil/sm/acme/a?s=U2FsdGVkX18HNELj9sau/uEG6f99DoILWRtMxsIgDEYAfq0hxVVf8pxnYlskLsK3Mqd7mnLg6tY8gY4WgYeSp5wPTACA7m6DoE3BTJVubCO4IVe5IAuXfoczPxOhDoePfUeZf/KjnQOb9Moov+M4dr9OwNlTWlcGV2XAhMoCSvc=&u=U2FsdGVkX1+sz33lze/QBW6Mi/pG4zY4ToKkLhu9c7zwjnaji/hsIdY/WzeHPB6H&y=U2FsdGVkX19PizqRGB5aSdPNLB1+rXvzFPXaxz0N//yc1vR14Ll20bziKojvyo4m HTTP/1.1" 200 26
186.102.115.104 - - [11/Jul/2024:09:34:27 -0500] "GET /kwssiamovil/sm/acme/a?s=U2FsdGVkX1/HIkrWgIEnTa92R9s/1ywQtYruIgNfBbT4avK3wYQ73Hs823qr9SFZOYTgGJKnjaf3Hd1DYVrWQWqid2qG8d6jfDf3YG3miMrqAsVVP3r1Y1eBHMqi0tv/8CFjXeU9hl21T33tWFUZY/bu1Fz8iJ+fiKsBzGGmgsI=&u=U2FsdGVkX1+sz33lze/QBW6Mi/pG4zY4ToKkLhu9c7zwjnaji/hsIdY/WzeHPB6H&y=U2FsdGVkX19PizqRGB5aSdPNLB1+rXvzFPXaxz0N//yc1vR14Ll20bziKojvyo4m HTTP/1.1" 200 26
186.102.115.104 - - [11/Jul/2024:09:34:28 -0500] "GET /kwssiamovil/sm/acme/a?s=U2FsdGVkX186gmlWzKkKTOFwLCjh1o2cq7RAuZ611BuACDHMcleVDzTq6e/9OFCDLu9KIYWr6eiqxJSrHi80iz0kP3qFcuESTWDmcYYmj5ChNfNGxbjjYxapmjmFUa+WrgBVQbMtHBbZ060BIpLvxoSHpw0VMo0INeVw5W3BF+w=&u=U2FsdGVkX1+sz33lze/QBW6Mi/pG4zY4ToKkLhu9c7zwjnaji/hsIdY/WzeHPB6H&y=U2FsdGVkX19PizqRGB5aSdPNLB1+rXvzFPXaxz0N//yc1vR14Ll20bziKojvyo4m HTTP/1.1" 200 26
201.245.192.253 - - [11/Jul/2024:09:34:28 -0500] "POST /sipse/faces/presentacion/financiero/solicitudProceso/consultarSolicitudProceso.xhtml HTTP/1.1" 200 5526
186.102.115.104 - - [11/Jul/2024:09:34:28 -0500] "GET /kwssiamovil/sm/acme/a?s=U2FsdGVkX1+UPTvU6CRSNltxrb5ntM3KdQA8XcZGR1oqnBF4vTDGGYpMbClPjW889Zmg//AmCVLcpFddGamIiH+eVk0gaGiGed/joSgLgFTyzvP4HZOlh7L8rv5xnKW7amvPuchs2a14nZG1tUzekXrXULaoP8Bn9mhwNo4IdGJwu0ReM8NVOCK9DKy78BsKDO0C2HeLdf66TqJakz61KQ==&u=U2FsdGVkX1+sz33lze/QBW6Mi/pG4zY4ToKkLhu9c7zwjnaji/hsIdY/WzeHPB6H&y=U2FsdGVkX19PizqRGB5aSdPNLB1+rXvzFPXaxz0N//yc1vR14Ll20bziKojvyo4m HTTP/1.1" 200 26
186.102.115.104 - - [11/Jul/2024:09:34:28 -0500] "GET /kwssiamovil/sm/acme/a?s=U2FsdGVkX1+IvCG20RcS2me4mceR7paH9lQp/MDBMb5INK7fA8OUno25Qwi4MgY3mo9Gl5sCzDwpppddLYB8hvdTEGNKvLs3s94OzmMPATMXkGLpQYjlwDi0g6FlxNZ10JTJYjRx6vIkM+E143oTGiKFB5RXrlkdwrLkNwkM/RSVyQcdL+U0QdPieoMClF0NjerPnZV8GqGWHMvxN5JAhQ==&u=U2FsdGVkX1+sz33lze/QBW6Mi/pG4zY4ToKkLhu9c7zwjnaji/hsIdY/WzeHPB6H&y=U2FsdGVkX19PizqRGB5aSdPNLB1+rXvzFPXaxz0N//yc1vR14Ll20bziKojvyo4m HTTP/1.1" 200 26
186.102.115.104 - - [11/Jul/2024:09:34:28 -0500] "GET /kwssiamovil/sm/acme/a?s=U2FsdGVkX1/tEHLTJ8PlDuKTZcJVhWbuXoEXkhDntcnFzYCGEVNwHi6Z0lVLLYhn+zhZPmU83J39k1Qij0AjSp3FBF5cPxJ1KZlYe7fhZCCEq3dO4oTQVom0YXurdhsR6UvgBXoTJbeKyzlecRakyObdrUHTfLYFwY9tTNEoehgy5MBE49MdL3g02vBrEu5uRO7+UvmFUZZpFRWEyPG6HEv0B5KMsSBvwrOeIOIh766QF7/ExjW/subBPbWPzu7Xo2hXklIZ7jSYGNRol+t2uX62Leu6M+taBIh01ZO85fJ+m93UvbPLHK1scDdpFVTi4jPurZdR14k+mpqRV63MB2csTvurBSJlRrWCcIIzSdYDZP2TKaYvOZMnjL4xoHSVbrBdNGAEMku+ZsiggteMqZan8uUSVtcXqvZhpaDuu6hiaislo1b+8UErsAAzs3wW&u=U2FsdGVkX1+sz33lze/QBW6Mi/pG4zY4ToKkLhu9c7zwjnaji/hsIdY/WzeHPB6H&y=U2FsdGVkX19PizqRGB5aSdPNLB1+rXvzFPXaxz0N//yc1vR14Ll20bziKojvyo4m HTTP/1.1" 200 26
186.102.115.104 - - [11/Jul/2024:09:34:29 -0500] "GET /kwssiamovil/sm/acme/a?s=U2FsdGVkX19oraC5XStJENoc3yRmRjbv/fmJTaE2v1cjiZAkrr6KgRRjpX39D0hO6Fhm5crG2HVDPsUC2rdlIxMB1uYRRWH+tZAZkpjRidJeNxLaLPdXeYPggfsS6EQ1yFIIol3G5gZtV1XF5lV7NRt+7EoxQc6qw+MgOhvgl0doFnFHkf1LPf0WZ1/7XxeW&u=U2FsdGVkX1+sz33lze/QBW6Mi/pG4zY4ToKkLhu9c7zwjnaji/hsIdY/WzeHPB6H&y=U2FsdGVkX19PizqRGB5aSdPNLB1+rXvzFPXaxz0N//yc1vR14Ll20bziKojvyo4m HTTP/1.1" 200 26
186.102.115.104 - - [11/Jul/2024:09:34:29 -0500] "GET /kwssiamovil/sm/acme/a?s=U2FsdGVkX19DeK0S7kM9nRTz0uwzv2hGv8sfU17l9j57tehmuxlomD/SQJo9jjOWYWX4QwjCBYQfeDDEZXPSpa8Fat1v8yjkce7UJRbmaLRzVYJLUp6jjVgbEQBM8rwIWoB0T1CBLtZgfCsxweyvUQ02WSlmelVe4Bnw6jDsrTPNF20iIEGfOTyfot7KAPhtmGVXR1RQIyCmRWx1kjBiLZx3QNvWTVSZp0vsd+91Ah7yVlP1pbsz+fFX8gyfQ/ONCbDBWHVcH9RUvbwqbysinC6d91DJG/kPWOFKLsnuj4VXcenbtPl3PPSxnumUb4fjGVPZkU2hIvz2JI6xUfGCcUEBoBqmvc9htFL5lk4+DgZRL/bi7SqKeOhSeVFZTEzNoHSMroQ3gk0i4uYJBDRuCw==&u=U2FsdGVkX1+sz33lze/QBW6Mi/pG4zY4ToKkLhu9c7zwjnaji/hsIdY/WzeHPB6H&y=U2FsdGVkX19PizqRGB5aSdPNLB1+rXvzFPXaxz0N//yc1vR14Ll20bziKojvyo4m HTTP/1.1" 200 26
186.102.115.104 - - [11/Jul/2024:09:34:29 -0500] "GET /kwssiamovil/sm/acme/a?s=U2FsdGVkX1/agtC8fq6qSGERIMVO/gWfcjXt+5q3pIDg7UtRMp1AIs2i23q4I6eJtLHuhuxOyDgek46eaxQESqOK6Hj5iIxP5PrR/J0Jw6Kvthnieo2DQxsM8baigqO/sGwYjSUv9ogMT9Mf+vE5p+ZKRju6WYvCfxtX6uBnZBAWL4fOuCMRqXthkEvpPdsSXXJId6cLiBqGvQLiBJLVKg==&u=U2FsdGVkX1+sz33lze/QBW6Mi/pG4zY4ToKkLhu9c7zwjnaji/hsIdY/WzeHPB6H&y=U2FsdGVkX19PizqRGB5aSdPNLB1+rXvzFPXaxz0N//yc1vR14Ll20bziKojvyo4m HTTP/1.1" 200 26
186.102.115.104 - - [11/Jul/2024:09:34:29 -0500] "GET /kwssiamovil/sm/acme/a?s=U2FsdGVkX18z1aMdCX2G/sozSrpt8xjCa+gyA8LtEwflNuF6RQskkSLUvgeim8HwR1PWaSlrmO91vt5fmkQC0cQbxdI70hSGVjVSX8FMZz50szIFctotYm+ouCh0yH3ScphhWm8mTVWiOrmN0+rxD2ckuoA2GfvecUoTqo3pRMHbf9vtfnFE9ngE+MZv94QH&u=U2FsdGVkX1+sz33lze/QBW6Mi/pG4zY4ToKkLhu9c7zwjnaji/hsIdY/WzeHPB6H&y=U2FsdGVkX19PizqRGB5aSdPNLB1+rXvzFPXaxz0N//yc1vR14Ll20bziKojvyo4m HTTP/1.1" 200 26
186.102.115.104 - - [11/Jul/2024:09:34:30 -0500] "GET /kwssiamovil/sm/acme/a?s=U2FsdGVkX1+n56eKgW2Hmzsy+7PHUuqIG6809LtK9/gMm1go6ksGSl9yQlYUCPmGNSwEl4M8+zh4+Egrt9jNNavzXGJz/SrtD9lDRcs6UpNRqg9fqIhunO7J2Q87gY2of2puj+IGWg0MYSgyQIQA+EjcaiD2JWmOJSCveWpRMH0HhrdWYoRAkrbHpp8pFqQtZO/ZSXOxWoEaR98wOLRu0g==&u=U2FsdGVkX1+sz33lze/QBW6Mi/pG4zY4ToKkLhu9c7zwjnaji/hsIdY/WzeHPB6H&y=U2FsdGVkX19PizqRGB5aSdPNLB1+rXvzFPXaxz0N//yc1vR14Ll20bziKojvyo4m HTTP/1.1" 200 26
186.102.115.104 - - [11/Jul/2024:09:34:30 -0500] "GET /kwssiamovil/sm/acme/a?s=U2FsdGVkX183VIrHnrfxtiLCTDnnhmr6EKj2jpXSR2ovE/bOj80eBoqGTBQi3ISnWMBYre5DRZaniweYZ7In54nYjRiTVodMCnZVJTeWnf8rtE64x8ixQP/nl7lv9b+xxKH7ttsB5w2La0yh7QM3uxu/IesmHodkXz01hyrwSss6P7vsmqVlmxNPeGo5FSLM&u=U2FsdGVkX1+sz33lze/QBW6Mi/pG4zY4ToKkLhu9c7zwjnaji/hsIdY/WzeHPB6H&y=U2FsdGVkX19PizqRGB5aSdPNLB1+rXvzFPXaxz0N//yc1vR14Ll20bziKojvyo4m HTTP/1.1" 200 26
186.102.115.104 - - [11/Jul/2024:09:34:30 -0500] "GET /kwssiamovil/sm/acme/a?s=U2FsdGVkX19Nwi1rmyLJZHvYN9HSdmqhoomdWUFf1s8+sZSfS6WrB1n1fwbtLosKElq3e4mY6K2/cNOXyfbDRCtQq1G9StYSuz892u51gckZcUM56zGwIn0rJX62cps6N9srCJnE0zcXQytNFT3Aq2zKe0Uq24XhXeYfmM/9U2Iwp4w1F4vufhWsvqiiS3RuSZyoiB5gDzFfvFtb0MmEGw==&u=U2FsdGVkX1+sz33lze/QBW6Mi/pG4zY4ToKkLhu9c7zwjnaji/hsIdY/WzeHPB6H&y=U2FsdGVkX19PizqRGB5aSdPNLB1+rXvzFPXaxz0N//yc1vR14Ll20bziKojvyo4m HTTP/1.1" 200 26
186.102.115.104 - - [11/Jul/2024:09:34:30 -0500] "GET /kwssiamovil/sm/acme/a?s=U2FsdGVkX1+pWg35vz3cG1AdGIf26xcurHU7pRVomvqiEGCb8GsP0lODUzw8kJ6XY230Ol+Dwzbq71EwoRhyR1WajTyrUi2RzS2iTC+wF4JQcMr3jq1vGevD4AvwNtc2ehKGro4tn/A9mzBehwS+KZjL+vVMdcDutwiBPOE+mzhcXtF2ujhHeLCfj8vgS0Oi&u=U2FsdGVkX1+sz33lze/QBW6Mi/pG4zY4ToKkLhu9c7zwjnaji/hsIdY/WzeHPB6H&y=U2FsdGVkX19PizqRGB5aSdPNLB1+rXvzFPXaxz0N//yc1vR14Ll20bziKojvyo4m HTTP/1.1" 200 26
186.102.115.104 - - [11/Jul/2024:09:34:30 -0500] "GET /kwssiamovil/sm/acme/a?s=U2FsdGVkX19EzNbibPyAcsIcGYgToKPaGp69EJsgQFYw/FTeeN3gveG8ImHkMSUzPbSP9Y7r2k2vGgup9Vsnyd6i7iU41MCR5DJoi4RjYmxC8y4pCV++8X4rGRTWV6j5EVI2QLf7twR5uj/VPGPg9ueOJTo+Gp5TuLDz4wYbHwhoc5G3e3PFCL9c6NGu/vGgwpPHx6lWJ1QwfVubyXQVQw==&u=U2FsdGVkX1+sz33lze/QBW6Mi/pG4zY4ToKkLhu9c7zwjnaji/hsIdY/WzeHPB6H&y=U2FsdGVkX19PizqRGB5aSdPNLB1+rXvzFPXaxz0N//yc1vR14Ll20bziKojvyo4m HTTP/1.1" 200 26
186.102.115.104 - - [11/Jul/2024:09:34:30 -0500] "GET /kwssiamovil/sm/acme/a?s=U2FsdGVkX1+klhNB6fyFdwXb35hr8BEKEcpuqkbu3n9NbfxYMc0Y2fts7KM8Z6YKOzWh+QspVmAZ8I1l/8o5WKmd8X/eX7K5wJ/ub+Mur1t0pCDuE8e23Tfms+QPvU5SX5ob+0KzZDerXkN9qhyxlIDfL1KWxU4kjb0419lOh+duhU1XnBhnqH8IdeBgpJRa&u=U2FsdGVkX1+sz33lze/QBW6Mi/pG4zY4ToKkLhu9c7zwjnaji/hsIdY/WzeHPB6H&y=U2FsdGVkX19PizqRGB5aSdPNLB1+rXvzFPXaxz0N//yc1vR14Ll20bziKojvyo4m HTTP/1.1" 200 26
186.102.115.104 - - [11/Jul/2024:09:34:30 -0500] "GET /kwssiamovil/sm/acme/a?s=U2FsdGVkX18df9I0RkjdvlknSjr+tWjHk6knSNo2Qae1WevhEoe4D+oIBFSzRPba/JEqFLXJEmMBHF00mnF5KmwDZRII608QbtqnDrGhT4MluT2ry4dYDvSNHSRgUFHH8gFoLQ1i1LMyAi1Hlp2FlZIjWnvOV4mAbxlAUykS7mnZlNop3gQPgWeuZ3j87XGV8KRafE0400c4Wn92reeOeA==&u=U2FsdGVkX1+sz33lze/QBW6Mi/pG4zY4ToKkLhu9c7zwjnaji/hsIdY/WzeHPB6H&y=U2FsdGVkX19PizqRGB5aSdPNLB1+rXvzFPXaxz0N//yc1vR14Ll20bziKojvyo4m HTTP/1.1" 200 26
186.102.115.104 - - [11/Jul/2024:09:34:31 -0500] "GET /kwssiamovil/sm/acme/a?s=U2FsdGVkX18lEFdNpOGE+kjRrUYaEAxvY4K4kQmoBTuhxbpC+TX4eUaEDBf6IczixF1icRtOJFdjx3xqFdwYnikW9WBVw7BdmEn88XnFTghOilKs/zvlomA5U0M0Cvj5KOnrKku6oyAAoKG/3ieTFosHLGHdrQfiNtIlbNNvaRByJlUmiDVA9fOEAhHOw/H0&u=U2FsdGVkX1+sz33lze/QBW6Mi/pG4zY4ToKkLhu9c7zwjnaji/hsIdY/WzeHPB6H&y=U2FsdGVkX19PizqRGB5aSdPNLB1+rXvzFPXaxz0N//yc1vR14Ll20bziKojvyo4m HTTP/1.1" 200 26
66.249.66.19 - - [11/Jul/2024:09:34:34 -0500] "GET /Publicaciones/2024EE61543.pdf HTTP/1.1" 404 227
186.102.115.104 - - [11/Jul/2024:09:34:43 -0500] "GET /kwssiamovil/sm/acme/u?s=U2FsdGVkX1/dOlSNIKtbALPlr5KvU/eOu2qDrkFNumYe0hPLF/DTz7UmY6AKr+sugdsm6kXh5PpqFdwnUO/ZIupJwPE2DA9HHGdMEpXbYPl4FwjgYgX/nIxpvYRuVOlXgKWjcfjnJmL5Oot8aWBOCt6hBdVev5R66EjP3tYti+0=&u=U2FsdGVkX1+sz33lze/QBW6Mi/pG4zY4ToKkLhu9c7zwjnaji/hsIdY/WzeHPB6H&y=U2FsdGVkX19PizqRGB5aSdPNLB1+rXvzFPXaxz0N//yc1vR14Ll20bziKojvyo4m HTTP/1.1" 200 60
201.245.192.253 - - [11/Jul/2024:09:34:58 -0500] "GET /kwsrmcab/Wsrmcab?wsdl HTTP/1.1" 200 6948
66.249.66.21 - - [11/Jul/2024:09:35:34 -0500] "GET /Publicaciones/2024EE137603.pdf HTTP/1.1" 200 411784
17.241.75.105 - - [11/Jul/2024:09:35:36 -0500] "GET /reciclaton-universidad-de-la-salle-se-une-a-esta-iniciativa.html HTTP/1.1" 200 753
201.245.192.253 - - [11/Jul/2024:09:35:58 -0500] "GET /kwsrmcab/Wsrmcab?wsdl HTTP/1.1" 200 6948
216.245.221.92 - - [11/Jul/2024:09:36:08 -0500] "HEAD / HTTP/1.1" 200 -
156.59.198.136 - - [11/Jul/2024:09:36:18 -0500] "GET /BLA/resoluciones/AUTOS%202021/0245.php?act=chmod&f=02508.pdf HTTP/1.0" 200 2714
201.245.192.253 - - [11/Jul/2024:09:36:27 -0500] "GET /sipse/faces/index.xhtml HTTP/1.1" 200 677
201.245.192.253 - - [11/Jul/2024:09:36:27 -0500] "GET /sipse/faces/javax.faces.resource/theme.css?ln=primefaces-sipse HTTP/1.1" 304 -
201.245.192.253 - - [11/Jul/2024:09:36:27 -0500] "GET /sipse/faces/faces/autenticacion.xhtml HTTP/1.1" 200 12422
201.245.192.253 - - [11/Jul/2024:09:36:27 -0500] "GET /sipse/js/disable_browser_buttons.js HTTP/1.1" 200 3230
201.245.192.253 - - [11/Jul/2024:09:36:27 -0500] "GET /sipse/js/funciones.js HTTP/1.1" 200 12592
201.245.192.253 - - [11/Jul/2024:09:36:27 -0500] "GET /sipse/css/custom_css_sg_prime_login.css HTTP/1.1" 200 443
201.245.192.253 - - [11/Jul/2024:09:36:27 -0500] "GET /sipse/faces/javax.faces.resource/theme.css?ln=primefaces-sipse HTTP/1.1" 304 -
201.245.192.253 - - [11/Jul/2024:09:36:27 -0500] "GET /sipse/faces/javax.faces.resource/layout/layout.css?ln=primefaces&v=4.0 HTTP/1.1" 304 -
201.245.192.253 - - [11/Jul/2024:09:36:27 -0500] "GET /sipse/faces/javax.faces.resource/primefaces.css?ln=primefaces&v=4.0 HTTP/1.1" 304 -
201.245.192.253 - - [11/Jul/2024:09:36:27 -0500] "GET /sipse/faces/javax.faces.resource/layout/layout.js?ln=primefaces&v=4.0 HTTP/1.1" 200 87560
201.245.192.253 - - [11/Jul/2024:09:36:27 -0500] "GET /sipse/faces/javax.faces.resource/jquery/jquery.js?ln=primefaces&v=4.0 HTTP/1.1" 200 105384
201.245.192.253 - - [11/Jul/2024:09:36:27 -0500] "GET /sipse/faces/javax.faces.resource/jquery/jquery-plugins.js?ln=primefaces&v=4.0 HTTP/1.1" 200 220526
201.245.192.253 - - [11/Jul/2024:09:36:27 -0500] "GET /sipse/faces/javax.faces.resource/primefaces.js?ln=primefaces&v=4.0 HTTP/1.1" 200 276924
201.245.192.253 - - [11/Jul/2024:09:36:29 -0500] "GET /sipse/faces/javax.faces.resource/images/ui-icons_898989_256x240.png?ln=primefaces-aristo HTTP/1.1" 304 -
172.22.2.4 - - [11/Jul/2024:09:36:32 -0500] "GET /BLA/boletinlegal/Directivas/2016/Directiva%20No.%2002%20del%2019%20de%20Abril%20de%202016.pdf HTTP/1.1" 200 11898321
172.22.2.4 - - [11/Jul/2024:09:36:33 -0500] "GET /BLA/boletinlegal/favicon.ico HTTP/1.1" 404 1492
47.128.119.198 - - [11/Jul/2024:09:36:29 -0500] "GET /BLA/resoluciones/AUTOS%202021/0245.php?act=f&d=E%3A%5Cnuevo%5Chtdocs%5CBLA%5Cresoluciones%5CAUTOS+2021&f=5120.pdf&ft=download HTTP/1.1" 200 294567
47.128.17.132 - - [11/Jul/2024:09:36:37 -0500] "GET /BLA/resoluciones/AUTOS%202021/0245.php?act=f&d=E%3A%5Cnuevo%5Chtdocs%5CBLA%5Cresoluciones%5CRESOLUCIONES+2000&f=RESOLUCION+2427+DE+2000.pdf&ft=download HTTP/1.1" 200 20116
47.128.16.75 - - [11/Jul/2024:09:36:47 -0500] "GET /BLA/resoluciones/AUTOS%202021/0245.php?act=f&d=E%3A%5Cnuevo%5Chtdocs%5CBLA%5Cresoluciones%5CAUTOS+2021&f=0300.pdf&ft=download HTTP/1.1" 200 97959
201.245.192.253 - - [11/Jul/2024:09:36:58 -0500] "GET /kwsrmcab/Wsrmcab?wsdl HTTP/1.1" 200 6948
47.128.113.127 - - [11/Jul/2024:09:36:57 -0500] "GET /BLA/resoluciones/AUTOS%202021/0245.php?act=f&d=E%3A%5Cnuevo%5Chtdocs%5CBLA%5Cresoluciones%5CAUTOS+2021&f=1983.pdf&ft=download HTTP/1.1" 200 20134
47.128.22.188 - - [11/Jul/2024:09:37:07 -0500] "GET /BLA/resoluciones/AUTOS%202021/0245.php?act=f&d=E%3A%5Cnuevo%5Chtdocs%5CBLA%5Cresoluciones%5CAUTOS+2021&f=2829.pdf&ft=download HTTP/1.1" 200 5361318
47.128.99.124 - - [11/Jul/2024:09:37:17 -0500] "GET /BLA/resoluciones/AUTOS%202021/0245.php?act=f&d=E%3A%5Cnuevo%5Chtdocs%5CBLA%5Cresoluciones%5CAUTOS+2021&f=0677.pdf&ft=download HTTP/1.1" 200 331431
172.22.2.4 - - [11/Jul/2024:09:37:19 -0500] "GET /BLA/boletinlegal/Circulares/2020/Circular%20No.%2000018%20del%2002%20de%20diciembre%20del%202020.pdf HTTP/1.1" 304 -
47.128.117.173 - - [11/Jul/2024:09:37:27 -0500] "GET /BLA/resoluciones/AUTOS%202021/0245.php?act=f&d=E%3A%5Cnuevo%5Chtdocs%5CBLA%5Cresoluciones%5CAUTOS+2021&f=6581.pdf&ft=download HTTP/1.1" 200 511655
66.249.66.21 - - [11/Jul/2024:09:37:34 -0500] "GET /BLA/resoluciones/AUTOS%202013/3417.pdf HTTP/1.1" 200 615563
66.249.66.20 - - [11/Jul/2024:09:37:36 -0500] "GET /Publicaciones/2024EE67454.pdf HTTP/1.1" 404 227
47.128.111.48 - - [11/Jul/2024:09:37:38 -0500] "GET /BLA/resoluciones/AUTOS%202021/0245.php?act=f&d=E%3A%5Cnuevo%5Chtdocs%5CBLA%5Cresoluciones%5CAUTOS+2021&f=2032.pdf&ft=download HTTP/1.1" 200 364199
47.128.39.215 - - [11/Jul/2024:09:37:47 -0500] "GET /BLA/resoluciones/AUTOS%202021/0245.php?act=f&d=E%3A%5Cnuevo%5Chtdocs%5Cmesa&f=manual.pdf&ft=download HTTP/1.1" 200 532133
201.245.192.253 - - [11/Jul/2024:09:37:58 -0500] "GET /kwsrmcab/Wsrmcab?wsdl HTTP/1.1" 200 6948
47.128.53.238 - - [11/Jul/2024:09:37:59 -0500] "GET /BLA/resoluciones/AUTOS%202021/0245.php?act=f&d=E%3A%5Cnuevo%5CMercuryMail%5C&f=urlproxy.exe&ft=download&white=1 HTTP/1.1" 200 9360
66.249.66.19 - - [11/Jul/2024:09:38:31 -0500] "HEAD /BLA/resoluciones/RESOLUCIONES%202019/0347.pdf HTTP/1.1" 200 -
172.22.2.4 - - [11/Jul/2024:09:36:59 -0500] "HEAD /BLA/boletinlegal/ HTTP/1.1" 200 -
201.245.192.253 - - [11/Jul/2024:09:38:58 -0500] "GET /kwsrmcab/Wsrmcab?wsdl HTTP/1.1" 200 6948
172.22.2.4 - - [11/Jul/2024:09:39:06 -0500] "GET /BLA/boletinlegal/jurisprudencia/analisis/ANALISIST-046-99.docx HTTP/1.1" 200 20918
201.245.192.253 - - [11/Jul/2024:09:39:15 -0500] "POST /kwsrmcab/Wsrmcab  HTTP/1.1" 200 38712
172.22.2.4 - - [11/Jul/2024:09:37:49 -0500] "GET /BLA/boletinlegal/ HTTP/1.1" 200 55442
152.203.58.57 - - [11/Jul/2024:09:39:55 -0500] "POST /sipse/faces/presentacion/financiero/solicitudProceso/listarSolicitudProceso.xhtml HTTP/1.1" 200 23823
201.245.192.253 - - [11/Jul/2024:09:39:58 -0500] "GET /kwsrmcab/Wsrmcab?wsdl HTTP/1.1" 200 6948
152.203.58.57 - - [11/Jul/2024:09:39:59 -0500] "POST /sipse/faces/presentacion/financiero/solicitudProceso/listarSolicitudProceso.xhtml HTTP/1.1" 200 132739
152.203.58.57 - - [11/Jul/2024:09:40:01 -0500] "GET /sipse/faces/javax.faces.resource/theme.css?ln=primefaces-sipse HTTP/1.1" 304 -
152.203.58.57 - - [11/Jul/2024:09:40:01 -0500] "GET /sipse/faces/javax.faces.resource/primefaces.css?ln=primefaces&v=4.0 HTTP/1.1" 304 -
152.203.58.57 - - [11/Jul/2024:09:40:01 -0500] "GET /sipse/faces/javax.faces.resource/layout/layout.css?ln=primefaces&v=4.0 HTTP/1.1" 304 -
152.203.58.57 - - [11/Jul/2024:09:40:01 -0500] "GET /sipse/faces/javax.faces.resource/jquery/jquery.js?ln=primefaces&v=4.0 HTTP/1.1" 304 -
152.203.58.57 - - [11/Jul/2024:09:40:01 -0500] "GET /sipse/faces/javax.faces.resource/jquery/jquery-plugins.js?ln=primefaces&v=4.0 HTTP/1.1" 304 -
152.203.58.57 - - [11/Jul/2024:09:40:01 -0500] "GET /sipse/faces/javax.faces.resource/primefaces.js?ln=primefaces&v=4.0 HTTP/1.1" 304 -
152.203.58.57 - - [11/Jul/2024:09:40:01 -0500] "GET /sipse/faces/javax.faces.resource/layout/layout.js?ln=primefaces&v=4.0 HTTP/1.1" 304 -
152.203.58.57 - - [11/Jul/2024:09:40:03 -0500] "POST /sipse/faces/presentacion/financiero/solicitudProceso/consultarSolicitudProceso.xhtml HTTP/1.1" 200 21119
152.203.58.57 - - [11/Jul/2024:09:40:04 -0500] "GET /sipse/faces/javax.faces.resource/layout/layout.css?ln=primefaces&v=4.0 HTTP/1.1" 304 -
152.203.58.57 - - [11/Jul/2024:09:40:04 -0500] "GET /sipse/faces/javax.faces.resource/primefaces.css?ln=primefaces&v=4.0 HTTP/1.1" 304 -
152.203.58.57 - - [11/Jul/2024:09:40:04 -0500] "GET /sipse/faces/javax.faces.resource/theme.css?ln=primefaces-sipse HTTP/1.1" 304 -
152.203.58.57 - - [11/Jul/2024:09:40:04 -0500] "GET /sipse/faces/javax.faces.resource/fileupload/fileupload.css?ln=primefaces&v=4.0 HTTP/1.1" 304 -
152.203.58.57 - - [11/Jul/2024:09:40:04 -0500] "GET /sipse/faces/javax.faces.resource/jquery/jquery.js?ln=primefaces&v=4.0 HTTP/1.1" 304 -
152.203.58.57 - - [11/Jul/2024:09:40:04 -0500] "GET /sipse/faces/javax.faces.resource/jquery/jquery-plugins.js?ln=primefaces&v=4.0 HTTP/1.1" 304 -
152.203.58.57 - - [11/Jul/2024:09:40:04 -0500] "GET /sipse/faces/javax.faces.resource/primefaces.js?ln=primefaces&v=4.0 HTTP/1.1" 304 -
152.203.58.57 - - [11/Jul/2024:09:40:04 -0500] "GET /sipse/faces/javax.faces.resource/fileupload/fileupload.js?ln=primefaces&v=4.0 HTTP/1.1" 304 -
152.203.58.57 - - [11/Jul/2024:09:40:04 -0500] "GET /sipse/faces/javax.faces.resource/layout/layout.js?ln=primefaces&v=4.0 HTTP/1.1" 304 -
66.249.66.19 - - [11/Jul/2024:09:40:11 -0500] "GET /BLA/resoluciones/AUTOS%202014/5789.pdf HTTP/1.1" 200 208276
152.203.58.57 - - [11/Jul/2024:09:40:21 -0500] "GET /sipse/faces/javax.faces.resource/theme.css?ln=primefaces-sipse HTTP/1.1" 304 -
152.203.58.57 - - [11/Jul/2024:09:40:21 -0500] "GET /sipse/faces/javax.faces.resource/primefaces.js?ln=primefaces&v=4.0 HTTP/1.1" 304 -
152.203.58.57 - - [11/Jul/2024:09:40:21 -0500] "GET /sipse/faces/javax.faces.resource/jquery/jquery-plugins.js?ln=primefaces&v=4.0 HTTP/1.1" 304 -
152.203.58.57 - - [11/Jul/2024:09:40:21 -0500] "GET /sipse/faces/javax.faces.resource/primefaces.css?ln=primefaces&v=4.0 HTTP/1.1" 304 -
152.203.58.57 - - [11/Jul/2024:09:40:21 -0500] "GET /sipse/faces/javax.faces.resource/jquery/jquery.js?ln=primefaces&v=4.0 HTTP/1.1" 304 -
152.203.58.57 - - [11/Jul/2024:09:40:21 -0500] "GET /sipse/faces/javax.faces.resource/layout/layout.css?ln=primefaces&v=4.0 HTTP/1.1" 304 -
152.203.58.57 - - [11/Jul/2024:09:40:21 -0500] "GET /sipse/faces/javax.faces.resource/layout/layout.js?ln=primefaces&v=4.0 HTTP/1.1" 304 -
152.203.58.57 - - [11/Jul/2024:09:40:20 -0500] "POST /sipse/faces/presentacion/sistema/anexos/cargarAnexoSolicitudProceso.xhtml HTTP/1.1" 200 181364
201.245.192.253 - - [11/Jul/2024:09:40:27 -0500] "POST /kwsrmcab/Wsrmcab HTTP/1.1" 200 32442
201.245.192.253 - - [11/Jul/2024:09:40:24 -0500] "POST /kwsrmcab/Wsrmcab HTTP/1.1" 200 36623
201.245.192.253 - - [11/Jul/2024:09:40:28 -0500] "POST /kwsrmcab/Wsrmcab HTTP/1.1" 200 28905
156.59.198.136 - - [11/Jul/2024:09:40:34 -0500] "GET /BLA/resoluciones/AUTOS%202021/0245.php?act=chmod&f=00153.pdf HTTP/1.0" 200 2714
66.249.66.21 - - [11/Jul/2024:09:40:36 -0500] "GET /Publicaciones/2024EE64690.pdf HTTP/1.1" 404 227
66.249.66.20 - - [11/Jul/2024:09:40:36 -0500] "GET /Publicaciones/2024EE140188.pdf HTTP/1.1" 200 241299
201.245.192.253 - - [11/Jul/2024:09:40:58 -0500] "GET /kwsrmcab/Wsrmcab?wsdl HTTP/1.1" 200 6948
216.245.221.92 - - [11/Jul/2024:09:41:08 -0500] "HEAD / HTTP/1.1" 200 -
201.245.192.253 - - [11/Jul/2024:09:41:09 -0500] "POST /kwsrmcab/Wsrmcab HTTP/1.1" 200 28905
152.203.58.57 - - [11/Jul/2024:09:41:15 -0500] "POST /sipse/faces/presentacion/financiero/solicitudProceso/consultarSolicitudProceso.xhtml HTTP/1.1" 200 6849
152.203.58.57 - - [11/Jul/2024:09:41:15 -0500] "GET /sipse/faces/javax.faces.resource/messages/messages.png?ln=primefaces&v=4.0 HTTP/1.1" 304 -
152.203.58.57 - - [11/Jul/2024:09:41:18 -0500] "POST /sipse/faces/presentacion/financiero/solicitudProceso/consultarSolicitudProceso.xhtml HTTP/1.1" 200 36982
152.203.58.57 - - [11/Jul/2024:09:41:29 -0500] "GET /sipse/faces/javax.faces.resource/theme.css?ln=primefaces-sipse HTTP/1.1" 304 -
152.203.58.57 - - [11/Jul/2024:09:41:29 -0500] "GET /sipse/faces/javax.faces.resource/primefaces.css?ln=primefaces&v=4.0 HTTP/1.1" 304 -
152.203.58.57 - - [11/Jul/2024:09:41:29 -0500] "GET /sipse/faces/javax.faces.resource/jquery/jquery.js?ln=primefaces&v=4.0 HTTP/1.1" 304 -
152.203.58.57 - - [11/Jul/2024:09:41:29 -0500] "GET /sipse/faces/javax.faces.resource/jquery/jquery-plugins.js?ln=primefaces&v=4.0 HTTP/1.1" 304 -
152.203.58.57 - - [11/Jul/2024:09:41:29 -0500] "GET /sipse/faces/javax.faces.resource/primefaces.js?ln=primefaces&v=4.0 HTTP/1.1" 304 -
152.203.58.57 - - [11/Jul/2024:09:41:29 -0500] "GET /sipse/faces/javax.faces.resource/layout/layout.js?ln=primefaces&v=4.0 HTTP/1.1" 304 -
152.203.58.57 - - [11/Jul/2024:09:41:30 -0500] "GET /sipse/faces/javax.faces.resource/layout/layout.css?ln=primefaces&v=4.0 HTTP/1.1" 304 -
152.203.58.57 - - [11/Jul/2024:09:41:30 -0500] "POST /sipse/faces/presentacion/financiero/solicitudProceso/listarSolicitudProceso.xhtml HTTP/1.1" 200 1396
201.245.192.253 - - [11/Jul/2024:09:41:58 -0500] "GET /kwsrmcab/Wsrmcab?wsdl HTTP/1.1" 200 6948
66.249.66.21 - - [11/Jul/2024:09:41:58 -0500] "GET /BLA/resoluciones/AUTOS%202018/5469.pdf HTTP/1.1" 200 254928
152.203.58.57 - - [11/Jul/2024:09:42:06 -0500] "POST /sipse/faces/presentacion/financiero/solicitudProceso/listarSolicitudProceso.xhtml HTTP/1.1" 200 911
152.203.58.57 - - [11/Jul/2024:09:42:07 -0500] "GET /sipse/faces/presentacion/sistema/anexos/faces/autenticacion HTTP/1.1" 302 -
152.203.58.57 - - [11/Jul/2024:09:42:07 -0500] "GET /sipse/faces/autenticacion.xhtml HTTP/1.1" 200 12410
152.203.58.57 - - [11/Jul/2024:09:42:07 -0500] "GET /sipse/faces/javax.faces.resource/theme.css?ln=primefaces-sipse HTTP/1.1" 304 -
152.203.58.57 - - [11/Jul/2024:09:42:07 -0500] "GET /sipse/faces/javax.faces.resource/primefaces.css?ln=primefaces&v=4.0 HTTP/1.1" 304 -
152.203.58.57 - - [11/Jul/2024:09:42:08 -0500] "GET /sipse/faces/javax.faces.resource/jquery/jquery-plugins.js?ln=primefaces&v=4.0 HTTP/1.1" 304 -
152.203.58.57 - - [11/Jul/2024:09:42:08 -0500] "GET /sipse/faces/javax.faces.resource/layout/layout.css?ln=primefaces&v=4.0 HTTP/1.1" 304 -
152.203.58.57 - - [11/Jul/2024:09:42:08 -0500] "GET /sipse/faces/javax.faces.resource/jquery/jquery.js?ln=primefaces&v=4.0 HTTP/1.1" 304 -
152.203.58.57 - - [11/Jul/2024:09:42:08 -0500] "GET /sipse/faces/javax.faces.resource/layout/layout.js?ln=primefaces&v=4.0 HTTP/1.1" 304 -
152.203.58.57 - - [11/Jul/2024:09:42:08 -0500] "GET /sipse/faces/javax.faces.resource/primefaces.js?ln=primefaces&v=4.0 HTTP/1.1" 304 -
152.203.58.57 - - [11/Jul/2024:09:42:10 -0500] "POST /sipse/faces/autenticacion.xhtml HTTP/1.1" 200 16794
152.203.58.57 - - [11/Jul/2024:09:42:11 -0500] "GET /sipse/faces/javax.faces.resource/theme.css?ln=primefaces-sipse HTTP/1.1" 304 -
152.203.58.57 - - [11/Jul/2024:09:42:11 -0500] "GET /sipse/faces/javax.faces.resource/layout/layout.css?ln=primefaces&v=4.0 HTTP/1.1" 304 -
152.203.58.57 - - [11/Jul/2024:09:42:11 -0500] "GET /sipse/faces/javax.faces.resource/primefaces.css?ln=primefaces&v=4.0 HTTP/1.1" 304 -
152.203.58.57 - - [11/Jul/2024:09:42:11 -0500] "GET /sipse/faces/javax.faces.resource/jquery/jquery.js?ln=primefaces&v=4.0 HTTP/1.1" 304 -
152.203.58.57 - - [11/Jul/2024:09:42:11 -0500] "GET /sipse/faces/javax.faces.resource/jquery/jquery-plugins.js?ln=primefaces&v=4.0 HTTP/1.1" 304 -
152.203.58.57 - - [11/Jul/2024:09:42:11 -0500] "GET /sipse/faces/javax.faces.resource/primefaces.js?ln=primefaces&v=4.0 HTTP/1.1" 304 -
152.203.58.57 - - [11/Jul/2024:09:42:12 -0500] "GET /sipse/faces/javax.faces.resource/layout/layout.js?ln=primefaces&v=4.0 HTTP/1.1" 304 -
152.203.58.57 - - [11/Jul/2024:09:42:13 -0500] "POST /sipse/faces/bienvenido.xhtml HTTP/1.1" 200 2658
66.249.66.19 - - [11/Jul/2024:09:42:14 -0500] "GET /BLA/resoluciones/RESOLUCIONES%202018/3473.pdf HTTP/1.1" 200 240863
152.203.58.57 - - [11/Jul/2024:09:42:13 -0500] "POST /sipse/faces/bienvenido.xhtml HTTP/1.1" 200 39052
152.203.58.57 - - [11/Jul/2024:09:42:14 -0500] "GET /sipse/faces/javax.faces.resource/layout/layout.css?ln=primefaces&v=4.0 HTTP/1.1" 304 -
152.203.58.57 - - [11/Jul/2024:09:42:14 -0500] "GET /sipse/faces/javax.faces.resource/theme.css?ln=primefaces-sipse HTTP/1.1" 304 -
152.203.58.57 - - [11/Jul/2024:09:42:14 -0500] "GET /sipse/faces/javax.faces.resource/primefaces.css?ln=primefaces&v=4.0 HTTP/1.1" 304 -
152.203.58.57 - - [11/Jul/2024:09:42:14 -0500] "GET /sipse/faces/javax.faces.resource/jquery/jquery.js?ln=primefaces&v=4.0 HTTP/1.1" 304 -
152.203.58.57 - - [11/Jul/2024:09:42:14 -0500] "GET /sipse/faces/javax.faces.resource/jquery/jquery-plugins.js?ln=primefaces&v=4.0 HTTP/1.1" 304 -
152.203.58.57 - - [11/Jul/2024:09:42:14 -0500] "GET /sipse/faces/javax.faces.resource/primefaces.js?ln=primefaces&v=4.0 HTTP/1.1" 304 -
152.203.58.57 - - [11/Jul/2024:09:42:15 -0500] "GET /sipse/faces/javax.faces.resource/layout/layout.js?ln=primefaces&v=4.0 HTTP/1.1" 304 -
152.203.58.57 - - [11/Jul/2024:09:42:15 -0500] "POST /sipse/faces/presentacion/financiero/solicitudProceso/listarSolicitudProceso.xhtml HTTP/1.1" 200 1420
40.77.167.77 - - [11/Jul/2024:09:42:17 -0500] "GET /transparencia/financiera/2%20Desagregado%20con%20modificaciones/1%20Vigencia%20actual/08%20Modificaciones%20presupuestales%20mayo%20de%202023.xlsx HTTP/1.1" 404 1018
152.203.58.57 - - [11/Jul/2024:09:42:17 -0500] "POST /sipse/faces/presentacion/financiero/solicitudProceso/listarSolicitudProceso.xhtml HTTP/1.1" 200 128833
152.203.58.57 - - [11/Jul/2024:09:42:18 -0500] "GET /sipse/faces/javax.faces.resource/theme.css?ln=primefaces-sipse HTTP/1.1" 304 -
152.203.58.57 - - [11/Jul/2024:09:42:18 -0500] "GET /sipse/faces/javax.faces.resource/layout/layout.css?ln=primefaces&v=4.0 HTTP/1.1" 304 -
152.203.58.57 - - [11/Jul/2024:09:42:18 -0500] "GET /sipse/faces/javax.faces.resource/primefaces.css?ln=primefaces&v=4.0 HTTP/1.1" 304 -
152.203.58.57 - - [11/Jul/2024:09:42:18 -0500] "GET /sipse/faces/javax.faces.resource/jquery/jquery.js?ln=primefaces&v=4.0 HTTP/1.1" 304 -
152.203.58.57 - - [11/Jul/2024:09:42:18 -0500] "GET /sipse/faces/javax.faces.resource/jquery/jquery-plugins.js?ln=primefaces&v=4.0 HTTP/1.1" 304 -
152.203.58.57 - - [11/Jul/2024:09:42:18 -0500] "GET /sipse/faces/javax.faces.resource/primefaces.js?ln=primefaces&v=4.0 HTTP/1.1" 304 -
152.203.58.57 - - [11/Jul/2024:09:42:18 -0500] "GET /sipse/faces/javax.faces.resource/layout/layout.js?ln=primefaces&v=4.0 HTTP/1.1" 304 -
152.203.58.57 - - [11/Jul/2024:09:42:22 -0500] "POST /sipse/faces/presentacion/financiero/solicitudProceso/consultarSolicitudProceso.xhtml HTTP/1.1" 200 36583
152.203.58.57 - - [11/Jul/2024:09:42:25 -0500] "GET /sipse/faces/javax.faces.resource/layout/layout.css?ln=primefaces&v=4.0 HTTP/1.1" 304 -
152.203.58.57 - - [11/Jul/2024:09:42:25 -0500] "GET /sipse/faces/javax.faces.resource/theme.css?ln=primefaces-sipse HTTP/1.1" 304 -
152.203.58.57 - - [11/Jul/2024:09:42:25 -0500] "GET /sipse/faces/javax.faces.resource/primefaces.css?ln=primefaces&v=4.0 HTTP/1.1" 304 -
152.203.58.57 - - [11/Jul/2024:09:42:25 -0500] "GET /sipse/faces/javax.faces.resource/jquery/jquery.js?ln=primefaces&v=4.0 HTTP/1.1" 304 -
152.203.58.57 - - [11/Jul/2024:09:42:25 -0500] "GET /sipse/faces/javax.faces.resource/jquery/jquery-plugins.js?ln=primefaces&v=4.0 HTTP/1.1" 304 -
152.203.58.57 - - [11/Jul/2024:09:42:26 -0500] "GET /sipse/faces/javax.faces.resource/primefaces.js?ln=primefaces&v=4.0 HTTP/1.1" 304 -
152.203.58.57 - - [11/Jul/2024:09:42:26 -0500] "GET /sipse/faces/javax.faces.resource/layout/layout.js?ln=primefaces&v=4.0 HTTP/1.1" 304 -
152.203.58.57 - - [11/Jul/2024:09:42:26 -0500] "POST /sipse/faces/presentacion/financiero/solicitudProceso/listarSolicitudProceso.xhtml HTTP/1.1" 200 1396
201.245.192.253 - - [11/Jul/2024:09:42:41 -0500] "GET /sipse/faces/faces/faces/autenticacion.xhtml HTTP/1.1" 200 12410
201.245.192.253 - - [11/Jul/2024:09:42:41 -0500] "GET /sipse/faces/javax.faces.resource/primefaces.css?ln=primefaces&v=4.0 HTTP/1.1" 304 -
201.245.192.253 - - [11/Jul/2024:09:42:41 -0500] "GET /sipse/faces/javax.faces.resource/theme.css?ln=primefaces-sipse HTTP/1.1" 304 -
201.245.192.253 - - [11/Jul/2024:09:42:41 -0500] "GET /sipse/faces/javax.faces.resource/jquery/jquery.js?ln=primefaces&v=4.0 HTTP/1.1" 304 -
201.245.192.253 - - [11/Jul/2024:09:42:41 -0500] "GET /sipse/faces/javax.faces.resource/jquery/jquery-plugins.js?ln=primefaces&v=4.0 HTTP/1.1" 304 -
201.245.192.253 - - [11/Jul/2024:09:42:41 -0500] "GET /sipse/faces/javax.faces.resource/layout/layout.css?ln=primefaces&v=4.0 HTTP/1.1" 304 -
201.245.192.253 - - [11/Jul/2024:09:42:41 -0500] "GET /sipse/faces/javax.faces.resource/primefaces.js?ln=primefaces&v=4.0 HTTP/1.1" 304 -
201.245.192.253 - - [11/Jul/2024:09:42:41 -0500] "GET /sipse/faces/javax.faces.resource/layout/layout.js?ln=primefaces&v=4.0 HTTP/1.1" 304 -
201.245.192.253 - - [11/Jul/2024:09:42:41 -0500] "GET /sipse/faces/javax.faces.resource/images/ui-icons_898989_256x240.png?ln=primefaces-aristo HTTP/1.1" 304 -
201.245.192.253 - - [11/Jul/2024:09:42:41 -0500] "GET /sipse/faces/faces/faces/index.xhtml HTTP/1.1" 200 677
201.245.192.253 - - [11/Jul/2024:09:42:41 -0500] "GET /sipse/faces/javax.faces.resource/theme.css?ln=primefaces-sipse HTTP/1.1" 304 -
201.245.192.253 - - [11/Jul/2024:09:42:41 -0500] "GET /sipse/faces/faces/faces/faces/autenticacion.xhtml HTTP/1.1" 200 12410
201.245.192.253 - - [11/Jul/2024:09:42:41 -0500] "GET /sipse/faces/javax.faces.resource/jquery/jquery.js?ln=primefaces&v=4.0 HTTP/1.1" 304 -
201.245.192.253 - - [11/Jul/2024:09:42:41 -0500] "GET /sipse/faces/javax.faces.resource/theme.css?ln=primefaces-sipse HTTP/1.1" 304 -
201.245.192.253 - - [11/Jul/2024:09:42:41 -0500] "GET /sipse/faces/javax.faces.resource/jquery/jquery-plugins.js?ln=primefaces&v=4.0 HTTP/1.1" 304 -
201.245.192.253 - - [11/Jul/2024:09:42:41 -0500] "GET /sipse/faces/javax.faces.resource/primefaces.css?ln=primefaces&v=4.0 HTTP/1.1" 304 -
201.245.192.253 - - [11/Jul/2024:09:42:41 -0500] "GET /sipse/faces/javax.faces.resource/layout/layout.css?ln=primefaces&v=4.0 HTTP/1.1" 304 -
201.245.192.253 - - [11/Jul/2024:09:42:41 -0500] "GET /sipse/faces/javax.faces.resource/primefaces.js?ln=primefaces&v=4.0 HTTP/1.1" 304 -
201.245.192.253 - - [11/Jul/2024:09:42:41 -0500] "GET /sipse/faces/javax.faces.resource/layout/layout.js?ln=primefaces&v=4.0 HTTP/1.1" 304 -
201.245.192.253 - - [11/Jul/2024:09:42:46 -0500] "POST /sipse/faces/autenticacion.xhtml HTTP/1.1" 200 16767
201.245.192.253 - - [11/Jul/2024:09:42:46 -0500] "GET /sipse/faces/javax.faces.resource/theme.css?ln=primefaces-sipse HTTP/1.1" 304 -
201.245.192.253 - - [11/Jul/2024:09:42:46 -0500] "GET /sipse/faces/javax.faces.resource/layout/layout.css?ln=primefaces&v=4.0 HTTP/1.1" 304 -
201.245.192.253 - - [11/Jul/2024:09:42:46 -0500] "GET /sipse/faces/javax.faces.resource/primefaces.css?ln=primefaces&v=4.0 HTTP/1.1" 304 -
201.245.192.253 - - [11/Jul/2024:09:42:46 -0500] "GET /sipse/faces/javax.faces.resource/jquery/jquery.js?ln=primefaces&v=4.0 HTTP/1.1" 304 -
201.245.192.253 - - [11/Jul/2024:09:42:46 -0500] "GET /sipse/faces/javax.faces.resource/jquery/jquery-plugins.js?ln=primefaces&v=4.0 HTTP/1.1" 304 -
201.245.192.253 - - [11/Jul/2024:09:42:46 -0500] "GET /sipse/faces/javax.faces.resource/primefaces.js?ln=primefaces&v=4.0 HTTP/1.1" 304 -
201.245.192.253 - - [11/Jul/2024:09:42:46 -0500] "GET /sipse/faces/javax.faces.resource/layout/layout.js?ln=primefaces&v=4.0 HTTP/1.1" 304 -
201.245.192.253 - - [11/Jul/2024:09:42:46 -0500] "GET /sipse/css/imagen/contrasena.png HTTP/1.1" 404 383
201.245.192.253 - - [11/Jul/2024:09:42:46 -0500] "GET /sipse/faces/javax.faces.resource/messages/messages.png?ln=primefaces&v=4.0 HTTP/1.1" 304 -
201.245.192.253 - - [11/Jul/2024:09:42:47 -0500] "GET /sipse/faces/javax.faces.resource/images/ui-bg_flat_0_2d5972_40x100.png?ln=primefaces-aristo HTTP/1.1" 304 -
201.245.192.253 - - [11/Jul/2024:09:42:47 -0500] "POST /sipse/faces/bienvenido.xhtml HTTP/1.1" 200 2658
201.245.192.253 - - [11/Jul/2024:09:42:48 -0500] "POST /sipse/faces/bienvenido.xhtml HTTP/1.1" 200 33017
201.245.192.253 - - [11/Jul/2024:09:42:48 -0500] "GET /sipse/faces/javax.faces.resource/primefaces.css?ln=primefaces&v=4.0 HTTP/1.1" 304 -
201.245.192.253 - - [11/Jul/2024:09:42:48 -0500] "GET /sipse/faces/javax.faces.resource/theme.css?ln=primefaces-sipse HTTP/1.1" 304 -
201.245.192.253 - - [11/Jul/2024:09:42:48 -0500] "GET /sipse/faces/javax.faces.resource/layout/layout.css?ln=primefaces&v=4.0 HTTP/1.1" 304 -
201.245.192.253 - - [11/Jul/2024:09:42:48 -0500] "GET /sipse/faces/javax.faces.resource/jquery/jquery.js?ln=primefaces&v=4.0 HTTP/1.1" 304 -
201.245.192.253 - - [11/Jul/2024:09:42:48 -0500] "GET /sipse/faces/javax.faces.resource/jquery/jquery-plugins.js?ln=primefaces&v=4.0 HTTP/1.1" 304 -
201.245.192.253 - - [11/Jul/2024:09:42:48 -0500] "GET /sipse/faces/javax.faces.resource/primefaces.js?ln=primefaces&v=4.0 HTTP/1.1" 304 -
201.245.192.253 - - [11/Jul/2024:09:42:48 -0500] "GET /sipse/faces/javax.faces.resource/layout/layout.js?ln=primefaces&v=4.0 HTTP/1.1" 304 -
201.245.192.253 - - [11/Jul/2024:09:42:48 -0500] "POST /sipse/faces/presentacion/financiero/solicitudProceso/listarSolicitudProceso.xhtml HTTP/1.1" 200 1376
201.245.192.253 - - [11/Jul/2024:09:42:50 -0500] "POST /sipse/faces/presentacion/financiero/solicitudProceso/listarSolicitudProceso.xhtml HTTP/1.1" 200 184
201.245.192.253 - - [11/Jul/2024:09:42:50 -0500] "POST /sipse/faces/presentacion/financiero/solicitudProceso/listarSolicitudProceso.xhtml HTTP/1.1" 200 184
201.245.192.253 - - [11/Jul/2024:09:42:50 -0500] "GET /sipse/faces/presentacion/financiero/solicitudAnulacion/solicitudAnulacion.xhtml HTTP/1.1" 200 15746
201.245.192.253 - - [11/Jul/2024:09:42:50 -0500] "GET /sipse/faces/presentacion/financiero/solicitudAnulacion/solicitudAnulacion.xhtml HTTP/1.1" 200 31138
201.245.192.253 - - [11/Jul/2024:09:42:50 -0500] "GET /sipse/faces/javax.faces.resource/jquery/jquery-plugins.js?ln=primefaces&v=4.0 HTTP/1.1" 304 -
201.245.192.253 - - [11/Jul/2024:09:42:50 -0500] "GET /sipse/faces/javax.faces.resource/jquery/jquery.js?ln=primefaces&v=4.0 HTTP/1.1" 304 -
201.245.192.253 - - [11/Jul/2024:09:42:50 -0500] "GET /sipse/faces/javax.faces.resource/layout/layout.css?ln=primefaces&v=4.0 HTTP/1.1" 304 -
201.245.192.253 - - [11/Jul/2024:09:42:50 -0500] "GET /sipse/faces/javax.faces.resource/theme.css?ln=primefaces-sipse HTTP/1.1" 304 -
201.245.192.253 - - [11/Jul/2024:09:42:50 -0500] "GET /sipse/faces/javax.faces.resource/primefaces.js?ln=primefaces&v=4.0 HTTP/1.1" 304 -
201.245.192.253 - - [11/Jul/2024:09:42:50 -0500] "GET /sipse/faces/javax.faces.resource/primefaces.css?ln=primefaces&v=4.0 HTTP/1.1" 304 -
201.245.192.253 - - [11/Jul/2024:09:42:50 -0500] "GET /sipse/faces/javax.faces.resource/layout/layout.js?ln=primefaces&v=4.0 HTTP/1.1" 304 -
201.245.192.253 - - [11/Jul/2024:09:42:50 -0500] "POST /sipse/faces/presentacion/financiero/solicitudAnulacion/solicitudAnulacion.xhtml HTTP/1.1" 200 10464
201.245.192.253 - - [11/Jul/2024:09:42:51 -0500] "POST /sipse/faces/presentacion/financiero/solicitudAnulacion/solicitudAnulacion.xhtml HTTP/1.1" 200 30672
201.245.192.253 - - [11/Jul/2024:09:42:51 -0500] "GET /sipse/faces/javax.faces.resource/theme.css?ln=primefaces-sipse HTTP/1.1" 304 -
201.245.192.253 - - [11/Jul/2024:09:42:51 -0500] "GET /sipse/faces/javax.faces.resource/layout/layout.css?ln=primefaces&v=4.0 HTTP/1.1" 304 -
201.245.192.253 - - [11/Jul/2024:09:42:51 -0500] "GET /sipse/faces/javax.faces.resource/primefaces.css?ln=primefaces&v=4.0 HTTP/1.1" 304 -
201.245.192.253 - - [11/Jul/2024:09:42:51 -0500] "GET /sipse/faces/javax.faces.resource/jquery/jquery.js?ln=primefaces&v=4.0 HTTP/1.1" 304 -
201.245.192.253 - - [11/Jul/2024:09:42:51 -0500] "GET /sipse/faces/javax.faces.resource/jquery/jquery-plugins.js?ln=primefaces&v=4.0 HTTP/1.1" 304 -
201.245.192.253 - - [11/Jul/2024:09:42:51 -0500] "GET /sipse/faces/javax.faces.resource/primefaces.js?ln=primefaces&v=4.0 HTTP/1.1" 304 -
201.245.192.253 - - [11/Jul/2024:09:42:51 -0500] "GET /sipse/faces/javax.faces.resource/layout/layout.js?ln=primefaces&v=4.0 HTTP/1.1" 304 -
190.158.204.25 - - [11/Jul/2024:09:42:52 -0500] "GET /sipse/faces/index.xhtml HTTP/1.1" 200 677
201.245.192.253 - - [11/Jul/2024:09:42:52 -0500] "GET /sipse/faces/javax.faces.resource/images/ui-icons_898989_256x240.png?ln=primefaces-aristo HTTP/1.1" 304 -
190.158.204.25 - - [11/Jul/2024:09:42:53 -0500] "GET /sipse/faces/javax.faces.resource/theme.css?ln=primefaces-sipse HTTP/1.1" 200 50058
201.245.192.253 - - [11/Jul/2024:09:42:53 -0500] "POST /sipse/faces/presentacion/financiero/solicitudProceso/solicitudProcesoOtrosPagos.xhtml HTTP/1.1" 200 54289
201.245.192.253 - - [11/Jul/2024:09:42:54 -0500] "GET /sipse/faces/javax.faces.resource/layout/layout.css?ln=primefaces&v=4.0 HTTP/1.1" 304 -
